2025-10-01 07:55:04.233 17 DEBUG neutron.api.rpc.handlers.resources_rpc [req-0110cdca-605e-4dc2-b14a-1f82ab523df9 2bf41aca900c4c6499f381dc5988dcc1 c442ef18f63b480b81edffb090c37033 - - -] Pushing event updated for resources: {'Port': ['ID=d0a7da46-52fc-44ac-9bc6-76746c13b33f,revision_number=1']} push /usr/lib/python3.9/site-packages/neutron/api/rpc/handlers/resources_rpc.py:237
2025-10-01 07:55:04.236 15 DEBUG neutron.services.tag.tag_plugin [req-8d971730-c9c8-4941-8380-ac66e09364d9 2bf41aca900c4c6499f381dc5988dcc1 c442ef18f63b480b81edffb090c37033 - default default] neutron.services.tag.tag_plugin.TagPlugin method update_tags called with arguments (, 'ports', '92e8d19a-79e2-4324-98e4-2cbeb5f2f2a1', {'tags': ['tripleo_stack_name=overcloud', 'tripleo_vip_net=external']}) {} wrapper /usr/lib/python3.9/site-packages/oslo_log/helpers.py:65
2025-10-01 07:55:04.240 17 DEBUG neutron.plugins.ml2.drivers.mech_agent [req-0110cdca-605e-4dc2-b14a-1f82ab523df9 2bf41aca900c4c6499f381dc5988dcc1 c442ef18f63b480b81edffb090c37033 - default default] Checking segment: {'id': 'da9ecb6f-06c4-4aff-b89f-f60025ff4f91', 'network_type': 'flat', 'physical_network': 'storage_mgmt_storage_mgmt_subnet', 'segmentation_id': None, 'network_id': '2598ee50-c93b-4f91-a79e-7ccbaedd2874'} for mappings: {'ctlplane': 'br-ctlplane'} with network types: ['local', 'flat', 'vlan'] check_segment_for_agent /usr/lib/python3.9/site-packages/neutron/plugins/ml2/drivers/mech_agent.py:343
2025-10-01 07:55:04.240 17 DEBUG neutron.plugins.ml2.drivers.mech_agent [req-0110cdca-605e-4dc2-b14a-1f82ab523df9 2bf41aca900c4c6499f381dc5988dcc1 c442ef18f63b480b81edffb090c37033 - default default] Network 2598ee50-c93b-4f91-a79e-7ccbaedd2874 with segment da9ecb6f-06c4-4aff-b89f-f60025ff4f91 is connected to physical network storage_mgmt_storage_mgmt_subnet, but agent undercloud.ooo.test reported physical networks {'ctlplane': 'br-ctlplane'}. The physical network must be configured on the agent if binding is to succeed. check_segment_for_agent /usr/lib/python3.9/site-packages/neutron/plugins/ml2/drivers/mech_agent.py:365
2025-10-01 07:55:04.241 16 DEBUG neutron.db.provisioning_blocks [req-2394f881-3096-441f-a59e-fe0dc7ffa8df 2bf41aca900c4c6499f381dc5988dcc1 c442ef18f63b480b81edffb090c37033 - default default] Transition to ACTIVE for port object 72b29c46-060d-44bf-96a5-10bd2a0b44f7 will not be triggered until provisioned by entity DHCP. add_provisioning_component /usr/lib/python3.9/site-packages/neutron/db/provisioning_blocks.py:74
2025-10-01 07:55:04.244 17 DEBUG neutron.scheduler.dhcp_agent_scheduler [req-0110cdca-605e-4dc2-b14a-1f82ab523df9 2bf41aca900c4c6499f381dc5988dcc1 c442ef18f63b480b81edffb090c37033 - default default] Network hostable DHCP agents. Network: 2598ee50-c93b-4f91-a79e-7ccbaedd2874, hostable agents: [], hosted agents: [] _get_network_hostable_dhcp_agents /usr/lib/python3.9/site-packages/neutron/scheduler/dhcp_agent_scheduler.py:329
2025-10-01 07:55:04.244 17 DEBUG neutron.scheduler.base_scheduler [req-0110cdca-605e-4dc2-b14a-1f82ab523df9 2bf41aca900c4c6499f381dc5988dcc1 c442ef18f63b480b81edffb090c37033 - default default] Resources bound (agent type, host, resource id): schedule /usr/lib/python3.9/site-packages/neutron/scheduler/base_scheduler.py:57
2025-10-01 07:55:04.244 17 WARNING neutron.api.rpc.agentnotifiers.dhcp_rpc_agent_api [req-0110cdca-605e-4dc2-b14a-1f82ab523df9 2bf41aca900c4c6499f381dc5988dcc1 c442ef18f63b480b81edffb090c37033 - default default] Unable to schedule network 2598ee50-c93b-4f91-a79e-7ccbaedd2874: no agents available; will retry on subsequent port and subnet creation events.
2025-10-01 07:55:04.244 17 DEBUG neutron.api.rpc.agentnotifiers.dhcp_rpc_agent_api [req-0110cdca-605e-4dc2-b14a-1f82ab523df9 2bf41aca900c4c6499f381dc5988dcc1 c442ef18f63b480b81edffb090c37033 - default default] Network 2598ee50-c93b-4f91-a79e-7ccbaedd2874 is not hosted by any dhcp agent _notify_agents /usr/lib/python3.9/site-packages/neutron/api/rpc/agentnotifiers/dhcp_rpc_agent_api.py:228
2025-10-01 07:55:04.270 16 DEBUG neutron_lib.callbacks.manager [req-56e582b1-e267-45f5-943b-d654448804c6 2bf41aca900c4c6499f381dc5988dcc1 c442ef18f63b480b81edffb090c37033 - default default] Notify callbacks ['neutron.plugins.ml2.plugin.SecurityGroupServerNotifierRpcMixin.notify_sg_on_port_change-530318', 'neutron.plugins.ml2.extensions.dns_integration._create_port_in_external_dns_service-8755579249448', 'neutron.plugins.ml2.ovo_rpc._ObjectChangeHandler.handle_event-1913839', 'neutron.api.rpc.agentnotifiers.dhcp_rpc_agent_api.DhcpAgentNotifyAPI._native_event_send_dhcp_notification-1723294', 'neutron.services.segments.plugin.NovaSegmentNotifier._notify_port_created_or_deleted-1776927'] for port, after_create _notify_loop /usr/lib/python3.9/site-packages/neutron_lib/callbacks/manager.py:200
2025-10-01 07:55:04.281 17 DEBUG neutron.pecan_wsgi.hooks.policy_enforcement [req-0110cdca-605e-4dc2-b14a-1f82ab523df9 2bf41aca900c4c6499f381dc5988dcc1 c442ef18f63b480b81edffb090c37033 - default default] Attributes excluded by policy engine: ['standard_attr_id', 'network'] _exclude_attributes_by_policy /usr/lib/python3.9/site-packages/neutron/pecan_wsgi/hooks/policy_enforcement.py:259
2025-10-01 07:55:04.282 17 DEBUG neutron_lib.callbacks.manager [req-0110cdca-605e-4dc2-b14a-1f82ab523df9 2bf41aca900c4c6499f381dc5988dcc1 c442ef18f63b480b81edffb090c37033 - default default] Notify callbacks ['neutron.notifiers.nova.Notifier._send_nova_notification-2092454', 'neutron.api.rpc.agentnotifiers.dhcp_rpc_agent_api.DhcpAgentNotifyAPI._send_dhcp_notification-1723372'] for port, before_response _notify_loop /usr/lib/python3.9/site-packages/neutron_lib/callbacks/manager.py:200
2025-10-01 07:55:04.287 16 DEBUG neutron_lib.callbacks.manager [req-2394f881-3096-441f-a59e-fe0dc7ffa8df 2bf41aca900c4c6499f381dc5988dcc1 c442ef18f63b480b81edffb090c37033 - default default] Notify callbacks ['neutron.plugins.ml2.plugin.SecurityGroupServerNotifierRpcMixin.notify_sg_on_port_change-530318', 'neutron.plugins.ml2.extensions.dns_integration._create_port_in_external_dns_service-8755579249448', 'neutron.plugins.ml2.ovo_rpc._ObjectChangeHandler.handle_event-1913839', 'neutron.api.rpc.agentnotifiers.dhcp_rpc_agent_api.DhcpAgentNotifyAPI._native_event_send_dhcp_notification-1723294', 'neutron.services.segments.plugin.NovaSegmentNotifier._notify_port_created_or_deleted-1776927'] for port, after_create _notify_loop /usr/lib/python3.9/site-packages/neutron_lib/callbacks/manager.py:200
2025-10-01 07:55:04.290 15 INFO neutron.wsgi [req-8d971730-c9c8-4941-8380-ac66e09364d9 2bf41aca900c4c6499f381dc5988dcc1 c442ef18f63b480b81edffb090c37033 - default default] 192.168.122.99,192.168.122.100 "PUT /v2.0/ports/92e8d19a-79e2-4324-98e4-2cbeb5f2f2a1/tags HTTP/1.1" status: 200 len: 244 time: 0.0630958
2025-10-01 07:55:04.292 17 INFO neutron.wsgi [req-0110cdca-605e-4dc2-b14a-1f82ab523df9 2bf41aca900c4c6499f381dc5988dcc1 c442ef18f63b480b81edffb090c37033 - default default] 192.168.122.99,192.168.122.100 "POST /v2.0/ports HTTP/1.1" status: 201 len: 1155 time: 0.5684688
2025-10-01 07:55:04.298 17 DEBUG neutron.services.tag.tag_plugin [req-c9dfd6a4-1f4c-43e4-bbfd-ea7f7fefac0f 2bf41aca900c4c6499f381dc5988dcc1 c442ef18f63b480b81edffb090c37033 - default default] neutron.services.tag.tag_plugin.TagPlugin method update_tags called with arguments (, 'ports', 'd0a7da46-52fc-44ac-9bc6-76746c13b33f', {'tags': ['tripleo_stack_name=overcloud', 'tripleo_vip_net=storage_mgmt']}) {} wrapper /usr/lib/python3.9/site-packages/oslo_log/helpers.py:65
2025-10-01 07:55:04.310 16 DEBUG neutron.scheduler.dhcp_agent_scheduler [req-2394f881-3096-441f-a59e-fe0dc7ffa8df 2bf41aca900c4c6499f381dc5988dcc1 c442ef18f63b480b81edffb090c37033 - default default] Network 4bb14807-9587-4520-a99f-78caa68360ed is already hosted by enough agents. _get_dhcp_agents_hosting_network /usr/lib/python3.9/site-packages/neutron/scheduler/dhcp_agent_scheduler.py:275
2025-10-01 07:55:04.314 16 DEBUG neutron.scheduler.base_scheduler [req-2394f881-3096-441f-a59e-fe0dc7ffa8df 2bf41aca900c4c6499f381dc5988dcc1 c442ef18f63b480b81edffb090c37033 - default default] Resources bound (agent type, host, resource id): schedule /usr/lib/python3.9/site-packages/neutron/scheduler/base_scheduler.py:57
2025-10-01 07:55:04.333 17 INFO neutron.wsgi [req-c9dfd6a4-1f4c-43e4-bbfd-ea7f7fefac0f 2bf41aca900c4c6499f381dc5988dcc1 c442ef18f63b480b81edffb090c37033 - default default] 192.168.122.99,192.168.122.100 "PUT /v2.0/ports/d0a7da46-52fc-44ac-9bc6-76746c13b33f/tags HTTP/1.1" status: 200 len: 248 time: 0.0381451
2025-10-01 07:55:04.341 16 DEBUG neutron.api.rpc.handlers.resources_rpc [req-56e582b1-e267-45f5-943b-d654448804c6 2bf41aca900c4c6499f381dc5988dcc1 c442ef18f63b480b81edffb090c37033 - - -] Pushing event updated for resources: {'Port': ['ID=6596862c-920e-4bc0-83e0-71b8d1e80371,revision_number=1']} push /usr/lib/python3.9/site-packages/neutron/api/rpc/handlers/resources_rpc.py:237
2025-10-01 07:55:04.365 16 DEBUG neutron.plugins.ml2.drivers.mech_agent [req-56e582b1-e267-45f5-943b-d654448804c6 2bf41aca900c4c6499f381dc5988dcc1 c442ef18f63b480b81edffb090c37033 - default default] Checking segment: {'id': '896bd978-a760-4729-b3e0-b17dfc42670e', 'network_type': 'flat', 'physical_network': 'internal_api_internal_api_subnet', 'segmentation_id': None, 'network_id': '3397bb50-2cfb-409b-afd2-e8fffc413e73'} for mappings: {'ctlplane': 'br-ctlplane'} with network types: ['local', 'flat', 'vlan'] check_segment_for_agent /usr/lib/python3.9/site-packages/neutron/plugins/ml2/drivers/mech_agent.py:343
2025-10-01 07:55:04.366 16 DEBUG neutron.plugins.ml2.drivers.mech_agent [req-56e582b1-e267-45f5-943b-d654448804c6 2bf41aca900c4c6499f381dc5988dcc1 c442ef18f63b480b81edffb090c37033 - default default] Network 3397bb50-2cfb-409b-afd2-e8fffc413e73 with segment 896bd978-a760-4729-b3e0-b17dfc42670e is connected to physical network internal_api_internal_api_subnet, but agent undercloud.ooo.test reported physical networks {'ctlplane': 'br-ctlplane'}. The physical network must be configured on the agent if binding is to succeed. check_segment_for_agent /usr/lib/python3.9/site-packages/neutron/plugins/ml2/drivers/mech_agent.py:365
2025-10-01 07:55:04.422 16 DEBUG neutron.scheduler.dhcp_agent_scheduler [req-56e582b1-e267-45f5-943b-d654448804c6 2bf41aca900c4c6499f381dc5988dcc1 c442ef18f63b480b81edffb090c37033 - default default] Network hostable DHCP agents. Network: 3397bb50-2cfb-409b-afd2-e8fffc413e73, hostable agents: [], hosted agents: [] _get_network_hostable_dhcp_agents /usr/lib/python3.9/site-packages/neutron/scheduler/dhcp_agent_scheduler.py:329
2025-10-01 07:55:04.423 16 DEBUG neutron.scheduler.base_scheduler [req-56e582b1-e267-45f5-943b-d654448804c6 2bf41aca900c4c6499f381dc5988dcc1 c442ef18f63b480b81edffb090c37033 - default default] Resources bound (agent type, host, resource id): schedule /usr/lib/python3.9/site-packages/neutron/scheduler/base_scheduler.py:57
2025-10-01 07:55:04.423 16 WARNING neutron.api.rpc.agentnotifiers.dhcp_rpc_agent_api [req-56e582b1-e267-45f5-943b-d654448804c6 2bf41aca900c4c6499f381dc5988dcc1 c442ef18f63b480b81edffb090c37033 - default default] Unable to schedule network 3397bb50-2cfb-409b-afd2-e8fffc413e73: no agents available; will retry on subsequent port and subnet creation events.
2025-10-01 07:55:04.423 16 DEBUG neutron.api.rpc.agentnotifiers.dhcp_rpc_agent_api [req-56e582b1-e267-45f5-943b-d654448804c6 2bf41aca900c4c6499f381dc5988dcc1 c442ef18f63b480b81edffb090c37033 - default default] Network 3397bb50-2cfb-409b-afd2-e8fffc413e73 is not hosted by any dhcp agent _notify_agents /usr/lib/python3.9/site-packages/neutron/api/rpc/agentnotifiers/dhcp_rpc_agent_api.py:228
2025-10-01 07:55:04.435 16 DEBUG neutron.api.rpc.handlers.resources_rpc [req-2394f881-3096-441f-a59e-fe0dc7ffa8df 2bf41aca900c4c6499f381dc5988dcc1 c442ef18f63b480b81edffb090c37033 - - -] Pushing event updated for resources: {'Port': ['ID=72b29c46-060d-44bf-96a5-10bd2a0b44f7,revision_number=1']} push /usr/lib/python3.9/site-packages/neutron/api/rpc/handlers/resources_rpc.py:237
2025-10-01 07:55:04.447 16 DEBUG neutron.pecan_wsgi.hooks.policy_enforcement [req-2394f881-3096-441f-a59e-fe0dc7ffa8df 2bf41aca900c4c6499f381dc5988dcc1 c442ef18f63b480b81edffb090c37033 - default default] Attributes excluded by policy engine: ['standard_attr_id', 'network'] _exclude_attributes_by_policy /usr/lib/python3.9/site-packages/neutron/pecan_wsgi/hooks/policy_enforcement.py:259
2025-10-01 07:55:04.447 16 DEBUG neutron_lib.callbacks.manager [req-2394f881-3096-441f-a59e-fe0dc7ffa8df 2bf41aca900c4c6499f381dc5988dcc1 c442ef18f63b480b81edffb090c37033 - default default] Notify callbacks ['neutron.notifiers.nova.Notifier._send_nova_notification-2092454', 'neutron.api.rpc.agentnotifiers.dhcp_rpc_agent_api.DhcpAgentNotifyAPI._send_dhcp_notification-1723372'] for port, before_response _notify_loop /usr/lib/python3.9/site-packages/neutron_lib/callbacks/manager.py:200
2025-10-01 07:55:04.459 16 INFO neutron.wsgi [req-2394f881-3096-441f-a59e-fe0dc7ffa8df 2bf41aca900c4c6499f381dc5988dcc1 c442ef18f63b480b81edffb090c37033 - default default] 192.168.122.99,192.168.122.100 "POST /v2.0/ports HTTP/1.1" status: 201 len: 1155 time: 0.7455595
2025-10-01 07:55:04.460 16 DEBUG neutron.pecan_wsgi.hooks.policy_enforcement [req-56e582b1-e267-45f5-943b-d654448804c6 2bf41aca900c4c6499f381dc5988dcc1 c442ef18f63b480b81edffb090c37033 - default default] Attributes excluded by policy engine: ['standard_attr_id', 'network'] _exclude_attributes_by_policy /usr/lib/python3.9/site-packages/neutron/pecan_wsgi/hooks/policy_enforcement.py:259
2025-10-01 07:55:04.460 16 DEBUG neutron_lib.callbacks.manager [req-56e582b1-e267-45f5-943b-d654448804c6 2bf41aca900c4c6499f381dc5988dcc1 c442ef18f63b480b81edffb090c37033 - default default] Notify callbacks ['neutron.notifiers.nova.Notifier._send_nova_notification-2092454', 'neutron.api.rpc.agentnotifiers.dhcp_rpc_agent_api.DhcpAgentNotifyAPI._send_dhcp_notification-1723372'] for port, before_response _notify_loop /usr/lib/python3.9/site-packages/neutron_lib/callbacks/manager.py:200
2025-10-01 07:55:04.470 16 DEBUG neutron.services.tag.tag_plugin [req-d3901e34-e01d-4b9e-a44f-1f80bef691e4 2bf41aca900c4c6499f381dc5988dcc1 c442ef18f63b480b81edffb090c37033 - default default] neutron.services.tag.tag_plugin.TagPlugin method update_tags called with arguments (, 'ports', '72b29c46-060d-44bf-96a5-10bd2a0b44f7', {'tags': ['tripleo_stack_name=overcloud', 'tripleo_vip_net=ctlplane']}) {} wrapper /usr/lib/python3.9/site-packages/oslo_log/helpers.py:65
2025-10-01 07:55:04.477 17 DEBUG neutron.wsgi [-] (17) accepted ('192.168.122.100', 54212) server /usr/lib/python3.9/site-packages/eventlet/wsgi.py:992
2025-10-01 07:55:04.481 17 INFO neutron.wsgi [-] 192.168.122.100 "GET /healthcheck HTTP/1.0" status: 200 len: 137 time: 0.0028889
2025-10-01 07:55:04.490 16 INFO neutron.wsgi [req-56e582b1-e267-45f5-943b-d654448804c6 2bf41aca900c4c6499f381dc5988dcc1 c442ef18f63b480b81edffb090c37033 - default default] 192.168.122.99,192.168.122.100 "POST /v2.0/ports HTTP/1.1" status: 201 len: 1155 time: 0.7804754
2025-10-01 07:55:04.502 16 DEBUG neutron.services.tag.tag_plugin [req-969e2766-340d-4018-a213-e047de198ecd 2bf41aca900c4c6499f381dc5988dcc1 c442ef18f63b480b81edffb090c37033 - default default] neutron.services.tag.tag_plugin.TagPlugin method update_tags called with arguments (, 'ports', '6596862c-920e-4bc0-83e0-71b8d1e80371', {'tags': ['tripleo_stack_name=overcloud', 'tripleo_vip_net=internal_api']}) {} wrapper /usr/lib/python3.9/site-packages/oslo_log/helpers.py:65
2025-10-01 07:55:04.578 16 INFO neutron.wsgi [req-d3901e34-e01d-4b9e-a44f-1f80bef691e4 2bf41aca900c4c6499f381dc5988dcc1 c442ef18f63b480b81edffb090c37033 - default default] 192.168.122.99,192.168.122.100 "PUT /v2.0/ports/72b29c46-060d-44bf-96a5-10bd2a0b44f7/tags HTTP/1.1" status: 200 len: 244 time: 0.1111195
2025-10-01 07:55:04.583 16 INFO neutron.wsgi [req-969e2766-340d-4018-a213-e047de198ecd 2bf41aca900c4c6499f381dc5988dcc1 c442ef18f63b480b81edffb090c37033 - default default] 192.168.122.99,192.168.122.100 "PUT /v2.0/ports/6596862c-920e-4bc0-83e0-71b8d1e80371/tags HTTP/1.1" status: 200 len: 248 time: 0.0873933
2025-10-01 07:55:04.634 16 DEBUG neutron.pecan_wsgi.hooks.policy_enforcement [req-8cf8148a-fd9c-4a23-b45a-ac9a38de28d4 2bf41aca900c4c6499f381dc5988dcc1 c442ef18f63b480b81edffb090c37033 - default default] Attributes excluded by policy engine: ['standard_attr_id'] _exclude_attributes_by_policy /usr/lib/python3.9/site-packages/neutron/pecan_wsgi/hooks/policy_enforcement.py:259
2025-10-01 07:55:04.635 16 DEBUG neutron.pecan_wsgi.hooks.policy_enforcement [req-8cf8148a-fd9c-4a23-b45a-ac9a38de28d4 2bf41aca900c4c6499f381dc5988dcc1 c442ef18f63b480b81edffb090c37033 - default default] Attributes excluded by policy engine: ['standard_attr_id'] _exclude_attributes_by_policy /usr/lib/python3.9/site-packages/neutron/pecan_wsgi/hooks/policy_enforcement.py:259
2025-10-01 07:55:04.635 16 DEBUG neutron.pecan_wsgi.hooks.policy_enforcement [req-8cf8148a-fd9c-4a23-b45a-ac9a38de28d4 2bf41aca900c4c6499f381dc5988dcc1 c442ef18f63b480b81edffb090c37033 - default default] Attributes excluded by policy engine: ['standard_attr_id'] _exclude_attributes_by_policy /usr/lib/python3.9/site-packages/neutron/pecan_wsgi/hooks/policy_enforcement.py:259
2025-10-01 07:55:04.635 16 DEBUG neutron.pecan_wsgi.hooks.policy_enforcement [req-8cf8148a-fd9c-4a23-b45a-ac9a38de28d4 2bf41aca900c4c6499f381dc5988dcc1 c442ef18f63b480b81edffb090c37033 - default default] Attributes excluded by policy engine: ['standard_attr_id'] _exclude_attributes_by_policy /usr/lib/python3.9/site-packages/neutron/pecan_wsgi/hooks/policy_enforcement.py:259
2025-10-01 07:55:04.635 16 DEBUG neutron.pecan_wsgi.hooks.policy_enforcement [req-8cf8148a-fd9c-4a23-b45a-ac9a38de28d4 2bf41aca900c4c6499f381dc5988dcc1 c442ef18f63b480b81edffb090c37033 - default default] Attributes excluded by policy engine: ['standard_attr_id'] _exclude_attributes_by_policy /usr/lib/python3.9/site-packages/neutron/pecan_wsgi/hooks/policy_enforcement.py:259
2025-10-01 07:55:04.636 16 INFO neutron.wsgi [req-8cf8148a-fd9c-4a23-b45a-ac9a38de28d4 2bf41aca900c4c6499f381dc5988dcc1 c442ef18f63b480b81edffb090c37033 - default default] 192.168.122.99,192.168.122.100 "GET /v2.0/ports?tags=tripleo_stack_name%3Dovercloud HTTP/1.1" status: 200 len: 5305 time: 0.0504582
2025-10-01 07:55:04.699 22 DEBUG neutron.db.provisioning_blocks [req-c9cbb294-748b-4bcf-a571-930e5c41e6e1 - - - - -] Provisioning for port 72b29c46-060d-44bf-96a5-10bd2a0b44f7 completed by entity DHCP. provisioning_complete /usr/lib/python3.9/site-packages/neutron/db/provisioning_blocks.py:134
2025-10-01 07:55:04.703 22 DEBUG neutron.db.provisioning_blocks [req-c9cbb294-748b-4bcf-a571-930e5c41e6e1 - - - - -] Provisioning complete for port 72b29c46-060d-44bf-96a5-10bd2a0b44f7 triggered by entity DHCP. provisioning_complete /usr/lib/python3.9/site-packages/neutron/db/provisioning_blocks.py:140
2025-10-01 07:55:04.703 22 DEBUG neutron_lib.callbacks.manager [req-c9cbb294-748b-4bcf-a571-930e5c41e6e1 - - - - -] Notify callbacks ['neutron.plugins.ml2.plugin.Ml2Plugin._port_provisioned-669301'] for port, provisioning_complete _notify_loop /usr/lib/python3.9/site-packages/neutron_lib/callbacks/manager.py:200
2025-10-01 07:55:04.703 22 INFO neutron.plugins.ml2.plugin [req-c9cbb294-748b-4bcf-a571-930e5c41e6e1 - - - - -] Attempt 1 to provision port 72b29c46-060d-44bf-96a5-10bd2a0b44f7
2025-10-01 07:55:04.731 22 DEBUG neutron.plugins.ml2.plugin [req-c9cbb294-748b-4bcf-a571-930e5c41e6e1 - - - - -] Port 72b29c46-060d-44bf-96a5-10bd2a0b44f7 cannot update to ACTIVE because it is not bound. _port_provisioned /usr/lib/python3.9/site-packages/neutron/plugins/ml2/plugin.py:353
2025-10-01 07:55:06.115 18 DEBUG neutron.wsgi [-] (18) accepted ('192.168.122.100', 54216) server /usr/lib/python3.9/site-packages/eventlet/wsgi.py:992
2025-10-01 07:55:06.277 18 DEBUG neutron.pecan_wsgi.hooks.policy_enforcement [req-c59694c1-0a91-4318-9cc0-b53b3ba1e29f 2bf41aca900c4c6499f381dc5988dcc1 c442ef18f63b480b81edffb090c37033 - default default] Attributes excluded by policy engine: ['standard_attr_id', 'vlan_transparent'] _exclude_attributes_by_policy /usr/lib/python3.9/site-packages/neutron/pecan_wsgi/hooks/policy_enforcement.py:259
2025-10-01 07:55:06.278 18 DEBUG neutron.pecan_wsgi.hooks.policy_enforcement [req-c59694c1-0a91-4318-9cc0-b53b3ba1e29f 2bf41aca900c4c6499f381dc5988dcc1 c442ef18f63b480b81edffb090c37033 - default default] Attributes excluded by policy engine: ['standard_attr_id', 'vlan_transparent'] _exclude_attributes_by_policy /usr/lib/python3.9/site-packages/neutron/pecan_wsgi/hooks/policy_enforcement.py:259
2025-10-01 07:55:06.278 18 DEBUG neutron.pecan_wsgi.hooks.policy_enforcement [req-c59694c1-0a91-4318-9cc0-b53b3ba1e29f 2bf41aca900c4c6499f381dc5988dcc1 c442ef18f63b480b81edffb090c37033 - default default] Attributes excluded by policy engine: ['standard_attr_id', 'vlan_transparent'] _exclude_attributes_by_policy /usr/lib/python3.9/site-packages/neutron/pecan_wsgi/hooks/policy_enforcement.py:259
2025-10-01 07:55:06.278 18 DEBUG neutron.pecan_wsgi.hooks.policy_enforcement [req-c59694c1-0a91-4318-9cc0-b53b3ba1e29f 2bf41aca900c4c6499f381dc5988dcc1 c442ef18f63b480b81edffb090c37033 - default default] Attributes excluded by policy engine: ['standard_attr_id', 'vlan_transparent'] _exclude_attributes_by_policy /usr/lib/python3.9/site-packages/neutron/pecan_wsgi/hooks/policy_enforcement.py:259
2025-10-01 07:55:06.279 18 DEBUG neutron.pecan_wsgi.hooks.policy_enforcement [req-c59694c1-0a91-4318-9cc0-b53b3ba1e29f 2bf41aca900c4c6499f381dc5988dcc1 c442ef18f63b480b81edffb090c37033 - default default] Attributes excluded by policy engine: ['standard_attr_id', 'vlan_transparent'] _exclude_attributes_by_policy /usr/lib/python3.9/site-packages/neutron/pecan_wsgi/hooks/policy_enforcement.py:259
2025-10-01 07:55:06.279 18 DEBUG neutron.pecan_wsgi.hooks.policy_enforcement [req-c59694c1-0a91-4318-9cc0-b53b3ba1e29f 2bf41aca900c4c6499f381dc5988dcc1 c442ef18f63b480b81edffb090c37033 - default default] Attributes excluded by policy engine: ['standard_attr_id', 'vlan_transparent'] _exclude_attributes_by_policy /usr/lib/python3.9/site-packages/neutron/pecan_wsgi/hooks/policy_enforcement.py:259
2025-10-01 07:55:06.280 18 INFO neutron.wsgi [req-c59694c1-0a91-4318-9cc0-b53b3ba1e29f 2bf41aca900c4c6499f381dc5988dcc1 c442ef18f63b480b81edffb090c37033 - default default] 192.168.122.99,192.168.122.100 "GET /v2.0/networks HTTP/1.1" status: 200 len: 5131 time: 0.1636915
2025-10-01 07:55:06.322 18 DEBUG neutron.pecan_wsgi.hooks.policy_enforcement [req-d0e44e94-d739-4465-b7c5-6dcbc7928c38 2bf41aca900c4c6499f381dc5988dcc1 c442ef18f63b480b81edffb090c37033 - default default] Attributes excluded by policy engine: ['standard_attr_id', 'shared'] _exclude_attributes_by_policy /usr/lib/python3.9/site-packages/neutron/pecan_wsgi/hooks/policy_enforcement.py:259
2025-10-01 07:55:06.323 18 INFO neutron.wsgi [req-d0e44e94-d739-4465-b7c5-6dcbc7928c38 2bf41aca900c4c6499f381dc5988dcc1 c442ef18f63b480b81edffb090c37033 - default default] 192.168.122.99,192.168.122.100 "GET /v2.0/subnets?network_id=2598ee50-c93b-4f91-a79e-7ccbaedd2874 HTTP/1.1" status: 200 len: 867 time: 0.0369220
2025-10-01 07:55:06.362 18 DEBUG neutron.pecan_wsgi.hooks.policy_enforcement [req-d4228415-82f1-4e17-9014-0acc0d71d706 2bf41aca900c4c6499f381dc5988dcc1 c442ef18f63b480b81edffb090c37033 - default default] Attributes excluded by policy engine: ['standard_attr_id', 'shared'] _exclude_attributes_by_policy /usr/lib/python3.9/site-packages/neutron/pecan_wsgi/hooks/policy_enforcement.py:259
2025-10-01 07:55:06.363 18 INFO neutron.wsgi [req-d4228415-82f1-4e17-9014-0acc0d71d706 2bf41aca900c4c6499f381dc5988dcc1 c442ef18f63b480b81edffb090c37033 - default default] 192.168.122.99,192.168.122.100 "GET /v2.0/subnets?network_id=2becaaab-6ba6-4028-8b5d-a48709dffdd0 HTTP/1.1" status: 200 len: 861 time: 0.0333526
2025-10-01 07:55:06.403 18 DEBUG neutron.pecan_wsgi.hooks.policy_enforcement [req-75287046-5466-487b-9b25-1c684bbfe332 2bf41aca900c4c6499f381dc5988dcc1 c442ef18f63b480b81edffb090c37033 - default default] Attributes excluded by policy engine: ['standard_attr_id', 'shared'] _exclude_attributes_by_policy /usr/lib/python3.9/site-packages/neutron/pecan_wsgi/hooks/policy_enforcement.py:259
2025-10-01 07:55:06.405 18 INFO neutron.wsgi [req-75287046-5466-487b-9b25-1c684bbfe332 2bf41aca900c4c6499f381dc5988dcc1 c442ef18f63b480b81edffb090c37033 - default default] 192.168.122.99,192.168.122.100 "GET /v2.0/subnets?network_id=3397bb50-2cfb-409b-afd2-e8fffc413e73 HTTP/1.1" status: 200 len: 867 time: 0.0347199
2025-10-01 07:55:06.455 18 DEBUG neutron.pecan_wsgi.hooks.policy_enforcement [req-30393070-8ce6-4cce-9725-c70c577c17b4 2bf41aca900c4c6499f381dc5988dcc1 c442ef18f63b480b81edffb090c37033 - default default] Attributes excluded by policy engine: ['standard_attr_id', 'shared'] _exclude_attributes_by_policy /usr/lib/python3.9/site-packages/neutron/pecan_wsgi/hooks/policy_enforcement.py:259
2025-10-01 07:55:06.456 18 INFO neutron.wsgi [req-30393070-8ce6-4cce-9725-c70c577c17b4 2bf41aca900c4c6499f381dc5988dcc1 c442ef18f63b480b81edffb090c37033 - default default] 192.168.122.99,192.168.122.100 "GET /v2.0/subnets?network_id=41b41812-c101-4446-a2ca-390f433f6390 HTTP/1.1" status: 200 len: 863 time: 0.0448663
2025-10-01 07:55:06.481 17 DEBUG neutron.wsgi [-] (17) accepted ('192.168.122.100', 54230) server /usr/lib/python3.9/site-packages/eventlet/wsgi.py:992
2025-10-01 07:55:06.485 17 INFO neutron.wsgi [-] 192.168.122.100 "GET /healthcheck HTTP/1.0" status: 200 len: 137 time: 0.0025492
2025-10-01 07:55:06.487 18 DEBUG neutron.pecan_wsgi.hooks.policy_enforcement [req-f50bc15f-9ff9-4f37-8bbb-706c358153cc 2bf41aca900c4c6499f381dc5988dcc1 c442ef18f63b480b81edffb090c37033 - default default] Attributes excluded by policy engine: ['standard_attr_id', 'shared'] _exclude_attributes_by_policy /usr/lib/python3.9/site-packages/neutron/pecan_wsgi/hooks/policy_enforcement.py:259
2025-10-01 07:55:06.488 18 INFO neutron.wsgi [req-f50bc15f-9ff9-4f37-8bbb-706c358153cc 2bf41aca900c4c6499f381dc5988dcc1 c442ef18f63b480b81edffb090c37033 - default default] 192.168.122.99,192.168.122.100 "GET /v2.0/subnets?network_id=4bb14807-9587-4520-a99f-78caa68360ed HTTP/1.1" status: 200 len: 845 time: 0.0259776
2025-10-01 07:55:06.547 18 DEBUG neutron.pecan_wsgi.hooks.policy_enforcement [req-724c419d-1320-4a7e-a74f-e25fe6d8ab24 2bf41aca900c4c6499f381dc5988dcc1 c442ef18f63b480b81edffb090c37033 - default default] Attributes excluded by policy engine: ['standard_attr_id', 'shared'] _exclude_attributes_by_policy /usr/lib/python3.9/site-packages/neutron/pecan_wsgi/hooks/policy_enforcement.py:259
2025-10-01 07:55:06.549 18 INFO neutron.wsgi [req-724c419d-1320-4a7e-a74f-e25fe6d8ab24 2bf41aca900c4c6499f381dc5988dcc1 c442ef18f63b480b81edffb090c37033 - default default] 192.168.122.99,192.168.122.100 "GET /v2.0/subnets?network_id=a5efad2a-f210-4b35-b2b3-b6d9f06b3a79 HTTP/1.1" status: 200 len: 862 time: 0.0546811
2025-10-01 07:55:06.659 18 DEBUG neutron.pecan_wsgi.hooks.policy_enforcement [req-c15eee6d-f20e-4b5e-a172-0871acfe1054 2bf41aca900c4c6499f381dc5988dcc1 c442ef18f63b480b81edffb090c37033 - default default] Attributes excluded by policy engine: ['standard_attr_id', 'vlan_transparent'] _exclude_attributes_by_policy /usr/lib/python3.9/site-packages/neutron/pecan_wsgi/hooks/policy_enforcement.py:259
2025-10-01 07:55:06.660 18 DEBUG neutron.pecan_wsgi.hooks.policy_enforcement [req-c15eee6d-f20e-4b5e-a172-0871acfe1054 2bf41aca900c4c6499f381dc5988dcc1 c442ef18f63b480b81edffb090c37033 - default default] Attributes excluded by policy engine: ['standard_attr_id', 'vlan_transparent'] _exclude_attributes_by_policy /usr/lib/python3.9/site-packages/neutron/pecan_wsgi/hooks/policy_enforcement.py:259
2025-10-01 07:55:06.660 18 DEBUG neutron.pecan_wsgi.hooks.policy_enforcement [req-c15eee6d-f20e-4b5e-a172-0871acfe1054 2bf41aca900c4c6499f381dc5988dcc1 c442ef18f63b480b81edffb090c37033 - default default] Attributes excluded by policy engine: ['standard_attr_id', 'vlan_transparent'] _exclude_attributes_by_policy /usr/lib/python3.9/site-packages/neutron/pecan_wsgi/hooks/policy_enforcement.py:259
2025-10-01 07:55:06.661 18 DEBUG neutron.pecan_wsgi.hooks.policy_enforcement [req-c15eee6d-f20e-4b5e-a172-0871acfe1054 2bf41aca900c4c6499f381dc5988dcc1 c442ef18f63b480b81edffb090c37033 - default default] Attributes excluded by policy engine: ['standard_attr_id', 'vlan_transparent'] _exclude_attributes_by_policy /usr/lib/python3.9/site-packages/neutron/pecan_wsgi/hooks/policy_enforcement.py:259
2025-10-01 07:55:06.661 18 DEBUG neutron.pecan_wsgi.hooks.policy_enforcement [req-c15eee6d-f20e-4b5e-a172-0871acfe1054 2bf41aca900c4c6499f381dc5988dcc1 c442ef18f63b480b81edffb090c37033 - default default] Attributes excluded by policy engine: ['standard_attr_id', 'vlan_transparent'] _exclude_attributes_by_policy /usr/lib/python3.9/site-packages/neutron/pecan_wsgi/hooks/policy_enforcement.py:259
2025-10-01 07:55:06.661 18 DEBUG neutron.pecan_wsgi.hooks.policy_enforcement [req-c15eee6d-f20e-4b5e-a172-0871acfe1054 2bf41aca900c4c6499f381dc5988dcc1 c442ef18f63b480b81edffb090c37033 - default default] Attributes excluded by policy engine: ['standard_attr_id', 'vlan_transparent'] _exclude_attributes_by_policy /usr/lib/python3.9/site-packages/neutron/pecan_wsgi/hooks/policy_enforcement.py:259
2025-10-01 07:55:06.663 18 INFO neutron.wsgi [req-c15eee6d-f20e-4b5e-a172-0871acfe1054 2bf41aca900c4c6499f381dc5988dcc1 c442ef18f63b480b81edffb090c37033 - default default] 192.168.122.99,192.168.122.100 "GET /v2.0/networks HTTP/1.1" status: 200 len: 5131 time: 0.1079295
2025-10-01 07:55:06.733 18 DEBUG neutron.pecan_wsgi.hooks.policy_enforcement [req-f2e1bec9-466b-44ed-b247-7c503872534d 2bf41aca900c4c6499f381dc5988dcc1 c442ef18f63b480b81edffb090c37033 - default default] Attributes excluded by policy engine: ['standard_attr_id'] _exclude_attributes_by_policy /usr/lib/python3.9/site-packages/neutron/pecan_wsgi/hooks/policy_enforcement.py:259
2025-10-01 07:55:06.734 18 INFO neutron.wsgi [req-f2e1bec9-466b-44ed-b247-7c503872534d 2bf41aca900c4c6499f381dc5988dcc1 c442ef18f63b480b81edffb090c37033 - default default] 192.168.122.99,192.168.122.100 "GET /v2.0/ports?network_id=3397bb50-2cfb-409b-afd2-e8fffc413e73&tags=tripleo_stack_name%3Dovercloud&tags=tripleo_vip_net%3Dinternal_api HTTP/1.1" status: 200 len: 1215 time: 0.0594835
2025-10-01 07:55:06.785 18 DEBUG neutron.pecan_wsgi.hooks.policy_enforcement [req-861e73a0-eede-4c02-a0b3-58c7417afcf1 2bf41aca900c4c6499f381dc5988dcc1 c442ef18f63b480b81edffb090c37033 - default default] Attributes excluded by policy engine: ['standard_attr_id', 'shared'] _exclude_attributes_by_policy /usr/lib/python3.9/site-packages/neutron/pecan_wsgi/hooks/policy_enforcement.py:259
2025-10-01 07:55:06.786 18 INFO neutron.wsgi [req-861e73a0-eede-4c02-a0b3-58c7417afcf1 2bf41aca900c4c6499f381dc5988dcc1 c442ef18f63b480b81edffb090c37033 - default default] 192.168.122.99,192.168.122.100 "GET /v2.0/subnets/d5c555e4-898f-4688-9d89-5e3cb8a2218c HTTP/1.1" status: 200 len: 864 time: 0.0456529
2025-10-01 07:55:06.840 18 DEBUG neutron.pecan_wsgi.hooks.policy_enforcement [req-854a37b0-fd6c-4c76-a470-41aef80c22f3 2bf41aca900c4c6499f381dc5988dcc1 c442ef18f63b480b81edffb090c37033 - default default] Attributes excluded by policy engine: ['standard_attr_id'] _exclude_attributes_by_policy /usr/lib/python3.9/site-packages/neutron/pecan_wsgi/hooks/policy_enforcement.py:259
2025-10-01 07:55:06.841 18 INFO neutron.wsgi [req-854a37b0-fd6c-4c76-a470-41aef80c22f3 2bf41aca900c4c6499f381dc5988dcc1 c442ef18f63b480b81edffb090c37033 - default default] 192.168.122.99,192.168.122.100 "GET /v2.0/ports?network_id=a5efad2a-f210-4b35-b2b3-b6d9f06b3a79&tags=tripleo_stack_name%3Dovercloud&tags=tripleo_vip_net%3Dstorage HTTP/1.1" status: 200 len: 1205 time: 0.0495546
2025-10-01 07:55:06.889 18 DEBUG neutron.pecan_wsgi.hooks.policy_enforcement [req-1d7e355f-39b5-443a-8926-38ce758c2fc2 2bf41aca900c4c6499f381dc5988dcc1 c442ef18f63b480b81edffb090c37033 - default default] Attributes excluded by policy engine: ['standard_attr_id', 'shared'] _exclude_attributes_by_policy /usr/lib/python3.9/site-packages/neutron/pecan_wsgi/hooks/policy_enforcement.py:259
2025-10-01 07:55:06.890 18 INFO neutron.wsgi [req-1d7e355f-39b5-443a-8926-38ce758c2fc2 2bf41aca900c4c6499f381dc5988dcc1 c442ef18f63b480b81edffb090c37033 - default default] 192.168.122.99,192.168.122.100 "GET /v2.0/subnets/0f9ef6be-a9a7-4b39-8e1c-1772a3ccc9cc HTTP/1.1" status: 200 len: 859 time: 0.0422785
2025-10-01 07:55:06.994 18 DEBUG neutron.pecan_wsgi.hooks.policy_enforcement [req-9a4d6004-c588-4b9e-9d1a-1ffa4f8659af 2bf41aca900c4c6499f381dc5988dcc1 c442ef18f63b480b81edffb090c37033 - default default] Attributes excluded by policy engine: ['standard_attr_id'] _exclude_attributes_by_policy /usr/lib/python3.9/site-packages/neutron/pecan_wsgi/hooks/policy_enforcement.py:259
2025-10-01 07:55:06.996 18 INFO neutron.wsgi [req-9a4d6004-c588-4b9e-9d1a-1ffa4f8659af 2bf41aca900c4c6499f381dc5988dcc1 c442ef18f63b480b81edffb090c37033 - default default] 192.168.122.99,192.168.122.100 "GET /v2.0/ports?network_id=2598ee50-c93b-4f91-a79e-7ccbaedd2874&tags=tripleo_stack_name%3Dovercloud&tags=tripleo_vip_net%3Dstorage_mgmt HTTP/1.1" status: 200 len: 1215 time: 0.1005809
2025-10-01 07:55:07.055 18 DEBUG neutron.pecan_wsgi.hooks.policy_enforcement [req-d6b1beab-72a9-4585-bc07-30bd4517b58c 2bf41aca900c4c6499f381dc5988dcc1 c442ef18f63b480b81edffb090c37033 - default default] Attributes excluded by policy engine: ['standard_attr_id', 'shared'] _exclude_attributes_by_policy /usr/lib/python3.9/site-packages/neutron/pecan_wsgi/hooks/policy_enforcement.py:259
2025-10-01 07:55:07.056 18 INFO neutron.wsgi [req-d6b1beab-72a9-4585-bc07-30bd4517b58c 2bf41aca900c4c6499f381dc5988dcc1 c442ef18f63b480b81edffb090c37033 - default default] 192.168.122.99,192.168.122.100 "GET /v2.0/subnets/44ff1aa9-48a3-432e-8d13-d34653cafd90 HTTP/1.1" status: 200 len: 864 time: 0.0525346
2025-10-01 07:55:07.123 18 DEBUG neutron.pecan_wsgi.hooks.policy_enforcement [req-09615dd6-0f25-4d2d-9e34-35e756a260ab 2bf41aca900c4c6499f381dc5988dcc1 c442ef18f63b480b81edffb090c37033 - default default] Attributes excluded by policy engine: ['standard_attr_id'] _exclude_attributes_by_policy /usr/lib/python3.9/site-packages/neutron/pecan_wsgi/hooks/policy_enforcement.py:259
2025-10-01 07:55:07.124 18 INFO neutron.wsgi [req-09615dd6-0f25-4d2d-9e34-35e756a260ab 2bf41aca900c4c6499f381dc5988dcc1 c442ef18f63b480b81edffb090c37033 - default default] 192.168.122.99,192.168.122.100 "GET /v2.0/ports?network_id=41b41812-c101-4446-a2ca-390f433f6390&tags=tripleo_stack_name%3Dovercloud&tags=tripleo_vip_net%3Dexternal HTTP/1.1" status: 200 len: 1207 time: 0.0630093
2025-10-01 07:55:07.175 18 DEBUG neutron.pecan_wsgi.hooks.policy_enforcement [req-7c0d2492-1abf-4c6c-b235-8430073cd96a 2bf41aca900c4c6499f381dc5988dcc1 c442ef18f63b480b81edffb090c37033 - default default] Attributes excluded by policy engine: ['standard_attr_id', 'shared'] _exclude_attributes_by_policy /usr/lib/python3.9/site-packages/neutron/pecan_wsgi/hooks/policy_enforcement.py:259
2025-10-01 07:55:07.176 18 INFO neutron.wsgi [req-7c0d2492-1abf-4c6c-b235-8430073cd96a 2bf41aca900c4c6499f381dc5988dcc1 c442ef18f63b480b81edffb090c37033 - default default] 192.168.122.99,192.168.122.100 "GET /v2.0/subnets/c5da577c-fd63-4133-ad76-9a1d5917622b HTTP/1.1" status: 200 len: 860 time: 0.0457213
2025-10-01 07:55:07.240 18 DEBUG neutron.pecan_wsgi.hooks.policy_enforcement [req-eb1eafa6-3b95-4e7c-a8a3-06447e34b2e6 2bf41aca900c4c6499f381dc5988dcc1 c442ef18f63b480b81edffb090c37033 - default default] Attributes excluded by policy engine: ['standard_attr_id'] _exclude_attributes_by_policy /usr/lib/python3.9/site-packages/neutron/pecan_wsgi/hooks/policy_enforcement.py:259
2025-10-01 07:55:07.242 18 INFO neutron.wsgi [req-eb1eafa6-3b95-4e7c-a8a3-06447e34b2e6 2bf41aca900c4c6499f381dc5988dcc1 c442ef18f63b480b81edffb090c37033 - default default] 192.168.122.99,192.168.122.100 "GET /v2.0/ports?network_id=4bb14807-9587-4520-a99f-78caa68360ed&tags=tripleo_stack_name%3Dovercloud&tags=tripleo_vip_net%3Dctlplane HTTP/1.1" status: 200 len: 1211 time: 0.0600703
2025-10-01 07:55:07.343 18 DEBUG neutron.pecan_wsgi.hooks.policy_enforcement [req-25379b1a-bf01-4bed-8227-92f87c043327 2bf41aca900c4c6499f381dc5988dcc1 c442ef18f63b480b81edffb090c37033 - default default] Attributes excluded by policy engine: ['standard_attr_id', 'vlan_transparent'] _exclude_attributes_by_policy /usr/lib/python3.9/site-packages/neutron/pecan_wsgi/hooks/policy_enforcement.py:259
2025-10-01 07:55:07.345 18 INFO neutron.wsgi [req-25379b1a-bf01-4bed-8227-92f87c043327 2bf41aca900c4c6499f381dc5988dcc1 c442ef18f63b480b81edffb090c37033 - default default] 192.168.122.99,192.168.122.100 "GET /v2.0/networks/4bb14807-9587-4520-a99f-78caa68360ed HTTP/1.1" status: 200 len: 919 time: 0.0962145
2025-10-01 07:55:07.389 18 DEBUG neutron.pecan_wsgi.hooks.policy_enforcement [req-658834d1-4e09-406c-9659-06838d502a74 2bf41aca900c4c6499f381dc5988dcc1 c442ef18f63b480b81edffb090c37033 - default default] Attributes excluded by policy engine: ['standard_attr_id', 'shared'] _exclude_attributes_by_policy /usr/lib/python3.9/site-packages/neutron/pecan_wsgi/hooks/policy_enforcement.py:259
2025-10-01 07:55:07.390 18 INFO neutron.wsgi [req-658834d1-4e09-406c-9659-06838d502a74 2bf41aca900c4c6499f381dc5988dcc1 c442ef18f63b480b81edffb090c37033 - default default] 192.168.122.99,192.168.122.100 "GET /v2.0/subnets/da37f699-cc49-4c41-8f55-11a05d93bb38 HTTP/1.1" status: 200 len: 842 time: 0.0393968
2025-10-01 07:55:08.486 15 DEBUG neutron.wsgi [-] (15) accepted ('192.168.122.100', 54242) server /usr/lib/python3.9/site-packages/eventlet/wsgi.py:992
2025-10-01 07:55:08.488 15 INFO neutron.wsgi [-] 192.168.122.100 "GET /healthcheck HTTP/1.0" status: 200 len: 137 time: 0.0013671
2025-10-01 07:55:10.490 16 DEBUG neutron.wsgi [-] (16) accepted ('192.168.122.100', 45450) server /usr/lib/python3.9/site-packages/eventlet/wsgi.py:992
2025-10-01 07:55:10.493 16 INFO neutron.wsgi [-] 192.168.122.100 "GET /healthcheck HTTP/1.0" status: 200 len: 137 time: 0.0021338
2025-10-01 07:55:12.494 16 DEBUG neutron.wsgi [-] (16) accepted ('192.168.122.100', 45462) server /usr/lib/python3.9/site-packages/eventlet/wsgi.py:992
2025-10-01 07:55:12.496 16 INFO neutron.wsgi [-] 192.168.122.100 "GET /healthcheck HTTP/1.0" status: 200 len: 137 time: 0.0014422
2025-10-01 07:55:14.497 17 DEBUG neutron.wsgi [-] (17) accepted ('192.168.122.100', 45466) server /usr/lib/python3.9/site-packages/eventlet/wsgi.py:992
2025-10-01 07:55:14.500 17 INFO neutron.wsgi [-] 192.168.122.100 "GET /healthcheck HTTP/1.0" status: 200 len: 137 time: 0.0017927
2025-10-01 07:55:16.501 17 DEBUG neutron.wsgi [-] (17) accepted ('192.168.122.100', 45482) server /usr/lib/python3.9/site-packages/eventlet/wsgi.py:992
2025-10-01 07:55:16.505 17 INFO neutron.wsgi [-] 192.168.122.100 "GET /healthcheck HTTP/1.0" status: 200 len: 137 time: 0.0026255
2025-10-01 07:55:18.507 15 DEBUG neutron.wsgi [-] (15) accepted ('192.168.122.100', 45494) server /usr/lib/python3.9/site-packages/eventlet/wsgi.py:992
2025-10-01 07:55:18.509 15 INFO neutron.wsgi [-] 192.168.122.100 "GET /healthcheck HTTP/1.0" status: 200 len: 137 time: 0.0013230
2025-10-01 07:55:20.510 15 DEBUG neutron.wsgi [-] (15) accepted ('192.168.122.100', 52060) server /usr/lib/python3.9/site-packages/eventlet/wsgi.py:992
2025-10-01 07:55:20.514 15 INFO neutron.wsgi [-] 192.168.122.100 "GET /healthcheck HTTP/1.0" status: 200 len: 137 time: 0.0025656
2025-10-01 07:55:22.516 16 DEBUG neutron.wsgi [-] (16) accepted ('192.168.122.100', 52072) server /usr/lib/python3.9/site-packages/eventlet/wsgi.py:992
2025-10-01 07:55:22.519 16 INFO neutron.wsgi [-] 192.168.122.100 "GET /healthcheck HTTP/1.0" status: 200 len: 137 time: 0.0025530
2025-10-01 07:55:24.520 16 DEBUG neutron.wsgi [-] (16) accepted ('192.168.122.100', 52076) server /usr/lib/python3.9/site-packages/eventlet/wsgi.py:992
2025-10-01 07:55:24.524 16 INFO neutron.wsgi [-] 192.168.122.100 "GET /healthcheck HTTP/1.0" status: 200 len: 137 time: 0.0025122
2025-10-01 07:55:26.525 15 DEBUG neutron.wsgi [-] (15) accepted ('192.168.122.100', 52082) server /usr/lib/python3.9/site-packages/eventlet/wsgi.py:992
2025-10-01 07:55:26.529 15 INFO neutron.wsgi [-] 192.168.122.100 "GET /healthcheck HTTP/1.0" status: 200 len: 137 time: 0.0025315
2025-10-01 07:55:26.948 16 DEBUG neutron.wsgi [-] (16) accepted ('192.168.122.100', 52086) server /usr/lib/python3.9/site-packages/eventlet/wsgi.py:992
2025-10-01 07:55:26.952 16 INFO neutron.wsgi [-] 192.168.122.100 "GET / HTTP/1.1" status: 200 len: 233 time: 0.0026042
2025-10-01 07:55:28.530 16 DEBUG neutron.wsgi [-] (16) accepted ('192.168.122.100', 52094) server /usr/lib/python3.9/site-packages/eventlet/wsgi.py:992
2025-10-01 07:55:28.533 16 INFO neutron.wsgi [-] 192.168.122.100 "GET /healthcheck HTTP/1.0" status: 200 len: 137 time: 0.0016637
2025-10-01 07:55:30.534 18 DEBUG neutron.wsgi [-] (18) accepted ('192.168.122.100', 45622) server /usr/lib/python3.9/site-packages/eventlet/wsgi.py:992
2025-10-01 07:55:30.537 18 INFO neutron.wsgi [-] 192.168.122.100 "GET /healthcheck HTTP/1.0" status: 200 len: 137 time: 0.0021145
2025-10-01 07:55:32.539 16 DEBUG neutron.wsgi [-] (16) accepted ('192.168.122.100', 45638) server /usr/lib/python3.9/site-packages/eventlet/wsgi.py:992
2025-10-01 07:55:32.542 16 INFO neutron.wsgi [-] 192.168.122.100 "GET /healthcheck HTTP/1.0" status: 200 len: 137 time: 0.0017946
2025-10-01 07:55:34.544 16 DEBUG neutron.wsgi [-] (16) accepted ('192.168.122.100', 45646) server /usr/lib/python3.9/site-packages/eventlet/wsgi.py:992
2025-10-01 07:55:34.548 16 INFO neutron.wsgi [-] 192.168.122.100 "GET /healthcheck HTTP/1.0" status: 200 len: 137 time: 0.0024979
2025-10-01 07:55:36.550 16 DEBUG neutron.wsgi [-] (16) accepted ('192.168.122.100', 45652) server /usr/lib/python3.9/site-packages/eventlet/wsgi.py:992
2025-10-01 07:55:36.553 16 INFO neutron.wsgi [-] 192.168.122.100 "GET /healthcheck HTTP/1.0" status: 200 len: 137 time: 0.0019395
2025-10-01 07:55:38.555 16 DEBUG neutron.wsgi [-] (16) accepted ('192.168.122.100', 42502) server /usr/lib/python3.9/site-packages/eventlet/wsgi.py:992
2025-10-01 07:55:38.558 16 INFO neutron.wsgi [-] 192.168.122.100 "GET /healthcheck HTTP/1.0" status: 200 len: 137 time: 0.0024405
2025-10-01 07:55:40.560 16 DEBUG neutron.wsgi [-] (16) accepted ('192.168.122.100', 42514) server /usr/lib/python3.9/site-packages/eventlet/wsgi.py:992
2025-10-01 07:55:40.564 16 INFO neutron.wsgi [-] 192.168.122.100 "GET /healthcheck HTTP/1.0" status: 200 len: 137 time: 0.0027232
2025-10-01 07:55:42.566 18 DEBUG neutron.wsgi [-] (18) accepted ('192.168.122.100', 42530) server /usr/lib/python3.9/site-packages/eventlet/wsgi.py:992
2025-10-01 07:55:42.570 18 INFO neutron.wsgi [-] 192.168.122.100 "GET /healthcheck HTTP/1.0" status: 200 len: 137 time: 0.0027878
2025-10-01 07:55:44.572 15 DEBUG neutron.wsgi [-] (15) accepted ('192.168.122.100', 42544) server /usr/lib/python3.9/site-packages/eventlet/wsgi.py:992
2025-10-01 07:55:44.576 15 INFO neutron.wsgi [-] 192.168.122.100 "GET /healthcheck HTTP/1.0" status: 200 len: 137 time: 0.0027514
2025-10-01 07:55:46.578 16 DEBUG neutron.wsgi [-] (16) accepted ('192.168.122.100', 42558) server /usr/lib/python3.9/site-packages/eventlet/wsgi.py:992
2025-10-01 07:55:46.581 16 INFO neutron.wsgi [-] 192.168.122.100 "GET /healthcheck HTTP/1.0" status: 200 len: 137 time: 0.0017962
2025-10-01 07:55:48.583 17 DEBUG neutron.wsgi [-] (17) accepted ('192.168.122.100', 53400) server /usr/lib/python3.9/site-packages/eventlet/wsgi.py:992
2025-10-01 07:55:48.585 17 INFO neutron.wsgi [-] 192.168.122.100 "GET /healthcheck HTTP/1.0" status: 200 len: 137 time: 0.0015402
2025-10-01 07:55:50.587 18 DEBUG neutron.wsgi [-] (18) accepted ('192.168.122.100', 53416) server /usr/lib/python3.9/site-packages/eventlet/wsgi.py:992
2025-10-01 07:55:50.591 18 INFO neutron.wsgi [-] 192.168.122.100 "GET /healthcheck HTTP/1.0" status: 200 len: 137 time: 0.0026982
2025-10-01 07:55:52.593 18 DEBUG neutron.wsgi [-] (18) accepted ('192.168.122.100', 53424) server /usr/lib/python3.9/site-packages/eventlet/wsgi.py:992
2025-10-01 07:55:52.597 18 INFO neutron.wsgi [-] 192.168.122.100 "GET /healthcheck HTTP/1.0" status: 200 len: 137 time: 0.0025001
2025-10-01 07:55:54.599 18 DEBUG neutron.wsgi [-] (18) accepted ('192.168.122.100', 53430) server /usr/lib/python3.9/site-packages/eventlet/wsgi.py:992
2025-10-01 07:55:54.601 18 INFO neutron.wsgi [-] 192.168.122.100 "GET /healthcheck HTTP/1.0" status: 200 len: 137 time: 0.0017581
2025-10-01 07:55:56.603 18 DEBUG neutron.wsgi [-] (18) accepted ('192.168.122.100', 53436) server /usr/lib/python3.9/site-packages/eventlet/wsgi.py:992
2025-10-01 07:55:56.607 18 INFO neutron.wsgi [-] 192.168.122.100 "GET /healthcheck HTTP/1.0" status: 200 len: 137 time: 0.0025344
2025-10-01 07:55:57.352 18 DEBUG neutron.wsgi [-] (18) accepted ('192.168.122.100', 53452) server /usr/lib/python3.9/site-packages/eventlet/wsgi.py:992
2025-10-01 07:55:57.354 18 INFO neutron.wsgi [-] 192.168.122.100 "GET / HTTP/1.1" status: 200 len: 233 time: 0.0011704
2025-10-01 07:55:58.609 16 DEBUG neutron.wsgi [-] (16) accepted ('192.168.122.100', 59418) server /usr/lib/python3.9/site-packages/eventlet/wsgi.py:992
2025-10-01 07:55:58.611 16 INFO neutron.wsgi [-] 192.168.122.100 "GET /healthcheck HTTP/1.0" status: 200 len: 137 time: 0.0013759
2025-10-01 07:56:00.613 15 DEBUG neutron.wsgi [-] (15) accepted ('192.168.122.100', 59422) server /usr/lib/python3.9/site-packages/eventlet/wsgi.py:992
2025-10-01 07:56:00.616 15 INFO neutron.wsgi [-] 192.168.122.100 "GET /healthcheck HTTP/1.0" status: 200 len: 137 time: 0.0025406
2025-10-01 07:56:02.618 17 DEBUG neutron.wsgi [-] (17) accepted ('192.168.122.100', 59438) server /usr/lib/python3.9/site-packages/eventlet/wsgi.py:992
2025-10-01 07:56:02.620 17 INFO neutron.wsgi [-] 192.168.122.100 "GET /healthcheck HTTP/1.0" status: 200 len: 137 time: 0.0013058
2025-10-01 07:56:04.622 18 DEBUG neutron.wsgi [-] (18) accepted ('192.168.122.100', 59454) server /usr/lib/python3.9/site-packages/eventlet/wsgi.py:992
2025-10-01 07:56:04.624 18 INFO neutron.wsgi [-] 192.168.122.100 "GET /healthcheck HTTP/1.0" status: 200 len: 137 time: 0.0012996
2025-10-01 07:56:06.626 15 DEBUG neutron.wsgi [-] (15) accepted ('192.168.122.100', 59464) server /usr/lib/python3.9/site-packages/eventlet/wsgi.py:992
2025-10-01 07:56:06.628 15 INFO neutron.wsgi [-] 192.168.122.100 "GET /healthcheck HTTP/1.0" status: 200 len: 137 time: 0.0012846
2025-10-01 07:56:08.629 16 DEBUG neutron.wsgi [-] (16) accepted ('192.168.122.100', 44952) server /usr/lib/python3.9/site-packages/eventlet/wsgi.py:992
2025-10-01 07:56:08.633 16 INFO neutron.wsgi [-] 192.168.122.100 "GET /healthcheck HTTP/1.0" status: 200 len: 137 time: 0.0027697
2025-10-01 07:56:10.635 17 DEBUG neutron.wsgi [-] (17) accepted ('192.168.122.100', 44966) server /usr/lib/python3.9/site-packages/eventlet/wsgi.py:992
2025-10-01 07:56:10.639 17 INFO neutron.wsgi [-] 192.168.122.100 "GET /healthcheck HTTP/1.0" status: 200 len: 137 time: 0.0025311
2025-10-01 07:56:12.641 16 DEBUG neutron.wsgi [-] (16) accepted ('192.168.122.100', 44968) server /usr/lib/python3.9/site-packages/eventlet/wsgi.py:992
2025-10-01 07:56:12.643 16 INFO neutron.wsgi [-] 192.168.122.100 "GET /healthcheck HTTP/1.0" status: 200 len: 137 time: 0.0016110
2025-10-01 07:56:14.645 17 DEBUG neutron.wsgi [-] (17) accepted ('192.168.122.100', 44980) server /usr/lib/python3.9/site-packages/eventlet/wsgi.py:992
2025-10-01 07:56:14.647 17 INFO neutron.wsgi [-] 192.168.122.100 "GET /healthcheck HTTP/1.0" status: 200 len: 137 time: 0.0016885
2025-10-01 07:56:16.648 18 DEBUG neutron.wsgi [-] (18) accepted ('192.168.122.100', 44984) server /usr/lib/python3.9/site-packages/eventlet/wsgi.py:992
2025-10-01 07:56:16.650 18 INFO neutron.wsgi [-] 192.168.122.100 "GET /healthcheck HTTP/1.0" status: 200 len: 137 time: 0.0013561
2025-10-01 07:56:18.651 16 DEBUG neutron.wsgi [-] (16) accepted ('192.168.122.100', 51384) server /usr/lib/python3.9/site-packages/eventlet/wsgi.py:992
2025-10-01 07:56:18.655 16 INFO neutron.wsgi [-] 192.168.122.100 "GET /healthcheck HTTP/1.0" status: 200 len: 137 time: 0.0024793
2025-10-01 07:56:20.656 18 DEBUG neutron.wsgi [-] (18) accepted ('192.168.122.100', 51392) server /usr/lib/python3.9/site-packages/eventlet/wsgi.py:992
2025-10-01 07:56:20.660 18 INFO neutron.wsgi [-] 192.168.122.100 "GET /healthcheck HTTP/1.0" status: 200 len: 137 time: 0.0026743
2025-10-01 07:56:22.662 17 DEBUG neutron.wsgi [-] (17) accepted ('192.168.122.100', 51402) server /usr/lib/python3.9/site-packages/eventlet/wsgi.py:992
2025-10-01 07:56:22.664 17 INFO neutron.wsgi [-] 192.168.122.100 "GET /healthcheck HTTP/1.0" status: 200 len: 137 time: 0.0015967
2025-10-01 07:56:24.666 16 DEBUG neutron.wsgi [-] (16) accepted ('192.168.122.100', 51410) server /usr/lib/python3.9/site-packages/eventlet/wsgi.py:992
2025-10-01 07:56:24.670 16 INFO neutron.wsgi [-] 192.168.122.100 "GET /healthcheck HTTP/1.0" status: 200 len: 137 time: 0.0025368
2025-10-01 07:56:26.672 16 DEBUG neutron.wsgi [-] (16) accepted ('192.168.122.100', 51426) server /usr/lib/python3.9/site-packages/eventlet/wsgi.py:992
2025-10-01 07:56:26.676 16 INFO neutron.wsgi [-] 192.168.122.100 "GET /healthcheck HTTP/1.0" status: 200 len: 137 time: 0.0025656
2025-10-01 07:56:28.571 16 DEBUG neutron.wsgi [-] (16) accepted ('192.168.122.100', 37192) server /usr/lib/python3.9/site-packages/eventlet/wsgi.py:992
2025-10-01 07:56:28.574 16 INFO neutron.wsgi [-] 192.168.122.100 "GET / HTTP/1.1" status: 200 len: 233 time: 0.0022202
2025-10-01 07:56:28.678 15 DEBUG neutron.wsgi [-] (15) accepted ('192.168.122.100', 37202) server /usr/lib/python3.9/site-packages/eventlet/wsgi.py:992
