2025-10-01 08:06:58.777 17 INFO neutron.wsgi [req-ada77d6c-7190-4f30-abc9-e2d394346dcb 2bf41aca900c4c6499f381dc5988dcc1 c442ef18f63b480b81edffb090c37033 - default default] 192.168.122.99,192.168.122.100 "GET /v2.0/ports?name=np0005463872_ovn_physnet_datacentre&network_id=3f5b359e-c6e0-483b-b445-c69478916470&tags=tripleo_stack_name%3Dovercloud HTTP/1.1" status: 200 len: 186 time: 0.0468624
2025-10-01 08:06:58.781 15 INFO neutron.wsgi [req-7743a082-ea39-4389-969f-0ea9f76d95fd 2bf41aca900c4c6499f381dc5988dcc1 c442ef18f63b480b81edffb090c37033 - default default] 192.168.122.99,192.168.122.100 "GET /v2.0/ports?name=np0005463871_ovn_physnet_datacentre&network_id=3f5b359e-c6e0-483b-b445-c69478916470&tags=tripleo_stack_name%3Dovercloud HTTP/1.1" status: 200 len: 186 time: 0.0511091
2025-10-01 08:06:58.781 18 DEBUG neutron.notifiers.nova [req-9bf2eca6-015c-4fbc-baca-0b00742e1301 2bf41aca900c4c6499f381dc5988dcc1 c442ef18f63b480b81edffb090c37033 - default default] device_id is not set on port 357e855c-61a7-4b01-b5a6-bb75b07808b7 yet. _can_notify /usr/lib/python3.9/site-packages/neutron/notifiers/nova.py:201
2025-10-01 08:06:58.788 17 DEBUG neutron.api.v2.base [req-a58eb952-ed35-47b1-838e-6ebc43e025ca 2bf41aca900c4c6499f381dc5988dcc1 c442ef18f63b480b81edffb090c37033 - default default] Request body: {'port': {'dns_name': 'np0005463872', 'name': 'np0005463872_ovn_physnet_datacentre', 'network_id': '3f5b359e-c6e0-483b-b445-c69478916470'}} prepare_request_body /usr/lib/python3.9/site-packages/neutron/api/v2/base.py:729
2025-10-01 08:06:58.794 15 DEBUG neutron.api.v2.base [req-5705f2e9-e7bf-467f-ac2a-58ea6552731f 2bf41aca900c4c6499f381dc5988dcc1 c442ef18f63b480b81edffb090c37033 - default default] Request body: {'port': {'dns_name': 'np0005463871', 'name': 'np0005463871_ovn_physnet_datacentre', 'network_id': '3f5b359e-c6e0-483b-b445-c69478916470'}} prepare_request_body /usr/lib/python3.9/site-packages/neutron/api/v2/base.py:729
2025-10-01 08:06:58.808 17 DEBUG neutron.pecan_wsgi.hooks.quota_enforcement [req-a58eb952-ed35-47b1-838e-6ebc43e025ca 2bf41aca900c4c6499f381dc5988dcc1 c442ef18f63b480b81edffb090c37033 - default default] Made reservation on behalf of c442ef18f63b480b81edffb090c37033 for: {'port': 1} before /usr/lib/python3.9/site-packages/neutron/pecan_wsgi/hooks/quota_enforcement.py:53
2025-10-01 08:06:58.811 15 DEBUG neutron.pecan_wsgi.hooks.quota_enforcement [req-5705f2e9-e7bf-467f-ac2a-58ea6552731f 2bf41aca900c4c6499f381dc5988dcc1 c442ef18f63b480b81edffb090c37033 - default default] Made reservation on behalf of c442ef18f63b480b81edffb090c37033 for: {'port': 1} before /usr/lib/python3.9/site-packages/neutron/pecan_wsgi/hooks/quota_enforcement.py:53
2025-10-01 08:06:58.813 17 DEBUG neutron_lib.callbacks.manager [req-a58eb952-ed35-47b1-838e-6ebc43e025ca 2bf41aca900c4c6499f381dc5988dcc1 c442ef18f63b480b81edffb090c37033 - default default] Notify callbacks ['neutron.plugins.ml2.plugin.SecurityGroupDbMixin._ensure_default_security_group_handler-558714'] for port, before_create _notify_loop /usr/lib/python3.9/site-packages/neutron_lib/callbacks/manager.py:200
2025-10-01 08:06:58.814 15 DEBUG neutron_lib.callbacks.manager [req-5705f2e9-e7bf-467f-ac2a-58ea6552731f 2bf41aca900c4c6499f381dc5988dcc1 c442ef18f63b480b81edffb090c37033 - default default] Notify callbacks ['neutron.plugins.ml2.plugin.SecurityGroupDbMixin._ensure_default_security_group_handler-558714'] for port, before_create _notify_loop /usr/lib/python3.9/site-packages/neutron_lib/callbacks/manager.py:200
2025-10-01 08:06:58.845 17 DEBUG neutron.notifiers.nova [req-a58eb952-ed35-47b1-838e-6ebc43e025ca 2bf41aca900c4c6499f381dc5988dcc1 c442ef18f63b480b81edffb090c37033 - default default] device_id is not set on port 86569e9e-36ff-44d0-b663-b466fa8ef2fe yet. _can_notify /usr/lib/python3.9/site-packages/neutron/notifiers/nova.py:201
2025-10-01 08:06:58.845 15 DEBUG neutron.notifiers.nova [req-5705f2e9-e7bf-467f-ac2a-58ea6552731f 2bf41aca900c4c6499f381dc5988dcc1 c442ef18f63b480b81edffb090c37033 - default default] device_id is not set on port 2572a52c-3194-4fc6-817b-a36412bcf4ba yet. _can_notify /usr/lib/python3.9/site-packages/neutron/notifiers/nova.py:201
2025-10-01 08:06:58.928 18 DEBUG neutron_lib.callbacks.manager [req-9bf2eca6-015c-4fbc-baca-0b00742e1301 2bf41aca900c4c6499f381dc5988dcc1 c442ef18f63b480b81edffb090c37033 - default default] Notify callbacks [] for port, precommit_create _notify_loop /usr/lib/python3.9/site-packages/neutron_lib/callbacks/manager.py:200
2025-10-01 08:06:58.943 18 DEBUG neutron_lib.callbacks.manager [req-9bf2eca6-015c-4fbc-baca-0b00742e1301 2bf41aca900c4c6499f381dc5988dcc1 c442ef18f63b480b81edffb090c37033 - default default] Notify callbacks ['neutron.plugins.ml2.plugin.SecurityGroupServerNotifierRpcMixin.notify_sg_on_port_change-530318', 'neutron.plugins.ml2.extensions.dns_integration._create_port_in_external_dns_service-8755579249448', 'neutron.plugins.ml2.ovo_rpc._ObjectChangeHandler.handle_event-1913839', 'neutron.api.rpc.agentnotifiers.dhcp_rpc_agent_api.DhcpAgentNotifyAPI._native_event_send_dhcp_notification-1723294', 'neutron.services.segments.plugin.NovaSegmentNotifier._notify_port_created_or_deleted-1776927'] for port, after_create _notify_loop /usr/lib/python3.9/site-packages/neutron_lib/callbacks/manager.py:200
2025-10-01 08:06:58.976 18 DEBUG neutron.scheduler.dhcp_agent_scheduler [req-9bf2eca6-015c-4fbc-baca-0b00742e1301 2bf41aca900c4c6499f381dc5988dcc1 c442ef18f63b480b81edffb090c37033 - default default] Network 3f5b359e-c6e0-483b-b445-c69478916470 is already hosted by enough agents. _get_dhcp_agents_hosting_network /usr/lib/python3.9/site-packages/neutron/scheduler/dhcp_agent_scheduler.py:275
2025-10-01 08:06:58.977 18 DEBUG neutron.scheduler.base_scheduler [req-9bf2eca6-015c-4fbc-baca-0b00742e1301 2bf41aca900c4c6499f381dc5988dcc1 c442ef18f63b480b81edffb090c37033 - default default] Resources bound (agent type, host, resource id): schedule /usr/lib/python3.9/site-packages/neutron/scheduler/base_scheduler.py:57
2025-10-01 08:06:58.979 18 DEBUG neutron.pecan_wsgi.hooks.policy_enforcement [req-9bf2eca6-015c-4fbc-baca-0b00742e1301 2bf41aca900c4c6499f381dc5988dcc1 c442ef18f63b480b81edffb090c37033 - default default] Attributes excluded by policy engine: ['standard_attr_id', 'network'] _exclude_attributes_by_policy /usr/lib/python3.9/site-packages/neutron/pecan_wsgi/hooks/policy_enforcement.py:259
2025-10-01 08:06:58.980 18 DEBUG neutron_lib.callbacks.manager [req-9bf2eca6-015c-4fbc-baca-0b00742e1301 2bf41aca900c4c6499f381dc5988dcc1 c442ef18f63b480b81edffb090c37033 - default default] Notify callbacks ['neutron.notifiers.nova.Notifier._send_nova_notification-2092454', 'neutron.api.rpc.agentnotifiers.dhcp_rpc_agent_api.DhcpAgentNotifyAPI._send_dhcp_notification-1723372'] for port, before_response _notify_loop /usr/lib/python3.9/site-packages/neutron_lib/callbacks/manager.py:200
2025-10-01 08:06:58.983 18 DEBUG neutron.api.rpc.handlers.resources_rpc [req-9bf2eca6-015c-4fbc-baca-0b00742e1301 2bf41aca900c4c6499f381dc5988dcc1 c442ef18f63b480b81edffb090c37033 - - -] Pushing event updated for resources: {'Port': ['ID=357e855c-61a7-4b01-b5a6-bb75b07808b7,revision_number=1']} push /usr/lib/python3.9/site-packages/neutron/api/rpc/handlers/resources_rpc.py:237
2025-10-01 08:06:58.990 18 INFO neutron.wsgi [req-9bf2eca6-015c-4fbc-baca-0b00742e1301 2bf41aca900c4c6499f381dc5988dcc1 c442ef18f63b480b81edffb090c37033 - default default] 192.168.122.99,192.168.122.100 "POST /v2.0/ports HTTP/1.1" status: 201 len: 1016 time: 0.2417006
2025-10-01 08:06:58.996 18 DEBUG neutron.services.tag.tag_plugin [req-df04952e-f51c-48a5-8483-d6e3a5ad69f9 2bf41aca900c4c6499f381dc5988dcc1 c442ef18f63b480b81edffb090c37033 - default default] neutron.services.tag.tag_plugin.TagPlugin method update_tags called with arguments (, 'ports', '357e855c-61a7-4b01-b5a6-bb75b07808b7', {'tags': ['tripleo_stack_name=overcloud', 'tripleo_ovn_physnet=datacentre']}) {} wrapper /usr/lib/python3.9/site-packages/oslo_log/helpers.py:65
2025-10-01 08:06:59.012 15 DEBUG neutron_lib.callbacks.manager [req-5705f2e9-e7bf-467f-ac2a-58ea6552731f 2bf41aca900c4c6499f381dc5988dcc1 c442ef18f63b480b81edffb090c37033 - default default] Notify callbacks [] for port, precommit_create _notify_loop /usr/lib/python3.9/site-packages/neutron_lib/callbacks/manager.py:200
2025-10-01 08:06:59.027 15 DEBUG neutron_lib.callbacks.manager [req-5705f2e9-e7bf-467f-ac2a-58ea6552731f 2bf41aca900c4c6499f381dc5988dcc1 c442ef18f63b480b81edffb090c37033 - default default] Notify callbacks ['neutron.plugins.ml2.plugin.SecurityGroupServerNotifierRpcMixin.notify_sg_on_port_change-530318', 'neutron.plugins.ml2.extensions.dns_integration._create_port_in_external_dns_service-8755579249448', 'neutron.plugins.ml2.ovo_rpc._ObjectChangeHandler.handle_event-1913839', 'neutron.api.rpc.agentnotifiers.dhcp_rpc_agent_api.DhcpAgentNotifyAPI._native_event_send_dhcp_notification-1723294', 'neutron.services.segments.plugin.NovaSegmentNotifier._notify_port_created_or_deleted-1776927'] for port, after_create _notify_loop /usr/lib/python3.9/site-packages/neutron_lib/callbacks/manager.py:200
2025-10-01 08:06:59.055 15 DEBUG neutron.scheduler.dhcp_agent_scheduler [req-5705f2e9-e7bf-467f-ac2a-58ea6552731f 2bf41aca900c4c6499f381dc5988dcc1 c442ef18f63b480b81edffb090c37033 - default default] Network 3f5b359e-c6e0-483b-b445-c69478916470 is already hosted by enough agents. _get_dhcp_agents_hosting_network /usr/lib/python3.9/site-packages/neutron/scheduler/dhcp_agent_scheduler.py:275
2025-10-01 08:06:59.056 15 DEBUG neutron.scheduler.base_scheduler [req-5705f2e9-e7bf-467f-ac2a-58ea6552731f 2bf41aca900c4c6499f381dc5988dcc1 c442ef18f63b480b81edffb090c37033 - default default] Resources bound (agent type, host, resource id): schedule /usr/lib/python3.9/site-packages/neutron/scheduler/base_scheduler.py:57
2025-10-01 08:06:59.060 15 DEBUG neutron.pecan_wsgi.hooks.policy_enforcement [req-5705f2e9-e7bf-467f-ac2a-58ea6552731f 2bf41aca900c4c6499f381dc5988dcc1 c442ef18f63b480b81edffb090c37033 - default default] Attributes excluded by policy engine: ['standard_attr_id', 'network'] _exclude_attributes_by_policy /usr/lib/python3.9/site-packages/neutron/pecan_wsgi/hooks/policy_enforcement.py:259
2025-10-01 08:06:59.060 15 DEBUG neutron_lib.callbacks.manager [req-5705f2e9-e7bf-467f-ac2a-58ea6552731f 2bf41aca900c4c6499f381dc5988dcc1 c442ef18f63b480b81edffb090c37033 - default default] Notify callbacks ['neutron.notifiers.nova.Notifier._send_nova_notification-2092454', 'neutron.api.rpc.agentnotifiers.dhcp_rpc_agent_api.DhcpAgentNotifyAPI._send_dhcp_notification-1723372'] for port, before_response _notify_loop /usr/lib/python3.9/site-packages/neutron_lib/callbacks/manager.py:200
2025-10-01 08:06:59.061 18 INFO neutron.wsgi [req-df04952e-f51c-48a5-8483-d6e3a5ad69f9 2bf41aca900c4c6499f381dc5988dcc1 c442ef18f63b480b81edffb090c37033 - default default] 192.168.122.99,192.168.122.100 "PUT /v2.0/ports/357e855c-61a7-4b01-b5a6-bb75b07808b7/tags HTTP/1.1" status: 200 len: 250 time: 0.0673923
2025-10-01 08:06:59.065 15 DEBUG neutron.api.rpc.handlers.resources_rpc [req-5705f2e9-e7bf-467f-ac2a-58ea6552731f 2bf41aca900c4c6499f381dc5988dcc1 c442ef18f63b480b81edffb090c37033 - - -] Pushing event updated for resources: {'Port': ['ID=2572a52c-3194-4fc6-817b-a36412bcf4ba,revision_number=1']} push /usr/lib/python3.9/site-packages/neutron/api/rpc/handlers/resources_rpc.py:237
2025-10-01 08:06:59.080 15 DEBUG neutron.api.rpc.callbacks.version_manager [req-5705f2e9-e7bf-467f-ac2a-58ea6552731f 2bf41aca900c4c6499f381dc5988dcc1 c442ef18f63b480b81edffb090c37033 - - -] Version for resource type AddressGroup changed None to 1.2 on consumer Open vSwitch agent@undercloud.ooo.test _set_version /usr/lib/python3.9/site-packages/neutron/api/rpc/callbacks/version_manager.py:113
2025-10-01 08:06:59.081 15 DEBUG neutron.api.rpc.callbacks.version_manager [req-5705f2e9-e7bf-467f-ac2a-58ea6552731f 2bf41aca900c4c6499f381dc5988dcc1 c442ef18f63b480b81edffb090c37033 - - -] Version for resource type ConntrackHelper changed None to 1.0 on consumer Open vSwitch agent@undercloud.ooo.test _set_version /usr/lib/python3.9/site-packages/neutron/api/rpc/callbacks/version_manager.py:113
2025-10-01 08:06:59.081 15 DEBUG neutron.api.rpc.callbacks.version_manager [req-5705f2e9-e7bf-467f-ac2a-58ea6552731f 2bf41aca900c4c6499f381dc5988dcc1 c442ef18f63b480b81edffb090c37033 - - -] Version for resource type Log changed None to 1.0 on consumer Open vSwitch agent@undercloud.ooo.test _set_version /usr/lib/python3.9/site-packages/neutron/api/rpc/callbacks/version_manager.py:113
2025-10-01 08:06:59.081 15 DEBUG neutron.api.rpc.callbacks.version_manager [req-5705f2e9-e7bf-467f-ac2a-58ea6552731f 2bf41aca900c4c6499f381dc5988dcc1 c442ef18f63b480b81edffb090c37033 - - -] Version for resource type Network changed None to 1.1 on consumer Open vSwitch agent@undercloud.ooo.test _set_version /usr/lib/python3.9/site-packages/neutron/api/rpc/callbacks/version_manager.py:113
2025-10-01 08:06:59.082 15 DEBUG neutron.api.rpc.callbacks.version_manager [req-5705f2e9-e7bf-467f-ac2a-58ea6552731f 2bf41aca900c4c6499f381dc5988dcc1 c442ef18f63b480b81edffb090c37033 - - -] Version for resource type Port changed None to 1.7 on consumer Open vSwitch agent@undercloud.ooo.test _set_version /usr/lib/python3.9/site-packages/neutron/api/rpc/callbacks/version_manager.py:113
2025-10-01 08:06:59.082 15 DEBUG neutron.api.rpc.callbacks.version_manager [req-5705f2e9-e7bf-467f-ac2a-58ea6552731f 2bf41aca900c4c6499f381dc5988dcc1 c442ef18f63b480b81edffb090c37033 - - -] Version for resource type PortForwarding changed None to 1.2 on consumer Open vSwitch agent@undercloud.ooo.test _set_version /usr/lib/python3.9/site-packages/neutron/api/rpc/callbacks/version_manager.py:113
2025-10-01 08:06:59.082 15 DEBUG neutron.api.rpc.callbacks.version_manager [req-5705f2e9-e7bf-467f-ac2a-58ea6552731f 2bf41aca900c4c6499f381dc5988dcc1 c442ef18f63b480b81edffb090c37033 - - -] Version for resource type QosPolicy changed None to 1.8 on consumer Open vSwitch agent@undercloud.ooo.test _set_version /usr/lib/python3.9/site-packages/neutron/api/rpc/callbacks/version_manager.py:113
2025-10-01 08:06:59.082 17 DEBUG neutron_lib.callbacks.manager [req-a58eb952-ed35-47b1-838e-6ebc43e025ca 2bf41aca900c4c6499f381dc5988dcc1 c442ef18f63b480b81edffb090c37033 - default default] Notify callbacks [] for port, precommit_create _notify_loop /usr/lib/python3.9/site-packages/neutron_lib/callbacks/manager.py:200
2025-10-01 08:06:59.083 15 DEBUG neutron.api.rpc.callbacks.version_manager [req-5705f2e9-e7bf-467f-ac2a-58ea6552731f 2bf41aca900c4c6499f381dc5988dcc1 c442ef18f63b480b81edffb090c37033 - - -] Version for resource type SecurityGroup changed None to 1.5 on consumer Open vSwitch agent@undercloud.ooo.test _set_version /usr/lib/python3.9/site-packages/neutron/api/rpc/callbacks/version_manager.py:113
2025-10-01 08:06:59.083 15 DEBUG neutron.api.rpc.callbacks.version_manager [req-5705f2e9-e7bf-467f-ac2a-58ea6552731f 2bf41aca900c4c6499f381dc5988dcc1 c442ef18f63b480b81edffb090c37033 - - -] Version for resource type SecurityGroupRule changed None to 1.2 on consumer Open vSwitch agent@undercloud.ooo.test _set_version /usr/lib/python3.9/site-packages/neutron/api/rpc/callbacks/version_manager.py:113
2025-10-01 08:06:59.083 15 DEBUG neutron.api.rpc.callbacks.version_manager [req-5705f2e9-e7bf-467f-ac2a-58ea6552731f 2bf41aca900c4c6499f381dc5988dcc1 c442ef18f63b480b81edffb090c37033 - - -] Version for resource type SubPort changed None to 1.0 on consumer Open vSwitch agent@undercloud.ooo.test _set_version /usr/lib/python3.9/site-packages/neutron/api/rpc/callbacks/version_manager.py:113
2025-10-01 08:06:59.083 15 DEBUG neutron.api.rpc.callbacks.version_manager [req-5705f2e9-e7bf-467f-ac2a-58ea6552731f 2bf41aca900c4c6499f381dc5988dcc1 c442ef18f63b480b81edffb090c37033 - - -] Version for resource type Subnet changed None to 1.1 on consumer Open vSwitch agent@undercloud.ooo.test _set_version /usr/lib/python3.9/site-packages/neutron/api/rpc/callbacks/version_manager.py:113
2025-10-01 08:06:59.084 15 DEBUG neutron.api.rpc.callbacks.version_manager [req-5705f2e9-e7bf-467f-ac2a-58ea6552731f 2bf41aca900c4c6499f381dc5988dcc1 c442ef18f63b480b81edffb090c37033 - - -] Version for resource type Trunk changed None to 1.1 on consumer Open vSwitch agent@undercloud.ooo.test _set_version /usr/lib/python3.9/site-packages/neutron/api/rpc/callbacks/version_manager.py:113
2025-10-01 08:06:59.090 15 INFO neutron.wsgi [req-5705f2e9-e7bf-467f-ac2a-58ea6552731f 2bf41aca900c4c6499f381dc5988dcc1 c442ef18f63b480b81edffb090c37033 - default default] 192.168.122.99,192.168.122.100 "POST /v2.0/ports HTTP/1.1" status: 201 len: 1016 time: 0.3004875
2025-10-01 08:06:59.099 17 DEBUG neutron_lib.callbacks.manager [req-a58eb952-ed35-47b1-838e-6ebc43e025ca 2bf41aca900c4c6499f381dc5988dcc1 c442ef18f63b480b81edffb090c37033 - default default] Notify callbacks ['neutron.plugins.ml2.plugin.SecurityGroupServerNotifierRpcMixin.notify_sg_on_port_change-530318', 'neutron.plugins.ml2.extensions.dns_integration._create_port_in_external_dns_service-8755579249448', 'neutron.plugins.ml2.ovo_rpc._ObjectChangeHandler.handle_event-1913839', 'neutron.api.rpc.agentnotifiers.dhcp_rpc_agent_api.DhcpAgentNotifyAPI._native_event_send_dhcp_notification-1723294', 'neutron.services.segments.plugin.NovaSegmentNotifier._notify_port_created_or_deleted-1776927'] for port, after_create _notify_loop /usr/lib/python3.9/site-packages/neutron_lib/callbacks/manager.py:200
2025-10-01 08:06:59.101 15 DEBUG neutron.services.tag.tag_plugin [req-5e9f3761-3c2a-49a5-bc3d-4d1a69e8c837 2bf41aca900c4c6499f381dc5988dcc1 c442ef18f63b480b81edffb090c37033 - default default] neutron.services.tag.tag_plugin.TagPlugin method update_tags called with arguments (, 'ports', '2572a52c-3194-4fc6-817b-a36412bcf4ba', {'tags': ['tripleo_stack_name=overcloud', 'tripleo_ovn_physnet=datacentre']}) {} wrapper /usr/lib/python3.9/site-packages/oslo_log/helpers.py:65
2025-10-01 08:06:59.130 17 DEBUG neutron.scheduler.dhcp_agent_scheduler [req-a58eb952-ed35-47b1-838e-6ebc43e025ca 2bf41aca900c4c6499f381dc5988dcc1 c442ef18f63b480b81edffb090c37033 - default default] Network 3f5b359e-c6e0-483b-b445-c69478916470 is already hosted by enough agents. _get_dhcp_agents_hosting_network /usr/lib/python3.9/site-packages/neutron/scheduler/dhcp_agent_scheduler.py:275
2025-10-01 08:06:59.131 17 DEBUG neutron.scheduler.base_scheduler [req-a58eb952-ed35-47b1-838e-6ebc43e025ca 2bf41aca900c4c6499f381dc5988dcc1 c442ef18f63b480b81edffb090c37033 - default default] Resources bound (agent type, host, resource id): schedule /usr/lib/python3.9/site-packages/neutron/scheduler/base_scheduler.py:57
2025-10-01 08:06:59.135 17 DEBUG neutron.pecan_wsgi.hooks.policy_enforcement [req-a58eb952-ed35-47b1-838e-6ebc43e025ca 2bf41aca900c4c6499f381dc5988dcc1 c442ef18f63b480b81edffb090c37033 - default default] Attributes excluded by policy engine: ['standard_attr_id', 'network'] _exclude_attributes_by_policy /usr/lib/python3.9/site-packages/neutron/pecan_wsgi/hooks/policy_enforcement.py:259
2025-10-01 08:06:59.135 17 DEBUG neutron_lib.callbacks.manager [req-a58eb952-ed35-47b1-838e-6ebc43e025ca 2bf41aca900c4c6499f381dc5988dcc1 c442ef18f63b480b81edffb090c37033 - default default] Notify callbacks ['neutron.notifiers.nova.Notifier._send_nova_notification-2092454', 'neutron.api.rpc.agentnotifiers.dhcp_rpc_agent_api.DhcpAgentNotifyAPI._send_dhcp_notification-1723372'] for port, before_response _notify_loop /usr/lib/python3.9/site-packages/neutron_lib/callbacks/manager.py:200
2025-10-01 08:06:59.141 17 DEBUG neutron.api.rpc.handlers.resources_rpc [req-a58eb952-ed35-47b1-838e-6ebc43e025ca 2bf41aca900c4c6499f381dc5988dcc1 c442ef18f63b480b81edffb090c37033 - - -] Pushing event updated for resources: {'Port': ['ID=86569e9e-36ff-44d0-b663-b466fa8ef2fe,revision_number=1']} push /usr/lib/python3.9/site-packages/neutron/api/rpc/handlers/resources_rpc.py:237
2025-10-01 08:06:59.146 17 INFO neutron.wsgi [req-a58eb952-ed35-47b1-838e-6ebc43e025ca 2bf41aca900c4c6499f381dc5988dcc1 c442ef18f63b480b81edffb090c37033 - default default] 192.168.122.99,192.168.122.100 "POST /v2.0/ports HTTP/1.1" status: 201 len: 1016 time: 0.3623128
2025-10-01 08:06:59.153 17 DEBUG neutron.services.tag.tag_plugin [req-af13b427-d7cc-4eda-8eca-f9038b64a5f7 2bf41aca900c4c6499f381dc5988dcc1 c442ef18f63b480b81edffb090c37033 - default default] neutron.services.tag.tag_plugin.TagPlugin method update_tags called with arguments (, 'ports', '86569e9e-36ff-44d0-b663-b466fa8ef2fe', {'tags': ['tripleo_stack_name=overcloud', 'tripleo_ovn_physnet=datacentre']}) {} wrapper /usr/lib/python3.9/site-packages/oslo_log/helpers.py:65
2025-10-01 08:06:59.163 15 INFO neutron.wsgi [req-5e9f3761-3c2a-49a5-bc3d-4d1a69e8c837 2bf41aca900c4c6499f381dc5988dcc1 c442ef18f63b480b81edffb090c37033 - default default] 192.168.122.99,192.168.122.100 "PUT /v2.0/ports/2572a52c-3194-4fc6-817b-a36412bcf4ba/tags HTTP/1.1" status: 200 len: 250 time: 0.0667758
2025-10-01 08:06:59.184 17 INFO neutron.wsgi [req-af13b427-d7cc-4eda-8eca-f9038b64a5f7 2bf41aca900c4c6499f381dc5988dcc1 c442ef18f63b480b81edffb090c37033 - default default] 192.168.122.99,192.168.122.100 "PUT /v2.0/ports/86569e9e-36ff-44d0-b663-b466fa8ef2fe/tags HTTP/1.1" status: 200 len: 250 time: 0.0340734
2025-10-01 08:06:59.232 17 DEBUG neutron.pecan_wsgi.hooks.policy_enforcement [req-22d57cf5-1130-4786-bd8f-8a3dd2e9ef8d 2bf41aca900c4c6499f381dc5988dcc1 c442ef18f63b480b81edffb090c37033 - default default] Attributes excluded by policy engine: ['standard_attr_id'] _exclude_attributes_by_policy /usr/lib/python3.9/site-packages/neutron/pecan_wsgi/hooks/policy_enforcement.py:259
2025-10-01 08:06:59.233 17 DEBUG neutron.pecan_wsgi.hooks.policy_enforcement [req-22d57cf5-1130-4786-bd8f-8a3dd2e9ef8d 2bf41aca900c4c6499f381dc5988dcc1 c442ef18f63b480b81edffb090c37033 - default default] Attributes excluded by policy engine: ['standard_attr_id'] _exclude_attributes_by_policy /usr/lib/python3.9/site-packages/neutron/pecan_wsgi/hooks/policy_enforcement.py:259
2025-10-01 08:06:59.233 17 DEBUG neutron.pecan_wsgi.hooks.policy_enforcement [req-22d57cf5-1130-4786-bd8f-8a3dd2e9ef8d 2bf41aca900c4c6499f381dc5988dcc1 c442ef18f63b480b81edffb090c37033 - default default] Attributes excluded by policy engine: ['standard_attr_id'] _exclude_attributes_by_policy /usr/lib/python3.9/site-packages/neutron/pecan_wsgi/hooks/policy_enforcement.py:259
2025-10-01 08:06:59.233 17 DEBUG neutron.pecan_wsgi.hooks.policy_enforcement [req-22d57cf5-1130-4786-bd8f-8a3dd2e9ef8d 2bf41aca900c4c6499f381dc5988dcc1 c442ef18f63b480b81edffb090c37033 - default default] Attributes excluded by policy engine: ['standard_attr_id'] _exclude_attributes_by_policy /usr/lib/python3.9/site-packages/neutron/pecan_wsgi/hooks/policy_enforcement.py:259
2025-10-01 08:06:59.233 17 DEBUG neutron.pecan_wsgi.hooks.policy_enforcement [req-22d57cf5-1130-4786-bd8f-8a3dd2e9ef8d 2bf41aca900c4c6499f381dc5988dcc1 c442ef18f63b480b81edffb090c37033 - default default] Attributes excluded by policy engine: ['standard_attr_id'] _exclude_attributes_by_policy /usr/lib/python3.9/site-packages/neutron/pecan_wsgi/hooks/policy_enforcement.py:259
2025-10-01 08:06:59.233 17 DEBUG neutron.pecan_wsgi.hooks.policy_enforcement [req-22d57cf5-1130-4786-bd8f-8a3dd2e9ef8d 2bf41aca900c4c6499f381dc5988dcc1 c442ef18f63b480b81edffb090c37033 - default default] Attributes excluded by policy engine: ['standard_attr_id'] _exclude_attributes_by_policy /usr/lib/python3.9/site-packages/neutron/pecan_wsgi/hooks/policy_enforcement.py:259
2025-10-01 08:06:59.234 17 INFO neutron.wsgi [req-22d57cf5-1130-4786-bd8f-8a3dd2e9ef8d 2bf41aca900c4c6499f381dc5988dcc1 c442ef18f63b480b81edffb090c37033 - default default] 192.168.122.99,192.168.122.100 "GET /v2.0/ports?network_id=3f5b359e-c6e0-483b-b445-c69478916470&tags=tripleo_stack_name%3Dovercloud HTTP/1.1" status: 200 len: 5533 time: 0.0449612
2025-10-01 08:06:59.274 17 DEBUG neutron.plugins.ml2.plugin [req-9df27f36-f311-4524-bd59-fc20335e4488 2bf41aca900c4c6499f381dc5988dcc1 c442ef18f63b480b81edffb090c37033 - default default] Deleting port b1bec9eb-142b-4f56-87cb-167569d4995d _pre_delete_port /usr/lib/python3.9/site-packages/neutron/plugins/ml2/plugin.py:2025
2025-10-01 08:06:59.274 17 DEBUG neutron_lib.callbacks.manager [req-9df27f36-f311-4524-bd59-fc20335e4488 2bf41aca900c4c6499f381dc5988dcc1 c442ef18f63b480b81edffb090c37033 - default default] Notify callbacks ['neutron.plugins.ml2.extensions.dns_integration._delete_port_in_external_dns_service-8755579249484', 'neutron.db.l3_db.L3_NAT_dbonly_mixin._prevent_l3_port_delete_callback-8755579314719'] for port, before_delete _notify_loop /usr/lib/python3.9/site-packages/neutron_lib/callbacks/manager.py:200
2025-10-01 08:06:59.364 17 DEBUG neutron_lib.callbacks.manager [req-9df27f36-f311-4524-bd59-fc20335e4488 2bf41aca900c4c6499f381dc5988dcc1 c442ef18f63b480b81edffb090c37033 - default default] Notify callbacks ['neutron.services.l3_router.l3_router_plugin.L3_NAT_dbonly_mixin._precommit_delete_port_callback-1591948'] for port, precommit_delete _notify_loop /usr/lib/python3.9/site-packages/neutron_lib/callbacks/manager.py:200
2025-10-01 08:06:59.374 17 DEBUG neutron.plugins.ml2.plugin [req-9df27f36-f311-4524-bd59-fc20335e4488 2bf41aca900c4c6499f381dc5988dcc1 c442ef18f63b480b81edffb090c37033 - default default] Calling delete_port for b1bec9eb-142b-4f56-87cb-167569d4995d owned by delete_port /usr/lib/python3.9/site-packages/neutron/plugins/ml2/plugin.py:2097
2025-10-01 08:06:59.513 17 DEBUG neutron_lib.callbacks.manager [req-9df27f36-f311-4524-bd59-fc20335e4488 2bf41aca900c4c6499f381dc5988dcc1 c442ef18f63b480b81edffb090c37033 - default default] Notify callbacks ['neutron.plugins.ml2.plugin.SecurityGroupServerNotifierRpcMixin.notify_sg_on_port_change-530318', 'neutron.plugins.ml2.ovo_rpc._ObjectChangeHandler.handle_event-1913839', 'neutron.api.rpc.agentnotifiers.dhcp_rpc_agent_api.DhcpAgentNotifyAPI._native_event_send_dhcp_notification-1723294', 'neutron.db.l3_db.L3RpcNotifierMixin._notify_routers_callback-8755579288935', 'neutron.services.segments.plugin.NovaSegmentNotifier._notify_port_created_or_deleted-1776927'] for port, after_delete _notify_loop /usr/lib/python3.9/site-packages/neutron_lib/callbacks/manager.py:200
2025-10-01 08:06:59.536 17 DEBUG neutron.api.rpc.handlers.resources_rpc [req-9df27f36-f311-4524-bd59-fc20335e4488 2bf41aca900c4c6499f381dc5988dcc1 c442ef18f63b480b81edffb090c37033 - - -] Pushing event deleted for resources: {'Port': ['ID=b1bec9eb-142b-4f56-87cb-167569d4995d,revision_number=None']} push /usr/lib/python3.9/site-packages/neutron/api/rpc/handlers/resources_rpc.py:237
2025-10-01 08:06:59.556 17 DEBUG neutron_lib.callbacks.manager [req-9df27f36-f311-4524-bd59-fc20335e4488 2bf41aca900c4c6499f381dc5988dcc1 c442ef18f63b480b81edffb090c37033 - default default] Notify callbacks ['neutron.notifiers.nova.Notifier._send_nova_notification-2092454', 'neutron.api.rpc.agentnotifiers.dhcp_rpc_agent_api.DhcpAgentNotifyAPI._send_dhcp_notification-1723372'] for port, before_response _notify_loop /usr/lib/python3.9/site-packages/neutron_lib/callbacks/manager.py:200
2025-10-01 08:06:59.558 17 INFO neutron.wsgi [req-9df27f36-f311-4524-bd59-fc20335e4488 2bf41aca900c4c6499f381dc5988dcc1 c442ef18f63b480b81edffb090c37033 - default default] 192.168.122.99,192.168.122.100 "DELETE /v2.0/ports/b1bec9eb-142b-4f56-87cb-167569d4995d HTTP/1.1" status: 204 len: 149 time: 0.3114498
2025-10-01 08:06:59.598 17 DEBUG neutron.plugins.ml2.plugin [req-dd52db30-3524-4aa3-99a1-a0c11e899598 2bf41aca900c4c6499f381dc5988dcc1 c442ef18f63b480b81edffb090c37033 - default default] Deleting port c8699201-7c5f-4429-ad65-8c5475e94a44 _pre_delete_port /usr/lib/python3.9/site-packages/neutron/plugins/ml2/plugin.py:2025
2025-10-01 08:06:59.598 17 DEBUG neutron_lib.callbacks.manager [req-dd52db30-3524-4aa3-99a1-a0c11e899598 2bf41aca900c4c6499f381dc5988dcc1 c442ef18f63b480b81edffb090c37033 - default default] Notify callbacks ['neutron.plugins.ml2.extensions.dns_integration._delete_port_in_external_dns_service-8755579249484', 'neutron.db.l3_db.L3_NAT_dbonly_mixin._prevent_l3_port_delete_callback-8755579314719'] for port, before_delete _notify_loop /usr/lib/python3.9/site-packages/neutron_lib/callbacks/manager.py:200
2025-10-01 08:06:59.733 17 DEBUG neutron_lib.callbacks.manager [req-dd52db30-3524-4aa3-99a1-a0c11e899598 2bf41aca900c4c6499f381dc5988dcc1 c442ef18f63b480b81edffb090c37033 - default default] Notify callbacks ['neutron.services.l3_router.l3_router_plugin.L3_NAT_dbonly_mixin._precommit_delete_port_callback-1591948'] for port, precommit_delete _notify_loop /usr/lib/python3.9/site-packages/neutron_lib/callbacks/manager.py:200
2025-10-01 08:06:59.747 17 DEBUG neutron.plugins.ml2.plugin [req-dd52db30-3524-4aa3-99a1-a0c11e899598 2bf41aca900c4c6499f381dc5988dcc1 c442ef18f63b480b81edffb090c37033 - default default] Calling delete_port for c8699201-7c5f-4429-ad65-8c5475e94a44 owned by delete_port /usr/lib/python3.9/site-packages/neutron/plugins/ml2/plugin.py:2097
2025-10-01 08:06:59.792 17 DEBUG neutron_lib.callbacks.manager [req-dd52db30-3524-4aa3-99a1-a0c11e899598 2bf41aca900c4c6499f381dc5988dcc1 c442ef18f63b480b81edffb090c37033 - default default] Notify callbacks ['neutron.plugins.ml2.plugin.SecurityGroupServerNotifierRpcMixin.notify_sg_on_port_change-530318', 'neutron.plugins.ml2.ovo_rpc._ObjectChangeHandler.handle_event-1913839', 'neutron.api.rpc.agentnotifiers.dhcp_rpc_agent_api.DhcpAgentNotifyAPI._native_event_send_dhcp_notification-1723294', 'neutron.db.l3_db.L3RpcNotifierMixin._notify_routers_callback-8755579288935', 'neutron.services.segments.plugin.NovaSegmentNotifier._notify_port_created_or_deleted-1776927'] for port, after_delete _notify_loop /usr/lib/python3.9/site-packages/neutron_lib/callbacks/manager.py:200
2025-10-01 08:06:59.819 17 DEBUG neutron.api.rpc.handlers.resources_rpc [req-dd52db30-3524-4aa3-99a1-a0c11e899598 2bf41aca900c4c6499f381dc5988dcc1 c442ef18f63b480b81edffb090c37033 - - -] Pushing event deleted for resources: {'Port': ['ID=c8699201-7c5f-4429-ad65-8c5475e94a44,revision_number=None']} push /usr/lib/python3.9/site-packages/neutron/api/rpc/handlers/resources_rpc.py:237
2025-10-01 08:06:59.822 17 DEBUG neutron_lib.callbacks.manager [req-dd52db30-3524-4aa3-99a1-a0c11e899598 2bf41aca900c4c6499f381dc5988dcc1 c442ef18f63b480b81edffb090c37033 - default default] Notify callbacks ['neutron.notifiers.nova.Notifier._send_nova_notification-2092454', 'neutron.api.rpc.agentnotifiers.dhcp_rpc_agent_api.DhcpAgentNotifyAPI._send_dhcp_notification-1723372'] for port, before_response _notify_loop /usr/lib/python3.9/site-packages/neutron_lib/callbacks/manager.py:200
2025-10-01 08:06:59.824 17 INFO neutron.wsgi [req-dd52db30-3524-4aa3-99a1-a0c11e899598 2bf41aca900c4c6499f381dc5988dcc1 c442ef18f63b480b81edffb090c37033 - default default] 192.168.122.99,192.168.122.100 "DELETE /v2.0/ports/c8699201-7c5f-4429-ad65-8c5475e94a44 HTTP/1.1" status: 204 len: 149 time: 0.2555282
2025-10-01 08:06:59.858 17 DEBUG neutron.plugins.ml2.plugin [req-3ceea937-470f-4710-9bbc-1e63cd344129 2bf41aca900c4c6499f381dc5988dcc1 c442ef18f63b480b81edffb090c37033 - default default] Deleting port f2f963d4-9e57-48a8-ace8-ef2b6b1250d2 _pre_delete_port /usr/lib/python3.9/site-packages/neutron/plugins/ml2/plugin.py:2025
2025-10-01 08:06:59.859 17 DEBUG neutron_lib.callbacks.manager [req-3ceea937-470f-4710-9bbc-1e63cd344129 2bf41aca900c4c6499f381dc5988dcc1 c442ef18f63b480b81edffb090c37033 - default default] Notify callbacks ['neutron.plugins.ml2.extensions.dns_integration._delete_port_in_external_dns_service-8755579249484', 'neutron.db.l3_db.L3_NAT_dbonly_mixin._prevent_l3_port_delete_callback-8755579314719'] for port, before_delete _notify_loop /usr/lib/python3.9/site-packages/neutron_lib/callbacks/manager.py:200
2025-10-01 08:06:59.943 17 DEBUG neutron_lib.callbacks.manager [req-3ceea937-470f-4710-9bbc-1e63cd344129 2bf41aca900c4c6499f381dc5988dcc1 c442ef18f63b480b81edffb090c37033 - default default] Notify callbacks ['neutron.services.l3_router.l3_router_plugin.L3_NAT_dbonly_mixin._precommit_delete_port_callback-1591948'] for port, precommit_delete _notify_loop /usr/lib/python3.9/site-packages/neutron_lib/callbacks/manager.py:200
2025-10-01 08:06:59.951 17 DEBUG neutron.plugins.ml2.plugin [req-3ceea937-470f-4710-9bbc-1e63cd344129 2bf41aca900c4c6499f381dc5988dcc1 c442ef18f63b480b81edffb090c37033 - default default] Calling delete_port for f2f963d4-9e57-48a8-ace8-ef2b6b1250d2 owned by delete_port /usr/lib/python3.9/site-packages/neutron/plugins/ml2/plugin.py:2097
2025-10-01 08:06:59.989 17 DEBUG neutron_lib.callbacks.manager [req-3ceea937-470f-4710-9bbc-1e63cd344129 2bf41aca900c4c6499f381dc5988dcc1 c442ef18f63b480b81edffb090c37033 - default default] Notify callbacks ['neutron.plugins.ml2.plugin.SecurityGroupServerNotifierRpcMixin.notify_sg_on_port_change-530318', 'neutron.plugins.ml2.ovo_rpc._ObjectChangeHandler.handle_event-1913839', 'neutron.api.rpc.agentnotifiers.dhcp_rpc_agent_api.DhcpAgentNotifyAPI._native_event_send_dhcp_notification-1723294', 'neutron.db.l3_db.L3RpcNotifierMixin._notify_routers_callback-8755579288935', 'neutron.services.segments.plugin.NovaSegmentNotifier._notify_port_created_or_deleted-1776927'] for port, after_delete _notify_loop /usr/lib/python3.9/site-packages/neutron_lib/callbacks/manager.py:200
2025-10-01 08:07:00.011 17 DEBUG neutron.api.rpc.handlers.resources_rpc [req-3ceea937-470f-4710-9bbc-1e63cd344129 2bf41aca900c4c6499f381dc5988dcc1 c442ef18f63b480b81edffb090c37033 - - -] Pushing event deleted for resources: {'Port': ['ID=f2f963d4-9e57-48a8-ace8-ef2b6b1250d2,revision_number=None']} push /usr/lib/python3.9/site-packages/neutron/api/rpc/handlers/resources_rpc.py:237
2025-10-01 08:07:00.014 17 DEBUG neutron_lib.callbacks.manager [req-3ceea937-470f-4710-9bbc-1e63cd344129 2bf41aca900c4c6499f381dc5988dcc1 c442ef18f63b480b81edffb090c37033 - default default] Notify callbacks ['neutron.notifiers.nova.Notifier._send_nova_notification-2092454', 'neutron.api.rpc.agentnotifiers.dhcp_rpc_agent_api.DhcpAgentNotifyAPI._send_dhcp_notification-1723372'] for port, before_response _notify_loop /usr/lib/python3.9/site-packages/neutron_lib/callbacks/manager.py:200
2025-10-01 08:07:00.016 17 INFO neutron.wsgi [req-3ceea937-470f-4710-9bbc-1e63cd344129 2bf41aca900c4c6499f381dc5988dcc1 c442ef18f63b480b81edffb090c37033 - default default] 192.168.122.99,192.168.122.100 "DELETE /v2.0/ports/f2f963d4-9e57-48a8-ace8-ef2b6b1250d2 HTTP/1.1" status: 204 len: 149 time: 0.1839385
2025-10-01 08:07:00.062 17 DEBUG neutron.pecan_wsgi.hooks.policy_enforcement [req-f74cc2d0-a62a-4bd8-88ef-13d988818d82 2bf41aca900c4c6499f381dc5988dcc1 c442ef18f63b480b81edffb090c37033 - default default] Attributes excluded by policy engine: ['standard_attr_id'] _exclude_attributes_by_policy /usr/lib/python3.9/site-packages/neutron/pecan_wsgi/hooks/policy_enforcement.py:259
2025-10-01 08:07:00.062 17 DEBUG neutron.pecan_wsgi.hooks.policy_enforcement [req-f74cc2d0-a62a-4bd8-88ef-13d988818d82 2bf41aca900c4c6499f381dc5988dcc1 c442ef18f63b480b81edffb090c37033 - default default] Attributes excluded by policy engine: ['standard_attr_id'] _exclude_attributes_by_policy /usr/lib/python3.9/site-packages/neutron/pecan_wsgi/hooks/policy_enforcement.py:259
2025-10-01 08:07:00.062 17 DEBUG neutron.pecan_wsgi.hooks.policy_enforcement [req-f74cc2d0-a62a-4bd8-88ef-13d988818d82 2bf41aca900c4c6499f381dc5988dcc1 c442ef18f63b480b81edffb090c37033 - default default] Attributes excluded by policy engine: ['standard_attr_id'] _exclude_attributes_by_policy /usr/lib/python3.9/site-packages/neutron/pecan_wsgi/hooks/policy_enforcement.py:259
2025-10-01 08:07:00.063 17 INFO neutron.wsgi [req-f74cc2d0-a62a-4bd8-88ef-13d988818d82 2bf41aca900c4c6499f381dc5988dcc1 c442ef18f63b480b81edffb090c37033 - default default] 192.168.122.99,192.168.122.100 "GET /v2.0/ports?network_id=3f5b359e-c6e0-483b-b445-c69478916470&tags=tripleo_stack_name%3Dovercloud HTTP/1.1" status: 200 len: 2860 time: 0.0397959
2025-10-01 08:07:00.200 15 DEBUG neutron.wsgi [-] (15) accepted ('192.168.122.100', 49580) server /usr/lib/python3.9/site-packages/eventlet/wsgi.py:992
2025-10-01 08:07:00.204 15 INFO neutron.wsgi [-] 192.168.122.100 "GET /healthcheck HTTP/1.0" status: 200 len: 137 time: 0.0028603
2025-10-01 08:07:02.205 15 DEBUG neutron.wsgi [-] (15) accepted ('192.168.122.100', 49592) server /usr/lib/python3.9/site-packages/eventlet/wsgi.py:992
2025-10-01 08:07:02.209 15 INFO neutron.wsgi [-] 192.168.122.100 "GET /healthcheck HTTP/1.0" status: 200 len: 137 time: 0.0024698
2025-10-01 08:07:04.210 15 DEBUG neutron.wsgi [-] (15) accepted ('192.168.122.100', 49608) server /usr/lib/python3.9/site-packages/eventlet/wsgi.py:992
2025-10-01 08:07:04.212 15 INFO neutron.wsgi [-] 192.168.122.100 "GET /healthcheck HTTP/1.0" status: 200 len: 137 time: 0.0013230
2025-10-01 08:07:06.214 15 DEBUG neutron.wsgi [-] (15) accepted ('192.168.122.100', 49612) server /usr/lib/python3.9/site-packages/eventlet/wsgi.py:992
2025-10-01 08:07:06.216 15 INFO neutron.wsgi [-] 192.168.122.100 "GET /healthcheck HTTP/1.0" status: 200 len: 137 time: 0.0013032
2025-10-01 08:07:08.218 15 DEBUG neutron.wsgi [-] (15) accepted ('192.168.122.100', 49620) server /usr/lib/python3.9/site-packages/eventlet/wsgi.py:992
2025-10-01 08:07:08.222 15 INFO neutron.wsgi [-] 192.168.122.100 "GET /healthcheck HTTP/1.0" status: 200 len: 137 time: 0.0026882
2025-10-01 08:07:10.225 17 DEBUG neutron.wsgi [-] (17) accepted ('192.168.122.100', 52312) server /usr/lib/python3.9/site-packages/eventlet/wsgi.py:992
2025-10-01 08:07:10.228 17 INFO neutron.wsgi [-] 192.168.122.100 "GET /healthcheck HTTP/1.0" status: 200 len: 137 time: 0.0026178
2025-10-01 08:07:12.231 16 DEBUG neutron.wsgi [-] (16) accepted ('192.168.122.100', 52324) server /usr/lib/python3.9/site-packages/eventlet/wsgi.py:992
2025-10-01 08:07:12.234 16 INFO neutron.wsgi [-] 192.168.122.100 "GET /healthcheck HTTP/1.0" status: 200 len: 137 time: 0.0024042
2025-10-01 08:07:14.236 16 DEBUG neutron.wsgi [-] (16) accepted ('192.168.122.100', 52326) server /usr/lib/python3.9/site-packages/eventlet/wsgi.py:992
2025-10-01 08:07:14.238 16 INFO neutron.wsgi [-] 192.168.122.100 "GET /healthcheck HTTP/1.0" status: 200 len: 137 time: 0.0015094
2025-10-01 08:07:15.636 16 DEBUG neutron.wsgi [-] (16) accepted ('192.168.122.100', 52330) server /usr/lib/python3.9/site-packages/eventlet/wsgi.py:992
2025-10-01 08:07:15.639 16 INFO neutron.wsgi [-] 192.168.122.100 "GET / HTTP/1.1" status: 200 len: 233 time: 0.0014858
2025-10-01 08:07:16.240 18 DEBUG neutron.wsgi [-] (18) accepted ('192.168.122.100', 52340) server /usr/lib/python3.9/site-packages/eventlet/wsgi.py:992
2025-10-01 08:07:16.243 18 INFO neutron.wsgi [-] 192.168.122.100 "GET /healthcheck HTTP/1.0" status: 200 len: 137 time: 0.0016918
2025-10-01 08:07:18.245 18 DEBUG neutron.wsgi [-] (18) accepted ('192.168.122.100', 52348) server /usr/lib/python3.9/site-packages/eventlet/wsgi.py:992
2025-10-01 08:07:18.248 18 INFO neutron.wsgi [-] 192.168.122.100 "GET /healthcheck HTTP/1.0" status: 200 len: 137 time: 0.0024896
2025-10-01 08:07:20.251 15 DEBUG neutron.wsgi [-] (15) accepted ('192.168.122.100', 57950) server /usr/lib/python3.9/site-packages/eventlet/wsgi.py:992
2025-10-01 08:07:20.254 15 INFO neutron.wsgi [-] 192.168.122.100 "GET /healthcheck HTTP/1.0" status: 200 len: 137 time: 0.0017097
2025-10-01 08:07:22.256 17 DEBUG neutron.wsgi [-] (17) accepted ('192.168.122.100', 57962) server /usr/lib/python3.9/site-packages/eventlet/wsgi.py:992
2025-10-01 08:07:22.258 17 INFO neutron.wsgi [-] 192.168.122.100 "GET /healthcheck HTTP/1.0" status: 200 len: 137 time: 0.0017724
2025-10-01 08:07:24.260 17 DEBUG neutron.wsgi [-] (17) accepted ('192.168.122.100', 57972) server /usr/lib/python3.9/site-packages/eventlet/wsgi.py:992
2025-10-01 08:07:24.262 17 INFO neutron.wsgi [-] 192.168.122.100 "GET /healthcheck HTTP/1.0" status: 200 len: 137 time: 0.0014234
2025-10-01 08:07:26.264 16 DEBUG neutron.wsgi [-] (16) accepted ('192.168.122.100', 57978) server /usr/lib/python3.9/site-packages/eventlet/wsgi.py:992
2025-10-01 08:07:26.267 16 INFO neutron.wsgi [-] 192.168.122.100 "GET /healthcheck HTTP/1.0" status: 200 len: 137 time: 0.0026550
2025-10-01 08:07:28.270 17 DEBUG neutron.wsgi [-] (17) accepted ('192.168.122.100', 57988) server /usr/lib/python3.9/site-packages/eventlet/wsgi.py:992
2025-10-01 08:07:28.272 17 INFO neutron.wsgi [-] 192.168.122.100 "GET /healthcheck HTTP/1.0" status: 200 len: 137 time: 0.0017116
2025-10-01 08:07:30.274 17 DEBUG neutron.wsgi [-] (17) accepted ('192.168.122.100', 37052) server /usr/lib/python3.9/site-packages/eventlet/wsgi.py:992
2025-10-01 08:07:30.276 17 INFO neutron.wsgi [-] 192.168.122.100 "GET /healthcheck HTTP/1.0" status: 200 len: 137 time: 0.0013068
2025-10-01 08:07:32.277 17 DEBUG neutron.wsgi [-] (17) accepted ('192.168.122.100', 37066) server /usr/lib/python3.9/site-packages/eventlet/wsgi.py:992
2025-10-01 08:07:32.280 17 INFO neutron.wsgi [-] 192.168.122.100 "GET /healthcheck HTTP/1.0" status: 200 len: 137 time: 0.0018401
2025-10-01 08:07:34.282 15 DEBUG neutron.wsgi [-] (15) accepted ('192.168.122.100', 37080) server /usr/lib/python3.9/site-packages/eventlet/wsgi.py:992
2025-10-01 08:07:34.285 15 INFO neutron.wsgi [-] 192.168.122.100 "GET /healthcheck HTTP/1.0" status: 200 len: 137 time: 0.0015037
2025-10-01 08:07:36.286 16 DEBUG neutron.wsgi [-] (16) accepted ('192.168.122.100', 37096) server /usr/lib/python3.9/site-packages/eventlet/wsgi.py:992
2025-10-01 08:07:36.290 16 INFO neutron.wsgi [-] 192.168.122.100 "GET /healthcheck HTTP/1.0" status: 200 len: 137 time: 0.0025806
2025-10-01 08:07:38.292 16 DEBUG neutron.wsgi [-] (16) accepted ('192.168.122.100', 37102) server /usr/lib/python3.9/site-packages/eventlet/wsgi.py:992
2025-10-01 08:07:38.296 16 INFO neutron.wsgi [-] 192.168.122.100 "GET /healthcheck HTTP/1.0" status: 200 len: 137 time: 0.0027370
2025-10-01 08:07:40.297 17 DEBUG neutron.wsgi [-] (17) accepted ('192.168.122.100', 57572) server /usr/lib/python3.9/site-packages/eventlet/wsgi.py:992
2025-10-01 08:07:40.301 17 INFO neutron.wsgi [-] 192.168.122.100 "GET /healthcheck HTTP/1.0" status: 200 len: 137 time: 0.0028548
2025-10-01 08:07:42.302 18 DEBUG neutron.wsgi [-] (18) accepted ('192.168.122.100', 57584) server /usr/lib/python3.9/site-packages/eventlet/wsgi.py:992
2025-10-01 08:07:42.305 18 INFO neutron.wsgi [-] 192.168.122.100 "GET /healthcheck HTTP/1.0" status: 200 len: 137 time: 0.0017467
2025-10-01 08:07:44.306 16 DEBUG neutron.wsgi [-] (16) accepted ('192.168.122.100', 57598) server /usr/lib/python3.9/site-packages/eventlet/wsgi.py:992
2025-10-01 08:07:44.308 16 INFO neutron.wsgi [-] 192.168.122.100 "GET /healthcheck HTTP/1.0" status: 200 len: 137 time: 0.0016954
2025-10-01 08:07:46.310 16 DEBUG neutron.wsgi [-] (16) accepted ('192.168.122.100', 57600) server /usr/lib/python3.9/site-packages/eventlet/wsgi.py:992
2025-10-01 08:07:46.313 16 INFO neutron.wsgi [-] 192.168.122.100 "GET /healthcheck HTTP/1.0" status: 200 len: 137 time: 0.0020046
2025-10-01 08:07:46.528 17 DEBUG neutron.wsgi [-] (17) accepted ('192.168.122.100', 57608) server /usr/lib/python3.9/site-packages/eventlet/wsgi.py:992
2025-10-01 08:07:46.531 17 INFO neutron.wsgi [-] 192.168.122.100 "GET / HTTP/1.1" status: 200 len: 233 time: 0.0015969
2025-10-01 08:07:48.314 15 DEBUG neutron.wsgi [-] (15) accepted ('192.168.122.100', 57612) server /usr/lib/python3.9/site-packages/eventlet/wsgi.py:992
2025-10-01 08:07:48.318 15 INFO neutron.wsgi [-] 192.168.122.100 "GET /healthcheck HTTP/1.0" status: 200 len: 137 time: 0.0028815
2025-10-01 08:07:50.320 15 DEBUG neutron.wsgi [-] (15) accepted ('192.168.122.100', 45550) server /usr/lib/python3.9/site-packages/eventlet/wsgi.py:992
2025-10-01 08:07:50.324 15 INFO neutron.wsgi [-] 192.168.122.100 "GET /healthcheck HTTP/1.0" status: 200 len: 137 time: 0.0028040
2025-10-01 08:07:50.574 24 DEBUG neutron.db.agents_db [req-aee9bf78-95f0-49d7-8658-82e67bae7a9f - - - - -] Agent healthcheck: found 3 active agents agent_health_check /usr/lib/python3.9/site-packages/neutron/db/agents_db.py:328
2025-10-01 08:07:52.325 17 DEBUG neutron.wsgi [-] (17) accepted ('192.168.122.100', 45558) server /usr/lib/python3.9/site-packages/eventlet/wsgi.py:992
2025-10-01 08:07:52.328 17 INFO neutron.wsgi [-] 192.168.122.100 "GET /healthcheck HTTP/1.0" status: 200 len: 137 time: 0.0017097
2025-10-01 08:07:54.329 17 DEBUG neutron.wsgi [-] (17) accepted ('192.168.122.100', 45566) server /usr/lib/python3.9/site-packages/eventlet/wsgi.py:992
2025-10-01 08:07:54.333 17 INFO neutron.wsgi [-] 192.168.122.100 "GET /healthcheck HTTP/1.0" status: 200 len: 137 time: 0.0025277
2025-10-01 08:07:54.969 23 DEBUG neutron_lib.callbacks.manager [req-a060d6e5-13f7-49d0-bf44-0dfdf2172b6b - - - - -] Notify callbacks ['neutron.services.segments.db._update_segment_host_mapping_for_agent-8755579364958', 'neutron.plugins.ml2.plugin.Ml2Plugin._retry_binding_revived_agents-669591'] for agent, after_update _notify_loop /usr/lib/python3.9/site-packages/neutron_lib/callbacks/manager.py:200
2025-10-01 08:07:55.235 22 DEBUG neutron_lib.callbacks.manager [req-75d3896b-62d0-40a9-afbb-1caa535c3bac - - - - -] Notify callbacks ['neutron.services.segments.db._update_segment_host_mapping_for_agent-8755579364958', 'neutron.plugins.ml2.plugin.Ml2Plugin._retry_binding_revived_agents-669591'] for agent, after_update _notify_loop /usr/lib/python3.9/site-packages/neutron_lib/callbacks/manager.py:200
2025-10-01 08:07:56.334 16 DEBUG neutron.wsgi [-] (16) accepted ('192.168.122.100', 45572) server /usr/lib/python3.9/site-packages/eventlet/wsgi.py:992
2025-10-01 08:07:56.338 16 INFO neutron.wsgi [-] 192.168.122.100 "GET /healthcheck HTTP/1.0" status: 200 len: 137 time: 0.0026429
2025-10-01 08:07:58.339 18 DEBUG neutron.wsgi [-] (18) accepted ('192.168.122.100', 45582) server /usr/lib/python3.9/site-packages/eventlet/wsgi.py:992
2025-10-01 08:07:58.342 18 INFO neutron.wsgi [-] 192.168.122.100 "GET /healthcheck HTTP/1.0" status: 200 len: 137 time: 0.0025318
2025-10-01 08:08:00.345 17 DEBUG neutron.wsgi [-] (17) accepted ('192.168.122.100', 45342) server /usr/lib/python3.9/site-packages/eventlet/wsgi.py:992
2025-10-01 08:08:00.347 17 INFO neutron.wsgi [-] 192.168.122.100 "GET /healthcheck HTTP/1.0" status: 200 len: 137 time: 0.0017948
2025-10-01 08:08:00.783 20 DEBUG neutron_lib.callbacks.manager [req-809f02e0-dee9-43ef-97ab-f2679cd79d87 - - - - -] Notify callbacks ['neutron.services.segments.db._update_segment_host_mapping_for_agent-8755579364958', 'neutron.plugins.ml2.plugin.Ml2Plugin._retry_binding_revived_agents-669591'] for agent, after_update _notify_loop /usr/lib/python3.9/site-packages/neutron_lib/callbacks/manager.py:200
2025-10-01 08:08:02.349 17 DEBUG neutron.wsgi [-] (17) accepted ('192.168.122.100', 45350) server /usr/lib/python3.9/site-packages/eventlet/wsgi.py:992
2025-10-01 08:08:02.353 17 INFO neutron.wsgi [-] 192.168.122.100 "GET /healthcheck HTTP/1.0" status: 200 len: 137 time: 0.0026839
2025-10-01 08:08:04.354 16 DEBUG neutron.wsgi [-] (16) accepted ('192.168.122.100', 45356) server /usr/lib/python3.9/site-packages/eventlet/wsgi.py:992
2025-10-01 08:08:04.358 16 INFO neutron.wsgi [-] 192.168.122.100 "GET /healthcheck HTTP/1.0" status: 200 len: 137 time: 0.0024898
2025-10-01 08:08:06.359 18 DEBUG neutron.wsgi [-] (18) accepted ('192.168.122.100', 45360) server /usr/lib/python3.9/site-packages/eventlet/wsgi.py:992
2025-10-01 08:08:06.362 18 INFO neutron.wsgi [-] 192.168.122.100 "GET /healthcheck HTTP/1.0" status: 200 len: 137 time: 0.0018992
2025-10-01 08:08:08.363 18 DEBUG neutron.wsgi [-] (18) accepted ('192.168.122.100', 45372) server /usr/lib/python3.9/site-packages/eventlet/wsgi.py:992
2025-10-01 08:08:08.365 18 INFO neutron.wsgi [-] 192.168.122.100 "GET /healthcheck HTTP/1.0" status: 200 len: 137 time: 0.0017045
2025-10-01 08:08:10.367 15 DEBUG neutron.wsgi [-] (15) accepted ('192.168.122.100', 46286) server /usr/lib/python3.9/site-packages/eventlet/wsgi.py:992
2025-10-01 08:08:10.371 15 INFO neutron.wsgi [-] 192.168.122.100 "GET /healthcheck HTTP/1.0" status: 200 len: 137 time: 0.0025787
2025-10-01 08:08:12.373 15 DEBUG neutron.wsgi [-] (15) accepted ('192.168.122.100', 46292) server /usr/lib/python3.9/site-packages/eventlet/wsgi.py:992
2025-10-01 08:08:12.376 15 INFO neutron.wsgi [-] 192.168.122.100 "GET /healthcheck HTTP/1.0" status: 200 len: 137 time: 0.0022845
2025-10-01 08:08:14.378 15 DEBUG neutron.wsgi [-] (15) accepted ('192.168.122.100', 46306) server /usr/lib/python3.9/site-packages/eventlet/wsgi.py:992
2025-10-01 08:08:14.382 15 INFO neutron.wsgi [-] 192.168.122.100 "GET /healthcheck HTTP/1.0" status: 200 len: 137 time: 0.0024924
2025-10-01 08:08:16.384 15 DEBUG neutron.wsgi [-] (15) accepted ('192.168.122.100', 46320) server /usr/lib/python3.9/site-packages/eventlet/wsgi.py:992
2025-10-01 08:08:16.386 15 INFO neutron.wsgi [-] 192.168.122.100 "GET /healthcheck HTTP/1.0" status: 200 len: 137 time: 0.0016983
2025-10-01 08:08:17.446 16 DEBUG neutron.wsgi [-] (16) accepted ('192.168.122.100', 46332) server /usr/lib/python3.9/site-packages/eventlet/wsgi.py:992
2025-10-01 08:08:17.450 16 INFO neutron.wsgi [-] 192.168.122.100 "GET / HTTP/1.1" status: 200 len: 233 time: 0.0024641
2025-10-01 08:08:18.388 18 DEBUG neutron.wsgi [-] (18) accepted ('192.168.122.100', 46348) server /usr/lib/python3.9/site-packages/eventlet/wsgi.py:992
2025-10-01 08:08:18.392 18 INFO neutron.wsgi [-] 192.168.122.100 "GET /healthcheck HTTP/1.0" status: 200 len: 137 time: 0.0029378
2025-10-01 08:08:20.393 16 DEBUG neutron.wsgi [-] (16) accepted ('192.168.122.100', 42784) server /usr/lib/python3.9/site-packages/eventlet/wsgi.py:992
2025-10-01 08:08:20.396 16 INFO neutron.wsgi [-] 192.168.122.100 "GET /healthcheck HTTP/1.0" status: 200 len: 137 time: 0.0013857
2025-10-01 08:08:22.397 15 DEBUG neutron.wsgi [-] (15) accepted ('192.168.122.100', 42790) server /usr/lib/python3.9/site-packages/eventlet/wsgi.py:992
