2025-10-01 07:54:55.326 18 DEBUG neutron_lib.callbacks.manager [req-632cd85e-59f9-4e2a-a36b-0ab345555b67 2bf41aca900c4c6499f381dc5988dcc1 c442ef18f63b480b81edffb090c37033 - default default] Notify callbacks ['neutron.plugins.ml2.ovo_rpc._ObjectChangeHandler.handle_event-1620115', 'neutron.api.rpc.agentnotifiers.dhcp_rpc_agent_api.DhcpAgentNotifyAPI._native_event_send_dhcp_notification-1723294', 'neutron.services.segments.plugin.NovaSegmentNotifier._notify_subnet_created-1776995', 'neutron.services.segments.plugin.SegmentHostRoutes.host_routes_after_create-1692088'] for subnet, after_create _notify_loop /usr/lib/python3.9/site-packages/neutron_lib/callbacks/manager.py:200
2025-10-01 07:54:55.326 18 DEBUG neutron.services.segments.db [req-632cd85e-59f9-4e2a-a36b-0ab345555b67 2bf41aca900c4c6499f381dc5988dcc1 c442ef18f63b480b81edffb090c37033 - default default] neutron.services.segments.plugin.Plugin method get_segment called with arguments (, 'bab5d1df-af99-46e2-8d12-5af3c6fb2258') {} wrapper /usr/lib/python3.9/site-packages/oslo_log/helpers.py:65
2025-10-01 07:54:55.355 18 DEBUG neutron.api.rpc.handlers.resources_rpc [req-632cd85e-59f9-4e2a-a36b-0ab345555b67 2bf41aca900c4c6499f381dc5988dcc1 c442ef18f63b480b81edffb090c37033 - - -] Pushing event updated for resources: {'Subnet': ['ID=c5da577c-fd63-4133-ad76-9a1d5917622b,revision_number=0']} push /usr/lib/python3.9/site-packages/neutron/api/rpc/handlers/resources_rpc.py:237
2025-10-01 07:54:55.369 18 DEBUG neutron.plugins.ml2.drivers.mech_agent [req-632cd85e-59f9-4e2a-a36b-0ab345555b67 2bf41aca900c4c6499f381dc5988dcc1 c442ef18f63b480b81edffb090c37033 - default default] Checking segment: {'id': 'bab5d1df-af99-46e2-8d12-5af3c6fb2258', 'network_type': 'flat', 'physical_network': 'external_external_subnet', 'segmentation_id': None, 'network_id': '41b41812-c101-4446-a2ca-390f433f6390'} for mappings: {'ctlplane': 'br-ctlplane'} with network types: ['local', 'flat', 'vlan'] check_segment_for_agent /usr/lib/python3.9/site-packages/neutron/plugins/ml2/drivers/mech_agent.py:343
2025-10-01 07:54:55.369 18 DEBUG neutron.plugins.ml2.drivers.mech_agent [req-632cd85e-59f9-4e2a-a36b-0ab345555b67 2bf41aca900c4c6499f381dc5988dcc1 c442ef18f63b480b81edffb090c37033 - default default] Network 41b41812-c101-4446-a2ca-390f433f6390 with segment bab5d1df-af99-46e2-8d12-5af3c6fb2258 is connected to physical network external_external_subnet, but agent undercloud.ooo.test reported physical networks {'ctlplane': 'br-ctlplane'}. The physical network must be configured on the agent if binding is to succeed. check_segment_for_agent /usr/lib/python3.9/site-packages/neutron/plugins/ml2/drivers/mech_agent.py:365
2025-10-01 07:54:55.371 18 DEBUG neutron.scheduler.dhcp_agent_scheduler [req-632cd85e-59f9-4e2a-a36b-0ab345555b67 2bf41aca900c4c6499f381dc5988dcc1 c442ef18f63b480b81edffb090c37033 - default default] Network hostable DHCP agents. Network: 41b41812-c101-4446-a2ca-390f433f6390, hostable agents: [], hosted agents: [] _get_network_hostable_dhcp_agents /usr/lib/python3.9/site-packages/neutron/scheduler/dhcp_agent_scheduler.py:329
2025-10-01 07:54:55.372 18 DEBUG neutron.scheduler.base_scheduler [req-632cd85e-59f9-4e2a-a36b-0ab345555b67 2bf41aca900c4c6499f381dc5988dcc1 c442ef18f63b480b81edffb090c37033 - default default] Resources bound (agent type, host, resource id): schedule /usr/lib/python3.9/site-packages/neutron/scheduler/base_scheduler.py:57
2025-10-01 07:54:55.372 18 WARNING neutron.api.rpc.agentnotifiers.dhcp_rpc_agent_api [req-632cd85e-59f9-4e2a-a36b-0ab345555b67 2bf41aca900c4c6499f381dc5988dcc1 c442ef18f63b480b81edffb090c37033 - default default] Unable to schedule network 41b41812-c101-4446-a2ca-390f433f6390: no agents available; will retry on subsequent port and subnet creation events.
2025-10-01 07:54:55.372 18 DEBUG neutron.api.rpc.agentnotifiers.dhcp_rpc_agent_api [req-632cd85e-59f9-4e2a-a36b-0ab345555b67 2bf41aca900c4c6499f381dc5988dcc1 c442ef18f63b480b81edffb090c37033 - default default] Network 41b41812-c101-4446-a2ca-390f433f6390 is not hosted by any dhcp agent _notify_agents /usr/lib/python3.9/site-packages/neutron/api/rpc/agentnotifiers/dhcp_rpc_agent_api.py:228
2025-10-01 07:54:55.379 18 DEBUG neutron.pecan_wsgi.hooks.policy_enforcement [req-632cd85e-59f9-4e2a-a36b-0ab345555b67 2bf41aca900c4c6499f381dc5988dcc1 c442ef18f63b480b81edffb090c37033 - default default] Attributes excluded by policy engine: ['standard_attr_id', 'shared', 'network'] _exclude_attributes_by_policy /usr/lib/python3.9/site-packages/neutron/pecan_wsgi/hooks/policy_enforcement.py:259
2025-10-01 07:54:55.379 18 DEBUG neutron_lib.callbacks.manager [req-632cd85e-59f9-4e2a-a36b-0ab345555b67 2bf41aca900c4c6499f381dc5988dcc1 c442ef18f63b480b81edffb090c37033 - default default] Notify callbacks ['neutron.api.rpc.agentnotifiers.dhcp_rpc_agent_api.DhcpAgentNotifyAPI._send_dhcp_notification-1723372'] for subnet, before_response _notify_loop /usr/lib/python3.9/site-packages/neutron_lib/callbacks/manager.py:200
2025-10-01 07:54:55.390 18 INFO neutron.wsgi [req-632cd85e-59f9-4e2a-a36b-0ab345555b67 2bf41aca900c4c6499f381dc5988dcc1 c442ef18f63b480b81edffb090c37033 - default default] 192.168.122.99,192.168.122.100 "POST /v2.0/subnets HTTP/1.1" status: 201 len: 845 time: 0.2016723
2025-10-01 07:54:55.398 18 DEBUG neutron.services.tag.tag_plugin [req-d601e3aa-24ff-4073-b577-aa387d6244a5 2bf41aca900c4c6499f381dc5988dcc1 c442ef18f63b480b81edffb090c37033 - default default] neutron.services.tag.tag_plugin.TagPlugin method update_tags called with arguments (, 'subnets', 'c5da577c-fd63-4133-ad76-9a1d5917622b', {'tags': ['tripleo_vlan_id=44']}) {} wrapper /usr/lib/python3.9/site-packages/oslo_log/helpers.py:65
2025-10-01 07:54:55.426 18 INFO neutron.wsgi [req-d601e3aa-24ff-4073-b577-aa387d6244a5 2bf41aca900c4c6499f381dc5988dcc1 c442ef18f63b480b81edffb090c37033 - default default] 192.168.122.99,192.168.122.100 "PUT /v2.0/subnets/c5da577c-fd63-4133-ad76-9a1d5917622b/tags HTTP/1.1" status: 200 len: 206 time: 0.0309446
2025-10-01 07:54:56.373 17 DEBUG neutron.wsgi [-] (17) accepted ('192.168.122.100', 56726) server /usr/lib/python3.9/site-packages/eventlet/wsgi.py:992
2025-10-01 07:54:56.375 17 INFO neutron.wsgi [-] 192.168.122.100 "GET / HTTP/1.1" status: 200 len: 233 time: 0.0014129
2025-10-01 07:54:56.456 17 DEBUG neutron.wsgi [-] (17) accepted ('192.168.122.100', 56728) server /usr/lib/python3.9/site-packages/eventlet/wsgi.py:992
2025-10-01 07:54:56.458 17 INFO neutron.wsgi [-] 192.168.122.100 "GET /healthcheck HTTP/1.0" status: 200 len: 137 time: 0.0014827
2025-10-01 07:54:56.820 17 DEBUG neutron.wsgi [-] (17) accepted ('192.168.122.100', 56742) server /usr/lib/python3.9/site-packages/eventlet/wsgi.py:992
2025-10-01 07:54:56.913 17 INFO neutron.pecan_wsgi.hooks.translation [req-4b973483-db5c-4639-95e0-09178ff1b397 2bf41aca900c4c6499f381dc5988dcc1 c442ef18f63b480b81edffb090c37033 - default default] GET failed (client error): The resource could not be found.
2025-10-01 07:54:56.915 17 INFO neutron.wsgi [req-4b973483-db5c-4639-95e0-09178ff1b397 2bf41aca900c4c6499f381dc5988dcc1 c442ef18f63b480b81edffb090c37033 - default default] 192.168.122.99,192.168.122.100 "GET /v2.0/networks/storage HTTP/1.1" status: 404 len: 291 time: 0.0938778
2025-10-01 07:54:57.011 17 DEBUG neutron.pecan_wsgi.hooks.policy_enforcement [req-978e254c-75f7-4da8-82c3-56f62e27d2a2 2bf41aca900c4c6499f381dc5988dcc1 c442ef18f63b480b81edffb090c37033 - default default] Attributes excluded by policy engine: ['standard_attr_id', 'vlan_transparent'] _exclude_attributes_by_policy /usr/lib/python3.9/site-packages/neutron/pecan_wsgi/hooks/policy_enforcement.py:259
2025-10-01 07:54:57.012 17 INFO neutron.wsgi [req-978e254c-75f7-4da8-82c3-56f62e27d2a2 2bf41aca900c4c6499f381dc5988dcc1 c442ef18f63b480b81edffb090c37033 - default default] 192.168.122.99,192.168.122.100 "GET /v2.0/networks?name=storage HTTP/1.1" status: 200 len: 1023 time: 0.0929701
2025-10-01 07:54:57.059 17 DEBUG neutron.pecan_wsgi.hooks.policy_enforcement [req-ae3772c6-aa69-48a9-8d61-bdaf4f58a5ee 2bf41aca900c4c6499f381dc5988dcc1 c442ef18f63b480b81edffb090c37033 - default default] Attributes excluded by policy engine: ['standard_attr_id', 'shared'] _exclude_attributes_by_policy /usr/lib/python3.9/site-packages/neutron/pecan_wsgi/hooks/policy_enforcement.py:259
2025-10-01 07:54:57.060 17 INFO neutron.wsgi [req-ae3772c6-aa69-48a9-8d61-bdaf4f58a5ee 2bf41aca900c4c6499f381dc5988dcc1 c442ef18f63b480b81edffb090c37033 - default default] 192.168.122.99,192.168.122.100 "GET /v2.0/subnets/0f9ef6be-a9a7-4b39-8e1c-1772a3ccc9cc HTTP/1.1" status: 200 len: 859 time: 0.0417278
2025-10-01 07:54:57.079 17 INFO neutron.pecan_wsgi.hooks.translation [req-af66bf19-c8fd-44ae-9808-d462ae49c46e 2bf41aca900c4c6499f381dc5988dcc1 c442ef18f63b480b81edffb090c37033 - default default] GET failed (client error): The resource could not be found.
2025-10-01 07:54:57.080 17 INFO neutron.wsgi [req-af66bf19-c8fd-44ae-9808-d462ae49c46e 2bf41aca900c4c6499f381dc5988dcc1 c442ef18f63b480b81edffb090c37033 - default default] 192.168.122.99,192.168.122.100 "GET /v2.0/networks/storage_mgmt HTTP/1.1" status: 404 len: 296 time: 0.0139706
2025-10-01 07:54:57.134 17 DEBUG neutron.pecan_wsgi.hooks.policy_enforcement [req-77b6fe53-5a46-468b-a9f3-cb1230637a5a 2bf41aca900c4c6499f381dc5988dcc1 c442ef18f63b480b81edffb090c37033 - default default] Attributes excluded by policy engine: ['standard_attr_id', 'vlan_transparent'] _exclude_attributes_by_policy /usr/lib/python3.9/site-packages/neutron/pecan_wsgi/hooks/policy_enforcement.py:259
2025-10-01 07:54:57.135 17 INFO neutron.wsgi [req-77b6fe53-5a46-468b-a9f3-cb1230637a5a 2bf41aca900c4c6499f381dc5988dcc1 c442ef18f63b480b81edffb090c37033 - default default] 192.168.122.99,192.168.122.100 "GET /v2.0/networks?name=storage_mgmt HTTP/1.1" status: 200 len: 1051 time: 0.0527408
2025-10-01 07:54:57.171 17 DEBUG neutron.pecan_wsgi.hooks.policy_enforcement [req-41ab57e9-805a-4afc-bf1a-aa0f5ed85fd8 2bf41aca900c4c6499f381dc5988dcc1 c442ef18f63b480b81edffb090c37033 - default default] Attributes excluded by policy engine: ['standard_attr_id', 'shared'] _exclude_attributes_by_policy /usr/lib/python3.9/site-packages/neutron/pecan_wsgi/hooks/policy_enforcement.py:259
2025-10-01 07:54:57.173 17 INFO neutron.wsgi [req-41ab57e9-805a-4afc-bf1a-aa0f5ed85fd8 2bf41aca900c4c6499f381dc5988dcc1 c442ef18f63b480b81edffb090c37033 - default default] 192.168.122.99,192.168.122.100 "GET /v2.0/subnets/44ff1aa9-48a3-432e-8d13-d34653cafd90 HTTP/1.1" status: 200 len: 864 time: 0.0316491
2025-10-01 07:54:57.195 17 INFO neutron.pecan_wsgi.hooks.translation [req-348ee8be-ba90-4107-8905-c3e01081df81 2bf41aca900c4c6499f381dc5988dcc1 c442ef18f63b480b81edffb090c37033 - default default] GET failed (client error): The resource could not be found.
2025-10-01 07:54:57.196 17 INFO neutron.wsgi [req-348ee8be-ba90-4107-8905-c3e01081df81 2bf41aca900c4c6499f381dc5988dcc1 c442ef18f63b480b81edffb090c37033 - default default] 192.168.122.99,192.168.122.100 "GET /v2.0/networks/internal_api HTTP/1.1" status: 404 len: 296 time: 0.0189154
2025-10-01 07:54:57.281 17 DEBUG neutron.pecan_wsgi.hooks.policy_enforcement [req-e1d94aa5-b3d0-4ca1-b1e0-3b339d7eea1b 2bf41aca900c4c6499f381dc5988dcc1 c442ef18f63b480b81edffb090c37033 - default default] Attributes excluded by policy engine: ['standard_attr_id', 'vlan_transparent'] _exclude_attributes_by_policy /usr/lib/python3.9/site-packages/neutron/pecan_wsgi/hooks/policy_enforcement.py:259
2025-10-01 07:54:57.283 17 INFO neutron.wsgi [req-e1d94aa5-b3d0-4ca1-b1e0-3b339d7eea1b 2bf41aca900c4c6499f381dc5988dcc1 c442ef18f63b480b81edffb090c37033 - default default] 192.168.122.99,192.168.122.100 "GET /v2.0/networks?name=internal_api HTTP/1.1" status: 200 len: 1052 time: 0.0835505
2025-10-01 07:54:57.329 17 DEBUG neutron.pecan_wsgi.hooks.policy_enforcement [req-dfb017fe-b2a6-4950-88e8-b5b755333d08 2bf41aca900c4c6499f381dc5988dcc1 c442ef18f63b480b81edffb090c37033 - default default] Attributes excluded by policy engine: ['standard_attr_id', 'shared'] _exclude_attributes_by_policy /usr/lib/python3.9/site-packages/neutron/pecan_wsgi/hooks/policy_enforcement.py:259
2025-10-01 07:54:57.330 17 INFO neutron.wsgi [req-dfb017fe-b2a6-4950-88e8-b5b755333d08 2bf41aca900c4c6499f381dc5988dcc1 c442ef18f63b480b81edffb090c37033 - default default] 192.168.122.99,192.168.122.100 "GET /v2.0/subnets/d5c555e4-898f-4688-9d89-5e3cb8a2218c HTTP/1.1" status: 200 len: 864 time: 0.0405500
2025-10-01 07:54:57.348 17 INFO neutron.pecan_wsgi.hooks.translation [req-1517b10a-6672-4cfc-820b-e843d3eb4ab0 2bf41aca900c4c6499f381dc5988dcc1 c442ef18f63b480b81edffb090c37033 - default default] GET failed (client error): The resource could not be found.
2025-10-01 07:54:57.349 17 INFO neutron.wsgi [req-1517b10a-6672-4cfc-820b-e843d3eb4ab0 2bf41aca900c4c6499f381dc5988dcc1 c442ef18f63b480b81edffb090c37033 - default default] 192.168.122.99,192.168.122.100 "GET /v2.0/networks/tenant HTTP/1.1" status: 404 len: 290 time: 0.0124338
2025-10-01 07:54:57.410 17 DEBUG neutron.pecan_wsgi.hooks.policy_enforcement [req-0917ecb6-aec1-4784-84ed-677ff69b3ca7 2bf41aca900c4c6499f381dc5988dcc1 c442ef18f63b480b81edffb090c37033 - default default] Attributes excluded by policy engine: ['standard_attr_id', 'vlan_transparent'] _exclude_attributes_by_policy /usr/lib/python3.9/site-packages/neutron/pecan_wsgi/hooks/policy_enforcement.py:259
2025-10-01 07:54:57.411 17 INFO neutron.wsgi [req-0917ecb6-aec1-4784-84ed-677ff69b3ca7 2bf41aca900c4c6499f381dc5988dcc1 c442ef18f63b480b81edffb090c37033 - default default] 192.168.122.99,192.168.122.100 "GET /v2.0/networks?name=tenant HTTP/1.1" status: 200 len: 998 time: 0.0585651
2025-10-01 07:54:57.449 17 DEBUG neutron.pecan_wsgi.hooks.policy_enforcement [req-ec756814-03de-4508-9ecd-9e9ad706648f 2bf41aca900c4c6499f381dc5988dcc1 c442ef18f63b480b81edffb090c37033 - default default] Attributes excluded by policy engine: ['standard_attr_id', 'shared'] _exclude_attributes_by_policy /usr/lib/python3.9/site-packages/neutron/pecan_wsgi/hooks/policy_enforcement.py:259
2025-10-01 07:54:57.450 17 INFO neutron.wsgi [req-ec756814-03de-4508-9ecd-9e9ad706648f 2bf41aca900c4c6499f381dc5988dcc1 c442ef18f63b480b81edffb090c37033 - default default] 192.168.122.99,192.168.122.100 "GET /v2.0/subnets/bfede06b-1eb3-472a-a3cf-70099c7edef0 HTTP/1.1" status: 200 len: 858 time: 0.0332294
2025-10-01 07:54:57.466 17 INFO neutron.pecan_wsgi.hooks.translation [req-64a767bc-718a-45f9-b356-e5438396ff98 2bf41aca900c4c6499f381dc5988dcc1 c442ef18f63b480b81edffb090c37033 - default default] GET failed (client error): The resource could not be found.
2025-10-01 07:54:57.467 17 INFO neutron.wsgi [req-64a767bc-718a-45f9-b356-e5438396ff98 2bf41aca900c4c6499f381dc5988dcc1 c442ef18f63b480b81edffb090c37033 - default default] 192.168.122.99,192.168.122.100 "GET /v2.0/networks/external HTTP/1.1" status: 404 len: 292 time: 0.0117733
2025-10-01 07:54:57.542 17 DEBUG neutron.pecan_wsgi.hooks.policy_enforcement [req-208fe79b-c0ea-4efe-9d3e-d3443d4ef4fd 2bf41aca900c4c6499f381dc5988dcc1 c442ef18f63b480b81edffb090c37033 - default default] Attributes excluded by policy engine: ['standard_attr_id', 'vlan_transparent'] _exclude_attributes_by_policy /usr/lib/python3.9/site-packages/neutron/pecan_wsgi/hooks/policy_enforcement.py:259
2025-10-01 07:54:57.543 17 INFO neutron.wsgi [req-208fe79b-c0ea-4efe-9d3e-d3443d4ef4fd 2bf41aca900c4c6499f381dc5988dcc1 c442ef18f63b480b81edffb090c37033 - default default] 192.168.122.99,192.168.122.100 "GET /v2.0/networks?name=external HTTP/1.1" status: 200 len: 1029 time: 0.0730689
2025-10-01 07:54:57.576 17 DEBUG neutron.pecan_wsgi.hooks.policy_enforcement [req-6bb1f899-35b7-47b6-8daa-b32cfac538cb 2bf41aca900c4c6499f381dc5988dcc1 c442ef18f63b480b81edffb090c37033 - default default] Attributes excluded by policy engine: ['standard_attr_id', 'shared'] _exclude_attributes_by_policy /usr/lib/python3.9/site-packages/neutron/pecan_wsgi/hooks/policy_enforcement.py:259
2025-10-01 07:54:57.576 17 INFO neutron.wsgi [req-6bb1f899-35b7-47b6-8daa-b32cfac538cb 2bf41aca900c4c6499f381dc5988dcc1 c442ef18f63b480b81edffb090c37033 - default default] 192.168.122.99,192.168.122.100 "GET /v2.0/subnets/c5da577c-fd63-4133-ad76-9a1d5917622b HTTP/1.1" status: 200 len: 860 time: 0.0273714
2025-10-01 07:54:58.460 18 DEBUG neutron.wsgi [-] (18) accepted ('192.168.122.100', 56744) server /usr/lib/python3.9/site-packages/eventlet/wsgi.py:992
2025-10-01 07:54:58.466 18 INFO neutron.wsgi [-] 192.168.122.100 "GET /healthcheck HTTP/1.0" status: 200 len: 137 time: 0.0045512
2025-10-01 07:55:00.467 15 DEBUG neutron.wsgi [-] (15) accepted ('192.168.122.100', 54164) server /usr/lib/python3.9/site-packages/eventlet/wsgi.py:992
2025-10-01 07:55:00.470 15 INFO neutron.wsgi [-] 192.168.122.100 "GET /healthcheck HTTP/1.0" status: 200 len: 137 time: 0.0024920
2025-10-01 07:55:02.473 15 DEBUG neutron.wsgi [-] (15) accepted ('192.168.122.100', 54178) server /usr/lib/python3.9/site-packages/eventlet/wsgi.py:992
2025-10-01 07:55:02.475 15 INFO neutron.wsgi [-] 192.168.122.100 "GET /healthcheck HTTP/1.0" status: 200 len: 137 time: 0.0013430
2025-10-01 07:55:03.212 16 DEBUG neutron.wsgi [-] (16) accepted ('192.168.122.100', 54188) server /usr/lib/python3.9/site-packages/eventlet/wsgi.py:992
2025-10-01 07:55:03.369 16 DEBUG neutron.pecan_wsgi.hooks.policy_enforcement [req-37b9084a-7438-4373-9800-5219b7811294 2bf41aca900c4c6499f381dc5988dcc1 c442ef18f63b480b81edffb090c37033 - default default] Attributes excluded by policy engine: ['standard_attr_id', 'vlan_transparent'] _exclude_attributes_by_policy /usr/lib/python3.9/site-packages/neutron/pecan_wsgi/hooks/policy_enforcement.py:259
2025-10-01 07:55:03.370 16 DEBUG neutron.pecan_wsgi.hooks.policy_enforcement [req-37b9084a-7438-4373-9800-5219b7811294 2bf41aca900c4c6499f381dc5988dcc1 c442ef18f63b480b81edffb090c37033 - default default] Attributes excluded by policy engine: ['standard_attr_id', 'vlan_transparent'] _exclude_attributes_by_policy /usr/lib/python3.9/site-packages/neutron/pecan_wsgi/hooks/policy_enforcement.py:259
2025-10-01 07:55:03.370 16 DEBUG neutron.pecan_wsgi.hooks.policy_enforcement [req-37b9084a-7438-4373-9800-5219b7811294 2bf41aca900c4c6499f381dc5988dcc1 c442ef18f63b480b81edffb090c37033 - default default] Attributes excluded by policy engine: ['standard_attr_id', 'vlan_transparent'] _exclude_attributes_by_policy /usr/lib/python3.9/site-packages/neutron/pecan_wsgi/hooks/policy_enforcement.py:259
2025-10-01 07:55:03.370 16 DEBUG neutron.pecan_wsgi.hooks.policy_enforcement [req-37b9084a-7438-4373-9800-5219b7811294 2bf41aca900c4c6499f381dc5988dcc1 c442ef18f63b480b81edffb090c37033 - default default] Attributes excluded by policy engine: ['standard_attr_id', 'vlan_transparent'] _exclude_attributes_by_policy /usr/lib/python3.9/site-packages/neutron/pecan_wsgi/hooks/policy_enforcement.py:259
2025-10-01 07:55:03.371 16 DEBUG neutron.pecan_wsgi.hooks.policy_enforcement [req-37b9084a-7438-4373-9800-5219b7811294 2bf41aca900c4c6499f381dc5988dcc1 c442ef18f63b480b81edffb090c37033 - default default] Attributes excluded by policy engine: ['standard_attr_id', 'vlan_transparent'] _exclude_attributes_by_policy /usr/lib/python3.9/site-packages/neutron/pecan_wsgi/hooks/policy_enforcement.py:259
2025-10-01 07:55:03.371 16 DEBUG neutron.pecan_wsgi.hooks.policy_enforcement [req-37b9084a-7438-4373-9800-5219b7811294 2bf41aca900c4c6499f381dc5988dcc1 c442ef18f63b480b81edffb090c37033 - default default] Attributes excluded by policy engine: ['standard_attr_id', 'vlan_transparent'] _exclude_attributes_by_policy /usr/lib/python3.9/site-packages/neutron/pecan_wsgi/hooks/policy_enforcement.py:259
2025-10-01 07:55:03.372 16 INFO neutron.wsgi [req-37b9084a-7438-4373-9800-5219b7811294 2bf41aca900c4c6499f381dc5988dcc1 c442ef18f63b480b81edffb090c37033 - default default] 192.168.122.99,192.168.122.100 "GET /v2.0/networks HTTP/1.1" status: 200 len: 5131 time: 0.1589179
2025-10-01 07:55:03.416 16 DEBUG neutron.pecan_wsgi.hooks.policy_enforcement [req-ad73b40c-ebea-44f6-a4d3-4d3fe8de2f2f 2bf41aca900c4c6499f381dc5988dcc1 c442ef18f63b480b81edffb090c37033 - default default] Attributes excluded by policy engine: ['standard_attr_id', 'shared'] _exclude_attributes_by_policy /usr/lib/python3.9/site-packages/neutron/pecan_wsgi/hooks/policy_enforcement.py:259
2025-10-01 07:55:03.418 16 INFO neutron.wsgi [req-ad73b40c-ebea-44f6-a4d3-4d3fe8de2f2f 2bf41aca900c4c6499f381dc5988dcc1 c442ef18f63b480b81edffb090c37033 - default default] 192.168.122.99,192.168.122.100 "GET /v2.0/subnets?network_id=2598ee50-c93b-4f91-a79e-7ccbaedd2874 HTTP/1.1" status: 200 len: 867 time: 0.0387800
2025-10-01 07:55:03.469 16 DEBUG neutron.pecan_wsgi.hooks.policy_enforcement [req-aef76a2d-3f2c-4bf4-a763-dd1eff8b8b68 2bf41aca900c4c6499f381dc5988dcc1 c442ef18f63b480b81edffb090c37033 - default default] Attributes excluded by policy engine: ['standard_attr_id', 'shared'] _exclude_attributes_by_policy /usr/lib/python3.9/site-packages/neutron/pecan_wsgi/hooks/policy_enforcement.py:259
2025-10-01 07:55:03.470 16 INFO neutron.wsgi [req-aef76a2d-3f2c-4bf4-a763-dd1eff8b8b68 2bf41aca900c4c6499f381dc5988dcc1 c442ef18f63b480b81edffb090c37033 - default default] 192.168.122.99,192.168.122.100 "GET /v2.0/subnets?network_id=2becaaab-6ba6-4028-8b5d-a48709dffdd0 HTTP/1.1" status: 200 len: 861 time: 0.0453627
2025-10-01 07:55:03.514 16 DEBUG neutron.pecan_wsgi.hooks.policy_enforcement [req-456b11a8-f877-42b3-8047-ff0cf6e8c0f0 2bf41aca900c4c6499f381dc5988dcc1 c442ef18f63b480b81edffb090c37033 - default default] Attributes excluded by policy engine: ['standard_attr_id', 'shared'] _exclude_attributes_by_policy /usr/lib/python3.9/site-packages/neutron/pecan_wsgi/hooks/policy_enforcement.py:259
2025-10-01 07:55:03.515 16 INFO neutron.wsgi [req-456b11a8-f877-42b3-8047-ff0cf6e8c0f0 2bf41aca900c4c6499f381dc5988dcc1 c442ef18f63b480b81edffb090c37033 - default default] 192.168.122.99,192.168.122.100 "GET /v2.0/subnets?network_id=3397bb50-2cfb-409b-afd2-e8fffc413e73 HTTP/1.1" status: 200 len: 867 time: 0.0381293
2025-10-01 07:55:03.559 16 DEBUG neutron.pecan_wsgi.hooks.policy_enforcement [req-e62f9c34-62ac-4889-b483-302fee4612e1 2bf41aca900c4c6499f381dc5988dcc1 c442ef18f63b480b81edffb090c37033 - default default] Attributes excluded by policy engine: ['standard_attr_id', 'shared'] _exclude_attributes_by_policy /usr/lib/python3.9/site-packages/neutron/pecan_wsgi/hooks/policy_enforcement.py:259
2025-10-01 07:55:03.560 16 INFO neutron.wsgi [req-e62f9c34-62ac-4889-b483-302fee4612e1 2bf41aca900c4c6499f381dc5988dcc1 c442ef18f63b480b81edffb090c37033 - default default] 192.168.122.99,192.168.122.100 "GET /v2.0/subnets?network_id=41b41812-c101-4446-a2ca-390f433f6390 HTTP/1.1" status: 200 len: 863 time: 0.0389524
2025-10-01 07:55:03.598 16 DEBUG neutron.pecan_wsgi.hooks.policy_enforcement [req-fa875267-32a2-4f50-85e2-45074f7ccf81 2bf41aca900c4c6499f381dc5988dcc1 c442ef18f63b480b81edffb090c37033 - default default] Attributes excluded by policy engine: ['standard_attr_id', 'shared'] _exclude_attributes_by_policy /usr/lib/python3.9/site-packages/neutron/pecan_wsgi/hooks/policy_enforcement.py:259
2025-10-01 07:55:03.599 16 INFO neutron.wsgi [req-fa875267-32a2-4f50-85e2-45074f7ccf81 2bf41aca900c4c6499f381dc5988dcc1 c442ef18f63b480b81edffb090c37033 - default default] 192.168.122.99,192.168.122.100 "GET /v2.0/subnets?network_id=4bb14807-9587-4520-a99f-78caa68360ed HTTP/1.1" status: 200 len: 845 time: 0.0334907
2025-10-01 07:55:03.633 16 DEBUG neutron.pecan_wsgi.hooks.policy_enforcement [req-a36f8ba2-6436-43a8-bd23-2199cbb647cb 2bf41aca900c4c6499f381dc5988dcc1 c442ef18f63b480b81edffb090c37033 - default default] Attributes excluded by policy engine: ['standard_attr_id', 'shared'] _exclude_attributes_by_policy /usr/lib/python3.9/site-packages/neutron/pecan_wsgi/hooks/policy_enforcement.py:259
2025-10-01 07:55:03.634 16 INFO neutron.wsgi [req-a36f8ba2-6436-43a8-bd23-2199cbb647cb 2bf41aca900c4c6499f381dc5988dcc1 c442ef18f63b480b81edffb090c37033 - default default] 192.168.122.99,192.168.122.100 "GET /v2.0/subnets?network_id=a5efad2a-f210-4b35-b2b3-b6d9f06b3a79 HTTP/1.1" status: 200 len: 862 time: 0.0286589
2025-10-01 07:55:03.657 17 DEBUG neutron.wsgi [-] (17) accepted ('192.168.122.100', 54198) server /usr/lib/python3.9/site-packages/eventlet/wsgi.py:992
2025-10-01 07:55:03.659 18 DEBUG neutron.wsgi [-] (18) accepted ('192.168.122.100', 54204) server /usr/lib/python3.9/site-packages/eventlet/wsgi.py:992
2025-10-01 07:55:03.659 15 DEBUG neutron.wsgi [-] (15) accepted ('192.168.122.100', 54206) server /usr/lib/python3.9/site-packages/eventlet/wsgi.py:992
2025-10-01 07:55:03.678 16 DEBUG neutron.wsgi [-] (16) accepted ('192.168.122.100', 54210) server /usr/lib/python3.9/site-packages/eventlet/wsgi.py:992
2025-10-01 07:55:03.691 18 INFO neutron.wsgi [req-a8ee537e-7e0e-4296-a1e1-554397db83bc 2bf41aca900c4c6499f381dc5988dcc1 c442ef18f63b480b81edffb090c37033 - default default] 192.168.122.99,192.168.122.100 "GET /v2.0/ports?network_id=a5efad2a-f210-4b35-b2b3-b6d9f06b3a79&tags=tripleo_stack_name%3Dovercloud&tags=tripleo_vip_net%3Dstorage HTTP/1.1" status: 200 len: 186 time: 0.0318384
2025-10-01 07:55:03.700 18 DEBUG neutron.api.v2.base [req-9efc36b3-4e0a-4dc6-af5b-251702876446 2bf41aca900c4c6499f381dc5988dcc1 c442ef18f63b480b81edffb090c37033 - default default] Request body: {'port': {'fixed_ips': [{'subnet_id': '0f9ef6be-a9a7-4b39-8e1c-1772a3ccc9cc'}], 'name': 'storage_vip', 'dns_name': 'overcloud', 'network_id': 'a5efad2a-f210-4b35-b2b3-b6d9f06b3a79'}} prepare_request_body /usr/lib/python3.9/site-packages/neutron/api/v2/base.py:729
2025-10-01 07:55:03.705 16 INFO neutron.wsgi [req-bcad8f78-fd32-41c1-bfed-2382ac21956b 2bf41aca900c4c6499f381dc5988dcc1 c442ef18f63b480b81edffb090c37033 - default default] 192.168.122.99,192.168.122.100 "GET /v2.0/ports?network_id=3397bb50-2cfb-409b-afd2-e8fffc413e73&tags=tripleo_stack_name%3Dovercloud&tags=tripleo_vip_net%3Dinternal_api HTTP/1.1" status: 200 len: 186 time: 0.0626168
2025-10-01 07:55:03.709 16 INFO neutron.wsgi [req-27533446-75a1-4b75-89d0-80f3312b9476 2bf41aca900c4c6499f381dc5988dcc1 c442ef18f63b480b81edffb090c37033 - default default] 192.168.122.99,192.168.122.100 "GET /v2.0/ports?network_id=4bb14807-9587-4520-a99f-78caa68360ed&tags=tripleo_stack_name%3Dovercloud&tags=tripleo_vip_net%3Dctlplane HTTP/1.1" status: 200 len: 186 time: 0.0301445
2025-10-01 07:55:03.712 16 DEBUG neutron.api.v2.base [req-56e582b1-e267-45f5-943b-d654448804c6 2bf41aca900c4c6499f381dc5988dcc1 c442ef18f63b480b81edffb090c37033 - default default] Request body: {'port': {'fixed_ips': [{'subnet_id': 'd5c555e4-898f-4688-9d89-5e3cb8a2218c'}], 'name': 'internal_api_vip', 'dns_name': 'overcloud', 'network_id': '3397bb50-2cfb-409b-afd2-e8fffc413e73'}} prepare_request_body /usr/lib/python3.9/site-packages/neutron/api/v2/base.py:729
2025-10-01 07:55:03.715 18 DEBUG neutron.pecan_wsgi.hooks.quota_enforcement [req-9efc36b3-4e0a-4dc6-af5b-251702876446 2bf41aca900c4c6499f381dc5988dcc1 c442ef18f63b480b81edffb090c37033 - default default] Made reservation on behalf of c442ef18f63b480b81edffb090c37033 for: {'port': 1} before /usr/lib/python3.9/site-packages/neutron/pecan_wsgi/hooks/quota_enforcement.py:53
2025-10-01 07:55:03.716 16 DEBUG neutron.api.v2.base [req-2394f881-3096-441f-a59e-fe0dc7ffa8df 2bf41aca900c4c6499f381dc5988dcc1 c442ef18f63b480b81edffb090c37033 - default default] Request body: {'port': {'fixed_ips': [{'ip_address': '192.168.122.99'}], 'name': 'ctlplane_vip', 'dns_name': 'overcloud', 'network_id': '4bb14807-9587-4520-a99f-78caa68360ed'}} prepare_request_body /usr/lib/python3.9/site-packages/neutron/api/v2/base.py:729
2025-10-01 07:55:03.718 17 INFO neutron.wsgi [req-db43e2e6-5d5c-47b5-981b-f16d9d984858 2bf41aca900c4c6499f381dc5988dcc1 c442ef18f63b480b81edffb090c37033 - default default] 192.168.122.99,192.168.122.100 "GET /v2.0/ports?network_id=2598ee50-c93b-4f91-a79e-7ccbaedd2874&tags=tripleo_stack_name%3Dovercloud&tags=tripleo_vip_net%3Dstorage_mgmt HTTP/1.1" status: 200 len: 186 time: 0.0598733
2025-10-01 07:55:03.718 18 DEBUG neutron_lib.callbacks.manager [req-9efc36b3-4e0a-4dc6-af5b-251702876446 2bf41aca900c4c6499f381dc5988dcc1 c442ef18f63b480b81edffb090c37033 - default default] Notify callbacks ['neutron.plugins.ml2.plugin.SecurityGroupDbMixin._ensure_default_security_group_handler-558714'] for port, before_create _notify_loop /usr/lib/python3.9/site-packages/neutron_lib/callbacks/manager.py:200
2025-10-01 07:55:03.725 16 DEBUG neutron.pecan_wsgi.hooks.quota_enforcement [req-2394f881-3096-441f-a59e-fe0dc7ffa8df 2bf41aca900c4c6499f381dc5988dcc1 c442ef18f63b480b81edffb090c37033 - default default] Made reservation on behalf of c442ef18f63b480b81edffb090c37033 for: {'port': 1} before /usr/lib/python3.9/site-packages/neutron/pecan_wsgi/hooks/quota_enforcement.py:53
2025-10-01 07:55:03.726 16 DEBUG neutron_lib.callbacks.manager [req-2394f881-3096-441f-a59e-fe0dc7ffa8df 2bf41aca900c4c6499f381dc5988dcc1 c442ef18f63b480b81edffb090c37033 - default default] Notify callbacks ['neutron.plugins.ml2.plugin.SecurityGroupDbMixin._ensure_default_security_group_handler-558714'] for port, before_create _notify_loop /usr/lib/python3.9/site-packages/neutron_lib/callbacks/manager.py:200
2025-10-01 07:55:03.727 17 DEBUG neutron.api.v2.base [req-0110cdca-605e-4dc2-b14a-1f82ab523df9 2bf41aca900c4c6499f381dc5988dcc1 c442ef18f63b480b81edffb090c37033 - default default] Request body: {'port': {'fixed_ips': [{'subnet_id': '44ff1aa9-48a3-432e-8d13-d34653cafd90'}], 'name': 'storage_mgmt_vip', 'dns_name': 'overcloud', 'network_id': '2598ee50-c93b-4f91-a79e-7ccbaedd2874'}} prepare_request_body /usr/lib/python3.9/site-packages/neutron/api/v2/base.py:729
2025-10-01 07:55:03.729 15 INFO neutron.wsgi [req-dcbb30fe-4998-40ea-b2ca-538cc401f905 2bf41aca900c4c6499f381dc5988dcc1 c442ef18f63b480b81edffb090c37033 - default default] 192.168.122.99,192.168.122.100 "GET /v2.0/ports?network_id=41b41812-c101-4446-a2ca-390f433f6390&tags=tripleo_stack_name%3Dovercloud&tags=tripleo_vip_net%3Dexternal HTTP/1.1" status: 200 len: 186 time: 0.0681036
2025-10-01 07:55:03.735 16 DEBUG neutron.pecan_wsgi.hooks.quota_enforcement [req-56e582b1-e267-45f5-943b-d654448804c6 2bf41aca900c4c6499f381dc5988dcc1 c442ef18f63b480b81edffb090c37033 - default default] Made reservation on behalf of c442ef18f63b480b81edffb090c37033 for: {'port': 1} before /usr/lib/python3.9/site-packages/neutron/pecan_wsgi/hooks/quota_enforcement.py:53
2025-10-01 07:55:03.737 16 DEBUG neutron_lib.callbacks.manager [req-56e582b1-e267-45f5-943b-d654448804c6 2bf41aca900c4c6499f381dc5988dcc1 c442ef18f63b480b81edffb090c37033 - default default] Notify callbacks ['neutron.plugins.ml2.plugin.SecurityGroupDbMixin._ensure_default_security_group_handler-558714'] for port, before_create _notify_loop /usr/lib/python3.9/site-packages/neutron_lib/callbacks/manager.py:200
2025-10-01 07:55:03.737 15 DEBUG neutron.api.v2.base [req-1a261a09-74a2-4a48-b84b-f6afe8215742 2bf41aca900c4c6499f381dc5988dcc1 c442ef18f63b480b81edffb090c37033 - default default] Request body: {'port': {'fixed_ips': [{'subnet_id': 'c5da577c-fd63-4133-ad76-9a1d5917622b'}], 'name': 'external_vip', 'dns_name': 'overcloud', 'network_id': '41b41812-c101-4446-a2ca-390f433f6390'}} prepare_request_body /usr/lib/python3.9/site-packages/neutron/api/v2/base.py:729
2025-10-01 07:55:03.738 17 DEBUG neutron.pecan_wsgi.hooks.quota_enforcement [req-0110cdca-605e-4dc2-b14a-1f82ab523df9 2bf41aca900c4c6499f381dc5988dcc1 c442ef18f63b480b81edffb090c37033 - default default] Made reservation on behalf of c442ef18f63b480b81edffb090c37033 for: {'port': 1} before /usr/lib/python3.9/site-packages/neutron/pecan_wsgi/hooks/quota_enforcement.py:53
2025-10-01 07:55:03.740 17 DEBUG neutron_lib.callbacks.manager [req-0110cdca-605e-4dc2-b14a-1f82ab523df9 2bf41aca900c4c6499f381dc5988dcc1 c442ef18f63b480b81edffb090c37033 - default default] Notify callbacks ['neutron.plugins.ml2.plugin.SecurityGroupDbMixin._ensure_default_security_group_handler-558714'] for port, before_create _notify_loop /usr/lib/python3.9/site-packages/neutron_lib/callbacks/manager.py:200
2025-10-01 07:55:03.752 18 DEBUG neutron.notifiers.nova [req-9efc36b3-4e0a-4dc6-af5b-251702876446 2bf41aca900c4c6499f381dc5988dcc1 c442ef18f63b480b81edffb090c37033 - default default] device_id is not set on port 3bbb660a-3424-48f8-b507-d6bd7410c895 yet. _can_notify /usr/lib/python3.9/site-packages/neutron/notifiers/nova.py:201
2025-10-01 07:55:03.752 15 DEBUG neutron.pecan_wsgi.hooks.quota_enforcement [req-1a261a09-74a2-4a48-b84b-f6afe8215742 2bf41aca900c4c6499f381dc5988dcc1 c442ef18f63b480b81edffb090c37033 - default default] Made reservation on behalf of c442ef18f63b480b81edffb090c37033 for: {'port': 1} before /usr/lib/python3.9/site-packages/neutron/pecan_wsgi/hooks/quota_enforcement.py:53
2025-10-01 07:55:03.754 16 DEBUG neutron.notifiers.nova [req-2394f881-3096-441f-a59e-fe0dc7ffa8df 2bf41aca900c4c6499f381dc5988dcc1 c442ef18f63b480b81edffb090c37033 - default default] device_id is not set on port 72b29c46-060d-44bf-96a5-10bd2a0b44f7 yet. _can_notify /usr/lib/python3.9/site-packages/neutron/notifiers/nova.py:201
2025-10-01 07:55:03.755 15 DEBUG neutron_lib.callbacks.manager [req-1a261a09-74a2-4a48-b84b-f6afe8215742 2bf41aca900c4c6499f381dc5988dcc1 c442ef18f63b480b81edffb090c37033 - default default] Notify callbacks ['neutron.plugins.ml2.plugin.SecurityGroupDbMixin._ensure_default_security_group_handler-558714'] for port, before_create _notify_loop /usr/lib/python3.9/site-packages/neutron_lib/callbacks/manager.py:200
2025-10-01 07:55:03.762 17 DEBUG neutron.notifiers.nova [req-0110cdca-605e-4dc2-b14a-1f82ab523df9 2bf41aca900c4c6499f381dc5988dcc1 c442ef18f63b480b81edffb090c37033 - default default] device_id is not set on port d0a7da46-52fc-44ac-9bc6-76746c13b33f yet. _can_notify /usr/lib/python3.9/site-packages/neutron/notifiers/nova.py:201
2025-10-01 07:55:03.767 16 DEBUG neutron.notifiers.nova [req-56e582b1-e267-45f5-943b-d654448804c6 2bf41aca900c4c6499f381dc5988dcc1 c442ef18f63b480b81edffb090c37033 - default default] device_id is not set on port 6596862c-920e-4bc0-83e0-71b8d1e80371 yet. _can_notify /usr/lib/python3.9/site-packages/neutron/notifiers/nova.py:201
2025-10-01 07:55:03.780 15 DEBUG neutron.notifiers.nova [req-1a261a09-74a2-4a48-b84b-f6afe8215742 2bf41aca900c4c6499f381dc5988dcc1 c442ef18f63b480b81edffb090c37033 - default default] device_id is not set on port 92e8d19a-79e2-4324-98e4-2cbeb5f2f2a1 yet. _can_notify /usr/lib/python3.9/site-packages/neutron/notifiers/nova.py:201
2025-10-01 07:55:03.858 17 DEBUG neutron.db.db_base_plugin_common [req-0110cdca-605e-4dc2-b14a-1f82ab523df9 2bf41aca900c4c6499f381dc5988dcc1 c442ef18f63b480b81edffb090c37033 - default default] Allocated IP 172.20.0.228 (2598ee50-c93b-4f91-a79e-7ccbaedd2874/44ff1aa9-48a3-432e-8d13-d34653cafd90/d0a7da46-52fc-44ac-9bc6-76746c13b33f) _store_ip_allocation /usr/lib/python3.9/site-packages/neutron/db/db_base_plugin_common.py:131
2025-10-01 07:55:03.863 18 DEBUG neutron.db.db_base_plugin_common [req-9efc36b3-4e0a-4dc6-af5b-251702876446 2bf41aca900c4c6499f381dc5988dcc1 c442ef18f63b480b81edffb090c37033 - default default] Allocated IP 172.18.0.175 (a5efad2a-f210-4b35-b2b3-b6d9f06b3a79/0f9ef6be-a9a7-4b39-8e1c-1772a3ccc9cc/3bbb660a-3424-48f8-b507-d6bd7410c895) _store_ip_allocation /usr/lib/python3.9/site-packages/neutron/db/db_base_plugin_common.py:131
2025-10-01 07:55:03.888 15 DEBUG neutron.db.db_base_plugin_common [req-1a261a09-74a2-4a48-b84b-f6afe8215742 2bf41aca900c4c6499f381dc5988dcc1 c442ef18f63b480b81edffb090c37033 - default default] Allocated IP 172.21.0.135 (41b41812-c101-4446-a2ca-390f433f6390/c5da577c-fd63-4133-ad76-9a1d5917622b/92e8d19a-79e2-4324-98e4-2cbeb5f2f2a1) _store_ip_allocation /usr/lib/python3.9/site-packages/neutron/db/db_base_plugin_common.py:131
2025-10-01 07:55:03.917 16 DEBUG neutron.db.db_base_plugin_common [req-2394f881-3096-441f-a59e-fe0dc7ffa8df 2bf41aca900c4c6499f381dc5988dcc1 c442ef18f63b480b81edffb090c37033 - default default] Allocated IP 192.168.122.99 (4bb14807-9587-4520-a99f-78caa68360ed/da37f699-cc49-4c41-8f55-11a05d93bb38/72b29c46-060d-44bf-96a5-10bd2a0b44f7) _store_ip_allocation /usr/lib/python3.9/site-packages/neutron/db/db_base_plugin_common.py:131
2025-10-01 07:55:03.921 16 DEBUG neutron.db.db_base_plugin_common [req-56e582b1-e267-45f5-943b-d654448804c6 2bf41aca900c4c6499f381dc5988dcc1 c442ef18f63b480b81edffb090c37033 - default default] Allocated IP 172.17.0.167 (3397bb50-2cfb-409b-afd2-e8fffc413e73/d5c555e4-898f-4688-9d89-5e3cb8a2218c/6596862c-920e-4bc0-83e0-71b8d1e80371) _store_ip_allocation /usr/lib/python3.9/site-packages/neutron/db/db_base_plugin_common.py:131
2025-10-01 07:55:04.016 18 DEBUG neutron_lib.callbacks.manager [req-9efc36b3-4e0a-4dc6-af5b-251702876446 2bf41aca900c4c6499f381dc5988dcc1 c442ef18f63b480b81edffb090c37033 - default default] Notify callbacks [] for port, precommit_create _notify_loop /usr/lib/python3.9/site-packages/neutron_lib/callbacks/manager.py:200
2025-10-01 07:55:04.058 18 DEBUG neutron_lib.callbacks.manager [req-9efc36b3-4e0a-4dc6-af5b-251702876446 2bf41aca900c4c6499f381dc5988dcc1 c442ef18f63b480b81edffb090c37033 - default default] Notify callbacks ['neutron.plugins.ml2.plugin.SecurityGroupServerNotifierRpcMixin.notify_sg_on_port_change-530318', 'neutron.plugins.ml2.extensions.dns_integration._create_port_in_external_dns_service-8755579249448', 'neutron.plugins.ml2.ovo_rpc._ObjectChangeHandler.handle_event-1913839', 'neutron.api.rpc.agentnotifiers.dhcp_rpc_agent_api.DhcpAgentNotifyAPI._native_event_send_dhcp_notification-1723294', 'neutron.services.segments.plugin.NovaSegmentNotifier._notify_port_created_or_deleted-1776927'] for port, after_create _notify_loop /usr/lib/python3.9/site-packages/neutron_lib/callbacks/manager.py:200
2025-10-01 07:55:04.063 15 DEBUG neutron_lib.callbacks.manager [req-1a261a09-74a2-4a48-b84b-f6afe8215742 2bf41aca900c4c6499f381dc5988dcc1 c442ef18f63b480b81edffb090c37033 - default default] Notify callbacks [] for port, precommit_create _notify_loop /usr/lib/python3.9/site-packages/neutron_lib/callbacks/manager.py:200
2025-10-01 07:55:04.099 18 DEBUG neutron.api.rpc.handlers.resources_rpc [req-9efc36b3-4e0a-4dc6-af5b-251702876446 2bf41aca900c4c6499f381dc5988dcc1 c442ef18f63b480b81edffb090c37033 - - -] Pushing event updated for resources: {'Port': ['ID=3bbb660a-3424-48f8-b507-d6bd7410c895,revision_number=1']} push /usr/lib/python3.9/site-packages/neutron/api/rpc/handlers/resources_rpc.py:237
2025-10-01 07:55:04.106 17 DEBUG neutron_lib.callbacks.manager [req-0110cdca-605e-4dc2-b14a-1f82ab523df9 2bf41aca900c4c6499f381dc5988dcc1 c442ef18f63b480b81edffb090c37033 - default default] Notify callbacks [] for port, precommit_create _notify_loop /usr/lib/python3.9/site-packages/neutron_lib/callbacks/manager.py:200
2025-10-01 07:55:04.107 18 DEBUG neutron.plugins.ml2.drivers.mech_agent [req-9efc36b3-4e0a-4dc6-af5b-251702876446 2bf41aca900c4c6499f381dc5988dcc1 c442ef18f63b480b81edffb090c37033 - default default] Checking segment: {'id': '7ef18c4b-f14c-4c60-9efb-c99fbeadd2e0', 'network_type': 'flat', 'physical_network': 'storage_storage_subnet', 'segmentation_id': None, 'network_id': 'a5efad2a-f210-4b35-b2b3-b6d9f06b3a79'} for mappings: {'ctlplane': 'br-ctlplane'} with network types: ['local', 'flat', 'vlan'] check_segment_for_agent /usr/lib/python3.9/site-packages/neutron/plugins/ml2/drivers/mech_agent.py:343
2025-10-01 07:55:04.107 18 DEBUG neutron.plugins.ml2.drivers.mech_agent [req-9efc36b3-4e0a-4dc6-af5b-251702876446 2bf41aca900c4c6499f381dc5988dcc1 c442ef18f63b480b81edffb090c37033 - default default] Network a5efad2a-f210-4b35-b2b3-b6d9f06b3a79 with segment 7ef18c4b-f14c-4c60-9efb-c99fbeadd2e0 is connected to physical network storage_storage_subnet, but agent undercloud.ooo.test reported physical networks {'ctlplane': 'br-ctlplane'}. The physical network must be configured on the agent if binding is to succeed. check_segment_for_agent /usr/lib/python3.9/site-packages/neutron/plugins/ml2/drivers/mech_agent.py:365
2025-10-01 07:55:04.107 15 DEBUG neutron_lib.callbacks.manager [req-1a261a09-74a2-4a48-b84b-f6afe8215742 2bf41aca900c4c6499f381dc5988dcc1 c442ef18f63b480b81edffb090c37033 - default default] Notify callbacks ['neutron.plugins.ml2.plugin.SecurityGroupServerNotifierRpcMixin.notify_sg_on_port_change-530318', 'neutron.plugins.ml2.extensions.dns_integration._create_port_in_external_dns_service-8755579249448', 'neutron.plugins.ml2.ovo_rpc._ObjectChangeHandler.handle_event-1913839', 'neutron.api.rpc.agentnotifiers.dhcp_rpc_agent_api.DhcpAgentNotifyAPI._native_event_send_dhcp_notification-1723294', 'neutron.services.segments.plugin.NovaSegmentNotifier._notify_port_created_or_deleted-1776927'] for port, after_create _notify_loop /usr/lib/python3.9/site-packages/neutron_lib/callbacks/manager.py:200
2025-10-01 07:55:04.109 18 DEBUG neutron.scheduler.dhcp_agent_scheduler [req-9efc36b3-4e0a-4dc6-af5b-251702876446 2bf41aca900c4c6499f381dc5988dcc1 c442ef18f63b480b81edffb090c37033 - default default] Network hostable DHCP agents. Network: a5efad2a-f210-4b35-b2b3-b6d9f06b3a79, hostable agents: [], hosted agents: [] _get_network_hostable_dhcp_agents /usr/lib/python3.9/site-packages/neutron/scheduler/dhcp_agent_scheduler.py:329
2025-10-01 07:55:04.110 18 DEBUG neutron.scheduler.base_scheduler [req-9efc36b3-4e0a-4dc6-af5b-251702876446 2bf41aca900c4c6499f381dc5988dcc1 c442ef18f63b480b81edffb090c37033 - default default] Resources bound (agent type, host, resource id): schedule /usr/lib/python3.9/site-packages/neutron/scheduler/base_scheduler.py:57
2025-10-01 07:55:04.110 18 WARNING neutron.api.rpc.agentnotifiers.dhcp_rpc_agent_api [req-9efc36b3-4e0a-4dc6-af5b-251702876446 2bf41aca900c4c6499f381dc5988dcc1 c442ef18f63b480b81edffb090c37033 - default default] Unable to schedule network a5efad2a-f210-4b35-b2b3-b6d9f06b3a79: no agents available; will retry on subsequent port and subnet creation events.
2025-10-01 07:55:04.110 18 DEBUG neutron.api.rpc.agentnotifiers.dhcp_rpc_agent_api [req-9efc36b3-4e0a-4dc6-af5b-251702876446 2bf41aca900c4c6499f381dc5988dcc1 c442ef18f63b480b81edffb090c37033 - default default] Network a5efad2a-f210-4b35-b2b3-b6d9f06b3a79 is not hosted by any dhcp agent _notify_agents /usr/lib/python3.9/site-packages/neutron/api/rpc/agentnotifiers/dhcp_rpc_agent_api.py:228
2025-10-01 07:55:04.134 18 DEBUG neutron.pecan_wsgi.hooks.policy_enforcement [req-9efc36b3-4e0a-4dc6-af5b-251702876446 2bf41aca900c4c6499f381dc5988dcc1 c442ef18f63b480b81edffb090c37033 - default default] Attributes excluded by policy engine: ['standard_attr_id', 'network'] _exclude_attributes_by_policy /usr/lib/python3.9/site-packages/neutron/pecan_wsgi/hooks/policy_enforcement.py:259
2025-10-01 07:55:04.134 18 DEBUG neutron_lib.callbacks.manager [req-9efc36b3-4e0a-4dc6-af5b-251702876446 2bf41aca900c4c6499f381dc5988dcc1 c442ef18f63b480b81edffb090c37033 - default default] Notify callbacks ['neutron.notifiers.nova.Notifier._send_nova_notification-2092454', 'neutron.api.rpc.agentnotifiers.dhcp_rpc_agent_api.DhcpAgentNotifyAPI._send_dhcp_notification-1723372'] for port, before_response _notify_loop /usr/lib/python3.9/site-packages/neutron_lib/callbacks/manager.py:200
2025-10-01 07:55:04.148 17 DEBUG neutron_lib.callbacks.manager [req-0110cdca-605e-4dc2-b14a-1f82ab523df9 2bf41aca900c4c6499f381dc5988dcc1 c442ef18f63b480b81edffb090c37033 - default default] Notify callbacks ['neutron.plugins.ml2.plugin.SecurityGroupServerNotifierRpcMixin.notify_sg_on_port_change-530318', 'neutron.plugins.ml2.extensions.dns_integration._create_port_in_external_dns_service-8755579249448', 'neutron.plugins.ml2.ovo_rpc._ObjectChangeHandler.handle_event-1913839', 'neutron.api.rpc.agentnotifiers.dhcp_rpc_agent_api.DhcpAgentNotifyAPI._native_event_send_dhcp_notification-1723294', 'neutron.services.segments.plugin.NovaSegmentNotifier._notify_port_created_or_deleted-1776927'] for port, after_create _notify_loop /usr/lib/python3.9/site-packages/neutron_lib/callbacks/manager.py:200
2025-10-01 07:55:04.156 18 INFO neutron.wsgi [req-9efc36b3-4e0a-4dc6-af5b-251702876446 2bf41aca900c4c6499f381dc5988dcc1 c442ef18f63b480b81edffb090c37033 - default default] 192.168.122.99,192.168.122.100 "POST /v2.0/ports HTTP/1.1" status: 201 len: 1150 time: 0.4587955
2025-10-01 07:55:04.160 15 DEBUG neutron.plugins.ml2.drivers.mech_agent [req-1a261a09-74a2-4a48-b84b-f6afe8215742 2bf41aca900c4c6499f381dc5988dcc1 c442ef18f63b480b81edffb090c37033 - default default] Checking segment: {'id': 'bab5d1df-af99-46e2-8d12-5af3c6fb2258', 'network_type': 'flat', 'physical_network': 'external_external_subnet', 'segmentation_id': None, 'network_id': '41b41812-c101-4446-a2ca-390f433f6390'} for mappings: {'ctlplane': 'br-ctlplane'} with network types: ['local', 'flat', 'vlan'] check_segment_for_agent /usr/lib/python3.9/site-packages/neutron/plugins/ml2/drivers/mech_agent.py:343
2025-10-01 07:55:04.161 15 DEBUG neutron.plugins.ml2.drivers.mech_agent [req-1a261a09-74a2-4a48-b84b-f6afe8215742 2bf41aca900c4c6499f381dc5988dcc1 c442ef18f63b480b81edffb090c37033 - default default] Network 41b41812-c101-4446-a2ca-390f433f6390 with segment bab5d1df-af99-46e2-8d12-5af3c6fb2258 is connected to physical network external_external_subnet, but agent undercloud.ooo.test reported physical networks {'ctlplane': 'br-ctlplane'}. The physical network must be configured on the agent if binding is to succeed. check_segment_for_agent /usr/lib/python3.9/site-packages/neutron/plugins/ml2/drivers/mech_agent.py:365
2025-10-01 07:55:04.164 15 DEBUG neutron.scheduler.dhcp_agent_scheduler [req-1a261a09-74a2-4a48-b84b-f6afe8215742 2bf41aca900c4c6499f381dc5988dcc1 c442ef18f63b480b81edffb090c37033 - default default] Network hostable DHCP agents. Network: 41b41812-c101-4446-a2ca-390f433f6390, hostable agents: [], hosted agents: [] _get_network_hostable_dhcp_agents /usr/lib/python3.9/site-packages/neutron/scheduler/dhcp_agent_scheduler.py:329
2025-10-01 07:55:04.164 18 DEBUG neutron.services.tag.tag_plugin [req-a3b0da65-b3bb-488e-aa7f-72b0a1c9ec5b 2bf41aca900c4c6499f381dc5988dcc1 c442ef18f63b480b81edffb090c37033 - default default] neutron.services.tag.tag_plugin.TagPlugin method update_tags called with arguments (, 'ports', '3bbb660a-3424-48f8-b507-d6bd7410c895', {'tags': ['tripleo_stack_name=overcloud', 'tripleo_vip_net=storage']}) {} wrapper /usr/lib/python3.9/site-packages/oslo_log/helpers.py:65
2025-10-01 07:55:04.165 15 DEBUG neutron.scheduler.base_scheduler [req-1a261a09-74a2-4a48-b84b-f6afe8215742 2bf41aca900c4c6499f381dc5988dcc1 c442ef18f63b480b81edffb090c37033 - default default] Resources bound (agent type, host, resource id): schedule /usr/lib/python3.9/site-packages/neutron/scheduler/base_scheduler.py:57
2025-10-01 07:55:04.165 15 WARNING neutron.api.rpc.agentnotifiers.dhcp_rpc_agent_api [req-1a261a09-74a2-4a48-b84b-f6afe8215742 2bf41aca900c4c6499f381dc5988dcc1 c442ef18f63b480b81edffb090c37033 - default default] Unable to schedule network 41b41812-c101-4446-a2ca-390f433f6390: no agents available; will retry on subsequent port and subnet creation events.
2025-10-01 07:55:04.165 15 DEBUG neutron.api.rpc.agentnotifiers.dhcp_rpc_agent_api [req-1a261a09-74a2-4a48-b84b-f6afe8215742 2bf41aca900c4c6499f381dc5988dcc1 c442ef18f63b480b81edffb090c37033 - default default] Network 41b41812-c101-4446-a2ca-390f433f6390 is not hosted by any dhcp agent _notify_agents /usr/lib/python3.9/site-packages/neutron/api/rpc/agentnotifiers/dhcp_rpc_agent_api.py:228
2025-10-01 07:55:04.181 15 DEBUG neutron.api.rpc.handlers.resources_rpc [req-1a261a09-74a2-4a48-b84b-f6afe8215742 2bf41aca900c4c6499f381dc5988dcc1 c442ef18f63b480b81edffb090c37033 - - -] Pushing event updated for resources: {'Port': ['ID=92e8d19a-79e2-4324-98e4-2cbeb5f2f2a1,revision_number=1']} push /usr/lib/python3.9/site-packages/neutron/api/rpc/handlers/resources_rpc.py:237
2025-10-01 07:55:04.194 18 INFO neutron.wsgi [req-a3b0da65-b3bb-488e-aa7f-72b0a1c9ec5b 2bf41aca900c4c6499f381dc5988dcc1 c442ef18f63b480b81edffb090c37033 - default default] 192.168.122.99,192.168.122.100 "PUT /v2.0/ports/3bbb660a-3424-48f8-b507-d6bd7410c895/tags HTTP/1.1" status: 200 len: 243 time: 0.0318284
2025-10-01 07:55:04.201 15 DEBUG neutron.pecan_wsgi.hooks.policy_enforcement [req-1a261a09-74a2-4a48-b84b-f6afe8215742 2bf41aca900c4c6499f381dc5988dcc1 c442ef18f63b480b81edffb090c37033 - default default] Attributes excluded by policy engine: ['standard_attr_id', 'network'] _exclude_attributes_by_policy /usr/lib/python3.9/site-packages/neutron/pecan_wsgi/hooks/policy_enforcement.py:259
2025-10-01 07:55:04.201 15 DEBUG neutron_lib.callbacks.manager [req-1a261a09-74a2-4a48-b84b-f6afe8215742 2bf41aca900c4c6499f381dc5988dcc1 c442ef18f63b480b81edffb090c37033 - default default] Notify callbacks ['neutron.notifiers.nova.Notifier._send_nova_notification-2092454', 'neutron.api.rpc.agentnotifiers.dhcp_rpc_agent_api.DhcpAgentNotifyAPI._send_dhcp_notification-1723372'] for port, before_response _notify_loop /usr/lib/python3.9/site-packages/neutron_lib/callbacks/manager.py:200
2025-10-01 07:55:04.223 16 DEBUG neutron_lib.callbacks.manager [req-2394f881-3096-441f-a59e-fe0dc7ffa8df 2bf41aca900c4c6499f381dc5988dcc1 c442ef18f63b480b81edffb090c37033 - default default] Notify callbacks [] for port, precommit_create _notify_loop /usr/lib/python3.9/site-packages/neutron_lib/callbacks/manager.py:200
2025-10-01 07:55:04.223 15 INFO neutron.wsgi [req-1a261a09-74a2-4a48-b84b-f6afe8215742 2bf41aca900c4c6499f381dc5988dcc1 c442ef18f63b480b81edffb090c37033 - default default] 192.168.122.99,192.168.122.100 "POST /v2.0/ports HTTP/1.1" status: 201 len: 1151 time: 0.4900637
2025-10-01 07:55:04.231 16 DEBUG neutron_lib.callbacks.manager [req-56e582b1-e267-45f5-943b-d654448804c6 2bf41aca900c4c6499f381dc5988dcc1 c442ef18f63b480b81edffb090c37033 - default default] Notify callbacks [] for port, precommit_create _notify_loop /usr/lib/python3.9/site-packages/neutron_lib/callbacks/manager.py:200
