Oct 1 10:01:28 np0005463867 object-server[115198]: Starting object replication pass.
Oct 1 10:01:28 np0005463867 object-server[115198]: 2/2 (100.00%) partitions replicated in 0.02s (86.37/sec, 0s remaining)
Oct 1 10:01:28 np0005463867 object-server[115198]: 4 successes, 0 failures
Oct 1 10:01:28 np0005463867 object-server[115198]: 2 suffixes checked - 0.00% hashed, 0.00% synced
Oct 1 10:01:28 np0005463867 object-server[115198]: Partition times: max 0.0098s, min 0.0093s, med 0.0098s
Oct 1 10:01:28 np0005463867 object-server[115198]: Object replication complete. (0.00 minutes)
Oct 1 10:01:40 np0005463867 account-server[114892]: 172.20.0.104 - - [01/Oct/2025:10:01:40 +0000] "HEAD /d1/269/.expiring_objects" 404 - "HEAD http://localhost/v1/.expiring_objects?format=json" "txd8e00a5205e74c9ca1ac9-0068dcfc04" "proxy-server 2" 0.0004 "-" 21 -
Oct 1 10:01:43 np0005463867 object-server[413744]: Begin object audit "forever" mode (ZBF)
Oct 1 10:01:43 np0005463867 object-server[413745]: Begin object audit "forever" mode (ALL)
Oct 1 10:01:43 np0005463867 object-server[413744]: Object audit (ZBF). Since Wed Oct 1 10:01:43 2025: Locally: 1 passed, 0 quarantined, 0 errors, files/sec: 566.57, bytes/sec: 0.00, Total time: 0.00, Auditing time: 0.00, Rate: 0.00
Oct 1 10:01:43 np0005463867 object-server[413744]: Object audit (ZBF) "forever" mode completed: 0.00s. Total quarantined: 0, Total errors: 0, Total files/sec: 464.77, Total bytes/sec: 0.00, Auditing time: 0.00, Rate: 0.26
Oct 1 10:01:45 np0005463867 object-server[413745]: Object audit (ALL). Since Wed Oct 1 10:01:43 2025: Locally: 1 passed, 0 quarantined, 0 errors, files/sec: 0.46, bytes/sec: 10041048.05, Total time: 2.16, Auditing time: 0.00, Rate: 0.00
Oct 1 10:01:45 np0005463867 object-server[413745]: Object audit (ALL) "forever" mode completed: 2.16s. Total quarantined: 0, Total errors: 0, Total files/sec: 0.92, Total bytes/sec: 10024429.29, Auditing time: 2.16, Rate: 1.00
Oct 1 10:01:51 np0005463867 account-server[114649]: Beginning replication run
Oct 1 10:01:51 np0005463867 account-server[114649]: Replication run OVER
Oct 1 10:01:51 np0005463867 account-server[114649]: Attempted to replicate 1 dbs in 0.01688 seconds (59.22701/s)
Oct 1 10:01:51 np0005463867 account-server[114649]: Removed 0 dbs
Oct 1 10:01:51 np0005463867 account-server[114649]: 2 successes, 0 failures
Oct 1 10:01:51 np0005463867 account-server[114649]: diff:0 diff_capped:0 empty:0 hashmatch:0 no_change:2 remote_merge:0 rsync:0 ts_repl:0
Oct 1 10:01:58 np0005463867 container-server[114747]: Beginning replication run
Oct 1 10:01:58 np0005463867 container-server[114747]: Replication run OVER
Oct 1 10:01:58 np0005463867 container-server[114747]: Attempted to replicate 1 dbs in 0.01843 seconds (54.24926/s)
Oct 1 10:01:58 np0005463867 container-server[114747]: Removed 0 dbs
Oct 1 10:01:58 np0005463867 container-server[114747]: 2 successes, 0 failures
Oct 1 10:01:58 np0005463867 container-server[114747]: diff:0 diff_capped:0 empty:0 hashmatch:0 no_change:2 remote_merge:0 rsync:0 ts_repl:0
Oct 1 10:01:58 np0005463867 object-server[115198]: Starting object replication pass.
Oct 1 10:01:58 np0005463867 object-server[115198]: 2/2 (100.00%) partitions replicated in 0.02s (91.24/sec, 0s remaining)
Oct 1 10:01:58 np0005463867 object-server[115198]: 4 successes, 0 failures
Oct 1 10:01:58 np0005463867 object-server[115198]: 2 suffixes checked - 0.00% hashed, 0.00% synced
Oct 1 10:01:58 np0005463867 object-server[115198]: Partition times: max 0.0101s, min 0.0078s, med 0.0101s
Oct 1 10:01:58 np0005463867 object-server[115198]: Object replication complete. (0.00 minutes)
Oct 1 10:02:13 np0005463867 object-server[413746]: Begin object audit "forever" mode (ZBF)
Oct 1 10:02:13 np0005463867 object-server[413746]: Object audit (ZBF). Since Wed Oct 1 10:02:13 2025: Locally: 1 passed, 0 quarantined, 0 errors, files/sec: 712.71, bytes/sec: 0.00, Total time: 0.00, Auditing time: 0.00, Rate: 0.00
Oct 1 10:02:13 np0005463867 object-server[413746]: Object audit (ZBF) "forever" mode completed: 0.00s. Total quarantined: 0, Total errors: 0, Total files/sec: 480.12, Total bytes/sec: 0.00, Auditing time: 0.00, Rate: 0.25
Oct 1 10:02:21 np0005463867 account-server[114649]: Beginning replication run
Oct 1 10:02:21 np0005463867 account-server[114649]: Replication run OVER
Oct 1 10:02:21 np0005463867 account-server[114649]: Attempted to replicate 1 dbs in 0.02689 seconds (37.19000/s)
Oct 1 10:02:21 np0005463867 account-server[114649]: Removed 0 dbs
Oct 1 10:02:21 np0005463867 account-server[114649]: 2 successes, 0 failures
Oct 1 10:02:21 np0005463867 account-server[114649]: diff:0 diff_capped:0 empty:0 hashmatch:0 no_change:2 remote_merge:0 rsync:0 ts_repl:0
Oct 1 10:02:28 np0005463867 container-server[114747]: Beginning replication run
Oct 1 10:02:28 np0005463867 container-server[114747]: Replication run OVER
Oct 1 10:02:28 np0005463867 container-server[114747]: Attempted to replicate 1 dbs in 0.02066 seconds (48.39875/s)
Oct 1 10:02:28 np0005463867 container-server[114747]: Removed 0 dbs
Oct 1 10:02:28 np0005463867 container-server[114747]: 2 successes, 0 failures
Oct 1 10:02:28 np0005463867 container-server[114747]: diff:0 diff_capped:0 empty:0 hashmatch:0 no_change:2 remote_merge:0 rsync:0 ts_repl:0
Oct 1 10:02:28 np0005463867 object-server[115198]: Starting object replication pass.
Oct 1 10:02:28 np0005463867 object-server[115198]: 2/2 (100.00%) partitions replicated in 0.03s (68.12/sec, 0s remaining)
Oct 1 10:02:28 np0005463867 object-server[115198]: 4 successes, 0 failures
Oct 1 10:02:28 np0005463867 object-server[115198]: 2 suffixes checked - 0.00% hashed, 0.00% synced
Oct 1 10:02:28 np0005463867 object-server[115198]: Partition times: max 0.0141s, min 0.0114s, med 0.0141s
Oct 1 10:02:28 np0005463867 object-server[115198]: Object replication complete. (0.00 minutes)
Oct 1 10:02:43 np0005463867 object-server[414221]: Begin object audit "forever" mode (ZBF)
Oct 1 10:02:43 np0005463867 object-server[414221]: Object audit (ZBF). Since Wed Oct 1 10:02:43 2025: Locally: 1 passed, 0 quarantined, 0 errors, files/sec: 1010.68, bytes/sec: 0.00, Total time: 0.00, Auditing time: 0.00, Rate: 0.00
Oct 1 10:02:43 np0005463867 object-server[414221]: Object audit (ZBF) "forever" mode completed: 0.00s. Total quarantined: 0, Total errors: 0, Total files/sec: 640.25, Total bytes/sec: 0.00, Auditing time: 0.00, Rate: 0.21
Oct 1 10:02:43 np0005463867 object-server[414222]: Begin object audit "forever" mode (ALL)
Oct 1 10:02:45 np0005463867 object-server[414222]: Object audit (ALL). Since Wed Oct 1 10:02:43 2025: Locally: 1 passed, 0 quarantined, 0 errors, files/sec: 0.46, bytes/sec: 10032289.29, Total time: 2.16, Auditing time: 0.00, Rate: 0.00
Oct 1 10:02:45 np0005463867 object-server[414222]: Object audit (ALL) "forever" mode completed: 2.17s. Total quarantined: 0, Total errors: 0, Total files/sec: 0.92, Total bytes/sec: 10017640.33, Auditing time: 2.16, Rate: 1.00
Oct 1 10:02:51 np0005463867 account-server[114649]: Beginning replication run
Oct 1 10:02:51 np0005463867 account-server[114649]: Replication run OVER
Oct 1 10:02:51 np0005463867 account-server[114649]: Attempted to replicate 1 dbs in 0.02293 seconds (43.60463/s)
Oct 1 10:02:51 np0005463867 account-server[114649]: Removed 0 dbs
Oct 1 10:02:51 np0005463867 account-server[114649]: 2 successes, 0 failures
Oct 1 10:02:51 np0005463867 account-server[114649]: diff:0 diff_capped:0 empty:0 hashmatch:0 no_change:2 remote_merge:0 rsync:0 ts_repl:0
Oct 1 10:02:58 np0005463867 container-server[114747]: Beginning replication run
Oct 1 10:02:58 np0005463867 container-server[114747]: Replication run OVER
Oct 1 10:02:58 np0005463867 container-server[114747]: Attempted to replicate 1 dbs in 0.02062 seconds (48.49724/s)
Oct 1 10:02:58 np0005463867 container-server[114747]: Removed 0 dbs
Oct 1 10:02:58 np0005463867 container-server[114747]: 2 successes, 0 failures
Oct 1 10:02:58 np0005463867 container-server[114747]: diff:0 diff_capped:0 empty:0 hashmatch:0 no_change:2 remote_merge:0 rsync:0 ts_repl:0
Oct 1 10:02:58 np0005463867 object-server[115198]: Starting object replication pass.
Oct 1 10:02:58 np0005463867 object-server[115198]: 2/2 (100.00%) partitions replicated in 0.03s (74.94/sec, 0s remaining)
Oct 1 10:02:58 np0005463867 object-server[115198]: 4 successes, 0 failures
Oct 1 10:02:58 np0005463867 object-server[115198]: 2 suffixes checked - 0.00% hashed, 0.00% synced
Oct 1 10:02:58 np0005463867 object-server[115198]: Partition times: max 0.0135s, min 0.0111s, med 0.0135s
Oct 1 10:02:58 np0005463867 object-server[115198]: Object replication complete. (0.00 minutes)
Oct 1 10:03:13 np0005463867 object-server[414223]: Begin object audit "forever" mode (ZBF)
Oct 1 10:03:13 np0005463867 object-server[414223]: Object audit (ZBF). Since Wed Oct 1 10:03:13 2025: Locally: 1 passed, 0 quarantined, 0 errors, files/sec: 646.37, bytes/sec: 0.00, Total time: 0.00, Auditing time: 0.00, Rate: 0.00
Oct 1 10:03:13 np0005463867 object-server[414223]: Object audit (ZBF) "forever" mode completed: 0.00s. Total quarantined: 0, Total errors: 0, Total files/sec: 482.83, Total bytes/sec: 0.00, Auditing time: 0.00, Rate: 0.25
Oct 1 10:03:13 np0005463867 account-server[114908]: 172.20.0.105 - - [01/Oct/2025:10:03:13 +0000] "HEAD /d1/269/.expiring_objects" 404 - "HEAD http://localhost/v1/.expiring_objects?format=json" "txf048fa18c1be448b8af43-0068dcfc61" "proxy-server 2" 0.0006 "-" 23 -
Oct 1 10:03:13 np0005463867 object-expirer[115234]: Pass completed in 0s; 0 objects expired (txn: txf048fa18c1be448b8af43-0068dcfc61)
Oct 1 10:03:21 np0005463867 account-server[114649]: Beginning replication run
Oct 1 10:03:21 np0005463867 account-server[114649]: Replication run OVER
Oct 1 10:03:21 np0005463867 account-server[114649]: Attempted to replicate 1 dbs in 0.01662 seconds (60.16753/s)
Oct 1 10:03:21 np0005463867 account-server[114649]: Removed 0 dbs
Oct 1 10:03:21 np0005463867 account-server[114649]: 2 successes, 0 failures
Oct 1 10:03:21 np0005463867 account-server[114649]: diff:0 diff_capped:0 empty:0 hashmatch:0 no_change:2 remote_merge:0 rsync:0 ts_repl:0
Oct 1 10:03:28 np0005463867 container-server[114747]: Beginning replication run
Oct 1 10:03:28 np0005463867 container-server[114747]: Replication run OVER
Oct 1 10:03:28 np0005463867 container-server[114747]: Attempted to replicate 1 dbs in 0.02165 seconds (46.18341/s)
Oct 1 10:03:28 np0005463867 container-server[114747]: Removed 0 dbs
Oct 1 10:03:28 np0005463867 container-server[114747]: 2 successes, 0 failures
Oct 1 10:03:28 np0005463867 container-server[114747]: diff:0 diff_capped:0 empty:0 hashmatch:0 no_change:2 remote_merge:0 rsync:0 ts_repl:0
Oct 1 10:03:28 np0005463867 object-server[115198]: Starting object replication pass.
Oct 1 10:03:28 np0005463867 object-server[115198]: 2/2 (100.00%) partitions replicated in 0.03s (78.53/sec, 0s remaining)
Oct 1 10:03:28 np0005463867 object-server[115198]: 4 successes, 0 failures
Oct 1 10:03:28 np0005463867 object-server[115198]: 2 suffixes checked - 0.00% hashed, 0.00% synced
Oct 1 10:03:28 np0005463867 object-server[115198]: Partition times: max 0.0128s, min 0.0103s, med 0.0128s
Oct 1 10:03:28 np0005463867 object-server[115198]: Object replication complete. (0.00 minutes)
Oct 1 10:03:43 np0005463867 object-server[414690]: Begin object audit "forever" mode (ALL)
Oct 1 10:03:43 np0005463867 object-server[414689]: Begin object audit "forever" mode (ZBF)
Oct 1 10:03:43 np0005463867 object-server[414689]: Object audit (ZBF). Since Wed Oct 1 10:03:43 2025: Locally: 1 passed, 0 quarantined, 0 errors, files/sec: 607.61, bytes/sec: 0.00, Total time: 0.00, Auditing time: 0.00, Rate: 0.00
Oct 1 10:03:43 np0005463867 object-server[414689]: Object audit (ZBF) "forever" mode completed: 0.00s. Total quarantined: 0, Total errors: 0, Total files/sec: 464.61, Total bytes/sec: 0.00, Auditing time: 0.00, Rate: 0.26
Oct 1 10:03:44 np0005463867 account-server[114892]: 172.20.0.103 - - [01/Oct/2025:10:03:44 +0000] "HEAD /d1/269/.expiring_objects" 404 - "HEAD http://localhost/v1/.expiring_objects?format=json" "txc28bd7428be5419c9f285-0068dcfc80" "proxy-server 2" 0.0004 "-" 21 -
Oct 1 10:03:45 np0005463867 object-server[414690]: Object audit (ALL). Since Wed Oct 1 10:03:43 2025: Locally: 1 passed, 0 quarantined, 0 errors, files/sec: 0.46, bytes/sec: 10038256.34, Total time: 2.16, Auditing time: 0.00, Rate: 0.00
Oct 1 10:03:45 np0005463867 object-server[414690]: Object audit (ALL) "forever" mode completed: 2.16s. Total quarantined: 0, Total errors: 0, Total files/sec: 0.92, Total bytes/sec: 10022081.75, Auditing time: 2.16, Rate: 1.00
Oct 1 10:03:51 np0005463867 account-server[114649]: Beginning replication run
Oct 1 10:03:51 np0005463867 account-server[114649]: Replication run OVER
Oct 1 10:03:51 np0005463867 account-server[114649]: Attempted to replicate 1 dbs in 0.01567 seconds (63.80876/s)
Oct 1 10:03:51 np0005463867 account-server[114649]: Removed 0 dbs
Oct 1 10:03:51 np0005463867 account-server[114649]: 2 successes, 0 failures
Oct 1 10:03:51 np0005463867 account-server[114649]: diff:0 diff_capped:0 empty:0 hashmatch:0 no_change:2 remote_merge:0 rsync:0 ts_repl:0
Oct 1 10:03:58 np0005463867 container-server[114747]: Beginning replication run
Oct 1 10:03:58 np0005463867 container-server[114747]: Replication run OVER
Oct 1 10:03:58 np0005463867 container-server[114747]: Attempted to replicate 1 dbs in 0.02054 seconds (48.67565/s)
Oct 1 10:03:58 np0005463867 container-server[114747]: Removed 0 dbs
Oct 1 10:03:58 np0005463867 container-server[114747]: 2 successes, 0 failures
Oct 1 10:03:58 np0005463867 container-server[114747]: diff:0 diff_capped:0 empty:0 hashmatch:0 no_change:2 remote_merge:0 rsync:0 ts_repl:0
Oct 1 10:03:58 np0005463867 object-server[115198]: Starting object replication pass.
Oct 1 10:03:58 np0005463867 object-server[115198]: 2/2 (100.00%) partitions replicated in 0.03s (78.36/sec, 0s remaining)
Oct 1 10:03:58 np0005463867 object-server[115198]: 4 successes, 0 failures
Oct 1 10:03:58 np0005463867 object-server[115198]: 2 suffixes checked - 0.00% hashed, 0.00% synced
Oct 1 10:03:58 np0005463867 object-server[115198]: Partition times: max 0.0134s, min 0.0094s, med 0.0134s
Oct 1 10:03:58 np0005463867 object-server[115198]: Object replication complete. (0.00 minutes)
Oct 1 10:04:13 np0005463867 object-server[414691]: Begin object audit "forever" mode (ZBF)
Oct 1 10:04:13 np0005463867 object-server[414691]: Object audit (ZBF). Since Wed Oct 1 10:04:13 2025: Locally: 1 passed, 0 quarantined, 0 errors, files/sec: 721.54, bytes/sec: 0.00, Total time: 0.00, Auditing time: 0.00, Rate: 0.00
Oct 1 10:04:13 np0005463867 object-server[414691]: Object audit (ZBF) "forever" mode completed: 0.00s. Total quarantined: 0, Total errors: 0, Total files/sec: 513.63, Total bytes/sec: 0.00, Auditing time: 0.00, Rate: 0.24
Oct 1 10:04:21 np0005463867 account-server[114649]: Beginning replication run
Oct 1 10:04:21 np0005463867 account-server[114649]: Replication run OVER
Oct 1 10:04:21 np0005463867 account-server[114649]: Attempted to replicate 1 dbs in 0.01917 seconds (52.15212/s)
Oct 1 10:04:21 np0005463867 account-server[114649]: Removed 0 dbs
Oct 1 10:04:21 np0005463867 account-server[114649]: 2 successes, 0 failures
Oct 1 10:04:21 np0005463867 account-server[114649]: diff:0 diff_capped:0 empty:0 hashmatch:0 no_change:2 remote_merge:0 rsync:0 ts_repl:0
Oct 1 10:04:28 np0005463867 container-server[114747]: Beginning replication run
Oct 1 10:04:28 np0005463867 container-server[114747]: Replication run OVER
Oct 1 10:04:28 np0005463867 container-server[114747]: Attempted to replicate 1 dbs in 0.02195 seconds (45.56380/s)
Oct 1 10:04:28 np0005463867 container-server[114747]: Removed 0 dbs
Oct 1 10:04:28 np0005463867 container-server[114747]: 2 successes, 0 failures
Oct 1 10:04:28 np0005463867 container-server[114747]: diff:0 diff_capped:0 empty:0 hashmatch:0 no_change:2 remote_merge:0 rsync:0 ts_repl:0
Oct 1 10:04:28 np0005463867 object-server[115198]: Starting object replication pass.
Oct 1 10:04:28 np0005463867 object-server[115198]: 2/2 (100.00%) partitions replicated in 0.02s (92.78/sec, 0s remaining)
Oct 1 10:04:28 np0005463867 object-server[115198]: 4 successes, 0 failures
Oct 1 10:04:28 np0005463867 object-server[115198]: 2 suffixes checked - 0.00% hashed, 0.00% synced
Oct 1 10:04:28 np0005463867 object-server[115198]: Partition times: max 0.0094s, min 0.0076s, med 0.0094s
Oct 1 10:04:28 np0005463867 object-server[115198]: Object replication complete. (0.00 minutes)
Oct 1 10:04:41 np0005463867 account-server[114888]: 172.20.0.5 - - [01/Oct/2025:10:04:41 +0000] "HEAD /d1/736/AUTH_3cabf8f65b1441038a866bdea352727e" 204 - "HEAD http://swift-public-openstack.apps-crc.testing/v1/AUTH_3cabf8f65b1441038a866bdea352727e?format=json" "txcd1a42662722431a9bc37-0068dcfcb9" "proxy-server 8" 0.0012 "-" 20 -
Oct 1 10:04:41 np0005463867 account-server[114896]: 172.20.0.5 - - [01/Oct/2025:10:04:41 +0000] "HEAD /d1/736/AUTH_3cabf8f65b1441038a866bdea352727e" 204 - "HEAD http://swift-public-openstack.apps-crc.testing/v1/AUTH_3cabf8f65b1441038a866bdea352727e?format=json" "tx51a329e62fd242f7aa95e-0068dcfcb9" "proxy-server 5" 0.0011 "-" 22 -
Oct 1 10:04:41 np0005463867 container-server[115457]: 172.20.0.5 - - [01/Oct/2025:10:04:41 +0000] "PUT /d1/152/AUTH_3cabf8f65b1441038a866bdea352727e/dispersion_0_8" 201 - "PUT http://swift-public-openstack.apps-crc.testing/v1/AUTH_3cabf8f65b1441038a866bdea352727e/dispersion_0_8?format=json" "tx92ea64ffeb3c4617a2f59-0068dcfcb9" "proxy-server 8" 0.0194 "-" 14 0
Oct 1 10:04:41 np0005463867 container-server[115462]: 172.20.0.5 - - [01/Oct/2025:10:04:41 +0000] "PUT /d1/390/AUTH_3cabf8f65b1441038a866bdea352727e/dispersion_0_1" 201 - "PUT http://swift-public-openstack.apps-crc.testing/v1/AUTH_3cabf8f65b1441038a866bdea352727e/dispersion_0_1?format=json" "tx0a6bd7106f134a1085d7a-0068dcfcb9" "proxy-server 6" 0.0185 "-" 17 0
Oct 1 10:04:41 np0005463867 account-server[114888]: 172.20.0.104 - - [01/Oct/2025:10:04:41 +0000] "PUT /d1/736/AUTH_3cabf8f65b1441038a866bdea352727e/dispersion_0_8" 201 - "PUT http://172.20.0.104:6001/d1/152/AUTH_3cabf8f65b1441038a866bdea352727e/dispersion_0_8" "tx92ea64ffeb3c4617a2f59-0068dcfcb9" "container-server 20" 0.0025 "-" 20 0
Oct 1 10:04:41 np0005463867 container-server[115461]: 172.20.0.5 - - [01/Oct/2025:10:04:41 +0000] "PUT /d1/764/AUTH_3cabf8f65b1441038a866bdea352727e/dispersion_0_0" 201 - "PUT http://swift-public-openstack.apps-crc.testing/v1/AUTH_3cabf8f65b1441038a866bdea352727e/dispersion_0_0?format=json" "txcd1a42662722431a9bc37-0068dcfcb9" "proxy-server 8" 0.0232 "-" 16 0
Oct 1 10:04:41 np0005463867 account-server[114888]: 172.20.0.104 - - [01/Oct/2025:10:04:41 +0000] "PUT /d1/736/AUTH_3cabf8f65b1441038a866bdea352727e/dispersion_0_0" 201 - "PUT http://172.20.0.104:6001/d1/764/AUTH_3cabf8f65b1441038a866bdea352727e/dispersion_0_0" "txcd1a42662722431a9bc37-0068dcfcb9" "container-server 21" 0.0098 "-" 20 0
Oct 1 10:04:41 np0005463867 account-server[114896]: 172.20.0.103 - - [01/Oct/2025:10:04:41 +0000] "PUT /d1/736/AUTH_3cabf8f65b1441038a866bdea352727e/dispersion_0_1" 201 - "PUT http://172.20.0.103:6001/d1/390/AUTH_3cabf8f65b1441038a866bdea352727e/dispersion_0_1" "tx0a6bd7106f134a1085d7a-0068dcfcb9" "container-server 23" 0.0087 "-" 22 0
Oct 1 10:04:41 np0005463867 account-server[114896]: 172.20.0.105 - - [01/Oct/2025:10:04:41 +0000] "PUT /d1/736/AUTH_3cabf8f65b1441038a866bdea352727e/dispersion_0_2" 201 - "PUT http://172.20.0.105:6001/d1/585/AUTH_3cabf8f65b1441038a866bdea352727e/dispersion_0_2" "txd447976931a14aebb6e3f-0068dcfcb9" "container-server 17" 0.0056 "-" 22 0
Oct 1 10:04:41 np0005463867 container-server[115462]: 172.20.0.5 - - [01/Oct/2025:10:04:41 +0000] "PUT /d1/585/AUTH_3cabf8f65b1441038a866bdea352727e/dispersion_0_2" 201 - "PUT http://swift-public-openstack.apps-crc.testing/v1/AUTH_3cabf8f65b1441038a866bdea352727e/dispersion_0_2?format=json" "txd447976931a14aebb6e3f-0068dcfcb9" "proxy-server 7" 0.0257 "-" 17 0
Oct 1 10:04:41 np0005463867 account-server[114896]: 172.20.0.105 - - [01/Oct/2025:10:04:41 +0000] "PUT /d1/736/AUTH_3cabf8f65b1441038a866bdea352727e/dispersion_0_5" 201 - "PUT http://172.20.0.105:6001/d1/817/AUTH_3cabf8f65b1441038a866bdea352727e/dispersion_0_5" "tx4fb4a5cf8ee64ee098282-0068dcfcb9" "container-server 14" 0.0066 "-" 22 0
Oct 1 10:04:41 np0005463867 container-server[115457]: 172.20.0.5 - - [01/Oct/2025:10:04:41 +0000] "PUT /d1/817/AUTH_3cabf8f65b1441038a866bdea352727e/dispersion_0_5" 201 - "PUT http://swift-public-openstack.apps-crc.testing/v1/AUTH_3cabf8f65b1441038a866bdea352727e/dispersion_0_5?format=json" "tx4fb4a5cf8ee64ee098282-0068dcfcb9" "proxy-server 16" 0.0320 "-" 14 0
Oct 1 10:04:41 np0005463867 account-server[114888]: 172.20.0.105 - - [01/Oct/2025:10:04:41 +0000] "PUT /d1/736/AUTH_3cabf8f65b1441038a866bdea352727e/dispersion_0_3" 201 - "PUT http://172.20.0.105:6001/d1/403/AUTH_3cabf8f65b1441038a866bdea352727e/dispersion_0_3" "tx9166ea2394e147cea14a8-0068dcfcb9" "container-server 14" 0.0081 "-" 20 0
Oct 1 10:04:41 np0005463867 container-server[115457]: 172.20.0.5 - - [01/Oct/2025:10:04:41 +0000] "PUT /d1/403/AUTH_3cabf8f65b1441038a866bdea352727e/dispersion_0_3" 201 - "PUT http://swift-public-openstack.apps-crc.testing/v1/AUTH_3cabf8f65b1441038a866bdea352727e/dispersion_0_3?format=json" "tx9166ea2394e147cea14a8-0068dcfcb9" "proxy-server 5" 0.0261 "-" 14 0
Oct 1 10:04:41 np0005463867 account-server[114892]: 172.20.0.104 - - [01/Oct/2025:10:04:41 +0000] "PUT /d1/736/AUTH_3cabf8f65b1441038a866bdea352727e/dispersion_0_19" 201 - "PUT http://172.20.0.104:6001/d1/327/AUTH_3cabf8f65b1441038a866bdea352727e/dispersion_0_19" "tx061005f9b7424e0ba6e6d-0068dcfcb9" "container-server 21" 0.0051 "-" 21 0
Oct 1 10:04:41 np0005463867 container-server[115462]: 172.20.0.5 - - [01/Oct/2025:10:04:41 +0000] "PUT /d1/327/AUTH_3cabf8f65b1441038a866bdea352727e/dispersion_0_19" 201 - "PUT http://swift-public-openstack.apps-crc.testing/v1/AUTH_3cabf8f65b1441038a866bdea352727e/dispersion_0_19?format=json" "tx061005f9b7424e0ba6e6d-0068dcfcb9" "proxy-server 16" 0.0189 "-" 17 0
Oct 1 10:04:41 np0005463867 account-server[114888]: 172.20.0.104 - - [01/Oct/2025:10:04:41 +0000] "PUT /d1/736/AUTH_3cabf8f65b1441038a866bdea352727e/dispersion_0_10" 201 - "PUT http://172.20.0.104:6001/d1/953/AUTH_3cabf8f65b1441038a866bdea352727e/dispersion_0_10" "tx4d9944a820434aee9870b-0068dcfcb9" "container-server 22" 0.0119 "-" 20 0
Oct 1 10:04:41 np0005463867 container-server[115457]: 172.20.0.5 - - [01/Oct/2025:10:04:41 +0000] "PUT /d1/353/AUTH_3cabf8f65b1441038a866bdea352727e/dispersion_0_20" 201 - "PUT http://swift-public-openstack.apps-crc.testing/v1/AUTH_3cabf8f65b1441038a866bdea352727e/dispersion_0_20?format=json" "tx658485d627674e26a4026-0068dcfcb9" "proxy-server 8" 0.0291 "-" 14 0
Oct 1 10:04:41 np0005463867 container-server[115458]: 172.20.0.5 - - [01/Oct/2025:10:04:41 +0000] "PUT /d1/953/AUTH_3cabf8f65b1441038a866bdea352727e/dispersion_0_10" 201 - "PUT http://swift-public-openstack.apps-crc.testing/v1/AUTH_3cabf8f65b1441038a866bdea352727e/dispersion_0_10?format=json" "tx4d9944a820434aee9870b-0068dcfcb9" "proxy-server 7" 0.0358 "-" 15 0
Oct 1 10:04:41 np0005463867 account-server[114892]: 172.20.0.105 - - [01/Oct/2025:10:04:41 +0000] "PUT /d1/736/AUTH_3cabf8f65b1441038a866bdea352727e/dispersion_0_4" 201 - "PUT http://172.20.0.105:6001/d1/529/AUTH_3cabf8f65b1441038a866bdea352727e/dispersion_0_4" "tx51a329e62fd242f7aa95e-0068dcfcb9" "container-server 16" 0.0115 "-" 21 0
Oct 1 10:04:41 np0005463867 container-server[115461]: 172.20.0.5 - - [01/Oct/2025:10:04:41 +0000] "PUT /d1/529/AUTH_3cabf8f65b1441038a866bdea352727e/dispersion_0_4" 201 - "PUT http://swift-public-openstack.apps-crc.testing/v1/AUTH_3cabf8f65b1441038a866bdea352727e/dispersion_0_4?format=json" "tx51a329e62fd242f7aa95e-0068dcfcb9" "proxy-server 5" 0.0290 "-" 16 0
Oct 1 10:04:41 np0005463867 account-server[114896]: 172.20.0.104 - - [01/Oct/2025:10:04:41 +0000] "PUT /d1/736/AUTH_3cabf8f65b1441038a866bdea352727e/dispersion_0_23" 201 - "PUT http://172.20.0.104:6001/d1/606/AUTH_3cabf8f65b1441038a866bdea352727e/dispersion_0_23" "tx0c5a44669db74acbb5f01-0068dcfcb9" "container-server 21" 0.0066 "-" 22 0
Oct 1 10:04:41 np0005463867 container-server[115462]: 172.20.0.5 - - [01/Oct/2025:10:04:41 +0000] "PUT /d1/606/AUTH_3cabf8f65b1441038a866bdea352727e/dispersion_0_23" 201 - "PUT http://swift-public-openstack.apps-crc.testing/v1/AUTH_3cabf8f65b1441038a866bdea352727e/dispersion_0_23?format=json" "tx0c5a44669db74acbb5f01-0068dcfcb9" "proxy-server 16" 0.0267 "-" 17 0
Oct 1 10:04:41 np0005463867 account-server[114908]: 172.20.0.105 - - [01/Oct/2025:10:04:41 +0000] "PUT /d1/736/AUTH_3cabf8f65b1441038a866bdea352727e/dispersion_0_24" 201 - "PUT http://172.20.0.105:6001/d1/187/AUTH_3cabf8f65b1441038a866bdea352727e/dispersion_0_24" "tx42d0b1e91f58498f8f4f9-0068dcfcb9" "container-server 16" 0.0055 "-" 23 0
Oct 1 10:04:41 np0005463867 container-server[115461]: 172.20.0.5 - - [01/Oct/2025:10:04:41 +0000] "PUT /d1/187/AUTH_3cabf8f65b1441038a866bdea352727e/dispersion_0_24" 201 - "PUT http://swift-public-openstack.apps-crc.testing/v1/AUTH_3cabf8f65b1441038a866bdea352727e/dispersion_0_24?format=json" "tx42d0b1e91f58498f8f4f9-0068dcfcb9" "proxy-server 6" 0.0177 "-" 16 0
Oct 1 10:04:41 np0005463867 account-server[114892]: 172.20.0.103 - - [01/Oct/2025:10:04:41 +0000] "PUT /d1/736/AUTH_3cabf8f65b1441038a866bdea352727e/dispersion_0_20" 201 - "PUT http://172.20.0.103:6001/d1/353/AUTH_3cabf8f65b1441038a866bdea352727e/dispersion_0_20" "tx658485d627674e26a4026-0068dcfcb9" "container-server 21" 0.0275 "-" 21 0
Oct 1 10:04:41 np0005463867 account-server[114892]: 172.20.0.105 - - [01/Oct/2025:10:04:41 +0000] "PUT /d1/736/AUTH_3cabf8f65b1441038a866bdea352727e/dispersion_0_11" 201 - "PUT http://172.20.0.105:6001/d1/981/AUTH_3cabf8f65b1441038a866bdea352727e/dispersion_0_11" "tx6e44c76d9ae448218607f-0068dcfcb9" "container-server 15" 0.0083 "-" 21 0
Oct 1 10:04:41 np0005463867 container-server[115458]: 172.20.0.5 - - [01/Oct/2025:10:04:41 +0000] "PUT /d1/981/AUTH_3cabf8f65b1441038a866bdea352727e/dispersion_0_11" 201 - "PUT http://swift-public-openstack.apps-crc.testing/v1/AUTH_3cabf8f65b1441038a866bdea352727e/dispersion_0_11?format=json" "tx6e44c76d9ae448218607f-0068dcfcb9" "proxy-server 8" 0.0246 "-" 15 0
Oct 1 10:04:41 np0005463867 account-server[114896]: 172.20.0.105 - - [01/Oct/2025:10:04:41 +0000] "PUT /d1/736/AUTH_3cabf8f65b1441038a866bdea352727e/dispersion_0_9" 201 - "PUT http://172.20.0.105:6001/d1/234/AUTH_3cabf8f65b1441038a866bdea352727e/dispersion_0_9" "txbb4beb095d544350b3eaa-0068dcfcb9" "container-server 14" 0.0390 "-" 22 0
Oct 1 10:04:41 np0005463867 container-server[115457]: 172.20.0.5 - - [01/Oct/2025:10:04:41 +0000] "PUT /d1/234/AUTH_3cabf8f65b1441038a866bdea352727e/dispersion_0_9" 201 - "PUT http://swift-public-openstack.apps-crc.testing/v1/AUTH_3cabf8f65b1441038a866bdea352727e/dispersion_0_9?format=json" "txbb4beb095d544350b3eaa-0068dcfcb9" "proxy-server 10" 0.0536 "-" 14 0
Oct 1 10:04:41 np0005463867 container-server[115457]: 172.20.0.5 - - [01/Oct/2025:10:04:41 +0000] "PUT /d1/369/AUTH_3cabf8f65b1441038a866bdea352727e/dispersion_0_7" 201 - "PUT http://swift-public-openstack.apps-crc.testing/v1/AUTH_3cabf8f65b1441038a866bdea352727e/dispersion_0_7?format=json" "tx1260c2a0b8db4a0ca1ba6-0068dcfcb9" "proxy-server 10" 0.0415 "-" 14 0
Oct 1 10:04:41 np0005463867 account-server[114892]: 172.20.0.103 - - [01/Oct/2025:10:04:41 +0000] "PUT /d1/736/AUTH_3cabf8f65b1441038a866bdea352727e/dispersion_0_28" 201 - "PUT http://172.20.0.103:6001/d1/426/AUTH_3cabf8f65b1441038a866bdea352727e/dispersion_0_28" "txe52ea82836b64d27b58f2-0068dcfcb9" "container-server 22" 0.0158 "-" 21 0
Oct 1 10:04:41 np0005463867 container-server[115462]: 172.20.0.5 - - [01/Oct/2025:10:04:41 +0000] "PUT /d1/551/AUTH_3cabf8f65b1441038a866bdea352727e/dispersion_0_12" 201 - "PUT http://swift-public-openstack.apps-crc.testing/v1/AUTH_3cabf8f65b1441038a866bdea352727e/dispersion_0_12?format=json" "txcedad3f069f34fe68dacb-0068dcfcb9" "proxy-server 10" 0.0205 "-" 17 0
Oct 1 10:04:41 np0005463867 container-server[115461]: 172.20.0.5 - - [01/Oct/2025:10:04:41 +0000] "PUT /d1/426/AUTH_3cabf8f65b1441038a866bdea352727e/dispersion_0_28" 201 - "PUT http://swift-public-openstack.apps-crc.testing/v1/AUTH_3cabf8f65b1441038a866bdea352727e/dispersion_0_28?format=json" "txe52ea82836b64d27b58f2-0068dcfcb9" "proxy-server 16" 0.0383 "-" 16 0
Oct 1 10:04:41 np0005463867 container-server[115461]: 172.20.0.5 - - [01/Oct/2025:10:04:41 +0000] "PUT /d1/217/AUTH_3cabf8f65b1441038a866bdea352727e/dispersion_0_29" 201 - "PUT http://swift-public-openstack.apps-crc.testing/v1/AUTH_3cabf8f65b1441038a866bdea352727e/dispersion_0_29?format=json" "txbb210283547f46d1b801a-0068dcfcb9" "proxy-server 8" 0.0206 "-" 16 0
Oct 1 10:04:41 np0005463867 account-server[114892]: 172.20.0.104 - - [01/Oct/2025:10:04:41 +0000] "PUT /d1/736/AUTH_3cabf8f65b1441038a866bdea352727e/dispersion_0_27" 201 - "PUT http://172.20.0.104:6001/d1/258/AUTH_3cabf8f65b1441038a866bdea352727e/dispersion_0_27" "tx8858be7b41734df9911b4-0068dcfcb9" "container-server 21" 0.0074 "-" 21 0
Oct 1 10:04:41 np0005463867 account-server[114896]: 172.20.0.104 - - [01/Oct/2025:10:04:41 +0000] "PUT /d1/736/AUTH_3cabf8f65b1441038a866bdea352727e/dispersion_0_29" 201 - "PUT http://172.20.0.104:6001/d1/217/AUTH_3cabf8f65b1441038a866bdea352727e/dispersion_0_29" "txbb210283547f46d1b801a-0068dcfcb9" "container-server 21" 0.0151 "-" 22 0
Oct 1 10:04:41 np0005463867 account-server[114908]: 172.20.0.103 - - [01/Oct/2025:10:04:41 +0000] "PUT /d1/736/AUTH_3cabf8f65b1441038a866bdea352727e/dispersion_0_7" 201 - "PUT http://172.20.0.103:6001/d1/369/AUTH_3cabf8f65b1441038a866bdea352727e/dispersion_0_7" "tx1260c2a0b8db4a0ca1ba6-0068dcfcb9" "container-server 22" 0.0470 "-" 23 0
Oct 1 10:04:41 np0005463867 container-server[115462]: 172.20.0.5 - - [01/Oct/2025:10:04:41 +0000] "PUT /d1/258/AUTH_3cabf8f65b1441038a866bdea352727e/dispersion_0_27" 201 - "PUT http://swift-public-openstack.apps-crc.testing/v1/AUTH_3cabf8f65b1441038a866bdea352727e/dispersion_0_27?format=json" "tx8858be7b41734df9911b4-0068dcfcb9" "proxy-server 7" 0.0628 "-" 17 0
Oct 1 10:04:41 np0005463867 container-server[115462]: 172.20.0.5 - - [01/Oct/2025:10:04:41 +0000] "PUT /d1/134/AUTH_3cabf8f65b1441038a866bdea352727e/dispersion_0_30" 201 - "PUT http://swift-public-openstack.apps-crc.testing/v1/AUTH_3cabf8f65b1441038a866bdea352727e/dispersion_0_30?format=json" "tx50b78fa0b21c4f68af8b4-0068dcfcb9" "proxy-server 5" 0.0300 "-" 17 0
Oct 1 10:04:42 np0005463867 container-server[115462]: 172.20.0.5 - - [01/Oct/2025:10:04:42 +0000] "PUT /d1/262/AUTH_3cabf8f65b1441038a866bdea352727e/dispersion_0_31" 201 - "PUT http://swift-public-openstack.apps-crc.testing/v1/AUTH_3cabf8f65b1441038a866bdea352727e/dispersion_0_31?format=json" "txe941871e5f364ca18f546-0068dcfcb9" "proxy-server 7" 0.0321 "-" 17 0
Oct 1 10:04:42 np0005463867 account-server[114896]: 172.20.0.103 - - [01/Oct/2025:10:04:42 +0000] "PUT /d1/736/AUTH_3cabf8f65b1441038a866bdea352727e/dispersion_0_32" 201 - "PUT http://172.20.0.103:6001/d1/451/AUTH_3cabf8f65b1441038a866bdea352727e/dispersion_0_32" "tx59b7c82bfb7f44b099f7f-0068dcfcb9" "container-server 20" 0.0086 "-" 22 0
Oct 1 10:04:42 np0005463867 account-server[114896]: 172.20.0.105 - - [01/Oct/2025:10:04:42 +0000] "PUT /d1/736/AUTH_3cabf8f65b1441038a866bdea352727e/dispersion_0_33" 201 - "PUT http://172.20.0.105:6001/d1/997/AUTH_3cabf8f65b1441038a866bdea352727e/dispersion_0_33" "txf0e717f7f05b46b4b8bae-0068dcfcb9" "container-server 16" 0.0063 "-" 22 0
Oct 1 10:04:42 np0005463867 container-server[115461]: 172.20.0.5 - - [01/Oct/2025:10:04:42 +0000] "PUT /d1/209/AUTH_3cabf8f65b1441038a866bdea352727e/dispersion_0_16" 201 - "PUT http://swift-public-openstack.apps-crc.testing/v1/AUTH_3cabf8f65b1441038a866bdea352727e/dispersion_0_16?format=json" "tx176af02a2b974866af9f1-0068dcfcb9" "proxy-server 5" 0.0300 "-" 16 0
Oct 1 10:04:42 np0005463867 container-server[115461]: 172.20.0.5 - - [01/Oct/2025:10:04:42 +0000] "PUT /d1/997/AUTH_3cabf8f65b1441038a866bdea352727e/dispersion_0_33" 201 - "PUT http://swift-public-openstack.apps-crc.testing/v1/AUTH_3cabf8f65b1441038a866bdea352727e/dispersion_0_33?format=json" "txf0e717f7f05b46b4b8bae-0068dcfcb9" "proxy-server 5" 0.0214 "-" 16 0
Oct 1 10:04:42 np0005463867 account-server[114892]: 172.20.0.103 - - [01/Oct/2025:10:04:42 +0000] "PUT /d1/736/AUTH_3cabf8f65b1441038a866bdea352727e/dispersion_0_15" 201 - "PUT http://172.20.0.103:6001/d1/301/AUTH_3cabf8f65b1441038a866bdea352727e/dispersion_0_15" "tx98964f3b0bb0445281bf8-0068dcfcb9" "container-server 21" 0.0276 "-" 21 0
Oct 1 10:04:42 np0005463867 container-server[115462]: 172.20.0.5 - - [01/Oct/2025:10:04:42 +0000] "PUT /d1/451/AUTH_3cabf8f65b1441038a866bdea352727e/dispersion_0_32" 201 - "PUT http://swift-public-openstack.apps-crc.testing/v1/AUTH_3cabf8f65b1441038a866bdea352727e/dispersion_0_32?format=json" "tx59b7c82bfb7f44b099f7f-0068dcfcb9" "proxy-server 16" 0.0420 "-" 17 0
Oct 1 10:04:42 np0005463867 container-server[115457]: 172.20.0.5 - - [01/Oct/2025:10:04:42 +0000] "PUT /d1/558/AUTH_3cabf8f65b1441038a866bdea352727e/dispersion_0_34" 201 - "PUT http://swift-public-openstack.apps-crc.testing/v1/AUTH_3cabf8f65b1441038a866bdea352727e/dispersion_0_34?format=json" "tx49b3380fbbc5433692189-0068dcfcba" "proxy-server 8" 0.0300 "-" 14 0
Oct 1 10:04:42 np0005463867 account-server[114892]: 172.20.0.104 - - [01/Oct/2025:10:04:42 +0000] "PUT /d1/736/AUTH_3cabf8f65b1441038a866bdea352727e/dispersion_0_12" 201 - "PUT http://172.20.0.104:6001/d1/551/AUTH_3cabf8f65b1441038a866bdea352727e/dispersion_0_12" "txcedad3f069f34fe68dacb-0068dcfcb9" "container-server 22" 0.0084 "-" 21 0
Oct 1 10:04:42 np0005463867 account-server[114888]: 172.20.0.104 - - [01/Oct/2025:10:04:42 +0000] "PUT /d1/736/AUTH_3cabf8f65b1441038a866bdea352727e/dispersion_0_30" 201 - "PUT http://172.20.0.104:6001/d1/134/AUTH_3cabf8f65b1441038a866bdea352727e/dispersion_0_30" "tx50b78fa0b21c4f68af8b4-0068dcfcb9" "container-server 22" 0.0256 "-" 20 0
Oct 1 10:04:42 np0005463867 account-server[114892]: 172.20.0.104 - - [01/Oct/2025:10:04:42 +0000] "PUT /d1/736/AUTH_3cabf8f65b1441038a866bdea352727e/dispersion_0_31" 201 - "PUT http://172.20.0.104:6001/d1/262/AUTH_3cabf8f65b1441038a866bdea352727e/dispersion_0_31" "txe941871e5f364ca18f546-0068dcfcb9" "container-server 22" 0.0180 "-" 21 0
Oct 1 10:04:42 np0005463867 container-server[115461]: 172.20.0.5 - - [01/Oct/2025:10:04:42 +0000] "PUT /d1/1021/AUTH_3cabf8f65b1441038a866bdea352727e/dispersion_0_35" 201 - "PUT http://swift-public-openstack.apps-crc.testing/v1/AUTH_3cabf8f65b1441038a866bdea352727e/dispersion_0_35?format=json" "tx455feb5756c74af5a5d3c-0068dcfcba" "proxy-server 7" 0.0498 "-" 16 0
Oct 1 10:04:42 np0005463867 container-server[115457]: 172.20.0.5 - - [01/Oct/2025:10:04:42 +0000] "PUT /d1/778/AUTH_3cabf8f65b1441038a866bdea352727e/dispersion_0_37" 201 - "PUT http://swift-public-openstack.apps-crc.testing/v1/AUTH_3cabf8f65b1441038a866bdea352727e/dispersion_0_37?format=json" "tx4a21c67ebaf14024bb776-0068dcfcba" "proxy-server 6" 0.0175 "-" 14 0
Oct 1 10:04:42 np0005463867 account-server[114892]: 172.20.0.104 - - [01/Oct/2025:10:04:42 +0000] "PUT /d1/736/AUTH_3cabf8f65b1441038a866bdea352727e/dispersion_0_35" 201 - "PUT http://172.20.0.104:6001/d1/1021/AUTH_3cabf8f65b1441038a866bdea352727e/dispersion_0_35" "tx455feb5756c74af5a5d3c-0068dcfcba" "container-server 20" 0.0219 "-" 21 0
Oct 1 10:04:42 np0005463867 container-server[115461]: 172.20.0.5 - - [01/Oct/2025:10:04:42 +0000] "PUT /d1/39/AUTH_3cabf8f65b1441038a866bdea352727e/dispersion_0_39" 201 - "PUT http://swift-public-openstack.apps-crc.testing/v1/AUTH_3cabf8f65b1441038a866bdea352727e/dispersion_0_39?format=json" "tx06c54a6102ca4fc890473-0068dcfcba" "proxy-server 10" 0.0182 "-" 16 0
Oct 1 10:04:42 np0005463867 account-server[114896]: 172.20.0.103 - - [01/Oct/2025:10:04:42 +0000] "PUT /d1/736/AUTH_3cabf8f65b1441038a866bdea352727e/dispersion_0_21" 201 - "PUT http://172.20.0.103:6001/d1/229/AUTH_3cabf8f65b1441038a866bdea352727e/dispersion_0_21" "tx4ed925d2da404ada91022-0068dcfcb9" "container-server 23" 0.0167 "-" 22 0
Oct 1 10:04:42 np0005463867 container-server[115462]: 172.20.0.5 - - [01/Oct/2025:10:04:42 +0000] "PUT /d1/229/AUTH_3cabf8f65b1441038a866bdea352727e/dispersion_0_21" 201 - "PUT http://swift-public-openstack.apps-crc.testing/v1/AUTH_3cabf8f65b1441038a866bdea352727e/dispersion_0_21?format=json" "tx4ed925d2da404ada91022-0068dcfcb9" "proxy-server 10" 0.0565 "-" 17 0
Oct 1 10:04:42 np0005463867 account-server[114896]: 172.20.0.104 - - [01/Oct/2025:10:04:42 +0000] "PUT /d1/736/AUTH_3cabf8f65b1441038a866bdea352727e/dispersion_0_34" 201 - "PUT http://172.20.0.104:6001/d1/558/AUTH_3cabf8f65b1441038a866bdea352727e/dispersion_0_34" "tx49b3380fbbc5433692189-0068dcfcba" "container-server 22" 0.0050 "-" 22 0
Oct 1 10:04:42 np0005463867 account-server[114896]: 172.20.0.105 - - [01/Oct/2025:10:04:42 +0000] "PUT /d1/736/AUTH_3cabf8f65b1441038a866bdea352727e/dispersion_0_36" 201 - "PUT http://172.20.0.105:6001/d1/79/AUTH_3cabf8f65b1441038a866bdea352727e/dispersion_0_36" "tx7dd95c83083e4369b0b47-0068dcfcba" "container-server 17" 0.0430 "-" 22 0
Oct 1 10:04:42 np0005463867 container-server[115462]: 172.20.0.5 - - [01/Oct/2025:10:04:42 +0000] "PUT /d1/79/AUTH_3cabf8f65b1441038a866bdea352727e/dispersion_0_36" 201 - "PUT http://swift-public-openstack.apps-crc.testing/v1/AUTH_3cabf8f65b1441038a866bdea352727e/dispersion_0_36?format=json" "tx7dd95c83083e4369b0b47-0068dcfcba" "proxy-server 16" 0.0547 "-" 17 0
Oct 1 10:04:42 np0005463867 account-server[114892]: 172.20.0.104 - - [01/Oct/2025:10:04:42 +0000] "PUT /d1/736/AUTH_3cabf8f65b1441038a866bdea352727e/dispersion_0_39" 201 - "PUT http://172.20.0.104:6001/d1/39/AUTH_3cabf8f65b1441038a866bdea352727e/dispersion_0_39" "tx06c54a6102ca4fc890473-0068dcfcba" "container-server 20" 0.0251 "-" 21 0
Oct 1 10:04:42 np0005463867 account-server[114908]: 172.20.0.104 - - [01/Oct/2025:10:04:42 +0000] "PUT /d1/736/AUTH_3cabf8f65b1441038a866bdea352727e/dispersion_0_40" 201 - "PUT http://172.20.0.104:6001/d1/950/AUTH_3cabf8f65b1441038a866bdea352727e/dispersion_0_40" "txa24b1ab3359c484c8e6f8-0068dcfcba" "container-server 23" 0.0046 "-" 23 0
Oct 1 10:04:42 np0005463867 container-server[115462]: 172.20.0.5 - - [01/Oct/2025:10:04:42 +0000] "PUT /d1/18/AUTH_3cabf8f65b1441038a866bdea352727e/dispersion_0_17" 201 - "PUT http://swift-public-openstack.apps-crc.testing/v1/AUTH_3cabf8f65b1441038a866bdea352727e/dispersion_0_17?format=json" "txe61ce019a8f14789b705c-0068dcfcb9" "proxy-server 9" 0.0569 "-" 17 0
Oct 1 10:04:42 np0005463867 account-server[114908]: 172.20.0.104 - - [01/Oct/2025:10:04:42 +0000] "PUT /d1/736/AUTH_3cabf8f65b1441038a866bdea352727e/dispersion_0_16" 201 - "PUT http://172.20.0.104:6001/d1/209/AUTH_3cabf8f65b1441038a866bdea352727e/dispersion_0_16" "tx176af02a2b974866af9f1-0068dcfcb9" "container-server 20" 0.0781 "-" 23 0
Oct 1 10:04:42 np0005463867 container-server[115458]: 172.20.0.5 - - [01/Oct/2025:10:04:42 +0000] "PUT /d1/950/AUTH_3cabf8f65b1441038a866bdea352727e/dispersion_0_40" 201 - "PUT http://swift-public-openstack.apps-crc.testing/v1/AUTH_3cabf8f65b1441038a866bdea352727e/dispersion_0_40?format=json" "txa24b1ab3359c484c8e6f8-0068dcfcba" "proxy-server 8" 0.0279 "-" 15 0
Oct 1 10:04:42 np0005463867 account-server[114888]: 172.20.0.103 - - [01/Oct/2025:10:04:42 +0000] "PUT /d1/736/AUTH_3cabf8f65b1441038a866bdea352727e/dispersion_0_37" 201 - "PUT http://172.20.0.103:6001/d1/778/AUTH_3cabf8f65b1441038a866bdea352727e/dispersion_0_37" "tx4a21c67ebaf14024bb776-0068dcfcba" "container-server 21" 0.0437 "-" 20 0
Oct 1 10:04:42 np0005463867 container-server[115457]: 172.20.0.5 - - [01/Oct/2025:10:04:42 +0000] "PUT /d1/912/AUTH_3cabf8f65b1441038a866bdea352727e/dispersion_0_41" 201 - "PUT http://swift-public-openstack.apps-crc.testing/v1/AUTH_3cabf8f65b1441038a866bdea352727e/dispersion_0_41?format=json" "tx554035ccd7c543648b025-0068dcfcba" "proxy-server 16" 0.0219 "-" 14 0
Oct 1 10:04:42 np0005463867 account-server[114908]: 172.20.0.104 - - [01/Oct/2025:10:04:42 +0000] "PUT /d1/736/AUTH_3cabf8f65b1441038a866bdea352727e/dispersion_0_41" 201 - "PUT http://172.20.0.104:6001/d1/912/AUTH_3cabf8f65b1441038a866bdea352727e/dispersion_0_41" "tx554035ccd7c543648b025-0068dcfcba" "container-server 23" 0.0147 "-" 23 0
Oct 1 10:04:42 np0005463867 container-server[115462]: 172.20.0.5 - - [01/Oct/2025:10:04:42 +0000] "PUT /d1/301/AUTH_3cabf8f65b1441038a866bdea352727e/dispersion_0_15" 201 - "PUT http://swift-public-openstack.apps-crc.testing/v1/AUTH_3cabf8f65b1441038a866bdea352727e/dispersion_0_15?format=json" "tx98964f3b0bb0445281bf8-0068dcfcb9" "proxy-server 12" 0.1499 "-" 17 0
Oct 1 10:04:42 np0005463867 account-server[114888]: 172.20.0.104 - - [01/Oct/2025:10:04:42 +0000] "PUT /d1/736/AUTH_3cabf8f65b1441038a866bdea352727e/dispersion_0_17" 201 - "PUT http://172.20.0.104:6001/d1/18/AUTH_3cabf8f65b1441038a866bdea352727e/dispersion_0_17" "txe61ce019a8f14789b705c-0068dcfcb9" "container-server 23" 0.0746 "-" 20 0
Oct 1 10:04:42 np0005463867 container-server[115461]: 172.20.0.5 - - [01/Oct/2025:10:04:42 +0000] "PUT /d1/238/AUTH_3cabf8f65b1441038a866bdea352727e/dispersion_0_42" 201 - "PUT http://swift-public-openstack.apps-crc.testing/v1/AUTH_3cabf8f65b1441038a866bdea352727e/dispersion_0_42?format=json" "tx86fd72df505d4fa7a0509-0068dcfcba" "proxy-server 10" 0.0242 "-" 16 0
Oct 1 10:04:42 np0005463867 account-server[114896]: 172.20.0.103 - - [01/Oct/2025:10:04:42 +0000] "PUT /d1/736/AUTH_3cabf8f65b1441038a866bdea352727e/dispersion_0_42" 201 - "PUT http://172.20.0.103:6001/d1/238/AUTH_3cabf8f65b1441038a866bdea352727e/dispersion_0_42" "tx86fd72df505d4fa7a0509-0068dcfcba" "container-server 23" 0.0164 "-" 22 0
Oct 1 10:04:42 np0005463867 container-server[115461]: 172.20.0.5 - - [01/Oct/2025:10:04:42 +0000] "PUT /d1/173/AUTH_3cabf8f65b1441038a866bdea352727e/dispersion_0_43" 201 - "PUT http://swift-public-openstack.apps-crc.testing/v1/AUTH_3cabf8f65b1441038a866bdea352727e/dispersion_0_43?format=json" "tx3b48e5abcde54a748e8e4-0068dcfcba" "proxy-server 8" 0.0186 "-" 16 0
Oct 1 10:04:42 np0005463867 account-server[114896]: 172.20.0.104 - - [01/Oct/2025:10:04:42 +0000] "PUT /d1/736/AUTH_3cabf8f65b1441038a866bdea352727e/dispersion_0_43" 201 - "PUT http://172.20.0.104:6001/d1/173/AUTH_3cabf8f65b1441038a866bdea352727e/dispersion_0_43" "tx3b48e5abcde54a748e8e4-0068dcfcba" "container-server 23" 0.0054 "-" 22 0
Oct 1 10:04:42 np0005463867 container-server[115458]: 172.20.0.5 - - [01/Oct/2025:10:04:42 +0000] "PUT /d1/671/AUTH_3cabf8f65b1441038a866bdea352727e/dispersion_0_44" 201 - "PUT http://swift-public-openstack.apps-crc.testing/v1/AUTH_3cabf8f65b1441038a866bdea352727e/dispersion_0_44?format=json" "tx7d52f7c47e884efe8f93a-0068dcfcba" "proxy-server 6" 0.0193 "-" 15 0
Oct 1 10:04:42 np0005463867 account-server[114892]: 172.20.0.104 - - [01/Oct/2025:10:04:42 +0000] "PUT /d1/736/AUTH_3cabf8f65b1441038a866bdea352727e/dispersion_0_44" 201 - "PUT http://172.20.0.104:6001/d1/671/AUTH_3cabf8f65b1441038a866bdea352727e/dispersion_0_44" "tx7d52f7c47e884efe8f93a-0068dcfcba" "container-server 23" 0.0166 "-" 21 0
Oct 1 10:04:42 np0005463867 account-server[114908]: 172.20.0.105 - - [01/Oct/2025:10:04:42 +0000] "PUT /d1/736/AUTH_3cabf8f65b1441038a866bdea352727e/dispersion_0_45" 201 - "PUT http://172.20.0.105:6001/d1/620/AUTH_3cabf8f65b1441038a866bdea352727e/dispersion_0_45" "tx6a4258e8ed3548e9a72cf-0068dcfcba" "container-server 14" 0.0060 "-" 23 0
Oct 1 10:04:42 np0005463867 container-server[115457]: 172.20.0.5 - - [01/Oct/2025:10:04:42 +0000] "PUT /d1/620/AUTH_3cabf8f65b1441038a866bdea352727e/dispersion_0_45" 201 - "PUT http://swift-public-openstack.apps-crc.testing/v1/AUTH_3cabf8f65b1441038a866bdea352727e/dispersion_0_45?format=json" "tx6a4258e8ed3548e9a72cf-0068dcfcba" "proxy-server 9" 0.0201 "-" 14 0
Oct 1 10:04:42 np0005463867 account-server[114908]: 172.20.0.104 - - [01/Oct/2025:10:04:42 +0000] "PUT /d1/736/AUTH_3cabf8f65b1441038a866bdea352727e/dispersion_0_46" 201 - "PUT http://172.20.0.104:6001/d1/588/AUTH_3cabf8f65b1441038a866bdea352727e/dispersion_0_46" "tx50886900f5f04d639684b-0068dcfcba" "container-server 21" 0.0055 "-" 23 0
Oct 1 10:04:42 np0005463867 account-server[114888]: 172.20.0.103 - - [01/Oct/2025:10:04:42 +0000] "PUT /d1/736/AUTH_3cabf8f65b1441038a866bdea352727e/dispersion_0_47" 201 - "PUT http://172.20.0.103:6001/d1/1012/AUTH_3cabf8f65b1441038a866bdea352727e/dispersion_0_47" "tx9ed1ce22b1544a85b8d59-0068dcfcba" "container-server 22" 0.0052 "-" 20 0
Oct 1 10:04:42 np0005463867 account-server[114908]: 172.20.0.105 - - [01/Oct/2025:10:04:42 +0000] "PUT /d1/736/AUTH_3cabf8f65b1441038a866bdea352727e/dispersion_0_48" 201 - "PUT http://172.20.0.105:6001/d1/71/AUTH_3cabf8f65b1441038a866bdea352727e/dispersion_0_48" "txb58536a7461144d5833c9-0068dcfcba" "container-server 16" 0.0033 "-" 23 0
Oct 1 10:04:42 np0005463867 container-server[115461]: 172.20.0.5 - - [01/Oct/2025:10:04:42 +0000] "PUT /d1/71/AUTH_3cabf8f65b1441038a866bdea352727e/dispersion_0_48" 201 - "PUT http://swift-public-openstack.apps-crc.testing/v1/AUTH_3cabf8f65b1441038a866bdea352727e/dispersion_0_48?format=json" "txb58536a7461144d5833c9-0068dcfcba" "proxy-server 8" 0.0108 "-" 16 0
Oct 1 10:04:42 np0005463867 container-server[115462]: 172.20.0.5 - - [01/Oct/2025:10:04:42 +0000] "PUT /d1/588/AUTH_3cabf8f65b1441038a866bdea352727e/dispersion_0_46" 201 - "PUT http://swift-public-openstack.apps-crc.testing/v1/AUTH_3cabf8f65b1441038a866bdea352727e/dispersion_0_46?format=json" "tx50886900f5f04d639684b-0068dcfcba" "proxy-server 10" 0.0388 "-" 17 0
Oct 1 10:04:42 np0005463867 account-server[114888]: 172.20.0.105 - - [01/Oct/2025:10:04:42 +0000] "PUT /d1/736/AUTH_3cabf8f65b1441038a866bdea352727e/dispersion_0_49" 201 - "PUT http://172.20.0.105:6001/d1/584/AUTH_3cabf8f65b1441038a866bdea352727e/dispersion_0_49" "tx95124dc7d62445938b634-0068dcfcba" "container-server 14" 0.0045 "-" 20 0
Oct 1 10:04:42 np0005463867 container-server[115457]: 172.20.0.5 - - [01/Oct/2025:10:04:42 +0000] "PUT /d1/584/AUTH_3cabf8f65b1441038a866bdea352727e/dispersion_0_49" 201 - "PUT http://swift-public-openstack.apps-crc.testing/v1/AUTH_3cabf8f65b1441038a866bdea352727e/dispersion_0_49?format=json" "tx95124dc7d62445938b634-0068dcfcba" "proxy-server 8" 0.0218 "-" 14 0
Oct 1 10:04:42 np0005463867 account-server[114892]: 172.20.0.104 - - [01/Oct/2025:10:04:42 +0000] "PUT /d1/736/AUTH_3cabf8f65b1441038a866bdea352727e/dispersion_0_50" 201 - "PUT http://172.20.0.104:6001/d1/1016/AUTH_3cabf8f65b1441038a866bdea352727e/dispersion_0_50" "txad50554f1938467784a15-0068dcfcba" "container-server 21" 0.0060 "-" 21 0
Oct 1 10:04:42 np0005463867 account-server[114888]: 172.20.0.105 - - [01/Oct/2025:10:04:42 +0000] "PUT /d1/736/AUTH_3cabf8f65b1441038a866bdea352727e/dispersion_0_51" 201 - "PUT http://172.20.0.105:6001/d1/775/AUTH_3cabf8f65b1441038a866bdea352727e/dispersion_0_51" "tx48829202b07044e59d2c3-0068dcfcba" "container-server 17" 0.0039 "-" 20 0
Oct 1 10:04:42 np0005463867 container-server[115462]: 172.20.0.5 - - [01/Oct/2025:10:04:42 +0000] "PUT /d1/775/AUTH_3cabf8f65b1441038a866bdea352727e/dispersion_0_51" 201 - "PUT http://swift-public-openstack.apps-crc.testing/v1/AUTH_3cabf8f65b1441038a866bdea352727e/dispersion_0_51?format=json" "tx48829202b07044e59d2c3-0068dcfcba" "proxy-server 10" 0.0206 "-" 17 0
Oct 1 10:04:42 np0005463867 container-server[115457]: 172.20.0.5 - - [01/Oct/2025:10:04:42 +0000] "PUT /d1/1016/AUTH_3cabf8f65b1441038a866bdea352727e/dispersion_0_50" 201 - "PUT http://swift-public-openstack.apps-crc.testing/v1/AUTH_3cabf8f65b1441038a866bdea352727e/dispersion_0_50?format=json" "txad50554f1938467784a15-0068dcfcba" "proxy-server 10" 0.0358 "-" 14 0
Oct 1 10:04:42 np0005463867 container-server[115462]: 172.20.0.5 - - [01/Oct/2025:10:04:42 +0000] "PUT /d1/1012/AUTH_3cabf8f65b1441038a866bdea352727e/dispersion_0_47" 201 - "PUT http://swift-public-openstack.apps-crc.testing/v1/AUTH_3cabf8f65b1441038a866bdea352727e/dispersion_0_47?format=json" "tx9ed1ce22b1544a85b8d59-0068dcfcba" "proxy-server 16" 0.0676 "-" 17 0
Oct 1 10:04:42 np0005463867 container-server[115457]: 172.20.0.5 - - [01/Oct/2025:10:04:42 +0000] "PUT /d1/917/AUTH_3cabf8f65b1441038a866bdea352727e/dispersion_0_52" 201 - "PUT http://swift-public-openstack.apps-crc.testing/v1/AUTH_3cabf8f65b1441038a866bdea352727e/dispersion_0_52?format=json" "txadd45c78bafd409b8cc92-0068dcfcba" "proxy-server 9" 0.0175 "-" 14 0
Oct 1 10:04:42 np0005463867 account-server[114892]: 172.20.0.105 - - [01/Oct/2025:10:04:42 +0000] "PUT /d1/736/AUTH_3cabf8f65b1441038a866bdea352727e/dispersion_0_53" 201 - "PUT http://172.20.0.105:6001/d1/616/AUTH_3cabf8f65b1441038a866bdea352727e/dispersion_0_53" "tx69480a4082ce43e682b3d-0068dcfcba" "container-server 15" 0.0091 "-" 21 0
Oct 1 10:04:42 np0005463867 container-server[115458]: 172.20.0.5 - - [01/Oct/2025:10:04:42 +0000] "PUT /d1/616/AUTH_3cabf8f65b1441038a866bdea352727e/dispersion_0_53" 201 - "PUT http://swift-public-openstack.apps-crc.testing/v1/AUTH_3cabf8f65b1441038a866bdea352727e/dispersion_0_53?format=json" "tx69480a4082ce43e682b3d-0068dcfcba" "proxy-server 6" 0.0279 "-" 15 0
Oct 1 10:04:42 np0005463867 account-server[114892]: 172.20.0.103 - - [01/Oct/2025:10:04:42 +0000] "PUT /d1/736/AUTH_3cabf8f65b1441038a866bdea352727e/dispersion_0_54" 201 - "PUT http://172.20.0.103:6001/d1/577/AUTH_3cabf8f65b1441038a866bdea352727e/dispersion_0_54" "tx7c2ba9dca70845eb8574e-0068dcfcba" "container-server 21" 0.0060 "-" 21 0
Oct 1 10:04:42 np0005463867 account-server[114908]: 172.20.0.104 - - [01/Oct/2025:10:04:42 +0000] "PUT /d1/736/AUTH_3cabf8f65b1441038a866bdea352727e/dispersion_0_52" 201 - "PUT http://172.20.0.104:6001/d1/917/AUTH_3cabf8f65b1441038a866bdea352727e/dispersion_0_52" "txadd45c78bafd409b8cc92-0068dcfcba" "container-server 23" 0.0264 "-" 23 0
