Oct 1 10:02:09 np0005463865 account-server[110367]: Removed 0 dbs
Oct 1 10:02:09 np0005463865 account-server[110367]: 2 successes, 0 failures
Oct 1 10:02:09 np0005463865 account-server[110367]: diff:0 diff_capped:0 empty:0 hashmatch:0 no_change:2 remote_merge:0 rsync:0 ts_repl:0
Oct 1 10:02:13 np0005463865 object-server[110990]: Starting object replication pass.
Oct 1 10:02:14 np0005463865 object-server[110990]: 2/2 (100.00%) partitions replicated in 0.05s (40.36/sec, 0s remaining)
Oct 1 10:02:14 np0005463865 object-server[110990]: 4 successes, 0 failures
Oct 1 10:02:14 np0005463865 object-server[110990]: 2 suffixes checked - 0.00% hashed, 0.00% synced
Oct 1 10:02:14 np0005463865 object-server[110990]: Partition times: max 0.0365s, min 0.0104s, med 0.0365s
Oct 1 10:02:14 np0005463865 object-server[110990]: Object replication complete. (0.00 minutes)
Oct 1 10:02:28 np0005463865 object-server[417281]: Begin object audit "forever" mode (ZBF)
Oct 1 10:02:28 np0005463865 object-server[417281]: Object audit (ZBF). Since Wed Oct 1 10:02:28 2025: Locally: 1 passed, 0 quarantined, 0 errors, files/sec: 781.06, bytes/sec: 0.00, Total time: 0.00, Auditing time: 0.00, Rate: 0.00
Oct 1 10:02:28 np0005463865 object-server[417281]: Object audit (ZBF) "forever" mode completed: 0.00s. Total quarantined: 0, Total errors: 0, Total files/sec: 526.10, Total bytes/sec: 0.00, Auditing time: 0.00, Rate: 0.21
Oct 1 10:02:30 np0005463865 object-server[111338]: Begin object update sweep
Oct 1 10:02:30 np0005463865 object-server[417533]: Object update sweep starting on /srv/node/d1 (pid: 29)
Oct 1 10:02:30 np0005463865 object-server[417533]: Object update sweep completed on /srv/node/d1 in 0.00s seconds:, 0 successes, 0 failures, 0 quarantines, 0 unlinks, 0 errors, 0 redirects (pid: 29)
Oct 1 10:02:30 np0005463865 object-server[417533]: Object update sweep of d1 completed: 0.00s, 0 successes, 0 failures, 0 quarantines, 0 unlinks, 0 errors, 0 redirects
Oct 1 10:02:30 np0005463865 object-server[111338]: Object update sweep completed: 0.07s
Oct 1 10:02:34 np0005463865 container-server[110543]: Beginning replication run
Oct 1 10:02:34 np0005463865 container-server[110543]: Replication run OVER
Oct 1 10:02:34 np0005463865 container-server[110543]: Attempted to replicate 1 dbs in 0.01946 seconds (51.37785/s)
Oct 1 10:02:34 np0005463865 container-server[110543]: Removed 0 dbs
Oct 1 10:02:34 np0005463865 container-server[110543]: 2 successes, 0 failures
Oct 1 10:02:34 np0005463865 container-server[110543]: diff:0 diff_capped:0 empty:0 hashmatch:0 no_change:2 remote_merge:0 rsync:0 ts_repl:0
Oct 1 10:02:39 np0005463865 account-server[110367]: Beginning replication run
Oct 1 10:02:39 np0005463865 account-server[110367]: Replication run OVER
Oct 1 10:02:39 np0005463865 account-server[110367]: Attempted to replicate 1 dbs in 0.01921 seconds (52.05116/s)
Oct 1 10:02:39 np0005463865 account-server[110367]: Removed 0 dbs
Oct 1 10:02:39 np0005463865 account-server[110367]: 2 successes, 0 failures
Oct 1 10:02:39 np0005463865 account-server[110367]: diff:0 diff_capped:0 empty:0 hashmatch:0 no_change:2 remote_merge:0 rsync:0 ts_repl:0
Oct 1 10:02:43 np0005463865 container-server[110716]: Begin container update sweep
Oct 1 10:02:43 np0005463865 container-server[110716]: Container update sweep completed: 0.10s
Oct 1 10:02:44 np0005463865 object-server[110990]: Starting object replication pass.
Oct 1 10:02:44 np0005463865 object-server[110990]: 2/2 (100.00%) partitions replicated in 0.03s (74.45/sec, 0s remaining)
Oct 1 10:02:44 np0005463865 object-server[110990]: 4 successes, 0 failures
Oct 1 10:02:44 np0005463865 object-server[110990]: 2 suffixes checked - 0.00% hashed, 0.00% synced
Oct 1 10:02:44 np0005463865 object-server[110990]: Partition times: max 0.0134s, min 0.0098s, med 0.0134s
Oct 1 10:02:44 np0005463865 object-server[110990]: Object replication complete. (0.00 minutes)
Oct 1 10:02:58 np0005463865 object-server[417751]: Begin object audit "forever" mode (ZBF)
Oct 1 10:02:58 np0005463865 object-server[417751]: Object audit (ZBF). Since Wed Oct 1 10:02:58 2025: Locally: 1 passed, 0 quarantined, 0 errors, files/sec: 690.08, bytes/sec: 0.00, Total time: 0.00, Auditing time: 0.00, Rate: 0.00
Oct 1 10:02:58 np0005463865 object-server[417752]: Begin object audit "forever" mode (ALL)
Oct 1 10:02:58 np0005463865 object-server[417751]: Object audit (ZBF) "forever" mode completed: 0.00s. Total quarantined: 0, Total errors: 0, Total files/sec: 437.59, Total bytes/sec: 0.00, Auditing time: 0.00, Rate: 0.22
Oct 1 10:03:01 np0005463865 object-server[417752]: Object audit (ALL). Since Wed Oct 1 10:02:58 2025: Locally: 1 passed, 0 quarantined, 0 errors, files/sec: 0.46, bytes/sec: 10034405.89, Total time: 2.16, Auditing time: 0.00, Rate: 0.00
Oct 1 10:03:01 np0005463865 object-server[417752]: Object audit (ALL) "forever" mode completed: 2.17s. Total quarantined: 0, Total errors: 0, Total files/sec: 0.92, Total bytes/sec: 10018220.53, Auditing time: 2.16, Rate: 1.00
Oct 1 10:03:04 np0005463865 container-server[110543]: Beginning replication run
Oct 1 10:03:04 np0005463865 container-server[110543]: Replication run OVER
Oct 1 10:03:04 np0005463865 container-server[110543]: Attempted to replicate 1 dbs in 0.02168 seconds (46.13210/s)
Oct 1 10:03:04 np0005463865 container-server[110543]: Removed 0 dbs
Oct 1 10:03:04 np0005463865 container-server[110543]: 2 successes, 0 failures
Oct 1 10:03:04 np0005463865 container-server[110543]: diff:0 diff_capped:0 empty:0 hashmatch:0 no_change:2 remote_merge:0 rsync:0 ts_repl:0
Oct 1 10:03:09 np0005463865 account-server[110367]: Beginning replication run
Oct 1 10:03:09 np0005463865 account-server[110367]: Replication run OVER
Oct 1 10:03:09 np0005463865 account-server[110367]: Attempted to replicate 1 dbs in 0.01511 seconds (66.19127/s)
Oct 1 10:03:09 np0005463865 account-server[110367]: Removed 0 dbs
Oct 1 10:03:09 np0005463865 account-server[110367]: 2 successes, 0 failures
Oct 1 10:03:09 np0005463865 account-server[110367]: diff:0 diff_capped:0 empty:0 hashmatch:0 no_change:2 remote_merge:0 rsync:0 ts_repl:0
Oct 1 10:03:13 np0005463865 account-server[110595]: 172.20.0.105 - - [01/Oct/2025:10:03:13 +0000] "HEAD /d1/269/.expiring_objects" 404 - "HEAD http://localhost/v1/.expiring_objects?format=json" "txf048fa18c1be448b8af43-0068dcfc61" "proxy-server 2" 0.0010 "-" 14 -
Oct 1 10:03:14 np0005463865 object-server[110990]: Starting object replication pass.
Oct 1 10:03:14 np0005463865 object-server[110990]: 2/2 (100.00%) partitions replicated in 0.03s (74.70/sec, 0s remaining)
Oct 1 10:03:14 np0005463865 object-server[110990]: 4 successes, 0 failures
Oct 1 10:03:14 np0005463865 object-server[110990]: 2 suffixes checked - 0.00% hashed, 0.00% synced
Oct 1 10:03:14 np0005463865 object-server[110990]: Partition times: max 0.0127s, min 0.0086s, med 0.0127s
Oct 1 10:03:14 np0005463865 object-server[110990]: Object replication complete. (0.00 minutes)
Oct 1 10:03:29 np0005463865 object-server[417753]: Begin object audit "forever" mode (ZBF)
Oct 1 10:03:29 np0005463865 object-server[417753]: Object audit (ZBF). Since Wed Oct 1 10:03:29 2025: Locally: 1 passed, 0 quarantined, 0 errors, files/sec: 508.15, bytes/sec: 0.00, Total time: 0.00, Auditing time: 0.00, Rate: 0.00
Oct 1 10:03:29 np0005463865 object-server[417753]: Object audit (ZBF) "forever" mode completed: 0.01s. Total quarantined: 0, Total errors: 0, Total files/sec: 370.47, Total bytes/sec: 0.00, Auditing time: 0.00, Rate: 0.21
Oct 1 10:03:34 np0005463865 container-server[110543]: Beginning replication run
Oct 1 10:03:34 np0005463865 container-server[110543]: Replication run OVER
Oct 1 10:03:34 np0005463865 container-server[110543]: Attempted to replicate 1 dbs in 0.02128 seconds (46.98215/s)
Oct 1 10:03:34 np0005463865 container-server[110543]: Removed 0 dbs
Oct 1 10:03:34 np0005463865 container-server[110543]: 2 successes, 0 failures
Oct 1 10:03:34 np0005463865 container-server[110543]: diff:0 diff_capped:0 empty:0 hashmatch:0 no_change:2 remote_merge:0 rsync:0 ts_repl:0
Oct 1 10:03:39 np0005463865 account-server[110367]: Beginning replication run
Oct 1 10:03:39 np0005463865 account-server[110367]: Replication run OVER
Oct 1 10:03:39 np0005463865 account-server[110367]: Attempted to replicate 1 dbs in 0.01706 seconds (58.62108/s)
Oct 1 10:03:39 np0005463865 account-server[110367]: Removed 0 dbs
Oct 1 10:03:39 np0005463865 account-server[110367]: 2 successes, 0 failures
Oct 1 10:03:39 np0005463865 account-server[110367]: diff:0 diff_capped:0 empty:0 hashmatch:0 no_change:2 remote_merge:0 rsync:0 ts_repl:0
Oct 1 10:03:44 np0005463865 account-server[110634]: 172.20.0.103 - - [01/Oct/2025:10:03:44 +0000] "HEAD /d1/269/.expiring_objects" 404 - "HEAD http://localhost/v1/.expiring_objects?format=json" "txc28bd7428be5419c9f285-0068dcfc80" "proxy-server 2" 0.0010 "-" 17 -
Oct 1 10:03:44 np0005463865 object-expirer[111044]: Pass completed in 0s; 0 objects expired (txn: txc28bd7428be5419c9f285-0068dcfc80)
Oct 1 10:03:44 np0005463865 object-server[110990]: Starting object replication pass.
Oct 1 10:03:44 np0005463865 object-server[110990]: 2/2 (100.00%) partitions replicated in 0.03s (76.73/sec, 0s remaining)
Oct 1 10:03:44 np0005463865 object-server[110990]: 4 successes, 0 failures
Oct 1 10:03:44 np0005463865 object-server[110990]: 2 suffixes checked - 0.00% hashed, 0.00% synced
Oct 1 10:03:44 np0005463865 object-server[110990]: Partition times: max 0.0116s, min 0.0095s, med 0.0116s
Oct 1 10:03:44 np0005463865 object-server[110990]: Object replication complete. (0.00 minutes)
Oct 1 10:03:59 np0005463865 object-server[418228]: Begin object audit "forever" mode (ZBF)
Oct 1 10:03:59 np0005463865 object-server[418229]: Begin object audit "forever" mode (ALL)
Oct 1 10:03:59 np0005463865 object-server[418228]: Object audit (ZBF). Since Wed Oct 1 10:03:59 2025: Locally: 1 passed, 0 quarantined, 0 errors, files/sec: 558.12, bytes/sec: 0.00, Total time: 0.00, Auditing time: 0.00, Rate: 0.00
Oct 1 10:03:59 np0005463865 object-server[418228]: Object audit (ZBF) "forever" mode completed: 0.01s. Total quarantined: 0, Total errors: 0, Total files/sec: 374.94, Total bytes/sec: 0.00, Auditing time: 0.00, Rate: 0.22
Oct 1 10:04:01 np0005463865 object-server[418229]: Object audit (ALL). Since Wed Oct 1 10:03:59 2025: Locally: 1 passed, 0 quarantined, 0 errors, files/sec: 0.46, bytes/sec: 10033959.92, Total time: 2.16, Auditing time: 0.00, Rate: 0.00
Oct 1 10:04:01 np0005463865 object-server[418229]: Object audit (ALL) "forever" mode completed: 2.17s. Total quarantined: 0, Total errors: 0, Total files/sec: 0.92, Total bytes/sec: 10014054.76, Auditing time: 2.16, Rate: 1.00
Oct 1 10:04:04 np0005463865 container-server[110543]: Beginning replication run
Oct 1 10:04:04 np0005463865 container-server[110543]: Replication run OVER
Oct 1 10:04:04 np0005463865 container-server[110543]: Attempted to replicate 1 dbs in 0.01716 seconds (58.28221/s)
Oct 1 10:04:04 np0005463865 container-server[110543]: Removed 0 dbs
Oct 1 10:04:04 np0005463865 container-server[110543]: 2 successes, 0 failures
Oct 1 10:04:04 np0005463865 container-server[110543]: diff:0 diff_capped:0 empty:0 hashmatch:0 no_change:2 remote_merge:0 rsync:0 ts_repl:0
Oct 1 10:04:09 np0005463865 account-server[110367]: Beginning replication run
Oct 1 10:04:09 np0005463865 account-server[110367]: Replication run OVER
Oct 1 10:04:09 np0005463865 account-server[110367]: Attempted to replicate 1 dbs in 0.01881 seconds (53.15542/s)
Oct 1 10:04:09 np0005463865 account-server[110367]: Removed 0 dbs
Oct 1 10:04:09 np0005463865 account-server[110367]: 2 successes, 0 failures
Oct 1 10:04:09 np0005463865 account-server[110367]: diff:0 diff_capped:0 empty:0 hashmatch:0 no_change:2 remote_merge:0 rsync:0 ts_repl:0
Oct 1 10:04:14 np0005463865 object-server[110990]: Starting object replication pass.
Oct 1 10:04:14 np0005463865 object-server[110990]: 2/2 (100.00%) partitions replicated in 0.03s (76.47/sec, 0s remaining)
Oct 1 10:04:14 np0005463865 object-server[110990]: 4 successes, 0 failures
Oct 1 10:04:14 np0005463865 object-server[110990]: 2 suffixes checked - 0.00% hashed, 0.00% synced
Oct 1 10:04:14 np0005463865 object-server[110990]: Partition times: max 0.0119s, min 0.0101s, med 0.0119s
Oct 1 10:04:14 np0005463865 object-server[110990]: Object replication complete. (0.00 minutes)
Oct 1 10:04:29 np0005463865 object-server[418230]: Begin object audit "forever" mode (ZBF)
Oct 1 10:04:29 np0005463865 object-server[418230]: Object audit (ZBF). Since Wed Oct 1 10:04:29 2025: Locally: 1 passed, 0 quarantined, 0 errors, files/sec: 485.79, bytes/sec: 0.00, Total time: 0.00, Auditing time: 0.00, Rate: 0.00
Oct 1 10:04:29 np0005463865 object-server[418230]: Object audit (ZBF) "forever" mode completed: 0.01s. Total quarantined: 0, Total errors: 0, Total files/sec: 393.13, Total bytes/sec: 0.00, Auditing time: 0.00, Rate: 0.24
Oct 1 10:04:34 np0005463865 container-server[110543]: Beginning replication run
Oct 1 10:04:34 np0005463865 container-server[110543]: Replication run OVER
Oct 1 10:04:34 np0005463865 container-server[110543]: Attempted to replicate 1 dbs in 0.02385 seconds (41.93574/s)
Oct 1 10:04:34 np0005463865 container-server[110543]: Removed 0 dbs
Oct 1 10:04:34 np0005463865 container-server[110543]: 2 successes, 0 failures
Oct 1 10:04:34 np0005463865 container-server[110543]: diff:0 diff_capped:0 empty:0 hashmatch:0 no_change:2 remote_merge:0 rsync:0 ts_repl:0
Oct 1 10:04:39 np0005463865 account-server[110367]: Beginning replication run
Oct 1 10:04:39 np0005463865 account-server[110367]: Replication run OVER
Oct 1 10:04:39 np0005463865 account-server[110367]: Attempted to replicate 1 dbs in 0.01921 seconds (52.05503/s)
Oct 1 10:04:39 np0005463865 account-server[110367]: Removed 0 dbs
Oct 1 10:04:39 np0005463865 account-server[110367]: 2 successes, 0 failures
Oct 1 10:04:39 np0005463865 account-server[110367]: diff:0 diff_capped:0 empty:0 hashmatch:0 no_change:2 remote_merge:0 rsync:0 ts_repl:0
Oct 1 10:04:41 np0005463865 account-server[110614]: 172.20.0.5 - - [01/Oct/2025:10:04:41 +0000] "HEAD /d1/736/AUTH_3cabf8f65b1441038a866bdea352727e" 204 - "HEAD http://swift-public-openstack.apps-crc.testing/v1/AUTH_3cabf8f65b1441038a866bdea352727e?format=json" "txd447976931a14aebb6e3f-0068dcfcb9" "proxy-server 7" 0.0033 "-" 15 -
Oct 1 10:04:41 np0005463865 account-server[110624]: 172.20.0.105 - - [01/Oct/2025:10:04:41 +0000] "PUT /d1/736/AUTH_3cabf8f65b1441038a866bdea352727e/dispersion_0_8" 201 - "PUT http://172.20.0.105:6001/d1/152/AUTH_3cabf8f65b1441038a866bdea352727e/dispersion_0_8" "tx92ea64ffeb3c4617a2f59-0068dcfcb9" "container-server 14" 0.0020 "-" 16 0
Oct 1 10:04:41 np0005463865 account-server[110624]: 172.20.0.105 - - [01/Oct/2025:10:04:41 +0000] "PUT /d1/736/AUTH_3cabf8f65b1441038a866bdea352727e/dispersion_0_0" 201 - "PUT http://172.20.0.105:6001/d1/764/AUTH_3cabf8f65b1441038a866bdea352727e/dispersion_0_0" "txcd1a42662722431a9bc37-0068dcfcb9" "container-server 16" 0.0075 "-" 16 0
Oct 1 10:04:41 np0005463865 account-server[110624]: 172.20.0.104 - - [01/Oct/2025:10:04:41 +0000] "PUT /d1/736/AUTH_3cabf8f65b1441038a866bdea352727e/dispersion_0_1" 201 - "PUT http://172.20.0.104:6001/d1/390/AUTH_3cabf8f65b1441038a866bdea352727e/dispersion_0_1" "tx0a6bd7106f134a1085d7a-0068dcfcb9" "container-server 21" 0.0097 "-" 16 0
Oct 1 10:04:41 np0005463865 container-server[110951]: 172.20.0.5 - - [01/Oct/2025:10:04:41 +0000] "PUT /d1/390/AUTH_3cabf8f65b1441038a866bdea352727e/dispersion_0_1" 201 - "PUT http://swift-public-openstack.apps-crc.testing/v1/AUTH_3cabf8f65b1441038a866bdea352727e/dispersion_0_1?format=json" "tx0a6bd7106f134a1085d7a-0068dcfcb9" "proxy-server 6" 0.0458 "-" 23 0
Oct 1 10:04:41 np0005463865 account-server[110614]: 172.20.0.104 - - [01/Oct/2025:10:04:41 +0000] "PUT /d1/736/AUTH_3cabf8f65b1441038a866bdea352727e/dispersion_0_2" 201 - "PUT http://172.20.0.104:6001/d1/585/AUTH_3cabf8f65b1441038a866bdea352727e/dispersion_0_2" "txd447976931a14aebb6e3f-0068dcfcb9" "container-server 23" 0.0072 "-" 15 0
Oct 1 10:04:41 np0005463865 container-server[110951]: 172.20.0.5 - - [01/Oct/2025:10:04:41 +0000] "PUT /d1/152/AUTH_3cabf8f65b1441038a866bdea352727e/dispersion_0_8" 201 - "PUT http://swift-public-openstack.apps-crc.testing/v1/AUTH_3cabf8f65b1441038a866bdea352727e/dispersion_0_8?format=json" "tx92ea64ffeb3c4617a2f59-0068dcfcb9" "proxy-server 8" 0.0664 "-" 23 0
Oct 1 10:04:41 np0005463865 account-server[110595]: 172.20.0.103 - - [01/Oct/2025:10:04:41 +0000] "PUT /d1/736/AUTH_3cabf8f65b1441038a866bdea352727e/dispersion_0_3" 201 - "PUT http://172.20.0.103:6001/d1/403/AUTH_3cabf8f65b1441038a866bdea352727e/dispersion_0_3" "tx9166ea2394e147cea14a8-0068dcfcb9" "container-server 22" 0.0063 "-" 14 0
Oct 1 10:04:41 np0005463865 container-server[110950]: 172.20.0.5 - - [01/Oct/2025:10:04:41 +0000] "PUT /d1/403/AUTH_3cabf8f65b1441038a866bdea352727e/dispersion_0_3" 201 - "PUT http://swift-public-openstack.apps-crc.testing/v1/AUTH_3cabf8f65b1441038a866bdea352727e/dispersion_0_3?format=json" "tx9166ea2394e147cea14a8-0068dcfcb9" "proxy-server 5" 0.0259 "-" 22 0
Oct 1 10:04:41 np0005463865 container-server[110951]: 172.20.0.5 - - [01/Oct/2025:10:04:41 +0000] "PUT /d1/764/AUTH_3cabf8f65b1441038a866bdea352727e/dispersion_0_0" 201 - "PUT http://swift-public-openstack.apps-crc.testing/v1/AUTH_3cabf8f65b1441038a866bdea352727e/dispersion_0_0?format=json" "txcd1a42662722431a9bc37-0068dcfcb9" "proxy-server 8" 0.0424 "-" 23 0
Oct 1 10:04:41 np0005463865 account-server[110595]: 172.20.0.104 - - [01/Oct/2025:10:04:41 +0000] "PUT /d1/736/AUTH_3cabf8f65b1441038a866bdea352727e/dispersion_0_5" 201 - "PUT http://172.20.0.104:6001/d1/817/AUTH_3cabf8f65b1441038a866bdea352727e/dispersion_0_5" "tx4fb4a5cf8ee64ee098282-0068dcfcb9" "container-server 21" 0.0057 "-" 14 0
Oct 1 10:04:41 np0005463865 container-server[110945]: 172.20.0.5 - - [01/Oct/2025:10:04:41 +0000] "PUT /d1/585/AUTH_3cabf8f65b1441038a866bdea352727e/dispersion_0_2" 201 - "PUT http://swift-public-openstack.apps-crc.testing/v1/AUTH_3cabf8f65b1441038a866bdea352727e/dispersion_0_2?format=json" "txd447976931a14aebb6e3f-0068dcfcb9" "proxy-server 7" 0.0409 "-" 21 0
Oct 1 10:04:41 np0005463865 container-server[110951]: 172.20.0.5 - - [01/Oct/2025:10:04:41 +0000] "PUT /d1/817/AUTH_3cabf8f65b1441038a866bdea352727e/dispersion_0_5" 201 - "PUT http://swift-public-openstack.apps-crc.testing/v1/AUTH_3cabf8f65b1441038a866bdea352727e/dispersion_0_5?format=json" "tx4fb4a5cf8ee64ee098282-0068dcfcb9" "proxy-server 16" 0.0416 "-" 23 0
Oct 1 10:04:41 np0005463865 account-server[110624]: 172.20.0.105 - - [01/Oct/2025:10:04:41 +0000] "PUT /d1/736/AUTH_3cabf8f65b1441038a866bdea352727e/dispersion_0_19" 201 - "PUT http://172.20.0.105:6001/d1/327/AUTH_3cabf8f65b1441038a866bdea352727e/dispersion_0_19" "tx061005f9b7424e0ba6e6d-0068dcfcb9" "container-server 17" 0.0062 "-" 16 0
Oct 1 10:04:41 np0005463865 container-server[110951]: 172.20.0.5 - - [01/Oct/2025:10:04:41 +0000] "PUT /d1/327/AUTH_3cabf8f65b1441038a866bdea352727e/dispersion_0_19" 201 - "PUT http://swift-public-openstack.apps-crc.testing/v1/AUTH_3cabf8f65b1441038a866bdea352727e/dispersion_0_19?format=json" "tx061005f9b7424e0ba6e6d-0068dcfcb9" "proxy-server 16" 0.0199 "-" 23 0
Oct 1 10:04:41 np0005463865 account-server[110634]: 172.20.0.105 - - [01/Oct/2025:10:04:41 +0000] "PUT /d1/736/AUTH_3cabf8f65b1441038a866bdea352727e/dispersion_0_20" 201 - "PUT http://172.20.0.105:6001/d1/353/AUTH_3cabf8f65b1441038a866bdea352727e/dispersion_0_20" "tx658485d627674e26a4026-0068dcfcb9" "container-server 14" 0.0082 "-" 17 0
Oct 1 10:04:41 np0005463865 account-server[110624]: 172.20.0.103 - - [01/Oct/2025:10:04:41 +0000] "PUT /d1/736/AUTH_3cabf8f65b1441038a866bdea352727e/dispersion_0_10" 201 - "PUT http://172.20.0.103:6001/d1/953/AUTH_3cabf8f65b1441038a866bdea352727e/dispersion_0_10" "tx4d9944a820434aee9870b-0068dcfcb9" "container-server 20" 0.0074 "-" 16 0
Oct 1 10:04:41 np0005463865 account-server[110595]: 172.20.0.104 - - [01/Oct/2025:10:04:41 +0000] "PUT /d1/736/AUTH_3cabf8f65b1441038a866bdea352727e/dispersion_0_4" 201 - "PUT http://172.20.0.104:6001/d1/529/AUTH_3cabf8f65b1441038a866bdea352727e/dispersion_0_4" "tx51a329e62fd242f7aa95e-0068dcfcb9" "container-server 20" 0.0020 "-" 14 0
Oct 1 10:04:41 np0005463865 account-server[110634]: 172.20.0.103 - - [01/Oct/2025:10:04:41 +0000] "PUT /d1/736/AUTH_3cabf8f65b1441038a866bdea352727e/dispersion_0_23" 201 - "PUT http://172.20.0.103:6001/d1/606/AUTH_3cabf8f65b1441038a866bdea352727e/dispersion_0_23" "tx0c5a44669db74acbb5f01-0068dcfcb9" "container-server 23" 0.0172 "-" 17 0
Oct 1 10:04:41 np0005463865 container-server[110951]: 172.20.0.5 - - [01/Oct/2025:10:04:41 +0000] "PUT /d1/606/AUTH_3cabf8f65b1441038a866bdea352727e/dispersion_0_23" 201 - "PUT http://swift-public-openstack.apps-crc.testing/v1/AUTH_3cabf8f65b1441038a866bdea352727e/dispersion_0_23?format=json" "tx0c5a44669db74acbb5f01-0068dcfcb9" "proxy-server 16" 0.0334 "-" 23 0
Oct 1 10:04:41 np0005463865 container-server[110938]: 172.20.0.5 - - [01/Oct/2025:10:04:41 +0000] "PUT /d1/953/AUTH_3cabf8f65b1441038a866bdea352727e/dispersion_0_10" 201 - "PUT http://swift-public-openstack.apps-crc.testing/v1/AUTH_3cabf8f65b1441038a866bdea352727e/dispersion_0_10?format=json" "tx4d9944a820434aee9870b-0068dcfcb9" "proxy-server 7" 0.0415 "-" 20 0
Oct 1 10:04:41 np0005463865 account-server[110624]: 172.20.0.103 - - [01/Oct/2025:10:04:41 +0000] "PUT /d1/736/AUTH_3cabf8f65b1441038a866bdea352727e/dispersion_0_9" 201 - "PUT http://172.20.0.103:6001/d1/234/AUTH_3cabf8f65b1441038a866bdea352727e/dispersion_0_9" "txbb4beb095d544350b3eaa-0068dcfcb9" "container-server 20" 0.0064 "-" 16 0
Oct 1 10:04:41 np0005463865 container-server[110938]: 172.20.0.5 - - [01/Oct/2025:10:04:41 +0000] "PUT /d1/234/AUTH_3cabf8f65b1441038a866bdea352727e/dispersion_0_9" 201 - "PUT http://swift-public-openstack.apps-crc.testing/v1/AUTH_3cabf8f65b1441038a866bdea352727e/dispersion_0_9?format=json" "txbb4beb095d544350b3eaa-0068dcfcb9" "proxy-server 10" 0.0184 "-" 20 0
Oct 1 10:04:41 np0005463865 container-server[110945]: 172.20.0.5 - - [01/Oct/2025:10:04:41 +0000] "PUT /d1/529/AUTH_3cabf8f65b1441038a866bdea352727e/dispersion_0_4" 201 - "PUT http://swift-public-openstack.apps-crc.testing/v1/AUTH_3cabf8f65b1441038a866bdea352727e/dispersion_0_4?format=json" "tx51a329e62fd242f7aa95e-0068dcfcb9" "proxy-server 5" 0.0399 "-" 21 0
Oct 1 10:04:41 np0005463865 container-server[110945]: 172.20.0.5 - - [01/Oct/2025:10:04:41 +0000] "PUT /d1/353/AUTH_3cabf8f65b1441038a866bdea352727e/dispersion_0_20" 201 - "PUT http://swift-public-openstack.apps-crc.testing/v1/AUTH_3cabf8f65b1441038a866bdea352727e/dispersion_0_20?format=json" "tx658485d627674e26a4026-0068dcfcb9" "proxy-server 8" 0.0579 "-" 21 0
Oct 1 10:04:41 np0005463865 account-server[110634]: 172.20.0.104 - - [01/Oct/2025:10:04:41 +0000] "PUT /d1/736/AUTH_3cabf8f65b1441038a866bdea352727e/dispersion_0_24" 201 - "PUT http://172.20.0.104:6001/d1/187/AUTH_3cabf8f65b1441038a866bdea352727e/dispersion_0_24" "tx42d0b1e91f58498f8f4f9-0068dcfcb9" "container-server 23" 0.0165 "-" 17 0
Oct 1 10:04:41 np0005463865 account-server[110634]: 172.20.0.104 - - [01/Oct/2025:10:04:41 +0000] "PUT /d1/736/AUTH_3cabf8f65b1441038a866bdea352727e/dispersion_0_11" 201 - "PUT http://172.20.0.104:6001/d1/981/AUTH_3cabf8f65b1441038a866bdea352727e/dispersion_0_11" "tx6e44c76d9ae448218607f-0068dcfcb9" "container-server 20" 0.0060 "-" 17 0
Oct 1 10:04:41 np0005463865 container-server[110945]: 172.20.0.5 - - [01/Oct/2025:10:04:41 +0000] "PUT /d1/981/AUTH_3cabf8f65b1441038a866bdea352727e/dispersion_0_11" 201 - "PUT http://swift-public-openstack.apps-crc.testing/v1/AUTH_3cabf8f65b1441038a866bdea352727e/dispersion_0_11?format=json" "tx6e44c76d9ae448218607f-0068dcfcb9" "proxy-server 8" 0.0382 "-" 21 0
Oct 1 10:04:41 np0005463865 account-server[110624]: 172.20.0.105 - - [01/Oct/2025:10:04:41 +0000] "PUT /d1/736/AUTH_3cabf8f65b1441038a866bdea352727e/dispersion_0_7" 201 - "PUT http://172.20.0.105:6001/d1/369/AUTH_3cabf8f65b1441038a866bdea352727e/dispersion_0_7" "tx1260c2a0b8db4a0ca1ba6-0068dcfcb9" "container-server 14" 0.0271 "-" 16 0
Oct 1 10:04:41 np0005463865 container-server[110945]: 172.20.0.5 - - [01/Oct/2025:10:04:41 +0000] "PUT /d1/258/AUTH_3cabf8f65b1441038a866bdea352727e/dispersion_0_27" 201 - "PUT http://swift-public-openstack.apps-crc.testing/v1/AUTH_3cabf8f65b1441038a866bdea352727e/dispersion_0_27?format=json" "tx8858be7b41734df9911b4-0068dcfcb9" "proxy-server 7" 0.0305 "-" 21 0
Oct 1 10:04:41 np0005463865 account-server[110634]: 172.20.0.105 - - [01/Oct/2025:10:04:41 +0000] "PUT /d1/736/AUTH_3cabf8f65b1441038a866bdea352727e/dispersion_0_12" 201 - "PUT http://172.20.0.105:6001/d1/551/AUTH_3cabf8f65b1441038a866bdea352727e/dispersion_0_12" "txcedad3f069f34fe68dacb-0068dcfcb9" "container-server 17" 0.0056 "-" 17 0
Oct 1 10:04:41 np0005463865 container-server[110950]: 172.20.0.5 - - [01/Oct/2025:10:04:41 +0000] "PUT /d1/426/AUTH_3cabf8f65b1441038a866bdea352727e/dispersion_0_28" 201 - "PUT http://swift-public-openstack.apps-crc.testing/v1/AUTH_3cabf8f65b1441038a866bdea352727e/dispersion_0_28?format=json" "txe52ea82836b64d27b58f2-0068dcfcb9" "proxy-server 16" 0.0309 "-" 22 0
Oct 1 10:04:41 np0005463865 account-server[110634]: 172.20.0.105 - - [01/Oct/2025:10:04:41 +0000] "PUT /d1/736/AUTH_3cabf8f65b1441038a866bdea352727e/dispersion_0_29" 201 - "PUT http://172.20.0.105:6001/d1/217/AUTH_3cabf8f65b1441038a866bdea352727e/dispersion_0_29" "txbb210283547f46d1b801a-0068dcfcb9" "container-server 16" 0.0055 "-" 17 0
Oct 1 10:04:41 np0005463865 account-server[110634]: 172.20.0.103 - - [01/Oct/2025:10:04:41 +0000] "PUT /d1/736/AUTH_3cabf8f65b1441038a866bdea352727e/dispersion_0_30" 201 - "PUT http://172.20.0.103:6001/d1/134/AUTH_3cabf8f65b1441038a866bdea352727e/dispersion_0_30" "tx50b78fa0b21c4f68af8b4-0068dcfcb9" "container-server 20" 0.0053 "-" 17 0
Oct 1 10:04:41 np0005463865 container-server[110938]: 172.20.0.5 - - [01/Oct/2025:10:04:41 +0000] "PUT /d1/134/AUTH_3cabf8f65b1441038a866bdea352727e/dispersion_0_30" 201 - "PUT http://swift-public-openstack.apps-crc.testing/v1/AUTH_3cabf8f65b1441038a866bdea352727e/dispersion_0_30?format=json" "tx50b78fa0b21c4f68af8b4-0068dcfcb9" "proxy-server 5" 0.0191 "-" 20 0
Oct 1 10:04:41 np0005463865 account-server[110614]: 172.20.0.105 - - [01/Oct/2025:10:04:41 +0000] "PUT /d1/736/AUTH_3cabf8f65b1441038a866bdea352727e/dispersion_0_27" 201 - "PUT http://172.20.0.105:6001/d1/258/AUTH_3cabf8f65b1441038a866bdea352727e/dispersion_0_27" "tx8858be7b41734df9911b4-0068dcfcb9" "container-server 17" 0.0273 "-" 15 0
Oct 1 10:04:41 np0005463865 container-server[110938]: 172.20.0.5 - - [01/Oct/2025:10:04:41 +0000] "PUT /d1/187/AUTH_3cabf8f65b1441038a866bdea352727e/dispersion_0_24" 201 - "PUT http://swift-public-openstack.apps-crc.testing/v1/AUTH_3cabf8f65b1441038a866bdea352727e/dispersion_0_24?format=json" "tx42d0b1e91f58498f8f4f9-0068dcfcb9" "proxy-server 6" 0.0890 "-" 20 0
Oct 1 10:04:41 np0005463865 account-server[110595]: 172.20.0.104 - - [01/Oct/2025:10:04:41 +0000] "PUT /d1/736/AUTH_3cabf8f65b1441038a866bdea352727e/dispersion_0_28" 201 - "PUT http://172.20.0.104:6001/d1/426/AUTH_3cabf8f65b1441038a866bdea352727e/dispersion_0_28" "txe52ea82836b64d27b58f2-0068dcfcb9" "container-server 23" 0.0368 "-" 14 0
Oct 1 10:04:41 np0005463865 container-server[110950]: 172.20.0.5 - - [01/Oct/2025:10:04:41 +0000] "PUT /d1/369/AUTH_3cabf8f65b1441038a866bdea352727e/dispersion_0_7" 201 - "PUT http://swift-public-openstack.apps-crc.testing/v1/AUTH_3cabf8f65b1441038a866bdea352727e/dispersion_0_7?format=json" "tx1260c2a0b8db4a0ca1ba6-0068dcfcb9" "proxy-server 10" 0.0753 "-" 22 0
Oct 1 10:04:42 np0005463865 account-server[110634]: 172.20.0.105 - - [01/Oct/2025:10:04:42 +0000] "PUT /d1/736/AUTH_3cabf8f65b1441038a866bdea352727e/dispersion_0_31" 201 - "PUT http://172.20.0.105:6001/d1/262/AUTH_3cabf8f65b1441038a866bdea352727e/dispersion_0_31" "txe941871e5f364ca18f546-0068dcfcb9" "container-server 17" 0.0069 "-" 17 0
Oct 1 10:04:42 np0005463865 container-server[110938]: 172.20.0.5 - - [01/Oct/2025:10:04:42 +0000] "PUT /d1/262/AUTH_3cabf8f65b1441038a866bdea352727e/dispersion_0_31" 201 - "PUT http://swift-public-openstack.apps-crc.testing/v1/AUTH_3cabf8f65b1441038a866bdea352727e/dispersion_0_31?format=json" "txe941871e5f364ca18f546-0068dcfcb9" "proxy-server 7" 0.0325 "-" 20 0
Oct 1 10:04:42 np0005463865 container-server[110938]: 172.20.0.5 - - [01/Oct/2025:10:04:42 +0000] "PUT /d1/451/AUTH_3cabf8f65b1441038a866bdea352727e/dispersion_0_32" 201 - "PUT http://swift-public-openstack.apps-crc.testing/v1/AUTH_3cabf8f65b1441038a866bdea352727e/dispersion_0_32?format=json" "tx59b7c82bfb7f44b099f7f-0068dcfcb9" "proxy-server 16" 0.0212 "-" 20 0
Oct 1 10:04:42 np0005463865 account-server[110634]: 172.20.0.104 - - [01/Oct/2025:10:04:42 +0000] "PUT /d1/736/AUTH_3cabf8f65b1441038a866bdea352727e/dispersion_0_15" 201 - "PUT http://172.20.0.104:6001/d1/301/AUTH_3cabf8f65b1441038a866bdea352727e/dispersion_0_15" "tx98964f3b0bb0445281bf8-0068dcfcb9" "container-server 23" 0.0054 "-" 17 0
Oct 1 10:04:42 np0005463865 account-server[110634]: 172.20.0.105 - - [01/Oct/2025:10:04:42 +0000] "PUT /d1/736/AUTH_3cabf8f65b1441038a866bdea352727e/dispersion_0_16" 201 - "PUT http://172.20.0.105:6001/d1/209/AUTH_3cabf8f65b1441038a866bdea352727e/dispersion_0_16" "tx176af02a2b974866af9f1-0068dcfcb9" "container-server 16" 0.0053 "-" 17 0
Oct 1 10:04:42 np0005463865 account-server[110634]: 172.20.0.105 - - [01/Oct/2025:10:04:42 +0000] "PUT /d1/736/AUTH_3cabf8f65b1441038a866bdea352727e/dispersion_0_32" 201 - "PUT http://172.20.0.105:6001/d1/451/AUTH_3cabf8f65b1441038a866bdea352727e/dispersion_0_32" "tx59b7c82bfb7f44b099f7f-0068dcfcb9" "container-server 17" 0.0059 "-" 17 0
Oct 1 10:04:42 np0005463865 container-server[110945]: 172.20.0.5 - - [01/Oct/2025:10:04:42 +0000] "PUT /d1/209/AUTH_3cabf8f65b1441038a866bdea352727e/dispersion_0_16" 201 - "PUT http://swift-public-openstack.apps-crc.testing/v1/AUTH_3cabf8f65b1441038a866bdea352727e/dispersion_0_16?format=json" "tx176af02a2b974866af9f1-0068dcfcb9" "proxy-server 5" 0.0340 "-" 21 0
Oct 1 10:04:42 np0005463865 container-server[110945]: 172.20.0.5 - - [01/Oct/2025:10:04:42 +0000] "PUT /d1/301/AUTH_3cabf8f65b1441038a866bdea352727e/dispersion_0_15" 201 - "PUT http://swift-public-openstack.apps-crc.testing/v1/AUTH_3cabf8f65b1441038a866bdea352727e/dispersion_0_15?format=json" "tx98964f3b0bb0445281bf8-0068dcfcb9" "proxy-server 12" 0.0526 "-" 21 0
Oct 1 10:04:42 np0005463865 account-server[110595]: 172.20.0.105 - - [01/Oct/2025:10:04:42 +0000] "PUT /d1/736/AUTH_3cabf8f65b1441038a866bdea352727e/dispersion_0_34" 201 - "PUT http://172.20.0.105:6001/d1/558/AUTH_3cabf8f65b1441038a866bdea352727e/dispersion_0_34" "tx49b3380fbbc5433692189-0068dcfcba" "container-server 14" 0.0166 "-" 14 0
Oct 1 10:04:42 np0005463865 container-server[110945]: 172.20.0.5 - - [01/Oct/2025:10:04:42 +0000] "PUT /d1/997/AUTH_3cabf8f65b1441038a866bdea352727e/dispersion_0_33" 201 - "PUT http://swift-public-openstack.apps-crc.testing/v1/AUTH_3cabf8f65b1441038a866bdea352727e/dispersion_0_33?format=json" "txf0e717f7f05b46b4b8bae-0068dcfcb9" "proxy-server 5" 0.0389 "-" 21 0
Oct 1 10:04:42 np0005463865 account-server[110634]: 172.20.0.103 - - [01/Oct/2025:10:04:42 +0000] "PUT /d1/736/AUTH_3cabf8f65b1441038a866bdea352727e/dispersion_0_35" 201 - "PUT http://172.20.0.103:6001/d1/1021/AUTH_3cabf8f65b1441038a866bdea352727e/dispersion_0_35" "tx455feb5756c74af5a5d3c-0068dcfcba" "container-server 23" 0.0163 "-" 17 0
Oct 1 10:04:42 np0005463865 account-server[110614]: 172.20.0.104 - - [01/Oct/2025:10:04:42 +0000] "PUT /d1/736/AUTH_3cabf8f65b1441038a866bdea352727e/dispersion_0_33" 201 - "PUT http://172.20.0.104:6001/d1/997/AUTH_3cabf8f65b1441038a866bdea352727e/dispersion_0_33" "txf0e717f7f05b46b4b8bae-0068dcfcb9" "container-server 20" 0.0076 "-" 15 0
Oct 1 10:04:42 np0005463865 container-server[110951]: 172.20.0.5 - - [01/Oct/2025:10:04:42 +0000] "PUT /d1/1021/AUTH_3cabf8f65b1441038a866bdea352727e/dispersion_0_35" 201 - "PUT http://swift-public-openstack.apps-crc.testing/v1/AUTH_3cabf8f65b1441038a866bdea352727e/dispersion_0_35?format=json" "tx455feb5756c74af5a5d3c-0068dcfcba" "proxy-server 7" 0.0367 "-" 23 0
Oct 1 10:04:42 np0005463865 container-server[110951]: 172.20.0.5 - - [01/Oct/2025:10:04:42 +0000] "PUT /d1/558/AUTH_3cabf8f65b1441038a866bdea352727e/dispersion_0_34" 201 - "PUT http://swift-public-openstack.apps-crc.testing/v1/AUTH_3cabf8f65b1441038a866bdea352727e/dispersion_0_34?format=json" "tx49b3380fbbc5433692189-0068dcfcba" "proxy-server 8" 0.0506 "-" 23 0
Oct 1 10:04:42 np0005463865 container-server[110938]: 172.20.0.5 - - [01/Oct/2025:10:04:42 +0000] "PUT /d1/18/AUTH_3cabf8f65b1441038a866bdea352727e/dispersion_0_17" 201 - "PUT http://swift-public-openstack.apps-crc.testing/v1/AUTH_3cabf8f65b1441038a866bdea352727e/dispersion_0_17?format=json" "txe61ce019a8f14789b705c-0068dcfcb9" "proxy-server 9" 0.0214 "-" 20 0
Oct 1 10:04:42 np0005463865 account-server[110634]: 172.20.0.104 - - [01/Oct/2025:10:04:42 +0000] "PUT /d1/736/AUTH_3cabf8f65b1441038a866bdea352727e/dispersion_0_21" 201 - "PUT http://172.20.0.104:6001/d1/229/AUTH_3cabf8f65b1441038a866bdea352727e/dispersion_0_21" "tx4ed925d2da404ada91022-0068dcfcb9" "container-server 23" 0.0056 "-" 17 0
Oct 1 10:04:42 np0005463865 account-server[110595]: 172.20.0.105 - - [01/Oct/2025:10:04:42 +0000] "PUT /d1/736/AUTH_3cabf8f65b1441038a866bdea352727e/dispersion_0_39" 201 - "PUT http://172.20.0.105:6001/d1/39/AUTH_3cabf8f65b1441038a866bdea352727e/dispersion_0_39" "tx06c54a6102ca4fc890473-0068dcfcba" "container-server 16" 0.0018 "-" 14 0
Oct 1 10:04:42 np0005463865 account-server[110595]: 172.20.0.104 - - [01/Oct/2025:10:04:42 +0000] "PUT /d1/736/AUTH_3cabf8f65b1441038a866bdea352727e/dispersion_0_36" 201 - "PUT http://172.20.0.104:6001/d1/79/AUTH_3cabf8f65b1441038a866bdea352727e/dispersion_0_36" "tx7dd95c83083e4369b0b47-0068dcfcba" "container-server 22" 0.0054 "-" 14 0
Oct 1 10:04:42 np0005463865 container-server[110951]: 172.20.0.5 - - [01/Oct/2025:10:04:42 +0000] "PUT /d1/229/AUTH_3cabf8f65b1441038a866bdea352727e/dispersion_0_21" 201 - "PUT http://swift-public-openstack.apps-crc.testing/v1/AUTH_3cabf8f65b1441038a866bdea352727e/dispersion_0_21?format=json" "tx4ed925d2da404ada91022-0068dcfcb9" "proxy-server 10" 0.0463 "-" 23 0
Oct 1 10:04:42 np0005463865 container-server[110951]: 172.20.0.5 - - [01/Oct/2025:10:04:42 +0000] "PUT /d1/79/AUTH_3cabf8f65b1441038a866bdea352727e/dispersion_0_36" 201 - "PUT http://swift-public-openstack.apps-crc.testing/v1/AUTH_3cabf8f65b1441038a866bdea352727e/dispersion_0_36?format=json" "tx7dd95c83083e4369b0b47-0068dcfcba" "proxy-server 16" 0.0445 "-" 23 0
Oct 1 10:04:42 np0005463865 container-server[110945]: 172.20.0.5 - - [01/Oct/2025:10:04:42 +0000] "PUT /d1/39/AUTH_3cabf8f65b1441038a866bdea352727e/dispersion_0_39" 201 - "PUT http://swift-public-openstack.apps-crc.testing/v1/AUTH_3cabf8f65b1441038a866bdea352727e/dispersion_0_39?format=json" "tx06c54a6102ca4fc890473-0068dcfcba" "proxy-server 10" 0.0264 "-" 21 0
Oct 1 10:04:42 np0005463865 account-server[110614]: 172.20.0.104 - - [01/Oct/2025:10:04:42 +0000] "PUT /d1/736/AUTH_3cabf8f65b1441038a866bdea352727e/dispersion_0_37" 201 - "PUT http://172.20.0.104:6001/d1/778/AUTH_3cabf8f65b1441038a866bdea352727e/dispersion_0_37" "tx4a21c67ebaf14024bb776-0068dcfcba" "container-server 21" 0.0170 "-" 15 0
Oct 1 10:04:42 np0005463865 container-server[110945]: 172.20.0.5 - - [01/Oct/2025:10:04:42 +0000] "PUT /d1/551/AUTH_3cabf8f65b1441038a866bdea352727e/dispersion_0_12" 201 - "PUT http://swift-public-openstack.apps-crc.testing/v1/AUTH_3cabf8f65b1441038a866bdea352727e/dispersion_0_12?format=json" "txcedad3f069f34fe68dacb-0068dcfcb9" "proxy-server 10" 0.1550 "-" 21 0
Oct 1 10:04:42 np0005463865 account-server[110624]: 172.20.0.105 - - [01/Oct/2025:10:04:42 +0000] "PUT /d1/736/AUTH_3cabf8f65b1441038a866bdea352727e/dispersion_0_17" 201 - "PUT http://172.20.0.105:6001/d1/18/AUTH_3cabf8f65b1441038a866bdea352727e/dispersion_0_17" "txe61ce019a8f14789b705c-0068dcfcb9" "container-server 17" 0.0369 "-" 16 0
Oct 1 10:04:42 np0005463865 container-server[110950]: 172.20.0.5 - - [01/Oct/2025:10:04:42 +0000] "PUT /d1/217/AUTH_3cabf8f65b1441038a866bdea352727e/dispersion_0_29" 201 - "PUT http://swift-public-openstack.apps-crc.testing/v1/AUTH_3cabf8f65b1441038a866bdea352727e/dispersion_0_29?format=json" "txbb210283547f46d1b801a-0068dcfcb9" "proxy-server 8" 0.1552 "-" 22 0
Oct 1 10:04:42 np0005463865 account-server[110634]: 172.20.0.103 - - [01/Oct/2025:10:04:42 +0000] "PUT /d1/736/AUTH_3cabf8f65b1441038a866bdea352727e/dispersion_0_40" 201 - "PUT http://172.20.0.103:6001/d1/950/AUTH_3cabf8f65b1441038a866bdea352727e/dispersion_0_40" "txa24b1ab3359c484c8e6f8-0068dcfcba" "container-server 20" 0.0258 "-" 17 0
Oct 1 10:04:42 np0005463865 container-server[110938]: 172.20.0.5 - - [01/Oct/2025:10:04:42 +0000] "PUT /d1/950/AUTH_3cabf8f65b1441038a866bdea352727e/dispersion_0_40" 201 - "PUT http://swift-public-openstack.apps-crc.testing/v1/AUTH_3cabf8f65b1441038a866bdea352727e/dispersion_0_40?format=json" "txa24b1ab3359c484c8e6f8-0068dcfcba" "proxy-server 8" 0.0344 "-" 20 0
Oct 1 10:04:42 np0005463865 container-server[110945]: 172.20.0.5 - - [01/Oct/2025:10:04:42 +0000] "PUT /d1/778/AUTH_3cabf8f65b1441038a866bdea352727e/dispersion_0_37" 201 - "PUT http://swift-public-openstack.apps-crc.testing/v1/AUTH_3cabf8f65b1441038a866bdea352727e/dispersion_0_37?format=json" "tx4a21c67ebaf14024bb776-0068dcfcba" "proxy-server 6" 0.0683 "-" 21 0
Oct 1 10:04:42 np0005463865 account-server[110624]: 172.20.0.103 - - [01/Oct/2025:10:04:42 +0000] "PUT /d1/736/AUTH_3cabf8f65b1441038a866bdea352727e/dispersion_0_41" 201 - "PUT http://172.20.0.103:6001/d1/912/AUTH_3cabf8f65b1441038a866bdea352727e/dispersion_0_41" "tx554035ccd7c543648b025-0068dcfcba" "container-server 21" 0.0186 "-" 16 0
Oct 1 10:04:42 np0005463865 container-server[110945]: 172.20.0.5 - - [01/Oct/2025:10:04:42 +0000] "PUT /d1/912/AUTH_3cabf8f65b1441038a866bdea352727e/dispersion_0_41" 201 - "PUT http://swift-public-openstack.apps-crc.testing/v1/AUTH_3cabf8f65b1441038a866bdea352727e/dispersion_0_41?format=json" "tx554035ccd7c543648b025-0068dcfcba" "proxy-server 16" 0.0330 "-" 21 0
Oct 1 10:04:42 np0005463865 account-server[110624]: 172.20.0.105 - - [01/Oct/2025:10:04:42 +0000] "PUT /d1/736/AUTH_3cabf8f65b1441038a866bdea352727e/dispersion_0_42" 201 - "PUT http://172.20.0.105:6001/d1/238/AUTH_3cabf8f65b1441038a866bdea352727e/dispersion_0_42" "tx86fd72df505d4fa7a0509-0068dcfcba" "container-server 16" 0.0054 "-" 16 0
Oct 1 10:04:42 np0005463865 account-server[110595]: 172.20.0.103 - - [01/Oct/2025:10:04:42 +0000] "PUT /d1/736/AUTH_3cabf8f65b1441038a866bdea352727e/dispersion_0_43" 201 - "PUT http://172.20.0.103:6001/d1/173/AUTH_3cabf8f65b1441038a866bdea352727e/dispersion_0_43" "tx3b48e5abcde54a748e8e4-0068dcfcba" "container-server 20" 0.0058 "-" 14 0
Oct 1 10:04:42 np0005463865 container-server[110938]: 172.20.0.5 - - [01/Oct/2025:10:04:42 +0000] "PUT /d1/173/AUTH_3cabf8f65b1441038a866bdea352727e/dispersion_0_43" 201 - "PUT http://swift-public-openstack.apps-crc.testing/v1/AUTH_3cabf8f65b1441038a866bdea352727e/dispersion_0_43?format=json" "tx3b48e5abcde54a748e8e4-0068dcfcba" "proxy-server 8" 0.0171 "-" 20 0
Oct 1 10:04:42 np0005463865 container-server[110951]: 172.20.0.5 - - [01/Oct/2025:10:04:42 +0000] "PUT /d1/238/AUTH_3cabf8f65b1441038a866bdea352727e/dispersion_0_42" 201 - "PUT http://swift-public-openstack.apps-crc.testing/v1/AUTH_3cabf8f65b1441038a866bdea352727e/dispersion_0_42?format=json" "tx86fd72df505d4fa7a0509-0068dcfcba" "proxy-server 10" 0.0411 "-" 23 0
Oct 1 10:04:42 np0005463865 account-server[110614]: 172.20.0.103 - - [01/Oct/2025:10:04:42 +0000] "PUT /d1/736/AUTH_3cabf8f65b1441038a866bdea352727e/dispersion_0_44" 201 - "PUT http://172.20.0.103:6001/d1/671/AUTH_3cabf8f65b1441038a866bdea352727e/dispersion_0_44" "tx7d52f7c47e884efe8f93a-0068dcfcba" "container-server 23" 0.0072 "-" 15 0
Oct 1 10:04:42 np0005463865 container-server[110951]: 172.20.0.5 - - [01/Oct/2025:10:04:42 +0000] "PUT /d1/671/AUTH_3cabf8f65b1441038a866bdea352727e/dispersion_0_44" 201 - "PUT http://swift-public-openstack.apps-crc.testing/v1/AUTH_3cabf8f65b1441038a866bdea352727e/dispersion_0_44?format=json" "tx7d52f7c47e884efe8f93a-0068dcfcba" "proxy-server 6" 0.0233 "-" 23 0
Oct 1 10:04:42 np0005463865 account-server[110595]: 172.20.0.104 - - [01/Oct/2025:10:04:42 +0000] "PUT /d1/736/AUTH_3cabf8f65b1441038a866bdea352727e/dispersion_0_45" 201 - "PUT http://172.20.0.104:6001/d1/620/AUTH_3cabf8f65b1441038a866bdea352727e/dispersion_0_45" "tx6a4258e8ed3548e9a72cf-0068dcfcba" "container-server 23" 0.0055 "-" 14 0
Oct 1 10:04:42 np0005463865 container-server[110950]: 172.20.0.5 - - [01/Oct/2025:10:04:42 +0000] "PUT /d1/1012/AUTH_3cabf8f65b1441038a866bdea352727e/dispersion_0_47" 201 - "PUT http://swift-public-openstack.apps-crc.testing/v1/AUTH_3cabf8f65b1441038a866bdea352727e/dispersion_0_47?format=json" "tx9ed1ce22b1544a85b8d59-0068dcfcba" "proxy-server 16" 0.0197 "-" 22 0
Oct 1 10:04:42 np0005463865 container-server[110938]: 172.20.0.5 - - [01/Oct/2025:10:04:42 +0000] "PUT /d1/588/AUTH_3cabf8f65b1441038a866bdea352727e/dispersion_0_46" 201 - "PUT http://swift-public-openstack.apps-crc.testing/v1/AUTH_3cabf8f65b1441038a866bdea352727e/dispersion_0_46?format=json" "tx50886900f5f04d639684b-0068dcfcba" "proxy-server 10" 0.0341 "-" 20 0
Oct 1 10:04:42 np0005463865 container-server[110945]: 172.20.0.5 - - [01/Oct/2025:10:04:42 +0000] "PUT /d1/620/AUTH_3cabf8f65b1441038a866bdea352727e/dispersion_0_45" 201 - "PUT http://swift-public-openstack.apps-crc.testing/v1/AUTH_3cabf8f65b1441038a866bdea352727e/dispersion_0_45?format=json" "tx6a4258e8ed3548e9a72cf-0068dcfcba" "proxy-server 9" 0.0403 "-" 21 0
Oct 1 10:04:42 np0005463865 account-server[110614]: 172.20.0.105 - - [01/Oct/2025:10:04:42 +0000] "PUT /d1/736/AUTH_3cabf8f65b1441038a866bdea352727e/dispersion_0_46" 201 - "PUT http://172.20.0.105:6001/d1/588/AUTH_3cabf8f65b1441038a866bdea352727e/dispersion_0_46" "tx50886900f5f04d639684b-0068dcfcba" "container-server 17" 0.0073 "-" 15 0
Oct 1 10:04:42 np0005463865 account-server[110614]: 172.20.0.104 - - [01/Oct/2025:10:04:42 +0000] "PUT /d1/736/AUTH_3cabf8f65b1441038a866bdea352727e/dispersion_0_48" 201 - "PUT http://172.20.0.104:6001/d1/71/AUTH_3cabf8f65b1441038a866bdea352727e/dispersion_0_48" "txb58536a7461144d5833c9-0068dcfcba" "container-server 23" 0.0055 "-" 15 0
Oct 1 10:04:42 np0005463865 account-server[110624]: 172.20.0.103 - - [01/Oct/2025:10:04:42 +0000] "PUT /d1/736/AUTH_3cabf8f65b1441038a866bdea352727e/dispersion_0_49" 201 - "PUT http://172.20.0.103:6001/d1/584/AUTH_3cabf8f65b1441038a866bdea352727e/dispersion_0_49" "tx95124dc7d62445938b634-0068dcfcba" "container-server 21" 0.0064 "-" 16 0
Oct 1 10:04:42 np0005463865 container-server[110945]: 172.20.0.5 - - [01/Oct/2025:10:04:42 +0000] "PUT /d1/584/AUTH_3cabf8f65b1441038a866bdea352727e/dispersion_0_49" 201 - "PUT http://swift-public-openstack.apps-crc.testing/v1/AUTH_3cabf8f65b1441038a866bdea352727e/dispersion_0_49?format=json" "tx95124dc7d62445938b634-0068dcfcba" "proxy-server 8" 0.0207 "-" 21 0
Oct 1 10:04:42 np0005463865 account-server[110624]: 172.20.0.103 - - [01/Oct/2025:10:04:42 +0000] "PUT /d1/736/AUTH_3cabf8f65b1441038a866bdea352727e/dispersion_0_50" 201 - "PUT http://172.20.0.103:6001/d1/1016/AUTH_3cabf8f65b1441038a866bdea352727e/dispersion_0_50" "txad50554f1938467784a15-0068dcfcba" "container-server 23" 0.0070 "-" 16 0
Oct 1 10:04:42 np0005463865 container-server[110951]: 172.20.0.5 - - [01/Oct/2025:10:04:42 +0000] "PUT /d1/1016/AUTH_3cabf8f65b1441038a866bdea352727e/dispersion_0_50" 201 - "PUT http://swift-public-openstack.apps-crc.testing/v1/AUTH_3cabf8f65b1441038a866bdea352727e/dispersion_0_50?format=json" "txad50554f1938467784a15-0068dcfcba" "proxy-server 10" 0.0237 "-" 23 0
Oct 1 10:04:42 np0005463865 account-server[110634]: 172.20.0.103 - - [01/Oct/2025:10:04:42 +0000] "PUT /d1/736/AUTH_3cabf8f65b1441038a866bdea352727e/dispersion_0_51" 201 - "PUT http://172.20.0.103:6001/d1/775/AUTH_3cabf8f65b1441038a866bdea352727e/dispersion_0_51" "tx48829202b07044e59d2c3-0068dcfcba" "container-server 22" 0.0062 "-" 17 0
Oct 1 10:04:42 np0005463865 container-server[110950]: 172.20.0.5 - - [01/Oct/2025:10:04:42 +0000] "PUT /d1/775/AUTH_3cabf8f65b1441038a866bdea352727e/dispersion_0_51" 201 - "PUT http://swift-public-openstack.apps-crc.testing/v1/AUTH_3cabf8f65b1441038a866bdea352727e/dispersion_0_51?format=json" "tx48829202b07044e59d2c3-0068dcfcba" "proxy-server 10" 0.0202 "-" 22 0
Oct 1 10:04:42 np0005463865 container-server[110945]: 172.20.0.5 - - [01/Oct/2025:10:04:42 +0000] "PUT /d1/71/AUTH_3cabf8f65b1441038a866bdea352727e/dispersion_0_48" 201 - "PUT http://swift-public-openstack.apps-crc.testing/v1/AUTH_3cabf8f65b1441038a866bdea352727e/dispersion_0_48?format=json" "txb58536a7461144d5833c9-0068dcfcba" "proxy-server 8" 0.0552 "-" 21 0
Oct 1 10:04:42 np0005463865 account-server[110634]: 172.20.0.105 - - [01/Oct/2025:10:04:42 +0000] "PUT /d1/736/AUTH_3cabf8f65b1441038a866bdea352727e/dispersion_0_47" 201 - "PUT http://172.20.0.105:6001/d1/1012/AUTH_3cabf8f65b1441038a866bdea352727e/dispersion_0_47" "tx9ed1ce22b1544a85b8d59-0068dcfcba" "container-server 17" 0.0505 "-" 17 0
Oct 1 10:04:42 np0005463865 account-server[110634]: 172.20.0.103 - - [01/Oct/2025:10:04:42 +0000] "PUT /d1/736/AUTH_3cabf8f65b1441038a866bdea352727e/dispersion_0_52" 201 - "PUT http://172.20.0.103:6001/d1/917/AUTH_3cabf8f65b1441038a866bdea352727e/dispersion_0_52" "txadd45c78bafd409b8cc92-0068dcfcba" "container-server 23" 0.0061 "-" 17 0
Oct 1 10:04:42 np0005463865 container-server[110951]: 172.20.0.5 - - [01/Oct/2025:10:04:42 +0000] "PUT /d1/917/AUTH_3cabf8f65b1441038a866bdea352727e/dispersion_0_52" 201 - "PUT http://swift-public-openstack.apps-crc.testing/v1/AUTH_3cabf8f65b1441038a866bdea352727e/dispersion_0_52?format=json" "txadd45c78bafd409b8cc92-0068dcfcba" "proxy-server 9" 0.0182 "-" 23 0
Oct 1 10:04:42 np0005463865 account-server[110595]: 172.20.0.104 - - [01/Oct/2025:10:04:42 +0000] "PUT /d1/736/AUTH_3cabf8f65b1441038a866bdea352727e/dispersion_0_53" 201 - "PUT http://172.20.0.104:6001/d1/616/AUTH_3cabf8f65b1441038a866bdea352727e/dispersion_0_53" "tx69480a4082ce43e682b3d-0068dcfcba" "container-server 23" 0.0060 "-" 14 0
Oct 1 10:04:42 np0005463865 container-server[110945]: 172.20.0.5 - - [01/Oct/2025:10:04:42 +0000] "PUT /d1/577/AUTH_3cabf8f65b1441038a866bdea352727e/dispersion_0_54" 201 - "PUT http://swift-public-openstack.apps-crc.testing/v1/AUTH_3cabf8f65b1441038a866bdea352727e/dispersion_0_54?format=json" "tx7c2ba9dca70845eb8574e-0068dcfcba" "proxy-server 5" 0.0227 "-" 21 0
Oct 1 10:04:42 np0005463865 container-server[110938]: 172.20.0.5 - - [01/Oct/2025:10:04:42 +0000] "PUT /d1/616/AUTH_3cabf8f65b1441038a866bdea352727e/dispersion_0_53" 201 - "PUT http://swift-public-openstack.apps-crc.testing/v1/AUTH_3cabf8f65b1441038a866bdea352727e/dispersion_0_53?format=json" "tx69480a4082ce43e682b3d-0068dcfcba" "proxy-server 6" 0.0406 "-" 20 0
Oct 1 10:04:42 np0005463865 account-server[110614]: 172.20.0.104 - - [01/Oct/2025:10:04:42 +0000] "PUT /d1/736/AUTH_3cabf8f65b1441038a866bdea352727e/dispersion_0_54" 201 - "PUT http://172.20.0.104:6001/d1/577/AUTH_3cabf8f65b1441038a866bdea352727e/dispersion_0_54" "tx7c2ba9dca70845eb8574e-0068dcfcba" "container-server 20" 0.0083 "-" 15 0
Oct 1 10:04:42 np0005463865 container-server[110950]: 172.20.0.5 - - [01/Oct/2025:10:04:42 +0000] "PUT /d1/654/AUTH_3cabf8f65b1441038a866bdea352727e/dispersion_0_55" 201 - "PUT http://swift-public-openstack.apps-crc.testing/v1/AUTH_3cabf8f65b1441038a866bdea352727e/dispersion_0_55?format=json" "txcd56e894c9474a6593d60-0068dcfcba" "proxy-server 8" 0.0197 "-" 22 0
Oct 1 10:04:42 np0005463865 container-server[110938]: 172.20.0.5 - - [01/Oct/2025:10:04:42 +0000] "PUT /d1/455/AUTH_3cabf8f65b1441038a866bdea352727e/dispersion_0_56" 201 - "PUT http://swift-public-openstack.apps-crc.testing/v1/AUTH_3cabf8f65b1441038a866bdea352727e/dispersion_0_56?format=json" "txb057605ac61049c7bc7ec-0068dcfcba" "proxy-server 12" 0.0188 "-" 20 0
Oct 1 10:04:42 np0005463865 account-server[110614]: 172.20.0.105 - - [01/Oct/2025:10:04:42 +0000] "PUT /d1/736/AUTH_3cabf8f65b1441038a866bdea352727e/dispersion_0_57" 201 - "PUT http://172.20.0.105:6001/d1/335/AUTH_3cabf8f65b1441038a866bdea352727e/dispersion_0_57" "txd767d240a6ac4121ad035-0068dcfcba" "container-server 14" 0.0015 "-" 15 0
Oct 1 10:04:42 np0005463865 account-server[110595]: 172.20.0.104 - - [01/Oct/2025:10:04:42 +0000] "PUT /d1/736/AUTH_3cabf8f65b1441038a866bdea352727e/dispersion_0_56" 201 - "PUT http://172.20.0.104:6001/d1/455/AUTH_3cabf8f65b1441038a866bdea352727e/dispersion_0_56" "txb057605ac61049c7bc7ec-0068dcfcba" "container-server 21" 0.0059 "-" 14 0
Oct 1 10:04:42 np0005463865 account-server[110595]: 172.20.0.104 - - [01/Oct/2025:10:04:42 +0000] "PUT /d1/736/AUTH_3cabf8f65b1441038a866bdea352727e/dispersion_0_55" 201 - "PUT http://172.20.0.104:6001/d1/654/AUTH_3cabf8f65b1441038a866bdea352727e/dispersion_0_55" "txcd56e894c9474a6593d60-0068dcfcba" "container-server 23" 0.0269 "-" 14 0
Oct 1 10:04:42 np0005463865 container-server[110938]: 172.20.0.5 - - [01/Oct/2025:10:04:42 +0000] "PUT /d1/335/AUTH_3cabf8f65b1441038a866bdea352727e/dispersion_0_57" 201 - "PUT http://swift-public-openstack.apps-crc.testing/v1/AUTH_3cabf8f65b1441038a866bdea352727e/dispersion_0_57?format=json" "txd767d240a6ac4121ad035-0068dcfcba" "proxy-server 10" 0.0256 "-" 20 0
Oct 1 10:04:42 np0005463865 account-server[110614]: 172.20.0.103 - - [01/Oct/2025:10:04:42 +0000] "PUT /d1/736/AUTH_3cabf8f65b1441038a866bdea352727e/dispersion_0_58" 201 - "PUT http://172.20.0.103:6001/d1/543/AUTH_3cabf8f65b1441038a866bdea352727e/dispersion_0_58" "tx273ed4ea51124976ab2a2-0068dcfcba" "container-server 23" 0.0056 "-" 15 0
