Jan 22 13:05:19 standalone account-server[123103]: Starting 2
Jan 22 13:05:20 standalone container-server[123466]: Starting 2
Jan 22 13:05:20 standalone object-expirer[123635]: Starting 2
Jan 22 13:05:20 standalone object-expirer[123635]: Option auto_create_account_prefix is deprecated. Configure auto_create_account_prefix under the swift-constraints section of swift.conf. This option will be ignored in a future release.
Jan 22 13:05:20 standalone account-server[123384]: Started child 20 from parent 2
Jan 22 13:05:20 standalone account-server[123384]: Started child 21 from parent 2
Jan 22 13:05:20 standalone account-server[123384]: Started child 22 from parent 2
Jan 22 13:05:20 standalone account-server[123384]: Started child 23 from parent 2
Jan 22 13:05:20 standalone container-server[123499]: Option allow_versions is deprecated. Configure the versioned_writes middleware in the proxy-server instead. This option will be ignored in a future release.
Jan 22 13:05:20 standalone container-server[123984]: Option allow_versions is deprecated. Configure the versioned_writes middleware in the proxy-server instead. This option will be ignored in a future release.
Jan 22 13:05:20 standalone container-server[123499]: Started child 20 from parent 2
Jan 22 13:05:20 standalone container-server[123988]: Option allow_versions is deprecated. Configure the versioned_writes middleware in the proxy-server instead. This option will be ignored in a future release.
Jan 22 13:05:20 standalone container-server[123499]: Started child 21 from parent 2
Jan 22 13:05:20 standalone container-server[123992]: Option allow_versions is deprecated. Configure the versioned_writes middleware in the proxy-server instead. This option will be ignored in a future release.
Jan 22 13:05:20 standalone container-server[123499]: Started child 22 from parent 2
Jan 22 13:05:21 standalone container-server[123998]: Option allow_versions is deprecated. Configure the versioned_writes middleware in the proxy-server instead. This option will be ignored in a future release.
Jan 22 13:05:21 standalone container-server[123499]: Started child 23 from parent 2
Jan 22 13:05:21 standalone object-server[123994]: Starting 2
Jan 22 13:05:21 standalone object-server[123856]: Started child 20 from parent 2
Jan 22 13:05:21 standalone object-server[123856]: Started child 21 from parent 2
Jan 22 13:05:21 standalone object-server[123856]: Started child 22 from parent 2
Jan 22 13:05:21 standalone object-server[123856]: Started child 23 from parent 2
Jan 22 13:05:27 standalone proxy-server[125573]: Starting Keystone auth_token middleware
Jan 22 13:05:27 standalone proxy-server[125573]: AuthToken middleware is set with keystone_authtoken.service_token_roles_required set to False. This is backwards compatible but deprecated behaviour. Please set this to True.
Jan 22 13:05:27 standalone proxy-server[125712]: Starting Keystone auth_token middleware
Jan 22 13:05:27 standalone proxy-server[125712]: STDERR: The option "bind_port" is not known to keystonemiddleware
Jan 22 13:05:27 standalone proxy-server[125712]: STDERR: The option "workers" is not known to keystonemiddleware
Jan 22 13:05:27 standalone proxy-server[125712]: STDERR: The option "user" is not known to keystonemiddleware
Jan 22 13:05:27 standalone proxy-server[125712]: STDERR: The option "bind_ip" is not known to keystonemiddleware
Jan 22 13:05:27 standalone proxy-server[125712]: STDERR: The option "log_name" is not known to keystonemiddleware
Jan 22 13:05:27 standalone proxy-server[125712]: STDERR: The option "log_facility" is not known to keystonemiddleware
Jan 22 13:05:27 standalone proxy-server[125712]: STDERR: The option "log_level" is not known to keystonemiddleware
Jan 22 13:05:27 standalone proxy-server[125712]: STDERR: The option "log_headers" is not known to keystonemiddleware
Jan 22 13:05:27 standalone proxy-server[125712]: STDERR: The option "log_address" is not known to keystonemiddleware
Jan 22 13:05:27 standalone proxy-server[125712]: STDERR: The option "project_name" is not known to keystonemiddleware
Jan 22 13:05:27 standalone proxy-server[125712]: STDERR: The option "username" is not known to keystonemiddleware
Jan 22 13:05:27 standalone proxy-server[125712]: STDERR: The option "password" is not known to keystonemiddleware
Jan 22 13:05:27 standalone proxy-server[125712]: STDERR: The option "auth_url" is not known to keystonemiddleware
Jan 22 13:05:27 standalone proxy-server[125712]: STDERR: The option "signing_dir" is not known to keystonemiddleware
Jan 22 13:05:27 standalone proxy-server[125712]: STDERR: The option "project_domain_id" is not known to keystonemiddleware
Jan 22 13:05:27 standalone proxy-server[125712]: STDERR: The option "user_domain_id" is not known to keystonemiddleware
Jan 22 13:05:27 standalone proxy-server[125712]: STDERR: The option "__name__" is not known to keystonemiddleware
Jan 22 13:05:27 standalone proxy-server[125712]: AuthToken middleware is set with keystone_authtoken.service_token_roles_required set to False. This is backwards compatible but deprecated behaviour. Please set this to True.
Jan 22 13:05:27 standalone proxy-server[125573]: Started child 12 from parent 2
Jan 22 13:05:41 standalone object-server[123994]: Begin object update sweep
Jan 22 13:05:41 standalone object-server[127487]: Object update sweep starting on /srv/node/d1 (pid: 11)
Jan 22 13:05:41 standalone object-server[127487]: Object update sweep completed on /srv/node/d1 in 0.00s seconds:, 0 successes, 0 failures, 0 quarantines, 0 unlinks, 0 errors, 0 redirects (pid: 11)
Jan 22 13:05:41 standalone object-server[127487]: Object update sweep of d1 completed: 0.00s, 0 successes, 0 failures, 0 quarantines, 0 unlinks, 0 errors, 0 redirects
Jan 22 13:05:41 standalone object-server[123994]: Object update sweep completed: 0.08s
Jan 22 13:06:12 standalone container-server[123466]: Begin container update sweep
Jan 22 13:06:12 standalone container-server[123466]: Container update sweep completed: 0.00s
Jan 22 13:07:01 standalone account-server[123959]: 172.20.0.100 - - [22/Jan/2026:13:07:01 +0000] "HEAD /d1/10/.expiring_objects" 404 - "HEAD http://localhost/v1/.expiring_objects?format=json" "tx0841619c4e0c4beab39cb-00697220f5" "proxy-server 2" 0.0015 "-" 21 -
Jan 22 13:07:01 standalone object-expirer[123635]: Pass completed in 0s; 0 objects expired (txn: tx0841619c4e0c4beab39cb-00697220f5)
Jan 22 13:09:07 standalone account-server[123969]: 172.20.0.100 - - [22/Jan/2026:13:09:07 +0000] "HEAD /d1/10/.expiring_objects" 404 - "HEAD http://localhost/v1/.expiring_objects?format=json" "tx3ff767ba4a5243f782d48-0069722173" "proxy-server 2" 0.0017 "-" 23 -
Jan 22 13:09:07 standalone object-expirer[123635]: Pass completed in 0s; 0 objects expired (txn: tx3ff767ba4a5243f782d48-0069722173)
Jan 22 13:10:19 standalone account-server[123937]: 172.20.0.100 - - [22/Jan/2026:13:10:19 +0000] "HEAD /d1/10/.expiring_objects" 404 - "HEAD http://localhost/v1/.expiring_objects?format=json" "tx962fb2ec9b1c4e2db537f-00697221bb" "proxy-server 2" 0.0019 "-" 20 -
Jan 22 13:10:19 standalone object-expirer[123635]: Pass completed in 0s; 0 objects expired (txn: tx962fb2ec9b1c4e2db537f-00697221bb)
Jan 22 13:10:41 standalone object-server[123994]: Begin object update sweep
Jan 22 13:10:41 standalone object-server[161702]: Object update sweep starting on /srv/node/d1 (pid: 13)
Jan 22 13:10:41 standalone object-server[161702]: Object update sweep completed on /srv/node/d1 in 0.00s seconds:, 0 successes, 0 failures, 0 quarantines, 0 unlinks, 0 errors, 0 redirects (pid: 13)
Jan 22 13:10:41 standalone object-server[161702]: Object update sweep of d1 completed: 0.00s, 0 successes, 0 failures, 0 quarantines, 0 unlinks, 0 errors, 0 redirects
Jan 22 13:10:41 standalone object-server[123994]: Object update sweep completed: 0.07s
Jan 22 13:11:12 standalone container-server[123466]: Begin container update sweep
Jan 22 13:11:12 standalone container-server[123466]: Container update sweep completed: 0.00s
Jan 22 13:11:44 standalone account-server[123937]: 172.20.0.100 - - [22/Jan/2026:13:11:44 +0000] "HEAD /d1/873/AUTH_3572f3440b374001a0289e8c148f1634" 404 - "HEAD http://localhost:8080/v1/AUTH_3572f3440b374001a0289e8c148f1634?format=json" "tx48a81af82f3e4e4bb3d24-0069722210" "proxy-server 12" 0.0004 "-" 20 -
Jan 22 13:11:44 standalone proxy-server[125712]: - - 22/Jan/2026/13/11/44 HEAD /v1/AUTH_3572f3440b374001a0289e8c148f1634%3Fformat%3Djson HTTP/1.0 200 - Swift - - - - tx48a81af82f3e4e4bb3d24-0069722210 - 0.0042 RL - 1769087504.687819242 1769087504.691977024 -
Jan 22 13:11:45 standalone proxy-server[125712]: 172.18.0.2 ::1 22/Jan/2026/13/11/45 HEAD /v1/AUTH_3572f3440b374001a0289e8c148f1634/glance%3Fformat%3Djson HTTP/1.0 404 - python-swiftclient-3.11.1 gAAAAABpciIQ1YeG... - - - tx48a81af82f3e4e4bb3d24-0069722210 - 0.4463 - - 1769087504.680293560 1769087505.126614809 -
Jan 22 13:11:45 standalone account-server[123959]: 172.20.0.100 - - [22/Jan/2026:13:11:45 +0000] "PUT /d1/873/AUTH_3572f3440b374001a0289e8c148f1634" 201 - "-" "txf1b9e87f79a24a17a3fab-0069722211" "-" 0.0205 "-" 21 -
Jan 22 13:11:45 standalone proxy-server[125712]: autocreate account '/AUTH_3572f3440b374001a0289e8c148f1634' (txn: txf1b9e87f79a24a17a3fab-0069722211)
Jan 22 13:11:45 standalone account-server[123959]: 172.20.0.100 - - [22/Jan/2026:13:11:45 +0000] "HEAD /d1/873/AUTH_3572f3440b374001a0289e8c148f1634" 204 - "HEAD http://localhost:8080/v1/AUTH_3572f3440b374001a0289e8c148f1634?format=json" "txf1b9e87f79a24a17a3fab-0069722211" "proxy-server 12" 0.0011 "-" 21 -
Jan 22 13:11:45 standalone account-server[123968]: 172.20.0.100 - - [22/Jan/2026:13:11:45 +0000] "PUT /d1/873/AUTH_3572f3440b374001a0289e8c148f1634/glance" 201 - "PUT http://172.20.0.100:6001/d1/68/AUTH_3572f3440b374001a0289e8c148f1634/glance" "txf1b9e87f79a24a17a3fab-0069722211" "container-server 21" 0.0016 "-" 22 0
Jan 22 13:11:45 standalone container-server[123988]: 172.20.0.100 - - [22/Jan/2026:13:11:45 +0000] "PUT /d1/68/AUTH_3572f3440b374001a0289e8c148f1634/glance" 201 - "PUT http://localhost:8080/v1/AUTH_3572f3440b374001a0289e8c148f1634/glance" "txf1b9e87f79a24a17a3fab-0069722211" "proxy-server 12" 0.0128 "-" 21 0
Jan 22 13:11:45 standalone proxy-server[125712]: 172.18.0.2 ::1 22/Jan/2026/13/11/45 PUT /v1/AUTH_3572f3440b374001a0289e8c148f1634/glance HTTP/1.0 201 - python-swiftclient-3.11.1 gAAAAABpciIQ1YeG... - - - txf1b9e87f79a24a17a3fab-0069722211 - 0.0531 - - 1769087505.132337332 1769087505.185468435 0
Jan 22 13:11:45 standalone container-server[123988]: 172.20.0.100 - - [22/Jan/2026:13:11:45 +0000] "HEAD /d1/68/AUTH_3572f3440b374001a0289e8c148f1634/glance" 204 - "HEAD http://localhost:8080/v1/AUTH_3572f3440b374001a0289e8c148f1634/glance?format=json&states=listing" "tx51cd30cca2f145a1b9426-0069722211" "proxy-server 12" 0.0012 "-" 21 0
Jan 22 13:11:45 standalone proxy-server[125712]: - - 22/Jan/2026/13/11/45 HEAD /v1/AUTH_3572f3440b374001a0289e8c148f1634/glance%3Fformat%3Djson%26states%3Dlisting HTTP/1.0 204 - Swift - - - - tx51cd30cca2f145a1b9426-0069722211 - 0.0152 RL - 1769087505.195780516 1769087505.210996389 0
Jan 22 13:12:05 standalone container-server[123998]: 172.20.0.100 - - [22/Jan/2026:13:12:05 +0000] "PUT /d1/68/AUTH_3572f3440b374001a0289e8c148f1634/glance/b4c67a4f-cd68-4728-82e7-851697e122c6" 201 - "PUT http://localhost:8080/d1/82/AUTH_3572f3440b374001a0289e8c148f1634/glance/b4c67a4f-cd68-4728-82e7-851697e122c6" "tx51cd30cca2f145a1b9426-0069722211" "object-server 23" 0.0013 "-" 23 0
Jan 22 13:12:05 standalone object-server[124102]: 172.20.0.100 - - [22/Jan/2026:13:12:05 +0000] "PUT /d1/82/AUTH_3572f3440b374001a0289e8c148f1634/glance/b4c67a4f-cd68-4728-82e7-851697e122c6" 201 - "PUT http://localhost:8080/v1/AUTH_3572f3440b374001a0289e8c148f1634/glance/b4c67a4f-cd68-4728-82e7-851697e122c6" "tx51cd30cca2f145a1b9426-0069722211" "proxy-server 12" 19.9419 "-" 23 0
Jan 22 13:12:05 standalone proxy-server[125712]: 172.18.0.2 ::1 22/Jan/2026/13/12/05 PUT /v1/AUTH_3572f3440b374001a0289e8c148f1634/glance/b4c67a4f-cd68-4728-82e7-851697e122c6 HTTP/1.0 201 - python-swiftclient-3.11.1 gAAAAABpciIQ1YeG... 1472724992 - - tx51cd30cca2f145a1b9426-0069722211 - 19.9651 - - 1769087505.194872618 1769087525.159937859 0
Jan 22 13:14:05 standalone account-server[123959]: 172.20.0.100 - - [22/Jan/2026:13:14:05 +0000] "HEAD /d1/10/.expiring_objects" 404 - "HEAD http://localhost/v1/.expiring_objects?format=json" "tx0a2d3f004df74c6aba9b2-006972229d" "proxy-server 2" 0.0005 "-" 21 -
Jan 22 13:14:05 standalone object-expirer[123635]: Pass completed in 0s; 0 objects expired (txn: tx0a2d3f004df74c6aba9b2-006972229d)
Jan 22 13:15:41 standalone object-server[123994]: Begin object update sweep
Jan 22 13:15:41 standalone object-server[200613]: Object update sweep starting on /srv/node/d1 (pid: 14)
Jan 22 13:15:41 standalone object-server[200613]: Object update sweep completed on /srv/node/d1 in 0.00s seconds:, 0 successes, 0 failures, 0 quarantines, 0 unlinks, 0 errors, 0 redirects (pid: 14)
Jan 22 13:15:41 standalone object-server[200613]: Object update sweep of d1 completed: 0.00s, 0 successes, 0 failures, 0 quarantines, 0 unlinks, 0 errors, 0 redirects
Jan 22 13:15:41 standalone object-server[123994]: Object update sweep completed: 0.09s
Jan 22 13:15:49 standalone account-server[123959]: 172.20.0.100 - - [22/Jan/2026:13:15:49 +0000] "HEAD /d1/10/.expiring_objects" 404 - "HEAD http://localhost/v1/.expiring_objects?format=json" "tx5fe7316b9fc84df7984b5-0069722305" "proxy-server 2" 0.0005 "-" 21 -
Jan 22 13:15:49 standalone object-expirer[123635]: Pass completed in 0s; 0 objects expired (txn: tx5fe7316b9fc84df7984b5-0069722305)
Jan 22 13:16:12 standalone container-server[123466]: Begin container update sweep
Jan 22 13:16:12 standalone account-server[123959]: 172.20.0.100 - - [22/Jan/2026:13:16:12 +0000] "PUT /d1/873/AUTH_3572f3440b374001a0289e8c148f1634/glance" 201 - "-" "-" "container-updater 2" 0.0011 "-" 21 0
Jan 22 13:16:12 standalone container-server[123466]: Container update sweep completed: 0.10s
Jan 22 13:16:41 standalone account-server[123968]: 172.20.0.100 - - [22/Jan/2026:13:16:41 +0000] "HEAD /d1/873/AUTH_3572f3440b374001a0289e8c148f1634" 204 - "HEAD http://localhost:8080/v1/AUTH_3572f3440b374001a0289e8c148f1634?format=json" "tx2dcc10c514ff46ac8e032-0069722339" "proxy-server 12" 0.0077 "-" 22 -
Jan 22 13:16:41 standalone proxy-server[125712]: - - 22/Jan/2026/13/16/41 HEAD /v1/AUTH_3572f3440b374001a0289e8c148f1634%3Fformat%3Djson HTTP/1.0 204 - Swift - - - - tx2dcc10c514ff46ac8e032-0069722339 - 0.0140 RL - 1769087801.744878531 1769087801.758890390 -
Jan 22 13:16:41 standalone container-server[123984]: 172.20.0.100 - - [22/Jan/2026:13:16:41 +0000] "HEAD /d1/68/AUTH_3572f3440b374001a0289e8c148f1634/glance" 204 - "HEAD http://localhost:8080/v1/AUTH_3572f3440b374001a0289e8c148f1634/glance?format=json&states=listing" "tx2dcc10c514ff46ac8e032-0069722339" "proxy-server 12" 0.0034 "-" 20 0
Jan 22 13:16:41 standalone proxy-server[125712]: 172.18.0.2 ::1 22/Jan/2026/13/16/41 HEAD /v1/AUTH_3572f3440b374001a0289e8c148f1634/glance%3Fformat%3Djson%26states%3Dlisting HTTP/1.0 204 - python-swiftclient-3.11.1 gAAAAABpciM5m5Sp... - - - tx2dcc10c514ff46ac8e032-0069722339 - 0.1188 - - 1769087801.741459608 1769087801.860257387 0
Jan 22 13:16:44 standalone container-server[123984]: 172.20.0.100 - - [22/Jan/2026:13:16:44 +0000] "PUT /d1/68/AUTH_3572f3440b374001a0289e8c148f1634/glance/78cbc702-cb95-44b9-aa73-b1836c52de37-00001" 201 - "PUT http://localhost:8080/d1/869/AUTH_3572f3440b374001a0289e8c148f1634/glance/78cbc702-cb95-44b9-aa73-b1836c52de37-00001" "txd402bb8785b946a497f11-0069722339" "object-server 23" 0.0012 "-" 20 0
Jan 22 13:16:44 standalone object-server[124102]: 172.20.0.100 - - [22/Jan/2026:13:16:44 +0000] "PUT /d1/869/AUTH_3572f3440b374001a0289e8c148f1634/glance/78cbc702-cb95-44b9-aa73-b1836c52de37-00001" 201 - "PUT http://localhost:8080/v1/AUTH_3572f3440b374001a0289e8c148f1634/glance/78cbc702-cb95-44b9-aa73-b1836c52de37-00001" "txd402bb8785b946a497f11-0069722339" "proxy-server 12" 2.6257 "-" 23 0
Jan 22 13:16:44 standalone proxy-server[125712]: 172.18.0.2 ::1 22/Jan/2026/13/16/44 PUT /v1/AUTH_3572f3440b374001a0289e8c148f1634/glance/78cbc702-cb95-44b9-aa73-b1836c52de37-00001 HTTP/1.0 201 - python-swiftclient-3.11.1 gAAAAABpciM5m5Sp... 21692416 - - txd402bb8785b946a497f11-0069722339 - 2.6322 - - 1769087801.866714001 1769087804.498891830 0
Jan 22 13:16:44 standalone container-server[123992]: 172.20.0.100 - - [22/Jan/2026:13:16:44 +0000] "PUT /d1/68/AUTH_3572f3440b374001a0289e8c148f1634/glance/78cbc702-cb95-44b9-aa73-b1836c52de37" 201 - "PUT http://localhost:8080/d1/99/AUTH_3572f3440b374001a0289e8c148f1634/glance/78cbc702-cb95-44b9-aa73-b1836c52de37" "tx84749f9136d44f0d96592-006972233c" "object-server 22" 0.0015 "-" 22 0
Jan 22 13:16:44 standalone object-server[124088]: 172.20.0.100 - - [22/Jan/2026:13:16:44 +0000] "PUT /d1/99/AUTH_3572f3440b374001a0289e8c148f1634/glance/78cbc702-cb95-44b9-aa73-b1836c52de37" 201 - "PUT http://localhost:8080/v1/AUTH_3572f3440b374001a0289e8c148f1634/glance/78cbc702-cb95-44b9-aa73-b1836c52de37" "tx84749f9136d44f0d96592-006972233c" "proxy-server 12" 0.0436 "-" 22 0
Jan 22 13:16:44 standalone proxy-server[125712]: 172.18.0.2 ::1 22/Jan/2026/13/16/44 PUT /v1/AUTH_3572f3440b374001a0289e8c148f1634/glance/78cbc702-cb95-44b9-aa73-b1836c52de37 HTTP/1.0 201 - python-swiftclient-3.11.1 gAAAAABpciM5m5Sp... - - - tx84749f9136d44f0d96592-006972233c - 0.0519 - - 1769087804.506083488 1769087804.557948112 0
Jan 22 13:16:45 standalone container-server[123998]: 172.20.0.100 - - [22/Jan/2026:13:16:45 +0000] "HEAD /d1/486/AUTH_3572f3440b374001a0289e8c148f1634/gnocchi.2c0659ff-274a-4898-9965-958dc4dbd9c3" 404 - "HEAD http://localhost:8080/v1/AUTH_3572f3440b374001a0289e8c148f1634/gnocchi.2c0659ff-274a-4898-9965-958dc4dbd9c3?format=json&states=listing" "txec596c6f1b6d4fdc80792-006972233d" "proxy-server 12" 0.0012 "-" 23 0
Jan 22 13:16:45 standalone object-server[124102]: 172.20.0.100 - - [22/Jan/2026:13:16:45 +0000] "GET /d1/781/AUTH_3572f3440b374001a0289e8c148f1634/gnocchi.2c0659ff-274a-4898-9965-958dc4dbd9c3/none_v3" 404 70 "GET http://localhost:8080/v1/AUTH_3572f3440b374001a0289e8c148f1634/gnocchi.2c0659ff-274a-4898-9965-958dc4dbd9c3/none_v3" "txec596c6f1b6d4fdc80792-006972233d" "proxy-server 12" 0.0008 "-" 23 0
Jan 22 13:16:45 standalone proxy-server[125712]: 172.18.0.2 ::1 22/Jan/2026/13/16/45 GET /v1/AUTH_3572f3440b374001a0289e8c148f1634/gnocchi.2c0659ff-274a-4898-9965-958dc4dbd9c3/none_v3 HTTP/1.0 404 - python-swiftclient-3.11.1 gAAAAABpciM9JbtB... - 70 - txec596c6f1b6d4fdc80792-006972233d - 0.0622 - - 1769087805.306344986 1769087805.368507862 0
Jan 22 13:16:45 standalone account-server[123968]: 172.20.0.100 - - [22/Jan/2026:13:16:45 +0000] "PUT /d1/873/AUTH_3572f3440b374001a0289e8c148f1634/gnocchi.2c0659ff-274a-4898-9965-958dc4dbd9c3" 201 - "PUT http://172.20.0.100:6001/d1/486/AUTH_3572f3440b374001a0289e8c148f1634/gnocchi.2c0659ff-274a-4898-9965-958dc4dbd9c3" "txcc3303485a96453085468-006972233d" "container-server 23" 0.0024 "-" 22 0
Jan 22 13:16:45 standalone container-server[123998]: 172.20.0.100 - - [22/Jan/2026:13:16:45 +0000] "PUT /d1/486/AUTH_3572f3440b374001a0289e8c148f1634/gnocchi.2c0659ff-274a-4898-9965-958dc4dbd9c3" 201 - "PUT http://localhost:8080/v1/AUTH_3572f3440b374001a0289e8c148f1634/gnocchi.2c0659ff-274a-4898-9965-958dc4dbd9c3" "txcc3303485a96453085468-006972233d" "proxy-server 12" 0.0180 "-" 23 0
Jan 22 13:16:45 standalone proxy-server[125712]: 172.18.0.2 ::1 22/Jan/2026/13/16/45 PUT /v1/AUTH_3572f3440b374001a0289e8c148f1634/gnocchi.2c0659ff-274a-4898-9965-958dc4dbd9c3 HTTP/1.0 201 - python-swiftclient-3.11.1 gAAAAABpciM9JbtB... - - - txcc3303485a96453085468-006972233d - 0.0249 - - 1769087805.372940540 1769087805.397850513 0
Jan 22 13:16:45 standalone container-server[123984]: 172.20.0.100 - - [22/Jan/2026:13:16:45 +0000] "HEAD /d1/486/AUTH_3572f3440b374001a0289e8c148f1634/gnocchi.2c0659ff-274a-4898-9965-958dc4dbd9c3" 204 - "HEAD http://localhost:8080/v1/AUTH_3572f3440b374001a0289e8c148f1634/gnocchi.2c0659ff-274a-4898-9965-958dc4dbd9c3?format=json&states=listing" "txe064382c1c894184aea01-006972233d" "proxy-server 12" 0.0022 "-" 20 0
Jan 22 13:16:45 standalone proxy-server[125712]: - - 22/Jan/2026/13/16/45 HEAD /v1/AUTH_3572f3440b374001a0289e8c148f1634/gnocchi.2c0659ff-274a-4898-9965-958dc4dbd9c3%3Fformat%3Djson%26states%3Dlisting HTTP/1.0 204 - Swift - - - - txe064382c1c894184aea01-006972233d - 0.0070 RL - 1769087805.403817177 1769087805.410854578 0
Jan 22 13:16:45 standalone container-server[123998]: 172.20.0.100 - - [22/Jan/2026:13:16:45 +0000] "GET /d1/486/AUTH_3572f3440b374001a0289e8c148f1634/gnocchi.2c0659ff-274a-4898-9965-958dc4dbd9c3" 200 2 "GET http://localhost:8080/v1/AUTH_3572f3440b374001a0289e8c148f1634/gnocchi.2c0659ff-274a-4898-9965-958dc4dbd9c3?format=json&states=listing" "txe064382c1c894184aea01-006972233d" "proxy-server 12" 0.0040 "-" 23 0
Jan 22 13:16:45 standalone proxy-server[125712]: 172.18.0.2 ::1 22/Jan/2026/13/16/45 GET /v1/AUTH_3572f3440b374001a0289e8c148f1634/gnocchi.2c0659ff-274a-4898-9965-958dc4dbd9c3%3Fformat%3Djson%26states%3Dlisting HTTP/1.0 200 - python-swiftclient-3.11.1 gAAAAABpciM9JbtB... - 2 - txe064382c1c894184aea01-006972233d - 0.0213 - - 1769087805.402198076 1769087805.423535347 0
Jan 22 13:16:45 standalone object-server[124088]: 172.20.0.100 - - [22/Jan/2026:13:16:45 +0000] "GET /d1/642/AUTH_3572f3440b374001a0289e8c148f1634/gnocchi.2c0659ff-274a-4898-9965-958dc4dbd9c3/1769040000.0_mean_300.0_v3" 404 70 "GET http://localhost:8080/v1/AUTH_3572f3440b374001a0289e8c148f1634/gnocchi.2c0659ff-274a-4898-9965-958dc4dbd9c3/1769040000.0_mean_300.0_v3" "txd15f3a9245284d79bff85-006972233d" "proxy-server 12" 0.0004 "-" 22 0
Jan 22 13:16:45 standalone proxy-server[125712]: 172.18.0.2 ::1 22/Jan/2026/13/16/45 GET /v1/AUTH_3572f3440b374001a0289e8c148f1634/gnocchi.2c0659ff-274a-4898-9965-958dc4dbd9c3/1769040000.0_mean_300.0_v3 HTTP/1.0 404 - python-swiftclient-3.11.1 gAAAAABpciM9JbtB... - 70 - txd15f3a9245284d79bff85-006972233d - 0.0076 - - 1769087805.427447796 1769087805.435019493 0
Jan 22 13:16:45 standalone container-server[123984]: 172.20.0.100 - - [22/Jan/2026:13:16:45 +0000] "PUT /d1/486/AUTH_3572f3440b374001a0289e8c148f1634/gnocchi.2c0659ff-274a-4898-9965-958dc4dbd9c3/1769040000.0_mean_300.0_v3" 201 - "PUT http://localhost:8080/d1/642/AUTH_3572f3440b374001a0289e8c148f1634/gnocchi.2c0659ff-274a-4898-9965-958dc4dbd9c3/1769040000.0_mean_300.0_v3" "tx5d3a92cbad664dd78c41b-006972233d" "object-server 23" 0.0008 "-" 20 0
Jan 22 13:16:45 standalone object-server[124102]: 172.20.0.100 - - [22/Jan/2026:13:16:45 +0000] "PUT /d1/642/AUTH_3572f3440b374001a0289e8c148f1634/gnocchi.2c0659ff-274a-4898-9965-958dc4dbd9c3/1769040000.0_mean_300.0_v3" 201 - "PUT http://localhost:8080/v1/AUTH_3572f3440b374001a0289e8c148f1634/gnocchi.2c0659ff-274a-4898-9965-958dc4dbd9c3/1769040000.0_mean_300.0_v3" "tx5d3a92cbad664dd78c41b-006972233d" "proxy-server 12" 0.0119 "-" 23 0
Jan 22 13:16:45 standalone proxy-server[125712]: 172.18.0.2 ::1 22/Jan/2026/13/16/45 PUT /v1/AUTH_3572f3440b374001a0289e8c148f1634/gnocchi.2c0659ff-274a-4898-9965-958dc4dbd9c3/1769040000.0_mean_300.0_v3 HTTP/1.0 201 - python-swiftclient-3.11.1 gAAAAABpciM9JbtB... 16 - - tx5d3a92cbad664dd78c41b-006972233d - 0.0196 - - 1769087805.438172579 1769087805.457767487 0
Jan 22 13:16:45 standalone container-server[123984]: 172.20.0.100 - - [22/Jan/2026:13:16:45 +0000] "PUT /d1/486/AUTH_3572f3440b374001a0289e8c148f1634/gnocchi.2c0659ff-274a-4898-9965-958dc4dbd9c3/none_v3" 201 - "PUT http://localhost:8080/d1/781/AUTH_3572f3440b374001a0289e8c148f1634/gnocchi.2c0659ff-274a-4898-9965-958dc4dbd9c3/none_v3" "tx204a83d8dfef4dcf91559-006972233d" "object-server 21" 0.0008 "-" 20 0
Jan 22 13:16:45 standalone object-server[124078]: 172.20.0.100 - - [22/Jan/2026:13:16:45 +0000] "PUT /d1/781/AUTH_3572f3440b374001a0289e8c148f1634/gnocchi.2c0659ff-274a-4898-9965-958dc4dbd9c3/none_v3" 201 - "PUT http://localhost:8080/v1/AUTH_3572f3440b374001a0289e8c148f1634/gnocchi.2c0659ff-274a-4898-9965-958dc4dbd9c3/none_v3" "tx204a83d8dfef4dcf91559-006972233d" "proxy-server 12" 0.0314 "-" 21 0
Jan 22 13:16:45 standalone proxy-server[125712]: 172.18.0.2 ::1 22/Jan/2026/13/16/45 PUT /v1/AUTH_3572f3440b374001a0289e8c148f1634/gnocchi.2c0659ff-274a-4898-9965-958dc4dbd9c3/none_v3 HTTP/1.0 201 - python-swiftclient-3.11.1 gAAAAABpciM9JbtB... 32 - - tx204a83d8dfef4dcf91559-006972233d - 0.0396 - - 1769087805.460867882 1769087805.500425816 0
Jan 22 13:17:45 standalone account-server[123937]: 172.20.0.100 - - [22/Jan/2026:13:17:45 +0000] "HEAD /d1/10/.expiring_objects" 404 - "HEAD http://localhost/v1/.expiring_objects?format=json" "tx4184ae25fefb48658027a-0069722379" "proxy-server 2" 0.0005 "-" 20 -
Jan 22 13:17:45 standalone object-expirer[123635]: Pass completed in 0s; 0 objects expired (txn: tx4184ae25fefb48658027a-0069722379)
Jan 22 13:17:48 standalone account-server[123968]: 172.20.0.100 - - [22/Jan/2026:13:17:48 +0000] "HEAD /d1/873/AUTH_3572f3440b374001a0289e8c148f1634" 204 - "HEAD http://localhost:8080/v1/AUTH_3572f3440b374001a0289e8c148f1634?format=json" "txbf7db6ebe6334f9c8a9c9-006972237c" "proxy-server 12" 0.0071 "-" 22 -
Jan 22 13:17:48 standalone proxy-server[125712]: - - 22/Jan/2026/13/17/48 HEAD /v1/AUTH_3572f3440b374001a0289e8c148f1634%3Fformat%3Djson HTTP/1.0 204 - Swift - - - - txbf7db6ebe6334f9c8a9c9-006972237c - 0.0127 RL - 1769087868.643515110 1769087868.656212330 -
Jan 22 13:17:48 standalone container-server[123984]: 172.20.0.100 - - [22/Jan/2026:13:17:48 +0000] "HEAD /d1/68/AUTH_3572f3440b374001a0289e8c148f1634/glance" 204 - "HEAD http://localhost:8080/v1/AUTH_3572f3440b374001a0289e8c148f1634/glance?format=json&states=listing" "txbf7db6ebe6334f9c8a9c9-006972237c" "proxy-server 12" 0.0128 "-" 20 0
Jan 22 13:17:48 standalone object-server[124088]: 172.20.0.100 - - [22/Jan/2026:13:17:48 +0000] "GET /d1/99/AUTH_3572f3440b374001a0289e8c148f1634/glance/78cbc702-cb95-44b9-aa73-b1836c52de37" 200 - "GET http://localhost:8080/v1/AUTH_3572f3440b374001a0289e8c148f1634/glance/78cbc702-cb95-44b9-aa73-b1836c52de37" "txbf7db6ebe6334f9c8a9c9-006972237c" "proxy-server 12" 0.0012 "-" 22 0
Jan 22 13:17:48 standalone container-server[123988]: 172.20.0.100 - - [22/Jan/2026:13:17:48 +0000] "GET /d1/68/AUTH_3572f3440b374001a0289e8c148f1634/glance" 200 210 "GET http://localhost:8080/v1/AUTH_3572f3440b374001a0289e8c148f1634/glance?prefix=78cbc702-cb95-44b9-aa73-b1836c52de37-&format=json&states=listing" "txbf7db6ebe6334f9c8a9c9-006972237c" "proxy-server 12" 0.0045 "-" 21 0
Jan 22 13:17:48 standalone proxy-server[125712]: - - 22/Jan/2026/13/17/48 GET /v1/AUTH_3572f3440b374001a0289e8c148f1634/glance%3Fprefix%3D78cbc702-cb95-44b9-aa73-b1836c52de37-%26format%3Djson%26states%3Dlisting HTTP/1.0 200 - python-swiftclient-3.11.1%20DLO%20MultipartGET gAAAAABpciN8WUbG... - 210 - txbf7db6ebe6334f9c8a9c9-006972237c - 0.0087 DLO - 1769087868.769948483 1769087868.778639793 0
Jan 22 13:17:48 standalone object-server[124066]: 172.20.0.100 - - [22/Jan/2026:13:17:48 +0000] "GET /d1/869/AUTH_3572f3440b374001a0289e8c148f1634/glance/78cbc702-cb95-44b9-aa73-b1836c52de37-00001" 200 21692416 "GET http://localhost:8080/v1/AUTH_3572f3440b374001a0289e8c148f1634/glance/78cbc702-cb95-44b9-aa73-b1836c52de37-00001?multipart-manifest=get" "txbf7db6ebe6334f9c8a9c9-006972237c" "proxy-server 12" 0.0019 "-" 20 0
Jan 22 13:17:48 standalone proxy-server[125712]: - - 22/Jan/2026/13/17/48 GET /v1/AUTH_3572f3440b374001a0289e8c148f1634/glance/78cbc702-cb95-44b9-aa73-b1836c52de37-00001%3Fmultipart-manifest%3Dget HTTP/1.0 200 - python-swiftclient-3.11.1%20%20DLO%20MultipartGET gAAAAABpciN8WUbG... - 21692416 - txbf7db6ebe6334f9c8a9c9-006972237c - 0.1372 DLO - 1769087868.779341459 1769087868.916574955 0
Jan 22 13:17:48 standalone proxy-server[125712]: 172.18.0.2 ::1 22/Jan/2026/13/17/48 GET /v1/AUTH_3572f3440b374001a0289e8c148f1634/glance/78cbc702-cb95-44b9-aa73-b1836c52de37 HTTP/1.0 200 - python-swiftclient-3.11.1 gAAAAABpciN8WUbG... - 21692416 - txbf7db6ebe6334f9c8a9c9-006972237c - 0.2746 - - 1769087868.642334700 1769087868.916970491 0
Jan 22 13:17:49 standalone container-server[123992]: 172.20.0.100 - - [22/Jan/2026:13:17:49 +0000] "HEAD /d1/29/AUTH_3572f3440b374001a0289e8c148f1634/gnocchi.2eb2a5b1-1371-4ef9-be6c-2f119e1c342a" 404 - "HEAD http://localhost:8080/v1/AUTH_3572f3440b374001a0289e8c148f1634/gnocchi.2eb2a5b1-1371-4ef9-be6c-2f119e1c342a?format=json&states=listing" "tx4f1106f84e114e5dba070-006972237d" "proxy-server 12" 0.0008 "-" 22 0
Jan 22 13:17:49 standalone object-server[124078]: 172.20.0.100 - - [22/Jan/2026:13:17:49 +0000] "GET /d1/514/AUTH_3572f3440b374001a0289e8c148f1634/gnocchi.2eb2a5b1-1371-4ef9-be6c-2f119e1c342a/none_v3" 404 70 "GET http://localhost:8080/v1/AUTH_3572f3440b374001a0289e8c148f1634/gnocchi.2eb2a5b1-1371-4ef9-be6c-2f119e1c342a/none_v3" "tx4f1106f84e114e5dba070-006972237d" "proxy-server 12" 0.0004 "-" 21 0
Jan 22 13:17:49 standalone proxy-server[125712]: 172.18.0.2 ::1 22/Jan/2026/13/17/49 GET /v1/AUTH_3572f3440b374001a0289e8c148f1634/gnocchi.2eb2a5b1-1371-4ef9-be6c-2f119e1c342a/none_v3 HTTP/1.0 404 - python-swiftclient-3.11.1 gAAAAABpciM9JbtB... - 70 - tx4f1106f84e114e5dba070-006972237d - 0.0091 - - 1769087869.805279732 1769087869.814391375 0
Jan 22 13:17:49 standalone account-server[123968]: 172.20.0.100 - - [22/Jan/2026:13:17:49 +0000] "PUT /d1/873/AUTH_3572f3440b374001a0289e8c148f1634/gnocchi.2eb2a5b1-1371-4ef9-be6c-2f119e1c342a" 201 - "PUT http://172.20.0.100:6001/d1/29/AUTH_3572f3440b374001a0289e8c148f1634/gnocchi.2eb2a5b1-1371-4ef9-be6c-2f119e1c342a" "tx8dad48907f434dd8a08a0-006972237d" "container-server 22" 0.0011 "-" 22 0
Jan 22 13:17:49 standalone container-server[123992]: 172.20.0.100 - - [22/Jan/2026:13:17:49 +0000] "PUT /d1/29/AUTH_3572f3440b374001a0289e8c148f1634/gnocchi.2eb2a5b1-1371-4ef9-be6c-2f119e1c342a" 201 - "PUT http://localhost:8080/v1/AUTH_3572f3440b374001a0289e8c148f1634/gnocchi.2eb2a5b1-1371-4ef9-be6c-2f119e1c342a" "tx8dad48907f434dd8a08a0-006972237d" "proxy-server 12" 0.0108 "-" 22 0
Jan 22 13:17:49 standalone proxy-server[125712]: 172.18.0.2 ::1 22/Jan/2026/13/17/49 PUT /v1/AUTH_3572f3440b374001a0289e8c148f1634/gnocchi.2eb2a5b1-1371-4ef9-be6c-2f119e1c342a HTTP/1.0 201 - python-swiftclient-3.11.1 gAAAAABpciM9JbtB... - - - tx8dad48907f434dd8a08a0-006972237d - 0.0163 - - 1769087869.818972588 1769087869.835227251 0
Jan 22 13:17:49 standalone container-server[123988]: 172.20.0.100 - - [22/Jan/2026:13:17:49 +0000] "HEAD /d1/29/AUTH_3572f3440b374001a0289e8c148f1634/gnocchi.2eb2a5b1-1371-4ef9-be6c-2f119e1c342a" 204 - "HEAD http://localhost:8080/v1/AUTH_3572f3440b374001a0289e8c148f1634/gnocchi.2eb2a5b1-1371-4ef9-be6c-2f119e1c342a?format=json&states=listing" "tx23a5e1bb78e444ca81d8b-006972237d" "proxy-server 12" 0.0013 "-" 21 0
Jan 22 13:17:49 standalone proxy-server[125712]: - - 22/Jan/2026/13/17/49 HEAD /v1/AUTH_3572f3440b374001a0289e8c148f1634/gnocchi.2eb2a5b1-1371-4ef9-be6c-2f119e1c342a%3Fformat%3Djson%26states%3Dlisting HTTP/1.0 204 - Swift - - - - tx23a5e1bb78e444ca81d8b-006972237d - 0.0043 RL - 1769087869.839103460 1769087869.843370199 0
Jan 22 13:17:49 standalone container-server[123984]: 172.20.0.100 - - [22/Jan/2026:13:17:49 +0000] "GET /d1/29/AUTH_3572f3440b374001a0289e8c148f1634/gnocchi.2eb2a5b1-1371-4ef9-be6c-2f119e1c342a" 200 2 "GET http://localhost:8080/v1/AUTH_3572f3440b374001a0289e8c148f1634/gnocchi.2eb2a5b1-1371-4ef9-be6c-2f119e1c342a?format=json&states=listing" "tx23a5e1bb78e444ca81d8b-006972237d" "proxy-server 12" 0.0019 "-" 20 0
Jan 22 13:17:49 standalone proxy-server[125712]: 172.18.0.2 ::1 22/Jan/2026/13/17/49 GET /v1/AUTH_3572f3440b374001a0289e8c148f1634/gnocchi.2eb2a5b1-1371-4ef9-be6c-2f119e1c342a%3Fformat%3Djson%26states%3Dlisting HTTP/1.0 200 - python-swiftclient-3.11.1 gAAAAABpciM9JbtB... - 2 - tx23a5e1bb78e444ca81d8b-006972237d - 0.0113 - - 1769087869.838404655 1769087869.849729538 0
Jan 22 13:17:49 standalone object-server[124088]: 172.20.0.100 - - [22/Jan/2026:13:17:49 +0000] "GET /d1/826/AUTH_3572f3440b374001a0289e8c148f1634/gnocchi.2eb2a5b1-1371-4ef9-be6c-2f119e1c342a/1769040000.0_mean_300.0_v3" 404 70 "GET http://localhost:8080/v1/AUTH_3572f3440b374001a0289e8c148f1634/gnocchi.2eb2a5b1-1371-4ef9-be6c-2f119e1c342a/1769040000.0_mean_300.0_v3" "txbd6a385ca820480da9b50-006972237d" "proxy-server 12" 0.0003 "-" 22 0
Jan 22 13:17:49 standalone proxy-server[125712]: 172.18.0.2 ::1 22/Jan/2026/13/17/49 GET /v1/AUTH_3572f3440b374001a0289e8c148f1634/gnocchi.2eb2a5b1-1371-4ef9-be6c-2f119e1c342a/1769040000.0_mean_300.0_v3 HTTP/1.0 404 - python-swiftclient-3.11.1 gAAAAABpciM9JbtB... - 70 - txbd6a385ca820480da9b50-006972237d - 0.0042 - - 1769087869.854028702 1769087869.858192921 0
Jan 22 13:17:49 standalone container-server[123988]: 172.20.0.100 - - [22/Jan/2026:13:17:49 +0000] "PUT /d1/29/AUTH_3572f3440b374001a0289e8c148f1634/gnocchi.2eb2a5b1-1371-4ef9-be6c-2f119e1c342a/1769040000.0_mean_300.0_v3" 201 - "PUT http://localhost:8080/d1/826/AUTH_3572f3440b374001a0289e8c148f1634/gnocchi.2eb2a5b1-1371-4ef9-be6c-2f119e1c342a/1769040000.0_mean_300.0_v3" "txd19f371dee634208884f9-006972237d" "object-server 20" 0.0006 "-" 21 0
Jan 22 13:17:49 standalone object-server[124066]: 172.20.0.100 - - [22/Jan/2026:13:17:49 +0000] "PUT /d1/826/AUTH_3572f3440b374001a0289e8c148f1634/gnocchi.2eb2a5b1-1371-4ef9-be6c-2f119e1c342a/1769040000.0_mean_300.0_v3" 201 - "PUT http://localhost:8080/v1/AUTH_3572f3440b374001a0289e8c148f1634/gnocchi.2eb2a5b1-1371-4ef9-be6c-2f119e1c342a/1769040000.0_mean_300.0_v3" "txd19f371dee634208884f9-006972237d" "proxy-server 12" 0.0186 "-" 20 0
Jan 22 13:17:49 standalone proxy-server[125712]: 172.18.0.2 ::1 22/Jan/2026/13/17/49 PUT /v1/AUTH_3572f3440b374001a0289e8c148f1634/gnocchi.2eb2a5b1-1371-4ef9-be6c-2f119e1c342a/1769040000.0_mean_300.0_v3 HTTP/1.0 201 - python-swiftclient-3.11.1 gAAAAABpciM9JbtB... 16 - - txd19f371dee634208884f9-006972237d - 0.0228 - - 1769087869.861428499 1769087869.884241819 0
Jan 22 13:17:49 standalone container-server[123988]: 172.20.0.100 - - [22/Jan/2026:13:17:49 +0000] "PUT /d1/29/AUTH_3572f3440b374001a0289e8c148f1634/gnocchi.2eb2a5b1-1371-4ef9-be6c-2f119e1c342a/none_v3" 201 - "PUT http://localhost:8080/d1/514/AUTH_3572f3440b374001a0289e8c148f1634/gnocchi.2eb2a5b1-1371-4ef9-be6c-2f119e1c342a/none_v3" "tx007bf8ee024c4b409dcd7-006972237d" "object-server 20" 0.0003 "-" 21 0
Jan 22 13:17:49 standalone object-server[124066]: 172.20.0.100 - - [22/Jan/2026:13:17:49 +0000] "PUT /d1/514/AUTH_3572f3440b374001a0289e8c148f1634/gnocchi.2eb2a5b1-1371-4ef9-be6c-2f119e1c342a/none_v3" 201 - "PUT http://localhost:8080/v1/AUTH_3572f3440b374001a0289e8c148f1634/gnocchi.2eb2a5b1-1371-4ef9-be6c-2f119e1c342a/none_v3" "tx007bf8ee024c4b409dcd7-006972237d" "proxy-server 12" 0.0073 "-" 20 0
Jan 22 13:17:49 standalone proxy-server[125712]: 172.18.0.2 ::1 22/Jan/2026/13/17/49 PUT /v1/AUTH_3572f3440b374001a0289e8c148f1634/gnocchi.2eb2a5b1-1371-4ef9-be6c-2f119e1c342a/none_v3 HTTP/1.0 201 - python-swiftclient-3.11.1 gAAAAABpciM9JbtB... 22 - - tx007bf8ee024c4b409dcd7-006972237d - 0.0112 - - 1769087869.887033463 1769087869.898253918 0
Jan 22 13:17:49 standalone container-server[123988]: 172.20.0.100 - - [22/Jan/2026:13:17:49 +0000] "HEAD /d1/70/AUTH_3572f3440b374001a0289e8c148f1634/gnocchi.690f0f75-2895-4320-a015-65cf087ae34a" 404 - "HEAD http://localhost:8080/v1/AUTH_3572f3440b374001a0289e8c148f1634/gnocchi.690f0f75-2895-4320-a015-65cf087ae34a?format=json&states=listing" "txfdd2afbbe06a41d1b34c9-006972237d" "proxy-server 12" 0.0003 "-" 21 0
Jan 22 13:17:49 standalone object-server[124088]: 172.20.0.100 - - [22/Jan/2026:13:17:49 +0000] "GET /d1/484/AUTH_3572f3440b374001a0289e8c148f1634/gnocchi.690f0f75-2895-4320-a015-65cf087ae34a/none_v3" 404 70 "GET http://localhost:8080/v1/AUTH_3572f3440b374001a0289e8c148f1634/gnocchi.690f0f75-2895-4320-a015-65cf087ae34a/none_v3" "txfdd2afbbe06a41d1b34c9-006972237d" "proxy-server 12" 0.0004 "-" 22 0
Jan 22 13:17:49 standalone proxy-server[125712]: 172.18.0.2 ::1 22/Jan/2026/13/17/49 GET /v1/AUTH_3572f3440b374001a0289e8c148f1634/gnocchi.690f0f75-2895-4320-a015-65cf087ae34a/none_v3 HTTP/1.0 404 - python-swiftclient-3.11.1 gAAAAABpciM9JbtB... - 70 - txfdd2afbbe06a41d1b34c9-006972237d - 0.0077 - - 1769087869.906027317 1769087869.913739681 0
Jan 22 13:17:49 standalone account-server[123959]: 172.20.0.100 - - [22/Jan/2026:13:17:49 +0000] "PUT /d1/873/AUTH_3572f3440b374001a0289e8c148f1634/gnocchi.690f0f75-2895-4320-a015-65cf087ae34a" 201 - "PUT http://172.20.0.100:6001/d1/70/AUTH_3572f3440b374001a0289e8c148f1634/gnocchi.690f0f75-2895-4320-a015-65cf087ae34a" "tx31720cc84b3c432fa7ed7-006972237d" "container-server 20" 0.0058 "-" 21 0
Jan 22 13:17:49 standalone container-server[123984]: 172.20.0.100 - - [22/Jan/2026:13:17:49 +0000] "PUT /d1/70/AUTH_3572f3440b374001a0289e8c148f1634/gnocchi.690f0f75-2895-4320-a015-65cf087ae34a" 201 - "PUT http://localhost:8080/v1/AUTH_3572f3440b374001a0289e8c148f1634/gnocchi.690f0f75-2895-4320-a015-65cf087ae34a" "tx31720cc84b3c432fa7ed7-006972237d" "proxy-server 12" 0.0142 "-" 20 0
Jan 22 13:17:49 standalone proxy-server[125712]: 172.18.0.2 ::1 22/Jan/2026/13/17/49 PUT /v1/AUTH_3572f3440b374001a0289e8c148f1634/gnocchi.690f0f75-2895-4320-a015-65cf087ae34a HTTP/1.0 201 - python-swiftclient-3.11.1 gAAAAABpciM9JbtB... - - - tx31720cc84b3c432fa7ed7-006972237d - 0.0179 - - 1769087869.915966511 1769087869.933830976 0
Jan 22 13:17:49 standalone container-server[123988]: 172.20.0.100 - - [22/Jan/2026:13:17:49 +0000] "HEAD /d1/70/AUTH_3572f3440b374001a0289e8c148f1634/gnocchi.690f0f75-2895-4320-a015-65cf087ae34a" 204 - "HEAD http://localhost:8080/v1/AUTH_3572f3440b374001a0289e8c148f1634/gnocchi.690f0f75-2895-4320-a015-65cf087ae34a?format=json&states=listing" "txaac0babe90e3409e8b782-006972237d" "proxy-server 12" 0.0011 "-" 21 0
Jan 22 13:17:49 standalone proxy-server[125712]: - - 22/Jan/2026/13/17/49 HEAD /v1/AUTH_3572f3440b374001a0289e8c148f1634/gnocchi.690f0f75-2895-4320-a015-65cf087ae34a%3Fformat%3Djson%26states%3Dlisting HTTP/1.0 204 - Swift - - - - txaac0babe90e3409e8b782-006972237d - 0.0034 RL - 1769087869.937428474 1769087869.940850258 0
Jan 22 13:17:49 standalone container-server[123992]: 172.20.0.100 - - [22/Jan/2026:13:17:49 +0000] "GET /d1/70/AUTH_3572f3440b374001a0289e8c148f1634/gnocchi.690f0f75-2895-4320-a015-65cf087ae34a" 200 2 "GET http://localhost:8080/v1/AUTH_3572f3440b374001a0289e8c148f1634/gnocchi.690f0f75-2895-4320-a015-65cf087ae34a?format=json&states=listing" "txaac0babe90e3409e8b782-006972237d" "proxy-server 12" 0.0035 "-" 22 0
Jan 22 13:17:49 standalone proxy-server[125712]: 172.18.0.2 ::1 22/Jan/2026/13/17/49 GET /v1/AUTH_3572f3440b374001a0289e8c148f1634/gnocchi.690f0f75-2895-4320-a015-65cf087ae34a%3Fformat%3Djson%26states%3Dlisting HTTP/1.0 200 - python-swiftclient-3.11.1 gAAAAABpciM9JbtB... - 2 - txaac0babe90e3409e8b782-006972237d - 0.0128 - - 1769087869.936639786 1769087869.949471951 0
Jan 22 13:17:49 standalone object-server[124102]: 172.20.0.100 - - [22/Jan/2026:13:17:49 +0000] "GET /d1/844/AUTH_3572f3440b374001a0289e8c148f1634/gnocchi.690f0f75-2895-4320-a015-65cf087ae34a/1769040000.0_mean_300.0_v3" 404 70 "GET http://localhost:8080/v1/AUTH_3572f3440b374001a0289e8c148f1634/gnocchi.690f0f75-2895-4320-a015-65cf087ae34a/1769040000.0_mean_300.0_v3" "tx468741c684424fde9aeab-006972237d" "proxy-server 12" 0.0003 "-" 23 0
Jan 22 13:17:49 standalone proxy-server[125712]: 172.18.0.2 ::1 22/Jan/2026/13/17/49 GET /v1/AUTH_3572f3440b374001a0289e8c148f1634/gnocchi.690f0f75-2895-4320-a015-65cf087ae34a/1769040000.0_mean_300.0_v3 HTTP/1.0 404 - python-swiftclient-3.11.1 gAAAAABpciM9JbtB... - 70 - tx468741c684424fde9aeab-006972237d - 0.0044 - - 1769087869.952208281 1769087869.956604958 0
Jan 22 13:17:49 standalone container-server[123984]: 172.20.0.100 - - [22/Jan/2026:13:17:49 +0000] "PUT /d1/70/AUTH_3572f3440b374001a0289e8c148f1634/gnocchi.690f0f75-2895-4320-a015-65cf087ae34a/1769040000.0_mean_300.0_v3" 201 - "PUT http://localhost:8080/d1/844/AUTH_3572f3440b374001a0289e8c148f1634/gnocchi.690f0f75-2895-4320-a015-65cf087ae34a/1769040000.0_mean_300.0_v3" "txf39021611c14481f8b7f7-006972237d" "object-server 23" 0.0005 "-" 20 0
Jan 22 13:17:49 standalone object-server[124102]: 172.20.0.100 - - [22/Jan/2026:13:17:49 +0000] "PUT /d1/844/AUTH_3572f3440b374001a0289e8c148f1634/gnocchi.690f0f75-2895-4320-a015-65cf087ae34a/1769040000.0_mean_300.0_v3" 201 - "PUT http://localhost:8080/v1/AUTH_3572f3440b374001a0289e8c148f1634/gnocchi.690f0f75-2895-4320-a015-65cf087ae34a/1769040000.0_mean_300.0_v3" "txf39021611c14481f8b7f7-006972237d" "proxy-server 12" 0.0079 "-" 23 0
Jan 22 13:17:49 standalone proxy-server[125712]: 172.18.0.2 ::1 22/Jan/2026/13/17/49 PUT /v1/AUTH_3572f3440b374001a0289e8c148f1634/gnocchi.690f0f75-2895-4320-a015-65cf087ae34a/1769040000.0_mean_300.0_v3 HTTP/1.0 201 - python-swiftclient-3.11.1 gAAAAABpciM9JbtB... 16 - - txf39021611c14481f8b7f7-006972237d - 0.0119 - - 1769087869.963926554 1769087869.975789547 0
Jan 22 13:17:49 standalone container-server[123988]: 172.20.0.100 - - [22/Jan/2026:13:17:49 +0000] "PUT /d1/70/AUTH_3572f3440b374001a0289e8c148f1634/gnocchi.690f0f75-2895-4320-a015-65cf087ae34a/none_v3" 201 - "PUT http://localhost:8080/d1/484/AUTH_3572f3440b374001a0289e8c148f1634/gnocchi.690f0f75-2895-4320-a015-65cf087ae34a/none_v3" "tx4f0f19312bcd43b2be8e5-006972237d" "object-server 20" 0.0007 "-" 21 0
Jan 22 13:17:49 standalone object-server[124066]: 172.20.0.100 - - [22/Jan/2026:13:17:49 +0000] "PUT /d1/484/AUTH_3572f3440b374001a0289e8c148f1634/gnocchi.690f0f75-2895-4320-a015-65cf087ae34a/none_v3" 201 - "PUT http://localhost:8080/v1/AUTH_3572f3440b374001a0289e8c148f1634/gnocchi.690f0f75-2895-4320-a015-65cf087ae34a/none_v3" "tx4f0f19312bcd43b2be8e5-006972237d" "proxy-server 12" 0.0104 "-" 20 0
Jan 22 13:17:49 standalone proxy-server[125712]: 172.18.0.2 ::1 22/Jan/2026/13/17/49 PUT /v1/AUTH_3572f3440b374001a0289e8c148f1634/gnocchi.690f0f75-2895-4320-a015-65cf087ae34a/none_v3 HTTP/1.0 201 - python-swiftclient-3.11.1 gAAAAABpciM9JbtB... 22 - - tx4f0f19312bcd43b2be8e5-006972237d - 0.0151 - - 1769087869.978152275 1769087869.993287086 0
Jan 22 13:17:54 standalone container-server[123988]: 172.20.0.100 - - [22/Jan/2026:13:17:54 +0000] "HEAD /d1/503/AUTH_3572f3440b374001a0289e8c148f1634/gnocchi.fc8bbfb7-2277-4f63-9489-2d9af8dc6e73" 404 - "HEAD http://localhost:8080/v1/AUTH_3572f3440b374001a0289e8c148f1634/gnocchi.fc8bbfb7-2277-4f63-9489-2d9af8dc6e73?format=json&states=listing" "tx8b19dd1cf4c0438e91f45-0069722382" "proxy-server 12" 0.0011 "-" 21 0
Jan 22 13:17:54 standalone object-server[124102]: 172.20.0.100 - - [22/Jan/2026:13:17:54 +0000] "GET /d1/80/AUTH_3572f3440b374001a0289e8c148f1634/gnocchi.fc8bbfb7-2277-4f63-9489-2d9af8dc6e73/none_v3" 404 70 "GET http://localhost:8080/v1/AUTH_3572f3440b374001a0289e8c148f1634/gnocchi.fc8bbfb7-2277-4f63-9489-2d9af8dc6e73/none_v3" "tx8b19dd1cf4c0438e91f45-0069722382" "proxy-server 12" 0.0007 "-" 23 0
Jan 22 13:17:54 standalone proxy-server[125712]: 172.18.0.2 ::1 22/Jan/2026/13/17/54 GET /v1/AUTH_3572f3440b374001a0289e8c148f1634/gnocchi.fc8bbfb7-2277-4f63-9489-2d9af8dc6e73/none_v3 HTTP/1.0 404 - python-swiftclient-3.11.1 gAAAAABpciM9JbtB... - 70 - tx8b19dd1cf4c0438e91f45-0069722382 - 0.0226 - - 1769087874.010473490 1769087874.033041477 0
Jan 22 13:17:54 standalone account-server[123937]: 172.20.0.100 - - [22/Jan/2026:13:17:54 +0000] "PUT /d1/873/AUTH_3572f3440b374001a0289e8c148f1634/gnocchi.fc8bbfb7-2277-4f63-9489-2d9af8dc6e73" 201 - "PUT http://172.20.0.100:6001/d1/503/AUTH_3572f3440b374001a0289e8c148f1634/gnocchi.fc8bbfb7-2277-4f63-9489-2d9af8dc6e73" "tx914a0eef3d734b1abda04-0069722382" "container-server 20" 0.0067 "-" 20 0
Jan 22 13:17:54 standalone container-server[123984]: 172.20.0.100 - - [22/Jan/2026:13:17:54 +0000] "PUT /d1/503/AUTH_3572f3440b374001a0289e8c148f1634/gnocchi.fc8bbfb7-2277-4f63-9489-2d9af8dc6e73" 201 - "PUT http://localhost:8080/v1/AUTH_3572f3440b374001a0289e8c148f1634/gnocchi.fc8bbfb7-2277-4f63-9489-2d9af8dc6e73" "tx914a0eef3d734b1abda04-0069722382" "proxy-server 12" 0.0231 "-" 20 0
Jan 22 13:17:54 standalone proxy-server[125712]: 172.18.0.2 ::1 22/Jan/2026/13/17/54 PUT /v1/AUTH_3572f3440b374001a0289e8c148f1634/gnocchi.fc8bbfb7-2277-4f63-9489-2d9af8dc6e73 HTTP/1.0 201 - python-swiftclient-3.11.1 gAAAAABpciM9JbtB... - - - tx914a0eef3d734b1abda04-0069722382 - 0.0358 - - 1769087874.040721178 1769087874.076533079 0
Jan 22 13:17:54 standalone container-server[123988]: 172.20.0.100 - - [22/Jan/2026:13:17:54 +0000] "HEAD /d1/503/AUTH_3572f3440b374001a0289e8c148f1634/gnocchi.fc8bbfb7-2277-4f63-9489-2d9af8dc6e73" 204 - "HEAD http://localhost:8080/v1/AUTH_3572f3440b374001a0289e8c148f1634/gnocchi.fc8bbfb7-2277-4f63-9489-2d9af8dc6e73?format=json&states=listing" "txc89a8556738746168d879-0069722382" "proxy-server 12" 0.0045 "-" 21 0
Jan 22 13:17:54 standalone proxy-server[125712]: - - 22/Jan/2026/13/17/54 HEAD /v1/AUTH_3572f3440b374001a0289e8c148f1634/gnocchi.fc8bbfb7-2277-4f63-9489-2d9af8dc6e73%3Fformat%3Djson%26states%3Dlisting HTTP/1.0 204 - Swift - - - - txc89a8556738746168d879-0069722382 - 0.0123 RL - 1769087874.088682890 1769087874.101012707 0
Jan 22 13:17:54 standalone container-server[123988]: 172.20.0.100 - - [22/Jan/2026:13:17:54 +0000] "GET /d1/503/AUTH_3572f3440b374001a0289e8c148f1634/gnocchi.fc8bbfb7-2277-4f63-9489-2d9af8dc6e73" 200 2 "GET http://localhost:8080/v1/AUTH_3572f3440b374001a0289e8c148f1634/gnocchi.fc8bbfb7-2277-4f63-9489-2d9af8dc6e73?format=json&states=listing" "txc89a8556738746168d879-0069722382" "proxy-server 12" 0.0040 "-" 21 0
Jan 22 13:17:54 standalone proxy-server[125712]: 172.18.0.2 ::1 22/Jan/2026/13/17/54 GET /v1/AUTH_3572f3440b374001a0289e8c148f1634/gnocchi.fc8bbfb7-2277-4f63-9489-2d9af8dc6e73%3Fformat%3Djson%26states%3Dlisting HTTP/1.0 200 - python-swiftclient-3.11.1 gAAAAABpciM9JbtB... - 2 - txc89a8556738746168d879-0069722382 - 0.0291 - - 1769087874.085451603 1769087874.114564419 0
Jan 22 13:17:54 standalone object-server[124066]: 172.20.0.100 - - [22/Jan/2026:13:17:54 +0000] "GET /d1/217/AUTH_3572f3440b374001a0289e8c148f1634/gnocchi.fc8bbfb7-2277-4f63-9489-2d9af8dc6e73/1769040000.0_mean_300.0_v3" 404 70 "GET http://localhost:8080/v1/AUTH_3572f3440b374001a0289e8c148f1634/gnocchi.fc8bbfb7-2277-4f63-9489-2d9af8dc6e73/1769040000.0_mean_300.0_v3" "txfef55ac109094fb789bb9-0069722382" "proxy-server 12" 0.0006 "-" 20 0
Jan 22 13:17:54 standalone proxy-server[125712]: 172.18.0.2 ::1 22/Jan/2026/13/17/54 GET /v1/AUTH_3572f3440b374001a0289e8c148f1634/gnocchi.fc8bbfb7-2277-4f63-9489-2d9af8dc6e73/1769040000.0_mean_300.0_v3 HTTP/1.0 404 - python-swiftclient-3.11.1 gAAAAABpciM9JbtB... - 70 - txfef55ac109094fb789bb9-0069722382 - 0.0118 - - 1769087874.124837399 1769087874.136618137 0
Jan 22 13:17:54 standalone container-server[123998]: 172.20.0.100 - - [22/Jan/2026:13:17:54 +0000] "PUT /d1/503/AUTH_3572f3440b374001a0289e8c148f1634/gnocchi.fc8bbfb7-2277-4f63-9489-2d9af8dc6e73/1769040000.0_mean_300.0_v3" 201 - "PUT http://localhost:8080/d1/217/AUTH_3572f3440b374001a0289e8c148f1634/gnocchi.fc8bbfb7-2277-4f63-9489-2d9af8dc6e73/1769040000.0_mean_300.0_v3" "tx40a4074f5d3f4a08b4d77-0069722382" "object-server 23" 0.0009 "-" 23 0
Jan 22 13:17:54 standalone object-server[124102]: 172.20.0.100 - - [22/Jan/2026:13:17:54 +0000] "PUT /d1/217/AUTH_3572f3440b374001a0289e8c148f1634/gnocchi.fc8bbfb7-2277-4f63-9489-2d9af8dc6e73/1769040000.0_mean_300.0_v3" 201 - "PUT http://localhost:8080/v1/AUTH_3572f3440b374001a0289e8c148f1634/gnocchi.fc8bbfb7-2277-4f63-9489-2d9af8dc6e73/1769040000.0_mean_300.0_v3" "tx40a4074f5d3f4a08b4d77-0069722382" "proxy-server 12" 0.0136 "-" 23 0
Jan 22 13:17:54 standalone proxy-server[125712]: 172.18.0.2 ::1 22/Jan/2026/13/17/54 PUT /v1/AUTH_3572f3440b374001a0289e8c148f1634/gnocchi.fc8bbfb7-2277-4f63-9489-2d9af8dc6e73/1769040000.0_mean_300.0_v3 HTTP/1.0 201 - python-swiftclient-3.11.1 gAAAAABpciM9JbtB... 16 - - tx40a4074f5d3f4a08b4d77-0069722382 - 0.0219 - - 1769087874.143861294 1769087874.165789127 0
Jan 22 13:17:54 standalone container-server[123984]: 172.20.0.100 - - [22/Jan/2026:13:17:54 +0000] "PUT /d1/503/AUTH_3572f3440b374001a0289e8c148f1634/gnocchi.fc8bbfb7-2277-4f63-9489-2d9af8dc6e73/none_v3" 201 - "PUT http://localhost:8080/d1/80/AUTH_3572f3440b374001a0289e8c148f1634/gnocchi.fc8bbfb7-2277-4f63-9489-2d9af8dc6e73/none_v3" "tx8891bd8e54ad4f5cb9417-0069722382" "object-server 21" 0.0012 "-" 20 0
Jan 22 13:17:54 standalone object-server[124078]: 172.20.0.100 - - [22/Jan/2026:13:17:54 +0000] "PUT /d1/80/AUTH_3572f3440b374001a0289e8c148f1634/gnocchi.fc8bbfb7-2277-4f63-9489-2d9af8dc6e73/none_v3" 201 - "PUT http://localhost:8080/v1/AUTH_3572f3440b374001a0289e8c148f1634/gnocchi.fc8bbfb7-2277-4f63-9489-2d9af8dc6e73/none_v3" "tx8891bd8e54ad4f5cb9417-0069722382" "proxy-server 12" 0.0140 "-" 21 0
Jan 22 13:17:54 standalone proxy-server[125712]: 172.18.0.2 ::1 22/Jan/2026/13/17/54 PUT /v1/AUTH_3572f3440b374001a0289e8c148f1634/gnocchi.fc8bbfb7-2277-4f63-9489-2d9af8dc6e73/none_v3 HTTP/1.0 201 - python-swiftclient-3.11.1 gAAAAABpciM9JbtB... 22 - - tx8891bd8e54ad4f5cb9417-0069722382 - 0.0214 - - 1769087874.172039747 1769087874.193409443 0
Jan 22 13:17:54 standalone container-server[123988]: 172.20.0.100 - - [22/Jan/2026:13:17:54 +0000] "HEAD /d1/879/AUTH_3572f3440b374001a0289e8c148f1634/gnocchi.197b3324-f47d-4bc1-8327-35dcab575f10" 404 - "HEAD http://localhost:8080/v1/AUTH_3572f3440b374001a0289e8c148f1634/gnocchi.197b3324-f47d-4bc1-8327-35dcab575f10?format=json&states=listing" "tx5686e85cf27241c3a491f-0069722382" "proxy-server 12" 0.0006 "-" 21 0
Jan 22 13:17:54 standalone object-server[124078]: 172.20.0.100 - - [22/Jan/2026:13:17:54 +0000] "GET /d1/319/AUTH_3572f3440b374001a0289e8c148f1634/gnocchi.197b3324-f47d-4bc1-8327-35dcab575f10/none_v3" 404 70 "GET http://localhost:8080/v1/AUTH_3572f3440b374001a0289e8c148f1634/gnocchi.197b3324-f47d-4bc1-8327-35dcab575f10/none_v3" "tx5686e85cf27241c3a491f-0069722382" "proxy-server 12" 0.0004 "-" 21 0
