Jan 22 13:17:54 standalone proxy-server[125712]: 172.18.0.2 ::1 22/Jan/2026/13/17/54 GET /v1/AUTH_3572f3440b374001a0289e8c148f1634/gnocchi.197b3324-f47d-4bc1-8327-35dcab575f10/none_v3 HTTP/1.0 404 - python-swiftclient-3.11.1 gAAAAABpciM9JbtB... - 70 - tx5686e85cf27241c3a491f-0069722382 - 0.0115 - - 1769087874.214056015 1769087874.225603580 0
Jan 22 13:17:54 standalone account-server[123968]: 172.20.0.100 - - [22/Jan/2026:13:17:54 +0000] "PUT /d1/873/AUTH_3572f3440b374001a0289e8c148f1634/gnocchi.197b3324-f47d-4bc1-8327-35dcab575f10" 201 - "PUT http://172.20.0.100:6001/d1/879/AUTH_3572f3440b374001a0289e8c148f1634/gnocchi.197b3324-f47d-4bc1-8327-35dcab575f10" "txeafbaaa2bc5c467fb6b77-0069722382" "container-server 20" 0.0047 "-" 22 0
Jan 22 13:17:54 standalone container-server[123984]: 172.20.0.100 - - [22/Jan/2026:13:17:54 +0000] "PUT /d1/879/AUTH_3572f3440b374001a0289e8c148f1634/gnocchi.197b3324-f47d-4bc1-8327-35dcab575f10" 201 - "PUT http://localhost:8080/v1/AUTH_3572f3440b374001a0289e8c148f1634/gnocchi.197b3324-f47d-4bc1-8327-35dcab575f10" "txeafbaaa2bc5c467fb6b77-0069722382" "proxy-server 12" 0.0219 "-" 20 0
Jan 22 13:17:54 standalone proxy-server[125712]: 172.18.0.2 ::1 22/Jan/2026/13/17/54 PUT /v1/AUTH_3572f3440b374001a0289e8c148f1634/gnocchi.197b3324-f47d-4bc1-8327-35dcab575f10 HTTP/1.0 201 - python-swiftclient-3.11.1 gAAAAABpciM9JbtB... - - - txeafbaaa2bc5c467fb6b77-0069722382 - 0.0287 - - 1769087874.237146139 1769087874.265891075 0
Jan 22 13:17:54 standalone container-server[123992]: 172.20.0.100 - - [22/Jan/2026:13:17:54 +0000] "HEAD /d1/879/AUTH_3572f3440b374001a0289e8c148f1634/gnocchi.197b3324-f47d-4bc1-8327-35dcab575f10" 204 - "HEAD http://localhost:8080/v1/AUTH_3572f3440b374001a0289e8c148f1634/gnocchi.197b3324-f47d-4bc1-8327-35dcab575f10?format=json&states=listing" "tx97ffa9a71f3b4bd5a871b-0069722382" "proxy-server 12" 0.0033 "-" 22 0
Jan 22 13:17:54 standalone proxy-server[125712]: - - 22/Jan/2026/13/17/54 HEAD /v1/AUTH_3572f3440b374001a0289e8c148f1634/gnocchi.197b3324-f47d-4bc1-8327-35dcab575f10%3Fformat%3Djson%26states%3Dlisting HTTP/1.0 204 - Swift - - - - tx97ffa9a71f3b4bd5a871b-0069722382 - 0.0119 RL - 1769087874.273091316 1769087874.284984112 0
Jan 22 13:17:54 standalone container-server[123998]: 172.20.0.100 - - [22/Jan/2026:13:17:54 +0000] "GET /d1/879/AUTH_3572f3440b374001a0289e8c148f1634/gnocchi.197b3324-f47d-4bc1-8327-35dcab575f10" 200 2 "GET http://localhost:8080/v1/AUTH_3572f3440b374001a0289e8c148f1634/gnocchi.197b3324-f47d-4bc1-8327-35dcab575f10?format=json&states=listing" "tx97ffa9a71f3b4bd5a871b-0069722382" "proxy-server 12" 0.0023 "-" 23 0
Jan 22 13:17:54 standalone proxy-server[125712]: 172.18.0.2 ::1 22/Jan/2026/13/17/54 GET /v1/AUTH_3572f3440b374001a0289e8c148f1634/gnocchi.197b3324-f47d-4bc1-8327-35dcab575f10%3Fformat%3Djson%26states%3Dlisting HTTP/1.0 200 - python-swiftclient-3.11.1 gAAAAABpciM9JbtB... - 2 - tx97ffa9a71f3b4bd5a871b-0069722382 - 0.0260 - - 1769087874.270897865 1769087874.296913147 0
Jan 22 13:17:54 standalone object-server[124102]: 172.20.0.100 - - [22/Jan/2026:13:17:54 +0000] "GET /d1/85/AUTH_3572f3440b374001a0289e8c148f1634/gnocchi.197b3324-f47d-4bc1-8327-35dcab575f10/1769040000.0_mean_300.0_v3" 404 70 "GET http://localhost:8080/v1/AUTH_3572f3440b374001a0289e8c148f1634/gnocchi.197b3324-f47d-4bc1-8327-35dcab575f10/1769040000.0_mean_300.0_v3" "tx22b52288c99149ae9f324-0069722382" "proxy-server 12" 0.0005 "-" 23 0
Jan 22 13:17:54 standalone proxy-server[125712]: 172.18.0.2 ::1 22/Jan/2026/13/17/54 GET /v1/AUTH_3572f3440b374001a0289e8c148f1634/gnocchi.197b3324-f47d-4bc1-8327-35dcab575f10/1769040000.0_mean_300.0_v3 HTTP/1.0 404 - python-swiftclient-3.11.1 gAAAAABpciM9JbtB... - 70 - tx22b52288c99149ae9f324-0069722382 - 0.0070 - - 1769087874.301949501 1769087874.308958054 0
Jan 22 13:17:54 standalone container-server[123988]: 172.20.0.100 - - [22/Jan/2026:13:17:54 +0000] "PUT /d1/879/AUTH_3572f3440b374001a0289e8c148f1634/gnocchi.197b3324-f47d-4bc1-8327-35dcab575f10/1769040000.0_mean_300.0_v3" 201 - "PUT http://localhost:8080/d1/85/AUTH_3572f3440b374001a0289e8c148f1634/gnocchi.197b3324-f47d-4bc1-8327-35dcab575f10/1769040000.0_mean_300.0_v3" "txf5db4ac6eabc4b25813fc-0069722382" "object-server 21" 0.0006 "-" 21 0
Jan 22 13:17:54 standalone object-server[124078]: 172.20.0.100 - - [22/Jan/2026:13:17:54 +0000] "PUT /d1/85/AUTH_3572f3440b374001a0289e8c148f1634/gnocchi.197b3324-f47d-4bc1-8327-35dcab575f10/1769040000.0_mean_300.0_v3" 201 - "PUT http://localhost:8080/v1/AUTH_3572f3440b374001a0289e8c148f1634/gnocchi.197b3324-f47d-4bc1-8327-35dcab575f10/1769040000.0_mean_300.0_v3" "txf5db4ac6eabc4b25813fc-0069722382" "proxy-server 12" 0.0105 "-" 21 0
Jan 22 13:17:54 standalone proxy-server[125712]: 172.18.0.2 ::1 22/Jan/2026/13/17/54 PUT /v1/AUTH_3572f3440b374001a0289e8c148f1634/gnocchi.197b3324-f47d-4bc1-8327-35dcab575f10/1769040000.0_mean_300.0_v3 HTTP/1.0 201 - python-swiftclient-3.11.1 gAAAAABpciM9JbtB... 16 - - txf5db4ac6eabc4b25813fc-0069722382 - 0.0169 - - 1769087874.315041780 1769087874.331909418 0
Jan 22 13:17:54 standalone container-server[123988]: 172.20.0.100 - - [22/Jan/2026:13:17:54 +0000] "PUT /d1/879/AUTH_3572f3440b374001a0289e8c148f1634/gnocchi.197b3324-f47d-4bc1-8327-35dcab575f10/none_v3" 201 - "PUT http://localhost:8080/d1/319/AUTH_3572f3440b374001a0289e8c148f1634/gnocchi.197b3324-f47d-4bc1-8327-35dcab575f10/none_v3" "tx2b0c9fc5493849789edd2-0069722382" "object-server 22" 0.0006 "-" 21 0
Jan 22 13:17:54 standalone object-server[124088]: 172.20.0.100 - - [22/Jan/2026:13:17:54 +0000] "PUT /d1/319/AUTH_3572f3440b374001a0289e8c148f1634/gnocchi.197b3324-f47d-4bc1-8327-35dcab575f10/none_v3" 201 - "PUT http://localhost:8080/v1/AUTH_3572f3440b374001a0289e8c148f1634/gnocchi.197b3324-f47d-4bc1-8327-35dcab575f10/none_v3" "tx2b0c9fc5493849789edd2-0069722382" "proxy-server 12" 0.0190 "-" 22 0
Jan 22 13:17:54 standalone proxy-server[125712]: 172.18.0.2 ::1 22/Jan/2026/13/17/54 PUT /v1/AUTH_3572f3440b374001a0289e8c148f1634/gnocchi.197b3324-f47d-4bc1-8327-35dcab575f10/none_v3 HTTP/1.0 201 - python-swiftclient-3.11.1 gAAAAABpciM9JbtB... 22 - - tx2b0c9fc5493849789edd2-0069722382 - 0.0261 - - 1769087874.337698698 1769087874.363820553 0
Jan 22 13:17:54 standalone container-server[123992]: 172.20.0.100 - - [22/Jan/2026:13:17:54 +0000] "HEAD /d1/712/AUTH_3572f3440b374001a0289e8c148f1634/gnocchi.94358a56-03e4-4fe7-b34f-400597e41a58" 404 - "HEAD http://localhost:8080/v1/AUTH_3572f3440b374001a0289e8c148f1634/gnocchi.94358a56-03e4-4fe7-b34f-400597e41a58?format=json&states=listing" "txf644942866c54fe983c6d-0069722382" "proxy-server 12" 0.0006 "-" 22 0
Jan 22 13:17:54 standalone object-server[124078]: 172.20.0.100 - - [22/Jan/2026:13:17:54 +0000] "GET /d1/885/AUTH_3572f3440b374001a0289e8c148f1634/gnocchi.94358a56-03e4-4fe7-b34f-400597e41a58/none_v3" 404 70 "GET http://localhost:8080/v1/AUTH_3572f3440b374001a0289e8c148f1634/gnocchi.94358a56-03e4-4fe7-b34f-400597e41a58/none_v3" "txf644942866c54fe983c6d-0069722382" "proxy-server 12" 0.0003 "-" 21 0
Jan 22 13:17:54 standalone proxy-server[125712]: 172.18.0.2 ::1 22/Jan/2026/13/17/54 GET /v1/AUTH_3572f3440b374001a0289e8c148f1634/gnocchi.94358a56-03e4-4fe7-b34f-400597e41a58/none_v3 HTTP/1.0 404 - python-swiftclient-3.11.1 gAAAAABpciM9JbtB... - 70 - txf644942866c54fe983c6d-0069722382 - 0.0115 - - 1769087874.385921955 1769087874.397406816 0
Jan 22 13:17:54 standalone account-server[123959]: 172.20.0.100 - - [22/Jan/2026:13:17:54 +0000] "PUT /d1/873/AUTH_3572f3440b374001a0289e8c148f1634/gnocchi.94358a56-03e4-4fe7-b34f-400597e41a58" 201 - "PUT http://172.20.0.100:6001/d1/712/AUTH_3572f3440b374001a0289e8c148f1634/gnocchi.94358a56-03e4-4fe7-b34f-400597e41a58" "txb2ed7c0bc00e4e1199c7b-0069722382" "container-server 21" 0.0068 "-" 21 0
Jan 22 13:17:54 standalone container-server[123988]: 172.20.0.100 - - [22/Jan/2026:13:17:54 +0000] "PUT /d1/712/AUTH_3572f3440b374001a0289e8c148f1634/gnocchi.94358a56-03e4-4fe7-b34f-400597e41a58" 201 - "PUT http://localhost:8080/v1/AUTH_3572f3440b374001a0289e8c148f1634/gnocchi.94358a56-03e4-4fe7-b34f-400597e41a58" "txb2ed7c0bc00e4e1199c7b-0069722382" "proxy-server 12" 0.0195 "-" 21 0
Jan 22 13:17:54 standalone proxy-server[125712]: 172.18.0.2 ::1 22/Jan/2026/13/17/54 PUT /v1/AUTH_3572f3440b374001a0289e8c148f1634/gnocchi.94358a56-03e4-4fe7-b34f-400597e41a58 HTTP/1.0 201 - python-swiftclient-3.11.1 gAAAAABpciM9JbtB... - - - txb2ed7c0bc00e4e1199c7b-0069722382 - 0.0251 - - 1769087874.403507710 1769087874.428600788 0
Jan 22 13:17:54 standalone container-server[123988]: 172.20.0.100 - - [22/Jan/2026:13:17:54 +0000] "HEAD /d1/712/AUTH_3572f3440b374001a0289e8c148f1634/gnocchi.94358a56-03e4-4fe7-b34f-400597e41a58" 204 - "HEAD http://localhost:8080/v1/AUTH_3572f3440b374001a0289e8c148f1634/gnocchi.94358a56-03e4-4fe7-b34f-400597e41a58?format=json&states=listing" "txc2ee4f2bd89a4c1db55b2-0069722382" "proxy-server 12" 0.0015 "-" 21 0
Jan 22 13:17:54 standalone proxy-server[125712]: - - 22/Jan/2026/13/17/54 HEAD /v1/AUTH_3572f3440b374001a0289e8c148f1634/gnocchi.94358a56-03e4-4fe7-b34f-400597e41a58%3Fformat%3Djson%26states%3Dlisting HTTP/1.0 204 - Swift - - - - txc2ee4f2bd89a4c1db55b2-0069722382 - 0.0049 RL - 1769087874.436568737 1769087874.441482306 0
Jan 22 13:17:54 standalone container-server[123998]: 172.20.0.100 - - [22/Jan/2026:13:17:54 +0000] "GET /d1/712/AUTH_3572f3440b374001a0289e8c148f1634/gnocchi.94358a56-03e4-4fe7-b34f-400597e41a58" 200 2 "GET http://localhost:8080/v1/AUTH_3572f3440b374001a0289e8c148f1634/gnocchi.94358a56-03e4-4fe7-b34f-400597e41a58?format=json&states=listing" "txc2ee4f2bd89a4c1db55b2-0069722382" "proxy-server 12" 0.0048 "-" 23 0
Jan 22 13:17:54 standalone proxy-server[125712]: 172.18.0.2 ::1 22/Jan/2026/13/17/54 GET /v1/AUTH_3572f3440b374001a0289e8c148f1634/gnocchi.94358a56-03e4-4fe7-b34f-400597e41a58%3Fformat%3Djson%26states%3Dlisting HTTP/1.0 200 - python-swiftclient-3.11.1 gAAAAABpciM9JbtB... - 2 - txc2ee4f2bd89a4c1db55b2-0069722382 - 0.0190 - - 1769087874.435249567 1769087874.454298973 0
Jan 22 13:17:54 standalone object-server[124088]: 172.20.0.100 - - [22/Jan/2026:13:17:54 +0000] "GET /d1/950/AUTH_3572f3440b374001a0289e8c148f1634/gnocchi.94358a56-03e4-4fe7-b34f-400597e41a58/1769040000.0_mean_300.0_v3" 404 70 "GET http://localhost:8080/v1/AUTH_3572f3440b374001a0289e8c148f1634/gnocchi.94358a56-03e4-4fe7-b34f-400597e41a58/1769040000.0_mean_300.0_v3" "txa8aca438489944aebd8d8-0069722382" "proxy-server 12" 0.0006 "-" 22 0
Jan 22 13:17:54 standalone proxy-server[125712]: 172.18.0.2 ::1 22/Jan/2026/13/17/54 GET /v1/AUTH_3572f3440b374001a0289e8c148f1634/gnocchi.94358a56-03e4-4fe7-b34f-400597e41a58/1769040000.0_mean_300.0_v3 HTTP/1.0 404 - python-swiftclient-3.11.1 gAAAAABpciM9JbtB... - 70 - txa8aca438489944aebd8d8-0069722382 - 0.0075 - - 1769087874.461016655 1769087874.468496561 0
Jan 22 13:17:54 standalone container-server[123984]: 172.20.0.100 - - [22/Jan/2026:13:17:54 +0000] "PUT /d1/712/AUTH_3572f3440b374001a0289e8c148f1634/gnocchi.94358a56-03e4-4fe7-b34f-400597e41a58/1769040000.0_mean_300.0_v3" 201 - "PUT http://localhost:8080/d1/950/AUTH_3572f3440b374001a0289e8c148f1634/gnocchi.94358a56-03e4-4fe7-b34f-400597e41a58/1769040000.0_mean_300.0_v3" "txc4588f935beb4e16a9c5f-0069722382" "object-server 23" 0.0008 "-" 20 0
Jan 22 13:17:54 standalone object-server[124102]: 172.20.0.100 - - [22/Jan/2026:13:17:54 +0000] "PUT /d1/950/AUTH_3572f3440b374001a0289e8c148f1634/gnocchi.94358a56-03e4-4fe7-b34f-400597e41a58/1769040000.0_mean_300.0_v3" 201 - "PUT http://localhost:8080/v1/AUTH_3572f3440b374001a0289e8c148f1634/gnocchi.94358a56-03e4-4fe7-b34f-400597e41a58/1769040000.0_mean_300.0_v3" "txc4588f935beb4e16a9c5f-0069722382" "proxy-server 12" 0.0112 "-" 23 0
Jan 22 13:17:54 standalone proxy-server[125712]: 172.18.0.2 ::1 22/Jan/2026/13/17/54 PUT /v1/AUTH_3572f3440b374001a0289e8c148f1634/gnocchi.94358a56-03e4-4fe7-b34f-400597e41a58/1769040000.0_mean_300.0_v3 HTTP/1.0 201 - python-swiftclient-3.11.1 gAAAAABpciM9JbtB... 16 - - txc4588f935beb4e16a9c5f-0069722382 - 0.0183 - - 1769087874.474150419 1769087874.492420197 0
Jan 22 13:17:54 standalone container-server[123998]: 172.20.0.100 - - [22/Jan/2026:13:17:54 +0000] "PUT /d1/712/AUTH_3572f3440b374001a0289e8c148f1634/gnocchi.94358a56-03e4-4fe7-b34f-400597e41a58/none_v3" 201 - "PUT http://localhost:8080/d1/885/AUTH_3572f3440b374001a0289e8c148f1634/gnocchi.94358a56-03e4-4fe7-b34f-400597e41a58/none_v3" "txb7c172cfa52b45fc8ef40-0069722382" "object-server 23" 0.0013 "-" 23 0
Jan 22 13:17:54 standalone object-server[124102]: 172.20.0.100 - - [22/Jan/2026:13:17:54 +0000] "PUT /d1/885/AUTH_3572f3440b374001a0289e8c148f1634/gnocchi.94358a56-03e4-4fe7-b34f-400597e41a58/none_v3" 201 - "PUT http://localhost:8080/v1/AUTH_3572f3440b374001a0289e8c148f1634/gnocchi.94358a56-03e4-4fe7-b34f-400597e41a58/none_v3" "txb7c172cfa52b45fc8ef40-0069722382" "proxy-server 12" 0.0129 "-" 23 0
Jan 22 13:17:54 standalone proxy-server[125712]: 172.18.0.2 ::1 22/Jan/2026/13/17/54 PUT /v1/AUTH_3572f3440b374001a0289e8c148f1634/gnocchi.94358a56-03e4-4fe7-b34f-400597e41a58/none_v3 HTTP/1.0 201 - python-swiftclient-3.11.1 gAAAAABpciM9JbtB... 22 - - txb7c172cfa52b45fc8ef40-0069722382 - 0.0193 - - 1769087874.498175144 1769087874.517473221 0
Jan 22 13:17:54 standalone container-server[123992]: 172.20.0.100 - - [22/Jan/2026:13:17:54 +0000] "HEAD /d1/755/AUTH_3572f3440b374001a0289e8c148f1634/gnocchi.1ff84d0e-b24c-404f-84a0-15d2e5831dac" 404 - "HEAD http://localhost:8080/v1/AUTH_3572f3440b374001a0289e8c148f1634/gnocchi.1ff84d0e-b24c-404f-84a0-15d2e5831dac?format=json&states=listing" "txda4b3149047844aaba2e4-0069722382" "proxy-server 12" 0.0005 "-" 22 0
Jan 22 13:17:54 standalone object-server[124102]: 172.20.0.100 - - [22/Jan/2026:13:17:54 +0000] "GET /d1/674/AUTH_3572f3440b374001a0289e8c148f1634/gnocchi.1ff84d0e-b24c-404f-84a0-15d2e5831dac/none_v3" 404 70 "GET http://localhost:8080/v1/AUTH_3572f3440b374001a0289e8c148f1634/gnocchi.1ff84d0e-b24c-404f-84a0-15d2e5831dac/none_v3" "txda4b3149047844aaba2e4-0069722382" "proxy-server 12" 0.0005 "-" 23 0
Jan 22 13:17:54 standalone proxy-server[125712]: 172.18.0.2 ::1 22/Jan/2026/13/17/54 GET /v1/AUTH_3572f3440b374001a0289e8c148f1634/gnocchi.1ff84d0e-b24c-404f-84a0-15d2e5831dac/none_v3 HTTP/1.0 404 - python-swiftclient-3.11.1 gAAAAABpciM9JbtB... - 70 - txda4b3149047844aaba2e4-0069722382 - 0.0135 - - 1769087874.548098564 1769087874.561568260 0
Jan 22 13:17:54 standalone account-server[123969]: 172.20.0.100 - - [22/Jan/2026:13:17:54 +0000] "PUT /d1/873/AUTH_3572f3440b374001a0289e8c148f1634/gnocchi.1ff84d0e-b24c-404f-84a0-15d2e5831dac" 201 - "PUT http://172.20.0.100:6001/d1/755/AUTH_3572f3440b374001a0289e8c148f1634/gnocchi.1ff84d0e-b24c-404f-84a0-15d2e5831dac" "txfe71bab8bfa945a98f3e1-0069722382" "container-server 22" 0.0064 "-" 23 0
Jan 22 13:17:54 standalone container-server[123992]: 172.20.0.100 - - [22/Jan/2026:13:17:54 +0000] "PUT /d1/755/AUTH_3572f3440b374001a0289e8c148f1634/gnocchi.1ff84d0e-b24c-404f-84a0-15d2e5831dac" 201 - "PUT http://localhost:8080/v1/AUTH_3572f3440b374001a0289e8c148f1634/gnocchi.1ff84d0e-b24c-404f-84a0-15d2e5831dac" "txfe71bab8bfa945a98f3e1-0069722382" "proxy-server 12" 0.0182 "-" 22 0
Jan 22 13:17:54 standalone proxy-server[125712]: 172.18.0.2 ::1 22/Jan/2026/13/17/54 PUT /v1/AUTH_3572f3440b374001a0289e8c148f1634/gnocchi.1ff84d0e-b24c-404f-84a0-15d2e5831dac HTTP/1.0 201 - python-swiftclient-3.11.1 gAAAAABpciM9JbtB... - - - txfe71bab8bfa945a98f3e1-0069722382 - 0.0237 - - 1769087874.566172361 1769087874.589854002 0
Jan 22 13:17:54 standalone container-server[123998]: 172.20.0.100 - - [22/Jan/2026:13:17:54 +0000] "HEAD /d1/755/AUTH_3572f3440b374001a0289e8c148f1634/gnocchi.1ff84d0e-b24c-404f-84a0-15d2e5831dac" 204 - "HEAD http://localhost:8080/v1/AUTH_3572f3440b374001a0289e8c148f1634/gnocchi.1ff84d0e-b24c-404f-84a0-15d2e5831dac?format=json&states=listing" "tx9fc816388cd44de1905a8-0069722382" "proxy-server 12" 0.0039 "-" 23 0
Jan 22 13:17:54 standalone proxy-server[125712]: - - 22/Jan/2026/13/17/54 HEAD /v1/AUTH_3572f3440b374001a0289e8c148f1634/gnocchi.1ff84d0e-b24c-404f-84a0-15d2e5831dac%3Fformat%3Djson%26states%3Dlisting HTTP/1.0 204 - Swift - - - - tx9fc816388cd44de1905a8-0069722382 - 0.0094 RL - 1769087874.599632978 1769087874.609047413 0
Jan 22 13:17:54 standalone container-server[123998]: 172.20.0.100 - - [22/Jan/2026:13:17:54 +0000] "GET /d1/755/AUTH_3572f3440b374001a0289e8c148f1634/gnocchi.1ff84d0e-b24c-404f-84a0-15d2e5831dac" 200 2 "GET http://localhost:8080/v1/AUTH_3572f3440b374001a0289e8c148f1634/gnocchi.1ff84d0e-b24c-404f-84a0-15d2e5831dac?format=json&states=listing" "tx9fc816388cd44de1905a8-0069722382" "proxy-server 12" 0.0052 "-" 23 0
Jan 22 13:17:54 standalone proxy-server[125712]: 172.18.0.2 ::1 22/Jan/2026/13/17/54 GET /v1/AUTH_3572f3440b374001a0289e8c148f1634/gnocchi.1ff84d0e-b24c-404f-84a0-15d2e5831dac%3Fformat%3Djson%26states%3Dlisting HTTP/1.0 200 - python-swiftclient-3.11.1 gAAAAABpciM9JbtB... - 2 - tx9fc816388cd44de1905a8-0069722382 - 0.0278 - - 1769087874.598191023 1769087874.626028061 0
Jan 22 13:17:54 standalone object-server[124078]: 172.20.0.100 - - [22/Jan/2026:13:17:54 +0000] "GET /d1/945/AUTH_3572f3440b374001a0289e8c148f1634/gnocchi.1ff84d0e-b24c-404f-84a0-15d2e5831dac/1769040000.0_mean_300.0_v3" 404 70 "GET http://localhost:8080/v1/AUTH_3572f3440b374001a0289e8c148f1634/gnocchi.1ff84d0e-b24c-404f-84a0-15d2e5831dac/1769040000.0_mean_300.0_v3" "tx5ac1bf0d5e904e0eb1a3a-0069722382" "proxy-server 12" 0.0006 "-" 21 0
Jan 22 13:17:54 standalone proxy-server[125712]: 172.18.0.2 ::1 22/Jan/2026/13/17/54 GET /v1/AUTH_3572f3440b374001a0289e8c148f1634/gnocchi.1ff84d0e-b24c-404f-84a0-15d2e5831dac/1769040000.0_mean_300.0_v3 HTTP/1.0 404 - python-swiftclient-3.11.1 gAAAAABpciM9JbtB... - 70 - tx5ac1bf0d5e904e0eb1a3a-0069722382 - 0.0164 - - 1769087874.633488894 1769087874.649894714 0
Jan 22 13:17:54 standalone container-server[123998]: 172.20.0.100 - - [22/Jan/2026:13:17:54 +0000] "PUT /d1/755/AUTH_3572f3440b374001a0289e8c148f1634/gnocchi.1ff84d0e-b24c-404f-84a0-15d2e5831dac/1769040000.0_mean_300.0_v3" 201 - "PUT http://localhost:8080/d1/945/AUTH_3572f3440b374001a0289e8c148f1634/gnocchi.1ff84d0e-b24c-404f-84a0-15d2e5831dac/1769040000.0_mean_300.0_v3" "tx90d3c890e6884dd79ff63-0069722382" "object-server 22" 0.0010 "-" 23 0
Jan 22 13:17:54 standalone object-server[124088]: 172.20.0.100 - - [22/Jan/2026:13:17:54 +0000] "PUT /d1/945/AUTH_3572f3440b374001a0289e8c148f1634/gnocchi.1ff84d0e-b24c-404f-84a0-15d2e5831dac/1769040000.0_mean_300.0_v3" 201 - "PUT http://localhost:8080/v1/AUTH_3572f3440b374001a0289e8c148f1634/gnocchi.1ff84d0e-b24c-404f-84a0-15d2e5831dac/1769040000.0_mean_300.0_v3" "tx90d3c890e6884dd79ff63-0069722382" "proxy-server 12" 0.0180 "-" 22 0
Jan 22 13:17:54 standalone proxy-server[125712]: 172.18.0.2 ::1 22/Jan/2026/13/17/54 PUT /v1/AUTH_3572f3440b374001a0289e8c148f1634/gnocchi.1ff84d0e-b24c-404f-84a0-15d2e5831dac/1769040000.0_mean_300.0_v3 HTTP/1.0 201 - python-swiftclient-3.11.1 gAAAAABpciM9JbtB... 16 - - tx90d3c890e6884dd79ff63-0069722382 - 0.0450 - - 1769087874.663401127 1769087874.708420277 0
Jan 22 13:17:54 standalone container-server[123992]: 172.20.0.100 - - [22/Jan/2026:13:17:54 +0000] "PUT /d1/755/AUTH_3572f3440b374001a0289e8c148f1634/gnocchi.1ff84d0e-b24c-404f-84a0-15d2e5831dac/none_v3" 201 - "PUT http://localhost:8080/d1/674/AUTH_3572f3440b374001a0289e8c148f1634/gnocchi.1ff84d0e-b24c-404f-84a0-15d2e5831dac/none_v3" "tx4d72179f83704b0c9d67f-0069722382" "object-server 22" 0.0007 "-" 22 0
Jan 22 13:17:54 standalone object-server[124088]: 172.20.0.100 - - [22/Jan/2026:13:17:54 +0000] "PUT /d1/674/AUTH_3572f3440b374001a0289e8c148f1634/gnocchi.1ff84d0e-b24c-404f-84a0-15d2e5831dac/none_v3" 201 - "PUT http://localhost:8080/v1/AUTH_3572f3440b374001a0289e8c148f1634/gnocchi.1ff84d0e-b24c-404f-84a0-15d2e5831dac/none_v3" "tx4d72179f83704b0c9d67f-0069722382" "proxy-server 12" 0.0174 "-" 22 0
Jan 22 13:17:54 standalone proxy-server[125712]: 172.18.0.2 ::1 22/Jan/2026/13/17/54 PUT /v1/AUTH_3572f3440b374001a0289e8c148f1634/gnocchi.1ff84d0e-b24c-404f-84a0-15d2e5831dac/none_v3 HTTP/1.0 201 - python-swiftclient-3.11.1 gAAAAABpciM9JbtB... 22 - - tx4d72179f83704b0c9d67f-0069722382 - 0.0289 - - 1769087874.716524839 1769087874.745451212 0
Jan 22 13:17:54 standalone container-server[123998]: 172.20.0.100 - - [22/Jan/2026:13:17:54 +0000] "HEAD /d1/263/AUTH_3572f3440b374001a0289e8c148f1634/gnocchi.312ff61d-3f15-4912-8039-fbc6cc18a41b" 404 - "HEAD http://localhost:8080/v1/AUTH_3572f3440b374001a0289e8c148f1634/gnocchi.312ff61d-3f15-4912-8039-fbc6cc18a41b?format=json&states=listing" "tx80ee33158cef454d8fec4-0069722382" "proxy-server 12" 0.0009 "-" 23 0
Jan 22 13:17:54 standalone object-server[124078]: 172.20.0.100 - - [22/Jan/2026:13:17:54 +0000] "GET /d1/198/AUTH_3572f3440b374001a0289e8c148f1634/gnocchi.312ff61d-3f15-4912-8039-fbc6cc18a41b/none_v3" 404 70 "GET http://localhost:8080/v1/AUTH_3572f3440b374001a0289e8c148f1634/gnocchi.312ff61d-3f15-4912-8039-fbc6cc18a41b/none_v3" "tx80ee33158cef454d8fec4-0069722382" "proxy-server 12" 0.0018 "-" 21 0
Jan 22 13:17:54 standalone proxy-server[125712]: 172.18.0.2 ::1 22/Jan/2026/13/17/54 GET /v1/AUTH_3572f3440b374001a0289e8c148f1634/gnocchi.312ff61d-3f15-4912-8039-fbc6cc18a41b/none_v3 HTTP/1.0 404 - python-swiftclient-3.11.1 gAAAAABpciM9JbtB... - 70 - tx80ee33158cef454d8fec4-0069722382 - 0.0206 - - 1769087874.771187782 1769087874.791766167 0
Jan 22 13:17:54 standalone account-server[123959]: 172.20.0.100 - - [22/Jan/2026:13:17:54 +0000] "PUT /d1/873/AUTH_3572f3440b374001a0289e8c148f1634/gnocchi.312ff61d-3f15-4912-8039-fbc6cc18a41b" 201 - "PUT http://172.20.0.100:6001/d1/263/AUTH_3572f3440b374001a0289e8c148f1634/gnocchi.312ff61d-3f15-4912-8039-fbc6cc18a41b" "tx45cf40b5f27b43a0b0b96-0069722382" "container-server 22" 0.0095 "-" 21 0
Jan 22 13:17:54 standalone container-server[123992]: 172.20.0.100 - - [22/Jan/2026:13:17:54 +0000] "PUT /d1/263/AUTH_3572f3440b374001a0289e8c148f1634/gnocchi.312ff61d-3f15-4912-8039-fbc6cc18a41b" 201 - "PUT http://localhost:8080/v1/AUTH_3572f3440b374001a0289e8c148f1634/gnocchi.312ff61d-3f15-4912-8039-fbc6cc18a41b" "tx45cf40b5f27b43a0b0b96-0069722382" "proxy-server 12" 0.0254 "-" 22 0
Jan 22 13:17:54 standalone proxy-server[125712]: 172.18.0.2 ::1 22/Jan/2026/13/17/54 PUT /v1/AUTH_3572f3440b374001a0289e8c148f1634/gnocchi.312ff61d-3f15-4912-8039-fbc6cc18a41b HTTP/1.0 201 - python-swiftclient-3.11.1 gAAAAABpciM9JbtB... - - - tx45cf40b5f27b43a0b0b96-0069722382 - 0.0318 - - 1769087874.796258450 1769087874.828048468 0
Jan 22 13:17:54 standalone container-server[123988]: 172.20.0.100 - - [22/Jan/2026:13:17:54 +0000] "HEAD /d1/263/AUTH_3572f3440b374001a0289e8c148f1634/gnocchi.312ff61d-3f15-4912-8039-fbc6cc18a41b" 204 - "HEAD http://localhost:8080/v1/AUTH_3572f3440b374001a0289e8c148f1634/gnocchi.312ff61d-3f15-4912-8039-fbc6cc18a41b?format=json&states=listing" "tx403592c902bc422ca71e7-0069722382" "proxy-server 12" 0.0032 "-" 21 0
Jan 22 13:17:54 standalone proxy-server[125712]: - - 22/Jan/2026/13/17/54 HEAD /v1/AUTH_3572f3440b374001a0289e8c148f1634/gnocchi.312ff61d-3f15-4912-8039-fbc6cc18a41b%3Fformat%3Djson%26states%3Dlisting HTTP/1.0 204 - Swift - - - - tx403592c902bc422ca71e7-0069722382 - 0.0144 RL - 1769087874.834454775 1769087874.848849058 0
Jan 22 13:17:54 standalone container-server[123992]: 172.20.0.100 - - [22/Jan/2026:13:17:54 +0000] "GET /d1/263/AUTH_3572f3440b374001a0289e8c148f1634/gnocchi.312ff61d-3f15-4912-8039-fbc6cc18a41b" 200 2 "GET http://localhost:8080/v1/AUTH_3572f3440b374001a0289e8c148f1634/gnocchi.312ff61d-3f15-4912-8039-fbc6cc18a41b?format=json&states=listing" "tx403592c902bc422ca71e7-0069722382" "proxy-server 12" 0.0031 "-" 22 0
Jan 22 13:17:54 standalone proxy-server[125712]: 172.18.0.2 ::1 22/Jan/2026/13/17/54 GET /v1/AUTH_3572f3440b374001a0289e8c148f1634/gnocchi.312ff61d-3f15-4912-8039-fbc6cc18a41b%3Fformat%3Djson%26states%3Dlisting HTTP/1.0 200 - python-swiftclient-3.11.1 gAAAAABpciM9JbtB... - 2 - tx403592c902bc422ca71e7-0069722382 - 0.0275 - - 1769087874.832834959 1769087874.860314846 0
Jan 22 13:17:54 standalone object-server[124088]: 172.20.0.100 - - [22/Jan/2026:13:17:54 +0000] "GET /d1/189/AUTH_3572f3440b374001a0289e8c148f1634/gnocchi.312ff61d-3f15-4912-8039-fbc6cc18a41b/1769040000.0_mean_300.0_v3" 404 70 "GET http://localhost:8080/v1/AUTH_3572f3440b374001a0289e8c148f1634/gnocchi.312ff61d-3f15-4912-8039-fbc6cc18a41b/1769040000.0_mean_300.0_v3" "txdd334d7ba3724a75803b3-0069722382" "proxy-server 12" 0.0007 "-" 22 0
Jan 22 13:17:54 standalone proxy-server[125712]: 172.18.0.2 ::1 22/Jan/2026/13/17/54 GET /v1/AUTH_3572f3440b374001a0289e8c148f1634/gnocchi.312ff61d-3f15-4912-8039-fbc6cc18a41b/1769040000.0_mean_300.0_v3 HTTP/1.0 404 - python-swiftclient-3.11.1 gAAAAABpciM9JbtB... - 70 - txdd334d7ba3724a75803b3-0069722382 - 0.0103 - - 1769087874.864673853 1769087874.874974251 0
Jan 22 13:17:54 standalone container-server[123984]: 172.20.0.100 - - [22/Jan/2026:13:17:54 +0000] "PUT /d1/263/AUTH_3572f3440b374001a0289e8c148f1634/gnocchi.312ff61d-3f15-4912-8039-fbc6cc18a41b/1769040000.0_mean_300.0_v3" 201 - "PUT http://localhost:8080/d1/189/AUTH_3572f3440b374001a0289e8c148f1634/gnocchi.312ff61d-3f15-4912-8039-fbc6cc18a41b/1769040000.0_mean_300.0_v3" "tx337a006941c24f7094213-0069722382" "object-server 22" 0.0013 "-" 20 0
Jan 22 13:17:54 standalone object-server[124088]: 172.20.0.100 - - [22/Jan/2026:13:17:54 +0000] "PUT /d1/189/AUTH_3572f3440b374001a0289e8c148f1634/gnocchi.312ff61d-3f15-4912-8039-fbc6cc18a41b/1769040000.0_mean_300.0_v3" 201 - "PUT http://localhost:8080/v1/AUTH_3572f3440b374001a0289e8c148f1634/gnocchi.312ff61d-3f15-4912-8039-fbc6cc18a41b/1769040000.0_mean_300.0_v3" "tx337a006941c24f7094213-0069722382" "proxy-server 12" 0.0183 "-" 22 0
Jan 22 13:17:54 standalone proxy-server[125712]: 172.18.0.2 ::1 22/Jan/2026/13/17/54 PUT /v1/AUTH_3572f3440b374001a0289e8c148f1634/gnocchi.312ff61d-3f15-4912-8039-fbc6cc18a41b/1769040000.0_mean_300.0_v3 HTTP/1.0 201 - python-swiftclient-3.11.1 gAAAAABpciM9JbtB... 16 - - tx337a006941c24f7094213-0069722382 - 0.0282 - - 1769087874.880208731 1769087874.908432722 0
Jan 22 13:17:54 standalone container-server[123984]: 172.20.0.100 - - [22/Jan/2026:13:17:54 +0000] "PUT /d1/263/AUTH_3572f3440b374001a0289e8c148f1634/gnocchi.312ff61d-3f15-4912-8039-fbc6cc18a41b/none_v3" 201 - "PUT http://localhost:8080/d1/198/AUTH_3572f3440b374001a0289e8c148f1634/gnocchi.312ff61d-3f15-4912-8039-fbc6cc18a41b/none_v3" "tx6fb9d2efea0e4b5f8bf36-0069722382" "object-server 23" 0.0010 "-" 20 0
Jan 22 13:17:54 standalone object-server[124102]: 172.20.0.100 - - [22/Jan/2026:13:17:54 +0000] "PUT /d1/198/AUTH_3572f3440b374001a0289e8c148f1634/gnocchi.312ff61d-3f15-4912-8039-fbc6cc18a41b/none_v3" 201 - "PUT http://localhost:8080/v1/AUTH_3572f3440b374001a0289e8c148f1634/gnocchi.312ff61d-3f15-4912-8039-fbc6cc18a41b/none_v3" "tx6fb9d2efea0e4b5f8bf36-0069722382" "proxy-server 12" 0.0145 "-" 23 0
Jan 22 13:17:54 standalone proxy-server[125712]: 172.18.0.2 ::1 22/Jan/2026/13/17/54 PUT /v1/AUTH_3572f3440b374001a0289e8c148f1634/gnocchi.312ff61d-3f15-4912-8039-fbc6cc18a41b/none_v3 HTTP/1.0 201 - python-swiftclient-3.11.1 gAAAAABpciM9JbtB... 22 - - tx6fb9d2efea0e4b5f8bf36-0069722382 - 0.0220 - - 1769087874.912266016 1769087874.934303284 0
Jan 22 13:20:17 standalone account-server[123937]: 172.20.0.100 - - [22/Jan/2026:13:20:17 +0000] "HEAD /d1/873/AUTH_3572f3440b374001a0289e8c148f1634" 204 - "HEAD http://localhost:8080/v1/AUTH_3572f3440b374001a0289e8c148f1634?format=json" "tx0e0c889ef260469d88839-0069722411" "proxy-server 12" 0.0050 "-" 20 -
Jan 22 13:20:17 standalone proxy-server[125712]: - - 22/Jan/2026/13/20/17 HEAD /v1/AUTH_3572f3440b374001a0289e8c148f1634%3Fformat%3Djson HTTP/1.0 204 - Swift - - - - tx0e0c889ef260469d88839-0069722411 - 0.0083 RL - 1769088017.580595732 1769088017.588851452 -
Jan 22 13:20:17 standalone container-server[123988]: 172.20.0.100 - - [22/Jan/2026:13:20:17 +0000] "HEAD /d1/880/AUTH_3572f3440b374001a0289e8c148f1634/gnocchi.0dde0b23-b416-4b97-b986-5c1dfac1154c" 404 - "HEAD http://localhost:8080/v1/AUTH_3572f3440b374001a0289e8c148f1634/gnocchi.0dde0b23-b416-4b97-b986-5c1dfac1154c?format=json&states=listing" "tx0e0c889ef260469d88839-0069722411" "proxy-server 12" 0.0005 "-" 21 0
Jan 22 13:20:17 standalone object-server[124102]: 172.20.0.100 - - [22/Jan/2026:13:20:17 +0000] "GET /d1/413/AUTH_3572f3440b374001a0289e8c148f1634/gnocchi.0dde0b23-b416-4b97-b986-5c1dfac1154c/none_v3" 404 70 "GET http://localhost:8080/v1/AUTH_3572f3440b374001a0289e8c148f1634/gnocchi.0dde0b23-b416-4b97-b986-5c1dfac1154c/none_v3" "tx0e0c889ef260469d88839-0069722411" "proxy-server 12" 0.0004 "-" 23 0
Jan 22 13:20:17 standalone proxy-server[125712]: 172.18.0.2 ::1 22/Jan/2026/13/20/17 GET /v1/AUTH_3572f3440b374001a0289e8c148f1634/gnocchi.0dde0b23-b416-4b97-b986-5c1dfac1154c/none_v3 HTTP/1.0 404 - python-swiftclient-3.11.1 gAAAAABpciM9JbtB... - 70 - tx0e0c889ef260469d88839-0069722411 - 0.0174 - - 1769088017.579893589 1769088017.597305775 0
Jan 22 13:20:17 standalone account-server[123968]: 172.20.0.100 - - [22/Jan/2026:13:20:17 +0000] "PUT /d1/873/AUTH_3572f3440b374001a0289e8c148f1634/gnocchi.0dde0b23-b416-4b97-b986-5c1dfac1154c" 201 - "PUT http://172.20.0.100:6001/d1/880/AUTH_3572f3440b374001a0289e8c148f1634/gnocchi.0dde0b23-b416-4b97-b986-5c1dfac1154c" "tx017f79b0ecfd4a84aa237-0069722411" "container-server 21" 0.0012 "-" 22 0
Jan 22 13:20:17 standalone container-server[123988]: 172.20.0.100 - - [22/Jan/2026:13:20:17 +0000] "PUT /d1/880/AUTH_3572f3440b374001a0289e8c148f1634/gnocchi.0dde0b23-b416-4b97-b986-5c1dfac1154c" 201 - "PUT http://localhost:8080/v1/AUTH_3572f3440b374001a0289e8c148f1634/gnocchi.0dde0b23-b416-4b97-b986-5c1dfac1154c" "tx017f79b0ecfd4a84aa237-0069722411" "proxy-server 12" 0.0103 "-" 21 0
Jan 22 13:20:17 standalone proxy-server[125712]: 172.18.0.2 ::1 22/Jan/2026/13/20/17 PUT /v1/AUTH_3572f3440b374001a0289e8c148f1634/gnocchi.0dde0b23-b416-4b97-b986-5c1dfac1154c HTTP/1.0 201 - python-swiftclient-3.11.1 gAAAAABpciM9JbtB... - - - tx017f79b0ecfd4a84aa237-0069722411 - 0.0134 - - 1769088017.601428509 1769088017.614835501 0
Jan 22 13:20:17 standalone container-server[123988]: 172.20.0.100 - - [22/Jan/2026:13:20:17 +0000] "HEAD /d1/880/AUTH_3572f3440b374001a0289e8c148f1634/gnocchi.0dde0b23-b416-4b97-b986-5c1dfac1154c" 204 - "HEAD http://localhost:8080/v1/AUTH_3572f3440b374001a0289e8c148f1634/gnocchi.0dde0b23-b416-4b97-b986-5c1dfac1154c?format=json&states=listing" "txc54826c21cb7464597d95-0069722411" "proxy-server 12" 0.0008 "-" 21 0
Jan 22 13:20:17 standalone proxy-server[125712]: - - 22/Jan/2026/13/20/17 HEAD /v1/AUTH_3572f3440b374001a0289e8c148f1634/gnocchi.0dde0b23-b416-4b97-b986-5c1dfac1154c%3Fformat%3Djson%26states%3Dlisting HTTP/1.0 204 - Swift - - - - txc54826c21cb7464597d95-0069722411 - 0.0027 RL - 1769088017.618623018 1769088017.621345758 0
Jan 22 13:20:17 standalone container-server[123988]: 172.20.0.100 - - [22/Jan/2026:13:20:17 +0000] "GET /d1/880/AUTH_3572f3440b374001a0289e8c148f1634/gnocchi.0dde0b23-b416-4b97-b986-5c1dfac1154c" 200 2 "GET http://localhost:8080/v1/AUTH_3572f3440b374001a0289e8c148f1634/gnocchi.0dde0b23-b416-4b97-b986-5c1dfac1154c?format=json&states=listing" "txc54826c21cb7464597d95-0069722411" "proxy-server 12" 0.0013 "-" 21 0
Jan 22 13:20:17 standalone proxy-server[125712]: 172.18.0.2 ::1 22/Jan/2026/13/20/17 GET /v1/AUTH_3572f3440b374001a0289e8c148f1634/gnocchi.0dde0b23-b416-4b97-b986-5c1dfac1154c%3Fformat%3Djson%26states%3Dlisting HTTP/1.0 200 - python-swiftclient-3.11.1 gAAAAABpciM9JbtB... - 2 - txc54826c21cb7464597d95-0069722411 - 0.0084 - - 1769088017.617875338 1769088017.626309633 0
Jan 22 13:20:17 standalone object-server[124066]: 172.20.0.100 - - [22/Jan/2026:13:20:17 +0000] "GET /d1/85/AUTH_3572f3440b374001a0289e8c148f1634/gnocchi.0dde0b23-b416-4b97-b986-5c1dfac1154c/1769040000.0_mean_300.0_v3" 404 70 "GET http://localhost:8080/v1/AUTH_3572f3440b374001a0289e8c148f1634/gnocchi.0dde0b23-b416-4b97-b986-5c1dfac1154c/1769040000.0_mean_300.0_v3" "txbfeb5fccedb44f71bf6ec-0069722411" "proxy-server 12" 0.0003 "-" 20 0
Jan 22 13:20:17 standalone proxy-server[125712]: 172.18.0.2 ::1 22/Jan/2026/13/20/17 GET /v1/AUTH_3572f3440b374001a0289e8c148f1634/gnocchi.0dde0b23-b416-4b97-b986-5c1dfac1154c/1769040000.0_mean_300.0_v3 HTTP/1.0 404 - python-swiftclient-3.11.1 gAAAAABpciM9JbtB... - 70 - txbfeb5fccedb44f71bf6ec-0069722411 - 0.0041 - - 1769088017.629034996 1769088017.633119822 0
Jan 22 13:20:17 standalone container-server[123988]: 172.20.0.100 - - [22/Jan/2026:13:20:17 +0000] "PUT /d1/880/AUTH_3572f3440b374001a0289e8c148f1634/gnocchi.0dde0b23-b416-4b97-b986-5c1dfac1154c/1769040000.0_mean_300.0_v3" 201 - "PUT http://localhost:8080/d1/85/AUTH_3572f3440b374001a0289e8c148f1634/gnocchi.0dde0b23-b416-4b97-b986-5c1dfac1154c/1769040000.0_mean_300.0_v3" "tx18ae21fe0fad43f39f426-0069722411" "object-server 21" 0.0003 "-" 21 0
Jan 22 13:20:17 standalone object-server[124078]: 172.20.0.100 - - [22/Jan/2026:13:20:17 +0000] "PUT /d1/85/AUTH_3572f3440b374001a0289e8c148f1634/gnocchi.0dde0b23-b416-4b97-b986-5c1dfac1154c/1769040000.0_mean_300.0_v3" 201 - "PUT http://localhost:8080/v1/AUTH_3572f3440b374001a0289e8c148f1634/gnocchi.0dde0b23-b416-4b97-b986-5c1dfac1154c/1769040000.0_mean_300.0_v3" "tx18ae21fe0fad43f39f426-0069722411" "proxy-server 12" 0.0064 "-" 21 0
Jan 22 13:20:17 standalone proxy-server[125712]: 172.18.0.2 ::1 22/Jan/2026/13/20/17 PUT /v1/AUTH_3572f3440b374001a0289e8c148f1634/gnocchi.0dde0b23-b416-4b97-b986-5c1dfac1154c/1769040000.0_mean_300.0_v3 HTTP/1.0 201 - python-swiftclient-3.11.1 gAAAAABpciM9JbtB... 16 - - tx18ae21fe0fad43f39f426-0069722411 - 0.0102 - - 1769088017.636044025 1769088017.646258593 0
Jan 22 13:20:17 standalone container-server[123984]: 172.20.0.100 - - [22/Jan/2026:13:20:17 +0000] "PUT /d1/880/AUTH_3572f3440b374001a0289e8c148f1634/gnocchi.0dde0b23-b416-4b97-b986-5c1dfac1154c/none_v3" 201 - "PUT http://localhost:8080/d1/413/AUTH_3572f3440b374001a0289e8c148f1634/gnocchi.0dde0b23-b416-4b97-b986-5c1dfac1154c/none_v3" "tx8b2f8802118b4f29851c7-0069722411" "object-server 22" 0.0005 "-" 20 0
Jan 22 13:20:17 standalone object-server[124088]: 172.20.0.100 - - [22/Jan/2026:13:20:17 +0000] "PUT /d1/413/AUTH_3572f3440b374001a0289e8c148f1634/gnocchi.0dde0b23-b416-4b97-b986-5c1dfac1154c/none_v3" 201 - "PUT http://localhost:8080/v1/AUTH_3572f3440b374001a0289e8c148f1634/gnocchi.0dde0b23-b416-4b97-b986-5c1dfac1154c/none_v3" "tx8b2f8802118b4f29851c7-0069722411" "proxy-server 12" 0.0077 "-" 22 0
Jan 22 13:20:17 standalone proxy-server[125712]: 172.18.0.2 ::1 22/Jan/2026/13/20/17 PUT /v1/AUTH_3572f3440b374001a0289e8c148f1634/gnocchi.0dde0b23-b416-4b97-b986-5c1dfac1154c/none_v3 HTTP/1.0 201 - python-swiftclient-3.11.1 gAAAAABpciM9JbtB... 22 - - tx8b2f8802118b4f29851c7-0069722411 - 0.0113 - - 1769088017.648242235 1769088017.659500122 0
Jan 22 13:20:17 standalone container-server[123998]: 172.20.0.100 - - [22/Jan/2026:13:20:17 +0000] "HEAD /d1/322/AUTH_3572f3440b374001a0289e8c148f1634/gnocchi.cf0383e1-289f-4a7c-8ff1-4e9140721412" 404 - "HEAD http://localhost:8080/v1/AUTH_3572f3440b374001a0289e8c148f1634/gnocchi.cf0383e1-289f-4a7c-8ff1-4e9140721412?format=json&states=listing" "tx976cab23dfd346fca0ea2-0069722411" "proxy-server 12" 0.0003 "-" 23 0
Jan 22 13:20:17 standalone object-server[124078]: 172.20.0.100 - - [22/Jan/2026:13:20:17 +0000] "GET /d1/649/AUTH_3572f3440b374001a0289e8c148f1634/gnocchi.cf0383e1-289f-4a7c-8ff1-4e9140721412/none_v3" 404 70 "GET http://localhost:8080/v1/AUTH_3572f3440b374001a0289e8c148f1634/gnocchi.cf0383e1-289f-4a7c-8ff1-4e9140721412/none_v3" "tx976cab23dfd346fca0ea2-0069722411" "proxy-server 12" 0.0003 "-" 21 0
Jan 22 13:20:17 standalone proxy-server[125712]: 172.18.0.2 ::1 22/Jan/2026/13/20/17 GET /v1/AUTH_3572f3440b374001a0289e8c148f1634/gnocchi.cf0383e1-289f-4a7c-8ff1-4e9140721412/none_v3 HTTP/1.0 404 - python-swiftclient-3.11.1 gAAAAABpciM9JbtB... - 70 - tx976cab23dfd346fca0ea2-0069722411 - 0.0077 - - 1769088017.704436302 1769088017.712098837 0
Jan 22 13:20:17 standalone account-server[123968]: 172.20.0.100 - - [22/Jan/2026:13:20:17 +0000] "PUT /d1/873/AUTH_3572f3440b374001a0289e8c148f1634/gnocchi.cf0383e1-289f-4a7c-8ff1-4e9140721412" 201 - "PUT http://172.20.0.100:6001/d1/322/AUTH_3572f3440b374001a0289e8c148f1634/gnocchi.cf0383e1-289f-4a7c-8ff1-4e9140721412" "tx60eb6236fecd4a6292ad2-0069722411" "container-server 21" 0.0038 "-" 22 0
Jan 22 13:20:17 standalone container-server[123988]: 172.20.0.100 - - [22/Jan/2026:13:20:17 +0000] "PUT /d1/322/AUTH_3572f3440b374001a0289e8c148f1634/gnocchi.cf0383e1-289f-4a7c-8ff1-4e9140721412" 201 - "PUT http://localhost:8080/v1/AUTH_3572f3440b374001a0289e8c148f1634/gnocchi.cf0383e1-289f-4a7c-8ff1-4e9140721412" "tx60eb6236fecd4a6292ad2-0069722411" "proxy-server 12" 0.0118 "-" 21 0
Jan 22 13:20:17 standalone proxy-server[125712]: 172.18.0.2 ::1 22/Jan/2026/13/20/17 PUT /v1/AUTH_3572f3440b374001a0289e8c148f1634/gnocchi.cf0383e1-289f-4a7c-8ff1-4e9140721412 HTTP/1.0 201 - python-swiftclient-3.11.1 gAAAAABpciM9JbtB... - - - tx60eb6236fecd4a6292ad2-0069722411 - 0.0542 - - 1769088017.714316130 1769088017.768496990 0
Jan 22 13:20:17 standalone container-server[123988]: 172.20.0.100 - - [22/Jan/2026:13:20:17 +0000] "HEAD /d1/322/AUTH_3572f3440b374001a0289e8c148f1634/gnocchi.cf0383e1-289f-4a7c-8ff1-4e9140721412" 204 - "HEAD http://localhost:8080/v1/AUTH_3572f3440b374001a0289e8c148f1634/gnocchi.cf0383e1-289f-4a7c-8ff1-4e9140721412?format=json&states=listing" "tx6390a8f4efd74ff281aea-0069722411" "proxy-server 12" 0.0009 "-" 21 0
Jan 22 13:20:17 standalone proxy-server[125712]: - - 22/Jan/2026/13/20/17 HEAD /v1/AUTH_3572f3440b374001a0289e8c148f1634/gnocchi.cf0383e1-289f-4a7c-8ff1-4e9140721412%3Fformat%3Djson%26states%3Dlisting HTTP/1.0 204 - Swift - - - - tx6390a8f4efd74ff281aea-0069722411 - 0.0039 RL - 1769088017.774240971 1769088017.778144836 0
Jan 22 13:20:17 standalone container-server[123988]: 172.20.0.100 - - [22/Jan/2026:13:20:17 +0000] "GET /d1/322/AUTH_3572f3440b374001a0289e8c148f1634/gnocchi.cf0383e1-289f-4a7c-8ff1-4e9140721412" 200 2 "GET http://localhost:8080/v1/AUTH_3572f3440b374001a0289e8c148f1634/gnocchi.cf0383e1-289f-4a7c-8ff1-4e9140721412?format=json&states=listing" "tx6390a8f4efd74ff281aea-0069722411" "proxy-server 12" 0.0014 "-" 21 0
Jan 22 13:20:17 standalone proxy-server[125712]: 172.18.0.2 ::1 22/Jan/2026/13/20/17 GET /v1/AUTH_3572f3440b374001a0289e8c148f1634/gnocchi.cf0383e1-289f-4a7c-8ff1-4e9140721412%3Fformat%3Djson%26states%3Dlisting HTTP/1.0 200 - python-swiftclient-3.11.1 gAAAAABpciM9JbtB... - 2 - tx6390a8f4efd74ff281aea-0069722411 - 0.0105 - - 1769088017.773256540 1769088017.783751011 0
Jan 22 13:20:17 standalone object-server[124088]: 172.20.0.100 - - [22/Jan/2026:13:20:17 +0000] "GET /d1/804/AUTH_3572f3440b374001a0289e8c148f1634/gnocchi.cf0383e1-289f-4a7c-8ff1-4e9140721412/1769040000.0_mean_300.0_v3" 404 70 "GET http://localhost:8080/v1/AUTH_3572f3440b374001a0289e8c148f1634/gnocchi.cf0383e1-289f-4a7c-8ff1-4e9140721412/1769040000.0_mean_300.0_v3" "tx037fecafe8554daba20fa-0069722411" "proxy-server 12" 0.0003 "-" 22 0
Jan 22 13:20:17 standalone proxy-server[125712]: 172.18.0.2 ::1 22/Jan/2026/13/20/17 GET /v1/AUTH_3572f3440b374001a0289e8c148f1634/gnocchi.cf0383e1-289f-4a7c-8ff1-4e9140721412/1769040000.0_mean_300.0_v3 HTTP/1.0 404 - python-swiftclient-3.11.1 gAAAAABpciM9JbtB... - 70 - tx037fecafe8554daba20fa-0069722411 - 0.0047 - - 1769088017.786722660 1769088017.791404724 0
Jan 22 13:20:17 standalone container-server[123992]: 172.20.0.100 - - [22/Jan/2026:13:20:17 +0000] "PUT /d1/322/AUTH_3572f3440b374001a0289e8c148f1634/gnocchi.cf0383e1-289f-4a7c-8ff1-4e9140721412/1769040000.0_mean_300.0_v3" 201 - "PUT http://localhost:8080/d1/804/AUTH_3572f3440b374001a0289e8c148f1634/gnocchi.cf0383e1-289f-4a7c-8ff1-4e9140721412/1769040000.0_mean_300.0_v3" "txf8f0fe5631a94fde80c11-0069722411" "object-server 21" 0.0009 "-" 22 0
Jan 22 13:20:17 standalone object-server[124078]: 172.20.0.100 - - [22/Jan/2026:13:20:17 +0000] "PUT /d1/804/AUTH_3572f3440b374001a0289e8c148f1634/gnocchi.cf0383e1-289f-4a7c-8ff1-4e9140721412/1769040000.0_mean_300.0_v3" 201 - "PUT http://localhost:8080/v1/AUTH_3572f3440b374001a0289e8c148f1634/gnocchi.cf0383e1-289f-4a7c-8ff1-4e9140721412/1769040000.0_mean_300.0_v3" "txf8f0fe5631a94fde80c11-0069722411" "proxy-server 12" 0.0121 "-" 21 0
Jan 22 13:20:17 standalone proxy-server[125712]: 172.18.0.2 ::1 22/Jan/2026/13/20/17 PUT /v1/AUTH_3572f3440b374001a0289e8c148f1634/gnocchi.cf0383e1-289f-4a7c-8ff1-4e9140721412/1769040000.0_mean_300.0_v3 HTTP/1.0 201 - python-swiftclient-3.11.1 gAAAAABpciM9JbtB... 16 - - txf8f0fe5631a94fde80c11-0069722411 - 0.0171 - - 1769088017.793762922 1769088017.810885191 0
Jan 22 13:20:17 standalone container-server[123998]: 172.20.0.100 - - [22/Jan/2026:13:20:17 +0000] "PUT /d1/322/AUTH_3572f3440b374001a0289e8c148f1634/gnocchi.cf0383e1-289f-4a7c-8ff1-4e9140721412/none_v3" 201 - "PUT http://localhost:8080/d1/649/AUTH_3572f3440b374001a0289e8c148f1634/gnocchi.cf0383e1-289f-4a7c-8ff1-4e9140721412/none_v3" "txea939518400445269c5e7-0069722411" "object-server 21" 0.0004 "-" 23 0
Jan 22 13:20:17 standalone object-server[124078]: 172.20.0.100 - - [22/Jan/2026:13:20:17 +0000] "PUT /d1/649/AUTH_3572f3440b374001a0289e8c148f1634/gnocchi.cf0383e1-289f-4a7c-8ff1-4e9140721412/none_v3" 201 - "PUT http://localhost:8080/v1/AUTH_3572f3440b374001a0289e8c148f1634/gnocchi.cf0383e1-289f-4a7c-8ff1-4e9140721412/none_v3" "txea939518400445269c5e7-0069722411" "proxy-server 12" 0.0101 "-" 21 0
Jan 22 13:20:17 standalone proxy-server[125712]: 172.18.0.2 ::1 22/Jan/2026/13/20/17 PUT /v1/AUTH_3572f3440b374001a0289e8c148f1634/gnocchi.cf0383e1-289f-4a7c-8ff1-4e9140721412/none_v3 HTTP/1.0 201 - python-swiftclient-3.11.1 gAAAAABpciM9JbtB... 22 - - txea939518400445269c5e7-0069722411 - 0.0150 - - 1769088017.813146353 1769088017.828170061 0
Jan 22 13:20:17 standalone container-server[123984]: 172.20.0.100 - - [22/Jan/2026:13:20:17 +0000] "HEAD /d1/904/AUTH_3572f3440b374001a0289e8c148f1634/gnocchi.2f5b89a8-18f0-48dd-b873-2e542463ee62" 404 - "HEAD http://localhost:8080/v1/AUTH_3572f3440b374001a0289e8c148f1634/gnocchi.2f5b89a8-18f0-48dd-b873-2e542463ee62?format=json&states=listing" "tx57c9707399314e4cb8f69-0069722411" "proxy-server 12" 0.0006 "-" 20 0
Jan 22 13:20:17 standalone object-server[124102]: 172.20.0.100 - - [22/Jan/2026:13:20:17 +0000] "GET /d1/844/AUTH_3572f3440b374001a0289e8c148f1634/gnocchi.2f5b89a8-18f0-48dd-b873-2e542463ee62/none_v3" 404 70 "GET http://localhost:8080/v1/AUTH_3572f3440b374001a0289e8c148f1634/gnocchi.2f5b89a8-18f0-48dd-b873-2e542463ee62/none_v3" "tx57c9707399314e4cb8f69-0069722411" "proxy-server 12" 0.0005 "-" 23 0
Jan 22 13:20:17 standalone proxy-server[125712]: 172.18.0.2 ::1 22/Jan/2026/13/20/17 GET /v1/AUTH_3572f3440b374001a0289e8c148f1634/gnocchi.2f5b89a8-18f0-48dd-b873-2e542463ee62/none_v3 HTTP/1.0 404 - python-swiftclient-3.11.1 gAAAAABpciM9JbtB... - 70 - tx57c9707399314e4cb8f69-0069722411 - 0.0092 - - 1769088017.841184855 1769088017.850338459 0
Jan 22 13:20:17 standalone account-server[123969]: 172.20.0.100 - - [22/Jan/2026:13:20:17 +0000] "PUT /d1/873/AUTH_3572f3440b374001a0289e8c148f1634/gnocchi.2f5b89a8-18f0-48dd-b873-2e542463ee62" 201 - "PUT http://172.20.0.100:6001/d1/904/AUTH_3572f3440b374001a0289e8c148f1634/gnocchi.2f5b89a8-18f0-48dd-b873-2e542463ee62" "tx7d0aa13bc4ec4343b3d9d-0069722411" "container-server 20" 0.0069 "-" 23 0
Jan 22 13:20:17 standalone container-server[123984]: 172.20.0.100 - - [22/Jan/2026:13:20:17 +0000] "PUT /d1/904/AUTH_3572f3440b374001a0289e8c148f1634/gnocchi.2f5b89a8-18f0-48dd-b873-2e542463ee62" 201 - "PUT http://localhost:8080/v1/AUTH_3572f3440b374001a0289e8c148f1634/gnocchi.2f5b89a8-18f0-48dd-b873-2e542463ee62" "tx7d0aa13bc4ec4343b3d9d-0069722411" "proxy-server 12" 0.0221 "-" 20 0
Jan 22 13:20:17 standalone proxy-server[125712]: 172.18.0.2 ::1 22/Jan/2026/13/20/17 PUT /v1/AUTH_3572f3440b374001a0289e8c148f1634/gnocchi.2f5b89a8-18f0-48dd-b873-2e542463ee62 HTTP/1.0 201 - python-swiftclient-3.11.1 gAAAAABpciM9JbtB... - - - tx7d0aa13bc4ec4343b3d9d-0069722411 - 0.0271 - - 1769088017.854038000 1769088017.881108046 0
Jan 22 13:20:17 standalone container-server[123992]: 172.20.0.100 - - [22/Jan/2026:13:20:17 +0000] "HEAD /d1/904/AUTH_3572f3440b374001a0289e8c148f1634/gnocchi.2f5b89a8-18f0-48dd-b873-2e542463ee62" 204 - "HEAD http://localhost:8080/v1/AUTH_3572f3440b374001a0289e8c148f1634/gnocchi.2f5b89a8-18f0-48dd-b873-2e542463ee62?format=json&states=listing" "txf2c9ca008dbd49c99946d-0069722411" "proxy-server 12" 0.0023 "-" 22 0
Jan 22 13:20:17 standalone proxy-server[125712]: - - 22/Jan/2026/13/20/17 HEAD /v1/AUTH_3572f3440b374001a0289e8c148f1634/gnocchi.2f5b89a8-18f0-48dd-b873-2e542463ee62%3Fformat%3Djson%26states%3Dlisting HTTP/1.0 204 - Swift - - - - txf2c9ca008dbd49c99946d-0069722411 - 0.0064 RL - 1769088017.888527155 1769088017.894929171 0
Jan 22 13:20:17 standalone container-server[123988]: 172.20.0.100 - - [22/Jan/2026:13:20:17 +0000] "GET /d1/904/AUTH_3572f3440b374001a0289e8c148f1634/gnocchi.2f5b89a8-18f0-48dd-b873-2e542463ee62" 200 2 "GET http://localhost:8080/v1/AUTH_3572f3440b374001a0289e8c148f1634/gnocchi.2f5b89a8-18f0-48dd-b873-2e542463ee62?format=json&states=listing" "txf2c9ca008dbd49c99946d-0069722411" "proxy-server 12" 0.0031 "-" 21 0
Jan 22 13:20:17 standalone proxy-server[125712]: 172.18.0.2 ::1 22/Jan/2026/13/20/17 GET /v1/AUTH_3572f3440b374001a0289e8c148f1634/gnocchi.2f5b89a8-18f0-48dd-b873-2e542463ee62%3Fformat%3Djson%26states%3Dlisting HTTP/1.0 200 - python-swiftclient-3.11.1 gAAAAABpciM9JbtB... - 2 - txf2c9ca008dbd49c99946d-0069722411 - 0.0176 - - 1769088017.886981010 1769088017.904587746 0
Jan 22 13:20:17 standalone object-server[124102]: 172.20.0.100 - - [22/Jan/2026:13:20:17 +0000] "GET /d1/717/AUTH_3572f3440b374001a0289e8c148f1634/gnocchi.2f5b89a8-18f0-48dd-b873-2e542463ee62/1769040000.0_mean_300.0_v3" 404 70 "GET http://localhost:8080/v1/AUTH_3572f3440b374001a0289e8c148f1634/gnocchi.2f5b89a8-18f0-48dd-b873-2e542463ee62/1769040000.0_mean_300.0_v3" "txe8d2a804003440f292243-0069722411" "proxy-server 12" 0.0005 "-" 23 0
Jan 22 13:20:17 standalone proxy-server[125712]: 172.18.0.2 ::1 22/Jan/2026/13/20/17 GET /v1/AUTH_3572f3440b374001a0289e8c148f1634/gnocchi.2f5b89a8-18f0-48dd-b873-2e542463ee62/1769040000.0_mean_300.0_v3 HTTP/1.0 404 - python-swiftclient-3.11.1 gAAAAABpciM9JbtB... - 70 - txe8d2a804003440f292243-0069722411 - 0.0066 - - 1769088017.909752846 1769088017.916349649 0
Jan 22 13:20:17 standalone container-server[123992]: 172.20.0.100 - - [22/Jan/2026:13:20:17 +0000] "PUT /d1/904/AUTH_3572f3440b374001a0289e8c148f1634/gnocchi.2f5b89a8-18f0-48dd-b873-2e542463ee62/1769040000.0_mean_300.0_v3" 201 - "PUT http://localhost:8080/d1/717/AUTH_3572f3440b374001a0289e8c148f1634/gnocchi.2f5b89a8-18f0-48dd-b873-2e542463ee62/1769040000.0_mean_300.0_v3" "txb7648c7959334ea5a5895-0069722411" "object-server 21" 0.0014 "-" 22 0
Jan 22 13:20:17 standalone object-server[124078]: 172.20.0.100 - - [22/Jan/2026:13:20:17 +0000] "PUT /d1/717/AUTH_3572f3440b374001a0289e8c148f1634/gnocchi.2f5b89a8-18f0-48dd-b873-2e542463ee62/1769040000.0_mean_300.0_v3" 201 - "PUT http://localhost:8080/v1/AUTH_3572f3440b374001a0289e8c148f1634/gnocchi.2f5b89a8-18f0-48dd-b873-2e542463ee62/1769040000.0_mean_300.0_v3" "txb7648c7959334ea5a5895-0069722411" "proxy-server 12" 0.0113 "-" 21 0
Jan 22 13:20:17 standalone proxy-server[125712]: 172.18.0.2 ::1 22/Jan/2026/13/20/17 PUT /v1/AUTH_3572f3440b374001a0289e8c148f1634/gnocchi.2f5b89a8-18f0-48dd-b873-2e542463ee62/1769040000.0_mean_300.0_v3 HTTP/1.0 201 - python-swiftclient-3.11.1 gAAAAABpciM9JbtB... 16 - - txb7648c7959334ea5a5895-0069722411 - 0.0182 - - 1769088017.920325279 1769088017.938575029 0
Jan 22 13:20:17 standalone container-server[123984]: 172.20.0.100 - - [22/Jan/2026:13:20:17 +0000] "PUT /d1/904/AUTH_3572f3440b374001a0289e8c148f1634/gnocchi.2f5b89a8-18f0-48dd-b873-2e542463ee62/none_v3" 201 - "PUT http://localhost:8080/d1/844/AUTH_3572f3440b374001a0289e8c148f1634/gnocchi.2f5b89a8-18f0-48dd-b873-2e542463ee62/none_v3" "tx7dd1dca3c0fe4703b52a8-0069722411" "object-server 20" 0.0006 "-" 20 0
Jan 22 13:20:17 standalone object-server[124066]: 172.20.0.100 - - [22/Jan/2026:13:20:17 +0000] "PUT /d1/844/AUTH_3572f3440b374001a0289e8c148f1634/gnocchi.2f5b89a8-18f0-48dd-b873-2e542463ee62/none_v3" 201 - "PUT http://localhost:8080/v1/AUTH_3572f3440b374001a0289e8c148f1634/gnocchi.2f5b89a8-18f0-48dd-b873-2e542463ee62/none_v3" "tx7dd1dca3c0fe4703b52a8-0069722411" "proxy-server 12" 0.0100 "-" 20 0
Jan 22 13:20:17 standalone proxy-server[125712]: 172.18.0.2 ::1 22/Jan/2026/13/20/17 PUT /v1/AUTH_3572f3440b374001a0289e8c148f1634/gnocchi.2f5b89a8-18f0-48dd-b873-2e542463ee62/none_v3 HTTP/1.0 201 - python-swiftclient-3.11.1 gAAAAABpciM9JbtB... 22 - - tx7dd1dca3c0fe4703b52a8-0069722411 - 0.0166 - - 1769088017.941880226 1769088017.958518028 0
Jan 22 13:20:17 standalone container-server[123988]: 172.20.0.100 - - [22/Jan/2026:13:20:17 +0000] "HEAD /d1/841/AUTH_3572f3440b374001a0289e8c148f1634/gnocchi.c3476959-3237-421c-a5a0-3b9b8332bdb4" 404 - "HEAD http://localhost:8080/v1/AUTH_3572f3440b374001a0289e8c148f1634/gnocchi.c3476959-3237-421c-a5a0-3b9b8332bdb4?format=json&states=listing" "tx83b45c1d5e634f0fb03d7-0069722411" "proxy-server 12" 0.0003 "-" 21 0
Jan 22 13:20:17 standalone object-server[124066]: 172.20.0.100 - - [22/Jan/2026:13:20:17 +0000] "GET /d1/638/AUTH_3572f3440b374001a0289e8c148f1634/gnocchi.c3476959-3237-421c-a5a0-3b9b8332bdb4/none_v3" 404 70 "GET http://localhost:8080/v1/AUTH_3572f3440b374001a0289e8c148f1634/gnocchi.c3476959-3237-421c-a5a0-3b9b8332bdb4/none_v3" "tx83b45c1d5e634f0fb03d7-0069722411" "proxy-server 12" 0.0004 "-" 20 0
Jan 22 13:20:17 standalone proxy-server[125712]: 172.18.0.2 ::1 22/Jan/2026/13/20/17 GET /v1/AUTH_3572f3440b374001a0289e8c148f1634/gnocchi.c3476959-3237-421c-a5a0-3b9b8332bdb4/none_v3 HTTP/1.0 404 - python-swiftclient-3.11.1 gAAAAABpciM9JbtB... - 70 - tx83b45c1d5e634f0fb03d7-0069722411 - 0.0101 - - 1769088017.969200134 1769088017.979305029 0
