Jan 22 13:20:18 standalone account-server[123969]: 172.20.0.100 - - [22/Jan/2026:13:20:18 +0000] "PUT /d1/873/AUTH_3572f3440b374001a0289e8c148f1634/gnocchi.c3476959-3237-421c-a5a0-3b9b8332bdb4" 201 - "PUT http://172.20.0.100:6001/d1/841/AUTH_3572f3440b374001a0289e8c148f1634/gnocchi.c3476959-3237-421c-a5a0-3b9b8332bdb4" "tx838c5754987d412793c37-0069722411" "container-server 22" 0.0055 "-" 23 0
Jan 22 13:20:18 standalone container-server[123992]: 172.20.0.100 - - [22/Jan/2026:13:20:18 +0000] "PUT /d1/841/AUTH_3572f3440b374001a0289e8c148f1634/gnocchi.c3476959-3237-421c-a5a0-3b9b8332bdb4" 201 - "PUT http://localhost:8080/v1/AUTH_3572f3440b374001a0289e8c148f1634/gnocchi.c3476959-3237-421c-a5a0-3b9b8332bdb4" "tx838c5754987d412793c37-0069722411" "proxy-server 12" 0.0224 "-" 22 0
Jan 22 13:20:18 standalone proxy-server[125712]: 172.18.0.2 ::1 22/Jan/2026/13/20/18 PUT /v1/AUTH_3572f3440b374001a0289e8c148f1634/gnocchi.c3476959-3237-421c-a5a0-3b9b8332bdb4 HTTP/1.0 201 - python-swiftclient-3.11.1 gAAAAABpciM9JbtB... - - - tx838c5754987d412793c37-0069722411 - 0.0288 - - 1769088017.982415915 1769088018.011180639 0
Jan 22 13:20:18 standalone container-server[123988]: 172.20.0.100 - - [22/Jan/2026:13:20:18 +0000] "HEAD /d1/841/AUTH_3572f3440b374001a0289e8c148f1634/gnocchi.c3476959-3237-421c-a5a0-3b9b8332bdb4" 204 - "HEAD http://localhost:8080/v1/AUTH_3572f3440b374001a0289e8c148f1634/gnocchi.c3476959-3237-421c-a5a0-3b9b8332bdb4?format=json&states=listing" "txdcb974e6fc6941a395c76-0069722412" "proxy-server 12" 0.0020 "-" 21 0
Jan 22 13:20:18 standalone proxy-server[125712]: - - 22/Jan/2026/13/20/18 HEAD /v1/AUTH_3572f3440b374001a0289e8c148f1634/gnocchi.c3476959-3237-421c-a5a0-3b9b8332bdb4%3Fformat%3Djson%26states%3Dlisting HTTP/1.0 204 - Swift - - - - txdcb974e6fc6941a395c76-0069722412 - 0.0059 RL - 1769088018.016548395 1769088018.022443056 0
Jan 22 13:20:18 standalone container-server[123992]: 172.20.0.100 - - [22/Jan/2026:13:20:18 +0000] "GET /d1/841/AUTH_3572f3440b374001a0289e8c148f1634/gnocchi.c3476959-3237-421c-a5a0-3b9b8332bdb4" 200 2 "GET http://localhost:8080/v1/AUTH_3572f3440b374001a0289e8c148f1634/gnocchi.c3476959-3237-421c-a5a0-3b9b8332bdb4?format=json&states=listing" "txdcb974e6fc6941a395c76-0069722412" "proxy-server 12" 0.0038 "-" 22 0
Jan 22 13:20:18 standalone proxy-server[125712]: 172.18.0.2 ::1 22/Jan/2026/13/20/18 GET /v1/AUTH_3572f3440b374001a0289e8c148f1634/gnocchi.c3476959-3237-421c-a5a0-3b9b8332bdb4%3Fformat%3Djson%26states%3Dlisting HTTP/1.0 200 - python-swiftclient-3.11.1 gAAAAABpciM9JbtB... - 2 - txdcb974e6fc6941a395c76-0069722412 - 0.0196 - - 1769088018.015362740 1769088018.034913540 0
Jan 22 13:20:18 standalone object-server[124088]: 172.20.0.100 - - [22/Jan/2026:13:20:18 +0000] "GET /d1/997/AUTH_3572f3440b374001a0289e8c148f1634/gnocchi.c3476959-3237-421c-a5a0-3b9b8332bdb4/1769040000.0_mean_300.0_v3" 404 70 "GET http://localhost:8080/v1/AUTH_3572f3440b374001a0289e8c148f1634/gnocchi.c3476959-3237-421c-a5a0-3b9b8332bdb4/1769040000.0_mean_300.0_v3" "tx4bfccce770c14ad780dd4-0069722412" "proxy-server 12" 0.0004 "-" 22 0
Jan 22 13:20:18 standalone proxy-server[125712]: 172.18.0.2 ::1 22/Jan/2026/13/20/18 GET /v1/AUTH_3572f3440b374001a0289e8c148f1634/gnocchi.c3476959-3237-421c-a5a0-3b9b8332bdb4/1769040000.0_mean_300.0_v3 HTTP/1.0 404 - python-swiftclient-3.11.1 gAAAAABpciM9JbtB... - 70 - tx4bfccce770c14ad780dd4-0069722412 - 0.0065 - - 1769088018.039464712 1769088018.045959949 0
Jan 22 13:20:18 standalone container-server[123992]: 172.20.0.100 - - [22/Jan/2026:13:20:18 +0000] "PUT /d1/841/AUTH_3572f3440b374001a0289e8c148f1634/gnocchi.c3476959-3237-421c-a5a0-3b9b8332bdb4/1769040000.0_mean_300.0_v3" 201 - "PUT http://localhost:8080/d1/997/AUTH_3572f3440b374001a0289e8c148f1634/gnocchi.c3476959-3237-421c-a5a0-3b9b8332bdb4/1769040000.0_mean_300.0_v3" "txde78fa93981d49af944c6-0069722412" "object-server 21" 0.0010 "-" 22 0
Jan 22 13:20:18 standalone object-server[124078]: 172.20.0.100 - - [22/Jan/2026:13:20:18 +0000] "PUT /d1/997/AUTH_3572f3440b374001a0289e8c148f1634/gnocchi.c3476959-3237-421c-a5a0-3b9b8332bdb4/1769040000.0_mean_300.0_v3" 201 - "PUT http://localhost:8080/v1/AUTH_3572f3440b374001a0289e8c148f1634/gnocchi.c3476959-3237-421c-a5a0-3b9b8332bdb4/1769040000.0_mean_300.0_v3" "txde78fa93981d49af944c6-0069722412" "proxy-server 12" 0.0110 "-" 21 0
Jan 22 13:20:18 standalone proxy-server[125712]: 172.18.0.2 ::1 22/Jan/2026/13/20/18 PUT /v1/AUTH_3572f3440b374001a0289e8c148f1634/gnocchi.c3476959-3237-421c-a5a0-3b9b8332bdb4/1769040000.0_mean_300.0_v3 HTTP/1.0 201 - python-swiftclient-3.11.1 gAAAAABpciM9JbtB... 16 - - txde78fa93981d49af944c6-0069722412 - 0.0173 - - 1769088018.049671650 1769088018.067008495 0
Jan 22 13:20:18 standalone container-server[123992]: 172.20.0.100 - - [22/Jan/2026:13:20:18 +0000] "PUT /d1/841/AUTH_3572f3440b374001a0289e8c148f1634/gnocchi.c3476959-3237-421c-a5a0-3b9b8332bdb4/none_v3" 201 - "PUT http://localhost:8080/d1/638/AUTH_3572f3440b374001a0289e8c148f1634/gnocchi.c3476959-3237-421c-a5a0-3b9b8332bdb4/none_v3" "tx9035de292f1149dfbc917-0069722412" "object-server 23" 0.0008 "-" 22 0
Jan 22 13:20:18 standalone object-server[124102]: 172.20.0.100 - - [22/Jan/2026:13:20:18 +0000] "PUT /d1/638/AUTH_3572f3440b374001a0289e8c148f1634/gnocchi.c3476959-3237-421c-a5a0-3b9b8332bdb4/none_v3" 201 - "PUT http://localhost:8080/v1/AUTH_3572f3440b374001a0289e8c148f1634/gnocchi.c3476959-3237-421c-a5a0-3b9b8332bdb4/none_v3" "tx9035de292f1149dfbc917-0069722412" "proxy-server 12" 0.0122 "-" 23 0
Jan 22 13:20:18 standalone proxy-server[125712]: 172.18.0.2 ::1 22/Jan/2026/13/20/18 PUT /v1/AUTH_3572f3440b374001a0289e8c148f1634/gnocchi.c3476959-3237-421c-a5a0-3b9b8332bdb4/none_v3 HTTP/1.0 201 - python-swiftclient-3.11.1 gAAAAABpciM9JbtB... 22 - - tx9035de292f1149dfbc917-0069722412 - 0.0205 - - 1769088018.071465015 1769088018.091916084 0
Jan 22 13:20:18 standalone container-server[123984]: 172.20.0.100 - - [22/Jan/2026:13:20:18 +0000] "HEAD /d1/21/AUTH_3572f3440b374001a0289e8c148f1634/gnocchi.5f01456d-2210-4d4e-8870-1de6341320f9" 404 - "HEAD http://localhost:8080/v1/AUTH_3572f3440b374001a0289e8c148f1634/gnocchi.5f01456d-2210-4d4e-8870-1de6341320f9?format=json&states=listing" "tx61ec6bed0c0c4f5e80697-0069722412" "proxy-server 12" 0.0006 "-" 20 0
Jan 22 13:20:18 standalone object-server[124102]: 172.20.0.100 - - [22/Jan/2026:13:20:18 +0000] "GET /d1/587/AUTH_3572f3440b374001a0289e8c148f1634/gnocchi.5f01456d-2210-4d4e-8870-1de6341320f9/none_v3" 404 70 "GET http://localhost:8080/v1/AUTH_3572f3440b374001a0289e8c148f1634/gnocchi.5f01456d-2210-4d4e-8870-1de6341320f9/none_v3" "tx61ec6bed0c0c4f5e80697-0069722412" "proxy-server 12" 0.0006 "-" 23 0
Jan 22 13:20:18 standalone proxy-server[125712]: 172.18.0.2 ::1 22/Jan/2026/13/20/18 GET /v1/AUTH_3572f3440b374001a0289e8c148f1634/gnocchi.5f01456d-2210-4d4e-8870-1de6341320f9/none_v3 HTTP/1.0 404 - python-swiftclient-3.11.1 gAAAAABpciM9JbtB... - 70 - tx61ec6bed0c0c4f5e80697-0069722412 - 0.0112 - - 1769088018.106937408 1769088018.118154049 0
Jan 22 13:20:18 standalone account-server[123968]: 172.20.0.100 - - [22/Jan/2026:13:20:18 +0000] "PUT /d1/873/AUTH_3572f3440b374001a0289e8c148f1634/gnocchi.5f01456d-2210-4d4e-8870-1de6341320f9" 201 - "PUT http://172.20.0.100:6001/d1/21/AUTH_3572f3440b374001a0289e8c148f1634/gnocchi.5f01456d-2210-4d4e-8870-1de6341320f9" "tx8223db4e67ad4629bac12-0069722412" "container-server 23" 0.0053 "-" 22 0
Jan 22 13:20:18 standalone container-server[123998]: 172.20.0.100 - - [22/Jan/2026:13:20:18 +0000] "PUT /d1/21/AUTH_3572f3440b374001a0289e8c148f1634/gnocchi.5f01456d-2210-4d4e-8870-1de6341320f9" 201 - "PUT http://localhost:8080/v1/AUTH_3572f3440b374001a0289e8c148f1634/gnocchi.5f01456d-2210-4d4e-8870-1de6341320f9" "tx8223db4e67ad4629bac12-0069722412" "proxy-server 12" 0.0164 "-" 23 0
Jan 22 13:20:18 standalone proxy-server[125712]: 172.18.0.2 ::1 22/Jan/2026/13/20/18 PUT /v1/AUTH_3572f3440b374001a0289e8c148f1634/gnocchi.5f01456d-2210-4d4e-8870-1de6341320f9 HTTP/1.0 201 - python-swiftclient-3.11.1 gAAAAABpciM9JbtB... - - - tx8223db4e67ad4629bac12-0069722412 - 0.0233 - - 1769088018.122538805 1769088018.145822048 0
Jan 22 13:20:18 standalone container-server[123992]: 172.20.0.100 - - [22/Jan/2026:13:20:18 +0000] "HEAD /d1/21/AUTH_3572f3440b374001a0289e8c148f1634/gnocchi.5f01456d-2210-4d4e-8870-1de6341320f9" 204 - "HEAD http://localhost:8080/v1/AUTH_3572f3440b374001a0289e8c148f1634/gnocchi.5f01456d-2210-4d4e-8870-1de6341320f9?format=json&states=listing" "txa16c83fa0766409b90013-0069722412" "proxy-server 12" 0.0027 "-" 22 0
Jan 22 13:20:18 standalone proxy-server[125712]: - - 22/Jan/2026/13/20/18 HEAD /v1/AUTH_3572f3440b374001a0289e8c148f1634/gnocchi.5f01456d-2210-4d4e-8870-1de6341320f9%3Fformat%3Djson%26states%3Dlisting HTTP/1.0 204 - Swift - - - - txa16c83fa0766409b90013-0069722412 - 0.0072 RL - 1769088018.155101299 1769088018.162321329 0
Jan 22 13:20:18 standalone container-server[123984]: 172.20.0.100 - - [22/Jan/2026:13:20:18 +0000] "GET /d1/21/AUTH_3572f3440b374001a0289e8c148f1634/gnocchi.5f01456d-2210-4d4e-8870-1de6341320f9" 200 2 "GET http://localhost:8080/v1/AUTH_3572f3440b374001a0289e8c148f1634/gnocchi.5f01456d-2210-4d4e-8870-1de6341320f9?format=json&states=listing" "txa16c83fa0766409b90013-0069722412" "proxy-server 12" 0.0038 "-" 20 0
Jan 22 13:20:18 standalone proxy-server[125712]: 172.18.0.2 ::1 22/Jan/2026/13/20/18 GET /v1/AUTH_3572f3440b374001a0289e8c148f1634/gnocchi.5f01456d-2210-4d4e-8870-1de6341320f9%3Fformat%3Djson%26states%3Dlisting HTTP/1.0 200 - python-swiftclient-3.11.1 gAAAAABpciM9JbtB... - 2 - txa16c83fa0766409b90013-0069722412 - 0.0197 - - 1769088018.153680563 1769088018.173367977 0
Jan 22 13:20:18 standalone object-server[124066]: 172.20.0.100 - - [22/Jan/2026:13:20:18 +0000] "GET /d1/740/AUTH_3572f3440b374001a0289e8c148f1634/gnocchi.5f01456d-2210-4d4e-8870-1de6341320f9/1769040000.0_mean_300.0_v3" 404 70 "GET http://localhost:8080/v1/AUTH_3572f3440b374001a0289e8c148f1634/gnocchi.5f01456d-2210-4d4e-8870-1de6341320f9/1769040000.0_mean_300.0_v3" "tx7ad925fe0547453383d2a-0069722412" "proxy-server 12" 0.0006 "-" 20 0
Jan 22 13:20:18 standalone proxy-server[125712]: 172.18.0.2 ::1 22/Jan/2026/13/20/18 GET /v1/AUTH_3572f3440b374001a0289e8c148f1634/gnocchi.5f01456d-2210-4d4e-8870-1de6341320f9/1769040000.0_mean_300.0_v3 HTTP/1.0 404 - python-swiftclient-3.11.1 gAAAAABpciM9JbtB... - 70 - tx7ad925fe0547453383d2a-0069722412 - 0.0097 - - 1769088018.177841425 1769088018.187570572 0
Jan 22 13:20:18 standalone container-server[123984]: 172.20.0.100 - - [22/Jan/2026:13:20:18 +0000] "PUT /d1/21/AUTH_3572f3440b374001a0289e8c148f1634/gnocchi.5f01456d-2210-4d4e-8870-1de6341320f9/1769040000.0_mean_300.0_v3" 201 - "PUT http://localhost:8080/d1/740/AUTH_3572f3440b374001a0289e8c148f1634/gnocchi.5f01456d-2210-4d4e-8870-1de6341320f9/1769040000.0_mean_300.0_v3" "txe65359fd76f24b239d7df-0069722412" "object-server 23" 0.0006 "-" 20 0
Jan 22 13:20:18 standalone object-server[124102]: 172.20.0.100 - - [22/Jan/2026:13:20:18 +0000] "PUT /d1/740/AUTH_3572f3440b374001a0289e8c148f1634/gnocchi.5f01456d-2210-4d4e-8870-1de6341320f9/1769040000.0_mean_300.0_v3" 201 - "PUT http://localhost:8080/v1/AUTH_3572f3440b374001a0289e8c148f1634/gnocchi.5f01456d-2210-4d4e-8870-1de6341320f9/1769040000.0_mean_300.0_v3" "txe65359fd76f24b239d7df-0069722412" "proxy-server 12" 0.0116 "-" 23 0
Jan 22 13:20:18 standalone proxy-server[125712]: 172.18.0.2 ::1 22/Jan/2026/13/20/18 PUT /v1/AUTH_3572f3440b374001a0289e8c148f1634/gnocchi.5f01456d-2210-4d4e-8870-1de6341320f9/1769040000.0_mean_300.0_v3 HTTP/1.0 201 - python-swiftclient-3.11.1 gAAAAABpciM9JbtB... 16 - - txe65359fd76f24b239d7df-0069722412 - 0.0187 - - 1769088018.191876411 1769088018.210612535 0
Jan 22 13:20:18 standalone container-server[123984]: 172.20.0.100 - - [22/Jan/2026:13:20:18 +0000] "PUT /d1/21/AUTH_3572f3440b374001a0289e8c148f1634/gnocchi.5f01456d-2210-4d4e-8870-1de6341320f9/none_v3" 201 - "PUT http://localhost:8080/d1/587/AUTH_3572f3440b374001a0289e8c148f1634/gnocchi.5f01456d-2210-4d4e-8870-1de6341320f9/none_v3" "tx989ad72c52b04e779c075-0069722412" "object-server 21" 0.0004 "-" 20 0
Jan 22 13:20:18 standalone object-server[124078]: 172.20.0.100 - - [22/Jan/2026:13:20:18 +0000] "PUT /d1/587/AUTH_3572f3440b374001a0289e8c148f1634/gnocchi.5f01456d-2210-4d4e-8870-1de6341320f9/none_v3" 201 - "PUT http://localhost:8080/v1/AUTH_3572f3440b374001a0289e8c148f1634/gnocchi.5f01456d-2210-4d4e-8870-1de6341320f9/none_v3" "tx989ad72c52b04e779c075-0069722412" "proxy-server 12" 0.0086 "-" 21 0
Jan 22 13:20:18 standalone proxy-server[125712]: 172.18.0.2 ::1 22/Jan/2026/13/20/18 PUT /v1/AUTH_3572f3440b374001a0289e8c148f1634/gnocchi.5f01456d-2210-4d4e-8870-1de6341320f9/none_v3 HTTP/1.0 201 - python-swiftclient-3.11.1 gAAAAABpciM9JbtB... 22 - - tx989ad72c52b04e779c075-0069722412 - 0.0147 - - 1769088018.216635942 1769088018.231370687 0
Jan 22 13:20:18 standalone container-server[123992]: 172.20.0.100 - - [22/Jan/2026:13:20:18 +0000] "HEAD /d1/370/AUTH_3572f3440b374001a0289e8c148f1634/gnocchi.1a38c062-8ef2-4af2-b66a-ac967d983ddf" 404 - "HEAD http://localhost:8080/v1/AUTH_3572f3440b374001a0289e8c148f1634/gnocchi.1a38c062-8ef2-4af2-b66a-ac967d983ddf?format=json&states=listing" "txf7dc6fbc812d4c5ba7fc5-0069722412" "proxy-server 12" 0.0006 "-" 22 0
Jan 22 13:20:18 standalone object-server[124078]: 172.20.0.100 - - [22/Jan/2026:13:20:18 +0000] "GET /d1/548/AUTH_3572f3440b374001a0289e8c148f1634/gnocchi.1a38c062-8ef2-4af2-b66a-ac967d983ddf/none_v3" 404 70 "GET http://localhost:8080/v1/AUTH_3572f3440b374001a0289e8c148f1634/gnocchi.1a38c062-8ef2-4af2-b66a-ac967d983ddf/none_v3" "txf7dc6fbc812d4c5ba7fc5-0069722412" "proxy-server 12" 0.0004 "-" 21 0
Jan 22 13:20:18 standalone proxy-server[125712]: 172.18.0.2 ::1 22/Jan/2026/13/20/18 GET /v1/AUTH_3572f3440b374001a0289e8c148f1634/gnocchi.1a38c062-8ef2-4af2-b66a-ac967d983ddf/none_v3 HTTP/1.0 404 - python-swiftclient-3.11.1 gAAAAABpciM9JbtB... - 70 - txf7dc6fbc812d4c5ba7fc5-0069722412 - 0.0157 - - 1769088018.243735313 1769088018.259483337 0
Jan 22 13:20:18 standalone account-server[123937]: 172.20.0.100 - - [22/Jan/2026:13:20:18 +0000] "PUT /d1/873/AUTH_3572f3440b374001a0289e8c148f1634/gnocchi.1a38c062-8ef2-4af2-b66a-ac967d983ddf" 201 - "PUT http://172.20.0.100:6001/d1/370/AUTH_3572f3440b374001a0289e8c148f1634/gnocchi.1a38c062-8ef2-4af2-b66a-ac967d983ddf" "tx2e7d4de7e931420ba52be-0069722412" "container-server 22" 0.0052 "-" 20 0
Jan 22 13:20:18 standalone container-server[123992]: 172.20.0.100 - - [22/Jan/2026:13:20:18 +0000] "PUT /d1/370/AUTH_3572f3440b374001a0289e8c148f1634/gnocchi.1a38c062-8ef2-4af2-b66a-ac967d983ddf" 201 - "PUT http://localhost:8080/v1/AUTH_3572f3440b374001a0289e8c148f1634/gnocchi.1a38c062-8ef2-4af2-b66a-ac967d983ddf" "tx2e7d4de7e931420ba52be-0069722412" "proxy-server 12" 0.0190 "-" 22 0
Jan 22 13:20:18 standalone proxy-server[125712]: 172.18.0.2 ::1 22/Jan/2026/13/20/18 PUT /v1/AUTH_3572f3440b374001a0289e8c148f1634/gnocchi.1a38c062-8ef2-4af2-b66a-ac967d983ddf HTTP/1.0 201 - python-swiftclient-3.11.1 gAAAAABpciM9JbtB... - - - tx2e7d4de7e931420ba52be-0069722412 - 0.0257 - - 1769088018.263351440 1769088018.289029360 0
Jan 22 13:20:18 standalone container-server[123992]: 172.20.0.100 - - [22/Jan/2026:13:20:18 +0000] "HEAD /d1/370/AUTH_3572f3440b374001a0289e8c148f1634/gnocchi.1a38c062-8ef2-4af2-b66a-ac967d983ddf" 204 - "HEAD http://localhost:8080/v1/AUTH_3572f3440b374001a0289e8c148f1634/gnocchi.1a38c062-8ef2-4af2-b66a-ac967d983ddf?format=json&states=listing" "tx339b5539044d4455b2f80-0069722412" "proxy-server 12" 0.0021 "-" 22 0
Jan 22 13:20:18 standalone proxy-server[125712]: - - 22/Jan/2026/13/20/18 HEAD /v1/AUTH_3572f3440b374001a0289e8c148f1634/gnocchi.1a38c062-8ef2-4af2-b66a-ac967d983ddf%3Fformat%3Djson%26states%3Dlisting HTTP/1.0 204 - Swift - - - - tx339b5539044d4455b2f80-0069722412 - 0.0068 RL - 1769088018.294778824 1769088018.301561117 0
Jan 22 13:20:18 standalone container-server[123998]: 172.20.0.100 - - [22/Jan/2026:13:20:18 +0000] "GET /d1/370/AUTH_3572f3440b374001a0289e8c148f1634/gnocchi.1a38c062-8ef2-4af2-b66a-ac967d983ddf" 200 2 "GET http://localhost:8080/v1/AUTH_3572f3440b374001a0289e8c148f1634/gnocchi.1a38c062-8ef2-4af2-b66a-ac967d983ddf?format=json&states=listing" "tx339b5539044d4455b2f80-0069722412" "proxy-server 12" 0.0036 "-" 23 0
Jan 22 13:20:18 standalone proxy-server[125712]: 172.18.0.2 ::1 22/Jan/2026/13/20/18 GET /v1/AUTH_3572f3440b374001a0289e8c148f1634/gnocchi.1a38c062-8ef2-4af2-b66a-ac967d983ddf%3Fformat%3Djson%26states%3Dlisting HTTP/1.0 200 - python-swiftclient-3.11.1 gAAAAABpciM9JbtB... - 2 - tx339b5539044d4455b2f80-0069722412 - 0.0209 - - 1769088018.293232441 1769088018.314087391 0
Jan 22 13:20:18 standalone object-server[124088]: 172.20.0.100 - - [22/Jan/2026:13:20:18 +0000] "GET /d1/307/AUTH_3572f3440b374001a0289e8c148f1634/gnocchi.1a38c062-8ef2-4af2-b66a-ac967d983ddf/1769040000.0_mean_300.0_v3" 404 70 "GET http://localhost:8080/v1/AUTH_3572f3440b374001a0289e8c148f1634/gnocchi.1a38c062-8ef2-4af2-b66a-ac967d983ddf/1769040000.0_mean_300.0_v3" "txdf91b27f95c047aa8858c-0069722412" "proxy-server 12" 0.0004 "-" 22 0
Jan 22 13:20:18 standalone proxy-server[125712]: 172.18.0.2 ::1 22/Jan/2026/13/20/18 GET /v1/AUTH_3572f3440b374001a0289e8c148f1634/gnocchi.1a38c062-8ef2-4af2-b66a-ac967d983ddf/1769040000.0_mean_300.0_v3 HTTP/1.0 404 - python-swiftclient-3.11.1 gAAAAABpciM9JbtB... - 70 - txdf91b27f95c047aa8858c-0069722412 - 0.0072 - - 1769088018.318286180 1769088018.325494528 0
Jan 22 13:20:18 standalone container-server[123988]: 172.20.0.100 - - [22/Jan/2026:13:20:18 +0000] "PUT /d1/370/AUTH_3572f3440b374001a0289e8c148f1634/gnocchi.1a38c062-8ef2-4af2-b66a-ac967d983ddf/1769040000.0_mean_300.0_v3" 201 - "PUT http://localhost:8080/d1/307/AUTH_3572f3440b374001a0289e8c148f1634/gnocchi.1a38c062-8ef2-4af2-b66a-ac967d983ddf/1769040000.0_mean_300.0_v3" "tx0008df1eacaf43d69278d-0069722412" "object-server 22" 0.0009 "-" 21 0
Jan 22 13:20:18 standalone object-server[124088]: 172.20.0.100 - - [22/Jan/2026:13:20:18 +0000] "PUT /d1/307/AUTH_3572f3440b374001a0289e8c148f1634/gnocchi.1a38c062-8ef2-4af2-b66a-ac967d983ddf/1769040000.0_mean_300.0_v3" 201 - "PUT http://localhost:8080/v1/AUTH_3572f3440b374001a0289e8c148f1634/gnocchi.1a38c062-8ef2-4af2-b66a-ac967d983ddf/1769040000.0_mean_300.0_v3" "tx0008df1eacaf43d69278d-0069722412" "proxy-server 12" 0.0115 "-" 22 0
Jan 22 13:20:18 standalone proxy-server[125712]: 172.18.0.2 ::1 22/Jan/2026/13/20/18 PUT /v1/AUTH_3572f3440b374001a0289e8c148f1634/gnocchi.1a38c062-8ef2-4af2-b66a-ac967d983ddf/1769040000.0_mean_300.0_v3 HTTP/1.0 201 - python-swiftclient-3.11.1 gAAAAABpciM9JbtB... 16 - - tx0008df1eacaf43d69278d-0069722412 - 0.0191 - - 1769088018.330587864 1769088018.349644661 0
Jan 22 13:20:18 standalone container-server[123992]: 172.20.0.100 - - [22/Jan/2026:13:20:18 +0000] "PUT /d1/370/AUTH_3572f3440b374001a0289e8c148f1634/gnocchi.1a38c062-8ef2-4af2-b66a-ac967d983ddf/none_v3" 201 - "PUT http://localhost:8080/d1/548/AUTH_3572f3440b374001a0289e8c148f1634/gnocchi.1a38c062-8ef2-4af2-b66a-ac967d983ddf/none_v3" "txf06e3af78f364cfabeb18-0069722412" "object-server 20" 0.0011 "-" 22 0
Jan 22 13:20:18 standalone object-server[124066]: 172.20.0.100 - - [22/Jan/2026:13:20:18 +0000] "PUT /d1/548/AUTH_3572f3440b374001a0289e8c148f1634/gnocchi.1a38c062-8ef2-4af2-b66a-ac967d983ddf/none_v3" 201 - "PUT http://localhost:8080/v1/AUTH_3572f3440b374001a0289e8c148f1634/gnocchi.1a38c062-8ef2-4af2-b66a-ac967d983ddf/none_v3" "txf06e3af78f364cfabeb18-0069722412" "proxy-server 12" 0.0130 "-" 20 0
Jan 22 13:20:18 standalone proxy-server[125712]: 172.18.0.2 ::1 22/Jan/2026/13/20/18 PUT /v1/AUTH_3572f3440b374001a0289e8c148f1634/gnocchi.1a38c062-8ef2-4af2-b66a-ac967d983ddf/none_v3 HTTP/1.0 201 - python-swiftclient-3.11.1 gAAAAABpciM9JbtB... 22 - - txf06e3af78f364cfabeb18-0069722412 - 0.0212 - - 1769088018.353291512 1769088018.374477386 0
Jan 22 13:20:18 standalone container-server[123992]: 172.20.0.100 - - [22/Jan/2026:13:20:18 +0000] "HEAD /d1/828/AUTH_3572f3440b374001a0289e8c148f1634/gnocchi.b29b1668-bfba-4545-a7be-7fe14115204f" 404 - "HEAD http://localhost:8080/v1/AUTH_3572f3440b374001a0289e8c148f1634/gnocchi.b29b1668-bfba-4545-a7be-7fe14115204f?format=json&states=listing" "txa47fc5aaa10d47a7b6f7d-0069722412" "proxy-server 12" 0.0006 "-" 22 0
Jan 22 13:20:18 standalone object-server[124102]: 172.20.0.100 - - [22/Jan/2026:13:20:18 +0000] "GET /d1/344/AUTH_3572f3440b374001a0289e8c148f1634/gnocchi.b29b1668-bfba-4545-a7be-7fe14115204f/none_v3" 404 70 "GET http://localhost:8080/v1/AUTH_3572f3440b374001a0289e8c148f1634/gnocchi.b29b1668-bfba-4545-a7be-7fe14115204f/none_v3" "txa47fc5aaa10d47a7b6f7d-0069722412" "proxy-server 12" 0.0005 "-" 23 0
Jan 22 13:20:18 standalone proxy-server[125712]: 172.18.0.2 ::1 22/Jan/2026/13/20/18 GET /v1/AUTH_3572f3440b374001a0289e8c148f1634/gnocchi.b29b1668-bfba-4545-a7be-7fe14115204f/none_v3 HTTP/1.0 404 - python-swiftclient-3.11.1 gAAAAABpciM9JbtB... - 70 - txa47fc5aaa10d47a7b6f7d-0069722412 - 0.0139 - - 1769088018.385892391 1769088018.399813652 0
Jan 22 13:20:18 standalone account-server[123969]: 172.20.0.100 - - [22/Jan/2026:13:20:18 +0000] "PUT /d1/873/AUTH_3572f3440b374001a0289e8c148f1634/gnocchi.b29b1668-bfba-4545-a7be-7fe14115204f" 201 - "PUT http://172.20.0.100:6001/d1/828/AUTH_3572f3440b374001a0289e8c148f1634/gnocchi.b29b1668-bfba-4545-a7be-7fe14115204f" "txb4746e78ab2e4a3fb61fb-0069722412" "container-server 21" 0.0054 "-" 23 0
Jan 22 13:20:18 standalone container-server[123988]: 172.20.0.100 - - [22/Jan/2026:13:20:18 +0000] "PUT /d1/828/AUTH_3572f3440b374001a0289e8c148f1634/gnocchi.b29b1668-bfba-4545-a7be-7fe14115204f" 201 - "PUT http://localhost:8080/v1/AUTH_3572f3440b374001a0289e8c148f1634/gnocchi.b29b1668-bfba-4545-a7be-7fe14115204f" "txb4746e78ab2e4a3fb61fb-0069722412" "proxy-server 12" 0.0203 "-" 21 0
Jan 22 13:20:18 standalone proxy-server[125712]: 172.18.0.2 ::1 22/Jan/2026/13/20/18 PUT /v1/AUTH_3572f3440b374001a0289e8c148f1634/gnocchi.b29b1668-bfba-4545-a7be-7fe14115204f HTTP/1.0 201 - python-swiftclient-3.11.1 gAAAAABpciM9JbtB... - - - txb4746e78ab2e4a3fb61fb-0069722412 - 0.0273 - - 1769088018.403227091 1769088018.430530548 0
Jan 22 13:20:18 standalone container-server[123992]: 172.20.0.100 - - [22/Jan/2026:13:20:18 +0000] "HEAD /d1/828/AUTH_3572f3440b374001a0289e8c148f1634/gnocchi.b29b1668-bfba-4545-a7be-7fe14115204f" 204 - "HEAD http://localhost:8080/v1/AUTH_3572f3440b374001a0289e8c148f1634/gnocchi.b29b1668-bfba-4545-a7be-7fe14115204f?format=json&states=listing" "txaccc8a169c93475fbc41d-0069722412" "proxy-server 12" 0.0022 "-" 22 0
Jan 22 13:20:18 standalone proxy-server[125712]: - - 22/Jan/2026/13/20/18 HEAD /v1/AUTH_3572f3440b374001a0289e8c148f1634/gnocchi.b29b1668-bfba-4545-a7be-7fe14115204f%3Fformat%3Djson%26states%3Dlisting HTTP/1.0 204 - Swift - - - - txaccc8a169c93475fbc41d-0069722412 - 0.0068 RL - 1769088018.438014984 1769088018.444855452 0
Jan 22 13:20:18 standalone container-server[123998]: 172.20.0.100 - - [22/Jan/2026:13:20:18 +0000] "GET /d1/828/AUTH_3572f3440b374001a0289e8c148f1634/gnocchi.b29b1668-bfba-4545-a7be-7fe14115204f" 200 2 "GET http://localhost:8080/v1/AUTH_3572f3440b374001a0289e8c148f1634/gnocchi.b29b1668-bfba-4545-a7be-7fe14115204f?format=json&states=listing" "txaccc8a169c93475fbc41d-0069722412" "proxy-server 12" 0.0051 "-" 23 0
Jan 22 13:20:18 standalone proxy-server[125712]: 172.18.0.2 ::1 22/Jan/2026/13/20/18 GET /v1/AUTH_3572f3440b374001a0289e8c148f1634/gnocchi.b29b1668-bfba-4545-a7be-7fe14115204f%3Fformat%3Djson%26states%3Dlisting HTTP/1.0 200 - python-swiftclient-3.11.1 gAAAAABpciM9JbtB... - 2 - txaccc8a169c93475fbc41d-0069722412 - 0.0236 - - 1769088018.436325788 1769088018.459970474 0
Jan 22 13:20:18 standalone object-server[124102]: 172.20.0.100 - - [22/Jan/2026:13:20:18 +0000] "GET /d1/290/AUTH_3572f3440b374001a0289e8c148f1634/gnocchi.b29b1668-bfba-4545-a7be-7fe14115204f/1769040000.0_mean_300.0_v3" 404 70 "GET http://localhost:8080/v1/AUTH_3572f3440b374001a0289e8c148f1634/gnocchi.b29b1668-bfba-4545-a7be-7fe14115204f/1769040000.0_mean_300.0_v3" "tx80c5ac18dc0c45a9bbff6-0069722412" "proxy-server 12" 0.0005 "-" 23 0
Jan 22 13:20:18 standalone proxy-server[125712]: 172.18.0.2 ::1 22/Jan/2026/13/20/18 GET /v1/AUTH_3572f3440b374001a0289e8c148f1634/gnocchi.b29b1668-bfba-4545-a7be-7fe14115204f/1769040000.0_mean_300.0_v3 HTTP/1.0 404 - python-swiftclient-3.11.1 gAAAAABpciM9JbtB... - 70 - tx80c5ac18dc0c45a9bbff6-0069722412 - 0.0096 - - 1769088018.465516806 1769088018.475154638 0
Jan 22 13:20:18 standalone container-server[123998]: 172.20.0.100 - - [22/Jan/2026:13:20:18 +0000] "PUT /d1/828/AUTH_3572f3440b374001a0289e8c148f1634/gnocchi.b29b1668-bfba-4545-a7be-7fe14115204f/1769040000.0_mean_300.0_v3" 201 - "PUT http://localhost:8080/d1/290/AUTH_3572f3440b374001a0289e8c148f1634/gnocchi.b29b1668-bfba-4545-a7be-7fe14115204f/1769040000.0_mean_300.0_v3" "tx34c7b64dc1cb49629fa10-0069722412" "object-server 22" 0.0010 "-" 23 0
Jan 22 13:20:18 standalone object-server[124088]: 172.20.0.100 - - [22/Jan/2026:13:20:18 +0000] "PUT /d1/290/AUTH_3572f3440b374001a0289e8c148f1634/gnocchi.b29b1668-bfba-4545-a7be-7fe14115204f/1769040000.0_mean_300.0_v3" 201 - "PUT http://localhost:8080/v1/AUTH_3572f3440b374001a0289e8c148f1634/gnocchi.b29b1668-bfba-4545-a7be-7fe14115204f/1769040000.0_mean_300.0_v3" "tx34c7b64dc1cb49629fa10-0069722412" "proxy-server 12" 0.0137 "-" 22 0
Jan 22 13:20:18 standalone proxy-server[125712]: 172.18.0.2 ::1 22/Jan/2026/13/20/18 PUT /v1/AUTH_3572f3440b374001a0289e8c148f1634/gnocchi.b29b1668-bfba-4545-a7be-7fe14115204f/1769040000.0_mean_300.0_v3 HTTP/1.0 201 - python-swiftclient-3.11.1 gAAAAABpciM9JbtB... 16 - - tx34c7b64dc1cb49629fa10-0069722412 - 0.0225 - - 1769088018.480419397 1769088018.502910137 0
Jan 22 13:20:18 standalone container-server[123998]: 172.20.0.100 - - [22/Jan/2026:13:20:18 +0000] "PUT /d1/828/AUTH_3572f3440b374001a0289e8c148f1634/gnocchi.b29b1668-bfba-4545-a7be-7fe14115204f/none_v3" 201 - "PUT http://localhost:8080/d1/344/AUTH_3572f3440b374001a0289e8c148f1634/gnocchi.b29b1668-bfba-4545-a7be-7fe14115204f/none_v3" "tx8a7a69b65369407098692-0069722412" "object-server 21" 0.0007 "-" 23 0
Jan 22 13:20:18 standalone object-server[124078]: 172.20.0.100 - - [22/Jan/2026:13:20:18 +0000] "PUT /d1/344/AUTH_3572f3440b374001a0289e8c148f1634/gnocchi.b29b1668-bfba-4545-a7be-7fe14115204f/none_v3" 201 - "PUT http://localhost:8080/v1/AUTH_3572f3440b374001a0289e8c148f1634/gnocchi.b29b1668-bfba-4545-a7be-7fe14115204f/none_v3" "tx8a7a69b65369407098692-0069722412" "proxy-server 12" 0.0120 "-" 21 0
Jan 22 13:20:18 standalone proxy-server[125712]: 172.18.0.2 ::1 22/Jan/2026/13/20/18 PUT /v1/AUTH_3572f3440b374001a0289e8c148f1634/gnocchi.b29b1668-bfba-4545-a7be-7fe14115204f/none_v3 HTTP/1.0 201 - python-swiftclient-3.11.1 gAAAAABpciM9JbtB... 22 - - tx8a7a69b65369407098692-0069722412 - 0.0213 - - 1769088018.507583857 1769088018.528841972 0
Jan 22 13:20:18 standalone container-server[123984]: 172.20.0.100 - - [22/Jan/2026:13:20:18 +0000] "HEAD /d1/827/AUTH_3572f3440b374001a0289e8c148f1634/gnocchi.0fd61590-d70c-4150-9255-723ff8196237" 404 - "HEAD http://localhost:8080/v1/AUTH_3572f3440b374001a0289e8c148f1634/gnocchi.0fd61590-d70c-4150-9255-723ff8196237?format=json&states=listing" "tx1b576e4eb3764300be8e7-0069722412" "proxy-server 12" 0.0006 "-" 20 0
Jan 22 13:20:18 standalone object-server[124102]: 172.20.0.100 - - [22/Jan/2026:13:20:18 +0000] "GET /d1/807/AUTH_3572f3440b374001a0289e8c148f1634/gnocchi.0fd61590-d70c-4150-9255-723ff8196237/none_v3" 404 70 "GET http://localhost:8080/v1/AUTH_3572f3440b374001a0289e8c148f1634/gnocchi.0fd61590-d70c-4150-9255-723ff8196237/none_v3" "tx1b576e4eb3764300be8e7-0069722412" "proxy-server 12" 0.0005 "-" 23 0
Jan 22 13:20:18 standalone proxy-server[125712]: 172.18.0.2 ::1 22/Jan/2026/13/20/18 GET /v1/AUTH_3572f3440b374001a0289e8c148f1634/gnocchi.0fd61590-d70c-4150-9255-723ff8196237/none_v3 HTTP/1.0 404 - python-swiftclient-3.11.1 gAAAAABpciM9JbtB... - 70 - tx1b576e4eb3764300be8e7-0069722412 - 0.0165 - - 1769088018.545364380 1769088018.561892509 0
Jan 22 13:20:18 standalone account-server[123968]: 172.20.0.100 - - [22/Jan/2026:13:20:18 +0000] "PUT /d1/873/AUTH_3572f3440b374001a0289e8c148f1634/gnocchi.0fd61590-d70c-4150-9255-723ff8196237" 201 - "PUT http://172.20.0.100:6001/d1/827/AUTH_3572f3440b374001a0289e8c148f1634/gnocchi.0fd61590-d70c-4150-9255-723ff8196237" "txa843fa103eb94324be713-0069722412" "container-server 22" 0.0059 "-" 22 0
Jan 22 13:20:18 standalone container-server[123992]: 172.20.0.100 - - [22/Jan/2026:13:20:18 +0000] "PUT /d1/827/AUTH_3572f3440b374001a0289e8c148f1634/gnocchi.0fd61590-d70c-4150-9255-723ff8196237" 201 - "PUT http://localhost:8080/v1/AUTH_3572f3440b374001a0289e8c148f1634/gnocchi.0fd61590-d70c-4150-9255-723ff8196237" "txa843fa103eb94324be713-0069722412" "proxy-server 12" 0.0249 "-" 22 0
Jan 22 13:20:18 standalone proxy-server[125712]: 172.18.0.2 ::1 22/Jan/2026/13/20/18 PUT /v1/AUTH_3572f3440b374001a0289e8c148f1634/gnocchi.0fd61590-d70c-4150-9255-723ff8196237 HTTP/1.0 201 - python-swiftclient-3.11.1 gAAAAABpciM9JbtB... - - - txa843fa103eb94324be713-0069722412 - 0.0325 - - 1769088018.566611052 1769088018.599128008 0
Jan 22 13:20:18 standalone container-server[123992]: 172.20.0.100 - - [22/Jan/2026:13:20:18 +0000] "HEAD /d1/827/AUTH_3572f3440b374001a0289e8c148f1634/gnocchi.0fd61590-d70c-4150-9255-723ff8196237" 204 - "HEAD http://localhost:8080/v1/AUTH_3572f3440b374001a0289e8c148f1634/gnocchi.0fd61590-d70c-4150-9255-723ff8196237?format=json&states=listing" "txc9be3afafa974e72aea2e-0069722412" "proxy-server 12" 0.0021 "-" 22 0
Jan 22 13:20:18 standalone proxy-server[125712]: - - 22/Jan/2026/13/20/18 HEAD /v1/AUTH_3572f3440b374001a0289e8c148f1634/gnocchi.0fd61590-d70c-4150-9255-723ff8196237%3Fformat%3Djson%26states%3Dlisting HTTP/1.0 204 - Swift - - - - txc9be3afafa974e72aea2e-0069722412 - 0.0071 RL - 1769088018.608214378 1769088018.615361929 0
Jan 22 13:20:18 standalone container-server[123984]: 172.20.0.100 - - [22/Jan/2026:13:20:18 +0000] "GET /d1/827/AUTH_3572f3440b374001a0289e8c148f1634/gnocchi.0fd61590-d70c-4150-9255-723ff8196237" 200 2 "GET http://localhost:8080/v1/AUTH_3572f3440b374001a0289e8c148f1634/gnocchi.0fd61590-d70c-4150-9255-723ff8196237?format=json&states=listing" "txc9be3afafa974e72aea2e-0069722412" "proxy-server 12" 0.0036 "-" 20 0
Jan 22 13:20:18 standalone proxy-server[125712]: 172.18.0.2 ::1 22/Jan/2026/13/20/18 GET /v1/AUTH_3572f3440b374001a0289e8c148f1634/gnocchi.0fd61590-d70c-4150-9255-723ff8196237%3Fformat%3Djson%26states%3Dlisting HTTP/1.0 200 - python-swiftclient-3.11.1 gAAAAABpciM9JbtB... - 2 - txc9be3afafa974e72aea2e-0069722412 - 0.0229 - - 1769088018.606288433 1769088018.629209757 0
Jan 22 13:20:18 standalone object-server[124078]: 172.20.0.100 - - [22/Jan/2026:13:20:18 +0000] "GET /d1/384/AUTH_3572f3440b374001a0289e8c148f1634/gnocchi.0fd61590-d70c-4150-9255-723ff8196237/1769040000.0_mean_300.0_v3" 404 70 "GET http://localhost:8080/v1/AUTH_3572f3440b374001a0289e8c148f1634/gnocchi.0fd61590-d70c-4150-9255-723ff8196237/1769040000.0_mean_300.0_v3" "tx389bcbaf07cf4196b834a-0069722412" "proxy-server 12" 0.0004 "-" 21 0
Jan 22 13:20:18 standalone proxy-server[125712]: 172.18.0.2 ::1 22/Jan/2026/13/20/18 GET /v1/AUTH_3572f3440b374001a0289e8c148f1634/gnocchi.0fd61590-d70c-4150-9255-723ff8196237/1769040000.0_mean_300.0_v3 HTTP/1.0 404 - python-swiftclient-3.11.1 gAAAAABpciM9JbtB... - 70 - tx389bcbaf07cf4196b834a-0069722412 - 0.0090 - - 1769088018.635501146 1769088018.644451618 0
Jan 22 13:20:18 standalone container-server[123992]: 172.20.0.100 - - [22/Jan/2026:13:20:18 +0000] "PUT /d1/827/AUTH_3572f3440b374001a0289e8c148f1634/gnocchi.0fd61590-d70c-4150-9255-723ff8196237/1769040000.0_mean_300.0_v3" 201 - "PUT http://localhost:8080/d1/384/AUTH_3572f3440b374001a0289e8c148f1634/gnocchi.0fd61590-d70c-4150-9255-723ff8196237/1769040000.0_mean_300.0_v3" "txb90ad557baaa4d86b2296-0069722412" "object-server 21" 0.0010 "-" 22 0
Jan 22 13:20:18 standalone object-server[124078]: 172.20.0.100 - - [22/Jan/2026:13:20:18 +0000] "PUT /d1/384/AUTH_3572f3440b374001a0289e8c148f1634/gnocchi.0fd61590-d70c-4150-9255-723ff8196237/1769040000.0_mean_300.0_v3" 201 - "PUT http://localhost:8080/v1/AUTH_3572f3440b374001a0289e8c148f1634/gnocchi.0fd61590-d70c-4150-9255-723ff8196237/1769040000.0_mean_300.0_v3" "txb90ad557baaa4d86b2296-0069722412" "proxy-server 12" 0.0121 "-" 21 0
Jan 22 13:20:18 standalone proxy-server[125712]: 172.18.0.2 ::1 22/Jan/2026/13/20/18 PUT /v1/AUTH_3572f3440b374001a0289e8c148f1634/gnocchi.0fd61590-d70c-4150-9255-723ff8196237/1769040000.0_mean_300.0_v3 HTTP/1.0 201 - python-swiftclient-3.11.1 gAAAAABpciM9JbtB... 16 - - txb90ad557baaa4d86b2296-0069722412 - 0.0259 - - 1769088018.650266886 1769088018.676147461 0
Jan 22 13:20:18 standalone container-server[123984]: 172.20.0.100 - - [22/Jan/2026:13:20:18 +0000] "PUT /d1/827/AUTH_3572f3440b374001a0289e8c148f1634/gnocchi.0fd61590-d70c-4150-9255-723ff8196237/none_v3" 201 - "PUT http://localhost:8080/d1/807/AUTH_3572f3440b374001a0289e8c148f1634/gnocchi.0fd61590-d70c-4150-9255-723ff8196237/none_v3" "tx81af176830f841ff89552-0069722412" "object-server 21" 0.0010 "-" 20 0
Jan 22 13:20:18 standalone object-server[124078]: 172.20.0.100 - - [22/Jan/2026:13:20:18 +0000] "PUT /d1/807/AUTH_3572f3440b374001a0289e8c148f1634/gnocchi.0fd61590-d70c-4150-9255-723ff8196237/none_v3" 201 - "PUT http://localhost:8080/v1/AUTH_3572f3440b374001a0289e8c148f1634/gnocchi.0fd61590-d70c-4150-9255-723ff8196237/none_v3" "tx81af176830f841ff89552-0069722412" "proxy-server 12" 0.0124 "-" 21 0
Jan 22 13:20:18 standalone proxy-server[125712]: 172.18.0.2 ::1 22/Jan/2026/13/20/18 PUT /v1/AUTH_3572f3440b374001a0289e8c148f1634/gnocchi.0fd61590-d70c-4150-9255-723ff8196237/none_v3 HTTP/1.0 201 - python-swiftclient-3.11.1 gAAAAABpciM9JbtB... 22 - - tx81af176830f841ff89552-0069722412 - 0.0222 - - 1769088018.682008743 1769088018.704159260 0
Jan 22 13:20:18 standalone container-server[123984]: 172.20.0.100 - - [22/Jan/2026:13:20:18 +0000] "HEAD /d1/989/AUTH_3572f3440b374001a0289e8c148f1634/gnocchi.c0587a05-847a-4709-9b40-14e35c41c2e0" 404 - "HEAD http://localhost:8080/v1/AUTH_3572f3440b374001a0289e8c148f1634/gnocchi.c0587a05-847a-4709-9b40-14e35c41c2e0?format=json&states=listing" "txe6d4170b14394621a71e5-0069722412" "proxy-server 12" 0.0005 "-" 20 0
Jan 22 13:20:18 standalone object-server[124102]: 172.20.0.100 - - [22/Jan/2026:13:20:18 +0000] "GET /d1/525/AUTH_3572f3440b374001a0289e8c148f1634/gnocchi.c0587a05-847a-4709-9b40-14e35c41c2e0/none_v3" 404 70 "GET http://localhost:8080/v1/AUTH_3572f3440b374001a0289e8c148f1634/gnocchi.c0587a05-847a-4709-9b40-14e35c41c2e0/none_v3" "txe6d4170b14394621a71e5-0069722412" "proxy-server 12" 0.0005 "-" 23 0
Jan 22 13:20:18 standalone proxy-server[125712]: 172.18.0.2 ::1 22/Jan/2026/13/20/18 GET /v1/AUTH_3572f3440b374001a0289e8c148f1634/gnocchi.c0587a05-847a-4709-9b40-14e35c41c2e0/none_v3 HTTP/1.0 404 - python-swiftclient-3.11.1 gAAAAABpciM9JbtB... - 70 - txe6d4170b14394621a71e5-0069722412 - 0.0149 - - 1769088018.721003532 1769088018.735942602 0
Jan 22 13:20:18 standalone account-server[123937]: 172.20.0.100 - - [22/Jan/2026:13:20:18 +0000] "PUT /d1/873/AUTH_3572f3440b374001a0289e8c148f1634/gnocchi.c0587a05-847a-4709-9b40-14e35c41c2e0" 201 - "PUT http://172.20.0.100:6001/d1/989/AUTH_3572f3440b374001a0289e8c148f1634/gnocchi.c0587a05-847a-4709-9b40-14e35c41c2e0" "txbc599ca11fa642e68b5c9-0069722412" "container-server 20" 0.0068 "-" 20 0
Jan 22 13:20:18 standalone container-server[123984]: 172.20.0.100 - - [22/Jan/2026:13:20:18 +0000] "PUT /d1/989/AUTH_3572f3440b374001a0289e8c148f1634/gnocchi.c0587a05-847a-4709-9b40-14e35c41c2e0" 201 - "PUT http://localhost:8080/v1/AUTH_3572f3440b374001a0289e8c148f1634/gnocchi.c0587a05-847a-4709-9b40-14e35c41c2e0" "txbc599ca11fa642e68b5c9-0069722412" "proxy-server 12" 0.0290 "-" 20 0
Jan 22 13:20:18 standalone proxy-server[125712]: 172.18.0.2 ::1 22/Jan/2026/13/20/18 PUT /v1/AUTH_3572f3440b374001a0289e8c148f1634/gnocchi.c0587a05-847a-4709-9b40-14e35c41c2e0 HTTP/1.0 201 - python-swiftclient-3.11.1 gAAAAABpciM9JbtB... - - - txbc599ca11fa642e68b5c9-0069722412 - 0.0380 - - 1769088018.740760565 1769088018.778714180 0
Jan 22 13:20:18 standalone container-server[123984]: 172.20.0.100 - - [22/Jan/2026:13:20:18 +0000] "HEAD /d1/989/AUTH_3572f3440b374001a0289e8c148f1634/gnocchi.c0587a05-847a-4709-9b40-14e35c41c2e0" 204 - "HEAD http://localhost:8080/v1/AUTH_3572f3440b374001a0289e8c148f1634/gnocchi.c0587a05-847a-4709-9b40-14e35c41c2e0?format=json&states=listing" "txb15598b549624f569b107-0069722412" "proxy-server 12" 0.0023 "-" 20 0
Jan 22 13:20:18 standalone proxy-server[125712]: - - 22/Jan/2026/13/20/18 HEAD /v1/AUTH_3572f3440b374001a0289e8c148f1634/gnocchi.c0587a05-847a-4709-9b40-14e35c41c2e0%3Fformat%3Djson%26states%3Dlisting HTTP/1.0 204 - Swift - - - - txb15598b549624f569b107-0069722412 - 0.0073 RL - 1769088018.786613464 1769088018.793874025 0
Jan 22 13:20:18 standalone container-server[123998]: 172.20.0.100 - - [22/Jan/2026:13:20:18 +0000] "GET /d1/989/AUTH_3572f3440b374001a0289e8c148f1634/gnocchi.c0587a05-847a-4709-9b40-14e35c41c2e0" 200 2 "GET http://localhost:8080/v1/AUTH_3572f3440b374001a0289e8c148f1634/gnocchi.c0587a05-847a-4709-9b40-14e35c41c2e0?format=json&states=listing" "txb15598b549624f569b107-0069722412" "proxy-server 12" 0.0038 "-" 23 0
Jan 22 13:20:18 standalone proxy-server[125712]: 172.18.0.2 ::1 22/Jan/2026/13/20/18 GET /v1/AUTH_3572f3440b374001a0289e8c148f1634/gnocchi.c0587a05-847a-4709-9b40-14e35c41c2e0%3Fformat%3Djson%26states%3Dlisting HTTP/1.0 200 - python-swiftclient-3.11.1 gAAAAABpciM9JbtB... - 2 - txb15598b549624f569b107-0069722412 - 0.0238 - - 1769088018.784699678 1769088018.808482885 0
Jan 22 13:20:18 standalone object-server[124066]: 172.20.0.100 - - [22/Jan/2026:13:20:18 +0000] "GET /d1/355/AUTH_3572f3440b374001a0289e8c148f1634/gnocchi.c0587a05-847a-4709-9b40-14e35c41c2e0/1769040000.0_mean_300.0_v3" 404 70 "GET http://localhost:8080/v1/AUTH_3572f3440b374001a0289e8c148f1634/gnocchi.c0587a05-847a-4709-9b40-14e35c41c2e0/1769040000.0_mean_300.0_v3" "tx0e5dfcaeafd3457ab818c-0069722412" "proxy-server 12" 0.0005 "-" 20 0
Jan 22 13:20:18 standalone proxy-server[125712]: 172.18.0.2 ::1 22/Jan/2026/13/20/18 GET /v1/AUTH_3572f3440b374001a0289e8c148f1634/gnocchi.c0587a05-847a-4709-9b40-14e35c41c2e0/1769040000.0_mean_300.0_v3 HTTP/1.0 404 - python-swiftclient-3.11.1 gAAAAABpciM9JbtB... - 70 - tx0e5dfcaeafd3457ab818c-0069722412 - 0.0139 - - 1769088018.817486763 1769088018.831429482 0
Jan 22 13:20:18 standalone container-server[123998]: 172.20.0.100 - - [22/Jan/2026:13:20:18 +0000] "PUT /d1/989/AUTH_3572f3440b374001a0289e8c148f1634/gnocchi.c0587a05-847a-4709-9b40-14e35c41c2e0/1769040000.0_mean_300.0_v3" 201 - "PUT http://localhost:8080/d1/355/AUTH_3572f3440b374001a0289e8c148f1634/gnocchi.c0587a05-847a-4709-9b40-14e35c41c2e0/1769040000.0_mean_300.0_v3" "txbaceba6ec46a4128942d8-0069722412" "object-server 22" 0.0007 "-" 23 0
Jan 22 13:20:18 standalone object-server[124088]: 172.20.0.100 - - [22/Jan/2026:13:20:18 +0000] "PUT /d1/355/AUTH_3572f3440b374001a0289e8c148f1634/gnocchi.c0587a05-847a-4709-9b40-14e35c41c2e0/1769040000.0_mean_300.0_v3" 201 - "PUT http://localhost:8080/v1/AUTH_3572f3440b374001a0289e8c148f1634/gnocchi.c0587a05-847a-4709-9b40-14e35c41c2e0/1769040000.0_mean_300.0_v3" "txbaceba6ec46a4128942d8-0069722412" "proxy-server 12" 0.0127 "-" 22 0
Jan 22 13:20:18 standalone proxy-server[125712]: 172.18.0.2 ::1 22/Jan/2026/13/20/18 PUT /v1/AUTH_3572f3440b374001a0289e8c148f1634/gnocchi.c0587a05-847a-4709-9b40-14e35c41c2e0/1769040000.0_mean_300.0_v3 HTTP/1.0 201 - python-swiftclient-3.11.1 gAAAAABpciM9JbtB... 16 - - txbaceba6ec46a4128942d8-0069722412 - 0.0232 - - 1769088018.838626146 1769088018.861807823 0
Jan 22 13:20:18 standalone container-server[123998]: 172.20.0.100 - - [22/Jan/2026:13:20:18 +0000] "PUT /d1/989/AUTH_3572f3440b374001a0289e8c148f1634/gnocchi.c0587a05-847a-4709-9b40-14e35c41c2e0/none_v3" 201 - "PUT http://localhost:8080/d1/525/AUTH_3572f3440b374001a0289e8c148f1634/gnocchi.c0587a05-847a-4709-9b40-14e35c41c2e0/none_v3" "txdcea8222103a4d1db1df5-0069722412" "object-server 21" 0.0009 "-" 23 0
Jan 22 13:20:18 standalone object-server[124078]: 172.20.0.100 - - [22/Jan/2026:13:20:18 +0000] "PUT /d1/525/AUTH_3572f3440b374001a0289e8c148f1634/gnocchi.c0587a05-847a-4709-9b40-14e35c41c2e0/none_v3" 201 - "PUT http://localhost:8080/v1/AUTH_3572f3440b374001a0289e8c148f1634/gnocchi.c0587a05-847a-4709-9b40-14e35c41c2e0/none_v3" "txdcea8222103a4d1db1df5-0069722412" "proxy-server 12" 0.0137 "-" 21 0
Jan 22 13:20:18 standalone proxy-server[125712]: 172.18.0.2 ::1 22/Jan/2026/13/20/18 PUT /v1/AUTH_3572f3440b374001a0289e8c148f1634/gnocchi.c0587a05-847a-4709-9b40-14e35c41c2e0/none_v3 HTTP/1.0 201 - python-swiftclient-3.11.1 gAAAAABpciM9JbtB... 22 - - txdcea8222103a4d1db1df5-0069722412 - 0.0273 - - 1769088018.867965698 1769088018.895290613 0
Jan 22 13:20:18 standalone container-server[123988]: 172.20.0.100 - - [22/Jan/2026:13:20:18 +0000] "HEAD /d1/953/AUTH_3572f3440b374001a0289e8c148f1634/gnocchi.28d256dd-6007-4a39-a488-815894ae4442" 404 - "HEAD http://localhost:8080/v1/AUTH_3572f3440b374001a0289e8c148f1634/gnocchi.28d256dd-6007-4a39-a488-815894ae4442?format=json&states=listing" "tx9f1ae3ef145643c880683-0069722412" "proxy-server 12" 0.0005 "-" 21 0
Jan 22 13:20:18 standalone object-server[124102]: 172.20.0.100 - - [22/Jan/2026:13:20:18 +0000] "GET /d1/934/AUTH_3572f3440b374001a0289e8c148f1634/gnocchi.28d256dd-6007-4a39-a488-815894ae4442/none_v3" 404 70 "GET http://localhost:8080/v1/AUTH_3572f3440b374001a0289e8c148f1634/gnocchi.28d256dd-6007-4a39-a488-815894ae4442/none_v3" "tx9f1ae3ef145643c880683-0069722412" "proxy-server 12" 0.0005 "-" 23 0
Jan 22 13:20:18 standalone proxy-server[125712]: 172.18.0.2 ::1 22/Jan/2026/13/20/18 GET /v1/AUTH_3572f3440b374001a0289e8c148f1634/gnocchi.28d256dd-6007-4a39-a488-815894ae4442/none_v3 HTTP/1.0 404 - python-swiftclient-3.11.1 gAAAAABpciM9JbtB... - 70 - tx9f1ae3ef145643c880683-0069722412 - 0.0155 - - 1769088018.911459684 1769088018.926955938 0
Jan 22 13:20:18 standalone account-server[123969]: 172.20.0.100 - - [22/Jan/2026:13:20:18 +0000] "PUT /d1/873/AUTH_3572f3440b374001a0289e8c148f1634/gnocchi.28d256dd-6007-4a39-a488-815894ae4442" 201 - "PUT http://172.20.0.100:6001/d1/953/AUTH_3572f3440b374001a0289e8c148f1634/gnocchi.28d256dd-6007-4a39-a488-815894ae4442" "tx97f1e70e6ac64630a90bb-0069722412" "container-server 20" 0.0065 "-" 23 0
Jan 22 13:20:18 standalone container-server[123984]: 172.20.0.100 - - [22/Jan/2026:13:20:18 +0000] "PUT /d1/953/AUTH_3572f3440b374001a0289e8c148f1634/gnocchi.28d256dd-6007-4a39-a488-815894ae4442" 201 - "PUT http://localhost:8080/v1/AUTH_3572f3440b374001a0289e8c148f1634/gnocchi.28d256dd-6007-4a39-a488-815894ae4442" "tx97f1e70e6ac64630a90bb-0069722412" "proxy-server 12" 0.0174 "-" 20 0
Jan 22 13:20:18 standalone proxy-server[125712]: 172.18.0.2 ::1 22/Jan/2026/13/20/18 PUT /v1/AUTH_3572f3440b374001a0289e8c148f1634/gnocchi.28d256dd-6007-4a39-a488-815894ae4442 HTTP/1.0 201 - python-swiftclient-3.11.1 gAAAAABpciM9JbtB... - - - tx97f1e70e6ac64630a90bb-0069722412 - 0.0259 - - 1769088018.933136940 1769088018.959084272 0
Jan 22 13:20:18 standalone container-server[123988]: 172.20.0.100 - - [22/Jan/2026:13:20:18 +0000] "HEAD /d1/953/AUTH_3572f3440b374001a0289e8c148f1634/gnocchi.28d256dd-6007-4a39-a488-815894ae4442" 204 - "HEAD http://localhost:8080/v1/AUTH_3572f3440b374001a0289e8c148f1634/gnocchi.28d256dd-6007-4a39-a488-815894ae4442?format=json&states=listing" "txbc28884b369b4ad881e4c-0069722412" "proxy-server 12" 0.0014 "-" 21 0
Jan 22 13:20:18 standalone proxy-server[125712]: - - 22/Jan/2026/13/20/18 HEAD /v1/AUTH_3572f3440b374001a0289e8c148f1634/gnocchi.28d256dd-6007-4a39-a488-815894ae4442%3Fformat%3Djson%26states%3Dlisting HTTP/1.0 204 - Swift - - - - txbc28884b369b4ad881e4c-0069722412 - 0.0060 RL - 1769088018.967700243 1769088018.973706245 0
Jan 22 13:20:18 standalone container-server[123992]: 172.20.0.100 - - [22/Jan/2026:13:20:18 +0000] "GET /d1/953/AUTH_3572f3440b374001a0289e8c148f1634/gnocchi.28d256dd-6007-4a39-a488-815894ae4442" 200 2 "GET http://localhost:8080/v1/AUTH_3572f3440b374001a0289e8c148f1634/gnocchi.28d256dd-6007-4a39-a488-815894ae4442?format=json&states=listing" "txbc28884b369b4ad881e4c-0069722412" "proxy-server 12" 0.0037 "-" 22 0
Jan 22 13:20:18 standalone proxy-server[125712]: 172.18.0.2 ::1 22/Jan/2026/13/20/18 GET /v1/AUTH_3572f3440b374001a0289e8c148f1634/gnocchi.28d256dd-6007-4a39-a488-815894ae4442%3Fformat%3Djson%26states%3Dlisting HTTP/1.0 200 - python-swiftclient-3.11.1 gAAAAABpciM9JbtB... - 2 - txbc28884b369b4ad881e4c-0069722412 - 0.0220 - - 1769088018.965722084 1769088018.987742662 0
Jan 22 13:20:19 standalone object-server[124088]: 172.20.0.100 - - [22/Jan/2026:13:20:19 +0000] "GET /d1/713/AUTH_3572f3440b374001a0289e8c148f1634/gnocchi.28d256dd-6007-4a39-a488-815894ae4442/1769040000.0_mean_300.0_v3" 404 70 "GET http://localhost:8080/v1/AUTH_3572f3440b374001a0289e8c148f1634/gnocchi.28d256dd-6007-4a39-a488-815894ae4442/1769040000.0_mean_300.0_v3" "txe7a59c290d8f42698c722-0069722412" "proxy-server 12" 0.0007 "-" 22 0
Jan 22 13:20:19 standalone proxy-server[125712]: 172.18.0.2 ::1 22/Jan/2026/13/20/19 GET /v1/AUTH_3572f3440b374001a0289e8c148f1634/gnocchi.28d256dd-6007-4a39-a488-815894ae4442/1769040000.0_mean_300.0_v3 HTTP/1.0 404 - python-swiftclient-3.11.1 gAAAAABpciM9JbtB... - 70 - txe7a59c290d8f42698c722-0069722412 - 0.0102 - - 1769088018.994469404 1769088019.004695177 0
Jan 22 13:20:19 standalone container-server[123992]: 172.20.0.100 - - [22/Jan/2026:13:20:19 +0000] "PUT /d1/953/AUTH_3572f3440b374001a0289e8c148f1634/gnocchi.28d256dd-6007-4a39-a488-815894ae4442/1769040000.0_mean_300.0_v3" 201 - "PUT http://localhost:8080/d1/713/AUTH_3572f3440b374001a0289e8c148f1634/gnocchi.28d256dd-6007-4a39-a488-815894ae4442/1769040000.0_mean_300.0_v3" "tx373f76244baf4d059773b-0069722413" "object-server 23" 0.0011 "-" 22 0
Jan 22 13:20:19 standalone object-server[124102]: 172.20.0.100 - - [22/Jan/2026:13:20:19 +0000] "PUT /d1/713/AUTH_3572f3440b374001a0289e8c148f1634/gnocchi.28d256dd-6007-4a39-a488-815894ae4442/1769040000.0_mean_300.0_v3" 201 - "PUT http://localhost:8080/v1/AUTH_3572f3440b374001a0289e8c148f1634/gnocchi.28d256dd-6007-4a39-a488-815894ae4442/1769040000.0_mean_300.0_v3" "tx373f76244baf4d059773b-0069722413" "proxy-server 12" 0.0129 "-" 23 0
Jan 22 13:20:19 standalone proxy-server[125712]: 172.18.0.2 ::1 22/Jan/2026/13/20/19 PUT /v1/AUTH_3572f3440b374001a0289e8c148f1634/gnocchi.28d256dd-6007-4a39-a488-815894ae4442/1769040000.0_mean_300.0_v3 HTTP/1.0 201 - python-swiftclient-3.11.1 gAAAAABpciM9JbtB... 16 - - tx373f76244baf4d059773b-0069722413 - 0.0226 - - 1769088019.011220455 1769088019.033794641 0
Jan 22 13:20:19 standalone container-server[123998]: 172.20.0.100 - - [22/Jan/2026:13:20:19 +0000] "PUT /d1/953/AUTH_3572f3440b374001a0289e8c148f1634/gnocchi.28d256dd-6007-4a39-a488-815894ae4442/none_v3" 201 - "PUT http://localhost:8080/d1/934/AUTH_3572f3440b374001a0289e8c148f1634/gnocchi.28d256dd-6007-4a39-a488-815894ae4442/none_v3" "tx6fc15470831b43b883267-0069722413" "object-server 20" 0.0009 "-" 23 0
Jan 22 13:20:19 standalone object-server[124066]: 172.20.0.100 - - [22/Jan/2026:13:20:19 +0000] "PUT /d1/934/AUTH_3572f3440b374001a0289e8c148f1634/gnocchi.28d256dd-6007-4a39-a488-815894ae4442/none_v3" 201 - "PUT http://localhost:8080/v1/AUTH_3572f3440b374001a0289e8c148f1634/gnocchi.28d256dd-6007-4a39-a488-815894ae4442/none_v3" "tx6fc15470831b43b883267-0069722413" "proxy-server 12" 0.0116 "-" 20 0
Jan 22 13:20:19 standalone proxy-server[125712]: 172.18.0.2 ::1 22/Jan/2026/13/20/19 PUT /v1/AUTH_3572f3440b374001a0289e8c148f1634/gnocchi.28d256dd-6007-4a39-a488-815894ae4442/none_v3 HTTP/1.0 201 - python-swiftclient-3.11.1 gAAAAABpciM9JbtB... 22 - - tx6fc15470831b43b883267-0069722413 - 0.0207 - - 1769088019.039266348 1769088019.059932947 0
Jan 22 13:20:19 standalone container-server[123984]: 172.20.0.100 - - [22/Jan/2026:13:20:19 +0000] "HEAD /d1/607/AUTH_3572f3440b374001a0289e8c148f1634/gnocchi.ac705cba-9167-42d4-828f-c88e9783ab35" 404 - "HEAD http://localhost:8080/v1/AUTH_3572f3440b374001a0289e8c148f1634/gnocchi.ac705cba-9167-42d4-828f-c88e9783ab35?format=json&states=listing" "tx443bd1070e5849c5b4cab-0069722413" "proxy-server 12" 0.0006 "-" 20 0
Jan 22 13:20:19 standalone object-server[124066]: 172.20.0.100 - - [22/Jan/2026:13:20:19 +0000] "GET /d1/999/AUTH_3572f3440b374001a0289e8c148f1634/gnocchi.ac705cba-9167-42d4-828f-c88e9783ab35/none_v3" 404 70 "GET http://localhost:8080/v1/AUTH_3572f3440b374001a0289e8c148f1634/gnocchi.ac705cba-9167-42d4-828f-c88e9783ab35/none_v3" "tx443bd1070e5849c5b4cab-0069722413" "proxy-server 12" 0.0005 "-" 20 0
Jan 22 13:20:19 standalone proxy-server[125712]: 172.18.0.2 ::1 22/Jan/2026/13/20/19 GET /v1/AUTH_3572f3440b374001a0289e8c148f1634/gnocchi.ac705cba-9167-42d4-828f-c88e9783ab35/none_v3 HTTP/1.0 404 - python-swiftclient-3.11.1 gAAAAABpciM9JbtB... - 70 - tx443bd1070e5849c5b4cab-0069722413 - 0.0158 - - 1769088019.077422380 1769088019.093214512 0
Jan 22 13:20:19 standalone account-server[123959]: 172.20.0.100 - - [22/Jan/2026:13:20:19 +0000] "PUT /d1/873/AUTH_3572f3440b374001a0289e8c148f1634/gnocchi.ac705cba-9167-42d4-828f-c88e9783ab35" 201 - "PUT http://172.20.0.100:6001/d1/607/AUTH_3572f3440b374001a0289e8c148f1634/gnocchi.ac705cba-9167-42d4-828f-c88e9783ab35" "txadd82b4bdd914f4dbc09a-0069722413" "container-server 23" 0.0057 "-" 21 0
Jan 22 13:20:19 standalone container-server[123998]: 172.20.0.100 - - [22/Jan/2026:13:20:19 +0000] "PUT /d1/607/AUTH_3572f3440b374001a0289e8c148f1634/gnocchi.ac705cba-9167-42d4-828f-c88e9783ab35" 201 - "PUT http://localhost:8080/v1/AUTH_3572f3440b374001a0289e8c148f1634/gnocchi.ac705cba-9167-42d4-828f-c88e9783ab35" "txadd82b4bdd914f4dbc09a-0069722413" "proxy-server 12" 0.0188 "-" 23 0
