Jan 22 13:20:19 standalone proxy-server[125712]: 172.18.0.2 ::1 22/Jan/2026/13/20/19 PUT /v1/AUTH_3572f3440b374001a0289e8c148f1634/gnocchi.ac705cba-9167-42d4-828f-c88e9783ab35 HTTP/1.0 201 - python-swiftclient-3.11.1 gAAAAABpciM9JbtB... - - - txadd82b4bdd914f4dbc09a-0069722413 - 0.0335 - - 1769088019.098067999 1769088019.131607533 0
Jan 22 13:20:19 standalone container-server[123988]: 172.20.0.100 - - [22/Jan/2026:13:20:19 +0000] "HEAD /d1/607/AUTH_3572f3440b374001a0289e8c148f1634/gnocchi.ac705cba-9167-42d4-828f-c88e9783ab35" 204 - "HEAD http://localhost:8080/v1/AUTH_3572f3440b374001a0289e8c148f1634/gnocchi.ac705cba-9167-42d4-828f-c88e9783ab35?format=json&states=listing" "tx62329dd4b38f415ba5d8e-0069722413" "proxy-server 12" 0.0021 "-" 21 0
Jan 22 13:20:19 standalone proxy-server[125712]: - - 22/Jan/2026/13/20/19 HEAD /v1/AUTH_3572f3440b374001a0289e8c148f1634/gnocchi.ac705cba-9167-42d4-828f-c88e9783ab35%3Fformat%3Djson%26states%3Dlisting HTTP/1.0 204 - Swift - - - - tx62329dd4b38f415ba5d8e-0069722413 - 0.0073 RL - 1769088019.139509439 1769088019.146852255 0
Jan 22 13:20:19 standalone container-server[123992]: 172.20.0.100 - - [22/Jan/2026:13:20:19 +0000] "GET /d1/607/AUTH_3572f3440b374001a0289e8c148f1634/gnocchi.ac705cba-9167-42d4-828f-c88e9783ab35" 200 2 "GET http://localhost:8080/v1/AUTH_3572f3440b374001a0289e8c148f1634/gnocchi.ac705cba-9167-42d4-828f-c88e9783ab35?format=json&states=listing" "tx62329dd4b38f415ba5d8e-0069722413" "proxy-server 12" 0.0035 "-" 22 0
Jan 22 13:20:19 standalone proxy-server[125712]: 172.18.0.2 ::1 22/Jan/2026/13/20/19 GET /v1/AUTH_3572f3440b374001a0289e8c148f1634/gnocchi.ac705cba-9167-42d4-828f-c88e9783ab35%3Fformat%3Djson%26states%3Dlisting HTTP/1.0 200 - python-swiftclient-3.11.1 gAAAAABpciM9JbtB... - 2 - tx62329dd4b38f415ba5d8e-0069722413 - 0.0227 - - 1769088019.137390137 1769088019.160106659 0
Jan 22 13:20:19 standalone object-server[124066]: 172.20.0.100 - - [22/Jan/2026:13:20:19 +0000] "GET /d1/776/AUTH_3572f3440b374001a0289e8c148f1634/gnocchi.ac705cba-9167-42d4-828f-c88e9783ab35/1769040000.0_mean_300.0_v3" 404 70 "GET http://localhost:8080/v1/AUTH_3572f3440b374001a0289e8c148f1634/gnocchi.ac705cba-9167-42d4-828f-c88e9783ab35/1769040000.0_mean_300.0_v3" "txe9b2a17de03e4ac381588-0069722413" "proxy-server 12" 0.0007 "-" 20 0
Jan 22 13:20:19 standalone proxy-server[125712]: 172.18.0.2 ::1 22/Jan/2026/13/20/19 GET /v1/AUTH_3572f3440b374001a0289e8c148f1634/gnocchi.ac705cba-9167-42d4-828f-c88e9783ab35/1769040000.0_mean_300.0_v3 HTTP/1.0 404 - python-swiftclient-3.11.1 gAAAAABpciM9JbtB... - 70 - txe9b2a17de03e4ac381588-0069722413 - 0.0083 - - 1769088019.165908813 1769088019.174192190 0
Jan 22 13:20:19 standalone container-server[123992]: 172.20.0.100 - - [22/Jan/2026:13:20:19 +0000] "PUT /d1/607/AUTH_3572f3440b374001a0289e8c148f1634/gnocchi.ac705cba-9167-42d4-828f-c88e9783ab35/1769040000.0_mean_300.0_v3" 201 - "PUT http://localhost:8080/d1/776/AUTH_3572f3440b374001a0289e8c148f1634/gnocchi.ac705cba-9167-42d4-828f-c88e9783ab35/1769040000.0_mean_300.0_v3" "tx27854c55c4b6444fbce06-0069722413" "object-server 21" 0.0007 "-" 22 0
Jan 22 13:20:19 standalone object-server[124078]: 172.20.0.100 - - [22/Jan/2026:13:20:19 +0000] "PUT /d1/776/AUTH_3572f3440b374001a0289e8c148f1634/gnocchi.ac705cba-9167-42d4-828f-c88e9783ab35/1769040000.0_mean_300.0_v3" 201 - "PUT http://localhost:8080/v1/AUTH_3572f3440b374001a0289e8c148f1634/gnocchi.ac705cba-9167-42d4-828f-c88e9783ab35/1769040000.0_mean_300.0_v3" "tx27854c55c4b6444fbce06-0069722413" "proxy-server 12" 0.0130 "-" 21 0
Jan 22 13:20:19 standalone proxy-server[125712]: 172.18.0.2 ::1 22/Jan/2026/13/20/19 PUT /v1/AUTH_3572f3440b374001a0289e8c148f1634/gnocchi.ac705cba-9167-42d4-828f-c88e9783ab35/1769040000.0_mean_300.0_v3 HTTP/1.0 201 - python-swiftclient-3.11.1 gAAAAABpciM9JbtB... 16 - - tx27854c55c4b6444fbce06-0069722413 - 0.0212 - - 1769088019.179175615 1769088019.200355291 0
Jan 22 13:20:19 standalone container-server[123988]: 172.20.0.100 - - [22/Jan/2026:13:20:19 +0000] "PUT /d1/607/AUTH_3572f3440b374001a0289e8c148f1634/gnocchi.ac705cba-9167-42d4-828f-c88e9783ab35/none_v3" 201 - "PUT http://localhost:8080/d1/999/AUTH_3572f3440b374001a0289e8c148f1634/gnocchi.ac705cba-9167-42d4-828f-c88e9783ab35/none_v3" "txb43bc319b37a4240b78db-0069722413" "object-server 23" 0.0009 "-" 21 0
Jan 22 13:20:19 standalone object-server[124102]: 172.20.0.100 - - [22/Jan/2026:13:20:19 +0000] "PUT /d1/999/AUTH_3572f3440b374001a0289e8c148f1634/gnocchi.ac705cba-9167-42d4-828f-c88e9783ab35/none_v3" 201 - "PUT http://localhost:8080/v1/AUTH_3572f3440b374001a0289e8c148f1634/gnocchi.ac705cba-9167-42d4-828f-c88e9783ab35/none_v3" "txb43bc319b37a4240b78db-0069722413" "proxy-server 12" 0.0122 "-" 23 0
Jan 22 13:20:19 standalone proxy-server[125712]: 172.18.0.2 ::1 22/Jan/2026/13/20/19 PUT /v1/AUTH_3572f3440b374001a0289e8c148f1634/gnocchi.ac705cba-9167-42d4-828f-c88e9783ab35/none_v3 HTTP/1.0 201 - python-swiftclient-3.11.1 gAAAAABpciM9JbtB... 22 - - txb43bc319b37a4240b78db-0069722413 - 0.0214 - - 1769088019.205857277 1769088019.227299213 0
Jan 22 13:20:19 standalone container-server[123984]: 172.20.0.100 - - [22/Jan/2026:13:20:19 +0000] "HEAD /d1/787/AUTH_3572f3440b374001a0289e8c148f1634/gnocchi.699e3dbf-b5c4-4772-83c6-8f868b3b34c5" 404 - "HEAD http://localhost:8080/v1/AUTH_3572f3440b374001a0289e8c148f1634/gnocchi.699e3dbf-b5c4-4772-83c6-8f868b3b34c5?format=json&states=listing" "tx2300fa1f5f724b3898163-0069722413" "proxy-server 12" 0.0005 "-" 20 0
Jan 22 13:20:19 standalone object-server[124088]: 172.20.0.100 - - [22/Jan/2026:13:20:19 +0000] "GET /d1/625/AUTH_3572f3440b374001a0289e8c148f1634/gnocchi.699e3dbf-b5c4-4772-83c6-8f868b3b34c5/none_v3" 404 70 "GET http://localhost:8080/v1/AUTH_3572f3440b374001a0289e8c148f1634/gnocchi.699e3dbf-b5c4-4772-83c6-8f868b3b34c5/none_v3" "tx2300fa1f5f724b3898163-0069722413" "proxy-server 12" 0.0004 "-" 22 0
Jan 22 13:20:19 standalone proxy-server[125712]: 172.18.0.2 ::1 22/Jan/2026/13/20/19 GET /v1/AUTH_3572f3440b374001a0289e8c148f1634/gnocchi.699e3dbf-b5c4-4772-83c6-8f868b3b34c5/none_v3 HTTP/1.0 404 - python-swiftclient-3.11.1 gAAAAABpciM9JbtB... - 70 - tx2300fa1f5f724b3898163-0069722413 - 0.0129 - - 1769088019.243555784 1769088019.256416321 0
Jan 22 13:20:19 standalone account-server[123959]: 172.20.0.100 - - [22/Jan/2026:13:20:19 +0000] "PUT /d1/873/AUTH_3572f3440b374001a0289e8c148f1634/gnocchi.699e3dbf-b5c4-4772-83c6-8f868b3b34c5" 201 - "PUT http://172.20.0.100:6001/d1/787/AUTH_3572f3440b374001a0289e8c148f1634/gnocchi.699e3dbf-b5c4-4772-83c6-8f868b3b34c5" "tx339da70f383e48268b9f3-0069722413" "container-server 20" 0.0059 "-" 21 0
Jan 22 13:20:19 standalone container-server[123984]: 172.20.0.100 - - [22/Jan/2026:13:20:19 +0000] "PUT /d1/787/AUTH_3572f3440b374001a0289e8c148f1634/gnocchi.699e3dbf-b5c4-4772-83c6-8f868b3b34c5" 201 - "PUT http://localhost:8080/v1/AUTH_3572f3440b374001a0289e8c148f1634/gnocchi.699e3dbf-b5c4-4772-83c6-8f868b3b34c5" "tx339da70f383e48268b9f3-0069722413" "proxy-server 12" 0.0184 "-" 20 0
Jan 22 13:20:19 standalone proxy-server[125712]: 172.18.0.2 ::1 22/Jan/2026/13/20/19 PUT /v1/AUTH_3572f3440b374001a0289e8c148f1634/gnocchi.699e3dbf-b5c4-4772-83c6-8f868b3b34c5 HTTP/1.0 201 - python-swiftclient-3.11.1 gAAAAABpciM9JbtB... - - - tx339da70f383e48268b9f3-0069722413 - 0.0246 - - 1769088019.260278702 1769088019.284911394 0
Jan 22 13:20:19 standalone container-server[123988]: 172.20.0.100 - - [22/Jan/2026:13:20:19 +0000] "HEAD /d1/787/AUTH_3572f3440b374001a0289e8c148f1634/gnocchi.699e3dbf-b5c4-4772-83c6-8f868b3b34c5" 204 - "HEAD http://localhost:8080/v1/AUTH_3572f3440b374001a0289e8c148f1634/gnocchi.699e3dbf-b5c4-4772-83c6-8f868b3b34c5?format=json&states=listing" "txa79397a248d14e3882b9f-0069722413" "proxy-server 12" 0.0021 "-" 21 0
Jan 22 13:20:19 standalone proxy-server[125712]: - - 22/Jan/2026/13/20/19 HEAD /v1/AUTH_3572f3440b374001a0289e8c148f1634/gnocchi.699e3dbf-b5c4-4772-83c6-8f868b3b34c5%3Fformat%3Djson%26states%3Dlisting HTTP/1.0 204 - Swift - - - - txa79397a248d14e3882b9f-0069722413 - 0.0070 RL - 1769088019.292609930 1769088019.299610853 0
Jan 22 13:20:19 standalone container-server[123988]: 172.20.0.100 - - [22/Jan/2026:13:20:19 +0000] "GET /d1/787/AUTH_3572f3440b374001a0289e8c148f1634/gnocchi.699e3dbf-b5c4-4772-83c6-8f868b3b34c5" 200 2 "GET http://localhost:8080/v1/AUTH_3572f3440b374001a0289e8c148f1634/gnocchi.699e3dbf-b5c4-4772-83c6-8f868b3b34c5?format=json&states=listing" "txa79397a248d14e3882b9f-0069722413" "proxy-server 12" 0.0032 "-" 21 0
Jan 22 13:20:19 standalone proxy-server[125712]: 172.18.0.2 ::1 22/Jan/2026/13/20/19 GET /v1/AUTH_3572f3440b374001a0289e8c148f1634/gnocchi.699e3dbf-b5c4-4772-83c6-8f868b3b34c5%3Fformat%3Djson%26states%3Dlisting HTTP/1.0 200 - python-swiftclient-3.11.1 gAAAAABpciM9JbtB... - 2 - txa79397a248d14e3882b9f-0069722413 - 0.0211 - - 1769088019.290417194 1769088019.311555862 0
Jan 22 13:20:19 standalone object-server[124088]: 172.20.0.100 - - [22/Jan/2026:13:20:19 +0000] "GET /d1/85/AUTH_3572f3440b374001a0289e8c148f1634/gnocchi.699e3dbf-b5c4-4772-83c6-8f868b3b34c5/1769040000.0_mean_300.0_v3" 404 70 "GET http://localhost:8080/v1/AUTH_3572f3440b374001a0289e8c148f1634/gnocchi.699e3dbf-b5c4-4772-83c6-8f868b3b34c5/1769040000.0_mean_300.0_v3" "tx0eb824108eb447b1b1bce-0069722413" "proxy-server 12" 0.0006 "-" 22 0
Jan 22 13:20:19 standalone proxy-server[125712]: 172.18.0.2 ::1 22/Jan/2026/13/20/19 GET /v1/AUTH_3572f3440b374001a0289e8c148f1634/gnocchi.699e3dbf-b5c4-4772-83c6-8f868b3b34c5/1769040000.0_mean_300.0_v3 HTTP/1.0 404 - python-swiftclient-3.11.1 gAAAAABpciM9JbtB... - 70 - tx0eb824108eb447b1b1bce-0069722413 - 0.0093 - - 1769088019.316871166 1769088019.326210260 0
Jan 22 13:20:19 standalone container-server[123988]: 172.20.0.100 - - [22/Jan/2026:13:20:19 +0000] "PUT /d1/787/AUTH_3572f3440b374001a0289e8c148f1634/gnocchi.699e3dbf-b5c4-4772-83c6-8f868b3b34c5/1769040000.0_mean_300.0_v3" 201 - "PUT http://localhost:8080/d1/85/AUTH_3572f3440b374001a0289e8c148f1634/gnocchi.699e3dbf-b5c4-4772-83c6-8f868b3b34c5/1769040000.0_mean_300.0_v3" "tx452f02d3f75643d7b90f6-0069722413" "object-server 21" 0.0008 "-" 21 0
Jan 22 13:20:19 standalone object-server[124078]: 172.20.0.100 - - [22/Jan/2026:13:20:19 +0000] "PUT /d1/85/AUTH_3572f3440b374001a0289e8c148f1634/gnocchi.699e3dbf-b5c4-4772-83c6-8f868b3b34c5/1769040000.0_mean_300.0_v3" 201 - "PUT http://localhost:8080/v1/AUTH_3572f3440b374001a0289e8c148f1634/gnocchi.699e3dbf-b5c4-4772-83c6-8f868b3b34c5/1769040000.0_mean_300.0_v3" "tx452f02d3f75643d7b90f6-0069722413" "proxy-server 12" 0.0147 "-" 21 0
Jan 22 13:20:19 standalone proxy-server[125712]: 172.18.0.2 ::1 22/Jan/2026/13/20/19 PUT /v1/AUTH_3572f3440b374001a0289e8c148f1634/gnocchi.699e3dbf-b5c4-4772-83c6-8f868b3b34c5/1769040000.0_mean_300.0_v3 HTTP/1.0 201 - python-swiftclient-3.11.1 gAAAAABpciM9JbtB... 16 - - tx452f02d3f75643d7b90f6-0069722413 - 0.0232 - - 1769088019.330760241 1769088019.353974104 0
Jan 22 13:20:19 standalone container-server[123984]: 172.20.0.100 - - [22/Jan/2026:13:20:19 +0000] "PUT /d1/787/AUTH_3572f3440b374001a0289e8c148f1634/gnocchi.699e3dbf-b5c4-4772-83c6-8f868b3b34c5/none_v3" 201 - "PUT http://localhost:8080/d1/625/AUTH_3572f3440b374001a0289e8c148f1634/gnocchi.699e3dbf-b5c4-4772-83c6-8f868b3b34c5/none_v3" "tx82a67c0fac8c4c7c9c15c-0069722413" "object-server 20" 0.0010 "-" 20 0
Jan 22 13:20:19 standalone object-server[124066]: 172.20.0.100 - - [22/Jan/2026:13:20:19 +0000] "PUT /d1/625/AUTH_3572f3440b374001a0289e8c148f1634/gnocchi.699e3dbf-b5c4-4772-83c6-8f868b3b34c5/none_v3" 201 - "PUT http://localhost:8080/v1/AUTH_3572f3440b374001a0289e8c148f1634/gnocchi.699e3dbf-b5c4-4772-83c6-8f868b3b34c5/none_v3" "tx82a67c0fac8c4c7c9c15c-0069722413" "proxy-server 12" 0.0130 "-" 20 0
Jan 22 13:20:19 standalone proxy-server[125712]: 172.18.0.2 ::1 22/Jan/2026/13/20/19 PUT /v1/AUTH_3572f3440b374001a0289e8c148f1634/gnocchi.699e3dbf-b5c4-4772-83c6-8f868b3b34c5/none_v3 HTTP/1.0 201 - python-swiftclient-3.11.1 gAAAAABpciM9JbtB... 22 - - tx82a67c0fac8c4c7c9c15c-0069722413 - 0.0236 - - 1769088019.360831261 1769088019.384425163 0
Jan 22 13:20:19 standalone container-server[123988]: 172.20.0.100 - - [22/Jan/2026:13:20:19 +0000] "HEAD /d1/365/AUTH_3572f3440b374001a0289e8c148f1634/gnocchi.5ebea2eb-10cc-4a83-bbd4-6720f3d194cc" 404 - "HEAD http://localhost:8080/v1/AUTH_3572f3440b374001a0289e8c148f1634/gnocchi.5ebea2eb-10cc-4a83-bbd4-6720f3d194cc?format=json&states=listing" "txecf925db5ddd4500b8920-0069722413" "proxy-server 12" 0.0007 "-" 21 0
Jan 22 13:20:19 standalone object-server[124102]: 172.20.0.100 - - [22/Jan/2026:13:20:19 +0000] "GET /d1/263/AUTH_3572f3440b374001a0289e8c148f1634/gnocchi.5ebea2eb-10cc-4a83-bbd4-6720f3d194cc/none_v3" 404 70 "GET http://localhost:8080/v1/AUTH_3572f3440b374001a0289e8c148f1634/gnocchi.5ebea2eb-10cc-4a83-bbd4-6720f3d194cc/none_v3" "txecf925db5ddd4500b8920-0069722413" "proxy-server 12" 0.0005 "-" 23 0
Jan 22 13:20:19 standalone proxy-server[125712]: 172.18.0.2 ::1 22/Jan/2026/13/20/19 GET /v1/AUTH_3572f3440b374001a0289e8c148f1634/gnocchi.5ebea2eb-10cc-4a83-bbd4-6720f3d194cc/none_v3 HTTP/1.0 404 - python-swiftclient-3.11.1 gAAAAABpciM9JbtB... - 70 - txecf925db5ddd4500b8920-0069722413 - 0.0143 - - 1769088019.402073383 1769088019.416350603 0
Jan 22 13:20:19 standalone account-server[123969]: 172.20.0.100 - - [22/Jan/2026:13:20:19 +0000] "PUT /d1/873/AUTH_3572f3440b374001a0289e8c148f1634/gnocchi.5ebea2eb-10cc-4a83-bbd4-6720f3d194cc" 201 - "PUT http://172.20.0.100:6001/d1/365/AUTH_3572f3440b374001a0289e8c148f1634/gnocchi.5ebea2eb-10cc-4a83-bbd4-6720f3d194cc" "tx18c2ed5fe4994ffcb4583-0069722413" "container-server 20" 0.0046 "-" 23 0
Jan 22 13:20:19 standalone container-server[123984]: 172.20.0.100 - - [22/Jan/2026:13:20:19 +0000] "PUT /d1/365/AUTH_3572f3440b374001a0289e8c148f1634/gnocchi.5ebea2eb-10cc-4a83-bbd4-6720f3d194cc" 201 - "PUT http://localhost:8080/v1/AUTH_3572f3440b374001a0289e8c148f1634/gnocchi.5ebea2eb-10cc-4a83-bbd4-6720f3d194cc" "tx18c2ed5fe4994ffcb4583-0069722413" "proxy-server 12" 0.0186 "-" 20 0
Jan 22 13:20:19 standalone proxy-server[125712]: 172.18.0.2 ::1 22/Jan/2026/13/20/19 PUT /v1/AUTH_3572f3440b374001a0289e8c148f1634/gnocchi.5ebea2eb-10cc-4a83-bbd4-6720f3d194cc HTTP/1.0 201 - python-swiftclient-3.11.1 gAAAAABpciM9JbtB... - - - tx18c2ed5fe4994ffcb4583-0069722413 - 0.0271 - - 1769088019.421952009 1769088019.449008465 0
Jan 22 13:20:19 standalone container-server[123984]: 172.20.0.100 - - [22/Jan/2026:13:20:19 +0000] "HEAD /d1/365/AUTH_3572f3440b374001a0289e8c148f1634/gnocchi.5ebea2eb-10cc-4a83-bbd4-6720f3d194cc" 204 - "HEAD http://localhost:8080/v1/AUTH_3572f3440b374001a0289e8c148f1634/gnocchi.5ebea2eb-10cc-4a83-bbd4-6720f3d194cc?format=json&states=listing" "tx3e39adc0d4cd4c278d460-0069722413" "proxy-server 12" 0.0023 "-" 20 0
Jan 22 13:20:19 standalone proxy-server[125712]: - - 22/Jan/2026/13/20/19 HEAD /v1/AUTH_3572f3440b374001a0289e8c148f1634/gnocchi.5ebea2eb-10cc-4a83-bbd4-6720f3d194cc%3Fformat%3Djson%26states%3Dlisting HTTP/1.0 204 - Swift - - - - tx3e39adc0d4cd4c278d460-0069722413 - 0.0070 RL - 1769088019.456837654 1769088019.463879108 0
Jan 22 13:20:19 standalone container-server[123984]: 172.20.0.100 - - [22/Jan/2026:13:20:19 +0000] "GET /d1/365/AUTH_3572f3440b374001a0289e8c148f1634/gnocchi.5ebea2eb-10cc-4a83-bbd4-6720f3d194cc" 200 2 "GET http://localhost:8080/v1/AUTH_3572f3440b374001a0289e8c148f1634/gnocchi.5ebea2eb-10cc-4a83-bbd4-6720f3d194cc?format=json&states=listing" "tx3e39adc0d4cd4c278d460-0069722413" "proxy-server 12" 0.0036 "-" 20 0
Jan 22 13:20:19 standalone proxy-server[125712]: 172.18.0.2 ::1 22/Jan/2026/13/20/19 GET /v1/AUTH_3572f3440b374001a0289e8c148f1634/gnocchi.5ebea2eb-10cc-4a83-bbd4-6720f3d194cc%3Fformat%3Djson%26states%3Dlisting HTTP/1.0 200 - python-swiftclient-3.11.1 gAAAAABpciM9JbtB... - 2 - tx3e39adc0d4cd4c278d460-0069722413 - 0.0218 - - 1769088019.454862118 1769088019.476678848 0
Jan 22 13:20:19 standalone object-server[124088]: 172.20.0.100 - - [22/Jan/2026:13:20:19 +0000] "GET /d1/17/AUTH_3572f3440b374001a0289e8c148f1634/gnocchi.5ebea2eb-10cc-4a83-bbd4-6720f3d194cc/1769040000.0_mean_300.0_v3" 404 70 "GET http://localhost:8080/v1/AUTH_3572f3440b374001a0289e8c148f1634/gnocchi.5ebea2eb-10cc-4a83-bbd4-6720f3d194cc/1769040000.0_mean_300.0_v3" "txe6f91597227e4e4298220-0069722413" "proxy-server 12" 0.0005 "-" 22 0
Jan 22 13:20:19 standalone proxy-server[125712]: 172.18.0.2 ::1 22/Jan/2026/13/20/19 GET /v1/AUTH_3572f3440b374001a0289e8c148f1634/gnocchi.5ebea2eb-10cc-4a83-bbd4-6720f3d194cc/1769040000.0_mean_300.0_v3 HTTP/1.0 404 - python-swiftclient-3.11.1 gAAAAABpciM9JbtB... - 70 - txe6f91597227e4e4298220-0069722413 - 0.0103 - - 1769088019.482427597 1769088019.492748737 0
Jan 22 13:20:19 standalone container-server[123992]: 172.20.0.100 - - [22/Jan/2026:13:20:19 +0000] "PUT /d1/365/AUTH_3572f3440b374001a0289e8c148f1634/gnocchi.5ebea2eb-10cc-4a83-bbd4-6720f3d194cc/1769040000.0_mean_300.0_v3" 201 - "PUT http://localhost:8080/d1/17/AUTH_3572f3440b374001a0289e8c148f1634/gnocchi.5ebea2eb-10cc-4a83-bbd4-6720f3d194cc/1769040000.0_mean_300.0_v3" "tx1dcd71321218485ab7329-0069722413" "object-server 23" 0.0009 "-" 22 0
Jan 22 13:20:19 standalone object-server[124102]: 172.20.0.100 - - [22/Jan/2026:13:20:19 +0000] "PUT /d1/17/AUTH_3572f3440b374001a0289e8c148f1634/gnocchi.5ebea2eb-10cc-4a83-bbd4-6720f3d194cc/1769040000.0_mean_300.0_v3" 201 - "PUT http://localhost:8080/v1/AUTH_3572f3440b374001a0289e8c148f1634/gnocchi.5ebea2eb-10cc-4a83-bbd4-6720f3d194cc/1769040000.0_mean_300.0_v3" "tx1dcd71321218485ab7329-0069722413" "proxy-server 12" 0.0126 "-" 23 0
Jan 22 13:20:19 standalone proxy-server[125712]: 172.18.0.2 ::1 22/Jan/2026/13/20/19 PUT /v1/AUTH_3572f3440b374001a0289e8c148f1634/gnocchi.5ebea2eb-10cc-4a83-bbd4-6720f3d194cc/1769040000.0_mean_300.0_v3 HTTP/1.0 201 - python-swiftclient-3.11.1 gAAAAABpciM9JbtB... 16 - - tx1dcd71321218485ab7329-0069722413 - 0.0223 - - 1769088019.497969866 1769088019.520255089 0
Jan 22 13:20:19 standalone container-server[123992]: 172.20.0.100 - - [22/Jan/2026:13:20:19 +0000] "PUT /d1/365/AUTH_3572f3440b374001a0289e8c148f1634/gnocchi.5ebea2eb-10cc-4a83-bbd4-6720f3d194cc/none_v3" 201 - "PUT http://localhost:8080/d1/263/AUTH_3572f3440b374001a0289e8c148f1634/gnocchi.5ebea2eb-10cc-4a83-bbd4-6720f3d194cc/none_v3" "txbd347d23a0b74498b0935-0069722413" "object-server 21" 0.0009 "-" 22 0
Jan 22 13:20:19 standalone object-server[124078]: 172.20.0.100 - - [22/Jan/2026:13:20:19 +0000] "PUT /d1/263/AUTH_3572f3440b374001a0289e8c148f1634/gnocchi.5ebea2eb-10cc-4a83-bbd4-6720f3d194cc/none_v3" 201 - "PUT http://localhost:8080/v1/AUTH_3572f3440b374001a0289e8c148f1634/gnocchi.5ebea2eb-10cc-4a83-bbd4-6720f3d194cc/none_v3" "txbd347d23a0b74498b0935-0069722413" "proxy-server 12" 0.0111 "-" 21 0
Jan 22 13:20:19 standalone proxy-server[125712]: 172.18.0.2 ::1 22/Jan/2026/13/20/19 PUT /v1/AUTH_3572f3440b374001a0289e8c148f1634/gnocchi.5ebea2eb-10cc-4a83-bbd4-6720f3d194cc/none_v3 HTTP/1.0 201 - python-swiftclient-3.11.1 gAAAAABpciM9JbtB... 22 - - txbd347d23a0b74498b0935-0069722413 - 0.0210 - - 1769088019.525089264 1769088019.546099186 0
Jan 22 13:20:19 standalone container-server[123992]: 172.20.0.100 - - [22/Jan/2026:13:20:19 +0000] "HEAD /d1/908/AUTH_3572f3440b374001a0289e8c148f1634/gnocchi.6d31bf68-ba41-442a-9c6f-da27d24483a1" 404 - "HEAD http://localhost:8080/v1/AUTH_3572f3440b374001a0289e8c148f1634/gnocchi.6d31bf68-ba41-442a-9c6f-da27d24483a1?format=json&states=listing" "tx693799a3b9e44c718490b-0069722413" "proxy-server 12" 0.0007 "-" 22 0
Jan 22 13:20:19 standalone object-server[124078]: 172.20.0.100 - - [22/Jan/2026:13:20:19 +0000] "GET /d1/470/AUTH_3572f3440b374001a0289e8c148f1634/gnocchi.6d31bf68-ba41-442a-9c6f-da27d24483a1/none_v3" 404 70 "GET http://localhost:8080/v1/AUTH_3572f3440b374001a0289e8c148f1634/gnocchi.6d31bf68-ba41-442a-9c6f-da27d24483a1/none_v3" "tx693799a3b9e44c718490b-0069722413" "proxy-server 12" 0.0004 "-" 21 0
Jan 22 13:20:19 standalone proxy-server[125712]: 172.18.0.2 ::1 22/Jan/2026/13/20/19 GET /v1/AUTH_3572f3440b374001a0289e8c148f1634/gnocchi.6d31bf68-ba41-442a-9c6f-da27d24483a1/none_v3 HTTP/1.0 404 - python-swiftclient-3.11.1 gAAAAABpciM9JbtB... - 70 - tx693799a3b9e44c718490b-0069722413 - 0.0137 - - 1769088019.560442686 1769088019.574165344 0
Jan 22 13:20:19 standalone account-server[123959]: 172.20.0.100 - - [22/Jan/2026:13:20:19 +0000] "PUT /d1/873/AUTH_3572f3440b374001a0289e8c148f1634/gnocchi.6d31bf68-ba41-442a-9c6f-da27d24483a1" 201 - "PUT http://172.20.0.100:6001/d1/908/AUTH_3572f3440b374001a0289e8c148f1634/gnocchi.6d31bf68-ba41-442a-9c6f-da27d24483a1" "tx6092a24a73334ea5811d9-0069722413" "container-server 22" 0.0068 "-" 21 0
Jan 22 13:20:19 standalone container-server[123992]: 172.20.0.100 - - [22/Jan/2026:13:20:19 +0000] "PUT /d1/908/AUTH_3572f3440b374001a0289e8c148f1634/gnocchi.6d31bf68-ba41-442a-9c6f-da27d24483a1" 201 - "PUT http://localhost:8080/v1/AUTH_3572f3440b374001a0289e8c148f1634/gnocchi.6d31bf68-ba41-442a-9c6f-da27d24483a1" "tx6092a24a73334ea5811d9-0069722413" "proxy-server 12" 0.0225 "-" 22 0
Jan 22 13:20:19 standalone proxy-server[125712]: 172.18.0.2 ::1 22/Jan/2026/13/20/19 PUT /v1/AUTH_3572f3440b374001a0289e8c148f1634/gnocchi.6d31bf68-ba41-442a-9c6f-da27d24483a1 HTTP/1.0 201 - python-swiftclient-3.11.1 gAAAAABpciM9JbtB... - - - tx6092a24a73334ea5811d9-0069722413 - 0.0302 - - 1769088019.578820467 1769088019.609044552 0
Jan 22 13:20:19 standalone container-server[123984]: 172.20.0.100 - - [22/Jan/2026:13:20:19 +0000] "HEAD /d1/908/AUTH_3572f3440b374001a0289e8c148f1634/gnocchi.6d31bf68-ba41-442a-9c6f-da27d24483a1" 204 - "HEAD http://localhost:8080/v1/AUTH_3572f3440b374001a0289e8c148f1634/gnocchi.6d31bf68-ba41-442a-9c6f-da27d24483a1?format=json&states=listing" "tx85a4813fb81e4f0f844aa-0069722413" "proxy-server 12" 0.0025 "-" 20 0
Jan 22 13:20:19 standalone proxy-server[125712]: - - 22/Jan/2026/13/20/19 HEAD /v1/AUTH_3572f3440b374001a0289e8c148f1634/gnocchi.6d31bf68-ba41-442a-9c6f-da27d24483a1%3Fformat%3Djson%26states%3Dlisting HTTP/1.0 204 - Swift - - - - tx85a4813fb81e4f0f844aa-0069722413 - 0.0076 RL - 1769088019.616535902 1769088019.624135733 0
Jan 22 13:20:19 standalone container-server[123998]: 172.20.0.100 - - [22/Jan/2026:13:20:19 +0000] "GET /d1/908/AUTH_3572f3440b374001a0289e8c148f1634/gnocchi.6d31bf68-ba41-442a-9c6f-da27d24483a1" 200 2 "GET http://localhost:8080/v1/AUTH_3572f3440b374001a0289e8c148f1634/gnocchi.6d31bf68-ba41-442a-9c6f-da27d24483a1?format=json&states=listing" "tx85a4813fb81e4f0f844aa-0069722413" "proxy-server 12" 0.0023 "-" 23 0
Jan 22 13:20:19 standalone proxy-server[125712]: 172.18.0.2 ::1 22/Jan/2026/13/20/19 GET /v1/AUTH_3572f3440b374001a0289e8c148f1634/gnocchi.6d31bf68-ba41-442a-9c6f-da27d24483a1%3Fformat%3Djson%26states%3Dlisting HTTP/1.0 200 - python-swiftclient-3.11.1 gAAAAABpciM9JbtB... - 2 - tx85a4813fb81e4f0f844aa-0069722413 - 0.0221 - - 1769088019.614753962 1769088019.636884928 0
Jan 22 13:20:19 standalone object-server[124088]: 172.20.0.100 - - [22/Jan/2026:13:20:19 +0000] "GET /d1/651/AUTH_3572f3440b374001a0289e8c148f1634/gnocchi.6d31bf68-ba41-442a-9c6f-da27d24483a1/1769040000.0_mean_300.0_v3" 404 70 "GET http://localhost:8080/v1/AUTH_3572f3440b374001a0289e8c148f1634/gnocchi.6d31bf68-ba41-442a-9c6f-da27d24483a1/1769040000.0_mean_300.0_v3" "tx32636241db5b4253bc283-0069722413" "proxy-server 12" 0.0005 "-" 22 0
Jan 22 13:20:19 standalone proxy-server[125712]: 172.18.0.2 ::1 22/Jan/2026/13/20/19 GET /v1/AUTH_3572f3440b374001a0289e8c148f1634/gnocchi.6d31bf68-ba41-442a-9c6f-da27d24483a1/1769040000.0_mean_300.0_v3 HTTP/1.0 404 - python-swiftclient-3.11.1 gAAAAABpciM9JbtB... - 70 - tx32636241db5b4253bc283-0069722413 - 0.0097 - - 1769088019.643325806 1769088019.652981997 0
Jan 22 13:20:19 standalone container-server[123988]: 172.20.0.100 - - [22/Jan/2026:13:20:19 +0000] "PUT /d1/908/AUTH_3572f3440b374001a0289e8c148f1634/gnocchi.6d31bf68-ba41-442a-9c6f-da27d24483a1/1769040000.0_mean_300.0_v3" 201 - "PUT http://localhost:8080/d1/651/AUTH_3572f3440b374001a0289e8c148f1634/gnocchi.6d31bf68-ba41-442a-9c6f-da27d24483a1/1769040000.0_mean_300.0_v3" "tx9a0e32eee0b045268506d-0069722413" "object-server 23" 0.0010 "-" 21 0
Jan 22 13:20:19 standalone object-server[124102]: 172.20.0.100 - - [22/Jan/2026:13:20:19 +0000] "PUT /d1/651/AUTH_3572f3440b374001a0289e8c148f1634/gnocchi.6d31bf68-ba41-442a-9c6f-da27d24483a1/1769040000.0_mean_300.0_v3" 201 - "PUT http://localhost:8080/v1/AUTH_3572f3440b374001a0289e8c148f1634/gnocchi.6d31bf68-ba41-442a-9c6f-da27d24483a1/1769040000.0_mean_300.0_v3" "tx9a0e32eee0b045268506d-0069722413" "proxy-server 12" 0.0108 "-" 23 0
Jan 22 13:20:19 standalone proxy-server[125712]: 172.18.0.2 ::1 22/Jan/2026/13/20/19 PUT /v1/AUTH_3572f3440b374001a0289e8c148f1634/gnocchi.6d31bf68-ba41-442a-9c6f-da27d24483a1/1769040000.0_mean_300.0_v3 HTTP/1.0 201 - python-swiftclient-3.11.1 gAAAAABpciM9JbtB... 16 - - tx9a0e32eee0b045268506d-0069722413 - 0.0166 - - 1769088019.657985687 1769088019.674561501 0
Jan 22 13:20:19 standalone container-server[123984]: 172.20.0.100 - - [22/Jan/2026:13:20:19 +0000] "PUT /d1/908/AUTH_3572f3440b374001a0289e8c148f1634/gnocchi.6d31bf68-ba41-442a-9c6f-da27d24483a1/none_v3" 201 - "PUT http://localhost:8080/d1/470/AUTH_3572f3440b374001a0289e8c148f1634/gnocchi.6d31bf68-ba41-442a-9c6f-da27d24483a1/none_v3" "txea85567c626d46a1aad5a-0069722413" "object-server 22" 0.0008 "-" 20 0
Jan 22 13:20:19 standalone object-server[124088]: 172.20.0.100 - - [22/Jan/2026:13:20:19 +0000] "PUT /d1/470/AUTH_3572f3440b374001a0289e8c148f1634/gnocchi.6d31bf68-ba41-442a-9c6f-da27d24483a1/none_v3" 201 - "PUT http://localhost:8080/v1/AUTH_3572f3440b374001a0289e8c148f1634/gnocchi.6d31bf68-ba41-442a-9c6f-da27d24483a1/none_v3" "txea85567c626d46a1aad5a-0069722413" "proxy-server 12" 0.0119 "-" 22 0
Jan 22 13:20:19 standalone proxy-server[125712]: 172.18.0.2 ::1 22/Jan/2026/13/20/19 PUT /v1/AUTH_3572f3440b374001a0289e8c148f1634/gnocchi.6d31bf68-ba41-442a-9c6f-da27d24483a1/none_v3 HTTP/1.0 201 - python-swiftclient-3.11.1 gAAAAABpciM9JbtB... 22 - - txea85567c626d46a1aad5a-0069722413 - 0.0187 - - 1769088019.678765774 1769088019.697423458 0
Jan 22 13:20:41 standalone object-server[123994]: Begin object update sweep
Jan 22 13:20:41 standalone object-server[230620]: Object update sweep starting on /srv/node/d1 (pid: 15)
Jan 22 13:20:41 standalone object-server[230620]: Object update sweep completed on /srv/node/d1 in 0.00s seconds:, 0 successes, 0 failures, 0 quarantines, 0 unlinks, 0 errors, 0 redirects (pid: 15)
Jan 22 13:20:41 standalone object-server[230620]: Object update sweep of d1 completed: 0.00s, 0 successes, 0 failures, 0 quarantines, 0 unlinks, 0 errors, 0 redirects
Jan 22 13:20:41 standalone object-server[123994]: Object update sweep completed: 0.08s
Jan 22 13:21:12 standalone container-server[123466]: Begin container update sweep
Jan 22 13:21:12 standalone account-server[123959]: 172.20.0.100 - - [22/Jan/2026:13:21:12 +0000] "PUT /d1/873/AUTH_3572f3440b374001a0289e8c148f1634/gnocchi.c0587a05-847a-4709-9b40-14e35c41c2e0" 201 - "-" "-" "container-updater 2" 0.0008 "-" 21 0
Jan 22 13:21:12 standalone account-server[123969]: 172.20.0.100 - - [22/Jan/2026:13:21:12 +0000] "PUT /d1/873/AUTH_3572f3440b374001a0289e8c148f1634/gnocchi.c3476959-3237-421c-a5a0-3b9b8332bdb4" 201 - "-" "-" "container-updater 2" 0.0006 "-" 23 0
Jan 22 13:21:12 standalone account-server[123959]: 172.20.0.100 - - [22/Jan/2026:13:21:12 +0000] "PUT /d1/873/AUTH_3572f3440b374001a0289e8c148f1634/gnocchi.0fd61590-d70c-4150-9255-723ff8196237" 201 - "-" "-" "container-updater 2" 0.0004 "-" 21 0
Jan 22 13:21:12 standalone account-server[123959]: 172.20.0.100 - - [22/Jan/2026:13:21:12 +0000] "PUT /d1/873/AUTH_3572f3440b374001a0289e8c148f1634/gnocchi.197b3324-f47d-4bc1-8327-35dcab575f10" 201 - "-" "-" "container-updater 2" 0.0003 "-" 21 0
Jan 22 13:21:12 standalone account-server[123959]: 172.20.0.100 - - [22/Jan/2026:13:21:12 +0000] "PUT /d1/873/AUTH_3572f3440b374001a0289e8c148f1634/gnocchi.fc8bbfb7-2277-4f63-9489-2d9af8dc6e73" 201 - "-" "-" "container-updater 2" 0.0003 "-" 21 0
Jan 22 13:21:12 standalone account-server[123968]: 172.20.0.100 - - [22/Jan/2026:13:21:12 +0000] "PUT /d1/873/AUTH_3572f3440b374001a0289e8c148f1634/glance" 201 - "-" "-" "container-updater 2" 0.0006 "-" 22 0
Jan 22 13:21:12 standalone account-server[123959]: 172.20.0.100 - - [22/Jan/2026:13:21:12 +0000] "PUT /d1/873/AUTH_3572f3440b374001a0289e8c148f1634/gnocchi.5ebea2eb-10cc-4a83-bbd4-6720f3d194cc" 201 - "-" "-" "container-updater 2" 0.0003 "-" 21 0
Jan 22 13:21:12 standalone account-server[123937]: 172.20.0.100 - - [22/Jan/2026:13:21:12 +0000] "PUT /d1/873/AUTH_3572f3440b374001a0289e8c148f1634/gnocchi.5f01456d-2210-4d4e-8870-1de6341320f9" 201 - "-" "-" "container-updater 2" 0.0004 "-" 20 0
Jan 22 13:21:13 standalone account-server[123937]: 172.20.0.100 - - [22/Jan/2026:13:21:13 +0000] "PUT /d1/873/AUTH_3572f3440b374001a0289e8c148f1634/gnocchi.2eb2a5b1-1371-4ef9-be6c-2f119e1c342a" 201 - "-" "-" "container-updater 2" 0.0004 "-" 20 0
Jan 22 13:21:13 standalone account-server[123959]: 172.20.0.100 - - [22/Jan/2026:13:21:13 +0000] "PUT /d1/873/AUTH_3572f3440b374001a0289e8c148f1634/gnocchi.cf0383e1-289f-4a7c-8ff1-4e9140721412" 201 - "-" "-" "container-updater 2" 0.0004 "-" 21 0
Jan 22 13:21:13 standalone account-server[123959]: 172.20.0.100 - - [22/Jan/2026:13:21:13 +0000] "PUT /d1/873/AUTH_3572f3440b374001a0289e8c148f1634/gnocchi.1ff84d0e-b24c-404f-84a0-15d2e5831dac" 201 - "-" "-" "container-updater 2" 0.0007 "-" 21 0
Jan 22 13:21:13 standalone account-server[123969]: 172.20.0.100 - - [22/Jan/2026:13:21:13 +0000] "PUT /d1/873/AUTH_3572f3440b374001a0289e8c148f1634/gnocchi.b29b1668-bfba-4545-a7be-7fe14115204f" 201 - "-" "-" "container-updater 2" 0.0007 "-" 23 0
Jan 22 13:21:13 standalone account-server[123959]: 172.20.0.100 - - [22/Jan/2026:13:21:13 +0000] "PUT /d1/873/AUTH_3572f3440b374001a0289e8c148f1634/gnocchi.699e3dbf-b5c4-4772-83c6-8f868b3b34c5" 201 - "-" "-" "container-updater 2" 0.0007 "-" 21 0
Jan 22 13:21:13 standalone account-server[123968]: 172.20.0.100 - - [22/Jan/2026:13:21:13 +0000] "PUT /d1/873/AUTH_3572f3440b374001a0289e8c148f1634/gnocchi.2f5b89a8-18f0-48dd-b873-2e542463ee62" 201 - "-" "-" "container-updater 2" 0.0004 "-" 22 0
Jan 22 13:21:13 standalone account-server[123968]: 172.20.0.100 - - [22/Jan/2026:13:21:13 +0000] "PUT /d1/873/AUTH_3572f3440b374001a0289e8c148f1634/gnocchi.6d31bf68-ba41-442a-9c6f-da27d24483a1" 201 - "-" "-" "container-updater 2" 0.0007 "-" 22 0
Jan 22 13:21:13 standalone account-server[123937]: 172.20.0.100 - - [22/Jan/2026:13:21:13 +0000] "PUT /d1/873/AUTH_3572f3440b374001a0289e8c148f1634/gnocchi.94358a56-03e4-4fe7-b34f-400597e41a58" 201 - "-" "-" "container-updater 2" 0.0004 "-" 20 0
Jan 22 13:21:13 standalone account-server[123959]: 172.20.0.100 - - [22/Jan/2026:13:21:13 +0000] "PUT /d1/873/AUTH_3572f3440b374001a0289e8c148f1634/gnocchi.690f0f75-2895-4320-a015-65cf087ae34a" 201 - "-" "-" "container-updater 2" 0.0004 "-" 21 0
Jan 22 13:21:13 standalone account-server[123969]: 172.20.0.100 - - [22/Jan/2026:13:21:13 +0000] "PUT /d1/873/AUTH_3572f3440b374001a0289e8c148f1634/gnocchi.ac705cba-9167-42d4-828f-c88e9783ab35" 201 - "-" "-" "container-updater 2" 0.0005 "-" 23 0
Jan 22 13:21:14 standalone account-server[123937]: 172.20.0.100 - - [22/Jan/2026:13:21:14 +0000] "PUT /d1/873/AUTH_3572f3440b374001a0289e8c148f1634/gnocchi.312ff61d-3f15-4912-8039-fbc6cc18a41b" 201 - "-" "-" "container-updater 2" 0.0005 "-" 20 0
Jan 22 13:21:14 standalone account-server[123937]: 172.20.0.100 - - [22/Jan/2026:13:21:14 +0000] "PUT /d1/873/AUTH_3572f3440b374001a0289e8c148f1634/gnocchi.2c0659ff-274a-4898-9965-958dc4dbd9c3" 201 - "-" "-" "container-updater 2" 0.0005 "-" 20 0
Jan 22 13:21:14 standalone account-server[123937]: 172.20.0.100 - - [22/Jan/2026:13:21:14 +0000] "PUT /d1/873/AUTH_3572f3440b374001a0289e8c148f1634/gnocchi.1a38c062-8ef2-4af2-b66a-ac967d983ddf" 201 - "-" "-" "container-updater 2" 0.0004 "-" 20 0
Jan 22 13:21:14 standalone account-server[123969]: 172.20.0.100 - - [22/Jan/2026:13:21:14 +0000] "PUT /d1/873/AUTH_3572f3440b374001a0289e8c148f1634/gnocchi.0dde0b23-b416-4b97-b986-5c1dfac1154c" 201 - "-" "-" "container-updater 2" 0.0008 "-" 23 0
Jan 22 13:21:14 standalone account-server[123969]: 172.20.0.100 - - [22/Jan/2026:13:21:14 +0000] "PUT /d1/873/AUTH_3572f3440b374001a0289e8c148f1634/gnocchi.28d256dd-6007-4a39-a488-815894ae4442" 201 - "-" "-" "container-updater 2" 0.0006 "-" 23 0
Jan 22 13:21:14 standalone container-server[123466]: Container update sweep completed: 2.04s
Jan 22 13:21:22 standalone account-server[123959]: 172.20.0.100 - - [22/Jan/2026:13:21:22 +0000] "HEAD /d1/10/.expiring_objects" 404 - "HEAD http://localhost/v1/.expiring_objects?format=json" "txf986183ad7f4434e8559b-0069722451" "proxy-server 2" 0.0006 "-" 21 -
Jan 22 13:21:22 standalone object-expirer[123635]: Pass completed in 0s; 0 objects expired (txn: txf986183ad7f4434e8559b-0069722451)
Jan 22 13:22:44 standalone account-server[123968]: 172.20.0.100 - - [22/Jan/2026:13:22:44 +0000] "HEAD /d1/10/.expiring_objects" 404 - "HEAD http://localhost/v1/.expiring_objects?format=json" "tx51b01e3829514fb795404-00697224a4" "proxy-server 2" 0.0008 "-" 22 -
Jan 22 13:22:44 standalone object-expirer[123635]: Pass completed in 0s; 0 objects expired (txn: tx51b01e3829514fb795404-00697224a4)
Jan 22 13:25:41 standalone object-server[123994]: Begin object update sweep
Jan 22 13:25:41 standalone object-server[260161]: Object update sweep starting on /srv/node/d1 (pid: 16)
Jan 22 13:25:41 standalone object-server[260161]: Object update sweep completed on /srv/node/d1 in 0.00s seconds:, 0 successes, 0 failures, 0 quarantines, 0 unlinks, 0 errors, 0 redirects (pid: 16)
Jan 22 13:25:41 standalone object-server[260161]: Object update sweep of d1 completed: 0.00s, 0 successes, 0 failures, 0 quarantines, 0 unlinks, 0 errors, 0 redirects
Jan 22 13:25:41 standalone object-server[123994]: Object update sweep completed: 0.08s
Jan 22 13:26:12 standalone container-server[123466]: Begin container update sweep
Jan 22 13:26:13 standalone container-server[123466]: Container update sweep completed: 1.37s
Jan 22 13:26:18 standalone account-server[123937]: 172.20.0.100 - - [22/Jan/2026:13:26:18 +0000] "HEAD /d1/10/.expiring_objects" 404 - "HEAD http://localhost/v1/.expiring_objects?format=json" "tx5a9c6e67e8054621adf66-006972257a" "proxy-server 2" 0.0013 "-" 20 -
Jan 22 13:26:18 standalone object-expirer[123635]: Pass completed in 0s; 0 objects expired (txn: tx5a9c6e67e8054621adf66-006972257a)
Jan 22 13:29:27 standalone account-server[123959]: 172.20.0.100 - - [22/Jan/2026:13:29:27 +0000] "HEAD /d1/10/.expiring_objects" 404 - "HEAD http://localhost/v1/.expiring_objects?format=json" "tx2784f45fc792400fae51e-0069722637" "proxy-server 2" 0.0007 "-" 21 -
Jan 22 13:29:27 standalone object-expirer[123635]: Pass completed in 0s; 0 objects expired (txn: tx2784f45fc792400fae51e-0069722637)
Jan 22 13:30:17 standalone account-server[123959]: 172.20.0.30 - - [22/Jan/2026:13:30:17 +0000] "HEAD /d1/496/AUTH_c348480c1955456cb2b50d2ffa600028" 404 - "HEAD http://swift-public-openstack.apps-crc.testing/v1/AUTH_c348480c1955456cb2b50d2ffa600028?format=json" "tx196fef975eb94d71892d0-0069722669" "proxy-server 7" 0.0008 "-" 21 -
Jan 22 13:30:18 standalone account-server[123959]: 172.20.0.30 - - [22/Jan/2026:13:30:18 +0000] "GET /d1/496/AUTH_c348480c1955456cb2b50d2ffa600028" 404 - "GET http://swift-public-openstack.apps-crc.testing/v1/AUTH_c348480c1955456cb2b50d2ffa600028?format=json" "tx196fef975eb94d71892d0-0069722669" "proxy-server 7" 0.0005 "-" 21 -
Jan 22 13:30:41 standalone object-server[123994]: Begin object update sweep
Jan 22 13:30:41 standalone object-server[281008]: Object update sweep starting on /srv/node/d1 (pid: 17)
Jan 22 13:30:41 standalone object-server[281008]: Object update sweep completed on /srv/node/d1 in 0.00s seconds:, 0 successes, 0 failures, 0 quarantines, 0 unlinks, 0 errors, 0 redirects (pid: 17)
Jan 22 13:30:41 standalone object-server[281008]: Object update sweep of d1 completed: 0.00s, 0 successes, 0 failures, 0 quarantines, 0 unlinks, 0 errors, 0 redirects
Jan 22 13:30:41 standalone object-server[123994]: Object update sweep completed: 0.06s
Jan 22 13:31:12 standalone container-server[123466]: Begin container update sweep
Jan 22 13:31:13 standalone container-server[123466]: Container update sweep completed: 1.39s
Jan 22 13:34:05 standalone account-server[123937]: 172.20.0.100 - - [22/Jan/2026:13:34:05 +0000] "HEAD /d1/10/.expiring_objects" 404 - "HEAD http://localhost/v1/.expiring_objects?format=json" "txfe4cc13b22044ddd94e79-006972274d" "proxy-server 2" 0.0005 "-" 20 -
Jan 22 13:34:05 standalone object-expirer[123635]: Pass completed in 0s; 0 objects expired (txn: txfe4cc13b22044ddd94e79-006972274d)
Jan 22 13:35:41 standalone object-server[123994]: Begin object update sweep
Jan 22 13:35:41 standalone object-server[301547]: Object update sweep starting on /srv/node/d1 (pid: 18)
Jan 22 13:35:41 standalone object-server[301547]: Object update sweep completed on /srv/node/d1 in 0.00s seconds:, 0 successes, 0 failures, 0 quarantines, 0 unlinks, 0 errors, 0 redirects (pid: 18)
Jan 22 13:35:41 standalone object-server[301547]: Object update sweep of d1 completed: 0.00s, 0 successes, 0 failures, 0 quarantines, 0 unlinks, 0 errors, 0 redirects
Jan 22 13:35:41 standalone object-server[123994]: Object update sweep completed: 0.12s
Jan 22 13:36:12 standalone container-server[123466]: Begin container update sweep
Jan 22 13:36:14 standalone container-server[123466]: Container update sweep completed: 1.56s
Jan 22 13:36:52 standalone account-server[123968]: 172.20.0.30 - - [22/Jan/2026:13:36:52 +0000] "HEAD /d1/873/AUTH_3572f3440b374001a0289e8c148f1634" 204 - "HEAD http://swift-internal.openstack.svc:8080/v1/AUTH_3572f3440b374001a0289e8c148f1634?format=json" "tx21efeb6909b249539426f-00697227f4" "proxy-server 9" 0.0111 "-" 22 -
Jan 22 13:36:52 standalone container-server[123984]: 172.20.0.30 - - [22/Jan/2026:13:36:52 +0000] "HEAD /d1/68/AUTH_3572f3440b374001a0289e8c148f1634/glance" 204 - "HEAD http://swift-internal.openstack.svc:8080/v1/AUTH_3572f3440b374001a0289e8c148f1634/glance?format=json&states=listing" "tx21efeb6909b249539426f-00697227f4" "proxy-server 9" 0.0033 "-" 20 0
Jan 22 13:36:55 standalone container-server[123998]: 172.20.0.100 - - [22/Jan/2026:13:36:55 +0000] "PUT /d1/68/AUTH_3572f3440b374001a0289e8c148f1634/glance/5b1aa838-4ac7-41a1-8dbc-0e9424038629-00001" 201 - "PUT http://swift-internal.openstack.svc:8080/d1/577/AUTH_3572f3440b374001a0289e8c148f1634/glance/5b1aa838-4ac7-41a1-8dbc-0e9424038629-00001" "tx82b636189bbc49ee8b59e-00697227f4" "object-server 23" 0.0009 "-" 23 0
Jan 22 13:36:55 standalone object-server[124102]: 172.20.0.30 - - [22/Jan/2026:13:36:55 +0000] "PUT /d1/577/AUTH_3572f3440b374001a0289e8c148f1634/glance/5b1aa838-4ac7-41a1-8dbc-0e9424038629-00001" 201 - "PUT http://swift-internal.openstack.svc:8080/v1/AUTH_3572f3440b374001a0289e8c148f1634/glance/5b1aa838-4ac7-41a1-8dbc-0e9424038629-00001" "tx82b636189bbc49ee8b59e-00697227f4" "proxy-server 9" 2.6193 "-" 23 0
Jan 22 13:36:57 standalone container-server[123984]: 172.20.0.100 - - [22/Jan/2026:13:36:57 +0000] "PUT /d1/68/AUTH_3572f3440b374001a0289e8c148f1634/glance/5b1aa838-4ac7-41a1-8dbc-0e9424038629-00002" 201 - "PUT http://swift-internal.openstack.svc:8080/d1/825/AUTH_3572f3440b374001a0289e8c148f1634/glance/5b1aa838-4ac7-41a1-8dbc-0e9424038629-00002" "txdc36f94c8ada4889b6957-00697227f7" "object-server 20" 0.0008 "-" 20 0
Jan 22 13:36:57 standalone object-server[124066]: 172.20.0.30 - - [22/Jan/2026:13:36:57 +0000] "PUT /d1/825/AUTH_3572f3440b374001a0289e8c148f1634/glance/5b1aa838-4ac7-41a1-8dbc-0e9424038629-00002" 201 - "PUT http://swift-internal.openstack.svc:8080/v1/AUTH_3572f3440b374001a0289e8c148f1634/glance/5b1aa838-4ac7-41a1-8dbc-0e9424038629-00002" "txdc36f94c8ada4889b6957-00697227f7" "proxy-server 9" 2.4601 "-" 20 0
Jan 22 13:36:59 standalone container-server[123984]: 172.20.0.100 - - [22/Jan/2026:13:36:59 +0000] "PUT /d1/68/AUTH_3572f3440b374001a0289e8c148f1634/glance/5b1aa838-4ac7-41a1-8dbc-0e9424038629-00003" 201 - "PUT http://swift-internal.openstack.svc:8080/d1/211/AUTH_3572f3440b374001a0289e8c148f1634/glance/5b1aa838-4ac7-41a1-8dbc-0e9424038629-00003" "tx010a8d846f034b91a8015-00697227f9" "object-server 21" 0.0010 "-" 20 0
Jan 22 13:36:59 standalone object-server[124078]: 172.20.0.30 - - [22/Jan/2026:13:36:59 +0000] "PUT /d1/211/AUTH_3572f3440b374001a0289e8c148f1634/glance/5b1aa838-4ac7-41a1-8dbc-0e9424038629-00003" 201 - "PUT http://swift-internal.openstack.svc:8080/v1/AUTH_3572f3440b374001a0289e8c148f1634/glance/5b1aa838-4ac7-41a1-8dbc-0e9424038629-00003" "tx010a8d846f034b91a8015-00697227f9" "proxy-server 9" 1.5654 "-" 21 0
Jan 22 13:36:59 standalone container-server[123998]: 172.20.0.100 - - [22/Jan/2026:13:36:59 +0000] "PUT /d1/68/AUTH_3572f3440b374001a0289e8c148f1634/glance/5b1aa838-4ac7-41a1-8dbc-0e9424038629" 201 - "PUT http://swift-internal.openstack.svc:8080/d1/262/AUTH_3572f3440b374001a0289e8c148f1634/glance/5b1aa838-4ac7-41a1-8dbc-0e9424038629" "tx0f524893dab841078d7b7-00697227fb" "object-server 23" 0.0008 "-" 23 0
Jan 22 13:36:59 standalone object-server[124102]: 172.20.0.30 - - [22/Jan/2026:13:36:59 +0000] "PUT /d1/262/AUTH_3572f3440b374001a0289e8c148f1634/glance/5b1aa838-4ac7-41a1-8dbc-0e9424038629" 201 - "PUT http://swift-internal.openstack.svc:8080/v1/AUTH_3572f3440b374001a0289e8c148f1634/glance/5b1aa838-4ac7-41a1-8dbc-0e9424038629" "tx0f524893dab841078d7b7-00697227fb" "proxy-server 9" 0.0115 "-" 23 0
Jan 22 13:37:39 standalone account-server[123937]: 172.20.0.100 - - [22/Jan/2026:13:37:39 +0000] "HEAD /d1/10/.expiring_objects" 404 - "HEAD http://localhost/v1/.expiring_objects?format=json" "tx6c4861335a8e4fcfbb744-0069722823" "proxy-server 2" 0.0005 "-" 20 -
Jan 22 13:37:39 standalone object-expirer[123635]: Pass completed in 0s; 0 objects expired (txn: tx6c4861335a8e4fcfbb744-0069722823)
Jan 22 13:39:48 standalone account-server[123103]: Devices pass completed: 0.00s
Jan 22 13:40:41 standalone object-server[123994]: Begin object update sweep
Jan 22 13:40:41 standalone object-server[321975]: Object update sweep starting on /srv/node/d1 (pid: 19)
Jan 22 13:40:41 standalone object-server[321975]: Object update sweep completed on /srv/node/d1 in 0.00s seconds:, 0 successes, 0 failures, 0 quarantines, 0 unlinks, 0 errors, 0 redirects (pid: 19)
Jan 22 13:40:41 standalone object-server[321975]: Object update sweep of d1 completed: 0.00s, 0 successes, 0 failures, 0 quarantines, 0 unlinks, 0 errors, 0 redirects
Jan 22 13:40:41 standalone object-server[123994]: Object update sweep completed: 0.08s
Jan 22 13:41:12 standalone container-server[123466]: Begin container update sweep
Jan 22 13:41:13 standalone account-server[123968]: 172.20.0.100 - - [22/Jan/2026:13:41:13 +0000] "PUT /d1/873/AUTH_3572f3440b374001a0289e8c148f1634/glance" 201 - "-" "-" "container-updater 2" 0.0011 "-" 22 0
Jan 22 13:41:14 standalone container-server[123466]: Container update sweep completed: 1.64s
Jan 22 13:42:30 standalone account-server[123937]: 172.20.0.100 - - [22/Jan/2026:13:42:30 +0000] "HEAD /d1/10/.expiring_objects" 404 - "HEAD http://localhost/v1/.expiring_objects?format=json" "tx2766aad868a0414782fa3-0069722946" "proxy-server 2" 0.0006 "-" 20 -
Jan 22 13:42:30 standalone object-expirer[123635]: Pass completed in 0s; 0 objects expired (txn: tx2766aad868a0414782fa3-0069722946)
Jan 22 13:42:50 standalone account-server[123937]: 172.20.0.30 - - [22/Jan/2026:13:42:50 +0000] "HEAD /d1/496/AUTH_c348480c1955456cb2b50d2ffa600028" 404 - "HEAD http://swift-internal.openstack.svc:8080/v1/AUTH_c348480c1955456cb2b50d2ffa600028?format=json" "txfd81d22ec523458bbb0b8-006972295a" "proxy-server 12" 0.0008 "-" 20 -
Jan 22 13:42:51 standalone account-server[123968]: 172.20.0.30 - - [22/Jan/2026:13:42:51 +0000] "GET /d1/496/AUTH_c348480c1955456cb2b50d2ffa600028" 404 - "GET http://swift-internal.openstack.svc:8080/v1/AUTH_c348480c1955456cb2b50d2ffa600028?format=json" "txfd81d22ec523458bbb0b8-006972295a" "proxy-server 12" 0.0005 "-" 22 -
Jan 22 13:42:51 standalone account-server[123937]: 172.20.0.30 - - [22/Jan/2026:13:42:51 +0000] "HEAD /d1/873/AUTH_3572f3440b374001a0289e8c148f1634" 204 - "HEAD http://swift-internal.openstack.svc:8080/v1/AUTH_3572f3440b374001a0289e8c148f1634?format=json" "txc4e57f3572ec498e929ec-006972295b" "proxy-server 12" 0.0099 "-" 20 -
Jan 22 13:42:51 standalone account-server[123969]: 172.20.0.30 - - [22/Jan/2026:13:42:51 +0000] "GET /d1/873/AUTH_3572f3440b374001a0289e8c148f1634" 200 2960 "GET http://swift-internal.openstack.svc:8080/v1/AUTH_3572f3440b374001a0289e8c148f1634?format=json" "txc4e57f3572ec498e929ec-006972295b" "proxy-server 12" 0.0044 "-" 23 -
Jan 22 13:42:51 standalone account-server[123959]: 172.20.0.30 - - [22/Jan/2026:13:42:51 +0000] "HEAD /d1/496/AUTH_c348480c1955456cb2b50d2ffa600028" 404 - "HEAD http://swift-internal.openstack.svc:8080/v1/AUTH_c348480c1955456cb2b50d2ffa600028?format=json" "tx52832b618b184c48bd7b6-006972295b" "proxy-server 12" 0.0005 "-" 21 -
Jan 22 13:42:52 standalone account-server[123937]: 172.20.0.30 - - [22/Jan/2026:13:42:52 +0000] "HEAD /d1/873/AUTH_3572f3440b374001a0289e8c148f1634" 204 - "HEAD http://swift-internal.openstack.svc:8080/v1/AUTH_3572f3440b374001a0289e8c148f1634?format=json" "txd3c062e3fd9d494ca22fe-006972295b" "proxy-server 13" 0.0022 "-" 20 -
Jan 22 13:43:22 standalone account-server[123959]: 172.20.0.30 - - [22/Jan/2026:13:43:22 +0000] "HEAD /d1/496/AUTH_c348480c1955456cb2b50d2ffa600028" 404 - "HEAD http://swift-internal.openstack.svc:8080/v1/AUTH_c348480c1955456cb2b50d2ffa600028?format=json" "tx9548a837e24b4a86afc2d-006972297a" "proxy-server 11" 0.0011 "-" 21 -
Jan 22 13:43:22 standalone account-server[123959]: 172.20.0.30 - - [22/Jan/2026:13:43:22 +0000] "HEAD /d1/873/AUTH_3572f3440b374001a0289e8c148f1634" 204 - "HEAD http://swift-internal.openstack.svc:8080/v1/AUTH_3572f3440b374001a0289e8c148f1634?format=json" "txc764623631a844b49c2cb-006972297a" "proxy-server 12" 0.0024 "-" 21 -
Jan 22 13:43:23 standalone account-server[123937]: 172.20.0.30 - - [22/Jan/2026:13:43:23 +0000] "GET /d1/496/AUTH_c348480c1955456cb2b50d2ffa600028" 404 - "GET http://swift-internal.openstack.svc:8080/v1/AUTH_c348480c1955456cb2b50d2ffa600028?format=json" "tx8b4a09074fb64908a1743-006972297b" "proxy-server 12" 0.0006 "-" 20 -
Jan 22 13:43:23 standalone account-server[123969]: 172.20.0.30 - - [22/Jan/2026:13:43:23 +0000] "GET /d1/873/AUTH_3572f3440b374001a0289e8c148f1634" 200 2960 "GET http://swift-internal.openstack.svc:8080/v1/AUTH_3572f3440b374001a0289e8c148f1634?format=json" "tx389001ebff8b414d90ecd-006972297b" "proxy-server 12" 0.0033 "-" 23 -
Jan 22 13:43:33 standalone account-server[123937]: 172.20.0.30 - - [22/Jan/2026:13:43:33 +0000] "HEAD /d1/496/AUTH_c348480c1955456cb2b50d2ffa600028" 404 - "HEAD http://swift-internal.openstack.svc:8080/v1/AUTH_c348480c1955456cb2b50d2ffa600028?format=json" "tx1dbf603eef3245a68f598-0069722984" "proxy-server 8" 0.0010 "-" 20 -
Jan 22 13:43:33 standalone account-server[123937]: 172.20.0.30 - - [22/Jan/2026:13:43:33 +0000] "HEAD /d1/873/AUTH_3572f3440b374001a0289e8c148f1634" 204 - "HEAD http://swift-internal.openstack.svc:8080/v1/AUTH_3572f3440b374001a0289e8c148f1634?format=json" "txa57aec8af1a14a9dab646-0069722985" "proxy-server 8" 0.0031 "-" 20 -
Jan 22 13:43:34 standalone account-server[123937]: 172.20.0.30 - - [22/Jan/2026:13:43:34 +0000] "GET /d1/496/AUTH_c348480c1955456cb2b50d2ffa600028" 404 - "GET http://swift-internal.openstack.svc:8080/v1/AUTH_c348480c1955456cb2b50d2ffa600028?format=json" "tx22b47322551d4302b62a4-0069722986" "proxy-server 12" 0.0005 "-" 20 -
Jan 22 13:43:34 standalone account-server[123937]: 172.20.0.30 - - [22/Jan/2026:13:43:34 +0000] "GET /d1/873/AUTH_3572f3440b374001a0289e8c148f1634" 200 2960 "GET http://swift-internal.openstack.svc:8080/v1/AUTH_3572f3440b374001a0289e8c148f1634?format=json" "tx2c37c2126b3640e2a2b59-0069722986" "proxy-server 8" 0.0034 "-" 20 -
Jan 22 13:44:12 standalone account-server[123959]: 172.20.0.30 - - [22/Jan/2026:13:44:12 +0000] "GET /d1/496/AUTH_c348480c1955456cb2b50d2ffa600028" 404 - "GET http://swift-internal.openstack.svc:8080/v1/AUTH_c348480c1955456cb2b50d2ffa600028?format=json" "tx2db3aec90849463cb429e-00697229ac" "proxy-server 8" 0.0007 "-" 21 -
Jan 22 13:44:12 standalone account-server[123968]: 172.20.0.30 - - [22/Jan/2026:13:44:12 +0000] "GET /d1/873/AUTH_3572f3440b374001a0289e8c148f1634" 200 2960 "GET http://swift-internal.openstack.svc:8080/v1/AUTH_3572f3440b374001a0289e8c148f1634?format=json" "tx55365073d77f4090b3678-00697229ac" "proxy-server 8" 0.0037 "-" 22 -
Jan 22 13:44:13 standalone account-server[123959]: 172.20.0.30 - - [22/Jan/2026:13:44:13 +0000] "HEAD /d1/496/AUTH_c348480c1955456cb2b50d2ffa600028" 404 - "HEAD http://swift-internal.openstack.svc:8080/v1/AUTH_c348480c1955456cb2b50d2ffa600028?format=json" "tx147da876a6064d88b7102-00697229ac" "proxy-server 5" 0.0006 "-" 21 -
Jan 22 13:44:13 standalone account-server[123969]: 172.20.0.30 - - [22/Jan/2026:13:44:13 +0000] "HEAD /d1/873/AUTH_3572f3440b374001a0289e8c148f1634" 204 - "HEAD http://swift-internal.openstack.svc:8080/v1/AUTH_3572f3440b374001a0289e8c148f1634?format=json" "tx224c4dd6302d40bd8525d-00697229ad" "proxy-server 5" 0.0025 "-" 23 -
Jan 22 13:45:41 standalone object-server[123994]: Begin object update sweep
Jan 22 13:45:41 standalone object-server[341992]: Object update sweep starting on /srv/node/d1 (pid: 20)
Jan 22 13:45:41 standalone object-server[341992]: Object update sweep completed on /srv/node/d1 in 0.00s seconds:, 0 successes, 0 failures, 0 quarantines, 0 unlinks, 0 errors, 0 redirects (pid: 20)
Jan 22 13:45:41 standalone object-server[341992]: Object update sweep of d1 completed: 0.00s, 0 successes, 0 failures, 0 quarantines, 0 unlinks, 0 errors, 0 redirects
Jan 22 13:45:42 standalone object-server[123994]: Object update sweep completed: 0.08s
