Jan 28 17:05:02 standalone container-server[128353]: 172.20.0.100 - - [28/Jan/2026:17:05:02 +0000] "PUT /d1/697/AUTH_31d3a527839a466a8e954dac4cacc9dd/gnocchi.db12c7ac-6c8a-40f9-979c-0dc6261d3d98/1769040000.0_mean_300.0_v3" 201 - "PUT http://172.18.0.2:8080/d1/123/AUTH_31d3a527839a466a8e954dac4cacc9dd/gnocchi.db12c7ac-6c8a-40f9-979c-0dc6261d3d98/1769040000.0_mean_300.0_v3" "tx8bccbc356c734280a5700-00697a41be" "object-server 25" 0.0004 "-" 22 0
Jan 28 17:05:02 standalone object-server[128712]: 172.20.0.100 - - [28/Jan/2026:17:05:02 +0000] "PUT /d1/123/AUTH_31d3a527839a466a8e954dac4cacc9dd/gnocchi.db12c7ac-6c8a-40f9-979c-0dc6261d3d98/1769040000.0_mean_300.0_v3" 201 - "PUT http://172.18.0.2:8080/v1/AUTH_31d3a527839a466a8e954dac4cacc9dd/gnocchi.db12c7ac-6c8a-40f9-979c-0dc6261d3d98/1769040000.0_mean_300.0_v3" "tx8bccbc356c734280a5700-00697a41be" "proxy-server 20" 0.0083 "-" 25 0
Jan 28 17:05:02 standalone proxy-server[130288]: 172.18.0.2 172.18.0.100 28/Jan/2026/17/05/02 PUT /v1/AUTH_31d3a527839a466a8e954dac4cacc9dd/gnocchi.db12c7ac-6c8a-40f9-979c-0dc6261d3d98/1769040000.0_mean_300.0_v3 HTTP/1.0 201 - python-swiftclient-3.11.1 gAAAAABpekFC9ymC... 24 - - tx8bccbc356c734280a5700-00697a41be - 0.0129 - - 1769619902.103842974 1769619902.116714239 0
Jan 28 17:05:02 standalone container-server[128312]: 172.20.0.100 - - [28/Jan/2026:17:05:02 +0000] "PUT /d1/697/AUTH_31d3a527839a466a8e954dac4cacc9dd/gnocchi.db12c7ac-6c8a-40f9-979c-0dc6261d3d98/none_v3" 201 - "PUT http://172.18.0.2:8080/d1/306/AUTH_31d3a527839a466a8e954dac4cacc9dd/gnocchi.db12c7ac-6c8a-40f9-979c-0dc6261d3d98/none_v3" "txbbd477c6627140ac94705-00697a41be" "object-server 24" 0.0007 "-" 20 0
Jan 28 17:05:02 standalone object-server[128711]: 172.20.0.100 - - [28/Jan/2026:17:05:02 +0000] "PUT /d1/306/AUTH_31d3a527839a466a8e954dac4cacc9dd/gnocchi.db12c7ac-6c8a-40f9-979c-0dc6261d3d98/none_v3" 201 - "PUT http://172.18.0.2:8080/v1/AUTH_31d3a527839a466a8e954dac4cacc9dd/gnocchi.db12c7ac-6c8a-40f9-979c-0dc6261d3d98/none_v3" "txbbd477c6627140ac94705-00697a41be" "proxy-server 20" 0.0105 "-" 24 0
Jan 28 17:05:02 standalone proxy-server[130288]: 172.18.0.2 172.18.0.100 28/Jan/2026/17/05/02 PUT /v1/AUTH_31d3a527839a466a8e954dac4cacc9dd/gnocchi.db12c7ac-6c8a-40f9-979c-0dc6261d3d98/none_v3 HTTP/1.0 201 - python-swiftclient-3.11.1 gAAAAABpekFC9ymC... 22 - - txbbd477c6627140ac94705-00697a41be - 0.0181 - - 1769619902.119069815 1769619902.137185097 0
Jan 28 17:05:02 standalone object-server[128711]: 172.20.0.100 - - [28/Jan/2026:17:05:02 +0000] "GET /d1/444/AUTH_31d3a527839a466a8e954dac4cacc9dd/gnocchi.298bbee6-edbf-4794-8fd1-a588ec4d10a9/none_v3" 200 33 "GET http://172.18.0.2:8080/v1/AUTH_31d3a527839a466a8e954dac4cacc9dd/gnocchi.298bbee6-edbf-4794-8fd1-a588ec4d10a9/none_v3" "tx8364452857fe4f83a077d-00697a41be" "proxy-server 20" 0.0008 "-" 24 0
Jan 28 17:05:02 standalone proxy-server[130288]: 172.18.0.2 172.18.0.100 28/Jan/2026/17/05/02 GET /v1/AUTH_31d3a527839a466a8e954dac4cacc9dd/gnocchi.298bbee6-edbf-4794-8fd1-a588ec4d10a9/none_v3 HTTP/1.0 200 - python-swiftclient-3.11.1 gAAAAABpekFC9ymC... - 33 - tx8364452857fe4f83a077d-00697a41be - 0.0103 - - 1769619902.152271271 1769619902.162613869 0
Jan 28 17:05:02 standalone container-server[128342]: 172.20.0.100 - - [28/Jan/2026:17:05:02 +0000] "GET /d1/159/AUTH_31d3a527839a466a8e954dac4cacc9dd/gnocchi.298bbee6-edbf-4794-8fd1-a588ec4d10a9" 200 357 "GET http://172.18.0.2:8080/v1/AUTH_31d3a527839a466a8e954dac4cacc9dd/gnocchi.298bbee6-edbf-4794-8fd1-a588ec4d10a9?format=json&states=listing" "txfc23a39fd8274b43997d0-00697a41be" "proxy-server 20" 0.0178 "-" 21 0
Jan 28 17:05:02 standalone proxy-server[130288]: 172.18.0.2 172.18.0.100 28/Jan/2026/17/05/02 GET /v1/AUTH_31d3a527839a466a8e954dac4cacc9dd/gnocchi.298bbee6-edbf-4794-8fd1-a588ec4d10a9%3Fformat%3Djson%26states%3Dlisting HTTP/1.0 200 - python-swiftclient-3.11.1 gAAAAABpekFC9ymC... - 357 - txfc23a39fd8274b43997d0-00697a41be - 0.0234 - - 1769619902.168610334 1769619902.192034721 0
Jan 28 17:05:02 standalone container-server[128312]: 172.20.0.100 - - [28/Jan/2026:17:05:02 +0000] "GET /d1/159/AUTH_31d3a527839a466a8e954dac4cacc9dd/gnocchi.298bbee6-edbf-4794-8fd1-a588ec4d10a9" 200 2 "GET http://172.18.0.2:8080/v1/AUTH_31d3a527839a466a8e954dac4cacc9dd/gnocchi.298bbee6-edbf-4794-8fd1-a588ec4d10a9?format=json&marker=none_v3&states=listing" "txad8a54b53d5d45a0bd03c-00697a41be" "proxy-server 20" 0.0028 "-" 20 0
Jan 28 17:05:02 standalone proxy-server[130288]: 172.18.0.2 172.18.0.100 28/Jan/2026/17/05/02 GET /v1/AUTH_31d3a527839a466a8e954dac4cacc9dd/gnocchi.298bbee6-edbf-4794-8fd1-a588ec4d10a9%3Fformat%3Djson%26marker%3Dnone_v3%26states%3Dlisting HTTP/1.0 200 - python-swiftclient-3.11.1 gAAAAABpekFC9ymC... - 2 - txad8a54b53d5d45a0bd03c-00697a41be - 0.0163 - - 1769619902.195269108 1769619902.211550236 0
Jan 28 17:05:02 standalone object-server[128709]: 172.20.0.100 - - [28/Jan/2026:17:05:02 +0000] "GET /d1/125/AUTH_31d3a527839a466a8e954dac4cacc9dd/gnocchi.298bbee6-edbf-4794-8fd1-a588ec4d10a9/1769040000.0_mean_300.0_v3" 200 16 "GET http://172.18.0.2:8080/v1/AUTH_31d3a527839a466a8e954dac4cacc9dd/gnocchi.298bbee6-edbf-4794-8fd1-a588ec4d10a9/1769040000.0_mean_300.0_v3" "txf48bdb9d854a4ade966c3-00697a41be" "proxy-server 20" 0.0007 "-" 22 0
Jan 28 17:05:02 standalone proxy-server[130288]: 172.18.0.2 172.18.0.100 28/Jan/2026/17/05/02 GET /v1/AUTH_31d3a527839a466a8e954dac4cacc9dd/gnocchi.298bbee6-edbf-4794-8fd1-a588ec4d10a9/1769040000.0_mean_300.0_v3 HTTP/1.0 200 - python-swiftclient-3.11.1 gAAAAABpekFC9ymC... - 16 - txf48bdb9d854a4ade966c3-00697a41be - 0.0126 - - 1769619902.215660810 1769619902.228236437 0
Jan 28 17:05:02 standalone container-server[128342]: 172.20.0.100 - - [28/Jan/2026:17:05:02 +0000] "PUT /d1/159/AUTH_31d3a527839a466a8e954dac4cacc9dd/gnocchi.298bbee6-edbf-4794-8fd1-a588ec4d10a9/1769040000.0_mean_300.0_v3" 201 - "PUT http://172.18.0.2:8080/d1/125/AUTH_31d3a527839a466a8e954dac4cacc9dd/gnocchi.298bbee6-edbf-4794-8fd1-a588ec4d10a9/1769040000.0_mean_300.0_v3" "tx9d168dba9a944cb9b4f32-00697a41be" "object-server 25" 0.0005 "-" 21 0
Jan 28 17:05:02 standalone object-server[128712]: 172.20.0.100 - - [28/Jan/2026:17:05:02 +0000] "PUT /d1/125/AUTH_31d3a527839a466a8e954dac4cacc9dd/gnocchi.298bbee6-edbf-4794-8fd1-a588ec4d10a9/1769040000.0_mean_300.0_v3" 201 - "PUT http://172.18.0.2:8080/v1/AUTH_31d3a527839a466a8e954dac4cacc9dd/gnocchi.298bbee6-edbf-4794-8fd1-a588ec4d10a9/1769040000.0_mean_300.0_v3" "tx9d168dba9a944cb9b4f32-00697a41be" "proxy-server 20" 0.0112 "-" 25 0
Jan 28 17:05:02 standalone proxy-server[130288]: 172.18.0.2 172.18.0.100 28/Jan/2026/17/05/02 PUT /v1/AUTH_31d3a527839a466a8e954dac4cacc9dd/gnocchi.298bbee6-edbf-4794-8fd1-a588ec4d10a9/1769040000.0_mean_300.0_v3 HTTP/1.0 201 - python-swiftclient-3.11.1 gAAAAABpekFC9ymC... 24 - - tx9d168dba9a944cb9b4f32-00697a41be - 0.0217 - - 1769619902.233441591 1769619902.255159378 0
Jan 28 17:05:02 standalone container-server[128312]: 172.20.0.100 - - [28/Jan/2026:17:05:02 +0000] "PUT /d1/159/AUTH_31d3a527839a466a8e954dac4cacc9dd/gnocchi.298bbee6-edbf-4794-8fd1-a588ec4d10a9/none_v3" 201 - "PUT http://172.18.0.2:8080/d1/444/AUTH_31d3a527839a466a8e954dac4cacc9dd/gnocchi.298bbee6-edbf-4794-8fd1-a588ec4d10a9/none_v3" "tx92530eb65a5847e1a3381-00697a41be" "object-server 24" 0.0004 "-" 20 0
Jan 28 17:05:02 standalone object-server[128711]: 172.20.0.100 - - [28/Jan/2026:17:05:02 +0000] "PUT /d1/444/AUTH_31d3a527839a466a8e954dac4cacc9dd/gnocchi.298bbee6-edbf-4794-8fd1-a588ec4d10a9/none_v3" 201 - "PUT http://172.18.0.2:8080/v1/AUTH_31d3a527839a466a8e954dac4cacc9dd/gnocchi.298bbee6-edbf-4794-8fd1-a588ec4d10a9/none_v3" "tx92530eb65a5847e1a3381-00697a41be" "proxy-server 20" 0.0079 "-" 24 0
Jan 28 17:05:02 standalone proxy-server[130288]: 172.18.0.2 172.18.0.100 28/Jan/2026/17/05/02 PUT /v1/AUTH_31d3a527839a466a8e954dac4cacc9dd/gnocchi.298bbee6-edbf-4794-8fd1-a588ec4d10a9/none_v3 HTTP/1.0 201 - python-swiftclient-3.11.1 gAAAAABpekFC9ymC... 22 - - tx92530eb65a5847e1a3381-00697a41be - 0.0191 - - 1769619902.260182619 1769619902.279238224 0
Jan 28 17:05:03 standalone object-server[128712]: 172.20.0.100 - - [28/Jan/2026:17:05:03 +0000] "GET /d1/873/AUTH_31d3a527839a466a8e954dac4cacc9dd/gnocchi.d5faa6db-a7c6-4211-b1c7-fbdc2218d986/none_v3" 200 22 "GET http://172.18.0.2:8080/v1/AUTH_31d3a527839a466a8e954dac4cacc9dd/gnocchi.d5faa6db-a7c6-4211-b1c7-fbdc2218d986/none_v3" "txa9ed6bd7f1754ab5b9efe-00697a41bf" "proxy-server 20" 0.0012 "-" 25 0
Jan 28 17:05:03 standalone proxy-server[130288]: 172.18.0.2 172.18.0.100 28/Jan/2026/17/05/03 GET /v1/AUTH_31d3a527839a466a8e954dac4cacc9dd/gnocchi.d5faa6db-a7c6-4211-b1c7-fbdc2218d986/none_v3 HTTP/1.0 200 - python-swiftclient-3.11.1 gAAAAABpekFC9ymC... - 22 - txa9ed6bd7f1754ab5b9efe-00697a41bf - 0.0135 - - 1769619903.462102413 1769619903.475636721 0
Jan 28 17:05:03 standalone container-server[128312]: 172.20.0.100 - - [28/Jan/2026:17:05:03 +0000] "GET /d1/632/AUTH_31d3a527839a466a8e954dac4cacc9dd/gnocchi.d5faa6db-a7c6-4211-b1c7-fbdc2218d986" 200 357 "GET http://172.18.0.2:8080/v1/AUTH_31d3a527839a466a8e954dac4cacc9dd/gnocchi.d5faa6db-a7c6-4211-b1c7-fbdc2218d986?format=json&states=listing" "tx904368a0d4f64bcc9651d-00697a41bf" "proxy-server 20" 0.0083 "-" 20 0
Jan 28 17:05:03 standalone proxy-server[130288]: 172.18.0.2 172.18.0.100 28/Jan/2026/17/05/03 GET /v1/AUTH_31d3a527839a466a8e954dac4cacc9dd/gnocchi.d5faa6db-a7c6-4211-b1c7-fbdc2218d986%3Fformat%3Djson%26states%3Dlisting HTTP/1.0 200 - python-swiftclient-3.11.1 gAAAAABpekFC9ymC... - 357 - tx904368a0d4f64bcc9651d-00697a41bf - 0.0161 - - 1769619903.479958534 1769619903.496081591 0
Jan 28 17:05:03 standalone container-server[128297]: 172.20.0.100 - - [28/Jan/2026:17:05:03 +0000] "GET /d1/632/AUTH_31d3a527839a466a8e954dac4cacc9dd/gnocchi.d5faa6db-a7c6-4211-b1c7-fbdc2218d986" 200 2 "GET http://172.18.0.2:8080/v1/AUTH_31d3a527839a466a8e954dac4cacc9dd/gnocchi.d5faa6db-a7c6-4211-b1c7-fbdc2218d986?format=json&marker=none_v3&states=listing" "txb7a539c4c2ee4596b93f2-00697a41bf" "proxy-server 20" 0.0037 "-" 19 0
Jan 28 17:05:03 standalone proxy-server[130288]: 172.18.0.2 172.18.0.100 28/Jan/2026/17/05/03 GET /v1/AUTH_31d3a527839a466a8e954dac4cacc9dd/gnocchi.d5faa6db-a7c6-4211-b1c7-fbdc2218d986%3Fformat%3Djson%26marker%3Dnone_v3%26states%3Dlisting HTTP/1.0 200 - python-swiftclient-3.11.1 gAAAAABpekFC9ymC... - 2 - txb7a539c4c2ee4596b93f2-00697a41bf - 0.0105 - - 1769619903.498786926 1769619903.509268045 0
Jan 28 17:05:03 standalone object-server[128711]: 172.20.0.100 - - [28/Jan/2026:17:05:03 +0000] "GET /d1/195/AUTH_31d3a527839a466a8e954dac4cacc9dd/gnocchi.d5faa6db-a7c6-4211-b1c7-fbdc2218d986/1769040000.0_mean_300.0_v3" 200 16 "GET http://172.18.0.2:8080/v1/AUTH_31d3a527839a466a8e954dac4cacc9dd/gnocchi.d5faa6db-a7c6-4211-b1c7-fbdc2218d986/1769040000.0_mean_300.0_v3" "txf95b955fa2eb4ebf9e301-00697a41bf" "proxy-server 20" 0.0007 "-" 24 0
Jan 28 17:05:03 standalone proxy-server[130288]: 172.18.0.2 172.18.0.100 28/Jan/2026/17/05/03 GET /v1/AUTH_31d3a527839a466a8e954dac4cacc9dd/gnocchi.d5faa6db-a7c6-4211-b1c7-fbdc2218d986/1769040000.0_mean_300.0_v3 HTTP/1.0 200 - python-swiftclient-3.11.1 gAAAAABpekFC9ymC... - 16 - txf95b955fa2eb4ebf9e301-00697a41bf - 0.0086 - - 1769619903.512317181 1769619903.520882130 0
Jan 28 17:05:03 standalone container-server[128297]: 172.20.0.100 - - [28/Jan/2026:17:05:03 +0000] "PUT /d1/632/AUTH_31d3a527839a466a8e954dac4cacc9dd/gnocchi.d5faa6db-a7c6-4211-b1c7-fbdc2218d986/1769040000.0_mean_300.0_v3" 201 - "PUT http://172.18.0.2:8080/d1/195/AUTH_31d3a527839a466a8e954dac4cacc9dd/gnocchi.d5faa6db-a7c6-4211-b1c7-fbdc2218d986/1769040000.0_mean_300.0_v3" "tx5b127885454f4f29a3a54-00697a41bf" "object-server 25" 0.0006 "-" 19 0
Jan 28 17:05:03 standalone object-server[128712]: 172.20.0.100 - - [28/Jan/2026:17:05:03 +0000] "PUT /d1/195/AUTH_31d3a527839a466a8e954dac4cacc9dd/gnocchi.d5faa6db-a7c6-4211-b1c7-fbdc2218d986/1769040000.0_mean_300.0_v3" 201 - "PUT http://172.18.0.2:8080/v1/AUTH_31d3a527839a466a8e954dac4cacc9dd/gnocchi.d5faa6db-a7c6-4211-b1c7-fbdc2218d986/1769040000.0_mean_300.0_v3" "tx5b127885454f4f29a3a54-00697a41bf" "proxy-server 20" 0.0098 "-" 25 0
Jan 28 17:05:03 standalone proxy-server[130288]: 172.18.0.2 172.18.0.100 28/Jan/2026/17/05/03 PUT /v1/AUTH_31d3a527839a466a8e954dac4cacc9dd/gnocchi.d5faa6db-a7c6-4211-b1c7-fbdc2218d986/1769040000.0_mean_300.0_v3 HTTP/1.0 201 - python-swiftclient-3.11.1 gAAAAABpekFC9ymC... 16 - - tx5b127885454f4f29a3a54-00697a41bf - 0.0172 - - 1769619903.524496794 1769619903.541663408 0
Jan 28 17:05:03 standalone container-server[128342]: 172.20.0.100 - - [28/Jan/2026:17:05:03 +0000] "PUT /d1/632/AUTH_31d3a527839a466a8e954dac4cacc9dd/gnocchi.d5faa6db-a7c6-4211-b1c7-fbdc2218d986/none_v3" 201 - "PUT http://172.18.0.2:8080/d1/873/AUTH_31d3a527839a466a8e954dac4cacc9dd/gnocchi.d5faa6db-a7c6-4211-b1c7-fbdc2218d986/none_v3" "tx3f50ec1e872b4e2b81f33-00697a41bf" "object-server 25" 0.0008 "-" 21 0
Jan 28 17:05:03 standalone object-server[128712]: 172.20.0.100 - - [28/Jan/2026:17:05:03 +0000] "PUT /d1/873/AUTH_31d3a527839a466a8e954dac4cacc9dd/gnocchi.d5faa6db-a7c6-4211-b1c7-fbdc2218d986/none_v3" 201 - "PUT http://172.18.0.2:8080/v1/AUTH_31d3a527839a466a8e954dac4cacc9dd/gnocchi.d5faa6db-a7c6-4211-b1c7-fbdc2218d986/none_v3" "tx3f50ec1e872b4e2b81f33-00697a41bf" "proxy-server 20" 0.0111 "-" 25 0
Jan 28 17:05:03 standalone proxy-server[130288]: 172.18.0.2 172.18.0.100 28/Jan/2026/17/05/03 PUT /v1/AUTH_31d3a527839a466a8e954dac4cacc9dd/gnocchi.d5faa6db-a7c6-4211-b1c7-fbdc2218d986/none_v3 HTTP/1.0 201 - python-swiftclient-3.11.1 gAAAAABpekFC9ymC... 31 - - tx3f50ec1e872b4e2b81f33-00697a41bf - 0.0173 - - 1769619903.544422388 1769619903.561738253 0
Jan 28 17:05:03 standalone object-server[128712]: 172.20.0.100 - - [28/Jan/2026:17:05:03 +0000] "GET /d1/1020/AUTH_31d3a527839a466a8e954dac4cacc9dd/gnocchi.f58be944-1193-4d76-af42-896abbf93b74/none_v3" 200 22 "GET http://172.18.0.2:8080/v1/AUTH_31d3a527839a466a8e954dac4cacc9dd/gnocchi.f58be944-1193-4d76-af42-896abbf93b74/none_v3" "tx84bd1e53cd3841fe9c661-00697a41bf" "proxy-server 20" 0.0009 "-" 25 0
Jan 28 17:05:03 standalone proxy-server[130288]: 172.18.0.2 172.18.0.100 28/Jan/2026/17/05/03 GET /v1/AUTH_31d3a527839a466a8e954dac4cacc9dd/gnocchi.f58be944-1193-4d76-af42-896abbf93b74/none_v3 HTTP/1.0 200 - python-swiftclient-3.11.1 gAAAAABpekFC9ymC... - 22 - tx84bd1e53cd3841fe9c661-00697a41bf - 0.0071 - - 1769619903.661642790 1769619903.668753862 0
Jan 28 17:05:03 standalone container-server[128297]: 172.20.0.100 - - [28/Jan/2026:17:05:03 +0000] "GET /d1/445/AUTH_31d3a527839a466a8e954dac4cacc9dd/gnocchi.f58be944-1193-4d76-af42-896abbf93b74" 200 357 "GET http://172.18.0.2:8080/v1/AUTH_31d3a527839a466a8e954dac4cacc9dd/gnocchi.f58be944-1193-4d76-af42-896abbf93b74?format=json&states=listing" "tx37ab8593f6ea448fba87c-00697a41bf" "proxy-server 20" 0.0094 "-" 19 0
Jan 28 17:05:03 standalone proxy-server[130288]: 172.18.0.2 172.18.0.100 28/Jan/2026/17/05/03 GET /v1/AUTH_31d3a527839a466a8e954dac4cacc9dd/gnocchi.f58be944-1193-4d76-af42-896abbf93b74%3Fformat%3Djson%26states%3Dlisting HTTP/1.0 200 - python-swiftclient-3.11.1 gAAAAABpekFC9ymC... - 357 - tx37ab8593f6ea448fba87c-00697a41bf - 0.0167 - - 1769619903.671288490 1769619903.687973976 0
Jan 28 17:05:03 standalone container-server[128353]: 172.20.0.100 - - [28/Jan/2026:17:05:03 +0000] "GET /d1/445/AUTH_31d3a527839a466a8e954dac4cacc9dd/gnocchi.f58be944-1193-4d76-af42-896abbf93b74" 200 2 "GET http://172.18.0.2:8080/v1/AUTH_31d3a527839a466a8e954dac4cacc9dd/gnocchi.f58be944-1193-4d76-af42-896abbf93b74?format=json&marker=none_v3&states=listing" "tx2c70db3dd41245e7b4cb4-00697a41bf" "proxy-server 20" 0.0027 "-" 22 0
Jan 28 17:05:03 standalone proxy-server[130288]: 172.18.0.2 172.18.0.100 28/Jan/2026/17/05/03 GET /v1/AUTH_31d3a527839a466a8e954dac4cacc9dd/gnocchi.f58be944-1193-4d76-af42-896abbf93b74%3Fformat%3Djson%26marker%3Dnone_v3%26states%3Dlisting HTTP/1.0 200 - python-swiftclient-3.11.1 gAAAAABpekFC9ymC... - 2 - tx2c70db3dd41245e7b4cb4-00697a41bf - 0.0113 - - 1769619903.691949844 1769619903.703248978 0
Jan 28 17:05:03 standalone object-server[128710]: 172.20.0.100 - - [28/Jan/2026:17:05:03 +0000] "GET /d1/672/AUTH_31d3a527839a466a8e954dac4cacc9dd/gnocchi.f58be944-1193-4d76-af42-896abbf93b74/1769040000.0_mean_300.0_v3" 200 16 "GET http://172.18.0.2:8080/v1/AUTH_31d3a527839a466a8e954dac4cacc9dd/gnocchi.f58be944-1193-4d76-af42-896abbf93b74/1769040000.0_mean_300.0_v3" "tx907e68ad2d6b40839cfc5-00697a41bf" "proxy-server 20" 0.0008 "-" 23 0
Jan 28 17:05:03 standalone proxy-server[130288]: 172.18.0.2 172.18.0.100 28/Jan/2026/17/05/03 GET /v1/AUTH_31d3a527839a466a8e954dac4cacc9dd/gnocchi.f58be944-1193-4d76-af42-896abbf93b74/1769040000.0_mean_300.0_v3 HTTP/1.0 200 - python-swiftclient-3.11.1 gAAAAABpekFC9ymC... - 16 - tx907e68ad2d6b40839cfc5-00697a41bf - 0.0082 - - 1769619903.707124949 1769619903.715297222 0
Jan 28 17:05:03 standalone container-server[128342]: 172.20.0.100 - - [28/Jan/2026:17:05:03 +0000] "PUT /d1/445/AUTH_31d3a527839a466a8e954dac4cacc9dd/gnocchi.f58be944-1193-4d76-af42-896abbf93b74/1769040000.0_mean_300.0_v3" 201 - "PUT http://172.18.0.2:8080/d1/672/AUTH_31d3a527839a466a8e954dac4cacc9dd/gnocchi.f58be944-1193-4d76-af42-896abbf93b74/1769040000.0_mean_300.0_v3" "tx73b11c4a5bb44dedb3685-00697a41bf" "object-server 25" 0.0005 "-" 21 0
Jan 28 17:05:03 standalone object-server[128712]: 172.20.0.100 - - [28/Jan/2026:17:05:03 +0000] "PUT /d1/672/AUTH_31d3a527839a466a8e954dac4cacc9dd/gnocchi.f58be944-1193-4d76-af42-896abbf93b74/1769040000.0_mean_300.0_v3" 201 - "PUT http://172.18.0.2:8080/v1/AUTH_31d3a527839a466a8e954dac4cacc9dd/gnocchi.f58be944-1193-4d76-af42-896abbf93b74/1769040000.0_mean_300.0_v3" "tx73b11c4a5bb44dedb3685-00697a41bf" "proxy-server 20" 0.0096 "-" 25 0
Jan 28 17:05:03 standalone proxy-server[130288]: 172.18.0.2 172.18.0.100 28/Jan/2026/17/05/03 PUT /v1/AUTH_31d3a527839a466a8e954dac4cacc9dd/gnocchi.f58be944-1193-4d76-af42-896abbf93b74/1769040000.0_mean_300.0_v3 HTTP/1.0 201 - python-swiftclient-3.11.1 gAAAAABpekFC9ymC... 16 - - tx73b11c4a5bb44dedb3685-00697a41bf - 0.0174 - - 1769619903.718408823 1769619903.735814571 0
Jan 28 17:05:03 standalone container-server[128353]: 172.20.0.100 - - [28/Jan/2026:17:05:03 +0000] "PUT /d1/445/AUTH_31d3a527839a466a8e954dac4cacc9dd/gnocchi.f58be944-1193-4d76-af42-896abbf93b74/none_v3" 201 - "PUT http://172.18.0.2:8080/d1/1020/AUTH_31d3a527839a466a8e954dac4cacc9dd/gnocchi.f58be944-1193-4d76-af42-896abbf93b74/none_v3" "tx793c81cd218f4baab57b3-00697a41bf" "object-server 24" 0.0005 "-" 22 0
Jan 28 17:05:03 standalone object-server[128711]: 172.20.0.100 - - [28/Jan/2026:17:05:03 +0000] "PUT /d1/1020/AUTH_31d3a527839a466a8e954dac4cacc9dd/gnocchi.f58be944-1193-4d76-af42-896abbf93b74/none_v3" 201 - "PUT http://172.18.0.2:8080/v1/AUTH_31d3a527839a466a8e954dac4cacc9dd/gnocchi.f58be944-1193-4d76-af42-896abbf93b74/none_v3" "tx793c81cd218f4baab57b3-00697a41bf" "proxy-server 20" 0.0104 "-" 24 0
Jan 28 17:05:03 standalone proxy-server[130288]: 172.18.0.2 172.18.0.100 28/Jan/2026/17/05/03 PUT /v1/AUTH_31d3a527839a466a8e954dac4cacc9dd/gnocchi.f58be944-1193-4d76-af42-896abbf93b74/none_v3 HTTP/1.0 201 - python-swiftclient-3.11.1 gAAAAABpekFC9ymC... 32 - - tx793c81cd218f4baab57b3-00697a41bf - 0.0167 - - 1769619903.739062548 1769619903.755763054 0
Jan 28 17:05:11 standalone object-server[128712]: 172.20.0.100 - - [28/Jan/2026:17:05:11 +0000] "GET /d1/873/AUTH_31d3a527839a466a8e954dac4cacc9dd/gnocchi.d5faa6db-a7c6-4211-b1c7-fbdc2218d986/none_v3" 200 31 "GET http://172.18.0.2:8080/v1/AUTH_31d3a527839a466a8e954dac4cacc9dd/gnocchi.d5faa6db-a7c6-4211-b1c7-fbdc2218d986/none_v3" "txac2b253d3be54657b3374-00697a41c7" "proxy-server 20" 0.0012 "-" 25 0
Jan 28 17:05:11 standalone proxy-server[130288]: 172.18.0.2 172.18.0.100 28/Jan/2026/17/05/11 GET /v1/AUTH_31d3a527839a466a8e954dac4cacc9dd/gnocchi.d5faa6db-a7c6-4211-b1c7-fbdc2218d986/none_v3 HTTP/1.0 200 - python-swiftclient-3.11.1 gAAAAABpekFC9ymC... - 31 - txac2b253d3be54657b3374-00697a41c7 - 0.0115 - - 1769619911.139458418 1769619911.150999546 0
Jan 28 17:05:11 standalone container-server[128312]: 172.20.0.100 - - [28/Jan/2026:17:05:11 +0000] "GET /d1/632/AUTH_31d3a527839a466a8e954dac4cacc9dd/gnocchi.d5faa6db-a7c6-4211-b1c7-fbdc2218d986" 200 357 "GET http://172.18.0.2:8080/v1/AUTH_31d3a527839a466a8e954dac4cacc9dd/gnocchi.d5faa6db-a7c6-4211-b1c7-fbdc2218d986?format=json&states=listing" "txa872385be58c43958e463-00697a41c7" "proxy-server 20" 0.0085 "-" 20 0
Jan 28 17:05:11 standalone proxy-server[130288]: 172.18.0.2 172.18.0.100 28/Jan/2026/17/05/11 GET /v1/AUTH_31d3a527839a466a8e954dac4cacc9dd/gnocchi.d5faa6db-a7c6-4211-b1c7-fbdc2218d986%3Fformat%3Djson%26states%3Dlisting HTTP/1.0 200 - python-swiftclient-3.11.1 gAAAAABpekFC9ymC... - 357 - txa872385be58c43958e463-00697a41c7 - 0.0152 - - 1769619911.154076338 1769619911.169271469 0
Jan 28 17:05:11 standalone container-server[128312]: 172.20.0.100 - - [28/Jan/2026:17:05:11 +0000] "GET /d1/632/AUTH_31d3a527839a466a8e954dac4cacc9dd/gnocchi.d5faa6db-a7c6-4211-b1c7-fbdc2218d986" 200 2 "GET http://172.18.0.2:8080/v1/AUTH_31d3a527839a466a8e954dac4cacc9dd/gnocchi.d5faa6db-a7c6-4211-b1c7-fbdc2218d986?format=json&marker=none_v3&states=listing" "tx34d510375e204a28afd58-00697a41c7" "proxy-server 20" 0.0016 "-" 20 0
Jan 28 17:05:11 standalone proxy-server[130288]: 172.18.0.2 172.18.0.100 28/Jan/2026/17/05/11 GET /v1/AUTH_31d3a527839a466a8e954dac4cacc9dd/gnocchi.d5faa6db-a7c6-4211-b1c7-fbdc2218d986%3Fformat%3Djson%26marker%3Dnone_v3%26states%3Dlisting HTTP/1.0 200 - python-swiftclient-3.11.1 gAAAAABpekFC9ymC... - 2 - tx34d510375e204a28afd58-00697a41c7 - 0.0068 - - 1769619911.171892643 1769619911.178662062 0
Jan 28 17:05:11 standalone object-server[128710]: 172.20.0.100 - - [28/Jan/2026:17:05:11 +0000] "GET /d1/195/AUTH_31d3a527839a466a8e954dac4cacc9dd/gnocchi.d5faa6db-a7c6-4211-b1c7-fbdc2218d986/1769040000.0_mean_300.0_v3" 200 16 "GET http://172.18.0.2:8080/v1/AUTH_31d3a527839a466a8e954dac4cacc9dd/gnocchi.d5faa6db-a7c6-4211-b1c7-fbdc2218d986/1769040000.0_mean_300.0_v3" "txdc525f8c3e7e46bf910d1-00697a41c7" "proxy-server 20" 0.0006 "-" 23 0
Jan 28 17:05:11 standalone proxy-server[130288]: 172.18.0.2 172.18.0.100 28/Jan/2026/17/05/11 GET /v1/AUTH_31d3a527839a466a8e954dac4cacc9dd/gnocchi.d5faa6db-a7c6-4211-b1c7-fbdc2218d986/1769040000.0_mean_300.0_v3 HTTP/1.0 200 - python-swiftclient-3.11.1 gAAAAABpekFC9ymC... - 16 - txdc525f8c3e7e46bf910d1-00697a41c7 - 0.0049 - - 1769619911.181324720 1769619911.186263800 0
Jan 28 17:05:11 standalone container-server[128353]: 172.20.0.100 - - [28/Jan/2026:17:05:11 +0000] "PUT /d1/632/AUTH_31d3a527839a466a8e954dac4cacc9dd/gnocchi.d5faa6db-a7c6-4211-b1c7-fbdc2218d986/1769040000.0_mean_300.0_v3" 201 - "PUT http://172.18.0.2:8080/d1/195/AUTH_31d3a527839a466a8e954dac4cacc9dd/gnocchi.d5faa6db-a7c6-4211-b1c7-fbdc2218d986/1769040000.0_mean_300.0_v3" "txbcf0a49751ae4b53934f5-00697a41c7" "object-server 24" 0.0004 "-" 22 0
Jan 28 17:05:11 standalone object-server[128711]: 172.20.0.100 - - [28/Jan/2026:17:05:11 +0000] "PUT /d1/195/AUTH_31d3a527839a466a8e954dac4cacc9dd/gnocchi.d5faa6db-a7c6-4211-b1c7-fbdc2218d986/1769040000.0_mean_300.0_v3" 201 - "PUT http://172.18.0.2:8080/v1/AUTH_31d3a527839a466a8e954dac4cacc9dd/gnocchi.d5faa6db-a7c6-4211-b1c7-fbdc2218d986/1769040000.0_mean_300.0_v3" "txbcf0a49751ae4b53934f5-00697a41c7" "proxy-server 20" 0.0097 "-" 24 0
Jan 28 17:05:11 standalone proxy-server[130288]: 172.18.0.2 172.18.0.100 28/Jan/2026/17/05/11 PUT /v1/AUTH_31d3a527839a466a8e954dac4cacc9dd/gnocchi.d5faa6db-a7c6-4211-b1c7-fbdc2218d986/1769040000.0_mean_300.0_v3 HTTP/1.0 201 - python-swiftclient-3.11.1 gAAAAABpekFC9ymC... 16 - - txbcf0a49751ae4b53934f5-00697a41c7 - 0.0136 - - 1769619911.188223839 1769619911.201854944 0
Jan 28 17:05:11 standalone container-server[128342]: 172.20.0.100 - - [28/Jan/2026:17:05:11 +0000] "PUT /d1/632/AUTH_31d3a527839a466a8e954dac4cacc9dd/gnocchi.d5faa6db-a7c6-4211-b1c7-fbdc2218d986/none_v3" 201 - "PUT http://172.18.0.2:8080/d1/873/AUTH_31d3a527839a466a8e954dac4cacc9dd/gnocchi.d5faa6db-a7c6-4211-b1c7-fbdc2218d986/none_v3" "txa7ecb99d04d849dcb1b42-00697a41c7" "object-server 25" 0.0005 "-" 21 0
Jan 28 17:05:11 standalone object-server[128712]: 172.20.0.100 - - [28/Jan/2026:17:05:11 +0000] "PUT /d1/873/AUTH_31d3a527839a466a8e954dac4cacc9dd/gnocchi.d5faa6db-a7c6-4211-b1c7-fbdc2218d986/none_v3" 201 - "PUT http://172.18.0.2:8080/v1/AUTH_31d3a527839a466a8e954dac4cacc9dd/gnocchi.d5faa6db-a7c6-4211-b1c7-fbdc2218d986/none_v3" "txa7ecb99d04d849dcb1b42-00697a41c7" "proxy-server 20" 0.0104 "-" 25 0
Jan 28 17:05:11 standalone proxy-server[130288]: 172.18.0.2 172.18.0.100 28/Jan/2026/17/05/11 PUT /v1/AUTH_31d3a527839a466a8e954dac4cacc9dd/gnocchi.d5faa6db-a7c6-4211-b1c7-fbdc2218d986/none_v3 HTTP/1.0 201 - python-swiftclient-3.11.1 gAAAAABpekFC9ymC... 46 - - txa7ecb99d04d849dcb1b42-00697a41c7 - 0.0147 - - 1769619911.204107761 1769619911.218847513 0
Jan 28 17:05:11 standalone object-server[128709]: 172.20.0.100 - - [28/Jan/2026:17:05:11 +0000] "GET /d1/873/AUTH_31d3a527839a466a8e954dac4cacc9dd/gnocchi.d5faa6db-a7c6-4211-b1c7-fbdc2218d986/none_v3" 200 46 "GET http://172.18.0.2:8080/v1/AUTH_31d3a527839a466a8e954dac4cacc9dd/gnocchi.d5faa6db-a7c6-4211-b1c7-fbdc2218d986/none_v3" "txa44a4e73f4f14201b2ed0-00697a41c7" "proxy-server 20" 0.0007 "-" 22 0
Jan 28 17:05:11 standalone proxy-server[130288]: 172.18.0.2 172.18.0.100 28/Jan/2026/17/05/11 GET /v1/AUTH_31d3a527839a466a8e954dac4cacc9dd/gnocchi.d5faa6db-a7c6-4211-b1c7-fbdc2218d986/none_v3 HTTP/1.0 200 - python-swiftclient-3.11.1 gAAAAABpekFC9ymC... - 46 - txa44a4e73f4f14201b2ed0-00697a41c7 - 0.0063 - - 1769619911.856197596 1769619911.862536430 0
Jan 28 17:05:11 standalone container-server[128353]: 172.20.0.100 - - [28/Jan/2026:17:05:11 +0000] "GET /d1/632/AUTH_31d3a527839a466a8e954dac4cacc9dd/gnocchi.d5faa6db-a7c6-4211-b1c7-fbdc2218d986" 200 357 "GET http://172.18.0.2:8080/v1/AUTH_31d3a527839a466a8e954dac4cacc9dd/gnocchi.d5faa6db-a7c6-4211-b1c7-fbdc2218d986?format=json&states=listing" "txf45f7fb61d924fb08105b-00697a41c7" "proxy-server 20" 0.0066 "-" 22 0
Jan 28 17:05:11 standalone proxy-server[130288]: 172.18.0.2 172.18.0.100 28/Jan/2026/17/05/11 GET /v1/AUTH_31d3a527839a466a8e954dac4cacc9dd/gnocchi.d5faa6db-a7c6-4211-b1c7-fbdc2218d986%3Fformat%3Djson%26states%3Dlisting HTTP/1.0 200 - python-swiftclient-3.11.1 gAAAAABpekFC9ymC... - 357 - txf45f7fb61d924fb08105b-00697a41c7 - 0.0138 - - 1769619911.865815639 1769619911.879623413 0
Jan 28 17:05:11 standalone container-server[128353]: 172.20.0.100 - - [28/Jan/2026:17:05:11 +0000] "GET /d1/632/AUTH_31d3a527839a466a8e954dac4cacc9dd/gnocchi.d5faa6db-a7c6-4211-b1c7-fbdc2218d986" 200 2 "GET http://172.18.0.2:8080/v1/AUTH_31d3a527839a466a8e954dac4cacc9dd/gnocchi.d5faa6db-a7c6-4211-b1c7-fbdc2218d986?format=json&marker=none_v3&states=listing" "tx263b7920c7c94b99a3968-00697a41c7" "proxy-server 20" 0.0024 "-" 22 0
Jan 28 17:05:11 standalone proxy-server[130288]: 172.18.0.2 172.18.0.100 28/Jan/2026/17/05/11 GET /v1/AUTH_31d3a527839a466a8e954dac4cacc9dd/gnocchi.d5faa6db-a7c6-4211-b1c7-fbdc2218d986%3Fformat%3Djson%26marker%3Dnone_v3%26states%3Dlisting HTTP/1.0 200 - python-swiftclient-3.11.1 gAAAAABpekFC9ymC... - 2 - tx263b7920c7c94b99a3968-00697a41c7 - 0.0073 - - 1769619911.882637262 1769619911.889959097 0
Jan 28 17:05:11 standalone object-server[128710]: 172.20.0.100 - - [28/Jan/2026:17:05:11 +0000] "GET /d1/195/AUTH_31d3a527839a466a8e954dac4cacc9dd/gnocchi.d5faa6db-a7c6-4211-b1c7-fbdc2218d986/1769040000.0_mean_300.0_v3" 200 16 "GET http://172.18.0.2:8080/v1/AUTH_31d3a527839a466a8e954dac4cacc9dd/gnocchi.d5faa6db-a7c6-4211-b1c7-fbdc2218d986/1769040000.0_mean_300.0_v3" "tx4794efbfa1a644b98a5bd-00697a41c7" "proxy-server 20" 0.0009 "-" 23 0
Jan 28 17:05:11 standalone proxy-server[130288]: 172.18.0.2 172.18.0.100 28/Jan/2026/17/05/11 GET /v1/AUTH_31d3a527839a466a8e954dac4cacc9dd/gnocchi.d5faa6db-a7c6-4211-b1c7-fbdc2218d986/1769040000.0_mean_300.0_v3 HTTP/1.0 200 - python-swiftclient-3.11.1 gAAAAABpekFC9ymC... - 16 - tx4794efbfa1a644b98a5bd-00697a41c7 - 0.0064 - - 1769619911.893495798 1769619911.899930716 0
Jan 28 17:05:11 standalone container-server[128342]: 172.20.0.100 - - [28/Jan/2026:17:05:11 +0000] "PUT /d1/632/AUTH_31d3a527839a466a8e954dac4cacc9dd/gnocchi.d5faa6db-a7c6-4211-b1c7-fbdc2218d986/1769040000.0_mean_300.0_v3" 201 - "PUT http://172.18.0.2:8080/d1/195/AUTH_31d3a527839a466a8e954dac4cacc9dd/gnocchi.d5faa6db-a7c6-4211-b1c7-fbdc2218d986/1769040000.0_mean_300.0_v3" "txf10c9ac096ac46ad96194-00697a41c7" "object-server 25" 0.0005 "-" 21 0
Jan 28 17:05:11 standalone object-server[128712]: 172.20.0.100 - - [28/Jan/2026:17:05:11 +0000] "PUT /d1/195/AUTH_31d3a527839a466a8e954dac4cacc9dd/gnocchi.d5faa6db-a7c6-4211-b1c7-fbdc2218d986/1769040000.0_mean_300.0_v3" 201 - "PUT http://172.18.0.2:8080/v1/AUTH_31d3a527839a466a8e954dac4cacc9dd/gnocchi.d5faa6db-a7c6-4211-b1c7-fbdc2218d986/1769040000.0_mean_300.0_v3" "txf10c9ac096ac46ad96194-00697a41c7" "proxy-server 20" 0.0137 "-" 25 0
Jan 28 17:05:11 standalone proxy-server[130288]: 172.18.0.2 172.18.0.100 28/Jan/2026/17/05/11 PUT /v1/AUTH_31d3a527839a466a8e954dac4cacc9dd/gnocchi.d5faa6db-a7c6-4211-b1c7-fbdc2218d986/1769040000.0_mean_300.0_v3 HTTP/1.0 201 - python-swiftclient-3.11.1 gAAAAABpekFC9ymC... 16 - - txf10c9ac096ac46ad96194-00697a41c7 - 0.0184 - - 1769619911.903539896 1769619911.921918869 0
Jan 28 17:05:11 standalone container-server[128297]: 172.20.0.100 - - [28/Jan/2026:17:05:11 +0000] "PUT /d1/632/AUTH_31d3a527839a466a8e954dac4cacc9dd/gnocchi.d5faa6db-a7c6-4211-b1c7-fbdc2218d986/none_v3" 201 - "PUT http://172.18.0.2:8080/d1/873/AUTH_31d3a527839a466a8e954dac4cacc9dd/gnocchi.d5faa6db-a7c6-4211-b1c7-fbdc2218d986/none_v3" "tx59d77a9afd4b44e0a2c00-00697a41c7" "object-server 24" 0.0006 "-" 19 0
Jan 28 17:05:11 standalone object-server[128711]: 172.20.0.100 - - [28/Jan/2026:17:05:11 +0000] "PUT /d1/873/AUTH_31d3a527839a466a8e954dac4cacc9dd/gnocchi.d5faa6db-a7c6-4211-b1c7-fbdc2218d986/none_v3" 201 - "PUT http://172.18.0.2:8080/v1/AUTH_31d3a527839a466a8e954dac4cacc9dd/gnocchi.d5faa6db-a7c6-4211-b1c7-fbdc2218d986/none_v3" "tx59d77a9afd4b44e0a2c00-00697a41c7" "proxy-server 20" 0.0108 "-" 24 0
Jan 28 17:05:11 standalone proxy-server[130288]: 172.18.0.2 172.18.0.100 28/Jan/2026/17/05/11 PUT /v1/AUTH_31d3a527839a466a8e954dac4cacc9dd/gnocchi.d5faa6db-a7c6-4211-b1c7-fbdc2218d986/none_v3 HTTP/1.0 201 - python-swiftclient-3.11.1 gAAAAABpekFC9ymC... 51 - - tx59d77a9afd4b44e0a2c00-00697a41c7 - 0.0197 - - 1769619911.925847769 1769619911.945523739 0
Jan 28 17:05:14 standalone container-server[128353]: 172.20.0.100 - - [28/Jan/2026:17:05:14 +0000] "HEAD /d1/755/AUTH_31d3a527839a466a8e954dac4cacc9dd/gnocchi.513292c3-90ca-4d14-8acd-75c36c57e1c3" 404 - "HEAD http://172.18.0.2:8080/v1/AUTH_31d3a527839a466a8e954dac4cacc9dd/gnocchi.513292c3-90ca-4d14-8acd-75c36c57e1c3?format=json&states=listing" "txf7d4d6ed3b404fd686f94-00697a41ca" "proxy-server 20" 0.0009 "-" 22 0
Jan 28 17:05:14 standalone object-server[128712]: 172.20.0.100 - - [28/Jan/2026:17:05:14 +0000] "GET /d1/482/AUTH_31d3a527839a466a8e954dac4cacc9dd/gnocchi.513292c3-90ca-4d14-8acd-75c36c57e1c3/none_v3" 404 70 "GET http://172.18.0.2:8080/v1/AUTH_31d3a527839a466a8e954dac4cacc9dd/gnocchi.513292c3-90ca-4d14-8acd-75c36c57e1c3/none_v3" "txf7d4d6ed3b404fd686f94-00697a41ca" "proxy-server 20" 0.0009 "-" 25 0
Jan 28 17:05:14 standalone proxy-server[130288]: 172.18.0.2 172.18.0.100 28/Jan/2026/17/05/14 GET /v1/AUTH_31d3a527839a466a8e954dac4cacc9dd/gnocchi.513292c3-90ca-4d14-8acd-75c36c57e1c3/none_v3 HTTP/1.0 404 - python-swiftclient-3.11.1 gAAAAABpekFC9ymC... - 70 - txf7d4d6ed3b404fd686f94-00697a41ca - 0.0184 - - 1769619914.795042038 1769619914.813400269 0
Jan 28 17:05:14 standalone account-server[128424]: 172.20.0.100 - - [28/Jan/2026:17:05:14 +0000] "PUT /d1/408/AUTH_31d3a527839a466a8e954dac4cacc9dd/gnocchi.513292c3-90ca-4d14-8acd-75c36c57e1c3" 201 - "PUT http://172.20.0.100:6001/d1/755/AUTH_31d3a527839a466a8e954dac4cacc9dd/gnocchi.513292c3-90ca-4d14-8acd-75c36c57e1c3" "tx4a5fd887a94547f29e77d-00697a41ca" "container-server 19" 0.0041 "-" 23 0
Jan 28 17:05:14 standalone container-server[128297]: 172.20.0.100 - - [28/Jan/2026:17:05:14 +0000] "PUT /d1/755/AUTH_31d3a527839a466a8e954dac4cacc9dd/gnocchi.513292c3-90ca-4d14-8acd-75c36c57e1c3" 201 - "PUT http://172.18.0.2:8080/v1/AUTH_31d3a527839a466a8e954dac4cacc9dd/gnocchi.513292c3-90ca-4d14-8acd-75c36c57e1c3" "tx4a5fd887a94547f29e77d-00697a41ca" "proxy-server 20" 0.0175 "-" 19 0
Jan 28 17:05:14 standalone proxy-server[130288]: 172.18.0.2 172.18.0.100 28/Jan/2026/17/05/14 PUT /v1/AUTH_31d3a527839a466a8e954dac4cacc9dd/gnocchi.513292c3-90ca-4d14-8acd-75c36c57e1c3 HTTP/1.0 201 - python-swiftclient-3.11.1 gAAAAABpekFC9ymC... - - - tx4a5fd887a94547f29e77d-00697a41ca - 0.0257 - - 1769619914.818403721 1769619914.844063282 0
Jan 28 17:05:14 standalone container-server[128353]: 172.20.0.100 - - [28/Jan/2026:17:05:14 +0000] "HEAD /d1/755/AUTH_31d3a527839a466a8e954dac4cacc9dd/gnocchi.513292c3-90ca-4d14-8acd-75c36c57e1c3" 204 - "HEAD http://172.18.0.2:8080/v1/AUTH_31d3a527839a466a8e954dac4cacc9dd/gnocchi.513292c3-90ca-4d14-8acd-75c36c57e1c3?format=json&states=listing" "tx88add28bf1d94dc6a848d-00697a41ca" "proxy-server 20" 0.0021 "-" 22 0
Jan 28 17:05:14 standalone proxy-server[130288]: - - 28/Jan/2026/17/05/14 HEAD /v1/AUTH_31d3a527839a466a8e954dac4cacc9dd/gnocchi.513292c3-90ca-4d14-8acd-75c36c57e1c3%3Fformat%3Djson%26states%3Dlisting HTTP/1.0 204 - Swift - - - - tx88add28bf1d94dc6a848d-00697a41ca - 0.0086 RL - 1769619914.850774527 1769619914.859338760 0
Jan 28 17:05:14 standalone container-server[128297]: 172.20.0.100 - - [28/Jan/2026:17:05:14 +0000] "GET /d1/755/AUTH_31d3a527839a466a8e954dac4cacc9dd/gnocchi.513292c3-90ca-4d14-8acd-75c36c57e1c3" 200 2 "GET http://172.18.0.2:8080/v1/AUTH_31d3a527839a466a8e954dac4cacc9dd/gnocchi.513292c3-90ca-4d14-8acd-75c36c57e1c3?format=json&states=listing" "tx88add28bf1d94dc6a848d-00697a41ca" "proxy-server 20" 0.0040 "-" 19 0
Jan 28 17:05:14 standalone proxy-server[130288]: 172.18.0.2 172.18.0.100 28/Jan/2026/17/05/14 GET /v1/AUTH_31d3a527839a466a8e954dac4cacc9dd/gnocchi.513292c3-90ca-4d14-8acd-75c36c57e1c3%3Fformat%3Djson%26states%3Dlisting HTTP/1.0 200 - python-swiftclient-3.11.1 gAAAAABpekFC9ymC... - 2 - tx88add28bf1d94dc6a848d-00697a41ca - 0.0318 - - 1769619914.849028349 1769619914.880837917 0
Jan 28 17:05:14 standalone object-server[128711]: 172.20.0.100 - - [28/Jan/2026:17:05:14 +0000] "GET /d1/945/AUTH_31d3a527839a466a8e954dac4cacc9dd/gnocchi.513292c3-90ca-4d14-8acd-75c36c57e1c3/1769040000.0_mean_300.0_v3" 404 70 "GET http://172.18.0.2:8080/v1/AUTH_31d3a527839a466a8e954dac4cacc9dd/gnocchi.513292c3-90ca-4d14-8acd-75c36c57e1c3/1769040000.0_mean_300.0_v3" "tx3f3a5ed2368a48e0bcf3c-00697a41ca" "proxy-server 20" 0.0005 "-" 24 0
Jan 28 17:05:14 standalone proxy-server[130288]: 172.18.0.2 172.18.0.100 28/Jan/2026/17/05/14 GET /v1/AUTH_31d3a527839a466a8e954dac4cacc9dd/gnocchi.513292c3-90ca-4d14-8acd-75c36c57e1c3/1769040000.0_mean_300.0_v3 HTTP/1.0 404 - python-swiftclient-3.11.1 gAAAAABpekFC9ymC... - 70 - tx3f3a5ed2368a48e0bcf3c-00697a41ca - 0.0079 - - 1769619914.888642311 1769619914.896573067 0
Jan 28 17:05:14 standalone container-server[128353]: 172.20.0.100 - - [28/Jan/2026:17:05:14 +0000] "PUT /d1/755/AUTH_31d3a527839a466a8e954dac4cacc9dd/gnocchi.513292c3-90ca-4d14-8acd-75c36c57e1c3/1769040000.0_mean_300.0_v3" 201 - "PUT http://172.18.0.2:8080/d1/945/AUTH_31d3a527839a466a8e954dac4cacc9dd/gnocchi.513292c3-90ca-4d14-8acd-75c36c57e1c3/1769040000.0_mean_300.0_v3" "txa0ffa1c72fe947789357e-00697a41ca" "object-server 24" 0.0009 "-" 22 0
Jan 28 17:05:14 standalone object-server[128711]: 172.20.0.100 - - [28/Jan/2026:17:05:14 +0000] "PUT /d1/945/AUTH_31d3a527839a466a8e954dac4cacc9dd/gnocchi.513292c3-90ca-4d14-8acd-75c36c57e1c3/1769040000.0_mean_300.0_v3" 201 - "PUT http://172.18.0.2:8080/v1/AUTH_31d3a527839a466a8e954dac4cacc9dd/gnocchi.513292c3-90ca-4d14-8acd-75c36c57e1c3/1769040000.0_mean_300.0_v3" "txa0ffa1c72fe947789357e-00697a41ca" "proxy-server 20" 0.0135 "-" 24 0
Jan 28 17:05:14 standalone proxy-server[130288]: 172.18.0.2 172.18.0.100 28/Jan/2026/17/05/14 PUT /v1/AUTH_31d3a527839a466a8e954dac4cacc9dd/gnocchi.513292c3-90ca-4d14-8acd-75c36c57e1c3/1769040000.0_mean_300.0_v3 HTTP/1.0 201 - python-swiftclient-3.11.1 gAAAAABpekFC9ymC... 16 - - txa0ffa1c72fe947789357e-00697a41ca - 0.0219 - - 1769619914.900847435 1769619914.922790289 0
Jan 28 17:05:14 standalone container-server[128342]: 172.20.0.100 - - [28/Jan/2026:17:05:14 +0000] "PUT /d1/755/AUTH_31d3a527839a466a8e954dac4cacc9dd/gnocchi.513292c3-90ca-4d14-8acd-75c36c57e1c3/none_v3" 201 - "PUT http://172.18.0.2:8080/d1/482/AUTH_31d3a527839a466a8e954dac4cacc9dd/gnocchi.513292c3-90ca-4d14-8acd-75c36c57e1c3/none_v3" "tx9f5bddbcb1a34cbb988ad-00697a41ca" "object-server 23" 0.0005 "-" 21 0
Jan 28 17:05:14 standalone object-server[128710]: 172.20.0.100 - - [28/Jan/2026:17:05:14 +0000] "PUT /d1/482/AUTH_31d3a527839a466a8e954dac4cacc9dd/gnocchi.513292c3-90ca-4d14-8acd-75c36c57e1c3/none_v3" 201 - "PUT http://172.18.0.2:8080/v1/AUTH_31d3a527839a466a8e954dac4cacc9dd/gnocchi.513292c3-90ca-4d14-8acd-75c36c57e1c3/none_v3" "tx9f5bddbcb1a34cbb988ad-00697a41ca" "proxy-server 20" 0.0216 "-" 23 0
Jan 28 17:05:14 standalone proxy-server[130288]: 172.18.0.2 172.18.0.100 28/Jan/2026/17/05/14 PUT /v1/AUTH_31d3a527839a466a8e954dac4cacc9dd/gnocchi.513292c3-90ca-4d14-8acd-75c36c57e1c3/none_v3 HTTP/1.0 201 - python-swiftclient-3.11.1 gAAAAABpekFC9ymC... 22 - - tx9f5bddbcb1a34cbb988ad-00697a41ca - 0.0359 - - 1769619914.929593563 1769619914.965533972 0
Jan 28 17:05:14 standalone container-server[128312]: 172.20.0.100 - - [28/Jan/2026:17:05:14 +0000] "HEAD /d1/549/AUTH_31d3a527839a466a8e954dac4cacc9dd/gnocchi.cafe8ad5-1e44-4422-844a-d3717afa5f63" 404 - "HEAD http://172.18.0.2:8080/v1/AUTH_31d3a527839a466a8e954dac4cacc9dd/gnocchi.cafe8ad5-1e44-4422-844a-d3717afa5f63?format=json&states=listing" "txd4531de2545b4c608a5c6-00697a41ca" "proxy-server 20" 0.0005 "-" 20 0
Jan 28 17:05:14 standalone object-server[128712]: 172.20.0.100 - - [28/Jan/2026:17:05:14 +0000] "GET /d1/626/AUTH_31d3a527839a466a8e954dac4cacc9dd/gnocchi.cafe8ad5-1e44-4422-844a-d3717afa5f63/none_v3" 404 70 "GET http://172.18.0.2:8080/v1/AUTH_31d3a527839a466a8e954dac4cacc9dd/gnocchi.cafe8ad5-1e44-4422-844a-d3717afa5f63/none_v3" "txd4531de2545b4c608a5c6-00697a41ca" "proxy-server 20" 0.0009 "-" 25 0
Jan 28 17:05:14 standalone proxy-server[130288]: 172.18.0.2 172.18.0.100 28/Jan/2026/17/05/14 GET /v1/AUTH_31d3a527839a466a8e954dac4cacc9dd/gnocchi.cafe8ad5-1e44-4422-844a-d3717afa5f63/none_v3 HTTP/1.0 404 - python-swiftclient-3.11.1 gAAAAABpekFC9ymC... - 70 - txd4531de2545b4c608a5c6-00697a41ca - 0.0180 - - 1769619914.981519461 1769619914.999485731 0
Jan 28 17:05:15 standalone account-server[128375]: 172.20.0.100 - - [28/Jan/2026:17:05:15 +0000] "PUT /d1/408/AUTH_31d3a527839a466a8e954dac4cacc9dd/gnocchi.cafe8ad5-1e44-4422-844a-d3717afa5f63" 201 - "PUT http://172.20.0.100:6001/d1/549/AUTH_31d3a527839a466a8e954dac4cacc9dd/gnocchi.cafe8ad5-1e44-4422-844a-d3717afa5f63" "txa0792b4b9b2a4583918de-00697a41cb" "container-server 22" 0.0053 "-" 19 0
Jan 28 17:05:15 standalone container-server[128353]: 172.20.0.100 - - [28/Jan/2026:17:05:15 +0000] "PUT /d1/549/AUTH_31d3a527839a466a8e954dac4cacc9dd/gnocchi.cafe8ad5-1e44-4422-844a-d3717afa5f63" 201 - "PUT http://172.18.0.2:8080/v1/AUTH_31d3a527839a466a8e954dac4cacc9dd/gnocchi.cafe8ad5-1e44-4422-844a-d3717afa5f63" "txa0792b4b9b2a4583918de-00697a41cb" "proxy-server 20" 0.0226 "-" 22 0
Jan 28 17:05:15 standalone proxy-server[130288]: 172.18.0.2 172.18.0.100 28/Jan/2026/17/05/15 PUT /v1/AUTH_31d3a527839a466a8e954dac4cacc9dd/gnocchi.cafe8ad5-1e44-4422-844a-d3717afa5f63 HTTP/1.0 201 - python-swiftclient-3.11.1 gAAAAABpekFC9ymC... - - - txa0792b4b9b2a4583918de-00697a41cb - 0.0298 - - 1769619915.004523754 1769619915.034302235 0
Jan 28 17:05:15 standalone container-server[128312]: 172.20.0.100 - - [28/Jan/2026:17:05:15 +0000] "HEAD /d1/549/AUTH_31d3a527839a466a8e954dac4cacc9dd/gnocchi.cafe8ad5-1e44-4422-844a-d3717afa5f63" 204 - "HEAD http://172.18.0.2:8080/v1/AUTH_31d3a527839a466a8e954dac4cacc9dd/gnocchi.cafe8ad5-1e44-4422-844a-d3717afa5f63?format=json&states=listing" "txac626d4dc70f4ccc853af-00697a41cb" "proxy-server 20" 0.0029 "-" 20 0
Jan 28 17:05:15 standalone proxy-server[130288]: - - 28/Jan/2026/17/05/15 HEAD /v1/AUTH_31d3a527839a466a8e954dac4cacc9dd/gnocchi.cafe8ad5-1e44-4422-844a-d3717afa5f63%3Fformat%3Djson%26states%3Dlisting HTTP/1.0 204 - Swift - - - - txac626d4dc70f4ccc853af-00697a41cb - 0.0102 RL - 1769619915.044999599 1769619915.055214167 0
Jan 28 17:05:15 standalone container-server[128342]: 172.20.0.100 - - [28/Jan/2026:17:05:15 +0000] "GET /d1/549/AUTH_31d3a527839a466a8e954dac4cacc9dd/gnocchi.cafe8ad5-1e44-4422-844a-d3717afa5f63" 200 2 "GET http://172.18.0.2:8080/v1/AUTH_31d3a527839a466a8e954dac4cacc9dd/gnocchi.cafe8ad5-1e44-4422-844a-d3717afa5f63?format=json&states=listing" "txac626d4dc70f4ccc853af-00697a41cb" "proxy-server 20" 0.0044 "-" 21 0
Jan 28 17:05:15 standalone proxy-server[130288]: 172.18.0.2 172.18.0.100 28/Jan/2026/17/05/15 GET /v1/AUTH_31d3a527839a466a8e954dac4cacc9dd/gnocchi.cafe8ad5-1e44-4422-844a-d3717afa5f63%3Fformat%3Djson%26states%3Dlisting HTTP/1.0 200 - python-swiftclient-3.11.1 gAAAAABpekFC9ymC... - 2 - txac626d4dc70f4ccc853af-00697a41cb - 0.0287 - - 1769619915.042002201 1769619915.070685148 0
Jan 28 17:05:15 standalone object-server[128712]: 172.20.0.100 - - [28/Jan/2026:17:05:15 +0000] "GET /d1/801/AUTH_31d3a527839a466a8e954dac4cacc9dd/gnocchi.cafe8ad5-1e44-4422-844a-d3717afa5f63/1769040000.0_mean_300.0_v3" 404 70 "GET http://172.18.0.2:8080/v1/AUTH_31d3a527839a466a8e954dac4cacc9dd/gnocchi.cafe8ad5-1e44-4422-844a-d3717afa5f63/1769040000.0_mean_300.0_v3" "txa06972bad03f4a968bc04-00697a41cb" "proxy-server 20" 0.0004 "-" 25 0
Jan 28 17:05:15 standalone proxy-server[130288]: 172.18.0.2 172.18.0.100 28/Jan/2026/17/05/15 GET /v1/AUTH_31d3a527839a466a8e954dac4cacc9dd/gnocchi.cafe8ad5-1e44-4422-844a-d3717afa5f63/1769040000.0_mean_300.0_v3 HTTP/1.0 404 - python-swiftclient-3.11.1 gAAAAABpekFC9ymC... - 70 - txa06972bad03f4a968bc04-00697a41cb - 0.0079 - - 1769619915.078181267 1769619915.086092472 0
Jan 28 17:05:15 standalone container-server[128312]: 172.20.0.100 - - [28/Jan/2026:17:05:15 +0000] "PUT /d1/549/AUTH_31d3a527839a466a8e954dac4cacc9dd/gnocchi.cafe8ad5-1e44-4422-844a-d3717afa5f63/1769040000.0_mean_300.0_v3" 201 - "PUT http://172.18.0.2:8080/d1/801/AUTH_31d3a527839a466a8e954dac4cacc9dd/gnocchi.cafe8ad5-1e44-4422-844a-d3717afa5f63/1769040000.0_mean_300.0_v3" "tx0cae14ecfff14451b5759-00697a41cb" "object-server 22" 0.0007 "-" 20 0
Jan 28 17:05:15 standalone object-server[128709]: 172.20.0.100 - - [28/Jan/2026:17:05:15 +0000] "PUT /d1/801/AUTH_31d3a527839a466a8e954dac4cacc9dd/gnocchi.cafe8ad5-1e44-4422-844a-d3717afa5f63/1769040000.0_mean_300.0_v3" 201 - "PUT http://172.18.0.2:8080/v1/AUTH_31d3a527839a466a8e954dac4cacc9dd/gnocchi.cafe8ad5-1e44-4422-844a-d3717afa5f63/1769040000.0_mean_300.0_v3" "tx0cae14ecfff14451b5759-00697a41cb" "proxy-server 20" 0.0162 "-" 22 0
Jan 28 17:05:15 standalone proxy-server[130288]: 172.18.0.2 172.18.0.100 28/Jan/2026/17/05/15 PUT /v1/AUTH_31d3a527839a466a8e954dac4cacc9dd/gnocchi.cafe8ad5-1e44-4422-844a-d3717afa5f63/1769040000.0_mean_300.0_v3 HTTP/1.0 201 - python-swiftclient-3.11.1 gAAAAABpekFC9ymC... 16 - - tx0cae14ecfff14451b5759-00697a41cb - 0.0253 - - 1769619915.090199471 1769619915.115492821 0
Jan 28 17:05:15 standalone container-server[128342]: 172.20.0.100 - - [28/Jan/2026:17:05:15 +0000] "PUT /d1/549/AUTH_31d3a527839a466a8e954dac4cacc9dd/gnocchi.cafe8ad5-1e44-4422-844a-d3717afa5f63/none_v3" 201 - "PUT http://172.18.0.2:8080/d1/626/AUTH_31d3a527839a466a8e954dac4cacc9dd/gnocchi.cafe8ad5-1e44-4422-844a-d3717afa5f63/none_v3" "tx2a816d6dd49f47beaa193-00697a41cb" "object-server 24" 0.0009 "-" 21 0
Jan 28 17:05:15 standalone object-server[128711]: 172.20.0.100 - - [28/Jan/2026:17:05:15 +0000] "PUT /d1/626/AUTH_31d3a527839a466a8e954dac4cacc9dd/gnocchi.cafe8ad5-1e44-4422-844a-d3717afa5f63/none_v3" 201 - "PUT http://172.18.0.2:8080/v1/AUTH_31d3a527839a466a8e954dac4cacc9dd/gnocchi.cafe8ad5-1e44-4422-844a-d3717afa5f63/none_v3" "tx2a816d6dd49f47beaa193-00697a41cb" "proxy-server 20" 0.0129 "-" 24 0
Jan 28 17:05:15 standalone proxy-server[130288]: 172.18.0.2 172.18.0.100 28/Jan/2026/17/05/15 PUT /v1/AUTH_31d3a527839a466a8e954dac4cacc9dd/gnocchi.cafe8ad5-1e44-4422-844a-d3717afa5f63/none_v3 HTTP/1.0 201 - python-swiftclient-3.11.1 gAAAAABpekFC9ymC... 22 - - tx2a816d6dd49f47beaa193-00697a41cb - 0.0198 - - 1769619915.118557930 1769619915.138327360 0
Jan 28 17:05:15 standalone container-server[128342]: 172.20.0.100 - - [28/Jan/2026:17:05:15 +0000] "HEAD /d1/654/AUTH_31d3a527839a466a8e954dac4cacc9dd/gnocchi.1bb52975-9f39-46ae-bcd9-7e63e0737ab9" 404 - "HEAD http://172.18.0.2:8080/v1/AUTH_31d3a527839a466a8e954dac4cacc9dd/gnocchi.1bb52975-9f39-46ae-bcd9-7e63e0737ab9?format=json&states=listing" "txd88574602a4d43adb7e08-00697a41cb" "proxy-server 20" 0.0004 "-" 21 0
Jan 28 17:05:15 standalone object-server[128710]: 172.20.0.100 - - [28/Jan/2026:17:05:15 +0000] "GET /d1/30/AUTH_31d3a527839a466a8e954dac4cacc9dd/gnocchi.1bb52975-9f39-46ae-bcd9-7e63e0737ab9/none_v3" 404 70 "GET http://172.18.0.2:8080/v1/AUTH_31d3a527839a466a8e954dac4cacc9dd/gnocchi.1bb52975-9f39-46ae-bcd9-7e63e0737ab9/none_v3" "txd88574602a4d43adb7e08-00697a41cb" "proxy-server 20" 0.0004 "-" 23 0
Jan 28 17:05:15 standalone proxy-server[130288]: 172.18.0.2 172.18.0.100 28/Jan/2026/17/05/15 GET /v1/AUTH_31d3a527839a466a8e954dac4cacc9dd/gnocchi.1bb52975-9f39-46ae-bcd9-7e63e0737ab9/none_v3 HTTP/1.0 404 - python-swiftclient-3.11.1 gAAAAABpekFC9ymC... - 70 - txd88574602a4d43adb7e08-00697a41cb - 0.0112 - - 1769619915.149966002 1769619915.161130190 0
Jan 28 17:05:15 standalone account-server[128414]: 172.20.0.100 - - [28/Jan/2026:17:05:15 +0000] "PUT /d1/408/AUTH_31d3a527839a466a8e954dac4cacc9dd/gnocchi.1bb52975-9f39-46ae-bcd9-7e63e0737ab9" 201 - "PUT http://172.20.0.100:6001/d1/654/AUTH_31d3a527839a466a8e954dac4cacc9dd/gnocchi.1bb52975-9f39-46ae-bcd9-7e63e0737ab9" "tx51e816095fe14322a002c-00697a41cb" "container-server 21" 0.0068 "-" 22 0
Jan 28 17:05:15 standalone container-server[128342]: 172.20.0.100 - - [28/Jan/2026:17:05:15 +0000] "PUT /d1/654/AUTH_31d3a527839a466a8e954dac4cacc9dd/gnocchi.1bb52975-9f39-46ae-bcd9-7e63e0737ab9" 201 - "PUT http://172.18.0.2:8080/v1/AUTH_31d3a527839a466a8e954dac4cacc9dd/gnocchi.1bb52975-9f39-46ae-bcd9-7e63e0737ab9" "tx51e816095fe14322a002c-00697a41cb" "proxy-server 20" 0.0233 "-" 21 0
Jan 28 17:05:15 standalone proxy-server[130288]: 172.18.0.2 172.18.0.100 28/Jan/2026/17/05/15 PUT /v1/AUTH_31d3a527839a466a8e954dac4cacc9dd/gnocchi.1bb52975-9f39-46ae-bcd9-7e63e0737ab9 HTTP/1.0 201 - python-swiftclient-3.11.1 gAAAAABpekFC9ymC... - - - tx51e816095fe14322a002c-00697a41cb - 0.0318 - - 1769619915.164613962 1769619915.196431398 0
Jan 28 17:05:15 standalone container-server[128312]: 172.20.0.100 - - [28/Jan/2026:17:05:15 +0000] "HEAD /d1/654/AUTH_31d3a527839a466a8e954dac4cacc9dd/gnocchi.1bb52975-9f39-46ae-bcd9-7e63e0737ab9" 204 - "HEAD http://172.18.0.2:8080/v1/AUTH_31d3a527839a466a8e954dac4cacc9dd/gnocchi.1bb52975-9f39-46ae-bcd9-7e63e0737ab9?format=json&states=listing" "tx9f825e957e104898a8c46-00697a41cb" "proxy-server 20" 0.0023 "-" 20 0
Jan 28 17:05:15 standalone proxy-server[130288]: - - 28/Jan/2026/17/05/15 HEAD /v1/AUTH_31d3a527839a466a8e954dac4cacc9dd/gnocchi.1bb52975-9f39-46ae-bcd9-7e63e0737ab9%3Fformat%3Djson%26states%3Dlisting HTTP/1.0 204 - Swift - - - - tx9f825e957e104898a8c46-00697a41cb - 0.0080 RL - 1769619915.205198050 1769619915.213202477 0
Jan 28 17:05:15 standalone container-server[128297]: 172.20.0.100 - - [28/Jan/2026:17:05:15 +0000] "GET /d1/654/AUTH_31d3a527839a466a8e954dac4cacc9dd/gnocchi.1bb52975-9f39-46ae-bcd9-7e63e0737ab9" 200 2 "GET http://172.18.0.2:8080/v1/AUTH_31d3a527839a466a8e954dac4cacc9dd/gnocchi.1bb52975-9f39-46ae-bcd9-7e63e0737ab9?format=json&states=listing" "tx9f825e957e104898a8c46-00697a41cb" "proxy-server 20" 0.0034 "-" 19 0
Jan 28 17:05:15 standalone proxy-server[130288]: 172.18.0.2 172.18.0.100 28/Jan/2026/17/05/15 GET /v1/AUTH_31d3a527839a466a8e954dac4cacc9dd/gnocchi.1bb52975-9f39-46ae-bcd9-7e63e0737ab9%3Fformat%3Djson%26states%3Dlisting HTTP/1.0 200 - python-swiftclient-3.11.1 gAAAAABpekFC9ymC... - 2 - tx9f825e957e104898a8c46-00697a41cb - 0.0228 - - 1769619915.203209877 1769619915.225999594 0
Jan 28 17:05:15 standalone object-server[128709]: 172.20.0.100 - - [28/Jan/2026:17:05:15 +0000] "GET /d1/270/AUTH_31d3a527839a466a8e954dac4cacc9dd/gnocchi.1bb52975-9f39-46ae-bcd9-7e63e0737ab9/1769040000.0_mean_300.0_v3" 404 70 "GET http://172.18.0.2:8080/v1/AUTH_31d3a527839a466a8e954dac4cacc9dd/gnocchi.1bb52975-9f39-46ae-bcd9-7e63e0737ab9/1769040000.0_mean_300.0_v3" "txae394ceb5e9f47cfb0004-00697a41cb" "proxy-server 20" 0.0006 "-" 22 0
Jan 28 17:05:15 standalone proxy-server[130288]: 172.18.0.2 172.18.0.100 28/Jan/2026/17/05/15 GET /v1/AUTH_31d3a527839a466a8e954dac4cacc9dd/gnocchi.1bb52975-9f39-46ae-bcd9-7e63e0737ab9/1769040000.0_mean_300.0_v3 HTTP/1.0 404 - python-swiftclient-3.11.1 gAAAAABpekFC9ymC... - 70 - txae394ceb5e9f47cfb0004-00697a41cb - 0.0085 - - 1769619915.233955860 1769619915.242418766 0
Jan 28 17:05:15 standalone container-server[128353]: 172.20.0.100 - - [28/Jan/2026:17:05:15 +0000] "PUT /d1/654/AUTH_31d3a527839a466a8e954dac4cacc9dd/gnocchi.1bb52975-9f39-46ae-bcd9-7e63e0737ab9/1769040000.0_mean_300.0_v3" 201 - "PUT http://172.18.0.2:8080/d1/270/AUTH_31d3a527839a466a8e954dac4cacc9dd/gnocchi.1bb52975-9f39-46ae-bcd9-7e63e0737ab9/1769040000.0_mean_300.0_v3" "txcc9c5f6a18154cb199ed5-00697a41cb" "object-server 25" 0.0009 "-" 22 0
