Jan 28 17:04:47 standalone proxy-server[130288]: 172.18.0.2 172.18.0.100 28/Jan/2026/17/04/47 PUT /v1/AUTH_31d3a527839a466a8e954dac4cacc9dd/gnocchi.7fb8a21b-4043-4c81-bb08-6e1363824cdc HTTP/1.0 201 - python-swiftclient-3.11.1 gAAAAABpekFC9ymC... - - - tx0b6e2bb8fc07400982109-00697a41af - 0.0292 - - 1769619887.881088257 1769619887.910306215 0
Jan 28 17:04:47 standalone container-server[128353]: 172.20.0.100 - - [28/Jan/2026:17:04:47 +0000] "HEAD /d1/702/AUTH_31d3a527839a466a8e954dac4cacc9dd/gnocchi.7fb8a21b-4043-4c81-bb08-6e1363824cdc" 204 - "HEAD http://172.18.0.2:8080/v1/AUTH_31d3a527839a466a8e954dac4cacc9dd/gnocchi.7fb8a21b-4043-4c81-bb08-6e1363824cdc?format=json&states=listing" "txd6da47e2b7f542228bb69-00697a41af" "proxy-server 20" 0.0022 "-" 22 0
Jan 28 17:04:47 standalone proxy-server[130288]: - - 28/Jan/2026/17/04/47 HEAD /v1/AUTH_31d3a527839a466a8e954dac4cacc9dd/gnocchi.7fb8a21b-4043-4c81-bb08-6e1363824cdc%3Fformat%3Djson%26states%3Dlisting HTTP/1.0 204 - Swift - - - - txd6da47e2b7f542228bb69-00697a41af - 0.0079 RL - 1769619887.915938616 1769619887.923871279 0
Jan 28 17:04:47 standalone container-server[128297]: 172.20.0.100 - - [28/Jan/2026:17:04:47 +0000] "GET /d1/702/AUTH_31d3a527839a466a8e954dac4cacc9dd/gnocchi.7fb8a21b-4043-4c81-bb08-6e1363824cdc" 200 2 "GET http://172.18.0.2:8080/v1/AUTH_31d3a527839a466a8e954dac4cacc9dd/gnocchi.7fb8a21b-4043-4c81-bb08-6e1363824cdc?format=json&states=listing" "txd6da47e2b7f542228bb69-00697a41af" "proxy-server 20" 0.0023 "-" 19 0
Jan 28 17:04:47 standalone proxy-server[130288]: 172.18.0.2 172.18.0.100 28/Jan/2026/17/04/47 GET /v1/AUTH_31d3a527839a466a8e954dac4cacc9dd/gnocchi.7fb8a21b-4043-4c81-bb08-6e1363824cdc%3Fformat%3Djson%26states%3Dlisting HTTP/1.0 200 - python-swiftclient-3.11.1 gAAAAABpekFC9ymC... - 2 - txd6da47e2b7f542228bb69-00697a41af - 0.0205 - - 1769619887.914051056 1769619887.934599638 0
Jan 28 17:04:47 standalone object-server[128711]: 172.20.0.100 - - [28/Jan/2026:17:04:47 +0000] "GET /d1/410/AUTH_31d3a527839a466a8e954dac4cacc9dd/gnocchi.7fb8a21b-4043-4c81-bb08-6e1363824cdc/1769040000.0_mean_300.0_v3" 404 70 "GET http://172.18.0.2:8080/v1/AUTH_31d3a527839a466a8e954dac4cacc9dd/gnocchi.7fb8a21b-4043-4c81-bb08-6e1363824cdc/1769040000.0_mean_300.0_v3" "tx43111340043446b9a152f-00697a41af" "proxy-server 20" 0.0005 "-" 24 0
Jan 28 17:04:47 standalone proxy-server[130288]: 172.18.0.2 172.18.0.100 28/Jan/2026/17/04/47 GET /v1/AUTH_31d3a527839a466a8e954dac4cacc9dd/gnocchi.7fb8a21b-4043-4c81-bb08-6e1363824cdc/1769040000.0_mean_300.0_v3 HTTP/1.0 404 - python-swiftclient-3.11.1 gAAAAABpekFC9ymC... - 70 - tx43111340043446b9a152f-00697a41af - 0.0081 - - 1769619887.938335180 1769619887.946446657 0
Jan 28 17:04:47 standalone container-server[128353]: 172.20.0.100 - - [28/Jan/2026:17:04:47 +0000] "PUT /d1/702/AUTH_31d3a527839a466a8e954dac4cacc9dd/gnocchi.7fb8a21b-4043-4c81-bb08-6e1363824cdc/1769040000.0_mean_300.0_v3" 201 - "PUT http://172.18.0.2:8080/d1/410/AUTH_31d3a527839a466a8e954dac4cacc9dd/gnocchi.7fb8a21b-4043-4c81-bb08-6e1363824cdc/1769040000.0_mean_300.0_v3" "txf24b8a1eb7924160b9511-00697a41af" "object-server 23" 0.0009 "-" 22 0
Jan 28 17:04:47 standalone object-server[128710]: 172.20.0.100 - - [28/Jan/2026:17:04:47 +0000] "PUT /d1/410/AUTH_31d3a527839a466a8e954dac4cacc9dd/gnocchi.7fb8a21b-4043-4c81-bb08-6e1363824cdc/1769040000.0_mean_300.0_v3" 201 - "PUT http://172.18.0.2:8080/v1/AUTH_31d3a527839a466a8e954dac4cacc9dd/gnocchi.7fb8a21b-4043-4c81-bb08-6e1363824cdc/1769040000.0_mean_300.0_v3" "txf24b8a1eb7924160b9511-00697a41af" "proxy-server 20" 0.0150 "-" 23 0
Jan 28 17:04:47 standalone proxy-server[130288]: 172.18.0.2 172.18.0.100 28/Jan/2026/17/04/47 PUT /v1/AUTH_31d3a527839a466a8e954dac4cacc9dd/gnocchi.7fb8a21b-4043-4c81-bb08-6e1363824cdc/1769040000.0_mean_300.0_v3 HTTP/1.0 201 - python-swiftclient-3.11.1 gAAAAABpekFC9ymC... 16 - - txf24b8a1eb7924160b9511-00697a41af - 0.0268 - - 1769619887.952178001 1769619887.979009390 0
Jan 28 17:04:48 standalone container-server[128353]: 172.20.0.100 - - [28/Jan/2026:17:04:48 +0000] "PUT /d1/702/AUTH_31d3a527839a466a8e954dac4cacc9dd/gnocchi.7fb8a21b-4043-4c81-bb08-6e1363824cdc/none_v3" 201 - "PUT http://172.18.0.2:8080/d1/56/AUTH_31d3a527839a466a8e954dac4cacc9dd/gnocchi.7fb8a21b-4043-4c81-bb08-6e1363824cdc/none_v3" "txd6d82df507924dd9a10b4-00697a41af" "object-server 22" 0.0008 "-" 22 0
Jan 28 17:04:48 standalone object-server[128709]: 172.20.0.100 - - [28/Jan/2026:17:04:48 +0000] "PUT /d1/56/AUTH_31d3a527839a466a8e954dac4cacc9dd/gnocchi.7fb8a21b-4043-4c81-bb08-6e1363824cdc/none_v3" 201 - "PUT http://172.18.0.2:8080/v1/AUTH_31d3a527839a466a8e954dac4cacc9dd/gnocchi.7fb8a21b-4043-4c81-bb08-6e1363824cdc/none_v3" "txd6d82df507924dd9a10b4-00697a41af" "proxy-server 20" 0.0145 "-" 22 0
Jan 28 17:04:48 standalone proxy-server[130288]: 172.18.0.2 172.18.0.100 28/Jan/2026/17/04/48 PUT /v1/AUTH_31d3a527839a466a8e954dac4cacc9dd/gnocchi.7fb8a21b-4043-4c81-bb08-6e1363824cdc/none_v3 HTTP/1.0 201 - python-swiftclient-3.11.1 gAAAAABpekFC9ymC... 22 - - txd6d82df507924dd9a10b4-00697a41af - 0.0224 - - 1769619887.983272076 1769619888.005706787 0
Jan 28 17:04:48 standalone object-server[128710]: 172.20.0.100 - - [28/Jan/2026:17:04:48 +0000] "GET /d1/56/AUTH_31d3a527839a466a8e954dac4cacc9dd/gnocchi.7fb8a21b-4043-4c81-bb08-6e1363824cdc/none_v3" 200 22 "GET http://172.18.0.2:8080/v1/AUTH_31d3a527839a466a8e954dac4cacc9dd/gnocchi.7fb8a21b-4043-4c81-bb08-6e1363824cdc/none_v3" "txb7942943ba7e4ac4b3bca-00697a41b0" "proxy-server 20" 0.0008 "-" 23 0
Jan 28 17:04:48 standalone proxy-server[130288]: 172.18.0.2 172.18.0.100 28/Jan/2026/17/04/48 GET /v1/AUTH_31d3a527839a466a8e954dac4cacc9dd/gnocchi.7fb8a21b-4043-4c81-bb08-6e1363824cdc/none_v3 HTTP/1.0 200 - python-swiftclient-3.11.1 gAAAAABpekFC9ymC... - 22 - txb7942943ba7e4ac4b3bca-00697a41b0 - 0.0072 - - 1769619888.487785816 1769619888.495033264 0
Jan 28 17:04:48 standalone container-server[128312]: 172.20.0.100 - - [28/Jan/2026:17:04:48 +0000] "GET /d1/702/AUTH_31d3a527839a466a8e954dac4cacc9dd/gnocchi.7fb8a21b-4043-4c81-bb08-6e1363824cdc" 200 357 "GET http://172.18.0.2:8080/v1/AUTH_31d3a527839a466a8e954dac4cacc9dd/gnocchi.7fb8a21b-4043-4c81-bb08-6e1363824cdc?format=json&states=listing" "tx626c512daa764776ab1dd-00697a41b0" "proxy-server 20" 0.0140 "-" 20 0
Jan 28 17:04:48 standalone proxy-server[130288]: 172.18.0.2 172.18.0.100 28/Jan/2026/17/04/48 GET /v1/AUTH_31d3a527839a466a8e954dac4cacc9dd/gnocchi.7fb8a21b-4043-4c81-bb08-6e1363824cdc%3Fformat%3Djson%26states%3Dlisting HTTP/1.0 200 - python-swiftclient-3.11.1 gAAAAABpekFC9ymC... - 357 - tx626c512daa764776ab1dd-00697a41b0 - 0.0227 - - 1769619888.500803471 1769619888.523462296 0
Jan 28 17:04:48 standalone container-server[128342]: 172.20.0.100 - - [28/Jan/2026:17:04:48 +0000] "GET /d1/702/AUTH_31d3a527839a466a8e954dac4cacc9dd/gnocchi.7fb8a21b-4043-4c81-bb08-6e1363824cdc" 200 2 "GET http://172.18.0.2:8080/v1/AUTH_31d3a527839a466a8e954dac4cacc9dd/gnocchi.7fb8a21b-4043-4c81-bb08-6e1363824cdc?format=json&marker=none_v3&states=listing" "txaded1c5e709f42479927c-00697a41b0" "proxy-server 20" 0.0028 "-" 21 0
Jan 28 17:04:48 standalone proxy-server[130288]: 172.18.0.2 172.18.0.100 28/Jan/2026/17/04/48 GET /v1/AUTH_31d3a527839a466a8e954dac4cacc9dd/gnocchi.7fb8a21b-4043-4c81-bb08-6e1363824cdc%3Fformat%3Djson%26marker%3Dnone_v3%26states%3Dlisting HTTP/1.0 200 - python-swiftclient-3.11.1 gAAAAABpekFC9ymC... - 2 - txaded1c5e709f42479927c-00697a41b0 - 0.0096 - - 1769619888.526335716 1769619888.535976410 0
Jan 28 17:04:48 standalone object-server[128711]: 172.20.0.100 - - [28/Jan/2026:17:04:48 +0000] "GET /d1/410/AUTH_31d3a527839a466a8e954dac4cacc9dd/gnocchi.7fb8a21b-4043-4c81-bb08-6e1363824cdc/1769040000.0_mean_300.0_v3" 200 16 "GET http://172.18.0.2:8080/v1/AUTH_31d3a527839a466a8e954dac4cacc9dd/gnocchi.7fb8a21b-4043-4c81-bb08-6e1363824cdc/1769040000.0_mean_300.0_v3" "tx8ca9e0f54228474b9b6c9-00697a41b0" "proxy-server 20" 0.0008 "-" 24 0
Jan 28 17:04:48 standalone proxy-server[130288]: 172.18.0.2 172.18.0.100 28/Jan/2026/17/04/48 GET /v1/AUTH_31d3a527839a466a8e954dac4cacc9dd/gnocchi.7fb8a21b-4043-4c81-bb08-6e1363824cdc/1769040000.0_mean_300.0_v3 HTTP/1.0 200 - python-swiftclient-3.11.1 gAAAAABpekFC9ymC... - 16 - tx8ca9e0f54228474b9b6c9-00697a41b0 - 0.0084 - - 1769619888.542026043 1769619888.550455093 0
Jan 28 17:04:48 standalone container-server[128312]: 172.20.0.100 - - [28/Jan/2026:17:04:48 +0000] "PUT /d1/702/AUTH_31d3a527839a466a8e954dac4cacc9dd/gnocchi.7fb8a21b-4043-4c81-bb08-6e1363824cdc/1769040000.0_mean_300.0_v3" 201 - "PUT http://172.18.0.2:8080/d1/410/AUTH_31d3a527839a466a8e954dac4cacc9dd/gnocchi.7fb8a21b-4043-4c81-bb08-6e1363824cdc/1769040000.0_mean_300.0_v3" "tx6e893a0c8b904a4dab66b-00697a41b0" "object-server 24" 0.0006 "-" 20 0
Jan 28 17:04:48 standalone object-server[128711]: 172.20.0.100 - - [28/Jan/2026:17:04:48 +0000] "PUT /d1/410/AUTH_31d3a527839a466a8e954dac4cacc9dd/gnocchi.7fb8a21b-4043-4c81-bb08-6e1363824cdc/1769040000.0_mean_300.0_v3" 201 - "PUT http://172.18.0.2:8080/v1/AUTH_31d3a527839a466a8e954dac4cacc9dd/gnocchi.7fb8a21b-4043-4c81-bb08-6e1363824cdc/1769040000.0_mean_300.0_v3" "tx6e893a0c8b904a4dab66b-00697a41b0" "proxy-server 20" 0.0095 "-" 24 0
Jan 28 17:04:48 standalone proxy-server[130288]: 172.18.0.2 172.18.0.100 28/Jan/2026/17/04/48 PUT /v1/AUTH_31d3a527839a466a8e954dac4cacc9dd/gnocchi.7fb8a21b-4043-4c81-bb08-6e1363824cdc/1769040000.0_mean_300.0_v3 HTTP/1.0 201 - python-swiftclient-3.11.1 gAAAAABpekFC9ymC... 16 - - tx6e893a0c8b904a4dab66b-00697a41b0 - 0.0160 - - 1769619888.553516626 1769619888.569543600 0
Jan 28 17:04:48 standalone container-server[128297]: 172.20.0.100 - - [28/Jan/2026:17:04:48 +0000] "PUT /d1/702/AUTH_31d3a527839a466a8e954dac4cacc9dd/gnocchi.7fb8a21b-4043-4c81-bb08-6e1363824cdc/none_v3" 201 - "PUT http://172.18.0.2:8080/d1/56/AUTH_31d3a527839a466a8e954dac4cacc9dd/gnocchi.7fb8a21b-4043-4c81-bb08-6e1363824cdc/none_v3" "tx14aba87f89eb4bbbaafc8-00697a41b0" "object-server 22" 0.0005 "-" 19 0
Jan 28 17:04:48 standalone object-server[128709]: 172.20.0.100 - - [28/Jan/2026:17:04:48 +0000] "PUT /d1/56/AUTH_31d3a527839a466a8e954dac4cacc9dd/gnocchi.7fb8a21b-4043-4c81-bb08-6e1363824cdc/none_v3" 201 - "PUT http://172.18.0.2:8080/v1/AUTH_31d3a527839a466a8e954dac4cacc9dd/gnocchi.7fb8a21b-4043-4c81-bb08-6e1363824cdc/none_v3" "tx14aba87f89eb4bbbaafc8-00697a41b0" "proxy-server 20" 0.0111 "-" 22 0
Jan 28 17:04:48 standalone proxy-server[130288]: 172.18.0.2 172.18.0.100 28/Jan/2026/17/04/48 PUT /v1/AUTH_31d3a527839a466a8e954dac4cacc9dd/gnocchi.7fb8a21b-4043-4c81-bb08-6e1363824cdc/none_v3 HTTP/1.0 201 - python-swiftclient-3.11.1 gAAAAABpekFC9ymC... 31 - - tx14aba87f89eb4bbbaafc8-00697a41b0 - 0.0170 - - 1769619888.575281620 1769619888.592327356 0
Jan 28 17:04:57 standalone object-server[128711]: 172.20.0.100 - - [28/Jan/2026:17:04:57 +0000] "GET /d1/639/AUTH_31d3a527839a466a8e954dac4cacc9dd/gnocchi.a46b5936-5c69-4fa3-8c5e-02f4e2997574/none_v3" 200 31 "GET http://172.18.0.2:8080/v1/AUTH_31d3a527839a466a8e954dac4cacc9dd/gnocchi.a46b5936-5c69-4fa3-8c5e-02f4e2997574/none_v3" "txdbcbf0fcf5c445b58b4cb-00697a41b9" "proxy-server 20" 0.0009 "-" 24 0
Jan 28 17:04:57 standalone proxy-server[130288]: 172.18.0.2 172.18.0.100 28/Jan/2026/17/04/57 GET /v1/AUTH_31d3a527839a466a8e954dac4cacc9dd/gnocchi.a46b5936-5c69-4fa3-8c5e-02f4e2997574/none_v3 HTTP/1.0 200 - python-swiftclient-3.11.1 gAAAAABpekFC9ymC... - 31 - txdbcbf0fcf5c445b58b4cb-00697a41b9 - 0.0079 - - 1769619897.256716490 1769619897.264584303 0
Jan 28 17:04:57 standalone container-server[128297]: 172.20.0.100 - - [28/Jan/2026:17:04:57 +0000] "GET /d1/9/AUTH_31d3a527839a466a8e954dac4cacc9dd/gnocchi.a46b5936-5c69-4fa3-8c5e-02f4e2997574" 200 357 "GET http://172.18.0.2:8080/v1/AUTH_31d3a527839a466a8e954dac4cacc9dd/gnocchi.a46b5936-5c69-4fa3-8c5e-02f4e2997574?format=json&states=listing" "tx5313a844a0564771a65e3-00697a41b9" "proxy-server 20" 0.0326 "-" 19 0
Jan 28 17:04:57 standalone proxy-server[130288]: 172.18.0.2 172.18.0.100 28/Jan/2026/17/04/57 GET /v1/AUTH_31d3a527839a466a8e954dac4cacc9dd/gnocchi.a46b5936-5c69-4fa3-8c5e-02f4e2997574%3Fformat%3Djson%26states%3Dlisting HTTP/1.0 200 - python-swiftclient-3.11.1 gAAAAABpekFC9ymC... - 357 - tx5313a844a0564771a65e3-00697a41b9 - 0.0395 - - 1769619897.269252300 1769619897.308773994 0
Jan 28 17:04:57 standalone container-server[128297]: 172.20.0.100 - - [28/Jan/2026:17:04:57 +0000] "GET /d1/9/AUTH_31d3a527839a466a8e954dac4cacc9dd/gnocchi.a46b5936-5c69-4fa3-8c5e-02f4e2997574" 200 2 "GET http://172.18.0.2:8080/v1/AUTH_31d3a527839a466a8e954dac4cacc9dd/gnocchi.a46b5936-5c69-4fa3-8c5e-02f4e2997574?format=json&marker=none_v3&states=listing" "tx3ab3a6b124f843f59951c-00697a41b9" "proxy-server 20" 0.0033 "-" 19 0
Jan 28 17:04:57 standalone proxy-server[130288]: 172.18.0.2 172.18.0.100 28/Jan/2026/17/04/57 GET /v1/AUTH_31d3a527839a466a8e954dac4cacc9dd/gnocchi.a46b5936-5c69-4fa3-8c5e-02f4e2997574%3Fformat%3Djson%26marker%3Dnone_v3%26states%3Dlisting HTTP/1.0 200 - python-swiftclient-3.11.1 gAAAAABpekFC9ymC... - 2 - tx3ab3a6b124f843f59951c-00697a41b9 - 0.0092 - - 1769619897.311681032 1769619897.320899010 0
Jan 28 17:04:57 standalone object-server[128712]: 172.20.0.100 - - [28/Jan/2026:17:04:57 +0000] "GET /d1/506/AUTH_31d3a527839a466a8e954dac4cacc9dd/gnocchi.a46b5936-5c69-4fa3-8c5e-02f4e2997574/1769040000.0_mean_300.0_v3" 200 16 "GET http://172.18.0.2:8080/v1/AUTH_31d3a527839a466a8e954dac4cacc9dd/gnocchi.a46b5936-5c69-4fa3-8c5e-02f4e2997574/1769040000.0_mean_300.0_v3" "txc24eb1590a6849e9a13fa-00697a41b9" "proxy-server 20" 0.0012 "-" 25 0
Jan 28 17:04:57 standalone proxy-server[130288]: 172.18.0.2 172.18.0.100 28/Jan/2026/17/04/57 GET /v1/AUTH_31d3a527839a466a8e954dac4cacc9dd/gnocchi.a46b5936-5c69-4fa3-8c5e-02f4e2997574/1769040000.0_mean_300.0_v3 HTTP/1.0 200 - python-swiftclient-3.11.1 gAAAAABpekFC9ymC... - 16 - txc24eb1590a6849e9a13fa-00697a41b9 - 0.0085 - - 1769619897.325210333 1769619897.333660603 0
Jan 28 17:04:57 standalone container-server[128342]: 172.20.0.100 - - [28/Jan/2026:17:04:57 +0000] "PUT /d1/9/AUTH_31d3a527839a466a8e954dac4cacc9dd/gnocchi.a46b5936-5c69-4fa3-8c5e-02f4e2997574/1769040000.0_mean_300.0_v3" 201 - "PUT http://172.18.0.2:8080/d1/506/AUTH_31d3a527839a466a8e954dac4cacc9dd/gnocchi.a46b5936-5c69-4fa3-8c5e-02f4e2997574/1769040000.0_mean_300.0_v3" "tx79ab87c3f05c4fb492847-00697a41b9" "object-server 24" 0.0008 "-" 21 0
Jan 28 17:04:57 standalone object-server[128711]: 172.20.0.100 - - [28/Jan/2026:17:04:57 +0000] "PUT /d1/506/AUTH_31d3a527839a466a8e954dac4cacc9dd/gnocchi.a46b5936-5c69-4fa3-8c5e-02f4e2997574/1769040000.0_mean_300.0_v3" 201 - "PUT http://172.18.0.2:8080/v1/AUTH_31d3a527839a466a8e954dac4cacc9dd/gnocchi.a46b5936-5c69-4fa3-8c5e-02f4e2997574/1769040000.0_mean_300.0_v3" "tx79ab87c3f05c4fb492847-00697a41b9" "proxy-server 20" 0.0106 "-" 24 0
Jan 28 17:04:57 standalone proxy-server[130288]: 172.18.0.2 172.18.0.100 28/Jan/2026/17/04/57 PUT /v1/AUTH_31d3a527839a466a8e954dac4cacc9dd/gnocchi.a46b5936-5c69-4fa3-8c5e-02f4e2997574/1769040000.0_mean_300.0_v3 HTTP/1.0 201 - python-swiftclient-3.11.1 gAAAAABpekFC9ymC... 16 - - tx79ab87c3f05c4fb492847-00697a41b9 - 0.0170 - - 1769619897.336321354 1769619897.353299141 0
Jan 28 17:04:57 standalone container-server[128353]: 172.20.0.100 - - [28/Jan/2026:17:04:57 +0000] "PUT /d1/9/AUTH_31d3a527839a466a8e954dac4cacc9dd/gnocchi.a46b5936-5c69-4fa3-8c5e-02f4e2997574/none_v3" 201 - "PUT http://172.18.0.2:8080/d1/639/AUTH_31d3a527839a466a8e954dac4cacc9dd/gnocchi.a46b5936-5c69-4fa3-8c5e-02f4e2997574/none_v3" "tx80bf692271f04c01bfc83-00697a41b9" "object-server 23" 0.0007 "-" 22 0
Jan 28 17:04:57 standalone object-server[128710]: 172.20.0.100 - - [28/Jan/2026:17:04:57 +0000] "PUT /d1/639/AUTH_31d3a527839a466a8e954dac4cacc9dd/gnocchi.a46b5936-5c69-4fa3-8c5e-02f4e2997574/none_v3" 201 - "PUT http://172.18.0.2:8080/v1/AUTH_31d3a527839a466a8e954dac4cacc9dd/gnocchi.a46b5936-5c69-4fa3-8c5e-02f4e2997574/none_v3" "tx80bf692271f04c01bfc83-00697a41b9" "proxy-server 20" 0.0131 "-" 23 0
Jan 28 17:04:57 standalone proxy-server[130288]: 172.18.0.2 172.18.0.100 28/Jan/2026/17/04/57 PUT /v1/AUTH_31d3a527839a466a8e954dac4cacc9dd/gnocchi.a46b5936-5c69-4fa3-8c5e-02f4e2997574/none_v3 HTTP/1.0 201 - python-swiftclient-3.11.1 gAAAAABpekFC9ymC... 46 - - tx80bf692271f04c01bfc83-00697a41b9 - 0.0199 - - 1769619897.355934381 1769619897.375865936 0
Jan 28 17:04:58 standalone object-server[128710]: 172.20.0.100 - - [28/Jan/2026:17:04:58 +0000] "GET /d1/639/AUTH_31d3a527839a466a8e954dac4cacc9dd/gnocchi.a46b5936-5c69-4fa3-8c5e-02f4e2997574/none_v3" 200 46 "GET http://172.18.0.2:8080/v1/AUTH_31d3a527839a466a8e954dac4cacc9dd/gnocchi.a46b5936-5c69-4fa3-8c5e-02f4e2997574/none_v3" "tx8cf83717305a4a93bba25-00697a41ba" "proxy-server 20" 0.0013 "-" 23 0
Jan 28 17:04:58 standalone proxy-server[130288]: 172.18.0.2 172.18.0.100 28/Jan/2026/17/04/58 GET /v1/AUTH_31d3a527839a466a8e954dac4cacc9dd/gnocchi.a46b5936-5c69-4fa3-8c5e-02f4e2997574/none_v3 HTTP/1.0 200 - python-swiftclient-3.11.1 gAAAAABpekFC9ymC... - 46 - tx8cf83717305a4a93bba25-00697a41ba - 0.0101 - - 1769619898.144088984 1769619898.154151678 0
Jan 28 17:04:58 standalone container-server[128312]: 172.20.0.100 - - [28/Jan/2026:17:04:58 +0000] "GET /d1/9/AUTH_31d3a527839a466a8e954dac4cacc9dd/gnocchi.a46b5936-5c69-4fa3-8c5e-02f4e2997574" 200 357 "GET http://172.18.0.2:8080/v1/AUTH_31d3a527839a466a8e954dac4cacc9dd/gnocchi.a46b5936-5c69-4fa3-8c5e-02f4e2997574?format=json&states=listing" "txe3c3bbd6fb1040768fea7-00697a41ba" "proxy-server 20" 0.0099 "-" 20 0
Jan 28 17:04:58 standalone proxy-server[130288]: 172.18.0.2 172.18.0.100 28/Jan/2026/17/04/58 GET /v1/AUTH_31d3a527839a466a8e954dac4cacc9dd/gnocchi.a46b5936-5c69-4fa3-8c5e-02f4e2997574%3Fformat%3Djson%26states%3Dlisting HTTP/1.0 200 - python-swiftclient-3.11.1 gAAAAABpekFC9ymC... - 357 - txe3c3bbd6fb1040768fea7-00697a41ba - 0.0161 - - 1769619898.159772396 1769619898.175830603 0
Jan 28 17:04:58 standalone container-server[128353]: 172.20.0.100 - - [28/Jan/2026:17:04:58 +0000] "GET /d1/9/AUTH_31d3a527839a466a8e954dac4cacc9dd/gnocchi.a46b5936-5c69-4fa3-8c5e-02f4e2997574" 200 2 "GET http://172.18.0.2:8080/v1/AUTH_31d3a527839a466a8e954dac4cacc9dd/gnocchi.a46b5936-5c69-4fa3-8c5e-02f4e2997574?format=json&marker=none_v3&states=listing" "tx59b3f4b962ee4a0da957a-00697a41ba" "proxy-server 20" 0.0034 "-" 22 0
Jan 28 17:04:58 standalone proxy-server[130288]: 172.18.0.2 172.18.0.100 28/Jan/2026/17/04/58 GET /v1/AUTH_31d3a527839a466a8e954dac4cacc9dd/gnocchi.a46b5936-5c69-4fa3-8c5e-02f4e2997574%3Fformat%3Djson%26marker%3Dnone_v3%26states%3Dlisting HTTP/1.0 200 - python-swiftclient-3.11.1 gAAAAABpekFC9ymC... - 2 - tx59b3f4b962ee4a0da957a-00697a41ba - 0.0113 - - 1769619898.184679985 1769619898.195951700 0
Jan 28 17:04:58 standalone object-server[128710]: 172.20.0.100 - - [28/Jan/2026:17:04:58 +0000] "GET /d1/506/AUTH_31d3a527839a466a8e954dac4cacc9dd/gnocchi.a46b5936-5c69-4fa3-8c5e-02f4e2997574/1769040000.0_mean_300.0_v3" 200 16 "GET http://172.18.0.2:8080/v1/AUTH_31d3a527839a466a8e954dac4cacc9dd/gnocchi.a46b5936-5c69-4fa3-8c5e-02f4e2997574/1769040000.0_mean_300.0_v3" "tx3f4a95d3727b4c69b3ee2-00697a41ba" "proxy-server 20" 0.0010 "-" 23 0
Jan 28 17:04:58 standalone proxy-server[130288]: 172.18.0.2 172.18.0.100 28/Jan/2026/17/04/58 GET /v1/AUTH_31d3a527839a466a8e954dac4cacc9dd/gnocchi.a46b5936-5c69-4fa3-8c5e-02f4e2997574/1769040000.0_mean_300.0_v3 HTTP/1.0 200 - python-swiftclient-3.11.1 gAAAAABpekFC9ymC... - 16 - tx3f4a95d3727b4c69b3ee2-00697a41ba - 0.0074 - - 1769619898.200301647 1769619898.207688332 0
Jan 28 17:04:58 standalone container-server[128297]: 172.20.0.100 - - [28/Jan/2026:17:04:58 +0000] "PUT /d1/9/AUTH_31d3a527839a466a8e954dac4cacc9dd/gnocchi.a46b5936-5c69-4fa3-8c5e-02f4e2997574/1769040000.0_mean_300.0_v3" 201 - "PUT http://172.18.0.2:8080/d1/506/AUTH_31d3a527839a466a8e954dac4cacc9dd/gnocchi.a46b5936-5c69-4fa3-8c5e-02f4e2997574/1769040000.0_mean_300.0_v3" "txb25b8f9fd5c94a3d9588d-00697a41ba" "object-server 24" 0.0006 "-" 19 0
Jan 28 17:04:58 standalone object-server[128711]: 172.20.0.100 - - [28/Jan/2026:17:04:58 +0000] "PUT /d1/506/AUTH_31d3a527839a466a8e954dac4cacc9dd/gnocchi.a46b5936-5c69-4fa3-8c5e-02f4e2997574/1769040000.0_mean_300.0_v3" 201 - "PUT http://172.18.0.2:8080/v1/AUTH_31d3a527839a466a8e954dac4cacc9dd/gnocchi.a46b5936-5c69-4fa3-8c5e-02f4e2997574/1769040000.0_mean_300.0_v3" "txb25b8f9fd5c94a3d9588d-00697a41ba" "proxy-server 20" 0.0102 "-" 24 0
Jan 28 17:04:58 standalone proxy-server[130288]: 172.18.0.2 172.18.0.100 28/Jan/2026/17/04/58 PUT /v1/AUTH_31d3a527839a466a8e954dac4cacc9dd/gnocchi.a46b5936-5c69-4fa3-8c5e-02f4e2997574/1769040000.0_mean_300.0_v3 HTTP/1.0 201 - python-swiftclient-3.11.1 gAAAAABpekFC9ymC... 16 - - txb25b8f9fd5c94a3d9588d-00697a41ba - 0.0156 - - 1769619898.210828304 1769619898.226390362 0
Jan 28 17:04:58 standalone container-server[128353]: 172.20.0.100 - - [28/Jan/2026:17:04:58 +0000] "PUT /d1/9/AUTH_31d3a527839a466a8e954dac4cacc9dd/gnocchi.a46b5936-5c69-4fa3-8c5e-02f4e2997574/none_v3" 201 - "PUT http://172.18.0.2:8080/d1/639/AUTH_31d3a527839a466a8e954dac4cacc9dd/gnocchi.a46b5936-5c69-4fa3-8c5e-02f4e2997574/none_v3" "txcaf81d0055024da5b26a2-00697a41ba" "object-server 23" 0.0008 "-" 22 0
Jan 28 17:04:58 standalone object-server[128710]: 172.20.0.100 - - [28/Jan/2026:17:04:58 +0000] "PUT /d1/639/AUTH_31d3a527839a466a8e954dac4cacc9dd/gnocchi.a46b5936-5c69-4fa3-8c5e-02f4e2997574/none_v3" 201 - "PUT http://172.18.0.2:8080/v1/AUTH_31d3a527839a466a8e954dac4cacc9dd/gnocchi.a46b5936-5c69-4fa3-8c5e-02f4e2997574/none_v3" "txcaf81d0055024da5b26a2-00697a41ba" "proxy-server 20" 0.0111 "-" 23 0
Jan 28 17:04:58 standalone proxy-server[130288]: 172.18.0.2 172.18.0.100 28/Jan/2026/17/04/58 PUT /v1/AUTH_31d3a527839a466a8e954dac4cacc9dd/gnocchi.a46b5936-5c69-4fa3-8c5e-02f4e2997574/none_v3 HTTP/1.0 201 - python-swiftclient-3.11.1 gAAAAABpekFC9ymC... 51 - - txcaf81d0055024da5b26a2-00697a41ba - 0.0167 - - 1769619898.229088545 1769619898.245781898 0
Jan 28 17:04:58 standalone object-server[128712]: 172.20.0.100 - - [28/Jan/2026:17:04:58 +0000] "GET /d1/368/AUTH_31d3a527839a466a8e954dac4cacc9dd/gnocchi.0e433f40-ae85-4b2d-836e-c89ac62ec784/none_v3" 200 22 "GET http://172.18.0.2:8080/v1/AUTH_31d3a527839a466a8e954dac4cacc9dd/gnocchi.0e433f40-ae85-4b2d-836e-c89ac62ec784/none_v3" "tx0ca8ba07023d46d49850f-00697a41ba" "proxy-server 20" 0.0006 "-" 25 0
Jan 28 17:04:58 standalone proxy-server[130288]: 172.18.0.2 172.18.0.100 28/Jan/2026/17/04/58 GET /v1/AUTH_31d3a527839a466a8e954dac4cacc9dd/gnocchi.0e433f40-ae85-4b2d-836e-c89ac62ec784/none_v3 HTTP/1.0 200 - python-swiftclient-3.11.1 gAAAAABpekFC9ymC... - 22 - tx0ca8ba07023d46d49850f-00697a41ba - 0.0059 - - 1769619898.254688740 1769619898.260563850 0
Jan 28 17:04:58 standalone container-server[128312]: 172.20.0.100 - - [28/Jan/2026:17:04:58 +0000] "GET /d1/403/AUTH_31d3a527839a466a8e954dac4cacc9dd/gnocchi.0e433f40-ae85-4b2d-836e-c89ac62ec784" 200 357 "GET http://172.18.0.2:8080/v1/AUTH_31d3a527839a466a8e954dac4cacc9dd/gnocchi.0e433f40-ae85-4b2d-836e-c89ac62ec784?format=json&states=listing" "tx7b659e47b98d474e98eca-00697a41ba" "proxy-server 20" 0.0095 "-" 20 0
Jan 28 17:04:58 standalone proxy-server[130288]: 172.18.0.2 172.18.0.100 28/Jan/2026/17/04/58 GET /v1/AUTH_31d3a527839a466a8e954dac4cacc9dd/gnocchi.0e433f40-ae85-4b2d-836e-c89ac62ec784%3Fformat%3Djson%26states%3Dlisting HTTP/1.0 200 - python-swiftclient-3.11.1 gAAAAABpekFC9ymC... - 357 - tx7b659e47b98d474e98eca-00697a41ba - 0.0156 - - 1769619898.263423681 1769619898.279046774 0
Jan 28 17:04:58 standalone container-server[128353]: 172.20.0.100 - - [28/Jan/2026:17:04:58 +0000] "GET /d1/403/AUTH_31d3a527839a466a8e954dac4cacc9dd/gnocchi.0e433f40-ae85-4b2d-836e-c89ac62ec784" 200 2 "GET http://172.18.0.2:8080/v1/AUTH_31d3a527839a466a8e954dac4cacc9dd/gnocchi.0e433f40-ae85-4b2d-836e-c89ac62ec784?format=json&marker=none_v3&states=listing" "txb3714fd45969452484d1e-00697a41ba" "proxy-server 20" 0.0034 "-" 22 0
Jan 28 17:04:58 standalone proxy-server[130288]: 172.18.0.2 172.18.0.100 28/Jan/2026/17/04/58 GET /v1/AUTH_31d3a527839a466a8e954dac4cacc9dd/gnocchi.0e433f40-ae85-4b2d-836e-c89ac62ec784%3Fformat%3Djson%26marker%3Dnone_v3%26states%3Dlisting HTTP/1.0 200 - python-swiftclient-3.11.1 gAAAAABpekFC9ymC... - 2 - txb3714fd45969452484d1e-00697a41ba - 0.0095 - - 1769619898.281391382 1769619898.290864944 0
Jan 28 17:04:58 standalone object-server[128711]: 172.20.0.100 - - [28/Jan/2026:17:04:58 +0000] "GET /d1/545/AUTH_31d3a527839a466a8e954dac4cacc9dd/gnocchi.0e433f40-ae85-4b2d-836e-c89ac62ec784/1769040000.0_mean_300.0_v3" 200 16 "GET http://172.18.0.2:8080/v1/AUTH_31d3a527839a466a8e954dac4cacc9dd/gnocchi.0e433f40-ae85-4b2d-836e-c89ac62ec784/1769040000.0_mean_300.0_v3" "tx19da9f95461f45d5938eb-00697a41ba" "proxy-server 20" 0.0007 "-" 24 0
Jan 28 17:04:58 standalone proxy-server[130288]: 172.18.0.2 172.18.0.100 28/Jan/2026/17/04/58 GET /v1/AUTH_31d3a527839a466a8e954dac4cacc9dd/gnocchi.0e433f40-ae85-4b2d-836e-c89ac62ec784/1769040000.0_mean_300.0_v3 HTTP/1.0 200 - python-swiftclient-3.11.1 gAAAAABpekFC9ymC... - 16 - tx19da9f95461f45d5938eb-00697a41ba - 0.0062 - - 1769619898.293729067 1769619898.299919128 0
Jan 28 17:04:58 standalone container-server[128297]: 172.20.0.100 - - [28/Jan/2026:17:04:58 +0000] "PUT /d1/403/AUTH_31d3a527839a466a8e954dac4cacc9dd/gnocchi.0e433f40-ae85-4b2d-836e-c89ac62ec784/1769040000.0_mean_300.0_v3" 201 - "PUT http://172.18.0.2:8080/d1/545/AUTH_31d3a527839a466a8e954dac4cacc9dd/gnocchi.0e433f40-ae85-4b2d-836e-c89ac62ec784/1769040000.0_mean_300.0_v3" "tx2248305302fc4faf82c81-00697a41ba" "object-server 23" 0.0008 "-" 19 0
Jan 28 17:04:58 standalone object-server[128710]: 172.20.0.100 - - [28/Jan/2026:17:04:58 +0000] "PUT /d1/545/AUTH_31d3a527839a466a8e954dac4cacc9dd/gnocchi.0e433f40-ae85-4b2d-836e-c89ac62ec784/1769040000.0_mean_300.0_v3" 201 - "PUT http://172.18.0.2:8080/v1/AUTH_31d3a527839a466a8e954dac4cacc9dd/gnocchi.0e433f40-ae85-4b2d-836e-c89ac62ec784/1769040000.0_mean_300.0_v3" "tx2248305302fc4faf82c81-00697a41ba" "proxy-server 20" 0.0096 "-" 23 0
Jan 28 17:04:58 standalone proxy-server[130288]: 172.18.0.2 172.18.0.100 28/Jan/2026/17/04/58 PUT /v1/AUTH_31d3a527839a466a8e954dac4cacc9dd/gnocchi.0e433f40-ae85-4b2d-836e-c89ac62ec784/1769040000.0_mean_300.0_v3 HTTP/1.0 201 - python-swiftclient-3.11.1 gAAAAABpekFC9ymC... 16 - - tx2248305302fc4faf82c81-00697a41ba - 0.0141 - - 1769619898.302464008 1769619898.316548586 0
Jan 28 17:04:58 standalone container-server[128342]: 172.20.0.100 - - [28/Jan/2026:17:04:58 +0000] "PUT /d1/403/AUTH_31d3a527839a466a8e954dac4cacc9dd/gnocchi.0e433f40-ae85-4b2d-836e-c89ac62ec784/none_v3" 201 - "PUT http://172.18.0.2:8080/d1/368/AUTH_31d3a527839a466a8e954dac4cacc9dd/gnocchi.0e433f40-ae85-4b2d-836e-c89ac62ec784/none_v3" "txae1f594e97cc488b8a1f2-00697a41ba" "object-server 22" 0.0004 "-" 21 0
Jan 28 17:04:58 standalone object-server[128709]: 172.20.0.100 - - [28/Jan/2026:17:04:58 +0000] "PUT /d1/368/AUTH_31d3a527839a466a8e954dac4cacc9dd/gnocchi.0e433f40-ae85-4b2d-836e-c89ac62ec784/none_v3" 201 - "PUT http://172.18.0.2:8080/v1/AUTH_31d3a527839a466a8e954dac4cacc9dd/gnocchi.0e433f40-ae85-4b2d-836e-c89ac62ec784/none_v3" "txae1f594e97cc488b8a1f2-00697a41ba" "proxy-server 20" 0.0125 "-" 22 0
Jan 28 17:04:58 standalone proxy-server[130288]: 172.18.0.2 172.18.0.100 28/Jan/2026/17/04/58 PUT /v1/AUTH_31d3a527839a466a8e954dac4cacc9dd/gnocchi.0e433f40-ae85-4b2d-836e-c89ac62ec784/none_v3 HTTP/1.0 201 - python-swiftclient-3.11.1 gAAAAABpekFC9ymC... 32 - - txae1f594e97cc488b8a1f2-00697a41ba - 0.0181 - - 1769619898.319512129 1769619898.337652683 0
Jan 28 17:04:58 standalone object-server[128711]: 172.20.0.100 - - [28/Jan/2026:17:04:58 +0000] "GET /d1/406/AUTH_31d3a527839a466a8e954dac4cacc9dd/gnocchi.f0205411-9bef-4bab-9c44-22dba39adf7b/none_v3" 200 22 "GET http://172.18.0.2:8080/v1/AUTH_31d3a527839a466a8e954dac4cacc9dd/gnocchi.f0205411-9bef-4bab-9c44-22dba39adf7b/none_v3" "tx9031f1c7616d4536ba18a-00697a41ba" "proxy-server 20" 0.0008 "-" 24 0
Jan 28 17:04:58 standalone proxy-server[130288]: 172.18.0.2 172.18.0.100 28/Jan/2026/17/04/58 GET /v1/AUTH_31d3a527839a466a8e954dac4cacc9dd/gnocchi.f0205411-9bef-4bab-9c44-22dba39adf7b/none_v3 HTTP/1.0 200 - python-swiftclient-3.11.1 gAAAAABpekFC9ymC... - 22 - tx9031f1c7616d4536ba18a-00697a41ba - 0.0095 - - 1769619898.348955393 1769619898.358498096 0
Jan 28 17:04:58 standalone container-server[128297]: 172.20.0.100 - - [28/Jan/2026:17:04:58 +0000] "GET /d1/580/AUTH_31d3a527839a466a8e954dac4cacc9dd/gnocchi.f0205411-9bef-4bab-9c44-22dba39adf7b" 200 357 "GET http://172.18.0.2:8080/v1/AUTH_31d3a527839a466a8e954dac4cacc9dd/gnocchi.f0205411-9bef-4bab-9c44-22dba39adf7b?format=json&states=listing" "txb984783aaad848c79461e-00697a41ba" "proxy-server 20" 0.0095 "-" 19 0
Jan 28 17:04:58 standalone proxy-server[130288]: 172.18.0.2 172.18.0.100 28/Jan/2026/17/04/58 GET /v1/AUTH_31d3a527839a466a8e954dac4cacc9dd/gnocchi.f0205411-9bef-4bab-9c44-22dba39adf7b%3Fformat%3Djson%26states%3Dlisting HTTP/1.0 200 - python-swiftclient-3.11.1 gAAAAABpekFC9ymC... - 357 - txb984783aaad848c79461e-00697a41ba - 0.0181 - - 1769619898.363133669 1769619898.381211281 0
Jan 28 17:04:58 standalone container-server[128353]: 172.20.0.100 - - [28/Jan/2026:17:04:58 +0000] "GET /d1/580/AUTH_31d3a527839a466a8e954dac4cacc9dd/gnocchi.f0205411-9bef-4bab-9c44-22dba39adf7b" 200 2 "GET http://172.18.0.2:8080/v1/AUTH_31d3a527839a466a8e954dac4cacc9dd/gnocchi.f0205411-9bef-4bab-9c44-22dba39adf7b?format=json&marker=none_v3&states=listing" "tx2f997adcd15f445592421-00697a41ba" "proxy-server 20" 0.0036 "-" 22 0
Jan 28 17:04:58 standalone proxy-server[130288]: 172.18.0.2 172.18.0.100 28/Jan/2026/17/04/58 GET /v1/AUTH_31d3a527839a466a8e954dac4cacc9dd/gnocchi.f0205411-9bef-4bab-9c44-22dba39adf7b%3Fformat%3Djson%26marker%3Dnone_v3%26states%3Dlisting HTTP/1.0 200 - python-swiftclient-3.11.1 gAAAAABpekFC9ymC... - 2 - tx2f997adcd15f445592421-00697a41ba - 0.0108 - - 1769619898.385768890 1769619898.396574497 0
Jan 28 17:04:58 standalone object-server[128709]: 172.20.0.100 - - [28/Jan/2026:17:04:58 +0000] "GET /d1/883/AUTH_31d3a527839a466a8e954dac4cacc9dd/gnocchi.f0205411-9bef-4bab-9c44-22dba39adf7b/1769040000.0_mean_300.0_v3" 200 16 "GET http://172.18.0.2:8080/v1/AUTH_31d3a527839a466a8e954dac4cacc9dd/gnocchi.f0205411-9bef-4bab-9c44-22dba39adf7b/1769040000.0_mean_300.0_v3" "tx9aa9b5097d344f1c9e212-00697a41ba" "proxy-server 20" 0.0007 "-" 22 0
Jan 28 17:04:58 standalone proxy-server[130288]: 172.18.0.2 172.18.0.100 28/Jan/2026/17/04/58 GET /v1/AUTH_31d3a527839a466a8e954dac4cacc9dd/gnocchi.f0205411-9bef-4bab-9c44-22dba39adf7b/1769040000.0_mean_300.0_v3 HTTP/1.0 200 - python-swiftclient-3.11.1 gAAAAABpekFC9ymC... - 16 - tx9aa9b5097d344f1c9e212-00697a41ba - 0.0071 - - 1769619898.400861740 1769619898.407935858 0
Jan 28 17:04:58 standalone container-server[128312]: 172.20.0.100 - - [28/Jan/2026:17:04:58 +0000] "PUT /d1/580/AUTH_31d3a527839a466a8e954dac4cacc9dd/gnocchi.f0205411-9bef-4bab-9c44-22dba39adf7b/1769040000.0_mean_300.0_v3" 201 - "PUT http://172.18.0.2:8080/d1/883/AUTH_31d3a527839a466a8e954dac4cacc9dd/gnocchi.f0205411-9bef-4bab-9c44-22dba39adf7b/1769040000.0_mean_300.0_v3" "tx9583cb00143a4beeb6de0-00697a41ba" "object-server 22" 0.0015 "-" 20 0
Jan 28 17:04:58 standalone object-server[128709]: 172.20.0.100 - - [28/Jan/2026:17:04:58 +0000] "PUT /d1/883/AUTH_31d3a527839a466a8e954dac4cacc9dd/gnocchi.f0205411-9bef-4bab-9c44-22dba39adf7b/1769040000.0_mean_300.0_v3" 201 - "PUT http://172.18.0.2:8080/v1/AUTH_31d3a527839a466a8e954dac4cacc9dd/gnocchi.f0205411-9bef-4bab-9c44-22dba39adf7b/1769040000.0_mean_300.0_v3" "tx9583cb00143a4beeb6de0-00697a41ba" "proxy-server 20" 0.0123 "-" 22 0
Jan 28 17:04:58 standalone proxy-server[130288]: 172.18.0.2 172.18.0.100 28/Jan/2026/17/04/58 PUT /v1/AUTH_31d3a527839a466a8e954dac4cacc9dd/gnocchi.f0205411-9bef-4bab-9c44-22dba39adf7b/1769040000.0_mean_300.0_v3 HTTP/1.0 201 - python-swiftclient-3.11.1 gAAAAABpekFC9ymC... 16 - - tx9583cb00143a4beeb6de0-00697a41ba - 0.0178 - - 1769619898.411528349 1769619898.429312468 0
Jan 28 17:04:58 standalone container-server[128297]: 172.20.0.100 - - [28/Jan/2026:17:04:58 +0000] "PUT /d1/580/AUTH_31d3a527839a466a8e954dac4cacc9dd/gnocchi.f0205411-9bef-4bab-9c44-22dba39adf7b/none_v3" 201 - "PUT http://172.18.0.2:8080/d1/406/AUTH_31d3a527839a466a8e954dac4cacc9dd/gnocchi.f0205411-9bef-4bab-9c44-22dba39adf7b/none_v3" "tx136d31b860dd4c27b0011-00697a41ba" "object-server 24" 0.0009 "-" 19 0
Jan 28 17:04:58 standalone object-server[128711]: 172.20.0.100 - - [28/Jan/2026:17:04:58 +0000] "PUT /d1/406/AUTH_31d3a527839a466a8e954dac4cacc9dd/gnocchi.f0205411-9bef-4bab-9c44-22dba39adf7b/none_v3" 201 - "PUT http://172.18.0.2:8080/v1/AUTH_31d3a527839a466a8e954dac4cacc9dd/gnocchi.f0205411-9bef-4bab-9c44-22dba39adf7b/none_v3" "tx136d31b860dd4c27b0011-00697a41ba" "proxy-server 20" 0.0100 "-" 24 0
Jan 28 17:04:58 standalone proxy-server[130288]: 172.18.0.2 172.18.0.100 28/Jan/2026/17/04/58 PUT /v1/AUTH_31d3a527839a466a8e954dac4cacc9dd/gnocchi.f0205411-9bef-4bab-9c44-22dba39adf7b/none_v3 HTTP/1.0 201 - python-swiftclient-3.11.1 gAAAAABpekFC9ymC... 32 - - tx136d31b860dd4c27b0011-00697a41ba - 0.0167 - - 1769619898.436063290 1769619898.452716112 0
Jan 28 17:04:58 standalone object-server[128712]: 172.20.0.100 - - [28/Jan/2026:17:04:58 +0000] "GET /d1/581/AUTH_31d3a527839a466a8e954dac4cacc9dd/gnocchi.fc388af6-5fc9-4443-8fdd-80ee37c71526/none_v3" 200 22 "GET http://172.18.0.2:8080/v1/AUTH_31d3a527839a466a8e954dac4cacc9dd/gnocchi.fc388af6-5fc9-4443-8fdd-80ee37c71526/none_v3" "tx272f03555de740ac93052-00697a41ba" "proxy-server 20" 0.0006 "-" 25 0
Jan 28 17:04:58 standalone proxy-server[130288]: 172.18.0.2 172.18.0.100 28/Jan/2026/17/04/58 GET /v1/AUTH_31d3a527839a466a8e954dac4cacc9dd/gnocchi.fc388af6-5fc9-4443-8fdd-80ee37c71526/none_v3 HTTP/1.0 200 - python-swiftclient-3.11.1 gAAAAABpekFC9ymC... - 22 - tx272f03555de740ac93052-00697a41ba - 0.0080 - - 1769619898.468057156 1769619898.476057768 0
Jan 28 17:04:58 standalone container-server[128353]: 172.20.0.100 - - [28/Jan/2026:17:04:58 +0000] "GET /d1/877/AUTH_31d3a527839a466a8e954dac4cacc9dd/gnocchi.fc388af6-5fc9-4443-8fdd-80ee37c71526" 200 357 "GET http://172.18.0.2:8080/v1/AUTH_31d3a527839a466a8e954dac4cacc9dd/gnocchi.fc388af6-5fc9-4443-8fdd-80ee37c71526?format=json&states=listing" "txcb53bf089dd24f60bafd0-00697a41ba" "proxy-server 20" 0.0096 "-" 22 0
Jan 28 17:04:58 standalone proxy-server[130288]: 172.18.0.2 172.18.0.100 28/Jan/2026/17/04/58 GET /v1/AUTH_31d3a527839a466a8e954dac4cacc9dd/gnocchi.fc388af6-5fc9-4443-8fdd-80ee37c71526%3Fformat%3Djson%26states%3Dlisting HTTP/1.0 200 - python-swiftclient-3.11.1 gAAAAABpekFC9ymC... - 357 - txcb53bf089dd24f60bafd0-00697a41ba - 0.0187 - - 1769619898.481154442 1769619898.499902248 0
Jan 28 17:04:58 standalone container-server[128353]: 172.20.0.100 - - [28/Jan/2026:17:04:58 +0000] "GET /d1/877/AUTH_31d3a527839a466a8e954dac4cacc9dd/gnocchi.fc388af6-5fc9-4443-8fdd-80ee37c71526" 200 2 "GET http://172.18.0.2:8080/v1/AUTH_31d3a527839a466a8e954dac4cacc9dd/gnocchi.fc388af6-5fc9-4443-8fdd-80ee37c71526?format=json&marker=none_v3&states=listing" "tx334dfce7bd2b4fa09f0a9-00697a41ba" "proxy-server 20" 0.0037 "-" 22 0
Jan 28 17:04:58 standalone proxy-server[130288]: 172.18.0.2 172.18.0.100 28/Jan/2026/17/04/58 GET /v1/AUTH_31d3a527839a466a8e954dac4cacc9dd/gnocchi.fc388af6-5fc9-4443-8fdd-80ee37c71526%3Fformat%3Djson%26marker%3Dnone_v3%26states%3Dlisting HTTP/1.0 200 - python-swiftclient-3.11.1 gAAAAABpekFC9ymC... - 2 - tx334dfce7bd2b4fa09f0a9-00697a41ba - 0.0121 - - 1769619898.502866268 1769619898.514993429 0
Jan 28 17:04:58 standalone object-server[128709]: 172.20.0.100 - - [28/Jan/2026:17:04:58 +0000] "GET /d1/478/AUTH_31d3a527839a466a8e954dac4cacc9dd/gnocchi.fc388af6-5fc9-4443-8fdd-80ee37c71526/1769040000.0_mean_300.0_v3" 200 16 "GET http://172.18.0.2:8080/v1/AUTH_31d3a527839a466a8e954dac4cacc9dd/gnocchi.fc388af6-5fc9-4443-8fdd-80ee37c71526/1769040000.0_mean_300.0_v3" "tx8d7af904d7bf4c09b040f-00697a41ba" "proxy-server 20" 0.0008 "-" 22 0
Jan 28 17:04:58 standalone proxy-server[130288]: 172.18.0.2 172.18.0.100 28/Jan/2026/17/04/58 GET /v1/AUTH_31d3a527839a466a8e954dac4cacc9dd/gnocchi.fc388af6-5fc9-4443-8fdd-80ee37c71526/1769040000.0_mean_300.0_v3 HTTP/1.0 200 - python-swiftclient-3.11.1 gAAAAABpekFC9ymC... - 16 - tx8d7af904d7bf4c09b040f-00697a41ba - 0.0114 - - 1769619898.518747330 1769619898.530115128 0
Jan 28 17:04:58 standalone container-server[128342]: 172.20.0.100 - - [28/Jan/2026:17:04:58 +0000] "PUT /d1/877/AUTH_31d3a527839a466a8e954dac4cacc9dd/gnocchi.fc388af6-5fc9-4443-8fdd-80ee37c71526/1769040000.0_mean_300.0_v3" 201 - "PUT http://172.18.0.2:8080/d1/478/AUTH_31d3a527839a466a8e954dac4cacc9dd/gnocchi.fc388af6-5fc9-4443-8fdd-80ee37c71526/1769040000.0_mean_300.0_v3" "tx85b0b87fa5514a2790783-00697a41ba" "object-server 24" 0.0005 "-" 21 0
Jan 28 17:04:58 standalone object-server[128711]: 172.20.0.100 - - [28/Jan/2026:17:04:58 +0000] "PUT /d1/478/AUTH_31d3a527839a466a8e954dac4cacc9dd/gnocchi.fc388af6-5fc9-4443-8fdd-80ee37c71526/1769040000.0_mean_300.0_v3" 201 - "PUT http://172.18.0.2:8080/v1/AUTH_31d3a527839a466a8e954dac4cacc9dd/gnocchi.fc388af6-5fc9-4443-8fdd-80ee37c71526/1769040000.0_mean_300.0_v3" "tx85b0b87fa5514a2790783-00697a41ba" "proxy-server 20" 0.0114 "-" 24 0
Jan 28 17:04:58 standalone proxy-server[130288]: 172.18.0.2 172.18.0.100 28/Jan/2026/17/04/58 PUT /v1/AUTH_31d3a527839a466a8e954dac4cacc9dd/gnocchi.fc388af6-5fc9-4443-8fdd-80ee37c71526/1769040000.0_mean_300.0_v3 HTTP/1.0 201 - python-swiftclient-3.11.1 gAAAAABpekFC9ymC... 16 - - tx85b0b87fa5514a2790783-00697a41ba - 0.0274 - - 1769619898.535999537 1769619898.563419580 0
Jan 28 17:04:58 standalone container-server[128353]: 172.20.0.100 - - [28/Jan/2026:17:04:58 +0000] "PUT /d1/877/AUTH_31d3a527839a466a8e954dac4cacc9dd/gnocchi.fc388af6-5fc9-4443-8fdd-80ee37c71526/none_v3" 201 - "PUT http://172.18.0.2:8080/d1/581/AUTH_31d3a527839a466a8e954dac4cacc9dd/gnocchi.fc388af6-5fc9-4443-8fdd-80ee37c71526/none_v3" "txadb278fe7ee348ff8222d-00697a41ba" "object-server 22" 0.0008 "-" 22 0
Jan 28 17:04:58 standalone object-server[128709]: 172.20.0.100 - - [28/Jan/2026:17:04:58 +0000] "PUT /d1/581/AUTH_31d3a527839a466a8e954dac4cacc9dd/gnocchi.fc388af6-5fc9-4443-8fdd-80ee37c71526/none_v3" 201 - "PUT http://172.18.0.2:8080/v1/AUTH_31d3a527839a466a8e954dac4cacc9dd/gnocchi.fc388af6-5fc9-4443-8fdd-80ee37c71526/none_v3" "txadb278fe7ee348ff8222d-00697a41ba" "proxy-server 20" 0.0133 "-" 22 0
Jan 28 17:04:58 standalone proxy-server[130288]: 172.18.0.2 172.18.0.100 28/Jan/2026/17/04/58 PUT /v1/AUTH_31d3a527839a466a8e954dac4cacc9dd/gnocchi.fc388af6-5fc9-4443-8fdd-80ee37c71526/none_v3 HTTP/1.0 201 - python-swiftclient-3.11.1 gAAAAABpekFC9ymC... 32 - - txadb278fe7ee348ff8222d-00697a41ba - 0.0230 - - 1769619898.570086002 1769619898.593055964 0
Jan 28 17:05:01 standalone account-server[128397]: 172.20.0.100 - - [28/Jan/2026:17:05:01 +0000] "HEAD /d1/408/AUTH_31d3a527839a466a8e954dac4cacc9dd" 204 - "HEAD http://172.18.0.2:8080/v1/AUTH_31d3a527839a466a8e954dac4cacc9dd?format=json" "tx310247490fbf4821a78e4-00697a41bd" "proxy-server 20" 0.0056 "-" 20 -
Jan 28 17:05:01 standalone proxy-server[130288]: - - 28/Jan/2026/17/05/01 HEAD /v1/AUTH_31d3a527839a466a8e954dac4cacc9dd%3Fformat%3Djson HTTP/1.0 204 - Swift - - - - tx310247490fbf4821a78e4-00697a41bd - 0.0104 RL - 1769619901.779033899 1769619901.789421558 -
Jan 28 17:05:01 standalone container-server[128353]: 172.20.0.100 - - [28/Jan/2026:17:05:01 +0000] "HEAD /d1/632/AUTH_31d3a527839a466a8e954dac4cacc9dd/gnocchi.d5faa6db-a7c6-4211-b1c7-fbdc2218d986" 404 - "HEAD http://172.18.0.2:8080/v1/AUTH_31d3a527839a466a8e954dac4cacc9dd/gnocchi.d5faa6db-a7c6-4211-b1c7-fbdc2218d986?format=json&states=listing" "tx310247490fbf4821a78e4-00697a41bd" "proxy-server 20" 0.0006 "-" 22 0
Jan 28 17:05:01 standalone object-server[128711]: 172.20.0.100 - - [28/Jan/2026:17:05:01 +0000] "GET /d1/873/AUTH_31d3a527839a466a8e954dac4cacc9dd/gnocchi.d5faa6db-a7c6-4211-b1c7-fbdc2218d986/none_v3" 404 70 "GET http://172.18.0.2:8080/v1/AUTH_31d3a527839a466a8e954dac4cacc9dd/gnocchi.d5faa6db-a7c6-4211-b1c7-fbdc2218d986/none_v3" "tx310247490fbf4821a78e4-00697a41bd" "proxy-server 20" 0.0005 "-" 24 0
Jan 28 17:05:01 standalone proxy-server[130288]: 172.18.0.2 172.18.0.100 28/Jan/2026/17/05/01 GET /v1/AUTH_31d3a527839a466a8e954dac4cacc9dd/gnocchi.d5faa6db-a7c6-4211-b1c7-fbdc2218d986/none_v3 HTTP/1.0 404 - python-swiftclient-3.11.1 gAAAAABpekFC9ymC... - 70 - tx310247490fbf4821a78e4-00697a41bd - 0.0270 - - 1769619901.777805328 1769619901.804780722 0
Jan 28 17:05:01 standalone account-server[128375]: 172.20.0.100 - - [28/Jan/2026:17:05:01 +0000] "PUT /d1/408/AUTH_31d3a527839a466a8e954dac4cacc9dd/gnocchi.d5faa6db-a7c6-4211-b1c7-fbdc2218d986" 201 - "PUT http://172.20.0.100:6001/d1/632/AUTH_31d3a527839a466a8e954dac4cacc9dd/gnocchi.d5faa6db-a7c6-4211-b1c7-fbdc2218d986" "txcf1442e2fa274089839c0-00697a41bd" "container-server 22" 0.0024 "-" 19 0
Jan 28 17:05:01 standalone container-server[128353]: 172.20.0.100 - - [28/Jan/2026:17:05:01 +0000] "PUT /d1/632/AUTH_31d3a527839a466a8e954dac4cacc9dd/gnocchi.d5faa6db-a7c6-4211-b1c7-fbdc2218d986" 201 - "PUT http://172.18.0.2:8080/v1/AUTH_31d3a527839a466a8e954dac4cacc9dd/gnocchi.d5faa6db-a7c6-4211-b1c7-fbdc2218d986" "txcf1442e2fa274089839c0-00697a41bd" "proxy-server 20" 0.0147 "-" 22 0
Jan 28 17:05:01 standalone proxy-server[130288]: 172.18.0.2 172.18.0.100 28/Jan/2026/17/05/01 PUT /v1/AUTH_31d3a527839a466a8e954dac4cacc9dd/gnocchi.d5faa6db-a7c6-4211-b1c7-fbdc2218d986 HTTP/1.0 201 - python-swiftclient-3.11.1 gAAAAABpekFC9ymC... - - - txcf1442e2fa274089839c0-00697a41bd - 0.0215 - - 1769619901.810292959 1769619901.831780195 0
Jan 28 17:05:01 standalone container-server[128312]: 172.20.0.100 - - [28/Jan/2026:17:05:01 +0000] "HEAD /d1/632/AUTH_31d3a527839a466a8e954dac4cacc9dd/gnocchi.d5faa6db-a7c6-4211-b1c7-fbdc2218d986" 204 - "HEAD http://172.18.0.2:8080/v1/AUTH_31d3a527839a466a8e954dac4cacc9dd/gnocchi.d5faa6db-a7c6-4211-b1c7-fbdc2218d986?format=json&states=listing" "txd0395c52ebd443b0ba7cd-00697a41bd" "proxy-server 20" 0.0019 "-" 20 0
Jan 28 17:05:01 standalone proxy-server[130288]: - - 28/Jan/2026/17/05/01 HEAD /v1/AUTH_31d3a527839a466a8e954dac4cacc9dd/gnocchi.d5faa6db-a7c6-4211-b1c7-fbdc2218d986%3Fformat%3Djson%26states%3Dlisting HTTP/1.0 204 - Swift - - - - txd0395c52ebd443b0ba7cd-00697a41bd - 0.0069 RL - 1769619901.841048241 1769619901.847952604 0
Jan 28 17:05:01 standalone container-server[128312]: 172.20.0.100 - - [28/Jan/2026:17:05:01 +0000] "GET /d1/632/AUTH_31d3a527839a466a8e954dac4cacc9dd/gnocchi.d5faa6db-a7c6-4211-b1c7-fbdc2218d986" 200 2 "GET http://172.18.0.2:8080/v1/AUTH_31d3a527839a466a8e954dac4cacc9dd/gnocchi.d5faa6db-a7c6-4211-b1c7-fbdc2218d986?format=json&states=listing" "txd0395c52ebd443b0ba7cd-00697a41bd" "proxy-server 20" 0.0024 "-" 20 0
Jan 28 17:05:01 standalone proxy-server[130288]: 172.18.0.2 172.18.0.100 28/Jan/2026/17/05/01 GET /v1/AUTH_31d3a527839a466a8e954dac4cacc9dd/gnocchi.d5faa6db-a7c6-4211-b1c7-fbdc2218d986%3Fformat%3Djson%26states%3Dlisting HTTP/1.0 200 - python-swiftclient-3.11.1 gAAAAABpekFC9ymC... - 2 - txd0395c52ebd443b0ba7cd-00697a41bd - 0.0170 - - 1769619901.840074062 1769619901.857051134 0
Jan 28 17:05:01 standalone object-server[128709]: 172.20.0.100 - - [28/Jan/2026:17:05:01 +0000] "GET /d1/195/AUTH_31d3a527839a466a8e954dac4cacc9dd/gnocchi.d5faa6db-a7c6-4211-b1c7-fbdc2218d986/1769040000.0_mean_300.0_v3" 404 70 "GET http://172.18.0.2:8080/v1/AUTH_31d3a527839a466a8e954dac4cacc9dd/gnocchi.d5faa6db-a7c6-4211-b1c7-fbdc2218d986/1769040000.0_mean_300.0_v3" "tx26228ac9318f4dea85158-00697a41bd" "proxy-server 20" 0.0007 "-" 22 0
Jan 28 17:05:01 standalone proxy-server[130288]: 172.18.0.2 172.18.0.100 28/Jan/2026/17/05/01 GET /v1/AUTH_31d3a527839a466a8e954dac4cacc9dd/gnocchi.d5faa6db-a7c6-4211-b1c7-fbdc2218d986/1769040000.0_mean_300.0_v3 HTTP/1.0 404 - python-swiftclient-3.11.1 gAAAAABpekFC9ymC... - 70 - tx26228ac9318f4dea85158-00697a41bd - 0.0057 - - 1769619901.862304926 1769619901.867977619 0
Jan 28 17:05:01 standalone container-server[128297]: 172.20.0.100 - - [28/Jan/2026:17:05:01 +0000] "PUT /d1/632/AUTH_31d3a527839a466a8e954dac4cacc9dd/gnocchi.d5faa6db-a7c6-4211-b1c7-fbdc2218d986/1769040000.0_mean_300.0_v3" 201 - "PUT http://172.18.0.2:8080/d1/195/AUTH_31d3a527839a466a8e954dac4cacc9dd/gnocchi.d5faa6db-a7c6-4211-b1c7-fbdc2218d986/1769040000.0_mean_300.0_v3" "tx0bcd7d419c02459da1ee3-00697a41bd" "object-server 25" 0.0007 "-" 19 0
Jan 28 17:05:01 standalone object-server[128712]: 172.20.0.100 - - [28/Jan/2026:17:05:01 +0000] "PUT /d1/195/AUTH_31d3a527839a466a8e954dac4cacc9dd/gnocchi.d5faa6db-a7c6-4211-b1c7-fbdc2218d986/1769040000.0_mean_300.0_v3" 201 - "PUT http://172.18.0.2:8080/v1/AUTH_31d3a527839a466a8e954dac4cacc9dd/gnocchi.d5faa6db-a7c6-4211-b1c7-fbdc2218d986/1769040000.0_mean_300.0_v3" "tx0bcd7d419c02459da1ee3-00697a41bd" "proxy-server 20" 0.0147 "-" 25 0
Jan 28 17:05:01 standalone proxy-server[130288]: 172.18.0.2 172.18.0.100 28/Jan/2026/17/05/01 PUT /v1/AUTH_31d3a527839a466a8e954dac4cacc9dd/gnocchi.d5faa6db-a7c6-4211-b1c7-fbdc2218d986/1769040000.0_mean_300.0_v3 HTTP/1.0 201 - python-swiftclient-3.11.1 gAAAAABpekFC9ymC... 16 - - tx0bcd7d419c02459da1ee3-00697a41bd - 0.0195 - - 1769619901.871204138 1769619901.890722752 0
Jan 28 17:05:01 standalone container-server[128297]: 172.20.0.100 - - [28/Jan/2026:17:05:01 +0000] "PUT /d1/632/AUTH_31d3a527839a466a8e954dac4cacc9dd/gnocchi.d5faa6db-a7c6-4211-b1c7-fbdc2218d986/none_v3" 201 - "PUT http://172.18.0.2:8080/d1/873/AUTH_31d3a527839a466a8e954dac4cacc9dd/gnocchi.d5faa6db-a7c6-4211-b1c7-fbdc2218d986/none_v3" "txdce5a841a6d94f9faa754-00697a41bd" "object-server 22" 0.0005 "-" 19 0
Jan 28 17:05:01 standalone object-server[128709]: 172.20.0.100 - - [28/Jan/2026:17:05:01 +0000] "PUT /d1/873/AUTH_31d3a527839a466a8e954dac4cacc9dd/gnocchi.d5faa6db-a7c6-4211-b1c7-fbdc2218d986/none_v3" 201 - "PUT http://172.18.0.2:8080/v1/AUTH_31d3a527839a466a8e954dac4cacc9dd/gnocchi.d5faa6db-a7c6-4211-b1c7-fbdc2218d986/none_v3" "txdce5a841a6d94f9faa754-00697a41bd" "proxy-server 20" 0.0093 "-" 22 0
Jan 28 17:05:01 standalone proxy-server[130288]: 172.18.0.2 172.18.0.100 28/Jan/2026/17/05/01 PUT /v1/AUTH_31d3a527839a466a8e954dac4cacc9dd/gnocchi.d5faa6db-a7c6-4211-b1c7-fbdc2218d986/none_v3 HTTP/1.0 201 - python-swiftclient-3.11.1 gAAAAABpekFC9ymC... 22 - - txdce5a841a6d94f9faa754-00697a41bd - 0.0149 - - 1769619901.895336390 1769619901.910213709 0
Jan 28 17:05:02 standalone object-server[128711]: 172.20.0.100 - - [28/Jan/2026:17:05:02 +0000] "GET /d1/306/AUTH_31d3a527839a466a8e954dac4cacc9dd/gnocchi.db12c7ac-6c8a-40f9-979c-0dc6261d3d98/none_v3" 200 33 "GET http://172.18.0.2:8080/v1/AUTH_31d3a527839a466a8e954dac4cacc9dd/gnocchi.db12c7ac-6c8a-40f9-979c-0dc6261d3d98/none_v3" "txf698ce721c064fffadef1-00697a41be" "proxy-server 20" 0.0006 "-" 24 0
Jan 28 17:05:02 standalone proxy-server[130288]: 172.18.0.2 172.18.0.100 28/Jan/2026/17/05/02 GET /v1/AUTH_31d3a527839a466a8e954dac4cacc9dd/gnocchi.db12c7ac-6c8a-40f9-979c-0dc6261d3d98/none_v3 HTTP/1.0 200 - python-swiftclient-3.11.1 gAAAAABpekFC9ymC... - 33 - txf698ce721c064fffadef1-00697a41be - 0.0266 - - 1769619902.028412104 1769619902.054982662 0
Jan 28 17:05:02 standalone container-server[128353]: 172.20.0.100 - - [28/Jan/2026:17:05:02 +0000] "GET /d1/697/AUTH_31d3a527839a466a8e954dac4cacc9dd/gnocchi.db12c7ac-6c8a-40f9-979c-0dc6261d3d98" 200 357 "GET http://172.18.0.2:8080/v1/AUTH_31d3a527839a466a8e954dac4cacc9dd/gnocchi.db12c7ac-6c8a-40f9-979c-0dc6261d3d98?format=json&states=listing" "tx9be80f2cd3c1437ba6c70-00697a41be" "proxy-server 20" 0.0072 "-" 22 0
Jan 28 17:05:02 standalone proxy-server[130288]: 172.18.0.2 172.18.0.100 28/Jan/2026/17/05/02 GET /v1/AUTH_31d3a527839a466a8e954dac4cacc9dd/gnocchi.db12c7ac-6c8a-40f9-979c-0dc6261d3d98%3Fformat%3Djson%26states%3Dlisting HTTP/1.0 200 - python-swiftclient-3.11.1 gAAAAABpekFC9ymC... - 357 - tx9be80f2cd3c1437ba6c70-00697a41be - 0.0138 - - 1769619902.060902357 1769619902.074752331 0
Jan 28 17:05:02 standalone container-server[128297]: 172.20.0.100 - - [28/Jan/2026:17:05:02 +0000] "GET /d1/697/AUTH_31d3a527839a466a8e954dac4cacc9dd/gnocchi.db12c7ac-6c8a-40f9-979c-0dc6261d3d98" 200 2 "GET http://172.18.0.2:8080/v1/AUTH_31d3a527839a466a8e954dac4cacc9dd/gnocchi.db12c7ac-6c8a-40f9-979c-0dc6261d3d98?format=json&marker=none_v3&states=listing" "tx32d865abc6814f1a9db4e-00697a41be" "proxy-server 20" 0.0039 "-" 19 0
Jan 28 17:05:02 standalone proxy-server[130288]: 172.18.0.2 172.18.0.100 28/Jan/2026/17/05/02 GET /v1/AUTH_31d3a527839a466a8e954dac4cacc9dd/gnocchi.db12c7ac-6c8a-40f9-979c-0dc6261d3d98%3Fformat%3Djson%26marker%3Dnone_v3%26states%3Dlisting HTTP/1.0 200 - python-swiftclient-3.11.1 gAAAAABpekFC9ymC... - 2 - tx32d865abc6814f1a9db4e-00697a41be - 0.0113 - - 1769619902.078463554 1769619902.089790583 0
Jan 28 17:05:02 standalone object-server[128709]: 172.20.0.100 - - [28/Jan/2026:17:05:02 +0000] "GET /d1/123/AUTH_31d3a527839a466a8e954dac4cacc9dd/gnocchi.db12c7ac-6c8a-40f9-979c-0dc6261d3d98/1769040000.0_mean_300.0_v3" 200 16 "GET http://172.18.0.2:8080/v1/AUTH_31d3a527839a466a8e954dac4cacc9dd/gnocchi.db12c7ac-6c8a-40f9-979c-0dc6261d3d98/1769040000.0_mean_300.0_v3" "txd0bf61c2726c49f2b3db3-00697a41be" "proxy-server 20" 0.0006 "-" 22 0
Jan 28 17:05:02 standalone proxy-server[130288]: 172.18.0.2 172.18.0.100 28/Jan/2026/17/05/02 GET /v1/AUTH_31d3a527839a466a8e954dac4cacc9dd/gnocchi.db12c7ac-6c8a-40f9-979c-0dc6261d3d98/1769040000.0_mean_300.0_v3 HTTP/1.0 200 - python-swiftclient-3.11.1 gAAAAABpekFC9ymC... - 16 - txd0bf61c2726c49f2b3db3-00697a41be - 0.0060 - - 1769619902.094189167 1769619902.100145102 0
