Jan 28 16:50:33 standalone account-server[128030]: Starting 2
Jan 28 16:50:33 standalone container-server[128066]: Option allow_versions is deprecated. Configure the versioned_writes middleware in the proxy-server instead. This option will be ignored in a future release.
Jan 28 16:50:33 standalone container-server[128297]: Option allow_versions is deprecated. Configure the versioned_writes middleware in the proxy-server instead. This option will be ignored in a future release.
Jan 28 16:50:33 standalone container-server[128066]: Started child 19 from parent 2
Jan 28 16:50:33 standalone container-server[128312]: Option allow_versions is deprecated. Configure the versioned_writes middleware in the proxy-server instead. This option will be ignored in a future release.
Jan 28 16:50:33 standalone container-server[128066]: Started child 20 from parent 2
Jan 28 16:50:33 standalone container-server[128342]: Option allow_versions is deprecated. Configure the versioned_writes middleware in the proxy-server instead. This option will be ignored in a future release.
Jan 28 16:50:33 standalone container-server[128066]: Started child 21 from parent 2
Jan 28 16:50:33 standalone container-server[128353]: Option allow_versions is deprecated. Configure the versioned_writes middleware in the proxy-server instead. This option will be ignored in a future release.
Jan 28 16:50:33 standalone container-server[128066]: Started child 22 from parent 2
Jan 28 16:50:33 standalone account-server[128103]: Started child 19 from parent 2
Jan 28 16:50:33 standalone account-server[128103]: Started child 20 from parent 2
Jan 28 16:50:33 standalone account-server[128103]: Started child 22 from parent 2
Jan 28 16:50:33 standalone account-server[128103]: Started child 23 from parent 2
Jan 28 16:50:33 standalone container-server[128179]: Starting 2
Jan 28 16:50:34 standalone object-expirer[128455]: Starting 2
Jan 28 16:50:34 standalone object-expirer[128455]: Option auto_create_account_prefix is deprecated. Configure auto_create_account_prefix under the swift-constraints section of swift.conf. This option will be ignored in a future release.
Jan 28 16:50:34 standalone object-server[128587]: Starting 2
Jan 28 16:50:34 standalone object-server[128510]: Started child 22 from parent 2
Jan 28 16:50:34 standalone object-server[128510]: Started child 23 from parent 2
Jan 28 16:50:34 standalone object-server[128510]: Started child 24 from parent 2
Jan 28 16:50:34 standalone object-server[128510]: Started child 25 from parent 2
Jan 28 16:50:40 standalone proxy-server[130119]: Starting Keystone auth_token middleware
Jan 28 16:50:40 standalone proxy-server[130119]: AuthToken middleware is set with keystone_authtoken.service_token_roles_required set to False. This is backwards compatible but deprecated behaviour. Please set this to True.
Jan 28 16:50:40 standalone proxy-server[130288]: Starting Keystone auth_token middleware
Jan 28 16:50:40 standalone proxy-server[130288]: STDERR: The option "bind_port" is not known to keystonemiddleware
Jan 28 16:50:40 standalone proxy-server[130288]: STDERR: The option "workers" is not known to keystonemiddleware
Jan 28 16:50:40 standalone proxy-server[130288]: STDERR: The option "user" is not known to keystonemiddleware
Jan 28 16:50:40 standalone proxy-server[130288]: STDERR: The option "bind_ip" is not known to keystonemiddleware
Jan 28 16:50:40 standalone proxy-server[130288]: STDERR: The option "log_name" is not known to keystonemiddleware
Jan 28 16:50:40 standalone proxy-server[130288]: STDERR: The option "log_facility" is not known to keystonemiddleware
Jan 28 16:50:40 standalone proxy-server[130288]: STDERR: The option "log_level" is not known to keystonemiddleware
Jan 28 16:50:40 standalone proxy-server[130288]: STDERR: The option "log_headers" is not known to keystonemiddleware
Jan 28 16:50:40 standalone proxy-server[130288]: STDERR: The option "log_address" is not known to keystonemiddleware
Jan 28 16:50:40 standalone proxy-server[130288]: STDERR: The option "project_name" is not known to keystonemiddleware
Jan 28 16:50:40 standalone proxy-server[130288]: STDERR: The option "username" is not known to keystonemiddleware
Jan 28 16:50:40 standalone proxy-server[130288]: STDERR: The option "password" is not known to keystonemiddleware
Jan 28 16:50:40 standalone proxy-server[130288]: STDERR: The option "auth_url" is not known to keystonemiddleware
Jan 28 16:50:40 standalone proxy-server[130288]: STDERR: The option "signing_dir" is not known to keystonemiddleware
Jan 28 16:50:40 standalone proxy-server[130288]: STDERR: The option "project_domain_id" is not known to keystonemiddleware
Jan 28 16:50:40 standalone proxy-server[130288]: STDERR: The option "user_domain_id" is not known to keystonemiddleware
Jan 28 16:50:40 standalone proxy-server[130288]: STDERR: The option "__name__" is not known to keystonemiddleware
Jan 28 16:50:40 standalone proxy-server[130288]: AuthToken middleware is set with keystone_authtoken.service_token_roles_required set to False. This is backwards compatible but deprecated behaviour. Please set this to True.
Jan 28 16:50:40 standalone proxy-server[130119]: Started child 20 from parent 2
Jan 28 16:51:11 standalone account-server[128375]: 172.20.0.100 - - [28/Jan/2026:16:51:11 +0000] "HEAD /d1/934/.expiring_objects" 404 - "HEAD http://localhost/v1/.expiring_objects?format=json" "tx620db4fd838d43289c597-00697a3e7f" "proxy-server 2" 0.0019 "-" 19 -
Jan 28 16:51:11 standalone object-expirer[128455]: Pass completed in 0s; 0 objects expired (txn: tx620db4fd838d43289c597-00697a3e7f)
Jan 28 16:51:40 standalone container-server[128179]: Begin container update sweep
Jan 28 16:51:40 standalone container-server[128179]: Container update sweep completed: 0.00s
Jan 28 16:51:44 standalone account-server[128397]: 172.20.0.100 - - [28/Jan/2026:16:51:44 +0000] "HEAD /d1/934/.expiring_objects" 404 - "HEAD http://localhost/v1/.expiring_objects?format=json" "txe0ae68065111433aa9c2c-00697a3ea0" "proxy-server 2" 0.0011 "-" 20 -
Jan 28 16:51:44 standalone object-expirer[128455]: Pass completed in 0s; 0 objects expired (txn: txe0ae68065111433aa9c2c-00697a3ea0)
Jan 28 16:52:15 standalone object-server[128587]: Begin object update sweep
Jan 28 16:52:15 standalone object-server[141229]: Object update sweep starting on /srv/node/d1 (pid: 11)
Jan 28 16:52:15 standalone object-server[141229]: Object update sweep completed on /srv/node/d1 in 0.00s seconds:, 0 successes, 0 failures, 0 quarantines, 0 unlinks, 0 errors, 0 redirects (pid: 11)
Jan 28 16:52:15 standalone object-server[141229]: Object update sweep of d1 completed: 0.00s, 0 successes, 0 failures, 0 quarantines, 0 unlinks, 0 errors, 0 redirects
Jan 28 16:52:15 standalone object-server[128587]: Object update sweep completed: 0.07s
Jan 28 16:54:17 standalone account-server[128397]: 172.20.0.100 - - [28/Jan/2026:16:54:17 +0000] "HEAD /d1/934/.expiring_objects" 404 - "HEAD http://localhost/v1/.expiring_objects?format=json" "tx0714776417ae456cb9cc9-00697a3f39" "proxy-server 2" 0.0008 "-" 20 -
Jan 28 16:54:17 standalone object-expirer[128455]: Pass completed in 0s; 0 objects expired (txn: tx0714776417ae456cb9cc9-00697a3f39)
Jan 28 16:56:40 standalone container-server[128179]: Begin container update sweep
Jan 28 16:56:40 standalone container-server[128179]: Container update sweep completed: 0.00s
Jan 28 16:57:15 standalone object-server[128587]: Begin object update sweep
Jan 28 16:57:15 standalone object-server[177925]: Object update sweep starting on /srv/node/d1 (pid: 13)
Jan 28 16:57:15 standalone object-server[177925]: Object update sweep completed on /srv/node/d1 in 0.00s seconds:, 0 successes, 0 failures, 0 quarantines, 0 unlinks, 0 errors, 0 redirects (pid: 13)
Jan 28 16:57:15 standalone object-server[177925]: Object update sweep of d1 completed: 0.00s, 0 successes, 0 failures, 0 quarantines, 0 unlinks, 0 errors, 0 redirects
Jan 28 16:57:15 standalone object-server[128587]: Object update sweep completed: 0.08s
Jan 28 16:57:28 standalone account-server[128414]: 172.20.0.100 - - [28/Jan/2026:16:57:28 +0000] "HEAD /d1/934/.expiring_objects" 404 - "HEAD http://localhost/v1/.expiring_objects?format=json" "tx8f98759f47a3446e869d2-00697a3ff8" "proxy-server 2" 0.0013 "-" 22 -
Jan 28 16:57:28 standalone object-expirer[128455]: Pass completed in 0s; 0 objects expired (txn: tx8f98759f47a3446e869d2-00697a3ff8)
Jan 28 17:00:04 standalone account-server[128375]: 172.20.0.100 - - [28/Jan/2026:17:00:04 +0000] "HEAD /d1/934/.expiring_objects" 404 - "HEAD http://localhost/v1/.expiring_objects?format=json" "tx325b5c0ae8e14eae9ec70-00697a4094" "proxy-server 2" 0.0004 "-" 19 -
Jan 28 17:00:04 standalone object-expirer[128455]: Pass completed in 0s; 0 objects expired (txn: tx325b5c0ae8e14eae9ec70-00697a4094)
Jan 28 17:01:40 standalone container-server[128179]: Begin container update sweep
Jan 28 17:01:40 standalone container-server[128179]: Container update sweep completed: 0.00s
Jan 28 17:02:15 standalone object-server[128587]: Begin object update sweep
Jan 28 17:02:15 standalone object-server[217993]: Object update sweep starting on /srv/node/d1 (pid: 14)
Jan 28 17:02:15 standalone object-server[217993]: Object update sweep completed on /srv/node/d1 in 0.00s seconds:, 0 successes, 0 failures, 0 quarantines, 0 unlinks, 0 errors, 0 redirects (pid: 14)
Jan 28 17:02:15 standalone object-server[217993]: Object update sweep of d1 completed: 0.00s, 0 successes, 0 failures, 0 quarantines, 0 unlinks, 0 errors, 0 redirects
Jan 28 17:02:15 standalone object-server[128587]: Object update sweep completed: 0.08s
Jan 28 17:02:59 standalone account-server[128375]: 172.20.0.100 - - [28/Jan/2026:17:02:59 +0000] "HEAD /d1/408/AUTH_31d3a527839a466a8e954dac4cacc9dd" 404 - "HEAD http://172.18.0.2:8080/v1/AUTH_31d3a527839a466a8e954dac4cacc9dd?format=json" "tx34c4bae0225e4620b537c-00697a4142" "proxy-server 20" 0.0007 "-" 19 -
Jan 28 17:02:59 standalone proxy-server[130288]: - - 28/Jan/2026/17/02/59 HEAD /v1/AUTH_31d3a527839a466a8e954dac4cacc9dd%3Fformat%3Djson HTTP/1.0 200 - Swift - - - - tx34c4bae0225e4620b537c-00697a4142 - 0.0095 RL - 1769619779.002197027 1769619779.011705637 -
Jan 28 17:02:59 standalone object-server[128709]: 172.20.0.100 - - [28/Jan/2026:17:02:59 +0000] "GET /d1/1003/AUTH_31d3a527839a466a8e954dac4cacc9dd/gnocchi.c98704b7-b248-4bb2-ba38-05f432c0de77/none_v3" 404 70 "GET http://172.18.0.2:8080/v1/AUTH_31d3a527839a466a8e954dac4cacc9dd/gnocchi.c98704b7-b248-4bb2-ba38-05f432c0de77/none_v3" "tx34c4bae0225e4620b537c-00697a4142" "proxy-server 20" 0.0010 "-" 22 0
Jan 28 17:02:59 standalone proxy-server[130288]: 172.18.0.2 172.18.0.100 28/Jan/2026/17/02/59 GET /v1/AUTH_31d3a527839a466a8e954dac4cacc9dd/gnocchi.c98704b7-b248-4bb2-ba38-05f432c0de77/none_v3 HTTP/1.0 404 - python-swiftclient-3.11.1 gAAAAABpekFC9ymC... - 70 - tx34c4bae0225e4620b537c-00697a4142 - 0.3983 - - 1769619778.998730183 1769619779.397051334 0
Jan 28 17:02:59 standalone account-server[128424]: 172.20.0.100 - - [28/Jan/2026:17:02:59 +0000] "PUT /d1/408/AUTH_31d3a527839a466a8e954dac4cacc9dd" 201 - "-" "tx82cdb7c9fce341c791e25-00697a4143" "-" 0.0173 "-" 23 -
Jan 28 17:02:59 standalone proxy-server[130288]: autocreate account '/AUTH_31d3a527839a466a8e954dac4cacc9dd' (txn: tx82cdb7c9fce341c791e25-00697a4143)
Jan 28 17:02:59 standalone account-server[128424]: 172.20.0.100 - - [28/Jan/2026:17:02:59 +0000] "HEAD /d1/408/AUTH_31d3a527839a466a8e954dac4cacc9dd" 204 - "HEAD http://172.18.0.2:8080/v1/AUTH_31d3a527839a466a8e954dac4cacc9dd?format=json" "tx82cdb7c9fce341c791e25-00697a4143" "proxy-server 20" 0.0026 "-" 23 -
Jan 28 17:02:59 standalone account-server[128397]: 172.20.0.100 - - [28/Jan/2026:17:02:59 +0000] "PUT /d1/408/AUTH_31d3a527839a466a8e954dac4cacc9dd/gnocchi.c98704b7-b248-4bb2-ba38-05f432c0de77" 201 - "PUT http://172.20.0.100:6001/d1/30/AUTH_31d3a527839a466a8e954dac4cacc9dd/gnocchi.c98704b7-b248-4bb2-ba38-05f432c0de77" "tx82cdb7c9fce341c791e25-00697a4143" "container-server 19" 0.0020 "-" 20 0
Jan 28 17:02:59 standalone container-server[128297]: 172.20.0.100 - - [28/Jan/2026:17:02:59 +0000] "PUT /d1/30/AUTH_31d3a527839a466a8e954dac4cacc9dd/gnocchi.c98704b7-b248-4bb2-ba38-05f432c0de77" 201 - "PUT http://172.18.0.2:8080/v1/AUTH_31d3a527839a466a8e954dac4cacc9dd/gnocchi.c98704b7-b248-4bb2-ba38-05f432c0de77" "tx82cdb7c9fce341c791e25-00697a4143" "proxy-server 20" 0.0141 "-" 19 0
Jan 28 17:02:59 standalone proxy-server[130288]: 172.18.0.2 172.18.0.100 28/Jan/2026/17/02/59 PUT /v1/AUTH_31d3a527839a466a8e954dac4cacc9dd/gnocchi.c98704b7-b248-4bb2-ba38-05f432c0de77 HTTP/1.0 201 - python-swiftclient-3.11.1 gAAAAABpekFC9ymC... - - - tx82cdb7c9fce341c791e25-00697a4143 - 0.0502 - - 1769619779.402427912 1769619779.452627182 0
Jan 28 17:02:59 standalone container-server[128297]: 172.20.0.100 - - [28/Jan/2026:17:02:59 +0000] "HEAD /d1/30/AUTH_31d3a527839a466a8e954dac4cacc9dd/gnocchi.c98704b7-b248-4bb2-ba38-05f432c0de77" 204 - "HEAD http://172.18.0.2:8080/v1/AUTH_31d3a527839a466a8e954dac4cacc9dd/gnocchi.c98704b7-b248-4bb2-ba38-05f432c0de77?format=json&states=listing" "txc99470f415ab42eb81532-00697a4143" "proxy-server 20" 0.0011 "-" 19 0
Jan 28 17:02:59 standalone proxy-server[130288]: - - 28/Jan/2026/17/02/59 HEAD /v1/AUTH_31d3a527839a466a8e954dac4cacc9dd/gnocchi.c98704b7-b248-4bb2-ba38-05f432c0de77%3Fformat%3Djson%26states%3Dlisting HTTP/1.0 204 - Swift - - - - txc99470f415ab42eb81532-00697a4143 - 0.0034 RL - 1769619779.457265854 1769619779.460650921 0
Jan 28 17:02:59 standalone container-server[128297]: 172.20.0.100 - - [28/Jan/2026:17:02:59 +0000] "GET /d1/30/AUTH_31d3a527839a466a8e954dac4cacc9dd/gnocchi.c98704b7-b248-4bb2-ba38-05f432c0de77" 200 2 "GET http://172.18.0.2:8080/v1/AUTH_31d3a527839a466a8e954dac4cacc9dd/gnocchi.c98704b7-b248-4bb2-ba38-05f432c0de77?format=json&states=listing" "txc99470f415ab42eb81532-00697a4143" "proxy-server 20" 0.0015 "-" 19 0
Jan 28 17:02:59 standalone proxy-server[130288]: 172.18.0.2 172.18.0.100 28/Jan/2026/17/02/59 GET /v1/AUTH_31d3a527839a466a8e954dac4cacc9dd/gnocchi.c98704b7-b248-4bb2-ba38-05f432c0de77%3Fformat%3Djson%26states%3Dlisting HTTP/1.0 200 - python-swiftclient-3.11.1 gAAAAABpekFC9ymC... - 2 - txc99470f415ab42eb81532-00697a4143 - 0.0095 - - 1769619779.456434727 1769619779.465951920 0
Jan 28 17:02:59 standalone object-server[128712]: 172.20.0.100 - - [28/Jan/2026:17:02:59 +0000] "GET /d1/345/AUTH_31d3a527839a466a8e954dac4cacc9dd/gnocchi.c98704b7-b248-4bb2-ba38-05f432c0de77/1769040000.0_mean_300.0_v3" 404 70 "GET http://172.18.0.2:8080/v1/AUTH_31d3a527839a466a8e954dac4cacc9dd/gnocchi.c98704b7-b248-4bb2-ba38-05f432c0de77/1769040000.0_mean_300.0_v3" "txc87649492bf149a6b2254-00697a4143" "proxy-server 20" 0.0007 "-" 25 0
Jan 28 17:02:59 standalone proxy-server[130288]: 172.18.0.2 172.18.0.100 28/Jan/2026/17/02/59 GET /v1/AUTH_31d3a527839a466a8e954dac4cacc9dd/gnocchi.c98704b7-b248-4bb2-ba38-05f432c0de77/1769040000.0_mean_300.0_v3 HTTP/1.0 404 - python-swiftclient-3.11.1 gAAAAABpekFC9ymC... - 70 - txc87649492bf149a6b2254-00697a4143 - 0.0046 - - 1769619779.471825123 1769619779.476439238 0
Jan 28 17:02:59 standalone container-server[128297]: 172.20.0.100 - - [28/Jan/2026:17:02:59 +0000] "PUT /d1/30/AUTH_31d3a527839a466a8e954dac4cacc9dd/gnocchi.c98704b7-b248-4bb2-ba38-05f432c0de77/1769040000.0_mean_300.0_v3" 201 - "PUT http://172.18.0.2:8080/d1/345/AUTH_31d3a527839a466a8e954dac4cacc9dd/gnocchi.c98704b7-b248-4bb2-ba38-05f432c0de77/1769040000.0_mean_300.0_v3" "tx26eb41b2736b41e69d9e9-00697a4143" "object-server 23" 0.0005 "-" 19 0
Jan 28 17:02:59 standalone object-server[128710]: 172.20.0.100 - - [28/Jan/2026:17:02:59 +0000] "PUT /d1/345/AUTH_31d3a527839a466a8e954dac4cacc9dd/gnocchi.c98704b7-b248-4bb2-ba38-05f432c0de77/1769040000.0_mean_300.0_v3" 201 - "PUT http://172.18.0.2:8080/v1/AUTH_31d3a527839a466a8e954dac4cacc9dd/gnocchi.c98704b7-b248-4bb2-ba38-05f432c0de77/1769040000.0_mean_300.0_v3" "tx26eb41b2736b41e69d9e9-00697a4143" "proxy-server 20" 0.0251 "-" 23 0
Jan 28 17:02:59 standalone proxy-server[130288]: 172.18.0.2 172.18.0.100 28/Jan/2026/17/02/59 PUT /v1/AUTH_31d3a527839a466a8e954dac4cacc9dd/gnocchi.c98704b7-b248-4bb2-ba38-05f432c0de77/1769040000.0_mean_300.0_v3 HTTP/1.0 201 - python-swiftclient-3.11.1 gAAAAABpekFC9ymC... 16 - - tx26eb41b2736b41e69d9e9-00697a4143 - 0.0298 - - 1769619779.480012655 1769619779.509852648 0
Jan 28 17:02:59 standalone container-server[128353]: 172.20.0.100 - - [28/Jan/2026:17:02:59 +0000] "PUT /d1/30/AUTH_31d3a527839a466a8e954dac4cacc9dd/gnocchi.c98704b7-b248-4bb2-ba38-05f432c0de77/none_v3" 201 - "PUT http://172.18.0.2:8080/d1/1003/AUTH_31d3a527839a466a8e954dac4cacc9dd/gnocchi.c98704b7-b248-4bb2-ba38-05f432c0de77/none_v3" "txc2e2122244284cb6a4823-00697a4143" "object-server 22" 0.0010 "-" 22 0
Jan 28 17:02:59 standalone object-server[128709]: 172.20.0.100 - - [28/Jan/2026:17:02:59 +0000] "PUT /d1/1003/AUTH_31d3a527839a466a8e954dac4cacc9dd/gnocchi.c98704b7-b248-4bb2-ba38-05f432c0de77/none_v3" 201 - "PUT http://172.18.0.2:8080/v1/AUTH_31d3a527839a466a8e954dac4cacc9dd/gnocchi.c98704b7-b248-4bb2-ba38-05f432c0de77/none_v3" "txc2e2122244284cb6a4823-00697a4143" "proxy-server 20" 0.0220 "-" 22 0
Jan 28 17:02:59 standalone proxy-server[130288]: 172.18.0.2 172.18.0.100 28/Jan/2026/17/02/59 PUT /v1/AUTH_31d3a527839a466a8e954dac4cacc9dd/gnocchi.c98704b7-b248-4bb2-ba38-05f432c0de77/none_v3 HTTP/1.0 201 - python-swiftclient-3.11.1 gAAAAABpekFC9ymC... 22 - - txc2e2122244284cb6a4823-00697a4143 - 0.0263 - - 1769619779.512799263 1769619779.539117813 0
Jan 28 17:03:24 standalone account-server[128397]: 172.20.0.100 - - [28/Jan/2026:17:03:24 +0000] "HEAD /d1/934/.expiring_objects" 404 - "HEAD http://localhost/v1/.expiring_objects?format=json" "tx7063cb83a6b74feebad5d-00697a415c" "proxy-server 2" 0.0007 "-" 20 -
Jan 28 17:03:24 standalone object-expirer[128455]: Pass completed in 0s; 0 objects expired (txn: tx7063cb83a6b74feebad5d-00697a415c)
Jan 28 17:03:28 standalone object-server[128711]: 172.20.0.100 - - [28/Jan/2026:17:03:28 +0000] "GET /d1/1003/AUTH_31d3a527839a466a8e954dac4cacc9dd/gnocchi.c98704b7-b248-4bb2-ba38-05f432c0de77/none_v3" 200 22 "GET http://172.18.0.2:8080/v1/AUTH_31d3a527839a466a8e954dac4cacc9dd/gnocchi.c98704b7-b248-4bb2-ba38-05f432c0de77/none_v3" "txebfc8b43290d491081748-00697a4160" "proxy-server 20" 0.0023 "-" 24 0
Jan 28 17:03:28 standalone proxy-server[130288]: 172.18.0.2 172.18.0.100 28/Jan/2026/17/03/28 GET /v1/AUTH_31d3a527839a466a8e954dac4cacc9dd/gnocchi.c98704b7-b248-4bb2-ba38-05f432c0de77/none_v3 HTTP/1.0 200 - python-swiftclient-3.11.1 gAAAAABpekFC9ymC... - 22 - txebfc8b43290d491081748-00697a4160 - 0.0208 - - 1769619808.794327497 1769619808.815167665 0
Jan 28 17:03:28 standalone container-server[128342]: 172.20.0.100 - - [28/Jan/2026:17:03:28 +0000] "GET /d1/30/AUTH_31d3a527839a466a8e954dac4cacc9dd/gnocchi.c98704b7-b248-4bb2-ba38-05f432c0de77" 200 357 "GET http://172.18.0.2:8080/v1/AUTH_31d3a527839a466a8e954dac4cacc9dd/gnocchi.c98704b7-b248-4bb2-ba38-05f432c0de77?format=json&states=listing" "tx6726f86e19aa456885c27-00697a4160" "proxy-server 20" 0.0154 "-" 21 0
Jan 28 17:03:28 standalone proxy-server[130288]: 172.18.0.2 172.18.0.100 28/Jan/2026/17/03/28 GET /v1/AUTH_31d3a527839a466a8e954dac4cacc9dd/gnocchi.c98704b7-b248-4bb2-ba38-05f432c0de77%3Fformat%3Djson%26states%3Dlisting HTTP/1.0 200 - python-swiftclient-3.11.1 gAAAAABpekFC9ymC... - 357 - tx6726f86e19aa456885c27-00697a4160 - 0.0255 - - 1769619808.818903446 1769619808.844417810 0
Jan 28 17:03:28 standalone container-server[128353]: 172.20.0.100 - - [28/Jan/2026:17:03:28 +0000] "GET /d1/30/AUTH_31d3a527839a466a8e954dac4cacc9dd/gnocchi.c98704b7-b248-4bb2-ba38-05f432c0de77" 200 2 "GET http://172.18.0.2:8080/v1/AUTH_31d3a527839a466a8e954dac4cacc9dd/gnocchi.c98704b7-b248-4bb2-ba38-05f432c0de77?format=json&marker=none_v3&states=listing" "txca0ce0eea93a4aeeae299-00697a4160" "proxy-server 20" 0.0051 "-" 22 0
Jan 28 17:03:28 standalone proxy-server[130288]: 172.18.0.2 172.18.0.100 28/Jan/2026/17/03/28 GET /v1/AUTH_31d3a527839a466a8e954dac4cacc9dd/gnocchi.c98704b7-b248-4bb2-ba38-05f432c0de77%3Fformat%3Djson%26marker%3Dnone_v3%26states%3Dlisting HTTP/1.0 200 - python-swiftclient-3.11.1 gAAAAABpekFC9ymC... - 2 - txca0ce0eea93a4aeeae299-00697a4160 - 0.0128 - - 1769619808.851676464 1769619808.864443541 0
Jan 28 17:03:28 standalone object-server[128711]: 172.20.0.100 - - [28/Jan/2026:17:03:28 +0000] "GET /d1/345/AUTH_31d3a527839a466a8e954dac4cacc9dd/gnocchi.c98704b7-b248-4bb2-ba38-05f432c0de77/1769040000.0_mean_300.0_v3" 200 16 "GET http://172.18.0.2:8080/v1/AUTH_31d3a527839a466a8e954dac4cacc9dd/gnocchi.c98704b7-b248-4bb2-ba38-05f432c0de77/1769040000.0_mean_300.0_v3" "tx7fe5b89c69d741d4851c3-00697a4160" "proxy-server 20" 0.0014 "-" 24 0
Jan 28 17:03:28 standalone proxy-server[130288]: 172.18.0.2 172.18.0.100 28/Jan/2026/17/03/28 GET /v1/AUTH_31d3a527839a466a8e954dac4cacc9dd/gnocchi.c98704b7-b248-4bb2-ba38-05f432c0de77/1769040000.0_mean_300.0_v3 HTTP/1.0 200 - python-swiftclient-3.11.1 gAAAAABpekFC9ymC... - 16 - tx7fe5b89c69d741d4851c3-00697a4160 - 0.0229 - - 1769619808.868183613 1769619808.891040802 0
Jan 28 17:03:28 standalone container-server[128353]: 172.20.0.100 - - [28/Jan/2026:17:03:28 +0000] "PUT /d1/30/AUTH_31d3a527839a466a8e954dac4cacc9dd/gnocchi.c98704b7-b248-4bb2-ba38-05f432c0de77/1769040000.0_mean_300.0_v3" 201 - "PUT http://172.18.0.2:8080/d1/345/AUTH_31d3a527839a466a8e954dac4cacc9dd/gnocchi.c98704b7-b248-4bb2-ba38-05f432c0de77/1769040000.0_mean_300.0_v3" "tx2368f933eea84f23b4499-00697a4160" "object-server 25" 0.0005 "-" 22 0
Jan 28 17:03:28 standalone object-server[128712]: 172.20.0.100 - - [28/Jan/2026:17:03:28 +0000] "PUT /d1/345/AUTH_31d3a527839a466a8e954dac4cacc9dd/gnocchi.c98704b7-b248-4bb2-ba38-05f432c0de77/1769040000.0_mean_300.0_v3" 201 - "PUT http://172.18.0.2:8080/v1/AUTH_31d3a527839a466a8e954dac4cacc9dd/gnocchi.c98704b7-b248-4bb2-ba38-05f432c0de77/1769040000.0_mean_300.0_v3" "tx2368f933eea84f23b4499-00697a4160" "proxy-server 20" 0.0813 "-" 25 0
Jan 28 17:03:28 standalone proxy-server[130288]: 172.18.0.2 172.18.0.100 28/Jan/2026/17/03/28 PUT /v1/AUTH_31d3a527839a466a8e954dac4cacc9dd/gnocchi.c98704b7-b248-4bb2-ba38-05f432c0de77/1769040000.0_mean_300.0_v3 HTTP/1.0 201 - python-swiftclient-3.11.1 gAAAAABpekFC9ymC... 16 - - tx2368f933eea84f23b4499-00697a4160 - 0.0939 - - 1769619808.893955946 1769619808.987879753 0
Jan 28 17:03:29 standalone container-server[128297]: 172.20.0.100 - - [28/Jan/2026:17:03:29 +0000] "PUT /d1/30/AUTH_31d3a527839a466a8e954dac4cacc9dd/gnocchi.c98704b7-b248-4bb2-ba38-05f432c0de77/none_v3" 201 - "PUT http://172.18.0.2:8080/d1/1003/AUTH_31d3a527839a466a8e954dac4cacc9dd/gnocchi.c98704b7-b248-4bb2-ba38-05f432c0de77/none_v3" "tx10da9dca4ec5460d9cc47-00697a4160" "object-server 25" 0.0005 "-" 19 0
Jan 28 17:03:29 standalone object-server[128712]: 172.20.0.100 - - [28/Jan/2026:17:03:29 +0000] "PUT /d1/1003/AUTH_31d3a527839a466a8e954dac4cacc9dd/gnocchi.c98704b7-b248-4bb2-ba38-05f432c0de77/none_v3" 201 - "PUT http://172.18.0.2:8080/v1/AUTH_31d3a527839a466a8e954dac4cacc9dd/gnocchi.c98704b7-b248-4bb2-ba38-05f432c0de77/none_v3" "tx10da9dca4ec5460d9cc47-00697a4160" "proxy-server 20" 0.0176 "-" 25 0
Jan 28 17:03:29 standalone proxy-server[130288]: 172.18.0.2 172.18.0.100 28/Jan/2026/17/03/29 PUT /v1/AUTH_31d3a527839a466a8e954dac4cacc9dd/gnocchi.c98704b7-b248-4bb2-ba38-05f432c0de77/none_v3 HTTP/1.0 201 - python-swiftclient-3.11.1 gAAAAABpekFC9ymC... 32 - - tx10da9dca4ec5460d9cc47-00697a4160 - 0.0232 - - 1769619808.991321802 1769619809.014526129 0
Jan 28 17:03:58 standalone account-server[128424]: 172.20.0.100 - - [28/Jan/2026:17:03:58 +0000] "HEAD /d1/408/AUTH_31d3a527839a466a8e954dac4cacc9dd" 204 - "HEAD http://172.18.0.2:8080/v1/AUTH_31d3a527839a466a8e954dac4cacc9dd?format=json" "txa4f9e35d330c46ffad0ff-00697a417e" "proxy-server 20" 0.0054 "-" 23 -
Jan 28 17:03:58 standalone proxy-server[130288]: - - 28/Jan/2026/17/03/58 HEAD /v1/AUTH_31d3a527839a466a8e954dac4cacc9dd%3Fformat%3Djson HTTP/1.0 204 - Swift - - - - txa4f9e35d330c46ffad0ff-00697a417e - 0.0095 RL - 1769619838.843809366 1769619838.853334427 -
Jan 28 17:03:58 standalone container-server[128297]: 172.20.0.100 - - [28/Jan/2026:17:03:58 +0000] "HEAD /d1/697/AUTH_31d3a527839a466a8e954dac4cacc9dd/gnocchi.db12c7ac-6c8a-40f9-979c-0dc6261d3d98" 404 - "HEAD http://172.18.0.2:8080/v1/AUTH_31d3a527839a466a8e954dac4cacc9dd/gnocchi.db12c7ac-6c8a-40f9-979c-0dc6261d3d98?format=json&states=listing" "txa4f9e35d330c46ffad0ff-00697a417e" "proxy-server 20" 0.0005 "-" 19 0
Jan 28 17:03:58 standalone object-server[128710]: 172.20.0.100 - - [28/Jan/2026:17:03:58 +0000] "GET /d1/306/AUTH_31d3a527839a466a8e954dac4cacc9dd/gnocchi.db12c7ac-6c8a-40f9-979c-0dc6261d3d98/none_v3" 404 70 "GET http://172.18.0.2:8080/v1/AUTH_31d3a527839a466a8e954dac4cacc9dd/gnocchi.db12c7ac-6c8a-40f9-979c-0dc6261d3d98/none_v3" "txa4f9e35d330c46ffad0ff-00697a417e" "proxy-server 20" 0.0008 "-" 23 0
Jan 28 17:03:58 standalone proxy-server[130288]: 172.18.0.2 172.18.0.100 28/Jan/2026/17/03/58 GET /v1/AUTH_31d3a527839a466a8e954dac4cacc9dd/gnocchi.db12c7ac-6c8a-40f9-979c-0dc6261d3d98/none_v3 HTTP/1.0 404 - python-swiftclient-3.11.1 gAAAAABpekFC9ymC... - 70 - txa4f9e35d330c46ffad0ff-00697a417e - 0.0228 - - 1769619838.842945337 1769619838.865724325 0
Jan 28 17:03:58 standalone account-server[128414]: 172.20.0.100 - - [28/Jan/2026:17:03:58 +0000] "PUT /d1/408/AUTH_31d3a527839a466a8e954dac4cacc9dd/gnocchi.db12c7ac-6c8a-40f9-979c-0dc6261d3d98" 201 - "PUT http://172.20.0.100:6001/d1/697/AUTH_31d3a527839a466a8e954dac4cacc9dd/gnocchi.db12c7ac-6c8a-40f9-979c-0dc6261d3d98" "tx2429659f7baa48e5a0254-00697a417e" "container-server 21" 0.0029 "-" 22 0
Jan 28 17:03:58 standalone container-server[128342]: 172.20.0.100 - - [28/Jan/2026:17:03:58 +0000] "PUT /d1/697/AUTH_31d3a527839a466a8e954dac4cacc9dd/gnocchi.db12c7ac-6c8a-40f9-979c-0dc6261d3d98" 201 - "PUT http://172.18.0.2:8080/v1/AUTH_31d3a527839a466a8e954dac4cacc9dd/gnocchi.db12c7ac-6c8a-40f9-979c-0dc6261d3d98" "tx2429659f7baa48e5a0254-00697a417e" "proxy-server 20" 0.0189 "-" 21 0
Jan 28 17:03:58 standalone proxy-server[130288]: 172.18.0.2 172.18.0.100 28/Jan/2026/17/03/58 PUT /v1/AUTH_31d3a527839a466a8e954dac4cacc9dd/gnocchi.db12c7ac-6c8a-40f9-979c-0dc6261d3d98 HTTP/1.0 201 - python-swiftclient-3.11.1 gAAAAABpekFC9ymC... - - - tx2429659f7baa48e5a0254-00697a417e - 0.0239 - - 1769619838.868863344 1769619838.892765284 0
Jan 28 17:03:58 standalone container-server[128312]: 172.20.0.100 - - [28/Jan/2026:17:03:58 +0000] "HEAD /d1/697/AUTH_31d3a527839a466a8e954dac4cacc9dd/gnocchi.db12c7ac-6c8a-40f9-979c-0dc6261d3d98" 204 - "HEAD http://172.18.0.2:8080/v1/AUTH_31d3a527839a466a8e954dac4cacc9dd/gnocchi.db12c7ac-6c8a-40f9-979c-0dc6261d3d98?format=json&states=listing" "tx1d1bda7a015442c6874f2-00697a417e" "proxy-server 20" 0.0029 "-" 20 0
Jan 28 17:03:58 standalone proxy-server[130288]: - - 28/Jan/2026/17/03/58 HEAD /v1/AUTH_31d3a527839a466a8e954dac4cacc9dd/gnocchi.db12c7ac-6c8a-40f9-979c-0dc6261d3d98%3Fformat%3Djson%26states%3Dlisting HTTP/1.0 204 - Swift - - - - tx1d1bda7a015442c6874f2-00697a417e - 0.0063 RL - 1769619838.898307085 1769619838.904572010 0
Jan 28 17:03:58 standalone container-server[128353]: 172.20.0.100 - - [28/Jan/2026:17:03:58 +0000] "GET /d1/697/AUTH_31d3a527839a466a8e954dac4cacc9dd/gnocchi.db12c7ac-6c8a-40f9-979c-0dc6261d3d98" 200 2 "GET http://172.18.0.2:8080/v1/AUTH_31d3a527839a466a8e954dac4cacc9dd/gnocchi.db12c7ac-6c8a-40f9-979c-0dc6261d3d98?format=json&states=listing" "tx1d1bda7a015442c6874f2-00697a417e" "proxy-server 20" 0.0021 "-" 22 0
Jan 28 17:03:58 standalone proxy-server[130288]: 172.18.0.2 172.18.0.100 28/Jan/2026/17/03/58 GET /v1/AUTH_31d3a527839a466a8e954dac4cacc9dd/gnocchi.db12c7ac-6c8a-40f9-979c-0dc6261d3d98%3Fformat%3Djson%26states%3Dlisting HTTP/1.0 200 - python-swiftclient-3.11.1 gAAAAABpekFC9ymC... - 2 - tx1d1bda7a015442c6874f2-00697a417e - 0.0151 - - 1769619838.897226572 1769619838.912347794 0
Jan 28 17:03:58 standalone object-server[128711]: 172.20.0.100 - - [28/Jan/2026:17:03:58 +0000] "GET /d1/123/AUTH_31d3a527839a466a8e954dac4cacc9dd/gnocchi.db12c7ac-6c8a-40f9-979c-0dc6261d3d98/1769040000.0_mean_300.0_v3" 404 70 "GET http://172.18.0.2:8080/v1/AUTH_31d3a527839a466a8e954dac4cacc9dd/gnocchi.db12c7ac-6c8a-40f9-979c-0dc6261d3d98/1769040000.0_mean_300.0_v3" "tx7b3362d277f5418b82404-00697a417e" "proxy-server 20" 0.0003 "-" 24 0
Jan 28 17:03:58 standalone proxy-server[130288]: 172.18.0.2 172.18.0.100 28/Jan/2026/17/03/58 GET /v1/AUTH_31d3a527839a466a8e954dac4cacc9dd/gnocchi.db12c7ac-6c8a-40f9-979c-0dc6261d3d98/1769040000.0_mean_300.0_v3 HTTP/1.0 404 - python-swiftclient-3.11.1 gAAAAABpekFC9ymC... - 70 - tx7b3362d277f5418b82404-00697a417e - 0.0051 - - 1769619838.916020632 1769619838.921145678 0
Jan 28 17:03:58 standalone container-server[128312]: 172.20.0.100 - - [28/Jan/2026:17:03:58 +0000] "PUT /d1/697/AUTH_31d3a527839a466a8e954dac4cacc9dd/gnocchi.db12c7ac-6c8a-40f9-979c-0dc6261d3d98/1769040000.0_mean_300.0_v3" 201 - "PUT http://172.18.0.2:8080/d1/123/AUTH_31d3a527839a466a8e954dac4cacc9dd/gnocchi.db12c7ac-6c8a-40f9-979c-0dc6261d3d98/1769040000.0_mean_300.0_v3" "tx0a387386d0424b9398b6c-00697a417e" "object-server 22" 0.0006 "-" 20 0
Jan 28 17:03:58 standalone object-server[128709]: 172.20.0.100 - - [28/Jan/2026:17:03:58 +0000] "PUT /d1/123/AUTH_31d3a527839a466a8e954dac4cacc9dd/gnocchi.db12c7ac-6c8a-40f9-979c-0dc6261d3d98/1769040000.0_mean_300.0_v3" 201 - "PUT http://172.18.0.2:8080/v1/AUTH_31d3a527839a466a8e954dac4cacc9dd/gnocchi.db12c7ac-6c8a-40f9-979c-0dc6261d3d98/1769040000.0_mean_300.0_v3" "tx0a387386d0424b9398b6c-00697a417e" "proxy-server 20" 0.0107 "-" 22 0
Jan 28 17:03:58 standalone proxy-server[130288]: 172.18.0.2 172.18.0.100 28/Jan/2026/17/03/58 PUT /v1/AUTH_31d3a527839a466a8e954dac4cacc9dd/gnocchi.db12c7ac-6c8a-40f9-979c-0dc6261d3d98/1769040000.0_mean_300.0_v3 HTTP/1.0 201 - python-swiftclient-3.11.1 gAAAAABpekFC9ymC... 16 - - tx0a387386d0424b9398b6c-00697a417e - 0.0177 - - 1769619838.923984289 1769619838.941727400 0
Jan 28 17:03:58 standalone container-server[128312]: 172.20.0.100 - - [28/Jan/2026:17:03:58 +0000] "PUT /d1/697/AUTH_31d3a527839a466a8e954dac4cacc9dd/gnocchi.db12c7ac-6c8a-40f9-979c-0dc6261d3d98/none_v3" 201 - "PUT http://172.18.0.2:8080/d1/306/AUTH_31d3a527839a466a8e954dac4cacc9dd/gnocchi.db12c7ac-6c8a-40f9-979c-0dc6261d3d98/none_v3" "tx3f0644432fd74cf29c6a6-00697a417e" "object-server 25" 0.0005 "-" 20 0
Jan 28 17:03:58 standalone object-server[128712]: 172.20.0.100 - - [28/Jan/2026:17:03:58 +0000] "PUT /d1/306/AUTH_31d3a527839a466a8e954dac4cacc9dd/gnocchi.db12c7ac-6c8a-40f9-979c-0dc6261d3d98/none_v3" 201 - "PUT http://172.18.0.2:8080/v1/AUTH_31d3a527839a466a8e954dac4cacc9dd/gnocchi.db12c7ac-6c8a-40f9-979c-0dc6261d3d98/none_v3" "tx3f0644432fd74cf29c6a6-00697a417e" "proxy-server 20" 0.0110 "-" 25 0
Jan 28 17:03:58 standalone proxy-server[130288]: 172.18.0.2 172.18.0.100 28/Jan/2026/17/03/58 PUT /v1/AUTH_31d3a527839a466a8e954dac4cacc9dd/gnocchi.db12c7ac-6c8a-40f9-979c-0dc6261d3d98/none_v3 HTTP/1.0 201 - python-swiftclient-3.11.1 gAAAAABpekFC9ymC... 22 - - tx3f0644432fd74cf29c6a6-00697a417e - 0.0191 - - 1769619838.944624901 1769619838.963746071 0
Jan 28 17:03:58 standalone container-server[128342]: 172.20.0.100 - - [28/Jan/2026:17:03:58 +0000] "HEAD /d1/159/AUTH_31d3a527839a466a8e954dac4cacc9dd/gnocchi.298bbee6-edbf-4794-8fd1-a588ec4d10a9" 404 - "HEAD http://172.18.0.2:8080/v1/AUTH_31d3a527839a466a8e954dac4cacc9dd/gnocchi.298bbee6-edbf-4794-8fd1-a588ec4d10a9?format=json&states=listing" "tx8dad841c22624a3da6cd5-00697a417e" "proxy-server 20" 0.0004 "-" 21 0
Jan 28 17:03:58 standalone object-server[128712]: 172.20.0.100 - - [28/Jan/2026:17:03:58 +0000] "GET /d1/444/AUTH_31d3a527839a466a8e954dac4cacc9dd/gnocchi.298bbee6-edbf-4794-8fd1-a588ec4d10a9/none_v3" 404 70 "GET http://172.18.0.2:8080/v1/AUTH_31d3a527839a466a8e954dac4cacc9dd/gnocchi.298bbee6-edbf-4794-8fd1-a588ec4d10a9/none_v3" "tx8dad841c22624a3da6cd5-00697a417e" "proxy-server 20" 0.0005 "-" 25 0
Jan 28 17:03:58 standalone proxy-server[130288]: 172.18.0.2 172.18.0.100 28/Jan/2026/17/03/58 GET /v1/AUTH_31d3a527839a466a8e954dac4cacc9dd/gnocchi.298bbee6-edbf-4794-8fd1-a588ec4d10a9/none_v3 HTTP/1.0 404 - python-swiftclient-3.11.1 gAAAAABpekFC9ymC... - 70 - tx8dad841c22624a3da6cd5-00697a417e - 0.0096 - - 1769619838.972898245 1769619838.982456684 0
Jan 28 17:03:59 standalone account-server[128414]: 172.20.0.100 - - [28/Jan/2026:17:03:59 +0000] "PUT /d1/408/AUTH_31d3a527839a466a8e954dac4cacc9dd/gnocchi.298bbee6-edbf-4794-8fd1-a588ec4d10a9" 201 - "PUT http://172.20.0.100:6001/d1/159/AUTH_31d3a527839a466a8e954dac4cacc9dd/gnocchi.298bbee6-edbf-4794-8fd1-a588ec4d10a9" "tx6aa3a8d9f6dd44458da17-00697a417e" "container-server 21" 0.0068 "-" 22 0
Jan 28 17:03:59 standalone container-server[128342]: 172.20.0.100 - - [28/Jan/2026:17:03:59 +0000] "PUT /d1/159/AUTH_31d3a527839a466a8e954dac4cacc9dd/gnocchi.298bbee6-edbf-4794-8fd1-a588ec4d10a9" 201 - "PUT http://172.18.0.2:8080/v1/AUTH_31d3a527839a466a8e954dac4cacc9dd/gnocchi.298bbee6-edbf-4794-8fd1-a588ec4d10a9" "tx6aa3a8d9f6dd44458da17-00697a417e" "proxy-server 20" 0.0167 "-" 21 0
Jan 28 17:03:59 standalone proxy-server[130288]: 172.18.0.2 172.18.0.100 28/Jan/2026/17/03/59 PUT /v1/AUTH_31d3a527839a466a8e954dac4cacc9dd/gnocchi.298bbee6-edbf-4794-8fd1-a588ec4d10a9 HTTP/1.0 201 - python-swiftclient-3.11.1 gAAAAABpekFC9ymC... - - - tx6aa3a8d9f6dd44458da17-00697a417e - 0.0208 - - 1769619838.984907627 1769619839.005712748 0
Jan 28 17:03:59 standalone container-server[128297]: 172.20.0.100 - - [28/Jan/2026:17:03:59 +0000] "HEAD /d1/159/AUTH_31d3a527839a466a8e954dac4cacc9dd/gnocchi.298bbee6-edbf-4794-8fd1-a588ec4d10a9" 204 - "HEAD http://172.18.0.2:8080/v1/AUTH_31d3a527839a466a8e954dac4cacc9dd/gnocchi.298bbee6-edbf-4794-8fd1-a588ec4d10a9?format=json&states=listing" "tx232072e31a6c44cba8741-00697a417f" "proxy-server 20" 0.0015 "-" 19 0
Jan 28 17:03:59 standalone proxy-server[130288]: - - 28/Jan/2026/17/03/59 HEAD /v1/AUTH_31d3a527839a466a8e954dac4cacc9dd/gnocchi.298bbee6-edbf-4794-8fd1-a588ec4d10a9%3Fformat%3Djson%26states%3Dlisting HTTP/1.0 204 - Swift - - - - tx232072e31a6c44cba8741-00697a417f - 0.0050 RL - 1769619839.009799242 1769619839.014767885 0
Jan 28 17:03:59 standalone container-server[128342]: 172.20.0.100 - - [28/Jan/2026:17:03:59 +0000] "GET /d1/159/AUTH_31d3a527839a466a8e954dac4cacc9dd/gnocchi.298bbee6-edbf-4794-8fd1-a588ec4d10a9" 200 2 "GET http://172.18.0.2:8080/v1/AUTH_31d3a527839a466a8e954dac4cacc9dd/gnocchi.298bbee6-edbf-4794-8fd1-a588ec4d10a9?format=json&states=listing" "tx232072e31a6c44cba8741-00697a417f" "proxy-server 20" 0.0021 "-" 21 0
Jan 28 17:03:59 standalone proxy-server[130288]: 172.18.0.2 172.18.0.100 28/Jan/2026/17/03/59 GET /v1/AUTH_31d3a527839a466a8e954dac4cacc9dd/gnocchi.298bbee6-edbf-4794-8fd1-a588ec4d10a9%3Fformat%3Djson%26states%3Dlisting HTTP/1.0 200 - python-swiftclient-3.11.1 gAAAAABpekFC9ymC... - 2 - tx232072e31a6c44cba8741-00697a417f - 0.0136 - - 1769619839.008761406 1769619839.022391796 0
Jan 28 17:03:59 standalone object-server[128712]: 172.20.0.100 - - [28/Jan/2026:17:03:59 +0000] "GET /d1/125/AUTH_31d3a527839a466a8e954dac4cacc9dd/gnocchi.298bbee6-edbf-4794-8fd1-a588ec4d10a9/1769040000.0_mean_300.0_v3" 404 70 "GET http://172.18.0.2:8080/v1/AUTH_31d3a527839a466a8e954dac4cacc9dd/gnocchi.298bbee6-edbf-4794-8fd1-a588ec4d10a9/1769040000.0_mean_300.0_v3" "tx5e30f9688caa4c4eb7abd-00697a417f" "proxy-server 20" 0.0005 "-" 25 0
Jan 28 17:03:59 standalone proxy-server[130288]: 172.18.0.2 172.18.0.100 28/Jan/2026/17/03/59 GET /v1/AUTH_31d3a527839a466a8e954dac4cacc9dd/gnocchi.298bbee6-edbf-4794-8fd1-a588ec4d10a9/1769040000.0_mean_300.0_v3 HTTP/1.0 404 - python-swiftclient-3.11.1 gAAAAABpekFC9ymC... - 70 - tx5e30f9688caa4c4eb7abd-00697a417f - 0.0060 - - 1769619839.025671244 1769619839.031675816 0
Jan 28 17:03:59 standalone container-server[128312]: 172.20.0.100 - - [28/Jan/2026:17:03:59 +0000] "PUT /d1/159/AUTH_31d3a527839a466a8e954dac4cacc9dd/gnocchi.298bbee6-edbf-4794-8fd1-a588ec4d10a9/1769040000.0_mean_300.0_v3" 201 - "PUT http://172.18.0.2:8080/d1/125/AUTH_31d3a527839a466a8e954dac4cacc9dd/gnocchi.298bbee6-edbf-4794-8fd1-a588ec4d10a9/1769040000.0_mean_300.0_v3" "txdaa34bd8bbcc43fdb4708-00697a417f" "object-server 23" 0.0008 "-" 20 0
Jan 28 17:03:59 standalone object-server[128710]: 172.20.0.100 - - [28/Jan/2026:17:03:59 +0000] "PUT /d1/125/AUTH_31d3a527839a466a8e954dac4cacc9dd/gnocchi.298bbee6-edbf-4794-8fd1-a588ec4d10a9/1769040000.0_mean_300.0_v3" 201 - "PUT http://172.18.0.2:8080/v1/AUTH_31d3a527839a466a8e954dac4cacc9dd/gnocchi.298bbee6-edbf-4794-8fd1-a588ec4d10a9/1769040000.0_mean_300.0_v3" "txdaa34bd8bbcc43fdb4708-00697a417f" "proxy-server 20" 0.0111 "-" 23 0
Jan 28 17:03:59 standalone proxy-server[130288]: 172.18.0.2 172.18.0.100 28/Jan/2026/17/03/59 PUT /v1/AUTH_31d3a527839a466a8e954dac4cacc9dd/gnocchi.298bbee6-edbf-4794-8fd1-a588ec4d10a9/1769040000.0_mean_300.0_v3 HTTP/1.0 201 - python-swiftclient-3.11.1 gAAAAABpekFC9ymC... 16 - - txdaa34bd8bbcc43fdb4708-00697a417f - 0.0182 - - 1769619839.034150839 1769619839.052307367 0
Jan 28 17:03:59 standalone container-server[128312]: 172.20.0.100 - - [28/Jan/2026:17:03:59 +0000] "PUT /d1/159/AUTH_31d3a527839a466a8e954dac4cacc9dd/gnocchi.298bbee6-edbf-4794-8fd1-a588ec4d10a9/none_v3" 201 - "PUT http://172.18.0.2:8080/d1/444/AUTH_31d3a527839a466a8e954dac4cacc9dd/gnocchi.298bbee6-edbf-4794-8fd1-a588ec4d10a9/none_v3" "txa1c07157616a40bab4658-00697a417f" "object-server 22" 0.0010 "-" 20 0
Jan 28 17:03:59 standalone object-server[128709]: 172.20.0.100 - - [28/Jan/2026:17:03:59 +0000] "PUT /d1/444/AUTH_31d3a527839a466a8e954dac4cacc9dd/gnocchi.298bbee6-edbf-4794-8fd1-a588ec4d10a9/none_v3" 201 - "PUT http://172.18.0.2:8080/v1/AUTH_31d3a527839a466a8e954dac4cacc9dd/gnocchi.298bbee6-edbf-4794-8fd1-a588ec4d10a9/none_v3" "txa1c07157616a40bab4658-00697a417f" "proxy-server 20" 0.0112 "-" 22 0
Jan 28 17:03:59 standalone proxy-server[130288]: 172.18.0.2 172.18.0.100 28/Jan/2026/17/03/59 PUT /v1/AUTH_31d3a527839a466a8e954dac4cacc9dd/gnocchi.298bbee6-edbf-4794-8fd1-a588ec4d10a9/none_v3 HTTP/1.0 201 - python-swiftclient-3.11.1 gAAAAABpekFC9ymC... 22 - - txa1c07157616a40bab4658-00697a417f - 0.0170 - - 1769619839.054775238 1769619839.071798563 0
Jan 28 17:04:05 standalone container-server[128353]: 172.20.0.100 - - [28/Jan/2026:17:04:05 +0000] "HEAD /d1/654/AUTH_31d3a527839a466a8e954dac4cacc9dd/gnocchi.e4065f4e-ca0a-44aa-9784-b68ef8266566" 404 - "HEAD http://172.18.0.2:8080/v1/AUTH_31d3a527839a466a8e954dac4cacc9dd/gnocchi.e4065f4e-ca0a-44aa-9784-b68ef8266566?format=json&states=listing" "txff311528a7344c1998122-00697a4185" "proxy-server 20" 0.0008 "-" 22 0
Jan 28 17:04:05 standalone object-server[128712]: 172.20.0.100 - - [28/Jan/2026:17:04:05 +0000] "GET /d1/528/AUTH_31d3a527839a466a8e954dac4cacc9dd/gnocchi.e4065f4e-ca0a-44aa-9784-b68ef8266566/none_v3" 404 70 "GET http://172.18.0.2:8080/v1/AUTH_31d3a527839a466a8e954dac4cacc9dd/gnocchi.e4065f4e-ca0a-44aa-9784-b68ef8266566/none_v3" "txff311528a7344c1998122-00697a4185" "proxy-server 20" 0.0007 "-" 25 0
Jan 28 17:04:05 standalone proxy-server[130288]: 172.18.0.2 172.18.0.100 28/Jan/2026/17/04/05 GET /v1/AUTH_31d3a527839a466a8e954dac4cacc9dd/gnocchi.e4065f4e-ca0a-44aa-9784-b68ef8266566/none_v3 HTTP/1.0 404 - python-swiftclient-3.11.1 gAAAAABpekFC9ymC... - 70 - txff311528a7344c1998122-00697a4185 - 0.0161 - - 1769619845.717972279 1769619845.734118700 0
Jan 28 17:04:05 standalone account-server[128397]: 172.20.0.100 - - [28/Jan/2026:17:04:05 +0000] "PUT /d1/408/AUTH_31d3a527839a466a8e954dac4cacc9dd/gnocchi.e4065f4e-ca0a-44aa-9784-b68ef8266566" 201 - "PUT http://172.20.0.100:6001/d1/654/AUTH_31d3a527839a466a8e954dac4cacc9dd/gnocchi.e4065f4e-ca0a-44aa-9784-b68ef8266566" "tx40fd142b5aba49dab8a77-00697a4185" "container-server 19" 0.0101 "-" 20 0
Jan 28 17:04:05 standalone container-server[128297]: 172.20.0.100 - - [28/Jan/2026:17:04:05 +0000] "PUT /d1/654/AUTH_31d3a527839a466a8e954dac4cacc9dd/gnocchi.e4065f4e-ca0a-44aa-9784-b68ef8266566" 201 - "PUT http://172.18.0.2:8080/v1/AUTH_31d3a527839a466a8e954dac4cacc9dd/gnocchi.e4065f4e-ca0a-44aa-9784-b68ef8266566" "tx40fd142b5aba49dab8a77-00697a4185" "proxy-server 20" 0.0301 "-" 19 0
Jan 28 17:04:05 standalone proxy-server[130288]: 172.18.0.2 172.18.0.100 28/Jan/2026/17/04/05 PUT /v1/AUTH_31d3a527839a466a8e954dac4cacc9dd/gnocchi.e4065f4e-ca0a-44aa-9784-b68ef8266566 HTTP/1.0 201 - python-swiftclient-3.11.1 gAAAAABpekFC9ymC... - - - tx40fd142b5aba49dab8a77-00697a4185 - 0.0374 - - 1769619845.738829136 1769619845.776262045 0
Jan 28 17:04:05 standalone container-server[128312]: 172.20.0.100 - - [28/Jan/2026:17:04:05 +0000] "HEAD /d1/654/AUTH_31d3a527839a466a8e954dac4cacc9dd/gnocchi.e4065f4e-ca0a-44aa-9784-b68ef8266566" 204 - "HEAD http://172.18.0.2:8080/v1/AUTH_31d3a527839a466a8e954dac4cacc9dd/gnocchi.e4065f4e-ca0a-44aa-9784-b68ef8266566?format=json&states=listing" "tx6884bcb1ba2346ee8bcd1-00697a4185" "proxy-server 20" 0.0021 "-" 20 0
Jan 28 17:04:05 standalone proxy-server[130288]: - - 28/Jan/2026/17/04/05 HEAD /v1/AUTH_31d3a527839a466a8e954dac4cacc9dd/gnocchi.e4065f4e-ca0a-44aa-9784-b68ef8266566%3Fformat%3Djson%26states%3Dlisting HTTP/1.0 204 - Swift - - - - tx6884bcb1ba2346ee8bcd1-00697a4185 - 0.0072 RL - 1769619845.782659292 1769619845.789837599 0
Jan 28 17:04:05 standalone container-server[128342]: 172.20.0.100 - - [28/Jan/2026:17:04:05 +0000] "GET /d1/654/AUTH_31d3a527839a466a8e954dac4cacc9dd/gnocchi.e4065f4e-ca0a-44aa-9784-b68ef8266566" 200 2 "GET http://172.18.0.2:8080/v1/AUTH_31d3a527839a466a8e954dac4cacc9dd/gnocchi.e4065f4e-ca0a-44aa-9784-b68ef8266566?format=json&states=listing" "tx6884bcb1ba2346ee8bcd1-00697a4185" "proxy-server 20" 0.0017 "-" 21 0
Jan 28 17:04:05 standalone proxy-server[130288]: 172.18.0.2 172.18.0.100 28/Jan/2026/17/04/05 GET /v1/AUTH_31d3a527839a466a8e954dac4cacc9dd/gnocchi.e4065f4e-ca0a-44aa-9784-b68ef8266566%3Fformat%3Djson%26states%3Dlisting HTTP/1.0 200 - python-swiftclient-3.11.1 gAAAAABpekFC9ymC... - 2 - tx6884bcb1ba2346ee8bcd1-00697a4185 - 0.0203 - - 1769619845.780745745 1769619845.801031351 0
Jan 28 17:04:05 standalone object-server[128710]: 172.20.0.100 - - [28/Jan/2026:17:04:05 +0000] "GET /d1/297/AUTH_31d3a527839a466a8e954dac4cacc9dd/gnocchi.e4065f4e-ca0a-44aa-9784-b68ef8266566/1769040000.0_mean_300.0_v3" 404 70 "GET http://172.18.0.2:8080/v1/AUTH_31d3a527839a466a8e954dac4cacc9dd/gnocchi.e4065f4e-ca0a-44aa-9784-b68ef8266566/1769040000.0_mean_300.0_v3" "tx5237ee3ce7b948cfbbccc-00697a4185" "proxy-server 20" 0.0005 "-" 23 0
Jan 28 17:04:05 standalone proxy-server[130288]: 172.18.0.2 172.18.0.100 28/Jan/2026/17/04/05 GET /v1/AUTH_31d3a527839a466a8e954dac4cacc9dd/gnocchi.e4065f4e-ca0a-44aa-9784-b68ef8266566/1769040000.0_mean_300.0_v3 HTTP/1.0 404 - python-swiftclient-3.11.1 gAAAAABpekFC9ymC... - 70 - tx5237ee3ce7b948cfbbccc-00697a4185 - 0.0089 - - 1769619845.807014704 1769619845.815964460 0
Jan 28 17:04:05 standalone container-server[128353]: 172.20.0.100 - - [28/Jan/2026:17:04:05 +0000] "PUT /d1/654/AUTH_31d3a527839a466a8e954dac4cacc9dd/gnocchi.e4065f4e-ca0a-44aa-9784-b68ef8266566/1769040000.0_mean_300.0_v3" 201 - "PUT http://172.18.0.2:8080/d1/297/AUTH_31d3a527839a466a8e954dac4cacc9dd/gnocchi.e4065f4e-ca0a-44aa-9784-b68ef8266566/1769040000.0_mean_300.0_v3" "txee2ac89badb3454098af2-00697a4185" "object-server 25" 0.0025 "-" 22 0
Jan 28 17:04:05 standalone object-server[128712]: 172.20.0.100 - - [28/Jan/2026:17:04:05 +0000] "PUT /d1/297/AUTH_31d3a527839a466a8e954dac4cacc9dd/gnocchi.e4065f4e-ca0a-44aa-9784-b68ef8266566/1769040000.0_mean_300.0_v3" 201 - "PUT http://172.18.0.2:8080/v1/AUTH_31d3a527839a466a8e954dac4cacc9dd/gnocchi.e4065f4e-ca0a-44aa-9784-b68ef8266566/1769040000.0_mean_300.0_v3" "txee2ac89badb3454098af2-00697a4185" "proxy-server 20" 0.0152 "-" 25 0
Jan 28 17:04:05 standalone proxy-server[130288]: 172.18.0.2 172.18.0.100 28/Jan/2026/17/04/05 PUT /v1/AUTH_31d3a527839a466a8e954dac4cacc9dd/gnocchi.e4065f4e-ca0a-44aa-9784-b68ef8266566/1769040000.0_mean_300.0_v3 HTTP/1.0 201 - python-swiftclient-3.11.1 gAAAAABpekFC9ymC... 16 - - txee2ac89badb3454098af2-00697a4185 - 0.0265 - - 1769619845.820528269 1769619845.847066879 0
Jan 28 17:04:05 standalone container-server[128342]: 172.20.0.100 - - [28/Jan/2026:17:04:05 +0000] "PUT /d1/654/AUTH_31d3a527839a466a8e954dac4cacc9dd/gnocchi.e4065f4e-ca0a-44aa-9784-b68ef8266566/none_v3" 201 - "PUT http://172.18.0.2:8080/d1/528/AUTH_31d3a527839a466a8e954dac4cacc9dd/gnocchi.e4065f4e-ca0a-44aa-9784-b68ef8266566/none_v3" "tx1478373ed58b4c42abe99-00697a4185" "object-server 25" 0.0005 "-" 21 0
Jan 28 17:04:05 standalone object-server[128712]: 172.20.0.100 - - [28/Jan/2026:17:04:05 +0000] "PUT /d1/528/AUTH_31d3a527839a466a8e954dac4cacc9dd/gnocchi.e4065f4e-ca0a-44aa-9784-b68ef8266566/none_v3" 201 - "PUT http://172.18.0.2:8080/v1/AUTH_31d3a527839a466a8e954dac4cacc9dd/gnocchi.e4065f4e-ca0a-44aa-9784-b68ef8266566/none_v3" "tx1478373ed58b4c42abe99-00697a4185" "proxy-server 20" 0.0105 "-" 25 0
Jan 28 17:04:05 standalone proxy-server[130288]: 172.18.0.2 172.18.0.100 28/Jan/2026/17/04/05 PUT /v1/AUTH_31d3a527839a466a8e954dac4cacc9dd/gnocchi.e4065f4e-ca0a-44aa-9784-b68ef8266566/none_v3 HTTP/1.0 201 - python-swiftclient-3.11.1 gAAAAABpekFC9ymC... 22 - - tx1478373ed58b4c42abe99-00697a4185 - 0.0199 - - 1769619845.852424860 1769619845.872346878 0
Jan 28 17:04:05 standalone container-server[128342]: 172.20.0.100 - - [28/Jan/2026:17:04:05 +0000] "HEAD /d1/445/AUTH_31d3a527839a466a8e954dac4cacc9dd/gnocchi.f58be944-1193-4d76-af42-896abbf93b74" 404 - "HEAD http://172.18.0.2:8080/v1/AUTH_31d3a527839a466a8e954dac4cacc9dd/gnocchi.f58be944-1193-4d76-af42-896abbf93b74?format=json&states=listing" "txc1c35a71dec24f329e21b-00697a4185" "proxy-server 20" 0.0004 "-" 21 0
Jan 28 17:04:05 standalone object-server[128710]: 172.20.0.100 - - [28/Jan/2026:17:04:05 +0000] "GET /d1/1020/AUTH_31d3a527839a466a8e954dac4cacc9dd/gnocchi.f58be944-1193-4d76-af42-896abbf93b74/none_v3" 404 70 "GET http://172.18.0.2:8080/v1/AUTH_31d3a527839a466a8e954dac4cacc9dd/gnocchi.f58be944-1193-4d76-af42-896abbf93b74/none_v3" "txc1c35a71dec24f329e21b-00697a4185" "proxy-server 20" 0.0004 "-" 23 0
Jan 28 17:04:05 standalone proxy-server[130288]: 172.18.0.2 172.18.0.100 28/Jan/2026/17/04/05 GET /v1/AUTH_31d3a527839a466a8e954dac4cacc9dd/gnocchi.f58be944-1193-4d76-af42-896abbf93b74/none_v3 HTTP/1.0 404 - python-swiftclient-3.11.1 gAAAAABpekFC9ymC... - 70 - txc1c35a71dec24f329e21b-00697a4185 - 0.0204 - - 1769619845.889691114 1769619845.910102844 0
Jan 28 17:04:05 standalone account-server[128414]: 172.20.0.100 - - [28/Jan/2026:17:04:05 +0000] "PUT /d1/408/AUTH_31d3a527839a466a8e954dac4cacc9dd/gnocchi.f58be944-1193-4d76-af42-896abbf93b74" 201 - "PUT http://172.20.0.100:6001/d1/445/AUTH_31d3a527839a466a8e954dac4cacc9dd/gnocchi.f58be944-1193-4d76-af42-896abbf93b74" "tx19dbc956f30148b391ab8-00697a4185" "container-server 20" 0.0049 "-" 22 0
Jan 28 17:04:05 standalone container-server[128312]: 172.20.0.100 - - [28/Jan/2026:17:04:05 +0000] "PUT /d1/445/AUTH_31d3a527839a466a8e954dac4cacc9dd/gnocchi.f58be944-1193-4d76-af42-896abbf93b74" 201 - "PUT http://172.18.0.2:8080/v1/AUTH_31d3a527839a466a8e954dac4cacc9dd/gnocchi.f58be944-1193-4d76-af42-896abbf93b74" "tx19dbc956f30148b391ab8-00697a4185" "proxy-server 20" 0.0169 "-" 20 0
Jan 28 17:04:05 standalone proxy-server[130288]: 172.18.0.2 172.18.0.100 28/Jan/2026/17/04/05 PUT /v1/AUTH_31d3a527839a466a8e954dac4cacc9dd/gnocchi.f58be944-1193-4d76-af42-896abbf93b74 HTTP/1.0 201 - python-swiftclient-3.11.1 gAAAAABpekFC9ymC... - - - tx19dbc956f30148b391ab8-00697a4185 - 0.0237 - - 1769619845.914095163 1769619845.937811375 0
Jan 28 17:04:05 standalone container-server[128312]: 172.20.0.100 - - [28/Jan/2026:17:04:05 +0000] "HEAD /d1/445/AUTH_31d3a527839a466a8e954dac4cacc9dd/gnocchi.f58be944-1193-4d76-af42-896abbf93b74" 204 - "HEAD http://172.18.0.2:8080/v1/AUTH_31d3a527839a466a8e954dac4cacc9dd/gnocchi.f58be944-1193-4d76-af42-896abbf93b74?format=json&states=listing" "txfb50d11c0def4ebdac244-00697a4185" "proxy-server 20" 0.0032 "-" 20 0
Jan 28 17:04:05 standalone proxy-server[130288]: - - 28/Jan/2026/17/04/05 HEAD /v1/AUTH_31d3a527839a466a8e954dac4cacc9dd/gnocchi.f58be944-1193-4d76-af42-896abbf93b74%3Fformat%3Djson%26states%3Dlisting HTTP/1.0 204 - Swift - - - - txfb50d11c0def4ebdac244-00697a4185 - 0.0101 RL - 1769619845.945845366 1769619845.955909491 0
Jan 28 17:04:05 standalone container-server[128297]: 172.20.0.100 - - [28/Jan/2026:17:04:05 +0000] "GET /d1/445/AUTH_31d3a527839a466a8e954dac4cacc9dd/gnocchi.f58be944-1193-4d76-af42-896abbf93b74" 200 2 "GET http://172.18.0.2:8080/v1/AUTH_31d3a527839a466a8e954dac4cacc9dd/gnocchi.f58be944-1193-4d76-af42-896abbf93b74?format=json&states=listing" "txfb50d11c0def4ebdac244-00697a4185" "proxy-server 20" 0.0033 "-" 19 0
Jan 28 17:04:05 standalone proxy-server[130288]: 172.18.0.2 172.18.0.100 28/Jan/2026/17/04/05 GET /v1/AUTH_31d3a527839a466a8e954dac4cacc9dd/gnocchi.f58be944-1193-4d76-af42-896abbf93b74%3Fformat%3Djson%26states%3Dlisting HTTP/1.0 200 - python-swiftclient-3.11.1 gAAAAABpekFC9ymC... - 2 - txfb50d11c0def4ebdac244-00697a4185 - 0.0258 - - 1769619845.943863630 1769619845.969686031 0
Jan 28 17:04:05 standalone object-server[128712]: 172.20.0.100 - - [28/Jan/2026:17:04:05 +0000] "GET /d1/672/AUTH_31d3a527839a466a8e954dac4cacc9dd/gnocchi.f58be944-1193-4d76-af42-896abbf93b74/1769040000.0_mean_300.0_v3" 404 70 "GET http://172.18.0.2:8080/v1/AUTH_31d3a527839a466a8e954dac4cacc9dd/gnocchi.f58be944-1193-4d76-af42-896abbf93b74/1769040000.0_mean_300.0_v3" "tx98ca8ab6db834dba80376-00697a4185" "proxy-server 20" 0.0007 "-" 25 0
Jan 28 17:04:05 standalone proxy-server[130288]: 172.18.0.2 172.18.0.100 28/Jan/2026/17/04/05 GET /v1/AUTH_31d3a527839a466a8e954dac4cacc9dd/gnocchi.f58be944-1193-4d76-af42-896abbf93b74/1769040000.0_mean_300.0_v3 HTTP/1.0 404 - python-swiftclient-3.11.1 gAAAAABpekFC9ymC... - 70 - tx98ca8ab6db834dba80376-00697a4185 - 0.0112 - - 1769619845.974375486 1769619845.985573292 0
