Jan 28 17:05:31 standalone object-server[128711]: 172.20.0.100 - - [28/Jan/2026:17:05:31 +0000] "GET /d1/500/AUTH_31d3a527839a466a8e954dac4cacc9dd/gnocchi.ec87715c-ff8e-4552-9be8-81b04fc4762b/none_v3" 404 70 "GET http://172.18.0.2:8080/v1/AUTH_31d3a527839a466a8e954dac4cacc9dd/gnocchi.ec87715c-ff8e-4552-9be8-81b04fc4762b/none_v3" "tx01ec46d92625498497738-00697a41db" "proxy-server 20" 0.0003 "-" 24 0
Jan 28 17:05:31 standalone proxy-server[130288]: 172.18.0.2 172.18.0.100 28/Jan/2026/17/05/31 GET /v1/AUTH_31d3a527839a466a8e954dac4cacc9dd/gnocchi.ec87715c-ff8e-4552-9be8-81b04fc4762b/none_v3 HTTP/1.0 404 - python-swiftclient-3.11.1 gAAAAABpekFC9ymC... - 70 - tx01ec46d92625498497738-00697a41db - 0.0119 - - 1769619931.673509836 1769619931.685446501 0
Jan 28 17:05:31 standalone account-server[128397]: 172.20.0.100 - - [28/Jan/2026:17:05:31 +0000] "PUT /d1/408/AUTH_31d3a527839a466a8e954dac4cacc9dd/gnocchi.ec87715c-ff8e-4552-9be8-81b04fc4762b" 201 - "PUT http://172.20.0.100:6001/d1/1010/AUTH_31d3a527839a466a8e954dac4cacc9dd/gnocchi.ec87715c-ff8e-4552-9be8-81b04fc4762b" "tx6ca6bb8cb1ce419ab3bad-00697a41db" "container-server 20" 0.0041 "-" 20 0
Jan 28 17:05:31 standalone container-server[128312]: 172.20.0.100 - - [28/Jan/2026:17:05:31 +0000] "PUT /d1/1010/AUTH_31d3a527839a466a8e954dac4cacc9dd/gnocchi.ec87715c-ff8e-4552-9be8-81b04fc4762b" 201 - "PUT http://172.18.0.2:8080/v1/AUTH_31d3a527839a466a8e954dac4cacc9dd/gnocchi.ec87715c-ff8e-4552-9be8-81b04fc4762b" "tx6ca6bb8cb1ce419ab3bad-00697a41db" "proxy-server 20" 0.0159 "-" 20 0
Jan 28 17:05:31 standalone proxy-server[130288]: 172.18.0.2 172.18.0.100 28/Jan/2026/17/05/31 PUT /v1/AUTH_31d3a527839a466a8e954dac4cacc9dd/gnocchi.ec87715c-ff8e-4552-9be8-81b04fc4762b HTTP/1.0 201 - python-swiftclient-3.11.1 gAAAAABpekFC9ymC... - - - tx6ca6bb8cb1ce419ab3bad-00697a41db - 0.0213 - - 1769619931.688579321 1769619931.709894180 0
Jan 28 17:05:31 standalone container-server[128342]: 172.20.0.100 - - [28/Jan/2026:17:05:31 +0000] "HEAD /d1/1010/AUTH_31d3a527839a466a8e954dac4cacc9dd/gnocchi.ec87715c-ff8e-4552-9be8-81b04fc4762b" 204 - "HEAD http://172.18.0.2:8080/v1/AUTH_31d3a527839a466a8e954dac4cacc9dd/gnocchi.ec87715c-ff8e-4552-9be8-81b04fc4762b?format=json&states=listing" "tx0c72d33ee4644b058c99b-00697a41db" "proxy-server 20" 0.0012 "-" 21 0
Jan 28 17:05:31 standalone proxy-server[130288]: - - 28/Jan/2026/17/05/31 HEAD /v1/AUTH_31d3a527839a466a8e954dac4cacc9dd/gnocchi.ec87715c-ff8e-4552-9be8-81b04fc4762b%3Fformat%3Djson%26states%3Dlisting HTTP/1.0 204 - Swift - - - - tx0c72d33ee4644b058c99b-00697a41db - 0.0039 RL - 1769619931.714520216 1769619931.718408108 0
Jan 28 17:05:31 standalone container-server[128342]: 172.20.0.100 - - [28/Jan/2026:17:05:31 +0000] "GET /d1/1010/AUTH_31d3a527839a466a8e954dac4cacc9dd/gnocchi.ec87715c-ff8e-4552-9be8-81b04fc4762b" 200 2 "GET http://172.18.0.2:8080/v1/AUTH_31d3a527839a466a8e954dac4cacc9dd/gnocchi.ec87715c-ff8e-4552-9be8-81b04fc4762b?format=json&states=listing" "tx0c72d33ee4644b058c99b-00697a41db" "proxy-server 20" 0.0014 "-" 21 0
Jan 28 17:05:31 standalone proxy-server[130288]: 172.18.0.2 172.18.0.100 28/Jan/2026/17/05/31 GET /v1/AUTH_31d3a527839a466a8e954dac4cacc9dd/gnocchi.ec87715c-ff8e-4552-9be8-81b04fc4762b%3Fformat%3Djson%26states%3Dlisting HTTP/1.0 200 - python-swiftclient-3.11.1 gAAAAABpekFC9ymC... - 2 - tx0c72d33ee4644b058c99b-00697a41db - 0.0101 - - 1769619931.713551044 1769619931.723699808 0
Jan 28 17:05:31 standalone object-server[128712]: 172.20.0.100 - - [28/Jan/2026:17:05:31 +0000] "GET /d1/85/AUTH_31d3a527839a466a8e954dac4cacc9dd/gnocchi.ec87715c-ff8e-4552-9be8-81b04fc4762b/1769040000.0_mean_300.0_v3" 404 70 "GET http://172.18.0.2:8080/v1/AUTH_31d3a527839a466a8e954dac4cacc9dd/gnocchi.ec87715c-ff8e-4552-9be8-81b04fc4762b/1769040000.0_mean_300.0_v3" "txa6578371d99c4868b5358-00697a41db" "proxy-server 20" 0.0004 "-" 25 0
Jan 28 17:05:31 standalone proxy-server[130288]: 172.18.0.2 172.18.0.100 28/Jan/2026/17/05/31 GET /v1/AUTH_31d3a527839a466a8e954dac4cacc9dd/gnocchi.ec87715c-ff8e-4552-9be8-81b04fc4762b/1769040000.0_mean_300.0_v3 HTTP/1.0 404 - python-swiftclient-3.11.1 gAAAAABpekFC9ymC... - 70 - txa6578371d99c4868b5358-00697a41db - 0.0048 - - 1769619931.726682186 1769619931.731502056 0
Jan 28 17:05:31 standalone container-server[128312]: 172.20.0.100 - - [28/Jan/2026:17:05:31 +0000] "PUT /d1/1010/AUTH_31d3a527839a466a8e954dac4cacc9dd/gnocchi.ec87715c-ff8e-4552-9be8-81b04fc4762b/1769040000.0_mean_300.0_v3" 201 - "PUT http://172.18.0.2:8080/d1/85/AUTH_31d3a527839a466a8e954dac4cacc9dd/gnocchi.ec87715c-ff8e-4552-9be8-81b04fc4762b/1769040000.0_mean_300.0_v3" "tx9875e50dd72f42cab6557-00697a41db" "object-server 23" 0.0007 "-" 20 0
Jan 28 17:05:31 standalone object-server[128710]: 172.20.0.100 - - [28/Jan/2026:17:05:31 +0000] "PUT /d1/85/AUTH_31d3a527839a466a8e954dac4cacc9dd/gnocchi.ec87715c-ff8e-4552-9be8-81b04fc4762b/1769040000.0_mean_300.0_v3" 201 - "PUT http://172.18.0.2:8080/v1/AUTH_31d3a527839a466a8e954dac4cacc9dd/gnocchi.ec87715c-ff8e-4552-9be8-81b04fc4762b/1769040000.0_mean_300.0_v3" "tx9875e50dd72f42cab6557-00697a41db" "proxy-server 20" 0.0094 "-" 23 0
Jan 28 17:05:31 standalone proxy-server[130288]: 172.18.0.2 172.18.0.100 28/Jan/2026/17/05/31 PUT /v1/AUTH_31d3a527839a466a8e954dac4cacc9dd/gnocchi.ec87715c-ff8e-4552-9be8-81b04fc4762b/1769040000.0_mean_300.0_v3 HTTP/1.0 201 - python-swiftclient-3.11.1 gAAAAABpekFC9ymC... 16 - - tx9875e50dd72f42cab6557-00697a41db - 0.0149 - - 1769619931.733910322 1769619931.748852253 0
Jan 28 17:05:31 standalone container-server[128312]: 172.20.0.100 - - [28/Jan/2026:17:05:31 +0000] "PUT /d1/1010/AUTH_31d3a527839a466a8e954dac4cacc9dd/gnocchi.ec87715c-ff8e-4552-9be8-81b04fc4762b/none_v3" 201 - "PUT http://172.18.0.2:8080/d1/500/AUTH_31d3a527839a466a8e954dac4cacc9dd/gnocchi.ec87715c-ff8e-4552-9be8-81b04fc4762b/none_v3" "tx7c114c4bd3e940e1a3969-00697a41db" "object-server 24" 0.0008 "-" 20 0
Jan 28 17:05:31 standalone object-server[128711]: 172.20.0.100 - - [28/Jan/2026:17:05:31 +0000] "PUT /d1/500/AUTH_31d3a527839a466a8e954dac4cacc9dd/gnocchi.ec87715c-ff8e-4552-9be8-81b04fc4762b/none_v3" 201 - "PUT http://172.18.0.2:8080/v1/AUTH_31d3a527839a466a8e954dac4cacc9dd/gnocchi.ec87715c-ff8e-4552-9be8-81b04fc4762b/none_v3" "tx7c114c4bd3e940e1a3969-00697a41db" "proxy-server 20" 0.0141 "-" 24 0
Jan 28 17:05:31 standalone proxy-server[130288]: 172.18.0.2 172.18.0.100 28/Jan/2026/17/05/31 PUT /v1/AUTH_31d3a527839a466a8e954dac4cacc9dd/gnocchi.ec87715c-ff8e-4552-9be8-81b04fc4762b/none_v3 HTTP/1.0 201 - python-swiftclient-3.11.1 gAAAAABpekFC9ymC... 22 - - tx7c114c4bd3e940e1a3969-00697a41db - 0.0234 - - 1769619931.751610041 1769619931.775022268 0
Jan 28 17:05:31 standalone container-server[128312]: 172.20.0.100 - - [28/Jan/2026:17:05:31 +0000] "HEAD /d1/1022/AUTH_31d3a527839a466a8e954dac4cacc9dd/gnocchi.9cf53352-bacf-4658-8fa7-b1051ac454e3" 404 - "HEAD http://172.18.0.2:8080/v1/AUTH_31d3a527839a466a8e954dac4cacc9dd/gnocchi.9cf53352-bacf-4658-8fa7-b1051ac454e3?format=json&states=listing" "tx9e657181fa59482cafee0-00697a41db" "proxy-server 20" 0.0006 "-" 20 0
Jan 28 17:05:31 standalone object-server[128709]: 172.20.0.100 - - [28/Jan/2026:17:05:31 +0000] "GET /d1/219/AUTH_31d3a527839a466a8e954dac4cacc9dd/gnocchi.9cf53352-bacf-4658-8fa7-b1051ac454e3/none_v3" 404 70 "GET http://172.18.0.2:8080/v1/AUTH_31d3a527839a466a8e954dac4cacc9dd/gnocchi.9cf53352-bacf-4658-8fa7-b1051ac454e3/none_v3" "tx9e657181fa59482cafee0-00697a41db" "proxy-server 20" 0.0005 "-" 22 0
Jan 28 17:05:31 standalone proxy-server[130288]: 172.18.0.2 172.18.0.100 28/Jan/2026/17/05/31 GET /v1/AUTH_31d3a527839a466a8e954dac4cacc9dd/gnocchi.9cf53352-bacf-4658-8fa7-b1051ac454e3/none_v3 HTTP/1.0 404 - python-swiftclient-3.11.1 gAAAAABpekFC9ymC... - 70 - tx9e657181fa59482cafee0-00697a41db - 0.0141 - - 1769619931.789529085 1769619931.803675175 0
Jan 28 17:05:31 standalone account-server[128375]: 172.20.0.100 - - [28/Jan/2026:17:05:31 +0000] "PUT /d1/408/AUTH_31d3a527839a466a8e954dac4cacc9dd/gnocchi.9cf53352-bacf-4658-8fa7-b1051ac454e3" 201 - "PUT http://172.20.0.100:6001/d1/1022/AUTH_31d3a527839a466a8e954dac4cacc9dd/gnocchi.9cf53352-bacf-4658-8fa7-b1051ac454e3" "tx14b6310e19b849bca76de-00697a41db" "container-server 19" 0.0051 "-" 19 0
Jan 28 17:05:31 standalone container-server[128297]: 172.20.0.100 - - [28/Jan/2026:17:05:31 +0000] "PUT /d1/1022/AUTH_31d3a527839a466a8e954dac4cacc9dd/gnocchi.9cf53352-bacf-4658-8fa7-b1051ac454e3" 201 - "PUT http://172.18.0.2:8080/v1/AUTH_31d3a527839a466a8e954dac4cacc9dd/gnocchi.9cf53352-bacf-4658-8fa7-b1051ac454e3" "tx14b6310e19b849bca76de-00697a41db" "proxy-server 20" 0.0177 "-" 19 0
Jan 28 17:05:31 standalone proxy-server[130288]: 172.18.0.2 172.18.0.100 28/Jan/2026/17/05/31 PUT /v1/AUTH_31d3a527839a466a8e954dac4cacc9dd/gnocchi.9cf53352-bacf-4658-8fa7-b1051ac454e3 HTTP/1.0 201 - python-swiftclient-3.11.1 gAAAAABpekFC9ymC... - - - tx14b6310e19b849bca76de-00697a41db - 0.0233 - - 1769619931.807385445 1769619931.830684900 0
Jan 28 17:05:31 standalone container-server[128312]: 172.20.0.100 - - [28/Jan/2026:17:05:31 +0000] "HEAD /d1/720/AUTH_31d3a527839a466a8e954dac4cacc9dd/gnocchi.ae2834b6-af24-47e3-8cd5-4415fd782b63" 404 - "HEAD http://172.18.0.2:8080/v1/AUTH_31d3a527839a466a8e954dac4cacc9dd/gnocchi.ae2834b6-af24-47e3-8cd5-4415fd782b63?format=json&states=listing" "tx559446119a4044baa1455-00697a41db" "proxy-server 20" 0.0003 "-" 20 0
Jan 28 17:05:31 standalone object-server[128712]: 172.20.0.100 - - [28/Jan/2026:17:05:31 +0000] "GET /d1/868/AUTH_31d3a527839a466a8e954dac4cacc9dd/gnocchi.ae2834b6-af24-47e3-8cd5-4415fd782b63/none_v3" 404 70 "GET http://172.18.0.2:8080/v1/AUTH_31d3a527839a466a8e954dac4cacc9dd/gnocchi.ae2834b6-af24-47e3-8cd5-4415fd782b63/none_v3" "tx559446119a4044baa1455-00697a41db" "proxy-server 20" 0.0004 "-" 25 0
Jan 28 17:05:31 standalone proxy-server[130288]: 172.18.0.2 172.18.0.100 28/Jan/2026/17/05/31 GET /v1/AUTH_31d3a527839a466a8e954dac4cacc9dd/gnocchi.ae2834b6-af24-47e3-8cd5-4415fd782b63/none_v3 HTTP/1.0 404 - python-swiftclient-3.11.1 gAAAAABpekFC9ymC... - 70 - tx559446119a4044baa1455-00697a41db - 0.0091 - - 1769619931.834237814 1769619931.843292475 0
Jan 28 17:05:31 standalone account-server[128375]: 172.20.0.100 - - [28/Jan/2026:17:05:31 +0000] "PUT /d1/408/AUTH_31d3a527839a466a8e954dac4cacc9dd/gnocchi.ae2834b6-af24-47e3-8cd5-4415fd782b63" 201 - "PUT http://172.20.0.100:6001/d1/720/AUTH_31d3a527839a466a8e954dac4cacc9dd/gnocchi.ae2834b6-af24-47e3-8cd5-4415fd782b63" "txcecc016b003541a097c3a-00697a41db" "container-server 21" 0.0052 "-" 19 0
Jan 28 17:05:31 standalone container-server[128342]: 172.20.0.100 - - [28/Jan/2026:17:05:31 +0000] "PUT /d1/720/AUTH_31d3a527839a466a8e954dac4cacc9dd/gnocchi.ae2834b6-af24-47e3-8cd5-4415fd782b63" 201 - "PUT http://172.18.0.2:8080/v1/AUTH_31d3a527839a466a8e954dac4cacc9dd/gnocchi.ae2834b6-af24-47e3-8cd5-4415fd782b63" "txcecc016b003541a097c3a-00697a41db" "proxy-server 20" 0.0172 "-" 21 0
Jan 28 17:05:31 standalone proxy-server[130288]: 172.18.0.2 172.18.0.100 28/Jan/2026/17/05/31 PUT /v1/AUTH_31d3a527839a466a8e954dac4cacc9dd/gnocchi.ae2834b6-af24-47e3-8cd5-4415fd782b63 HTTP/1.0 201 - python-swiftclient-3.11.1 gAAAAABpekFC9ymC... - - - txcecc016b003541a097c3a-00697a41db - 0.0219 - - 1769619931.846485853 1769619931.868349075 0
Jan 28 17:05:31 standalone container-server[128353]: 172.20.0.100 - - [28/Jan/2026:17:05:31 +0000] "HEAD /d1/1022/AUTH_31d3a527839a466a8e954dac4cacc9dd/gnocchi.9cf53352-bacf-4658-8fa7-b1051ac454e3" 204 - "HEAD http://172.18.0.2:8080/v1/AUTH_31d3a527839a466a8e954dac4cacc9dd/gnocchi.9cf53352-bacf-4658-8fa7-b1051ac454e3?format=json&states=listing" "tx27cb7228c9dd45e88b338-00697a41db" "proxy-server 20" 0.0017 "-" 22 0
Jan 28 17:05:31 standalone proxy-server[130288]: - - 28/Jan/2026/17/05/31 HEAD /v1/AUTH_31d3a527839a466a8e954dac4cacc9dd/gnocchi.9cf53352-bacf-4658-8fa7-b1051ac454e3%3Fformat%3Djson%26states%3Dlisting HTTP/1.0 204 - Swift - - - - tx27cb7228c9dd45e88b338-00697a41db - 0.0045 RL - 1769619931.873031378 1769619931.877573967 0
Jan 28 17:05:31 standalone container-server[128353]: 172.20.0.100 - - [28/Jan/2026:17:05:31 +0000] "GET /d1/1022/AUTH_31d3a527839a466a8e954dac4cacc9dd/gnocchi.9cf53352-bacf-4658-8fa7-b1051ac454e3" 200 2 "GET http://172.18.0.2:8080/v1/AUTH_31d3a527839a466a8e954dac4cacc9dd/gnocchi.9cf53352-bacf-4658-8fa7-b1051ac454e3?format=json&states=listing" "tx27cb7228c9dd45e88b338-00697a41db" "proxy-server 20" 0.0024 "-" 22 0
Jan 28 17:05:31 standalone proxy-server[130288]: 172.18.0.2 172.18.0.100 28/Jan/2026/17/05/31 GET /v1/AUTH_31d3a527839a466a8e954dac4cacc9dd/gnocchi.9cf53352-bacf-4658-8fa7-b1051ac454e3%3Fformat%3Djson%26states%3Dlisting HTTP/1.0 200 - python-swiftclient-3.11.1 gAAAAABpekFC9ymC... - 2 - tx27cb7228c9dd45e88b338-00697a41db - 0.0118 - - 1769619931.872317076 1769619931.884120226 0
Jan 28 17:05:31 standalone container-server[128353]: 172.20.0.100 - - [28/Jan/2026:17:05:31 +0000] "HEAD /d1/720/AUTH_31d3a527839a466a8e954dac4cacc9dd/gnocchi.ae2834b6-af24-47e3-8cd5-4415fd782b63" 204 - "HEAD http://172.18.0.2:8080/v1/AUTH_31d3a527839a466a8e954dac4cacc9dd/gnocchi.ae2834b6-af24-47e3-8cd5-4415fd782b63?format=json&states=listing" "tx3a93a25da5a34e5ebc3b4-00697a41db" "proxy-server 20" 0.0016 "-" 22 0
Jan 28 17:05:31 standalone proxy-server[130288]: - - 28/Jan/2026/17/05/31 HEAD /v1/AUTH_31d3a527839a466a8e954dac4cacc9dd/gnocchi.ae2834b6-af24-47e3-8cd5-4415fd782b63%3Fformat%3Djson%26states%3Dlisting HTTP/1.0 204 - Swift - - - - tx3a93a25da5a34e5ebc3b4-00697a41db - 0.0049 RL - 1769619931.889348507 1769619931.894260168 0
Jan 28 17:05:31 standalone container-server[128297]: 172.20.0.100 - - [28/Jan/2026:17:05:31 +0000] "GET /d1/720/AUTH_31d3a527839a466a8e954dac4cacc9dd/gnocchi.ae2834b6-af24-47e3-8cd5-4415fd782b63" 200 2 "GET http://172.18.0.2:8080/v1/AUTH_31d3a527839a466a8e954dac4cacc9dd/gnocchi.ae2834b6-af24-47e3-8cd5-4415fd782b63?format=json&states=listing" "tx3a93a25da5a34e5ebc3b4-00697a41db" "proxy-server 20" 0.0032 "-" 19 0
Jan 28 17:05:31 standalone proxy-server[130288]: 172.18.0.2 172.18.0.100 28/Jan/2026/17/05/31 GET /v1/AUTH_31d3a527839a466a8e954dac4cacc9dd/gnocchi.ae2834b6-af24-47e3-8cd5-4415fd782b63%3Fformat%3Djson%26states%3Dlisting HTTP/1.0 200 - python-swiftclient-3.11.1 gAAAAABpekFC9ymC... - 2 - tx3a93a25da5a34e5ebc3b4-00697a41db - 0.0190 - - 1769619931.888721466 1769619931.907692909 0
Jan 28 17:05:31 standalone object-server[128712]: 172.20.0.100 - - [28/Jan/2026:17:05:31 +0000] "GET /d1/222/AUTH_31d3a527839a466a8e954dac4cacc9dd/gnocchi.9cf53352-bacf-4658-8fa7-b1051ac454e3/1769040000.0_mean_300.0_v3" 404 70 "GET http://172.18.0.2:8080/v1/AUTH_31d3a527839a466a8e954dac4cacc9dd/gnocchi.9cf53352-bacf-4658-8fa7-b1051ac454e3/1769040000.0_mean_300.0_v3" "txf7803f29f57e4f18af2c3-00697a41db" "proxy-server 20" 0.0003 "-" 25 0
Jan 28 17:05:31 standalone proxy-server[130288]: 172.18.0.2 172.18.0.100 28/Jan/2026/17/05/31 GET /v1/AUTH_31d3a527839a466a8e954dac4cacc9dd/gnocchi.9cf53352-bacf-4658-8fa7-b1051ac454e3/1769040000.0_mean_300.0_v3 HTTP/1.0 404 - python-swiftclient-3.11.1 gAAAAABpekFC9ymC... - 70 - txf7803f29f57e4f18af2c3-00697a41db - 0.0045 - - 1769619931.912473917 1769619931.916945219 0
Jan 28 17:05:31 standalone object-server[128709]: 172.20.0.100 - - [28/Jan/2026:17:05:31 +0000] "GET /d1/169/AUTH_31d3a527839a466a8e954dac4cacc9dd/gnocchi.ae2834b6-af24-47e3-8cd5-4415fd782b63/1769040000.0_mean_300.0_v3" 404 70 "GET http://172.18.0.2:8080/v1/AUTH_31d3a527839a466a8e954dac4cacc9dd/gnocchi.ae2834b6-af24-47e3-8cd5-4415fd782b63/1769040000.0_mean_300.0_v3" "tx09d1478e6bdc403681bf2-00697a41db" "proxy-server 20" 0.0005 "-" 22 0
Jan 28 17:05:31 standalone proxy-server[130288]: 172.18.0.2 172.18.0.100 28/Jan/2026/17/05/31 GET /v1/AUTH_31d3a527839a466a8e954dac4cacc9dd/gnocchi.ae2834b6-af24-47e3-8cd5-4415fd782b63/1769040000.0_mean_300.0_v3 HTTP/1.0 404 - python-swiftclient-3.11.1 gAAAAABpekFC9ymC... - 70 - tx09d1478e6bdc403681bf2-00697a41db - 0.0052 - - 1769619931.919846058 1769619931.925067186 0
Jan 28 17:05:31 standalone container-server[128312]: 172.20.0.100 - - [28/Jan/2026:17:05:31 +0000] "PUT /d1/1022/AUTH_31d3a527839a466a8e954dac4cacc9dd/gnocchi.9cf53352-bacf-4658-8fa7-b1051ac454e3/1769040000.0_mean_300.0_v3" 201 - "PUT http://172.18.0.2:8080/d1/222/AUTH_31d3a527839a466a8e954dac4cacc9dd/gnocchi.9cf53352-bacf-4658-8fa7-b1051ac454e3/1769040000.0_mean_300.0_v3" "txcc22b72c9daa43e0ba1ed-00697a41db" "object-server 25" 0.0007 "-" 20 0
Jan 28 17:05:31 standalone object-server[128712]: 172.20.0.100 - - [28/Jan/2026:17:05:31 +0000] "PUT /d1/222/AUTH_31d3a527839a466a8e954dac4cacc9dd/gnocchi.9cf53352-bacf-4658-8fa7-b1051ac454e3/1769040000.0_mean_300.0_v3" 201 - "PUT http://172.18.0.2:8080/v1/AUTH_31d3a527839a466a8e954dac4cacc9dd/gnocchi.9cf53352-bacf-4658-8fa7-b1051ac454e3/1769040000.0_mean_300.0_v3" "txcc22b72c9daa43e0ba1ed-00697a41db" "proxy-server 20" 0.0089 "-" 25 0
Jan 28 17:05:31 standalone proxy-server[130288]: 172.18.0.2 172.18.0.100 28/Jan/2026/17/05/31 PUT /v1/AUTH_31d3a527839a466a8e954dac4cacc9dd/gnocchi.9cf53352-bacf-4658-8fa7-b1051ac454e3/1769040000.0_mean_300.0_v3 HTTP/1.0 201 - python-swiftclient-3.11.1 gAAAAABpekFC9ymC... 16 - - txcc22b72c9daa43e0ba1ed-00697a41db - 0.0138 - - 1769619931.928766966 1769619931.942550182 0
Jan 28 17:05:31 standalone container-server[128312]: 172.20.0.100 - - [28/Jan/2026:17:05:31 +0000] "PUT /d1/720/AUTH_31d3a527839a466a8e954dac4cacc9dd/gnocchi.ae2834b6-af24-47e3-8cd5-4415fd782b63/1769040000.0_mean_300.0_v3" 201 - "PUT http://172.18.0.2:8080/d1/169/AUTH_31d3a527839a466a8e954dac4cacc9dd/gnocchi.ae2834b6-af24-47e3-8cd5-4415fd782b63/1769040000.0_mean_300.0_v3" "tx6457c897c513439aa6508-00697a41db" "object-server 24" 0.0005 "-" 20 0
Jan 28 17:05:31 standalone object-server[128711]: 172.20.0.100 - - [28/Jan/2026:17:05:31 +0000] "PUT /d1/169/AUTH_31d3a527839a466a8e954dac4cacc9dd/gnocchi.ae2834b6-af24-47e3-8cd5-4415fd782b63/1769040000.0_mean_300.0_v3" 201 - "PUT http://172.18.0.2:8080/v1/AUTH_31d3a527839a466a8e954dac4cacc9dd/gnocchi.ae2834b6-af24-47e3-8cd5-4415fd782b63/1769040000.0_mean_300.0_v3" "tx6457c897c513439aa6508-00697a41db" "proxy-server 20" 0.0099 "-" 24 0
Jan 28 17:05:31 standalone proxy-server[130288]: 172.18.0.2 172.18.0.100 28/Jan/2026/17/05/31 PUT /v1/AUTH_31d3a527839a466a8e954dac4cacc9dd/gnocchi.ae2834b6-af24-47e3-8cd5-4415fd782b63/1769040000.0_mean_300.0_v3 HTTP/1.0 201 - python-swiftclient-3.11.1 gAAAAABpekFC9ymC... 16 - - tx6457c897c513439aa6508-00697a41db - 0.0143 - - 1769619931.945621014 1769619931.959906816 0
Jan 28 17:05:31 standalone container-server[128297]: 172.20.0.100 - - [28/Jan/2026:17:05:31 +0000] "PUT /d1/1022/AUTH_31d3a527839a466a8e954dac4cacc9dd/gnocchi.9cf53352-bacf-4658-8fa7-b1051ac454e3/none_v3" 201 - "PUT http://172.18.0.2:8080/d1/219/AUTH_31d3a527839a466a8e954dac4cacc9dd/gnocchi.9cf53352-bacf-4658-8fa7-b1051ac454e3/none_v3" "tx1281933088c84a3f8cd91-00697a41db" "object-server 22" 0.0010 "-" 19 0
Jan 28 17:05:31 standalone object-server[128709]: 172.20.0.100 - - [28/Jan/2026:17:05:31 +0000] "PUT /d1/219/AUTH_31d3a527839a466a8e954dac4cacc9dd/gnocchi.9cf53352-bacf-4658-8fa7-b1051ac454e3/none_v3" 201 - "PUT http://172.18.0.2:8080/v1/AUTH_31d3a527839a466a8e954dac4cacc9dd/gnocchi.9cf53352-bacf-4658-8fa7-b1051ac454e3/none_v3" "tx1281933088c84a3f8cd91-00697a41db" "proxy-server 20" 0.0121 "-" 22 0
Jan 28 17:05:31 standalone proxy-server[130288]: 172.18.0.2 172.18.0.100 28/Jan/2026/17/05/31 PUT /v1/AUTH_31d3a527839a466a8e954dac4cacc9dd/gnocchi.9cf53352-bacf-4658-8fa7-b1051ac454e3/none_v3 HTTP/1.0 201 - python-swiftclient-3.11.1 gAAAAABpekFC9ymC... 22 - - tx1281933088c84a3f8cd91-00697a41db - 0.0168 - - 1769619931.962998629 1769619931.979785442 0
Jan 28 17:05:31 standalone container-server[128312]: 172.20.0.100 - - [28/Jan/2026:17:05:31 +0000] "PUT /d1/720/AUTH_31d3a527839a466a8e954dac4cacc9dd/gnocchi.ae2834b6-af24-47e3-8cd5-4415fd782b63/none_v3" 201 - "PUT http://172.18.0.2:8080/d1/868/AUTH_31d3a527839a466a8e954dac4cacc9dd/gnocchi.ae2834b6-af24-47e3-8cd5-4415fd782b63/none_v3" "tx3ec9953b8bc54d068eeff-00697a41db" "object-server 25" 0.0006 "-" 20 0
Jan 28 17:05:31 standalone object-server[128712]: 172.20.0.100 - - [28/Jan/2026:17:05:31 +0000] "PUT /d1/868/AUTH_31d3a527839a466a8e954dac4cacc9dd/gnocchi.ae2834b6-af24-47e3-8cd5-4415fd782b63/none_v3" 201 - "PUT http://172.18.0.2:8080/v1/AUTH_31d3a527839a466a8e954dac4cacc9dd/gnocchi.ae2834b6-af24-47e3-8cd5-4415fd782b63/none_v3" "tx3ec9953b8bc54d068eeff-00697a41db" "proxy-server 20" 0.0117 "-" 25 0
Jan 28 17:05:32 standalone proxy-server[130288]: 172.18.0.2 172.18.0.100 28/Jan/2026/17/05/32 PUT /v1/AUTH_31d3a527839a466a8e954dac4cacc9dd/gnocchi.ae2834b6-af24-47e3-8cd5-4415fd782b63/none_v3 HTTP/1.0 201 - python-swiftclient-3.11.1 gAAAAABpekFC9ymC... 22 - - tx3ec9953b8bc54d068eeff-00697a41db - 0.0171 - - 1769619931.983300209 1769619932.000440121 0
Jan 28 17:05:32 standalone container-server[128312]: 172.20.0.100 - - [28/Jan/2026:17:05:32 +0000] "HEAD /d1/485/AUTH_31d3a527839a466a8e954dac4cacc9dd/gnocchi.f8e18184-64a5-420c-83a3-b3b5dd63ed43" 404 - "HEAD http://172.18.0.2:8080/v1/AUTH_31d3a527839a466a8e954dac4cacc9dd/gnocchi.f8e18184-64a5-420c-83a3-b3b5dd63ed43?format=json&states=listing" "tx50412575273b4454a8e59-00697a41dc" "proxy-server 20" 0.0004 "-" 20 0
Jan 28 17:05:32 standalone object-server[128712]: 172.20.0.100 - - [28/Jan/2026:17:05:32 +0000] "GET /d1/288/AUTH_31d3a527839a466a8e954dac4cacc9dd/gnocchi.f8e18184-64a5-420c-83a3-b3b5dd63ed43/none_v3" 404 70 "GET http://172.18.0.2:8080/v1/AUTH_31d3a527839a466a8e954dac4cacc9dd/gnocchi.f8e18184-64a5-420c-83a3-b3b5dd63ed43/none_v3" "tx50412575273b4454a8e59-00697a41dc" "proxy-server 20" 0.0005 "-" 25 0
Jan 28 17:05:32 standalone proxy-server[130288]: 172.18.0.2 172.18.0.100 28/Jan/2026/17/05/32 GET /v1/AUTH_31d3a527839a466a8e954dac4cacc9dd/gnocchi.f8e18184-64a5-420c-83a3-b3b5dd63ed43/none_v3 HTTP/1.0 404 - python-swiftclient-3.11.1 gAAAAABpekFC9ymC... - 70 - tx50412575273b4454a8e59-00697a41dc - 0.0136 - - 1769619932.016817093 1769619932.030416489 0
Jan 28 17:05:32 standalone account-server[128397]: 172.20.0.100 - - [28/Jan/2026:17:05:32 +0000] "PUT /d1/408/AUTH_31d3a527839a466a8e954dac4cacc9dd/gnocchi.f8e18184-64a5-420c-83a3-b3b5dd63ed43" 201 - "PUT http://172.20.0.100:6001/d1/485/AUTH_31d3a527839a466a8e954dac4cacc9dd/gnocchi.f8e18184-64a5-420c-83a3-b3b5dd63ed43" "tx1ac92c4868954f8fa6d72-00697a41dc" "container-server 20" 0.0042 "-" 20 0
Jan 28 17:05:32 standalone container-server[128312]: 172.20.0.100 - - [28/Jan/2026:17:05:32 +0000] "PUT /d1/485/AUTH_31d3a527839a466a8e954dac4cacc9dd/gnocchi.f8e18184-64a5-420c-83a3-b3b5dd63ed43" 201 - "PUT http://172.18.0.2:8080/v1/AUTH_31d3a527839a466a8e954dac4cacc9dd/gnocchi.f8e18184-64a5-420c-83a3-b3b5dd63ed43" "tx1ac92c4868954f8fa6d72-00697a41dc" "proxy-server 20" 0.0144 "-" 20 0
Jan 28 17:05:32 standalone proxy-server[130288]: 172.18.0.2 172.18.0.100 28/Jan/2026/17/05/32 PUT /v1/AUTH_31d3a527839a466a8e954dac4cacc9dd/gnocchi.f8e18184-64a5-420c-83a3-b3b5dd63ed43 HTTP/1.0 201 - python-swiftclient-3.11.1 gAAAAABpekFC9ymC... - - - tx1ac92c4868954f8fa6d72-00697a41dc - 0.0208 - - 1769619932.034846544 1769619932.055614710 0
Jan 28 17:05:32 standalone container-server[128353]: 172.20.0.100 - - [28/Jan/2026:17:05:32 +0000] "HEAD /d1/485/AUTH_31d3a527839a466a8e954dac4cacc9dd/gnocchi.f8e18184-64a5-420c-83a3-b3b5dd63ed43" 204 - "HEAD http://172.18.0.2:8080/v1/AUTH_31d3a527839a466a8e954dac4cacc9dd/gnocchi.f8e18184-64a5-420c-83a3-b3b5dd63ed43?format=json&states=listing" "txa8c42f76498e48119448b-00697a41dc" "proxy-server 20" 0.0025 "-" 22 0
Jan 28 17:05:32 standalone proxy-server[130288]: - - 28/Jan/2026/17/05/32 HEAD /v1/AUTH_31d3a527839a466a8e954dac4cacc9dd/gnocchi.f8e18184-64a5-420c-83a3-b3b5dd63ed43%3Fformat%3Djson%26states%3Dlisting HTTP/1.0 204 - Swift - - - - txa8c42f76498e48119448b-00697a41dc - 0.0080 RL - 1769619932.062071085 1769619932.070066452 0
Jan 28 17:05:32 standalone container-server[128312]: 172.20.0.100 - - [28/Jan/2026:17:05:32 +0000] "GET /d1/485/AUTH_31d3a527839a466a8e954dac4cacc9dd/gnocchi.f8e18184-64a5-420c-83a3-b3b5dd63ed43" 200 2 "GET http://172.18.0.2:8080/v1/AUTH_31d3a527839a466a8e954dac4cacc9dd/gnocchi.f8e18184-64a5-420c-83a3-b3b5dd63ed43?format=json&states=listing" "txa8c42f76498e48119448b-00697a41dc" "proxy-server 20" 0.0036 "-" 20 0
Jan 28 17:05:32 standalone proxy-server[130288]: 172.18.0.2 172.18.0.100 28/Jan/2026/17/05/32 GET /v1/AUTH_31d3a527839a466a8e954dac4cacc9dd/gnocchi.f8e18184-64a5-420c-83a3-b3b5dd63ed43%3Fformat%3Djson%26states%3Dlisting HTTP/1.0 200 - python-swiftclient-3.11.1 gAAAAABpekFC9ymC... - 2 - txa8c42f76498e48119448b-00697a41dc - 0.0225 - - 1769619932.060310602 1769619932.082821131 0
Jan 28 17:05:32 standalone object-server[128712]: 172.20.0.100 - - [28/Jan/2026:17:05:32 +0000] "GET /d1/333/AUTH_31d3a527839a466a8e954dac4cacc9dd/gnocchi.f8e18184-64a5-420c-83a3-b3b5dd63ed43/1769040000.0_mean_300.0_v3" 404 70 "GET http://172.18.0.2:8080/v1/AUTH_31d3a527839a466a8e954dac4cacc9dd/gnocchi.f8e18184-64a5-420c-83a3-b3b5dd63ed43/1769040000.0_mean_300.0_v3" "txdebfd8c6c856438a820d0-00697a41dc" "proxy-server 20" 0.0005 "-" 25 0
Jan 28 17:05:32 standalone proxy-server[130288]: 172.18.0.2 172.18.0.100 28/Jan/2026/17/05/32 GET /v1/AUTH_31d3a527839a466a8e954dac4cacc9dd/gnocchi.f8e18184-64a5-420c-83a3-b3b5dd63ed43/1769040000.0_mean_300.0_v3 HTTP/1.0 404 - python-swiftclient-3.11.1 gAAAAABpekFC9ymC... - 70 - txdebfd8c6c856438a820d0-00697a41dc - 0.0080 - - 1769619932.087716341 1769619932.095669508 0
Jan 28 17:05:32 standalone container-server[128297]: 172.20.0.100 - - [28/Jan/2026:17:05:32 +0000] "PUT /d1/485/AUTH_31d3a527839a466a8e954dac4cacc9dd/gnocchi.f8e18184-64a5-420c-83a3-b3b5dd63ed43/1769040000.0_mean_300.0_v3" 201 - "PUT http://172.18.0.2:8080/d1/333/AUTH_31d3a527839a466a8e954dac4cacc9dd/gnocchi.f8e18184-64a5-420c-83a3-b3b5dd63ed43/1769040000.0_mean_300.0_v3" "txe92d6b3b277f4aca8af02-00697a41dc" "object-server 24" 0.0010 "-" 19 0
Jan 28 17:05:32 standalone object-server[128711]: 172.20.0.100 - - [28/Jan/2026:17:05:32 +0000] "PUT /d1/333/AUTH_31d3a527839a466a8e954dac4cacc9dd/gnocchi.f8e18184-64a5-420c-83a3-b3b5dd63ed43/1769040000.0_mean_300.0_v3" 201 - "PUT http://172.18.0.2:8080/v1/AUTH_31d3a527839a466a8e954dac4cacc9dd/gnocchi.f8e18184-64a5-420c-83a3-b3b5dd63ed43/1769040000.0_mean_300.0_v3" "txe92d6b3b277f4aca8af02-00697a41dc" "proxy-server 20" 0.0117 "-" 24 0
Jan 28 17:05:32 standalone proxy-server[130288]: 172.18.0.2 172.18.0.100 28/Jan/2026/17/05/32 PUT /v1/AUTH_31d3a527839a466a8e954dac4cacc9dd/gnocchi.f8e18184-64a5-420c-83a3-b3b5dd63ed43/1769040000.0_mean_300.0_v3 HTTP/1.0 201 - python-swiftclient-3.11.1 gAAAAABpekFC9ymC... 16 - - txe92d6b3b277f4aca8af02-00697a41dc - 0.0189 - - 1769619932.099552155 1769619932.118474722 0
Jan 28 17:05:32 standalone container-server[128342]: 172.20.0.100 - - [28/Jan/2026:17:05:32 +0000] "PUT /d1/485/AUTH_31d3a527839a466a8e954dac4cacc9dd/gnocchi.f8e18184-64a5-420c-83a3-b3b5dd63ed43/none_v3" 201 - "PUT http://172.18.0.2:8080/d1/288/AUTH_31d3a527839a466a8e954dac4cacc9dd/gnocchi.f8e18184-64a5-420c-83a3-b3b5dd63ed43/none_v3" "tx14ab3a4c6bbf4850b6170-00697a41dc" "object-server 23" 0.0008 "-" 21 0
Jan 28 17:05:32 standalone object-server[128710]: 172.20.0.100 - - [28/Jan/2026:17:05:32 +0000] "PUT /d1/288/AUTH_31d3a527839a466a8e954dac4cacc9dd/gnocchi.f8e18184-64a5-420c-83a3-b3b5dd63ed43/none_v3" 201 - "PUT http://172.18.0.2:8080/v1/AUTH_31d3a527839a466a8e954dac4cacc9dd/gnocchi.f8e18184-64a5-420c-83a3-b3b5dd63ed43/none_v3" "tx14ab3a4c6bbf4850b6170-00697a41dc" "proxy-server 20" 0.0145 "-" 23 0
Jan 28 17:05:32 standalone proxy-server[130288]: 172.18.0.2 172.18.0.100 28/Jan/2026/17/05/32 PUT /v1/AUTH_31d3a527839a466a8e954dac4cacc9dd/gnocchi.f8e18184-64a5-420c-83a3-b3b5dd63ed43/none_v3 HTTP/1.0 201 - python-swiftclient-3.11.1 gAAAAABpekFC9ymC... 22 - - tx14ab3a4c6bbf4850b6170-00697a41dc - 0.0217 - - 1769619932.122526407 1769619932.144250154 0
Jan 28 17:05:32 standalone container-server[128342]: 172.20.0.100 - - [28/Jan/2026:17:05:32 +0000] "HEAD /d1/643/AUTH_31d3a527839a466a8e954dac4cacc9dd/gnocchi.45d9cc6e-5286-4eca-8894-4752e4b1393c" 404 - "HEAD http://172.18.0.2:8080/v1/AUTH_31d3a527839a466a8e954dac4cacc9dd/gnocchi.45d9cc6e-5286-4eca-8894-4752e4b1393c?format=json&states=listing" "tx8260956e2d9043a2a3b28-00697a41dc" "proxy-server 20" 0.0005 "-" 21 0
Jan 28 17:05:32 standalone object-server[128709]: 172.20.0.100 - - [28/Jan/2026:17:05:32 +0000] "GET /d1/785/AUTH_31d3a527839a466a8e954dac4cacc9dd/gnocchi.45d9cc6e-5286-4eca-8894-4752e4b1393c/none_v3" 404 70 "GET http://172.18.0.2:8080/v1/AUTH_31d3a527839a466a8e954dac4cacc9dd/gnocchi.45d9cc6e-5286-4eca-8894-4752e4b1393c/none_v3" "tx8260956e2d9043a2a3b28-00697a41dc" "proxy-server 20" 0.0005 "-" 22 0
Jan 28 17:05:32 standalone proxy-server[130288]: 172.18.0.2 172.18.0.100 28/Jan/2026/17/05/32 GET /v1/AUTH_31d3a527839a466a8e954dac4cacc9dd/gnocchi.45d9cc6e-5286-4eca-8894-4752e4b1393c/none_v3 HTTP/1.0 404 - python-swiftclient-3.11.1 gAAAAABpekFC9ymC... - 70 - tx8260956e2d9043a2a3b28-00697a41dc - 0.0105 - - 1769619932.160941362 1769619932.171431065 0
Jan 28 17:05:32 standalone account-server[128397]: 172.20.0.100 - - [28/Jan/2026:17:05:32 +0000] "PUT /d1/408/AUTH_31d3a527839a466a8e954dac4cacc9dd/gnocchi.45d9cc6e-5286-4eca-8894-4752e4b1393c" 201 - "PUT http://172.20.0.100:6001/d1/643/AUTH_31d3a527839a466a8e954dac4cacc9dd/gnocchi.45d9cc6e-5286-4eca-8894-4752e4b1393c" "tx9d832ae403354c5f99433-00697a41dc" "container-server 22" 0.0072 "-" 20 0
Jan 28 17:05:32 standalone container-server[128353]: 172.20.0.100 - - [28/Jan/2026:17:05:32 +0000] "PUT /d1/643/AUTH_31d3a527839a466a8e954dac4cacc9dd/gnocchi.45d9cc6e-5286-4eca-8894-4752e4b1393c" 201 - "PUT http://172.18.0.2:8080/v1/AUTH_31d3a527839a466a8e954dac4cacc9dd/gnocchi.45d9cc6e-5286-4eca-8894-4752e4b1393c" "tx9d832ae403354c5f99433-00697a41dc" "proxy-server 20" 0.0207 "-" 22 0
Jan 28 17:05:32 standalone proxy-server[130288]: 172.18.0.2 172.18.0.100 28/Jan/2026/17/05/32 PUT /v1/AUTH_31d3a527839a466a8e954dac4cacc9dd/gnocchi.45d9cc6e-5286-4eca-8894-4752e4b1393c HTTP/1.0 201 - python-swiftclient-3.11.1 gAAAAABpekFC9ymC... - - - tx9d832ae403354c5f99433-00697a41dc - 0.0261 - - 1769619932.175606728 1769619932.201670647 0
Jan 28 17:05:32 standalone container-server[128353]: 172.20.0.100 - - [28/Jan/2026:17:05:32 +0000] "HEAD /d1/643/AUTH_31d3a527839a466a8e954dac4cacc9dd/gnocchi.45d9cc6e-5286-4eca-8894-4752e4b1393c" 204 - "HEAD http://172.18.0.2:8080/v1/AUTH_31d3a527839a466a8e954dac4cacc9dd/gnocchi.45d9cc6e-5286-4eca-8894-4752e4b1393c?format=json&states=listing" "txfe5fd70985394496a7ecb-00697a41dc" "proxy-server 20" 0.0157 "-" 22 0
Jan 28 17:05:32 standalone proxy-server[130288]: - - 28/Jan/2026/17/05/32 HEAD /v1/AUTH_31d3a527839a466a8e954dac4cacc9dd/gnocchi.45d9cc6e-5286-4eca-8894-4752e4b1393c%3Fformat%3Djson%26states%3Dlisting HTTP/1.0 204 - Swift - - - - txfe5fd70985394496a7ecb-00697a41dc - 0.0198 RL - 1769619932.207764626 1769619932.227588177 0
Jan 28 17:05:32 standalone container-server[128297]: 172.20.0.100 - - [28/Jan/2026:17:05:32 +0000] "GET /d1/643/AUTH_31d3a527839a466a8e954dac4cacc9dd/gnocchi.45d9cc6e-5286-4eca-8894-4752e4b1393c" 200 2 "GET http://172.18.0.2:8080/v1/AUTH_31d3a527839a466a8e954dac4cacc9dd/gnocchi.45d9cc6e-5286-4eca-8894-4752e4b1393c?format=json&states=listing" "txfe5fd70985394496a7ecb-00697a41dc" "proxy-server 20" 0.0041 "-" 19 0
Jan 28 17:05:32 standalone proxy-server[130288]: 172.18.0.2 172.18.0.100 28/Jan/2026/17/05/32 GET /v1/AUTH_31d3a527839a466a8e954dac4cacc9dd/gnocchi.45d9cc6e-5286-4eca-8894-4752e4b1393c%3Fformat%3Djson%26states%3Dlisting HTTP/1.0 200 - python-swiftclient-3.11.1 gAAAAABpekFC9ymC... - 2 - txfe5fd70985394496a7ecb-00697a41dc - 0.0324 - - 1769619932.206652641 1769619932.239006519 0
Jan 28 17:05:32 standalone object-server[128712]: 172.20.0.100 - - [28/Jan/2026:17:05:32 +0000] "GET /d1/142/AUTH_31d3a527839a466a8e954dac4cacc9dd/gnocchi.45d9cc6e-5286-4eca-8894-4752e4b1393c/1769040000.0_mean_300.0_v3" 404 70 "GET http://172.18.0.2:8080/v1/AUTH_31d3a527839a466a8e954dac4cacc9dd/gnocchi.45d9cc6e-5286-4eca-8894-4752e4b1393c/1769040000.0_mean_300.0_v3" "txbe0f8aa78c7243ce9a0de-00697a41dc" "proxy-server 20" 0.0004 "-" 25 0
Jan 28 17:05:32 standalone proxy-server[130288]: 172.18.0.2 172.18.0.100 28/Jan/2026/17/05/32 GET /v1/AUTH_31d3a527839a466a8e954dac4cacc9dd/gnocchi.45d9cc6e-5286-4eca-8894-4752e4b1393c/1769040000.0_mean_300.0_v3 HTTP/1.0 404 - python-swiftclient-3.11.1 gAAAAABpekFC9ymC... - 70 - txbe0f8aa78c7243ce9a0de-00697a41dc - 0.0071 - - 1769619932.245917082 1769619932.253050804 0
Jan 28 17:05:32 standalone container-server[128297]: 172.20.0.100 - - [28/Jan/2026:17:05:32 +0000] "PUT /d1/643/AUTH_31d3a527839a466a8e954dac4cacc9dd/gnocchi.45d9cc6e-5286-4eca-8894-4752e4b1393c/1769040000.0_mean_300.0_v3" 201 - "PUT http://172.18.0.2:8080/d1/142/AUTH_31d3a527839a466a8e954dac4cacc9dd/gnocchi.45d9cc6e-5286-4eca-8894-4752e4b1393c/1769040000.0_mean_300.0_v3" "tx82738f1503654297bfb6a-00697a41dc" "object-server 23" 0.0008 "-" 19 0
Jan 28 17:05:32 standalone object-server[128710]: 172.20.0.100 - - [28/Jan/2026:17:05:32 +0000] "PUT /d1/142/AUTH_31d3a527839a466a8e954dac4cacc9dd/gnocchi.45d9cc6e-5286-4eca-8894-4752e4b1393c/1769040000.0_mean_300.0_v3" 201 - "PUT http://172.18.0.2:8080/v1/AUTH_31d3a527839a466a8e954dac4cacc9dd/gnocchi.45d9cc6e-5286-4eca-8894-4752e4b1393c/1769040000.0_mean_300.0_v3" "tx82738f1503654297bfb6a-00697a41dc" "proxy-server 20" 0.0136 "-" 23 0
Jan 28 17:05:32 standalone proxy-server[130288]: 172.18.0.2 172.18.0.100 28/Jan/2026/17/05/32 PUT /v1/AUTH_31d3a527839a466a8e954dac4cacc9dd/gnocchi.45d9cc6e-5286-4eca-8894-4752e4b1393c/1769040000.0_mean_300.0_v3 HTTP/1.0 201 - python-swiftclient-3.11.1 gAAAAABpekFC9ymC... 16 - - tx82738f1503654297bfb6a-00697a41dc - 0.0221 - - 1769619932.259105444 1769619932.281222582 0
Jan 28 17:05:32 standalone container-server[128312]: 172.20.0.100 - - [28/Jan/2026:17:05:32 +0000] "PUT /d1/643/AUTH_31d3a527839a466a8e954dac4cacc9dd/gnocchi.45d9cc6e-5286-4eca-8894-4752e4b1393c/none_v3" 201 - "PUT http://172.18.0.2:8080/d1/785/AUTH_31d3a527839a466a8e954dac4cacc9dd/gnocchi.45d9cc6e-5286-4eca-8894-4752e4b1393c/none_v3" "tx5015b0f8244d427c98481-00697a41dc" "object-server 23" 0.0005 "-" 20 0
Jan 28 17:05:32 standalone object-server[128710]: 172.20.0.100 - - [28/Jan/2026:17:05:32 +0000] "PUT /d1/785/AUTH_31d3a527839a466a8e954dac4cacc9dd/gnocchi.45d9cc6e-5286-4eca-8894-4752e4b1393c/none_v3" 201 - "PUT http://172.18.0.2:8080/v1/AUTH_31d3a527839a466a8e954dac4cacc9dd/gnocchi.45d9cc6e-5286-4eca-8894-4752e4b1393c/none_v3" "tx5015b0f8244d427c98481-00697a41dc" "proxy-server 20" 0.0123 "-" 23 0
Jan 28 17:05:32 standalone proxy-server[130288]: 172.18.0.2 172.18.0.100 28/Jan/2026/17/05/32 PUT /v1/AUTH_31d3a527839a466a8e954dac4cacc9dd/gnocchi.45d9cc6e-5286-4eca-8894-4752e4b1393c/none_v3 HTTP/1.0 201 - python-swiftclient-3.11.1 gAAAAABpekFC9ymC... 22 - - tx5015b0f8244d427c98481-00697a41dc - 0.0178 - - 1769619932.285185099 1769619932.302959919 0
Jan 28 17:05:32 standalone container-server[128312]: 172.20.0.100 - - [28/Jan/2026:17:05:32 +0000] "HEAD /d1/354/AUTH_31d3a527839a466a8e954dac4cacc9dd/gnocchi.110fd2aa-b063-46b8-8eea-d5798a2d086b" 404 - "HEAD http://172.18.0.2:8080/v1/AUTH_31d3a527839a466a8e954dac4cacc9dd/gnocchi.110fd2aa-b063-46b8-8eea-d5798a2d086b?format=json&states=listing" "tx654b1d40579f41c48ec9d-00697a41dc" "proxy-server 20" 0.0005 "-" 20 0
Jan 28 17:05:32 standalone object-server[128712]: 172.20.0.100 - - [28/Jan/2026:17:05:32 +0000] "GET /d1/552/AUTH_31d3a527839a466a8e954dac4cacc9dd/gnocchi.110fd2aa-b063-46b8-8eea-d5798a2d086b/none_v3" 404 70 "GET http://172.18.0.2:8080/v1/AUTH_31d3a527839a466a8e954dac4cacc9dd/gnocchi.110fd2aa-b063-46b8-8eea-d5798a2d086b/none_v3" "tx654b1d40579f41c48ec9d-00697a41dc" "proxy-server 20" 0.0003 "-" 25 0
Jan 28 17:05:32 standalone proxy-server[130288]: 172.18.0.2 172.18.0.100 28/Jan/2026/17/05/32 GET /v1/AUTH_31d3a527839a466a8e954dac4cacc9dd/gnocchi.110fd2aa-b063-46b8-8eea-d5798a2d086b/none_v3 HTTP/1.0 404 - python-swiftclient-3.11.1 gAAAAABpekFC9ymC... - 70 - tx654b1d40579f41c48ec9d-00697a41dc - 0.0114 - - 1769619932.312406540 1769619932.323824644 0
Jan 28 17:05:32 standalone account-server[128424]: 172.20.0.100 - - [28/Jan/2026:17:05:32 +0000] "PUT /d1/408/AUTH_31d3a527839a466a8e954dac4cacc9dd/gnocchi.110fd2aa-b063-46b8-8eea-d5798a2d086b" 201 - "PUT http://172.20.0.100:6001/d1/354/AUTH_31d3a527839a466a8e954dac4cacc9dd/gnocchi.110fd2aa-b063-46b8-8eea-d5798a2d086b" "txf76e0ae7f53a4980b6a67-00697a41dc" "container-server 20" 0.0051 "-" 23 0
Jan 28 17:05:32 standalone container-server[128312]: 172.20.0.100 - - [28/Jan/2026:17:05:32 +0000] "PUT /d1/354/AUTH_31d3a527839a466a8e954dac4cacc9dd/gnocchi.110fd2aa-b063-46b8-8eea-d5798a2d086b" 201 - "PUT http://172.18.0.2:8080/v1/AUTH_31d3a527839a466a8e954dac4cacc9dd/gnocchi.110fd2aa-b063-46b8-8eea-d5798a2d086b" "txf76e0ae7f53a4980b6a67-00697a41dc" "proxy-server 20" 0.0153 "-" 20 0
Jan 28 17:05:32 standalone proxy-server[130288]: 172.18.0.2 172.18.0.100 28/Jan/2026/17/05/32 PUT /v1/AUTH_31d3a527839a466a8e954dac4cacc9dd/gnocchi.110fd2aa-b063-46b8-8eea-d5798a2d086b HTTP/1.0 201 - python-swiftclient-3.11.1 gAAAAABpekFC9ymC... - - - txf76e0ae7f53a4980b6a67-00697a41dc - 0.0252 - - 1769619932.326731205 1769619932.351922512 0
Jan 28 17:05:32 standalone container-server[128353]: 172.20.0.100 - - [28/Jan/2026:17:05:32 +0000] "HEAD /d1/354/AUTH_31d3a527839a466a8e954dac4cacc9dd/gnocchi.110fd2aa-b063-46b8-8eea-d5798a2d086b" 204 - "HEAD http://172.18.0.2:8080/v1/AUTH_31d3a527839a466a8e954dac4cacc9dd/gnocchi.110fd2aa-b063-46b8-8eea-d5798a2d086b?format=json&states=listing" "tx2697039c6ede4c5d9df1d-00697a41dc" "proxy-server 20" 0.0015 "-" 22 0
Jan 28 17:05:32 standalone proxy-server[130288]: - - 28/Jan/2026/17/05/32 HEAD /v1/AUTH_31d3a527839a466a8e954dac4cacc9dd/gnocchi.110fd2aa-b063-46b8-8eea-d5798a2d086b%3Fformat%3Djson%26states%3Dlisting HTTP/1.0 204 - Swift - - - - tx2697039c6ede4c5d9df1d-00697a41dc - 0.0049 RL - 1769619932.356503963 1769619932.361397743 0
Jan 28 17:05:32 standalone container-server[128342]: 172.20.0.100 - - [28/Jan/2026:17:05:32 +0000] "GET /d1/354/AUTH_31d3a527839a466a8e954dac4cacc9dd/gnocchi.110fd2aa-b063-46b8-8eea-d5798a2d086b" 200 2 "GET http://172.18.0.2:8080/v1/AUTH_31d3a527839a466a8e954dac4cacc9dd/gnocchi.110fd2aa-b063-46b8-8eea-d5798a2d086b?format=json&states=listing" "tx2697039c6ede4c5d9df1d-00697a41dc" "proxy-server 20" 0.0023 "-" 21 0
Jan 28 17:05:32 standalone proxy-server[130288]: 172.18.0.2 172.18.0.100 28/Jan/2026/17/05/32 GET /v1/AUTH_31d3a527839a466a8e954dac4cacc9dd/gnocchi.110fd2aa-b063-46b8-8eea-d5798a2d086b%3Fformat%3Djson%26states%3Dlisting HTTP/1.0 200 - python-swiftclient-3.11.1 gAAAAABpekFC9ymC... - 2 - tx2697039c6ede4c5d9df1d-00697a41dc - 0.0142 - - 1769619932.355336189 1769619932.369564533 0
Jan 28 17:05:32 standalone object-server[128710]: 172.20.0.100 - - [28/Jan/2026:17:05:32 +0000] "GET /d1/647/AUTH_31d3a527839a466a8e954dac4cacc9dd/gnocchi.110fd2aa-b063-46b8-8eea-d5798a2d086b/1769040000.0_mean_300.0_v3" 404 70 "GET http://172.18.0.2:8080/v1/AUTH_31d3a527839a466a8e954dac4cacc9dd/gnocchi.110fd2aa-b063-46b8-8eea-d5798a2d086b/1769040000.0_mean_300.0_v3" "txb1a676b75dee4181af6d1-00697a41dc" "proxy-server 20" 0.0004 "-" 23 0
Jan 28 17:05:32 standalone proxy-server[130288]: 172.18.0.2 172.18.0.100 28/Jan/2026/17/05/32 GET /v1/AUTH_31d3a527839a466a8e954dac4cacc9dd/gnocchi.110fd2aa-b063-46b8-8eea-d5798a2d086b/1769040000.0_mean_300.0_v3 HTTP/1.0 404 - python-swiftclient-3.11.1 gAAAAABpekFC9ymC... - 70 - txb1a676b75dee4181af6d1-00697a41dc - 0.0056 - - 1769619932.372935772 1769619932.378548384 0
Jan 28 17:05:32 standalone container-server[128342]: 172.20.0.100 - - [28/Jan/2026:17:05:32 +0000] "PUT /d1/354/AUTH_31d3a527839a466a8e954dac4cacc9dd/gnocchi.110fd2aa-b063-46b8-8eea-d5798a2d086b/1769040000.0_mean_300.0_v3" 201 - "PUT http://172.18.0.2:8080/d1/647/AUTH_31d3a527839a466a8e954dac4cacc9dd/gnocchi.110fd2aa-b063-46b8-8eea-d5798a2d086b/1769040000.0_mean_300.0_v3" "tx99ad7ad733ac40299d523-00697a41dc" "object-server 22" 0.0006 "-" 21 0
Jan 28 17:05:32 standalone object-server[128709]: 172.20.0.100 - - [28/Jan/2026:17:05:32 +0000] "PUT /d1/647/AUTH_31d3a527839a466a8e954dac4cacc9dd/gnocchi.110fd2aa-b063-46b8-8eea-d5798a2d086b/1769040000.0_mean_300.0_v3" 201 - "PUT http://172.18.0.2:8080/v1/AUTH_31d3a527839a466a8e954dac4cacc9dd/gnocchi.110fd2aa-b063-46b8-8eea-d5798a2d086b/1769040000.0_mean_300.0_v3" "tx99ad7ad733ac40299d523-00697a41dc" "proxy-server 20" 0.0108 "-" 22 0
Jan 28 17:05:32 standalone proxy-server[130288]: 172.18.0.2 172.18.0.100 28/Jan/2026/17/05/32 PUT /v1/AUTH_31d3a527839a466a8e954dac4cacc9dd/gnocchi.110fd2aa-b063-46b8-8eea-d5798a2d086b/1769040000.0_mean_300.0_v3 HTTP/1.0 201 - python-swiftclient-3.11.1 gAAAAABpekFC9ymC... 16 - - tx99ad7ad733ac40299d523-00697a41dc - 0.0169 - - 1769619932.381273031 1769619932.398216009 0
Jan 28 17:05:32 standalone container-server[128297]: 172.20.0.100 - - [28/Jan/2026:17:05:32 +0000] "PUT /d1/354/AUTH_31d3a527839a466a8e954dac4cacc9dd/gnocchi.110fd2aa-b063-46b8-8eea-d5798a2d086b/none_v3" 201 - "PUT http://172.18.0.2:8080/d1/552/AUTH_31d3a527839a466a8e954dac4cacc9dd/gnocchi.110fd2aa-b063-46b8-8eea-d5798a2d086b/none_v3" "tx0e81962ba7f448cc94fcc-00697a41dc" "object-server 25" 0.0005 "-" 19 0
Jan 28 17:05:32 standalone object-server[128712]: 172.20.0.100 - - [28/Jan/2026:17:05:32 +0000] "PUT /d1/552/AUTH_31d3a527839a466a8e954dac4cacc9dd/gnocchi.110fd2aa-b063-46b8-8eea-d5798a2d086b/none_v3" 201 - "PUT http://172.18.0.2:8080/v1/AUTH_31d3a527839a466a8e954dac4cacc9dd/gnocchi.110fd2aa-b063-46b8-8eea-d5798a2d086b/none_v3" "tx0e81962ba7f448cc94fcc-00697a41dc" "proxy-server 20" 0.0083 "-" 25 0
Jan 28 17:05:32 standalone proxy-server[130288]: 172.18.0.2 172.18.0.100 28/Jan/2026/17/05/32 PUT /v1/AUTH_31d3a527839a466a8e954dac4cacc9dd/gnocchi.110fd2aa-b063-46b8-8eea-d5798a2d086b/none_v3 HTTP/1.0 201 - python-swiftclient-3.11.1 gAAAAABpekFC9ymC... 22 - - tx0e81962ba7f448cc94fcc-00697a41dc - 0.0127 - - 1769619932.400202990 1769619932.412884235 0
Jan 28 17:05:32 standalone container-server[128342]: 172.20.0.100 - - [28/Jan/2026:17:05:32 +0000] "HEAD /d1/613/AUTH_31d3a527839a466a8e954dac4cacc9dd/gnocchi.e23a88e2-e8ce-45f3-8dbf-01f5e6bb82d9" 404 - "HEAD http://172.18.0.2:8080/v1/AUTH_31d3a527839a466a8e954dac4cacc9dd/gnocchi.e23a88e2-e8ce-45f3-8dbf-01f5e6bb82d9?format=json&states=listing" "tx7e43ef77457a456ca0991-00697a41dc" "proxy-server 20" 0.0005 "-" 21 0
Jan 28 17:05:32 standalone object-server[128709]: 172.20.0.100 - - [28/Jan/2026:17:05:32 +0000] "GET /d1/429/AUTH_31d3a527839a466a8e954dac4cacc9dd/gnocchi.e23a88e2-e8ce-45f3-8dbf-01f5e6bb82d9/none_v3" 404 70 "GET http://172.18.0.2:8080/v1/AUTH_31d3a527839a466a8e954dac4cacc9dd/gnocchi.e23a88e2-e8ce-45f3-8dbf-01f5e6bb82d9/none_v3" "tx7e43ef77457a456ca0991-00697a41dc" "proxy-server 20" 0.0003 "-" 22 0
Jan 28 17:05:32 standalone proxy-server[130288]: 172.18.0.2 172.18.0.100 28/Jan/2026/17/05/32 GET /v1/AUTH_31d3a527839a466a8e954dac4cacc9dd/gnocchi.e23a88e2-e8ce-45f3-8dbf-01f5e6bb82d9/none_v3 HTTP/1.0 404 - python-swiftclient-3.11.1 gAAAAABpekFC9ymC... - 70 - tx7e43ef77457a456ca0991-00697a41dc - 0.0110 - - 1769619932.429113388 1769619932.440066814 0
Jan 28 17:05:32 standalone account-server[128414]: 172.20.0.100 - - [28/Jan/2026:17:05:32 +0000] "PUT /d1/408/AUTH_31d3a527839a466a8e954dac4cacc9dd/gnocchi.e23a88e2-e8ce-45f3-8dbf-01f5e6bb82d9" 201 - "PUT http://172.20.0.100:6001/d1/613/AUTH_31d3a527839a466a8e954dac4cacc9dd/gnocchi.e23a88e2-e8ce-45f3-8dbf-01f5e6bb82d9" "tx52401a65e03940f2b2c06-00697a41dc" "container-server 21" 0.0047 "-" 22 0
Jan 28 17:05:32 standalone container-server[128342]: 172.20.0.100 - - [28/Jan/2026:17:05:32 +0000] "PUT /d1/613/AUTH_31d3a527839a466a8e954dac4cacc9dd/gnocchi.e23a88e2-e8ce-45f3-8dbf-01f5e6bb82d9" 201 - "PUT http://172.18.0.2:8080/v1/AUTH_31d3a527839a466a8e954dac4cacc9dd/gnocchi.e23a88e2-e8ce-45f3-8dbf-01f5e6bb82d9" "tx52401a65e03940f2b2c06-00697a41dc" "proxy-server 20" 0.0192 "-" 21 0
Jan 28 17:05:32 standalone proxy-server[130288]: 172.18.0.2 172.18.0.100 28/Jan/2026/17/05/32 PUT /v1/AUTH_31d3a527839a466a8e954dac4cacc9dd/gnocchi.e23a88e2-e8ce-45f3-8dbf-01f5e6bb82d9 HTTP/1.0 201 - python-swiftclient-3.11.1 gAAAAABpekFC9ymC... - - - tx52401a65e03940f2b2c06-00697a41dc - 0.0230 - - 1769619932.442889690 1769619932.465915442 0
Jan 28 17:05:32 standalone container-server[128353]: 172.20.0.100 - - [28/Jan/2026:17:05:32 +0000] "HEAD /d1/613/AUTH_31d3a527839a466a8e954dac4cacc9dd/gnocchi.e23a88e2-e8ce-45f3-8dbf-01f5e6bb82d9" 204 - "HEAD http://172.18.0.2:8080/v1/AUTH_31d3a527839a466a8e954dac4cacc9dd/gnocchi.e23a88e2-e8ce-45f3-8dbf-01f5e6bb82d9?format=json&states=listing" "tx9806437e47194d01a024d-00697a41dc" "proxy-server 20" 0.0012 "-" 22 0
Jan 28 17:05:32 standalone proxy-server[130288]: - - 28/Jan/2026/17/05/32 HEAD /v1/AUTH_31d3a527839a466a8e954dac4cacc9dd/gnocchi.e23a88e2-e8ce-45f3-8dbf-01f5e6bb82d9%3Fformat%3Djson%26states%3Dlisting HTTP/1.0 204 - Swift - - - - tx9806437e47194d01a024d-00697a41dc - 0.0053 RL - 1769619932.470317364 1769619932.475579500 0
Jan 28 17:05:32 standalone container-server[128342]: 172.20.0.100 - - [28/Jan/2026:17:05:32 +0000] "GET /d1/613/AUTH_31d3a527839a466a8e954dac4cacc9dd/gnocchi.e23a88e2-e8ce-45f3-8dbf-01f5e6bb82d9" 200 2 "GET http://172.18.0.2:8080/v1/AUTH_31d3a527839a466a8e954dac4cacc9dd/gnocchi.e23a88e2-e8ce-45f3-8dbf-01f5e6bb82d9?format=json&states=listing" "tx9806437e47194d01a024d-00697a41dc" "proxy-server 20" 0.0024 "-" 21 0
Jan 28 17:05:32 standalone proxy-server[130288]: 172.18.0.2 172.18.0.100 28/Jan/2026/17/05/32 GET /v1/AUTH_31d3a527839a466a8e954dac4cacc9dd/gnocchi.e23a88e2-e8ce-45f3-8dbf-01f5e6bb82d9%3Fformat%3Djson%26states%3Dlisting HTTP/1.0 200 - python-swiftclient-3.11.1 gAAAAABpekFC9ymC... - 2 - tx9806437e47194d01a024d-00697a41dc - 0.0159 - - 1769619932.468698025 1769619932.484645844 0
Jan 28 17:05:32 standalone object-server[128710]: 172.20.0.100 - - [28/Jan/2026:17:05:32 +0000] "GET /d1/359/AUTH_31d3a527839a466a8e954dac4cacc9dd/gnocchi.e23a88e2-e8ce-45f3-8dbf-01f5e6bb82d9/1769040000.0_mean_300.0_v3" 404 70 "GET http://172.18.0.2:8080/v1/AUTH_31d3a527839a466a8e954dac4cacc9dd/gnocchi.e23a88e2-e8ce-45f3-8dbf-01f5e6bb82d9/1769040000.0_mean_300.0_v3" "txad25814359a64d5c8eb54-00697a41dc" "proxy-server 20" 0.0006 "-" 23 0
Jan 28 17:05:32 standalone proxy-server[130288]: 172.18.0.2 172.18.0.100 28/Jan/2026/17/05/32 GET /v1/AUTH_31d3a527839a466a8e954dac4cacc9dd/gnocchi.e23a88e2-e8ce-45f3-8dbf-01f5e6bb82d9/1769040000.0_mean_300.0_v3 HTTP/1.0 404 - python-swiftclient-3.11.1 gAAAAABpekFC9ymC... - 70 - txad25814359a64d5c8eb54-00697a41dc - 0.0103 - - 1769619932.489315033 1769619932.499580860 0
Jan 28 17:05:32 standalone container-server[128353]: 172.20.0.100 - - [28/Jan/2026:17:05:32 +0000] "PUT /d1/613/AUTH_31d3a527839a466a8e954dac4cacc9dd/gnocchi.e23a88e2-e8ce-45f3-8dbf-01f5e6bb82d9/1769040000.0_mean_300.0_v3" 201 - "PUT http://172.18.0.2:8080/d1/359/AUTH_31d3a527839a466a8e954dac4cacc9dd/gnocchi.e23a88e2-e8ce-45f3-8dbf-01f5e6bb82d9/1769040000.0_mean_300.0_v3" "tx35f2562dce2f44e4a06df-00697a41dc" "object-server 23" 0.0006 "-" 22 0
Jan 28 17:05:32 standalone object-server[128710]: 172.20.0.100 - - [28/Jan/2026:17:05:32 +0000] "PUT /d1/359/AUTH_31d3a527839a466a8e954dac4cacc9dd/gnocchi.e23a88e2-e8ce-45f3-8dbf-01f5e6bb82d9/1769040000.0_mean_300.0_v3" 201 - "PUT http://172.18.0.2:8080/v1/AUTH_31d3a527839a466a8e954dac4cacc9dd/gnocchi.e23a88e2-e8ce-45f3-8dbf-01f5e6bb82d9/1769040000.0_mean_300.0_v3" "tx35f2562dce2f44e4a06df-00697a41dc" "proxy-server 20" 0.0125 "-" 23 0
Jan 28 17:05:32 standalone proxy-server[130288]: 172.18.0.2 172.18.0.100 28/Jan/2026/17/05/32 PUT /v1/AUTH_31d3a527839a466a8e954dac4cacc9dd/gnocchi.e23a88e2-e8ce-45f3-8dbf-01f5e6bb82d9/1769040000.0_mean_300.0_v3 HTTP/1.0 201 - python-swiftclient-3.11.1 gAAAAABpekFC9ymC... 16 - - tx35f2562dce2f44e4a06df-00697a41dc - 0.0191 - - 1769619932.504295111 1769619932.523435593 0
Jan 28 17:05:32 standalone container-server[128342]: 172.20.0.100 - - [28/Jan/2026:17:05:32 +0000] "PUT /d1/613/AUTH_31d3a527839a466a8e954dac4cacc9dd/gnocchi.e23a88e2-e8ce-45f3-8dbf-01f5e6bb82d9/none_v3" 201 - "PUT http://172.18.0.2:8080/d1/429/AUTH_31d3a527839a466a8e954dac4cacc9dd/gnocchi.e23a88e2-e8ce-45f3-8dbf-01f5e6bb82d9/none_v3" "tx155bf4ea828f448fa1b77-00697a41dc" "object-server 25" 0.0005 "-" 21 0
Jan 28 17:05:32 standalone object-server[128712]: 172.20.0.100 - - [28/Jan/2026:17:05:32 +0000] "PUT /d1/429/AUTH_31d3a527839a466a8e954dac4cacc9dd/gnocchi.e23a88e2-e8ce-45f3-8dbf-01f5e6bb82d9/none_v3" 201 - "PUT http://172.18.0.2:8080/v1/AUTH_31d3a527839a466a8e954dac4cacc9dd/gnocchi.e23a88e2-e8ce-45f3-8dbf-01f5e6bb82d9/none_v3" "tx155bf4ea828f448fa1b77-00697a41dc" "proxy-server 20" 0.0146 "-" 25 0
Jan 28 17:05:32 standalone proxy-server[130288]: 172.18.0.2 172.18.0.100 28/Jan/2026/17/05/32 PUT /v1/AUTH_31d3a527839a466a8e954dac4cacc9dd/gnocchi.e23a88e2-e8ce-45f3-8dbf-01f5e6bb82d9/none_v3 HTTP/1.0 201 - python-swiftclient-3.11.1 gAAAAABpekFC9ymC... 22 - - tx155bf4ea828f448fa1b77-00697a41dc - 0.0209 - - 1769619932.527320385 1769619932.548234701 0
Jan 28 17:05:32 standalone container-server[128297]: 172.20.0.100 - - [28/Jan/2026:17:05:32 +0000] "HEAD /d1/129/AUTH_31d3a527839a466a8e954dac4cacc9dd/gnocchi.0794db4c-823a-4faa-bac2-b33904ea70f0" 404 - "HEAD http://172.18.0.2:8080/v1/AUTH_31d3a527839a466a8e954dac4cacc9dd/gnocchi.0794db4c-823a-4faa-bac2-b33904ea70f0?format=json&states=listing" "tx380ff12486844094a14e3-00697a41dc" "proxy-server 20" 0.0003 "-" 19 0
Jan 28 17:05:32 standalone object-server[128712]: 172.20.0.100 - - [28/Jan/2026:17:05:32 +0000] "GET /d1/768/AUTH_31d3a527839a466a8e954dac4cacc9dd/gnocchi.0794db4c-823a-4faa-bac2-b33904ea70f0/none_v3" 404 70 "GET http://172.18.0.2:8080/v1/AUTH_31d3a527839a466a8e954dac4cacc9dd/gnocchi.0794db4c-823a-4faa-bac2-b33904ea70f0/none_v3" "tx380ff12486844094a14e3-00697a41dc" "proxy-server 20" 0.0003 "-" 25 0
