Jan 28 17:04:06 standalone container-server[128297]: 172.20.0.100 - - [28/Jan/2026:17:04:06 +0000] "PUT /d1/445/AUTH_31d3a527839a466a8e954dac4cacc9dd/gnocchi.f58be944-1193-4d76-af42-896abbf93b74/1769040000.0_mean_300.0_v3" 201 - "PUT http://172.18.0.2:8080/d1/672/AUTH_31d3a527839a466a8e954dac4cacc9dd/gnocchi.f58be944-1193-4d76-af42-896abbf93b74/1769040000.0_mean_300.0_v3" "tx820bf10e7cc34aa39c01e-00697a4185" "object-server 23" 0.0010 "-" 19 0
Jan 28 17:04:06 standalone object-server[128710]: 172.20.0.100 - - [28/Jan/2026:17:04:06 +0000] "PUT /d1/672/AUTH_31d3a527839a466a8e954dac4cacc9dd/gnocchi.f58be944-1193-4d76-af42-896abbf93b74/1769040000.0_mean_300.0_v3" 201 - "PUT http://172.18.0.2:8080/v1/AUTH_31d3a527839a466a8e954dac4cacc9dd/gnocchi.f58be944-1193-4d76-af42-896abbf93b74/1769040000.0_mean_300.0_v3" "tx820bf10e7cc34aa39c01e-00697a4185" "proxy-server 20" 0.0147 "-" 23 0
Jan 28 17:04:06 standalone proxy-server[130288]: 172.18.0.2 172.18.0.100 28/Jan/2026/17/04/06 PUT /v1/AUTH_31d3a527839a466a8e954dac4cacc9dd/gnocchi.f58be944-1193-4d76-af42-896abbf93b74/1769040000.0_mean_300.0_v3 HTTP/1.0 201 - python-swiftclient-3.11.1 gAAAAABpekFC9ymC... 16 - - tx820bf10e7cc34aa39c01e-00697a4185 - 0.0244 - - 1769619845.989776850 1769619846.014193058 0
Jan 28 17:04:06 standalone container-server[128312]: 172.20.0.100 - - [28/Jan/2026:17:04:06 +0000] "PUT /d1/445/AUTH_31d3a527839a466a8e954dac4cacc9dd/gnocchi.f58be944-1193-4d76-af42-896abbf93b74/none_v3" 201 - "PUT http://172.18.0.2:8080/d1/1020/AUTH_31d3a527839a466a8e954dac4cacc9dd/gnocchi.f58be944-1193-4d76-af42-896abbf93b74/none_v3" "tx2a12c1c8250d49d88e7c8-00697a4186" "object-server 22" 0.0012 "-" 20 0
Jan 28 17:04:06 standalone object-server[128709]: 172.20.0.100 - - [28/Jan/2026:17:04:06 +0000] "PUT /d1/1020/AUTH_31d3a527839a466a8e954dac4cacc9dd/gnocchi.f58be944-1193-4d76-af42-896abbf93b74/none_v3" 201 - "PUT http://172.18.0.2:8080/v1/AUTH_31d3a527839a466a8e954dac4cacc9dd/gnocchi.f58be944-1193-4d76-af42-896abbf93b74/none_v3" "tx2a12c1c8250d49d88e7c8-00697a4186" "proxy-server 20" 0.0209 "-" 22 0
Jan 28 17:04:06 standalone proxy-server[130288]: 172.18.0.2 172.18.0.100 28/Jan/2026/17/04/06 PUT /v1/AUTH_31d3a527839a466a8e954dac4cacc9dd/gnocchi.f58be944-1193-4d76-af42-896abbf93b74/none_v3 HTTP/1.0 201 - python-swiftclient-3.11.1 gAAAAABpekFC9ymC... 22 - - tx2a12c1c8250d49d88e7c8-00697a4186 - 0.0323 - - 1769619846.020719767 1769619846.052988768 0
Jan 28 17:04:06 standalone container-server[128353]: 172.20.0.100 - - [28/Jan/2026:17:04:06 +0000] "HEAD /d1/403/AUTH_31d3a527839a466a8e954dac4cacc9dd/gnocchi.0e433f40-ae85-4b2d-836e-c89ac62ec784" 404 - "HEAD http://172.18.0.2:8080/v1/AUTH_31d3a527839a466a8e954dac4cacc9dd/gnocchi.0e433f40-ae85-4b2d-836e-c89ac62ec784?format=json&states=listing" "tx80ec30bc24e544b587a90-00697a4186" "proxy-server 20" 0.0010 "-" 22 0
Jan 28 17:04:06 standalone object-server[128709]: 172.20.0.100 - - [28/Jan/2026:17:04:06 +0000] "GET /d1/368/AUTH_31d3a527839a466a8e954dac4cacc9dd/gnocchi.0e433f40-ae85-4b2d-836e-c89ac62ec784/none_v3" 404 70 "GET http://172.18.0.2:8080/v1/AUTH_31d3a527839a466a8e954dac4cacc9dd/gnocchi.0e433f40-ae85-4b2d-836e-c89ac62ec784/none_v3" "tx80ec30bc24e544b587a90-00697a4186" "proxy-server 20" 0.0005 "-" 22 0
Jan 28 17:04:06 standalone proxy-server[130288]: 172.18.0.2 172.18.0.100 28/Jan/2026/17/04/06 GET /v1/AUTH_31d3a527839a466a8e954dac4cacc9dd/gnocchi.0e433f40-ae85-4b2d-836e-c89ac62ec784/none_v3 HTTP/1.0 404 - python-swiftclient-3.11.1 gAAAAABpekFC9ymC... - 70 - tx80ec30bc24e544b587a90-00697a4186 - 0.0682 - - 1769619846.065533400 1769619846.133736134 0
Jan 28 17:04:06 standalone account-server[128424]: 172.20.0.100 - - [28/Jan/2026:17:04:06 +0000] "PUT /d1/408/AUTH_31d3a527839a466a8e954dac4cacc9dd/gnocchi.0e433f40-ae85-4b2d-836e-c89ac62ec784" 201 - "PUT http://172.20.0.100:6001/d1/403/AUTH_31d3a527839a466a8e954dac4cacc9dd/gnocchi.0e433f40-ae85-4b2d-836e-c89ac62ec784" "txf8441304f68d4cf583408-00697a4186" "container-server 21" 0.0073 "-" 23 0
Jan 28 17:04:06 standalone container-server[128342]: 172.20.0.100 - - [28/Jan/2026:17:04:06 +0000] "PUT /d1/403/AUTH_31d3a527839a466a8e954dac4cacc9dd/gnocchi.0e433f40-ae85-4b2d-836e-c89ac62ec784" 201 - "PUT http://172.18.0.2:8080/v1/AUTH_31d3a527839a466a8e954dac4cacc9dd/gnocchi.0e433f40-ae85-4b2d-836e-c89ac62ec784" "txf8441304f68d4cf583408-00697a4186" "proxy-server 20" 0.0190 "-" 21 0
Jan 28 17:04:06 standalone proxy-server[130288]: 172.18.0.2 172.18.0.100 28/Jan/2026/17/04/06 PUT /v1/AUTH_31d3a527839a466a8e954dac4cacc9dd/gnocchi.0e433f40-ae85-4b2d-836e-c89ac62ec784 HTTP/1.0 201 - python-swiftclient-3.11.1 gAAAAABpekFC9ymC... - - - txf8441304f68d4cf583408-00697a4186 - 0.0241 - - 1769619846.136975765 1769619846.161069632 0
Jan 28 17:04:06 standalone container-server[128312]: 172.20.0.100 - - [28/Jan/2026:17:04:06 +0000] "HEAD /d1/403/AUTH_31d3a527839a466a8e954dac4cacc9dd/gnocchi.0e433f40-ae85-4b2d-836e-c89ac62ec784" 204 - "HEAD http://172.18.0.2:8080/v1/AUTH_31d3a527839a466a8e954dac4cacc9dd/gnocchi.0e433f40-ae85-4b2d-836e-c89ac62ec784?format=json&states=listing" "txc0a00182265a48d9818ab-00697a4186" "proxy-server 20" 0.0024 "-" 20 0
Jan 28 17:04:06 standalone proxy-server[130288]: - - 28/Jan/2026/17/04/06 HEAD /v1/AUTH_31d3a527839a466a8e954dac4cacc9dd/gnocchi.0e433f40-ae85-4b2d-836e-c89ac62ec784%3Fformat%3Djson%26states%3Dlisting HTTP/1.0 204 - Swift - - - - txc0a00182265a48d9818ab-00697a4186 - 0.0055 RL - 1769619846.164903641 1769619846.170402765 0
Jan 28 17:04:06 standalone container-server[128353]: 172.20.0.100 - - [28/Jan/2026:17:04:06 +0000] "GET /d1/403/AUTH_31d3a527839a466a8e954dac4cacc9dd/gnocchi.0e433f40-ae85-4b2d-836e-c89ac62ec784" 200 2 "GET http://172.18.0.2:8080/v1/AUTH_31d3a527839a466a8e954dac4cacc9dd/gnocchi.0e433f40-ae85-4b2d-836e-c89ac62ec784?format=json&states=listing" "txc0a00182265a48d9818ab-00697a4186" "proxy-server 20" 0.0023 "-" 22 0
Jan 28 17:04:06 standalone proxy-server[130288]: 172.18.0.2 172.18.0.100 28/Jan/2026/17/04/06 GET /v1/AUTH_31d3a527839a466a8e954dac4cacc9dd/gnocchi.0e433f40-ae85-4b2d-836e-c89ac62ec784%3Fformat%3Djson%26states%3Dlisting HTTP/1.0 200 - python-swiftclient-3.11.1 gAAAAABpekFC9ymC... - 2 - txc0a00182265a48d9818ab-00697a4186 - 0.0167 - - 1769619846.164282799 1769619846.180964947 0
Jan 28 17:04:06 standalone object-server[128711]: 172.20.0.100 - - [28/Jan/2026:17:04:06 +0000] "GET /d1/545/AUTH_31d3a527839a466a8e954dac4cacc9dd/gnocchi.0e433f40-ae85-4b2d-836e-c89ac62ec784/1769040000.0_mean_300.0_v3" 404 70 "GET http://172.18.0.2:8080/v1/AUTH_31d3a527839a466a8e954dac4cacc9dd/gnocchi.0e433f40-ae85-4b2d-836e-c89ac62ec784/1769040000.0_mean_300.0_v3" "txaca96742c68a4238a97bc-00697a4186" "proxy-server 20" 0.0005 "-" 24 0
Jan 28 17:04:06 standalone proxy-server[130288]: 172.18.0.2 172.18.0.100 28/Jan/2026/17/04/06 GET /v1/AUTH_31d3a527839a466a8e954dac4cacc9dd/gnocchi.0e433f40-ae85-4b2d-836e-c89ac62ec784/1769040000.0_mean_300.0_v3 HTTP/1.0 404 - python-swiftclient-3.11.1 gAAAAABpekFC9ymC... - 70 - txaca96742c68a4238a97bc-00697a4186 - 0.0068 - - 1769619846.185071468 1769619846.191896915 0
Jan 28 17:04:06 standalone container-server[128353]: 172.20.0.100 - - [28/Jan/2026:17:04:06 +0000] "PUT /d1/403/AUTH_31d3a527839a466a8e954dac4cacc9dd/gnocchi.0e433f40-ae85-4b2d-836e-c89ac62ec784/1769040000.0_mean_300.0_v3" 201 - "PUT http://172.18.0.2:8080/d1/545/AUTH_31d3a527839a466a8e954dac4cacc9dd/gnocchi.0e433f40-ae85-4b2d-836e-c89ac62ec784/1769040000.0_mean_300.0_v3" "tx92b817f1167041849b181-00697a4186" "object-server 24" 0.0004 "-" 22 0
Jan 28 17:04:06 standalone object-server[128711]: 172.20.0.100 - - [28/Jan/2026:17:04:06 +0000] "PUT /d1/545/AUTH_31d3a527839a466a8e954dac4cacc9dd/gnocchi.0e433f40-ae85-4b2d-836e-c89ac62ec784/1769040000.0_mean_300.0_v3" 201 - "PUT http://172.18.0.2:8080/v1/AUTH_31d3a527839a466a8e954dac4cacc9dd/gnocchi.0e433f40-ae85-4b2d-836e-c89ac62ec784/1769040000.0_mean_300.0_v3" "tx92b817f1167041849b181-00697a4186" "proxy-server 20" 0.0319 "-" 24 0
Jan 28 17:04:06 standalone proxy-server[130288]: 172.18.0.2 172.18.0.100 28/Jan/2026/17/04/06 PUT /v1/AUTH_31d3a527839a466a8e954dac4cacc9dd/gnocchi.0e433f40-ae85-4b2d-836e-c89ac62ec784/1769040000.0_mean_300.0_v3 HTTP/1.0 201 - python-swiftclient-3.11.1 gAAAAABpekFC9ymC... 16 - - tx92b817f1167041849b181-00697a4186 - 0.0378 - - 1769619846.194981575 1769619846.232818842 0
Jan 28 17:04:06 standalone container-server[128297]: 172.20.0.100 - - [28/Jan/2026:17:04:06 +0000] "PUT /d1/403/AUTH_31d3a527839a466a8e954dac4cacc9dd/gnocchi.0e433f40-ae85-4b2d-836e-c89ac62ec784/none_v3" 201 - "PUT http://172.18.0.2:8080/d1/368/AUTH_31d3a527839a466a8e954dac4cacc9dd/gnocchi.0e433f40-ae85-4b2d-836e-c89ac62ec784/none_v3" "tx7c40c7dfbd97413ab9958-00697a4186" "object-server 24" 0.0012 "-" 19 0
Jan 28 17:04:06 standalone object-server[128711]: 172.20.0.100 - - [28/Jan/2026:17:04:06 +0000] "PUT /d1/368/AUTH_31d3a527839a466a8e954dac4cacc9dd/gnocchi.0e433f40-ae85-4b2d-836e-c89ac62ec784/none_v3" 201 - "PUT http://172.18.0.2:8080/v1/AUTH_31d3a527839a466a8e954dac4cacc9dd/gnocchi.0e433f40-ae85-4b2d-836e-c89ac62ec784/none_v3" "tx7c40c7dfbd97413ab9958-00697a4186" "proxy-server 20" 0.0121 "-" 24 0
Jan 28 17:04:06 standalone proxy-server[130288]: 172.18.0.2 172.18.0.100 28/Jan/2026/17/04/06 PUT /v1/AUTH_31d3a527839a466a8e954dac4cacc9dd/gnocchi.0e433f40-ae85-4b2d-836e-c89ac62ec784/none_v3 HTTP/1.0 201 - python-swiftclient-3.11.1 gAAAAABpekFC9ymC... 22 - - tx7c40c7dfbd97413ab9958-00697a4186 - 0.0178 - - 1769619846.235659361 1769619846.253486156 0
Jan 28 17:04:06 standalone container-server[128353]: 172.20.0.100 - - [28/Jan/2026:17:04:06 +0000] "HEAD /d1/580/AUTH_31d3a527839a466a8e954dac4cacc9dd/gnocchi.f0205411-9bef-4bab-9c44-22dba39adf7b" 404 - "HEAD http://172.18.0.2:8080/v1/AUTH_31d3a527839a466a8e954dac4cacc9dd/gnocchi.f0205411-9bef-4bab-9c44-22dba39adf7b?format=json&states=listing" "tx429b132412f54a65be4ba-00697a4186" "proxy-server 20" 0.0003 "-" 22 0
Jan 28 17:04:06 standalone object-server[128710]: 172.20.0.100 - - [28/Jan/2026:17:04:06 +0000] "GET /d1/406/AUTH_31d3a527839a466a8e954dac4cacc9dd/gnocchi.f0205411-9bef-4bab-9c44-22dba39adf7b/none_v3" 404 70 "GET http://172.18.0.2:8080/v1/AUTH_31d3a527839a466a8e954dac4cacc9dd/gnocchi.f0205411-9bef-4bab-9c44-22dba39adf7b/none_v3" "tx429b132412f54a65be4ba-00697a4186" "proxy-server 20" 0.0008 "-" 23 0
Jan 28 17:04:06 standalone proxy-server[130288]: 172.18.0.2 172.18.0.100 28/Jan/2026/17/04/06 GET /v1/AUTH_31d3a527839a466a8e954dac4cacc9dd/gnocchi.f0205411-9bef-4bab-9c44-22dba39adf7b/none_v3 HTTP/1.0 404 - python-swiftclient-3.11.1 gAAAAABpekFC9ymC... - 70 - tx429b132412f54a65be4ba-00697a4186 - 0.0119 - - 1769619846.264647961 1769619846.276591063 0
Jan 28 17:04:06 standalone account-server[128397]: 172.20.0.100 - - [28/Jan/2026:17:04:06 +0000] "PUT /d1/408/AUTH_31d3a527839a466a8e954dac4cacc9dd/gnocchi.f0205411-9bef-4bab-9c44-22dba39adf7b" 201 - "PUT http://172.20.0.100:6001/d1/580/AUTH_31d3a527839a466a8e954dac4cacc9dd/gnocchi.f0205411-9bef-4bab-9c44-22dba39adf7b" "txc81065339df7477c89886-00697a4186" "container-server 21" 0.0054 "-" 20 0
Jan 28 17:04:06 standalone container-server[128342]: 172.20.0.100 - - [28/Jan/2026:17:04:06 +0000] "PUT /d1/580/AUTH_31d3a527839a466a8e954dac4cacc9dd/gnocchi.f0205411-9bef-4bab-9c44-22dba39adf7b" 201 - "PUT http://172.18.0.2:8080/v1/AUTH_31d3a527839a466a8e954dac4cacc9dd/gnocchi.f0205411-9bef-4bab-9c44-22dba39adf7b" "txc81065339df7477c89886-00697a4186" "proxy-server 20" 0.0147 "-" 21 0
Jan 28 17:04:06 standalone proxy-server[130288]: 172.18.0.2 172.18.0.100 28/Jan/2026/17/04/06 PUT /v1/AUTH_31d3a527839a466a8e954dac4cacc9dd/gnocchi.f0205411-9bef-4bab-9c44-22dba39adf7b HTTP/1.0 201 - python-swiftclient-3.11.1 gAAAAABpekFC9ymC... - - - txc81065339df7477c89886-00697a4186 - 0.0185 - - 1769619846.279191494 1769619846.297716618 0
Jan 28 17:04:06 standalone container-server[128297]: 172.20.0.100 - - [28/Jan/2026:17:04:06 +0000] "HEAD /d1/580/AUTH_31d3a527839a466a8e954dac4cacc9dd/gnocchi.f0205411-9bef-4bab-9c44-22dba39adf7b" 204 - "HEAD http://172.18.0.2:8080/v1/AUTH_31d3a527839a466a8e954dac4cacc9dd/gnocchi.f0205411-9bef-4bab-9c44-22dba39adf7b?format=json&states=listing" "tx2362e4cce8d04e11b8ab5-00697a4186" "proxy-server 20" 0.0015 "-" 19 0
Jan 28 17:04:06 standalone proxy-server[130288]: - - 28/Jan/2026/17/04/06 HEAD /v1/AUTH_31d3a527839a466a8e954dac4cacc9dd/gnocchi.f0205411-9bef-4bab-9c44-22dba39adf7b%3Fformat%3Djson%26states%3Dlisting HTTP/1.0 204 - Swift - - - - tx2362e4cce8d04e11b8ab5-00697a4186 - 0.0046 RL - 1769619846.302122831 1769619846.306698322 0
Jan 28 17:04:06 standalone container-server[128342]: 172.20.0.100 - - [28/Jan/2026:17:04:06 +0000] "GET /d1/580/AUTH_31d3a527839a466a8e954dac4cacc9dd/gnocchi.f0205411-9bef-4bab-9c44-22dba39adf7b" 200 2 "GET http://172.18.0.2:8080/v1/AUTH_31d3a527839a466a8e954dac4cacc9dd/gnocchi.f0205411-9bef-4bab-9c44-22dba39adf7b?format=json&states=listing" "tx2362e4cce8d04e11b8ab5-00697a4186" "proxy-server 20" 0.0019 "-" 21 0
Jan 28 17:04:06 standalone proxy-server[130288]: 172.18.0.2 172.18.0.100 28/Jan/2026/17/04/06 GET /v1/AUTH_31d3a527839a466a8e954dac4cacc9dd/gnocchi.f0205411-9bef-4bab-9c44-22dba39adf7b%3Fformat%3Djson%26states%3Dlisting HTTP/1.0 200 - python-swiftclient-3.11.1 gAAAAABpekFC9ymC... - 2 - tx2362e4cce8d04e11b8ab5-00697a4186 - 0.0136 - - 1769619846.300704241 1769619846.314282894 0
Jan 28 17:04:06 standalone object-server[128709]: 172.20.0.100 - - [28/Jan/2026:17:04:06 +0000] "GET /d1/883/AUTH_31d3a527839a466a8e954dac4cacc9dd/gnocchi.f0205411-9bef-4bab-9c44-22dba39adf7b/1769040000.0_mean_300.0_v3" 404 70 "GET http://172.18.0.2:8080/v1/AUTH_31d3a527839a466a8e954dac4cacc9dd/gnocchi.f0205411-9bef-4bab-9c44-22dba39adf7b/1769040000.0_mean_300.0_v3" "tx7e6186b7dc6643239d303-00697a4186" "proxy-server 20" 0.0005 "-" 22 0
Jan 28 17:04:06 standalone proxy-server[130288]: 172.18.0.2 172.18.0.100 28/Jan/2026/17/04/06 GET /v1/AUTH_31d3a527839a466a8e954dac4cacc9dd/gnocchi.f0205411-9bef-4bab-9c44-22dba39adf7b/1769040000.0_mean_300.0_v3 HTTP/1.0 404 - python-swiftclient-3.11.1 gAAAAABpekFC9ymC... - 70 - tx7e6186b7dc6643239d303-00697a4186 - 0.0061 - - 1769619846.317836285 1769619846.323906660 0
Jan 28 17:04:06 standalone container-server[128297]: 172.20.0.100 - - [28/Jan/2026:17:04:06 +0000] "PUT /d1/580/AUTH_31d3a527839a466a8e954dac4cacc9dd/gnocchi.f0205411-9bef-4bab-9c44-22dba39adf7b/1769040000.0_mean_300.0_v3" 201 - "PUT http://172.18.0.2:8080/d1/883/AUTH_31d3a527839a466a8e954dac4cacc9dd/gnocchi.f0205411-9bef-4bab-9c44-22dba39adf7b/1769040000.0_mean_300.0_v3" "tx06670f8986de482880bce-00697a4186" "object-server 22" 0.0006 "-" 19 0
Jan 28 17:04:06 standalone object-server[128709]: 172.20.0.100 - - [28/Jan/2026:17:04:06 +0000] "PUT /d1/883/AUTH_31d3a527839a466a8e954dac4cacc9dd/gnocchi.f0205411-9bef-4bab-9c44-22dba39adf7b/1769040000.0_mean_300.0_v3" 201 - "PUT http://172.18.0.2:8080/v1/AUTH_31d3a527839a466a8e954dac4cacc9dd/gnocchi.f0205411-9bef-4bab-9c44-22dba39adf7b/1769040000.0_mean_300.0_v3" "tx06670f8986de482880bce-00697a4186" "proxy-server 20" 0.0111 "-" 22 0
Jan 28 17:04:06 standalone proxy-server[130288]: 172.18.0.2 172.18.0.100 28/Jan/2026/17/04/06 PUT /v1/AUTH_31d3a527839a466a8e954dac4cacc9dd/gnocchi.f0205411-9bef-4bab-9c44-22dba39adf7b/1769040000.0_mean_300.0_v3 HTTP/1.0 201 - python-swiftclient-3.11.1 gAAAAABpekFC9ymC... 16 - - tx06670f8986de482880bce-00697a4186 - 0.0184 - - 1769619846.327002287 1769619846.345384598 0
Jan 28 17:04:06 standalone container-server[128312]: 172.20.0.100 - - [28/Jan/2026:17:04:06 +0000] "PUT /d1/580/AUTH_31d3a527839a466a8e954dac4cacc9dd/gnocchi.f0205411-9bef-4bab-9c44-22dba39adf7b/none_v3" 201 - "PUT http://172.18.0.2:8080/d1/406/AUTH_31d3a527839a466a8e954dac4cacc9dd/gnocchi.f0205411-9bef-4bab-9c44-22dba39adf7b/none_v3" "txad244724dd1040bda4c5d-00697a4186" "object-server 23" 0.0005 "-" 20 0
Jan 28 17:04:06 standalone object-server[128710]: 172.20.0.100 - - [28/Jan/2026:17:04:06 +0000] "PUT /d1/406/AUTH_31d3a527839a466a8e954dac4cacc9dd/gnocchi.f0205411-9bef-4bab-9c44-22dba39adf7b/none_v3" 201 - "PUT http://172.18.0.2:8080/v1/AUTH_31d3a527839a466a8e954dac4cacc9dd/gnocchi.f0205411-9bef-4bab-9c44-22dba39adf7b/none_v3" "txad244724dd1040bda4c5d-00697a4186" "proxy-server 20" 0.0163 "-" 23 0
Jan 28 17:04:06 standalone proxy-server[130288]: 172.18.0.2 172.18.0.100 28/Jan/2026/17/04/06 PUT /v1/AUTH_31d3a527839a466a8e954dac4cacc9dd/gnocchi.f0205411-9bef-4bab-9c44-22dba39adf7b/none_v3 HTTP/1.0 201 - python-swiftclient-3.11.1 gAAAAABpekFC9ymC... 22 - - txad244724dd1040bda4c5d-00697a4186 - 0.0230 - - 1769619846.351834536 1769619846.374841452 0
Jan 28 17:04:06 standalone container-server[128342]: 172.20.0.100 - - [28/Jan/2026:17:04:06 +0000] "HEAD /d1/877/AUTH_31d3a527839a466a8e954dac4cacc9dd/gnocchi.fc388af6-5fc9-4443-8fdd-80ee37c71526" 404 - "HEAD http://172.18.0.2:8080/v1/AUTH_31d3a527839a466a8e954dac4cacc9dd/gnocchi.fc388af6-5fc9-4443-8fdd-80ee37c71526?format=json&states=listing" "txcd3d9b5f0da0463bb98a0-00697a4186" "proxy-server 20" 0.0004 "-" 21 0
Jan 28 17:04:06 standalone object-server[128710]: 172.20.0.100 - - [28/Jan/2026:17:04:06 +0000] "GET /d1/581/AUTH_31d3a527839a466a8e954dac4cacc9dd/gnocchi.fc388af6-5fc9-4443-8fdd-80ee37c71526/none_v3" 404 70 "GET http://172.18.0.2:8080/v1/AUTH_31d3a527839a466a8e954dac4cacc9dd/gnocchi.fc388af6-5fc9-4443-8fdd-80ee37c71526/none_v3" "txcd3d9b5f0da0463bb98a0-00697a4186" "proxy-server 20" 0.0004 "-" 23 0
Jan 28 17:04:06 standalone proxy-server[130288]: 172.18.0.2 172.18.0.100 28/Jan/2026/17/04/06 GET /v1/AUTH_31d3a527839a466a8e954dac4cacc9dd/gnocchi.fc388af6-5fc9-4443-8fdd-80ee37c71526/none_v3 HTTP/1.0 404 - python-swiftclient-3.11.1 gAAAAABpekFC9ymC... - 70 - txcd3d9b5f0da0463bb98a0-00697a4186 - 0.0100 - - 1769619846.385267258 1769619846.395225525 0
Jan 28 17:04:06 standalone account-server[128424]: 172.20.0.100 - - [28/Jan/2026:17:04:06 +0000] "PUT /d1/408/AUTH_31d3a527839a466a8e954dac4cacc9dd/gnocchi.fc388af6-5fc9-4443-8fdd-80ee37c71526" 201 - "PUT http://172.20.0.100:6001/d1/877/AUTH_31d3a527839a466a8e954dac4cacc9dd/gnocchi.fc388af6-5fc9-4443-8fdd-80ee37c71526" "tx7104c70e863c4e69bbf8a-00697a4186" "container-server 20" 0.0103 "-" 23 0
Jan 28 17:04:06 standalone container-server[128312]: 172.20.0.100 - - [28/Jan/2026:17:04:06 +0000] "PUT /d1/877/AUTH_31d3a527839a466a8e954dac4cacc9dd/gnocchi.fc388af6-5fc9-4443-8fdd-80ee37c71526" 201 - "PUT http://172.18.0.2:8080/v1/AUTH_31d3a527839a466a8e954dac4cacc9dd/gnocchi.fc388af6-5fc9-4443-8fdd-80ee37c71526" "tx7104c70e863c4e69bbf8a-00697a4186" "proxy-server 20" 0.0228 "-" 20 0
Jan 28 17:04:06 standalone proxy-server[130288]: 172.18.0.2 172.18.0.100 28/Jan/2026/17/04/06 PUT /v1/AUTH_31d3a527839a466a8e954dac4cacc9dd/gnocchi.fc388af6-5fc9-4443-8fdd-80ee37c71526 HTTP/1.0 201 - python-swiftclient-3.11.1 gAAAAABpekFC9ymC... - - - tx7104c70e863c4e69bbf8a-00697a4186 - 0.0278 - - 1769619846.397759676 1769619846.425551176 0
Jan 28 17:04:06 standalone container-server[128297]: 172.20.0.100 - - [28/Jan/2026:17:04:06 +0000] "HEAD /d1/877/AUTH_31d3a527839a466a8e954dac4cacc9dd/gnocchi.fc388af6-5fc9-4443-8fdd-80ee37c71526" 204 - "HEAD http://172.18.0.2:8080/v1/AUTH_31d3a527839a466a8e954dac4cacc9dd/gnocchi.fc388af6-5fc9-4443-8fdd-80ee37c71526?format=json&states=listing" "tx82c155d9a88642adb661d-00697a4186" "proxy-server 20" 0.0033 "-" 19 0
Jan 28 17:04:06 standalone proxy-server[130288]: - - 28/Jan/2026/17/04/06 HEAD /v1/AUTH_31d3a527839a466a8e954dac4cacc9dd/gnocchi.fc388af6-5fc9-4443-8fdd-80ee37c71526%3Fformat%3Djson%26states%3Dlisting HTTP/1.0 204 - Swift - - - - tx82c155d9a88642adb661d-00697a4186 - 0.0069 RL - 1769619846.430313587 1769619846.437177896 0
Jan 28 17:04:06 standalone container-server[128342]: 172.20.0.100 - - [28/Jan/2026:17:04:06 +0000] "GET /d1/877/AUTH_31d3a527839a466a8e954dac4cacc9dd/gnocchi.fc388af6-5fc9-4443-8fdd-80ee37c71526" 200 2 "GET http://172.18.0.2:8080/v1/AUTH_31d3a527839a466a8e954dac4cacc9dd/gnocchi.fc388af6-5fc9-4443-8fdd-80ee37c71526?format=json&states=listing" "tx82c155d9a88642adb661d-00697a4186" "proxy-server 20" 0.0018 "-" 21 0
Jan 28 17:04:06 standalone proxy-server[130288]: 172.18.0.2 172.18.0.100 28/Jan/2026/17/04/06 GET /v1/AUTH_31d3a527839a466a8e954dac4cacc9dd/gnocchi.fc388af6-5fc9-4443-8fdd-80ee37c71526%3Fformat%3Djson%26states%3Dlisting HTTP/1.0 200 - python-swiftclient-3.11.1 gAAAAABpekFC9ymC... - 2 - tx82c155d9a88642adb661d-00697a4186 - 0.0148 - - 1769619846.429602146 1769619846.444417000 0
Jan 28 17:04:06 standalone object-server[128709]: 172.20.0.100 - - [28/Jan/2026:17:04:06 +0000] "GET /d1/478/AUTH_31d3a527839a466a8e954dac4cacc9dd/gnocchi.fc388af6-5fc9-4443-8fdd-80ee37c71526/1769040000.0_mean_300.0_v3" 404 70 "GET http://172.18.0.2:8080/v1/AUTH_31d3a527839a466a8e954dac4cacc9dd/gnocchi.fc388af6-5fc9-4443-8fdd-80ee37c71526/1769040000.0_mean_300.0_v3" "tx6271e32425ea4ec5a457b-00697a4186" "proxy-server 20" 0.0005 "-" 22 0
Jan 28 17:04:06 standalone proxy-server[130288]: 172.18.0.2 172.18.0.100 28/Jan/2026/17/04/06 GET /v1/AUTH_31d3a527839a466a8e954dac4cacc9dd/gnocchi.fc388af6-5fc9-4443-8fdd-80ee37c71526/1769040000.0_mean_300.0_v3 HTTP/1.0 404 - python-swiftclient-3.11.1 gAAAAABpekFC9ymC... - 70 - tx6271e32425ea4ec5a457b-00697a4186 - 0.0072 - - 1769619846.451141357 1769619846.458364248 0
Jan 28 17:04:06 standalone container-server[128312]: 172.20.0.100 - - [28/Jan/2026:17:04:06 +0000] "PUT /d1/877/AUTH_31d3a527839a466a8e954dac4cacc9dd/gnocchi.fc388af6-5fc9-4443-8fdd-80ee37c71526/1769040000.0_mean_300.0_v3" 201 - "PUT http://172.18.0.2:8080/d1/478/AUTH_31d3a527839a466a8e954dac4cacc9dd/gnocchi.fc388af6-5fc9-4443-8fdd-80ee37c71526/1769040000.0_mean_300.0_v3" "tx9bedac5ae33144fd9720a-00697a4186" "object-server 23" 0.0005 "-" 20 0
Jan 28 17:04:06 standalone object-server[128710]: 172.20.0.100 - - [28/Jan/2026:17:04:06 +0000] "PUT /d1/478/AUTH_31d3a527839a466a8e954dac4cacc9dd/gnocchi.fc388af6-5fc9-4443-8fdd-80ee37c71526/1769040000.0_mean_300.0_v3" 201 - "PUT http://172.18.0.2:8080/v1/AUTH_31d3a527839a466a8e954dac4cacc9dd/gnocchi.fc388af6-5fc9-4443-8fdd-80ee37c71526/1769040000.0_mean_300.0_v3" "tx9bedac5ae33144fd9720a-00697a4186" "proxy-server 20" 0.0111 "-" 23 0
Jan 28 17:04:06 standalone proxy-server[130288]: 172.18.0.2 172.18.0.100 28/Jan/2026/17/04/06 PUT /v1/AUTH_31d3a527839a466a8e954dac4cacc9dd/gnocchi.fc388af6-5fc9-4443-8fdd-80ee37c71526/1769040000.0_mean_300.0_v3 HTTP/1.0 201 - python-swiftclient-3.11.1 gAAAAABpekFC9ymC... 16 - - tx9bedac5ae33144fd9720a-00697a4186 - 0.0162 - - 1769619846.467997074 1769619846.484179735 0
Jan 28 17:04:06 standalone container-server[128312]: 172.20.0.100 - - [28/Jan/2026:17:04:06 +0000] "PUT /d1/877/AUTH_31d3a527839a466a8e954dac4cacc9dd/gnocchi.fc388af6-5fc9-4443-8fdd-80ee37c71526/none_v3" 201 - "PUT http://172.18.0.2:8080/d1/581/AUTH_31d3a527839a466a8e954dac4cacc9dd/gnocchi.fc388af6-5fc9-4443-8fdd-80ee37c71526/none_v3" "txc8729e78c9cb45368fdb6-00697a4186" "object-server 23" 0.0006 "-" 20 0
Jan 28 17:04:06 standalone object-server[128710]: 172.20.0.100 - - [28/Jan/2026:17:04:06 +0000] "PUT /d1/581/AUTH_31d3a527839a466a8e954dac4cacc9dd/gnocchi.fc388af6-5fc9-4443-8fdd-80ee37c71526/none_v3" 201 - "PUT http://172.18.0.2:8080/v1/AUTH_31d3a527839a466a8e954dac4cacc9dd/gnocchi.fc388af6-5fc9-4443-8fdd-80ee37c71526/none_v3" "txc8729e78c9cb45368fdb6-00697a4186" "proxy-server 20" 0.0118 "-" 23 0
Jan 28 17:04:06 standalone proxy-server[130288]: 172.18.0.2 172.18.0.100 28/Jan/2026/17/04/06 PUT /v1/AUTH_31d3a527839a466a8e954dac4cacc9dd/gnocchi.fc388af6-5fc9-4443-8fdd-80ee37c71526/none_v3 HTTP/1.0 201 - python-swiftclient-3.11.1 gAAAAABpekFC9ymC... 22 - - txc8729e78c9cb45368fdb6-00697a4186 - 0.0223 - - 1769619846.488859653 1769619846.511154652 0
Jan 28 17:04:14 standalone account-server[128424]: 172.20.0.100 - - [28/Jan/2026:17:04:14 +0000] "HEAD /d1/934/.expiring_objects" 404 - "HEAD http://localhost/v1/.expiring_objects?format=json" "tx1512e92ede6e4aa8858c7-00697a418e" "proxy-server 2" 0.0006 "-" 23 -
Jan 28 17:04:14 standalone object-expirer[128455]: Pass completed in 0s; 0 objects expired (txn: tx1512e92ede6e4aa8858c7-00697a418e)
Jan 28 17:04:32 standalone container-server[128342]: 172.20.0.100 - - [28/Jan/2026:17:04:32 +0000] "HEAD /d1/9/AUTH_31d3a527839a466a8e954dac4cacc9dd/gnocchi.a46b5936-5c69-4fa3-8c5e-02f4e2997574" 404 - "HEAD http://172.18.0.2:8080/v1/AUTH_31d3a527839a466a8e954dac4cacc9dd/gnocchi.a46b5936-5c69-4fa3-8c5e-02f4e2997574?format=json&states=listing" "tx048ae9b3c47c4e32bd1bd-00697a41a0" "proxy-server 20" 0.0007 "-" 21 0
Jan 28 17:04:32 standalone object-server[128711]: 172.20.0.100 - - [28/Jan/2026:17:04:32 +0000] "GET /d1/639/AUTH_31d3a527839a466a8e954dac4cacc9dd/gnocchi.a46b5936-5c69-4fa3-8c5e-02f4e2997574/none_v3" 404 70 "GET http://172.18.0.2:8080/v1/AUTH_31d3a527839a466a8e954dac4cacc9dd/gnocchi.a46b5936-5c69-4fa3-8c5e-02f4e2997574/none_v3" "tx048ae9b3c47c4e32bd1bd-00697a41a0" "proxy-server 20" 0.0004 "-" 24 0
Jan 28 17:04:32 standalone proxy-server[130288]: 172.18.0.2 172.18.0.100 28/Jan/2026/17/04/32 GET /v1/AUTH_31d3a527839a466a8e954dac4cacc9dd/gnocchi.a46b5936-5c69-4fa3-8c5e-02f4e2997574/none_v3 HTTP/1.0 404 - python-swiftclient-3.11.1 gAAAAABpekFC9ymC... - 70 - tx048ae9b3c47c4e32bd1bd-00697a41a0 - 0.0156 - - 1769619872.903059244 1769619872.918630838 0
Jan 28 17:04:32 standalone account-server[128397]: 172.20.0.100 - - [28/Jan/2026:17:04:32 +0000] "PUT /d1/408/AUTH_31d3a527839a466a8e954dac4cacc9dd/gnocchi.a46b5936-5c69-4fa3-8c5e-02f4e2997574" 201 - "PUT http://172.20.0.100:6001/d1/9/AUTH_31d3a527839a466a8e954dac4cacc9dd/gnocchi.a46b5936-5c69-4fa3-8c5e-02f4e2997574" "tx18306bb18d554646b38d2-00697a41a0" "container-server 21" 0.0048 "-" 20 0
Jan 28 17:04:32 standalone container-server[128342]: 172.20.0.100 - - [28/Jan/2026:17:04:32 +0000] "PUT /d1/9/AUTH_31d3a527839a466a8e954dac4cacc9dd/gnocchi.a46b5936-5c69-4fa3-8c5e-02f4e2997574" 201 - "PUT http://172.18.0.2:8080/v1/AUTH_31d3a527839a466a8e954dac4cacc9dd/gnocchi.a46b5936-5c69-4fa3-8c5e-02f4e2997574" "tx18306bb18d554646b38d2-00697a41a0" "proxy-server 20" 0.0181 "-" 21 0
Jan 28 17:04:32 standalone proxy-server[130288]: 172.18.0.2 172.18.0.100 28/Jan/2026/17/04/32 PUT /v1/AUTH_31d3a527839a466a8e954dac4cacc9dd/gnocchi.a46b5936-5c69-4fa3-8c5e-02f4e2997574 HTTP/1.0 201 - python-swiftclient-3.11.1 gAAAAABpekFC9ymC... - - - tx18306bb18d554646b38d2-00697a41a0 - 0.0247 - - 1769619872.921250820 1769619872.945913076 0
Jan 28 17:04:32 standalone container-server[128297]: 172.20.0.100 - - [28/Jan/2026:17:04:32 +0000] "HEAD /d1/9/AUTH_31d3a527839a466a8e954dac4cacc9dd/gnocchi.a46b5936-5c69-4fa3-8c5e-02f4e2997574" 204 - "HEAD http://172.18.0.2:8080/v1/AUTH_31d3a527839a466a8e954dac4cacc9dd/gnocchi.a46b5936-5c69-4fa3-8c5e-02f4e2997574?format=json&states=listing" "txa08a1a8fb51d42798b681-00697a41a0" "proxy-server 20" 0.0012 "-" 19 0
Jan 28 17:04:32 standalone proxy-server[130288]: - - 28/Jan/2026/17/04/32 HEAD /v1/AUTH_31d3a527839a466a8e954dac4cacc9dd/gnocchi.a46b5936-5c69-4fa3-8c5e-02f4e2997574%3Fformat%3Djson%26states%3Dlisting HTTP/1.0 204 - Swift - - - - txa08a1a8fb51d42798b681-00697a41a0 - 0.0055 RL - 1769619872.952122211 1769619872.957598925 0
Jan 28 17:04:32 standalone container-server[128342]: 172.20.0.100 - - [28/Jan/2026:17:04:32 +0000] "GET /d1/9/AUTH_31d3a527839a466a8e954dac4cacc9dd/gnocchi.a46b5936-5c69-4fa3-8c5e-02f4e2997574" 200 2 "GET http://172.18.0.2:8080/v1/AUTH_31d3a527839a466a8e954dac4cacc9dd/gnocchi.a46b5936-5c69-4fa3-8c5e-02f4e2997574?format=json&states=listing" "txa08a1a8fb51d42798b681-00697a41a0" "proxy-server 20" 0.0035 "-" 21 0
Jan 28 17:04:32 standalone proxy-server[130288]: 172.18.0.2 172.18.0.100 28/Jan/2026/17/04/32 GET /v1/AUTH_31d3a527839a466a8e954dac4cacc9dd/gnocchi.a46b5936-5c69-4fa3-8c5e-02f4e2997574%3Fformat%3Djson%26states%3Dlisting HTTP/1.0 200 - python-swiftclient-3.11.1 gAAAAABpekFC9ymC... - 2 - txa08a1a8fb51d42798b681-00697a41a0 - 0.0172 - - 1769619872.950967073 1769619872.968155384 0
Jan 28 17:04:32 standalone object-server[128709]: 172.20.0.100 - - [28/Jan/2026:17:04:32 +0000] "GET /d1/506/AUTH_31d3a527839a466a8e954dac4cacc9dd/gnocchi.a46b5936-5c69-4fa3-8c5e-02f4e2997574/1769040000.0_mean_300.0_v3" 404 70 "GET http://172.18.0.2:8080/v1/AUTH_31d3a527839a466a8e954dac4cacc9dd/gnocchi.a46b5936-5c69-4fa3-8c5e-02f4e2997574/1769040000.0_mean_300.0_v3" "tx0db6fb2389f14ed8b13ca-00697a41a0" "proxy-server 20" 0.0003 "-" 22 0
Jan 28 17:04:32 standalone proxy-server[130288]: 172.18.0.2 172.18.0.100 28/Jan/2026/17/04/32 GET /v1/AUTH_31d3a527839a466a8e954dac4cacc9dd/gnocchi.a46b5936-5c69-4fa3-8c5e-02f4e2997574/1769040000.0_mean_300.0_v3 HTTP/1.0 404 - python-swiftclient-3.11.1 gAAAAABpekFC9ymC... - 70 - tx0db6fb2389f14ed8b13ca-00697a41a0 - 0.0053 - - 1769619872.971304893 1769619872.976634979 0
Jan 28 17:04:32 standalone container-server[128297]: 172.20.0.100 - - [28/Jan/2026:17:04:32 +0000] "PUT /d1/9/AUTH_31d3a527839a466a8e954dac4cacc9dd/gnocchi.a46b5936-5c69-4fa3-8c5e-02f4e2997574/1769040000.0_mean_300.0_v3" 201 - "PUT http://172.18.0.2:8080/d1/506/AUTH_31d3a527839a466a8e954dac4cacc9dd/gnocchi.a46b5936-5c69-4fa3-8c5e-02f4e2997574/1769040000.0_mean_300.0_v3" "tx15d11b63dcda4b22b0ea3-00697a41a0" "object-server 25" 0.0005 "-" 19 0
Jan 28 17:04:32 standalone object-server[128712]: 172.20.0.100 - - [28/Jan/2026:17:04:32 +0000] "PUT /d1/506/AUTH_31d3a527839a466a8e954dac4cacc9dd/gnocchi.a46b5936-5c69-4fa3-8c5e-02f4e2997574/1769040000.0_mean_300.0_v3" 201 - "PUT http://172.18.0.2:8080/v1/AUTH_31d3a527839a466a8e954dac4cacc9dd/gnocchi.a46b5936-5c69-4fa3-8c5e-02f4e2997574/1769040000.0_mean_300.0_v3" "tx15d11b63dcda4b22b0ea3-00697a41a0" "proxy-server 20" 0.0110 "-" 25 0
Jan 28 17:04:32 standalone proxy-server[130288]: 172.18.0.2 172.18.0.100 28/Jan/2026/17/04/32 PUT /v1/AUTH_31d3a527839a466a8e954dac4cacc9dd/gnocchi.a46b5936-5c69-4fa3-8c5e-02f4e2997574/1769040000.0_mean_300.0_v3 HTTP/1.0 201 - python-swiftclient-3.11.1 gAAAAABpekFC9ymC... 16 - - tx15d11b63dcda4b22b0ea3-00697a41a0 - 0.0181 - - 1769619872.981256962 1769619872.999392748 0
Jan 28 17:04:33 standalone container-server[128342]: 172.20.0.100 - - [28/Jan/2026:17:04:33 +0000] "PUT /d1/9/AUTH_31d3a527839a466a8e954dac4cacc9dd/gnocchi.a46b5936-5c69-4fa3-8c5e-02f4e2997574/none_v3" 201 - "PUT http://172.18.0.2:8080/d1/639/AUTH_31d3a527839a466a8e954dac4cacc9dd/gnocchi.a46b5936-5c69-4fa3-8c5e-02f4e2997574/none_v3" "tx3bab26bb7cb449c390c70-00697a41a1" "object-server 22" 0.0008 "-" 21 0
Jan 28 17:04:33 standalone object-server[128709]: 172.20.0.100 - - [28/Jan/2026:17:04:33 +0000] "PUT /d1/639/AUTH_31d3a527839a466a8e954dac4cacc9dd/gnocchi.a46b5936-5c69-4fa3-8c5e-02f4e2997574/none_v3" 201 - "PUT http://172.18.0.2:8080/v1/AUTH_31d3a527839a466a8e954dac4cacc9dd/gnocchi.a46b5936-5c69-4fa3-8c5e-02f4e2997574/none_v3" "tx3bab26bb7cb449c390c70-00697a41a1" "proxy-server 20" 0.0081 "-" 22 0
Jan 28 17:04:33 standalone proxy-server[130288]: 172.18.0.2 172.18.0.100 28/Jan/2026/17/04/33 PUT /v1/AUTH_31d3a527839a466a8e954dac4cacc9dd/gnocchi.a46b5936-5c69-4fa3-8c5e-02f4e2997574/none_v3 HTTP/1.0 201 - python-swiftclient-3.11.1 gAAAAABpekFC9ymC... 22 - - tx3bab26bb7cb449c390c70-00697a41a1 - 0.0132 - - 1769619873.001637459 1769619873.014795065 0
Jan 28 17:04:33 standalone object-server[128709]: 172.20.0.100 - - [28/Jan/2026:17:04:33 +0000] "GET /d1/306/AUTH_31d3a527839a466a8e954dac4cacc9dd/gnocchi.db12c7ac-6c8a-40f9-979c-0dc6261d3d98/none_v3" 200 22 "GET http://172.18.0.2:8080/v1/AUTH_31d3a527839a466a8e954dac4cacc9dd/gnocchi.db12c7ac-6c8a-40f9-979c-0dc6261d3d98/none_v3" "tx04ec62b3946742c19e1c5-00697a41a1" "proxy-server 20" 0.0007 "-" 22 0
Jan 28 17:04:33 standalone proxy-server[130288]: 172.18.0.2 172.18.0.100 28/Jan/2026/17/04/33 GET /v1/AUTH_31d3a527839a466a8e954dac4cacc9dd/gnocchi.db12c7ac-6c8a-40f9-979c-0dc6261d3d98/none_v3 HTTP/1.0 200 - python-swiftclient-3.11.1 gAAAAABpekFC9ymC... - 22 - tx04ec62b3946742c19e1c5-00697a41a1 - 0.0076 - - 1769619873.033247232 1769619873.040875196 0
Jan 28 17:04:33 standalone container-server[128342]: 172.20.0.100 - - [28/Jan/2026:17:04:33 +0000] "GET /d1/697/AUTH_31d3a527839a466a8e954dac4cacc9dd/gnocchi.db12c7ac-6c8a-40f9-979c-0dc6261d3d98" 200 357 "GET http://172.18.0.2:8080/v1/AUTH_31d3a527839a466a8e954dac4cacc9dd/gnocchi.db12c7ac-6c8a-40f9-979c-0dc6261d3d98?format=json&states=listing" "tx8b6550caa2c74e6e8d888-00697a41a1" "proxy-server 20" 0.0083 "-" 21 0
Jan 28 17:04:33 standalone proxy-server[130288]: 172.18.0.2 172.18.0.100 28/Jan/2026/17/04/33 GET /v1/AUTH_31d3a527839a466a8e954dac4cacc9dd/gnocchi.db12c7ac-6c8a-40f9-979c-0dc6261d3d98%3Fformat%3Djson%26states%3Dlisting HTTP/1.0 200 - python-swiftclient-3.11.1 gAAAAABpekFC9ymC... - 357 - tx8b6550caa2c74e6e8d888-00697a41a1 - 0.0172 - - 1769619873.043849230 1769619873.061051607 0
Jan 28 17:04:33 standalone container-server[128297]: 172.20.0.100 - - [28/Jan/2026:17:04:33 +0000] "GET /d1/697/AUTH_31d3a527839a466a8e954dac4cacc9dd/gnocchi.db12c7ac-6c8a-40f9-979c-0dc6261d3d98" 200 2 "GET http://172.18.0.2:8080/v1/AUTH_31d3a527839a466a8e954dac4cacc9dd/gnocchi.db12c7ac-6c8a-40f9-979c-0dc6261d3d98?format=json&marker=none_v3&states=listing" "tx6f26a1c8c65a4c82ba936-00697a41a1" "proxy-server 20" 0.0019 "-" 19 0
Jan 28 17:04:33 standalone proxy-server[130288]: 172.18.0.2 172.18.0.100 28/Jan/2026/17/04/33 GET /v1/AUTH_31d3a527839a466a8e954dac4cacc9dd/gnocchi.db12c7ac-6c8a-40f9-979c-0dc6261d3d98%3Fformat%3Djson%26marker%3Dnone_v3%26states%3Dlisting HTTP/1.0 200 - python-swiftclient-3.11.1 gAAAAABpekFC9ymC... - 2 - tx6f26a1c8c65a4c82ba936-00697a41a1 - 0.0096 - - 1769619873.063622475 1769619873.073263168 0
Jan 28 17:04:33 standalone object-server[128711]: 172.20.0.100 - - [28/Jan/2026:17:04:33 +0000] "GET /d1/123/AUTH_31d3a527839a466a8e954dac4cacc9dd/gnocchi.db12c7ac-6c8a-40f9-979c-0dc6261d3d98/1769040000.0_mean_300.0_v3" 200 16 "GET http://172.18.0.2:8080/v1/AUTH_31d3a527839a466a8e954dac4cacc9dd/gnocchi.db12c7ac-6c8a-40f9-979c-0dc6261d3d98/1769040000.0_mean_300.0_v3" "txc4d2a7cf02db4e1db7f51-00697a41a1" "proxy-server 20" 0.0009 "-" 24 0
Jan 28 17:04:33 standalone proxy-server[130288]: 172.18.0.2 172.18.0.100 28/Jan/2026/17/04/33 GET /v1/AUTH_31d3a527839a466a8e954dac4cacc9dd/gnocchi.db12c7ac-6c8a-40f9-979c-0dc6261d3d98/1769040000.0_mean_300.0_v3 HTTP/1.0 200 - python-swiftclient-3.11.1 gAAAAABpekFC9ymC... - 16 - txc4d2a7cf02db4e1db7f51-00697a41a1 - 0.0088 - - 1769619873.076686144 1769619873.085438013 0
Jan 28 17:04:33 standalone container-server[128312]: 172.20.0.100 - - [28/Jan/2026:17:04:33 +0000] "PUT /d1/697/AUTH_31d3a527839a466a8e954dac4cacc9dd/gnocchi.db12c7ac-6c8a-40f9-979c-0dc6261d3d98/1769040000.0_mean_300.0_v3" 201 - "PUT http://172.18.0.2:8080/d1/123/AUTH_31d3a527839a466a8e954dac4cacc9dd/gnocchi.db12c7ac-6c8a-40f9-979c-0dc6261d3d98/1769040000.0_mean_300.0_v3" "tx53807345fcda4f3d82207-00697a41a1" "object-server 24" 0.0007 "-" 20 0
Jan 28 17:04:33 standalone object-server[128711]: 172.20.0.100 - - [28/Jan/2026:17:04:33 +0000] "PUT /d1/123/AUTH_31d3a527839a466a8e954dac4cacc9dd/gnocchi.db12c7ac-6c8a-40f9-979c-0dc6261d3d98/1769040000.0_mean_300.0_v3" 201 - "PUT http://172.18.0.2:8080/v1/AUTH_31d3a527839a466a8e954dac4cacc9dd/gnocchi.db12c7ac-6c8a-40f9-979c-0dc6261d3d98/1769040000.0_mean_300.0_v3" "tx53807345fcda4f3d82207-00697a41a1" "proxy-server 20" 0.0089 "-" 24 0
Jan 28 17:04:33 standalone proxy-server[130288]: 172.18.0.2 172.18.0.100 28/Jan/2026/17/04/33 PUT /v1/AUTH_31d3a527839a466a8e954dac4cacc9dd/gnocchi.db12c7ac-6c8a-40f9-979c-0dc6261d3d98/1769040000.0_mean_300.0_v3 HTTP/1.0 201 - python-swiftclient-3.11.1 gAAAAABpekFC9ymC... 16 - - tx53807345fcda4f3d82207-00697a41a1 - 0.0160 - - 1769619873.087908506 1769619873.103895903 0
Jan 28 17:04:33 standalone container-server[128297]: 172.20.0.100 - - [28/Jan/2026:17:04:33 +0000] "PUT /d1/697/AUTH_31d3a527839a466a8e954dac4cacc9dd/gnocchi.db12c7ac-6c8a-40f9-979c-0dc6261d3d98/none_v3" 201 - "PUT http://172.18.0.2:8080/d1/306/AUTH_31d3a527839a466a8e954dac4cacc9dd/gnocchi.db12c7ac-6c8a-40f9-979c-0dc6261d3d98/none_v3" "txa8ba3e0457b04ab8b3188-00697a41a1" "object-server 24" 0.0004 "-" 19 0
Jan 28 17:04:33 standalone object-server[128711]: 172.20.0.100 - - [28/Jan/2026:17:04:33 +0000] "PUT /d1/306/AUTH_31d3a527839a466a8e954dac4cacc9dd/gnocchi.db12c7ac-6c8a-40f9-979c-0dc6261d3d98/none_v3" 201 - "PUT http://172.18.0.2:8080/v1/AUTH_31d3a527839a466a8e954dac4cacc9dd/gnocchi.db12c7ac-6c8a-40f9-979c-0dc6261d3d98/none_v3" "txa8ba3e0457b04ab8b3188-00697a41a1" "proxy-server 20" 0.0152 "-" 24 0
Jan 28 17:04:33 standalone proxy-server[130288]: 172.18.0.2 172.18.0.100 28/Jan/2026/17/04/33 PUT /v1/AUTH_31d3a527839a466a8e954dac4cacc9dd/gnocchi.db12c7ac-6c8a-40f9-979c-0dc6261d3d98/none_v3 HTTP/1.0 201 - python-swiftclient-3.11.1 gAAAAABpekFC9ymC... 33 - - txa8ba3e0457b04ab8b3188-00697a41a1 - 0.0226 - - 1769619873.107067585 1769619873.129684210 0
Jan 28 17:04:33 standalone object-server[128710]: 172.20.0.100 - - [28/Jan/2026:17:04:33 +0000] "GET /d1/444/AUTH_31d3a527839a466a8e954dac4cacc9dd/gnocchi.298bbee6-edbf-4794-8fd1-a588ec4d10a9/none_v3" 200 22 "GET http://172.18.0.2:8080/v1/AUTH_31d3a527839a466a8e954dac4cacc9dd/gnocchi.298bbee6-edbf-4794-8fd1-a588ec4d10a9/none_v3" "tx78c0bff04edc4716b4b41-00697a41a1" "proxy-server 20" 0.0008 "-" 23 0
Jan 28 17:04:33 standalone proxy-server[130288]: 172.18.0.2 172.18.0.100 28/Jan/2026/17/04/33 GET /v1/AUTH_31d3a527839a466a8e954dac4cacc9dd/gnocchi.298bbee6-edbf-4794-8fd1-a588ec4d10a9/none_v3 HTTP/1.0 200 - python-swiftclient-3.11.1 gAAAAABpekFC9ymC... - 22 - tx78c0bff04edc4716b4b41-00697a41a1 - 0.0081 - - 1769619873.139157057 1769619873.147303820 0
Jan 28 17:04:33 standalone container-server[128312]: 172.20.0.100 - - [28/Jan/2026:17:04:33 +0000] "GET /d1/159/AUTH_31d3a527839a466a8e954dac4cacc9dd/gnocchi.298bbee6-edbf-4794-8fd1-a588ec4d10a9" 200 357 "GET http://172.18.0.2:8080/v1/AUTH_31d3a527839a466a8e954dac4cacc9dd/gnocchi.298bbee6-edbf-4794-8fd1-a588ec4d10a9?format=json&states=listing" "tx576dc60e022c42a8b755e-00697a41a1" "proxy-server 20" 0.0208 "-" 20 0
Jan 28 17:04:33 standalone proxy-server[130288]: 172.18.0.2 172.18.0.100 28/Jan/2026/17/04/33 GET /v1/AUTH_31d3a527839a466a8e954dac4cacc9dd/gnocchi.298bbee6-edbf-4794-8fd1-a588ec4d10a9%3Fformat%3Djson%26states%3Dlisting HTTP/1.0 200 - python-swiftclient-3.11.1 gAAAAABpekFC9ymC... - 357 - tx576dc60e022c42a8b755e-00697a41a1 - 0.0293 - - 1769619873.151005268 1769619873.180279970 0
Jan 28 17:04:33 standalone container-server[128353]: 172.20.0.100 - - [28/Jan/2026:17:04:33 +0000] "GET /d1/159/AUTH_31d3a527839a466a8e954dac4cacc9dd/gnocchi.298bbee6-edbf-4794-8fd1-a588ec4d10a9" 200 2 "GET http://172.18.0.2:8080/v1/AUTH_31d3a527839a466a8e954dac4cacc9dd/gnocchi.298bbee6-edbf-4794-8fd1-a588ec4d10a9?format=json&marker=none_v3&states=listing" "tx5f0ee1a9e20d43898d9ae-00697a41a1" "proxy-server 20" 0.0027 "-" 22 0
Jan 28 17:04:33 standalone proxy-server[130288]: 172.18.0.2 172.18.0.100 28/Jan/2026/17/04/33 GET /v1/AUTH_31d3a527839a466a8e954dac4cacc9dd/gnocchi.298bbee6-edbf-4794-8fd1-a588ec4d10a9%3Fformat%3Djson%26marker%3Dnone_v3%26states%3Dlisting HTTP/1.0 200 - python-swiftclient-3.11.1 gAAAAABpekFC9ymC... - 2 - tx5f0ee1a9e20d43898d9ae-00697a41a1 - 0.0098 - - 1769619873.182945251 1769619873.192732811 0
Jan 28 17:04:33 standalone object-server[128709]: 172.20.0.100 - - [28/Jan/2026:17:04:33 +0000] "GET /d1/125/AUTH_31d3a527839a466a8e954dac4cacc9dd/gnocchi.298bbee6-edbf-4794-8fd1-a588ec4d10a9/1769040000.0_mean_300.0_v3" 200 16 "GET http://172.18.0.2:8080/v1/AUTH_31d3a527839a466a8e954dac4cacc9dd/gnocchi.298bbee6-edbf-4794-8fd1-a588ec4d10a9/1769040000.0_mean_300.0_v3" "tx568163f5aa7d4f2e8fe32-00697a41a1" "proxy-server 20" 0.0005 "-" 22 0
Jan 28 17:04:33 standalone proxy-server[130288]: 172.18.0.2 172.18.0.100 28/Jan/2026/17/04/33 GET /v1/AUTH_31d3a527839a466a8e954dac4cacc9dd/gnocchi.298bbee6-edbf-4794-8fd1-a588ec4d10a9/1769040000.0_mean_300.0_v3 HTTP/1.0 200 - python-swiftclient-3.11.1 gAAAAABpekFC9ymC... - 16 - tx568163f5aa7d4f2e8fe32-00697a41a1 - 0.0067 - - 1769619873.195589066 1769619873.202293396 0
Jan 28 17:04:33 standalone container-server[128297]: 172.20.0.100 - - [28/Jan/2026:17:04:33 +0000] "PUT /d1/159/AUTH_31d3a527839a466a8e954dac4cacc9dd/gnocchi.298bbee6-edbf-4794-8fd1-a588ec4d10a9/1769040000.0_mean_300.0_v3" 201 - "PUT http://172.18.0.2:8080/d1/125/AUTH_31d3a527839a466a8e954dac4cacc9dd/gnocchi.298bbee6-edbf-4794-8fd1-a588ec4d10a9/1769040000.0_mean_300.0_v3" "txb08d8756c2764315b83fc-00697a41a1" "object-server 22" 0.0004 "-" 19 0
Jan 28 17:04:33 standalone object-server[128709]: 172.20.0.100 - - [28/Jan/2026:17:04:33 +0000] "PUT /d1/125/AUTH_31d3a527839a466a8e954dac4cacc9dd/gnocchi.298bbee6-edbf-4794-8fd1-a588ec4d10a9/1769040000.0_mean_300.0_v3" 201 - "PUT http://172.18.0.2:8080/v1/AUTH_31d3a527839a466a8e954dac4cacc9dd/gnocchi.298bbee6-edbf-4794-8fd1-a588ec4d10a9/1769040000.0_mean_300.0_v3" "txb08d8756c2764315b83fc-00697a41a1" "proxy-server 20" 0.0068 "-" 22 0
Jan 28 17:04:33 standalone proxy-server[130288]: 172.18.0.2 172.18.0.100 28/Jan/2026/17/04/33 PUT /v1/AUTH_31d3a527839a466a8e954dac4cacc9dd/gnocchi.298bbee6-edbf-4794-8fd1-a588ec4d10a9/1769040000.0_mean_300.0_v3 HTTP/1.0 201 - python-swiftclient-3.11.1 gAAAAABpekFC9ymC... 16 - - txb08d8756c2764315b83fc-00697a41a1 - 0.0122 - - 1769619873.204653025 1769619873.216885328 0
Jan 28 17:04:33 standalone container-server[128312]: 172.20.0.100 - - [28/Jan/2026:17:04:33 +0000] "PUT /d1/159/AUTH_31d3a527839a466a8e954dac4cacc9dd/gnocchi.298bbee6-edbf-4794-8fd1-a588ec4d10a9/none_v3" 201 - "PUT http://172.18.0.2:8080/d1/444/AUTH_31d3a527839a466a8e954dac4cacc9dd/gnocchi.298bbee6-edbf-4794-8fd1-a588ec4d10a9/none_v3" "txee08b4c9470b4236907cf-00697a41a1" "object-server 24" 0.0006 "-" 20 0
Jan 28 17:04:33 standalone object-server[128711]: 172.20.0.100 - - [28/Jan/2026:17:04:33 +0000] "PUT /d1/444/AUTH_31d3a527839a466a8e954dac4cacc9dd/gnocchi.298bbee6-edbf-4794-8fd1-a588ec4d10a9/none_v3" 201 - "PUT http://172.18.0.2:8080/v1/AUTH_31d3a527839a466a8e954dac4cacc9dd/gnocchi.298bbee6-edbf-4794-8fd1-a588ec4d10a9/none_v3" "txee08b4c9470b4236907cf-00697a41a1" "proxy-server 20" 0.0076 "-" 24 0
Jan 28 17:04:33 standalone proxy-server[130288]: 172.18.0.2 172.18.0.100 28/Jan/2026/17/04/33 PUT /v1/AUTH_31d3a527839a466a8e954dac4cacc9dd/gnocchi.298bbee6-edbf-4794-8fd1-a588ec4d10a9/none_v3 HTTP/1.0 201 - python-swiftclient-3.11.1 gAAAAABpekFC9ymC... 33 - - txee08b4c9470b4236907cf-00697a41a1 - 0.0134 - - 1769619873.219274759 1769619873.232702494 0
Jan 28 17:04:36 standalone object-server[128711]: 172.20.0.100 - - [28/Jan/2026:17:04:36 +0000] "GET /d1/639/AUTH_31d3a527839a466a8e954dac4cacc9dd/gnocchi.a46b5936-5c69-4fa3-8c5e-02f4e2997574/none_v3" 200 22 "GET http://172.18.0.2:8080/v1/AUTH_31d3a527839a466a8e954dac4cacc9dd/gnocchi.a46b5936-5c69-4fa3-8c5e-02f4e2997574/none_v3" "txc5f2e38bc7f44339a0838-00697a41a4" "proxy-server 20" 0.0017 "-" 24 0
Jan 28 17:04:36 standalone proxy-server[130288]: 172.18.0.2 172.18.0.100 28/Jan/2026/17/04/36 GET /v1/AUTH_31d3a527839a466a8e954dac4cacc9dd/gnocchi.a46b5936-5c69-4fa3-8c5e-02f4e2997574/none_v3 HTTP/1.0 200 - python-swiftclient-3.11.1 gAAAAABpekFC9ymC... - 22 - txc5f2e38bc7f44339a0838-00697a41a4 - 0.0119 - - 1769619876.571259737 1769619876.583116055 0
Jan 28 17:04:36 standalone container-server[128353]: 172.20.0.100 - - [28/Jan/2026:17:04:36 +0000] "GET /d1/9/AUTH_31d3a527839a466a8e954dac4cacc9dd/gnocchi.a46b5936-5c69-4fa3-8c5e-02f4e2997574" 200 357 "GET http://172.18.0.2:8080/v1/AUTH_31d3a527839a466a8e954dac4cacc9dd/gnocchi.a46b5936-5c69-4fa3-8c5e-02f4e2997574?format=json&states=listing" "tx4d7d970608e94d3eaaf02-00697a41a4" "proxy-server 20" 0.0135 "-" 22 0
Jan 28 17:04:36 standalone proxy-server[130288]: 172.18.0.2 172.18.0.100 28/Jan/2026/17/04/36 GET /v1/AUTH_31d3a527839a466a8e954dac4cacc9dd/gnocchi.a46b5936-5c69-4fa3-8c5e-02f4e2997574%3Fformat%3Djson%26states%3Dlisting HTTP/1.0 200 - python-swiftclient-3.11.1 gAAAAABpekFC9ymC... - 357 - tx4d7d970608e94d3eaaf02-00697a41a4 - 0.0255 - - 1769619876.588127136 1769619876.613616705 0
Jan 28 17:04:36 standalone container-server[128353]: 172.20.0.100 - - [28/Jan/2026:17:04:36 +0000] "GET /d1/9/AUTH_31d3a527839a466a8e954dac4cacc9dd/gnocchi.a46b5936-5c69-4fa3-8c5e-02f4e2997574" 200 2 "GET http://172.18.0.2:8080/v1/AUTH_31d3a527839a466a8e954dac4cacc9dd/gnocchi.a46b5936-5c69-4fa3-8c5e-02f4e2997574?format=json&marker=none_v3&states=listing" "txedf9acb1d9aa4d868adfc-00697a41a4" "proxy-server 20" 0.0023 "-" 22 0
Jan 28 17:04:36 standalone proxy-server[130288]: 172.18.0.2 172.18.0.100 28/Jan/2026/17/04/36 GET /v1/AUTH_31d3a527839a466a8e954dac4cacc9dd/gnocchi.a46b5936-5c69-4fa3-8c5e-02f4e2997574%3Fformat%3Djson%26marker%3Dnone_v3%26states%3Dlisting HTTP/1.0 200 - python-swiftclient-3.11.1 gAAAAABpekFC9ymC... - 2 - txedf9acb1d9aa4d868adfc-00697a41a4 - 0.0109 - - 1769619876.617945671 1769619876.628813267 0
Jan 28 17:04:36 standalone object-server[128710]: 172.20.0.100 - - [28/Jan/2026:17:04:36 +0000] "GET /d1/506/AUTH_31d3a527839a466a8e954dac4cacc9dd/gnocchi.a46b5936-5c69-4fa3-8c5e-02f4e2997574/1769040000.0_mean_300.0_v3" 200 16 "GET http://172.18.0.2:8080/v1/AUTH_31d3a527839a466a8e954dac4cacc9dd/gnocchi.a46b5936-5c69-4fa3-8c5e-02f4e2997574/1769040000.0_mean_300.0_v3" "tx941d74dd5d574e0f8081c-00697a41a4" "proxy-server 20" 0.0012 "-" 23 0
Jan 28 17:04:36 standalone proxy-server[130288]: 172.18.0.2 172.18.0.100 28/Jan/2026/17/04/36 GET /v1/AUTH_31d3a527839a466a8e954dac4cacc9dd/gnocchi.a46b5936-5c69-4fa3-8c5e-02f4e2997574/1769040000.0_mean_300.0_v3 HTTP/1.0 200 - python-swiftclient-3.11.1 gAAAAABpekFC9ymC... - 16 - tx941d74dd5d574e0f8081c-00697a41a4 - 0.0098 - - 1769619876.634428501 1769619876.644233942 0
Jan 28 17:04:36 standalone container-server[128297]: 172.20.0.100 - - [28/Jan/2026:17:04:36 +0000] "PUT /d1/9/AUTH_31d3a527839a466a8e954dac4cacc9dd/gnocchi.a46b5936-5c69-4fa3-8c5e-02f4e2997574/1769040000.0_mean_300.0_v3" 201 - "PUT http://172.18.0.2:8080/d1/506/AUTH_31d3a527839a466a8e954dac4cacc9dd/gnocchi.a46b5936-5c69-4fa3-8c5e-02f4e2997574/1769040000.0_mean_300.0_v3" "txb20f58b3ee3d4ab9b3d57-00697a41a4" "object-server 22" 0.0018 "-" 19 0
Jan 28 17:04:36 standalone object-server[128709]: 172.20.0.100 - - [28/Jan/2026:17:04:36 +0000] "PUT /d1/506/AUTH_31d3a527839a466a8e954dac4cacc9dd/gnocchi.a46b5936-5c69-4fa3-8c5e-02f4e2997574/1769040000.0_mean_300.0_v3" 201 - "PUT http://172.18.0.2:8080/v1/AUTH_31d3a527839a466a8e954dac4cacc9dd/gnocchi.a46b5936-5c69-4fa3-8c5e-02f4e2997574/1769040000.0_mean_300.0_v3" "txb20f58b3ee3d4ab9b3d57-00697a41a4" "proxy-server 20" 0.0144 "-" 22 0
Jan 28 17:04:36 standalone proxy-server[130288]: 172.18.0.2 172.18.0.100 28/Jan/2026/17/04/36 PUT /v1/AUTH_31d3a527839a466a8e954dac4cacc9dd/gnocchi.a46b5936-5c69-4fa3-8c5e-02f4e2997574/1769040000.0_mean_300.0_v3 HTTP/1.0 201 - python-swiftclient-3.11.1 gAAAAABpekFC9ymC... 16 - - txb20f58b3ee3d4ab9b3d57-00697a41a4 - 0.0224 - - 1769619876.648849487 1769619876.671199799 0
Jan 28 17:04:36 standalone container-server[128353]: 172.20.0.100 - - [28/Jan/2026:17:04:36 +0000] "PUT /d1/9/AUTH_31d3a527839a466a8e954dac4cacc9dd/gnocchi.a46b5936-5c69-4fa3-8c5e-02f4e2997574/none_v3" 201 - "PUT http://172.18.0.2:8080/d1/639/AUTH_31d3a527839a466a8e954dac4cacc9dd/gnocchi.a46b5936-5c69-4fa3-8c5e-02f4e2997574/none_v3" "txb04bd8e752fe457692a1a-00697a41a4" "object-server 22" 0.0008 "-" 22 0
Jan 28 17:04:36 standalone object-server[128709]: 172.20.0.100 - - [28/Jan/2026:17:04:36 +0000] "PUT /d1/639/AUTH_31d3a527839a466a8e954dac4cacc9dd/gnocchi.a46b5936-5c69-4fa3-8c5e-02f4e2997574/none_v3" 201 - "PUT http://172.18.0.2:8080/v1/AUTH_31d3a527839a466a8e954dac4cacc9dd/gnocchi.a46b5936-5c69-4fa3-8c5e-02f4e2997574/none_v3" "txb04bd8e752fe457692a1a-00697a41a4" "proxy-server 20" 0.0115 "-" 22 0
Jan 28 17:04:36 standalone proxy-server[130288]: 172.18.0.2 172.18.0.100 28/Jan/2026/17/04/36 PUT /v1/AUTH_31d3a527839a466a8e954dac4cacc9dd/gnocchi.a46b5936-5c69-4fa3-8c5e-02f4e2997574/none_v3 HTTP/1.0 201 - python-swiftclient-3.11.1 gAAAAABpekFC9ymC... 31 - - txb04bd8e752fe457692a1a-00697a41a4 - 0.0188 - - 1769619876.675823689 1769619876.694625378 0
Jan 28 17:04:47 standalone container-server[128312]: 172.20.0.100 - - [28/Jan/2026:17:04:47 +0000] "HEAD /d1/702/AUTH_31d3a527839a466a8e954dac4cacc9dd/gnocchi.7fb8a21b-4043-4c81-bb08-6e1363824cdc" 404 - "HEAD http://172.18.0.2:8080/v1/AUTH_31d3a527839a466a8e954dac4cacc9dd/gnocchi.7fb8a21b-4043-4c81-bb08-6e1363824cdc?format=json&states=listing" "tx9b8a3a03de254747a8750-00697a41af" "proxy-server 20" 0.0007 "-" 20 0
Jan 28 17:04:47 standalone object-server[128709]: 172.20.0.100 - - [28/Jan/2026:17:04:47 +0000] "GET /d1/56/AUTH_31d3a527839a466a8e954dac4cacc9dd/gnocchi.7fb8a21b-4043-4c81-bb08-6e1363824cdc/none_v3" 404 70 "GET http://172.18.0.2:8080/v1/AUTH_31d3a527839a466a8e954dac4cacc9dd/gnocchi.7fb8a21b-4043-4c81-bb08-6e1363824cdc/none_v3" "tx9b8a3a03de254747a8750-00697a41af" "proxy-server 20" 0.0008 "-" 22 0
Jan 28 17:04:47 standalone proxy-server[130288]: 172.18.0.2 172.18.0.100 28/Jan/2026/17/04/47 GET /v1/AUTH_31d3a527839a466a8e954dac4cacc9dd/gnocchi.7fb8a21b-4043-4c81-bb08-6e1363824cdc/none_v3 HTTP/1.0 404 - python-swiftclient-3.11.1 gAAAAABpekFC9ymC... - 70 - tx9b8a3a03de254747a8750-00697a41af - 0.0162 - - 1769619887.861043215 1769619887.877265215 0
Jan 28 17:04:47 standalone account-server[128424]: 172.20.0.100 - - [28/Jan/2026:17:04:47 +0000] "PUT /d1/408/AUTH_31d3a527839a466a8e954dac4cacc9dd/gnocchi.7fb8a21b-4043-4c81-bb08-6e1363824cdc" 201 - "PUT http://172.20.0.100:6001/d1/702/AUTH_31d3a527839a466a8e954dac4cacc9dd/gnocchi.7fb8a21b-4043-4c81-bb08-6e1363824cdc" "tx0b6e2bb8fc07400982109-00697a41af" "container-server 21" 0.0057 "-" 23 0
Jan 28 17:04:47 standalone container-server[128342]: 172.20.0.100 - - [28/Jan/2026:17:04:47 +0000] "PUT /d1/702/AUTH_31d3a527839a466a8e954dac4cacc9dd/gnocchi.7fb8a21b-4043-4c81-bb08-6e1363824cdc" 201 - "PUT http://172.18.0.2:8080/v1/AUTH_31d3a527839a466a8e954dac4cacc9dd/gnocchi.7fb8a21b-4043-4c81-bb08-6e1363824cdc" "tx0b6e2bb8fc07400982109-00697a41af" "proxy-server 20" 0.0218 "-" 21 0
