Nov 23 15:43:30 standalone account-server[128148]: Starting 2
Nov 23 15:43:30 standalone container-server[128208]: Starting 2
Nov 23 15:43:30 standalone account-server[128147]: Started child 20 from parent 2
Nov 23 15:43:30 standalone account-server[128147]: Started child 21 from parent 2
Nov 23 15:43:30 standalone account-server[128147]: Started child 22 from parent 2
Nov 23 15:43:30 standalone account-server[128147]: Started child 23 from parent 2
Nov 23 15:43:30 standalone container-server[128154]: Option allow_versions is deprecated. Configure the versioned_writes middleware in the proxy-server instead. This option will be ignored in a future release.
Nov 23 15:43:30 standalone container-server[128484]: Option allow_versions is deprecated. Configure the versioned_writes middleware in the proxy-server instead. This option will be ignored in a future release.
Nov 23 15:43:30 standalone container-server[128154]: Started child 20 from parent 2
Nov 23 15:43:30 standalone container-server[128492]: Option allow_versions is deprecated. Configure the versioned_writes middleware in the proxy-server instead. This option will be ignored in a future release.
Nov 23 15:43:30 standalone container-server[128154]: Started child 21 from parent 2
Nov 23 15:43:30 standalone container-server[128504]: Option allow_versions is deprecated. Configure the versioned_writes middleware in the proxy-server instead. This option will be ignored in a future release.
Nov 23 15:43:30 standalone container-server[128154]: Started child 22 from parent 2
Nov 23 15:43:31 standalone container-server[128518]: Option allow_versions is deprecated. Configure the versioned_writes middleware in the proxy-server instead. This option will be ignored in a future release.
Nov 23 15:43:31 standalone container-server[128154]: Started child 23 from parent 2
Nov 23 15:43:31 standalone object-server[128506]: Starting 2
Nov 23 15:43:31 standalone object-server[128522]: Started child 22 from parent 2
Nov 23 15:43:31 standalone object-server[128522]: Started child 23 from parent 2
Nov 23 15:43:31 standalone object-expirer[128529]: Starting 2
Nov 23 15:43:31 standalone object-expirer[128529]: Option auto_create_account_prefix is deprecated. Configure auto_create_account_prefix under the swift-constraints section of swift.conf. This option will be ignored in a future release.
Nov 23 15:43:31 standalone object-server[128522]: Started child 24 from parent 2
Nov 23 15:43:31 standalone object-server[128522]: Started child 25 from parent 2
Nov 23 15:43:38 standalone proxy-server[130548]: Starting Keystone auth_token middleware
Nov 23 15:43:38 standalone proxy-server[130548]: AuthToken middleware is set with keystone_authtoken.service_token_roles_required set to False. This is backwards compatible but deprecated behaviour. Please set this to True.
Nov 23 15:43:38 standalone proxy-server[130696]: Starting Keystone auth_token middleware
Nov 23 15:43:38 standalone proxy-server[130696]: STDERR: The option "bind_port" is not known to keystonemiddleware
Nov 23 15:43:38 standalone proxy-server[130696]: STDERR: The option "workers" is not known to keystonemiddleware
Nov 23 15:43:38 standalone proxy-server[130696]: STDERR: The option "user" is not known to keystonemiddleware
Nov 23 15:43:38 standalone proxy-server[130696]: STDERR: The option "bind_ip" is not known to keystonemiddleware
Nov 23 15:43:38 standalone proxy-server[130696]: STDERR: The option "log_name" is not known to keystonemiddleware
Nov 23 15:43:38 standalone proxy-server[130696]: STDERR: The option "log_facility" is not known to keystonemiddleware
Nov 23 15:43:38 standalone proxy-server[130696]: STDERR: The option "log_level" is not known to keystonemiddleware
Nov 23 15:43:38 standalone proxy-server[130696]: STDERR: The option "log_headers" is not known to keystonemiddleware
Nov 23 15:43:38 standalone proxy-server[130696]: STDERR: The option "log_address" is not known to keystonemiddleware
Nov 23 15:43:38 standalone proxy-server[130696]: STDERR: The option "project_name" is not known to keystonemiddleware
Nov 23 15:43:38 standalone proxy-server[130696]: STDERR: The option "username" is not known to keystonemiddleware
Nov 23 15:43:38 standalone proxy-server[130696]: STDERR: The option "password" is not known to keystonemiddleware
Nov 23 15:43:38 standalone proxy-server[130696]: STDERR: The option "auth_url" is not known to keystonemiddleware
Nov 23 15:43:38 standalone proxy-server[130696]: STDERR: The option "signing_dir" is not known to keystonemiddleware
Nov 23 15:43:38 standalone proxy-server[130696]: STDERR: The option "project_domain_id" is not known to keystonemiddleware
Nov 23 15:43:38 standalone proxy-server[130696]: STDERR: The option "user_domain_id" is not known to keystonemiddleware
Nov 23 15:43:38 standalone proxy-server[130696]: STDERR: The option "__name__" is not known to keystonemiddleware
Nov 23 15:43:38 standalone proxy-server[130696]: AuthToken middleware is set with keystone_authtoken.service_token_roles_required set to False. This is backwards compatible but deprecated behaviour. Please set this to True.
Nov 23 15:43:38 standalone proxy-server[130548]: Started child 12 from parent 2
Nov 23 15:44:32 standalone object-server[128506]: Begin object update sweep
Nov 23 15:44:32 standalone object-server[136688]: Object update sweep starting on /srv/node/d1 (pid: 11)
Nov 23 15:44:32 standalone object-server[136688]: Object update sweep completed on /srv/node/d1 in 0.00s seconds:, 0 successes, 0 failures, 0 quarantines, 0 unlinks, 0 errors, 0 redirects (pid: 11)
Nov 23 15:44:32 standalone object-server[136688]: Object update sweep of d1 completed: 0.00s, 0 successes, 0 failures, 0 quarantines, 0 unlinks, 0 errors, 0 redirects
Nov 23 15:44:32 standalone object-server[128506]: Object update sweep completed: 0.09s
Nov 23 15:45:46 standalone account-server[128463]: 172.20.0.100 - - [23/Nov/2025:15:45:46 +0000] "HEAD /d1/646/.expiring_objects" 404 - "HEAD http://localhost/v1/.expiring_objects?format=json" "tx4b393d0973c44ed08e6bd-0069232c2a" "proxy-server 2" 0.0012 "-" 20 -
Nov 23 15:45:46 standalone object-expirer[128529]: Pass completed in 0s; 0 objects expired (txn: tx4b393d0973c44ed08e6bd-0069232c2a)
Nov 23 15:46:20 standalone container-server[128208]: Begin container update sweep
Nov 23 15:46:20 standalone container-server[128208]: Container update sweep completed: 0.00s
Nov 23 15:49:32 standalone object-server[128506]: Begin object update sweep
Nov 23 15:49:32 standalone object-server[173242]: Object update sweep starting on /srv/node/d1 (pid: 13)
Nov 23 15:49:32 standalone object-server[173242]: Object update sweep completed on /srv/node/d1 in 0.00s seconds:, 0 successes, 0 failures, 0 quarantines, 0 unlinks, 0 errors, 0 redirects (pid: 13)
Nov 23 15:49:32 standalone object-server[173242]: Object update sweep of d1 completed: 0.00s, 0 successes, 0 failures, 0 quarantines, 0 unlinks, 0 errors, 0 redirects
Nov 23 15:49:32 standalone object-server[128506]: Object update sweep completed: 0.10s
Nov 23 15:50:23 standalone account-server[128463]: 172.20.0.100 - - [23/Nov/2025:15:50:23 +0000] "HEAD /d1/646/.expiring_objects" 404 - "HEAD http://localhost/v1/.expiring_objects?format=json" "tx018f369ed7e541cb9675b-0069232d3f" "proxy-server 2" 0.0009 "-" 20 -
Nov 23 15:50:23 standalone object-expirer[128529]: Pass completed in 0s; 0 objects expired (txn: tx018f369ed7e541cb9675b-0069232d3f)
Nov 23 15:51:20 standalone container-server[128208]: Begin container update sweep
Nov 23 15:51:20 standalone container-server[128208]: Container update sweep completed: 0.00s
Nov 23 15:54:32 standalone object-server[128506]: Begin object update sweep
Nov 23 15:54:32 standalone object-server[214230]: Object update sweep starting on /srv/node/d1 (pid: 14)
Nov 23 15:54:32 standalone object-server[214230]: Object update sweep completed on /srv/node/d1 in 0.00s seconds:, 0 successes, 0 failures, 0 quarantines, 0 unlinks, 0 errors, 0 redirects (pid: 14)
Nov 23 15:54:32 standalone object-server[214230]: Object update sweep of d1 completed: 0.00s, 0 successes, 0 failures, 0 quarantines, 0 unlinks, 0 errors, 0 redirects
Nov 23 15:54:32 standalone object-server[128506]: Object update sweep completed: 0.09s
Nov 23 15:55:00 standalone account-server[128463]: 172.20.0.100 - - [23/Nov/2025:15:55:00 +0000] "HEAD /d1/646/.expiring_objects" 404 - "HEAD http://localhost/v1/.expiring_objects?format=json" "tx624f7ee5d80645389f611-0069232e54" "proxy-server 2" 0.0012 "-" 20 -
Nov 23 15:55:00 standalone object-expirer[128529]: Pass completed in 0s; 0 objects expired (txn: tx624f7ee5d80645389f611-0069232e54)
Nov 23 15:55:58 standalone account-server[128469]: 172.20.0.100 - - [23/Nov/2025:15:55:58 +0000] "HEAD /d1/262/AUTH_a41edf9686e34385aeb056c2b0bb95ef" 404 - "HEAD http://172.18.0.2:8080/v1/AUTH_a41edf9686e34385aeb056c2b0bb95ef?format=json" "tx60e489d9cc3a45e2ac999-0069232e8e" "proxy-server 12" 0.0016 "-" 21 -
Nov 23 15:55:58 standalone proxy-server[130696]: - - 23/Nov/2025/15/55/58 HEAD /v1/AUTH_a41edf9686e34385aeb056c2b0bb95ef%3Fformat%3Djson HTTP/1.0 200 - Swift - - - - tx60e489d9cc3a45e2ac999-0069232e8e - 0.0090 RL - 1763913358.128159046 1763913358.137184620 -
Nov 23 15:55:58 standalone object-server[128675]: 172.20.0.100 - - [23/Nov/2025:15:55:58 +0000] "GET /d1/721/AUTH_a41edf9686e34385aeb056c2b0bb95ef/gnocchi.25048037-3a84-433f-8acd-b54cce5c1cba/none_v3" 404 70 "GET http://172.18.0.2:8080/v1/AUTH_a41edf9686e34385aeb056c2b0bb95ef/gnocchi.25048037-3a84-433f-8acd-b54cce5c1cba/none_v3" "tx60e489d9cc3a45e2ac999-0069232e8e" "proxy-server 12" 0.0014 "-" 25 0
Nov 23 15:55:58 standalone proxy-server[130696]: 172.18.0.2 172.18.0.100 23/Nov/2025/15/55/58 GET /v1/AUTH_a41edf9686e34385aeb056c2b0bb95ef/gnocchi.25048037-3a84-433f-8acd-b54cce5c1cba/none_v3 HTTP/1.0 404 - python-swiftclient-3.11.1 gAAAAABpIy6O5uAY... - 70 - tx60e489d9cc3a45e2ac999-0069232e8e - 0.3886 - - 1763913358.124480724 1763913358.513036966 0
Nov 23 15:55:58 standalone account-server[128469]: 172.20.0.100 - - [23/Nov/2025:15:55:58 +0000] "PUT /d1/262/AUTH_a41edf9686e34385aeb056c2b0bb95ef" 201 - "-" "txbab044e55ecd41f5862ed-0069232e8e" "-" 0.0189 "-" 21 -
Nov 23 15:55:58 standalone proxy-server[130696]: autocreate account '/AUTH_a41edf9686e34385aeb056c2b0bb95ef' (txn: txbab044e55ecd41f5862ed-0069232e8e)
Nov 23 15:55:58 standalone account-server[128469]: 172.20.0.100 - - [23/Nov/2025:15:55:58 +0000] "HEAD /d1/262/AUTH_a41edf9686e34385aeb056c2b0bb95ef" 204 - "HEAD http://172.18.0.2:8080/v1/AUTH_a41edf9686e34385aeb056c2b0bb95ef?format=json" "txbab044e55ecd41f5862ed-0069232e8e" "proxy-server 12" 0.0019 "-" 21 -
Nov 23 15:55:58 standalone account-server[128469]: 172.20.0.100 - - [23/Nov/2025:15:55:58 +0000] "PUT /d1/262/AUTH_a41edf9686e34385aeb056c2b0bb95ef/gnocchi.25048037-3a84-433f-8acd-b54cce5c1cba" 201 - "PUT http://172.20.0.100:6001/d1/970/AUTH_a41edf9686e34385aeb056c2b0bb95ef/gnocchi.25048037-3a84-433f-8acd-b54cce5c1cba" "txbab044e55ecd41f5862ed-0069232e8e" "container-server 22" 0.0016 "-" 21 0
Nov 23 15:55:58 standalone container-server[128504]: 172.20.0.100 - - [23/Nov/2025:15:55:58 +0000] "PUT /d1/970/AUTH_a41edf9686e34385aeb056c2b0bb95ef/gnocchi.25048037-3a84-433f-8acd-b54cce5c1cba" 201 - "PUT http://172.18.0.2:8080/v1/AUTH_a41edf9686e34385aeb056c2b0bb95ef/gnocchi.25048037-3a84-433f-8acd-b54cce5c1cba" "txbab044e55ecd41f5862ed-0069232e8e" "proxy-server 12" 0.0191 "-" 22 0
Nov 23 15:55:58 standalone proxy-server[130696]: 172.18.0.2 172.18.0.100 23/Nov/2025/15/55/58 PUT /v1/AUTH_a41edf9686e34385aeb056c2b0bb95ef/gnocchi.25048037-3a84-433f-8acd-b54cce5c1cba HTTP/1.0 201 - python-swiftclient-3.11.1 gAAAAABpIy6O5uAY... - - - txbab044e55ecd41f5862ed-0069232e8e - 0.0567 - - 1763913358.517745495 1763913358.574441433 0
Nov 23 15:55:58 standalone container-server[128504]: 172.20.0.100 - - [23/Nov/2025:15:55:58 +0000] "HEAD /d1/970/AUTH_a41edf9686e34385aeb056c2b0bb95ef/gnocchi.25048037-3a84-433f-8acd-b54cce5c1cba" 204 - "HEAD http://172.18.0.2:8080/v1/AUTH_a41edf9686e34385aeb056c2b0bb95ef/gnocchi.25048037-3a84-433f-8acd-b54cce5c1cba?format=json&states=listing" "tx54a4a0d8c01d46e0a93f3-0069232e8e" "proxy-server 12" 0.0041 "-" 22 0
Nov 23 15:55:58 standalone proxy-server[130696]: - - 23/Nov/2025/15/55/58 HEAD /v1/AUTH_a41edf9686e34385aeb056c2b0bb95ef/gnocchi.25048037-3a84-433f-8acd-b54cce5c1cba%3Fformat%3Djson%26states%3Dlisting HTTP/1.0 204 - Swift - - - - tx54a4a0d8c01d46e0a93f3-0069232e8e - 0.0096 RL - 1763913358.581465006 1763913358.591054916 0
Nov 23 15:55:58 standalone container-server[128492]: 172.20.0.100 - - [23/Nov/2025:15:55:58 +0000] "GET /d1/970/AUTH_a41edf9686e34385aeb056c2b0bb95ef/gnocchi.25048037-3a84-433f-8acd-b54cce5c1cba" 200 2 "GET http://172.18.0.2:8080/v1/AUTH_a41edf9686e34385aeb056c2b0bb95ef/gnocchi.25048037-3a84-433f-8acd-b54cce5c1cba?format=json&states=listing" "tx54a4a0d8c01d46e0a93f3-0069232e8e" "proxy-server 12" 0.0031 "-" 21 0
Nov 23 15:55:58 standalone proxy-server[130696]: 172.18.0.2 172.18.0.100 23/Nov/2025/15/55/58 GET /v1/AUTH_a41edf9686e34385aeb056c2b0bb95ef/gnocchi.25048037-3a84-433f-8acd-b54cce5c1cba%3Fformat%3Djson%26states%3Dlisting HTTP/1.0 200 - python-swiftclient-3.11.1 gAAAAABpIy6O5uAY... - 2 - tx54a4a0d8c01d46e0a93f3-0069232e8e - 0.0225 - - 1763913358.579754591 1763913358.602255821 0
Nov 23 15:55:58 standalone object-server[128646]: 172.20.0.100 - - [23/Nov/2025:15:55:58 +0000] "GET /d1/358/AUTH_a41edf9686e34385aeb056c2b0bb95ef/gnocchi.25048037-3a84-433f-8acd-b54cce5c1cba/1763640000.0_mean_300.0_v3" 404 70 "GET http://172.18.0.2:8080/v1/AUTH_a41edf9686e34385aeb056c2b0bb95ef/gnocchi.25048037-3a84-433f-8acd-b54cce5c1cba/1763640000.0_mean_300.0_v3" "tx22dd0622382844528ea79-0069232e8e" "proxy-server 12" 0.0011 "-" 22 0
Nov 23 15:55:58 standalone proxy-server[130696]: 172.18.0.2 172.18.0.100 23/Nov/2025/15/55/58 GET /v1/AUTH_a41edf9686e34385aeb056c2b0bb95ef/gnocchi.25048037-3a84-433f-8acd-b54cce5c1cba/1763640000.0_mean_300.0_v3 HTTP/1.0 404 - python-swiftclient-3.11.1 gAAAAABpIy6O5uAY... - 70 - tx22dd0622382844528ea79-0069232e8e - 0.0093 - - 1763913358.608226538 1763913358.617539406 0
Nov 23 15:55:58 standalone container-server[128518]: 172.20.0.100 - - [23/Nov/2025:15:55:58 +0000] "PUT /d1/970/AUTH_a41edf9686e34385aeb056c2b0bb95ef/gnocchi.25048037-3a84-433f-8acd-b54cce5c1cba/1763640000.0_mean_300.0_v3" 201 - "PUT http://172.18.0.2:8080/d1/358/AUTH_a41edf9686e34385aeb056c2b0bb95ef/gnocchi.25048037-3a84-433f-8acd-b54cce5c1cba/1763640000.0_mean_300.0_v3" "txc66f2a8d3877409f9c706-0069232e8e" "object-server 22" 0.0015 "-" 23 0
Nov 23 15:55:58 standalone object-server[128646]: 172.20.0.100 - - [23/Nov/2025:15:55:58 +0000] "PUT /d1/358/AUTH_a41edf9686e34385aeb056c2b0bb95ef/gnocchi.25048037-3a84-433f-8acd-b54cce5c1cba/1763640000.0_mean_300.0_v3" 201 - "PUT http://172.18.0.2:8080/v1/AUTH_a41edf9686e34385aeb056c2b0bb95ef/gnocchi.25048037-3a84-433f-8acd-b54cce5c1cba/1763640000.0_mean_300.0_v3" "txc66f2a8d3877409f9c706-0069232e8e" "proxy-server 12" 0.0352 "-" 22 0
Nov 23 15:55:58 standalone proxy-server[130696]: 172.18.0.2 172.18.0.100 23/Nov/2025/15/55/58 PUT /v1/AUTH_a41edf9686e34385aeb056c2b0bb95ef/gnocchi.25048037-3a84-433f-8acd-b54cce5c1cba/1763640000.0_mean_300.0_v3 HTTP/1.0 201 - python-swiftclient-3.11.1 gAAAAABpIy6O5uAY... 16 - - txc66f2a8d3877409f9c706-0069232e8e - 0.0432 - - 1763913358.621876001 1763913358.665065289 0
Nov 23 15:55:58 standalone container-server[128518]: 172.20.0.100 - - [23/Nov/2025:15:55:58 +0000] "PUT /d1/970/AUTH_a41edf9686e34385aeb056c2b0bb95ef/gnocchi.25048037-3a84-433f-8acd-b54cce5c1cba/none_v3" 201 - "PUT http://172.18.0.2:8080/d1/721/AUTH_a41edf9686e34385aeb056c2b0bb95ef/gnocchi.25048037-3a84-433f-8acd-b54cce5c1cba/none_v3" "txd0ae0090e7ca4bddbe9c6-0069232e8e" "object-server 22" 0.0011 "-" 23 0
Nov 23 15:55:58 standalone object-server[128646]: 172.20.0.100 - - [23/Nov/2025:15:55:58 +0000] "PUT /d1/721/AUTH_a41edf9686e34385aeb056c2b0bb95ef/gnocchi.25048037-3a84-433f-8acd-b54cce5c1cba/none_v3" 201 - "PUT http://172.18.0.2:8080/v1/AUTH_a41edf9686e34385aeb056c2b0bb95ef/gnocchi.25048037-3a84-433f-8acd-b54cce5c1cba/none_v3" "txd0ae0090e7ca4bddbe9c6-0069232e8e" "proxy-server 12" 0.0124 "-" 22 0
Nov 23 15:55:58 standalone proxy-server[130696]: 172.18.0.2 172.18.0.100 23/Nov/2025/15/55/58 PUT /v1/AUTH_a41edf9686e34385aeb056c2b0bb95ef/gnocchi.25048037-3a84-433f-8acd-b54cce5c1cba/none_v3 HTTP/1.0 201 - python-swiftclient-3.11.1 gAAAAABpIy6O5uAY... 22 - - txd0ae0090e7ca4bddbe9c6-0069232e8e - 0.0201 - - 1763913358.668685913 1763913358.688824654 0
Nov 23 15:56:20 standalone container-server[128208]: Begin container update sweep
Nov 23 15:56:20 standalone account-server[128469]: 172.20.0.100 - - [23/Nov/2025:15:56:20 +0000] "PUT /d1/262/AUTH_a41edf9686e34385aeb056c2b0bb95ef/gnocchi.25048037-3a84-433f-8acd-b54cce5c1cba" 201 - "-" "-" "container-updater 2" 0.0011 "-" 21 0
Nov 23 15:56:20 standalone container-server[128208]: Container update sweep completed: 0.10s
Nov 23 15:56:27 standalone object-server[128666]: 172.20.0.100 - - [23/Nov/2025:15:56:27 +0000] "GET /d1/721/AUTH_a41edf9686e34385aeb056c2b0bb95ef/gnocchi.25048037-3a84-433f-8acd-b54cce5c1cba/none_v3" 200 22 "GET http://172.18.0.2:8080/v1/AUTH_a41edf9686e34385aeb056c2b0bb95ef/gnocchi.25048037-3a84-433f-8acd-b54cce5c1cba/none_v3" "tx0644b3a803014706b0700-0069232eab" "proxy-server 12" 0.0017 "-" 24 0
Nov 23 15:56:27 standalone proxy-server[130696]: 172.18.0.2 172.18.0.100 23/Nov/2025/15/56/27 GET /v1/AUTH_a41edf9686e34385aeb056c2b0bb95ef/gnocchi.25048037-3a84-433f-8acd-b54cce5c1cba/none_v3 HTTP/1.0 200 - python-swiftclient-3.11.1 gAAAAABpIy6O5uAY... - 22 - tx0644b3a803014706b0700-0069232eab - 0.0171 - - 1763913387.781644821 1763913387.798788309 0
Nov 23 15:56:27 standalone container-server[128484]: 172.20.0.100 - - [23/Nov/2025:15:56:27 +0000] "GET /d1/970/AUTH_a41edf9686e34385aeb056c2b0bb95ef/gnocchi.25048037-3a84-433f-8acd-b54cce5c1cba" 200 357 "GET http://172.18.0.2:8080/v1/AUTH_a41edf9686e34385aeb056c2b0bb95ef/gnocchi.25048037-3a84-433f-8acd-b54cce5c1cba?format=json&states=listing" "txcfaac8008a6e422da3f46-0069232eab" "proxy-server 12" 0.0035 "-" 20 0
Nov 23 15:56:27 standalone proxy-server[130696]: 172.18.0.2 172.18.0.100 23/Nov/2025/15/56/27 GET /v1/AUTH_a41edf9686e34385aeb056c2b0bb95ef/gnocchi.25048037-3a84-433f-8acd-b54cce5c1cba%3Fformat%3Djson%26states%3Dlisting HTTP/1.0 200 - python-swiftclient-3.11.1 gAAAAABpIy6O5uAY... - 357 - txcfaac8008a6e422da3f46-0069232eab - 0.0129 - - 1763913387.803863049 1763913387.816720724 0
Nov 23 15:56:27 standalone container-server[128492]: 172.20.0.100 - - [23/Nov/2025:15:56:27 +0000] "GET /d1/970/AUTH_a41edf9686e34385aeb056c2b0bb95ef/gnocchi.25048037-3a84-433f-8acd-b54cce5c1cba" 200 2 "GET http://172.18.0.2:8080/v1/AUTH_a41edf9686e34385aeb056c2b0bb95ef/gnocchi.25048037-3a84-433f-8acd-b54cce5c1cba?format=json&marker=none_v3&states=listing" "tx51414f90a2294066ac763-0069232eab" "proxy-server 12" 0.0037 "-" 21 0
Nov 23 15:56:27 standalone proxy-server[130696]: 172.18.0.2 172.18.0.100 23/Nov/2025/15/56/27 GET /v1/AUTH_a41edf9686e34385aeb056c2b0bb95ef/gnocchi.25048037-3a84-433f-8acd-b54cce5c1cba%3Fformat%3Djson%26marker%3Dnone_v3%26states%3Dlisting HTTP/1.0 200 - python-swiftclient-3.11.1 gAAAAABpIy6O5uAY... - 2 - tx51414f90a2294066ac763-0069232eab - 0.0137 - - 1763913387.820487976 1763913387.834146023 0
Nov 23 15:56:27 standalone object-server[128661]: 172.20.0.100 - - [23/Nov/2025:15:56:27 +0000] "GET /d1/358/AUTH_a41edf9686e34385aeb056c2b0bb95ef/gnocchi.25048037-3a84-433f-8acd-b54cce5c1cba/1763640000.0_mean_300.0_v3" 200 16 "GET http://172.18.0.2:8080/v1/AUTH_a41edf9686e34385aeb056c2b0bb95ef/gnocchi.25048037-3a84-433f-8acd-b54cce5c1cba/1763640000.0_mean_300.0_v3" "tx61519749b4ed4a30bccb2-0069232eab" "proxy-server 12" 0.0012 "-" 23 0
Nov 23 15:56:27 standalone proxy-server[130696]: 172.18.0.2 172.18.0.100 23/Nov/2025/15/56/27 GET /v1/AUTH_a41edf9686e34385aeb056c2b0bb95ef/gnocchi.25048037-3a84-433f-8acd-b54cce5c1cba/1763640000.0_mean_300.0_v3 HTTP/1.0 200 - python-swiftclient-3.11.1 gAAAAABpIy6O5uAY... - 16 - tx61519749b4ed4a30bccb2-0069232eab - 0.0123 - - 1763913387.838724852 1763913387.851021290 0
Nov 23 15:56:27 standalone container-server[128504]: 172.20.0.100 - - [23/Nov/2025:15:56:27 +0000] "PUT /d1/970/AUTH_a41edf9686e34385aeb056c2b0bb95ef/gnocchi.25048037-3a84-433f-8acd-b54cce5c1cba/1763640000.0_mean_300.0_v3" 201 - "PUT http://172.18.0.2:8080/d1/358/AUTH_a41edf9686e34385aeb056c2b0bb95ef/gnocchi.25048037-3a84-433f-8acd-b54cce5c1cba/1763640000.0_mean_300.0_v3" "txdeb27590a7994974bdd74-0069232eab" "object-server 23" 0.0010 "-" 22 0
Nov 23 15:56:27 standalone object-server[128661]: 172.20.0.100 - - [23/Nov/2025:15:56:27 +0000] "PUT /d1/358/AUTH_a41edf9686e34385aeb056c2b0bb95ef/gnocchi.25048037-3a84-433f-8acd-b54cce5c1cba/1763640000.0_mean_300.0_v3" 201 - "PUT http://172.18.0.2:8080/v1/AUTH_a41edf9686e34385aeb056c2b0bb95ef/gnocchi.25048037-3a84-433f-8acd-b54cce5c1cba/1763640000.0_mean_300.0_v3" "txdeb27590a7994974bdd74-0069232eab" "proxy-server 12" 0.0459 "-" 23 0
Nov 23 15:56:27 standalone proxy-server[130696]: 172.18.0.2 172.18.0.100 23/Nov/2025/15/56/27 PUT /v1/AUTH_a41edf9686e34385aeb056c2b0bb95ef/gnocchi.25048037-3a84-433f-8acd-b54cce5c1cba/1763640000.0_mean_300.0_v3 HTTP/1.0 201 - python-swiftclient-3.11.1 gAAAAABpIy6O5uAY... 16 - - txdeb27590a7994974bdd74-0069232eab - 0.0512 - - 1763913387.854038239 1763913387.905267000 0
Nov 23 15:56:27 standalone container-server[128492]: 172.20.0.100 - - [23/Nov/2025:15:56:27 +0000] "PUT /d1/970/AUTH_a41edf9686e34385aeb056c2b0bb95ef/gnocchi.25048037-3a84-433f-8acd-b54cce5c1cba/none_v3" 201 - "PUT http://172.18.0.2:8080/d1/721/AUTH_a41edf9686e34385aeb056c2b0bb95ef/gnocchi.25048037-3a84-433f-8acd-b54cce5c1cba/none_v3" "tx83c24c84bee14b79989f7-0069232eab" "object-server 23" 0.0011 "-" 21 0
Nov 23 15:56:27 standalone object-server[128661]: 172.20.0.100 - - [23/Nov/2025:15:56:27 +0000] "PUT /d1/721/AUTH_a41edf9686e34385aeb056c2b0bb95ef/gnocchi.25048037-3a84-433f-8acd-b54cce5c1cba/none_v3" 201 - "PUT http://172.18.0.2:8080/v1/AUTH_a41edf9686e34385aeb056c2b0bb95ef/gnocchi.25048037-3a84-433f-8acd-b54cce5c1cba/none_v3" "tx83c24c84bee14b79989f7-0069232eab" "proxy-server 12" 0.0209 "-" 23 0
Nov 23 15:56:27 standalone proxy-server[130696]: 172.18.0.2 172.18.0.100 23/Nov/2025/15/56/27 PUT /v1/AUTH_a41edf9686e34385aeb056c2b0bb95ef/gnocchi.25048037-3a84-433f-8acd-b54cce5c1cba/none_v3 HTTP/1.0 201 - python-swiftclient-3.11.1 gAAAAABpIy6O5uAY... 32 - - tx83c24c84bee14b79989f7-0069232eab - 0.0283 - - 1763913387.907892466 1763913387.936238766 0
Nov 23 15:56:58 standalone account-server[128463]: 172.20.0.100 - - [23/Nov/2025:15:56:58 +0000] "HEAD /d1/262/AUTH_a41edf9686e34385aeb056c2b0bb95ef" 204 - "HEAD http://172.18.0.2:8080/v1/AUTH_a41edf9686e34385aeb056c2b0bb95ef?format=json" "tx8e4e0c9316814b6dba7d7-0069232eca" "proxy-server 12" 0.0063 "-" 20 -
Nov 23 15:56:58 standalone proxy-server[130696]: - - 23/Nov/2025/15/56/58 HEAD /v1/AUTH_a41edf9686e34385aeb056c2b0bb95ef%3Fformat%3Djson HTTP/1.0 204 - Swift - - - - tx8e4e0c9316814b6dba7d7-0069232eca - 0.0119 RL - 1763913418.412582874 1763913418.424448013 -
Nov 23 15:56:58 standalone container-server[128492]: 172.20.0.100 - - [23/Nov/2025:15:56:58 +0000] "HEAD /d1/119/AUTH_a41edf9686e34385aeb056c2b0bb95ef/gnocchi.0b80424c-0d65-4cc4-80be-054fde175402" 404 - "HEAD http://172.18.0.2:8080/v1/AUTH_a41edf9686e34385aeb056c2b0bb95ef/gnocchi.0b80424c-0d65-4cc4-80be-054fde175402?format=json&states=listing" "tx8e4e0c9316814b6dba7d7-0069232eca" "proxy-server 12" 0.0009 "-" 21 0
Nov 23 15:56:58 standalone object-server[128666]: 172.20.0.100 - - [23/Nov/2025:15:56:58 +0000] "GET /d1/967/AUTH_a41edf9686e34385aeb056c2b0bb95ef/gnocchi.0b80424c-0d65-4cc4-80be-054fde175402/none_v3" 404 70 "GET http://172.18.0.2:8080/v1/AUTH_a41edf9686e34385aeb056c2b0bb95ef/gnocchi.0b80424c-0d65-4cc4-80be-054fde175402/none_v3" "tx8e4e0c9316814b6dba7d7-0069232eca" "proxy-server 12" 0.0010 "-" 24 0
Nov 23 15:56:58 standalone proxy-server[130696]: 172.18.0.2 172.18.0.100 23/Nov/2025/15/56/58 GET /v1/AUTH_a41edf9686e34385aeb056c2b0bb95ef/gnocchi.0b80424c-0d65-4cc4-80be-054fde175402/none_v3 HTTP/1.0 404 - python-swiftclient-3.11.1 gAAAAABpIy6O5uAY... - 70 - tx8e4e0c9316814b6dba7d7-0069232eca - 0.0308 - - 1763913418.411714554 1763913418.442511082 0
Nov 23 15:56:58 standalone account-server[128469]: 172.20.0.100 - - [23/Nov/2025:15:56:58 +0000] "PUT /d1/262/AUTH_a41edf9686e34385aeb056c2b0bb95ef/gnocchi.0b80424c-0d65-4cc4-80be-054fde175402" 201 - "PUT http://172.20.0.100:6001/d1/119/AUTH_a41edf9686e34385aeb056c2b0bb95ef/gnocchi.0b80424c-0d65-4cc4-80be-054fde175402" "tx8ecbb8dcadeb4f7ea45f6-0069232eca" "container-server 20" 0.0010 "-" 21 0
Nov 23 15:56:58 standalone container-server[128484]: 172.20.0.100 - - [23/Nov/2025:15:56:58 +0000] "PUT /d1/119/AUTH_a41edf9686e34385aeb056c2b0bb95ef/gnocchi.0b80424c-0d65-4cc4-80be-054fde175402" 201 - "PUT http://172.18.0.2:8080/v1/AUTH_a41edf9686e34385aeb056c2b0bb95ef/gnocchi.0b80424c-0d65-4cc4-80be-054fde175402" "tx8ecbb8dcadeb4f7ea45f6-0069232eca" "proxy-server 12" 0.0126 "-" 20 0
Nov 23 15:56:58 standalone proxy-server[130696]: 172.18.0.2 172.18.0.100 23/Nov/2025/15/56/58 PUT /v1/AUTH_a41edf9686e34385aeb056c2b0bb95ef/gnocchi.0b80424c-0d65-4cc4-80be-054fde175402 HTTP/1.0 201 - python-swiftclient-3.11.1 gAAAAABpIy6O5uAY... - - - tx8ecbb8dcadeb4f7ea45f6-0069232eca - 0.0204 - - 1763913418.448715210 1763913418.469101906 0
Nov 23 15:56:58 standalone container-server[128492]: 172.20.0.100 - - [23/Nov/2025:15:56:58 +0000] "HEAD /d1/119/AUTH_a41edf9686e34385aeb056c2b0bb95ef/gnocchi.0b80424c-0d65-4cc4-80be-054fde175402" 204 - "HEAD http://172.18.0.2:8080/v1/AUTH_a41edf9686e34385aeb056c2b0bb95ef/gnocchi.0b80424c-0d65-4cc4-80be-054fde175402?format=json&states=listing" "txb4b5ea8dc44847688c9d2-0069232eca" "proxy-server 12" 0.0024 "-" 21 0
Nov 23 15:56:58 standalone proxy-server[130696]: - - 23/Nov/2025/15/56/58 HEAD /v1/AUTH_a41edf9686e34385aeb056c2b0bb95ef/gnocchi.0b80424c-0d65-4cc4-80be-054fde175402%3Fformat%3Djson%26states%3Dlisting HTTP/1.0 204 - Swift - - - - txb4b5ea8dc44847688c9d2-0069232eca - 0.0075 RL - 1763913418.473753452 1763913418.481301308 0
Nov 23 15:56:58 standalone container-server[128484]: 172.20.0.100 - - [23/Nov/2025:15:56:58 +0000] "GET /d1/119/AUTH_a41edf9686e34385aeb056c2b0bb95ef/gnocchi.0b80424c-0d65-4cc4-80be-054fde175402" 200 2 "GET http://172.18.0.2:8080/v1/AUTH_a41edf9686e34385aeb056c2b0bb95ef/gnocchi.0b80424c-0d65-4cc4-80be-054fde175402?format=json&states=listing" "txb4b5ea8dc44847688c9d2-0069232eca" "proxy-server 12" 0.0021 "-" 20 0
Nov 23 15:56:58 standalone proxy-server[130696]: 172.18.0.2 172.18.0.100 23/Nov/2025/15/56/58 GET /v1/AUTH_a41edf9686e34385aeb056c2b0bb95ef/gnocchi.0b80424c-0d65-4cc4-80be-054fde175402%3Fformat%3Djson%26states%3Dlisting HTTP/1.0 200 - python-swiftclient-3.11.1 gAAAAABpIy6O5uAY... - 2 - txb4b5ea8dc44847688c9d2-0069232eca - 0.0193 - - 1763913418.472133398 1763913418.491480589 0
Nov 23 15:56:58 standalone object-server[128661]: 172.20.0.100 - - [23/Nov/2025:15:56:58 +0000] "GET /d1/896/AUTH_a41edf9686e34385aeb056c2b0bb95ef/gnocchi.0b80424c-0d65-4cc4-80be-054fde175402/1763640000.0_mean_300.0_v3" 404 70 "GET http://172.18.0.2:8080/v1/AUTH_a41edf9686e34385aeb056c2b0bb95ef/gnocchi.0b80424c-0d65-4cc4-80be-054fde175402/1763640000.0_mean_300.0_v3" "tx2e722177a6714d4daf27d-0069232eca" "proxy-server 12" 0.0006 "-" 23 0
Nov 23 15:56:58 standalone proxy-server[130696]: 172.18.0.2 172.18.0.100 23/Nov/2025/15/56/58 GET /v1/AUTH_a41edf9686e34385aeb056c2b0bb95ef/gnocchi.0b80424c-0d65-4cc4-80be-054fde175402/1763640000.0_mean_300.0_v3 HTTP/1.0 404 - python-swiftclient-3.11.1 gAAAAABpIy6O5uAY... - 70 - tx2e722177a6714d4daf27d-0069232eca - 0.0087 - - 1763913418.494555235 1763913418.503276587 0
Nov 23 15:56:58 standalone container-server[128492]: 172.20.0.100 - - [23/Nov/2025:15:56:58 +0000] "PUT /d1/119/AUTH_a41edf9686e34385aeb056c2b0bb95ef/gnocchi.0b80424c-0d65-4cc4-80be-054fde175402/1763640000.0_mean_300.0_v3" 201 - "PUT http://172.18.0.2:8080/d1/896/AUTH_a41edf9686e34385aeb056c2b0bb95ef/gnocchi.0b80424c-0d65-4cc4-80be-054fde175402/1763640000.0_mean_300.0_v3" "tx0c5b39faa1ca48f8bd580-0069232eca" "object-server 22" 0.0009 "-" 21 0
Nov 23 15:56:58 standalone object-server[128646]: 172.20.0.100 - - [23/Nov/2025:15:56:58 +0000] "PUT /d1/896/AUTH_a41edf9686e34385aeb056c2b0bb95ef/gnocchi.0b80424c-0d65-4cc4-80be-054fde175402/1763640000.0_mean_300.0_v3" 201 - "PUT http://172.18.0.2:8080/v1/AUTH_a41edf9686e34385aeb056c2b0bb95ef/gnocchi.0b80424c-0d65-4cc4-80be-054fde175402/1763640000.0_mean_300.0_v3" "tx0c5b39faa1ca48f8bd580-0069232eca" "proxy-server 12" 0.0110 "-" 22 0
Nov 23 15:56:58 standalone proxy-server[130696]: 172.18.0.2 172.18.0.100 23/Nov/2025/15/56/58 PUT /v1/AUTH_a41edf9686e34385aeb056c2b0bb95ef/gnocchi.0b80424c-0d65-4cc4-80be-054fde175402/1763640000.0_mean_300.0_v3 HTTP/1.0 201 - python-swiftclient-3.11.1 gAAAAABpIy6O5uAY... 16 - - tx0c5b39faa1ca48f8bd580-0069232eca - 0.0169 - - 1763913418.509860516 1763913418.526761293 0
Nov 23 15:56:58 standalone container-server[128484]: 172.20.0.100 - - [23/Nov/2025:15:56:58 +0000] "PUT /d1/119/AUTH_a41edf9686e34385aeb056c2b0bb95ef/gnocchi.0b80424c-0d65-4cc4-80be-054fde175402/none_v3" 201 - "PUT http://172.18.0.2:8080/d1/967/AUTH_a41edf9686e34385aeb056c2b0bb95ef/gnocchi.0b80424c-0d65-4cc4-80be-054fde175402/none_v3" "txff8a795d8a564701a1b9f-0069232eca" "object-server 22" 0.0005 "-" 20 0
Nov 23 15:56:58 standalone object-server[128646]: 172.20.0.100 - - [23/Nov/2025:15:56:58 +0000] "PUT /d1/967/AUTH_a41edf9686e34385aeb056c2b0bb95ef/gnocchi.0b80424c-0d65-4cc4-80be-054fde175402/none_v3" 201 - "PUT http://172.18.0.2:8080/v1/AUTH_a41edf9686e34385aeb056c2b0bb95ef/gnocchi.0b80424c-0d65-4cc4-80be-054fde175402/none_v3" "txff8a795d8a564701a1b9f-0069232eca" "proxy-server 12" 0.0085 "-" 22 0
Nov 23 15:56:58 standalone proxy-server[130696]: 172.18.0.2 172.18.0.100 23/Nov/2025/15/56/58 PUT /v1/AUTH_a41edf9686e34385aeb056c2b0bb95ef/gnocchi.0b80424c-0d65-4cc4-80be-054fde175402/none_v3 HTTP/1.0 201 - python-swiftclient-3.11.1 gAAAAABpIy6O5uAY... 22 - - txff8a795d8a564701a1b9f-0069232eca - 0.0138 - - 1763913418.529220343 1763913418.543009520 0
Nov 23 15:56:58 standalone container-server[128492]: 172.20.0.100 - - [23/Nov/2025:15:56:58 +0000] "HEAD /d1/523/AUTH_a41edf9686e34385aeb056c2b0bb95ef/gnocchi.4ee57674-12e9-4cda-9085-bf748b40117d" 404 - "HEAD http://172.18.0.2:8080/v1/AUTH_a41edf9686e34385aeb056c2b0bb95ef/gnocchi.4ee57674-12e9-4cda-9085-bf748b40117d?format=json&states=listing" "tx22819f90af704d5b98b89-0069232eca" "proxy-server 12" 0.0006 "-" 21 0
Nov 23 15:56:58 standalone object-server[128661]: 172.20.0.100 - - [23/Nov/2025:15:56:58 +0000] "GET /d1/65/AUTH_a41edf9686e34385aeb056c2b0bb95ef/gnocchi.4ee57674-12e9-4cda-9085-bf748b40117d/none_v3" 404 70 "GET http://172.18.0.2:8080/v1/AUTH_a41edf9686e34385aeb056c2b0bb95ef/gnocchi.4ee57674-12e9-4cda-9085-bf748b40117d/none_v3" "tx22819f90af704d5b98b89-0069232eca" "proxy-server 12" 0.0004 "-" 23 0
Nov 23 15:56:58 standalone proxy-server[130696]: 172.18.0.2 172.18.0.100 23/Nov/2025/15/56/58 GET /v1/AUTH_a41edf9686e34385aeb056c2b0bb95ef/gnocchi.4ee57674-12e9-4cda-9085-bf748b40117d/none_v3 HTTP/1.0 404 - python-swiftclient-3.11.1 gAAAAABpIy6O5uAY... - 70 - tx22819f90af704d5b98b89-0069232eca - 0.0108 - - 1763913418.551887989 1763913418.562727451 0
Nov 23 15:56:58 standalone account-server[128469]: 172.20.0.100 - - [23/Nov/2025:15:56:58 +0000] "PUT /d1/262/AUTH_a41edf9686e34385aeb056c2b0bb95ef/gnocchi.4ee57674-12e9-4cda-9085-bf748b40117d" 201 - "PUT http://172.20.0.100:6001/d1/523/AUTH_a41edf9686e34385aeb056c2b0bb95ef/gnocchi.4ee57674-12e9-4cda-9085-bf748b40117d" "txa7ca890e187b4c4cbae5e-0069232eca" "container-server 22" 0.0045 "-" 21 0
Nov 23 15:56:58 standalone container-server[128504]: 172.20.0.100 - - [23/Nov/2025:15:56:58 +0000] "PUT /d1/523/AUTH_a41edf9686e34385aeb056c2b0bb95ef/gnocchi.4ee57674-12e9-4cda-9085-bf748b40117d" 201 - "PUT http://172.18.0.2:8080/v1/AUTH_a41edf9686e34385aeb056c2b0bb95ef/gnocchi.4ee57674-12e9-4cda-9085-bf748b40117d" "txa7ca890e187b4c4cbae5e-0069232eca" "proxy-server 12" 0.0223 "-" 22 0
Nov 23 15:56:58 standalone proxy-server[130696]: 172.18.0.2 172.18.0.100 23/Nov/2025/15/56/58 PUT /v1/AUTH_a41edf9686e34385aeb056c2b0bb95ef/gnocchi.4ee57674-12e9-4cda-9085-bf748b40117d HTTP/1.0 201 - python-swiftclient-3.11.1 gAAAAABpIy6O5uAY... - - - txa7ca890e187b4c4cbae5e-0069232eca - 0.0274 - - 1763913418.564757824 1763913418.592171192 0
Nov 23 15:56:58 standalone container-server[128504]: 172.20.0.100 - - [23/Nov/2025:15:56:58 +0000] "HEAD /d1/523/AUTH_a41edf9686e34385aeb056c2b0bb95ef/gnocchi.4ee57674-12e9-4cda-9085-bf748b40117d" 204 - "HEAD http://172.18.0.2:8080/v1/AUTH_a41edf9686e34385aeb056c2b0bb95ef/gnocchi.4ee57674-12e9-4cda-9085-bf748b40117d?format=json&states=listing" "tx0bbe0f7024b44a619db39-0069232eca" "proxy-server 12" 0.0020 "-" 22 0
Nov 23 15:56:58 standalone proxy-server[130696]: - - 23/Nov/2025/15/56/58 HEAD /v1/AUTH_a41edf9686e34385aeb056c2b0bb95ef/gnocchi.4ee57674-12e9-4cda-9085-bf748b40117d%3Fformat%3Djson%26states%3Dlisting HTTP/1.0 204 - Swift - - - - tx0bbe0f7024b44a619db39-0069232eca - 0.0052 RL - 1763913418.595717430 1763913418.600917578 0
Nov 23 15:56:58 standalone container-server[128484]: 172.20.0.100 - - [23/Nov/2025:15:56:58 +0000] "GET /d1/523/AUTH_a41edf9686e34385aeb056c2b0bb95ef/gnocchi.4ee57674-12e9-4cda-9085-bf748b40117d" 200 2 "GET http://172.18.0.2:8080/v1/AUTH_a41edf9686e34385aeb056c2b0bb95ef/gnocchi.4ee57674-12e9-4cda-9085-bf748b40117d?format=json&states=listing" "tx0bbe0f7024b44a619db39-0069232eca" "proxy-server 12" 0.0027 "-" 20 0
Nov 23 15:56:58 standalone proxy-server[130696]: 172.18.0.2 172.18.0.100 23/Nov/2025/15/56/58 GET /v1/AUTH_a41edf9686e34385aeb056c2b0bb95ef/gnocchi.4ee57674-12e9-4cda-9085-bf748b40117d%3Fformat%3Djson%26states%3Dlisting HTTP/1.0 200 - python-swiftclient-3.11.1 gAAAAABpIy6O5uAY... - 2 - tx0bbe0f7024b44a619db39-0069232eca - 0.0145 - - 1763913418.594652414 1763913418.609161139 0
Nov 23 15:56:58 standalone object-server[128675]: 172.20.0.100 - - [23/Nov/2025:15:56:58 +0000] "GET /d1/258/AUTH_a41edf9686e34385aeb056c2b0bb95ef/gnocchi.4ee57674-12e9-4cda-9085-bf748b40117d/1763640000.0_mean_300.0_v3" 404 70 "GET http://172.18.0.2:8080/v1/AUTH_a41edf9686e34385aeb056c2b0bb95ef/gnocchi.4ee57674-12e9-4cda-9085-bf748b40117d/1763640000.0_mean_300.0_v3" "txf82cee96226e459187e9f-0069232eca" "proxy-server 12" 0.0005 "-" 25 0
Nov 23 15:56:58 standalone proxy-server[130696]: 172.18.0.2 172.18.0.100 23/Nov/2025/15/56/58 GET /v1/AUTH_a41edf9686e34385aeb056c2b0bb95ef/gnocchi.4ee57674-12e9-4cda-9085-bf748b40117d/1763640000.0_mean_300.0_v3 HTTP/1.0 404 - python-swiftclient-3.11.1 gAAAAABpIy6O5uAY... - 70 - txf82cee96226e459187e9f-0069232eca - 0.0060 - - 1763913418.611597061 1763913418.617548704 0
Nov 23 15:56:58 standalone container-server[128484]: 172.20.0.100 - - [23/Nov/2025:15:56:58 +0000] "PUT /d1/523/AUTH_a41edf9686e34385aeb056c2b0bb95ef/gnocchi.4ee57674-12e9-4cda-9085-bf748b40117d/1763640000.0_mean_300.0_v3" 201 - "PUT http://172.18.0.2:8080/d1/258/AUTH_a41edf9686e34385aeb056c2b0bb95ef/gnocchi.4ee57674-12e9-4cda-9085-bf748b40117d/1763640000.0_mean_300.0_v3" "tx609a08fdcf9c4b7ba1a22-0069232eca" "object-server 25" 0.0006 "-" 20 0
Nov 23 15:56:58 standalone object-server[128675]: 172.20.0.100 - - [23/Nov/2025:15:56:58 +0000] "PUT /d1/258/AUTH_a41edf9686e34385aeb056c2b0bb95ef/gnocchi.4ee57674-12e9-4cda-9085-bf748b40117d/1763640000.0_mean_300.0_v3" 201 - "PUT http://172.18.0.2:8080/v1/AUTH_a41edf9686e34385aeb056c2b0bb95ef/gnocchi.4ee57674-12e9-4cda-9085-bf748b40117d/1763640000.0_mean_300.0_v3" "tx609a08fdcf9c4b7ba1a22-0069232eca" "proxy-server 12" 0.0300 "-" 25 0
Nov 23 15:56:58 standalone proxy-server[130696]: 172.18.0.2 172.18.0.100 23/Nov/2025/15/56/58 PUT /v1/AUTH_a41edf9686e34385aeb056c2b0bb95ef/gnocchi.4ee57674-12e9-4cda-9085-bf748b40117d/1763640000.0_mean_300.0_v3 HTTP/1.0 201 - python-swiftclient-3.11.1 gAAAAABpIy6O5uAY... 16 - - tx609a08fdcf9c4b7ba1a22-0069232eca - 0.0359 - - 1763913418.619714737 1763913418.655641317 0
Nov 23 15:56:58 standalone container-server[128492]: 172.20.0.100 - - [23/Nov/2025:15:56:58 +0000] "PUT /d1/523/AUTH_a41edf9686e34385aeb056c2b0bb95ef/gnocchi.4ee57674-12e9-4cda-9085-bf748b40117d/none_v3" 201 - "PUT http://172.18.0.2:8080/d1/65/AUTH_a41edf9686e34385aeb056c2b0bb95ef/gnocchi.4ee57674-12e9-4cda-9085-bf748b40117d/none_v3" "txc82f6fb9b69e46678cd96-0069232eca" "object-server 22" 0.0008 "-" 21 0
Nov 23 15:56:58 standalone object-server[128646]: 172.20.0.100 - - [23/Nov/2025:15:56:58 +0000] "PUT /d1/65/AUTH_a41edf9686e34385aeb056c2b0bb95ef/gnocchi.4ee57674-12e9-4cda-9085-bf748b40117d/none_v3" 201 - "PUT http://172.18.0.2:8080/v1/AUTH_a41edf9686e34385aeb056c2b0bb95ef/gnocchi.4ee57674-12e9-4cda-9085-bf748b40117d/none_v3" "txc82f6fb9b69e46678cd96-0069232eca" "proxy-server 12" 0.0118 "-" 22 0
Nov 23 15:56:58 standalone proxy-server[130696]: 172.18.0.2 172.18.0.100 23/Nov/2025/15/56/58 PUT /v1/AUTH_a41edf9686e34385aeb056c2b0bb95ef/gnocchi.4ee57674-12e9-4cda-9085-bf748b40117d/none_v3 HTTP/1.0 201 - python-swiftclient-3.11.1 gAAAAABpIy6O5uAY... 22 - - txc82f6fb9b69e46678cd96-0069232eca - 0.0181 - - 1763913418.658176661 1763913418.676282167 0
Nov 23 15:57:06 standalone container-server[128518]: 172.20.0.100 - - [23/Nov/2025:15:57:06 +0000] "HEAD /d1/487/AUTH_a41edf9686e34385aeb056c2b0bb95ef/gnocchi.a357bb10-9510-47e3-ab9b-993e84941636" 404 - "HEAD http://172.18.0.2:8080/v1/AUTH_a41edf9686e34385aeb056c2b0bb95ef/gnocchi.a357bb10-9510-47e3-ab9b-993e84941636?format=json&states=listing" "tx987e31bd0bc14751b9a38-0069232ed2" "proxy-server 12" 0.0019 "-" 23 0
Nov 23 15:57:06 standalone object-server[128675]: 172.20.0.100 - - [23/Nov/2025:15:57:06 +0000] "GET /d1/765/AUTH_a41edf9686e34385aeb056c2b0bb95ef/gnocchi.a357bb10-9510-47e3-ab9b-993e84941636/none_v3" 404 70 "GET http://172.18.0.2:8080/v1/AUTH_a41edf9686e34385aeb056c2b0bb95ef/gnocchi.a357bb10-9510-47e3-ab9b-993e84941636/none_v3" "tx987e31bd0bc14751b9a38-0069232ed2" "proxy-server 12" 0.0007 "-" 25 0
Nov 23 15:57:06 standalone proxy-server[130696]: 172.18.0.2 172.18.0.100 23/Nov/2025/15/57/06 GET /v1/AUTH_a41edf9686e34385aeb056c2b0bb95ef/gnocchi.a357bb10-9510-47e3-ab9b-993e84941636/none_v3 HTTP/1.0 404 - python-swiftclient-3.11.1 gAAAAABpIy6O5uAY... - 70 - tx987e31bd0bc14751b9a38-0069232ed2 - 0.0185 - - 1763913426.161897421 1763913426.180353642 0
Nov 23 15:57:06 standalone account-server[128472]: 172.20.0.100 - - [23/Nov/2025:15:57:06 +0000] "PUT /d1/262/AUTH_a41edf9686e34385aeb056c2b0bb95ef/gnocchi.a357bb10-9510-47e3-ab9b-993e84941636" 201 - "PUT http://172.20.0.100:6001/d1/487/AUTH_a41edf9686e34385aeb056c2b0bb95ef/gnocchi.a357bb10-9510-47e3-ab9b-993e84941636" "tx81b0e172bcc34665867c8-0069232ed2" "container-server 21" 0.0097 "-" 22 0
Nov 23 15:57:06 standalone container-server[128492]: 172.20.0.100 - - [23/Nov/2025:15:57:06 +0000] "PUT /d1/487/AUTH_a41edf9686e34385aeb056c2b0bb95ef/gnocchi.a357bb10-9510-47e3-ab9b-993e84941636" 201 - "PUT http://172.18.0.2:8080/v1/AUTH_a41edf9686e34385aeb056c2b0bb95ef/gnocchi.a357bb10-9510-47e3-ab9b-993e84941636" "tx81b0e172bcc34665867c8-0069232ed2" "proxy-server 12" 0.0266 "-" 21 0
Nov 23 15:57:06 standalone proxy-server[130696]: 172.18.0.2 172.18.0.100 23/Nov/2025/15/57/06 PUT /v1/AUTH_a41edf9686e34385aeb056c2b0bb95ef/gnocchi.a357bb10-9510-47e3-ab9b-993e84941636 HTTP/1.0 201 - python-swiftclient-3.11.1 gAAAAABpIy6O5uAY... - - - tx81b0e172bcc34665867c8-0069232ed2 - 0.0353 - - 1763913426.188110828 1763913426.223384142 0
Nov 23 15:57:06 standalone container-server[128518]: 172.20.0.100 - - [23/Nov/2025:15:57:06 +0000] "HEAD /d1/487/AUTH_a41edf9686e34385aeb056c2b0bb95ef/gnocchi.a357bb10-9510-47e3-ab9b-993e84941636" 204 - "HEAD http://172.18.0.2:8080/v1/AUTH_a41edf9686e34385aeb056c2b0bb95ef/gnocchi.a357bb10-9510-47e3-ab9b-993e84941636?format=json&states=listing" "tx230b4df4e7ab40179f6aa-0069232ed2" "proxy-server 12" 0.0032 "-" 23 0
Nov 23 15:57:06 standalone proxy-server[130696]: - - 23/Nov/2025/15/57/06 HEAD /v1/AUTH_a41edf9686e34385aeb056c2b0bb95ef/gnocchi.a357bb10-9510-47e3-ab9b-993e84941636%3Fformat%3Djson%26states%3Dlisting HTTP/1.0 204 - Swift - - - - tx230b4df4e7ab40179f6aa-0069232ed2 - 0.0141 RL - 1763913426.233283758 1763913426.247433662 0
Nov 23 15:57:06 standalone container-server[128518]: 172.20.0.100 - - [23/Nov/2025:15:57:06 +0000] "GET /d1/487/AUTH_a41edf9686e34385aeb056c2b0bb95ef/gnocchi.a357bb10-9510-47e3-ab9b-993e84941636" 200 2 "GET http://172.18.0.2:8080/v1/AUTH_a41edf9686e34385aeb056c2b0bb95ef/gnocchi.a357bb10-9510-47e3-ab9b-993e84941636?format=json&states=listing" "tx230b4df4e7ab40179f6aa-0069232ed2" "proxy-server 12" 0.0049 "-" 23 0
Nov 23 15:57:06 standalone proxy-server[130696]: 172.18.0.2 172.18.0.100 23/Nov/2025/15/57/06 GET /v1/AUTH_a41edf9686e34385aeb056c2b0bb95ef/gnocchi.a357bb10-9510-47e3-ab9b-993e84941636%3Fformat%3Djson%26states%3Dlisting HTTP/1.0 200 - python-swiftclient-3.11.1 gAAAAABpIy6O5uAY... - 2 - tx230b4df4e7ab40179f6aa-0069232ed2 - 0.0324 - - 1763913426.231459141 1763913426.263888836 0
Nov 23 15:57:06 standalone object-server[128675]: 172.20.0.100 - - [23/Nov/2025:15:57:06 +0000] "GET /d1/749/AUTH_a41edf9686e34385aeb056c2b0bb95ef/gnocchi.a357bb10-9510-47e3-ab9b-993e84941636/1763640000.0_mean_300.0_v3" 404 70 "GET http://172.18.0.2:8080/v1/AUTH_a41edf9686e34385aeb056c2b0bb95ef/gnocchi.a357bb10-9510-47e3-ab9b-993e84941636/1763640000.0_mean_300.0_v3" "txacb07dda1fc64881b6d5d-0069232ed2" "proxy-server 12" 0.0004 "-" 25 0
Nov 23 15:57:06 standalone proxy-server[130696]: 172.18.0.2 172.18.0.100 23/Nov/2025/15/57/06 GET /v1/AUTH_a41edf9686e34385aeb056c2b0bb95ef/gnocchi.a357bb10-9510-47e3-ab9b-993e84941636/1763640000.0_mean_300.0_v3 HTTP/1.0 404 - python-swiftclient-3.11.1 gAAAAABpIy6O5uAY... - 70 - txacb07dda1fc64881b6d5d-0069232ed2 - 0.0082 - - 1763913426.270936012 1763913426.279174089 0
Nov 23 15:57:06 standalone container-server[128504]: 172.20.0.100 - - [23/Nov/2025:15:57:06 +0000] "PUT /d1/487/AUTH_a41edf9686e34385aeb056c2b0bb95ef/gnocchi.a357bb10-9510-47e3-ab9b-993e84941636/1763640000.0_mean_300.0_v3" 201 - "PUT http://172.18.0.2:8080/d1/749/AUTH_a41edf9686e34385aeb056c2b0bb95ef/gnocchi.a357bb10-9510-47e3-ab9b-993e84941636/1763640000.0_mean_300.0_v3" "tx20aded38bc5041159117c-0069232ed2" "object-server 25" 0.0007 "-" 22 0
Nov 23 15:57:06 standalone object-server[128675]: 172.20.0.100 - - [23/Nov/2025:15:57:06 +0000] "PUT /d1/749/AUTH_a41edf9686e34385aeb056c2b0bb95ef/gnocchi.a357bb10-9510-47e3-ab9b-993e84941636/1763640000.0_mean_300.0_v3" 201 - "PUT http://172.18.0.2:8080/v1/AUTH_a41edf9686e34385aeb056c2b0bb95ef/gnocchi.a357bb10-9510-47e3-ab9b-993e84941636/1763640000.0_mean_300.0_v3" "tx20aded38bc5041159117c-0069232ed2" "proxy-server 12" 0.0262 "-" 25 0
Nov 23 15:57:06 standalone proxy-server[130696]: 172.18.0.2 172.18.0.100 23/Nov/2025/15/57/06 PUT /v1/AUTH_a41edf9686e34385aeb056c2b0bb95ef/gnocchi.a357bb10-9510-47e3-ab9b-993e84941636/1763640000.0_mean_300.0_v3 HTTP/1.0 201 - python-swiftclient-3.11.1 gAAAAABpIy6O5uAY... 16 - - tx20aded38bc5041159117c-0069232ed2 - 0.0398 - - 1763913426.285076141 1763913426.324894190 0
Nov 23 15:57:06 standalone container-server[128504]: 172.20.0.100 - - [23/Nov/2025:15:57:06 +0000] "PUT /d1/487/AUTH_a41edf9686e34385aeb056c2b0bb95ef/gnocchi.a357bb10-9510-47e3-ab9b-993e84941636/none_v3" 201 - "PUT http://172.18.0.2:8080/d1/765/AUTH_a41edf9686e34385aeb056c2b0bb95ef/gnocchi.a357bb10-9510-47e3-ab9b-993e84941636/none_v3" "tx32ca7d24897a45a8b635b-0069232ed2" "object-server 23" 0.0005 "-" 22 0
Nov 23 15:57:06 standalone object-server[128661]: 172.20.0.100 - - [23/Nov/2025:15:57:06 +0000] "PUT /d1/765/AUTH_a41edf9686e34385aeb056c2b0bb95ef/gnocchi.a357bb10-9510-47e3-ab9b-993e84941636/none_v3" 201 - "PUT http://172.18.0.2:8080/v1/AUTH_a41edf9686e34385aeb056c2b0bb95ef/gnocchi.a357bb10-9510-47e3-ab9b-993e84941636/none_v3" "tx32ca7d24897a45a8b635b-0069232ed2" "proxy-server 12" 0.0124 "-" 23 0
Nov 23 15:57:06 standalone proxy-server[130696]: 172.18.0.2 172.18.0.100 23/Nov/2025/15/57/06 PUT /v1/AUTH_a41edf9686e34385aeb056c2b0bb95ef/gnocchi.a357bb10-9510-47e3-ab9b-993e84941636/none_v3 HTTP/1.0 201 - python-swiftclient-3.11.1 gAAAAABpIy6O5uAY... 22 - - tx32ca7d24897a45a8b635b-0069232ed2 - 0.0344 - - 1763913426.336281776 1763913426.370729923 0
Nov 23 15:57:06 standalone container-server[128518]: 172.20.0.100 - - [23/Nov/2025:15:57:06 +0000] "HEAD /d1/125/AUTH_a41edf9686e34385aeb056c2b0bb95ef/gnocchi.4f503c5a-1af4-4978-a985-120fe244d911" 404 - "HEAD http://172.18.0.2:8080/v1/AUTH_a41edf9686e34385aeb056c2b0bb95ef/gnocchi.4f503c5a-1af4-4978-a985-120fe244d911?format=json&states=listing" "txad14d191e259438a86ba4-0069232ed2" "proxy-server 12" 0.0003 "-" 23 0
Nov 23 15:57:06 standalone object-server[128675]: 172.20.0.100 - - [23/Nov/2025:15:57:06 +0000] "GET /d1/421/AUTH_a41edf9686e34385aeb056c2b0bb95ef/gnocchi.4f503c5a-1af4-4978-a985-120fe244d911/none_v3" 404 70 "GET http://172.18.0.2:8080/v1/AUTH_a41edf9686e34385aeb056c2b0bb95ef/gnocchi.4f503c5a-1af4-4978-a985-120fe244d911/none_v3" "txad14d191e259438a86ba4-0069232ed2" "proxy-server 12" 0.0005 "-" 25 0
Nov 23 15:57:06 standalone proxy-server[130696]: 172.18.0.2 172.18.0.100 23/Nov/2025/15/57/06 GET /v1/AUTH_a41edf9686e34385aeb056c2b0bb95ef/gnocchi.4f503c5a-1af4-4978-a985-120fe244d911/none_v3 HTTP/1.0 404 - python-swiftclient-3.11.1 gAAAAABpIy6O5uAY... - 70 - txad14d191e259438a86ba4-0069232ed2 - 0.0126 - - 1763913426.402212381 1763913426.414796591 0
Nov 23 15:57:06 standalone account-server[128469]: 172.20.0.100 - - [23/Nov/2025:15:57:06 +0000] "PUT /d1/262/AUTH_a41edf9686e34385aeb056c2b0bb95ef/gnocchi.4f503c5a-1af4-4978-a985-120fe244d911" 201 - "PUT http://172.20.0.100:6001/d1/125/AUTH_a41edf9686e34385aeb056c2b0bb95ef/gnocchi.4f503c5a-1af4-4978-a985-120fe244d911" "txb489c4af325d4e61b0244-0069232ed2" "container-server 21" 0.0088 "-" 21 0
Nov 23 15:57:06 standalone container-server[128492]: 172.20.0.100 - - [23/Nov/2025:15:57:06 +0000] "PUT /d1/125/AUTH_a41edf9686e34385aeb056c2b0bb95ef/gnocchi.4f503c5a-1af4-4978-a985-120fe244d911" 201 - "PUT http://172.18.0.2:8080/v1/AUTH_a41edf9686e34385aeb056c2b0bb95ef/gnocchi.4f503c5a-1af4-4978-a985-120fe244d911" "txb489c4af325d4e61b0244-0069232ed2" "proxy-server 12" 0.0230 "-" 21 0
Nov 23 15:57:06 standalone proxy-server[130696]: 172.18.0.2 172.18.0.100 23/Nov/2025/15/57/06 PUT /v1/AUTH_a41edf9686e34385aeb056c2b0bb95ef/gnocchi.4f503c5a-1af4-4978-a985-120fe244d911 HTTP/1.0 201 - python-swiftclient-3.11.1 gAAAAABpIy6O5uAY... - - - txb489c4af325d4e61b0244-0069232ed2 - 0.0314 - - 1763913426.421137810 1763913426.452491283 0
Nov 23 15:57:06 standalone container-server[128518]: 172.20.0.100 - - [23/Nov/2025:15:57:06 +0000] "HEAD /d1/82/AUTH_a41edf9686e34385aeb056c2b0bb95ef/gnocchi.de1e347b-82d4-48f2-9ba5-07df18145e11" 404 - "HEAD http://172.18.0.2:8080/v1/AUTH_a41edf9686e34385aeb056c2b0bb95ef/gnocchi.de1e347b-82d4-48f2-9ba5-07df18145e11?format=json&states=listing" "tx84d6a3a0e7e04e2c85c80-0069232ed2" "proxy-server 12" 0.0004 "-" 23 0
Nov 23 15:57:06 standalone object-server[128675]: 172.20.0.100 - - [23/Nov/2025:15:57:06 +0000] "GET /d1/755/AUTH_a41edf9686e34385aeb056c2b0bb95ef/gnocchi.de1e347b-82d4-48f2-9ba5-07df18145e11/none_v3" 404 70 "GET http://172.18.0.2:8080/v1/AUTH_a41edf9686e34385aeb056c2b0bb95ef/gnocchi.de1e347b-82d4-48f2-9ba5-07df18145e11/none_v3" "tx84d6a3a0e7e04e2c85c80-0069232ed2" "proxy-server 12" 0.0003 "-" 25 0
Nov 23 15:57:06 standalone proxy-server[130696]: 172.18.0.2 172.18.0.100 23/Nov/2025/15/57/06 GET /v1/AUTH_a41edf9686e34385aeb056c2b0bb95ef/gnocchi.de1e347b-82d4-48f2-9ba5-07df18145e11/none_v3 HTTP/1.0 404 - python-swiftclient-3.11.1 gAAAAABpIy6O5uAY... - 70 - tx84d6a3a0e7e04e2c85c80-0069232ed2 - 0.0136 - - 1763913426.457183123 1763913426.470821142 0
Nov 23 15:57:06 standalone account-server[128472]: 172.20.0.100 - - [23/Nov/2025:15:57:06 +0000] "PUT /d1/262/AUTH_a41edf9686e34385aeb056c2b0bb95ef/gnocchi.de1e347b-82d4-48f2-9ba5-07df18145e11" 201 - "PUT http://172.20.0.100:6001/d1/82/AUTH_a41edf9686e34385aeb056c2b0bb95ef/gnocchi.de1e347b-82d4-48f2-9ba5-07df18145e11" "txd5a8c2e417004f16b445f-0069232ed2" "container-server 21" 0.0056 "-" 22 0
Nov 23 15:57:06 standalone container-server[128492]: 172.20.0.100 - - [23/Nov/2025:15:57:06 +0000] "PUT /d1/82/AUTH_a41edf9686e34385aeb056c2b0bb95ef/gnocchi.de1e347b-82d4-48f2-9ba5-07df18145e11" 201 - "PUT http://172.18.0.2:8080/v1/AUTH_a41edf9686e34385aeb056c2b0bb95ef/gnocchi.de1e347b-82d4-48f2-9ba5-07df18145e11" "txd5a8c2e417004f16b445f-0069232ed2" "proxy-server 12" 0.0240 "-" 21 0
Nov 23 15:57:06 standalone proxy-server[130696]: 172.18.0.2 172.18.0.100 23/Nov/2025/15/57/06 PUT /v1/AUTH_a41edf9686e34385aeb056c2b0bb95ef/gnocchi.de1e347b-82d4-48f2-9ba5-07df18145e11 HTTP/1.0 201 - python-swiftclient-3.11.1 gAAAAABpIy6O5uAY... - - - txd5a8c2e417004f16b445f-0069232ed2 - 0.0392 - - 1763913426.474447966 1763913426.513648748 0
Nov 23 15:57:06 standalone container-server[128504]: 172.20.0.100 - - [23/Nov/2025:15:57:06 +0000] "HEAD /d1/125/AUTH_a41edf9686e34385aeb056c2b0bb95ef/gnocchi.4f503c5a-1af4-4978-a985-120fe244d911" 204 - "HEAD http://172.18.0.2:8080/v1/AUTH_a41edf9686e34385aeb056c2b0bb95ef/gnocchi.4f503c5a-1af4-4978-a985-120fe244d911?format=json&states=listing" "tx0b8cebdcd21249dda9729-0069232ed2" "proxy-server 12" 0.0013 "-" 22 0
Nov 23 15:57:06 standalone proxy-server[130696]: - - 23/Nov/2025/15/57/06 HEAD /v1/AUTH_a41edf9686e34385aeb056c2b0bb95ef/gnocchi.4f503c5a-1af4-4978-a985-120fe244d911%3Fformat%3Djson%26states%3Dlisting HTTP/1.0 204 - Swift - - - - tx0b8cebdcd21249dda9729-0069232ed2 - 0.0082 RL - 1763913426.522511721 1763913426.530754328 0
