Nov 23 15:58:30 standalone object-server[128646]: 172.20.0.100 - - [23/Nov/2025:15:58:30 +0000] "GET /d1/643/AUTH_a41edf9686e34385aeb056c2b0bb95ef/gnocchi.97f4521e-08d5-47dc-a6bf-be296bce2a20/none_v3" 404 70 "GET http://172.18.0.2:8080/v1/AUTH_a41edf9686e34385aeb056c2b0bb95ef/gnocchi.97f4521e-08d5-47dc-a6bf-be296bce2a20/none_v3" "tx707cc7096181464886336-0069232f26" "proxy-server 12" 0.0006 "-" 22 0
Nov 23 15:58:30 standalone proxy-server[130696]: 172.18.0.2 172.18.0.100 23/Nov/2025/15/58/30 GET /v1/AUTH_a41edf9686e34385aeb056c2b0bb95ef/gnocchi.97f4521e-08d5-47dc-a6bf-be296bce2a20/none_v3 HTTP/1.0 404 - python-swiftclient-3.11.1 gAAAAABpIy6O5uAY... - 70 - tx707cc7096181464886336-0069232f26 - 0.0123 - - 1763913510.495638847 1763913510.507969141 0
Nov 23 15:58:30 standalone account-server[128472]: 172.20.0.100 - - [23/Nov/2025:15:58:30 +0000] "PUT /d1/262/AUTH_a41edf9686e34385aeb056c2b0bb95ef/gnocchi.97f4521e-08d5-47dc-a6bf-be296bce2a20" 201 - "PUT http://172.20.0.100:6001/d1/693/AUTH_a41edf9686e34385aeb056c2b0bb95ef/gnocchi.97f4521e-08d5-47dc-a6bf-be296bce2a20" "txbfd8385e47fb43bebdfa2-0069232f26" "container-server 23" 0.0053 "-" 22 0
Nov 23 15:58:30 standalone container-server[128518]: 172.20.0.100 - - [23/Nov/2025:15:58:30 +0000] "PUT /d1/693/AUTH_a41edf9686e34385aeb056c2b0bb95ef/gnocchi.97f4521e-08d5-47dc-a6bf-be296bce2a20" 201 - "PUT http://172.18.0.2:8080/v1/AUTH_a41edf9686e34385aeb056c2b0bb95ef/gnocchi.97f4521e-08d5-47dc-a6bf-be296bce2a20" "txbfd8385e47fb43bebdfa2-0069232f26" "proxy-server 12" 0.0162 "-" 23 0
Nov 23 15:58:30 standalone proxy-server[130696]: 172.18.0.2 172.18.0.100 23/Nov/2025/15/58/30 PUT /v1/AUTH_a41edf9686e34385aeb056c2b0bb95ef/gnocchi.97f4521e-08d5-47dc-a6bf-be296bce2a20 HTTP/1.0 201 - python-swiftclient-3.11.1 gAAAAABpIy6O5uAY... - - - txbfd8385e47fb43bebdfa2-0069232f26 - 0.0212 - - 1763913510.510369778 1763913510.531522751 0
Nov 23 15:58:30 standalone container-server[128504]: 172.20.0.100 - - [23/Nov/2025:15:58:30 +0000] "HEAD /d1/693/AUTH_a41edf9686e34385aeb056c2b0bb95ef/gnocchi.97f4521e-08d5-47dc-a6bf-be296bce2a20" 204 - "HEAD http://172.18.0.2:8080/v1/AUTH_a41edf9686e34385aeb056c2b0bb95ef/gnocchi.97f4521e-08d5-47dc-a6bf-be296bce2a20?format=json&states=listing" "tx3a047ec2a71249899ec0b-0069232f26" "proxy-server 12" 0.0013 "-" 22 0
Nov 23 15:58:30 standalone proxy-server[130696]: - - 23/Nov/2025/15/58/30 HEAD /v1/AUTH_a41edf9686e34385aeb056c2b0bb95ef/gnocchi.97f4521e-08d5-47dc-a6bf-be296bce2a20%3Fformat%3Djson%26states%3Dlisting HTTP/1.0 204 - Swift - - - - tx3a047ec2a71249899ec0b-0069232f26 - 0.0062 RL - 1763913510.547880411 1763913510.554038525 0
Nov 23 15:58:30 standalone container-server[128492]: 172.20.0.100 - - [23/Nov/2025:15:58:30 +0000] "GET /d1/693/AUTH_a41edf9686e34385aeb056c2b0bb95ef/gnocchi.97f4521e-08d5-47dc-a6bf-be296bce2a20" 200 2 "GET http://172.18.0.2:8080/v1/AUTH_a41edf9686e34385aeb056c2b0bb95ef/gnocchi.97f4521e-08d5-47dc-a6bf-be296bce2a20?format=json&states=listing" "tx3a047ec2a71249899ec0b-0069232f26" "proxy-server 12" 0.0020 "-" 21 0
Nov 23 15:58:30 standalone proxy-server[130696]: 172.18.0.2 172.18.0.100 23/Nov/2025/15/58/30 GET /v1/AUTH_a41edf9686e34385aeb056c2b0bb95ef/gnocchi.97f4521e-08d5-47dc-a6bf-be296bce2a20%3Fformat%3Djson%26states%3Dlisting HTTP/1.0 200 - python-swiftclient-3.11.1 gAAAAABpIy6O5uAY... - 2 - tx3a047ec2a71249899ec0b-0069232f26 - 0.0416 - - 1763913510.545568228 1763913510.587167501 0
Nov 23 15:58:30 standalone object-server[128661]: 172.20.0.100 - - [23/Nov/2025:15:58:30 +0000] "GET /d1/742/AUTH_a41edf9686e34385aeb056c2b0bb95ef/gnocchi.97f4521e-08d5-47dc-a6bf-be296bce2a20/1763640000.0_mean_300.0_v3" 404 70 "GET http://172.18.0.2:8080/v1/AUTH_a41edf9686e34385aeb056c2b0bb95ef/gnocchi.97f4521e-08d5-47dc-a6bf-be296bce2a20/1763640000.0_mean_300.0_v3" "tx8cb6194e11194ebda6b84-0069232f26" "proxy-server 12" 0.0004 "-" 23 0
Nov 23 15:58:30 standalone proxy-server[130696]: 172.18.0.2 172.18.0.100 23/Nov/2025/15/58/30 GET /v1/AUTH_a41edf9686e34385aeb056c2b0bb95ef/gnocchi.97f4521e-08d5-47dc-a6bf-be296bce2a20/1763640000.0_mean_300.0_v3 HTTP/1.0 404 - python-swiftclient-3.11.1 gAAAAABpIy6O5uAY... - 70 - tx8cb6194e11194ebda6b84-0069232f26 - 0.0082 - - 1763913510.594186306 1763913510.602371693 0
Nov 23 15:58:30 standalone container-server[128492]: 172.20.0.100 - - [23/Nov/2025:15:58:30 +0000] "PUT /d1/693/AUTH_a41edf9686e34385aeb056c2b0bb95ef/gnocchi.97f4521e-08d5-47dc-a6bf-be296bce2a20/1763640000.0_mean_300.0_v3" 201 - "PUT http://172.18.0.2:8080/d1/742/AUTH_a41edf9686e34385aeb056c2b0bb95ef/gnocchi.97f4521e-08d5-47dc-a6bf-be296bce2a20/1763640000.0_mean_300.0_v3" "tx33ac6c9d927948dea1519-0069232f26" "object-server 24" 0.0005 "-" 21 0
Nov 23 15:58:30 standalone object-server[128666]: 172.20.0.100 - - [23/Nov/2025:15:58:30 +0000] "PUT /d1/742/AUTH_a41edf9686e34385aeb056c2b0bb95ef/gnocchi.97f4521e-08d5-47dc-a6bf-be296bce2a20/1763640000.0_mean_300.0_v3" 201 - "PUT http://172.18.0.2:8080/v1/AUTH_a41edf9686e34385aeb056c2b0bb95ef/gnocchi.97f4521e-08d5-47dc-a6bf-be296bce2a20/1763640000.0_mean_300.0_v3" "tx33ac6c9d927948dea1519-0069232f26" "proxy-server 12" 0.0099 "-" 24 0
Nov 23 15:58:30 standalone proxy-server[130696]: 172.18.0.2 172.18.0.100 23/Nov/2025/15/58/30 PUT /v1/AUTH_a41edf9686e34385aeb056c2b0bb95ef/gnocchi.97f4521e-08d5-47dc-a6bf-be296bce2a20/1763640000.0_mean_300.0_v3 HTTP/1.0 201 - python-swiftclient-3.11.1 gAAAAABpIy6O5uAY... 16 - - tx33ac6c9d927948dea1519-0069232f26 - 0.0187 - - 1763913510.607207060 1763913510.625876427 0
Nov 23 15:58:30 standalone container-server[128504]: 172.20.0.100 - - [23/Nov/2025:15:58:30 +0000] "PUT /d1/693/AUTH_a41edf9686e34385aeb056c2b0bb95ef/gnocchi.97f4521e-08d5-47dc-a6bf-be296bce2a20/none_v3" 201 - "PUT http://172.18.0.2:8080/d1/643/AUTH_a41edf9686e34385aeb056c2b0bb95ef/gnocchi.97f4521e-08d5-47dc-a6bf-be296bce2a20/none_v3" "txb6b4cb41609443dbbbd0d-0069232f26" "object-server 22" 0.0008 "-" 22 0
Nov 23 15:58:30 standalone object-server[128646]: 172.20.0.100 - - [23/Nov/2025:15:58:30 +0000] "PUT /d1/643/AUTH_a41edf9686e34385aeb056c2b0bb95ef/gnocchi.97f4521e-08d5-47dc-a6bf-be296bce2a20/none_v3" 201 - "PUT http://172.18.0.2:8080/v1/AUTH_a41edf9686e34385aeb056c2b0bb95ef/gnocchi.97f4521e-08d5-47dc-a6bf-be296bce2a20/none_v3" "txb6b4cb41609443dbbbd0d-0069232f26" "proxy-server 12" 0.0104 "-" 22 0
Nov 23 15:58:30 standalone proxy-server[130696]: 172.18.0.2 172.18.0.100 23/Nov/2025/15/58/30 PUT /v1/AUTH_a41edf9686e34385aeb056c2b0bb95ef/gnocchi.97f4521e-08d5-47dc-a6bf-be296bce2a20/none_v3 HTTP/1.0 201 - python-swiftclient-3.11.1 gAAAAABpIy6O5uAY... 22 - - txb6b4cb41609443dbbbd0d-0069232f26 - 0.0196 - - 1763913510.629602194 1763913510.649173737 0
Nov 23 15:58:30 standalone container-server[128518]: 172.20.0.100 - - [23/Nov/2025:15:58:30 +0000] "HEAD /d1/436/AUTH_a41edf9686e34385aeb056c2b0bb95ef/gnocchi.9b2f2f93-704b-4537-97fd-f5e272fcef4d" 404 - "HEAD http://172.18.0.2:8080/v1/AUTH_a41edf9686e34385aeb056c2b0bb95ef/gnocchi.9b2f2f93-704b-4537-97fd-f5e272fcef4d?format=json&states=listing" "tx409a8ce6fee74bfab43a7-0069232f26" "proxy-server 12" 0.0006 "-" 23 0
Nov 23 15:58:30 standalone object-server[128661]: 172.20.0.100 - - [23/Nov/2025:15:58:30 +0000] "GET /d1/992/AUTH_a41edf9686e34385aeb056c2b0bb95ef/gnocchi.9b2f2f93-704b-4537-97fd-f5e272fcef4d/none_v3" 404 70 "GET http://172.18.0.2:8080/v1/AUTH_a41edf9686e34385aeb056c2b0bb95ef/gnocchi.9b2f2f93-704b-4537-97fd-f5e272fcef4d/none_v3" "tx409a8ce6fee74bfab43a7-0069232f26" "proxy-server 12" 0.0003 "-" 23 0
Nov 23 15:58:30 standalone proxy-server[130696]: 172.18.0.2 172.18.0.100 23/Nov/2025/15/58/30 GET /v1/AUTH_a41edf9686e34385aeb056c2b0bb95ef/gnocchi.9b2f2f93-704b-4537-97fd-f5e272fcef4d/none_v3 HTTP/1.0 404 - python-swiftclient-3.11.1 gAAAAABpIy6O5uAY... - 70 - tx409a8ce6fee74bfab43a7-0069232f26 - 0.0261 - - 1763913510.662114143 1763913510.688219070 0
Nov 23 15:58:30 standalone account-server[128475]: 172.20.0.100 - - [23/Nov/2025:15:58:30 +0000] "PUT /d1/262/AUTH_a41edf9686e34385aeb056c2b0bb95ef/gnocchi.9b2f2f93-704b-4537-97fd-f5e272fcef4d" 201 - "PUT http://172.20.0.100:6001/d1/436/AUTH_a41edf9686e34385aeb056c2b0bb95ef/gnocchi.9b2f2f93-704b-4537-97fd-f5e272fcef4d" "tx89f5b7ea8ece4d58a05bd-0069232f26" "container-server 23" 0.0058 "-" 23 0
Nov 23 15:58:30 standalone container-server[128518]: 172.20.0.100 - - [23/Nov/2025:15:58:30 +0000] "PUT /d1/436/AUTH_a41edf9686e34385aeb056c2b0bb95ef/gnocchi.9b2f2f93-704b-4537-97fd-f5e272fcef4d" 201 - "PUT http://172.18.0.2:8080/v1/AUTH_a41edf9686e34385aeb056c2b0bb95ef/gnocchi.9b2f2f93-704b-4537-97fd-f5e272fcef4d" "tx89f5b7ea8ece4d58a05bd-0069232f26" "proxy-server 12" 0.0221 "-" 23 0
Nov 23 15:58:30 standalone proxy-server[130696]: 172.18.0.2 172.18.0.100 23/Nov/2025/15/58/30 PUT /v1/AUTH_a41edf9686e34385aeb056c2b0bb95ef/gnocchi.9b2f2f93-704b-4537-97fd-f5e272fcef4d HTTP/1.0 201 - python-swiftclient-3.11.1 gAAAAABpIy6O5uAY... - - - tx89f5b7ea8ece4d58a05bd-0069232f26 - 0.0283 - - 1763913510.692871094 1763913510.721163034 0
Nov 23 15:58:30 standalone container-server[128484]: 172.20.0.100 - - [23/Nov/2025:15:58:30 +0000] "HEAD /d1/436/AUTH_a41edf9686e34385aeb056c2b0bb95ef/gnocchi.9b2f2f93-704b-4537-97fd-f5e272fcef4d" 204 - "HEAD http://172.18.0.2:8080/v1/AUTH_a41edf9686e34385aeb056c2b0bb95ef/gnocchi.9b2f2f93-704b-4537-97fd-f5e272fcef4d?format=json&states=listing" "txb5efb29dd08945bba3acb-0069232f26" "proxy-server 12" 0.0022 "-" 20 0
Nov 23 15:58:30 standalone proxy-server[130696]: - - 23/Nov/2025/15/58/30 HEAD /v1/AUTH_a41edf9686e34385aeb056c2b0bb95ef/gnocchi.9b2f2f93-704b-4537-97fd-f5e272fcef4d%3Fformat%3Djson%26states%3Dlisting HTTP/1.0 204 - Swift - - - - txb5efb29dd08945bba3acb-0069232f26 - 0.0116 RL - 1763913510.727391005 1763913510.739002228 0
Nov 23 15:58:30 standalone container-server[128492]: 172.20.0.100 - - [23/Nov/2025:15:58:30 +0000] "GET /d1/436/AUTH_a41edf9686e34385aeb056c2b0bb95ef/gnocchi.9b2f2f93-704b-4537-97fd-f5e272fcef4d" 200 2 "GET http://172.18.0.2:8080/v1/AUTH_a41edf9686e34385aeb056c2b0bb95ef/gnocchi.9b2f2f93-704b-4537-97fd-f5e272fcef4d?format=json&states=listing" "txb5efb29dd08945bba3acb-0069232f26" "proxy-server 12" 0.0021 "-" 21 0
Nov 23 15:58:30 standalone proxy-server[130696]: 172.18.0.2 172.18.0.100 23/Nov/2025/15/58/30 GET /v1/AUTH_a41edf9686e34385aeb056c2b0bb95ef/gnocchi.9b2f2f93-704b-4537-97fd-f5e272fcef4d%3Fformat%3Djson%26states%3Dlisting HTTP/1.0 200 - python-swiftclient-3.11.1 gAAAAABpIy6O5uAY... - 2 - txb5efb29dd08945bba3acb-0069232f26 - 0.0226 - - 1763913510.725957632 1763913510.748575449 0
Nov 23 15:58:30 standalone object-server[128675]: 172.20.0.100 - - [23/Nov/2025:15:58:30 +0000] "GET /d1/913/AUTH_a41edf9686e34385aeb056c2b0bb95ef/gnocchi.9b2f2f93-704b-4537-97fd-f5e272fcef4d/1763640000.0_mean_300.0_v3" 404 70 "GET http://172.18.0.2:8080/v1/AUTH_a41edf9686e34385aeb056c2b0bb95ef/gnocchi.9b2f2f93-704b-4537-97fd-f5e272fcef4d/1763640000.0_mean_300.0_v3" "tx766c96f8931b4278a7da6-0069232f26" "proxy-server 12" 0.0005 "-" 25 0
Nov 23 15:58:30 standalone proxy-server[130696]: 172.18.0.2 172.18.0.100 23/Nov/2025/15/58/30 GET /v1/AUTH_a41edf9686e34385aeb056c2b0bb95ef/gnocchi.9b2f2f93-704b-4537-97fd-f5e272fcef4d/1763640000.0_mean_300.0_v3 HTTP/1.0 404 - python-swiftclient-3.11.1 gAAAAABpIy6O5uAY... - 70 - tx766c96f8931b4278a7da6-0069232f26 - 0.0076 - - 1763913510.753181934 1763913510.760804176 0
Nov 23 15:58:30 standalone container-server[128504]: 172.20.0.100 - - [23/Nov/2025:15:58:30 +0000] "PUT /d1/436/AUTH_a41edf9686e34385aeb056c2b0bb95ef/gnocchi.9b2f2f93-704b-4537-97fd-f5e272fcef4d/1763640000.0_mean_300.0_v3" 201 - "PUT http://172.18.0.2:8080/d1/913/AUTH_a41edf9686e34385aeb056c2b0bb95ef/gnocchi.9b2f2f93-704b-4537-97fd-f5e272fcef4d/1763640000.0_mean_300.0_v3" "txfdca4b720af245c4a2577-0069232f26" "object-server 24" 0.0013 "-" 22 0
Nov 23 15:58:30 standalone object-server[128666]: 172.20.0.100 - - [23/Nov/2025:15:58:30 +0000] "PUT /d1/913/AUTH_a41edf9686e34385aeb056c2b0bb95ef/gnocchi.9b2f2f93-704b-4537-97fd-f5e272fcef4d/1763640000.0_mean_300.0_v3" 201 - "PUT http://172.18.0.2:8080/v1/AUTH_a41edf9686e34385aeb056c2b0bb95ef/gnocchi.9b2f2f93-704b-4537-97fd-f5e272fcef4d/1763640000.0_mean_300.0_v3" "txfdca4b720af245c4a2577-0069232f26" "proxy-server 12" 0.0169 "-" 24 0
Nov 23 15:58:30 standalone proxy-server[130696]: 172.18.0.2 172.18.0.100 23/Nov/2025/15/58/30 PUT /v1/AUTH_a41edf9686e34385aeb056c2b0bb95ef/gnocchi.9b2f2f93-704b-4537-97fd-f5e272fcef4d/1763640000.0_mean_300.0_v3 HTTP/1.0 201 - python-swiftclient-3.11.1 gAAAAABpIy6O5uAY... 16 - - txfdca4b720af245c4a2577-0069232f26 - 0.0285 - - 1763913510.766513109 1763913510.795059204 0
Nov 23 15:58:30 standalone container-server[128484]: 172.20.0.100 - - [23/Nov/2025:15:58:30 +0000] "PUT /d1/436/AUTH_a41edf9686e34385aeb056c2b0bb95ef/gnocchi.9b2f2f93-704b-4537-97fd-f5e272fcef4d/none_v3" 201 - "PUT http://172.18.0.2:8080/d1/992/AUTH_a41edf9686e34385aeb056c2b0bb95ef/gnocchi.9b2f2f93-704b-4537-97fd-f5e272fcef4d/none_v3" "tx0cee6d22ad6e4b9dac54a-0069232f26" "object-server 23" 0.0008 "-" 20 0
Nov 23 15:58:30 standalone object-server[128661]: 172.20.0.100 - - [23/Nov/2025:15:58:30 +0000] "PUT /d1/992/AUTH_a41edf9686e34385aeb056c2b0bb95ef/gnocchi.9b2f2f93-704b-4537-97fd-f5e272fcef4d/none_v3" 201 - "PUT http://172.18.0.2:8080/v1/AUTH_a41edf9686e34385aeb056c2b0bb95ef/gnocchi.9b2f2f93-704b-4537-97fd-f5e272fcef4d/none_v3" "tx0cee6d22ad6e4b9dac54a-0069232f26" "proxy-server 12" 0.0145 "-" 23 0
Nov 23 15:58:30 standalone proxy-server[130696]: 172.18.0.2 172.18.0.100 23/Nov/2025/15/58/30 PUT /v1/AUTH_a41edf9686e34385aeb056c2b0bb95ef/gnocchi.9b2f2f93-704b-4537-97fd-f5e272fcef4d/none_v3 HTTP/1.0 201 - python-swiftclient-3.11.1 gAAAAABpIy6O5uAY... 22 - - tx0cee6d22ad6e4b9dac54a-0069232f26 - 0.0216 - - 1763913510.799247265 1763913510.820829153 0
Nov 23 15:58:30 standalone container-server[128484]: 172.20.0.100 - - [23/Nov/2025:15:58:30 +0000] "HEAD /d1/771/AUTH_a41edf9686e34385aeb056c2b0bb95ef/gnocchi.6436916a-1838-4670-b37e-6a59bade846c" 404 - "HEAD http://172.18.0.2:8080/v1/AUTH_a41edf9686e34385aeb056c2b0bb95ef/gnocchi.6436916a-1838-4670-b37e-6a59bade846c?format=json&states=listing" "tx080bab7c43d14c88899df-0069232f26" "proxy-server 12" 0.0005 "-" 20 0
Nov 23 15:58:30 standalone object-server[128661]: 172.20.0.100 - - [23/Nov/2025:15:58:30 +0000] "GET /d1/744/AUTH_a41edf9686e34385aeb056c2b0bb95ef/gnocchi.6436916a-1838-4670-b37e-6a59bade846c/none_v3" 404 70 "GET http://172.18.0.2:8080/v1/AUTH_a41edf9686e34385aeb056c2b0bb95ef/gnocchi.6436916a-1838-4670-b37e-6a59bade846c/none_v3" "tx080bab7c43d14c88899df-0069232f26" "proxy-server 12" 0.0002 "-" 23 0
Nov 23 15:58:30 standalone proxy-server[130696]: 172.18.0.2 172.18.0.100 23/Nov/2025/15/58/30 GET /v1/AUTH_a41edf9686e34385aeb056c2b0bb95ef/gnocchi.6436916a-1838-4670-b37e-6a59bade846c/none_v3 HTTP/1.0 404 - python-swiftclient-3.11.1 gAAAAABpIy6O5uAY... - 70 - tx080bab7c43d14c88899df-0069232f26 - 0.0124 - - 1763913510.837913275 1763913510.850319624 0
Nov 23 15:58:30 standalone account-server[128469]: 172.20.0.100 - - [23/Nov/2025:15:58:30 +0000] "PUT /d1/262/AUTH_a41edf9686e34385aeb056c2b0bb95ef/gnocchi.6436916a-1838-4670-b37e-6a59bade846c" 201 - "PUT http://172.20.0.100:6001/d1/771/AUTH_a41edf9686e34385aeb056c2b0bb95ef/gnocchi.6436916a-1838-4670-b37e-6a59bade846c" "txb879c943d9924764b405a-0069232f26" "container-server 21" 0.0054 "-" 21 0
Nov 23 15:58:30 standalone container-server[128492]: 172.20.0.100 - - [23/Nov/2025:15:58:30 +0000] "PUT /d1/771/AUTH_a41edf9686e34385aeb056c2b0bb95ef/gnocchi.6436916a-1838-4670-b37e-6a59bade846c" 201 - "PUT http://172.18.0.2:8080/v1/AUTH_a41edf9686e34385aeb056c2b0bb95ef/gnocchi.6436916a-1838-4670-b37e-6a59bade846c" "txb879c943d9924764b405a-0069232f26" "proxy-server 12" 0.0181 "-" 21 0
Nov 23 15:58:30 standalone proxy-server[130696]: 172.18.0.2 172.18.0.100 23/Nov/2025/15/58/30 PUT /v1/AUTH_a41edf9686e34385aeb056c2b0bb95ef/gnocchi.6436916a-1838-4670-b37e-6a59bade846c HTTP/1.0 201 - python-swiftclient-3.11.1 gAAAAABpIy6O5uAY... - - - txb879c943d9924764b405a-0069232f26 - 0.0245 - - 1763913510.854000330 1763913510.878533363 0
Nov 23 15:58:30 standalone container-server[128518]: 172.20.0.100 - - [23/Nov/2025:15:58:30 +0000] "HEAD /d1/771/AUTH_a41edf9686e34385aeb056c2b0bb95ef/gnocchi.6436916a-1838-4670-b37e-6a59bade846c" 204 - "HEAD http://172.18.0.2:8080/v1/AUTH_a41edf9686e34385aeb056c2b0bb95ef/gnocchi.6436916a-1838-4670-b37e-6a59bade846c?format=json&states=listing" "txf18d3bd1d37d499084757-0069232f26" "proxy-server 12" 0.0024 "-" 23 0
Nov 23 15:58:30 standalone proxy-server[130696]: - - 23/Nov/2025/15/58/30 HEAD /v1/AUTH_a41edf9686e34385aeb056c2b0bb95ef/gnocchi.6436916a-1838-4670-b37e-6a59bade846c%3Fformat%3Djson%26states%3Dlisting HTTP/1.0 204 - Swift - - - - txf18d3bd1d37d499084757-0069232f26 - 0.0070 RL - 1763913510.887837648 1763913510.894803047 0
Nov 23 15:58:30 standalone container-server[128504]: 172.20.0.100 - - [23/Nov/2025:15:58:30 +0000] "GET /d1/771/AUTH_a41edf9686e34385aeb056c2b0bb95ef/gnocchi.6436916a-1838-4670-b37e-6a59bade846c" 200 2 "GET http://172.18.0.2:8080/v1/AUTH_a41edf9686e34385aeb056c2b0bb95ef/gnocchi.6436916a-1838-4670-b37e-6a59bade846c?format=json&states=listing" "txf18d3bd1d37d499084757-0069232f26" "proxy-server 12" 0.0040 "-" 22 0
Nov 23 15:58:30 standalone proxy-server[130696]: 172.18.0.2 172.18.0.100 23/Nov/2025/15/58/30 GET /v1/AUTH_a41edf9686e34385aeb056c2b0bb95ef/gnocchi.6436916a-1838-4670-b37e-6a59bade846c%3Fformat%3Djson%26states%3Dlisting HTTP/1.0 200 - python-swiftclient-3.11.1 gAAAAABpIy6O5uAY... - 2 - txf18d3bd1d37d499084757-0069232f26 - 0.0213 - - 1763913510.886341810 1763913510.907618046 0
Nov 23 15:58:30 standalone object-server[128661]: 172.20.0.100 - - [23/Nov/2025:15:58:30 +0000] "GET /d1/827/AUTH_a41edf9686e34385aeb056c2b0bb95ef/gnocchi.6436916a-1838-4670-b37e-6a59bade846c/1763640000.0_mean_300.0_v3" 404 70 "GET http://172.18.0.2:8080/v1/AUTH_a41edf9686e34385aeb056c2b0bb95ef/gnocchi.6436916a-1838-4670-b37e-6a59bade846c/1763640000.0_mean_300.0_v3" "tx53660c29c7e6431a9dc8a-0069232f26" "proxy-server 12" 0.0003 "-" 23 0
Nov 23 15:58:30 standalone proxy-server[130696]: 172.18.0.2 172.18.0.100 23/Nov/2025/15/58/30 GET /v1/AUTH_a41edf9686e34385aeb056c2b0bb95ef/gnocchi.6436916a-1838-4670-b37e-6a59bade846c/1763640000.0_mean_300.0_v3 HTTP/1.0 404 - python-swiftclient-3.11.1 gAAAAABpIy6O5uAY... - 70 - tx53660c29c7e6431a9dc8a-0069232f26 - 0.0064 - - 1763913510.912573814 1763913510.918973207 0
Nov 23 15:58:30 standalone container-server[128484]: 172.20.0.100 - - [23/Nov/2025:15:58:30 +0000] "PUT /d1/771/AUTH_a41edf9686e34385aeb056c2b0bb95ef/gnocchi.6436916a-1838-4670-b37e-6a59bade846c/1763640000.0_mean_300.0_v3" 201 - "PUT http://172.18.0.2:8080/d1/827/AUTH_a41edf9686e34385aeb056c2b0bb95ef/gnocchi.6436916a-1838-4670-b37e-6a59bade846c/1763640000.0_mean_300.0_v3" "txee134a497565427a95f7a-0069232f26" "object-server 25" 0.0016 "-" 20 0
Nov 23 15:58:30 standalone object-server[128675]: 172.20.0.100 - - [23/Nov/2025:15:58:30 +0000] "PUT /d1/827/AUTH_a41edf9686e34385aeb056c2b0bb95ef/gnocchi.6436916a-1838-4670-b37e-6a59bade846c/1763640000.0_mean_300.0_v3" 201 - "PUT http://172.18.0.2:8080/v1/AUTH_a41edf9686e34385aeb056c2b0bb95ef/gnocchi.6436916a-1838-4670-b37e-6a59bade846c/1763640000.0_mean_300.0_v3" "txee134a497565427a95f7a-0069232f26" "proxy-server 12" 0.0128 "-" 25 0
Nov 23 15:58:30 standalone proxy-server[130696]: 172.18.0.2 172.18.0.100 23/Nov/2025/15/58/30 PUT /v1/AUTH_a41edf9686e34385aeb056c2b0bb95ef/gnocchi.6436916a-1838-4670-b37e-6a59bade846c/1763640000.0_mean_300.0_v3 HTTP/1.0 201 - python-swiftclient-3.11.1 gAAAAABpIy6O5uAY... 16 - - txee134a497565427a95f7a-0069232f26 - 0.0201 - - 1763913510.922663689 1763913510.942784786 0
Nov 23 15:58:30 standalone container-server[128484]: 172.20.0.100 - - [23/Nov/2025:15:58:30 +0000] "PUT /d1/771/AUTH_a41edf9686e34385aeb056c2b0bb95ef/gnocchi.6436916a-1838-4670-b37e-6a59bade846c/none_v3" 201 - "PUT http://172.18.0.2:8080/d1/744/AUTH_a41edf9686e34385aeb056c2b0bb95ef/gnocchi.6436916a-1838-4670-b37e-6a59bade846c/none_v3" "tx40de4d9dad4140609c7f2-0069232f26" "object-server 22" 0.0005 "-" 20 0
Nov 23 15:58:30 standalone object-server[128646]: 172.20.0.100 - - [23/Nov/2025:15:58:30 +0000] "PUT /d1/744/AUTH_a41edf9686e34385aeb056c2b0bb95ef/gnocchi.6436916a-1838-4670-b37e-6a59bade846c/none_v3" 201 - "PUT http://172.18.0.2:8080/v1/AUTH_a41edf9686e34385aeb056c2b0bb95ef/gnocchi.6436916a-1838-4670-b37e-6a59bade846c/none_v3" "tx40de4d9dad4140609c7f2-0069232f26" "proxy-server 12" 0.0088 "-" 22 0
Nov 23 15:58:30 standalone proxy-server[130696]: 172.18.0.2 172.18.0.100 23/Nov/2025/15/58/30 PUT /v1/AUTH_a41edf9686e34385aeb056c2b0bb95ef/gnocchi.6436916a-1838-4670-b37e-6a59bade846c/none_v3 HTTP/1.0 201 - python-swiftclient-3.11.1 gAAAAABpIy6O5uAY... 22 - - tx40de4d9dad4140609c7f2-0069232f26 - 0.0152 - - 1763913510.946171045 1763913510.961393118 0
Nov 23 15:58:30 standalone container-server[128492]: 172.20.0.100 - - [23/Nov/2025:15:58:30 +0000] "HEAD /d1/234/AUTH_a41edf9686e34385aeb056c2b0bb95ef/gnocchi.cf6efbd0-411d-4761-8a1e-a8ed0d1596c0" 404 - "HEAD http://172.18.0.2:8080/v1/AUTH_a41edf9686e34385aeb056c2b0bb95ef/gnocchi.cf6efbd0-411d-4761-8a1e-a8ed0d1596c0?format=json&states=listing" "tx7de55657f5034c87aae74-0069232f26" "proxy-server 12" 0.0009 "-" 21 0
Nov 23 15:58:30 standalone object-server[128675]: 172.20.0.100 - - [23/Nov/2025:15:58:30 +0000] "GET /d1/678/AUTH_a41edf9686e34385aeb056c2b0bb95ef/gnocchi.cf6efbd0-411d-4761-8a1e-a8ed0d1596c0/none_v3" 404 70 "GET http://172.18.0.2:8080/v1/AUTH_a41edf9686e34385aeb056c2b0bb95ef/gnocchi.cf6efbd0-411d-4761-8a1e-a8ed0d1596c0/none_v3" "tx7de55657f5034c87aae74-0069232f26" "proxy-server 12" 0.0004 "-" 25 0
Nov 23 15:58:30 standalone proxy-server[130696]: 172.18.0.2 172.18.0.100 23/Nov/2025/15/58/30 GET /v1/AUTH_a41edf9686e34385aeb056c2b0bb95ef/gnocchi.cf6efbd0-411d-4761-8a1e-a8ed0d1596c0/none_v3 HTTP/1.0 404 - python-swiftclient-3.11.1 gAAAAABpIy6O5uAY... - 70 - tx7de55657f5034c87aae74-0069232f26 - 0.0154 - - 1763913510.981783867 1763913510.997154474 0
Nov 23 15:58:31 standalone account-server[128463]: 172.20.0.100 - - [23/Nov/2025:15:58:31 +0000] "PUT /d1/262/AUTH_a41edf9686e34385aeb056c2b0bb95ef/gnocchi.cf6efbd0-411d-4761-8a1e-a8ed0d1596c0" 201 - "PUT http://172.20.0.100:6001/d1/234/AUTH_a41edf9686e34385aeb056c2b0bb95ef/gnocchi.cf6efbd0-411d-4761-8a1e-a8ed0d1596c0" "txdaa057537d7349f786ea9-0069232f27" "container-server 22" 0.0078 "-" 20 0
Nov 23 15:58:31 standalone container-server[128504]: 172.20.0.100 - - [23/Nov/2025:15:58:31 +0000] "PUT /d1/234/AUTH_a41edf9686e34385aeb056c2b0bb95ef/gnocchi.cf6efbd0-411d-4761-8a1e-a8ed0d1596c0" 201 - "PUT http://172.18.0.2:8080/v1/AUTH_a41edf9686e34385aeb056c2b0bb95ef/gnocchi.cf6efbd0-411d-4761-8a1e-a8ed0d1596c0" "txdaa057537d7349f786ea9-0069232f27" "proxy-server 12" 0.0243 "-" 22 0
Nov 23 15:58:31 standalone proxy-server[130696]: 172.18.0.2 172.18.0.100 23/Nov/2025/15/58/31 PUT /v1/AUTH_a41edf9686e34385aeb056c2b0bb95ef/gnocchi.cf6efbd0-411d-4761-8a1e-a8ed0d1596c0 HTTP/1.0 201 - python-swiftclient-3.11.1 gAAAAABpIy6O5uAY... - - - txdaa057537d7349f786ea9-0069232f27 - 0.0327 - - 1763913511.003351927 1763913511.036025047 0
Nov 23 15:58:31 standalone container-server[128492]: 172.20.0.100 - - [23/Nov/2025:15:58:31 +0000] "HEAD /d1/234/AUTH_a41edf9686e34385aeb056c2b0bb95ef/gnocchi.cf6efbd0-411d-4761-8a1e-a8ed0d1596c0" 204 - "HEAD http://172.18.0.2:8080/v1/AUTH_a41edf9686e34385aeb056c2b0bb95ef/gnocchi.cf6efbd0-411d-4761-8a1e-a8ed0d1596c0?format=json&states=listing" "txc39df4b59b394c16a695a-0069232f27" "proxy-server 12" 0.0021 "-" 21 0
Nov 23 15:58:31 standalone proxy-server[130696]: - - 23/Nov/2025/15/58/31 HEAD /v1/AUTH_a41edf9686e34385aeb056c2b0bb95ef/gnocchi.cf6efbd0-411d-4761-8a1e-a8ed0d1596c0%3Fformat%3Djson%26states%3Dlisting HTTP/1.0 204 - Swift - - - - txc39df4b59b394c16a695a-0069232f27 - 0.0080 RL - 1763913511.043509960 1763913511.051503181 0
Nov 23 15:58:31 standalone container-server[128518]: 172.20.0.100 - - [23/Nov/2025:15:58:31 +0000] "GET /d1/234/AUTH_a41edf9686e34385aeb056c2b0bb95ef/gnocchi.cf6efbd0-411d-4761-8a1e-a8ed0d1596c0" 200 2 "GET http://172.18.0.2:8080/v1/AUTH_a41edf9686e34385aeb056c2b0bb95ef/gnocchi.cf6efbd0-411d-4761-8a1e-a8ed0d1596c0?format=json&states=listing" "txc39df4b59b394c16a695a-0069232f27" "proxy-server 12" 0.0059 "-" 23 0
Nov 23 15:58:31 standalone proxy-server[130696]: 172.18.0.2 172.18.0.100 23/Nov/2025/15/58/31 GET /v1/AUTH_a41edf9686e34385aeb056c2b0bb95ef/gnocchi.cf6efbd0-411d-4761-8a1e-a8ed0d1596c0%3Fformat%3Djson%26states%3Dlisting HTTP/1.0 200 - python-swiftclient-3.11.1 gAAAAABpIy6O5uAY... - 2 - txc39df4b59b394c16a695a-0069232f27 - 0.0245 - - 1763913511.041933060 1763913511.066385984 0
Nov 23 15:58:31 standalone object-server[128675]: 172.20.0.100 - - [23/Nov/2025:15:58:31 +0000] "GET /d1/228/AUTH_a41edf9686e34385aeb056c2b0bb95ef/gnocchi.cf6efbd0-411d-4761-8a1e-a8ed0d1596c0/1763640000.0_mean_300.0_v3" 404 70 "GET http://172.18.0.2:8080/v1/AUTH_a41edf9686e34385aeb056c2b0bb95ef/gnocchi.cf6efbd0-411d-4761-8a1e-a8ed0d1596c0/1763640000.0_mean_300.0_v3" "txb15d7d8b871e4a009c4b0-0069232f27" "proxy-server 12" 0.0006 "-" 25 0
Nov 23 15:58:31 standalone proxy-server[130696]: 172.18.0.2 172.18.0.100 23/Nov/2025/15/58/31 GET /v1/AUTH_a41edf9686e34385aeb056c2b0bb95ef/gnocchi.cf6efbd0-411d-4761-8a1e-a8ed0d1596c0/1763640000.0_mean_300.0_v3 HTTP/1.0 404 - python-swiftclient-3.11.1 gAAAAABpIy6O5uAY... - 70 - txb15d7d8b871e4a009c4b0-0069232f27 - 0.0086 - - 1763913511.073279142 1763913511.081832409 0
Nov 23 15:58:31 standalone container-server[128518]: 172.20.0.100 - - [23/Nov/2025:15:58:31 +0000] "PUT /d1/234/AUTH_a41edf9686e34385aeb056c2b0bb95ef/gnocchi.cf6efbd0-411d-4761-8a1e-a8ed0d1596c0/1763640000.0_mean_300.0_v3" 201 - "PUT http://172.18.0.2:8080/d1/228/AUTH_a41edf9686e34385aeb056c2b0bb95ef/gnocchi.cf6efbd0-411d-4761-8a1e-a8ed0d1596c0/1763640000.0_mean_300.0_v3" "tx610ee2facf2249379d9d2-0069232f27" "object-server 23" 0.0007 "-" 23 0
Nov 23 15:58:31 standalone object-server[128661]: 172.20.0.100 - - [23/Nov/2025:15:58:31 +0000] "PUT /d1/228/AUTH_a41edf9686e34385aeb056c2b0bb95ef/gnocchi.cf6efbd0-411d-4761-8a1e-a8ed0d1596c0/1763640000.0_mean_300.0_v3" 201 - "PUT http://172.18.0.2:8080/v1/AUTH_a41edf9686e34385aeb056c2b0bb95ef/gnocchi.cf6efbd0-411d-4761-8a1e-a8ed0d1596c0/1763640000.0_mean_300.0_v3" "tx610ee2facf2249379d9d2-0069232f27" "proxy-server 12" 0.0117 "-" 23 0
Nov 23 15:58:31 standalone proxy-server[130696]: 172.18.0.2 172.18.0.100 23/Nov/2025/15/58/31 PUT /v1/AUTH_a41edf9686e34385aeb056c2b0bb95ef/gnocchi.cf6efbd0-411d-4761-8a1e-a8ed0d1596c0/1763640000.0_mean_300.0_v3 HTTP/1.0 201 - python-swiftclient-3.11.1 gAAAAABpIy6O5uAY... 16 - - tx610ee2facf2249379d9d2-0069232f27 - 0.0180 - - 1763913511.086344957 1763913511.104393244 0
Nov 23 15:58:31 standalone container-server[128518]: 172.20.0.100 - - [23/Nov/2025:15:58:31 +0000] "PUT /d1/234/AUTH_a41edf9686e34385aeb056c2b0bb95ef/gnocchi.cf6efbd0-411d-4761-8a1e-a8ed0d1596c0/none_v3" 201 - "PUT http://172.18.0.2:8080/d1/678/AUTH_a41edf9686e34385aeb056c2b0bb95ef/gnocchi.cf6efbd0-411d-4761-8a1e-a8ed0d1596c0/none_v3" "txeb2480f1e8a54dbaa5345-0069232f27" "object-server 22" 0.0009 "-" 23 0
Nov 23 15:58:31 standalone object-server[128646]: 172.20.0.100 - - [23/Nov/2025:15:58:31 +0000] "PUT /d1/678/AUTH_a41edf9686e34385aeb056c2b0bb95ef/gnocchi.cf6efbd0-411d-4761-8a1e-a8ed0d1596c0/none_v3" 201 - "PUT http://172.18.0.2:8080/v1/AUTH_a41edf9686e34385aeb056c2b0bb95ef/gnocchi.cf6efbd0-411d-4761-8a1e-a8ed0d1596c0/none_v3" "txeb2480f1e8a54dbaa5345-0069232f27" "proxy-server 12" 0.0151 "-" 22 0
Nov 23 15:58:31 standalone proxy-server[130696]: 172.18.0.2 172.18.0.100 23/Nov/2025/15/58/31 PUT /v1/AUTH_a41edf9686e34385aeb056c2b0bb95ef/gnocchi.cf6efbd0-411d-4761-8a1e-a8ed0d1596c0/none_v3 HTTP/1.0 201 - python-swiftclient-3.11.1 gAAAAABpIy6O5uAY... 22 - - txeb2480f1e8a54dbaa5345-0069232f27 - 0.0218 - - 1763913511.109604120 1763913511.131362915 0
Nov 23 15:58:31 standalone container-server[128504]: 172.20.0.100 - - [23/Nov/2025:15:58:31 +0000] "HEAD /d1/458/AUTH_a41edf9686e34385aeb056c2b0bb95ef/gnocchi.a08a0f74-2d0d-433e-abcd-cad4ead4ba52" 404 - "HEAD http://172.18.0.2:8080/v1/AUTH_a41edf9686e34385aeb056c2b0bb95ef/gnocchi.a08a0f74-2d0d-433e-abcd-cad4ead4ba52?format=json&states=listing" "txe9e10298fa1c4eb992f68-0069232f27" "proxy-server 12" 0.0008 "-" 22 0
Nov 23 15:58:31 standalone object-server[128661]: 172.20.0.100 - - [23/Nov/2025:15:58:31 +0000] "GET /d1/676/AUTH_a41edf9686e34385aeb056c2b0bb95ef/gnocchi.a08a0f74-2d0d-433e-abcd-cad4ead4ba52/none_v3" 404 70 "GET http://172.18.0.2:8080/v1/AUTH_a41edf9686e34385aeb056c2b0bb95ef/gnocchi.a08a0f74-2d0d-433e-abcd-cad4ead4ba52/none_v3" "txe9e10298fa1c4eb992f68-0069232f27" "proxy-server 12" 0.0003 "-" 23 0
Nov 23 15:58:31 standalone proxy-server[130696]: 172.18.0.2 172.18.0.100 23/Nov/2025/15/58/31 GET /v1/AUTH_a41edf9686e34385aeb056c2b0bb95ef/gnocchi.a08a0f74-2d0d-433e-abcd-cad4ead4ba52/none_v3 HTTP/1.0 404 - python-swiftclient-3.11.1 gAAAAABpIy6O5uAY... - 70 - txe9e10298fa1c4eb992f68-0069232f27 - 0.0147 - - 1763913511.143075228 1763913511.157733440 0
Nov 23 15:58:31 standalone account-server[128475]: 172.20.0.100 - - [23/Nov/2025:15:58:31 +0000] "PUT /d1/262/AUTH_a41edf9686e34385aeb056c2b0bb95ef/gnocchi.a08a0f74-2d0d-433e-abcd-cad4ead4ba52" 201 - "PUT http://172.20.0.100:6001/d1/458/AUTH_a41edf9686e34385aeb056c2b0bb95ef/gnocchi.a08a0f74-2d0d-433e-abcd-cad4ead4ba52" "tx0511159b8f794d2994686-0069232f27" "container-server 22" 0.0065 "-" 23 0
Nov 23 15:58:31 standalone container-server[128504]: 172.20.0.100 - - [23/Nov/2025:15:58:31 +0000] "PUT /d1/458/AUTH_a41edf9686e34385aeb056c2b0bb95ef/gnocchi.a08a0f74-2d0d-433e-abcd-cad4ead4ba52" 201 - "PUT http://172.18.0.2:8080/v1/AUTH_a41edf9686e34385aeb056c2b0bb95ef/gnocchi.a08a0f74-2d0d-433e-abcd-cad4ead4ba52" "tx0511159b8f794d2994686-0069232f27" "proxy-server 12" 0.0244 "-" 22 0
Nov 23 15:58:31 standalone proxy-server[130696]: 172.18.0.2 172.18.0.100 23/Nov/2025/15/58/31 PUT /v1/AUTH_a41edf9686e34385aeb056c2b0bb95ef/gnocchi.a08a0f74-2d0d-433e-abcd-cad4ead4ba52 HTTP/1.0 201 - python-swiftclient-3.11.1 gAAAAABpIy6O5uAY... - - - tx0511159b8f794d2994686-0069232f27 - 0.0333 - - 1763913511.161540031 1763913511.194870949 0
Nov 23 15:58:31 standalone container-server[128484]: 172.20.0.100 - - [23/Nov/2025:15:58:31 +0000] "HEAD /d1/458/AUTH_a41edf9686e34385aeb056c2b0bb95ef/gnocchi.a08a0f74-2d0d-433e-abcd-cad4ead4ba52" 204 - "HEAD http://172.18.0.2:8080/v1/AUTH_a41edf9686e34385aeb056c2b0bb95ef/gnocchi.a08a0f74-2d0d-433e-abcd-cad4ead4ba52?format=json&states=listing" "txc5f1e632a82a4e0c83f4c-0069232f27" "proxy-server 12" 0.0017 "-" 20 0
Nov 23 15:58:31 standalone proxy-server[130696]: - - 23/Nov/2025/15/58/31 HEAD /v1/AUTH_a41edf9686e34385aeb056c2b0bb95ef/gnocchi.a08a0f74-2d0d-433e-abcd-cad4ead4ba52%3Fformat%3Djson%26states%3Dlisting HTTP/1.0 204 - Swift - - - - txc5f1e632a82a4e0c83f4c-0069232f27 - 0.0078 RL - 1763913511.205201149 1763913511.213042021 0
Nov 23 15:58:31 standalone container-server[128504]: 172.20.0.100 - - [23/Nov/2025:15:58:31 +0000] "GET /d1/458/AUTH_a41edf9686e34385aeb056c2b0bb95ef/gnocchi.a08a0f74-2d0d-433e-abcd-cad4ead4ba52" 200 2 "GET http://172.18.0.2:8080/v1/AUTH_a41edf9686e34385aeb056c2b0bb95ef/gnocchi.a08a0f74-2d0d-433e-abcd-cad4ead4ba52?format=json&states=listing" "txc5f1e632a82a4e0c83f4c-0069232f27" "proxy-server 12" 0.0026 "-" 22 0
Nov 23 15:58:31 standalone proxy-server[130696]: 172.18.0.2 172.18.0.100 23/Nov/2025/15/58/31 GET /v1/AUTH_a41edf9686e34385aeb056c2b0bb95ef/gnocchi.a08a0f74-2d0d-433e-abcd-cad4ead4ba52%3Fformat%3Djson%26states%3Dlisting HTTP/1.0 200 - python-swiftclient-3.11.1 gAAAAABpIy6O5uAY... - 2 - txc5f1e632a82a4e0c83f4c-0069232f27 - 0.0200 - - 1763913511.203597069 1763913511.223557472 0
Nov 23 15:58:31 standalone object-server[128675]: 172.20.0.100 - - [23/Nov/2025:15:58:31 +0000] "GET /d1/93/AUTH_a41edf9686e34385aeb056c2b0bb95ef/gnocchi.a08a0f74-2d0d-433e-abcd-cad4ead4ba52/1763640000.0_mean_300.0_v3" 404 70 "GET http://172.18.0.2:8080/v1/AUTH_a41edf9686e34385aeb056c2b0bb95ef/gnocchi.a08a0f74-2d0d-433e-abcd-cad4ead4ba52/1763640000.0_mean_300.0_v3" "tx3f30126ce6a44da9a1d23-0069232f27" "proxy-server 12" 0.0004 "-" 25 0
Nov 23 15:58:31 standalone proxy-server[130696]: 172.18.0.2 172.18.0.100 23/Nov/2025/15/58/31 GET /v1/AUTH_a41edf9686e34385aeb056c2b0bb95ef/gnocchi.a08a0f74-2d0d-433e-abcd-cad4ead4ba52/1763640000.0_mean_300.0_v3 HTTP/1.0 404 - python-swiftclient-3.11.1 gAAAAABpIy6O5uAY... - 70 - tx3f30126ce6a44da9a1d23-0069232f27 - 0.0087 - - 1763913511.229989052 1763913511.238718271 0
Nov 23 15:58:31 standalone container-server[128518]: 172.20.0.100 - - [23/Nov/2025:15:58:31 +0000] "PUT /d1/458/AUTH_a41edf9686e34385aeb056c2b0bb95ef/gnocchi.a08a0f74-2d0d-433e-abcd-cad4ead4ba52/1763640000.0_mean_300.0_v3" 201 - "PUT http://172.18.0.2:8080/d1/93/AUTH_a41edf9686e34385aeb056c2b0bb95ef/gnocchi.a08a0f74-2d0d-433e-abcd-cad4ead4ba52/1763640000.0_mean_300.0_v3" "tx904aa3a7d42d4d17b54d7-0069232f27" "object-server 25" 0.0006 "-" 23 0
Nov 23 15:58:31 standalone object-server[128675]: 172.20.0.100 - - [23/Nov/2025:15:58:31 +0000] "PUT /d1/93/AUTH_a41edf9686e34385aeb056c2b0bb95ef/gnocchi.a08a0f74-2d0d-433e-abcd-cad4ead4ba52/1763640000.0_mean_300.0_v3" 201 - "PUT http://172.18.0.2:8080/v1/AUTH_a41edf9686e34385aeb056c2b0bb95ef/gnocchi.a08a0f74-2d0d-433e-abcd-cad4ead4ba52/1763640000.0_mean_300.0_v3" "tx904aa3a7d42d4d17b54d7-0069232f27" "proxy-server 12" 0.0089 "-" 25 0
Nov 23 15:58:31 standalone proxy-server[130696]: 172.18.0.2 172.18.0.100 23/Nov/2025/15/58/31 PUT /v1/AUTH_a41edf9686e34385aeb056c2b0bb95ef/gnocchi.a08a0f74-2d0d-433e-abcd-cad4ead4ba52/1763640000.0_mean_300.0_v3 HTTP/1.0 201 - python-swiftclient-3.11.1 gAAAAABpIy6O5uAY... 16 - - tx904aa3a7d42d4d17b54d7-0069232f27 - 0.0154 - - 1763913511.243071556 1763913511.258493900 0
Nov 23 15:58:31 standalone container-server[128518]: 172.20.0.100 - - [23/Nov/2025:15:58:31 +0000] "PUT /d1/458/AUTH_a41edf9686e34385aeb056c2b0bb95ef/gnocchi.a08a0f74-2d0d-433e-abcd-cad4ead4ba52/none_v3" 201 - "PUT http://172.18.0.2:8080/d1/676/AUTH_a41edf9686e34385aeb056c2b0bb95ef/gnocchi.a08a0f74-2d0d-433e-abcd-cad4ead4ba52/none_v3" "tx141b2ad1ac874bedab175-0069232f27" "object-server 23" 0.0005 "-" 23 0
Nov 23 15:58:31 standalone object-server[128661]: 172.20.0.100 - - [23/Nov/2025:15:58:31 +0000] "PUT /d1/676/AUTH_a41edf9686e34385aeb056c2b0bb95ef/gnocchi.a08a0f74-2d0d-433e-abcd-cad4ead4ba52/none_v3" 201 - "PUT http://172.18.0.2:8080/v1/AUTH_a41edf9686e34385aeb056c2b0bb95ef/gnocchi.a08a0f74-2d0d-433e-abcd-cad4ead4ba52/none_v3" "tx141b2ad1ac874bedab175-0069232f27" "proxy-server 12" 0.0104 "-" 23 0
Nov 23 15:58:31 standalone proxy-server[130696]: 172.18.0.2 172.18.0.100 23/Nov/2025/15/58/31 PUT /v1/AUTH_a41edf9686e34385aeb056c2b0bb95ef/gnocchi.a08a0f74-2d0d-433e-abcd-cad4ead4ba52/none_v3 HTTP/1.0 201 - python-swiftclient-3.11.1 gAAAAABpIy6O5uAY... 22 - - tx141b2ad1ac874bedab175-0069232f27 - 0.0169 - - 1763913511.261685848 1763913511.278594017 0
Nov 23 15:58:31 standalone container-server[128518]: 172.20.0.100 - - [23/Nov/2025:15:58:31 +0000] "HEAD /d1/467/AUTH_a41edf9686e34385aeb056c2b0bb95ef/gnocchi.73b6e732-7991-4124-899e-31bd94657db5" 404 - "HEAD http://172.18.0.2:8080/v1/AUTH_a41edf9686e34385aeb056c2b0bb95ef/gnocchi.73b6e732-7991-4124-899e-31bd94657db5?format=json&states=listing" "tx606f8a616a0c41e5a8f2f-0069232f27" "proxy-server 12" 0.0002 "-" 23 0
Nov 23 15:58:31 standalone object-server[128661]: 172.20.0.100 - - [23/Nov/2025:15:58:31 +0000] "GET /d1/103/AUTH_a41edf9686e34385aeb056c2b0bb95ef/gnocchi.73b6e732-7991-4124-899e-31bd94657db5/none_v3" 404 70 "GET http://172.18.0.2:8080/v1/AUTH_a41edf9686e34385aeb056c2b0bb95ef/gnocchi.73b6e732-7991-4124-899e-31bd94657db5/none_v3" "tx606f8a616a0c41e5a8f2f-0069232f27" "proxy-server 12" 0.0003 "-" 23 0
Nov 23 15:58:31 standalone proxy-server[130696]: 172.18.0.2 172.18.0.100 23/Nov/2025/15/58/31 GET /v1/AUTH_a41edf9686e34385aeb056c2b0bb95ef/gnocchi.73b6e732-7991-4124-899e-31bd94657db5/none_v3 HTTP/1.0 404 - python-swiftclient-3.11.1 gAAAAABpIy6O5uAY... - 70 - tx606f8a616a0c41e5a8f2f-0069232f27 - 0.0110 - - 1763913511.288889885 1763913511.299918413 0
Nov 23 15:58:31 standalone account-server[128463]: 172.20.0.100 - - [23/Nov/2025:15:58:31 +0000] "PUT /d1/262/AUTH_a41edf9686e34385aeb056c2b0bb95ef/gnocchi.73b6e732-7991-4124-899e-31bd94657db5" 201 - "PUT http://172.20.0.100:6001/d1/467/AUTH_a41edf9686e34385aeb056c2b0bb95ef/gnocchi.73b6e732-7991-4124-899e-31bd94657db5" "txefe4f959daa849a3919d9-0069232f27" "container-server 21" 0.0045 "-" 20 0
Nov 23 15:58:31 standalone container-server[128492]: 172.20.0.100 - - [23/Nov/2025:15:58:31 +0000] "PUT /d1/467/AUTH_a41edf9686e34385aeb056c2b0bb95ef/gnocchi.73b6e732-7991-4124-899e-31bd94657db5" 201 - "PUT http://172.18.0.2:8080/v1/AUTH_a41edf9686e34385aeb056c2b0bb95ef/gnocchi.73b6e732-7991-4124-899e-31bd94657db5" "txefe4f959daa849a3919d9-0069232f27" "proxy-server 12" 0.0128 "-" 21 0
Nov 23 15:58:31 standalone proxy-server[130696]: 172.18.0.2 172.18.0.100 23/Nov/2025/15/58/31 PUT /v1/AUTH_a41edf9686e34385aeb056c2b0bb95ef/gnocchi.73b6e732-7991-4124-899e-31bd94657db5 HTTP/1.0 201 - python-swiftclient-3.11.1 gAAAAABpIy6O5uAY... - - - txefe4f959daa849a3919d9-0069232f27 - 0.0182 - - 1763913511.302629709 1763913511.320782185 0
Nov 23 15:58:31 standalone container-server[128484]: 172.20.0.100 - - [23/Nov/2025:15:58:31 +0000] "HEAD /d1/467/AUTH_a41edf9686e34385aeb056c2b0bb95ef/gnocchi.73b6e732-7991-4124-899e-31bd94657db5" 204 - "HEAD http://172.18.0.2:8080/v1/AUTH_a41edf9686e34385aeb056c2b0bb95ef/gnocchi.73b6e732-7991-4124-899e-31bd94657db5?format=json&states=listing" "txaadaccaab799486eb5751-0069232f27" "proxy-server 12" 0.0016 "-" 20 0
Nov 23 15:58:31 standalone proxy-server[130696]: - - 23/Nov/2025/15/58/31 HEAD /v1/AUTH_a41edf9686e34385aeb056c2b0bb95ef/gnocchi.73b6e732-7991-4124-899e-31bd94657db5%3Fformat%3Djson%26states%3Dlisting HTTP/1.0 204 - Swift - - - - txaadaccaab799486eb5751-0069232f27 - 0.0057 RL - 1763913511.325469494 1763913511.331126928 0
Nov 23 15:58:31 standalone container-server[128492]: 172.20.0.100 - - [23/Nov/2025:15:58:31 +0000] "GET /d1/467/AUTH_a41edf9686e34385aeb056c2b0bb95ef/gnocchi.73b6e732-7991-4124-899e-31bd94657db5" 200 2 "GET http://172.18.0.2:8080/v1/AUTH_a41edf9686e34385aeb056c2b0bb95ef/gnocchi.73b6e732-7991-4124-899e-31bd94657db5?format=json&states=listing" "txaadaccaab799486eb5751-0069232f27" "proxy-server 12" 0.0015 "-" 21 0
Nov 23 15:58:31 standalone proxy-server[130696]: 172.18.0.2 172.18.0.100 23/Nov/2025/15/58/31 GET /v1/AUTH_a41edf9686e34385aeb056c2b0bb95ef/gnocchi.73b6e732-7991-4124-899e-31bd94657db5%3Fformat%3Djson%26states%3Dlisting HTTP/1.0 200 - python-swiftclient-3.11.1 gAAAAABpIy6O5uAY... - 2 - txaadaccaab799486eb5751-0069232f27 - 0.0163 - - 1763913511.324054480 1763913511.340366840 0
Nov 23 15:58:31 standalone object-server[128646]: 172.20.0.100 - - [23/Nov/2025:15:58:31 +0000] "GET /d1/247/AUTH_a41edf9686e34385aeb056c2b0bb95ef/gnocchi.73b6e732-7991-4124-899e-31bd94657db5/1763640000.0_mean_300.0_v3" 404 70 "GET http://172.18.0.2:8080/v1/AUTH_a41edf9686e34385aeb056c2b0bb95ef/gnocchi.73b6e732-7991-4124-899e-31bd94657db5/1763640000.0_mean_300.0_v3" "tx4980be3dcf3041d4b82c0-0069232f27" "proxy-server 12" 0.0003 "-" 22 0
Nov 23 15:58:31 standalone proxy-server[130696]: 172.18.0.2 172.18.0.100 23/Nov/2025/15/58/31 GET /v1/AUTH_a41edf9686e34385aeb056c2b0bb95ef/gnocchi.73b6e732-7991-4124-899e-31bd94657db5/1763640000.0_mean_300.0_v3 HTTP/1.0 404 - python-swiftclient-3.11.1 gAAAAABpIy6O5uAY... - 70 - tx4980be3dcf3041d4b82c0-0069232f27 - 0.0066 - - 1763913511.343921900 1763913511.350484133 0
Nov 23 15:58:31 standalone container-server[128518]: 172.20.0.100 - - [23/Nov/2025:15:58:31 +0000] "PUT /d1/467/AUTH_a41edf9686e34385aeb056c2b0bb95ef/gnocchi.73b6e732-7991-4124-899e-31bd94657db5/1763640000.0_mean_300.0_v3" 201 - "PUT http://172.18.0.2:8080/d1/247/AUTH_a41edf9686e34385aeb056c2b0bb95ef/gnocchi.73b6e732-7991-4124-899e-31bd94657db5/1763640000.0_mean_300.0_v3" "txfbbe6efb8a0642d68c2c1-0069232f27" "object-server 25" 0.0004 "-" 23 0
Nov 23 15:58:31 standalone object-server[128675]: 172.20.0.100 - - [23/Nov/2025:15:58:31 +0000] "PUT /d1/247/AUTH_a41edf9686e34385aeb056c2b0bb95ef/gnocchi.73b6e732-7991-4124-899e-31bd94657db5/1763640000.0_mean_300.0_v3" 201 - "PUT http://172.18.0.2:8080/v1/AUTH_a41edf9686e34385aeb056c2b0bb95ef/gnocchi.73b6e732-7991-4124-899e-31bd94657db5/1763640000.0_mean_300.0_v3" "txfbbe6efb8a0642d68c2c1-0069232f27" "proxy-server 12" 0.0086 "-" 25 0
Nov 23 15:58:31 standalone proxy-server[130696]: 172.18.0.2 172.18.0.100 23/Nov/2025/15/58/31 PUT /v1/AUTH_a41edf9686e34385aeb056c2b0bb95ef/gnocchi.73b6e732-7991-4124-899e-31bd94657db5/1763640000.0_mean_300.0_v3 HTTP/1.0 201 - python-swiftclient-3.11.1 gAAAAABpIy6O5uAY... 16 - - txfbbe6efb8a0642d68c2c1-0069232f27 - 0.0155 - - 1763913511.353616476 1763913511.369164228 0
Nov 23 15:58:31 standalone container-server[128504]: 172.20.0.100 - - [23/Nov/2025:15:58:31 +0000] "PUT /d1/467/AUTH_a41edf9686e34385aeb056c2b0bb95ef/gnocchi.73b6e732-7991-4124-899e-31bd94657db5/none_v3" 201 - "PUT http://172.18.0.2:8080/d1/103/AUTH_a41edf9686e34385aeb056c2b0bb95ef/gnocchi.73b6e732-7991-4124-899e-31bd94657db5/none_v3" "txe2df6ac52f8e46f4b1249-0069232f27" "object-server 25" 0.0010 "-" 22 0
Nov 23 15:58:31 standalone object-server[128675]: 172.20.0.100 - - [23/Nov/2025:15:58:31 +0000] "PUT /d1/103/AUTH_a41edf9686e34385aeb056c2b0bb95ef/gnocchi.73b6e732-7991-4124-899e-31bd94657db5/none_v3" 201 - "PUT http://172.18.0.2:8080/v1/AUTH_a41edf9686e34385aeb056c2b0bb95ef/gnocchi.73b6e732-7991-4124-899e-31bd94657db5/none_v3" "txe2df6ac52f8e46f4b1249-0069232f27" "proxy-server 12" 0.0097 "-" 25 0
Nov 23 15:58:31 standalone proxy-server[130696]: 172.18.0.2 172.18.0.100 23/Nov/2025/15/58/31 PUT /v1/AUTH_a41edf9686e34385aeb056c2b0bb95ef/gnocchi.73b6e732-7991-4124-899e-31bd94657db5/none_v3 HTTP/1.0 201 - python-swiftclient-3.11.1 gAAAAABpIy6O5uAY... 22 - - txe2df6ac52f8e46f4b1249-0069232f27 - 0.0180 - - 1763913511.375009060 1763913511.393046856 0
Nov 23 15:58:31 standalone container-server[128504]: 172.20.0.100 - - [23/Nov/2025:15:58:31 +0000] "HEAD /d1/218/AUTH_a41edf9686e34385aeb056c2b0bb95ef/gnocchi.b1b491e1-1344-44c4-9dd6-1c9c9a8126fe" 404 - "HEAD http://172.18.0.2:8080/v1/AUTH_a41edf9686e34385aeb056c2b0bb95ef/gnocchi.b1b491e1-1344-44c4-9dd6-1c9c9a8126fe?format=json&states=listing" "txb2af54e23eb54330afada-0069232f27" "proxy-server 12" 0.0005 "-" 22 0
Nov 23 15:58:31 standalone object-server[128675]: 172.20.0.100 - - [23/Nov/2025:15:58:31 +0000] "GET /d1/178/AUTH_a41edf9686e34385aeb056c2b0bb95ef/gnocchi.b1b491e1-1344-44c4-9dd6-1c9c9a8126fe/none_v3" 404 70 "GET http://172.18.0.2:8080/v1/AUTH_a41edf9686e34385aeb056c2b0bb95ef/gnocchi.b1b491e1-1344-44c4-9dd6-1c9c9a8126fe/none_v3" "txb2af54e23eb54330afada-0069232f27" "proxy-server 12" 0.0003 "-" 25 0
Nov 23 15:58:31 standalone proxy-server[130696]: 172.18.0.2 172.18.0.100 23/Nov/2025/15/58/31 GET /v1/AUTH_a41edf9686e34385aeb056c2b0bb95ef/gnocchi.b1b491e1-1344-44c4-9dd6-1c9c9a8126fe/none_v3 HTTP/1.0 404 - python-swiftclient-3.11.1 gAAAAABpIy6O5uAY... - 70 - txb2af54e23eb54330afada-0069232f27 - 0.0112 - - 1763913511.403085470 1763913511.414237499 0
Nov 23 15:58:31 standalone account-server[128472]: 172.20.0.100 - - [23/Nov/2025:15:58:31 +0000] "PUT /d1/262/AUTH_a41edf9686e34385aeb056c2b0bb95ef/gnocchi.b1b491e1-1344-44c4-9dd6-1c9c9a8126fe" 201 - "PUT http://172.20.0.100:6001/d1/218/AUTH_a41edf9686e34385aeb056c2b0bb95ef/gnocchi.b1b491e1-1344-44c4-9dd6-1c9c9a8126fe" "txcda5fa014fd64d5cb88d2-0069232f27" "container-server 23" 0.0071 "-" 22 0
Nov 23 15:58:31 standalone container-server[128518]: 172.20.0.100 - - [23/Nov/2025:15:58:31 +0000] "PUT /d1/218/AUTH_a41edf9686e34385aeb056c2b0bb95ef/gnocchi.b1b491e1-1344-44c4-9dd6-1c9c9a8126fe" 201 - "PUT http://172.18.0.2:8080/v1/AUTH_a41edf9686e34385aeb056c2b0bb95ef/gnocchi.b1b491e1-1344-44c4-9dd6-1c9c9a8126fe" "txcda5fa014fd64d5cb88d2-0069232f27" "proxy-server 12" 0.0225 "-" 23 0
Nov 23 15:58:31 standalone proxy-server[130696]: 172.18.0.2 172.18.0.100 23/Nov/2025/15/58/31 PUT /v1/AUTH_a41edf9686e34385aeb056c2b0bb95ef/gnocchi.b1b491e1-1344-44c4-9dd6-1c9c9a8126fe HTTP/1.0 201 - python-swiftclient-3.11.1 gAAAAABpIy6O5uAY... - - - txcda5fa014fd64d5cb88d2-0069232f27 - 0.0314 - - 1763913511.416929483 1763913511.448322296 0
Nov 23 15:58:31 standalone container-server[128484]: 172.20.0.100 - - [23/Nov/2025:15:58:31 +0000] "HEAD /d1/218/AUTH_a41edf9686e34385aeb056c2b0bb95ef/gnocchi.b1b491e1-1344-44c4-9dd6-1c9c9a8126fe" 204 - "HEAD http://172.18.0.2:8080/v1/AUTH_a41edf9686e34385aeb056c2b0bb95ef/gnocchi.b1b491e1-1344-44c4-9dd6-1c9c9a8126fe?format=json&states=listing" "tx756b5d6024f54e699ea69-0069232f27" "proxy-server 12" 0.0016 "-" 20 0
Nov 23 15:58:31 standalone proxy-server[130696]: - - 23/Nov/2025/15/58/31 HEAD /v1/AUTH_a41edf9686e34385aeb056c2b0bb95ef/gnocchi.b1b491e1-1344-44c4-9dd6-1c9c9a8126fe%3Fformat%3Djson%26states%3Dlisting HTTP/1.0 204 - Swift - - - - tx756b5d6024f54e699ea69-0069232f27 - 0.0058 RL - 1763913511.457870483 1763913511.463670492 0
Nov 23 15:58:31 standalone container-server[128492]: 172.20.0.100 - - [23/Nov/2025:15:58:31 +0000] "GET /d1/218/AUTH_a41edf9686e34385aeb056c2b0bb95ef/gnocchi.b1b491e1-1344-44c4-9dd6-1c9c9a8126fe" 200 2 "GET http://172.18.0.2:8080/v1/AUTH_a41edf9686e34385aeb056c2b0bb95ef/gnocchi.b1b491e1-1344-44c4-9dd6-1c9c9a8126fe?format=json&states=listing" "tx756b5d6024f54e699ea69-0069232f27" "proxy-server 12" 0.0034 "-" 21 0
Nov 23 15:58:31 standalone proxy-server[130696]: 172.18.0.2 172.18.0.100 23/Nov/2025/15/58/31 GET /v1/AUTH_a41edf9686e34385aeb056c2b0bb95ef/gnocchi.b1b491e1-1344-44c4-9dd6-1c9c9a8126fe%3Fformat%3Djson%26states%3Dlisting HTTP/1.0 200 - python-swiftclient-3.11.1 gAAAAABpIy6O5uAY... - 2 - tx756b5d6024f54e699ea69-0069232f27 - 0.0191 - - 1763913511.456521749 1763913511.475573063 0
Nov 23 15:58:31 standalone object-server[128666]: 172.20.0.100 - - [23/Nov/2025:15:58:31 +0000] "GET /d1/811/AUTH_a41edf9686e34385aeb056c2b0bb95ef/gnocchi.b1b491e1-1344-44c4-9dd6-1c9c9a8126fe/1763640000.0_mean_300.0_v3" 404 70 "GET http://172.18.0.2:8080/v1/AUTH_a41edf9686e34385aeb056c2b0bb95ef/gnocchi.b1b491e1-1344-44c4-9dd6-1c9c9a8126fe/1763640000.0_mean_300.0_v3" "tx59220b8dea3e44c9a31a4-0069232f27" "proxy-server 12" 0.0006 "-" 24 0
Nov 23 15:58:31 standalone proxy-server[130696]: 172.18.0.2 172.18.0.100 23/Nov/2025/15/58/31 GET /v1/AUTH_a41edf9686e34385aeb056c2b0bb95ef/gnocchi.b1b491e1-1344-44c4-9dd6-1c9c9a8126fe/1763640000.0_mean_300.0_v3 HTTP/1.0 404 - python-swiftclient-3.11.1 gAAAAABpIy6O5uAY... - 70 - tx59220b8dea3e44c9a31a4-0069232f27 - 0.0080 - - 1763913511.478987932 1763913511.486996651 0
Nov 23 15:58:31 standalone container-server[128484]: 172.20.0.100 - - [23/Nov/2025:15:58:31 +0000] "PUT /d1/218/AUTH_a41edf9686e34385aeb056c2b0bb95ef/gnocchi.b1b491e1-1344-44c4-9dd6-1c9c9a8126fe/1763640000.0_mean_300.0_v3" 201 - "PUT http://172.18.0.2:8080/d1/811/AUTH_a41edf9686e34385aeb056c2b0bb95ef/gnocchi.b1b491e1-1344-44c4-9dd6-1c9c9a8126fe/1763640000.0_mean_300.0_v3" "tx922700e89d00455d8ee8f-0069232f27" "object-server 22" 0.0007 "-" 20 0
Nov 23 15:58:31 standalone object-server[128646]: 172.20.0.100 - - [23/Nov/2025:15:58:31 +0000] "PUT /d1/811/AUTH_a41edf9686e34385aeb056c2b0bb95ef/gnocchi.b1b491e1-1344-44c4-9dd6-1c9c9a8126fe/1763640000.0_mean_300.0_v3" 201 - "PUT http://172.18.0.2:8080/v1/AUTH_a41edf9686e34385aeb056c2b0bb95ef/gnocchi.b1b491e1-1344-44c4-9dd6-1c9c9a8126fe/1763640000.0_mean_300.0_v3" "tx922700e89d00455d8ee8f-0069232f27" "proxy-server 12" 0.0121 "-" 22 0
Nov 23 15:58:31 standalone proxy-server[130696]: 172.18.0.2 172.18.0.100 23/Nov/2025/15/58/31 PUT /v1/AUTH_a41edf9686e34385aeb056c2b0bb95ef/gnocchi.b1b491e1-1344-44c4-9dd6-1c9c9a8126fe/1763640000.0_mean_300.0_v3 HTTP/1.0 201 - python-swiftclient-3.11.1 gAAAAABpIy6O5uAY... 16 - - tx922700e89d00455d8ee8f-0069232f27 - 0.0194 - - 1763913511.490028381 1763913511.509448051 0
Nov 23 15:58:31 standalone container-server[128504]: 172.20.0.100 - - [23/Nov/2025:15:58:31 +0000] "PUT /d1/218/AUTH_a41edf9686e34385aeb056c2b0bb95ef/gnocchi.b1b491e1-1344-44c4-9dd6-1c9c9a8126fe/none_v3" 201 - "PUT http://172.18.0.2:8080/d1/178/AUTH_a41edf9686e34385aeb056c2b0bb95ef/gnocchi.b1b491e1-1344-44c4-9dd6-1c9c9a8126fe/none_v3" "tx8d120f1a3a1e4f86a7a3f-0069232f27" "object-server 23" 0.0006 "-" 22 0
Nov 23 15:58:31 standalone object-server[128661]: 172.20.0.100 - - [23/Nov/2025:15:58:31 +0000] "PUT /d1/178/AUTH_a41edf9686e34385aeb056c2b0bb95ef/gnocchi.b1b491e1-1344-44c4-9dd6-1c9c9a8126fe/none_v3" 201 - "PUT http://172.18.0.2:8080/v1/AUTH_a41edf9686e34385aeb056c2b0bb95ef/gnocchi.b1b491e1-1344-44c4-9dd6-1c9c9a8126fe/none_v3" "tx8d120f1a3a1e4f86a7a3f-0069232f27" "proxy-server 12" 0.0110 "-" 23 0
Nov 23 15:58:31 standalone proxy-server[130696]: 172.18.0.2 172.18.0.100 23/Nov/2025/15/58/31 PUT /v1/AUTH_a41edf9686e34385aeb056c2b0bb95ef/gnocchi.b1b491e1-1344-44c4-9dd6-1c9c9a8126fe/none_v3 HTTP/1.0 201 - python-swiftclient-3.11.1 gAAAAABpIy6O5uAY... 22 - - tx8d120f1a3a1e4f86a7a3f-0069232f27 - 0.0199 - - 1763913511.513814211 1763913511.533735514 0
Nov 23 15:58:31 standalone container-server[128492]: 172.20.0.100 - - [23/Nov/2025:15:58:31 +0000] "HEAD /d1/1007/AUTH_a41edf9686e34385aeb056c2b0bb95ef/gnocchi.920e4c4f-c0e4-407f-8fcf-c36eae7e4fca" 404 - "HEAD http://172.18.0.2:8080/v1/AUTH_a41edf9686e34385aeb056c2b0bb95ef/gnocchi.920e4c4f-c0e4-407f-8fcf-c36eae7e4fca?format=json&states=listing" "txfb1e3d7f94b34687bc531-0069232f27" "proxy-server 12" 0.0005 "-" 21 0
Nov 23 15:58:31 standalone object-server[128666]: 172.20.0.100 - - [23/Nov/2025:15:58:31 +0000] "GET /d1/821/AUTH_a41edf9686e34385aeb056c2b0bb95ef/gnocchi.920e4c4f-c0e4-407f-8fcf-c36eae7e4fca/none_v3" 404 70 "GET http://172.18.0.2:8080/v1/AUTH_a41edf9686e34385aeb056c2b0bb95ef/gnocchi.920e4c4f-c0e4-407f-8fcf-c36eae7e4fca/none_v3" "txfb1e3d7f94b34687bc531-0069232f27" "proxy-server 12" 0.0008 "-" 24 0
