Nov 23 15:57:53 standalone container-server[128518]: 172.20.0.100 - - [23/Nov/2025:15:57:53 +0000] "GET /d1/17/AUTH_a41edf9686e34385aeb056c2b0bb95ef/gnocchi.0ac20995-4df8-40e4-ba1d-15450ce3b53a" 200 2 "GET http://172.18.0.2:8080/v1/AUTH_a41edf9686e34385aeb056c2b0bb95ef/gnocchi.0ac20995-4df8-40e4-ba1d-15450ce3b53a?format=json&states=listing" "txf24924c36306456c8f2ef-0069232f01" "proxy-server 12" 0.0019 "-" 23 0
Nov 23 15:57:53 standalone proxy-server[130696]: 172.18.0.2 172.18.0.100 23/Nov/2025/15/57/53 GET /v1/AUTH_a41edf9686e34385aeb056c2b0bb95ef/gnocchi.0ac20995-4df8-40e4-ba1d-15450ce3b53a%3Fformat%3Djson%26states%3Dlisting HTTP/1.0 200 - python-swiftclient-3.11.1 gAAAAABpIy6O5uAY... - 2 - txf24924c36306456c8f2ef-0069232f01 - 0.0121 - - 1763913473.260574102 1763913473.272652864 0
Nov 23 15:57:53 standalone object-server[128666]: 172.20.0.100 - - [23/Nov/2025:15:57:53 +0000] "GET /d1/775/AUTH_a41edf9686e34385aeb056c2b0bb95ef/gnocchi.0ac20995-4df8-40e4-ba1d-15450ce3b53a/1763640000.0_mean_300.0_v3" 404 70 "GET http://172.18.0.2:8080/v1/AUTH_a41edf9686e34385aeb056c2b0bb95ef/gnocchi.0ac20995-4df8-40e4-ba1d-15450ce3b53a/1763640000.0_mean_300.0_v3" "tx87c3f3f0ebbd493db8eca-0069232f01" "proxy-server 12" 0.0005 "-" 24 0
Nov 23 15:57:53 standalone proxy-server[130696]: 172.18.0.2 172.18.0.100 23/Nov/2025/15/57/53 GET /v1/AUTH_a41edf9686e34385aeb056c2b0bb95ef/gnocchi.0ac20995-4df8-40e4-ba1d-15450ce3b53a/1763640000.0_mean_300.0_v3 HTTP/1.0 404 - python-swiftclient-3.11.1 gAAAAABpIy6O5uAY... - 70 - tx87c3f3f0ebbd493db8eca-0069232f01 - 0.0054 - - 1763913473.275826693 1763913473.281247377 0
Nov 23 15:57:53 standalone container-server[128518]: 172.20.0.100 - - [23/Nov/2025:15:57:53 +0000] "PUT /d1/17/AUTH_a41edf9686e34385aeb056c2b0bb95ef/gnocchi.0ac20995-4df8-40e4-ba1d-15450ce3b53a/1763640000.0_mean_300.0_v3" 201 - "PUT http://172.18.0.2:8080/d1/775/AUTH_a41edf9686e34385aeb056c2b0bb95ef/gnocchi.0ac20995-4df8-40e4-ba1d-15450ce3b53a/1763640000.0_mean_300.0_v3" "tx1784220aa4564926af320-0069232f01" "object-server 23" 0.0007 "-" 23 0
Nov 23 15:57:53 standalone object-server[128661]: 172.20.0.100 - - [23/Nov/2025:15:57:53 +0000] "PUT /d1/775/AUTH_a41edf9686e34385aeb056c2b0bb95ef/gnocchi.0ac20995-4df8-40e4-ba1d-15450ce3b53a/1763640000.0_mean_300.0_v3" 201 - "PUT http://172.18.0.2:8080/v1/AUTH_a41edf9686e34385aeb056c2b0bb95ef/gnocchi.0ac20995-4df8-40e4-ba1d-15450ce3b53a/1763640000.0_mean_300.0_v3" "tx1784220aa4564926af320-0069232f01" "proxy-server 12" 0.0128 "-" 23 0
Nov 23 15:57:53 standalone proxy-server[130696]: 172.18.0.2 172.18.0.100 23/Nov/2025/15/57/53 PUT /v1/AUTH_a41edf9686e34385aeb056c2b0bb95ef/gnocchi.0ac20995-4df8-40e4-ba1d-15450ce3b53a/1763640000.0_mean_300.0_v3 HTTP/1.0 201 - python-swiftclient-3.11.1 gAAAAABpIy6O5uAY... 16 - - tx1784220aa4564926af320-0069232f01 - 0.0187 - - 1763913473.283776045 1763913473.302465439 0
Nov 23 15:57:53 standalone container-server[128492]: 172.20.0.100 - - [23/Nov/2025:15:57:53 +0000] "PUT /d1/17/AUTH_a41edf9686e34385aeb056c2b0bb95ef/gnocchi.0ac20995-4df8-40e4-ba1d-15450ce3b53a/none_v3" 201 - "PUT http://172.18.0.2:8080/d1/969/AUTH_a41edf9686e34385aeb056c2b0bb95ef/gnocchi.0ac20995-4df8-40e4-ba1d-15450ce3b53a/none_v3" "tx5470de18c4cf4c26a5442-0069232f01" "object-server 23" 0.0011 "-" 21 0
Nov 23 15:57:53 standalone object-server[128661]: 172.20.0.100 - - [23/Nov/2025:15:57:53 +0000] "PUT /d1/969/AUTH_a41edf9686e34385aeb056c2b0bb95ef/gnocchi.0ac20995-4df8-40e4-ba1d-15450ce3b53a/none_v3" 201 - "PUT http://172.18.0.2:8080/v1/AUTH_a41edf9686e34385aeb056c2b0bb95ef/gnocchi.0ac20995-4df8-40e4-ba1d-15450ce3b53a/none_v3" "tx5470de18c4cf4c26a5442-0069232f01" "proxy-server 12" 0.0136 "-" 23 0
Nov 23 15:57:53 standalone proxy-server[130696]: 172.18.0.2 172.18.0.100 23/Nov/2025/15/57/53 PUT /v1/AUTH_a41edf9686e34385aeb056c2b0bb95ef/gnocchi.0ac20995-4df8-40e4-ba1d-15450ce3b53a/none_v3 HTTP/1.0 201 - python-swiftclient-3.11.1 gAAAAABpIy6O5uAY... 22 - - tx5470de18c4cf4c26a5442-0069232f01 - 0.0247 - - 1763913473.306393623 1763913473.331056118 0
Nov 23 15:57:54 standalone object-server[128661]: 172.20.0.100 - - [23/Nov/2025:15:57:54 +0000] "GET /d1/969/AUTH_a41edf9686e34385aeb056c2b0bb95ef/gnocchi.0ac20995-4df8-40e4-ba1d-15450ce3b53a/none_v3" 200 22 "GET http://172.18.0.2:8080/v1/AUTH_a41edf9686e34385aeb056c2b0bb95ef/gnocchi.0ac20995-4df8-40e4-ba1d-15450ce3b53a/none_v3" "tx60e0f967f07145bdb6b0e-0069232f02" "proxy-server 12" 0.0014 "-" 23 0
Nov 23 15:57:54 standalone proxy-server[130696]: 172.18.0.2 172.18.0.100 23/Nov/2025/15/57/54 GET /v1/AUTH_a41edf9686e34385aeb056c2b0bb95ef/gnocchi.0ac20995-4df8-40e4-ba1d-15450ce3b53a/none_v3 HTTP/1.0 200 - python-swiftclient-3.11.1 gAAAAABpIy6O5uAY... - 22 - tx60e0f967f07145bdb6b0e-0069232f02 - 0.0113 - - 1763913474.300832272 1763913474.312128544 0
Nov 23 15:57:54 standalone container-server[128492]: 172.20.0.100 - - [23/Nov/2025:15:57:54 +0000] "GET /d1/17/AUTH_a41edf9686e34385aeb056c2b0bb95ef/gnocchi.0ac20995-4df8-40e4-ba1d-15450ce3b53a" 200 357 "GET http://172.18.0.2:8080/v1/AUTH_a41edf9686e34385aeb056c2b0bb95ef/gnocchi.0ac20995-4df8-40e4-ba1d-15450ce3b53a?format=json&states=listing" "tx19f6ff62a7e940d7a0ce1-0069232f02" "proxy-server 12" 0.0187 "-" 21 0
Nov 23 15:57:54 standalone proxy-server[130696]: 172.18.0.2 172.18.0.100 23/Nov/2025/15/57/54 GET /v1/AUTH_a41edf9686e34385aeb056c2b0bb95ef/gnocchi.0ac20995-4df8-40e4-ba1d-15450ce3b53a%3Fformat%3Djson%26states%3Dlisting HTTP/1.0 200 - python-swiftclient-3.11.1 gAAAAABpIy6O5uAY... - 357 - tx19f6ff62a7e940d7a0ce1-0069232f02 - 0.0281 - - 1763913474.316268682 1763913474.344335794 0
Nov 23 15:57:54 standalone container-server[128518]: 172.20.0.100 - - [23/Nov/2025:15:57:54 +0000] "GET /d1/17/AUTH_a41edf9686e34385aeb056c2b0bb95ef/gnocchi.0ac20995-4df8-40e4-ba1d-15450ce3b53a" 200 2 "GET http://172.18.0.2:8080/v1/AUTH_a41edf9686e34385aeb056c2b0bb95ef/gnocchi.0ac20995-4df8-40e4-ba1d-15450ce3b53a?format=json&marker=none_v3&states=listing" "tx0e654ddf79874e15b5867-0069232f02" "proxy-server 12" 0.0037 "-" 23 0
Nov 23 15:57:54 standalone proxy-server[130696]: 172.18.0.2 172.18.0.100 23/Nov/2025/15/57/54 GET /v1/AUTH_a41edf9686e34385aeb056c2b0bb95ef/gnocchi.0ac20995-4df8-40e4-ba1d-15450ce3b53a%3Fformat%3Djson%26marker%3Dnone_v3%26states%3Dlisting HTTP/1.0 200 - python-swiftclient-3.11.1 gAAAAABpIy6O5uAY... - 2 - tx0e654ddf79874e15b5867-0069232f02 - 0.0124 - - 1763913474.347286701 1763913474.359712839 0
Nov 23 15:57:54 standalone object-server[128666]: 172.20.0.100 - - [23/Nov/2025:15:57:54 +0000] "GET /d1/775/AUTH_a41edf9686e34385aeb056c2b0bb95ef/gnocchi.0ac20995-4df8-40e4-ba1d-15450ce3b53a/1763640000.0_mean_300.0_v3" 200 16 "GET http://172.18.0.2:8080/v1/AUTH_a41edf9686e34385aeb056c2b0bb95ef/gnocchi.0ac20995-4df8-40e4-ba1d-15450ce3b53a/1763640000.0_mean_300.0_v3" "tx339ab990caa94c5592012-0069232f02" "proxy-server 12" 0.0007 "-" 24 0
Nov 23 15:57:54 standalone proxy-server[130696]: 172.18.0.2 172.18.0.100 23/Nov/2025/15/57/54 GET /v1/AUTH_a41edf9686e34385aeb056c2b0bb95ef/gnocchi.0ac20995-4df8-40e4-ba1d-15450ce3b53a/1763640000.0_mean_300.0_v3 HTTP/1.0 200 - python-swiftclient-3.11.1 gAAAAABpIy6O5uAY... - 16 - tx339ab990caa94c5592012-0069232f02 - 0.0094 - - 1763913474.364644051 1763913474.374076366 0
Nov 23 15:57:54 standalone container-server[128492]: 172.20.0.100 - - [23/Nov/2025:15:57:54 +0000] "PUT /d1/17/AUTH_a41edf9686e34385aeb056c2b0bb95ef/gnocchi.0ac20995-4df8-40e4-ba1d-15450ce3b53a/1763640000.0_mean_300.0_v3" 201 - "PUT http://172.18.0.2:8080/d1/775/AUTH_a41edf9686e34385aeb056c2b0bb95ef/gnocchi.0ac20995-4df8-40e4-ba1d-15450ce3b53a/1763640000.0_mean_300.0_v3" "txfadf632d889d4b3db63b7-0069232f02" "object-server 24" 0.0009 "-" 21 0
Nov 23 15:57:54 standalone object-server[128666]: 172.20.0.100 - - [23/Nov/2025:15:57:54 +0000] "PUT /d1/775/AUTH_a41edf9686e34385aeb056c2b0bb95ef/gnocchi.0ac20995-4df8-40e4-ba1d-15450ce3b53a/1763640000.0_mean_300.0_v3" 201 - "PUT http://172.18.0.2:8080/v1/AUTH_a41edf9686e34385aeb056c2b0bb95ef/gnocchi.0ac20995-4df8-40e4-ba1d-15450ce3b53a/1763640000.0_mean_300.0_v3" "txfadf632d889d4b3db63b7-0069232f02" "proxy-server 12" 0.0102 "-" 24 0
Nov 23 15:57:54 standalone proxy-server[130696]: 172.18.0.2 172.18.0.100 23/Nov/2025/15/57/54 PUT /v1/AUTH_a41edf9686e34385aeb056c2b0bb95ef/gnocchi.0ac20995-4df8-40e4-ba1d-15450ce3b53a/1763640000.0_mean_300.0_v3 HTTP/1.0 201 - python-swiftclient-3.11.1 gAAAAABpIy6O5uAY... 16 - - txfadf632d889d4b3db63b7-0069232f02 - 0.0179 - - 1763913474.379004955 1763913474.396936655 0
Nov 23 15:57:54 standalone container-server[128518]: 172.20.0.100 - - [23/Nov/2025:15:57:54 +0000] "PUT /d1/17/AUTH_a41edf9686e34385aeb056c2b0bb95ef/gnocchi.0ac20995-4df8-40e4-ba1d-15450ce3b53a/none_v3" 201 - "PUT http://172.18.0.2:8080/d1/969/AUTH_a41edf9686e34385aeb056c2b0bb95ef/gnocchi.0ac20995-4df8-40e4-ba1d-15450ce3b53a/none_v3" "txda5117c4309f4b469970d-0069232f02" "object-server 25" 0.0009 "-" 23 0
Nov 23 15:57:54 standalone object-server[128675]: 172.20.0.100 - - [23/Nov/2025:15:57:54 +0000] "PUT /d1/969/AUTH_a41edf9686e34385aeb056c2b0bb95ef/gnocchi.0ac20995-4df8-40e4-ba1d-15450ce3b53a/none_v3" 201 - "PUT http://172.18.0.2:8080/v1/AUTH_a41edf9686e34385aeb056c2b0bb95ef/gnocchi.0ac20995-4df8-40e4-ba1d-15450ce3b53a/none_v3" "txda5117c4309f4b469970d-0069232f02" "proxy-server 12" 0.0132 "-" 25 0
Nov 23 15:57:54 standalone proxy-server[130696]: 172.18.0.2 172.18.0.100 23/Nov/2025/15/57/54 PUT /v1/AUTH_a41edf9686e34385aeb056c2b0bb95ef/gnocchi.0ac20995-4df8-40e4-ba1d-15450ce3b53a/none_v3 HTTP/1.0 201 - python-swiftclient-3.11.1 gAAAAABpIy6O5uAY... 31 - - txda5117c4309f4b469970d-0069232f02 - 0.0221 - - 1763913474.400830269 1763913474.422970772 0
Nov 23 15:58:03 standalone account-server[128463]: 172.20.0.100 - - [23/Nov/2025:15:58:03 +0000] "HEAD /d1/262/AUTH_a41edf9686e34385aeb056c2b0bb95ef" 204 - "HEAD http://172.18.0.2:8080/v1/AUTH_a41edf9686e34385aeb056c2b0bb95ef?format=json" "tx22db1dfb328442e6b9aac-0069232f0b" "proxy-server 12" 0.0062 "-" 20 -
Nov 23 15:58:03 standalone proxy-server[130696]: - - 23/Nov/2025/15/58/03 HEAD /v1/AUTH_a41edf9686e34385aeb056c2b0bb95ef%3Fformat%3Djson HTTP/1.0 204 - Swift - - - - tx22db1dfb328442e6b9aac-0069232f0b - 0.0116 RL - 1763913483.146268606 1763913483.157829523 -
Nov 23 15:58:03 standalone object-server[128666]: 172.20.0.100 - - [23/Nov/2025:15:58:03 +0000] "GET /d1/209/AUTH_a41edf9686e34385aeb056c2b0bb95ef/gnocchi.f517c3cc-e915-4d9a-a513-44148aca5858/none_v3" 200 31 "GET http://172.18.0.2:8080/v1/AUTH_a41edf9686e34385aeb056c2b0bb95ef/gnocchi.f517c3cc-e915-4d9a-a513-44148aca5858/none_v3" "tx22db1dfb328442e6b9aac-0069232f0b" "proxy-server 12" 0.0014 "-" 24 0
Nov 23 15:58:03 standalone proxy-server[130696]: 172.18.0.2 172.18.0.100 23/Nov/2025/15/58/03 GET /v1/AUTH_a41edf9686e34385aeb056c2b0bb95ef/gnocchi.f517c3cc-e915-4d9a-a513-44148aca5858/none_v3 HTTP/1.0 200 - python-swiftclient-3.11.1 gAAAAABpIy6O5uAY... - 31 - tx22db1dfb328442e6b9aac-0069232f0b - 0.0222 - - 1763913483.145244598 1763913483.167488813 0
Nov 23 15:58:03 standalone container-server[128518]: 172.20.0.100 - - [23/Nov/2025:15:58:03 +0000] "GET /d1/846/AUTH_a41edf9686e34385aeb056c2b0bb95ef/gnocchi.f517c3cc-e915-4d9a-a513-44148aca5858" 200 357 "GET http://172.18.0.2:8080/v1/AUTH_a41edf9686e34385aeb056c2b0bb95ef/gnocchi.f517c3cc-e915-4d9a-a513-44148aca5858?format=json&states=listing" "tx41e6cc00b7734a01bf522-0069232f0b" "proxy-server 12" 0.0076 "-" 23 0
Nov 23 15:58:03 standalone proxy-server[130696]: 172.18.0.2 172.18.0.100 23/Nov/2025/15/58/03 GET /v1/AUTH_a41edf9686e34385aeb056c2b0bb95ef/gnocchi.f517c3cc-e915-4d9a-a513-44148aca5858%3Fformat%3Djson%26states%3Dlisting HTTP/1.0 200 - python-swiftclient-3.11.1 gAAAAABpIy6O5uAY... - 357 - tx41e6cc00b7734a01bf522-0069232f0b - 0.0160 - - 1763913483.172197580 1763913483.188184977 0
Nov 23 15:58:03 standalone container-server[128492]: 172.20.0.100 - - [23/Nov/2025:15:58:03 +0000] "GET /d1/846/AUTH_a41edf9686e34385aeb056c2b0bb95ef/gnocchi.f517c3cc-e915-4d9a-a513-44148aca5858" 200 2 "GET http://172.18.0.2:8080/v1/AUTH_a41edf9686e34385aeb056c2b0bb95ef/gnocchi.f517c3cc-e915-4d9a-a513-44148aca5858?format=json&marker=none_v3&states=listing" "tx76e48e0046c94a6d91407-0069232f0b" "proxy-server 12" 0.0018 "-" 21 0
Nov 23 15:58:03 standalone proxy-server[130696]: 172.18.0.2 172.18.0.100 23/Nov/2025/15/58/03 GET /v1/AUTH_a41edf9686e34385aeb056c2b0bb95ef/gnocchi.f517c3cc-e915-4d9a-a513-44148aca5858%3Fformat%3Djson%26marker%3Dnone_v3%26states%3Dlisting HTTP/1.0 200 - python-swiftclient-3.11.1 gAAAAABpIy6O5uAY... - 2 - tx76e48e0046c94a6d91407-0069232f0b - 0.0083 - - 1763913483.191788435 1763913483.200079918 0
Nov 23 15:58:03 standalone object-server[128661]: 172.20.0.100 - - [23/Nov/2025:15:58:03 +0000] "GET /d1/719/AUTH_a41edf9686e34385aeb056c2b0bb95ef/gnocchi.f517c3cc-e915-4d9a-a513-44148aca5858/1763640000.0_mean_300.0_v3" 200 16 "GET http://172.18.0.2:8080/v1/AUTH_a41edf9686e34385aeb056c2b0bb95ef/gnocchi.f517c3cc-e915-4d9a-a513-44148aca5858/1763640000.0_mean_300.0_v3" "tx1f554abfeefa4e26b9897-0069232f0b" "proxy-server 12" 0.0009 "-" 23 0
Nov 23 15:58:03 standalone proxy-server[130696]: 172.18.0.2 172.18.0.100 23/Nov/2025/15/58/03 GET /v1/AUTH_a41edf9686e34385aeb056c2b0bb95ef/gnocchi.f517c3cc-e915-4d9a-a513-44148aca5858/1763640000.0_mean_300.0_v3 HTTP/1.0 200 - python-swiftclient-3.11.1 gAAAAABpIy6O5uAY... - 16 - tx1f554abfeefa4e26b9897-0069232f0b - 0.0072 - - 1763913483.204542875 1763913483.211781740 0
Nov 23 15:58:03 standalone container-server[128484]: 172.20.0.100 - - [23/Nov/2025:15:58:03 +0000] "PUT /d1/846/AUTH_a41edf9686e34385aeb056c2b0bb95ef/gnocchi.f517c3cc-e915-4d9a-a513-44148aca5858/1763640000.0_mean_300.0_v3" 201 - "PUT http://172.18.0.2:8080/d1/719/AUTH_a41edf9686e34385aeb056c2b0bb95ef/gnocchi.f517c3cc-e915-4d9a-a513-44148aca5858/1763640000.0_mean_300.0_v3" "tx8db459082f6941ed98431-0069232f0b" "object-server 24" 0.0013 "-" 20 0
Nov 23 15:58:03 standalone object-server[128666]: 172.20.0.100 - - [23/Nov/2025:15:58:03 +0000] "PUT /d1/719/AUTH_a41edf9686e34385aeb056c2b0bb95ef/gnocchi.f517c3cc-e915-4d9a-a513-44148aca5858/1763640000.0_mean_300.0_v3" 201 - "PUT http://172.18.0.2:8080/v1/AUTH_a41edf9686e34385aeb056c2b0bb95ef/gnocchi.f517c3cc-e915-4d9a-a513-44148aca5858/1763640000.0_mean_300.0_v3" "tx8db459082f6941ed98431-0069232f0b" "proxy-server 12" 0.0147 "-" 24 0
Nov 23 15:58:03 standalone proxy-server[130696]: 172.18.0.2 172.18.0.100 23/Nov/2025/15/58/03 PUT /v1/AUTH_a41edf9686e34385aeb056c2b0bb95ef/gnocchi.f517c3cc-e915-4d9a-a513-44148aca5858/1763640000.0_mean_300.0_v3 HTTP/1.0 201 - python-swiftclient-3.11.1 gAAAAABpIy6O5uAY... 16 - - tx8db459082f6941ed98431-0069232f0b - 0.0219 - - 1763913483.215268612 1763913483.237135649 0
Nov 23 15:58:03 standalone container-server[128504]: 172.20.0.100 - - [23/Nov/2025:15:58:03 +0000] "PUT /d1/846/AUTH_a41edf9686e34385aeb056c2b0bb95ef/gnocchi.f517c3cc-e915-4d9a-a513-44148aca5858/none_v3" 201 - "PUT http://172.18.0.2:8080/d1/209/AUTH_a41edf9686e34385aeb056c2b0bb95ef/gnocchi.f517c3cc-e915-4d9a-a513-44148aca5858/none_v3" "tx759b5a7a532b495798952-0069232f0b" "object-server 23" 0.0007 "-" 22 0
Nov 23 15:58:03 standalone object-server[128661]: 172.20.0.100 - - [23/Nov/2025:15:58:03 +0000] "PUT /d1/209/AUTH_a41edf9686e34385aeb056c2b0bb95ef/gnocchi.f517c3cc-e915-4d9a-a513-44148aca5858/none_v3" 201 - "PUT http://172.18.0.2:8080/v1/AUTH_a41edf9686e34385aeb056c2b0bb95ef/gnocchi.f517c3cc-e915-4d9a-a513-44148aca5858/none_v3" "tx759b5a7a532b495798952-0069232f0b" "proxy-server 12" 0.0149 "-" 23 0
Nov 23 15:58:03 standalone proxy-server[130696]: 172.18.0.2 172.18.0.100 23/Nov/2025/15/58/03 PUT /v1/AUTH_a41edf9686e34385aeb056c2b0bb95ef/gnocchi.f517c3cc-e915-4d9a-a513-44148aca5858/none_v3 HTTP/1.0 201 - python-swiftclient-3.11.1 gAAAAABpIy6O5uAY... 46 - - tx759b5a7a532b495798952-0069232f0b - 0.0233 - - 1763913483.241192341 1763913483.264471292 0
Nov 23 15:58:04 standalone object-server[128666]: 172.20.0.100 - - [23/Nov/2025:15:58:04 +0000] "GET /d1/209/AUTH_a41edf9686e34385aeb056c2b0bb95ef/gnocchi.f517c3cc-e915-4d9a-a513-44148aca5858/none_v3" 200 46 "GET http://172.18.0.2:8080/v1/AUTH_a41edf9686e34385aeb056c2b0bb95ef/gnocchi.f517c3cc-e915-4d9a-a513-44148aca5858/none_v3" "tx60ebb48ba648409badde6-0069232f0c" "proxy-server 12" 0.0010 "-" 24 0
Nov 23 15:58:04 standalone proxy-server[130696]: 172.18.0.2 172.18.0.100 23/Nov/2025/15/58/04 GET /v1/AUTH_a41edf9686e34385aeb056c2b0bb95ef/gnocchi.f517c3cc-e915-4d9a-a513-44148aca5858/none_v3 HTTP/1.0 200 - python-swiftclient-3.11.1 gAAAAABpIy6O5uAY... - 46 - tx60ebb48ba648409badde6-0069232f0c - 0.0081 - - 1763913484.111350536 1763913484.119499922 0
Nov 23 15:58:04 standalone container-server[128492]: 172.20.0.100 - - [23/Nov/2025:15:58:04 +0000] "GET /d1/846/AUTH_a41edf9686e34385aeb056c2b0bb95ef/gnocchi.f517c3cc-e915-4d9a-a513-44148aca5858" 200 357 "GET http://172.18.0.2:8080/v1/AUTH_a41edf9686e34385aeb056c2b0bb95ef/gnocchi.f517c3cc-e915-4d9a-a513-44148aca5858?format=json&states=listing" "tx4081151bbee843908f9ee-0069232f0c" "proxy-server 12" 0.0097 "-" 21 0
Nov 23 15:58:04 standalone proxy-server[130696]: 172.18.0.2 172.18.0.100 23/Nov/2025/15/58/04 GET /v1/AUTH_a41edf9686e34385aeb056c2b0bb95ef/gnocchi.f517c3cc-e915-4d9a-a513-44148aca5858%3Fformat%3Djson%26states%3Dlisting HTTP/1.0 200 - python-swiftclient-3.11.1 gAAAAABpIy6O5uAY... - 357 - tx4081151bbee843908f9ee-0069232f0c - 0.0176 - - 1763913484.124645233 1763913484.142204762 0
Nov 23 15:58:04 standalone container-server[128492]: 172.20.0.100 - - [23/Nov/2025:15:58:04 +0000] "GET /d1/846/AUTH_a41edf9686e34385aeb056c2b0bb95ef/gnocchi.f517c3cc-e915-4d9a-a513-44148aca5858" 200 2 "GET http://172.18.0.2:8080/v1/AUTH_a41edf9686e34385aeb056c2b0bb95ef/gnocchi.f517c3cc-e915-4d9a-a513-44148aca5858?format=json&marker=none_v3&states=listing" "tx04a869e086bb4dc7928d9-0069232f0c" "proxy-server 12" 0.0035 "-" 21 0
Nov 23 15:58:04 standalone proxy-server[130696]: 172.18.0.2 172.18.0.100 23/Nov/2025/15/58/04 GET /v1/AUTH_a41edf9686e34385aeb056c2b0bb95ef/gnocchi.f517c3cc-e915-4d9a-a513-44148aca5858%3Fformat%3Djson%26marker%3Dnone_v3%26states%3Dlisting HTTP/1.0 200 - python-swiftclient-3.11.1 gAAAAABpIy6O5uAY... - 2 - tx04a869e086bb4dc7928d9-0069232f0c - 0.0098 - - 1763913484.145809650 1763913484.155627012 0
Nov 23 15:58:04 standalone object-server[128666]: 172.20.0.100 - - [23/Nov/2025:15:58:04 +0000] "GET /d1/719/AUTH_a41edf9686e34385aeb056c2b0bb95ef/gnocchi.f517c3cc-e915-4d9a-a513-44148aca5858/1763640000.0_mean_300.0_v3" 200 16 "GET http://172.18.0.2:8080/v1/AUTH_a41edf9686e34385aeb056c2b0bb95ef/gnocchi.f517c3cc-e915-4d9a-a513-44148aca5858/1763640000.0_mean_300.0_v3" "txbe6f7076673c49a4ae6b3-0069232f0c" "proxy-server 12" 0.0005 "-" 24 0
Nov 23 15:58:04 standalone proxy-server[130696]: 172.18.0.2 172.18.0.100 23/Nov/2025/15/58/04 GET /v1/AUTH_a41edf9686e34385aeb056c2b0bb95ef/gnocchi.f517c3cc-e915-4d9a-a513-44148aca5858/1763640000.0_mean_300.0_v3 HTTP/1.0 200 - python-swiftclient-3.11.1 gAAAAABpIy6O5uAY... - 16 - txbe6f7076673c49a4ae6b3-0069232f0c - 0.0054 - - 1763913484.160070419 1763913484.165519714 0
Nov 23 15:58:04 standalone container-server[128518]: 172.20.0.100 - - [23/Nov/2025:15:58:04 +0000] "PUT /d1/846/AUTH_a41edf9686e34385aeb056c2b0bb95ef/gnocchi.f517c3cc-e915-4d9a-a513-44148aca5858/1763640000.0_mean_300.0_v3" 201 - "PUT http://172.18.0.2:8080/d1/719/AUTH_a41edf9686e34385aeb056c2b0bb95ef/gnocchi.f517c3cc-e915-4d9a-a513-44148aca5858/1763640000.0_mean_300.0_v3" "tx4af785976d984a1284e20-0069232f0c" "object-server 24" 0.0012 "-" 23 0
Nov 23 15:58:04 standalone object-server[128666]: 172.20.0.100 - - [23/Nov/2025:15:58:04 +0000] "PUT /d1/719/AUTH_a41edf9686e34385aeb056c2b0bb95ef/gnocchi.f517c3cc-e915-4d9a-a513-44148aca5858/1763640000.0_mean_300.0_v3" 201 - "PUT http://172.18.0.2:8080/v1/AUTH_a41edf9686e34385aeb056c2b0bb95ef/gnocchi.f517c3cc-e915-4d9a-a513-44148aca5858/1763640000.0_mean_300.0_v3" "tx4af785976d984a1284e20-0069232f0c" "proxy-server 12" 0.0096 "-" 24 0
Nov 23 15:58:04 standalone proxy-server[130696]: 172.18.0.2 172.18.0.100 23/Nov/2025/15/58/04 PUT /v1/AUTH_a41edf9686e34385aeb056c2b0bb95ef/gnocchi.f517c3cc-e915-4d9a-a513-44148aca5858/1763640000.0_mean_300.0_v3 HTTP/1.0 201 - python-swiftclient-3.11.1 gAAAAABpIy6O5uAY... 16 - - tx4af785976d984a1284e20-0069232f0c - 0.0141 - - 1763913484.169055939 1763913484.183135986 0
Nov 23 15:58:04 standalone container-server[128484]: 172.20.0.100 - - [23/Nov/2025:15:58:04 +0000] "PUT /d1/846/AUTH_a41edf9686e34385aeb056c2b0bb95ef/gnocchi.f517c3cc-e915-4d9a-a513-44148aca5858/none_v3" 201 - "PUT http://172.18.0.2:8080/d1/209/AUTH_a41edf9686e34385aeb056c2b0bb95ef/gnocchi.f517c3cc-e915-4d9a-a513-44148aca5858/none_v3" "tx9cccce5a34544c00ad771-0069232f0c" "object-server 24" 0.0007 "-" 20 0
Nov 23 15:58:04 standalone object-server[128666]: 172.20.0.100 - - [23/Nov/2025:15:58:04 +0000] "PUT /d1/209/AUTH_a41edf9686e34385aeb056c2b0bb95ef/gnocchi.f517c3cc-e915-4d9a-a513-44148aca5858/none_v3" 201 - "PUT http://172.18.0.2:8080/v1/AUTH_a41edf9686e34385aeb056c2b0bb95ef/gnocchi.f517c3cc-e915-4d9a-a513-44148aca5858/none_v3" "tx9cccce5a34544c00ad771-0069232f0c" "proxy-server 12" 0.0105 "-" 24 0
Nov 23 15:58:04 standalone proxy-server[130696]: 172.18.0.2 172.18.0.100 23/Nov/2025/15/58/04 PUT /v1/AUTH_a41edf9686e34385aeb056c2b0bb95ef/gnocchi.f517c3cc-e915-4d9a-a513-44148aca5858/none_v3 HTTP/1.0 201 - python-swiftclient-3.11.1 gAAAAABpIy6O5uAY... 51 - - tx9cccce5a34544c00ad771-0069232f0c - 0.0167 - - 1763913484.186274052 1763913484.202931881 0
Nov 23 15:58:04 standalone object-server[128666]: 172.20.0.100 - - [23/Nov/2025:15:58:04 +0000] "GET /d1/765/AUTH_a41edf9686e34385aeb056c2b0bb95ef/gnocchi.a357bb10-9510-47e3-ab9b-993e84941636/none_v3" 200 22 "GET http://172.18.0.2:8080/v1/AUTH_a41edf9686e34385aeb056c2b0bb95ef/gnocchi.a357bb10-9510-47e3-ab9b-993e84941636/none_v3" "tx055a5e3d0fed48daa6254-0069232f0c" "proxy-server 12" 0.0005 "-" 24 0
Nov 23 15:58:04 standalone proxy-server[130696]: 172.18.0.2 172.18.0.100 23/Nov/2025/15/58/04 GET /v1/AUTH_a41edf9686e34385aeb056c2b0bb95ef/gnocchi.a357bb10-9510-47e3-ab9b-993e84941636/none_v3 HTTP/1.0 200 - python-swiftclient-3.11.1 gAAAAABpIy6O5uAY... - 22 - tx055a5e3d0fed48daa6254-0069232f0c - 0.0061 - - 1763913484.216739893 1763913484.222822666 0
Nov 23 15:58:04 standalone container-server[128518]: 172.20.0.100 - - [23/Nov/2025:15:58:04 +0000] "GET /d1/487/AUTH_a41edf9686e34385aeb056c2b0bb95ef/gnocchi.a357bb10-9510-47e3-ab9b-993e84941636" 200 357 "GET http://172.18.0.2:8080/v1/AUTH_a41edf9686e34385aeb056c2b0bb95ef/gnocchi.a357bb10-9510-47e3-ab9b-993e84941636?format=json&states=listing" "txc284844384b04b91919e8-0069232f0c" "proxy-server 12" 0.0088 "-" 23 0
Nov 23 15:58:04 standalone proxy-server[130696]: 172.18.0.2 172.18.0.100 23/Nov/2025/15/58/04 GET /v1/AUTH_a41edf9686e34385aeb056c2b0bb95ef/gnocchi.a357bb10-9510-47e3-ab9b-993e84941636%3Fformat%3Djson%26states%3Dlisting HTTP/1.0 200 - python-swiftclient-3.11.1 gAAAAABpIy6O5uAY... - 357 - txc284844384b04b91919e8-0069232f0c - 0.0151 - - 1763913484.226851225 1763913484.241959095 0
Nov 23 15:58:04 standalone container-server[128492]: 172.20.0.100 - - [23/Nov/2025:15:58:04 +0000] "GET /d1/487/AUTH_a41edf9686e34385aeb056c2b0bb95ef/gnocchi.a357bb10-9510-47e3-ab9b-993e84941636" 200 2 "GET http://172.18.0.2:8080/v1/AUTH_a41edf9686e34385aeb056c2b0bb95ef/gnocchi.a357bb10-9510-47e3-ab9b-993e84941636?format=json&marker=none_v3&states=listing" "txe5d00d799dc54dc0bfea1-0069232f0c" "proxy-server 12" 0.0035 "-" 21 0
Nov 23 15:58:04 standalone proxy-server[130696]: 172.18.0.2 172.18.0.100 23/Nov/2025/15/58/04 GET /v1/AUTH_a41edf9686e34385aeb056c2b0bb95ef/gnocchi.a357bb10-9510-47e3-ab9b-993e84941636%3Fformat%3Djson%26marker%3Dnone_v3%26states%3Dlisting HTTP/1.0 200 - python-swiftclient-3.11.1 gAAAAABpIy6O5uAY... - 2 - txe5d00d799dc54dc0bfea1-0069232f0c - 0.0104 - - 1763913484.245245695 1763913484.255610943 0
Nov 23 15:58:04 standalone object-server[128675]: 172.20.0.100 - - [23/Nov/2025:15:58:04 +0000] "GET /d1/749/AUTH_a41edf9686e34385aeb056c2b0bb95ef/gnocchi.a357bb10-9510-47e3-ab9b-993e84941636/1763640000.0_mean_300.0_v3" 200 16 "GET http://172.18.0.2:8080/v1/AUTH_a41edf9686e34385aeb056c2b0bb95ef/gnocchi.a357bb10-9510-47e3-ab9b-993e84941636/1763640000.0_mean_300.0_v3" "txa80fa41dbf5e4706975d7-0069232f0c" "proxy-server 12" 0.0010 "-" 25 0
Nov 23 15:58:04 standalone proxy-server[130696]: 172.18.0.2 172.18.0.100 23/Nov/2025/15/58/04 GET /v1/AUTH_a41edf9686e34385aeb056c2b0bb95ef/gnocchi.a357bb10-9510-47e3-ab9b-993e84941636/1763640000.0_mean_300.0_v3 HTTP/1.0 200 - python-swiftclient-3.11.1 gAAAAABpIy6O5uAY... - 16 - txa80fa41dbf5e4706975d7-0069232f0c - 0.0076 - - 1763913484.260000944 1763913484.267594814 0
Nov 23 15:58:04 standalone container-server[128484]: 172.20.0.100 - - [23/Nov/2025:15:58:04 +0000] "PUT /d1/487/AUTH_a41edf9686e34385aeb056c2b0bb95ef/gnocchi.a357bb10-9510-47e3-ab9b-993e84941636/1763640000.0_mean_300.0_v3" 201 - "PUT http://172.18.0.2:8080/d1/749/AUTH_a41edf9686e34385aeb056c2b0bb95ef/gnocchi.a357bb10-9510-47e3-ab9b-993e84941636/1763640000.0_mean_300.0_v3" "tx841f68e2436d45e1b8f3b-0069232f0c" "object-server 23" 0.0007 "-" 20 0
Nov 23 15:58:04 standalone object-server[128661]: 172.20.0.100 - - [23/Nov/2025:15:58:04 +0000] "PUT /d1/749/AUTH_a41edf9686e34385aeb056c2b0bb95ef/gnocchi.a357bb10-9510-47e3-ab9b-993e84941636/1763640000.0_mean_300.0_v3" 201 - "PUT http://172.18.0.2:8080/v1/AUTH_a41edf9686e34385aeb056c2b0bb95ef/gnocchi.a357bb10-9510-47e3-ab9b-993e84941636/1763640000.0_mean_300.0_v3" "tx841f68e2436d45e1b8f3b-0069232f0c" "proxy-server 12" 0.0110 "-" 23 0
Nov 23 15:58:04 standalone proxy-server[130696]: 172.18.0.2 172.18.0.100 23/Nov/2025/15/58/04 PUT /v1/AUTH_a41edf9686e34385aeb056c2b0bb95ef/gnocchi.a357bb10-9510-47e3-ab9b-993e84941636/1763640000.0_mean_300.0_v3 HTTP/1.0 201 - python-swiftclient-3.11.1 gAAAAABpIy6O5uAY... 16 - - tx841f68e2436d45e1b8f3b-0069232f0c - 0.0165 - - 1763913484.271463156 1763913484.287920475 0
Nov 23 15:58:04 standalone container-server[128484]: 172.20.0.100 - - [23/Nov/2025:15:58:04 +0000] "PUT /d1/487/AUTH_a41edf9686e34385aeb056c2b0bb95ef/gnocchi.a357bb10-9510-47e3-ab9b-993e84941636/none_v3" 201 - "PUT http://172.18.0.2:8080/d1/765/AUTH_a41edf9686e34385aeb056c2b0bb95ef/gnocchi.a357bb10-9510-47e3-ab9b-993e84941636/none_v3" "tx3c2a0db6b7fe457997304-0069232f0c" "object-server 25" 0.0007 "-" 20 0
Nov 23 15:58:04 standalone object-server[128675]: 172.20.0.100 - - [23/Nov/2025:15:58:04 +0000] "PUT /d1/765/AUTH_a41edf9686e34385aeb056c2b0bb95ef/gnocchi.a357bb10-9510-47e3-ab9b-993e84941636/none_v3" 201 - "PUT http://172.18.0.2:8080/v1/AUTH_a41edf9686e34385aeb056c2b0bb95ef/gnocchi.a357bb10-9510-47e3-ab9b-993e84941636/none_v3" "tx3c2a0db6b7fe457997304-0069232f0c" "proxy-server 12" 0.0105 "-" 25 0
Nov 23 15:58:04 standalone proxy-server[130696]: 172.18.0.2 172.18.0.100 23/Nov/2025/15/58/04 PUT /v1/AUTH_a41edf9686e34385aeb056c2b0bb95ef/gnocchi.a357bb10-9510-47e3-ab9b-993e84941636/none_v3 HTTP/1.0 201 - python-swiftclient-3.11.1 gAAAAABpIy6O5uAY... 32 - - tx3c2a0db6b7fe457997304-0069232f0c - 0.0159 - - 1763913484.291014671 1763913484.306894064 0
Nov 23 15:58:04 standalone object-server[128675]: 172.20.0.100 - - [23/Nov/2025:15:58:04 +0000] "GET /d1/421/AUTH_a41edf9686e34385aeb056c2b0bb95ef/gnocchi.4f503c5a-1af4-4978-a985-120fe244d911/none_v3" 200 22 "GET http://172.18.0.2:8080/v1/AUTH_a41edf9686e34385aeb056c2b0bb95ef/gnocchi.4f503c5a-1af4-4978-a985-120fe244d911/none_v3" "txdaa5729662884c2ca57f0-0069232f0c" "proxy-server 12" 0.0012 "-" 25 0
Nov 23 15:58:04 standalone proxy-server[130696]: 172.18.0.2 172.18.0.100 23/Nov/2025/15/58/04 GET /v1/AUTH_a41edf9686e34385aeb056c2b0bb95ef/gnocchi.4f503c5a-1af4-4978-a985-120fe244d911/none_v3 HTTP/1.0 200 - python-swiftclient-3.11.1 gAAAAABpIy6O5uAY... - 22 - txdaa5729662884c2ca57f0-0069232f0c - 0.0112 - - 1763913484.318807840 1763913484.330000162 0
Nov 23 15:58:04 standalone object-server[128661]: 172.20.0.100 - - [23/Nov/2025:15:58:04 +0000] "GET /d1/755/AUTH_a41edf9686e34385aeb056c2b0bb95ef/gnocchi.de1e347b-82d4-48f2-9ba5-07df18145e11/none_v3" 200 22 "GET http://172.18.0.2:8080/v1/AUTH_a41edf9686e34385aeb056c2b0bb95ef/gnocchi.de1e347b-82d4-48f2-9ba5-07df18145e11/none_v3" "txde7a8cd1621940959e77d-0069232f0c" "proxy-server 12" 0.0009 "-" 23 0
Nov 23 15:58:04 standalone proxy-server[130696]: 172.18.0.2 172.18.0.100 23/Nov/2025/15/58/04 GET /v1/AUTH_a41edf9686e34385aeb056c2b0bb95ef/gnocchi.de1e347b-82d4-48f2-9ba5-07df18145e11/none_v3 HTTP/1.0 200 - python-swiftclient-3.11.1 gAAAAABpIy6O5uAY... - 22 - txde7a8cd1621940959e77d-0069232f0c - 0.0089 - - 1763913484.333083630 1763913484.342011452 0
Nov 23 15:58:04 standalone container-server[128484]: 172.20.0.100 - - [23/Nov/2025:15:58:04 +0000] "GET /d1/125/AUTH_a41edf9686e34385aeb056c2b0bb95ef/gnocchi.4f503c5a-1af4-4978-a985-120fe244d911" 200 357 "GET http://172.18.0.2:8080/v1/AUTH_a41edf9686e34385aeb056c2b0bb95ef/gnocchi.4f503c5a-1af4-4978-a985-120fe244d911?format=json&states=listing" "tx81a5a10e9d3a44b79d687-0069232f0c" "proxy-server 12" 0.0180 "-" 20 0
Nov 23 15:58:04 standalone proxy-server[130696]: 172.18.0.2 172.18.0.100 23/Nov/2025/15/58/04 GET /v1/AUTH_a41edf9686e34385aeb056c2b0bb95ef/gnocchi.4f503c5a-1af4-4978-a985-120fe244d911%3Fformat%3Djson%26states%3Dlisting HTTP/1.0 200 - python-swiftclient-3.11.1 gAAAAABpIy6O5uAY... - 357 - tx81a5a10e9d3a44b79d687-0069232f0c - 0.0251 - - 1763913484.346086025 1763913484.371145010 0
Nov 23 15:58:04 standalone container-server[128484]: 172.20.0.100 - - [23/Nov/2025:15:58:04 +0000] "GET /d1/125/AUTH_a41edf9686e34385aeb056c2b0bb95ef/gnocchi.4f503c5a-1af4-4978-a985-120fe244d911" 200 2 "GET http://172.18.0.2:8080/v1/AUTH_a41edf9686e34385aeb056c2b0bb95ef/gnocchi.4f503c5a-1af4-4978-a985-120fe244d911?format=json&marker=none_v3&states=listing" "txcb6231bf8fb04613867b0-0069232f0c" "proxy-server 12" 0.0033 "-" 20 0
Nov 23 15:58:04 standalone proxy-server[130696]: 172.18.0.2 172.18.0.100 23/Nov/2025/15/58/04 GET /v1/AUTH_a41edf9686e34385aeb056c2b0bb95ef/gnocchi.4f503c5a-1af4-4978-a985-120fe244d911%3Fformat%3Djson%26marker%3Dnone_v3%26states%3Dlisting HTTP/1.0 200 - python-swiftclient-3.11.1 gAAAAABpIy6O5uAY... - 2 - txcb6231bf8fb04613867b0-0069232f0c - 0.0095 - - 1763913484.374664307 1763913484.384150743 0
Nov 23 15:58:04 standalone container-server[128504]: 172.20.0.100 - - [23/Nov/2025:15:58:04 +0000] "GET /d1/82/AUTH_a41edf9686e34385aeb056c2b0bb95ef/gnocchi.de1e347b-82d4-48f2-9ba5-07df18145e11" 200 357 "GET http://172.18.0.2:8080/v1/AUTH_a41edf9686e34385aeb056c2b0bb95ef/gnocchi.de1e347b-82d4-48f2-9ba5-07df18145e11?format=json&states=listing" "txa948a4837d364e129d586-0069232f0c" "proxy-server 12" 0.0092 "-" 22 0
Nov 23 15:58:04 standalone proxy-server[130696]: 172.18.0.2 172.18.0.100 23/Nov/2025/15/58/04 GET /v1/AUTH_a41edf9686e34385aeb056c2b0bb95ef/gnocchi.de1e347b-82d4-48f2-9ba5-07df18145e11%3Fformat%3Djson%26states%3Dlisting HTTP/1.0 200 - python-swiftclient-3.11.1 gAAAAABpIy6O5uAY... - 357 - txa948a4837d364e129d586-0069232f0c - 0.0158 - - 1763913484.389568329 1763913484.405389309 0
Nov 23 15:58:04 standalone container-server[128492]: 172.20.0.100 - - [23/Nov/2025:15:58:04 +0000] "GET /d1/82/AUTH_a41edf9686e34385aeb056c2b0bb95ef/gnocchi.de1e347b-82d4-48f2-9ba5-07df18145e11" 200 2 "GET http://172.18.0.2:8080/v1/AUTH_a41edf9686e34385aeb056c2b0bb95ef/gnocchi.de1e347b-82d4-48f2-9ba5-07df18145e11?format=json&marker=none_v3&states=listing" "tx9a3b0c8e23764dcdb2ee7-0069232f0c" "proxy-server 12" 0.0034 "-" 21 0
Nov 23 15:58:04 standalone proxy-server[130696]: 172.18.0.2 172.18.0.100 23/Nov/2025/15/58/04 GET /v1/AUTH_a41edf9686e34385aeb056c2b0bb95ef/gnocchi.de1e347b-82d4-48f2-9ba5-07df18145e11%3Fformat%3Djson%26marker%3Dnone_v3%26states%3Dlisting HTTP/1.0 200 - python-swiftclient-3.11.1 gAAAAABpIy6O5uAY... - 2 - tx9a3b0c8e23764dcdb2ee7-0069232f0c - 0.0106 - - 1763913484.408641577 1763913484.419196367 0
Nov 23 15:58:04 standalone object-server[128661]: 172.20.0.100 - - [23/Nov/2025:15:58:04 +0000] "GET /d1/26/AUTH_a41edf9686e34385aeb056c2b0bb95ef/gnocchi.4f503c5a-1af4-4978-a985-120fe244d911/1763640000.0_mean_300.0_v3" 200 16 "GET http://172.18.0.2:8080/v1/AUTH_a41edf9686e34385aeb056c2b0bb95ef/gnocchi.4f503c5a-1af4-4978-a985-120fe244d911/1763640000.0_mean_300.0_v3" "txadfa7b2d14594c07b9e65-0069232f0c" "proxy-server 12" 0.0008 "-" 23 0
Nov 23 15:58:04 standalone proxy-server[130696]: 172.18.0.2 172.18.0.100 23/Nov/2025/15/58/04 GET /v1/AUTH_a41edf9686e34385aeb056c2b0bb95ef/gnocchi.4f503c5a-1af4-4978-a985-120fe244d911/1763640000.0_mean_300.0_v3 HTTP/1.0 200 - python-swiftclient-3.11.1 gAAAAABpIy6O5uAY... - 16 - txadfa7b2d14594c07b9e65-0069232f0c - 0.0068 - - 1763913484.423522234 1763913484.430363417 0
Nov 23 15:58:04 standalone object-server[128675]: 172.20.0.100 - - [23/Nov/2025:15:58:04 +0000] "GET /d1/769/AUTH_a41edf9686e34385aeb056c2b0bb95ef/gnocchi.de1e347b-82d4-48f2-9ba5-07df18145e11/1763640000.0_mean_300.0_v3" 200 16 "GET http://172.18.0.2:8080/v1/AUTH_a41edf9686e34385aeb056c2b0bb95ef/gnocchi.de1e347b-82d4-48f2-9ba5-07df18145e11/1763640000.0_mean_300.0_v3" "tx0c0e0e0cd9e14e0c8ec18-0069232f0c" "proxy-server 12" 0.0007 "-" 25 0
Nov 23 15:58:04 standalone proxy-server[130696]: 172.18.0.2 172.18.0.100 23/Nov/2025/15/58/04 GET /v1/AUTH_a41edf9686e34385aeb056c2b0bb95ef/gnocchi.de1e347b-82d4-48f2-9ba5-07df18145e11/1763640000.0_mean_300.0_v3 HTTP/1.0 200 - python-swiftclient-3.11.1 gAAAAABpIy6O5uAY... - 16 - tx0c0e0e0cd9e14e0c8ec18-0069232f0c - 0.0072 - - 1763913484.433476210 1763913484.440653086 0
Nov 23 15:58:04 standalone container-server[128504]: 172.20.0.100 - - [23/Nov/2025:15:58:04 +0000] "PUT /d1/125/AUTH_a41edf9686e34385aeb056c2b0bb95ef/gnocchi.4f503c5a-1af4-4978-a985-120fe244d911/1763640000.0_mean_300.0_v3" 201 - "PUT http://172.18.0.2:8080/d1/26/AUTH_a41edf9686e34385aeb056c2b0bb95ef/gnocchi.4f503c5a-1af4-4978-a985-120fe244d911/1763640000.0_mean_300.0_v3" "txec986060f5ca455498098-0069232f0c" "object-server 23" 0.0007 "-" 22 0
Nov 23 15:58:04 standalone object-server[128661]: 172.20.0.100 - - [23/Nov/2025:15:58:04 +0000] "PUT /d1/26/AUTH_a41edf9686e34385aeb056c2b0bb95ef/gnocchi.4f503c5a-1af4-4978-a985-120fe244d911/1763640000.0_mean_300.0_v3" 201 - "PUT http://172.18.0.2:8080/v1/AUTH_a41edf9686e34385aeb056c2b0bb95ef/gnocchi.4f503c5a-1af4-4978-a985-120fe244d911/1763640000.0_mean_300.0_v3" "txec986060f5ca455498098-0069232f0c" "proxy-server 12" 0.0114 "-" 23 0
Nov 23 15:58:04 standalone proxy-server[130696]: 172.18.0.2 172.18.0.100 23/Nov/2025/15/58/04 PUT /v1/AUTH_a41edf9686e34385aeb056c2b0bb95ef/gnocchi.4f503c5a-1af4-4978-a985-120fe244d911/1763640000.0_mean_300.0_v3 HTTP/1.0 201 - python-swiftclient-3.11.1 gAAAAABpIy6O5uAY... 16 - - txec986060f5ca455498098-0069232f0c - 0.0168 - - 1763913484.444494247 1763913484.461328983 0
Nov 23 15:58:04 standalone container-server[128484]: 172.20.0.100 - - [23/Nov/2025:15:58:04 +0000] "PUT /d1/82/AUTH_a41edf9686e34385aeb056c2b0bb95ef/gnocchi.de1e347b-82d4-48f2-9ba5-07df18145e11/1763640000.0_mean_300.0_v3" 201 - "PUT http://172.18.0.2:8080/d1/769/AUTH_a41edf9686e34385aeb056c2b0bb95ef/gnocchi.de1e347b-82d4-48f2-9ba5-07df18145e11/1763640000.0_mean_300.0_v3" "tx50534721d8d44ef4a5aa9-0069232f0c" "object-server 24" 0.0012 "-" 20 0
Nov 23 15:58:04 standalone object-server[128666]: 172.20.0.100 - - [23/Nov/2025:15:58:04 +0000] "PUT /d1/769/AUTH_a41edf9686e34385aeb056c2b0bb95ef/gnocchi.de1e347b-82d4-48f2-9ba5-07df18145e11/1763640000.0_mean_300.0_v3" 201 - "PUT http://172.18.0.2:8080/v1/AUTH_a41edf9686e34385aeb056c2b0bb95ef/gnocchi.de1e347b-82d4-48f2-9ba5-07df18145e11/1763640000.0_mean_300.0_v3" "tx50534721d8d44ef4a5aa9-0069232f0c" "proxy-server 12" 0.0124 "-" 24 0
Nov 23 15:58:04 standalone proxy-server[130696]: 172.18.0.2 172.18.0.100 23/Nov/2025/15/58/04 PUT /v1/AUTH_a41edf9686e34385aeb056c2b0bb95ef/gnocchi.de1e347b-82d4-48f2-9ba5-07df18145e11/1763640000.0_mean_300.0_v3 HTTP/1.0 201 - python-swiftclient-3.11.1 gAAAAABpIy6O5uAY... 16 - - tx50534721d8d44ef4a5aa9-0069232f0c - 0.0192 - - 1763913484.466104746 1763913484.485280752 0
Nov 23 15:58:04 standalone container-server[128492]: 172.20.0.100 - - [23/Nov/2025:15:58:04 +0000] "PUT /d1/125/AUTH_a41edf9686e34385aeb056c2b0bb95ef/gnocchi.4f503c5a-1af4-4978-a985-120fe244d911/none_v3" 201 - "PUT http://172.18.0.2:8080/d1/421/AUTH_a41edf9686e34385aeb056c2b0bb95ef/gnocchi.4f503c5a-1af4-4978-a985-120fe244d911/none_v3" "txbada3844d64a42728ffaf-0069232f0c" "object-server 24" 0.0006 "-" 21 0
Nov 23 15:58:04 standalone object-server[128666]: 172.20.0.100 - - [23/Nov/2025:15:58:04 +0000] "PUT /d1/421/AUTH_a41edf9686e34385aeb056c2b0bb95ef/gnocchi.4f503c5a-1af4-4978-a985-120fe244d911/none_v3" 201 - "PUT http://172.18.0.2:8080/v1/AUTH_a41edf9686e34385aeb056c2b0bb95ef/gnocchi.4f503c5a-1af4-4978-a985-120fe244d911/none_v3" "txbada3844d64a42728ffaf-0069232f0c" "proxy-server 12" 0.0112 "-" 24 0
Nov 23 15:58:04 standalone proxy-server[130696]: 172.18.0.2 172.18.0.100 23/Nov/2025/15/58/04 PUT /v1/AUTH_a41edf9686e34385aeb056c2b0bb95ef/gnocchi.4f503c5a-1af4-4978-a985-120fe244d911/none_v3 HTTP/1.0 201 - python-swiftclient-3.11.1 gAAAAABpIy6O5uAY... 32 - - txbada3844d64a42728ffaf-0069232f0c - 0.0177 - - 1763913484.490335703 1763913484.508053064 0
Nov 23 15:58:04 standalone container-server[128492]: 172.20.0.100 - - [23/Nov/2025:15:58:04 +0000] "PUT /d1/82/AUTH_a41edf9686e34385aeb056c2b0bb95ef/gnocchi.de1e347b-82d4-48f2-9ba5-07df18145e11/none_v3" 201 - "PUT http://172.18.0.2:8080/d1/755/AUTH_a41edf9686e34385aeb056c2b0bb95ef/gnocchi.de1e347b-82d4-48f2-9ba5-07df18145e11/none_v3" "tx85f33aadf75e452696cf5-0069232f0c" "object-server 24" 0.0005 "-" 21 0
Nov 23 15:58:04 standalone object-server[128666]: 172.20.0.100 - - [23/Nov/2025:15:58:04 +0000] "PUT /d1/755/AUTH_a41edf9686e34385aeb056c2b0bb95ef/gnocchi.de1e347b-82d4-48f2-9ba5-07df18145e11/none_v3" 201 - "PUT http://172.18.0.2:8080/v1/AUTH_a41edf9686e34385aeb056c2b0bb95ef/gnocchi.de1e347b-82d4-48f2-9ba5-07df18145e11/none_v3" "tx85f33aadf75e452696cf5-0069232f0c" "proxy-server 12" 0.0110 "-" 24 0
Nov 23 15:58:04 standalone proxy-server[130696]: 172.18.0.2 172.18.0.100 23/Nov/2025/15/58/04 PUT /v1/AUTH_a41edf9686e34385aeb056c2b0bb95ef/gnocchi.de1e347b-82d4-48f2-9ba5-07df18145e11/none_v3 HTTP/1.0 201 - python-swiftclient-3.11.1 gAAAAABpIy6O5uAY... 32 - - tx85f33aadf75e452696cf5-0069232f0c - 0.0203 - - 1763913484.511855602 1763913484.532135487 0
Nov 23 15:58:04 standalone object-server[128646]: 172.20.0.100 - - [23/Nov/2025:15:58:04 +0000] "GET /d1/653/AUTH_a41edf9686e34385aeb056c2b0bb95ef/gnocchi.368ada9c-b23c-4148-85de-57a7cc32861a/none_v3" 200 22 "GET http://172.18.0.2:8080/v1/AUTH_a41edf9686e34385aeb056c2b0bb95ef/gnocchi.368ada9c-b23c-4148-85de-57a7cc32861a/none_v3" "tx54396ba2070e4800be076-0069232f0c" "proxy-server 12" 0.0009 "-" 22 0
Nov 23 15:58:04 standalone proxy-server[130696]: 172.18.0.2 172.18.0.100 23/Nov/2025/15/58/04 GET /v1/AUTH_a41edf9686e34385aeb056c2b0bb95ef/gnocchi.368ada9c-b23c-4148-85de-57a7cc32861a/none_v3 HTTP/1.0 200 - python-swiftclient-3.11.1 gAAAAABpIy6O5uAY... - 22 - tx54396ba2070e4800be076-0069232f0c - 0.0083 - - 1763913484.543215036 1763913484.551475763 0
Nov 23 15:58:04 standalone container-server[128492]: 172.20.0.100 - - [23/Nov/2025:15:58:04 +0000] "GET /d1/74/AUTH_a41edf9686e34385aeb056c2b0bb95ef/gnocchi.368ada9c-b23c-4148-85de-57a7cc32861a" 200 357 "GET http://172.18.0.2:8080/v1/AUTH_a41edf9686e34385aeb056c2b0bb95ef/gnocchi.368ada9c-b23c-4148-85de-57a7cc32861a?format=json&states=listing" "txb64f94231f3349cdbdb60-0069232f0c" "proxy-server 12" 0.0085 "-" 21 0
Nov 23 15:58:04 standalone proxy-server[130696]: 172.18.0.2 172.18.0.100 23/Nov/2025/15/58/04 GET /v1/AUTH_a41edf9686e34385aeb056c2b0bb95ef/gnocchi.368ada9c-b23c-4148-85de-57a7cc32861a%3Fformat%3Djson%26states%3Dlisting HTTP/1.0 200 - python-swiftclient-3.11.1 gAAAAABpIy6O5uAY... - 357 - txb64f94231f3349cdbdb60-0069232f0c - 0.0159 - - 1763913484.554867744 1763913484.570804834 0
Nov 23 15:58:04 standalone container-server[128518]: 172.20.0.100 - - [23/Nov/2025:15:58:04 +0000] "GET /d1/74/AUTH_a41edf9686e34385aeb056c2b0bb95ef/gnocchi.368ada9c-b23c-4148-85de-57a7cc32861a" 200 2 "GET http://172.18.0.2:8080/v1/AUTH_a41edf9686e34385aeb056c2b0bb95ef/gnocchi.368ada9c-b23c-4148-85de-57a7cc32861a?format=json&marker=none_v3&states=listing" "tx80d808addf0741bba4eca-0069232f0c" "proxy-server 12" 0.0025 "-" 23 0
Nov 23 15:58:04 standalone proxy-server[130696]: 172.18.0.2 172.18.0.100 23/Nov/2025/15/58/04 GET /v1/AUTH_a41edf9686e34385aeb056c2b0bb95ef/gnocchi.368ada9c-b23c-4148-85de-57a7cc32861a%3Fformat%3Djson%26marker%3Dnone_v3%26states%3Dlisting HTTP/1.0 200 - python-swiftclient-3.11.1 gAAAAABpIy6O5uAY... - 2 - tx80d808addf0741bba4eca-0069232f0c - 0.0105 - - 1763913484.573741674 1763913484.584229708 0
Nov 23 15:58:04 standalone object-server[128675]: 172.20.0.100 - - [23/Nov/2025:15:58:04 +0000] "GET /d1/1019/AUTH_a41edf9686e34385aeb056c2b0bb95ef/gnocchi.368ada9c-b23c-4148-85de-57a7cc32861a/1763640000.0_mean_300.0_v3" 200 16 "GET http://172.18.0.2:8080/v1/AUTH_a41edf9686e34385aeb056c2b0bb95ef/gnocchi.368ada9c-b23c-4148-85de-57a7cc32861a/1763640000.0_mean_300.0_v3" "tx7a0d49e338954d87951fc-0069232f0c" "proxy-server 12" 0.0008 "-" 25 0
Nov 23 15:58:04 standalone proxy-server[130696]: 172.18.0.2 172.18.0.100 23/Nov/2025/15/58/04 GET /v1/AUTH_a41edf9686e34385aeb056c2b0bb95ef/gnocchi.368ada9c-b23c-4148-85de-57a7cc32861a/1763640000.0_mean_300.0_v3 HTTP/1.0 200 - python-swiftclient-3.11.1 gAAAAABpIy6O5uAY... - 16 - tx7a0d49e338954d87951fc-0069232f0c - 0.0080 - - 1763913484.587647200 1763913484.595628023 0
Nov 23 15:58:04 standalone container-server[128484]: 172.20.0.100 - - [23/Nov/2025:15:58:04 +0000] "PUT /d1/74/AUTH_a41edf9686e34385aeb056c2b0bb95ef/gnocchi.368ada9c-b23c-4148-85de-57a7cc32861a/1763640000.0_mean_300.0_v3" 201 - "PUT http://172.18.0.2:8080/d1/1019/AUTH_a41edf9686e34385aeb056c2b0bb95ef/gnocchi.368ada9c-b23c-4148-85de-57a7cc32861a/1763640000.0_mean_300.0_v3" "txcd5e60d2d3e948f88cb4a-0069232f0c" "object-server 23" 0.0009 "-" 20 0
Nov 23 15:58:04 standalone object-server[128661]: 172.20.0.100 - - [23/Nov/2025:15:58:04 +0000] "PUT /d1/1019/AUTH_a41edf9686e34385aeb056c2b0bb95ef/gnocchi.368ada9c-b23c-4148-85de-57a7cc32861a/1763640000.0_mean_300.0_v3" 201 - "PUT http://172.18.0.2:8080/v1/AUTH_a41edf9686e34385aeb056c2b0bb95ef/gnocchi.368ada9c-b23c-4148-85de-57a7cc32861a/1763640000.0_mean_300.0_v3" "txcd5e60d2d3e948f88cb4a-0069232f0c" "proxy-server 12" 0.0110 "-" 23 0
Nov 23 15:58:04 standalone proxy-server[130696]: 172.18.0.2 172.18.0.100 23/Nov/2025/15/58/04 PUT /v1/AUTH_a41edf9686e34385aeb056c2b0bb95ef/gnocchi.368ada9c-b23c-4148-85de-57a7cc32861a/1763640000.0_mean_300.0_v3 HTTP/1.0 201 - python-swiftclient-3.11.1 gAAAAABpIy6O5uAY... 16 - - txcd5e60d2d3e948f88cb4a-0069232f0c - 0.0186 - - 1763913484.598520517 1763913484.617086172 0
Nov 23 15:58:04 standalone container-server[128518]: 172.20.0.100 - - [23/Nov/2025:15:58:04 +0000] "PUT /d1/74/AUTH_a41edf9686e34385aeb056c2b0bb95ef/gnocchi.368ada9c-b23c-4148-85de-57a7cc32861a/none_v3" 201 - "PUT http://172.18.0.2:8080/d1/653/AUTH_a41edf9686e34385aeb056c2b0bb95ef/gnocchi.368ada9c-b23c-4148-85de-57a7cc32861a/none_v3" "txda640292e52e428bab7cb-0069232f0c" "object-server 24" 0.0005 "-" 23 0
Nov 23 15:58:04 standalone object-server[128666]: 172.20.0.100 - - [23/Nov/2025:15:58:04 +0000] "PUT /d1/653/AUTH_a41edf9686e34385aeb056c2b0bb95ef/gnocchi.368ada9c-b23c-4148-85de-57a7cc32861a/none_v3" 201 - "PUT http://172.18.0.2:8080/v1/AUTH_a41edf9686e34385aeb056c2b0bb95ef/gnocchi.368ada9c-b23c-4148-85de-57a7cc32861a/none_v3" "txda640292e52e428bab7cb-0069232f0c" "proxy-server 12" 0.0104 "-" 24 0
Nov 23 15:58:04 standalone proxy-server[130696]: 172.18.0.2 172.18.0.100 23/Nov/2025/15/58/04 PUT /v1/AUTH_a41edf9686e34385aeb056c2b0bb95ef/gnocchi.368ada9c-b23c-4148-85de-57a7cc32861a/none_v3 HTTP/1.0 201 - python-swiftclient-3.11.1 gAAAAABpIy6O5uAY... 32 - - txda640292e52e428bab7cb-0069232f0c - 0.0182 - - 1763913484.620027542 1763913484.638237000 0
Nov 23 15:58:07 standalone container-server[128518]: 172.20.0.100 - - [23/Nov/2025:15:58:07 +0000] "HEAD /d1/526/AUTH_a41edf9686e34385aeb056c2b0bb95ef/gnocchi.b5acaa49-cf2a-4a0d-8c5d-eee98edc8028" 404 - "HEAD http://172.18.0.2:8080/v1/AUTH_a41edf9686e34385aeb056c2b0bb95ef/gnocchi.b5acaa49-cf2a-4a0d-8c5d-eee98edc8028?format=json&states=listing" "tx7bf7275e43014041ba1e7-0069232f0f" "proxy-server 12" 0.0007 "-" 23 0
Nov 23 15:58:07 standalone object-server[128666]: 172.20.0.100 - - [23/Nov/2025:15:58:07 +0000] "GET /d1/197/AUTH_a41edf9686e34385aeb056c2b0bb95ef/gnocchi.b5acaa49-cf2a-4a0d-8c5d-eee98edc8028/none_v3" 404 70 "GET http://172.18.0.2:8080/v1/AUTH_a41edf9686e34385aeb056c2b0bb95ef/gnocchi.b5acaa49-cf2a-4a0d-8c5d-eee98edc8028/none_v3" "tx7bf7275e43014041ba1e7-0069232f0f" "proxy-server 12" 0.0008 "-" 24 0
Nov 23 15:58:07 standalone proxy-server[130696]: 172.18.0.2 172.18.0.100 23/Nov/2025/15/58/07 GET /v1/AUTH_a41edf9686e34385aeb056c2b0bb95ef/gnocchi.b5acaa49-cf2a-4a0d-8c5d-eee98edc8028/none_v3 HTTP/1.0 404 - python-swiftclient-3.11.1 gAAAAABpIy6O5uAY... - 70 - tx7bf7275e43014041ba1e7-0069232f0f - 0.0115 - - 1763913487.838361263 1763913487.849884748 0
Nov 23 15:58:07 standalone account-server[128472]: 172.20.0.100 - - [23/Nov/2025:15:58:07 +0000] "PUT /d1/262/AUTH_a41edf9686e34385aeb056c2b0bb95ef/gnocchi.b5acaa49-cf2a-4a0d-8c5d-eee98edc8028" 201 - "PUT http://172.20.0.100:6001/d1/526/AUTH_a41edf9686e34385aeb056c2b0bb95ef/gnocchi.b5acaa49-cf2a-4a0d-8c5d-eee98edc8028" "tx43edaabcf3fa4061bfe9f-0069232f0f" "container-server 21" 0.0014 "-" 22 0
Nov 23 15:58:07 standalone container-server[128492]: 172.20.0.100 - - [23/Nov/2025:15:58:07 +0000] "PUT /d1/526/AUTH_a41edf9686e34385aeb056c2b0bb95ef/gnocchi.b5acaa49-cf2a-4a0d-8c5d-eee98edc8028" 201 - "PUT http://172.18.0.2:8080/v1/AUTH_a41edf9686e34385aeb056c2b0bb95ef/gnocchi.b5acaa49-cf2a-4a0d-8c5d-eee98edc8028" "tx43edaabcf3fa4061bfe9f-0069232f0f" "proxy-server 12" 0.0141 "-" 21 0
Nov 23 15:58:07 standalone proxy-server[130696]: 172.18.0.2 172.18.0.100 23/Nov/2025/15/58/07 PUT /v1/AUTH_a41edf9686e34385aeb056c2b0bb95ef/gnocchi.b5acaa49-cf2a-4a0d-8c5d-eee98edc8028 HTTP/1.0 201 - python-swiftclient-3.11.1 gAAAAABpIy6O5uAY... - - - tx43edaabcf3fa4061bfe9f-0069232f0f - 0.0198 - - 1763913487.853666544 1763913487.873447657 0
Nov 23 15:58:07 standalone container-server[128484]: 172.20.0.100 - - [23/Nov/2025:15:58:07 +0000] "HEAD /d1/526/AUTH_a41edf9686e34385aeb056c2b0bb95ef/gnocchi.b5acaa49-cf2a-4a0d-8c5d-eee98edc8028" 204 - "HEAD http://172.18.0.2:8080/v1/AUTH_a41edf9686e34385aeb056c2b0bb95ef/gnocchi.b5acaa49-cf2a-4a0d-8c5d-eee98edc8028?format=json&states=listing" "tx927cb80495e44a2093d02-0069232f0f" "proxy-server 12" 0.0022 "-" 20 0
Nov 23 15:58:07 standalone proxy-server[130696]: - - 23/Nov/2025/15/58/07 HEAD /v1/AUTH_a41edf9686e34385aeb056c2b0bb95ef/gnocchi.b5acaa49-cf2a-4a0d-8c5d-eee98edc8028%3Fformat%3Djson%26states%3Dlisting HTTP/1.0 204 - Swift - - - - tx927cb80495e44a2093d02-0069232f0f - 0.0085 RL - 1763913487.877582550 1763913487.886082411 0
Nov 23 15:58:07 standalone container-server[128492]: 172.20.0.100 - - [23/Nov/2025:15:58:07 +0000] "GET /d1/526/AUTH_a41edf9686e34385aeb056c2b0bb95ef/gnocchi.b5acaa49-cf2a-4a0d-8c5d-eee98edc8028" 200 2 "GET http://172.18.0.2:8080/v1/AUTH_a41edf9686e34385aeb056c2b0bb95ef/gnocchi.b5acaa49-cf2a-4a0d-8c5d-eee98edc8028?format=json&states=listing" "tx927cb80495e44a2093d02-0069232f0f" "proxy-server 12" 0.0034 "-" 21 0
Nov 23 15:58:07 standalone proxy-server[130696]: 172.18.0.2 172.18.0.100 23/Nov/2025/15/58/07 GET /v1/AUTH_a41edf9686e34385aeb056c2b0bb95ef/gnocchi.b5acaa49-cf2a-4a0d-8c5d-eee98edc8028%3Fformat%3Djson%26states%3Dlisting HTTP/1.0 200 - python-swiftclient-3.11.1 gAAAAABpIy6O5uAY... - 2 - tx927cb80495e44a2093d02-0069232f0f - 0.0202 - - 1763913487.876622438 1763913487.896835566 0
Nov 23 15:58:07 standalone object-server[128661]: 172.20.0.100 - - [23/Nov/2025:15:58:07 +0000] "GET /d1/406/AUTH_a41edf9686e34385aeb056c2b0bb95ef/gnocchi.b5acaa49-cf2a-4a0d-8c5d-eee98edc8028/1763640000.0_mean_300.0_v3" 404 70 "GET http://172.18.0.2:8080/v1/AUTH_a41edf9686e34385aeb056c2b0bb95ef/gnocchi.b5acaa49-cf2a-4a0d-8c5d-eee98edc8028/1763640000.0_mean_300.0_v3" "tx0332f8207efa4201bd4c4-0069232f0f" "proxy-server 12" 0.0007 "-" 23 0
Nov 23 15:58:07 standalone proxy-server[130696]: 172.18.0.2 172.18.0.100 23/Nov/2025/15/58/07 GET /v1/AUTH_a41edf9686e34385aeb056c2b0bb95ef/gnocchi.b5acaa49-cf2a-4a0d-8c5d-eee98edc8028/1763640000.0_mean_300.0_v3 HTTP/1.0 404 - python-swiftclient-3.11.1 gAAAAABpIy6O5uAY... - 70 - tx0332f8207efa4201bd4c4-0069232f0f - 0.0109 - - 1763913487.901904821 1763913487.912775517 0
Nov 23 15:58:07 standalone container-server[128484]: 172.20.0.100 - - [23/Nov/2025:15:58:07 +0000] "PUT /d1/526/AUTH_a41edf9686e34385aeb056c2b0bb95ef/gnocchi.b5acaa49-cf2a-4a0d-8c5d-eee98edc8028/1763640000.0_mean_300.0_v3" 201 - "PUT http://172.18.0.2:8080/d1/406/AUTH_a41edf9686e34385aeb056c2b0bb95ef/gnocchi.b5acaa49-cf2a-4a0d-8c5d-eee98edc8028/1763640000.0_mean_300.0_v3" "tx184cba62c7f04e7ab7574-0069232f0f" "object-server 23" 0.0009 "-" 20 0
Nov 23 15:58:07 standalone object-server[128661]: 172.20.0.100 - - [23/Nov/2025:15:58:07 +0000] "PUT /d1/406/AUTH_a41edf9686e34385aeb056c2b0bb95ef/gnocchi.b5acaa49-cf2a-4a0d-8c5d-eee98edc8028/1763640000.0_mean_300.0_v3" 201 - "PUT http://172.18.0.2:8080/v1/AUTH_a41edf9686e34385aeb056c2b0bb95ef/gnocchi.b5acaa49-cf2a-4a0d-8c5d-eee98edc8028/1763640000.0_mean_300.0_v3" "tx184cba62c7f04e7ab7574-0069232f0f" "proxy-server 12" 0.0129 "-" 23 0
Nov 23 15:58:07 standalone proxy-server[130696]: 172.18.0.2 172.18.0.100 23/Nov/2025/15/58/07 PUT /v1/AUTH_a41edf9686e34385aeb056c2b0bb95ef/gnocchi.b5acaa49-cf2a-4a0d-8c5d-eee98edc8028/1763640000.0_mean_300.0_v3 HTTP/1.0 201 - python-swiftclient-3.11.1 gAAAAABpIy6O5uAY... 16 - - tx184cba62c7f04e7ab7574-0069232f0f - 0.0259 - - 1763913487.916074038 1763913487.941996813 0
