Nov 23 15:58:29 standalone container-server[128518]: 172.20.0.100 - - [23/Nov/2025:15:58:29 +0000] "HEAD /d1/726/AUTH_a41edf9686e34385aeb056c2b0bb95ef/gnocchi.c058978d-3179-49d1-8496-150edaaded2a" 404 - "HEAD http://172.18.0.2:8080/v1/AUTH_a41edf9686e34385aeb056c2b0bb95ef/gnocchi.c058978d-3179-49d1-8496-150edaaded2a?format=json&states=listing" "txc447d12fcbd14bb3a0622-0069232f25" "proxy-server 12" 0.0005 "-" 23 0
Nov 23 15:58:29 standalone object-server[128675]: 172.20.0.100 - - [23/Nov/2025:15:58:29 +0000] "GET /d1/472/AUTH_a41edf9686e34385aeb056c2b0bb95ef/gnocchi.c058978d-3179-49d1-8496-150edaaded2a/none_v3" 404 70 "GET http://172.18.0.2:8080/v1/AUTH_a41edf9686e34385aeb056c2b0bb95ef/gnocchi.c058978d-3179-49d1-8496-150edaaded2a/none_v3" "txc447d12fcbd14bb3a0622-0069232f25" "proxy-server 12" 0.0005 "-" 25 0
Nov 23 15:58:29 standalone proxy-server[130696]: 172.18.0.2 172.18.0.100 23/Nov/2025/15/58/29 GET /v1/AUTH_a41edf9686e34385aeb056c2b0bb95ef/gnocchi.c058978d-3179-49d1-8496-150edaaded2a/none_v3 HTTP/1.0 404 - python-swiftclient-3.11.1 gAAAAABpIy6O5uAY... - 70 - txc447d12fcbd14bb3a0622-0069232f25 - 0.0125 - - 1763913509.425301790 1763913509.437849045 0
Nov 23 15:58:29 standalone account-server[128463]: 172.20.0.100 - - [23/Nov/2025:15:58:29 +0000] "PUT /d1/262/AUTH_a41edf9686e34385aeb056c2b0bb95ef/gnocchi.c058978d-3179-49d1-8496-150edaaded2a" 201 - "PUT http://172.20.0.100:6001/d1/726/AUTH_a41edf9686e34385aeb056c2b0bb95ef/gnocchi.c058978d-3179-49d1-8496-150edaaded2a" "txe397b0d6613a4f2d8b861-0069232f25" "container-server 21" 0.0052 "-" 20 0
Nov 23 15:58:29 standalone container-server[128492]: 172.20.0.100 - - [23/Nov/2025:15:58:29 +0000] "PUT /d1/726/AUTH_a41edf9686e34385aeb056c2b0bb95ef/gnocchi.c058978d-3179-49d1-8496-150edaaded2a" 201 - "PUT http://172.18.0.2:8080/v1/AUTH_a41edf9686e34385aeb056c2b0bb95ef/gnocchi.c058978d-3179-49d1-8496-150edaaded2a" "txe397b0d6613a4f2d8b861-0069232f25" "proxy-server 12" 0.0455 "-" 21 0
Nov 23 15:58:29 standalone proxy-server[130696]: 172.18.0.2 172.18.0.100 23/Nov/2025/15/58/29 PUT /v1/AUTH_a41edf9686e34385aeb056c2b0bb95ef/gnocchi.c058978d-3179-49d1-8496-150edaaded2a HTTP/1.0 201 - python-swiftclient-3.11.1 gAAAAABpIy6O5uAY... - - - txe397b0d6613a4f2d8b861-0069232f25 - 0.0523 - - 1763913509.446382046 1763913509.498670578 0
Nov 23 15:58:29 standalone container-server[128504]: 172.20.0.100 - - [23/Nov/2025:15:58:29 +0000] "HEAD /d1/726/AUTH_a41edf9686e34385aeb056c2b0bb95ef/gnocchi.c058978d-3179-49d1-8496-150edaaded2a" 204 - "HEAD http://172.18.0.2:8080/v1/AUTH_a41edf9686e34385aeb056c2b0bb95ef/gnocchi.c058978d-3179-49d1-8496-150edaaded2a?format=json&states=listing" "tx841af1f8fdc44f33ad4f0-0069232f25" "proxy-server 12" 0.0027 "-" 22 0
Nov 23 15:58:29 standalone proxy-server[130696]: - - 23/Nov/2025/15/58/29 HEAD /v1/AUTH_a41edf9686e34385aeb056c2b0bb95ef/gnocchi.c058978d-3179-49d1-8496-150edaaded2a%3Fformat%3Djson%26states%3Dlisting HTTP/1.0 204 - Swift - - - - tx841af1f8fdc44f33ad4f0-0069232f25 - 0.0212 RL - 1763913509.507812500 1763913509.529055595 0
Nov 23 15:58:29 standalone container-server[128504]: 172.20.0.100 - - [23/Nov/2025:15:58:29 +0000] "GET /d1/726/AUTH_a41edf9686e34385aeb056c2b0bb95ef/gnocchi.c058978d-3179-49d1-8496-150edaaded2a" 200 2 "GET http://172.18.0.2:8080/v1/AUTH_a41edf9686e34385aeb056c2b0bb95ef/gnocchi.c058978d-3179-49d1-8496-150edaaded2a?format=json&states=listing" "tx841af1f8fdc44f33ad4f0-0069232f25" "proxy-server 12" 0.0033 "-" 22 0
Nov 23 15:58:29 standalone proxy-server[130696]: 172.18.0.2 172.18.0.100 23/Nov/2025/15/58/29 GET /v1/AUTH_a41edf9686e34385aeb056c2b0bb95ef/gnocchi.c058978d-3179-49d1-8496-150edaaded2a%3Fformat%3Djson%26states%3Dlisting HTTP/1.0 200 - python-swiftclient-3.11.1 gAAAAABpIy6O5uAY... - 2 - tx841af1f8fdc44f33ad4f0-0069232f25 - 0.0403 - - 1763913509.504805803 1763913509.545125961 0
Nov 23 15:58:29 standalone object-server[128666]: 172.20.0.100 - - [23/Nov/2025:15:58:29 +0000] "GET /d1/632/AUTH_a41edf9686e34385aeb056c2b0bb95ef/gnocchi.c058978d-3179-49d1-8496-150edaaded2a/1763640000.0_mean_300.0_v3" 404 70 "GET http://172.18.0.2:8080/v1/AUTH_a41edf9686e34385aeb056c2b0bb95ef/gnocchi.c058978d-3179-49d1-8496-150edaaded2a/1763640000.0_mean_300.0_v3" "tx8f56894f38d64c3997efe-0069232f25" "proxy-server 12" 0.0004 "-" 24 0
Nov 23 15:58:29 standalone proxy-server[130696]: 172.18.0.2 172.18.0.100 23/Nov/2025/15/58/29 GET /v1/AUTH_a41edf9686e34385aeb056c2b0bb95ef/gnocchi.c058978d-3179-49d1-8496-150edaaded2a/1763640000.0_mean_300.0_v3 HTTP/1.0 404 - python-swiftclient-3.11.1 gAAAAABpIy6O5uAY... - 70 - tx8f56894f38d64c3997efe-0069232f25 - 0.0102 - - 1763913509.550921440 1763913509.561094999 0
Nov 23 15:58:29 standalone container-server[128484]: 172.20.0.100 - - [23/Nov/2025:15:58:29 +0000] "PUT /d1/726/AUTH_a41edf9686e34385aeb056c2b0bb95ef/gnocchi.c058978d-3179-49d1-8496-150edaaded2a/1763640000.0_mean_300.0_v3" 201 - "PUT http://172.18.0.2:8080/d1/632/AUTH_a41edf9686e34385aeb056c2b0bb95ef/gnocchi.c058978d-3179-49d1-8496-150edaaded2a/1763640000.0_mean_300.0_v3" "txa4641479187641d89b095-0069232f25" "object-server 24" 0.0014 "-" 20 0
Nov 23 15:58:29 standalone object-server[128666]: 172.20.0.100 - - [23/Nov/2025:15:58:29 +0000] "PUT /d1/632/AUTH_a41edf9686e34385aeb056c2b0bb95ef/gnocchi.c058978d-3179-49d1-8496-150edaaded2a/1763640000.0_mean_300.0_v3" 201 - "PUT http://172.18.0.2:8080/v1/AUTH_a41edf9686e34385aeb056c2b0bb95ef/gnocchi.c058978d-3179-49d1-8496-150edaaded2a/1763640000.0_mean_300.0_v3" "txa4641479187641d89b095-0069232f25" "proxy-server 12" 0.0120 "-" 24 0
Nov 23 15:58:29 standalone proxy-server[130696]: 172.18.0.2 172.18.0.100 23/Nov/2025/15/58/29 PUT /v1/AUTH_a41edf9686e34385aeb056c2b0bb95ef/gnocchi.c058978d-3179-49d1-8496-150edaaded2a/1763640000.0_mean_300.0_v3 HTTP/1.0 201 - python-swiftclient-3.11.1 gAAAAABpIy6O5uAY... 16 - - txa4641479187641d89b095-0069232f25 - 0.0200 - - 1763913509.565286875 1763913509.585250378 0
Nov 23 15:58:29 standalone container-server[128484]: 172.20.0.100 - - [23/Nov/2025:15:58:29 +0000] "PUT /d1/726/AUTH_a41edf9686e34385aeb056c2b0bb95ef/gnocchi.c058978d-3179-49d1-8496-150edaaded2a/none_v3" 201 - "PUT http://172.18.0.2:8080/d1/472/AUTH_a41edf9686e34385aeb056c2b0bb95ef/gnocchi.c058978d-3179-49d1-8496-150edaaded2a/none_v3" "tx7e032b917d924c9c9085c-0069232f25" "object-server 25" 0.0009 "-" 20 0
Nov 23 15:58:29 standalone object-server[128675]: 172.20.0.100 - - [23/Nov/2025:15:58:29 +0000] "PUT /d1/472/AUTH_a41edf9686e34385aeb056c2b0bb95ef/gnocchi.c058978d-3179-49d1-8496-150edaaded2a/none_v3" 201 - "PUT http://172.18.0.2:8080/v1/AUTH_a41edf9686e34385aeb056c2b0bb95ef/gnocchi.c058978d-3179-49d1-8496-150edaaded2a/none_v3" "tx7e032b917d924c9c9085c-0069232f25" "proxy-server 12" 0.0114 "-" 25 0
Nov 23 15:58:29 standalone proxy-server[130696]: 172.18.0.2 172.18.0.100 23/Nov/2025/15/58/29 PUT /v1/AUTH_a41edf9686e34385aeb056c2b0bb95ef/gnocchi.c058978d-3179-49d1-8496-150edaaded2a/none_v3 HTTP/1.0 201 - python-swiftclient-3.11.1 gAAAAABpIy6O5uAY... 22 - - tx7e032b917d924c9c9085c-0069232f25 - 0.0208 - - 1763913509.593063354 1763913509.613881350 0
Nov 23 15:58:29 standalone container-server[128504]: 172.20.0.100 - - [23/Nov/2025:15:58:29 +0000] "HEAD /d1/155/AUTH_a41edf9686e34385aeb056c2b0bb95ef/gnocchi.10a4998d-998c-4554-9629-ee7c404fab67" 404 - "HEAD http://172.18.0.2:8080/v1/AUTH_a41edf9686e34385aeb056c2b0bb95ef/gnocchi.10a4998d-998c-4554-9629-ee7c404fab67?format=json&states=listing" "txde68b965af5045c3a4db0-0069232f25" "proxy-server 12" 0.0007 "-" 22 0
Nov 23 15:58:29 standalone object-server[128661]: 172.20.0.100 - - [23/Nov/2025:15:58:29 +0000] "GET /d1/435/AUTH_a41edf9686e34385aeb056c2b0bb95ef/gnocchi.10a4998d-998c-4554-9629-ee7c404fab67/none_v3" 404 70 "GET http://172.18.0.2:8080/v1/AUTH_a41edf9686e34385aeb056c2b0bb95ef/gnocchi.10a4998d-998c-4554-9629-ee7c404fab67/none_v3" "txde68b965af5045c3a4db0-0069232f25" "proxy-server 12" 0.0006 "-" 23 0
Nov 23 15:58:29 standalone proxy-server[130696]: 172.18.0.2 172.18.0.100 23/Nov/2025/15/58/29 GET /v1/AUTH_a41edf9686e34385aeb056c2b0bb95ef/gnocchi.10a4998d-998c-4554-9629-ee7c404fab67/none_v3 HTTP/1.0 404 - python-swiftclient-3.11.1 gAAAAABpIy6O5uAY... - 70 - txde68b965af5045c3a4db0-0069232f25 - 0.0203 - - 1763913509.643647909 1763913509.663908005 0
Nov 23 15:58:29 standalone account-server[128475]: 172.20.0.100 - - [23/Nov/2025:15:58:29 +0000] "PUT /d1/262/AUTH_a41edf9686e34385aeb056c2b0bb95ef/gnocchi.10a4998d-998c-4554-9629-ee7c404fab67" 201 - "PUT http://172.20.0.100:6001/d1/155/AUTH_a41edf9686e34385aeb056c2b0bb95ef/gnocchi.10a4998d-998c-4554-9629-ee7c404fab67" "txd1980674818a4ff38e766-0069232f25" "container-server 21" 0.0048 "-" 23 0
Nov 23 15:58:29 standalone container-server[128492]: 172.20.0.100 - - [23/Nov/2025:15:58:29 +0000] "PUT /d1/155/AUTH_a41edf9686e34385aeb056c2b0bb95ef/gnocchi.10a4998d-998c-4554-9629-ee7c404fab67" 201 - "PUT http://172.18.0.2:8080/v1/AUTH_a41edf9686e34385aeb056c2b0bb95ef/gnocchi.10a4998d-998c-4554-9629-ee7c404fab67" "txd1980674818a4ff38e766-0069232f25" "proxy-server 12" 0.0153 "-" 21 0
Nov 23 15:58:29 standalone proxy-server[130696]: 172.18.0.2 172.18.0.100 23/Nov/2025/15/58/29 PUT /v1/AUTH_a41edf9686e34385aeb056c2b0bb95ef/gnocchi.10a4998d-998c-4554-9629-ee7c404fab67 HTTP/1.0 201 - python-swiftclient-3.11.1 gAAAAABpIy6O5uAY... - - - txd1980674818a4ff38e766-0069232f25 - 0.0217 - - 1763913509.667909384 1763913509.689588308 0
Nov 23 15:58:29 standalone container-server[128492]: 172.20.0.100 - - [23/Nov/2025:15:58:29 +0000] "HEAD /d1/309/AUTH_a41edf9686e34385aeb056c2b0bb95ef/gnocchi.cd56c4ef-5838-4242-a234-bb8dc5ba4267" 404 - "HEAD http://172.18.0.2:8080/v1/AUTH_a41edf9686e34385aeb056c2b0bb95ef/gnocchi.cd56c4ef-5838-4242-a234-bb8dc5ba4267?format=json&states=listing" "tx44caac163e704a0589e65-0069232f25" "proxy-server 12" 0.0003 "-" 21 0
Nov 23 15:58:29 standalone object-server[128675]: 172.20.0.100 - - [23/Nov/2025:15:58:29 +0000] "GET /d1/1009/AUTH_a41edf9686e34385aeb056c2b0bb95ef/gnocchi.cd56c4ef-5838-4242-a234-bb8dc5ba4267/none_v3" 404 70 "GET http://172.18.0.2:8080/v1/AUTH_a41edf9686e34385aeb056c2b0bb95ef/gnocchi.cd56c4ef-5838-4242-a234-bb8dc5ba4267/none_v3" "tx44caac163e704a0589e65-0069232f25" "proxy-server 12" 0.0004 "-" 25 0
Nov 23 15:58:29 standalone proxy-server[130696]: 172.18.0.2 172.18.0.100 23/Nov/2025/15/58/29 GET /v1/AUTH_a41edf9686e34385aeb056c2b0bb95ef/gnocchi.cd56c4ef-5838-4242-a234-bb8dc5ba4267/none_v3 HTTP/1.0 404 - python-swiftclient-3.11.1 gAAAAABpIy6O5uAY... - 70 - tx44caac163e704a0589e65-0069232f25 - 0.0141 - - 1763913509.693644524 1763913509.707697392 0
Nov 23 15:58:29 standalone account-server[128475]: 172.20.0.100 - - [23/Nov/2025:15:58:29 +0000] "PUT /d1/262/AUTH_a41edf9686e34385aeb056c2b0bb95ef/gnocchi.cd56c4ef-5838-4242-a234-bb8dc5ba4267" 201 - "PUT http://172.20.0.100:6001/d1/309/AUTH_a41edf9686e34385aeb056c2b0bb95ef/gnocchi.cd56c4ef-5838-4242-a234-bb8dc5ba4267" "tx7bf4653abace460fb47db-0069232f25" "container-server 22" 0.0049 "-" 23 0
Nov 23 15:58:29 standalone container-server[128504]: 172.20.0.100 - - [23/Nov/2025:15:58:29 +0000] "PUT /d1/309/AUTH_a41edf9686e34385aeb056c2b0bb95ef/gnocchi.cd56c4ef-5838-4242-a234-bb8dc5ba4267" 201 - "PUT http://172.18.0.2:8080/v1/AUTH_a41edf9686e34385aeb056c2b0bb95ef/gnocchi.cd56c4ef-5838-4242-a234-bb8dc5ba4267" "tx7bf4653abace460fb47db-0069232f25" "proxy-server 12" 0.0188 "-" 22 0
Nov 23 15:58:29 standalone proxy-server[130696]: 172.18.0.2 172.18.0.100 23/Nov/2025/15/58/29 PUT /v1/AUTH_a41edf9686e34385aeb056c2b0bb95ef/gnocchi.cd56c4ef-5838-4242-a234-bb8dc5ba4267 HTTP/1.0 201 - python-swiftclient-3.11.1 gAAAAABpIy6O5uAY... - - - tx7bf4653abace460fb47db-0069232f25 - 0.0272 - - 1763913509.713379860 1763913509.740605354 0
Nov 23 15:58:29 standalone container-server[128504]: 172.20.0.100 - - [23/Nov/2025:15:58:29 +0000] "HEAD /d1/155/AUTH_a41edf9686e34385aeb056c2b0bb95ef/gnocchi.10a4998d-998c-4554-9629-ee7c404fab67" 204 - "HEAD http://172.18.0.2:8080/v1/AUTH_a41edf9686e34385aeb056c2b0bb95ef/gnocchi.10a4998d-998c-4554-9629-ee7c404fab67?format=json&states=listing" "txa985c114fa904879bd3d8-0069232f25" "proxy-server 12" 0.0021 "-" 22 0
Nov 23 15:58:29 standalone proxy-server[130696]: - - 23/Nov/2025/15/58/29 HEAD /v1/AUTH_a41edf9686e34385aeb056c2b0bb95ef/gnocchi.10a4998d-998c-4554-9629-ee7c404fab67%3Fformat%3Djson%26states%3Dlisting HTTP/1.0 204 - Swift - - - - txa985c114fa904879bd3d8-0069232f25 - 0.0117 RL - 1763913509.746690750 1763913509.758389235 0
Nov 23 15:58:29 standalone container-server[128504]: 172.20.0.100 - - [23/Nov/2025:15:58:29 +0000] "GET /d1/155/AUTH_a41edf9686e34385aeb056c2b0bb95ef/gnocchi.10a4998d-998c-4554-9629-ee7c404fab67" 200 2 "GET http://172.18.0.2:8080/v1/AUTH_a41edf9686e34385aeb056c2b0bb95ef/gnocchi.10a4998d-998c-4554-9629-ee7c404fab67?format=json&states=listing" "txa985c114fa904879bd3d8-0069232f25" "proxy-server 12" 0.0029 "-" 22 0
Nov 23 15:58:29 standalone proxy-server[130696]: 172.18.0.2 172.18.0.100 23/Nov/2025/15/58/29 GET /v1/AUTH_a41edf9686e34385aeb056c2b0bb95ef/gnocchi.10a4998d-998c-4554-9629-ee7c404fab67%3Fformat%3Djson%26states%3Dlisting HTTP/1.0 200 - python-swiftclient-3.11.1 gAAAAABpIy6O5uAY... - 2 - txa985c114fa904879bd3d8-0069232f25 - 0.0265 - - 1763913509.745280504 1763913509.771748781 0
Nov 23 15:58:29 standalone container-server[128484]: 172.20.0.100 - - [23/Nov/2025:15:58:29 +0000] "HEAD /d1/309/AUTH_a41edf9686e34385aeb056c2b0bb95ef/gnocchi.cd56c4ef-5838-4242-a234-bb8dc5ba4267" 204 - "HEAD http://172.18.0.2:8080/v1/AUTH_a41edf9686e34385aeb056c2b0bb95ef/gnocchi.cd56c4ef-5838-4242-a234-bb8dc5ba4267?format=json&states=listing" "tx35c6a61f050347778ac63-0069232f25" "proxy-server 12" 0.0022 "-" 20 0
Nov 23 15:58:29 standalone proxy-server[130696]: - - 23/Nov/2025/15/58/29 HEAD /v1/AUTH_a41edf9686e34385aeb056c2b0bb95ef/gnocchi.cd56c4ef-5838-4242-a234-bb8dc5ba4267%3Fformat%3Djson%26states%3Dlisting HTTP/1.0 204 - Swift - - - - tx35c6a61f050347778ac63-0069232f25 - 0.0090 RL - 1763913509.779901981 1763913509.788931131 0
Nov 23 15:58:29 standalone container-server[128492]: 172.20.0.100 - - [23/Nov/2025:15:58:29 +0000] "GET /d1/309/AUTH_a41edf9686e34385aeb056c2b0bb95ef/gnocchi.cd56c4ef-5838-4242-a234-bb8dc5ba4267" 200 2 "GET http://172.18.0.2:8080/v1/AUTH_a41edf9686e34385aeb056c2b0bb95ef/gnocchi.cd56c4ef-5838-4242-a234-bb8dc5ba4267?format=json&states=listing" "tx35c6a61f050347778ac63-0069232f25" "proxy-server 12" 0.0032 "-" 21 0
Nov 23 15:58:29 standalone proxy-server[130696]: 172.18.0.2 172.18.0.100 23/Nov/2025/15/58/29 GET /v1/AUTH_a41edf9686e34385aeb056c2b0bb95ef/gnocchi.cd56c4ef-5838-4242-a234-bb8dc5ba4267%3Fformat%3Djson%26states%3Dlisting HTTP/1.0 200 - python-swiftclient-3.11.1 gAAAAABpIy6O5uAY... - 2 - tx35c6a61f050347778ac63-0069232f25 - 0.0247 - - 1763913509.777945518 1763913509.802633762 0
Nov 23 15:58:29 standalone object-server[128661]: 172.20.0.100 - - [23/Nov/2025:15:58:29 +0000] "GET /d1/247/AUTH_a41edf9686e34385aeb056c2b0bb95ef/gnocchi.10a4998d-998c-4554-9629-ee7c404fab67/1763640000.0_mean_300.0_v3" 404 70 "GET http://172.18.0.2:8080/v1/AUTH_a41edf9686e34385aeb056c2b0bb95ef/gnocchi.10a4998d-998c-4554-9629-ee7c404fab67/1763640000.0_mean_300.0_v3" "txf87b8da6929a4822bee5b-0069232f25" "proxy-server 12" 0.0005 "-" 23 0
Nov 23 15:58:29 standalone proxy-server[130696]: 172.18.0.2 172.18.0.100 23/Nov/2025/15/58/29 GET /v1/AUTH_a41edf9686e34385aeb056c2b0bb95ef/gnocchi.10a4998d-998c-4554-9629-ee7c404fab67/1763640000.0_mean_300.0_v3 HTTP/1.0 404 - python-swiftclient-3.11.1 gAAAAABpIy6O5uAY... - 70 - txf87b8da6929a4822bee5b-0069232f25 - 0.0073 - - 1763913509.806789398 1763913509.814104557 0
Nov 23 15:58:29 standalone object-server[128646]: 172.20.0.100 - - [23/Nov/2025:15:58:29 +0000] "GET /d1/917/AUTH_a41edf9686e34385aeb056c2b0bb95ef/gnocchi.cd56c4ef-5838-4242-a234-bb8dc5ba4267/1763640000.0_mean_300.0_v3" 404 70 "GET http://172.18.0.2:8080/v1/AUTH_a41edf9686e34385aeb056c2b0bb95ef/gnocchi.cd56c4ef-5838-4242-a234-bb8dc5ba4267/1763640000.0_mean_300.0_v3" "txa95050f49e644239be8bb-0069232f25" "proxy-server 12" 0.0003 "-" 22 0
Nov 23 15:58:29 standalone proxy-server[130696]: 172.18.0.2 172.18.0.100 23/Nov/2025/15/58/29 GET /v1/AUTH_a41edf9686e34385aeb056c2b0bb95ef/gnocchi.cd56c4ef-5838-4242-a234-bb8dc5ba4267/1763640000.0_mean_300.0_v3 HTTP/1.0 404 - python-swiftclient-3.11.1 gAAAAABpIy6O5uAY... - 70 - txa95050f49e644239be8bb-0069232f25 - 0.0090 - - 1763913509.818710804 1763913509.827704430 0
Nov 23 15:58:29 standalone container-server[128518]: 172.20.0.100 - - [23/Nov/2025:15:58:29 +0000] "PUT /d1/155/AUTH_a41edf9686e34385aeb056c2b0bb95ef/gnocchi.10a4998d-998c-4554-9629-ee7c404fab67/1763640000.0_mean_300.0_v3" 201 - "PUT http://172.18.0.2:8080/d1/247/AUTH_a41edf9686e34385aeb056c2b0bb95ef/gnocchi.10a4998d-998c-4554-9629-ee7c404fab67/1763640000.0_mean_300.0_v3" "txb29adede2f074fd0a03de-0069232f25" "object-server 25" 0.0008 "-" 23 0
Nov 23 15:58:29 standalone object-server[128675]: 172.20.0.100 - - [23/Nov/2025:15:58:29 +0000] "PUT /d1/247/AUTH_a41edf9686e34385aeb056c2b0bb95ef/gnocchi.10a4998d-998c-4554-9629-ee7c404fab67/1763640000.0_mean_300.0_v3" 201 - "PUT http://172.18.0.2:8080/v1/AUTH_a41edf9686e34385aeb056c2b0bb95ef/gnocchi.10a4998d-998c-4554-9629-ee7c404fab67/1763640000.0_mean_300.0_v3" "txb29adede2f074fd0a03de-0069232f25" "proxy-server 12" 0.0116 "-" 25 0
Nov 23 15:58:29 standalone proxy-server[130696]: 172.18.0.2 172.18.0.100 23/Nov/2025/15/58/29 PUT /v1/AUTH_a41edf9686e34385aeb056c2b0bb95ef/gnocchi.10a4998d-998c-4554-9629-ee7c404fab67/1763640000.0_mean_300.0_v3 HTTP/1.0 201 - python-swiftclient-3.11.1 gAAAAABpIy6O5uAY... 16 - - txb29adede2f074fd0a03de-0069232f25 - 0.0196 - - 1763913509.832181454 1763913509.851811886 0
Nov 23 15:58:29 standalone container-server[128504]: 172.20.0.100 - - [23/Nov/2025:15:58:29 +0000] "PUT /d1/309/AUTH_a41edf9686e34385aeb056c2b0bb95ef/gnocchi.cd56c4ef-5838-4242-a234-bb8dc5ba4267/1763640000.0_mean_300.0_v3" 201 - "PUT http://172.18.0.2:8080/d1/917/AUTH_a41edf9686e34385aeb056c2b0bb95ef/gnocchi.cd56c4ef-5838-4242-a234-bb8dc5ba4267/1763640000.0_mean_300.0_v3" "tx98b0ab9eece5424584551-0069232f25" "object-server 23" 0.0005 "-" 22 0
Nov 23 15:58:29 standalone object-server[128661]: 172.20.0.100 - - [23/Nov/2025:15:58:29 +0000] "PUT /d1/917/AUTH_a41edf9686e34385aeb056c2b0bb95ef/gnocchi.cd56c4ef-5838-4242-a234-bb8dc5ba4267/1763640000.0_mean_300.0_v3" 201 - "PUT http://172.18.0.2:8080/v1/AUTH_a41edf9686e34385aeb056c2b0bb95ef/gnocchi.cd56c4ef-5838-4242-a234-bb8dc5ba4267/1763640000.0_mean_300.0_v3" "tx98b0ab9eece5424584551-0069232f25" "proxy-server 12" 0.0100 "-" 23 0
Nov 23 15:58:29 standalone proxy-server[130696]: 172.18.0.2 172.18.0.100 23/Nov/2025/15/58/29 PUT /v1/AUTH_a41edf9686e34385aeb056c2b0bb95ef/gnocchi.cd56c4ef-5838-4242-a234-bb8dc5ba4267/1763640000.0_mean_300.0_v3 HTTP/1.0 201 - python-swiftclient-3.11.1 gAAAAABpIy6O5uAY... 16 - - tx98b0ab9eece5424584551-0069232f25 - 0.0213 - - 1763913509.855788708 1763913509.877041101 0
Nov 23 15:58:29 standalone container-server[128518]: 172.20.0.100 - - [23/Nov/2025:15:58:29 +0000] "PUT /d1/155/AUTH_a41edf9686e34385aeb056c2b0bb95ef/gnocchi.10a4998d-998c-4554-9629-ee7c404fab67/none_v3" 201 - "PUT http://172.18.0.2:8080/d1/435/AUTH_a41edf9686e34385aeb056c2b0bb95ef/gnocchi.10a4998d-998c-4554-9629-ee7c404fab67/none_v3" "tx18d1e490ce444a5590599-0069232f25" "object-server 25" 0.0007 "-" 23 0
Nov 23 15:58:29 standalone object-server[128675]: 172.20.0.100 - - [23/Nov/2025:15:58:29 +0000] "PUT /d1/435/AUTH_a41edf9686e34385aeb056c2b0bb95ef/gnocchi.10a4998d-998c-4554-9629-ee7c404fab67/none_v3" 201 - "PUT http://172.18.0.2:8080/v1/AUTH_a41edf9686e34385aeb056c2b0bb95ef/gnocchi.10a4998d-998c-4554-9629-ee7c404fab67/none_v3" "tx18d1e490ce444a5590599-0069232f25" "proxy-server 12" 0.0154 "-" 25 0
Nov 23 15:58:29 standalone proxy-server[130696]: 172.18.0.2 172.18.0.100 23/Nov/2025/15/58/29 PUT /v1/AUTH_a41edf9686e34385aeb056c2b0bb95ef/gnocchi.10a4998d-998c-4554-9629-ee7c404fab67/none_v3 HTTP/1.0 201 - python-swiftclient-3.11.1 gAAAAABpIy6O5uAY... 22 - - tx18d1e490ce444a5590599-0069232f25 - 0.0216 - - 1763913509.882390738 1763913509.903955698 0
Nov 23 15:58:29 standalone container-server[128484]: 172.20.0.100 - - [23/Nov/2025:15:58:29 +0000] "PUT /d1/309/AUTH_a41edf9686e34385aeb056c2b0bb95ef/gnocchi.cd56c4ef-5838-4242-a234-bb8dc5ba4267/none_v3" 201 - "PUT http://172.18.0.2:8080/d1/1009/AUTH_a41edf9686e34385aeb056c2b0bb95ef/gnocchi.cd56c4ef-5838-4242-a234-bb8dc5ba4267/none_v3" "txe12397381fe149c0a218f-0069232f25" "object-server 24" 0.0009 "-" 20 0
Nov 23 15:58:29 standalone object-server[128666]: 172.20.0.100 - - [23/Nov/2025:15:58:29 +0000] "PUT /d1/1009/AUTH_a41edf9686e34385aeb056c2b0bb95ef/gnocchi.cd56c4ef-5838-4242-a234-bb8dc5ba4267/none_v3" 201 - "PUT http://172.18.0.2:8080/v1/AUTH_a41edf9686e34385aeb056c2b0bb95ef/gnocchi.cd56c4ef-5838-4242-a234-bb8dc5ba4267/none_v3" "txe12397381fe149c0a218f-0069232f25" "proxy-server 12" 0.0089 "-" 24 0
Nov 23 15:58:29 standalone proxy-server[130696]: 172.18.0.2 172.18.0.100 23/Nov/2025/15/58/29 PUT /v1/AUTH_a41edf9686e34385aeb056c2b0bb95ef/gnocchi.cd56c4ef-5838-4242-a234-bb8dc5ba4267/none_v3 HTTP/1.0 201 - python-swiftclient-3.11.1 gAAAAABpIy6O5uAY... 22 - - txe12397381fe149c0a218f-0069232f25 - 0.0152 - - 1763913509.907687664 1763913509.922888994 0
Nov 23 15:58:29 standalone container-server[128484]: 172.20.0.100 - - [23/Nov/2025:15:58:29 +0000] "HEAD /d1/311/AUTH_a41edf9686e34385aeb056c2b0bb95ef/gnocchi.bf8eefbb-efbc-4d1e-9536-f8882e1c3b28" 404 - "HEAD http://172.18.0.2:8080/v1/AUTH_a41edf9686e34385aeb056c2b0bb95ef/gnocchi.bf8eefbb-efbc-4d1e-9536-f8882e1c3b28?format=json&states=listing" "tx39f1b207801943929328f-0069232f25" "proxy-server 12" 0.0006 "-" 20 0
Nov 23 15:58:29 standalone object-server[128646]: 172.20.0.100 - - [23/Nov/2025:15:58:29 +0000] "GET /d1/843/AUTH_a41edf9686e34385aeb056c2b0bb95ef/gnocchi.bf8eefbb-efbc-4d1e-9536-f8882e1c3b28/none_v3" 404 70 "GET http://172.18.0.2:8080/v1/AUTH_a41edf9686e34385aeb056c2b0bb95ef/gnocchi.bf8eefbb-efbc-4d1e-9536-f8882e1c3b28/none_v3" "tx39f1b207801943929328f-0069232f25" "proxy-server 12" 0.0005 "-" 22 0
Nov 23 15:58:29 standalone proxy-server[130696]: 172.18.0.2 172.18.0.100 23/Nov/2025/15/58/29 GET /v1/AUTH_a41edf9686e34385aeb056c2b0bb95ef/gnocchi.bf8eefbb-efbc-4d1e-9536-f8882e1c3b28/none_v3 HTTP/1.0 404 - python-swiftclient-3.11.1 gAAAAABpIy6O5uAY... - 70 - tx39f1b207801943929328f-0069232f25 - 0.0095 - - 1763913509.933332920 1763913509.942857981 0
Nov 23 15:58:29 standalone account-server[128469]: 172.20.0.100 - - [23/Nov/2025:15:58:29 +0000] "PUT /d1/262/AUTH_a41edf9686e34385aeb056c2b0bb95ef/gnocchi.bf8eefbb-efbc-4d1e-9536-f8882e1c3b28" 201 - "PUT http://172.20.0.100:6001/d1/311/AUTH_a41edf9686e34385aeb056c2b0bb95ef/gnocchi.bf8eefbb-efbc-4d1e-9536-f8882e1c3b28" "tx7b9ad45f756a4fb0836d1-0069232f25" "container-server 20" 0.0050 "-" 21 0
Nov 23 15:58:29 standalone container-server[128484]: 172.20.0.100 - - [23/Nov/2025:15:58:29 +0000] "PUT /d1/311/AUTH_a41edf9686e34385aeb056c2b0bb95ef/gnocchi.bf8eefbb-efbc-4d1e-9536-f8882e1c3b28" 201 - "PUT http://172.18.0.2:8080/v1/AUTH_a41edf9686e34385aeb056c2b0bb95ef/gnocchi.bf8eefbb-efbc-4d1e-9536-f8882e1c3b28" "tx7b9ad45f756a4fb0836d1-0069232f25" "proxy-server 12" 0.0142 "-" 20 0
Nov 23 15:58:29 standalone proxy-server[130696]: 172.18.0.2 172.18.0.100 23/Nov/2025/15/58/29 PUT /v1/AUTH_a41edf9686e34385aeb056c2b0bb95ef/gnocchi.bf8eefbb-efbc-4d1e-9536-f8882e1c3b28 HTTP/1.0 201 - python-swiftclient-3.11.1 gAAAAABpIy6O5uAY... - - - tx7b9ad45f756a4fb0836d1-0069232f25 - 0.0189 - - 1763913509.944909811 1763913509.963782310 0
Nov 23 15:58:29 standalone container-server[128484]: 172.20.0.100 - - [23/Nov/2025:15:58:29 +0000] "HEAD /d1/311/AUTH_a41edf9686e34385aeb056c2b0bb95ef/gnocchi.bf8eefbb-efbc-4d1e-9536-f8882e1c3b28" 204 - "HEAD http://172.18.0.2:8080/v1/AUTH_a41edf9686e34385aeb056c2b0bb95ef/gnocchi.bf8eefbb-efbc-4d1e-9536-f8882e1c3b28?format=json&states=listing" "txeb48dfe83ebe47debbf59-0069232f25" "proxy-server 12" 0.0009 "-" 20 0
Nov 23 15:58:29 standalone proxy-server[130696]: - - 23/Nov/2025/15/58/29 HEAD /v1/AUTH_a41edf9686e34385aeb056c2b0bb95ef/gnocchi.bf8eefbb-efbc-4d1e-9536-f8882e1c3b28%3Fformat%3Djson%26states%3Dlisting HTTP/1.0 204 - Swift - - - - txeb48dfe83ebe47debbf59-0069232f25 - 0.0056 RL - 1763913509.969755173 1763913509.975350380 0
Nov 23 15:58:29 standalone container-server[128518]: 172.20.0.100 - - [23/Nov/2025:15:58:29 +0000] "GET /d1/311/AUTH_a41edf9686e34385aeb056c2b0bb95ef/gnocchi.bf8eefbb-efbc-4d1e-9536-f8882e1c3b28" 200 2 "GET http://172.18.0.2:8080/v1/AUTH_a41edf9686e34385aeb056c2b0bb95ef/gnocchi.bf8eefbb-efbc-4d1e-9536-f8882e1c3b28?format=json&states=listing" "txeb48dfe83ebe47debbf59-0069232f25" "proxy-server 12" 0.0034 "-" 23 0
Nov 23 15:58:29 standalone proxy-server[130696]: 172.18.0.2 172.18.0.100 23/Nov/2025/15/58/29 GET /v1/AUTH_a41edf9686e34385aeb056c2b0bb95ef/gnocchi.bf8eefbb-efbc-4d1e-9536-f8882e1c3b28%3Fformat%3Djson%26states%3Dlisting HTTP/1.0 200 - python-swiftclient-3.11.1 gAAAAABpIy6O5uAY... - 2 - txeb48dfe83ebe47debbf59-0069232f25 - 0.0171 - - 1763913509.968608618 1763913509.985706329 0
Nov 23 15:58:29 standalone object-server[128646]: 172.20.0.100 - - [23/Nov/2025:15:58:29 +0000] "GET /d1/32/AUTH_a41edf9686e34385aeb056c2b0bb95ef/gnocchi.bf8eefbb-efbc-4d1e-9536-f8882e1c3b28/1763640000.0_mean_300.0_v3" 404 70 "GET http://172.18.0.2:8080/v1/AUTH_a41edf9686e34385aeb056c2b0bb95ef/gnocchi.bf8eefbb-efbc-4d1e-9536-f8882e1c3b28/1763640000.0_mean_300.0_v3" "tx1a7c80e7bf6644328fee1-0069232f25" "proxy-server 12" 0.0005 "-" 22 0
Nov 23 15:58:29 standalone proxy-server[130696]: 172.18.0.2 172.18.0.100 23/Nov/2025/15/58/29 GET /v1/AUTH_a41edf9686e34385aeb056c2b0bb95ef/gnocchi.bf8eefbb-efbc-4d1e-9536-f8882e1c3b28/1763640000.0_mean_300.0_v3 HTTP/1.0 404 - python-swiftclient-3.11.1 gAAAAABpIy6O5uAY... - 70 - tx1a7c80e7bf6644328fee1-0069232f25 - 0.0102 - - 1763913509.988380909 1763913509.998606443 0
Nov 23 15:58:30 standalone container-server[128492]: 172.20.0.100 - - [23/Nov/2025:15:58:30 +0000] "PUT /d1/311/AUTH_a41edf9686e34385aeb056c2b0bb95ef/gnocchi.bf8eefbb-efbc-4d1e-9536-f8882e1c3b28/1763640000.0_mean_300.0_v3" 201 - "PUT http://172.18.0.2:8080/d1/32/AUTH_a41edf9686e34385aeb056c2b0bb95ef/gnocchi.bf8eefbb-efbc-4d1e-9536-f8882e1c3b28/1763640000.0_mean_300.0_v3" "txf33359372f1b474c94622-0069232f26" "object-server 24" 0.0006 "-" 21 0
Nov 23 15:58:30 standalone object-server[128666]: 172.20.0.100 - - [23/Nov/2025:15:58:30 +0000] "PUT /d1/32/AUTH_a41edf9686e34385aeb056c2b0bb95ef/gnocchi.bf8eefbb-efbc-4d1e-9536-f8882e1c3b28/1763640000.0_mean_300.0_v3" 201 - "PUT http://172.18.0.2:8080/v1/AUTH_a41edf9686e34385aeb056c2b0bb95ef/gnocchi.bf8eefbb-efbc-4d1e-9536-f8882e1c3b28/1763640000.0_mean_300.0_v3" "txf33359372f1b474c94622-0069232f26" "proxy-server 12" 0.0105 "-" 24 0
Nov 23 15:58:30 standalone proxy-server[130696]: 172.18.0.2 172.18.0.100 23/Nov/2025/15/58/30 PUT /v1/AUTH_a41edf9686e34385aeb056c2b0bb95ef/gnocchi.bf8eefbb-efbc-4d1e-9536-f8882e1c3b28/1763640000.0_mean_300.0_v3 HTTP/1.0 201 - python-swiftclient-3.11.1 gAAAAABpIy6O5uAY... 16 - - txf33359372f1b474c94622-0069232f26 - 0.0192 - - 1763913510.001442671 1763913510.020603180 0
Nov 23 15:58:30 standalone container-server[128492]: 172.20.0.100 - - [23/Nov/2025:15:58:30 +0000] "PUT /d1/311/AUTH_a41edf9686e34385aeb056c2b0bb95ef/gnocchi.bf8eefbb-efbc-4d1e-9536-f8882e1c3b28/none_v3" 201 - "PUT http://172.18.0.2:8080/d1/843/AUTH_a41edf9686e34385aeb056c2b0bb95ef/gnocchi.bf8eefbb-efbc-4d1e-9536-f8882e1c3b28/none_v3" "tx319fa17b3a51493291270-0069232f26" "object-server 23" 0.0004 "-" 21 0
Nov 23 15:58:30 standalone object-server[128661]: 172.20.0.100 - - [23/Nov/2025:15:58:30 +0000] "PUT /d1/843/AUTH_a41edf9686e34385aeb056c2b0bb95ef/gnocchi.bf8eefbb-efbc-4d1e-9536-f8882e1c3b28/none_v3" 201 - "PUT http://172.18.0.2:8080/v1/AUTH_a41edf9686e34385aeb056c2b0bb95ef/gnocchi.bf8eefbb-efbc-4d1e-9536-f8882e1c3b28/none_v3" "tx319fa17b3a51493291270-0069232f26" "proxy-server 12" 0.0092 "-" 23 0
Nov 23 15:58:30 standalone proxy-server[130696]: 172.18.0.2 172.18.0.100 23/Nov/2025/15/58/30 PUT /v1/AUTH_a41edf9686e34385aeb056c2b0bb95ef/gnocchi.bf8eefbb-efbc-4d1e-9536-f8882e1c3b28/none_v3 HTTP/1.0 201 - python-swiftclient-3.11.1 gAAAAABpIy6O5uAY... 22 - - tx319fa17b3a51493291270-0069232f26 - 0.0176 - - 1763913510.023893595 1763913510.041504622 0
Nov 23 15:58:30 standalone container-server[128518]: 172.20.0.100 - - [23/Nov/2025:15:58:30 +0000] "HEAD /d1/915/AUTH_a41edf9686e34385aeb056c2b0bb95ef/gnocchi.dceec87c-f623-47a2-8c2f-39f6ae2d6a15" 404 - "HEAD http://172.18.0.2:8080/v1/AUTH_a41edf9686e34385aeb056c2b0bb95ef/gnocchi.dceec87c-f623-47a2-8c2f-39f6ae2d6a15?format=json&states=listing" "txadc5d5ae111445cbbbe53-0069232f26" "proxy-server 12" 0.0006 "-" 23 0
Nov 23 15:58:30 standalone object-server[128661]: 172.20.0.100 - - [23/Nov/2025:15:58:30 +0000] "GET /d1/129/AUTH_a41edf9686e34385aeb056c2b0bb95ef/gnocchi.dceec87c-f623-47a2-8c2f-39f6ae2d6a15/none_v3" 404 70 "GET http://172.18.0.2:8080/v1/AUTH_a41edf9686e34385aeb056c2b0bb95ef/gnocchi.dceec87c-f623-47a2-8c2f-39f6ae2d6a15/none_v3" "txadc5d5ae111445cbbbe53-0069232f26" "proxy-server 12" 0.0003 "-" 23 0
Nov 23 15:58:30 standalone proxy-server[130696]: 172.18.0.2 172.18.0.100 23/Nov/2025/15/58/30 GET /v1/AUTH_a41edf9686e34385aeb056c2b0bb95ef/gnocchi.dceec87c-f623-47a2-8c2f-39f6ae2d6a15/none_v3 HTTP/1.0 404 - python-swiftclient-3.11.1 gAAAAABpIy6O5uAY... - 70 - txadc5d5ae111445cbbbe53-0069232f26 - 0.0149 - - 1763913510.054098129 1763913510.069039583 0
Nov 23 15:58:30 standalone account-server[128475]: 172.20.0.100 - - [23/Nov/2025:15:58:30 +0000] "PUT /d1/262/AUTH_a41edf9686e34385aeb056c2b0bb95ef/gnocchi.dceec87c-f623-47a2-8c2f-39f6ae2d6a15" 201 - "PUT http://172.20.0.100:6001/d1/915/AUTH_a41edf9686e34385aeb056c2b0bb95ef/gnocchi.dceec87c-f623-47a2-8c2f-39f6ae2d6a15" "tx825aeeb036394bb0bf368-0069232f26" "container-server 22" 0.0059 "-" 23 0
Nov 23 15:58:30 standalone container-server[128504]: 172.20.0.100 - - [23/Nov/2025:15:58:30 +0000] "PUT /d1/915/AUTH_a41edf9686e34385aeb056c2b0bb95ef/gnocchi.dceec87c-f623-47a2-8c2f-39f6ae2d6a15" 201 - "PUT http://172.18.0.2:8080/v1/AUTH_a41edf9686e34385aeb056c2b0bb95ef/gnocchi.dceec87c-f623-47a2-8c2f-39f6ae2d6a15" "tx825aeeb036394bb0bf368-0069232f26" "proxy-server 12" 0.0151 "-" 22 0
Nov 23 15:58:30 standalone proxy-server[130696]: 172.18.0.2 172.18.0.100 23/Nov/2025/15/58/30 PUT /v1/AUTH_a41edf9686e34385aeb056c2b0bb95ef/gnocchi.dceec87c-f623-47a2-8c2f-39f6ae2d6a15 HTTP/1.0 201 - python-swiftclient-3.11.1 gAAAAABpIy6O5uAY... - - - tx825aeeb036394bb0bf368-0069232f26 - 0.0207 - - 1763913510.073200941 1763913510.093861341 0
Nov 23 15:58:30 standalone container-server[128504]: 172.20.0.100 - - [23/Nov/2025:15:58:30 +0000] "HEAD /d1/915/AUTH_a41edf9686e34385aeb056c2b0bb95ef/gnocchi.dceec87c-f623-47a2-8c2f-39f6ae2d6a15" 204 - "HEAD http://172.18.0.2:8080/v1/AUTH_a41edf9686e34385aeb056c2b0bb95ef/gnocchi.dceec87c-f623-47a2-8c2f-39f6ae2d6a15?format=json&states=listing" "txcb85f20688fd4e41897c4-0069232f26" "proxy-server 12" 0.0009 "-" 22 0
Nov 23 15:58:30 standalone proxy-server[130696]: - - 23/Nov/2025/15/58/30 HEAD /v1/AUTH_a41edf9686e34385aeb056c2b0bb95ef/gnocchi.dceec87c-f623-47a2-8c2f-39f6ae2d6a15%3Fformat%3Djson%26states%3Dlisting HTTP/1.0 204 - Swift - - - - txcb85f20688fd4e41897c4-0069232f26 - 0.0042 RL - 1763913510.115717888 1763913510.119928837 0
Nov 23 15:58:30 standalone container-server[128492]: 172.20.0.100 - - [23/Nov/2025:15:58:30 +0000] "GET /d1/915/AUTH_a41edf9686e34385aeb056c2b0bb95ef/gnocchi.dceec87c-f623-47a2-8c2f-39f6ae2d6a15" 200 2 "GET http://172.18.0.2:8080/v1/AUTH_a41edf9686e34385aeb056c2b0bb95ef/gnocchi.dceec87c-f623-47a2-8c2f-39f6ae2d6a15?format=json&states=listing" "txcb85f20688fd4e41897c4-0069232f26" "proxy-server 12" 0.0021 "-" 21 0
Nov 23 15:58:30 standalone proxy-server[130696]: 172.18.0.2 172.18.0.100 23/Nov/2025/15/58/30 GET /v1/AUTH_a41edf9686e34385aeb056c2b0bb95ef/gnocchi.dceec87c-f623-47a2-8c2f-39f6ae2d6a15%3Fformat%3Djson%26states%3Dlisting HTTP/1.0 200 - python-swiftclient-3.11.1 gAAAAABpIy6O5uAY... - 2 - txcb85f20688fd4e41897c4-0069232f26 - 0.0137 - - 1763913510.114135027 1763913510.127819538 0
Nov 23 15:58:30 standalone object-server[128666]: 172.20.0.100 - - [23/Nov/2025:15:58:30 +0000] "GET /d1/579/AUTH_a41edf9686e34385aeb056c2b0bb95ef/gnocchi.dceec87c-f623-47a2-8c2f-39f6ae2d6a15/1763640000.0_mean_300.0_v3" 404 70 "GET http://172.18.0.2:8080/v1/AUTH_a41edf9686e34385aeb056c2b0bb95ef/gnocchi.dceec87c-f623-47a2-8c2f-39f6ae2d6a15/1763640000.0_mean_300.0_v3" "tx38ecdf85125e4b63b3f22-0069232f26" "proxy-server 12" 0.0004 "-" 24 0
Nov 23 15:58:30 standalone proxy-server[130696]: 172.18.0.2 172.18.0.100 23/Nov/2025/15/58/30 GET /v1/AUTH_a41edf9686e34385aeb056c2b0bb95ef/gnocchi.dceec87c-f623-47a2-8c2f-39f6ae2d6a15/1763640000.0_mean_300.0_v3 HTTP/1.0 404 - python-swiftclient-3.11.1 gAAAAABpIy6O5uAY... - 70 - tx38ecdf85125e4b63b3f22-0069232f26 - 0.0058 - - 1763913510.159114838 1763913510.164930820 0
Nov 23 15:58:30 standalone container-server[128518]: 172.20.0.100 - - [23/Nov/2025:15:58:30 +0000] "PUT /d1/915/AUTH_a41edf9686e34385aeb056c2b0bb95ef/gnocchi.dceec87c-f623-47a2-8c2f-39f6ae2d6a15/1763640000.0_mean_300.0_v3" 201 - "PUT http://172.18.0.2:8080/d1/579/AUTH_a41edf9686e34385aeb056c2b0bb95ef/gnocchi.dceec87c-f623-47a2-8c2f-39f6ae2d6a15/1763640000.0_mean_300.0_v3" "tx7486d938b53145bf9ecbf-0069232f26" "object-server 22" 0.0008 "-" 23 0
Nov 23 15:58:30 standalone object-server[128646]: 172.20.0.100 - - [23/Nov/2025:15:58:30 +0000] "PUT /d1/579/AUTH_a41edf9686e34385aeb056c2b0bb95ef/gnocchi.dceec87c-f623-47a2-8c2f-39f6ae2d6a15/1763640000.0_mean_300.0_v3" 201 - "PUT http://172.18.0.2:8080/v1/AUTH_a41edf9686e34385aeb056c2b0bb95ef/gnocchi.dceec87c-f623-47a2-8c2f-39f6ae2d6a15/1763640000.0_mean_300.0_v3" "tx7486d938b53145bf9ecbf-0069232f26" "proxy-server 12" 0.0125 "-" 22 0
Nov 23 15:58:30 standalone proxy-server[130696]: 172.18.0.2 172.18.0.100 23/Nov/2025/15/58/30 PUT /v1/AUTH_a41edf9686e34385aeb056c2b0bb95ef/gnocchi.dceec87c-f623-47a2-8c2f-39f6ae2d6a15/1763640000.0_mean_300.0_v3 HTTP/1.0 201 - python-swiftclient-3.11.1 gAAAAABpIy6O5uAY... 16 - - tx7486d938b53145bf9ecbf-0069232f26 - 0.0186 - - 1763913510.176905632 1763913510.195491552 0
Nov 23 15:58:30 standalone container-server[128484]: 172.20.0.100 - - [23/Nov/2025:15:58:30 +0000] "PUT /d1/915/AUTH_a41edf9686e34385aeb056c2b0bb95ef/gnocchi.dceec87c-f623-47a2-8c2f-39f6ae2d6a15/none_v3" 201 - "PUT http://172.18.0.2:8080/d1/129/AUTH_a41edf9686e34385aeb056c2b0bb95ef/gnocchi.dceec87c-f623-47a2-8c2f-39f6ae2d6a15/none_v3" "tx5e03d5e17eae40ae98f41-0069232f26" "object-server 24" 0.0007 "-" 20 0
Nov 23 15:58:30 standalone object-server[128666]: 172.20.0.100 - - [23/Nov/2025:15:58:30 +0000] "PUT /d1/129/AUTH_a41edf9686e34385aeb056c2b0bb95ef/gnocchi.dceec87c-f623-47a2-8c2f-39f6ae2d6a15/none_v3" 201 - "PUT http://172.18.0.2:8080/v1/AUTH_a41edf9686e34385aeb056c2b0bb95ef/gnocchi.dceec87c-f623-47a2-8c2f-39f6ae2d6a15/none_v3" "tx5e03d5e17eae40ae98f41-0069232f26" "proxy-server 12" 0.0108 "-" 24 0
Nov 23 15:58:30 standalone proxy-server[130696]: 172.18.0.2 172.18.0.100 23/Nov/2025/15/58/30 PUT /v1/AUTH_a41edf9686e34385aeb056c2b0bb95ef/gnocchi.dceec87c-f623-47a2-8c2f-39f6ae2d6a15/none_v3 HTTP/1.0 201 - python-swiftclient-3.11.1 gAAAAABpIy6O5uAY... 22 - - tx5e03d5e17eae40ae98f41-0069232f26 - 0.0155 - - 1763913510.199589014 1763913510.215130568 0
Nov 23 15:58:30 standalone container-server[128504]: 172.20.0.100 - - [23/Nov/2025:15:58:30 +0000] "HEAD /d1/818/AUTH_a41edf9686e34385aeb056c2b0bb95ef/gnocchi.69421b10-e887-4be6-a9ec-594930ddaf14" 404 - "HEAD http://172.18.0.2:8080/v1/AUTH_a41edf9686e34385aeb056c2b0bb95ef/gnocchi.69421b10-e887-4be6-a9ec-594930ddaf14?format=json&states=listing" "tx26258049c6024aa39b458-0069232f26" "proxy-server 12" 0.0003 "-" 22 0
Nov 23 15:58:30 standalone object-server[128666]: 172.20.0.100 - - [23/Nov/2025:15:58:30 +0000] "GET /d1/226/AUTH_a41edf9686e34385aeb056c2b0bb95ef/gnocchi.69421b10-e887-4be6-a9ec-594930ddaf14/none_v3" 404 70 "GET http://172.18.0.2:8080/v1/AUTH_a41edf9686e34385aeb056c2b0bb95ef/gnocchi.69421b10-e887-4be6-a9ec-594930ddaf14/none_v3" "tx26258049c6024aa39b458-0069232f26" "proxy-server 12" 0.0002 "-" 24 0
Nov 23 15:58:30 standalone proxy-server[130696]: 172.18.0.2 172.18.0.100 23/Nov/2025/15/58/30 GET /v1/AUTH_a41edf9686e34385aeb056c2b0bb95ef/gnocchi.69421b10-e887-4be6-a9ec-594930ddaf14/none_v3 HTTP/1.0 404 - python-swiftclient-3.11.1 gAAAAABpIy6O5uAY... - 70 - tx26258049c6024aa39b458-0069232f26 - 0.0073 - - 1763913510.227678537 1763913510.234991550 0
Nov 23 15:58:30 standalone account-server[128469]: 172.20.0.100 - - [23/Nov/2025:15:58:30 +0000] "PUT /d1/262/AUTH_a41edf9686e34385aeb056c2b0bb95ef/gnocchi.69421b10-e887-4be6-a9ec-594930ddaf14" 201 - "PUT http://172.20.0.100:6001/d1/818/AUTH_a41edf9686e34385aeb056c2b0bb95ef/gnocchi.69421b10-e887-4be6-a9ec-594930ddaf14" "txebd13811a38f4626ad270-0069232f26" "container-server 20" 0.0054 "-" 21 0
Nov 23 15:58:30 standalone container-server[128484]: 172.20.0.100 - - [23/Nov/2025:15:58:30 +0000] "PUT /d1/818/AUTH_a41edf9686e34385aeb056c2b0bb95ef/gnocchi.69421b10-e887-4be6-a9ec-594930ddaf14" 201 - "PUT http://172.18.0.2:8080/v1/AUTH_a41edf9686e34385aeb056c2b0bb95ef/gnocchi.69421b10-e887-4be6-a9ec-594930ddaf14" "txebd13811a38f4626ad270-0069232f26" "proxy-server 12" 0.0181 "-" 20 0
Nov 23 15:58:30 standalone proxy-server[130696]: 172.18.0.2 172.18.0.100 23/Nov/2025/15/58/30 PUT /v1/AUTH_a41edf9686e34385aeb056c2b0bb95ef/gnocchi.69421b10-e887-4be6-a9ec-594930ddaf14 HTTP/1.0 201 - python-swiftclient-3.11.1 gAAAAABpIy6O5uAY... - - - txebd13811a38f4626ad270-0069232f26 - 0.0226 - - 1763913510.238180399 1763913510.260753393 0
Nov 23 15:58:30 standalone container-server[128492]: 172.20.0.100 - - [23/Nov/2025:15:58:30 +0000] "HEAD /d1/818/AUTH_a41edf9686e34385aeb056c2b0bb95ef/gnocchi.69421b10-e887-4be6-a9ec-594930ddaf14" 204 - "HEAD http://172.18.0.2:8080/v1/AUTH_a41edf9686e34385aeb056c2b0bb95ef/gnocchi.69421b10-e887-4be6-a9ec-594930ddaf14?format=json&states=listing" "txa4813bf58286450fbf54d-0069232f26" "proxy-server 12" 0.0012 "-" 21 0
Nov 23 15:58:30 standalone proxy-server[130696]: - - 23/Nov/2025/15/58/30 HEAD /v1/AUTH_a41edf9686e34385aeb056c2b0bb95ef/gnocchi.69421b10-e887-4be6-a9ec-594930ddaf14%3Fformat%3Djson%26states%3Dlisting HTTP/1.0 204 - Swift - - - - txa4813bf58286450fbf54d-0069232f26 - 0.0041 RL - 1763913510.266029835 1763913510.270091057 0
Nov 23 15:58:30 standalone container-server[128484]: 172.20.0.100 - - [23/Nov/2025:15:58:30 +0000] "GET /d1/818/AUTH_a41edf9686e34385aeb056c2b0bb95ef/gnocchi.69421b10-e887-4be6-a9ec-594930ddaf14" 200 2 "GET http://172.18.0.2:8080/v1/AUTH_a41edf9686e34385aeb056c2b0bb95ef/gnocchi.69421b10-e887-4be6-a9ec-594930ddaf14?format=json&states=listing" "txa4813bf58286450fbf54d-0069232f26" "proxy-server 12" 0.0031 "-" 20 0
Nov 23 15:58:30 standalone proxy-server[130696]: 172.18.0.2 172.18.0.100 23/Nov/2025/15/58/30 GET /v1/AUTH_a41edf9686e34385aeb056c2b0bb95ef/gnocchi.69421b10-e887-4be6-a9ec-594930ddaf14%3Fformat%3Djson%26states%3Dlisting HTTP/1.0 200 - python-swiftclient-3.11.1 gAAAAABpIy6O5uAY... - 2 - txa4813bf58286450fbf54d-0069232f26 - 0.0138 - - 1763913510.264914989 1763913510.278738976 0
Nov 23 15:58:30 standalone object-server[128661]: 172.20.0.100 - - [23/Nov/2025:15:58:30 +0000] "GET /d1/219/AUTH_a41edf9686e34385aeb056c2b0bb95ef/gnocchi.69421b10-e887-4be6-a9ec-594930ddaf14/1763640000.0_mean_300.0_v3" 404 70 "GET http://172.18.0.2:8080/v1/AUTH_a41edf9686e34385aeb056c2b0bb95ef/gnocchi.69421b10-e887-4be6-a9ec-594930ddaf14/1763640000.0_mean_300.0_v3" "tx46d25bc404744cf3b4be3-0069232f26" "proxy-server 12" 0.0003 "-" 23 0
Nov 23 15:58:30 standalone proxy-server[130696]: 172.18.0.2 172.18.0.100 23/Nov/2025/15/58/30 GET /v1/AUTH_a41edf9686e34385aeb056c2b0bb95ef/gnocchi.69421b10-e887-4be6-a9ec-594930ddaf14/1763640000.0_mean_300.0_v3 HTTP/1.0 404 - python-swiftclient-3.11.1 gAAAAABpIy6O5uAY... - 70 - tx46d25bc404744cf3b4be3-0069232f26 - 0.0049 - - 1763913510.282828808 1763913510.287753105 0
Nov 23 15:58:30 standalone container-server[128504]: 172.20.0.100 - - [23/Nov/2025:15:58:30 +0000] "PUT /d1/818/AUTH_a41edf9686e34385aeb056c2b0bb95ef/gnocchi.69421b10-e887-4be6-a9ec-594930ddaf14/1763640000.0_mean_300.0_v3" 201 - "PUT http://172.18.0.2:8080/d1/219/AUTH_a41edf9686e34385aeb056c2b0bb95ef/gnocchi.69421b10-e887-4be6-a9ec-594930ddaf14/1763640000.0_mean_300.0_v3" "tx7b45c9b5b9884bd79a3cc-0069232f26" "object-server 25" 0.0005 "-" 22 0
Nov 23 15:58:30 standalone object-server[128675]: 172.20.0.100 - - [23/Nov/2025:15:58:30 +0000] "PUT /d1/219/AUTH_a41edf9686e34385aeb056c2b0bb95ef/gnocchi.69421b10-e887-4be6-a9ec-594930ddaf14/1763640000.0_mean_300.0_v3" 201 - "PUT http://172.18.0.2:8080/v1/AUTH_a41edf9686e34385aeb056c2b0bb95ef/gnocchi.69421b10-e887-4be6-a9ec-594930ddaf14/1763640000.0_mean_300.0_v3" "tx7b45c9b5b9884bd79a3cc-0069232f26" "proxy-server 12" 0.0091 "-" 25 0
Nov 23 15:58:30 standalone proxy-server[130696]: 172.18.0.2 172.18.0.100 23/Nov/2025/15/58/30 PUT /v1/AUTH_a41edf9686e34385aeb056c2b0bb95ef/gnocchi.69421b10-e887-4be6-a9ec-594930ddaf14/1763640000.0_mean_300.0_v3 HTTP/1.0 201 - python-swiftclient-3.11.1 gAAAAABpIy6O5uAY... 16 - - tx7b45c9b5b9884bd79a3cc-0069232f26 - 0.0146 - - 1763913510.291158676 1763913510.305780649 0
Nov 23 15:58:30 standalone container-server[128518]: 172.20.0.100 - - [23/Nov/2025:15:58:30 +0000] "PUT /d1/818/AUTH_a41edf9686e34385aeb056c2b0bb95ef/gnocchi.69421b10-e887-4be6-a9ec-594930ddaf14/none_v3" 201 - "PUT http://172.18.0.2:8080/d1/226/AUTH_a41edf9686e34385aeb056c2b0bb95ef/gnocchi.69421b10-e887-4be6-a9ec-594930ddaf14/none_v3" "tx1e5b1f725db445dd9946e-0069232f26" "object-server 23" 0.0007 "-" 23 0
Nov 23 15:58:30 standalone object-server[128661]: 172.20.0.100 - - [23/Nov/2025:15:58:30 +0000] "PUT /d1/226/AUTH_a41edf9686e34385aeb056c2b0bb95ef/gnocchi.69421b10-e887-4be6-a9ec-594930ddaf14/none_v3" 201 - "PUT http://172.18.0.2:8080/v1/AUTH_a41edf9686e34385aeb056c2b0bb95ef/gnocchi.69421b10-e887-4be6-a9ec-594930ddaf14/none_v3" "tx1e5b1f725db445dd9946e-0069232f26" "proxy-server 12" 0.0099 "-" 23 0
Nov 23 15:58:30 standalone proxy-server[130696]: 172.18.0.2 172.18.0.100 23/Nov/2025/15/58/30 PUT /v1/AUTH_a41edf9686e34385aeb056c2b0bb95ef/gnocchi.69421b10-e887-4be6-a9ec-594930ddaf14/none_v3 HTTP/1.0 201 - python-swiftclient-3.11.1 gAAAAABpIy6O5uAY... 22 - - tx1e5b1f725db445dd9946e-0069232f26 - 0.0143 - - 1763913510.308910370 1763913510.323179483 0
Nov 23 15:58:30 standalone container-server[128484]: 172.20.0.100 - - [23/Nov/2025:15:58:30 +0000] "HEAD /d1/424/AUTH_a41edf9686e34385aeb056c2b0bb95ef/gnocchi.64ba868c-5fe1-4977-845d-b63bdb509a23" 404 - "HEAD http://172.18.0.2:8080/v1/AUTH_a41edf9686e34385aeb056c2b0bb95ef/gnocchi.64ba868c-5fe1-4977-845d-b63bdb509a23?format=json&states=listing" "txb0e5993ddd3c4ac39d3d9-0069232f26" "proxy-server 12" 0.0005 "-" 20 0
Nov 23 15:58:30 standalone object-server[128675]: 172.20.0.100 - - [23/Nov/2025:15:58:30 +0000] "GET /d1/422/AUTH_a41edf9686e34385aeb056c2b0bb95ef/gnocchi.64ba868c-5fe1-4977-845d-b63bdb509a23/none_v3" 404 70 "GET http://172.18.0.2:8080/v1/AUTH_a41edf9686e34385aeb056c2b0bb95ef/gnocchi.64ba868c-5fe1-4977-845d-b63bdb509a23/none_v3" "txb0e5993ddd3c4ac39d3d9-0069232f26" "proxy-server 12" 0.0005 "-" 25 0
Nov 23 15:58:30 standalone proxy-server[130696]: 172.18.0.2 172.18.0.100 23/Nov/2025/15/58/30 GET /v1/AUTH_a41edf9686e34385aeb056c2b0bb95ef/gnocchi.64ba868c-5fe1-4977-845d-b63bdb509a23/none_v3 HTTP/1.0 404 - python-swiftclient-3.11.1 gAAAAABpIy6O5uAY... - 70 - txb0e5993ddd3c4ac39d3d9-0069232f26 - 0.0094 - - 1763913510.334480524 1763913510.343917370 0
Nov 23 15:58:30 standalone account-server[128469]: 172.20.0.100 - - [23/Nov/2025:15:58:30 +0000] "PUT /d1/262/AUTH_a41edf9686e34385aeb056c2b0bb95ef/gnocchi.64ba868c-5fe1-4977-845d-b63bdb509a23" 201 - "PUT http://172.20.0.100:6001/d1/424/AUTH_a41edf9686e34385aeb056c2b0bb95ef/gnocchi.64ba868c-5fe1-4977-845d-b63bdb509a23" "tx884854cca93949ad8499f-0069232f26" "container-server 22" 0.0050 "-" 21 0
Nov 23 15:58:30 standalone container-server[128504]: 172.20.0.100 - - [23/Nov/2025:15:58:30 +0000] "PUT /d1/424/AUTH_a41edf9686e34385aeb056c2b0bb95ef/gnocchi.64ba868c-5fe1-4977-845d-b63bdb509a23" 201 - "PUT http://172.18.0.2:8080/v1/AUTH_a41edf9686e34385aeb056c2b0bb95ef/gnocchi.64ba868c-5fe1-4977-845d-b63bdb509a23" "tx884854cca93949ad8499f-0069232f26" "proxy-server 12" 0.0153 "-" 22 0
Nov 23 15:58:30 standalone proxy-server[130696]: 172.18.0.2 172.18.0.100 23/Nov/2025/15/58/30 PUT /v1/AUTH_a41edf9686e34385aeb056c2b0bb95ef/gnocchi.64ba868c-5fe1-4977-845d-b63bdb509a23 HTTP/1.0 201 - python-swiftclient-3.11.1 gAAAAABpIy6O5uAY... - - - tx884854cca93949ad8499f-0069232f26 - 0.0198 - - 1763913510.346969366 1763913510.366748095 0
Nov 23 15:58:30 standalone container-server[128504]: 172.20.0.100 - - [23/Nov/2025:15:58:30 +0000] "HEAD /d1/424/AUTH_a41edf9686e34385aeb056c2b0bb95ef/gnocchi.64ba868c-5fe1-4977-845d-b63bdb509a23" 204 - "HEAD http://172.18.0.2:8080/v1/AUTH_a41edf9686e34385aeb056c2b0bb95ef/gnocchi.64ba868c-5fe1-4977-845d-b63bdb509a23?format=json&states=listing" "tx47ccaf4fb7c44c0e81fb3-0069232f26" "proxy-server 12" 0.0012 "-" 22 0
Nov 23 15:58:30 standalone proxy-server[130696]: - - 23/Nov/2025/15/58/30 HEAD /v1/AUTH_a41edf9686e34385aeb056c2b0bb95ef/gnocchi.64ba868c-5fe1-4977-845d-b63bdb509a23%3Fformat%3Djson%26states%3Dlisting HTTP/1.0 204 - Swift - - - - tx47ccaf4fb7c44c0e81fb3-0069232f26 - 0.0042 RL - 1763913510.373486042 1763913510.377725840 0
Nov 23 15:58:30 standalone container-server[128492]: 172.20.0.100 - - [23/Nov/2025:15:58:30 +0000] "GET /d1/424/AUTH_a41edf9686e34385aeb056c2b0bb95ef/gnocchi.64ba868c-5fe1-4977-845d-b63bdb509a23" 200 2 "GET http://172.18.0.2:8080/v1/AUTH_a41edf9686e34385aeb056c2b0bb95ef/gnocchi.64ba868c-5fe1-4977-845d-b63bdb509a23?format=json&states=listing" "tx47ccaf4fb7c44c0e81fb3-0069232f26" "proxy-server 12" 0.0021 "-" 21 0
Nov 23 15:58:30 standalone proxy-server[130696]: 172.18.0.2 172.18.0.100 23/Nov/2025/15/58/30 GET /v1/AUTH_a41edf9686e34385aeb056c2b0bb95ef/gnocchi.64ba868c-5fe1-4977-845d-b63bdb509a23%3Fformat%3Djson%26states%3Dlisting HTTP/1.0 200 - python-swiftclient-3.11.1 gAAAAABpIy6O5uAY... - 2 - tx47ccaf4fb7c44c0e81fb3-0069232f26 - 0.0131 - - 1763913510.372506380 1763913510.385623693 0
Nov 23 15:58:30 standalone object-server[128646]: 172.20.0.100 - - [23/Nov/2025:15:58:30 +0000] "GET /d1/326/AUTH_a41edf9686e34385aeb056c2b0bb95ef/gnocchi.64ba868c-5fe1-4977-845d-b63bdb509a23/1763640000.0_mean_300.0_v3" 404 70 "GET http://172.18.0.2:8080/v1/AUTH_a41edf9686e34385aeb056c2b0bb95ef/gnocchi.64ba868c-5fe1-4977-845d-b63bdb509a23/1763640000.0_mean_300.0_v3" "txa4c3a9851b9c4820b0596-0069232f26" "proxy-server 12" 0.0005 "-" 22 0
Nov 23 15:58:30 standalone proxy-server[130696]: 172.18.0.2 172.18.0.100 23/Nov/2025/15/58/30 GET /v1/AUTH_a41edf9686e34385aeb056c2b0bb95ef/gnocchi.64ba868c-5fe1-4977-845d-b63bdb509a23/1763640000.0_mean_300.0_v3 HTTP/1.0 404 - python-swiftclient-3.11.1 gAAAAABpIy6O5uAY... - 70 - txa4c3a9851b9c4820b0596-0069232f26 - 0.0057 - - 1763913510.390860796 1763913510.396554708 0
Nov 23 15:58:30 standalone container-server[128484]: 172.20.0.100 - - [23/Nov/2025:15:58:30 +0000] "PUT /d1/424/AUTH_a41edf9686e34385aeb056c2b0bb95ef/gnocchi.64ba868c-5fe1-4977-845d-b63bdb509a23/1763640000.0_mean_300.0_v3" 201 - "PUT http://172.18.0.2:8080/d1/326/AUTH_a41edf9686e34385aeb056c2b0bb95ef/gnocchi.64ba868c-5fe1-4977-845d-b63bdb509a23/1763640000.0_mean_300.0_v3" "tx60ef02265474474ab585f-0069232f26" "object-server 23" 0.0008 "-" 20 0
Nov 23 15:58:30 standalone object-server[128661]: 172.20.0.100 - - [23/Nov/2025:15:58:30 +0000] "PUT /d1/326/AUTH_a41edf9686e34385aeb056c2b0bb95ef/gnocchi.64ba868c-5fe1-4977-845d-b63bdb509a23/1763640000.0_mean_300.0_v3" 201 - "PUT http://172.18.0.2:8080/v1/AUTH_a41edf9686e34385aeb056c2b0bb95ef/gnocchi.64ba868c-5fe1-4977-845d-b63bdb509a23/1763640000.0_mean_300.0_v3" "tx60ef02265474474ab585f-0069232f26" "proxy-server 12" 0.0085 "-" 23 0
Nov 23 15:58:30 standalone proxy-server[130696]: 172.18.0.2 172.18.0.100 23/Nov/2025/15/58/30 PUT /v1/AUTH_a41edf9686e34385aeb056c2b0bb95ef/gnocchi.64ba868c-5fe1-4977-845d-b63bdb509a23/1763640000.0_mean_300.0_v3 HTTP/1.0 201 - python-swiftclient-3.11.1 gAAAAABpIy6O5uAY... 16 - - tx60ef02265474474ab585f-0069232f26 - 0.0136 - - 1763913510.400321722 1763913510.413901567 0
Nov 23 15:58:30 standalone container-server[128518]: 172.20.0.100 - - [23/Nov/2025:15:58:30 +0000] "PUT /d1/424/AUTH_a41edf9686e34385aeb056c2b0bb95ef/gnocchi.64ba868c-5fe1-4977-845d-b63bdb509a23/none_v3" 201 - "PUT http://172.18.0.2:8080/d1/422/AUTH_a41edf9686e34385aeb056c2b0bb95ef/gnocchi.64ba868c-5fe1-4977-845d-b63bdb509a23/none_v3" "tx414d3ee8f420477486cbd-0069232f26" "object-server 22" 0.0008 "-" 23 0
Nov 23 15:58:30 standalone object-server[128646]: 172.20.0.100 - - [23/Nov/2025:15:58:30 +0000] "PUT /d1/422/AUTH_a41edf9686e34385aeb056c2b0bb95ef/gnocchi.64ba868c-5fe1-4977-845d-b63bdb509a23/none_v3" 201 - "PUT http://172.18.0.2:8080/v1/AUTH_a41edf9686e34385aeb056c2b0bb95ef/gnocchi.64ba868c-5fe1-4977-845d-b63bdb509a23/none_v3" "tx414d3ee8f420477486cbd-0069232f26" "proxy-server 12" 0.0584 "-" 22 0
Nov 23 15:58:30 standalone proxy-server[130696]: 172.18.0.2 172.18.0.100 23/Nov/2025/15/58/30 PUT /v1/AUTH_a41edf9686e34385aeb056c2b0bb95ef/gnocchi.64ba868c-5fe1-4977-845d-b63bdb509a23/none_v3 HTTP/1.0 201 - python-swiftclient-3.11.1 gAAAAABpIy6O5uAY... 22 - - tx414d3ee8f420477486cbd-0069232f26 - 0.0665 - - 1763913510.417789221 1763913510.484239578 0
Nov 23 15:58:30 standalone container-server[128492]: 172.20.0.100 - - [23/Nov/2025:15:58:30 +0000] "HEAD /d1/693/AUTH_a41edf9686e34385aeb056c2b0bb95ef/gnocchi.97f4521e-08d5-47dc-a6bf-be296bce2a20" 404 - "HEAD http://172.18.0.2:8080/v1/AUTH_a41edf9686e34385aeb056c2b0bb95ef/gnocchi.97f4521e-08d5-47dc-a6bf-be296bce2a20?format=json&states=listing" "tx707cc7096181464886336-0069232f26" "proxy-server 12" 0.0011 "-" 21 0
