Nov 23 15:58:31 standalone proxy-server[130696]: 172.18.0.2 172.18.0.100 23/Nov/2025/15/58/31 GET /v1/AUTH_a41edf9686e34385aeb056c2b0bb95ef/gnocchi.920e4c4f-c0e4-407f-8fcf-c36eae7e4fca/none_v3 HTTP/1.0 404 - python-swiftclient-3.11.1 gAAAAABpIy6O5uAY... - 70 - txfb1e3d7f94b34687bc531-0069232f27 - 0.0132 - - 1763913511.548299313 1763913511.561516285 0
Nov 23 15:58:31 standalone account-server[128475]: 172.20.0.100 - - [23/Nov/2025:15:58:31 +0000] "PUT /d1/262/AUTH_a41edf9686e34385aeb056c2b0bb95ef/gnocchi.920e4c4f-c0e4-407f-8fcf-c36eae7e4fca" 201 - "PUT http://172.20.0.100:6001/d1/1007/AUTH_a41edf9686e34385aeb056c2b0bb95ef/gnocchi.920e4c4f-c0e4-407f-8fcf-c36eae7e4fca" "tx56f79046009d471cb19a0-0069232f27" "container-server 23" 0.0061 "-" 23 0
Nov 23 15:58:31 standalone container-server[128518]: 172.20.0.100 - - [23/Nov/2025:15:58:31 +0000] "PUT /d1/1007/AUTH_a41edf9686e34385aeb056c2b0bb95ef/gnocchi.920e4c4f-c0e4-407f-8fcf-c36eae7e4fca" 201 - "PUT http://172.18.0.2:8080/v1/AUTH_a41edf9686e34385aeb056c2b0bb95ef/gnocchi.920e4c4f-c0e4-407f-8fcf-c36eae7e4fca" "tx56f79046009d471cb19a0-0069232f27" "proxy-server 12" 0.0195 "-" 23 0
Nov 23 15:58:31 standalone proxy-server[130696]: 172.18.0.2 172.18.0.100 23/Nov/2025/15/58/31 PUT /v1/AUTH_a41edf9686e34385aeb056c2b0bb95ef/gnocchi.920e4c4f-c0e4-407f-8fcf-c36eae7e4fca HTTP/1.0 201 - python-swiftclient-3.11.1 gAAAAABpIy6O5uAY... - - - tx56f79046009d471cb19a0-0069232f27 - 0.0260 - - 1763913511.564639091 1763913511.590591908 0
Nov 23 15:58:31 standalone container-server[128484]: 172.20.0.100 - - [23/Nov/2025:15:58:31 +0000] "HEAD /d1/1007/AUTH_a41edf9686e34385aeb056c2b0bb95ef/gnocchi.920e4c4f-c0e4-407f-8fcf-c36eae7e4fca" 204 - "HEAD http://172.18.0.2:8080/v1/AUTH_a41edf9686e34385aeb056c2b0bb95ef/gnocchi.920e4c4f-c0e4-407f-8fcf-c36eae7e4fca?format=json&states=listing" "tx918392d850a9463382034-0069232f27" "proxy-server 12" 0.0016 "-" 20 0
Nov 23 15:58:31 standalone proxy-server[130696]: - - 23/Nov/2025/15/58/31 HEAD /v1/AUTH_a41edf9686e34385aeb056c2b0bb95ef/gnocchi.920e4c4f-c0e4-407f-8fcf-c36eae7e4fca%3Fformat%3Djson%26states%3Dlisting HTTP/1.0 204 - Swift - - - - tx918392d850a9463382034-0069232f27 - 0.0059 RL - 1763913511.596086502 1763913511.601969957 0
Nov 23 15:58:31 standalone container-server[128518]: 172.20.0.100 - - [23/Nov/2025:15:58:31 +0000] "GET /d1/1007/AUTH_a41edf9686e34385aeb056c2b0bb95ef/gnocchi.920e4c4f-c0e4-407f-8fcf-c36eae7e4fca" 200 2 "GET http://172.18.0.2:8080/v1/AUTH_a41edf9686e34385aeb056c2b0bb95ef/gnocchi.920e4c4f-c0e4-407f-8fcf-c36eae7e4fca?format=json&states=listing" "tx918392d850a9463382034-0069232f27" "proxy-server 12" 0.0033 "-" 23 0
Nov 23 15:58:31 standalone proxy-server[130696]: 172.18.0.2 172.18.0.100 23/Nov/2025/15/58/31 GET /v1/AUTH_a41edf9686e34385aeb056c2b0bb95ef/gnocchi.920e4c4f-c0e4-407f-8fcf-c36eae7e4fca%3Fformat%3Djson%26states%3Dlisting HTTP/1.0 200 - python-swiftclient-3.11.1 gAAAAABpIy6O5uAY... - 2 - tx918392d850a9463382034-0069232f27 - 0.0211 - - 1763913511.594767570 1763913511.615910292 0
Nov 23 15:58:31 standalone object-server[128646]: 172.20.0.100 - - [23/Nov/2025:15:58:31 +0000] "GET /d1/517/AUTH_a41edf9686e34385aeb056c2b0bb95ef/gnocchi.920e4c4f-c0e4-407f-8fcf-c36eae7e4fca/1763640000.0_mean_300.0_v3" 404 70 "GET http://172.18.0.2:8080/v1/AUTH_a41edf9686e34385aeb056c2b0bb95ef/gnocchi.920e4c4f-c0e4-407f-8fcf-c36eae7e4fca/1763640000.0_mean_300.0_v3" "tx5bda0d6a1d0d449cbd817-0069232f27" "proxy-server 12" 0.0004 "-" 22 0
Nov 23 15:58:31 standalone proxy-server[130696]: 172.18.0.2 172.18.0.100 23/Nov/2025/15/58/31 GET /v1/AUTH_a41edf9686e34385aeb056c2b0bb95ef/gnocchi.920e4c4f-c0e4-407f-8fcf-c36eae7e4fca/1763640000.0_mean_300.0_v3 HTTP/1.0 404 - python-swiftclient-3.11.1 gAAAAABpIy6O5uAY... - 70 - tx5bda0d6a1d0d449cbd817-0069232f27 - 0.0100 - - 1763913511.622509003 1763913511.632509232 0
Nov 23 15:58:31 standalone container-server[128484]: 172.20.0.100 - - [23/Nov/2025:15:58:31 +0000] "PUT /d1/1007/AUTH_a41edf9686e34385aeb056c2b0bb95ef/gnocchi.920e4c4f-c0e4-407f-8fcf-c36eae7e4fca/1763640000.0_mean_300.0_v3" 201 - "PUT http://172.18.0.2:8080/d1/517/AUTH_a41edf9686e34385aeb056c2b0bb95ef/gnocchi.920e4c4f-c0e4-407f-8fcf-c36eae7e4fca/1763640000.0_mean_300.0_v3" "txe1e248164b8e4d9b8eafe-0069232f27" "object-server 24" 0.0010 "-" 20 0
Nov 23 15:58:31 standalone object-server[128666]: 172.20.0.100 - - [23/Nov/2025:15:58:31 +0000] "PUT /d1/517/AUTH_a41edf9686e34385aeb056c2b0bb95ef/gnocchi.920e4c4f-c0e4-407f-8fcf-c36eae7e4fca/1763640000.0_mean_300.0_v3" 201 - "PUT http://172.18.0.2:8080/v1/AUTH_a41edf9686e34385aeb056c2b0bb95ef/gnocchi.920e4c4f-c0e4-407f-8fcf-c36eae7e4fca/1763640000.0_mean_300.0_v3" "txe1e248164b8e4d9b8eafe-0069232f27" "proxy-server 12" 0.0144 "-" 24 0
Nov 23 15:58:31 standalone proxy-server[130696]: 172.18.0.2 172.18.0.100 23/Nov/2025/15/58/31 PUT /v1/AUTH_a41edf9686e34385aeb056c2b0bb95ef/gnocchi.920e4c4f-c0e4-407f-8fcf-c36eae7e4fca/1763640000.0_mean_300.0_v3 HTTP/1.0 201 - python-swiftclient-3.11.1 gAAAAABpIy6O5uAY... 16 - - txe1e248164b8e4d9b8eafe-0069232f27 - 0.0219 - - 1763913511.637100220 1763913511.658976793 0
Nov 23 15:58:31 standalone container-server[128492]: 172.20.0.100 - - [23/Nov/2025:15:58:31 +0000] "PUT /d1/1007/AUTH_a41edf9686e34385aeb056c2b0bb95ef/gnocchi.920e4c4f-c0e4-407f-8fcf-c36eae7e4fca/none_v3" 201 - "PUT http://172.18.0.2:8080/d1/821/AUTH_a41edf9686e34385aeb056c2b0bb95ef/gnocchi.920e4c4f-c0e4-407f-8fcf-c36eae7e4fca/none_v3" "tx4a3beae5c22b4a08ad0fe-0069232f27" "object-server 25" 0.0009 "-" 21 0
Nov 23 15:58:31 standalone object-server[128675]: 172.20.0.100 - - [23/Nov/2025:15:58:31 +0000] "PUT /d1/821/AUTH_a41edf9686e34385aeb056c2b0bb95ef/gnocchi.920e4c4f-c0e4-407f-8fcf-c36eae7e4fca/none_v3" 201 - "PUT http://172.18.0.2:8080/v1/AUTH_a41edf9686e34385aeb056c2b0bb95ef/gnocchi.920e4c4f-c0e4-407f-8fcf-c36eae7e4fca/none_v3" "tx4a3beae5c22b4a08ad0fe-0069232f27" "proxy-server 12" 0.0151 "-" 25 0
Nov 23 15:58:31 standalone proxy-server[130696]: 172.18.0.2 172.18.0.100 23/Nov/2025/15/58/31 PUT /v1/AUTH_a41edf9686e34385aeb056c2b0bb95ef/gnocchi.920e4c4f-c0e4-407f-8fcf-c36eae7e4fca/none_v3 HTTP/1.0 201 - python-swiftclient-3.11.1 gAAAAABpIy6O5uAY... 22 - - tx4a3beae5c22b4a08ad0fe-0069232f27 - 0.0230 - - 1763913511.663053989 1763913511.686071634 0
Nov 23 15:58:31 standalone container-server[128518]: 172.20.0.100 - - [23/Nov/2025:15:58:31 +0000] "HEAD /d1/62/AUTH_a41edf9686e34385aeb056c2b0bb95ef/gnocchi.7cbbd8f6-1702-4e26-a0fb-147e484f605c" 404 - "HEAD http://172.18.0.2:8080/v1/AUTH_a41edf9686e34385aeb056c2b0bb95ef/gnocchi.7cbbd8f6-1702-4e26-a0fb-147e484f605c?format=json&states=listing" "tx0e0496cd255744f58f3d2-0069232f27" "proxy-server 12" 0.0008 "-" 23 0
Nov 23 15:58:31 standalone object-server[128661]: 172.20.0.100 - - [23/Nov/2025:15:58:31 +0000] "GET /d1/686/AUTH_a41edf9686e34385aeb056c2b0bb95ef/gnocchi.7cbbd8f6-1702-4e26-a0fb-147e484f605c/none_v3" 404 70 "GET http://172.18.0.2:8080/v1/AUTH_a41edf9686e34385aeb056c2b0bb95ef/gnocchi.7cbbd8f6-1702-4e26-a0fb-147e484f605c/none_v3" "tx0e0496cd255744f58f3d2-0069232f27" "proxy-server 12" 0.0005 "-" 23 0
Nov 23 15:58:31 standalone proxy-server[130696]: 172.18.0.2 172.18.0.100 23/Nov/2025/15/58/31 GET /v1/AUTH_a41edf9686e34385aeb056c2b0bb95ef/gnocchi.7cbbd8f6-1702-4e26-a0fb-147e484f605c/none_v3 HTTP/1.0 404 - python-swiftclient-3.11.1 gAAAAABpIy6O5uAY... - 70 - tx0e0496cd255744f58f3d2-0069232f27 - 0.0164 - - 1763913511.702884912 1763913511.719238997 0
Nov 23 15:58:31 standalone account-server[128472]: 172.20.0.100 - - [23/Nov/2025:15:58:31 +0000] "PUT /d1/262/AUTH_a41edf9686e34385aeb056c2b0bb95ef/gnocchi.7cbbd8f6-1702-4e26-a0fb-147e484f605c" 201 - "PUT http://172.20.0.100:6001/d1/62/AUTH_a41edf9686e34385aeb056c2b0bb95ef/gnocchi.7cbbd8f6-1702-4e26-a0fb-147e484f605c" "tx735266010b7a488d97d1b-0069232f27" "container-server 20" 0.0065 "-" 22 0
Nov 23 15:58:31 standalone container-server[128484]: 172.20.0.100 - - [23/Nov/2025:15:58:31 +0000] "PUT /d1/62/AUTH_a41edf9686e34385aeb056c2b0bb95ef/gnocchi.7cbbd8f6-1702-4e26-a0fb-147e484f605c" 201 - "PUT http://172.18.0.2:8080/v1/AUTH_a41edf9686e34385aeb056c2b0bb95ef/gnocchi.7cbbd8f6-1702-4e26-a0fb-147e484f605c" "tx735266010b7a488d97d1b-0069232f27" "proxy-server 12" 0.0221 "-" 20 0
Nov 23 15:58:31 standalone proxy-server[130696]: 172.18.0.2 172.18.0.100 23/Nov/2025/15/58/31 PUT /v1/AUTH_a41edf9686e34385aeb056c2b0bb95ef/gnocchi.7cbbd8f6-1702-4e26-a0fb-147e484f605c HTTP/1.0 201 - python-swiftclient-3.11.1 gAAAAABpIy6O5uAY... - - - tx735266010b7a488d97d1b-0069232f27 - 0.0291 - - 1763913511.722839594 1763913511.751979589 0
Nov 23 15:58:31 standalone container-server[128504]: 172.20.0.100 - - [23/Nov/2025:15:58:31 +0000] "HEAD /d1/62/AUTH_a41edf9686e34385aeb056c2b0bb95ef/gnocchi.7cbbd8f6-1702-4e26-a0fb-147e484f605c" 204 - "HEAD http://172.18.0.2:8080/v1/AUTH_a41edf9686e34385aeb056c2b0bb95ef/gnocchi.7cbbd8f6-1702-4e26-a0fb-147e484f605c?format=json&states=listing" "tx52b84f096a244d64947d8-0069232f27" "proxy-server 12" 0.0023 "-" 22 0
Nov 23 15:58:31 standalone proxy-server[130696]: - - 23/Nov/2025/15/58/31 HEAD /v1/AUTH_a41edf9686e34385aeb056c2b0bb95ef/gnocchi.7cbbd8f6-1702-4e26-a0fb-147e484f605c%3Fformat%3Djson%26states%3Dlisting HTTP/1.0 204 - Swift - - - - tx52b84f096a244d64947d8-0069232f27 - 0.0083 RL - 1763913511.760643482 1763913511.768939257 0
Nov 23 15:58:31 standalone container-server[128484]: 172.20.0.100 - - [23/Nov/2025:15:58:31 +0000] "GET /d1/62/AUTH_a41edf9686e34385aeb056c2b0bb95ef/gnocchi.7cbbd8f6-1702-4e26-a0fb-147e484f605c" 200 2 "GET http://172.18.0.2:8080/v1/AUTH_a41edf9686e34385aeb056c2b0bb95ef/gnocchi.7cbbd8f6-1702-4e26-a0fb-147e484f605c?format=json&states=listing" "tx52b84f096a244d64947d8-0069232f27" "proxy-server 12" 0.0036 "-" 20 0
Nov 23 15:58:31 standalone proxy-server[130696]: 172.18.0.2 172.18.0.100 23/Nov/2025/15/58/31 GET /v1/AUTH_a41edf9686e34385aeb056c2b0bb95ef/gnocchi.7cbbd8f6-1702-4e26-a0fb-147e484f605c%3Fformat%3Djson%26states%3Dlisting HTTP/1.0 200 - python-swiftclient-3.11.1 gAAAAABpIy6O5uAY... - 2 - tx52b84f096a244d64947d8-0069232f27 - 0.0272 - - 1763913511.758957148 1763913511.786123753 0
Nov 23 15:58:31 standalone object-server[128646]: 172.20.0.100 - - [23/Nov/2025:15:58:31 +0000] "GET /d1/505/AUTH_a41edf9686e34385aeb056c2b0bb95ef/gnocchi.7cbbd8f6-1702-4e26-a0fb-147e484f605c/1763640000.0_mean_300.0_v3" 404 70 "GET http://172.18.0.2:8080/v1/AUTH_a41edf9686e34385aeb056c2b0bb95ef/gnocchi.7cbbd8f6-1702-4e26-a0fb-147e484f605c/1763640000.0_mean_300.0_v3" "txb1f19a57f98249c39f59e-0069232f27" "proxy-server 12" 0.0009 "-" 22 0
Nov 23 15:58:31 standalone proxy-server[130696]: 172.18.0.2 172.18.0.100 23/Nov/2025/15/58/31 GET /v1/AUTH_a41edf9686e34385aeb056c2b0bb95ef/gnocchi.7cbbd8f6-1702-4e26-a0fb-147e484f605c/1763640000.0_mean_300.0_v3 HTTP/1.0 404 - python-swiftclient-3.11.1 gAAAAABpIy6O5uAY... - 70 - txb1f19a57f98249c39f59e-0069232f27 - 0.0093 - - 1763913511.793374538 1763913511.802634001 0
Nov 23 15:58:31 standalone container-server[128518]: 172.20.0.100 - - [23/Nov/2025:15:58:31 +0000] "PUT /d1/62/AUTH_a41edf9686e34385aeb056c2b0bb95ef/gnocchi.7cbbd8f6-1702-4e26-a0fb-147e484f605c/1763640000.0_mean_300.0_v3" 201 - "PUT http://172.18.0.2:8080/d1/505/AUTH_a41edf9686e34385aeb056c2b0bb95ef/gnocchi.7cbbd8f6-1702-4e26-a0fb-147e484f605c/1763640000.0_mean_300.0_v3" "tx867fc276f0244fdcb44ee-0069232f27" "object-server 24" 0.0010 "-" 23 0
Nov 23 15:58:31 standalone object-server[128666]: 172.20.0.100 - - [23/Nov/2025:15:58:31 +0000] "PUT /d1/505/AUTH_a41edf9686e34385aeb056c2b0bb95ef/gnocchi.7cbbd8f6-1702-4e26-a0fb-147e484f605c/1763640000.0_mean_300.0_v3" 201 - "PUT http://172.18.0.2:8080/v1/AUTH_a41edf9686e34385aeb056c2b0bb95ef/gnocchi.7cbbd8f6-1702-4e26-a0fb-147e484f605c/1763640000.0_mean_300.0_v3" "tx867fc276f0244fdcb44ee-0069232f27" "proxy-server 12" 0.0152 "-" 24 0
Nov 23 15:58:31 standalone proxy-server[130696]: 172.18.0.2 172.18.0.100 23/Nov/2025/15/58/31 PUT /v1/AUTH_a41edf9686e34385aeb056c2b0bb95ef/gnocchi.7cbbd8f6-1702-4e26-a0fb-147e484f605c/1763640000.0_mean_300.0_v3 HTTP/1.0 201 - python-swiftclient-3.11.1 gAAAAABpIy6O5uAY... 16 - - tx867fc276f0244fdcb44ee-0069232f27 - 0.0243 - - 1763913511.807455778 1763913511.831759930 0
Nov 23 15:58:31 standalone container-server[128484]: 172.20.0.100 - - [23/Nov/2025:15:58:31 +0000] "PUT /d1/62/AUTH_a41edf9686e34385aeb056c2b0bb95ef/gnocchi.7cbbd8f6-1702-4e26-a0fb-147e484f605c/none_v3" 201 - "PUT http://172.18.0.2:8080/d1/686/AUTH_a41edf9686e34385aeb056c2b0bb95ef/gnocchi.7cbbd8f6-1702-4e26-a0fb-147e484f605c/none_v3" "tx23a7a3a64142459d9b71c-0069232f27" "object-server 23" 0.0008 "-" 20 0
Nov 23 15:58:31 standalone object-server[128661]: 172.20.0.100 - - [23/Nov/2025:15:58:31 +0000] "PUT /d1/686/AUTH_a41edf9686e34385aeb056c2b0bb95ef/gnocchi.7cbbd8f6-1702-4e26-a0fb-147e484f605c/none_v3" 201 - "PUT http://172.18.0.2:8080/v1/AUTH_a41edf9686e34385aeb056c2b0bb95ef/gnocchi.7cbbd8f6-1702-4e26-a0fb-147e484f605c/none_v3" "tx23a7a3a64142459d9b71c-0069232f27" "proxy-server 12" 0.0148 "-" 23 0
Nov 23 15:58:31 standalone proxy-server[130696]: 172.18.0.2 172.18.0.100 23/Nov/2025/15/58/31 PUT /v1/AUTH_a41edf9686e34385aeb056c2b0bb95ef/gnocchi.7cbbd8f6-1702-4e26-a0fb-147e484f605c/none_v3 HTTP/1.0 201 - python-swiftclient-3.11.1 gAAAAABpIy6O5uAY... 22 - - tx23a7a3a64142459d9b71c-0069232f27 - 0.0266 - - 1763913511.835506201 1763913511.862097263 0
Nov 23 15:58:31 standalone container-server[128492]: 172.20.0.100 - - [23/Nov/2025:15:58:31 +0000] "HEAD /d1/388/AUTH_a41edf9686e34385aeb056c2b0bb95ef/gnocchi.5e6b33bb-775d-4f68-bdcb-b5ccfc51a3ee" 404 - "HEAD http://172.18.0.2:8080/v1/AUTH_a41edf9686e34385aeb056c2b0bb95ef/gnocchi.5e6b33bb-775d-4f68-bdcb-b5ccfc51a3ee?format=json&states=listing" "tx9df23815470b488fb4236-0069232f27" "proxy-server 12" 0.0006 "-" 21 0
Nov 23 15:58:31 standalone object-server[128666]: 172.20.0.100 - - [23/Nov/2025:15:58:31 +0000] "GET /d1/184/AUTH_a41edf9686e34385aeb056c2b0bb95ef/gnocchi.5e6b33bb-775d-4f68-bdcb-b5ccfc51a3ee/none_v3" 404 70 "GET http://172.18.0.2:8080/v1/AUTH_a41edf9686e34385aeb056c2b0bb95ef/gnocchi.5e6b33bb-775d-4f68-bdcb-b5ccfc51a3ee/none_v3" "tx9df23815470b488fb4236-0069232f27" "proxy-server 12" 0.0036 "-" 24 0
Nov 23 15:58:31 standalone proxy-server[130696]: 172.18.0.2 172.18.0.100 23/Nov/2025/15/58/31 GET /v1/AUTH_a41edf9686e34385aeb056c2b0bb95ef/gnocchi.5e6b33bb-775d-4f68-bdcb-b5ccfc51a3ee/none_v3 HTTP/1.0 404 - python-swiftclient-3.11.1 gAAAAABpIy6O5uAY... - 70 - tx9df23815470b488fb4236-0069232f27 - 0.0194 - - 1763913511.888318062 1763913511.907742739 0
Nov 23 15:58:31 standalone account-server[128463]: 172.20.0.100 - - [23/Nov/2025:15:58:31 +0000] "PUT /d1/262/AUTH_a41edf9686e34385aeb056c2b0bb95ef/gnocchi.5e6b33bb-775d-4f68-bdcb-b5ccfc51a3ee" 201 - "PUT http://172.20.0.100:6001/d1/388/AUTH_a41edf9686e34385aeb056c2b0bb95ef/gnocchi.5e6b33bb-775d-4f68-bdcb-b5ccfc51a3ee" "txd83f0db8367f4d16ac751-0069232f27" "container-server 20" 0.0044 "-" 20 0
Nov 23 15:58:31 standalone container-server[128484]: 172.20.0.100 - - [23/Nov/2025:15:58:31 +0000] "PUT /d1/388/AUTH_a41edf9686e34385aeb056c2b0bb95ef/gnocchi.5e6b33bb-775d-4f68-bdcb-b5ccfc51a3ee" 201 - "PUT http://172.18.0.2:8080/v1/AUTH_a41edf9686e34385aeb056c2b0bb95ef/gnocchi.5e6b33bb-775d-4f68-bdcb-b5ccfc51a3ee" "txd83f0db8367f4d16ac751-0069232f27" "proxy-server 12" 0.0205 "-" 20 0
Nov 23 15:58:31 standalone proxy-server[130696]: 172.18.0.2 172.18.0.100 23/Nov/2025/15/58/31 PUT /v1/AUTH_a41edf9686e34385aeb056c2b0bb95ef/gnocchi.5e6b33bb-775d-4f68-bdcb-b5ccfc51a3ee HTTP/1.0 201 - python-swiftclient-3.11.1 gAAAAABpIy6O5uAY... - - - txd83f0db8367f4d16ac751-0069232f27 - 0.0316 - - 1763913511.911016464 1763913511.942606688 0
Nov 23 15:58:31 standalone container-server[128518]: 172.20.0.100 - - [23/Nov/2025:15:58:31 +0000] "HEAD /d1/388/AUTH_a41edf9686e34385aeb056c2b0bb95ef/gnocchi.5e6b33bb-775d-4f68-bdcb-b5ccfc51a3ee" 204 - "HEAD http://172.18.0.2:8080/v1/AUTH_a41edf9686e34385aeb056c2b0bb95ef/gnocchi.5e6b33bb-775d-4f68-bdcb-b5ccfc51a3ee?format=json&states=listing" "txe7a4ccc4d6d64941addd5-0069232f27" "proxy-server 12" 0.0012 "-" 23 0
Nov 23 15:58:31 standalone proxy-server[130696]: - - 23/Nov/2025/15/58/31 HEAD /v1/AUTH_a41edf9686e34385aeb056c2b0bb95ef/gnocchi.5e6b33bb-775d-4f68-bdcb-b5ccfc51a3ee%3Fformat%3Djson%26states%3Dlisting HTTP/1.0 204 - Swift - - - - txe7a4ccc4d6d64941addd5-0069232f27 - 0.0057 RL - 1763913511.953134537 1763913511.958794832 0
Nov 23 15:58:31 standalone container-server[128484]: 172.20.0.100 - - [23/Nov/2025:15:58:31 +0000] "GET /d1/388/AUTH_a41edf9686e34385aeb056c2b0bb95ef/gnocchi.5e6b33bb-775d-4f68-bdcb-b5ccfc51a3ee" 200 2 "GET http://172.18.0.2:8080/v1/AUTH_a41edf9686e34385aeb056c2b0bb95ef/gnocchi.5e6b33bb-775d-4f68-bdcb-b5ccfc51a3ee?format=json&states=listing" "txe7a4ccc4d6d64941addd5-0069232f27" "proxy-server 12" 0.0023 "-" 20 0
Nov 23 15:58:31 standalone proxy-server[130696]: 172.18.0.2 172.18.0.100 23/Nov/2025/15/58/31 GET /v1/AUTH_a41edf9686e34385aeb056c2b0bb95ef/gnocchi.5e6b33bb-775d-4f68-bdcb-b5ccfc51a3ee%3Fformat%3Djson%26states%3Dlisting HTTP/1.0 200 - python-swiftclient-3.11.1 gAAAAABpIy6O5uAY... - 2 - txe7a4ccc4d6d64941addd5-0069232f27 - 0.0233 - - 1763913511.947792053 1763913511.971056700 0
Nov 23 15:58:31 standalone object-server[128675]: 172.20.0.100 - - [23/Nov/2025:15:58:31 +0000] "GET /d1/115/AUTH_a41edf9686e34385aeb056c2b0bb95ef/gnocchi.5e6b33bb-775d-4f68-bdcb-b5ccfc51a3ee/1763640000.0_mean_300.0_v3" 404 70 "GET http://172.18.0.2:8080/v1/AUTH_a41edf9686e34385aeb056c2b0bb95ef/gnocchi.5e6b33bb-775d-4f68-bdcb-b5ccfc51a3ee/1763640000.0_mean_300.0_v3" "tx96fb28ca96c04c8fb6e4a-0069232f27" "proxy-server 12" 0.0003 "-" 25 0
Nov 23 15:58:31 standalone proxy-server[130696]: 172.18.0.2 172.18.0.100 23/Nov/2025/15/58/31 GET /v1/AUTH_a41edf9686e34385aeb056c2b0bb95ef/gnocchi.5e6b33bb-775d-4f68-bdcb-b5ccfc51a3ee/1763640000.0_mean_300.0_v3 HTTP/1.0 404 - python-swiftclient-3.11.1 gAAAAABpIy6O5uAY... - 70 - tx96fb28ca96c04c8fb6e4a-0069232f27 - 0.0081 - - 1763913511.975440502 1763913511.983545780 0
Nov 23 15:58:31 standalone container-server[128518]: 172.20.0.100 - - [23/Nov/2025:15:58:31 +0000] "PUT /d1/388/AUTH_a41edf9686e34385aeb056c2b0bb95ef/gnocchi.5e6b33bb-775d-4f68-bdcb-b5ccfc51a3ee/1763640000.0_mean_300.0_v3" 201 - "PUT http://172.18.0.2:8080/d1/115/AUTH_a41edf9686e34385aeb056c2b0bb95ef/gnocchi.5e6b33bb-775d-4f68-bdcb-b5ccfc51a3ee/1763640000.0_mean_300.0_v3" "tx553b5bc73d794c46ae11a-0069232f27" "object-server 24" 0.0006 "-" 23 0
Nov 23 15:58:32 standalone object-server[128666]: 172.20.0.100 - - [23/Nov/2025:15:58:31 +0000] "PUT /d1/115/AUTH_a41edf9686e34385aeb056c2b0bb95ef/gnocchi.5e6b33bb-775d-4f68-bdcb-b5ccfc51a3ee/1763640000.0_mean_300.0_v3" 201 - "PUT http://172.18.0.2:8080/v1/AUTH_a41edf9686e34385aeb056c2b0bb95ef/gnocchi.5e6b33bb-775d-4f68-bdcb-b5ccfc51a3ee/1763640000.0_mean_300.0_v3" "tx553b5bc73d794c46ae11a-0069232f27" "proxy-server 12" 0.0097 "-" 24 0
Nov 23 15:58:32 standalone proxy-server[130696]: 172.18.0.2 172.18.0.100 23/Nov/2025/15/58/32 PUT /v1/AUTH_a41edf9686e34385aeb056c2b0bb95ef/gnocchi.5e6b33bb-775d-4f68-bdcb-b5ccfc51a3ee/1763640000.0_mean_300.0_v3 HTTP/1.0 201 - python-swiftclient-3.11.1 gAAAAABpIy6O5uAY... 16 - - tx553b5bc73d794c46ae11a-0069232f27 - 0.0154 - - 1763913511.986023903 1763913512.001460075 0
Nov 23 15:58:32 standalone container-server[128504]: 172.20.0.100 - - [23/Nov/2025:15:58:32 +0000] "PUT /d1/388/AUTH_a41edf9686e34385aeb056c2b0bb95ef/gnocchi.5e6b33bb-775d-4f68-bdcb-b5ccfc51a3ee/none_v3" 201 - "PUT http://172.18.0.2:8080/d1/184/AUTH_a41edf9686e34385aeb056c2b0bb95ef/gnocchi.5e6b33bb-775d-4f68-bdcb-b5ccfc51a3ee/none_v3" "txd7118fec7d804fceac777-0069232f28" "object-server 23" 0.0009 "-" 22 0
Nov 23 15:58:32 standalone object-server[128661]: 172.20.0.100 - - [23/Nov/2025:15:58:32 +0000] "PUT /d1/184/AUTH_a41edf9686e34385aeb056c2b0bb95ef/gnocchi.5e6b33bb-775d-4f68-bdcb-b5ccfc51a3ee/none_v3" 201 - "PUT http://172.18.0.2:8080/v1/AUTH_a41edf9686e34385aeb056c2b0bb95ef/gnocchi.5e6b33bb-775d-4f68-bdcb-b5ccfc51a3ee/none_v3" "txd7118fec7d804fceac777-0069232f28" "proxy-server 12" 0.0155 "-" 23 0
Nov 23 15:58:32 standalone proxy-server[130696]: 172.18.0.2 172.18.0.100 23/Nov/2025/15/58/32 PUT /v1/AUTH_a41edf9686e34385aeb056c2b0bb95ef/gnocchi.5e6b33bb-775d-4f68-bdcb-b5ccfc51a3ee/none_v3 HTTP/1.0 201 - python-swiftclient-3.11.1 gAAAAABpIy6O5uAY... 22 - - txd7118fec7d804fceac777-0069232f28 - 0.0331 - - 1763913512.028485060 1763913512.061544418 0
Nov 23 15:58:32 standalone container-server[128504]: 172.20.0.100 - - [23/Nov/2025:15:58:32 +0000] "HEAD /d1/473/AUTH_a41edf9686e34385aeb056c2b0bb95ef/gnocchi.a967b918-f05c-4917-820b-d9ae777ebba7" 404 - "HEAD http://172.18.0.2:8080/v1/AUTH_a41edf9686e34385aeb056c2b0bb95ef/gnocchi.a967b918-f05c-4917-820b-d9ae777ebba7?format=json&states=listing" "tx223f0c6c8aef4f4899f34-0069232f28" "proxy-server 12" 0.0005 "-" 22 0
Nov 23 15:58:32 standalone object-server[128646]: 172.20.0.100 - - [23/Nov/2025:15:58:32 +0000] "GET /d1/519/AUTH_a41edf9686e34385aeb056c2b0bb95ef/gnocchi.a967b918-f05c-4917-820b-d9ae777ebba7/none_v3" 404 70 "GET http://172.18.0.2:8080/v1/AUTH_a41edf9686e34385aeb056c2b0bb95ef/gnocchi.a967b918-f05c-4917-820b-d9ae777ebba7/none_v3" "tx223f0c6c8aef4f4899f34-0069232f28" "proxy-server 12" 0.0005 "-" 22 0
Nov 23 15:58:32 standalone proxy-server[130696]: 172.18.0.2 172.18.0.100 23/Nov/2025/15/58/32 GET /v1/AUTH_a41edf9686e34385aeb056c2b0bb95ef/gnocchi.a967b918-f05c-4917-820b-d9ae777ebba7/none_v3 HTTP/1.0 404 - python-swiftclient-3.11.1 gAAAAABpIy6O5uAY... - 70 - tx223f0c6c8aef4f4899f34-0069232f28 - 0.0167 - - 1763913512.085888147 1763913512.102540493 0
Nov 23 15:58:32 standalone account-server[128463]: 172.20.0.100 - - [23/Nov/2025:15:58:32 +0000] "PUT /d1/262/AUTH_a41edf9686e34385aeb056c2b0bb95ef/gnocchi.a967b918-f05c-4917-820b-d9ae777ebba7" 201 - "PUT http://172.20.0.100:6001/d1/473/AUTH_a41edf9686e34385aeb056c2b0bb95ef/gnocchi.a967b918-f05c-4917-820b-d9ae777ebba7" "txf5d44f1ef4cf43299aa3a-0069232f28" "container-server 22" 0.0157 "-" 20 0
Nov 23 15:58:32 standalone container-server[128504]: 172.20.0.100 - - [23/Nov/2025:15:58:32 +0000] "PUT /d1/473/AUTH_a41edf9686e34385aeb056c2b0bb95ef/gnocchi.a967b918-f05c-4917-820b-d9ae777ebba7" 201 - "PUT http://172.18.0.2:8080/v1/AUTH_a41edf9686e34385aeb056c2b0bb95ef/gnocchi.a967b918-f05c-4917-820b-d9ae777ebba7" "txf5d44f1ef4cf43299aa3a-0069232f28" "proxy-server 12" 0.0293 "-" 22 0
Nov 23 15:58:32 standalone proxy-server[130696]: 172.18.0.2 172.18.0.100 23/Nov/2025/15/58/32 PUT /v1/AUTH_a41edf9686e34385aeb056c2b0bb95ef/gnocchi.a967b918-f05c-4917-820b-d9ae777ebba7 HTTP/1.0 201 - python-swiftclient-3.11.1 gAAAAABpIy6O5uAY... - - - txf5d44f1ef4cf43299aa3a-0069232f28 - 0.0578 - - 1763913512.108234167 1763913512.166043997 0
Nov 23 15:58:32 standalone container-server[128492]: 172.20.0.100 - - [23/Nov/2025:15:58:32 +0000] "HEAD /d1/473/AUTH_a41edf9686e34385aeb056c2b0bb95ef/gnocchi.a967b918-f05c-4917-820b-d9ae777ebba7" 204 - "HEAD http://172.18.0.2:8080/v1/AUTH_a41edf9686e34385aeb056c2b0bb95ef/gnocchi.a967b918-f05c-4917-820b-d9ae777ebba7?format=json&states=listing" "txc6cadb1f29f445778e437-0069232f28" "proxy-server 12" 0.0016 "-" 21 0
Nov 23 15:58:32 standalone proxy-server[130696]: - - 23/Nov/2025/15/58/32 HEAD /v1/AUTH_a41edf9686e34385aeb056c2b0bb95ef/gnocchi.a967b918-f05c-4917-820b-d9ae777ebba7%3Fformat%3Djson%26states%3Dlisting HTTP/1.0 204 - Swift - - - - txc6cadb1f29f445778e437-0069232f28 - 0.0086 RL - 1763913512.181288958 1763913512.189938784 0
Nov 23 15:58:32 standalone container-server[128518]: 172.20.0.100 - - [23/Nov/2025:15:58:32 +0000] "GET /d1/473/AUTH_a41edf9686e34385aeb056c2b0bb95ef/gnocchi.a967b918-f05c-4917-820b-d9ae777ebba7" 200 2 "GET http://172.18.0.2:8080/v1/AUTH_a41edf9686e34385aeb056c2b0bb95ef/gnocchi.a967b918-f05c-4917-820b-d9ae777ebba7?format=json&states=listing" "txc6cadb1f29f445778e437-0069232f28" "proxy-server 12" 0.0020 "-" 23 0
Nov 23 15:58:32 standalone proxy-server[130696]: 172.18.0.2 172.18.0.100 23/Nov/2025/15/58/32 GET /v1/AUTH_a41edf9686e34385aeb056c2b0bb95ef/gnocchi.a967b918-f05c-4917-820b-d9ae777ebba7%3Fformat%3Djson%26states%3Dlisting HTTP/1.0 200 - python-swiftclient-3.11.1 gAAAAABpIy6O5uAY... - 2 - txc6cadb1f29f445778e437-0069232f28 - 0.0198 - - 1763913512.178616285 1763913512.198395729 0
Nov 23 15:58:32 standalone object-server[128661]: 172.20.0.100 - - [23/Nov/2025:15:58:32 +0000] "GET /d1/604/AUTH_a41edf9686e34385aeb056c2b0bb95ef/gnocchi.a967b918-f05c-4917-820b-d9ae777ebba7/1763640000.0_mean_300.0_v3" 404 70 "GET http://172.18.0.2:8080/v1/AUTH_a41edf9686e34385aeb056c2b0bb95ef/gnocchi.a967b918-f05c-4917-820b-d9ae777ebba7/1763640000.0_mean_300.0_v3" "txda8432dd60764c58a1f6a-0069232f28" "proxy-server 12" 0.0003 "-" 23 0
Nov 23 15:58:32 standalone proxy-server[130696]: 172.18.0.2 172.18.0.100 23/Nov/2025/15/58/32 GET /v1/AUTH_a41edf9686e34385aeb056c2b0bb95ef/gnocchi.a967b918-f05c-4917-820b-d9ae777ebba7/1763640000.0_mean_300.0_v3 HTTP/1.0 404 - python-swiftclient-3.11.1 gAAAAABpIy6O5uAY... - 70 - txda8432dd60764c58a1f6a-0069232f28 - 0.0094 - - 1763913512.204673767 1763913512.214042425 0
Nov 23 15:58:32 standalone container-server[128518]: 172.20.0.100 - - [23/Nov/2025:15:58:32 +0000] "PUT /d1/473/AUTH_a41edf9686e34385aeb056c2b0bb95ef/gnocchi.a967b918-f05c-4917-820b-d9ae777ebba7/1763640000.0_mean_300.0_v3" 201 - "PUT http://172.18.0.2:8080/d1/604/AUTH_a41edf9686e34385aeb056c2b0bb95ef/gnocchi.a967b918-f05c-4917-820b-d9ae777ebba7/1763640000.0_mean_300.0_v3" "txb070a91bfbf94a93a52dd-0069232f28" "object-server 25" 0.0006 "-" 23 0
Nov 23 15:58:32 standalone object-server[128675]: 172.20.0.100 - - [23/Nov/2025:15:58:32 +0000] "PUT /d1/604/AUTH_a41edf9686e34385aeb056c2b0bb95ef/gnocchi.a967b918-f05c-4917-820b-d9ae777ebba7/1763640000.0_mean_300.0_v3" 201 - "PUT http://172.18.0.2:8080/v1/AUTH_a41edf9686e34385aeb056c2b0bb95ef/gnocchi.a967b918-f05c-4917-820b-d9ae777ebba7/1763640000.0_mean_300.0_v3" "txb070a91bfbf94a93a52dd-0069232f28" "proxy-server 12" 0.0106 "-" 25 0
Nov 23 15:58:32 standalone proxy-server[130696]: 172.18.0.2 172.18.0.100 23/Nov/2025/15/58/32 PUT /v1/AUTH_a41edf9686e34385aeb056c2b0bb95ef/gnocchi.a967b918-f05c-4917-820b-d9ae777ebba7/1763640000.0_mean_300.0_v3 HTTP/1.0 201 - python-swiftclient-3.11.1 gAAAAABpIy6O5uAY... 16 - - txb070a91bfbf94a93a52dd-0069232f28 - 0.0153 - - 1763913512.218367338 1763913512.233671188 0
Nov 23 15:58:32 standalone container-server[128504]: 172.20.0.100 - - [23/Nov/2025:15:58:32 +0000] "PUT /d1/473/AUTH_a41edf9686e34385aeb056c2b0bb95ef/gnocchi.a967b918-f05c-4917-820b-d9ae777ebba7/none_v3" 201 - "PUT http://172.18.0.2:8080/d1/519/AUTH_a41edf9686e34385aeb056c2b0bb95ef/gnocchi.a967b918-f05c-4917-820b-d9ae777ebba7/none_v3" "tx8db4cc45d9b44ddba6b35-0069232f28" "object-server 22" 0.0007 "-" 22 0
Nov 23 15:58:32 standalone object-server[128646]: 172.20.0.100 - - [23/Nov/2025:15:58:32 +0000] "PUT /d1/519/AUTH_a41edf9686e34385aeb056c2b0bb95ef/gnocchi.a967b918-f05c-4917-820b-d9ae777ebba7/none_v3" 201 - "PUT http://172.18.0.2:8080/v1/AUTH_a41edf9686e34385aeb056c2b0bb95ef/gnocchi.a967b918-f05c-4917-820b-d9ae777ebba7/none_v3" "tx8db4cc45d9b44ddba6b35-0069232f28" "proxy-server 12" 0.0138 "-" 22 0
Nov 23 15:58:32 standalone proxy-server[130696]: 172.18.0.2 172.18.0.100 23/Nov/2025/15/58/32 PUT /v1/AUTH_a41edf9686e34385aeb056c2b0bb95ef/gnocchi.a967b918-f05c-4917-820b-d9ae777ebba7/none_v3 HTTP/1.0 201 - python-swiftclient-3.11.1 gAAAAABpIy6O5uAY... 22 - - tx8db4cc45d9b44ddba6b35-0069232f28 - 0.0232 - - 1763913512.235741138 1763913512.258947372 0
Nov 23 15:58:32 standalone container-server[128492]: 172.20.0.100 - - [23/Nov/2025:15:58:32 +0000] "HEAD /d1/847/AUTH_a41edf9686e34385aeb056c2b0bb95ef/gnocchi.29aae365-dd0d-4e3b-af6b-245bb112709d" 404 - "HEAD http://172.18.0.2:8080/v1/AUTH_a41edf9686e34385aeb056c2b0bb95ef/gnocchi.29aae365-dd0d-4e3b-af6b-245bb112709d?format=json&states=listing" "tx729b1862e19847b0b14c0-0069232f28" "proxy-server 12" 0.0007 "-" 21 0
Nov 23 15:58:32 standalone object-server[128646]: 172.20.0.100 - - [23/Nov/2025:15:58:32 +0000] "GET /d1/796/AUTH_a41edf9686e34385aeb056c2b0bb95ef/gnocchi.29aae365-dd0d-4e3b-af6b-245bb112709d/none_v3" 404 70 "GET http://172.18.0.2:8080/v1/AUTH_a41edf9686e34385aeb056c2b0bb95ef/gnocchi.29aae365-dd0d-4e3b-af6b-245bb112709d/none_v3" "tx729b1862e19847b0b14c0-0069232f28" "proxy-server 12" 0.0003 "-" 22 0
Nov 23 15:58:32 standalone proxy-server[130696]: 172.18.0.2 172.18.0.100 23/Nov/2025/15/58/32 GET /v1/AUTH_a41edf9686e34385aeb056c2b0bb95ef/gnocchi.29aae365-dd0d-4e3b-af6b-245bb112709d/none_v3 HTTP/1.0 404 - python-swiftclient-3.11.1 gAAAAABpIy6O5uAY... - 70 - tx729b1862e19847b0b14c0-0069232f28 - 0.0080 - - 1763913512.273103476 1763913512.281149387 0
Nov 23 15:58:32 standalone account-server[128472]: 172.20.0.100 - - [23/Nov/2025:15:58:32 +0000] "PUT /d1/262/AUTH_a41edf9686e34385aeb056c2b0bb95ef/gnocchi.29aae365-dd0d-4e3b-af6b-245bb112709d" 201 - "PUT http://172.20.0.100:6001/d1/847/AUTH_a41edf9686e34385aeb056c2b0bb95ef/gnocchi.29aae365-dd0d-4e3b-af6b-245bb112709d" "txd6f26f3b70444761a795d-0069232f28" "container-server 22" 0.0047 "-" 22 0
Nov 23 15:58:32 standalone container-server[128504]: 172.20.0.100 - - [23/Nov/2025:15:58:32 +0000] "PUT /d1/847/AUTH_a41edf9686e34385aeb056c2b0bb95ef/gnocchi.29aae365-dd0d-4e3b-af6b-245bb112709d" 201 - "PUT http://172.18.0.2:8080/v1/AUTH_a41edf9686e34385aeb056c2b0bb95ef/gnocchi.29aae365-dd0d-4e3b-af6b-245bb112709d" "txd6f26f3b70444761a795d-0069232f28" "proxy-server 12" 0.0169 "-" 22 0
Nov 23 15:58:32 standalone proxy-server[130696]: 172.18.0.2 172.18.0.100 23/Nov/2025/15/58/32 PUT /v1/AUTH_a41edf9686e34385aeb056c2b0bb95ef/gnocchi.29aae365-dd0d-4e3b-af6b-245bb112709d HTTP/1.0 201 - python-swiftclient-3.11.1 gAAAAABpIy6O5uAY... - - - txd6f26f3b70444761a795d-0069232f28 - 0.0276 - - 1763913512.283013582 1763913512.310588598 0
Nov 23 15:58:32 standalone container-server[128504]: 172.20.0.100 - - [23/Nov/2025:15:58:32 +0000] "HEAD /d1/847/AUTH_a41edf9686e34385aeb056c2b0bb95ef/gnocchi.29aae365-dd0d-4e3b-af6b-245bb112709d" 204 - "HEAD http://172.18.0.2:8080/v1/AUTH_a41edf9686e34385aeb056c2b0bb95ef/gnocchi.29aae365-dd0d-4e3b-af6b-245bb112709d?format=json&states=listing" "txa1c0dfb2fc8d4a9281d4f-0069232f28" "proxy-server 12" 0.0010 "-" 22 0
Nov 23 15:58:32 standalone proxy-server[130696]: - - 23/Nov/2025/15/58/32 HEAD /v1/AUTH_a41edf9686e34385aeb056c2b0bb95ef/gnocchi.29aae365-dd0d-4e3b-af6b-245bb112709d%3Fformat%3Djson%26states%3Dlisting HTTP/1.0 204 - Swift - - - - txa1c0dfb2fc8d4a9281d4f-0069232f28 - 0.0035 RL - 1763913512.315022707 1763913512.318500519 0
Nov 23 15:58:32 standalone container-server[128504]: 172.20.0.100 - - [23/Nov/2025:15:58:32 +0000] "GET /d1/847/AUTH_a41edf9686e34385aeb056c2b0bb95ef/gnocchi.29aae365-dd0d-4e3b-af6b-245bb112709d" 200 2 "GET http://172.18.0.2:8080/v1/AUTH_a41edf9686e34385aeb056c2b0bb95ef/gnocchi.29aae365-dd0d-4e3b-af6b-245bb112709d?format=json&states=listing" "txa1c0dfb2fc8d4a9281d4f-0069232f28" "proxy-server 12" 0.0016 "-" 22 0
Nov 23 15:58:32 standalone proxy-server[130696]: 172.18.0.2 172.18.0.100 23/Nov/2025/15/58/32 GET /v1/AUTH_a41edf9686e34385aeb056c2b0bb95ef/gnocchi.29aae365-dd0d-4e3b-af6b-245bb112709d%3Fformat%3Djson%26states%3Dlisting HTTP/1.0 200 - python-swiftclient-3.11.1 gAAAAABpIy6O5uAY... - 2 - txa1c0dfb2fc8d4a9281d4f-0069232f28 - 0.0101 - - 1763913512.314055204 1763913512.324178696 0
Nov 23 15:58:32 standalone object-server[128666]: 172.20.0.100 - - [23/Nov/2025:15:58:32 +0000] "GET /d1/869/AUTH_a41edf9686e34385aeb056c2b0bb95ef/gnocchi.29aae365-dd0d-4e3b-af6b-245bb112709d/1763640000.0_mean_300.0_v3" 404 70 "GET http://172.18.0.2:8080/v1/AUTH_a41edf9686e34385aeb056c2b0bb95ef/gnocchi.29aae365-dd0d-4e3b-af6b-245bb112709d/1763640000.0_mean_300.0_v3" "tx14c79aab376a41d2bdcd9-0069232f28" "proxy-server 12" 0.0005 "-" 24 0
Nov 23 15:58:32 standalone proxy-server[130696]: 172.18.0.2 172.18.0.100 23/Nov/2025/15/58/32 GET /v1/AUTH_a41edf9686e34385aeb056c2b0bb95ef/gnocchi.29aae365-dd0d-4e3b-af6b-245bb112709d/1763640000.0_mean_300.0_v3 HTTP/1.0 404 - python-swiftclient-3.11.1 gAAAAABpIy6O5uAY... - 70 - tx14c79aab376a41d2bdcd9-0069232f28 - 0.0079 - - 1763913512.326390743 1763913512.334271908 0
Nov 23 15:58:32 standalone container-server[128518]: 172.20.0.100 - - [23/Nov/2025:15:58:32 +0000] "PUT /d1/847/AUTH_a41edf9686e34385aeb056c2b0bb95ef/gnocchi.29aae365-dd0d-4e3b-af6b-245bb112709d/1763640000.0_mean_300.0_v3" 201 - "PUT http://172.18.0.2:8080/d1/869/AUTH_a41edf9686e34385aeb056c2b0bb95ef/gnocchi.29aae365-dd0d-4e3b-af6b-245bb112709d/1763640000.0_mean_300.0_v3" "txb943e263abca472289755-0069232f28" "object-server 22" 0.0005 "-" 23 0
Nov 23 15:58:32 standalone object-server[128646]: 172.20.0.100 - - [23/Nov/2025:15:58:32 +0000] "PUT /d1/869/AUTH_a41edf9686e34385aeb056c2b0bb95ef/gnocchi.29aae365-dd0d-4e3b-af6b-245bb112709d/1763640000.0_mean_300.0_v3" 201 - "PUT http://172.18.0.2:8080/v1/AUTH_a41edf9686e34385aeb056c2b0bb95ef/gnocchi.29aae365-dd0d-4e3b-af6b-245bb112709d/1763640000.0_mean_300.0_v3" "txb943e263abca472289755-0069232f28" "proxy-server 12" 0.0106 "-" 22 0
Nov 23 15:58:32 standalone proxy-server[130696]: 172.18.0.2 172.18.0.100 23/Nov/2025/15/58/32 PUT /v1/AUTH_a41edf9686e34385aeb056c2b0bb95ef/gnocchi.29aae365-dd0d-4e3b-af6b-245bb112709d/1763640000.0_mean_300.0_v3 HTTP/1.0 201 - python-swiftclient-3.11.1 gAAAAABpIy6O5uAY... 16 - - txb943e263abca472289755-0069232f28 - 0.0166 - - 1763913512.337011337 1763913512.353603363 0
Nov 23 15:58:32 standalone container-server[128484]: 172.20.0.100 - - [23/Nov/2025:15:58:32 +0000] "PUT /d1/847/AUTH_a41edf9686e34385aeb056c2b0bb95ef/gnocchi.29aae365-dd0d-4e3b-af6b-245bb112709d/none_v3" 201 - "PUT http://172.18.0.2:8080/d1/796/AUTH_a41edf9686e34385aeb056c2b0bb95ef/gnocchi.29aae365-dd0d-4e3b-af6b-245bb112709d/none_v3" "tx78b874db833e444cba9a9-0069232f28" "object-server 22" 0.0004 "-" 20 0
Nov 23 15:58:32 standalone object-server[128646]: 172.20.0.100 - - [23/Nov/2025:15:58:32 +0000] "PUT /d1/796/AUTH_a41edf9686e34385aeb056c2b0bb95ef/gnocchi.29aae365-dd0d-4e3b-af6b-245bb112709d/none_v3" 201 - "PUT http://172.18.0.2:8080/v1/AUTH_a41edf9686e34385aeb056c2b0bb95ef/gnocchi.29aae365-dd0d-4e3b-af6b-245bb112709d/none_v3" "tx78b874db833e444cba9a9-0069232f28" "proxy-server 12" 0.0075 "-" 22 0
Nov 23 15:58:32 standalone proxy-server[130696]: 172.18.0.2 172.18.0.100 23/Nov/2025/15/58/32 PUT /v1/AUTH_a41edf9686e34385aeb056c2b0bb95ef/gnocchi.29aae365-dd0d-4e3b-af6b-245bb112709d/none_v3 HTTP/1.0 201 - python-swiftclient-3.11.1 gAAAAABpIy6O5uAY... 22 - - tx78b874db833e444cba9a9-0069232f28 - 0.0114 - - 1763913512.356948376 1763913512.368326664 0
Nov 23 15:58:33 standalone container-server[128484]: 172.20.0.100 - - [23/Nov/2025:15:58:33 +0000] "HEAD /d1/314/AUTH_a41edf9686e34385aeb056c2b0bb95ef/gnocchi.90280a80-c0c4-4a66-90d5-05adcd2630b6" 404 - "HEAD http://172.18.0.2:8080/v1/AUTH_a41edf9686e34385aeb056c2b0bb95ef/gnocchi.90280a80-c0c4-4a66-90d5-05adcd2630b6?format=json&states=listing" "txf6e56a3bb9b0475c8dac6-0069232f29" "proxy-server 12" 0.0006 "-" 20 0
Nov 23 15:58:33 standalone object-server[128666]: 172.20.0.100 - - [23/Nov/2025:15:58:33 +0000] "GET /d1/988/AUTH_a41edf9686e34385aeb056c2b0bb95ef/gnocchi.90280a80-c0c4-4a66-90d5-05adcd2630b6/none_v3" 404 70 "GET http://172.18.0.2:8080/v1/AUTH_a41edf9686e34385aeb056c2b0bb95ef/gnocchi.90280a80-c0c4-4a66-90d5-05adcd2630b6/none_v3" "txf6e56a3bb9b0475c8dac6-0069232f29" "proxy-server 12" 0.0006 "-" 24 0
Nov 23 15:58:33 standalone proxy-server[130696]: 172.18.0.2 172.18.0.100 23/Nov/2025/15/58/33 GET /v1/AUTH_a41edf9686e34385aeb056c2b0bb95ef/gnocchi.90280a80-c0c4-4a66-90d5-05adcd2630b6/none_v3 HTTP/1.0 404 - python-swiftclient-3.11.1 gAAAAABpIy6O5uAY... - 70 - txf6e56a3bb9b0475c8dac6-0069232f29 - 0.0105 - - 1763913513.214870453 1763913513.225419283 0
Nov 23 15:58:33 standalone account-server[128469]: 172.20.0.100 - - [23/Nov/2025:15:58:33 +0000] "PUT /d1/262/AUTH_a41edf9686e34385aeb056c2b0bb95ef/gnocchi.90280a80-c0c4-4a66-90d5-05adcd2630b6" 201 - "PUT http://172.20.0.100:6001/d1/314/AUTH_a41edf9686e34385aeb056c2b0bb95ef/gnocchi.90280a80-c0c4-4a66-90d5-05adcd2630b6" "tx9cf1ff43a42f4dc7b1f74-0069232f29" "container-server 23" 0.0069 "-" 21 0
Nov 23 15:58:33 standalone container-server[128518]: 172.20.0.100 - - [23/Nov/2025:15:58:33 +0000] "PUT /d1/314/AUTH_a41edf9686e34385aeb056c2b0bb95ef/gnocchi.90280a80-c0c4-4a66-90d5-05adcd2630b6" 201 - "PUT http://172.18.0.2:8080/v1/AUTH_a41edf9686e34385aeb056c2b0bb95ef/gnocchi.90280a80-c0c4-4a66-90d5-05adcd2630b6" "tx9cf1ff43a42f4dc7b1f74-0069232f29" "proxy-server 12" 0.0270 "-" 23 0
Nov 23 15:58:33 standalone proxy-server[130696]: 172.18.0.2 172.18.0.100 23/Nov/2025/15/58/33 PUT /v1/AUTH_a41edf9686e34385aeb056c2b0bb95ef/gnocchi.90280a80-c0c4-4a66-90d5-05adcd2630b6 HTTP/1.0 201 - python-swiftclient-3.11.1 gAAAAABpIy6O5uAY... - - - tx9cf1ff43a42f4dc7b1f74-0069232f29 - 0.0328 - - 1763913513.227566004 1763913513.260352850 0
Nov 23 15:58:33 standalone container-server[128518]: 172.20.0.100 - - [23/Nov/2025:15:58:33 +0000] "HEAD /d1/314/AUTH_a41edf9686e34385aeb056c2b0bb95ef/gnocchi.90280a80-c0c4-4a66-90d5-05adcd2630b6" 204 - "HEAD http://172.18.0.2:8080/v1/AUTH_a41edf9686e34385aeb056c2b0bb95ef/gnocchi.90280a80-c0c4-4a66-90d5-05adcd2630b6?format=json&states=listing" "txa0040c5d7782430c9d6ae-0069232f29" "proxy-server 12" 0.0022 "-" 23 0
Nov 23 15:58:33 standalone proxy-server[130696]: - - 23/Nov/2025/15/58/33 HEAD /v1/AUTH_a41edf9686e34385aeb056c2b0bb95ef/gnocchi.90280a80-c0c4-4a66-90d5-05adcd2630b6%3Fformat%3Djson%26states%3Dlisting HTTP/1.0 204 - Swift - - - - txa0040c5d7782430c9d6ae-0069232f29 - 0.0120 RL - 1763913513.266130686 1763913513.278085947 0
Nov 23 15:58:33 standalone container-server[128484]: 172.20.0.100 - - [23/Nov/2025:15:58:33 +0000] "GET /d1/314/AUTH_a41edf9686e34385aeb056c2b0bb95ef/gnocchi.90280a80-c0c4-4a66-90d5-05adcd2630b6" 200 2 "GET http://172.18.0.2:8080/v1/AUTH_a41edf9686e34385aeb056c2b0bb95ef/gnocchi.90280a80-c0c4-4a66-90d5-05adcd2630b6?format=json&states=listing" "txa0040c5d7782430c9d6ae-0069232f29" "proxy-server 12" 0.0017 "-" 20 0
Nov 23 15:58:33 standalone proxy-server[130696]: 172.18.0.2 172.18.0.100 23/Nov/2025/15/58/33 GET /v1/AUTH_a41edf9686e34385aeb056c2b0bb95ef/gnocchi.90280a80-c0c4-4a66-90d5-05adcd2630b6%3Fformat%3Djson%26states%3Dlisting HTTP/1.0 200 - python-swiftclient-3.11.1 gAAAAABpIy6O5uAY... - 2 - txa0040c5d7782430c9d6ae-0069232f29 - 0.0211 - - 1763913513.262782812 1763913513.283916950 0
Nov 23 15:58:33 standalone object-server[128661]: 172.20.0.100 - - [23/Nov/2025:15:58:33 +0000] "GET /d1/680/AUTH_a41edf9686e34385aeb056c2b0bb95ef/gnocchi.90280a80-c0c4-4a66-90d5-05adcd2630b6/1763640000.0_mean_300.0_v3" 404 70 "GET http://172.18.0.2:8080/v1/AUTH_a41edf9686e34385aeb056c2b0bb95ef/gnocchi.90280a80-c0c4-4a66-90d5-05adcd2630b6/1763640000.0_mean_300.0_v3" "txff76ed22885a461fa2c60-0069232f29" "proxy-server 12" 0.0005 "-" 23 0
Nov 23 15:58:33 standalone proxy-server[130696]: 172.18.0.2 172.18.0.100 23/Nov/2025/15/58/33 GET /v1/AUTH_a41edf9686e34385aeb056c2b0bb95ef/gnocchi.90280a80-c0c4-4a66-90d5-05adcd2630b6/1763640000.0_mean_300.0_v3 HTTP/1.0 404 - python-swiftclient-3.11.1 gAAAAABpIy6O5uAY... - 70 - txff76ed22885a461fa2c60-0069232f29 - 0.0067 - - 1763913513.286098242 1763913513.292793036 0
Nov 23 15:58:33 standalone container-server[128518]: 172.20.0.100 - - [23/Nov/2025:15:58:33 +0000] "PUT /d1/314/AUTH_a41edf9686e34385aeb056c2b0bb95ef/gnocchi.90280a80-c0c4-4a66-90d5-05adcd2630b6/1763640000.0_mean_300.0_v3" 201 - "PUT http://172.18.0.2:8080/d1/680/AUTH_a41edf9686e34385aeb056c2b0bb95ef/gnocchi.90280a80-c0c4-4a66-90d5-05adcd2630b6/1763640000.0_mean_300.0_v3" "tx4c9c6441eaed4f49920a2-0069232f29" "object-server 24" 0.0008 "-" 23 0
Nov 23 15:58:33 standalone object-server[128666]: 172.20.0.100 - - [23/Nov/2025:15:58:33 +0000] "PUT /d1/680/AUTH_a41edf9686e34385aeb056c2b0bb95ef/gnocchi.90280a80-c0c4-4a66-90d5-05adcd2630b6/1763640000.0_mean_300.0_v3" 201 - "PUT http://172.18.0.2:8080/v1/AUTH_a41edf9686e34385aeb056c2b0bb95ef/gnocchi.90280a80-c0c4-4a66-90d5-05adcd2630b6/1763640000.0_mean_300.0_v3" "tx4c9c6441eaed4f49920a2-0069232f29" "proxy-server 12" 0.0108 "-" 24 0
Nov 23 15:58:33 standalone proxy-server[130696]: 172.18.0.2 172.18.0.100 23/Nov/2025/15/58/33 PUT /v1/AUTH_a41edf9686e34385aeb056c2b0bb95ef/gnocchi.90280a80-c0c4-4a66-90d5-05adcd2630b6/1763640000.0_mean_300.0_v3 HTTP/1.0 201 - python-swiftclient-3.11.1 gAAAAABpIy6O5uAY... 16 - - tx4c9c6441eaed4f49920a2-0069232f29 - 0.0155 - - 1763913513.295534134 1763913513.311057568 0
Nov 23 15:58:33 standalone container-server[128504]: 172.20.0.100 - - [23/Nov/2025:15:58:33 +0000] "PUT /d1/314/AUTH_a41edf9686e34385aeb056c2b0bb95ef/gnocchi.90280a80-c0c4-4a66-90d5-05adcd2630b6/none_v3" 201 - "PUT http://172.18.0.2:8080/d1/988/AUTH_a41edf9686e34385aeb056c2b0bb95ef/gnocchi.90280a80-c0c4-4a66-90d5-05adcd2630b6/none_v3" "tx1083e1de4506480889e9b-0069232f29" "object-server 24" 0.0007 "-" 22 0
Nov 23 15:58:33 standalone object-server[128666]: 172.20.0.100 - - [23/Nov/2025:15:58:33 +0000] "PUT /d1/988/AUTH_a41edf9686e34385aeb056c2b0bb95ef/gnocchi.90280a80-c0c4-4a66-90d5-05adcd2630b6/none_v3" 201 - "PUT http://172.18.0.2:8080/v1/AUTH_a41edf9686e34385aeb056c2b0bb95ef/gnocchi.90280a80-c0c4-4a66-90d5-05adcd2630b6/none_v3" "tx1083e1de4506480889e9b-0069232f29" "proxy-server 12" 0.0105 "-" 24 0
Nov 23 15:58:33 standalone proxy-server[130696]: 172.18.0.2 172.18.0.100 23/Nov/2025/15/58/33 PUT /v1/AUTH_a41edf9686e34385aeb056c2b0bb95ef/gnocchi.90280a80-c0c4-4a66-90d5-05adcd2630b6/none_v3 HTTP/1.0 201 - python-swiftclient-3.11.1 gAAAAABpIy6O5uAY... 22 - - tx1083e1de4506480889e9b-0069232f29 - 0.0179 - - 1763913513.315919638 1763913513.333840132 0
Nov 23 15:58:38 standalone object-server[128661]: 172.20.0.100 - - [23/Nov/2025:15:58:38 +0000] "GET /d1/988/AUTH_a41edf9686e34385aeb056c2b0bb95ef/gnocchi.90280a80-c0c4-4a66-90d5-05adcd2630b6/none_v3" 200 22 "GET http://172.18.0.2:8080/v1/AUTH_a41edf9686e34385aeb056c2b0bb95ef/gnocchi.90280a80-c0c4-4a66-90d5-05adcd2630b6/none_v3" "tx7a3ac70736f74650a984a-0069232f2e" "proxy-server 12" 0.0012 "-" 23 0
Nov 23 15:58:38 standalone proxy-server[130696]: 172.18.0.2 172.18.0.100 23/Nov/2025/15/58/38 GET /v1/AUTH_a41edf9686e34385aeb056c2b0bb95ef/gnocchi.90280a80-c0c4-4a66-90d5-05adcd2630b6/none_v3 HTTP/1.0 200 - python-swiftclient-3.11.1 gAAAAABpIy6O5uAY... - 22 - tx7a3ac70736f74650a984a-0069232f2e - 0.0074 - - 1763913518.915765285 1763913518.923167944 0
Nov 23 15:58:38 standalone container-server[128484]: 172.20.0.100 - - [23/Nov/2025:15:58:38 +0000] "GET /d1/314/AUTH_a41edf9686e34385aeb056c2b0bb95ef/gnocchi.90280a80-c0c4-4a66-90d5-05adcd2630b6" 200 357 "GET http://172.18.0.2:8080/v1/AUTH_a41edf9686e34385aeb056c2b0bb95ef/gnocchi.90280a80-c0c4-4a66-90d5-05adcd2630b6?format=json&states=listing" "tx75eff03148c54106a46da-0069232f2e" "proxy-server 12" 0.0085 "-" 20 0
Nov 23 15:58:38 standalone proxy-server[130696]: 172.18.0.2 172.18.0.100 23/Nov/2025/15/58/38 GET /v1/AUTH_a41edf9686e34385aeb056c2b0bb95ef/gnocchi.90280a80-c0c4-4a66-90d5-05adcd2630b6%3Fformat%3Djson%26states%3Dlisting HTTP/1.0 200 - python-swiftclient-3.11.1 gAAAAABpIy6O5uAY... - 357 - tx75eff03148c54106a46da-0069232f2e - 0.0157 - - 1763913518.925796747 1763913518.941498041 0
Nov 23 15:58:38 standalone container-server[128484]: 172.20.0.100 - - [23/Nov/2025:15:58:38 +0000] "GET /d1/314/AUTH_a41edf9686e34385aeb056c2b0bb95ef/gnocchi.90280a80-c0c4-4a66-90d5-05adcd2630b6" 200 2 "GET http://172.18.0.2:8080/v1/AUTH_a41edf9686e34385aeb056c2b0bb95ef/gnocchi.90280a80-c0c4-4a66-90d5-05adcd2630b6?format=json&marker=none_v3&states=listing" "txe3105ab23ae64e35ac3c7-0069232f2e" "proxy-server 12" 0.0020 "-" 20 0
Nov 23 15:58:38 standalone proxy-server[130696]: 172.18.0.2 172.18.0.100 23/Nov/2025/15/58/38 GET /v1/AUTH_a41edf9686e34385aeb056c2b0bb95ef/gnocchi.90280a80-c0c4-4a66-90d5-05adcd2630b6%3Fformat%3Djson%26marker%3Dnone_v3%26states%3Dlisting HTTP/1.0 200 - python-swiftclient-3.11.1 gAAAAABpIy6O5uAY... - 2 - txe3105ab23ae64e35ac3c7-0069232f2e - 0.0072 - - 1763913518.943934202 1763913518.951093435 0
Nov 23 15:58:38 standalone object-server[128675]: 172.20.0.100 - - [23/Nov/2025:15:58:38 +0000] "GET /d1/680/AUTH_a41edf9686e34385aeb056c2b0bb95ef/gnocchi.90280a80-c0c4-4a66-90d5-05adcd2630b6/1763640000.0_mean_300.0_v3" 200 16 "GET http://172.18.0.2:8080/v1/AUTH_a41edf9686e34385aeb056c2b0bb95ef/gnocchi.90280a80-c0c4-4a66-90d5-05adcd2630b6/1763640000.0_mean_300.0_v3" "tx30359165d4ff43b996537-0069232f2e" "proxy-server 12" 0.0006 "-" 25 0
Nov 23 15:58:38 standalone proxy-server[130696]: 172.18.0.2 172.18.0.100 23/Nov/2025/15/58/38 GET /v1/AUTH_a41edf9686e34385aeb056c2b0bb95ef/gnocchi.90280a80-c0c4-4a66-90d5-05adcd2630b6/1763640000.0_mean_300.0_v3 HTTP/1.0 200 - python-swiftclient-3.11.1 gAAAAABpIy6O5uAY... - 16 - tx30359165d4ff43b996537-0069232f2e - 0.0050 - - 1763913518.953356504 1763913518.958369493 0
Nov 23 15:58:38 standalone container-server[128504]: 172.20.0.100 - - [23/Nov/2025:15:58:38 +0000] "PUT /d1/314/AUTH_a41edf9686e34385aeb056c2b0bb95ef/gnocchi.90280a80-c0c4-4a66-90d5-05adcd2630b6/1763640000.0_mean_300.0_v3" 201 - "PUT http://172.18.0.2:8080/d1/680/AUTH_a41edf9686e34385aeb056c2b0bb95ef/gnocchi.90280a80-c0c4-4a66-90d5-05adcd2630b6/1763640000.0_mean_300.0_v3" "tx83128719243a45d1930e2-0069232f2e" "object-server 23" 0.0006 "-" 22 0
Nov 23 15:58:38 standalone object-server[128661]: 172.20.0.100 - - [23/Nov/2025:15:58:38 +0000] "PUT /d1/680/AUTH_a41edf9686e34385aeb056c2b0bb95ef/gnocchi.90280a80-c0c4-4a66-90d5-05adcd2630b6/1763640000.0_mean_300.0_v3" 201 - "PUT http://172.18.0.2:8080/v1/AUTH_a41edf9686e34385aeb056c2b0bb95ef/gnocchi.90280a80-c0c4-4a66-90d5-05adcd2630b6/1763640000.0_mean_300.0_v3" "tx83128719243a45d1930e2-0069232f2e" "proxy-server 12" 0.0112 "-" 23 0
Nov 23 15:58:38 standalone proxy-server[130696]: 172.18.0.2 172.18.0.100 23/Nov/2025/15/58/38 PUT /v1/AUTH_a41edf9686e34385aeb056c2b0bb95ef/gnocchi.90280a80-c0c4-4a66-90d5-05adcd2630b6/1763640000.0_mean_300.0_v3 HTTP/1.0 201 - python-swiftclient-3.11.1 gAAAAABpIy6O5uAY... 16 - - tx83128719243a45d1930e2-0069232f2e - 0.0158 - - 1763913518.960329056 1763913518.976133347 0
Nov 23 15:58:38 standalone container-server[128504]: 172.20.0.100 - - [23/Nov/2025:15:58:38 +0000] "PUT /d1/314/AUTH_a41edf9686e34385aeb056c2b0bb95ef/gnocchi.90280a80-c0c4-4a66-90d5-05adcd2630b6/none_v3" 201 - "PUT http://172.18.0.2:8080/d1/988/AUTH_a41edf9686e34385aeb056c2b0bb95ef/gnocchi.90280a80-c0c4-4a66-90d5-05adcd2630b6/none_v3" "tx0a1aa414aad44efaac31f-0069232f2e" "object-server 23" 0.0005 "-" 22 0
Nov 23 15:58:38 standalone object-server[128661]: 172.20.0.100 - - [23/Nov/2025:15:58:38 +0000] "PUT /d1/988/AUTH_a41edf9686e34385aeb056c2b0bb95ef/gnocchi.90280a80-c0c4-4a66-90d5-05adcd2630b6/none_v3" 201 - "PUT http://172.18.0.2:8080/v1/AUTH_a41edf9686e34385aeb056c2b0bb95ef/gnocchi.90280a80-c0c4-4a66-90d5-05adcd2630b6/none_v3" "tx0a1aa414aad44efaac31f-0069232f2e" "proxy-server 12" 0.0085 "-" 23 0
Nov 23 15:58:38 standalone proxy-server[130696]: 172.18.0.2 172.18.0.100 23/Nov/2025/15/58/38 PUT /v1/AUTH_a41edf9686e34385aeb056c2b0bb95ef/gnocchi.90280a80-c0c4-4a66-90d5-05adcd2630b6/none_v3 HTTP/1.0 201 - python-swiftclient-3.11.1 gAAAAABpIy6O5uAY... 32 - - tx0a1aa414aad44efaac31f-0069232f2e - 0.0125 - - 1763913518.977844954 1763913518.990385056 0
Nov 23 15:59:33 standalone object-server[128506]: Begin object update sweep
Nov 23 15:59:33 standalone object-server[247944]: Object update sweep starting on /srv/node/d1 (pid: 15)
Nov 23 15:59:33 standalone object-server[247944]: Object update sweep completed on /srv/node/d1 in 0.00s seconds:, 0 successes, 0 failures, 0 quarantines, 0 unlinks, 0 errors, 0 redirects (pid: 15)
Nov 23 15:59:33 standalone object-server[247944]: Object update sweep of d1 completed: 0.00s, 0 successes, 0 failures, 0 quarantines, 0 unlinks, 0 errors, 0 redirects
Nov 23 15:59:33 standalone object-server[128506]: Object update sweep completed: 0.11s
Nov 23 15:59:48 standalone account-server[128463]: 172.20.0.100 - - [23/Nov/2025:15:59:48 +0000] "HEAD /d1/646/.expiring_objects" 404 - "HEAD http://localhost/v1/.expiring_objects?format=json" "tx33326ec38ead43a6962ca-0069232f74" "proxy-server 2" 0.0008 "-" 20 -
Nov 23 15:59:48 standalone object-expirer[128529]: Pass completed in 0s; 0 objects expired (txn: tx33326ec38ead43a6962ca-0069232f74)
Nov 23 16:00:31 standalone account-server[128472]: 172.20.0.100 - - [23/Nov/2025:16:00:31 +0000] "HEAD /d1/262/AUTH_a41edf9686e34385aeb056c2b0bb95ef" 204 - "HEAD http://172.18.0.2:8080/v1/AUTH_a41edf9686e34385aeb056c2b0bb95ef?format=json" "tx9344abc2e90f439ea5826-0069232f9f" "proxy-server 12" 0.0087 "-" 22 -
Nov 23 16:00:31 standalone proxy-server[130696]: - - 23/Nov/2025/16/00/31 HEAD /v1/AUTH_a41edf9686e34385aeb056c2b0bb95ef%3Fformat%3Djson HTTP/1.0 204 - Swift - - - - tx9344abc2e90f439ea5826-0069232f9f - 0.0157 RL - 1763913631.312783003 1763913631.328473091 -
Nov 23 16:00:31 standalone container-server[128492]: 172.20.0.100 - - [23/Nov/2025:16:00:31 +0000] "HEAD /d1/908/AUTH_a41edf9686e34385aeb056c2b0bb95ef/gnocchi.401ec885-6bae-45cc-b241-10106a8f7081" 204 - "HEAD http://172.18.0.2:8080/v1/AUTH_a41edf9686e34385aeb056c2b0bb95ef/gnocchi.401ec885-6bae-45cc-b241-10106a8f7081?format=json&states=listing" "tx9344abc2e90f439ea5826-0069232f9f" "proxy-server 12" 0.0093 "-" 21 0
Nov 23 16:00:31 standalone object-server[128646]: 172.20.0.100 - - [23/Nov/2025:16:00:31 +0000] "GET /d1/493/AUTH_a41edf9686e34385aeb056c2b0bb95ef/gnocchi.401ec885-6bae-45cc-b241-10106a8f7081/none_v3" 200 22 "GET http://172.18.0.2:8080/v1/AUTH_a41edf9686e34385aeb056c2b0bb95ef/gnocchi.401ec885-6bae-45cc-b241-10106a8f7081/none_v3" "tx9344abc2e90f439ea5826-0069232f9f" "proxy-server 12" 0.0017 "-" 22 0
Nov 23 16:00:31 standalone proxy-server[130696]: 172.18.0.2 172.18.0.100 23/Nov/2025/16/00/31 GET /v1/AUTH_a41edf9686e34385aeb056c2b0bb95ef/gnocchi.401ec885-6bae-45cc-b241-10106a8f7081/none_v3 HTTP/1.0 200 - python-swiftclient-3.11.1 gAAAAABpIy6O5uAY... - 22 - tx9344abc2e90f439ea5826-0069232f9f - 0.0455 - - 1763913631.311663628 1763913631.357166290 0
