Feb 20 08:20:33 np0005625200 object-server[122711]: Object replication complete. (0.00 minutes)
Feb 20 08:20:34 np0005625200 object-server[193626]: Begin object audit "forever" mode (ZBF)
Feb 20 08:20:34 np0005625200 object-server[193626]: Object audit (ZBF) "forever" mode completed: 0.00s. Total quarantined: 0, Total errors: 0, Total files/sec: 0.00, Total bytes/sec: 0.00, Auditing time: 0.00, Rate: 0.00
Feb 20 08:20:36 np0005625200 account-server[121578]: Beginning replication run
Feb 20 08:20:36 np0005625200 account-server[121578]: Replication run OVER
Feb 20 08:20:36 np0005625200 account-server[121578]: Attempted to replicate 0 dbs in 0.00101 seconds (0.00000/s)
Feb 20 08:20:36 np0005625200 account-server[121578]: Removed 0 dbs
Feb 20 08:20:36 np0005625200 account-server[121578]: 0 successes, 0 failures
Feb 20 08:20:36 np0005625200 account-server[121578]: diff:0 diff_capped:0 empty:0 hashmatch:0 no_change:0 remote_merge:0 rsync:0 ts_repl:0
Feb 20 08:20:44 np0005625200 container-server[122106]: Beginning replication run
Feb 20 08:20:44 np0005625200 container-server[122106]: Replication run OVER
Feb 20 08:20:44 np0005625200 container-server[122106]: Attempted to replicate 0 dbs in 0.00158 seconds (0.00000/s)
Feb 20 08:20:44 np0005625200 container-server[122106]: Removed 0 dbs
Feb 20 08:20:44 np0005625200 container-server[122106]: 0 successes, 0 failures
Feb 20 08:20:44 np0005625200 container-server[122106]: diff:0 diff_capped:0 empty:0 hashmatch:0 no_change:0 remote_merge:0 rsync:0 ts_repl:0
Feb 20 08:21:03 np0005625200 object-server[122711]: Starting object replication pass.
Feb 20 08:21:03 np0005625200 object-server[122711]: Nothing replicated for 0.004119396209716797 seconds.
Feb 20 08:21:03 np0005625200 object-server[122711]: Object replication complete. (0.00 minutes)
Feb 20 08:21:04 np0005625200 object-server[199397]: Begin object audit "forever" mode (ZBF)
Feb 20 08:21:04 np0005625200 object-server[199398]: Begin object audit "forever" mode (ALL)
Feb 20 08:21:04 np0005625200 object-server[199397]: Object audit (ZBF) "forever" mode completed: 0.00s. Total quarantined: 0, Total errors: 0, Total files/sec: 0.00, Total bytes/sec: 0.00, Auditing time: 0.00, Rate: 0.00
Feb 20 08:21:04 np0005625200 object-server[199398]: Object audit (ALL) "forever" mode completed: 0.00s. Total quarantined: 0, Total errors: 0, Total files/sec: 0.00, Total bytes/sec: 0.00, Auditing time: 0.00, Rate: 0.00
Feb 20 08:21:06 np0005625200 account-server[121578]: Beginning replication run
Feb 20 08:21:06 np0005625200 account-server[121578]: Replication run OVER
Feb 20 08:21:06 np0005625200 account-server[121578]: Attempted to replicate 0 dbs in 0.00241 seconds (0.00000/s)
Feb 20 08:21:06 np0005625200 account-server[121578]: Removed 0 dbs
Feb 20 08:21:06 np0005625200 account-server[121578]: 0 successes, 0 failures
Feb 20 08:21:06 np0005625200 account-server[121578]: diff:0 diff_capped:0 empty:0 hashmatch:0 no_change:0 remote_merge:0 rsync:0 ts_repl:0
Feb 20 08:21:14 np0005625200 container-server[122106]: Beginning replication run
Feb 20 08:21:14 np0005625200 container-server[122106]: Replication run OVER
Feb 20 08:21:14 np0005625200 container-server[122106]: Attempted to replicate 0 dbs in 0.00081 seconds (0.00000/s)
Feb 20 08:21:14 np0005625200 container-server[122106]: Removed 0 dbs
Feb 20 08:21:14 np0005625200 container-server[122106]: 0 successes, 0 failures
Feb 20 08:21:14 np0005625200 container-server[122106]: diff:0 diff_capped:0 empty:0 hashmatch:0 no_change:0 remote_merge:0 rsync:0 ts_repl:0
Feb 20 08:21:33 np0005625200 object-server[122711]: Starting object replication pass.
Feb 20 08:21:33 np0005625200 object-server[122711]: Nothing replicated for 0.0026199817657470703 seconds.
Feb 20 08:21:33 np0005625200 object-server[122711]: Object replication complete. (0.00 minutes)
Feb 20 08:21:34 np0005625200 object-server[199399]: Begin object audit "forever" mode (ZBF)
Feb 20 08:21:34 np0005625200 object-server[199399]: Object audit (ZBF) "forever" mode completed: 0.00s. Total quarantined: 0, Total errors: 0, Total files/sec: 0.00, Total bytes/sec: 0.00, Auditing time: 0.00, Rate: 0.00
Feb 20 08:21:36 np0005625200 account-server[121578]: Beginning replication run
Feb 20 08:21:36 np0005625200 account-server[121578]: Replication run OVER
Feb 20 08:21:36 np0005625200 account-server[121578]: Attempted to replicate 0 dbs in 0.00206 seconds (0.00000/s)
Feb 20 08:21:36 np0005625200 account-server[121578]: Removed 0 dbs
Feb 20 08:21:36 np0005625200 account-server[121578]: 0 successes, 0 failures
Feb 20 08:21:36 np0005625200 account-server[121578]: diff:0 diff_capped:0 empty:0 hashmatch:0 no_change:0 remote_merge:0 rsync:0 ts_repl:0
Feb 20 08:21:44 np0005625200 container-server[122106]: Beginning replication run
Feb 20 08:21:44 np0005625200 container-server[122106]: Replication run OVER
Feb 20 08:21:44 np0005625200 container-server[122106]: Attempted to replicate 0 dbs in 0.00377 seconds (0.00000/s)
Feb 20 08:21:44 np0005625200 container-server[122106]: Removed 0 dbs
Feb 20 08:21:44 np0005625200 container-server[122106]: 0 successes, 0 failures
Feb 20 08:21:44 np0005625200 container-server[122106]: diff:0 diff_capped:0 empty:0 hashmatch:0 no_change:0 remote_merge:0 rsync:0 ts_repl:0
Feb 20 08:22:03 np0005625200 object-server[122711]: Starting object replication pass.
Feb 20 08:22:03 np0005625200 object-server[122711]: Nothing replicated for 0.00404667854309082 seconds.
Feb 20 08:22:03 np0005625200 object-server[122711]: Object replication complete. (0.00 minutes)
Feb 20 08:22:04 np0005625200 object-server[205268]: Begin object audit "forever" mode (ALL)
Feb 20 08:22:04 np0005625200 object-server[205267]: Begin object audit "forever" mode (ZBF)
Feb 20 08:22:04 np0005625200 object-server[205268]: Object audit (ALL) "forever" mode completed: 0.00s. Total quarantined: 0, Total errors: 0, Total files/sec: 0.00, Total bytes/sec: 0.00, Auditing time: 0.00, Rate: 0.00
Feb 20 08:22:04 np0005625200 object-server[205267]: Object audit (ZBF) "forever" mode completed: 0.00s. Total quarantined: 0, Total errors: 0, Total files/sec: 0.00, Total bytes/sec: 0.00, Auditing time: 0.00, Rate: 0.00
Feb 20 08:22:06 np0005625200 account-server[121578]: Beginning replication run
Feb 20 08:22:06 np0005625200 account-server[121578]: Replication run OVER
Feb 20 08:22:06 np0005625200 account-server[121578]: Attempted to replicate 0 dbs in 0.00199 seconds (0.00000/s)
Feb 20 08:22:06 np0005625200 account-server[121578]: Removed 0 dbs
Feb 20 08:22:06 np0005625200 account-server[121578]: 0 successes, 0 failures
Feb 20 08:22:06 np0005625200 account-server[121578]: diff:0 diff_capped:0 empty:0 hashmatch:0 no_change:0 remote_merge:0 rsync:0 ts_repl:0
Feb 20 08:22:14 np0005625200 container-server[122106]: Beginning replication run
Feb 20 08:22:14 np0005625200 container-server[122106]: Replication run OVER
Feb 20 08:22:14 np0005625200 container-server[122106]: Attempted to replicate 0 dbs in 0.00290 seconds (0.00000/s)
Feb 20 08:22:14 np0005625200 container-server[122106]: Removed 0 dbs
Feb 20 08:22:14 np0005625200 container-server[122106]: 0 successes, 0 failures
Feb 20 08:22:14 np0005625200 container-server[122106]: diff:0 diff_capped:0 empty:0 hashmatch:0 no_change:0 remote_merge:0 rsync:0 ts_repl:0
Feb 20 08:22:17 np0005625200 account-server[122399]: 172.20.0.104 - - [20/Feb/2026:08:22:17 +0000] "HEAD /d1/204/.expiring_objects" 404 - "HEAD http://localhost/v1/.expiring_objects?format=json" "tx050e58d051a44c2e85934-00699819b9" "proxy-server 2" 0.0010 "-" 20 -
Feb 20 08:22:17 np0005625200 object-expirer[122456]: Pass completed in 0s; 0 objects expired (txn: tx050e58d051a44c2e85934-00699819b9)
Feb 20 08:22:27 np0005625200 account-server[122402]: 172.20.0.103 - - [20/Feb/2026:08:22:27 +0000] "HEAD /d1/242/AUTH_f6685cdb0ff24cddaeb987c63c89eafb" 404 - "HEAD http://172.18.0.217:8080/v1/AUTH_f6685cdb0ff24cddaeb987c63c89eafb?format=json" "tx428735a8929f46a8bebb5-00699819c3" "proxy-server 12" 0.0008 "-" 21 -
Feb 20 08:22:28 np0005625200 object-server[123083]: 172.20.0.103 - - [20/Feb/2026:08:22:28 +0000] "GET /d1/857/AUTH_f6685cdb0ff24cddaeb987c63c89eafb/gnocchi.38a2efc0-7cf7-4915-9d05-4b2513fdc4b8/none_v3" 404 70 "GET http://172.18.0.217:8080/v1/AUTH_f6685cdb0ff24cddaeb987c63c89eafb/gnocchi.38a2efc0-7cf7-4915-9d05-4b2513fdc4b8/none_v3" "tx428735a8929f46a8bebb5-00699819c3" "proxy-server 12" 0.0009 "-" 22 0
Feb 20 08:22:28 np0005625200 account-server[122402]: 172.20.0.104 - - [20/Feb/2026:08:22:28 +0000] "PUT /d1/242/AUTH_f6685cdb0ff24cddaeb987c63c89eafb" 201 - "-" "tx085f55a410fb472291494-00699819c4" "-" 0.0130 "-" 21 -
Feb 20 08:22:28 np0005625200 proxy-server[124322]: autocreate account '/AUTH_f6685cdb0ff24cddaeb987c63c89eafb' (txn: tx085f55a410fb472291494-00699819c4)
Feb 20 08:22:28 np0005625200 account-server[122402]: 172.20.0.105 - - [20/Feb/2026:08:22:28 +0000] "PUT /d1/242/AUTH_f6685cdb0ff24cddaeb987c63c89eafb/gnocchi.38a2efc0-7cf7-4915-9d05-4b2513fdc4b8" 201 - "PUT http://172.20.0.105:6001/d1/154/AUTH_f6685cdb0ff24cddaeb987c63c89eafb/gnocchi.38a2efc0-7cf7-4915-9d05-4b2513fdc4b8" "tx085f55a410fb472291494-00699819c4" "container-server 20" 0.0021 "-" 21 0
Feb 20 08:22:28 np0005625200 container-server[122517]: 172.20.0.104 - - [20/Feb/2026:08:22:28 +0000] "PUT /d1/154/AUTH_f6685cdb0ff24cddaeb987c63c89eafb/gnocchi.38a2efc0-7cf7-4915-9d05-4b2513fdc4b8" 201 - "PUT http://172.18.0.217:8080/v1/AUTH_f6685cdb0ff24cddaeb987c63c89eafb/gnocchi.38a2efc0-7cf7-4915-9d05-4b2513fdc4b8" "tx085f55a410fb472291494-00699819c4" "proxy-server 20" 0.0219 "-" 19 0
Feb 20 08:22:28 np0005625200 proxy-server[124322]: 172.18.0.103 172.18.0.104 20/Feb/2026/08/22/28 PUT /v1/AUTH_f6685cdb0ff24cddaeb987c63c89eafb/gnocchi.38a2efc0-7cf7-4915-9d05-4b2513fdc4b8 HTTP/1.0 201 - python-swiftclient-3.11.1 gAAAAABpmBnDOlCd... - - - tx085f55a410fb472291494-00699819c4 - 0.0760 - - 1771575748.374266386 1771575748.450236559 0
Feb 20 08:22:28 np0005625200 object-server[123097]: 172.20.0.103 - - [20/Feb/2026:08:22:28 +0000] "GET /d1/198/AUTH_f6685cdb0ff24cddaeb987c63c89eafb/gnocchi.38a2efc0-7cf7-4915-9d05-4b2513fdc4b8/1771200000.0_mean_300.0_v3" 404 70 "GET http://172.18.0.217:8080/v1/AUTH_f6685cdb0ff24cddaeb987c63c89eafb/gnocchi.38a2efc0-7cf7-4915-9d05-4b2513fdc4b8/1771200000.0_mean_300.0_v3" "txd213a4b38e3d4a2f9384c-00699819c4" "proxy-server 12" 0.0015 "-" 24 0
Feb 20 08:22:28 np0005625200 container-server[122539]: 172.20.0.105 - - [20/Feb/2026:08:22:28 +0000] "PUT /d1/154/AUTH_f6685cdb0ff24cddaeb987c63c89eafb/gnocchi.38a2efc0-7cf7-4915-9d05-4b2513fdc4b8/1771200000.0_mean_300.0_v3" 201 - "PUT http://172.18.0.217:8080/d1/198/AUTH_f6685cdb0ff24cddaeb987c63c89eafb/gnocchi.38a2efc0-7cf7-4915-9d05-4b2513fdc4b8/1771200000.0_mean_300.0_v3" "txe77b5bfe91944fdf8e13e-00699819c4" "object-server 23" 0.0016 "-" 20 0
Feb 20 08:22:28 np0005625200 object-server[123088]: 172.20.0.104 - - [20/Feb/2026:08:22:28 +0000] "PUT /d1/198/AUTH_f6685cdb0ff24cddaeb987c63c89eafb/gnocchi.38a2efc0-7cf7-4915-9d05-4b2513fdc4b8/1771200000.0_mean_300.0_v3" 201 - "PUT http://172.18.0.217:8080/v1/AUTH_f6685cdb0ff24cddaeb987c63c89eafb/gnocchi.38a2efc0-7cf7-4915-9d05-4b2513fdc4b8/1771200000.0_mean_300.0_v3" "txe77b5bfe91944fdf8e13e-00699819c4" "proxy-server 20" 0.0385 "-" 23 0
Feb 20 08:22:28 np0005625200 proxy-server[124322]: 172.18.0.103 172.18.0.104 20/Feb/2026/08/22/28 PUT /v1/AUTH_f6685cdb0ff24cddaeb987c63c89eafb/gnocchi.38a2efc0-7cf7-4915-9d05-4b2513fdc4b8/1771200000.0_mean_300.0_v3 HTTP/1.0 201 - python-swiftclient-3.11.1 gAAAAABpmBnDOlCd... 16 - - txe77b5bfe91944fdf8e13e-00699819c4 - 0.0532 - - 1771575748.525054216 1771575748.578266144 0
Feb 20 08:22:28 np0005625200 container-server[122542]: 172.20.0.105 - - [20/Feb/2026:08:22:28 +0000] "PUT /d1/154/AUTH_f6685cdb0ff24cddaeb987c63c89eafb/gnocchi.38a2efc0-7cf7-4915-9d05-4b2513fdc4b8/none_v3" 201 - "PUT http://172.18.0.217:8080/d1/857/AUTH_f6685cdb0ff24cddaeb987c63c89eafb/gnocchi.38a2efc0-7cf7-4915-9d05-4b2513fdc4b8/none_v3" "txe3f26eb826f84e49bfca8-00699819c4" "object-server 22" 0.0009 "-" 22 0
Feb 20 08:22:28 np0005625200 object-server[123097]: 172.20.0.105 - - [20/Feb/2026:08:22:28 +0000] "PUT /d1/857/AUTH_f6685cdb0ff24cddaeb987c63c89eafb/gnocchi.38a2efc0-7cf7-4915-9d05-4b2513fdc4b8/none_v3" 201 - "PUT http://172.18.0.217:8080/v1/AUTH_f6685cdb0ff24cddaeb987c63c89eafb/gnocchi.38a2efc0-7cf7-4915-9d05-4b2513fdc4b8/none_v3" "txe3f26eb826f84e49bfca8-00699819c4" "proxy-server 20" 0.0387 "-" 24 0
Feb 20 08:22:29 np0005625200 account-server[122399]: 172.20.0.105 - - [20/Feb/2026:08:22:29 +0000] "HEAD /d1/204/.expiring_objects" 404 - "HEAD http://localhost/v1/.expiring_objects?format=json" "tx1a635b07cb8b49e096192-00699819c5" "proxy-server 2" 0.0007 "-" 20 -
Feb 20 08:22:33 np0005625200 object-server[122711]: Starting object replication pass.
Feb 20 08:22:33 np0005625200 object-server[122711]: 2/2 (100.00%) partitions replicated in 0.10s (19.82/sec, 0s remaining)
Feb 20 08:22:33 np0005625200 object-server[122711]: 4 successes, 0 failures
Feb 20 08:22:33 np0005625200 object-server[122711]: 2 suffixes checked - 100.00% hashed, 0.00% synced
Feb 20 08:22:33 np0005625200 object-server[122711]: Partition times: max 0.0553s, min 0.0427s, med 0.0553s
Feb 20 08:22:33 np0005625200 object-server[122711]: Object replication complete. (0.00 minutes)
Feb 20 08:22:34 np0005625200 object-server[208283]: Begin object audit "forever" mode (ZBF)
Feb 20 08:22:34 np0005625200 object-server[208284]: Begin object audit "forever" mode (ALL)
Feb 20 08:22:34 np0005625200 object-server[208283]: Object audit (ZBF). Since Fri Feb 20 08:22:34 2026: Locally: 1 passed, 0 quarantined, 0 errors, files/sec: 522.78, bytes/sec: 0.00, Total time: 0.00, Auditing time: 0.00, Rate: 0.00
Feb 20 08:22:34 np0005625200 object-server[208283]: Object audit (ZBF) "forever" mode completed: 0.00s. Total quarantined: 0, Total errors: 0, Total files/sec: 400.60, Total bytes/sec: 0.00, Auditing time: 0.00, Rate: 0.33
Feb 20 08:22:34 np0005625200 object-server[208284]: Object audit (ALL). Since Fri Feb 20 08:22:34 2026: Locally: 1 passed, 0 quarantined, 0 errors, files/sec: 115.48, bytes/sec: 1847.61, Total time: 0.01, Auditing time: 0.00, Rate: 0.00
Feb 20 08:22:34 np0005625200 object-server[208284]: Object audit (ALL) "forever" mode completed: 0.01s. Total quarantined: 0, Total errors: 0, Total files/sec: 164.95, Total bytes/sec: 3134.02, Auditing time: 0.01, Rate: 0.74
Feb 20 08:22:36 np0005625200 account-server[121578]: Beginning replication run
Feb 20 08:22:36 np0005625200 account-server[121578]: Replication run OVER
Feb 20 08:22:36 np0005625200 account-server[121578]: Attempted to replicate 1 dbs in 0.04870 seconds (20.53289/s)
Feb 20 08:22:36 np0005625200 account-server[121578]: Removed 0 dbs
Feb 20 08:22:36 np0005625200 account-server[121578]: 2 successes, 0 failures
Feb 20 08:22:36 np0005625200 account-server[121578]: diff:0 diff_capped:0 empty:0 hashmatch:0 no_change:2 remote_merge:0 rsync:0 ts_repl:0
Feb 20 08:22:44 np0005625200 container-server[122106]: Beginning replication run
Feb 20 08:22:44 np0005625200 container-server[122106]: Replication run OVER
Feb 20 08:22:44 np0005625200 container-server[122106]: Attempted to replicate 1 dbs in 0.03219 seconds (31.06974/s)
Feb 20 08:22:44 np0005625200 container-server[122106]: Removed 0 dbs
Feb 20 08:22:44 np0005625200 container-server[122106]: 2 successes, 0 failures
Feb 20 08:22:44 np0005625200 container-server[122106]: diff:0 diff_capped:0 empty:0 hashmatch:0 no_change:2 remote_merge:0 rsync:0 ts_repl:0
Feb 20 08:22:51 np0005625200 container-server[122246]: Begin container update sweep
Feb 20 08:22:51 np0005625200 account-server[122399]: 172.20.0.104 - - [20/Feb/2026:08:22:51 +0000] "PUT /d1/242/AUTH_f6685cdb0ff24cddaeb987c63c89eafb/gnocchi.38a2efc0-7cf7-4915-9d05-4b2513fdc4b8" 201 - "-" "-" "container-updater 2" 0.0010 "-" 20 0
Feb 20 08:22:51 np0005625200 container-server[122246]: Container update sweep completed: 0.10s
Feb 20 08:22:58 np0005625200 proxy-server[124322]: 172.18.0.105 172.18.0.104 20/Feb/2026/08/22/58 GET /v1/AUTH_f6685cdb0ff24cddaeb987c63c89eafb/gnocchi.38a2efc0-7cf7-4915-9d05-4b2513fdc4b8%3Fformat%3Djson%26states%3Dlisting HTTP/1.0 200 - python-swiftclient-3.11.1 gAAAAABpmBnhhvsV... - 357 - txbb558c801c0b48cba4526-00699819e2 - 0.0190 - - 1771575778.060930014 1771575778.079898834 0
Feb 20 08:22:58 np0005625200 container-server[122539]: 172.20.0.105 - - [20/Feb/2026:08:22:58 +0000] "PUT /d1/154/AUTH_f6685cdb0ff24cddaeb987c63c89eafb/gnocchi.38a2efc0-7cf7-4915-9d05-4b2513fdc4b8/1771200000.0_mean_300.0_v3" 201 - "PUT http://172.18.0.217:8080/d1/198/AUTH_f6685cdb0ff24cddaeb987c63c89eafb/gnocchi.38a2efc0-7cf7-4915-9d05-4b2513fdc4b8/1771200000.0_mean_300.0_v3" "tx7465bc9f471f4da6a7f8f-00699819e2" "object-server 22" 0.0009 "-" 20 0
Feb 20 08:22:58 np0005625200 object-server[123083]: 172.20.0.104 - - [20/Feb/2026:08:22:58 +0000] "PUT /d1/198/AUTH_f6685cdb0ff24cddaeb987c63c89eafb/gnocchi.38a2efc0-7cf7-4915-9d05-4b2513fdc4b8/1771200000.0_mean_300.0_v3" 201 - "PUT http://172.18.0.217:8080/v1/AUTH_f6685cdb0ff24cddaeb987c63c89eafb/gnocchi.38a2efc0-7cf7-4915-9d05-4b2513fdc4b8/1771200000.0_mean_300.0_v3" "tx7465bc9f471f4da6a7f8f-00699819e2" "proxy-server 20" 0.0305 "-" 22 0
Feb 20 08:22:58 np0005625200 proxy-server[124322]: 172.18.0.105 172.18.0.104 20/Feb/2026/08/22/58 PUT /v1/AUTH_f6685cdb0ff24cddaeb987c63c89eafb/gnocchi.38a2efc0-7cf7-4915-9d05-4b2513fdc4b8/1771200000.0_mean_300.0_v3 HTTP/1.0 201 - python-swiftclient-3.11.1 gAAAAABpmBnhhvsV... 16 - - tx7465bc9f471f4da6a7f8f-00699819e2 - 0.0423 - - 1771575778.129945993 1771575778.172237873 0
Feb 20 08:22:58 np0005625200 container-server[122539]: 172.20.0.104 - - [20/Feb/2026:08:22:58 +0000] "PUT /d1/154/AUTH_f6685cdb0ff24cddaeb987c63c89eafb/gnocchi.38a2efc0-7cf7-4915-9d05-4b2513fdc4b8/none_v3" 201 - "PUT http://172.18.0.217:8080/d1/857/AUTH_f6685cdb0ff24cddaeb987c63c89eafb/gnocchi.38a2efc0-7cf7-4915-9d05-4b2513fdc4b8/none_v3" "tx1ef73985c4c54b6eba66b-00699819e2" "object-server 22" 0.0006 "-" 20 0
Feb 20 08:22:58 np0005625200 object-server[123083]: 172.20.0.105 - - [20/Feb/2026:08:22:58 +0000] "PUT /d1/857/AUTH_f6685cdb0ff24cddaeb987c63c89eafb/gnocchi.38a2efc0-7cf7-4915-9d05-4b2513fdc4b8/none_v3" 201 - "PUT http://172.18.0.217:8080/v1/AUTH_f6685cdb0ff24cddaeb987c63c89eafb/gnocchi.38a2efc0-7cf7-4915-9d05-4b2513fdc4b8/none_v3" "tx1ef73985c4c54b6eba66b-00699819e2" "proxy-server 20" 0.0199 "-" 22 0
Feb 20 08:23:03 np0005625200 object-server[122711]: Starting object replication pass.
Feb 20 08:23:03 np0005625200 object-server[122711]: 2/2 (100.00%) partitions replicated in 0.06s (32.24/sec, 0s remaining)
Feb 20 08:23:03 np0005625200 object-server[122711]: 4 successes, 0 failures
Feb 20 08:23:03 np0005625200 object-server[122711]: 2 suffixes checked - 100.00% hashed, 0.00% synced
Feb 20 08:23:03 np0005625200 object-server[122711]: Partition times: max 0.0312s, min 0.0261s, med 0.0312s
Feb 20 08:23:03 np0005625200 object-server[122711]: Object replication complete. (0.00 minutes)
Feb 20 08:23:05 np0005625200 object-server[211210]: Begin object audit "forever" mode (ALL)
Feb 20 08:23:05 np0005625200 object-server[211209]: Begin object audit "forever" mode (ZBF)
Feb 20 08:23:05 np0005625200 object-server[211209]: Object audit (ZBF). Since Fri Feb 20 08:23:05 2026: Locally: 1 passed, 0 quarantined, 0 errors, files/sec: 492.75, bytes/sec: 0.00, Total time: 0.00, Auditing time: 0.00, Rate: 0.00
Feb 20 08:23:05 np0005625200 object-server[211209]: Object audit (ZBF) "forever" mode completed: 0.00s. Total quarantined: 0, Total errors: 0, Total files/sec: 420.38, Total bytes/sec: 0.00, Auditing time: 0.00, Rate: 0.32
Feb 20 08:23:05 np0005625200 object-server[211210]: Object audit (ALL). Since Fri Feb 20 08:23:05 2026: Locally: 1 passed, 0 quarantined, 0 errors, files/sec: 99.48, bytes/sec: 1591.73, Total time: 0.01, Auditing time: 0.00, Rate: 0.00
Feb 20 08:23:05 np0005625200 object-server[211210]: Object audit (ALL) "forever" mode completed: 0.01s. Total quarantined: 0, Total errors: 0, Total files/sec: 138.95, Total bytes/sec: 3334.77, Auditing time: 0.01, Rate: 0.70
Feb 20 08:23:06 np0005625200 account-server[121578]: Beginning replication run
Feb 20 08:23:06 np0005625200 account-server[121578]: Replication run OVER
Feb 20 08:23:06 np0005625200 account-server[121578]: Attempted to replicate 1 dbs in 0.03912 seconds (25.56171/s)
Feb 20 08:23:06 np0005625200 account-server[121578]: Removed 0 dbs
Feb 20 08:23:06 np0005625200 account-server[121578]: 2 successes, 0 failures
Feb 20 08:23:06 np0005625200 account-server[121578]: diff:0 diff_capped:0 empty:0 hashmatch:0 no_change:2 remote_merge:0 rsync:0 ts_repl:0
Feb 20 08:23:14 np0005625200 container-server[122106]: Beginning replication run
Feb 20 08:23:14 np0005625200 container-server[122106]: Replication run OVER
Feb 20 08:23:14 np0005625200 container-server[122106]: Attempted to replicate 1 dbs in 0.02890 seconds (34.60064/s)
Feb 20 08:23:14 np0005625200 container-server[122106]: Removed 0 dbs
Feb 20 08:23:14 np0005625200 container-server[122106]: 2 successes, 0 failures
Feb 20 08:23:14 np0005625200 container-server[122106]: diff:0 diff_capped:0 empty:0 hashmatch:0 no_change:2 remote_merge:0 rsync:0 ts_repl:0
Feb 20 08:23:28 np0005625200 account-server[122406]: 172.20.0.104 - - [20/Feb/2026:08:23:28 +0000] "HEAD /d1/242/AUTH_f6685cdb0ff24cddaeb987c63c89eafb" 204 - "HEAD http://172.18.0.217:8080/v1/AUTH_f6685cdb0ff24cddaeb987c63c89eafb?format=json" "txd7e379a96bc445848de8a-0069981a00" "proxy-server 20" 0.0030 "-" 22 -
Feb 20 08:23:28 np0005625200 account-server[122399]: 172.20.0.103 - - [20/Feb/2026:08:23:28 +0000] "HEAD /d1/242/AUTH_f6685cdb0ff24cddaeb987c63c89eafb" 204 - "HEAD http://172.18.0.217:8080/v1/AUTH_f6685cdb0ff24cddaeb987c63c89eafb?format=json" "tx0ed96ffff38e454c96dd2-0069981a00" "proxy-server 12" 0.0039 "-" 20 -
Feb 20 08:23:28 np0005625200 proxy-server[124322]: - - 20/Feb/2026/08/23/28 HEAD /v1/AUTH_f6685cdb0ff24cddaeb987c63c89eafb%3Fformat%3Djson HTTP/1.0 204 - Swift - - - - txd7e379a96bc445848de8a-0069981a00 - 0.0090 RL - 1771575808.660376310 1771575808.669361353 -
Feb 20 08:23:28 np0005625200 container-server[122517]: 172.20.0.103 - - [20/Feb/2026:08:23:28 +0000] "HEAD /d1/816/AUTH_f6685cdb0ff24cddaeb987c63c89eafb/gnocchi.9a9284df-76a6-44e1-9e43-ffa194ef2784" 404 - "HEAD http://172.18.0.217:8080/v1/AUTH_f6685cdb0ff24cddaeb987c63c89eafb/gnocchi.9a9284df-76a6-44e1-9e43-ffa194ef2784?format=json&states=listing" "tx0ed96ffff38e454c96dd2-0069981a00" "proxy-server 12" 0.0015 "-" 19 0
Feb 20 08:23:28 np0005625200 container-server[122545]: 172.20.0.104 - - [20/Feb/2026:08:23:28 +0000] "HEAD /d1/400/AUTH_f6685cdb0ff24cddaeb987c63c89eafb/gnocchi.afd0005f-ff17-40c4-ab95-86eda4ec1945" 404 - "HEAD http://172.18.0.217:8080/v1/AUTH_f6685cdb0ff24cddaeb987c63c89eafb/gnocchi.afd0005f-ff17-40c4-ab95-86eda4ec1945?format=json&states=listing" "txd7e379a96bc445848de8a-0069981a00" "proxy-server 20" 0.0016 "-" 23 0
Feb 20 08:23:28 np0005625200 object-server[123083]: 172.20.0.104 - - [20/Feb/2026:08:23:28 +0000] "GET /d1/366/AUTH_f6685cdb0ff24cddaeb987c63c89eafb/gnocchi.afd0005f-ff17-40c4-ab95-86eda4ec1945/none_v3" 404 70 "GET http://172.18.0.217:8080/v1/AUTH_f6685cdb0ff24cddaeb987c63c89eafb/gnocchi.afd0005f-ff17-40c4-ab95-86eda4ec1945/none_v3" "txd7e379a96bc445848de8a-0069981a00" "proxy-server 20" 0.0009 "-" 22 0
Feb 20 08:23:28 np0005625200 proxy-server[124322]: 172.18.0.103 172.18.0.104 20/Feb/2026/08/23/28 GET /v1/AUTH_f6685cdb0ff24cddaeb987c63c89eafb/gnocchi.afd0005f-ff17-40c4-ab95-86eda4ec1945/none_v3 HTTP/1.0 404 - python-swiftclient-3.11.1 gAAAAABpmBnDOlCd... - 70 - txd7e379a96bc445848de8a-0069981a00 - 0.0494 - - 1771575808.658991337 1771575808.708353758 0
Feb 20 08:23:28 np0005625200 object-server[123083]: 172.20.0.103 - - [20/Feb/2026:08:23:28 +0000] "GET /d1/681/AUTH_f6685cdb0ff24cddaeb987c63c89eafb/gnocchi.9a9284df-76a6-44e1-9e43-ffa194ef2784/none_v3" 404 70 "GET http://172.18.0.217:8080/v1/AUTH_f6685cdb0ff24cddaeb987c63c89eafb/gnocchi.9a9284df-76a6-44e1-9e43-ffa194ef2784/none_v3" "tx0ed96ffff38e454c96dd2-0069981a00" "proxy-server 12" 0.0005 "-" 22 0
Feb 20 08:23:28 np0005625200 container-server[122545]: 172.20.0.105 - - [20/Feb/2026:08:23:28 +0000] "PUT /d1/400/AUTH_f6685cdb0ff24cddaeb987c63c89eafb/gnocchi.afd0005f-ff17-40c4-ab95-86eda4ec1945" 201 - "PUT http://172.18.0.217:8080/v1/AUTH_f6685cdb0ff24cddaeb987c63c89eafb/gnocchi.afd0005f-ff17-40c4-ab95-86eda4ec1945" "tx710f6bb9d62a4574bb465-0069981a00" "proxy-server 20" 0.0206 "-" 23 0
Feb 20 08:23:28 np0005625200 account-server[122399]: 172.20.0.103 - - [20/Feb/2026:08:23:28 +0000] "PUT /d1/242/AUTH_f6685cdb0ff24cddaeb987c63c89eafb/gnocchi.9a9284df-76a6-44e1-9e43-ffa194ef2784" 201 - "PUT http://172.20.0.103:6001/d1/816/AUTH_f6685cdb0ff24cddaeb987c63c89eafb/gnocchi.9a9284df-76a6-44e1-9e43-ffa194ef2784" "tx2722ee554ffc417fb40d5-0069981a00" "container-server 20" 0.0028 "-" 20 0
Feb 20 08:23:28 np0005625200 container-server[122517]: 172.20.0.104 - - [20/Feb/2026:08:23:28 +0000] "PUT /d1/816/AUTH_f6685cdb0ff24cddaeb987c63c89eafb/gnocchi.9a9284df-76a6-44e1-9e43-ffa194ef2784" 201 - "PUT http://172.18.0.217:8080/v1/AUTH_f6685cdb0ff24cddaeb987c63c89eafb/gnocchi.9a9284df-76a6-44e1-9e43-ffa194ef2784" "tx2722ee554ffc417fb40d5-0069981a00" "proxy-server 20" 0.0225 "-" 19 0
Feb 20 08:23:28 np0005625200 account-server[122399]: 172.20.0.105 - - [20/Feb/2026:08:23:28 +0000] "PUT /d1/242/AUTH_f6685cdb0ff24cddaeb987c63c89eafb/gnocchi.afd0005f-ff17-40c4-ab95-86eda4ec1945" 201 - "PUT http://172.20.0.105:6001/d1/400/AUTH_f6685cdb0ff24cddaeb987c63c89eafb/gnocchi.afd0005f-ff17-40c4-ab95-86eda4ec1945" "tx710f6bb9d62a4574bb465-0069981a00" "container-server 22" 0.0074 "-" 20 0
Feb 20 08:23:28 np0005625200 proxy-server[124322]: 172.18.0.105 172.18.0.104 20/Feb/2026/08/23/28 PUT /v1/AUTH_f6685cdb0ff24cddaeb987c63c89eafb/gnocchi.9a9284df-76a6-44e1-9e43-ffa194ef2784 HTTP/1.0 201 - python-swiftclient-3.11.1 gAAAAABpmBnhhvsV... - - - tx2722ee554ffc417fb40d5-0069981a00 - 0.0463 - - 1771575808.720362663 1771575808.766700506 0
Feb 20 08:23:28 np0005625200 container-server[122517]: 172.20.0.104 - - [20/Feb/2026:08:23:28 +0000] "HEAD /d1/400/AUTH_f6685cdb0ff24cddaeb987c63c89eafb/gnocchi.afd0005f-ff17-40c4-ab95-86eda4ec1945" 204 - "HEAD http://172.18.0.217:8080/v1/AUTH_f6685cdb0ff24cddaeb987c63c89eafb/gnocchi.afd0005f-ff17-40c4-ab95-86eda4ec1945?format=json&states=listing" "tx94af899d60cb4f738b9f2-0069981a00" "proxy-server 20" 0.0030 "-" 19 0
Feb 20 08:23:28 np0005625200 proxy-server[124322]: - - 20/Feb/2026/08/23/28 HEAD /v1/AUTH_f6685cdb0ff24cddaeb987c63c89eafb/gnocchi.afd0005f-ff17-40c4-ab95-86eda4ec1945%3Fformat%3Djson%26states%3Dlisting HTTP/1.0 204 - Swift - - - - tx94af899d60cb4f738b9f2-0069981a00 - 0.0074 RL - 1771575808.777502298 1771575808.784902334 0
Feb 20 08:23:28 np0005625200 container-server[122545]: 172.20.0.104 - - [20/Feb/2026:08:23:28 +0000] "GET /d1/400/AUTH_f6685cdb0ff24cddaeb987c63c89eafb/gnocchi.afd0005f-ff17-40c4-ab95-86eda4ec1945" 200 2 "GET http://172.18.0.217:8080/v1/AUTH_f6685cdb0ff24cddaeb987c63c89eafb/gnocchi.afd0005f-ff17-40c4-ab95-86eda4ec1945?format=json&states=listing" "tx94af899d60cb4f738b9f2-0069981a00" "proxy-server 20" 0.0043 "-" 23 0
Feb 20 08:23:28 np0005625200 proxy-server[124322]: 172.18.0.103 172.18.0.104 20/Feb/2026/08/23/28 GET /v1/AUTH_f6685cdb0ff24cddaeb987c63c89eafb/gnocchi.afd0005f-ff17-40c4-ab95-86eda4ec1945%3Fformat%3Djson%26states%3Dlisting HTTP/1.0 200 - python-swiftclient-3.11.1 gAAAAABpmBnDOlCd... - 2 - tx94af899d60cb4f738b9f2-0069981a00 - 0.0201 - - 1771575808.775958061 1771575808.796047688 0
Feb 20 08:23:28 np0005625200 object-server[123088]: 172.20.0.104 - - [20/Feb/2026:08:23:28 +0000] "GET /d1/870/AUTH_f6685cdb0ff24cddaeb987c63c89eafb/gnocchi.9a9284df-76a6-44e1-9e43-ffa194ef2784/1771200000.0_mean_300.0_v3" 404 70 "GET http://172.18.0.217:8080/v1/AUTH_f6685cdb0ff24cddaeb987c63c89eafb/gnocchi.9a9284df-76a6-44e1-9e43-ffa194ef2784/1771200000.0_mean_300.0_v3" "txdfb2287b31d44584bccce-0069981a00" "proxy-server 20" 0.0007 "-" 23 0
Feb 20 08:23:28 np0005625200 proxy-server[124322]: 172.18.0.105 172.18.0.104 20/Feb/2026/08/23/28 GET /v1/AUTH_f6685cdb0ff24cddaeb987c63c89eafb/gnocchi.9a9284df-76a6-44e1-9e43-ffa194ef2784/1771200000.0_mean_300.0_v3 HTTP/1.0 404 - python-swiftclient-3.11.1 gAAAAABpmBnhhvsV... - 70 - txdfb2287b31d44584bccce-0069981a00 - 0.0167 - - 1771575808.801876307 1771575808.818587303 0
Feb 20 08:23:28 np0005625200 object-server[123088]: 172.20.0.105 - - [20/Feb/2026:08:23:28 +0000] "GET /d1/922/AUTH_f6685cdb0ff24cddaeb987c63c89eafb/gnocchi.afd0005f-ff17-40c4-ab95-86eda4ec1945/1771200000.0_mean_300.0_v3" 404 70 "GET http://172.18.0.217:8080/v1/AUTH_f6685cdb0ff24cddaeb987c63c89eafb/gnocchi.afd0005f-ff17-40c4-ab95-86eda4ec1945/1771200000.0_mean_300.0_v3" "txd8d4703b20a04125a96d9-0069981a00" "proxy-server 20" 0.0004 "-" 23 0
Feb 20 08:23:28 np0005625200 container-server[122517]: 172.20.0.104 - - [20/Feb/2026:08:23:28 +0000] "PUT /d1/816/AUTH_f6685cdb0ff24cddaeb987c63c89eafb/gnocchi.9a9284df-76a6-44e1-9e43-ffa194ef2784/1771200000.0_mean_300.0_v3" 201 - "PUT http://172.18.0.217:8080/d1/870/AUTH_f6685cdb0ff24cddaeb987c63c89eafb/gnocchi.9a9284df-76a6-44e1-9e43-ffa194ef2784/1771200000.0_mean_300.0_v3" "tx03750d6da47b42e79ca0d-0069981a00" "object-server 23" 0.0011 "-" 19 0
Feb 20 08:23:28 np0005625200 object-server[123088]: 172.20.0.103 - - [20/Feb/2026:08:23:28 +0000] "PUT /d1/870/AUTH_f6685cdb0ff24cddaeb987c63c89eafb/gnocchi.9a9284df-76a6-44e1-9e43-ffa194ef2784/1771200000.0_mean_300.0_v3" 201 - "PUT http://172.18.0.217:8080/v1/AUTH_f6685cdb0ff24cddaeb987c63c89eafb/gnocchi.9a9284df-76a6-44e1-9e43-ffa194ef2784/1771200000.0_mean_300.0_v3" "tx03750d6da47b42e79ca0d-0069981a00" "proxy-server 12" 0.0146 "-" 23 0
Feb 20 08:23:28 np0005625200 container-server[122545]: 172.20.0.103 - - [20/Feb/2026:08:23:28 +0000] "PUT /d1/400/AUTH_f6685cdb0ff24cddaeb987c63c89eafb/gnocchi.afd0005f-ff17-40c4-ab95-86eda4ec1945/1771200000.0_mean_300.0_v3" 201 - "PUT http://172.18.0.217:8080/d1/922/AUTH_f6685cdb0ff24cddaeb987c63c89eafb/gnocchi.afd0005f-ff17-40c4-ab95-86eda4ec1945/1771200000.0_mean_300.0_v3" "tx45b7f57db0aa4866998f4-0069981a00" "object-server 23" 0.0012 "-" 23 0
Feb 20 08:23:28 np0005625200 object-server[123111]: 172.20.0.104 - - [20/Feb/2026:08:23:28 +0000] "PUT /d1/922/AUTH_f6685cdb0ff24cddaeb987c63c89eafb/gnocchi.afd0005f-ff17-40c4-ab95-86eda4ec1945/1771200000.0_mean_300.0_v3" 201 - "PUT http://172.18.0.217:8080/v1/AUTH_f6685cdb0ff24cddaeb987c63c89eafb/gnocchi.afd0005f-ff17-40c4-ab95-86eda4ec1945/1771200000.0_mean_300.0_v3" "tx45b7f57db0aa4866998f4-0069981a00" "proxy-server 20" 0.0320 "-" 25 0
Feb 20 08:23:28 np0005625200 proxy-server[124322]: 172.18.0.103 172.18.0.104 20/Feb/2026/08/23/28 PUT /v1/AUTH_f6685cdb0ff24cddaeb987c63c89eafb/gnocchi.afd0005f-ff17-40c4-ab95-86eda4ec1945/1771200000.0_mean_300.0_v3 HTTP/1.0 201 - python-swiftclient-3.11.1 gAAAAABpmBnDOlCd... 16 - - tx45b7f57db0aa4866998f4-0069981a00 - 0.0613 - - 1771575808.829825163 1771575808.891111851 0
Feb 20 08:23:28 np0005625200 container-server[122542]: 172.20.0.104 - - [20/Feb/2026:08:23:28 +0000] "PUT /d1/816/AUTH_f6685cdb0ff24cddaeb987c63c89eafb/gnocchi.9a9284df-76a6-44e1-9e43-ffa194ef2784/none_v3" 201 - "PUT http://172.18.0.217:8080/d1/681/AUTH_f6685cdb0ff24cddaeb987c63c89eafb/gnocchi.9a9284df-76a6-44e1-9e43-ffa194ef2784/none_v3" "txf9a69517f3814ab187fbb-0069981a00" "object-server 25" 0.0005 "-" 22 0
Feb 20 08:23:28 np0005625200 object-server[123111]: 172.20.0.105 - - [20/Feb/2026:08:23:28 +0000] "PUT /d1/681/AUTH_f6685cdb0ff24cddaeb987c63c89eafb/gnocchi.9a9284df-76a6-44e1-9e43-ffa194ef2784/none_v3" 201 - "PUT http://172.18.0.217:8080/v1/AUTH_f6685cdb0ff24cddaeb987c63c89eafb/gnocchi.9a9284df-76a6-44e1-9e43-ffa194ef2784/none_v3" "txf9a69517f3814ab187fbb-0069981a00" "proxy-server 20" 0.0236 "-" 25 0
Feb 20 08:23:28 np0005625200 container-server[122517]: 172.20.0.104 - - [20/Feb/2026:08:23:28 +0000] "PUT /d1/400/AUTH_f6685cdb0ff24cddaeb987c63c89eafb/gnocchi.afd0005f-ff17-40c4-ab95-86eda4ec1945/none_v3" 201 - "PUT http://172.18.0.217:8080/d1/366/AUTH_f6685cdb0ff24cddaeb987c63c89eafb/gnocchi.afd0005f-ff17-40c4-ab95-86eda4ec1945/none_v3" "tx420ccd2bc6364465b7f42-0069981a00" "object-server 24" 0.0008 "-" 19 0
Feb 20 08:23:28 np0005625200 object-server[123097]: 172.20.0.103 - - [20/Feb/2026:08:23:28 +0000] "PUT /d1/366/AUTH_f6685cdb0ff24cddaeb987c63c89eafb/gnocchi.afd0005f-ff17-40c4-ab95-86eda4ec1945/none_v3" 201 - "PUT http://172.18.0.217:8080/v1/AUTH_f6685cdb0ff24cddaeb987c63c89eafb/gnocchi.afd0005f-ff17-40c4-ab95-86eda4ec1945/none_v3" "tx420ccd2bc6364465b7f42-0069981a00" "proxy-server 12" 0.0148 "-" 24 0
Feb 20 08:23:33 np0005625200 object-server[122711]: Starting object replication pass.
Feb 20 08:23:33 np0005625200 object-server[122711]: 6/6 (100.00%) partitions replicated in 0.20s (29.93/sec, 0s remaining)
Feb 20 08:23:33 np0005625200 object-server[122711]: 12 successes, 0 failures
Feb 20 08:23:33 np0005625200 object-server[122711]: 6 suffixes checked - 66.67% hashed, 0.00% synced
Feb 20 08:23:33 np0005625200 object-server[122711]: Partition times: max 0.0782s, min 0.0094s, med 0.0292s
Feb 20 08:23:33 np0005625200 object-server[122711]: Object replication complete. (0.00 minutes)
Feb 20 08:23:35 np0005625200 object-server[211244]: Begin object audit "forever" mode (ZBF)
Feb 20 08:23:35 np0005625200 object-server[211244]: Object audit (ZBF). Since Fri Feb 20 08:23:35 2026: Locally: 1 passed, 0 quarantined, 0 errors, files/sec: 559.91, bytes/sec: 0.00, Total time: 0.00, Auditing time: 0.00, Rate: 0.00
Feb 20 08:23:35 np0005625200 object-server[211244]: Object audit (ZBF) "forever" mode completed: 0.08s. Total quarantined: 0, Total errors: 0, Total files/sec: 71.48, Total bytes/sec: 0.00, Auditing time: 0.08, Rate: 0.94
Feb 20 08:23:36 np0005625200 account-server[121578]: Beginning replication run
Feb 20 08:23:36 np0005625200 account-server[121578]: Replication run OVER
Feb 20 08:23:36 np0005625200 account-server[121578]: Attempted to replicate 1 dbs in 0.03550 seconds (28.17211/s)
Feb 20 08:23:36 np0005625200 account-server[121578]: Removed 0 dbs
Feb 20 08:23:36 np0005625200 account-server[121578]: 2 successes, 0 failures
Feb 20 08:23:36 np0005625200 account-server[121578]: diff:0 diff_capped:0 empty:0 hashmatch:0 no_change:2 remote_merge:0 rsync:0 ts_repl:0
Feb 20 08:23:37 np0005625200 account-server[122399]: 172.20.0.103 - - [20/Feb/2026:08:23:37 +0000] "PUT /d1/242/AUTH_f6685cdb0ff24cddaeb987c63c89eafb/gnocchi.38a2efc0-7cf7-4915-9d05-4b2513fdc4b8" 201 - "-" "-" "container-updater 2" 0.0012 "-" 20 0
Feb 20 08:23:37 np0005625200 account-server[122399]: 172.20.0.103 - - [20/Feb/2026:08:23:37 +0000] "PUT /d1/242/AUTH_f6685cdb0ff24cddaeb987c63c89eafb/gnocchi.9a9284df-76a6-44e1-9e43-ffa194ef2784" 201 - "-" "-" "container-updater 2" 0.0006 "-" 20 0
Feb 20 08:23:37 np0005625200 account-server[122406]: 172.20.0.103 - - [20/Feb/2026:08:23:37 +0000] "PUT /d1/242/AUTH_f6685cdb0ff24cddaeb987c63c89eafb/gnocchi.afd0005f-ff17-40c4-ab95-86eda4ec1945" 201 - "-" "-" "container-updater 2" 0.0011 "-" 22 0
Feb 20 08:23:37 np0005625200 container-server[122517]: 172.20.0.104 - - [20/Feb/2026:08:23:37 +0000] "HEAD /d1/397/AUTH_f6685cdb0ff24cddaeb987c63c89eafb/gnocchi.2af31e73-cd75-4e32-a2de-74f69abce527" 404 - "HEAD http://172.18.0.217:8080/v1/AUTH_f6685cdb0ff24cddaeb987c63c89eafb/gnocchi.2af31e73-cd75-4e32-a2de-74f69abce527?format=json&states=listing" "tx25dbb8aa303b4e30a5b59-0069981a09" "proxy-server 20" 0.0004 "-" 19 0
Feb 20 08:23:37 np0005625200 container-server[122542]: 172.20.0.105 - - [20/Feb/2026:08:23:37 +0000] "HEAD /d1/215/AUTH_f6685cdb0ff24cddaeb987c63c89eafb/gnocchi.e2269eba-6c45-4b8c-9e2c-18628a3fcf43" 404 - "HEAD http://172.18.0.217:8080/v1/AUTH_f6685cdb0ff24cddaeb987c63c89eafb/gnocchi.e2269eba-6c45-4b8c-9e2c-18628a3fcf43?format=json&states=listing" "txbc627896883a47b193eb9-0069981a09" "proxy-server 20" 0.0010 "-" 22 0
Feb 20 08:23:37 np0005625200 object-server[123083]: 172.20.0.104 - - [20/Feb/2026:08:23:37 +0000] "GET /d1/893/AUTH_f6685cdb0ff24cddaeb987c63c89eafb/gnocchi.2af31e73-cd75-4e32-a2de-74f69abce527/none_v3" 404 70 "GET http://172.18.0.217:8080/v1/AUTH_f6685cdb0ff24cddaeb987c63c89eafb/gnocchi.2af31e73-cd75-4e32-a2de-74f69abce527/none_v3" "tx25dbb8aa303b4e30a5b59-0069981a09" "proxy-server 20" 0.0008 "-" 22 0
Feb 20 08:23:37 np0005625200 proxy-server[124322]: 172.18.0.103 172.18.0.104 20/Feb/2026/08/23/37 GET /v1/AUTH_f6685cdb0ff24cddaeb987c63c89eafb/gnocchi.2af31e73-cd75-4e32-a2de-74f69abce527/none_v3 HTTP/1.0 404 - python-swiftclient-3.11.1 gAAAAABpmBnDOlCd... - 70 - tx25dbb8aa303b4e30a5b59-0069981a09 - 0.0386 - - 1771575817.755395651 1771575817.794019938 0
Feb 20 08:23:37 np0005625200 object-server[123097]: 172.20.0.105 - - [20/Feb/2026:08:23:37 +0000] "GET /d1/217/AUTH_f6685cdb0ff24cddaeb987c63c89eafb/gnocchi.e2269eba-6c45-4b8c-9e2c-18628a3fcf43/none_v3" 404 70 "GET http://172.18.0.217:8080/v1/AUTH_f6685cdb0ff24cddaeb987c63c89eafb/gnocchi.e2269eba-6c45-4b8c-9e2c-18628a3fcf43/none_v3" "txbc627896883a47b193eb9-0069981a09" "proxy-server 20" 0.0003 "-" 24 0
Feb 20 08:23:37 np0005625200 account-server[122402]: 172.20.0.105 - - [20/Feb/2026:08:23:37 +0000] "PUT /d1/242/AUTH_f6685cdb0ff24cddaeb987c63c89eafb/gnocchi.2af31e73-cd75-4e32-a2de-74f69abce527" 201 - "PUT http://172.20.0.105:6001/d1/397/AUTH_f6685cdb0ff24cddaeb987c63c89eafb/gnocchi.2af31e73-cd75-4e32-a2de-74f69abce527" "tx8705589750f44d5c9f3d0-0069981a09" "container-server 22" 0.0084 "-" 21 0
Feb 20 08:23:37 np0005625200 account-server[122402]: 172.20.0.103 - - [20/Feb/2026:08:23:37 +0000] "PUT /d1/242/AUTH_f6685cdb0ff24cddaeb987c63c89eafb/gnocchi.e2269eba-6c45-4b8c-9e2c-18628a3fcf43" 201 - "PUT http://172.20.0.103:6001/d1/215/AUTH_f6685cdb0ff24cddaeb987c63c89eafb/gnocchi.e2269eba-6c45-4b8c-9e2c-18628a3fcf43" "txd72eda380f6345a889b79-0069981a09" "container-server 23" 0.0071 "-" 21 0
Feb 20 08:23:37 np0005625200 container-server[122539]: 172.20.0.103 - - [20/Feb/2026:08:23:37 +0000] "PUT /d1/397/AUTH_f6685cdb0ff24cddaeb987c63c89eafb/gnocchi.2af31e73-cd75-4e32-a2de-74f69abce527" 201 - "PUT http://172.18.0.217:8080/v1/AUTH_f6685cdb0ff24cddaeb987c63c89eafb/gnocchi.2af31e73-cd75-4e32-a2de-74f69abce527" "tx8705589750f44d5c9f3d0-0069981a09" "proxy-server 12" 0.0369 "-" 20 0
Feb 20 08:23:37 np0005625200 container-server[122517]: 172.20.0.104 - - [20/Feb/2026:08:23:37 +0000] "PUT /d1/215/AUTH_f6685cdb0ff24cddaeb987c63c89eafb/gnocchi.e2269eba-6c45-4b8c-9e2c-18628a3fcf43" 201 - "PUT http://172.18.0.217:8080/v1/AUTH_f6685cdb0ff24cddaeb987c63c89eafb/gnocchi.e2269eba-6c45-4b8c-9e2c-18628a3fcf43" "txd72eda380f6345a889b79-0069981a09" "proxy-server 20" 0.0358 "-" 19 0
Feb 20 08:23:37 np0005625200 proxy-server[124322]: 172.18.0.105 172.18.0.104 20/Feb/2026/08/23/37 PUT /v1/AUTH_f6685cdb0ff24cddaeb987c63c89eafb/gnocchi.e2269eba-6c45-4b8c-9e2c-18628a3fcf43 HTTP/1.0 201 - python-swiftclient-3.11.1 gAAAAABpmBnhhvsV... - - - txd72eda380f6345a889b79-0069981a09 - 0.0442 - - 1771575817.806259394 1771575817.850417614 0
Feb 20 08:23:37 np0005625200 container-server[122542]: 172.20.0.103 - - [20/Feb/2026:08:23:37 +0000] "HEAD /d1/215/AUTH_f6685cdb0ff24cddaeb987c63c89eafb/gnocchi.e2269eba-6c45-4b8c-9e2c-18628a3fcf43" 204 - "HEAD http://172.18.0.217:8080/v1/AUTH_f6685cdb0ff24cddaeb987c63c89eafb/gnocchi.e2269eba-6c45-4b8c-9e2c-18628a3fcf43?format=json&states=listing" "tx4fee54a63591476db178c-0069981a09" "proxy-server 12" 0.0014 "-" 22 0
Feb 20 08:23:37 np0005625200 container-server[122542]: 172.20.0.103 - - [20/Feb/2026:08:23:37 +0000] "GET /d1/215/AUTH_f6685cdb0ff24cddaeb987c63c89eafb/gnocchi.e2269eba-6c45-4b8c-9e2c-18628a3fcf43" 200 2 "GET http://172.18.0.217:8080/v1/AUTH_f6685cdb0ff24cddaeb987c63c89eafb/gnocchi.e2269eba-6c45-4b8c-9e2c-18628a3fcf43?format=json&states=listing" "tx4fee54a63591476db178c-0069981a09" "proxy-server 12" 0.0021 "-" 22 0
Feb 20 08:23:37 np0005625200 object-server[123083]: 172.20.0.103 - - [20/Feb/2026:08:23:37 +0000] "GET /d1/230/AUTH_f6685cdb0ff24cddaeb987c63c89eafb/gnocchi.2af31e73-cd75-4e32-a2de-74f69abce527/1771200000.0_mean_300.0_v3" 404 70 "GET http://172.18.0.217:8080/v1/AUTH_f6685cdb0ff24cddaeb987c63c89eafb/gnocchi.2af31e73-cd75-4e32-a2de-74f69abce527/1771200000.0_mean_300.0_v3" "tx2e7654fecb65483caad25-0069981a09" "proxy-server 12" 0.0005 "-" 22 0
Feb 20 08:23:37 np0005625200 object-server[123097]: 172.20.0.104 - - [20/Feb/2026:08:23:37 +0000] "GET /d1/907/AUTH_f6685cdb0ff24cddaeb987c63c89eafb/gnocchi.e2269eba-6c45-4b8c-9e2c-18628a3fcf43/1771200000.0_mean_300.0_v3" 404 70 "GET http://172.18.0.217:8080/v1/AUTH_f6685cdb0ff24cddaeb987c63c89eafb/gnocchi.e2269eba-6c45-4b8c-9e2c-18628a3fcf43/1771200000.0_mean_300.0_v3" "txa72561a921b4480eabd9f-0069981a09" "proxy-server 20" 0.0003 "-" 24 0
Feb 20 08:23:37 np0005625200 proxy-server[124322]: 172.18.0.105 172.18.0.104 20/Feb/2026/08/23/37 GET /v1/AUTH_f6685cdb0ff24cddaeb987c63c89eafb/gnocchi.e2269eba-6c45-4b8c-9e2c-18628a3fcf43/1771200000.0_mean_300.0_v3 HTTP/1.0 404 - python-swiftclient-3.11.1 gAAAAABpmBnhhvsV... - 70 - txa72561a921b4480eabd9f-0069981a09 - 0.0132 - - 1771575817.883961678 1771575817.897209167 0
Feb 20 08:23:37 np0005625200 container-server[122542]: 172.20.0.103 - - [20/Feb/2026:08:23:37 +0000] "PUT /d1/397/AUTH_f6685cdb0ff24cddaeb987c63c89eafb/gnocchi.2af31e73-cd75-4e32-a2de-74f69abce527/1771200000.0_mean_300.0_v3" 201 - "PUT http://172.18.0.217:8080/d1/230/AUTH_f6685cdb0ff24cddaeb987c63c89eafb/gnocchi.2af31e73-cd75-4e32-a2de-74f69abce527/1771200000.0_mean_300.0_v3" "tx10f33a6aff3c4922bb518-0069981a09" "object-server 22" 0.0011 "-" 22 0
Feb 20 08:23:37 np0005625200 object-server[123111]: 172.20.0.104 - - [20/Feb/2026:08:23:37 +0000] "PUT /d1/230/AUTH_f6685cdb0ff24cddaeb987c63c89eafb/gnocchi.2af31e73-cd75-4e32-a2de-74f69abce527/1771200000.0_mean_300.0_v3" 201 - "PUT http://172.18.0.217:8080/v1/AUTH_f6685cdb0ff24cddaeb987c63c89eafb/gnocchi.2af31e73-cd75-4e32-a2de-74f69abce527/1771200000.0_mean_300.0_v3" "tx10f33a6aff3c4922bb518-0069981a09" "proxy-server 20" 0.0144 "-" 25 0
Feb 20 08:23:37 np0005625200 container-server[122542]: 172.20.0.104 - - [20/Feb/2026:08:23:37 +0000] "PUT /d1/215/AUTH_f6685cdb0ff24cddaeb987c63c89eafb/gnocchi.e2269eba-6c45-4b8c-9e2c-18628a3fcf43/1771200000.0_mean_300.0_v3" 201 - "PUT http://172.18.0.217:8080/d1/907/AUTH_f6685cdb0ff24cddaeb987c63c89eafb/gnocchi.e2269eba-6c45-4b8c-9e2c-18628a3fcf43/1771200000.0_mean_300.0_v3" "tx1ca479dadefd4e39a8a8c-0069981a09" "object-server 22" 0.0007 "-" 22 0
Feb 20 08:23:37 np0005625200 proxy-server[124322]: 172.18.0.103 172.18.0.104 20/Feb/2026/08/23/37 PUT /v1/AUTH_f6685cdb0ff24cddaeb987c63c89eafb/gnocchi.2af31e73-cd75-4e32-a2de-74f69abce527/1771200000.0_mean_300.0_v3 HTTP/1.0 201 - python-swiftclient-3.11.1 gAAAAABpmBnDOlCd... 16 - - tx10f33a6aff3c4922bb518-0069981a09 - 0.0237 - - 1771575817.905781507 1771575817.929444551 0
Feb 20 08:23:37 np0005625200 object-server[123083]: 172.20.0.105 - - [20/Feb/2026:08:23:37 +0000] "PUT /d1/907/AUTH_f6685cdb0ff24cddaeb987c63c89eafb/gnocchi.e2269eba-6c45-4b8c-9e2c-18628a3fcf43/1771200000.0_mean_300.0_v3" 201 - "PUT http://172.18.0.217:8080/v1/AUTH_f6685cdb0ff24cddaeb987c63c89eafb/gnocchi.e2269eba-6c45-4b8c-9e2c-18628a3fcf43/1771200000.0_mean_300.0_v3" "tx1ca479dadefd4e39a8a8c-0069981a09" "proxy-server 20" 0.0232 "-" 22 0
Feb 20 08:23:37 np0005625200 container-server[122539]: 172.20.0.104 - - [20/Feb/2026:08:23:37 +0000] "PUT /d1/397/AUTH_f6685cdb0ff24cddaeb987c63c89eafb/gnocchi.2af31e73-cd75-4e32-a2de-74f69abce527/none_v3" 201 - "PUT http://172.18.0.217:8080/d1/893/AUTH_f6685cdb0ff24cddaeb987c63c89eafb/gnocchi.2af31e73-cd75-4e32-a2de-74f69abce527/none_v3" "tx6c09b2044bde403692bae-0069981a09" "object-server 22" 0.0006 "-" 20 0
Feb 20 08:23:37 np0005625200 object-server[123083]: 172.20.0.103 - - [20/Feb/2026:08:23:37 +0000] "PUT /d1/893/AUTH_f6685cdb0ff24cddaeb987c63c89eafb/gnocchi.2af31e73-cd75-4e32-a2de-74f69abce527/none_v3" 201 - "PUT http://172.18.0.217:8080/v1/AUTH_f6685cdb0ff24cddaeb987c63c89eafb/gnocchi.2af31e73-cd75-4e32-a2de-74f69abce527/none_v3" "tx6c09b2044bde403692bae-0069981a09" "proxy-server 12" 0.0149 "-" 22 0
Feb 20 08:23:37 np0005625200 container-server[122539]: 172.20.0.105 - - [20/Feb/2026:08:23:37 +0000] "PUT /d1/215/AUTH_f6685cdb0ff24cddaeb987c63c89eafb/gnocchi.e2269eba-6c45-4b8c-9e2c-18628a3fcf43/none_v3" 201 - "PUT http://172.18.0.217:8080/d1/217/AUTH_f6685cdb0ff24cddaeb987c63c89eafb/gnocchi.e2269eba-6c45-4b8c-9e2c-18628a3fcf43/none_v3" "txab3b5d16825344bfa681e-0069981a09" "object-server 24" 0.0005 "-" 20 0
Feb 20 08:23:37 np0005625200 object-server[123097]: 172.20.0.104 - - [20/Feb/2026:08:23:37 +0000] "PUT /d1/217/AUTH_f6685cdb0ff24cddaeb987c63c89eafb/gnocchi.e2269eba-6c45-4b8c-9e2c-18628a3fcf43/none_v3" 201 - "PUT http://172.18.0.217:8080/v1/AUTH_f6685cdb0ff24cddaeb987c63c89eafb/gnocchi.e2269eba-6c45-4b8c-9e2c-18628a3fcf43/none_v3" "txab3b5d16825344bfa681e-0069981a09" "proxy-server 20" 0.0209 "-" 24 0
Feb 20 08:23:37 np0005625200 proxy-server[124322]: 172.18.0.105 172.18.0.104 20/Feb/2026/08/23/37 PUT /v1/AUTH_f6685cdb0ff24cddaeb987c63c89eafb/gnocchi.e2269eba-6c45-4b8c-9e2c-18628a3fcf43/none_v3 HTTP/1.0 201 - python-swiftclient-3.11.1 gAAAAABpmBnhhvsV... 22 - - txab3b5d16825344bfa681e-0069981a09 - 0.0370 - - 1771575817.945839167 1771575817.982817888 0
Feb 20 08:23:37 np0005625200 container-server[122539]: 172.20.0.105 - - [20/Feb/2026:08:23:37 +0000] "HEAD /d1/750/AUTH_f6685cdb0ff24cddaeb987c63c89eafb/gnocchi.c6a02827-5377-445d-9a77-7508ae5c16f8" 404 - "HEAD http://172.18.0.217:8080/v1/AUTH_f6685cdb0ff24cddaeb987c63c89eafb/gnocchi.c6a02827-5377-445d-9a77-7508ae5c16f8?format=json&states=listing" "txcd0887673fe548a0ae656-0069981a09" "proxy-server 20" 0.0008 "-" 20 0
Feb 20 08:23:37 np0005625200 object-server[123111]: 172.20.0.105 - - [20/Feb/2026:08:23:37 +0000] "GET /d1/642/AUTH_f6685cdb0ff24cddaeb987c63c89eafb/gnocchi.c6a02827-5377-445d-9a77-7508ae5c16f8/none_v3" 404 70 "GET http://172.18.0.217:8080/v1/AUTH_f6685cdb0ff24cddaeb987c63c89eafb/gnocchi.c6a02827-5377-445d-9a77-7508ae5c16f8/none_v3" "txcd0887673fe548a0ae656-0069981a09" "proxy-server 20" 0.0004 "-" 25 0
Feb 20 08:23:38 np0005625200 container-server[122517]: 172.20.0.103 - - [20/Feb/2026:08:23:38 +0000] "HEAD /d1/565/AUTH_f6685cdb0ff24cddaeb987c63c89eafb/gnocchi.7feaaf5b-6612-4206-8816-45b85e59eb15" 404 - "HEAD http://172.18.0.217:8080/v1/AUTH_f6685cdb0ff24cddaeb987c63c89eafb/gnocchi.7feaaf5b-6612-4206-8816-45b85e59eb15?format=json&states=listing" "txac80a9f0260e4c8d97f90-0069981a0a" "proxy-server 12" 0.0006 "-" 19 0
Feb 20 08:23:38 np0005625200 container-server[122545]: 172.20.0.104 - - [20/Feb/2026:08:23:38 +0000] "PUT /d1/750/AUTH_f6685cdb0ff24cddaeb987c63c89eafb/gnocchi.c6a02827-5377-445d-9a77-7508ae5c16f8" 201 - "PUT http://172.18.0.217:8080/v1/AUTH_f6685cdb0ff24cddaeb987c63c89eafb/gnocchi.c6a02827-5377-445d-9a77-7508ae5c16f8" "txd2288bcaad924e52859e0-0069981a0a" "proxy-server 20" 0.0147 "-" 23 0
Feb 20 08:23:38 np0005625200 account-server[122412]: 172.20.0.105 - - [20/Feb/2026:08:23:38 +0000] "PUT /d1/242/AUTH_f6685cdb0ff24cddaeb987c63c89eafb/gnocchi.c6a02827-5377-445d-9a77-7508ae5c16f8" 201 - "PUT http://172.20.0.105:6001/d1/750/AUTH_f6685cdb0ff24cddaeb987c63c89eafb/gnocchi.c6a02827-5377-445d-9a77-7508ae5c16f8" "txd2288bcaad924e52859e0-0069981a0a" "container-server 21" 0.0085 "-" 23 0
Feb 20 08:23:38 np0005625200 object-server[123088]: 172.20.0.103 - - [20/Feb/2026:08:23:38 +0000] "GET /d1/669/AUTH_f6685cdb0ff24cddaeb987c63c89eafb/gnocchi.7feaaf5b-6612-4206-8816-45b85e59eb15/none_v3" 404 70 "GET http://172.18.0.217:8080/v1/AUTH_f6685cdb0ff24cddaeb987c63c89eafb/gnocchi.7feaaf5b-6612-4206-8816-45b85e59eb15/none_v3" "txac80a9f0260e4c8d97f90-0069981a0a" "proxy-server 12" 0.0004 "-" 23 0
Feb 20 08:23:38 np0005625200 proxy-server[124322]: 172.18.0.103 172.18.0.104 20/Feb/2026/08/23/38 PUT /v1/AUTH_f6685cdb0ff24cddaeb987c63c89eafb/gnocchi.c6a02827-5377-445d-9a77-7508ae5c16f8 HTTP/1.0 201 - python-swiftclient-3.11.1 gAAAAABpmBnDOlCd... - - - txd2288bcaad924e52859e0-0069981a0a - 0.0388 - - 1771575818.007379770 1771575818.046161413 0
Feb 20 08:23:38 np0005625200 container-server[122539]: 172.20.0.103 - - [20/Feb/2026:08:23:38 +0000] "HEAD /d1/750/AUTH_f6685cdb0ff24cddaeb987c63c89eafb/gnocchi.c6a02827-5377-445d-9a77-7508ae5c16f8" 204 - "HEAD http://172.18.0.217:8080/v1/AUTH_f6685cdb0ff24cddaeb987c63c89eafb/gnocchi.c6a02827-5377-445d-9a77-7508ae5c16f8?format=json&states=listing" "tx2d28c4f3bdc54cf6860e3-0069981a0a" "proxy-server 12" 0.0017 "-" 20 0
Feb 20 08:23:38 np0005625200 container-server[122517]: 172.20.0.103 - - [20/Feb/2026:08:23:38 +0000] "GET /d1/750/AUTH_f6685cdb0ff24cddaeb987c63c89eafb/gnocchi.c6a02827-5377-445d-9a77-7508ae5c16f8" 200 2 "GET http://172.18.0.217:8080/v1/AUTH_f6685cdb0ff24cddaeb987c63c89eafb/gnocchi.c6a02827-5377-445d-9a77-7508ae5c16f8?format=json&states=listing" "tx2d28c4f3bdc54cf6860e3-0069981a0a" "proxy-server 12" 0.0051 "-" 19 0
Feb 20 08:23:38 np0005625200 account-server[122406]: 172.20.0.105 - - [20/Feb/2026:08:23:38 +0000] "PUT /d1/242/AUTH_f6685cdb0ff24cddaeb987c63c89eafb/gnocchi.7feaaf5b-6612-4206-8816-45b85e59eb15" 201 - "PUT http://172.20.0.105:6001/d1/565/AUTH_f6685cdb0ff24cddaeb987c63c89eafb/gnocchi.7feaaf5b-6612-4206-8816-45b85e59eb15" "tx0dff66c53f5d4997b4b43-0069981a0a" "container-server 21" 0.0074 "-" 22 0
Feb 20 08:23:38 np0005625200 container-server[122517]: 172.20.0.105 - - [20/Feb/2026:08:23:38 +0000] "PUT /d1/565/AUTH_f6685cdb0ff24cddaeb987c63c89eafb/gnocchi.7feaaf5b-6612-4206-8816-45b85e59eb15" 201 - "PUT http://172.18.0.217:8080/v1/AUTH_f6685cdb0ff24cddaeb987c63c89eafb/gnocchi.7feaaf5b-6612-4206-8816-45b85e59eb15" "tx0dff66c53f5d4997b4b43-0069981a0a" "proxy-server 20" 0.0194 "-" 19 0
