Feb 20 08:25:08 np0005625200 object-server[123111]: 172.20.0.104 - - [20/Feb/2026:08:25:08 +0000] "PUT /d1/535/AUTH_f6685cdb0ff24cddaeb987c63c89eafb/gnocchi.02ed205e-8f27-4049-8c8e-06bd6d6fe2ee/none_v3" 201 - "PUT http://172.18.0.217:8080/v1/AUTH_f6685cdb0ff24cddaeb987c63c89eafb/gnocchi.02ed205e-8f27-4049-8c8e-06bd6d6fe2ee/none_v3" "tx4abb1c17638d484f964fb-0069981a64" "proxy-server 20" 0.0128 "-" 25 0
Feb 20 08:25:08 np0005625200 proxy-server[124322]: 172.18.0.217 172.18.0.104 20/Feb/2026/08/25/08 PUT /v1/AUTH_f6685cdb0ff24cddaeb987c63c89eafb/gnocchi.02ed205e-8f27-4049-8c8e-06bd6d6fe2ee/none_v3 HTTP/1.0 201 - python-swiftclient-3.11.1 gAAAAABpmBoK5Al1... 22 - - tx4abb1c17638d484f964fb-0069981a64 - 0.0224 - - 1771575908.836067915 1771575908.858446121 0
Feb 20 08:25:08 np0005625200 container-server[122545]: 172.20.0.103 - - [20/Feb/2026:08:25:08 +0000] "HEAD /d1/416/AUTH_f6685cdb0ff24cddaeb987c63c89eafb/gnocchi.41b982b7-c301-4140-8ada-e4cc49faf038" 404 - "HEAD http://172.18.0.217:8080/v1/AUTH_f6685cdb0ff24cddaeb987c63c89eafb/gnocchi.41b982b7-c301-4140-8ada-e4cc49faf038?format=json&states=listing" "tx996fc1382c4c4470bef78-0069981a64" "proxy-server 12" 0.0007 "-" 23 0
Feb 20 08:25:08 np0005625200 container-server[122542]: 172.20.0.105 - - [20/Feb/2026:08:25:08 +0000] "HEAD /d1/49/AUTH_f6685cdb0ff24cddaeb987c63c89eafb/gnocchi.d8f39d30-d995-437e-9b34-0ff4c23179a2" 404 - "HEAD http://172.18.0.217:8080/v1/AUTH_f6685cdb0ff24cddaeb987c63c89eafb/gnocchi.d8f39d30-d995-437e-9b34-0ff4c23179a2?format=json&states=listing" "txc593812d8380484990578-0069981a64" "proxy-server 20" 0.0007 "-" 22 0
Feb 20 08:25:08 np0005625200 container-server[122542]: 172.20.0.104 - - [20/Feb/2026:08:25:08 +0000] "HEAD /d1/215/AUTH_f6685cdb0ff24cddaeb987c63c89eafb/gnocchi.23c72719-66c8-4eb0-8eaf-7878444cd1d1" 404 - "HEAD http://172.18.0.217:8080/v1/AUTH_f6685cdb0ff24cddaeb987c63c89eafb/gnocchi.23c72719-66c8-4eb0-8eaf-7878444cd1d1?format=json&states=listing" "tx926781154c6e4e1e919b7-0069981a64" "proxy-server 20" 0.0006 "-" 22 0
Feb 20 08:25:08 np0005625200 object-server[123088]: 172.20.0.103 - - [20/Feb/2026:08:25:08 +0000] "GET /d1/270/AUTH_f6685cdb0ff24cddaeb987c63c89eafb/gnocchi.41b982b7-c301-4140-8ada-e4cc49faf038/none_v3" 404 70 "GET http://172.18.0.217:8080/v1/AUTH_f6685cdb0ff24cddaeb987c63c89eafb/gnocchi.41b982b7-c301-4140-8ada-e4cc49faf038/none_v3" "tx996fc1382c4c4470bef78-0069981a64" "proxy-server 12" 0.0004 "-" 23 0
Feb 20 08:25:08 np0005625200 object-server[123088]: 172.20.0.104 - - [20/Feb/2026:08:25:08 +0000] "GET /d1/854/AUTH_f6685cdb0ff24cddaeb987c63c89eafb/gnocchi.23c72719-66c8-4eb0-8eaf-7878444cd1d1/none_v3" 404 70 "GET http://172.18.0.217:8080/v1/AUTH_f6685cdb0ff24cddaeb987c63c89eafb/gnocchi.23c72719-66c8-4eb0-8eaf-7878444cd1d1/none_v3" "tx926781154c6e4e1e919b7-0069981a64" "proxy-server 20" 0.0002 "-" 23 0
Feb 20 08:25:08 np0005625200 object-server[123097]: 172.20.0.105 - - [20/Feb/2026:08:25:08 +0000] "GET /d1/490/AUTH_f6685cdb0ff24cddaeb987c63c89eafb/gnocchi.d8f39d30-d995-437e-9b34-0ff4c23179a2/none_v3" 404 70 "GET http://172.18.0.217:8080/v1/AUTH_f6685cdb0ff24cddaeb987c63c89eafb/gnocchi.d8f39d30-d995-437e-9b34-0ff4c23179a2/none_v3" "txc593812d8380484990578-0069981a64" "proxy-server 20" 0.0004 "-" 24 0
Feb 20 08:25:08 np0005625200 proxy-server[124322]: 172.18.0.217 172.18.0.104 20/Feb/2026/08/25/08 GET /v1/AUTH_f6685cdb0ff24cddaeb987c63c89eafb/gnocchi.23c72719-66c8-4eb0-8eaf-7878444cd1d1/none_v3 HTTP/1.0 404 - python-swiftclient-3.11.1 gAAAAABpmBoK5Al1... - 70 - tx926781154c6e4e1e919b7-0069981a64 - 0.0231 - - 1771575908.873464108 1771575908.896554470 0
Feb 20 08:25:08 np0005625200 account-server[122406]: 172.20.0.103 - - [20/Feb/2026:08:25:08 +0000] "PUT /d1/242/AUTH_f6685cdb0ff24cddaeb987c63c89eafb/gnocchi.41b982b7-c301-4140-8ada-e4cc49faf038" 201 - "PUT http://172.20.0.103:6001/d1/416/AUTH_f6685cdb0ff24cddaeb987c63c89eafb/gnocchi.41b982b7-c301-4140-8ada-e4cc49faf038" "tx7b0c0bb97fdb439d85224-0069981a64" "container-server 21" 0.0060 "-" 22 0
Feb 20 08:25:08 np0005625200 container-server[122542]: 172.20.0.103 - - [20/Feb/2026:08:25:08 +0000] "PUT /d1/416/AUTH_f6685cdb0ff24cddaeb987c63c89eafb/gnocchi.41b982b7-c301-4140-8ada-e4cc49faf038" 201 - "PUT http://172.18.0.217:8080/v1/AUTH_f6685cdb0ff24cddaeb987c63c89eafb/gnocchi.41b982b7-c301-4140-8ada-e4cc49faf038" "tx7b0c0bb97fdb439d85224-0069981a64" "proxy-server 12" 0.0246 "-" 22 0
Feb 20 08:25:08 np0005625200 account-server[122412]: 172.20.0.104 - - [20/Feb/2026:08:25:08 +0000] "PUT /d1/242/AUTH_f6685cdb0ff24cddaeb987c63c89eafb/gnocchi.d8f39d30-d995-437e-9b34-0ff4c23179a2" 201 - "PUT http://172.20.0.104:6001/d1/49/AUTH_f6685cdb0ff24cddaeb987c63c89eafb/gnocchi.d8f39d30-d995-437e-9b34-0ff4c23179a2" "txa4452b2d84d94220a3f09-0069981a64" "container-server 20" 0.0053 "-" 23 0
Feb 20 08:25:08 np0005625200 container-server[122539]: 172.20.0.105 - - [20/Feb/2026:08:25:08 +0000] "PUT /d1/49/AUTH_f6685cdb0ff24cddaeb987c63c89eafb/gnocchi.d8f39d30-d995-437e-9b34-0ff4c23179a2" 201 - "PUT http://172.18.0.217:8080/v1/AUTH_f6685cdb0ff24cddaeb987c63c89eafb/gnocchi.d8f39d30-d995-437e-9b34-0ff4c23179a2" "txa4452b2d84d94220a3f09-0069981a64" "proxy-server 20" 0.0165 "-" 20 0
Feb 20 08:25:08 np0005625200 account-server[122399]: 172.20.0.104 - - [20/Feb/2026:08:25:08 +0000] "PUT /d1/242/AUTH_f6685cdb0ff24cddaeb987c63c89eafb/gnocchi.23c72719-66c8-4eb0-8eaf-7878444cd1d1" 201 - "PUT http://172.20.0.104:6001/d1/215/AUTH_f6685cdb0ff24cddaeb987c63c89eafb/gnocchi.23c72719-66c8-4eb0-8eaf-7878444cd1d1" "txe5cad244ca2d4ceeaefb8-0069981a64" "container-server 20" 0.0260 "-" 20 0
Feb 20 08:25:08 np0005625200 container-server[122539]: 172.20.0.104 - - [20/Feb/2026:08:25:08 +0000] "PUT /d1/215/AUTH_f6685cdb0ff24cddaeb987c63c89eafb/gnocchi.23c72719-66c8-4eb0-8eaf-7878444cd1d1" 201 - "PUT http://172.18.0.217:8080/v1/AUTH_f6685cdb0ff24cddaeb987c63c89eafb/gnocchi.23c72719-66c8-4eb0-8eaf-7878444cd1d1" "txe5cad244ca2d4ceeaefb8-0069981a64" "proxy-server 20" 0.0402 "-" 20 0
Feb 20 08:25:08 np0005625200 proxy-server[124322]: 172.18.0.217 172.18.0.104 20/Feb/2026/08/25/08 PUT /v1/AUTH_f6685cdb0ff24cddaeb987c63c89eafb/gnocchi.23c72719-66c8-4eb0-8eaf-7878444cd1d1 HTTP/1.0 201 - python-swiftclient-3.11.1 gAAAAABpmBoK5Al1... - - - txe5cad244ca2d4ceeaefb8-0069981a64 - 0.0480 - - 1771575908.899886847 1771575908.947901011 0
Feb 20 08:25:08 np0005625200 proxy-server[124322]: - - 20/Feb/2026/08/25/08 HEAD /v1/AUTH_f6685cdb0ff24cddaeb987c63c89eafb/gnocchi.23c72719-66c8-4eb0-8eaf-7878444cd1d1%3Fformat%3Djson%26states%3Dlisting HTTP/1.0 204 - Swift - - - - tx81efb01b02284b2ca2678-0069981a64 - 0.0055 RL - 1771575908.954335213 1771575908.959856987 0
Feb 20 08:25:08 np0005625200 container-server[122517]: 172.20.0.104 - - [20/Feb/2026:08:25:08 +0000] "GET /d1/215/AUTH_f6685cdb0ff24cddaeb987c63c89eafb/gnocchi.23c72719-66c8-4eb0-8eaf-7878444cd1d1" 200 2 "GET http://172.18.0.217:8080/v1/AUTH_f6685cdb0ff24cddaeb987c63c89eafb/gnocchi.23c72719-66c8-4eb0-8eaf-7878444cd1d1?format=json&states=listing" "tx81efb01b02284b2ca2678-0069981a64" "proxy-server 20" 0.0034 "-" 19 0
Feb 20 08:25:08 np0005625200 container-server[122545]: 172.20.0.103 - - [20/Feb/2026:08:25:08 +0000] "HEAD /d1/416/AUTH_f6685cdb0ff24cddaeb987c63c89eafb/gnocchi.41b982b7-c301-4140-8ada-e4cc49faf038" 204 - "HEAD http://172.18.0.217:8080/v1/AUTH_f6685cdb0ff24cddaeb987c63c89eafb/gnocchi.41b982b7-c301-4140-8ada-e4cc49faf038?format=json&states=listing" "tx690439d45fc84d578990d-0069981a64" "proxy-server 12" 0.0024 "-" 23 0
Feb 20 08:25:08 np0005625200 proxy-server[124322]: 172.18.0.217 172.18.0.104 20/Feb/2026/08/25/08 GET /v1/AUTH_f6685cdb0ff24cddaeb987c63c89eafb/gnocchi.23c72719-66c8-4eb0-8eaf-7878444cd1d1%3Fformat%3Djson%26states%3Dlisting HTTP/1.0 200 - python-swiftclient-3.11.1 gAAAAABpmBoK5Al1... - 2 - tx81efb01b02284b2ca2678-0069981a64 - 0.0193 - - 1771575908.952482224 1771575908.971824646 0
Feb 20 08:25:08 np0005625200 object-server[123111]: 172.20.0.104 - - [20/Feb/2026:08:25:08 +0000] "GET /d1/607/AUTH_f6685cdb0ff24cddaeb987c63c89eafb/gnocchi.23c72719-66c8-4eb0-8eaf-7878444cd1d1/1771200000.0_mean_300.0_v3" 404 70 "GET http://172.18.0.217:8080/v1/AUTH_f6685cdb0ff24cddaeb987c63c89eafb/gnocchi.23c72719-66c8-4eb0-8eaf-7878444cd1d1/1771200000.0_mean_300.0_v3" "tx10b8ec42765f4b9bae936-0069981a64" "proxy-server 20" 0.0004 "-" 25 0
Feb 20 08:25:08 np0005625200 proxy-server[124322]: 172.18.0.217 172.18.0.104 20/Feb/2026/08/25/08 GET /v1/AUTH_f6685cdb0ff24cddaeb987c63c89eafb/gnocchi.23c72719-66c8-4eb0-8eaf-7878444cd1d1/1771200000.0_mean_300.0_v3 HTTP/1.0 404 - python-swiftclient-3.11.1 gAAAAABpmBoK5Al1... - 70 - tx10b8ec42765f4b9bae936-0069981a64 - 0.0176 - - 1771575908.977405787 1771575908.995037556 0
Feb 20 08:25:09 np0005625200 object-server[123083]: 172.20.0.103 - - [20/Feb/2026:08:25:09 +0000] "GET /d1/594/AUTH_f6685cdb0ff24cddaeb987c63c89eafb/gnocchi.41b982b7-c301-4140-8ada-e4cc49faf038/1771200000.0_mean_300.0_v3" 404 70 "GET http://172.18.0.217:8080/v1/AUTH_f6685cdb0ff24cddaeb987c63c89eafb/gnocchi.41b982b7-c301-4140-8ada-e4cc49faf038/1771200000.0_mean_300.0_v3" "tx42e5a069628043beb2f7c-0069981a64" "proxy-server 12" 0.0006 "-" 22 0
Feb 20 08:25:09 np0005625200 object-server[123097]: 172.20.0.105 - - [20/Feb/2026:08:25:09 +0000] "GET /d1/8/AUTH_f6685cdb0ff24cddaeb987c63c89eafb/gnocchi.d8f39d30-d995-437e-9b34-0ff4c23179a2/1771200000.0_mean_300.0_v3" 404 70 "GET http://172.18.0.217:8080/v1/AUTH_f6685cdb0ff24cddaeb987c63c89eafb/gnocchi.d8f39d30-d995-437e-9b34-0ff4c23179a2/1771200000.0_mean_300.0_v3" "tx4b864c9259d141d59989d-0069981a65" "proxy-server 20" 0.0005 "-" 24 0
Feb 20 08:25:09 np0005625200 container-server[122545]: 172.20.0.103 - - [20/Feb/2026:08:25:09 +0000] "PUT /d1/215/AUTH_f6685cdb0ff24cddaeb987c63c89eafb/gnocchi.23c72719-66c8-4eb0-8eaf-7878444cd1d1/1771200000.0_mean_300.0_v3" 201 - "PUT http://172.18.0.217:8080/d1/607/AUTH_f6685cdb0ff24cddaeb987c63c89eafb/gnocchi.23c72719-66c8-4eb0-8eaf-7878444cd1d1/1771200000.0_mean_300.0_v3" "txf2869f65ca8c4e9b9d6f3-0069981a64" "object-server 22" 0.0009 "-" 23 0
Feb 20 08:25:09 np0005625200 object-server[123083]: 172.20.0.104 - - [20/Feb/2026:08:25:09 +0000] "PUT /d1/607/AUTH_f6685cdb0ff24cddaeb987c63c89eafb/gnocchi.23c72719-66c8-4eb0-8eaf-7878444cd1d1/1771200000.0_mean_300.0_v3" 201 - "PUT http://172.18.0.217:8080/v1/AUTH_f6685cdb0ff24cddaeb987c63c89eafb/gnocchi.23c72719-66c8-4eb0-8eaf-7878444cd1d1/1771200000.0_mean_300.0_v3" "txf2869f65ca8c4e9b9d6f3-0069981a64" "proxy-server 20" 0.0175 "-" 22 0
Feb 20 08:25:09 np0005625200 proxy-server[124322]: 172.18.0.217 172.18.0.104 20/Feb/2026/08/25/09 PUT /v1/AUTH_f6685cdb0ff24cddaeb987c63c89eafb/gnocchi.23c72719-66c8-4eb0-8eaf-7878444cd1d1/1771200000.0_mean_300.0_v3 HTTP/1.0 201 - python-swiftclient-3.11.1 gAAAAABpmBoK5Al1... 16 - - txf2869f65ca8c4e9b9d6f3-0069981a64 - 0.0280 - - 1771575908.998893499 1771575909.026872158 0
Feb 20 08:25:09 np0005625200 container-server[122517]: 172.20.0.105 - - [20/Feb/2026:08:25:09 +0000] "PUT /d1/416/AUTH_f6685cdb0ff24cddaeb987c63c89eafb/gnocchi.41b982b7-c301-4140-8ada-e4cc49faf038/1771200000.0_mean_300.0_v3" 201 - "PUT http://172.18.0.217:8080/d1/594/AUTH_f6685cdb0ff24cddaeb987c63c89eafb/gnocchi.41b982b7-c301-4140-8ada-e4cc49faf038/1771200000.0_mean_300.0_v3" "tx87a3456015f84211a3d29-0069981a65" "object-server 25" 0.0008 "-" 19 0
Feb 20 08:25:09 np0005625200 object-server[123083]: 172.20.0.103 - - [20/Feb/2026:08:25:09 +0000] "PUT /d1/594/AUTH_f6685cdb0ff24cddaeb987c63c89eafb/gnocchi.41b982b7-c301-4140-8ada-e4cc49faf038/1771200000.0_mean_300.0_v3" 201 - "PUT http://172.18.0.217:8080/v1/AUTH_f6685cdb0ff24cddaeb987c63c89eafb/gnocchi.41b982b7-c301-4140-8ada-e4cc49faf038/1771200000.0_mean_300.0_v3" "tx87a3456015f84211a3d29-0069981a65" "proxy-server 12" 0.0154 "-" 22 0
Feb 20 08:25:09 np0005625200 container-server[122545]: 172.20.0.104 - - [20/Feb/2026:08:25:09 +0000] "PUT /d1/49/AUTH_f6685cdb0ff24cddaeb987c63c89eafb/gnocchi.d8f39d30-d995-437e-9b34-0ff4c23179a2/1771200000.0_mean_300.0_v3" 201 - "PUT http://172.18.0.217:8080/d1/8/AUTH_f6685cdb0ff24cddaeb987c63c89eafb/gnocchi.d8f39d30-d995-437e-9b34-0ff4c23179a2/1771200000.0_mean_300.0_v3" "tx4877267c16ff41bebe31a-0069981a65" "object-server 24" 0.0008 "-" 23 0
Feb 20 08:25:09 np0005625200 object-server[123097]: 172.20.0.105 - - [20/Feb/2026:08:25:09 +0000] "PUT /d1/8/AUTH_f6685cdb0ff24cddaeb987c63c89eafb/gnocchi.d8f39d30-d995-437e-9b34-0ff4c23179a2/1771200000.0_mean_300.0_v3" 201 - "PUT http://172.18.0.217:8080/v1/AUTH_f6685cdb0ff24cddaeb987c63c89eafb/gnocchi.d8f39d30-d995-437e-9b34-0ff4c23179a2/1771200000.0_mean_300.0_v3" "tx4877267c16ff41bebe31a-0069981a65" "proxy-server 20" 0.0118 "-" 24 0
Feb 20 08:25:09 np0005625200 object-server[123088]: 172.20.0.104 - - [20/Feb/2026:08:25:09 +0000] "PUT /d1/854/AUTH_f6685cdb0ff24cddaeb987c63c89eafb/gnocchi.23c72719-66c8-4eb0-8eaf-7878444cd1d1/none_v3" 201 - "PUT http://172.18.0.217:8080/v1/AUTH_f6685cdb0ff24cddaeb987c63c89eafb/gnocchi.23c72719-66c8-4eb0-8eaf-7878444cd1d1/none_v3" "tx53695e7b84d94c4ab247c-0069981a65" "proxy-server 20" 0.0147 "-" 23 0
Feb 20 08:25:09 np0005625200 container-server[122517]: 172.20.0.105 - - [20/Feb/2026:08:25:09 +0000] "PUT /d1/215/AUTH_f6685cdb0ff24cddaeb987c63c89eafb/gnocchi.23c72719-66c8-4eb0-8eaf-7878444cd1d1/none_v3" 201 - "PUT http://172.18.0.217:8080/d1/854/AUTH_f6685cdb0ff24cddaeb987c63c89eafb/gnocchi.23c72719-66c8-4eb0-8eaf-7878444cd1d1/none_v3" "tx53695e7b84d94c4ab247c-0069981a65" "object-server 23" 0.0008 "-" 19 0
Feb 20 08:25:09 np0005625200 container-server[122545]: 172.20.0.105 - - [20/Feb/2026:08:25:09 +0000] "PUT /d1/416/AUTH_f6685cdb0ff24cddaeb987c63c89eafb/gnocchi.41b982b7-c301-4140-8ada-e4cc49faf038/none_v3" 201 - "PUT http://172.18.0.217:8080/d1/270/AUTH_f6685cdb0ff24cddaeb987c63c89eafb/gnocchi.41b982b7-c301-4140-8ada-e4cc49faf038/none_v3" "txcb8c0e7be10a4992a2a9e-0069981a65" "object-server 24" 0.0006 "-" 23 0
Feb 20 08:25:09 np0005625200 proxy-server[124322]: 172.18.0.217 172.18.0.104 20/Feb/2026/08/25/09 PUT /v1/AUTH_f6685cdb0ff24cddaeb987c63c89eafb/gnocchi.23c72719-66c8-4eb0-8eaf-7878444cd1d1/none_v3 HTTP/1.0 201 - python-swiftclient-3.11.1 gAAAAABpmBoK5Al1... 22 - - tx53695e7b84d94c4ab247c-0069981a65 - 0.0330 - - 1771575909.031784773 1771575909.064810038 0
Feb 20 08:25:09 np0005625200 object-server[123111]: 172.20.0.103 - - [20/Feb/2026:08:25:09 +0000] "PUT /d1/270/AUTH_f6685cdb0ff24cddaeb987c63c89eafb/gnocchi.41b982b7-c301-4140-8ada-e4cc49faf038/none_v3" 201 - "PUT http://172.18.0.217:8080/v1/AUTH_f6685cdb0ff24cddaeb987c63c89eafb/gnocchi.41b982b7-c301-4140-8ada-e4cc49faf038/none_v3" "txcb8c0e7be10a4992a2a9e-0069981a65" "proxy-server 12" 0.0125 "-" 25 0
Feb 20 08:25:09 np0005625200 container-server[122542]: 172.20.0.103 - - [20/Feb/2026:08:25:09 +0000] "PUT /d1/49/AUTH_f6685cdb0ff24cddaeb987c63c89eafb/gnocchi.d8f39d30-d995-437e-9b34-0ff4c23179a2/none_v3" 201 - "PUT http://172.18.0.217:8080/d1/490/AUTH_f6685cdb0ff24cddaeb987c63c89eafb/gnocchi.d8f39d30-d995-437e-9b34-0ff4c23179a2/none_v3" "tx83eb3c240e1a4de7b6615-0069981a65" "object-server 22" 0.0007 "-" 22 0
Feb 20 08:25:09 np0005625200 object-server[123097]: 172.20.0.105 - - [20/Feb/2026:08:25:09 +0000] "PUT /d1/490/AUTH_f6685cdb0ff24cddaeb987c63c89eafb/gnocchi.d8f39d30-d995-437e-9b34-0ff4c23179a2/none_v3" 201 - "PUT http://172.18.0.217:8080/v1/AUTH_f6685cdb0ff24cddaeb987c63c89eafb/gnocchi.d8f39d30-d995-437e-9b34-0ff4c23179a2/none_v3" "tx83eb3c240e1a4de7b6615-0069981a65" "proxy-server 20" 0.0112 "-" 24 0
Feb 20 08:25:09 np0005625200 container-server[122539]: 172.20.0.104 - - [20/Feb/2026:08:25:09 +0000] "HEAD /d1/1018/AUTH_f6685cdb0ff24cddaeb987c63c89eafb/gnocchi.e47711ad-b2c2-4042-950d-c3cb2205b152" 404 - "HEAD http://172.18.0.217:8080/v1/AUTH_f6685cdb0ff24cddaeb987c63c89eafb/gnocchi.e47711ad-b2c2-4042-950d-c3cb2205b152?format=json&states=listing" "tx1408f219b4964a3aaacff-0069981a65" "proxy-server 20" 0.0006 "-" 20 0
Feb 20 08:25:09 np0005625200 container-server[122542]: 172.20.0.103 - - [20/Feb/2026:08:25:09 +0000] "HEAD /d1/237/AUTH_f6685cdb0ff24cddaeb987c63c89eafb/gnocchi.21b20fbb-2c50-4f78-b449-53c4b970d5f2" 404 - "HEAD http://172.18.0.217:8080/v1/AUTH_f6685cdb0ff24cddaeb987c63c89eafb/gnocchi.21b20fbb-2c50-4f78-b449-53c4b970d5f2?format=json&states=listing" "tx7478962d1dbf456ea020d-0069981a65" "proxy-server 12" 0.0005 "-" 22 0
Feb 20 08:25:09 np0005625200 container-server[122517]: 172.20.0.105 - - [20/Feb/2026:08:25:09 +0000] "HEAD /d1/853/AUTH_f6685cdb0ff24cddaeb987c63c89eafb/gnocchi.9ff9bbd9-5c0e-4798-8596-edf052be9f7c" 404 - "HEAD http://172.18.0.217:8080/v1/AUTH_f6685cdb0ff24cddaeb987c63c89eafb/gnocchi.9ff9bbd9-5c0e-4798-8596-edf052be9f7c?format=json&states=listing" "tx66d336edb6f14ec4a7c78-0069981a65" "proxy-server 20" 0.0007 "-" 19 0
Feb 20 08:25:09 np0005625200 object-server[123088]: 172.20.0.104 - - [20/Feb/2026:08:25:09 +0000] "GET /d1/737/AUTH_f6685cdb0ff24cddaeb987c63c89eafb/gnocchi.e47711ad-b2c2-4042-950d-c3cb2205b152/none_v3" 404 70 "GET http://172.18.0.217:8080/v1/AUTH_f6685cdb0ff24cddaeb987c63c89eafb/gnocchi.e47711ad-b2c2-4042-950d-c3cb2205b152/none_v3" "tx1408f219b4964a3aaacff-0069981a65" "proxy-server 20" 0.0006 "-" 23 0
Feb 20 08:25:09 np0005625200 object-server[123097]: 172.20.0.103 - - [20/Feb/2026:08:25:09 +0000] "GET /d1/12/AUTH_f6685cdb0ff24cddaeb987c63c89eafb/gnocchi.21b20fbb-2c50-4f78-b449-53c4b970d5f2/none_v3" 404 70 "GET http://172.18.0.217:8080/v1/AUTH_f6685cdb0ff24cddaeb987c63c89eafb/gnocchi.21b20fbb-2c50-4f78-b449-53c4b970d5f2/none_v3" "tx7478962d1dbf456ea020d-0069981a65" "proxy-server 12" 0.0004 "-" 24 0
Feb 20 08:25:09 np0005625200 proxy-server[124322]: 172.18.0.217 172.18.0.104 20/Feb/2026/08/25/09 GET /v1/AUTH_f6685cdb0ff24cddaeb987c63c89eafb/gnocchi.e47711ad-b2c2-4042-950d-c3cb2205b152/none_v3 HTTP/1.0 404 - python-swiftclient-3.11.1 gAAAAABpmBoK5Al1... - 70 - tx1408f219b4964a3aaacff-0069981a65 - 0.0324 - - 1771575909.084126711 1771575909.116546869 0
Feb 20 08:25:09 np0005625200 object-server[123111]: 172.20.0.105 - - [20/Feb/2026:08:25:09 +0000] "GET /d1/727/AUTH_f6685cdb0ff24cddaeb987c63c89eafb/gnocchi.9ff9bbd9-5c0e-4798-8596-edf052be9f7c/none_v3" 404 70 "GET http://172.18.0.217:8080/v1/AUTH_f6685cdb0ff24cddaeb987c63c89eafb/gnocchi.9ff9bbd9-5c0e-4798-8596-edf052be9f7c/none_v3" "tx66d336edb6f14ec4a7c78-0069981a65" "proxy-server 20" 0.0005 "-" 25 0
Feb 20 08:25:09 np0005625200 account-server[122402]: 172.20.0.105 - - [20/Feb/2026:08:25:09 +0000] "PUT /d1/242/AUTH_f6685cdb0ff24cddaeb987c63c89eafb/gnocchi.e47711ad-b2c2-4042-950d-c3cb2205b152" 201 - "PUT http://172.20.0.105:6001/d1/1018/AUTH_f6685cdb0ff24cddaeb987c63c89eafb/gnocchi.e47711ad-b2c2-4042-950d-c3cb2205b152" "txee6c7ed3016f4648bf487-0069981a65" "container-server 20" 0.0084 "-" 21 0
Feb 20 08:25:09 np0005625200 container-server[122545]: 172.20.0.104 - - [20/Feb/2026:08:25:09 +0000] "PUT /d1/1018/AUTH_f6685cdb0ff24cddaeb987c63c89eafb/gnocchi.e47711ad-b2c2-4042-950d-c3cb2205b152" 201 - "PUT http://172.18.0.217:8080/v1/AUTH_f6685cdb0ff24cddaeb987c63c89eafb/gnocchi.e47711ad-b2c2-4042-950d-c3cb2205b152" "txee6c7ed3016f4648bf487-0069981a65" "proxy-server 20" 0.0277 "-" 23 0
Feb 20 08:25:09 np0005625200 account-server[122412]: 172.20.0.104 - - [20/Feb/2026:08:25:09 +0000] "PUT /d1/242/AUTH_f6685cdb0ff24cddaeb987c63c89eafb/gnocchi.21b20fbb-2c50-4f78-b449-53c4b970d5f2" 201 - "PUT http://172.20.0.104:6001/d1/237/AUTH_f6685cdb0ff24cddaeb987c63c89eafb/gnocchi.21b20fbb-2c50-4f78-b449-53c4b970d5f2" "txa1ea57f006314576b3b83-0069981a65" "container-server 19" 0.0167 "-" 23 0
Feb 20 08:25:09 np0005625200 container-server[122545]: 172.20.0.105 - - [20/Feb/2026:08:25:09 +0000] "PUT /d1/853/AUTH_f6685cdb0ff24cddaeb987c63c89eafb/gnocchi.9ff9bbd9-5c0e-4798-8596-edf052be9f7c" 201 - "PUT http://172.18.0.217:8080/v1/AUTH_f6685cdb0ff24cddaeb987c63c89eafb/gnocchi.9ff9bbd9-5c0e-4798-8596-edf052be9f7c" "txa8f958a9f88d43ce91448-0069981a65" "proxy-server 20" 0.0198 "-" 23 0
Feb 20 08:25:09 np0005625200 container-server[122517]: 172.20.0.103 - - [20/Feb/2026:08:25:09 +0000] "PUT /d1/237/AUTH_f6685cdb0ff24cddaeb987c63c89eafb/gnocchi.21b20fbb-2c50-4f78-b449-53c4b970d5f2" 201 - "PUT http://172.18.0.217:8080/v1/AUTH_f6685cdb0ff24cddaeb987c63c89eafb/gnocchi.21b20fbb-2c50-4f78-b449-53c4b970d5f2" "txa1ea57f006314576b3b83-0069981a65" "proxy-server 12" 0.0361 "-" 19 0
Feb 20 08:25:09 np0005625200 proxy-server[124322]: 172.18.0.217 172.18.0.104 20/Feb/2026/08/25/09 PUT /v1/AUTH_f6685cdb0ff24cddaeb987c63c89eafb/gnocchi.e47711ad-b2c2-4042-950d-c3cb2205b152 HTTP/1.0 201 - python-swiftclient-3.11.1 gAAAAABpmBoK5Al1... - - - txee6c7ed3016f4648bf487-0069981a65 - 0.0480 - - 1771575909.121484041 1771575909.169480085 0
Feb 20 08:25:09 np0005625200 account-server[122402]: 172.20.0.103 - - [20/Feb/2026:08:25:09 +0000] "PUT /d1/242/AUTH_f6685cdb0ff24cddaeb987c63c89eafb/gnocchi.9ff9bbd9-5c0e-4798-8596-edf052be9f7c" 201 - "PUT http://172.20.0.103:6001/d1/853/AUTH_f6685cdb0ff24cddaeb987c63c89eafb/gnocchi.9ff9bbd9-5c0e-4798-8596-edf052be9f7c" "txa8f958a9f88d43ce91448-0069981a65" "container-server 23" 0.0178 "-" 21 0
Feb 20 08:25:09 np0005625200 container-server[122539]: 172.20.0.103 - - [20/Feb/2026:08:25:09 +0000] "HEAD /d1/237/AUTH_f6685cdb0ff24cddaeb987c63c89eafb/gnocchi.21b20fbb-2c50-4f78-b449-53c4b970d5f2" 204 - "HEAD http://172.18.0.217:8080/v1/AUTH_f6685cdb0ff24cddaeb987c63c89eafb/gnocchi.21b20fbb-2c50-4f78-b449-53c4b970d5f2?format=json&states=listing" "txed5807ba78754e27b36f1-0069981a65" "proxy-server 12" 0.0022 "-" 20 0
Feb 20 08:25:09 np0005625200 proxy-server[124322]: - - 20/Feb/2026/08/25/09 HEAD /v1/AUTH_f6685cdb0ff24cddaeb987c63c89eafb/gnocchi.e47711ad-b2c2-4042-950d-c3cb2205b152%3Fformat%3Djson%26states%3Dlisting HTTP/1.0 204 - Swift - - - - tx716af58e078945e2a855b-0069981a65 - 0.0085 RL - 1771575909.177232981 1771575909.185723543 0
Feb 20 08:25:09 np0005625200 proxy-server[124322]: 172.18.0.217 172.18.0.104 20/Feb/2026/08/25/09 GET /v1/AUTH_f6685cdb0ff24cddaeb987c63c89eafb/gnocchi.e47711ad-b2c2-4042-950d-c3cb2205b152%3Fformat%3Djson%26states%3Dlisting HTTP/1.0 200 - python-swiftclient-3.11.1 gAAAAABpmBoK5Al1... - 2 - tx716af58e078945e2a855b-0069981a65 - 0.0256 - - 1771575909.174954653 1771575909.200546741 0
Feb 20 08:25:09 np0005625200 container-server[122539]: 172.20.0.105 - - [20/Feb/2026:08:25:09 +0000] "HEAD /d1/853/AUTH_f6685cdb0ff24cddaeb987c63c89eafb/gnocchi.9ff9bbd9-5c0e-4798-8596-edf052be9f7c" 204 - "HEAD http://172.18.0.217:8080/v1/AUTH_f6685cdb0ff24cddaeb987c63c89eafb/gnocchi.9ff9bbd9-5c0e-4798-8596-edf052be9f7c?format=json&states=listing" "tx9737c84562de4bcfa6838-0069981a65" "proxy-server 20" 0.0021 "-" 20 0
Feb 20 08:25:09 np0005625200 object-server[123097]: 172.20.0.104 - - [20/Feb/2026:08:25:09 +0000] "GET /d1/463/AUTH_f6685cdb0ff24cddaeb987c63c89eafb/gnocchi.e47711ad-b2c2-4042-950d-c3cb2205b152/1771200000.0_mean_300.0_v3" 404 70 "GET http://172.18.0.217:8080/v1/AUTH_f6685cdb0ff24cddaeb987c63c89eafb/gnocchi.e47711ad-b2c2-4042-950d-c3cb2205b152/1771200000.0_mean_300.0_v3" "tx4adf072e22394e3eb7f92-0069981a65" "proxy-server 20" 0.0005 "-" 24 0
Feb 20 08:25:09 np0005625200 proxy-server[124322]: 172.18.0.217 172.18.0.104 20/Feb/2026/08/25/09 GET /v1/AUTH_f6685cdb0ff24cddaeb987c63c89eafb/gnocchi.e47711ad-b2c2-4042-950d-c3cb2205b152/1771200000.0_mean_300.0_v3 HTTP/1.0 404 - python-swiftclient-3.11.1 gAAAAABpmBoK5Al1... - 70 - tx4adf072e22394e3eb7f92-0069981a65 - 0.0160 - - 1771575909.205243826 1771575909.221198797 0
Feb 20 08:25:09 np0005625200 object-server[123088]: 172.20.0.103 - - [20/Feb/2026:08:25:09 +0000] "GET /d1/600/AUTH_f6685cdb0ff24cddaeb987c63c89eafb/gnocchi.21b20fbb-2c50-4f78-b449-53c4b970d5f2/1771200000.0_mean_300.0_v3" 404 70 "GET http://172.18.0.217:8080/v1/AUTH_f6685cdb0ff24cddaeb987c63c89eafb/gnocchi.21b20fbb-2c50-4f78-b449-53c4b970d5f2/1771200000.0_mean_300.0_v3" "tx7a92ae1ba4a84a908fe5b-0069981a65" "proxy-server 12" 0.0006 "-" 23 0
Feb 20 08:25:09 np0005625200 object-server[123088]: 172.20.0.105 - - [20/Feb/2026:08:25:09 +0000] "GET /d1/615/AUTH_f6685cdb0ff24cddaeb987c63c89eafb/gnocchi.9ff9bbd9-5c0e-4798-8596-edf052be9f7c/1771200000.0_mean_300.0_v3" 404 70 "GET http://172.18.0.217:8080/v1/AUTH_f6685cdb0ff24cddaeb987c63c89eafb/gnocchi.9ff9bbd9-5c0e-4798-8596-edf052be9f7c/1771200000.0_mean_300.0_v3" "tx96dcd968dafd471cbdc1f-0069981a65" "proxy-server 20" 0.0003 "-" 23 0
Feb 20 08:25:09 np0005625200 container-server[122545]: 172.20.0.104 - - [20/Feb/2026:08:25:09 +0000] "PUT /d1/1018/AUTH_f6685cdb0ff24cddaeb987c63c89eafb/gnocchi.e47711ad-b2c2-4042-950d-c3cb2205b152/1771200000.0_mean_300.0_v3" 201 - "PUT http://172.18.0.217:8080/d1/463/AUTH_f6685cdb0ff24cddaeb987c63c89eafb/gnocchi.e47711ad-b2c2-4042-950d-c3cb2205b152/1771200000.0_mean_300.0_v3" "txfa159ba742004253a4107-0069981a65" "object-server 23" 0.0008 "-" 23 0
Feb 20 08:25:09 np0005625200 object-server[123088]: 172.20.0.104 - - [20/Feb/2026:08:25:09 +0000] "PUT /d1/463/AUTH_f6685cdb0ff24cddaeb987c63c89eafb/gnocchi.e47711ad-b2c2-4042-950d-c3cb2205b152/1771200000.0_mean_300.0_v3" 201 - "PUT http://172.18.0.217:8080/v1/AUTH_f6685cdb0ff24cddaeb987c63c89eafb/gnocchi.e47711ad-b2c2-4042-950d-c3cb2205b152/1771200000.0_mean_300.0_v3" "txfa159ba742004253a4107-0069981a65" "proxy-server 20" 0.0110 "-" 23 0
Feb 20 08:25:09 np0005625200 proxy-server[124322]: 172.18.0.217 172.18.0.104 20/Feb/2026/08/25/09 PUT /v1/AUTH_f6685cdb0ff24cddaeb987c63c89eafb/gnocchi.e47711ad-b2c2-4042-950d-c3cb2205b152/1771200000.0_mean_300.0_v3 HTTP/1.0 201 - python-swiftclient-3.11.1 gAAAAABpmBoK5Al1... 16 - - txfa159ba742004253a4107-0069981a65 - 0.0263 - - 1771575909.226966858 1771575909.253242970 0
Feb 20 08:25:09 np0005625200 container-server[122539]: 172.20.0.104 - - [20/Feb/2026:08:25:09 +0000] "PUT /d1/237/AUTH_f6685cdb0ff24cddaeb987c63c89eafb/gnocchi.21b20fbb-2c50-4f78-b449-53c4b970d5f2/1771200000.0_mean_300.0_v3" 201 - "PUT http://172.18.0.217:8080/d1/600/AUTH_f6685cdb0ff24cddaeb987c63c89eafb/gnocchi.21b20fbb-2c50-4f78-b449-53c4b970d5f2/1771200000.0_mean_300.0_v3" "tx2fc2b2de72bd4519b0684-0069981a65" "object-server 22" 0.0010 "-" 20 0
Feb 20 08:25:09 np0005625200 object-server[123083]: 172.20.0.103 - - [20/Feb/2026:08:25:09 +0000] "PUT /d1/600/AUTH_f6685cdb0ff24cddaeb987c63c89eafb/gnocchi.21b20fbb-2c50-4f78-b449-53c4b970d5f2/1771200000.0_mean_300.0_v3" 201 - "PUT http://172.18.0.217:8080/v1/AUTH_f6685cdb0ff24cddaeb987c63c89eafb/gnocchi.21b20fbb-2c50-4f78-b449-53c4b970d5f2/1771200000.0_mean_300.0_v3" "tx2fc2b2de72bd4519b0684-0069981a65" "proxy-server 12" 0.0189 "-" 22 0
Feb 20 08:25:09 np0005625200 container-server[122517]: 172.20.0.103 - - [20/Feb/2026:08:25:09 +0000] "PUT /d1/853/AUTH_f6685cdb0ff24cddaeb987c63c89eafb/gnocchi.9ff9bbd9-5c0e-4798-8596-edf052be9f7c/1771200000.0_mean_300.0_v3" 201 - "PUT http://172.18.0.217:8080/d1/615/AUTH_f6685cdb0ff24cddaeb987c63c89eafb/gnocchi.9ff9bbd9-5c0e-4798-8596-edf052be9f7c/1771200000.0_mean_300.0_v3" "tx3cb07fc896064c9a953a4-0069981a65" "object-server 23" 0.0010 "-" 19 0
Feb 20 08:25:09 np0005625200 object-server[123111]: 172.20.0.105 - - [20/Feb/2026:08:25:09 +0000] "PUT /d1/615/AUTH_f6685cdb0ff24cddaeb987c63c89eafb/gnocchi.9ff9bbd9-5c0e-4798-8596-edf052be9f7c/1771200000.0_mean_300.0_v3" 201 - "PUT http://172.18.0.217:8080/v1/AUTH_f6685cdb0ff24cddaeb987c63c89eafb/gnocchi.9ff9bbd9-5c0e-4798-8596-edf052be9f7c/1771200000.0_mean_300.0_v3" "tx3cb07fc896064c9a953a4-0069981a65" "proxy-server 20" 0.0133 "-" 25 0
Feb 20 08:25:09 np0005625200 container-server[122517]: 172.20.0.104 - - [20/Feb/2026:08:25:09 +0000] "PUT /d1/1018/AUTH_f6685cdb0ff24cddaeb987c63c89eafb/gnocchi.e47711ad-b2c2-4042-950d-c3cb2205b152/none_v3" 201 - "PUT http://172.18.0.217:8080/d1/737/AUTH_f6685cdb0ff24cddaeb987c63c89eafb/gnocchi.e47711ad-b2c2-4042-950d-c3cb2205b152/none_v3" "txdace089a2bd24232b88bb-0069981a65" "object-server 24" 0.0009 "-" 19 0
Feb 20 08:25:09 np0005625200 object-server[123097]: 172.20.0.104 - - [20/Feb/2026:08:25:09 +0000] "PUT /d1/737/AUTH_f6685cdb0ff24cddaeb987c63c89eafb/gnocchi.e47711ad-b2c2-4042-950d-c3cb2205b152/none_v3" 201 - "PUT http://172.18.0.217:8080/v1/AUTH_f6685cdb0ff24cddaeb987c63c89eafb/gnocchi.e47711ad-b2c2-4042-950d-c3cb2205b152/none_v3" "txdace089a2bd24232b88bb-0069981a65" "proxy-server 20" 0.0148 "-" 24 0
Feb 20 08:25:09 np0005625200 proxy-server[124322]: 172.18.0.217 172.18.0.104 20/Feb/2026/08/25/09 PUT /v1/AUTH_f6685cdb0ff24cddaeb987c63c89eafb/gnocchi.e47711ad-b2c2-4042-950d-c3cb2205b152/none_v3 HTTP/1.0 201 - python-swiftclient-3.11.1 gAAAAABpmBoK5Al1... 22 - - txdace089a2bd24232b88bb-0069981a65 - 0.0280 - - 1771575909.257636547 1771575909.285600424 0
Feb 20 08:25:09 np0005625200 container-server[122542]: 172.20.0.105 - - [20/Feb/2026:08:25:09 +0000] "PUT /d1/237/AUTH_f6685cdb0ff24cddaeb987c63c89eafb/gnocchi.21b20fbb-2c50-4f78-b449-53c4b970d5f2/none_v3" 201 - "PUT http://172.18.0.217:8080/d1/12/AUTH_f6685cdb0ff24cddaeb987c63c89eafb/gnocchi.21b20fbb-2c50-4f78-b449-53c4b970d5f2/none_v3" "tx707546e4c1da476da74ad-0069981a65" "object-server 24" 0.0011 "-" 22 0
Feb 20 08:25:09 np0005625200 object-server[123083]: 172.20.0.103 - - [20/Feb/2026:08:25:09 +0000] "PUT /d1/12/AUTH_f6685cdb0ff24cddaeb987c63c89eafb/gnocchi.21b20fbb-2c50-4f78-b449-53c4b970d5f2/none_v3" 201 - "PUT http://172.18.0.217:8080/v1/AUTH_f6685cdb0ff24cddaeb987c63c89eafb/gnocchi.21b20fbb-2c50-4f78-b449-53c4b970d5f2/none_v3" "tx707546e4c1da476da74ad-0069981a65" "proxy-server 12" 0.0178 "-" 22 0
Feb 20 08:25:09 np0005625200 container-server[122539]: 172.20.0.105 - - [20/Feb/2026:08:25:09 +0000] "PUT /d1/853/AUTH_f6685cdb0ff24cddaeb987c63c89eafb/gnocchi.9ff9bbd9-5c0e-4798-8596-edf052be9f7c/none_v3" 201 - "PUT http://172.18.0.217:8080/d1/727/AUTH_f6685cdb0ff24cddaeb987c63c89eafb/gnocchi.9ff9bbd9-5c0e-4798-8596-edf052be9f7c/none_v3" "tx3cb044208ffd40c7aa58e-0069981a65" "object-server 23" 0.0009 "-" 20 0
Feb 20 08:25:09 np0005625200 object-server[123097]: 172.20.0.105 - - [20/Feb/2026:08:25:09 +0000] "PUT /d1/727/AUTH_f6685cdb0ff24cddaeb987c63c89eafb/gnocchi.9ff9bbd9-5c0e-4798-8596-edf052be9f7c/none_v3" 201 - "PUT http://172.18.0.217:8080/v1/AUTH_f6685cdb0ff24cddaeb987c63c89eafb/gnocchi.9ff9bbd9-5c0e-4798-8596-edf052be9f7c/none_v3" "tx3cb044208ffd40c7aa58e-0069981a65" "proxy-server 20" 0.0132 "-" 24 0
Feb 20 08:25:09 np0005625200 container-server[122517]: 172.20.0.104 - - [20/Feb/2026:08:25:09 +0000] "HEAD /d1/911/AUTH_f6685cdb0ff24cddaeb987c63c89eafb/gnocchi.ee17f90e-ab34-41ee-a64a-c0a53224ad71" 404 - "HEAD http://172.18.0.217:8080/v1/AUTH_f6685cdb0ff24cddaeb987c63c89eafb/gnocchi.ee17f90e-ab34-41ee-a64a-c0a53224ad71?format=json&states=listing" "txf83152803d8f4c868b845-0069981a65" "proxy-server 20" 0.0005 "-" 19 0
Feb 20 08:25:09 np0005625200 object-server[123111]: 172.20.0.104 - - [20/Feb/2026:08:25:09 +0000] "GET /d1/905/AUTH_f6685cdb0ff24cddaeb987c63c89eafb/gnocchi.ee17f90e-ab34-41ee-a64a-c0a53224ad71/none_v3" 404 70 "GET http://172.18.0.217:8080/v1/AUTH_f6685cdb0ff24cddaeb987c63c89eafb/gnocchi.ee17f90e-ab34-41ee-a64a-c0a53224ad71/none_v3" "txf83152803d8f4c868b845-0069981a65" "proxy-server 20" 0.0010 "-" 25 0
Feb 20 08:25:09 np0005625200 container-server[122542]: 172.20.0.103 - - [20/Feb/2026:08:25:09 +0000] "HEAD /d1/152/AUTH_f6685cdb0ff24cddaeb987c63c89eafb/gnocchi.57f6c2c1-369d-46a1-9a14-c100505380f9" 404 - "HEAD http://172.18.0.217:8080/v1/AUTH_f6685cdb0ff24cddaeb987c63c89eafb/gnocchi.57f6c2c1-369d-46a1-9a14-c100505380f9?format=json&states=listing" "tx3a1ee9346bd64d5da897c-0069981a65" "proxy-server 12" 0.0006 "-" 22 0
Feb 20 08:25:09 np0005625200 proxy-server[124322]: 172.18.0.217 172.18.0.104 20/Feb/2026/08/25/09 GET /v1/AUTH_f6685cdb0ff24cddaeb987c63c89eafb/gnocchi.ee17f90e-ab34-41ee-a64a-c0a53224ad71/none_v3 HTTP/1.0 404 - python-swiftclient-3.11.1 gAAAAABpmBoK5Al1... - 70 - txf83152803d8f4c868b845-0069981a65 - 0.0330 - - 1771575909.301043987 1771575909.334038019 0
Feb 20 08:25:09 np0005625200 object-server[123111]: 172.20.0.103 - - [20/Feb/2026:08:25:09 +0000] "GET /d1/890/AUTH_f6685cdb0ff24cddaeb987c63c89eafb/gnocchi.57f6c2c1-369d-46a1-9a14-c100505380f9/none_v3" 404 70 "GET http://172.18.0.217:8080/v1/AUTH_f6685cdb0ff24cddaeb987c63c89eafb/gnocchi.57f6c2c1-369d-46a1-9a14-c100505380f9/none_v3" "tx3a1ee9346bd64d5da897c-0069981a65" "proxy-server 12" 0.0004 "-" 25 0
Feb 20 08:25:09 np0005625200 account-server[122402]: 172.20.0.104 - - [20/Feb/2026:08:25:09 +0000] "PUT /d1/242/AUTH_f6685cdb0ff24cddaeb987c63c89eafb/gnocchi.ee17f90e-ab34-41ee-a64a-c0a53224ad71" 201 - "PUT http://172.20.0.104:6001/d1/911/AUTH_f6685cdb0ff24cddaeb987c63c89eafb/gnocchi.ee17f90e-ab34-41ee-a64a-c0a53224ad71" "tx226b53a640bf4aabb9d01-0069981a65" "container-server 20" 0.0054 "-" 21 0
Feb 20 08:25:09 np0005625200 container-server[122539]: 172.20.0.105 - - [20/Feb/2026:08:25:09 +0000] "PUT /d1/911/AUTH_f6685cdb0ff24cddaeb987c63c89eafb/gnocchi.ee17f90e-ab34-41ee-a64a-c0a53224ad71" 201 - "PUT http://172.18.0.217:8080/v1/AUTH_f6685cdb0ff24cddaeb987c63c89eafb/gnocchi.ee17f90e-ab34-41ee-a64a-c0a53224ad71" "tx226b53a640bf4aabb9d01-0069981a65" "proxy-server 20" 0.0231 "-" 20 0
Feb 20 08:25:09 np0005625200 container-server[122539]: 172.20.0.104 - - [20/Feb/2026:08:25:09 +0000] "PUT /d1/152/AUTH_f6685cdb0ff24cddaeb987c63c89eafb/gnocchi.57f6c2c1-369d-46a1-9a14-c100505380f9" 201 - "PUT http://172.18.0.217:8080/v1/AUTH_f6685cdb0ff24cddaeb987c63c89eafb/gnocchi.57f6c2c1-369d-46a1-9a14-c100505380f9" "tx5a9c96d048c94c81bf28e-0069981a65" "proxy-server 20" 0.0205 "-" 20 0
Feb 20 08:25:09 np0005625200 account-server[122399]: 172.20.0.103 - - [20/Feb/2026:08:25:09 +0000] "PUT /d1/242/AUTH_f6685cdb0ff24cddaeb987c63c89eafb/gnocchi.57f6c2c1-369d-46a1-9a14-c100505380f9" 201 - "PUT http://172.20.0.103:6001/d1/152/AUTH_f6685cdb0ff24cddaeb987c63c89eafb/gnocchi.57f6c2c1-369d-46a1-9a14-c100505380f9" "tx5a9c96d048c94c81bf28e-0069981a65" "container-server 22" 0.0084 "-" 20 0
Feb 20 08:25:09 np0005625200 proxy-server[124322]: 172.18.0.103 172.18.0.104 20/Feb/2026/08/25/09 PUT /v1/AUTH_f6685cdb0ff24cddaeb987c63c89eafb/gnocchi.57f6c2c1-369d-46a1-9a14-c100505380f9 HTTP/1.0 201 - python-swiftclient-3.11.1 gAAAAABpmBnDOlCd... - - - tx5a9c96d048c94c81bf28e-0069981a65 - 0.0331 - - 1771575909.348881006 1771575909.381994724 0
Feb 20 08:25:09 np0005625200 object-server[123097]: 172.20.0.104 - - [20/Feb/2026:08:25:09 +0000] "GET /d1/1023/AUTH_f6685cdb0ff24cddaeb987c63c89eafb/gnocchi.ee17f90e-ab34-41ee-a64a-c0a53224ad71/1771200000.0_mean_300.0_v3" 404 70 "GET http://172.18.0.217:8080/v1/AUTH_f6685cdb0ff24cddaeb987c63c89eafb/gnocchi.ee17f90e-ab34-41ee-a64a-c0a53224ad71/1771200000.0_mean_300.0_v3" "tx5f647b6098da4daca42d8-0069981a65" "proxy-server 20" 0.0005 "-" 24 0
Feb 20 08:25:09 np0005625200 proxy-server[124322]: 172.18.0.217 172.18.0.104 20/Feb/2026/08/25/09 GET /v1/AUTH_f6685cdb0ff24cddaeb987c63c89eafb/gnocchi.ee17f90e-ab34-41ee-a64a-c0a53224ad71/1771200000.0_mean_300.0_v3 HTTP/1.0 404 - python-swiftclient-3.11.1 gAAAAABpmBoK5Al1... - 70 - tx5f647b6098da4daca42d8-0069981a65 - 0.0177 - - 1771575909.406766176 1771575909.424514532 0
Feb 20 08:25:09 np0005625200 object-server[123083]: 172.20.0.103 - - [20/Feb/2026:08:25:09 +0000] "GET /d1/1022/AUTH_f6685cdb0ff24cddaeb987c63c89eafb/gnocchi.57f6c2c1-369d-46a1-9a14-c100505380f9/1771200000.0_mean_300.0_v3" 404 70 "GET http://172.18.0.217:8080/v1/AUTH_f6685cdb0ff24cddaeb987c63c89eafb/gnocchi.57f6c2c1-369d-46a1-9a14-c100505380f9/1771200000.0_mean_300.0_v3" "txbcb80e8be4c84731b5ea4-0069981a65" "proxy-server 12" 0.0005 "-" 22 0
Feb 20 08:25:09 np0005625200 container-server[122539]: 172.20.0.105 - - [20/Feb/2026:08:25:09 +0000] "PUT /d1/911/AUTH_f6685cdb0ff24cddaeb987c63c89eafb/gnocchi.ee17f90e-ab34-41ee-a64a-c0a53224ad71/1771200000.0_mean_300.0_v3" 201 - "PUT http://172.18.0.217:8080/d1/1023/AUTH_f6685cdb0ff24cddaeb987c63c89eafb/gnocchi.ee17f90e-ab34-41ee-a64a-c0a53224ad71/1771200000.0_mean_300.0_v3" "txf7f3316a823a4b4c95114-0069981a65" "object-server 22" 0.0008 "-" 20 0
Feb 20 08:25:09 np0005625200 object-server[123088]: 172.20.0.105 - - [20/Feb/2026:08:25:09 +0000] "PUT /d1/1023/AUTH_f6685cdb0ff24cddaeb987c63c89eafb/gnocchi.ee17f90e-ab34-41ee-a64a-c0a53224ad71/1771200000.0_mean_300.0_v3" 201 - "PUT http://172.18.0.217:8080/v1/AUTH_f6685cdb0ff24cddaeb987c63c89eafb/gnocchi.ee17f90e-ab34-41ee-a64a-c0a53224ad71/1771200000.0_mean_300.0_v3" "txf7f3316a823a4b4c95114-0069981a65" "proxy-server 20" 0.0136 "-" 23 0
Feb 20 08:25:09 np0005625200 object-server[123088]: 172.20.0.104 - - [20/Feb/2026:08:25:09 +0000] "PUT /d1/1022/AUTH_f6685cdb0ff24cddaeb987c63c89eafb/gnocchi.57f6c2c1-369d-46a1-9a14-c100505380f9/1771200000.0_mean_300.0_v3" 201 - "PUT http://172.18.0.217:8080/v1/AUTH_f6685cdb0ff24cddaeb987c63c89eafb/gnocchi.57f6c2c1-369d-46a1-9a14-c100505380f9/1771200000.0_mean_300.0_v3" "txa103944605524ff88f65e-0069981a65" "proxy-server 20" 0.0114 "-" 23 0
Feb 20 08:25:09 np0005625200 container-server[122517]: 172.20.0.103 - - [20/Feb/2026:08:25:09 +0000] "PUT /d1/152/AUTH_f6685cdb0ff24cddaeb987c63c89eafb/gnocchi.57f6c2c1-369d-46a1-9a14-c100505380f9/1771200000.0_mean_300.0_v3" 201 - "PUT http://172.18.0.217:8080/d1/1022/AUTH_f6685cdb0ff24cddaeb987c63c89eafb/gnocchi.57f6c2c1-369d-46a1-9a14-c100505380f9/1771200000.0_mean_300.0_v3" "txa103944605524ff88f65e-0069981a65" "object-server 23" 0.0012 "-" 19 0
Feb 20 08:25:09 np0005625200 proxy-server[124322]: 172.18.0.103 172.18.0.104 20/Feb/2026/08/25/09 PUT /v1/AUTH_f6685cdb0ff24cddaeb987c63c89eafb/gnocchi.57f6c2c1-369d-46a1-9a14-c100505380f9/1771200000.0_mean_300.0_v3 HTTP/1.0 201 - python-swiftclient-3.11.1 gAAAAABpmBnDOlCd... 16 - - txa103944605524ff88f65e-0069981a65 - 0.0262 - - 1771575909.449584484 1771575909.475814819 0
Feb 20 08:25:09 np0005625200 container-server[122517]: 172.20.0.104 - - [20/Feb/2026:08:25:09 +0000] "PUT /d1/911/AUTH_f6685cdb0ff24cddaeb987c63c89eafb/gnocchi.ee17f90e-ab34-41ee-a64a-c0a53224ad71/none_v3" 201 - "PUT http://172.18.0.217:8080/d1/905/AUTH_f6685cdb0ff24cddaeb987c63c89eafb/gnocchi.ee17f90e-ab34-41ee-a64a-c0a53224ad71/none_v3" "txa3c97143e9f1417a89ad3-0069981a65" "object-server 23" 0.0009 "-" 19 0
Feb 20 08:25:09 np0005625200 object-server[123088]: 172.20.0.103 - - [20/Feb/2026:08:25:09 +0000] "PUT /d1/905/AUTH_f6685cdb0ff24cddaeb987c63c89eafb/gnocchi.ee17f90e-ab34-41ee-a64a-c0a53224ad71/none_v3" 201 - "PUT http://172.18.0.217:8080/v1/AUTH_f6685cdb0ff24cddaeb987c63c89eafb/gnocchi.ee17f90e-ab34-41ee-a64a-c0a53224ad71/none_v3" "txa3c97143e9f1417a89ad3-0069981a65" "proxy-server 12" 0.0150 "-" 23 0
Feb 20 08:25:09 np0005625200 container-server[122542]: 172.20.0.103 - - [20/Feb/2026:08:25:09 +0000] "PUT /d1/152/AUTH_f6685cdb0ff24cddaeb987c63c89eafb/gnocchi.57f6c2c1-369d-46a1-9a14-c100505380f9/none_v3" 201 - "PUT http://172.18.0.217:8080/d1/890/AUTH_f6685cdb0ff24cddaeb987c63c89eafb/gnocchi.57f6c2c1-369d-46a1-9a14-c100505380f9/none_v3" "txb442bb0931944c748761a-0069981a65" "object-server 25" 0.0008 "-" 22 0
Feb 20 08:25:09 np0005625200 object-server[123097]: 172.20.0.105 - - [20/Feb/2026:08:25:09 +0000] "PUT /d1/890/AUTH_f6685cdb0ff24cddaeb987c63c89eafb/gnocchi.57f6c2c1-369d-46a1-9a14-c100505380f9/none_v3" 201 - "PUT http://172.18.0.217:8080/v1/AUTH_f6685cdb0ff24cddaeb987c63c89eafb/gnocchi.57f6c2c1-369d-46a1-9a14-c100505380f9/none_v3" "txb442bb0931944c748761a-0069981a65" "proxy-server 20" 0.0118 "-" 24 0
Feb 20 08:25:14 np0005625200 container-server[122106]: Beginning replication run
Feb 20 08:25:14 np0005625200 container-server[122106]: Replication run OVER
Feb 20 08:25:14 np0005625200 container-server[122106]: Attempted to replicate 22 dbs in 0.56209 seconds (39.13934/s)
Feb 20 08:25:14 np0005625200 container-server[122106]: Removed 0 dbs
Feb 20 08:25:14 np0005625200 container-server[122106]: 44 successes, 0 failures
Feb 20 08:25:14 np0005625200 container-server[122106]: diff:0 diff_capped:0 empty:0 hashmatch:0 no_change:44 remote_merge:0 rsync:0 ts_repl:0
Feb 20 08:25:34 np0005625200 object-server[122711]: Starting object replication pass.
Feb 20 08:25:34 np0005625200 object-server[122711]: 43/43 (100.00%) partitions replicated in 0.39s (111.68/sec, 0s remaining)
Feb 20 08:25:34 np0005625200 object-server[122711]: 86 successes, 0 failures
Feb 20 08:25:34 np0005625200 object-server[122711]: 44 suffixes checked - 0.00% hashed, 0.00% synced
Feb 20 08:25:34 np0005625200 object-server[122711]: Partition times: max 0.0158s, min 0.0060s, med 0.0079s
Feb 20 08:25:34 np0005625200 object-server[122711]: Object replication complete. (0.01 minutes)
Feb 20 08:25:36 np0005625200 object-server[223116]: Begin object audit "forever" mode (ZBF)
Feb 20 08:25:36 np0005625200 object-server[223116]: Object audit (ZBF). Since Fri Feb 20 08:25:36 2026: Locally: 1 passed, 0 quarantined, 0 errors, files/sec: 557.46, bytes/sec: 0.00, Total time: 0.00, Auditing time: 0.00, Rate: 0.00
Feb 20 08:25:36 np0005625200 account-server[121578]: Beginning replication run
Feb 20 08:25:36 np0005625200 account-server[121578]: Replication run OVER
Feb 20 08:25:36 np0005625200 account-server[121578]: Attempted to replicate 1 dbs in 0.02455 seconds (40.74101/s)
Feb 20 08:25:36 np0005625200 account-server[121578]: Removed 0 dbs
Feb 20 08:25:36 np0005625200 account-server[121578]: 2 successes, 0 failures
Feb 20 08:25:36 np0005625200 account-server[121578]: diff:0 diff_capped:0 empty:0 hashmatch:0 no_change:2 remote_merge:0 rsync:0 ts_repl:0
Feb 20 08:25:37 np0005625200 object-server[223116]: Object audit (ZBF) "forever" mode completed: 0.84s. Total quarantined: 0, Total errors: 0, Total files/sec: 52.15, Total bytes/sec: 0.00, Auditing time: 0.83, Rate: 0.99
Feb 20 08:25:44 np0005625200 container-server[122106]: Beginning replication run
Feb 20 08:25:44 np0005625200 container-server[122106]: Replication run OVER
Feb 20 08:25:44 np0005625200 container-server[122106]: Attempted to replicate 22 dbs in 0.43628 seconds (50.42654/s)
Feb 20 08:25:44 np0005625200 container-server[122106]: Removed 0 dbs
Feb 20 08:25:44 np0005625200 container-server[122106]: 44 successes, 0 failures
Feb 20 08:25:44 np0005625200 container-server[122106]: diff:0 diff_capped:0 empty:0 hashmatch:0 no_change:44 remote_merge:0 rsync:0 ts_repl:0
Feb 20 08:26:04 np0005625200 object-server[122711]: Starting object replication pass.
Feb 20 08:26:05 np0005625200 object-server[122711]: 43/43 (100.00%) partitions replicated in 0.37s (117.53/sec, 0s remaining)
Feb 20 08:26:05 np0005625200 object-server[122711]: 86 successes, 0 failures
Feb 20 08:26:05 np0005625200 object-server[122711]: 44 suffixes checked - 0.00% hashed, 0.00% synced
Feb 20 08:26:05 np0005625200 object-server[122711]: Partition times: max 0.0158s, min 0.0058s, med 0.0073s
Feb 20 08:26:05 np0005625200 object-server[122711]: Object replication complete. (0.01 minutes)
Feb 20 08:26:06 np0005625200 account-server[121578]: Beginning replication run
Feb 20 08:26:06 np0005625200 account-server[121578]: Replication run OVER
Feb 20 08:26:06 np0005625200 account-server[121578]: Attempted to replicate 1 dbs in 0.01283 seconds (77.95029/s)
Feb 20 08:26:06 np0005625200 account-server[121578]: Removed 0 dbs
Feb 20 08:26:06 np0005625200 account-server[121578]: 2 successes, 0 failures
Feb 20 08:26:06 np0005625200 account-server[121578]: diff:0 diff_capped:0 empty:0 hashmatch:0 no_change:2 remote_merge:0 rsync:0 ts_repl:0
Feb 20 08:26:07 np0005625200 object-server[228950]: Begin object audit "forever" mode (ALL)
Feb 20 08:26:07 np0005625200 object-server[228949]: Begin object audit "forever" mode (ZBF)
Feb 20 08:26:07 np0005625200 object-server[228949]: Object audit (ZBF). Since Fri Feb 20 08:26:07 2026: Locally: 1 passed, 0 quarantined, 0 errors, files/sec: 600.47, bytes/sec: 0.00, Total time: 0.00, Auditing time: 0.00, Rate: 0.00
Feb 20 08:26:07 np0005625200 object-server[228950]: Object audit (ALL). Since Fri Feb 20 08:26:07 2026: Locally: 1 passed, 0 quarantined, 0 errors, files/sec: 112.55, bytes/sec: 1800.76, Total time: 0.01, Auditing time: 0.00, Rate: 0.00
Feb 20 08:26:08 np0005625200 object-server[228949]: Object audit (ZBF) "forever" mode completed: 0.84s. Total quarantined: 0, Total errors: 0, Total files/sec: 52.17, Total bytes/sec: 0.00, Auditing time: 0.83, Rate: 0.99
Feb 20 08:26:09 np0005625200 object-server[228950]: Object audit (ALL) "forever" mode completed: 2.11s. Total quarantined: 0, Total errors: 0, Total files/sec: 20.85, Total bytes/sec: 400.85, Auditing time: 2.10, Rate: 0.99
Feb 20 08:26:14 np0005625200 container-server[122106]: Beginning replication run
Feb 20 08:26:14 np0005625200 container-server[122106]: Replication run OVER
Feb 20 08:26:14 np0005625200 container-server[122106]: Attempted to replicate 22 dbs in 0.43347 seconds (50.75313/s)
Feb 20 08:26:14 np0005625200 container-server[122106]: Removed 0 dbs
Feb 20 08:26:14 np0005625200 container-server[122106]: 44 successes, 0 failures
Feb 20 08:26:14 np0005625200 container-server[122106]: diff:0 diff_capped:0 empty:0 hashmatch:0 no_change:44 remote_merge:0 rsync:0 ts_repl:0
Feb 20 08:26:19 np0005625200 account-server[122412]: 172.20.0.105 - - [20/Feb/2026:08:26:19 +0000] "PUT /d1/242/AUTH_f6685cdb0ff24cddaeb987c63c89eafb/gnocchi.a395e6c5-e154-4ae2-b48b-ce09e3fb3272" 201 - "-" "-" "container-updater 2" 0.0009 "-" 23 0
Feb 20 08:26:20 np0005625200 account-server[122402]: 172.20.0.105 - - [20/Feb/2026:08:26:20 +0000] "PUT /d1/242/AUTH_f6685cdb0ff24cddaeb987c63c89eafb/gnocchi.02ed205e-8f27-4049-8c8e-06bd6d6fe2ee" 201 - "-" "-" "container-updater 2" 0.0009 "-" 21 0
Feb 20 08:26:20 np0005625200 account-server[122406]: 172.20.0.105 - - [20/Feb/2026:08:26:20 +0000] "PUT /d1/242/AUTH_f6685cdb0ff24cddaeb987c63c89eafb/gnocchi.c6a02827-5377-445d-9a77-7508ae5c16f8" 201 - "-" "-" "container-updater 2" 0.0006 "-" 22 0
Feb 20 08:26:20 np0005625200 account-server[122399]: 172.20.0.105 - - [20/Feb/2026:08:26:20 +0000] "PUT /d1/242/AUTH_f6685cdb0ff24cddaeb987c63c89eafb/gnocchi.e2269eba-6c45-4b8c-9e2c-18628a3fcf43" 201 - "-" "-" "container-updater 2" 0.0010 "-" 20 0
Feb 20 08:26:20 np0005625200 account-server[122399]: 172.20.0.105 - - [20/Feb/2026:08:26:20 +0000] "PUT /d1/242/AUTH_f6685cdb0ff24cddaeb987c63c89eafb/gnocchi.23c72719-66c8-4eb0-8eaf-7878444cd1d1" 201 - "-" "-" "container-updater 2" 0.0007 "-" 20 0
Feb 20 08:26:20 np0005625200 account-server[122412]: 172.20.0.105 - - [20/Feb/2026:08:26:20 +0000] "PUT /d1/242/AUTH_f6685cdb0ff24cddaeb987c63c89eafb/gnocchi.afd0005f-ff17-40c4-ab95-86eda4ec1945" 201 - "-" "-" "container-updater 2" 0.0007 "-" 23 0
Feb 20 08:26:20 np0005625200 account-server[122399]: 172.20.0.105 - - [20/Feb/2026:08:26:20 +0000] "PUT /d1/242/AUTH_f6685cdb0ff24cddaeb987c63c89eafb/gnocchi.5cca5c28-86ea-4f83-8aa3-b2d82491acae" 201 - "-" "-" "container-updater 2" 0.0006 "-" 20 0
Feb 20 08:26:20 np0005625200 account-server[122406]: 172.20.0.105 - - [20/Feb/2026:08:26:20 +0000] "PUT /d1/242/AUTH_f6685cdb0ff24cddaeb987c63c89eafb/gnocchi.2af31e73-cd75-4e32-a2de-74f69abce527" 201 - "-" "-" "container-updater 2" 0.0007 "-" 22 0
Feb 20 08:26:20 np0005625200 account-server[122412]: 172.20.0.105 - - [20/Feb/2026:08:26:20 +0000] "PUT /d1/242/AUTH_f6685cdb0ff24cddaeb987c63c89eafb/gnocchi.7feaaf5b-6612-4206-8816-45b85e59eb15" 201 - "-" "-" "container-updater 2" 0.0004 "-" 23 0
Feb 20 08:26:20 np0005625200 account-server[122402]: 172.20.0.105 - - [20/Feb/2026:08:26:20 +0000] "PUT /d1/242/AUTH_f6685cdb0ff24cddaeb987c63c89eafb/gnocchi.78f71700-ef08-4754-9e63-ec9dc16d8fcc" 201 - "-" "-" "container-updater 2" 0.0005 "-" 21 0
Feb 20 08:26:20 np0005625200 account-server[122406]: 172.20.0.105 - - [20/Feb/2026:08:26:20 +0000] "PUT /d1/242/AUTH_f6685cdb0ff24cddaeb987c63c89eafb/gnocchi.e47711ad-b2c2-4042-950d-c3cb2205b152" 201 - "-" "-" "container-updater 2" 0.0009 "-" 22 0
Feb 20 08:26:20 np0005625200 account-server[122402]: 172.20.0.105 - - [20/Feb/2026:08:26:20 +0000] "PUT /d1/242/AUTH_f6685cdb0ff24cddaeb987c63c89eafb/gnocchi.e90fbddf-dc03-482b-beb4-2b74f66e9e9f" 201 - "-" "-" "container-updater 2" 0.0007 "-" 21 0
Feb 20 08:26:20 np0005625200 account-server[122406]: 172.20.0.105 - - [20/Feb/2026:08:26:20 +0000] "PUT /d1/242/AUTH_f6685cdb0ff24cddaeb987c63c89eafb/gnocchi.9ff9bbd9-5c0e-4798-8596-edf052be9f7c" 201 - "-" "-" "container-updater 2" 0.0005 "-" 22 0
Feb 20 08:26:21 np0005625200 account-server[122412]: 172.20.0.105 - - [20/Feb/2026:08:26:21 +0000] "PUT /d1/242/AUTH_f6685cdb0ff24cddaeb987c63c89eafb/gnocchi.41b982b7-c301-4140-8ada-e4cc49faf038" 201 - "-" "-" "container-updater 2" 0.0007 "-" 23 0
Feb 20 08:26:21 np0005625200 account-server[122402]: 172.20.0.105 - - [20/Feb/2026:08:26:21 +0000] "PUT /d1/242/AUTH_f6685cdb0ff24cddaeb987c63c89eafb/gnocchi.d8f39d30-d995-437e-9b34-0ff4c23179a2" 201 - "-" "-" "container-updater 2" 0.0006 "-" 21 0
Feb 20 08:26:21 np0005625200 account-server[122406]: 172.20.0.105 - - [20/Feb/2026:08:26:21 +0000] "PUT /d1/242/AUTH_f6685cdb0ff24cddaeb987c63c89eafb/gnocchi.f3fbfa03-9801-49f9-b267-48f00df06d7a" 201 - "-" "-" "container-updater 2" 0.0009 "-" 22 0
Feb 20 08:26:21 np0005625200 account-server[122399]: 172.20.0.105 - - [20/Feb/2026:08:26:21 +0000] "PUT /d1/242/AUTH_f6685cdb0ff24cddaeb987c63c89eafb/gnocchi.21b20fbb-2c50-4f78-b449-53c4b970d5f2" 201 - "-" "-" "container-updater 2" 0.0005 "-" 20 0
Feb 20 08:26:21 np0005625200 account-server[122412]: 172.20.0.105 - - [20/Feb/2026:08:26:21 +0000] "PUT /d1/242/AUTH_f6685cdb0ff24cddaeb987c63c89eafb/gnocchi.38a2efc0-7cf7-4915-9d05-4b2513fdc4b8" 201 - "-" "-" "container-updater 2" 0.0007 "-" 23 0
Feb 20 08:26:21 np0005625200 account-server[122402]: 172.20.0.105 - - [20/Feb/2026:08:26:21 +0000] "PUT /d1/242/AUTH_f6685cdb0ff24cddaeb987c63c89eafb/gnocchi.57f6c2c1-369d-46a1-9a14-c100505380f9" 201 - "-" "-" "container-updater 2" 0.0007 "-" 21 0
Feb 20 08:26:21 np0005625200 account-server[122399]: 172.20.0.105 - - [20/Feb/2026:08:26:21 +0000] "PUT /d1/242/AUTH_f6685cdb0ff24cddaeb987c63c89eafb/gnocchi.4473e413-f4cd-47ef-bd97-61b018841662" 201 - "-" "-" "container-updater 2" 0.0015 "-" 20 0
Feb 20 08:26:21 np0005625200 account-server[122406]: 172.20.0.105 - - [20/Feb/2026:08:26:21 +0000] "PUT /d1/242/AUTH_f6685cdb0ff24cddaeb987c63c89eafb/gnocchi.9a9284df-76a6-44e1-9e43-ffa194ef2784" 201 - "-" "-" "container-updater 2" 0.0007 "-" 22 0
