Feb 20 08:23:38 np0005625200 object-server[123097]: 172.20.0.104 - - [20/Feb/2026:08:23:38 +0000] "GET /d1/895/AUTH_f6685cdb0ff24cddaeb987c63c89eafb/gnocchi.c6a02827-5377-445d-9a77-7508ae5c16f8/1771200000.0_mean_300.0_v3" 404 70 "GET http://172.18.0.217:8080/v1/AUTH_f6685cdb0ff24cddaeb987c63c89eafb/gnocchi.c6a02827-5377-445d-9a77-7508ae5c16f8/1771200000.0_mean_300.0_v3" "tx8129d727e5974b6cb3749-0069981a0a" "proxy-server 20" 0.0005 "-" 24 0
Feb 20 08:23:38 np0005625200 proxy-server[124322]: 172.18.0.103 172.18.0.104 20/Feb/2026/08/23/38 GET /v1/AUTH_f6685cdb0ff24cddaeb987c63c89eafb/gnocchi.c6a02827-5377-445d-9a77-7508ae5c16f8/1771200000.0_mean_300.0_v3 HTTP/1.0 404 - python-swiftclient-3.11.1 gAAAAABpmBnDOlCd... - 70 - tx8129d727e5974b6cb3749-0069981a0a - 0.0176 - - 1771575818.078233957 1771575818.095841885 0
Feb 20 08:23:38 np0005625200 object-server[123111]: 172.20.0.104 - - [20/Feb/2026:08:23:38 +0000] "GET /d1/876/AUTH_f6685cdb0ff24cddaeb987c63c89eafb/gnocchi.7feaaf5b-6612-4206-8816-45b85e59eb15/1771200000.0_mean_300.0_v3" 404 70 "GET http://172.18.0.217:8080/v1/AUTH_f6685cdb0ff24cddaeb987c63c89eafb/gnocchi.7feaaf5b-6612-4206-8816-45b85e59eb15/1771200000.0_mean_300.0_v3" "tx7c9b1bf335d84f59bf497-0069981a0a" "proxy-server 20" 0.0007 "-" 25 0
Feb 20 08:23:38 np0005625200 proxy-server[124322]: 172.18.0.105 172.18.0.104 20/Feb/2026/08/23/38 GET /v1/AUTH_f6685cdb0ff24cddaeb987c63c89eafb/gnocchi.7feaaf5b-6612-4206-8816-45b85e59eb15/1771200000.0_mean_300.0_v3 HTTP/1.0 404 - python-swiftclient-3.11.1 gAAAAABpmBnhhvsV... - 70 - tx7c9b1bf335d84f59bf497-0069981a0a - 0.0168 - - 1771575818.114886761 1771575818.131719589 0
Feb 20 08:23:38 np0005625200 container-server[122542]: 172.20.0.103 - - [20/Feb/2026:08:23:38 +0000] "PUT /d1/565/AUTH_f6685cdb0ff24cddaeb987c63c89eafb/gnocchi.7feaaf5b-6612-4206-8816-45b85e59eb15/1771200000.0_mean_300.0_v3" 201 - "PUT http://172.18.0.217:8080/d1/876/AUTH_f6685cdb0ff24cddaeb987c63c89eafb/gnocchi.7feaaf5b-6612-4206-8816-45b85e59eb15/1771200000.0_mean_300.0_v3" "txa527a16b91934677b9773-0069981a0a" "object-server 23" 0.0009 "-" 22 0
Feb 20 08:23:38 np0005625200 container-server[122542]: 172.20.0.104 - - [20/Feb/2026:08:23:38 +0000] "PUT /d1/750/AUTH_f6685cdb0ff24cddaeb987c63c89eafb/gnocchi.c6a02827-5377-445d-9a77-7508ae5c16f8/1771200000.0_mean_300.0_v3" 201 - "PUT http://172.18.0.217:8080/d1/895/AUTH_f6685cdb0ff24cddaeb987c63c89eafb/gnocchi.c6a02827-5377-445d-9a77-7508ae5c16f8/1771200000.0_mean_300.0_v3" "tx096e7d233fe1427d82bfb-0069981a0a" "object-server 22" 0.0007 "-" 22 0
Feb 20 08:23:38 np0005625200 object-server[123097]: 172.20.0.103 - - [20/Feb/2026:08:23:38 +0000] "PUT /d1/876/AUTH_f6685cdb0ff24cddaeb987c63c89eafb/gnocchi.7feaaf5b-6612-4206-8816-45b85e59eb15/1771200000.0_mean_300.0_v3" 201 - "PUT http://172.18.0.217:8080/v1/AUTH_f6685cdb0ff24cddaeb987c63c89eafb/gnocchi.7feaaf5b-6612-4206-8816-45b85e59eb15/1771200000.0_mean_300.0_v3" "txa527a16b91934677b9773-0069981a0a" "proxy-server 12" 0.0201 "-" 24 0
Feb 20 08:23:38 np0005625200 object-server[123083]: 172.20.0.105 - - [20/Feb/2026:08:23:38 +0000] "PUT /d1/895/AUTH_f6685cdb0ff24cddaeb987c63c89eafb/gnocchi.c6a02827-5377-445d-9a77-7508ae5c16f8/1771200000.0_mean_300.0_v3" 201 - "PUT http://172.18.0.217:8080/v1/AUTH_f6685cdb0ff24cddaeb987c63c89eafb/gnocchi.c6a02827-5377-445d-9a77-7508ae5c16f8/1771200000.0_mean_300.0_v3" "tx096e7d233fe1427d82bfb-0069981a0a" "proxy-server 20" 0.0564 "-" 22 0
Feb 20 08:23:38 np0005625200 container-server[122545]: 172.20.0.103 - - [20/Feb/2026:08:23:38 +0000] "PUT /d1/565/AUTH_f6685cdb0ff24cddaeb987c63c89eafb/gnocchi.7feaaf5b-6612-4206-8816-45b85e59eb15/none_v3" 201 - "PUT http://172.18.0.217:8080/d1/669/AUTH_f6685cdb0ff24cddaeb987c63c89eafb/gnocchi.7feaaf5b-6612-4206-8816-45b85e59eb15/none_v3" "tx4bdac245b840482c8a34a-0069981a0a" "object-server 24" 0.0007 "-" 23 0
Feb 20 08:23:38 np0005625200 object-server[123088]: 172.20.0.103 - - [20/Feb/2026:08:23:38 +0000] "PUT /d1/669/AUTH_f6685cdb0ff24cddaeb987c63c89eafb/gnocchi.7feaaf5b-6612-4206-8816-45b85e59eb15/none_v3" 201 - "PUT http://172.18.0.217:8080/v1/AUTH_f6685cdb0ff24cddaeb987c63c89eafb/gnocchi.7feaaf5b-6612-4206-8816-45b85e59eb15/none_v3" "tx4bdac245b840482c8a34a-0069981a0a" "proxy-server 12" 0.0174 "-" 23 0
Feb 20 08:23:38 np0005625200 container-server[122542]: 172.20.0.104 - - [20/Feb/2026:08:23:38 +0000] "PUT /d1/750/AUTH_f6685cdb0ff24cddaeb987c63c89eafb/gnocchi.c6a02827-5377-445d-9a77-7508ae5c16f8/none_v3" 201 - "PUT http://172.18.0.217:8080/d1/642/AUTH_f6685cdb0ff24cddaeb987c63c89eafb/gnocchi.c6a02827-5377-445d-9a77-7508ae5c16f8/none_v3" "tx15e462b387984b2793c58-0069981a0a" "object-server 24" 0.0010 "-" 22 0
Feb 20 08:23:38 np0005625200 object-server[123097]: 172.20.0.105 - - [20/Feb/2026:08:23:38 +0000] "PUT /d1/642/AUTH_f6685cdb0ff24cddaeb987c63c89eafb/gnocchi.c6a02827-5377-445d-9a77-7508ae5c16f8/none_v3" 201 - "PUT http://172.18.0.217:8080/v1/AUTH_f6685cdb0ff24cddaeb987c63c89eafb/gnocchi.c6a02827-5377-445d-9a77-7508ae5c16f8/none_v3" "tx15e462b387984b2793c58-0069981a0a" "proxy-server 20" 0.0217 "-" 24 0
Feb 20 08:23:38 np0005625200 container-server[122545]: 172.20.0.104 - - [20/Feb/2026:08:23:38 +0000] "HEAD /d1/489/AUTH_f6685cdb0ff24cddaeb987c63c89eafb/gnocchi.f3fbfa03-9801-49f9-b267-48f00df06d7a" 404 - "HEAD http://172.18.0.217:8080/v1/AUTH_f6685cdb0ff24cddaeb987c63c89eafb/gnocchi.f3fbfa03-9801-49f9-b267-48f00df06d7a?format=json&states=listing" "tx4c7c69884aa946debcb7c-0069981a0a" "proxy-server 20" 0.0006 "-" 23 0
Feb 20 08:23:38 np0005625200 object-server[123097]: 172.20.0.104 - - [20/Feb/2026:08:23:38 +0000] "GET /d1/325/AUTH_f6685cdb0ff24cddaeb987c63c89eafb/gnocchi.f3fbfa03-9801-49f9-b267-48f00df06d7a/none_v3" 404 70 "GET http://172.18.0.217:8080/v1/AUTH_f6685cdb0ff24cddaeb987c63c89eafb/gnocchi.f3fbfa03-9801-49f9-b267-48f00df06d7a/none_v3" "tx4c7c69884aa946debcb7c-0069981a0a" "proxy-server 20" 0.0003 "-" 24 0
Feb 20 08:23:38 np0005625200 proxy-server[124322]: 172.18.0.217 172.18.0.104 20/Feb/2026/08/23/38 GET /v1/AUTH_f6685cdb0ff24cddaeb987c63c89eafb/gnocchi.f3fbfa03-9801-49f9-b267-48f00df06d7a/none_v3 HTTP/1.0 404 - python-swiftclient-3.11.1 gAAAAABpmBoK5Al1... - 70 - tx4c7c69884aa946debcb7c-0069981a0a - 0.3867 - - 1771575818.168044329 1771575818.554707766 0
Feb 20 08:23:38 np0005625200 account-server[122406]: 172.20.0.103 - - [20/Feb/2026:08:23:38 +0000] "PUT /d1/242/AUTH_f6685cdb0ff24cddaeb987c63c89eafb/gnocchi.f3fbfa03-9801-49f9-b267-48f00df06d7a" 201 - "PUT http://172.20.0.103:6001/d1/489/AUTH_f6685cdb0ff24cddaeb987c63c89eafb/gnocchi.f3fbfa03-9801-49f9-b267-48f00df06d7a" "tx1cec4063ec9942e9aac7b-0069981a0a" "container-server 23" 0.0080 "-" 22 0
Feb 20 08:23:38 np0005625200 container-server[122542]: 172.20.0.103 - - [20/Feb/2026:08:23:38 +0000] "PUT /d1/489/AUTH_f6685cdb0ff24cddaeb987c63c89eafb/gnocchi.f3fbfa03-9801-49f9-b267-48f00df06d7a" 201 - "PUT http://172.18.0.217:8080/v1/AUTH_f6685cdb0ff24cddaeb987c63c89eafb/gnocchi.f3fbfa03-9801-49f9-b267-48f00df06d7a" "tx1cec4063ec9942e9aac7b-0069981a0a" "proxy-server 12" 0.0239 "-" 22 0
Feb 20 08:23:38 np0005625200 container-server[122539]: 172.20.0.105 - - [20/Feb/2026:08:23:38 +0000] "GET /d1/489/AUTH_f6685cdb0ff24cddaeb987c63c89eafb/gnocchi.f3fbfa03-9801-49f9-b267-48f00df06d7a" 200 2 "GET http://172.18.0.217:8080/v1/AUTH_f6685cdb0ff24cddaeb987c63c89eafb/gnocchi.f3fbfa03-9801-49f9-b267-48f00df06d7a?format=json&states=listing" "tx15818c542aac4ba3a7281-0069981a0a" "proxy-server 20" 0.0019 "-" 20 0
Feb 20 08:23:38 np0005625200 object-server[123097]: 172.20.0.104 - - [20/Feb/2026:08:23:38 +0000] "GET /d1/624/AUTH_f6685cdb0ff24cddaeb987c63c89eafb/gnocchi.f3fbfa03-9801-49f9-b267-48f00df06d7a/1771200000.0_mean_300.0_v3" 404 70 "GET http://172.18.0.217:8080/v1/AUTH_f6685cdb0ff24cddaeb987c63c89eafb/gnocchi.f3fbfa03-9801-49f9-b267-48f00df06d7a/1771200000.0_mean_300.0_v3" "tx74f9bbcb39c94a2682dca-0069981a0a" "proxy-server 20" 0.0005 "-" 24 0
Feb 20 08:23:38 np0005625200 proxy-server[124322]: 172.18.0.217 172.18.0.104 20/Feb/2026/08/23/38 GET /v1/AUTH_f6685cdb0ff24cddaeb987c63c89eafb/gnocchi.f3fbfa03-9801-49f9-b267-48f00df06d7a/1771200000.0_mean_300.0_v3 HTTP/1.0 404 - python-swiftclient-3.11.1 gAAAAABpmBoK5Al1... - 70 - tx74f9bbcb39c94a2682dca-0069981a0a - 0.0183 - - 1771575818.635798216 1771575818.654062033 0
Feb 20 08:23:38 np0005625200 container-server[122542]: 172.20.0.103 - - [20/Feb/2026:08:23:38 +0000] "PUT /d1/489/AUTH_f6685cdb0ff24cddaeb987c63c89eafb/gnocchi.f3fbfa03-9801-49f9-b267-48f00df06d7a/1771200000.0_mean_300.0_v3" 201 - "PUT http://172.18.0.217:8080/d1/624/AUTH_f6685cdb0ff24cddaeb987c63c89eafb/gnocchi.f3fbfa03-9801-49f9-b267-48f00df06d7a/1771200000.0_mean_300.0_v3" "tx9de28ba55e0b410fb594b-0069981a0a" "object-server 22" 0.0010 "-" 22 0
Feb 20 08:23:38 np0005625200 object-server[123097]: 172.20.0.103 - - [20/Feb/2026:08:23:38 +0000] "PUT /d1/624/AUTH_f6685cdb0ff24cddaeb987c63c89eafb/gnocchi.f3fbfa03-9801-49f9-b267-48f00df06d7a/1771200000.0_mean_300.0_v3" 201 - "PUT http://172.18.0.217:8080/v1/AUTH_f6685cdb0ff24cddaeb987c63c89eafb/gnocchi.f3fbfa03-9801-49f9-b267-48f00df06d7a/1771200000.0_mean_300.0_v3" "tx9de28ba55e0b410fb594b-0069981a0a" "proxy-server 12" 0.0176 "-" 24 0
Feb 20 08:23:38 np0005625200 container-server[122542]: 172.20.0.104 - - [20/Feb/2026:08:23:38 +0000] "PUT /d1/489/AUTH_f6685cdb0ff24cddaeb987c63c89eafb/gnocchi.f3fbfa03-9801-49f9-b267-48f00df06d7a/none_v3" 201 - "PUT http://172.18.0.217:8080/d1/325/AUTH_f6685cdb0ff24cddaeb987c63c89eafb/gnocchi.f3fbfa03-9801-49f9-b267-48f00df06d7a/none_v3" "tx5f294fba2c024aecb6e50-0069981a0a" "object-server 22" 0.0007 "-" 22 0
Feb 20 08:23:38 np0005625200 object-server[123083]: 172.20.0.105 - - [20/Feb/2026:08:23:38 +0000] "PUT /d1/325/AUTH_f6685cdb0ff24cddaeb987c63c89eafb/gnocchi.f3fbfa03-9801-49f9-b267-48f00df06d7a/none_v3" 201 - "PUT http://172.18.0.217:8080/v1/AUTH_f6685cdb0ff24cddaeb987c63c89eafb/gnocchi.f3fbfa03-9801-49f9-b267-48f00df06d7a/none_v3" "tx5f294fba2c024aecb6e50-0069981a0a" "proxy-server 20" 0.0119 "-" 22 0
Feb 20 08:23:44 np0005625200 container-server[122106]: Beginning replication run
Feb 20 08:23:44 np0005625200 container-server[122106]: Replication run OVER
Feb 20 08:23:44 np0005625200 container-server[122106]: Attempted to replicate 8 dbs in 0.25816 seconds (30.98842/s)
Feb 20 08:23:44 np0005625200 container-server[122106]: Removed 0 dbs
Feb 20 08:23:44 np0005625200 container-server[122106]: 16 successes, 0 failures
Feb 20 08:23:44 np0005625200 container-server[122106]: diff:0 diff_capped:0 empty:0 hashmatch:0 no_change:16 remote_merge:0 rsync:0 ts_repl:0
Feb 20 08:23:51 np0005625200 account-server[122402]: 172.20.0.105 - - [20/Feb/2026:08:23:51 +0000] "HEAD /d1/204/.expiring_objects" 404 - "HEAD http://localhost/v1/.expiring_objects?format=json" "txa2ebdea01fa049c28630a-0069981a17" "proxy-server 2" 0.0010 "-" 21 -
Feb 20 08:23:59 np0005625200 account-server[122412]: 172.20.0.103 - - [20/Feb/2026:08:23:59 +0000] "HEAD /d1/204/.expiring_objects" 404 - "HEAD http://localhost/v1/.expiring_objects?format=json" "txb832e40decd64f80a2383-0069981a1f" "proxy-server 2" 0.0007 "-" 23 -
Feb 20 08:24:03 np0005625200 object-server[122812]: Begin object update sweep
Feb 20 08:24:03 np0005625200 object-server[217101]: Object update sweep starting on /srv/node/d1 (pid: 14)
Feb 20 08:24:03 np0005625200 object-server[217101]: Object update sweep completed on /srv/node/d1 in 0.00s seconds:, 0 successes, 0 failures, 0 quarantines, 0 unlinks, 0 errors, 0 redirects (pid: 14)
Feb 20 08:24:03 np0005625200 object-server[217101]: Object update sweep of d1 completed: 0.00s, 0 successes, 0 failures, 0 quarantines, 0 unlinks, 0 errors, 0 redirects
Feb 20 08:24:03 np0005625200 object-server[122812]: Object update sweep completed: 0.08s
Feb 20 08:24:03 np0005625200 object-server[122711]: Starting object replication pass.
Feb 20 08:24:04 np0005625200 object-server[122711]: 16/16 (100.00%) partitions replicated in 0.16s (97.40/sec, 0s remaining)
Feb 20 08:24:04 np0005625200 object-server[122711]: 32 successes, 0 failures
Feb 20 08:24:04 np0005625200 object-server[122711]: 16 suffixes checked - 0.00% hashed, 0.00% synced
Feb 20 08:24:04 np0005625200 object-server[122711]: Partition times: max 0.0176s, min 0.0056s, med 0.0088s
Feb 20 08:24:04 np0005625200 object-server[122711]: Object replication complete. (0.00 minutes)
Feb 20 08:24:05 np0005625200 object-server[217136]: Begin object audit "forever" mode (ZBF)
Feb 20 08:24:05 np0005625200 object-server[217136]: Object audit (ZBF). Since Fri Feb 20 08:24:05 2026: Locally: 1 passed, 0 quarantined, 0 errors, files/sec: 482.83, bytes/sec: 0.00, Total time: 0.00, Auditing time: 0.00, Rate: 0.00
Feb 20 08:24:05 np0005625200 object-server[217137]: Begin object audit "forever" mode (ALL)
Feb 20 08:24:05 np0005625200 object-server[217137]: Object audit (ALL). Since Fri Feb 20 08:24:05 2026: Locally: 1 passed, 0 quarantined, 0 errors, files/sec: 87.37, bytes/sec: 1397.98, Total time: 0.01, Auditing time: 0.00, Rate: 0.00
Feb 20 08:24:05 np0005625200 object-server[217136]: Object audit (ZBF) "forever" mode completed: 0.28s. Total quarantined: 0, Total errors: 0, Total files/sec: 56.25, Total bytes/sec: 0.00, Auditing time: 0.28, Rate: 0.97
Feb 20 08:24:06 np0005625200 object-server[217137]: Object audit (ALL) "forever" mode completed: 0.71s. Total quarantined: 0, Total errors: 0, Total files/sec: 22.38, Total bytes/sec: 439.28, Auditing time: 0.71, Rate: 0.99
Feb 20 08:24:06 np0005625200 account-server[121578]: Beginning replication run
Feb 20 08:24:06 np0005625200 account-server[121578]: Replication run OVER
Feb 20 08:24:06 np0005625200 account-server[121578]: Attempted to replicate 1 dbs in 0.02615 seconds (38.24009/s)
Feb 20 08:24:06 np0005625200 account-server[121578]: Removed 0 dbs
Feb 20 08:24:06 np0005625200 account-server[121578]: 2 successes, 0 failures
Feb 20 08:24:06 np0005625200 account-server[121578]: diff:0 diff_capped:0 empty:0 hashmatch:0 no_change:2 remote_merge:0 rsync:0 ts_repl:0
Feb 20 08:24:14 np0005625200 container-server[122106]: Beginning replication run
Feb 20 08:24:14 np0005625200 container-server[122106]: Replication run OVER
Feb 20 08:24:14 np0005625200 container-server[122106]: Attempted to replicate 8 dbs in 0.15178 seconds (52.70688/s)
Feb 20 08:24:14 np0005625200 container-server[122106]: Removed 0 dbs
Feb 20 08:24:14 np0005625200 container-server[122106]: 16 successes, 0 failures
Feb 20 08:24:14 np0005625200 container-server[122106]: diff:0 diff_capped:0 empty:0 hashmatch:0 no_change:16 remote_merge:0 rsync:0 ts_repl:0
Feb 20 08:24:18 np0005625200 account-server[122402]: 172.20.0.104 - - [20/Feb/2026:08:24:18 +0000] "HEAD /d1/204/.expiring_objects" 404 - "HEAD http://localhost/v1/.expiring_objects?format=json" "tx1b405870627a4b9cbc49b-0069981a32" "proxy-server 2" 0.0010 "-" 21 -
Feb 20 08:24:18 np0005625200 object-expirer[122456]: Pass completed in 0s; 0 objects expired (txn: tx1b405870627a4b9cbc49b-0069981a32)
Feb 20 08:24:24 np0005625200 account-server[122406]: 172.20.0.104 - - [20/Feb/2026:08:24:24 +0000] "HEAD /d1/204/.expiring_objects" 404 - "HEAD http://localhost/v1/.expiring_objects?format=json" "txb8f05a3c3d8c4facb742a-0069981a38" "proxy-server 2" 0.0006 "-" 22 -
Feb 20 08:24:24 np0005625200 object-expirer[122456]: Pass completed in 0s; 0 objects expired (txn: txb8f05a3c3d8c4facb742a-0069981a38)
Feb 20 08:24:34 np0005625200 account-server[121630]: Devices pass completed: 0.00s
Feb 20 08:24:34 np0005625200 object-server[122711]: Starting object replication pass.
Feb 20 08:24:34 np0005625200 object-server[122711]: 16/16 (100.00%) partitions replicated in 0.16s (97.76/sec, 0s remaining)
Feb 20 08:24:34 np0005625200 object-server[122711]: 32 successes, 0 failures
Feb 20 08:24:34 np0005625200 object-server[122711]: 16 suffixes checked - 0.00% hashed, 0.00% synced
Feb 20 08:24:34 np0005625200 object-server[122711]: Partition times: max 0.0193s, min 0.0073s, med 0.0091s
Feb 20 08:24:34 np0005625200 object-server[122711]: Object replication complete. (0.00 minutes)
Feb 20 08:24:35 np0005625200 object-server[217163]: Begin object audit "forever" mode (ZBF)
Feb 20 08:24:35 np0005625200 object-server[217163]: Object audit (ZBF). Since Fri Feb 20 08:24:35 2026: Locally: 1 passed, 0 quarantined, 0 errors, files/sec: 461.83, bytes/sec: 0.00, Total time: 0.00, Auditing time: 0.00, Rate: 0.00
Feb 20 08:24:36 np0005625200 object-server[217163]: Object audit (ZBF) "forever" mode completed: 0.28s. Total quarantined: 0, Total errors: 0, Total files/sec: 56.32, Total bytes/sec: 0.00, Auditing time: 0.28, Rate: 0.98
Feb 20 08:24:36 np0005625200 account-server[121578]: Beginning replication run
Feb 20 08:24:36 np0005625200 account-server[121578]: Replication run OVER
Feb 20 08:24:36 np0005625200 account-server[121578]: Attempted to replicate 1 dbs in 0.01623 seconds (61.63162/s)
Feb 20 08:24:36 np0005625200 account-server[121578]: Removed 0 dbs
Feb 20 08:24:36 np0005625200 account-server[121578]: 2 successes, 0 failures
Feb 20 08:24:36 np0005625200 account-server[121578]: diff:0 diff_capped:0 empty:0 hashmatch:0 no_change:2 remote_merge:0 rsync:0 ts_repl:0
Feb 20 08:24:44 np0005625200 container-server[122106]: Beginning replication run
Feb 20 08:24:44 np0005625200 container-server[122106]: Replication run OVER
Feb 20 08:24:44 np0005625200 container-server[122106]: Attempted to replicate 8 dbs in 0.15205 seconds (52.61341/s)
Feb 20 08:24:44 np0005625200 container-server[122106]: Removed 0 dbs
Feb 20 08:24:44 np0005625200 container-server[122106]: 16 successes, 0 failures
Feb 20 08:24:44 np0005625200 container-server[122106]: diff:0 diff_capped:0 empty:0 hashmatch:0 no_change:16 remote_merge:0 rsync:0 ts_repl:0
Feb 20 08:25:04 np0005625200 object-server[122711]: Starting object replication pass.
Feb 20 08:25:04 np0005625200 object-server[122711]: 16/16 (100.00%) partitions replicated in 0.14s (110.53/sec, 0s remaining)
Feb 20 08:25:04 np0005625200 object-server[122711]: 32 successes, 0 failures
Feb 20 08:25:04 np0005625200 object-server[122711]: 16 suffixes checked - 0.00% hashed, 0.00% synced
Feb 20 08:25:04 np0005625200 object-server[122711]: Partition times: max 0.0133s, min 0.0059s, med 0.0078s
Feb 20 08:25:04 np0005625200 object-server[122711]: Object replication complete. (0.00 minutes)
Feb 20 08:25:06 np0005625200 object-server[223056]: Begin object audit "forever" mode (ALL)
Feb 20 08:25:06 np0005625200 object-server[223055]: Begin object audit "forever" mode (ZBF)
Feb 20 08:25:06 np0005625200 object-server[223055]: Object audit (ZBF). Since Fri Feb 20 08:25:06 2026: Locally: 1 passed, 0 quarantined, 0 errors, files/sec: 452.07, bytes/sec: 0.00, Total time: 0.00, Auditing time: 0.00, Rate: 0.00
Feb 20 08:25:06 np0005625200 object-server[223056]: Object audit (ALL). Since Fri Feb 20 08:25:06 2026: Locally: 1 passed, 0 quarantined, 0 errors, files/sec: 109.16, bytes/sec: 1746.58, Total time: 0.01, Auditing time: 0.00, Rate: 0.00
Feb 20 08:25:06 np0005625200 object-server[223055]: Object audit (ZBF) "forever" mode completed: 0.29s. Total quarantined: 0, Total errors: 0, Total files/sec: 56.05, Total bytes/sec: 0.00, Auditing time: 0.28, Rate: 0.97
Feb 20 08:25:06 np0005625200 account-server[121578]: Beginning replication run
Feb 20 08:25:06 np0005625200 account-server[121578]: Replication run OVER
Feb 20 08:25:06 np0005625200 account-server[121578]: Attempted to replicate 1 dbs in 0.01586 seconds (63.06141/s)
Feb 20 08:25:06 np0005625200 account-server[121578]: Removed 0 dbs
Feb 20 08:25:06 np0005625200 account-server[121578]: 2 successes, 0 failures
Feb 20 08:25:06 np0005625200 account-server[121578]: diff:0 diff_capped:0 empty:0 hashmatch:0 no_change:2 remote_merge:0 rsync:0 ts_repl:0
Feb 20 08:25:06 np0005625200 object-server[223056]: Object audit (ALL) "forever" mode completed: 0.71s. Total quarantined: 0, Total errors: 0, Total files/sec: 22.48, Total bytes/sec: 441.21, Auditing time: 0.70, Rate: 0.99
Feb 20 08:25:07 np0005625200 account-server[122412]: 172.20.0.105 - - [20/Feb/2026:08:25:07 +0000] "HEAD /d1/204/.expiring_objects" 404 - "HEAD http://localhost/v1/.expiring_objects?format=json" "txf5f454c23bb84639b55c7-0069981a63" "proxy-server 2" 0.0008 "-" 23 -
Feb 20 08:25:08 np0005625200 proxy-server[124322]: - - 20/Feb/2026/08/25/08 HEAD /v1/AUTH_f6685cdb0ff24cddaeb987c63c89eafb%3Fformat%3Djson HTTP/1.0 204 - Swift - - - - tx307447a301034c9c8fadd-0069981a64 - 0.0064 RL - 1771575908.457400799 1771575908.463790894 -
Feb 20 08:25:08 np0005625200 container-server[122542]: 172.20.0.103 - - [20/Feb/2026:08:25:08 +0000] "HEAD /d1/310/AUTH_f6685cdb0ff24cddaeb987c63c89eafb/gnocchi.e90fbddf-dc03-482b-beb4-2b74f66e9e9f" 404 - "HEAD http://172.18.0.217:8080/v1/AUTH_f6685cdb0ff24cddaeb987c63c89eafb/gnocchi.e90fbddf-dc03-482b-beb4-2b74f66e9e9f?format=json&states=listing" "tx35e2ff4bc14a4ab194d11-0069981a64" "proxy-server 12" 0.0006 "-" 22 0
Feb 20 08:25:08 np0005625200 container-server[122545]: 172.20.0.104 - - [20/Feb/2026:08:25:08 +0000] "HEAD /d1/892/AUTH_f6685cdb0ff24cddaeb987c63c89eafb/gnocchi.5cca5c28-86ea-4f83-8aa3-b2d82491acae" 404 - "HEAD http://172.18.0.217:8080/v1/AUTH_f6685cdb0ff24cddaeb987c63c89eafb/gnocchi.5cca5c28-86ea-4f83-8aa3-b2d82491acae?format=json&states=listing" "tx307447a301034c9c8fadd-0069981a64" "proxy-server 20" 0.0005 "-" 23 0
Feb 20 08:25:08 np0005625200 container-server[122542]: 172.20.0.105 - - [20/Feb/2026:08:25:08 +0000] "HEAD /d1/919/AUTH_f6685cdb0ff24cddaeb987c63c89eafb/gnocchi.a395e6c5-e154-4ae2-b48b-ce09e3fb3272" 404 - "HEAD http://172.18.0.217:8080/v1/AUTH_f6685cdb0ff24cddaeb987c63c89eafb/gnocchi.a395e6c5-e154-4ae2-b48b-ce09e3fb3272?format=json&states=listing" "txa7db00c88f0f45fb852b6-0069981a64" "proxy-server 20" 0.0003 "-" 22 0
Feb 20 08:25:08 np0005625200 object-server[123097]: 172.20.0.103 - - [20/Feb/2026:08:25:08 +0000] "GET /d1/238/AUTH_f6685cdb0ff24cddaeb987c63c89eafb/gnocchi.e90fbddf-dc03-482b-beb4-2b74f66e9e9f/none_v3" 404 70 "GET http://172.18.0.217:8080/v1/AUTH_f6685cdb0ff24cddaeb987c63c89eafb/gnocchi.e90fbddf-dc03-482b-beb4-2b74f66e9e9f/none_v3" "tx35e2ff4bc14a4ab194d11-0069981a64" "proxy-server 12" 0.0004 "-" 24 0
Feb 20 08:25:08 np0005625200 object-server[123083]: 172.20.0.104 - - [20/Feb/2026:08:25:08 +0000] "GET /d1/181/AUTH_f6685cdb0ff24cddaeb987c63c89eafb/gnocchi.5cca5c28-86ea-4f83-8aa3-b2d82491acae/none_v3" 404 70 "GET http://172.18.0.217:8080/v1/AUTH_f6685cdb0ff24cddaeb987c63c89eafb/gnocchi.5cca5c28-86ea-4f83-8aa3-b2d82491acae/none_v3" "tx307447a301034c9c8fadd-0069981a64" "proxy-server 20" 0.0005 "-" 22 0
Feb 20 08:25:08 np0005625200 proxy-server[124322]: 172.18.0.103 172.18.0.104 20/Feb/2026/08/25/08 GET /v1/AUTH_f6685cdb0ff24cddaeb987c63c89eafb/gnocchi.5cca5c28-86ea-4f83-8aa3-b2d82491acae/none_v3 HTTP/1.0 404 - python-swiftclient-3.11.1 gAAAAABpmBnDOlCd... - 70 - tx307447a301034c9c8fadd-0069981a64 - 0.0352 - - 1771575908.456382990 1771575908.491616011 0
Feb 20 08:25:08 np0005625200 object-server[123083]: 172.20.0.105 - - [20/Feb/2026:08:25:08 +0000] "GET /d1/917/AUTH_f6685cdb0ff24cddaeb987c63c89eafb/gnocchi.a395e6c5-e154-4ae2-b48b-ce09e3fb3272/none_v3" 404 70 "GET http://172.18.0.217:8080/v1/AUTH_f6685cdb0ff24cddaeb987c63c89eafb/gnocchi.a395e6c5-e154-4ae2-b48b-ce09e3fb3272/none_v3" "txa7db00c88f0f45fb852b6-0069981a64" "proxy-server 20" 0.0003 "-" 22 0
Feb 20 08:25:08 np0005625200 account-server[122412]: 172.20.0.103 - - [20/Feb/2026:08:25:08 +0000] "PUT /d1/242/AUTH_f6685cdb0ff24cddaeb987c63c89eafb/gnocchi.5cca5c28-86ea-4f83-8aa3-b2d82491acae" 201 - "PUT http://172.20.0.103:6001/d1/892/AUTH_f6685cdb0ff24cddaeb987c63c89eafb/gnocchi.5cca5c28-86ea-4f83-8aa3-b2d82491acae" "tx44ecb9f39bc74120a9a34-0069981a64" "container-server 20" 0.0014 "-" 23 0
Feb 20 08:25:08 np0005625200 account-server[122406]: 172.20.0.105 - - [20/Feb/2026:08:25:08 +0000] "PUT /d1/242/AUTH_f6685cdb0ff24cddaeb987c63c89eafb/gnocchi.e90fbddf-dc03-482b-beb4-2b74f66e9e9f" 201 - "PUT http://172.20.0.105:6001/d1/310/AUTH_f6685cdb0ff24cddaeb987c63c89eafb/gnocchi.e90fbddf-dc03-482b-beb4-2b74f66e9e9f" "txe7f4e9e0bc7d4aba97424-0069981a64" "container-server 20" 0.0059 "-" 22 0
Feb 20 08:25:08 np0005625200 container-server[122517]: 172.20.0.104 - - [20/Feb/2026:08:25:08 +0000] "PUT /d1/892/AUTH_f6685cdb0ff24cddaeb987c63c89eafb/gnocchi.5cca5c28-86ea-4f83-8aa3-b2d82491acae" 201 - "PUT http://172.18.0.217:8080/v1/AUTH_f6685cdb0ff24cddaeb987c63c89eafb/gnocchi.5cca5c28-86ea-4f83-8aa3-b2d82491acae" "tx44ecb9f39bc74120a9a34-0069981a64" "proxy-server 20" 0.0292 "-" 19 0
Feb 20 08:25:08 np0005625200 container-server[122517]: 172.20.0.103 - - [20/Feb/2026:08:25:08 +0000] "PUT /d1/310/AUTH_f6685cdb0ff24cddaeb987c63c89eafb/gnocchi.e90fbddf-dc03-482b-beb4-2b74f66e9e9f" 201 - "PUT http://172.18.0.217:8080/v1/AUTH_f6685cdb0ff24cddaeb987c63c89eafb/gnocchi.e90fbddf-dc03-482b-beb4-2b74f66e9e9f" "txe7f4e9e0bc7d4aba97424-0069981a64" "proxy-server 12" 0.0208 "-" 19 0
Feb 20 08:25:08 np0005625200 proxy-server[124322]: 172.18.0.103 172.18.0.104 20/Feb/2026/08/25/08 PUT /v1/AUTH_f6685cdb0ff24cddaeb987c63c89eafb/gnocchi.5cca5c28-86ea-4f83-8aa3-b2d82491acae HTTP/1.0 201 - python-swiftclient-3.11.1 gAAAAABpmBnDOlCd... - - - tx44ecb9f39bc74120a9a34-0069981a64 - 0.0382 - - 1771575908.495163441 1771575908.533366203 0
Feb 20 08:25:08 np0005625200 account-server[122402]: 172.20.0.103 - - [20/Feb/2026:08:25:08 +0000] "PUT /d1/242/AUTH_f6685cdb0ff24cddaeb987c63c89eafb/gnocchi.a395e6c5-e154-4ae2-b48b-ce09e3fb3272" 201 - "PUT http://172.20.0.103:6001/d1/919/AUTH_f6685cdb0ff24cddaeb987c63c89eafb/gnocchi.a395e6c5-e154-4ae2-b48b-ce09e3fb3272" "tx645af25937394aef85842-0069981a64" "container-server 21" 0.0053 "-" 21 0
Feb 20 08:25:08 np0005625200 container-server[122539]: 172.20.0.105 - - [20/Feb/2026:08:25:08 +0000] "PUT /d1/919/AUTH_f6685cdb0ff24cddaeb987c63c89eafb/gnocchi.a395e6c5-e154-4ae2-b48b-ce09e3fb3272" 201 - "PUT http://172.18.0.217:8080/v1/AUTH_f6685cdb0ff24cddaeb987c63c89eafb/gnocchi.a395e6c5-e154-4ae2-b48b-ce09e3fb3272" "tx645af25937394aef85842-0069981a64" "proxy-server 20" 0.0179 "-" 20 0
Feb 20 08:25:08 np0005625200 container-server[122517]: 172.20.0.104 - - [20/Feb/2026:08:25:08 +0000] "HEAD /d1/892/AUTH_f6685cdb0ff24cddaeb987c63c89eafb/gnocchi.5cca5c28-86ea-4f83-8aa3-b2d82491acae" 204 - "HEAD http://172.18.0.217:8080/v1/AUTH_f6685cdb0ff24cddaeb987c63c89eafb/gnocchi.5cca5c28-86ea-4f83-8aa3-b2d82491acae?format=json&states=listing" "tx808990cbe9254b3c9109f-0069981a64" "proxy-server 20" 0.0017 "-" 19 0
Feb 20 08:25:08 np0005625200 proxy-server[124322]: - - 20/Feb/2026/08/25/08 HEAD /v1/AUTH_f6685cdb0ff24cddaeb987c63c89eafb/gnocchi.5cca5c28-86ea-4f83-8aa3-b2d82491acae%3Fformat%3Djson%26states%3Dlisting HTTP/1.0 204 - Swift - - - - tx808990cbe9254b3c9109f-0069981a64 - 0.0048 RL - 1771575908.540632486 1771575908.545425177 0
Feb 20 08:25:08 np0005625200 container-server[122545]: 172.20.0.103 - - [20/Feb/2026:08:25:08 +0000] "HEAD /d1/310/AUTH_f6685cdb0ff24cddaeb987c63c89eafb/gnocchi.e90fbddf-dc03-482b-beb4-2b74f66e9e9f" 204 - "HEAD http://172.18.0.217:8080/v1/AUTH_f6685cdb0ff24cddaeb987c63c89eafb/gnocchi.e90fbddf-dc03-482b-beb4-2b74f66e9e9f?format=json&states=listing" "txfc98955bf3704345bbb59-0069981a64" "proxy-server 12" 0.0016 "-" 23 0
Feb 20 08:25:08 np0005625200 container-server[122542]: 172.20.0.104 - - [20/Feb/2026:08:25:08 +0000] "GET /d1/892/AUTH_f6685cdb0ff24cddaeb987c63c89eafb/gnocchi.5cca5c28-86ea-4f83-8aa3-b2d82491acae" 200 2 "GET http://172.18.0.217:8080/v1/AUTH_f6685cdb0ff24cddaeb987c63c89eafb/gnocchi.5cca5c28-86ea-4f83-8aa3-b2d82491acae?format=json&states=listing" "tx808990cbe9254b3c9109f-0069981a64" "proxy-server 20" 0.0016 "-" 22 0
Feb 20 08:25:08 np0005625200 proxy-server[124322]: 172.18.0.103 172.18.0.104 20/Feb/2026/08/25/08 GET /v1/AUTH_f6685cdb0ff24cddaeb987c63c89eafb/gnocchi.5cca5c28-86ea-4f83-8aa3-b2d82491acae%3Fformat%3Djson%26states%3Dlisting HTTP/1.0 200 - python-swiftclient-3.11.1 gAAAAABpmBnDOlCd... - 2 - tx808990cbe9254b3c9109f-0069981a64 - 0.0150 - - 1771575908.538559914 1771575908.553590536 0
Feb 20 08:25:08 np0005625200 object-server[123088]: 172.20.0.104 - - [20/Feb/2026:08:25:08 +0000] "GET /d1/743/AUTH_f6685cdb0ff24cddaeb987c63c89eafb/gnocchi.5cca5c28-86ea-4f83-8aa3-b2d82491acae/1771200000.0_mean_300.0_v3" 404 70 "GET http://172.18.0.217:8080/v1/AUTH_f6685cdb0ff24cddaeb987c63c89eafb/gnocchi.5cca5c28-86ea-4f83-8aa3-b2d82491acae/1771200000.0_mean_300.0_v3" "txc9fba62778a741a28cfed-0069981a64" "proxy-server 20" 0.0003 "-" 23 0
Feb 20 08:25:08 np0005625200 object-server[123111]: 172.20.0.105 - - [20/Feb/2026:08:25:08 +0000] "GET /d1/324/AUTH_f6685cdb0ff24cddaeb987c63c89eafb/gnocchi.a395e6c5-e154-4ae2-b48b-ce09e3fb3272/1771200000.0_mean_300.0_v3" 404 70 "GET http://172.18.0.217:8080/v1/AUTH_f6685cdb0ff24cddaeb987c63c89eafb/gnocchi.a395e6c5-e154-4ae2-b48b-ce09e3fb3272/1771200000.0_mean_300.0_v3" "txa685d7f001674c4fb7242-0069981a64" "proxy-server 20" 0.0003 "-" 25 0
Feb 20 08:25:08 np0005625200 proxy-server[124322]: 172.18.0.103 172.18.0.104 20/Feb/2026/08/25/08 GET /v1/AUTH_f6685cdb0ff24cddaeb987c63c89eafb/gnocchi.5cca5c28-86ea-4f83-8aa3-b2d82491acae/1771200000.0_mean_300.0_v3 HTTP/1.0 404 - python-swiftclient-3.11.1 gAAAAABpmBnDOlCd... - 70 - txc9fba62778a741a28cfed-0069981a64 - 0.0163 - - 1771575908.560151577 1771575908.576434135 0
Feb 20 08:25:08 np0005625200 object-server[123083]: 172.20.0.103 - - [20/Feb/2026:08:25:08 +0000] "GET /d1/604/AUTH_f6685cdb0ff24cddaeb987c63c89eafb/gnocchi.e90fbddf-dc03-482b-beb4-2b74f66e9e9f/1771200000.0_mean_300.0_v3" 404 70 "GET http://172.18.0.217:8080/v1/AUTH_f6685cdb0ff24cddaeb987c63c89eafb/gnocchi.e90fbddf-dc03-482b-beb4-2b74f66e9e9f/1771200000.0_mean_300.0_v3" "tx5654dd8061a74f63a6a59-0069981a64" "proxy-server 12" 0.0003 "-" 22 0
Feb 20 08:25:08 np0005625200 container-server[122545]: 172.20.0.105 - - [20/Feb/2026:08:25:08 +0000] "PUT /d1/892/AUTH_f6685cdb0ff24cddaeb987c63c89eafb/gnocchi.5cca5c28-86ea-4f83-8aa3-b2d82491acae/1771200000.0_mean_300.0_v3" 201 - "PUT http://172.18.0.217:8080/d1/743/AUTH_f6685cdb0ff24cddaeb987c63c89eafb/gnocchi.5cca5c28-86ea-4f83-8aa3-b2d82491acae/1771200000.0_mean_300.0_v3" "txf3a34b5eb42a4d579a458-0069981a64" "object-server 23" 0.0007 "-" 23 0
Feb 20 08:25:08 np0005625200 object-server[123111]: 172.20.0.104 - - [20/Feb/2026:08:25:08 +0000] "PUT /d1/743/AUTH_f6685cdb0ff24cddaeb987c63c89eafb/gnocchi.5cca5c28-86ea-4f83-8aa3-b2d82491acae/1771200000.0_mean_300.0_v3" 201 - "PUT http://172.18.0.217:8080/v1/AUTH_f6685cdb0ff24cddaeb987c63c89eafb/gnocchi.5cca5c28-86ea-4f83-8aa3-b2d82491acae/1771200000.0_mean_300.0_v3" "txf3a34b5eb42a4d579a458-0069981a64" "proxy-server 20" 0.0097 "-" 25 0
Feb 20 08:25:08 np0005625200 container-server[122517]: 172.20.0.105 - - [20/Feb/2026:08:25:08 +0000] "PUT /d1/310/AUTH_f6685cdb0ff24cddaeb987c63c89eafb/gnocchi.e90fbddf-dc03-482b-beb4-2b74f66e9e9f/1771200000.0_mean_300.0_v3" 201 - "PUT http://172.18.0.217:8080/d1/604/AUTH_f6685cdb0ff24cddaeb987c63c89eafb/gnocchi.e90fbddf-dc03-482b-beb4-2b74f66e9e9f/1771200000.0_mean_300.0_v3" "txb0d76a827e904cff80e93-0069981a64" "object-server 24" 0.0009 "-" 19 0
Feb 20 08:25:08 np0005625200 proxy-server[124322]: 172.18.0.103 172.18.0.104 20/Feb/2026/08/25/08 PUT /v1/AUTH_f6685cdb0ff24cddaeb987c63c89eafb/gnocchi.5cca5c28-86ea-4f83-8aa3-b2d82491acae/1771200000.0_mean_300.0_v3 HTTP/1.0 201 - python-swiftclient-3.11.1 gAAAAABpmBnDOlCd... 16 - - txf3a34b5eb42a4d579a458-0069981a64 - 0.0238 - - 1771575908.581193924 1771575908.604968548 0
Feb 20 08:25:08 np0005625200 object-server[123088]: 172.20.0.105 - - [20/Feb/2026:08:25:08 +0000] "PUT /d1/324/AUTH_f6685cdb0ff24cddaeb987c63c89eafb/gnocchi.a395e6c5-e154-4ae2-b48b-ce09e3fb3272/1771200000.0_mean_300.0_v3" 201 - "PUT http://172.18.0.217:8080/v1/AUTH_f6685cdb0ff24cddaeb987c63c89eafb/gnocchi.a395e6c5-e154-4ae2-b48b-ce09e3fb3272/1771200000.0_mean_300.0_v3" "tx0cd0ba66439a4899abd03-0069981a64" "proxy-server 20" 0.0095 "-" 23 0
Feb 20 08:25:08 np0005625200 object-server[123097]: 172.20.0.103 - - [20/Feb/2026:08:25:08 +0000] "PUT /d1/604/AUTH_f6685cdb0ff24cddaeb987c63c89eafb/gnocchi.e90fbddf-dc03-482b-beb4-2b74f66e9e9f/1771200000.0_mean_300.0_v3" 201 - "PUT http://172.18.0.217:8080/v1/AUTH_f6685cdb0ff24cddaeb987c63c89eafb/gnocchi.e90fbddf-dc03-482b-beb4-2b74f66e9e9f/1771200000.0_mean_300.0_v3" "txb0d76a827e904cff80e93-0069981a64" "proxy-server 12" 0.0133 "-" 24 0
Feb 20 08:25:08 np0005625200 container-server[122539]: 172.20.0.103 - - [20/Feb/2026:08:25:08 +0000] "PUT /d1/919/AUTH_f6685cdb0ff24cddaeb987c63c89eafb/gnocchi.a395e6c5-e154-4ae2-b48b-ce09e3fb3272/1771200000.0_mean_300.0_v3" 201 - "PUT http://172.18.0.217:8080/d1/324/AUTH_f6685cdb0ff24cddaeb987c63c89eafb/gnocchi.a395e6c5-e154-4ae2-b48b-ce09e3fb3272/1771200000.0_mean_300.0_v3" "tx0cd0ba66439a4899abd03-0069981a64" "object-server 23" 0.0005 "-" 20 0
Feb 20 08:25:08 np0005625200 object-server[123097]: 172.20.0.104 - - [20/Feb/2026:08:25:08 +0000] "PUT /d1/181/AUTH_f6685cdb0ff24cddaeb987c63c89eafb/gnocchi.5cca5c28-86ea-4f83-8aa3-b2d82491acae/none_v3" 201 - "PUT http://172.18.0.217:8080/v1/AUTH_f6685cdb0ff24cddaeb987c63c89eafb/gnocchi.5cca5c28-86ea-4f83-8aa3-b2d82491acae/none_v3" "tx1555bad00e9f499fa7443-0069981a64" "proxy-server 20" 0.0139 "-" 24 0
Feb 20 08:25:08 np0005625200 container-server[122545]: 172.20.0.103 - - [20/Feb/2026:08:25:08 +0000] "PUT /d1/892/AUTH_f6685cdb0ff24cddaeb987c63c89eafb/gnocchi.5cca5c28-86ea-4f83-8aa3-b2d82491acae/none_v3" 201 - "PUT http://172.18.0.217:8080/d1/181/AUTH_f6685cdb0ff24cddaeb987c63c89eafb/gnocchi.5cca5c28-86ea-4f83-8aa3-b2d82491acae/none_v3" "tx1555bad00e9f499fa7443-0069981a64" "object-server 25" 0.0008 "-" 23 0
Feb 20 08:25:08 np0005625200 container-server[122542]: 172.20.0.105 - - [20/Feb/2026:08:25:08 +0000] "PUT /d1/310/AUTH_f6685cdb0ff24cddaeb987c63c89eafb/gnocchi.e90fbddf-dc03-482b-beb4-2b74f66e9e9f/none_v3" 201 - "PUT http://172.18.0.217:8080/d1/238/AUTH_f6685cdb0ff24cddaeb987c63c89eafb/gnocchi.e90fbddf-dc03-482b-beb4-2b74f66e9e9f/none_v3" "txa7d101c2f5fb4af2aa00b-0069981a64" "object-server 22" 0.0007 "-" 22 0
Feb 20 08:25:08 np0005625200 proxy-server[124322]: 172.18.0.103 172.18.0.104 20/Feb/2026/08/25/08 PUT /v1/AUTH_f6685cdb0ff24cddaeb987c63c89eafb/gnocchi.5cca5c28-86ea-4f83-8aa3-b2d82491acae/none_v3 HTTP/1.0 201 - python-swiftclient-3.11.1 gAAAAABpmBnDOlCd... 22 - - tx1555bad00e9f499fa7443-0069981a64 - 0.0240 - - 1771575908.608989716 1771575908.633020163 0
Feb 20 08:25:08 np0005625200 object-server[123097]: 172.20.0.103 - - [20/Feb/2026:08:25:08 +0000] "PUT /d1/238/AUTH_f6685cdb0ff24cddaeb987c63c89eafb/gnocchi.e90fbddf-dc03-482b-beb4-2b74f66e9e9f/none_v3" 201 - "PUT http://172.18.0.217:8080/v1/AUTH_f6685cdb0ff24cddaeb987c63c89eafb/gnocchi.e90fbddf-dc03-482b-beb4-2b74f66e9e9f/none_v3" "txa7d101c2f5fb4af2aa00b-0069981a64" "proxy-server 12" 0.0136 "-" 24 0
Feb 20 08:25:08 np0005625200 container-server[122517]: 172.20.0.105 - - [20/Feb/2026:08:25:08 +0000] "PUT /d1/919/AUTH_f6685cdb0ff24cddaeb987c63c89eafb/gnocchi.a395e6c5-e154-4ae2-b48b-ce09e3fb3272/none_v3" 201 - "PUT http://172.18.0.217:8080/d1/917/AUTH_f6685cdb0ff24cddaeb987c63c89eafb/gnocchi.a395e6c5-e154-4ae2-b48b-ce09e3fb3272/none_v3" "txcc6fa6375ac648b5a4660-0069981a64" "object-server 25" 0.0010 "-" 19 0
Feb 20 08:25:08 np0005625200 object-server[123088]: 172.20.0.105 - - [20/Feb/2026:08:25:08 +0000] "PUT /d1/917/AUTH_f6685cdb0ff24cddaeb987c63c89eafb/gnocchi.a395e6c5-e154-4ae2-b48b-ce09e3fb3272/none_v3" 201 - "PUT http://172.18.0.217:8080/v1/AUTH_f6685cdb0ff24cddaeb987c63c89eafb/gnocchi.a395e6c5-e154-4ae2-b48b-ce09e3fb3272/none_v3" "txcc6fa6375ac648b5a4660-0069981a64" "proxy-server 20" 0.0173 "-" 23 0
Feb 20 08:25:08 np0005625200 container-server[122545]: 172.20.0.104 - - [20/Feb/2026:08:25:08 +0000] "HEAD /d1/498/AUTH_f6685cdb0ff24cddaeb987c63c89eafb/gnocchi.4473e413-f4cd-47ef-bd97-61b018841662" 404 - "HEAD http://172.18.0.217:8080/v1/AUTH_f6685cdb0ff24cddaeb987c63c89eafb/gnocchi.4473e413-f4cd-47ef-bd97-61b018841662?format=json&states=listing" "txd15e07a7dd174c54a947b-0069981a64" "proxy-server 20" 0.0003 "-" 23 0
Feb 20 08:25:08 np0005625200 object-server[123097]: 172.20.0.104 - - [20/Feb/2026:08:25:08 +0000] "GET /d1/538/AUTH_f6685cdb0ff24cddaeb987c63c89eafb/gnocchi.4473e413-f4cd-47ef-bd97-61b018841662/none_v3" 404 70 "GET http://172.18.0.217:8080/v1/AUTH_f6685cdb0ff24cddaeb987c63c89eafb/gnocchi.4473e413-f4cd-47ef-bd97-61b018841662/none_v3" "txd15e07a7dd174c54a947b-0069981a64" "proxy-server 20" 0.0003 "-" 24 0
Feb 20 08:25:08 np0005625200 container-server[122517]: 172.20.0.103 - - [20/Feb/2026:08:25:08 +0000] "HEAD /d1/275/AUTH_f6685cdb0ff24cddaeb987c63c89eafb/gnocchi.78f71700-ef08-4754-9e63-ec9dc16d8fcc" 404 - "HEAD http://172.18.0.217:8080/v1/AUTH_f6685cdb0ff24cddaeb987c63c89eafb/gnocchi.78f71700-ef08-4754-9e63-ec9dc16d8fcc?format=json&states=listing" "tx83cc7eff38af4f1787f77-0069981a64" "proxy-server 12" 0.0003 "-" 19 0
Feb 20 08:25:08 np0005625200 proxy-server[124322]: 172.18.0.103 172.18.0.104 20/Feb/2026/08/25/08 GET /v1/AUTH_f6685cdb0ff24cddaeb987c63c89eafb/gnocchi.4473e413-f4cd-47ef-bd97-61b018841662/none_v3 HTTP/1.0 404 - python-swiftclient-3.11.1 gAAAAABpmBnDOlCd... - 70 - txd15e07a7dd174c54a947b-0069981a64 - 0.0203 - - 1771575908.650875092 1771575908.671204567 0
Feb 20 08:25:08 np0005625200 container-server[122545]: 172.20.0.105 - - [20/Feb/2026:08:25:08 +0000] "HEAD /d1/598/AUTH_f6685cdb0ff24cddaeb987c63c89eafb/gnocchi.02ed205e-8f27-4049-8c8e-06bd6d6fe2ee" 404 - "HEAD http://172.18.0.217:8080/v1/AUTH_f6685cdb0ff24cddaeb987c63c89eafb/gnocchi.02ed205e-8f27-4049-8c8e-06bd6d6fe2ee?format=json&states=listing" "txcfbd0043424948bd84b41-0069981a64" "proxy-server 20" 0.0002 "-" 23 0
Feb 20 08:25:08 np0005625200 object-server[123088]: 172.20.0.103 - - [20/Feb/2026:08:25:08 +0000] "GET /d1/517/AUTH_f6685cdb0ff24cddaeb987c63c89eafb/gnocchi.78f71700-ef08-4754-9e63-ec9dc16d8fcc/none_v3" 404 70 "GET http://172.18.0.217:8080/v1/AUTH_f6685cdb0ff24cddaeb987c63c89eafb/gnocchi.78f71700-ef08-4754-9e63-ec9dc16d8fcc/none_v3" "tx83cc7eff38af4f1787f77-0069981a64" "proxy-server 12" 0.0004 "-" 23 0
Feb 20 08:25:08 np0005625200 object-server[123083]: 172.20.0.105 - - [20/Feb/2026:08:25:08 +0000] "GET /d1/535/AUTH_f6685cdb0ff24cddaeb987c63c89eafb/gnocchi.02ed205e-8f27-4049-8c8e-06bd6d6fe2ee/none_v3" 404 70 "GET http://172.18.0.217:8080/v1/AUTH_f6685cdb0ff24cddaeb987c63c89eafb/gnocchi.02ed205e-8f27-4049-8c8e-06bd6d6fe2ee/none_v3" "txcfbd0043424948bd84b41-0069981a64" "proxy-server 20" 0.0003 "-" 22 0
Feb 20 08:25:08 np0005625200 container-server[122542]: 172.20.0.104 - - [20/Feb/2026:08:25:08 +0000] "PUT /d1/498/AUTH_f6685cdb0ff24cddaeb987c63c89eafb/gnocchi.4473e413-f4cd-47ef-bd97-61b018841662" 201 - "PUT http://172.18.0.217:8080/v1/AUTH_f6685cdb0ff24cddaeb987c63c89eafb/gnocchi.4473e413-f4cd-47ef-bd97-61b018841662" "txc4f551978e6f4d61a1df3-0069981a64" "proxy-server 20" 0.0136 "-" 22 0
Feb 20 08:25:08 np0005625200 account-server[122402]: 172.20.0.103 - - [20/Feb/2026:08:25:08 +0000] "PUT /d1/242/AUTH_f6685cdb0ff24cddaeb987c63c89eafb/gnocchi.4473e413-f4cd-47ef-bd97-61b018841662" 201 - "PUT http://172.20.0.103:6001/d1/498/AUTH_f6685cdb0ff24cddaeb987c63c89eafb/gnocchi.4473e413-f4cd-47ef-bd97-61b018841662" "txc4f551978e6f4d61a1df3-0069981a64" "container-server 22" 0.0066 "-" 21 0
Feb 20 08:25:08 np0005625200 proxy-server[124322]: 172.18.0.103 172.18.0.104 20/Feb/2026/08/25/08 PUT /v1/AUTH_f6685cdb0ff24cddaeb987c63c89eafb/gnocchi.4473e413-f4cd-47ef-bd97-61b018841662 HTTP/1.0 201 - python-swiftclient-3.11.1 gAAAAABpmBnDOlCd... - - - txc4f551978e6f4d61a1df3-0069981a64 - 0.0429 - - 1771575908.675253391 1771575908.718129396 0
Feb 20 08:25:08 np0005625200 account-server[122399]: 172.20.0.105 - - [20/Feb/2026:08:25:08 +0000] "PUT /d1/242/AUTH_f6685cdb0ff24cddaeb987c63c89eafb/gnocchi.78f71700-ef08-4754-9e63-ec9dc16d8fcc" 201 - "PUT http://172.20.0.105:6001/d1/275/AUTH_f6685cdb0ff24cddaeb987c63c89eafb/gnocchi.78f71700-ef08-4754-9e63-ec9dc16d8fcc" "txd8b41e19e76240e0b5894-0069981a64" "container-server 20" 0.0089 "-" 20 0
Feb 20 08:25:08 np0005625200 account-server[122399]: 172.20.0.103 - - [20/Feb/2026:08:25:08 +0000] "PUT /d1/242/AUTH_f6685cdb0ff24cddaeb987c63c89eafb/gnocchi.02ed205e-8f27-4049-8c8e-06bd6d6fe2ee" 201 - "PUT http://172.20.0.103:6001/d1/598/AUTH_f6685cdb0ff24cddaeb987c63c89eafb/gnocchi.02ed205e-8f27-4049-8c8e-06bd6d6fe2ee" "tx6f768c873ddb4e91a9fae-0069981a64" "container-server 23" 0.0052 "-" 20 0
Feb 20 08:25:08 np0005625200 container-server[122545]: 172.20.0.104 - - [20/Feb/2026:08:25:08 +0000] "HEAD /d1/498/AUTH_f6685cdb0ff24cddaeb987c63c89eafb/gnocchi.4473e413-f4cd-47ef-bd97-61b018841662" 204 - "HEAD http://172.18.0.217:8080/v1/AUTH_f6685cdb0ff24cddaeb987c63c89eafb/gnocchi.4473e413-f4cd-47ef-bd97-61b018841662?format=json&states=listing" "tx3f99d08223414fcf922ce-0069981a64" "proxy-server 20" 0.0022 "-" 23 0
Feb 20 08:25:08 np0005625200 proxy-server[124322]: - - 20/Feb/2026/08/25/08 HEAD /v1/AUTH_f6685cdb0ff24cddaeb987c63c89eafb/gnocchi.4473e413-f4cd-47ef-bd97-61b018841662%3Fformat%3Djson%26states%3Dlisting HTTP/1.0 204 - Swift - - - - tx3f99d08223414fcf922ce-0069981a64 - 0.0054 RL - 1771575908.725795984 1771575908.731196642 0
Feb 20 08:25:08 np0005625200 container-server[122545]: 172.20.0.105 - - [20/Feb/2026:08:25:08 +0000] "PUT /d1/598/AUTH_f6685cdb0ff24cddaeb987c63c89eafb/gnocchi.02ed205e-8f27-4049-8c8e-06bd6d6fe2ee" 201 - "PUT http://172.18.0.217:8080/v1/AUTH_f6685cdb0ff24cddaeb987c63c89eafb/gnocchi.02ed205e-8f27-4049-8c8e-06bd6d6fe2ee" "tx6f768c873ddb4e91a9fae-0069981a64" "proxy-server 20" 0.0228 "-" 23 0
Feb 20 08:25:08 np0005625200 container-server[122545]: 172.20.0.103 - - [20/Feb/2026:08:25:08 +0000] "PUT /d1/275/AUTH_f6685cdb0ff24cddaeb987c63c89eafb/gnocchi.78f71700-ef08-4754-9e63-ec9dc16d8fcc" 201 - "PUT http://172.18.0.217:8080/v1/AUTH_f6685cdb0ff24cddaeb987c63c89eafb/gnocchi.78f71700-ef08-4754-9e63-ec9dc16d8fcc" "txd8b41e19e76240e0b5894-0069981a64" "proxy-server 12" 0.0337 "-" 23 0
Feb 20 08:25:08 np0005625200 proxy-server[124322]: 172.18.0.103 172.18.0.104 20/Feb/2026/08/25/08 GET /v1/AUTH_f6685cdb0ff24cddaeb987c63c89eafb/gnocchi.4473e413-f4cd-47ef-bd97-61b018841662%3Fformat%3Djson%26states%3Dlisting HTTP/1.0 200 - python-swiftclient-3.11.1 gAAAAABpmBnDOlCd... - 2 - tx3f99d08223414fcf922ce-0069981a64 - 0.0178 - - 1771575908.724358082 1771575908.742113352 0
Feb 20 08:25:08 np0005625200 container-server[122539]: 172.20.0.103 - - [20/Feb/2026:08:25:08 +0000] "HEAD /d1/275/AUTH_f6685cdb0ff24cddaeb987c63c89eafb/gnocchi.78f71700-ef08-4754-9e63-ec9dc16d8fcc" 204 - "HEAD http://172.18.0.217:8080/v1/AUTH_f6685cdb0ff24cddaeb987c63c89eafb/gnocchi.78f71700-ef08-4754-9e63-ec9dc16d8fcc?format=json&states=listing" "tx5686bddf46d14a66a29b9-0069981a64" "proxy-server 12" 0.0027 "-" 20 0
Feb 20 08:25:08 np0005625200 object-server[123083]: 172.20.0.104 - - [20/Feb/2026:08:25:08 +0000] "GET /d1/18/AUTH_f6685cdb0ff24cddaeb987c63c89eafb/gnocchi.4473e413-f4cd-47ef-bd97-61b018841662/1771200000.0_mean_300.0_v3" 404 70 "GET http://172.18.0.217:8080/v1/AUTH_f6685cdb0ff24cddaeb987c63c89eafb/gnocchi.4473e413-f4cd-47ef-bd97-61b018841662/1771200000.0_mean_300.0_v3" "txe5ead93439024cfb856d0-0069981a64" "proxy-server 20" 0.0006 "-" 22 0
Feb 20 08:25:08 np0005625200 proxy-server[124322]: 172.18.0.103 172.18.0.104 20/Feb/2026/08/25/08 GET /v1/AUTH_f6685cdb0ff24cddaeb987c63c89eafb/gnocchi.4473e413-f4cd-47ef-bd97-61b018841662/1771200000.0_mean_300.0_v3 HTTP/1.0 404 - python-swiftclient-3.11.1 gAAAAABpmBnDOlCd... - 70 - txe5ead93439024cfb856d0-0069981a64 - 0.0132 - - 1771575908.748487711 1771575908.761702538 0
Feb 20 08:25:08 np0005625200 object-server[123083]: 172.20.0.103 - - [20/Feb/2026:08:25:08 +0000] "GET /d1/21/AUTH_f6685cdb0ff24cddaeb987c63c89eafb/gnocchi.78f71700-ef08-4754-9e63-ec9dc16d8fcc/1771200000.0_mean_300.0_v3" 404 70 "GET http://172.18.0.217:8080/v1/AUTH_f6685cdb0ff24cddaeb987c63c89eafb/gnocchi.78f71700-ef08-4754-9e63-ec9dc16d8fcc/1771200000.0_mean_300.0_v3" "txa92accca45fc46b8bf4a4-0069981a64" "proxy-server 12" 0.0006 "-" 22 0
Feb 20 08:25:08 np0005625200 object-server[123083]: 172.20.0.105 - - [20/Feb/2026:08:25:08 +0000] "GET /d1/600/AUTH_f6685cdb0ff24cddaeb987c63c89eafb/gnocchi.02ed205e-8f27-4049-8c8e-06bd6d6fe2ee/1771200000.0_mean_300.0_v3" 404 70 "GET http://172.18.0.217:8080/v1/AUTH_f6685cdb0ff24cddaeb987c63c89eafb/gnocchi.02ed205e-8f27-4049-8c8e-06bd6d6fe2ee/1771200000.0_mean_300.0_v3" "tx3a64795dd2014973962f8-0069981a64" "proxy-server 20" 0.0005 "-" 22 0
Feb 20 08:25:08 np0005625200 container-server[122539]: 172.20.0.103 - - [20/Feb/2026:08:25:08 +0000] "PUT /d1/498/AUTH_f6685cdb0ff24cddaeb987c63c89eafb/gnocchi.4473e413-f4cd-47ef-bd97-61b018841662/1771200000.0_mean_300.0_v3" 201 - "PUT http://172.18.0.217:8080/d1/18/AUTH_f6685cdb0ff24cddaeb987c63c89eafb/gnocchi.4473e413-f4cd-47ef-bd97-61b018841662/1771200000.0_mean_300.0_v3" "tx0780de6af77c4df18c32b-0069981a64" "object-server 25" 0.0009 "-" 20 0
Feb 20 08:25:08 np0005625200 object-server[123111]: 172.20.0.104 - - [20/Feb/2026:08:25:08 +0000] "PUT /d1/18/AUTH_f6685cdb0ff24cddaeb987c63c89eafb/gnocchi.4473e413-f4cd-47ef-bd97-61b018841662/1771200000.0_mean_300.0_v3" 201 - "PUT http://172.18.0.217:8080/v1/AUTH_f6685cdb0ff24cddaeb987c63c89eafb/gnocchi.4473e413-f4cd-47ef-bd97-61b018841662/1771200000.0_mean_300.0_v3" "tx0780de6af77c4df18c32b-0069981a64" "proxy-server 20" 0.0131 "-" 25 0
Feb 20 08:25:08 np0005625200 proxy-server[124322]: 172.18.0.103 172.18.0.104 20/Feb/2026/08/25/08 PUT /v1/AUTH_f6685cdb0ff24cddaeb987c63c89eafb/gnocchi.4473e413-f4cd-47ef-bd97-61b018841662/1771200000.0_mean_300.0_v3 HTTP/1.0 201 - python-swiftclient-3.11.1 gAAAAABpmBnDOlCd... 16 - - tx0780de6af77c4df18c32b-0069981a64 - 0.0211 - - 1771575908.766696453 1771575908.787761927 0
Feb 20 08:25:08 np0005625200 container-server[122542]: 172.20.0.104 - - [20/Feb/2026:08:25:08 +0000] "PUT /d1/275/AUTH_f6685cdb0ff24cddaeb987c63c89eafb/gnocchi.78f71700-ef08-4754-9e63-ec9dc16d8fcc/1771200000.0_mean_300.0_v3" 201 - "PUT http://172.18.0.217:8080/d1/21/AUTH_f6685cdb0ff24cddaeb987c63c89eafb/gnocchi.78f71700-ef08-4754-9e63-ec9dc16d8fcc/1771200000.0_mean_300.0_v3" "tx6f55f7805ef74c9282307-0069981a64" "object-server 24" 0.0006 "-" 22 0
Feb 20 08:25:08 np0005625200 object-server[123097]: 172.20.0.105 - - [20/Feb/2026:08:25:08 +0000] "PUT /d1/21/AUTH_f6685cdb0ff24cddaeb987c63c89eafb/gnocchi.78f71700-ef08-4754-9e63-ec9dc16d8fcc/1771200000.0_mean_300.0_v3" 201 - "PUT http://172.18.0.217:8080/v1/AUTH_f6685cdb0ff24cddaeb987c63c89eafb/gnocchi.78f71700-ef08-4754-9e63-ec9dc16d8fcc/1771200000.0_mean_300.0_v3" "tx6f55f7805ef74c9282307-0069981a64" "proxy-server 20" 0.0097 "-" 24 0
Feb 20 08:25:08 np0005625200 container-server[122542]: 172.20.0.104 - - [20/Feb/2026:08:25:08 +0000] "PUT /d1/498/AUTH_f6685cdb0ff24cddaeb987c63c89eafb/gnocchi.4473e413-f4cd-47ef-bd97-61b018841662/none_v3" 201 - "PUT http://172.18.0.217:8080/d1/538/AUTH_f6685cdb0ff24cddaeb987c63c89eafb/gnocchi.4473e413-f4cd-47ef-bd97-61b018841662/none_v3" "tx926c78f75ec3401fa4906-0069981a64" "object-server 23" 0.0004 "-" 22 0
Feb 20 08:25:08 np0005625200 object-server[123088]: 172.20.0.104 - - [20/Feb/2026:08:25:08 +0000] "PUT /d1/538/AUTH_f6685cdb0ff24cddaeb987c63c89eafb/gnocchi.4473e413-f4cd-47ef-bd97-61b018841662/none_v3" 201 - "PUT http://172.18.0.217:8080/v1/AUTH_f6685cdb0ff24cddaeb987c63c89eafb/gnocchi.4473e413-f4cd-47ef-bd97-61b018841662/none_v3" "tx926c78f75ec3401fa4906-0069981a64" "proxy-server 20" 0.0129 "-" 23 0
Feb 20 08:25:08 np0005625200 object-server[123111]: 172.20.0.103 - - [20/Feb/2026:08:25:08 +0000] "PUT /d1/600/AUTH_f6685cdb0ff24cddaeb987c63c89eafb/gnocchi.02ed205e-8f27-4049-8c8e-06bd6d6fe2ee/1771200000.0_mean_300.0_v3" 201 - "PUT http://172.18.0.217:8080/v1/AUTH_f6685cdb0ff24cddaeb987c63c89eafb/gnocchi.02ed205e-8f27-4049-8c8e-06bd6d6fe2ee/1771200000.0_mean_300.0_v3" "tx3d8b4ed04f184ac4ab122-0069981a64" "proxy-server 12" 0.0158 "-" 25 0
Feb 20 08:25:08 np0005625200 proxy-server[124322]: 172.18.0.103 172.18.0.104 20/Feb/2026/08/25/08 PUT /v1/AUTH_f6685cdb0ff24cddaeb987c63c89eafb/gnocchi.4473e413-f4cd-47ef-bd97-61b018841662/none_v3 HTTP/1.0 201 - python-swiftclient-3.11.1 gAAAAABpmBnDOlCd... 22 - - tx926c78f75ec3401fa4906-0069981a64 - 0.0321 - - 1771575908.792941809 1771575908.825019598 0
Feb 20 08:25:08 np0005625200 container-server[122539]: 172.20.0.105 - - [20/Feb/2026:08:25:08 +0000] "PUT /d1/598/AUTH_f6685cdb0ff24cddaeb987c63c89eafb/gnocchi.02ed205e-8f27-4049-8c8e-06bd6d6fe2ee/1771200000.0_mean_300.0_v3" 201 - "PUT http://172.18.0.217:8080/d1/600/AUTH_f6685cdb0ff24cddaeb987c63c89eafb/gnocchi.02ed205e-8f27-4049-8c8e-06bd6d6fe2ee/1771200000.0_mean_300.0_v3" "tx3d8b4ed04f184ac4ab122-0069981a64" "object-server 25" 0.0007 "-" 20 0
Feb 20 08:25:08 np0005625200 container-server[122517]: 172.20.0.105 - - [20/Feb/2026:08:25:08 +0000] "PUT /d1/275/AUTH_f6685cdb0ff24cddaeb987c63c89eafb/gnocchi.78f71700-ef08-4754-9e63-ec9dc16d8fcc/none_v3" 201 - "PUT http://172.18.0.217:8080/d1/517/AUTH_f6685cdb0ff24cddaeb987c63c89eafb/gnocchi.78f71700-ef08-4754-9e63-ec9dc16d8fcc/none_v3" "tx7f115a42f44941189f737-0069981a64" "object-server 22" 0.0008 "-" 19 0
Feb 20 08:25:08 np0005625200 object-server[123083]: 172.20.0.105 - - [20/Feb/2026:08:25:08 +0000] "PUT /d1/517/AUTH_f6685cdb0ff24cddaeb987c63c89eafb/gnocchi.78f71700-ef08-4754-9e63-ec9dc16d8fcc/none_v3" 201 - "PUT http://172.18.0.217:8080/v1/AUTH_f6685cdb0ff24cddaeb987c63c89eafb/gnocchi.78f71700-ef08-4754-9e63-ec9dc16d8fcc/none_v3" "tx7f115a42f44941189f737-0069981a64" "proxy-server 20" 0.0171 "-" 22 0
Feb 20 08:25:08 np0005625200 container-server[122539]: 172.20.0.105 - - [20/Feb/2026:08:25:08 +0000] "PUT /d1/598/AUTH_f6685cdb0ff24cddaeb987c63c89eafb/gnocchi.02ed205e-8f27-4049-8c8e-06bd6d6fe2ee/none_v3" 201 - "PUT http://172.18.0.217:8080/d1/535/AUTH_f6685cdb0ff24cddaeb987c63c89eafb/gnocchi.02ed205e-8f27-4049-8c8e-06bd6d6fe2ee/none_v3" "tx4abb1c17638d484f964fb-0069981a64" "object-server 25" 0.0008 "-" 20 0
