Feb 20 08:20:09 np0005625199 account-server[123125]: Attempted to replicate 0 dbs in 0.00206 seconds (0.00000/s)
Feb 20 08:20:09 np0005625199 account-server[123125]: Removed 0 dbs
Feb 20 08:20:09 np0005625199 account-server[123125]: 0 successes, 0 failures
Feb 20 08:20:09 np0005625199 account-server[123125]: diff:0 diff_capped:0 empty:0 hashmatch:0 no_change:0 remote_merge:0 rsync:0 ts_repl:0
Feb 20 08:20:20 np0005625199 object-server[123952]: Starting object replication pass.
Feb 20 08:20:20 np0005625199 object-server[123952]: Nothing replicated for 0.004342079162597656 seconds.
Feb 20 08:20:20 np0005625199 object-server[123952]: Object replication complete. (0.00 minutes)
Feb 20 08:20:21 np0005625199 object-server[196218]: Begin object audit "forever" mode (ZBF)
Feb 20 08:20:21 np0005625199 object-server[196218]: Object audit (ZBF) "forever" mode completed: 0.00s. Total quarantined: 0, Total errors: 0, Total files/sec: 0.00, Total bytes/sec: 0.00, Auditing time: 0.00, Rate: 0.00
Feb 20 08:20:21 np0005625199 object-server[196219]: Begin object audit "forever" mode (ALL)
Feb 20 08:20:21 np0005625199 object-server[196219]: Object audit (ALL) "forever" mode completed: 0.00s. Total quarantined: 0, Total errors: 0, Total files/sec: 0.00, Total bytes/sec: 0.00, Auditing time: 0.00, Rate: 0.00
Feb 20 08:20:25 np0005625199 container-server[123510]: Beginning replication run
Feb 20 08:20:25 np0005625199 container-server[123510]: Replication run OVER
Feb 20 08:20:25 np0005625199 container-server[123510]: Attempted to replicate 0 dbs in 0.00116 seconds (0.00000/s)
Feb 20 08:20:25 np0005625199 container-server[123510]: Removed 0 dbs
Feb 20 08:20:25 np0005625199 container-server[123510]: 0 successes, 0 failures
Feb 20 08:20:25 np0005625199 container-server[123510]: diff:0 diff_capped:0 empty:0 hashmatch:0 no_change:0 remote_merge:0 rsync:0 ts_repl:0
Feb 20 08:20:39 np0005625199 account-server[123125]: Beginning replication run
Feb 20 08:20:39 np0005625199 account-server[123125]: Replication run OVER
Feb 20 08:20:39 np0005625199 account-server[123125]: Attempted to replicate 0 dbs in 0.00160 seconds (0.00000/s)
Feb 20 08:20:39 np0005625199 account-server[123125]: Removed 0 dbs
Feb 20 08:20:39 np0005625199 account-server[123125]: 0 successes, 0 failures
Feb 20 08:20:39 np0005625199 account-server[123125]: diff:0 diff_capped:0 empty:0 hashmatch:0 no_change:0 remote_merge:0 rsync:0 ts_repl:0
Feb 20 08:20:50 np0005625199 object-server[123952]: Starting object replication pass.
Feb 20 08:20:50 np0005625199 object-server[123952]: Nothing replicated for 0.004258394241333008 seconds.
Feb 20 08:20:50 np0005625199 object-server[123952]: Object replication complete. (0.00 minutes)
Feb 20 08:20:51 np0005625199 object-server[196220]: Begin object audit "forever" mode (ZBF)
Feb 20 08:20:51 np0005625199 object-server[196220]: Object audit (ZBF) "forever" mode completed: 0.00s. Total quarantined: 0, Total errors: 0, Total files/sec: 0.00, Total bytes/sec: 0.00, Auditing time: 0.00, Rate: 0.00
Feb 20 08:20:55 np0005625199 container-server[123510]: Beginning replication run
Feb 20 08:20:55 np0005625199 container-server[123510]: Replication run OVER
Feb 20 08:20:55 np0005625199 container-server[123510]: Attempted to replicate 0 dbs in 0.00226 seconds (0.00000/s)
Feb 20 08:20:55 np0005625199 container-server[123510]: Removed 0 dbs
Feb 20 08:20:55 np0005625199 container-server[123510]: 0 successes, 0 failures
Feb 20 08:20:55 np0005625199 container-server[123510]: diff:0 diff_capped:0 empty:0 hashmatch:0 no_change:0 remote_merge:0 rsync:0 ts_repl:0
Feb 20 08:21:09 np0005625199 account-server[123125]: Beginning replication run
Feb 20 08:21:09 np0005625199 account-server[123125]: Replication run OVER
Feb 20 08:21:09 np0005625199 account-server[123125]: Attempted to replicate 0 dbs in 0.00188 seconds (0.00000/s)
Feb 20 08:21:09 np0005625199 account-server[123125]: Removed 0 dbs
Feb 20 08:21:09 np0005625199 account-server[123125]: 0 successes, 0 failures
Feb 20 08:21:09 np0005625199 account-server[123125]: diff:0 diff_capped:0 empty:0 hashmatch:0 no_change:0 remote_merge:0 rsync:0 ts_repl:0
Feb 20 08:21:20 np0005625199 object-server[123952]: Starting object replication pass.
Feb 20 08:21:20 np0005625199 object-server[123952]: Nothing replicated for 0.0034694671630859375 seconds.
Feb 20 08:21:20 np0005625199 object-server[123952]: Object replication complete. (0.00 minutes)
Feb 20 08:21:21 np0005625199 object-server[202215]: Begin object audit "forever" mode (ALL)
Feb 20 08:21:21 np0005625199 object-server[202215]: Object audit (ALL) "forever" mode completed: 0.00s. Total quarantined: 0, Total errors: 0, Total files/sec: 0.00, Total bytes/sec: 0.00, Auditing time: 0.00, Rate: 0.00
Feb 20 08:21:21 np0005625199 object-server[202214]: Begin object audit "forever" mode (ZBF)
Feb 20 08:21:21 np0005625199 object-server[202214]: Object audit (ZBF) "forever" mode completed: 0.00s. Total quarantined: 0, Total errors: 0, Total files/sec: 0.00, Total bytes/sec: 0.00, Auditing time: 0.00, Rate: 0.00
Feb 20 08:21:25 np0005625199 container-server[123510]: Beginning replication run
Feb 20 08:21:25 np0005625199 container-server[123510]: Replication run OVER
Feb 20 08:21:25 np0005625199 container-server[123510]: Attempted to replicate 0 dbs in 0.00185 seconds (0.00000/s)
Feb 20 08:21:25 np0005625199 container-server[123510]: Removed 0 dbs
Feb 20 08:21:25 np0005625199 container-server[123510]: 0 successes, 0 failures
Feb 20 08:21:25 np0005625199 container-server[123510]: diff:0 diff_capped:0 empty:0 hashmatch:0 no_change:0 remote_merge:0 rsync:0 ts_repl:0
Feb 20 08:21:39 np0005625199 account-server[123125]: Beginning replication run
Feb 20 08:21:39 np0005625199 account-server[123125]: Replication run OVER
Feb 20 08:21:39 np0005625199 account-server[123125]: Attempted to replicate 0 dbs in 0.00153 seconds (0.00000/s)
Feb 20 08:21:39 np0005625199 account-server[123125]: Removed 0 dbs
Feb 20 08:21:39 np0005625199 account-server[123125]: 0 successes, 0 failures
Feb 20 08:21:39 np0005625199 account-server[123125]: diff:0 diff_capped:0 empty:0 hashmatch:0 no_change:0 remote_merge:0 rsync:0 ts_repl:0
Feb 20 08:21:50 np0005625199 object-server[123952]: Starting object replication pass.
Feb 20 08:21:50 np0005625199 object-server[123952]: Nothing replicated for 0.00456690788269043 seconds.
Feb 20 08:21:50 np0005625199 object-server[123952]: Object replication complete. (0.00 minutes)
Feb 20 08:21:51 np0005625199 object-server[202216]: Begin object audit "forever" mode (ZBF)
Feb 20 08:21:51 np0005625199 object-server[202216]: Object audit (ZBF) "forever" mode completed: 0.00s. Total quarantined: 0, Total errors: 0, Total files/sec: 0.00, Total bytes/sec: 0.00, Auditing time: 0.00, Rate: 0.00
Feb 20 08:21:55 np0005625199 container-server[123510]: Beginning replication run
Feb 20 08:21:55 np0005625199 container-server[123510]: Replication run OVER
Feb 20 08:21:55 np0005625199 container-server[123510]: Attempted to replicate 0 dbs in 0.00193 seconds (0.00000/s)
Feb 20 08:21:55 np0005625199 container-server[123510]: Removed 0 dbs
Feb 20 08:21:55 np0005625199 container-server[123510]: 0 successes, 0 failures
Feb 20 08:21:55 np0005625199 container-server[123510]: diff:0 diff_capped:0 empty:0 hashmatch:0 no_change:0 remote_merge:0 rsync:0 ts_repl:0
Feb 20 08:22:09 np0005625199 account-server[123125]: Beginning replication run
Feb 20 08:22:09 np0005625199 account-server[123125]: Replication run OVER
Feb 20 08:22:09 np0005625199 account-server[123125]: Attempted to replicate 0 dbs in 0.00223 seconds (0.00000/s)
Feb 20 08:22:09 np0005625199 account-server[123125]: Removed 0 dbs
Feb 20 08:22:09 np0005625199 account-server[123125]: 0 successes, 0 failures
Feb 20 08:22:09 np0005625199 account-server[123125]: diff:0 diff_capped:0 empty:0 hashmatch:0 no_change:0 remote_merge:0 rsync:0 ts_repl:0
Feb 20 08:22:17 np0005625199 account-server[123646]: 172.20.0.104 - - [20/Feb/2026:08:22:17 +0000] "HEAD /d1/204/.expiring_objects" 404 - "HEAD http://localhost/v1/.expiring_objects?format=json" "tx050e58d051a44c2e85934-00699819b9" "proxy-server 2" 0.0013 "-" 21 -
Feb 20 08:22:20 np0005625199 object-server[123952]: Starting object replication pass.
Feb 20 08:22:20 np0005625199 object-server[123952]: Nothing replicated for 0.0038776397705078125 seconds.
Feb 20 08:22:20 np0005625199 object-server[123952]: Object replication complete. (0.00 minutes)
Feb 20 08:22:21 np0005625199 object-server[208211]: Begin object audit "forever" mode (ZBF)
Feb 20 08:22:21 np0005625199 object-server[208211]: Object audit (ZBF) "forever" mode completed: 0.00s. Total quarantined: 0, Total errors: 0, Total files/sec: 0.00, Total bytes/sec: 0.00, Auditing time: 0.00, Rate: 0.00
Feb 20 08:22:21 np0005625199 object-server[208212]: Begin object audit "forever" mode (ALL)
Feb 20 08:22:21 np0005625199 object-server[208212]: Object audit (ALL) "forever" mode completed: 0.00s. Total quarantined: 0, Total errors: 0, Total files/sec: 0.00, Total bytes/sec: 0.00, Auditing time: 0.00, Rate: 0.00
Feb 20 08:22:25 np0005625199 container-server[123510]: Beginning replication run
Feb 20 08:22:25 np0005625199 container-server[123510]: Replication run OVER
Feb 20 08:22:25 np0005625199 container-server[123510]: Attempted to replicate 0 dbs in 0.00260 seconds (0.00000/s)
Feb 20 08:22:25 np0005625199 container-server[123510]: Removed 0 dbs
Feb 20 08:22:25 np0005625199 container-server[123510]: 0 successes, 0 failures
Feb 20 08:22:25 np0005625199 container-server[123510]: diff:0 diff_capped:0 empty:0 hashmatch:0 no_change:0 remote_merge:0 rsync:0 ts_repl:0
Feb 20 08:22:27 np0005625199 account-server[123646]: 172.20.0.103 - - [20/Feb/2026:08:22:27 +0000] "HEAD /d1/242/AUTH_f6685cdb0ff24cddaeb987c63c89eafb" 404 - "HEAD http://172.18.0.217:8080/v1/AUTH_f6685cdb0ff24cddaeb987c63c89eafb?format=json" "tx428735a8929f46a8bebb5-00699819c3" "proxy-server 12" 0.0006 "-" 21 -
Feb 20 08:22:27 np0005625199 proxy-server[125753]: - - 20/Feb/2026/08/22/27 HEAD /v1/AUTH_f6685cdb0ff24cddaeb987c63c89eafb%3Fformat%3Djson HTTP/1.0 200 - Swift - - - - tx428735a8929f46a8bebb5-00699819c3 - 0.0213 RL - 1771575747.839482546 1771575747.860792875 -
Feb 20 08:22:28 np0005625199 object-server[124397]: 172.20.0.103 - - [20/Feb/2026:08:22:28 +0000] "GET /d1/857/AUTH_f6685cdb0ff24cddaeb987c63c89eafb/gnocchi.38a2efc0-7cf7-4915-9d05-4b2513fdc4b8/none_v3" 404 70 "GET http://172.18.0.217:8080/v1/AUTH_f6685cdb0ff24cddaeb987c63c89eafb/gnocchi.38a2efc0-7cf7-4915-9d05-4b2513fdc4b8/none_v3" "tx428735a8929f46a8bebb5-00699819c3" "proxy-server 12" 0.0016 "-" 22 0
Feb 20 08:22:28 np0005625199 proxy-server[125753]: 172.18.0.103 172.18.0.104 20/Feb/2026/08/22/28 GET /v1/AUTH_f6685cdb0ff24cddaeb987c63c89eafb/gnocchi.38a2efc0-7cf7-4915-9d05-4b2513fdc4b8/none_v3 HTTP/1.0 404 - python-swiftclient-3.11.1 gAAAAABpmBnDOlCd... - 70 - tx428735a8929f46a8bebb5-00699819c3 - 0.5271 - - 1771575747.836515188 1771575748.363657713 0
Feb 20 08:22:28 np0005625199 account-server[123646]: 172.20.0.104 - - [20/Feb/2026:08:22:28 +0000] "PUT /d1/242/AUTH_f6685cdb0ff24cddaeb987c63c89eafb" 201 - "-" "tx085f55a410fb472291494-00699819c4" "-" 0.0224 "-" 21 -
Feb 20 08:22:28 np0005625199 account-server[123646]: 172.20.0.104 - - [20/Feb/2026:08:22:28 +0000] "PUT /d1/242/AUTH_f6685cdb0ff24cddaeb987c63c89eafb/gnocchi.38a2efc0-7cf7-4915-9d05-4b2513fdc4b8" 201 - "PUT http://172.20.0.104:6001/d1/154/AUTH_f6685cdb0ff24cddaeb987c63c89eafb/gnocchi.38a2efc0-7cf7-4915-9d05-4b2513fdc4b8" "tx085f55a410fb472291494-00699819c4" "container-server 19" 0.0019 "-" 21 0
Feb 20 08:22:28 np0005625199 container-server[123812]: 172.20.0.104 - - [20/Feb/2026:08:22:28 +0000] "PUT /d1/154/AUTH_f6685cdb0ff24cddaeb987c63c89eafb/gnocchi.38a2efc0-7cf7-4915-9d05-4b2513fdc4b8" 201 - "PUT http://172.18.0.217:8080/v1/AUTH_f6685cdb0ff24cddaeb987c63c89eafb/gnocchi.38a2efc0-7cf7-4915-9d05-4b2513fdc4b8" "tx085f55a410fb472291494-00699819c4" "proxy-server 20" 0.0213 "-" 21 0
Feb 20 08:22:28 np0005625199 container-server[123817]: 172.20.0.105 - - [20/Feb/2026:08:22:28 +0000] "HEAD /d1/154/AUTH_f6685cdb0ff24cddaeb987c63c89eafb/gnocchi.38a2efc0-7cf7-4915-9d05-4b2513fdc4b8" 204 - "HEAD http://172.18.0.217:8080/v1/AUTH_f6685cdb0ff24cddaeb987c63c89eafb/gnocchi.38a2efc0-7cf7-4915-9d05-4b2513fdc4b8?format=json&states=listing" "tx48c6d60c351d43a2ae927-00699819c4" "proxy-server 20" 0.0044 "-" 22 0
Feb 20 08:22:28 np0005625199 container-server[123804]: 172.20.0.105 - - [20/Feb/2026:08:22:28 +0000] "GET /d1/154/AUTH_f6685cdb0ff24cddaeb987c63c89eafb/gnocchi.38a2efc0-7cf7-4915-9d05-4b2513fdc4b8" 200 2 "GET http://172.18.0.217:8080/v1/AUTH_f6685cdb0ff24cddaeb987c63c89eafb/gnocchi.38a2efc0-7cf7-4915-9d05-4b2513fdc4b8?format=json&states=listing" "tx48c6d60c351d43a2ae927-00699819c4" "proxy-server 20" 0.0062 "-" 20 0
Feb 20 08:22:28 np0005625199 object-server[124412]: 172.20.0.103 - - [20/Feb/2026:08:22:28 +0000] "GET /d1/198/AUTH_f6685cdb0ff24cddaeb987c63c89eafb/gnocchi.38a2efc0-7cf7-4915-9d05-4b2513fdc4b8/1771200000.0_mean_300.0_v3" 404 70 "GET http://172.18.0.217:8080/v1/AUTH_f6685cdb0ff24cddaeb987c63c89eafb/gnocchi.38a2efc0-7cf7-4915-9d05-4b2513fdc4b8/1771200000.0_mean_300.0_v3" "txd213a4b38e3d4a2f9384c-00699819c4" "proxy-server 12" 0.0011 "-" 24 0
Feb 20 08:22:28 np0005625199 proxy-server[125753]: 172.18.0.103 172.18.0.104 20/Feb/2026/08/22/28 GET /v1/AUTH_f6685cdb0ff24cddaeb987c63c89eafb/gnocchi.38a2efc0-7cf7-4915-9d05-4b2513fdc4b8/1771200000.0_mean_300.0_v3 HTTP/1.0 404 - python-swiftclient-3.11.1 gAAAAABpmBnDOlCd... - 70 - txd213a4b38e3d4a2f9384c-00699819c4 - 0.0212 - - 1771575748.495323896 1771575748.516517401 0
Feb 20 08:22:28 np0005625199 container-server[123817]: 172.20.0.104 - - [20/Feb/2026:08:22:28 +0000] "PUT /d1/154/AUTH_f6685cdb0ff24cddaeb987c63c89eafb/gnocchi.38a2efc0-7cf7-4915-9d05-4b2513fdc4b8/1771200000.0_mean_300.0_v3" 201 - "PUT http://172.18.0.217:8080/d1/198/AUTH_f6685cdb0ff24cddaeb987c63c89eafb/gnocchi.38a2efc0-7cf7-4915-9d05-4b2513fdc4b8/1771200000.0_mean_300.0_v3" "txe77b5bfe91944fdf8e13e-00699819c4" "object-server 23" 0.0011 "-" 22 0
Feb 20 08:22:28 np0005625199 object-server[124412]: 172.20.0.104 - - [20/Feb/2026:08:22:28 +0000] "PUT /d1/198/AUTH_f6685cdb0ff24cddaeb987c63c89eafb/gnocchi.38a2efc0-7cf7-4915-9d05-4b2513fdc4b8/1771200000.0_mean_300.0_v3" 201 - "PUT http://172.18.0.217:8080/v1/AUTH_f6685cdb0ff24cddaeb987c63c89eafb/gnocchi.38a2efc0-7cf7-4915-9d05-4b2513fdc4b8/1771200000.0_mean_300.0_v3" "txe77b5bfe91944fdf8e13e-00699819c4" "proxy-server 20" 0.0401 "-" 24 0
Feb 20 08:22:28 np0005625199 container-server[123804]: 172.20.0.103 - - [20/Feb/2026:08:22:28 +0000] "PUT /d1/154/AUTH_f6685cdb0ff24cddaeb987c63c89eafb/gnocchi.38a2efc0-7cf7-4915-9d05-4b2513fdc4b8/none_v3" 201 - "PUT http://172.18.0.217:8080/d1/857/AUTH_f6685cdb0ff24cddaeb987c63c89eafb/gnocchi.38a2efc0-7cf7-4915-9d05-4b2513fdc4b8/none_v3" "txe3f26eb826f84e49bfca8-00699819c4" "object-server 22" 0.0007 "-" 20 0
Feb 20 08:22:28 np0005625199 object-server[124397]: 172.20.0.105 - - [20/Feb/2026:08:22:28 +0000] "PUT /d1/857/AUTH_f6685cdb0ff24cddaeb987c63c89eafb/gnocchi.38a2efc0-7cf7-4915-9d05-4b2513fdc4b8/none_v3" 201 - "PUT http://172.18.0.217:8080/v1/AUTH_f6685cdb0ff24cddaeb987c63c89eafb/gnocchi.38a2efc0-7cf7-4915-9d05-4b2513fdc4b8/none_v3" "txe3f26eb826f84e49bfca8-00699819c4" "proxy-server 20" 0.0384 "-" 22 0
Feb 20 08:22:29 np0005625199 account-server[123646]: 172.20.0.105 - - [20/Feb/2026:08:22:29 +0000] "HEAD /d1/204/.expiring_objects" 404 - "HEAD http://localhost/v1/.expiring_objects?format=json" "tx1a635b07cb8b49e096192-00699819c5" "proxy-server 2" 0.0007 "-" 21 -
Feb 20 08:22:39 np0005625199 account-server[123125]: Beginning replication run
Feb 20 08:22:39 np0005625199 account-server[123125]: Replication run OVER
Feb 20 08:22:39 np0005625199 account-server[123125]: Attempted to replicate 1 dbs in 0.03475 seconds (28.77869/s)
Feb 20 08:22:39 np0005625199 account-server[123125]: Removed 0 dbs
Feb 20 08:22:39 np0005625199 account-server[123125]: 2 successes, 0 failures
Feb 20 08:22:39 np0005625199 account-server[123125]: diff:0 diff_capped:0 empty:0 hashmatch:0 no_change:2 remote_merge:0 rsync:0 ts_repl:0
Feb 20 08:22:50 np0005625199 object-server[123952]: Starting object replication pass.
Feb 20 08:22:50 np0005625199 object-server[123952]: 2/2 (100.00%) partitions replicated in 0.04s (45.26/sec, 0s remaining)
Feb 20 08:22:50 np0005625199 object-server[123952]: 4 successes, 0 failures
Feb 20 08:22:50 np0005625199 object-server[123952]: 2 suffixes checked - 0.00% hashed, 0.00% synced
Feb 20 08:22:50 np0005625199 object-server[123952]: Partition times: max 0.0297s, min 0.0097s, med 0.0297s
Feb 20 08:22:50 np0005625199 object-server[123952]: Object replication complete. (0.00 minutes)
Feb 20 08:22:51 np0005625199 object-server[208213]: Begin object audit "forever" mode (ZBF)
Feb 20 08:22:51 np0005625199 account-server[123650]: 172.20.0.104 - - [20/Feb/2026:08:22:51 +0000] "PUT /d1/242/AUTH_f6685cdb0ff24cddaeb987c63c89eafb/gnocchi.38a2efc0-7cf7-4915-9d05-4b2513fdc4b8" 201 - "-" "-" "container-updater 2" 0.0012 "-" 22 0
Feb 20 08:22:51 np0005625199 object-server[208213]: Object audit (ZBF). Since Fri Feb 20 08:22:51 2026: Locally: 1 passed, 0 quarantined, 0 errors, files/sec: 891.46, bytes/sec: 0.00, Total time: 0.00, Auditing time: 0.00, Rate: 0.00
Feb 20 08:22:51 np0005625199 object-server[208213]: Object audit (ZBF) "forever" mode completed: 0.00s. Total quarantined: 0, Total errors: 0, Total files/sec: 672.92, Total bytes/sec: 0.00, Auditing time: 0.00, Rate: 0.28
Feb 20 08:22:55 np0005625199 container-server[123510]: Beginning replication run
Feb 20 08:22:55 np0005625199 container-server[123510]: Replication run OVER
Feb 20 08:22:55 np0005625199 container-server[123510]: Attempted to replicate 1 dbs in 0.03758 seconds (26.60746/s)
Feb 20 08:22:55 np0005625199 container-server[123510]: Removed 0 dbs
Feb 20 08:22:55 np0005625199 container-server[123510]: 2 successes, 0 failures
Feb 20 08:22:55 np0005625199 container-server[123510]: diff:0 diff_capped:0 empty:0 hashmatch:0 no_change:2 remote_merge:0 rsync:0 ts_repl:0
Feb 20 08:22:58 np0005625199 proxy-server[125753]: 172.18.0.105 172.18.0.104 20/Feb/2026/08/22/58 GET /v1/AUTH_f6685cdb0ff24cddaeb987c63c89eafb/gnocchi.38a2efc0-7cf7-4915-9d05-4b2513fdc4b8/none_v3 HTTP/1.0 200 - python-swiftclient-3.11.1 gAAAAABpmBnhhvsV... - 22 - tx3d4ac8cb59d2437b945e0-00699819e1 - 0.1390 - - 1771575777.910974503 1771575778.049995661 0
Feb 20 08:22:58 np0005625199 container-server[123824]: 172.20.0.104 - - [20/Feb/2026:08:22:58 +0000] "GET /d1/154/AUTH_f6685cdb0ff24cddaeb987c63c89eafb/gnocchi.38a2efc0-7cf7-4915-9d05-4b2513fdc4b8" 200 357 "GET http://172.18.0.217:8080/v1/AUTH_f6685cdb0ff24cddaeb987c63c89eafb/gnocchi.38a2efc0-7cf7-4915-9d05-4b2513fdc4b8?format=json&states=listing" "txbb558c801c0b48cba4526-00699819e2" "proxy-server 20" 0.0071 "-" 23 0
Feb 20 08:22:58 np0005625199 object-server[124403]: 172.20.0.103 - - [20/Feb/2026:08:22:58 +0000] "GET /d1/198/AUTH_f6685cdb0ff24cddaeb987c63c89eafb/gnocchi.38a2efc0-7cf7-4915-9d05-4b2513fdc4b8/1771200000.0_mean_300.0_v3" 200 16 "GET http://172.18.0.217:8080/v1/AUTH_f6685cdb0ff24cddaeb987c63c89eafb/gnocchi.38a2efc0-7cf7-4915-9d05-4b2513fdc4b8/1771200000.0_mean_300.0_v3" "tx6e82cc4042e54572b25df-00699819e2" "proxy-server 12" 0.0027 "-" 23 0
Feb 20 08:22:58 np0005625199 proxy-server[125753]: 172.18.0.105 172.18.0.104 20/Feb/2026/08/22/58 GET /v1/AUTH_f6685cdb0ff24cddaeb987c63c89eafb/gnocchi.38a2efc0-7cf7-4915-9d05-4b2513fdc4b8/1771200000.0_mean_300.0_v3 HTTP/1.0 200 - python-swiftclient-3.11.1 gAAAAABpmBnhhvsV... - 16 - tx6e82cc4042e54572b25df-00699819e2 - 0.0161 - - 1771575778.104663610 1771575778.120794058 0
Feb 20 08:22:58 np0005625199 container-server[123812]: 172.20.0.103 - - [20/Feb/2026:08:22:58 +0000] "PUT /d1/154/AUTH_f6685cdb0ff24cddaeb987c63c89eafb/gnocchi.38a2efc0-7cf7-4915-9d05-4b2513fdc4b8/1771200000.0_mean_300.0_v3" 201 - "PUT http://172.18.0.217:8080/d1/198/AUTH_f6685cdb0ff24cddaeb987c63c89eafb/gnocchi.38a2efc0-7cf7-4915-9d05-4b2513fdc4b8/1771200000.0_mean_300.0_v3" "tx7465bc9f471f4da6a7f8f-00699819e2" "object-server 23" 0.0008 "-" 21 0
Feb 20 08:22:58 np0005625199 object-server[124403]: 172.20.0.104 - - [20/Feb/2026:08:22:58 +0000] "PUT /d1/198/AUTH_f6685cdb0ff24cddaeb987c63c89eafb/gnocchi.38a2efc0-7cf7-4915-9d05-4b2513fdc4b8/1771200000.0_mean_300.0_v3" 201 - "PUT http://172.18.0.217:8080/v1/AUTH_f6685cdb0ff24cddaeb987c63c89eafb/gnocchi.38a2efc0-7cf7-4915-9d05-4b2513fdc4b8/1771200000.0_mean_300.0_v3" "tx7465bc9f471f4da6a7f8f-00699819e2" "proxy-server 20" 0.0290 "-" 23 0
Feb 20 08:22:58 np0005625199 container-server[123804]: 172.20.0.103 - - [20/Feb/2026:08:22:58 +0000] "PUT /d1/154/AUTH_f6685cdb0ff24cddaeb987c63c89eafb/gnocchi.38a2efc0-7cf7-4915-9d05-4b2513fdc4b8/none_v3" 201 - "PUT http://172.18.0.217:8080/d1/857/AUTH_f6685cdb0ff24cddaeb987c63c89eafb/gnocchi.38a2efc0-7cf7-4915-9d05-4b2513fdc4b8/none_v3" "tx1ef73985c4c54b6eba66b-00699819e2" "object-server 23" 0.0008 "-" 20 0
Feb 20 08:22:58 np0005625199 object-server[124403]: 172.20.0.105 - - [20/Feb/2026:08:22:58 +0000] "PUT /d1/857/AUTH_f6685cdb0ff24cddaeb987c63c89eafb/gnocchi.38a2efc0-7cf7-4915-9d05-4b2513fdc4b8/none_v3" 201 - "PUT http://172.18.0.217:8080/v1/AUTH_f6685cdb0ff24cddaeb987c63c89eafb/gnocchi.38a2efc0-7cf7-4915-9d05-4b2513fdc4b8/none_v3" "tx1ef73985c4c54b6eba66b-00699819e2" "proxy-server 20" 0.0197 "-" 23 0
Feb 20 08:23:09 np0005625199 account-server[123125]: Beginning replication run
Feb 20 08:23:09 np0005625199 account-server[123125]: Replication run OVER
Feb 20 08:23:09 np0005625199 account-server[123125]: Attempted to replicate 1 dbs in 0.02413 seconds (41.43774/s)
Feb 20 08:23:09 np0005625199 account-server[123125]: Removed 0 dbs
Feb 20 08:23:09 np0005625199 account-server[123125]: 2 successes, 0 failures
Feb 20 08:23:09 np0005625199 account-server[123125]: diff:0 diff_capped:0 empty:0 hashmatch:0 no_change:2 remote_merge:0 rsync:0 ts_repl:0
Feb 20 08:23:20 np0005625199 object-server[123952]: Starting object replication pass.
Feb 20 08:23:20 np0005625199 object-server[123952]: 2/2 (100.00%) partitions replicated in 0.03s (60.32/sec, 0s remaining)
Feb 20 08:23:20 np0005625199 object-server[123952]: 4 successes, 0 failures
Feb 20 08:23:20 np0005625199 object-server[123952]: 2 suffixes checked - 0.00% hashed, 0.00% synced
Feb 20 08:23:20 np0005625199 object-server[123952]: Partition times: max 0.0148s, min 0.0141s, med 0.0148s
Feb 20 08:23:20 np0005625199 object-server[123952]: Object replication complete. (0.00 minutes)
Feb 20 08:23:22 np0005625199 object-server[214260]: Begin object audit "forever" mode (ZBF)
Feb 20 08:23:22 np0005625199 object-server[214261]: Begin object audit "forever" mode (ALL)
Feb 20 08:23:22 np0005625199 object-server[214260]: Object audit (ZBF). Since Fri Feb 20 08:23:22 2026: Locally: 1 passed, 0 quarantined, 0 errors, files/sec: 431.82, bytes/sec: 0.00, Total time: 0.00, Auditing time: 0.00, Rate: 0.00
Feb 20 08:23:22 np0005625199 object-server[214260]: Object audit (ZBF) "forever" mode completed: 0.01s. Total quarantined: 0, Total errors: 0, Total files/sec: 375.28, Total bytes/sec: 0.00, Auditing time: 0.00, Rate: 0.27
Feb 20 08:23:22 np0005625199 object-server[214261]: Object audit (ALL). Since Fri Feb 20 08:23:22 2026: Locally: 1 passed, 0 quarantined, 0 errors, files/sec: 112.64, bytes/sec: 1802.26, Total time: 0.01, Auditing time: 0.00, Rate: 0.00
Feb 20 08:23:22 np0005625199 object-server[214261]: Object audit (ALL) "forever" mode completed: 0.01s. Total quarantined: 0, Total errors: 0, Total files/sec: 160.05, Total bytes/sec: 3841.30, Auditing time: 0.01, Rate: 0.73
Feb 20 08:23:25 np0005625199 container-server[123510]: Beginning replication run
Feb 20 08:23:25 np0005625199 container-server[123510]: Replication run OVER
Feb 20 08:23:25 np0005625199 container-server[123510]: Attempted to replicate 1 dbs in 0.03221 seconds (31.04766/s)
Feb 20 08:23:25 np0005625199 container-server[123510]: Removed 0 dbs
Feb 20 08:23:25 np0005625199 container-server[123510]: 2 successes, 0 failures
Feb 20 08:23:25 np0005625199 container-server[123510]: diff:0 diff_capped:0 empty:0 hashmatch:0 no_change:2 remote_merge:0 rsync:0 ts_repl:0
Feb 20 08:23:28 np0005625199 proxy-server[125753]: - - 20/Feb/2026/08/23/28 HEAD /v1/AUTH_f6685cdb0ff24cddaeb987c63c89eafb%3Fformat%3Djson HTTP/1.0 204 - Swift - - - - tx0ed96ffff38e454c96dd2-0069981a00 - 0.0112 RL - 1771575808.657075644 1771575808.668273211 -
Feb 20 08:23:28 np0005625199 container-server[123804]: 172.20.0.104 - - [20/Feb/2026:08:23:28 +0000] "HEAD /d1/400/AUTH_f6685cdb0ff24cddaeb987c63c89eafb/gnocchi.afd0005f-ff17-40c4-ab95-86eda4ec1945" 404 - "HEAD http://172.18.0.217:8080/v1/AUTH_f6685cdb0ff24cddaeb987c63c89eafb/gnocchi.afd0005f-ff17-40c4-ab95-86eda4ec1945?format=json&states=listing" "txd7e379a96bc445848de8a-0069981a00" "proxy-server 20" 0.0008 "-" 20 0
Feb 20 08:23:28 np0005625199 container-server[123817]: 172.20.0.103 - - [20/Feb/2026:08:23:28 +0000] "HEAD /d1/816/AUTH_f6685cdb0ff24cddaeb987c63c89eafb/gnocchi.9a9284df-76a6-44e1-9e43-ffa194ef2784" 404 - "HEAD http://172.18.0.217:8080/v1/AUTH_f6685cdb0ff24cddaeb987c63c89eafb/gnocchi.9a9284df-76a6-44e1-9e43-ffa194ef2784?format=json&states=listing" "tx0ed96ffff38e454c96dd2-0069981a00" "proxy-server 12" 0.0005 "-" 22 0
Feb 20 08:23:28 np0005625199 object-server[124403]: 172.20.0.104 - - [20/Feb/2026:08:23:28 +0000] "GET /d1/366/AUTH_f6685cdb0ff24cddaeb987c63c89eafb/gnocchi.afd0005f-ff17-40c4-ab95-86eda4ec1945/none_v3" 404 70 "GET http://172.18.0.217:8080/v1/AUTH_f6685cdb0ff24cddaeb987c63c89eafb/gnocchi.afd0005f-ff17-40c4-ab95-86eda4ec1945/none_v3" "txd7e379a96bc445848de8a-0069981a00" "proxy-server 20" 0.0007 "-" 23 0
Feb 20 08:23:28 np0005625199 object-server[124403]: 172.20.0.103 - - [20/Feb/2026:08:23:28 +0000] "GET /d1/681/AUTH_f6685cdb0ff24cddaeb987c63c89eafb/gnocchi.9a9284df-76a6-44e1-9e43-ffa194ef2784/none_v3" 404 70 "GET http://172.18.0.217:8080/v1/AUTH_f6685cdb0ff24cddaeb987c63c89eafb/gnocchi.9a9284df-76a6-44e1-9e43-ffa194ef2784/none_v3" "tx0ed96ffff38e454c96dd2-0069981a00" "proxy-server 12" 0.0004 "-" 23 0
Feb 20 08:23:28 np0005625199 proxy-server[125753]: 172.18.0.105 172.18.0.104 20/Feb/2026/08/23/28 GET /v1/AUTH_f6685cdb0ff24cddaeb987c63c89eafb/gnocchi.9a9284df-76a6-44e1-9e43-ffa194ef2784/none_v3 HTTP/1.0 404 - python-swiftclient-3.11.1 gAAAAABpmBnhhvsV... - 70 - tx0ed96ffff38e454c96dd2-0069981a00 - 0.0558 - - 1771575808.655255079 1771575808.711022615 0
Feb 20 08:23:28 np0005625199 account-server[123650]: 172.20.0.103 - - [20/Feb/2026:08:23:28 +0000] "PUT /d1/242/AUTH_f6685cdb0ff24cddaeb987c63c89eafb/gnocchi.afd0005f-ff17-40c4-ab95-86eda4ec1945" 201 - "PUT http://172.20.0.103:6001/d1/400/AUTH_f6685cdb0ff24cddaeb987c63c89eafb/gnocchi.afd0005f-ff17-40c4-ab95-86eda4ec1945" "tx710f6bb9d62a4574bb465-0069981a00" "container-server 21" 0.0024 "-" 22 0
Feb 20 08:23:28 np0005625199 container-server[123812]: 172.20.0.105 - - [20/Feb/2026:08:23:28 +0000] "PUT /d1/400/AUTH_f6685cdb0ff24cddaeb987c63c89eafb/gnocchi.afd0005f-ff17-40c4-ab95-86eda4ec1945" 201 - "PUT http://172.18.0.217:8080/v1/AUTH_f6685cdb0ff24cddaeb987c63c89eafb/gnocchi.afd0005f-ff17-40c4-ab95-86eda4ec1945" "tx710f6bb9d62a4574bb465-0069981a00" "proxy-server 20" 0.0154 "-" 21 0
Feb 20 08:23:28 np0005625199 container-server[123804]: 172.20.0.104 - - [20/Feb/2026:08:23:28 +0000] "PUT /d1/816/AUTH_f6685cdb0ff24cddaeb987c63c89eafb/gnocchi.9a9284df-76a6-44e1-9e43-ffa194ef2784" 201 - "PUT http://172.18.0.217:8080/v1/AUTH_f6685cdb0ff24cddaeb987c63c89eafb/gnocchi.9a9284df-76a6-44e1-9e43-ffa194ef2784" "tx2722ee554ffc417fb40d5-0069981a00" "proxy-server 20" 0.0188 "-" 20 0
Feb 20 08:23:28 np0005625199 account-server[123646]: 172.20.0.104 - - [20/Feb/2026:08:23:28 +0000] "PUT /d1/242/AUTH_f6685cdb0ff24cddaeb987c63c89eafb/gnocchi.9a9284df-76a6-44e1-9e43-ffa194ef2784" 201 - "PUT http://172.20.0.104:6001/d1/816/AUTH_f6685cdb0ff24cddaeb987c63c89eafb/gnocchi.9a9284df-76a6-44e1-9e43-ffa194ef2784" "tx2722ee554ffc417fb40d5-0069981a00" "container-server 19" 0.0060 "-" 21 0
Feb 20 08:23:28 np0005625199 container-server[123817]: 172.20.0.103 - - [20/Feb/2026:08:23:28 +0000] "HEAD /d1/816/AUTH_f6685cdb0ff24cddaeb987c63c89eafb/gnocchi.9a9284df-76a6-44e1-9e43-ffa194ef2784" 204 - "HEAD http://172.18.0.217:8080/v1/AUTH_f6685cdb0ff24cddaeb987c63c89eafb/gnocchi.9a9284df-76a6-44e1-9e43-ffa194ef2784?format=json&states=listing" "txb559038345d845688c2d7-0069981a00" "proxy-server 12" 0.0023 "-" 22 0
Feb 20 08:23:28 np0005625199 proxy-server[125753]: - - 20/Feb/2026/08/23/28 HEAD /v1/AUTH_f6685cdb0ff24cddaeb987c63c89eafb/gnocchi.9a9284df-76a6-44e1-9e43-ffa194ef2784%3Fformat%3Djson%26states%3Dlisting HTTP/1.0 204 - Swift - - - - txb559038345d845688c2d7-0069981a00 - 0.0080 RL - 1771575808.770453691 1771575808.778432846 0
Feb 20 08:23:28 np0005625199 proxy-server[125753]: 172.18.0.105 172.18.0.104 20/Feb/2026/08/23/28 GET /v1/AUTH_f6685cdb0ff24cddaeb987c63c89eafb/gnocchi.9a9284df-76a6-44e1-9e43-ffa194ef2784%3Fformat%3Djson%26states%3Dlisting HTTP/1.0 200 - python-swiftclient-3.11.1 gAAAAABpmBnhhvsV... - 2 - txb559038345d845688c2d7-0069981a00 - 0.0247 - - 1771575808.768109083 1771575808.792769194 0
Feb 20 08:23:28 np0005625199 object-server[124397]: 172.20.0.104 - - [20/Feb/2026:08:23:28 +0000] "GET /d1/870/AUTH_f6685cdb0ff24cddaeb987c63c89eafb/gnocchi.9a9284df-76a6-44e1-9e43-ffa194ef2784/1771200000.0_mean_300.0_v3" 404 70 "GET http://172.18.0.217:8080/v1/AUTH_f6685cdb0ff24cddaeb987c63c89eafb/gnocchi.9a9284df-76a6-44e1-9e43-ffa194ef2784/1771200000.0_mean_300.0_v3" "txdfb2287b31d44584bccce-0069981a00" "proxy-server 20" 0.0005 "-" 22 0
Feb 20 08:23:28 np0005625199 object-server[124397]: 172.20.0.105 - - [20/Feb/2026:08:23:28 +0000] "GET /d1/922/AUTH_f6685cdb0ff24cddaeb987c63c89eafb/gnocchi.afd0005f-ff17-40c4-ab95-86eda4ec1945/1771200000.0_mean_300.0_v3" 404 70 "GET http://172.18.0.217:8080/v1/AUTH_f6685cdb0ff24cddaeb987c63c89eafb/gnocchi.afd0005f-ff17-40c4-ab95-86eda4ec1945/1771200000.0_mean_300.0_v3" "txd8d4703b20a04125a96d9-0069981a00" "proxy-server 20" 0.0004 "-" 22 0
Feb 20 08:23:28 np0005625199 container-server[123817]: 172.20.0.103 - - [20/Feb/2026:08:23:28 +0000] "PUT /d1/816/AUTH_f6685cdb0ff24cddaeb987c63c89eafb/gnocchi.9a9284df-76a6-44e1-9e43-ffa194ef2784/1771200000.0_mean_300.0_v3" 201 - "PUT http://172.18.0.217:8080/d1/870/AUTH_f6685cdb0ff24cddaeb987c63c89eafb/gnocchi.9a9284df-76a6-44e1-9e43-ffa194ef2784/1771200000.0_mean_300.0_v3" "tx03750d6da47b42e79ca0d-0069981a00" "object-server 23" 0.0008 "-" 22 0
Feb 20 08:23:28 np0005625199 object-server[124403]: 172.20.0.103 - - [20/Feb/2026:08:23:28 +0000] "PUT /d1/870/AUTH_f6685cdb0ff24cddaeb987c63c89eafb/gnocchi.9a9284df-76a6-44e1-9e43-ffa194ef2784/1771200000.0_mean_300.0_v3" 201 - "PUT http://172.18.0.217:8080/v1/AUTH_f6685cdb0ff24cddaeb987c63c89eafb/gnocchi.9a9284df-76a6-44e1-9e43-ffa194ef2784/1771200000.0_mean_300.0_v3" "tx03750d6da47b42e79ca0d-0069981a00" "proxy-server 12" 0.0173 "-" 23 0
Feb 20 08:23:28 np0005625199 proxy-server[125753]: 172.18.0.105 172.18.0.104 20/Feb/2026/08/23/28 PUT /v1/AUTH_f6685cdb0ff24cddaeb987c63c89eafb/gnocchi.9a9284df-76a6-44e1-9e43-ffa194ef2784/1771200000.0_mean_300.0_v3 HTTP/1.0 201 - python-swiftclient-3.11.1 gAAAAABpmBnhhvsV... 16 - - tx03750d6da47b42e79ca0d-0069981a00 - 0.0295 - - 1771575808.820820570 1771575808.850309372 0
Feb 20 08:23:28 np0005625199 object-server[124403]: 172.20.0.104 - - [20/Feb/2026:08:23:28 +0000] "PUT /d1/922/AUTH_f6685cdb0ff24cddaeb987c63c89eafb/gnocchi.afd0005f-ff17-40c4-ab95-86eda4ec1945/1771200000.0_mean_300.0_v3" 201 - "PUT http://172.18.0.217:8080/v1/AUTH_f6685cdb0ff24cddaeb987c63c89eafb/gnocchi.afd0005f-ff17-40c4-ab95-86eda4ec1945/1771200000.0_mean_300.0_v3" "tx45b7f57db0aa4866998f4-0069981a00" "proxy-server 20" 0.0230 "-" 23 0
Feb 20 08:23:28 np0005625199 container-server[123812]: 172.20.0.104 - - [20/Feb/2026:08:23:28 +0000] "PUT /d1/400/AUTH_f6685cdb0ff24cddaeb987c63c89eafb/gnocchi.afd0005f-ff17-40c4-ab95-86eda4ec1945/1771200000.0_mean_300.0_v3" 201 - "PUT http://172.18.0.217:8080/d1/922/AUTH_f6685cdb0ff24cddaeb987c63c89eafb/gnocchi.afd0005f-ff17-40c4-ab95-86eda4ec1945/1771200000.0_mean_300.0_v3" "tx45b7f57db0aa4866998f4-0069981a00" "object-server 25" 0.0010 "-" 21 0
Feb 20 08:23:28 np0005625199 container-server[123817]: 172.20.0.105 - - [20/Feb/2026:08:23:28 +0000] "PUT /d1/816/AUTH_f6685cdb0ff24cddaeb987c63c89eafb/gnocchi.9a9284df-76a6-44e1-9e43-ffa194ef2784/none_v3" 201 - "PUT http://172.18.0.217:8080/d1/681/AUTH_f6685cdb0ff24cddaeb987c63c89eafb/gnocchi.9a9284df-76a6-44e1-9e43-ffa194ef2784/none_v3" "txf9a69517f3814ab187fbb-0069981a00" "object-server 24" 0.0008 "-" 22 0
Feb 20 08:23:28 np0005625199 object-server[124419]: 172.20.0.105 - - [20/Feb/2026:08:23:28 +0000] "PUT /d1/681/AUTH_f6685cdb0ff24cddaeb987c63c89eafb/gnocchi.9a9284df-76a6-44e1-9e43-ffa194ef2784/none_v3" 201 - "PUT http://172.18.0.217:8080/v1/AUTH_f6685cdb0ff24cddaeb987c63c89eafb/gnocchi.9a9284df-76a6-44e1-9e43-ffa194ef2784/none_v3" "txf9a69517f3814ab187fbb-0069981a00" "proxy-server 20" 0.0331 "-" 25 0
Feb 20 08:23:28 np0005625199 container-server[123824]: 172.20.0.105 - - [20/Feb/2026:08:23:28 +0000] "PUT /d1/400/AUTH_f6685cdb0ff24cddaeb987c63c89eafb/gnocchi.afd0005f-ff17-40c4-ab95-86eda4ec1945/none_v3" 201 - "PUT http://172.18.0.217:8080/d1/366/AUTH_f6685cdb0ff24cddaeb987c63c89eafb/gnocchi.afd0005f-ff17-40c4-ab95-86eda4ec1945/none_v3" "tx420ccd2bc6364465b7f42-0069981a00" "object-server 22" 0.0009 "-" 23 0
Feb 20 08:23:28 np0005625199 object-server[124403]: 172.20.0.103 - - [20/Feb/2026:08:23:28 +0000] "PUT /d1/366/AUTH_f6685cdb0ff24cddaeb987c63c89eafb/gnocchi.afd0005f-ff17-40c4-ab95-86eda4ec1945/none_v3" 201 - "PUT http://172.18.0.217:8080/v1/AUTH_f6685cdb0ff24cddaeb987c63c89eafb/gnocchi.afd0005f-ff17-40c4-ab95-86eda4ec1945/none_v3" "tx420ccd2bc6364465b7f42-0069981a00" "proxy-server 12" 0.0149 "-" 23 0
Feb 20 08:23:28 np0005625199 proxy-server[125753]: 172.18.0.103 172.18.0.104 20/Feb/2026/08/23/28 PUT /v1/AUTH_f6685cdb0ff24cddaeb987c63c89eafb/gnocchi.afd0005f-ff17-40c4-ab95-86eda4ec1945/none_v3 HTTP/1.0 201 - python-swiftclient-3.11.1 gAAAAABpmBnDOlCd... 22 - - tx420ccd2bc6364465b7f42-0069981a00 - 0.0284 - - 1771575808.892980576 1771575808.921364069 0
Feb 20 08:23:34 np0005625199 object-server[124206]: Begin object update sweep
Feb 20 08:23:34 np0005625199 object-server[215630]: Object update sweep starting on /srv/node/d1 (pid: 14)
Feb 20 08:23:34 np0005625199 object-server[215630]: Object update sweep completed on /srv/node/d1 in 0.00s seconds:, 0 successes, 0 failures, 0 quarantines, 0 unlinks, 0 errors, 0 redirects (pid: 14)
Feb 20 08:23:34 np0005625199 object-server[215630]: Object update sweep of d1 completed: 0.00s, 0 successes, 0 failures, 0 quarantines, 0 unlinks, 0 errors, 0 redirects
Feb 20 08:23:34 np0005625199 object-server[124206]: Object update sweep completed: 0.08s
Feb 20 08:23:37 np0005625199 container-server[123711]: Begin container update sweep
Feb 20 08:23:37 np0005625199 account-server[123650]: 172.20.0.103 - - [20/Feb/2026:08:23:37 +0000] "PUT /d1/242/AUTH_f6685cdb0ff24cddaeb987c63c89eafb/gnocchi.38a2efc0-7cf7-4915-9d05-4b2513fdc4b8" 201 - "-" "-" "container-updater 2" 0.0007 "-" 22 0
Feb 20 08:23:37 np0005625199 account-server[123650]: 172.20.0.103 - - [20/Feb/2026:08:23:37 +0000] "PUT /d1/242/AUTH_f6685cdb0ff24cddaeb987c63c89eafb/gnocchi.9a9284df-76a6-44e1-9e43-ffa194ef2784" 201 - "-" "-" "container-updater 2" 0.0007 "-" 22 0
Feb 20 08:23:37 np0005625199 account-server[123680]: 172.20.0.103 - - [20/Feb/2026:08:23:37 +0000] "PUT /d1/242/AUTH_f6685cdb0ff24cddaeb987c63c89eafb/gnocchi.afd0005f-ff17-40c4-ab95-86eda4ec1945" 201 - "-" "-" "container-updater 2" 0.0005 "-" 23 0
Feb 20 08:23:37 np0005625199 container-server[123711]: Container update sweep completed: 0.33s
Feb 20 08:23:37 np0005625199 container-server[123812]: 172.20.0.104 - - [20/Feb/2026:08:23:37 +0000] "HEAD /d1/397/AUTH_f6685cdb0ff24cddaeb987c63c89eafb/gnocchi.2af31e73-cd75-4e32-a2de-74f69abce527" 404 - "HEAD http://172.18.0.217:8080/v1/AUTH_f6685cdb0ff24cddaeb987c63c89eafb/gnocchi.2af31e73-cd75-4e32-a2de-74f69abce527?format=json&states=listing" "tx25dbb8aa303b4e30a5b59-0069981a09" "proxy-server 20" 0.0015 "-" 21 0
Feb 20 08:23:37 np0005625199 container-server[123812]: 172.20.0.105 - - [20/Feb/2026:08:23:37 +0000] "HEAD /d1/215/AUTH_f6685cdb0ff24cddaeb987c63c89eafb/gnocchi.e2269eba-6c45-4b8c-9e2c-18628a3fcf43" 404 - "HEAD http://172.18.0.217:8080/v1/AUTH_f6685cdb0ff24cddaeb987c63c89eafb/gnocchi.e2269eba-6c45-4b8c-9e2c-18628a3fcf43?format=json&states=listing" "txbc627896883a47b193eb9-0069981a09" "proxy-server 20" 0.0005 "-" 21 0
Feb 20 08:23:37 np0005625199 object-server[124419]: 172.20.0.104 - - [20/Feb/2026:08:23:37 +0000] "GET /d1/893/AUTH_f6685cdb0ff24cddaeb987c63c89eafb/gnocchi.2af31e73-cd75-4e32-a2de-74f69abce527/none_v3" 404 70 "GET http://172.18.0.217:8080/v1/AUTH_f6685cdb0ff24cddaeb987c63c89eafb/gnocchi.2af31e73-cd75-4e32-a2de-74f69abce527/none_v3" "tx25dbb8aa303b4e30a5b59-0069981a09" "proxy-server 20" 0.0014 "-" 25 0
Feb 20 08:23:37 np0005625199 object-server[124412]: 172.20.0.105 - - [20/Feb/2026:08:23:37 +0000] "GET /d1/217/AUTH_f6685cdb0ff24cddaeb987c63c89eafb/gnocchi.e2269eba-6c45-4b8c-9e2c-18628a3fcf43/none_v3" 404 70 "GET http://172.18.0.217:8080/v1/AUTH_f6685cdb0ff24cddaeb987c63c89eafb/gnocchi.e2269eba-6c45-4b8c-9e2c-18628a3fcf43/none_v3" "txbc627896883a47b193eb9-0069981a09" "proxy-server 20" 0.0006 "-" 24 0
Feb 20 08:23:37 np0005625199 account-server[123680]: 172.20.0.103 - - [20/Feb/2026:08:23:37 +0000] "PUT /d1/242/AUTH_f6685cdb0ff24cddaeb987c63c89eafb/gnocchi.2af31e73-cd75-4e32-a2de-74f69abce527" 201 - "PUT http://172.20.0.103:6001/d1/397/AUTH_f6685cdb0ff24cddaeb987c63c89eafb/gnocchi.2af31e73-cd75-4e32-a2de-74f69abce527" "tx8705589750f44d5c9f3d0-0069981a09" "container-server 20" 0.0100 "-" 23 0
Feb 20 08:23:37 np0005625199 container-server[123804]: 172.20.0.103 - - [20/Feb/2026:08:23:37 +0000] "PUT /d1/397/AUTH_f6685cdb0ff24cddaeb987c63c89eafb/gnocchi.2af31e73-cd75-4e32-a2de-74f69abce527" 201 - "PUT http://172.18.0.217:8080/v1/AUTH_f6685cdb0ff24cddaeb987c63c89eafb/gnocchi.2af31e73-cd75-4e32-a2de-74f69abce527" "tx8705589750f44d5c9f3d0-0069981a09" "proxy-server 12" 0.0261 "-" 20 0
Feb 20 08:23:37 np0005625199 container-server[123824]: 172.20.0.104 - - [20/Feb/2026:08:23:37 +0000] "PUT /d1/215/AUTH_f6685cdb0ff24cddaeb987c63c89eafb/gnocchi.e2269eba-6c45-4b8c-9e2c-18628a3fcf43" 201 - "PUT http://172.18.0.217:8080/v1/AUTH_f6685cdb0ff24cddaeb987c63c89eafb/gnocchi.e2269eba-6c45-4b8c-9e2c-18628a3fcf43" "txd72eda380f6345a889b79-0069981a09" "proxy-server 20" 0.0295 "-" 23 0
Feb 20 08:23:37 np0005625199 account-server[123631]: 172.20.0.104 - - [20/Feb/2026:08:23:37 +0000] "PUT /d1/242/AUTH_f6685cdb0ff24cddaeb987c63c89eafb/gnocchi.e2269eba-6c45-4b8c-9e2c-18628a3fcf43" 201 - "PUT http://172.20.0.104:6001/d1/215/AUTH_f6685cdb0ff24cddaeb987c63c89eafb/gnocchi.e2269eba-6c45-4b8c-9e2c-18628a3fcf43" "txd72eda380f6345a889b79-0069981a09" "container-server 19" 0.0167 "-" 20 0
Feb 20 08:23:37 np0005625199 proxy-server[125753]: 172.18.0.103 172.18.0.104 20/Feb/2026/08/23/37 PUT /v1/AUTH_f6685cdb0ff24cddaeb987c63c89eafb/gnocchi.2af31e73-cd75-4e32-a2de-74f69abce527 HTTP/1.0 201 - python-swiftclient-3.11.1 gAAAAABpmBnDOlCd... - - - tx8705589750f44d5c9f3d0-0069981a09 - 0.0488 - - 1771575817.796006680 1771575817.844780684 0
Feb 20 08:23:37 np0005625199 proxy-server[125753]: - - 20/Feb/2026/08/23/37 HEAD /v1/AUTH_f6685cdb0ff24cddaeb987c63c89eafb/gnocchi.e2269eba-6c45-4b8c-9e2c-18628a3fcf43%3Fformat%3Djson%26states%3Dlisting HTTP/1.0 204 - Swift - - - - tx4fee54a63591476db178c-0069981a09 - 0.0068 RL - 1771575817.856694698 1771575817.863473177 0
Feb 20 08:23:37 np0005625199 proxy-server[125753]: 172.18.0.105 172.18.0.104 20/Feb/2026/08/23/37 GET /v1/AUTH_f6685cdb0ff24cddaeb987c63c89eafb/gnocchi.e2269eba-6c45-4b8c-9e2c-18628a3fcf43%3Fformat%3Djson%26states%3Dlisting HTTP/1.0 200 - python-swiftclient-3.11.1 gAAAAABpmBnhhvsV... - 2 - tx4fee54a63591476db178c-0069981a09 - 0.0227 - - 1771575817.851718903 1771575817.874379873 0
Feb 20 08:23:37 np0005625199 object-server[124397]: 172.20.0.104 - - [20/Feb/2026:08:23:37 +0000] "GET /d1/907/AUTH_f6685cdb0ff24cddaeb987c63c89eafb/gnocchi.e2269eba-6c45-4b8c-9e2c-18628a3fcf43/1771200000.0_mean_300.0_v3" 404 70 "GET http://172.18.0.217:8080/v1/AUTH_f6685cdb0ff24cddaeb987c63c89eafb/gnocchi.e2269eba-6c45-4b8c-9e2c-18628a3fcf43/1771200000.0_mean_300.0_v3" "txa72561a921b4480eabd9f-0069981a09" "proxy-server 20" 0.0004 "-" 22 0
Feb 20 08:23:37 np0005625199 object-server[124403]: 172.20.0.103 - - [20/Feb/2026:08:23:37 +0000] "GET /d1/230/AUTH_f6685cdb0ff24cddaeb987c63c89eafb/gnocchi.2af31e73-cd75-4e32-a2de-74f69abce527/1771200000.0_mean_300.0_v3" 404 70 "GET http://172.18.0.217:8080/v1/AUTH_f6685cdb0ff24cddaeb987c63c89eafb/gnocchi.2af31e73-cd75-4e32-a2de-74f69abce527/1771200000.0_mean_300.0_v3" "tx2e7654fecb65483caad25-0069981a09" "proxy-server 12" 0.0004 "-" 23 0
Feb 20 08:23:37 np0005625199 proxy-server[125753]: 172.18.0.103 172.18.0.104 20/Feb/2026/08/23/37 GET /v1/AUTH_f6685cdb0ff24cddaeb987c63c89eafb/gnocchi.2af31e73-cd75-4e32-a2de-74f69abce527/1771200000.0_mean_300.0_v3 HTTP/1.0 404 - python-swiftclient-3.11.1 gAAAAABpmBnDOlCd... - 70 - tx2e7654fecb65483caad25-0069981a09 - 0.0172 - - 1771575817.881144047 1771575817.898353100 0
Feb 20 08:23:37 np0005625199 container-server[123812]: 172.20.0.105 - - [20/Feb/2026:08:23:37 +0000] "PUT /d1/215/AUTH_f6685cdb0ff24cddaeb987c63c89eafb/gnocchi.e2269eba-6c45-4b8c-9e2c-18628a3fcf43/1771200000.0_mean_300.0_v3" 201 - "PUT http://172.18.0.217:8080/d1/907/AUTH_f6685cdb0ff24cddaeb987c63c89eafb/gnocchi.e2269eba-6c45-4b8c-9e2c-18628a3fcf43/1771200000.0_mean_300.0_v3" "tx1ca479dadefd4e39a8a8c-0069981a09" "object-server 23" 0.0007 "-" 21 0
Feb 20 08:23:37 np0005625199 object-server[124397]: 172.20.0.104 - - [20/Feb/2026:08:23:37 +0000] "PUT /d1/230/AUTH_f6685cdb0ff24cddaeb987c63c89eafb/gnocchi.2af31e73-cd75-4e32-a2de-74f69abce527/1771200000.0_mean_300.0_v3" 201 - "PUT http://172.18.0.217:8080/v1/AUTH_f6685cdb0ff24cddaeb987c63c89eafb/gnocchi.2af31e73-cd75-4e32-a2de-74f69abce527/1771200000.0_mean_300.0_v3" "tx10f33a6aff3c4922bb518-0069981a09" "proxy-server 20" 0.0141 "-" 22 0
Feb 20 08:23:37 np0005625199 container-server[123824]: 172.20.0.105 - - [20/Feb/2026:08:23:37 +0000] "PUT /d1/397/AUTH_f6685cdb0ff24cddaeb987c63c89eafb/gnocchi.2af31e73-cd75-4e32-a2de-74f69abce527/1771200000.0_mean_300.0_v3" 201 - "PUT http://172.18.0.217:8080/d1/230/AUTH_f6685cdb0ff24cddaeb987c63c89eafb/gnocchi.2af31e73-cd75-4e32-a2de-74f69abce527/1771200000.0_mean_300.0_v3" "tx10f33a6aff3c4922bb518-0069981a09" "object-server 24" 0.0014 "-" 23 0
Feb 20 08:23:37 np0005625199 object-server[124403]: 172.20.0.105 - - [20/Feb/2026:08:23:37 +0000] "PUT /d1/907/AUTH_f6685cdb0ff24cddaeb987c63c89eafb/gnocchi.e2269eba-6c45-4b8c-9e2c-18628a3fcf43/1771200000.0_mean_300.0_v3" 201 - "PUT http://172.18.0.217:8080/v1/AUTH_f6685cdb0ff24cddaeb987c63c89eafb/gnocchi.e2269eba-6c45-4b8c-9e2c-18628a3fcf43/1771200000.0_mean_300.0_v3" "tx1ca479dadefd4e39a8a8c-0069981a09" "proxy-server 20" 0.0138 "-" 23 0
Feb 20 08:23:37 np0005625199 container-server[123804]: 172.20.0.105 - - [20/Feb/2026:08:23:37 +0000] "PUT /d1/397/AUTH_f6685cdb0ff24cddaeb987c63c89eafb/gnocchi.2af31e73-cd75-4e32-a2de-74f69abce527/none_v3" 201 - "PUT http://172.18.0.217:8080/d1/893/AUTH_f6685cdb0ff24cddaeb987c63c89eafb/gnocchi.2af31e73-cd75-4e32-a2de-74f69abce527/none_v3" "tx6c09b2044bde403692bae-0069981a09" "object-server 23" 0.0009 "-" 20 0
Feb 20 08:23:37 np0005625199 object-server[124403]: 172.20.0.103 - - [20/Feb/2026:08:23:37 +0000] "PUT /d1/893/AUTH_f6685cdb0ff24cddaeb987c63c89eafb/gnocchi.2af31e73-cd75-4e32-a2de-74f69abce527/none_v3" 201 - "PUT http://172.18.0.217:8080/v1/AUTH_f6685cdb0ff24cddaeb987c63c89eafb/gnocchi.2af31e73-cd75-4e32-a2de-74f69abce527/none_v3" "tx6c09b2044bde403692bae-0069981a09" "proxy-server 12" 0.0143 "-" 23 0
Feb 20 08:23:37 np0005625199 proxy-server[125753]: 172.18.0.103 172.18.0.104 20/Feb/2026/08/23/37 PUT /v1/AUTH_f6685cdb0ff24cddaeb987c63c89eafb/gnocchi.2af31e73-cd75-4e32-a2de-74f69abce527/none_v3 HTTP/1.0 201 - python-swiftclient-3.11.1 gAAAAABpmBnDOlCd... 22 - - tx6c09b2044bde403692bae-0069981a09 - 0.0245 - - 1771575817.935521841 1771575817.960020781 0
Feb 20 08:23:37 np0005625199 object-server[124397]: 172.20.0.104 - - [20/Feb/2026:08:23:37 +0000] "PUT /d1/217/AUTH_f6685cdb0ff24cddaeb987c63c89eafb/gnocchi.e2269eba-6c45-4b8c-9e2c-18628a3fcf43/none_v3" 201 - "PUT http://172.18.0.217:8080/v1/AUTH_f6685cdb0ff24cddaeb987c63c89eafb/gnocchi.e2269eba-6c45-4b8c-9e2c-18628a3fcf43/none_v3" "txab3b5d16825344bfa681e-0069981a09" "proxy-server 20" 0.0133 "-" 22 0
Feb 20 08:23:37 np0005625199 container-server[123824]: 172.20.0.104 - - [20/Feb/2026:08:23:37 +0000] "PUT /d1/215/AUTH_f6685cdb0ff24cddaeb987c63c89eafb/gnocchi.e2269eba-6c45-4b8c-9e2c-18628a3fcf43/none_v3" 201 - "PUT http://172.18.0.217:8080/d1/217/AUTH_f6685cdb0ff24cddaeb987c63c89eafb/gnocchi.e2269eba-6c45-4b8c-9e2c-18628a3fcf43/none_v3" "txab3b5d16825344bfa681e-0069981a09" "object-server 24" 0.0020 "-" 23 0
Feb 20 08:23:37 np0005625199 container-server[123824]: 172.20.0.105 - - [20/Feb/2026:08:23:37 +0000] "HEAD /d1/750/AUTH_f6685cdb0ff24cddaeb987c63c89eafb/gnocchi.c6a02827-5377-445d-9a77-7508ae5c16f8" 404 - "HEAD http://172.18.0.217:8080/v1/AUTH_f6685cdb0ff24cddaeb987c63c89eafb/gnocchi.c6a02827-5377-445d-9a77-7508ae5c16f8?format=json&states=listing" "txcd0887673fe548a0ae656-0069981a09" "proxy-server 20" 0.0011 "-" 23 0
Feb 20 08:23:37 np0005625199 object-server[124403]: 172.20.0.105 - - [20/Feb/2026:08:23:37 +0000] "GET /d1/642/AUTH_f6685cdb0ff24cddaeb987c63c89eafb/gnocchi.c6a02827-5377-445d-9a77-7508ae5c16f8/none_v3" 404 70 "GET http://172.18.0.217:8080/v1/AUTH_f6685cdb0ff24cddaeb987c63c89eafb/gnocchi.c6a02827-5377-445d-9a77-7508ae5c16f8/none_v3" "txcd0887673fe548a0ae656-0069981a09" "proxy-server 20" 0.0004 "-" 23 0
Feb 20 08:23:38 np0005625199 container-server[123817]: 172.20.0.103 - - [20/Feb/2026:08:23:38 +0000] "HEAD /d1/565/AUTH_f6685cdb0ff24cddaeb987c63c89eafb/gnocchi.7feaaf5b-6612-4206-8816-45b85e59eb15" 404 - "HEAD http://172.18.0.217:8080/v1/AUTH_f6685cdb0ff24cddaeb987c63c89eafb/gnocchi.7feaaf5b-6612-4206-8816-45b85e59eb15?format=json&states=listing" "txac80a9f0260e4c8d97f90-0069981a0a" "proxy-server 12" 0.0007 "-" 22 0
Feb 20 08:23:38 np0005625199 object-server[124403]: 172.20.0.103 - - [20/Feb/2026:08:23:38 +0000] "GET /d1/669/AUTH_f6685cdb0ff24cddaeb987c63c89eafb/gnocchi.7feaaf5b-6612-4206-8816-45b85e59eb15/none_v3" 404 70 "GET http://172.18.0.217:8080/v1/AUTH_f6685cdb0ff24cddaeb987c63c89eafb/gnocchi.7feaaf5b-6612-4206-8816-45b85e59eb15/none_v3" "txac80a9f0260e4c8d97f90-0069981a0a" "proxy-server 12" 0.0003 "-" 23 0
Feb 20 08:23:38 np0005625199 account-server[123680]: 172.20.0.103 - - [20/Feb/2026:08:23:38 +0000] "PUT /d1/242/AUTH_f6685cdb0ff24cddaeb987c63c89eafb/gnocchi.c6a02827-5377-445d-9a77-7508ae5c16f8" 201 - "PUT http://172.20.0.103:6001/d1/750/AUTH_f6685cdb0ff24cddaeb987c63c89eafb/gnocchi.c6a02827-5377-445d-9a77-7508ae5c16f8" "txd2288bcaad924e52859e0-0069981a0a" "container-server 22" 0.0065 "-" 23 0
Feb 20 08:23:38 np0005625199 proxy-server[125753]: 172.18.0.105 172.18.0.104 20/Feb/2026/08/23/38 GET /v1/AUTH_f6685cdb0ff24cddaeb987c63c89eafb/gnocchi.7feaaf5b-6612-4206-8816-45b85e59eb15/none_v3 HTTP/1.0 404 - python-swiftclient-3.11.1 gAAAAABpmBnhhvsV... - 70 - txac80a9f0260e4c8d97f90-0069981a0a - 0.0370 - - 1771575818.000993729 1771575818.038024426 0
Feb 20 08:23:38 np0005625199 container-server[123817]: 172.20.0.104 - - [20/Feb/2026:08:23:38 +0000] "PUT /d1/750/AUTH_f6685cdb0ff24cddaeb987c63c89eafb/gnocchi.c6a02827-5377-445d-9a77-7508ae5c16f8" 201 - "PUT http://172.18.0.217:8080/v1/AUTH_f6685cdb0ff24cddaeb987c63c89eafb/gnocchi.c6a02827-5377-445d-9a77-7508ae5c16f8" "txd2288bcaad924e52859e0-0069981a0a" "proxy-server 20" 0.0272 "-" 22 0
Feb 20 08:23:38 np0005625199 proxy-server[125753]: - - 20/Feb/2026/08/23/38 HEAD /v1/AUTH_f6685cdb0ff24cddaeb987c63c89eafb/gnocchi.c6a02827-5377-445d-9a77-7508ae5c16f8%3Fformat%3Djson%26states%3Dlisting HTTP/1.0 204 - Swift - - - - tx2d28c4f3bdc54cf6860e3-0069981a0a - 0.0064 RL - 1771575818.048231840 1771575818.054583073 0
Feb 20 08:23:38 np0005625199 account-server[123650]: 172.20.0.104 - - [20/Feb/2026:08:23:38 +0000] "PUT /d1/242/AUTH_f6685cdb0ff24cddaeb987c63c89eafb/gnocchi.7feaaf5b-6612-4206-8816-45b85e59eb15" 201 - "PUT http://172.20.0.104:6001/d1/565/AUTH_f6685cdb0ff24cddaeb987c63c89eafb/gnocchi.7feaaf5b-6612-4206-8816-45b85e59eb15" "tx0dff66c53f5d4997b4b43-0069981a0a" "container-server 19" 0.0053 "-" 22 0
Feb 20 08:23:38 np0005625199 proxy-server[125753]: 172.18.0.103 172.18.0.104 20/Feb/2026/08/23/38 GET /v1/AUTH_f6685cdb0ff24cddaeb987c63c89eafb/gnocchi.c6a02827-5377-445d-9a77-7508ae5c16f8%3Fformat%3Djson%26states%3Dlisting HTTP/1.0 200 - python-swiftclient-3.11.1 gAAAAABpmBnDOlCd... - 2 - tx2d28c4f3bdc54cf6860e3-0069981a0a - 0.0224 - - 1771575818.046704531 1771575818.069113493 0
Feb 20 08:23:38 np0005625199 container-server[123824]: 172.20.0.105 - - [20/Feb/2026:08:23:38 +0000] "PUT /d1/565/AUTH_f6685cdb0ff24cddaeb987c63c89eafb/gnocchi.7feaaf5b-6612-4206-8816-45b85e59eb15" 201 - "PUT http://172.18.0.217:8080/v1/AUTH_f6685cdb0ff24cddaeb987c63c89eafb/gnocchi.7feaaf5b-6612-4206-8816-45b85e59eb15" "tx0dff66c53f5d4997b4b43-0069981a0a" "proxy-server 20" 0.0240 "-" 23 0
Feb 20 08:23:38 np0005625199 object-server[124412]: 172.20.0.104 - - [20/Feb/2026:08:23:38 +0000] "GET /d1/895/AUTH_f6685cdb0ff24cddaeb987c63c89eafb/gnocchi.c6a02827-5377-445d-9a77-7508ae5c16f8/1771200000.0_mean_300.0_v3" 404 70 "GET http://172.18.0.217:8080/v1/AUTH_f6685cdb0ff24cddaeb987c63c89eafb/gnocchi.c6a02827-5377-445d-9a77-7508ae5c16f8/1771200000.0_mean_300.0_v3" "tx8129d727e5974b6cb3749-0069981a0a" "proxy-server 20" 0.0003 "-" 24 0
