Feb 20 08:25:08 np0005625199 container-server[123812]: 172.20.0.103 - - [20/Feb/2026:08:25:08 +0000] "HEAD /d1/416/AUTH_f6685cdb0ff24cddaeb987c63c89eafb/gnocchi.41b982b7-c301-4140-8ada-e4cc49faf038" 404 - "HEAD http://172.18.0.217:8080/v1/AUTH_f6685cdb0ff24cddaeb987c63c89eafb/gnocchi.41b982b7-c301-4140-8ada-e4cc49faf038?format=json&states=listing" "tx996fc1382c4c4470bef78-0069981a64" "proxy-server 12" 0.0006 "-" 21 0
Feb 20 08:25:08 np0005625199 container-server[123804]: 172.20.0.104 - - [20/Feb/2026:08:25:08 +0000] "HEAD /d1/215/AUTH_f6685cdb0ff24cddaeb987c63c89eafb/gnocchi.23c72719-66c8-4eb0-8eaf-7878444cd1d1" 404 - "HEAD http://172.18.0.217:8080/v1/AUTH_f6685cdb0ff24cddaeb987c63c89eafb/gnocchi.23c72719-66c8-4eb0-8eaf-7878444cd1d1?format=json&states=listing" "tx926781154c6e4e1e919b7-0069981a64" "proxy-server 20" 0.0004 "-" 20 0
Feb 20 08:25:08 np0005625199 object-server[124403]: 172.20.0.105 - - [20/Feb/2026:08:25:08 +0000] "GET /d1/490/AUTH_f6685cdb0ff24cddaeb987c63c89eafb/gnocchi.d8f39d30-d995-437e-9b34-0ff4c23179a2/none_v3" 404 70 "GET http://172.18.0.217:8080/v1/AUTH_f6685cdb0ff24cddaeb987c63c89eafb/gnocchi.d8f39d30-d995-437e-9b34-0ff4c23179a2/none_v3" "txc593812d8380484990578-0069981a64" "proxy-server 20" 0.0004 "-" 23 0
Feb 20 08:25:08 np0005625199 object-server[124419]: 172.20.0.103 - - [20/Feb/2026:08:25:08 +0000] "GET /d1/270/AUTH_f6685cdb0ff24cddaeb987c63c89eafb/gnocchi.41b982b7-c301-4140-8ada-e4cc49faf038/none_v3" 404 70 "GET http://172.18.0.217:8080/v1/AUTH_f6685cdb0ff24cddaeb987c63c89eafb/gnocchi.41b982b7-c301-4140-8ada-e4cc49faf038/none_v3" "tx996fc1382c4c4470bef78-0069981a64" "proxy-server 12" 0.0010 "-" 25 0
Feb 20 08:25:08 np0005625199 proxy-server[125753]: 172.18.0.103 172.18.0.104 20/Feb/2026/08/25/08 GET /v1/AUTH_f6685cdb0ff24cddaeb987c63c89eafb/gnocchi.41b982b7-c301-4140-8ada-e4cc49faf038/none_v3 HTTP/1.0 404 - python-swiftclient-3.11.1 gAAAAABpmBnDOlCd... - 70 - tx996fc1382c4c4470bef78-0069981a64 - 0.0353 - - 1771575908.850781441 1771575908.886077404 0
Feb 20 08:25:08 np0005625199 object-server[124419]: 172.20.0.104 - - [20/Feb/2026:08:25:08 +0000] "GET /d1/854/AUTH_f6685cdb0ff24cddaeb987c63c89eafb/gnocchi.23c72719-66c8-4eb0-8eaf-7878444cd1d1/none_v3" 404 70 "GET http://172.18.0.217:8080/v1/AUTH_f6685cdb0ff24cddaeb987c63c89eafb/gnocchi.23c72719-66c8-4eb0-8eaf-7878444cd1d1/none_v3" "tx926781154c6e4e1e919b7-0069981a64" "proxy-server 20" 0.0003 "-" 25 0
Feb 20 08:25:08 np0005625199 container-server[123812]: 172.20.0.103 - - [20/Feb/2026:08:25:08 +0000] "PUT /d1/416/AUTH_f6685cdb0ff24cddaeb987c63c89eafb/gnocchi.41b982b7-c301-4140-8ada-e4cc49faf038" 201 - "PUT http://172.18.0.217:8080/v1/AUTH_f6685cdb0ff24cddaeb987c63c89eafb/gnocchi.41b982b7-c301-4140-8ada-e4cc49faf038" "tx7b0c0bb97fdb439d85224-0069981a64" "proxy-server 12" 0.0234 "-" 21 0
Feb 20 08:25:08 np0005625199 container-server[123824]: 172.20.0.104 - - [20/Feb/2026:08:25:08 +0000] "PUT /d1/215/AUTH_f6685cdb0ff24cddaeb987c63c89eafb/gnocchi.23c72719-66c8-4eb0-8eaf-7878444cd1d1" 201 - "PUT http://172.18.0.217:8080/v1/AUTH_f6685cdb0ff24cddaeb987c63c89eafb/gnocchi.23c72719-66c8-4eb0-8eaf-7878444cd1d1" "txe5cad244ca2d4ceeaefb8-0069981a64" "proxy-server 20" 0.0335 "-" 23 0
Feb 20 08:25:08 np0005625199 account-server[123646]: 172.20.0.105 - - [20/Feb/2026:08:25:08 +0000] "PUT /d1/242/AUTH_f6685cdb0ff24cddaeb987c63c89eafb/gnocchi.23c72719-66c8-4eb0-8eaf-7878444cd1d1" 201 - "PUT http://172.20.0.105:6001/d1/215/AUTH_f6685cdb0ff24cddaeb987c63c89eafb/gnocchi.23c72719-66c8-4eb0-8eaf-7878444cd1d1" "txe5cad244ca2d4ceeaefb8-0069981a64" "container-server 21" 0.0068 "-" 21 0
Feb 20 08:25:08 np0005625199 container-server[123804]: 172.20.0.105 - - [20/Feb/2026:08:25:08 +0000] "PUT /d1/49/AUTH_f6685cdb0ff24cddaeb987c63c89eafb/gnocchi.d8f39d30-d995-437e-9b34-0ff4c23179a2" 201 - "PUT http://172.18.0.217:8080/v1/AUTH_f6685cdb0ff24cddaeb987c63c89eafb/gnocchi.d8f39d30-d995-437e-9b34-0ff4c23179a2" "txa4452b2d84d94220a3f09-0069981a64" "proxy-server 20" 0.0441 "-" 20 0
Feb 20 08:25:08 np0005625199 account-server[123680]: 172.20.0.105 - - [20/Feb/2026:08:25:08 +0000] "PUT /d1/242/AUTH_f6685cdb0ff24cddaeb987c63c89eafb/gnocchi.41b982b7-c301-4140-8ada-e4cc49faf038" 201 - "PUT http://172.20.0.105:6001/d1/416/AUTH_f6685cdb0ff24cddaeb987c63c89eafb/gnocchi.41b982b7-c301-4140-8ada-e4cc49faf038" "tx7b0c0bb97fdb439d85224-0069981a64" "container-server 21" 0.0169 "-" 23 0
Feb 20 08:25:08 np0005625199 proxy-server[125753]: 172.18.0.103 172.18.0.104 20/Feb/2026/08/25/08 PUT /v1/AUTH_f6685cdb0ff24cddaeb987c63c89eafb/gnocchi.41b982b7-c301-4140-8ada-e4cc49faf038 HTTP/1.0 201 - python-swiftclient-3.11.1 gAAAAABpmBnDOlCd... - - - tx7b0c0bb97fdb439d85224-0069981a64 - 0.0612 - - 1771575908.890927315 1771575908.952158213 0
Feb 20 08:25:08 np0005625199 account-server[123650]: 172.20.0.105 - - [20/Feb/2026:08:25:08 +0000] "PUT /d1/242/AUTH_f6685cdb0ff24cddaeb987c63c89eafb/gnocchi.d8f39d30-d995-437e-9b34-0ff4c23179a2" 201 - "PUT http://172.20.0.105:6001/d1/49/AUTH_f6685cdb0ff24cddaeb987c63c89eafb/gnocchi.d8f39d30-d995-437e-9b34-0ff4c23179a2" "txa4452b2d84d94220a3f09-0069981a64" "container-server 21" 0.0297 "-" 22 0
Feb 20 08:25:08 np0005625199 proxy-server[125753]: - - 20/Feb/2026/08/25/08 HEAD /v1/AUTH_f6685cdb0ff24cddaeb987c63c89eafb/gnocchi.41b982b7-c301-4140-8ada-e4cc49faf038%3Fformat%3Djson%26states%3Dlisting HTTP/1.0 204 - Swift - - - - tx690439d45fc84d578990d-0069981a64 - 0.0095 RL - 1771575908.959832907 1771575908.969331026 0
Feb 20 08:25:08 np0005625199 proxy-server[125753]: 172.18.0.103 172.18.0.104 20/Feb/2026/08/25/08 GET /v1/AUTH_f6685cdb0ff24cddaeb987c63c89eafb/gnocchi.41b982b7-c301-4140-8ada-e4cc49faf038%3Fformat%3Djson%26states%3Dlisting HTTP/1.0 200 - python-swiftclient-3.11.1 gAAAAABpmBnDOlCd... - 2 - tx690439d45fc84d578990d-0069981a64 - 0.0224 - - 1771575908.957927942 1771575908.980329275 0
Feb 20 08:25:08 np0005625199 object-server[124419]: 172.20.0.104 - - [20/Feb/2026:08:25:08 +0000] "GET /d1/607/AUTH_f6685cdb0ff24cddaeb987c63c89eafb/gnocchi.23c72719-66c8-4eb0-8eaf-7878444cd1d1/1771200000.0_mean_300.0_v3" 404 70 "GET http://172.18.0.217:8080/v1/AUTH_f6685cdb0ff24cddaeb987c63c89eafb/gnocchi.23c72719-66c8-4eb0-8eaf-7878444cd1d1/1771200000.0_mean_300.0_v3" "tx10b8ec42765f4b9bae936-0069981a64" "proxy-server 20" 0.0007 "-" 25 0
Feb 20 08:25:08 np0005625199 container-server[123804]: 172.20.0.105 - - [20/Feb/2026:08:25:08 +0000] "HEAD /d1/49/AUTH_f6685cdb0ff24cddaeb987c63c89eafb/gnocchi.d8f39d30-d995-437e-9b34-0ff4c23179a2" 204 - "HEAD http://172.18.0.217:8080/v1/AUTH_f6685cdb0ff24cddaeb987c63c89eafb/gnocchi.d8f39d30-d995-437e-9b34-0ff4c23179a2?format=json&states=listing" "tx5c399172478c4664b4557-0069981a64" "proxy-server 20" 0.0025 "-" 20 0
Feb 20 08:25:08 np0005625199 container-server[123804]: 172.20.0.105 - - [20/Feb/2026:08:25:08 +0000] "GET /d1/49/AUTH_f6685cdb0ff24cddaeb987c63c89eafb/gnocchi.d8f39d30-d995-437e-9b34-0ff4c23179a2" 200 2 "GET http://172.18.0.217:8080/v1/AUTH_f6685cdb0ff24cddaeb987c63c89eafb/gnocchi.d8f39d30-d995-437e-9b34-0ff4c23179a2?format=json&states=listing" "tx5c399172478c4664b4557-0069981a64" "proxy-server 20" 0.0035 "-" 20 0
Feb 20 08:25:09 np0005625199 object-server[124403]: 172.20.0.103 - - [20/Feb/2026:08:25:09 +0000] "GET /d1/594/AUTH_f6685cdb0ff24cddaeb987c63c89eafb/gnocchi.41b982b7-c301-4140-8ada-e4cc49faf038/1771200000.0_mean_300.0_v3" 404 70 "GET http://172.18.0.217:8080/v1/AUTH_f6685cdb0ff24cddaeb987c63c89eafb/gnocchi.41b982b7-c301-4140-8ada-e4cc49faf038/1771200000.0_mean_300.0_v3" "tx42e5a069628043beb2f7c-0069981a64" "proxy-server 12" 0.0004 "-" 23 0
Feb 20 08:25:09 np0005625199 proxy-server[125753]: 172.18.0.103 172.18.0.104 20/Feb/2026/08/25/09 GET /v1/AUTH_f6685cdb0ff24cddaeb987c63c89eafb/gnocchi.41b982b7-c301-4140-8ada-e4cc49faf038/1771200000.0_mean_300.0_v3 HTTP/1.0 404 - python-swiftclient-3.11.1 gAAAAABpmBnDOlCd... - 70 - tx42e5a069628043beb2f7c-0069981a64 - 0.0173 - - 1771575908.986194849 1771575909.003447056 0
Feb 20 08:25:09 np0005625199 object-server[124403]: 172.20.0.105 - - [20/Feb/2026:08:25:09 +0000] "GET /d1/8/AUTH_f6685cdb0ff24cddaeb987c63c89eafb/gnocchi.d8f39d30-d995-437e-9b34-0ff4c23179a2/1771200000.0_mean_300.0_v3" 404 70 "GET http://172.18.0.217:8080/v1/AUTH_f6685cdb0ff24cddaeb987c63c89eafb/gnocchi.d8f39d30-d995-437e-9b34-0ff4c23179a2/1771200000.0_mean_300.0_v3" "tx4b864c9259d141d59989d-0069981a65" "proxy-server 20" 0.0004 "-" 23 0
Feb 20 08:25:09 np0005625199 object-server[124397]: 172.20.0.104 - - [20/Feb/2026:08:25:09 +0000] "PUT /d1/607/AUTH_f6685cdb0ff24cddaeb987c63c89eafb/gnocchi.23c72719-66c8-4eb0-8eaf-7878444cd1d1/1771200000.0_mean_300.0_v3" 201 - "PUT http://172.18.0.217:8080/v1/AUTH_f6685cdb0ff24cddaeb987c63c89eafb/gnocchi.23c72719-66c8-4eb0-8eaf-7878444cd1d1/1771200000.0_mean_300.0_v3" "txf2869f65ca8c4e9b9d6f3-0069981a64" "proxy-server 20" 0.0153 "-" 22 0
Feb 20 08:25:09 np0005625199 container-server[123812]: 172.20.0.104 - - [20/Feb/2026:08:25:09 +0000] "PUT /d1/215/AUTH_f6685cdb0ff24cddaeb987c63c89eafb/gnocchi.23c72719-66c8-4eb0-8eaf-7878444cd1d1/1771200000.0_mean_300.0_v3" 201 - "PUT http://172.18.0.217:8080/d1/607/AUTH_f6685cdb0ff24cddaeb987c63c89eafb/gnocchi.23c72719-66c8-4eb0-8eaf-7878444cd1d1/1771200000.0_mean_300.0_v3" "txf2869f65ca8c4e9b9d6f3-0069981a64" "object-server 22" 0.0010 "-" 21 0
Feb 20 08:25:09 np0005625199 container-server[123804]: 172.20.0.104 - - [20/Feb/2026:08:25:09 +0000] "PUT /d1/416/AUTH_f6685cdb0ff24cddaeb987c63c89eafb/gnocchi.41b982b7-c301-4140-8ada-e4cc49faf038/1771200000.0_mean_300.0_v3" 201 - "PUT http://172.18.0.217:8080/d1/594/AUTH_f6685cdb0ff24cddaeb987c63c89eafb/gnocchi.41b982b7-c301-4140-8ada-e4cc49faf038/1771200000.0_mean_300.0_v3" "tx87a3456015f84211a3d29-0069981a65" "object-server 22" 0.0008 "-" 20 0
Feb 20 08:25:09 np0005625199 object-server[124412]: 172.20.0.103 - - [20/Feb/2026:08:25:09 +0000] "PUT /d1/594/AUTH_f6685cdb0ff24cddaeb987c63c89eafb/gnocchi.41b982b7-c301-4140-8ada-e4cc49faf038/1771200000.0_mean_300.0_v3" 201 - "PUT http://172.18.0.217:8080/v1/AUTH_f6685cdb0ff24cddaeb987c63c89eafb/gnocchi.41b982b7-c301-4140-8ada-e4cc49faf038/1771200000.0_mean_300.0_v3" "tx87a3456015f84211a3d29-0069981a65" "proxy-server 12" 0.0144 "-" 24 0
Feb 20 08:25:09 np0005625199 proxy-server[125753]: 172.18.0.103 172.18.0.104 20/Feb/2026/08/25/09 PUT /v1/AUTH_f6685cdb0ff24cddaeb987c63c89eafb/gnocchi.41b982b7-c301-4140-8ada-e4cc49faf038/1771200000.0_mean_300.0_v3 HTTP/1.0 201 - python-swiftclient-3.11.1 gAAAAABpmBnDOlCd... 16 - - tx87a3456015f84211a3d29-0069981a65 - 0.0271 - - 1771575909.009592056 1771575909.036741734 0
Feb 20 08:25:09 np0005625199 container-server[123812]: 172.20.0.103 - - [20/Feb/2026:08:25:09 +0000] "PUT /d1/49/AUTH_f6685cdb0ff24cddaeb987c63c89eafb/gnocchi.d8f39d30-d995-437e-9b34-0ff4c23179a2/1771200000.0_mean_300.0_v3" 201 - "PUT http://172.18.0.217:8080/d1/8/AUTH_f6685cdb0ff24cddaeb987c63c89eafb/gnocchi.d8f39d30-d995-437e-9b34-0ff4c23179a2/1771200000.0_mean_300.0_v3" "tx4877267c16ff41bebe31a-0069981a65" "object-server 23" 0.0009 "-" 21 0
Feb 20 08:25:09 np0005625199 container-server[123804]: 172.20.0.103 - - [20/Feb/2026:08:25:09 +0000] "PUT /d1/215/AUTH_f6685cdb0ff24cddaeb987c63c89eafb/gnocchi.23c72719-66c8-4eb0-8eaf-7878444cd1d1/none_v3" 201 - "PUT http://172.18.0.217:8080/d1/854/AUTH_f6685cdb0ff24cddaeb987c63c89eafb/gnocchi.23c72719-66c8-4eb0-8eaf-7878444cd1d1/none_v3" "tx53695e7b84d94c4ab247c-0069981a65" "object-server 25" 0.0008 "-" 20 0
Feb 20 08:25:09 np0005625199 object-server[124403]: 172.20.0.105 - - [20/Feb/2026:08:25:09 +0000] "PUT /d1/8/AUTH_f6685cdb0ff24cddaeb987c63c89eafb/gnocchi.d8f39d30-d995-437e-9b34-0ff4c23179a2/1771200000.0_mean_300.0_v3" 201 - "PUT http://172.18.0.217:8080/v1/AUTH_f6685cdb0ff24cddaeb987c63c89eafb/gnocchi.d8f39d30-d995-437e-9b34-0ff4c23179a2/1771200000.0_mean_300.0_v3" "tx4877267c16ff41bebe31a-0069981a65" "proxy-server 20" 0.0188 "-" 23 0
Feb 20 08:25:09 np0005625199 object-server[124419]: 172.20.0.104 - - [20/Feb/2026:08:25:09 +0000] "PUT /d1/854/AUTH_f6685cdb0ff24cddaeb987c63c89eafb/gnocchi.23c72719-66c8-4eb0-8eaf-7878444cd1d1/none_v3" 201 - "PUT http://172.18.0.217:8080/v1/AUTH_f6685cdb0ff24cddaeb987c63c89eafb/gnocchi.23c72719-66c8-4eb0-8eaf-7878444cd1d1/none_v3" "tx53695e7b84d94c4ab247c-0069981a65" "proxy-server 20" 0.0167 "-" 25 0
Feb 20 08:25:09 np0005625199 container-server[123804]: 172.20.0.104 - - [20/Feb/2026:08:25:09 +0000] "PUT /d1/416/AUTH_f6685cdb0ff24cddaeb987c63c89eafb/gnocchi.41b982b7-c301-4140-8ada-e4cc49faf038/none_v3" 201 - "PUT http://172.18.0.217:8080/d1/270/AUTH_f6685cdb0ff24cddaeb987c63c89eafb/gnocchi.41b982b7-c301-4140-8ada-e4cc49faf038/none_v3" "txcb8c0e7be10a4992a2a9e-0069981a65" "object-server 25" 0.0006 "-" 20 0
Feb 20 08:25:09 np0005625199 object-server[124403]: 172.20.0.103 - - [20/Feb/2026:08:25:09 +0000] "PUT /d1/270/AUTH_f6685cdb0ff24cddaeb987c63c89eafb/gnocchi.41b982b7-c301-4140-8ada-e4cc49faf038/none_v3" 201 - "PUT http://172.18.0.217:8080/v1/AUTH_f6685cdb0ff24cddaeb987c63c89eafb/gnocchi.41b982b7-c301-4140-8ada-e4cc49faf038/none_v3" "txcb8c0e7be10a4992a2a9e-0069981a65" "proxy-server 12" 0.0128 "-" 23 0
Feb 20 08:25:09 np0005625199 proxy-server[125753]: 172.18.0.103 172.18.0.104 20/Feb/2026/08/25/09 PUT /v1/AUTH_f6685cdb0ff24cddaeb987c63c89eafb/gnocchi.41b982b7-c301-4140-8ada-e4cc49faf038/none_v3 HTTP/1.0 201 - python-swiftclient-3.11.1 gAAAAABpmBnDOlCd... 22 - - txcb8c0e7be10a4992a2a9e-0069981a65 - 0.0248 - - 1771575909.042025328 1771575909.066860199 0
Feb 20 08:25:09 np0005625199 container-server[123812]: 172.20.0.104 - - [20/Feb/2026:08:25:09 +0000] "PUT /d1/49/AUTH_f6685cdb0ff24cddaeb987c63c89eafb/gnocchi.d8f39d30-d995-437e-9b34-0ff4c23179a2/none_v3" 201 - "PUT http://172.18.0.217:8080/d1/490/AUTH_f6685cdb0ff24cddaeb987c63c89eafb/gnocchi.d8f39d30-d995-437e-9b34-0ff4c23179a2/none_v3" "tx83eb3c240e1a4de7b6615-0069981a65" "object-server 24" 0.0009 "-" 21 0
Feb 20 08:25:09 np0005625199 object-server[124397]: 172.20.0.105 - - [20/Feb/2026:08:25:09 +0000] "PUT /d1/490/AUTH_f6685cdb0ff24cddaeb987c63c89eafb/gnocchi.d8f39d30-d995-437e-9b34-0ff4c23179a2/none_v3" 201 - "PUT http://172.18.0.217:8080/v1/AUTH_f6685cdb0ff24cddaeb987c63c89eafb/gnocchi.d8f39d30-d995-437e-9b34-0ff4c23179a2/none_v3" "tx83eb3c240e1a4de7b6615-0069981a65" "proxy-server 20" 0.0133 "-" 22 0
Feb 20 08:25:09 np0005625199 container-server[123804]: 172.20.0.104 - - [20/Feb/2026:08:25:09 +0000] "HEAD /d1/1018/AUTH_f6685cdb0ff24cddaeb987c63c89eafb/gnocchi.e47711ad-b2c2-4042-950d-c3cb2205b152" 404 - "HEAD http://172.18.0.217:8080/v1/AUTH_f6685cdb0ff24cddaeb987c63c89eafb/gnocchi.e47711ad-b2c2-4042-950d-c3cb2205b152?format=json&states=listing" "tx1408f219b4964a3aaacff-0069981a65" "proxy-server 20" 0.0006 "-" 20 0
Feb 20 08:25:09 np0005625199 container-server[123804]: 172.20.0.103 - - [20/Feb/2026:08:25:09 +0000] "HEAD /d1/237/AUTH_f6685cdb0ff24cddaeb987c63c89eafb/gnocchi.21b20fbb-2c50-4f78-b449-53c4b970d5f2" 404 - "HEAD http://172.18.0.217:8080/v1/AUTH_f6685cdb0ff24cddaeb987c63c89eafb/gnocchi.21b20fbb-2c50-4f78-b449-53c4b970d5f2?format=json&states=listing" "tx7478962d1dbf456ea020d-0069981a65" "proxy-server 12" 0.0004 "-" 20 0
Feb 20 08:25:09 np0005625199 container-server[123804]: 172.20.0.105 - - [20/Feb/2026:08:25:09 +0000] "HEAD /d1/853/AUTH_f6685cdb0ff24cddaeb987c63c89eafb/gnocchi.9ff9bbd9-5c0e-4798-8596-edf052be9f7c" 404 - "HEAD http://172.18.0.217:8080/v1/AUTH_f6685cdb0ff24cddaeb987c63c89eafb/gnocchi.9ff9bbd9-5c0e-4798-8596-edf052be9f7c?format=json&states=listing" "tx66d336edb6f14ec4a7c78-0069981a65" "proxy-server 20" 0.0004 "-" 20 0
Feb 20 08:25:09 np0005625199 object-server[124419]: 172.20.0.104 - - [20/Feb/2026:08:25:09 +0000] "GET /d1/737/AUTH_f6685cdb0ff24cddaeb987c63c89eafb/gnocchi.e47711ad-b2c2-4042-950d-c3cb2205b152/none_v3" 404 70 "GET http://172.18.0.217:8080/v1/AUTH_f6685cdb0ff24cddaeb987c63c89eafb/gnocchi.e47711ad-b2c2-4042-950d-c3cb2205b152/none_v3" "tx1408f219b4964a3aaacff-0069981a65" "proxy-server 20" 0.0005 "-" 25 0
Feb 20 08:25:09 np0005625199 object-server[124419]: 172.20.0.103 - - [20/Feb/2026:08:25:09 +0000] "GET /d1/12/AUTH_f6685cdb0ff24cddaeb987c63c89eafb/gnocchi.21b20fbb-2c50-4f78-b449-53c4b970d5f2/none_v3" 404 70 "GET http://172.18.0.217:8080/v1/AUTH_f6685cdb0ff24cddaeb987c63c89eafb/gnocchi.21b20fbb-2c50-4f78-b449-53c4b970d5f2/none_v3" "tx7478962d1dbf456ea020d-0069981a65" "proxy-server 12" 0.0003 "-" 25 0
Feb 20 08:25:09 np0005625199 proxy-server[125753]: 172.18.0.103 172.18.0.104 20/Feb/2026/08/25/09 GET /v1/AUTH_f6685cdb0ff24cddaeb987c63c89eafb/gnocchi.21b20fbb-2c50-4f78-b449-53c4b970d5f2/none_v3 HTTP/1.0 404 - python-swiftclient-3.11.1 gAAAAABpmBnDOlCd... - 70 - tx7478962d1dbf456ea020d-0069981a65 - 0.0311 - - 1771575909.083503008 1771575909.114603996 0
Feb 20 08:25:09 np0005625199 object-server[124403]: 172.20.0.105 - - [20/Feb/2026:08:25:09 +0000] "GET /d1/727/AUTH_f6685cdb0ff24cddaeb987c63c89eafb/gnocchi.9ff9bbd9-5c0e-4798-8596-edf052be9f7c/none_v3" 404 70 "GET http://172.18.0.217:8080/v1/AUTH_f6685cdb0ff24cddaeb987c63c89eafb/gnocchi.9ff9bbd9-5c0e-4798-8596-edf052be9f7c/none_v3" "tx66d336edb6f14ec4a7c78-0069981a65" "proxy-server 20" 0.0005 "-" 23 0
Feb 20 08:25:09 np0005625199 account-server[123631]: 172.20.0.103 - - [20/Feb/2026:08:25:09 +0000] "PUT /d1/242/AUTH_f6685cdb0ff24cddaeb987c63c89eafb/gnocchi.21b20fbb-2c50-4f78-b449-53c4b970d5f2" 201 - "PUT http://172.20.0.103:6001/d1/237/AUTH_f6685cdb0ff24cddaeb987c63c89eafb/gnocchi.21b20fbb-2c50-4f78-b449-53c4b970d5f2" "txa1ea57f006314576b3b83-0069981a65" "container-server 20" 0.0073 "-" 20 0
Feb 20 08:25:09 np0005625199 container-server[123804]: 172.20.0.103 - - [20/Feb/2026:08:25:09 +0000] "PUT /d1/237/AUTH_f6685cdb0ff24cddaeb987c63c89eafb/gnocchi.21b20fbb-2c50-4f78-b449-53c4b970d5f2" 201 - "PUT http://172.18.0.217:8080/v1/AUTH_f6685cdb0ff24cddaeb987c63c89eafb/gnocchi.21b20fbb-2c50-4f78-b449-53c4b970d5f2" "txa1ea57f006314576b3b83-0069981a65" "proxy-server 12" 0.0242 "-" 20 0
Feb 20 08:25:09 np0005625199 account-server[123680]: 172.20.0.103 - - [20/Feb/2026:08:25:09 +0000] "PUT /d1/242/AUTH_f6685cdb0ff24cddaeb987c63c89eafb/gnocchi.e47711ad-b2c2-4042-950d-c3cb2205b152" 201 - "PUT http://172.20.0.103:6001/d1/1018/AUTH_f6685cdb0ff24cddaeb987c63c89eafb/gnocchi.e47711ad-b2c2-4042-950d-c3cb2205b152" "txee6c7ed3016f4648bf487-0069981a65" "container-server 21" 0.0174 "-" 23 0
Feb 20 08:25:09 np0005625199 container-server[123812]: 172.20.0.104 - - [20/Feb/2026:08:25:09 +0000] "PUT /d1/1018/AUTH_f6685cdb0ff24cddaeb987c63c89eafb/gnocchi.e47711ad-b2c2-4042-950d-c3cb2205b152" 201 - "PUT http://172.18.0.217:8080/v1/AUTH_f6685cdb0ff24cddaeb987c63c89eafb/gnocchi.e47711ad-b2c2-4042-950d-c3cb2205b152" "txee6c7ed3016f4648bf487-0069981a65" "proxy-server 20" 0.0377 "-" 21 0
Feb 20 08:25:09 np0005625199 proxy-server[125753]: 172.18.0.103 172.18.0.104 20/Feb/2026/08/25/09 PUT /v1/AUTH_f6685cdb0ff24cddaeb987c63c89eafb/gnocchi.21b20fbb-2c50-4f78-b449-53c4b970d5f2 HTTP/1.0 201 - python-swiftclient-3.11.1 gAAAAABpmBnDOlCd... - - - txa1ea57f006314576b3b83-0069981a65 - 0.0470 - - 1771575909.119029045 1771575909.166020155 0
Feb 20 08:25:09 np0005625199 account-server[123650]: 172.20.0.105 - - [20/Feb/2026:08:25:09 +0000] "PUT /d1/242/AUTH_f6685cdb0ff24cddaeb987c63c89eafb/gnocchi.9ff9bbd9-5c0e-4798-8596-edf052be9f7c" 201 - "PUT http://172.20.0.105:6001/d1/853/AUTH_f6685cdb0ff24cddaeb987c63c89eafb/gnocchi.9ff9bbd9-5c0e-4798-8596-edf052be9f7c" "txa8f958a9f88d43ce91448-0069981a65" "container-server 20" 0.0167 "-" 22 0
Feb 20 08:25:09 np0005625199 container-server[123804]: 172.20.0.104 - - [20/Feb/2026:08:25:09 +0000] "HEAD /d1/1018/AUTH_f6685cdb0ff24cddaeb987c63c89eafb/gnocchi.e47711ad-b2c2-4042-950d-c3cb2205b152" 204 - "HEAD http://172.18.0.217:8080/v1/AUTH_f6685cdb0ff24cddaeb987c63c89eafb/gnocchi.e47711ad-b2c2-4042-950d-c3cb2205b152?format=json&states=listing" "tx716af58e078945e2a855b-0069981a65" "proxy-server 20" 0.0024 "-" 20 0
Feb 20 08:25:09 np0005625199 container-server[123824]: 172.20.0.105 - - [20/Feb/2026:08:25:09 +0000] "PUT /d1/853/AUTH_f6685cdb0ff24cddaeb987c63c89eafb/gnocchi.9ff9bbd9-5c0e-4798-8596-edf052be9f7c" 201 - "PUT http://172.18.0.217:8080/v1/AUTH_f6685cdb0ff24cddaeb987c63c89eafb/gnocchi.9ff9bbd9-5c0e-4798-8596-edf052be9f7c" "txa8f958a9f88d43ce91448-0069981a65" "proxy-server 20" 0.0389 "-" 23 0
Feb 20 08:25:09 np0005625199 proxy-server[125753]: - - 20/Feb/2026/08/25/09 HEAD /v1/AUTH_f6685cdb0ff24cddaeb987c63c89eafb/gnocchi.21b20fbb-2c50-4f78-b449-53c4b970d5f2%3Fformat%3Djson%26states%3Dlisting HTTP/1.0 204 - Swift - - - - txed5807ba78754e27b36f1-0069981a65 - 0.0082 RL - 1771575909.173895836 1771575909.182077408 0
Feb 20 08:25:09 np0005625199 proxy-server[125753]: 172.18.0.103 172.18.0.104 20/Feb/2026/08/25/09 GET /v1/AUTH_f6685cdb0ff24cddaeb987c63c89eafb/gnocchi.21b20fbb-2c50-4f78-b449-53c4b970d5f2%3Fformat%3Djson%26states%3Dlisting HTTP/1.0 200 - python-swiftclient-3.11.1 gAAAAABpmBnDOlCd... - 2 - txed5807ba78754e27b36f1-0069981a65 - 0.0261 - - 1771575909.171921730 1771575909.198035240 0
Feb 20 08:25:09 np0005625199 object-server[124397]: 172.20.0.103 - - [20/Feb/2026:08:25:09 +0000] "GET /d1/600/AUTH_f6685cdb0ff24cddaeb987c63c89eafb/gnocchi.21b20fbb-2c50-4f78-b449-53c4b970d5f2/1771200000.0_mean_300.0_v3" 404 70 "GET http://172.18.0.217:8080/v1/AUTH_f6685cdb0ff24cddaeb987c63c89eafb/gnocchi.21b20fbb-2c50-4f78-b449-53c4b970d5f2/1771200000.0_mean_300.0_v3" "tx7a92ae1ba4a84a908fe5b-0069981a65" "proxy-server 12" 0.0004 "-" 22 0
Feb 20 08:25:09 np0005625199 object-server[124397]: 172.20.0.104 - - [20/Feb/2026:08:25:09 +0000] "GET /d1/463/AUTH_f6685cdb0ff24cddaeb987c63c89eafb/gnocchi.e47711ad-b2c2-4042-950d-c3cb2205b152/1771200000.0_mean_300.0_v3" 404 70 "GET http://172.18.0.217:8080/v1/AUTH_f6685cdb0ff24cddaeb987c63c89eafb/gnocchi.e47711ad-b2c2-4042-950d-c3cb2205b152/1771200000.0_mean_300.0_v3" "tx4adf072e22394e3eb7f92-0069981a65" "proxy-server 20" 0.0003 "-" 22 0
Feb 20 08:25:09 np0005625199 proxy-server[125753]: 172.18.0.103 172.18.0.104 20/Feb/2026/08/25/09 GET /v1/AUTH_f6685cdb0ff24cddaeb987c63c89eafb/gnocchi.21b20fbb-2c50-4f78-b449-53c4b970d5f2/1771200000.0_mean_300.0_v3 HTTP/1.0 404 - python-swiftclient-3.11.1 gAAAAABpmBnDOlCd... - 70 - tx7a92ae1ba4a84a908fe5b-0069981a65 - 0.0172 - - 1771575909.203151464 1771575909.220305204 0
Feb 20 08:25:09 np0005625199 object-server[124403]: 172.20.0.105 - - [20/Feb/2026:08:25:09 +0000] "GET /d1/615/AUTH_f6685cdb0ff24cddaeb987c63c89eafb/gnocchi.9ff9bbd9-5c0e-4798-8596-edf052be9f7c/1771200000.0_mean_300.0_v3" 404 70 "GET http://172.18.0.217:8080/v1/AUTH_f6685cdb0ff24cddaeb987c63c89eafb/gnocchi.9ff9bbd9-5c0e-4798-8596-edf052be9f7c/1771200000.0_mean_300.0_v3" "tx96dcd968dafd471cbdc1f-0069981a65" "proxy-server 20" 0.0005 "-" 23 0
Feb 20 08:25:09 np0005625199 container-server[123804]: 172.20.0.103 - - [20/Feb/2026:08:25:09 +0000] "PUT /d1/1018/AUTH_f6685cdb0ff24cddaeb987c63c89eafb/gnocchi.e47711ad-b2c2-4042-950d-c3cb2205b152/1771200000.0_mean_300.0_v3" 201 - "PUT http://172.18.0.217:8080/d1/463/AUTH_f6685cdb0ff24cddaeb987c63c89eafb/gnocchi.e47711ad-b2c2-4042-950d-c3cb2205b152/1771200000.0_mean_300.0_v3" "txfa159ba742004253a4107-0069981a65" "object-server 24" 0.0010 "-" 20 0
Feb 20 08:25:09 np0005625199 object-server[124412]: 172.20.0.104 - - [20/Feb/2026:08:25:09 +0000] "PUT /d1/463/AUTH_f6685cdb0ff24cddaeb987c63c89eafb/gnocchi.e47711ad-b2c2-4042-950d-c3cb2205b152/1771200000.0_mean_300.0_v3" 201 - "PUT http://172.18.0.217:8080/v1/AUTH_f6685cdb0ff24cddaeb987c63c89eafb/gnocchi.e47711ad-b2c2-4042-950d-c3cb2205b152/1771200000.0_mean_300.0_v3" "txfa159ba742004253a4107-0069981a65" "proxy-server 20" 0.0135 "-" 24 0
Feb 20 08:25:09 np0005625199 container-server[123812]: 172.20.0.103 - - [20/Feb/2026:08:25:09 +0000] "PUT /d1/237/AUTH_f6685cdb0ff24cddaeb987c63c89eafb/gnocchi.21b20fbb-2c50-4f78-b449-53c4b970d5f2/1771200000.0_mean_300.0_v3" 201 - "PUT http://172.18.0.217:8080/d1/600/AUTH_f6685cdb0ff24cddaeb987c63c89eafb/gnocchi.21b20fbb-2c50-4f78-b449-53c4b970d5f2/1771200000.0_mean_300.0_v3" "tx2fc2b2de72bd4519b0684-0069981a65" "object-server 24" 0.0010 "-" 21 0
Feb 20 08:25:09 np0005625199 object-server[124412]: 172.20.0.103 - - [20/Feb/2026:08:25:09 +0000] "PUT /d1/600/AUTH_f6685cdb0ff24cddaeb987c63c89eafb/gnocchi.21b20fbb-2c50-4f78-b449-53c4b970d5f2/1771200000.0_mean_300.0_v3" 201 - "PUT http://172.18.0.217:8080/v1/AUTH_f6685cdb0ff24cddaeb987c63c89eafb/gnocchi.21b20fbb-2c50-4f78-b449-53c4b970d5f2/1771200000.0_mean_300.0_v3" "tx2fc2b2de72bd4519b0684-0069981a65" "proxy-server 12" 0.0201 "-" 24 0
Feb 20 08:25:09 np0005625199 proxy-server[125753]: 172.18.0.103 172.18.0.104 20/Feb/2026/08/25/09 PUT /v1/AUTH_f6685cdb0ff24cddaeb987c63c89eafb/gnocchi.21b20fbb-2c50-4f78-b449-53c4b970d5f2/1771200000.0_mean_300.0_v3 HTTP/1.0 201 - python-swiftclient-3.11.1 gAAAAABpmBnDOlCd... 16 - - tx2fc2b2de72bd4519b0684-0069981a65 - 0.0311 - - 1771575909.225067616 1771575909.256197453 0
Feb 20 08:25:09 np0005625199 container-server[123824]: 172.20.0.105 - - [20/Feb/2026:08:25:09 +0000] "PUT /d1/853/AUTH_f6685cdb0ff24cddaeb987c63c89eafb/gnocchi.9ff9bbd9-5c0e-4798-8596-edf052be9f7c/1771200000.0_mean_300.0_v3" 201 - "PUT http://172.18.0.217:8080/d1/615/AUTH_f6685cdb0ff24cddaeb987c63c89eafb/gnocchi.9ff9bbd9-5c0e-4798-8596-edf052be9f7c/1771200000.0_mean_300.0_v3" "tx3cb07fc896064c9a953a4-0069981a65" "object-server 25" 0.0010 "-" 23 0
Feb 20 08:25:09 np0005625199 object-server[124403]: 172.20.0.105 - - [20/Feb/2026:08:25:09 +0000] "PUT /d1/615/AUTH_f6685cdb0ff24cddaeb987c63c89eafb/gnocchi.9ff9bbd9-5c0e-4798-8596-edf052be9f7c/1771200000.0_mean_300.0_v3" 201 - "PUT http://172.18.0.217:8080/v1/AUTH_f6685cdb0ff24cddaeb987c63c89eafb/gnocchi.9ff9bbd9-5c0e-4798-8596-edf052be9f7c/1771200000.0_mean_300.0_v3" "tx3cb07fc896064c9a953a4-0069981a65" "proxy-server 20" 0.0139 "-" 23 0
Feb 20 08:25:09 np0005625199 container-server[123817]: 172.20.0.105 - - [20/Feb/2026:08:25:09 +0000] "PUT /d1/1018/AUTH_f6685cdb0ff24cddaeb987c63c89eafb/gnocchi.e47711ad-b2c2-4042-950d-c3cb2205b152/none_v3" 201 - "PUT http://172.18.0.217:8080/d1/737/AUTH_f6685cdb0ff24cddaeb987c63c89eafb/gnocchi.e47711ad-b2c2-4042-950d-c3cb2205b152/none_v3" "txdace089a2bd24232b88bb-0069981a65" "object-server 23" 0.0007 "-" 22 0
Feb 20 08:25:09 np0005625199 object-server[124397]: 172.20.0.104 - - [20/Feb/2026:08:25:09 +0000] "PUT /d1/737/AUTH_f6685cdb0ff24cddaeb987c63c89eafb/gnocchi.e47711ad-b2c2-4042-950d-c3cb2205b152/none_v3" 201 - "PUT http://172.18.0.217:8080/v1/AUTH_f6685cdb0ff24cddaeb987c63c89eafb/gnocchi.e47711ad-b2c2-4042-950d-c3cb2205b152/none_v3" "txdace089a2bd24232b88bb-0069981a65" "proxy-server 20" 0.0166 "-" 22 0
Feb 20 08:25:09 np0005625199 object-server[124397]: 172.20.0.103 - - [20/Feb/2026:08:25:09 +0000] "PUT /d1/12/AUTH_f6685cdb0ff24cddaeb987c63c89eafb/gnocchi.21b20fbb-2c50-4f78-b449-53c4b970d5f2/none_v3" 201 - "PUT http://172.18.0.217:8080/v1/AUTH_f6685cdb0ff24cddaeb987c63c89eafb/gnocchi.21b20fbb-2c50-4f78-b449-53c4b970d5f2/none_v3" "tx707546e4c1da476da74ad-0069981a65" "proxy-server 12" 0.0159 "-" 22 0
Feb 20 08:25:09 np0005625199 container-server[123817]: 172.20.0.104 - - [20/Feb/2026:08:25:09 +0000] "PUT /d1/237/AUTH_f6685cdb0ff24cddaeb987c63c89eafb/gnocchi.21b20fbb-2c50-4f78-b449-53c4b970d5f2/none_v3" 201 - "PUT http://172.18.0.217:8080/d1/12/AUTH_f6685cdb0ff24cddaeb987c63c89eafb/gnocchi.21b20fbb-2c50-4f78-b449-53c4b970d5f2/none_v3" "tx707546e4c1da476da74ad-0069981a65" "object-server 22" 0.0011 "-" 22 0
Feb 20 08:25:09 np0005625199 proxy-server[125753]: 172.18.0.103 172.18.0.104 20/Feb/2026/08/25/09 PUT /v1/AUTH_f6685cdb0ff24cddaeb987c63c89eafb/gnocchi.21b20fbb-2c50-4f78-b449-53c4b970d5f2/none_v3 HTTP/1.0 201 - python-swiftclient-3.11.1 gAAAAABpmBnDOlCd... 22 - - tx707546e4c1da476da74ad-0069981a65 - 0.0286 - - 1771575909.261280537 1771575909.289872885 0
Feb 20 08:25:09 np0005625199 container-server[123804]: 172.20.0.104 - - [20/Feb/2026:08:25:09 +0000] "PUT /d1/853/AUTH_f6685cdb0ff24cddaeb987c63c89eafb/gnocchi.9ff9bbd9-5c0e-4798-8596-edf052be9f7c/none_v3" 201 - "PUT http://172.18.0.217:8080/d1/727/AUTH_f6685cdb0ff24cddaeb987c63c89eafb/gnocchi.9ff9bbd9-5c0e-4798-8596-edf052be9f7c/none_v3" "tx3cb044208ffd40c7aa58e-0069981a65" "object-server 24" 0.0008 "-" 20 0
Feb 20 08:25:09 np0005625199 object-server[124397]: 172.20.0.105 - - [20/Feb/2026:08:25:09 +0000] "PUT /d1/727/AUTH_f6685cdb0ff24cddaeb987c63c89eafb/gnocchi.9ff9bbd9-5c0e-4798-8596-edf052be9f7c/none_v3" 201 - "PUT http://172.18.0.217:8080/v1/AUTH_f6685cdb0ff24cddaeb987c63c89eafb/gnocchi.9ff9bbd9-5c0e-4798-8596-edf052be9f7c/none_v3" "tx3cb044208ffd40c7aa58e-0069981a65" "proxy-server 20" 0.0128 "-" 22 0
Feb 20 08:25:09 np0005625199 container-server[123824]: 172.20.0.104 - - [20/Feb/2026:08:25:09 +0000] "HEAD /d1/911/AUTH_f6685cdb0ff24cddaeb987c63c89eafb/gnocchi.ee17f90e-ab34-41ee-a64a-c0a53224ad71" 404 - "HEAD http://172.18.0.217:8080/v1/AUTH_f6685cdb0ff24cddaeb987c63c89eafb/gnocchi.ee17f90e-ab34-41ee-a64a-c0a53224ad71?format=json&states=listing" "txf83152803d8f4c868b845-0069981a65" "proxy-server 20" 0.0006 "-" 23 0
Feb 20 08:25:09 np0005625199 container-server[123824]: 172.20.0.103 - - [20/Feb/2026:08:25:09 +0000] "HEAD /d1/152/AUTH_f6685cdb0ff24cddaeb987c63c89eafb/gnocchi.57f6c2c1-369d-46a1-9a14-c100505380f9" 404 - "HEAD http://172.18.0.217:8080/v1/AUTH_f6685cdb0ff24cddaeb987c63c89eafb/gnocchi.57f6c2c1-369d-46a1-9a14-c100505380f9?format=json&states=listing" "tx3a1ee9346bd64d5da897c-0069981a65" "proxy-server 12" 0.0006 "-" 23 0
Feb 20 08:25:09 np0005625199 object-server[124397]: 172.20.0.104 - - [20/Feb/2026:08:25:09 +0000] "GET /d1/905/AUTH_f6685cdb0ff24cddaeb987c63c89eafb/gnocchi.ee17f90e-ab34-41ee-a64a-c0a53224ad71/none_v3" 404 70 "GET http://172.18.0.217:8080/v1/AUTH_f6685cdb0ff24cddaeb987c63c89eafb/gnocchi.ee17f90e-ab34-41ee-a64a-c0a53224ad71/none_v3" "txf83152803d8f4c868b845-0069981a65" "proxy-server 20" 0.0006 "-" 22 0
Feb 20 08:25:09 np0005625199 object-server[124419]: 172.20.0.103 - - [20/Feb/2026:08:25:09 +0000] "GET /d1/890/AUTH_f6685cdb0ff24cddaeb987c63c89eafb/gnocchi.57f6c2c1-369d-46a1-9a14-c100505380f9/none_v3" 404 70 "GET http://172.18.0.217:8080/v1/AUTH_f6685cdb0ff24cddaeb987c63c89eafb/gnocchi.57f6c2c1-369d-46a1-9a14-c100505380f9/none_v3" "tx3a1ee9346bd64d5da897c-0069981a65" "proxy-server 12" 0.0005 "-" 25 0
Feb 20 08:25:09 np0005625199 proxy-server[125753]: 172.18.0.103 172.18.0.104 20/Feb/2026/08/25/09 GET /v1/AUTH_f6685cdb0ff24cddaeb987c63c89eafb/gnocchi.57f6c2c1-369d-46a1-9a14-c100505380f9/none_v3 HTTP/1.0 404 - python-swiftclient-3.11.1 gAAAAABpmBnDOlCd... - 70 - tx3a1ee9346bd64d5da897c-0069981a65 - 0.0292 - - 1771575909.310648918 1771575909.339874983 0
Feb 20 08:25:09 np0005625199 account-server[123650]: 172.20.0.103 - - [20/Feb/2026:08:25:09 +0000] "PUT /d1/242/AUTH_f6685cdb0ff24cddaeb987c63c89eafb/gnocchi.ee17f90e-ab34-41ee-a64a-c0a53224ad71" 201 - "PUT http://172.20.0.103:6001/d1/911/AUTH_f6685cdb0ff24cddaeb987c63c89eafb/gnocchi.ee17f90e-ab34-41ee-a64a-c0a53224ad71" "tx226b53a640bf4aabb9d01-0069981a65" "container-server 23" 0.0069 "-" 22 0
Feb 20 08:25:09 np0005625199 container-server[123824]: 172.20.0.105 - - [20/Feb/2026:08:25:09 +0000] "PUT /d1/911/AUTH_f6685cdb0ff24cddaeb987c63c89eafb/gnocchi.ee17f90e-ab34-41ee-a64a-c0a53224ad71" 201 - "PUT http://172.18.0.217:8080/v1/AUTH_f6685cdb0ff24cddaeb987c63c89eafb/gnocchi.ee17f90e-ab34-41ee-a64a-c0a53224ad71" "tx226b53a640bf4aabb9d01-0069981a65" "proxy-server 20" 0.0181 "-" 23 0
Feb 20 08:25:09 np0005625199 account-server[123650]: 172.20.0.104 - - [20/Feb/2026:08:25:09 +0000] "PUT /d1/242/AUTH_f6685cdb0ff24cddaeb987c63c89eafb/gnocchi.57f6c2c1-369d-46a1-9a14-c100505380f9" 201 - "PUT http://172.20.0.104:6001/d1/152/AUTH_f6685cdb0ff24cddaeb987c63c89eafb/gnocchi.57f6c2c1-369d-46a1-9a14-c100505380f9" "tx5a9c96d048c94c81bf28e-0069981a65" "container-server 20" 0.0061 "-" 22 0
Feb 20 08:25:09 np0005625199 container-server[123817]: 172.20.0.104 - - [20/Feb/2026:08:25:09 +0000] "PUT /d1/152/AUTH_f6685cdb0ff24cddaeb987c63c89eafb/gnocchi.57f6c2c1-369d-46a1-9a14-c100505380f9" 201 - "PUT http://172.18.0.217:8080/v1/AUTH_f6685cdb0ff24cddaeb987c63c89eafb/gnocchi.57f6c2c1-369d-46a1-9a14-c100505380f9" "tx5a9c96d048c94c81bf28e-0069981a65" "proxy-server 20" 0.0236 "-" 22 0
Feb 20 08:25:09 np0005625199 container-server[123804]: 172.20.0.103 - - [20/Feb/2026:08:25:09 +0000] "HEAD /d1/911/AUTH_f6685cdb0ff24cddaeb987c63c89eafb/gnocchi.ee17f90e-ab34-41ee-a64a-c0a53224ad71" 204 - "HEAD http://172.18.0.217:8080/v1/AUTH_f6685cdb0ff24cddaeb987c63c89eafb/gnocchi.ee17f90e-ab34-41ee-a64a-c0a53224ad71?format=json&states=listing" "txca96c0ccd0ca40df8da75-0069981a65" "proxy-server 12" 0.0027 "-" 20 0
Feb 20 08:25:09 np0005625199 proxy-server[125753]: - - 20/Feb/2026/08/25/09 HEAD /v1/AUTH_f6685cdb0ff24cddaeb987c63c89eafb/gnocchi.ee17f90e-ab34-41ee-a64a-c0a53224ad71%3Fformat%3Djson%26states%3Dlisting HTTP/1.0 204 - Swift - - - - txca96c0ccd0ca40df8da75-0069981a65 - 0.0078 RL - 1771575909.373656750 1771575909.381465673 0
Feb 20 08:25:09 np0005625199 proxy-server[125753]: 172.18.0.217 172.18.0.104 20/Feb/2026/08/25/09 GET /v1/AUTH_f6685cdb0ff24cddaeb987c63c89eafb/gnocchi.ee17f90e-ab34-41ee-a64a-c0a53224ad71%3Fformat%3Djson%26states%3Dlisting HTTP/1.0 200 - python-swiftclient-3.11.1 gAAAAABpmBoK5Al1... - 2 - txca96c0ccd0ca40df8da75-0069981a65 - 0.0266 - - 1771575909.370934963 1771575909.397502422 0
Feb 20 08:25:09 np0005625199 object-server[124419]: 172.20.0.104 - - [20/Feb/2026:08:25:09 +0000] "GET /d1/1023/AUTH_f6685cdb0ff24cddaeb987c63c89eafb/gnocchi.ee17f90e-ab34-41ee-a64a-c0a53224ad71/1771200000.0_mean_300.0_v3" 404 70 "GET http://172.18.0.217:8080/v1/AUTH_f6685cdb0ff24cddaeb987c63c89eafb/gnocchi.ee17f90e-ab34-41ee-a64a-c0a53224ad71/1771200000.0_mean_300.0_v3" "tx5f647b6098da4daca42d8-0069981a65" "proxy-server 20" 0.0005 "-" 25 0
Feb 20 08:25:09 np0005625199 object-server[124419]: 172.20.0.103 - - [20/Feb/2026:08:25:09 +0000] "GET /d1/1022/AUTH_f6685cdb0ff24cddaeb987c63c89eafb/gnocchi.57f6c2c1-369d-46a1-9a14-c100505380f9/1771200000.0_mean_300.0_v3" 404 70 "GET http://172.18.0.217:8080/v1/AUTH_f6685cdb0ff24cddaeb987c63c89eafb/gnocchi.57f6c2c1-369d-46a1-9a14-c100505380f9/1771200000.0_mean_300.0_v3" "txbcb80e8be4c84731b5ea4-0069981a65" "proxy-server 12" 0.0004 "-" 25 0
Feb 20 08:25:09 np0005625199 proxy-server[125753]: 172.18.0.103 172.18.0.104 20/Feb/2026/08/25/09 GET /v1/AUTH_f6685cdb0ff24cddaeb987c63c89eafb/gnocchi.57f6c2c1-369d-46a1-9a14-c100505380f9/1771200000.0_mean_300.0_v3 HTTP/1.0 404 - python-swiftclient-3.11.1 gAAAAABpmBnDOlCd... - 70 - txbcb80e8be4c84731b5ea4-0069981a65 - 0.0190 - - 1771575909.416828871 1771575909.435792685 0
Feb 20 08:25:09 np0005625199 container-server[123817]: 172.20.0.103 - - [20/Feb/2026:08:25:09 +0000] "PUT /d1/911/AUTH_f6685cdb0ff24cddaeb987c63c89eafb/gnocchi.ee17f90e-ab34-41ee-a64a-c0a53224ad71/1771200000.0_mean_300.0_v3" 201 - "PUT http://172.18.0.217:8080/d1/1023/AUTH_f6685cdb0ff24cddaeb987c63c89eafb/gnocchi.ee17f90e-ab34-41ee-a64a-c0a53224ad71/1771200000.0_mean_300.0_v3" "txf7f3316a823a4b4c95114-0069981a65" "object-server 24" 0.0007 "-" 22 0
Feb 20 08:25:09 np0005625199 object-server[124412]: 172.20.0.105 - - [20/Feb/2026:08:25:09 +0000] "PUT /d1/1023/AUTH_f6685cdb0ff24cddaeb987c63c89eafb/gnocchi.ee17f90e-ab34-41ee-a64a-c0a53224ad71/1771200000.0_mean_300.0_v3" 201 - "PUT http://172.18.0.217:8080/v1/AUTH_f6685cdb0ff24cddaeb987c63c89eafb/gnocchi.ee17f90e-ab34-41ee-a64a-c0a53224ad71/1771200000.0_mean_300.0_v3" "txf7f3316a823a4b4c95114-0069981a65" "proxy-server 20" 0.0119 "-" 24 0
Feb 20 08:25:09 np0005625199 container-server[123812]: 172.20.0.104 - - [20/Feb/2026:08:25:09 +0000] "PUT /d1/152/AUTH_f6685cdb0ff24cddaeb987c63c89eafb/gnocchi.57f6c2c1-369d-46a1-9a14-c100505380f9/1771200000.0_mean_300.0_v3" 201 - "PUT http://172.18.0.217:8080/d1/1022/AUTH_f6685cdb0ff24cddaeb987c63c89eafb/gnocchi.57f6c2c1-369d-46a1-9a14-c100505380f9/1771200000.0_mean_300.0_v3" "txa103944605524ff88f65e-0069981a65" "object-server 23" 0.0007 "-" 21 0
Feb 20 08:25:09 np0005625199 object-server[124403]: 172.20.0.104 - - [20/Feb/2026:08:25:09 +0000] "PUT /d1/1022/AUTH_f6685cdb0ff24cddaeb987c63c89eafb/gnocchi.57f6c2c1-369d-46a1-9a14-c100505380f9/1771200000.0_mean_300.0_v3" 201 - "PUT http://172.18.0.217:8080/v1/AUTH_f6685cdb0ff24cddaeb987c63c89eafb/gnocchi.57f6c2c1-369d-46a1-9a14-c100505380f9/1771200000.0_mean_300.0_v3" "txa103944605524ff88f65e-0069981a65" "proxy-server 20" 0.0150 "-" 23 0
Feb 20 08:25:09 np0005625199 container-server[123812]: 172.20.0.103 - - [20/Feb/2026:08:25:09 +0000] "PUT /d1/911/AUTH_f6685cdb0ff24cddaeb987c63c89eafb/gnocchi.ee17f90e-ab34-41ee-a64a-c0a53224ad71/none_v3" 201 - "PUT http://172.18.0.217:8080/d1/905/AUTH_f6685cdb0ff24cddaeb987c63c89eafb/gnocchi.ee17f90e-ab34-41ee-a64a-c0a53224ad71/none_v3" "txa3c97143e9f1417a89ad3-0069981a65" "object-server 25" 0.0004 "-" 21 0
Feb 20 08:25:09 np0005625199 object-server[124419]: 172.20.0.103 - - [20/Feb/2026:08:25:09 +0000] "PUT /d1/905/AUTH_f6685cdb0ff24cddaeb987c63c89eafb/gnocchi.ee17f90e-ab34-41ee-a64a-c0a53224ad71/none_v3" 201 - "PUT http://172.18.0.217:8080/v1/AUTH_f6685cdb0ff24cddaeb987c63c89eafb/gnocchi.ee17f90e-ab34-41ee-a64a-c0a53224ad71/none_v3" "txa3c97143e9f1417a89ad3-0069981a65" "proxy-server 12" 0.0099 "-" 25 0
Feb 20 08:25:09 np0005625199 proxy-server[125753]: 172.18.0.217 172.18.0.104 20/Feb/2026/08/25/09 PUT /v1/AUTH_f6685cdb0ff24cddaeb987c63c89eafb/gnocchi.ee17f90e-ab34-41ee-a64a-c0a53224ad71/none_v3 HTTP/1.0 201 - python-swiftclient-3.11.1 gAAAAABpmBoK5Al1... 22 - - txa3c97143e9f1417a89ad3-0069981a65 - 0.0257 - - 1771575909.455775738 1771575909.481499672 0
Feb 20 08:25:09 np0005625199 container-server[123804]: 172.20.0.105 - - [20/Feb/2026:08:25:09 +0000] "PUT /d1/152/AUTH_f6685cdb0ff24cddaeb987c63c89eafb/gnocchi.57f6c2c1-369d-46a1-9a14-c100505380f9/none_v3" 201 - "PUT http://172.18.0.217:8080/d1/890/AUTH_f6685cdb0ff24cddaeb987c63c89eafb/gnocchi.57f6c2c1-369d-46a1-9a14-c100505380f9/none_v3" "txb442bb0931944c748761a-0069981a65" "object-server 22" 0.0009 "-" 20 0
Feb 20 08:25:09 np0005625199 object-server[124419]: 172.20.0.105 - - [20/Feb/2026:08:25:09 +0000] "PUT /d1/890/AUTH_f6685cdb0ff24cddaeb987c63c89eafb/gnocchi.57f6c2c1-369d-46a1-9a14-c100505380f9/none_v3" 201 - "PUT http://172.18.0.217:8080/v1/AUTH_f6685cdb0ff24cddaeb987c63c89eafb/gnocchi.57f6c2c1-369d-46a1-9a14-c100505380f9/none_v3" "txb442bb0931944c748761a-0069981a65" "proxy-server 20" 0.0123 "-" 25 0
Feb 20 08:25:09 np0005625199 account-server[123125]: Beginning replication run
Feb 20 08:25:09 np0005625199 account-server[123125]: Replication run OVER
Feb 20 08:25:09 np0005625199 account-server[123125]: Attempted to replicate 1 dbs in 0.03657 seconds (27.34415/s)
Feb 20 08:25:09 np0005625199 account-server[123125]: Removed 0 dbs
Feb 20 08:25:09 np0005625199 account-server[123125]: 2 successes, 0 failures
Feb 20 08:25:09 np0005625199 account-server[123125]: diff:0 diff_capped:0 empty:0 hashmatch:0 no_change:2 remote_merge:0 rsync:0 ts_repl:0
Feb 20 08:25:21 np0005625199 object-server[123952]: Starting object replication pass.
Feb 20 08:25:22 np0005625199 object-server[123952]: 43/43 (100.00%) partitions replicated in 0.99s (43.45/sec, 0s remaining)
Feb 20 08:25:22 np0005625199 object-server[123952]: 86 successes, 0 failures
Feb 20 08:25:22 np0005625199 object-server[123952]: 44 suffixes checked - 63.64% hashed, 0.00% synced
Feb 20 08:25:22 np0005625199 object-server[123952]: Partition times: max 0.0578s, min 0.0053s, med 0.0257s
Feb 20 08:25:22 np0005625199 object-server[123952]: Object replication complete. (0.02 minutes)
Feb 20 08:25:23 np0005625199 object-server[226211]: Begin object audit "forever" mode (ZBF)
Feb 20 08:25:23 np0005625199 object-server[226211]: Object audit (ZBF). Since Fri Feb 20 08:25:23 2026: Locally: 1 passed, 0 quarantined, 0 errors, files/sec: 632.82, bytes/sec: 0.00, Total time: 0.00, Auditing time: 0.00, Rate: 0.00
Feb 20 08:25:23 np0005625199 object-server[226212]: Begin object audit "forever" mode (ALL)
Feb 20 08:25:23 np0005625199 object-server[226212]: Object audit (ALL). Since Fri Feb 20 08:25:23 2026: Locally: 1 passed, 0 quarantined, 0 errors, files/sec: 97.46, bytes/sec: 1559.37, Total time: 0.01, Auditing time: 0.00, Rate: 0.00
Feb 20 08:25:24 np0005625199 object-server[226211]: Object audit (ZBF) "forever" mode completed: 0.84s. Total quarantined: 0, Total errors: 0, Total files/sec: 52.18, Total bytes/sec: 0.00, Auditing time: 0.83, Rate: 0.99
Feb 20 08:25:25 np0005625199 object-server[226212]: Object audit (ALL) "forever" mode completed: 2.12s. Total quarantined: 0, Total errors: 0, Total files/sec: 20.75, Total bytes/sec: 398.91, Auditing time: 2.10, Rate: 0.99
Feb 20 08:25:25 np0005625199 container-server[123510]: Beginning replication run
Feb 20 08:25:26 np0005625199 container-server[123510]: Replication run OVER
Feb 20 08:25:26 np0005625199 container-server[123510]: Attempted to replicate 22 dbs in 0.44534 seconds (49.40032/s)
Feb 20 08:25:26 np0005625199 container-server[123510]: Removed 0 dbs
Feb 20 08:25:26 np0005625199 container-server[123510]: 44 successes, 0 failures
Feb 20 08:25:26 np0005625199 container-server[123510]: diff:0 diff_capped:0 empty:0 hashmatch:0 no_change:44 remote_merge:0 rsync:0 ts_repl:0
Feb 20 08:25:39 np0005625199 account-server[123125]: Beginning replication run
Feb 20 08:25:39 np0005625199 account-server[123125]: Replication run OVER
Feb 20 08:25:39 np0005625199 account-server[123125]: Attempted to replicate 1 dbs in 0.01621 seconds (61.70052/s)
Feb 20 08:25:39 np0005625199 account-server[123125]: Removed 0 dbs
Feb 20 08:25:39 np0005625199 account-server[123125]: 2 successes, 0 failures
Feb 20 08:25:39 np0005625199 account-server[123125]: diff:0 diff_capped:0 empty:0 hashmatch:0 no_change:2 remote_merge:0 rsync:0 ts_repl:0
Feb 20 08:25:52 np0005625199 object-server[123952]: Starting object replication pass.
Feb 20 08:25:52 np0005625199 object-server[123952]: 43/43 (100.00%) partitions replicated in 0.35s (124.11/sec, 0s remaining)
Feb 20 08:25:52 np0005625199 object-server[123952]: 86 successes, 0 failures
Feb 20 08:25:52 np0005625199 object-server[123952]: 44 suffixes checked - 0.00% hashed, 0.00% synced
Feb 20 08:25:52 np0005625199 object-server[123952]: Partition times: max 0.0133s, min 0.0055s, med 0.0074s
Feb 20 08:25:52 np0005625199 object-server[123952]: Object replication complete. (0.01 minutes)
Feb 20 08:25:54 np0005625199 object-server[226230]: Begin object audit "forever" mode (ZBF)
Feb 20 08:25:54 np0005625199 object-server[226230]: Object audit (ZBF). Since Fri Feb 20 08:25:54 2026: Locally: 1 passed, 0 quarantined, 0 errors, files/sec: 558.57, bytes/sec: 0.00, Total time: 0.00, Auditing time: 0.00, Rate: 0.00
Feb 20 08:25:55 np0005625199 object-server[226230]: Object audit (ZBF) "forever" mode completed: 0.84s. Total quarantined: 0, Total errors: 0, Total files/sec: 52.17, Total bytes/sec: 0.00, Auditing time: 0.83, Rate: 0.99
Feb 20 08:25:55 np0005625199 container-server[123510]: Beginning replication run
Feb 20 08:25:56 np0005625199 container-server[123510]: Replication run OVER
Feb 20 08:25:56 np0005625199 container-server[123510]: Attempted to replicate 22 dbs in 0.43914 seconds (50.09803/s)
Feb 20 08:25:56 np0005625199 container-server[123510]: Removed 0 dbs
Feb 20 08:25:56 np0005625199 container-server[123510]: 44 successes, 0 failures
Feb 20 08:25:56 np0005625199 container-server[123510]: diff:0 diff_capped:0 empty:0 hashmatch:0 no_change:44 remote_merge:0 rsync:0 ts_repl:0
Feb 20 08:26:09 np0005625199 account-server[123125]: Beginning replication run
Feb 20 08:26:09 np0005625199 account-server[123125]: Replication run OVER
Feb 20 08:26:09 np0005625199 account-server[123125]: Attempted to replicate 1 dbs in 0.01233 seconds (81.08944/s)
Feb 20 08:26:09 np0005625199 account-server[123125]: Removed 0 dbs
Feb 20 08:26:09 np0005625199 account-server[123125]: 2 successes, 0 failures
Feb 20 08:26:09 np0005625199 account-server[123125]: diff:0 diff_capped:0 empty:0 hashmatch:0 no_change:2 remote_merge:0 rsync:0 ts_repl:0
Feb 20 08:26:19 np0005625199 account-server[123631]: 172.20.0.105 - - [20/Feb/2026:08:26:19 +0000] "PUT /d1/242/AUTH_f6685cdb0ff24cddaeb987c63c89eafb/gnocchi.a395e6c5-e154-4ae2-b48b-ce09e3fb3272" 201 - "-" "-" "container-updater 2" 0.0012 "-" 20 0
Feb 20 08:26:20 np0005625199 account-server[123650]: 172.20.0.105 - - [20/Feb/2026:08:26:20 +0000] "PUT /d1/242/AUTH_f6685cdb0ff24cddaeb987c63c89eafb/gnocchi.02ed205e-8f27-4049-8c8e-06bd6d6fe2ee" 201 - "-" "-" "container-updater 2" 0.0007 "-" 22 0
Feb 20 08:26:20 np0005625199 account-server[123650]: 172.20.0.105 - - [20/Feb/2026:08:26:20 +0000] "PUT /d1/242/AUTH_f6685cdb0ff24cddaeb987c63c89eafb/gnocchi.c6a02827-5377-445d-9a77-7508ae5c16f8" 201 - "-" "-" "container-updater 2" 0.0007 "-" 22 0
Feb 20 08:26:20 np0005625199 account-server[123631]: 172.20.0.105 - - [20/Feb/2026:08:26:20 +0000] "PUT /d1/242/AUTH_f6685cdb0ff24cddaeb987c63c89eafb/gnocchi.e2269eba-6c45-4b8c-9e2c-18628a3fcf43" 201 - "-" "-" "container-updater 2" 0.0009 "-" 20 0
Feb 20 08:26:20 np0005625199 account-server[123646]: 172.20.0.105 - - [20/Feb/2026:08:26:20 +0000] "PUT /d1/242/AUTH_f6685cdb0ff24cddaeb987c63c89eafb/gnocchi.23c72719-66c8-4eb0-8eaf-7878444cd1d1" 201 - "-" "-" "container-updater 2" 0.0006 "-" 21 0
Feb 20 08:26:20 np0005625199 account-server[123650]: 172.20.0.105 - - [20/Feb/2026:08:26:20 +0000] "PUT /d1/242/AUTH_f6685cdb0ff24cddaeb987c63c89eafb/gnocchi.afd0005f-ff17-40c4-ab95-86eda4ec1945" 201 - "-" "-" "container-updater 2" 0.0005 "-" 22 0
Feb 20 08:26:20 np0005625199 account-server[123631]: 172.20.0.105 - - [20/Feb/2026:08:26:20 +0000] "PUT /d1/242/AUTH_f6685cdb0ff24cddaeb987c63c89eafb/gnocchi.5cca5c28-86ea-4f83-8aa3-b2d82491acae" 201 - "-" "-" "container-updater 2" 0.0008 "-" 20 0
Feb 20 08:26:20 np0005625199 account-server[123646]: 172.20.0.105 - - [20/Feb/2026:08:26:20 +0000] "PUT /d1/242/AUTH_f6685cdb0ff24cddaeb987c63c89eafb/gnocchi.2af31e73-cd75-4e32-a2de-74f69abce527" 201 - "-" "-" "container-updater 2" 0.0007 "-" 21 0
Feb 20 08:26:20 np0005625199 account-server[123650]: 172.20.0.105 - - [20/Feb/2026:08:26:20 +0000] "PUT /d1/242/AUTH_f6685cdb0ff24cddaeb987c63c89eafb/gnocchi.7feaaf5b-6612-4206-8816-45b85e59eb15" 201 - "-" "-" "container-updater 2" 0.0008 "-" 22 0
Feb 20 08:26:20 np0005625199 account-server[123646]: 172.20.0.105 - - [20/Feb/2026:08:26:20 +0000] "PUT /d1/242/AUTH_f6685cdb0ff24cddaeb987c63c89eafb/gnocchi.78f71700-ef08-4754-9e63-ec9dc16d8fcc" 201 - "-" "-" "container-updater 2" 0.0013 "-" 21 0
Feb 20 08:26:20 np0005625199 account-server[123680]: 172.20.0.105 - - [20/Feb/2026:08:26:20 +0000] "PUT /d1/242/AUTH_f6685cdb0ff24cddaeb987c63c89eafb/gnocchi.e47711ad-b2c2-4042-950d-c3cb2205b152" 201 - "-" "-" "container-updater 2" 0.0006 "-" 23 0
Feb 20 08:26:20 np0005625199 account-server[123631]: 172.20.0.105 - - [20/Feb/2026:08:26:20 +0000] "PUT /d1/242/AUTH_f6685cdb0ff24cddaeb987c63c89eafb/gnocchi.e90fbddf-dc03-482b-beb4-2b74f66e9e9f" 201 - "-" "-" "container-updater 2" 0.0006 "-" 20 0
Feb 20 08:26:20 np0005625199 account-server[123650]: 172.20.0.105 - - [20/Feb/2026:08:26:20 +0000] "PUT /d1/242/AUTH_f6685cdb0ff24cddaeb987c63c89eafb/gnocchi.9ff9bbd9-5c0e-4798-8596-edf052be9f7c" 201 - "-" "-" "container-updater 2" 0.0007 "-" 22 0
Feb 20 08:26:21 np0005625199 account-server[123650]: 172.20.0.105 - - [20/Feb/2026:08:26:21 +0000] "PUT /d1/242/AUTH_f6685cdb0ff24cddaeb987c63c89eafb/gnocchi.41b982b7-c301-4140-8ada-e4cc49faf038" 201 - "-" "-" "container-updater 2" 0.0004 "-" 22 0
Feb 20 08:26:21 np0005625199 account-server[123650]: 172.20.0.105 - - [20/Feb/2026:08:26:21 +0000] "PUT /d1/242/AUTH_f6685cdb0ff24cddaeb987c63c89eafb/gnocchi.d8f39d30-d995-437e-9b34-0ff4c23179a2" 201 - "-" "-" "container-updater 2" 0.0008 "-" 22 0
Feb 20 08:26:21 np0005625199 account-server[123646]: 172.20.0.105 - - [20/Feb/2026:08:26:21 +0000] "PUT /d1/242/AUTH_f6685cdb0ff24cddaeb987c63c89eafb/gnocchi.f3fbfa03-9801-49f9-b267-48f00df06d7a" 201 - "-" "-" "container-updater 2" 0.0004 "-" 21 0
Feb 20 08:26:21 np0005625199 account-server[123680]: 172.20.0.105 - - [20/Feb/2026:08:26:21 +0000] "PUT /d1/242/AUTH_f6685cdb0ff24cddaeb987c63c89eafb/gnocchi.21b20fbb-2c50-4f78-b449-53c4b970d5f2" 201 - "-" "-" "container-updater 2" 0.0012 "-" 23 0
Feb 20 08:26:21 np0005625199 account-server[123646]: 172.20.0.105 - - [20/Feb/2026:08:26:21 +0000] "PUT /d1/242/AUTH_f6685cdb0ff24cddaeb987c63c89eafb/gnocchi.38a2efc0-7cf7-4915-9d05-4b2513fdc4b8" 201 - "-" "-" "container-updater 2" 0.0008 "-" 21 0
Feb 20 08:26:21 np0005625199 account-server[123646]: 172.20.0.105 - - [20/Feb/2026:08:26:21 +0000] "PUT /d1/242/AUTH_f6685cdb0ff24cddaeb987c63c89eafb/gnocchi.57f6c2c1-369d-46a1-9a14-c100505380f9" 201 - "-" "-" "container-updater 2" 0.0005 "-" 21 0
Feb 20 08:26:21 np0005625199 account-server[123680]: 172.20.0.105 - - [20/Feb/2026:08:26:21 +0000] "PUT /d1/242/AUTH_f6685cdb0ff24cddaeb987c63c89eafb/gnocchi.4473e413-f4cd-47ef-bd97-61b018841662" 201 - "-" "-" "container-updater 2" 0.0007 "-" 23 0
Feb 20 08:26:21 np0005625199 account-server[123650]: 172.20.0.105 - - [20/Feb/2026:08:26:21 +0000] "PUT /d1/242/AUTH_f6685cdb0ff24cddaeb987c63c89eafb/gnocchi.9a9284df-76a6-44e1-9e43-ffa194ef2784" 201 - "-" "-" "container-updater 2" 0.0007 "-" 22 0
Feb 20 08:26:21 np0005625199 account-server[123680]: 172.20.0.105 - - [20/Feb/2026:08:26:21 +0000] "PUT /d1/242/AUTH_f6685cdb0ff24cddaeb987c63c89eafb/gnocchi.ee17f90e-ab34-41ee-a64a-c0a53224ad71" 201 - "-" "-" "container-updater 2" 0.0005 "-" 23 0
Feb 20 08:26:22 np0005625199 object-server[123952]: Starting object replication pass.
Feb 20 08:26:22 np0005625199 object-server[123952]: 43/43 (100.00%) partitions replicated in 0.40s (107.52/sec, 0s remaining)
Feb 20 08:26:22 np0005625199 object-server[123952]: 86 successes, 0 failures
Feb 20 08:26:22 np0005625199 object-server[123952]: 44 suffixes checked - 0.00% hashed, 0.00% synced
Feb 20 08:26:22 np0005625199 object-server[123952]: Partition times: max 0.0138s, min 0.0060s, med 0.0083s
Feb 20 08:26:22 np0005625199 object-server[123952]: Object replication complete. (0.01 minutes)
