Feb 20 08:23:38 np0005625199 container-server[123824]: 172.20.0.103 - - [20/Feb/2026:08:23:38 +0000] "HEAD /d1/565/AUTH_f6685cdb0ff24cddaeb987c63c89eafb/gnocchi.7feaaf5b-6612-4206-8816-45b85e59eb15" 204 - "HEAD http://172.18.0.217:8080/v1/AUTH_f6685cdb0ff24cddaeb987c63c89eafb/gnocchi.7feaaf5b-6612-4206-8816-45b85e59eb15?format=json&states=listing" "tx5f9733d803db45f89e651-0069981a0a" "proxy-server 12" 0.0027 "-" 23 0
Feb 20 08:23:38 np0005625199 proxy-server[125753]: - - 20/Feb/2026/08/23/38 HEAD /v1/AUTH_f6685cdb0ff24cddaeb987c63c89eafb/gnocchi.7feaaf5b-6612-4206-8816-45b85e59eb15%3Fformat%3Djson%26states%3Dlisting HTTP/1.0 204 - Swift - - - - tx5f9733d803db45f89e651-0069981a0a - 0.0075 RL - 1771575818.085722923 1771575818.093242884 0
Feb 20 08:23:38 np0005625199 container-server[123817]: 172.20.0.103 - - [20/Feb/2026:08:23:38 +0000] "GET /d1/565/AUTH_f6685cdb0ff24cddaeb987c63c89eafb/gnocchi.7feaaf5b-6612-4206-8816-45b85e59eb15" 200 2 "GET http://172.18.0.217:8080/v1/AUTH_f6685cdb0ff24cddaeb987c63c89eafb/gnocchi.7feaaf5b-6612-4206-8816-45b85e59eb15?format=json&states=listing" "tx5f9733d803db45f89e651-0069981a0a" "proxy-server 12" 0.0036 "-" 22 0
Feb 20 08:23:38 np0005625199 proxy-server[125753]: 172.18.0.105 172.18.0.104 20/Feb/2026/08/23/38 GET /v1/AUTH_f6685cdb0ff24cddaeb987c63c89eafb/gnocchi.7feaaf5b-6612-4206-8816-45b85e59eb15%3Fformat%3Djson%26states%3Dlisting HTTP/1.0 200 - python-swiftclient-3.11.1 gAAAAABpmBnhhvsV... - 2 - tx5f9733d803db45f89e651-0069981a0a - 0.0214 - - 1771575818.084061146 1771575818.105491638 0
Feb 20 08:23:38 np0005625199 object-server[124412]: 172.20.0.104 - - [20/Feb/2026:08:23:38 +0000] "GET /d1/876/AUTH_f6685cdb0ff24cddaeb987c63c89eafb/gnocchi.7feaaf5b-6612-4206-8816-45b85e59eb15/1771200000.0_mean_300.0_v3" 404 70 "GET http://172.18.0.217:8080/v1/AUTH_f6685cdb0ff24cddaeb987c63c89eafb/gnocchi.7feaaf5b-6612-4206-8816-45b85e59eb15/1771200000.0_mean_300.0_v3" "tx7c9b1bf335d84f59bf497-0069981a0a" "proxy-server 20" 0.0002 "-" 24 0
Feb 20 08:23:38 np0005625199 object-server[124403]: 172.20.0.103 - - [20/Feb/2026:08:23:38 +0000] "PUT /d1/876/AUTH_f6685cdb0ff24cddaeb987c63c89eafb/gnocchi.7feaaf5b-6612-4206-8816-45b85e59eb15/1771200000.0_mean_300.0_v3" 201 - "PUT http://172.18.0.217:8080/v1/AUTH_f6685cdb0ff24cddaeb987c63c89eafb/gnocchi.7feaaf5b-6612-4206-8816-45b85e59eb15/1771200000.0_mean_300.0_v3" "txa527a16b91934677b9773-0069981a0a" "proxy-server 12" 0.0142 "-" 23 0
Feb 20 08:23:38 np0005625199 container-server[123812]: 172.20.0.104 - - [20/Feb/2026:08:23:38 +0000] "PUT /d1/565/AUTH_f6685cdb0ff24cddaeb987c63c89eafb/gnocchi.7feaaf5b-6612-4206-8816-45b85e59eb15/1771200000.0_mean_300.0_v3" 201 - "PUT http://172.18.0.217:8080/d1/876/AUTH_f6685cdb0ff24cddaeb987c63c89eafb/gnocchi.7feaaf5b-6612-4206-8816-45b85e59eb15/1771200000.0_mean_300.0_v3" "txa527a16b91934677b9773-0069981a0a" "object-server 24" 0.0010 "-" 21 0
Feb 20 08:23:38 np0005625199 container-server[123824]: 172.20.0.103 - - [20/Feb/2026:08:23:38 +0000] "PUT /d1/750/AUTH_f6685cdb0ff24cddaeb987c63c89eafb/gnocchi.c6a02827-5377-445d-9a77-7508ae5c16f8/1771200000.0_mean_300.0_v3" 201 - "PUT http://172.18.0.217:8080/d1/895/AUTH_f6685cdb0ff24cddaeb987c63c89eafb/gnocchi.c6a02827-5377-445d-9a77-7508ae5c16f8/1771200000.0_mean_300.0_v3" "tx096e7d233fe1427d82bfb-0069981a0a" "object-server 23" 0.0014 "-" 23 0
Feb 20 08:23:38 np0005625199 object-server[124403]: 172.20.0.105 - - [20/Feb/2026:08:23:38 +0000] "PUT /d1/895/AUTH_f6685cdb0ff24cddaeb987c63c89eafb/gnocchi.c6a02827-5377-445d-9a77-7508ae5c16f8/1771200000.0_mean_300.0_v3" 201 - "PUT http://172.18.0.217:8080/v1/AUTH_f6685cdb0ff24cddaeb987c63c89eafb/gnocchi.c6a02827-5377-445d-9a77-7508ae5c16f8/1771200000.0_mean_300.0_v3" "tx096e7d233fe1427d82bfb-0069981a0a" "proxy-server 20" 0.0584 "-" 23 0
Feb 20 08:23:38 np0005625199 proxy-server[125753]: 172.18.0.105 172.18.0.104 20/Feb/2026/08/23/38 PUT /v1/AUTH_f6685cdb0ff24cddaeb987c63c89eafb/gnocchi.7feaaf5b-6612-4206-8816-45b85e59eb15/1771200000.0_mean_300.0_v3 HTTP/1.0 201 - python-swiftclient-3.11.1 gAAAAABpmBnhhvsV... 16 - - txa527a16b91934677b9773-0069981a0a - 0.0307 - - 1771575818.133138895 1771575818.163825035 0
Feb 20 08:23:38 np0005625199 object-server[124412]: 172.20.0.103 - - [20/Feb/2026:08:23:38 +0000] "PUT /d1/669/AUTH_f6685cdb0ff24cddaeb987c63c89eafb/gnocchi.7feaaf5b-6612-4206-8816-45b85e59eb15/none_v3" 201 - "PUT http://172.18.0.217:8080/v1/AUTH_f6685cdb0ff24cddaeb987c63c89eafb/gnocchi.7feaaf5b-6612-4206-8816-45b85e59eb15/none_v3" "tx4bdac245b840482c8a34a-0069981a0a" "proxy-server 12" 0.0127 "-" 24 0
Feb 20 08:23:38 np0005625199 container-server[123812]: 172.20.0.104 - - [20/Feb/2026:08:23:38 +0000] "PUT /d1/565/AUTH_f6685cdb0ff24cddaeb987c63c89eafb/gnocchi.7feaaf5b-6612-4206-8816-45b85e59eb15/none_v3" 201 - "PUT http://172.18.0.217:8080/d1/669/AUTH_f6685cdb0ff24cddaeb987c63c89eafb/gnocchi.7feaaf5b-6612-4206-8816-45b85e59eb15/none_v3" "tx4bdac245b840482c8a34a-0069981a0a" "object-server 23" 0.0012 "-" 21 0
Feb 20 08:23:38 np0005625199 proxy-server[125753]: 172.18.0.105 172.18.0.104 20/Feb/2026/08/23/38 PUT /v1/AUTH_f6685cdb0ff24cddaeb987c63c89eafb/gnocchi.7feaaf5b-6612-4206-8816-45b85e59eb15/none_v3 HTTP/1.0 201 - python-swiftclient-3.11.1 gAAAAABpmBnhhvsV... 22 - - tx4bdac245b840482c8a34a-0069981a0a - 0.0273 - - 1771575818.168375015 1771575818.195710182 0
Feb 20 08:23:38 np0005625199 container-server[123812]: 172.20.0.103 - - [20/Feb/2026:08:23:38 +0000] "PUT /d1/750/AUTH_f6685cdb0ff24cddaeb987c63c89eafb/gnocchi.c6a02827-5377-445d-9a77-7508ae5c16f8/none_v3" 201 - "PUT http://172.18.0.217:8080/d1/642/AUTH_f6685cdb0ff24cddaeb987c63c89eafb/gnocchi.c6a02827-5377-445d-9a77-7508ae5c16f8/none_v3" "tx15e462b387984b2793c58-0069981a0a" "object-server 24" 0.0008 "-" 21 0
Feb 20 08:23:38 np0005625199 object-server[124412]: 172.20.0.105 - - [20/Feb/2026:08:23:38 +0000] "PUT /d1/642/AUTH_f6685cdb0ff24cddaeb987c63c89eafb/gnocchi.c6a02827-5377-445d-9a77-7508ae5c16f8/none_v3" 201 - "PUT http://172.18.0.217:8080/v1/AUTH_f6685cdb0ff24cddaeb987c63c89eafb/gnocchi.c6a02827-5377-445d-9a77-7508ae5c16f8/none_v3" "tx15e462b387984b2793c58-0069981a0a" "proxy-server 20" 0.0193 "-" 24 0
Feb 20 08:23:38 np0005625199 container-server[123824]: 172.20.0.104 - - [20/Feb/2026:08:23:38 +0000] "HEAD /d1/489/AUTH_f6685cdb0ff24cddaeb987c63c89eafb/gnocchi.f3fbfa03-9801-49f9-b267-48f00df06d7a" 404 - "HEAD http://172.18.0.217:8080/v1/AUTH_f6685cdb0ff24cddaeb987c63c89eafb/gnocchi.f3fbfa03-9801-49f9-b267-48f00df06d7a?format=json&states=listing" "tx4c7c69884aa946debcb7c-0069981a0a" "proxy-server 20" 0.0008 "-" 23 0
Feb 20 08:23:38 np0005625199 object-server[124412]: 172.20.0.104 - - [20/Feb/2026:08:23:38 +0000] "GET /d1/325/AUTH_f6685cdb0ff24cddaeb987c63c89eafb/gnocchi.f3fbfa03-9801-49f9-b267-48f00df06d7a/none_v3" 404 70 "GET http://172.18.0.217:8080/v1/AUTH_f6685cdb0ff24cddaeb987c63c89eafb/gnocchi.f3fbfa03-9801-49f9-b267-48f00df06d7a/none_v3" "tx4c7c69884aa946debcb7c-0069981a0a" "proxy-server 20" 0.0006 "-" 24 0
Feb 20 08:23:38 np0005625199 account-server[123650]: 172.20.0.104 - - [20/Feb/2026:08:23:38 +0000] "PUT /d1/242/AUTH_f6685cdb0ff24cddaeb987c63c89eafb/gnocchi.f3fbfa03-9801-49f9-b267-48f00df06d7a" 201 - "PUT http://172.20.0.104:6001/d1/489/AUTH_f6685cdb0ff24cddaeb987c63c89eafb/gnocchi.f3fbfa03-9801-49f9-b267-48f00df06d7a" "tx1cec4063ec9942e9aac7b-0069981a0a" "container-server 22" 0.0085 "-" 22 0
Feb 20 08:23:38 np0005625199 container-server[123824]: 172.20.0.103 - - [20/Feb/2026:08:23:38 +0000] "PUT /d1/489/AUTH_f6685cdb0ff24cddaeb987c63c89eafb/gnocchi.f3fbfa03-9801-49f9-b267-48f00df06d7a" 201 - "PUT http://172.18.0.217:8080/v1/AUTH_f6685cdb0ff24cddaeb987c63c89eafb/gnocchi.f3fbfa03-9801-49f9-b267-48f00df06d7a" "tx1cec4063ec9942e9aac7b-0069981a0a" "proxy-server 12" 0.0239 "-" 23 0
Feb 20 08:23:38 np0005625199 proxy-server[125753]: 172.18.0.217 172.18.0.104 20/Feb/2026/08/23/38 PUT /v1/AUTH_f6685cdb0ff24cddaeb987c63c89eafb/gnocchi.f3fbfa03-9801-49f9-b267-48f00df06d7a HTTP/1.0 201 - python-swiftclient-3.11.1 gAAAAABpmBoK5Al1... - - - tx1cec4063ec9942e9aac7b-0069981a0a - 0.0436 - - 1771575818.555419445 1771575818.598999500 0
Feb 20 08:23:38 np0005625199 container-server[123804]: 172.20.0.105 - - [20/Feb/2026:08:23:38 +0000] "HEAD /d1/489/AUTH_f6685cdb0ff24cddaeb987c63c89eafb/gnocchi.f3fbfa03-9801-49f9-b267-48f00df06d7a" 204 - "HEAD http://172.18.0.217:8080/v1/AUTH_f6685cdb0ff24cddaeb987c63c89eafb/gnocchi.f3fbfa03-9801-49f9-b267-48f00df06d7a?format=json&states=listing" "tx15818c542aac4ba3a7281-0069981a0a" "proxy-server 20" 0.0014 "-" 20 0
Feb 20 08:23:38 np0005625199 object-server[124397]: 172.20.0.104 - - [20/Feb/2026:08:23:38 +0000] "GET /d1/624/AUTH_f6685cdb0ff24cddaeb987c63c89eafb/gnocchi.f3fbfa03-9801-49f9-b267-48f00df06d7a/1771200000.0_mean_300.0_v3" 404 70 "GET http://172.18.0.217:8080/v1/AUTH_f6685cdb0ff24cddaeb987c63c89eafb/gnocchi.f3fbfa03-9801-49f9-b267-48f00df06d7a/1771200000.0_mean_300.0_v3" "tx74f9bbcb39c94a2682dca-0069981a0a" "proxy-server 20" 0.0007 "-" 22 0
Feb 20 08:23:38 np0005625199 container-server[123824]: 172.20.0.104 - - [20/Feb/2026:08:23:38 +0000] "PUT /d1/489/AUTH_f6685cdb0ff24cddaeb987c63c89eafb/gnocchi.f3fbfa03-9801-49f9-b267-48f00df06d7a/1771200000.0_mean_300.0_v3" 201 - "PUT http://172.18.0.217:8080/d1/624/AUTH_f6685cdb0ff24cddaeb987c63c89eafb/gnocchi.f3fbfa03-9801-49f9-b267-48f00df06d7a/1771200000.0_mean_300.0_v3" "tx9de28ba55e0b410fb594b-0069981a0a" "object-server 24" 0.0015 "-" 23 0
Feb 20 08:23:38 np0005625199 object-server[124397]: 172.20.0.103 - - [20/Feb/2026:08:23:38 +0000] "PUT /d1/624/AUTH_f6685cdb0ff24cddaeb987c63c89eafb/gnocchi.f3fbfa03-9801-49f9-b267-48f00df06d7a/1771200000.0_mean_300.0_v3" 201 - "PUT http://172.18.0.217:8080/v1/AUTH_f6685cdb0ff24cddaeb987c63c89eafb/gnocchi.f3fbfa03-9801-49f9-b267-48f00df06d7a/1771200000.0_mean_300.0_v3" "tx9de28ba55e0b410fb594b-0069981a0a" "proxy-server 12" 0.0158 "-" 22 0
Feb 20 08:23:38 np0005625199 proxy-server[125753]: 172.18.0.217 172.18.0.104 20/Feb/2026/08/23/38 PUT /v1/AUTH_f6685cdb0ff24cddaeb987c63c89eafb/gnocchi.f3fbfa03-9801-49f9-b267-48f00df06d7a/1771200000.0_mean_300.0_v3 HTTP/1.0 201 - python-swiftclient-3.11.1 gAAAAABpmBoK5Al1... 16 - - tx9de28ba55e0b410fb594b-0069981a0a - 0.0267 - - 1771575818.654824257 1771575818.681546688 0
Feb 20 08:23:38 np0005625199 container-server[123817]: 172.20.0.105 - - [20/Feb/2026:08:23:38 +0000] "PUT /d1/489/AUTH_f6685cdb0ff24cddaeb987c63c89eafb/gnocchi.f3fbfa03-9801-49f9-b267-48f00df06d7a/none_v3" 201 - "PUT http://172.18.0.217:8080/d1/325/AUTH_f6685cdb0ff24cddaeb987c63c89eafb/gnocchi.f3fbfa03-9801-49f9-b267-48f00df06d7a/none_v3" "tx5f294fba2c024aecb6e50-0069981a0a" "object-server 22" 0.0007 "-" 22 0
Feb 20 08:23:38 np0005625199 object-server[124419]: 172.20.0.105 - - [20/Feb/2026:08:23:38 +0000] "PUT /d1/325/AUTH_f6685cdb0ff24cddaeb987c63c89eafb/gnocchi.f3fbfa03-9801-49f9-b267-48f00df06d7a/none_v3" 201 - "PUT http://172.18.0.217:8080/v1/AUTH_f6685cdb0ff24cddaeb987c63c89eafb/gnocchi.f3fbfa03-9801-49f9-b267-48f00df06d7a/none_v3" "tx5f294fba2c024aecb6e50-0069981a0a" "proxy-server 20" 0.0116 "-" 25 0
Feb 20 08:23:39 np0005625199 account-server[123125]: Beginning replication run
Feb 20 08:23:39 np0005625199 account-server[123125]: Replication run OVER
Feb 20 08:23:39 np0005625199 account-server[123125]: Attempted to replicate 1 dbs in 0.04191 seconds (23.85901/s)
Feb 20 08:23:39 np0005625199 account-server[123125]: Removed 0 dbs
Feb 20 08:23:39 np0005625199 account-server[123125]: 2 successes, 0 failures
Feb 20 08:23:39 np0005625199 account-server[123125]: diff:0 diff_capped:0 empty:0 hashmatch:0 no_change:2 remote_merge:0 rsync:0 ts_repl:0
Feb 20 08:23:50 np0005625199 object-server[123952]: Starting object replication pass.
Feb 20 08:23:50 np0005625199 object-server[123952]: 16/16 (100.00%) partitions replicated in 0.37s (43.57/sec, 0s remaining)
Feb 20 08:23:50 np0005625199 object-server[123952]: 32 successes, 0 failures
Feb 20 08:23:50 np0005625199 object-server[123952]: 16 suffixes checked - 62.50% hashed, 0.00% synced
Feb 20 08:23:50 np0005625199 object-server[123952]: Partition times: max 0.0341s, min 0.0069s, med 0.0292s
Feb 20 08:23:50 np0005625199 object-server[123952]: Object replication complete. (0.01 minutes)
Feb 20 08:23:51 np0005625199 account-server[123631]: 172.20.0.105 - - [20/Feb/2026:08:23:51 +0000] "HEAD /d1/204/.expiring_objects" 404 - "HEAD http://localhost/v1/.expiring_objects?format=json" "txa2ebdea01fa049c28630a-0069981a17" "proxy-server 2" 0.0007 "-" 20 -
Feb 20 08:23:52 np0005625199 object-server[214263]: Begin object audit "forever" mode (ZBF)
Feb 20 08:23:52 np0005625199 object-server[214263]: Object audit (ZBF). Since Fri Feb 20 08:23:52 2026: Locally: 1 passed, 0 quarantined, 0 errors, files/sec: 758.33, bytes/sec: 0.00, Total time: 0.00, Auditing time: 0.00, Rate: 0.00
Feb 20 08:23:52 np0005625199 object-server[214263]: Object audit (ZBF) "forever" mode completed: 0.28s. Total quarantined: 0, Total errors: 0, Total files/sec: 56.63, Total bytes/sec: 0.00, Auditing time: 0.28, Rate: 0.98
Feb 20 08:23:55 np0005625199 container-server[123510]: Beginning replication run
Feb 20 08:23:55 np0005625199 container-server[123510]: Replication run OVER
Feb 20 08:23:55 np0005625199 container-server[123510]: Attempted to replicate 8 dbs in 0.21214 seconds (37.71112/s)
Feb 20 08:23:55 np0005625199 container-server[123510]: Removed 0 dbs
Feb 20 08:23:55 np0005625199 container-server[123510]: 16 successes, 0 failures
Feb 20 08:23:55 np0005625199 container-server[123510]: diff:0 diff_capped:0 empty:0 hashmatch:0 no_change:16 remote_merge:0 rsync:0 ts_repl:0
Feb 20 08:23:59 np0005625199 account-server[123680]: 172.20.0.103 - - [20/Feb/2026:08:23:59 +0000] "HEAD /d1/204/.expiring_objects" 404 - "HEAD http://localhost/v1/.expiring_objects?format=json" "txb832e40decd64f80a2383-0069981a1f" "proxy-server 2" 0.0009 "-" 23 -
Feb 20 08:23:59 np0005625199 object-expirer[123914]: Pass completed in 0s; 0 objects expired (txn: txb832e40decd64f80a2383-0069981a1f)
Feb 20 08:24:09 np0005625199 account-server[123125]: Beginning replication run
Feb 20 08:24:09 np0005625199 account-server[123125]: Replication run OVER
Feb 20 08:24:09 np0005625199 account-server[123125]: Attempted to replicate 1 dbs in 0.01757 seconds (56.91945/s)
Feb 20 08:24:09 np0005625199 account-server[123125]: Removed 0 dbs
Feb 20 08:24:09 np0005625199 account-server[123125]: 2 successes, 0 failures
Feb 20 08:24:09 np0005625199 account-server[123125]: diff:0 diff_capped:0 empty:0 hashmatch:0 no_change:2 remote_merge:0 rsync:0 ts_repl:0
Feb 20 08:24:13 np0005625199 container-server[123313]: Begin container audit pass.
Feb 20 08:24:18 np0005625199 account-server[123646]: 172.20.0.104 - - [20/Feb/2026:08:24:18 +0000] "HEAD /d1/204/.expiring_objects" 404 - "HEAD http://localhost/v1/.expiring_objects?format=json" "tx1b405870627a4b9cbc49b-0069981a32" "proxy-server 2" 0.0007 "-" 21 -
Feb 20 08:24:20 np0005625199 object-server[123952]: Starting object replication pass.
Feb 20 08:24:20 np0005625199 object-server[123952]: 16/16 (100.00%) partitions replicated in 0.16s (101.00/sec, 0s remaining)
Feb 20 08:24:20 np0005625199 object-server[123952]: 32 successes, 0 failures
Feb 20 08:24:20 np0005625199 object-server[123952]: 16 suffixes checked - 0.00% hashed, 0.00% synced
Feb 20 08:24:20 np0005625199 object-server[123952]: Partition times: max 0.0126s, min 0.0068s, med 0.0086s
Feb 20 08:24:20 np0005625199 object-server[123952]: Object replication complete. (0.00 minutes)
Feb 20 08:24:22 np0005625199 object-server[220225]: Begin object audit "forever" mode (ZBF)
Feb 20 08:24:22 np0005625199 object-server[220226]: Begin object audit "forever" mode (ALL)
Feb 20 08:24:22 np0005625199 object-server[220225]: Object audit (ZBF). Since Fri Feb 20 08:24:22 2026: Locally: 1 passed, 0 quarantined, 0 errors, files/sec: 589.75, bytes/sec: 0.00, Total time: 0.00, Auditing time: 0.00, Rate: 0.00
Feb 20 08:24:22 np0005625199 object-server[220226]: Object audit (ALL). Since Fri Feb 20 08:24:22 2026: Locally: 1 passed, 0 quarantined, 0 errors, files/sec: 139.09, bytes/sec: 2225.39, Total time: 0.01, Auditing time: 0.00, Rate: 0.00
Feb 20 08:24:22 np0005625199 object-server[220225]: Object audit (ZBF) "forever" mode completed: 0.28s. Total quarantined: 0, Total errors: 0, Total files/sec: 56.47, Total bytes/sec: 0.00, Auditing time: 0.28, Rate: 0.98
Feb 20 08:24:23 np0005625199 object-server[220226]: Object audit (ALL) "forever" mode completed: 0.71s. Total quarantined: 0, Total errors: 0, Total files/sec: 22.55, Total bytes/sec: 442.50, Auditing time: 0.70, Rate: 0.99
Feb 20 08:24:24 np0005625199 account-server[123646]: 172.20.0.104 - - [20/Feb/2026:08:24:24 +0000] "HEAD /d1/204/.expiring_objects" 404 - "HEAD http://localhost/v1/.expiring_objects?format=json" "txb8f05a3c3d8c4facb742a-0069981a38" "proxy-server 2" 0.0008 "-" 21 -
Feb 20 08:24:25 np0005625199 container-server[123510]: Beginning replication run
Feb 20 08:24:25 np0005625199 container-server[123510]: Replication run OVER
Feb 20 08:24:25 np0005625199 container-server[123510]: Attempted to replicate 8 dbs in 0.14568 seconds (54.91298/s)
Feb 20 08:24:25 np0005625199 container-server[123510]: Removed 0 dbs
Feb 20 08:24:25 np0005625199 container-server[123510]: 16 successes, 0 failures
Feb 20 08:24:25 np0005625199 container-server[123510]: diff:0 diff_capped:0 empty:0 hashmatch:0 no_change:16 remote_merge:0 rsync:0 ts_repl:0
Feb 20 08:24:39 np0005625199 account-server[123125]: Beginning replication run
Feb 20 08:24:39 np0005625199 account-server[123125]: Replication run OVER
Feb 20 08:24:39 np0005625199 account-server[123125]: Attempted to replicate 1 dbs in 0.01197 seconds (83.54785/s)
Feb 20 08:24:39 np0005625199 account-server[123125]: Removed 0 dbs
Feb 20 08:24:39 np0005625199 account-server[123125]: 2 successes, 0 failures
Feb 20 08:24:39 np0005625199 account-server[123125]: diff:0 diff_capped:0 empty:0 hashmatch:0 no_change:2 remote_merge:0 rsync:0 ts_repl:0
Feb 20 08:24:50 np0005625199 object-server[123952]: Starting object replication pass.
Feb 20 08:24:51 np0005625199 object-server[123952]: 16/16 (100.00%) partitions replicated in 0.13s (119.12/sec, 0s remaining)
Feb 20 08:24:51 np0005625199 object-server[123952]: 32 successes, 0 failures
Feb 20 08:24:51 np0005625199 object-server[123952]: 16 suffixes checked - 0.00% hashed, 0.00% synced
Feb 20 08:24:51 np0005625199 object-server[123952]: Partition times: max 0.0125s, min 0.0057s, med 0.0072s
Feb 20 08:24:51 np0005625199 object-server[123952]: Object replication complete. (0.00 minutes)
Feb 20 08:24:52 np0005625199 object-server[220228]: Begin object audit "forever" mode (ZBF)
Feb 20 08:24:52 np0005625199 object-server[220228]: Object audit (ZBF). Since Fri Feb 20 08:24:52 2026: Locally: 1 passed, 0 quarantined, 0 errors, files/sec: 810.65, bytes/sec: 0.00, Total time: 0.00, Auditing time: 0.00, Rate: 0.00
Feb 20 08:24:53 np0005625199 object-server[220228]: Object audit (ZBF) "forever" mode completed: 0.28s. Total quarantined: 0, Total errors: 0, Total files/sec: 56.63, Total bytes/sec: 0.00, Auditing time: 0.28, Rate: 0.98
Feb 20 08:24:55 np0005625199 container-server[123510]: Beginning replication run
Feb 20 08:24:55 np0005625199 container-server[123510]: Replication run OVER
Feb 20 08:24:55 np0005625199 container-server[123510]: Attempted to replicate 8 dbs in 0.15907 seconds (50.29282/s)
Feb 20 08:24:55 np0005625199 container-server[123510]: Removed 0 dbs
Feb 20 08:24:55 np0005625199 container-server[123510]: 16 successes, 0 failures
Feb 20 08:24:55 np0005625199 container-server[123510]: diff:0 diff_capped:0 empty:0 hashmatch:0 no_change:16 remote_merge:0 rsync:0 ts_repl:0
Feb 20 08:25:07 np0005625199 account-server[123631]: 172.20.0.105 - - [20/Feb/2026:08:25:07 +0000] "HEAD /d1/204/.expiring_objects" 404 - "HEAD http://localhost/v1/.expiring_objects?format=json" "txf5f454c23bb84639b55c7-0069981a63" "proxy-server 2" 0.0005 "-" 20 -
Feb 20 08:25:08 np0005625199 account-server[123650]: 172.20.0.104 - - [20/Feb/2026:08:25:08 +0000] "HEAD /d1/242/AUTH_f6685cdb0ff24cddaeb987c63c89eafb" 204 - "HEAD http://172.18.0.217:8080/v1/AUTH_f6685cdb0ff24cddaeb987c63c89eafb?format=json" "tx307447a301034c9c8fadd-0069981a64" "proxy-server 20" 0.0016 "-" 22 -
Feb 20 08:25:08 np0005625199 container-server[123824]: 172.20.0.104 - - [20/Feb/2026:08:25:08 +0000] "HEAD /d1/892/AUTH_f6685cdb0ff24cddaeb987c63c89eafb/gnocchi.5cca5c28-86ea-4f83-8aa3-b2d82491acae" 404 - "HEAD http://172.18.0.217:8080/v1/AUTH_f6685cdb0ff24cddaeb987c63c89eafb/gnocchi.5cca5c28-86ea-4f83-8aa3-b2d82491acae?format=json&states=listing" "tx307447a301034c9c8fadd-0069981a64" "proxy-server 20" 0.0006 "-" 23 0
Feb 20 08:25:08 np0005625199 container-server[123824]: 172.20.0.103 - - [20/Feb/2026:08:25:08 +0000] "HEAD /d1/310/AUTH_f6685cdb0ff24cddaeb987c63c89eafb/gnocchi.e90fbddf-dc03-482b-beb4-2b74f66e9e9f" 404 - "HEAD http://172.18.0.217:8080/v1/AUTH_f6685cdb0ff24cddaeb987c63c89eafb/gnocchi.e90fbddf-dc03-482b-beb4-2b74f66e9e9f?format=json&states=listing" "tx35e2ff4bc14a4ab194d11-0069981a64" "proxy-server 12" 0.0003 "-" 23 0
Feb 20 08:25:08 np0005625199 container-server[123804]: 172.20.0.105 - - [20/Feb/2026:08:25:08 +0000] "HEAD /d1/919/AUTH_f6685cdb0ff24cddaeb987c63c89eafb/gnocchi.a395e6c5-e154-4ae2-b48b-ce09e3fb3272" 404 - "HEAD http://172.18.0.217:8080/v1/AUTH_f6685cdb0ff24cddaeb987c63c89eafb/gnocchi.a395e6c5-e154-4ae2-b48b-ce09e3fb3272?format=json&states=listing" "txa7db00c88f0f45fb852b6-0069981a64" "proxy-server 20" 0.0004 "-" 20 0
Feb 20 08:25:08 np0005625199 object-server[124412]: 172.20.0.104 - - [20/Feb/2026:08:25:08 +0000] "GET /d1/181/AUTH_f6685cdb0ff24cddaeb987c63c89eafb/gnocchi.5cca5c28-86ea-4f83-8aa3-b2d82491acae/none_v3" 404 70 "GET http://172.18.0.217:8080/v1/AUTH_f6685cdb0ff24cddaeb987c63c89eafb/gnocchi.5cca5c28-86ea-4f83-8aa3-b2d82491acae/none_v3" "tx307447a301034c9c8fadd-0069981a64" "proxy-server 20" 0.0006 "-" 24 0
Feb 20 08:25:08 np0005625199 object-server[124412]: 172.20.0.103 - - [20/Feb/2026:08:25:08 +0000] "GET /d1/238/AUTH_f6685cdb0ff24cddaeb987c63c89eafb/gnocchi.e90fbddf-dc03-482b-beb4-2b74f66e9e9f/none_v3" 404 70 "GET http://172.18.0.217:8080/v1/AUTH_f6685cdb0ff24cddaeb987c63c89eafb/gnocchi.e90fbddf-dc03-482b-beb4-2b74f66e9e9f/none_v3" "tx35e2ff4bc14a4ab194d11-0069981a64" "proxy-server 12" 0.0002 "-" 24 0
Feb 20 08:25:08 np0005625199 proxy-server[125753]: 172.18.0.217 172.18.0.104 20/Feb/2026/08/25/08 GET /v1/AUTH_f6685cdb0ff24cddaeb987c63c89eafb/gnocchi.e90fbddf-dc03-482b-beb4-2b74f66e9e9f/none_v3 HTTP/1.0 404 - python-swiftclient-3.11.1 gAAAAABpmBoK5Al1... - 70 - tx35e2ff4bc14a4ab194d11-0069981a64 - 0.0298 - - 1771575908.460727453 1771575908.490556955 0
Feb 20 08:25:08 np0005625199 object-server[124412]: 172.20.0.105 - - [20/Feb/2026:08:25:08 +0000] "GET /d1/917/AUTH_f6685cdb0ff24cddaeb987c63c89eafb/gnocchi.a395e6c5-e154-4ae2-b48b-ce09e3fb3272/none_v3" 404 70 "GET http://172.18.0.217:8080/v1/AUTH_f6685cdb0ff24cddaeb987c63c89eafb/gnocchi.a395e6c5-e154-4ae2-b48b-ce09e3fb3272/none_v3" "txa7db00c88f0f45fb852b6-0069981a64" "proxy-server 20" 0.0002 "-" 24 0
Feb 20 08:25:08 np0005625199 account-server[123680]: 172.20.0.103 - - [20/Feb/2026:08:25:08 +0000] "PUT /d1/242/AUTH_f6685cdb0ff24cddaeb987c63c89eafb/gnocchi.e90fbddf-dc03-482b-beb4-2b74f66e9e9f" 201 - "PUT http://172.20.0.103:6001/d1/310/AUTH_f6685cdb0ff24cddaeb987c63c89eafb/gnocchi.e90fbddf-dc03-482b-beb4-2b74f66e9e9f" "txe7f4e9e0bc7d4aba97424-0069981a64" "container-server 20" 0.0013 "-" 23 0
Feb 20 08:25:08 np0005625199 container-server[123804]: 172.20.0.103 - - [20/Feb/2026:08:25:08 +0000] "PUT /d1/310/AUTH_f6685cdb0ff24cddaeb987c63c89eafb/gnocchi.e90fbddf-dc03-482b-beb4-2b74f66e9e9f" 201 - "PUT http://172.18.0.217:8080/v1/AUTH_f6685cdb0ff24cddaeb987c63c89eafb/gnocchi.e90fbddf-dc03-482b-beb4-2b74f66e9e9f" "txe7f4e9e0bc7d4aba97424-0069981a64" "proxy-server 12" 0.0085 "-" 20 0
Feb 20 08:25:08 np0005625199 container-server[123804]: 172.20.0.104 - - [20/Feb/2026:08:25:08 +0000] "PUT /d1/892/AUTH_f6685cdb0ff24cddaeb987c63c89eafb/gnocchi.5cca5c28-86ea-4f83-8aa3-b2d82491acae" 201 - "PUT http://172.18.0.217:8080/v1/AUTH_f6685cdb0ff24cddaeb987c63c89eafb/gnocchi.5cca5c28-86ea-4f83-8aa3-b2d82491acae" "tx44ecb9f39bc74120a9a34-0069981a64" "proxy-server 20" 0.0161 "-" 20 0
Feb 20 08:25:08 np0005625199 account-server[123646]: 172.20.0.104 - - [20/Feb/2026:08:25:08 +0000] "PUT /d1/242/AUTH_f6685cdb0ff24cddaeb987c63c89eafb/gnocchi.5cca5c28-86ea-4f83-8aa3-b2d82491acae" 201 - "PUT http://172.20.0.104:6001/d1/892/AUTH_f6685cdb0ff24cddaeb987c63c89eafb/gnocchi.5cca5c28-86ea-4f83-8aa3-b2d82491acae" "tx44ecb9f39bc74120a9a34-0069981a64" "container-server 19" 0.0084 "-" 21 0
Feb 20 08:25:08 np0005625199 container-server[123812]: 172.20.0.105 - - [20/Feb/2026:08:25:08 +0000] "PUT /d1/919/AUTH_f6685cdb0ff24cddaeb987c63c89eafb/gnocchi.a395e6c5-e154-4ae2-b48b-ce09e3fb3272" 201 - "PUT http://172.18.0.217:8080/v1/AUTH_f6685cdb0ff24cddaeb987c63c89eafb/gnocchi.a395e6c5-e154-4ae2-b48b-ce09e3fb3272" "tx645af25937394aef85842-0069981a64" "proxy-server 20" 0.0184 "-" 21 0
Feb 20 08:25:08 np0005625199 proxy-server[125753]: 172.18.0.217 172.18.0.104 20/Feb/2026/08/25/08 PUT /v1/AUTH_f6685cdb0ff24cddaeb987c63c89eafb/gnocchi.e90fbddf-dc03-482b-beb4-2b74f66e9e9f HTTP/1.0 201 - python-swiftclient-3.11.1 gAAAAABpmBoK5Al1... - - - txe7f4e9e0bc7d4aba97424-0069981a64 - 0.0394 - - 1771575908.494138479 1771575908.533532381 0
Feb 20 08:25:08 np0005625199 account-server[123680]: 172.20.0.105 - - [20/Feb/2026:08:25:08 +0000] "PUT /d1/242/AUTH_f6685cdb0ff24cddaeb987c63c89eafb/gnocchi.a395e6c5-e154-4ae2-b48b-ce09e3fb3272" 201 - "PUT http://172.20.0.105:6001/d1/919/AUTH_f6685cdb0ff24cddaeb987c63c89eafb/gnocchi.a395e6c5-e154-4ae2-b48b-ce09e3fb3272" "tx645af25937394aef85842-0069981a64" "container-server 21" 0.0085 "-" 23 0
Feb 20 08:25:08 np0005625199 proxy-server[125753]: - - 20/Feb/2026/08/25/08 HEAD /v1/AUTH_f6685cdb0ff24cddaeb987c63c89eafb/gnocchi.e90fbddf-dc03-482b-beb4-2b74f66e9e9f%3Fformat%3Djson%26states%3Dlisting HTTP/1.0 204 - Swift - - - - txfc98955bf3704345bbb59-0069981a64 - 0.0083 RL - 1771575908.541054487 1771575908.549310923 0
Feb 20 08:25:08 np0005625199 container-server[123824]: 172.20.0.103 - - [20/Feb/2026:08:25:08 +0000] "GET /d1/310/AUTH_f6685cdb0ff24cddaeb987c63c89eafb/gnocchi.e90fbddf-dc03-482b-beb4-2b74f66e9e9f" 200 2 "GET http://172.18.0.217:8080/v1/AUTH_f6685cdb0ff24cddaeb987c63c89eafb/gnocchi.e90fbddf-dc03-482b-beb4-2b74f66e9e9f?format=json&states=listing" "txfc98955bf3704345bbb59-0069981a64" "proxy-server 12" 0.0024 "-" 23 0
Feb 20 08:25:08 np0005625199 proxy-server[125753]: 172.18.0.217 172.18.0.104 20/Feb/2026/08/25/08 GET /v1/AUTH_f6685cdb0ff24cddaeb987c63c89eafb/gnocchi.e90fbddf-dc03-482b-beb4-2b74f66e9e9f%3Fformat%3Djson%26states%3Dlisting HTTP/1.0 200 - python-swiftclient-3.11.1 gAAAAABpmBoK5Al1... - 2 - txfc98955bf3704345bbb59-0069981a64 - 0.0236 - - 1771575908.538401127 1771575908.561981678 0
Feb 20 08:25:08 np0005625199 object-server[124397]: 172.20.0.104 - - [20/Feb/2026:08:25:08 +0000] "GET /d1/743/AUTH_f6685cdb0ff24cddaeb987c63c89eafb/gnocchi.5cca5c28-86ea-4f83-8aa3-b2d82491acae/1771200000.0_mean_300.0_v3" 404 70 "GET http://172.18.0.217:8080/v1/AUTH_f6685cdb0ff24cddaeb987c63c89eafb/gnocchi.5cca5c28-86ea-4f83-8aa3-b2d82491acae/1771200000.0_mean_300.0_v3" "txc9fba62778a741a28cfed-0069981a64" "proxy-server 20" 0.0003 "-" 22 0
Feb 20 08:25:08 np0005625199 object-server[124403]: 172.20.0.105 - - [20/Feb/2026:08:25:08 +0000] "GET /d1/324/AUTH_f6685cdb0ff24cddaeb987c63c89eafb/gnocchi.a395e6c5-e154-4ae2-b48b-ce09e3fb3272/1771200000.0_mean_300.0_v3" 404 70 "GET http://172.18.0.217:8080/v1/AUTH_f6685cdb0ff24cddaeb987c63c89eafb/gnocchi.a395e6c5-e154-4ae2-b48b-ce09e3fb3272/1771200000.0_mean_300.0_v3" "txa685d7f001674c4fb7242-0069981a64" "proxy-server 20" 0.0006 "-" 23 0
Feb 20 08:25:08 np0005625199 object-server[124419]: 172.20.0.103 - - [20/Feb/2026:08:25:08 +0000] "GET /d1/604/AUTH_f6685cdb0ff24cddaeb987c63c89eafb/gnocchi.e90fbddf-dc03-482b-beb4-2b74f66e9e9f/1771200000.0_mean_300.0_v3" 404 70 "GET http://172.18.0.217:8080/v1/AUTH_f6685cdb0ff24cddaeb987c63c89eafb/gnocchi.e90fbddf-dc03-482b-beb4-2b74f66e9e9f/1771200000.0_mean_300.0_v3" "tx5654dd8061a74f63a6a59-0069981a64" "proxy-server 12" 0.0003 "-" 25 0
Feb 20 08:25:08 np0005625199 proxy-server[125753]: 172.18.0.217 172.18.0.104 20/Feb/2026/08/25/08 GET /v1/AUTH_f6685cdb0ff24cddaeb987c63c89eafb/gnocchi.e90fbddf-dc03-482b-beb4-2b74f66e9e9f/1771200000.0_mean_300.0_v3 HTTP/1.0 404 - python-swiftclient-3.11.1 gAAAAABpmBoK5Al1... - 70 - tx5654dd8061a74f63a6a59-0069981a64 - 0.0118 - - 1771575908.566887379 1771575908.578725100 0
Feb 20 08:25:08 np0005625199 container-server[123824]: 172.20.0.104 - - [20/Feb/2026:08:25:08 +0000] "PUT /d1/892/AUTH_f6685cdb0ff24cddaeb987c63c89eafb/gnocchi.5cca5c28-86ea-4f83-8aa3-b2d82491acae/1771200000.0_mean_300.0_v3" 201 - "PUT http://172.18.0.217:8080/d1/743/AUTH_f6685cdb0ff24cddaeb987c63c89eafb/gnocchi.5cca5c28-86ea-4f83-8aa3-b2d82491acae/1771200000.0_mean_300.0_v3" "txf3a34b5eb42a4d579a458-0069981a64" "object-server 25" 0.0008 "-" 23 0
Feb 20 08:25:08 np0005625199 object-server[124419]: 172.20.0.103 - - [20/Feb/2026:08:25:08 +0000] "PUT /d1/604/AUTH_f6685cdb0ff24cddaeb987c63c89eafb/gnocchi.e90fbddf-dc03-482b-beb4-2b74f66e9e9f/1771200000.0_mean_300.0_v3" 201 - "PUT http://172.18.0.217:8080/v1/AUTH_f6685cdb0ff24cddaeb987c63c89eafb/gnocchi.e90fbddf-dc03-482b-beb4-2b74f66e9e9f/1771200000.0_mean_300.0_v3" "txb0d76a827e904cff80e93-0069981a64" "proxy-server 12" 0.0113 "-" 25 0
Feb 20 08:25:08 np0005625199 object-server[124403]: 172.20.0.104 - - [20/Feb/2026:08:25:08 +0000] "PUT /d1/743/AUTH_f6685cdb0ff24cddaeb987c63c89eafb/gnocchi.5cca5c28-86ea-4f83-8aa3-b2d82491acae/1771200000.0_mean_300.0_v3" 201 - "PUT http://172.18.0.217:8080/v1/AUTH_f6685cdb0ff24cddaeb987c63c89eafb/gnocchi.5cca5c28-86ea-4f83-8aa3-b2d82491acae/1771200000.0_mean_300.0_v3" "txf3a34b5eb42a4d579a458-0069981a64" "proxy-server 20" 0.0129 "-" 23 0
Feb 20 08:25:08 np0005625199 container-server[123817]: 172.20.0.104 - - [20/Feb/2026:08:25:08 +0000] "PUT /d1/310/AUTH_f6685cdb0ff24cddaeb987c63c89eafb/gnocchi.e90fbddf-dc03-482b-beb4-2b74f66e9e9f/1771200000.0_mean_300.0_v3" 201 - "PUT http://172.18.0.217:8080/d1/604/AUTH_f6685cdb0ff24cddaeb987c63c89eafb/gnocchi.e90fbddf-dc03-482b-beb4-2b74f66e9e9f/1771200000.0_mean_300.0_v3" "txb0d76a827e904cff80e93-0069981a64" "object-server 24" 0.0009 "-" 22 0
Feb 20 08:25:08 np0005625199 container-server[123824]: 172.20.0.105 - - [20/Feb/2026:08:25:08 +0000] "PUT /d1/919/AUTH_f6685cdb0ff24cddaeb987c63c89eafb/gnocchi.a395e6c5-e154-4ae2-b48b-ce09e3fb3272/1771200000.0_mean_300.0_v3" 201 - "PUT http://172.18.0.217:8080/d1/324/AUTH_f6685cdb0ff24cddaeb987c63c89eafb/gnocchi.a395e6c5-e154-4ae2-b48b-ce09e3fb3272/1771200000.0_mean_300.0_v3" "tx0cd0ba66439a4899abd03-0069981a64" "object-server 24" 0.0005 "-" 23 0
Feb 20 08:25:08 np0005625199 proxy-server[125753]: 172.18.0.217 172.18.0.104 20/Feb/2026/08/25/08 PUT /v1/AUTH_f6685cdb0ff24cddaeb987c63c89eafb/gnocchi.e90fbddf-dc03-482b-beb4-2b74f66e9e9f/1771200000.0_mean_300.0_v3 HTTP/1.0 201 - python-swiftclient-3.11.1 gAAAAABpmBoK5Al1... 16 - - txb0d76a827e904cff80e93-0069981a64 - 0.0225 - - 1771575908.581563234 1771575908.604080200 0
Feb 20 08:25:08 np0005625199 object-server[124403]: 172.20.0.105 - - [20/Feb/2026:08:25:08 +0000] "PUT /d1/324/AUTH_f6685cdb0ff24cddaeb987c63c89eafb/gnocchi.a395e6c5-e154-4ae2-b48b-ce09e3fb3272/1771200000.0_mean_300.0_v3" 201 - "PUT http://172.18.0.217:8080/v1/AUTH_f6685cdb0ff24cddaeb987c63c89eafb/gnocchi.a395e6c5-e154-4ae2-b48b-ce09e3fb3272/1771200000.0_mean_300.0_v3" "tx0cd0ba66439a4899abd03-0069981a64" "proxy-server 20" 0.0126 "-" 23 0
Feb 20 08:25:08 np0005625199 container-server[123817]: 172.20.0.104 - - [20/Feb/2026:08:25:08 +0000] "PUT /d1/892/AUTH_f6685cdb0ff24cddaeb987c63c89eafb/gnocchi.5cca5c28-86ea-4f83-8aa3-b2d82491acae/none_v3" 201 - "PUT http://172.18.0.217:8080/d1/181/AUTH_f6685cdb0ff24cddaeb987c63c89eafb/gnocchi.5cca5c28-86ea-4f83-8aa3-b2d82491acae/none_v3" "tx1555bad00e9f499fa7443-0069981a64" "object-server 24" 0.0010 "-" 22 0
Feb 20 08:25:08 np0005625199 object-server[124419]: 172.20.0.104 - - [20/Feb/2026:08:25:08 +0000] "PUT /d1/181/AUTH_f6685cdb0ff24cddaeb987c63c89eafb/gnocchi.5cca5c28-86ea-4f83-8aa3-b2d82491acae/none_v3" 201 - "PUT http://172.18.0.217:8080/v1/AUTH_f6685cdb0ff24cddaeb987c63c89eafb/gnocchi.5cca5c28-86ea-4f83-8aa3-b2d82491acae/none_v3" "tx1555bad00e9f499fa7443-0069981a64" "proxy-server 20" 0.0176 "-" 25 0
Feb 20 08:25:08 np0005625199 object-server[124412]: 172.20.0.103 - - [20/Feb/2026:08:25:08 +0000] "PUT /d1/238/AUTH_f6685cdb0ff24cddaeb987c63c89eafb/gnocchi.e90fbddf-dc03-482b-beb4-2b74f66e9e9f/none_v3" 201 - "PUT http://172.18.0.217:8080/v1/AUTH_f6685cdb0ff24cddaeb987c63c89eafb/gnocchi.e90fbddf-dc03-482b-beb4-2b74f66e9e9f/none_v3" "txa7d101c2f5fb4af2aa00b-0069981a64" "proxy-server 12" 0.0127 "-" 24 0
Feb 20 08:25:08 np0005625199 container-server[123817]: 172.20.0.104 - - [20/Feb/2026:08:25:08 +0000] "PUT /d1/310/AUTH_f6685cdb0ff24cddaeb987c63c89eafb/gnocchi.e90fbddf-dc03-482b-beb4-2b74f66e9e9f/none_v3" 201 - "PUT http://172.18.0.217:8080/d1/238/AUTH_f6685cdb0ff24cddaeb987c63c89eafb/gnocchi.e90fbddf-dc03-482b-beb4-2b74f66e9e9f/none_v3" "txa7d101c2f5fb4af2aa00b-0069981a64" "object-server 24" 0.0009 "-" 22 0
Feb 20 08:25:08 np0005625199 proxy-server[125753]: 172.18.0.217 172.18.0.104 20/Feb/2026/08/25/08 PUT /v1/AUTH_f6685cdb0ff24cddaeb987c63c89eafb/gnocchi.e90fbddf-dc03-482b-beb4-2b74f66e9e9f/none_v3 HTTP/1.0 201 - python-swiftclient-3.11.1 gAAAAABpmBoK5Al1... 22 - - txa7d101c2f5fb4af2aa00b-0069981a64 - 0.0260 - - 1771575908.607853413 1771575908.633896589 0
Feb 20 08:25:08 np0005625199 container-server[123804]: 172.20.0.104 - - [20/Feb/2026:08:25:08 +0000] "PUT /d1/919/AUTH_f6685cdb0ff24cddaeb987c63c89eafb/gnocchi.a395e6c5-e154-4ae2-b48b-ce09e3fb3272/none_v3" 201 - "PUT http://172.18.0.217:8080/d1/917/AUTH_f6685cdb0ff24cddaeb987c63c89eafb/gnocchi.a395e6c5-e154-4ae2-b48b-ce09e3fb3272/none_v3" "txcc6fa6375ac648b5a4660-0069981a64" "object-server 23" 0.0013 "-" 20 0
Feb 20 08:25:08 np0005625199 object-server[124419]: 172.20.0.105 - - [20/Feb/2026:08:25:08 +0000] "PUT /d1/917/AUTH_f6685cdb0ff24cddaeb987c63c89eafb/gnocchi.a395e6c5-e154-4ae2-b48b-ce09e3fb3272/none_v3" 201 - "PUT http://172.18.0.217:8080/v1/AUTH_f6685cdb0ff24cddaeb987c63c89eafb/gnocchi.a395e6c5-e154-4ae2-b48b-ce09e3fb3272/none_v3" "txcc6fa6375ac648b5a4660-0069981a64" "proxy-server 20" 0.0147 "-" 25 0
Feb 20 08:25:08 np0005625199 container-server[123812]: 172.20.0.104 - - [20/Feb/2026:08:25:08 +0000] "HEAD /d1/498/AUTH_f6685cdb0ff24cddaeb987c63c89eafb/gnocchi.4473e413-f4cd-47ef-bd97-61b018841662" 404 - "HEAD http://172.18.0.217:8080/v1/AUTH_f6685cdb0ff24cddaeb987c63c89eafb/gnocchi.4473e413-f4cd-47ef-bd97-61b018841662?format=json&states=listing" "txd15e07a7dd174c54a947b-0069981a64" "proxy-server 20" 0.0006 "-" 21 0
Feb 20 08:25:08 np0005625199 container-server[123817]: 172.20.0.103 - - [20/Feb/2026:08:25:08 +0000] "HEAD /d1/275/AUTH_f6685cdb0ff24cddaeb987c63c89eafb/gnocchi.78f71700-ef08-4754-9e63-ec9dc16d8fcc" 404 - "HEAD http://172.18.0.217:8080/v1/AUTH_f6685cdb0ff24cddaeb987c63c89eafb/gnocchi.78f71700-ef08-4754-9e63-ec9dc16d8fcc?format=json&states=listing" "tx83cc7eff38af4f1787f77-0069981a64" "proxy-server 12" 0.0006 "-" 22 0
Feb 20 08:25:08 np0005625199 container-server[123817]: 172.20.0.105 - - [20/Feb/2026:08:25:08 +0000] "HEAD /d1/598/AUTH_f6685cdb0ff24cddaeb987c63c89eafb/gnocchi.02ed205e-8f27-4049-8c8e-06bd6d6fe2ee" 404 - "HEAD http://172.18.0.217:8080/v1/AUTH_f6685cdb0ff24cddaeb987c63c89eafb/gnocchi.02ed205e-8f27-4049-8c8e-06bd6d6fe2ee?format=json&states=listing" "txcfbd0043424948bd84b41-0069981a64" "proxy-server 20" 0.0007 "-" 22 0
Feb 20 08:25:08 np0005625199 object-server[124419]: 172.20.0.104 - - [20/Feb/2026:08:25:08 +0000] "GET /d1/538/AUTH_f6685cdb0ff24cddaeb987c63c89eafb/gnocchi.4473e413-f4cd-47ef-bd97-61b018841662/none_v3" 404 70 "GET http://172.18.0.217:8080/v1/AUTH_f6685cdb0ff24cddaeb987c63c89eafb/gnocchi.4473e413-f4cd-47ef-bd97-61b018841662/none_v3" "txd15e07a7dd174c54a947b-0069981a64" "proxy-server 20" 0.0004 "-" 25 0
Feb 20 08:25:08 np0005625199 object-server[124397]: 172.20.0.103 - - [20/Feb/2026:08:25:08 +0000] "GET /d1/517/AUTH_f6685cdb0ff24cddaeb987c63c89eafb/gnocchi.78f71700-ef08-4754-9e63-ec9dc16d8fcc/none_v3" 404 70 "GET http://172.18.0.217:8080/v1/AUTH_f6685cdb0ff24cddaeb987c63c89eafb/gnocchi.78f71700-ef08-4754-9e63-ec9dc16d8fcc/none_v3" "tx83cc7eff38af4f1787f77-0069981a64" "proxy-server 12" 0.0005 "-" 22 0
Feb 20 08:25:08 np0005625199 object-server[124412]: 172.20.0.105 - - [20/Feb/2026:08:25:08 +0000] "GET /d1/535/AUTH_f6685cdb0ff24cddaeb987c63c89eafb/gnocchi.02ed205e-8f27-4049-8c8e-06bd6d6fe2ee/none_v3" 404 70 "GET http://172.18.0.217:8080/v1/AUTH_f6685cdb0ff24cddaeb987c63c89eafb/gnocchi.02ed205e-8f27-4049-8c8e-06bd6d6fe2ee/none_v3" "txcfbd0043424948bd84b41-0069981a64" "proxy-server 20" 0.0004 "-" 24 0
Feb 20 08:25:08 np0005625199 proxy-server[125753]: 172.18.0.105 172.18.0.104 20/Feb/2026/08/25/08 GET /v1/AUTH_f6685cdb0ff24cddaeb987c63c89eafb/gnocchi.78f71700-ef08-4754-9e63-ec9dc16d8fcc/none_v3 HTTP/1.0 404 - python-swiftclient-3.11.1 gAAAAABpmBnhhvsV... - 70 - tx83cc7eff38af4f1787f77-0069981a64 - 0.0326 - - 1771575908.651570320 1771575908.684154987 0
Feb 20 08:25:08 np0005625199 container-server[123817]: 172.20.0.104 - - [20/Feb/2026:08:25:08 +0000] "PUT /d1/498/AUTH_f6685cdb0ff24cddaeb987c63c89eafb/gnocchi.4473e413-f4cd-47ef-bd97-61b018841662" 201 - "PUT http://172.18.0.217:8080/v1/AUTH_f6685cdb0ff24cddaeb987c63c89eafb/gnocchi.4473e413-f4cd-47ef-bd97-61b018841662" "txc4f551978e6f4d61a1df3-0069981a64" "proxy-server 20" 0.0208 "-" 22 0
Feb 20 08:25:08 np0005625199 account-server[123631]: 172.20.0.105 - - [20/Feb/2026:08:25:08 +0000] "PUT /d1/242/AUTH_f6685cdb0ff24cddaeb987c63c89eafb/gnocchi.4473e413-f4cd-47ef-bd97-61b018841662" 201 - "PUT http://172.20.0.105:6001/d1/498/AUTH_f6685cdb0ff24cddaeb987c63c89eafb/gnocchi.4473e413-f4cd-47ef-bd97-61b018841662" "txc4f551978e6f4d61a1df3-0069981a64" "container-server 20" 0.0050 "-" 20 0
Feb 20 08:25:08 np0005625199 container-server[123804]: 172.20.0.103 - - [20/Feb/2026:08:25:08 +0000] "PUT /d1/275/AUTH_f6685cdb0ff24cddaeb987c63c89eafb/gnocchi.78f71700-ef08-4754-9e63-ec9dc16d8fcc" 201 - "PUT http://172.18.0.217:8080/v1/AUTH_f6685cdb0ff24cddaeb987c63c89eafb/gnocchi.78f71700-ef08-4754-9e63-ec9dc16d8fcc" "txd8b41e19e76240e0b5894-0069981a64" "proxy-server 12" 0.0193 "-" 20 0
Feb 20 08:25:08 np0005625199 account-server[123650]: 172.20.0.105 - - [20/Feb/2026:08:25:08 +0000] "PUT /d1/242/AUTH_f6685cdb0ff24cddaeb987c63c89eafb/gnocchi.02ed205e-8f27-4049-8c8e-06bd6d6fe2ee" 201 - "PUT http://172.20.0.105:6001/d1/598/AUTH_f6685cdb0ff24cddaeb987c63c89eafb/gnocchi.02ed205e-8f27-4049-8c8e-06bd6d6fe2ee" "tx6f768c873ddb4e91a9fae-0069981a64" "container-server 23" 0.0063 "-" 22 0
Feb 20 08:25:08 np0005625199 container-server[123824]: 172.20.0.105 - - [20/Feb/2026:08:25:08 +0000] "PUT /d1/598/AUTH_f6685cdb0ff24cddaeb987c63c89eafb/gnocchi.02ed205e-8f27-4049-8c8e-06bd6d6fe2ee" 201 - "PUT http://172.18.0.217:8080/v1/AUTH_f6685cdb0ff24cddaeb987c63c89eafb/gnocchi.02ed205e-8f27-4049-8c8e-06bd6d6fe2ee" "tx6f768c873ddb4e91a9fae-0069981a64" "proxy-server 20" 0.0228 "-" 23 0
Feb 20 08:25:08 np0005625199 account-server[123650]: 172.20.0.104 - - [20/Feb/2026:08:25:08 +0000] "PUT /d1/242/AUTH_f6685cdb0ff24cddaeb987c63c89eafb/gnocchi.78f71700-ef08-4754-9e63-ec9dc16d8fcc" 201 - "PUT http://172.20.0.104:6001/d1/275/AUTH_f6685cdb0ff24cddaeb987c63c89eafb/gnocchi.78f71700-ef08-4754-9e63-ec9dc16d8fcc" "txd8b41e19e76240e0b5894-0069981a64" "container-server 23" 0.0046 "-" 22 0
Feb 20 08:25:08 np0005625199 proxy-server[125753]: 172.18.0.105 172.18.0.104 20/Feb/2026/08/25/08 PUT /v1/AUTH_f6685cdb0ff24cddaeb987c63c89eafb/gnocchi.78f71700-ef08-4754-9e63-ec9dc16d8fcc HTTP/1.0 201 - python-swiftclient-3.11.1 gAAAAABpmBnhhvsV... - - - txd8b41e19e76240e0b5894-0069981a64 - 0.0429 - - 1771575908.688334227 1771575908.731186867 0
Feb 20 08:25:08 np0005625199 container-server[123824]: 172.20.0.105 - - [20/Feb/2026:08:25:08 +0000] "HEAD /d1/598/AUTH_f6685cdb0ff24cddaeb987c63c89eafb/gnocchi.02ed205e-8f27-4049-8c8e-06bd6d6fe2ee" 204 - "HEAD http://172.18.0.217:8080/v1/AUTH_f6685cdb0ff24cddaeb987c63c89eafb/gnocchi.02ed205e-8f27-4049-8c8e-06bd6d6fe2ee?format=json&states=listing" "tx98af7e311a084c6aad181-0069981a64" "proxy-server 20" 0.0024 "-" 23 0
Feb 20 08:25:08 np0005625199 proxy-server[125753]: - - 20/Feb/2026/08/25/08 HEAD /v1/AUTH_f6685cdb0ff24cddaeb987c63c89eafb/gnocchi.78f71700-ef08-4754-9e63-ec9dc16d8fcc%3Fformat%3Djson%26states%3Dlisting HTTP/1.0 204 - Swift - - - - tx5686bddf46d14a66a29b9-0069981a64 - 0.0090 RL - 1771575908.738417149 1771575908.747416735 0
Feb 20 08:25:08 np0005625199 object-server[124412]: 172.20.0.104 - - [20/Feb/2026:08:25:08 +0000] "GET /d1/18/AUTH_f6685cdb0ff24cddaeb987c63c89eafb/gnocchi.4473e413-f4cd-47ef-bd97-61b018841662/1771200000.0_mean_300.0_v3" 404 70 "GET http://172.18.0.217:8080/v1/AUTH_f6685cdb0ff24cddaeb987c63c89eafb/gnocchi.4473e413-f4cd-47ef-bd97-61b018841662/1771200000.0_mean_300.0_v3" "txe5ead93439024cfb856d0-0069981a64" "proxy-server 20" 0.0005 "-" 24 0
Feb 20 08:25:08 np0005625199 container-server[123817]: 172.20.0.105 - - [20/Feb/2026:08:25:08 +0000] "GET /d1/598/AUTH_f6685cdb0ff24cddaeb987c63c89eafb/gnocchi.02ed205e-8f27-4049-8c8e-06bd6d6fe2ee" 200 2 "GET http://172.18.0.217:8080/v1/AUTH_f6685cdb0ff24cddaeb987c63c89eafb/gnocchi.02ed205e-8f27-4049-8c8e-06bd6d6fe2ee?format=json&states=listing" "tx98af7e311a084c6aad181-0069981a64" "proxy-server 20" 0.0038 "-" 22 0
Feb 20 08:25:08 np0005625199 container-server[123812]: 172.20.0.103 - - [20/Feb/2026:08:25:08 +0000] "GET /d1/275/AUTH_f6685cdb0ff24cddaeb987c63c89eafb/gnocchi.78f71700-ef08-4754-9e63-ec9dc16d8fcc" 200 2 "GET http://172.18.0.217:8080/v1/AUTH_f6685cdb0ff24cddaeb987c63c89eafb/gnocchi.78f71700-ef08-4754-9e63-ec9dc16d8fcc?format=json&states=listing" "tx5686bddf46d14a66a29b9-0069981a64" "proxy-server 12" 0.0038 "-" 21 0
Feb 20 08:25:08 np0005625199 proxy-server[125753]: 172.18.0.105 172.18.0.104 20/Feb/2026/08/25/08 GET /v1/AUTH_f6685cdb0ff24cddaeb987c63c89eafb/gnocchi.78f71700-ef08-4754-9e63-ec9dc16d8fcc%3Fformat%3Djson%26states%3Dlisting HTTP/1.0 200 - python-swiftclient-3.11.1 gAAAAABpmBnhhvsV... - 2 - tx5686bddf46d14a66a29b9-0069981a64 - 0.0248 - - 1771575908.736362934 1771575908.761133909 0
Feb 20 08:25:08 np0005625199 object-server[124397]: 172.20.0.103 - - [20/Feb/2026:08:25:08 +0000] "GET /d1/21/AUTH_f6685cdb0ff24cddaeb987c63c89eafb/gnocchi.78f71700-ef08-4754-9e63-ec9dc16d8fcc/1771200000.0_mean_300.0_v3" 404 70 "GET http://172.18.0.217:8080/v1/AUTH_f6685cdb0ff24cddaeb987c63c89eafb/gnocchi.78f71700-ef08-4754-9e63-ec9dc16d8fcc/1771200000.0_mean_300.0_v3" "txa92accca45fc46b8bf4a4-0069981a64" "proxy-server 12" 0.0005 "-" 22 0
Feb 20 08:25:08 np0005625199 object-server[124419]: 172.20.0.105 - - [20/Feb/2026:08:25:08 +0000] "GET /d1/600/AUTH_f6685cdb0ff24cddaeb987c63c89eafb/gnocchi.02ed205e-8f27-4049-8c8e-06bd6d6fe2ee/1771200000.0_mean_300.0_v3" 404 70 "GET http://172.18.0.217:8080/v1/AUTH_f6685cdb0ff24cddaeb987c63c89eafb/gnocchi.02ed205e-8f27-4049-8c8e-06bd6d6fe2ee/1771200000.0_mean_300.0_v3" "tx3a64795dd2014973962f8-0069981a64" "proxy-server 20" 0.0004 "-" 25 0
Feb 20 08:25:08 np0005625199 container-server[123824]: 172.20.0.105 - - [20/Feb/2026:08:25:08 +0000] "PUT /d1/498/AUTH_f6685cdb0ff24cddaeb987c63c89eafb/gnocchi.4473e413-f4cd-47ef-bd97-61b018841662/1771200000.0_mean_300.0_v3" 201 - "PUT http://172.18.0.217:8080/d1/18/AUTH_f6685cdb0ff24cddaeb987c63c89eafb/gnocchi.4473e413-f4cd-47ef-bd97-61b018841662/1771200000.0_mean_300.0_v3" "tx0780de6af77c4df18c32b-0069981a64" "object-server 23" 0.0013 "-" 23 0
Feb 20 08:25:08 np0005625199 object-server[124419]: 172.20.0.104 - - [20/Feb/2026:08:25:08 +0000] "PUT /d1/18/AUTH_f6685cdb0ff24cddaeb987c63c89eafb/gnocchi.4473e413-f4cd-47ef-bd97-61b018841662/1771200000.0_mean_300.0_v3" 201 - "PUT http://172.18.0.217:8080/v1/AUTH_f6685cdb0ff24cddaeb987c63c89eafb/gnocchi.4473e413-f4cd-47ef-bd97-61b018841662/1771200000.0_mean_300.0_v3" "tx0780de6af77c4df18c32b-0069981a64" "proxy-server 20" 0.0137 "-" 25 0
Feb 20 08:25:08 np0005625199 proxy-server[125753]: 172.18.0.105 172.18.0.104 20/Feb/2026/08/25/08 GET /v1/AUTH_f6685cdb0ff24cddaeb987c63c89eafb/gnocchi.78f71700-ef08-4754-9e63-ec9dc16d8fcc/1771200000.0_mean_300.0_v3 HTTP/1.0 404 - python-swiftclient-3.11.1 gAAAAABpmBnhhvsV... - 70 - txa92accca45fc46b8bf4a4-0069981a64 - 0.0205 - - 1771575908.765922785 1771575908.786423445 0
Feb 20 08:25:08 np0005625199 container-server[123804]: 172.20.0.103 - - [20/Feb/2026:08:25:08 +0000] "PUT /d1/275/AUTH_f6685cdb0ff24cddaeb987c63c89eafb/gnocchi.78f71700-ef08-4754-9e63-ec9dc16d8fcc/1771200000.0_mean_300.0_v3" 201 - "PUT http://172.18.0.217:8080/d1/21/AUTH_f6685cdb0ff24cddaeb987c63c89eafb/gnocchi.78f71700-ef08-4754-9e63-ec9dc16d8fcc/1771200000.0_mean_300.0_v3" "tx6f55f7805ef74c9282307-0069981a64" "object-server 24" 0.0009 "-" 20 0
Feb 20 08:25:08 np0005625199 object-server[124412]: 172.20.0.105 - - [20/Feb/2026:08:25:08 +0000] "PUT /d1/21/AUTH_f6685cdb0ff24cddaeb987c63c89eafb/gnocchi.78f71700-ef08-4754-9e63-ec9dc16d8fcc/1771200000.0_mean_300.0_v3" 201 - "PUT http://172.18.0.217:8080/v1/AUTH_f6685cdb0ff24cddaeb987c63c89eafb/gnocchi.78f71700-ef08-4754-9e63-ec9dc16d8fcc/1771200000.0_mean_300.0_v3" "tx6f55f7805ef74c9282307-0069981a64" "proxy-server 20" 0.0145 "-" 24 0
Feb 20 08:25:08 np0005625199 container-server[123804]: 172.20.0.103 - - [20/Feb/2026:08:25:08 +0000] "PUT /d1/498/AUTH_f6685cdb0ff24cddaeb987c63c89eafb/gnocchi.4473e413-f4cd-47ef-bd97-61b018841662/none_v3" 201 - "PUT http://172.18.0.217:8080/d1/538/AUTH_f6685cdb0ff24cddaeb987c63c89eafb/gnocchi.4473e413-f4cd-47ef-bd97-61b018841662/none_v3" "tx926c78f75ec3401fa4906-0069981a64" "object-server 23" 0.0006 "-" 20 0
Feb 20 08:25:08 np0005625199 container-server[123824]: 172.20.0.103 - - [20/Feb/2026:08:25:08 +0000] "PUT /d1/598/AUTH_f6685cdb0ff24cddaeb987c63c89eafb/gnocchi.02ed205e-8f27-4049-8c8e-06bd6d6fe2ee/1771200000.0_mean_300.0_v3" 201 - "PUT http://172.18.0.217:8080/d1/600/AUTH_f6685cdb0ff24cddaeb987c63c89eafb/gnocchi.02ed205e-8f27-4049-8c8e-06bd6d6fe2ee/1771200000.0_mean_300.0_v3" "tx3d8b4ed04f184ac4ab122-0069981a64" "object-server 22" 0.0012 "-" 23 0
Feb 20 08:25:08 np0005625199 object-server[124403]: 172.20.0.104 - - [20/Feb/2026:08:25:08 +0000] "PUT /d1/538/AUTH_f6685cdb0ff24cddaeb987c63c89eafb/gnocchi.4473e413-f4cd-47ef-bd97-61b018841662/none_v3" 201 - "PUT http://172.18.0.217:8080/v1/AUTH_f6685cdb0ff24cddaeb987c63c89eafb/gnocchi.4473e413-f4cd-47ef-bd97-61b018841662/none_v3" "tx926c78f75ec3401fa4906-0069981a64" "proxy-server 20" 0.0170 "-" 23 0
Feb 20 08:25:08 np0005625199 object-server[124397]: 172.20.0.103 - - [20/Feb/2026:08:25:08 +0000] "PUT /d1/600/AUTH_f6685cdb0ff24cddaeb987c63c89eafb/gnocchi.02ed205e-8f27-4049-8c8e-06bd6d6fe2ee/1771200000.0_mean_300.0_v3" 201 - "PUT http://172.18.0.217:8080/v1/AUTH_f6685cdb0ff24cddaeb987c63c89eafb/gnocchi.02ed205e-8f27-4049-8c8e-06bd6d6fe2ee/1771200000.0_mean_300.0_v3" "tx3d8b4ed04f184ac4ab122-0069981a64" "proxy-server 12" 0.0150 "-" 22 0
Feb 20 08:25:08 np0005625199 proxy-server[125753]: 172.18.0.217 172.18.0.104 20/Feb/2026/08/25/08 PUT /v1/AUTH_f6685cdb0ff24cddaeb987c63c89eafb/gnocchi.02ed205e-8f27-4049-8c8e-06bd6d6fe2ee/1771200000.0_mean_300.0_v3 HTTP/1.0 201 - python-swiftclient-3.11.1 gAAAAABpmBoK5Al1... 16 - - tx3d8b4ed04f184ac4ab122-0069981a64 - 0.0363 - - 1771575908.790592909 1771575908.826890707 0
Feb 20 08:25:08 np0005625199 container-server[123817]: 172.20.0.103 - - [20/Feb/2026:08:25:08 +0000] "PUT /d1/275/AUTH_f6685cdb0ff24cddaeb987c63c89eafb/gnocchi.78f71700-ef08-4754-9e63-ec9dc16d8fcc/none_v3" 201 - "PUT http://172.18.0.217:8080/d1/517/AUTH_f6685cdb0ff24cddaeb987c63c89eafb/gnocchi.78f71700-ef08-4754-9e63-ec9dc16d8fcc/none_v3" "tx7f115a42f44941189f737-0069981a64" "object-server 25" 0.0008 "-" 22 0
Feb 20 08:25:08 np0005625199 object-server[124419]: 172.20.0.105 - - [20/Feb/2026:08:25:08 +0000] "PUT /d1/517/AUTH_f6685cdb0ff24cddaeb987c63c89eafb/gnocchi.78f71700-ef08-4754-9e63-ec9dc16d8fcc/none_v3" 201 - "PUT http://172.18.0.217:8080/v1/AUTH_f6685cdb0ff24cddaeb987c63c89eafb/gnocchi.78f71700-ef08-4754-9e63-ec9dc16d8fcc/none_v3" "tx7f115a42f44941189f737-0069981a64" "proxy-server 20" 0.0148 "-" 25 0
Feb 20 08:25:08 np0005625199 container-server[123817]: 172.20.0.103 - - [20/Feb/2026:08:25:08 +0000] "PUT /d1/598/AUTH_f6685cdb0ff24cddaeb987c63c89eafb/gnocchi.02ed205e-8f27-4049-8c8e-06bd6d6fe2ee/none_v3" 201 - "PUT http://172.18.0.217:8080/d1/535/AUTH_f6685cdb0ff24cddaeb987c63c89eafb/gnocchi.02ed205e-8f27-4049-8c8e-06bd6d6fe2ee/none_v3" "tx4abb1c17638d484f964fb-0069981a64" "object-server 24" 0.0009 "-" 22 0
Feb 20 08:25:08 np0005625199 object-server[124412]: 172.20.0.104 - - [20/Feb/2026:08:25:08 +0000] "PUT /d1/535/AUTH_f6685cdb0ff24cddaeb987c63c89eafb/gnocchi.02ed205e-8f27-4049-8c8e-06bd6d6fe2ee/none_v3" 201 - "PUT http://172.18.0.217:8080/v1/AUTH_f6685cdb0ff24cddaeb987c63c89eafb/gnocchi.02ed205e-8f27-4049-8c8e-06bd6d6fe2ee/none_v3" "tx4abb1c17638d484f964fb-0069981a64" "proxy-server 20" 0.0131 "-" 24 0
Feb 20 08:25:08 np0005625199 container-server[123804]: 172.20.0.105 - - [20/Feb/2026:08:25:08 +0000] "HEAD /d1/49/AUTH_f6685cdb0ff24cddaeb987c63c89eafb/gnocchi.d8f39d30-d995-437e-9b34-0ff4c23179a2" 404 - "HEAD http://172.18.0.217:8080/v1/AUTH_f6685cdb0ff24cddaeb987c63c89eafb/gnocchi.d8f39d30-d995-437e-9b34-0ff4c23179a2?format=json&states=listing" "txc593812d8380484990578-0069981a64" "proxy-server 20" 0.0006 "-" 20 0
