Oct 13 07:50:12 standalone proxy-server[126572]: 172.18.0.2 ::1 13/Oct/2025/07/50/12 PUT /v1/AUTH_3fd836c1830440ab81ef373a36d676fd/gnocchi.6a7c851d-a348-4bb5-8eea-e65a93e4241f HTTP/1.0 201 - python-swiftclient-3.11.1 gAAAAABo7K7sUwfT... - - - txc6c36972dcd14a94a21b4-0068ecaf34 - 0.0319 - - 1760341812.568722963 1760341812.600610971 0
Oct 13 07:50:12 standalone container-server[124404]: 172.20.0.100 - - [13/Oct/2025:07:50:12 +0000] "HEAD /d1/623/AUTH_3fd836c1830440ab81ef373a36d676fd/gnocchi.6a7c851d-a348-4bb5-8eea-e65a93e4241f" 204 - "HEAD http://localhost:8080/v1/AUTH_3fd836c1830440ab81ef373a36d676fd/gnocchi.6a7c851d-a348-4bb5-8eea-e65a93e4241f?format=json&states=listing" "tx0ee0804e9e454ba5830c3-0068ecaf34" "proxy-server 21" 0.0021 "-" 20 0
Oct 13 07:50:12 standalone proxy-server[126572]: - - 13/Oct/2025/07/50/12 HEAD /v1/AUTH_3fd836c1830440ab81ef373a36d676fd/gnocchi.6a7c851d-a348-4bb5-8eea-e65a93e4241f%3Fformat%3Djson%26states%3Dlisting HTTP/1.0 204 - Swift - - - - tx0ee0804e9e454ba5830c3-0068ecaf34 - 0.0077 RL - 1760341812.612679958 1760341812.620335340 0
Oct 13 07:50:12 standalone container-server[124407]: 172.20.0.100 - - [13/Oct/2025:07:50:12 +0000] "GET /d1/623/AUTH_3fd836c1830440ab81ef373a36d676fd/gnocchi.6a7c851d-a348-4bb5-8eea-e65a93e4241f" 200 2 "GET http://localhost:8080/v1/AUTH_3fd836c1830440ab81ef373a36d676fd/gnocchi.6a7c851d-a348-4bb5-8eea-e65a93e4241f?format=json&states=listing" "tx0ee0804e9e454ba5830c3-0068ecaf34" "proxy-server 21" 0.0021 "-" 21 0
Oct 13 07:50:12 standalone proxy-server[126572]: 172.18.0.2 ::1 13/Oct/2025/07/50/12 GET /v1/AUTH_3fd836c1830440ab81ef373a36d676fd/gnocchi.6a7c851d-a348-4bb5-8eea-e65a93e4241f%3Fformat%3Djson%26states%3Dlisting HTTP/1.0 200 - python-swiftclient-3.11.1 gAAAAABo7K7sUwfT... - 2 - tx0ee0804e9e454ba5830c3-0068ecaf34 - 0.0241 - - 1760341812.611552477 1760341812.635625362 0
Oct 13 07:50:12 standalone object-server[124536]: 172.20.0.100 - - [13/Oct/2025:07:50:12 +0000] "GET /d1/784/AUTH_3fd836c1830440ab81ef373a36d676fd/gnocchi.6a7c851d-a348-4bb5-8eea-e65a93e4241f/1759320000.0_mean_300.0_v3" 404 70 "GET http://localhost:8080/v1/AUTH_3fd836c1830440ab81ef373a36d676fd/gnocchi.6a7c851d-a348-4bb5-8eea-e65a93e4241f/1759320000.0_mean_300.0_v3" "tx29b34ab14b44463084ef8-0068ecaf34" "proxy-server 21" 0.0006 "-" 20 0
Oct 13 07:50:12 standalone proxy-server[126572]: 172.18.0.2 ::1 13/Oct/2025/07/50/12 GET /v1/AUTH_3fd836c1830440ab81ef373a36d676fd/gnocchi.6a7c851d-a348-4bb5-8eea-e65a93e4241f/1759320000.0_mean_300.0_v3 HTTP/1.0 404 - python-swiftclient-3.11.1 gAAAAABo7K7sUwfT... - 70 - tx29b34ab14b44463084ef8-0068ecaf34 - 0.0068 - - 1760341812.650480747 1760341812.657252073 0
Oct 13 07:50:12 standalone container-server[124409]: 172.20.0.100 - - [13/Oct/2025:07:50:12 +0000] "PUT /d1/623/AUTH_3fd836c1830440ab81ef373a36d676fd/gnocchi.6a7c851d-a348-4bb5-8eea-e65a93e4241f/1759320000.0_mean_300.0_v3" 201 - "PUT http://localhost:8080/d1/784/AUTH_3fd836c1830440ab81ef373a36d676fd/gnocchi.6a7c851d-a348-4bb5-8eea-e65a93e4241f/1759320000.0_mean_300.0_v3" "tx19f90eb62a8b45c7afaeb-0068ecaf34" "object-server 19" 0.0007 "-" 22 0
Oct 13 07:50:12 standalone object-server[124535]: 172.20.0.100 - - [13/Oct/2025:07:50:12 +0000] "PUT /d1/784/AUTH_3fd836c1830440ab81ef373a36d676fd/gnocchi.6a7c851d-a348-4bb5-8eea-e65a93e4241f/1759320000.0_mean_300.0_v3" 201 - "PUT http://localhost:8080/v1/AUTH_3fd836c1830440ab81ef373a36d676fd/gnocchi.6a7c851d-a348-4bb5-8eea-e65a93e4241f/1759320000.0_mean_300.0_v3" "tx19f90eb62a8b45c7afaeb-0068ecaf34" "proxy-server 21" 0.0101 "-" 19 0
Oct 13 07:50:12 standalone proxy-server[126572]: 172.18.0.2 ::1 13/Oct/2025/07/50/12 PUT /v1/AUTH_3fd836c1830440ab81ef373a36d676fd/gnocchi.6a7c851d-a348-4bb5-8eea-e65a93e4241f/1759320000.0_mean_300.0_v3 HTTP/1.0 201 - python-swiftclient-3.11.1 gAAAAABo7K7sUwfT... 16 - - tx19f90eb62a8b45c7afaeb-0068ecaf34 - 0.0156 - - 1760341812.660800934 1760341812.676401377 0
Oct 13 07:50:12 standalone container-server[124409]: 172.20.0.100 - - [13/Oct/2025:07:50:12 +0000] "PUT /d1/623/AUTH_3fd836c1830440ab81ef373a36d676fd/gnocchi.6a7c851d-a348-4bb5-8eea-e65a93e4241f/none_v3" 201 - "PUT http://localhost:8080/d1/371/AUTH_3fd836c1830440ab81ef373a36d676fd/gnocchi.6a7c851d-a348-4bb5-8eea-e65a93e4241f/none_v3" "tx75a6ec90581c427babe2f-0068ecaf34" "object-server 21" 0.0003 "-" 22 0
Oct 13 07:50:12 standalone object-server[124537]: 172.20.0.100 - - [13/Oct/2025:07:50:12 +0000] "PUT /d1/371/AUTH_3fd836c1830440ab81ef373a36d676fd/gnocchi.6a7c851d-a348-4bb5-8eea-e65a93e4241f/none_v3" 201 - "PUT http://localhost:8080/v1/AUTH_3fd836c1830440ab81ef373a36d676fd/gnocchi.6a7c851d-a348-4bb5-8eea-e65a93e4241f/none_v3" "tx75a6ec90581c427babe2f-0068ecaf34" "proxy-server 21" 0.0162 "-" 21 0
Oct 13 07:50:12 standalone proxy-server[126572]: 172.18.0.2 ::1 13/Oct/2025/07/50/12 PUT /v1/AUTH_3fd836c1830440ab81ef373a36d676fd/gnocchi.6a7c851d-a348-4bb5-8eea-e65a93e4241f/none_v3 HTTP/1.0 201 - python-swiftclient-3.11.1 gAAAAABo7K7sUwfT... 22 - - tx75a6ec90581c427babe2f-0068ecaf34 - 0.0247 - - 1760341812.682916164 1760341812.707651854 0
Oct 13 07:50:12 standalone container-server[124407]: 172.20.0.100 - - [13/Oct/2025:07:50:12 +0000] "HEAD /d1/598/AUTH_3fd836c1830440ab81ef373a36d676fd/gnocchi.4ff94089-0856-4428-90ce-41632a76bef1" 404 - "HEAD http://localhost:8080/v1/AUTH_3fd836c1830440ab81ef373a36d676fd/gnocchi.4ff94089-0856-4428-90ce-41632a76bef1?format=json&states=listing" "tx663121e2f1cb4b11a57fc-0068ecaf34" "proxy-server 21" 0.0008 "-" 21 0
Oct 13 07:50:12 standalone object-server[124537]: 172.20.0.100 - - [13/Oct/2025:07:50:12 +0000] "GET /d1/482/AUTH_3fd836c1830440ab81ef373a36d676fd/gnocchi.4ff94089-0856-4428-90ce-41632a76bef1/none_v3" 404 70 "GET http://localhost:8080/v1/AUTH_3fd836c1830440ab81ef373a36d676fd/gnocchi.4ff94089-0856-4428-90ce-41632a76bef1/none_v3" "tx663121e2f1cb4b11a57fc-0068ecaf34" "proxy-server 21" 0.0009 "-" 21 0
Oct 13 07:50:12 standalone proxy-server[126572]: 172.18.0.2 ::1 13/Oct/2025/07/50/12 GET /v1/AUTH_3fd836c1830440ab81ef373a36d676fd/gnocchi.4ff94089-0856-4428-90ce-41632a76bef1/none_v3 HTTP/1.0 404 - python-swiftclient-3.11.1 gAAAAABo7K7sUwfT... - 70 - tx663121e2f1cb4b11a57fc-0068ecaf34 - 0.0125 - - 1760341812.738889694 1760341812.751348019 0
Oct 13 07:50:12 standalone account-server[124306]: 172.20.0.100 - - [13/Oct/2025:07:50:12 +0000] "PUT /d1/98/AUTH_3fd836c1830440ab81ef373a36d676fd/gnocchi.4ff94089-0856-4428-90ce-41632a76bef1" 201 - "PUT http://172.20.0.100:6001/d1/598/AUTH_3fd836c1830440ab81ef373a36d676fd/gnocchi.4ff94089-0856-4428-90ce-41632a76bef1" "tx12670d162d4441608c186-0068ecaf34" "container-server 21" 0.0076 "-" 20 0
Oct 13 07:50:12 standalone container-server[124407]: 172.20.0.100 - - [13/Oct/2025:07:50:12 +0000] "PUT /d1/598/AUTH_3fd836c1830440ab81ef373a36d676fd/gnocchi.4ff94089-0856-4428-90ce-41632a76bef1" 201 - "PUT http://localhost:8080/v1/AUTH_3fd836c1830440ab81ef373a36d676fd/gnocchi.4ff94089-0856-4428-90ce-41632a76bef1" "tx12670d162d4441608c186-0068ecaf34" "proxy-server 21" 0.0219 "-" 21 0
Oct 13 07:50:12 standalone proxy-server[126572]: 172.18.0.2 ::1 13/Oct/2025/07/50/12 PUT /v1/AUTH_3fd836c1830440ab81ef373a36d676fd/gnocchi.4ff94089-0856-4428-90ce-41632a76bef1 HTTP/1.0 201 - python-swiftclient-3.11.1 gAAAAABo7K7sUwfT... - - - tx12670d162d4441608c186-0068ecaf34 - 0.0277 - - 1760341812.759273767 1760341812.787013769 0
Oct 13 07:50:12 standalone container-server[124407]: 172.20.0.100 - - [13/Oct/2025:07:50:12 +0000] "HEAD /d1/598/AUTH_3fd836c1830440ab81ef373a36d676fd/gnocchi.4ff94089-0856-4428-90ce-41632a76bef1" 204 - "HEAD http://localhost:8080/v1/AUTH_3fd836c1830440ab81ef373a36d676fd/gnocchi.4ff94089-0856-4428-90ce-41632a76bef1?format=json&states=listing" "txd14b491cae894fb788f06-0068ecaf34" "proxy-server 21" 0.0014 "-" 21 0
Oct 13 07:50:12 standalone proxy-server[126572]: - - 13/Oct/2025/07/50/12 HEAD /v1/AUTH_3fd836c1830440ab81ef373a36d676fd/gnocchi.4ff94089-0856-4428-90ce-41632a76bef1%3Fformat%3Djson%26states%3Dlisting HTTP/1.0 204 - Swift - - - - txd14b491cae894fb788f06-0068ecaf34 - 0.0094 RL - 1760341812.792903662 1760341812.802270889 0
Oct 13 07:50:12 standalone container-server[124404]: 172.20.0.100 - - [13/Oct/2025:07:50:12 +0000] "GET /d1/598/AUTH_3fd836c1830440ab81ef373a36d676fd/gnocchi.4ff94089-0856-4428-90ce-41632a76bef1" 200 2 "GET http://localhost:8080/v1/AUTH_3fd836c1830440ab81ef373a36d676fd/gnocchi.4ff94089-0856-4428-90ce-41632a76bef1?format=json&states=listing" "txd14b491cae894fb788f06-0068ecaf34" "proxy-server 21" 0.0024 "-" 20 0
Oct 13 07:50:12 standalone proxy-server[126572]: 172.18.0.2 ::1 13/Oct/2025/07/50/12 GET /v1/AUTH_3fd836c1830440ab81ef373a36d676fd/gnocchi.4ff94089-0856-4428-90ce-41632a76bef1%3Fformat%3Djson%26states%3Dlisting HTTP/1.0 200 - python-swiftclient-3.11.1 gAAAAABo7K7sUwfT... - 2 - txd14b491cae894fb788f06-0068ecaf34 - 0.0186 - - 1760341812.791512489 1760341812.810098648 0
Oct 13 07:50:12 standalone object-server[124535]: 172.20.0.100 - - [13/Oct/2025:07:50:12 +0000] "GET /d1/627/AUTH_3fd836c1830440ab81ef373a36d676fd/gnocchi.4ff94089-0856-4428-90ce-41632a76bef1/1759320000.0_mean_300.0_v3" 404 70 "GET http://localhost:8080/v1/AUTH_3fd836c1830440ab81ef373a36d676fd/gnocchi.4ff94089-0856-4428-90ce-41632a76bef1/1759320000.0_mean_300.0_v3" "tx3825a2f1a181496e9b94b-0068ecaf34" "proxy-server 21" 0.0005 "-" 19 0
Oct 13 07:50:12 standalone proxy-server[126572]: 172.18.0.2 ::1 13/Oct/2025/07/50/12 GET /v1/AUTH_3fd836c1830440ab81ef373a36d676fd/gnocchi.4ff94089-0856-4428-90ce-41632a76bef1/1759320000.0_mean_300.0_v3 HTTP/1.0 404 - python-swiftclient-3.11.1 gAAAAABo7K7sUwfT... - 70 - tx3825a2f1a181496e9b94b-0068ecaf34 - 0.0053 - - 1760341812.815465689 1760341812.820815563 0
Oct 13 07:50:12 standalone container-server[124409]: 172.20.0.100 - - [13/Oct/2025:07:50:12 +0000] "PUT /d1/598/AUTH_3fd836c1830440ab81ef373a36d676fd/gnocchi.4ff94089-0856-4428-90ce-41632a76bef1/1759320000.0_mean_300.0_v3" 201 - "PUT http://localhost:8080/d1/627/AUTH_3fd836c1830440ab81ef373a36d676fd/gnocchi.4ff94089-0856-4428-90ce-41632a76bef1/1759320000.0_mean_300.0_v3" "tx21dd12c1fb5b4e4c8af54-0068ecaf34" "object-server 21" 0.0008 "-" 22 0
Oct 13 07:50:12 standalone object-server[124537]: 172.20.0.100 - - [13/Oct/2025:07:50:12 +0000] "PUT /d1/627/AUTH_3fd836c1830440ab81ef373a36d676fd/gnocchi.4ff94089-0856-4428-90ce-41632a76bef1/1759320000.0_mean_300.0_v3" 201 - "PUT http://localhost:8080/v1/AUTH_3fd836c1830440ab81ef373a36d676fd/gnocchi.4ff94089-0856-4428-90ce-41632a76bef1/1759320000.0_mean_300.0_v3" "tx21dd12c1fb5b4e4c8af54-0068ecaf34" "proxy-server 21" 0.0116 "-" 21 0
Oct 13 07:50:12 standalone proxy-server[126572]: 172.18.0.2 ::1 13/Oct/2025/07/50/12 PUT /v1/AUTH_3fd836c1830440ab81ef373a36d676fd/gnocchi.4ff94089-0856-4428-90ce-41632a76bef1/1759320000.0_mean_300.0_v3 HTTP/1.0 201 - python-swiftclient-3.11.1 gAAAAABo7K7sUwfT... 16 - - tx21dd12c1fb5b4e4c8af54-0068ecaf34 - 0.0277 - - 1760341812.823730946 1760341812.851455927 0
Oct 13 07:50:12 standalone container-server[124409]: 172.20.0.100 - - [13/Oct/2025:07:50:12 +0000] "PUT /d1/598/AUTH_3fd836c1830440ab81ef373a36d676fd/gnocchi.4ff94089-0856-4428-90ce-41632a76bef1/none_v3" 201 - "PUT http://localhost:8080/d1/482/AUTH_3fd836c1830440ab81ef373a36d676fd/gnocchi.4ff94089-0856-4428-90ce-41632a76bef1/none_v3" "txc0a9258215984005ba31b-0068ecaf34" "object-server 18" 0.0005 "-" 22 0
Oct 13 07:50:12 standalone object-server[124534]: 172.20.0.100 - - [13/Oct/2025:07:50:12 +0000] "PUT /d1/482/AUTH_3fd836c1830440ab81ef373a36d676fd/gnocchi.4ff94089-0856-4428-90ce-41632a76bef1/none_v3" 201 - "PUT http://localhost:8080/v1/AUTH_3fd836c1830440ab81ef373a36d676fd/gnocchi.4ff94089-0856-4428-90ce-41632a76bef1/none_v3" "txc0a9258215984005ba31b-0068ecaf34" "proxy-server 21" 0.0097 "-" 18 0
Oct 13 07:50:12 standalone proxy-server[126572]: 172.18.0.2 ::1 13/Oct/2025/07/50/12 PUT /v1/AUTH_3fd836c1830440ab81ef373a36d676fd/gnocchi.4ff94089-0856-4428-90ce-41632a76bef1/none_v3 HTTP/1.0 201 - python-swiftclient-3.11.1 gAAAAABo7K7sUwfT... 22 - - txc0a9258215984005ba31b-0068ecaf34 - 0.0184 - - 1760341812.860474348 1760341812.878862143 0
Oct 13 07:50:12 standalone container-server[124411]: 172.20.0.100 - - [13/Oct/2025:07:50:12 +0000] "HEAD /d1/640/AUTH_3fd836c1830440ab81ef373a36d676fd/gnocchi.ac85ab13-b899-4c78-96b2-ec98caf250bb" 404 - "HEAD http://localhost:8080/v1/AUTH_3fd836c1830440ab81ef373a36d676fd/gnocchi.ac85ab13-b899-4c78-96b2-ec98caf250bb?format=json&states=listing" "tx49f03335bdd24ef3a299c-0068ecaf34" "proxy-server 21" 0.0005 "-" 23 0
Oct 13 07:50:12 standalone object-server[124536]: 172.20.0.100 - - [13/Oct/2025:07:50:12 +0000] "GET /d1/10/AUTH_3fd836c1830440ab81ef373a36d676fd/gnocchi.ac85ab13-b899-4c78-96b2-ec98caf250bb/none_v3" 404 70 "GET http://localhost:8080/v1/AUTH_3fd836c1830440ab81ef373a36d676fd/gnocchi.ac85ab13-b899-4c78-96b2-ec98caf250bb/none_v3" "tx49f03335bdd24ef3a299c-0068ecaf34" "proxy-server 21" 0.0008 "-" 20 0
Oct 13 07:50:12 standalone proxy-server[126572]: 172.18.0.2 ::1 13/Oct/2025/07/50/12 GET /v1/AUTH_3fd836c1830440ab81ef373a36d676fd/gnocchi.ac85ab13-b899-4c78-96b2-ec98caf250bb/none_v3 HTTP/1.0 404 - python-swiftclient-3.11.1 gAAAAABo7K7sUwfT... - 70 - tx49f03335bdd24ef3a299c-0068ecaf34 - 0.0179 - - 1760341812.900559187 1760341812.918453932 0
Oct 13 07:50:12 standalone account-server[124290]: 172.20.0.100 - - [13/Oct/2025:07:50:12 +0000] "PUT /d1/98/AUTH_3fd836c1830440ab81ef373a36d676fd/gnocchi.ac85ab13-b899-4c78-96b2-ec98caf250bb" 201 - "PUT http://172.20.0.100:6001/d1/640/AUTH_3fd836c1830440ab81ef373a36d676fd/gnocchi.ac85ab13-b899-4c78-96b2-ec98caf250bb" "tx3c4ff85be41f456796f8a-0068ecaf34" "container-server 21" 0.0080 "-" 15 0
Oct 13 07:50:12 standalone container-server[124407]: 172.20.0.100 - - [13/Oct/2025:07:50:12 +0000] "PUT /d1/640/AUTH_3fd836c1830440ab81ef373a36d676fd/gnocchi.ac85ab13-b899-4c78-96b2-ec98caf250bb" 201 - "PUT http://localhost:8080/v1/AUTH_3fd836c1830440ab81ef373a36d676fd/gnocchi.ac85ab13-b899-4c78-96b2-ec98caf250bb" "tx3c4ff85be41f456796f8a-0068ecaf34" "proxy-server 21" 0.0254 "-" 21 0
Oct 13 07:50:12 standalone proxy-server[126572]: 172.18.0.2 ::1 13/Oct/2025/07/50/12 PUT /v1/AUTH_3fd836c1830440ab81ef373a36d676fd/gnocchi.ac85ab13-b899-4c78-96b2-ec98caf250bb HTTP/1.0 201 - python-swiftclient-3.11.1 gAAAAABo7K7sUwfT... - - - tx3c4ff85be41f456796f8a-0068ecaf34 - 0.0313 - - 1760341812.923716307 1760341812.955047131 0
Oct 13 07:50:12 standalone container-server[124404]: 172.20.0.100 - - [13/Oct/2025:07:50:12 +0000] "HEAD /d1/640/AUTH_3fd836c1830440ab81ef373a36d676fd/gnocchi.ac85ab13-b899-4c78-96b2-ec98caf250bb" 204 - "HEAD http://localhost:8080/v1/AUTH_3fd836c1830440ab81ef373a36d676fd/gnocchi.ac85ab13-b899-4c78-96b2-ec98caf250bb?format=json&states=listing" "txc2a845289c834979882cc-0068ecaf34" "proxy-server 21" 0.0021 "-" 20 0
Oct 13 07:50:12 standalone proxy-server[126572]: - - 13/Oct/2025/07/50/12 HEAD /v1/AUTH_3fd836c1830440ab81ef373a36d676fd/gnocchi.ac85ab13-b899-4c78-96b2-ec98caf250bb%3Fformat%3Djson%26states%3Dlisting HTTP/1.0 204 - Swift - - - - txc2a845289c834979882cc-0068ecaf34 - 0.0069 RL - 1760341812.962673664 1760341812.969616413 0
Oct 13 07:50:12 standalone container-server[124404]: 172.20.0.100 - - [13/Oct/2025:07:50:12 +0000] "GET /d1/640/AUTH_3fd836c1830440ab81ef373a36d676fd/gnocchi.ac85ab13-b899-4c78-96b2-ec98caf250bb" 200 2 "GET http://localhost:8080/v1/AUTH_3fd836c1830440ab81ef373a36d676fd/gnocchi.ac85ab13-b899-4c78-96b2-ec98caf250bb?format=json&states=listing" "txc2a845289c834979882cc-0068ecaf34" "proxy-server 21" 0.0018 "-" 20 0
Oct 13 07:50:12 standalone proxy-server[126572]: 172.18.0.2 ::1 13/Oct/2025/07/50/12 GET /v1/AUTH_3fd836c1830440ab81ef373a36d676fd/gnocchi.ac85ab13-b899-4c78-96b2-ec98caf250bb%3Fformat%3Djson%26states%3Dlisting HTTP/1.0 200 - python-swiftclient-3.11.1 gAAAAABo7K7sUwfT... - 2 - txc2a845289c834979882cc-0068ecaf34 - 0.0219 - - 1760341812.960781813 1760341812.982684612 0
Oct 13 07:50:13 standalone object-server[124534]: 172.20.0.100 - - [13/Oct/2025:07:50:13 +0000] "GET /d1/866/AUTH_3fd836c1830440ab81ef373a36d676fd/gnocchi.ac85ab13-b899-4c78-96b2-ec98caf250bb/1759320000.0_mean_300.0_v3" 404 70 "GET http://localhost:8080/v1/AUTH_3fd836c1830440ab81ef373a36d676fd/gnocchi.ac85ab13-b899-4c78-96b2-ec98caf250bb/1759320000.0_mean_300.0_v3" "txfbf9232825ca45238bd8b-0068ecaf34" "proxy-server 21" 0.0010 "-" 18 0
Oct 13 07:50:13 standalone proxy-server[126572]: 172.18.0.2 ::1 13/Oct/2025/07/50/13 GET /v1/AUTH_3fd836c1830440ab81ef373a36d676fd/gnocchi.ac85ab13-b899-4c78-96b2-ec98caf250bb/1759320000.0_mean_300.0_v3 HTTP/1.0 404 - python-swiftclient-3.11.1 gAAAAABo7K7sUwfT... - 70 - txfbf9232825ca45238bd8b-0068ecaf34 - 0.0152 - - 1760341812.989480019 1760341813.004672050 0
Oct 13 07:50:13 standalone container-server[124411]: 172.20.0.100 - - [13/Oct/2025:07:50:13 +0000] "PUT /d1/640/AUTH_3fd836c1830440ab81ef373a36d676fd/gnocchi.ac85ab13-b899-4c78-96b2-ec98caf250bb/1759320000.0_mean_300.0_v3" 201 - "PUT http://localhost:8080/d1/866/AUTH_3fd836c1830440ab81ef373a36d676fd/gnocchi.ac85ab13-b899-4c78-96b2-ec98caf250bb/1759320000.0_mean_300.0_v3" "tx8d4d53b8875e43c2a3b5e-0068ecaf35" "object-server 21" 0.0007 "-" 23 0
Oct 13 07:50:13 standalone object-server[124537]: 172.20.0.100 - - [13/Oct/2025:07:50:13 +0000] "PUT /d1/866/AUTH_3fd836c1830440ab81ef373a36d676fd/gnocchi.ac85ab13-b899-4c78-96b2-ec98caf250bb/1759320000.0_mean_300.0_v3" 201 - "PUT http://localhost:8080/v1/AUTH_3fd836c1830440ab81ef373a36d676fd/gnocchi.ac85ab13-b899-4c78-96b2-ec98caf250bb/1759320000.0_mean_300.0_v3" "tx8d4d53b8875e43c2a3b5e-0068ecaf35" "proxy-server 21" 0.0168 "-" 21 0
Oct 13 07:50:13 standalone proxy-server[126572]: 172.18.0.2 ::1 13/Oct/2025/07/50/13 PUT /v1/AUTH_3fd836c1830440ab81ef373a36d676fd/gnocchi.ac85ab13-b899-4c78-96b2-ec98caf250bb/1759320000.0_mean_300.0_v3 HTTP/1.0 201 - python-swiftclient-3.11.1 gAAAAABo7K7sUwfT... 16 - - tx8d4d53b8875e43c2a3b5e-0068ecaf35 - 0.0244 - - 1760341813.008807421 1760341813.033211470 0
Oct 13 07:50:13 standalone container-server[124407]: 172.20.0.100 - - [13/Oct/2025:07:50:13 +0000] "PUT /d1/640/AUTH_3fd836c1830440ab81ef373a36d676fd/gnocchi.ac85ab13-b899-4c78-96b2-ec98caf250bb/none_v3" 201 - "PUT http://localhost:8080/d1/10/AUTH_3fd836c1830440ab81ef373a36d676fd/gnocchi.ac85ab13-b899-4c78-96b2-ec98caf250bb/none_v3" "txad88209a4ccf4568a9984-0068ecaf35" "object-server 19" 0.0005 "-" 21 0
Oct 13 07:50:13 standalone object-server[124535]: 172.20.0.100 - - [13/Oct/2025:07:50:13 +0000] "PUT /d1/10/AUTH_3fd836c1830440ab81ef373a36d676fd/gnocchi.ac85ab13-b899-4c78-96b2-ec98caf250bb/none_v3" 201 - "PUT http://localhost:8080/v1/AUTH_3fd836c1830440ab81ef373a36d676fd/gnocchi.ac85ab13-b899-4c78-96b2-ec98caf250bb/none_v3" "txad88209a4ccf4568a9984-0068ecaf35" "proxy-server 21" 0.0126 "-" 19 0
Oct 13 07:50:13 standalone proxy-server[126572]: 172.18.0.2 ::1 13/Oct/2025/07/50/13 PUT /v1/AUTH_3fd836c1830440ab81ef373a36d676fd/gnocchi.ac85ab13-b899-4c78-96b2-ec98caf250bb/none_v3 HTTP/1.0 201 - python-swiftclient-3.11.1 gAAAAABo7K7sUwfT... 22 - - txad88209a4ccf4568a9984-0068ecaf35 - 0.0192 - - 1760341813.036552429 1760341813.055800438 0
Oct 13 07:50:13 standalone container-server[124411]: 172.20.0.100 - - [13/Oct/2025:07:50:13 +0000] "HEAD /d1/682/AUTH_3fd836c1830440ab81ef373a36d676fd/gnocchi.20678e51-ae25-4e94-8742-0e9fee812702" 404 - "HEAD http://localhost:8080/v1/AUTH_3fd836c1830440ab81ef373a36d676fd/gnocchi.20678e51-ae25-4e94-8742-0e9fee812702?format=json&states=listing" "tx35d9348e5af64a108f561-0068ecaf35" "proxy-server 21" 0.0004 "-" 23 0
Oct 13 07:50:13 standalone object-server[124534]: 172.20.0.100 - - [13/Oct/2025:07:50:13 +0000] "GET /d1/18/AUTH_3fd836c1830440ab81ef373a36d676fd/gnocchi.20678e51-ae25-4e94-8742-0e9fee812702/none_v3" 404 70 "GET http://localhost:8080/v1/AUTH_3fd836c1830440ab81ef373a36d676fd/gnocchi.20678e51-ae25-4e94-8742-0e9fee812702/none_v3" "tx35d9348e5af64a108f561-0068ecaf35" "proxy-server 21" 0.0004 "-" 18 0
Oct 13 07:50:13 standalone proxy-server[126572]: 172.18.0.2 ::1 13/Oct/2025/07/50/13 GET /v1/AUTH_3fd836c1830440ab81ef373a36d676fd/gnocchi.20678e51-ae25-4e94-8742-0e9fee812702/none_v3 HTTP/1.0 404 - python-swiftclient-3.11.1 gAAAAABo7K7sUwfT... - 70 - tx35d9348e5af64a108f561-0068ecaf35 - 0.0089 - - 1760341813.071015358 1760341813.079868078 0
Oct 13 07:50:13 standalone account-server[124306]: 172.20.0.100 - - [13/Oct/2025:07:50:13 +0000] "PUT /d1/98/AUTH_3fd836c1830440ab81ef373a36d676fd/gnocchi.20678e51-ae25-4e94-8742-0e9fee812702" 201 - "PUT http://172.20.0.100:6001/d1/682/AUTH_3fd836c1830440ab81ef373a36d676fd/gnocchi.20678e51-ae25-4e94-8742-0e9fee812702" "txd64355b56a1b4745b9588-0068ecaf35" "container-server 20" 0.0048 "-" 20 0
Oct 13 07:50:13 standalone container-server[124404]: 172.20.0.100 - - [13/Oct/2025:07:50:13 +0000] "PUT /d1/682/AUTH_3fd836c1830440ab81ef373a36d676fd/gnocchi.20678e51-ae25-4e94-8742-0e9fee812702" 201 - "PUT http://localhost:8080/v1/AUTH_3fd836c1830440ab81ef373a36d676fd/gnocchi.20678e51-ae25-4e94-8742-0e9fee812702" "txd64355b56a1b4745b9588-0068ecaf35" "proxy-server 21" 0.0155 "-" 20 0
Oct 13 07:50:13 standalone proxy-server[126572]: 172.18.0.2 ::1 13/Oct/2025/07/50/13 PUT /v1/AUTH_3fd836c1830440ab81ef373a36d676fd/gnocchi.20678e51-ae25-4e94-8742-0e9fee812702 HTTP/1.0 201 - python-swiftclient-3.11.1 gAAAAABo7K7sUwfT... - - - txd64355b56a1b4745b9588-0068ecaf35 - 0.0196 - - 1760341813.082995653 1760341813.102588892 0
Oct 13 07:50:13 standalone container-server[124404]: 172.20.0.100 - - [13/Oct/2025:07:50:13 +0000] "HEAD /d1/682/AUTH_3fd836c1830440ab81ef373a36d676fd/gnocchi.20678e51-ae25-4e94-8742-0e9fee812702" 204 - "HEAD http://localhost:8080/v1/AUTH_3fd836c1830440ab81ef373a36d676fd/gnocchi.20678e51-ae25-4e94-8742-0e9fee812702?format=json&states=listing" "txdce6702e33eb4c81a84f0-0068ecaf35" "proxy-server 21" 0.0019 "-" 20 0
Oct 13 07:50:13 standalone proxy-server[126572]: - - 13/Oct/2025/07/50/13 HEAD /v1/AUTH_3fd836c1830440ab81ef373a36d676fd/gnocchi.20678e51-ae25-4e94-8742-0e9fee812702%3Fformat%3Djson%26states%3Dlisting HTTP/1.0 204 - Swift - - - - txdce6702e33eb4c81a84f0-0068ecaf35 - 0.0044 RL - 1760341813.108118057 1760341813.112494946 0
Oct 13 07:50:13 standalone container-server[124409]: 172.20.0.100 - - [13/Oct/2025:07:50:13 +0000] "GET /d1/682/AUTH_3fd836c1830440ab81ef373a36d676fd/gnocchi.20678e51-ae25-4e94-8742-0e9fee812702" 200 2 "GET http://localhost:8080/v1/AUTH_3fd836c1830440ab81ef373a36d676fd/gnocchi.20678e51-ae25-4e94-8742-0e9fee812702?format=json&states=listing" "txdce6702e33eb4c81a84f0-0068ecaf35" "proxy-server 21" 0.0019 "-" 22 0
Oct 13 07:50:13 standalone proxy-server[126572]: 172.18.0.2 ::1 13/Oct/2025/07/50/13 GET /v1/AUTH_3fd836c1830440ab81ef373a36d676fd/gnocchi.20678e51-ae25-4e94-8742-0e9fee812702%3Fformat%3Djson%26states%3Dlisting HTTP/1.0 200 - python-swiftclient-3.11.1 gAAAAABo7K7sUwfT... - 2 - txdce6702e33eb4c81a84f0-0068ecaf35 - 0.0142 - - 1760341813.107003689 1760341813.121246576 0
Oct 13 07:50:13 standalone object-server[124536]: 172.20.0.100 - - [13/Oct/2025:07:50:13 +0000] "GET /d1/53/AUTH_3fd836c1830440ab81ef373a36d676fd/gnocchi.20678e51-ae25-4e94-8742-0e9fee812702/1759320000.0_mean_300.0_v3" 404 70 "GET http://localhost:8080/v1/AUTH_3fd836c1830440ab81ef373a36d676fd/gnocchi.20678e51-ae25-4e94-8742-0e9fee812702/1759320000.0_mean_300.0_v3" "txa69586b5061343bd9feb6-0068ecaf35" "proxy-server 21" 0.0005 "-" 20 0
Oct 13 07:50:13 standalone proxy-server[126572]: 172.18.0.2 ::1 13/Oct/2025/07/50/13 GET /v1/AUTH_3fd836c1830440ab81ef373a36d676fd/gnocchi.20678e51-ae25-4e94-8742-0e9fee812702/1759320000.0_mean_300.0_v3 HTTP/1.0 404 - python-swiftclient-3.11.1 gAAAAABo7K7sUwfT... - 70 - txa69586b5061343bd9feb6-0068ecaf35 - 0.0059 - - 1760341813.126926899 1760341813.132868052 0
Oct 13 07:50:13 standalone container-server[124411]: 172.20.0.100 - - [13/Oct/2025:07:50:13 +0000] "PUT /d1/682/AUTH_3fd836c1830440ab81ef373a36d676fd/gnocchi.20678e51-ae25-4e94-8742-0e9fee812702/1759320000.0_mean_300.0_v3" 201 - "PUT http://localhost:8080/d1/53/AUTH_3fd836c1830440ab81ef373a36d676fd/gnocchi.20678e51-ae25-4e94-8742-0e9fee812702/1759320000.0_mean_300.0_v3" "txfe7b8529ce0f438da3e84-0068ecaf35" "object-server 20" 0.0005 "-" 23 0
Oct 13 07:50:13 standalone object-server[124536]: 172.20.0.100 - - [13/Oct/2025:07:50:13 +0000] "PUT /d1/53/AUTH_3fd836c1830440ab81ef373a36d676fd/gnocchi.20678e51-ae25-4e94-8742-0e9fee812702/1759320000.0_mean_300.0_v3" 201 - "PUT http://localhost:8080/v1/AUTH_3fd836c1830440ab81ef373a36d676fd/gnocchi.20678e51-ae25-4e94-8742-0e9fee812702/1759320000.0_mean_300.0_v3" "txfe7b8529ce0f438da3e84-0068ecaf35" "proxy-server 21" 0.0097 "-" 20 0
Oct 13 07:50:13 standalone proxy-server[126572]: 172.18.0.2 ::1 13/Oct/2025/07/50/13 PUT /v1/AUTH_3fd836c1830440ab81ef373a36d676fd/gnocchi.20678e51-ae25-4e94-8742-0e9fee812702/1759320000.0_mean_300.0_v3 HTTP/1.0 201 - python-swiftclient-3.11.1 gAAAAABo7K7sUwfT... 16 - - txfe7b8529ce0f438da3e84-0068ecaf35 - 0.0154 - - 1760341813.136147738 1760341813.151520967 0
Oct 13 07:50:13 standalone container-server[124411]: 172.20.0.100 - - [13/Oct/2025:07:50:13 +0000] "PUT /d1/682/AUTH_3fd836c1830440ab81ef373a36d676fd/gnocchi.20678e51-ae25-4e94-8742-0e9fee812702/none_v3" 201 - "PUT http://localhost:8080/d1/18/AUTH_3fd836c1830440ab81ef373a36d676fd/gnocchi.20678e51-ae25-4e94-8742-0e9fee812702/none_v3" "txadcd9484873e446c8eebd-0068ecaf35" "object-server 19" 0.0005 "-" 23 0
Oct 13 07:50:13 standalone object-server[124535]: 172.20.0.100 - - [13/Oct/2025:07:50:13 +0000] "PUT /d1/18/AUTH_3fd836c1830440ab81ef373a36d676fd/gnocchi.20678e51-ae25-4e94-8742-0e9fee812702/none_v3" 201 - "PUT http://localhost:8080/v1/AUTH_3fd836c1830440ab81ef373a36d676fd/gnocchi.20678e51-ae25-4e94-8742-0e9fee812702/none_v3" "txadcd9484873e446c8eebd-0068ecaf35" "proxy-server 21" 0.0366 "-" 19 0
Oct 13 07:50:13 standalone proxy-server[126572]: 172.18.0.2 ::1 13/Oct/2025/07/50/13 PUT /v1/AUTH_3fd836c1830440ab81ef373a36d676fd/gnocchi.20678e51-ae25-4e94-8742-0e9fee812702/none_v3 HTTP/1.0 201 - python-swiftclient-3.11.1 gAAAAABo7K7sUwfT... 22 - - txadcd9484873e446c8eebd-0068ecaf35 - 0.0427 - - 1760341813.156263113 1760341813.198965073 0
Oct 13 07:50:13 standalone container-server[124411]: 172.20.0.100 - - [13/Oct/2025:07:50:13 +0000] "HEAD /d1/942/AUTH_3fd836c1830440ab81ef373a36d676fd/gnocchi.91e26792-cd09-4024-bcfa-212e7d470bd4" 404 - "HEAD http://localhost:8080/v1/AUTH_3fd836c1830440ab81ef373a36d676fd/gnocchi.91e26792-cd09-4024-bcfa-212e7d470bd4?format=json&states=listing" "tx4dec01e703e04299a1147-0068ecaf35" "proxy-server 21" 0.0003 "-" 23 0
Oct 13 07:50:13 standalone object-server[124534]: 172.20.0.100 - - [13/Oct/2025:07:50:13 +0000] "GET /d1/554/AUTH_3fd836c1830440ab81ef373a36d676fd/gnocchi.91e26792-cd09-4024-bcfa-212e7d470bd4/none_v3" 404 70 "GET http://localhost:8080/v1/AUTH_3fd836c1830440ab81ef373a36d676fd/gnocchi.91e26792-cd09-4024-bcfa-212e7d470bd4/none_v3" "tx4dec01e703e04299a1147-0068ecaf35" "proxy-server 21" 0.0006 "-" 18 0
Oct 13 07:50:13 standalone proxy-server[126572]: 172.18.0.2 ::1 13/Oct/2025/07/50/13 GET /v1/AUTH_3fd836c1830440ab81ef373a36d676fd/gnocchi.91e26792-cd09-4024-bcfa-212e7d470bd4/none_v3 HTTP/1.0 404 - python-swiftclient-3.11.1 gAAAAABo7K7sUwfT... - 70 - tx4dec01e703e04299a1147-0068ecaf35 - 0.0121 - - 1760341813.215126038 1760341813.227244616 0
Oct 13 07:50:13 standalone account-server[124294]: 172.20.0.100 - - [13/Oct/2025:07:50:13 +0000] "PUT /d1/98/AUTH_3fd836c1830440ab81ef373a36d676fd/gnocchi.91e26792-cd09-4024-bcfa-212e7d470bd4" 201 - "PUT http://172.20.0.100:6001/d1/942/AUTH_3fd836c1830440ab81ef373a36d676fd/gnocchi.91e26792-cd09-4024-bcfa-212e7d470bd4" "tx2d6d3392f30940abb4b5b-0068ecaf35" "container-server 23" 0.0062 "-" 16 0
Oct 13 07:50:13 standalone container-server[124411]: 172.20.0.100 - - [13/Oct/2025:07:50:13 +0000] "PUT /d1/942/AUTH_3fd836c1830440ab81ef373a36d676fd/gnocchi.91e26792-cd09-4024-bcfa-212e7d470bd4" 201 - "PUT http://localhost:8080/v1/AUTH_3fd836c1830440ab81ef373a36d676fd/gnocchi.91e26792-cd09-4024-bcfa-212e7d470bd4" "tx2d6d3392f30940abb4b5b-0068ecaf35" "proxy-server 21" 0.0165 "-" 23 0
Oct 13 07:50:13 standalone proxy-server[126572]: 172.18.0.2 ::1 13/Oct/2025/07/50/13 PUT /v1/AUTH_3fd836c1830440ab81ef373a36d676fd/gnocchi.91e26792-cd09-4024-bcfa-212e7d470bd4 HTTP/1.0 201 - python-swiftclient-3.11.1 gAAAAABo7K7sUwfT... - - - tx2d6d3392f30940abb4b5b-0068ecaf35 - 0.0220 - - 1760341813.230559587 1760341813.252521753 0
Oct 13 07:50:13 standalone container-server[124411]: 172.20.0.100 - - [13/Oct/2025:07:50:13 +0000] "HEAD /d1/942/AUTH_3fd836c1830440ab81ef373a36d676fd/gnocchi.91e26792-cd09-4024-bcfa-212e7d470bd4" 204 - "HEAD http://localhost:8080/v1/AUTH_3fd836c1830440ab81ef373a36d676fd/gnocchi.91e26792-cd09-4024-bcfa-212e7d470bd4?format=json&states=listing" "txc35c7beb37924875b198c-0068ecaf35" "proxy-server 21" 0.0011 "-" 23 0
Oct 13 07:50:13 standalone proxy-server[126572]: - - 13/Oct/2025/07/50/13 HEAD /v1/AUTH_3fd836c1830440ab81ef373a36d676fd/gnocchi.91e26792-cd09-4024-bcfa-212e7d470bd4%3Fformat%3Djson%26states%3Dlisting HTTP/1.0 204 - Swift - - - - txc35c7beb37924875b198c-0068ecaf35 - 0.0048 RL - 1760341813.264485836 1760341813.269334078 0
Oct 13 07:50:13 standalone container-server[124411]: 172.20.0.100 - - [13/Oct/2025:07:50:13 +0000] "GET /d1/942/AUTH_3fd836c1830440ab81ef373a36d676fd/gnocchi.91e26792-cd09-4024-bcfa-212e7d470bd4" 200 2 "GET http://localhost:8080/v1/AUTH_3fd836c1830440ab81ef373a36d676fd/gnocchi.91e26792-cd09-4024-bcfa-212e7d470bd4?format=json&states=listing" "txc35c7beb37924875b198c-0068ecaf35" "proxy-server 21" 0.0014 "-" 23 0
Oct 13 07:50:13 standalone proxy-server[126572]: 172.18.0.2 ::1 13/Oct/2025/07/50/13 GET /v1/AUTH_3fd836c1830440ab81ef373a36d676fd/gnocchi.91e26792-cd09-4024-bcfa-212e7d470bd4%3Fformat%3Djson%26states%3Dlisting HTTP/1.0 200 - python-swiftclient-3.11.1 gAAAAABo7K7sUwfT... - 2 - txc35c7beb37924875b198c-0068ecaf35 - 0.0134 - - 1760341813.263287067 1760341813.276683092 0
Oct 13 07:50:13 standalone object-server[124537]: 172.20.0.100 - - [13/Oct/2025:07:50:13 +0000] "GET /d1/365/AUTH_3fd836c1830440ab81ef373a36d676fd/gnocchi.91e26792-cd09-4024-bcfa-212e7d470bd4/1759320000.0_mean_300.0_v3" 404 70 "GET http://localhost:8080/v1/AUTH_3fd836c1830440ab81ef373a36d676fd/gnocchi.91e26792-cd09-4024-bcfa-212e7d470bd4/1759320000.0_mean_300.0_v3" "tx10aaf3fdb6e54653a572f-0068ecaf35" "proxy-server 21" 0.0005 "-" 21 0
Oct 13 07:50:13 standalone proxy-server[126572]: 172.18.0.2 ::1 13/Oct/2025/07/50/13 GET /v1/AUTH_3fd836c1830440ab81ef373a36d676fd/gnocchi.91e26792-cd09-4024-bcfa-212e7d470bd4/1759320000.0_mean_300.0_v3 HTTP/1.0 404 - python-swiftclient-3.11.1 gAAAAABo7K7sUwfT... - 70 - tx10aaf3fdb6e54653a572f-0068ecaf35 - 0.0069 - - 1760341813.281752825 1760341813.288644791 0
Oct 13 07:50:13 standalone container-server[124411]: 172.20.0.100 - - [13/Oct/2025:07:50:13 +0000] "PUT /d1/942/AUTH_3fd836c1830440ab81ef373a36d676fd/gnocchi.91e26792-cd09-4024-bcfa-212e7d470bd4/1759320000.0_mean_300.0_v3" 201 - "PUT http://localhost:8080/d1/365/AUTH_3fd836c1830440ab81ef373a36d676fd/gnocchi.91e26792-cd09-4024-bcfa-212e7d470bd4/1759320000.0_mean_300.0_v3" "txd10fe0f02f8d4407bc911-0068ecaf35" "object-server 20" 0.0004 "-" 23 0
Oct 13 07:50:13 standalone object-server[124536]: 172.20.0.100 - - [13/Oct/2025:07:50:13 +0000] "PUT /d1/365/AUTH_3fd836c1830440ab81ef373a36d676fd/gnocchi.91e26792-cd09-4024-bcfa-212e7d470bd4/1759320000.0_mean_300.0_v3" 201 - "PUT http://localhost:8080/v1/AUTH_3fd836c1830440ab81ef373a36d676fd/gnocchi.91e26792-cd09-4024-bcfa-212e7d470bd4/1759320000.0_mean_300.0_v3" "txd10fe0f02f8d4407bc911-0068ecaf35" "proxy-server 21" 0.0154 "-" 20 0
Oct 13 07:50:13 standalone proxy-server[126572]: 172.18.0.2 ::1 13/Oct/2025/07/50/13 PUT /v1/AUTH_3fd836c1830440ab81ef373a36d676fd/gnocchi.91e26792-cd09-4024-bcfa-212e7d470bd4/1759320000.0_mean_300.0_v3 HTTP/1.0 201 - python-swiftclient-3.11.1 gAAAAABo7K7sUwfT... 16 - - txd10fe0f02f8d4407bc911-0068ecaf35 - 0.0215 - - 1760341813.292462587 1760341813.313976049 0
Oct 13 07:50:13 standalone container-server[124409]: 172.20.0.100 - - [13/Oct/2025:07:50:13 +0000] "PUT /d1/942/AUTH_3fd836c1830440ab81ef373a36d676fd/gnocchi.91e26792-cd09-4024-bcfa-212e7d470bd4/none_v3" 201 - "PUT http://localhost:8080/d1/554/AUTH_3fd836c1830440ab81ef373a36d676fd/gnocchi.91e26792-cd09-4024-bcfa-212e7d470bd4/none_v3" "txae008b6fea194a5a8cce5-0068ecaf35" "object-server 18" 0.0006 "-" 22 0
Oct 13 07:50:13 standalone object-server[124534]: 172.20.0.100 - - [13/Oct/2025:07:50:13 +0000] "PUT /d1/554/AUTH_3fd836c1830440ab81ef373a36d676fd/gnocchi.91e26792-cd09-4024-bcfa-212e7d470bd4/none_v3" 201 - "PUT http://localhost:8080/v1/AUTH_3fd836c1830440ab81ef373a36d676fd/gnocchi.91e26792-cd09-4024-bcfa-212e7d470bd4/none_v3" "txae008b6fea194a5a8cce5-0068ecaf35" "proxy-server 21" 0.0114 "-" 18 0
Oct 13 07:50:13 standalone proxy-server[126572]: 172.18.0.2 ::1 13/Oct/2025/07/50/13 PUT /v1/AUTH_3fd836c1830440ab81ef373a36d676fd/gnocchi.91e26792-cd09-4024-bcfa-212e7d470bd4/none_v3 HTTP/1.0 201 - python-swiftclient-3.11.1 gAAAAABo7K7sUwfT... 22 - - txae008b6fea194a5a8cce5-0068ecaf35 - 0.0202 - - 1760341813.318942070 1760341813.339186668 0
Oct 13 07:51:51 standalone account-server[124290]: 172.20.0.100 - - [13/Oct/2025:07:51:51 +0000] "HEAD /d1/795/.expiring_objects" 404 - "HEAD http://localhost/v1/.expiring_objects?format=json" "txe998cf1da7564287b7bc8-0068ecaf97" "proxy-server 2" 0.0006 "-" 15 -
Oct 13 07:51:51 standalone object-expirer[124292]: Pass completed in 0s; 0 objects expired (txn: txe998cf1da7564287b7bc8-0068ecaf97)
Oct 13 07:52:06 standalone account-server[124294]: 172.20.0.100 - - [13/Oct/2025:07:52:06 +0000] "HEAD /d1/98/AUTH_3fd836c1830440ab81ef373a36d676fd" 204 - "HEAD http://localhost:8080/v1/AUTH_3fd836c1830440ab81ef373a36d676fd?format=json" "tx8fb07e9b48724b4182eff-0068ecafa6" "proxy-server 21" 0.0054 "-" 16 -
Oct 13 07:52:06 standalone proxy-server[126572]: - - 13/Oct/2025/07/52/06 HEAD /v1/AUTH_3fd836c1830440ab81ef373a36d676fd%3Fformat%3Djson HTTP/1.0 204 - Swift - - - - tx8fb07e9b48724b4182eff-0068ecafa6 - 0.0095 RL - 1760341926.220806360 1760341926.230331182 -
Oct 13 07:52:06 standalone container-server[124409]: 172.20.0.100 - - [13/Oct/2025:07:52:06 +0000] "HEAD /d1/73/AUTH_3fd836c1830440ab81ef373a36d676fd/gnocchi.b1392a61-9393-4bbe-808c-2e52aa2b2894" 404 - "HEAD http://localhost:8080/v1/AUTH_3fd836c1830440ab81ef373a36d676fd/gnocchi.b1392a61-9393-4bbe-808c-2e52aa2b2894?format=json&states=listing" "tx8fb07e9b48724b4182eff-0068ecafa6" "proxy-server 21" 0.0007 "-" 22 0
Oct 13 07:52:06 standalone object-server[124537]: 172.20.0.100 - - [13/Oct/2025:07:52:06 +0000] "GET /d1/390/AUTH_3fd836c1830440ab81ef373a36d676fd/gnocchi.b1392a61-9393-4bbe-808c-2e52aa2b2894/none_v3" 404 70 "GET http://localhost:8080/v1/AUTH_3fd836c1830440ab81ef373a36d676fd/gnocchi.b1392a61-9393-4bbe-808c-2e52aa2b2894/none_v3" "tx8fb07e9b48724b4182eff-0068ecafa6" "proxy-server 21" 0.0007 "-" 21 0
Oct 13 07:52:06 standalone proxy-server[126572]: 172.18.0.2 ::1 13/Oct/2025/07/52/06 GET /v1/AUTH_3fd836c1830440ab81ef373a36d676fd/gnocchi.b1392a61-9393-4bbe-808c-2e52aa2b2894/none_v3 HTTP/1.0 404 - python-swiftclient-3.11.1 gAAAAABo7K7sUwfT... - 70 - tx8fb07e9b48724b4182eff-0068ecafa6 - 0.0209 - - 1760341926.219687700 1760341926.240570307 0
Oct 13 07:52:06 standalone account-server[124306]: 172.20.0.100 - - [13/Oct/2025:07:52:06 +0000] "PUT /d1/98/AUTH_3fd836c1830440ab81ef373a36d676fd/gnocchi.b1392a61-9393-4bbe-808c-2e52aa2b2894" 201 - "PUT http://172.20.0.100:6001/d1/73/AUTH_3fd836c1830440ab81ef373a36d676fd/gnocchi.b1392a61-9393-4bbe-808c-2e52aa2b2894" "tx78e14a513628417295840-0068ecafa6" "container-server 22" 0.0013 "-" 20 0
Oct 13 07:52:06 standalone container-server[124409]: 172.20.0.100 - - [13/Oct/2025:07:52:06 +0000] "PUT /d1/73/AUTH_3fd836c1830440ab81ef373a36d676fd/gnocchi.b1392a61-9393-4bbe-808c-2e52aa2b2894" 201 - "PUT http://localhost:8080/v1/AUTH_3fd836c1830440ab81ef373a36d676fd/gnocchi.b1392a61-9393-4bbe-808c-2e52aa2b2894" "tx78e14a513628417295840-0068ecafa6" "proxy-server 21" 0.0098 "-" 22 0
Oct 13 07:52:06 standalone proxy-server[126572]: 172.18.0.2 ::1 13/Oct/2025/07/52/06 PUT /v1/AUTH_3fd836c1830440ab81ef373a36d676fd/gnocchi.b1392a61-9393-4bbe-808c-2e52aa2b2894 HTTP/1.0 201 - python-swiftclient-3.11.1 gAAAAABo7K7sUwfT... - - - tx78e14a513628417295840-0068ecafa6 - 0.0128 - - 1760341926.243690729 1760341926.256498575 0
Oct 13 07:52:06 standalone container-server[124407]: 172.20.0.100 - - [13/Oct/2025:07:52:06 +0000] "HEAD /d1/73/AUTH_3fd836c1830440ab81ef373a36d676fd/gnocchi.b1392a61-9393-4bbe-808c-2e52aa2b2894" 204 - "HEAD http://localhost:8080/v1/AUTH_3fd836c1830440ab81ef373a36d676fd/gnocchi.b1392a61-9393-4bbe-808c-2e52aa2b2894?format=json&states=listing" "tx1aa7fdf818154835af5fc-0068ecafa6" "proxy-server 21" 0.0013 "-" 21 0
Oct 13 07:52:06 standalone proxy-server[126572]: - - 13/Oct/2025/07/52/06 HEAD /v1/AUTH_3fd836c1830440ab81ef373a36d676fd/gnocchi.b1392a61-9393-4bbe-808c-2e52aa2b2894%3Fformat%3Djson%26states%3Dlisting HTTP/1.0 204 - Swift - - - - tx1aa7fdf818154835af5fc-0068ecafa6 - 0.0038 RL - 1760341926.259758234 1760341926.263601303 0
Oct 13 07:52:06 standalone container-server[124411]: 172.20.0.100 - - [13/Oct/2025:07:52:06 +0000] "GET /d1/73/AUTH_3fd836c1830440ab81ef373a36d676fd/gnocchi.b1392a61-9393-4bbe-808c-2e52aa2b2894" 200 2 "GET http://localhost:8080/v1/AUTH_3fd836c1830440ab81ef373a36d676fd/gnocchi.b1392a61-9393-4bbe-808c-2e52aa2b2894?format=json&states=listing" "tx1aa7fdf818154835af5fc-0068ecafa6" "proxy-server 21" 0.0018 "-" 23 0
Oct 13 07:52:06 standalone proxy-server[126572]: 172.18.0.2 ::1 13/Oct/2025/07/52/06 GET /v1/AUTH_3fd836c1830440ab81ef373a36d676fd/gnocchi.b1392a61-9393-4bbe-808c-2e52aa2b2894%3Fformat%3Djson%26states%3Dlisting HTTP/1.0 200 - python-swiftclient-3.11.1 gAAAAABo7K7sUwfT... - 2 - tx1aa7fdf818154835af5fc-0068ecafa6 - 0.0108 - - 1760341926.259018660 1760341926.269776821 0
Oct 13 07:52:06 standalone object-server[124534]: 172.20.0.100 - - [13/Oct/2025:07:52:06 +0000] "GET /d1/234/AUTH_3fd836c1830440ab81ef373a36d676fd/gnocchi.b1392a61-9393-4bbe-808c-2e52aa2b2894/1759320000.0_mean_300.0_v3" 404 70 "GET http://localhost:8080/v1/AUTH_3fd836c1830440ab81ef373a36d676fd/gnocchi.b1392a61-9393-4bbe-808c-2e52aa2b2894/1759320000.0_mean_300.0_v3" "txa9e30f2748874deaad864-0068ecafa6" "proxy-server 21" 0.0004 "-" 18 0
Oct 13 07:52:06 standalone proxy-server[126572]: 172.18.0.2 ::1 13/Oct/2025/07/52/06 GET /v1/AUTH_3fd836c1830440ab81ef373a36d676fd/gnocchi.b1392a61-9393-4bbe-808c-2e52aa2b2894/1759320000.0_mean_300.0_v3 HTTP/1.0 404 - python-swiftclient-3.11.1 gAAAAABo7K7sUwfT... - 70 - txa9e30f2748874deaad864-0068ecafa6 - 0.0044 - - 1760341926.272412777 1760341926.276853085 0
Oct 13 07:52:06 standalone container-server[124404]: 172.20.0.100 - - [13/Oct/2025:07:52:06 +0000] "PUT /d1/73/AUTH_3fd836c1830440ab81ef373a36d676fd/gnocchi.b1392a61-9393-4bbe-808c-2e52aa2b2894/1759320000.0_mean_300.0_v3" 201 - "PUT http://localhost:8080/d1/234/AUTH_3fd836c1830440ab81ef373a36d676fd/gnocchi.b1392a61-9393-4bbe-808c-2e52aa2b2894/1759320000.0_mean_300.0_v3" "tx54875f3eb74e4b7d9561f-0068ecafa6" "object-server 20" 0.0006 "-" 20 0
Oct 13 07:52:06 standalone object-server[124536]: 172.20.0.100 - - [13/Oct/2025:07:52:06 +0000] "PUT /d1/234/AUTH_3fd836c1830440ab81ef373a36d676fd/gnocchi.b1392a61-9393-4bbe-808c-2e52aa2b2894/1759320000.0_mean_300.0_v3" 201 - "PUT http://localhost:8080/v1/AUTH_3fd836c1830440ab81ef373a36d676fd/gnocchi.b1392a61-9393-4bbe-808c-2e52aa2b2894/1759320000.0_mean_300.0_v3" "tx54875f3eb74e4b7d9561f-0068ecafa6" "proxy-server 21" 0.0081 "-" 20 0
Oct 13 07:52:06 standalone proxy-server[126572]: 172.18.0.2 ::1 13/Oct/2025/07/52/06 PUT /v1/AUTH_3fd836c1830440ab81ef373a36d676fd/gnocchi.b1392a61-9393-4bbe-808c-2e52aa2b2894/1759320000.0_mean_300.0_v3 HTTP/1.0 201 - python-swiftclient-3.11.1 gAAAAABo7K7sUwfT... 16 - - tx54875f3eb74e4b7d9561f-0068ecafa6 - 0.0118 - - 1760341926.278915405 1760341926.290748835 0
Oct 13 07:52:06 standalone container-server[124404]: 172.20.0.100 - - [13/Oct/2025:07:52:06 +0000] "PUT /d1/73/AUTH_3fd836c1830440ab81ef373a36d676fd/gnocchi.b1392a61-9393-4bbe-808c-2e52aa2b2894/none_v3" 201 - "PUT http://localhost:8080/d1/390/AUTH_3fd836c1830440ab81ef373a36d676fd/gnocchi.b1392a61-9393-4bbe-808c-2e52aa2b2894/none_v3" "txaf289e43d8a446c69d5c1-0068ecafa6" "object-server 20" 0.0003 "-" 20 0
Oct 13 07:52:06 standalone object-server[124536]: 172.20.0.100 - - [13/Oct/2025:07:52:06 +0000] "PUT /d1/390/AUTH_3fd836c1830440ab81ef373a36d676fd/gnocchi.b1392a61-9393-4bbe-808c-2e52aa2b2894/none_v3" 201 - "PUT http://localhost:8080/v1/AUTH_3fd836c1830440ab81ef373a36d676fd/gnocchi.b1392a61-9393-4bbe-808c-2e52aa2b2894/none_v3" "txaf289e43d8a446c69d5c1-0068ecafa6" "proxy-server 21" 0.0072 "-" 20 0
Oct 13 07:52:06 standalone proxy-server[126572]: 172.18.0.2 ::1 13/Oct/2025/07/52/06 PUT /v1/AUTH_3fd836c1830440ab81ef373a36d676fd/gnocchi.b1392a61-9393-4bbe-808c-2e52aa2b2894/none_v3 HTTP/1.0 201 - python-swiftclient-3.11.1 gAAAAABo7K7sUwfT... 22 - - txaf289e43d8a446c69d5c1-0068ecafa6 - 0.0105 - - 1760341926.292691946 1760341926.303159714 0
Oct 13 07:52:06 standalone container-server[124409]: 172.20.0.100 - - [13/Oct/2025:07:52:06 +0000] "HEAD /d1/762/AUTH_3fd836c1830440ab81ef373a36d676fd/gnocchi.b2f88946-7eb5-48d3-8bc2-4bf17f78c13e" 404 - "HEAD http://localhost:8080/v1/AUTH_3fd836c1830440ab81ef373a36d676fd/gnocchi.b2f88946-7eb5-48d3-8bc2-4bf17f78c13e?format=json&states=listing" "txe18f1acb7f304807911c0-0068ecafa6" "proxy-server 21" 0.0004 "-" 22 0
Oct 13 07:52:06 standalone object-server[124536]: 172.20.0.100 - - [13/Oct/2025:07:52:06 +0000] "GET /d1/296/AUTH_3fd836c1830440ab81ef373a36d676fd/gnocchi.b2f88946-7eb5-48d3-8bc2-4bf17f78c13e/none_v3" 404 70 "GET http://localhost:8080/v1/AUTH_3fd836c1830440ab81ef373a36d676fd/gnocchi.b2f88946-7eb5-48d3-8bc2-4bf17f78c13e/none_v3" "txe18f1acb7f304807911c0-0068ecafa6" "proxy-server 21" 0.0002 "-" 20 0
Oct 13 07:52:06 standalone proxy-server[126572]: 172.18.0.2 ::1 13/Oct/2025/07/52/06 GET /v1/AUTH_3fd836c1830440ab81ef373a36d676fd/gnocchi.b2f88946-7eb5-48d3-8bc2-4bf17f78c13e/none_v3 HTTP/1.0 404 - python-swiftclient-3.11.1 gAAAAABo7K7sUwfT... - 70 - txe18f1acb7f304807911c0-0068ecafa6 - 0.0061 - - 1760341926.311961174 1760341926.318097353 0
Oct 13 07:52:06 standalone account-server[124290]: 172.20.0.100 - - [13/Oct/2025:07:52:06 +0000] "PUT /d1/98/AUTH_3fd836c1830440ab81ef373a36d676fd/gnocchi.b2f88946-7eb5-48d3-8bc2-4bf17f78c13e" 201 - "PUT http://172.20.0.100:6001/d1/762/AUTH_3fd836c1830440ab81ef373a36d676fd/gnocchi.b2f88946-7eb5-48d3-8bc2-4bf17f78c13e" "txb6835858d2dd475cad778-0068ecafa6" "container-server 23" 0.0047 "-" 15 0
Oct 13 07:52:06 standalone container-server[124411]: 172.20.0.100 - - [13/Oct/2025:07:52:06 +0000] "PUT /d1/762/AUTH_3fd836c1830440ab81ef373a36d676fd/gnocchi.b2f88946-7eb5-48d3-8bc2-4bf17f78c13e" 201 - "PUT http://localhost:8080/v1/AUTH_3fd836c1830440ab81ef373a36d676fd/gnocchi.b2f88946-7eb5-48d3-8bc2-4bf17f78c13e" "txb6835858d2dd475cad778-0068ecafa6" "proxy-server 21" 0.0138 "-" 23 0
Oct 13 07:52:06 standalone proxy-server[126572]: 172.18.0.2 ::1 13/Oct/2025/07/52/06 PUT /v1/AUTH_3fd836c1830440ab81ef373a36d676fd/gnocchi.b2f88946-7eb5-48d3-8bc2-4bf17f78c13e HTTP/1.0 201 - python-swiftclient-3.11.1 gAAAAABo7K7sUwfT... - - - txb6835858d2dd475cad778-0068ecafa6 - 0.0172 - - 1760341926.320062637 1760341926.337259531 0
Oct 13 07:52:06 standalone container-server[124409]: 172.20.0.100 - - [13/Oct/2025:07:52:06 +0000] "HEAD /d1/526/AUTH_3fd836c1830440ab81ef373a36d676fd/gnocchi.fdd7f82b-e8e7-416f-b9ef-0e9065e6c9be" 404 - "HEAD http://localhost:8080/v1/AUTH_3fd836c1830440ab81ef373a36d676fd/gnocchi.fdd7f82b-e8e7-416f-b9ef-0e9065e6c9be?format=json&states=listing" "txc30213ad5a314f46b5bdc-0068ecafa6" "proxy-server 21" 0.0003 "-" 22 0
Oct 13 07:52:06 standalone object-server[124536]: 172.20.0.100 - - [13/Oct/2025:07:52:06 +0000] "GET /d1/339/AUTH_3fd836c1830440ab81ef373a36d676fd/gnocchi.fdd7f82b-e8e7-416f-b9ef-0e9065e6c9be/none_v3" 404 70 "GET http://localhost:8080/v1/AUTH_3fd836c1830440ab81ef373a36d676fd/gnocchi.fdd7f82b-e8e7-416f-b9ef-0e9065e6c9be/none_v3" "txc30213ad5a314f46b5bdc-0068ecafa6" "proxy-server 21" 0.0002 "-" 20 0
Oct 13 07:52:06 standalone proxy-server[126572]: 172.18.0.2 ::1 13/Oct/2025/07/52/06 GET /v1/AUTH_3fd836c1830440ab81ef373a36d676fd/gnocchi.fdd7f82b-e8e7-416f-b9ef-0e9065e6c9be/none_v3 HTTP/1.0 404 - python-swiftclient-3.11.1 gAAAAABo7K7sUwfT... - 70 - txc30213ad5a314f46b5bdc-0068ecafa6 - 0.0056 - - 1760341926.339709520 1760341926.345335484 0
Oct 13 07:52:06 standalone account-server[124275]: 172.20.0.100 - - [13/Oct/2025:07:52:06 +0000] "PUT /d1/98/AUTH_3fd836c1830440ab81ef373a36d676fd/gnocchi.fdd7f82b-e8e7-416f-b9ef-0e9065e6c9be" 201 - "PUT http://172.20.0.100:6001/d1/526/AUTH_3fd836c1830440ab81ef373a36d676fd/gnocchi.fdd7f82b-e8e7-416f-b9ef-0e9065e6c9be" "txf139d29f310a4a75b027b-0068ecafa6" "container-server 22" 0.0044 "-" 14 0
Oct 13 07:52:06 standalone container-server[124409]: 172.20.0.100 - - [13/Oct/2025:07:52:06 +0000] "PUT /d1/526/AUTH_3fd836c1830440ab81ef373a36d676fd/gnocchi.fdd7f82b-e8e7-416f-b9ef-0e9065e6c9be" 201 - "PUT http://localhost:8080/v1/AUTH_3fd836c1830440ab81ef373a36d676fd/gnocchi.fdd7f82b-e8e7-416f-b9ef-0e9065e6c9be" "txf139d29f310a4a75b027b-0068ecafa6" "proxy-server 21" 0.0137 "-" 22 0
Oct 13 07:52:06 standalone proxy-server[126572]: 172.18.0.2 ::1 13/Oct/2025/07/52/06 PUT /v1/AUTH_3fd836c1830440ab81ef373a36d676fd/gnocchi.fdd7f82b-e8e7-416f-b9ef-0e9065e6c9be HTTP/1.0 201 - python-swiftclient-3.11.1 gAAAAABo7K7sUwfT... - - - txf139d29f310a4a75b027b-0068ecafa6 - 0.0169 - - 1760341926.347256899 1760341926.364135504 0
Oct 13 07:52:06 standalone container-server[124411]: 172.20.0.100 - - [13/Oct/2025:07:52:06 +0000] "HEAD /d1/762/AUTH_3fd836c1830440ab81ef373a36d676fd/gnocchi.b2f88946-7eb5-48d3-8bc2-4bf17f78c13e" 204 - "HEAD http://localhost:8080/v1/AUTH_3fd836c1830440ab81ef373a36d676fd/gnocchi.b2f88946-7eb5-48d3-8bc2-4bf17f78c13e?format=json&states=listing" "tx2b5ad906a0b04bc5ac31f-0068ecafa6" "proxy-server 21" 0.0011 "-" 23 0
Oct 13 07:52:06 standalone proxy-server[126572]: - - 13/Oct/2025/07/52/06 HEAD /v1/AUTH_3fd836c1830440ab81ef373a36d676fd/gnocchi.b2f88946-7eb5-48d3-8bc2-4bf17f78c13e%3Fformat%3Djson%26states%3Dlisting HTTP/1.0 204 - Swift - - - - tx2b5ad906a0b04bc5ac31f-0068ecafa6 - 0.0035 RL - 1760341926.367805719 1760341926.371305943 0
Oct 13 07:52:06 standalone container-server[124411]: 172.20.0.100 - - [13/Oct/2025:07:52:06 +0000] "GET /d1/762/AUTH_3fd836c1830440ab81ef373a36d676fd/gnocchi.b2f88946-7eb5-48d3-8bc2-4bf17f78c13e" 200 2 "GET http://localhost:8080/v1/AUTH_3fd836c1830440ab81ef373a36d676fd/gnocchi.b2f88946-7eb5-48d3-8bc2-4bf17f78c13e?format=json&states=listing" "tx2b5ad906a0b04bc5ac31f-0068ecafa6" "proxy-server 21" 0.0014 "-" 23 0
Oct 13 07:52:06 standalone proxy-server[126572]: 172.18.0.2 ::1 13/Oct/2025/07/52/06 GET /v1/AUTH_3fd836c1830440ab81ef373a36d676fd/gnocchi.b2f88946-7eb5-48d3-8bc2-4bf17f78c13e%3Fformat%3Djson%26states%3Dlisting HTTP/1.0 200 - python-swiftclient-3.11.1 gAAAAABo7K7sUwfT... - 2 - tx2b5ad906a0b04bc5ac31f-0068ecafa6 - 0.0103 - - 1760341926.367031574 1760341926.377310753 0
Oct 13 07:52:06 standalone container-server[124409]: 172.20.0.100 - - [13/Oct/2025:07:52:06 +0000] "HEAD /d1/526/AUTH_3fd836c1830440ab81ef373a36d676fd/gnocchi.fdd7f82b-e8e7-416f-b9ef-0e9065e6c9be" 204 - "HEAD http://localhost:8080/v1/AUTH_3fd836c1830440ab81ef373a36d676fd/gnocchi.fdd7f82b-e8e7-416f-b9ef-0e9065e6c9be?format=json&states=listing" "txfb7ec4bca8c04f1eaf644-0068ecafa6" "proxy-server 21" 0.0011 "-" 22 0
Oct 13 07:52:06 standalone proxy-server[126572]: - - 13/Oct/2025/07/52/06 HEAD /v1/AUTH_3fd836c1830440ab81ef373a36d676fd/gnocchi.fdd7f82b-e8e7-416f-b9ef-0e9065e6c9be%3Fformat%3Djson%26states%3Dlisting HTTP/1.0 204 - Swift - - - - txfb7ec4bca8c04f1eaf644-0068ecafa6 - 0.0034 RL - 1760341926.381406307 1760341926.384812117 0
Oct 13 07:52:06 standalone container-server[124411]: 172.20.0.100 - - [13/Oct/2025:07:52:06 +0000] "GET /d1/526/AUTH_3fd836c1830440ab81ef373a36d676fd/gnocchi.fdd7f82b-e8e7-416f-b9ef-0e9065e6c9be" 200 2 "GET http://localhost:8080/v1/AUTH_3fd836c1830440ab81ef373a36d676fd/gnocchi.fdd7f82b-e8e7-416f-b9ef-0e9065e6c9be?format=json&states=listing" "txfb7ec4bca8c04f1eaf644-0068ecafa6" "proxy-server 21" 0.0015 "-" 23 0
Oct 13 07:52:06 standalone proxy-server[126572]: 172.18.0.2 ::1 13/Oct/2025/07/52/06 GET /v1/AUTH_3fd836c1830440ab81ef373a36d676fd/gnocchi.fdd7f82b-e8e7-416f-b9ef-0e9065e6c9be%3Fformat%3Djson%26states%3Dlisting HTTP/1.0 200 - python-swiftclient-3.11.1 gAAAAABo7K7sUwfT... - 2 - txfb7ec4bca8c04f1eaf644-0068ecafa6 - 0.0095 - - 1760341926.380668402 1760341926.390160084 0
Oct 13 07:52:06 standalone object-server[124535]: 172.20.0.100 - - [13/Oct/2025:07:52:06 +0000] "GET /d1/905/AUTH_3fd836c1830440ab81ef373a36d676fd/gnocchi.b2f88946-7eb5-48d3-8bc2-4bf17f78c13e/1759320000.0_mean_300.0_v3" 404 70 "GET http://localhost:8080/v1/AUTH_3fd836c1830440ab81ef373a36d676fd/gnocchi.b2f88946-7eb5-48d3-8bc2-4bf17f78c13e/1759320000.0_mean_300.0_v3" "txf43a2f7fc119411292396-0068ecafa6" "proxy-server 21" 0.0003 "-" 19 0
Oct 13 07:52:06 standalone proxy-server[126572]: 172.18.0.2 ::1 13/Oct/2025/07/52/06 GET /v1/AUTH_3fd836c1830440ab81ef373a36d676fd/gnocchi.b2f88946-7eb5-48d3-8bc2-4bf17f78c13e/1759320000.0_mean_300.0_v3 HTTP/1.0 404 - python-swiftclient-3.11.1 gAAAAABo7K7sUwfT... - 70 - txf43a2f7fc119411292396-0068ecafa6 - 0.0040 - - 1760341926.392596483 1760341926.396575928 0
Oct 13 07:52:06 standalone object-server[124534]: 172.20.0.100 - - [13/Oct/2025:07:52:06 +0000] "GET /d1/193/AUTH_3fd836c1830440ab81ef373a36d676fd/gnocchi.fdd7f82b-e8e7-416f-b9ef-0e9065e6c9be/1759320000.0_mean_300.0_v3" 404 70 "GET http://localhost:8080/v1/AUTH_3fd836c1830440ab81ef373a36d676fd/gnocchi.fdd7f82b-e8e7-416f-b9ef-0e9065e6c9be/1759320000.0_mean_300.0_v3" "tx496ac36547d34200b619b-0068ecafa6" "proxy-server 21" 0.0003 "-" 18 0
