Oct 13 07:37:08 standalone account-server[123957]: Starting 2
Oct 13 07:37:08 standalone account-server[124065]: Started child 14 from parent 2
Oct 13 07:37:08 standalone account-server[124065]: Started child 15 from parent 2
Oct 13 07:37:08 standalone account-server[124065]: Started child 16 from parent 2
Oct 13 07:37:08 standalone account-server[124065]: Started child 20 from parent 2
Oct 13 07:37:09 standalone container-server[124090]: Option allow_versions is deprecated. Configure the versioned_writes middleware in the proxy-server instead. This option will be ignored in a future release.
Oct 13 07:37:09 standalone container-server[124404]: Option allow_versions is deprecated. Configure the versioned_writes middleware in the proxy-server instead. This option will be ignored in a future release.
Oct 13 07:37:09 standalone container-server[124090]: Started child 20 from parent 2
Oct 13 07:37:09 standalone container-server[124407]: Option allow_versions is deprecated. Configure the versioned_writes middleware in the proxy-server instead. This option will be ignored in a future release.
Oct 13 07:37:09 standalone container-server[124090]: Started child 21 from parent 2
Oct 13 07:37:09 standalone object-expirer[124292]: Starting 2
Oct 13 07:37:09 standalone object-expirer[124292]: Option auto_create_account_prefix is deprecated. Configure auto_create_account_prefix under the swift-constraints section of swift.conf. This option will be ignored in a future release.
Oct 13 07:37:09 standalone container-server[124409]: Option allow_versions is deprecated. Configure the versioned_writes middleware in the proxy-server instead. This option will be ignored in a future release.
Oct 13 07:37:09 standalone container-server[124090]: Started child 22 from parent 2
Oct 13 07:37:09 standalone container-server[124411]: Option allow_versions is deprecated. Configure the versioned_writes middleware in the proxy-server instead. This option will be ignored in a future release.
Oct 13 07:37:09 standalone container-server[124090]: Started child 23 from parent 2
Oct 13 07:37:09 standalone container-server[124265]: Starting 2
Oct 13 07:37:10 standalone object-server[124433]: Starting 2
Oct 13 07:37:10 standalone object-server[124427]: Started child 18 from parent 2
Oct 13 07:37:10 standalone object-server[124427]: Started child 19 from parent 2
Oct 13 07:37:10 standalone object-server[124427]: Started child 20 from parent 2
Oct 13 07:37:10 standalone object-server[124427]: Started child 21 from parent 2
Oct 13 07:37:16 standalone proxy-server[126257]: Starting Keystone auth_token middleware
Oct 13 07:37:16 standalone proxy-server[126257]: AuthToken middleware is set with keystone_authtoken.service_token_roles_required set to False. This is backwards compatible but deprecated behaviour. Please set this to True.
Oct 13 07:37:16 standalone proxy-server[126572]: Starting Keystone auth_token middleware
Oct 13 07:37:16 standalone proxy-server[126572]: STDERR: The option "bind_port" is not known to keystonemiddleware
Oct 13 07:37:16 standalone proxy-server[126572]: STDERR: The option "workers" is not known to keystonemiddleware
Oct 13 07:37:16 standalone proxy-server[126572]: STDERR: The option "user" is not known to keystonemiddleware
Oct 13 07:37:16 standalone proxy-server[126572]: STDERR: The option "bind_ip" is not known to keystonemiddleware
Oct 13 07:37:16 standalone proxy-server[126572]: STDERR: The option "log_name" is not known to keystonemiddleware
Oct 13 07:37:16 standalone proxy-server[126572]: STDERR: The option "log_facility" is not known to keystonemiddleware
Oct 13 07:37:16 standalone proxy-server[126572]: STDERR: The option "log_level" is not known to keystonemiddleware
Oct 13 07:37:16 standalone proxy-server[126572]: STDERR: The option "log_headers" is not known to keystonemiddleware
Oct 13 07:37:16 standalone proxy-server[126572]: STDERR: The option "log_address" is not known to keystonemiddleware
Oct 13 07:37:16 standalone proxy-server[126572]: STDERR: The option "project_name" is not known to keystonemiddleware
Oct 13 07:37:16 standalone proxy-server[126572]: STDERR: The option "username" is not known to keystonemiddleware
Oct 13 07:37:16 standalone proxy-server[126572]: STDERR: The option "password" is not known to keystonemiddleware
Oct 13 07:37:16 standalone proxy-server[126572]: STDERR: The option "auth_url" is not known to keystonemiddleware
Oct 13 07:37:16 standalone proxy-server[126572]: STDERR: The option "signing_dir" is not known to keystonemiddleware
Oct 13 07:37:16 standalone proxy-server[126572]: STDERR: The option "project_domain_id" is not known to keystonemiddleware
Oct 13 07:37:16 standalone proxy-server[126572]: STDERR: The option "user_domain_id" is not known to keystonemiddleware
Oct 13 07:37:16 standalone proxy-server[126572]: STDERR: The option "__name__" is not known to keystonemiddleware
Oct 13 07:37:16 standalone proxy-server[126572]: AuthToken middleware is set with keystone_authtoken.service_token_roles_required set to False. This is backwards compatible but deprecated behaviour. Please set this to True.
Oct 13 07:37:16 standalone proxy-server[126257]: Started child 21 from parent 2
Oct 13 07:37:44 standalone account-server[124306]: 172.20.0.100 - - [13/Oct/2025:07:37:44 +0000] "HEAD /d1/795/.expiring_objects" 404 - "HEAD http://localhost/v1/.expiring_objects?format=json" "tx08c54e2e43604a8f82676-0068ecac48" "proxy-server 2" 0.0008 "-" 20 -
Oct 13 07:37:44 standalone object-expirer[124292]: Pass completed in 0s; 0 objects expired (txn: tx08c54e2e43604a8f82676-0068ecac48)
Oct 13 07:38:24 standalone account-server[124294]: 172.20.0.100 - - [13/Oct/2025:07:38:24 +0000] "HEAD /d1/795/.expiring_objects" 404 - "HEAD http://localhost/v1/.expiring_objects?format=json" "tx741f6c3ceccd469b82062-0068ecac70" "proxy-server 2" 0.0009 "-" 16 -
Oct 13 07:38:24 standalone object-expirer[124292]: Pass completed in 0s; 0 objects expired (txn: tx741f6c3ceccd469b82062-0068ecac70)
Oct 13 07:38:44 standalone object-server[124433]: Begin object update sweep
Oct 13 07:38:44 standalone object-server[136311]: Object update sweep starting on /srv/node/d1 (pid: 11)
Oct 13 07:38:44 standalone object-server[136311]: Object update sweep completed on /srv/node/d1 in 0.00s seconds:, 0 successes, 0 failures, 0 quarantines, 0 unlinks, 0 errors, 0 redirects (pid: 11)
Oct 13 07:38:44 standalone object-server[136311]: Object update sweep of d1 completed: 0.00s, 0 successes, 0 failures, 0 quarantines, 0 unlinks, 0 errors, 0 redirects
Oct 13 07:38:44 standalone object-server[124433]: Object update sweep completed: 0.06s
Oct 13 07:38:57 standalone container-server[124265]: Begin container update sweep
Oct 13 07:38:57 standalone container-server[124265]: Container update sweep completed: 0.00s
Oct 13 07:39:55 standalone account-server[124275]: 172.20.0.100 - - [13/Oct/2025:07:39:55 +0000] "HEAD /d1/795/.expiring_objects" 404 - "HEAD http://localhost/v1/.expiring_objects?format=json" "txe08b604d620148648c9d2-0068ecaccb" "proxy-server 2" 0.0009 "-" 14 -
Oct 13 07:39:55 standalone object-expirer[124292]: Pass completed in 0s; 0 objects expired (txn: txe08b604d620148648c9d2-0068ecaccb)
Oct 13 07:41:00 standalone account-server[124275]: 172.20.0.100 - - [13/Oct/2025:07:41:00 +0000] "HEAD /d1/795/.expiring_objects" 404 - "HEAD http://localhost/v1/.expiring_objects?format=json" "tx5eeabe298c8b4e1a84575-0068ecad0c" "proxy-server 2" 0.0005 "-" 14 -
Oct 13 07:41:00 standalone object-expirer[124292]: Pass completed in 0s; 0 objects expired (txn: tx5eeabe298c8b4e1a84575-0068ecad0c)
Oct 13 07:43:15 standalone account-server[124294]: 172.20.0.100 - - [13/Oct/2025:07:43:15 +0000] "HEAD /d1/795/.expiring_objects" 404 - "HEAD http://localhost/v1/.expiring_objects?format=json" "txd8970e7d03654befbaf1e-0068ecad93" "proxy-server 2" 0.0005 "-" 16 -
Oct 13 07:43:15 standalone object-expirer[124292]: Pass completed in 0s; 0 objects expired (txn: txd8970e7d03654befbaf1e-0068ecad93)
Oct 13 07:43:44 standalone object-server[124433]: Begin object update sweep
Oct 13 07:43:44 standalone object-server[171929]: Object update sweep starting on /srv/node/d1 (pid: 13)
Oct 13 07:43:44 standalone object-server[171929]: Object update sweep completed on /srv/node/d1 in 0.00s seconds:, 0 successes, 0 failures, 0 quarantines, 0 unlinks, 0 errors, 0 redirects (pid: 13)
Oct 13 07:43:44 standalone object-server[171929]: Object update sweep of d1 completed: 0.00s, 0 successes, 0 failures, 0 quarantines, 0 unlinks, 0 errors, 0 redirects
Oct 13 07:43:44 standalone object-server[124433]: Object update sweep completed: 0.08s
Oct 13 07:43:46 standalone account-server[124275]: 172.20.0.100 - - [13/Oct/2025:07:43:46 +0000] "HEAD /d1/98/AUTH_3fd836c1830440ab81ef373a36d676fd" 404 - "HEAD http://localhost:8080/v1/AUTH_3fd836c1830440ab81ef373a36d676fd?format=json" "txce534cfd08cf4b31acd36-0068ecadb2" "proxy-server 21" 0.0004 "-" 14 -
Oct 13 07:43:46 standalone proxy-server[126572]: - - 13/Oct/2025/07/43/46 HEAD /v1/AUTH_3fd836c1830440ab81ef373a36d676fd%3Fformat%3Djson HTTP/1.0 200 - Swift - - - - txce534cfd08cf4b31acd36-0068ecadb2 - 0.0043 RL - 1760341426.183307409 1760341426.187589169 -
Oct 13 07:43:46 standalone proxy-server[126572]: 172.18.0.2 ::1 13/Oct/2025/07/43/46 HEAD /v1/AUTH_3fd836c1830440ab81ef373a36d676fd/glance%3Fformat%3Djson HTTP/1.0 404 - python-swiftclient-3.11.1 gAAAAABo7K2ybRGR... - - - txce534cfd08cf4b31acd36-0068ecadb2 - 0.4971 - - 1760341426.178241014 1760341426.675358772 -
Oct 13 07:43:46 standalone account-server[124306]: 172.20.0.100 - - [13/Oct/2025:07:43:46 +0000] "PUT /d1/98/AUTH_3fd836c1830440ab81ef373a36d676fd" 201 - "-" "txa056a19719be4288b699c-0068ecadb2" "-" 0.0149 "-" 20 -
Oct 13 07:43:46 standalone proxy-server[126572]: autocreate account '/AUTH_3fd836c1830440ab81ef373a36d676fd' (txn: txa056a19719be4288b699c-0068ecadb2)
Oct 13 07:43:46 standalone account-server[124290]: 172.20.0.100 - - [13/Oct/2025:07:43:46 +0000] "HEAD /d1/98/AUTH_3fd836c1830440ab81ef373a36d676fd" 204 - "HEAD http://localhost:8080/v1/AUTH_3fd836c1830440ab81ef373a36d676fd?format=json" "txa056a19719be4288b699c-0068ecadb2" "proxy-server 21" 0.0054 "-" 15 -
Oct 13 07:43:46 standalone account-server[124275]: 172.20.0.100 - - [13/Oct/2025:07:43:46 +0000] "PUT /d1/98/AUTH_3fd836c1830440ab81ef373a36d676fd/glance" 201 - "PUT http://172.20.0.100:6001/d1/54/AUTH_3fd836c1830440ab81ef373a36d676fd/glance" "txa056a19719be4288b699c-0068ecadb2" "container-server 23" 0.0020 "-" 14 0
Oct 13 07:43:46 standalone container-server[124411]: 172.20.0.100 - - [13/Oct/2025:07:43:46 +0000] "PUT /d1/54/AUTH_3fd836c1830440ab81ef373a36d676fd/glance" 201 - "PUT http://localhost:8080/v1/AUTH_3fd836c1830440ab81ef373a36d676fd/glance" "txa056a19719be4288b699c-0068ecadb2" "proxy-server 21" 0.0197 "-" 23 0
Oct 13 07:43:46 standalone proxy-server[126572]: 172.18.0.2 ::1 13/Oct/2025/07/43/46 PUT /v1/AUTH_3fd836c1830440ab81ef373a36d676fd/glance HTTP/1.0 201 - python-swiftclient-3.11.1 gAAAAABo7K2ybRGR... - - - txa056a19719be4288b699c-0068ecadb2 - 0.0537 - - 1760341426.684045315 1760341426.737695694 0
Oct 13 07:43:46 standalone container-server[124409]: 172.20.0.100 - - [13/Oct/2025:07:43:46 +0000] "HEAD /d1/54/AUTH_3fd836c1830440ab81ef373a36d676fd/glance" 204 - "HEAD http://localhost:8080/v1/AUTH_3fd836c1830440ab81ef373a36d676fd/glance?format=json&states=listing" "txe4f36b97368f43c5b1da1-0068ecadb2" "proxy-server 21" 0.0038 "-" 22 0
Oct 13 07:43:46 standalone proxy-server[126572]: - - 13/Oct/2025/07/43/46 HEAD /v1/AUTH_3fd836c1830440ab81ef373a36d676fd/glance%3Fformat%3Djson%26states%3Dlisting HTTP/1.0 204 - Swift - - - - txe4f36b97368f43c5b1da1-0068ecadb2 - 0.0221 RL - 1760341426.756108284 1760341426.778197050 0
Oct 13 07:43:57 standalone container-server[124265]: Begin container update sweep
Oct 13 07:43:57 standalone account-server[124290]: 172.20.0.100 - - [13/Oct/2025:07:43:57 +0000] "PUT /d1/98/AUTH_3fd836c1830440ab81ef373a36d676fd/glance" 201 - "-" "-" "container-updater 2" 0.0010 "-" 15 0
Oct 13 07:43:58 standalone container-server[124265]: Container update sweep completed: 0.50s
Oct 13 07:44:04 standalone container-server[124411]: 172.20.0.100 - - [13/Oct/2025:07:44:04 +0000] "PUT /d1/54/AUTH_3fd836c1830440ab81ef373a36d676fd/glance/b40a8bdc-e181-451c-974f-215a090b7615" 201 - "PUT http://localhost:8080/d1/71/AUTH_3fd836c1830440ab81ef373a36d676fd/glance/b40a8bdc-e181-451c-974f-215a090b7615" "txe4f36b97368f43c5b1da1-0068ecadb2" "object-server 18" 0.0010 "-" 23 0
Oct 13 07:44:04 standalone object-server[124534]: 172.20.0.100 - - [13/Oct/2025:07:44:04 +0000] "PUT /d1/71/AUTH_3fd836c1830440ab81ef373a36d676fd/glance/b40a8bdc-e181-451c-974f-215a090b7615" 201 - "PUT http://localhost:8080/v1/AUTH_3fd836c1830440ab81ef373a36d676fd/glance/b40a8bdc-e181-451c-974f-215a090b7615" "txe4f36b97368f43c5b1da1-0068ecadb2" "proxy-server 21" 17.7418 "-" 18 0
Oct 13 07:44:04 standalone proxy-server[126572]: 172.18.0.2 ::1 13/Oct/2025/07/44/04 PUT /v1/AUTH_3fd836c1830440ab81ef373a36d676fd/glance/b40a8bdc-e181-451c-974f-215a090b7615 HTTP/1.0 201 - python-swiftclient-3.11.1 gAAAAABo7K2ybRGR... 1445986304 - - txe4f36b97368f43c5b1da1-0068ecadb2 - 17.7737 - - 1760341426.754617453 1760341444.528315544 0
Oct 13 07:47:02 standalone account-server[124275]: 172.20.0.100 - - [13/Oct/2025:07:47:02 +0000] "HEAD /d1/795/.expiring_objects" 404 - "HEAD http://localhost/v1/.expiring_objects?format=json" "tx02dd87eb6e724ee583cb6-0068ecae76" "proxy-server 2" 0.0009 "-" 14 -
Oct 13 07:47:02 standalone object-expirer[124292]: Pass completed in 0s; 0 objects expired (txn: tx02dd87eb6e724ee583cb6-0068ecae76)
Oct 13 07:48:44 standalone object-server[124433]: Begin object update sweep
Oct 13 07:48:44 standalone object-server[208364]: Object update sweep starting on /srv/node/d1 (pid: 14)
Oct 13 07:48:44 standalone object-server[208364]: Object update sweep completed on /srv/node/d1 in 0.00s seconds:, 0 successes, 0 failures, 0 quarantines, 0 unlinks, 0 errors, 0 redirects (pid: 14)
Oct 13 07:48:44 standalone object-server[208364]: Object update sweep of d1 completed: 0.00s, 0 successes, 0 failures, 0 quarantines, 0 unlinks, 0 errors, 0 redirects
Oct 13 07:48:44 standalone object-server[124433]: Object update sweep completed: 0.13s
Oct 13 07:48:56 standalone account-server[124275]: 172.20.0.100 - - [13/Oct/2025:07:48:56 +0000] "HEAD /d1/98/AUTH_3fd836c1830440ab81ef373a36d676fd" 204 - "HEAD http://localhost:8080/v1/AUTH_3fd836c1830440ab81ef373a36d676fd?format=json" "tx8822e19bf6554619bc085-0068ecaee8" "proxy-server 21" 0.0086 "-" 14 -
Oct 13 07:48:56 standalone proxy-server[126572]: - - 13/Oct/2025/07/48/56 HEAD /v1/AUTH_3fd836c1830440ab81ef373a36d676fd%3Fformat%3Djson HTTP/1.0 204 - Swift - - - - tx8822e19bf6554619bc085-0068ecaee8 - 0.0149 RL - 1760341736.864181995 1760341736.879123688 -
Oct 13 07:48:56 standalone container-server[124411]: 172.20.0.100 - - [13/Oct/2025:07:48:56 +0000] "HEAD /d1/54/AUTH_3fd836c1830440ab81ef373a36d676fd/glance" 204 - "HEAD http://localhost:8080/v1/AUTH_3fd836c1830440ab81ef373a36d676fd/glance?format=json&states=listing" "tx8822e19bf6554619bc085-0068ecaee8" "proxy-server 21" 0.0133 "-" 23 0
Oct 13 07:48:56 standalone proxy-server[126572]: 172.18.0.2 ::1 13/Oct/2025/07/48/56 HEAD /v1/AUTH_3fd836c1830440ab81ef373a36d676fd/glance%3Fformat%3Djson%26states%3Dlisting HTTP/1.0 204 - python-swiftclient-3.11.1 gAAAAABo7K7o5Bi3... - - - tx8822e19bf6554619bc085-0068ecaee8 - 0.1336 - - 1760341736.861955404 1760341736.995580673 0
Oct 13 07:48:57 standalone container-server[124265]: Begin container update sweep
Oct 13 07:48:58 standalone account-server[124290]: 172.20.0.100 - - [13/Oct/2025:07:48:58 +0000] "PUT /d1/98/AUTH_3fd836c1830440ab81ef373a36d676fd/glance" 201 - "-" "-" "container-updater 2" 0.0011 "-" 15 0
Oct 13 07:48:58 standalone container-server[124265]: Container update sweep completed: 0.09s
Oct 13 07:48:59 standalone container-server[124404]: 172.20.0.100 - - [13/Oct/2025:07:48:59 +0000] "PUT /d1/54/AUTH_3fd836c1830440ab81ef373a36d676fd/glance/c7cd6e9e-f371-41b1-b0d2-6857f3571772-00001" 201 - "PUT http://localhost:8080/d1/181/AUTH_3fd836c1830440ab81ef373a36d676fd/glance/c7cd6e9e-f371-41b1-b0d2-6857f3571772-00001" "tx5e5f278b7b79440fa8ff2-0068ecaee9" "object-server 19" 0.0017 "-" 20 0
Oct 13 07:48:59 standalone object-server[124535]: 172.20.0.100 - - [13/Oct/2025:07:48:59 +0000] "PUT /d1/181/AUTH_3fd836c1830440ab81ef373a36d676fd/glance/c7cd6e9e-f371-41b1-b0d2-6857f3571772-00001" 201 - "PUT http://localhost:8080/v1/AUTH_3fd836c1830440ab81ef373a36d676fd/glance/c7cd6e9e-f371-41b1-b0d2-6857f3571772-00001" "tx5e5f278b7b79440fa8ff2-0068ecaee9" "proxy-server 21" 2.5950 "-" 19 0
Oct 13 07:48:59 standalone proxy-server[126572]: 172.18.0.2 ::1 13/Oct/2025/07/48/59 PUT /v1/AUTH_3fd836c1830440ab81ef373a36d676fd/glance/c7cd6e9e-f371-41b1-b0d2-6857f3571772-00001 HTTP/1.0 201 - python-swiftclient-3.11.1 gAAAAABo7K7o5Bi3... 21692416 - - tx5e5f278b7b79440fa8ff2-0068ecaee9 - 2.6036 - - 1760341737.008001804 1760341739.611635923 0
Oct 13 07:48:59 standalone container-server[124409]: 172.20.0.100 - - [13/Oct/2025:07:48:59 +0000] "PUT /d1/54/AUTH_3fd836c1830440ab81ef373a36d676fd/glance/c7cd6e9e-f371-41b1-b0d2-6857f3571772" 201 - "PUT http://localhost:8080/d1/92/AUTH_3fd836c1830440ab81ef373a36d676fd/glance/c7cd6e9e-f371-41b1-b0d2-6857f3571772" "txe8ce8f5c6a874ad9ae7e6-0068ecaeeb" "object-server 20" 0.0009 "-" 22 0
Oct 13 07:48:59 standalone object-server[124536]: 172.20.0.100 - - [13/Oct/2025:07:48:59 +0000] "PUT /d1/92/AUTH_3fd836c1830440ab81ef373a36d676fd/glance/c7cd6e9e-f371-41b1-b0d2-6857f3571772" 201 - "PUT http://localhost:8080/v1/AUTH_3fd836c1830440ab81ef373a36d676fd/glance/c7cd6e9e-f371-41b1-b0d2-6857f3571772" "txe8ce8f5c6a874ad9ae7e6-0068ecaeeb" "proxy-server 21" 0.0277 "-" 20 0
Oct 13 07:48:59 standalone proxy-server[126572]: 172.18.0.2 ::1 13/Oct/2025/07/48/59 PUT /v1/AUTH_3fd836c1830440ab81ef373a36d676fd/glance/c7cd6e9e-f371-41b1-b0d2-6857f3571772 HTTP/1.0 201 - python-swiftclient-3.11.1 gAAAAABo7K7o5Bi3... - - - txe8ce8f5c6a874ad9ae7e6-0068ecaeeb - 0.0380 - - 1760341739.618183136 1760341739.656216383 0
Oct 13 07:49:00 standalone container-server[124409]: 172.20.0.100 - - [13/Oct/2025:07:49:00 +0000] "HEAD /d1/410/AUTH_3fd836c1830440ab81ef373a36d676fd/gnocchi.601feb51-c9ef-4a04-a21b-101fed398d67" 404 - "HEAD http://localhost:8080/v1/AUTH_3fd836c1830440ab81ef373a36d676fd/gnocchi.601feb51-c9ef-4a04-a21b-101fed398d67?format=json&states=listing" "txb749cbecad374ba28c4d7-0068ecaeec" "proxy-server 21" 0.0010 "-" 22 0
Oct 13 07:49:00 standalone object-server[124534]: 172.20.0.100 - - [13/Oct/2025:07:49:00 +0000] "GET /d1/924/AUTH_3fd836c1830440ab81ef373a36d676fd/gnocchi.601feb51-c9ef-4a04-a21b-101fed398d67/none_v3" 404 70 "GET http://localhost:8080/v1/AUTH_3fd836c1830440ab81ef373a36d676fd/gnocchi.601feb51-c9ef-4a04-a21b-101fed398d67/none_v3" "txb749cbecad374ba28c4d7-0068ecaeec" "proxy-server 21" 0.0009 "-" 18 0
Oct 13 07:49:00 standalone proxy-server[126572]: 172.18.0.2 ::1 13/Oct/2025/07/49/00 GET /v1/AUTH_3fd836c1830440ab81ef373a36d676fd/gnocchi.601feb51-c9ef-4a04-a21b-101fed398d67/none_v3 HTTP/1.0 404 - python-swiftclient-3.11.1 gAAAAABo7K7sUwfT... - 70 - txb749cbecad374ba28c4d7-0068ecaeec - 0.0584 - - 1760341740.350163698 1760341740.408545256 0
Oct 13 07:49:00 standalone account-server[124294]: 172.20.0.100 - - [13/Oct/2025:07:49:00 +0000] "PUT /d1/98/AUTH_3fd836c1830440ab81ef373a36d676fd/gnocchi.601feb51-c9ef-4a04-a21b-101fed398d67" 201 - "PUT http://172.20.0.100:6001/d1/410/AUTH_3fd836c1830440ab81ef373a36d676fd/gnocchi.601feb51-c9ef-4a04-a21b-101fed398d67" "tx09ff80d8afac4a958673b-0068ecaeec" "container-server 22" 0.0085 "-" 16 0
Oct 13 07:49:00 standalone container-server[124409]: 172.20.0.100 - - [13/Oct/2025:07:49:00 +0000] "PUT /d1/410/AUTH_3fd836c1830440ab81ef373a36d676fd/gnocchi.601feb51-c9ef-4a04-a21b-101fed398d67" 201 - "PUT http://localhost:8080/v1/AUTH_3fd836c1830440ab81ef373a36d676fd/gnocchi.601feb51-c9ef-4a04-a21b-101fed398d67" "tx09ff80d8afac4a958673b-0068ecaeec" "proxy-server 21" 0.0250 "-" 22 0
Oct 13 07:49:00 standalone proxy-server[126572]: 172.18.0.2 ::1 13/Oct/2025/07/49/00 PUT /v1/AUTH_3fd836c1830440ab81ef373a36d676fd/gnocchi.601feb51-c9ef-4a04-a21b-101fed398d67 HTTP/1.0 201 - python-swiftclient-3.11.1 gAAAAABo7K7sUwfT... - - - tx09ff80d8afac4a958673b-0068ecaeec - 0.0319 - - 1760341740.414273977 1760341740.446130276 0
Oct 13 07:49:00 standalone container-server[124409]: 172.20.0.100 - - [13/Oct/2025:07:49:00 +0000] "HEAD /d1/410/AUTH_3fd836c1830440ab81ef373a36d676fd/gnocchi.601feb51-c9ef-4a04-a21b-101fed398d67" 204 - "HEAD http://localhost:8080/v1/AUTH_3fd836c1830440ab81ef373a36d676fd/gnocchi.601feb51-c9ef-4a04-a21b-101fed398d67?format=json&states=listing" "tx72b989a1ca7e48e79f3db-0068ecaeec" "proxy-server 21" 0.0019 "-" 22 0
Oct 13 07:49:00 standalone proxy-server[126572]: - - 13/Oct/2025/07/49/00 HEAD /v1/AUTH_3fd836c1830440ab81ef373a36d676fd/gnocchi.601feb51-c9ef-4a04-a21b-101fed398d67%3Fformat%3Djson%26states%3Dlisting HTTP/1.0 204 - Swift - - - - tx72b989a1ca7e48e79f3db-0068ecaeec - 0.0062 RL - 1760341740.456909895 1760341740.463103056 0
Oct 13 07:49:00 standalone container-server[124409]: 172.20.0.100 - - [13/Oct/2025:07:49:00 +0000] "GET /d1/410/AUTH_3fd836c1830440ab81ef373a36d676fd/gnocchi.601feb51-c9ef-4a04-a21b-101fed398d67" 200 2 "GET http://localhost:8080/v1/AUTH_3fd836c1830440ab81ef373a36d676fd/gnocchi.601feb51-c9ef-4a04-a21b-101fed398d67?format=json&states=listing" "tx72b989a1ca7e48e79f3db-0068ecaeec" "proxy-server 21" 0.0034 "-" 22 0
Oct 13 07:49:00 standalone proxy-server[126572]: 172.18.0.2 ::1 13/Oct/2025/07/49/00 GET /v1/AUTH_3fd836c1830440ab81ef373a36d676fd/gnocchi.601feb51-c9ef-4a04-a21b-101fed398d67%3Fformat%3Djson%26states%3Dlisting HTTP/1.0 200 - python-swiftclient-3.11.1 gAAAAABo7K7sUwfT... - 2 - tx72b989a1ca7e48e79f3db-0068ecaeec - 0.0198 - - 1760341740.455421209 1760341740.475221872 0
Oct 13 07:49:00 standalone object-server[124537]: 172.20.0.100 - - [13/Oct/2025:07:49:00 +0000] "GET /d1/176/AUTH_3fd836c1830440ab81ef373a36d676fd/gnocchi.601feb51-c9ef-4a04-a21b-101fed398d67/1759320000.0_mean_300.0_v3" 404 70 "GET http://localhost:8080/v1/AUTH_3fd836c1830440ab81ef373a36d676fd/gnocchi.601feb51-c9ef-4a04-a21b-101fed398d67/1759320000.0_mean_300.0_v3" "tx671b50ac78a4407085cd5-0068ecaeec" "proxy-server 21" 0.0012 "-" 21 0
Oct 13 07:49:00 standalone proxy-server[126572]: 172.18.0.2 ::1 13/Oct/2025/07/49/00 GET /v1/AUTH_3fd836c1830440ab81ef373a36d676fd/gnocchi.601feb51-c9ef-4a04-a21b-101fed398d67/1759320000.0_mean_300.0_v3 HTTP/1.0 404 - python-swiftclient-3.11.1 gAAAAABo7K7sUwfT... - 70 - tx671b50ac78a4407085cd5-0068ecaeec - 0.0108 - - 1760341740.480708122 1760341740.491544724 0
Oct 13 07:49:00 standalone container-server[124407]: 172.20.0.100 - - [13/Oct/2025:07:49:00 +0000] "PUT /d1/410/AUTH_3fd836c1830440ab81ef373a36d676fd/gnocchi.601feb51-c9ef-4a04-a21b-101fed398d67/1759320000.0_mean_300.0_v3" 201 - "PUT http://localhost:8080/d1/176/AUTH_3fd836c1830440ab81ef373a36d676fd/gnocchi.601feb51-c9ef-4a04-a21b-101fed398d67/1759320000.0_mean_300.0_v3" "tx039b1005807e45ec84bb9-0068ecaeec" "object-server 21" 0.0019 "-" 21 0
Oct 13 07:49:00 standalone object-server[124537]: 172.20.0.100 - - [13/Oct/2025:07:49:00 +0000] "PUT /d1/176/AUTH_3fd836c1830440ab81ef373a36d676fd/gnocchi.601feb51-c9ef-4a04-a21b-101fed398d67/1759320000.0_mean_300.0_v3" 201 - "PUT http://localhost:8080/v1/AUTH_3fd836c1830440ab81ef373a36d676fd/gnocchi.601feb51-c9ef-4a04-a21b-101fed398d67/1759320000.0_mean_300.0_v3" "tx039b1005807e45ec84bb9-0068ecaeec" "proxy-server 21" 0.0378 "-" 21 0
Oct 13 07:49:00 standalone proxy-server[126572]: 172.18.0.2 ::1 13/Oct/2025/07/49/00 PUT /v1/AUTH_3fd836c1830440ab81ef373a36d676fd/gnocchi.601feb51-c9ef-4a04-a21b-101fed398d67/1759320000.0_mean_300.0_v3 HTTP/1.0 201 - python-swiftclient-3.11.1 gAAAAABo7K7sUwfT... 16 - - tx039b1005807e45ec84bb9-0068ecaeec - 0.0457 - - 1760341740.496482849 1760341740.542138815 0
Oct 13 07:49:00 standalone container-server[124409]: 172.20.0.100 - - [13/Oct/2025:07:49:00 +0000] "PUT /d1/410/AUTH_3fd836c1830440ab81ef373a36d676fd/gnocchi.601feb51-c9ef-4a04-a21b-101fed398d67/none_v3" 201 - "PUT http://localhost:8080/d1/924/AUTH_3fd836c1830440ab81ef373a36d676fd/gnocchi.601feb51-c9ef-4a04-a21b-101fed398d67/none_v3" "tx9af14c3ee66943f3900a8-0068ecaeec" "object-server 21" 0.0007 "-" 22 0
Oct 13 07:49:00 standalone object-server[124537]: 172.20.0.100 - - [13/Oct/2025:07:49:00 +0000] "PUT /d1/924/AUTH_3fd836c1830440ab81ef373a36d676fd/gnocchi.601feb51-c9ef-4a04-a21b-101fed398d67/none_v3" 201 - "PUT http://localhost:8080/v1/AUTH_3fd836c1830440ab81ef373a36d676fd/gnocchi.601feb51-c9ef-4a04-a21b-101fed398d67/none_v3" "tx9af14c3ee66943f3900a8-0068ecaeec" "proxy-server 21" 0.0121 "-" 21 0
Oct 13 07:49:00 standalone proxy-server[126572]: 172.18.0.2 ::1 13/Oct/2025/07/49/00 PUT /v1/AUTH_3fd836c1830440ab81ef373a36d676fd/gnocchi.601feb51-c9ef-4a04-a21b-101fed398d67/none_v3 HTTP/1.0 201 - python-swiftclient-3.11.1 gAAAAABo7K7sUwfT... 22 - - tx9af14c3ee66943f3900a8-0068ecaeec - 0.0201 - - 1760341740.548027277 1760341740.568123341 0
Oct 13 07:49:30 standalone object-server[124536]: 172.20.0.100 - - [13/Oct/2025:07:49:30 +0000] "GET /d1/924/AUTH_3fd836c1830440ab81ef373a36d676fd/gnocchi.601feb51-c9ef-4a04-a21b-101fed398d67/none_v3" 200 22 "GET http://localhost:8080/v1/AUTH_3fd836c1830440ab81ef373a36d676fd/gnocchi.601feb51-c9ef-4a04-a21b-101fed398d67/none_v3" "txa31081ba003d4d04bea50-0068ecaf0a" "proxy-server 21" 0.0016 "-" 20 0
Oct 13 07:49:30 standalone proxy-server[126572]: 172.18.0.2 ::1 13/Oct/2025/07/49/30 GET /v1/AUTH_3fd836c1830440ab81ef373a36d676fd/gnocchi.601feb51-c9ef-4a04-a21b-101fed398d67/none_v3 HTTP/1.0 200 - python-swiftclient-3.11.1 gAAAAABo7K7sUwfT... - 22 - txa31081ba003d4d04bea50-0068ecaf0a - 0.0143 - - 1760341770.159698963 1760341770.173964262 0
Oct 13 07:49:30 standalone container-server[124411]: 172.20.0.100 - - [13/Oct/2025:07:49:30 +0000] "GET /d1/410/AUTH_3fd836c1830440ab81ef373a36d676fd/gnocchi.601feb51-c9ef-4a04-a21b-101fed398d67" 200 357 "GET http://localhost:8080/v1/AUTH_3fd836c1830440ab81ef373a36d676fd/gnocchi.601feb51-c9ef-4a04-a21b-101fed398d67?format=json&states=listing" "tx3774eb2cb4bf4aafa4021-0068ecaf0a" "proxy-server 21" 0.0116 "-" 23 0
Oct 13 07:49:30 standalone proxy-server[126572]: 172.18.0.2 ::1 13/Oct/2025/07/49/30 GET /v1/AUTH_3fd836c1830440ab81ef373a36d676fd/gnocchi.601feb51-c9ef-4a04-a21b-101fed398d67%3Fformat%3Djson%26states%3Dlisting HTTP/1.0 200 - python-swiftclient-3.11.1 gAAAAABo7K7sUwfT... - 357 - tx3774eb2cb4bf4aafa4021-0068ecaf0a - 0.0229 - - 1760341770.179767370 1760341770.202643633 0
Oct 13 07:49:30 standalone container-server[124411]: 172.20.0.100 - - [13/Oct/2025:07:49:30 +0000] "GET /d1/410/AUTH_3fd836c1830440ab81ef373a36d676fd/gnocchi.601feb51-c9ef-4a04-a21b-101fed398d67" 200 2 "GET http://localhost:8080/v1/AUTH_3fd836c1830440ab81ef373a36d676fd/gnocchi.601feb51-c9ef-4a04-a21b-101fed398d67?format=json&marker=none_v3&states=listing" "tx0d88f090297e49478395e-0068ecaf0a" "proxy-server 21" 0.0057 "-" 23 0
Oct 13 07:49:30 standalone proxy-server[126572]: 172.18.0.2 ::1 13/Oct/2025/07/49/30 GET /v1/AUTH_3fd836c1830440ab81ef373a36d676fd/gnocchi.601feb51-c9ef-4a04-a21b-101fed398d67%3Fformat%3Djson%26marker%3Dnone_v3%26states%3Dlisting HTTP/1.0 200 - python-swiftclient-3.11.1 gAAAAABo7K7sUwfT... - 2 - tx0d88f090297e49478395e-0068ecaf0a - 0.0173 - - 1760341770.209396839 1760341770.226669312 0
Oct 13 07:49:30 standalone object-server[124537]: 172.20.0.100 - - [13/Oct/2025:07:49:30 +0000] "GET /d1/176/AUTH_3fd836c1830440ab81ef373a36d676fd/gnocchi.601feb51-c9ef-4a04-a21b-101fed398d67/1759320000.0_mean_300.0_v3" 200 16 "GET http://localhost:8080/v1/AUTH_3fd836c1830440ab81ef373a36d676fd/gnocchi.601feb51-c9ef-4a04-a21b-101fed398d67/1759320000.0_mean_300.0_v3" "tx0ccf56893b3244f6919fb-0068ecaf0a" "proxy-server 21" 0.0014 "-" 21 0
Oct 13 07:49:30 standalone proxy-server[126572]: 172.18.0.2 ::1 13/Oct/2025/07/49/30 GET /v1/AUTH_3fd836c1830440ab81ef373a36d676fd/gnocchi.601feb51-c9ef-4a04-a21b-101fed398d67/1759320000.0_mean_300.0_v3 HTTP/1.0 200 - python-swiftclient-3.11.1 gAAAAABo7K7sUwfT... - 16 - tx0ccf56893b3244f6919fb-0068ecaf0a - 0.0104 - - 1760341770.233121872 1760341770.243529320 0
Oct 13 07:49:30 standalone container-server[124411]: 172.20.0.100 - - [13/Oct/2025:07:49:30 +0000] "PUT /d1/410/AUTH_3fd836c1830440ab81ef373a36d676fd/gnocchi.601feb51-c9ef-4a04-a21b-101fed398d67/1759320000.0_mean_300.0_v3" 201 - "PUT http://localhost:8080/d1/176/AUTH_3fd836c1830440ab81ef373a36d676fd/gnocchi.601feb51-c9ef-4a04-a21b-101fed398d67/1759320000.0_mean_300.0_v3" "tx7391260cb251484185352-0068ecaf0a" "object-server 21" 0.0010 "-" 23 0
Oct 13 07:49:30 standalone object-server[124537]: 172.20.0.100 - - [13/Oct/2025:07:49:30 +0000] "PUT /d1/176/AUTH_3fd836c1830440ab81ef373a36d676fd/gnocchi.601feb51-c9ef-4a04-a21b-101fed398d67/1759320000.0_mean_300.0_v3" 201 - "PUT http://localhost:8080/v1/AUTH_3fd836c1830440ab81ef373a36d676fd/gnocchi.601feb51-c9ef-4a04-a21b-101fed398d67/1759320000.0_mean_300.0_v3" "tx7391260cb251484185352-0068ecaf0a" "proxy-server 21" 0.0130 "-" 21 0
Oct 13 07:49:30 standalone proxy-server[126572]: 172.18.0.2 ::1 13/Oct/2025/07/49/30 PUT /v1/AUTH_3fd836c1830440ab81ef373a36d676fd/gnocchi.601feb51-c9ef-4a04-a21b-101fed398d67/1759320000.0_mean_300.0_v3 HTTP/1.0 201 - python-swiftclient-3.11.1 gAAAAABo7K7sUwfT... 16 - - tx7391260cb251484185352-0068ecaf0a - 0.0216 - - 1760341770.248527288 1760341770.270096064 0
Oct 13 07:49:30 standalone container-server[124407]: 172.20.0.100 - - [13/Oct/2025:07:49:30 +0000] "PUT /d1/410/AUTH_3fd836c1830440ab81ef373a36d676fd/gnocchi.601feb51-c9ef-4a04-a21b-101fed398d67/none_v3" 201 - "PUT http://localhost:8080/d1/924/AUTH_3fd836c1830440ab81ef373a36d676fd/gnocchi.601feb51-c9ef-4a04-a21b-101fed398d67/none_v3" "txee82d67c658a4ad487e88-0068ecaf0a" "object-server 19" 0.0009 "-" 21 0
Oct 13 07:49:30 standalone object-server[124535]: 172.20.0.100 - - [13/Oct/2025:07:49:30 +0000] "PUT /d1/924/AUTH_3fd836c1830440ab81ef373a36d676fd/gnocchi.601feb51-c9ef-4a04-a21b-101fed398d67/none_v3" 201 - "PUT http://localhost:8080/v1/AUTH_3fd836c1830440ab81ef373a36d676fd/gnocchi.601feb51-c9ef-4a04-a21b-101fed398d67/none_v3" "txee82d67c658a4ad487e88-0068ecaf0a" "proxy-server 21" 0.0259 "-" 19 0
Oct 13 07:49:30 standalone proxy-server[126572]: 172.18.0.2 ::1 13/Oct/2025/07/49/30 PUT /v1/AUTH_3fd836c1830440ab81ef373a36d676fd/gnocchi.601feb51-c9ef-4a04-a21b-101fed398d67/none_v3 HTTP/1.0 201 - python-swiftclient-3.11.1 gAAAAABo7K7sUwfT... 32 - - txee82d67c658a4ad487e88-0068ecaf0a - 0.0352 - - 1760341770.276290655 1760341770.311511993 0
Oct 13 07:50:06 standalone account-server[124306]: 172.20.0.100 - - [13/Oct/2025:07:50:06 +0000] "HEAD /d1/98/AUTH_3fd836c1830440ab81ef373a36d676fd" 204 - "HEAD http://localhost:8080/v1/AUTH_3fd836c1830440ab81ef373a36d676fd?format=json" "tx3b70c6f091c84fd084ec4-0068ecaf2e" "proxy-server 21" 0.0086 "-" 20 -
Oct 13 07:50:06 standalone proxy-server[126572]: - - 13/Oct/2025/07/50/06 HEAD /v1/AUTH_3fd836c1830440ab81ef373a36d676fd%3Fformat%3Djson HTTP/1.0 204 - Swift - - - - tx3b70c6f091c84fd084ec4-0068ecaf2e - 0.0546 RL - 1760341806.682443857 1760341806.737015724 -
Oct 13 07:50:06 standalone container-server[124411]: 172.20.0.100 - - [13/Oct/2025:07:50:06 +0000] "HEAD /d1/54/AUTH_3fd836c1830440ab81ef373a36d676fd/glance" 204 - "HEAD http://localhost:8080/v1/AUTH_3fd836c1830440ab81ef373a36d676fd/glance?format=json&states=listing" "tx3b70c6f091c84fd084ec4-0068ecaf2e" "proxy-server 21" 0.0087 "-" 23 0
Oct 13 07:50:06 standalone object-server[124537]: 172.20.0.100 - - [13/Oct/2025:07:50:06 +0000] "GET /d1/92/AUTH_3fd836c1830440ab81ef373a36d676fd/glance/c7cd6e9e-f371-41b1-b0d2-6857f3571772" 200 - "GET http://localhost:8080/v1/AUTH_3fd836c1830440ab81ef373a36d676fd/glance/c7cd6e9e-f371-41b1-b0d2-6857f3571772" "tx3b70c6f091c84fd084ec4-0068ecaf2e" "proxy-server 21" 0.0012 "-" 21 0
Oct 13 07:50:06 standalone container-server[124407]: 172.20.0.100 - - [13/Oct/2025:07:50:06 +0000] "GET /d1/54/AUTH_3fd836c1830440ab81ef373a36d676fd/glance" 200 210 "GET http://localhost:8080/v1/AUTH_3fd836c1830440ab81ef373a36d676fd/glance?prefix=c7cd6e9e-f371-41b1-b0d2-6857f3571772-&format=json&states=listing" "tx3b70c6f091c84fd084ec4-0068ecaf2e" "proxy-server 21" 0.0030 "-" 21 0
Oct 13 07:50:06 standalone proxy-server[126572]: - - 13/Oct/2025/07/50/06 GET /v1/AUTH_3fd836c1830440ab81ef373a36d676fd/glance%3Fprefix%3Dc7cd6e9e-f371-41b1-b0d2-6857f3571772-%26format%3Djson%26states%3Dlisting HTTP/1.0 200 - python-swiftclient-3.11.1%20DLO%20MultipartGET gAAAAABo7K8uEgY4... - 210 - tx3b70c6f091c84fd084ec4-0068ecaf2e - 0.0065 DLO - 1760341806.833683729 1760341806.840228319 0
Oct 13 07:50:06 standalone object-server[124536]: 172.20.0.100 - - [13/Oct/2025:07:50:06 +0000] "GET /d1/181/AUTH_3fd836c1830440ab81ef373a36d676fd/glance/c7cd6e9e-f371-41b1-b0d2-6857f3571772-00001" 200 21692416 "GET http://localhost:8080/v1/AUTH_3fd836c1830440ab81ef373a36d676fd/glance/c7cd6e9e-f371-41b1-b0d2-6857f3571772-00001?multipart-manifest=get" "tx3b70c6f091c84fd084ec4-0068ecaf2e" "proxy-server 21" 0.0006 "-" 20 0
Oct 13 07:50:06 standalone proxy-server[126572]: - - 13/Oct/2025/07/50/06 GET /v1/AUTH_3fd836c1830440ab81ef373a36d676fd/glance/c7cd6e9e-f371-41b1-b0d2-6857f3571772-00001%3Fmultipart-manifest%3Dget HTTP/1.0 200 - python-swiftclient-3.11.1%20%20DLO%20MultipartGET gAAAAABo7K8uEgY4... - 21692416 - tx3b70c6f091c84fd084ec4-0068ecaf2e - 0.1010 DLO - 1760341806.840899467 1760341806.941871405 0
Oct 13 07:50:06 standalone proxy-server[126572]: 172.18.0.2 ::1 13/Oct/2025/07/50/06 GET /v1/AUTH_3fd836c1830440ab81ef373a36d676fd/glance/c7cd6e9e-f371-41b1-b0d2-6857f3571772 HTTP/1.0 200 - python-swiftclient-3.11.1 gAAAAABo7K8uEgY4... - 21692416 - tx3b70c6f091c84fd084ec4-0068ecaf2e - 0.2612 - - 1760341806.681420803 1760341806.942613840 0
Oct 13 07:50:07 standalone container-server[124411]: 172.20.0.100 - - [13/Oct/2025:07:50:07 +0000] "HEAD /d1/281/AUTH_3fd836c1830440ab81ef373a36d676fd/gnocchi.86bdfca8-a8db-475f-ae98-4c5478a49087" 404 - "HEAD http://localhost:8080/v1/AUTH_3fd836c1830440ab81ef373a36d676fd/gnocchi.86bdfca8-a8db-475f-ae98-4c5478a49087?format=json&states=listing" "tx7becbd6a786e40a3b5eee-0068ecaf2f" "proxy-server 21" 0.0006 "-" 23 0
Oct 13 07:50:07 standalone object-server[124534]: 172.20.0.100 - - [13/Oct/2025:07:50:07 +0000] "GET /d1/767/AUTH_3fd836c1830440ab81ef373a36d676fd/gnocchi.86bdfca8-a8db-475f-ae98-4c5478a49087/none_v3" 404 70 "GET http://localhost:8080/v1/AUTH_3fd836c1830440ab81ef373a36d676fd/gnocchi.86bdfca8-a8db-475f-ae98-4c5478a49087/none_v3" "tx7becbd6a786e40a3b5eee-0068ecaf2f" "proxy-server 21" 0.0006 "-" 18 0
Oct 13 07:50:07 standalone proxy-server[126572]: 172.18.0.2 ::1 13/Oct/2025/07/50/07 GET /v1/AUTH_3fd836c1830440ab81ef373a36d676fd/gnocchi.86bdfca8-a8db-475f-ae98-4c5478a49087/none_v3 HTTP/1.0 404 - python-swiftclient-3.11.1 gAAAAABo7K7sUwfT... - 70 - tx7becbd6a786e40a3b5eee-0068ecaf2f - 0.0116 - - 1760341807.273752689 1760341807.285377264 0
Oct 13 07:50:07 standalone account-server[124290]: 172.20.0.100 - - [13/Oct/2025:07:50:07 +0000] "PUT /d1/98/AUTH_3fd836c1830440ab81ef373a36d676fd/gnocchi.86bdfca8-a8db-475f-ae98-4c5478a49087" 201 - "PUT http://172.20.0.100:6001/d1/281/AUTH_3fd836c1830440ab81ef373a36d676fd/gnocchi.86bdfca8-a8db-475f-ae98-4c5478a49087" "txa4c7a9988294433e8741f-0068ecaf2f" "container-server 21" 0.0016 "-" 15 0
Oct 13 07:50:07 standalone container-server[124407]: 172.20.0.100 - - [13/Oct/2025:07:50:07 +0000] "PUT /d1/281/AUTH_3fd836c1830440ab81ef373a36d676fd/gnocchi.86bdfca8-a8db-475f-ae98-4c5478a49087" 201 - "PUT http://localhost:8080/v1/AUTH_3fd836c1830440ab81ef373a36d676fd/gnocchi.86bdfca8-a8db-475f-ae98-4c5478a49087" "txa4c7a9988294433e8741f-0068ecaf2f" "proxy-server 21" 0.0223 "-" 21 0
Oct 13 07:50:07 standalone proxy-server[126572]: 172.18.0.2 ::1 13/Oct/2025/07/50/07 PUT /v1/AUTH_3fd836c1830440ab81ef373a36d676fd/gnocchi.86bdfca8-a8db-475f-ae98-4c5478a49087 HTTP/1.0 201 - python-swiftclient-3.11.1 gAAAAABo7K7sUwfT... - - - txa4c7a9988294433e8741f-0068ecaf2f - 0.0276 - - 1760341807.288705826 1760341807.316323996 0
Oct 13 07:50:07 standalone container-server[124407]: 172.20.0.100 - - [13/Oct/2025:07:50:07 +0000] "HEAD /d1/281/AUTH_3fd836c1830440ab81ef373a36d676fd/gnocchi.86bdfca8-a8db-475f-ae98-4c5478a49087" 204 - "HEAD http://localhost:8080/v1/AUTH_3fd836c1830440ab81ef373a36d676fd/gnocchi.86bdfca8-a8db-475f-ae98-4c5478a49087?format=json&states=listing" "txe3dcc61e5d6b4321aa9fb-0068ecaf2f" "proxy-server 21" 0.0024 "-" 21 0
Oct 13 07:50:07 standalone proxy-server[126572]: - - 13/Oct/2025/07/50/07 HEAD /v1/AUTH_3fd836c1830440ab81ef373a36d676fd/gnocchi.86bdfca8-a8db-475f-ae98-4c5478a49087%3Fformat%3Djson%26states%3Dlisting HTTP/1.0 204 - Swift - - - - txe3dcc61e5d6b4321aa9fb-0068ecaf2f - 0.0074 RL - 1760341807.322785378 1760341807.330186129 0
Oct 13 07:50:07 standalone container-server[124407]: 172.20.0.100 - - [13/Oct/2025:07:50:07 +0000] "GET /d1/281/AUTH_3fd836c1830440ab81ef373a36d676fd/gnocchi.86bdfca8-a8db-475f-ae98-4c5478a49087" 200 2 "GET http://localhost:8080/v1/AUTH_3fd836c1830440ab81ef373a36d676fd/gnocchi.86bdfca8-a8db-475f-ae98-4c5478a49087?format=json&states=listing" "txe3dcc61e5d6b4321aa9fb-0068ecaf2f" "proxy-server 21" 0.0032 "-" 21 0
Oct 13 07:50:07 standalone proxy-server[126572]: 172.18.0.2 ::1 13/Oct/2025/07/50/07 GET /v1/AUTH_3fd836c1830440ab81ef373a36d676fd/gnocchi.86bdfca8-a8db-475f-ae98-4c5478a49087%3Fformat%3Djson%26states%3Dlisting HTTP/1.0 200 - python-swiftclient-3.11.1 gAAAAABo7K7sUwfT... - 2 - txe3dcc61e5d6b4321aa9fb-0068ecaf2f - 0.0219 - - 1760341807.321098566 1760341807.343025684 0
Oct 13 07:50:07 standalone object-server[124535]: 172.20.0.100 - - [13/Oct/2025:07:50:07 +0000] "GET /d1/323/AUTH_3fd836c1830440ab81ef373a36d676fd/gnocchi.86bdfca8-a8db-475f-ae98-4c5478a49087/1759320000.0_mean_300.0_v3" 404 70 "GET http://localhost:8080/v1/AUTH_3fd836c1830440ab81ef373a36d676fd/gnocchi.86bdfca8-a8db-475f-ae98-4c5478a49087/1759320000.0_mean_300.0_v3" "tx8cdcbdb1e8c7440d9f1a3-0068ecaf2f" "proxy-server 21" 0.0006 "-" 19 0
Oct 13 07:50:07 standalone proxy-server[126572]: 172.18.0.2 ::1 13/Oct/2025/07/50/07 GET /v1/AUTH_3fd836c1830440ab81ef373a36d676fd/gnocchi.86bdfca8-a8db-475f-ae98-4c5478a49087/1759320000.0_mean_300.0_v3 HTTP/1.0 404 - python-swiftclient-3.11.1 gAAAAABo7K7sUwfT... - 70 - tx8cdcbdb1e8c7440d9f1a3-0068ecaf2f - 0.0093 - - 1760341807.348070383 1760341807.357357740 0
Oct 13 07:50:07 standalone container-server[124407]: 172.20.0.100 - - [13/Oct/2025:07:50:07 +0000] "PUT /d1/281/AUTH_3fd836c1830440ab81ef373a36d676fd/gnocchi.86bdfca8-a8db-475f-ae98-4c5478a49087/1759320000.0_mean_300.0_v3" 201 - "PUT http://localhost:8080/d1/323/AUTH_3fd836c1830440ab81ef373a36d676fd/gnocchi.86bdfca8-a8db-475f-ae98-4c5478a49087/1759320000.0_mean_300.0_v3" "tx361cfca09f4149d090fab-0068ecaf2f" "object-server 21" 0.0010 "-" 21 0
Oct 13 07:50:07 standalone object-server[124537]: 172.20.0.100 - - [13/Oct/2025:07:50:07 +0000] "PUT /d1/323/AUTH_3fd836c1830440ab81ef373a36d676fd/gnocchi.86bdfca8-a8db-475f-ae98-4c5478a49087/1759320000.0_mean_300.0_v3" 201 - "PUT http://localhost:8080/v1/AUTH_3fd836c1830440ab81ef373a36d676fd/gnocchi.86bdfca8-a8db-475f-ae98-4c5478a49087/1759320000.0_mean_300.0_v3" "tx361cfca09f4149d090fab-0068ecaf2f" "proxy-server 21" 0.0207 "-" 21 0
Oct 13 07:50:07 standalone proxy-server[126572]: 172.18.0.2 ::1 13/Oct/2025/07/50/07 PUT /v1/AUTH_3fd836c1830440ab81ef373a36d676fd/gnocchi.86bdfca8-a8db-475f-ae98-4c5478a49087/1759320000.0_mean_300.0_v3 HTTP/1.0 201 - python-swiftclient-3.11.1 gAAAAABo7K7sUwfT... 16 - - tx361cfca09f4149d090fab-0068ecaf2f - 0.0299 - - 1760341807.361220121 1760341807.391079664 0
Oct 13 07:50:07 standalone container-server[124409]: 172.20.0.100 - - [13/Oct/2025:07:50:07 +0000] "PUT /d1/281/AUTH_3fd836c1830440ab81ef373a36d676fd/gnocchi.86bdfca8-a8db-475f-ae98-4c5478a49087/none_v3" 201 - "PUT http://localhost:8080/d1/767/AUTH_3fd836c1830440ab81ef373a36d676fd/gnocchi.86bdfca8-a8db-475f-ae98-4c5478a49087/none_v3" "txcf710182afeb47a39bc3d-0068ecaf2f" "object-server 21" 0.0007 "-" 22 0
Oct 13 07:50:07 standalone object-server[124537]: 172.20.0.100 - - [13/Oct/2025:07:50:07 +0000] "PUT /d1/767/AUTH_3fd836c1830440ab81ef373a36d676fd/gnocchi.86bdfca8-a8db-475f-ae98-4c5478a49087/none_v3" 201 - "PUT http://localhost:8080/v1/AUTH_3fd836c1830440ab81ef373a36d676fd/gnocchi.86bdfca8-a8db-475f-ae98-4c5478a49087/none_v3" "txcf710182afeb47a39bc3d-0068ecaf2f" "proxy-server 21" 0.0179 "-" 21 0
Oct 13 07:50:07 standalone proxy-server[126572]: 172.18.0.2 ::1 13/Oct/2025/07/50/07 PUT /v1/AUTH_3fd836c1830440ab81ef373a36d676fd/gnocchi.86bdfca8-a8db-475f-ae98-4c5478a49087/none_v3 HTTP/1.0 201 - python-swiftclient-3.11.1 gAAAAABo7K7sUwfT... 22 - - txcf710182afeb47a39bc3d-0068ecaf2f - 0.0332 - - 1760341807.396479607 1760341807.429712057 0
Oct 13 07:50:07 standalone container-server[124407]: 172.20.0.100 - - [13/Oct/2025:07:50:07 +0000] "HEAD /d1/566/AUTH_3fd836c1830440ab81ef373a36d676fd/gnocchi.aabb0690-47db-4c8d-88b4-4d7bd983274a" 404 - "HEAD http://localhost:8080/v1/AUTH_3fd836c1830440ab81ef373a36d676fd/gnocchi.aabb0690-47db-4c8d-88b4-4d7bd983274a?format=json&states=listing" "tx2347304d6abd4324a87e4-0068ecaf2f" "proxy-server 21" 0.0007 "-" 21 0
Oct 13 07:50:07 standalone object-server[124537]: 172.20.0.100 - - [13/Oct/2025:07:50:07 +0000] "GET /d1/496/AUTH_3fd836c1830440ab81ef373a36d676fd/gnocchi.aabb0690-47db-4c8d-88b4-4d7bd983274a/none_v3" 404 70 "GET http://localhost:8080/v1/AUTH_3fd836c1830440ab81ef373a36d676fd/gnocchi.aabb0690-47db-4c8d-88b4-4d7bd983274a/none_v3" "tx2347304d6abd4324a87e4-0068ecaf2f" "proxy-server 21" 0.0006 "-" 21 0
Oct 13 07:50:07 standalone proxy-server[126572]: 172.18.0.2 ::1 13/Oct/2025/07/50/07 GET /v1/AUTH_3fd836c1830440ab81ef373a36d676fd/gnocchi.aabb0690-47db-4c8d-88b4-4d7bd983274a/none_v3 HTTP/1.0 404 - python-swiftclient-3.11.1 gAAAAABo7K7sUwfT... - 70 - tx2347304d6abd4324a87e4-0068ecaf2f - 0.0156 - - 1760341807.471776247 1760341807.487417698 0
Oct 13 07:50:07 standalone account-server[124294]: 172.20.0.100 - - [13/Oct/2025:07:50:07 +0000] "PUT /d1/98/AUTH_3fd836c1830440ab81ef373a36d676fd/gnocchi.aabb0690-47db-4c8d-88b4-4d7bd983274a" 201 - "PUT http://172.20.0.100:6001/d1/566/AUTH_3fd836c1830440ab81ef373a36d676fd/gnocchi.aabb0690-47db-4c8d-88b4-4d7bd983274a" "txf2b8925894e445f0b1eeb-0068ecaf2f" "container-server 20" 0.0039 "-" 16 0
Oct 13 07:50:07 standalone container-server[124404]: 172.20.0.100 - - [13/Oct/2025:07:50:07 +0000] "PUT /d1/566/AUTH_3fd836c1830440ab81ef373a36d676fd/gnocchi.aabb0690-47db-4c8d-88b4-4d7bd983274a" 201 - "PUT http://localhost:8080/v1/AUTH_3fd836c1830440ab81ef373a36d676fd/gnocchi.aabb0690-47db-4c8d-88b4-4d7bd983274a" "txf2b8925894e445f0b1eeb-0068ecaf2f" "proxy-server 21" 0.0190 "-" 20 0
Oct 13 07:50:07 standalone proxy-server[126572]: 172.18.0.2 ::1 13/Oct/2025/07/50/07 PUT /v1/AUTH_3fd836c1830440ab81ef373a36d676fd/gnocchi.aabb0690-47db-4c8d-88b4-4d7bd983274a HTTP/1.0 201 - python-swiftclient-3.11.1 gAAAAABo7K7sUwfT... - - - txf2b8925894e445f0b1eeb-0068ecaf2f - 0.0264 - - 1760341807.491126776 1760341807.517561674 0
Oct 13 07:50:07 standalone container-server[124409]: 172.20.0.100 - - [13/Oct/2025:07:50:07 +0000] "HEAD /d1/566/AUTH_3fd836c1830440ab81ef373a36d676fd/gnocchi.aabb0690-47db-4c8d-88b4-4d7bd983274a" 204 - "HEAD http://localhost:8080/v1/AUTH_3fd836c1830440ab81ef373a36d676fd/gnocchi.aabb0690-47db-4c8d-88b4-4d7bd983274a?format=json&states=listing" "tx9e10d064bdcf4d32b4bab-0068ecaf2f" "proxy-server 21" 0.0019 "-" 22 0
Oct 13 07:50:07 standalone proxy-server[126572]: - - 13/Oct/2025/07/50/07 HEAD /v1/AUTH_3fd836c1830440ab81ef373a36d676fd/gnocchi.aabb0690-47db-4c8d-88b4-4d7bd983274a%3Fformat%3Djson%26states%3Dlisting HTTP/1.0 204 - Swift - - - - tx9e10d064bdcf4d32b4bab-0068ecaf2f - 0.0060 RL - 1760341807.525863886 1760341807.531890154 0
Oct 13 07:50:07 standalone container-server[124409]: 172.20.0.100 - - [13/Oct/2025:07:50:07 +0000] "GET /d1/566/AUTH_3fd836c1830440ab81ef373a36d676fd/gnocchi.aabb0690-47db-4c8d-88b4-4d7bd983274a" 200 2 "GET http://localhost:8080/v1/AUTH_3fd836c1830440ab81ef373a36d676fd/gnocchi.aabb0690-47db-4c8d-88b4-4d7bd983274a?format=json&states=listing" "tx9e10d064bdcf4d32b4bab-0068ecaf2f" "proxy-server 21" 0.0022 "-" 22 0
Oct 13 07:50:07 standalone proxy-server[126572]: 172.18.0.2 ::1 13/Oct/2025/07/50/07 GET /v1/AUTH_3fd836c1830440ab81ef373a36d676fd/gnocchi.aabb0690-47db-4c8d-88b4-4d7bd983274a%3Fformat%3Djson%26states%3Dlisting HTTP/1.0 200 - python-swiftclient-3.11.1 gAAAAABo7K7sUwfT... - 2 - tx9e10d064bdcf4d32b4bab-0068ecaf2f - 0.0167 - - 1760341807.523355484 1760341807.540074348 0
Oct 13 07:50:07 standalone object-server[124535]: 172.20.0.100 - - [13/Oct/2025:07:50:07 +0000] "GET /d1/273/AUTH_3fd836c1830440ab81ef373a36d676fd/gnocchi.aabb0690-47db-4c8d-88b4-4d7bd983274a/1759320000.0_mean_300.0_v3" 404 70 "GET http://localhost:8080/v1/AUTH_3fd836c1830440ab81ef373a36d676fd/gnocchi.aabb0690-47db-4c8d-88b4-4d7bd983274a/1759320000.0_mean_300.0_v3" "txab881624de874d689ab32-0068ecaf2f" "proxy-server 21" 0.0016 "-" 19 0
Oct 13 07:50:07 standalone proxy-server[126572]: 172.18.0.2 ::1 13/Oct/2025/07/50/07 GET /v1/AUTH_3fd836c1830440ab81ef373a36d676fd/gnocchi.aabb0690-47db-4c8d-88b4-4d7bd983274a/1759320000.0_mean_300.0_v3 HTTP/1.0 404 - python-swiftclient-3.11.1 gAAAAABo7K7sUwfT... - 70 - txab881624de874d689ab32-0068ecaf2f - 0.0118 - - 1760341807.544214487 1760341807.555986881 0
Oct 13 07:50:07 standalone container-server[124404]: 172.20.0.100 - - [13/Oct/2025:07:50:07 +0000] "PUT /d1/566/AUTH_3fd836c1830440ab81ef373a36d676fd/gnocchi.aabb0690-47db-4c8d-88b4-4d7bd983274a/1759320000.0_mean_300.0_v3" 201 - "PUT http://localhost:8080/d1/273/AUTH_3fd836c1830440ab81ef373a36d676fd/gnocchi.aabb0690-47db-4c8d-88b4-4d7bd983274a/1759320000.0_mean_300.0_v3" "txd7f04f06e5da4686b0479-0068ecaf2f" "object-server 18" 0.0009 "-" 20 0
Oct 13 07:50:07 standalone object-server[124534]: 172.20.0.100 - - [13/Oct/2025:07:50:07 +0000] "PUT /d1/273/AUTH_3fd836c1830440ab81ef373a36d676fd/gnocchi.aabb0690-47db-4c8d-88b4-4d7bd983274a/1759320000.0_mean_300.0_v3" 201 - "PUT http://localhost:8080/v1/AUTH_3fd836c1830440ab81ef373a36d676fd/gnocchi.aabb0690-47db-4c8d-88b4-4d7bd983274a/1759320000.0_mean_300.0_v3" "txd7f04f06e5da4686b0479-0068ecaf2f" "proxy-server 21" 0.0105 "-" 18 0
Oct 13 07:50:07 standalone proxy-server[126572]: 172.18.0.2 ::1 13/Oct/2025/07/50/07 PUT /v1/AUTH_3fd836c1830440ab81ef373a36d676fd/gnocchi.aabb0690-47db-4c8d-88b4-4d7bd983274a/1759320000.0_mean_300.0_v3 HTTP/1.0 201 - python-swiftclient-3.11.1 gAAAAABo7K7sUwfT... 16 - - txd7f04f06e5da4686b0479-0068ecaf2f - 0.0162 - - 1760341807.560391665 1760341807.576590300 0
Oct 13 07:50:07 standalone container-server[124404]: 172.20.0.100 - - [13/Oct/2025:07:50:07 +0000] "PUT /d1/566/AUTH_3fd836c1830440ab81ef373a36d676fd/gnocchi.aabb0690-47db-4c8d-88b4-4d7bd983274a/none_v3" 201 - "PUT http://localhost:8080/d1/496/AUTH_3fd836c1830440ab81ef373a36d676fd/gnocchi.aabb0690-47db-4c8d-88b4-4d7bd983274a/none_v3" "txd349b199dc984a9696ea5-0068ecaf2f" "object-server 20" 0.0008 "-" 20 0
Oct 13 07:50:07 standalone object-server[124536]: 172.20.0.100 - - [13/Oct/2025:07:50:07 +0000] "PUT /d1/496/AUTH_3fd836c1830440ab81ef373a36d676fd/gnocchi.aabb0690-47db-4c8d-88b4-4d7bd983274a/none_v3" 201 - "PUT http://localhost:8080/v1/AUTH_3fd836c1830440ab81ef373a36d676fd/gnocchi.aabb0690-47db-4c8d-88b4-4d7bd983274a/none_v3" "txd349b199dc984a9696ea5-0068ecaf2f" "proxy-server 21" 0.0194 "-" 20 0
Oct 13 07:50:07 standalone proxy-server[126572]: 172.18.0.2 ::1 13/Oct/2025/07/50/07 PUT /v1/AUTH_3fd836c1830440ab81ef373a36d676fd/gnocchi.aabb0690-47db-4c8d-88b4-4d7bd983274a/none_v3 HTTP/1.0 201 - python-swiftclient-3.11.1 gAAAAABo7K7sUwfT... 22 - - txd349b199dc984a9696ea5-0068ecaf2f - 0.0255 - - 1760341807.580690145 1760341807.606184721 0
Oct 13 07:50:12 standalone container-server[124407]: 172.20.0.100 - - [13/Oct/2025:07:50:12 +0000] "HEAD /d1/623/AUTH_3fd836c1830440ab81ef373a36d676fd/gnocchi.6a7c851d-a348-4bb5-8eea-e65a93e4241f" 404 - "HEAD http://localhost:8080/v1/AUTH_3fd836c1830440ab81ef373a36d676fd/gnocchi.6a7c851d-a348-4bb5-8eea-e65a93e4241f?format=json&states=listing" "tx9e116b826dff4f06a0cbe-0068ecaf34" "proxy-server 21" 0.0021 "-" 21 0
Oct 13 07:50:12 standalone object-server[124535]: 172.20.0.100 - - [13/Oct/2025:07:50:12 +0000] "GET /d1/371/AUTH_3fd836c1830440ab81ef373a36d676fd/gnocchi.6a7c851d-a348-4bb5-8eea-e65a93e4241f/none_v3" 404 70 "GET http://localhost:8080/v1/AUTH_3fd836c1830440ab81ef373a36d676fd/gnocchi.6a7c851d-a348-4bb5-8eea-e65a93e4241f/none_v3" "tx9e116b826dff4f06a0cbe-0068ecaf34" "proxy-server 21" 0.0006 "-" 19 0
Oct 13 07:50:12 standalone proxy-server[126572]: 172.18.0.2 ::1 13/Oct/2025/07/50/12 GET /v1/AUTH_3fd836c1830440ab81ef373a36d676fd/gnocchi.6a7c851d-a348-4bb5-8eea-e65a93e4241f/none_v3 HTTP/1.0 404 - python-swiftclient-3.11.1 gAAAAABo7K7sUwfT... - 70 - tx9e116b826dff4f06a0cbe-0068ecaf34 - 0.0283 - - 1760341812.531024456 1760341812.559350729 0
Oct 13 07:50:12 standalone account-server[124294]: 172.20.0.100 - - [13/Oct/2025:07:50:12 +0000] "PUT /d1/98/AUTH_3fd836c1830440ab81ef373a36d676fd/gnocchi.6a7c851d-a348-4bb5-8eea-e65a93e4241f" 201 - "PUT http://172.20.0.100:6001/d1/623/AUTH_3fd836c1830440ab81ef373a36d676fd/gnocchi.6a7c851d-a348-4bb5-8eea-e65a93e4241f" "txc6c36972dcd14a94a21b4-0068ecaf34" "container-server 20" 0.0064 "-" 16 0
Oct 13 07:50:12 standalone container-server[124404]: 172.20.0.100 - - [13/Oct/2025:07:50:12 +0000] "PUT /d1/623/AUTH_3fd836c1830440ab81ef373a36d676fd/gnocchi.6a7c851d-a348-4bb5-8eea-e65a93e4241f" 201 - "PUT http://localhost:8080/v1/AUTH_3fd836c1830440ab81ef373a36d676fd/gnocchi.6a7c851d-a348-4bb5-8eea-e65a93e4241f" "txc6c36972dcd14a94a21b4-0068ecaf34" "proxy-server 21" 0.0228 "-" 20 0
