Oct 13 07:52:07 standalone proxy-server[126572]: - - 13/Oct/2025/07/52/07 HEAD /v1/AUTH_3fd836c1830440ab81ef373a36d676fd/gnocchi.26fccec9-624a-4c3e-9617-1720b7663a3c%3Fformat%3Djson%26states%3Dlisting HTTP/1.0 204 - Swift - - - - txcfa6785cabf44e179da01-0068ecafa7 - 0.0094 RL - 1760341927.410608530 1760341927.420024395 0
Oct 13 07:52:07 standalone container-server[124404]: 172.20.0.100 - - [13/Oct/2025:07:52:07 +0000] "GET /d1/526/AUTH_3fd836c1830440ab81ef373a36d676fd/gnocchi.26fccec9-624a-4c3e-9617-1720b7663a3c" 200 2 "GET http://localhost:8080/v1/AUTH_3fd836c1830440ab81ef373a36d676fd/gnocchi.26fccec9-624a-4c3e-9617-1720b7663a3c?format=json&states=listing" "txcfa6785cabf44e179da01-0068ecafa7" "proxy-server 21" 0.0028 "-" 20 0
Oct 13 07:52:07 standalone proxy-server[126572]: 172.18.0.2 ::1 13/Oct/2025/07/52/07 GET /v1/AUTH_3fd836c1830440ab81ef373a36d676fd/gnocchi.26fccec9-624a-4c3e-9617-1720b7663a3c%3Fformat%3Djson%26states%3Dlisting HTTP/1.0 200 - python-swiftclient-3.11.1 gAAAAABo7K7sUwfT... - 2 - txcfa6785cabf44e179da01-0068ecafa7 - 0.0239 - - 1760341927.407940626 1760341927.431871176 0
Oct 13 07:52:07 standalone object-server[124537]: 172.20.0.100 - - [13/Oct/2025:07:52:07 +0000] "GET /d1/917/AUTH_3fd836c1830440ab81ef373a36d676fd/gnocchi.26fccec9-624a-4c3e-9617-1720b7663a3c/1759320000.0_mean_300.0_v3" 404 70 "GET http://localhost:8080/v1/AUTH_3fd836c1830440ab81ef373a36d676fd/gnocchi.26fccec9-624a-4c3e-9617-1720b7663a3c/1759320000.0_mean_300.0_v3" "tx88ff65f1d3034e53a247a-0068ecafa7" "proxy-server 21" 0.0005 "-" 21 0
Oct 13 07:52:07 standalone proxy-server[126572]: 172.18.0.2 ::1 13/Oct/2025/07/52/07 GET /v1/AUTH_3fd836c1830440ab81ef373a36d676fd/gnocchi.26fccec9-624a-4c3e-9617-1720b7663a3c/1759320000.0_mean_300.0_v3 HTTP/1.0 404 - python-swiftclient-3.11.1 gAAAAABo7K7sUwfT... - 70 - tx88ff65f1d3034e53a247a-0068ecafa7 - 0.0088 - - 1760341927.439252853 1760341927.448052883 0
Oct 13 07:52:07 standalone container-server[124411]: 172.20.0.100 - - [13/Oct/2025:07:52:07 +0000] "PUT /d1/526/AUTH_3fd836c1830440ab81ef373a36d676fd/gnocchi.26fccec9-624a-4c3e-9617-1720b7663a3c/1759320000.0_mean_300.0_v3" 201 - "PUT http://localhost:8080/d1/917/AUTH_3fd836c1830440ab81ef373a36d676fd/gnocchi.26fccec9-624a-4c3e-9617-1720b7663a3c/1759320000.0_mean_300.0_v3" "tx832c186f29e94eff995f9-0068ecafa7" "object-server 21" 0.0006 "-" 23 0
Oct 13 07:52:07 standalone object-server[124537]: 172.20.0.100 - - [13/Oct/2025:07:52:07 +0000] "PUT /d1/917/AUTH_3fd836c1830440ab81ef373a36d676fd/gnocchi.26fccec9-624a-4c3e-9617-1720b7663a3c/1759320000.0_mean_300.0_v3" 201 - "PUT http://localhost:8080/v1/AUTH_3fd836c1830440ab81ef373a36d676fd/gnocchi.26fccec9-624a-4c3e-9617-1720b7663a3c/1759320000.0_mean_300.0_v3" "tx832c186f29e94eff995f9-0068ecafa7" "proxy-server 21" 0.0149 "-" 21 0
Oct 13 07:52:07 standalone proxy-server[126572]: 172.18.0.2 ::1 13/Oct/2025/07/52/07 PUT /v1/AUTH_3fd836c1830440ab81ef373a36d676fd/gnocchi.26fccec9-624a-4c3e-9617-1720b7663a3c/1759320000.0_mean_300.0_v3 HTTP/1.0 201 - python-swiftclient-3.11.1 gAAAAABo7K7sUwfT... 16 - - tx832c186f29e94eff995f9-0068ecafa7 - 0.0241 - - 1760341927.460180521 1760341927.484253407 0
Oct 13 07:52:07 standalone container-server[124411]: 172.20.0.100 - - [13/Oct/2025:07:52:07 +0000] "PUT /d1/526/AUTH_3fd836c1830440ab81ef373a36d676fd/gnocchi.26fccec9-624a-4c3e-9617-1720b7663a3c/none_v3" 201 - "PUT http://localhost:8080/d1/36/AUTH_3fd836c1830440ab81ef373a36d676fd/gnocchi.26fccec9-624a-4c3e-9617-1720b7663a3c/none_v3" "tx12057285b147468382b1b-0068ecafa7" "object-server 18" 0.0006 "-" 23 0
Oct 13 07:52:07 standalone object-server[124534]: 172.20.0.100 - - [13/Oct/2025:07:52:07 +0000] "PUT /d1/36/AUTH_3fd836c1830440ab81ef373a36d676fd/gnocchi.26fccec9-624a-4c3e-9617-1720b7663a3c/none_v3" 201 - "PUT http://localhost:8080/v1/AUTH_3fd836c1830440ab81ef373a36d676fd/gnocchi.26fccec9-624a-4c3e-9617-1720b7663a3c/none_v3" "tx12057285b147468382b1b-0068ecafa7" "proxy-server 21" 0.0151 "-" 18 0
Oct 13 07:52:07 standalone proxy-server[126572]: 172.18.0.2 ::1 13/Oct/2025/07/52/07 PUT /v1/AUTH_3fd836c1830440ab81ef373a36d676fd/gnocchi.26fccec9-624a-4c3e-9617-1720b7663a3c/none_v3 HTTP/1.0 201 - python-swiftclient-3.11.1 gAAAAABo7K7sUwfT... 22 - - tx12057285b147468382b1b-0068ecafa7 - 0.0235 - - 1760341927.488517284 1760341927.511967421 0
Oct 13 07:52:07 standalone container-server[124409]: 172.20.0.100 - - [13/Oct/2025:07:52:07 +0000] "HEAD /d1/381/AUTH_3fd836c1830440ab81ef373a36d676fd/gnocchi.baa0bea0-c04c-49ba-81c7-40ba10e8cb52" 404 - "HEAD http://localhost:8080/v1/AUTH_3fd836c1830440ab81ef373a36d676fd/gnocchi.baa0bea0-c04c-49ba-81c7-40ba10e8cb52?format=json&states=listing" "tx6afb586a711548ad91ff1-0068ecafa7" "proxy-server 21" 0.0005 "-" 22 0
Oct 13 07:52:07 standalone object-server[124534]: 172.20.0.100 - - [13/Oct/2025:07:52:07 +0000] "GET /d1/370/AUTH_3fd836c1830440ab81ef373a36d676fd/gnocchi.baa0bea0-c04c-49ba-81c7-40ba10e8cb52/none_v3" 404 70 "GET http://localhost:8080/v1/AUTH_3fd836c1830440ab81ef373a36d676fd/gnocchi.baa0bea0-c04c-49ba-81c7-40ba10e8cb52/none_v3" "tx6afb586a711548ad91ff1-0068ecafa7" "proxy-server 21" 0.0005 "-" 18 0
Oct 13 07:52:07 standalone proxy-server[126572]: 172.18.0.2 ::1 13/Oct/2025/07/52/07 GET /v1/AUTH_3fd836c1830440ab81ef373a36d676fd/gnocchi.baa0bea0-c04c-49ba-81c7-40ba10e8cb52/none_v3 HTTP/1.0 404 - python-swiftclient-3.11.1 gAAAAABo7K7sUwfT... - 70 - tx6afb586a711548ad91ff1-0068ecafa7 - 0.0130 - - 1760341927.526116848 1760341927.539137840 0
Oct 13 07:52:07 standalone account-server[124290]: 172.20.0.100 - - [13/Oct/2025:07:52:07 +0000] "PUT /d1/98/AUTH_3fd836c1830440ab81ef373a36d676fd/gnocchi.baa0bea0-c04c-49ba-81c7-40ba10e8cb52" 201 - "PUT http://172.20.0.100:6001/d1/381/AUTH_3fd836c1830440ab81ef373a36d676fd/gnocchi.baa0bea0-c04c-49ba-81c7-40ba10e8cb52" "txf7b8341f8b804ceb95f18-0068ecafa7" "container-server 23" 0.0052 "-" 15 0
Oct 13 07:52:07 standalone container-server[124411]: 172.20.0.100 - - [13/Oct/2025:07:52:07 +0000] "PUT /d1/381/AUTH_3fd836c1830440ab81ef373a36d676fd/gnocchi.baa0bea0-c04c-49ba-81c7-40ba10e8cb52" 201 - "PUT http://localhost:8080/v1/AUTH_3fd836c1830440ab81ef373a36d676fd/gnocchi.baa0bea0-c04c-49ba-81c7-40ba10e8cb52" "txf7b8341f8b804ceb95f18-0068ecafa7" "proxy-server 21" 0.0167 "-" 23 0
Oct 13 07:52:07 standalone proxy-server[126572]: 172.18.0.2 ::1 13/Oct/2025/07/52/07 PUT /v1/AUTH_3fd836c1830440ab81ef373a36d676fd/gnocchi.baa0bea0-c04c-49ba-81c7-40ba10e8cb52 HTTP/1.0 201 - python-swiftclient-3.11.1 gAAAAABo7K7sUwfT... - - - txf7b8341f8b804ceb95f18-0068ecafa7 - 0.0248 - - 1760341927.542514801 1760341927.567317247 0
Oct 13 07:52:07 standalone container-server[124404]: 172.20.0.100 - - [13/Oct/2025:07:52:07 +0000] "HEAD /d1/381/AUTH_3fd836c1830440ab81ef373a36d676fd/gnocchi.baa0bea0-c04c-49ba-81c7-40ba10e8cb52" 204 - "HEAD http://localhost:8080/v1/AUTH_3fd836c1830440ab81ef373a36d676fd/gnocchi.baa0bea0-c04c-49ba-81c7-40ba10e8cb52?format=json&states=listing" "tx469d129124514ea58e363-0068ecafa7" "proxy-server 21" 0.0016 "-" 20 0
Oct 13 07:52:07 standalone proxy-server[126572]: - - 13/Oct/2025/07/52/07 HEAD /v1/AUTH_3fd836c1830440ab81ef373a36d676fd/gnocchi.baa0bea0-c04c-49ba-81c7-40ba10e8cb52%3Fformat%3Djson%26states%3Dlisting HTTP/1.0 204 - Swift - - - - tx469d129124514ea58e363-0068ecafa7 - 0.0055 RL - 1760341927.575900078 1760341927.581439972 0
Oct 13 07:52:07 standalone container-server[124409]: 172.20.0.100 - - [13/Oct/2025:07:52:07 +0000] "GET /d1/381/AUTH_3fd836c1830440ab81ef373a36d676fd/gnocchi.baa0bea0-c04c-49ba-81c7-40ba10e8cb52" 200 2 "GET http://localhost:8080/v1/AUTH_3fd836c1830440ab81ef373a36d676fd/gnocchi.baa0bea0-c04c-49ba-81c7-40ba10e8cb52?format=json&states=listing" "tx469d129124514ea58e363-0068ecafa7" "proxy-server 21" 0.0026 "-" 22 0
Oct 13 07:52:07 standalone proxy-server[126572]: 172.18.0.2 ::1 13/Oct/2025/07/52/07 GET /v1/AUTH_3fd836c1830440ab81ef373a36d676fd/gnocchi.baa0bea0-c04c-49ba-81c7-40ba10e8cb52%3Fformat%3Djson%26states%3Dlisting HTTP/1.0 200 - python-swiftclient-3.11.1 gAAAAABo7K7sUwfT... - 2 - tx469d129124514ea58e363-0068ecafa7 - 0.0187 - - 1760341927.573649168 1760341927.592395544 0
Oct 13 07:52:07 standalone object-server[124536]: 172.20.0.100 - - [13/Oct/2025:07:52:07 +0000] "GET /d1/735/AUTH_3fd836c1830440ab81ef373a36d676fd/gnocchi.baa0bea0-c04c-49ba-81c7-40ba10e8cb52/1759320000.0_mean_300.0_v3" 404 70 "GET http://localhost:8080/v1/AUTH_3fd836c1830440ab81ef373a36d676fd/gnocchi.baa0bea0-c04c-49ba-81c7-40ba10e8cb52/1759320000.0_mean_300.0_v3" "tx6d89839a3e854c91b4a87-0068ecafa7" "proxy-server 21" 0.0007 "-" 20 0
Oct 13 07:52:07 standalone proxy-server[126572]: 172.18.0.2 ::1 13/Oct/2025/07/52/07 GET /v1/AUTH_3fd836c1830440ab81ef373a36d676fd/gnocchi.baa0bea0-c04c-49ba-81c7-40ba10e8cb52/1759320000.0_mean_300.0_v3 HTTP/1.0 404 - python-swiftclient-3.11.1 gAAAAABo7K7sUwfT... - 70 - tx6d89839a3e854c91b4a87-0068ecafa7 - 0.0064 - - 1760341927.598640919 1760341927.605037928 0
Oct 13 07:52:07 standalone container-server[124407]: 172.20.0.100 - - [13/Oct/2025:07:52:07 +0000] "PUT /d1/381/AUTH_3fd836c1830440ab81ef373a36d676fd/gnocchi.baa0bea0-c04c-49ba-81c7-40ba10e8cb52/1759320000.0_mean_300.0_v3" 201 - "PUT http://localhost:8080/d1/735/AUTH_3fd836c1830440ab81ef373a36d676fd/gnocchi.baa0bea0-c04c-49ba-81c7-40ba10e8cb52/1759320000.0_mean_300.0_v3" "tx9d9179b318d3457298816-0068ecafa7" "object-server 21" 0.0007 "-" 21 0
Oct 13 07:52:07 standalone object-server[124537]: 172.20.0.100 - - [13/Oct/2025:07:52:07 +0000] "PUT /d1/735/AUTH_3fd836c1830440ab81ef373a36d676fd/gnocchi.baa0bea0-c04c-49ba-81c7-40ba10e8cb52/1759320000.0_mean_300.0_v3" 201 - "PUT http://localhost:8080/v1/AUTH_3fd836c1830440ab81ef373a36d676fd/gnocchi.baa0bea0-c04c-49ba-81c7-40ba10e8cb52/1759320000.0_mean_300.0_v3" "tx9d9179b318d3457298816-0068ecafa7" "proxy-server 21" 0.0112 "-" 21 0
Oct 13 07:52:07 standalone proxy-server[126572]: 172.18.0.2 ::1 13/Oct/2025/07/52/07 PUT /v1/AUTH_3fd836c1830440ab81ef373a36d676fd/gnocchi.baa0bea0-c04c-49ba-81c7-40ba10e8cb52/1759320000.0_mean_300.0_v3 HTTP/1.0 201 - python-swiftclient-3.11.1 gAAAAABo7K7sUwfT... 16 - - tx9d9179b318d3457298816-0068ecafa7 - 0.0166 - - 1760341927.609378338 1760341927.625979662 0
Oct 13 07:52:07 standalone container-server[124409]: 172.20.0.100 - - [13/Oct/2025:07:52:07 +0000] "PUT /d1/381/AUTH_3fd836c1830440ab81ef373a36d676fd/gnocchi.baa0bea0-c04c-49ba-81c7-40ba10e8cb52/none_v3" 201 - "PUT http://localhost:8080/d1/370/AUTH_3fd836c1830440ab81ef373a36d676fd/gnocchi.baa0bea0-c04c-49ba-81c7-40ba10e8cb52/none_v3" "txc68a6d38894f4a69ae2fc-0068ecafa7" "object-server 20" 0.0006 "-" 22 0
Oct 13 07:52:07 standalone object-server[124536]: 172.20.0.100 - - [13/Oct/2025:07:52:07 +0000] "PUT /d1/370/AUTH_3fd836c1830440ab81ef373a36d676fd/gnocchi.baa0bea0-c04c-49ba-81c7-40ba10e8cb52/none_v3" 201 - "PUT http://localhost:8080/v1/AUTH_3fd836c1830440ab81ef373a36d676fd/gnocchi.baa0bea0-c04c-49ba-81c7-40ba10e8cb52/none_v3" "txc68a6d38894f4a69ae2fc-0068ecafa7" "proxy-server 21" 0.0092 "-" 20 0
Oct 13 07:52:07 standalone proxy-server[126572]: 172.18.0.2 ::1 13/Oct/2025/07/52/07 PUT /v1/AUTH_3fd836c1830440ab81ef373a36d676fd/gnocchi.baa0bea0-c04c-49ba-81c7-40ba10e8cb52/none_v3 HTTP/1.0 201 - python-swiftclient-3.11.1 gAAAAABo7K7sUwfT... 22 - - txc68a6d38894f4a69ae2fc-0068ecafa7 - 0.0138 - - 1760341927.630196810 1760341927.644013643 0
Oct 13 07:52:07 standalone container-server[124411]: 172.20.0.100 - - [13/Oct/2025:07:52:07 +0000] "HEAD /d1/615/AUTH_3fd836c1830440ab81ef373a36d676fd/gnocchi.fb561c40-bfd4-4360-b1ee-0010a35910b1" 404 - "HEAD http://localhost:8080/v1/AUTH_3fd836c1830440ab81ef373a36d676fd/gnocchi.fb561c40-bfd4-4360-b1ee-0010a35910b1?format=json&states=listing" "tx1defa2b74fe947988bd31-0068ecafa7" "proxy-server 21" 0.0005 "-" 23 0
Oct 13 07:52:07 standalone object-server[124535]: 172.20.0.100 - - [13/Oct/2025:07:52:07 +0000] "GET /d1/27/AUTH_3fd836c1830440ab81ef373a36d676fd/gnocchi.fb561c40-bfd4-4360-b1ee-0010a35910b1/none_v3" 404 70 "GET http://localhost:8080/v1/AUTH_3fd836c1830440ab81ef373a36d676fd/gnocchi.fb561c40-bfd4-4360-b1ee-0010a35910b1/none_v3" "tx1defa2b74fe947988bd31-0068ecafa7" "proxy-server 21" 0.0005 "-" 19 0
Oct 13 07:52:07 standalone proxy-server[126572]: 172.18.0.2 ::1 13/Oct/2025/07/52/07 GET /v1/AUTH_3fd836c1830440ab81ef373a36d676fd/gnocchi.fb561c40-bfd4-4360-b1ee-0010a35910b1/none_v3 HTTP/1.0 404 - python-swiftclient-3.11.1 gAAAAABo7K7sUwfT... - 70 - tx1defa2b74fe947988bd31-0068ecafa7 - 0.0140 - - 1760341927.669617414 1760341927.683663130 0
Oct 13 07:52:07 standalone account-server[124294]: 172.20.0.100 - - [13/Oct/2025:07:52:07 +0000] "PUT /d1/98/AUTH_3fd836c1830440ab81ef373a36d676fd/gnocchi.fb561c40-bfd4-4360-b1ee-0010a35910b1" 201 - "PUT http://172.20.0.100:6001/d1/615/AUTH_3fd836c1830440ab81ef373a36d676fd/gnocchi.fb561c40-bfd4-4360-b1ee-0010a35910b1" "tx632a6495c06a4ea8ad46b-0068ecafa7" "container-server 23" 0.0046 "-" 16 0
Oct 13 07:52:07 standalone container-server[124411]: 172.20.0.100 - - [13/Oct/2025:07:52:07 +0000] "PUT /d1/615/AUTH_3fd836c1830440ab81ef373a36d676fd/gnocchi.fb561c40-bfd4-4360-b1ee-0010a35910b1" 201 - "PUT http://localhost:8080/v1/AUTH_3fd836c1830440ab81ef373a36d676fd/gnocchi.fb561c40-bfd4-4360-b1ee-0010a35910b1" "tx632a6495c06a4ea8ad46b-0068ecafa7" "proxy-server 21" 0.0155 "-" 23 0
Oct 13 07:52:07 standalone proxy-server[126572]: 172.18.0.2 ::1 13/Oct/2025/07/52/07 PUT /v1/AUTH_3fd836c1830440ab81ef373a36d676fd/gnocchi.fb561c40-bfd4-4360-b1ee-0010a35910b1 HTTP/1.0 201 - python-swiftclient-3.11.1 gAAAAABo7K7sUwfT... - - - tx632a6495c06a4ea8ad46b-0068ecafa7 - 0.0219 - - 1760341927.687842607 1760341927.709782600 0
Oct 13 07:52:07 standalone container-server[124409]: 172.20.0.100 - - [13/Oct/2025:07:52:07 +0000] "HEAD /d1/615/AUTH_3fd836c1830440ab81ef373a36d676fd/gnocchi.fb561c40-bfd4-4360-b1ee-0010a35910b1" 204 - "HEAD http://localhost:8080/v1/AUTH_3fd836c1830440ab81ef373a36d676fd/gnocchi.fb561c40-bfd4-4360-b1ee-0010a35910b1?format=json&states=listing" "txcd3d1ae3d4a3458b8671f-0068ecafa7" "proxy-server 21" 0.0015 "-" 22 0
Oct 13 07:52:07 standalone proxy-server[126572]: - - 13/Oct/2025/07/52/07 HEAD /v1/AUTH_3fd836c1830440ab81ef373a36d676fd/gnocchi.fb561c40-bfd4-4360-b1ee-0010a35910b1%3Fformat%3Djson%26states%3Dlisting HTTP/1.0 204 - Swift - - - - txcd3d1ae3d4a3458b8671f-0068ecafa7 - 0.0051 RL - 1760341927.715027571 1760341927.720087528 0
Oct 13 07:52:07 standalone container-server[124407]: 172.20.0.100 - - [13/Oct/2025:07:52:07 +0000] "GET /d1/615/AUTH_3fd836c1830440ab81ef373a36d676fd/gnocchi.fb561c40-bfd4-4360-b1ee-0010a35910b1" 200 2 "GET http://localhost:8080/v1/AUTH_3fd836c1830440ab81ef373a36d676fd/gnocchi.fb561c40-bfd4-4360-b1ee-0010a35910b1?format=json&states=listing" "txcd3d1ae3d4a3458b8671f-0068ecafa7" "proxy-server 21" 0.0019 "-" 21 0
Oct 13 07:52:07 standalone proxy-server[126572]: 172.18.0.2 ::1 13/Oct/2025/07/52/07 GET /v1/AUTH_3fd836c1830440ab81ef373a36d676fd/gnocchi.fb561c40-bfd4-4360-b1ee-0010a35910b1%3Fformat%3Djson%26states%3Dlisting HTTP/1.0 200 - python-swiftclient-3.11.1 gAAAAABo7K7sUwfT... - 2 - txcd3d1ae3d4a3458b8671f-0068ecafa7 - 0.0140 - - 1760341927.713946819 1760341927.727944851 0
Oct 13 07:52:07 standalone object-server[124535]: 172.20.0.100 - - [13/Oct/2025:07:52:07 +0000] "GET /d1/109/AUTH_3fd836c1830440ab81ef373a36d676fd/gnocchi.fb561c40-bfd4-4360-b1ee-0010a35910b1/1759320000.0_mean_300.0_v3" 404 70 "GET http://localhost:8080/v1/AUTH_3fd836c1830440ab81ef373a36d676fd/gnocchi.fb561c40-bfd4-4360-b1ee-0010a35910b1/1759320000.0_mean_300.0_v3" "txa1737c562bf54c0eb5321-0068ecafa7" "proxy-server 21" 0.0007 "-" 19 0
Oct 13 07:52:07 standalone proxy-server[126572]: 172.18.0.2 ::1 13/Oct/2025/07/52/07 GET /v1/AUTH_3fd836c1830440ab81ef373a36d676fd/gnocchi.fb561c40-bfd4-4360-b1ee-0010a35910b1/1759320000.0_mean_300.0_v3 HTTP/1.0 404 - python-swiftclient-3.11.1 gAAAAABo7K7sUwfT... - 70 - txa1737c562bf54c0eb5321-0068ecafa7 - 0.0059 - - 1760341927.731774807 1760341927.737627029 0
Oct 13 07:52:07 standalone container-server[124411]: 172.20.0.100 - - [13/Oct/2025:07:52:07 +0000] "PUT /d1/615/AUTH_3fd836c1830440ab81ef373a36d676fd/gnocchi.fb561c40-bfd4-4360-b1ee-0010a35910b1/1759320000.0_mean_300.0_v3" 201 - "PUT http://localhost:8080/d1/109/AUTH_3fd836c1830440ab81ef373a36d676fd/gnocchi.fb561c40-bfd4-4360-b1ee-0010a35910b1/1759320000.0_mean_300.0_v3" "tx50fb97bcf4594cb4a544f-0068ecafa7" "object-server 21" 0.0011 "-" 23 0
Oct 13 07:52:07 standalone object-server[124537]: 172.20.0.100 - - [13/Oct/2025:07:52:07 +0000] "PUT /d1/109/AUTH_3fd836c1830440ab81ef373a36d676fd/gnocchi.fb561c40-bfd4-4360-b1ee-0010a35910b1/1759320000.0_mean_300.0_v3" 201 - "PUT http://localhost:8080/v1/AUTH_3fd836c1830440ab81ef373a36d676fd/gnocchi.fb561c40-bfd4-4360-b1ee-0010a35910b1/1759320000.0_mean_300.0_v3" "tx50fb97bcf4594cb4a544f-0068ecafa7" "proxy-server 21" 0.0107 "-" 21 0
Oct 13 07:52:07 standalone proxy-server[126572]: 172.18.0.2 ::1 13/Oct/2025/07/52/07 PUT /v1/AUTH_3fd836c1830440ab81ef373a36d676fd/gnocchi.fb561c40-bfd4-4360-b1ee-0010a35910b1/1759320000.0_mean_300.0_v3 HTTP/1.0 201 - python-swiftclient-3.11.1 gAAAAABo7K7sUwfT... 16 - - tx50fb97bcf4594cb4a544f-0068ecafa7 - 0.0159 - - 1760341927.741101742 1760341927.756991625 0
Oct 13 07:52:07 standalone container-server[124409]: 172.20.0.100 - - [13/Oct/2025:07:52:07 +0000] "PUT /d1/615/AUTH_3fd836c1830440ab81ef373a36d676fd/gnocchi.fb561c40-bfd4-4360-b1ee-0010a35910b1/none_v3" 201 - "PUT http://localhost:8080/d1/27/AUTH_3fd836c1830440ab81ef373a36d676fd/gnocchi.fb561c40-bfd4-4360-b1ee-0010a35910b1/none_v3" "tx210a1ecf652547198628d-0068ecafa7" "object-server 20" 0.0005 "-" 22 0
Oct 13 07:52:07 standalone object-server[124536]: 172.20.0.100 - - [13/Oct/2025:07:52:07 +0000] "PUT /d1/27/AUTH_3fd836c1830440ab81ef373a36d676fd/gnocchi.fb561c40-bfd4-4360-b1ee-0010a35910b1/none_v3" 201 - "PUT http://localhost:8080/v1/AUTH_3fd836c1830440ab81ef373a36d676fd/gnocchi.fb561c40-bfd4-4360-b1ee-0010a35910b1/none_v3" "tx210a1ecf652547198628d-0068ecafa7" "proxy-server 21" 0.0080 "-" 20 0
Oct 13 07:52:07 standalone proxy-server[126572]: 172.18.0.2 ::1 13/Oct/2025/07/52/07 PUT /v1/AUTH_3fd836c1830440ab81ef373a36d676fd/gnocchi.fb561c40-bfd4-4360-b1ee-0010a35910b1/none_v3 HTTP/1.0 201 - python-swiftclient-3.11.1 gAAAAABo7K7sUwfT... 22 - - tx210a1ecf652547198628d-0068ecafa7 - 0.0126 - - 1760341927.759948730 1760341927.772542953 0
Oct 13 07:52:07 standalone container-server[124409]: 172.20.0.100 - - [13/Oct/2025:07:52:07 +0000] "HEAD /d1/312/AUTH_3fd836c1830440ab81ef373a36d676fd/gnocchi.5234e6f5-fc5c-4ee0-8840-873e9ad5cdd6" 404 - "HEAD http://localhost:8080/v1/AUTH_3fd836c1830440ab81ef373a36d676fd/gnocchi.5234e6f5-fc5c-4ee0-8840-873e9ad5cdd6?format=json&states=listing" "tx1cb5b59836e24754bfe0d-0068ecafa7" "proxy-server 21" 0.0003 "-" 22 0
Oct 13 07:52:07 standalone object-server[124534]: 172.20.0.100 - - [13/Oct/2025:07:52:07 +0000] "GET /d1/290/AUTH_3fd836c1830440ab81ef373a36d676fd/gnocchi.5234e6f5-fc5c-4ee0-8840-873e9ad5cdd6/none_v3" 404 70 "GET http://localhost:8080/v1/AUTH_3fd836c1830440ab81ef373a36d676fd/gnocchi.5234e6f5-fc5c-4ee0-8840-873e9ad5cdd6/none_v3" "tx1cb5b59836e24754bfe0d-0068ecafa7" "proxy-server 21" 0.0003 "-" 18 0
Oct 13 07:52:07 standalone proxy-server[126572]: 172.18.0.2 ::1 13/Oct/2025/07/52/07 GET /v1/AUTH_3fd836c1830440ab81ef373a36d676fd/gnocchi.5234e6f5-fc5c-4ee0-8840-873e9ad5cdd6/none_v3 HTTP/1.0 404 - python-swiftclient-3.11.1 gAAAAABo7K7sUwfT... - 70 - tx1cb5b59836e24754bfe0d-0068ecafa7 - 0.0094 - - 1760341927.787223101 1760341927.796671629 0
Oct 13 07:52:07 standalone account-server[124294]: 172.20.0.100 - - [13/Oct/2025:07:52:07 +0000] "PUT /d1/98/AUTH_3fd836c1830440ab81ef373a36d676fd/gnocchi.5234e6f5-fc5c-4ee0-8840-873e9ad5cdd6" 201 - "PUT http://172.20.0.100:6001/d1/312/AUTH_3fd836c1830440ab81ef373a36d676fd/gnocchi.5234e6f5-fc5c-4ee0-8840-873e9ad5cdd6" "txf882ec990e7d47689ef2d-0068ecafa7" "container-server 23" 0.0049 "-" 16 0
Oct 13 07:52:07 standalone container-server[124411]: 172.20.0.100 - - [13/Oct/2025:07:52:07 +0000] "PUT /d1/312/AUTH_3fd836c1830440ab81ef373a36d676fd/gnocchi.5234e6f5-fc5c-4ee0-8840-873e9ad5cdd6" 201 - "PUT http://localhost:8080/v1/AUTH_3fd836c1830440ab81ef373a36d676fd/gnocchi.5234e6f5-fc5c-4ee0-8840-873e9ad5cdd6" "txf882ec990e7d47689ef2d-0068ecafa7" "proxy-server 21" 0.0192 "-" 23 0
Oct 13 07:52:07 standalone proxy-server[126572]: 172.18.0.2 ::1 13/Oct/2025/07/52/07 PUT /v1/AUTH_3fd836c1830440ab81ef373a36d676fd/gnocchi.5234e6f5-fc5c-4ee0-8840-873e9ad5cdd6 HTTP/1.0 201 - python-swiftclient-3.11.1 gAAAAABo7K7sUwfT... - - - txf882ec990e7d47689ef2d-0068ecafa7 - 0.0307 - - 1760341927.802578211 1760341927.833243132 0
Oct 13 07:52:07 standalone container-server[124409]: 172.20.0.100 - - [13/Oct/2025:07:52:07 +0000] "HEAD /d1/312/AUTH_3fd836c1830440ab81ef373a36d676fd/gnocchi.5234e6f5-fc5c-4ee0-8840-873e9ad5cdd6" 204 - "HEAD http://localhost:8080/v1/AUTH_3fd836c1830440ab81ef373a36d676fd/gnocchi.5234e6f5-fc5c-4ee0-8840-873e9ad5cdd6?format=json&states=listing" "tx2c3323cab5e041d0a85e1-0068ecafa7" "proxy-server 21" 0.0015 "-" 22 0
Oct 13 07:52:07 standalone proxy-server[126572]: - - 13/Oct/2025/07/52/07 HEAD /v1/AUTH_3fd836c1830440ab81ef373a36d676fd/gnocchi.5234e6f5-fc5c-4ee0-8840-873e9ad5cdd6%3Fformat%3Djson%26states%3Dlisting HTTP/1.0 204 - Swift - - - - tx2c3323cab5e041d0a85e1-0068ecafa7 - 0.0059 RL - 1760341927.841414213 1760341927.847327471 0
Oct 13 07:52:07 standalone container-server[124407]: 172.20.0.100 - - [13/Oct/2025:07:52:07 +0000] "GET /d1/312/AUTH_3fd836c1830440ab81ef373a36d676fd/gnocchi.5234e6f5-fc5c-4ee0-8840-873e9ad5cdd6" 200 2 "GET http://localhost:8080/v1/AUTH_3fd836c1830440ab81ef373a36d676fd/gnocchi.5234e6f5-fc5c-4ee0-8840-873e9ad5cdd6?format=json&states=listing" "tx2c3323cab5e041d0a85e1-0068ecafa7" "proxy-server 21" 0.0024 "-" 21 0
Oct 13 07:52:07 standalone proxy-server[126572]: 172.18.0.2 ::1 13/Oct/2025/07/52/07 GET /v1/AUTH_3fd836c1830440ab81ef373a36d676fd/gnocchi.5234e6f5-fc5c-4ee0-8840-873e9ad5cdd6%3Fformat%3Djson%26states%3Dlisting HTTP/1.0 200 - python-swiftclient-3.11.1 gAAAAABo7K7sUwfT... - 2 - tx2c3323cab5e041d0a85e1-0068ecafa7 - 0.0188 - - 1760341927.839632034 1760341927.858457804 0
Oct 13 07:52:07 standalone object-server[124535]: 172.20.0.100 - - [13/Oct/2025:07:52:07 +0000] "GET /d1/360/AUTH_3fd836c1830440ab81ef373a36d676fd/gnocchi.5234e6f5-fc5c-4ee0-8840-873e9ad5cdd6/1759320000.0_mean_300.0_v3" 404 70 "GET http://localhost:8080/v1/AUTH_3fd836c1830440ab81ef373a36d676fd/gnocchi.5234e6f5-fc5c-4ee0-8840-873e9ad5cdd6/1759320000.0_mean_300.0_v3" "txdc9fcc748bdb45f6a9cfb-0068ecafa7" "proxy-server 21" 0.0006 "-" 19 0
Oct 13 07:52:07 standalone proxy-server[126572]: 172.18.0.2 ::1 13/Oct/2025/07/52/07 GET /v1/AUTH_3fd836c1830440ab81ef373a36d676fd/gnocchi.5234e6f5-fc5c-4ee0-8840-873e9ad5cdd6/1759320000.0_mean_300.0_v3 HTTP/1.0 404 - python-swiftclient-3.11.1 gAAAAABo7K7sUwfT... - 70 - txdc9fcc748bdb45f6a9cfb-0068ecafa7 - 0.0085 - - 1760341927.864479303 1760341927.873003721 0
Oct 13 07:52:07 standalone container-server[124404]: 172.20.0.100 - - [13/Oct/2025:07:52:07 +0000] "PUT /d1/312/AUTH_3fd836c1830440ab81ef373a36d676fd/gnocchi.5234e6f5-fc5c-4ee0-8840-873e9ad5cdd6/1759320000.0_mean_300.0_v3" 201 - "PUT http://localhost:8080/d1/360/AUTH_3fd836c1830440ab81ef373a36d676fd/gnocchi.5234e6f5-fc5c-4ee0-8840-873e9ad5cdd6/1759320000.0_mean_300.0_v3" "txca71a0f56e9745ae90d57-0068ecafa7" "object-server 20" 0.0007 "-" 20 0
Oct 13 07:52:07 standalone object-server[124536]: 172.20.0.100 - - [13/Oct/2025:07:52:07 +0000] "PUT /d1/360/AUTH_3fd836c1830440ab81ef373a36d676fd/gnocchi.5234e6f5-fc5c-4ee0-8840-873e9ad5cdd6/1759320000.0_mean_300.0_v3" 201 - "PUT http://localhost:8080/v1/AUTH_3fd836c1830440ab81ef373a36d676fd/gnocchi.5234e6f5-fc5c-4ee0-8840-873e9ad5cdd6/1759320000.0_mean_300.0_v3" "txca71a0f56e9745ae90d57-0068ecafa7" "proxy-server 21" 0.0119 "-" 20 0
Oct 13 07:52:07 standalone proxy-server[126572]: 172.18.0.2 ::1 13/Oct/2025/07/52/07 PUT /v1/AUTH_3fd836c1830440ab81ef373a36d676fd/gnocchi.5234e6f5-fc5c-4ee0-8840-873e9ad5cdd6/1759320000.0_mean_300.0_v3 HTTP/1.0 201 - python-swiftclient-3.11.1 gAAAAABo7K7sUwfT... 16 - - txca71a0f56e9745ae90d57-0068ecafa7 - 0.0199 - - 1760341927.877593517 1760341927.897498608 0
Oct 13 07:52:07 standalone container-server[124404]: 172.20.0.100 - - [13/Oct/2025:07:52:07 +0000] "PUT /d1/312/AUTH_3fd836c1830440ab81ef373a36d676fd/gnocchi.5234e6f5-fc5c-4ee0-8840-873e9ad5cdd6/none_v3" 201 - "PUT http://localhost:8080/d1/290/AUTH_3fd836c1830440ab81ef373a36d676fd/gnocchi.5234e6f5-fc5c-4ee0-8840-873e9ad5cdd6/none_v3" "tx5ad9907054c745baa7b3f-0068ecafa7" "object-server 21" 0.0005 "-" 20 0
Oct 13 07:52:07 standalone object-server[124537]: 172.20.0.100 - - [13/Oct/2025:07:52:07 +0000] "PUT /d1/290/AUTH_3fd836c1830440ab81ef373a36d676fd/gnocchi.5234e6f5-fc5c-4ee0-8840-873e9ad5cdd6/none_v3" 201 - "PUT http://localhost:8080/v1/AUTH_3fd836c1830440ab81ef373a36d676fd/gnocchi.5234e6f5-fc5c-4ee0-8840-873e9ad5cdd6/none_v3" "tx5ad9907054c745baa7b3f-0068ecafa7" "proxy-server 21" 0.0113 "-" 21 0
Oct 13 07:52:07 standalone proxy-server[126572]: 172.18.0.2 ::1 13/Oct/2025/07/52/07 PUT /v1/AUTH_3fd836c1830440ab81ef373a36d676fd/gnocchi.5234e6f5-fc5c-4ee0-8840-873e9ad5cdd6/none_v3 HTTP/1.0 201 - python-swiftclient-3.11.1 gAAAAABo7K7sUwfT... 22 - - tx5ad9907054c745baa7b3f-0068ecafa7 - 0.0193 - - 1760341927.902055740 1760341927.921349287 0
Oct 13 07:52:07 standalone container-server[124411]: 172.20.0.100 - - [13/Oct/2025:07:52:07 +0000] "HEAD /d1/431/AUTH_3fd836c1830440ab81ef373a36d676fd/gnocchi.eaebc0e2-cf60-4cf6-9de0-30a3b3c5f28c" 404 - "HEAD http://localhost:8080/v1/AUTH_3fd836c1830440ab81ef373a36d676fd/gnocchi.eaebc0e2-cf60-4cf6-9de0-30a3b3c5f28c?format=json&states=listing" "tx845754b37b294a77b0151-0068ecafa7" "proxy-server 21" 0.0008 "-" 23 0
Oct 13 07:52:07 standalone object-server[124534]: 172.20.0.100 - - [13/Oct/2025:07:52:07 +0000] "GET /d1/252/AUTH_3fd836c1830440ab81ef373a36d676fd/gnocchi.eaebc0e2-cf60-4cf6-9de0-30a3b3c5f28c/none_v3" 404 70 "GET http://localhost:8080/v1/AUTH_3fd836c1830440ab81ef373a36d676fd/gnocchi.eaebc0e2-cf60-4cf6-9de0-30a3b3c5f28c/none_v3" "tx845754b37b294a77b0151-0068ecafa7" "proxy-server 21" 0.0005 "-" 18 0
Oct 13 07:52:07 standalone proxy-server[126572]: 172.18.0.2 ::1 13/Oct/2025/07/52/07 GET /v1/AUTH_3fd836c1830440ab81ef373a36d676fd/gnocchi.eaebc0e2-cf60-4cf6-9de0-30a3b3c5f28c/none_v3 HTTP/1.0 404 - python-swiftclient-3.11.1 gAAAAABo7K7sUwfT... - 70 - tx845754b37b294a77b0151-0068ecafa7 - 0.0139 - - 1760341927.938537359 1760341927.952482224 0
Oct 13 07:52:07 standalone account-server[124275]: 172.20.0.100 - - [13/Oct/2025:07:52:07 +0000] "PUT /d1/98/AUTH_3fd836c1830440ab81ef373a36d676fd/gnocchi.eaebc0e2-cf60-4cf6-9de0-30a3b3c5f28c" 201 - "PUT http://172.20.0.100:6001/d1/431/AUTH_3fd836c1830440ab81ef373a36d676fd/gnocchi.eaebc0e2-cf60-4cf6-9de0-30a3b3c5f28c" "tx40ba4cd063864b43bc17f-0068ecafa7" "container-server 23" 0.0063 "-" 14 0
Oct 13 07:52:07 standalone container-server[124411]: 172.20.0.100 - - [13/Oct/2025:07:52:07 +0000] "PUT /d1/431/AUTH_3fd836c1830440ab81ef373a36d676fd/gnocchi.eaebc0e2-cf60-4cf6-9de0-30a3b3c5f28c" 201 - "PUT http://localhost:8080/v1/AUTH_3fd836c1830440ab81ef373a36d676fd/gnocchi.eaebc0e2-cf60-4cf6-9de0-30a3b3c5f28c" "tx40ba4cd063864b43bc17f-0068ecafa7" "proxy-server 21" 0.0218 "-" 23 0
Oct 13 07:52:07 standalone proxy-server[126572]: 172.18.0.2 ::1 13/Oct/2025/07/52/07 PUT /v1/AUTH_3fd836c1830440ab81ef373a36d676fd/gnocchi.eaebc0e2-cf60-4cf6-9de0-30a3b3c5f28c HTTP/1.0 201 - python-swiftclient-3.11.1 gAAAAABo7K7sUwfT... - - - tx40ba4cd063864b43bc17f-0068ecafa7 - 0.0289 - - 1760341927.956583261 1760341927.985460758 0
Oct 13 07:52:07 standalone container-server[124404]: 172.20.0.100 - - [13/Oct/2025:07:52:07 +0000] "HEAD /d1/431/AUTH_3fd836c1830440ab81ef373a36d676fd/gnocchi.eaebc0e2-cf60-4cf6-9de0-30a3b3c5f28c" 204 - "HEAD http://localhost:8080/v1/AUTH_3fd836c1830440ab81ef373a36d676fd/gnocchi.eaebc0e2-cf60-4cf6-9de0-30a3b3c5f28c?format=json&states=listing" "txcf2a449fcd7c4c4c977e4-0068ecafa7" "proxy-server 21" 0.0025 "-" 20 0
Oct 13 07:52:08 standalone proxy-server[126572]: - - 13/Oct/2025/07/52/08 HEAD /v1/AUTH_3fd836c1830440ab81ef373a36d676fd/gnocchi.eaebc0e2-cf60-4cf6-9de0-30a3b3c5f28c%3Fformat%3Djson%26states%3Dlisting HTTP/1.0 204 - Swift - - - - txcf2a449fcd7c4c4c977e4-0068ecafa7 - 0.0075 RL - 1760341927.992860079 1760341928.000352144 0
Oct 13 07:52:08 standalone container-server[124407]: 172.20.0.100 - - [13/Oct/2025:07:52:08 +0000] "GET /d1/431/AUTH_3fd836c1830440ab81ef373a36d676fd/gnocchi.eaebc0e2-cf60-4cf6-9de0-30a3b3c5f28c" 200 2 "GET http://localhost:8080/v1/AUTH_3fd836c1830440ab81ef373a36d676fd/gnocchi.eaebc0e2-cf60-4cf6-9de0-30a3b3c5f28c?format=json&states=listing" "txcf2a449fcd7c4c4c977e4-0068ecafa7" "proxy-server 21" 0.0036 "-" 21 0
Oct 13 07:52:08 standalone proxy-server[126572]: 172.18.0.2 ::1 13/Oct/2025/07/52/08 GET /v1/AUTH_3fd836c1830440ab81ef373a36d676fd/gnocchi.eaebc0e2-cf60-4cf6-9de0-30a3b3c5f28c%3Fformat%3Djson%26states%3Dlisting HTTP/1.0 200 - python-swiftclient-3.11.1 gAAAAABo7K7sUwfT... - 2 - txcf2a449fcd7c4c4c977e4-0068ecafa7 - 0.0220 - - 1760341927.991219521 1760341928.013208389 0
Oct 13 07:52:08 standalone object-server[124534]: 172.20.0.100 - - [13/Oct/2025:07:52:08 +0000] "GET /d1/913/AUTH_3fd836c1830440ab81ef373a36d676fd/gnocchi.eaebc0e2-cf60-4cf6-9de0-30a3b3c5f28c/1759320000.0_mean_300.0_v3" 404 70 "GET http://localhost:8080/v1/AUTH_3fd836c1830440ab81ef373a36d676fd/gnocchi.eaebc0e2-cf60-4cf6-9de0-30a3b3c5f28c/1759320000.0_mean_300.0_v3" "tx5b9bf145b4134d6685713-0068ecafa8" "proxy-server 21" 0.0006 "-" 18 0
Oct 13 07:52:08 standalone proxy-server[126572]: 172.18.0.2 ::1 13/Oct/2025/07/52/08 GET /v1/AUTH_3fd836c1830440ab81ef373a36d676fd/gnocchi.eaebc0e2-cf60-4cf6-9de0-30a3b3c5f28c/1759320000.0_mean_300.0_v3 HTTP/1.0 404 - python-swiftclient-3.11.1 gAAAAABo7K7sUwfT... - 70 - tx5b9bf145b4134d6685713-0068ecafa8 - 0.0085 - - 1760341928.018993855 1760341928.027460098 0
Oct 13 07:52:08 standalone container-server[124409]: 172.20.0.100 - - [13/Oct/2025:07:52:08 +0000] "PUT /d1/431/AUTH_3fd836c1830440ab81ef373a36d676fd/gnocchi.eaebc0e2-cf60-4cf6-9de0-30a3b3c5f28c/1759320000.0_mean_300.0_v3" 201 - "PUT http://localhost:8080/d1/913/AUTH_3fd836c1830440ab81ef373a36d676fd/gnocchi.eaebc0e2-cf60-4cf6-9de0-30a3b3c5f28c/1759320000.0_mean_300.0_v3" "txce9010cdf2964399835b4-0068ecafa8" "object-server 21" 0.0009 "-" 22 0
Oct 13 07:52:08 standalone object-server[124537]: 172.20.0.100 - - [13/Oct/2025:07:52:08 +0000] "PUT /d1/913/AUTH_3fd836c1830440ab81ef373a36d676fd/gnocchi.eaebc0e2-cf60-4cf6-9de0-30a3b3c5f28c/1759320000.0_mean_300.0_v3" 201 - "PUT http://localhost:8080/v1/AUTH_3fd836c1830440ab81ef373a36d676fd/gnocchi.eaebc0e2-cf60-4cf6-9de0-30a3b3c5f28c/1759320000.0_mean_300.0_v3" "txce9010cdf2964399835b4-0068ecafa8" "proxy-server 21" 0.0136 "-" 21 0
Oct 13 07:52:08 standalone proxy-server[126572]: 172.18.0.2 ::1 13/Oct/2025/07/52/08 PUT /v1/AUTH_3fd836c1830440ab81ef373a36d676fd/gnocchi.eaebc0e2-cf60-4cf6-9de0-30a3b3c5f28c/1759320000.0_mean_300.0_v3 HTTP/1.0 201 - python-swiftclient-3.11.1 gAAAAABo7K7sUwfT... 16 - - txce9010cdf2964399835b4-0068ecafa8 - 0.0218 - - 1760341928.032239199 1760341928.054024696 0
Oct 13 07:52:08 standalone container-server[124407]: 172.20.0.100 - - [13/Oct/2025:07:52:08 +0000] "PUT /d1/431/AUTH_3fd836c1830440ab81ef373a36d676fd/gnocchi.eaebc0e2-cf60-4cf6-9de0-30a3b3c5f28c/none_v3" 201 - "PUT http://localhost:8080/d1/252/AUTH_3fd836c1830440ab81ef373a36d676fd/gnocchi.eaebc0e2-cf60-4cf6-9de0-30a3b3c5f28c/none_v3" "tx81d8daccf6ad485fa05f7-0068ecafa8" "object-server 20" 0.0008 "-" 21 0
Oct 13 07:52:08 standalone object-server[124536]: 172.20.0.100 - - [13/Oct/2025:07:52:08 +0000] "PUT /d1/252/AUTH_3fd836c1830440ab81ef373a36d676fd/gnocchi.eaebc0e2-cf60-4cf6-9de0-30a3b3c5f28c/none_v3" 201 - "PUT http://localhost:8080/v1/AUTH_3fd836c1830440ab81ef373a36d676fd/gnocchi.eaebc0e2-cf60-4cf6-9de0-30a3b3c5f28c/none_v3" "tx81d8daccf6ad485fa05f7-0068ecafa8" "proxy-server 21" 0.0126 "-" 20 0
Oct 13 07:52:08 standalone proxy-server[126572]: 172.18.0.2 ::1 13/Oct/2025/07/52/08 PUT /v1/AUTH_3fd836c1830440ab81ef373a36d676fd/gnocchi.eaebc0e2-cf60-4cf6-9de0-30a3b3c5f28c/none_v3 HTTP/1.0 201 - python-swiftclient-3.11.1 gAAAAABo7K7sUwfT... 22 - - tx81d8daccf6ad485fa05f7-0068ecafa8 - 0.0210 - - 1760341928.058172464 1760341928.079144001 0
Oct 13 07:53:44 standalone object-server[124433]: Begin object update sweep
Oct 13 07:53:44 standalone object-server[238780]: Object update sweep starting on /srv/node/d1 (pid: 15)
Oct 13 07:53:44 standalone object-server[238780]: Object update sweep completed on /srv/node/d1 in 0.00s seconds:, 0 successes, 0 failures, 0 quarantines, 0 unlinks, 0 errors, 0 redirects (pid: 15)
Oct 13 07:53:44 standalone object-server[238780]: Object update sweep of d1 completed: 0.00s, 0 successes, 0 failures, 0 quarantines, 0 unlinks, 0 errors, 0 redirects
Oct 13 07:53:44 standalone object-server[124433]: Object update sweep completed: 0.10s
Oct 13 07:53:58 standalone container-server[124265]: Begin container update sweep
Oct 13 07:53:58 standalone account-server[124275]: 172.20.0.100 - - [13/Oct/2025:07:53:58 +0000] "PUT /d1/98/AUTH_3fd836c1830440ab81ef373a36d676fd/gnocchi.fdd7f82b-e8e7-416f-b9ef-0e9065e6c9be" 201 - "-" "-" "container-updater 2" 0.0016 "-" 14 0
Oct 13 07:53:58 standalone account-server[124306]: 172.20.0.100 - - [13/Oct/2025:07:53:58 +0000] "PUT /d1/98/AUTH_3fd836c1830440ab81ef373a36d676fd/gnocchi.26fccec9-624a-4c3e-9617-1720b7663a3c" 201 - "-" "-" "container-updater 2" 0.0008 "-" 20 0
Oct 13 07:53:58 standalone account-server[124290]: 172.20.0.100 - - [13/Oct/2025:07:53:58 +0000] "PUT /d1/98/AUTH_3fd836c1830440ab81ef373a36d676fd/gnocchi.aabb0690-47db-4c8d-88b4-4d7bd983274a" 201 - "-" "-" "container-updater 2" 0.0008 "-" 15 0
Oct 13 07:53:58 standalone account-server[124290]: 172.20.0.100 - - [13/Oct/2025:07:53:58 +0000] "PUT /d1/98/AUTH_3fd836c1830440ab81ef373a36d676fd/gnocchi.c0c1c29b-ae2c-4174-a51d-e24657d9b452" 201 - "-" "-" "container-updater 2" 0.0006 "-" 15 0
Oct 13 07:53:58 standalone account-server[124275]: 172.20.0.100 - - [13/Oct/2025:07:53:58 +0000] "PUT /d1/98/AUTH_3fd836c1830440ab81ef373a36d676fd/gnocchi.ac85ab13-b899-4c78-96b2-ec98caf250bb" 201 - "-" "-" "container-updater 2" 0.0009 "-" 14 0
Oct 13 07:53:58 standalone account-server[124275]: 172.20.0.100 - - [13/Oct/2025:07:53:58 +0000] "PUT /d1/98/AUTH_3fd836c1830440ab81ef373a36d676fd/gnocchi.601feb51-c9ef-4a04-a21b-101fed398d67" 201 - "-" "-" "container-updater 2" 0.0005 "-" 14 0
Oct 13 07:53:58 standalone account-server[124294]: 172.20.0.100 - - [13/Oct/2025:07:53:58 +0000] "PUT /d1/98/AUTH_3fd836c1830440ab81ef373a36d676fd/gnocchi.6a7c851d-a348-4bb5-8eea-e65a93e4241f" 201 - "-" "-" "container-updater 2" 0.0008 "-" 16 0
Oct 13 07:53:58 standalone account-server[124290]: 172.20.0.100 - - [13/Oct/2025:07:53:58 +0000] "PUT /d1/98/AUTH_3fd836c1830440ab81ef373a36d676fd/gnocchi.7891a5db-ff6c-464c-a98e-ffd27edda7e2" 201 - "-" "-" "container-updater 2" 0.0007 "-" 15 0
Oct 13 07:53:58 standalone account-server[124294]: 172.20.0.100 - - [13/Oct/2025:07:53:58 +0000] "PUT /d1/98/AUTH_3fd836c1830440ab81ef373a36d676fd/gnocchi.356d4efc-8cb0-40c8-8f02-3a69ed8b3a30" 201 - "-" "-" "container-updater 2" 0.0007 "-" 16 0
Oct 13 07:53:59 standalone account-server[124275]: 172.20.0.100 - - [13/Oct/2025:07:53:59 +0000] "PUT /d1/98/AUTH_3fd836c1830440ab81ef373a36d676fd/gnocchi.b2f88946-7eb5-48d3-8bc2-4bf17f78c13e" 201 - "-" "-" "container-updater 2" 0.0006 "-" 14 0
Oct 13 07:53:59 standalone account-server[124275]: 172.20.0.100 - - [13/Oct/2025:07:53:59 +0000] "PUT /d1/98/AUTH_3fd836c1830440ab81ef373a36d676fd/gnocchi.68768457-15b4-4165-9e8c-d9960aaebaa1" 201 - "-" "-" "container-updater 2" 0.0008 "-" 14 0
Oct 13 07:53:59 standalone account-server[124306]: 172.20.0.100 - - [13/Oct/2025:07:53:59 +0000] "PUT /d1/98/AUTH_3fd836c1830440ab81ef373a36d676fd/gnocchi.5234e6f5-fc5c-4ee0-8840-873e9ad5cdd6" 201 - "-" "-" "container-updater 2" 0.0008 "-" 20 0
Oct 13 07:53:59 standalone account-server[124290]: 172.20.0.100 - - [13/Oct/2025:07:53:59 +0000] "PUT /d1/98/AUTH_3fd836c1830440ab81ef373a36d676fd/gnocchi.935d784f-6dd0-4dee-a5d6-2f601d33bdc9" 201 - "-" "-" "container-updater 2" 0.0009 "-" 15 0
Oct 13 07:53:59 standalone account-server[124290]: 172.20.0.100 - - [13/Oct/2025:07:53:59 +0000] "PUT /d1/98/AUTH_3fd836c1830440ab81ef373a36d676fd/gnocchi.86bdfca8-a8db-475f-ae98-4c5478a49087" 201 - "-" "-" "container-updater 2" 0.0007 "-" 15 0
Oct 13 07:53:59 standalone account-server[124306]: 172.20.0.100 - - [13/Oct/2025:07:53:59 +0000] "PUT /d1/98/AUTH_3fd836c1830440ab81ef373a36d676fd/gnocchi.91e26792-cd09-4024-bcfa-212e7d470bd4" 201 - "-" "-" "container-updater 2" 0.0008 "-" 20 0
Oct 13 07:54:00 standalone account-server[124294]: 172.20.0.100 - - [13/Oct/2025:07:54:00 +0000] "PUT /d1/98/AUTH_3fd836c1830440ab81ef373a36d676fd/gnocchi.4ff94089-0856-4428-90ce-41632a76bef1" 201 - "-" "-" "container-updater 2" 0.0008 "-" 16 0
Oct 13 07:54:00 standalone account-server[124275]: 172.20.0.100 - - [13/Oct/2025:07:54:00 +0000] "PUT /d1/98/AUTH_3fd836c1830440ab81ef373a36d676fd/glance" 201 - "-" "-" "container-updater 2" 0.0005 "-" 14 0
Oct 13 07:54:00 standalone account-server[124294]: 172.20.0.100 - - [13/Oct/2025:07:54:00 +0000] "PUT /d1/98/AUTH_3fd836c1830440ab81ef373a36d676fd/gnocchi.78a94c1a-189b-4a65-a431-5af9b4835e93" 201 - "-" "-" "container-updater 2" 0.0009 "-" 16 0
Oct 13 07:54:00 standalone account-server[124306]: 172.20.0.100 - - [13/Oct/2025:07:54:00 +0000] "PUT /d1/98/AUTH_3fd836c1830440ab81ef373a36d676fd/gnocchi.b1392a61-9393-4bbe-808c-2e52aa2b2894" 201 - "-" "-" "container-updater 2" 0.0005 "-" 20 0
Oct 13 07:54:00 standalone account-server[124306]: 172.20.0.100 - - [13/Oct/2025:07:54:00 +0000] "PUT /d1/98/AUTH_3fd836c1830440ab81ef373a36d676fd/gnocchi.eaebc0e2-cf60-4cf6-9de0-30a3b3c5f28c" 201 - "-" "-" "container-updater 2" 0.0006 "-" 20 0
Oct 13 07:54:00 standalone account-server[124275]: 172.20.0.100 - - [13/Oct/2025:07:54:00 +0000] "PUT /d1/98/AUTH_3fd836c1830440ab81ef373a36d676fd/gnocchi.fb561c40-bfd4-4360-b1ee-0010a35910b1" 201 - "-" "-" "container-updater 2" 0.0007 "-" 14 0
Oct 13 07:54:00 standalone account-server[124275]: 172.20.0.100 - - [13/Oct/2025:07:54:00 +0000] "PUT /d1/98/AUTH_3fd836c1830440ab81ef373a36d676fd/gnocchi.20678e51-ae25-4e94-8742-0e9fee812702" 201 - "-" "-" "container-updater 2" 0.0007 "-" 14 0
Oct 13 07:54:00 standalone account-server[124294]: 172.20.0.100 - - [13/Oct/2025:07:54:00 +0000] "PUT /d1/98/AUTH_3fd836c1830440ab81ef373a36d676fd/gnocchi.baa0bea0-c04c-49ba-81c7-40ba10e8cb52" 201 - "-" "-" "container-updater 2" 0.0005 "-" 16 0
Oct 13 07:54:00 standalone container-server[124265]: Container update sweep completed: 2.90s
Oct 13 07:54:45 standalone account-server[124290]: 172.20.0.100 - - [13/Oct/2025:07:54:45 +0000] "HEAD /d1/795/.expiring_objects" 404 - "HEAD http://localhost/v1/.expiring_objects?format=json" "txb447193107eb4d399ad2b-0068ecb045" "proxy-server 2" 0.0007 "-" 15 -
Oct 13 07:54:45 standalone object-expirer[124292]: Pass completed in 0s; 0 objects expired (txn: txb447193107eb4d399ad2b-0068ecb045)
Oct 13 07:56:05 standalone account-server[124294]: 172.20.0.100 - - [13/Oct/2025:07:56:05 +0000] "HEAD /d1/795/.expiring_objects" 404 - "HEAD http://localhost/v1/.expiring_objects?format=json" "tx5eba58577e4c4e42b77c3-0068ecb095" "proxy-server 2" 0.0007 "-" 16 -
Oct 13 07:56:05 standalone object-expirer[124292]: Pass completed in 0s; 0 objects expired (txn: tx5eba58577e4c4e42b77c3-0068ecb095)
Oct 13 07:58:44 standalone object-server[124433]: Begin object update sweep
Oct 13 07:58:44 standalone object-server[268077]: Object update sweep starting on /srv/node/d1 (pid: 16)
Oct 13 07:58:44 standalone object-server[268077]: Object update sweep completed on /srv/node/d1 in 0.00s seconds:, 0 successes, 0 failures, 0 quarantines, 0 unlinks, 0 errors, 0 redirects (pid: 16)
Oct 13 07:58:44 standalone object-server[268077]: Object update sweep of d1 completed: 0.00s, 0 successes, 0 failures, 0 quarantines, 0 unlinks, 0 errors, 0 redirects
Oct 13 07:58:44 standalone object-server[124433]: Object update sweep completed: 0.09s
Oct 13 07:58:58 standalone container-server[124265]: Begin container update sweep
Oct 13 07:58:59 standalone container-server[124265]: Container update sweep completed: 1.69s
Oct 13 07:59:27 standalone account-server[124290]: 172.20.0.100 - - [13/Oct/2025:07:59:27 +0000] "HEAD /d1/795/.expiring_objects" 404 - "HEAD http://localhost/v1/.expiring_objects?format=json" "tx8fb2a4240b2c480f838a0-0068ecb15f" "proxy-server 2" 0.0007 "-" 15 -
Oct 13 07:59:27 standalone object-expirer[124292]: Pass completed in 0s; 0 objects expired (txn: tx8fb2a4240b2c480f838a0-0068ecb15f)
Oct 13 08:01:54 standalone account-server[124275]: 172.20.0.100 - - [13/Oct/2025:08:01:54 +0000] "HEAD /d1/795/.expiring_objects" 404 - "HEAD http://localhost/v1/.expiring_objects?format=json" "txf7131be0cb8744669823f-0068ecb1f2" "proxy-server 2" 0.0011 "-" 14 -
Oct 13 08:01:54 standalone object-expirer[124292]: Pass completed in 0s; 0 objects expired (txn: txf7131be0cb8744669823f-0068ecb1f2)
Oct 13 08:03:31 standalone account-server[124290]: 172.20.0.31 - - [13/Oct/2025:08:03:31 +0000] "HEAD /d1/599/AUTH_3881a3a11d4f4c56af72e99b32586855" 404 - "HEAD http://swift-public-openstack.apps-crc.testing/v1/AUTH_3881a3a11d4f4c56af72e99b32586855?format=json" "txa3d70a3974454cb1af9a5-0068ecb253" "proxy-server 15" 0.0007 "-" 15 -
Oct 13 08:03:32 standalone account-server[124275]: 172.20.0.31 - - [13/Oct/2025:08:03:32 +0000] "GET /d1/599/AUTH_3881a3a11d4f4c56af72e99b32586855" 404 - "GET http://swift-public-openstack.apps-crc.testing/v1/AUTH_3881a3a11d4f4c56af72e99b32586855?format=json" "txa3d70a3974454cb1af9a5-0068ecb253" "proxy-server 15" 0.0008 "-" 14 -
Oct 13 08:03:44 standalone object-server[124433]: Begin object update sweep
Oct 13 08:03:44 standalone object-server[288666]: Object update sweep starting on /srv/node/d1 (pid: 17)
Oct 13 08:03:44 standalone object-server[288666]: Object update sweep completed on /srv/node/d1 in 0.00s seconds:, 0 successes, 0 failures, 0 quarantines, 0 unlinks, 0 errors, 0 redirects (pid: 17)
Oct 13 08:03:44 standalone object-server[288666]: Object update sweep of d1 completed: 0.00s, 0 successes, 0 failures, 0 quarantines, 0 unlinks, 0 errors, 0 redirects
Oct 13 08:03:44 standalone object-server[124433]: Object update sweep completed: 0.09s
Oct 13 08:03:58 standalone container-server[124265]: Begin container update sweep
Oct 13 08:03:59 standalone container-server[124265]: Container update sweep completed: 1.56s
Oct 13 08:06:49 standalone account-server[124275]: 172.20.0.100 - - [13/Oct/2025:08:06:49 +0000] "HEAD /d1/795/.expiring_objects" 404 - "HEAD http://localhost/v1/.expiring_objects?format=json" "tx8bce45fa68ea43ff81cc4-0068ecb319" "proxy-server 2" 0.0008 "-" 14 -
Oct 13 08:06:49 standalone object-expirer[124292]: Pass completed in 0s; 0 objects expired (txn: tx8bce45fa68ea43ff81cc4-0068ecb319)
Oct 13 08:08:28 standalone account-server[124275]: 172.20.0.100 - - [13/Oct/2025:08:08:28 +0000] "HEAD /d1/795/.expiring_objects" 404 - "HEAD http://localhost/v1/.expiring_objects?format=json" "txfd1157d367fc490e9a2e2-0068ecb37c" "proxy-server 2" 0.0006 "-" 14 -
Oct 13 08:08:28 standalone object-expirer[124292]: Pass completed in 0s; 0 objects expired (txn: txfd1157d367fc490e9a2e2-0068ecb37c)
Oct 13 08:08:44 standalone object-server[124433]: Begin object update sweep
Oct 13 08:08:44 standalone object-server[309328]: Object update sweep starting on /srv/node/d1 (pid: 18)
Oct 13 08:08:44 standalone object-server[309328]: Object update sweep completed on /srv/node/d1 in 0.00s seconds:, 0 successes, 0 failures, 0 quarantines, 0 unlinks, 0 errors, 0 redirects (pid: 18)
Oct 13 08:08:44 standalone object-server[309328]: Object update sweep of d1 completed: 0.00s, 0 successes, 0 failures, 0 quarantines, 0 unlinks, 0 errors, 0 redirects
Oct 13 08:08:44 standalone object-server[124433]: Object update sweep completed: 0.12s
Oct 13 08:08:58 standalone container-server[124265]: Begin container update sweep
Oct 13 08:09:00 standalone container-server[124265]: Container update sweep completed: 2.07s
Oct 13 08:10:47 standalone account-server[124306]: 172.20.0.100 - - [13/Oct/2025:08:10:47 +0000] "HEAD /d1/795/.expiring_objects" 404 - "HEAD http://localhost/v1/.expiring_objects?format=json" "tx70d425d02e9d4656b5466-0068ecb407" "proxy-server 2" 0.0006 "-" 20 -
Oct 13 08:10:47 standalone object-expirer[124292]: Pass completed in 0s; 0 objects expired (txn: tx70d425d02e9d4656b5466-0068ecb407)
Oct 13 08:10:52 standalone account-server[124294]: 172.20.0.31 - - [13/Oct/2025:08:10:52 +0000] "HEAD /d1/98/AUTH_3fd836c1830440ab81ef373a36d676fd" 204 - "HEAD http://swift-internal.openstack.svc:8080/v1/AUTH_3fd836c1830440ab81ef373a36d676fd?format=json" "tx1b0f6045e4ae4bcaa41e0-0068ecb40c" "proxy-server 8" 0.0143 "-" 16 -
Oct 13 08:10:53 standalone container-server[124409]: 172.20.0.31 - - [13/Oct/2025:08:10:53 +0000] "HEAD /d1/54/AUTH_3fd836c1830440ab81ef373a36d676fd/glance" 204 - "HEAD http://swift-internal.openstack.svc:8080/v1/AUTH_3fd836c1830440ab81ef373a36d676fd/glance?format=json&states=listing" "tx1b0f6045e4ae4bcaa41e0-0068ecb40c" "proxy-server 8" 0.0032 "-" 22 0
Oct 13 08:10:55 standalone container-server[124411]: 172.20.0.100 - - [13/Oct/2025:08:10:55 +0000] "PUT /d1/54/AUTH_3fd836c1830440ab81ef373a36d676fd/glance/e689c8ce-d630-43c3-88a2-67835e292ad8-00001" 201 - "PUT http://swift-internal.openstack.svc:8080/d1/805/AUTH_3fd836c1830440ab81ef373a36d676fd/glance/e689c8ce-d630-43c3-88a2-67835e292ad8-00001" "tx8b09fd3bb0ae4803adbb3-0068ecb40d" "object-server 20" 0.0013 "-" 23 0
Oct 13 08:10:55 standalone object-server[124536]: 172.20.0.31 - - [13/Oct/2025:08:10:55 +0000] "PUT /d1/805/AUTH_3fd836c1830440ab81ef373a36d676fd/glance/e689c8ce-d630-43c3-88a2-67835e292ad8-00001" 201 - "PUT http://swift-internal.openstack.svc:8080/v1/AUTH_3fd836c1830440ab81ef373a36d676fd/glance/e689c8ce-d630-43c3-88a2-67835e292ad8-00001" "tx8b09fd3bb0ae4803adbb3-0068ecb40d" "proxy-server 8" 2.2742 "-" 20 0
Oct 13 08:10:57 standalone container-server[124411]: 172.20.0.100 - - [13/Oct/2025:08:10:57 +0000] "PUT /d1/54/AUTH_3fd836c1830440ab81ef373a36d676fd/glance/e689c8ce-d630-43c3-88a2-67835e292ad8-00002" 201 - "PUT http://swift-internal.openstack.svc:8080/d1/812/AUTH_3fd836c1830440ab81ef373a36d676fd/glance/e689c8ce-d630-43c3-88a2-67835e292ad8-00002" "tx94d9db6956334069b5f0c-0068ecb40f" "object-server 19" 0.0008 "-" 23 0
Oct 13 08:10:57 standalone object-server[124535]: 172.20.0.31 - - [13/Oct/2025:08:10:57 +0000] "PUT /d1/812/AUTH_3fd836c1830440ab81ef373a36d676fd/glance/e689c8ce-d630-43c3-88a2-67835e292ad8-00002" 201 - "PUT http://swift-internal.openstack.svc:8080/v1/AUTH_3fd836c1830440ab81ef373a36d676fd/glance/e689c8ce-d630-43c3-88a2-67835e292ad8-00002" "tx94d9db6956334069b5f0c-0068ecb40f" "proxy-server 8" 2.1777 "-" 19 0
Oct 13 08:10:59 standalone container-server[124411]: 172.20.0.100 - - [13/Oct/2025:08:10:59 +0000] "PUT /d1/54/AUTH_3fd836c1830440ab81ef373a36d676fd/glance/e689c8ce-d630-43c3-88a2-67835e292ad8-00003" 201 - "PUT http://swift-internal.openstack.svc:8080/d1/558/AUTH_3fd836c1830440ab81ef373a36d676fd/glance/e689c8ce-d630-43c3-88a2-67835e292ad8-00003" "tx7f085be2cd0241a6a4826-0068ecb411" "object-server 20" 0.0010 "-" 23 0
Oct 13 08:10:59 standalone object-server[124536]: 172.20.0.31 - - [13/Oct/2025:08:10:59 +0000] "PUT /d1/558/AUTH_3fd836c1830440ab81ef373a36d676fd/glance/e689c8ce-d630-43c3-88a2-67835e292ad8-00003" 201 - "PUT http://swift-internal.openstack.svc:8080/v1/AUTH_3fd836c1830440ab81ef373a36d676fd/glance/e689c8ce-d630-43c3-88a2-67835e292ad8-00003" "tx7f085be2cd0241a6a4826-0068ecb411" "proxy-server 8" 1.3300 "-" 20 0
Oct 13 08:10:59 standalone container-server[124411]: 172.20.0.100 - - [13/Oct/2025:08:10:59 +0000] "PUT /d1/54/AUTH_3fd836c1830440ab81ef373a36d676fd/glance/e689c8ce-d630-43c3-88a2-67835e292ad8" 201 - "PUT http://swift-internal.openstack.svc:8080/d1/570/AUTH_3fd836c1830440ab81ef373a36d676fd/glance/e689c8ce-d630-43c3-88a2-67835e292ad8" "tx4d49e6752ae043a4a4b41-0068ecb413" "object-server 19" 0.0010 "-" 23 0
Oct 13 08:10:59 standalone object-server[124535]: 172.20.0.31 - - [13/Oct/2025:08:10:59 +0000] "PUT /d1/570/AUTH_3fd836c1830440ab81ef373a36d676fd/glance/e689c8ce-d630-43c3-88a2-67835e292ad8" 201 - "PUT http://swift-internal.openstack.svc:8080/v1/AUTH_3fd836c1830440ab81ef373a36d676fd/glance/e689c8ce-d630-43c3-88a2-67835e292ad8" "tx4d49e6752ae043a4a4b41-0068ecb413" "proxy-server 8" 0.0117 "-" 19 0
Oct 13 08:11:55 standalone account-server[124306]: 172.20.0.100 - - [13/Oct/2025:08:11:55 +0000] "HEAD /d1/795/.expiring_objects" 404 - "HEAD http://localhost/v1/.expiring_objects?format=json" "tx7f2fe67901af41ba9d506-0068ecb44b" "proxy-server 2" 0.0006 "-" 20 -
Oct 13 08:11:55 standalone object-expirer[124292]: Pass completed in 0s; 0 objects expired (txn: tx7f2fe67901af41ba9d506-0068ecb44b)
Oct 13 08:12:49 standalone account-server[124275]: 172.20.0.100 - - [13/Oct/2025:08:12:49 +0000] "HEAD /d1/795/.expiring_objects" 404 - "HEAD http://localhost/v1/.expiring_objects?format=json" "tx4ff36625af474c21aea83-0068ecb481" "proxy-server 2" 0.0012 "-" 14 -
Oct 13 08:12:49 standalone object-expirer[124292]: Pass completed in 0s; 0 objects expired (txn: tx4ff36625af474c21aea83-0068ecb481)
Oct 13 08:13:44 standalone object-server[124433]: Begin object update sweep
Oct 13 08:13:44 standalone object-server[329901]: Object update sweep starting on /srv/node/d1 (pid: 19)
Oct 13 08:13:44 standalone object-server[329901]: Object update sweep completed on /srv/node/d1 in 0.00s seconds:, 0 successes, 0 failures, 0 quarantines, 0 unlinks, 0 errors, 0 redirects (pid: 19)
Oct 13 08:13:44 standalone object-server[329901]: Object update sweep of d1 completed: 0.00s, 0 successes, 0 failures, 0 quarantines, 0 unlinks, 0 errors, 0 redirects
Oct 13 08:13:44 standalone object-server[124433]: Object update sweep completed: 0.06s
