Oct 13 07:52:06 standalone proxy-server[126572]: 172.18.0.2 ::1 13/Oct/2025/07/52/06 GET /v1/AUTH_3fd836c1830440ab81ef373a36d676fd/gnocchi.fdd7f82b-e8e7-416f-b9ef-0e9065e6c9be/1759320000.0_mean_300.0_v3 HTTP/1.0 404 - python-swiftclient-3.11.1 gAAAAABo7K7sUwfT... - 70 - tx496ac36547d34200b619b-0068ecafa6 - 0.0042 - - 1760341926.398517847 1760341926.402685165 0
Oct 13 07:52:06 standalone container-server[124404]: 172.20.0.100 - - [13/Oct/2025:07:52:06 +0000] "PUT /d1/762/AUTH_3fd836c1830440ab81ef373a36d676fd/gnocchi.b2f88946-7eb5-48d3-8bc2-4bf17f78c13e/1759320000.0_mean_300.0_v3" 201 - "PUT http://localhost:8080/d1/905/AUTH_3fd836c1830440ab81ef373a36d676fd/gnocchi.b2f88946-7eb5-48d3-8bc2-4bf17f78c13e/1759320000.0_mean_300.0_v3" "tx3fd6381332714724be2f1-0068ecafa6" "object-server 18" 0.0006 "-" 20 0
Oct 13 07:52:06 standalone object-server[124534]: 172.20.0.100 - - [13/Oct/2025:07:52:06 +0000] "PUT /d1/905/AUTH_3fd836c1830440ab81ef373a36d676fd/gnocchi.b2f88946-7eb5-48d3-8bc2-4bf17f78c13e/1759320000.0_mean_300.0_v3" 201 - "PUT http://localhost:8080/v1/AUTH_3fd836c1830440ab81ef373a36d676fd/gnocchi.b2f88946-7eb5-48d3-8bc2-4bf17f78c13e/1759320000.0_mean_300.0_v3" "tx3fd6381332714724be2f1-0068ecafa6" "proxy-server 21" 0.0081 "-" 18 0
Oct 13 07:52:06 standalone proxy-server[126572]: 172.18.0.2 ::1 13/Oct/2025/07/52/06 PUT /v1/AUTH_3fd836c1830440ab81ef373a36d676fd/gnocchi.b2f88946-7eb5-48d3-8bc2-4bf17f78c13e/1759320000.0_mean_300.0_v3 HTTP/1.0 201 - python-swiftclient-3.11.1 gAAAAABo7K7sUwfT... 16 - - tx3fd6381332714724be2f1-0068ecafa6 - 0.0117 - - 1760341926.404755831 1760341926.416420460 0
Oct 13 07:52:06 standalone container-server[124411]: 172.20.0.100 - - [13/Oct/2025:07:52:06 +0000] "PUT /d1/526/AUTH_3fd836c1830440ab81ef373a36d676fd/gnocchi.fdd7f82b-e8e7-416f-b9ef-0e9065e6c9be/1759320000.0_mean_300.0_v3" 201 - "PUT http://localhost:8080/d1/193/AUTH_3fd836c1830440ab81ef373a36d676fd/gnocchi.fdd7f82b-e8e7-416f-b9ef-0e9065e6c9be/1759320000.0_mean_300.0_v3" "txf54bf4259cab4848a5c16-0068ecafa6" "object-server 19" 0.0006 "-" 23 0
Oct 13 07:52:06 standalone object-server[124535]: 172.20.0.100 - - [13/Oct/2025:07:52:06 +0000] "PUT /d1/193/AUTH_3fd836c1830440ab81ef373a36d676fd/gnocchi.fdd7f82b-e8e7-416f-b9ef-0e9065e6c9be/1759320000.0_mean_300.0_v3" 201 - "PUT http://localhost:8080/v1/AUTH_3fd836c1830440ab81ef373a36d676fd/gnocchi.fdd7f82b-e8e7-416f-b9ef-0e9065e6c9be/1759320000.0_mean_300.0_v3" "txf54bf4259cab4848a5c16-0068ecafa6" "proxy-server 21" 0.0083 "-" 19 0
Oct 13 07:52:06 standalone proxy-server[126572]: 172.18.0.2 ::1 13/Oct/2025/07/52/06 PUT /v1/AUTH_3fd836c1830440ab81ef373a36d676fd/gnocchi.fdd7f82b-e8e7-416f-b9ef-0e9065e6c9be/1759320000.0_mean_300.0_v3 HTTP/1.0 201 - python-swiftclient-3.11.1 gAAAAABo7K7sUwfT... 16 - - txf54bf4259cab4848a5c16-0068ecafa6 - 0.0117 - - 1760341926.418389559 1760341926.430132389 0
Oct 13 07:52:06 standalone container-server[124409]: 172.20.0.100 - - [13/Oct/2025:07:52:06 +0000] "PUT /d1/762/AUTH_3fd836c1830440ab81ef373a36d676fd/gnocchi.b2f88946-7eb5-48d3-8bc2-4bf17f78c13e/none_v3" 201 - "PUT http://localhost:8080/d1/296/AUTH_3fd836c1830440ab81ef373a36d676fd/gnocchi.b2f88946-7eb5-48d3-8bc2-4bf17f78c13e/none_v3" "txae4bf5a315204058b28a5-0068ecafa6" "object-server 19" 0.0005 "-" 22 0
Oct 13 07:52:06 standalone object-server[124535]: 172.20.0.100 - - [13/Oct/2025:07:52:06 +0000] "PUT /d1/296/AUTH_3fd836c1830440ab81ef373a36d676fd/gnocchi.b2f88946-7eb5-48d3-8bc2-4bf17f78c13e/none_v3" 201 - "PUT http://localhost:8080/v1/AUTH_3fd836c1830440ab81ef373a36d676fd/gnocchi.b2f88946-7eb5-48d3-8bc2-4bf17f78c13e/none_v3" "txae4bf5a315204058b28a5-0068ecafa6" "proxy-server 21" 0.0099 "-" 19 0
Oct 13 07:52:06 standalone proxy-server[126572]: 172.18.0.2 ::1 13/Oct/2025/07/52/06 PUT /v1/AUTH_3fd836c1830440ab81ef373a36d676fd/gnocchi.b2f88946-7eb5-48d3-8bc2-4bf17f78c13e/none_v3 HTTP/1.0 201 - python-swiftclient-3.11.1 gAAAAABo7K7sUwfT... 22 - - txae4bf5a315204058b28a5-0068ecafa6 - 0.0144 - - 1760341926.432207584 1760341926.446599960 0
Oct 13 07:52:06 standalone container-server[124404]: 172.20.0.100 - - [13/Oct/2025:07:52:06 +0000] "PUT /d1/526/AUTH_3fd836c1830440ab81ef373a36d676fd/gnocchi.fdd7f82b-e8e7-416f-b9ef-0e9065e6c9be/none_v3" 201 - "PUT http://localhost:8080/d1/339/AUTH_3fd836c1830440ab81ef373a36d676fd/gnocchi.fdd7f82b-e8e7-416f-b9ef-0e9065e6c9be/none_v3" "txf61bd34fb50b49daaa913-0068ecafa6" "object-server 21" 0.0005 "-" 20 0
Oct 13 07:52:06 standalone object-server[124537]: 172.20.0.100 - - [13/Oct/2025:07:52:06 +0000] "PUT /d1/339/AUTH_3fd836c1830440ab81ef373a36d676fd/gnocchi.fdd7f82b-e8e7-416f-b9ef-0e9065e6c9be/none_v3" 201 - "PUT http://localhost:8080/v1/AUTH_3fd836c1830440ab81ef373a36d676fd/gnocchi.fdd7f82b-e8e7-416f-b9ef-0e9065e6c9be/none_v3" "txf61bd34fb50b49daaa913-0068ecafa6" "proxy-server 21" 0.0074 "-" 21 0
Oct 13 07:52:06 standalone proxy-server[126572]: 172.18.0.2 ::1 13/Oct/2025/07/52/06 PUT /v1/AUTH_3fd836c1830440ab81ef373a36d676fd/gnocchi.fdd7f82b-e8e7-416f-b9ef-0e9065e6c9be/none_v3 HTTP/1.0 201 - python-swiftclient-3.11.1 gAAAAABo7K7sUwfT... 22 - - txf61bd34fb50b49daaa913-0068ecafa6 - 0.0136 - - 1760341926.452331066 1760341926.465887785 0
Oct 13 07:52:06 standalone container-server[124409]: 172.20.0.100 - - [13/Oct/2025:07:52:06 +0000] "HEAD /d1/346/AUTH_3fd836c1830440ab81ef373a36d676fd/gnocchi.935d784f-6dd0-4dee-a5d6-2f601d33bdc9" 404 - "HEAD http://localhost:8080/v1/AUTH_3fd836c1830440ab81ef373a36d676fd/gnocchi.935d784f-6dd0-4dee-a5d6-2f601d33bdc9?format=json&states=listing" "txe206e61046f34c04b003a-0068ecafa6" "proxy-server 21" 0.0004 "-" 22 0
Oct 13 07:52:06 standalone object-server[124535]: 172.20.0.100 - - [13/Oct/2025:07:52:06 +0000] "GET /d1/934/AUTH_3fd836c1830440ab81ef373a36d676fd/gnocchi.935d784f-6dd0-4dee-a5d6-2f601d33bdc9/none_v3" 404 70 "GET http://localhost:8080/v1/AUTH_3fd836c1830440ab81ef373a36d676fd/gnocchi.935d784f-6dd0-4dee-a5d6-2f601d33bdc9/none_v3" "txe206e61046f34c04b003a-0068ecafa6" "proxy-server 21" 0.0006 "-" 19 0
Oct 13 07:52:06 standalone proxy-server[126572]: 172.18.0.2 ::1 13/Oct/2025/07/52/06 GET /v1/AUTH_3fd836c1830440ab81ef373a36d676fd/gnocchi.935d784f-6dd0-4dee-a5d6-2f601d33bdc9/none_v3 HTTP/1.0 404 - python-swiftclient-3.11.1 gAAAAABo7K7sUwfT... - 70 - txe206e61046f34c04b003a-0068ecafa6 - 0.0114 - - 1760341926.477517605 1760341926.488953352 0
Oct 13 07:52:06 standalone account-server[124275]: 172.20.0.100 - - [13/Oct/2025:07:52:06 +0000] "PUT /d1/98/AUTH_3fd836c1830440ab81ef373a36d676fd/gnocchi.935d784f-6dd0-4dee-a5d6-2f601d33bdc9" 201 - "PUT http://172.20.0.100:6001/d1/346/AUTH_3fd836c1830440ab81ef373a36d676fd/gnocchi.935d784f-6dd0-4dee-a5d6-2f601d33bdc9" "tx7799356a0b9d4d7bab350-0068ecafa6" "container-server 23" 0.0050 "-" 14 0
Oct 13 07:52:06 standalone container-server[124411]: 172.20.0.100 - - [13/Oct/2025:07:52:06 +0000] "PUT /d1/346/AUTH_3fd836c1830440ab81ef373a36d676fd/gnocchi.935d784f-6dd0-4dee-a5d6-2f601d33bdc9" 201 - "PUT http://localhost:8080/v1/AUTH_3fd836c1830440ab81ef373a36d676fd/gnocchi.935d784f-6dd0-4dee-a5d6-2f601d33bdc9" "tx7799356a0b9d4d7bab350-0068ecafa6" "proxy-server 21" 0.0174 "-" 23 0
Oct 13 07:52:06 standalone proxy-server[126572]: 172.18.0.2 ::1 13/Oct/2025/07/52/06 PUT /v1/AUTH_3fd836c1830440ab81ef373a36d676fd/gnocchi.935d784f-6dd0-4dee-a5d6-2f601d33bdc9 HTTP/1.0 201 - python-swiftclient-3.11.1 gAAAAABo7K7sUwfT... - - - tx7799356a0b9d4d7bab350-0068ecafa6 - 0.0211 - - 1760341926.491289377 1760341926.512405396 0
Oct 13 07:52:06 standalone container-server[124404]: 172.20.0.100 - - [13/Oct/2025:07:52:06 +0000] "HEAD /d1/346/AUTH_3fd836c1830440ab81ef373a36d676fd/gnocchi.935d784f-6dd0-4dee-a5d6-2f601d33bdc9" 204 - "HEAD http://localhost:8080/v1/AUTH_3fd836c1830440ab81ef373a36d676fd/gnocchi.935d784f-6dd0-4dee-a5d6-2f601d33bdc9?format=json&states=listing" "txcf23567674474728b07dc-0068ecafa6" "proxy-server 21" 0.0013 "-" 20 0
Oct 13 07:52:06 standalone proxy-server[126572]: - - 13/Oct/2025/07/52/06 HEAD /v1/AUTH_3fd836c1830440ab81ef373a36d676fd/gnocchi.935d784f-6dd0-4dee-a5d6-2f601d33bdc9%3Fformat%3Djson%26states%3Dlisting HTTP/1.0 204 - Swift - - - - txcf23567674474728b07dc-0068ecafa6 - 0.0040 RL - 1760341926.516494036 1760341926.520473242 0
Oct 13 07:52:06 standalone container-server[124411]: 172.20.0.100 - - [13/Oct/2025:07:52:06 +0000] "GET /d1/346/AUTH_3fd836c1830440ab81ef373a36d676fd/gnocchi.935d784f-6dd0-4dee-a5d6-2f601d33bdc9" 200 2 "GET http://localhost:8080/v1/AUTH_3fd836c1830440ab81ef373a36d676fd/gnocchi.935d784f-6dd0-4dee-a5d6-2f601d33bdc9?format=json&states=listing" "txcf23567674474728b07dc-0068ecafa6" "proxy-server 21" 0.0016 "-" 23 0
Oct 13 07:52:06 standalone proxy-server[126572]: 172.18.0.2 ::1 13/Oct/2025/07/52/06 GET /v1/AUTH_3fd836c1830440ab81ef373a36d676fd/gnocchi.935d784f-6dd0-4dee-a5d6-2f601d33bdc9%3Fformat%3Djson%26states%3Dlisting HTTP/1.0 200 - python-swiftclient-3.11.1 gAAAAABo7K7sUwfT... - 2 - txcf23567674474728b07dc-0068ecafa6 - 0.0107 - - 1760341926.515639782 1760341926.526371956 0
Oct 13 07:52:06 standalone object-server[124535]: 172.20.0.100 - - [13/Oct/2025:07:52:06 +0000] "GET /d1/480/AUTH_3fd836c1830440ab81ef373a36d676fd/gnocchi.935d784f-6dd0-4dee-a5d6-2f601d33bdc9/1759320000.0_mean_300.0_v3" 404 70 "GET http://localhost:8080/v1/AUTH_3fd836c1830440ab81ef373a36d676fd/gnocchi.935d784f-6dd0-4dee-a5d6-2f601d33bdc9/1759320000.0_mean_300.0_v3" "txca2f6a0404ab441bb5b9e-0068ecafa6" "proxy-server 21" 0.0003 "-" 19 0
Oct 13 07:52:06 standalone proxy-server[126572]: 172.18.0.2 ::1 13/Oct/2025/07/52/06 GET /v1/AUTH_3fd836c1830440ab81ef373a36d676fd/gnocchi.935d784f-6dd0-4dee-a5d6-2f601d33bdc9/1759320000.0_mean_300.0_v3 HTTP/1.0 404 - python-swiftclient-3.11.1 gAAAAABo7K7sUwfT... - 70 - txca2f6a0404ab441bb5b9e-0068ecafa6 - 0.0040 - - 1760341926.528997660 1760341926.532986641 0
Oct 13 07:52:06 standalone container-server[124411]: 172.20.0.100 - - [13/Oct/2025:07:52:06 +0000] "PUT /d1/346/AUTH_3fd836c1830440ab81ef373a36d676fd/gnocchi.935d784f-6dd0-4dee-a5d6-2f601d33bdc9/1759320000.0_mean_300.0_v3" 201 - "PUT http://localhost:8080/d1/480/AUTH_3fd836c1830440ab81ef373a36d676fd/gnocchi.935d784f-6dd0-4dee-a5d6-2f601d33bdc9/1759320000.0_mean_300.0_v3" "tx707d62e8974049649f4ca-0068ecafa6" "object-server 18" 0.0004 "-" 23 0
Oct 13 07:52:06 standalone object-server[124534]: 172.20.0.100 - - [13/Oct/2025:07:52:06 +0000] "PUT /d1/480/AUTH_3fd836c1830440ab81ef373a36d676fd/gnocchi.935d784f-6dd0-4dee-a5d6-2f601d33bdc9/1759320000.0_mean_300.0_v3" 201 - "PUT http://localhost:8080/v1/AUTH_3fd836c1830440ab81ef373a36d676fd/gnocchi.935d784f-6dd0-4dee-a5d6-2f601d33bdc9/1759320000.0_mean_300.0_v3" "tx707d62e8974049649f4ca-0068ecafa6" "proxy-server 21" 0.0078 "-" 18 0
Oct 13 07:52:06 standalone proxy-server[126572]: 172.18.0.2 ::1 13/Oct/2025/07/52/06 PUT /v1/AUTH_3fd836c1830440ab81ef373a36d676fd/gnocchi.935d784f-6dd0-4dee-a5d6-2f601d33bdc9/1759320000.0_mean_300.0_v3 HTTP/1.0 201 - python-swiftclient-3.11.1 gAAAAABo7K7sUwfT... 16 - - tx707d62e8974049649f4ca-0068ecafa6 - 0.0123 - - 1760341926.535053492 1760341926.547361374 0
Oct 13 07:52:06 standalone container-server[124407]: 172.20.0.100 - - [13/Oct/2025:07:52:06 +0000] "PUT /d1/346/AUTH_3fd836c1830440ab81ef373a36d676fd/gnocchi.935d784f-6dd0-4dee-a5d6-2f601d33bdc9/none_v3" 201 - "PUT http://localhost:8080/d1/934/AUTH_3fd836c1830440ab81ef373a36d676fd/gnocchi.935d784f-6dd0-4dee-a5d6-2f601d33bdc9/none_v3" "tx8a135997f05d48dda9af3-0068ecafa6" "object-server 19" 0.0004 "-" 21 0
Oct 13 07:52:06 standalone object-server[124535]: 172.20.0.100 - - [13/Oct/2025:07:52:06 +0000] "PUT /d1/934/AUTH_3fd836c1830440ab81ef373a36d676fd/gnocchi.935d784f-6dd0-4dee-a5d6-2f601d33bdc9/none_v3" 201 - "PUT http://localhost:8080/v1/AUTH_3fd836c1830440ab81ef373a36d676fd/gnocchi.935d784f-6dd0-4dee-a5d6-2f601d33bdc9/none_v3" "tx8a135997f05d48dda9af3-0068ecafa6" "proxy-server 21" 0.0070 "-" 19 0
Oct 13 07:52:06 standalone proxy-server[126572]: 172.18.0.2 ::1 13/Oct/2025/07/52/06 PUT /v1/AUTH_3fd836c1830440ab81ef373a36d676fd/gnocchi.935d784f-6dd0-4dee-a5d6-2f601d33bdc9/none_v3 HTTP/1.0 201 - python-swiftclient-3.11.1 gAAAAABo7K7sUwfT... 22 - - tx8a135997f05d48dda9af3-0068ecafa6 - 0.0111 - - 1760341926.549534321 1760341926.560627937 0
Oct 13 07:52:06 standalone container-server[124409]: 172.20.0.100 - - [13/Oct/2025:07:52:06 +0000] "HEAD /d1/392/AUTH_3fd836c1830440ab81ef373a36d676fd/gnocchi.78a94c1a-189b-4a65-a431-5af9b4835e93" 404 - "HEAD http://localhost:8080/v1/AUTH_3fd836c1830440ab81ef373a36d676fd/gnocchi.78a94c1a-189b-4a65-a431-5af9b4835e93?format=json&states=listing" "txd822be60c91741aabfc6a-0068ecafa6" "proxy-server 21" 0.0007 "-" 22 0
Oct 13 07:52:06 standalone object-server[124536]: 172.20.0.100 - - [13/Oct/2025:07:52:06 +0000] "GET /d1/520/AUTH_3fd836c1830440ab81ef373a36d676fd/gnocchi.78a94c1a-189b-4a65-a431-5af9b4835e93/none_v3" 404 70 "GET http://localhost:8080/v1/AUTH_3fd836c1830440ab81ef373a36d676fd/gnocchi.78a94c1a-189b-4a65-a431-5af9b4835e93/none_v3" "txd822be60c91741aabfc6a-0068ecafa6" "proxy-server 21" 0.0005 "-" 20 0
Oct 13 07:52:06 standalone proxy-server[126572]: 172.18.0.2 ::1 13/Oct/2025/07/52/06 GET /v1/AUTH_3fd836c1830440ab81ef373a36d676fd/gnocchi.78a94c1a-189b-4a65-a431-5af9b4835e93/none_v3 HTTP/1.0 404 - python-swiftclient-3.11.1 gAAAAABo7K7sUwfT... - 70 - txd822be60c91741aabfc6a-0068ecafa6 - 0.0116 - - 1760341926.575170994 1760341926.586722851 0
Oct 13 07:52:06 standalone account-server[124294]: 172.20.0.100 - - [13/Oct/2025:07:52:06 +0000] "PUT /d1/98/AUTH_3fd836c1830440ab81ef373a36d676fd/gnocchi.78a94c1a-189b-4a65-a431-5af9b4835e93" 201 - "PUT http://172.20.0.100:6001/d1/392/AUTH_3fd836c1830440ab81ef373a36d676fd/gnocchi.78a94c1a-189b-4a65-a431-5af9b4835e93" "tx4bf7c56318a64f3eb8cd2-0068ecafa6" "container-server 21" 0.0069 "-" 16 0
Oct 13 07:52:06 standalone container-server[124407]: 172.20.0.100 - - [13/Oct/2025:07:52:06 +0000] "PUT /d1/392/AUTH_3fd836c1830440ab81ef373a36d676fd/gnocchi.78a94c1a-189b-4a65-a431-5af9b4835e93" 201 - "PUT http://localhost:8080/v1/AUTH_3fd836c1830440ab81ef373a36d676fd/gnocchi.78a94c1a-189b-4a65-a431-5af9b4835e93" "tx4bf7c56318a64f3eb8cd2-0068ecafa6" "proxy-server 21" 0.0153 "-" 21 0
Oct 13 07:52:06 standalone proxy-server[126572]: 172.18.0.2 ::1 13/Oct/2025/07/52/06 PUT /v1/AUTH_3fd836c1830440ab81ef373a36d676fd/gnocchi.78a94c1a-189b-4a65-a431-5af9b4835e93 HTTP/1.0 201 - python-swiftclient-3.11.1 gAAAAABo7K7sUwfT... - - - tx4bf7c56318a64f3eb8cd2-0068ecafa6 - 0.0204 - - 1760341926.590238810 1760341926.610637426 0
Oct 13 07:52:06 standalone container-server[124409]: 172.20.0.100 - - [13/Oct/2025:07:52:06 +0000] "HEAD /d1/392/AUTH_3fd836c1830440ab81ef373a36d676fd/gnocchi.78a94c1a-189b-4a65-a431-5af9b4835e93" 204 - "HEAD http://localhost:8080/v1/AUTH_3fd836c1830440ab81ef373a36d676fd/gnocchi.78a94c1a-189b-4a65-a431-5af9b4835e93?format=json&states=listing" "tx7cf22a42bbec4233840b3-0068ecafa6" "proxy-server 21" 0.0021 "-" 22 0
Oct 13 07:52:06 standalone proxy-server[126572]: - - 13/Oct/2025/07/52/06 HEAD /v1/AUTH_3fd836c1830440ab81ef373a36d676fd/gnocchi.78a94c1a-189b-4a65-a431-5af9b4835e93%3Fformat%3Djson%26states%3Dlisting HTTP/1.0 204 - Swift - - - - tx7cf22a42bbec4233840b3-0068ecafa6 - 0.0056 RL - 1760341926.616568089 1760341926.622168303 0
Oct 13 07:52:06 standalone container-server[124404]: 172.20.0.100 - - [13/Oct/2025:07:52:06 +0000] "GET /d1/392/AUTH_3fd836c1830440ab81ef373a36d676fd/gnocchi.78a94c1a-189b-4a65-a431-5af9b4835e93" 200 2 "GET http://localhost:8080/v1/AUTH_3fd836c1830440ab81ef373a36d676fd/gnocchi.78a94c1a-189b-4a65-a431-5af9b4835e93?format=json&states=listing" "tx7cf22a42bbec4233840b3-0068ecafa6" "proxy-server 21" 0.0036 "-" 20 0
Oct 13 07:52:06 standalone proxy-server[126572]: 172.18.0.2 ::1 13/Oct/2025/07/52/06 GET /v1/AUTH_3fd836c1830440ab81ef373a36d676fd/gnocchi.78a94c1a-189b-4a65-a431-5af9b4835e93%3Fformat%3Djson%26states%3Dlisting HTTP/1.0 200 - python-swiftclient-3.11.1 gAAAAABo7K7sUwfT... - 2 - tx7cf22a42bbec4233840b3-0068ecafa6 - 0.0168 - - 1760341926.615469933 1760341926.632316351 0
Oct 13 07:52:06 standalone object-server[124535]: 172.20.0.100 - - [13/Oct/2025:07:52:06 +0000] "GET /d1/913/AUTH_3fd836c1830440ab81ef373a36d676fd/gnocchi.78a94c1a-189b-4a65-a431-5af9b4835e93/1759320000.0_mean_300.0_v3" 404 70 "GET http://localhost:8080/v1/AUTH_3fd836c1830440ab81ef373a36d676fd/gnocchi.78a94c1a-189b-4a65-a431-5af9b4835e93/1759320000.0_mean_300.0_v3" "txb3efec55e52e4b82857b2-0068ecafa6" "proxy-server 21" 0.0004 "-" 19 0
Oct 13 07:52:06 standalone proxy-server[126572]: 172.18.0.2 ::1 13/Oct/2025/07/52/06 GET /v1/AUTH_3fd836c1830440ab81ef373a36d676fd/gnocchi.78a94c1a-189b-4a65-a431-5af9b4835e93/1759320000.0_mean_300.0_v3 HTTP/1.0 404 - python-swiftclient-3.11.1 gAAAAABo7K7sUwfT... - 70 - txb3efec55e52e4b82857b2-0068ecafa6 - 0.0056 - - 1760341926.636970282 1760341926.642540216 0
Oct 13 07:52:06 standalone container-server[124407]: 172.20.0.100 - - [13/Oct/2025:07:52:06 +0000] "PUT /d1/392/AUTH_3fd836c1830440ab81ef373a36d676fd/gnocchi.78a94c1a-189b-4a65-a431-5af9b4835e93/1759320000.0_mean_300.0_v3" 201 - "PUT http://localhost:8080/d1/913/AUTH_3fd836c1830440ab81ef373a36d676fd/gnocchi.78a94c1a-189b-4a65-a431-5af9b4835e93/1759320000.0_mean_300.0_v3" "tx7a4db2c98af34ed093ef5-0068ecafa6" "object-server 20" 0.0006 "-" 21 0
Oct 13 07:52:06 standalone object-server[124536]: 172.20.0.100 - - [13/Oct/2025:07:52:06 +0000] "PUT /d1/913/AUTH_3fd836c1830440ab81ef373a36d676fd/gnocchi.78a94c1a-189b-4a65-a431-5af9b4835e93/1759320000.0_mean_300.0_v3" 201 - "PUT http://localhost:8080/v1/AUTH_3fd836c1830440ab81ef373a36d676fd/gnocchi.78a94c1a-189b-4a65-a431-5af9b4835e93/1759320000.0_mean_300.0_v3" "tx7a4db2c98af34ed093ef5-0068ecafa6" "proxy-server 21" 0.0117 "-" 20 0
Oct 13 07:52:06 standalone proxy-server[126572]: 172.18.0.2 ::1 13/Oct/2025/07/52/06 PUT /v1/AUTH_3fd836c1830440ab81ef373a36d676fd/gnocchi.78a94c1a-189b-4a65-a431-5af9b4835e93/1759320000.0_mean_300.0_v3 HTTP/1.0 201 - python-swiftclient-3.11.1 gAAAAABo7K7sUwfT... 16 - - tx7a4db2c98af34ed093ef5-0068ecafa6 - 0.0195 - - 1760341926.647589445 1760341926.667052984 0
Oct 13 07:52:06 standalone container-server[124409]: 172.20.0.100 - - [13/Oct/2025:07:52:06 +0000] "PUT /d1/392/AUTH_3fd836c1830440ab81ef373a36d676fd/gnocchi.78a94c1a-189b-4a65-a431-5af9b4835e93/none_v3" 201 - "PUT http://localhost:8080/d1/520/AUTH_3fd836c1830440ab81ef373a36d676fd/gnocchi.78a94c1a-189b-4a65-a431-5af9b4835e93/none_v3" "tx02fc58baa3774892877b2-0068ecafa6" "object-server 20" 0.0009 "-" 22 0
Oct 13 07:52:06 standalone object-server[124536]: 172.20.0.100 - - [13/Oct/2025:07:52:06 +0000] "PUT /d1/520/AUTH_3fd836c1830440ab81ef373a36d676fd/gnocchi.78a94c1a-189b-4a65-a431-5af9b4835e93/none_v3" 201 - "PUT http://localhost:8080/v1/AUTH_3fd836c1830440ab81ef373a36d676fd/gnocchi.78a94c1a-189b-4a65-a431-5af9b4835e93/none_v3" "tx02fc58baa3774892877b2-0068ecafa6" "proxy-server 21" 0.0118 "-" 20 0
Oct 13 07:52:06 standalone proxy-server[126572]: 172.18.0.2 ::1 13/Oct/2025/07/52/06 PUT /v1/AUTH_3fd836c1830440ab81ef373a36d676fd/gnocchi.78a94c1a-189b-4a65-a431-5af9b4835e93/none_v3 HTTP/1.0 201 - python-swiftclient-3.11.1 gAAAAABo7K7sUwfT... 22 - - tx02fc58baa3774892877b2-0068ecafa6 - 0.0199 - - 1760341926.671554089 1760341926.691428900 0
Oct 13 07:52:06 standalone container-server[124404]: 172.20.0.100 - - [13/Oct/2025:07:52:06 +0000] "HEAD /d1/17/AUTH_3fd836c1830440ab81ef373a36d676fd/gnocchi.7891a5db-ff6c-464c-a98e-ffd27edda7e2" 404 - "HEAD http://localhost:8080/v1/AUTH_3fd836c1830440ab81ef373a36d676fd/gnocchi.7891a5db-ff6c-464c-a98e-ffd27edda7e2?format=json&states=listing" "tx7ebba659e9d94a0594db3-0068ecafa6" "proxy-server 21" 0.0005 "-" 20 0
Oct 13 07:52:06 standalone object-server[124534]: 172.20.0.100 - - [13/Oct/2025:07:52:06 +0000] "GET /d1/299/AUTH_3fd836c1830440ab81ef373a36d676fd/gnocchi.7891a5db-ff6c-464c-a98e-ffd27edda7e2/none_v3" 404 70 "GET http://localhost:8080/v1/AUTH_3fd836c1830440ab81ef373a36d676fd/gnocchi.7891a5db-ff6c-464c-a98e-ffd27edda7e2/none_v3" "tx7ebba659e9d94a0594db3-0068ecafa6" "proxy-server 21" 0.0007 "-" 18 0
Oct 13 07:52:06 standalone proxy-server[126572]: 172.18.0.2 ::1 13/Oct/2025/07/52/06 GET /v1/AUTH_3fd836c1830440ab81ef373a36d676fd/gnocchi.7891a5db-ff6c-464c-a98e-ffd27edda7e2/none_v3 HTTP/1.0 404 - python-swiftclient-3.11.1 gAAAAABo7K7sUwfT... - 70 - tx7ebba659e9d94a0594db3-0068ecafa6 - 0.0182 - - 1760341926.705977678 1760341926.724169970 0
Oct 13 07:52:06 standalone account-server[124306]: 172.20.0.100 - - [13/Oct/2025:07:52:06 +0000] "PUT /d1/98/AUTH_3fd836c1830440ab81ef373a36d676fd/gnocchi.7891a5db-ff6c-464c-a98e-ffd27edda7e2" 201 - "PUT http://172.20.0.100:6001/d1/17/AUTH_3fd836c1830440ab81ef373a36d676fd/gnocchi.7891a5db-ff6c-464c-a98e-ffd27edda7e2" "txc83e8c87e8ea4724afa99-0068ecafa6" "container-server 22" 0.0048 "-" 20 0
Oct 13 07:52:06 standalone container-server[124409]: 172.20.0.100 - - [13/Oct/2025:07:52:06 +0000] "PUT /d1/17/AUTH_3fd836c1830440ab81ef373a36d676fd/gnocchi.7891a5db-ff6c-464c-a98e-ffd27edda7e2" 201 - "PUT http://localhost:8080/v1/AUTH_3fd836c1830440ab81ef373a36d676fd/gnocchi.7891a5db-ff6c-464c-a98e-ffd27edda7e2" "txc83e8c87e8ea4724afa99-0068ecafa6" "proxy-server 21" 0.0187 "-" 22 0
Oct 13 07:52:06 standalone proxy-server[126572]: 172.18.0.2 ::1 13/Oct/2025/07/52/06 PUT /v1/AUTH_3fd836c1830440ab81ef373a36d676fd/gnocchi.7891a5db-ff6c-464c-a98e-ffd27edda7e2 HTTP/1.0 201 - python-swiftclient-3.11.1 gAAAAABo7K7sUwfT... - - - txc83e8c87e8ea4724afa99-0068ecafa6 - 0.0271 - - 1760341926.728791237 1760341926.755872726 0
Oct 13 07:52:06 standalone container-server[124404]: 172.20.0.100 - - [13/Oct/2025:07:52:06 +0000] "HEAD /d1/17/AUTH_3fd836c1830440ab81ef373a36d676fd/gnocchi.7891a5db-ff6c-464c-a98e-ffd27edda7e2" 204 - "HEAD http://localhost:8080/v1/AUTH_3fd836c1830440ab81ef373a36d676fd/gnocchi.7891a5db-ff6c-464c-a98e-ffd27edda7e2?format=json&states=listing" "tx0df93a5762b5472a931cf-0068ecafa6" "proxy-server 21" 0.0020 "-" 20 0
Oct 13 07:52:06 standalone proxy-server[126572]: - - 13/Oct/2025/07/52/06 HEAD /v1/AUTH_3fd836c1830440ab81ef373a36d676fd/gnocchi.7891a5db-ff6c-464c-a98e-ffd27edda7e2%3Fformat%3Djson%26states%3Dlisting HTTP/1.0 204 - Swift - - - - tx0df93a5762b5472a931cf-0068ecafa6 - 0.0070 RL - 1760341926.764081955 1760341926.771047115 0
Oct 13 07:52:06 standalone container-server[124404]: 172.20.0.100 - - [13/Oct/2025:07:52:06 +0000] "GET /d1/17/AUTH_3fd836c1830440ab81ef373a36d676fd/gnocchi.7891a5db-ff6c-464c-a98e-ffd27edda7e2" 200 2 "GET http://localhost:8080/v1/AUTH_3fd836c1830440ab81ef373a36d676fd/gnocchi.7891a5db-ff6c-464c-a98e-ffd27edda7e2?format=json&states=listing" "tx0df93a5762b5472a931cf-0068ecafa6" "proxy-server 21" 0.0032 "-" 20 0
Oct 13 07:52:06 standalone proxy-server[126572]: 172.18.0.2 ::1 13/Oct/2025/07/52/06 GET /v1/AUTH_3fd836c1830440ab81ef373a36d676fd/gnocchi.7891a5db-ff6c-464c-a98e-ffd27edda7e2%3Fformat%3Djson%26states%3Dlisting HTTP/1.0 200 - python-swiftclient-3.11.1 gAAAAABo7K7sUwfT... - 2 - tx0df93a5762b5472a931cf-0068ecafa6 - 0.0211 - - 1760341926.762318850 1760341926.783373594 0
Oct 13 07:52:06 standalone object-server[124535]: 172.20.0.100 - - [13/Oct/2025:07:52:06 +0000] "GET /d1/360/AUTH_3fd836c1830440ab81ef373a36d676fd/gnocchi.7891a5db-ff6c-464c-a98e-ffd27edda7e2/1759320000.0_mean_300.0_v3" 404 70 "GET http://localhost:8080/v1/AUTH_3fd836c1830440ab81ef373a36d676fd/gnocchi.7891a5db-ff6c-464c-a98e-ffd27edda7e2/1759320000.0_mean_300.0_v3" "txacee95c5560646eabea00-0068ecafa6" "proxy-server 21" 0.0005 "-" 19 0
Oct 13 07:52:06 standalone proxy-server[126572]: 172.18.0.2 ::1 13/Oct/2025/07/52/06 GET /v1/AUTH_3fd836c1830440ab81ef373a36d676fd/gnocchi.7891a5db-ff6c-464c-a98e-ffd27edda7e2/1759320000.0_mean_300.0_v3 HTTP/1.0 404 - python-swiftclient-3.11.1 gAAAAABo7K7sUwfT... - 70 - txacee95c5560646eabea00-0068ecafa6 - 0.0137 - - 1760341926.789383173 1760341926.803079367 0
Oct 13 07:52:06 standalone container-server[124409]: 172.20.0.100 - - [13/Oct/2025:07:52:06 +0000] "PUT /d1/17/AUTH_3fd836c1830440ab81ef373a36d676fd/gnocchi.7891a5db-ff6c-464c-a98e-ffd27edda7e2/1759320000.0_mean_300.0_v3" 201 - "PUT http://localhost:8080/d1/360/AUTH_3fd836c1830440ab81ef373a36d676fd/gnocchi.7891a5db-ff6c-464c-a98e-ffd27edda7e2/1759320000.0_mean_300.0_v3" "txd53cc90f3d1443b28b6df-0068ecafa6" "object-server 18" 0.0010 "-" 22 0
Oct 13 07:52:06 standalone object-server[124534]: 172.20.0.100 - - [13/Oct/2025:07:52:06 +0000] "PUT /d1/360/AUTH_3fd836c1830440ab81ef373a36d676fd/gnocchi.7891a5db-ff6c-464c-a98e-ffd27edda7e2/1759320000.0_mean_300.0_v3" 201 - "PUT http://localhost:8080/v1/AUTH_3fd836c1830440ab81ef373a36d676fd/gnocchi.7891a5db-ff6c-464c-a98e-ffd27edda7e2/1759320000.0_mean_300.0_v3" "txd53cc90f3d1443b28b6df-0068ecafa6" "proxy-server 21" 0.0127 "-" 18 0
Oct 13 07:52:06 standalone proxy-server[126572]: 172.18.0.2 ::1 13/Oct/2025/07/52/06 PUT /v1/AUTH_3fd836c1830440ab81ef373a36d676fd/gnocchi.7891a5db-ff6c-464c-a98e-ffd27edda7e2/1759320000.0_mean_300.0_v3 HTTP/1.0 201 - python-swiftclient-3.11.1 gAAAAABo7K7sUwfT... 16 - - txd53cc90f3d1443b28b6df-0068ecafa6 - 0.0209 - - 1760341926.807584286 1760341926.828506947 0
Oct 13 07:52:06 standalone container-server[124407]: 172.20.0.100 - - [13/Oct/2025:07:52:06 +0000] "PUT /d1/17/AUTH_3fd836c1830440ab81ef373a36d676fd/gnocchi.7891a5db-ff6c-464c-a98e-ffd27edda7e2/none_v3" 201 - "PUT http://localhost:8080/d1/299/AUTH_3fd836c1830440ab81ef373a36d676fd/gnocchi.7891a5db-ff6c-464c-a98e-ffd27edda7e2/none_v3" "txb25e11a592b7462e998d2-0068ecafa6" "object-server 18" 0.0006 "-" 21 0
Oct 13 07:52:06 standalone object-server[124534]: 172.20.0.100 - - [13/Oct/2025:07:52:06 +0000] "PUT /d1/299/AUTH_3fd836c1830440ab81ef373a36d676fd/gnocchi.7891a5db-ff6c-464c-a98e-ffd27edda7e2/none_v3" 201 - "PUT http://localhost:8080/v1/AUTH_3fd836c1830440ab81ef373a36d676fd/gnocchi.7891a5db-ff6c-464c-a98e-ffd27edda7e2/none_v3" "txb25e11a592b7462e998d2-0068ecafa6" "proxy-server 21" 0.0101 "-" 18 0
Oct 13 07:52:06 standalone proxy-server[126572]: 172.18.0.2 ::1 13/Oct/2025/07/52/06 PUT /v1/AUTH_3fd836c1830440ab81ef373a36d676fd/gnocchi.7891a5db-ff6c-464c-a98e-ffd27edda7e2/none_v3 HTTP/1.0 201 - python-swiftclient-3.11.1 gAAAAABo7K7sUwfT... 22 - - txb25e11a592b7462e998d2-0068ecafa6 - 0.0177 - - 1760341926.833584070 1760341926.851252079 0
Oct 13 07:52:06 standalone container-server[124409]: 172.20.0.100 - - [13/Oct/2025:07:52:06 +0000] "HEAD /d1/402/AUTH_3fd836c1830440ab81ef373a36d676fd/gnocchi.356d4efc-8cb0-40c8-8f02-3a69ed8b3a30" 404 - "HEAD http://localhost:8080/v1/AUTH_3fd836c1830440ab81ef373a36d676fd/gnocchi.356d4efc-8cb0-40c8-8f02-3a69ed8b3a30?format=json&states=listing" "tx61b0a6bf488f4fcdb519c-0068ecafa6" "proxy-server 21" 0.0006 "-" 22 0
Oct 13 07:52:06 standalone object-server[124535]: 172.20.0.100 - - [13/Oct/2025:07:52:06 +0000] "GET /d1/846/AUTH_3fd836c1830440ab81ef373a36d676fd/gnocchi.356d4efc-8cb0-40c8-8f02-3a69ed8b3a30/none_v3" 404 70 "GET http://localhost:8080/v1/AUTH_3fd836c1830440ab81ef373a36d676fd/gnocchi.356d4efc-8cb0-40c8-8f02-3a69ed8b3a30/none_v3" "tx61b0a6bf488f4fcdb519c-0068ecafa6" "proxy-server 21" 0.0004 "-" 19 0
Oct 13 07:52:06 standalone proxy-server[126572]: 172.18.0.2 ::1 13/Oct/2025/07/52/06 GET /v1/AUTH_3fd836c1830440ab81ef373a36d676fd/gnocchi.356d4efc-8cb0-40c8-8f02-3a69ed8b3a30/none_v3 HTTP/1.0 404 - python-swiftclient-3.11.1 gAAAAABo7K7sUwfT... - 70 - tx61b0a6bf488f4fcdb519c-0068ecafa6 - 0.0201 - - 1760341926.868244886 1760341926.888302803 0
Oct 13 07:52:06 standalone account-server[124290]: 172.20.0.100 - - [13/Oct/2025:07:52:06 +0000] "PUT /d1/98/AUTH_3fd836c1830440ab81ef373a36d676fd/gnocchi.356d4efc-8cb0-40c8-8f02-3a69ed8b3a30" 201 - "PUT http://172.20.0.100:6001/d1/402/AUTH_3fd836c1830440ab81ef373a36d676fd/gnocchi.356d4efc-8cb0-40c8-8f02-3a69ed8b3a30" "tx51eb5fde4b384ac5bc7f2-0068ecafa6" "container-server 21" 0.0069 "-" 15 0
Oct 13 07:52:06 standalone container-server[124407]: 172.20.0.100 - - [13/Oct/2025:07:52:06 +0000] "PUT /d1/402/AUTH_3fd836c1830440ab81ef373a36d676fd/gnocchi.356d4efc-8cb0-40c8-8f02-3a69ed8b3a30" 201 - "PUT http://localhost:8080/v1/AUTH_3fd836c1830440ab81ef373a36d676fd/gnocchi.356d4efc-8cb0-40c8-8f02-3a69ed8b3a30" "tx51eb5fde4b384ac5bc7f2-0068ecafa6" "proxy-server 21" 0.0178 "-" 21 0
Oct 13 07:52:06 standalone proxy-server[126572]: 172.18.0.2 ::1 13/Oct/2025/07/52/06 PUT /v1/AUTH_3fd836c1830440ab81ef373a36d676fd/gnocchi.356d4efc-8cb0-40c8-8f02-3a69ed8b3a30 HTTP/1.0 201 - python-swiftclient-3.11.1 gAAAAABo7K7sUwfT... - - - tx51eb5fde4b384ac5bc7f2-0068ecafa6 - 0.0246 - - 1760341926.893029213 1760341926.917595625 0
Oct 13 07:52:06 standalone container-server[124404]: 172.20.0.100 - - [13/Oct/2025:07:52:06 +0000] "HEAD /d1/402/AUTH_3fd836c1830440ab81ef373a36d676fd/gnocchi.356d4efc-8cb0-40c8-8f02-3a69ed8b3a30" 204 - "HEAD http://localhost:8080/v1/AUTH_3fd836c1830440ab81ef373a36d676fd/gnocchi.356d4efc-8cb0-40c8-8f02-3a69ed8b3a30?format=json&states=listing" "tx347b0398b5f94db8bf196-0068ecafa6" "proxy-server 21" 0.0047 "-" 20 0
Oct 13 07:52:06 standalone proxy-server[126572]: - - 13/Oct/2025/07/52/06 HEAD /v1/AUTH_3fd836c1830440ab81ef373a36d676fd/gnocchi.356d4efc-8cb0-40c8-8f02-3a69ed8b3a30%3Fformat%3Djson%26states%3Dlisting HTTP/1.0 204 - Swift - - - - tx347b0398b5f94db8bf196-0068ecafa6 - 0.0102 RL - 1760341926.924943209 1760341926.935176849 0
Oct 13 07:52:06 standalone container-server[124407]: 172.20.0.100 - - [13/Oct/2025:07:52:06 +0000] "GET /d1/402/AUTH_3fd836c1830440ab81ef373a36d676fd/gnocchi.356d4efc-8cb0-40c8-8f02-3a69ed8b3a30" 200 2 "GET http://localhost:8080/v1/AUTH_3fd836c1830440ab81ef373a36d676fd/gnocchi.356d4efc-8cb0-40c8-8f02-3a69ed8b3a30?format=json&states=listing" "tx347b0398b5f94db8bf196-0068ecafa6" "proxy-server 21" 0.0014 "-" 21 0
Oct 13 07:52:06 standalone proxy-server[126572]: 172.18.0.2 ::1 13/Oct/2025/07/52/06 GET /v1/AUTH_3fd836c1830440ab81ef373a36d676fd/gnocchi.356d4efc-8cb0-40c8-8f02-3a69ed8b3a30%3Fformat%3Djson%26states%3Dlisting HTTP/1.0 200 - python-swiftclient-3.11.1 gAAAAABo7K7sUwfT... - 2 - tx347b0398b5f94db8bf196-0068ecafa6 - 0.0211 - - 1760341926.923028708 1760341926.944124937 0
Oct 13 07:52:06 standalone object-server[124536]: 172.20.0.100 - - [13/Oct/2025:07:52:06 +0000] "GET /d1/348/AUTH_3fd836c1830440ab81ef373a36d676fd/gnocchi.356d4efc-8cb0-40c8-8f02-3a69ed8b3a30/1759320000.0_mean_300.0_v3" 404 70 "GET http://localhost:8080/v1/AUTH_3fd836c1830440ab81ef373a36d676fd/gnocchi.356d4efc-8cb0-40c8-8f02-3a69ed8b3a30/1759320000.0_mean_300.0_v3" "tx42e0965c9b8641cd8a858-0068ecafa6" "proxy-server 21" 0.0006 "-" 20 0
Oct 13 07:52:06 standalone proxy-server[126572]: 172.18.0.2 ::1 13/Oct/2025/07/52/06 GET /v1/AUTH_3fd836c1830440ab81ef373a36d676fd/gnocchi.356d4efc-8cb0-40c8-8f02-3a69ed8b3a30/1759320000.0_mean_300.0_v3 HTTP/1.0 404 - python-swiftclient-3.11.1 gAAAAABo7K7sUwfT... - 70 - tx42e0965c9b8641cd8a858-0068ecafa6 - 0.0083 - - 1760341926.949816227 1760341926.958162069 0
Oct 13 07:52:06 standalone container-server[124411]: 172.20.0.100 - - [13/Oct/2025:07:52:06 +0000] "PUT /d1/402/AUTH_3fd836c1830440ab81ef373a36d676fd/gnocchi.356d4efc-8cb0-40c8-8f02-3a69ed8b3a30/1759320000.0_mean_300.0_v3" 201 - "PUT http://localhost:8080/d1/348/AUTH_3fd836c1830440ab81ef373a36d676fd/gnocchi.356d4efc-8cb0-40c8-8f02-3a69ed8b3a30/1759320000.0_mean_300.0_v3" "tx57e3a36597bc4867b3c5a-0068ecafa6" "object-server 21" 0.0006 "-" 23 0
Oct 13 07:52:06 standalone object-server[124537]: 172.20.0.100 - - [13/Oct/2025:07:52:06 +0000] "PUT /d1/348/AUTH_3fd836c1830440ab81ef373a36d676fd/gnocchi.356d4efc-8cb0-40c8-8f02-3a69ed8b3a30/1759320000.0_mean_300.0_v3" 201 - "PUT http://localhost:8080/v1/AUTH_3fd836c1830440ab81ef373a36d676fd/gnocchi.356d4efc-8cb0-40c8-8f02-3a69ed8b3a30/1759320000.0_mean_300.0_v3" "tx57e3a36597bc4867b3c5a-0068ecafa6" "proxy-server 21" 0.0119 "-" 21 0
Oct 13 07:52:06 standalone proxy-server[126572]: 172.18.0.2 ::1 13/Oct/2025/07/52/06 PUT /v1/AUTH_3fd836c1830440ab81ef373a36d676fd/gnocchi.356d4efc-8cb0-40c8-8f02-3a69ed8b3a30/1759320000.0_mean_300.0_v3 HTTP/1.0 201 - python-swiftclient-3.11.1 gAAAAABo7K7sUwfT... 16 - - tx57e3a36597bc4867b3c5a-0068ecafa6 - 0.0200 - - 1760341926.962669611 1760341926.982670307 0
Oct 13 07:52:07 standalone container-server[124411]: 172.20.0.100 - - [13/Oct/2025:07:52:07 +0000] "PUT /d1/402/AUTH_3fd836c1830440ab81ef373a36d676fd/gnocchi.356d4efc-8cb0-40c8-8f02-3a69ed8b3a30/none_v3" 201 - "PUT http://localhost:8080/d1/846/AUTH_3fd836c1830440ab81ef373a36d676fd/gnocchi.356d4efc-8cb0-40c8-8f02-3a69ed8b3a30/none_v3" "txc6cb7f42041b40bc987fa-0068ecafa6" "object-server 20" 0.0003 "-" 23 0
Oct 13 07:52:07 standalone object-server[124536]: 172.20.0.100 - - [13/Oct/2025:07:52:07 +0000] "PUT /d1/846/AUTH_3fd836c1830440ab81ef373a36d676fd/gnocchi.356d4efc-8cb0-40c8-8f02-3a69ed8b3a30/none_v3" 201 - "PUT http://localhost:8080/v1/AUTH_3fd836c1830440ab81ef373a36d676fd/gnocchi.356d4efc-8cb0-40c8-8f02-3a69ed8b3a30/none_v3" "txc6cb7f42041b40bc987fa-0068ecafa6" "proxy-server 21" 0.0088 "-" 20 0
Oct 13 07:52:07 standalone proxy-server[126572]: 172.18.0.2 ::1 13/Oct/2025/07/52/07 PUT /v1/AUTH_3fd836c1830440ab81ef373a36d676fd/gnocchi.356d4efc-8cb0-40c8-8f02-3a69ed8b3a30/none_v3 HTTP/1.0 201 - python-swiftclient-3.11.1 gAAAAABo7K7sUwfT... 22 - - txc6cb7f42041b40bc987fa-0068ecafa6 - 0.0165 - - 1760341926.986927271 1760341927.003447533 0
Oct 13 07:52:07 standalone container-server[124404]: 172.20.0.100 - - [13/Oct/2025:07:52:07 +0000] "HEAD /d1/539/AUTH_3fd836c1830440ab81ef373a36d676fd/gnocchi.68768457-15b4-4165-9e8c-d9960aaebaa1" 404 - "HEAD http://localhost:8080/v1/AUTH_3fd836c1830440ab81ef373a36d676fd/gnocchi.68768457-15b4-4165-9e8c-d9960aaebaa1?format=json&states=listing" "tx41d0a9fa78bc4ae8afea8-0068ecafa7" "proxy-server 21" 0.0006 "-" 20 0
Oct 13 07:52:07 standalone object-server[124536]: 172.20.0.100 - - [13/Oct/2025:07:52:07 +0000] "GET /d1/745/AUTH_3fd836c1830440ab81ef373a36d676fd/gnocchi.68768457-15b4-4165-9e8c-d9960aaebaa1/none_v3" 404 70 "GET http://localhost:8080/v1/AUTH_3fd836c1830440ab81ef373a36d676fd/gnocchi.68768457-15b4-4165-9e8c-d9960aaebaa1/none_v3" "tx41d0a9fa78bc4ae8afea8-0068ecafa7" "proxy-server 21" 0.0005 "-" 20 0
Oct 13 07:52:07 standalone proxy-server[126572]: 172.18.0.2 ::1 13/Oct/2025/07/52/07 GET /v1/AUTH_3fd836c1830440ab81ef373a36d676fd/gnocchi.68768457-15b4-4165-9e8c-d9960aaebaa1/none_v3 HTTP/1.0 404 - python-swiftclient-3.11.1 gAAAAABo7K7sUwfT... - 70 - tx41d0a9fa78bc4ae8afea8-0068ecafa7 - 0.0136 - - 1760341927.024555683 1760341927.038163662 0
Oct 13 07:52:07 standalone account-server[124275]: 172.20.0.100 - - [13/Oct/2025:07:52:07 +0000] "PUT /d1/98/AUTH_3fd836c1830440ab81ef373a36d676fd/gnocchi.68768457-15b4-4165-9e8c-d9960aaebaa1" 201 - "PUT http://172.20.0.100:6001/d1/539/AUTH_3fd836c1830440ab81ef373a36d676fd/gnocchi.68768457-15b4-4165-9e8c-d9960aaebaa1" "tx3591eb7ed8034684b2e58-0068ecafa7" "container-server 22" 0.0073 "-" 14 0
Oct 13 07:52:07 standalone container-server[124409]: 172.20.0.100 - - [13/Oct/2025:07:52:07 +0000] "PUT /d1/539/AUTH_3fd836c1830440ab81ef373a36d676fd/gnocchi.68768457-15b4-4165-9e8c-d9960aaebaa1" 201 - "PUT http://localhost:8080/v1/AUTH_3fd836c1830440ab81ef373a36d676fd/gnocchi.68768457-15b4-4165-9e8c-d9960aaebaa1" "tx3591eb7ed8034684b2e58-0068ecafa7" "proxy-server 21" 0.0253 "-" 22 0
Oct 13 07:52:07 standalone proxy-server[126572]: 172.18.0.2 ::1 13/Oct/2025/07/52/07 PUT /v1/AUTH_3fd836c1830440ab81ef373a36d676fd/gnocchi.68768457-15b4-4165-9e8c-d9960aaebaa1 HTTP/1.0 201 - python-swiftclient-3.11.1 gAAAAABo7K7sUwfT... - - - tx3591eb7ed8034684b2e58-0068ecafa7 - 0.0330 - - 1760341927.043298721 1760341927.076288939 0
Oct 13 07:52:07 standalone container-server[124404]: 172.20.0.100 - - [13/Oct/2025:07:52:07 +0000] "HEAD /d1/539/AUTH_3fd836c1830440ab81ef373a36d676fd/gnocchi.68768457-15b4-4165-9e8c-d9960aaebaa1" 204 - "HEAD http://localhost:8080/v1/AUTH_3fd836c1830440ab81ef373a36d676fd/gnocchi.68768457-15b4-4165-9e8c-d9960aaebaa1?format=json&states=listing" "tx3c0a4ea9df734ad993c56-0068ecafa7" "proxy-server 21" 0.0022 "-" 20 0
Oct 13 07:52:07 standalone proxy-server[126572]: - - 13/Oct/2025/07/52/07 HEAD /v1/AUTH_3fd836c1830440ab81ef373a36d676fd/gnocchi.68768457-15b4-4165-9e8c-d9960aaebaa1%3Fformat%3Djson%26states%3Dlisting HTTP/1.0 204 - Swift - - - - tx3c0a4ea9df734ad993c56-0068ecafa7 - 0.0069 RL - 1760341927.083665371 1760341927.090527058 0
Oct 13 07:52:07 standalone container-server[124407]: 172.20.0.100 - - [13/Oct/2025:07:52:07 +0000] "GET /d1/539/AUTH_3fd836c1830440ab81ef373a36d676fd/gnocchi.68768457-15b4-4165-9e8c-d9960aaebaa1" 200 2 "GET http://localhost:8080/v1/AUTH_3fd836c1830440ab81ef373a36d676fd/gnocchi.68768457-15b4-4165-9e8c-d9960aaebaa1?format=json&states=listing" "tx3c0a4ea9df734ad993c56-0068ecafa7" "proxy-server 21" 0.0019 "-" 21 0
Oct 13 07:52:07 standalone proxy-server[126572]: 172.18.0.2 ::1 13/Oct/2025/07/52/07 GET /v1/AUTH_3fd836c1830440ab81ef373a36d676fd/gnocchi.68768457-15b4-4165-9e8c-d9960aaebaa1%3Fformat%3Djson%26states%3Dlisting HTTP/1.0 200 - python-swiftclient-3.11.1 gAAAAABo7K7sUwfT... - 2 - tx3c0a4ea9df734ad993c56-0068ecafa7 - 0.0216 - - 1760341927.081966877 1760341927.103568554 0
Oct 13 07:52:07 standalone object-server[124537]: 172.20.0.100 - - [13/Oct/2025:07:52:07 +0000] "GET /d1/192/AUTH_3fd836c1830440ab81ef373a36d676fd/gnocchi.68768457-15b4-4165-9e8c-d9960aaebaa1/1759320000.0_mean_300.0_v3" 404 70 "GET http://localhost:8080/v1/AUTH_3fd836c1830440ab81ef373a36d676fd/gnocchi.68768457-15b4-4165-9e8c-d9960aaebaa1/1759320000.0_mean_300.0_v3" "tx6d2bccbeced24999907ed-0068ecafa7" "proxy-server 21" 0.0005 "-" 21 0
Oct 13 07:52:07 standalone proxy-server[126572]: 172.18.0.2 ::1 13/Oct/2025/07/52/07 GET /v1/AUTH_3fd836c1830440ab81ef373a36d676fd/gnocchi.68768457-15b4-4165-9e8c-d9960aaebaa1/1759320000.0_mean_300.0_v3 HTTP/1.0 404 - python-swiftclient-3.11.1 gAAAAABo7K7sUwfT... - 70 - tx6d2bccbeced24999907ed-0068ecafa7 - 0.0104 - - 1760341927.112303734 1760341927.122680902 0
Oct 13 07:52:07 standalone container-server[124404]: 172.20.0.100 - - [13/Oct/2025:07:52:07 +0000] "PUT /d1/539/AUTH_3fd836c1830440ab81ef373a36d676fd/gnocchi.68768457-15b4-4165-9e8c-d9960aaebaa1/1759320000.0_mean_300.0_v3" 201 - "PUT http://localhost:8080/d1/192/AUTH_3fd836c1830440ab81ef373a36d676fd/gnocchi.68768457-15b4-4165-9e8c-d9960aaebaa1/1759320000.0_mean_300.0_v3" "txf64a099ad3f344b987849-0068ecafa7" "object-server 18" 0.0009 "-" 20 0
Oct 13 07:52:07 standalone object-server[124534]: 172.20.0.100 - - [13/Oct/2025:07:52:07 +0000] "PUT /d1/192/AUTH_3fd836c1830440ab81ef373a36d676fd/gnocchi.68768457-15b4-4165-9e8c-d9960aaebaa1/1759320000.0_mean_300.0_v3" 201 - "PUT http://localhost:8080/v1/AUTH_3fd836c1830440ab81ef373a36d676fd/gnocchi.68768457-15b4-4165-9e8c-d9960aaebaa1/1759320000.0_mean_300.0_v3" "txf64a099ad3f344b987849-0068ecafa7" "proxy-server 21" 0.0124 "-" 18 0
Oct 13 07:52:07 standalone proxy-server[126572]: 172.18.0.2 ::1 13/Oct/2025/07/52/07 PUT /v1/AUTH_3fd836c1830440ab81ef373a36d676fd/gnocchi.68768457-15b4-4165-9e8c-d9960aaebaa1/1759320000.0_mean_300.0_v3 HTTP/1.0 201 - python-swiftclient-3.11.1 gAAAAABo7K7sUwfT... 16 - - txf64a099ad3f344b987849-0068ecafa7 - 0.0213 - - 1760341927.128091335 1760341927.149363756 0
Oct 13 07:52:07 standalone container-server[124407]: 172.20.0.100 - - [13/Oct/2025:07:52:07 +0000] "PUT /d1/539/AUTH_3fd836c1830440ab81ef373a36d676fd/gnocchi.68768457-15b4-4165-9e8c-d9960aaebaa1/none_v3" 201 - "PUT http://localhost:8080/d1/745/AUTH_3fd836c1830440ab81ef373a36d676fd/gnocchi.68768457-15b4-4165-9e8c-d9960aaebaa1/none_v3" "tx4b9500e7138b402e9d663-0068ecafa7" "object-server 19" 0.0004 "-" 21 0
Oct 13 07:52:07 standalone object-server[124535]: 172.20.0.100 - - [13/Oct/2025:07:52:07 +0000] "PUT /d1/745/AUTH_3fd836c1830440ab81ef373a36d676fd/gnocchi.68768457-15b4-4165-9e8c-d9960aaebaa1/none_v3" 201 - "PUT http://localhost:8080/v1/AUTH_3fd836c1830440ab81ef373a36d676fd/gnocchi.68768457-15b4-4165-9e8c-d9960aaebaa1/none_v3" "tx4b9500e7138b402e9d663-0068ecafa7" "proxy-server 21" 0.0101 "-" 19 0
Oct 13 07:52:07 standalone proxy-server[126572]: 172.18.0.2 ::1 13/Oct/2025/07/52/07 PUT /v1/AUTH_3fd836c1830440ab81ef373a36d676fd/gnocchi.68768457-15b4-4165-9e8c-d9960aaebaa1/none_v3 HTTP/1.0 201 - python-swiftclient-3.11.1 gAAAAABo7K7sUwfT... 22 - - tx4b9500e7138b402e9d663-0068ecafa7 - 0.0184 - - 1760341927.153946877 1760341927.172377110 0
Oct 13 07:52:07 standalone container-server[124407]: 172.20.0.100 - - [13/Oct/2025:07:52:07 +0000] "HEAD /d1/803/AUTH_3fd836c1830440ab81ef373a36d676fd/gnocchi.c0c1c29b-ae2c-4174-a51d-e24657d9b452" 404 - "HEAD http://localhost:8080/v1/AUTH_3fd836c1830440ab81ef373a36d676fd/gnocchi.c0c1c29b-ae2c-4174-a51d-e24657d9b452?format=json&states=listing" "txf74457ec4fc349a687bc7-0068ecafa7" "proxy-server 21" 0.0002 "-" 21 0
Oct 13 07:52:07 standalone object-server[124536]: 172.20.0.100 - - [13/Oct/2025:07:52:07 +0000] "GET /d1/513/AUTH_3fd836c1830440ab81ef373a36d676fd/gnocchi.c0c1c29b-ae2c-4174-a51d-e24657d9b452/none_v3" 404 70 "GET http://localhost:8080/v1/AUTH_3fd836c1830440ab81ef373a36d676fd/gnocchi.c0c1c29b-ae2c-4174-a51d-e24657d9b452/none_v3" "txf74457ec4fc349a687bc7-0068ecafa7" "proxy-server 21" 0.0005 "-" 20 0
Oct 13 07:52:07 standalone proxy-server[126572]: 172.18.0.2 ::1 13/Oct/2025/07/52/07 GET /v1/AUTH_3fd836c1830440ab81ef373a36d676fd/gnocchi.c0c1c29b-ae2c-4174-a51d-e24657d9b452/none_v3 HTTP/1.0 404 - python-swiftclient-3.11.1 gAAAAABo7K7sUwfT... - 70 - txf74457ec4fc349a687bc7-0068ecafa7 - 0.0133 - - 1760341927.187715054 1760341927.201021910 0
Oct 13 07:52:07 standalone account-server[124290]: 172.20.0.100 - - [13/Oct/2025:07:52:07 +0000] "PUT /d1/98/AUTH_3fd836c1830440ab81ef373a36d676fd/gnocchi.c0c1c29b-ae2c-4174-a51d-e24657d9b452" 201 - "PUT http://172.20.0.100:6001/d1/803/AUTH_3fd836c1830440ab81ef373a36d676fd/gnocchi.c0c1c29b-ae2c-4174-a51d-e24657d9b452" "tx99ca33132d7f4b818593d-0068ecafa7" "container-server 21" 0.0068 "-" 15 0
Oct 13 07:52:07 standalone container-server[124407]: 172.20.0.100 - - [13/Oct/2025:07:52:07 +0000] "PUT /d1/803/AUTH_3fd836c1830440ab81ef373a36d676fd/gnocchi.c0c1c29b-ae2c-4174-a51d-e24657d9b452" 201 - "PUT http://localhost:8080/v1/AUTH_3fd836c1830440ab81ef373a36d676fd/gnocchi.c0c1c29b-ae2c-4174-a51d-e24657d9b452" "tx99ca33132d7f4b818593d-0068ecafa7" "proxy-server 21" 0.0158 "-" 21 0
Oct 13 07:52:07 standalone proxy-server[126572]: 172.18.0.2 ::1 13/Oct/2025/07/52/07 PUT /v1/AUTH_3fd836c1830440ab81ef373a36d676fd/gnocchi.c0c1c29b-ae2c-4174-a51d-e24657d9b452 HTTP/1.0 201 - python-swiftclient-3.11.1 gAAAAABo7K7sUwfT... - - - tx99ca33132d7f4b818593d-0068ecafa7 - 0.0230 - - 1760341927.205610991 1760341927.228608847 0
Oct 13 07:52:07 standalone container-server[124407]: 172.20.0.100 - - [13/Oct/2025:07:52:07 +0000] "HEAD /d1/803/AUTH_3fd836c1830440ab81ef373a36d676fd/gnocchi.c0c1c29b-ae2c-4174-a51d-e24657d9b452" 204 - "HEAD http://localhost:8080/v1/AUTH_3fd836c1830440ab81ef373a36d676fd/gnocchi.c0c1c29b-ae2c-4174-a51d-e24657d9b452?format=json&states=listing" "txd2d1af9f803e468ebd56e-0068ecafa7" "proxy-server 21" 0.0010 "-" 21 0
Oct 13 07:52:07 standalone proxy-server[126572]: - - 13/Oct/2025/07/52/07 HEAD /v1/AUTH_3fd836c1830440ab81ef373a36d676fd/gnocchi.c0c1c29b-ae2c-4174-a51d-e24657d9b452%3Fformat%3Djson%26states%3Dlisting HTTP/1.0 204 - Swift - - - - txd2d1af9f803e468ebd56e-0068ecafa7 - 0.0049 RL - 1760341927.235619068 1760341927.240558147 0
Oct 13 07:52:07 standalone container-server[124409]: 172.20.0.100 - - [13/Oct/2025:07:52:07 +0000] "GET /d1/803/AUTH_3fd836c1830440ab81ef373a36d676fd/gnocchi.c0c1c29b-ae2c-4174-a51d-e24657d9b452" 200 2 "GET http://localhost:8080/v1/AUTH_3fd836c1830440ab81ef373a36d676fd/gnocchi.c0c1c29b-ae2c-4174-a51d-e24657d9b452?format=json&states=listing" "txd2d1af9f803e468ebd56e-0068ecafa7" "proxy-server 21" 0.0038 "-" 22 0
Oct 13 07:52:07 standalone proxy-server[126572]: 172.18.0.2 ::1 13/Oct/2025/07/52/07 GET /v1/AUTH_3fd836c1830440ab81ef373a36d676fd/gnocchi.c0c1c29b-ae2c-4174-a51d-e24657d9b452%3Fformat%3Djson%26states%3Dlisting HTTP/1.0 200 - python-swiftclient-3.11.1 gAAAAABo7K7sUwfT... - 2 - txd2d1af9f803e468ebd56e-0068ecafa7 - 0.0239 - - 1760341927.233971357 1760341927.257910967 0
Oct 13 07:52:07 standalone object-server[124535]: 172.20.0.100 - - [13/Oct/2025:07:52:07 +0000] "GET /d1/139/AUTH_3fd836c1830440ab81ef373a36d676fd/gnocchi.c0c1c29b-ae2c-4174-a51d-e24657d9b452/1759320000.0_mean_300.0_v3" 404 70 "GET http://localhost:8080/v1/AUTH_3fd836c1830440ab81ef373a36d676fd/gnocchi.c0c1c29b-ae2c-4174-a51d-e24657d9b452/1759320000.0_mean_300.0_v3" "tx03b9e4e4c1754dc1935d1-0068ecafa7" "proxy-server 21" 0.0006 "-" 19 0
Oct 13 07:52:07 standalone proxy-server[126572]: 172.18.0.2 ::1 13/Oct/2025/07/52/07 GET /v1/AUTH_3fd836c1830440ab81ef373a36d676fd/gnocchi.c0c1c29b-ae2c-4174-a51d-e24657d9b452/1759320000.0_mean_300.0_v3 HTTP/1.0 404 - python-swiftclient-3.11.1 gAAAAABo7K7sUwfT... - 70 - tx03b9e4e4c1754dc1935d1-0068ecafa7 - 0.0091 - - 1760341927.268347979 1760341927.277469873 0
Oct 13 07:52:07 standalone container-server[124404]: 172.20.0.100 - - [13/Oct/2025:07:52:07 +0000] "PUT /d1/803/AUTH_3fd836c1830440ab81ef373a36d676fd/gnocchi.c0c1c29b-ae2c-4174-a51d-e24657d9b452/1759320000.0_mean_300.0_v3" 201 - "PUT http://localhost:8080/d1/139/AUTH_3fd836c1830440ab81ef373a36d676fd/gnocchi.c0c1c29b-ae2c-4174-a51d-e24657d9b452/1759320000.0_mean_300.0_v3" "txaa976fd286e846a2b3907-0068ecafa7" "object-server 21" 0.0011 "-" 20 0
Oct 13 07:52:07 standalone object-server[124537]: 172.20.0.100 - - [13/Oct/2025:07:52:07 +0000] "PUT /d1/139/AUTH_3fd836c1830440ab81ef373a36d676fd/gnocchi.c0c1c29b-ae2c-4174-a51d-e24657d9b452/1759320000.0_mean_300.0_v3" 201 - "PUT http://localhost:8080/v1/AUTH_3fd836c1830440ab81ef373a36d676fd/gnocchi.c0c1c29b-ae2c-4174-a51d-e24657d9b452/1759320000.0_mean_300.0_v3" "txaa976fd286e846a2b3907-0068ecafa7" "proxy-server 21" 0.0143 "-" 21 0
Oct 13 07:52:07 standalone proxy-server[126572]: 172.18.0.2 ::1 13/Oct/2025/07/52/07 PUT /v1/AUTH_3fd836c1830440ab81ef373a36d676fd/gnocchi.c0c1c29b-ae2c-4174-a51d-e24657d9b452/1759320000.0_mean_300.0_v3 HTTP/1.0 201 - python-swiftclient-3.11.1 gAAAAABo7K7sUwfT... 16 - - txaa976fd286e846a2b3907-0068ecafa7 - 0.0230 - - 1760341927.283632755 1760341927.306608200 0
Oct 13 07:52:07 standalone container-server[124411]: 172.20.0.100 - - [13/Oct/2025:07:52:07 +0000] "PUT /d1/803/AUTH_3fd836c1830440ab81ef373a36d676fd/gnocchi.c0c1c29b-ae2c-4174-a51d-e24657d9b452/none_v3" 201 - "PUT http://localhost:8080/d1/513/AUTH_3fd836c1830440ab81ef373a36d676fd/gnocchi.c0c1c29b-ae2c-4174-a51d-e24657d9b452/none_v3" "txa26fab7e0e394697b93c1-0068ecafa7" "object-server 21" 0.0006 "-" 23 0
Oct 13 07:52:07 standalone object-server[124537]: 172.20.0.100 - - [13/Oct/2025:07:52:07 +0000] "PUT /d1/513/AUTH_3fd836c1830440ab81ef373a36d676fd/gnocchi.c0c1c29b-ae2c-4174-a51d-e24657d9b452/none_v3" 201 - "PUT http://localhost:8080/v1/AUTH_3fd836c1830440ab81ef373a36d676fd/gnocchi.c0c1c29b-ae2c-4174-a51d-e24657d9b452/none_v3" "txa26fab7e0e394697b93c1-0068ecafa7" "proxy-server 21" 0.0128 "-" 21 0
Oct 13 07:52:07 standalone proxy-server[126572]: 172.18.0.2 ::1 13/Oct/2025/07/52/07 PUT /v1/AUTH_3fd836c1830440ab81ef373a36d676fd/gnocchi.c0c1c29b-ae2c-4174-a51d-e24657d9b452/none_v3 HTTP/1.0 201 - python-swiftclient-3.11.1 gAAAAABo7K7sUwfT... 22 - - txa26fab7e0e394697b93c1-0068ecafa7 - 0.0194 - - 1760341927.311828136 1760341927.331261873 0
Oct 13 07:52:07 standalone container-server[124407]: 172.20.0.100 - - [13/Oct/2025:07:52:07 +0000] "HEAD /d1/526/AUTH_3fd836c1830440ab81ef373a36d676fd/gnocchi.26fccec9-624a-4c3e-9617-1720b7663a3c" 404 - "HEAD http://localhost:8080/v1/AUTH_3fd836c1830440ab81ef373a36d676fd/gnocchi.26fccec9-624a-4c3e-9617-1720b7663a3c?format=json&states=listing" "txc8491c1845b94b03bc6bc-0068ecafa7" "proxy-server 21" 0.0004 "-" 21 0
Oct 13 07:52:07 standalone object-server[124534]: 172.20.0.100 - - [13/Oct/2025:07:52:07 +0000] "GET /d1/36/AUTH_3fd836c1830440ab81ef373a36d676fd/gnocchi.26fccec9-624a-4c3e-9617-1720b7663a3c/none_v3" 404 70 "GET http://localhost:8080/v1/AUTH_3fd836c1830440ab81ef373a36d676fd/gnocchi.26fccec9-624a-4c3e-9617-1720b7663a3c/none_v3" "txc8491c1845b94b03bc6bc-0068ecafa7" "proxy-server 21" 0.0006 "-" 18 0
Oct 13 07:52:07 standalone proxy-server[126572]: 172.18.0.2 ::1 13/Oct/2025/07/52/07 GET /v1/AUTH_3fd836c1830440ab81ef373a36d676fd/gnocchi.26fccec9-624a-4c3e-9617-1720b7663a3c/none_v3 HTTP/1.0 404 - python-swiftclient-3.11.1 gAAAAABo7K7sUwfT... - 70 - txc8491c1845b94b03bc6bc-0068ecafa7 - 0.0107 - - 1760341927.347584963 1760341927.358253241 0
Oct 13 07:52:07 standalone account-server[124306]: 172.20.0.100 - - [13/Oct/2025:07:52:07 +0000] "PUT /d1/98/AUTH_3fd836c1830440ab81ef373a36d676fd/gnocchi.26fccec9-624a-4c3e-9617-1720b7663a3c" 201 - "PUT http://172.20.0.100:6001/d1/526/AUTH_3fd836c1830440ab81ef373a36d676fd/gnocchi.26fccec9-624a-4c3e-9617-1720b7663a3c" "txc9ce1cb56acb42aba9cac-0068ecafa7" "container-server 21" 0.0094 "-" 20 0
Oct 13 07:52:07 standalone container-server[124407]: 172.20.0.100 - - [13/Oct/2025:07:52:07 +0000] "PUT /d1/526/AUTH_3fd836c1830440ab81ef373a36d676fd/gnocchi.26fccec9-624a-4c3e-9617-1720b7663a3c" 201 - "PUT http://localhost:8080/v1/AUTH_3fd836c1830440ab81ef373a36d676fd/gnocchi.26fccec9-624a-4c3e-9617-1720b7663a3c" "txc9ce1cb56acb42aba9cac-0068ecafa7" "proxy-server 21" 0.0297 "-" 21 0
Oct 13 07:52:07 standalone proxy-server[126572]: 172.18.0.2 ::1 13/Oct/2025/07/52/07 PUT /v1/AUTH_3fd836c1830440ab81ef373a36d676fd/gnocchi.26fccec9-624a-4c3e-9617-1720b7663a3c HTTP/1.0 201 - python-swiftclient-3.11.1 gAAAAABo7K7sUwfT... - - - txc9ce1cb56acb42aba9cac-0068ecafa7 - 0.0367 - - 1760341927.362217188 1760341927.398936510 0
Oct 13 07:52:07 standalone container-server[124411]: 172.20.0.100 - - [13/Oct/2025:07:52:07 +0000] "HEAD /d1/526/AUTH_3fd836c1830440ab81ef373a36d676fd/gnocchi.26fccec9-624a-4c3e-9617-1720b7663a3c" 204 - "HEAD http://localhost:8080/v1/AUTH_3fd836c1830440ab81ef373a36d676fd/gnocchi.26fccec9-624a-4c3e-9617-1720b7663a3c?format=json&states=listing" "txcfa6785cabf44e179da01-0068ecafa7" "proxy-server 21" 0.0014 "-" 23 0
