Nov 26 14:48:44 standalone container-server[127444]: 172.20.0.100 - - [26/Nov/2025:14:48:44 +0000] "GET /d1/928/AUTH_78bcf9038de64dabbf49cc5cbde2aa55/gnocchi.fd6f6b12-2a47-4275-b135-e4c927d18d5b" 200 2 "GET http://172.18.0.2:8080/v1/AUTH_78bcf9038de64dabbf49cc5cbde2aa55/gnocchi.fd6f6b12-2a47-4275-b135-e4c927d18d5b?format=json&states=listing" "tx458ed272acec4b97b55cd-006927134c" "proxy-server 20" 0.0025 "-" 21 0
Nov 26 14:48:44 standalone proxy-server[129656]: 172.18.0.2 172.18.0.100 26/Nov/2025/14/48/44 GET /v1/AUTH_78bcf9038de64dabbf49cc5cbde2aa55/gnocchi.fd6f6b12-2a47-4275-b135-e4c927d18d5b%3Fformat%3Djson%26states%3Dlisting HTTP/1.0 200 - python-swiftclient-3.11.1 gAAAAABpJxKhsvRX... - 2 - tx458ed272acec4b97b55cd-006927134c - 0.0138 - - 1764168524.265558243 1764168524.279348850 0
Nov 26 14:48:44 standalone object-server[127693]: 172.20.0.100 - - [26/Nov/2025:14:48:44 +0000] "GET /d1/670/AUTH_78bcf9038de64dabbf49cc5cbde2aa55/gnocchi.fd6f6b12-2a47-4275-b135-e4c927d18d5b/1763640000.0_mean_300.0_v3" 404 70 "GET http://172.18.0.2:8080/v1/AUTH_78bcf9038de64dabbf49cc5cbde2aa55/gnocchi.fd6f6b12-2a47-4275-b135-e4c927d18d5b/1763640000.0_mean_300.0_v3" "txad5ac40bad0f4ab0ada78-006927134c" "proxy-server 20" 0.0004 "-" 24 0
Nov 26 14:48:44 standalone proxy-server[129656]: 172.18.0.2 172.18.0.100 26/Nov/2025/14/48/44 GET /v1/AUTH_78bcf9038de64dabbf49cc5cbde2aa55/gnocchi.fd6f6b12-2a47-4275-b135-e4c927d18d5b/1763640000.0_mean_300.0_v3 HTTP/1.0 404 - python-swiftclient-3.11.1 gAAAAABpJxKhsvRX... - 70 - txad5ac40bad0f4ab0ada78-006927134c - 0.0055 - - 1764168524.284717321 1764168524.290234327 0
Nov 26 14:48:44 standalone container-server[127444]: 172.20.0.100 - - [26/Nov/2025:14:48:44 +0000] "PUT /d1/928/AUTH_78bcf9038de64dabbf49cc5cbde2aa55/gnocchi.fd6f6b12-2a47-4275-b135-e4c927d18d5b/1763640000.0_mean_300.0_v3" 201 - "PUT http://172.18.0.2:8080/d1/670/AUTH_78bcf9038de64dabbf49cc5cbde2aa55/gnocchi.fd6f6b12-2a47-4275-b135-e4c927d18d5b/1763640000.0_mean_300.0_v3" "tx6be95ccc78254cc386f4b-006927134c" "object-server 23" 0.0005 "-" 21 0
Nov 26 14:48:44 standalone object-server[127688]: 172.20.0.100 - - [26/Nov/2025:14:48:44 +0000] "PUT /d1/670/AUTH_78bcf9038de64dabbf49cc5cbde2aa55/gnocchi.fd6f6b12-2a47-4275-b135-e4c927d18d5b/1763640000.0_mean_300.0_v3" 201 - "PUT http://172.18.0.2:8080/v1/AUTH_78bcf9038de64dabbf49cc5cbde2aa55/gnocchi.fd6f6b12-2a47-4275-b135-e4c927d18d5b/1763640000.0_mean_300.0_v3" "tx6be95ccc78254cc386f4b-006927134c" "proxy-server 20" 0.0105 "-" 23 0
Nov 26 14:48:44 standalone proxy-server[129656]: 172.18.0.2 172.18.0.100 26/Nov/2025/14/48/44 PUT /v1/AUTH_78bcf9038de64dabbf49cc5cbde2aa55/gnocchi.fd6f6b12-2a47-4275-b135-e4c927d18d5b/1763640000.0_mean_300.0_v3 HTTP/1.0 201 - python-swiftclient-3.11.1 gAAAAABpJxKhsvRX... 16 - - tx6be95ccc78254cc386f4b-006927134c - 0.0169 - - 1764168524.294007540 1764168524.310939074 0
Nov 26 14:48:44 standalone container-server[127451]: 172.20.0.100 - - [26/Nov/2025:14:48:44 +0000] "PUT /d1/928/AUTH_78bcf9038de64dabbf49cc5cbde2aa55/gnocchi.fd6f6b12-2a47-4275-b135-e4c927d18d5b/none_v3" 201 - "PUT http://172.18.0.2:8080/d1/477/AUTH_78bcf9038de64dabbf49cc5cbde2aa55/gnocchi.fd6f6b12-2a47-4275-b135-e4c927d18d5b/none_v3" "tx87473d217143408882e84-006927134c" "object-server 23" 0.0005 "-" 22 0
Nov 26 14:48:44 standalone object-server[127688]: 172.20.0.100 - - [26/Nov/2025:14:48:44 +0000] "PUT /d1/477/AUTH_78bcf9038de64dabbf49cc5cbde2aa55/gnocchi.fd6f6b12-2a47-4275-b135-e4c927d18d5b/none_v3" 201 - "PUT http://172.18.0.2:8080/v1/AUTH_78bcf9038de64dabbf49cc5cbde2aa55/gnocchi.fd6f6b12-2a47-4275-b135-e4c927d18d5b/none_v3" "tx87473d217143408882e84-006927134c" "proxy-server 20" 0.0083 "-" 23 0
Nov 26 14:48:44 standalone proxy-server[129656]: 172.18.0.2 172.18.0.100 26/Nov/2025/14/48/44 PUT /v1/AUTH_78bcf9038de64dabbf49cc5cbde2aa55/gnocchi.fd6f6b12-2a47-4275-b135-e4c927d18d5b/none_v3 HTTP/1.0 201 - python-swiftclient-3.11.1 gAAAAABpJxKhsvRX... 22 - - tx87473d217143408882e84-006927134c - 0.0139 - - 1764168524.314557552 1764168524.328435898 0
Nov 26 14:48:44 standalone container-server[127453]: 172.20.0.100 - - [26/Nov/2025:14:48:44 +0000] "HEAD /d1/871/AUTH_78bcf9038de64dabbf49cc5cbde2aa55/gnocchi.87fb3f13-8486-487c-8173-242ba3e92ee4" 404 - "HEAD http://172.18.0.2:8080/v1/AUTH_78bcf9038de64dabbf49cc5cbde2aa55/gnocchi.87fb3f13-8486-487c-8173-242ba3e92ee4?format=json&states=listing" "tx0d7aa0cdfb084f9081ecf-006927134c" "proxy-server 20" 0.0004 "-" 23 0
Nov 26 14:48:44 standalone object-server[127695]: 172.20.0.100 - - [26/Nov/2025:14:48:44 +0000] "GET /d1/514/AUTH_78bcf9038de64dabbf49cc5cbde2aa55/gnocchi.87fb3f13-8486-487c-8173-242ba3e92ee4/none_v3" 404 70 "GET http://172.18.0.2:8080/v1/AUTH_78bcf9038de64dabbf49cc5cbde2aa55/gnocchi.87fb3f13-8486-487c-8173-242ba3e92ee4/none_v3" "tx0d7aa0cdfb084f9081ecf-006927134c" "proxy-server 20" 0.0003 "-" 25 0
Nov 26 14:48:44 standalone proxy-server[129656]: 172.18.0.2 172.18.0.100 26/Nov/2025/14/48/44 GET /v1/AUTH_78bcf9038de64dabbf49cc5cbde2aa55/gnocchi.87fb3f13-8486-487c-8173-242ba3e92ee4/none_v3 HTTP/1.0 404 - python-swiftclient-3.11.1 gAAAAABpJxKhsvRX... - 70 - tx0d7aa0cdfb084f9081ecf-006927134c - 0.0105 - - 1764168524.352002859 1764168524.362514019 0
Nov 26 14:48:44 standalone account-server[127420]: 172.20.0.100 - - [26/Nov/2025:14:48:44 +0000] "PUT /d1/207/AUTH_78bcf9038de64dabbf49cc5cbde2aa55/gnocchi.87fb3f13-8486-487c-8173-242ba3e92ee4" 201 - "PUT http://172.20.0.100:6001/d1/871/AUTH_78bcf9038de64dabbf49cc5cbde2aa55/gnocchi.87fb3f13-8486-487c-8173-242ba3e92ee4" "tx5d2fa2e51c6a4782881db-006927134c" "container-server 20" 0.0049 "-" 20 0
Nov 26 14:48:44 standalone container-server[127441]: 172.20.0.100 - - [26/Nov/2025:14:48:44 +0000] "PUT /d1/871/AUTH_78bcf9038de64dabbf49cc5cbde2aa55/gnocchi.87fb3f13-8486-487c-8173-242ba3e92ee4" 201 - "PUT http://172.18.0.2:8080/v1/AUTH_78bcf9038de64dabbf49cc5cbde2aa55/gnocchi.87fb3f13-8486-487c-8173-242ba3e92ee4" "tx5d2fa2e51c6a4782881db-006927134c" "proxy-server 20" 0.0144 "-" 20 0
Nov 26 14:48:44 standalone proxy-server[129656]: 172.18.0.2 172.18.0.100 26/Nov/2025/14/48/44 PUT /v1/AUTH_78bcf9038de64dabbf49cc5cbde2aa55/gnocchi.87fb3f13-8486-487c-8173-242ba3e92ee4 HTTP/1.0 201 - python-swiftclient-3.11.1 gAAAAABpJxKhsvRX... - - - tx5d2fa2e51c6a4782881db-006927134c - 0.0200 - - 1764168524.365968704 1764168524.385942698 0
Nov 26 14:48:44 standalone container-server[127444]: 172.20.0.100 - - [26/Nov/2025:14:48:44 +0000] "HEAD /d1/871/AUTH_78bcf9038de64dabbf49cc5cbde2aa55/gnocchi.87fb3f13-8486-487c-8173-242ba3e92ee4" 204 - "HEAD http://172.18.0.2:8080/v1/AUTH_78bcf9038de64dabbf49cc5cbde2aa55/gnocchi.87fb3f13-8486-487c-8173-242ba3e92ee4?format=json&states=listing" "tx98c79b8dd0314e93b9697-006927134c" "proxy-server 20" 0.0016 "-" 21 0
Nov 26 14:48:44 standalone proxy-server[129656]: - - 26/Nov/2025/14/48/44 HEAD /v1/AUTH_78bcf9038de64dabbf49cc5cbde2aa55/gnocchi.87fb3f13-8486-487c-8173-242ba3e92ee4%3Fformat%3Djson%26states%3Dlisting HTTP/1.0 204 - Swift - - - - tx98c79b8dd0314e93b9697-006927134c - 0.0056 RL - 1764168524.392038822 1764168524.397673368 0
Nov 26 14:48:44 standalone container-server[127441]: 172.20.0.100 - - [26/Nov/2025:14:48:44 +0000] "GET /d1/871/AUTH_78bcf9038de64dabbf49cc5cbde2aa55/gnocchi.87fb3f13-8486-487c-8173-242ba3e92ee4" 200 2 "GET http://172.18.0.2:8080/v1/AUTH_78bcf9038de64dabbf49cc5cbde2aa55/gnocchi.87fb3f13-8486-487c-8173-242ba3e92ee4?format=json&states=listing" "tx98c79b8dd0314e93b9697-006927134c" "proxy-server 20" 0.0021 "-" 20 0
Nov 26 14:48:44 standalone proxy-server[129656]: 172.18.0.2 172.18.0.100 26/Nov/2025/14/48/44 GET /v1/AUTH_78bcf9038de64dabbf49cc5cbde2aa55/gnocchi.87fb3f13-8486-487c-8173-242ba3e92ee4%3Fformat%3Djson%26states%3Dlisting HTTP/1.0 200 - python-swiftclient-3.11.1 gAAAAABpJxKhsvRX... - 2 - tx98c79b8dd0314e93b9697-006927134c - 0.0166 - - 1764168524.390672207 1764168524.407250643 0
Nov 26 14:48:44 standalone object-server[127688]: 172.20.0.100 - - [26/Nov/2025:14:48:44 +0000] "GET /d1/64/AUTH_78bcf9038de64dabbf49cc5cbde2aa55/gnocchi.87fb3f13-8486-487c-8173-242ba3e92ee4/1763640000.0_mean_300.0_v3" 404 70 "GET http://172.18.0.2:8080/v1/AUTH_78bcf9038de64dabbf49cc5cbde2aa55/gnocchi.87fb3f13-8486-487c-8173-242ba3e92ee4/1763640000.0_mean_300.0_v3" "txcca4970409d14ee18c258-006927134c" "proxy-server 20" 0.0004 "-" 23 0
Nov 26 14:48:44 standalone proxy-server[129656]: 172.18.0.2 172.18.0.100 26/Nov/2025/14/48/44 GET /v1/AUTH_78bcf9038de64dabbf49cc5cbde2aa55/gnocchi.87fb3f13-8486-487c-8173-242ba3e92ee4/1763640000.0_mean_300.0_v3 HTTP/1.0 404 - python-swiftclient-3.11.1 gAAAAABpJxKhsvRX... - 70 - txcca4970409d14ee18c258-006927134c - 0.0089 - - 1764168524.413170099 1764168524.422097445 0
Nov 26 14:48:44 standalone container-server[127441]: 172.20.0.100 - - [26/Nov/2025:14:48:44 +0000] "PUT /d1/871/AUTH_78bcf9038de64dabbf49cc5cbde2aa55/gnocchi.87fb3f13-8486-487c-8173-242ba3e92ee4/1763640000.0_mean_300.0_v3" 201 - "PUT http://172.18.0.2:8080/d1/64/AUTH_78bcf9038de64dabbf49cc5cbde2aa55/gnocchi.87fb3f13-8486-487c-8173-242ba3e92ee4/1763640000.0_mean_300.0_v3" "tx4c69becd3ae842d29f242-006927134c" "object-server 22" 0.0006 "-" 20 0
Nov 26 14:48:44 standalone object-server[127682]: 172.20.0.100 - - [26/Nov/2025:14:48:44 +0000] "PUT /d1/64/AUTH_78bcf9038de64dabbf49cc5cbde2aa55/gnocchi.87fb3f13-8486-487c-8173-242ba3e92ee4/1763640000.0_mean_300.0_v3" 201 - "PUT http://172.18.0.2:8080/v1/AUTH_78bcf9038de64dabbf49cc5cbde2aa55/gnocchi.87fb3f13-8486-487c-8173-242ba3e92ee4/1763640000.0_mean_300.0_v3" "tx4c69becd3ae842d29f242-006927134c" "proxy-server 20" 0.0127 "-" 22 0
Nov 26 14:48:44 standalone proxy-server[129656]: 172.18.0.2 172.18.0.100 26/Nov/2025/14/48/44 PUT /v1/AUTH_78bcf9038de64dabbf49cc5cbde2aa55/gnocchi.87fb3f13-8486-487c-8173-242ba3e92ee4/1763640000.0_mean_300.0_v3 HTTP/1.0 201 - python-swiftclient-3.11.1 gAAAAABpJxKhsvRX... 16 - - tx4c69becd3ae842d29f242-006927134c - 0.0226 - - 1764168524.426067114 1764168524.448619366 0
Nov 26 14:48:44 standalone container-server[127444]: 172.20.0.100 - - [26/Nov/2025:14:48:44 +0000] "PUT /d1/871/AUTH_78bcf9038de64dabbf49cc5cbde2aa55/gnocchi.87fb3f13-8486-487c-8173-242ba3e92ee4/none_v3" 201 - "PUT http://172.18.0.2:8080/d1/514/AUTH_78bcf9038de64dabbf49cc5cbde2aa55/gnocchi.87fb3f13-8486-487c-8173-242ba3e92ee4/none_v3" "tx9f430b6e851c4789bdf57-006927134c" "object-server 25" 0.0006 "-" 21 0
Nov 26 14:48:44 standalone object-server[127695]: 172.20.0.100 - - [26/Nov/2025:14:48:44 +0000] "PUT /d1/514/AUTH_78bcf9038de64dabbf49cc5cbde2aa55/gnocchi.87fb3f13-8486-487c-8173-242ba3e92ee4/none_v3" 201 - "PUT http://172.18.0.2:8080/v1/AUTH_78bcf9038de64dabbf49cc5cbde2aa55/gnocchi.87fb3f13-8486-487c-8173-242ba3e92ee4/none_v3" "tx9f430b6e851c4789bdf57-006927134c" "proxy-server 20" 0.0080 "-" 25 0
Nov 26 14:48:44 standalone proxy-server[129656]: 172.18.0.2 172.18.0.100 26/Nov/2025/14/48/44 PUT /v1/AUTH_78bcf9038de64dabbf49cc5cbde2aa55/gnocchi.87fb3f13-8486-487c-8173-242ba3e92ee4/none_v3 HTTP/1.0 201 - python-swiftclient-3.11.1 gAAAAABpJxKhsvRX... 22 - - tx9f430b6e851c4789bdf57-006927134c - 0.0139 - - 1764168524.452563047 1764168524.466494322 0
Nov 26 14:48:44 standalone container-server[127444]: 172.20.0.100 - - [26/Nov/2025:14:48:44 +0000] "HEAD /d1/160/AUTH_78bcf9038de64dabbf49cc5cbde2aa55/gnocchi.1dc37345-9aa7-4346-9301-c78b9918bb6a" 404 - "HEAD http://172.18.0.2:8080/v1/AUTH_78bcf9038de64dabbf49cc5cbde2aa55/gnocchi.1dc37345-9aa7-4346-9301-c78b9918bb6a?format=json&states=listing" "tx2bb1114eba9f465494f97-006927134c" "proxy-server 20" 0.0004 "-" 21 0
Nov 26 14:48:44 standalone object-server[127688]: 172.20.0.100 - - [26/Nov/2025:14:48:44 +0000] "GET /d1/622/AUTH_78bcf9038de64dabbf49cc5cbde2aa55/gnocchi.1dc37345-9aa7-4346-9301-c78b9918bb6a/none_v3" 404 70 "GET http://172.18.0.2:8080/v1/AUTH_78bcf9038de64dabbf49cc5cbde2aa55/gnocchi.1dc37345-9aa7-4346-9301-c78b9918bb6a/none_v3" "tx2bb1114eba9f465494f97-006927134c" "proxy-server 20" 0.0005 "-" 23 0
Nov 26 14:48:44 standalone proxy-server[129656]: 172.18.0.2 172.18.0.100 26/Nov/2025/14/48/44 GET /v1/AUTH_78bcf9038de64dabbf49cc5cbde2aa55/gnocchi.1dc37345-9aa7-4346-9301-c78b9918bb6a/none_v3 HTTP/1.0 404 - python-swiftclient-3.11.1 gAAAAABpJxKhsvRX... - 70 - tx2bb1114eba9f465494f97-006927134c - 0.0112 - - 1764168524.484229088 1764168524.495414257 0
Nov 26 14:48:44 standalone account-server[127436]: 172.20.0.100 - - [26/Nov/2025:14:48:44 +0000] "PUT /d1/207/AUTH_78bcf9038de64dabbf49cc5cbde2aa55/gnocchi.1dc37345-9aa7-4346-9301-c78b9918bb6a" 201 - "PUT http://172.20.0.100:6001/d1/160/AUTH_78bcf9038de64dabbf49cc5cbde2aa55/gnocchi.1dc37345-9aa7-4346-9301-c78b9918bb6a" "tx063f5fd81782410abd38e-006927134c" "container-server 21" 0.0054 "-" 21 0
Nov 26 14:48:44 standalone container-server[127444]: 172.20.0.100 - - [26/Nov/2025:14:48:44 +0000] "PUT /d1/160/AUTH_78bcf9038de64dabbf49cc5cbde2aa55/gnocchi.1dc37345-9aa7-4346-9301-c78b9918bb6a" 201 - "PUT http://172.18.0.2:8080/v1/AUTH_78bcf9038de64dabbf49cc5cbde2aa55/gnocchi.1dc37345-9aa7-4346-9301-c78b9918bb6a" "tx063f5fd81782410abd38e-006927134c" "proxy-server 20" 0.0164 "-" 21 0
Nov 26 14:48:44 standalone proxy-server[129656]: 172.18.0.2 172.18.0.100 26/Nov/2025/14/48/44 PUT /v1/AUTH_78bcf9038de64dabbf49cc5cbde2aa55/gnocchi.1dc37345-9aa7-4346-9301-c78b9918bb6a HTTP/1.0 201 - python-swiftclient-3.11.1 gAAAAABpJxKhsvRX... - - - tx063f5fd81782410abd38e-006927134c - 0.0221 - - 1764168524.498989582 1764168524.521075010 0
Nov 26 14:48:44 standalone container-server[127453]: 172.20.0.100 - - [26/Nov/2025:14:48:44 +0000] "HEAD /d1/160/AUTH_78bcf9038de64dabbf49cc5cbde2aa55/gnocchi.1dc37345-9aa7-4346-9301-c78b9918bb6a" 204 - "HEAD http://172.18.0.2:8080/v1/AUTH_78bcf9038de64dabbf49cc5cbde2aa55/gnocchi.1dc37345-9aa7-4346-9301-c78b9918bb6a?format=json&states=listing" "tx2d41f3962b464e3281ba9-006927134c" "proxy-server 20" 0.0020 "-" 23 0
Nov 26 14:48:44 standalone proxy-server[129656]: - - 26/Nov/2025/14/48/44 HEAD /v1/AUTH_78bcf9038de64dabbf49cc5cbde2aa55/gnocchi.1dc37345-9aa7-4346-9301-c78b9918bb6a%3Fformat%3Djson%26states%3Dlisting HTTP/1.0 204 - Swift - - - - tx2d41f3962b464e3281ba9-006927134c - 0.0052 RL - 1764168524.526973248 1764168524.532125711 0
Nov 26 14:48:44 standalone container-server[127453]: 172.20.0.100 - - [26/Nov/2025:14:48:44 +0000] "GET /d1/160/AUTH_78bcf9038de64dabbf49cc5cbde2aa55/gnocchi.1dc37345-9aa7-4346-9301-c78b9918bb6a" 200 2 "GET http://172.18.0.2:8080/v1/AUTH_78bcf9038de64dabbf49cc5cbde2aa55/gnocchi.1dc37345-9aa7-4346-9301-c78b9918bb6a?format=json&states=listing" "tx2d41f3962b464e3281ba9-006927134c" "proxy-server 20" 0.0029 "-" 23 0
Nov 26 14:48:44 standalone proxy-server[129656]: 172.18.0.2 172.18.0.100 26/Nov/2025/14/48/44 GET /v1/AUTH_78bcf9038de64dabbf49cc5cbde2aa55/gnocchi.1dc37345-9aa7-4346-9301-c78b9918bb6a%3Fformat%3Djson%26states%3Dlisting HTTP/1.0 200 - python-swiftclient-3.11.1 gAAAAABpJxKhsvRX... - 2 - tx2d41f3962b464e3281ba9-006927134c - 0.0133 - - 1764168524.526207447 1764168524.539488077 0
Nov 26 14:48:44 standalone object-server[127695]: 172.20.0.100 - - [26/Nov/2025:14:48:44 +0000] "GET /d1/948/AUTH_78bcf9038de64dabbf49cc5cbde2aa55/gnocchi.1dc37345-9aa7-4346-9301-c78b9918bb6a/1763640000.0_mean_300.0_v3" 404 70 "GET http://172.18.0.2:8080/v1/AUTH_78bcf9038de64dabbf49cc5cbde2aa55/gnocchi.1dc37345-9aa7-4346-9301-c78b9918bb6a/1763640000.0_mean_300.0_v3" "txab2a7b2a5732430c84696-006927134c" "proxy-server 20" 0.0005 "-" 25 0
Nov 26 14:48:44 standalone proxy-server[129656]: 172.18.0.2 172.18.0.100 26/Nov/2025/14/48/44 GET /v1/AUTH_78bcf9038de64dabbf49cc5cbde2aa55/gnocchi.1dc37345-9aa7-4346-9301-c78b9918bb6a/1763640000.0_mean_300.0_v3 HTTP/1.0 404 - python-swiftclient-3.11.1 gAAAAABpJxKhsvRX... - 70 - txab2a7b2a5732430c84696-006927134c - 0.0049 - - 1764168524.543735027 1764168524.548631668 0
Nov 26 14:48:44 standalone container-server[127453]: 172.20.0.100 - - [26/Nov/2025:14:48:44 +0000] "PUT /d1/160/AUTH_78bcf9038de64dabbf49cc5cbde2aa55/gnocchi.1dc37345-9aa7-4346-9301-c78b9918bb6a/1763640000.0_mean_300.0_v3" 201 - "PUT http://172.18.0.2:8080/d1/948/AUTH_78bcf9038de64dabbf49cc5cbde2aa55/gnocchi.1dc37345-9aa7-4346-9301-c78b9918bb6a/1763640000.0_mean_300.0_v3" "txa7677b6e27d7464185ce1-006927134c" "object-server 22" 0.0008 "-" 23 0
Nov 26 14:48:44 standalone object-server[127682]: 172.20.0.100 - - [26/Nov/2025:14:48:44 +0000] "PUT /d1/948/AUTH_78bcf9038de64dabbf49cc5cbde2aa55/gnocchi.1dc37345-9aa7-4346-9301-c78b9918bb6a/1763640000.0_mean_300.0_v3" 201 - "PUT http://172.18.0.2:8080/v1/AUTH_78bcf9038de64dabbf49cc5cbde2aa55/gnocchi.1dc37345-9aa7-4346-9301-c78b9918bb6a/1763640000.0_mean_300.0_v3" "txa7677b6e27d7464185ce1-006927134c" "proxy-server 20" 0.0104 "-" 22 0
Nov 26 14:48:44 standalone proxy-server[129656]: 172.18.0.2 172.18.0.100 26/Nov/2025/14/48/44 PUT /v1/AUTH_78bcf9038de64dabbf49cc5cbde2aa55/gnocchi.1dc37345-9aa7-4346-9301-c78b9918bb6a/1763640000.0_mean_300.0_v3 HTTP/1.0 201 - python-swiftclient-3.11.1 gAAAAABpJxKhsvRX... 16 - - txa7677b6e27d7464185ce1-006927134c - 0.0151 - - 1764168524.551735878 1764168524.566799402 0
Nov 26 14:48:44 standalone container-server[127453]: 172.20.0.100 - - [26/Nov/2025:14:48:44 +0000] "PUT /d1/160/AUTH_78bcf9038de64dabbf49cc5cbde2aa55/gnocchi.1dc37345-9aa7-4346-9301-c78b9918bb6a/none_v3" 201 - "PUT http://172.18.0.2:8080/d1/622/AUTH_78bcf9038de64dabbf49cc5cbde2aa55/gnocchi.1dc37345-9aa7-4346-9301-c78b9918bb6a/none_v3" "tx515ad34f52654bc6b624b-006927134c" "object-server 22" 0.0006 "-" 23 0
Nov 26 14:48:44 standalone object-server[127682]: 172.20.0.100 - - [26/Nov/2025:14:48:44 +0000] "PUT /d1/622/AUTH_78bcf9038de64dabbf49cc5cbde2aa55/gnocchi.1dc37345-9aa7-4346-9301-c78b9918bb6a/none_v3" 201 - "PUT http://172.18.0.2:8080/v1/AUTH_78bcf9038de64dabbf49cc5cbde2aa55/gnocchi.1dc37345-9aa7-4346-9301-c78b9918bb6a/none_v3" "tx515ad34f52654bc6b624b-006927134c" "proxy-server 20" 0.0097 "-" 22 0
Nov 26 14:48:44 standalone proxy-server[129656]: 172.18.0.2 172.18.0.100 26/Nov/2025/14/48/44 PUT /v1/AUTH_78bcf9038de64dabbf49cc5cbde2aa55/gnocchi.1dc37345-9aa7-4346-9301-c78b9918bb6a/none_v3 HTTP/1.0 201 - python-swiftclient-3.11.1 gAAAAABpJxKhsvRX... 22 - - tx515ad34f52654bc6b624b-006927134c - 0.0147 - - 1764168524.569800854 1764168524.584533215 0
Nov 26 14:48:44 standalone container-server[127441]: 172.20.0.100 - - [26/Nov/2025:14:48:44 +0000] "HEAD /d1/944/AUTH_78bcf9038de64dabbf49cc5cbde2aa55/gnocchi.94566bf0-f8c8-4bed-82cd-e91b4e56266c" 404 - "HEAD http://172.18.0.2:8080/v1/AUTH_78bcf9038de64dabbf49cc5cbde2aa55/gnocchi.94566bf0-f8c8-4bed-82cd-e91b4e56266c?format=json&states=listing" "txa68d4e9b5fc440a2a00ec-006927134c" "proxy-server 20" 0.0005 "-" 20 0
Nov 26 14:48:44 standalone object-server[127688]: 172.20.0.100 - - [26/Nov/2025:14:48:44 +0000] "GET /d1/722/AUTH_78bcf9038de64dabbf49cc5cbde2aa55/gnocchi.94566bf0-f8c8-4bed-82cd-e91b4e56266c/none_v3" 404 70 "GET http://172.18.0.2:8080/v1/AUTH_78bcf9038de64dabbf49cc5cbde2aa55/gnocchi.94566bf0-f8c8-4bed-82cd-e91b4e56266c/none_v3" "txa68d4e9b5fc440a2a00ec-006927134c" "proxy-server 20" 0.0005 "-" 23 0
Nov 26 14:48:44 standalone proxy-server[129656]: 172.18.0.2 172.18.0.100 26/Nov/2025/14/48/44 GET /v1/AUTH_78bcf9038de64dabbf49cc5cbde2aa55/gnocchi.94566bf0-f8c8-4bed-82cd-e91b4e56266c/none_v3 HTTP/1.0 404 - python-swiftclient-3.11.1 gAAAAABpJxKhsvRX... - 70 - txa68d4e9b5fc440a2a00ec-006927134c - 0.0085 - - 1764168524.598752260 1764168524.607258797 0
Nov 26 14:48:44 standalone account-server[127420]: 172.20.0.100 - - [26/Nov/2025:14:48:44 +0000] "PUT /d1/207/AUTH_78bcf9038de64dabbf49cc5cbde2aa55/gnocchi.94566bf0-f8c8-4bed-82cd-e91b4e56266c" 201 - "PUT http://172.20.0.100:6001/d1/944/AUTH_78bcf9038de64dabbf49cc5cbde2aa55/gnocchi.94566bf0-f8c8-4bed-82cd-e91b4e56266c" "tx99e76685ded14d21b92b7-006927134c" "container-server 21" 0.0059 "-" 20 0
Nov 26 14:48:44 standalone container-server[127444]: 172.20.0.100 - - [26/Nov/2025:14:48:44 +0000] "PUT /d1/944/AUTH_78bcf9038de64dabbf49cc5cbde2aa55/gnocchi.94566bf0-f8c8-4bed-82cd-e91b4e56266c" 201 - "PUT http://172.18.0.2:8080/v1/AUTH_78bcf9038de64dabbf49cc5cbde2aa55/gnocchi.94566bf0-f8c8-4bed-82cd-e91b4e56266c" "tx99e76685ded14d21b92b7-006927134c" "proxy-server 20" 0.0193 "-" 21 0
Nov 26 14:48:44 standalone proxy-server[129656]: 172.18.0.2 172.18.0.100 26/Nov/2025/14/48/44 PUT /v1/AUTH_78bcf9038de64dabbf49cc5cbde2aa55/gnocchi.94566bf0-f8c8-4bed-82cd-e91b4e56266c HTTP/1.0 201 - python-swiftclient-3.11.1 gAAAAABpJxKhsvRX... - - - tx99e76685ded14d21b92b7-006927134c - 0.0236 - - 1764168524.610395432 1764168524.634026766 0
Nov 26 14:48:44 standalone container-server[127451]: 172.20.0.100 - - [26/Nov/2025:14:48:44 +0000] "HEAD /d1/944/AUTH_78bcf9038de64dabbf49cc5cbde2aa55/gnocchi.94566bf0-f8c8-4bed-82cd-e91b4e56266c" 204 - "HEAD http://172.18.0.2:8080/v1/AUTH_78bcf9038de64dabbf49cc5cbde2aa55/gnocchi.94566bf0-f8c8-4bed-82cd-e91b4e56266c?format=json&states=listing" "tx04d46f18ebea4824a1d26-006927134c" "proxy-server 20" 0.0022 "-" 22 0
Nov 26 14:48:44 standalone proxy-server[129656]: - - 26/Nov/2025/14/48/44 HEAD /v1/AUTH_78bcf9038de64dabbf49cc5cbde2aa55/gnocchi.94566bf0-f8c8-4bed-82cd-e91b4e56266c%3Fformat%3Djson%26states%3Dlisting HTTP/1.0 204 - Swift - - - - tx04d46f18ebea4824a1d26-006927134c - 0.0063 RL - 1764168524.639594793 1764168524.645912409 0
Nov 26 14:48:44 standalone container-server[127451]: 172.20.0.100 - - [26/Nov/2025:14:48:44 +0000] "GET /d1/944/AUTH_78bcf9038de64dabbf49cc5cbde2aa55/gnocchi.94566bf0-f8c8-4bed-82cd-e91b4e56266c" 200 2 "GET http://172.18.0.2:8080/v1/AUTH_78bcf9038de64dabbf49cc5cbde2aa55/gnocchi.94566bf0-f8c8-4bed-82cd-e91b4e56266c?format=json&states=listing" "tx04d46f18ebea4824a1d26-006927134c" "proxy-server 20" 0.0034 "-" 22 0
Nov 26 14:48:44 standalone proxy-server[129656]: 172.18.0.2 172.18.0.100 26/Nov/2025/14/48/44 GET /v1/AUTH_78bcf9038de64dabbf49cc5cbde2aa55/gnocchi.94566bf0-f8c8-4bed-82cd-e91b4e56266c%3Fformat%3Djson%26states%3Dlisting HTTP/1.0 200 - python-swiftclient-3.11.1 gAAAAABpJxKhsvRX... - 2 - tx04d46f18ebea4824a1d26-006927134c - 0.0182 - - 1764168524.638893366 1764168524.657100916 0
Nov 26 14:48:44 standalone object-server[127695]: 172.20.0.100 - - [26/Nov/2025:14:48:44 +0000] "GET /d1/111/AUTH_78bcf9038de64dabbf49cc5cbde2aa55/gnocchi.94566bf0-f8c8-4bed-82cd-e91b4e56266c/1763640000.0_mean_300.0_v3" 404 70 "GET http://172.18.0.2:8080/v1/AUTH_78bcf9038de64dabbf49cc5cbde2aa55/gnocchi.94566bf0-f8c8-4bed-82cd-e91b4e56266c/1763640000.0_mean_300.0_v3" "tx2bfaf8abbd384e4d8dba6-006927134c" "proxy-server 20" 0.0004 "-" 25 0
Nov 26 14:48:44 standalone proxy-server[129656]: 172.18.0.2 172.18.0.100 26/Nov/2025/14/48/44 GET /v1/AUTH_78bcf9038de64dabbf49cc5cbde2aa55/gnocchi.94566bf0-f8c8-4bed-82cd-e91b4e56266c/1763640000.0_mean_300.0_v3 HTTP/1.0 404 - python-swiftclient-3.11.1 gAAAAABpJxKhsvRX... - 70 - tx2bfaf8abbd384e4d8dba6-006927134c - 0.0070 - - 1764168524.661585569 1764168524.668617010 0
Nov 26 14:48:44 standalone container-server[127441]: 172.20.0.100 - - [26/Nov/2025:14:48:44 +0000] "PUT /d1/944/AUTH_78bcf9038de64dabbf49cc5cbde2aa55/gnocchi.94566bf0-f8c8-4bed-82cd-e91b4e56266c/1763640000.0_mean_300.0_v3" 201 - "PUT http://172.18.0.2:8080/d1/111/AUTH_78bcf9038de64dabbf49cc5cbde2aa55/gnocchi.94566bf0-f8c8-4bed-82cd-e91b4e56266c/1763640000.0_mean_300.0_v3" "tx22a6a20965eb49e2a9326-006927134c" "object-server 22" 0.0008 "-" 20 0
Nov 26 14:48:44 standalone object-server[127682]: 172.20.0.100 - - [26/Nov/2025:14:48:44 +0000] "PUT /d1/111/AUTH_78bcf9038de64dabbf49cc5cbde2aa55/gnocchi.94566bf0-f8c8-4bed-82cd-e91b4e56266c/1763640000.0_mean_300.0_v3" 201 - "PUT http://172.18.0.2:8080/v1/AUTH_78bcf9038de64dabbf49cc5cbde2aa55/gnocchi.94566bf0-f8c8-4bed-82cd-e91b4e56266c/1763640000.0_mean_300.0_v3" "tx22a6a20965eb49e2a9326-006927134c" "proxy-server 20" 0.0116 "-" 22 0
Nov 26 14:48:44 standalone proxy-server[129656]: 172.18.0.2 172.18.0.100 26/Nov/2025/14/48/44 PUT /v1/AUTH_78bcf9038de64dabbf49cc5cbde2aa55/gnocchi.94566bf0-f8c8-4bed-82cd-e91b4e56266c/1763640000.0_mean_300.0_v3 HTTP/1.0 201 - python-swiftclient-3.11.1 gAAAAABpJxKhsvRX... 16 - - tx22a6a20965eb49e2a9326-006927134c - 0.0189 - - 1764168524.672905684 1764168524.691838980 0
Nov 26 14:48:44 standalone container-server[127441]: 172.20.0.100 - - [26/Nov/2025:14:48:44 +0000] "PUT /d1/944/AUTH_78bcf9038de64dabbf49cc5cbde2aa55/gnocchi.94566bf0-f8c8-4bed-82cd-e91b4e56266c/none_v3" 201 - "PUT http://172.18.0.2:8080/d1/722/AUTH_78bcf9038de64dabbf49cc5cbde2aa55/gnocchi.94566bf0-f8c8-4bed-82cd-e91b4e56266c/none_v3" "tx38fecef0c1224793b4f90-006927134c" "object-server 24" 0.0006 "-" 20 0
Nov 26 14:48:44 standalone object-server[127693]: 172.20.0.100 - - [26/Nov/2025:14:48:44 +0000] "PUT /d1/722/AUTH_78bcf9038de64dabbf49cc5cbde2aa55/gnocchi.94566bf0-f8c8-4bed-82cd-e91b4e56266c/none_v3" 201 - "PUT http://172.18.0.2:8080/v1/AUTH_78bcf9038de64dabbf49cc5cbde2aa55/gnocchi.94566bf0-f8c8-4bed-82cd-e91b4e56266c/none_v3" "tx38fecef0c1224793b4f90-006927134c" "proxy-server 20" 0.0103 "-" 24 0
Nov 26 14:48:44 standalone proxy-server[129656]: 172.18.0.2 172.18.0.100 26/Nov/2025/14/48/44 PUT /v1/AUTH_78bcf9038de64dabbf49cc5cbde2aa55/gnocchi.94566bf0-f8c8-4bed-82cd-e91b4e56266c/none_v3 HTTP/1.0 201 - python-swiftclient-3.11.1 gAAAAABpJxKhsvRX... 22 - - tx38fecef0c1224793b4f90-006927134c - 0.0178 - - 1764168524.700207949 1764168524.717992544 0
Nov 26 14:48:44 standalone container-server[127444]: 172.20.0.100 - - [26/Nov/2025:14:48:44 +0000] "HEAD /d1/7/AUTH_78bcf9038de64dabbf49cc5cbde2aa55/gnocchi.80d2953b-2f00-48e6-863d-a12f5c0c586f" 404 - "HEAD http://172.18.0.2:8080/v1/AUTH_78bcf9038de64dabbf49cc5cbde2aa55/gnocchi.80d2953b-2f00-48e6-863d-a12f5c0c586f?format=json&states=listing" "tx757e7a91fcfa4ef893cf5-006927134c" "proxy-server 20" 0.0004 "-" 21 0
Nov 26 14:48:44 standalone object-server[127695]: 172.20.0.100 - - [26/Nov/2025:14:48:44 +0000] "GET /d1/991/AUTH_78bcf9038de64dabbf49cc5cbde2aa55/gnocchi.80d2953b-2f00-48e6-863d-a12f5c0c586f/none_v3" 404 70 "GET http://172.18.0.2:8080/v1/AUTH_78bcf9038de64dabbf49cc5cbde2aa55/gnocchi.80d2953b-2f00-48e6-863d-a12f5c0c586f/none_v3" "tx757e7a91fcfa4ef893cf5-006927134c" "proxy-server 20" 0.0003 "-" 25 0
Nov 26 14:48:44 standalone proxy-server[129656]: 172.18.0.2 172.18.0.100 26/Nov/2025/14/48/44 GET /v1/AUTH_78bcf9038de64dabbf49cc5cbde2aa55/gnocchi.80d2953b-2f00-48e6-863d-a12f5c0c586f/none_v3 HTTP/1.0 404 - python-swiftclient-3.11.1 gAAAAABpJxKhsvRX... - 70 - tx757e7a91fcfa4ef893cf5-006927134c - 0.0520 - - 1764168524.734761238 1764168524.786716461 0
Nov 26 14:48:44 standalone account-server[127418]: 172.20.0.100 - - [26/Nov/2025:14:48:44 +0000] "PUT /d1/207/AUTH_78bcf9038de64dabbf49cc5cbde2aa55/gnocchi.80d2953b-2f00-48e6-863d-a12f5c0c586f" 201 - "PUT http://172.20.0.100:6001/d1/7/AUTH_78bcf9038de64dabbf49cc5cbde2aa55/gnocchi.80d2953b-2f00-48e6-863d-a12f5c0c586f" "tx0e65fed3e6c546ada11d4-006927134c" "container-server 23" 0.0057 "-" 19 0
Nov 26 14:48:44 standalone container-server[127453]: 172.20.0.100 - - [26/Nov/2025:14:48:44 +0000] "PUT /d1/7/AUTH_78bcf9038de64dabbf49cc5cbde2aa55/gnocchi.80d2953b-2f00-48e6-863d-a12f5c0c586f" 201 - "PUT http://172.18.0.2:8080/v1/AUTH_78bcf9038de64dabbf49cc5cbde2aa55/gnocchi.80d2953b-2f00-48e6-863d-a12f5c0c586f" "tx0e65fed3e6c546ada11d4-006927134c" "proxy-server 20" 0.0158 "-" 23 0
Nov 26 14:48:44 standalone proxy-server[129656]: 172.18.0.2 172.18.0.100 26/Nov/2025/14/48/44 PUT /v1/AUTH_78bcf9038de64dabbf49cc5cbde2aa55/gnocchi.80d2953b-2f00-48e6-863d-a12f5c0c586f HTTP/1.0 201 - python-swiftclient-3.11.1 gAAAAABpJxKhsvRX... - - - tx0e65fed3e6c546ada11d4-006927134c - 0.0228 - - 1764168524.793101788 1764168524.815901995 0
Nov 26 14:48:44 standalone container-server[127451]: 172.20.0.100 - - [26/Nov/2025:14:48:44 +0000] "HEAD /d1/7/AUTH_78bcf9038de64dabbf49cc5cbde2aa55/gnocchi.80d2953b-2f00-48e6-863d-a12f5c0c586f" 204 - "HEAD http://172.18.0.2:8080/v1/AUTH_78bcf9038de64dabbf49cc5cbde2aa55/gnocchi.80d2953b-2f00-48e6-863d-a12f5c0c586f?format=json&states=listing" "txbe326e6fd00c4b4295a48-006927134c" "proxy-server 20" 0.0022 "-" 22 0
Nov 26 14:48:44 standalone proxy-server[129656]: - - 26/Nov/2025/14/48/44 HEAD /v1/AUTH_78bcf9038de64dabbf49cc5cbde2aa55/gnocchi.80d2953b-2f00-48e6-863d-a12f5c0c586f%3Fformat%3Djson%26states%3Dlisting HTTP/1.0 204 - Swift - - - - txbe326e6fd00c4b4295a48-006927134c - 0.0077 RL - 1764168524.825838804 1764168524.833543539 0
Nov 26 14:48:44 standalone container-server[127441]: 172.20.0.100 - - [26/Nov/2025:14:48:44 +0000] "GET /d1/7/AUTH_78bcf9038de64dabbf49cc5cbde2aa55/gnocchi.80d2953b-2f00-48e6-863d-a12f5c0c586f" 200 2 "GET http://172.18.0.2:8080/v1/AUTH_78bcf9038de64dabbf49cc5cbde2aa55/gnocchi.80d2953b-2f00-48e6-863d-a12f5c0c586f?format=json&states=listing" "txbe326e6fd00c4b4295a48-006927134c" "proxy-server 20" 0.0052 "-" 20 0
Nov 26 14:48:44 standalone proxy-server[129656]: 172.18.0.2 172.18.0.100 26/Nov/2025/14/48/44 GET /v1/AUTH_78bcf9038de64dabbf49cc5cbde2aa55/gnocchi.80d2953b-2f00-48e6-863d-a12f5c0c586f%3Fformat%3Djson%26states%3Dlisting HTTP/1.0 200 - python-swiftclient-3.11.1 gAAAAABpJxKhsvRX... - 2 - txbe326e6fd00c4b4295a48-006927134c - 0.0281 - - 1764168524.823591471 1764168524.851688385 0
Nov 26 14:48:44 standalone object-server[127695]: 172.20.0.100 - - [26/Nov/2025:14:48:44 +0000] "GET /d1/444/AUTH_78bcf9038de64dabbf49cc5cbde2aa55/gnocchi.80d2953b-2f00-48e6-863d-a12f5c0c586f/1763640000.0_mean_300.0_v3" 404 70 "GET http://172.18.0.2:8080/v1/AUTH_78bcf9038de64dabbf49cc5cbde2aa55/gnocchi.80d2953b-2f00-48e6-863d-a12f5c0c586f/1763640000.0_mean_300.0_v3" "txe3cdd99c0c9748e7b359d-006927134c" "proxy-server 20" 0.0004 "-" 25 0
Nov 26 14:48:44 standalone proxy-server[129656]: 172.18.0.2 172.18.0.100 26/Nov/2025/14/48/44 GET /v1/AUTH_78bcf9038de64dabbf49cc5cbde2aa55/gnocchi.80d2953b-2f00-48e6-863d-a12f5c0c586f/1763640000.0_mean_300.0_v3 HTTP/1.0 404 - python-swiftclient-3.11.1 gAAAAABpJxKhsvRX... - 70 - txe3cdd99c0c9748e7b359d-006927134c - 0.0096 - - 1764168524.861467600 1764168524.871077776 0
Nov 26 14:48:44 standalone container-server[127441]: 172.20.0.100 - - [26/Nov/2025:14:48:44 +0000] "PUT /d1/7/AUTH_78bcf9038de64dabbf49cc5cbde2aa55/gnocchi.80d2953b-2f00-48e6-863d-a12f5c0c586f/1763640000.0_mean_300.0_v3" 201 - "PUT http://172.18.0.2:8080/d1/444/AUTH_78bcf9038de64dabbf49cc5cbde2aa55/gnocchi.80d2953b-2f00-48e6-863d-a12f5c0c586f/1763640000.0_mean_300.0_v3" "tx381d7ec5c113418192763-006927134c" "object-server 25" 0.0014 "-" 20 0
Nov 26 14:48:44 standalone object-server[127695]: 172.20.0.100 - - [26/Nov/2025:14:48:44 +0000] "PUT /d1/444/AUTH_78bcf9038de64dabbf49cc5cbde2aa55/gnocchi.80d2953b-2f00-48e6-863d-a12f5c0c586f/1763640000.0_mean_300.0_v3" 201 - "PUT http://172.18.0.2:8080/v1/AUTH_78bcf9038de64dabbf49cc5cbde2aa55/gnocchi.80d2953b-2f00-48e6-863d-a12f5c0c586f/1763640000.0_mean_300.0_v3" "tx381d7ec5c113418192763-006927134c" "proxy-server 20" 0.0261 "-" 25 0
Nov 26 14:48:44 standalone proxy-server[129656]: 172.18.0.2 172.18.0.100 26/Nov/2025/14/48/44 PUT /v1/AUTH_78bcf9038de64dabbf49cc5cbde2aa55/gnocchi.80d2953b-2f00-48e6-863d-a12f5c0c586f/1763640000.0_mean_300.0_v3 HTTP/1.0 201 - python-swiftclient-3.11.1 gAAAAABpJxKhsvRX... 16 - - tx381d7ec5c113418192763-006927134c - 0.0345 - - 1764168524.875548840 1764168524.910041571 0
Nov 26 14:48:44 standalone container-server[127453]: 172.20.0.100 - - [26/Nov/2025:14:48:44 +0000] "PUT /d1/7/AUTH_78bcf9038de64dabbf49cc5cbde2aa55/gnocchi.80d2953b-2f00-48e6-863d-a12f5c0c586f/none_v3" 201 - "PUT http://172.18.0.2:8080/d1/991/AUTH_78bcf9038de64dabbf49cc5cbde2aa55/gnocchi.80d2953b-2f00-48e6-863d-a12f5c0c586f/none_v3" "txbb078a55381a4fe48ecf5-006927134c" "object-server 22" 0.0006 "-" 23 0
Nov 26 14:48:44 standalone object-server[127682]: 172.20.0.100 - - [26/Nov/2025:14:48:44 +0000] "PUT /d1/991/AUTH_78bcf9038de64dabbf49cc5cbde2aa55/gnocchi.80d2953b-2f00-48e6-863d-a12f5c0c586f/none_v3" 201 - "PUT http://172.18.0.2:8080/v1/AUTH_78bcf9038de64dabbf49cc5cbde2aa55/gnocchi.80d2953b-2f00-48e6-863d-a12f5c0c586f/none_v3" "txbb078a55381a4fe48ecf5-006927134c" "proxy-server 20" 0.0109 "-" 22 0
Nov 26 14:48:44 standalone proxy-server[129656]: 172.18.0.2 172.18.0.100 26/Nov/2025/14/48/44 PUT /v1/AUTH_78bcf9038de64dabbf49cc5cbde2aa55/gnocchi.80d2953b-2f00-48e6-863d-a12f5c0c586f/none_v3 HTTP/1.0 201 - python-swiftclient-3.11.1 gAAAAABpJxKhsvRX... 22 - - txbb078a55381a4fe48ecf5-006927134c - 0.0197 - - 1764168524.914546251 1764168524.934273958 0
Nov 26 14:48:44 standalone container-server[127441]: 172.20.0.100 - - [26/Nov/2025:14:48:44 +0000] "HEAD /d1/742/AUTH_78bcf9038de64dabbf49cc5cbde2aa55/gnocchi.d58c995f-b470-4193-bfac-b2665c3af1f4" 404 - "HEAD http://172.18.0.2:8080/v1/AUTH_78bcf9038de64dabbf49cc5cbde2aa55/gnocchi.d58c995f-b470-4193-bfac-b2665c3af1f4?format=json&states=listing" "tx543e5c82d1034eeeb904d-006927134c" "proxy-server 20" 0.0008 "-" 20 0
Nov 26 14:48:44 standalone object-server[127695]: 172.20.0.100 - - [26/Nov/2025:14:48:44 +0000] "GET /d1/345/AUTH_78bcf9038de64dabbf49cc5cbde2aa55/gnocchi.d58c995f-b470-4193-bfac-b2665c3af1f4/none_v3" 404 70 "GET http://172.18.0.2:8080/v1/AUTH_78bcf9038de64dabbf49cc5cbde2aa55/gnocchi.d58c995f-b470-4193-bfac-b2665c3af1f4/none_v3" "tx543e5c82d1034eeeb904d-006927134c" "proxy-server 20" 0.0008 "-" 25 0
Nov 26 14:48:44 standalone proxy-server[129656]: 172.18.0.2 172.18.0.100 26/Nov/2025/14/48/44 GET /v1/AUTH_78bcf9038de64dabbf49cc5cbde2aa55/gnocchi.d58c995f-b470-4193-bfac-b2665c3af1f4/none_v3 HTTP/1.0 404 - python-swiftclient-3.11.1 gAAAAABpJxKhsvRX... - 70 - tx543e5c82d1034eeeb904d-006927134c - 0.0186 - - 1764168524.954257011 1764168524.972854614 0
Nov 26 14:48:44 standalone account-server[127436]: 172.20.0.100 - - [26/Nov/2025:14:48:44 +0000] "PUT /d1/207/AUTH_78bcf9038de64dabbf49cc5cbde2aa55/gnocchi.d58c995f-b470-4193-bfac-b2665c3af1f4" 201 - "PUT http://172.20.0.100:6001/d1/742/AUTH_78bcf9038de64dabbf49cc5cbde2aa55/gnocchi.d58c995f-b470-4193-bfac-b2665c3af1f4" "txbdb8ce1fbe61433da5eb1-006927134c" "container-server 21" 0.0052 "-" 21 0
Nov 26 14:48:45 standalone container-server[127444]: 172.20.0.100 - - [26/Nov/2025:14:48:44 +0000] "PUT /d1/742/AUTH_78bcf9038de64dabbf49cc5cbde2aa55/gnocchi.d58c995f-b470-4193-bfac-b2665c3af1f4" 201 - "PUT http://172.18.0.2:8080/v1/AUTH_78bcf9038de64dabbf49cc5cbde2aa55/gnocchi.d58c995f-b470-4193-bfac-b2665c3af1f4" "txbdb8ce1fbe61433da5eb1-006927134c" "proxy-server 20" 0.0175 "-" 21 0
Nov 26 14:48:45 standalone proxy-server[129656]: 172.18.0.2 172.18.0.100 26/Nov/2025/14/48/45 PUT /v1/AUTH_78bcf9038de64dabbf49cc5cbde2aa55/gnocchi.d58c995f-b470-4193-bfac-b2665c3af1f4 HTTP/1.0 201 - python-swiftclient-3.11.1 gAAAAABpJxKhsvRX... - - - txbdb8ce1fbe61433da5eb1-006927134c - 0.0243 - - 1764168524.977503777 1764168525.001834393 0
Nov 26 14:48:45 standalone container-server[127453]: 172.20.0.100 - - [26/Nov/2025:14:48:45 +0000] "HEAD /d1/742/AUTH_78bcf9038de64dabbf49cc5cbde2aa55/gnocchi.d58c995f-b470-4193-bfac-b2665c3af1f4" 204 - "HEAD http://172.18.0.2:8080/v1/AUTH_78bcf9038de64dabbf49cc5cbde2aa55/gnocchi.d58c995f-b470-4193-bfac-b2665c3af1f4?format=json&states=listing" "tx7e509d9a8cdb4538a62c4-006927134d" "proxy-server 20" 0.0021 "-" 23 0
Nov 26 14:48:45 standalone proxy-server[129656]: - - 26/Nov/2025/14/48/45 HEAD /v1/AUTH_78bcf9038de64dabbf49cc5cbde2aa55/gnocchi.d58c995f-b470-4193-bfac-b2665c3af1f4%3Fformat%3Djson%26states%3Dlisting HTTP/1.0 204 - Swift - - - - tx7e509d9a8cdb4538a62c4-006927134d - 0.0078 RL - 1764168525.007817268 1764168525.015577793 0
Nov 26 14:48:45 standalone container-server[127451]: 172.20.0.100 - - [26/Nov/2025:14:48:45 +0000] "GET /d1/742/AUTH_78bcf9038de64dabbf49cc5cbde2aa55/gnocchi.d58c995f-b470-4193-bfac-b2665c3af1f4" 200 2 "GET http://172.18.0.2:8080/v1/AUTH_78bcf9038de64dabbf49cc5cbde2aa55/gnocchi.d58c995f-b470-4193-bfac-b2665c3af1f4?format=json&states=listing" "tx7e509d9a8cdb4538a62c4-006927134d" "proxy-server 20" 0.0039 "-" 22 0
Nov 26 14:48:45 standalone proxy-server[129656]: 172.18.0.2 172.18.0.100 26/Nov/2025/14/48/45 GET /v1/AUTH_78bcf9038de64dabbf49cc5cbde2aa55/gnocchi.d58c995f-b470-4193-bfac-b2665c3af1f4%3Fformat%3Djson%26states%3Dlisting HTTP/1.0 200 - python-swiftclient-3.11.1 gAAAAABpJxKhsvRX... - 2 - tx7e509d9a8cdb4538a62c4-006927134d - 0.0224 - - 1764168525.006063223 1764168525.028494596 0
Nov 26 14:48:45 standalone object-server[127688]: 172.20.0.100 - - [26/Nov/2025:14:48:45 +0000] "GET /d1/71/AUTH_78bcf9038de64dabbf49cc5cbde2aa55/gnocchi.d58c995f-b470-4193-bfac-b2665c3af1f4/1763640000.0_mean_300.0_v3" 404 70 "GET http://172.18.0.2:8080/v1/AUTH_78bcf9038de64dabbf49cc5cbde2aa55/gnocchi.d58c995f-b470-4193-bfac-b2665c3af1f4/1763640000.0_mean_300.0_v3" "txf2669f1292de45ad86403-006927134d" "proxy-server 20" 0.0005 "-" 23 0
Nov 26 14:48:45 standalone proxy-server[129656]: 172.18.0.2 172.18.0.100 26/Nov/2025/14/48/45 GET /v1/AUTH_78bcf9038de64dabbf49cc5cbde2aa55/gnocchi.d58c995f-b470-4193-bfac-b2665c3af1f4/1763640000.0_mean_300.0_v3 HTTP/1.0 404 - python-swiftclient-3.11.1 gAAAAABpJxKhsvRX... - 70 - txf2669f1292de45ad86403-006927134d - 0.0207 - - 1764168525.036463261 1764168525.057203531 0
Nov 26 14:48:45 standalone container-server[127451]: 172.20.0.100 - - [26/Nov/2025:14:48:45 +0000] "PUT /d1/742/AUTH_78bcf9038de64dabbf49cc5cbde2aa55/gnocchi.d58c995f-b470-4193-bfac-b2665c3af1f4/1763640000.0_mean_300.0_v3" 201 - "PUT http://172.18.0.2:8080/d1/71/AUTH_78bcf9038de64dabbf49cc5cbde2aa55/gnocchi.d58c995f-b470-4193-bfac-b2665c3af1f4/1763640000.0_mean_300.0_v3" "txf078d86b714343079d459-006927134d" "object-server 23" 0.0008 "-" 22 0
Nov 26 14:48:45 standalone object-server[127688]: 172.20.0.100 - - [26/Nov/2025:14:48:45 +0000] "PUT /d1/71/AUTH_78bcf9038de64dabbf49cc5cbde2aa55/gnocchi.d58c995f-b470-4193-bfac-b2665c3af1f4/1763640000.0_mean_300.0_v3" 201 - "PUT http://172.18.0.2:8080/v1/AUTH_78bcf9038de64dabbf49cc5cbde2aa55/gnocchi.d58c995f-b470-4193-bfac-b2665c3af1f4/1763640000.0_mean_300.0_v3" "txf078d86b714343079d459-006927134d" "proxy-server 20" 0.0142 "-" 23 0
Nov 26 14:48:45 standalone proxy-server[129656]: 172.18.0.2 172.18.0.100 26/Nov/2025/14/48/45 PUT /v1/AUTH_78bcf9038de64dabbf49cc5cbde2aa55/gnocchi.d58c995f-b470-4193-bfac-b2665c3af1f4/1763640000.0_mean_300.0_v3 HTTP/1.0 201 - python-swiftclient-3.11.1 gAAAAABpJxKhsvRX... 16 - - txf078d86b714343079d459-006927134d - 0.0230 - - 1764168525.062546968 1764168525.085569382 0
Nov 26 14:48:45 standalone container-server[127444]: 172.20.0.100 - - [26/Nov/2025:14:48:45 +0000] "PUT /d1/742/AUTH_78bcf9038de64dabbf49cc5cbde2aa55/gnocchi.d58c995f-b470-4193-bfac-b2665c3af1f4/none_v3" 201 - "PUT http://172.18.0.2:8080/d1/345/AUTH_78bcf9038de64dabbf49cc5cbde2aa55/gnocchi.d58c995f-b470-4193-bfac-b2665c3af1f4/none_v3" "tx899de92e4ebf4e50bea70-006927134d" "object-server 24" 0.0008 "-" 21 0
Nov 26 14:48:45 standalone object-server[127693]: 172.20.0.100 - - [26/Nov/2025:14:48:45 +0000] "PUT /d1/345/AUTH_78bcf9038de64dabbf49cc5cbde2aa55/gnocchi.d58c995f-b470-4193-bfac-b2665c3af1f4/none_v3" 201 - "PUT http://172.18.0.2:8080/v1/AUTH_78bcf9038de64dabbf49cc5cbde2aa55/gnocchi.d58c995f-b470-4193-bfac-b2665c3af1f4/none_v3" "tx899de92e4ebf4e50bea70-006927134d" "proxy-server 20" 0.0116 "-" 24 0
Nov 26 14:48:45 standalone proxy-server[129656]: 172.18.0.2 172.18.0.100 26/Nov/2025/14/48/45 PUT /v1/AUTH_78bcf9038de64dabbf49cc5cbde2aa55/gnocchi.d58c995f-b470-4193-bfac-b2665c3af1f4/none_v3 HTTP/1.0 201 - python-swiftclient-3.11.1 gAAAAABpJxKhsvRX... 22 - - tx899de92e4ebf4e50bea70-006927134d - 0.0205 - - 1764168525.089387417 1764168525.109910965 0
Nov 26 14:48:45 standalone container-server[127451]: 172.20.0.100 - - [26/Nov/2025:14:48:45 +0000] "HEAD /d1/342/AUTH_78bcf9038de64dabbf49cc5cbde2aa55/gnocchi.a666b034-0b2f-4981-b923-df139df09479" 404 - "HEAD http://172.18.0.2:8080/v1/AUTH_78bcf9038de64dabbf49cc5cbde2aa55/gnocchi.a666b034-0b2f-4981-b923-df139df09479?format=json&states=listing" "tx4935d3053e83434293c75-006927134d" "proxy-server 20" 0.0006 "-" 22 0
Nov 26 14:48:45 standalone object-server[127695]: 172.20.0.100 - - [26/Nov/2025:14:48:45 +0000] "GET /d1/887/AUTH_78bcf9038de64dabbf49cc5cbde2aa55/gnocchi.a666b034-0b2f-4981-b923-df139df09479/none_v3" 404 70 "GET http://172.18.0.2:8080/v1/AUTH_78bcf9038de64dabbf49cc5cbde2aa55/gnocchi.a666b034-0b2f-4981-b923-df139df09479/none_v3" "tx4935d3053e83434293c75-006927134d" "proxy-server 20" 0.0005 "-" 25 0
Nov 26 14:48:45 standalone proxy-server[129656]: 172.18.0.2 172.18.0.100 26/Nov/2025/14/48/45 GET /v1/AUTH_78bcf9038de64dabbf49cc5cbde2aa55/gnocchi.a666b034-0b2f-4981-b923-df139df09479/none_v3 HTTP/1.0 404 - python-swiftclient-3.11.1 gAAAAABpJxKhsvRX... - 70 - tx4935d3053e83434293c75-006927134d - 0.0142 - - 1764168525.129016876 1764168525.143211126 0
Nov 26 14:48:45 standalone account-server[127436]: 172.20.0.100 - - [26/Nov/2025:14:48:45 +0000] "PUT /d1/207/AUTH_78bcf9038de64dabbf49cc5cbde2aa55/gnocchi.a666b034-0b2f-4981-b923-df139df09479" 201 - "PUT http://172.20.0.100:6001/d1/342/AUTH_78bcf9038de64dabbf49cc5cbde2aa55/gnocchi.a666b034-0b2f-4981-b923-df139df09479" "tx94b2604c452742fe997ad-006927134d" "container-server 21" 0.0058 "-" 21 0
Nov 26 14:48:45 standalone container-server[127444]: 172.20.0.100 - - [26/Nov/2025:14:48:45 +0000] "PUT /d1/342/AUTH_78bcf9038de64dabbf49cc5cbde2aa55/gnocchi.a666b034-0b2f-4981-b923-df139df09479" 201 - "PUT http://172.18.0.2:8080/v1/AUTH_78bcf9038de64dabbf49cc5cbde2aa55/gnocchi.a666b034-0b2f-4981-b923-df139df09479" "tx94b2604c452742fe997ad-006927134d" "proxy-server 20" 0.0186 "-" 21 0
Nov 26 14:48:45 standalone proxy-server[129656]: 172.18.0.2 172.18.0.100 26/Nov/2025/14/48/45 PUT /v1/AUTH_78bcf9038de64dabbf49cc5cbde2aa55/gnocchi.a666b034-0b2f-4981-b923-df139df09479 HTTP/1.0 201 - python-swiftclient-3.11.1 gAAAAABpJxKhsvRX... - - - tx94b2604c452742fe997ad-006927134d - 0.0259 - - 1764168525.146105766 1764168525.172032595 0
Nov 26 14:48:45 standalone container-server[127451]: 172.20.0.100 - - [26/Nov/2025:14:48:45 +0000] "HEAD /d1/342/AUTH_78bcf9038de64dabbf49cc5cbde2aa55/gnocchi.a666b034-0b2f-4981-b923-df139df09479" 204 - "HEAD http://172.18.0.2:8080/v1/AUTH_78bcf9038de64dabbf49cc5cbde2aa55/gnocchi.a666b034-0b2f-4981-b923-df139df09479?format=json&states=listing" "txf5995c1a80994ba8a31dd-006927134d" "proxy-server 20" 0.0022 "-" 22 0
Nov 26 14:48:45 standalone proxy-server[129656]: - - 26/Nov/2025/14/48/45 HEAD /v1/AUTH_78bcf9038de64dabbf49cc5cbde2aa55/gnocchi.a666b034-0b2f-4981-b923-df139df09479%3Fformat%3Djson%26states%3Dlisting HTTP/1.0 204 - Swift - - - - txf5995c1a80994ba8a31dd-006927134d - 0.0071 RL - 1764168525.176847458 1764168525.183970213 0
Nov 26 14:48:45 standalone container-server[127453]: 172.20.0.100 - - [26/Nov/2025:14:48:45 +0000] "GET /d1/342/AUTH_78bcf9038de64dabbf49cc5cbde2aa55/gnocchi.a666b034-0b2f-4981-b923-df139df09479" 200 2 "GET http://172.18.0.2:8080/v1/AUTH_78bcf9038de64dabbf49cc5cbde2aa55/gnocchi.a666b034-0b2f-4981-b923-df139df09479?format=json&states=listing" "txf5995c1a80994ba8a31dd-006927134d" "proxy-server 20" 0.0035 "-" 23 0
Nov 26 14:48:45 standalone proxy-server[129656]: 172.18.0.2 172.18.0.100 26/Nov/2025/14/48/45 GET /v1/AUTH_78bcf9038de64dabbf49cc5cbde2aa55/gnocchi.a666b034-0b2f-4981-b923-df139df09479%3Fformat%3Djson%26states%3Dlisting HTTP/1.0 200 - python-swiftclient-3.11.1 gAAAAABpJxKhsvRX... - 2 - txf5995c1a80994ba8a31dd-006927134d - 0.0205 - - 1764168525.175372839 1764168525.195872307 0
Nov 26 14:48:45 standalone object-server[127682]: 172.20.0.100 - - [26/Nov/2025:14:48:45 +0000] "GET /d1/989/AUTH_78bcf9038de64dabbf49cc5cbde2aa55/gnocchi.a666b034-0b2f-4981-b923-df139df09479/1763640000.0_mean_300.0_v3" 404 70 "GET http://172.18.0.2:8080/v1/AUTH_78bcf9038de64dabbf49cc5cbde2aa55/gnocchi.a666b034-0b2f-4981-b923-df139df09479/1763640000.0_mean_300.0_v3" "txf2650a9c96fa4b6a9ecac-006927134d" "proxy-server 20" 0.0004 "-" 22 0
Nov 26 14:48:45 standalone proxy-server[129656]: 172.18.0.2 172.18.0.100 26/Nov/2025/14/48/45 GET /v1/AUTH_78bcf9038de64dabbf49cc5cbde2aa55/gnocchi.a666b034-0b2f-4981-b923-df139df09479/1763640000.0_mean_300.0_v3 HTTP/1.0 404 - python-swiftclient-3.11.1 gAAAAABpJxKhsvRX... - 70 - txf2650a9c96fa4b6a9ecac-006927134d - 0.0069 - - 1764168525.199144363 1764168525.206004620 0
Nov 26 14:48:45 standalone container-server[127441]: 172.20.0.100 - - [26/Nov/2025:14:48:45 +0000] "PUT /d1/342/AUTH_78bcf9038de64dabbf49cc5cbde2aa55/gnocchi.a666b034-0b2f-4981-b923-df139df09479/1763640000.0_mean_300.0_v3" 201 - "PUT http://172.18.0.2:8080/d1/989/AUTH_78bcf9038de64dabbf49cc5cbde2aa55/gnocchi.a666b034-0b2f-4981-b923-df139df09479/1763640000.0_mean_300.0_v3" "txabad13fc141540bba72d5-006927134d" "object-server 22" 0.0005 "-" 20 0
Nov 26 14:48:45 standalone object-server[127682]: 172.20.0.100 - - [26/Nov/2025:14:48:45 +0000] "PUT /d1/989/AUTH_78bcf9038de64dabbf49cc5cbde2aa55/gnocchi.a666b034-0b2f-4981-b923-df139df09479/1763640000.0_mean_300.0_v3" 201 - "PUT http://172.18.0.2:8080/v1/AUTH_78bcf9038de64dabbf49cc5cbde2aa55/gnocchi.a666b034-0b2f-4981-b923-df139df09479/1763640000.0_mean_300.0_v3" "txabad13fc141540bba72d5-006927134d" "proxy-server 20" 0.0084 "-" 22 0
Nov 26 14:48:45 standalone proxy-server[129656]: 172.18.0.2 172.18.0.100 26/Nov/2025/14/48/45 PUT /v1/AUTH_78bcf9038de64dabbf49cc5cbde2aa55/gnocchi.a666b034-0b2f-4981-b923-df139df09479/1763640000.0_mean_300.0_v3 HTTP/1.0 201 - python-swiftclient-3.11.1 gAAAAABpJxKhsvRX... 16 - - txabad13fc141540bba72d5-006927134d - 0.0154 - - 1764168525.208982944 1764168525.224365473 0
Nov 26 14:48:45 standalone container-server[127444]: 172.20.0.100 - - [26/Nov/2025:14:48:45 +0000] "PUT /d1/342/AUTH_78bcf9038de64dabbf49cc5cbde2aa55/gnocchi.a666b034-0b2f-4981-b923-df139df09479/none_v3" 201 - "PUT http://172.18.0.2:8080/d1/887/AUTH_78bcf9038de64dabbf49cc5cbde2aa55/gnocchi.a666b034-0b2f-4981-b923-df139df09479/none_v3" "txb50423ea6b214039a91eb-006927134d" "object-server 24" 0.0007 "-" 21 0
Nov 26 14:48:45 standalone object-server[127693]: 172.20.0.100 - - [26/Nov/2025:14:48:45 +0000] "PUT /d1/887/AUTH_78bcf9038de64dabbf49cc5cbde2aa55/gnocchi.a666b034-0b2f-4981-b923-df139df09479/none_v3" 201 - "PUT http://172.18.0.2:8080/v1/AUTH_78bcf9038de64dabbf49cc5cbde2aa55/gnocchi.a666b034-0b2f-4981-b923-df139df09479/none_v3" "txb50423ea6b214039a91eb-006927134d" "proxy-server 20" 0.0084 "-" 24 0
Nov 26 14:48:45 standalone proxy-server[129656]: 172.18.0.2 172.18.0.100 26/Nov/2025/14/48/45 PUT /v1/AUTH_78bcf9038de64dabbf49cc5cbde2aa55/gnocchi.a666b034-0b2f-4981-b923-df139df09479/none_v3 HTTP/1.0 201 - python-swiftclient-3.11.1 gAAAAABpJxKhsvRX... 22 - - txb50423ea6b214039a91eb-006927134d - 0.0155 - - 1764168525.227930069 1764168525.243460178 0
Nov 26 14:48:45 standalone container-server[127441]: 172.20.0.100 - - [26/Nov/2025:14:48:45 +0000] "HEAD /d1/950/AUTH_78bcf9038de64dabbf49cc5cbde2aa55/gnocchi.dc3cf424-b9a0-4054-b915-6d52018eca7a" 404 - "HEAD http://172.18.0.2:8080/v1/AUTH_78bcf9038de64dabbf49cc5cbde2aa55/gnocchi.dc3cf424-b9a0-4054-b915-6d52018eca7a?format=json&states=listing" "tx127e21248f5445a3bfe3f-006927134d" "proxy-server 20" 0.0003 "-" 20 0
Nov 26 14:48:45 standalone object-server[127682]: 172.20.0.100 - - [26/Nov/2025:14:48:45 +0000] "GET /d1/44/AUTH_78bcf9038de64dabbf49cc5cbde2aa55/gnocchi.dc3cf424-b9a0-4054-b915-6d52018eca7a/none_v3" 404 70 "GET http://172.18.0.2:8080/v1/AUTH_78bcf9038de64dabbf49cc5cbde2aa55/gnocchi.dc3cf424-b9a0-4054-b915-6d52018eca7a/none_v3" "tx127e21248f5445a3bfe3f-006927134d" "proxy-server 20" 0.0004 "-" 22 0
Nov 26 14:48:45 standalone proxy-server[129656]: 172.18.0.2 172.18.0.100 26/Nov/2025/14/48/45 GET /v1/AUTH_78bcf9038de64dabbf49cc5cbde2aa55/gnocchi.dc3cf424-b9a0-4054-b915-6d52018eca7a/none_v3 HTTP/1.0 404 - python-swiftclient-3.11.1 gAAAAABpJxKhsvRX... - 70 - tx127e21248f5445a3bfe3f-006927134d - 0.0105 - - 1764168525.252346039 1764168525.262857676 0
Nov 26 14:48:45 standalone account-server[127436]: 172.20.0.100 - - [26/Nov/2025:14:48:45 +0000] "PUT /d1/207/AUTH_78bcf9038de64dabbf49cc5cbde2aa55/gnocchi.dc3cf424-b9a0-4054-b915-6d52018eca7a" 201 - "PUT http://172.20.0.100:6001/d1/950/AUTH_78bcf9038de64dabbf49cc5cbde2aa55/gnocchi.dc3cf424-b9a0-4054-b915-6d52018eca7a" "txcfc45dcc1fce4e9ca7507-006927134d" "container-server 23" 0.0066 "-" 21 0
Nov 26 14:48:45 standalone container-server[127453]: 172.20.0.100 - - [26/Nov/2025:14:48:45 +0000] "PUT /d1/950/AUTH_78bcf9038de64dabbf49cc5cbde2aa55/gnocchi.dc3cf424-b9a0-4054-b915-6d52018eca7a" 201 - "PUT http://172.18.0.2:8080/v1/AUTH_78bcf9038de64dabbf49cc5cbde2aa55/gnocchi.dc3cf424-b9a0-4054-b915-6d52018eca7a" "txcfc45dcc1fce4e9ca7507-006927134d" "proxy-server 20" 0.0226 "-" 23 0
Nov 26 14:48:45 standalone proxy-server[129656]: 172.18.0.2 172.18.0.100 26/Nov/2025/14/48/45 PUT /v1/AUTH_78bcf9038de64dabbf49cc5cbde2aa55/gnocchi.dc3cf424-b9a0-4054-b915-6d52018eca7a HTTP/1.0 201 - python-swiftclient-3.11.1 gAAAAABpJxKhsvRX... - - - txcfc45dcc1fce4e9ca7507-006927134d - 0.0297 - - 1764168525.265609980 1764168525.295270205 0
Nov 26 14:48:45 standalone container-server[127453]: 172.20.0.100 - - [26/Nov/2025:14:48:45 +0000] "HEAD /d1/950/AUTH_78bcf9038de64dabbf49cc5cbde2aa55/gnocchi.dc3cf424-b9a0-4054-b915-6d52018eca7a" 204 - "HEAD http://172.18.0.2:8080/v1/AUTH_78bcf9038de64dabbf49cc5cbde2aa55/gnocchi.dc3cf424-b9a0-4054-b915-6d52018eca7a?format=json&states=listing" "tx617aa102305b4501bc381-006927134d" "proxy-server 20" 0.0022 "-" 23 0
Nov 26 14:48:45 standalone proxy-server[129656]: - - 26/Nov/2025/14/48/45 HEAD /v1/AUTH_78bcf9038de64dabbf49cc5cbde2aa55/gnocchi.dc3cf424-b9a0-4054-b915-6d52018eca7a%3Fformat%3Djson%26states%3Dlisting HTTP/1.0 204 - Swift - - - - tx617aa102305b4501bc381-006927134d - 0.0076 RL - 1764168525.300353765 1764168525.307911158 0
Nov 26 14:48:45 standalone container-server[127451]: 172.20.0.100 - - [26/Nov/2025:14:48:45 +0000] "GET /d1/950/AUTH_78bcf9038de64dabbf49cc5cbde2aa55/gnocchi.dc3cf424-b9a0-4054-b915-6d52018eca7a" 200 2 "GET http://172.18.0.2:8080/v1/AUTH_78bcf9038de64dabbf49cc5cbde2aa55/gnocchi.dc3cf424-b9a0-4054-b915-6d52018eca7a?format=json&states=listing" "tx617aa102305b4501bc381-006927134d" "proxy-server 20" 0.0035 "-" 22 0
