Nov 26 14:33:45 standalone account-server[127075]: Starting 2
Nov 26 14:33:45 standalone account-server[127160]: Started child 19 from parent 2
Nov 26 14:33:45 standalone account-server[127160]: Started child 20 from parent 2
Nov 26 14:33:45 standalone container-server[127172]: Option allow_versions is deprecated. Configure the versioned_writes middleware in the proxy-server instead. This option will be ignored in a future release.
Nov 26 14:33:45 standalone container-server[127441]: Option allow_versions is deprecated. Configure the versioned_writes middleware in the proxy-server instead. This option will be ignored in a future release.
Nov 26 14:33:45 standalone container-server[127172]: Started child 20 from parent 2
Nov 26 14:33:45 standalone account-server[127160]: Started child 21 from parent 2
Nov 26 14:33:45 standalone container-server[127444]: Option allow_versions is deprecated. Configure the versioned_writes middleware in the proxy-server instead. This option will be ignored in a future release.
Nov 26 14:33:45 standalone account-server[127160]: Started child 23 from parent 2
Nov 26 14:33:45 standalone container-server[127172]: Started child 21 from parent 2
Nov 26 14:33:46 standalone container-server[127451]: Option allow_versions is deprecated. Configure the versioned_writes middleware in the proxy-server instead. This option will be ignored in a future release.
Nov 26 14:33:46 standalone container-server[127172]: Started child 22 from parent 2
Nov 26 14:33:46 standalone container-server[127453]: Option allow_versions is deprecated. Configure the versioned_writes middleware in the proxy-server instead. This option will be ignored in a future release.
Nov 26 14:33:46 standalone container-server[127172]: Started child 23 from parent 2
Nov 26 14:33:46 standalone container-server[127380]: Starting 2
Nov 26 14:33:46 standalone object-expirer[127454]: Starting 2
Nov 26 14:33:46 standalone object-expirer[127454]: Option auto_create_account_prefix is deprecated. Configure auto_create_account_prefix under the swift-constraints section of swift.conf. This option will be ignored in a future release.
Nov 26 14:33:46 standalone object-server[127546]: Starting 2
Nov 26 14:33:47 standalone object-server[127584]: Started child 22 from parent 2
Nov 26 14:33:47 standalone object-server[127584]: Started child 23 from parent 2
Nov 26 14:33:47 standalone object-server[127584]: Started child 24 from parent 2
Nov 26 14:33:47 standalone object-server[127584]: Started child 25 from parent 2
Nov 26 14:33:53 standalone proxy-server[129341]: Starting Keystone auth_token middleware
Nov 26 14:33:53 standalone proxy-server[129341]: AuthToken middleware is set with keystone_authtoken.service_token_roles_required set to False. This is backwards compatible but deprecated behaviour. Please set this to True.
Nov 26 14:33:53 standalone proxy-server[129656]: Starting Keystone auth_token middleware
Nov 26 14:33:53 standalone proxy-server[129656]: STDERR: The option "bind_port" is not known to keystonemiddleware
Nov 26 14:33:53 standalone proxy-server[129656]: STDERR: The option "workers" is not known to keystonemiddleware
Nov 26 14:33:53 standalone proxy-server[129656]: STDERR: The option "user" is not known to keystonemiddleware
Nov 26 14:33:53 standalone proxy-server[129656]: STDERR: The option "bind_ip" is not known to keystonemiddleware
Nov 26 14:33:53 standalone proxy-server[129656]: STDERR: The option "log_name" is not known to keystonemiddleware
Nov 26 14:33:53 standalone proxy-server[129656]: STDERR: The option "log_facility" is not known to keystonemiddleware
Nov 26 14:33:53 standalone proxy-server[129656]: STDERR: The option "log_level" is not known to keystonemiddleware
Nov 26 14:33:53 standalone proxy-server[129656]: STDERR: The option "log_headers" is not known to keystonemiddleware
Nov 26 14:33:53 standalone proxy-server[129656]: STDERR: The option "log_address" is not known to keystonemiddleware
Nov 26 14:33:53 standalone proxy-server[129656]: STDERR: The option "project_name" is not known to keystonemiddleware
Nov 26 14:33:53 standalone proxy-server[129656]: STDERR: The option "username" is not known to keystonemiddleware
Nov 26 14:33:53 standalone proxy-server[129656]: STDERR: The option "password" is not known to keystonemiddleware
Nov 26 14:33:53 standalone proxy-server[129656]: STDERR: The option "auth_url" is not known to keystonemiddleware
Nov 26 14:33:53 standalone proxy-server[129656]: STDERR: The option "signing_dir" is not known to keystonemiddleware
Nov 26 14:33:53 standalone proxy-server[129656]: STDERR: The option "project_domain_id" is not known to keystonemiddleware
Nov 26 14:33:53 standalone proxy-server[129656]: STDERR: The option "user_domain_id" is not known to keystonemiddleware
Nov 26 14:33:53 standalone proxy-server[129656]: STDERR: The option "__name__" is not known to keystonemiddleware
Nov 26 14:33:53 standalone proxy-server[129656]: AuthToken middleware is set with keystone_authtoken.service_token_roles_required set to False. This is backwards compatible but deprecated behaviour. Please set this to True.
Nov 26 14:33:53 standalone proxy-server[129341]: Started child 20 from parent 2
Nov 26 14:34:07 standalone account-server[127448]: 172.20.0.100 - - [26/Nov/2025:14:34:07 +0000] "HEAD /d1/723/.expiring_objects" 404 - "HEAD http://localhost/v1/.expiring_objects?format=json" "tx35b63c972e05470a9d0c2-0069270fdf" "proxy-server 2" 0.0009 "-" 23 -
Nov 26 14:34:07 standalone object-expirer[127454]: Pass completed in 0s; 0 objects expired (txn: tx35b63c972e05470a9d0c2-0069270fdf)
Nov 26 14:34:51 standalone object-server[127546]: Begin object update sweep
Nov 26 14:34:51 standalone object-server[135710]: Object update sweep starting on /srv/node/d1 (pid: 11)
Nov 26 14:34:51 standalone object-server[135710]: Object update sweep completed on /srv/node/d1 in 0.00s seconds:, 0 successes, 0 failures, 0 quarantines, 0 unlinks, 0 errors, 0 redirects (pid: 11)
Nov 26 14:34:51 standalone object-server[135710]: Object update sweep of d1 completed: 0.00s, 0 successes, 0 failures, 0 quarantines, 0 unlinks, 0 errors, 0 redirects
Nov 26 14:34:51 standalone object-server[127546]: Object update sweep completed: 0.08s
Nov 26 14:36:26 standalone account-server[127075]: Devices pass completed: 0.00s
Nov 26 14:37:05 standalone account-server[127420]: 172.20.0.100 - - [26/Nov/2025:14:37:05 +0000] "HEAD /d1/723/.expiring_objects" 404 - "HEAD http://localhost/v1/.expiring_objects?format=json" "txc77225273e2a491e8da20-0069271091" "proxy-server 2" 0.0009 "-" 20 -
Nov 26 14:37:05 standalone object-expirer[127454]: Pass completed in 0s; 0 objects expired (txn: txc77225273e2a491e8da20-0069271091)
Nov 26 14:37:47 standalone container-server[127380]: Begin container update sweep
Nov 26 14:37:47 standalone container-server[127380]: Container update sweep completed: 0.00s
Nov 26 14:39:51 standalone object-server[127546]: Begin object update sweep
Nov 26 14:39:51 standalone object-server[173100]: Object update sweep starting on /srv/node/d1 (pid: 13)
Nov 26 14:39:51 standalone object-server[173100]: Object update sweep completed on /srv/node/d1 in 0.00s seconds:, 0 successes, 0 failures, 0 quarantines, 0 unlinks, 0 errors, 0 redirects (pid: 13)
Nov 26 14:39:51 standalone object-server[173100]: Object update sweep of d1 completed: 0.00s, 0 successes, 0 failures, 0 quarantines, 0 unlinks, 0 errors, 0 redirects
Nov 26 14:39:51 standalone object-server[127546]: Object update sweep completed: 0.09s
Nov 26 14:41:59 standalone account-server[127420]: 172.20.0.100 - - [26/Nov/2025:14:41:59 +0000] "HEAD /d1/723/.expiring_objects" 404 - "HEAD http://localhost/v1/.expiring_objects?format=json" "tx62b03827d0544ac4b5874-00692711b7" "proxy-server 2" 0.0007 "-" 20 -
Nov 26 14:41:59 standalone object-expirer[127454]: Pass completed in 0s; 0 objects expired (txn: tx62b03827d0544ac4b5874-00692711b7)
Nov 26 14:42:36 standalone account-server[127420]: 172.20.0.100 - - [26/Nov/2025:14:42:36 +0000] "HEAD /d1/723/.expiring_objects" 404 - "HEAD http://localhost/v1/.expiring_objects?format=json" "tx64dacf57e74e40f490122-00692711dc" "proxy-server 2" 0.0008 "-" 20 -
Nov 26 14:42:36 standalone object-expirer[127454]: Pass completed in 0s; 0 objects expired (txn: tx64dacf57e74e40f490122-00692711dc)
Nov 26 14:42:47 standalone container-server[127380]: Begin container update sweep
Nov 26 14:42:47 standalone container-server[127380]: Container update sweep completed: 0.00s
Nov 26 14:44:40 standalone account-server[127418]: 172.20.0.100 - - [26/Nov/2025:14:44:40 +0000] "HEAD /d1/723/.expiring_objects" 404 - "HEAD http://localhost/v1/.expiring_objects?format=json" "txb6fd9cddb14b4f21ab7a9-0069271258" "proxy-server 2" 0.0016 "-" 19 -
Nov 26 14:44:40 standalone object-expirer[127454]: Pass completed in 0s; 0 objects expired (txn: txb6fd9cddb14b4f21ab7a9-0069271258)
Nov 26 14:44:51 standalone object-server[127546]: Begin object update sweep
Nov 26 14:44:51 standalone object-server[213533]: Object update sweep starting on /srv/node/d1 (pid: 14)
Nov 26 14:44:51 standalone object-server[213533]: Object update sweep completed on /srv/node/d1 in 0.00s seconds:, 0 successes, 0 failures, 0 quarantines, 0 unlinks, 0 errors, 0 redirects (pid: 14)
Nov 26 14:44:51 standalone object-server[213533]: Object update sweep of d1 completed: 0.00s, 0 successes, 0 failures, 0 quarantines, 0 unlinks, 0 errors, 0 redirects
Nov 26 14:44:51 standalone object-server[127546]: Object update sweep completed: 0.10s
Nov 26 14:45:53 standalone account-server[127436]: 172.20.0.100 - - [26/Nov/2025:14:45:53 +0000] "HEAD /d1/207/AUTH_78bcf9038de64dabbf49cc5cbde2aa55" 404 - "HEAD http://172.18.0.2:8080/v1/AUTH_78bcf9038de64dabbf49cc5cbde2aa55?format=json" "txcc59087d7afa4e1c9c410-00692712a1" "proxy-server 20" 0.0011 "-" 21 -
Nov 26 14:45:53 standalone proxy-server[129656]: - - 26/Nov/2025/14/45/53 HEAD /v1/AUTH_78bcf9038de64dabbf49cc5cbde2aa55%3Fformat%3Djson HTTP/1.0 200 - Swift - - - - txcc59087d7afa4e1c9c410-00692712a1 - 0.0068 RL - 1764168353.180996895 1764168353.187815666 -
Nov 26 14:45:53 standalone object-server[127693]: 172.20.0.100 - - [26/Nov/2025:14:45:53 +0000] "GET /d1/81/AUTH_78bcf9038de64dabbf49cc5cbde2aa55/gnocchi.1a533983-0cc5-42bf-a481-0091cd2ff42f/none_v3" 404 70 "GET http://172.18.0.2:8080/v1/AUTH_78bcf9038de64dabbf49cc5cbde2aa55/gnocchi.1a533983-0cc5-42bf-a481-0091cd2ff42f/none_v3" "txcc59087d7afa4e1c9c410-00692712a1" "proxy-server 20" 0.0013 "-" 24 0
Nov 26 14:45:53 standalone proxy-server[129656]: 172.18.0.2 172.18.0.100 26/Nov/2025/14/45/53 GET /v1/AUTH_78bcf9038de64dabbf49cc5cbde2aa55/gnocchi.1a533983-0cc5-42bf-a481-0091cd2ff42f/none_v3 HTTP/1.0 404 - python-swiftclient-3.11.1 gAAAAABpJxKhsvRX... - 70 - txcc59087d7afa4e1c9c410-00692712a1 - 0.4506 - - 1764168353.178206444 1764168353.628853083 0
Nov 26 14:45:53 standalone account-server[127436]: 172.20.0.100 - - [26/Nov/2025:14:45:53 +0000] "PUT /d1/207/AUTH_78bcf9038de64dabbf49cc5cbde2aa55" 201 - "-" "txd5a39c270a194e5eb9aca-00692712a1" "-" 0.0136 "-" 21 -
Nov 26 14:45:53 standalone proxy-server[129656]: autocreate account '/AUTH_78bcf9038de64dabbf49cc5cbde2aa55' (txn: txd5a39c270a194e5eb9aca-00692712a1)
Nov 26 14:45:53 standalone account-server[127420]: 172.20.0.100 - - [26/Nov/2025:14:45:53 +0000] "HEAD /d1/207/AUTH_78bcf9038de64dabbf49cc5cbde2aa55" 204 - "HEAD http://172.18.0.2:8080/v1/AUTH_78bcf9038de64dabbf49cc5cbde2aa55?format=json" "txd5a39c270a194e5eb9aca-00692712a1" "proxy-server 20" 0.0015 "-" 20 -
Nov 26 14:45:53 standalone account-server[127448]: 172.20.0.100 - - [26/Nov/2025:14:45:53 +0000] "PUT /d1/207/AUTH_78bcf9038de64dabbf49cc5cbde2aa55/gnocchi.1a533983-0cc5-42bf-a481-0091cd2ff42f" 201 - "PUT http://172.20.0.100:6001/d1/145/AUTH_78bcf9038de64dabbf49cc5cbde2aa55/gnocchi.1a533983-0cc5-42bf-a481-0091cd2ff42f" "txd5a39c270a194e5eb9aca-00692712a1" "container-server 22" 0.0018 "-" 23 0
Nov 26 14:45:53 standalone container-server[127451]: 172.20.0.100 - - [26/Nov/2025:14:45:53 +0000] "PUT /d1/145/AUTH_78bcf9038de64dabbf49cc5cbde2aa55/gnocchi.1a533983-0cc5-42bf-a481-0091cd2ff42f" 201 - "PUT http://172.18.0.2:8080/v1/AUTH_78bcf9038de64dabbf49cc5cbde2aa55/gnocchi.1a533983-0cc5-42bf-a481-0091cd2ff42f" "txd5a39c270a194e5eb9aca-00692712a1" "proxy-server 20" 0.0124 "-" 22 0
Nov 26 14:45:53 standalone proxy-server[129656]: 172.18.0.2 172.18.0.100 26/Nov/2025/14/45/53 PUT /v1/AUTH_78bcf9038de64dabbf49cc5cbde2aa55/gnocchi.1a533983-0cc5-42bf-a481-0091cd2ff42f HTTP/1.0 201 - python-swiftclient-3.11.1 gAAAAABpJxKhsvRX... - - - txd5a39c270a194e5eb9aca-00692712a1 - 0.0376 - - 1764168353.631669521 1764168353.669303656 0
Nov 26 14:45:53 standalone container-server[127451]: 172.20.0.100 - - [26/Nov/2025:14:45:53 +0000] "HEAD /d1/145/AUTH_78bcf9038de64dabbf49cc5cbde2aa55/gnocchi.1a533983-0cc5-42bf-a481-0091cd2ff42f" 204 - "HEAD http://172.18.0.2:8080/v1/AUTH_78bcf9038de64dabbf49cc5cbde2aa55/gnocchi.1a533983-0cc5-42bf-a481-0091cd2ff42f?format=json&states=listing" "tx3308f3da606e4e918488e-00692712a1" "proxy-server 20" 0.0015 "-" 22 0
Nov 26 14:45:53 standalone proxy-server[129656]: - - 26/Nov/2025/14/45/53 HEAD /v1/AUTH_78bcf9038de64dabbf49cc5cbde2aa55/gnocchi.1a533983-0cc5-42bf-a481-0091cd2ff42f%3Fformat%3Djson%26states%3Dlisting HTTP/1.0 204 - Swift - - - - tx3308f3da606e4e918488e-00692712a1 - 0.0038 RL - 1764168353.673095942 1764168353.676925421 0
Nov 26 14:45:53 standalone container-server[127451]: 172.20.0.100 - - [26/Nov/2025:14:45:53 +0000] "GET /d1/145/AUTH_78bcf9038de64dabbf49cc5cbde2aa55/gnocchi.1a533983-0cc5-42bf-a481-0091cd2ff42f" 200 2 "GET http://172.18.0.2:8080/v1/AUTH_78bcf9038de64dabbf49cc5cbde2aa55/gnocchi.1a533983-0cc5-42bf-a481-0091cd2ff42f?format=json&states=listing" "tx3308f3da606e4e918488e-00692712a1" "proxy-server 20" 0.0021 "-" 22 0
Nov 26 14:45:53 standalone proxy-server[129656]: 172.18.0.2 172.18.0.100 26/Nov/2025/14/45/53 GET /v1/AUTH_78bcf9038de64dabbf49cc5cbde2aa55/gnocchi.1a533983-0cc5-42bf-a481-0091cd2ff42f%3Fformat%3Djson%26states%3Dlisting HTTP/1.0 200 - python-swiftclient-3.11.1 gAAAAABpJxKhsvRX... - 2 - tx3308f3da606e4e918488e-00692712a1 - 0.0111 - - 1764168353.672163248 1764168353.683236122 0
Nov 26 14:45:53 standalone object-server[127688]: 172.20.0.100 - - [26/Nov/2025:14:45:53 +0000] "GET /d1/252/AUTH_78bcf9038de64dabbf49cc5cbde2aa55/gnocchi.1a533983-0cc5-42bf-a481-0091cd2ff42f/1763640000.0_mean_300.0_v3" 404 70 "GET http://172.18.0.2:8080/v1/AUTH_78bcf9038de64dabbf49cc5cbde2aa55/gnocchi.1a533983-0cc5-42bf-a481-0091cd2ff42f/1763640000.0_mean_300.0_v3" "txa5dc5de2f30943aab12f6-00692712a1" "proxy-server 20" 0.0007 "-" 23 0
Nov 26 14:45:53 standalone proxy-server[129656]: 172.18.0.2 172.18.0.100 26/Nov/2025/14/45/53 GET /v1/AUTH_78bcf9038de64dabbf49cc5cbde2aa55/gnocchi.1a533983-0cc5-42bf-a481-0091cd2ff42f/1763640000.0_mean_300.0_v3 HTTP/1.0 404 - python-swiftclient-3.11.1 gAAAAABpJxKhsvRX... - 70 - txa5dc5de2f30943aab12f6-00692712a1 - 0.0045 - - 1764168353.690069199 1764168353.694602489 0
Nov 26 14:45:53 standalone container-server[127441]: 172.20.0.100 - - [26/Nov/2025:14:45:53 +0000] "PUT /d1/145/AUTH_78bcf9038de64dabbf49cc5cbde2aa55/gnocchi.1a533983-0cc5-42bf-a481-0091cd2ff42f/1763640000.0_mean_300.0_v3" 201 - "PUT http://172.18.0.2:8080/d1/252/AUTH_78bcf9038de64dabbf49cc5cbde2aa55/gnocchi.1a533983-0cc5-42bf-a481-0091cd2ff42f/1763640000.0_mean_300.0_v3" "tx3e49ba920d6b4c2e9b186-00692712a1" "object-server 24" 0.0009 "-" 20 0
Nov 26 14:45:53 standalone object-server[127693]: 172.20.0.100 - - [26/Nov/2025:14:45:53 +0000] "PUT /d1/252/AUTH_78bcf9038de64dabbf49cc5cbde2aa55/gnocchi.1a533983-0cc5-42bf-a481-0091cd2ff42f/1763640000.0_mean_300.0_v3" 201 - "PUT http://172.18.0.2:8080/v1/AUTH_78bcf9038de64dabbf49cc5cbde2aa55/gnocchi.1a533983-0cc5-42bf-a481-0091cd2ff42f/1763640000.0_mean_300.0_v3" "tx3e49ba920d6b4c2e9b186-00692712a1" "proxy-server 20" 0.0320 "-" 24 0
Nov 26 14:45:53 standalone proxy-server[129656]: 172.18.0.2 172.18.0.100 26/Nov/2025/14/45/53 PUT /v1/AUTH_78bcf9038de64dabbf49cc5cbde2aa55/gnocchi.1a533983-0cc5-42bf-a481-0091cd2ff42f/1763640000.0_mean_300.0_v3 HTTP/1.0 201 - python-swiftclient-3.11.1 gAAAAABpJxKhsvRX... 16 - - tx3e49ba920d6b4c2e9b186-00692712a1 - 0.0375 - - 1764168353.698226929 1764168353.735739231 0
Nov 26 14:45:53 standalone container-server[127453]: 172.20.0.100 - - [26/Nov/2025:14:45:53 +0000] "PUT /d1/145/AUTH_78bcf9038de64dabbf49cc5cbde2aa55/gnocchi.1a533983-0cc5-42bf-a481-0091cd2ff42f/none_v3" 201 - "PUT http://172.18.0.2:8080/d1/81/AUTH_78bcf9038de64dabbf49cc5cbde2aa55/gnocchi.1a533983-0cc5-42bf-a481-0091cd2ff42f/none_v3" "tx796149a634514bd2abc48-00692712a1" "object-server 23" 0.0015 "-" 23 0
Nov 26 14:45:53 standalone object-server[127688]: 172.20.0.100 - - [26/Nov/2025:14:45:53 +0000] "PUT /d1/81/AUTH_78bcf9038de64dabbf49cc5cbde2aa55/gnocchi.1a533983-0cc5-42bf-a481-0091cd2ff42f/none_v3" 201 - "PUT http://172.18.0.2:8080/v1/AUTH_78bcf9038de64dabbf49cc5cbde2aa55/gnocchi.1a533983-0cc5-42bf-a481-0091cd2ff42f/none_v3" "tx796149a634514bd2abc48-00692712a1" "proxy-server 20" 0.0216 "-" 23 0
Nov 26 14:45:53 standalone proxy-server[129656]: 172.18.0.2 172.18.0.100 26/Nov/2025/14/45/53 PUT /v1/AUTH_78bcf9038de64dabbf49cc5cbde2aa55/gnocchi.1a533983-0cc5-42bf-a481-0091cd2ff42f/none_v3 HTTP/1.0 201 - python-swiftclient-3.11.1 gAAAAABpJxKhsvRX... 32 - - tx796149a634514bd2abc48-00692712a1 - 0.0259 - - 1764168353.739952326 1764168353.765862703 0
Nov 26 14:46:52 standalone container-server[127453]: 172.20.0.100 - - [26/Nov/2025:14:46:52 +0000] "HEAD /d1/208/AUTH_78bcf9038de64dabbf49cc5cbde2aa55/gnocchi.81dfa515-b6b2-4734-b702-f186c65005ca" 404 - "HEAD http://172.18.0.2:8080/v1/AUTH_78bcf9038de64dabbf49cc5cbde2aa55/gnocchi.81dfa515-b6b2-4734-b702-f186c65005ca?format=json&states=listing" "tx6fddf354eb08400d8c3d1-00692712dc" "proxy-server 20" 0.0013 "-" 23 0
Nov 26 14:46:52 standalone object-server[127682]: 172.20.0.100 - - [26/Nov/2025:14:46:52 +0000] "GET /d1/621/AUTH_78bcf9038de64dabbf49cc5cbde2aa55/gnocchi.81dfa515-b6b2-4734-b702-f186c65005ca/none_v3" 404 70 "GET http://172.18.0.2:8080/v1/AUTH_78bcf9038de64dabbf49cc5cbde2aa55/gnocchi.81dfa515-b6b2-4734-b702-f186c65005ca/none_v3" "tx6fddf354eb08400d8c3d1-00692712dc" "proxy-server 20" 0.0020 "-" 22 0
Nov 26 14:46:52 standalone proxy-server[129656]: 172.18.0.2 172.18.0.100 26/Nov/2025/14/46/52 GET /v1/AUTH_78bcf9038de64dabbf49cc5cbde2aa55/gnocchi.81dfa515-b6b2-4734-b702-f186c65005ca/none_v3 HTTP/1.0 404 - python-swiftclient-3.11.1 gAAAAABpJxKhsvRX... - 70 - tx6fddf354eb08400d8c3d1-00692712dc - 0.0192 - - 1764168412.205676317 1764168412.224921942 0
Nov 26 14:46:52 standalone account-server[127418]: 172.20.0.100 - - [26/Nov/2025:14:46:52 +0000] "PUT /d1/207/AUTH_78bcf9038de64dabbf49cc5cbde2aa55/gnocchi.81dfa515-b6b2-4734-b702-f186c65005ca" 201 - "PUT http://172.20.0.100:6001/d1/208/AUTH_78bcf9038de64dabbf49cc5cbde2aa55/gnocchi.81dfa515-b6b2-4734-b702-f186c65005ca" "txbb0921595ca5407b8a5ca-00692712dc" "container-server 23" 0.0091 "-" 19 0
Nov 26 14:46:52 standalone container-server[127453]: 172.20.0.100 - - [26/Nov/2025:14:46:52 +0000] "PUT /d1/208/AUTH_78bcf9038de64dabbf49cc5cbde2aa55/gnocchi.81dfa515-b6b2-4734-b702-f186c65005ca" 201 - "PUT http://172.18.0.2:8080/v1/AUTH_78bcf9038de64dabbf49cc5cbde2aa55/gnocchi.81dfa515-b6b2-4734-b702-f186c65005ca" "txbb0921595ca5407b8a5ca-00692712dc" "proxy-server 20" 0.0398 "-" 23 0
Nov 26 14:46:52 standalone proxy-server[129656]: 172.18.0.2 172.18.0.100 26/Nov/2025/14/46/52 PUT /v1/AUTH_78bcf9038de64dabbf49cc5cbde2aa55/gnocchi.81dfa515-b6b2-4734-b702-f186c65005ca HTTP/1.0 201 - python-swiftclient-3.11.1 gAAAAABpJxKhsvRX... - - - txbb0921595ca5407b8a5ca-00692712dc - 0.0471 - - 1764168412.229668617 1764168412.276811361 0
Nov 26 14:46:52 standalone container-server[127451]: 172.20.0.100 - - [26/Nov/2025:14:46:52 +0000] "HEAD /d1/208/AUTH_78bcf9038de64dabbf49cc5cbde2aa55/gnocchi.81dfa515-b6b2-4734-b702-f186c65005ca" 204 - "HEAD http://172.18.0.2:8080/v1/AUTH_78bcf9038de64dabbf49cc5cbde2aa55/gnocchi.81dfa515-b6b2-4734-b702-f186c65005ca?format=json&states=listing" "tx9424a10fc3e6479e896dc-00692712dc" "proxy-server 20" 0.0027 "-" 22 0
Nov 26 14:46:52 standalone proxy-server[129656]: - - 26/Nov/2025/14/46/52 HEAD /v1/AUTH_78bcf9038de64dabbf49cc5cbde2aa55/gnocchi.81dfa515-b6b2-4734-b702-f186c65005ca%3Fformat%3Djson%26states%3Dlisting HTTP/1.0 204 - Swift - - - - tx9424a10fc3e6479e896dc-00692712dc - 0.0100 RL - 1764168412.284065723 1764168412.294045210 0
Nov 26 14:46:52 standalone container-server[127451]: 172.20.0.100 - - [26/Nov/2025:14:46:52 +0000] "GET /d1/208/AUTH_78bcf9038de64dabbf49cc5cbde2aa55/gnocchi.81dfa515-b6b2-4734-b702-f186c65005ca" 200 2 "GET http://172.18.0.2:8080/v1/AUTH_78bcf9038de64dabbf49cc5cbde2aa55/gnocchi.81dfa515-b6b2-4734-b702-f186c65005ca?format=json&states=listing" "tx9424a10fc3e6479e896dc-00692712dc" "proxy-server 20" 0.0038 "-" 22 0
Nov 26 14:46:52 standalone proxy-server[129656]: 172.18.0.2 172.18.0.100 26/Nov/2025/14/46/52 GET /v1/AUTH_78bcf9038de64dabbf49cc5cbde2aa55/gnocchi.81dfa515-b6b2-4734-b702-f186c65005ca%3Fformat%3Djson%26states%3Dlisting HTTP/1.0 200 - python-swiftclient-3.11.1 gAAAAABpJxKhsvRX... - 2 - tx9424a10fc3e6479e896dc-00692712dc - 0.0279 - - 1764168412.282330036 1764168412.310234547 0
Nov 26 14:46:52 standalone object-server[127688]: 172.20.0.100 - - [26/Nov/2025:14:46:52 +0000] "GET /d1/428/AUTH_78bcf9038de64dabbf49cc5cbde2aa55/gnocchi.81dfa515-b6b2-4734-b702-f186c65005ca/1763640000.0_mean_300.0_v3" 404 70 "GET http://172.18.0.2:8080/v1/AUTH_78bcf9038de64dabbf49cc5cbde2aa55/gnocchi.81dfa515-b6b2-4734-b702-f186c65005ca/1763640000.0_mean_300.0_v3" "tx64859c5000cf4a97a05f8-00692712dc" "proxy-server 20" 0.0007 "-" 23 0
Nov 26 14:46:52 standalone proxy-server[129656]: 172.18.0.2 172.18.0.100 26/Nov/2025/14/46/52 GET /v1/AUTH_78bcf9038de64dabbf49cc5cbde2aa55/gnocchi.81dfa515-b6b2-4734-b702-f186c65005ca/1763640000.0_mean_300.0_v3 HTTP/1.0 404 - python-swiftclient-3.11.1 gAAAAABpJxKhsvRX... - 70 - tx64859c5000cf4a97a05f8-00692712dc - 0.0119 - - 1764168412.316420317 1764168412.328314543 0
Nov 26 14:46:52 standalone container-server[127441]: 172.20.0.100 - - [26/Nov/2025:14:46:52 +0000] "PUT /d1/208/AUTH_78bcf9038de64dabbf49cc5cbde2aa55/gnocchi.81dfa515-b6b2-4734-b702-f186c65005ca/1763640000.0_mean_300.0_v3" 201 - "PUT http://172.18.0.2:8080/d1/428/AUTH_78bcf9038de64dabbf49cc5cbde2aa55/gnocchi.81dfa515-b6b2-4734-b702-f186c65005ca/1763640000.0_mean_300.0_v3" "tx20022db1b44947e3b7457-00692712dc" "object-server 25" 0.0009 "-" 20 0
Nov 26 14:46:52 standalone object-server[127695]: 172.20.0.100 - - [26/Nov/2025:14:46:52 +0000] "PUT /d1/428/AUTH_78bcf9038de64dabbf49cc5cbde2aa55/gnocchi.81dfa515-b6b2-4734-b702-f186c65005ca/1763640000.0_mean_300.0_v3" 201 - "PUT http://172.18.0.2:8080/v1/AUTH_78bcf9038de64dabbf49cc5cbde2aa55/gnocchi.81dfa515-b6b2-4734-b702-f186c65005ca/1763640000.0_mean_300.0_v3" "tx20022db1b44947e3b7457-00692712dc" "proxy-server 20" 0.0493 "-" 25 0
Nov 26 14:46:52 standalone proxy-server[129656]: 172.18.0.2 172.18.0.100 26/Nov/2025/14/46/52 PUT /v1/AUTH_78bcf9038de64dabbf49cc5cbde2aa55/gnocchi.81dfa515-b6b2-4734-b702-f186c65005ca/1763640000.0_mean_300.0_v3 HTTP/1.0 201 - python-swiftclient-3.11.1 gAAAAABpJxKhsvRX... 16 - - tx20022db1b44947e3b7457-00692712dc - 0.0584 - - 1764168412.333165169 1764168412.391608715 0
Nov 26 14:46:52 standalone container-server[127444]: 172.20.0.100 - - [26/Nov/2025:14:46:52 +0000] "PUT /d1/208/AUTH_78bcf9038de64dabbf49cc5cbde2aa55/gnocchi.81dfa515-b6b2-4734-b702-f186c65005ca/none_v3" 201 - "PUT http://172.18.0.2:8080/d1/621/AUTH_78bcf9038de64dabbf49cc5cbde2aa55/gnocchi.81dfa515-b6b2-4734-b702-f186c65005ca/none_v3" "txc6142b86c31f49219ae8f-00692712dc" "object-server 25" 0.0012 "-" 21 0
Nov 26 14:46:52 standalone object-server[127695]: 172.20.0.100 - - [26/Nov/2025:14:46:52 +0000] "PUT /d1/621/AUTH_78bcf9038de64dabbf49cc5cbde2aa55/gnocchi.81dfa515-b6b2-4734-b702-f186c65005ca/none_v3" 201 - "PUT http://172.18.0.2:8080/v1/AUTH_78bcf9038de64dabbf49cc5cbde2aa55/gnocchi.81dfa515-b6b2-4734-b702-f186c65005ca/none_v3" "txc6142b86c31f49219ae8f-00692712dc" "proxy-server 20" 0.0212 "-" 25 0
Nov 26 14:46:52 standalone proxy-server[129656]: 172.18.0.2 172.18.0.100 26/Nov/2025/14/46/52 PUT /v1/AUTH_78bcf9038de64dabbf49cc5cbde2aa55/gnocchi.81dfa515-b6b2-4734-b702-f186c65005ca/none_v3 HTTP/1.0 201 - python-swiftclient-3.11.1 gAAAAABpJxKhsvRX... 22 - - txc6142b86c31f49219ae8f-00692712dc - 0.0292 - - 1764168412.396149397 1764168412.425340652 0
Nov 26 14:46:52 standalone container-server[127444]: 172.20.0.100 - - [26/Nov/2025:14:46:52 +0000] "HEAD /d1/938/AUTH_78bcf9038de64dabbf49cc5cbde2aa55/gnocchi.6ac0b46c-6499-4644-9490-06885af31e01" 404 - "HEAD http://172.18.0.2:8080/v1/AUTH_78bcf9038de64dabbf49cc5cbde2aa55/gnocchi.6ac0b46c-6499-4644-9490-06885af31e01?format=json&states=listing" "txa5baef45d40c4fc6a1ff5-00692712dc" "proxy-server 20" 0.0007 "-" 21 0
Nov 26 14:46:52 standalone object-server[127682]: 172.20.0.100 - - [26/Nov/2025:14:46:52 +0000] "GET /d1/701/AUTH_78bcf9038de64dabbf49cc5cbde2aa55/gnocchi.6ac0b46c-6499-4644-9490-06885af31e01/none_v3" 404 70 "GET http://172.18.0.2:8080/v1/AUTH_78bcf9038de64dabbf49cc5cbde2aa55/gnocchi.6ac0b46c-6499-4644-9490-06885af31e01/none_v3" "txa5baef45d40c4fc6a1ff5-00692712dc" "proxy-server 20" 0.0004 "-" 22 0
Nov 26 14:46:52 standalone proxy-server[129656]: 172.18.0.2 172.18.0.100 26/Nov/2025/14/46/52 GET /v1/AUTH_78bcf9038de64dabbf49cc5cbde2aa55/gnocchi.6ac0b46c-6499-4644-9490-06885af31e01/none_v3 HTTP/1.0 404 - python-swiftclient-3.11.1 gAAAAABpJxKhsvRX... - 70 - txa5baef45d40c4fc6a1ff5-00692712dc - 0.0120 - - 1764168412.437793255 1764168412.449839592 0
Nov 26 14:46:52 standalone account-server[127420]: 172.20.0.100 - - [26/Nov/2025:14:46:52 +0000] "PUT /d1/207/AUTH_78bcf9038de64dabbf49cc5cbde2aa55/gnocchi.6ac0b46c-6499-4644-9490-06885af31e01" 201 - "PUT http://172.20.0.100:6001/d1/938/AUTH_78bcf9038de64dabbf49cc5cbde2aa55/gnocchi.6ac0b46c-6499-4644-9490-06885af31e01" "tx264c489666794deda32cd-00692712dc" "container-server 23" 0.0064 "-" 20 0
Nov 26 14:46:52 standalone container-server[127453]: 172.20.0.100 - - [26/Nov/2025:14:46:52 +0000] "PUT /d1/938/AUTH_78bcf9038de64dabbf49cc5cbde2aa55/gnocchi.6ac0b46c-6499-4644-9490-06885af31e01" 201 - "PUT http://172.18.0.2:8080/v1/AUTH_78bcf9038de64dabbf49cc5cbde2aa55/gnocchi.6ac0b46c-6499-4644-9490-06885af31e01" "tx264c489666794deda32cd-00692712dc" "proxy-server 20" 0.0165 "-" 23 0
Nov 26 14:46:52 standalone proxy-server[129656]: 172.18.0.2 172.18.0.100 26/Nov/2025/14/46/52 PUT /v1/AUTH_78bcf9038de64dabbf49cc5cbde2aa55/gnocchi.6ac0b46c-6499-4644-9490-06885af31e01 HTTP/1.0 201 - python-swiftclient-3.11.1 gAAAAABpJxKhsvRX... - - - tx264c489666794deda32cd-00692712dc - 0.0229 - - 1764168412.455247879 1764168412.478178740 0
Nov 26 14:46:52 standalone container-server[127453]: 172.20.0.100 - - [26/Nov/2025:14:46:52 +0000] "HEAD /d1/938/AUTH_78bcf9038de64dabbf49cc5cbde2aa55/gnocchi.6ac0b46c-6499-4644-9490-06885af31e01" 204 - "HEAD http://172.18.0.2:8080/v1/AUTH_78bcf9038de64dabbf49cc5cbde2aa55/gnocchi.6ac0b46c-6499-4644-9490-06885af31e01?format=json&states=listing" "txd17cd793be3b4ec0b75d3-00692712dc" "proxy-server 20" 0.0013 "-" 23 0
Nov 26 14:46:52 standalone proxy-server[129656]: - - 26/Nov/2025/14/46/52 HEAD /v1/AUTH_78bcf9038de64dabbf49cc5cbde2aa55/gnocchi.6ac0b46c-6499-4644-9490-06885af31e01%3Fformat%3Djson%26states%3Dlisting HTTP/1.0 204 - Swift - - - - txd17cd793be3b4ec0b75d3-00692712dc - 0.0050 RL - 1764168412.483672380 1764168412.488710403 0
Nov 26 14:46:52 standalone container-server[127453]: 172.20.0.100 - - [26/Nov/2025:14:46:52 +0000] "GET /d1/938/AUTH_78bcf9038de64dabbf49cc5cbde2aa55/gnocchi.6ac0b46c-6499-4644-9490-06885af31e01" 200 2 "GET http://172.18.0.2:8080/v1/AUTH_78bcf9038de64dabbf49cc5cbde2aa55/gnocchi.6ac0b46c-6499-4644-9490-06885af31e01?format=json&states=listing" "txd17cd793be3b4ec0b75d3-00692712dc" "proxy-server 20" 0.0021 "-" 23 0
Nov 26 14:46:52 standalone proxy-server[129656]: 172.18.0.2 172.18.0.100 26/Nov/2025/14/46/52 GET /v1/AUTH_78bcf9038de64dabbf49cc5cbde2aa55/gnocchi.6ac0b46c-6499-4644-9490-06885af31e01%3Fformat%3Djson%26states%3Dlisting HTTP/1.0 200 - python-swiftclient-3.11.1 gAAAAABpJxKhsvRX... - 2 - txd17cd793be3b4ec0b75d3-00692712dc - 0.0195 - - 1764168412.482114315 1764168412.501620531 0
Nov 26 14:46:52 standalone object-server[127688]: 172.20.0.100 - - [26/Nov/2025:14:46:52 +0000] "GET /d1/600/AUTH_78bcf9038de64dabbf49cc5cbde2aa55/gnocchi.6ac0b46c-6499-4644-9490-06885af31e01/1763640000.0_mean_300.0_v3" 404 70 "GET http://172.18.0.2:8080/v1/AUTH_78bcf9038de64dabbf49cc5cbde2aa55/gnocchi.6ac0b46c-6499-4644-9490-06885af31e01/1763640000.0_mean_300.0_v3" "txcc5461a6cfcb4dcf9086b-00692712dc" "proxy-server 20" 0.0004 "-" 23 0
Nov 26 14:46:52 standalone proxy-server[129656]: 172.18.0.2 172.18.0.100 26/Nov/2025/14/46/52 GET /v1/AUTH_78bcf9038de64dabbf49cc5cbde2aa55/gnocchi.6ac0b46c-6499-4644-9490-06885af31e01/1763640000.0_mean_300.0_v3 HTTP/1.0 404 - python-swiftclient-3.11.1 gAAAAABpJxKhsvRX... - 70 - txcc5461a6cfcb4dcf9086b-00692712dc - 0.0064 - - 1764168412.506570578 1764168412.513012409 0
Nov 26 14:46:52 standalone container-server[127444]: 172.20.0.100 - - [26/Nov/2025:14:46:52 +0000] "PUT /d1/938/AUTH_78bcf9038de64dabbf49cc5cbde2aa55/gnocchi.6ac0b46c-6499-4644-9490-06885af31e01/1763640000.0_mean_300.0_v3" 201 - "PUT http://172.18.0.2:8080/d1/600/AUTH_78bcf9038de64dabbf49cc5cbde2aa55/gnocchi.6ac0b46c-6499-4644-9490-06885af31e01/1763640000.0_mean_300.0_v3" "tx850119113d0b4f778357a-00692712dc" "object-server 22" 0.0007 "-" 21 0
Nov 26 14:46:52 standalone object-server[127682]: 172.20.0.100 - - [26/Nov/2025:14:46:52 +0000] "PUT /d1/600/AUTH_78bcf9038de64dabbf49cc5cbde2aa55/gnocchi.6ac0b46c-6499-4644-9490-06885af31e01/1763640000.0_mean_300.0_v3" 201 - "PUT http://172.18.0.2:8080/v1/AUTH_78bcf9038de64dabbf49cc5cbde2aa55/gnocchi.6ac0b46c-6499-4644-9490-06885af31e01/1763640000.0_mean_300.0_v3" "tx850119113d0b4f778357a-00692712dc" "proxy-server 20" 0.0305 "-" 22 0
Nov 26 14:46:52 standalone proxy-server[129656]: 172.18.0.2 172.18.0.100 26/Nov/2025/14/46/52 PUT /v1/AUTH_78bcf9038de64dabbf49cc5cbde2aa55/gnocchi.6ac0b46c-6499-4644-9490-06885af31e01/1763640000.0_mean_300.0_v3 HTTP/1.0 201 - python-swiftclient-3.11.1 gAAAAABpJxKhsvRX... 16 - - tx850119113d0b4f778357a-00692712dc - 0.0361 - - 1764168412.516715765 1764168412.552798033 0
Nov 26 14:46:52 standalone container-server[127453]: 172.20.0.100 - - [26/Nov/2025:14:46:52 +0000] "PUT /d1/938/AUTH_78bcf9038de64dabbf49cc5cbde2aa55/gnocchi.6ac0b46c-6499-4644-9490-06885af31e01/none_v3" 201 - "PUT http://172.18.0.2:8080/d1/701/AUTH_78bcf9038de64dabbf49cc5cbde2aa55/gnocchi.6ac0b46c-6499-4644-9490-06885af31e01/none_v3" "tx177ed3e303c54be3b65c4-00692712dc" "object-server 22" 0.0006 "-" 23 0
Nov 26 14:46:52 standalone object-server[127682]: 172.20.0.100 - - [26/Nov/2025:14:46:52 +0000] "PUT /d1/701/AUTH_78bcf9038de64dabbf49cc5cbde2aa55/gnocchi.6ac0b46c-6499-4644-9490-06885af31e01/none_v3" 201 - "PUT http://172.18.0.2:8080/v1/AUTH_78bcf9038de64dabbf49cc5cbde2aa55/gnocchi.6ac0b46c-6499-4644-9490-06885af31e01/none_v3" "tx177ed3e303c54be3b65c4-00692712dc" "proxy-server 20" 0.0112 "-" 22 0
Nov 26 14:46:52 standalone proxy-server[129656]: 172.18.0.2 172.18.0.100 26/Nov/2025/14/46/52 PUT /v1/AUTH_78bcf9038de64dabbf49cc5cbde2aa55/gnocchi.6ac0b46c-6499-4644-9490-06885af31e01/none_v3 HTTP/1.0 201 - python-swiftclient-3.11.1 gAAAAABpJxKhsvRX... 22 - - tx177ed3e303c54be3b65c4-00692712dc - 0.0171 - - 1764168412.556850672 1764168412.573969841 0
Nov 26 14:46:52 standalone account-server[127436]: 172.20.0.100 - - [26/Nov/2025:14:46:52 +0000] "HEAD /d1/723/.expiring_objects" 404 - "HEAD http://localhost/v1/.expiring_objects?format=json" "tx5a218879ba42474eb337f-00692712dc" "proxy-server 2" 0.0005 "-" 21 -
Nov 26 14:46:52 standalone object-expirer[127454]: Pass completed in 0s; 0 objects expired (txn: tx5a218879ba42474eb337f-00692712dc)
Nov 26 14:47:00 standalone account-server[127448]: 172.20.0.100 - - [26/Nov/2025:14:47:00 +0000] "HEAD /d1/207/AUTH_78bcf9038de64dabbf49cc5cbde2aa55" 204 - "HEAD http://172.18.0.2:8080/v1/AUTH_78bcf9038de64dabbf49cc5cbde2aa55?format=json" "tx28c7ff25c52b4f5fa5497-00692712e4" "proxy-server 20" 0.0085 "-" 23 -
Nov 26 14:47:00 standalone proxy-server[129656]: - - 26/Nov/2025/14/47/00 HEAD /v1/AUTH_78bcf9038de64dabbf49cc5cbde2aa55%3Fformat%3Djson HTTP/1.0 204 - Swift - - - - tx28c7ff25c52b4f5fa5497-00692712e4 - 0.0120 RL - 1764168420.755107403 1764168420.767091751 -
Nov 26 14:47:00 standalone container-server[127444]: 172.20.0.100 - - [26/Nov/2025:14:47:00 +0000] "HEAD /d1/382/AUTH_78bcf9038de64dabbf49cc5cbde2aa55/gnocchi.529b85aa-1f6e-4515-bd8a-d8011a856000" 404 - "HEAD http://172.18.0.2:8080/v1/AUTH_78bcf9038de64dabbf49cc5cbde2aa55/gnocchi.529b85aa-1f6e-4515-bd8a-d8011a856000?format=json&states=listing" "tx28c7ff25c52b4f5fa5497-00692712e4" "proxy-server 20" 0.0004 "-" 21 0
Nov 26 14:47:00 standalone object-server[127693]: 172.20.0.100 - - [26/Nov/2025:14:47:00 +0000] "GET /d1/487/AUTH_78bcf9038de64dabbf49cc5cbde2aa55/gnocchi.529b85aa-1f6e-4515-bd8a-d8011a856000/none_v3" 404 70 "GET http://172.18.0.2:8080/v1/AUTH_78bcf9038de64dabbf49cc5cbde2aa55/gnocchi.529b85aa-1f6e-4515-bd8a-d8011a856000/none_v3" "tx28c7ff25c52b4f5fa5497-00692712e4" "proxy-server 20" 0.0004 "-" 24 0
Nov 26 14:47:00 standalone proxy-server[129656]: 172.18.0.2 172.18.0.100 26/Nov/2025/14/47/00 GET /v1/AUTH_78bcf9038de64dabbf49cc5cbde2aa55/gnocchi.529b85aa-1f6e-4515-bd8a-d8011a856000/none_v3 HTTP/1.0 404 - python-swiftclient-3.11.1 gAAAAABpJxKhsvRX... - 70 - tx28c7ff25c52b4f5fa5497-00692712e4 - 0.0249 - - 1764168420.754230499 1764168420.779115200 0
Nov 26 14:47:00 standalone account-server[127418]: 172.20.0.100 - - [26/Nov/2025:14:47:00 +0000] "PUT /d1/207/AUTH_78bcf9038de64dabbf49cc5cbde2aa55/gnocchi.529b85aa-1f6e-4515-bd8a-d8011a856000" 201 - "PUT http://172.20.0.100:6001/d1/382/AUTH_78bcf9038de64dabbf49cc5cbde2aa55/gnocchi.529b85aa-1f6e-4515-bd8a-d8011a856000" "txcfd8a8284fe24aa79fc93-00692712e4" "container-server 20" 0.0014 "-" 19 0
Nov 26 14:47:00 standalone container-server[127441]: 172.20.0.100 - - [26/Nov/2025:14:47:00 +0000] "PUT /d1/382/AUTH_78bcf9038de64dabbf49cc5cbde2aa55/gnocchi.529b85aa-1f6e-4515-bd8a-d8011a856000" 201 - "PUT http://172.18.0.2:8080/v1/AUTH_78bcf9038de64dabbf49cc5cbde2aa55/gnocchi.529b85aa-1f6e-4515-bd8a-d8011a856000" "txcfd8a8284fe24aa79fc93-00692712e4" "proxy-server 20" 0.0141 "-" 20 0
Nov 26 14:47:00 standalone proxy-server[129656]: 172.18.0.2 172.18.0.100 26/Nov/2025/14/47/00 PUT /v1/AUTH_78bcf9038de64dabbf49cc5cbde2aa55/gnocchi.529b85aa-1f6e-4515-bd8a-d8011a856000 HTTP/1.0 201 - python-swiftclient-3.11.1 gAAAAABpJxKhsvRX... - - - txcfd8a8284fe24aa79fc93-00692712e4 - 0.0240 - - 1764168420.781517029 1764168420.805474997 0
Nov 26 14:47:00 standalone container-server[127453]: 172.20.0.100 - - [26/Nov/2025:14:47:00 +0000] "HEAD /d1/382/AUTH_78bcf9038de64dabbf49cc5cbde2aa55/gnocchi.529b85aa-1f6e-4515-bd8a-d8011a856000" 204 - "HEAD http://172.18.0.2:8080/v1/AUTH_78bcf9038de64dabbf49cc5cbde2aa55/gnocchi.529b85aa-1f6e-4515-bd8a-d8011a856000?format=json&states=listing" "tx3c3c45d380a84bca9878d-00692712e4" "proxy-server 20" 0.0012 "-" 23 0
Nov 26 14:47:00 standalone proxy-server[129656]: - - 26/Nov/2025/14/47/00 HEAD /v1/AUTH_78bcf9038de64dabbf49cc5cbde2aa55/gnocchi.529b85aa-1f6e-4515-bd8a-d8011a856000%3Fformat%3Djson%26states%3Dlisting HTTP/1.0 204 - Swift - - - - tx3c3c45d380a84bca9878d-00692712e4 - 0.0050 RL - 1764168420.811246634 1764168420.816202164 0
Nov 26 14:47:00 standalone container-server[127453]: 172.20.0.100 - - [26/Nov/2025:14:47:00 +0000] "GET /d1/382/AUTH_78bcf9038de64dabbf49cc5cbde2aa55/gnocchi.529b85aa-1f6e-4515-bd8a-d8011a856000" 200 2 "GET http://172.18.0.2:8080/v1/AUTH_78bcf9038de64dabbf49cc5cbde2aa55/gnocchi.529b85aa-1f6e-4515-bd8a-d8011a856000?format=json&states=listing" "tx3c3c45d380a84bca9878d-00692712e4" "proxy-server 20" 0.0035 "-" 23 0
Nov 26 14:47:00 standalone proxy-server[129656]: 172.18.0.2 172.18.0.100 26/Nov/2025/14/47/00 GET /v1/AUTH_78bcf9038de64dabbf49cc5cbde2aa55/gnocchi.529b85aa-1f6e-4515-bd8a-d8011a856000%3Fformat%3Djson%26states%3Dlisting HTTP/1.0 200 - python-swiftclient-3.11.1 gAAAAABpJxKhsvRX... - 2 - tx3c3c45d380a84bca9878d-00692712e4 - 0.0188 - - 1764168420.808898926 1764168420.827657938 0
Nov 26 14:47:00 standalone object-server[127695]: 172.20.0.100 - - [26/Nov/2025:14:47:00 +0000] "GET /d1/422/AUTH_78bcf9038de64dabbf49cc5cbde2aa55/gnocchi.529b85aa-1f6e-4515-bd8a-d8011a856000/1763640000.0_mean_300.0_v3" 404 70 "GET http://172.18.0.2:8080/v1/AUTH_78bcf9038de64dabbf49cc5cbde2aa55/gnocchi.529b85aa-1f6e-4515-bd8a-d8011a856000/1763640000.0_mean_300.0_v3" "tx639a1e14cc70405cb672e-00692712e4" "proxy-server 20" 0.0004 "-" 25 0
Nov 26 14:47:00 standalone proxy-server[129656]: 172.18.0.2 172.18.0.100 26/Nov/2025/14/47/00 GET /v1/AUTH_78bcf9038de64dabbf49cc5cbde2aa55/gnocchi.529b85aa-1f6e-4515-bd8a-d8011a856000/1763640000.0_mean_300.0_v3 HTTP/1.0 404 - python-swiftclient-3.11.1 gAAAAABpJxKhsvRX... - 70 - tx639a1e14cc70405cb672e-00692712e4 - 0.0071 - - 1764168420.831322670 1764168420.838468552 0
Nov 26 14:47:00 standalone container-server[127441]: 172.20.0.100 - - [26/Nov/2025:14:47:00 +0000] "PUT /d1/382/AUTH_78bcf9038de64dabbf49cc5cbde2aa55/gnocchi.529b85aa-1f6e-4515-bd8a-d8011a856000/1763640000.0_mean_300.0_v3" 201 - "PUT http://172.18.0.2:8080/d1/422/AUTH_78bcf9038de64dabbf49cc5cbde2aa55/gnocchi.529b85aa-1f6e-4515-bd8a-d8011a856000/1763640000.0_mean_300.0_v3" "tx1d736395e5f54cdd83367-00692712e4" "object-server 23" 0.0009 "-" 20 0
Nov 26 14:47:00 standalone object-server[127688]: 172.20.0.100 - - [26/Nov/2025:14:47:00 +0000] "PUT /d1/422/AUTH_78bcf9038de64dabbf49cc5cbde2aa55/gnocchi.529b85aa-1f6e-4515-bd8a-d8011a856000/1763640000.0_mean_300.0_v3" 201 - "PUT http://172.18.0.2:8080/v1/AUTH_78bcf9038de64dabbf49cc5cbde2aa55/gnocchi.529b85aa-1f6e-4515-bd8a-d8011a856000/1763640000.0_mean_300.0_v3" "tx1d736395e5f54cdd83367-00692712e4" "proxy-server 20" 0.0135 "-" 23 0
Nov 26 14:47:00 standalone proxy-server[129656]: 172.18.0.2 172.18.0.100 26/Nov/2025/14/47/00 PUT /v1/AUTH_78bcf9038de64dabbf49cc5cbde2aa55/gnocchi.529b85aa-1f6e-4515-bd8a-d8011a856000/1763640000.0_mean_300.0_v3 HTTP/1.0 201 - python-swiftclient-3.11.1 gAAAAABpJxKhsvRX... 16 - - tx1d736395e5f54cdd83367-00692712e4 - 0.0219 - - 1764168420.844108820 1764168420.865996122 0
Nov 26 14:47:00 standalone container-server[127453]: 172.20.0.100 - - [26/Nov/2025:14:47:00 +0000] "PUT /d1/382/AUTH_78bcf9038de64dabbf49cc5cbde2aa55/gnocchi.529b85aa-1f6e-4515-bd8a-d8011a856000/none_v3" 201 - "PUT http://172.18.0.2:8080/d1/487/AUTH_78bcf9038de64dabbf49cc5cbde2aa55/gnocchi.529b85aa-1f6e-4515-bd8a-d8011a856000/none_v3" "tx9f0b061a0f4b4980ac0a3-00692712e4" "object-server 25" 0.0009 "-" 23 0
Nov 26 14:47:00 standalone object-server[127695]: 172.20.0.100 - - [26/Nov/2025:14:47:00 +0000] "PUT /d1/487/AUTH_78bcf9038de64dabbf49cc5cbde2aa55/gnocchi.529b85aa-1f6e-4515-bd8a-d8011a856000/none_v3" 201 - "PUT http://172.18.0.2:8080/v1/AUTH_78bcf9038de64dabbf49cc5cbde2aa55/gnocchi.529b85aa-1f6e-4515-bd8a-d8011a856000/none_v3" "tx9f0b061a0f4b4980ac0a3-00692712e4" "proxy-server 20" 0.0106 "-" 25 0
Nov 26 14:47:00 standalone proxy-server[129656]: 172.18.0.2 172.18.0.100 26/Nov/2025/14/47/00 PUT /v1/AUTH_78bcf9038de64dabbf49cc5cbde2aa55/gnocchi.529b85aa-1f6e-4515-bd8a-d8011a856000/none_v3 HTTP/1.0 201 - python-swiftclient-3.11.1 gAAAAABpJxKhsvRX... 22 - - tx9f0b061a0f4b4980ac0a3-00692712e4 - 0.0165 - - 1764168420.868933916 1764168420.885427475 0
Nov 26 14:47:00 standalone container-server[127453]: 172.20.0.100 - - [26/Nov/2025:14:47:00 +0000] "HEAD /d1/1002/AUTH_78bcf9038de64dabbf49cc5cbde2aa55/gnocchi.30c4185b-5579-4f02-963a-d5dbbee10691" 404 - "HEAD http://172.18.0.2:8080/v1/AUTH_78bcf9038de64dabbf49cc5cbde2aa55/gnocchi.30c4185b-5579-4f02-963a-d5dbbee10691?format=json&states=listing" "txdd639706913b4d18bf606-00692712e4" "proxy-server 20" 0.0006 "-" 23 0
Nov 26 14:47:00 standalone object-server[127682]: 172.20.0.100 - - [26/Nov/2025:14:47:00 +0000] "GET /d1/913/AUTH_78bcf9038de64dabbf49cc5cbde2aa55/gnocchi.30c4185b-5579-4f02-963a-d5dbbee10691/none_v3" 404 70 "GET http://172.18.0.2:8080/v1/AUTH_78bcf9038de64dabbf49cc5cbde2aa55/gnocchi.30c4185b-5579-4f02-963a-d5dbbee10691/none_v3" "txdd639706913b4d18bf606-00692712e4" "proxy-server 20" 0.0004 "-" 22 0
Nov 26 14:47:00 standalone proxy-server[129656]: 172.18.0.2 172.18.0.100 26/Nov/2025/14/47/00 GET /v1/AUTH_78bcf9038de64dabbf49cc5cbde2aa55/gnocchi.30c4185b-5579-4f02-963a-d5dbbee10691/none_v3 HTTP/1.0 404 - python-swiftclient-3.11.1 gAAAAABpJxKhsvRX... - 70 - txdd639706913b4d18bf606-00692712e4 - 0.0134 - - 1764168420.925876617 1764168420.939229727 0
Nov 26 14:47:00 standalone account-server[127448]: 172.20.0.100 - - [26/Nov/2025:14:47:00 +0000] "PUT /d1/207/AUTH_78bcf9038de64dabbf49cc5cbde2aa55/gnocchi.30c4185b-5579-4f02-963a-d5dbbee10691" 201 - "PUT http://172.20.0.100:6001/d1/1002/AUTH_78bcf9038de64dabbf49cc5cbde2aa55/gnocchi.30c4185b-5579-4f02-963a-d5dbbee10691" "tx47eb84b228de49469d927-00692712e4" "container-server 22" 0.0042 "-" 23 0
Nov 26 14:47:00 standalone container-server[127451]: 172.20.0.100 - - [26/Nov/2025:14:47:00 +0000] "PUT /d1/1002/AUTH_78bcf9038de64dabbf49cc5cbde2aa55/gnocchi.30c4185b-5579-4f02-963a-d5dbbee10691" 201 - "PUT http://172.18.0.2:8080/v1/AUTH_78bcf9038de64dabbf49cc5cbde2aa55/gnocchi.30c4185b-5579-4f02-963a-d5dbbee10691" "tx47eb84b228de49469d927-00692712e4" "proxy-server 20" 0.0155 "-" 22 0
Nov 26 14:47:00 standalone proxy-server[129656]: 172.18.0.2 172.18.0.100 26/Nov/2025/14/47/00 PUT /v1/AUTH_78bcf9038de64dabbf49cc5cbde2aa55/gnocchi.30c4185b-5579-4f02-963a-d5dbbee10691 HTTP/1.0 201 - python-swiftclient-3.11.1 gAAAAABpJxKhsvRX... - - - tx47eb84b228de49469d927-00692712e4 - 0.0191 - - 1764168420.942834616 1764168420.961917877 0
Nov 26 14:47:00 standalone container-server[127453]: 172.20.0.100 - - [26/Nov/2025:14:47:00 +0000] "HEAD /d1/1002/AUTH_78bcf9038de64dabbf49cc5cbde2aa55/gnocchi.30c4185b-5579-4f02-963a-d5dbbee10691" 204 - "HEAD http://172.18.0.2:8080/v1/AUTH_78bcf9038de64dabbf49cc5cbde2aa55/gnocchi.30c4185b-5579-4f02-963a-d5dbbee10691?format=json&states=listing" "tx75565cc975cc493b9d226-00692712e4" "proxy-server 20" 0.0015 "-" 23 0
Nov 26 14:47:00 standalone proxy-server[129656]: - - 26/Nov/2025/14/47/00 HEAD /v1/AUTH_78bcf9038de64dabbf49cc5cbde2aa55/gnocchi.30c4185b-5579-4f02-963a-d5dbbee10691%3Fformat%3Djson%26states%3Dlisting HTTP/1.0 204 - Swift - - - - tx75565cc975cc493b9d226-00692712e4 - 0.0043 RL - 1764168420.966371059 1764168420.970628500 0
Nov 26 14:47:00 standalone container-server[127441]: 172.20.0.100 - - [26/Nov/2025:14:47:00 +0000] "GET /d1/1002/AUTH_78bcf9038de64dabbf49cc5cbde2aa55/gnocchi.30c4185b-5579-4f02-963a-d5dbbee10691" 200 2 "GET http://172.18.0.2:8080/v1/AUTH_78bcf9038de64dabbf49cc5cbde2aa55/gnocchi.30c4185b-5579-4f02-963a-d5dbbee10691?format=json&states=listing" "tx75565cc975cc493b9d226-00692712e4" "proxy-server 20" 0.0026 "-" 20 0
Nov 26 14:47:00 standalone proxy-server[129656]: 172.18.0.2 172.18.0.100 26/Nov/2025/14/47/00 GET /v1/AUTH_78bcf9038de64dabbf49cc5cbde2aa55/gnocchi.30c4185b-5579-4f02-963a-d5dbbee10691%3Fformat%3Djson%26states%3Dlisting HTTP/1.0 200 - python-swiftclient-3.11.1 gAAAAABpJxKhsvRX... - 2 - tx75565cc975cc493b9d226-00692712e4 - 0.0124 - - 1764168420.965357304 1764168420.977715254 0
Nov 26 14:47:00 standalone object-server[127693]: 172.20.0.100 - - [26/Nov/2025:14:47:00 +0000] "GET /d1/99/AUTH_78bcf9038de64dabbf49cc5cbde2aa55/gnocchi.30c4185b-5579-4f02-963a-d5dbbee10691/1763640000.0_mean_300.0_v3" 404 70 "GET http://172.18.0.2:8080/v1/AUTH_78bcf9038de64dabbf49cc5cbde2aa55/gnocchi.30c4185b-5579-4f02-963a-d5dbbee10691/1763640000.0_mean_300.0_v3" "txcfb8b030f98844dea9f10-00692712e4" "proxy-server 20" 0.0004 "-" 24 0
Nov 26 14:47:00 standalone proxy-server[129656]: 172.18.0.2 172.18.0.100 26/Nov/2025/14/47/00 GET /v1/AUTH_78bcf9038de64dabbf49cc5cbde2aa55/gnocchi.30c4185b-5579-4f02-963a-d5dbbee10691/1763640000.0_mean_300.0_v3 HTTP/1.0 404 - python-swiftclient-3.11.1 gAAAAABpJxKhsvRX... - 70 - txcfb8b030f98844dea9f10-00692712e4 - 0.0048 - - 1764168420.981491804 1764168420.986300945 0
Nov 26 14:47:01 standalone container-server[127453]: 172.20.0.100 - - [26/Nov/2025:14:47:01 +0000] "PUT /d1/1002/AUTH_78bcf9038de64dabbf49cc5cbde2aa55/gnocchi.30c4185b-5579-4f02-963a-d5dbbee10691/1763640000.0_mean_300.0_v3" 201 - "PUT http://172.18.0.2:8080/d1/99/AUTH_78bcf9038de64dabbf49cc5cbde2aa55/gnocchi.30c4185b-5579-4f02-963a-d5dbbee10691/1763640000.0_mean_300.0_v3" "tx57b838a2d2aa41dd884a2-00692712e4" "object-server 23" 0.0007 "-" 23 0
Nov 26 14:47:01 standalone object-server[127688]: 172.20.0.100 - - [26/Nov/2025:14:47:01 +0000] "PUT /d1/99/AUTH_78bcf9038de64dabbf49cc5cbde2aa55/gnocchi.30c4185b-5579-4f02-963a-d5dbbee10691/1763640000.0_mean_300.0_v3" 201 - "PUT http://172.18.0.2:8080/v1/AUTH_78bcf9038de64dabbf49cc5cbde2aa55/gnocchi.30c4185b-5579-4f02-963a-d5dbbee10691/1763640000.0_mean_300.0_v3" "tx57b838a2d2aa41dd884a2-00692712e4" "proxy-server 20" 0.0168 "-" 23 0
Nov 26 14:47:01 standalone proxy-server[129656]: 172.18.0.2 172.18.0.100 26/Nov/2025/14/47/01 PUT /v1/AUTH_78bcf9038de64dabbf49cc5cbde2aa55/gnocchi.30c4185b-5579-4f02-963a-d5dbbee10691/1763640000.0_mean_300.0_v3 HTTP/1.0 201 - python-swiftclient-3.11.1 gAAAAABpJxKhsvRX... 16 - - tx57b838a2d2aa41dd884a2-00692712e4 - 0.0221 - - 1764168420.988997459 1764168421.011068106 0
Nov 26 14:47:01 standalone container-server[127441]: 172.20.0.100 - - [26/Nov/2025:14:47:01 +0000] "PUT /d1/1002/AUTH_78bcf9038de64dabbf49cc5cbde2aa55/gnocchi.30c4185b-5579-4f02-963a-d5dbbee10691/none_v3" 201 - "PUT http://172.18.0.2:8080/d1/913/AUTH_78bcf9038de64dabbf49cc5cbde2aa55/gnocchi.30c4185b-5579-4f02-963a-d5dbbee10691/none_v3" "tx90aa15d38d444438bd12c-00692712e5" "object-server 23" 0.0005 "-" 20 0
Nov 26 14:47:01 standalone object-server[127688]: 172.20.0.100 - - [26/Nov/2025:14:47:01 +0000] "PUT /d1/913/AUTH_78bcf9038de64dabbf49cc5cbde2aa55/gnocchi.30c4185b-5579-4f02-963a-d5dbbee10691/none_v3" 201 - "PUT http://172.18.0.2:8080/v1/AUTH_78bcf9038de64dabbf49cc5cbde2aa55/gnocchi.30c4185b-5579-4f02-963a-d5dbbee10691/none_v3" "tx90aa15d38d444438bd12c-00692712e5" "proxy-server 20" 0.0155 "-" 23 0
Nov 26 14:47:01 standalone proxy-server[129656]: 172.18.0.2 172.18.0.100 26/Nov/2025/14/47/01 PUT /v1/AUTH_78bcf9038de64dabbf49cc5cbde2aa55/gnocchi.30c4185b-5579-4f02-963a-d5dbbee10691/none_v3 HTTP/1.0 201 - python-swiftclient-3.11.1 gAAAAABpJxKhsvRX... 22 - - tx90aa15d38d444438bd12c-00692712e5 - 0.0197 - - 1764168421.014425278 1764168421.034085751 0
Nov 26 14:47:01 standalone container-server[127451]: 172.20.0.100 - - [26/Nov/2025:14:47:01 +0000] "HEAD /d1/563/AUTH_78bcf9038de64dabbf49cc5cbde2aa55/gnocchi.de02e855-c4b5-4c40-996d-e12d7fe7ae26" 404 - "HEAD http://172.18.0.2:8080/v1/AUTH_78bcf9038de64dabbf49cc5cbde2aa55/gnocchi.de02e855-c4b5-4c40-996d-e12d7fe7ae26?format=json&states=listing" "tx99d4fff7ac794f62a6950-00692712e5" "proxy-server 20" 0.0003 "-" 22 0
Nov 26 14:47:01 standalone object-server[127688]: 172.20.0.100 - - [26/Nov/2025:14:47:01 +0000] "GET /d1/687/AUTH_78bcf9038de64dabbf49cc5cbde2aa55/gnocchi.de02e855-c4b5-4c40-996d-e12d7fe7ae26/none_v3" 404 70 "GET http://172.18.0.2:8080/v1/AUTH_78bcf9038de64dabbf49cc5cbde2aa55/gnocchi.de02e855-c4b5-4c40-996d-e12d7fe7ae26/none_v3" "tx99d4fff7ac794f62a6950-00692712e5" "proxy-server 20" 0.0006 "-" 23 0
Nov 26 14:47:01 standalone proxy-server[129656]: 172.18.0.2 172.18.0.100 26/Nov/2025/14/47/01 GET /v1/AUTH_78bcf9038de64dabbf49cc5cbde2aa55/gnocchi.de02e855-c4b5-4c40-996d-e12d7fe7ae26/none_v3 HTTP/1.0 404 - python-swiftclient-3.11.1 gAAAAABpJxKhsvRX... - 70 - tx99d4fff7ac794f62a6950-00692712e5 - 0.0089 - - 1764168421.085873127 1764168421.094798326 0
Nov 26 14:47:01 standalone account-server[127420]: 172.20.0.100 - - [26/Nov/2025:14:47:01 +0000] "PUT /d1/207/AUTH_78bcf9038de64dabbf49cc5cbde2aa55/gnocchi.de02e855-c4b5-4c40-996d-e12d7fe7ae26" 201 - "PUT http://172.20.0.100:6001/d1/563/AUTH_78bcf9038de64dabbf49cc5cbde2aa55/gnocchi.de02e855-c4b5-4c40-996d-e12d7fe7ae26" "txbbfa87f00a99432d8147d-00692712e5" "container-server 21" 0.0200 "-" 20 0
Nov 26 14:47:01 standalone container-server[127444]: 172.20.0.100 - - [26/Nov/2025:14:47:01 +0000] "PUT /d1/563/AUTH_78bcf9038de64dabbf49cc5cbde2aa55/gnocchi.de02e855-c4b5-4c40-996d-e12d7fe7ae26" 201 - "PUT http://172.18.0.2:8080/v1/AUTH_78bcf9038de64dabbf49cc5cbde2aa55/gnocchi.de02e855-c4b5-4c40-996d-e12d7fe7ae26" "txbbfa87f00a99432d8147d-00692712e5" "proxy-server 20" 0.0370 "-" 21 0
Nov 26 14:47:01 standalone proxy-server[129656]: 172.18.0.2 172.18.0.100 26/Nov/2025/14/47/01 PUT /v1/AUTH_78bcf9038de64dabbf49cc5cbde2aa55/gnocchi.de02e855-c4b5-4c40-996d-e12d7fe7ae26 HTTP/1.0 201 - python-swiftclient-3.11.1 gAAAAABpJxKhsvRX... - - - txbbfa87f00a99432d8147d-00692712e5 - 0.0435 - - 1764168421.098084450 1764168421.141538143 0
Nov 26 14:47:01 standalone container-server[127451]: 172.20.0.100 - - [26/Nov/2025:14:47:01 +0000] "HEAD /d1/563/AUTH_78bcf9038de64dabbf49cc5cbde2aa55/gnocchi.de02e855-c4b5-4c40-996d-e12d7fe7ae26" 204 - "HEAD http://172.18.0.2:8080/v1/AUTH_78bcf9038de64dabbf49cc5cbde2aa55/gnocchi.de02e855-c4b5-4c40-996d-e12d7fe7ae26?format=json&states=listing" "tx30b7b963f10943f1b8f60-00692712e5" "proxy-server 20" 0.0011 "-" 22 0
Nov 26 14:47:01 standalone proxy-server[129656]: - - 26/Nov/2025/14/47/01 HEAD /v1/AUTH_78bcf9038de64dabbf49cc5cbde2aa55/gnocchi.de02e855-c4b5-4c40-996d-e12d7fe7ae26%3Fformat%3Djson%26states%3Dlisting HTTP/1.0 204 - Swift - - - - tx30b7b963f10943f1b8f60-00692712e5 - 0.0043 RL - 1764168421.146212578 1764168421.150512695 0
