Nov 26 14:47:43 standalone container-server[127444]: 172.20.0.100 - - [26/Nov/2025:14:47:43 +0000] "GET /d1/162/AUTH_78bcf9038de64dabbf49cc5cbde2aa55/gnocchi.1744daae-7664-47ea-887c-6096a8b8f6d6" 200 357 "GET http://172.18.0.2:8080/v1/AUTH_78bcf9038de64dabbf49cc5cbde2aa55/gnocchi.1744daae-7664-47ea-887c-6096a8b8f6d6?format=json&states=listing" "txbaff9c86dd804d99ba06d-006927130f" "proxy-server 20" 0.0078 "-" 21 0
Nov 26 14:47:43 standalone proxy-server[129656]: 172.18.0.2 172.18.0.100 26/Nov/2025/14/47/43 GET /v1/AUTH_78bcf9038de64dabbf49cc5cbde2aa55/gnocchi.1744daae-7664-47ea-887c-6096a8b8f6d6%3Fformat%3Djson%26states%3Dlisting HTTP/1.0 200 - python-swiftclient-3.11.1 gAAAAABpJxKhsvRX... - 357 - txbaff9c86dd804d99ba06d-006927130f - 0.0125 - - 1764168463.863840103 1764168463.876294613 0
Nov 26 14:47:43 standalone container-server[127444]: 172.20.0.100 - - [26/Nov/2025:14:47:43 +0000] "GET /d1/162/AUTH_78bcf9038de64dabbf49cc5cbde2aa55/gnocchi.1744daae-7664-47ea-887c-6096a8b8f6d6" 200 2 "GET http://172.18.0.2:8080/v1/AUTH_78bcf9038de64dabbf49cc5cbde2aa55/gnocchi.1744daae-7664-47ea-887c-6096a8b8f6d6?format=json&marker=none_v3&states=listing" "txcceb47717a7142269bde5-006927130f" "proxy-server 20" 0.0014 "-" 21 0
Nov 26 14:47:43 standalone proxy-server[129656]: 172.18.0.2 172.18.0.100 26/Nov/2025/14/47/43 GET /v1/AUTH_78bcf9038de64dabbf49cc5cbde2aa55/gnocchi.1744daae-7664-47ea-887c-6096a8b8f6d6%3Fformat%3Djson%26marker%3Dnone_v3%26states%3Dlisting HTTP/1.0 200 - python-swiftclient-3.11.1 gAAAAABpJxKhsvRX... - 2 - txcceb47717a7142269bde5-006927130f - 0.0055 - - 1764168463.879311562 1764168463.884799480 0
Nov 26 14:47:43 standalone object-server[127695]: 172.20.0.100 - - [26/Nov/2025:14:47:43 +0000] "GET /d1/420/AUTH_78bcf9038de64dabbf49cc5cbde2aa55/gnocchi.1744daae-7664-47ea-887c-6096a8b8f6d6/1763640000.0_mean_300.0_v3" 200 16 "GET http://172.18.0.2:8080/v1/AUTH_78bcf9038de64dabbf49cc5cbde2aa55/gnocchi.1744daae-7664-47ea-887c-6096a8b8f6d6/1763640000.0_mean_300.0_v3" "txb679f1ba57034e84a7a3e-006927130f" "proxy-server 20" 0.0013 "-" 25 0
Nov 26 14:47:43 standalone proxy-server[129656]: 172.18.0.2 172.18.0.100 26/Nov/2025/14/47/43 GET /v1/AUTH_78bcf9038de64dabbf49cc5cbde2aa55/gnocchi.1744daae-7664-47ea-887c-6096a8b8f6d6/1763640000.0_mean_300.0_v3 HTTP/1.0 200 - python-swiftclient-3.11.1 gAAAAABpJxKhsvRX... - 16 - txb679f1ba57034e84a7a3e-006927130f - 0.0069 - - 1764168463.889536142 1764168463.896421671 0
Nov 26 14:47:43 standalone container-server[127444]: 172.20.0.100 - - [26/Nov/2025:14:47:43 +0000] "PUT /d1/162/AUTH_78bcf9038de64dabbf49cc5cbde2aa55/gnocchi.1744daae-7664-47ea-887c-6096a8b8f6d6/1763640000.0_mean_300.0_v3" 201 - "PUT http://172.18.0.2:8080/d1/420/AUTH_78bcf9038de64dabbf49cc5cbde2aa55/gnocchi.1744daae-7664-47ea-887c-6096a8b8f6d6/1763640000.0_mean_300.0_v3" "txf0e9970e2c4349f8bc930-006927130f" "object-server 25" 0.0004 "-" 21 0
Nov 26 14:47:43 standalone object-server[127695]: 172.20.0.100 - - [26/Nov/2025:14:47:43 +0000] "PUT /d1/420/AUTH_78bcf9038de64dabbf49cc5cbde2aa55/gnocchi.1744daae-7664-47ea-887c-6096a8b8f6d6/1763640000.0_mean_300.0_v3" 201 - "PUT http://172.18.0.2:8080/v1/AUTH_78bcf9038de64dabbf49cc5cbde2aa55/gnocchi.1744daae-7664-47ea-887c-6096a8b8f6d6/1763640000.0_mean_300.0_v3" "txf0e9970e2c4349f8bc930-006927130f" "proxy-server 20" 0.0086 "-" 25 0
Nov 26 14:47:43 standalone proxy-server[129656]: 172.18.0.2 172.18.0.100 26/Nov/2025/14/47/43 PUT /v1/AUTH_78bcf9038de64dabbf49cc5cbde2aa55/gnocchi.1744daae-7664-47ea-887c-6096a8b8f6d6/1763640000.0_mean_300.0_v3 HTTP/1.0 201 - python-swiftclient-3.11.1 gAAAAABpJxKhsvRX... 16 - - txf0e9970e2c4349f8bc930-006927130f - 0.0132 - - 1764168463.900316715 1764168463.913564920 0
Nov 26 14:47:43 standalone container-server[127451]: 172.20.0.100 - - [26/Nov/2025:14:47:43 +0000] "PUT /d1/162/AUTH_78bcf9038de64dabbf49cc5cbde2aa55/gnocchi.1744daae-7664-47ea-887c-6096a8b8f6d6/none_v3" 201 - "PUT http://172.18.0.2:8080/d1/756/AUTH_78bcf9038de64dabbf49cc5cbde2aa55/gnocchi.1744daae-7664-47ea-887c-6096a8b8f6d6/none_v3" "tx2cdddb0a62a746ce94a1c-006927130f" "object-server 25" 0.0004 "-" 22 0
Nov 26 14:47:43 standalone object-server[127695]: 172.20.0.100 - - [26/Nov/2025:14:47:43 +0000] "PUT /d1/756/AUTH_78bcf9038de64dabbf49cc5cbde2aa55/gnocchi.1744daae-7664-47ea-887c-6096a8b8f6d6/none_v3" 201 - "PUT http://172.18.0.2:8080/v1/AUTH_78bcf9038de64dabbf49cc5cbde2aa55/gnocchi.1744daae-7664-47ea-887c-6096a8b8f6d6/none_v3" "tx2cdddb0a62a746ce94a1c-006927130f" "proxy-server 20" 0.0092 "-" 25 0
Nov 26 14:47:43 standalone proxy-server[129656]: 172.18.0.2 172.18.0.100 26/Nov/2025/14/47/43 PUT /v1/AUTH_78bcf9038de64dabbf49cc5cbde2aa55/gnocchi.1744daae-7664-47ea-887c-6096a8b8f6d6/none_v3 HTTP/1.0 201 - python-swiftclient-3.11.1 gAAAAABpJxKhsvRX... 31 - - tx2cdddb0a62a746ce94a1c-006927130f - 0.0136 - - 1764168463.916409492 1764168463.929998398 0
Nov 26 14:47:48 standalone container-server[127380]: Begin container update sweep
Nov 26 14:47:48 standalone account-server[127436]: 172.20.0.100 - - [26/Nov/2025:14:47:48 +0000] "PUT /d1/207/AUTH_78bcf9038de64dabbf49cc5cbde2aa55/gnocchi.6ac0b46c-6499-4644-9490-06885af31e01" 201 - "-" "-" "container-updater 2" 0.0009 "-" 21 0
Nov 26 14:47:48 standalone account-server[127436]: 172.20.0.100 - - [26/Nov/2025:14:47:48 +0000] "PUT /d1/207/AUTH_78bcf9038de64dabbf49cc5cbde2aa55/gnocchi.cb92c4cf-d5ae-4e1c-9e44-0f9ee2018e56" 201 - "-" "-" "container-updater 2" 0.0006 "-" 21 0
Nov 26 14:47:48 standalone account-server[127418]: 172.20.0.100 - - [26/Nov/2025:14:47:48 +0000] "PUT /d1/207/AUTH_78bcf9038de64dabbf49cc5cbde2aa55/gnocchi.8b802e96-df1c-412c-ab6c-ed12362a1f21" 201 - "-" "-" "container-updater 2" 0.0004 "-" 19 0
Nov 26 14:47:48 standalone account-server[127436]: 172.20.0.100 - - [26/Nov/2025:14:47:48 +0000] "PUT /d1/207/AUTH_78bcf9038de64dabbf49cc5cbde2aa55/gnocchi.de02e855-c4b5-4c40-996d-e12d7fe7ae26" 201 - "-" "-" "container-updater 2" 0.0005 "-" 21 0
Nov 26 14:47:48 standalone account-server[127448]: 172.20.0.100 - - [26/Nov/2025:14:47:48 +0000] "PUT /d1/207/AUTH_78bcf9038de64dabbf49cc5cbde2aa55/gnocchi.81dfa515-b6b2-4734-b702-f186c65005ca" 201 - "-" "-" "container-updater 2" 0.0005 "-" 23 0
Nov 26 14:47:48 standalone account-server[127420]: 172.20.0.100 - - [26/Nov/2025:14:47:48 +0000] "PUT /d1/207/AUTH_78bcf9038de64dabbf49cc5cbde2aa55/gnocchi.ed5ebecd-3875-43d9-9003-c43e0aee58c7" 201 - "-" "-" "container-updater 2" 0.0004 "-" 20 0
Nov 26 14:47:48 standalone account-server[127418]: 172.20.0.100 - - [26/Nov/2025:14:47:48 +0000] "PUT /d1/207/AUTH_78bcf9038de64dabbf49cc5cbde2aa55/gnocchi.1a533983-0cc5-42bf-a481-0091cd2ff42f" 201 - "-" "-" "container-updater 2" 0.0008 "-" 19 0
Nov 26 14:47:48 standalone account-server[127448]: 172.20.0.100 - - [26/Nov/2025:14:47:48 +0000] "PUT /d1/207/AUTH_78bcf9038de64dabbf49cc5cbde2aa55/gnocchi.1744daae-7664-47ea-887c-6096a8b8f6d6" 201 - "-" "-" "container-updater 2" 0.0007 "-" 23 0
Nov 26 14:47:48 standalone account-server[127448]: 172.20.0.100 - - [26/Nov/2025:14:47:48 +0000] "PUT /d1/207/AUTH_78bcf9038de64dabbf49cc5cbde2aa55/gnocchi.30c4185b-5579-4f02-963a-d5dbbee10691" 201 - "-" "-" "container-updater 2" 0.0010 "-" 23 0
Nov 26 14:47:48 standalone account-server[127448]: 172.20.0.100 - - [26/Nov/2025:14:47:48 +0000] "PUT /d1/207/AUTH_78bcf9038de64dabbf49cc5cbde2aa55/gnocchi.529b85aa-1f6e-4515-bd8a-d8011a856000" 201 - "-" "-" "container-updater 2" 0.0004 "-" 23 0
Nov 26 14:47:49 standalone container-server[127380]: Container update sweep completed: 0.96s
Nov 26 14:47:53 standalone object-server[127688]: 172.20.0.100 - - [26/Nov/2025:14:47:53 +0000] "GET /d1/537/AUTH_78bcf9038de64dabbf49cc5cbde2aa55/gnocchi.8b802e96-df1c-412c-ab6c-ed12362a1f21/none_v3" 200 31 "GET http://172.18.0.2:8080/v1/AUTH_78bcf9038de64dabbf49cc5cbde2aa55/gnocchi.8b802e96-df1c-412c-ab6c-ed12362a1f21/none_v3" "tx9051836b1cd8459a84e59-0069271319" "proxy-server 20" 0.0010 "-" 23 0
Nov 26 14:47:53 standalone proxy-server[129656]: 172.18.0.2 172.18.0.100 26/Nov/2025/14/47/53 GET /v1/AUTH_78bcf9038de64dabbf49cc5cbde2aa55/gnocchi.8b802e96-df1c-412c-ab6c-ed12362a1f21/none_v3 HTTP/1.0 200 - python-swiftclient-3.11.1 gAAAAABpJxKhsvRX... - 31 - tx9051836b1cd8459a84e59-0069271319 - 0.0098 - - 1764168473.085232019 1764168473.095080137 0
Nov 26 14:47:53 standalone container-server[127453]: 172.20.0.100 - - [26/Nov/2025:14:47:53 +0000] "GET /d1/114/AUTH_78bcf9038de64dabbf49cc5cbde2aa55/gnocchi.8b802e96-df1c-412c-ab6c-ed12362a1f21" 200 357 "GET http://172.18.0.2:8080/v1/AUTH_78bcf9038de64dabbf49cc5cbde2aa55/gnocchi.8b802e96-df1c-412c-ab6c-ed12362a1f21?format=json&states=listing" "txf8127ca33a43476eb7693-0069271319" "proxy-server 20" 0.0021 "-" 23 0
Nov 26 14:47:53 standalone proxy-server[129656]: 172.18.0.2 172.18.0.100 26/Nov/2025/14/47/53 GET /v1/AUTH_78bcf9038de64dabbf49cc5cbde2aa55/gnocchi.8b802e96-df1c-412c-ab6c-ed12362a1f21%3Fformat%3Djson%26states%3Dlisting HTTP/1.0 200 - python-swiftclient-3.11.1 gAAAAABpJxKhsvRX... - 357 - txf8127ca33a43476eb7693-0069271319 - 0.0069 - - 1764168473.098689556 1764168473.105605841 0
Nov 26 14:47:53 standalone container-server[127444]: 172.20.0.100 - - [26/Nov/2025:14:47:53 +0000] "GET /d1/114/AUTH_78bcf9038de64dabbf49cc5cbde2aa55/gnocchi.8b802e96-df1c-412c-ab6c-ed12362a1f21" 200 2 "GET http://172.18.0.2:8080/v1/AUTH_78bcf9038de64dabbf49cc5cbde2aa55/gnocchi.8b802e96-df1c-412c-ab6c-ed12362a1f21?format=json&marker=none_v3&states=listing" "tx1592196f13f54f05b44a0-0069271319" "proxy-server 20" 0.0019 "-" 21 0
Nov 26 14:47:53 standalone proxy-server[129656]: 172.18.0.2 172.18.0.100 26/Nov/2025/14/47/53 GET /v1/AUTH_78bcf9038de64dabbf49cc5cbde2aa55/gnocchi.8b802e96-df1c-412c-ab6c-ed12362a1f21%3Fformat%3Djson%26marker%3Dnone_v3%26states%3Dlisting HTTP/1.0 200 - python-swiftclient-3.11.1 gAAAAABpJxKhsvRX... - 2 - tx1592196f13f54f05b44a0-0069271319 - 0.0065 - - 1764168473.107979059 1764168473.114496946 0
Nov 26 14:47:53 standalone object-server[127695]: 172.20.0.100 - - [26/Nov/2025:14:47:53 +0000] "GET /d1/65/AUTH_78bcf9038de64dabbf49cc5cbde2aa55/gnocchi.8b802e96-df1c-412c-ab6c-ed12362a1f21/1763640000.0_mean_300.0_v3" 200 16 "GET http://172.18.0.2:8080/v1/AUTH_78bcf9038de64dabbf49cc5cbde2aa55/gnocchi.8b802e96-df1c-412c-ab6c-ed12362a1f21/1763640000.0_mean_300.0_v3" "tx2c2a38b543a24586865fa-0069271319" "proxy-server 20" 0.0007 "-" 25 0
Nov 26 14:47:53 standalone proxy-server[129656]: 172.18.0.2 172.18.0.100 26/Nov/2025/14/47/53 GET /v1/AUTH_78bcf9038de64dabbf49cc5cbde2aa55/gnocchi.8b802e96-df1c-412c-ab6c-ed12362a1f21/1763640000.0_mean_300.0_v3 HTTP/1.0 200 - python-swiftclient-3.11.1 gAAAAABpJxKhsvRX... - 16 - tx2c2a38b543a24586865fa-0069271319 - 0.0053 - - 1764168473.117524624 1764168473.122791529 0
Nov 26 14:47:53 standalone container-server[127444]: 172.20.0.100 - - [26/Nov/2025:14:47:53 +0000] "PUT /d1/114/AUTH_78bcf9038de64dabbf49cc5cbde2aa55/gnocchi.8b802e96-df1c-412c-ab6c-ed12362a1f21/1763640000.0_mean_300.0_v3" 201 - "PUT http://172.18.0.2:8080/d1/65/AUTH_78bcf9038de64dabbf49cc5cbde2aa55/gnocchi.8b802e96-df1c-412c-ab6c-ed12362a1f21/1763640000.0_mean_300.0_v3" "tx01285e8cd60c496bb56e5-0069271319" "object-server 24" 0.0004 "-" 21 0
Nov 26 14:47:53 standalone object-server[127693]: 172.20.0.100 - - [26/Nov/2025:14:47:53 +0000] "PUT /d1/65/AUTH_78bcf9038de64dabbf49cc5cbde2aa55/gnocchi.8b802e96-df1c-412c-ab6c-ed12362a1f21/1763640000.0_mean_300.0_v3" 201 - "PUT http://172.18.0.2:8080/v1/AUTH_78bcf9038de64dabbf49cc5cbde2aa55/gnocchi.8b802e96-df1c-412c-ab6c-ed12362a1f21/1763640000.0_mean_300.0_v3" "tx01285e8cd60c496bb56e5-0069271319" "proxy-server 20" 0.0332 "-" 24 0
Nov 26 14:47:53 standalone proxy-server[129656]: 172.18.0.2 172.18.0.100 26/Nov/2025/14/47/53 PUT /v1/AUTH_78bcf9038de64dabbf49cc5cbde2aa55/gnocchi.8b802e96-df1c-412c-ab6c-ed12362a1f21/1763640000.0_mean_300.0_v3 HTTP/1.0 201 - python-swiftclient-3.11.1 gAAAAABpJxKhsvRX... 16 - - tx01285e8cd60c496bb56e5-0069271319 - 0.0377 - - 1764168473.125219584 1764168473.162969351 0
Nov 26 14:47:53 standalone container-server[127441]: 172.20.0.100 - - [26/Nov/2025:14:47:53 +0000] "PUT /d1/114/AUTH_78bcf9038de64dabbf49cc5cbde2aa55/gnocchi.8b802e96-df1c-412c-ab6c-ed12362a1f21/none_v3" 201 - "PUT http://172.18.0.2:8080/d1/537/AUTH_78bcf9038de64dabbf49cc5cbde2aa55/gnocchi.8b802e96-df1c-412c-ab6c-ed12362a1f21/none_v3" "tx7f74f4f9b998481ab4ade-0069271319" "object-server 22" 0.0005 "-" 20 0
Nov 26 14:47:53 standalone object-server[127682]: 172.20.0.100 - - [26/Nov/2025:14:47:53 +0000] "PUT /d1/537/AUTH_78bcf9038de64dabbf49cc5cbde2aa55/gnocchi.8b802e96-df1c-412c-ab6c-ed12362a1f21/none_v3" 201 - "PUT http://172.18.0.2:8080/v1/AUTH_78bcf9038de64dabbf49cc5cbde2aa55/gnocchi.8b802e96-df1c-412c-ab6c-ed12362a1f21/none_v3" "tx7f74f4f9b998481ab4ade-0069271319" "proxy-server 20" 0.0076 "-" 22 0
Nov 26 14:47:53 standalone proxy-server[129656]: 172.18.0.2 172.18.0.100 26/Nov/2025/14/47/53 PUT /v1/AUTH_78bcf9038de64dabbf49cc5cbde2aa55/gnocchi.8b802e96-df1c-412c-ab6c-ed12362a1f21/none_v3 HTTP/1.0 201 - python-swiftclient-3.11.1 gAAAAABpJxKhsvRX... 46 - - tx7f74f4f9b998481ab4ade-0069271319 - 0.0117 - - 1764168473.166128397 1764168473.177787304 0
Nov 26 14:47:54 standalone object-server[127695]: 172.20.0.100 - - [26/Nov/2025:14:47:54 +0000] "GET /d1/537/AUTH_78bcf9038de64dabbf49cc5cbde2aa55/gnocchi.8b802e96-df1c-412c-ab6c-ed12362a1f21/none_v3" 200 46 "GET http://172.18.0.2:8080/v1/AUTH_78bcf9038de64dabbf49cc5cbde2aa55/gnocchi.8b802e96-df1c-412c-ab6c-ed12362a1f21/none_v3" "tx70fdfc33ad3145b1982ae-006927131a" "proxy-server 20" 0.0007 "-" 25 0
Nov 26 14:47:54 standalone proxy-server[129656]: 172.18.0.2 172.18.0.100 26/Nov/2025/14/47/54 GET /v1/AUTH_78bcf9038de64dabbf49cc5cbde2aa55/gnocchi.8b802e96-df1c-412c-ab6c-ed12362a1f21/none_v3 HTTP/1.0 200 - python-swiftclient-3.11.1 gAAAAABpJxKhsvRX... - 46 - tx70fdfc33ad3145b1982ae-006927131a - 0.0089 - - 1764168474.060615540 1764168474.069480658 0
Nov 26 14:47:54 standalone container-server[127444]: 172.20.0.100 - - [26/Nov/2025:14:47:54 +0000] "GET /d1/114/AUTH_78bcf9038de64dabbf49cc5cbde2aa55/gnocchi.8b802e96-df1c-412c-ab6c-ed12362a1f21" 200 357 "GET http://172.18.0.2:8080/v1/AUTH_78bcf9038de64dabbf49cc5cbde2aa55/gnocchi.8b802e96-df1c-412c-ab6c-ed12362a1f21?format=json&states=listing" "tx391587a44b7742bc9fc4a-006927131a" "proxy-server 20" 0.0128 "-" 21 0
Nov 26 14:47:54 standalone proxy-server[129656]: 172.18.0.2 172.18.0.100 26/Nov/2025/14/47/54 GET /v1/AUTH_78bcf9038de64dabbf49cc5cbde2aa55/gnocchi.8b802e96-df1c-412c-ab6c-ed12362a1f21%3Fformat%3Djson%26states%3Dlisting HTTP/1.0 200 - python-swiftclient-3.11.1 gAAAAABpJxKhsvRX... - 357 - tx391587a44b7742bc9fc4a-006927131a - 0.0229 - - 1764168474.073771715 1764168474.096669197 0
Nov 26 14:47:54 standalone container-server[127451]: 172.20.0.100 - - [26/Nov/2025:14:47:54 +0000] "GET /d1/114/AUTH_78bcf9038de64dabbf49cc5cbde2aa55/gnocchi.8b802e96-df1c-412c-ab6c-ed12362a1f21" 200 2 "GET http://172.18.0.2:8080/v1/AUTH_78bcf9038de64dabbf49cc5cbde2aa55/gnocchi.8b802e96-df1c-412c-ab6c-ed12362a1f21?format=json&marker=none_v3&states=listing" "txdf18ac4dd6b74d8c8af38-006927131a" "proxy-server 20" 0.0021 "-" 22 0
Nov 26 14:47:54 standalone proxy-server[129656]: 172.18.0.2 172.18.0.100 26/Nov/2025/14/47/54 GET /v1/AUTH_78bcf9038de64dabbf49cc5cbde2aa55/gnocchi.8b802e96-df1c-412c-ab6c-ed12362a1f21%3Fformat%3Djson%26marker%3Dnone_v3%26states%3Dlisting HTTP/1.0 200 - python-swiftclient-3.11.1 gAAAAABpJxKhsvRX... - 2 - txdf18ac4dd6b74d8c8af38-006927131a - 0.0091 - - 1764168474.100548506 1764168474.109670877 0
Nov 26 14:47:54 standalone object-server[127693]: 172.20.0.100 - - [26/Nov/2025:14:47:54 +0000] "GET /d1/65/AUTH_78bcf9038de64dabbf49cc5cbde2aa55/gnocchi.8b802e96-df1c-412c-ab6c-ed12362a1f21/1763640000.0_mean_300.0_v3" 200 16 "GET http://172.18.0.2:8080/v1/AUTH_78bcf9038de64dabbf49cc5cbde2aa55/gnocchi.8b802e96-df1c-412c-ab6c-ed12362a1f21/1763640000.0_mean_300.0_v3" "txcb102bbabde84adfa268e-006927131a" "proxy-server 20" 0.0011 "-" 24 0
Nov 26 14:47:54 standalone proxy-server[129656]: 172.18.0.2 172.18.0.100 26/Nov/2025/14/47/54 GET /v1/AUTH_78bcf9038de64dabbf49cc5cbde2aa55/gnocchi.8b802e96-df1c-412c-ab6c-ed12362a1f21/1763640000.0_mean_300.0_v3 HTTP/1.0 200 - python-swiftclient-3.11.1 gAAAAABpJxKhsvRX... - 16 - txcb102bbabde84adfa268e-006927131a - 0.0072 - - 1764168474.114394426 1764168474.121574163 0
Nov 26 14:47:54 standalone container-server[127444]: 172.20.0.100 - - [26/Nov/2025:14:47:54 +0000] "PUT /d1/114/AUTH_78bcf9038de64dabbf49cc5cbde2aa55/gnocchi.8b802e96-df1c-412c-ab6c-ed12362a1f21/1763640000.0_mean_300.0_v3" 201 - "PUT http://172.18.0.2:8080/d1/65/AUTH_78bcf9038de64dabbf49cc5cbde2aa55/gnocchi.8b802e96-df1c-412c-ab6c-ed12362a1f21/1763640000.0_mean_300.0_v3" "tx8b1d76c942ad44329893e-006927131a" "object-server 22" 0.0008 "-" 21 0
Nov 26 14:47:54 standalone object-server[127682]: 172.20.0.100 - - [26/Nov/2025:14:47:54 +0000] "PUT /d1/65/AUTH_78bcf9038de64dabbf49cc5cbde2aa55/gnocchi.8b802e96-df1c-412c-ab6c-ed12362a1f21/1763640000.0_mean_300.0_v3" 201 - "PUT http://172.18.0.2:8080/v1/AUTH_78bcf9038de64dabbf49cc5cbde2aa55/gnocchi.8b802e96-df1c-412c-ab6c-ed12362a1f21/1763640000.0_mean_300.0_v3" "tx8b1d76c942ad44329893e-006927131a" "proxy-server 20" 0.0088 "-" 22 0
Nov 26 14:47:54 standalone proxy-server[129656]: 172.18.0.2 172.18.0.100 26/Nov/2025/14/47/54 PUT /v1/AUTH_78bcf9038de64dabbf49cc5cbde2aa55/gnocchi.8b802e96-df1c-412c-ab6c-ed12362a1f21/1763640000.0_mean_300.0_v3 HTTP/1.0 201 - python-swiftclient-3.11.1 gAAAAABpJxKhsvRX... 16 - - tx8b1d76c942ad44329893e-006927131a - 0.0139 - - 1764168474.125722408 1764168474.139575958 0
Nov 26 14:47:54 standalone container-server[127441]: 172.20.0.100 - - [26/Nov/2025:14:47:54 +0000] "PUT /d1/114/AUTH_78bcf9038de64dabbf49cc5cbde2aa55/gnocchi.8b802e96-df1c-412c-ab6c-ed12362a1f21/none_v3" 201 - "PUT http://172.18.0.2:8080/d1/537/AUTH_78bcf9038de64dabbf49cc5cbde2aa55/gnocchi.8b802e96-df1c-412c-ab6c-ed12362a1f21/none_v3" "tx920e8d2e480b41e99be2d-006927131a" "object-server 22" 0.0006 "-" 20 0
Nov 26 14:47:54 standalone object-server[127682]: 172.20.0.100 - - [26/Nov/2025:14:47:54 +0000] "PUT /d1/537/AUTH_78bcf9038de64dabbf49cc5cbde2aa55/gnocchi.8b802e96-df1c-412c-ab6c-ed12362a1f21/none_v3" 201 - "PUT http://172.18.0.2:8080/v1/AUTH_78bcf9038de64dabbf49cc5cbde2aa55/gnocchi.8b802e96-df1c-412c-ab6c-ed12362a1f21/none_v3" "tx920e8d2e480b41e99be2d-006927131a" "proxy-server 20" 0.0142 "-" 22 0
Nov 26 14:47:54 standalone proxy-server[129656]: 172.18.0.2 172.18.0.100 26/Nov/2025/14/47/54 PUT /v1/AUTH_78bcf9038de64dabbf49cc5cbde2aa55/gnocchi.8b802e96-df1c-412c-ab6c-ed12362a1f21/none_v3 HTTP/1.0 201 - python-swiftclient-3.11.1 gAAAAABpJxKhsvRX... 51 - - tx920e8d2e480b41e99be2d-006927131a - 0.0205 - - 1764168474.151068687 1764168474.171562195 0
Nov 26 14:47:54 standalone object-server[127688]: 172.20.0.100 - - [26/Nov/2025:14:47:54 +0000] "GET /d1/773/AUTH_78bcf9038de64dabbf49cc5cbde2aa55/gnocchi.ed5ebecd-3875-43d9-9003-c43e0aee58c7/none_v3" 200 22 "GET http://172.18.0.2:8080/v1/AUTH_78bcf9038de64dabbf49cc5cbde2aa55/gnocchi.ed5ebecd-3875-43d9-9003-c43e0aee58c7/none_v3" "tx1a65bfd59503418c808e5-006927131a" "proxy-server 20" 0.0006 "-" 23 0
Nov 26 14:47:54 standalone proxy-server[129656]: 172.18.0.2 172.18.0.100 26/Nov/2025/14/47/54 GET /v1/AUTH_78bcf9038de64dabbf49cc5cbde2aa55/gnocchi.ed5ebecd-3875-43d9-9003-c43e0aee58c7/none_v3 HTTP/1.0 200 - python-swiftclient-3.11.1 gAAAAABpJxKhsvRX... - 22 - tx1a65bfd59503418c808e5-006927131a - 0.0083 - - 1764168474.185241461 1764168474.193565845 0
Nov 26 14:47:54 standalone container-server[127453]: 172.20.0.100 - - [26/Nov/2025:14:47:54 +0000] "GET /d1/801/AUTH_78bcf9038de64dabbf49cc5cbde2aa55/gnocchi.ed5ebecd-3875-43d9-9003-c43e0aee58c7" 200 357 "GET http://172.18.0.2:8080/v1/AUTH_78bcf9038de64dabbf49cc5cbde2aa55/gnocchi.ed5ebecd-3875-43d9-9003-c43e0aee58c7?format=json&states=listing" "tx4f2c3a3fd9c54faa837b1-006927131a" "proxy-server 20" 0.0021 "-" 23 0
Nov 26 14:47:54 standalone proxy-server[129656]: 172.18.0.2 172.18.0.100 26/Nov/2025/14/47/54 GET /v1/AUTH_78bcf9038de64dabbf49cc5cbde2aa55/gnocchi.ed5ebecd-3875-43d9-9003-c43e0aee58c7%3Fformat%3Djson%26states%3Dlisting HTTP/1.0 200 - python-swiftclient-3.11.1 gAAAAABpJxKhsvRX... - 357 - tx4f2c3a3fd9c54faa837b1-006927131a - 0.0093 - - 1764168474.198048592 1764168474.207337379 0
Nov 26 14:47:54 standalone container-server[127453]: 172.20.0.100 - - [26/Nov/2025:14:47:54 +0000] "GET /d1/801/AUTH_78bcf9038de64dabbf49cc5cbde2aa55/gnocchi.ed5ebecd-3875-43d9-9003-c43e0aee58c7" 200 2 "GET http://172.18.0.2:8080/v1/AUTH_78bcf9038de64dabbf49cc5cbde2aa55/gnocchi.ed5ebecd-3875-43d9-9003-c43e0aee58c7?format=json&marker=none_v3&states=listing" "txdcbe796b1ccc486d8230b-006927131a" "proxy-server 20" 0.0018 "-" 23 0
Nov 26 14:47:54 standalone proxy-server[129656]: 172.18.0.2 172.18.0.100 26/Nov/2025/14/47/54 GET /v1/AUTH_78bcf9038de64dabbf49cc5cbde2aa55/gnocchi.ed5ebecd-3875-43d9-9003-c43e0aee58c7%3Fformat%3Djson%26marker%3Dnone_v3%26states%3Dlisting HTTP/1.0 200 - python-swiftclient-3.11.1 gAAAAABpJxKhsvRX... - 2 - txdcbe796b1ccc486d8230b-006927131a - 0.0078 - - 1764168474.210660696 1764168474.218418598 0
Nov 26 14:47:54 standalone object-server[127688]: 172.20.0.100 - - [26/Nov/2025:14:47:54 +0000] "GET /d1/701/AUTH_78bcf9038de64dabbf49cc5cbde2aa55/gnocchi.ed5ebecd-3875-43d9-9003-c43e0aee58c7/1763640000.0_mean_300.0_v3" 200 16 "GET http://172.18.0.2:8080/v1/AUTH_78bcf9038de64dabbf49cc5cbde2aa55/gnocchi.ed5ebecd-3875-43d9-9003-c43e0aee58c7/1763640000.0_mean_300.0_v3" "txab236363c4404a8290d14-006927131a" "proxy-server 20" 0.0005 "-" 23 0
Nov 26 14:47:54 standalone proxy-server[129656]: 172.18.0.2 172.18.0.100 26/Nov/2025/14/47/54 GET /v1/AUTH_78bcf9038de64dabbf49cc5cbde2aa55/gnocchi.ed5ebecd-3875-43d9-9003-c43e0aee58c7/1763640000.0_mean_300.0_v3 HTTP/1.0 200 - python-swiftclient-3.11.1 gAAAAABpJxKhsvRX... - 16 - txab236363c4404a8290d14-006927131a - 0.0057 - - 1764168474.222986221 1764168474.228709459 0
Nov 26 14:47:54 standalone container-server[127453]: 172.20.0.100 - - [26/Nov/2025:14:47:54 +0000] "PUT /d1/801/AUTH_78bcf9038de64dabbf49cc5cbde2aa55/gnocchi.ed5ebecd-3875-43d9-9003-c43e0aee58c7/1763640000.0_mean_300.0_v3" 201 - "PUT http://172.18.0.2:8080/d1/701/AUTH_78bcf9038de64dabbf49cc5cbde2aa55/gnocchi.ed5ebecd-3875-43d9-9003-c43e0aee58c7/1763640000.0_mean_300.0_v3" "txe5f17595ff5f4997be331-006927131a" "object-server 25" 0.0005 "-" 23 0
Nov 26 14:47:54 standalone object-server[127695]: 172.20.0.100 - - [26/Nov/2025:14:47:54 +0000] "PUT /d1/701/AUTH_78bcf9038de64dabbf49cc5cbde2aa55/gnocchi.ed5ebecd-3875-43d9-9003-c43e0aee58c7/1763640000.0_mean_300.0_v3" 201 - "PUT http://172.18.0.2:8080/v1/AUTH_78bcf9038de64dabbf49cc5cbde2aa55/gnocchi.ed5ebecd-3875-43d9-9003-c43e0aee58c7/1763640000.0_mean_300.0_v3" "txe5f17595ff5f4997be331-006927131a" "proxy-server 20" 0.0103 "-" 25 0
Nov 26 14:47:54 standalone proxy-server[129656]: 172.18.0.2 172.18.0.100 26/Nov/2025/14/47/54 PUT /v1/AUTH_78bcf9038de64dabbf49cc5cbde2aa55/gnocchi.ed5ebecd-3875-43d9-9003-c43e0aee58c7/1763640000.0_mean_300.0_v3 HTTP/1.0 201 - python-swiftclient-3.11.1 gAAAAABpJxKhsvRX... 16 - - txe5f17595ff5f4997be331-006927131a - 0.0163 - - 1764168474.232455015 1764168474.248748541 0
Nov 26 14:47:54 standalone container-server[127441]: 172.20.0.100 - - [26/Nov/2025:14:47:54 +0000] "PUT /d1/801/AUTH_78bcf9038de64dabbf49cc5cbde2aa55/gnocchi.ed5ebecd-3875-43d9-9003-c43e0aee58c7/none_v3" 201 - "PUT http://172.18.0.2:8080/d1/773/AUTH_78bcf9038de64dabbf49cc5cbde2aa55/gnocchi.ed5ebecd-3875-43d9-9003-c43e0aee58c7/none_v3" "tx890f83c1a3014cd9826e5-006927131a" "object-server 22" 0.0013 "-" 20 0
Nov 26 14:47:54 standalone object-server[127682]: 172.20.0.100 - - [26/Nov/2025:14:47:54 +0000] "PUT /d1/773/AUTH_78bcf9038de64dabbf49cc5cbde2aa55/gnocchi.ed5ebecd-3875-43d9-9003-c43e0aee58c7/none_v3" 201 - "PUT http://172.18.0.2:8080/v1/AUTH_78bcf9038de64dabbf49cc5cbde2aa55/gnocchi.ed5ebecd-3875-43d9-9003-c43e0aee58c7/none_v3" "tx890f83c1a3014cd9826e5-006927131a" "proxy-server 20" 0.0093 "-" 22 0
Nov 26 14:47:54 standalone proxy-server[129656]: 172.18.0.2 172.18.0.100 26/Nov/2025/14/47/54 PUT /v1/AUTH_78bcf9038de64dabbf49cc5cbde2aa55/gnocchi.ed5ebecd-3875-43d9-9003-c43e0aee58c7/none_v3 HTTP/1.0 201 - python-swiftclient-3.11.1 gAAAAABpJxKhsvRX... 32 - - tx890f83c1a3014cd9826e5-006927131a - 0.0146 - - 1764168474.252265453 1764168474.266856909 0
Nov 26 14:47:54 standalone object-server[127695]: 172.20.0.100 - - [26/Nov/2025:14:47:54 +0000] "GET /d1/920/AUTH_78bcf9038de64dabbf49cc5cbde2aa55/gnocchi.cb92c4cf-d5ae-4e1c-9e44-0f9ee2018e56/none_v3" 200 22 "GET http://172.18.0.2:8080/v1/AUTH_78bcf9038de64dabbf49cc5cbde2aa55/gnocchi.cb92c4cf-d5ae-4e1c-9e44-0f9ee2018e56/none_v3" "tx796924364b454fc796592-006927131a" "proxy-server 20" 0.0011 "-" 25 0
Nov 26 14:47:54 standalone proxy-server[129656]: 172.18.0.2 172.18.0.100 26/Nov/2025/14/47/54 GET /v1/AUTH_78bcf9038de64dabbf49cc5cbde2aa55/gnocchi.cb92c4cf-d5ae-4e1c-9e44-0f9ee2018e56/none_v3 HTTP/1.0 200 - python-swiftclient-3.11.1 gAAAAABpJxKhsvRX... - 22 - tx796924364b454fc796592-006927131a - 0.0077 - - 1764168474.278867960 1764168474.286525965 0
Nov 26 14:47:54 standalone container-server[127451]: 172.20.0.100 - - [26/Nov/2025:14:47:54 +0000] "GET /d1/656/AUTH_78bcf9038de64dabbf49cc5cbde2aa55/gnocchi.cb92c4cf-d5ae-4e1c-9e44-0f9ee2018e56" 200 357 "GET http://172.18.0.2:8080/v1/AUTH_78bcf9038de64dabbf49cc5cbde2aa55/gnocchi.cb92c4cf-d5ae-4e1c-9e44-0f9ee2018e56?format=json&states=listing" "tx380209fe04bb4e30b8cff-006927131a" "proxy-server 20" 0.0019 "-" 22 0
Nov 26 14:47:54 standalone proxy-server[129656]: 172.18.0.2 172.18.0.100 26/Nov/2025/14/47/54 GET /v1/AUTH_78bcf9038de64dabbf49cc5cbde2aa55/gnocchi.cb92c4cf-d5ae-4e1c-9e44-0f9ee2018e56%3Fformat%3Djson%26states%3Dlisting HTTP/1.0 200 - python-swiftclient-3.11.1 gAAAAABpJxKhsvRX... - 357 - tx380209fe04bb4e30b8cff-006927131a - 0.0076 - - 1764168474.290703773 1764168474.298319340 0
Nov 26 14:47:54 standalone container-server[127444]: 172.20.0.100 - - [26/Nov/2025:14:47:54 +0000] "GET /d1/656/AUTH_78bcf9038de64dabbf49cc5cbde2aa55/gnocchi.cb92c4cf-d5ae-4e1c-9e44-0f9ee2018e56" 200 2 "GET http://172.18.0.2:8080/v1/AUTH_78bcf9038de64dabbf49cc5cbde2aa55/gnocchi.cb92c4cf-d5ae-4e1c-9e44-0f9ee2018e56?format=json&marker=none_v3&states=listing" "txf03a663dc7f34a6facacc-006927131a" "proxy-server 20" 0.0018 "-" 21 0
Nov 26 14:47:54 standalone proxy-server[129656]: 172.18.0.2 172.18.0.100 26/Nov/2025/14/47/54 GET /v1/AUTH_78bcf9038de64dabbf49cc5cbde2aa55/gnocchi.cb92c4cf-d5ae-4e1c-9e44-0f9ee2018e56%3Fformat%3Djson%26marker%3Dnone_v3%26states%3Dlisting HTTP/1.0 200 - python-swiftclient-3.11.1 gAAAAABpJxKhsvRX... - 2 - txf03a663dc7f34a6facacc-006927131a - 0.0073 - - 1764168474.301425695 1764168474.308751822 0
Nov 26 14:47:54 standalone object-server[127695]: 172.20.0.100 - - [26/Nov/2025:14:47:54 +0000] "GET /d1/659/AUTH_78bcf9038de64dabbf49cc5cbde2aa55/gnocchi.cb92c4cf-d5ae-4e1c-9e44-0f9ee2018e56/1763640000.0_mean_300.0_v3" 200 16 "GET http://172.18.0.2:8080/v1/AUTH_78bcf9038de64dabbf49cc5cbde2aa55/gnocchi.cb92c4cf-d5ae-4e1c-9e44-0f9ee2018e56/1763640000.0_mean_300.0_v3" "tx0345483fba6744f88b7e8-006927131a" "proxy-server 20" 0.0011 "-" 25 0
Nov 26 14:47:54 standalone proxy-server[129656]: 172.18.0.2 172.18.0.100 26/Nov/2025/14/47/54 GET /v1/AUTH_78bcf9038de64dabbf49cc5cbde2aa55/gnocchi.cb92c4cf-d5ae-4e1c-9e44-0f9ee2018e56/1763640000.0_mean_300.0_v3 HTTP/1.0 200 - python-swiftclient-3.11.1 gAAAAABpJxKhsvRX... - 16 - tx0345483fba6744f88b7e8-006927131a - 0.0550 - - 1764168474.312837362 1764168474.367835760 0
Nov 26 14:47:54 standalone container-server[127441]: 172.20.0.100 - - [26/Nov/2025:14:47:54 +0000] "PUT /d1/656/AUTH_78bcf9038de64dabbf49cc5cbde2aa55/gnocchi.cb92c4cf-d5ae-4e1c-9e44-0f9ee2018e56/1763640000.0_mean_300.0_v3" 201 - "PUT http://172.18.0.2:8080/d1/659/AUTH_78bcf9038de64dabbf49cc5cbde2aa55/gnocchi.cb92c4cf-d5ae-4e1c-9e44-0f9ee2018e56/1763640000.0_mean_300.0_v3" "tx9e0b3a8ad2344cb089a5d-006927131a" "object-server 25" 0.0011 "-" 20 0
Nov 26 14:47:54 standalone object-server[127695]: 172.20.0.100 - - [26/Nov/2025:14:47:54 +0000] "PUT /d1/659/AUTH_78bcf9038de64dabbf49cc5cbde2aa55/gnocchi.cb92c4cf-d5ae-4e1c-9e44-0f9ee2018e56/1763640000.0_mean_300.0_v3" 201 - "PUT http://172.18.0.2:8080/v1/AUTH_78bcf9038de64dabbf49cc5cbde2aa55/gnocchi.cb92c4cf-d5ae-4e1c-9e44-0f9ee2018e56/1763640000.0_mean_300.0_v3" "tx9e0b3a8ad2344cb089a5d-006927131a" "proxy-server 20" 0.0239 "-" 25 0
Nov 26 14:47:54 standalone proxy-server[129656]: 172.18.0.2 172.18.0.100 26/Nov/2025/14/47/54 PUT /v1/AUTH_78bcf9038de64dabbf49cc5cbde2aa55/gnocchi.cb92c4cf-d5ae-4e1c-9e44-0f9ee2018e56/1763640000.0_mean_300.0_v3 HTTP/1.0 201 - python-swiftclient-3.11.1 gAAAAABpJxKhsvRX... 16 - - tx9e0b3a8ad2344cb089a5d-006927131a - 0.0304 - - 1764168474.371932745 1764168474.402348280 0
Nov 26 14:47:54 standalone container-server[127451]: 172.20.0.100 - - [26/Nov/2025:14:47:54 +0000] "PUT /d1/656/AUTH_78bcf9038de64dabbf49cc5cbde2aa55/gnocchi.cb92c4cf-d5ae-4e1c-9e44-0f9ee2018e56/none_v3" 201 - "PUT http://172.18.0.2:8080/d1/920/AUTH_78bcf9038de64dabbf49cc5cbde2aa55/gnocchi.cb92c4cf-d5ae-4e1c-9e44-0f9ee2018e56/none_v3" "tx946b8ad0c3814789a4058-006927131a" "object-server 23" 0.0007 "-" 22 0
Nov 26 14:47:54 standalone object-server[127688]: 172.20.0.100 - - [26/Nov/2025:14:47:54 +0000] "PUT /d1/920/AUTH_78bcf9038de64dabbf49cc5cbde2aa55/gnocchi.cb92c4cf-d5ae-4e1c-9e44-0f9ee2018e56/none_v3" 201 - "PUT http://172.18.0.2:8080/v1/AUTH_78bcf9038de64dabbf49cc5cbde2aa55/gnocchi.cb92c4cf-d5ae-4e1c-9e44-0f9ee2018e56/none_v3" "tx946b8ad0c3814789a4058-006927131a" "proxy-server 20" 0.0126 "-" 23 0
Nov 26 14:47:54 standalone proxy-server[129656]: 172.18.0.2 172.18.0.100 26/Nov/2025/14/47/54 PUT /v1/AUTH_78bcf9038de64dabbf49cc5cbde2aa55/gnocchi.cb92c4cf-d5ae-4e1c-9e44-0f9ee2018e56/none_v3 HTTP/1.0 201 - python-swiftclient-3.11.1 gAAAAABpJxKhsvRX... 32 - - tx946b8ad0c3814789a4058-006927131a - 0.0207 - - 1764168474.406068325 1764168474.426745653 0
Nov 26 14:47:54 standalone object-server[127688]: 172.20.0.100 - - [26/Nov/2025:14:47:54 +0000] "GET /d1/487/AUTH_78bcf9038de64dabbf49cc5cbde2aa55/gnocchi.529b85aa-1f6e-4515-bd8a-d8011a856000/none_v3" 200 22 "GET http://172.18.0.2:8080/v1/AUTH_78bcf9038de64dabbf49cc5cbde2aa55/gnocchi.529b85aa-1f6e-4515-bd8a-d8011a856000/none_v3" "tx88781c1feb89439681d83-006927131a" "proxy-server 20" 0.0013 "-" 23 0
Nov 26 14:47:54 standalone proxy-server[129656]: 172.18.0.2 172.18.0.100 26/Nov/2025/14/47/54 GET /v1/AUTH_78bcf9038de64dabbf49cc5cbde2aa55/gnocchi.529b85aa-1f6e-4515-bd8a-d8011a856000/none_v3 HTTP/1.0 200 - python-swiftclient-3.11.1 gAAAAABpJxKhsvRX... - 22 - tx88781c1feb89439681d83-006927131a - 0.0120 - - 1764168474.441594601 1764168474.453639507 0
Nov 26 14:47:54 standalone container-server[127453]: 172.20.0.100 - - [26/Nov/2025:14:47:54 +0000] "GET /d1/382/AUTH_78bcf9038de64dabbf49cc5cbde2aa55/gnocchi.529b85aa-1f6e-4515-bd8a-d8011a856000" 200 357 "GET http://172.18.0.2:8080/v1/AUTH_78bcf9038de64dabbf49cc5cbde2aa55/gnocchi.529b85aa-1f6e-4515-bd8a-d8011a856000?format=json&states=listing" "tx49d21fddb9ea438ab6139-006927131a" "proxy-server 20" 0.0037 "-" 23 0
Nov 26 14:47:54 standalone proxy-server[129656]: 172.18.0.2 172.18.0.100 26/Nov/2025/14/47/54 GET /v1/AUTH_78bcf9038de64dabbf49cc5cbde2aa55/gnocchi.529b85aa-1f6e-4515-bd8a-d8011a856000%3Fformat%3Djson%26states%3Dlisting HTTP/1.0 200 - python-swiftclient-3.11.1 gAAAAABpJxKhsvRX... - 357 - tx49d21fddb9ea438ab6139-006927131a - 0.0124 - - 1764168474.458374262 1764168474.470797777 0
Nov 26 14:47:54 standalone container-server[127444]: 172.20.0.100 - - [26/Nov/2025:14:47:54 +0000] "GET /d1/382/AUTH_78bcf9038de64dabbf49cc5cbde2aa55/gnocchi.529b85aa-1f6e-4515-bd8a-d8011a856000" 200 2 "GET http://172.18.0.2:8080/v1/AUTH_78bcf9038de64dabbf49cc5cbde2aa55/gnocchi.529b85aa-1f6e-4515-bd8a-d8011a856000?format=json&marker=none_v3&states=listing" "tx298184a3c7f746caad7e0-006927131a" "proxy-server 20" 0.0019 "-" 21 0
Nov 26 14:47:54 standalone proxy-server[129656]: 172.18.0.2 172.18.0.100 26/Nov/2025/14/47/54 GET /v1/AUTH_78bcf9038de64dabbf49cc5cbde2aa55/gnocchi.529b85aa-1f6e-4515-bd8a-d8011a856000%3Fformat%3Djson%26marker%3Dnone_v3%26states%3Dlisting HTTP/1.0 200 - python-swiftclient-3.11.1 gAAAAABpJxKhsvRX... - 2 - tx298184a3c7f746caad7e0-006927131a - 0.0136 - - 1764168474.474602461 1764168474.488233805 0
Nov 26 14:47:54 standalone object-server[127688]: 172.20.0.100 - - [26/Nov/2025:14:47:54 +0000] "GET /d1/422/AUTH_78bcf9038de64dabbf49cc5cbde2aa55/gnocchi.529b85aa-1f6e-4515-bd8a-d8011a856000/1763640000.0_mean_300.0_v3" 200 16 "GET http://172.18.0.2:8080/v1/AUTH_78bcf9038de64dabbf49cc5cbde2aa55/gnocchi.529b85aa-1f6e-4515-bd8a-d8011a856000/1763640000.0_mean_300.0_v3" "tx100e6bcdcf3f4ef6b5c44-006927131a" "proxy-server 20" 0.0011 "-" 23 0
Nov 26 14:47:54 standalone proxy-server[129656]: 172.18.0.2 172.18.0.100 26/Nov/2025/14/47/54 GET /v1/AUTH_78bcf9038de64dabbf49cc5cbde2aa55/gnocchi.529b85aa-1f6e-4515-bd8a-d8011a856000/1763640000.0_mean_300.0_v3 HTTP/1.0 200 - python-swiftclient-3.11.1 gAAAAABpJxKhsvRX... - 16 - tx100e6bcdcf3f4ef6b5c44-006927131a - 0.0105 - - 1764168474.493427038 1764168474.503939152 0
Nov 26 14:47:54 standalone container-server[127451]: 172.20.0.100 - - [26/Nov/2025:14:47:54 +0000] "PUT /d1/382/AUTH_78bcf9038de64dabbf49cc5cbde2aa55/gnocchi.529b85aa-1f6e-4515-bd8a-d8011a856000/1763640000.0_mean_300.0_v3" 201 - "PUT http://172.18.0.2:8080/d1/422/AUTH_78bcf9038de64dabbf49cc5cbde2aa55/gnocchi.529b85aa-1f6e-4515-bd8a-d8011a856000/1763640000.0_mean_300.0_v3" "tx4f154bcf3fb5420c8f69e-006927131a" "object-server 25" 0.0008 "-" 22 0
Nov 26 14:47:54 standalone object-server[127695]: 172.20.0.100 - - [26/Nov/2025:14:47:54 +0000] "PUT /d1/422/AUTH_78bcf9038de64dabbf49cc5cbde2aa55/gnocchi.529b85aa-1f6e-4515-bd8a-d8011a856000/1763640000.0_mean_300.0_v3" 201 - "PUT http://172.18.0.2:8080/v1/AUTH_78bcf9038de64dabbf49cc5cbde2aa55/gnocchi.529b85aa-1f6e-4515-bd8a-d8011a856000/1763640000.0_mean_300.0_v3" "tx4f154bcf3fb5420c8f69e-006927131a" "proxy-server 20" 0.0123 "-" 25 0
Nov 26 14:47:54 standalone proxy-server[129656]: 172.18.0.2 172.18.0.100 26/Nov/2025/14/47/54 PUT /v1/AUTH_78bcf9038de64dabbf49cc5cbde2aa55/gnocchi.529b85aa-1f6e-4515-bd8a-d8011a856000/1763640000.0_mean_300.0_v3 HTTP/1.0 201 - python-swiftclient-3.11.1 gAAAAABpJxKhsvRX... 16 - - tx4f154bcf3fb5420c8f69e-006927131a - 0.0212 - - 1764168474.508561373 1764168474.529772043 0
Nov 26 14:47:54 standalone container-server[127441]: 172.20.0.100 - - [26/Nov/2025:14:47:54 +0000] "PUT /d1/382/AUTH_78bcf9038de64dabbf49cc5cbde2aa55/gnocchi.529b85aa-1f6e-4515-bd8a-d8011a856000/none_v3" 201 - "PUT http://172.18.0.2:8080/d1/487/AUTH_78bcf9038de64dabbf49cc5cbde2aa55/gnocchi.529b85aa-1f6e-4515-bd8a-d8011a856000/none_v3" "tx1cf01e35b41e4425aae10-006927131a" "object-server 22" 0.0008 "-" 20 0
Nov 26 14:47:54 standalone object-server[127682]: 172.20.0.100 - - [26/Nov/2025:14:47:54 +0000] "PUT /d1/487/AUTH_78bcf9038de64dabbf49cc5cbde2aa55/gnocchi.529b85aa-1f6e-4515-bd8a-d8011a856000/none_v3" 201 - "PUT http://172.18.0.2:8080/v1/AUTH_78bcf9038de64dabbf49cc5cbde2aa55/gnocchi.529b85aa-1f6e-4515-bd8a-d8011a856000/none_v3" "tx1cf01e35b41e4425aae10-006927131a" "proxy-server 20" 0.0108 "-" 22 0
Nov 26 14:47:54 standalone proxy-server[129656]: 172.18.0.2 172.18.0.100 26/Nov/2025/14/47/54 PUT /v1/AUTH_78bcf9038de64dabbf49cc5cbde2aa55/gnocchi.529b85aa-1f6e-4515-bd8a-d8011a856000/none_v3 HTTP/1.0 201 - python-swiftclient-3.11.1 gAAAAABpJxKhsvRX... 32 - - tx1cf01e35b41e4425aae10-006927131a - 0.0189 - - 1764168474.533841610 1764168474.552692175 0
Nov 26 14:47:54 standalone object-server[127682]: 172.20.0.100 - - [26/Nov/2025:14:47:54 +0000] "GET /d1/913/AUTH_78bcf9038de64dabbf49cc5cbde2aa55/gnocchi.30c4185b-5579-4f02-963a-d5dbbee10691/none_v3" 200 22 "GET http://172.18.0.2:8080/v1/AUTH_78bcf9038de64dabbf49cc5cbde2aa55/gnocchi.30c4185b-5579-4f02-963a-d5dbbee10691/none_v3" "tx97f8dc6f111b43599d45b-006927131a" "proxy-server 20" 0.0010 "-" 22 0
Nov 26 14:47:54 standalone proxy-server[129656]: 172.18.0.2 172.18.0.100 26/Nov/2025/14/47/54 GET /v1/AUTH_78bcf9038de64dabbf49cc5cbde2aa55/gnocchi.30c4185b-5579-4f02-963a-d5dbbee10691/none_v3 HTTP/1.0 200 - python-swiftclient-3.11.1 gAAAAABpJxKhsvRX... - 22 - tx97f8dc6f111b43599d45b-006927131a - 0.0096 - - 1764168474.567549706 1764168474.577139378 0
Nov 26 14:47:54 standalone container-server[127444]: 172.20.0.100 - - [26/Nov/2025:14:47:54 +0000] "GET /d1/1002/AUTH_78bcf9038de64dabbf49cc5cbde2aa55/gnocchi.30c4185b-5579-4f02-963a-d5dbbee10691" 200 357 "GET http://172.18.0.2:8080/v1/AUTH_78bcf9038de64dabbf49cc5cbde2aa55/gnocchi.30c4185b-5579-4f02-963a-d5dbbee10691?format=json&states=listing" "txbda844519b664787b00fc-006927131a" "proxy-server 20" 0.0037 "-" 21 0
Nov 26 14:47:54 standalone proxy-server[129656]: 172.18.0.2 172.18.0.100 26/Nov/2025/14/47/54 GET /v1/AUTH_78bcf9038de64dabbf49cc5cbde2aa55/gnocchi.30c4185b-5579-4f02-963a-d5dbbee10691%3Fformat%3Djson%26states%3Dlisting HTTP/1.0 200 - python-swiftclient-3.11.1 gAAAAABpJxKhsvRX... - 357 - txbda844519b664787b00fc-006927131a - 0.0132 - - 1764168474.581407309 1764168474.594644547 0
Nov 26 14:47:54 standalone container-server[127441]: 172.20.0.100 - - [26/Nov/2025:14:47:54 +0000] "GET /d1/1002/AUTH_78bcf9038de64dabbf49cc5cbde2aa55/gnocchi.30c4185b-5579-4f02-963a-d5dbbee10691" 200 2 "GET http://172.18.0.2:8080/v1/AUTH_78bcf9038de64dabbf49cc5cbde2aa55/gnocchi.30c4185b-5579-4f02-963a-d5dbbee10691?format=json&marker=none_v3&states=listing" "tx41edfd243947459eb2127-006927131a" "proxy-server 20" 0.0041 "-" 20 0
Nov 26 14:47:54 standalone proxy-server[129656]: 172.18.0.2 172.18.0.100 26/Nov/2025/14/47/54 GET /v1/AUTH_78bcf9038de64dabbf49cc5cbde2aa55/gnocchi.30c4185b-5579-4f02-963a-d5dbbee10691%3Fformat%3Djson%26marker%3Dnone_v3%26states%3Dlisting HTTP/1.0 200 - python-swiftclient-3.11.1 gAAAAABpJxKhsvRX... - 2 - tx41edfd243947459eb2127-006927131a - 0.0136 - - 1764168474.601361990 1764168474.614912510 0
Nov 26 14:47:54 standalone object-server[127688]: 172.20.0.100 - - [26/Nov/2025:14:47:54 +0000] "GET /d1/99/AUTH_78bcf9038de64dabbf49cc5cbde2aa55/gnocchi.30c4185b-5579-4f02-963a-d5dbbee10691/1763640000.0_mean_300.0_v3" 200 16 "GET http://172.18.0.2:8080/v1/AUTH_78bcf9038de64dabbf49cc5cbde2aa55/gnocchi.30c4185b-5579-4f02-963a-d5dbbee10691/1763640000.0_mean_300.0_v3" "txcfed47c4bcf04a9989501-006927131a" "proxy-server 20" 0.0011 "-" 23 0
Nov 26 14:47:54 standalone proxy-server[129656]: 172.18.0.2 172.18.0.100 26/Nov/2025/14/47/54 GET /v1/AUTH_78bcf9038de64dabbf49cc5cbde2aa55/gnocchi.30c4185b-5579-4f02-963a-d5dbbee10691/1763640000.0_mean_300.0_v3 HTTP/1.0 200 - python-swiftclient-3.11.1 gAAAAABpJxKhsvRX... - 16 - txcfed47c4bcf04a9989501-006927131a - 0.0094 - - 1764168474.619448900 1764168474.628884792 0
Nov 26 14:47:54 standalone container-server[127444]: 172.20.0.100 - - [26/Nov/2025:14:47:54 +0000] "PUT /d1/1002/AUTH_78bcf9038de64dabbf49cc5cbde2aa55/gnocchi.30c4185b-5579-4f02-963a-d5dbbee10691/1763640000.0_mean_300.0_v3" 201 - "PUT http://172.18.0.2:8080/d1/99/AUTH_78bcf9038de64dabbf49cc5cbde2aa55/gnocchi.30c4185b-5579-4f02-963a-d5dbbee10691/1763640000.0_mean_300.0_v3" "txe99e42b705a8459c8af2c-006927131a" "object-server 22" 0.0008 "-" 21 0
Nov 26 14:47:54 standalone object-server[127682]: 172.20.0.100 - - [26/Nov/2025:14:47:54 +0000] "PUT /d1/99/AUTH_78bcf9038de64dabbf49cc5cbde2aa55/gnocchi.30c4185b-5579-4f02-963a-d5dbbee10691/1763640000.0_mean_300.0_v3" 201 - "PUT http://172.18.0.2:8080/v1/AUTH_78bcf9038de64dabbf49cc5cbde2aa55/gnocchi.30c4185b-5579-4f02-963a-d5dbbee10691/1763640000.0_mean_300.0_v3" "txe99e42b705a8459c8af2c-006927131a" "proxy-server 20" 0.0117 "-" 22 0
Nov 26 14:47:54 standalone proxy-server[129656]: 172.18.0.2 172.18.0.100 26/Nov/2025/14/47/54 PUT /v1/AUTH_78bcf9038de64dabbf49cc5cbde2aa55/gnocchi.30c4185b-5579-4f02-963a-d5dbbee10691/1763640000.0_mean_300.0_v3 HTTP/1.0 201 - python-swiftclient-3.11.1 gAAAAABpJxKhsvRX... 16 - - txe99e42b705a8459c8af2c-006927131a - 0.0200 - - 1764168474.632838964 1764168474.652836561 0
Nov 26 14:47:54 standalone container-server[127451]: 172.20.0.100 - - [26/Nov/2025:14:47:54 +0000] "PUT /d1/1002/AUTH_78bcf9038de64dabbf49cc5cbde2aa55/gnocchi.30c4185b-5579-4f02-963a-d5dbbee10691/none_v3" 201 - "PUT http://172.18.0.2:8080/d1/913/AUTH_78bcf9038de64dabbf49cc5cbde2aa55/gnocchi.30c4185b-5579-4f02-963a-d5dbbee10691/none_v3" "tx7c135ed1001448f5aa5db-006927131a" "object-server 22" 0.0008 "-" 22 0
Nov 26 14:47:54 standalone object-server[127682]: 172.20.0.100 - - [26/Nov/2025:14:47:54 +0000] "PUT /d1/913/AUTH_78bcf9038de64dabbf49cc5cbde2aa55/gnocchi.30c4185b-5579-4f02-963a-d5dbbee10691/none_v3" 201 - "PUT http://172.18.0.2:8080/v1/AUTH_78bcf9038de64dabbf49cc5cbde2aa55/gnocchi.30c4185b-5579-4f02-963a-d5dbbee10691/none_v3" "tx7c135ed1001448f5aa5db-006927131a" "proxy-server 20" 0.0101 "-" 22 0
Nov 26 14:47:54 standalone proxy-server[129656]: 172.18.0.2 172.18.0.100 26/Nov/2025/14/47/54 PUT /v1/AUTH_78bcf9038de64dabbf49cc5cbde2aa55/gnocchi.30c4185b-5579-4f02-963a-d5dbbee10691/none_v3 HTTP/1.0 201 - python-swiftclient-3.11.1 gAAAAABpJxKhsvRX... 32 - - tx7c135ed1001448f5aa5db-006927131a - 0.0177 - - 1764168474.656348705 1764168474.674044847 0
Nov 26 14:47:57 standalone container-server[127444]: 172.20.0.100 - - [26/Nov/2025:14:47:57 +0000] "HEAD /d1/959/AUTH_78bcf9038de64dabbf49cc5cbde2aa55/gnocchi.768ca663-8ec0-4c2c-b71a-b2e846b799d4" 404 - "HEAD http://172.18.0.2:8080/v1/AUTH_78bcf9038de64dabbf49cc5cbde2aa55/gnocchi.768ca663-8ec0-4c2c-b71a-b2e846b799d4?format=json&states=listing" "tx17f2f17881e54674932a3-006927131d" "proxy-server 20" 0.0007 "-" 21 0
Nov 26 14:47:57 standalone object-server[127693]: 172.20.0.100 - - [26/Nov/2025:14:47:57 +0000] "GET /d1/872/AUTH_78bcf9038de64dabbf49cc5cbde2aa55/gnocchi.768ca663-8ec0-4c2c-b71a-b2e846b799d4/none_v3" 404 70 "GET http://172.18.0.2:8080/v1/AUTH_78bcf9038de64dabbf49cc5cbde2aa55/gnocchi.768ca663-8ec0-4c2c-b71a-b2e846b799d4/none_v3" "tx17f2f17881e54674932a3-006927131d" "proxy-server 20" 0.0004 "-" 24 0
Nov 26 14:47:57 standalone proxy-server[129656]: 172.18.0.2 172.18.0.100 26/Nov/2025/14/47/57 GET /v1/AUTH_78bcf9038de64dabbf49cc5cbde2aa55/gnocchi.768ca663-8ec0-4c2c-b71a-b2e846b799d4/none_v3 HTTP/1.0 404 - python-swiftclient-3.11.1 gAAAAABpJxKhsvRX... - 70 - tx17f2f17881e54674932a3-006927131d - 0.0094 - - 1764168477.603530645 1764168477.612908363 0
Nov 26 14:47:57 standalone account-server[127418]: 172.20.0.100 - - [26/Nov/2025:14:47:57 +0000] "PUT /d1/207/AUTH_78bcf9038de64dabbf49cc5cbde2aa55/gnocchi.768ca663-8ec0-4c2c-b71a-b2e846b799d4" 201 - "PUT http://172.20.0.100:6001/d1/959/AUTH_78bcf9038de64dabbf49cc5cbde2aa55/gnocchi.768ca663-8ec0-4c2c-b71a-b2e846b799d4" "tx35314f65b6784dbd8cf23-006927131d" "container-server 21" 0.0060 "-" 19 0
Nov 26 14:47:57 standalone container-server[127444]: 172.20.0.100 - - [26/Nov/2025:14:47:57 +0000] "PUT /d1/959/AUTH_78bcf9038de64dabbf49cc5cbde2aa55/gnocchi.768ca663-8ec0-4c2c-b71a-b2e846b799d4" 201 - "PUT http://172.18.0.2:8080/v1/AUTH_78bcf9038de64dabbf49cc5cbde2aa55/gnocchi.768ca663-8ec0-4c2c-b71a-b2e846b799d4" "tx35314f65b6784dbd8cf23-006927131d" "proxy-server 20" 0.0158 "-" 21 0
Nov 26 14:47:57 standalone proxy-server[129656]: 172.18.0.2 172.18.0.100 26/Nov/2025/14/47/57 PUT /v1/AUTH_78bcf9038de64dabbf49cc5cbde2aa55/gnocchi.768ca663-8ec0-4c2c-b71a-b2e846b799d4 HTTP/1.0 201 - python-swiftclient-3.11.1 gAAAAABpJxKhsvRX... - - - tx35314f65b6784dbd8cf23-006927131d - 0.0204 - - 1764168477.616565704 1764168477.636998415 0
Nov 26 14:47:57 standalone container-server[127444]: 172.20.0.100 - - [26/Nov/2025:14:47:57 +0000] "HEAD /d1/959/AUTH_78bcf9038de64dabbf49cc5cbde2aa55/gnocchi.768ca663-8ec0-4c2c-b71a-b2e846b799d4" 204 - "HEAD http://172.18.0.2:8080/v1/AUTH_78bcf9038de64dabbf49cc5cbde2aa55/gnocchi.768ca663-8ec0-4c2c-b71a-b2e846b799d4?format=json&states=listing" "tx9b610bd37d874aaea0a8a-006927131d" "proxy-server 20" 0.0013 "-" 21 0
Nov 26 14:47:57 standalone proxy-server[129656]: - - 26/Nov/2025/14/47/57 HEAD /v1/AUTH_78bcf9038de64dabbf49cc5cbde2aa55/gnocchi.768ca663-8ec0-4c2c-b71a-b2e846b799d4%3Fformat%3Djson%26states%3Dlisting HTTP/1.0 204 - Swift - - - - tx9b610bd37d874aaea0a8a-006927131d - 0.0046 RL - 1764168477.642298937 1764168477.646924019 0
Nov 26 14:47:57 standalone container-server[127451]: 172.20.0.100 - - [26/Nov/2025:14:47:57 +0000] "GET /d1/959/AUTH_78bcf9038de64dabbf49cc5cbde2aa55/gnocchi.768ca663-8ec0-4c2c-b71a-b2e846b799d4" 200 2 "GET http://172.18.0.2:8080/v1/AUTH_78bcf9038de64dabbf49cc5cbde2aa55/gnocchi.768ca663-8ec0-4c2c-b71a-b2e846b799d4?format=json&states=listing" "tx9b610bd37d874aaea0a8a-006927131d" "proxy-server 20" 0.0023 "-" 22 0
Nov 26 14:47:57 standalone proxy-server[129656]: 172.18.0.2 172.18.0.100 26/Nov/2025/14/47/57 GET /v1/AUTH_78bcf9038de64dabbf49cc5cbde2aa55/gnocchi.768ca663-8ec0-4c2c-b71a-b2e846b799d4%3Fformat%3Djson%26states%3Dlisting HTTP/1.0 200 - python-swiftclient-3.11.1 gAAAAABpJxKhsvRX... - 2 - tx9b610bd37d874aaea0a8a-006927131d - 0.0161 - - 1764168477.641268253 1764168477.657343388 0
Nov 26 14:47:57 standalone object-server[127688]: 172.20.0.100 - - [26/Nov/2025:14:47:57 +0000] "GET /d1/664/AUTH_78bcf9038de64dabbf49cc5cbde2aa55/gnocchi.768ca663-8ec0-4c2c-b71a-b2e846b799d4/1763640000.0_mean_300.0_v3" 404 70 "GET http://172.18.0.2:8080/v1/AUTH_78bcf9038de64dabbf49cc5cbde2aa55/gnocchi.768ca663-8ec0-4c2c-b71a-b2e846b799d4/1763640000.0_mean_300.0_v3" "tx78c0ed6c616745f99f64c-006927131d" "proxy-server 20" 0.0003 "-" 23 0
Nov 26 14:47:57 standalone proxy-server[129656]: 172.18.0.2 172.18.0.100 26/Nov/2025/14/47/57 GET /v1/AUTH_78bcf9038de64dabbf49cc5cbde2aa55/gnocchi.768ca663-8ec0-4c2c-b71a-b2e846b799d4/1763640000.0_mean_300.0_v3 HTTP/1.0 404 - python-swiftclient-3.11.1 gAAAAABpJxKhsvRX... - 70 - tx78c0ed6c616745f99f64c-006927131d - 0.0049 - - 1764168477.661824465 1764168477.666705132 0
Nov 26 14:47:57 standalone container-server[127453]: 172.20.0.100 - - [26/Nov/2025:14:47:57 +0000] "PUT /d1/959/AUTH_78bcf9038de64dabbf49cc5cbde2aa55/gnocchi.768ca663-8ec0-4c2c-b71a-b2e846b799d4/1763640000.0_mean_300.0_v3" 201 - "PUT http://172.18.0.2:8080/d1/664/AUTH_78bcf9038de64dabbf49cc5cbde2aa55/gnocchi.768ca663-8ec0-4c2c-b71a-b2e846b799d4/1763640000.0_mean_300.0_v3" "txa242d7a9a1094496bf7c8-006927131d" "object-server 24" 0.0007 "-" 23 0
Nov 26 14:47:57 standalone object-server[127693]: 172.20.0.100 - - [26/Nov/2025:14:47:57 +0000] "PUT /d1/664/AUTH_78bcf9038de64dabbf49cc5cbde2aa55/gnocchi.768ca663-8ec0-4c2c-b71a-b2e846b799d4/1763640000.0_mean_300.0_v3" 201 - "PUT http://172.18.0.2:8080/v1/AUTH_78bcf9038de64dabbf49cc5cbde2aa55/gnocchi.768ca663-8ec0-4c2c-b71a-b2e846b799d4/1763640000.0_mean_300.0_v3" "txa242d7a9a1094496bf7c8-006927131d" "proxy-server 20" 0.0223 "-" 24 0
Nov 26 14:47:57 standalone proxy-server[129656]: 172.18.0.2 172.18.0.100 26/Nov/2025/14/47/57 PUT /v1/AUTH_78bcf9038de64dabbf49cc5cbde2aa55/gnocchi.768ca663-8ec0-4c2c-b71a-b2e846b799d4/1763640000.0_mean_300.0_v3 HTTP/1.0 201 - python-swiftclient-3.11.1 gAAAAABpJxKhsvRX... 16 - - txa242d7a9a1094496bf7c8-006927131d - 0.0298 - - 1764168477.670394659 1764168477.700164080 0
Nov 26 14:47:57 standalone container-server[127453]: 172.20.0.100 - - [26/Nov/2025:14:47:57 +0000] "PUT /d1/959/AUTH_78bcf9038de64dabbf49cc5cbde2aa55/gnocchi.768ca663-8ec0-4c2c-b71a-b2e846b799d4/none_v3" 201 - "PUT http://172.18.0.2:8080/d1/872/AUTH_78bcf9038de64dabbf49cc5cbde2aa55/gnocchi.768ca663-8ec0-4c2c-b71a-b2e846b799d4/none_v3" "tx99ddad4b423e435182935-006927131d" "object-server 23" 0.0005 "-" 23 0
Nov 26 14:47:57 standalone object-server[127688]: 172.20.0.100 - - [26/Nov/2025:14:47:57 +0000] "PUT /d1/872/AUTH_78bcf9038de64dabbf49cc5cbde2aa55/gnocchi.768ca663-8ec0-4c2c-b71a-b2e846b799d4/none_v3" 201 - "PUT http://172.18.0.2:8080/v1/AUTH_78bcf9038de64dabbf49cc5cbde2aa55/gnocchi.768ca663-8ec0-4c2c-b71a-b2e846b799d4/none_v3" "tx99ddad4b423e435182935-006927131d" "proxy-server 20" 0.0161 "-" 23 0
Nov 26 14:47:57 standalone proxy-server[129656]: 172.18.0.2 172.18.0.100 26/Nov/2025/14/47/57 PUT /v1/AUTH_78bcf9038de64dabbf49cc5cbde2aa55/gnocchi.768ca663-8ec0-4c2c-b71a-b2e846b799d4/none_v3 HTTP/1.0 201 - python-swiftclient-3.11.1 gAAAAABpJxKhsvRX... 22 - - tx99ddad4b423e435182935-006927131d - 0.0276 - - 1764168477.706029415 1764168477.733611107 0
Nov 26 14:47:57 standalone object-server[127688]: 172.20.0.100 - - [26/Nov/2025:14:47:57 +0000] "GET /d1/621/AUTH_78bcf9038de64dabbf49cc5cbde2aa55/gnocchi.81dfa515-b6b2-4734-b702-f186c65005ca/none_v3" 200 33 "GET http://172.18.0.2:8080/v1/AUTH_78bcf9038de64dabbf49cc5cbde2aa55/gnocchi.81dfa515-b6b2-4734-b702-f186c65005ca/none_v3" "txff9a239cc604455f8494a-006927131d" "proxy-server 20" 0.0015 "-" 23 0
Nov 26 14:47:57 standalone proxy-server[129656]: 172.18.0.2 172.18.0.100 26/Nov/2025/14/47/57 GET /v1/AUTH_78bcf9038de64dabbf49cc5cbde2aa55/gnocchi.81dfa515-b6b2-4734-b702-f186c65005ca/none_v3 HTTP/1.0 200 - python-swiftclient-3.11.1 gAAAAABpJxKhsvRX... - 33 - txff9a239cc604455f8494a-006927131d - 0.0082 - - 1764168477.796011448 1764168477.804192543 0
Nov 26 14:47:57 standalone container-server[127441]: 172.20.0.100 - - [26/Nov/2025:14:47:57 +0000] "GET /d1/208/AUTH_78bcf9038de64dabbf49cc5cbde2aa55/gnocchi.81dfa515-b6b2-4734-b702-f186c65005ca" 200 357 "GET http://172.18.0.2:8080/v1/AUTH_78bcf9038de64dabbf49cc5cbde2aa55/gnocchi.81dfa515-b6b2-4734-b702-f186c65005ca?format=json&states=listing" "txe4ed366664324a48a7a6d-006927131d" "proxy-server 20" 0.0026 "-" 20 0
Nov 26 14:47:57 standalone proxy-server[129656]: 172.18.0.2 172.18.0.100 26/Nov/2025/14/47/57 GET /v1/AUTH_78bcf9038de64dabbf49cc5cbde2aa55/gnocchi.81dfa515-b6b2-4734-b702-f186c65005ca%3Fformat%3Djson%26states%3Dlisting HTTP/1.0 200 - python-swiftclient-3.11.1 gAAAAABpJxKhsvRX... - 357 - txe4ed366664324a48a7a6d-006927131d - 0.0074 - - 1764168477.809080839 1764168477.816500425 0
