Nov 26 14:47:57 standalone container-server[127451]: 172.20.0.100 - - [26/Nov/2025:14:47:57 +0000] "GET /d1/208/AUTH_78bcf9038de64dabbf49cc5cbde2aa55/gnocchi.81dfa515-b6b2-4734-b702-f186c65005ca" 200 2 "GET http://172.18.0.2:8080/v1/AUTH_78bcf9038de64dabbf49cc5cbde2aa55/gnocchi.81dfa515-b6b2-4734-b702-f186c65005ca?format=json&marker=none_v3&states=listing" "txc30de4f9b0134d5dba442-006927131d" "proxy-server 20" 0.0037 "-" 22 0
Nov 26 14:47:57 standalone proxy-server[129656]: 172.18.0.2 172.18.0.100 26/Nov/2025/14/47/57 GET /v1/AUTH_78bcf9038de64dabbf49cc5cbde2aa55/gnocchi.81dfa515-b6b2-4734-b702-f186c65005ca%3Fformat%3Djson%26marker%3Dnone_v3%26states%3Dlisting HTTP/1.0 200 - python-swiftclient-3.11.1 gAAAAABpJxKhsvRX... - 2 - txc30de4f9b0134d5dba442-006927131d - 0.0101 - - 1764168477.819606543 1764168477.829743624 0
Nov 26 14:47:57 standalone object-server[127695]: 172.20.0.100 - - [26/Nov/2025:14:47:57 +0000] "GET /d1/428/AUTH_78bcf9038de64dabbf49cc5cbde2aa55/gnocchi.81dfa515-b6b2-4734-b702-f186c65005ca/1763640000.0_mean_300.0_v3" 200 16 "GET http://172.18.0.2:8080/v1/AUTH_78bcf9038de64dabbf49cc5cbde2aa55/gnocchi.81dfa515-b6b2-4734-b702-f186c65005ca/1763640000.0_mean_300.0_v3" "txd60b19fedefd4ae0b11ef-006927131d" "proxy-server 20" 0.0013 "-" 25 0
Nov 26 14:47:57 standalone proxy-server[129656]: 172.18.0.2 172.18.0.100 26/Nov/2025/14/47/57 GET /v1/AUTH_78bcf9038de64dabbf49cc5cbde2aa55/gnocchi.81dfa515-b6b2-4734-b702-f186c65005ca/1763640000.0_mean_300.0_v3 HTTP/1.0 200 - python-swiftclient-3.11.1 gAAAAABpJxKhsvRX... - 16 - txd60b19fedefd4ae0b11ef-006927131d - 0.0071 - - 1764168477.834414482 1764168477.841502190 0
Nov 26 14:47:57 standalone container-server[127441]: 172.20.0.100 - - [26/Nov/2025:14:47:57 +0000] "PUT /d1/208/AUTH_78bcf9038de64dabbf49cc5cbde2aa55/gnocchi.81dfa515-b6b2-4734-b702-f186c65005ca/1763640000.0_mean_300.0_v3" 201 - "PUT http://172.18.0.2:8080/d1/428/AUTH_78bcf9038de64dabbf49cc5cbde2aa55/gnocchi.81dfa515-b6b2-4734-b702-f186c65005ca/1763640000.0_mean_300.0_v3" "tx65461929c70b4d74be3ee-006927131d" "object-server 22" 0.0005 "-" 20 0
Nov 26 14:47:57 standalone object-server[127682]: 172.20.0.100 - - [26/Nov/2025:14:47:57 +0000] "PUT /d1/428/AUTH_78bcf9038de64dabbf49cc5cbde2aa55/gnocchi.81dfa515-b6b2-4734-b702-f186c65005ca/1763640000.0_mean_300.0_v3" 201 - "PUT http://172.18.0.2:8080/v1/AUTH_78bcf9038de64dabbf49cc5cbde2aa55/gnocchi.81dfa515-b6b2-4734-b702-f186c65005ca/1763640000.0_mean_300.0_v3" "tx65461929c70b4d74be3ee-006927131d" "proxy-server 20" 0.0120 "-" 22 0
Nov 26 14:47:57 standalone proxy-server[129656]: 172.18.0.2 172.18.0.100 26/Nov/2025/14/47/57 PUT /v1/AUTH_78bcf9038de64dabbf49cc5cbde2aa55/gnocchi.81dfa515-b6b2-4734-b702-f186c65005ca/1763640000.0_mean_300.0_v3 HTTP/1.0 201 - python-swiftclient-3.11.1 gAAAAABpJxKhsvRX... 16 - - tx65461929c70b4d74be3ee-006927131d - 0.0185 - - 1764168477.845618725 1764168477.864151478 0
Nov 26 14:47:57 standalone container-server[127453]: 172.20.0.100 - - [26/Nov/2025:14:47:57 +0000] "PUT /d1/208/AUTH_78bcf9038de64dabbf49cc5cbde2aa55/gnocchi.81dfa515-b6b2-4734-b702-f186c65005ca/none_v3" 201 - "PUT http://172.18.0.2:8080/d1/621/AUTH_78bcf9038de64dabbf49cc5cbde2aa55/gnocchi.81dfa515-b6b2-4734-b702-f186c65005ca/none_v3" "tx81341e269e2e4b07a8250-006927131d" "object-server 24" 0.0008 "-" 23 0
Nov 26 14:47:57 standalone object-server[127693]: 172.20.0.100 - - [26/Nov/2025:14:47:57 +0000] "PUT /d1/621/AUTH_78bcf9038de64dabbf49cc5cbde2aa55/gnocchi.81dfa515-b6b2-4734-b702-f186c65005ca/none_v3" 201 - "PUT http://172.18.0.2:8080/v1/AUTH_78bcf9038de64dabbf49cc5cbde2aa55/gnocchi.81dfa515-b6b2-4734-b702-f186c65005ca/none_v3" "tx81341e269e2e4b07a8250-006927131d" "proxy-server 20" 0.0116 "-" 24 0
Nov 26 14:47:57 standalone proxy-server[129656]: 172.18.0.2 172.18.0.100 26/Nov/2025/14/47/57 PUT /v1/AUTH_78bcf9038de64dabbf49cc5cbde2aa55/gnocchi.81dfa515-b6b2-4734-b702-f186c65005ca/none_v3 HTTP/1.0 201 - python-swiftclient-3.11.1 gAAAAABpJxKhsvRX... 48 - - tx81341e269e2e4b07a8250-006927131d - 0.0167 - - 1764168477.868194580 1764168477.884925842 0
Nov 26 14:47:57 standalone object-server[127682]: 172.20.0.100 - - [26/Nov/2025:14:47:57 +0000] "GET /d1/701/AUTH_78bcf9038de64dabbf49cc5cbde2aa55/gnocchi.6ac0b46c-6499-4644-9490-06885af31e01/none_v3" 200 33 "GET http://172.18.0.2:8080/v1/AUTH_78bcf9038de64dabbf49cc5cbde2aa55/gnocchi.6ac0b46c-6499-4644-9490-06885af31e01/none_v3" "tx979729fd0f3a44fa814e0-006927131d" "proxy-server 20" 0.0010 "-" 22 0
Nov 26 14:47:57 standalone proxy-server[129656]: 172.18.0.2 172.18.0.100 26/Nov/2025/14/47/57 GET /v1/AUTH_78bcf9038de64dabbf49cc5cbde2aa55/gnocchi.6ac0b46c-6499-4644-9490-06885af31e01/none_v3 HTTP/1.0 200 - python-swiftclient-3.11.1 gAAAAABpJxKhsvRX... - 33 - tx979729fd0f3a44fa814e0-006927131d - 0.0064 - - 1764168477.896972179 1764168477.903396606 0
Nov 26 14:47:57 standalone container-server[127441]: 172.20.0.100 - - [26/Nov/2025:14:47:57 +0000] "GET /d1/938/AUTH_78bcf9038de64dabbf49cc5cbde2aa55/gnocchi.6ac0b46c-6499-4644-9490-06885af31e01" 200 357 "GET http://172.18.0.2:8080/v1/AUTH_78bcf9038de64dabbf49cc5cbde2aa55/gnocchi.6ac0b46c-6499-4644-9490-06885af31e01?format=json&states=listing" "tx8daa46b9958149d297937-006927131d" "proxy-server 20" 0.0038 "-" 20 0
Nov 26 14:47:57 standalone proxy-server[129656]: 172.18.0.2 172.18.0.100 26/Nov/2025/14/47/57 GET /v1/AUTH_78bcf9038de64dabbf49cc5cbde2aa55/gnocchi.6ac0b46c-6499-4644-9490-06885af31e01%3Fformat%3Djson%26states%3Dlisting HTTP/1.0 200 - python-swiftclient-3.11.1 gAAAAABpJxKhsvRX... - 357 - tx8daa46b9958149d297937-006927131d - 0.0087 - - 1764168477.907694817 1764168477.916385651 0
Nov 26 14:47:57 standalone container-server[127441]: 172.20.0.100 - - [26/Nov/2025:14:47:57 +0000] "GET /d1/938/AUTH_78bcf9038de64dabbf49cc5cbde2aa55/gnocchi.6ac0b46c-6499-4644-9490-06885af31e01" 200 2 "GET http://172.18.0.2:8080/v1/AUTH_78bcf9038de64dabbf49cc5cbde2aa55/gnocchi.6ac0b46c-6499-4644-9490-06885af31e01?format=json&marker=none_v3&states=listing" "txe96e3d3cf5c44244bc065-006927131d" "proxy-server 20" 0.0032 "-" 20 0
Nov 26 14:47:57 standalone proxy-server[129656]: 172.18.0.2 172.18.0.100 26/Nov/2025/14/47/57 GET /v1/AUTH_78bcf9038de64dabbf49cc5cbde2aa55/gnocchi.6ac0b46c-6499-4644-9490-06885af31e01%3Fformat%3Djson%26marker%3Dnone_v3%26states%3Dlisting HTTP/1.0 200 - python-swiftclient-3.11.1 gAAAAABpJxKhsvRX... - 2 - txe96e3d3cf5c44244bc065-006927131d - 0.0077 - - 1764168477.919440269 1764168477.927124977 0
Nov 26 14:47:57 standalone object-server[127682]: 172.20.0.100 - - [26/Nov/2025:14:47:57 +0000] "GET /d1/600/AUTH_78bcf9038de64dabbf49cc5cbde2aa55/gnocchi.6ac0b46c-6499-4644-9490-06885af31e01/1763640000.0_mean_300.0_v3" 200 16 "GET http://172.18.0.2:8080/v1/AUTH_78bcf9038de64dabbf49cc5cbde2aa55/gnocchi.6ac0b46c-6499-4644-9490-06885af31e01/1763640000.0_mean_300.0_v3" "tx9d79f439f1034fe5a6f2a-006927131d" "proxy-server 20" 0.0018 "-" 22 0
Nov 26 14:47:57 standalone proxy-server[129656]: 172.18.0.2 172.18.0.100 26/Nov/2025/14/47/57 GET /v1/AUTH_78bcf9038de64dabbf49cc5cbde2aa55/gnocchi.6ac0b46c-6499-4644-9490-06885af31e01/1763640000.0_mean_300.0_v3 HTTP/1.0 200 - python-swiftclient-3.11.1 gAAAAABpJxKhsvRX... - 16 - tx9d79f439f1034fe5a6f2a-006927131d - 0.0074 - - 1764168477.930948496 1764168477.938388109 0
Nov 26 14:47:57 standalone container-server[127451]: 172.20.0.100 - - [26/Nov/2025:14:47:57 +0000] "PUT /d1/938/AUTH_78bcf9038de64dabbf49cc5cbde2aa55/gnocchi.6ac0b46c-6499-4644-9490-06885af31e01/1763640000.0_mean_300.0_v3" 201 - "PUT http://172.18.0.2:8080/d1/600/AUTH_78bcf9038de64dabbf49cc5cbde2aa55/gnocchi.6ac0b46c-6499-4644-9490-06885af31e01/1763640000.0_mean_300.0_v3" "tx89b1c5413a1c4a8297246-006927131d" "object-server 25" 0.0009 "-" 22 0
Nov 26 14:47:57 standalone object-server[127695]: 172.20.0.100 - - [26/Nov/2025:14:47:57 +0000] "PUT /d1/600/AUTH_78bcf9038de64dabbf49cc5cbde2aa55/gnocchi.6ac0b46c-6499-4644-9490-06885af31e01/1763640000.0_mean_300.0_v3" 201 - "PUT http://172.18.0.2:8080/v1/AUTH_78bcf9038de64dabbf49cc5cbde2aa55/gnocchi.6ac0b46c-6499-4644-9490-06885af31e01/1763640000.0_mean_300.0_v3" "tx89b1c5413a1c4a8297246-006927131d" "proxy-server 20" 0.0111 "-" 25 0
Nov 26 14:47:57 standalone proxy-server[129656]: 172.18.0.2 172.18.0.100 26/Nov/2025/14/47/57 PUT /v1/AUTH_78bcf9038de64dabbf49cc5cbde2aa55/gnocchi.6ac0b46c-6499-4644-9490-06885af31e01/1763640000.0_mean_300.0_v3 HTTP/1.0 201 - python-swiftclient-3.11.1 gAAAAABpJxKhsvRX... 16 - - tx89b1c5413a1c4a8297246-006927131d - 0.0159 - - 1764168477.942248344 1764168477.958138704 0
Nov 26 14:47:57 standalone container-server[127444]: 172.20.0.100 - - [26/Nov/2025:14:47:57 +0000] "PUT /d1/938/AUTH_78bcf9038de64dabbf49cc5cbde2aa55/gnocchi.6ac0b46c-6499-4644-9490-06885af31e01/none_v3" 201 - "PUT http://172.18.0.2:8080/d1/701/AUTH_78bcf9038de64dabbf49cc5cbde2aa55/gnocchi.6ac0b46c-6499-4644-9490-06885af31e01/none_v3" "txe3cec0910c674fc6bba43-006927131d" "object-server 22" 0.0008 "-" 21 0
Nov 26 14:47:57 standalone object-server[127682]: 172.20.0.100 - - [26/Nov/2025:14:47:57 +0000] "PUT /d1/701/AUTH_78bcf9038de64dabbf49cc5cbde2aa55/gnocchi.6ac0b46c-6499-4644-9490-06885af31e01/none_v3" 201 - "PUT http://172.18.0.2:8080/v1/AUTH_78bcf9038de64dabbf49cc5cbde2aa55/gnocchi.6ac0b46c-6499-4644-9490-06885af31e01/none_v3" "txe3cec0910c674fc6bba43-006927131d" "proxy-server 20" 0.0113 "-" 22 0
Nov 26 14:47:57 standalone proxy-server[129656]: 172.18.0.2 172.18.0.100 26/Nov/2025/14/47/57 PUT /v1/AUTH_78bcf9038de64dabbf49cc5cbde2aa55/gnocchi.6ac0b46c-6499-4644-9490-06885af31e01/none_v3 HTTP/1.0 201 - python-swiftclient-3.11.1 gAAAAABpJxKhsvRX... 48 - - txe3cec0910c674fc6bba43-006927131d - 0.0165 - - 1764168477.961688757 1764168477.978231907 0
Nov 26 14:47:59 standalone object-server[127682]: 172.20.0.100 - - [26/Nov/2025:14:47:59 +0000] "GET /d1/872/AUTH_78bcf9038de64dabbf49cc5cbde2aa55/gnocchi.768ca663-8ec0-4c2c-b71a-b2e846b799d4/none_v3" 200 22 "GET http://172.18.0.2:8080/v1/AUTH_78bcf9038de64dabbf49cc5cbde2aa55/gnocchi.768ca663-8ec0-4c2c-b71a-b2e846b799d4/none_v3" "txd89b0d9a908540dd9e205-006927131f" "proxy-server 20" 0.0013 "-" 22 0
Nov 26 14:47:59 standalone proxy-server[129656]: 172.18.0.2 172.18.0.100 26/Nov/2025/14/47/59 GET /v1/AUTH_78bcf9038de64dabbf49cc5cbde2aa55/gnocchi.768ca663-8ec0-4c2c-b71a-b2e846b799d4/none_v3 HTTP/1.0 200 - python-swiftclient-3.11.1 gAAAAABpJxKhsvRX... - 22 - txd89b0d9a908540dd9e205-006927131f - 0.0354 - - 1764168479.377263784 1764168479.412685394 0
Nov 26 14:47:59 standalone container-server[127441]: 172.20.0.100 - - [26/Nov/2025:14:47:59 +0000] "GET /d1/959/AUTH_78bcf9038de64dabbf49cc5cbde2aa55/gnocchi.768ca663-8ec0-4c2c-b71a-b2e846b799d4" 200 357 "GET http://172.18.0.2:8080/v1/AUTH_78bcf9038de64dabbf49cc5cbde2aa55/gnocchi.768ca663-8ec0-4c2c-b71a-b2e846b799d4?format=json&states=listing" "tx1e26a9f0febf450499d07-006927131f" "proxy-server 20" 0.0182 "-" 20 0
Nov 26 14:47:59 standalone proxy-server[129656]: 172.18.0.2 172.18.0.100 26/Nov/2025/14/47/59 GET /v1/AUTH_78bcf9038de64dabbf49cc5cbde2aa55/gnocchi.768ca663-8ec0-4c2c-b71a-b2e846b799d4%3Fformat%3Djson%26states%3Dlisting HTTP/1.0 200 - python-swiftclient-3.11.1 gAAAAABpJxKhsvRX... - 357 - tx1e26a9f0febf450499d07-006927131f - 0.0286 - - 1764168479.418054104 1764168479.446647644 0
Nov 26 14:47:59 standalone container-server[127444]: 172.20.0.100 - - [26/Nov/2025:14:47:59 +0000] "GET /d1/959/AUTH_78bcf9038de64dabbf49cc5cbde2aa55/gnocchi.768ca663-8ec0-4c2c-b71a-b2e846b799d4" 200 2 "GET http://172.18.0.2:8080/v1/AUTH_78bcf9038de64dabbf49cc5cbde2aa55/gnocchi.768ca663-8ec0-4c2c-b71a-b2e846b799d4?format=json&marker=none_v3&states=listing" "txf3729eab72a44463b53d2-006927131f" "proxy-server 20" 0.0043 "-" 21 0
Nov 26 14:47:59 standalone proxy-server[129656]: 172.18.0.2 172.18.0.100 26/Nov/2025/14/47/59 GET /v1/AUTH_78bcf9038de64dabbf49cc5cbde2aa55/gnocchi.768ca663-8ec0-4c2c-b71a-b2e846b799d4%3Fformat%3Djson%26marker%3Dnone_v3%26states%3Dlisting HTTP/1.0 200 - python-swiftclient-3.11.1 gAAAAABpJxKhsvRX... - 2 - txf3729eab72a44463b53d2-006927131f - 0.0173 - - 1764168479.450543880 1764168479.467865944 0
Nov 26 14:47:59 standalone object-server[127693]: 172.20.0.100 - - [26/Nov/2025:14:47:59 +0000] "GET /d1/664/AUTH_78bcf9038de64dabbf49cc5cbde2aa55/gnocchi.768ca663-8ec0-4c2c-b71a-b2e846b799d4/1763640000.0_mean_300.0_v3" 200 16 "GET http://172.18.0.2:8080/v1/AUTH_78bcf9038de64dabbf49cc5cbde2aa55/gnocchi.768ca663-8ec0-4c2c-b71a-b2e846b799d4/1763640000.0_mean_300.0_v3" "tx1d7b67d9616440839e3a1-006927131f" "proxy-server 20" 0.0006 "-" 24 0
Nov 26 14:47:59 standalone proxy-server[129656]: 172.18.0.2 172.18.0.100 26/Nov/2025/14/47/59 GET /v1/AUTH_78bcf9038de64dabbf49cc5cbde2aa55/gnocchi.768ca663-8ec0-4c2c-b71a-b2e846b799d4/1763640000.0_mean_300.0_v3 HTTP/1.0 200 - python-swiftclient-3.11.1 gAAAAABpJxKhsvRX... - 16 - tx1d7b67d9616440839e3a1-006927131f - 0.0055 - - 1764168479.472390652 1764168479.477841139 0
Nov 26 14:47:59 standalone container-server[127444]: 172.20.0.100 - - [26/Nov/2025:14:47:59 +0000] "PUT /d1/959/AUTH_78bcf9038de64dabbf49cc5cbde2aa55/gnocchi.768ca663-8ec0-4c2c-b71a-b2e846b799d4/1763640000.0_mean_300.0_v3" 201 - "PUT http://172.18.0.2:8080/d1/664/AUTH_78bcf9038de64dabbf49cc5cbde2aa55/gnocchi.768ca663-8ec0-4c2c-b71a-b2e846b799d4/1763640000.0_mean_300.0_v3" "txf37c4a50f86543f997bf5-006927131f" "object-server 24" 0.0008 "-" 21 0
Nov 26 14:47:59 standalone object-server[127693]: 172.20.0.100 - - [26/Nov/2025:14:47:59 +0000] "PUT /d1/664/AUTH_78bcf9038de64dabbf49cc5cbde2aa55/gnocchi.768ca663-8ec0-4c2c-b71a-b2e846b799d4/1763640000.0_mean_300.0_v3" 201 - "PUT http://172.18.0.2:8080/v1/AUTH_78bcf9038de64dabbf49cc5cbde2aa55/gnocchi.768ca663-8ec0-4c2c-b71a-b2e846b799d4/1763640000.0_mean_300.0_v3" "txf37c4a50f86543f997bf5-006927131f" "proxy-server 20" 0.0095 "-" 24 0
Nov 26 14:47:59 standalone proxy-server[129656]: 172.18.0.2 172.18.0.100 26/Nov/2025/14/47/59 PUT /v1/AUTH_78bcf9038de64dabbf49cc5cbde2aa55/gnocchi.768ca663-8ec0-4c2c-b71a-b2e846b799d4/1763640000.0_mean_300.0_v3 HTTP/1.0 201 - python-swiftclient-3.11.1 gAAAAABpJxKhsvRX... 16 - - txf37c4a50f86543f997bf5-006927131f - 0.0134 - - 1764168479.480903625 1764168479.494253874 0
Nov 26 14:47:59 standalone container-server[127441]: 172.20.0.100 - - [26/Nov/2025:14:47:59 +0000] "PUT /d1/959/AUTH_78bcf9038de64dabbf49cc5cbde2aa55/gnocchi.768ca663-8ec0-4c2c-b71a-b2e846b799d4/none_v3" 201 - "PUT http://172.18.0.2:8080/d1/872/AUTH_78bcf9038de64dabbf49cc5cbde2aa55/gnocchi.768ca663-8ec0-4c2c-b71a-b2e846b799d4/none_v3" "tx945b13beaffe41589128a-006927131f" "object-server 22" 0.0009 "-" 20 0
Nov 26 14:47:59 standalone object-server[127682]: 172.20.0.100 - - [26/Nov/2025:14:47:59 +0000] "PUT /d1/872/AUTH_78bcf9038de64dabbf49cc5cbde2aa55/gnocchi.768ca663-8ec0-4c2c-b71a-b2e846b799d4/none_v3" 201 - "PUT http://172.18.0.2:8080/v1/AUTH_78bcf9038de64dabbf49cc5cbde2aa55/gnocchi.768ca663-8ec0-4c2c-b71a-b2e846b799d4/none_v3" "tx945b13beaffe41589128a-006927131f" "proxy-server 20" 0.0104 "-" 22 0
Nov 26 14:47:59 standalone proxy-server[129656]: 172.18.0.2 172.18.0.100 26/Nov/2025/14/47/59 PUT /v1/AUTH_78bcf9038de64dabbf49cc5cbde2aa55/gnocchi.768ca663-8ec0-4c2c-b71a-b2e846b799d4/none_v3 HTTP/1.0 201 - python-swiftclient-3.11.1 gAAAAABpJxKhsvRX... 31 - - tx945b13beaffe41589128a-006927131f - 0.0151 - - 1764168479.496938467 1764168479.512038708 0
Nov 26 14:48:08 standalone account-server[127420]: 172.20.0.100 - - [26/Nov/2025:14:48:08 +0000] "HEAD /d1/207/AUTH_78bcf9038de64dabbf49cc5cbde2aa55" 204 - "HEAD http://172.18.0.2:8080/v1/AUTH_78bcf9038de64dabbf49cc5cbde2aa55?format=json" "tx697d6818dac445da85c7f-0069271328" "proxy-server 20" 0.0082 "-" 20 -
Nov 26 14:48:08 standalone proxy-server[129656]: - - 26/Nov/2025/14/48/08 HEAD /v1/AUTH_78bcf9038de64dabbf49cc5cbde2aa55%3Fformat%3Djson HTTP/1.0 204 - Swift - - - - tx697d6818dac445da85c7f-0069271328 - 0.0140 RL - 1764168488.039784670 1764168488.053773880 -
Nov 26 14:48:08 standalone object-server[127693]: 172.20.0.100 - - [26/Nov/2025:14:48:08 +0000] "GET /d1/872/AUTH_78bcf9038de64dabbf49cc5cbde2aa55/gnocchi.768ca663-8ec0-4c2c-b71a-b2e846b799d4/none_v3" 200 31 "GET http://172.18.0.2:8080/v1/AUTH_78bcf9038de64dabbf49cc5cbde2aa55/gnocchi.768ca663-8ec0-4c2c-b71a-b2e846b799d4/none_v3" "tx697d6818dac445da85c7f-0069271328" "proxy-server 20" 0.0009 "-" 24 0
Nov 26 14:48:08 standalone proxy-server[129656]: 172.18.0.2 172.18.0.100 26/Nov/2025/14/48/08 GET /v1/AUTH_78bcf9038de64dabbf49cc5cbde2aa55/gnocchi.768ca663-8ec0-4c2c-b71a-b2e846b799d4/none_v3 HTTP/1.0 200 - python-swiftclient-3.11.1 gAAAAABpJxKhsvRX... - 31 - tx697d6818dac445da85c7f-0069271328 - 0.0246 - - 1764168488.038593531 1764168488.063159704 0
Nov 26 14:48:08 standalone container-server[127453]: 172.20.0.100 - - [26/Nov/2025:14:48:08 +0000] "GET /d1/959/AUTH_78bcf9038de64dabbf49cc5cbde2aa55/gnocchi.768ca663-8ec0-4c2c-b71a-b2e846b799d4" 200 357 "GET http://172.18.0.2:8080/v1/AUTH_78bcf9038de64dabbf49cc5cbde2aa55/gnocchi.768ca663-8ec0-4c2c-b71a-b2e846b799d4?format=json&states=listing" "txfecd3d1a7b04488a97559-0069271328" "proxy-server 20" 0.0096 "-" 23 0
Nov 26 14:48:08 standalone proxy-server[129656]: 172.18.0.2 172.18.0.100 26/Nov/2025/14/48/08 GET /v1/AUTH_78bcf9038de64dabbf49cc5cbde2aa55/gnocchi.768ca663-8ec0-4c2c-b71a-b2e846b799d4%3Fformat%3Djson%26states%3Dlisting HTTP/1.0 200 - python-swiftclient-3.11.1 gAAAAABpJxKhsvRX... - 357 - txfecd3d1a7b04488a97559-0069271328 - 0.0258 - - 1764168488.067007303 1764168488.092787981 0
Nov 26 14:48:08 standalone container-server[127444]: 172.20.0.100 - - [26/Nov/2025:14:48:08 +0000] "GET /d1/959/AUTH_78bcf9038de64dabbf49cc5cbde2aa55/gnocchi.768ca663-8ec0-4c2c-b71a-b2e846b799d4" 200 2 "GET http://172.18.0.2:8080/v1/AUTH_78bcf9038de64dabbf49cc5cbde2aa55/gnocchi.768ca663-8ec0-4c2c-b71a-b2e846b799d4?format=json&marker=none_v3&states=listing" "tx8a13d5ac7c7a4ba9af31e-0069271328" "proxy-server 20" 0.0035 "-" 21 0
Nov 26 14:48:08 standalone proxy-server[129656]: 172.18.0.2 172.18.0.100 26/Nov/2025/14/48/08 GET /v1/AUTH_78bcf9038de64dabbf49cc5cbde2aa55/gnocchi.768ca663-8ec0-4c2c-b71a-b2e846b799d4%3Fformat%3Djson%26marker%3Dnone_v3%26states%3Dlisting HTTP/1.0 200 - python-swiftclient-3.11.1 gAAAAABpJxKhsvRX... - 2 - tx8a13d5ac7c7a4ba9af31e-0069271328 - 0.0129 - - 1764168488.096089363 1764168488.108957291 0
Nov 26 14:48:08 standalone object-server[127695]: 172.20.0.100 - - [26/Nov/2025:14:48:08 +0000] "GET /d1/664/AUTH_78bcf9038de64dabbf49cc5cbde2aa55/gnocchi.768ca663-8ec0-4c2c-b71a-b2e846b799d4/1763640000.0_mean_300.0_v3" 200 16 "GET http://172.18.0.2:8080/v1/AUTH_78bcf9038de64dabbf49cc5cbde2aa55/gnocchi.768ca663-8ec0-4c2c-b71a-b2e846b799d4/1763640000.0_mean_300.0_v3" "tx7be7f87b696e4c48801bb-0069271328" "proxy-server 20" 0.0008 "-" 25 0
Nov 26 14:48:08 standalone proxy-server[129656]: 172.18.0.2 172.18.0.100 26/Nov/2025/14/48/08 GET /v1/AUTH_78bcf9038de64dabbf49cc5cbde2aa55/gnocchi.768ca663-8ec0-4c2c-b71a-b2e846b799d4/1763640000.0_mean_300.0_v3 HTTP/1.0 200 - python-swiftclient-3.11.1 gAAAAABpJxKhsvRX... - 16 - tx7be7f87b696e4c48801bb-0069271328 - 0.0080 - - 1764168488.113150358 1764168488.121111393 0
Nov 26 14:48:08 standalone container-server[127451]: 172.20.0.100 - - [26/Nov/2025:14:48:08 +0000] "PUT /d1/959/AUTH_78bcf9038de64dabbf49cc5cbde2aa55/gnocchi.768ca663-8ec0-4c2c-b71a-b2e846b799d4/1763640000.0_mean_300.0_v3" 201 - "PUT http://172.18.0.2:8080/d1/664/AUTH_78bcf9038de64dabbf49cc5cbde2aa55/gnocchi.768ca663-8ec0-4c2c-b71a-b2e846b799d4/1763640000.0_mean_300.0_v3" "tx543da6d1cba543c59f5c8-0069271328" "object-server 23" 0.0004 "-" 22 0
Nov 26 14:48:08 standalone object-server[127688]: 172.20.0.100 - - [26/Nov/2025:14:48:08 +0000] "PUT /d1/664/AUTH_78bcf9038de64dabbf49cc5cbde2aa55/gnocchi.768ca663-8ec0-4c2c-b71a-b2e846b799d4/1763640000.0_mean_300.0_v3" 201 - "PUT http://172.18.0.2:8080/v1/AUTH_78bcf9038de64dabbf49cc5cbde2aa55/gnocchi.768ca663-8ec0-4c2c-b71a-b2e846b799d4/1763640000.0_mean_300.0_v3" "tx543da6d1cba543c59f5c8-0069271328" "proxy-server 20" 0.0098 "-" 23 0
Nov 26 14:48:08 standalone proxy-server[129656]: 172.18.0.2 172.18.0.100 26/Nov/2025/14/48/08 PUT /v1/AUTH_78bcf9038de64dabbf49cc5cbde2aa55/gnocchi.768ca663-8ec0-4c2c-b71a-b2e846b799d4/1763640000.0_mean_300.0_v3 HTTP/1.0 201 - python-swiftclient-3.11.1 gAAAAABpJxKhsvRX... 16 - - tx543da6d1cba543c59f5c8-0069271328 - 0.0162 - - 1764168488.124531269 1764168488.140699148 0
Nov 26 14:48:08 standalone container-server[127444]: 172.20.0.100 - - [26/Nov/2025:14:48:08 +0000] "PUT /d1/959/AUTH_78bcf9038de64dabbf49cc5cbde2aa55/gnocchi.768ca663-8ec0-4c2c-b71a-b2e846b799d4/none_v3" 201 - "PUT http://172.18.0.2:8080/d1/872/AUTH_78bcf9038de64dabbf49cc5cbde2aa55/gnocchi.768ca663-8ec0-4c2c-b71a-b2e846b799d4/none_v3" "txcbc0a25be5e84353a2512-0069271328" "object-server 24" 0.0009 "-" 21 0
Nov 26 14:48:08 standalone object-server[127693]: 172.20.0.100 - - [26/Nov/2025:14:48:08 +0000] "PUT /d1/872/AUTH_78bcf9038de64dabbf49cc5cbde2aa55/gnocchi.768ca663-8ec0-4c2c-b71a-b2e846b799d4/none_v3" 201 - "PUT http://172.18.0.2:8080/v1/AUTH_78bcf9038de64dabbf49cc5cbde2aa55/gnocchi.768ca663-8ec0-4c2c-b71a-b2e846b799d4/none_v3" "txcbc0a25be5e84353a2512-0069271328" "proxy-server 20" 0.0089 "-" 24 0
Nov 26 14:48:08 standalone proxy-server[129656]: 172.18.0.2 172.18.0.100 26/Nov/2025/14/48/08 PUT /v1/AUTH_78bcf9038de64dabbf49cc5cbde2aa55/gnocchi.768ca663-8ec0-4c2c-b71a-b2e846b799d4/none_v3 HTTP/1.0 201 - python-swiftclient-3.11.1 gAAAAABpJxKhsvRX... 46 - - txcbc0a25be5e84353a2512-0069271328 - 0.0154 - - 1764168488.144406557 1764168488.159796238 0
Nov 26 14:48:08 standalone object-server[127695]: 172.20.0.100 - - [26/Nov/2025:14:48:08 +0000] "GET /d1/872/AUTH_78bcf9038de64dabbf49cc5cbde2aa55/gnocchi.768ca663-8ec0-4c2c-b71a-b2e846b799d4/none_v3" 200 46 "GET http://172.18.0.2:8080/v1/AUTH_78bcf9038de64dabbf49cc5cbde2aa55/gnocchi.768ca663-8ec0-4c2c-b71a-b2e846b799d4/none_v3" "txfc808691ed1248a6a6593-0069271328" "proxy-server 20" 0.0007 "-" 25 0
Nov 26 14:48:08 standalone proxy-server[129656]: 172.18.0.2 172.18.0.100 26/Nov/2025/14/48/08 GET /v1/AUTH_78bcf9038de64dabbf49cc5cbde2aa55/gnocchi.768ca663-8ec0-4c2c-b71a-b2e846b799d4/none_v3 HTTP/1.0 200 - python-swiftclient-3.11.1 gAAAAABpJxKhsvRX... - 46 - txfc808691ed1248a6a6593-0069271328 - 0.0128 - - 1764168488.663270712 1764168488.676041365 0
Nov 26 14:48:08 standalone container-server[127444]: 172.20.0.100 - - [26/Nov/2025:14:48:08 +0000] "GET /d1/959/AUTH_78bcf9038de64dabbf49cc5cbde2aa55/gnocchi.768ca663-8ec0-4c2c-b71a-b2e846b799d4" 200 357 "GET http://172.18.0.2:8080/v1/AUTH_78bcf9038de64dabbf49cc5cbde2aa55/gnocchi.768ca663-8ec0-4c2c-b71a-b2e846b799d4?format=json&states=listing" "tx0d581b53270b4ea199108-0069271328" "proxy-server 20" 0.0090 "-" 21 0
Nov 26 14:48:08 standalone proxy-server[129656]: 172.18.0.2 172.18.0.100 26/Nov/2025/14/48/08 GET /v1/AUTH_78bcf9038de64dabbf49cc5cbde2aa55/gnocchi.768ca663-8ec0-4c2c-b71a-b2e846b799d4%3Fformat%3Djson%26states%3Dlisting HTTP/1.0 200 - python-swiftclient-3.11.1 gAAAAABpJxKhsvRX... - 357 - tx0d581b53270b4ea199108-0069271328 - 0.0213 - - 1764168488.680616617 1764168488.701926947 0
Nov 26 14:48:08 standalone container-server[127441]: 172.20.0.100 - - [26/Nov/2025:14:48:08 +0000] "GET /d1/959/AUTH_78bcf9038de64dabbf49cc5cbde2aa55/gnocchi.768ca663-8ec0-4c2c-b71a-b2e846b799d4" 200 2 "GET http://172.18.0.2:8080/v1/AUTH_78bcf9038de64dabbf49cc5cbde2aa55/gnocchi.768ca663-8ec0-4c2c-b71a-b2e846b799d4?format=json&marker=none_v3&states=listing" "txb98b5b4de21c405787514-0069271328" "proxy-server 20" 0.0041 "-" 20 0
Nov 26 14:48:08 standalone proxy-server[129656]: 172.18.0.2 172.18.0.100 26/Nov/2025/14/48/08 GET /v1/AUTH_78bcf9038de64dabbf49cc5cbde2aa55/gnocchi.768ca663-8ec0-4c2c-b71a-b2e846b799d4%3Fformat%3Djson%26marker%3Dnone_v3%26states%3Dlisting HTTP/1.0 200 - python-swiftclient-3.11.1 gAAAAABpJxKhsvRX... - 2 - txb98b5b4de21c405787514-0069271328 - 0.0118 - - 1764168488.704646349 1764168488.716419220 0
Nov 26 14:48:08 standalone object-server[127693]: 172.20.0.100 - - [26/Nov/2025:14:48:08 +0000] "GET /d1/664/AUTH_78bcf9038de64dabbf49cc5cbde2aa55/gnocchi.768ca663-8ec0-4c2c-b71a-b2e846b799d4/1763640000.0_mean_300.0_v3" 200 16 "GET http://172.18.0.2:8080/v1/AUTH_78bcf9038de64dabbf49cc5cbde2aa55/gnocchi.768ca663-8ec0-4c2c-b71a-b2e846b799d4/1763640000.0_mean_300.0_v3" "tx4f6c1830eee644489720f-0069271328" "proxy-server 20" 0.0006 "-" 24 0
Nov 26 14:48:08 standalone proxy-server[129656]: 172.18.0.2 172.18.0.100 26/Nov/2025/14/48/08 GET /v1/AUTH_78bcf9038de64dabbf49cc5cbde2aa55/gnocchi.768ca663-8ec0-4c2c-b71a-b2e846b799d4/1763640000.0_mean_300.0_v3 HTTP/1.0 200 - python-swiftclient-3.11.1 gAAAAABpJxKhsvRX... - 16 - tx4f6c1830eee644489720f-0069271328 - 0.0054 - - 1764168488.718796968 1764168488.724196911 0
Nov 26 14:48:08 standalone container-server[127451]: 172.20.0.100 - - [26/Nov/2025:14:48:08 +0000] "PUT /d1/959/AUTH_78bcf9038de64dabbf49cc5cbde2aa55/gnocchi.768ca663-8ec0-4c2c-b71a-b2e846b799d4/1763640000.0_mean_300.0_v3" 201 - "PUT http://172.18.0.2:8080/d1/664/AUTH_78bcf9038de64dabbf49cc5cbde2aa55/gnocchi.768ca663-8ec0-4c2c-b71a-b2e846b799d4/1763640000.0_mean_300.0_v3" "txb5e7b6bef2304a6e9c87c-0069271328" "object-server 22" 0.0005 "-" 22 0
Nov 26 14:48:08 standalone object-server[127682]: 172.20.0.100 - - [26/Nov/2025:14:48:08 +0000] "PUT /d1/664/AUTH_78bcf9038de64dabbf49cc5cbde2aa55/gnocchi.768ca663-8ec0-4c2c-b71a-b2e846b799d4/1763640000.0_mean_300.0_v3" 201 - "PUT http://172.18.0.2:8080/v1/AUTH_78bcf9038de64dabbf49cc5cbde2aa55/gnocchi.768ca663-8ec0-4c2c-b71a-b2e846b799d4/1763640000.0_mean_300.0_v3" "txb5e7b6bef2304a6e9c87c-0069271328" "proxy-server 20" 0.0094 "-" 22 0
Nov 26 14:48:08 standalone proxy-server[129656]: 172.18.0.2 172.18.0.100 26/Nov/2025/14/48/08 PUT /v1/AUTH_78bcf9038de64dabbf49cc5cbde2aa55/gnocchi.768ca663-8ec0-4c2c-b71a-b2e846b799d4/1763640000.0_mean_300.0_v3 HTTP/1.0 201 - python-swiftclient-3.11.1 gAAAAABpJxKhsvRX... 16 - - txb5e7b6bef2304a6e9c87c-0069271328 - 0.0139 - - 1764168488.726128101 1764168488.740034342 0
Nov 26 14:48:08 standalone container-server[127451]: 172.20.0.100 - - [26/Nov/2025:14:48:08 +0000] "PUT /d1/959/AUTH_78bcf9038de64dabbf49cc5cbde2aa55/gnocchi.768ca663-8ec0-4c2c-b71a-b2e846b799d4/none_v3" 201 - "PUT http://172.18.0.2:8080/d1/872/AUTH_78bcf9038de64dabbf49cc5cbde2aa55/gnocchi.768ca663-8ec0-4c2c-b71a-b2e846b799d4/none_v3" "tx64790abc74f7484786c90-0069271328" "object-server 25" 0.0009 "-" 22 0
Nov 26 14:48:08 standalone object-server[127695]: 172.20.0.100 - - [26/Nov/2025:14:48:08 +0000] "PUT /d1/872/AUTH_78bcf9038de64dabbf49cc5cbde2aa55/gnocchi.768ca663-8ec0-4c2c-b71a-b2e846b799d4/none_v3" 201 - "PUT http://172.18.0.2:8080/v1/AUTH_78bcf9038de64dabbf49cc5cbde2aa55/gnocchi.768ca663-8ec0-4c2c-b71a-b2e846b799d4/none_v3" "tx64790abc74f7484786c90-0069271328" "proxy-server 20" 0.0097 "-" 25 0
Nov 26 14:48:08 standalone proxy-server[129656]: 172.18.0.2 172.18.0.100 26/Nov/2025/14/48/08 PUT /v1/AUTH_78bcf9038de64dabbf49cc5cbde2aa55/gnocchi.768ca663-8ec0-4c2c-b71a-b2e846b799d4/none_v3 HTTP/1.0 201 - python-swiftclient-3.11.1 gAAAAABpJxKhsvRX... 51 - - tx64790abc74f7484786c90-0069271328 - 0.0144 - - 1764168488.742212296 1764168488.756603241 0
Nov 26 14:48:11 standalone container-server[127453]: 172.20.0.100 - - [26/Nov/2025:14:48:11 +0000] "HEAD /d1/629/AUTH_78bcf9038de64dabbf49cc5cbde2aa55/gnocchi.de7e3598-b32a-44cd-9dcf-22bd8420017f" 404 - "HEAD http://172.18.0.2:8080/v1/AUTH_78bcf9038de64dabbf49cc5cbde2aa55/gnocchi.de7e3598-b32a-44cd-9dcf-22bd8420017f?format=json&states=listing" "tx1700a71555774922b8b74-006927132b" "proxy-server 20" 0.0006 "-" 23 0
Nov 26 14:48:11 standalone object-server[127695]: 172.20.0.100 - - [26/Nov/2025:14:48:11 +0000] "GET /d1/162/AUTH_78bcf9038de64dabbf49cc5cbde2aa55/gnocchi.de7e3598-b32a-44cd-9dcf-22bd8420017f/none_v3" 404 70 "GET http://172.18.0.2:8080/v1/AUTH_78bcf9038de64dabbf49cc5cbde2aa55/gnocchi.de7e3598-b32a-44cd-9dcf-22bd8420017f/none_v3" "tx1700a71555774922b8b74-006927132b" "proxy-server 20" 0.0007 "-" 25 0
Nov 26 14:48:11 standalone proxy-server[129656]: 172.18.0.2 172.18.0.100 26/Nov/2025/14/48/11 GET /v1/AUTH_78bcf9038de64dabbf49cc5cbde2aa55/gnocchi.de7e3598-b32a-44cd-9dcf-22bd8420017f/none_v3 HTTP/1.0 404 - python-swiftclient-3.11.1 gAAAAABpJxKhsvRX... - 70 - tx1700a71555774922b8b74-006927132b - 0.0152 - - 1764168491.558561325 1764168491.573760509 0
Nov 26 14:48:11 standalone account-server[127448]: 172.20.0.100 - - [26/Nov/2025:14:48:11 +0000] "PUT /d1/207/AUTH_78bcf9038de64dabbf49cc5cbde2aa55/gnocchi.de7e3598-b32a-44cd-9dcf-22bd8420017f" 201 - "PUT http://172.20.0.100:6001/d1/629/AUTH_78bcf9038de64dabbf49cc5cbde2aa55/gnocchi.de7e3598-b32a-44cd-9dcf-22bd8420017f" "tx0d2e6fe354d94d7183117-006927132b" "container-server 22" 0.0011 "-" 23 0
Nov 26 14:48:11 standalone container-server[127451]: 172.20.0.100 - - [26/Nov/2025:14:48:11 +0000] "PUT /d1/629/AUTH_78bcf9038de64dabbf49cc5cbde2aa55/gnocchi.de7e3598-b32a-44cd-9dcf-22bd8420017f" 201 - "PUT http://172.18.0.2:8080/v1/AUTH_78bcf9038de64dabbf49cc5cbde2aa55/gnocchi.de7e3598-b32a-44cd-9dcf-22bd8420017f" "tx0d2e6fe354d94d7183117-006927132b" "proxy-server 20" 0.0159 "-" 22 0
Nov 26 14:48:11 standalone proxy-server[129656]: 172.18.0.2 172.18.0.100 26/Nov/2025/14/48/11 PUT /v1/AUTH_78bcf9038de64dabbf49cc5cbde2aa55/gnocchi.de7e3598-b32a-44cd-9dcf-22bd8420017f HTTP/1.0 201 - python-swiftclient-3.11.1 gAAAAABpJxKhsvRX... - - - tx0d2e6fe354d94d7183117-006927132b - 0.0236 - - 1764168491.579486609 1764168491.603052139 0
Nov 26 14:48:11 standalone container-server[127453]: 172.20.0.100 - - [26/Nov/2025:14:48:11 +0000] "HEAD /d1/629/AUTH_78bcf9038de64dabbf49cc5cbde2aa55/gnocchi.de7e3598-b32a-44cd-9dcf-22bd8420017f" 204 - "HEAD http://172.18.0.2:8080/v1/AUTH_78bcf9038de64dabbf49cc5cbde2aa55/gnocchi.de7e3598-b32a-44cd-9dcf-22bd8420017f?format=json&states=listing" "txf405f18dc9ed467aa41ba-006927132b" "proxy-server 20" 0.0011 "-" 23 0
Nov 26 14:48:11 standalone proxy-server[129656]: - - 26/Nov/2025/14/48/11 HEAD /v1/AUTH_78bcf9038de64dabbf49cc5cbde2aa55/gnocchi.de7e3598-b32a-44cd-9dcf-22bd8420017f%3Fformat%3Djson%26states%3Dlisting HTTP/1.0 204 - Swift - - - - txf405f18dc9ed467aa41ba-006927132b - 0.0049 RL - 1764168491.608440876 1764168491.613346577 0
Nov 26 14:48:11 standalone container-server[127444]: 172.20.0.100 - - [26/Nov/2025:14:48:11 +0000] "GET /d1/629/AUTH_78bcf9038de64dabbf49cc5cbde2aa55/gnocchi.de7e3598-b32a-44cd-9dcf-22bd8420017f" 200 2 "GET http://172.18.0.2:8080/v1/AUTH_78bcf9038de64dabbf49cc5cbde2aa55/gnocchi.de7e3598-b32a-44cd-9dcf-22bd8420017f?format=json&states=listing" "txf405f18dc9ed467aa41ba-006927132b" "proxy-server 20" 0.0039 "-" 21 0
Nov 26 14:48:11 standalone proxy-server[129656]: 172.18.0.2 172.18.0.100 26/Nov/2025/14/48/11 GET /v1/AUTH_78bcf9038de64dabbf49cc5cbde2aa55/gnocchi.de7e3598-b32a-44cd-9dcf-22bd8420017f%3Fformat%3Djson%26states%3Dlisting HTTP/1.0 200 - python-swiftclient-3.11.1 gAAAAABpJxKhsvRX... - 2 - txf405f18dc9ed467aa41ba-006927132b - 0.0193 - - 1764168491.606951475 1764168491.626232624 0
Nov 26 14:48:11 standalone object-server[127688]: 172.20.0.100 - - [26/Nov/2025:14:48:11 +0000] "GET /d1/570/AUTH_78bcf9038de64dabbf49cc5cbde2aa55/gnocchi.de7e3598-b32a-44cd-9dcf-22bd8420017f/1763640000.0_mean_300.0_v3" 404 70 "GET http://172.18.0.2:8080/v1/AUTH_78bcf9038de64dabbf49cc5cbde2aa55/gnocchi.de7e3598-b32a-44cd-9dcf-22bd8420017f/1763640000.0_mean_300.0_v3" "txf91f820979a24752a6a24-006927132b" "proxy-server 20" 0.0004 "-" 23 0
Nov 26 14:48:11 standalone proxy-server[129656]: 172.18.0.2 172.18.0.100 26/Nov/2025/14/48/11 GET /v1/AUTH_78bcf9038de64dabbf49cc5cbde2aa55/gnocchi.de7e3598-b32a-44cd-9dcf-22bd8420017f/1763640000.0_mean_300.0_v3 HTTP/1.0 404 - python-swiftclient-3.11.1 gAAAAABpJxKhsvRX... - 70 - txf91f820979a24752a6a24-006927132b - 0.0105 - - 1764168491.631454706 1764168491.641928673 0
Nov 26 14:48:11 standalone container-server[127451]: 172.20.0.100 - - [26/Nov/2025:14:48:11 +0000] "PUT /d1/629/AUTH_78bcf9038de64dabbf49cc5cbde2aa55/gnocchi.de7e3598-b32a-44cd-9dcf-22bd8420017f/1763640000.0_mean_300.0_v3" 201 - "PUT http://172.18.0.2:8080/d1/570/AUTH_78bcf9038de64dabbf49cc5cbde2aa55/gnocchi.de7e3598-b32a-44cd-9dcf-22bd8420017f/1763640000.0_mean_300.0_v3" "txbbd805c411724ec08b680-006927132b" "object-server 23" 0.0011 "-" 22 0
Nov 26 14:48:11 standalone object-server[127688]: 172.20.0.100 - - [26/Nov/2025:14:48:11 +0000] "PUT /d1/570/AUTH_78bcf9038de64dabbf49cc5cbde2aa55/gnocchi.de7e3598-b32a-44cd-9dcf-22bd8420017f/1763640000.0_mean_300.0_v3" 201 - "PUT http://172.18.0.2:8080/v1/AUTH_78bcf9038de64dabbf49cc5cbde2aa55/gnocchi.de7e3598-b32a-44cd-9dcf-22bd8420017f/1763640000.0_mean_300.0_v3" "txbbd805c411724ec08b680-006927132b" "proxy-server 20" 0.0128 "-" 23 0
Nov 26 14:48:11 standalone proxy-server[129656]: 172.18.0.2 172.18.0.100 26/Nov/2025/14/48/11 PUT /v1/AUTH_78bcf9038de64dabbf49cc5cbde2aa55/gnocchi.de7e3598-b32a-44cd-9dcf-22bd8420017f/1763640000.0_mean_300.0_v3 HTTP/1.0 201 - python-swiftclient-3.11.1 gAAAAABpJxKhsvRX... 16 - - txbbd805c411724ec08b680-006927132b - 0.0198 - - 1764168491.645917177 1764168491.665697336 0
Nov 26 14:48:11 standalone container-server[127444]: 172.20.0.100 - - [26/Nov/2025:14:48:11 +0000] "PUT /d1/629/AUTH_78bcf9038de64dabbf49cc5cbde2aa55/gnocchi.de7e3598-b32a-44cd-9dcf-22bd8420017f/none_v3" 201 - "PUT http://172.18.0.2:8080/d1/162/AUTH_78bcf9038de64dabbf49cc5cbde2aa55/gnocchi.de7e3598-b32a-44cd-9dcf-22bd8420017f/none_v3" "tx2a72540548e348f1a0b5e-006927132b" "object-server 25" 0.0007 "-" 21 0
Nov 26 14:48:11 standalone object-server[127695]: 172.20.0.100 - - [26/Nov/2025:14:48:11 +0000] "PUT /d1/162/AUTH_78bcf9038de64dabbf49cc5cbde2aa55/gnocchi.de7e3598-b32a-44cd-9dcf-22bd8420017f/none_v3" 201 - "PUT http://172.18.0.2:8080/v1/AUTH_78bcf9038de64dabbf49cc5cbde2aa55/gnocchi.de7e3598-b32a-44cd-9dcf-22bd8420017f/none_v3" "tx2a72540548e348f1a0b5e-006927132b" "proxy-server 20" 0.0165 "-" 25 0
Nov 26 14:48:11 standalone proxy-server[129656]: 172.18.0.2 172.18.0.100 26/Nov/2025/14/48/11 PUT /v1/AUTH_78bcf9038de64dabbf49cc5cbde2aa55/gnocchi.de7e3598-b32a-44cd-9dcf-22bd8420017f/none_v3 HTTP/1.0 201 - python-swiftclient-3.11.1 gAAAAABpJxKhsvRX... 22 - - tx2a72540548e348f1a0b5e-006927132b - 0.0235 - - 1764168491.669142246 1764168491.692624807 0
Nov 26 14:48:11 standalone container-server[127441]: 172.20.0.100 - - [26/Nov/2025:14:48:11 +0000] "HEAD /d1/30/AUTH_78bcf9038de64dabbf49cc5cbde2aa55/gnocchi.ced97a16-017a-4745-a559-e113564396b1" 404 - "HEAD http://172.18.0.2:8080/v1/AUTH_78bcf9038de64dabbf49cc5cbde2aa55/gnocchi.ced97a16-017a-4745-a559-e113564396b1?format=json&states=listing" "tx412fd70520f748a487c13-006927132b" "proxy-server 20" 0.0003 "-" 20 0
Nov 26 14:48:11 standalone object-server[127682]: 172.20.0.100 - - [26/Nov/2025:14:48:11 +0000] "GET /d1/180/AUTH_78bcf9038de64dabbf49cc5cbde2aa55/gnocchi.ced97a16-017a-4745-a559-e113564396b1/none_v3" 404 70 "GET http://172.18.0.2:8080/v1/AUTH_78bcf9038de64dabbf49cc5cbde2aa55/gnocchi.ced97a16-017a-4745-a559-e113564396b1/none_v3" "tx412fd70520f748a487c13-006927132b" "proxy-server 20" 0.0004 "-" 22 0
Nov 26 14:48:11 standalone proxy-server[129656]: 172.18.0.2 172.18.0.100 26/Nov/2025/14/48/11 GET /v1/AUTH_78bcf9038de64dabbf49cc5cbde2aa55/gnocchi.ced97a16-017a-4745-a559-e113564396b1/none_v3 HTTP/1.0 404 - python-swiftclient-3.11.1 gAAAAABpJxKhsvRX... - 70 - tx412fd70520f748a487c13-006927132b - 0.0158 - - 1764168491.705029726 1764168491.720868826 0
Nov 26 14:48:11 standalone account-server[127436]: 172.20.0.100 - - [26/Nov/2025:14:48:11 +0000] "PUT /d1/207/AUTH_78bcf9038de64dabbf49cc5cbde2aa55/gnocchi.ced97a16-017a-4745-a559-e113564396b1" 201 - "PUT http://172.20.0.100:6001/d1/30/AUTH_78bcf9038de64dabbf49cc5cbde2aa55/gnocchi.ced97a16-017a-4745-a559-e113564396b1" "tx7d1f3b398bce41b69b5e1-006927132b" "container-server 22" 0.0088 "-" 21 0
Nov 26 14:48:11 standalone container-server[127451]: 172.20.0.100 - - [26/Nov/2025:14:48:11 +0000] "PUT /d1/30/AUTH_78bcf9038de64dabbf49cc5cbde2aa55/gnocchi.ced97a16-017a-4745-a559-e113564396b1" 201 - "PUT http://172.18.0.2:8080/v1/AUTH_78bcf9038de64dabbf49cc5cbde2aa55/gnocchi.ced97a16-017a-4745-a559-e113564396b1" "tx7d1f3b398bce41b69b5e1-006927132b" "proxy-server 20" 0.0233 "-" 22 0
Nov 26 14:48:11 standalone proxy-server[129656]: 172.18.0.2 172.18.0.100 26/Nov/2025/14/48/11 PUT /v1/AUTH_78bcf9038de64dabbf49cc5cbde2aa55/gnocchi.ced97a16-017a-4745-a559-e113564396b1 HTTP/1.0 201 - python-swiftclient-3.11.1 gAAAAABpJxKhsvRX... - - - tx7d1f3b398bce41b69b5e1-006927132b - 0.0327 - - 1764168491.724261284 1764168491.756966591 0
Nov 26 14:48:11 standalone container-server[127444]: 172.20.0.100 - - [26/Nov/2025:14:48:11 +0000] "HEAD /d1/30/AUTH_78bcf9038de64dabbf49cc5cbde2aa55/gnocchi.ced97a16-017a-4745-a559-e113564396b1" 204 - "HEAD http://172.18.0.2:8080/v1/AUTH_78bcf9038de64dabbf49cc5cbde2aa55/gnocchi.ced97a16-017a-4745-a559-e113564396b1?format=json&states=listing" "tx2193a70263f847a4aa09d-006927132b" "proxy-server 20" 0.0022 "-" 21 0
Nov 26 14:48:11 standalone proxy-server[129656]: - - 26/Nov/2025/14/48/11 HEAD /v1/AUTH_78bcf9038de64dabbf49cc5cbde2aa55/gnocchi.ced97a16-017a-4745-a559-e113564396b1%3Fformat%3Djson%26states%3Dlisting HTTP/1.0 204 - Swift - - - - tx2193a70263f847a4aa09d-006927132b - 0.0112 RL - 1764168491.764324427 1764168491.775530338 0
Nov 26 14:48:11 standalone container-server[127451]: 172.20.0.100 - - [26/Nov/2025:14:48:11 +0000] "GET /d1/30/AUTH_78bcf9038de64dabbf49cc5cbde2aa55/gnocchi.ced97a16-017a-4745-a559-e113564396b1" 200 2 "GET http://172.18.0.2:8080/v1/AUTH_78bcf9038de64dabbf49cc5cbde2aa55/gnocchi.ced97a16-017a-4745-a559-e113564396b1?format=json&states=listing" "tx2193a70263f847a4aa09d-006927132b" "proxy-server 20" 0.0038 "-" 22 0
Nov 26 14:48:11 standalone proxy-server[129656]: 172.18.0.2 172.18.0.100 26/Nov/2025/14/48/11 GET /v1/AUTH_78bcf9038de64dabbf49cc5cbde2aa55/gnocchi.ced97a16-017a-4745-a559-e113564396b1%3Fformat%3Djson%26states%3Dlisting HTTP/1.0 200 - python-swiftclient-3.11.1 gAAAAABpJxKhsvRX... - 2 - tx2193a70263f847a4aa09d-006927132b - 0.0362 - - 1764168491.762249947 1764168491.798474312 0
Nov 26 14:48:11 standalone object-server[127693]: 172.20.0.100 - - [26/Nov/2025:14:48:11 +0000] "GET /d1/167/AUTH_78bcf9038de64dabbf49cc5cbde2aa55/gnocchi.ced97a16-017a-4745-a559-e113564396b1/1763640000.0_mean_300.0_v3" 404 70 "GET http://172.18.0.2:8080/v1/AUTH_78bcf9038de64dabbf49cc5cbde2aa55/gnocchi.ced97a16-017a-4745-a559-e113564396b1/1763640000.0_mean_300.0_v3" "txd8e23b288d964e7e98fdd-006927132b" "proxy-server 20" 0.0003 "-" 24 0
Nov 26 14:48:11 standalone proxy-server[129656]: 172.18.0.2 172.18.0.100 26/Nov/2025/14/48/11 GET /v1/AUTH_78bcf9038de64dabbf49cc5cbde2aa55/gnocchi.ced97a16-017a-4745-a559-e113564396b1/1763640000.0_mean_300.0_v3 HTTP/1.0 404 - python-swiftclient-3.11.1 gAAAAABpJxKhsvRX... - 70 - txd8e23b288d964e7e98fdd-006927132b - 0.0091 - - 1764168491.808117151 1764168491.817205429 0
Nov 26 14:48:11 standalone container-server[127453]: 172.20.0.100 - - [26/Nov/2025:14:48:11 +0000] "PUT /d1/30/AUTH_78bcf9038de64dabbf49cc5cbde2aa55/gnocchi.ced97a16-017a-4745-a559-e113564396b1/1763640000.0_mean_300.0_v3" 201 - "PUT http://172.18.0.2:8080/d1/167/AUTH_78bcf9038de64dabbf49cc5cbde2aa55/gnocchi.ced97a16-017a-4745-a559-e113564396b1/1763640000.0_mean_300.0_v3" "tx7fb05718f87848b98105e-006927132b" "object-server 25" 0.0010 "-" 23 0
Nov 26 14:48:11 standalone object-server[127695]: 172.20.0.100 - - [26/Nov/2025:14:48:11 +0000] "PUT /d1/167/AUTH_78bcf9038de64dabbf49cc5cbde2aa55/gnocchi.ced97a16-017a-4745-a559-e113564396b1/1763640000.0_mean_300.0_v3" 201 - "PUT http://172.18.0.2:8080/v1/AUTH_78bcf9038de64dabbf49cc5cbde2aa55/gnocchi.ced97a16-017a-4745-a559-e113564396b1/1763640000.0_mean_300.0_v3" "tx7fb05718f87848b98105e-006927132b" "proxy-server 20" 0.0155 "-" 25 0
Nov 26 14:48:11 standalone proxy-server[129656]: 172.18.0.2 172.18.0.100 26/Nov/2025/14/48/11 PUT /v1/AUTH_78bcf9038de64dabbf49cc5cbde2aa55/gnocchi.ced97a16-017a-4745-a559-e113564396b1/1763640000.0_mean_300.0_v3 HTTP/1.0 201 - python-swiftclient-3.11.1 gAAAAABpJxKhsvRX... 16 - - tx7fb05718f87848b98105e-006927132b - 0.0241 - - 1764168491.822577000 1764168491.846698523 0
Nov 26 14:48:11 standalone container-server[127451]: 172.20.0.100 - - [26/Nov/2025:14:48:11 +0000] "PUT /d1/30/AUTH_78bcf9038de64dabbf49cc5cbde2aa55/gnocchi.ced97a16-017a-4745-a559-e113564396b1/none_v3" 201 - "PUT http://172.18.0.2:8080/d1/180/AUTH_78bcf9038de64dabbf49cc5cbde2aa55/gnocchi.ced97a16-017a-4745-a559-e113564396b1/none_v3" "txe344baf331c149489c635-006927132b" "object-server 22" 0.0008 "-" 22 0
Nov 26 14:48:11 standalone object-server[127682]: 172.20.0.100 - - [26/Nov/2025:14:48:11 +0000] "PUT /d1/180/AUTH_78bcf9038de64dabbf49cc5cbde2aa55/gnocchi.ced97a16-017a-4745-a559-e113564396b1/none_v3" 201 - "PUT http://172.18.0.2:8080/v1/AUTH_78bcf9038de64dabbf49cc5cbde2aa55/gnocchi.ced97a16-017a-4745-a559-e113564396b1/none_v3" "txe344baf331c149489c635-006927132b" "proxy-server 20" 0.0119 "-" 22 0
Nov 26 14:48:11 standalone proxy-server[129656]: 172.18.0.2 172.18.0.100 26/Nov/2025/14/48/11 PUT /v1/AUTH_78bcf9038de64dabbf49cc5cbde2aa55/gnocchi.ced97a16-017a-4745-a559-e113564396b1/none_v3 HTTP/1.0 201 - python-swiftclient-3.11.1 gAAAAABpJxKhsvRX... 22 - - txe344baf331c149489c635-006927132b - 0.0205 - - 1764168491.850755930 1764168491.871240616 0
Nov 26 14:48:11 standalone container-server[127441]: 172.20.0.100 - - [26/Nov/2025:14:48:11 +0000] "HEAD /d1/203/AUTH_78bcf9038de64dabbf49cc5cbde2aa55/gnocchi.21eb35c2-020d-478f-b37e-4c2a1d7982fb" 404 - "HEAD http://172.18.0.2:8080/v1/AUTH_78bcf9038de64dabbf49cc5cbde2aa55/gnocchi.21eb35c2-020d-478f-b37e-4c2a1d7982fb?format=json&states=listing" "tx0c0f2081df1540539d927-006927132b" "proxy-server 20" 0.0003 "-" 20 0
Nov 26 14:48:11 standalone object-server[127695]: 172.20.0.100 - - [26/Nov/2025:14:48:11 +0000] "GET /d1/261/AUTH_78bcf9038de64dabbf49cc5cbde2aa55/gnocchi.21eb35c2-020d-478f-b37e-4c2a1d7982fb/none_v3" 404 70 "GET http://172.18.0.2:8080/v1/AUTH_78bcf9038de64dabbf49cc5cbde2aa55/gnocchi.21eb35c2-020d-478f-b37e-4c2a1d7982fb/none_v3" "tx0c0f2081df1540539d927-006927132b" "proxy-server 20" 0.0004 "-" 25 0
Nov 26 14:48:11 standalone proxy-server[129656]: 172.18.0.2 172.18.0.100 26/Nov/2025/14/48/11 GET /v1/AUTH_78bcf9038de64dabbf49cc5cbde2aa55/gnocchi.21eb35c2-020d-478f-b37e-4c2a1d7982fb/none_v3 HTTP/1.0 404 - python-swiftclient-3.11.1 gAAAAABpJxKhsvRX... - 70 - tx0c0f2081df1540539d927-006927132b - 0.0177 - - 1764168491.882706404 1764168491.900387287 0
Nov 26 14:48:11 standalone account-server[127420]: 172.20.0.100 - - [26/Nov/2025:14:48:11 +0000] "PUT /d1/207/AUTH_78bcf9038de64dabbf49cc5cbde2aa55/gnocchi.21eb35c2-020d-478f-b37e-4c2a1d7982fb" 201 - "PUT http://172.20.0.100:6001/d1/203/AUTH_78bcf9038de64dabbf49cc5cbde2aa55/gnocchi.21eb35c2-020d-478f-b37e-4c2a1d7982fb" "txdfe81d50b69a48fa87739-006927132b" "container-server 23" 0.0052 "-" 20 0
Nov 26 14:48:11 standalone container-server[127453]: 172.20.0.100 - - [26/Nov/2025:14:48:11 +0000] "PUT /d1/203/AUTH_78bcf9038de64dabbf49cc5cbde2aa55/gnocchi.21eb35c2-020d-478f-b37e-4c2a1d7982fb" 201 - "PUT http://172.18.0.2:8080/v1/AUTH_78bcf9038de64dabbf49cc5cbde2aa55/gnocchi.21eb35c2-020d-478f-b37e-4c2a1d7982fb" "txdfe81d50b69a48fa87739-006927132b" "proxy-server 20" 0.0190 "-" 23 0
Nov 26 14:48:11 standalone proxy-server[129656]: 172.18.0.2 172.18.0.100 26/Nov/2025/14/48/11 PUT /v1/AUTH_78bcf9038de64dabbf49cc5cbde2aa55/gnocchi.21eb35c2-020d-478f-b37e-4c2a1d7982fb HTTP/1.0 201 - python-swiftclient-3.11.1 gAAAAABpJxKhsvRX... - - - txdfe81d50b69a48fa87739-006927132b - 0.0300 - - 1764168491.904762983 1764168491.934812784 0
Nov 26 14:48:11 standalone container-server[127451]: 172.20.0.100 - - [26/Nov/2025:14:48:11 +0000] "HEAD /d1/565/AUTH_78bcf9038de64dabbf49cc5cbde2aa55/gnocchi.49764463-4e3f-43de-9369-150a6a58c5fb" 404 - "HEAD http://172.18.0.2:8080/v1/AUTH_78bcf9038de64dabbf49cc5cbde2aa55/gnocchi.49764463-4e3f-43de-9369-150a6a58c5fb?format=json&states=listing" "tx43c0800ce98e423b9d8d7-006927132b" "proxy-server 20" 0.0007 "-" 22 0
Nov 26 14:48:11 standalone object-server[127695]: 172.20.0.100 - - [26/Nov/2025:14:48:11 +0000] "GET /d1/228/AUTH_78bcf9038de64dabbf49cc5cbde2aa55/gnocchi.49764463-4e3f-43de-9369-150a6a58c5fb/none_v3" 404 70 "GET http://172.18.0.2:8080/v1/AUTH_78bcf9038de64dabbf49cc5cbde2aa55/gnocchi.49764463-4e3f-43de-9369-150a6a58c5fb/none_v3" "tx43c0800ce98e423b9d8d7-006927132b" "proxy-server 20" 0.0004 "-" 25 0
Nov 26 14:48:11 standalone proxy-server[129656]: 172.18.0.2 172.18.0.100 26/Nov/2025/14/48/11 GET /v1/AUTH_78bcf9038de64dabbf49cc5cbde2aa55/gnocchi.49764463-4e3f-43de-9369-150a6a58c5fb/none_v3 HTTP/1.0 404 - python-swiftclient-3.11.1 gAAAAABpJxKhsvRX... - 70 - tx43c0800ce98e423b9d8d7-006927132b - 0.0170 - - 1764168491.945430756 1764168491.962428570 0
Nov 26 14:48:11 standalone account-server[127448]: 172.20.0.100 - - [26/Nov/2025:14:48:11 +0000] "PUT /d1/207/AUTH_78bcf9038de64dabbf49cc5cbde2aa55/gnocchi.49764463-4e3f-43de-9369-150a6a58c5fb" 201 - "PUT http://172.20.0.100:6001/d1/565/AUTH_78bcf9038de64dabbf49cc5cbde2aa55/gnocchi.49764463-4e3f-43de-9369-150a6a58c5fb" "tx9bc14dd67b0d49efb9637-006927132b" "container-server 22" 0.0050 "-" 23 0
Nov 26 14:48:11 standalone container-server[127451]: 172.20.0.100 - - [26/Nov/2025:14:48:11 +0000] "PUT /d1/565/AUTH_78bcf9038de64dabbf49cc5cbde2aa55/gnocchi.49764463-4e3f-43de-9369-150a6a58c5fb" 201 - "PUT http://172.18.0.2:8080/v1/AUTH_78bcf9038de64dabbf49cc5cbde2aa55/gnocchi.49764463-4e3f-43de-9369-150a6a58c5fb" "tx9bc14dd67b0d49efb9637-006927132b" "proxy-server 20" 0.0170 "-" 22 0
Nov 26 14:48:11 standalone proxy-server[129656]: 172.18.0.2 172.18.0.100 26/Nov/2025/14/48/11 PUT /v1/AUTH_78bcf9038de64dabbf49cc5cbde2aa55/gnocchi.49764463-4e3f-43de-9369-150a6a58c5fb HTTP/1.0 201 - python-swiftclient-3.11.1 gAAAAABpJxKhsvRX... - - - tx9bc14dd67b0d49efb9637-006927132b - 0.0242 - - 1764168491.965572119 1764168491.989741802 0
Nov 26 14:48:12 standalone container-server[127453]: 172.20.0.100 - - [26/Nov/2025:14:48:12 +0000] "HEAD /d1/203/AUTH_78bcf9038de64dabbf49cc5cbde2aa55/gnocchi.21eb35c2-020d-478f-b37e-4c2a1d7982fb" 204 - "HEAD http://172.18.0.2:8080/v1/AUTH_78bcf9038de64dabbf49cc5cbde2aa55/gnocchi.21eb35c2-020d-478f-b37e-4c2a1d7982fb?format=json&states=listing" "tx55fda408f4cd419898ec3-006927132c" "proxy-server 20" 0.0011 "-" 23 0
Nov 26 14:48:12 standalone proxy-server[129656]: - - 26/Nov/2025/14/48/12 HEAD /v1/AUTH_78bcf9038de64dabbf49cc5cbde2aa55/gnocchi.21eb35c2-020d-478f-b37e-4c2a1d7982fb%3Fformat%3Djson%26states%3Dlisting HTTP/1.0 204 - Swift - - - - tx55fda408f4cd419898ec3-006927132c - 0.0073 RL - 1764168492.011941195 1764168492.019207001 0
Nov 26 14:48:12 standalone container-server[127451]: 172.20.0.100 - - [26/Nov/2025:14:48:12 +0000] "GET /d1/203/AUTH_78bcf9038de64dabbf49cc5cbde2aa55/gnocchi.21eb35c2-020d-478f-b37e-4c2a1d7982fb" 200 2 "GET http://172.18.0.2:8080/v1/AUTH_78bcf9038de64dabbf49cc5cbde2aa55/gnocchi.21eb35c2-020d-478f-b37e-4c2a1d7982fb?format=json&states=listing" "tx55fda408f4cd419898ec3-006927132c" "proxy-server 20" 0.0046 "-" 22 0
Nov 26 14:48:12 standalone proxy-server[129656]: 172.18.0.2 172.18.0.100 26/Nov/2025/14/48/12 GET /v1/AUTH_78bcf9038de64dabbf49cc5cbde2aa55/gnocchi.21eb35c2-020d-478f-b37e-4c2a1d7982fb%3Fformat%3Djson%26states%3Dlisting HTTP/1.0 200 - python-swiftclient-3.11.1 gAAAAABpJxKhsvRX... - 2 - tx55fda408f4cd419898ec3-006927132c - 0.0252 - - 1764168492.009707212 1764168492.034859180 0
Nov 26 14:48:12 standalone container-server[127441]: 172.20.0.100 - - [26/Nov/2025:14:48:12 +0000] "HEAD /d1/565/AUTH_78bcf9038de64dabbf49cc5cbde2aa55/gnocchi.49764463-4e3f-43de-9369-150a6a58c5fb" 204 - "HEAD http://172.18.0.2:8080/v1/AUTH_78bcf9038de64dabbf49cc5cbde2aa55/gnocchi.49764463-4e3f-43de-9369-150a6a58c5fb?format=json&states=listing" "tx2a2ed712d9914d318456e-006927132c" "proxy-server 20" 0.0014 "-" 20 0
Nov 26 14:48:12 standalone proxy-server[129656]: - - 26/Nov/2025/14/48/12 HEAD /v1/AUTH_78bcf9038de64dabbf49cc5cbde2aa55/gnocchi.49764463-4e3f-43de-9369-150a6a58c5fb%3Fformat%3Djson%26states%3Dlisting HTTP/1.0 204 - Swift - - - - tx2a2ed712d9914d318456e-006927132c - 0.0090 RL - 1764168492.043891668 1764168492.052907228 0
Nov 26 14:48:12 standalone container-server[127451]: 172.20.0.100 - - [26/Nov/2025:14:48:12 +0000] "GET /d1/565/AUTH_78bcf9038de64dabbf49cc5cbde2aa55/gnocchi.49764463-4e3f-43de-9369-150a6a58c5fb" 200 2 "GET http://172.18.0.2:8080/v1/AUTH_78bcf9038de64dabbf49cc5cbde2aa55/gnocchi.49764463-4e3f-43de-9369-150a6a58c5fb?format=json&states=listing" "tx2a2ed712d9914d318456e-006927132c" "proxy-server 20" 0.0047 "-" 22 0
Nov 26 14:48:12 standalone proxy-server[129656]: 172.18.0.2 172.18.0.100 26/Nov/2025/14/48/12 GET /v1/AUTH_78bcf9038de64dabbf49cc5cbde2aa55/gnocchi.49764463-4e3f-43de-9369-150a6a58c5fb%3Fformat%3Djson%26states%3Dlisting HTTP/1.0 200 - python-swiftclient-3.11.1 gAAAAABpJxKhsvRX... - 2 - tx2a2ed712d9914d318456e-006927132c - 0.0323 - - 1764168492.042232513 1764168492.074520111 0
Nov 26 14:48:12 standalone object-server[127693]: 172.20.0.100 - - [26/Nov/2025:14:48:12 +0000] "GET /d1/80/AUTH_78bcf9038de64dabbf49cc5cbde2aa55/gnocchi.21eb35c2-020d-478f-b37e-4c2a1d7982fb/1763640000.0_mean_300.0_v3" 404 70 "GET http://172.18.0.2:8080/v1/AUTH_78bcf9038de64dabbf49cc5cbde2aa55/gnocchi.21eb35c2-020d-478f-b37e-4c2a1d7982fb/1763640000.0_mean_300.0_v3" "tx889a4b483a984d8bb8024-006927132c" "proxy-server 20" 0.0003 "-" 24 0
Nov 26 14:48:12 standalone proxy-server[129656]: 172.18.0.2 172.18.0.100 26/Nov/2025/14/48/12 GET /v1/AUTH_78bcf9038de64dabbf49cc5cbde2aa55/gnocchi.21eb35c2-020d-478f-b37e-4c2a1d7982fb/1763640000.0_mean_300.0_v3 HTTP/1.0 404 - python-swiftclient-3.11.1 gAAAAABpJxKhsvRX... - 70 - tx889a4b483a984d8bb8024-006927132c - 0.0100 - - 1764168492.080502033 1764168492.090520859 0
