Nov 26 14:48:46 standalone object-server[127682]: 172.20.0.100 - - [26/Nov/2025:14:48:46 +0000] "GET /d1/1016/AUTH_78bcf9038de64dabbf49cc5cbde2aa55/gnocchi.0f9fb2b0-b70c-4c68-b039-bfacee1d3d15/1763640000.0_mean_300.0_v3" 404 70 "GET http://172.18.0.2:8080/v1/AUTH_78bcf9038de64dabbf49cc5cbde2aa55/gnocchi.0f9fb2b0-b70c-4c68-b039-bfacee1d3d15/1763640000.0_mean_300.0_v3" "txdbae406e195241b6aa56d-006927134e" "proxy-server 20" 0.0005 "-" 22 0
Nov 26 14:48:46 standalone proxy-server[129656]: 172.18.0.2 172.18.0.100 26/Nov/2025/14/48/46 GET /v1/AUTH_78bcf9038de64dabbf49cc5cbde2aa55/gnocchi.0f9fb2b0-b70c-4c68-b039-bfacee1d3d15/1763640000.0_mean_300.0_v3 HTTP/1.0 404 - python-swiftclient-3.11.1 gAAAAABpJxKhsvRX... - 70 - txdbae406e195241b6aa56d-006927134e - 0.0098 - - 1764168526.327857256 1764168526.337696791 0
Nov 26 14:48:46 standalone container-server[127453]: 172.20.0.100 - - [26/Nov/2025:14:48:46 +0000] "PUT /d1/993/AUTH_78bcf9038de64dabbf49cc5cbde2aa55/gnocchi.0f9fb2b0-b70c-4c68-b039-bfacee1d3d15/1763640000.0_mean_300.0_v3" 201 - "PUT http://172.18.0.2:8080/d1/1016/AUTH_78bcf9038de64dabbf49cc5cbde2aa55/gnocchi.0f9fb2b0-b70c-4c68-b039-bfacee1d3d15/1763640000.0_mean_300.0_v3" "tx6524080d979540c991033-006927134e" "object-server 22" 0.0009 "-" 23 0
Nov 26 14:48:46 standalone object-server[127682]: 172.20.0.100 - - [26/Nov/2025:14:48:46 +0000] "PUT /d1/1016/AUTH_78bcf9038de64dabbf49cc5cbde2aa55/gnocchi.0f9fb2b0-b70c-4c68-b039-bfacee1d3d15/1763640000.0_mean_300.0_v3" 201 - "PUT http://172.18.0.2:8080/v1/AUTH_78bcf9038de64dabbf49cc5cbde2aa55/gnocchi.0f9fb2b0-b70c-4c68-b039-bfacee1d3d15/1763640000.0_mean_300.0_v3" "tx6524080d979540c991033-006927134e" "proxy-server 20" 0.0125 "-" 22 0
Nov 26 14:48:46 standalone proxy-server[129656]: 172.18.0.2 172.18.0.100 26/Nov/2025/14/48/46 PUT /v1/AUTH_78bcf9038de64dabbf49cc5cbde2aa55/gnocchi.0f9fb2b0-b70c-4c68-b039-bfacee1d3d15/1763640000.0_mean_300.0_v3 HTTP/1.0 201 - python-swiftclient-3.11.1 gAAAAABpJxKhsvRX... 16 - - tx6524080d979540c991033-006927134e - 0.0206 - - 1764168526.340884924 1764168526.361469984 0
Nov 26 14:48:46 standalone container-server[127444]: 172.20.0.100 - - [26/Nov/2025:14:48:46 +0000] "PUT /d1/993/AUTH_78bcf9038de64dabbf49cc5cbde2aa55/gnocchi.0f9fb2b0-b70c-4c68-b039-bfacee1d3d15/none_v3" 201 - "PUT http://172.18.0.2:8080/d1/605/AUTH_78bcf9038de64dabbf49cc5cbde2aa55/gnocchi.0f9fb2b0-b70c-4c68-b039-bfacee1d3d15/none_v3" "tx4d6428b5b4eb449782d84-006927134e" "object-server 24" 0.0006 "-" 21 0
Nov 26 14:48:46 standalone object-server[127693]: 172.20.0.100 - - [26/Nov/2025:14:48:46 +0000] "PUT /d1/605/AUTH_78bcf9038de64dabbf49cc5cbde2aa55/gnocchi.0f9fb2b0-b70c-4c68-b039-bfacee1d3d15/none_v3" 201 - "PUT http://172.18.0.2:8080/v1/AUTH_78bcf9038de64dabbf49cc5cbde2aa55/gnocchi.0f9fb2b0-b70c-4c68-b039-bfacee1d3d15/none_v3" "tx4d6428b5b4eb449782d84-006927134e" "proxy-server 20" 0.0119 "-" 24 0
Nov 26 14:48:46 standalone proxy-server[129656]: 172.18.0.2 172.18.0.100 26/Nov/2025/14/48/46 PUT /v1/AUTH_78bcf9038de64dabbf49cc5cbde2aa55/gnocchi.0f9fb2b0-b70c-4c68-b039-bfacee1d3d15/none_v3 HTTP/1.0 201 - python-swiftclient-3.11.1 gAAAAABpJxKhsvRX... 22 - - tx4d6428b5b4eb449782d84-006927134e - 0.0202 - - 1764168526.364576817 1764168526.384784460 0
Nov 26 14:48:46 standalone container-server[127451]: 172.20.0.100 - - [26/Nov/2025:14:48:46 +0000] "HEAD /d1/787/AUTH_78bcf9038de64dabbf49cc5cbde2aa55/gnocchi.ddfa6215-787b-4cf6-8a28-c0adedd2e123" 404 - "HEAD http://172.18.0.2:8080/v1/AUTH_78bcf9038de64dabbf49cc5cbde2aa55/gnocchi.ddfa6215-787b-4cf6-8a28-c0adedd2e123?format=json&states=listing" "tx55929b8b84f346eeb9f1d-006927134e" "proxy-server 20" 0.0006 "-" 22 0
Nov 26 14:48:46 standalone object-server[127682]: 172.20.0.100 - - [26/Nov/2025:14:48:46 +0000] "GET /d1/1000/AUTH_78bcf9038de64dabbf49cc5cbde2aa55/gnocchi.ddfa6215-787b-4cf6-8a28-c0adedd2e123/none_v3" 404 70 "GET http://172.18.0.2:8080/v1/AUTH_78bcf9038de64dabbf49cc5cbde2aa55/gnocchi.ddfa6215-787b-4cf6-8a28-c0adedd2e123/none_v3" "tx55929b8b84f346eeb9f1d-006927134e" "proxy-server 20" 0.0005 "-" 22 0
Nov 26 14:48:46 standalone proxy-server[129656]: 172.18.0.2 172.18.0.100 26/Nov/2025/14/48/46 GET /v1/AUTH_78bcf9038de64dabbf49cc5cbde2aa55/gnocchi.ddfa6215-787b-4cf6-8a28-c0adedd2e123/none_v3 HTTP/1.0 404 - python-swiftclient-3.11.1 gAAAAABpJxKhsvRX... - 70 - tx55929b8b84f346eeb9f1d-006927134e - 0.0135 - - 1764168526.394915819 1764168526.408383846 0
Nov 26 14:48:46 standalone account-server[127418]: 172.20.0.100 - - [26/Nov/2025:14:48:46 +0000] "PUT /d1/207/AUTH_78bcf9038de64dabbf49cc5cbde2aa55/gnocchi.ddfa6215-787b-4cf6-8a28-c0adedd2e123" 201 - "PUT http://172.20.0.100:6001/d1/787/AUTH_78bcf9038de64dabbf49cc5cbde2aa55/gnocchi.ddfa6215-787b-4cf6-8a28-c0adedd2e123" "txbad5207ca4954f7097b45-006927134e" "container-server 22" 0.0062 "-" 19 0
Nov 26 14:48:46 standalone container-server[127451]: 172.20.0.100 - - [26/Nov/2025:14:48:46 +0000] "PUT /d1/787/AUTH_78bcf9038de64dabbf49cc5cbde2aa55/gnocchi.ddfa6215-787b-4cf6-8a28-c0adedd2e123" 201 - "PUT http://172.18.0.2:8080/v1/AUTH_78bcf9038de64dabbf49cc5cbde2aa55/gnocchi.ddfa6215-787b-4cf6-8a28-c0adedd2e123" "txbad5207ca4954f7097b45-006927134e" "proxy-server 20" 0.0203 "-" 22 0
Nov 26 14:48:46 standalone proxy-server[129656]: 172.18.0.2 172.18.0.100 26/Nov/2025/14/48/46 PUT /v1/AUTH_78bcf9038de64dabbf49cc5cbde2aa55/gnocchi.ddfa6215-787b-4cf6-8a28-c0adedd2e123 HTTP/1.0 201 - python-swiftclient-3.11.1 gAAAAABpJxKhsvRX... - - - txbad5207ca4954f7097b45-006927134e - 0.0267 - - 1764168526.411376953 1764168526.438050985 0
Nov 26 14:48:46 standalone container-server[127451]: 172.20.0.100 - - [26/Nov/2025:14:48:46 +0000] "HEAD /d1/787/AUTH_78bcf9038de64dabbf49cc5cbde2aa55/gnocchi.ddfa6215-787b-4cf6-8a28-c0adedd2e123" 204 - "HEAD http://172.18.0.2:8080/v1/AUTH_78bcf9038de64dabbf49cc5cbde2aa55/gnocchi.ddfa6215-787b-4cf6-8a28-c0adedd2e123?format=json&states=listing" "tx6a5a34f7b2da40bfb691b-006927134e" "proxy-server 20" 0.0018 "-" 22 0
Nov 26 14:48:46 standalone proxy-server[129656]: - - 26/Nov/2025/14/48/46 HEAD /v1/AUTH_78bcf9038de64dabbf49cc5cbde2aa55/gnocchi.ddfa6215-787b-4cf6-8a28-c0adedd2e123%3Fformat%3Djson%26states%3Dlisting HTTP/1.0 204 - Swift - - - - tx6a5a34f7b2da40bfb691b-006927134e - 0.0065 RL - 1764168526.444221973 1764168526.450721025 0
Nov 26 14:48:46 standalone container-server[127453]: 172.20.0.100 - - [26/Nov/2025:14:48:46 +0000] "GET /d1/787/AUTH_78bcf9038de64dabbf49cc5cbde2aa55/gnocchi.ddfa6215-787b-4cf6-8a28-c0adedd2e123" 200 2 "GET http://172.18.0.2:8080/v1/AUTH_78bcf9038de64dabbf49cc5cbde2aa55/gnocchi.ddfa6215-787b-4cf6-8a28-c0adedd2e123?format=json&states=listing" "tx6a5a34f7b2da40bfb691b-006927134e" "proxy-server 20" 0.0033 "-" 23 0
Nov 26 14:48:46 standalone proxy-server[129656]: 172.18.0.2 172.18.0.100 26/Nov/2025/14/48/46 GET /v1/AUTH_78bcf9038de64dabbf49cc5cbde2aa55/gnocchi.ddfa6215-787b-4cf6-8a28-c0adedd2e123%3Fformat%3Djson%26states%3Dlisting HTTP/1.0 200 - python-swiftclient-3.11.1 gAAAAABpJxKhsvRX... - 2 - tx6a5a34f7b2da40bfb691b-006927134e - 0.0203 - - 1764168526.442709684 1764168526.463025093 0
Nov 26 14:48:46 standalone object-server[127682]: 172.20.0.100 - - [26/Nov/2025:14:48:46 +0000] "GET /d1/913/AUTH_78bcf9038de64dabbf49cc5cbde2aa55/gnocchi.ddfa6215-787b-4cf6-8a28-c0adedd2e123/1763640000.0_mean_300.0_v3" 404 70 "GET http://172.18.0.2:8080/v1/AUTH_78bcf9038de64dabbf49cc5cbde2aa55/gnocchi.ddfa6215-787b-4cf6-8a28-c0adedd2e123/1763640000.0_mean_300.0_v3" "tx11b3d44a85a14d0589ee2-006927134e" "proxy-server 20" 0.0004 "-" 22 0
Nov 26 14:48:46 standalone proxy-server[129656]: 172.18.0.2 172.18.0.100 26/Nov/2025/14/48/46 GET /v1/AUTH_78bcf9038de64dabbf49cc5cbde2aa55/gnocchi.ddfa6215-787b-4cf6-8a28-c0adedd2e123/1763640000.0_mean_300.0_v3 HTTP/1.0 404 - python-swiftclient-3.11.1 gAAAAABpJxKhsvRX... - 70 - tx11b3d44a85a14d0589ee2-006927134e - 0.0077 - - 1764168526.466943741 1764168526.474662542 0
Nov 26 14:48:46 standalone container-server[127451]: 172.20.0.100 - - [26/Nov/2025:14:48:46 +0000] "PUT /d1/787/AUTH_78bcf9038de64dabbf49cc5cbde2aa55/gnocchi.ddfa6215-787b-4cf6-8a28-c0adedd2e123/1763640000.0_mean_300.0_v3" 201 - "PUT http://172.18.0.2:8080/d1/913/AUTH_78bcf9038de64dabbf49cc5cbde2aa55/gnocchi.ddfa6215-787b-4cf6-8a28-c0adedd2e123/1763640000.0_mean_300.0_v3" "tx5c265134720b46d680f3f-006927134e" "object-server 23" 0.0007 "-" 22 0
Nov 26 14:48:46 standalone object-server[127688]: 172.20.0.100 - - [26/Nov/2025:14:48:46 +0000] "PUT /d1/913/AUTH_78bcf9038de64dabbf49cc5cbde2aa55/gnocchi.ddfa6215-787b-4cf6-8a28-c0adedd2e123/1763640000.0_mean_300.0_v3" 201 - "PUT http://172.18.0.2:8080/v1/AUTH_78bcf9038de64dabbf49cc5cbde2aa55/gnocchi.ddfa6215-787b-4cf6-8a28-c0adedd2e123/1763640000.0_mean_300.0_v3" "tx5c265134720b46d680f3f-006927134e" "proxy-server 20" 0.0122 "-" 23 0
Nov 26 14:48:46 standalone proxy-server[129656]: 172.18.0.2 172.18.0.100 26/Nov/2025/14/48/46 PUT /v1/AUTH_78bcf9038de64dabbf49cc5cbde2aa55/gnocchi.ddfa6215-787b-4cf6-8a28-c0adedd2e123/1763640000.0_mean_300.0_v3 HTTP/1.0 201 - python-swiftclient-3.11.1 gAAAAABpJxKhsvRX... 16 - - tx5c265134720b46d680f3f-006927134e - 0.0196 - - 1764168526.477883577 1764168526.497448921 0
Nov 26 14:48:46 standalone container-server[127444]: 172.20.0.100 - - [26/Nov/2025:14:48:46 +0000] "PUT /d1/787/AUTH_78bcf9038de64dabbf49cc5cbde2aa55/gnocchi.ddfa6215-787b-4cf6-8a28-c0adedd2e123/none_v3" 201 - "PUT http://172.18.0.2:8080/d1/1000/AUTH_78bcf9038de64dabbf49cc5cbde2aa55/gnocchi.ddfa6215-787b-4cf6-8a28-c0adedd2e123/none_v3" "tx800e3628ef1141d3b3549-006927134e" "object-server 24" 0.0009 "-" 21 0
Nov 26 14:48:46 standalone object-server[127693]: 172.20.0.100 - - [26/Nov/2025:14:48:46 +0000] "PUT /d1/1000/AUTH_78bcf9038de64dabbf49cc5cbde2aa55/gnocchi.ddfa6215-787b-4cf6-8a28-c0adedd2e123/none_v3" 201 - "PUT http://172.18.0.2:8080/v1/AUTH_78bcf9038de64dabbf49cc5cbde2aa55/gnocchi.ddfa6215-787b-4cf6-8a28-c0adedd2e123/none_v3" "tx800e3628ef1141d3b3549-006927134e" "proxy-server 20" 0.0116 "-" 24 0
Nov 26 14:48:46 standalone proxy-server[129656]: 172.18.0.2 172.18.0.100 26/Nov/2025/14/48/46 PUT /v1/AUTH_78bcf9038de64dabbf49cc5cbde2aa55/gnocchi.ddfa6215-787b-4cf6-8a28-c0adedd2e123/none_v3 HTTP/1.0 201 - python-swiftclient-3.11.1 gAAAAABpJxKhsvRX... 22 - - tx800e3628ef1141d3b3549-006927134e - 0.0190 - - 1764168526.501634836 1764168526.520592451 0
Nov 26 14:48:46 standalone container-server[127451]: 172.20.0.100 - - [26/Nov/2025:14:48:46 +0000] "HEAD /d1/167/AUTH_78bcf9038de64dabbf49cc5cbde2aa55/gnocchi.d435489c-1c57-4114-8cee-bf83a51fb205" 404 - "HEAD http://172.18.0.2:8080/v1/AUTH_78bcf9038de64dabbf49cc5cbde2aa55/gnocchi.d435489c-1c57-4114-8cee-bf83a51fb205?format=json&states=listing" "txc09512c67ed04f30bc9b5-006927134e" "proxy-server 20" 0.0006 "-" 22 0
Nov 26 14:48:46 standalone object-server[127688]: 172.20.0.100 - - [26/Nov/2025:14:48:46 +0000] "GET /d1/892/AUTH_78bcf9038de64dabbf49cc5cbde2aa55/gnocchi.d435489c-1c57-4114-8cee-bf83a51fb205/none_v3" 404 70 "GET http://172.18.0.2:8080/v1/AUTH_78bcf9038de64dabbf49cc5cbde2aa55/gnocchi.d435489c-1c57-4114-8cee-bf83a51fb205/none_v3" "txc09512c67ed04f30bc9b5-006927134e" "proxy-server 20" 0.0004 "-" 23 0
Nov 26 14:48:46 standalone proxy-server[129656]: 172.18.0.2 172.18.0.100 26/Nov/2025/14/48/46 GET /v1/AUTH_78bcf9038de64dabbf49cc5cbde2aa55/gnocchi.d435489c-1c57-4114-8cee-bf83a51fb205/none_v3 HTTP/1.0 404 - python-swiftclient-3.11.1 gAAAAABpJxKhsvRX... - 70 - txc09512c67ed04f30bc9b5-006927134e - 0.0120 - - 1764168526.533007622 1764168526.544974089 0
Nov 26 14:48:46 standalone account-server[127418]: 172.20.0.100 - - [26/Nov/2025:14:48:46 +0000] "PUT /d1/207/AUTH_78bcf9038de64dabbf49cc5cbde2aa55/gnocchi.d435489c-1c57-4114-8cee-bf83a51fb205" 201 - "PUT http://172.20.0.100:6001/d1/167/AUTH_78bcf9038de64dabbf49cc5cbde2aa55/gnocchi.d435489c-1c57-4114-8cee-bf83a51fb205" "tx6dba6982668c434f81cdd-006927134e" "container-server 21" 0.0072 "-" 19 0
Nov 26 14:48:46 standalone container-server[127444]: 172.20.0.100 - - [26/Nov/2025:14:48:46 +0000] "PUT /d1/167/AUTH_78bcf9038de64dabbf49cc5cbde2aa55/gnocchi.d435489c-1c57-4114-8cee-bf83a51fb205" 201 - "PUT http://172.18.0.2:8080/v1/AUTH_78bcf9038de64dabbf49cc5cbde2aa55/gnocchi.d435489c-1c57-4114-8cee-bf83a51fb205" "tx6dba6982668c434f81cdd-006927134e" "proxy-server 20" 0.0234 "-" 21 0
Nov 26 14:48:46 standalone proxy-server[129656]: 172.18.0.2 172.18.0.100 26/Nov/2025/14/48/46 PUT /v1/AUTH_78bcf9038de64dabbf49cc5cbde2aa55/gnocchi.d435489c-1c57-4114-8cee-bf83a51fb205 HTTP/1.0 201 - python-swiftclient-3.11.1 gAAAAABpJxKhsvRX... - - - tx6dba6982668c434f81cdd-006927134e - 0.0302 - - 1764168526.548442841 1764168526.578635216 0
Nov 26 14:48:46 standalone container-server[127441]: 172.20.0.100 - - [26/Nov/2025:14:48:46 +0000] "HEAD /d1/167/AUTH_78bcf9038de64dabbf49cc5cbde2aa55/gnocchi.d435489c-1c57-4114-8cee-bf83a51fb205" 204 - "HEAD http://172.18.0.2:8080/v1/AUTH_78bcf9038de64dabbf49cc5cbde2aa55/gnocchi.d435489c-1c57-4114-8cee-bf83a51fb205?format=json&states=listing" "tx1186c1744b724daeaf2ed-006927134e" "proxy-server 20" 0.0022 "-" 20 0
Nov 26 14:48:46 standalone proxy-server[129656]: - - 26/Nov/2025/14/48/46 HEAD /v1/AUTH_78bcf9038de64dabbf49cc5cbde2aa55/gnocchi.d435489c-1c57-4114-8cee-bf83a51fb205%3Fformat%3Djson%26states%3Dlisting HTTP/1.0 204 - Swift - - - - tx1186c1744b724daeaf2ed-006927134e - 0.0072 RL - 1764168526.584975004 1764168526.592184067 0
Nov 26 14:48:46 standalone container-server[127451]: 172.20.0.100 - - [26/Nov/2025:14:48:46 +0000] "GET /d1/167/AUTH_78bcf9038de64dabbf49cc5cbde2aa55/gnocchi.d435489c-1c57-4114-8cee-bf83a51fb205" 200 2 "GET http://172.18.0.2:8080/v1/AUTH_78bcf9038de64dabbf49cc5cbde2aa55/gnocchi.d435489c-1c57-4114-8cee-bf83a51fb205?format=json&states=listing" "tx1186c1744b724daeaf2ed-006927134e" "proxy-server 20" 0.0043 "-" 22 0
Nov 26 14:48:46 standalone proxy-server[129656]: 172.18.0.2 172.18.0.100 26/Nov/2025/14/48/46 GET /v1/AUTH_78bcf9038de64dabbf49cc5cbde2aa55/gnocchi.d435489c-1c57-4114-8cee-bf83a51fb205%3Fformat%3Djson%26states%3Dlisting HTTP/1.0 200 - python-swiftclient-3.11.1 gAAAAABpJxKhsvRX... - 2 - tx1186c1744b724daeaf2ed-006927134e - 0.0226 - - 1764168526.583394527 1764168526.606034517 0
Nov 26 14:48:46 standalone object-server[127682]: 172.20.0.100 - - [26/Nov/2025:14:48:46 +0000] "GET /d1/518/AUTH_78bcf9038de64dabbf49cc5cbde2aa55/gnocchi.d435489c-1c57-4114-8cee-bf83a51fb205/1763640000.0_mean_300.0_v3" 404 70 "GET http://172.18.0.2:8080/v1/AUTH_78bcf9038de64dabbf49cc5cbde2aa55/gnocchi.d435489c-1c57-4114-8cee-bf83a51fb205/1763640000.0_mean_300.0_v3" "tx0e7f4695ad2f4e468d562-006927134e" "proxy-server 20" 0.0006 "-" 22 0
Nov 26 14:48:46 standalone proxy-server[129656]: 172.18.0.2 172.18.0.100 26/Nov/2025/14/48/46 GET /v1/AUTH_78bcf9038de64dabbf49cc5cbde2aa55/gnocchi.d435489c-1c57-4114-8cee-bf83a51fb205/1763640000.0_mean_300.0_v3 HTTP/1.0 404 - python-swiftclient-3.11.1 gAAAAABpJxKhsvRX... - 70 - tx0e7f4695ad2f4e468d562-006927134e - 0.0086 - - 1764168526.618247986 1764168526.626837492 0
Nov 26 14:48:46 standalone container-server[127444]: 172.20.0.100 - - [26/Nov/2025:14:48:46 +0000] "PUT /d1/167/AUTH_78bcf9038de64dabbf49cc5cbde2aa55/gnocchi.d435489c-1c57-4114-8cee-bf83a51fb205/1763640000.0_mean_300.0_v3" 201 - "PUT http://172.18.0.2:8080/d1/518/AUTH_78bcf9038de64dabbf49cc5cbde2aa55/gnocchi.d435489c-1c57-4114-8cee-bf83a51fb205/1763640000.0_mean_300.0_v3" "tx35dc992b8aa147d68acd2-006927134e" "object-server 22" 0.0010 "-" 21 0
Nov 26 14:48:46 standalone object-server[127682]: 172.20.0.100 - - [26/Nov/2025:14:48:46 +0000] "PUT /d1/518/AUTH_78bcf9038de64dabbf49cc5cbde2aa55/gnocchi.d435489c-1c57-4114-8cee-bf83a51fb205/1763640000.0_mean_300.0_v3" 201 - "PUT http://172.18.0.2:8080/v1/AUTH_78bcf9038de64dabbf49cc5cbde2aa55/gnocchi.d435489c-1c57-4114-8cee-bf83a51fb205/1763640000.0_mean_300.0_v3" "tx35dc992b8aa147d68acd2-006927134e" "proxy-server 20" 0.0150 "-" 22 0
Nov 26 14:48:46 standalone proxy-server[129656]: 172.18.0.2 172.18.0.100 26/Nov/2025/14/48/46 PUT /v1/AUTH_78bcf9038de64dabbf49cc5cbde2aa55/gnocchi.d435489c-1c57-4114-8cee-bf83a51fb205/1763640000.0_mean_300.0_v3 HTTP/1.0 201 - python-swiftclient-3.11.1 gAAAAABpJxKhsvRX... 16 - - tx35dc992b8aa147d68acd2-006927134e - 0.0227 - - 1764168526.630037308 1764168526.652771950 0
Nov 26 14:48:46 standalone container-server[127453]: 172.20.0.100 - - [26/Nov/2025:14:48:46 +0000] "PUT /d1/167/AUTH_78bcf9038de64dabbf49cc5cbde2aa55/gnocchi.d435489c-1c57-4114-8cee-bf83a51fb205/none_v3" 201 - "PUT http://172.18.0.2:8080/d1/892/AUTH_78bcf9038de64dabbf49cc5cbde2aa55/gnocchi.d435489c-1c57-4114-8cee-bf83a51fb205/none_v3" "tx8922fcc960284c4895e48-006927134e" "object-server 22" 0.0008 "-" 23 0
Nov 26 14:48:46 standalone object-server[127682]: 172.20.0.100 - - [26/Nov/2025:14:48:46 +0000] "PUT /d1/892/AUTH_78bcf9038de64dabbf49cc5cbde2aa55/gnocchi.d435489c-1c57-4114-8cee-bf83a51fb205/none_v3" 201 - "PUT http://172.18.0.2:8080/v1/AUTH_78bcf9038de64dabbf49cc5cbde2aa55/gnocchi.d435489c-1c57-4114-8cee-bf83a51fb205/none_v3" "tx8922fcc960284c4895e48-006927134e" "proxy-server 20" 0.0127 "-" 22 0
Nov 26 14:48:46 standalone proxy-server[129656]: 172.18.0.2 172.18.0.100 26/Nov/2025/14/48/46 PUT /v1/AUTH_78bcf9038de64dabbf49cc5cbde2aa55/gnocchi.d435489c-1c57-4114-8cee-bf83a51fb205/none_v3 HTTP/1.0 201 - python-swiftclient-3.11.1 gAAAAABpJxKhsvRX... 22 - - tx8922fcc960284c4895e48-006927134e - 0.0208 - - 1764168526.656831980 1764168526.677642584 0
Nov 26 14:48:46 standalone container-server[127451]: 172.20.0.100 - - [26/Nov/2025:14:48:46 +0000] "HEAD /d1/665/AUTH_78bcf9038de64dabbf49cc5cbde2aa55/gnocchi.1c332cdf-d048-475e-90f9-429968890b22" 404 - "HEAD http://172.18.0.2:8080/v1/AUTH_78bcf9038de64dabbf49cc5cbde2aa55/gnocchi.1c332cdf-d048-475e-90f9-429968890b22?format=json&states=listing" "tx05d556f6df13485e885d2-006927134e" "proxy-server 20" 0.0007 "-" 22 0
Nov 26 14:48:46 standalone object-server[127682]: 172.20.0.100 - - [26/Nov/2025:14:48:46 +0000] "GET /d1/933/AUTH_78bcf9038de64dabbf49cc5cbde2aa55/gnocchi.1c332cdf-d048-475e-90f9-429968890b22/none_v3" 404 70 "GET http://172.18.0.2:8080/v1/AUTH_78bcf9038de64dabbf49cc5cbde2aa55/gnocchi.1c332cdf-d048-475e-90f9-429968890b22/none_v3" "tx05d556f6df13485e885d2-006927134e" "proxy-server 20" 0.0004 "-" 22 0
Nov 26 14:48:46 standalone proxy-server[129656]: 172.18.0.2 172.18.0.100 26/Nov/2025/14/48/46 GET /v1/AUTH_78bcf9038de64dabbf49cc5cbde2aa55/gnocchi.1c332cdf-d048-475e-90f9-429968890b22/none_v3 HTTP/1.0 404 - python-swiftclient-3.11.1 gAAAAABpJxKhsvRX... - 70 - tx05d556f6df13485e885d2-006927134e - 0.0151 - - 1764168526.689791441 1764168526.704863310 0
Nov 26 14:48:46 standalone account-server[127418]: 172.20.0.100 - - [26/Nov/2025:14:48:46 +0000] "PUT /d1/207/AUTH_78bcf9038de64dabbf49cc5cbde2aa55/gnocchi.1c332cdf-d048-475e-90f9-429968890b22" 201 - "PUT http://172.20.0.100:6001/d1/665/AUTH_78bcf9038de64dabbf49cc5cbde2aa55/gnocchi.1c332cdf-d048-475e-90f9-429968890b22" "tx5a915395b4c9418e8fa7e-006927134e" "container-server 23" 0.0070 "-" 19 0
Nov 26 14:48:46 standalone container-server[127453]: 172.20.0.100 - - [26/Nov/2025:14:48:46 +0000] "PUT /d1/665/AUTH_78bcf9038de64dabbf49cc5cbde2aa55/gnocchi.1c332cdf-d048-475e-90f9-429968890b22" 201 - "PUT http://172.18.0.2:8080/v1/AUTH_78bcf9038de64dabbf49cc5cbde2aa55/gnocchi.1c332cdf-d048-475e-90f9-429968890b22" "tx5a915395b4c9418e8fa7e-006927134e" "proxy-server 20" 0.0203 "-" 23 0
Nov 26 14:48:46 standalone proxy-server[129656]: 172.18.0.2 172.18.0.100 26/Nov/2025/14/48/46 PUT /v1/AUTH_78bcf9038de64dabbf49cc5cbde2aa55/gnocchi.1c332cdf-d048-475e-90f9-429968890b22 HTTP/1.0 201 - python-swiftclient-3.11.1 gAAAAABpJxKhsvRX... - - - tx5a915395b4c9418e8fa7e-006927134e - 0.0284 - - 1764168526.708615780 1764168526.737015247 0
Nov 26 14:48:46 standalone container-server[127441]: 172.20.0.100 - - [26/Nov/2025:14:48:46 +0000] "HEAD /d1/665/AUTH_78bcf9038de64dabbf49cc5cbde2aa55/gnocchi.1c332cdf-d048-475e-90f9-429968890b22" 204 - "HEAD http://172.18.0.2:8080/v1/AUTH_78bcf9038de64dabbf49cc5cbde2aa55/gnocchi.1c332cdf-d048-475e-90f9-429968890b22?format=json&states=listing" "tx2f1322e84e39414db18d4-006927134e" "proxy-server 20" 0.0021 "-" 20 0
Nov 26 14:48:46 standalone proxy-server[129656]: - - 26/Nov/2025/14/48/46 HEAD /v1/AUTH_78bcf9038de64dabbf49cc5cbde2aa55/gnocchi.1c332cdf-d048-475e-90f9-429968890b22%3Fformat%3Djson%26states%3Dlisting HTTP/1.0 204 - Swift - - - - tx2f1322e84e39414db18d4-006927134e - 0.0077 RL - 1764168526.743350744 1764168526.751027346 0
Nov 26 14:48:46 standalone container-server[127453]: 172.20.0.100 - - [26/Nov/2025:14:48:46 +0000] "GET /d1/665/AUTH_78bcf9038de64dabbf49cc5cbde2aa55/gnocchi.1c332cdf-d048-475e-90f9-429968890b22" 200 2 "GET http://172.18.0.2:8080/v1/AUTH_78bcf9038de64dabbf49cc5cbde2aa55/gnocchi.1c332cdf-d048-475e-90f9-429968890b22?format=json&states=listing" "tx2f1322e84e39414db18d4-006927134e" "proxy-server 20" 0.0034 "-" 23 0
Nov 26 14:48:46 standalone proxy-server[129656]: 172.18.0.2 172.18.0.100 26/Nov/2025/14/48/46 GET /v1/AUTH_78bcf9038de64dabbf49cc5cbde2aa55/gnocchi.1c332cdf-d048-475e-90f9-429968890b22%3Fformat%3Djson%26states%3Dlisting HTTP/1.0 200 - python-swiftclient-3.11.1 gAAAAABpJxKhsvRX... - 2 - tx2f1322e84e39414db18d4-006927134e - 0.0223 - - 1764168526.741657257 1764168526.763924837 0
Nov 26 14:48:46 standalone object-server[127688]: 172.20.0.100 - - [26/Nov/2025:14:48:46 +0000] "GET /d1/951/AUTH_78bcf9038de64dabbf49cc5cbde2aa55/gnocchi.1c332cdf-d048-475e-90f9-429968890b22/1763640000.0_mean_300.0_v3" 404 70 "GET http://172.18.0.2:8080/v1/AUTH_78bcf9038de64dabbf49cc5cbde2aa55/gnocchi.1c332cdf-d048-475e-90f9-429968890b22/1763640000.0_mean_300.0_v3" "txe0732ea5e92a44bd994b2-006927134e" "proxy-server 20" 0.0005 "-" 23 0
Nov 26 14:48:46 standalone proxy-server[129656]: 172.18.0.2 172.18.0.100 26/Nov/2025/14/48/46 GET /v1/AUTH_78bcf9038de64dabbf49cc5cbde2aa55/gnocchi.1c332cdf-d048-475e-90f9-429968890b22/1763640000.0_mean_300.0_v3 HTTP/1.0 404 - python-swiftclient-3.11.1 gAAAAABpJxKhsvRX... - 70 - txe0732ea5e92a44bd994b2-006927134e - 0.0098 - - 1764168526.769723892 1764168526.779522657 0
Nov 26 14:48:46 standalone container-server[127453]: 172.20.0.100 - - [26/Nov/2025:14:48:46 +0000] "PUT /d1/665/AUTH_78bcf9038de64dabbf49cc5cbde2aa55/gnocchi.1c332cdf-d048-475e-90f9-429968890b22/1763640000.0_mean_300.0_v3" 201 - "PUT http://172.18.0.2:8080/d1/951/AUTH_78bcf9038de64dabbf49cc5cbde2aa55/gnocchi.1c332cdf-d048-475e-90f9-429968890b22/1763640000.0_mean_300.0_v3" "tx320b44d967b043fdab769-006927134e" "object-server 24" 0.0008 "-" 23 0
Nov 26 14:48:46 standalone object-server[127693]: 172.20.0.100 - - [26/Nov/2025:14:48:46 +0000] "PUT /d1/951/AUTH_78bcf9038de64dabbf49cc5cbde2aa55/gnocchi.1c332cdf-d048-475e-90f9-429968890b22/1763640000.0_mean_300.0_v3" 201 - "PUT http://172.18.0.2:8080/v1/AUTH_78bcf9038de64dabbf49cc5cbde2aa55/gnocchi.1c332cdf-d048-475e-90f9-429968890b22/1763640000.0_mean_300.0_v3" "tx320b44d967b043fdab769-006927134e" "proxy-server 20" 0.0116 "-" 24 0
Nov 26 14:48:46 standalone proxy-server[129656]: 172.18.0.2 172.18.0.100 26/Nov/2025/14/48/46 PUT /v1/AUTH_78bcf9038de64dabbf49cc5cbde2aa55/gnocchi.1c332cdf-d048-475e-90f9-429968890b22/1763640000.0_mean_300.0_v3 HTTP/1.0 201 - python-swiftclient-3.11.1 gAAAAABpJxKhsvRX... 16 - - tx320b44d967b043fdab769-006927134e - 0.0193 - - 1764168526.783477068 1764168526.802765131 0
Nov 26 14:48:46 standalone container-server[127453]: 172.20.0.100 - - [26/Nov/2025:14:48:46 +0000] "PUT /d1/665/AUTH_78bcf9038de64dabbf49cc5cbde2aa55/gnocchi.1c332cdf-d048-475e-90f9-429968890b22/none_v3" 201 - "PUT http://172.18.0.2:8080/d1/933/AUTH_78bcf9038de64dabbf49cc5cbde2aa55/gnocchi.1c332cdf-d048-475e-90f9-429968890b22/none_v3" "txc5a5407a11284fbaab330-006927134e" "object-server 22" 0.0009 "-" 23 0
Nov 26 14:48:46 standalone object-server[127682]: 172.20.0.100 - - [26/Nov/2025:14:48:46 +0000] "PUT /d1/933/AUTH_78bcf9038de64dabbf49cc5cbde2aa55/gnocchi.1c332cdf-d048-475e-90f9-429968890b22/none_v3" 201 - "PUT http://172.18.0.2:8080/v1/AUTH_78bcf9038de64dabbf49cc5cbde2aa55/gnocchi.1c332cdf-d048-475e-90f9-429968890b22/none_v3" "txc5a5407a11284fbaab330-006927134e" "proxy-server 20" 0.0121 "-" 22 0
Nov 26 14:48:46 standalone proxy-server[129656]: 172.18.0.2 172.18.0.100 26/Nov/2025/14/48/46 PUT /v1/AUTH_78bcf9038de64dabbf49cc5cbde2aa55/gnocchi.1c332cdf-d048-475e-90f9-429968890b22/none_v3 HTTP/1.0 201 - python-swiftclient-3.11.1 gAAAAABpJxKhsvRX... 22 - - txc5a5407a11284fbaab330-006927134e - 0.0199 - - 1764168526.806495667 1764168526.826370478 0
Nov 26 14:48:46 standalone container-server[127441]: 172.20.0.100 - - [26/Nov/2025:14:48:46 +0000] "HEAD /d1/731/AUTH_78bcf9038de64dabbf49cc5cbde2aa55/gnocchi.0937a944-d118-4f70-8737-ccf4f08b2480" 404 - "HEAD http://172.18.0.2:8080/v1/AUTH_78bcf9038de64dabbf49cc5cbde2aa55/gnocchi.0937a944-d118-4f70-8737-ccf4f08b2480?format=json&states=listing" "txf5dde04f8fc14ad8a84e3-006927134e" "proxy-server 20" 0.0006 "-" 20 0
Nov 26 14:48:46 standalone object-server[127693]: 172.20.0.100 - - [26/Nov/2025:14:48:46 +0000] "GET /d1/351/AUTH_78bcf9038de64dabbf49cc5cbde2aa55/gnocchi.0937a944-d118-4f70-8737-ccf4f08b2480/none_v3" 404 70 "GET http://172.18.0.2:8080/v1/AUTH_78bcf9038de64dabbf49cc5cbde2aa55/gnocchi.0937a944-d118-4f70-8737-ccf4f08b2480/none_v3" "txf5dde04f8fc14ad8a84e3-006927134e" "proxy-server 20" 0.0004 "-" 24 0
Nov 26 14:48:46 standalone proxy-server[129656]: 172.18.0.2 172.18.0.100 26/Nov/2025/14/48/46 GET /v1/AUTH_78bcf9038de64dabbf49cc5cbde2aa55/gnocchi.0937a944-d118-4f70-8737-ccf4f08b2480/none_v3 HTTP/1.0 404 - python-swiftclient-3.11.1 gAAAAABpJxKhsvRX... - 70 - txf5dde04f8fc14ad8a84e3-006927134e - 0.0128 - - 1764168526.839672089 1764168526.852506876 0
Nov 26 14:48:46 standalone account-server[127436]: 172.20.0.100 - - [26/Nov/2025:14:48:46 +0000] "PUT /d1/207/AUTH_78bcf9038de64dabbf49cc5cbde2aa55/gnocchi.0937a944-d118-4f70-8737-ccf4f08b2480" 201 - "PUT http://172.20.0.100:6001/d1/731/AUTH_78bcf9038de64dabbf49cc5cbde2aa55/gnocchi.0937a944-d118-4f70-8737-ccf4f08b2480" "tx5f739335f07a4429ae924-006927134e" "container-server 20" 0.0055 "-" 21 0
Nov 26 14:48:46 standalone container-server[127441]: 172.20.0.100 - - [26/Nov/2025:14:48:46 +0000] "PUT /d1/731/AUTH_78bcf9038de64dabbf49cc5cbde2aa55/gnocchi.0937a944-d118-4f70-8737-ccf4f08b2480" 201 - "PUT http://172.18.0.2:8080/v1/AUTH_78bcf9038de64dabbf49cc5cbde2aa55/gnocchi.0937a944-d118-4f70-8737-ccf4f08b2480" "tx5f739335f07a4429ae924-006927134e" "proxy-server 20" 0.0183 "-" 20 0
Nov 26 14:48:46 standalone proxy-server[129656]: 172.18.0.2 172.18.0.100 26/Nov/2025/14/48/46 PUT /v1/AUTH_78bcf9038de64dabbf49cc5cbde2aa55/gnocchi.0937a944-d118-4f70-8737-ccf4f08b2480 HTTP/1.0 201 - python-swiftclient-3.11.1 gAAAAABpJxKhsvRX... - - - tx5f739335f07a4429ae924-006927134e - 0.0261 - - 1764168526.857323408 1764168526.883414268 0
Nov 26 14:48:46 standalone container-server[127441]: 172.20.0.100 - - [26/Nov/2025:14:48:46 +0000] "HEAD /d1/501/AUTH_78bcf9038de64dabbf49cc5cbde2aa55/gnocchi.2cf9f085-cf12-4941-ab50-e9e21c51c700" 404 - "HEAD http://172.18.0.2:8080/v1/AUTH_78bcf9038de64dabbf49cc5cbde2aa55/gnocchi.2cf9f085-cf12-4941-ab50-e9e21c51c700?format=json&states=listing" "txe4cf55c57d004396b6c83-006927134e" "proxy-server 20" 0.0005 "-" 20 0
Nov 26 14:48:46 standalone object-server[127682]: 172.20.0.100 - - [26/Nov/2025:14:48:46 +0000] "GET /d1/333/AUTH_78bcf9038de64dabbf49cc5cbde2aa55/gnocchi.2cf9f085-cf12-4941-ab50-e9e21c51c700/none_v3" 404 70 "GET http://172.18.0.2:8080/v1/AUTH_78bcf9038de64dabbf49cc5cbde2aa55/gnocchi.2cf9f085-cf12-4941-ab50-e9e21c51c700/none_v3" "txe4cf55c57d004396b6c83-006927134e" "proxy-server 20" 0.0005 "-" 22 0
Nov 26 14:48:46 standalone proxy-server[129656]: 172.18.0.2 172.18.0.100 26/Nov/2025/14/48/46 GET /v1/AUTH_78bcf9038de64dabbf49cc5cbde2aa55/gnocchi.2cf9f085-cf12-4941-ab50-e9e21c51c700/none_v3 HTTP/1.0 404 - python-swiftclient-3.11.1 gAAAAABpJxKhsvRX... - 70 - txe4cf55c57d004396b6c83-006927134e - 0.0129 - - 1764168526.887428761 1764168526.900366068 0
Nov 26 14:48:46 standalone account-server[127436]: 172.20.0.100 - - [26/Nov/2025:14:48:46 +0000] "PUT /d1/207/AUTH_78bcf9038de64dabbf49cc5cbde2aa55/gnocchi.2cf9f085-cf12-4941-ab50-e9e21c51c700" 201 - "PUT http://172.20.0.100:6001/d1/501/AUTH_78bcf9038de64dabbf49cc5cbde2aa55/gnocchi.2cf9f085-cf12-4941-ab50-e9e21c51c700" "tx92c2129990e242779497d-006927134e" "container-server 21" 0.0058 "-" 21 0
Nov 26 14:48:46 standalone container-server[127444]: 172.20.0.100 - - [26/Nov/2025:14:48:46 +0000] "PUT /d1/501/AUTH_78bcf9038de64dabbf49cc5cbde2aa55/gnocchi.2cf9f085-cf12-4941-ab50-e9e21c51c700" 201 - "PUT http://172.18.0.2:8080/v1/AUTH_78bcf9038de64dabbf49cc5cbde2aa55/gnocchi.2cf9f085-cf12-4941-ab50-e9e21c51c700" "tx92c2129990e242779497d-006927134e" "proxy-server 20" 0.0176 "-" 21 0
Nov 26 14:48:46 standalone proxy-server[129656]: 172.18.0.2 172.18.0.100 26/Nov/2025/14/48/46 PUT /v1/AUTH_78bcf9038de64dabbf49cc5cbde2aa55/gnocchi.2cf9f085-cf12-4941-ab50-e9e21c51c700 HTTP/1.0 201 - python-swiftclient-3.11.1 gAAAAABpJxKhsvRX... - - - tx92c2129990e242779497d-006927134e - 0.0301 - - 1764168526.903886080 1764168526.933963537 0
Nov 26 14:48:46 standalone container-server[127451]: 172.20.0.100 - - [26/Nov/2025:14:48:46 +0000] "HEAD /d1/731/AUTH_78bcf9038de64dabbf49cc5cbde2aa55/gnocchi.0937a944-d118-4f70-8737-ccf4f08b2480" 204 - "HEAD http://172.18.0.2:8080/v1/AUTH_78bcf9038de64dabbf49cc5cbde2aa55/gnocchi.0937a944-d118-4f70-8737-ccf4f08b2480?format=json&states=listing" "txe76db5046ac34f73beb23-006927134e" "proxy-server 20" 0.0022 "-" 22 0
Nov 26 14:48:46 standalone proxy-server[129656]: - - 26/Nov/2025/14/48/46 HEAD /v1/AUTH_78bcf9038de64dabbf49cc5cbde2aa55/gnocchi.0937a944-d118-4f70-8737-ccf4f08b2480%3Fformat%3Djson%26states%3Dlisting HTTP/1.0 204 - Swift - - - - txe76db5046ac34f73beb23-006927134e - 0.0075 RL - 1764168526.942237377 1764168526.949706078 0
Nov 26 14:48:46 standalone container-server[127444]: 172.20.0.100 - - [26/Nov/2025:14:48:46 +0000] "GET /d1/731/AUTH_78bcf9038de64dabbf49cc5cbde2aa55/gnocchi.0937a944-d118-4f70-8737-ccf4f08b2480" 200 2 "GET http://172.18.0.2:8080/v1/AUTH_78bcf9038de64dabbf49cc5cbde2aa55/gnocchi.0937a944-d118-4f70-8737-ccf4f08b2480?format=json&states=listing" "txe76db5046ac34f73beb23-006927134e" "proxy-server 20" 0.0039 "-" 21 0
Nov 26 14:48:46 standalone proxy-server[129656]: 172.18.0.2 172.18.0.100 26/Nov/2025/14/48/46 GET /v1/AUTH_78bcf9038de64dabbf49cc5cbde2aa55/gnocchi.0937a944-d118-4f70-8737-ccf4f08b2480%3Fformat%3Djson%26states%3Dlisting HTTP/1.0 200 - python-swiftclient-3.11.1 gAAAAABpJxKhsvRX... - 2 - txe76db5046ac34f73beb23-006927134e - 0.0243 - - 1764168526.939184427 1764168526.963446617 0
Nov 26 14:48:46 standalone container-server[127451]: 172.20.0.100 - - [26/Nov/2025:14:48:46 +0000] "HEAD /d1/501/AUTH_78bcf9038de64dabbf49cc5cbde2aa55/gnocchi.2cf9f085-cf12-4941-ab50-e9e21c51c700" 204 - "HEAD http://172.18.0.2:8080/v1/AUTH_78bcf9038de64dabbf49cc5cbde2aa55/gnocchi.2cf9f085-cf12-4941-ab50-e9e21c51c700?format=json&states=listing" "txf1dec089a2974d7b8ee3f-006927134e" "proxy-server 20" 0.0019 "-" 22 0
Nov 26 14:48:46 standalone proxy-server[129656]: - - 26/Nov/2025/14/48/46 HEAD /v1/AUTH_78bcf9038de64dabbf49cc5cbde2aa55/gnocchi.2cf9f085-cf12-4941-ab50-e9e21c51c700%3Fformat%3Djson%26states%3Dlisting HTTP/1.0 204 - Swift - - - - txf1dec089a2974d7b8ee3f-006927134e - 0.0066 RL - 1764168526.970687151 1764168526.977326155 0
Nov 26 14:48:46 standalone container-server[127441]: 172.20.0.100 - - [26/Nov/2025:14:48:46 +0000] "GET /d1/501/AUTH_78bcf9038de64dabbf49cc5cbde2aa55/gnocchi.2cf9f085-cf12-4941-ab50-e9e21c51c700" 200 2 "GET http://172.18.0.2:8080/v1/AUTH_78bcf9038de64dabbf49cc5cbde2aa55/gnocchi.2cf9f085-cf12-4941-ab50-e9e21c51c700?format=json&states=listing" "txf1dec089a2974d7b8ee3f-006927134e" "proxy-server 20" 0.0037 "-" 20 0
Nov 26 14:48:46 standalone proxy-server[129656]: 172.18.0.2 172.18.0.100 26/Nov/2025/14/48/46 GET /v1/AUTH_78bcf9038de64dabbf49cc5cbde2aa55/gnocchi.2cf9f085-cf12-4941-ab50-e9e21c51c700%3Fformat%3Djson%26states%3Dlisting HTTP/1.0 200 - python-swiftclient-3.11.1 gAAAAABpJxKhsvRX... - 2 - txf1dec089a2974d7b8ee3f-006927134e - 0.0208 - - 1764168526.968814611 1764168526.989565134 0
Nov 26 14:48:47 standalone object-server[127688]: 172.20.0.100 - - [26/Nov/2025:14:48:47 +0000] "GET /d1/463/AUTH_78bcf9038de64dabbf49cc5cbde2aa55/gnocchi.0937a944-d118-4f70-8737-ccf4f08b2480/1763640000.0_mean_300.0_v3" 404 70 "GET http://172.18.0.2:8080/v1/AUTH_78bcf9038de64dabbf49cc5cbde2aa55/gnocchi.0937a944-d118-4f70-8737-ccf4f08b2480/1763640000.0_mean_300.0_v3" "tx0adf08d39f9449cf95567-006927134e" "proxy-server 20" 0.0005 "-" 23 0
Nov 26 14:48:47 standalone proxy-server[129656]: 172.18.0.2 172.18.0.100 26/Nov/2025/14/48/47 GET /v1/AUTH_78bcf9038de64dabbf49cc5cbde2aa55/gnocchi.0937a944-d118-4f70-8737-ccf4f08b2480/1763640000.0_mean_300.0_v3 HTTP/1.0 404 - python-swiftclient-3.11.1 gAAAAABpJxKhsvRX... - 70 - tx0adf08d39f9449cf95567-006927134e - 0.0091 - - 1764168526.994022608 1764168527.003090382 0
Nov 26 14:48:47 standalone object-server[127693]: 172.20.0.100 - - [26/Nov/2025:14:48:47 +0000] "GET /d1/184/AUTH_78bcf9038de64dabbf49cc5cbde2aa55/gnocchi.2cf9f085-cf12-4941-ab50-e9e21c51c700/1763640000.0_mean_300.0_v3" 404 70 "GET http://172.18.0.2:8080/v1/AUTH_78bcf9038de64dabbf49cc5cbde2aa55/gnocchi.2cf9f085-cf12-4941-ab50-e9e21c51c700/1763640000.0_mean_300.0_v3" "tx0774b0045d7d4acab5f29-006927134f" "proxy-server 20" 0.0006 "-" 24 0
Nov 26 14:48:47 standalone proxy-server[129656]: 172.18.0.2 172.18.0.100 26/Nov/2025/14/48/47 GET /v1/AUTH_78bcf9038de64dabbf49cc5cbde2aa55/gnocchi.2cf9f085-cf12-4941-ab50-e9e21c51c700/1763640000.0_mean_300.0_v3 HTTP/1.0 404 - python-swiftclient-3.11.1 gAAAAABpJxKhsvRX... - 70 - tx0774b0045d7d4acab5f29-006927134f - 0.0083 - - 1764168527.007028580 1764168527.015336037 0
Nov 26 14:48:47 standalone container-server[127453]: 172.20.0.100 - - [26/Nov/2025:14:48:47 +0000] "PUT /d1/731/AUTH_78bcf9038de64dabbf49cc5cbde2aa55/gnocchi.0937a944-d118-4f70-8737-ccf4f08b2480/1763640000.0_mean_300.0_v3" 201 - "PUT http://172.18.0.2:8080/d1/463/AUTH_78bcf9038de64dabbf49cc5cbde2aa55/gnocchi.0937a944-d118-4f70-8737-ccf4f08b2480/1763640000.0_mean_300.0_v3" "txa73a11bababc4577aa743-006927134f" "object-server 23" 0.0008 "-" 23 0
Nov 26 14:48:47 standalone object-server[127688]: 172.20.0.100 - - [26/Nov/2025:14:48:47 +0000] "PUT /d1/463/AUTH_78bcf9038de64dabbf49cc5cbde2aa55/gnocchi.0937a944-d118-4f70-8737-ccf4f08b2480/1763640000.0_mean_300.0_v3" 201 - "PUT http://172.18.0.2:8080/v1/AUTH_78bcf9038de64dabbf49cc5cbde2aa55/gnocchi.0937a944-d118-4f70-8737-ccf4f08b2480/1763640000.0_mean_300.0_v3" "txa73a11bababc4577aa743-006927134f" "proxy-server 20" 0.0128 "-" 23 0
Nov 26 14:48:47 standalone proxy-server[129656]: 172.18.0.2 172.18.0.100 26/Nov/2025/14/48/47 PUT /v1/AUTH_78bcf9038de64dabbf49cc5cbde2aa55/gnocchi.0937a944-d118-4f70-8737-ccf4f08b2480/1763640000.0_mean_300.0_v3 HTTP/1.0 201 - python-swiftclient-3.11.1 gAAAAABpJxKhsvRX... 16 - - txa73a11bababc4577aa743-006927134f - 0.0221 - - 1764168527.019819736 1764168527.041938543 0
Nov 26 14:48:47 standalone container-server[127453]: 172.20.0.100 - - [26/Nov/2025:14:48:47 +0000] "PUT /d1/501/AUTH_78bcf9038de64dabbf49cc5cbde2aa55/gnocchi.2cf9f085-cf12-4941-ab50-e9e21c51c700/1763640000.0_mean_300.0_v3" 201 - "PUT http://172.18.0.2:8080/d1/184/AUTH_78bcf9038de64dabbf49cc5cbde2aa55/gnocchi.2cf9f085-cf12-4941-ab50-e9e21c51c700/1763640000.0_mean_300.0_v3" "txa95d1eb6d7c14ec5844f5-006927134f" "object-server 25" 0.0006 "-" 23 0
Nov 26 14:48:47 standalone object-server[127695]: 172.20.0.100 - - [26/Nov/2025:14:48:47 +0000] "PUT /d1/184/AUTH_78bcf9038de64dabbf49cc5cbde2aa55/gnocchi.2cf9f085-cf12-4941-ab50-e9e21c51c700/1763640000.0_mean_300.0_v3" 201 - "PUT http://172.18.0.2:8080/v1/AUTH_78bcf9038de64dabbf49cc5cbde2aa55/gnocchi.2cf9f085-cf12-4941-ab50-e9e21c51c700/1763640000.0_mean_300.0_v3" "txa95d1eb6d7c14ec5844f5-006927134f" "proxy-server 20" 0.0117 "-" 25 0
Nov 26 14:48:47 standalone proxy-server[129656]: 172.18.0.2 172.18.0.100 26/Nov/2025/14/48/47 PUT /v1/AUTH_78bcf9038de64dabbf49cc5cbde2aa55/gnocchi.2cf9f085-cf12-4941-ab50-e9e21c51c700/1763640000.0_mean_300.0_v3 HTTP/1.0 201 - python-swiftclient-3.11.1 gAAAAABpJxKhsvRX... 16 - - txa95d1eb6d7c14ec5844f5-006927134f - 0.0196 - - 1764168527.045739412 1764168527.065387011 0
Nov 26 14:48:47 standalone container-server[127451]: 172.20.0.100 - - [26/Nov/2025:14:48:47 +0000] "PUT /d1/731/AUTH_78bcf9038de64dabbf49cc5cbde2aa55/gnocchi.0937a944-d118-4f70-8737-ccf4f08b2480/none_v3" 201 - "PUT http://172.18.0.2:8080/d1/351/AUTH_78bcf9038de64dabbf49cc5cbde2aa55/gnocchi.0937a944-d118-4f70-8737-ccf4f08b2480/none_v3" "txf711b52f02654415bf4b5-006927134f" "object-server 23" 0.0008 "-" 22 0
Nov 26 14:48:47 standalone object-server[127688]: 172.20.0.100 - - [26/Nov/2025:14:48:47 +0000] "PUT /d1/351/AUTH_78bcf9038de64dabbf49cc5cbde2aa55/gnocchi.0937a944-d118-4f70-8737-ccf4f08b2480/none_v3" 201 - "PUT http://172.18.0.2:8080/v1/AUTH_78bcf9038de64dabbf49cc5cbde2aa55/gnocchi.0937a944-d118-4f70-8737-ccf4f08b2480/none_v3" "txf711b52f02654415bf4b5-006927134f" "proxy-server 20" 0.0108 "-" 23 0
Nov 26 14:48:47 standalone proxy-server[129656]: 172.18.0.2 172.18.0.100 26/Nov/2025/14/48/47 PUT /v1/AUTH_78bcf9038de64dabbf49cc5cbde2aa55/gnocchi.0937a944-d118-4f70-8737-ccf4f08b2480/none_v3 HTTP/1.0 201 - python-swiftclient-3.11.1 gAAAAABpJxKhsvRX... 22 - - txf711b52f02654415bf4b5-006927134f - 0.0183 - - 1764168527.069106340 1764168527.087388515 0
Nov 26 14:48:47 standalone container-server[127441]: 172.20.0.100 - - [26/Nov/2025:14:48:47 +0000] "PUT /d1/501/AUTH_78bcf9038de64dabbf49cc5cbde2aa55/gnocchi.2cf9f085-cf12-4941-ab50-e9e21c51c700/none_v3" 201 - "PUT http://172.18.0.2:8080/d1/333/AUTH_78bcf9038de64dabbf49cc5cbde2aa55/gnocchi.2cf9f085-cf12-4941-ab50-e9e21c51c700/none_v3" "tx664d5664f0da4830bda76-006927134f" "object-server 24" 0.0008 "-" 20 0
Nov 26 14:48:47 standalone object-server[127693]: 172.20.0.100 - - [26/Nov/2025:14:48:47 +0000] "PUT /d1/333/AUTH_78bcf9038de64dabbf49cc5cbde2aa55/gnocchi.2cf9f085-cf12-4941-ab50-e9e21c51c700/none_v3" 201 - "PUT http://172.18.0.2:8080/v1/AUTH_78bcf9038de64dabbf49cc5cbde2aa55/gnocchi.2cf9f085-cf12-4941-ab50-e9e21c51c700/none_v3" "tx664d5664f0da4830bda76-006927134f" "proxy-server 20" 0.0111 "-" 24 0
Nov 26 14:48:47 standalone proxy-server[129656]: 172.18.0.2 172.18.0.100 26/Nov/2025/14/48/47 PUT /v1/AUTH_78bcf9038de64dabbf49cc5cbde2aa55/gnocchi.2cf9f085-cf12-4941-ab50-e9e21c51c700/none_v3 HTTP/1.0 201 - python-swiftclient-3.11.1 gAAAAABpJxKhsvRX... 22 - - tx664d5664f0da4830bda76-006927134f - 0.0191 - - 1764168527.090999842 1764168527.110071898 0
Nov 26 14:48:47 standalone container-server[127453]: 172.20.0.100 - - [26/Nov/2025:14:48:47 +0000] "HEAD /d1/579/AUTH_78bcf9038de64dabbf49cc5cbde2aa55/gnocchi.700f3bf3-ea88-4741-a909-e2ed8da5341c" 404 - "HEAD http://172.18.0.2:8080/v1/AUTH_78bcf9038de64dabbf49cc5cbde2aa55/gnocchi.700f3bf3-ea88-4741-a909-e2ed8da5341c?format=json&states=listing" "tx5e20ad8be4f345f5840f1-006927134f" "proxy-server 20" 0.0005 "-" 23 0
Nov 26 14:48:47 standalone object-server[127682]: 172.20.0.100 - - [26/Nov/2025:14:48:47 +0000] "GET /d1/29/AUTH_78bcf9038de64dabbf49cc5cbde2aa55/gnocchi.700f3bf3-ea88-4741-a909-e2ed8da5341c/none_v3" 404 70 "GET http://172.18.0.2:8080/v1/AUTH_78bcf9038de64dabbf49cc5cbde2aa55/gnocchi.700f3bf3-ea88-4741-a909-e2ed8da5341c/none_v3" "tx5e20ad8be4f345f5840f1-006927134f" "proxy-server 20" 0.0004 "-" 22 0
Nov 26 14:48:47 standalone proxy-server[129656]: 172.18.0.2 172.18.0.100 26/Nov/2025/14/48/47 GET /v1/AUTH_78bcf9038de64dabbf49cc5cbde2aa55/gnocchi.700f3bf3-ea88-4741-a909-e2ed8da5341c/none_v3 HTTP/1.0 404 - python-swiftclient-3.11.1 gAAAAABpJxKhsvRX... - 70 - tx5e20ad8be4f345f5840f1-006927134f - 0.0128 - - 1764168527.122904062 1764168527.135718107 0
Nov 26 14:48:47 standalone account-server[127420]: 172.20.0.100 - - [26/Nov/2025:14:48:47 +0000] "PUT /d1/207/AUTH_78bcf9038de64dabbf49cc5cbde2aa55/gnocchi.700f3bf3-ea88-4741-a909-e2ed8da5341c" 201 - "PUT http://172.20.0.100:6001/d1/579/AUTH_78bcf9038de64dabbf49cc5cbde2aa55/gnocchi.700f3bf3-ea88-4741-a909-e2ed8da5341c" "tx367d5e3500054746a5218-006927134f" "container-server 21" 0.0062 "-" 20 0
Nov 26 14:48:47 standalone container-server[127444]: 172.20.0.100 - - [26/Nov/2025:14:48:47 +0000] "PUT /d1/579/AUTH_78bcf9038de64dabbf49cc5cbde2aa55/gnocchi.700f3bf3-ea88-4741-a909-e2ed8da5341c" 201 - "PUT http://172.18.0.2:8080/v1/AUTH_78bcf9038de64dabbf49cc5cbde2aa55/gnocchi.700f3bf3-ea88-4741-a909-e2ed8da5341c" "tx367d5e3500054746a5218-006927134f" "proxy-server 20" 0.0248 "-" 21 0
Nov 26 14:48:47 standalone proxy-server[129656]: 172.18.0.2 172.18.0.100 26/Nov/2025/14/48/47 PUT /v1/AUTH_78bcf9038de64dabbf49cc5cbde2aa55/gnocchi.700f3bf3-ea88-4741-a909-e2ed8da5341c HTTP/1.0 201 - python-swiftclient-3.11.1 gAAAAABpJxKhsvRX... - - - tx367d5e3500054746a5218-006927134f - 0.0315 - - 1764168527.139320612 1764168527.170791388 0
Nov 26 14:48:47 standalone container-server[127453]: 172.20.0.100 - - [26/Nov/2025:14:48:47 +0000] "HEAD /d1/579/AUTH_78bcf9038de64dabbf49cc5cbde2aa55/gnocchi.700f3bf3-ea88-4741-a909-e2ed8da5341c" 204 - "HEAD http://172.18.0.2:8080/v1/AUTH_78bcf9038de64dabbf49cc5cbde2aa55/gnocchi.700f3bf3-ea88-4741-a909-e2ed8da5341c?format=json&states=listing" "tx56aa5aced3fe4386b4bba-006927134f" "proxy-server 20" 0.0021 "-" 23 0
Nov 26 14:48:47 standalone proxy-server[129656]: - - 26/Nov/2025/14/48/47 HEAD /v1/AUTH_78bcf9038de64dabbf49cc5cbde2aa55/gnocchi.700f3bf3-ea88-4741-a909-e2ed8da5341c%3Fformat%3Djson%26states%3Dlisting HTTP/1.0 204 - Swift - - - - tx56aa5aced3fe4386b4bba-006927134f - 0.0069 RL - 1764168527.177214146 1764168527.184152126 0
Nov 26 14:48:47 standalone container-server[127441]: 172.20.0.100 - - [26/Nov/2025:14:48:47 +0000] "GET /d1/579/AUTH_78bcf9038de64dabbf49cc5cbde2aa55/gnocchi.700f3bf3-ea88-4741-a909-e2ed8da5341c" 200 2 "GET http://172.18.0.2:8080/v1/AUTH_78bcf9038de64dabbf49cc5cbde2aa55/gnocchi.700f3bf3-ea88-4741-a909-e2ed8da5341c?format=json&states=listing" "tx56aa5aced3fe4386b4bba-006927134f" "proxy-server 20" 0.0035 "-" 20 0
Nov 26 14:48:47 standalone proxy-server[129656]: 172.18.0.2 172.18.0.100 26/Nov/2025/14/48/47 GET /v1/AUTH_78bcf9038de64dabbf49cc5cbde2aa55/gnocchi.700f3bf3-ea88-4741-a909-e2ed8da5341c%3Fformat%3Djson%26states%3Dlisting HTTP/1.0 200 - python-swiftclient-3.11.1 gAAAAABpJxKhsvRX... - 2 - tx56aa5aced3fe4386b4bba-006927134f - 0.0209 - - 1764168527.175716162 1764168527.196653605 0
Nov 26 14:48:47 standalone object-server[127688]: 172.20.0.100 - - [26/Nov/2025:14:48:47 +0000] "GET /d1/1022/AUTH_78bcf9038de64dabbf49cc5cbde2aa55/gnocchi.700f3bf3-ea88-4741-a909-e2ed8da5341c/1763640000.0_mean_300.0_v3" 404 70 "GET http://172.18.0.2:8080/v1/AUTH_78bcf9038de64dabbf49cc5cbde2aa55/gnocchi.700f3bf3-ea88-4741-a909-e2ed8da5341c/1763640000.0_mean_300.0_v3" "tx9cb449abfad64be0b7445-006927134f" "proxy-server 20" 0.0005 "-" 23 0
Nov 26 14:48:47 standalone proxy-server[129656]: 172.18.0.2 172.18.0.100 26/Nov/2025/14/48/47 GET /v1/AUTH_78bcf9038de64dabbf49cc5cbde2aa55/gnocchi.700f3bf3-ea88-4741-a909-e2ed8da5341c/1763640000.0_mean_300.0_v3 HTTP/1.0 404 - python-swiftclient-3.11.1 gAAAAABpJxKhsvRX... - 70 - tx9cb449abfad64be0b7445-006927134f - 0.0078 - - 1764168527.201550245 1764168527.209381819 0
Nov 26 14:48:47 standalone container-server[127441]: 172.20.0.100 - - [26/Nov/2025:14:48:47 +0000] "PUT /d1/579/AUTH_78bcf9038de64dabbf49cc5cbde2aa55/gnocchi.700f3bf3-ea88-4741-a909-e2ed8da5341c/1763640000.0_mean_300.0_v3" 201 - "PUT http://172.18.0.2:8080/d1/1022/AUTH_78bcf9038de64dabbf49cc5cbde2aa55/gnocchi.700f3bf3-ea88-4741-a909-e2ed8da5341c/1763640000.0_mean_300.0_v3" "txf319222fe96b46aabbbfe-006927134f" "object-server 22" 0.0008 "-" 20 0
Nov 26 14:48:47 standalone object-server[127682]: 172.20.0.100 - - [26/Nov/2025:14:48:47 +0000] "PUT /d1/1022/AUTH_78bcf9038de64dabbf49cc5cbde2aa55/gnocchi.700f3bf3-ea88-4741-a909-e2ed8da5341c/1763640000.0_mean_300.0_v3" 201 - "PUT http://172.18.0.2:8080/v1/AUTH_78bcf9038de64dabbf49cc5cbde2aa55/gnocchi.700f3bf3-ea88-4741-a909-e2ed8da5341c/1763640000.0_mean_300.0_v3" "txf319222fe96b46aabbbfe-006927134f" "proxy-server 20" 0.0158 "-" 22 0
Nov 26 14:48:47 standalone proxy-server[129656]: 172.18.0.2 172.18.0.100 26/Nov/2025/14/48/47 PUT /v1/AUTH_78bcf9038de64dabbf49cc5cbde2aa55/gnocchi.700f3bf3-ea88-4741-a909-e2ed8da5341c/1763640000.0_mean_300.0_v3 HTTP/1.0 201 - python-swiftclient-3.11.1 gAAAAABpJxKhsvRX... 16 - - txf319222fe96b46aabbbfe-006927134f - 0.0247 - - 1764168527.213447332 1764168527.238173485 0
Nov 26 14:48:47 standalone container-server[127453]: 172.20.0.100 - - [26/Nov/2025:14:48:47 +0000] "PUT /d1/579/AUTH_78bcf9038de64dabbf49cc5cbde2aa55/gnocchi.700f3bf3-ea88-4741-a909-e2ed8da5341c/none_v3" 201 - "PUT http://172.18.0.2:8080/d1/29/AUTH_78bcf9038de64dabbf49cc5cbde2aa55/gnocchi.700f3bf3-ea88-4741-a909-e2ed8da5341c/none_v3" "tx791fd6f5a1d4487689c97-006927134f" "object-server 22" 0.0007 "-" 23 0
Nov 26 14:48:47 standalone object-server[127682]: 172.20.0.100 - - [26/Nov/2025:14:48:47 +0000] "PUT /d1/29/AUTH_78bcf9038de64dabbf49cc5cbde2aa55/gnocchi.700f3bf3-ea88-4741-a909-e2ed8da5341c/none_v3" 201 - "PUT http://172.18.0.2:8080/v1/AUTH_78bcf9038de64dabbf49cc5cbde2aa55/gnocchi.700f3bf3-ea88-4741-a909-e2ed8da5341c/none_v3" "tx791fd6f5a1d4487689c97-006927134f" "proxy-server 20" 0.0132 "-" 22 0
Nov 26 14:48:47 standalone proxy-server[129656]: 172.18.0.2 172.18.0.100 26/Nov/2025/14/48/47 PUT /v1/AUTH_78bcf9038de64dabbf49cc5cbde2aa55/gnocchi.700f3bf3-ea88-4741-a909-e2ed8da5341c/none_v3 HTTP/1.0 201 - python-swiftclient-3.11.1 gAAAAABpJxKhsvRX... 22 - - tx791fd6f5a1d4487689c97-006927134f - 0.0215 - - 1764168527.242484331 1764168527.263980627 0
Nov 26 14:49:15 standalone account-server[127436]: 172.20.0.100 - - [26/Nov/2025:14:49:15 +0000] "HEAD /d1/207/AUTH_78bcf9038de64dabbf49cc5cbde2aa55" 204 - "HEAD http://172.18.0.2:8080/v1/AUTH_78bcf9038de64dabbf49cc5cbde2aa55?format=json" "tx0542b4becacc4641b6c57-006927136b" "proxy-server 20" 0.0060 "-" 21 -
Nov 26 14:49:15 standalone proxy-server[129656]: - - 26/Nov/2025/14/49/15 HEAD /v1/AUTH_78bcf9038de64dabbf49cc5cbde2aa55%3Fformat%3Djson HTTP/1.0 204 - Swift - - - - tx0542b4becacc4641b6c57-006927136b - 0.0123 RL - 1764168555.760242701 1764168555.772573709 -
Nov 26 14:49:15 standalone container-server[127444]: 172.20.0.100 - - [26/Nov/2025:14:49:15 +0000] "HEAD /d1/158/AUTH_78bcf9038de64dabbf49cc5cbde2aa55/gnocchi.62055fe8-1cf2-49de-b0ba-c779b7f135ac" 404 - "HEAD http://172.18.0.2:8080/v1/AUTH_78bcf9038de64dabbf49cc5cbde2aa55/gnocchi.62055fe8-1cf2-49de-b0ba-c779b7f135ac?format=json&states=listing" "tx0542b4becacc4641b6c57-006927136b" "proxy-server 20" 0.0008 "-" 21 0
Nov 26 14:49:15 standalone object-server[127693]: 172.20.0.100 - - [26/Nov/2025:14:49:15 +0000] "GET /d1/600/AUTH_78bcf9038de64dabbf49cc5cbde2aa55/gnocchi.62055fe8-1cf2-49de-b0ba-c779b7f135ac/none_v3" 404 70 "GET http://172.18.0.2:8080/v1/AUTH_78bcf9038de64dabbf49cc5cbde2aa55/gnocchi.62055fe8-1cf2-49de-b0ba-c779b7f135ac/none_v3" "tx0542b4becacc4641b6c57-006927136b" "proxy-server 20" 0.0008 "-" 24 0
Nov 26 14:49:15 standalone proxy-server[129656]: 172.18.0.2 172.18.0.100 26/Nov/2025/14/49/15 GET /v1/AUTH_78bcf9038de64dabbf49cc5cbde2aa55/gnocchi.62055fe8-1cf2-49de-b0ba-c779b7f135ac/none_v3 HTTP/1.0 404 - python-swiftclient-3.11.1 gAAAAABpJxKhsvRX... - 70 - tx0542b4becacc4641b6c57-006927136b - 0.0308 - - 1764168555.758672237 1764168555.789472818 0
Nov 26 14:49:15 standalone account-server[127418]: 172.20.0.100 - - [26/Nov/2025:14:49:15 +0000] "PUT /d1/207/AUTH_78bcf9038de64dabbf49cc5cbde2aa55/gnocchi.62055fe8-1cf2-49de-b0ba-c779b7f135ac" 201 - "PUT http://172.20.0.100:6001/d1/158/AUTH_78bcf9038de64dabbf49cc5cbde2aa55/gnocchi.62055fe8-1cf2-49de-b0ba-c779b7f135ac" "tx93d17ac0b0304d3a9fcff-006927136b" "container-server 20" 0.0020 "-" 19 0
Nov 26 14:49:15 standalone container-server[127441]: 172.20.0.100 - - [26/Nov/2025:14:49:15 +0000] "PUT /d1/158/AUTH_78bcf9038de64dabbf49cc5cbde2aa55/gnocchi.62055fe8-1cf2-49de-b0ba-c779b7f135ac" 201 - "PUT http://172.18.0.2:8080/v1/AUTH_78bcf9038de64dabbf49cc5cbde2aa55/gnocchi.62055fe8-1cf2-49de-b0ba-c779b7f135ac" "tx93d17ac0b0304d3a9fcff-006927136b" "proxy-server 20" 0.0119 "-" 20 0
Nov 26 14:49:15 standalone proxy-server[129656]: 172.18.0.2 172.18.0.100 26/Nov/2025/14/49/15 PUT /v1/AUTH_78bcf9038de64dabbf49cc5cbde2aa55/gnocchi.62055fe8-1cf2-49de-b0ba-c779b7f135ac HTTP/1.0 201 - python-swiftclient-3.11.1 gAAAAABpJxKhsvRX... - - - tx93d17ac0b0304d3a9fcff-006927136b - 0.0196 - - 1764168555.793089628 1764168555.812726498 0
Nov 26 14:49:15 standalone container-server[127453]: 172.20.0.100 - - [26/Nov/2025:14:49:15 +0000] "HEAD /d1/158/AUTH_78bcf9038de64dabbf49cc5cbde2aa55/gnocchi.62055fe8-1cf2-49de-b0ba-c779b7f135ac" 204 - "HEAD http://172.18.0.2:8080/v1/AUTH_78bcf9038de64dabbf49cc5cbde2aa55/gnocchi.62055fe8-1cf2-49de-b0ba-c779b7f135ac?format=json&states=listing" "tx16954badd677457093d4a-006927136b" "proxy-server 20" 0.0015 "-" 23 0
Nov 26 14:49:15 standalone proxy-server[129656]: - - 26/Nov/2025/14/49/15 HEAD /v1/AUTH_78bcf9038de64dabbf49cc5cbde2aa55/gnocchi.62055fe8-1cf2-49de-b0ba-c779b7f135ac%3Fformat%3Djson%26states%3Dlisting HTTP/1.0 204 - Swift - - - - tx16954badd677457093d4a-006927136b - 0.0061 RL - 1764168555.818973303 1764168555.825092077 0
Nov 26 14:49:15 standalone container-server[127453]: 172.20.0.100 - - [26/Nov/2025:14:49:15 +0000] "GET /d1/158/AUTH_78bcf9038de64dabbf49cc5cbde2aa55/gnocchi.62055fe8-1cf2-49de-b0ba-c779b7f135ac" 200 2 "GET http://172.18.0.2:8080/v1/AUTH_78bcf9038de64dabbf49cc5cbde2aa55/gnocchi.62055fe8-1cf2-49de-b0ba-c779b7f135ac?format=json&states=listing" "tx16954badd677457093d4a-006927136b" "proxy-server 20" 0.0019 "-" 23 0
