Nov 26 14:48:12 standalone object-server[127695]: 172.20.0.100 - - [26/Nov/2025:14:48:12 +0000] "GET /d1/369/AUTH_78bcf9038de64dabbf49cc5cbde2aa55/gnocchi.49764463-4e3f-43de-9369-150a6a58c5fb/1763640000.0_mean_300.0_v3" 404 70 "GET http://172.18.0.2:8080/v1/AUTH_78bcf9038de64dabbf49cc5cbde2aa55/gnocchi.49764463-4e3f-43de-9369-150a6a58c5fb/1763640000.0_mean_300.0_v3" "txe1660726db454040b25be-006927132c" "proxy-server 20" 0.0005 "-" 25 0
Nov 26 14:48:12 standalone proxy-server[129656]: 172.18.0.2 172.18.0.100 26/Nov/2025/14/48/12 GET /v1/AUTH_78bcf9038de64dabbf49cc5cbde2aa55/gnocchi.49764463-4e3f-43de-9369-150a6a58c5fb/1763640000.0_mean_300.0_v3 HTTP/1.0 404 - python-swiftclient-3.11.1 gAAAAABpJxKhsvRX... - 70 - txe1660726db454040b25be-006927132c - 0.0136 - - 1764168492.094960213 1764168492.108542204 0
Nov 26 14:48:12 standalone container-server[127453]: 172.20.0.100 - - [26/Nov/2025:14:48:12 +0000] "PUT /d1/203/AUTH_78bcf9038de64dabbf49cc5cbde2aa55/gnocchi.21eb35c2-020d-478f-b37e-4c2a1d7982fb/1763640000.0_mean_300.0_v3" 201 - "PUT http://172.18.0.2:8080/d1/80/AUTH_78bcf9038de64dabbf49cc5cbde2aa55/gnocchi.21eb35c2-020d-478f-b37e-4c2a1d7982fb/1763640000.0_mean_300.0_v3" "txa860eac422a14e188f975-006927132c" "object-server 24" 0.0015 "-" 23 0
Nov 26 14:48:12 standalone object-server[127693]: 172.20.0.100 - - [26/Nov/2025:14:48:12 +0000] "PUT /d1/80/AUTH_78bcf9038de64dabbf49cc5cbde2aa55/gnocchi.21eb35c2-020d-478f-b37e-4c2a1d7982fb/1763640000.0_mean_300.0_v3" 201 - "PUT http://172.18.0.2:8080/v1/AUTH_78bcf9038de64dabbf49cc5cbde2aa55/gnocchi.21eb35c2-020d-478f-b37e-4c2a1d7982fb/1763640000.0_mean_300.0_v3" "txa860eac422a14e188f975-006927132c" "proxy-server 20" 0.0142 "-" 24 0
Nov 26 14:48:12 standalone proxy-server[129656]: 172.18.0.2 172.18.0.100 26/Nov/2025/14/48/12 PUT /v1/AUTH_78bcf9038de64dabbf49cc5cbde2aa55/gnocchi.21eb35c2-020d-478f-b37e-4c2a1d7982fb/1763640000.0_mean_300.0_v3 HTTP/1.0 201 - python-swiftclient-3.11.1 gAAAAABpJxKhsvRX... 16 - - txa860eac422a14e188f975-006927132c - 0.0264 - - 1764168492.117450714 1764168492.143829107 0
Nov 26 14:48:12 standalone container-server[127441]: 172.20.0.100 - - [26/Nov/2025:14:48:12 +0000] "PUT /d1/565/AUTH_78bcf9038de64dabbf49cc5cbde2aa55/gnocchi.49764463-4e3f-43de-9369-150a6a58c5fb/1763640000.0_mean_300.0_v3" 201 - "PUT http://172.18.0.2:8080/d1/369/AUTH_78bcf9038de64dabbf49cc5cbde2aa55/gnocchi.49764463-4e3f-43de-9369-150a6a58c5fb/1763640000.0_mean_300.0_v3" "txdff1941bb5c7424aa5d29-006927132c" "object-server 25" 0.0009 "-" 20 0
Nov 26 14:48:12 standalone object-server[127695]: 172.20.0.100 - - [26/Nov/2025:14:48:12 +0000] "PUT /d1/369/AUTH_78bcf9038de64dabbf49cc5cbde2aa55/gnocchi.49764463-4e3f-43de-9369-150a6a58c5fb/1763640000.0_mean_300.0_v3" 201 - "PUT http://172.18.0.2:8080/v1/AUTH_78bcf9038de64dabbf49cc5cbde2aa55/gnocchi.49764463-4e3f-43de-9369-150a6a58c5fb/1763640000.0_mean_300.0_v3" "txdff1941bb5c7424aa5d29-006927132c" "proxy-server 20" 0.0095 "-" 25 0
Nov 26 14:48:12 standalone proxy-server[129656]: 172.18.0.2 172.18.0.100 26/Nov/2025/14/48/12 PUT /v1/AUTH_78bcf9038de64dabbf49cc5cbde2aa55/gnocchi.49764463-4e3f-43de-9369-150a6a58c5fb/1763640000.0_mean_300.0_v3 HTTP/1.0 201 - python-swiftclient-3.11.1 gAAAAABpJxKhsvRX... 16 - - txdff1941bb5c7424aa5d29-006927132c - 0.0188 - - 1764168492.147852182 1764168492.166636229 0
Nov 26 14:48:12 standalone container-server[127451]: 172.20.0.100 - - [26/Nov/2025:14:48:12 +0000] "PUT /d1/203/AUTH_78bcf9038de64dabbf49cc5cbde2aa55/gnocchi.21eb35c2-020d-478f-b37e-4c2a1d7982fb/none_v3" 201 - "PUT http://172.18.0.2:8080/d1/261/AUTH_78bcf9038de64dabbf49cc5cbde2aa55/gnocchi.21eb35c2-020d-478f-b37e-4c2a1d7982fb/none_v3" "tx5d9ab794a4f8479c9a567-006927132c" "object-server 25" 0.0048 "-" 22 0
Nov 26 14:48:12 standalone object-server[127695]: 172.20.0.100 - - [26/Nov/2025:14:48:12 +0000] "PUT /d1/261/AUTH_78bcf9038de64dabbf49cc5cbde2aa55/gnocchi.21eb35c2-020d-478f-b37e-4c2a1d7982fb/none_v3" 201 - "PUT http://172.18.0.2:8080/v1/AUTH_78bcf9038de64dabbf49cc5cbde2aa55/gnocchi.21eb35c2-020d-478f-b37e-4c2a1d7982fb/none_v3" "tx5d9ab794a4f8479c9a567-006927132c" "proxy-server 20" 0.0129 "-" 25 0
Nov 26 14:48:12 standalone proxy-server[129656]: 172.18.0.2 172.18.0.100 26/Nov/2025/14/48/12 PUT /v1/AUTH_78bcf9038de64dabbf49cc5cbde2aa55/gnocchi.21eb35c2-020d-478f-b37e-4c2a1d7982fb/none_v3 HTTP/1.0 201 - python-swiftclient-3.11.1 gAAAAABpJxKhsvRX... 22 - - tx5d9ab794a4f8479c9a567-006927132c - 0.0214 - - 1764168492.170175552 1764168492.191567421 0
Nov 26 14:48:12 standalone container-server[127453]: 172.20.0.100 - - [26/Nov/2025:14:48:12 +0000] "PUT /d1/565/AUTH_78bcf9038de64dabbf49cc5cbde2aa55/gnocchi.49764463-4e3f-43de-9369-150a6a58c5fb/none_v3" 201 - "PUT http://172.18.0.2:8080/d1/228/AUTH_78bcf9038de64dabbf49cc5cbde2aa55/gnocchi.49764463-4e3f-43de-9369-150a6a58c5fb/none_v3" "tx3f4ff3a32b4146e69d4d8-006927132c" "object-server 22" 0.0011 "-" 23 0
Nov 26 14:48:12 standalone object-server[127682]: 172.20.0.100 - - [26/Nov/2025:14:48:12 +0000] "PUT /d1/228/AUTH_78bcf9038de64dabbf49cc5cbde2aa55/gnocchi.49764463-4e3f-43de-9369-150a6a58c5fb/none_v3" 201 - "PUT http://172.18.0.2:8080/v1/AUTH_78bcf9038de64dabbf49cc5cbde2aa55/gnocchi.49764463-4e3f-43de-9369-150a6a58c5fb/none_v3" "tx3f4ff3a32b4146e69d4d8-006927132c" "proxy-server 20" 0.0156 "-" 22 0
Nov 26 14:48:12 standalone proxy-server[129656]: 172.18.0.2 172.18.0.100 26/Nov/2025/14/48/12 PUT /v1/AUTH_78bcf9038de64dabbf49cc5cbde2aa55/gnocchi.49764463-4e3f-43de-9369-150a6a58c5fb/none_v3 HTTP/1.0 201 - python-swiftclient-3.11.1 gAAAAABpJxKhsvRX... 22 - - tx3f4ff3a32b4146e69d4d8-006927132c - 0.0329 - - 1764168492.201347113 1764168492.234201193 0
Nov 26 14:48:12 standalone container-server[127453]: 172.20.0.100 - - [26/Nov/2025:14:48:12 +0000] "HEAD /d1/971/AUTH_78bcf9038de64dabbf49cc5cbde2aa55/gnocchi.7aa8b3f0-c06e-4142-bde7-820726e39349" 404 - "HEAD http://172.18.0.2:8080/v1/AUTH_78bcf9038de64dabbf49cc5cbde2aa55/gnocchi.7aa8b3f0-c06e-4142-bde7-820726e39349?format=json&states=listing" "txd08aecaa8a844192913a7-006927132c" "proxy-server 20" 0.0006 "-" 23 0
Nov 26 14:48:12 standalone object-server[127693]: 172.20.0.100 - - [26/Nov/2025:14:48:12 +0000] "GET /d1/259/AUTH_78bcf9038de64dabbf49cc5cbde2aa55/gnocchi.7aa8b3f0-c06e-4142-bde7-820726e39349/none_v3" 404 70 "GET http://172.18.0.2:8080/v1/AUTH_78bcf9038de64dabbf49cc5cbde2aa55/gnocchi.7aa8b3f0-c06e-4142-bde7-820726e39349/none_v3" "txd08aecaa8a844192913a7-006927132c" "proxy-server 20" 0.0005 "-" 24 0
Nov 26 14:48:12 standalone proxy-server[129656]: 172.18.0.2 172.18.0.100 26/Nov/2025/14/48/12 GET /v1/AUTH_78bcf9038de64dabbf49cc5cbde2aa55/gnocchi.7aa8b3f0-c06e-4142-bde7-820726e39349/none_v3 HTTP/1.0 404 - python-swiftclient-3.11.1 gAAAAABpJxKhsvRX... - 70 - txd08aecaa8a844192913a7-006927132c - 0.0173 - - 1764168492.246826649 1764168492.264102459 0
Nov 26 14:48:12 standalone account-server[127418]: 172.20.0.100 - - [26/Nov/2025:14:48:12 +0000] "PUT /d1/207/AUTH_78bcf9038de64dabbf49cc5cbde2aa55/gnocchi.7aa8b3f0-c06e-4142-bde7-820726e39349" 201 - "PUT http://172.20.0.100:6001/d1/971/AUTH_78bcf9038de64dabbf49cc5cbde2aa55/gnocchi.7aa8b3f0-c06e-4142-bde7-820726e39349" "tx4dc770a1816844748e6fd-006927132c" "container-server 23" 0.0079 "-" 19 0
Nov 26 14:48:12 standalone container-server[127453]: 172.20.0.100 - - [26/Nov/2025:14:48:12 +0000] "PUT /d1/971/AUTH_78bcf9038de64dabbf49cc5cbde2aa55/gnocchi.7aa8b3f0-c06e-4142-bde7-820726e39349" 201 - "PUT http://172.18.0.2:8080/v1/AUTH_78bcf9038de64dabbf49cc5cbde2aa55/gnocchi.7aa8b3f0-c06e-4142-bde7-820726e39349" "tx4dc770a1816844748e6fd-006927132c" "proxy-server 20" 0.0252 "-" 23 0
Nov 26 14:48:12 standalone proxy-server[129656]: 172.18.0.2 172.18.0.100 26/Nov/2025/14/48/12 PUT /v1/AUTH_78bcf9038de64dabbf49cc5cbde2aa55/gnocchi.7aa8b3f0-c06e-4142-bde7-820726e39349 HTTP/1.0 201 - python-swiftclient-3.11.1 gAAAAABpJxKhsvRX... - - - tx4dc770a1816844748e6fd-006927132c - 0.0348 - - 1764168492.267549038 1764168492.302321672 0
Nov 26 14:48:12 standalone container-server[127451]: 172.20.0.100 - - [26/Nov/2025:14:48:12 +0000] "HEAD /d1/971/AUTH_78bcf9038de64dabbf49cc5cbde2aa55/gnocchi.7aa8b3f0-c06e-4142-bde7-820726e39349" 204 - "HEAD http://172.18.0.2:8080/v1/AUTH_78bcf9038de64dabbf49cc5cbde2aa55/gnocchi.7aa8b3f0-c06e-4142-bde7-820726e39349?format=json&states=listing" "txfc315ace37824b2aab3d0-006927132c" "proxy-server 20" 0.0029 "-" 22 0
Nov 26 14:48:12 standalone proxy-server[129656]: - - 26/Nov/2025/14/48/12 HEAD /v1/AUTH_78bcf9038de64dabbf49cc5cbde2aa55/gnocchi.7aa8b3f0-c06e-4142-bde7-820726e39349%3Fformat%3Djson%26states%3Dlisting HTTP/1.0 204 - Swift - - - - txfc315ace37824b2aab3d0-006927132c - 0.0106 RL - 1764168492.309628010 1764168492.320190668 0
Nov 26 14:48:12 standalone container-server[127444]: 172.20.0.100 - - [26/Nov/2025:14:48:12 +0000] "GET /d1/971/AUTH_78bcf9038de64dabbf49cc5cbde2aa55/gnocchi.7aa8b3f0-c06e-4142-bde7-820726e39349" 200 2 "GET http://172.18.0.2:8080/v1/AUTH_78bcf9038de64dabbf49cc5cbde2aa55/gnocchi.7aa8b3f0-c06e-4142-bde7-820726e39349?format=json&states=listing" "txfc315ace37824b2aab3d0-006927132c" "proxy-server 20" 0.0053 "-" 21 0
Nov 26 14:48:12 standalone proxy-server[129656]: 172.18.0.2 172.18.0.100 26/Nov/2025/14/48/12 GET /v1/AUTH_78bcf9038de64dabbf49cc5cbde2aa55/gnocchi.7aa8b3f0-c06e-4142-bde7-820726e39349%3Fformat%3Djson%26states%3Dlisting HTTP/1.0 200 - python-swiftclient-3.11.1 gAAAAABpJxKhsvRX... - 2 - txfc315ace37824b2aab3d0-006927132c - 0.0325 - - 1764168492.307304144 1764168492.339847565 0
Nov 26 14:48:12 standalone object-server[127682]: 172.20.0.100 - - [26/Nov/2025:14:48:12 +0000] "GET /d1/456/AUTH_78bcf9038de64dabbf49cc5cbde2aa55/gnocchi.7aa8b3f0-c06e-4142-bde7-820726e39349/1763640000.0_mean_300.0_v3" 404 70 "GET http://172.18.0.2:8080/v1/AUTH_78bcf9038de64dabbf49cc5cbde2aa55/gnocchi.7aa8b3f0-c06e-4142-bde7-820726e39349/1763640000.0_mean_300.0_v3" "tx564b2bc2c0864799b6971-006927132c" "proxy-server 20" 0.0004 "-" 22 0
Nov 26 14:48:12 standalone proxy-server[129656]: 172.18.0.2 172.18.0.100 26/Nov/2025/14/48/12 GET /v1/AUTH_78bcf9038de64dabbf49cc5cbde2aa55/gnocchi.7aa8b3f0-c06e-4142-bde7-820726e39349/1763640000.0_mean_300.0_v3 HTTP/1.0 404 - python-swiftclient-3.11.1 gAAAAABpJxKhsvRX... - 70 - tx564b2bc2c0864799b6971-006927132c - 0.0113 - - 1764168492.344833851 1764168492.356109381 0
Nov 26 14:48:12 standalone container-server[127453]: 172.20.0.100 - - [26/Nov/2025:14:48:12 +0000] "PUT /d1/971/AUTH_78bcf9038de64dabbf49cc5cbde2aa55/gnocchi.7aa8b3f0-c06e-4142-bde7-820726e39349/1763640000.0_mean_300.0_v3" 201 - "PUT http://172.18.0.2:8080/d1/456/AUTH_78bcf9038de64dabbf49cc5cbde2aa55/gnocchi.7aa8b3f0-c06e-4142-bde7-820726e39349/1763640000.0_mean_300.0_v3" "txe733ce35053240f6a6f3a-006927132c" "object-server 23" 0.0007 "-" 23 0
Nov 26 14:48:12 standalone object-server[127688]: 172.20.0.100 - - [26/Nov/2025:14:48:12 +0000] "PUT /d1/456/AUTH_78bcf9038de64dabbf49cc5cbde2aa55/gnocchi.7aa8b3f0-c06e-4142-bde7-820726e39349/1763640000.0_mean_300.0_v3" 201 - "PUT http://172.18.0.2:8080/v1/AUTH_78bcf9038de64dabbf49cc5cbde2aa55/gnocchi.7aa8b3f0-c06e-4142-bde7-820726e39349/1763640000.0_mean_300.0_v3" "txe733ce35053240f6a6f3a-006927132c" "proxy-server 20" 0.0143 "-" 23 0
Nov 26 14:48:12 standalone proxy-server[129656]: 172.18.0.2 172.18.0.100 26/Nov/2025/14/48/12 PUT /v1/AUTH_78bcf9038de64dabbf49cc5cbde2aa55/gnocchi.7aa8b3f0-c06e-4142-bde7-820726e39349/1763640000.0_mean_300.0_v3 HTTP/1.0 201 - python-swiftclient-3.11.1 gAAAAABpJxKhsvRX... 16 - - txe733ce35053240f6a6f3a-006927132c - 0.0257 - - 1764168492.360958815 1764168492.386644363 0
Nov 26 14:48:12 standalone container-server[127453]: 172.20.0.100 - - [26/Nov/2025:14:48:12 +0000] "PUT /d1/971/AUTH_78bcf9038de64dabbf49cc5cbde2aa55/gnocchi.7aa8b3f0-c06e-4142-bde7-820726e39349/none_v3" 201 - "PUT http://172.18.0.2:8080/d1/259/AUTH_78bcf9038de64dabbf49cc5cbde2aa55/gnocchi.7aa8b3f0-c06e-4142-bde7-820726e39349/none_v3" "tx134e9a6b9d054051a531c-006927132c" "object-server 25" 0.0006 "-" 23 0
Nov 26 14:48:12 standalone object-server[127695]: 172.20.0.100 - - [26/Nov/2025:14:48:12 +0000] "PUT /d1/259/AUTH_78bcf9038de64dabbf49cc5cbde2aa55/gnocchi.7aa8b3f0-c06e-4142-bde7-820726e39349/none_v3" 201 - "PUT http://172.18.0.2:8080/v1/AUTH_78bcf9038de64dabbf49cc5cbde2aa55/gnocchi.7aa8b3f0-c06e-4142-bde7-820726e39349/none_v3" "tx134e9a6b9d054051a531c-006927132c" "proxy-server 20" 0.0089 "-" 25 0
Nov 26 14:48:12 standalone proxy-server[129656]: 172.18.0.2 172.18.0.100 26/Nov/2025/14/48/12 PUT /v1/AUTH_78bcf9038de64dabbf49cc5cbde2aa55/gnocchi.7aa8b3f0-c06e-4142-bde7-820726e39349/none_v3 HTTP/1.0 201 - python-swiftclient-3.11.1 gAAAAABpJxKhsvRX... 22 - - tx134e9a6b9d054051a531c-006927132c - 0.0187 - - 1764168492.390683651 1764168492.409346104 0
Nov 26 14:48:18 standalone container-server[127451]: 172.20.0.100 - - [26/Nov/2025:14:48:18 +0000] "HEAD /d1/38/AUTH_78bcf9038de64dabbf49cc5cbde2aa55/gnocchi.525d3422-2a45-4f5c-9d62-1c5861f56999" 404 - "HEAD http://172.18.0.2:8080/v1/AUTH_78bcf9038de64dabbf49cc5cbde2aa55/gnocchi.525d3422-2a45-4f5c-9d62-1c5861f56999?format=json&states=listing" "txdcb0857b469d47baa4b1f-0069271332" "proxy-server 20" 0.0009 "-" 22 0
Nov 26 14:48:18 standalone object-server[127693]: 172.20.0.100 - - [26/Nov/2025:14:48:18 +0000] "GET /d1/991/AUTH_78bcf9038de64dabbf49cc5cbde2aa55/gnocchi.525d3422-2a45-4f5c-9d62-1c5861f56999/none_v3" 404 70 "GET http://172.18.0.2:8080/v1/AUTH_78bcf9038de64dabbf49cc5cbde2aa55/gnocchi.525d3422-2a45-4f5c-9d62-1c5861f56999/none_v3" "txdcb0857b469d47baa4b1f-0069271332" "proxy-server 20" 0.0005 "-" 24 0
Nov 26 14:48:18 standalone proxy-server[129656]: 172.18.0.2 172.18.0.100 26/Nov/2025/14/48/18 GET /v1/AUTH_78bcf9038de64dabbf49cc5cbde2aa55/gnocchi.525d3422-2a45-4f5c-9d62-1c5861f56999/none_v3 HTTP/1.0 404 - python-swiftclient-3.11.1 gAAAAABpJxKhsvRX... - 70 - txdcb0857b469d47baa4b1f-0069271332 - 0.0100 - - 1764168498.087195158 1764168498.097213507 0
Nov 26 14:48:18 standalone account-server[127436]: 172.20.0.100 - - [26/Nov/2025:14:48:18 +0000] "PUT /d1/207/AUTH_78bcf9038de64dabbf49cc5cbde2aa55/gnocchi.525d3422-2a45-4f5c-9d62-1c5861f56999" 201 - "PUT http://172.20.0.100:6001/d1/38/AUTH_78bcf9038de64dabbf49cc5cbde2aa55/gnocchi.525d3422-2a45-4f5c-9d62-1c5861f56999" "tx046a58c3963b427ab2fe6-0069271332" "container-server 21" 0.0126 "-" 21 0
Nov 26 14:48:18 standalone container-server[127444]: 172.20.0.100 - - [26/Nov/2025:14:48:18 +0000] "PUT /d1/38/AUTH_78bcf9038de64dabbf49cc5cbde2aa55/gnocchi.525d3422-2a45-4f5c-9d62-1c5861f56999" 201 - "PUT http://172.18.0.2:8080/v1/AUTH_78bcf9038de64dabbf49cc5cbde2aa55/gnocchi.525d3422-2a45-4f5c-9d62-1c5861f56999" "tx046a58c3963b427ab2fe6-0069271332" "proxy-server 20" 0.0277 "-" 21 0
Nov 26 14:48:18 standalone proxy-server[129656]: 172.18.0.2 172.18.0.100 26/Nov/2025/14/48/18 PUT /v1/AUTH_78bcf9038de64dabbf49cc5cbde2aa55/gnocchi.525d3422-2a45-4f5c-9d62-1c5861f56999 HTTP/1.0 201 - python-swiftclient-3.11.1 gAAAAABpJxKhsvRX... - - - tx046a58c3963b427ab2fe6-0069271332 - 0.0321 - - 1764168498.099304199 1764168498.131422043 0
Nov 26 14:48:18 standalone container-server[127441]: 172.20.0.100 - - [26/Nov/2025:14:48:18 +0000] "HEAD /d1/38/AUTH_78bcf9038de64dabbf49cc5cbde2aa55/gnocchi.525d3422-2a45-4f5c-9d62-1c5861f56999" 204 - "HEAD http://172.18.0.2:8080/v1/AUTH_78bcf9038de64dabbf49cc5cbde2aa55/gnocchi.525d3422-2a45-4f5c-9d62-1c5861f56999?format=json&states=listing" "tx7aa34b6b5da34bfe82874-0069271332" "proxy-server 20" 0.0011 "-" 20 0
Nov 26 14:48:18 standalone proxy-server[129656]: - - 26/Nov/2025/14/48/18 HEAD /v1/AUTH_78bcf9038de64dabbf49cc5cbde2aa55/gnocchi.525d3422-2a45-4f5c-9d62-1c5861f56999%3Fformat%3Djson%26states%3Dlisting HTTP/1.0 204 - Swift - - - - tx7aa34b6b5da34bfe82874-0069271332 - 0.0048 RL - 1764168498.134626865 1764168498.139382601 0
Nov 26 14:48:18 standalone container-server[127441]: 172.20.0.100 - - [26/Nov/2025:14:48:18 +0000] "GET /d1/38/AUTH_78bcf9038de64dabbf49cc5cbde2aa55/gnocchi.525d3422-2a45-4f5c-9d62-1c5861f56999" 200 2 "GET http://172.18.0.2:8080/v1/AUTH_78bcf9038de64dabbf49cc5cbde2aa55/gnocchi.525d3422-2a45-4f5c-9d62-1c5861f56999?format=json&states=listing" "tx7aa34b6b5da34bfe82874-0069271332" "proxy-server 20" 0.0014 "-" 20 0
Nov 26 14:48:18 standalone proxy-server[129656]: 172.18.0.2 172.18.0.100 26/Nov/2025/14/48/18 GET /v1/AUTH_78bcf9038de64dabbf49cc5cbde2aa55/gnocchi.525d3422-2a45-4f5c-9d62-1c5861f56999%3Fformat%3Djson%26states%3Dlisting HTTP/1.0 200 - python-swiftclient-3.11.1 gAAAAABpJxKhsvRX... - 2 - tx7aa34b6b5da34bfe82874-0069271332 - 0.0110 - - 1764168498.133880615 1764168498.144875526 0
Nov 26 14:48:18 standalone object-server[127695]: 172.20.0.100 - - [26/Nov/2025:14:48:18 +0000] "GET /d1/604/AUTH_78bcf9038de64dabbf49cc5cbde2aa55/gnocchi.525d3422-2a45-4f5c-9d62-1c5861f56999/1763640000.0_mean_300.0_v3" 404 70 "GET http://172.18.0.2:8080/v1/AUTH_78bcf9038de64dabbf49cc5cbde2aa55/gnocchi.525d3422-2a45-4f5c-9d62-1c5861f56999/1763640000.0_mean_300.0_v3" "tx32d18af87801406f9a3d2-0069271332" "proxy-server 20" 0.0004 "-" 25 0
Nov 26 14:48:18 standalone proxy-server[129656]: 172.18.0.2 172.18.0.100 26/Nov/2025/14/48/18 GET /v1/AUTH_78bcf9038de64dabbf49cc5cbde2aa55/gnocchi.525d3422-2a45-4f5c-9d62-1c5861f56999/1763640000.0_mean_300.0_v3 HTTP/1.0 404 - python-swiftclient-3.11.1 gAAAAABpJxKhsvRX... - 70 - tx32d18af87801406f9a3d2-0069271332 - 0.0062 - - 1764168498.147379637 1764168498.153615952 0
Nov 26 14:48:18 standalone container-server[127441]: 172.20.0.100 - - [26/Nov/2025:14:48:18 +0000] "PUT /d1/38/AUTH_78bcf9038de64dabbf49cc5cbde2aa55/gnocchi.525d3422-2a45-4f5c-9d62-1c5861f56999/1763640000.0_mean_300.0_v3" 201 - "PUT http://172.18.0.2:8080/d1/604/AUTH_78bcf9038de64dabbf49cc5cbde2aa55/gnocchi.525d3422-2a45-4f5c-9d62-1c5861f56999/1763640000.0_mean_300.0_v3" "tx324c19b6f9604d018bd54-0069271332" "object-server 25" 0.0005 "-" 20 0
Nov 26 14:48:18 standalone object-server[127695]: 172.20.0.100 - - [26/Nov/2025:14:48:18 +0000] "PUT /d1/604/AUTH_78bcf9038de64dabbf49cc5cbde2aa55/gnocchi.525d3422-2a45-4f5c-9d62-1c5861f56999/1763640000.0_mean_300.0_v3" 201 - "PUT http://172.18.0.2:8080/v1/AUTH_78bcf9038de64dabbf49cc5cbde2aa55/gnocchi.525d3422-2a45-4f5c-9d62-1c5861f56999/1763640000.0_mean_300.0_v3" "tx324c19b6f9604d018bd54-0069271332" "proxy-server 20" 0.0177 "-" 25 0
Nov 26 14:48:18 standalone proxy-server[129656]: 172.18.0.2 172.18.0.100 26/Nov/2025/14/48/18 PUT /v1/AUTH_78bcf9038de64dabbf49cc5cbde2aa55/gnocchi.525d3422-2a45-4f5c-9d62-1c5861f56999/1763640000.0_mean_300.0_v3 HTTP/1.0 201 - python-swiftclient-3.11.1 gAAAAABpJxKhsvRX... 16 - - tx324c19b6f9604d018bd54-0069271332 - 0.0237 - - 1764168498.155558586 1764168498.179220915 0
Nov 26 14:48:18 standalone container-server[127451]: 172.20.0.100 - - [26/Nov/2025:14:48:18 +0000] "PUT /d1/38/AUTH_78bcf9038de64dabbf49cc5cbde2aa55/gnocchi.525d3422-2a45-4f5c-9d62-1c5861f56999/none_v3" 201 - "PUT http://172.18.0.2:8080/d1/991/AUTH_78bcf9038de64dabbf49cc5cbde2aa55/gnocchi.525d3422-2a45-4f5c-9d62-1c5861f56999/none_v3" "txff94523f91914b9da6415-0069271332" "object-server 24" 0.0041 "-" 22 0
Nov 26 14:48:18 standalone object-server[127693]: 172.20.0.100 - - [26/Nov/2025:14:48:18 +0000] "PUT /d1/991/AUTH_78bcf9038de64dabbf49cc5cbde2aa55/gnocchi.525d3422-2a45-4f5c-9d62-1c5861f56999/none_v3" 201 - "PUT http://172.18.0.2:8080/v1/AUTH_78bcf9038de64dabbf49cc5cbde2aa55/gnocchi.525d3422-2a45-4f5c-9d62-1c5861f56999/none_v3" "txff94523f91914b9da6415-0069271332" "proxy-server 20" 0.0130 "-" 24 0
Nov 26 14:48:18 standalone proxy-server[129656]: 172.18.0.2 172.18.0.100 26/Nov/2025/14/48/18 PUT /v1/AUTH_78bcf9038de64dabbf49cc5cbde2aa55/gnocchi.525d3422-2a45-4f5c-9d62-1c5861f56999/none_v3 HTTP/1.0 201 - python-swiftclient-3.11.1 gAAAAABpJxKhsvRX... 22 - - txff94523f91914b9da6415-0069271332 - 0.0184 - - 1764168498.181703568 1764168498.200119734 0
Nov 26 14:48:23 standalone object-server[127682]: 172.20.0.100 - - [26/Nov/2025:14:48:23 +0000] "GET /d1/991/AUTH_78bcf9038de64dabbf49cc5cbde2aa55/gnocchi.525d3422-2a45-4f5c-9d62-1c5861f56999/none_v3" 200 22 "GET http://172.18.0.2:8080/v1/AUTH_78bcf9038de64dabbf49cc5cbde2aa55/gnocchi.525d3422-2a45-4f5c-9d62-1c5861f56999/none_v3" "tx2a177a5f7436466880753-0069271337" "proxy-server 20" 0.0014 "-" 22 0
Nov 26 14:48:23 standalone proxy-server[129656]: 172.18.0.2 172.18.0.100 26/Nov/2025/14/48/23 GET /v1/AUTH_78bcf9038de64dabbf49cc5cbde2aa55/gnocchi.525d3422-2a45-4f5c-9d62-1c5861f56999/none_v3 HTTP/1.0 200 - python-swiftclient-3.11.1 gAAAAABpJxKhsvRX... - 22 - tx2a177a5f7436466880753-0069271337 - 0.0090 - - 1764168503.090839624 1764168503.099851847 0
Nov 26 14:48:23 standalone container-server[127441]: 172.20.0.100 - - [26/Nov/2025:14:48:23 +0000] "GET /d1/38/AUTH_78bcf9038de64dabbf49cc5cbde2aa55/gnocchi.525d3422-2a45-4f5c-9d62-1c5861f56999" 200 357 "GET http://172.18.0.2:8080/v1/AUTH_78bcf9038de64dabbf49cc5cbde2aa55/gnocchi.525d3422-2a45-4f5c-9d62-1c5861f56999?format=json&states=listing" "tx6e9ecf79b194469eb8e76-0069271337" "proxy-server 20" 0.0076 "-" 20 0
Nov 26 14:48:23 standalone proxy-server[129656]: 172.18.0.2 172.18.0.100 26/Nov/2025/14/48/23 GET /v1/AUTH_78bcf9038de64dabbf49cc5cbde2aa55/gnocchi.525d3422-2a45-4f5c-9d62-1c5861f56999%3Fformat%3Djson%26states%3Dlisting HTTP/1.0 200 - python-swiftclient-3.11.1 gAAAAABpJxKhsvRX... - 357 - tx6e9ecf79b194469eb8e76-0069271337 - 0.0136 - - 1764168503.102853060 1764168503.116456747 0
Nov 26 14:48:23 standalone container-server[127444]: 172.20.0.100 - - [26/Nov/2025:14:48:23 +0000] "GET /d1/38/AUTH_78bcf9038de64dabbf49cc5cbde2aa55/gnocchi.525d3422-2a45-4f5c-9d62-1c5861f56999" 200 2 "GET http://172.18.0.2:8080/v1/AUTH_78bcf9038de64dabbf49cc5cbde2aa55/gnocchi.525d3422-2a45-4f5c-9d62-1c5861f56999?format=json&marker=none_v3&states=listing" "tx95e568404f4046f3a4185-0069271337" "proxy-server 20" 0.0018 "-" 21 0
Nov 26 14:48:23 standalone proxy-server[129656]: 172.18.0.2 172.18.0.100 26/Nov/2025/14/48/23 GET /v1/AUTH_78bcf9038de64dabbf49cc5cbde2aa55/gnocchi.525d3422-2a45-4f5c-9d62-1c5861f56999%3Fformat%3Djson%26marker%3Dnone_v3%26states%3Dlisting HTTP/1.0 200 - python-swiftclient-3.11.1 gAAAAABpJxKhsvRX... - 2 - tx95e568404f4046f3a4185-0069271337 - 0.0076 - - 1764168503.119023800 1764168503.126578569 0
Nov 26 14:48:23 standalone object-server[127682]: 172.20.0.100 - - [26/Nov/2025:14:48:23 +0000] "GET /d1/604/AUTH_78bcf9038de64dabbf49cc5cbde2aa55/gnocchi.525d3422-2a45-4f5c-9d62-1c5861f56999/1763640000.0_mean_300.0_v3" 200 16 "GET http://172.18.0.2:8080/v1/AUTH_78bcf9038de64dabbf49cc5cbde2aa55/gnocchi.525d3422-2a45-4f5c-9d62-1c5861f56999/1763640000.0_mean_300.0_v3" "tx927eb18b426947d9971c2-0069271337" "proxy-server 20" 0.0012 "-" 22 0
Nov 26 14:48:23 standalone proxy-server[129656]: 172.18.0.2 172.18.0.100 26/Nov/2025/14/48/23 GET /v1/AUTH_78bcf9038de64dabbf49cc5cbde2aa55/gnocchi.525d3422-2a45-4f5c-9d62-1c5861f56999/1763640000.0_mean_300.0_v3 HTTP/1.0 200 - python-swiftclient-3.11.1 gAAAAABpJxKhsvRX... - 16 - tx927eb18b426947d9971c2-0069271337 - 0.0083 - - 1764168503.129595280 1764168503.137861967 0
Nov 26 14:48:23 standalone container-server[127453]: 172.20.0.100 - - [26/Nov/2025:14:48:23 +0000] "PUT /d1/38/AUTH_78bcf9038de64dabbf49cc5cbde2aa55/gnocchi.525d3422-2a45-4f5c-9d62-1c5861f56999/1763640000.0_mean_300.0_v3" 201 - "PUT http://172.18.0.2:8080/d1/604/AUTH_78bcf9038de64dabbf49cc5cbde2aa55/gnocchi.525d3422-2a45-4f5c-9d62-1c5861f56999/1763640000.0_mean_300.0_v3" "txcb94034dcf0e4705af4b6-0069271337" "object-server 22" 0.0005 "-" 23 0
Nov 26 14:48:23 standalone object-server[127682]: 172.20.0.100 - - [26/Nov/2025:14:48:23 +0000] "PUT /d1/604/AUTH_78bcf9038de64dabbf49cc5cbde2aa55/gnocchi.525d3422-2a45-4f5c-9d62-1c5861f56999/1763640000.0_mean_300.0_v3" 201 - "PUT http://172.18.0.2:8080/v1/AUTH_78bcf9038de64dabbf49cc5cbde2aa55/gnocchi.525d3422-2a45-4f5c-9d62-1c5861f56999/1763640000.0_mean_300.0_v3" "txcb94034dcf0e4705af4b6-0069271337" "proxy-server 20" 0.0137 "-" 22 0
Nov 26 14:48:23 standalone proxy-server[129656]: 172.18.0.2 172.18.0.100 26/Nov/2025/14/48/23 PUT /v1/AUTH_78bcf9038de64dabbf49cc5cbde2aa55/gnocchi.525d3422-2a45-4f5c-9d62-1c5861f56999/1763640000.0_mean_300.0_v3 HTTP/1.0 201 - python-swiftclient-3.11.1 gAAAAABpJxKhsvRX... 16 - - txcb94034dcf0e4705af4b6-0069271337 - 0.0191 - - 1764168503.140609026 1764168503.159686804 0
Nov 26 14:48:23 standalone container-server[127453]: 172.20.0.100 - - [26/Nov/2025:14:48:23 +0000] "PUT /d1/38/AUTH_78bcf9038de64dabbf49cc5cbde2aa55/gnocchi.525d3422-2a45-4f5c-9d62-1c5861f56999/none_v3" 201 - "PUT http://172.18.0.2:8080/d1/991/AUTH_78bcf9038de64dabbf49cc5cbde2aa55/gnocchi.525d3422-2a45-4f5c-9d62-1c5861f56999/none_v3" "tx9fbe0db389474e989008e-0069271337" "object-server 25" 0.0003 "-" 23 0
Nov 26 14:48:23 standalone object-server[127695]: 172.20.0.100 - - [26/Nov/2025:14:48:23 +0000] "PUT /d1/991/AUTH_78bcf9038de64dabbf49cc5cbde2aa55/gnocchi.525d3422-2a45-4f5c-9d62-1c5861f56999/none_v3" 201 - "PUT http://172.18.0.2:8080/v1/AUTH_78bcf9038de64dabbf49cc5cbde2aa55/gnocchi.525d3422-2a45-4f5c-9d62-1c5861f56999/none_v3" "tx9fbe0db389474e989008e-0069271337" "proxy-server 20" 0.0072 "-" 25 0
Nov 26 14:48:23 standalone proxy-server[129656]: 172.18.0.2 172.18.0.100 26/Nov/2025/14/48/23 PUT /v1/AUTH_78bcf9038de64dabbf49cc5cbde2aa55/gnocchi.525d3422-2a45-4f5c-9d62-1c5861f56999/none_v3 HTTP/1.0 201 - python-swiftclient-3.11.1 gAAAAABpJxKhsvRX... 32 - - tx9fbe0db389474e989008e-0069271337 - 0.0117 - - 1764168503.162350416 1764168503.174011469 0
Nov 26 14:48:39 standalone account-server[127418]: 172.20.0.100 - - [26/Nov/2025:14:48:39 +0000] "HEAD /d1/723/.expiring_objects" 404 - "HEAD http://localhost/v1/.expiring_objects?format=json" "txe02baf86fab4497185900-0069271347" "proxy-server 2" 0.0006 "-" 19 -
Nov 26 14:48:39 standalone object-expirer[127454]: Pass completed in 0s; 0 objects expired (txn: txe02baf86fab4497185900-0069271347)
Nov 26 14:48:42 standalone container-server[127451]: 172.20.0.100 - - [26/Nov/2025:14:48:42 +0000] "HEAD /d1/447/AUTH_78bcf9038de64dabbf49cc5cbde2aa55/gnocchi.abf8448e-b4ed-48d4-8a9c-e38185a8cd8d" 404 - "HEAD http://172.18.0.2:8080/v1/AUTH_78bcf9038de64dabbf49cc5cbde2aa55/gnocchi.abf8448e-b4ed-48d4-8a9c-e38185a8cd8d?format=json&states=listing" "tx6c4d848c38594a33bb144-006927134a" "proxy-server 20" 0.0010 "-" 22 0
Nov 26 14:48:42 standalone object-server[127688]: 172.20.0.100 - - [26/Nov/2025:14:48:42 +0000] "GET /d1/695/AUTH_78bcf9038de64dabbf49cc5cbde2aa55/gnocchi.abf8448e-b4ed-48d4-8a9c-e38185a8cd8d/none_v3" 404 70 "GET http://172.18.0.2:8080/v1/AUTH_78bcf9038de64dabbf49cc5cbde2aa55/gnocchi.abf8448e-b4ed-48d4-8a9c-e38185a8cd8d/none_v3" "tx6c4d848c38594a33bb144-006927134a" "proxy-server 20" 0.0009 "-" 23 0
Nov 26 14:48:42 standalone proxy-server[129656]: 172.18.0.2 172.18.0.100 26/Nov/2025/14/48/42 GET /v1/AUTH_78bcf9038de64dabbf49cc5cbde2aa55/gnocchi.abf8448e-b4ed-48d4-8a9c-e38185a8cd8d/none_v3 HTTP/1.0 404 - python-swiftclient-3.11.1 gAAAAABpJxKhsvRX... - 70 - tx6c4d848c38594a33bb144-006927134a - 0.0212 - - 1764168522.900656939 1764168522.921809196 0
Nov 26 14:48:42 standalone account-server[127436]: 172.20.0.100 - - [26/Nov/2025:14:48:42 +0000] "PUT /d1/207/AUTH_78bcf9038de64dabbf49cc5cbde2aa55/gnocchi.abf8448e-b4ed-48d4-8a9c-e38185a8cd8d" 201 - "PUT http://172.20.0.100:6001/d1/447/AUTH_78bcf9038de64dabbf49cc5cbde2aa55/gnocchi.abf8448e-b4ed-48d4-8a9c-e38185a8cd8d" "tx295b9d1ff9074bb18e670-006927134a" "container-server 23" 0.0065 "-" 21 0
Nov 26 14:48:42 standalone container-server[127453]: 172.20.0.100 - - [26/Nov/2025:14:48:42 +0000] "PUT /d1/447/AUTH_78bcf9038de64dabbf49cc5cbde2aa55/gnocchi.abf8448e-b4ed-48d4-8a9c-e38185a8cd8d" 201 - "PUT http://172.18.0.2:8080/v1/AUTH_78bcf9038de64dabbf49cc5cbde2aa55/gnocchi.abf8448e-b4ed-48d4-8a9c-e38185a8cd8d" "tx295b9d1ff9074bb18e670-006927134a" "proxy-server 20" 0.0236 "-" 23 0
Nov 26 14:48:42 standalone proxy-server[129656]: 172.18.0.2 172.18.0.100 26/Nov/2025/14/48/42 PUT /v1/AUTH_78bcf9038de64dabbf49cc5cbde2aa55/gnocchi.abf8448e-b4ed-48d4-8a9c-e38185a8cd8d HTTP/1.0 201 - python-swiftclient-3.11.1 gAAAAABpJxKhsvRX... - - - tx295b9d1ff9074bb18e670-006927134a - 0.0333 - - 1764168522.927226067 1764168522.960544825 0
Nov 26 14:48:42 standalone container-server[127441]: 172.20.0.100 - - [26/Nov/2025:14:48:42 +0000] "HEAD /d1/447/AUTH_78bcf9038de64dabbf49cc5cbde2aa55/gnocchi.abf8448e-b4ed-48d4-8a9c-e38185a8cd8d" 204 - "HEAD http://172.18.0.2:8080/v1/AUTH_78bcf9038de64dabbf49cc5cbde2aa55/gnocchi.abf8448e-b4ed-48d4-8a9c-e38185a8cd8d?format=json&states=listing" "txbfdf09138c8f4d9d9c39e-006927134a" "proxy-server 20" 0.0024 "-" 20 0
Nov 26 14:48:42 standalone proxy-server[129656]: - - 26/Nov/2025/14/48/42 HEAD /v1/AUTH_78bcf9038de64dabbf49cc5cbde2aa55/gnocchi.abf8448e-b4ed-48d4-8a9c-e38185a8cd8d%3Fformat%3Djson%26states%3Dlisting HTTP/1.0 204 - Swift - - - - txbfdf09138c8f4d9d9c39e-006927134a - 0.0088 RL - 1764168522.968014956 1764168522.976781607 0
Nov 26 14:48:42 standalone container-server[127451]: 172.20.0.100 - - [26/Nov/2025:14:48:42 +0000] "GET /d1/447/AUTH_78bcf9038de64dabbf49cc5cbde2aa55/gnocchi.abf8448e-b4ed-48d4-8a9c-e38185a8cd8d" 200 2 "GET http://172.18.0.2:8080/v1/AUTH_78bcf9038de64dabbf49cc5cbde2aa55/gnocchi.abf8448e-b4ed-48d4-8a9c-e38185a8cd8d?format=json&states=listing" "txbfdf09138c8f4d9d9c39e-006927134a" "proxy-server 20" 0.0040 "-" 22 0
Nov 26 14:48:42 standalone proxy-server[129656]: 172.18.0.2 172.18.0.100 26/Nov/2025/14/48/42 GET /v1/AUTH_78bcf9038de64dabbf49cc5cbde2aa55/gnocchi.abf8448e-b4ed-48d4-8a9c-e38185a8cd8d%3Fformat%3Djson%26states%3Dlisting HTTP/1.0 200 - python-swiftclient-3.11.1 gAAAAABpJxKhsvRX... - 2 - txbfdf09138c8f4d9d9c39e-006927134a - 0.0260 - - 1764168522.966164827 1764168522.992202282 0
Nov 26 14:48:43 standalone object-server[127693]: 172.20.0.100 - - [26/Nov/2025:14:48:43 +0000] "GET /d1/230/AUTH_78bcf9038de64dabbf49cc5cbde2aa55/gnocchi.abf8448e-b4ed-48d4-8a9c-e38185a8cd8d/1763640000.0_mean_300.0_v3" 404 70 "GET http://172.18.0.2:8080/v1/AUTH_78bcf9038de64dabbf49cc5cbde2aa55/gnocchi.abf8448e-b4ed-48d4-8a9c-e38185a8cd8d/1763640000.0_mean_300.0_v3" "tx2813b92248e046049855b-006927134a" "proxy-server 20" 0.0005 "-" 24 0
Nov 26 14:48:43 standalone proxy-server[129656]: 172.18.0.2 172.18.0.100 26/Nov/2025/14/48/43 GET /v1/AUTH_78bcf9038de64dabbf49cc5cbde2aa55/gnocchi.abf8448e-b4ed-48d4-8a9c-e38185a8cd8d/1763640000.0_mean_300.0_v3 HTTP/1.0 404 - python-swiftclient-3.11.1 gAAAAABpJxKhsvRX... - 70 - tx2813b92248e046049855b-006927134a - 0.0103 - - 1764168522.998462915 1764168523.008788586 0
Nov 26 14:48:43 standalone container-server[127441]: 172.20.0.100 - - [26/Nov/2025:14:48:43 +0000] "PUT /d1/447/AUTH_78bcf9038de64dabbf49cc5cbde2aa55/gnocchi.abf8448e-b4ed-48d4-8a9c-e38185a8cd8d/1763640000.0_mean_300.0_v3" 201 - "PUT http://172.18.0.2:8080/d1/230/AUTH_78bcf9038de64dabbf49cc5cbde2aa55/gnocchi.abf8448e-b4ed-48d4-8a9c-e38185a8cd8d/1763640000.0_mean_300.0_v3" "tx4cd7b43d59a547b2bf1e2-006927134b" "object-server 22" 0.0008 "-" 20 0
Nov 26 14:48:43 standalone object-server[127682]: 172.20.0.100 - - [26/Nov/2025:14:48:43 +0000] "PUT /d1/230/AUTH_78bcf9038de64dabbf49cc5cbde2aa55/gnocchi.abf8448e-b4ed-48d4-8a9c-e38185a8cd8d/1763640000.0_mean_300.0_v3" 201 - "PUT http://172.18.0.2:8080/v1/AUTH_78bcf9038de64dabbf49cc5cbde2aa55/gnocchi.abf8448e-b4ed-48d4-8a9c-e38185a8cd8d/1763640000.0_mean_300.0_v3" "tx4cd7b43d59a547b2bf1e2-006927134b" "proxy-server 20" 0.0131 "-" 22 0
Nov 26 14:48:43 standalone proxy-server[129656]: 172.18.0.2 172.18.0.100 26/Nov/2025/14/48/43 PUT /v1/AUTH_78bcf9038de64dabbf49cc5cbde2aa55/gnocchi.abf8448e-b4ed-48d4-8a9c-e38185a8cd8d/1763640000.0_mean_300.0_v3 HTTP/1.0 201 - python-swiftclient-3.11.1 gAAAAABpJxKhsvRX... 16 - - tx4cd7b43d59a547b2bf1e2-006927134b - 0.0237 - - 1764168523.013926744 1764168523.037619829 0
Nov 26 14:48:43 standalone container-server[127444]: 172.20.0.100 - - [26/Nov/2025:14:48:43 +0000] "PUT /d1/447/AUTH_78bcf9038de64dabbf49cc5cbde2aa55/gnocchi.abf8448e-b4ed-48d4-8a9c-e38185a8cd8d/none_v3" 201 - "PUT http://172.18.0.2:8080/d1/695/AUTH_78bcf9038de64dabbf49cc5cbde2aa55/gnocchi.abf8448e-b4ed-48d4-8a9c-e38185a8cd8d/none_v3" "txafa7001b62c7492ba661d-006927134b" "object-server 25" 0.0012 "-" 21 0
Nov 26 14:48:43 standalone object-server[127695]: 172.20.0.100 - - [26/Nov/2025:14:48:43 +0000] "PUT /d1/695/AUTH_78bcf9038de64dabbf49cc5cbde2aa55/gnocchi.abf8448e-b4ed-48d4-8a9c-e38185a8cd8d/none_v3" 201 - "PUT http://172.18.0.2:8080/v1/AUTH_78bcf9038de64dabbf49cc5cbde2aa55/gnocchi.abf8448e-b4ed-48d4-8a9c-e38185a8cd8d/none_v3" "txafa7001b62c7492ba661d-006927134b" "proxy-server 20" 0.0106 "-" 25 0
Nov 26 14:48:43 standalone proxy-server[129656]: 172.18.0.2 172.18.0.100 26/Nov/2025/14/48/43 PUT /v1/AUTH_78bcf9038de64dabbf49cc5cbde2aa55/gnocchi.abf8448e-b4ed-48d4-8a9c-e38185a8cd8d/none_v3 HTTP/1.0 201 - python-swiftclient-3.11.1 gAAAAABpJxKhsvRX... 22 - - txafa7001b62c7492ba661d-006927134b - 0.0194 - - 1764168523.042716980 1764168523.062157631 0
Nov 26 14:48:43 standalone container-server[127453]: 172.20.0.100 - - [26/Nov/2025:14:48:43 +0000] "HEAD /d1/557/AUTH_78bcf9038de64dabbf49cc5cbde2aa55/gnocchi.a35b4a41-30ec-4342-8283-3fc3f0ba272c" 404 - "HEAD http://172.18.0.2:8080/v1/AUTH_78bcf9038de64dabbf49cc5cbde2aa55/gnocchi.a35b4a41-30ec-4342-8283-3fc3f0ba272c?format=json&states=listing" "tx35150415a3974b3ca131b-006927134b" "proxy-server 20" 0.0010 "-" 23 0
Nov 26 14:48:43 standalone object-server[127693]: 172.20.0.100 - - [26/Nov/2025:14:48:43 +0000] "GET /d1/693/AUTH_78bcf9038de64dabbf49cc5cbde2aa55/gnocchi.a35b4a41-30ec-4342-8283-3fc3f0ba272c/none_v3" 404 70 "GET http://172.18.0.2:8080/v1/AUTH_78bcf9038de64dabbf49cc5cbde2aa55/gnocchi.a35b4a41-30ec-4342-8283-3fc3f0ba272c/none_v3" "tx35150415a3974b3ca131b-006927134b" "proxy-server 20" 0.0003 "-" 24 0
Nov 26 14:48:43 standalone proxy-server[129656]: 172.18.0.2 172.18.0.100 26/Nov/2025/14/48/43 GET /v1/AUTH_78bcf9038de64dabbf49cc5cbde2aa55/gnocchi.a35b4a41-30ec-4342-8283-3fc3f0ba272c/none_v3 HTTP/1.0 404 - python-swiftclient-3.11.1 gAAAAABpJxKhsvRX... - 70 - tx35150415a3974b3ca131b-006927134b - 0.0140 - - 1764168523.166251659 1764168523.180248022 0
Nov 26 14:48:43 standalone account-server[127420]: 172.20.0.100 - - [26/Nov/2025:14:48:43 +0000] "PUT /d1/207/AUTH_78bcf9038de64dabbf49cc5cbde2aa55/gnocchi.a35b4a41-30ec-4342-8283-3fc3f0ba272c" 201 - "PUT http://172.20.0.100:6001/d1/557/AUTH_78bcf9038de64dabbf49cc5cbde2aa55/gnocchi.a35b4a41-30ec-4342-8283-3fc3f0ba272c" "tx0e07e774db2d48b78b4d2-006927134b" "container-server 21" 0.0072 "-" 20 0
Nov 26 14:48:43 standalone container-server[127444]: 172.20.0.100 - - [26/Nov/2025:14:48:43 +0000] "PUT /d1/557/AUTH_78bcf9038de64dabbf49cc5cbde2aa55/gnocchi.a35b4a41-30ec-4342-8283-3fc3f0ba272c" 201 - "PUT http://172.18.0.2:8080/v1/AUTH_78bcf9038de64dabbf49cc5cbde2aa55/gnocchi.a35b4a41-30ec-4342-8283-3fc3f0ba272c" "tx0e07e774db2d48b78b4d2-006927134b" "proxy-server 20" 0.0182 "-" 21 0
Nov 26 14:48:43 standalone proxy-server[129656]: 172.18.0.2 172.18.0.100 26/Nov/2025/14/48/43 PUT /v1/AUTH_78bcf9038de64dabbf49cc5cbde2aa55/gnocchi.a35b4a41-30ec-4342-8283-3fc3f0ba272c HTTP/1.0 201 - python-swiftclient-3.11.1 gAAAAABpJxKhsvRX... - - - tx0e07e774db2d48b78b4d2-006927134b - 0.0257 - - 1764168523.184180975 1764168523.209915876 0
Nov 26 14:48:43 standalone container-server[127444]: 172.20.0.100 - - [26/Nov/2025:14:48:43 +0000] "HEAD /d1/557/AUTH_78bcf9038de64dabbf49cc5cbde2aa55/gnocchi.a35b4a41-30ec-4342-8283-3fc3f0ba272c" 204 - "HEAD http://172.18.0.2:8080/v1/AUTH_78bcf9038de64dabbf49cc5cbde2aa55/gnocchi.a35b4a41-30ec-4342-8283-3fc3f0ba272c?format=json&states=listing" "tx18b1a2292bbe4e53bbcb7-006927134b" "proxy-server 20" 0.0017 "-" 21 0
Nov 26 14:48:43 standalone proxy-server[129656]: - - 26/Nov/2025/14/48/43 HEAD /v1/AUTH_78bcf9038de64dabbf49cc5cbde2aa55/gnocchi.a35b4a41-30ec-4342-8283-3fc3f0ba272c%3Fformat%3Djson%26states%3Dlisting HTTP/1.0 204 - Swift - - - - tx18b1a2292bbe4e53bbcb7-006927134b - 0.0062 RL - 1764168523.218449354 1764168523.224676371 0
Nov 26 14:48:43 standalone container-server[127444]: 172.20.0.100 - - [26/Nov/2025:14:48:43 +0000] "GET /d1/557/AUTH_78bcf9038de64dabbf49cc5cbde2aa55/gnocchi.a35b4a41-30ec-4342-8283-3fc3f0ba272c" 200 2 "GET http://172.18.0.2:8080/v1/AUTH_78bcf9038de64dabbf49cc5cbde2aa55/gnocchi.a35b4a41-30ec-4342-8283-3fc3f0ba272c?format=json&states=listing" "tx18b1a2292bbe4e53bbcb7-006927134b" "proxy-server 20" 0.0039 "-" 21 0
Nov 26 14:48:43 standalone proxy-server[129656]: 172.18.0.2 172.18.0.100 26/Nov/2025/14/48/43 GET /v1/AUTH_78bcf9038de64dabbf49cc5cbde2aa55/gnocchi.a35b4a41-30ec-4342-8283-3fc3f0ba272c%3Fformat%3Djson%26states%3Dlisting HTTP/1.0 200 - python-swiftclient-3.11.1 gAAAAABpJxKhsvRX... - 2 - tx18b1a2292bbe4e53bbcb7-006927134b - 0.0213 - - 1764168523.216941357 1764168523.238255262 0
Nov 26 14:48:43 standalone object-server[127693]: 172.20.0.100 - - [26/Nov/2025:14:48:43 +0000] "GET /d1/368/AUTH_78bcf9038de64dabbf49cc5cbde2aa55/gnocchi.a35b4a41-30ec-4342-8283-3fc3f0ba272c/1763640000.0_mean_300.0_v3" 404 70 "GET http://172.18.0.2:8080/v1/AUTH_78bcf9038de64dabbf49cc5cbde2aa55/gnocchi.a35b4a41-30ec-4342-8283-3fc3f0ba272c/1763640000.0_mean_300.0_v3" "txedea053eef694760920ed-006927134b" "proxy-server 20" 0.0003 "-" 24 0
Nov 26 14:48:43 standalone proxy-server[129656]: 172.18.0.2 172.18.0.100 26/Nov/2025/14/48/43 GET /v1/AUTH_78bcf9038de64dabbf49cc5cbde2aa55/gnocchi.a35b4a41-30ec-4342-8283-3fc3f0ba272c/1763640000.0_mean_300.0_v3 HTTP/1.0 404 - python-swiftclient-3.11.1 gAAAAABpJxKhsvRX... - 70 - txedea053eef694760920ed-006927134b - 0.0061 - - 1764168523.242084026 1764168523.248169661 0
Nov 26 14:48:43 standalone container-server[127453]: 172.20.0.100 - - [26/Nov/2025:14:48:43 +0000] "PUT /d1/557/AUTH_78bcf9038de64dabbf49cc5cbde2aa55/gnocchi.a35b4a41-30ec-4342-8283-3fc3f0ba272c/1763640000.0_mean_300.0_v3" 201 - "PUT http://172.18.0.2:8080/d1/368/AUTH_78bcf9038de64dabbf49cc5cbde2aa55/gnocchi.a35b4a41-30ec-4342-8283-3fc3f0ba272c/1763640000.0_mean_300.0_v3" "tx5531db858b424682b217d-006927134b" "object-server 24" 0.0009 "-" 23 0
Nov 26 14:48:43 standalone object-server[127693]: 172.20.0.100 - - [26/Nov/2025:14:48:43 +0000] "PUT /d1/368/AUTH_78bcf9038de64dabbf49cc5cbde2aa55/gnocchi.a35b4a41-30ec-4342-8283-3fc3f0ba272c/1763640000.0_mean_300.0_v3" 201 - "PUT http://172.18.0.2:8080/v1/AUTH_78bcf9038de64dabbf49cc5cbde2aa55/gnocchi.a35b4a41-30ec-4342-8283-3fc3f0ba272c/1763640000.0_mean_300.0_v3" "tx5531db858b424682b217d-006927134b" "proxy-server 20" 0.0098 "-" 24 0
Nov 26 14:48:43 standalone proxy-server[129656]: 172.18.0.2 172.18.0.100 26/Nov/2025/14/48/43 PUT /v1/AUTH_78bcf9038de64dabbf49cc5cbde2aa55/gnocchi.a35b4a41-30ec-4342-8283-3fc3f0ba272c/1763640000.0_mean_300.0_v3 HTTP/1.0 201 - python-swiftclient-3.11.1 gAAAAABpJxKhsvRX... 16 - - tx5531db858b424682b217d-006927134b - 0.0192 - - 1764168523.251522064 1764168523.270743608 0
Nov 26 14:48:43 standalone container-server[127444]: 172.20.0.100 - - [26/Nov/2025:14:48:43 +0000] "PUT /d1/557/AUTH_78bcf9038de64dabbf49cc5cbde2aa55/gnocchi.a35b4a41-30ec-4342-8283-3fc3f0ba272c/none_v3" 201 - "PUT http://172.18.0.2:8080/d1/693/AUTH_78bcf9038de64dabbf49cc5cbde2aa55/gnocchi.a35b4a41-30ec-4342-8283-3fc3f0ba272c/none_v3" "txcce66190bec9408681cbb-006927134b" "object-server 25" 0.0005 "-" 21 0
Nov 26 14:48:43 standalone object-server[127695]: 172.20.0.100 - - [26/Nov/2025:14:48:43 +0000] "PUT /d1/693/AUTH_78bcf9038de64dabbf49cc5cbde2aa55/gnocchi.a35b4a41-30ec-4342-8283-3fc3f0ba272c/none_v3" 201 - "PUT http://172.18.0.2:8080/v1/AUTH_78bcf9038de64dabbf49cc5cbde2aa55/gnocchi.a35b4a41-30ec-4342-8283-3fc3f0ba272c/none_v3" "txcce66190bec9408681cbb-006927134b" "proxy-server 20" 0.0072 "-" 25 0
Nov 26 14:48:43 standalone proxy-server[129656]: 172.18.0.2 172.18.0.100 26/Nov/2025/14/48/43 PUT /v1/AUTH_78bcf9038de64dabbf49cc5cbde2aa55/gnocchi.a35b4a41-30ec-4342-8283-3fc3f0ba272c/none_v3 HTTP/1.0 201 - python-swiftclient-3.11.1 gAAAAABpJxKhsvRX... 22 - - txcce66190bec9408681cbb-006927134b - 0.0119 - - 1764168523.273112297 1764168523.285044193 0
Nov 26 14:48:43 standalone container-server[127444]: 172.20.0.100 - - [26/Nov/2025:14:48:43 +0000] "HEAD /d1/33/AUTH_78bcf9038de64dabbf49cc5cbde2aa55/gnocchi.d9c7e43d-9e42-4a68-a426-cdd44d607c35" 404 - "HEAD http://172.18.0.2:8080/v1/AUTH_78bcf9038de64dabbf49cc5cbde2aa55/gnocchi.d9c7e43d-9e42-4a68-a426-cdd44d607c35?format=json&states=listing" "txfe0259c8107c404485e66-006927134b" "proxy-server 20" 0.0003 "-" 21 0
Nov 26 14:48:43 standalone object-server[127695]: 172.20.0.100 - - [26/Nov/2025:14:48:43 +0000] "GET /d1/452/AUTH_78bcf9038de64dabbf49cc5cbde2aa55/gnocchi.d9c7e43d-9e42-4a68-a426-cdd44d607c35/none_v3" 404 70 "GET http://172.18.0.2:8080/v1/AUTH_78bcf9038de64dabbf49cc5cbde2aa55/gnocchi.d9c7e43d-9e42-4a68-a426-cdd44d607c35/none_v3" "txfe0259c8107c404485e66-006927134b" "proxy-server 20" 0.0004 "-" 25 0
Nov 26 14:48:43 standalone proxy-server[129656]: 172.18.0.2 172.18.0.100 26/Nov/2025/14/48/43 GET /v1/AUTH_78bcf9038de64dabbf49cc5cbde2aa55/gnocchi.d9c7e43d-9e42-4a68-a426-cdd44d607c35/none_v3 HTTP/1.0 404 - python-swiftclient-3.11.1 gAAAAABpJxKhsvRX... - 70 - txfe0259c8107c404485e66-006927134b - 0.0084 - - 1764168523.302032232 1764168523.310441017 0
Nov 26 14:48:43 standalone account-server[127436]: 172.20.0.100 - - [26/Nov/2025:14:48:43 +0000] "PUT /d1/207/AUTH_78bcf9038de64dabbf49cc5cbde2aa55/gnocchi.d9c7e43d-9e42-4a68-a426-cdd44d607c35" 201 - "PUT http://172.20.0.100:6001/d1/33/AUTH_78bcf9038de64dabbf49cc5cbde2aa55/gnocchi.d9c7e43d-9e42-4a68-a426-cdd44d607c35" "tx4052f130b2964fc4b4c37-006927134b" "container-server 23" 0.0042 "-" 21 0
Nov 26 14:48:43 standalone container-server[127453]: 172.20.0.100 - - [26/Nov/2025:14:48:43 +0000] "PUT /d1/33/AUTH_78bcf9038de64dabbf49cc5cbde2aa55/gnocchi.d9c7e43d-9e42-4a68-a426-cdd44d607c35" 201 - "PUT http://172.18.0.2:8080/v1/AUTH_78bcf9038de64dabbf49cc5cbde2aa55/gnocchi.d9c7e43d-9e42-4a68-a426-cdd44d607c35" "tx4052f130b2964fc4b4c37-006927134b" "proxy-server 20" 0.0161 "-" 23 0
Nov 26 14:48:43 standalone proxy-server[129656]: 172.18.0.2 172.18.0.100 26/Nov/2025/14/48/43 PUT /v1/AUTH_78bcf9038de64dabbf49cc5cbde2aa55/gnocchi.d9c7e43d-9e42-4a68-a426-cdd44d607c35 HTTP/1.0 201 - python-swiftclient-3.11.1 gAAAAABpJxKhsvRX... - - - tx4052f130b2964fc4b4c37-006927134b - 0.0217 - - 1764168523.312698841 1764168523.334378481 0
Nov 26 14:48:43 standalone container-server[127441]: 172.20.0.100 - - [26/Nov/2025:14:48:43 +0000] "HEAD /d1/33/AUTH_78bcf9038de64dabbf49cc5cbde2aa55/gnocchi.d9c7e43d-9e42-4a68-a426-cdd44d607c35" 204 - "HEAD http://172.18.0.2:8080/v1/AUTH_78bcf9038de64dabbf49cc5cbde2aa55/gnocchi.d9c7e43d-9e42-4a68-a426-cdd44d607c35?format=json&states=listing" "tx3bc1813f484845328697e-006927134b" "proxy-server 20" 0.0023 "-" 20 0
Nov 26 14:48:43 standalone proxy-server[129656]: - - 26/Nov/2025/14/48/43 HEAD /v1/AUTH_78bcf9038de64dabbf49cc5cbde2aa55/gnocchi.d9c7e43d-9e42-4a68-a426-cdd44d607c35%3Fformat%3Djson%26states%3Dlisting HTTP/1.0 204 - Swift - - - - tx3bc1813f484845328697e-006927134b - 0.0064 RL - 1764168523.338079691 1764168523.344467640 0
Nov 26 14:48:43 standalone container-server[127453]: 172.20.0.100 - - [26/Nov/2025:14:48:43 +0000] "GET /d1/33/AUTH_78bcf9038de64dabbf49cc5cbde2aa55/gnocchi.d9c7e43d-9e42-4a68-a426-cdd44d607c35" 200 2 "GET http://172.18.0.2:8080/v1/AUTH_78bcf9038de64dabbf49cc5cbde2aa55/gnocchi.d9c7e43d-9e42-4a68-a426-cdd44d607c35?format=json&states=listing" "tx3bc1813f484845328697e-006927134b" "proxy-server 20" 0.0032 "-" 23 0
Nov 26 14:48:43 standalone proxy-server[129656]: 172.18.0.2 172.18.0.100 26/Nov/2025/14/48/43 GET /v1/AUTH_78bcf9038de64dabbf49cc5cbde2aa55/gnocchi.d9c7e43d-9e42-4a68-a426-cdd44d607c35%3Fformat%3Djson%26states%3Dlisting HTTP/1.0 200 - python-swiftclient-3.11.1 gAAAAABpJxKhsvRX... - 2 - tx3bc1813f484845328697e-006927134b - 0.0156 - - 1764168523.337092638 1764168523.352719784 0
Nov 26 14:48:43 standalone object-server[127693]: 172.20.0.100 - - [26/Nov/2025:14:48:43 +0000] "GET /d1/474/AUTH_78bcf9038de64dabbf49cc5cbde2aa55/gnocchi.d9c7e43d-9e42-4a68-a426-cdd44d607c35/1763640000.0_mean_300.0_v3" 404 70 "GET http://172.18.0.2:8080/v1/AUTH_78bcf9038de64dabbf49cc5cbde2aa55/gnocchi.d9c7e43d-9e42-4a68-a426-cdd44d607c35/1763640000.0_mean_300.0_v3" "txabaee300ea3b40e8ab38e-006927134b" "proxy-server 20" 0.0003 "-" 24 0
Nov 26 14:48:43 standalone proxy-server[129656]: 172.18.0.2 172.18.0.100 26/Nov/2025/14/48/43 GET /v1/AUTH_78bcf9038de64dabbf49cc5cbde2aa55/gnocchi.d9c7e43d-9e42-4a68-a426-cdd44d607c35/1763640000.0_mean_300.0_v3 HTTP/1.0 404 - python-swiftclient-3.11.1 gAAAAABpJxKhsvRX... - 70 - txabaee300ea3b40e8ab38e-006927134b - 0.0040 - - 1764168523.355220556 1764168523.359189510 0
Nov 26 14:48:43 standalone container-server[127451]: 172.20.0.100 - - [26/Nov/2025:14:48:43 +0000] "PUT /d1/33/AUTH_78bcf9038de64dabbf49cc5cbde2aa55/gnocchi.d9c7e43d-9e42-4a68-a426-cdd44d607c35/1763640000.0_mean_300.0_v3" 201 - "PUT http://172.18.0.2:8080/d1/474/AUTH_78bcf9038de64dabbf49cc5cbde2aa55/gnocchi.d9c7e43d-9e42-4a68-a426-cdd44d607c35/1763640000.0_mean_300.0_v3" "txe02b155b027a4ae0a7be7-006927134b" "object-server 24" 0.0006 "-" 22 0
Nov 26 14:48:43 standalone object-server[127693]: 172.20.0.100 - - [26/Nov/2025:14:48:43 +0000] "PUT /d1/474/AUTH_78bcf9038de64dabbf49cc5cbde2aa55/gnocchi.d9c7e43d-9e42-4a68-a426-cdd44d607c35/1763640000.0_mean_300.0_v3" 201 - "PUT http://172.18.0.2:8080/v1/AUTH_78bcf9038de64dabbf49cc5cbde2aa55/gnocchi.d9c7e43d-9e42-4a68-a426-cdd44d607c35/1763640000.0_mean_300.0_v3" "txe02b155b027a4ae0a7be7-006927134b" "proxy-server 20" 0.0074 "-" 24 0
Nov 26 14:48:43 standalone proxy-server[129656]: 172.18.0.2 172.18.0.100 26/Nov/2025/14/48/43 PUT /v1/AUTH_78bcf9038de64dabbf49cc5cbde2aa55/gnocchi.d9c7e43d-9e42-4a68-a426-cdd44d607c35/1763640000.0_mean_300.0_v3 HTTP/1.0 201 - python-swiftclient-3.11.1 gAAAAABpJxKhsvRX... 16 - - txe02b155b027a4ae0a7be7-006927134b - 0.0110 - - 1764168523.362005949 1764168523.373012066 0
Nov 26 14:48:43 standalone container-server[127451]: 172.20.0.100 - - [26/Nov/2025:14:48:43 +0000] "PUT /d1/33/AUTH_78bcf9038de64dabbf49cc5cbde2aa55/gnocchi.d9c7e43d-9e42-4a68-a426-cdd44d607c35/none_v3" 201 - "PUT http://172.18.0.2:8080/d1/452/AUTH_78bcf9038de64dabbf49cc5cbde2aa55/gnocchi.d9c7e43d-9e42-4a68-a426-cdd44d607c35/none_v3" "tx916bc74efe4249b7b33bc-006927134b" "object-server 23" 0.0004 "-" 22 0
Nov 26 14:48:43 standalone object-server[127688]: 172.20.0.100 - - [26/Nov/2025:14:48:43 +0000] "PUT /d1/452/AUTH_78bcf9038de64dabbf49cc5cbde2aa55/gnocchi.d9c7e43d-9e42-4a68-a426-cdd44d607c35/none_v3" 201 - "PUT http://172.18.0.2:8080/v1/AUTH_78bcf9038de64dabbf49cc5cbde2aa55/gnocchi.d9c7e43d-9e42-4a68-a426-cdd44d607c35/none_v3" "tx916bc74efe4249b7b33bc-006927134b" "proxy-server 20" 0.0079 "-" 23 0
Nov 26 14:48:43 standalone proxy-server[129656]: 172.18.0.2 172.18.0.100 26/Nov/2025/14/48/43 PUT /v1/AUTH_78bcf9038de64dabbf49cc5cbde2aa55/gnocchi.d9c7e43d-9e42-4a68-a426-cdd44d607c35/none_v3 HTTP/1.0 201 - python-swiftclient-3.11.1 gAAAAABpJxKhsvRX... 22 - - tx916bc74efe4249b7b33bc-006927134b - 0.0137 - - 1764168523.375408173 1764168523.389140844 0
Nov 26 14:48:43 standalone container-server[127444]: 172.20.0.100 - - [26/Nov/2025:14:48:43 +0000] "HEAD /d1/689/AUTH_78bcf9038de64dabbf49cc5cbde2aa55/gnocchi.ee3d5563-7d97-489f-90e8-854f58bdaab6" 404 - "HEAD http://172.18.0.2:8080/v1/AUTH_78bcf9038de64dabbf49cc5cbde2aa55/gnocchi.ee3d5563-7d97-489f-90e8-854f58bdaab6?format=json&states=listing" "tx0b580f71134f4ed5a6abb-006927134b" "proxy-server 20" 0.0003 "-" 21 0
Nov 26 14:48:43 standalone object-server[127695]: 172.20.0.100 - - [26/Nov/2025:14:48:43 +0000] "GET /d1/813/AUTH_78bcf9038de64dabbf49cc5cbde2aa55/gnocchi.ee3d5563-7d97-489f-90e8-854f58bdaab6/none_v3" 404 70 "GET http://172.18.0.2:8080/v1/AUTH_78bcf9038de64dabbf49cc5cbde2aa55/gnocchi.ee3d5563-7d97-489f-90e8-854f58bdaab6/none_v3" "tx0b580f71134f4ed5a6abb-006927134b" "proxy-server 20" 0.0005 "-" 25 0
Nov 26 14:48:43 standalone proxy-server[129656]: 172.18.0.2 172.18.0.100 26/Nov/2025/14/48/43 GET /v1/AUTH_78bcf9038de64dabbf49cc5cbde2aa55/gnocchi.ee3d5563-7d97-489f-90e8-854f58bdaab6/none_v3 HTTP/1.0 404 - python-swiftclient-3.11.1 gAAAAABpJxKhsvRX... - 70 - tx0b580f71134f4ed5a6abb-006927134b - 0.0084 - - 1764168523.396307945 1764168523.404753685 0
Nov 26 14:48:43 standalone account-server[127418]: 172.20.0.100 - - [26/Nov/2025:14:48:43 +0000] "PUT /d1/207/AUTH_78bcf9038de64dabbf49cc5cbde2aa55/gnocchi.ee3d5563-7d97-489f-90e8-854f58bdaab6" 201 - "PUT http://172.20.0.100:6001/d1/689/AUTH_78bcf9038de64dabbf49cc5cbde2aa55/gnocchi.ee3d5563-7d97-489f-90e8-854f58bdaab6" "tx4069a98a0b9442d39efc2-006927134b" "container-server 20" 0.0058 "-" 19 0
Nov 26 14:48:43 standalone container-server[127441]: 172.20.0.100 - - [26/Nov/2025:14:48:43 +0000] "PUT /d1/689/AUTH_78bcf9038de64dabbf49cc5cbde2aa55/gnocchi.ee3d5563-7d97-489f-90e8-854f58bdaab6" 201 - "PUT http://172.18.0.2:8080/v1/AUTH_78bcf9038de64dabbf49cc5cbde2aa55/gnocchi.ee3d5563-7d97-489f-90e8-854f58bdaab6" "tx4069a98a0b9442d39efc2-006927134b" "proxy-server 20" 0.0189 "-" 20 0
Nov 26 14:48:43 standalone proxy-server[129656]: 172.18.0.2 172.18.0.100 26/Nov/2025/14/48/43 PUT /v1/AUTH_78bcf9038de64dabbf49cc5cbde2aa55/gnocchi.ee3d5563-7d97-489f-90e8-854f58bdaab6 HTTP/1.0 201 - python-swiftclient-3.11.1 gAAAAABpJxKhsvRX... - - - tx4069a98a0b9442d39efc2-006927134b - 0.0238 - - 1764168523.408342838 1764168523.432179451 0
Nov 26 14:48:43 standalone container-server[127451]: 172.20.0.100 - - [26/Nov/2025:14:48:43 +0000] "HEAD /d1/689/AUTH_78bcf9038de64dabbf49cc5cbde2aa55/gnocchi.ee3d5563-7d97-489f-90e8-854f58bdaab6" 204 - "HEAD http://172.18.0.2:8080/v1/AUTH_78bcf9038de64dabbf49cc5cbde2aa55/gnocchi.ee3d5563-7d97-489f-90e8-854f58bdaab6?format=json&states=listing" "tx5eb35820b4944959bd6cd-006927134b" "proxy-server 20" 0.0020 "-" 22 0
