Oct 7 23:26:56 standalone proxy-server[132254]: 172.18.0.2 172.18.0.100 07/Oct/2025/23/26/56 PUT /v1/AUTH_d03159edd2054d55b92eed380be062f1/gnocchi.30c635ff-f422-43f8-b6b1-0e783171037d/1759320000.0_mean_300.0_v3 HTTP/1.0 201 - python-swiftclient-3.11.1 gAAAAABo5aFHGHv7... 16 - - txdabdd1bbc93f4d648645e-0068e5a1c0 - 0.0250 - - 1759879616.753522873 1759879616.778493404 0
Oct 7 23:26:56 standalone container-server[130183]: 172.20.0.100 - - [07/Oct/2025:23:26:56 +0000] "PUT /d1/283/AUTH_d03159edd2054d55b92eed380be062f1/gnocchi.30c635ff-f422-43f8-b6b1-0e783171037d/none_v3" 201 - "PUT http://172.18.0.2:8080/d1/881/AUTH_d03159edd2054d55b92eed380be062f1/gnocchi.30c635ff-f422-43f8-b6b1-0e783171037d/none_v3" "tx0653065512cd40b0a12b6-0068e5a1c0" "object-server 23" 0.0009 "-" 23 0
Oct 7 23:26:56 standalone object-server[130325]: 172.20.0.100 - - [07/Oct/2025:23:26:56 +0000] "PUT /d1/881/AUTH_d03159edd2054d55b92eed380be062f1/gnocchi.30c635ff-f422-43f8-b6b1-0e783171037d/none_v3" 201 - "PUT http://172.18.0.2:8080/v1/AUTH_d03159edd2054d55b92eed380be062f1/gnocchi.30c635ff-f422-43f8-b6b1-0e783171037d/none_v3" "tx0653065512cd40b0a12b6-0068e5a1c0" "proxy-server 20" 0.0169 "-" 23 0
Oct 7 23:26:56 standalone proxy-server[132254]: 172.18.0.2 172.18.0.100 07/Oct/2025/23/26/56 PUT /v1/AUTH_d03159edd2054d55b92eed380be062f1/gnocchi.30c635ff-f422-43f8-b6b1-0e783171037d/none_v3 HTTP/1.0 201 - python-swiftclient-3.11.1 gAAAAABo5aFHGHv7... 22 - - tx0653065512cd40b0a12b6-0068e5a1c0 - 0.0278 - - 1759879616.782224655 1759879616.810014248 0
Oct 7 23:26:56 standalone object-server[130329]: 172.20.0.100 - - [07/Oct/2025:23:26:56 +0000] "GET /d1/733/AUTH_d03159edd2054d55b92eed380be062f1/gnocchi.680e22c7-4667-4686-8e62-9f4d999ac770/none_v3" 200 33 "GET http://172.18.0.2:8080/v1/AUTH_d03159edd2054d55b92eed380be062f1/gnocchi.680e22c7-4667-4686-8e62-9f4d999ac770/none_v3" "tx82d26b1b0cdb4e63998b2-0068e5a1c0" "proxy-server 20" 0.0012 "-" 25 0
Oct 7 23:26:56 standalone proxy-server[132254]: 172.18.0.2 172.18.0.100 07/Oct/2025/23/26/56 GET /v1/AUTH_d03159edd2054d55b92eed380be062f1/gnocchi.680e22c7-4667-4686-8e62-9f4d999ac770/none_v3 HTTP/1.0 200 - python-swiftclient-3.11.1 gAAAAABo5aFHGHv7... - 33 - tx82d26b1b0cdb4e63998b2-0068e5a1c0 - 0.0107 - - 1759879616.894629717 1759879616.905320883 0
Oct 7 23:26:56 standalone container-server[130160]: 172.20.0.100 - - [07/Oct/2025:23:26:56 +0000] "GET /d1/31/AUTH_d03159edd2054d55b92eed380be062f1/gnocchi.680e22c7-4667-4686-8e62-9f4d999ac770" 200 357 "GET http://172.18.0.2:8080/v1/AUTH_d03159edd2054d55b92eed380be062f1/gnocchi.680e22c7-4667-4686-8e62-9f4d999ac770?format=json&states=listing" "tx642178ea35bd4434a1a01-0068e5a1c0" "proxy-server 20" 0.0085 "-" 20 0
Oct 7 23:26:56 standalone proxy-server[132254]: 172.18.0.2 172.18.0.100 07/Oct/2025/23/26/56 GET /v1/AUTH_d03159edd2054d55b92eed380be062f1/gnocchi.680e22c7-4667-4686-8e62-9f4d999ac770%3Fformat%3Djson%26states%3Dlisting HTTP/1.0 200 - python-swiftclient-3.11.1 gAAAAABo5aFHGHv7... - 357 - tx642178ea35bd4434a1a01-0068e5a1c0 - 0.0163 - - 1759879616.911769390 1759879616.928111553 0
Oct 7 23:26:56 standalone container-server[130166]: 172.20.0.100 - - [07/Oct/2025:23:26:56 +0000] "GET /d1/31/AUTH_d03159edd2054d55b92eed380be062f1/gnocchi.680e22c7-4667-4686-8e62-9f4d999ac770" 200 2 "GET http://172.18.0.2:8080/v1/AUTH_d03159edd2054d55b92eed380be062f1/gnocchi.680e22c7-4667-4686-8e62-9f4d999ac770?format=json&marker=none_v3&states=listing" "txbb3748a5edd042f9868ff-0068e5a1c0" "proxy-server 20" 0.0037 "-" 21 0
Oct 7 23:26:56 standalone proxy-server[132254]: 172.18.0.2 172.18.0.100 07/Oct/2025/23/26/56 GET /v1/AUTH_d03159edd2054d55b92eed380be062f1/gnocchi.680e22c7-4667-4686-8e62-9f4d999ac770%3Fformat%3Djson%26marker%3Dnone_v3%26states%3Dlisting HTTP/1.0 200 - python-swiftclient-3.11.1 gAAAAABo5aFHGHv7... - 2 - txbb3748a5edd042f9868ff-0068e5a1c0 - 0.0123 - - 1759879616.932623863 1759879616.944920540 0
Oct 7 23:26:56 standalone object-server[130327]: 172.20.0.100 - - [07/Oct/2025:23:26:56 +0000] "GET /d1/199/AUTH_d03159edd2054d55b92eed380be062f1/gnocchi.680e22c7-4667-4686-8e62-9f4d999ac770/1759320000.0_mean_300.0_v3" 200 16 "GET http://172.18.0.2:8080/v1/AUTH_d03159edd2054d55b92eed380be062f1/gnocchi.680e22c7-4667-4686-8e62-9f4d999ac770/1759320000.0_mean_300.0_v3" "tx38a58654b1034bf08a940-0068e5a1c0" "proxy-server 20" 0.0012 "-" 24 0
Oct 7 23:26:56 standalone proxy-server[132254]: 172.18.0.2 172.18.0.100 07/Oct/2025/23/26/56 GET /v1/AUTH_d03159edd2054d55b92eed380be062f1/gnocchi.680e22c7-4667-4686-8e62-9f4d999ac770/1759320000.0_mean_300.0_v3 HTTP/1.0 200 - python-swiftclient-3.11.1 gAAAAABo5aFHGHv7... - 16 - tx38a58654b1034bf08a940-0068e5a1c0 - 0.0125 - - 1759879616.950645924 1759879616.963131905 0
Oct 7 23:26:56 standalone container-server[130160]: 172.20.0.100 - - [07/Oct/2025:23:26:56 +0000] "PUT /d1/31/AUTH_d03159edd2054d55b92eed380be062f1/gnocchi.680e22c7-4667-4686-8e62-9f4d999ac770/1759320000.0_mean_300.0_v3" 201 - "PUT http://172.18.0.2:8080/d1/199/AUTH_d03159edd2054d55b92eed380be062f1/gnocchi.680e22c7-4667-4686-8e62-9f4d999ac770/1759320000.0_mean_300.0_v3" "tx358f89858f74418883f2e-0068e5a1c0" "object-server 24" 0.0007 "-" 20 0
Oct 7 23:26:56 standalone object-server[130327]: 172.20.0.100 - - [07/Oct/2025:23:26:56 +0000] "PUT /d1/199/AUTH_d03159edd2054d55b92eed380be062f1/gnocchi.680e22c7-4667-4686-8e62-9f4d999ac770/1759320000.0_mean_300.0_v3" 201 - "PUT http://172.18.0.2:8080/v1/AUTH_d03159edd2054d55b92eed380be062f1/gnocchi.680e22c7-4667-4686-8e62-9f4d999ac770/1759320000.0_mean_300.0_v3" "tx358f89858f74418883f2e-0068e5a1c0" "proxy-server 20" 0.0105 "-" 24 0
Oct 7 23:26:56 standalone proxy-server[132254]: 172.18.0.2 172.18.0.100 07/Oct/2025/23/26/56 PUT /v1/AUTH_d03159edd2054d55b92eed380be062f1/gnocchi.680e22c7-4667-4686-8e62-9f4d999ac770/1759320000.0_mean_300.0_v3 HTTP/1.0 201 - python-swiftclient-3.11.1 gAAAAABo5aFHGHv7... 16 - - tx358f89858f74418883f2e-0068e5a1c0 - 0.0173 - - 1759879616.967267990 1759879616.984561443 0
Oct 7 23:26:57 standalone container-server[130166]: 172.20.0.100 - - [07/Oct/2025:23:26:57 +0000] "PUT /d1/31/AUTH_d03159edd2054d55b92eed380be062f1/gnocchi.680e22c7-4667-4686-8e62-9f4d999ac770/none_v3" 201 - "PUT http://172.18.0.2:8080/d1/733/AUTH_d03159edd2054d55b92eed380be062f1/gnocchi.680e22c7-4667-4686-8e62-9f4d999ac770/none_v3" "tx9472cfa2f5d9493b9b613-0068e5a1c0" "object-server 23" 0.0007 "-" 21 0
Oct 7 23:26:57 standalone object-server[130325]: 172.20.0.100 - - [07/Oct/2025:23:26:57 +0000] "PUT /d1/733/AUTH_d03159edd2054d55b92eed380be062f1/gnocchi.680e22c7-4667-4686-8e62-9f4d999ac770/none_v3" 201 - "PUT http://172.18.0.2:8080/v1/AUTH_d03159edd2054d55b92eed380be062f1/gnocchi.680e22c7-4667-4686-8e62-9f4d999ac770/none_v3" "tx9472cfa2f5d9493b9b613-0068e5a1c0" "proxy-server 20" 0.0092 "-" 23 0
Oct 7 23:26:57 standalone proxy-server[132254]: 172.18.0.2 172.18.0.100 07/Oct/2025/23/26/57 PUT /v1/AUTH_d03159edd2054d55b92eed380be062f1/gnocchi.680e22c7-4667-4686-8e62-9f4d999ac770/none_v3 HTTP/1.0 201 - python-swiftclient-3.11.1 gAAAAABo5aFHGHv7... 48 - - tx9472cfa2f5d9493b9b613-0068e5a1c0 - 0.0158 - - 1759879616.988541842 1759879617.004346609 0
Oct 7 23:26:57 standalone object-server[130325]: 172.20.0.100 - - [07/Oct/2025:23:26:57 +0000] "GET /d1/795/AUTH_d03159edd2054d55b92eed380be062f1/gnocchi.03f64b51-6369-47e3-9cd2-a6e1b9c50dc1/none_v3" 200 33 "GET http://172.18.0.2:8080/v1/AUTH_d03159edd2054d55b92eed380be062f1/gnocchi.03f64b51-6369-47e3-9cd2-a6e1b9c50dc1/none_v3" "txc3c4ee71880141dcb7441-0068e5a1c1" "proxy-server 20" 0.0007 "-" 23 0
Oct 7 23:26:57 standalone proxy-server[132254]: 172.18.0.2 172.18.0.100 07/Oct/2025/23/26/57 GET /v1/AUTH_d03159edd2054d55b92eed380be062f1/gnocchi.03f64b51-6369-47e3-9cd2-a6e1b9c50dc1/none_v3 HTTP/1.0 200 - python-swiftclient-3.11.1 gAAAAABo5aFHGHv7... - 33 - txc3c4ee71880141dcb7441-0068e5a1c1 - 0.0074 - - 1759879617.017411232 1759879617.024848700 0
Oct 7 23:26:57 standalone container-server[130176]: 172.20.0.100 - - [07/Oct/2025:23:26:57 +0000] "GET /d1/461/AUTH_d03159edd2054d55b92eed380be062f1/gnocchi.03f64b51-6369-47e3-9cd2-a6e1b9c50dc1" 200 357 "GET http://172.18.0.2:8080/v1/AUTH_d03159edd2054d55b92eed380be062f1/gnocchi.03f64b51-6369-47e3-9cd2-a6e1b9c50dc1?format=json&states=listing" "tx77dc950326ac4d65aa46f-0068e5a1c1" "proxy-server 20" 0.0096 "-" 22 0
Oct 7 23:26:57 standalone proxy-server[132254]: 172.18.0.2 172.18.0.100 07/Oct/2025/23/26/57 GET /v1/AUTH_d03159edd2054d55b92eed380be062f1/gnocchi.03f64b51-6369-47e3-9cd2-a6e1b9c50dc1%3Fformat%3Djson%26states%3Dlisting HTTP/1.0 200 - python-swiftclient-3.11.1 gAAAAABo5aFHGHv7... - 357 - tx77dc950326ac4d65aa46f-0068e5a1c1 - 0.0182 - - 1759879617.029403687 1759879617.047648191 0
Oct 7 23:26:57 standalone container-server[130166]: 172.20.0.100 - - [07/Oct/2025:23:26:57 +0000] "GET /d1/461/AUTH_d03159edd2054d55b92eed380be062f1/gnocchi.03f64b51-6369-47e3-9cd2-a6e1b9c50dc1" 200 2 "GET http://172.18.0.2:8080/v1/AUTH_d03159edd2054d55b92eed380be062f1/gnocchi.03f64b51-6369-47e3-9cd2-a6e1b9c50dc1?format=json&marker=none_v3&states=listing" "tx074e5349ba01478f973af-0068e5a1c1" "proxy-server 20" 0.0036 "-" 21 0
Oct 7 23:26:57 standalone proxy-server[132254]: 172.18.0.2 172.18.0.100 07/Oct/2025/23/26/57 GET /v1/AUTH_d03159edd2054d55b92eed380be062f1/gnocchi.03f64b51-6369-47e3-9cd2-a6e1b9c50dc1%3Fformat%3Djson%26marker%3Dnone_v3%26states%3Dlisting HTTP/1.0 200 - python-swiftclient-3.11.1 gAAAAABo5aFHGHv7... - 2 - tx074e5349ba01478f973af-0068e5a1c1 - 0.0117 - - 1759879617.053446054 1759879617.065168142 0
Oct 7 23:26:57 standalone object-server[130325]: 172.20.0.100 - - [07/Oct/2025:23:26:57 +0000] "GET /d1/616/AUTH_d03159edd2054d55b92eed380be062f1/gnocchi.03f64b51-6369-47e3-9cd2-a6e1b9c50dc1/1759320000.0_mean_300.0_v3" 200 16 "GET http://172.18.0.2:8080/v1/AUTH_d03159edd2054d55b92eed380be062f1/gnocchi.03f64b51-6369-47e3-9cd2-a6e1b9c50dc1/1759320000.0_mean_300.0_v3" "txa8eeace1f8fd441e9d95e-0068e5a1c1" "proxy-server 20" 0.0007 "-" 23 0
Oct 7 23:26:57 standalone proxy-server[132254]: 172.18.0.2 172.18.0.100 07/Oct/2025/23/26/57 GET /v1/AUTH_d03159edd2054d55b92eed380be062f1/gnocchi.03f64b51-6369-47e3-9cd2-a6e1b9c50dc1/1759320000.0_mean_300.0_v3 HTTP/1.0 200 - python-swiftclient-3.11.1 gAAAAABo5aFHGHv7... - 16 - txa8eeace1f8fd441e9d95e-0068e5a1c1 - 0.0080 - - 1759879617.071131706 1759879617.079180241 0
Oct 7 23:26:57 standalone container-server[130160]: 172.20.0.100 - - [07/Oct/2025:23:26:57 +0000] "PUT /d1/461/AUTH_d03159edd2054d55b92eed380be062f1/gnocchi.03f64b51-6369-47e3-9cd2-a6e1b9c50dc1/1759320000.0_mean_300.0_v3" 201 - "PUT http://172.18.0.2:8080/d1/616/AUTH_d03159edd2054d55b92eed380be062f1/gnocchi.03f64b51-6369-47e3-9cd2-a6e1b9c50dc1/1759320000.0_mean_300.0_v3" "tx12d5808ede0c42a0b66f3-0068e5a1c1" "object-server 24" 0.0008 "-" 20 0
Oct 7 23:26:57 standalone object-server[130327]: 172.20.0.100 - - [07/Oct/2025:23:26:57 +0000] "PUT /d1/616/AUTH_d03159edd2054d55b92eed380be062f1/gnocchi.03f64b51-6369-47e3-9cd2-a6e1b9c50dc1/1759320000.0_mean_300.0_v3" 201 - "PUT http://172.18.0.2:8080/v1/AUTH_d03159edd2054d55b92eed380be062f1/gnocchi.03f64b51-6369-47e3-9cd2-a6e1b9c50dc1/1759320000.0_mean_300.0_v3" "tx12d5808ede0c42a0b66f3-0068e5a1c1" "proxy-server 20" 0.0110 "-" 24 0
Oct 7 23:26:57 standalone proxy-server[132254]: 172.18.0.2 172.18.0.100 07/Oct/2025/23/26/57 PUT /v1/AUTH_d03159edd2054d55b92eed380be062f1/gnocchi.03f64b51-6369-47e3-9cd2-a6e1b9c50dc1/1759320000.0_mean_300.0_v3 HTTP/1.0 201 - python-swiftclient-3.11.1 gAAAAABo5aFHGHv7... 16 - - tx12d5808ede0c42a0b66f3-0068e5a1c1 - 0.0181 - - 1759879617.083459616 1759879617.101511240 0
Oct 7 23:26:57 standalone container-server[130166]: 172.20.0.100 - - [07/Oct/2025:23:26:57 +0000] "PUT /d1/461/AUTH_d03159edd2054d55b92eed380be062f1/gnocchi.03f64b51-6369-47e3-9cd2-a6e1b9c50dc1/none_v3" 201 - "PUT http://172.18.0.2:8080/d1/795/AUTH_d03159edd2054d55b92eed380be062f1/gnocchi.03f64b51-6369-47e3-9cd2-a6e1b9c50dc1/none_v3" "tx517784a0dda44f1ca3111-0068e5a1c1" "object-server 23" 0.0007 "-" 21 0
Oct 7 23:26:57 standalone object-server[130325]: 172.20.0.100 - - [07/Oct/2025:23:26:57 +0000] "PUT /d1/795/AUTH_d03159edd2054d55b92eed380be062f1/gnocchi.03f64b51-6369-47e3-9cd2-a6e1b9c50dc1/none_v3" 201 - "PUT http://172.18.0.2:8080/v1/AUTH_d03159edd2054d55b92eed380be062f1/gnocchi.03f64b51-6369-47e3-9cd2-a6e1b9c50dc1/none_v3" "tx517784a0dda44f1ca3111-0068e5a1c1" "proxy-server 20" 0.0095 "-" 23 0
Oct 7 23:26:57 standalone proxy-server[132254]: 172.18.0.2 172.18.0.100 07/Oct/2025/23/26/57 PUT /v1/AUTH_d03159edd2054d55b92eed380be062f1/gnocchi.03f64b51-6369-47e3-9cd2-a6e1b9c50dc1/none_v3 HTTP/1.0 201 - python-swiftclient-3.11.1 gAAAAABo5aFHGHv7... 48 - - tx517784a0dda44f1ca3111-0068e5a1c1 - 0.0157 - - 1759879617.110005617 1759879617.125705481 0
Oct 7 23:26:58 standalone object-server[130325]: 172.20.0.100 - - [07/Oct/2025:23:26:58 +0000] "GET /d1/881/AUTH_d03159edd2054d55b92eed380be062f1/gnocchi.30c635ff-f422-43f8-b6b1-0e783171037d/none_v3" 200 22 "GET http://172.18.0.2:8080/v1/AUTH_d03159edd2054d55b92eed380be062f1/gnocchi.30c635ff-f422-43f8-b6b1-0e783171037d/none_v3" "tx865eeb06a2fc4663b06a7-0068e5a1c2" "proxy-server 20" 0.0012 "-" 23 0
Oct 7 23:26:58 standalone proxy-server[132254]: 172.18.0.2 172.18.0.100 07/Oct/2025/23/26/58 GET /v1/AUTH_d03159edd2054d55b92eed380be062f1/gnocchi.30c635ff-f422-43f8-b6b1-0e783171037d/none_v3 HTTP/1.0 200 - python-swiftclient-3.11.1 gAAAAABo5aFHGHv7... - 22 - tx865eeb06a2fc4663b06a7-0068e5a1c2 - 0.0111 - - 1759879618.557795763 1759879618.568858385 0
Oct 7 23:26:58 standalone container-server[130183]: 172.20.0.100 - - [07/Oct/2025:23:26:58 +0000] "GET /d1/283/AUTH_d03159edd2054d55b92eed380be062f1/gnocchi.30c635ff-f422-43f8-b6b1-0e783171037d" 200 357 "GET http://172.18.0.2:8080/v1/AUTH_d03159edd2054d55b92eed380be062f1/gnocchi.30c635ff-f422-43f8-b6b1-0e783171037d?format=json&states=listing" "tx495d161567764b548e430-0068e5a1c2" "proxy-server 20" 0.0126 "-" 23 0
Oct 7 23:26:58 standalone proxy-server[132254]: 172.18.0.2 172.18.0.100 07/Oct/2025/23/26/58 GET /v1/AUTH_d03159edd2054d55b92eed380be062f1/gnocchi.30c635ff-f422-43f8-b6b1-0e783171037d%3Fformat%3Djson%26states%3Dlisting HTTP/1.0 200 - python-swiftclient-3.11.1 gAAAAABo5aFHGHv7... - 357 - tx495d161567764b548e430-0068e5a1c2 - 0.0301 - - 1759879618.573295355 1759879618.603444815 0
Oct 7 23:26:58 standalone container-server[130166]: 172.20.0.100 - - [07/Oct/2025:23:26:58 +0000] "GET /d1/283/AUTH_d03159edd2054d55b92eed380be062f1/gnocchi.30c635ff-f422-43f8-b6b1-0e783171037d" 200 2 "GET http://172.18.0.2:8080/v1/AUTH_d03159edd2054d55b92eed380be062f1/gnocchi.30c635ff-f422-43f8-b6b1-0e783171037d?format=json&marker=none_v3&states=listing" "tx7e3d054c44bb47d6a0fdc-0068e5a1c2" "proxy-server 20" 0.0041 "-" 21 0
Oct 7 23:26:58 standalone proxy-server[132254]: 172.18.0.2 172.18.0.100 07/Oct/2025/23/26/58 GET /v1/AUTH_d03159edd2054d55b92eed380be062f1/gnocchi.30c635ff-f422-43f8-b6b1-0e783171037d%3Fformat%3Djson%26marker%3Dnone_v3%26states%3Dlisting HTTP/1.0 200 - python-swiftclient-3.11.1 gAAAAABo5aFHGHv7... - 2 - tx7e3d054c44bb47d6a0fdc-0068e5a1c2 - 0.0117 - - 1759879618.606600285 1759879618.618302107 0
Oct 7 23:26:58 standalone object-server[130327]: 172.20.0.100 - - [07/Oct/2025:23:26:58 +0000] "GET /d1/462/AUTH_d03159edd2054d55b92eed380be062f1/gnocchi.30c635ff-f422-43f8-b6b1-0e783171037d/1759320000.0_mean_300.0_v3" 200 16 "GET http://172.18.0.2:8080/v1/AUTH_d03159edd2054d55b92eed380be062f1/gnocchi.30c635ff-f422-43f8-b6b1-0e783171037d/1759320000.0_mean_300.0_v3" "txd29abea43a204201a7c1b-0068e5a1c2" "proxy-server 20" 0.0014 "-" 24 0
Oct 7 23:26:58 standalone proxy-server[132254]: 172.18.0.2 172.18.0.100 07/Oct/2025/23/26/58 GET /v1/AUTH_d03159edd2054d55b92eed380be062f1/gnocchi.30c635ff-f422-43f8-b6b1-0e783171037d/1759320000.0_mean_300.0_v3 HTTP/1.0 200 - python-swiftclient-3.11.1 gAAAAABo5aFHGHv7... - 16 - txd29abea43a204201a7c1b-0068e5a1c2 - 0.0079 - - 1759879618.621368885 1759879618.629295349 0
Oct 7 23:26:58 standalone container-server[130183]: 172.20.0.100 - - [07/Oct/2025:23:26:58 +0000] "PUT /d1/283/AUTH_d03159edd2054d55b92eed380be062f1/gnocchi.30c635ff-f422-43f8-b6b1-0e783171037d/1759320000.0_mean_300.0_v3" 201 - "PUT http://172.18.0.2:8080/d1/462/AUTH_d03159edd2054d55b92eed380be062f1/gnocchi.30c635ff-f422-43f8-b6b1-0e783171037d/1759320000.0_mean_300.0_v3" "txf84a68e63fa34d3e812a3-0068e5a1c2" "object-server 23" 0.0008 "-" 23 0
Oct 7 23:26:58 standalone object-server[130325]: 172.20.0.100 - - [07/Oct/2025:23:26:58 +0000] "PUT /d1/462/AUTH_d03159edd2054d55b92eed380be062f1/gnocchi.30c635ff-f422-43f8-b6b1-0e783171037d/1759320000.0_mean_300.0_v3" 201 - "PUT http://172.18.0.2:8080/v1/AUTH_d03159edd2054d55b92eed380be062f1/gnocchi.30c635ff-f422-43f8-b6b1-0e783171037d/1759320000.0_mean_300.0_v3" "txf84a68e63fa34d3e812a3-0068e5a1c2" "proxy-server 20" 0.0112 "-" 23 0
Oct 7 23:26:58 standalone proxy-server[132254]: 172.18.0.2 172.18.0.100 07/Oct/2025/23/26/58 PUT /v1/AUTH_d03159edd2054d55b92eed380be062f1/gnocchi.30c635ff-f422-43f8-b6b1-0e783171037d/1759320000.0_mean_300.0_v3 HTTP/1.0 201 - python-swiftclient-3.11.1 gAAAAABo5aFHGHv7... 16 - - txf84a68e63fa34d3e812a3-0068e5a1c2 - 0.0168 - - 1759879618.632004976 1759879618.648774385 0
Oct 7 23:26:58 standalone container-server[130176]: 172.20.0.100 - - [07/Oct/2025:23:26:58 +0000] "PUT /d1/283/AUTH_d03159edd2054d55b92eed380be062f1/gnocchi.30c635ff-f422-43f8-b6b1-0e783171037d/none_v3" 201 - "PUT http://172.18.0.2:8080/d1/881/AUTH_d03159edd2054d55b92eed380be062f1/gnocchi.30c635ff-f422-43f8-b6b1-0e783171037d/none_v3" "txaeafe82070644b20a02f7-0068e5a1c2" "object-server 23" 0.0005 "-" 22 0
Oct 7 23:26:58 standalone object-server[130325]: 172.20.0.100 - - [07/Oct/2025:23:26:58 +0000] "PUT /d1/881/AUTH_d03159edd2054d55b92eed380be062f1/gnocchi.30c635ff-f422-43f8-b6b1-0e783171037d/none_v3" 201 - "PUT http://172.18.0.2:8080/v1/AUTH_d03159edd2054d55b92eed380be062f1/gnocchi.30c635ff-f422-43f8-b6b1-0e783171037d/none_v3" "txaeafe82070644b20a02f7-0068e5a1c2" "proxy-server 20" 0.0100 "-" 23 0
Oct 7 23:26:58 standalone proxy-server[132254]: 172.18.0.2 172.18.0.100 07/Oct/2025/23/26/58 PUT /v1/AUTH_d03159edd2054d55b92eed380be062f1/gnocchi.30c635ff-f422-43f8-b6b1-0e783171037d/none_v3 HTTP/1.0 201 - python-swiftclient-3.11.1 gAAAAABo5aFHGHv7... 31 - - txaeafe82070644b20a02f7-0068e5a1c2 - 0.0149 - - 1759879618.650970697 1759879618.665916443 0
Oct 7 23:27:06 standalone account-server[130116]: 172.20.0.100 - - [07/Oct/2025:23:27:06 +0000] "HEAD /d1/322/AUTH_d03159edd2054d55b92eed380be062f1" 204 - "HEAD http://172.18.0.2:8080/v1/AUTH_d03159edd2054d55b92eed380be062f1?format=json" "tx25fde2e233a645ac9bc30-0068e5a1ca" "proxy-server 20" 0.0093 "-" 15 -
Oct 7 23:27:06 standalone proxy-server[132254]: - - 07/Oct/2025/23/27/06 HEAD /v1/AUTH_d03159edd2054d55b92eed380be062f1%3Fformat%3Djson HTTP/1.0 204 - Swift - - - - tx25fde2e233a645ac9bc30-0068e5a1ca - 0.0148 RL - 1759879626.716507673 1759879626.731272221 -
Oct 7 23:27:06 standalone object-server[130323]: 172.20.0.100 - - [07/Oct/2025:23:27:06 +0000] "GET /d1/881/AUTH_d03159edd2054d55b92eed380be062f1/gnocchi.30c635ff-f422-43f8-b6b1-0e783171037d/none_v3" 200 31 "GET http://172.18.0.2:8080/v1/AUTH_d03159edd2054d55b92eed380be062f1/gnocchi.30c635ff-f422-43f8-b6b1-0e783171037d/none_v3" "tx25fde2e233a645ac9bc30-0068e5a1ca" "proxy-server 20" 0.0015 "-" 22 0
Oct 7 23:27:06 standalone proxy-server[132254]: 172.18.0.2 172.18.0.100 07/Oct/2025/23/27/06 GET /v1/AUTH_d03159edd2054d55b92eed380be062f1/gnocchi.30c635ff-f422-43f8-b6b1-0e783171037d/none_v3 HTTP/1.0 200 - python-swiftclient-3.11.1 gAAAAABo5aFHGHv7... - 31 - tx25fde2e233a645ac9bc30-0068e5a1ca - 0.0252 - - 1759879626.715582609 1759879626.740765333 0
Oct 7 23:27:06 standalone container-server[130183]: 172.20.0.100 - - [07/Oct/2025:23:27:06 +0000] "GET /d1/283/AUTH_d03159edd2054d55b92eed380be062f1/gnocchi.30c635ff-f422-43f8-b6b1-0e783171037d" 200 357 "GET http://172.18.0.2:8080/v1/AUTH_d03159edd2054d55b92eed380be062f1/gnocchi.30c635ff-f422-43f8-b6b1-0e783171037d?format=json&states=listing" "tx9709e5cede234c62b0ff3-0068e5a1ca" "proxy-server 20" 0.0067 "-" 23 0
Oct 7 23:27:06 standalone proxy-server[132254]: 172.18.0.2 172.18.0.100 07/Oct/2025/23/27/06 GET /v1/AUTH_d03159edd2054d55b92eed380be062f1/gnocchi.30c635ff-f422-43f8-b6b1-0e783171037d%3Fformat%3Djson%26states%3Dlisting HTTP/1.0 200 - python-swiftclient-3.11.1 gAAAAABo5aFHGHv7... - 357 - tx9709e5cede234c62b0ff3-0068e5a1ca - 0.0129 - - 1759879626.744630098 1759879626.757534742 0
Oct 7 23:27:06 standalone container-server[130160]: 172.20.0.100 - - [07/Oct/2025:23:27:06 +0000] "GET /d1/283/AUTH_d03159edd2054d55b92eed380be062f1/gnocchi.30c635ff-f422-43f8-b6b1-0e783171037d" 200 2 "GET http://172.18.0.2:8080/v1/AUTH_d03159edd2054d55b92eed380be062f1/gnocchi.30c635ff-f422-43f8-b6b1-0e783171037d?format=json&marker=none_v3&states=listing" "tx184541a147bb43d98b716-0068e5a1ca" "proxy-server 20" 0.0025 "-" 20 0
Oct 7 23:27:06 standalone proxy-server[132254]: 172.18.0.2 172.18.0.100 07/Oct/2025/23/27/06 GET /v1/AUTH_d03159edd2054d55b92eed380be062f1/gnocchi.30c635ff-f422-43f8-b6b1-0e783171037d%3Fformat%3Djson%26marker%3Dnone_v3%26states%3Dlisting HTTP/1.0 200 - python-swiftclient-3.11.1 gAAAAABo5aFHGHv7... - 2 - tx184541a147bb43d98b716-0068e5a1ca - 0.0081 - - 1759879626.759510994 1759879626.767602444 0
Oct 7 23:27:06 standalone object-server[130327]: 172.20.0.100 - - [07/Oct/2025:23:27:06 +0000] "GET /d1/462/AUTH_d03159edd2054d55b92eed380be062f1/gnocchi.30c635ff-f422-43f8-b6b1-0e783171037d/1759320000.0_mean_300.0_v3" 200 16 "GET http://172.18.0.2:8080/v1/AUTH_d03159edd2054d55b92eed380be062f1/gnocchi.30c635ff-f422-43f8-b6b1-0e783171037d/1759320000.0_mean_300.0_v3" "tx72d1e647ba1e4c418e670-0068e5a1ca" "proxy-server 20" 0.0007 "-" 24 0
Oct 7 23:27:06 standalone proxy-server[132254]: 172.18.0.2 172.18.0.100 07/Oct/2025/23/27/06 GET /v1/AUTH_d03159edd2054d55b92eed380be062f1/gnocchi.30c635ff-f422-43f8-b6b1-0e783171037d/1759320000.0_mean_300.0_v3 HTTP/1.0 200 - python-swiftclient-3.11.1 gAAAAABo5aFHGHv7... - 16 - tx72d1e647ba1e4c418e670-0068e5a1ca - 0.0084 - - 1759879626.774006128 1759879626.782371283 0
Oct 7 23:27:06 standalone container-server[130160]: 172.20.0.100 - - [07/Oct/2025:23:27:06 +0000] "PUT /d1/283/AUTH_d03159edd2054d55b92eed380be062f1/gnocchi.30c635ff-f422-43f8-b6b1-0e783171037d/1759320000.0_mean_300.0_v3" 201 - "PUT http://172.18.0.2:8080/d1/462/AUTH_d03159edd2054d55b92eed380be062f1/gnocchi.30c635ff-f422-43f8-b6b1-0e783171037d/1759320000.0_mean_300.0_v3" "tx080cf0b1141b48b19cc52-0068e5a1ca" "object-server 22" 0.0006 "-" 20 0
Oct 7 23:27:06 standalone object-server[130323]: 172.20.0.100 - - [07/Oct/2025:23:27:06 +0000] "PUT /d1/462/AUTH_d03159edd2054d55b92eed380be062f1/gnocchi.30c635ff-f422-43f8-b6b1-0e783171037d/1759320000.0_mean_300.0_v3" 201 - "PUT http://172.18.0.2:8080/v1/AUTH_d03159edd2054d55b92eed380be062f1/gnocchi.30c635ff-f422-43f8-b6b1-0e783171037d/1759320000.0_mean_300.0_v3" "tx080cf0b1141b48b19cc52-0068e5a1ca" "proxy-server 20" 0.0117 "-" 22 0
Oct 7 23:27:06 standalone proxy-server[132254]: 172.18.0.2 172.18.0.100 07/Oct/2025/23/27/06 PUT /v1/AUTH_d03159edd2054d55b92eed380be062f1/gnocchi.30c635ff-f422-43f8-b6b1-0e783171037d/1759320000.0_mean_300.0_v3 HTTP/1.0 201 - python-swiftclient-3.11.1 gAAAAABo5aFHGHv7... 16 - - tx080cf0b1141b48b19cc52-0068e5a1ca - 0.0220 - - 1759879626.784749508 1759879626.806712389 0
Oct 7 23:27:06 standalone container-server[130160]: 172.20.0.100 - - [07/Oct/2025:23:27:06 +0000] "PUT /d1/283/AUTH_d03159edd2054d55b92eed380be062f1/gnocchi.30c635ff-f422-43f8-b6b1-0e783171037d/none_v3" 201 - "PUT http://172.18.0.2:8080/d1/881/AUTH_d03159edd2054d55b92eed380be062f1/gnocchi.30c635ff-f422-43f8-b6b1-0e783171037d/none_v3" "txfabbb8f3694b41c59f36f-0068e5a1ca" "object-server 24" 0.0006 "-" 20 0
Oct 7 23:27:06 standalone object-server[130327]: 172.20.0.100 - - [07/Oct/2025:23:27:06 +0000] "PUT /d1/881/AUTH_d03159edd2054d55b92eed380be062f1/gnocchi.30c635ff-f422-43f8-b6b1-0e783171037d/none_v3" 201 - "PUT http://172.18.0.2:8080/v1/AUTH_d03159edd2054d55b92eed380be062f1/gnocchi.30c635ff-f422-43f8-b6b1-0e783171037d/none_v3" "txfabbb8f3694b41c59f36f-0068e5a1ca" "proxy-server 20" 0.0135 "-" 24 0
Oct 7 23:27:06 standalone proxy-server[132254]: 172.18.0.2 172.18.0.100 07/Oct/2025/23/27/06 PUT /v1/AUTH_d03159edd2054d55b92eed380be062f1/gnocchi.30c635ff-f422-43f8-b6b1-0e783171037d/none_v3 HTTP/1.0 201 - python-swiftclient-3.11.1 gAAAAABo5aFHGHv7... 46 - - txfabbb8f3694b41c59f36f-0068e5a1ca - 0.0195 - - 1759879626.810826540 1759879626.830321312 0
Oct 7 23:27:07 standalone object-server[130323]: 172.20.0.100 - - [07/Oct/2025:23:27:07 +0000] "GET /d1/881/AUTH_d03159edd2054d55b92eed380be062f1/gnocchi.30c635ff-f422-43f8-b6b1-0e783171037d/none_v3" 200 46 "GET http://172.18.0.2:8080/v1/AUTH_d03159edd2054d55b92eed380be062f1/gnocchi.30c635ff-f422-43f8-b6b1-0e783171037d/none_v3" "tx77b5148aa86042e2ba976-0068e5a1cb" "proxy-server 20" 0.0015 "-" 22 0
Oct 7 23:27:07 standalone proxy-server[132254]: 172.18.0.2 172.18.0.100 07/Oct/2025/23/27/07 GET /v1/AUTH_d03159edd2054d55b92eed380be062f1/gnocchi.30c635ff-f422-43f8-b6b1-0e783171037d/none_v3 HTTP/1.0 200 - python-swiftclient-3.11.1 gAAAAABo5aFHGHv7... - 46 - tx77b5148aa86042e2ba976-0068e5a1cb - 0.0096 - - 1759879627.492524862 1759879627.502076149 0
Oct 7 23:27:07 standalone container-server[130160]: 172.20.0.100 - - [07/Oct/2025:23:27:07 +0000] "GET /d1/283/AUTH_d03159edd2054d55b92eed380be062f1/gnocchi.30c635ff-f422-43f8-b6b1-0e783171037d" 200 357 "GET http://172.18.0.2:8080/v1/AUTH_d03159edd2054d55b92eed380be062f1/gnocchi.30c635ff-f422-43f8-b6b1-0e783171037d?format=json&states=listing" "txce045ae7496145d6b4822-0068e5a1cb" "proxy-server 20" 0.0096 "-" 20 0
Oct 7 23:27:07 standalone proxy-server[132254]: 172.18.0.2 172.18.0.100 07/Oct/2025/23/27/07 GET /v1/AUTH_d03159edd2054d55b92eed380be062f1/gnocchi.30c635ff-f422-43f8-b6b1-0e783171037d%3Fformat%3Djson%26states%3Dlisting HTTP/1.0 200 - python-swiftclient-3.11.1 gAAAAABo5aFHGHv7... - 357 - txce045ae7496145d6b4822-0068e5a1cb - 0.0169 - - 1759879627.505218029 1759879627.522114992 0
Oct 7 23:27:07 standalone container-server[130176]: 172.20.0.100 - - [07/Oct/2025:23:27:07 +0000] "GET /d1/283/AUTH_d03159edd2054d55b92eed380be062f1/gnocchi.30c635ff-f422-43f8-b6b1-0e783171037d" 200 2 "GET http://172.18.0.2:8080/v1/AUTH_d03159edd2054d55b92eed380be062f1/gnocchi.30c635ff-f422-43f8-b6b1-0e783171037d?format=json&marker=none_v3&states=listing" "tx96bde6a53d0a4688bcb7d-0068e5a1cb" "proxy-server 20" 0.0038 "-" 22 0
Oct 7 23:27:07 standalone proxy-server[132254]: 172.18.0.2 172.18.0.100 07/Oct/2025/23/27/07 GET /v1/AUTH_d03159edd2054d55b92eed380be062f1/gnocchi.30c635ff-f422-43f8-b6b1-0e783171037d%3Fformat%3Djson%26marker%3Dnone_v3%26states%3Dlisting HTTP/1.0 200 - python-swiftclient-3.11.1 gAAAAABo5aFHGHv7... - 2 - tx96bde6a53d0a4688bcb7d-0068e5a1cb - 0.0117 - - 1759879627.524358034 1759879627.536026001 0
Oct 7 23:27:07 standalone object-server[130323]: 172.20.0.100 - - [07/Oct/2025:23:27:07 +0000] "GET /d1/462/AUTH_d03159edd2054d55b92eed380be062f1/gnocchi.30c635ff-f422-43f8-b6b1-0e783171037d/1759320000.0_mean_300.0_v3" 200 16 "GET http://172.18.0.2:8080/v1/AUTH_d03159edd2054d55b92eed380be062f1/gnocchi.30c635ff-f422-43f8-b6b1-0e783171037d/1759320000.0_mean_300.0_v3" "txe8c4483492a2432b9bbb3-0068e5a1cb" "proxy-server 20" 0.0010 "-" 22 0
Oct 7 23:27:07 standalone proxy-server[132254]: 172.18.0.2 172.18.0.100 07/Oct/2025/23/27/07 GET /v1/AUTH_d03159edd2054d55b92eed380be062f1/gnocchi.30c635ff-f422-43f8-b6b1-0e783171037d/1759320000.0_mean_300.0_v3 HTTP/1.0 200 - python-swiftclient-3.11.1 gAAAAABo5aFHGHv7... - 16 - txe8c4483492a2432b9bbb3-0068e5a1cb - 0.0082 - - 1759879627.539006948 1759879627.547194719 0
Oct 7 23:27:07 standalone container-server[130160]: 172.20.0.100 - - [07/Oct/2025:23:27:07 +0000] "PUT /d1/283/AUTH_d03159edd2054d55b92eed380be062f1/gnocchi.30c635ff-f422-43f8-b6b1-0e783171037d/1759320000.0_mean_300.0_v3" 201 - "PUT http://172.18.0.2:8080/d1/462/AUTH_d03159edd2054d55b92eed380be062f1/gnocchi.30c635ff-f422-43f8-b6b1-0e783171037d/1759320000.0_mean_300.0_v3" "tx00043634318f4615aafec-0068e5a1cb" "object-server 23" 0.0008 "-" 20 0
Oct 7 23:27:07 standalone object-server[130325]: 172.20.0.100 - - [07/Oct/2025:23:27:07 +0000] "PUT /d1/462/AUTH_d03159edd2054d55b92eed380be062f1/gnocchi.30c635ff-f422-43f8-b6b1-0e783171037d/1759320000.0_mean_300.0_v3" 201 - "PUT http://172.18.0.2:8080/v1/AUTH_d03159edd2054d55b92eed380be062f1/gnocchi.30c635ff-f422-43f8-b6b1-0e783171037d/1759320000.0_mean_300.0_v3" "tx00043634318f4615aafec-0068e5a1cb" "proxy-server 20" 0.0114 "-" 23 0
Oct 7 23:27:07 standalone proxy-server[132254]: 172.18.0.2 172.18.0.100 07/Oct/2025/23/27/07 PUT /v1/AUTH_d03159edd2054d55b92eed380be062f1/gnocchi.30c635ff-f422-43f8-b6b1-0e783171037d/1759320000.0_mean_300.0_v3 HTTP/1.0 201 - python-swiftclient-3.11.1 gAAAAABo5aFHGHv7... 16 - - tx00043634318f4615aafec-0068e5a1cb - 0.0196 - - 1759879627.549654722 1759879627.569254637 0
Oct 7 23:27:07 standalone container-server[130166]: 172.20.0.100 - - [07/Oct/2025:23:27:07 +0000] "PUT /d1/283/AUTH_d03159edd2054d55b92eed380be062f1/gnocchi.30c635ff-f422-43f8-b6b1-0e783171037d/none_v3" 201 - "PUT http://172.18.0.2:8080/d1/881/AUTH_d03159edd2054d55b92eed380be062f1/gnocchi.30c635ff-f422-43f8-b6b1-0e783171037d/none_v3" "tx3f16b6a03a8f43f28bca3-0068e5a1cb" "object-server 23" 0.0007 "-" 21 0
Oct 7 23:27:07 standalone object-server[130325]: 172.20.0.100 - - [07/Oct/2025:23:27:07 +0000] "PUT /d1/881/AUTH_d03159edd2054d55b92eed380be062f1/gnocchi.30c635ff-f422-43f8-b6b1-0e783171037d/none_v3" 201 - "PUT http://172.18.0.2:8080/v1/AUTH_d03159edd2054d55b92eed380be062f1/gnocchi.30c635ff-f422-43f8-b6b1-0e783171037d/none_v3" "tx3f16b6a03a8f43f28bca3-0068e5a1cb" "proxy-server 20" 0.0281 "-" 23 0
Oct 7 23:27:07 standalone proxy-server[132254]: 172.18.0.2 172.18.0.100 07/Oct/2025/23/27/07 PUT /v1/AUTH_d03159edd2054d55b92eed380be062f1/gnocchi.30c635ff-f422-43f8-b6b1-0e783171037d/none_v3 HTTP/1.0 201 - python-swiftclient-3.11.1 gAAAAABo5aFHGHv7... 51 - - tx3f16b6a03a8f43f28bca3-0068e5a1cb - 0.0350 - - 1759879627.571728706 1759879627.606774092 0
Oct 7 23:27:10 standalone container-server[130166]: 172.20.0.100 - - [07/Oct/2025:23:27:10 +0000] "HEAD /d1/140/AUTH_d03159edd2054d55b92eed380be062f1/gnocchi.6d41b30c-b1e6-40a1-ad28-2d488830ac1e" 404 - "HEAD http://172.18.0.2:8080/v1/AUTH_d03159edd2054d55b92eed380be062f1/gnocchi.6d41b30c-b1e6-40a1-ad28-2d488830ac1e?format=json&states=listing" "tx85b82e5a110045d8bd7af-0068e5a1ce" "proxy-server 20" 0.0005 "-" 21 0
Oct 7 23:27:10 standalone object-server[130327]: 172.20.0.100 - - [07/Oct/2025:23:27:10 +0000] "GET /d1/916/AUTH_d03159edd2054d55b92eed380be062f1/gnocchi.6d41b30c-b1e6-40a1-ad28-2d488830ac1e/none_v3" 404 70 "GET http://172.18.0.2:8080/v1/AUTH_d03159edd2054d55b92eed380be062f1/gnocchi.6d41b30c-b1e6-40a1-ad28-2d488830ac1e/none_v3" "tx85b82e5a110045d8bd7af-0068e5a1ce" "proxy-server 20" 0.0008 "-" 24 0
Oct 7 23:27:10 standalone proxy-server[132254]: 172.18.0.2 172.18.0.100 07/Oct/2025/23/27/10 GET /v1/AUTH_d03159edd2054d55b92eed380be062f1/gnocchi.6d41b30c-b1e6-40a1-ad28-2d488830ac1e/none_v3 HTTP/1.0 404 - python-swiftclient-3.11.1 gAAAAABo5aFHGHv7... - 70 - tx85b82e5a110045d8bd7af-0068e5a1ce - 0.0118 - - 1759879630.330926180 1759879630.342679262 0
Oct 7 23:27:10 standalone account-server[130116]: 172.20.0.100 - - [07/Oct/2025:23:27:10 +0000] "PUT /d1/322/AUTH_d03159edd2054d55b92eed380be062f1/gnocchi.6d41b30c-b1e6-40a1-ad28-2d488830ac1e" 201 - "PUT http://172.20.0.100:6001/d1/140/AUTH_d03159edd2054d55b92eed380be062f1/gnocchi.6d41b30c-b1e6-40a1-ad28-2d488830ac1e" "txee4e4749425d4b66a50ef-0068e5a1ce" "container-server 22" 0.0026 "-" 15 0
Oct 7 23:27:10 standalone container-server[130176]: 172.20.0.100 - - [07/Oct/2025:23:27:10 +0000] "PUT /d1/140/AUTH_d03159edd2054d55b92eed380be062f1/gnocchi.6d41b30c-b1e6-40a1-ad28-2d488830ac1e" 201 - "PUT http://172.18.0.2:8080/v1/AUTH_d03159edd2054d55b92eed380be062f1/gnocchi.6d41b30c-b1e6-40a1-ad28-2d488830ac1e" "txee4e4749425d4b66a50ef-0068e5a1ce" "proxy-server 20" 0.0198 "-" 22 0
Oct 7 23:27:10 standalone proxy-server[132254]: 172.18.0.2 172.18.0.100 07/Oct/2025/23/27/10 PUT /v1/AUTH_d03159edd2054d55b92eed380be062f1/gnocchi.6d41b30c-b1e6-40a1-ad28-2d488830ac1e HTTP/1.0 201 - python-swiftclient-3.11.1 gAAAAABo5aFHGHv7... - - - txee4e4749425d4b66a50ef-0068e5a1ce - 0.0243 - - 1759879630.345187187 1759879630.369451523 0
Oct 7 23:27:10 standalone container-server[130176]: 172.20.0.100 - - [07/Oct/2025:23:27:10 +0000] "HEAD /d1/140/AUTH_d03159edd2054d55b92eed380be062f1/gnocchi.6d41b30c-b1e6-40a1-ad28-2d488830ac1e" 204 - "HEAD http://172.18.0.2:8080/v1/AUTH_d03159edd2054d55b92eed380be062f1/gnocchi.6d41b30c-b1e6-40a1-ad28-2d488830ac1e?format=json&states=listing" "txe4d7be2846894bf4b6ba0-0068e5a1ce" "proxy-server 20" 0.0019 "-" 22 0
Oct 7 23:27:10 standalone proxy-server[132254]: - - 07/Oct/2025/23/27/10 HEAD /v1/AUTH_d03159edd2054d55b92eed380be062f1/gnocchi.6d41b30c-b1e6-40a1-ad28-2d488830ac1e%3Fformat%3Djson%26states%3Dlisting HTTP/1.0 204 - Swift - - - - txe4d7be2846894bf4b6ba0-0068e5a1ce - 0.0046 RL - 1759879630.374317646 1759879630.378948689 0
Oct 7 23:27:10 standalone container-server[130176]: 172.20.0.100 - - [07/Oct/2025:23:27:10 +0000] "GET /d1/140/AUTH_d03159edd2054d55b92eed380be062f1/gnocchi.6d41b30c-b1e6-40a1-ad28-2d488830ac1e" 200 2 "GET http://172.18.0.2:8080/v1/AUTH_d03159edd2054d55b92eed380be062f1/gnocchi.6d41b30c-b1e6-40a1-ad28-2d488830ac1e?format=json&states=listing" "txe4d7be2846894bf4b6ba0-0068e5a1ce" "proxy-server 20" 0.0030 "-" 22 0
Oct 7 23:27:10 standalone proxy-server[132254]: 172.18.0.2 172.18.0.100 07/Oct/2025/23/27/10 GET /v1/AUTH_d03159edd2054d55b92eed380be062f1/gnocchi.6d41b30c-b1e6-40a1-ad28-2d488830ac1e%3Fformat%3Djson%26states%3Dlisting HTTP/1.0 200 - python-swiftclient-3.11.1 gAAAAABo5aFHGHv7... - 2 - txe4d7be2846894bf4b6ba0-0068e5a1ce - 0.0130 - - 1759879630.373445988 1759879630.386472940 0
Oct 7 23:27:10 standalone object-server[130327]: 172.20.0.100 - - [07/Oct/2025:23:27:10 +0000] "GET /d1/314/AUTH_d03159edd2054d55b92eed380be062f1/gnocchi.6d41b30c-b1e6-40a1-ad28-2d488830ac1e/1759320000.0_mean_300.0_v3" 404 70 "GET http://172.18.0.2:8080/v1/AUTH_d03159edd2054d55b92eed380be062f1/gnocchi.6d41b30c-b1e6-40a1-ad28-2d488830ac1e/1759320000.0_mean_300.0_v3" "txb6db4ac2946d4da2bb978-0068e5a1ce" "proxy-server 20" 0.0005 "-" 24 0
Oct 7 23:27:10 standalone proxy-server[132254]: 172.18.0.2 172.18.0.100 07/Oct/2025/23/27/10 GET /v1/AUTH_d03159edd2054d55b92eed380be062f1/gnocchi.6d41b30c-b1e6-40a1-ad28-2d488830ac1e/1759320000.0_mean_300.0_v3 HTTP/1.0 404 - python-swiftclient-3.11.1 gAAAAABo5aFHGHv7... - 70 - txb6db4ac2946d4da2bb978-0068e5a1ce - 0.0052 - - 1759879630.389234781 1759879630.394415617 0
Oct 7 23:27:10 standalone container-server[130160]: 172.20.0.100 - - [07/Oct/2025:23:27:10 +0000] "PUT /d1/140/AUTH_d03159edd2054d55b92eed380be062f1/gnocchi.6d41b30c-b1e6-40a1-ad28-2d488830ac1e/1759320000.0_mean_300.0_v3" 201 - "PUT http://172.18.0.2:8080/d1/314/AUTH_d03159edd2054d55b92eed380be062f1/gnocchi.6d41b30c-b1e6-40a1-ad28-2d488830ac1e/1759320000.0_mean_300.0_v3" "tx6c7cf2c00f224c3db741a-0068e5a1ce" "object-server 24" 0.0012 "-" 20 0
Oct 7 23:27:10 standalone object-server[130327]: 172.20.0.100 - - [07/Oct/2025:23:27:10 +0000] "PUT /d1/314/AUTH_d03159edd2054d55b92eed380be062f1/gnocchi.6d41b30c-b1e6-40a1-ad28-2d488830ac1e/1759320000.0_mean_300.0_v3" 201 - "PUT http://172.18.0.2:8080/v1/AUTH_d03159edd2054d55b92eed380be062f1/gnocchi.6d41b30c-b1e6-40a1-ad28-2d488830ac1e/1759320000.0_mean_300.0_v3" "tx6c7cf2c00f224c3db741a-0068e5a1ce" "proxy-server 20" 0.0149 "-" 24 0
Oct 7 23:27:10 standalone proxy-server[132254]: 172.18.0.2 172.18.0.100 07/Oct/2025/23/27/10 PUT /v1/AUTH_d03159edd2054d55b92eed380be062f1/gnocchi.6d41b30c-b1e6-40a1-ad28-2d488830ac1e/1759320000.0_mean_300.0_v3 HTTP/1.0 201 - python-swiftclient-3.11.1 gAAAAABo5aFHGHv7... 16 - - tx6c7cf2c00f224c3db741a-0068e5a1ce - 0.0192 - - 1759879630.396940470 1759879630.416108847 0
Oct 7 23:27:10 standalone container-server[130183]: 172.20.0.100 - - [07/Oct/2025:23:27:10 +0000] "PUT /d1/140/AUTH_d03159edd2054d55b92eed380be062f1/gnocchi.6d41b30c-b1e6-40a1-ad28-2d488830ac1e/none_v3" 201 - "PUT http://172.18.0.2:8080/d1/916/AUTH_d03159edd2054d55b92eed380be062f1/gnocchi.6d41b30c-b1e6-40a1-ad28-2d488830ac1e/none_v3" "tx98cd063848284439a1cd3-0068e5a1ce" "object-server 25" 0.0007 "-" 23 0
Oct 7 23:27:10 standalone object-server[130329]: 172.20.0.100 - - [07/Oct/2025:23:27:10 +0000] "PUT /d1/916/AUTH_d03159edd2054d55b92eed380be062f1/gnocchi.6d41b30c-b1e6-40a1-ad28-2d488830ac1e/none_v3" 201 - "PUT http://172.18.0.2:8080/v1/AUTH_d03159edd2054d55b92eed380be062f1/gnocchi.6d41b30c-b1e6-40a1-ad28-2d488830ac1e/none_v3" "tx98cd063848284439a1cd3-0068e5a1ce" "proxy-server 20" 0.0105 "-" 25 0
Oct 7 23:27:10 standalone proxy-server[132254]: 172.18.0.2 172.18.0.100 07/Oct/2025/23/27/10 PUT /v1/AUTH_d03159edd2054d55b92eed380be062f1/gnocchi.6d41b30c-b1e6-40a1-ad28-2d488830ac1e/none_v3 HTTP/1.0 201 - python-swiftclient-3.11.1 gAAAAABo5aFHGHv7... 22 - - tx98cd063848284439a1cd3-0068e5a1ce - 0.0156 - - 1759879630.421238422 1759879630.436839819 0
Oct 7 23:27:10 standalone container-server[130176]: 172.20.0.100 - - [07/Oct/2025:23:27:10 +0000] "HEAD /d1/987/AUTH_d03159edd2054d55b92eed380be062f1/gnocchi.647c4e7b-2f7e-4828-a85d-edd3cabfc0c3" 404 - "HEAD http://172.18.0.2:8080/v1/AUTH_d03159edd2054d55b92eed380be062f1/gnocchi.647c4e7b-2f7e-4828-a85d-edd3cabfc0c3?format=json&states=listing" "tx52d126040ae44678a9b6f-0068e5a1ce" "proxy-server 20" 0.0005 "-" 22 0
Oct 7 23:27:10 standalone object-server[130325]: 172.20.0.100 - - [07/Oct/2025:23:27:10 +0000] "GET /d1/249/AUTH_d03159edd2054d55b92eed380be062f1/gnocchi.647c4e7b-2f7e-4828-a85d-edd3cabfc0c3/none_v3" 404 70 "GET http://172.18.0.2:8080/v1/AUTH_d03159edd2054d55b92eed380be062f1/gnocchi.647c4e7b-2f7e-4828-a85d-edd3cabfc0c3/none_v3" "tx52d126040ae44678a9b6f-0068e5a1ce" "proxy-server 20" 0.0003 "-" 23 0
Oct 7 23:27:10 standalone proxy-server[132254]: 172.18.0.2 172.18.0.100 07/Oct/2025/23/27/10 GET /v1/AUTH_d03159edd2054d55b92eed380be062f1/gnocchi.647c4e7b-2f7e-4828-a85d-edd3cabfc0c3/none_v3 HTTP/1.0 404 - python-swiftclient-3.11.1 gAAAAABo5aFHGHv7... - 70 - tx52d126040ae44678a9b6f-0068e5a1ce - 0.0127 - - 1759879630.450848341 1759879630.463561058 0
Oct 7 23:27:10 standalone account-server[130114]: 172.20.0.100 - - [07/Oct/2025:23:27:10 +0000] "PUT /d1/322/AUTH_d03159edd2054d55b92eed380be062f1/gnocchi.647c4e7b-2f7e-4828-a85d-edd3cabfc0c3" 201 - "PUT http://172.20.0.100:6001/d1/987/AUTH_d03159edd2054d55b92eed380be062f1/gnocchi.647c4e7b-2f7e-4828-a85d-edd3cabfc0c3" "tx024a24dac123425eafe21-0068e5a1ce" "container-server 20" 0.0065 "-" 14 0
Oct 7 23:27:10 standalone container-server[130160]: 172.20.0.100 - - [07/Oct/2025:23:27:10 +0000] "PUT /d1/987/AUTH_d03159edd2054d55b92eed380be062f1/gnocchi.647c4e7b-2f7e-4828-a85d-edd3cabfc0c3" 201 - "PUT http://172.18.0.2:8080/v1/AUTH_d03159edd2054d55b92eed380be062f1/gnocchi.647c4e7b-2f7e-4828-a85d-edd3cabfc0c3" "tx024a24dac123425eafe21-0068e5a1ce" "proxy-server 20" 0.0173 "-" 20 0
Oct 7 23:27:10 standalone proxy-server[132254]: 172.18.0.2 172.18.0.100 07/Oct/2025/23/27/10 PUT /v1/AUTH_d03159edd2054d55b92eed380be062f1/gnocchi.647c4e7b-2f7e-4828-a85d-edd3cabfc0c3 HTTP/1.0 201 - python-swiftclient-3.11.1 gAAAAABo5aFHGHv7... - - - tx024a24dac123425eafe21-0068e5a1ce - 0.0229 - - 1759879630.466796637 1759879630.489668369 0
Oct 7 23:27:10 standalone container-server[130176]: 172.20.0.100 - - [07/Oct/2025:23:27:10 +0000] "HEAD /d1/987/AUTH_d03159edd2054d55b92eed380be062f1/gnocchi.647c4e7b-2f7e-4828-a85d-edd3cabfc0c3" 204 - "HEAD http://172.18.0.2:8080/v1/AUTH_d03159edd2054d55b92eed380be062f1/gnocchi.647c4e7b-2f7e-4828-a85d-edd3cabfc0c3?format=json&states=listing" "tx9eb7455388184a3598cdf-0068e5a1ce" "proxy-server 20" 0.0024 "-" 22 0
Oct 7 23:27:10 standalone proxy-server[132254]: - - 07/Oct/2025/23/27/10 HEAD /v1/AUTH_d03159edd2054d55b92eed380be062f1/gnocchi.647c4e7b-2f7e-4828-a85d-edd3cabfc0c3%3Fformat%3Djson%26states%3Dlisting HTTP/1.0 204 - Swift - - - - tx9eb7455388184a3598cdf-0068e5a1ce - 0.0064 RL - 1759879630.497530937 1759879630.503898382 0
Oct 7 23:27:10 standalone container-server[130160]: 172.20.0.100 - - [07/Oct/2025:23:27:10 +0000] "GET /d1/987/AUTH_d03159edd2054d55b92eed380be062f1/gnocchi.647c4e7b-2f7e-4828-a85d-edd3cabfc0c3" 200 2 "GET http://172.18.0.2:8080/v1/AUTH_d03159edd2054d55b92eed380be062f1/gnocchi.647c4e7b-2f7e-4828-a85d-edd3cabfc0c3?format=json&states=listing" "tx9eb7455388184a3598cdf-0068e5a1ce" "proxy-server 20" 0.0021 "-" 20 0
Oct 7 23:27:10 standalone proxy-server[132254]: 172.18.0.2 172.18.0.100 07/Oct/2025/23/27/10 GET /v1/AUTH_d03159edd2054d55b92eed380be062f1/gnocchi.647c4e7b-2f7e-4828-a85d-edd3cabfc0c3%3Fformat%3Djson%26states%3Dlisting HTTP/1.0 200 - python-swiftclient-3.11.1 gAAAAABo5aFHGHv7... - 2 - tx9eb7455388184a3598cdf-0068e5a1ce - 0.0164 - - 1759879630.496140003 1759879630.512576580 0
Oct 7 23:27:10 standalone object-server[130323]: 172.20.0.100 - - [07/Oct/2025:23:27:10 +0000] "GET /d1/759/AUTH_d03159edd2054d55b92eed380be062f1/gnocchi.647c4e7b-2f7e-4828-a85d-edd3cabfc0c3/1759320000.0_mean_300.0_v3" 404 70 "GET http://172.18.0.2:8080/v1/AUTH_d03159edd2054d55b92eed380be062f1/gnocchi.647c4e7b-2f7e-4828-a85d-edd3cabfc0c3/1759320000.0_mean_300.0_v3" "tx997f45673bfa47c3aa098-0068e5a1ce" "proxy-server 20" 0.0007 "-" 22 0
Oct 7 23:27:10 standalone proxy-server[132254]: 172.18.0.2 172.18.0.100 07/Oct/2025/23/27/10 GET /v1/AUTH_d03159edd2054d55b92eed380be062f1/gnocchi.647c4e7b-2f7e-4828-a85d-edd3cabfc0c3/1759320000.0_mean_300.0_v3 HTTP/1.0 404 - python-swiftclient-3.11.1 gAAAAABo5aFHGHv7... - 70 - tx997f45673bfa47c3aa098-0068e5a1ce - 0.0064 - - 1759879630.517994404 1759879630.524385691 0
Oct 7 23:27:10 standalone container-server[130160]: 172.20.0.100 - - [07/Oct/2025:23:27:10 +0000] "PUT /d1/987/AUTH_d03159edd2054d55b92eed380be062f1/gnocchi.647c4e7b-2f7e-4828-a85d-edd3cabfc0c3/1759320000.0_mean_300.0_v3" 201 - "PUT http://172.18.0.2:8080/d1/759/AUTH_d03159edd2054d55b92eed380be062f1/gnocchi.647c4e7b-2f7e-4828-a85d-edd3cabfc0c3/1759320000.0_mean_300.0_v3" "txfbb36769cb904f679cecc-0068e5a1ce" "object-server 25" 0.0006 "-" 20 0
Oct 7 23:27:10 standalone object-server[130329]: 172.20.0.100 - - [07/Oct/2025:23:27:10 +0000] "PUT /d1/759/AUTH_d03159edd2054d55b92eed380be062f1/gnocchi.647c4e7b-2f7e-4828-a85d-edd3cabfc0c3/1759320000.0_mean_300.0_v3" 201 - "PUT http://172.18.0.2:8080/v1/AUTH_d03159edd2054d55b92eed380be062f1/gnocchi.647c4e7b-2f7e-4828-a85d-edd3cabfc0c3/1759320000.0_mean_300.0_v3" "txfbb36769cb904f679cecc-0068e5a1ce" "proxy-server 20" 0.0135 "-" 25 0
Oct 7 23:27:10 standalone proxy-server[132254]: 172.18.0.2 172.18.0.100 07/Oct/2025/23/27/10 PUT /v1/AUTH_d03159edd2054d55b92eed380be062f1/gnocchi.647c4e7b-2f7e-4828-a85d-edd3cabfc0c3/1759320000.0_mean_300.0_v3 HTTP/1.0 201 - python-swiftclient-3.11.1 gAAAAABo5aFHGHv7... 16 - - txfbb36769cb904f679cecc-0068e5a1ce - 0.0204 - - 1759879630.529651403 1759879630.550071001 0
Oct 7 23:27:10 standalone container-server[130183]: 172.20.0.100 - - [07/Oct/2025:23:27:10 +0000] "PUT /d1/987/AUTH_d03159edd2054d55b92eed380be062f1/gnocchi.647c4e7b-2f7e-4828-a85d-edd3cabfc0c3/none_v3" 201 - "PUT http://172.18.0.2:8080/d1/249/AUTH_d03159edd2054d55b92eed380be062f1/gnocchi.647c4e7b-2f7e-4828-a85d-edd3cabfc0c3/none_v3" "tx7baf2a50c3f541ac87258-0068e5a1ce" "object-server 22" 0.0009 "-" 23 0
Oct 7 23:27:10 standalone object-server[130323]: 172.20.0.100 - - [07/Oct/2025:23:27:10 +0000] "PUT /d1/249/AUTH_d03159edd2054d55b92eed380be062f1/gnocchi.647c4e7b-2f7e-4828-a85d-edd3cabfc0c3/none_v3" 201 - "PUT http://172.18.0.2:8080/v1/AUTH_d03159edd2054d55b92eed380be062f1/gnocchi.647c4e7b-2f7e-4828-a85d-edd3cabfc0c3/none_v3" "tx7baf2a50c3f541ac87258-0068e5a1ce" "proxy-server 20" 0.0114 "-" 22 0
Oct 7 23:27:10 standalone proxy-server[132254]: 172.18.0.2 172.18.0.100 07/Oct/2025/23/27/10 PUT /v1/AUTH_d03159edd2054d55b92eed380be062f1/gnocchi.647c4e7b-2f7e-4828-a85d-edd3cabfc0c3/none_v3 HTTP/1.0 201 - python-swiftclient-3.11.1 gAAAAABo5aFHGHv7... 22 - - tx7baf2a50c3f541ac87258-0068e5a1ce - 0.0161 - - 1759879630.554990530 1759879630.571045637 0
Oct 7 23:27:10 standalone container-server[130166]: 172.20.0.100 - - [07/Oct/2025:23:27:10 +0000] "HEAD /d1/953/AUTH_d03159edd2054d55b92eed380be062f1/gnocchi.618dee4c-3111-4ea1-9d7d-0d92fe16e3f8" 404 - "HEAD http://172.18.0.2:8080/v1/AUTH_d03159edd2054d55b92eed380be062f1/gnocchi.618dee4c-3111-4ea1-9d7d-0d92fe16e3f8?format=json&states=listing" "tx68aaf2004bd3410e90289-0068e5a1ce" "proxy-server 20" 0.0007 "-" 21 0
Oct 7 23:27:10 standalone object-server[130323]: 172.20.0.100 - - [07/Oct/2025:23:27:10 +0000] "GET /d1/50/AUTH_d03159edd2054d55b92eed380be062f1/gnocchi.618dee4c-3111-4ea1-9d7d-0d92fe16e3f8/none_v3" 404 70 "GET http://172.18.0.2:8080/v1/AUTH_d03159edd2054d55b92eed380be062f1/gnocchi.618dee4c-3111-4ea1-9d7d-0d92fe16e3f8/none_v3" "tx68aaf2004bd3410e90289-0068e5a1ce" "proxy-server 20" 0.0003 "-" 22 0
Oct 7 23:27:10 standalone proxy-server[132254]: 172.18.0.2 172.18.0.100 07/Oct/2025/23/27/10 GET /v1/AUTH_d03159edd2054d55b92eed380be062f1/gnocchi.618dee4c-3111-4ea1-9d7d-0d92fe16e3f8/none_v3 HTTP/1.0 404 - python-swiftclient-3.11.1 gAAAAABo5aFHGHv7... - 70 - tx68aaf2004bd3410e90289-0068e5a1ce - 0.0108 - - 1759879630.585302830 1759879630.596138239 0
Oct 7 23:27:10 standalone account-server[130119]: 172.20.0.100 - - [07/Oct/2025:23:27:10 +0000] "PUT /d1/322/AUTH_d03159edd2054d55b92eed380be062f1/gnocchi.618dee4c-3111-4ea1-9d7d-0d92fe16e3f8" 201 - "PUT http://172.20.0.100:6001/d1/953/AUTH_d03159edd2054d55b92eed380be062f1/gnocchi.618dee4c-3111-4ea1-9d7d-0d92fe16e3f8" "tx73b398ae41404e82ac85e-0068e5a1ce" "container-server 20" 0.0046 "-" 17 0
Oct 7 23:27:10 standalone container-server[130160]: 172.20.0.100 - - [07/Oct/2025:23:27:10 +0000] "PUT /d1/953/AUTH_d03159edd2054d55b92eed380be062f1/gnocchi.618dee4c-3111-4ea1-9d7d-0d92fe16e3f8" 201 - "PUT http://172.18.0.2:8080/v1/AUTH_d03159edd2054d55b92eed380be062f1/gnocchi.618dee4c-3111-4ea1-9d7d-0d92fe16e3f8" "tx73b398ae41404e82ac85e-0068e5a1ce" "proxy-server 20" 0.0187 "-" 20 0
Oct 7 23:27:10 standalone proxy-server[132254]: 172.18.0.2 172.18.0.100 07/Oct/2025/23/27/10 PUT /v1/AUTH_d03159edd2054d55b92eed380be062f1/gnocchi.618dee4c-3111-4ea1-9d7d-0d92fe16e3f8 HTTP/1.0 201 - python-swiftclient-3.11.1 gAAAAABo5aFHGHv7... - - - tx73b398ae41404e82ac85e-0068e5a1ce - 0.0241 - - 1759879630.600221634 1759879630.624370337 0
Oct 7 23:27:10 standalone container-server[130166]: 172.20.0.100 - - [07/Oct/2025:23:27:10 +0000] "HEAD /d1/953/AUTH_d03159edd2054d55b92eed380be062f1/gnocchi.618dee4c-3111-4ea1-9d7d-0d92fe16e3f8" 204 - "HEAD http://172.18.0.2:8080/v1/AUTH_d03159edd2054d55b92eed380be062f1/gnocchi.618dee4c-3111-4ea1-9d7d-0d92fe16e3f8?format=json&states=listing" "tx02046931742b412d87449-0068e5a1ce" "proxy-server 20" 0.0013 "-" 21 0
Oct 7 23:27:10 standalone proxy-server[132254]: - - 07/Oct/2025/23/27/10 HEAD /v1/AUTH_d03159edd2054d55b92eed380be062f1/gnocchi.618dee4c-3111-4ea1-9d7d-0d92fe16e3f8%3Fformat%3Djson%26states%3Dlisting HTTP/1.0 204 - Swift - - - - tx02046931742b412d87449-0068e5a1ce - 0.0042 RL - 1759879630.629021645 1759879630.633236885 0
Oct 7 23:27:10 standalone container-server[130183]: 172.20.0.100 - - [07/Oct/2025:23:27:10 +0000] "GET /d1/953/AUTH_d03159edd2054d55b92eed380be062f1/gnocchi.618dee4c-3111-4ea1-9d7d-0d92fe16e3f8" 200 2 "GET http://172.18.0.2:8080/v1/AUTH_d03159edd2054d55b92eed380be062f1/gnocchi.618dee4c-3111-4ea1-9d7d-0d92fe16e3f8?format=json&states=listing" "tx02046931742b412d87449-0068e5a1ce" "proxy-server 20" 0.0041 "-" 23 0
Oct 7 23:27:10 standalone proxy-server[132254]: 172.18.0.2 172.18.0.100 07/Oct/2025/23/27/10 GET /v1/AUTH_d03159edd2054d55b92eed380be062f1/gnocchi.618dee4c-3111-4ea1-9d7d-0d92fe16e3f8%3Fformat%3Djson%26states%3Dlisting HTTP/1.0 200 - python-swiftclient-3.11.1 gAAAAABo5aFHGHv7... - 2 - tx02046931742b412d87449-0068e5a1ce - 0.0159 - - 1759879630.628058910 1759879630.644006729 0
Oct 7 23:27:10 standalone object-server[130327]: 172.20.0.100 - - [07/Oct/2025:23:27:10 +0000] "GET /d1/603/AUTH_d03159edd2054d55b92eed380be062f1/gnocchi.618dee4c-3111-4ea1-9d7d-0d92fe16e3f8/1759320000.0_mean_300.0_v3" 404 70 "GET http://172.18.0.2:8080/v1/AUTH_d03159edd2054d55b92eed380be062f1/gnocchi.618dee4c-3111-4ea1-9d7d-0d92fe16e3f8/1759320000.0_mean_300.0_v3" "tx22675b44ce9a49cc85655-0068e5a1ce" "proxy-server 20" 0.0006 "-" 24 0
Oct 7 23:27:10 standalone proxy-server[132254]: 172.18.0.2 172.18.0.100 07/Oct/2025/23/27/10 GET /v1/AUTH_d03159edd2054d55b92eed380be062f1/gnocchi.618dee4c-3111-4ea1-9d7d-0d92fe16e3f8/1759320000.0_mean_300.0_v3 HTTP/1.0 404 - python-swiftclient-3.11.1 gAAAAABo5aFHGHv7... - 70 - tx22675b44ce9a49cc85655-0068e5a1ce - 0.0111 - - 1759879630.648749352 1759879630.659865379 0
Oct 7 23:27:10 standalone container-server[130183]: 172.20.0.100 - - [07/Oct/2025:23:27:10 +0000] "PUT /d1/953/AUTH_d03159edd2054d55b92eed380be062f1/gnocchi.618dee4c-3111-4ea1-9d7d-0d92fe16e3f8/1759320000.0_mean_300.0_v3" 201 - "PUT http://172.18.0.2:8080/d1/603/AUTH_d03159edd2054d55b92eed380be062f1/gnocchi.618dee4c-3111-4ea1-9d7d-0d92fe16e3f8/1759320000.0_mean_300.0_v3" "txac8e6f60d6db457daf09c-0068e5a1ce" "object-server 22" 0.0011 "-" 23 0
Oct 7 23:27:10 standalone object-server[130323]: 172.20.0.100 - - [07/Oct/2025:23:27:10 +0000] "PUT /d1/603/AUTH_d03159edd2054d55b92eed380be062f1/gnocchi.618dee4c-3111-4ea1-9d7d-0d92fe16e3f8/1759320000.0_mean_300.0_v3" 201 - "PUT http://172.18.0.2:8080/v1/AUTH_d03159edd2054d55b92eed380be062f1/gnocchi.618dee4c-3111-4ea1-9d7d-0d92fe16e3f8/1759320000.0_mean_300.0_v3" "txac8e6f60d6db457daf09c-0068e5a1ce" "proxy-server 20" 0.0180 "-" 22 0
