Oct 7 23:27:10 standalone proxy-server[132254]: 172.18.0.2 172.18.0.100 07/Oct/2025/23/27/10 PUT /v1/AUTH_d03159edd2054d55b92eed380be062f1/gnocchi.618dee4c-3111-4ea1-9d7d-0d92fe16e3f8/1759320000.0_mean_300.0_v3 HTTP/1.0 201 - python-swiftclient-3.11.1 gAAAAABo5aFHGHv7... 16 - - txac8e6f60d6db457daf09c-0068e5a1ce - 0.0253 - - 1759879630.666049957 1759879630.691348553 0
Oct 7 23:27:10 standalone container-server[130176]: 172.20.0.100 - - [07/Oct/2025:23:27:10 +0000] "PUT /d1/953/AUTH_d03159edd2054d55b92eed380be062f1/gnocchi.618dee4c-3111-4ea1-9d7d-0d92fe16e3f8/none_v3" 201 - "PUT http://172.18.0.2:8080/d1/50/AUTH_d03159edd2054d55b92eed380be062f1/gnocchi.618dee4c-3111-4ea1-9d7d-0d92fe16e3f8/none_v3" "tx71460de042e74c91871f9-0068e5a1ce" "object-server 24" 0.0006 "-" 22 0
Oct 7 23:27:10 standalone object-server[130327]: 172.20.0.100 - - [07/Oct/2025:23:27:10 +0000] "PUT /d1/50/AUTH_d03159edd2054d55b92eed380be062f1/gnocchi.618dee4c-3111-4ea1-9d7d-0d92fe16e3f8/none_v3" 201 - "PUT http://172.18.0.2:8080/v1/AUTH_d03159edd2054d55b92eed380be062f1/gnocchi.618dee4c-3111-4ea1-9d7d-0d92fe16e3f8/none_v3" "tx71460de042e74c91871f9-0068e5a1ce" "proxy-server 20" 0.0163 "-" 24 0
Oct 7 23:27:10 standalone proxy-server[132254]: 172.18.0.2 172.18.0.100 07/Oct/2025/23/27/10 PUT /v1/AUTH_d03159edd2054d55b92eed380be062f1/gnocchi.618dee4c-3111-4ea1-9d7d-0d92fe16e3f8/none_v3 HTTP/1.0 201 - python-swiftclient-3.11.1 gAAAAABo5aFHGHv7... 22 - - tx71460de042e74c91871f9-0068e5a1ce - 0.0226 - - 1759879630.695655584 1759879630.718271732 0
Oct 7 23:27:10 standalone container-server[130176]: 172.20.0.100 - - [07/Oct/2025:23:27:10 +0000] "HEAD /d1/374/AUTH_d03159edd2054d55b92eed380be062f1/gnocchi.8d8cca7c-1373-41af-bfe6-76319595a399" 404 - "HEAD http://172.18.0.2:8080/v1/AUTH_d03159edd2054d55b92eed380be062f1/gnocchi.8d8cca7c-1373-41af-bfe6-76319595a399?format=json&states=listing" "txe398de0970fa445080828-0068e5a1ce" "proxy-server 20" 0.0004 "-" 22 0
Oct 7 23:27:10 standalone object-server[130327]: 172.20.0.100 - - [07/Oct/2025:23:27:10 +0000] "GET /d1/514/AUTH_d03159edd2054d55b92eed380be062f1/gnocchi.8d8cca7c-1373-41af-bfe6-76319595a399/none_v3" 404 70 "GET http://172.18.0.2:8080/v1/AUTH_d03159edd2054d55b92eed380be062f1/gnocchi.8d8cca7c-1373-41af-bfe6-76319595a399/none_v3" "txe398de0970fa445080828-0068e5a1ce" "proxy-server 20" 0.0004 "-" 24 0
Oct 7 23:27:10 standalone proxy-server[132254]: 172.18.0.2 172.18.0.100 07/Oct/2025/23/27/10 GET /v1/AUTH_d03159edd2054d55b92eed380be062f1/gnocchi.8d8cca7c-1373-41af-bfe6-76319595a399/none_v3 HTTP/1.0 404 - python-swiftclient-3.11.1 gAAAAABo5aFHGHv7... - 70 - txe398de0970fa445080828-0068e5a1ce - 0.0080 - - 1759879630.730209351 1759879630.738191605 0
Oct 7 23:27:10 standalone account-server[130116]: 172.20.0.100 - - [07/Oct/2025:23:27:10 +0000] "PUT /d1/322/AUTH_d03159edd2054d55b92eed380be062f1/gnocchi.8d8cca7c-1373-41af-bfe6-76319595a399" 201 - "PUT http://172.20.0.100:6001/d1/374/AUTH_d03159edd2054d55b92eed380be062f1/gnocchi.8d8cca7c-1373-41af-bfe6-76319595a399" "txd553f89c3b9d499ab3a0e-0068e5a1ce" "container-server 22" 0.0061 "-" 15 0
Oct 7 23:27:10 standalone container-server[130176]: 172.20.0.100 - - [07/Oct/2025:23:27:10 +0000] "PUT /d1/374/AUTH_d03159edd2054d55b92eed380be062f1/gnocchi.8d8cca7c-1373-41af-bfe6-76319595a399" 201 - "PUT http://172.18.0.2:8080/v1/AUTH_d03159edd2054d55b92eed380be062f1/gnocchi.8d8cca7c-1373-41af-bfe6-76319595a399" "txd553f89c3b9d499ab3a0e-0068e5a1ce" "proxy-server 20" 0.0187 "-" 22 0
Oct 7 23:27:10 standalone proxy-server[132254]: 172.18.0.2 172.18.0.100 07/Oct/2025/23/27/10 PUT /v1/AUTH_d03159edd2054d55b92eed380be062f1/gnocchi.8d8cca7c-1373-41af-bfe6-76319595a399 HTTP/1.0 201 - python-swiftclient-3.11.1 gAAAAABo5aFHGHv7... - - - txd553f89c3b9d499ab3a0e-0068e5a1ce - 0.0410 - - 1759879630.740852118 1759879630.781833172 0
Oct 7 23:27:10 standalone container-server[130166]: 172.20.0.100 - - [07/Oct/2025:23:27:10 +0000] "HEAD /d1/374/AUTH_d03159edd2054d55b92eed380be062f1/gnocchi.8d8cca7c-1373-41af-bfe6-76319595a399" 204 - "HEAD http://172.18.0.2:8080/v1/AUTH_d03159edd2054d55b92eed380be062f1/gnocchi.8d8cca7c-1373-41af-bfe6-76319595a399?format=json&states=listing" "tx2e8b78c4e8de4282a0829-0068e5a1ce" "proxy-server 20" 0.0021 "-" 21 0
Oct 7 23:27:10 standalone proxy-server[132254]: - - 07/Oct/2025/23/27/10 HEAD /v1/AUTH_d03159edd2054d55b92eed380be062f1/gnocchi.8d8cca7c-1373-41af-bfe6-76319595a399%3Fformat%3Djson%26states%3Dlisting HTTP/1.0 204 - Swift - - - - tx2e8b78c4e8de4282a0829-0068e5a1ce - 0.0072 RL - 1759879630.792772770 1759879630.799926996 0
Oct 7 23:27:10 standalone container-server[130183]: 172.20.0.100 - - [07/Oct/2025:23:27:10 +0000] "GET /d1/374/AUTH_d03159edd2054d55b92eed380be062f1/gnocchi.8d8cca7c-1373-41af-bfe6-76319595a399" 200 2 "GET http://172.18.0.2:8080/v1/AUTH_d03159edd2054d55b92eed380be062f1/gnocchi.8d8cca7c-1373-41af-bfe6-76319595a399?format=json&states=listing" "tx2e8b78c4e8de4282a0829-0068e5a1ce" "proxy-server 20" 0.0045 "-" 23 0
Oct 7 23:27:10 standalone proxy-server[132254]: 172.18.0.2 172.18.0.100 07/Oct/2025/23/27/10 GET /v1/AUTH_d03159edd2054d55b92eed380be062f1/gnocchi.8d8cca7c-1373-41af-bfe6-76319595a399%3Fformat%3Djson%26states%3Dlisting HTTP/1.0 200 - python-swiftclient-3.11.1 gAAAAABo5aFHGHv7... - 2 - tx2e8b78c4e8de4282a0829-0068e5a1ce - 0.0225 - - 1759879630.790567636 1759879630.813082457 0
Oct 7 23:27:10 standalone object-server[130325]: 172.20.0.100 - - [07/Oct/2025:23:27:10 +0000] "GET /d1/125/AUTH_d03159edd2054d55b92eed380be062f1/gnocchi.8d8cca7c-1373-41af-bfe6-76319595a399/1759320000.0_mean_300.0_v3" 404 70 "GET http://172.18.0.2:8080/v1/AUTH_d03159edd2054d55b92eed380be062f1/gnocchi.8d8cca7c-1373-41af-bfe6-76319595a399/1759320000.0_mean_300.0_v3" "txbb97886636474bc993101-0068e5a1ce" "proxy-server 20" 0.0009 "-" 23 0
Oct 7 23:27:10 standalone proxy-server[132254]: 172.18.0.2 172.18.0.100 07/Oct/2025/23/27/10 GET /v1/AUTH_d03159edd2054d55b92eed380be062f1/gnocchi.8d8cca7c-1373-41af-bfe6-76319595a399/1759320000.0_mean_300.0_v3 HTTP/1.0 404 - python-swiftclient-3.11.1 gAAAAABo5aFHGHv7... - 70 - txbb97886636474bc993101-0068e5a1ce - 0.0090 - - 1759879630.816787481 1759879630.825832367 0
Oct 7 23:27:10 standalone container-server[130160]: 172.20.0.100 - - [07/Oct/2025:23:27:10 +0000] "PUT /d1/374/AUTH_d03159edd2054d55b92eed380be062f1/gnocchi.8d8cca7c-1373-41af-bfe6-76319595a399/1759320000.0_mean_300.0_v3" 201 - "PUT http://172.18.0.2:8080/d1/125/AUTH_d03159edd2054d55b92eed380be062f1/gnocchi.8d8cca7c-1373-41af-bfe6-76319595a399/1759320000.0_mean_300.0_v3" "txb7b41296b1a642d3a3434-0068e5a1ce" "object-server 23" 0.0009 "-" 20 0
Oct 7 23:27:10 standalone object-server[130325]: 172.20.0.100 - - [07/Oct/2025:23:27:10 +0000] "PUT /d1/125/AUTH_d03159edd2054d55b92eed380be062f1/gnocchi.8d8cca7c-1373-41af-bfe6-76319595a399/1759320000.0_mean_300.0_v3" 201 - "PUT http://172.18.0.2:8080/v1/AUTH_d03159edd2054d55b92eed380be062f1/gnocchi.8d8cca7c-1373-41af-bfe6-76319595a399/1759320000.0_mean_300.0_v3" "txb7b41296b1a642d3a3434-0068e5a1ce" "proxy-server 20" 0.0109 "-" 23 0
Oct 7 23:27:10 standalone proxy-server[132254]: 172.18.0.2 172.18.0.100 07/Oct/2025/23/27/10 PUT /v1/AUTH_d03159edd2054d55b92eed380be062f1/gnocchi.8d8cca7c-1373-41af-bfe6-76319595a399/1759320000.0_mean_300.0_v3 HTTP/1.0 201 - python-swiftclient-3.11.1 gAAAAABo5aFHGHv7... 16 - - txb7b41296b1a642d3a3434-0068e5a1ce - 0.0174 - - 1759879630.829395056 1759879630.846785545 0
Oct 7 23:27:10 standalone container-server[130183]: 172.20.0.100 - - [07/Oct/2025:23:27:10 +0000] "PUT /d1/374/AUTH_d03159edd2054d55b92eed380be062f1/gnocchi.8d8cca7c-1373-41af-bfe6-76319595a399/none_v3" 201 - "PUT http://172.18.0.2:8080/d1/514/AUTH_d03159edd2054d55b92eed380be062f1/gnocchi.8d8cca7c-1373-41af-bfe6-76319595a399/none_v3" "txd12fb35c60694b5cafd75-0068e5a1ce" "object-server 22" 0.0010 "-" 23 0
Oct 7 23:27:10 standalone object-server[130323]: 172.20.0.100 - - [07/Oct/2025:23:27:10 +0000] "PUT /d1/514/AUTH_d03159edd2054d55b92eed380be062f1/gnocchi.8d8cca7c-1373-41af-bfe6-76319595a399/none_v3" 201 - "PUT http://172.18.0.2:8080/v1/AUTH_d03159edd2054d55b92eed380be062f1/gnocchi.8d8cca7c-1373-41af-bfe6-76319595a399/none_v3" "txd12fb35c60694b5cafd75-0068e5a1ce" "proxy-server 20" 0.0140 "-" 22 0
Oct 7 23:27:10 standalone proxy-server[132254]: 172.18.0.2 172.18.0.100 07/Oct/2025/23/27/10 PUT /v1/AUTH_d03159edd2054d55b92eed380be062f1/gnocchi.8d8cca7c-1373-41af-bfe6-76319595a399/none_v3 HTTP/1.0 201 - python-swiftclient-3.11.1 gAAAAABo5aFHGHv7... 22 - - txd12fb35c60694b5cafd75-0068e5a1ce - 0.0215 - - 1759879630.850488901 1759879630.871993780 0
Oct 7 23:27:10 standalone container-server[130160]: 172.20.0.100 - - [07/Oct/2025:23:27:10 +0000] "HEAD /d1/190/AUTH_d03159edd2054d55b92eed380be062f1/gnocchi.fe839dad-bbb8-44f3-86cd-b3daa2ecbe35" 404 - "HEAD http://172.18.0.2:8080/v1/AUTH_d03159edd2054d55b92eed380be062f1/gnocchi.fe839dad-bbb8-44f3-86cd-b3daa2ecbe35?format=json&states=listing" "tx72a28199e0cc48978d3a1-0068e5a1ce" "proxy-server 20" 0.0003 "-" 20 0
Oct 7 23:27:10 standalone object-server[130329]: 172.20.0.100 - - [07/Oct/2025:23:27:10 +0000] "GET /d1/699/AUTH_d03159edd2054d55b92eed380be062f1/gnocchi.fe839dad-bbb8-44f3-86cd-b3daa2ecbe35/none_v3" 404 70 "GET http://172.18.0.2:8080/v1/AUTH_d03159edd2054d55b92eed380be062f1/gnocchi.fe839dad-bbb8-44f3-86cd-b3daa2ecbe35/none_v3" "tx72a28199e0cc48978d3a1-0068e5a1ce" "proxy-server 20" 0.0004 "-" 25 0
Oct 7 23:27:10 standalone proxy-server[132254]: 172.18.0.2 172.18.0.100 07/Oct/2025/23/27/10 GET /v1/AUTH_d03159edd2054d55b92eed380be062f1/gnocchi.fe839dad-bbb8-44f3-86cd-b3daa2ecbe35/none_v3 HTTP/1.0 404 - python-swiftclient-3.11.1 gAAAAABo5aFHGHv7... - 70 - tx72a28199e0cc48978d3a1-0068e5a1ce - 0.0144 - - 1759879630.889761209 1759879630.904188633 0
Oct 7 23:27:10 standalone account-server[130116]: 172.20.0.100 - - [07/Oct/2025:23:27:10 +0000] "PUT /d1/322/AUTH_d03159edd2054d55b92eed380be062f1/gnocchi.fe839dad-bbb8-44f3-86cd-b3daa2ecbe35" 201 - "PUT http://172.20.0.100:6001/d1/190/AUTH_d03159edd2054d55b92eed380be062f1/gnocchi.fe839dad-bbb8-44f3-86cd-b3daa2ecbe35" "txef3eea2983804194b42c9-0068e5a1ce" "container-server 22" 0.0061 "-" 15 0
Oct 7 23:27:10 standalone container-server[130176]: 172.20.0.100 - - [07/Oct/2025:23:27:10 +0000] "PUT /d1/190/AUTH_d03159edd2054d55b92eed380be062f1/gnocchi.fe839dad-bbb8-44f3-86cd-b3daa2ecbe35" 201 - "PUT http://172.18.0.2:8080/v1/AUTH_d03159edd2054d55b92eed380be062f1/gnocchi.fe839dad-bbb8-44f3-86cd-b3daa2ecbe35" "txef3eea2983804194b42c9-0068e5a1ce" "proxy-server 20" 0.0212 "-" 22 0
Oct 7 23:27:10 standalone proxy-server[132254]: 172.18.0.2 172.18.0.100 07/Oct/2025/23/27/10 PUT /v1/AUTH_d03159edd2054d55b92eed380be062f1/gnocchi.fe839dad-bbb8-44f3-86cd-b3daa2ecbe35 HTTP/1.0 201 - python-swiftclient-3.11.1 gAAAAABo5aFHGHv7... - - - txef3eea2983804194b42c9-0068e5a1ce - 0.0268 - - 1759879630.908276081 1759879630.935080290 0
Oct 7 23:27:10 standalone container-server[130160]: 172.20.0.100 - - [07/Oct/2025:23:27:10 +0000] "HEAD /d1/190/AUTH_d03159edd2054d55b92eed380be062f1/gnocchi.fe839dad-bbb8-44f3-86cd-b3daa2ecbe35" 204 - "HEAD http://172.18.0.2:8080/v1/AUTH_d03159edd2054d55b92eed380be062f1/gnocchi.fe839dad-bbb8-44f3-86cd-b3daa2ecbe35?format=json&states=listing" "txbaaaa7841ae64c678ee6a-0068e5a1ce" "proxy-server 20" 0.0010 "-" 20 0
Oct 7 23:27:10 standalone proxy-server[132254]: - - 07/Oct/2025/23/27/10 HEAD /v1/AUTH_d03159edd2054d55b92eed380be062f1/gnocchi.fe839dad-bbb8-44f3-86cd-b3daa2ecbe35%3Fformat%3Djson%26states%3Dlisting HTTP/1.0 204 - Swift - - - - txbaaaa7841ae64c678ee6a-0068e5a1ce - 0.0033 RL - 1759879630.939635992 1759879630.942930460 0
Oct 7 23:27:10 standalone container-server[130183]: 172.20.0.100 - - [07/Oct/2025:23:27:10 +0000] "GET /d1/190/AUTH_d03159edd2054d55b92eed380be062f1/gnocchi.fe839dad-bbb8-44f3-86cd-b3daa2ecbe35" 200 2 "GET http://172.18.0.2:8080/v1/AUTH_d03159edd2054d55b92eed380be062f1/gnocchi.fe839dad-bbb8-44f3-86cd-b3daa2ecbe35?format=json&states=listing" "txbaaaa7841ae64c678ee6a-0068e5a1ce" "proxy-server 20" 0.0035 "-" 23 0
Oct 7 23:27:10 standalone proxy-server[132254]: 172.18.0.2 172.18.0.100 07/Oct/2025/23/27/10 GET /v1/AUTH_d03159edd2054d55b92eed380be062f1/gnocchi.fe839dad-bbb8-44f3-86cd-b3daa2ecbe35%3Fformat%3Djson%26states%3Dlisting HTTP/1.0 200 - python-swiftclient-3.11.1 gAAAAABo5aFHGHv7... - 2 - txbaaaa7841ae64c678ee6a-0068e5a1ce - 0.0131 - - 1759879630.938781023 1759879630.951878071 0
Oct 7 23:27:10 standalone object-server[130327]: 172.20.0.100 - - [07/Oct/2025:23:27:10 +0000] "GET /d1/615/AUTH_d03159edd2054d55b92eed380be062f1/gnocchi.fe839dad-bbb8-44f3-86cd-b3daa2ecbe35/1759320000.0_mean_300.0_v3" 404 70 "GET http://172.18.0.2:8080/v1/AUTH_d03159edd2054d55b92eed380be062f1/gnocchi.fe839dad-bbb8-44f3-86cd-b3daa2ecbe35/1759320000.0_mean_300.0_v3" "txdff8379427f041ae8d204-0068e5a1ce" "proxy-server 20" 0.0005 "-" 24 0
Oct 7 23:27:10 standalone proxy-server[132254]: 172.18.0.2 172.18.0.100 07/Oct/2025/23/27/10 GET /v1/AUTH_d03159edd2054d55b92eed380be062f1/gnocchi.fe839dad-bbb8-44f3-86cd-b3daa2ecbe35/1759320000.0_mean_300.0_v3 HTTP/1.0 404 - python-swiftclient-3.11.1 gAAAAABo5aFHGHv7... - 70 - txdff8379427f041ae8d204-0068e5a1ce - 0.0056 - - 1759879630.956428051 1759879630.962004185 0
Oct 7 23:27:10 standalone container-server[130166]: 172.20.0.100 - - [07/Oct/2025:23:27:10 +0000] "PUT /d1/190/AUTH_d03159edd2054d55b92eed380be062f1/gnocchi.fe839dad-bbb8-44f3-86cd-b3daa2ecbe35/1759320000.0_mean_300.0_v3" 201 - "PUT http://172.18.0.2:8080/d1/615/AUTH_d03159edd2054d55b92eed380be062f1/gnocchi.fe839dad-bbb8-44f3-86cd-b3daa2ecbe35/1759320000.0_mean_300.0_v3" "tx568eca368e82464c89661-0068e5a1ce" "object-server 23" 0.0007 "-" 21 0
Oct 7 23:27:10 standalone object-server[130325]: 172.20.0.100 - - [07/Oct/2025:23:27:10 +0000] "PUT /d1/615/AUTH_d03159edd2054d55b92eed380be062f1/gnocchi.fe839dad-bbb8-44f3-86cd-b3daa2ecbe35/1759320000.0_mean_300.0_v3" 201 - "PUT http://172.18.0.2:8080/v1/AUTH_d03159edd2054d55b92eed380be062f1/gnocchi.fe839dad-bbb8-44f3-86cd-b3daa2ecbe35/1759320000.0_mean_300.0_v3" "tx568eca368e82464c89661-0068e5a1ce" "proxy-server 20" 0.0117 "-" 23 0
Oct 7 23:27:10 standalone proxy-server[132254]: 172.18.0.2 172.18.0.100 07/Oct/2025/23/27/10 PUT /v1/AUTH_d03159edd2054d55b92eed380be062f1/gnocchi.fe839dad-bbb8-44f3-86cd-b3daa2ecbe35/1759320000.0_mean_300.0_v3 HTTP/1.0 201 - python-swiftclient-3.11.1 gAAAAABo5aFHGHv7... 16 - - tx568eca368e82464c89661-0068e5a1ce - 0.0158 - - 1759879630.966319799 1759879630.982133389 0
Oct 7 23:27:10 standalone container-server[130176]: 172.20.0.100 - - [07/Oct/2025:23:27:10 +0000] "PUT /d1/190/AUTH_d03159edd2054d55b92eed380be062f1/gnocchi.fe839dad-bbb8-44f3-86cd-b3daa2ecbe35/none_v3" 201 - "PUT http://172.18.0.2:8080/d1/699/AUTH_d03159edd2054d55b92eed380be062f1/gnocchi.fe839dad-bbb8-44f3-86cd-b3daa2ecbe35/none_v3" "txfd0d20befcd645988337b-0068e5a1ce" "object-server 25" 0.0008 "-" 22 0
Oct 7 23:27:10 standalone object-server[130329]: 172.20.0.100 - - [07/Oct/2025:23:27:10 +0000] "PUT /d1/699/AUTH_d03159edd2054d55b92eed380be062f1/gnocchi.fe839dad-bbb8-44f3-86cd-b3daa2ecbe35/none_v3" 201 - "PUT http://172.18.0.2:8080/v1/AUTH_d03159edd2054d55b92eed380be062f1/gnocchi.fe839dad-bbb8-44f3-86cd-b3daa2ecbe35/none_v3" "txfd0d20befcd645988337b-0068e5a1ce" "proxy-server 20" 0.0098 "-" 25 0
Oct 7 23:27:11 standalone proxy-server[132254]: 172.18.0.2 172.18.0.100 07/Oct/2025/23/27/11 PUT /v1/AUTH_d03159edd2054d55b92eed380be062f1/gnocchi.fe839dad-bbb8-44f3-86cd-b3daa2ecbe35/none_v3 HTTP/1.0 201 - python-swiftclient-3.11.1 gAAAAABo5aFHGHv7... 22 - - txfd0d20befcd645988337b-0068e5a1ce - 0.0144 - - 1759879630.985882044 1759879631.000284910 0
Oct 7 23:27:17 standalone container-server[130176]: 172.20.0.100 - - [07/Oct/2025:23:27:17 +0000] "HEAD /d1/245/AUTH_d03159edd2054d55b92eed380be062f1/gnocchi.24d41bba-0134-4a95-8320-b7b783a286c5" 404 - "HEAD http://172.18.0.2:8080/v1/AUTH_d03159edd2054d55b92eed380be062f1/gnocchi.24d41bba-0134-4a95-8320-b7b783a286c5?format=json&states=listing" "tx6db8381af99b48d691249-0068e5a1d5" "proxy-server 20" 0.0006 "-" 22 0
Oct 7 23:27:17 standalone object-server[130323]: 172.20.0.100 - - [07/Oct/2025:23:27:17 +0000] "GET /d1/594/AUTH_d03159edd2054d55b92eed380be062f1/gnocchi.24d41bba-0134-4a95-8320-b7b783a286c5/none_v3" 404 70 "GET http://172.18.0.2:8080/v1/AUTH_d03159edd2054d55b92eed380be062f1/gnocchi.24d41bba-0134-4a95-8320-b7b783a286c5/none_v3" "tx6db8381af99b48d691249-0068e5a1d5" "proxy-server 20" 0.0010 "-" 22 0
Oct 7 23:27:17 standalone proxy-server[132254]: 172.18.0.2 172.18.0.100 07/Oct/2025/23/27/17 GET /v1/AUTH_d03159edd2054d55b92eed380be062f1/gnocchi.24d41bba-0134-4a95-8320-b7b783a286c5/none_v3 HTTP/1.0 404 - python-swiftclient-3.11.1 gAAAAABo5aFHGHv7... - 70 - tx6db8381af99b48d691249-0068e5a1d5 - 0.0185 - - 1759879637.608747721 1759879637.627285242 0
Oct 7 23:27:17 standalone account-server[130117]: 172.20.0.100 - - [07/Oct/2025:23:27:17 +0000] "PUT /d1/322/AUTH_d03159edd2054d55b92eed380be062f1/gnocchi.24d41bba-0134-4a95-8320-b7b783a286c5" 201 - "PUT http://172.20.0.100:6001/d1/245/AUTH_d03159edd2054d55b92eed380be062f1/gnocchi.24d41bba-0134-4a95-8320-b7b783a286c5" "tx5ace8fe5d27b4ce6997fc-0068e5a1d5" "container-server 21" 0.0046 "-" 16 0
Oct 7 23:27:17 standalone container-server[130166]: 172.20.0.100 - - [07/Oct/2025:23:27:17 +0000] "PUT /d1/245/AUTH_d03159edd2054d55b92eed380be062f1/gnocchi.24d41bba-0134-4a95-8320-b7b783a286c5" 201 - "PUT http://172.18.0.2:8080/v1/AUTH_d03159edd2054d55b92eed380be062f1/gnocchi.24d41bba-0134-4a95-8320-b7b783a286c5" "tx5ace8fe5d27b4ce6997fc-0068e5a1d5" "proxy-server 20" 0.0211 "-" 21 0
Oct 7 23:27:17 standalone proxy-server[132254]: 172.18.0.2 172.18.0.100 07/Oct/2025/23/27/17 PUT /v1/AUTH_d03159edd2054d55b92eed380be062f1/gnocchi.24d41bba-0134-4a95-8320-b7b783a286c5 HTTP/1.0 201 - python-swiftclient-3.11.1 gAAAAABo5aFHGHv7... - - - tx5ace8fe5d27b4ce6997fc-0068e5a1d5 - 0.0389 - - 1759879637.631971359 1759879637.670904875 0
Oct 7 23:27:17 standalone container-server[130166]: 172.20.0.100 - - [07/Oct/2025:23:27:17 +0000] "HEAD /d1/245/AUTH_d03159edd2054d55b92eed380be062f1/gnocchi.24d41bba-0134-4a95-8320-b7b783a286c5" 204 - "HEAD http://172.18.0.2:8080/v1/AUTH_d03159edd2054d55b92eed380be062f1/gnocchi.24d41bba-0134-4a95-8320-b7b783a286c5?format=json&states=listing" "tx77be17d95a914be9beea0-0068e5a1d5" "proxy-server 20" 0.0013 "-" 21 0
Oct 7 23:27:17 standalone proxy-server[132254]: - - 07/Oct/2025/23/27/17 HEAD /v1/AUTH_d03159edd2054d55b92eed380be062f1/gnocchi.24d41bba-0134-4a95-8320-b7b783a286c5%3Fformat%3Djson%26states%3Dlisting HTTP/1.0 204 - Swift - - - - tx77be17d95a914be9beea0-0068e5a1d5 - 0.0046 RL - 1759879637.680261135 1759879637.684880018 0
Oct 7 23:27:17 standalone container-server[130176]: 172.20.0.100 - - [07/Oct/2025:23:27:17 +0000] "GET /d1/245/AUTH_d03159edd2054d55b92eed380be062f1/gnocchi.24d41bba-0134-4a95-8320-b7b783a286c5" 200 2 "GET http://172.18.0.2:8080/v1/AUTH_d03159edd2054d55b92eed380be062f1/gnocchi.24d41bba-0134-4a95-8320-b7b783a286c5?format=json&states=listing" "tx77be17d95a914be9beea0-0068e5a1d5" "proxy-server 20" 0.0025 "-" 22 0
Oct 7 23:27:17 standalone proxy-server[132254]: 172.18.0.2 172.18.0.100 07/Oct/2025/23/27/17 GET /v1/AUTH_d03159edd2054d55b92eed380be062f1/gnocchi.24d41bba-0134-4a95-8320-b7b783a286c5%3Fformat%3Djson%26states%3Dlisting HTTP/1.0 200 - python-swiftclient-3.11.1 gAAAAABo5aFHGHv7... - 2 - tx77be17d95a914be9beea0-0068e5a1d5 - 0.0290 - - 1759879637.677675247 1759879637.706668615 0
Oct 7 23:27:17 standalone object-server[130323]: 172.20.0.100 - - [07/Oct/2025:23:27:17 +0000] "GET /d1/926/AUTH_d03159edd2054d55b92eed380be062f1/gnocchi.24d41bba-0134-4a95-8320-b7b783a286c5/1759320000.0_mean_300.0_v3" 404 70 "GET http://172.18.0.2:8080/v1/AUTH_d03159edd2054d55b92eed380be062f1/gnocchi.24d41bba-0134-4a95-8320-b7b783a286c5/1759320000.0_mean_300.0_v3" "txa48107aca73642c0a5eab-0068e5a1d5" "proxy-server 20" 0.0005 "-" 22 0
Oct 7 23:27:17 standalone proxy-server[132254]: 172.18.0.2 172.18.0.100 07/Oct/2025/23/27/17 GET /v1/AUTH_d03159edd2054d55b92eed380be062f1/gnocchi.24d41bba-0134-4a95-8320-b7b783a286c5/1759320000.0_mean_300.0_v3 HTTP/1.0 404 - python-swiftclient-3.11.1 gAAAAABo5aFHGHv7... - 70 - txa48107aca73642c0a5eab-0068e5a1d5 - 0.0112 - - 1759879637.710855246 1759879637.722033978 0
Oct 7 23:27:17 standalone container-server[130166]: 172.20.0.100 - - [07/Oct/2025:23:27:17 +0000] "PUT /d1/245/AUTH_d03159edd2054d55b92eed380be062f1/gnocchi.24d41bba-0134-4a95-8320-b7b783a286c5/1759320000.0_mean_300.0_v3" 201 - "PUT http://172.18.0.2:8080/d1/926/AUTH_d03159edd2054d55b92eed380be062f1/gnocchi.24d41bba-0134-4a95-8320-b7b783a286c5/1759320000.0_mean_300.0_v3" "tx9c8c3c3b58184c0dbc1af-0068e5a1d5" "object-server 24" 0.0007 "-" 21 0
Oct 7 23:27:17 standalone object-server[130327]: 172.20.0.100 - - [07/Oct/2025:23:27:17 +0000] "PUT /d1/926/AUTH_d03159edd2054d55b92eed380be062f1/gnocchi.24d41bba-0134-4a95-8320-b7b783a286c5/1759320000.0_mean_300.0_v3" 201 - "PUT http://172.18.0.2:8080/v1/AUTH_d03159edd2054d55b92eed380be062f1/gnocchi.24d41bba-0134-4a95-8320-b7b783a286c5/1759320000.0_mean_300.0_v3" "tx9c8c3c3b58184c0dbc1af-0068e5a1d5" "proxy-server 20" 0.0139 "-" 24 0
Oct 7 23:27:17 standalone proxy-server[132254]: 172.18.0.2 172.18.0.100 07/Oct/2025/23/27/17 PUT /v1/AUTH_d03159edd2054d55b92eed380be062f1/gnocchi.24d41bba-0134-4a95-8320-b7b783a286c5/1759320000.0_mean_300.0_v3 HTTP/1.0 201 - python-swiftclient-3.11.1 gAAAAABo5aFHGHv7... 16 - - tx9c8c3c3b58184c0dbc1af-0068e5a1d5 - 0.0214 - - 1759879637.725984335 1759879637.747379541 0
Oct 7 23:27:17 standalone container-server[130160]: 172.20.0.100 - - [07/Oct/2025:23:27:17 +0000] "PUT /d1/245/AUTH_d03159edd2054d55b92eed380be062f1/gnocchi.24d41bba-0134-4a95-8320-b7b783a286c5/none_v3" 201 - "PUT http://172.18.0.2:8080/d1/594/AUTH_d03159edd2054d55b92eed380be062f1/gnocchi.24d41bba-0134-4a95-8320-b7b783a286c5/none_v3" "tx050ac0b1ff0d4f6b8ea83-0068e5a1d5" "object-server 24" 0.0005 "-" 20 0
Oct 7 23:27:17 standalone object-server[130327]: 172.20.0.100 - - [07/Oct/2025:23:27:17 +0000] "PUT /d1/594/AUTH_d03159edd2054d55b92eed380be062f1/gnocchi.24d41bba-0134-4a95-8320-b7b783a286c5/none_v3" 201 - "PUT http://172.18.0.2:8080/v1/AUTH_d03159edd2054d55b92eed380be062f1/gnocchi.24d41bba-0134-4a95-8320-b7b783a286c5/none_v3" "tx050ac0b1ff0d4f6b8ea83-0068e5a1d5" "proxy-server 20" 0.0101 "-" 24 0
Oct 7 23:27:17 standalone proxy-server[132254]: 172.18.0.2 172.18.0.100 07/Oct/2025/23/27/17 PUT /v1/AUTH_d03159edd2054d55b92eed380be062f1/gnocchi.24d41bba-0134-4a95-8320-b7b783a286c5/none_v3 HTTP/1.0 201 - python-swiftclient-3.11.1 gAAAAABo5aFHGHv7... 22 - - tx050ac0b1ff0d4f6b8ea83-0068e5a1d5 - 0.0143 - - 1759879637.751014948 1759879637.765341043 0
Oct 7 23:27:23 standalone object-server[130325]: 172.20.0.100 - - [07/Oct/2025:23:27:23 +0000] "GET /d1/594/AUTH_d03159edd2054d55b92eed380be062f1/gnocchi.24d41bba-0134-4a95-8320-b7b783a286c5/none_v3" 200 22 "GET http://172.18.0.2:8080/v1/AUTH_d03159edd2054d55b92eed380be062f1/gnocchi.24d41bba-0134-4a95-8320-b7b783a286c5/none_v3" "tx1916938a79994d9cbfd86-0068e5a1db" "proxy-server 20" 0.0015 "-" 23 0
Oct 7 23:27:23 standalone proxy-server[132254]: 172.18.0.2 172.18.0.100 07/Oct/2025/23/27/23 GET /v1/AUTH_d03159edd2054d55b92eed380be062f1/gnocchi.24d41bba-0134-4a95-8320-b7b783a286c5/none_v3 HTTP/1.0 200 - python-swiftclient-3.11.1 gAAAAABo5aFHGHv7... - 22 - tx1916938a79994d9cbfd86-0068e5a1db - 0.0111 - - 1759879643.720512867 1759879643.731580496 0
Oct 7 23:27:23 standalone container-server[130183]: 172.20.0.100 - - [07/Oct/2025:23:27:23 +0000] "GET /d1/245/AUTH_d03159edd2054d55b92eed380be062f1/gnocchi.24d41bba-0134-4a95-8320-b7b783a286c5" 200 357 "GET http://172.18.0.2:8080/v1/AUTH_d03159edd2054d55b92eed380be062f1/gnocchi.24d41bba-0134-4a95-8320-b7b783a286c5?format=json&states=listing" "tx21923a55dc8e4b78837a8-0068e5a1db" "proxy-server 20" 0.0123 "-" 23 0
Oct 7 23:27:23 standalone proxy-server[132254]: 172.18.0.2 172.18.0.100 07/Oct/2025/23/27/23 GET /v1/AUTH_d03159edd2054d55b92eed380be062f1/gnocchi.24d41bba-0134-4a95-8320-b7b783a286c5%3Fformat%3Djson%26states%3Dlisting HTTP/1.0 200 - python-swiftclient-3.11.1 gAAAAABo5aFHGHv7... - 357 - tx21923a55dc8e4b78837a8-0068e5a1db - 0.0223 - - 1759879643.736453772 1759879643.758798122 0
Oct 7 23:27:23 standalone container-server[130160]: 172.20.0.100 - - [07/Oct/2025:23:27:23 +0000] "GET /d1/245/AUTH_d03159edd2054d55b92eed380be062f1/gnocchi.24d41bba-0134-4a95-8320-b7b783a286c5" 200 2 "GET http://172.18.0.2:8080/v1/AUTH_d03159edd2054d55b92eed380be062f1/gnocchi.24d41bba-0134-4a95-8320-b7b783a286c5?format=json&marker=none_v3&states=listing" "tx7fd8acc0f8574386a46a5-0068e5a1db" "proxy-server 20" 0.0039 "-" 20 0
Oct 7 23:27:23 standalone proxy-server[132254]: 172.18.0.2 172.18.0.100 07/Oct/2025/23/27/23 GET /v1/AUTH_d03159edd2054d55b92eed380be062f1/gnocchi.24d41bba-0134-4a95-8320-b7b783a286c5%3Fformat%3Djson%26marker%3Dnone_v3%26states%3Dlisting HTTP/1.0 200 - python-swiftclient-3.11.1 gAAAAABo5aFHGHv7... - 2 - tx7fd8acc0f8574386a46a5-0068e5a1db - 0.0122 - - 1759879643.762610197 1759879643.774818420 0
Oct 7 23:27:23 standalone object-server[130325]: 172.20.0.100 - - [07/Oct/2025:23:27:23 +0000] "GET /d1/926/AUTH_d03159edd2054d55b92eed380be062f1/gnocchi.24d41bba-0134-4a95-8320-b7b783a286c5/1759320000.0_mean_300.0_v3" 200 16 "GET http://172.18.0.2:8080/v1/AUTH_d03159edd2054d55b92eed380be062f1/gnocchi.24d41bba-0134-4a95-8320-b7b783a286c5/1759320000.0_mean_300.0_v3" "tx2a28c7c8b3e84252a0dd6-0068e5a1db" "proxy-server 20" 0.0010 "-" 23 0
Oct 7 23:27:23 standalone proxy-server[132254]: 172.18.0.2 172.18.0.100 07/Oct/2025/23/27/23 GET /v1/AUTH_d03159edd2054d55b92eed380be062f1/gnocchi.24d41bba-0134-4a95-8320-b7b783a286c5/1759320000.0_mean_300.0_v3 HTTP/1.0 200 - python-swiftclient-3.11.1 gAAAAABo5aFHGHv7... - 16 - tx2a28c7c8b3e84252a0dd6-0068e5a1db - 0.0088 - - 1759879643.779113770 1759879643.787901640 0
Oct 7 23:27:23 standalone container-server[130183]: 172.20.0.100 - - [07/Oct/2025:23:27:23 +0000] "PUT /d1/245/AUTH_d03159edd2054d55b92eed380be062f1/gnocchi.24d41bba-0134-4a95-8320-b7b783a286c5/1759320000.0_mean_300.0_v3" 201 - "PUT http://172.18.0.2:8080/d1/926/AUTH_d03159edd2054d55b92eed380be062f1/gnocchi.24d41bba-0134-4a95-8320-b7b783a286c5/1759320000.0_mean_300.0_v3" "tx62adc7c1ff7444f5aff3f-0068e5a1db" "object-server 24" 0.0009 "-" 23 0
Oct 7 23:27:23 standalone object-server[130327]: 172.20.0.100 - - [07/Oct/2025:23:27:23 +0000] "PUT /d1/926/AUTH_d03159edd2054d55b92eed380be062f1/gnocchi.24d41bba-0134-4a95-8320-b7b783a286c5/1759320000.0_mean_300.0_v3" 201 - "PUT http://172.18.0.2:8080/v1/AUTH_d03159edd2054d55b92eed380be062f1/gnocchi.24d41bba-0134-4a95-8320-b7b783a286c5/1759320000.0_mean_300.0_v3" "tx62adc7c1ff7444f5aff3f-0068e5a1db" "proxy-server 20" 0.0110 "-" 24 0
Oct 7 23:27:23 standalone proxy-server[132254]: 172.18.0.2 172.18.0.100 07/Oct/2025/23/27/23 PUT /v1/AUTH_d03159edd2054d55b92eed380be062f1/gnocchi.24d41bba-0134-4a95-8320-b7b783a286c5/1759320000.0_mean_300.0_v3 HTTP/1.0 201 - python-swiftclient-3.11.1 gAAAAABo5aFHGHv7... 16 - - tx62adc7c1ff7444f5aff3f-0068e5a1db - 0.0183 - - 1759879643.791852951 1759879643.810180187 0
Oct 7 23:27:23 standalone container-server[130166]: 172.20.0.100 - - [07/Oct/2025:23:27:23 +0000] "PUT /d1/245/AUTH_d03159edd2054d55b92eed380be062f1/gnocchi.24d41bba-0134-4a95-8320-b7b783a286c5/none_v3" 201 - "PUT http://172.18.0.2:8080/d1/594/AUTH_d03159edd2054d55b92eed380be062f1/gnocchi.24d41bba-0134-4a95-8320-b7b783a286c5/none_v3" "tx29ca82b1d65343d98bde9-0068e5a1db" "object-server 22" 0.0009 "-" 21 0
Oct 7 23:27:23 standalone object-server[130323]: 172.20.0.100 - - [07/Oct/2025:23:27:23 +0000] "PUT /d1/594/AUTH_d03159edd2054d55b92eed380be062f1/gnocchi.24d41bba-0134-4a95-8320-b7b783a286c5/none_v3" 201 - "PUT http://172.18.0.2:8080/v1/AUTH_d03159edd2054d55b92eed380be062f1/gnocchi.24d41bba-0134-4a95-8320-b7b783a286c5/none_v3" "tx29ca82b1d65343d98bde9-0068e5a1db" "proxy-server 20" 0.0134 "-" 22 0
Oct 7 23:27:23 standalone proxy-server[132254]: 172.18.0.2 172.18.0.100 07/Oct/2025/23/27/23 PUT /v1/AUTH_d03159edd2054d55b92eed380be062f1/gnocchi.24d41bba-0134-4a95-8320-b7b783a286c5/none_v3 HTTP/1.0 201 - python-swiftclient-3.11.1 gAAAAABo5aFHGHv7... 32 - - tx29ca82b1d65343d98bde9-0068e5a1db - 0.0223 - - 1759879643.813326836 1759879643.835655451 0
Oct 7 23:27:33 standalone account-server[130119]: 172.20.0.100 - - [07/Oct/2025:23:27:33 +0000] "HEAD /d1/134/.expiring_objects" 404 - "HEAD http://localhost/v1/.expiring_objects?format=json" "tx604d37dd6df741d5a595b-0068e5a1e5" "proxy-server 2" 0.0007 "-" 17 -
Oct 7 23:27:33 standalone object-expirer[130155]: Pass completed in 0s; 0 objects expired (txn: tx604d37dd6df741d5a595b-0068e5a1e5)
Oct 7 23:27:36 standalone container-server[130166]: 172.20.0.100 - - [07/Oct/2025:23:27:36 +0000] "HEAD /d1/24/AUTH_d03159edd2054d55b92eed380be062f1/gnocchi.414e61a0-3994-4e18-8949-344e3b53f64e" 404 - "HEAD http://172.18.0.2:8080/v1/AUTH_d03159edd2054d55b92eed380be062f1/gnocchi.414e61a0-3994-4e18-8949-344e3b53f64e?format=json&states=listing" "tx605771559ef74fee8dc03-0068e5a1e8" "proxy-server 20" 0.0007 "-" 21 0
Oct 7 23:27:36 standalone object-server[130325]: 172.20.0.100 - - [07/Oct/2025:23:27:36 +0000] "GET /d1/220/AUTH_d03159edd2054d55b92eed380be062f1/gnocchi.414e61a0-3994-4e18-8949-344e3b53f64e/none_v3" 404 70 "GET http://172.18.0.2:8080/v1/AUTH_d03159edd2054d55b92eed380be062f1/gnocchi.414e61a0-3994-4e18-8949-344e3b53f64e/none_v3" "tx605771559ef74fee8dc03-0068e5a1e8" "proxy-server 20" 0.0005 "-" 23 0
Oct 7 23:27:36 standalone proxy-server[132254]: 172.18.0.2 172.18.0.100 07/Oct/2025/23/27/36 GET /v1/AUTH_d03159edd2054d55b92eed380be062f1/gnocchi.414e61a0-3994-4e18-8949-344e3b53f64e/none_v3 HTTP/1.0 404 - python-swiftclient-3.11.1 gAAAAABo5aFHGHv7... - 70 - tx605771559ef74fee8dc03-0068e5a1e8 - 0.0123 - - 1759879656.040706635 1759879656.053010464 0
Oct 7 23:27:36 standalone account-server[130119]: 172.20.0.100 - - [07/Oct/2025:23:27:36 +0000] "PUT /d1/322/AUTH_d03159edd2054d55b92eed380be062f1/gnocchi.414e61a0-3994-4e18-8949-344e3b53f64e" 201 - "PUT http://172.20.0.100:6001/d1/24/AUTH_d03159edd2054d55b92eed380be062f1/gnocchi.414e61a0-3994-4e18-8949-344e3b53f64e" "tx642bf134b2a543d3aadb1-0068e5a1e8" "container-server 23" 0.0061 "-" 17 0
Oct 7 23:27:36 standalone container-server[130183]: 172.20.0.100 - - [07/Oct/2025:23:27:36 +0000] "PUT /d1/24/AUTH_d03159edd2054d55b92eed380be062f1/gnocchi.414e61a0-3994-4e18-8949-344e3b53f64e" 201 - "PUT http://172.18.0.2:8080/v1/AUTH_d03159edd2054d55b92eed380be062f1/gnocchi.414e61a0-3994-4e18-8949-344e3b53f64e" "tx642bf134b2a543d3aadb1-0068e5a1e8" "proxy-server 20" 0.0228 "-" 23 0
Oct 7 23:27:36 standalone proxy-server[132254]: 172.18.0.2 172.18.0.100 07/Oct/2025/23/27/36 PUT /v1/AUTH_d03159edd2054d55b92eed380be062f1/gnocchi.414e61a0-3994-4e18-8949-344e3b53f64e HTTP/1.0 201 - python-swiftclient-3.11.1 gAAAAABo5aFHGHv7... - - - tx642bf134b2a543d3aadb1-0068e5a1e8 - 0.0301 - - 1759879656.055295944 1759879656.085368872 0
Oct 7 23:27:36 standalone container-server[130176]: 172.20.0.100 - - [07/Oct/2025:23:27:36 +0000] "HEAD /d1/24/AUTH_d03159edd2054d55b92eed380be062f1/gnocchi.414e61a0-3994-4e18-8949-344e3b53f64e" 204 - "HEAD http://172.18.0.2:8080/v1/AUTH_d03159edd2054d55b92eed380be062f1/gnocchi.414e61a0-3994-4e18-8949-344e3b53f64e?format=json&states=listing" "txfe44f7587ce84fa2a9b37-0068e5a1e8" "proxy-server 20" 0.0012 "-" 22 0
Oct 7 23:27:36 standalone proxy-server[132254]: - - 07/Oct/2025/23/27/36 HEAD /v1/AUTH_d03159edd2054d55b92eed380be062f1/gnocchi.414e61a0-3994-4e18-8949-344e3b53f64e%3Fformat%3Djson%26states%3Dlisting HTTP/1.0 204 - Swift - - - - txfe44f7587ce84fa2a9b37-0068e5a1e8 - 0.0040 RL - 1759879656.088751316 1759879656.092735052 0
Oct 7 23:27:36 standalone container-server[130160]: 172.20.0.100 - - [07/Oct/2025:23:27:36 +0000] "GET /d1/24/AUTH_d03159edd2054d55b92eed380be062f1/gnocchi.414e61a0-3994-4e18-8949-344e3b53f64e" 200 2 "GET http://172.18.0.2:8080/v1/AUTH_d03159edd2054d55b92eed380be062f1/gnocchi.414e61a0-3994-4e18-8949-344e3b53f64e?format=json&states=listing" "txfe44f7587ce84fa2a9b37-0068e5a1e8" "proxy-server 20" 0.0046 "-" 20 0
Oct 7 23:27:36 standalone proxy-server[132254]: 172.18.0.2 172.18.0.100 07/Oct/2025/23/27/36 GET /v1/AUTH_d03159edd2054d55b92eed380be062f1/gnocchi.414e61a0-3994-4e18-8949-344e3b53f64e%3Fformat%3Djson%26states%3Dlisting HTTP/1.0 200 - python-swiftclient-3.11.1 gAAAAABo5aFHGHv7... - 2 - txfe44f7587ce84fa2a9b37-0068e5a1e8 - 0.0156 - - 1759879656.087837934 1759879656.103449345 0
Oct 7 23:27:36 standalone object-server[130327]: 172.20.0.100 - - [07/Oct/2025:23:27:36 +0000] "GET /d1/338/AUTH_d03159edd2054d55b92eed380be062f1/gnocchi.414e61a0-3994-4e18-8949-344e3b53f64e/1759320000.0_mean_300.0_v3" 404 70 "GET http://172.18.0.2:8080/v1/AUTH_d03159edd2054d55b92eed380be062f1/gnocchi.414e61a0-3994-4e18-8949-344e3b53f64e/1759320000.0_mean_300.0_v3" "tx80703b8a76a54285b2af7-0068e5a1e8" "proxy-server 20" 0.0005 "-" 24 0
Oct 7 23:27:36 standalone proxy-server[132254]: 172.18.0.2 172.18.0.100 07/Oct/2025/23/27/36 GET /v1/AUTH_d03159edd2054d55b92eed380be062f1/gnocchi.414e61a0-3994-4e18-8949-344e3b53f64e/1759320000.0_mean_300.0_v3 HTTP/1.0 404 - python-swiftclient-3.11.1 gAAAAABo5aFHGHv7... - 70 - tx80703b8a76a54285b2af7-0068e5a1e8 - 0.0054 - - 1759879656.106028557 1759879656.111392021 0
Oct 7 23:27:36 standalone container-server[130160]: 172.20.0.100 - - [07/Oct/2025:23:27:36 +0000] "PUT /d1/24/AUTH_d03159edd2054d55b92eed380be062f1/gnocchi.414e61a0-3994-4e18-8949-344e3b53f64e/1759320000.0_mean_300.0_v3" 201 - "PUT http://172.18.0.2:8080/d1/338/AUTH_d03159edd2054d55b92eed380be062f1/gnocchi.414e61a0-3994-4e18-8949-344e3b53f64e/1759320000.0_mean_300.0_v3" "tx37890be9b7414331ae6ff-0068e5a1e8" "object-server 25" 0.0009 "-" 20 0
Oct 7 23:27:36 standalone object-server[130329]: 172.20.0.100 - - [07/Oct/2025:23:27:36 +0000] "PUT /d1/338/AUTH_d03159edd2054d55b92eed380be062f1/gnocchi.414e61a0-3994-4e18-8949-344e3b53f64e/1759320000.0_mean_300.0_v3" 201 - "PUT http://172.18.0.2:8080/v1/AUTH_d03159edd2054d55b92eed380be062f1/gnocchi.414e61a0-3994-4e18-8949-344e3b53f64e/1759320000.0_mean_300.0_v3" "tx37890be9b7414331ae6ff-0068e5a1e8" "proxy-server 20" 0.0204 "-" 25 0
Oct 7 23:27:36 standalone proxy-server[132254]: 172.18.0.2 172.18.0.100 07/Oct/2025/23/27/36 PUT /v1/AUTH_d03159edd2054d55b92eed380be062f1/gnocchi.414e61a0-3994-4e18-8949-344e3b53f64e/1759320000.0_mean_300.0_v3 HTTP/1.0 201 - python-swiftclient-3.11.1 gAAAAABo5aFHGHv7... 16 - - tx37890be9b7414331ae6ff-0068e5a1e8 - 0.0259 - - 1759879656.113177538 1759879656.139108896 0
Oct 7 23:27:36 standalone container-server[130183]: 172.20.0.100 - - [07/Oct/2025:23:27:36 +0000] "PUT /d1/24/AUTH_d03159edd2054d55b92eed380be062f1/gnocchi.414e61a0-3994-4e18-8949-344e3b53f64e/none_v3" 201 - "PUT http://172.18.0.2:8080/d1/220/AUTH_d03159edd2054d55b92eed380be062f1/gnocchi.414e61a0-3994-4e18-8949-344e3b53f64e/none_v3" "tx8b73bcbfbd9247e49071b-0068e5a1e8" "object-server 23" 0.0010 "-" 23 0
Oct 7 23:27:36 standalone object-server[130325]: 172.20.0.100 - - [07/Oct/2025:23:27:36 +0000] "PUT /d1/220/AUTH_d03159edd2054d55b92eed380be062f1/gnocchi.414e61a0-3994-4e18-8949-344e3b53f64e/none_v3" 201 - "PUT http://172.18.0.2:8080/v1/AUTH_d03159edd2054d55b92eed380be062f1/gnocchi.414e61a0-3994-4e18-8949-344e3b53f64e/none_v3" "tx8b73bcbfbd9247e49071b-0068e5a1e8" "proxy-server 20" 0.0132 "-" 23 0
Oct 7 23:27:36 standalone proxy-server[132254]: 172.18.0.2 172.18.0.100 07/Oct/2025/23/27/36 PUT /v1/AUTH_d03159edd2054d55b92eed380be062f1/gnocchi.414e61a0-3994-4e18-8949-344e3b53f64e/none_v3 HTTP/1.0 201 - python-swiftclient-3.11.1 gAAAAABo5aFHGHv7... 22 - - tx8b73bcbfbd9247e49071b-0068e5a1e8 - 0.0191 - - 1759879656.141862869 1759879656.160932541 0
Oct 7 23:27:36 standalone container-server[130183]: 172.20.0.100 - - [07/Oct/2025:23:27:36 +0000] "HEAD /d1/120/AUTH_d03159edd2054d55b92eed380be062f1/gnocchi.c8df2662-7a49-4d98-9d14-753fd6bed7fa" 404 - "HEAD http://172.18.0.2:8080/v1/AUTH_d03159edd2054d55b92eed380be062f1/gnocchi.c8df2662-7a49-4d98-9d14-753fd6bed7fa?format=json&states=listing" "txd38b92ca4f1d4aaaa28e5-0068e5a1e8" "proxy-server 20" 0.0005 "-" 23 0
Oct 7 23:27:36 standalone object-server[130325]: 172.20.0.100 - - [07/Oct/2025:23:27:36 +0000] "GET /d1/573/AUTH_d03159edd2054d55b92eed380be062f1/gnocchi.c8df2662-7a49-4d98-9d14-753fd6bed7fa/none_v3" 404 70 "GET http://172.18.0.2:8080/v1/AUTH_d03159edd2054d55b92eed380be062f1/gnocchi.c8df2662-7a49-4d98-9d14-753fd6bed7fa/none_v3" "txd38b92ca4f1d4aaaa28e5-0068e5a1e8" "proxy-server 20" 0.0003 "-" 23 0
Oct 7 23:27:36 standalone proxy-server[132254]: 172.18.0.2 172.18.0.100 07/Oct/2025/23/27/36 GET /v1/AUTH_d03159edd2054d55b92eed380be062f1/gnocchi.c8df2662-7a49-4d98-9d14-753fd6bed7fa/none_v3 HTTP/1.0 404 - python-swiftclient-3.11.1 gAAAAABo5aFHGHv7... - 70 - txd38b92ca4f1d4aaaa28e5-0068e5a1e8 - 0.0099 - - 1759879656.168771267 1759879656.178666592 0
Oct 7 23:27:36 standalone account-server[130117]: 172.20.0.100 - - [07/Oct/2025:23:27:36 +0000] "PUT /d1/322/AUTH_d03159edd2054d55b92eed380be062f1/gnocchi.c8df2662-7a49-4d98-9d14-753fd6bed7fa" 201 - "PUT http://172.20.0.100:6001/d1/120/AUTH_d03159edd2054d55b92eed380be062f1/gnocchi.c8df2662-7a49-4d98-9d14-753fd6bed7fa" "tx932b4b4b147141c49eff2-0068e5a1e8" "container-server 22" 0.0050 "-" 16 0
Oct 7 23:27:36 standalone container-server[130176]: 172.20.0.100 - - [07/Oct/2025:23:27:36 +0000] "PUT /d1/120/AUTH_d03159edd2054d55b92eed380be062f1/gnocchi.c8df2662-7a49-4d98-9d14-753fd6bed7fa" 201 - "PUT http://172.18.0.2:8080/v1/AUTH_d03159edd2054d55b92eed380be062f1/gnocchi.c8df2662-7a49-4d98-9d14-753fd6bed7fa" "tx932b4b4b147141c49eff2-0068e5a1e8" "proxy-server 20" 0.0140 "-" 22 0
Oct 7 23:27:36 standalone proxy-server[132254]: 172.18.0.2 172.18.0.100 07/Oct/2025/23/27/36 PUT /v1/AUTH_d03159edd2054d55b92eed380be062f1/gnocchi.c8df2662-7a49-4d98-9d14-753fd6bed7fa HTTP/1.0 201 - python-swiftclient-3.11.1 gAAAAABo5aFHGHv7... - - - tx932b4b4b147141c49eff2-0068e5a1e8 - 0.0183 - - 1759879656.180566072 1759879656.198819399 0
Oct 7 23:27:36 standalone container-server[130183]: 172.20.0.100 - - [07/Oct/2025:23:27:36 +0000] "HEAD /d1/120/AUTH_d03159edd2054d55b92eed380be062f1/gnocchi.c8df2662-7a49-4d98-9d14-753fd6bed7fa" 204 - "HEAD http://172.18.0.2:8080/v1/AUTH_d03159edd2054d55b92eed380be062f1/gnocchi.c8df2662-7a49-4d98-9d14-753fd6bed7fa?format=json&states=listing" "txb07df378508346fa82e6b-0068e5a1e8" "proxy-server 20" 0.0015 "-" 23 0
Oct 7 23:27:36 standalone proxy-server[132254]: - - 07/Oct/2025/23/27/36 HEAD /v1/AUTH_d03159edd2054d55b92eed380be062f1/gnocchi.c8df2662-7a49-4d98-9d14-753fd6bed7fa%3Fformat%3Djson%26states%3Dlisting HTTP/1.0 204 - Swift - - - - txb07df378508346fa82e6b-0068e5a1e8 - 0.0043 RL - 1759879656.201868057 1759879656.206130505 0
Oct 7 23:27:36 standalone container-server[130183]: 172.20.0.100 - - [07/Oct/2025:23:27:36 +0000] "GET /d1/120/AUTH_d03159edd2054d55b92eed380be062f1/gnocchi.c8df2662-7a49-4d98-9d14-753fd6bed7fa" 200 2 "GET http://172.18.0.2:8080/v1/AUTH_d03159edd2054d55b92eed380be062f1/gnocchi.c8df2662-7a49-4d98-9d14-753fd6bed7fa?format=json&states=listing" "txb07df378508346fa82e6b-0068e5a1e8" "proxy-server 20" 0.0019 "-" 23 0
Oct 7 23:27:36 standalone proxy-server[132254]: 172.18.0.2 172.18.0.100 07/Oct/2025/23/27/36 GET /v1/AUTH_d03159edd2054d55b92eed380be062f1/gnocchi.c8df2662-7a49-4d98-9d14-753fd6bed7fa%3Fformat%3Djson%26states%3Dlisting HTTP/1.0 200 - python-swiftclient-3.11.1 gAAAAABo5aFHGHv7... - 2 - txb07df378508346fa82e6b-0068e5a1e8 - 0.0120 - - 1759879656.201102257 1759879656.213097811 0
Oct 7 23:27:36 standalone object-server[130325]: 172.20.0.100 - - [07/Oct/2025:23:27:36 +0000] "GET /d1/897/AUTH_d03159edd2054d55b92eed380be062f1/gnocchi.c8df2662-7a49-4d98-9d14-753fd6bed7fa/1759320000.0_mean_300.0_v3" 404 70 "GET http://172.18.0.2:8080/v1/AUTH_d03159edd2054d55b92eed380be062f1/gnocchi.c8df2662-7a49-4d98-9d14-753fd6bed7fa/1759320000.0_mean_300.0_v3" "txcfefa3e32b4d4c81b26d8-0068e5a1e8" "proxy-server 20" 0.0005 "-" 23 0
Oct 7 23:27:36 standalone proxy-server[132254]: 172.18.0.2 172.18.0.100 07/Oct/2025/23/27/36 GET /v1/AUTH_d03159edd2054d55b92eed380be062f1/gnocchi.c8df2662-7a49-4d98-9d14-753fd6bed7fa/1759320000.0_mean_300.0_v3 HTTP/1.0 404 - python-swiftclient-3.11.1 gAAAAABo5aFHGHv7... - 70 - txcfefa3e32b4d4c81b26d8-0068e5a1e8 - 0.0056 - - 1759879656.215658903 1759879656.221241713 0
Oct 7 23:27:36 standalone container-server[130176]: 172.20.0.100 - - [07/Oct/2025:23:27:36 +0000] "PUT /d1/120/AUTH_d03159edd2054d55b92eed380be062f1/gnocchi.c8df2662-7a49-4d98-9d14-753fd6bed7fa/1759320000.0_mean_300.0_v3" 201 - "PUT http://172.18.0.2:8080/d1/897/AUTH_d03159edd2054d55b92eed380be062f1/gnocchi.c8df2662-7a49-4d98-9d14-753fd6bed7fa/1759320000.0_mean_300.0_v3" "tx8bc8b7564e3e49e095b59-0068e5a1e8" "object-server 24" 0.0005 "-" 22 0
Oct 7 23:27:36 standalone object-server[130327]: 172.20.0.100 - - [07/Oct/2025:23:27:36 +0000] "PUT /d1/897/AUTH_d03159edd2054d55b92eed380be062f1/gnocchi.c8df2662-7a49-4d98-9d14-753fd6bed7fa/1759320000.0_mean_300.0_v3" 201 - "PUT http://172.18.0.2:8080/v1/AUTH_d03159edd2054d55b92eed380be062f1/gnocchi.c8df2662-7a49-4d98-9d14-753fd6bed7fa/1759320000.0_mean_300.0_v3" "tx8bc8b7564e3e49e095b59-0068e5a1e8" "proxy-server 20" 0.0085 "-" 24 0
Oct 7 23:27:36 standalone proxy-server[132254]: 172.18.0.2 172.18.0.100 07/Oct/2025/23/27/36 PUT /v1/AUTH_d03159edd2054d55b92eed380be062f1/gnocchi.c8df2662-7a49-4d98-9d14-753fd6bed7fa/1759320000.0_mean_300.0_v3 HTTP/1.0 201 - python-swiftclient-3.11.1 gAAAAABo5aFHGHv7... 16 - - tx8bc8b7564e3e49e095b59-0068e5a1e8 - 0.0127 - - 1759879656.223289013 1759879656.236028194 0
Oct 7 23:27:36 standalone container-server[130160]: 172.20.0.100 - - [07/Oct/2025:23:27:36 +0000] "PUT /d1/120/AUTH_d03159edd2054d55b92eed380be062f1/gnocchi.c8df2662-7a49-4d98-9d14-753fd6bed7fa/none_v3" 201 - "PUT http://172.18.0.2:8080/d1/573/AUTH_d03159edd2054d55b92eed380be062f1/gnocchi.c8df2662-7a49-4d98-9d14-753fd6bed7fa/none_v3" "tx6025957bc0c049dfb502a-0068e5a1e8" "object-server 23" 0.0007 "-" 20 0
Oct 7 23:27:36 standalone object-server[130325]: 172.20.0.100 - - [07/Oct/2025:23:27:36 +0000] "PUT /d1/573/AUTH_d03159edd2054d55b92eed380be062f1/gnocchi.c8df2662-7a49-4d98-9d14-753fd6bed7fa/none_v3" 201 - "PUT http://172.18.0.2:8080/v1/AUTH_d03159edd2054d55b92eed380be062f1/gnocchi.c8df2662-7a49-4d98-9d14-753fd6bed7fa/none_v3" "tx6025957bc0c049dfb502a-0068e5a1e8" "proxy-server 20" 0.0123 "-" 23 0
Oct 7 23:27:36 standalone proxy-server[132254]: 172.18.0.2 172.18.0.100 07/Oct/2025/23/27/36 PUT /v1/AUTH_d03159edd2054d55b92eed380be062f1/gnocchi.c8df2662-7a49-4d98-9d14-753fd6bed7fa/none_v3 HTTP/1.0 201 - python-swiftclient-3.11.1 gAAAAABo5aFHGHv7... 22 - - tx6025957bc0c049dfb502a-0068e5a1e8 - 0.0221 - - 1759879656.237818480 1759879656.259870052 0
Oct 7 23:27:36 standalone container-server[130183]: 172.20.0.100 - - [07/Oct/2025:23:27:36 +0000] "HEAD /d1/414/AUTH_d03159edd2054d55b92eed380be062f1/gnocchi.7af76fab-7781-45c2-8a04-a282fc184880" 404 - "HEAD http://172.18.0.2:8080/v1/AUTH_d03159edd2054d55b92eed380be062f1/gnocchi.7af76fab-7781-45c2-8a04-a282fc184880?format=json&states=listing" "tx08f018831118417f9c4b5-0068e5a1e8" "proxy-server 20" 0.0002 "-" 23 0
Oct 7 23:27:36 standalone object-server[130323]: 172.20.0.100 - - [07/Oct/2025:23:27:36 +0000] "GET /d1/41/AUTH_d03159edd2054d55b92eed380be062f1/gnocchi.7af76fab-7781-45c2-8a04-a282fc184880/none_v3" 404 70 "GET http://172.18.0.2:8080/v1/AUTH_d03159edd2054d55b92eed380be062f1/gnocchi.7af76fab-7781-45c2-8a04-a282fc184880/none_v3" "tx08f018831118417f9c4b5-0068e5a1e8" "proxy-server 20" 0.0004 "-" 22 0
Oct 7 23:27:36 standalone proxy-server[132254]: 172.18.0.2 172.18.0.100 07/Oct/2025/23/27/36 GET /v1/AUTH_d03159edd2054d55b92eed380be062f1/gnocchi.7af76fab-7781-45c2-8a04-a282fc184880/none_v3 HTTP/1.0 404 - python-swiftclient-3.11.1 gAAAAABo5aFHGHv7... - 70 - tx08f018831118417f9c4b5-0068e5a1e8 - 0.0071 - - 1759879656.266843081 1759879656.273934126 0
Oct 7 23:27:36 standalone account-server[130117]: 172.20.0.100 - - [07/Oct/2025:23:27:36 +0000] "PUT /d1/322/AUTH_d03159edd2054d55b92eed380be062f1/gnocchi.7af76fab-7781-45c2-8a04-a282fc184880" 201 - "PUT http://172.20.0.100:6001/d1/414/AUTH_d03159edd2054d55b92eed380be062f1/gnocchi.7af76fab-7781-45c2-8a04-a282fc184880" "tx43909722741e4ea78d00b-0068e5a1e8" "container-server 23" 0.0046 "-" 16 0
Oct 7 23:27:36 standalone container-server[130183]: 172.20.0.100 - - [07/Oct/2025:23:27:36 +0000] "PUT /d1/414/AUTH_d03159edd2054d55b92eed380be062f1/gnocchi.7af76fab-7781-45c2-8a04-a282fc184880" 201 - "PUT http://172.18.0.2:8080/v1/AUTH_d03159edd2054d55b92eed380be062f1/gnocchi.7af76fab-7781-45c2-8a04-a282fc184880" "tx43909722741e4ea78d00b-0068e5a1e8" "proxy-server 20" 0.0123 "-" 23 0
Oct 7 23:27:36 standalone proxy-server[132254]: 172.18.0.2 172.18.0.100 07/Oct/2025/23/27/36 PUT /v1/AUTH_d03159edd2054d55b92eed380be062f1/gnocchi.7af76fab-7781-45c2-8a04-a282fc184880 HTTP/1.0 201 - python-swiftclient-3.11.1 gAAAAABo5aFHGHv7... - - - tx43909722741e4ea78d00b-0068e5a1e8 - 0.0151 - - 1759879656.275654554 1759879656.290770531 0
Oct 7 23:27:36 standalone container-server[130183]: 172.20.0.100 - - [07/Oct/2025:23:27:36 +0000] "HEAD /d1/414/AUTH_d03159edd2054d55b92eed380be062f1/gnocchi.7af76fab-7781-45c2-8a04-a282fc184880" 204 - "HEAD http://172.18.0.2:8080/v1/AUTH_d03159edd2054d55b92eed380be062f1/gnocchi.7af76fab-7781-45c2-8a04-a282fc184880?format=json&states=listing" "tx9834f33f8f0e4d759c922-0068e5a1e8" "proxy-server 20" 0.0008 "-" 23 0
Oct 7 23:27:36 standalone proxy-server[132254]: - - 07/Oct/2025/23/27/36 HEAD /v1/AUTH_d03159edd2054d55b92eed380be062f1/gnocchi.7af76fab-7781-45c2-8a04-a282fc184880%3Fformat%3Djson%26states%3Dlisting HTTP/1.0 204 - Swift - - - - tx9834f33f8f0e4d759c922-0068e5a1e8 - 0.0028 RL - 1759879656.293437958 1759879656.296279192 0
Oct 7 23:27:36 standalone container-server[130176]: 172.20.0.100 - - [07/Oct/2025:23:27:36 +0000] "GET /d1/414/AUTH_d03159edd2054d55b92eed380be062f1/gnocchi.7af76fab-7781-45c2-8a04-a282fc184880" 200 2 "GET http://172.18.0.2:8080/v1/AUTH_d03159edd2054d55b92eed380be062f1/gnocchi.7af76fab-7781-45c2-8a04-a282fc184880?format=json&states=listing" "tx9834f33f8f0e4d759c922-0068e5a1e8" "proxy-server 20" 0.0018 "-" 22 0
Oct 7 23:27:36 standalone proxy-server[132254]: 172.18.0.2 172.18.0.100 07/Oct/2025/23/27/36 GET /v1/AUTH_d03159edd2054d55b92eed380be062f1/gnocchi.7af76fab-7781-45c2-8a04-a282fc184880%3Fformat%3Djson%26states%3Dlisting HTTP/1.0 200 - python-swiftclient-3.11.1 gAAAAABo5aFHGHv7... - 2 - tx9834f33f8f0e4d759c922-0068e5a1e8 - 0.0103 - - 1759879656.292793751 1759879656.303046942 0
Oct 7 23:27:36 standalone object-server[130329]: 172.20.0.100 - - [07/Oct/2025:23:27:36 +0000] "GET /d1/75/AUTH_d03159edd2054d55b92eed380be062f1/gnocchi.7af76fab-7781-45c2-8a04-a282fc184880/1759320000.0_mean_300.0_v3" 404 70 "GET http://172.18.0.2:8080/v1/AUTH_d03159edd2054d55b92eed380be062f1/gnocchi.7af76fab-7781-45c2-8a04-a282fc184880/1759320000.0_mean_300.0_v3" "txfe627d1c27344eee937d4-0068e5a1e8" "proxy-server 20" 0.0005 "-" 25 0
Oct 7 23:27:36 standalone proxy-server[132254]: 172.18.0.2 172.18.0.100 07/Oct/2025/23/27/36 GET /v1/AUTH_d03159edd2054d55b92eed380be062f1/gnocchi.7af76fab-7781-45c2-8a04-a282fc184880/1759320000.0_mean_300.0_v3 HTTP/1.0 404 - python-swiftclient-3.11.1 gAAAAABo5aFHGHv7... - 70 - txfe627d1c27344eee937d4-0068e5a1e8 - 0.0072 - - 1759879656.305551291 1759879656.312747002 0
Oct 7 23:27:36 standalone container-server[130166]: 172.20.0.100 - - [07/Oct/2025:23:27:36 +0000] "PUT /d1/414/AUTH_d03159edd2054d55b92eed380be062f1/gnocchi.7af76fab-7781-45c2-8a04-a282fc184880/1759320000.0_mean_300.0_v3" 201 - "PUT http://172.18.0.2:8080/d1/75/AUTH_d03159edd2054d55b92eed380be062f1/gnocchi.7af76fab-7781-45c2-8a04-a282fc184880/1759320000.0_mean_300.0_v3" "tx4ea378c4bff94271a241a-0068e5a1e8" "object-server 25" 0.0005 "-" 21 0
Oct 7 23:27:36 standalone object-server[130329]: 172.20.0.100 - - [07/Oct/2025:23:27:36 +0000] "PUT /d1/75/AUTH_d03159edd2054d55b92eed380be062f1/gnocchi.7af76fab-7781-45c2-8a04-a282fc184880/1759320000.0_mean_300.0_v3" 201 - "PUT http://172.18.0.2:8080/v1/AUTH_d03159edd2054d55b92eed380be062f1/gnocchi.7af76fab-7781-45c2-8a04-a282fc184880/1759320000.0_mean_300.0_v3" "tx4ea378c4bff94271a241a-0068e5a1e8" "proxy-server 20" 0.0102 "-" 25 0
Oct 7 23:27:36 standalone proxy-server[132254]: 172.18.0.2 172.18.0.100 07/Oct/2025/23/27/36 PUT /v1/AUTH_d03159edd2054d55b92eed380be062f1/gnocchi.7af76fab-7781-45c2-8a04-a282fc184880/1759320000.0_mean_300.0_v3 HTTP/1.0 201 - python-swiftclient-3.11.1 gAAAAABo5aFHGHv7... 16 - - tx4ea378c4bff94271a241a-0068e5a1e8 - 0.0140 - - 1759879656.314521790 1759879656.328514576 0
Oct 7 23:27:36 standalone container-server[130183]: 172.20.0.100 - - [07/Oct/2025:23:27:36 +0000] "PUT /d1/414/AUTH_d03159edd2054d55b92eed380be062f1/gnocchi.7af76fab-7781-45c2-8a04-a282fc184880/none_v3" 201 - "PUT http://172.18.0.2:8080/d1/41/AUTH_d03159edd2054d55b92eed380be062f1/gnocchi.7af76fab-7781-45c2-8a04-a282fc184880/none_v3" "tx51b66c12d5be485aaf4a3-0068e5a1e8" "object-server 24" 0.0003 "-" 23 0
Oct 7 23:27:36 standalone object-server[130327]: 172.20.0.100 - - [07/Oct/2025:23:27:36 +0000] "PUT /d1/41/AUTH_d03159edd2054d55b92eed380be062f1/gnocchi.7af76fab-7781-45c2-8a04-a282fc184880/none_v3" 201 - "PUT http://172.18.0.2:8080/v1/AUTH_d03159edd2054d55b92eed380be062f1/gnocchi.7af76fab-7781-45c2-8a04-a282fc184880/none_v3" "tx51b66c12d5be485aaf4a3-0068e5a1e8" "proxy-server 20" 0.0074 "-" 24 0
Oct 7 23:27:36 standalone proxy-server[132254]: 172.18.0.2 172.18.0.100 07/Oct/2025/23/27/36 PUT /v1/AUTH_d03159edd2054d55b92eed380be062f1/gnocchi.7af76fab-7781-45c2-8a04-a282fc184880/none_v3 HTTP/1.0 201 - python-swiftclient-3.11.1 gAAAAABo5aFHGHv7... 22 - - tx51b66c12d5be485aaf4a3-0068e5a1e8 - 0.0141 - - 1759879656.330401182 1759879656.344453335 0
