Oct 7 23:12:39 standalone container-server[129879]: Starting 2
Oct 7 23:12:39 standalone account-server[129867]: Starting 2
Oct 7 23:12:39 standalone account-server[129885]: Started child 14 from parent 2
Oct 7 23:12:39 standalone account-server[129885]: Started child 15 from parent 2
Oct 7 23:12:39 standalone account-server[129885]: Started child 16 from parent 2
Oct 7 23:12:39 standalone account-server[129885]: Started child 17 from parent 2
Oct 7 23:12:39 standalone container-server[129970]: Option allow_versions is deprecated. Configure the versioned_writes middleware in the proxy-server instead. This option will be ignored in a future release.
Oct 7 23:12:39 standalone container-server[130160]: Option allow_versions is deprecated. Configure the versioned_writes middleware in the proxy-server instead. This option will be ignored in a future release.
Oct 7 23:12:39 standalone container-server[129970]: Started child 20 from parent 2
Oct 7 23:12:39 standalone container-server[130166]: Option allow_versions is deprecated. Configure the versioned_writes middleware in the proxy-server instead. This option will be ignored in a future release.
Oct 7 23:12:39 standalone container-server[129970]: Started child 21 from parent 2
Oct 7 23:12:39 standalone container-server[130176]: Option allow_versions is deprecated. Configure the versioned_writes middleware in the proxy-server instead. This option will be ignored in a future release.
Oct 7 23:12:39 standalone container-server[129970]: Started child 22 from parent 2
Oct 7 23:12:39 standalone container-server[130183]: Option allow_versions is deprecated. Configure the versioned_writes middleware in the proxy-server instead. This option will be ignored in a future release.
Oct 7 23:12:39 standalone container-server[129970]: Started child 23 from parent 2
Oct 7 23:12:39 standalone object-expirer[130155]: Starting 2
Oct 7 23:12:39 standalone object-expirer[130155]: Option auto_create_account_prefix is deprecated. Configure auto_create_account_prefix under the swift-constraints section of swift.conf. This option will be ignored in a future release.
Oct 7 23:12:39 standalone object-server[130194]: Started child 22 from parent 2
Oct 7 23:12:39 standalone object-server[130194]: Started child 23 from parent 2
Oct 7 23:12:40 standalone object-server[130194]: Started child 24 from parent 2
Oct 7 23:12:40 standalone object-server[130194]: Started child 25 from parent 2
Oct 7 23:12:40 standalone object-server[130263]: Starting 2
Oct 7 23:12:46 standalone proxy-server[132072]: Starting Keystone auth_token middleware
Oct 7 23:12:46 standalone proxy-server[132072]: AuthToken middleware is set with keystone_authtoken.service_token_roles_required set to False. This is backwards compatible but deprecated behaviour. Please set this to True.
Oct 7 23:12:46 standalone proxy-server[132254]: Starting Keystone auth_token middleware
Oct 7 23:12:46 standalone proxy-server[132254]: STDERR: The option "bind_port" is not known to keystonemiddleware
Oct 7 23:12:46 standalone proxy-server[132254]: STDERR: The option "workers" is not known to keystonemiddleware
Oct 7 23:12:46 standalone proxy-server[132254]: STDERR: The option "user" is not known to keystonemiddleware
Oct 7 23:12:46 standalone proxy-server[132254]: STDERR: The option "bind_ip" is not known to keystonemiddleware
Oct 7 23:12:46 standalone proxy-server[132254]: STDERR: The option "log_name" is not known to keystonemiddleware
Oct 7 23:12:46 standalone proxy-server[132254]: STDERR: The option "log_facility" is not known to keystonemiddleware
Oct 7 23:12:46 standalone proxy-server[132254]: STDERR: The option "log_level" is not known to keystonemiddleware
Oct 7 23:12:46 standalone proxy-server[132254]: STDERR: The option "log_headers" is not known to keystonemiddleware
Oct 7 23:12:46 standalone proxy-server[132254]: STDERR: The option "log_address" is not known to keystonemiddleware
Oct 7 23:12:46 standalone proxy-server[132254]: STDERR: The option "project_name" is not known to keystonemiddleware
Oct 7 23:12:46 standalone proxy-server[132254]: STDERR: The option "username" is not known to keystonemiddleware
Oct 7 23:12:46 standalone proxy-server[132254]: STDERR: The option "password" is not known to keystonemiddleware
Oct 7 23:12:46 standalone proxy-server[132254]: STDERR: The option "auth_url" is not known to keystonemiddleware
Oct 7 23:12:46 standalone proxy-server[132254]: STDERR: The option "signing_dir" is not known to keystonemiddleware
Oct 7 23:12:46 standalone proxy-server[132254]: STDERR: The option "project_domain_id" is not known to keystonemiddleware
Oct 7 23:12:46 standalone proxy-server[132254]: STDERR: The option "user_domain_id" is not known to keystonemiddleware
Oct 7 23:12:46 standalone proxy-server[132254]: STDERR: The option "__name__" is not known to keystonemiddleware
Oct 7 23:12:46 standalone proxy-server[132254]: AuthToken middleware is set with keystone_authtoken.service_token_roles_required set to False. This is backwards compatible but deprecated behaviour. Please set this to True.
Oct 7 23:12:46 standalone proxy-server[132072]: Started child 20 from parent 2
Oct 7 23:13:01 standalone container-server[129879]: Begin container update sweep
Oct 7 23:13:01 standalone container-server[129879]: Container update sweep completed: 0.00s
Oct 7 23:13:22 standalone account-server[130119]: 172.20.0.100 - - [07/Oct/2025:23:13:22 +0000] "HEAD /d1/134/.expiring_objects" 404 - "HEAD http://localhost/v1/.expiring_objects?format=json" "tx35b134cd4209412f87bea-0068e59e92" "proxy-server 2" 0.0018 "-" 17 -
Oct 7 23:13:22 standalone object-expirer[130155]: Pass completed in 0s; 0 objects expired (txn: tx35b134cd4209412f87bea-0068e59e92)
Oct 7 23:13:26 standalone account-server[130119]: 172.20.0.100 - - [07/Oct/2025:23:13:26 +0000] "HEAD /d1/134/.expiring_objects" 404 - "HEAD http://localhost/v1/.expiring_objects?format=json" "tx1ad4d4cf07c34e1699206-0068e59e96" "proxy-server 2" 0.0007 "-" 17 -
Oct 7 23:13:26 standalone object-expirer[130155]: Pass completed in 0s; 0 objects expired (txn: tx1ad4d4cf07c34e1699206-0068e59e96)
Oct 7 23:15:11 standalone object-server[130263]: Begin object update sweep
Oct 7 23:15:12 standalone object-server[148953]: Object update sweep starting on /srv/node/d1 (pid: 11)
Oct 7 23:15:12 standalone object-server[148953]: Object update sweep completed on /srv/node/d1 in 0.00s seconds:, 0 successes, 0 failures, 0 quarantines, 0 unlinks, 0 errors, 0 redirects (pid: 11)
Oct 7 23:15:12 standalone object-server[148953]: Object update sweep of d1 completed: 0.00s, 0 successes, 0 failures, 0 quarantines, 0 unlinks, 0 errors, 0 redirects
Oct 7 23:15:12 standalone object-server[130263]: Object update sweep completed: 0.08s
Oct 7 23:16:05 standalone account-server[130117]: 172.20.0.100 - - [07/Oct/2025:23:16:05 +0000] "HEAD /d1/134/.expiring_objects" 404 - "HEAD http://localhost/v1/.expiring_objects?format=json" "tx0fe9b11e075c4562a600d-0068e59f35" "proxy-server 2" 0.0011 "-" 16 -
Oct 7 23:16:05 standalone object-expirer[130155]: Pass completed in 0s; 0 objects expired (txn: tx0fe9b11e075c4562a600d-0068e59f35)
Oct 7 23:16:29 standalone account-server[130119]: 172.20.0.100 - - [07/Oct/2025:23:16:29 +0000] "HEAD /d1/134/.expiring_objects" 404 - "HEAD http://localhost/v1/.expiring_objects?format=json" "tx5c874efcb9b447e4884d5-0068e59f4d" "proxy-server 2" 0.0007 "-" 17 -
Oct 7 23:16:29 standalone object-expirer[130155]: Pass completed in 0s; 0 objects expired (txn: tx5c874efcb9b447e4884d5-0068e59f4d)
Oct 7 23:16:30 standalone account-server[130119]: 172.20.0.100 - - [07/Oct/2025:23:16:30 +0000] "HEAD /d1/134/.expiring_objects" 404 - "HEAD http://localhost/v1/.expiring_objects?format=json" "txd5ec70da0df34afcb3688-0068e59f4e" "proxy-server 2" 0.0004 "-" 17 -
Oct 7 23:16:30 standalone object-expirer[130155]: Pass completed in 0s; 0 objects expired (txn: txd5ec70da0df34afcb3688-0068e59f4e)
Oct 7 23:18:01 standalone container-server[129879]: Begin container update sweep
Oct 7 23:18:01 standalone container-server[129879]: Container update sweep completed: 0.00s
Oct 7 23:19:05 standalone account-server[130116]: 172.20.0.100 - - [07/Oct/2025:23:19:05 +0000] "HEAD /d1/134/.expiring_objects" 404 - "HEAD http://localhost/v1/.expiring_objects?format=json" "tx85ebf7ce95f1493cb9f73-0068e59fe9" "proxy-server 2" 0.0016 "-" 15 -
Oct 7 23:19:05 standalone object-expirer[130155]: Pass completed in 0s; 0 objects expired (txn: tx85ebf7ce95f1493cb9f73-0068e59fe9)
Oct 7 23:20:12 standalone object-server[130263]: Begin object update sweep
Oct 7 23:20:12 standalone object-server[187883]: Object update sweep starting on /srv/node/d1 (pid: 13)
Oct 7 23:20:12 standalone object-server[187883]: Object update sweep completed on /srv/node/d1 in 0.00s seconds:, 0 successes, 0 failures, 0 quarantines, 0 unlinks, 0 errors, 0 redirects (pid: 13)
Oct 7 23:20:12 standalone object-server[187883]: Object update sweep of d1 completed: 0.00s, 0 successes, 0 failures, 0 quarantines, 0 unlinks, 0 errors, 0 redirects
Oct 7 23:20:12 standalone object-server[130263]: Object update sweep completed: 0.09s
Oct 7 23:23:01 standalone container-server[129879]: Begin container update sweep
Oct 7 23:23:01 standalone container-server[129879]: Container update sweep completed: 0.00s
Oct 7 23:23:05 standalone account-server[130114]: 172.20.0.100 - - [07/Oct/2025:23:23:05 +0000] "HEAD /d1/134/.expiring_objects" 404 - "HEAD http://localhost/v1/.expiring_objects?format=json" "tx44d2a3bfa6364feea01ce-0068e5a0d9" "proxy-server 2" 0.0019 "-" 14 -
Oct 7 23:23:05 standalone object-expirer[130155]: Pass completed in 0s; 0 objects expired (txn: tx44d2a3bfa6364feea01ce-0068e5a0d9)
Oct 7 23:24:55 standalone account-server[130116]: 172.20.0.100 - - [07/Oct/2025:23:24:55 +0000] "HEAD /d1/322/AUTH_d03159edd2054d55b92eed380be062f1" 404 - "HEAD http://172.18.0.2:8080/v1/AUTH_d03159edd2054d55b92eed380be062f1?format=json" "tx51d66b3ce98742709132c-0068e5a147" "proxy-server 20" 0.0008 "-" 15 -
Oct 7 23:24:55 standalone proxy-server[132254]: - - 07/Oct/2025/23/24/55 HEAD /v1/AUTH_d03159edd2054d55b92eed380be062f1%3Fformat%3Djson HTTP/1.0 200 - Swift - - - - tx51d66b3ce98742709132c-0068e5a147 - 0.0082 RL - 1759879495.815496922 1759879495.823707581 -
Oct 7 23:24:56 standalone object-server[130323]: 172.20.0.100 - - [07/Oct/2025:23:24:56 +0000] "GET /d1/664/AUTH_d03159edd2054d55b92eed380be062f1/gnocchi.123de363-0704-481c-befc-f3edef648b87/none_v3" 404 70 "GET http://172.18.0.2:8080/v1/AUTH_d03159edd2054d55b92eed380be062f1/gnocchi.123de363-0704-481c-befc-f3edef648b87/none_v3" "tx51d66b3ce98742709132c-0068e5a147" "proxy-server 20" 0.0014 "-" 22 0
Oct 7 23:24:56 standalone proxy-server[132254]: 172.18.0.2 172.18.0.100 07/Oct/2025/23/24/56 GET /v1/AUTH_d03159edd2054d55b92eed380be062f1/gnocchi.123de363-0704-481c-befc-f3edef648b87/none_v3 HTTP/1.0 404 - python-swiftclient-3.11.1 gAAAAABo5aFHGHv7... - 70 - tx51d66b3ce98742709132c-0068e5a147 - 0.3798 - - 1759879495.811090946 1759879496.190906286 0
Oct 7 23:24:56 standalone account-server[130117]: 172.20.0.100 - - [07/Oct/2025:23:24:56 +0000] "PUT /d1/322/AUTH_d03159edd2054d55b92eed380be062f1" 201 - "-" "tx220609750d754c688f4ad-0068e5a148" "-" 0.0213 "-" 16 -
Oct 7 23:24:56 standalone proxy-server[132254]: autocreate account '/AUTH_d03159edd2054d55b92eed380be062f1' (txn: tx220609750d754c688f4ad-0068e5a148)
Oct 7 23:24:56 standalone account-server[130119]: 172.20.0.100 - - [07/Oct/2025:23:24:56 +0000] "HEAD /d1/322/AUTH_d03159edd2054d55b92eed380be062f1" 204 - "HEAD http://172.18.0.2:8080/v1/AUTH_d03159edd2054d55b92eed380be062f1?format=json" "tx220609750d754c688f4ad-0068e5a148" "proxy-server 20" 0.0019 "-" 17 -
Oct 7 23:24:56 standalone account-server[130119]: 172.20.0.100 - - [07/Oct/2025:23:24:56 +0000] "PUT /d1/322/AUTH_d03159edd2054d55b92eed380be062f1/gnocchi.123de363-0704-481c-befc-f3edef648b87" 201 - "PUT http://172.20.0.100:6001/d1/472/AUTH_d03159edd2054d55b92eed380be062f1/gnocchi.123de363-0704-481c-befc-f3edef648b87" "tx220609750d754c688f4ad-0068e5a148" "container-server 23" 0.0010 "-" 17 0
Oct 7 23:24:56 standalone container-server[130183]: 172.20.0.100 - - [07/Oct/2025:23:24:56 +0000] "PUT /d1/472/AUTH_d03159edd2054d55b92eed380be062f1/gnocchi.123de363-0704-481c-befc-f3edef648b87" 201 - "PUT http://172.18.0.2:8080/v1/AUTH_d03159edd2054d55b92eed380be062f1/gnocchi.123de363-0704-481c-befc-f3edef648b87" "tx220609750d754c688f4ad-0068e5a148" "proxy-server 20" 0.0138 "-" 23 0
Oct 7 23:24:56 standalone proxy-server[132254]: 172.18.0.2 172.18.0.100 07/Oct/2025/23/24/56 PUT /v1/AUTH_d03159edd2054d55b92eed380be062f1/gnocchi.123de363-0704-481c-befc-f3edef648b87 HTTP/1.0 201 - python-swiftclient-3.11.1 gAAAAABo5aFHGHv7... - - - tx220609750d754c688f4ad-0068e5a148 - 0.0522 - - 1759879496.195251465 1759879496.247454166 0
Oct 7 23:24:56 standalone container-server[130160]: 172.20.0.100 - - [07/Oct/2025:23:24:56 +0000] "HEAD /d1/472/AUTH_d03159edd2054d55b92eed380be062f1/gnocchi.123de363-0704-481c-befc-f3edef648b87" 204 - "HEAD http://172.18.0.2:8080/v1/AUTH_d03159edd2054d55b92eed380be062f1/gnocchi.123de363-0704-481c-befc-f3edef648b87?format=json&states=listing" "tx423145b1edcb4e1e8be71-0068e5a148" "proxy-server 20" 0.0055 "-" 20 0
Oct 7 23:24:56 standalone proxy-server[132254]: - - 07/Oct/2025/23/24/56 HEAD /v1/AUTH_d03159edd2054d55b92eed380be062f1/gnocchi.123de363-0704-481c-befc-f3edef648b87%3Fformat%3Djson%26states%3Dlisting HTTP/1.0 204 - Swift - - - - tx423145b1edcb4e1e8be71-0068e5a148 - 0.0110 RL - 1759879496.253766775 1759879496.264783144 0
Oct 7 23:24:56 standalone container-server[130176]: 172.20.0.100 - - [07/Oct/2025:23:24:56 +0000] "GET /d1/472/AUTH_d03159edd2054d55b92eed380be062f1/gnocchi.123de363-0704-481c-befc-f3edef648b87" 200 2 "GET http://172.18.0.2:8080/v1/AUTH_d03159edd2054d55b92eed380be062f1/gnocchi.123de363-0704-481c-befc-f3edef648b87?format=json&states=listing" "tx423145b1edcb4e1e8be71-0068e5a148" "proxy-server 20" 0.0038 "-" 22 0
Oct 7 23:24:56 standalone proxy-server[132254]: 172.18.0.2 172.18.0.100 07/Oct/2025/23/24/56 GET /v1/AUTH_d03159edd2054d55b92eed380be062f1/gnocchi.123de363-0704-481c-befc-f3edef648b87%3Fformat%3Djson%26states%3Dlisting HTTP/1.0 200 - python-swiftclient-3.11.1 gAAAAABo5aFHGHv7... - 2 - tx423145b1edcb4e1e8be71-0068e5a148 - 0.0252 - - 1759879496.252383947 1759879496.277538061 0
Oct 7 23:24:56 standalone object-server[130323]: 172.20.0.100 - - [07/Oct/2025:23:24:56 +0000] "GET /d1/96/AUTH_d03159edd2054d55b92eed380be062f1/gnocchi.123de363-0704-481c-befc-f3edef648b87/1759320000.0_mean_300.0_v3" 404 70 "GET http://172.18.0.2:8080/v1/AUTH_d03159edd2054d55b92eed380be062f1/gnocchi.123de363-0704-481c-befc-f3edef648b87/1759320000.0_mean_300.0_v3" "txf1d78652ca7b475ba6216-0068e5a148" "proxy-server 20" 0.0004 "-" 22 0
Oct 7 23:24:56 standalone proxy-server[132254]: 172.18.0.2 172.18.0.100 07/Oct/2025/23/24/56 GET /v1/AUTH_d03159edd2054d55b92eed380be062f1/gnocchi.123de363-0704-481c-befc-f3edef648b87/1759320000.0_mean_300.0_v3 HTTP/1.0 404 - python-swiftclient-3.11.1 gAAAAABo5aFHGHv7... - 70 - txf1d78652ca7b475ba6216-0068e5a148 - 0.0074 - - 1759879496.283047438 1759879496.290408611 0
Oct 7 23:24:56 standalone container-server[130160]: 172.20.0.100 - - [07/Oct/2025:23:24:56 +0000] "PUT /d1/472/AUTH_d03159edd2054d55b92eed380be062f1/gnocchi.123de363-0704-481c-befc-f3edef648b87/1759320000.0_mean_300.0_v3" 201 - "PUT http://172.18.0.2:8080/d1/96/AUTH_d03159edd2054d55b92eed380be062f1/gnocchi.123de363-0704-481c-befc-f3edef648b87/1759320000.0_mean_300.0_v3" "tx503a5a6e5f00414ab846b-0068e5a148" "object-server 23" 0.0011 "-" 20 0
Oct 7 23:24:56 standalone object-server[130325]: 172.20.0.100 - - [07/Oct/2025:23:24:56 +0000] "PUT /d1/96/AUTH_d03159edd2054d55b92eed380be062f1/gnocchi.123de363-0704-481c-befc-f3edef648b87/1759320000.0_mean_300.0_v3" 201 - "PUT http://172.18.0.2:8080/v1/AUTH_d03159edd2054d55b92eed380be062f1/gnocchi.123de363-0704-481c-befc-f3edef648b87/1759320000.0_mean_300.0_v3" "tx503a5a6e5f00414ab846b-0068e5a148" "proxy-server 20" 0.0369 "-" 23 0
Oct 7 23:24:56 standalone proxy-server[132254]: 172.18.0.2 172.18.0.100 07/Oct/2025/23/24/56 PUT /v1/AUTH_d03159edd2054d55b92eed380be062f1/gnocchi.123de363-0704-481c-befc-f3edef648b87/1759320000.0_mean_300.0_v3 HTTP/1.0 201 - python-swiftclient-3.11.1 gAAAAABo5aFHGHv7... 16 - - tx503a5a6e5f00414ab846b-0068e5a148 - 0.0461 - - 1759879496.294293404 1759879496.340381622 0
Oct 7 23:24:56 standalone container-server[130183]: 172.20.0.100 - - [07/Oct/2025:23:24:56 +0000] "PUT /d1/472/AUTH_d03159edd2054d55b92eed380be062f1/gnocchi.123de363-0704-481c-befc-f3edef648b87/none_v3" 201 - "PUT http://172.18.0.2:8080/d1/664/AUTH_d03159edd2054d55b92eed380be062f1/gnocchi.123de363-0704-481c-befc-f3edef648b87/none_v3" "txe33a8cafe0664c9ba16f4-0068e5a148" "object-server 22" 0.0010 "-" 23 0
Oct 7 23:24:56 standalone object-server[130323]: 172.20.0.100 - - [07/Oct/2025:23:24:56 +0000] "PUT /d1/664/AUTH_d03159edd2054d55b92eed380be062f1/gnocchi.123de363-0704-481c-befc-f3edef648b87/none_v3" 201 - "PUT http://172.18.0.2:8080/v1/AUTH_d03159edd2054d55b92eed380be062f1/gnocchi.123de363-0704-481c-befc-f3edef648b87/none_v3" "txe33a8cafe0664c9ba16f4-0068e5a148" "proxy-server 20" 0.0439 "-" 22 0
Oct 7 23:24:56 standalone proxy-server[132254]: 172.18.0.2 172.18.0.100 07/Oct/2025/23/24/56 PUT /v1/AUTH_d03159edd2054d55b92eed380be062f1/gnocchi.123de363-0704-481c-befc-f3edef648b87/none_v3 HTTP/1.0 201 - python-swiftclient-3.11.1 gAAAAABo5aFHGHv7... 22 - - txe33a8cafe0664c9ba16f4-0068e5a148 - 0.0528 - - 1759879496.344714403 1759879496.397506714 0
Oct 7 23:25:12 standalone object-server[130263]: Begin object update sweep
Oct 7 23:25:12 standalone object-server[225955]: Object update sweep starting on /srv/node/d1 (pid: 14)
Oct 7 23:25:12 standalone object-server[225955]: Object update sweep completed on /srv/node/d1 in 0.00s seconds:, 0 successes, 0 failures, 0 quarantines, 0 unlinks, 0 errors, 0 redirects (pid: 14)
Oct 7 23:25:12 standalone object-server[225955]: Object update sweep of d1 completed: 0.00s, 0 successes, 0 failures, 0 quarantines, 0 unlinks, 0 errors, 0 redirects
Oct 7 23:25:12 standalone object-server[130263]: Object update sweep completed: 0.07s
Oct 7 23:25:25 standalone object-server[130325]: 172.20.0.100 - - [07/Oct/2025:23:25:25 +0000] "GET /d1/664/AUTH_d03159edd2054d55b92eed380be062f1/gnocchi.123de363-0704-481c-befc-f3edef648b87/none_v3" 200 22 "GET http://172.18.0.2:8080/v1/AUTH_d03159edd2054d55b92eed380be062f1/gnocchi.123de363-0704-481c-befc-f3edef648b87/none_v3" "tx4daf82cb5cdc46d58c958-0068e5a165" "proxy-server 20" 0.0010 "-" 23 0
Oct 7 23:25:25 standalone proxy-server[132254]: 172.18.0.2 172.18.0.100 07/Oct/2025/23/25/25 GET /v1/AUTH_d03159edd2054d55b92eed380be062f1/gnocchi.123de363-0704-481c-befc-f3edef648b87/none_v3 HTTP/1.0 200 - python-swiftclient-3.11.1 gAAAAABo5aFHGHv7... - 22 - tx4daf82cb5cdc46d58c958-0068e5a165 - 0.0130 - - 1759879525.455076694 1759879525.468101740 0
Oct 7 23:25:25 standalone container-server[130176]: 172.20.0.100 - - [07/Oct/2025:23:25:25 +0000] "GET /d1/472/AUTH_d03159edd2054d55b92eed380be062f1/gnocchi.123de363-0704-481c-befc-f3edef648b87" 200 357 "GET http://172.18.0.2:8080/v1/AUTH_d03159edd2054d55b92eed380be062f1/gnocchi.123de363-0704-481c-befc-f3edef648b87?format=json&states=listing" "txcdfc91f5fc4b42329d6a3-0068e5a165" "proxy-server 20" 0.0303 "-" 22 0
Oct 7 23:25:25 standalone proxy-server[132254]: 172.18.0.2 172.18.0.100 07/Oct/2025/23/25/25 GET /v1/AUTH_d03159edd2054d55b92eed380be062f1/gnocchi.123de363-0704-481c-befc-f3edef648b87%3Fformat%3Djson%26states%3Dlisting HTTP/1.0 200 - python-swiftclient-3.11.1 gAAAAABo5aFHGHv7... - 357 - txcdfc91f5fc4b42329d6a3-0068e5a165 - 0.0415 - - 1759879525.473719835 1759879525.515177488 0
Oct 7 23:25:25 standalone container-server[130176]: 172.20.0.100 - - [07/Oct/2025:23:25:25 +0000] "GET /d1/472/AUTH_d03159edd2054d55b92eed380be062f1/gnocchi.123de363-0704-481c-befc-f3edef648b87" 200 2 "GET http://172.18.0.2:8080/v1/AUTH_d03159edd2054d55b92eed380be062f1/gnocchi.123de363-0704-481c-befc-f3edef648b87?format=json&marker=none_v3&states=listing" "tx083fc25da7394de68f5b3-0068e5a165" "proxy-server 20" 0.0040 "-" 22 0
Oct 7 23:25:25 standalone proxy-server[132254]: 172.18.0.2 172.18.0.100 07/Oct/2025/23/25/25 GET /v1/AUTH_d03159edd2054d55b92eed380be062f1/gnocchi.123de363-0704-481c-befc-f3edef648b87%3Fformat%3Djson%26marker%3Dnone_v3%26states%3Dlisting HTTP/1.0 200 - python-swiftclient-3.11.1 gAAAAABo5aFHGHv7... - 2 - tx083fc25da7394de68f5b3-0068e5a165 - 0.0148 - - 1759879525.519351482 1759879525.534102201 0
Oct 7 23:25:25 standalone object-server[130327]: 172.20.0.100 - - [07/Oct/2025:23:25:25 +0000] "GET /d1/96/AUTH_d03159edd2054d55b92eed380be062f1/gnocchi.123de363-0704-481c-befc-f3edef648b87/1759320000.0_mean_300.0_v3" 200 16 "GET http://172.18.0.2:8080/v1/AUTH_d03159edd2054d55b92eed380be062f1/gnocchi.123de363-0704-481c-befc-f3edef648b87/1759320000.0_mean_300.0_v3" "txc9b4741065c149b89272c-0068e5a165" "proxy-server 20" 0.0019 "-" 24 0
Oct 7 23:25:25 standalone proxy-server[132254]: 172.18.0.2 172.18.0.100 07/Oct/2025/23/25/25 GET /v1/AUTH_d03159edd2054d55b92eed380be062f1/gnocchi.123de363-0704-481c-befc-f3edef648b87/1759320000.0_mean_300.0_v3 HTTP/1.0 200 - python-swiftclient-3.11.1 gAAAAABo5aFHGHv7... - 16 - txc9b4741065c149b89272c-0068e5a165 - 0.0169 - - 1759879525.539120436 1759879525.556044340 0
Oct 7 23:25:25 standalone container-server[130166]: 172.20.0.100 - - [07/Oct/2025:23:25:25 +0000] "PUT /d1/472/AUTH_d03159edd2054d55b92eed380be062f1/gnocchi.123de363-0704-481c-befc-f3edef648b87/1759320000.0_mean_300.0_v3" 201 - "PUT http://172.18.0.2:8080/d1/96/AUTH_d03159edd2054d55b92eed380be062f1/gnocchi.123de363-0704-481c-befc-f3edef648b87/1759320000.0_mean_300.0_v3" "tx290f3217c78042d6b7689-0068e5a165" "object-server 24" 0.0015 "-" 21 0
Oct 7 23:25:25 standalone object-server[130327]: 172.20.0.100 - - [07/Oct/2025:23:25:25 +0000] "PUT /d1/96/AUTH_d03159edd2054d55b92eed380be062f1/gnocchi.123de363-0704-481c-befc-f3edef648b87/1759320000.0_mean_300.0_v3" 201 - "PUT http://172.18.0.2:8080/v1/AUTH_d03159edd2054d55b92eed380be062f1/gnocchi.123de363-0704-481c-befc-f3edef648b87/1759320000.0_mean_300.0_v3" "tx290f3217c78042d6b7689-0068e5a165" "proxy-server 20" 0.0236 "-" 24 0
Oct 7 23:25:25 standalone proxy-server[132254]: 172.18.0.2 172.18.0.100 07/Oct/2025/23/25/25 PUT /v1/AUTH_d03159edd2054d55b92eed380be062f1/gnocchi.123de363-0704-481c-befc-f3edef648b87/1759320000.0_mean_300.0_v3 HTTP/1.0 201 - python-swiftclient-3.11.1 gAAAAABo5aFHGHv7... 16 - - tx290f3217c78042d6b7689-0068e5a165 - 0.0314 - - 1759879525.560660124 1759879525.592025518 0
Oct 7 23:25:25 standalone container-server[130166]: 172.20.0.100 - - [07/Oct/2025:23:25:25 +0000] "PUT /d1/472/AUTH_d03159edd2054d55b92eed380be062f1/gnocchi.123de363-0704-481c-befc-f3edef648b87/none_v3" 201 - "PUT http://172.18.0.2:8080/d1/664/AUTH_d03159edd2054d55b92eed380be062f1/gnocchi.123de363-0704-481c-befc-f3edef648b87/none_v3" "tx381a7cc69e9e45308ebd2-0068e5a165" "object-server 25" 0.0005 "-" 21 0
Oct 7 23:25:25 standalone object-server[130329]: 172.20.0.100 - - [07/Oct/2025:23:25:25 +0000] "PUT /d1/664/AUTH_d03159edd2054d55b92eed380be062f1/gnocchi.123de363-0704-481c-befc-f3edef648b87/none_v3" 201 - "PUT http://172.18.0.2:8080/v1/AUTH_d03159edd2054d55b92eed380be062f1/gnocchi.123de363-0704-481c-befc-f3edef648b87/none_v3" "tx381a7cc69e9e45308ebd2-0068e5a165" "proxy-server 20" 0.0378 "-" 25 0
Oct 7 23:25:25 standalone proxy-server[132254]: 172.18.0.2 172.18.0.100 07/Oct/2025/23/25/25 PUT /v1/AUTH_d03159edd2054d55b92eed380be062f1/gnocchi.123de363-0704-481c-befc-f3edef648b87/none_v3 HTTP/1.0 201 - python-swiftclient-3.11.1 gAAAAABo5aFHGHv7... 32 - - tx381a7cc69e9e45308ebd2-0068e5a165 - 0.0496 - - 1759879525.596730471 1759879525.646284580 0
Oct 7 23:25:54 standalone container-server[130183]: 172.20.0.100 - - [07/Oct/2025:23:25:54 +0000] "HEAD /d1/31/AUTH_d03159edd2054d55b92eed380be062f1/gnocchi.680e22c7-4667-4686-8e62-9f4d999ac770" 404 - "HEAD http://172.18.0.2:8080/v1/AUTH_d03159edd2054d55b92eed380be062f1/gnocchi.680e22c7-4667-4686-8e62-9f4d999ac770?format=json&states=listing" "txda0fbc8a89f441f5bd4a6-0068e5a182" "proxy-server 20" 0.0012 "-" 23 0
Oct 7 23:25:54 standalone object-server[130327]: 172.20.0.100 - - [07/Oct/2025:23:25:54 +0000] "GET /d1/733/AUTH_d03159edd2054d55b92eed380be062f1/gnocchi.680e22c7-4667-4686-8e62-9f4d999ac770/none_v3" 404 70 "GET http://172.18.0.2:8080/v1/AUTH_d03159edd2054d55b92eed380be062f1/gnocchi.680e22c7-4667-4686-8e62-9f4d999ac770/none_v3" "txda0fbc8a89f441f5bd4a6-0068e5a182" "proxy-server 20" 0.0006 "-" 24 0
Oct 7 23:25:54 standalone proxy-server[132254]: 172.18.0.2 172.18.0.100 07/Oct/2025/23/25/54 GET /v1/AUTH_d03159edd2054d55b92eed380be062f1/gnocchi.680e22c7-4667-4686-8e62-9f4d999ac770/none_v3 HTTP/1.0 404 - python-swiftclient-3.11.1 gAAAAABo5aFHGHv7... - 70 - txda0fbc8a89f441f5bd4a6-0068e5a182 - 0.0154 - - 1759879554.467157602 1759879554.482578278 0
Oct 7 23:25:54 standalone account-server[130119]: 172.20.0.100 - - [07/Oct/2025:23:25:54 +0000] "PUT /d1/322/AUTH_d03159edd2054d55b92eed380be062f1/gnocchi.680e22c7-4667-4686-8e62-9f4d999ac770" 201 - "PUT http://172.20.0.100:6001/d1/31/AUTH_d03159edd2054d55b92eed380be062f1/gnocchi.680e22c7-4667-4686-8e62-9f4d999ac770" "txe477a368509b450d99e2b-0068e5a182" "container-server 22" 0.0056 "-" 17 0
Oct 7 23:25:54 standalone container-server[130176]: 172.20.0.100 - - [07/Oct/2025:23:25:54 +0000] "PUT /d1/31/AUTH_d03159edd2054d55b92eed380be062f1/gnocchi.680e22c7-4667-4686-8e62-9f4d999ac770" 201 - "PUT http://172.18.0.2:8080/v1/AUTH_d03159edd2054d55b92eed380be062f1/gnocchi.680e22c7-4667-4686-8e62-9f4d999ac770" "txe477a368509b450d99e2b-0068e5a182" "proxy-server 20" 0.0139 "-" 22 0
Oct 7 23:25:54 standalone proxy-server[132254]: 172.18.0.2 172.18.0.100 07/Oct/2025/23/25/54 PUT /v1/AUTH_d03159edd2054d55b92eed380be062f1/gnocchi.680e22c7-4667-4686-8e62-9f4d999ac770 HTTP/1.0 201 - python-swiftclient-3.11.1 gAAAAABo5aFHGHv7... - - - txe477a368509b450d99e2b-0068e5a182 - 0.0199 - - 1759879554.487007380 1759879554.506876230 0
Oct 7 23:25:54 standalone container-server[130176]: 172.20.0.100 - - [07/Oct/2025:23:25:54 +0000] "HEAD /d1/31/AUTH_d03159edd2054d55b92eed380be062f1/gnocchi.680e22c7-4667-4686-8e62-9f4d999ac770" 204 - "HEAD http://172.18.0.2:8080/v1/AUTH_d03159edd2054d55b92eed380be062f1/gnocchi.680e22c7-4667-4686-8e62-9f4d999ac770?format=json&states=listing" "tx881671defb724be5b3df2-0068e5a182" "proxy-server 20" 0.0010 "-" 22 0
Oct 7 23:25:54 standalone proxy-server[132254]: - - 07/Oct/2025/23/25/54 HEAD /v1/AUTH_d03159edd2054d55b92eed380be062f1/gnocchi.680e22c7-4667-4686-8e62-9f4d999ac770%3Fformat%3Djson%26states%3Dlisting HTTP/1.0 204 - Swift - - - - tx881671defb724be5b3df2-0068e5a182 - 0.0047 RL - 1759879554.512826681 1759879554.517488956 0
Oct 7 23:25:54 standalone container-server[130166]: 172.20.0.100 - - [07/Oct/2025:23:25:54 +0000] "GET /d1/31/AUTH_d03159edd2054d55b92eed380be062f1/gnocchi.680e22c7-4667-4686-8e62-9f4d999ac770" 200 2 "GET http://172.18.0.2:8080/v1/AUTH_d03159edd2054d55b92eed380be062f1/gnocchi.680e22c7-4667-4686-8e62-9f4d999ac770?format=json&states=listing" "tx881671defb724be5b3df2-0068e5a182" "proxy-server 20" 0.0025 "-" 21 0
Oct 7 23:25:54 standalone proxy-server[132254]: 172.18.0.2 172.18.0.100 07/Oct/2025/23/25/54 GET /v1/AUTH_d03159edd2054d55b92eed380be062f1/gnocchi.680e22c7-4667-4686-8e62-9f4d999ac770%3Fformat%3Djson%26states%3Dlisting HTTP/1.0 200 - python-swiftclient-3.11.1 gAAAAABo5aFHGHv7... - 2 - tx881671defb724be5b3df2-0068e5a182 - 0.0164 - - 1759879554.511309147 1759879554.527745962 0
Oct 7 23:25:54 standalone object-server[130327]: 172.20.0.100 - - [07/Oct/2025:23:25:54 +0000] "GET /d1/199/AUTH_d03159edd2054d55b92eed380be062f1/gnocchi.680e22c7-4667-4686-8e62-9f4d999ac770/1759320000.0_mean_300.0_v3" 404 70 "GET http://172.18.0.2:8080/v1/AUTH_d03159edd2054d55b92eed380be062f1/gnocchi.680e22c7-4667-4686-8e62-9f4d999ac770/1759320000.0_mean_300.0_v3" "tx962d30e81a9c4aeaa2954-0068e5a182" "proxy-server 20" 0.0004 "-" 24 0
Oct 7 23:25:54 standalone proxy-server[132254]: 172.18.0.2 172.18.0.100 07/Oct/2025/23/25/54 GET /v1/AUTH_d03159edd2054d55b92eed380be062f1/gnocchi.680e22c7-4667-4686-8e62-9f4d999ac770/1759320000.0_mean_300.0_v3 HTTP/1.0 404 - python-swiftclient-3.11.1 gAAAAABo5aFHGHv7... - 70 - tx962d30e81a9c4aeaa2954-0068e5a182 - 0.0078 - - 1759879554.532746315 1759879554.540579796 0
Oct 7 23:25:54 standalone container-server[130176]: 172.20.0.100 - - [07/Oct/2025:23:25:54 +0000] "PUT /d1/31/AUTH_d03159edd2054d55b92eed380be062f1/gnocchi.680e22c7-4667-4686-8e62-9f4d999ac770/1759320000.0_mean_300.0_v3" 201 - "PUT http://172.18.0.2:8080/d1/199/AUTH_d03159edd2054d55b92eed380be062f1/gnocchi.680e22c7-4667-4686-8e62-9f4d999ac770/1759320000.0_mean_300.0_v3" "tx8b3fa23d67cd4890b4e66-0068e5a182" "object-server 23" 0.0006 "-" 22 0
Oct 7 23:25:54 standalone object-server[130325]: 172.20.0.100 - - [07/Oct/2025:23:25:54 +0000] "PUT /d1/199/AUTH_d03159edd2054d55b92eed380be062f1/gnocchi.680e22c7-4667-4686-8e62-9f4d999ac770/1759320000.0_mean_300.0_v3" 201 - "PUT http://172.18.0.2:8080/v1/AUTH_d03159edd2054d55b92eed380be062f1/gnocchi.680e22c7-4667-4686-8e62-9f4d999ac770/1759320000.0_mean_300.0_v3" "tx8b3fa23d67cd4890b4e66-0068e5a182" "proxy-server 20" 0.0304 "-" 23 0
Oct 7 23:25:54 standalone proxy-server[132254]: 172.18.0.2 172.18.0.100 07/Oct/2025/23/25/54 PUT /v1/AUTH_d03159edd2054d55b92eed380be062f1/gnocchi.680e22c7-4667-4686-8e62-9f4d999ac770/1759320000.0_mean_300.0_v3 HTTP/1.0 201 - python-swiftclient-3.11.1 gAAAAABo5aFHGHv7... 16 - - tx8b3fa23d67cd4890b4e66-0068e5a182 - 0.0382 - - 1759879554.544451237 1759879554.582679987 0
Oct 7 23:25:54 standalone container-server[130183]: 172.20.0.100 - - [07/Oct/2025:23:25:54 +0000] "PUT /d1/31/AUTH_d03159edd2054d55b92eed380be062f1/gnocchi.680e22c7-4667-4686-8e62-9f4d999ac770/none_v3" 201 - "PUT http://172.18.0.2:8080/d1/733/AUTH_d03159edd2054d55b92eed380be062f1/gnocchi.680e22c7-4667-4686-8e62-9f4d999ac770/none_v3" "tx88827a09ec8349c98017d-0068e5a182" "object-server 23" 0.0008 "-" 23 0
Oct 7 23:25:54 standalone object-server[130325]: 172.20.0.100 - - [07/Oct/2025:23:25:54 +0000] "PUT /d1/733/AUTH_d03159edd2054d55b92eed380be062f1/gnocchi.680e22c7-4667-4686-8e62-9f4d999ac770/none_v3" 201 - "PUT http://172.18.0.2:8080/v1/AUTH_d03159edd2054d55b92eed380be062f1/gnocchi.680e22c7-4667-4686-8e62-9f4d999ac770/none_v3" "tx88827a09ec8349c98017d-0068e5a182" "proxy-server 20" 0.0222 "-" 23 0
Oct 7 23:25:54 standalone proxy-server[132254]: 172.18.0.2 172.18.0.100 07/Oct/2025/23/25/54 PUT /v1/AUTH_d03159edd2054d55b92eed380be062f1/gnocchi.680e22c7-4667-4686-8e62-9f4d999ac770/none_v3 HTTP/1.0 201 - python-swiftclient-3.11.1 gAAAAABo5aFHGHv7... 22 - - tx88827a09ec8349c98017d-0068e5a182 - 0.0307 - - 1759879554.587337971 1759879554.618029833 0
Oct 7 23:25:54 standalone container-server[130183]: 172.20.0.100 - - [07/Oct/2025:23:25:54 +0000] "HEAD /d1/461/AUTH_d03159edd2054d55b92eed380be062f1/gnocchi.03f64b51-6369-47e3-9cd2-a6e1b9c50dc1" 404 - "HEAD http://172.18.0.2:8080/v1/AUTH_d03159edd2054d55b92eed380be062f1/gnocchi.03f64b51-6369-47e3-9cd2-a6e1b9c50dc1?format=json&states=listing" "tx42b9f52b5c0e4258ac115-0068e5a182" "proxy-server 20" 0.0005 "-" 23 0
Oct 7 23:25:54 standalone object-server[130325]: 172.20.0.100 - - [07/Oct/2025:23:25:54 +0000] "GET /d1/795/AUTH_d03159edd2054d55b92eed380be062f1/gnocchi.03f64b51-6369-47e3-9cd2-a6e1b9c50dc1/none_v3" 404 70 "GET http://172.18.0.2:8080/v1/AUTH_d03159edd2054d55b92eed380be062f1/gnocchi.03f64b51-6369-47e3-9cd2-a6e1b9c50dc1/none_v3" "tx42b9f52b5c0e4258ac115-0068e5a182" "proxy-server 20" 0.0004 "-" 23 0
Oct 7 23:25:54 standalone proxy-server[132254]: 172.18.0.2 172.18.0.100 07/Oct/2025/23/25/54 GET /v1/AUTH_d03159edd2054d55b92eed380be062f1/gnocchi.03f64b51-6369-47e3-9cd2-a6e1b9c50dc1/none_v3 HTTP/1.0 404 - python-swiftclient-3.11.1 gAAAAABo5aFHGHv7... - 70 - tx42b9f52b5c0e4258ac115-0068e5a182 - 0.0117 - - 1759879554.631214142 1759879554.642908335 0
Oct 7 23:25:54 standalone account-server[130119]: 172.20.0.100 - - [07/Oct/2025:23:25:54 +0000] "PUT /d1/322/AUTH_d03159edd2054d55b92eed380be062f1/gnocchi.03f64b51-6369-47e3-9cd2-a6e1b9c50dc1" 201 - "PUT http://172.20.0.100:6001/d1/461/AUTH_d03159edd2054d55b92eed380be062f1/gnocchi.03f64b51-6369-47e3-9cd2-a6e1b9c50dc1" "txbeccb068a4d744d3b36c3-0068e5a182" "container-server 22" 0.0154 "-" 17 0
Oct 7 23:25:54 standalone container-server[130176]: 172.20.0.100 - - [07/Oct/2025:23:25:54 +0000] "PUT /d1/461/AUTH_d03159edd2054d55b92eed380be062f1/gnocchi.03f64b51-6369-47e3-9cd2-a6e1b9c50dc1" 201 - "PUT http://172.18.0.2:8080/v1/AUTH_d03159edd2054d55b92eed380be062f1/gnocchi.03f64b51-6369-47e3-9cd2-a6e1b9c50dc1" "txbeccb068a4d744d3b36c3-0068e5a182" "proxy-server 20" 0.0346 "-" 22 0
Oct 7 23:25:54 standalone proxy-server[132254]: 172.18.0.2 172.18.0.100 07/Oct/2025/23/25/54 PUT /v1/AUTH_d03159edd2054d55b92eed380be062f1/gnocchi.03f64b51-6369-47e3-9cd2-a6e1b9c50dc1 HTTP/1.0 201 - python-swiftclient-3.11.1 gAAAAABo5aFHGHv7... - - - txbeccb068a4d744d3b36c3-0068e5a182 - 0.0404 - - 1759879554.646229744 1759879554.686590195 0
Oct 7 23:25:54 standalone container-server[130176]: 172.20.0.100 - - [07/Oct/2025:23:25:54 +0000] "HEAD /d1/461/AUTH_d03159edd2054d55b92eed380be062f1/gnocchi.03f64b51-6369-47e3-9cd2-a6e1b9c50dc1" 204 - "HEAD http://172.18.0.2:8080/v1/AUTH_d03159edd2054d55b92eed380be062f1/gnocchi.03f64b51-6369-47e3-9cd2-a6e1b9c50dc1?format=json&states=listing" "tx564f57e6d85e45e09c20f-0068e5a182" "proxy-server 20" 0.0010 "-" 22 0
Oct 7 23:25:54 standalone proxy-server[132254]: - - 07/Oct/2025/23/25/54 HEAD /v1/AUTH_d03159edd2054d55b92eed380be062f1/gnocchi.03f64b51-6369-47e3-9cd2-a6e1b9c50dc1%3Fformat%3Djson%26states%3Dlisting HTTP/1.0 204 - Swift - - - - tx564f57e6d85e45e09c20f-0068e5a182 - 0.0045 RL - 1759879554.693079472 1759879554.697588682 0
Oct 7 23:25:54 standalone container-server[130176]: 172.20.0.100 - - [07/Oct/2025:23:25:54 +0000] "GET /d1/461/AUTH_d03159edd2054d55b92eed380be062f1/gnocchi.03f64b51-6369-47e3-9cd2-a6e1b9c50dc1" 200 2 "GET http://172.18.0.2:8080/v1/AUTH_d03159edd2054d55b92eed380be062f1/gnocchi.03f64b51-6369-47e3-9cd2-a6e1b9c50dc1?format=json&states=listing" "tx564f57e6d85e45e09c20f-0068e5a182" "proxy-server 20" 0.0014 "-" 22 0
Oct 7 23:25:54 standalone proxy-server[132254]: 172.18.0.2 172.18.0.100 07/Oct/2025/23/25/54 GET /v1/AUTH_d03159edd2054d55b92eed380be062f1/gnocchi.03f64b51-6369-47e3-9cd2-a6e1b9c50dc1%3Fformat%3Djson%26states%3Dlisting HTTP/1.0 200 - python-swiftclient-3.11.1 gAAAAABo5aFHGHv7... - 2 - tx564f57e6d85e45e09c20f-0068e5a182 - 0.0142 - - 1759879554.691679001 1759879554.705919504 0
Oct 7 23:25:54 standalone object-server[130329]: 172.20.0.100 - - [07/Oct/2025:23:25:54 +0000] "GET /d1/616/AUTH_d03159edd2054d55b92eed380be062f1/gnocchi.03f64b51-6369-47e3-9cd2-a6e1b9c50dc1/1759320000.0_mean_300.0_v3" 404 70 "GET http://172.18.0.2:8080/v1/AUTH_d03159edd2054d55b92eed380be062f1/gnocchi.03f64b51-6369-47e3-9cd2-a6e1b9c50dc1/1759320000.0_mean_300.0_v3" "txf3be743905c84171b5fd4-0068e5a182" "proxy-server 20" 0.0006 "-" 25 0
Oct 7 23:25:54 standalone proxy-server[132254]: 172.18.0.2 172.18.0.100 07/Oct/2025/23/25/54 GET /v1/AUTH_d03159edd2054d55b92eed380be062f1/gnocchi.03f64b51-6369-47e3-9cd2-a6e1b9c50dc1/1759320000.0_mean_300.0_v3 HTTP/1.0 404 - python-swiftclient-3.11.1 gAAAAABo5aFHGHv7... - 70 - txf3be743905c84171b5fd4-0068e5a182 - 0.0077 - - 1759879554.710360765 1759879554.718109131 0
Oct 7 23:25:54 standalone container-server[130183]: 172.20.0.100 - - [07/Oct/2025:23:25:54 +0000] "PUT /d1/461/AUTH_d03159edd2054d55b92eed380be062f1/gnocchi.03f64b51-6369-47e3-9cd2-a6e1b9c50dc1/1759320000.0_mean_300.0_v3" 201 - "PUT http://172.18.0.2:8080/d1/616/AUTH_d03159edd2054d55b92eed380be062f1/gnocchi.03f64b51-6369-47e3-9cd2-a6e1b9c50dc1/1759320000.0_mean_300.0_v3" "tx298db752a45b450ab4bb4-0068e5a182" "object-server 23" 0.0008 "-" 23 0
Oct 7 23:25:54 standalone object-server[130325]: 172.20.0.100 - - [07/Oct/2025:23:25:54 +0000] "PUT /d1/616/AUTH_d03159edd2054d55b92eed380be062f1/gnocchi.03f64b51-6369-47e3-9cd2-a6e1b9c50dc1/1759320000.0_mean_300.0_v3" 201 - "PUT http://172.18.0.2:8080/v1/AUTH_d03159edd2054d55b92eed380be062f1/gnocchi.03f64b51-6369-47e3-9cd2-a6e1b9c50dc1/1759320000.0_mean_300.0_v3" "tx298db752a45b450ab4bb4-0068e5a182" "proxy-server 20" 0.0105 "-" 23 0
Oct 7 23:25:54 standalone proxy-server[132254]: 172.18.0.2 172.18.0.100 07/Oct/2025/23/25/54 PUT /v1/AUTH_d03159edd2054d55b92eed380be062f1/gnocchi.03f64b51-6369-47e3-9cd2-a6e1b9c50dc1/1759320000.0_mean_300.0_v3 HTTP/1.0 201 - python-swiftclient-3.11.1 gAAAAABo5aFHGHv7... 16 - - tx298db752a45b450ab4bb4-0068e5a182 - 0.0176 - - 1759879554.722167253 1759879554.739808559 0
Oct 7 23:25:54 standalone container-server[130183]: 172.20.0.100 - - [07/Oct/2025:23:25:54 +0000] "PUT /d1/461/AUTH_d03159edd2054d55b92eed380be062f1/gnocchi.03f64b51-6369-47e3-9cd2-a6e1b9c50dc1/none_v3" 201 - "PUT http://172.18.0.2:8080/d1/795/AUTH_d03159edd2054d55b92eed380be062f1/gnocchi.03f64b51-6369-47e3-9cd2-a6e1b9c50dc1/none_v3" "tx69d960cdd2954b73a11b5-0068e5a182" "object-server 24" 0.0006 "-" 23 0
Oct 7 23:25:54 standalone object-server[130327]: 172.20.0.100 - - [07/Oct/2025:23:25:54 +0000] "PUT /d1/795/AUTH_d03159edd2054d55b92eed380be062f1/gnocchi.03f64b51-6369-47e3-9cd2-a6e1b9c50dc1/none_v3" 201 - "PUT http://172.18.0.2:8080/v1/AUTH_d03159edd2054d55b92eed380be062f1/gnocchi.03f64b51-6369-47e3-9cd2-a6e1b9c50dc1/none_v3" "tx69d960cdd2954b73a11b5-0068e5a182" "proxy-server 20" 0.0108 "-" 24 0
Oct 7 23:25:54 standalone proxy-server[132254]: 172.18.0.2 172.18.0.100 07/Oct/2025/23/25/54 PUT /v1/AUTH_d03159edd2054d55b92eed380be062f1/gnocchi.03f64b51-6369-47e3-9cd2-a6e1b9c50dc1/none_v3 HTTP/1.0 201 - python-swiftclient-3.11.1 gAAAAABo5aFHGHv7... 22 - - tx69d960cdd2954b73a11b5-0068e5a182 - 0.0184 - - 1759879554.751903534 1759879554.770320415 0
Oct 7 23:26:02 standalone account-server[130116]: 172.20.0.100 - - [07/Oct/2025:23:26:02 +0000] "HEAD /d1/322/AUTH_d03159edd2054d55b92eed380be062f1" 204 - "HEAD http://172.18.0.2:8080/v1/AUTH_d03159edd2054d55b92eed380be062f1?format=json" "txb95f8d1cfacd41e6bda60-0068e5a18a" "proxy-server 20" 0.0064 "-" 15 -
Oct 7 23:26:02 standalone proxy-server[132254]: - - 07/Oct/2025/23/26/02 HEAD /v1/AUTH_d03159edd2054d55b92eed380be062f1%3Fformat%3Djson HTTP/1.0 204 - Swift - - - - txb95f8d1cfacd41e6bda60-0068e5a18a - 0.0104 RL - 1759879562.208353758 1759879562.218764305 -
Oct 7 23:26:02 standalone container-server[130166]: 172.20.0.100 - - [07/Oct/2025:23:26:02 +0000] "HEAD /d1/267/AUTH_d03159edd2054d55b92eed380be062f1/gnocchi.de3f7e11-d90b-4e59-b40a-f5592207ce05" 404 - "HEAD http://172.18.0.2:8080/v1/AUTH_d03159edd2054d55b92eed380be062f1/gnocchi.de3f7e11-d90b-4e59-b40a-f5592207ce05?format=json&states=listing" "txb95f8d1cfacd41e6bda60-0068e5a18a" "proxy-server 20" 0.0006 "-" 21 0
Oct 7 23:26:02 standalone object-server[130325]: 172.20.0.100 - - [07/Oct/2025:23:26:02 +0000] "GET /d1/577/AUTH_d03159edd2054d55b92eed380be062f1/gnocchi.de3f7e11-d90b-4e59-b40a-f5592207ce05/none_v3" 404 70 "GET http://172.18.0.2:8080/v1/AUTH_d03159edd2054d55b92eed380be062f1/gnocchi.de3f7e11-d90b-4e59-b40a-f5592207ce05/none_v3" "txb95f8d1cfacd41e6bda60-0068e5a18a" "proxy-server 20" 0.0006 "-" 23 0
Oct 7 23:26:02 standalone proxy-server[132254]: 172.18.0.2 172.18.0.100 07/Oct/2025/23/26/02 GET /v1/AUTH_d03159edd2054d55b92eed380be062f1/gnocchi.de3f7e11-d90b-4e59-b40a-f5592207ce05/none_v3 HTTP/1.0 404 - python-swiftclient-3.11.1 gAAAAABo5aFHGHv7... - 70 - txb95f8d1cfacd41e6bda60-0068e5a18a - 0.0270 - - 1759879562.206573486 1759879562.233544111 0
Oct 7 23:26:02 standalone account-server[130117]: 172.20.0.100 - - [07/Oct/2025:23:26:02 +0000] "PUT /d1/322/AUTH_d03159edd2054d55b92eed380be062f1/gnocchi.de3f7e11-d90b-4e59-b40a-f5592207ce05" 201 - "PUT http://172.20.0.100:6001/d1/267/AUTH_d03159edd2054d55b92eed380be062f1/gnocchi.de3f7e11-d90b-4e59-b40a-f5592207ce05" "tx21c23c44c75a4e8ba8943-0068e5a18a" "container-server 21" 0.0014 "-" 16 0
Oct 7 23:26:02 standalone container-server[130166]: 172.20.0.100 - - [07/Oct/2025:23:26:02 +0000] "PUT /d1/267/AUTH_d03159edd2054d55b92eed380be062f1/gnocchi.de3f7e11-d90b-4e59-b40a-f5592207ce05" 201 - "PUT http://172.18.0.2:8080/v1/AUTH_d03159edd2054d55b92eed380be062f1/gnocchi.de3f7e11-d90b-4e59-b40a-f5592207ce05" "tx21c23c44c75a4e8ba8943-0068e5a18a" "proxy-server 20" 0.0220 "-" 21 0
Oct 7 23:26:02 standalone proxy-server[132254]: 172.18.0.2 172.18.0.100 07/Oct/2025/23/26/02 PUT /v1/AUTH_d03159edd2054d55b92eed380be062f1/gnocchi.de3f7e11-d90b-4e59-b40a-f5592207ce05 HTTP/1.0 201 - python-swiftclient-3.11.1 gAAAAABo5aFHGHv7... - - - tx21c23c44c75a4e8ba8943-0068e5a18a - 0.0360 - - 1759879562.239205360 1759879562.275201082 0
Oct 7 23:26:02 standalone container-server[130166]: 172.20.0.100 - - [07/Oct/2025:23:26:02 +0000] "HEAD /d1/267/AUTH_d03159edd2054d55b92eed380be062f1/gnocchi.de3f7e11-d90b-4e59-b40a-f5592207ce05" 204 - "HEAD http://172.18.0.2:8080/v1/AUTH_d03159edd2054d55b92eed380be062f1/gnocchi.de3f7e11-d90b-4e59-b40a-f5592207ce05?format=json&states=listing" "tx94a8dcfa224c4572a1467-0068e5a18a" "proxy-server 20" 0.0013 "-" 21 0
Oct 7 23:26:02 standalone proxy-server[132254]: - - 07/Oct/2025/23/26/02 HEAD /v1/AUTH_d03159edd2054d55b92eed380be062f1/gnocchi.de3f7e11-d90b-4e59-b40a-f5592207ce05%3Fformat%3Djson%26states%3Dlisting HTTP/1.0 204 - Swift - - - - tx94a8dcfa224c4572a1467-0068e5a18a - 0.0081 RL - 1759879562.284464836 1759879562.292587519 0
Oct 7 23:26:02 standalone container-server[130166]: 172.20.0.100 - - [07/Oct/2025:23:26:02 +0000] "GET /d1/267/AUTH_d03159edd2054d55b92eed380be062f1/gnocchi.de3f7e11-d90b-4e59-b40a-f5592207ce05" 200 2 "GET http://172.18.0.2:8080/v1/AUTH_d03159edd2054d55b92eed380be062f1/gnocchi.de3f7e11-d90b-4e59-b40a-f5592207ce05?format=json&states=listing" "tx94a8dcfa224c4572a1467-0068e5a18a" "proxy-server 20" 0.0022 "-" 21 0
Oct 7 23:26:02 standalone proxy-server[132254]: 172.18.0.2 172.18.0.100 07/Oct/2025/23/26/02 GET /v1/AUTH_d03159edd2054d55b92eed380be062f1/gnocchi.de3f7e11-d90b-4e59-b40a-f5592207ce05%3Fformat%3Djson%26states%3Dlisting HTTP/1.0 200 - python-swiftclient-3.11.1 gAAAAABo5aFHGHv7... - 2 - tx94a8dcfa224c4572a1467-0068e5a18a - 0.0260 - - 1759879562.278639078 1759879562.304634809 0
Oct 7 23:26:02 standalone object-server[130323]: 172.20.0.100 - - [07/Oct/2025:23:26:02 +0000] "GET /d1/258/AUTH_d03159edd2054d55b92eed380be062f1/gnocchi.de3f7e11-d90b-4e59-b40a-f5592207ce05/1759320000.0_mean_300.0_v3" 404 70 "GET http://172.18.0.2:8080/v1/AUTH_d03159edd2054d55b92eed380be062f1/gnocchi.de3f7e11-d90b-4e59-b40a-f5592207ce05/1759320000.0_mean_300.0_v3" "tx81dd5d60e29a4031bc640-0068e5a18a" "proxy-server 20" 0.0007 "-" 22 0
Oct 7 23:26:02 standalone proxy-server[132254]: 172.18.0.2 172.18.0.100 07/Oct/2025/23/26/02 GET /v1/AUTH_d03159edd2054d55b92eed380be062f1/gnocchi.de3f7e11-d90b-4e59-b40a-f5592207ce05/1759320000.0_mean_300.0_v3 HTTP/1.0 404 - python-swiftclient-3.11.1 gAAAAABo5aFHGHv7... - 70 - tx81dd5d60e29a4031bc640-0068e5a18a - 0.0142 - - 1759879562.308530331 1759879562.322690010 0
Oct 7 23:26:02 standalone container-server[130160]: 172.20.0.100 - - [07/Oct/2025:23:26:02 +0000] "PUT /d1/267/AUTH_d03159edd2054d55b92eed380be062f1/gnocchi.de3f7e11-d90b-4e59-b40a-f5592207ce05/1759320000.0_mean_300.0_v3" 201 - "PUT http://172.18.0.2:8080/d1/258/AUTH_d03159edd2054d55b92eed380be062f1/gnocchi.de3f7e11-d90b-4e59-b40a-f5592207ce05/1759320000.0_mean_300.0_v3" "tx2d2fd63a119c47afb272b-0068e5a18a" "object-server 25" 0.0008 "-" 20 0
Oct 7 23:26:02 standalone object-server[130329]: 172.20.0.100 - - [07/Oct/2025:23:26:02 +0000] "PUT /d1/258/AUTH_d03159edd2054d55b92eed380be062f1/gnocchi.de3f7e11-d90b-4e59-b40a-f5592207ce05/1759320000.0_mean_300.0_v3" 201 - "PUT http://172.18.0.2:8080/v1/AUTH_d03159edd2054d55b92eed380be062f1/gnocchi.de3f7e11-d90b-4e59-b40a-f5592207ce05/1759320000.0_mean_300.0_v3" "tx2d2fd63a119c47afb272b-0068e5a18a" "proxy-server 20" 0.0145 "-" 25 0
Oct 7 23:26:02 standalone proxy-server[132254]: 172.18.0.2 172.18.0.100 07/Oct/2025/23/26/02 PUT /v1/AUTH_d03159edd2054d55b92eed380be062f1/gnocchi.de3f7e11-d90b-4e59-b40a-f5592207ce05/1759320000.0_mean_300.0_v3 HTTP/1.0 201 - python-swiftclient-3.11.1 gAAAAABo5aFHGHv7... 16 - - tx2d2fd63a119c47afb272b-0068e5a18a - 0.0276 - - 1759879562.328016996 1759879562.355583191 0
Oct 7 23:26:02 standalone container-server[130166]: 172.20.0.100 - - [07/Oct/2025:23:26:02 +0000] "PUT /d1/267/AUTH_d03159edd2054d55b92eed380be062f1/gnocchi.de3f7e11-d90b-4e59-b40a-f5592207ce05/none_v3" 201 - "PUT http://172.18.0.2:8080/d1/577/AUTH_d03159edd2054d55b92eed380be062f1/gnocchi.de3f7e11-d90b-4e59-b40a-f5592207ce05/none_v3" "tx35876813c1074545a5f9e-0068e5a18a" "object-server 25" 0.0006 "-" 21 0
Oct 7 23:26:02 standalone object-server[130329]: 172.20.0.100 - - [07/Oct/2025:23:26:02 +0000] "PUT /d1/577/AUTH_d03159edd2054d55b92eed380be062f1/gnocchi.de3f7e11-d90b-4e59-b40a-f5592207ce05/none_v3" 201 - "PUT http://172.18.0.2:8080/v1/AUTH_d03159edd2054d55b92eed380be062f1/gnocchi.de3f7e11-d90b-4e59-b40a-f5592207ce05/none_v3" "tx35876813c1074545a5f9e-0068e5a18a" "proxy-server 20" 0.0137 "-" 25 0
Oct 7 23:26:02 standalone proxy-server[132254]: 172.18.0.2 172.18.0.100 07/Oct/2025/23/26/02 PUT /v1/AUTH_d03159edd2054d55b92eed380be062f1/gnocchi.de3f7e11-d90b-4e59-b40a-f5592207ce05/none_v3 HTTP/1.0 201 - python-swiftclient-3.11.1 gAAAAABo5aFHGHv7... 22 - - tx35876813c1074545a5f9e-0068e5a18a - 0.0301 - - 1759879562.358474970 1759879562.388563633 0
Oct 7 23:26:02 standalone container-server[130183]: 172.20.0.100 - - [07/Oct/2025:23:26:02 +0000] "HEAD /d1/35/AUTH_d03159edd2054d55b92eed380be062f1/gnocchi.e1385ff4-b00b-4c31-b733-7c082847bf8f" 404 - "HEAD http://172.18.0.2:8080/v1/AUTH_d03159edd2054d55b92eed380be062f1/gnocchi.e1385ff4-b00b-4c31-b733-7c082847bf8f?format=json&states=listing" "tx0cbefb22dfca4b7597183-0068e5a18a" "proxy-server 20" 0.0005 "-" 23 0
Oct 7 23:26:02 standalone object-server[130325]: 172.20.0.100 - - [07/Oct/2025:23:26:02 +0000] "GET /d1/876/AUTH_d03159edd2054d55b92eed380be062f1/gnocchi.e1385ff4-b00b-4c31-b733-7c082847bf8f/none_v3" 404 70 "GET http://172.18.0.2:8080/v1/AUTH_d03159edd2054d55b92eed380be062f1/gnocchi.e1385ff4-b00b-4c31-b733-7c082847bf8f/none_v3" "tx0cbefb22dfca4b7597183-0068e5a18a" "proxy-server 20" 0.0003 "-" 23 0
Oct 7 23:26:02 standalone proxy-server[132254]: 172.18.0.2 172.18.0.100 07/Oct/2025/23/26/02 GET /v1/AUTH_d03159edd2054d55b92eed380be062f1/gnocchi.e1385ff4-b00b-4c31-b733-7c082847bf8f/none_v3 HTTP/1.0 404 - python-swiftclient-3.11.1 gAAAAABo5aFHGHv7... - 70 - tx0cbefb22dfca4b7597183-0068e5a18a - 0.0186 - - 1759879562.434764385 1759879562.453361988 0
Oct 7 23:26:02 standalone account-server[130114]: 172.20.0.100 - - [07/Oct/2025:23:26:02 +0000] "PUT /d1/322/AUTH_d03159edd2054d55b92eed380be062f1/gnocchi.e1385ff4-b00b-4c31-b733-7c082847bf8f" 201 - "PUT http://172.20.0.100:6001/d1/35/AUTH_d03159edd2054d55b92eed380be062f1/gnocchi.e1385ff4-b00b-4c31-b733-7c082847bf8f" "txb05b98b389f340b3a63d0-0068e5a18a" "container-server 23" 0.0101 "-" 14 0
Oct 7 23:26:02 standalone container-server[130183]: 172.20.0.100 - - [07/Oct/2025:23:26:02 +0000] "PUT /d1/35/AUTH_d03159edd2054d55b92eed380be062f1/gnocchi.e1385ff4-b00b-4c31-b733-7c082847bf8f" 201 - "PUT http://172.18.0.2:8080/v1/AUTH_d03159edd2054d55b92eed380be062f1/gnocchi.e1385ff4-b00b-4c31-b733-7c082847bf8f" "txb05b98b389f340b3a63d0-0068e5a18a" "proxy-server 20" 0.0246 "-" 23 0
Oct 7 23:26:02 standalone proxy-server[132254]: 172.18.0.2 172.18.0.100 07/Oct/2025/23/26/02 PUT /v1/AUTH_d03159edd2054d55b92eed380be062f1/gnocchi.e1385ff4-b00b-4c31-b733-7c082847bf8f HTTP/1.0 201 - python-swiftclient-3.11.1 gAAAAABo5aFHGHv7... - - - txb05b98b389f340b3a63d0-0068e5a18a - 0.0335 - - 1759879562.456351519 1759879562.489872694 0
Oct 7 23:26:02 standalone container-server[130183]: 172.20.0.100 - - [07/Oct/2025:23:26:02 +0000] "HEAD /d1/35/AUTH_d03159edd2054d55b92eed380be062f1/gnocchi.e1385ff4-b00b-4c31-b733-7c082847bf8f" 204 - "HEAD http://172.18.0.2:8080/v1/AUTH_d03159edd2054d55b92eed380be062f1/gnocchi.e1385ff4-b00b-4c31-b733-7c082847bf8f?format=json&states=listing" "tx5d60936969ac4675a77b4-0068e5a18a" "proxy-server 20" 0.0015 "-" 23 0
Oct 7 23:26:02 standalone proxy-server[132254]: - - 07/Oct/2025/23/26/02 HEAD /v1/AUTH_d03159edd2054d55b92eed380be062f1/gnocchi.e1385ff4-b00b-4c31-b733-7c082847bf8f%3Fformat%3Djson%26states%3Dlisting HTTP/1.0 204 - Swift - - - - tx5d60936969ac4675a77b4-0068e5a18a - 0.0086 RL - 1759879562.498736620 1759879562.507297754 0
Oct 7 23:26:02 standalone container-server[130160]: 172.20.0.100 - - [07/Oct/2025:23:26:02 +0000] "GET /d1/35/AUTH_d03159edd2054d55b92eed380be062f1/gnocchi.e1385ff4-b00b-4c31-b733-7c082847bf8f" 200 2 "GET http://172.18.0.2:8080/v1/AUTH_d03159edd2054d55b92eed380be062f1/gnocchi.e1385ff4-b00b-4c31-b733-7c082847bf8f?format=json&states=listing" "tx5d60936969ac4675a77b4-0068e5a18a" "proxy-server 20" 0.0021 "-" 20 0
Oct 7 23:26:02 standalone proxy-server[132254]: 172.18.0.2 172.18.0.100 07/Oct/2025/23/26/02 GET /v1/AUTH_d03159edd2054d55b92eed380be062f1/gnocchi.e1385ff4-b00b-4c31-b733-7c082847bf8f%3Fformat%3Djson%26states%3Dlisting HTTP/1.0 200 - python-swiftclient-3.11.1 gAAAAABo5aFHGHv7... - 2 - tx5d60936969ac4675a77b4-0068e5a18a - 0.0181 - - 1759879562.497168064 1759879562.515284061 0
Oct 7 23:26:02 standalone object-server[130329]: 172.20.0.100 - - [07/Oct/2025:23:26:02 +0000] "GET /d1/51/AUTH_d03159edd2054d55b92eed380be062f1/gnocchi.e1385ff4-b00b-4c31-b733-7c082847bf8f/1759320000.0_mean_300.0_v3" 404 70 "GET http://172.18.0.2:8080/v1/AUTH_d03159edd2054d55b92eed380be062f1/gnocchi.e1385ff4-b00b-4c31-b733-7c082847bf8f/1759320000.0_mean_300.0_v3" "tx046d1de14be847d78ec04-0068e5a18a" "proxy-server 20" 0.0004 "-" 25 0
