Mar 18 19:21:42 standalone object-server[127362]: 172.20.0.100 - - [18/Mar/2026:19:21:42 +0000] "PUT /d1/228/AUTH_b98e7fab5a2447bb8854015a5f24d8d7/gnocchi.7d69b668-464a-4603-a24d-3ca276741df0/1773360000.0_mean_300.0_v3" 201 - "PUT http://172.18.0.2:8080/v1/AUTH_b98e7fab5a2447bb8854015a5f24d8d7/gnocchi.7d69b668-464a-4603-a24d-3ca276741df0/1773360000.0_mean_300.0_v3" "txa35bd3f013c34998bde63-0069bafb46" "proxy-server 20" 0.0110 "-" 22 0
Mar 18 19:21:42 standalone proxy-server[129214]: 172.18.0.2 172.18.0.100 18/Mar/2026/19/21/42 PUT /v1/AUTH_b98e7fab5a2447bb8854015a5f24d8d7/gnocchi.7d69b668-464a-4603-a24d-3ca276741df0/1773360000.0_mean_300.0_v3 HTTP/1.0 201 - python-swiftclient-3.11.1 gAAAAABpuvrMnc-3... 16 - - txa35bd3f013c34998bde63-0069bafb46 - 0.0157 - - 1773861702.368871450 1773861702.384552002 0
Mar 18 19:21:42 standalone container-server[127167]: 172.20.0.100 - - [18/Mar/2026:19:21:42 +0000] "PUT /d1/417/AUTH_b98e7fab5a2447bb8854015a5f24d8d7/gnocchi.7d69b668-464a-4603-a24d-3ca276741df0/none_v3" 201 - "PUT http://172.18.0.2:8080/d1/1011/AUTH_b98e7fab5a2447bb8854015a5f24d8d7/gnocchi.7d69b668-464a-4603-a24d-3ca276741df0/none_v3" "tx0d3e92078b6543b5b6a72-0069bafb46" "object-server 23" 0.0006 "-" 23 0
Mar 18 19:21:42 standalone object-server[127363]: 172.20.0.100 - - [18/Mar/2026:19:21:42 +0000] "PUT /d1/1011/AUTH_b98e7fab5a2447bb8854015a5f24d8d7/gnocchi.7d69b668-464a-4603-a24d-3ca276741df0/none_v3" 201 - "PUT http://172.18.0.2:8080/v1/AUTH_b98e7fab5a2447bb8854015a5f24d8d7/gnocchi.7d69b668-464a-4603-a24d-3ca276741df0/none_v3" "tx0d3e92078b6543b5b6a72-0069bafb46" "proxy-server 20" 0.0082 "-" 23 0
Mar 18 19:21:42 standalone proxy-server[129214]: 172.18.0.2 172.18.0.100 18/Mar/2026/19/21/42 PUT /v1/AUTH_b98e7fab5a2447bb8854015a5f24d8d7/gnocchi.7d69b668-464a-4603-a24d-3ca276741df0/none_v3 HTTP/1.0 201 - python-swiftclient-3.11.1 gAAAAABpuvrMnc-3... 48 - - tx0d3e92078b6543b5b6a72-0069bafb46 - 0.0127 - - 1773861702.387326479 1773861702.400016308 0
Mar 18 19:21:42 standalone object-server[127366]: 172.20.0.100 - - [18/Mar/2026:19:21:42 +0000] "GET /d1/812/AUTH_b98e7fab5a2447bb8854015a5f24d8d7/gnocchi.01c294ee-b505-40d9-bac6-14e3dd311476/none_v3" 200 33 "GET http://172.18.0.2:8080/v1/AUTH_b98e7fab5a2447bb8854015a5f24d8d7/gnocchi.01c294ee-b505-40d9-bac6-14e3dd311476/none_v3" "txb45429fd7935487c91e7f-0069bafb46" "proxy-server 20" 0.0007 "-" 25 0
Mar 18 19:21:42 standalone proxy-server[129214]: 172.18.0.2 172.18.0.100 18/Mar/2026/19/21/42 GET /v1/AUTH_b98e7fab5a2447bb8854015a5f24d8d7/gnocchi.01c294ee-b505-40d9-bac6-14e3dd311476/none_v3 HTTP/1.0 200 - python-swiftclient-3.11.1 gAAAAABpuvrMnc-3... - 33 - txb45429fd7935487c91e7f-0069bafb46 - 0.0069 - - 1773861702.409257889 1773861702.416175842 0
Mar 18 19:21:42 standalone container-server[127162]: 172.20.0.100 - - [18/Mar/2026:19:21:42 +0000] "GET /d1/442/AUTH_b98e7fab5a2447bb8854015a5f24d8d7/gnocchi.01c294ee-b505-40d9-bac6-14e3dd311476" 200 357 "GET http://172.18.0.2:8080/v1/AUTH_b98e7fab5a2447bb8854015a5f24d8d7/gnocchi.01c294ee-b505-40d9-bac6-14e3dd311476?format=json&states=listing" "tx03d9270575ba435aa4f41-0069bafb46" "proxy-server 20" 0.0071 "-" 21 0
Mar 18 19:21:42 standalone proxy-server[129214]: 172.18.0.2 172.18.0.100 18/Mar/2026/19/21/42 GET /v1/AUTH_b98e7fab5a2447bb8854015a5f24d8d7/gnocchi.01c294ee-b505-40d9-bac6-14e3dd311476%3Fformat%3Djson%26states%3Dlisting HTTP/1.0 200 - python-swiftclient-3.11.1 gAAAAABpuvrMnc-3... - 357 - tx03d9270575ba435aa4f41-0069bafb46 - 0.0135 - - 1773861702.419174671 1773861702.432654619 0
Mar 18 19:21:42 standalone container-server[127167]: 172.20.0.100 - - [18/Mar/2026:19:21:42 +0000] "GET /d1/442/AUTH_b98e7fab5a2447bb8854015a5f24d8d7/gnocchi.01c294ee-b505-40d9-bac6-14e3dd311476" 200 2 "GET http://172.18.0.2:8080/v1/AUTH_b98e7fab5a2447bb8854015a5f24d8d7/gnocchi.01c294ee-b505-40d9-bac6-14e3dd311476?format=json&marker=none_v3&states=listing" "tx0d0c042d935545f99ce2f-0069bafb46" "proxy-server 20" 0.0025 "-" 23 0
Mar 18 19:21:42 standalone proxy-server[129214]: 172.18.0.2 172.18.0.100 18/Mar/2026/19/21/42 GET /v1/AUTH_b98e7fab5a2447bb8854015a5f24d8d7/gnocchi.01c294ee-b505-40d9-bac6-14e3dd311476%3Fformat%3Djson%26marker%3Dnone_v3%26states%3Dlisting HTTP/1.0 200 - python-swiftclient-3.11.1 gAAAAABpuvrMnc-3... - 2 - tx0d0c042d935545f99ce2f-0069bafb46 - 0.0103 - - 1773861702.436011076 1773861702.446273804 0
Mar 18 19:21:42 standalone object-server[127366]: 172.20.0.100 - - [18/Mar/2026:19:21:42 +0000] "GET /d1/78/AUTH_b98e7fab5a2447bb8854015a5f24d8d7/gnocchi.01c294ee-b505-40d9-bac6-14e3dd311476/1773360000.0_mean_300.0_v3" 200 16 "GET http://172.18.0.2:8080/v1/AUTH_b98e7fab5a2447bb8854015a5f24d8d7/gnocchi.01c294ee-b505-40d9-bac6-14e3dd311476/1773360000.0_mean_300.0_v3" "tx2262412dcdd74de48958f-0069bafb46" "proxy-server 20" 0.0008 "-" 25 0
Mar 18 19:21:42 standalone proxy-server[129214]: 172.18.0.2 172.18.0.100 18/Mar/2026/19/21/42 GET /v1/AUTH_b98e7fab5a2447bb8854015a5f24d8d7/gnocchi.01c294ee-b505-40d9-bac6-14e3dd311476/1773360000.0_mean_300.0_v3 HTTP/1.0 200 - python-swiftclient-3.11.1 gAAAAABpuvrMnc-3... - 16 - tx2262412dcdd74de48958f-0069bafb46 - 0.0121 - - 1773861702.450919151 1773861702.463061810 0
Mar 18 19:21:42 standalone container-server[127163]: 172.20.0.100 - - [18/Mar/2026:19:21:42 +0000] "PUT /d1/442/AUTH_b98e7fab5a2447bb8854015a5f24d8d7/gnocchi.01c294ee-b505-40d9-bac6-14e3dd311476/1773360000.0_mean_300.0_v3" 201 - "PUT http://172.18.0.2:8080/d1/78/AUTH_b98e7fab5a2447bb8854015a5f24d8d7/gnocchi.01c294ee-b505-40d9-bac6-14e3dd311476/1773360000.0_mean_300.0_v3" "tx9c7d81d543374217bba57-0069bafb46" "object-server 25" 0.0004 "-" 22 0
Mar 18 19:21:42 standalone object-server[127366]: 172.20.0.100 - - [18/Mar/2026:19:21:42 +0000] "PUT /d1/78/AUTH_b98e7fab5a2447bb8854015a5f24d8d7/gnocchi.01c294ee-b505-40d9-bac6-14e3dd311476/1773360000.0_mean_300.0_v3" 201 - "PUT http://172.18.0.2:8080/v1/AUTH_b98e7fab5a2447bb8854015a5f24d8d7/gnocchi.01c294ee-b505-40d9-bac6-14e3dd311476/1773360000.0_mean_300.0_v3" "tx9c7d81d543374217bba57-0069bafb46" "proxy-server 20" 0.0076 "-" 25 0
Mar 18 19:21:42 standalone proxy-server[129214]: 172.18.0.2 172.18.0.100 18/Mar/2026/19/21/42 PUT /v1/AUTH_b98e7fab5a2447bb8854015a5f24d8d7/gnocchi.01c294ee-b505-40d9-bac6-14e3dd311476/1773360000.0_mean_300.0_v3 HTTP/1.0 201 - python-swiftclient-3.11.1 gAAAAABpuvrMnc-3... 16 - - tx9c7d81d543374217bba57-0069bafb46 - 0.0136 - - 1773861702.467005253 1773861702.480632305 0
Mar 18 19:21:42 standalone container-server[127163]: 172.20.0.100 - - [18/Mar/2026:19:21:42 +0000] "PUT /d1/442/AUTH_b98e7fab5a2447bb8854015a5f24d8d7/gnocchi.01c294ee-b505-40d9-bac6-14e3dd311476/none_v3" 201 - "PUT http://172.18.0.2:8080/d1/812/AUTH_b98e7fab5a2447bb8854015a5f24d8d7/gnocchi.01c294ee-b505-40d9-bac6-14e3dd311476/none_v3" "tx2e440ba3f4d347ada228b-0069bafb46" "object-server 24" 0.0005 "-" 22 0
Mar 18 19:21:42 standalone object-server[127364]: 172.20.0.100 - - [18/Mar/2026:19:21:42 +0000] "PUT /d1/812/AUTH_b98e7fab5a2447bb8854015a5f24d8d7/gnocchi.01c294ee-b505-40d9-bac6-14e3dd311476/none_v3" 201 - "PUT http://172.18.0.2:8080/v1/AUTH_b98e7fab5a2447bb8854015a5f24d8d7/gnocchi.01c294ee-b505-40d9-bac6-14e3dd311476/none_v3" "tx2e440ba3f4d347ada228b-0069bafb46" "proxy-server 20" 0.0096 "-" 24 0
Mar 18 19:21:42 standalone proxy-server[129214]: 172.18.0.2 172.18.0.100 18/Mar/2026/19/21/42 PUT /v1/AUTH_b98e7fab5a2447bb8854015a5f24d8d7/gnocchi.01c294ee-b505-40d9-bac6-14e3dd311476/none_v3 HTTP/1.0 201 - python-swiftclient-3.11.1 gAAAAABpuvrMnc-3... 48 - - tx2e440ba3f4d347ada228b-0069bafb46 - 0.0168 - - 1773861702.483603716 1773861702.500381470 0
Mar 18 19:21:43 standalone object-server[127363]: 172.20.0.100 - - [18/Mar/2026:19:21:43 +0000] "GET /d1/431/AUTH_b98e7fab5a2447bb8854015a5f24d8d7/gnocchi.ded5a820-a12a-4961-b490-70c6de27aa05/none_v3" 200 22 "GET http://172.18.0.2:8080/v1/AUTH_b98e7fab5a2447bb8854015a5f24d8d7/gnocchi.ded5a820-a12a-4961-b490-70c6de27aa05/none_v3" "tx8d9f8561f33f45d7a0350-0069bafb47" "proxy-server 20" 0.0012 "-" 23 0
Mar 18 19:21:43 standalone proxy-server[129214]: 172.18.0.2 172.18.0.100 18/Mar/2026/19/21/43 GET /v1/AUTH_b98e7fab5a2447bb8854015a5f24d8d7/gnocchi.ded5a820-a12a-4961-b490-70c6de27aa05/none_v3 HTTP/1.0 200 - python-swiftclient-3.11.1 gAAAAABpuvrMnc-3... - 22 - tx8d9f8561f33f45d7a0350-0069bafb47 - 0.0114 - - 1773861703.744771242 1773861703.756157637 0
Mar 18 19:21:43 standalone container-server[127162]: 172.20.0.100 - - [18/Mar/2026:19:21:43 +0000] "GET /d1/332/AUTH_b98e7fab5a2447bb8854015a5f24d8d7/gnocchi.ded5a820-a12a-4961-b490-70c6de27aa05" 200 357 "GET http://172.18.0.2:8080/v1/AUTH_b98e7fab5a2447bb8854015a5f24d8d7/gnocchi.ded5a820-a12a-4961-b490-70c6de27aa05?format=json&states=listing" "tx7abcdf128cc147c0ac0de-0069bafb47" "proxy-server 20" 0.0089 "-" 21 0
Mar 18 19:21:43 standalone proxy-server[129214]: 172.18.0.2 172.18.0.100 18/Mar/2026/19/21/43 GET /v1/AUTH_b98e7fab5a2447bb8854015a5f24d8d7/gnocchi.ded5a820-a12a-4961-b490-70c6de27aa05%3Fformat%3Djson%26states%3Dlisting HTTP/1.0 200 - python-swiftclient-3.11.1 gAAAAABpuvrMnc-3... - 357 - tx7abcdf128cc147c0ac0de-0069bafb47 - 0.0179 - - 1773861703.761318207 1773861703.779247522 0
Mar 18 19:21:43 standalone container-server[127163]: 172.20.0.100 - - [18/Mar/2026:19:21:43 +0000] "GET /d1/332/AUTH_b98e7fab5a2447bb8854015a5f24d8d7/gnocchi.ded5a820-a12a-4961-b490-70c6de27aa05" 200 2 "GET http://172.18.0.2:8080/v1/AUTH_b98e7fab5a2447bb8854015a5f24d8d7/gnocchi.ded5a820-a12a-4961-b490-70c6de27aa05?format=json&marker=none_v3&states=listing" "tx4a99a270ec2b43c182751-0069bafb47" "proxy-server 20" 0.0040 "-" 22 0
Mar 18 19:21:43 standalone proxy-server[129214]: 172.18.0.2 172.18.0.100 18/Mar/2026/19/21/43 GET /v1/AUTH_b98e7fab5a2447bb8854015a5f24d8d7/gnocchi.ded5a820-a12a-4961-b490-70c6de27aa05%3Fformat%3Djson%26marker%3Dnone_v3%26states%3Dlisting HTTP/1.0 200 - python-swiftclient-3.11.1 gAAAAABpuvrMnc-3... - 2 - tx4a99a270ec2b43c182751-0069bafb47 - 0.0128 - - 1773861703.783453703 1773861703.796210289 0
Mar 18 19:21:43 standalone object-server[127366]: 172.20.0.100 - - [18/Mar/2026:19:21:43 +0000] "GET /d1/141/AUTH_b98e7fab5a2447bb8854015a5f24d8d7/gnocchi.ded5a820-a12a-4961-b490-70c6de27aa05/1773360000.0_mean_300.0_v3" 200 16 "GET http://172.18.0.2:8080/v1/AUTH_b98e7fab5a2447bb8854015a5f24d8d7/gnocchi.ded5a820-a12a-4961-b490-70c6de27aa05/1773360000.0_mean_300.0_v3" "txe42fb820c57e42c494655-0069bafb47" "proxy-server 20" 0.0007 "-" 25 0
Mar 18 19:21:43 standalone proxy-server[129214]: 172.18.0.2 172.18.0.100 18/Mar/2026/19/21/43 GET /v1/AUTH_b98e7fab5a2447bb8854015a5f24d8d7/gnocchi.ded5a820-a12a-4961-b490-70c6de27aa05/1773360000.0_mean_300.0_v3 HTTP/1.0 200 - python-swiftclient-3.11.1 gAAAAABpuvrMnc-3... - 16 - txe42fb820c57e42c494655-0069bafb47 - 0.0090 - - 1773861703.801400661 1773861703.810394049 0
Mar 18 19:21:43 standalone container-server[127162]: 172.20.0.100 - - [18/Mar/2026:19:21:43 +0000] "PUT /d1/332/AUTH_b98e7fab5a2447bb8854015a5f24d8d7/gnocchi.ded5a820-a12a-4961-b490-70c6de27aa05/1773360000.0_mean_300.0_v3" 201 - "PUT http://172.18.0.2:8080/d1/141/AUTH_b98e7fab5a2447bb8854015a5f24d8d7/gnocchi.ded5a820-a12a-4961-b490-70c6de27aa05/1773360000.0_mean_300.0_v3" "tx651b82f1b18646658f0f8-0069bafb47" "object-server 22" 0.0005 "-" 21 0
Mar 18 19:21:43 standalone object-server[127362]: 172.20.0.100 - - [18/Mar/2026:19:21:43 +0000] "PUT /d1/141/AUTH_b98e7fab5a2447bb8854015a5f24d8d7/gnocchi.ded5a820-a12a-4961-b490-70c6de27aa05/1773360000.0_mean_300.0_v3" 201 - "PUT http://172.18.0.2:8080/v1/AUTH_b98e7fab5a2447bb8854015a5f24d8d7/gnocchi.ded5a820-a12a-4961-b490-70c6de27aa05/1773360000.0_mean_300.0_v3" "tx651b82f1b18646658f0f8-0069bafb47" "proxy-server 20" 0.0104 "-" 22 0
Mar 18 19:21:43 standalone proxy-server[129214]: 172.18.0.2 172.18.0.100 18/Mar/2026/19/21/43 PUT /v1/AUTH_b98e7fab5a2447bb8854015a5f24d8d7/gnocchi.ded5a820-a12a-4961-b490-70c6de27aa05/1773360000.0_mean_300.0_v3 HTTP/1.0 201 - python-swiftclient-3.11.1 gAAAAABpuvrMnc-3... 16 - - tx651b82f1b18646658f0f8-0069bafb47 - 0.0221 - - 1773861703.815359831 1773861703.837466478 0
Mar 18 19:21:43 standalone container-server[127162]: 172.20.0.100 - - [18/Mar/2026:19:21:43 +0000] "PUT /d1/332/AUTH_b98e7fab5a2447bb8854015a5f24d8d7/gnocchi.ded5a820-a12a-4961-b490-70c6de27aa05/none_v3" 201 - "PUT http://172.18.0.2:8080/d1/431/AUTH_b98e7fab5a2447bb8854015a5f24d8d7/gnocchi.ded5a820-a12a-4961-b490-70c6de27aa05/none_v3" "tx96ca026743a1405a9b5bc-0069bafb47" "object-server 22" 0.0004 "-" 21 0
Mar 18 19:21:43 standalone object-server[127362]: 172.20.0.100 - - [18/Mar/2026:19:21:43 +0000] "PUT /d1/431/AUTH_b98e7fab5a2447bb8854015a5f24d8d7/gnocchi.ded5a820-a12a-4961-b490-70c6de27aa05/none_v3" 201 - "PUT http://172.18.0.2:8080/v1/AUTH_b98e7fab5a2447bb8854015a5f24d8d7/gnocchi.ded5a820-a12a-4961-b490-70c6de27aa05/none_v3" "tx96ca026743a1405a9b5bc-0069bafb47" "proxy-server 20" 0.0079 "-" 22 0
Mar 18 19:21:43 standalone proxy-server[129214]: 172.18.0.2 172.18.0.100 18/Mar/2026/19/21/43 PUT /v1/AUTH_b98e7fab5a2447bb8854015a5f24d8d7/gnocchi.ded5a820-a12a-4961-b490-70c6de27aa05/none_v3 HTTP/1.0 201 - python-swiftclient-3.11.1 gAAAAABpuvrMnc-3... 31 - - tx96ca026743a1405a9b5bc-0069bafb47 - 0.0131 - - 1773861703.841175795 1773861703.854273558 0
Mar 18 19:21:52 standalone account-server[127161]: 172.20.0.100 - - [18/Mar/2026:19:21:52 +0000] "HEAD /d1/46/AUTH_b98e7fab5a2447bb8854015a5f24d8d7" 204 - "HEAD http://172.18.0.2:8080/v1/AUTH_b98e7fab5a2447bb8854015a5f24d8d7?format=json" "txabd998647ef3450da47b4-0069bafb50" "proxy-server 20" 0.0076 "-" 23 -
Mar 18 19:21:52 standalone proxy-server[129214]: - - 18/Mar/2026/19/21/52 HEAD /v1/AUTH_b98e7fab5a2447bb8854015a5f24d8d7%3Fformat%3Djson HTTP/1.0 204 - Swift - - - - txabd998647ef3450da47b4-0069bafb50 - 0.0142 RL - 1773861712.384273291 1773861712.398423910 -
Mar 18 19:21:52 standalone object-server[127363]: 172.20.0.100 - - [18/Mar/2026:19:21:52 +0000] "GET /d1/431/AUTH_b98e7fab5a2447bb8854015a5f24d8d7/gnocchi.ded5a820-a12a-4961-b490-70c6de27aa05/none_v3" 200 31 "GET http://172.18.0.2:8080/v1/AUTH_b98e7fab5a2447bb8854015a5f24d8d7/gnocchi.ded5a820-a12a-4961-b490-70c6de27aa05/none_v3" "txabd998647ef3450da47b4-0069bafb50" "proxy-server 20" 0.0009 "-" 23 0
Mar 18 19:21:52 standalone proxy-server[129214]: 172.18.0.2 172.18.0.100 18/Mar/2026/19/21/52 GET /v1/AUTH_b98e7fab5a2447bb8854015a5f24d8d7/gnocchi.ded5a820-a12a-4961-b490-70c6de27aa05/none_v3 HTTP/1.0 200 - python-swiftclient-3.11.1 gAAAAABpuvrMnc-3... - 31 - txabd998647ef3450da47b4-0069bafb50 - 0.0245 - - 1773861712.382507086 1773861712.407035351 0
Mar 18 19:21:52 standalone container-server[127162]: 172.20.0.100 - - [18/Mar/2026:19:21:52 +0000] "GET /d1/332/AUTH_b98e7fab5a2447bb8854015a5f24d8d7/gnocchi.ded5a820-a12a-4961-b490-70c6de27aa05" 200 357 "GET http://172.18.0.2:8080/v1/AUTH_b98e7fab5a2447bb8854015a5f24d8d7/gnocchi.ded5a820-a12a-4961-b490-70c6de27aa05?format=json&states=listing" "txa7566809bc86459c989b8-0069bafb50" "proxy-server 20" 0.0073 "-" 21 0
Mar 18 19:21:52 standalone proxy-server[129214]: 172.18.0.2 172.18.0.100 18/Mar/2026/19/21/52 GET /v1/AUTH_b98e7fab5a2447bb8854015a5f24d8d7/gnocchi.ded5a820-a12a-4961-b490-70c6de27aa05%3Fformat%3Djson%26states%3Dlisting HTTP/1.0 200 - python-swiftclient-3.11.1 gAAAAABpuvrMnc-3... - 357 - txa7566809bc86459c989b8-0069bafb50 - 0.0129 - - 1773861712.409837246 1773861712.422780752 0
Mar 18 19:21:52 standalone container-server[127162]: 172.20.0.100 - - [18/Mar/2026:19:21:52 +0000] "GET /d1/332/AUTH_b98e7fab5a2447bb8854015a5f24d8d7/gnocchi.ded5a820-a12a-4961-b490-70c6de27aa05" 200 2 "GET http://172.18.0.2:8080/v1/AUTH_b98e7fab5a2447bb8854015a5f24d8d7/gnocchi.ded5a820-a12a-4961-b490-70c6de27aa05?format=json&marker=none_v3&states=listing" "txc531e5e7b94f4a498ee55-0069bafb50" "proxy-server 20" 0.0019 "-" 21 0
Mar 18 19:21:52 standalone proxy-server[129214]: 172.18.0.2 172.18.0.100 18/Mar/2026/19/21/52 GET /v1/AUTH_b98e7fab5a2447bb8854015a5f24d8d7/gnocchi.ded5a820-a12a-4961-b490-70c6de27aa05%3Fformat%3Djson%26marker%3Dnone_v3%26states%3Dlisting HTTP/1.0 200 - python-swiftclient-3.11.1 gAAAAABpuvrMnc-3... - 2 - txc531e5e7b94f4a498ee55-0069bafb50 - 0.0070 - - 1773861712.425311089 1773861712.432304621 0
Mar 18 19:21:52 standalone object-server[127362]: 172.20.0.100 - - [18/Mar/2026:19:21:52 +0000] "GET /d1/141/AUTH_b98e7fab5a2447bb8854015a5f24d8d7/gnocchi.ded5a820-a12a-4961-b490-70c6de27aa05/1773360000.0_mean_300.0_v3" 200 16 "GET http://172.18.0.2:8080/v1/AUTH_b98e7fab5a2447bb8854015a5f24d8d7/gnocchi.ded5a820-a12a-4961-b490-70c6de27aa05/1773360000.0_mean_300.0_v3" "tx685e892b172d40ab9430e-0069bafb50" "proxy-server 20" 0.0010 "-" 22 0
Mar 18 19:21:52 standalone proxy-server[129214]: 172.18.0.2 172.18.0.100 18/Mar/2026/19/21/52 GET /v1/AUTH_b98e7fab5a2447bb8854015a5f24d8d7/gnocchi.ded5a820-a12a-4961-b490-70c6de27aa05/1773360000.0_mean_300.0_v3 HTTP/1.0 200 - python-swiftclient-3.11.1 gAAAAABpuvrMnc-3... - 16 - tx685e892b172d40ab9430e-0069bafb50 - 0.0065 - - 1773861712.435159445 1773861712.441698551 0
Mar 18 19:21:52 standalone container-server[127162]: 172.20.0.100 - - [18/Mar/2026:19:21:52 +0000] "PUT /d1/332/AUTH_b98e7fab5a2447bb8854015a5f24d8d7/gnocchi.ded5a820-a12a-4961-b490-70c6de27aa05/1773360000.0_mean_300.0_v3" 201 - "PUT http://172.18.0.2:8080/d1/141/AUTH_b98e7fab5a2447bb8854015a5f24d8d7/gnocchi.ded5a820-a12a-4961-b490-70c6de27aa05/1773360000.0_mean_300.0_v3" "txdb848cd44403451289121-0069bafb50" "object-server 24" 0.0006 "-" 21 0
Mar 18 19:21:52 standalone object-server[127364]: 172.20.0.100 - - [18/Mar/2026:19:21:52 +0000] "PUT /d1/141/AUTH_b98e7fab5a2447bb8854015a5f24d8d7/gnocchi.ded5a820-a12a-4961-b490-70c6de27aa05/1773360000.0_mean_300.0_v3" 201 - "PUT http://172.18.0.2:8080/v1/AUTH_b98e7fab5a2447bb8854015a5f24d8d7/gnocchi.ded5a820-a12a-4961-b490-70c6de27aa05/1773360000.0_mean_300.0_v3" "txdb848cd44403451289121-0069bafb50" "proxy-server 20" 0.0083 "-" 24 0
Mar 18 19:21:52 standalone proxy-server[129214]: 172.18.0.2 172.18.0.100 18/Mar/2026/19/21/52 PUT /v1/AUTH_b98e7fab5a2447bb8854015a5f24d8d7/gnocchi.ded5a820-a12a-4961-b490-70c6de27aa05/1773360000.0_mean_300.0_v3 HTTP/1.0 201 - python-swiftclient-3.11.1 gAAAAABpuvrMnc-3... 16 - - txdb848cd44403451289121-0069bafb50 - 0.0125 - - 1773861712.443777323 1773861712.456299543 0
Mar 18 19:21:52 standalone container-server[127159]: 172.20.0.100 - - [18/Mar/2026:19:21:52 +0000] "PUT /d1/332/AUTH_b98e7fab5a2447bb8854015a5f24d8d7/gnocchi.ded5a820-a12a-4961-b490-70c6de27aa05/none_v3" 201 - "PUT http://172.18.0.2:8080/d1/431/AUTH_b98e7fab5a2447bb8854015a5f24d8d7/gnocchi.ded5a820-a12a-4961-b490-70c6de27aa05/none_v3" "tx4b3c60cc5dec420294ce3-0069bafb50" "object-server 23" 0.0004 "-" 20 0
Mar 18 19:21:52 standalone object-server[127363]: 172.20.0.100 - - [18/Mar/2026:19:21:52 +0000] "PUT /d1/431/AUTH_b98e7fab5a2447bb8854015a5f24d8d7/gnocchi.ded5a820-a12a-4961-b490-70c6de27aa05/none_v3" 201 - "PUT http://172.18.0.2:8080/v1/AUTH_b98e7fab5a2447bb8854015a5f24d8d7/gnocchi.ded5a820-a12a-4961-b490-70c6de27aa05/none_v3" "tx4b3c60cc5dec420294ce3-0069bafb50" "proxy-server 20" 0.0075 "-" 23 0
Mar 18 19:21:52 standalone proxy-server[129214]: 172.18.0.2 172.18.0.100 18/Mar/2026/19/21/52 PUT /v1/AUTH_b98e7fab5a2447bb8854015a5f24d8d7/gnocchi.ded5a820-a12a-4961-b490-70c6de27aa05/none_v3 HTTP/1.0 201 - python-swiftclient-3.11.1 gAAAAABpuvrMnc-3... 46 - - tx4b3c60cc5dec420294ce3-0069bafb50 - 0.0118 - - 1773861712.458297253 1773861712.470073462 0
Mar 18 19:21:53 standalone object-server[127362]: 172.20.0.100 - - [18/Mar/2026:19:21:53 +0000] "GET /d1/431/AUTH_b98e7fab5a2447bb8854015a5f24d8d7/gnocchi.ded5a820-a12a-4961-b490-70c6de27aa05/none_v3" 200 46 "GET http://172.18.0.2:8080/v1/AUTH_b98e7fab5a2447bb8854015a5f24d8d7/gnocchi.ded5a820-a12a-4961-b490-70c6de27aa05/none_v3" "txaefa5e45d9ae417da2823-0069bafb51" "proxy-server 20" 0.0009 "-" 22 0
Mar 18 19:21:53 standalone proxy-server[129214]: 172.18.0.2 172.18.0.100 18/Mar/2026/19/21/53 GET /v1/AUTH_b98e7fab5a2447bb8854015a5f24d8d7/gnocchi.ded5a820-a12a-4961-b490-70c6de27aa05/none_v3 HTTP/1.0 200 - python-swiftclient-3.11.1 gAAAAABpuvrMnc-3... - 46 - txaefa5e45d9ae417da2823-0069bafb51 - 0.0085 - - 1773861713.031243324 1773861713.039719820 0
Mar 18 19:21:53 standalone container-server[127162]: 172.20.0.100 - - [18/Mar/2026:19:21:53 +0000] "GET /d1/332/AUTH_b98e7fab5a2447bb8854015a5f24d8d7/gnocchi.ded5a820-a12a-4961-b490-70c6de27aa05" 200 357 "GET http://172.18.0.2:8080/v1/AUTH_b98e7fab5a2447bb8854015a5f24d8d7/gnocchi.ded5a820-a12a-4961-b490-70c6de27aa05?format=json&states=listing" "tx86a3b36b2a2f4653b8095-0069bafb51" "proxy-server 20" 0.0094 "-" 21 0
Mar 18 19:21:53 standalone proxy-server[129214]: 172.18.0.2 172.18.0.100 18/Mar/2026/19/21/53 GET /v1/AUTH_b98e7fab5a2447bb8854015a5f24d8d7/gnocchi.ded5a820-a12a-4961-b490-70c6de27aa05%3Fformat%3Djson%26states%3Dlisting HTTP/1.0 200 - python-swiftclient-3.11.1 gAAAAABpuvrMnc-3... - 357 - tx86a3b36b2a2f4653b8095-0069bafb51 - 0.0162 - - 1773861713.042546272 1773861713.058702946 0
Mar 18 19:21:53 standalone container-server[127162]: 172.20.0.100 - - [18/Mar/2026:19:21:53 +0000] "GET /d1/332/AUTH_b98e7fab5a2447bb8854015a5f24d8d7/gnocchi.ded5a820-a12a-4961-b490-70c6de27aa05" 200 2 "GET http://172.18.0.2:8080/v1/AUTH_b98e7fab5a2447bb8854015a5f24d8d7/gnocchi.ded5a820-a12a-4961-b490-70c6de27aa05?format=json&marker=none_v3&states=listing" "tx91f6287d332f4bd1bf189-0069bafb51" "proxy-server 20" 0.0037 "-" 21 0
Mar 18 19:21:53 standalone proxy-server[129214]: 172.18.0.2 172.18.0.100 18/Mar/2026/19/21/53 GET /v1/AUTH_b98e7fab5a2447bb8854015a5f24d8d7/gnocchi.ded5a820-a12a-4961-b490-70c6de27aa05%3Fformat%3Djson%26marker%3Dnone_v3%26states%3Dlisting HTTP/1.0 200 - python-swiftclient-3.11.1 gAAAAABpuvrMnc-3... - 2 - tx91f6287d332f4bd1bf189-0069bafb51 - 0.0093 - - 1773861713.061183691 1773861713.070441246 0
Mar 18 19:21:53 standalone object-server[127363]: 172.20.0.100 - - [18/Mar/2026:19:21:53 +0000] "GET /d1/141/AUTH_b98e7fab5a2447bb8854015a5f24d8d7/gnocchi.ded5a820-a12a-4961-b490-70c6de27aa05/1773360000.0_mean_300.0_v3" 200 16 "GET http://172.18.0.2:8080/v1/AUTH_b98e7fab5a2447bb8854015a5f24d8d7/gnocchi.ded5a820-a12a-4961-b490-70c6de27aa05/1773360000.0_mean_300.0_v3" "tx23f9152031584f1ab32fe-0069bafb51" "proxy-server 20" 0.0007 "-" 23 0
Mar 18 19:21:53 standalone proxy-server[129214]: 172.18.0.2 172.18.0.100 18/Mar/2026/19/21/53 GET /v1/AUTH_b98e7fab5a2447bb8854015a5f24d8d7/gnocchi.ded5a820-a12a-4961-b490-70c6de27aa05/1773360000.0_mean_300.0_v3 HTTP/1.0 200 - python-swiftclient-3.11.1 gAAAAABpuvrMnc-3... - 16 - tx23f9152031584f1ab32fe-0069bafb51 - 0.0061 - - 1773861713.073199272 1773861713.079286814 0
Mar 18 19:21:53 standalone container-server[127163]: 172.20.0.100 - - [18/Mar/2026:19:21:53 +0000] "PUT /d1/332/AUTH_b98e7fab5a2447bb8854015a5f24d8d7/gnocchi.ded5a820-a12a-4961-b490-70c6de27aa05/1773360000.0_mean_300.0_v3" 201 - "PUT http://172.18.0.2:8080/d1/141/AUTH_b98e7fab5a2447bb8854015a5f24d8d7/gnocchi.ded5a820-a12a-4961-b490-70c6de27aa05/1773360000.0_mean_300.0_v3" "tx5da8ce3149f64d9b97b03-0069bafb51" "object-server 22" 0.0009 "-" 22 0
Mar 18 19:21:53 standalone object-server[127362]: 172.20.0.100 - - [18/Mar/2026:19:21:53 +0000] "PUT /d1/141/AUTH_b98e7fab5a2447bb8854015a5f24d8d7/gnocchi.ded5a820-a12a-4961-b490-70c6de27aa05/1773360000.0_mean_300.0_v3" 201 - "PUT http://172.18.0.2:8080/v1/AUTH_b98e7fab5a2447bb8854015a5f24d8d7/gnocchi.ded5a820-a12a-4961-b490-70c6de27aa05/1773360000.0_mean_300.0_v3" "tx5da8ce3149f64d9b97b03-0069bafb51" "proxy-server 20" 0.0134 "-" 22 0
Mar 18 19:21:53 standalone proxy-server[129214]: 172.18.0.2 172.18.0.100 18/Mar/2026/19/21/53 PUT /v1/AUTH_b98e7fab5a2447bb8854015a5f24d8d7/gnocchi.ded5a820-a12a-4961-b490-70c6de27aa05/1773360000.0_mean_300.0_v3 HTTP/1.0 201 - python-swiftclient-3.11.1 gAAAAABpuvrMnc-3... 16 - - tx5da8ce3149f64d9b97b03-0069bafb51 - 0.0183 - - 1773861713.081881046 1773861713.100139618 0
Mar 18 19:21:53 standalone container-server[127159]: 172.20.0.100 - - [18/Mar/2026:19:21:53 +0000] "PUT /d1/332/AUTH_b98e7fab5a2447bb8854015a5f24d8d7/gnocchi.ded5a820-a12a-4961-b490-70c6de27aa05/none_v3" 201 - "PUT http://172.18.0.2:8080/d1/431/AUTH_b98e7fab5a2447bb8854015a5f24d8d7/gnocchi.ded5a820-a12a-4961-b490-70c6de27aa05/none_v3" "tx7bc7795b6725445798b05-0069bafb51" "object-server 23" 0.0008 "-" 20 0
Mar 18 19:21:53 standalone object-server[127363]: 172.20.0.100 - - [18/Mar/2026:19:21:53 +0000] "PUT /d1/431/AUTH_b98e7fab5a2447bb8854015a5f24d8d7/gnocchi.ded5a820-a12a-4961-b490-70c6de27aa05/none_v3" 201 - "PUT http://172.18.0.2:8080/v1/AUTH_b98e7fab5a2447bb8854015a5f24d8d7/gnocchi.ded5a820-a12a-4961-b490-70c6de27aa05/none_v3" "tx7bc7795b6725445798b05-0069bafb51" "proxy-server 20" 0.0110 "-" 23 0
Mar 18 19:21:53 standalone proxy-server[129214]: 172.18.0.2 172.18.0.100 18/Mar/2026/19/21/53 PUT /v1/AUTH_b98e7fab5a2447bb8854015a5f24d8d7/gnocchi.ded5a820-a12a-4961-b490-70c6de27aa05/none_v3 HTTP/1.0 201 - python-swiftclient-3.11.1 gAAAAABpuvrMnc-3... 51 - - tx7bc7795b6725445798b05-0069bafb51 - 0.0153 - - 1773861713.103658915 1773861713.118994951 0
Mar 18 19:21:55 standalone container-server[127159]: 172.20.0.100 - - [18/Mar/2026:19:21:55 +0000] "HEAD /d1/368/AUTH_b98e7fab5a2447bb8854015a5f24d8d7/gnocchi.828e0a85-8eb9-4732-ab60-961a103bfeba" 404 - "HEAD http://172.18.0.2:8080/v1/AUTH_b98e7fab5a2447bb8854015a5f24d8d7/gnocchi.828e0a85-8eb9-4732-ab60-961a103bfeba?format=json&states=listing" "tx21d39bf305854189ad267-0069bafb53" "proxy-server 20" 0.0005 "-" 20 0
Mar 18 19:21:55 standalone object-server[127362]: 172.20.0.100 - - [18/Mar/2026:19:21:55 +0000] "GET /d1/367/AUTH_b98e7fab5a2447bb8854015a5f24d8d7/gnocchi.828e0a85-8eb9-4732-ab60-961a103bfeba/none_v3" 404 70 "GET http://172.18.0.2:8080/v1/AUTH_b98e7fab5a2447bb8854015a5f24d8d7/gnocchi.828e0a85-8eb9-4732-ab60-961a103bfeba/none_v3" "tx21d39bf305854189ad267-0069bafb53" "proxy-server 20" 0.0005 "-" 22 0
Mar 18 19:21:55 standalone proxy-server[129214]: 172.18.0.2 172.18.0.100 18/Mar/2026/19/21/55 GET /v1/AUTH_b98e7fab5a2447bb8854015a5f24d8d7/gnocchi.828e0a85-8eb9-4732-ab60-961a103bfeba/none_v3 HTTP/1.0 404 - python-swiftclient-3.11.1 gAAAAABpuvrMnc-3... - 70 - tx21d39bf305854189ad267-0069bafb53 - 0.0107 - - 1773861715.753957033 1773861715.764635801 0
Mar 18 19:21:55 standalone account-server[127158]: 172.20.0.100 - - [18/Mar/2026:19:21:55 +0000] "PUT /d1/46/AUTH_b98e7fab5a2447bb8854015a5f24d8d7/gnocchi.828e0a85-8eb9-4732-ab60-961a103bfeba" 201 - "PUT http://172.20.0.100:6001/d1/368/AUTH_b98e7fab5a2447bb8854015a5f24d8d7/gnocchi.828e0a85-8eb9-4732-ab60-961a103bfeba" "txc80c3f4368ea41acbb00e-0069bafb53" "container-server 20" 0.0020 "-" 22 0
Mar 18 19:21:55 standalone container-server[127159]: 172.20.0.100 - - [18/Mar/2026:19:21:55 +0000] "PUT /d1/368/AUTH_b98e7fab5a2447bb8854015a5f24d8d7/gnocchi.828e0a85-8eb9-4732-ab60-961a103bfeba" 201 - "PUT http://172.18.0.2:8080/v1/AUTH_b98e7fab5a2447bb8854015a5f24d8d7/gnocchi.828e0a85-8eb9-4732-ab60-961a103bfeba" "txc80c3f4368ea41acbb00e-0069bafb53" "proxy-server 20" 0.0145 "-" 20 0
Mar 18 19:21:55 standalone proxy-server[129214]: 172.18.0.2 172.18.0.100 18/Mar/2026/19/21/55 PUT /v1/AUTH_b98e7fab5a2447bb8854015a5f24d8d7/gnocchi.828e0a85-8eb9-4732-ab60-961a103bfeba HTTP/1.0 201 - python-swiftclient-3.11.1 gAAAAABpuvrMnc-3... - - - txc80c3f4368ea41acbb00e-0069bafb53 - 0.0196 - - 1773861715.768564463 1773861715.788141012 0
Mar 18 19:21:55 standalone container-server[127162]: 172.20.0.100 - - [18/Mar/2026:19:21:55 +0000] "HEAD /d1/368/AUTH_b98e7fab5a2447bb8854015a5f24d8d7/gnocchi.828e0a85-8eb9-4732-ab60-961a103bfeba" 204 - "HEAD http://172.18.0.2:8080/v1/AUTH_b98e7fab5a2447bb8854015a5f24d8d7/gnocchi.828e0a85-8eb9-4732-ab60-961a103bfeba?format=json&states=listing" "tx184b18eed436498684a3c-0069bafb53" "proxy-server 20" 0.0012 "-" 21 0
Mar 18 19:21:55 standalone proxy-server[129214]: - - 18/Mar/2026/19/21/55 HEAD /v1/AUTH_b98e7fab5a2447bb8854015a5f24d8d7/gnocchi.828e0a85-8eb9-4732-ab60-961a103bfeba%3Fformat%3Djson%26states%3Dlisting HTTP/1.0 204 - Swift - - - - tx184b18eed436498684a3c-0069bafb53 - 0.0043 RL - 1773861715.795374870 1773861715.799666643 0
Mar 18 19:21:55 standalone container-server[127162]: 172.20.0.100 - - [18/Mar/2026:19:21:55 +0000] "GET /d1/368/AUTH_b98e7fab5a2447bb8854015a5f24d8d7/gnocchi.828e0a85-8eb9-4732-ab60-961a103bfeba" 200 2 "GET http://172.18.0.2:8080/v1/AUTH_b98e7fab5a2447bb8854015a5f24d8d7/gnocchi.828e0a85-8eb9-4732-ab60-961a103bfeba?format=json&states=listing" "tx184b18eed436498684a3c-0069bafb53" "proxy-server 20" 0.0019 "-" 21 0
Mar 18 19:21:55 standalone proxy-server[129214]: 172.18.0.2 172.18.0.100 18/Mar/2026/19/21/55 GET /v1/AUTH_b98e7fab5a2447bb8854015a5f24d8d7/gnocchi.828e0a85-8eb9-4732-ab60-961a103bfeba%3Fformat%3Djson%26states%3Dlisting HTTP/1.0 200 - python-swiftclient-3.11.1 gAAAAABpuvrMnc-3... - 2 - tx184b18eed436498684a3c-0069bafb53 - 0.0135 - - 1773861715.794308424 1773861715.807764053 0
Mar 18 19:21:55 standalone object-server[127366]: 172.20.0.100 - - [18/Mar/2026:19:21:55 +0000] "GET /d1/304/AUTH_b98e7fab5a2447bb8854015a5f24d8d7/gnocchi.828e0a85-8eb9-4732-ab60-961a103bfeba/1773360000.0_mean_300.0_v3" 404 70 "GET http://172.18.0.2:8080/v1/AUTH_b98e7fab5a2447bb8854015a5f24d8d7/gnocchi.828e0a85-8eb9-4732-ab60-961a103bfeba/1773360000.0_mean_300.0_v3" "tx8ada5c0f2e514d2a99378-0069bafb53" "proxy-server 20" 0.0004 "-" 25 0
Mar 18 19:21:55 standalone proxy-server[129214]: 172.18.0.2 172.18.0.100 18/Mar/2026/19/21/55 GET /v1/AUTH_b98e7fab5a2447bb8854015a5f24d8d7/gnocchi.828e0a85-8eb9-4732-ab60-961a103bfeba/1773360000.0_mean_300.0_v3 HTTP/1.0 404 - python-swiftclient-3.11.1 gAAAAABpuvrMnc-3... - 70 - tx8ada5c0f2e514d2a99378-0069bafb53 - 0.0086 - - 1773861715.811701536 1773861715.820297718 0
Mar 18 19:21:55 standalone container-server[127167]: 172.20.0.100 - - [18/Mar/2026:19:21:55 +0000] "PUT /d1/368/AUTH_b98e7fab5a2447bb8854015a5f24d8d7/gnocchi.828e0a85-8eb9-4732-ab60-961a103bfeba/1773360000.0_mean_300.0_v3" 201 - "PUT http://172.18.0.2:8080/d1/304/AUTH_b98e7fab5a2447bb8854015a5f24d8d7/gnocchi.828e0a85-8eb9-4732-ab60-961a103bfeba/1773360000.0_mean_300.0_v3" "tx80dfc1487ae84b22b40ba-0069bafb53" "object-server 23" 0.0006 "-" 23 0
Mar 18 19:21:55 standalone object-server[127363]: 172.20.0.100 - - [18/Mar/2026:19:21:55 +0000] "PUT /d1/304/AUTH_b98e7fab5a2447bb8854015a5f24d8d7/gnocchi.828e0a85-8eb9-4732-ab60-961a103bfeba/1773360000.0_mean_300.0_v3" 201 - "PUT http://172.18.0.2:8080/v1/AUTH_b98e7fab5a2447bb8854015a5f24d8d7/gnocchi.828e0a85-8eb9-4732-ab60-961a103bfeba/1773360000.0_mean_300.0_v3" "tx80dfc1487ae84b22b40ba-0069bafb53" "proxy-server 20" 0.0102 "-" 23 0
Mar 18 19:21:55 standalone proxy-server[129214]: 172.18.0.2 172.18.0.100 18/Mar/2026/19/21/55 PUT /v1/AUTH_b98e7fab5a2447bb8854015a5f24d8d7/gnocchi.828e0a85-8eb9-4732-ab60-961a103bfeba/1773360000.0_mean_300.0_v3 HTTP/1.0 201 - python-swiftclient-3.11.1 gAAAAABpuvrMnc-3... 16 - - tx80dfc1487ae84b22b40ba-0069bafb53 - 0.0189 - - 1773861715.823522568 1773861715.842391968 0
Mar 18 19:21:55 standalone container-server[127162]: 172.20.0.100 - - [18/Mar/2026:19:21:55 +0000] "PUT /d1/368/AUTH_b98e7fab5a2447bb8854015a5f24d8d7/gnocchi.828e0a85-8eb9-4732-ab60-961a103bfeba/none_v3" 201 - "PUT http://172.18.0.2:8080/d1/367/AUTH_b98e7fab5a2447bb8854015a5f24d8d7/gnocchi.828e0a85-8eb9-4732-ab60-961a103bfeba/none_v3" "txa5f87cfc396d45cf9b40e-0069bafb53" "object-server 22" 0.0006 "-" 21 0
Mar 18 19:21:55 standalone object-server[127362]: 172.20.0.100 - - [18/Mar/2026:19:21:55 +0000] "PUT /d1/367/AUTH_b98e7fab5a2447bb8854015a5f24d8d7/gnocchi.828e0a85-8eb9-4732-ab60-961a103bfeba/none_v3" 201 - "PUT http://172.18.0.2:8080/v1/AUTH_b98e7fab5a2447bb8854015a5f24d8d7/gnocchi.828e0a85-8eb9-4732-ab60-961a103bfeba/none_v3" "txa5f87cfc396d45cf9b40e-0069bafb53" "proxy-server 20" 0.0106 "-" 22 0
Mar 18 19:21:55 standalone proxy-server[129214]: 172.18.0.2 172.18.0.100 18/Mar/2026/19/21/55 PUT /v1/AUTH_b98e7fab5a2447bb8854015a5f24d8d7/gnocchi.828e0a85-8eb9-4732-ab60-961a103bfeba/none_v3 HTTP/1.0 201 - python-swiftclient-3.11.1 gAAAAABpuvrMnc-3... 22 - - txa5f87cfc396d45cf9b40e-0069bafb53 - 0.0183 - - 1773861715.845785379 1773861715.864097595 0
Mar 18 19:21:55 standalone container-server[127163]: 172.20.0.100 - - [18/Mar/2026:19:21:55 +0000] "HEAD /d1/218/AUTH_b98e7fab5a2447bb8854015a5f24d8d7/gnocchi.0d5fc060-61e9-4ada-b3fe-3d13eb609edf" 404 - "HEAD http://172.18.0.2:8080/v1/AUTH_b98e7fab5a2447bb8854015a5f24d8d7/gnocchi.0d5fc060-61e9-4ada-b3fe-3d13eb609edf?format=json&states=listing" "txba9295ea6ac742418e4e3-0069bafb53" "proxy-server 20" 0.0003 "-" 22 0
Mar 18 19:21:55 standalone object-server[127364]: 172.20.0.100 - - [18/Mar/2026:19:21:55 +0000] "GET /d1/912/AUTH_b98e7fab5a2447bb8854015a5f24d8d7/gnocchi.0d5fc060-61e9-4ada-b3fe-3d13eb609edf/none_v3" 404 70 "GET http://172.18.0.2:8080/v1/AUTH_b98e7fab5a2447bb8854015a5f24d8d7/gnocchi.0d5fc060-61e9-4ada-b3fe-3d13eb609edf/none_v3" "txba9295ea6ac742418e4e3-0069bafb53" "proxy-server 20" 0.0004 "-" 24 0
Mar 18 19:21:55 standalone proxy-server[129214]: 172.18.0.2 172.18.0.100 18/Mar/2026/19/21/55 GET /v1/AUTH_b98e7fab5a2447bb8854015a5f24d8d7/gnocchi.0d5fc060-61e9-4ada-b3fe-3d13eb609edf/none_v3 HTTP/1.0 404 - python-swiftclient-3.11.1 gAAAAABpuvrMnc-3... - 70 - txba9295ea6ac742418e4e3-0069bafb53 - 0.0111 - - 1773861715.873874426 1773861715.885004044 0
Mar 18 19:21:55 standalone account-server[127152]: 172.20.0.100 - - [18/Mar/2026:19:21:55 +0000] "PUT /d1/46/AUTH_b98e7fab5a2447bb8854015a5f24d8d7/gnocchi.0d5fc060-61e9-4ada-b3fe-3d13eb609edf" 201 - "PUT http://172.20.0.100:6001/d1/218/AUTH_b98e7fab5a2447bb8854015a5f24d8d7/gnocchi.0d5fc060-61e9-4ada-b3fe-3d13eb609edf" "tx351601b31c94474ebca09-0069bafb53" "container-server 20" 0.0062 "-" 20 0
Mar 18 19:21:55 standalone container-server[127159]: 172.20.0.100 - - [18/Mar/2026:19:21:55 +0000] "PUT /d1/218/AUTH_b98e7fab5a2447bb8854015a5f24d8d7/gnocchi.0d5fc060-61e9-4ada-b3fe-3d13eb609edf" 201 - "PUT http://172.18.0.2:8080/v1/AUTH_b98e7fab5a2447bb8854015a5f24d8d7/gnocchi.0d5fc060-61e9-4ada-b3fe-3d13eb609edf" "tx351601b31c94474ebca09-0069bafb53" "proxy-server 20" 0.0197 "-" 20 0
Mar 18 19:21:55 standalone proxy-server[129214]: 172.18.0.2 172.18.0.100 18/Mar/2026/19/21/55 PUT /v1/AUTH_b98e7fab5a2447bb8854015a5f24d8d7/gnocchi.0d5fc060-61e9-4ada-b3fe-3d13eb609edf HTTP/1.0 201 - python-swiftclient-3.11.1 gAAAAABpuvrMnc-3... - - - tx351601b31c94474ebca09-0069bafb53 - 0.0270 - - 1773861715.888338804 1773861715.915356636 0
Mar 18 19:21:55 standalone container-server[127163]: 172.20.0.100 - - [18/Mar/2026:19:21:55 +0000] "HEAD /d1/218/AUTH_b98e7fab5a2447bb8854015a5f24d8d7/gnocchi.0d5fc060-61e9-4ada-b3fe-3d13eb609edf" 204 - "HEAD http://172.18.0.2:8080/v1/AUTH_b98e7fab5a2447bb8854015a5f24d8d7/gnocchi.0d5fc060-61e9-4ada-b3fe-3d13eb609edf?format=json&states=listing" "tx6f05b9a0f26f4edeb573b-0069bafb53" "proxy-server 20" 0.0011 "-" 22 0
Mar 18 19:21:55 standalone proxy-server[129214]: - - 18/Mar/2026/19/21/55 HEAD /v1/AUTH_b98e7fab5a2447bb8854015a5f24d8d7/gnocchi.0d5fc060-61e9-4ada-b3fe-3d13eb609edf%3Fformat%3Djson%26states%3Dlisting HTTP/1.0 204 - Swift - - - - tx6f05b9a0f26f4edeb573b-0069bafb53 - 0.0268 RL - 1773861715.930508852 1773861715.957314014 0
Mar 18 19:21:55 standalone container-server[127167]: 172.20.0.100 - - [18/Mar/2026:19:21:55 +0000] "GET /d1/218/AUTH_b98e7fab5a2447bb8854015a5f24d8d7/gnocchi.0d5fc060-61e9-4ada-b3fe-3d13eb609edf" 200 2 "GET http://172.18.0.2:8080/v1/AUTH_b98e7fab5a2447bb8854015a5f24d8d7/gnocchi.0d5fc060-61e9-4ada-b3fe-3d13eb609edf?format=json&states=listing" "tx6f05b9a0f26f4edeb573b-0069bafb53" "proxy-server 20" 0.0051 "-" 23 0
Mar 18 19:21:55 standalone proxy-server[129214]: 172.18.0.2 172.18.0.100 18/Mar/2026/19/21/55 GET /v1/AUTH_b98e7fab5a2447bb8854015a5f24d8d7/gnocchi.0d5fc060-61e9-4ada-b3fe-3d13eb609edf%3Fformat%3Djson%26states%3Dlisting HTTP/1.0 200 - python-swiftclient-3.11.1 gAAAAABpuvrMnc-3... - 2 - tx6f05b9a0f26f4edeb573b-0069bafb53 - 0.0438 - - 1773861715.928359985 1773861715.972151518 0
Mar 18 19:21:55 standalone object-server[127366]: 172.20.0.100 - - [18/Mar/2026:19:21:55 +0000] "GET /d1/406/AUTH_b98e7fab5a2447bb8854015a5f24d8d7/gnocchi.0d5fc060-61e9-4ada-b3fe-3d13eb609edf/1773360000.0_mean_300.0_v3" 404 70 "GET http://172.18.0.2:8080/v1/AUTH_b98e7fab5a2447bb8854015a5f24d8d7/gnocchi.0d5fc060-61e9-4ada-b3fe-3d13eb609edf/1773360000.0_mean_300.0_v3" "tx199b36df8d234402abac1-0069bafb53" "proxy-server 20" 0.0006 "-" 25 0
Mar 18 19:21:55 standalone proxy-server[129214]: 172.18.0.2 172.18.0.100 18/Mar/2026/19/21/55 GET /v1/AUTH_b98e7fab5a2447bb8854015a5f24d8d7/gnocchi.0d5fc060-61e9-4ada-b3fe-3d13eb609edf/1773360000.0_mean_300.0_v3 HTTP/1.0 404 - python-swiftclient-3.11.1 gAAAAABpuvrMnc-3... - 70 - tx199b36df8d234402abac1-0069bafb53 - 0.0080 - - 1773861715.977740288 1773861715.985758781 0
Mar 18 19:21:56 standalone container-server[127163]: 172.20.0.100 - - [18/Mar/2026:19:21:56 +0000] "PUT /d1/218/AUTH_b98e7fab5a2447bb8854015a5f24d8d7/gnocchi.0d5fc060-61e9-4ada-b3fe-3d13eb609edf/1773360000.0_mean_300.0_v3" 201 - "PUT http://172.18.0.2:8080/d1/406/AUTH_b98e7fab5a2447bb8854015a5f24d8d7/gnocchi.0d5fc060-61e9-4ada-b3fe-3d13eb609edf/1773360000.0_mean_300.0_v3" "tx216c8f9d2d2341f6ae1be-0069bafb53" "object-server 25" 0.0007 "-" 22 0
Mar 18 19:21:56 standalone object-server[127366]: 172.20.0.100 - - [18/Mar/2026:19:21:56 +0000] "PUT /d1/406/AUTH_b98e7fab5a2447bb8854015a5f24d8d7/gnocchi.0d5fc060-61e9-4ada-b3fe-3d13eb609edf/1773360000.0_mean_300.0_v3" 201 - "PUT http://172.18.0.2:8080/v1/AUTH_b98e7fab5a2447bb8854015a5f24d8d7/gnocchi.0d5fc060-61e9-4ada-b3fe-3d13eb609edf/1773360000.0_mean_300.0_v3" "tx216c8f9d2d2341f6ae1be-0069bafb53" "proxy-server 20" 0.0121 "-" 25 0
Mar 18 19:21:56 standalone proxy-server[129214]: 172.18.0.2 172.18.0.100 18/Mar/2026/19/21/56 PUT /v1/AUTH_b98e7fab5a2447bb8854015a5f24d8d7/gnocchi.0d5fc060-61e9-4ada-b3fe-3d13eb609edf/1773360000.0_mean_300.0_v3 HTTP/1.0 201 - python-swiftclient-3.11.1 gAAAAABpuvrMnc-3... 16 - - tx216c8f9d2d2341f6ae1be-0069bafb53 - 0.0182 - - 1773861715.994268894 1773861716.012475729 0
Mar 18 19:21:56 standalone container-server[127162]: 172.20.0.100 - - [18/Mar/2026:19:21:56 +0000] "PUT /d1/218/AUTH_b98e7fab5a2447bb8854015a5f24d8d7/gnocchi.0d5fc060-61e9-4ada-b3fe-3d13eb609edf/none_v3" 201 - "PUT http://172.18.0.2:8080/d1/912/AUTH_b98e7fab5a2447bb8854015a5f24d8d7/gnocchi.0d5fc060-61e9-4ada-b3fe-3d13eb609edf/none_v3" "txb7640ecb7b3c4dc8ada15-0069bafb54" "object-server 23" 0.0004 "-" 21 0
Mar 18 19:21:56 standalone object-server[127363]: 172.20.0.100 - - [18/Mar/2026:19:21:56 +0000] "PUT /d1/912/AUTH_b98e7fab5a2447bb8854015a5f24d8d7/gnocchi.0d5fc060-61e9-4ada-b3fe-3d13eb609edf/none_v3" 201 - "PUT http://172.18.0.2:8080/v1/AUTH_b98e7fab5a2447bb8854015a5f24d8d7/gnocchi.0d5fc060-61e9-4ada-b3fe-3d13eb609edf/none_v3" "txb7640ecb7b3c4dc8ada15-0069bafb54" "proxy-server 20" 0.0084 "-" 23 0
Mar 18 19:21:56 standalone proxy-server[129214]: 172.18.0.2 172.18.0.100 18/Mar/2026/19/21/56 PUT /v1/AUTH_b98e7fab5a2447bb8854015a5f24d8d7/gnocchi.0d5fc060-61e9-4ada-b3fe-3d13eb609edf/none_v3 HTTP/1.0 201 - python-swiftclient-3.11.1 gAAAAABpuvrMnc-3... 22 - - txb7640ecb7b3c4dc8ada15-0069bafb54 - 0.0133 - - 1773861716.014644384 1773861716.027968407 0
Mar 18 19:21:56 standalone container-server[127159]: 172.20.0.100 - - [18/Mar/2026:19:21:56 +0000] "HEAD /d1/937/AUTH_b98e7fab5a2447bb8854015a5f24d8d7/gnocchi.a3d84b57-0d47-4d7e-836b-0764fcabfbfe" 404 - "HEAD http://172.18.0.2:8080/v1/AUTH_b98e7fab5a2447bb8854015a5f24d8d7/gnocchi.a3d84b57-0d47-4d7e-836b-0764fcabfbfe?format=json&states=listing" "tx4be498e324f2451e8d159-0069bafb54" "proxy-server 20" 0.0009 "-" 20 0
Mar 18 19:21:56 standalone object-server[127362]: 172.20.0.100 - - [18/Mar/2026:19:21:56 +0000] "GET /d1/792/AUTH_b98e7fab5a2447bb8854015a5f24d8d7/gnocchi.a3d84b57-0d47-4d7e-836b-0764fcabfbfe/none_v3" 404 70 "GET http://172.18.0.2:8080/v1/AUTH_b98e7fab5a2447bb8854015a5f24d8d7/gnocchi.a3d84b57-0d47-4d7e-836b-0764fcabfbfe/none_v3" "tx4be498e324f2451e8d159-0069bafb54" "proxy-server 20" 0.0004 "-" 22 0
Mar 18 19:21:56 standalone proxy-server[129214]: 172.18.0.2 172.18.0.100 18/Mar/2026/19/21/56 GET /v1/AUTH_b98e7fab5a2447bb8854015a5f24d8d7/gnocchi.a3d84b57-0d47-4d7e-836b-0764fcabfbfe/none_v3 HTTP/1.0 404 - python-swiftclient-3.11.1 gAAAAABpuvrMnc-3... - 70 - tx4be498e324f2451e8d159-0069bafb54 - 0.0102 - - 1773861716.038995504 1773861716.049206734 0
Mar 18 19:21:56 standalone account-server[127152]: 172.20.0.100 - - [18/Mar/2026:19:21:56 +0000] "PUT /d1/46/AUTH_b98e7fab5a2447bb8854015a5f24d8d7/gnocchi.a3d84b57-0d47-4d7e-836b-0764fcabfbfe" 201 - "PUT http://172.20.0.100:6001/d1/937/AUTH_b98e7fab5a2447bb8854015a5f24d8d7/gnocchi.a3d84b57-0d47-4d7e-836b-0764fcabfbfe" "tx46abc2ecc3eb4ae5a6e50-0069bafb54" "container-server 22" 0.0067 "-" 20 0
Mar 18 19:21:56 standalone container-server[127163]: 172.20.0.100 - - [18/Mar/2026:19:21:56 +0000] "PUT /d1/937/AUTH_b98e7fab5a2447bb8854015a5f24d8d7/gnocchi.a3d84b57-0d47-4d7e-836b-0764fcabfbfe" 201 - "PUT http://172.18.0.2:8080/v1/AUTH_b98e7fab5a2447bb8854015a5f24d8d7/gnocchi.a3d84b57-0d47-4d7e-836b-0764fcabfbfe" "tx46abc2ecc3eb4ae5a6e50-0069bafb54" "proxy-server 20" 0.0176 "-" 22 0
Mar 18 19:21:56 standalone proxy-server[129214]: 172.18.0.2 172.18.0.100 18/Mar/2026/19/21/56 PUT /v1/AUTH_b98e7fab5a2447bb8854015a5f24d8d7/gnocchi.a3d84b57-0d47-4d7e-836b-0764fcabfbfe HTTP/1.0 201 - python-swiftclient-3.11.1 gAAAAABpuvrMnc-3... - - - tx46abc2ecc3eb4ae5a6e50-0069bafb54 - 0.0220 - - 1773861716.052113056 1773861716.074093342 0
Mar 18 19:21:56 standalone container-server[127167]: 172.20.0.100 - - [18/Mar/2026:19:21:56 +0000] "HEAD /d1/937/AUTH_b98e7fab5a2447bb8854015a5f24d8d7/gnocchi.a3d84b57-0d47-4d7e-836b-0764fcabfbfe" 204 - "HEAD http://172.18.0.2:8080/v1/AUTH_b98e7fab5a2447bb8854015a5f24d8d7/gnocchi.a3d84b57-0d47-4d7e-836b-0764fcabfbfe?format=json&states=listing" "tx44a0efeb52cf4476a9bd1-0069bafb54" "proxy-server 20" 0.0023 "-" 23 0
Mar 18 19:21:56 standalone proxy-server[129214]: - - 18/Mar/2026/19/21/56 HEAD /v1/AUTH_b98e7fab5a2447bb8854015a5f24d8d7/gnocchi.a3d84b57-0d47-4d7e-836b-0764fcabfbfe%3Fformat%3Djson%26states%3Dlisting HTTP/1.0 204 - Swift - - - - tx44a0efeb52cf4476a9bd1-0069bafb54 - 0.0057 RL - 1773861716.079168320 1773861716.084866762 0
Mar 18 19:21:56 standalone container-server[127163]: 172.20.0.100 - - [18/Mar/2026:19:21:56 +0000] "GET /d1/937/AUTH_b98e7fab5a2447bb8854015a5f24d8d7/gnocchi.a3d84b57-0d47-4d7e-836b-0764fcabfbfe" 200 2 "GET http://172.18.0.2:8080/v1/AUTH_b98e7fab5a2447bb8854015a5f24d8d7/gnocchi.a3d84b57-0d47-4d7e-836b-0764fcabfbfe?format=json&states=listing" "tx44a0efeb52cf4476a9bd1-0069bafb54" "proxy-server 20" 0.0018 "-" 22 0
Mar 18 19:21:56 standalone proxy-server[129214]: 172.18.0.2 172.18.0.100 18/Mar/2026/19/21/56 GET /v1/AUTH_b98e7fab5a2447bb8854015a5f24d8d7/gnocchi.a3d84b57-0d47-4d7e-836b-0764fcabfbfe%3Fformat%3Djson%26states%3Dlisting HTTP/1.0 200 - python-swiftclient-3.11.1 gAAAAABpuvrMnc-3... - 2 - tx44a0efeb52cf4476a9bd1-0069bafb54 - 0.0130 - - 1773861716.077938080 1773861716.090963125 0
Mar 18 19:21:56 standalone object-server[127362]: 172.20.0.100 - - [18/Mar/2026:19:21:56 +0000] "GET /d1/412/AUTH_b98e7fab5a2447bb8854015a5f24d8d7/gnocchi.a3d84b57-0d47-4d7e-836b-0764fcabfbfe/1773360000.0_mean_300.0_v3" 404 70 "GET http://172.18.0.2:8080/v1/AUTH_b98e7fab5a2447bb8854015a5f24d8d7/gnocchi.a3d84b57-0d47-4d7e-836b-0764fcabfbfe/1773360000.0_mean_300.0_v3" "txae8e29b4b55448df810ab-0069bafb54" "proxy-server 20" 0.0003 "-" 22 0
Mar 18 19:21:56 standalone proxy-server[129214]: 172.18.0.2 172.18.0.100 18/Mar/2026/19/21/56 GET /v1/AUTH_b98e7fab5a2447bb8854015a5f24d8d7/gnocchi.a3d84b57-0d47-4d7e-836b-0764fcabfbfe/1773360000.0_mean_300.0_v3 HTTP/1.0 404 - python-swiftclient-3.11.1 gAAAAABpuvrMnc-3... - 70 - txae8e29b4b55448df810ab-0069bafb54 - 0.0045 - - 1773861716.094938993 1773861716.099450111 0
Mar 18 19:21:56 standalone container-server[127163]: 172.20.0.100 - - [18/Mar/2026:19:21:56 +0000] "PUT /d1/937/AUTH_b98e7fab5a2447bb8854015a5f24d8d7/gnocchi.a3d84b57-0d47-4d7e-836b-0764fcabfbfe/1773360000.0_mean_300.0_v3" 201 - "PUT http://172.18.0.2:8080/d1/412/AUTH_b98e7fab5a2447bb8854015a5f24d8d7/gnocchi.a3d84b57-0d47-4d7e-836b-0764fcabfbfe/1773360000.0_mean_300.0_v3" "tx385b6e43b3d34f1b91b75-0069bafb54" "object-server 23" 0.0003 "-" 22 0
Mar 18 19:21:56 standalone object-server[127363]: 172.20.0.100 - - [18/Mar/2026:19:21:56 +0000] "PUT /d1/412/AUTH_b98e7fab5a2447bb8854015a5f24d8d7/gnocchi.a3d84b57-0d47-4d7e-836b-0764fcabfbfe/1773360000.0_mean_300.0_v3" 201 - "PUT http://172.18.0.2:8080/v1/AUTH_b98e7fab5a2447bb8854015a5f24d8d7/gnocchi.a3d84b57-0d47-4d7e-836b-0764fcabfbfe/1773360000.0_mean_300.0_v3" "tx385b6e43b3d34f1b91b75-0069bafb54" "proxy-server 20" 0.0130 "-" 23 0
Mar 18 19:21:56 standalone proxy-server[129214]: 172.18.0.2 172.18.0.100 18/Mar/2026/19/21/56 PUT /v1/AUTH_b98e7fab5a2447bb8854015a5f24d8d7/gnocchi.a3d84b57-0d47-4d7e-836b-0764fcabfbfe/1773360000.0_mean_300.0_v3 HTTP/1.0 201 - python-swiftclient-3.11.1 gAAAAABpuvrMnc-3... 16 - - tx385b6e43b3d34f1b91b75-0069bafb54 - 0.0195 - - 1773861716.102575064 1773861716.122073174 0
Mar 18 19:21:56 standalone container-server[127167]: 172.20.0.100 - - [18/Mar/2026:19:21:56 +0000] "PUT /d1/937/AUTH_b98e7fab5a2447bb8854015a5f24d8d7/gnocchi.a3d84b57-0d47-4d7e-836b-0764fcabfbfe/none_v3" 201 - "PUT http://172.18.0.2:8080/d1/792/AUTH_b98e7fab5a2447bb8854015a5f24d8d7/gnocchi.a3d84b57-0d47-4d7e-836b-0764fcabfbfe/none_v3" "tx8b72f07287514f36b48f6-0069bafb54" "object-server 23" 0.0008 "-" 23 0
Mar 18 19:21:56 standalone object-server[127363]: 172.20.0.100 - - [18/Mar/2026:19:21:56 +0000] "PUT /d1/792/AUTH_b98e7fab5a2447bb8854015a5f24d8d7/gnocchi.a3d84b57-0d47-4d7e-836b-0764fcabfbfe/none_v3" 201 - "PUT http://172.18.0.2:8080/v1/AUTH_b98e7fab5a2447bb8854015a5f24d8d7/gnocchi.a3d84b57-0d47-4d7e-836b-0764fcabfbfe/none_v3" "tx8b72f07287514f36b48f6-0069bafb54" "proxy-server 20" 0.0126 "-" 23 0
Mar 18 19:21:56 standalone proxy-server[129214]: 172.18.0.2 172.18.0.100 18/Mar/2026/19/21/56 PUT /v1/AUTH_b98e7fab5a2447bb8854015a5f24d8d7/gnocchi.a3d84b57-0d47-4d7e-836b-0764fcabfbfe/none_v3 HTTP/1.0 201 - python-swiftclient-3.11.1 gAAAAABpuvrMnc-3... 22 - - tx8b72f07287514f36b48f6-0069bafb54 - 0.0204 - - 1773861716.125001192 1773861716.145442724 0
Mar 18 19:21:56 standalone container-server[127163]: 172.20.0.100 - - [18/Mar/2026:19:21:56 +0000] "HEAD /d1/666/AUTH_b98e7fab5a2447bb8854015a5f24d8d7/gnocchi.8263d78c-7d85-40cc-9dc0-a470b6fd8aab" 404 - "HEAD http://172.18.0.2:8080/v1/AUTH_b98e7fab5a2447bb8854015a5f24d8d7/gnocchi.8263d78c-7d85-40cc-9dc0-a470b6fd8aab?format=json&states=listing" "tx813fb657a32f41f6a3c81-0069bafb54" "proxy-server 20" 0.0003 "-" 22 0
Mar 18 19:21:56 standalone object-server[127362]: 172.20.0.100 - - [18/Mar/2026:19:21:56 +0000] "GET /d1/196/AUTH_b98e7fab5a2447bb8854015a5f24d8d7/gnocchi.8263d78c-7d85-40cc-9dc0-a470b6fd8aab/none_v3" 404 70 "GET http://172.18.0.2:8080/v1/AUTH_b98e7fab5a2447bb8854015a5f24d8d7/gnocchi.8263d78c-7d85-40cc-9dc0-a470b6fd8aab/none_v3" "tx813fb657a32f41f6a3c81-0069bafb54" "proxy-server 20" 0.0003 "-" 22 0
Mar 18 19:21:56 standalone proxy-server[129214]: 172.18.0.2 172.18.0.100 18/Mar/2026/19/21/56 GET /v1/AUTH_b98e7fab5a2447bb8854015a5f24d8d7/gnocchi.8263d78c-7d85-40cc-9dc0-a470b6fd8aab/none_v3 HTTP/1.0 404 - python-swiftclient-3.11.1 gAAAAABpuvrMnc-3... - 70 - tx813fb657a32f41f6a3c81-0069bafb54 - 0.0137 - - 1773861716.158899307 1773861716.172646761 0
Mar 18 19:21:56 standalone account-server[127158]: 172.20.0.100 - - [18/Mar/2026:19:21:56 +0000] "PUT /d1/46/AUTH_b98e7fab5a2447bb8854015a5f24d8d7/gnocchi.8263d78c-7d85-40cc-9dc0-a470b6fd8aab" 201 - "PUT http://172.20.0.100:6001/d1/666/AUTH_b98e7fab5a2447bb8854015a5f24d8d7/gnocchi.8263d78c-7d85-40cc-9dc0-a470b6fd8aab" "tx6c4c782126bf475ea36f4-0069bafb54" "container-server 20" 0.0060 "-" 22 0
Mar 18 19:21:56 standalone container-server[127159]: 172.20.0.100 - - [18/Mar/2026:19:21:56 +0000] "PUT /d1/666/AUTH_b98e7fab5a2447bb8854015a5f24d8d7/gnocchi.8263d78c-7d85-40cc-9dc0-a470b6fd8aab" 201 - "PUT http://172.18.0.2:8080/v1/AUTH_b98e7fab5a2447bb8854015a5f24d8d7/gnocchi.8263d78c-7d85-40cc-9dc0-a470b6fd8aab" "tx6c4c782126bf475ea36f4-0069bafb54" "proxy-server 20" 0.0195 "-" 20 0
Mar 18 19:21:56 standalone proxy-server[129214]: 172.18.0.2 172.18.0.100 18/Mar/2026/19/21/56 PUT /v1/AUTH_b98e7fab5a2447bb8854015a5f24d8d7/gnocchi.8263d78c-7d85-40cc-9dc0-a470b6fd8aab HTTP/1.0 201 - python-swiftclient-3.11.1 gAAAAABpuvrMnc-3... - - - tx6c4c782126bf475ea36f4-0069bafb54 - 0.0239 - - 1773861716.175153494 1773861716.199042797 0
Mar 18 19:21:56 standalone container-server[127167]: 172.20.0.100 - - [18/Mar/2026:19:21:56 +0000] "HEAD /d1/666/AUTH_b98e7fab5a2447bb8854015a5f24d8d7/gnocchi.8263d78c-7d85-40cc-9dc0-a470b6fd8aab" 204 - "HEAD http://172.18.0.2:8080/v1/AUTH_b98e7fab5a2447bb8854015a5f24d8d7/gnocchi.8263d78c-7d85-40cc-9dc0-a470b6fd8aab?format=json&states=listing" "tx800c11fa8a514e8bb1d92-0069bafb54" "proxy-server 20" 0.0017 "-" 23 0
Mar 18 19:21:56 standalone proxy-server[129214]: - - 18/Mar/2026/19/21/56 HEAD /v1/AUTH_b98e7fab5a2447bb8854015a5f24d8d7/gnocchi.8263d78c-7d85-40cc-9dc0-a470b6fd8aab%3Fformat%3Djson%26states%3Dlisting HTTP/1.0 204 - Swift - - - - tx800c11fa8a514e8bb1d92-0069bafb54 - 0.0055 RL - 1773861716.203208685 1773861716.208742619 0
Mar 18 19:21:56 standalone container-server[127159]: 172.20.0.100 - - [18/Mar/2026:19:21:56 +0000] "GET /d1/666/AUTH_b98e7fab5a2447bb8854015a5f24d8d7/gnocchi.8263d78c-7d85-40cc-9dc0-a470b6fd8aab" 200 2 "GET http://172.18.0.2:8080/v1/AUTH_b98e7fab5a2447bb8854015a5f24d8d7/gnocchi.8263d78c-7d85-40cc-9dc0-a470b6fd8aab?format=json&states=listing" "tx800c11fa8a514e8bb1d92-0069bafb54" "proxy-server 20" 0.0030 "-" 20 0
