Mar 18 19:20:47 standalone proxy-server[129214]: - - 18/Mar/2026/19/20/47 HEAD /v1/AUTH_b98e7fab5a2447bb8854015a5f24d8d7/gnocchi.3ff513da-b383-408b-8ff4-112f752fe535%3Fformat%3Djson%26states%3Dlisting HTTP/1.0 204 - Swift - - - - tx67c29e2a5c384c308e730-0069bafb0f - 0.0098 RL - 1773861647.739521742 1773861647.749319792 0
Mar 18 19:20:47 standalone container-server[127163]: 172.20.0.100 - - [18/Mar/2026:19:20:47 +0000] "GET /d1/457/AUTH_b98e7fab5a2447bb8854015a5f24d8d7/gnocchi.3ff513da-b383-408b-8ff4-112f752fe535" 200 2 "GET http://172.18.0.2:8080/v1/AUTH_b98e7fab5a2447bb8854015a5f24d8d7/gnocchi.3ff513da-b383-408b-8ff4-112f752fe535?format=json&states=listing" "tx67c29e2a5c384c308e730-0069bafb0f" "proxy-server 20" 0.0023 "-" 22 0
Mar 18 19:20:47 standalone proxy-server[129214]: 172.18.0.2 172.18.0.100 18/Mar/2026/19/20/47 GET /v1/AUTH_b98e7fab5a2447bb8854015a5f24d8d7/gnocchi.3ff513da-b383-408b-8ff4-112f752fe535%3Fformat%3Djson%26states%3Dlisting HTTP/1.0 200 - python-swiftclient-3.11.1 gAAAAABpuvrMnc-3... - 2 - tx67c29e2a5c384c308e730-0069bafb0f - 0.0239 - - 1773861647.737414360 1773861647.761272430 0
Mar 18 19:20:47 standalone object-server[127366]: 172.20.0.100 - - [18/Mar/2026:19:20:47 +0000] "GET /d1/139/AUTH_b98e7fab5a2447bb8854015a5f24d8d7/gnocchi.3ff513da-b383-408b-8ff4-112f752fe535/1773360000.0_mean_300.0_v3" 404 70 "GET http://172.18.0.2:8080/v1/AUTH_b98e7fab5a2447bb8854015a5f24d8d7/gnocchi.3ff513da-b383-408b-8ff4-112f752fe535/1773360000.0_mean_300.0_v3" "tx18a0d63a2f4844c48a46e-0069bafb0f" "proxy-server 20" 0.0004 "-" 25 0
Mar 18 19:20:47 standalone proxy-server[129214]: 172.18.0.2 172.18.0.100 18/Mar/2026/19/20/47 GET /v1/AUTH_b98e7fab5a2447bb8854015a5f24d8d7/gnocchi.3ff513da-b383-408b-8ff4-112f752fe535/1773360000.0_mean_300.0_v3 HTTP/1.0 404 - python-swiftclient-3.11.1 gAAAAABpuvrMnc-3... - 70 - tx18a0d63a2f4844c48a46e-0069bafb0f - 0.0100 - - 1773861647.768006086 1773861647.777968645 0
Mar 18 19:20:47 standalone container-server[127167]: 172.20.0.100 - - [18/Mar/2026:19:20:47 +0000] "PUT /d1/457/AUTH_b98e7fab5a2447bb8854015a5f24d8d7/gnocchi.3ff513da-b383-408b-8ff4-112f752fe535/1773360000.0_mean_300.0_v3" 201 - "PUT http://172.18.0.2:8080/d1/139/AUTH_b98e7fab5a2447bb8854015a5f24d8d7/gnocchi.3ff513da-b383-408b-8ff4-112f752fe535/1773360000.0_mean_300.0_v3" "tx88c5b0cf2f6645beba526-0069bafb0f" "object-server 25" 0.0009 "-" 23 0
Mar 18 19:20:47 standalone object-server[127366]: 172.20.0.100 - - [18/Mar/2026:19:20:47 +0000] "PUT /d1/139/AUTH_b98e7fab5a2447bb8854015a5f24d8d7/gnocchi.3ff513da-b383-408b-8ff4-112f752fe535/1773360000.0_mean_300.0_v3" 201 - "PUT http://172.18.0.2:8080/v1/AUTH_b98e7fab5a2447bb8854015a5f24d8d7/gnocchi.3ff513da-b383-408b-8ff4-112f752fe535/1773360000.0_mean_300.0_v3" "tx88c5b0cf2f6645beba526-0069bafb0f" "proxy-server 20" 0.0746 "-" 25 0
Mar 18 19:20:47 standalone proxy-server[129214]: 172.18.0.2 172.18.0.100 18/Mar/2026/19/20/47 PUT /v1/AUTH_b98e7fab5a2447bb8854015a5f24d8d7/gnocchi.3ff513da-b383-408b-8ff4-112f752fe535/1773360000.0_mean_300.0_v3 HTTP/1.0 201 - python-swiftclient-3.11.1 gAAAAABpuvrMnc-3... 16 - - tx88c5b0cf2f6645beba526-0069bafb0f - 0.0843 - - 1773861647.783628941 1773861647.867913008 0
Mar 18 19:20:47 standalone container-server[127162]: 172.20.0.100 - - [18/Mar/2026:19:20:47 +0000] "PUT /d1/457/AUTH_b98e7fab5a2447bb8854015a5f24d8d7/gnocchi.3ff513da-b383-408b-8ff4-112f752fe535/none_v3" 201 - "PUT http://172.18.0.2:8080/d1/752/AUTH_b98e7fab5a2447bb8854015a5f24d8d7/gnocchi.3ff513da-b383-408b-8ff4-112f752fe535/none_v3" "txc6ace148367244398d872-0069bafb0f" "object-server 25" 0.0006 "-" 21 0
Mar 18 19:20:47 standalone object-server[127366]: 172.20.0.100 - - [18/Mar/2026:19:20:47 +0000] "PUT /d1/752/AUTH_b98e7fab5a2447bb8854015a5f24d8d7/gnocchi.3ff513da-b383-408b-8ff4-112f752fe535/none_v3" 201 - "PUT http://172.18.0.2:8080/v1/AUTH_b98e7fab5a2447bb8854015a5f24d8d7/gnocchi.3ff513da-b383-408b-8ff4-112f752fe535/none_v3" "txc6ace148367244398d872-0069bafb0f" "proxy-server 20" 0.0149 "-" 25 0
Mar 18 19:20:47 standalone proxy-server[129214]: 172.18.0.2 172.18.0.100 18/Mar/2026/19/20/47 PUT /v1/AUTH_b98e7fab5a2447bb8854015a5f24d8d7/gnocchi.3ff513da-b383-408b-8ff4-112f752fe535/none_v3 HTTP/1.0 201 - python-swiftclient-3.11.1 gAAAAABpuvrMnc-3... 22 - - txc6ace148367244398d872-0069bafb0f - 0.0243 - - 1773861647.873948812 1773861647.898296595 0
Mar 18 19:20:48 standalone container-server[127162]: 172.20.0.100 - - [18/Mar/2026:19:20:48 +0000] "HEAD /d1/369/AUTH_b98e7fab5a2447bb8854015a5f24d8d7/gnocchi.67d44385-f1a2-41de-a396-e7dec07882dd" 404 - "HEAD http://172.18.0.2:8080/v1/AUTH_b98e7fab5a2447bb8854015a5f24d8d7/gnocchi.67d44385-f1a2-41de-a396-e7dec07882dd?format=json&states=listing" "tx932c3bb561e44e63acdec-0069bafb10" "proxy-server 20" 0.0004 "-" 21 0
Mar 18 19:20:48 standalone object-server[127366]: 172.20.0.100 - - [18/Mar/2026:19:20:48 +0000] "GET /d1/892/AUTH_b98e7fab5a2447bb8854015a5f24d8d7/gnocchi.67d44385-f1a2-41de-a396-e7dec07882dd/none_v3" 404 70 "GET http://172.18.0.2:8080/v1/AUTH_b98e7fab5a2447bb8854015a5f24d8d7/gnocchi.67d44385-f1a2-41de-a396-e7dec07882dd/none_v3" "tx932c3bb561e44e63acdec-0069bafb10" "proxy-server 20" 0.0004 "-" 25 0
Mar 18 19:20:48 standalone proxy-server[129214]: 172.18.0.2 172.18.0.100 18/Mar/2026/19/20/48 GET /v1/AUTH_b98e7fab5a2447bb8854015a5f24d8d7/gnocchi.67d44385-f1a2-41de-a396-e7dec07882dd/none_v3 HTTP/1.0 404 - python-swiftclient-3.11.1 gAAAAABpuvrMnc-3... - 70 - tx932c3bb561e44e63acdec-0069bafb10 - 0.0111 - - 1773861648.003006935 1773861648.014116764 0
Mar 18 19:20:48 standalone account-server[127158]: 172.20.0.100 - - [18/Mar/2026:19:20:48 +0000] "PUT /d1/46/AUTH_b98e7fab5a2447bb8854015a5f24d8d7/gnocchi.67d44385-f1a2-41de-a396-e7dec07882dd" 201 - "PUT http://172.20.0.100:6001/d1/369/AUTH_b98e7fab5a2447bb8854015a5f24d8d7/gnocchi.67d44385-f1a2-41de-a396-e7dec07882dd" "txe3369dee4f5041fa8f505-0069bafb10" "container-server 21" 0.0049 "-" 22 0
Mar 18 19:20:48 standalone container-server[127162]: 172.20.0.100 - - [18/Mar/2026:19:20:48 +0000] "PUT /d1/369/AUTH_b98e7fab5a2447bb8854015a5f24d8d7/gnocchi.67d44385-f1a2-41de-a396-e7dec07882dd" 201 - "PUT http://172.18.0.2:8080/v1/AUTH_b98e7fab5a2447bb8854015a5f24d8d7/gnocchi.67d44385-f1a2-41de-a396-e7dec07882dd" "txe3369dee4f5041fa8f505-0069bafb10" "proxy-server 20" 0.0148 "-" 21 0
Mar 18 19:20:48 standalone proxy-server[129214]: 172.18.0.2 172.18.0.100 18/Mar/2026/19/20/48 PUT /v1/AUTH_b98e7fab5a2447bb8854015a5f24d8d7/gnocchi.67d44385-f1a2-41de-a396-e7dec07882dd HTTP/1.0 201 - python-swiftclient-3.11.1 gAAAAABpuvrMnc-3... - - - txe3369dee4f5041fa8f505-0069bafb10 - 0.0193 - - 1773861648.017875195 1773861648.037194490 0
Mar 18 19:20:48 standalone container-server[127163]: 172.20.0.100 - - [18/Mar/2026:19:20:48 +0000] "HEAD /d1/369/AUTH_b98e7fab5a2447bb8854015a5f24d8d7/gnocchi.67d44385-f1a2-41de-a396-e7dec07882dd" 204 - "HEAD http://172.18.0.2:8080/v1/AUTH_b98e7fab5a2447bb8854015a5f24d8d7/gnocchi.67d44385-f1a2-41de-a396-e7dec07882dd?format=json&states=listing" "tx9547a57b22784b72b3aaf-0069bafb10" "proxy-server 20" 0.0040 "-" 22 0
Mar 18 19:20:48 standalone proxy-server[129214]: - - 18/Mar/2026/19/20/48 HEAD /v1/AUTH_b98e7fab5a2447bb8854015a5f24d8d7/gnocchi.67d44385-f1a2-41de-a396-e7dec07882dd%3Fformat%3Djson%26states%3Dlisting HTTP/1.0 204 - Swift - - - - tx9547a57b22784b72b3aaf-0069bafb10 - 0.0123 RL - 1773861648.041717768 1773861648.053968668 0
Mar 18 19:20:48 standalone container-server[127159]: 172.20.0.100 - - [18/Mar/2026:19:20:48 +0000] "GET /d1/369/AUTH_b98e7fab5a2447bb8854015a5f24d8d7/gnocchi.67d44385-f1a2-41de-a396-e7dec07882dd" 200 2 "GET http://172.18.0.2:8080/v1/AUTH_b98e7fab5a2447bb8854015a5f24d8d7/gnocchi.67d44385-f1a2-41de-a396-e7dec07882dd?format=json&states=listing" "tx9547a57b22784b72b3aaf-0069bafb10" "proxy-server 20" 0.0029 "-" 20 0
Mar 18 19:20:48 standalone proxy-server[129214]: 172.18.0.2 172.18.0.100 18/Mar/2026/19/20/48 GET /v1/AUTH_b98e7fab5a2447bb8854015a5f24d8d7/gnocchi.67d44385-f1a2-41de-a396-e7dec07882dd%3Fformat%3Djson%26states%3Dlisting HTTP/1.0 200 - python-swiftclient-3.11.1 gAAAAABpuvrMnc-3... - 2 - tx9547a57b22784b72b3aaf-0069bafb10 - 0.0233 - - 1773861648.040508270 1773861648.063765526 0
Mar 18 19:20:48 standalone object-server[127363]: 172.20.0.100 - - [18/Mar/2026:19:20:48 +0000] "GET /d1/776/AUTH_b98e7fab5a2447bb8854015a5f24d8d7/gnocchi.67d44385-f1a2-41de-a396-e7dec07882dd/1773360000.0_mean_300.0_v3" 404 70 "GET http://172.18.0.2:8080/v1/AUTH_b98e7fab5a2447bb8854015a5f24d8d7/gnocchi.67d44385-f1a2-41de-a396-e7dec07882dd/1773360000.0_mean_300.0_v3" "txa17bd1d94a0a457185890-0069bafb10" "proxy-server 20" 0.0003 "-" 23 0
Mar 18 19:20:48 standalone proxy-server[129214]: 172.18.0.2 172.18.0.100 18/Mar/2026/19/20/48 GET /v1/AUTH_b98e7fab5a2447bb8854015a5f24d8d7/gnocchi.67d44385-f1a2-41de-a396-e7dec07882dd/1773360000.0_mean_300.0_v3 HTTP/1.0 404 - python-swiftclient-3.11.1 gAAAAABpuvrMnc-3... - 70 - txa17bd1d94a0a457185890-0069bafb10 - 0.0090 - - 1773861648.074705124 1773861648.083680630 0
Mar 18 19:20:48 standalone container-server[127162]: 172.20.0.100 - - [18/Mar/2026:19:20:48 +0000] "PUT /d1/369/AUTH_b98e7fab5a2447bb8854015a5f24d8d7/gnocchi.67d44385-f1a2-41de-a396-e7dec07882dd/1773360000.0_mean_300.0_v3" 201 - "PUT http://172.18.0.2:8080/d1/776/AUTH_b98e7fab5a2447bb8854015a5f24d8d7/gnocchi.67d44385-f1a2-41de-a396-e7dec07882dd/1773360000.0_mean_300.0_v3" "tx934775a9a7ff4a64a6583-0069bafb10" "object-server 22" 0.0005 "-" 21 0
Mar 18 19:20:48 standalone object-server[127362]: 172.20.0.100 - - [18/Mar/2026:19:20:48 +0000] "PUT /d1/776/AUTH_b98e7fab5a2447bb8854015a5f24d8d7/gnocchi.67d44385-f1a2-41de-a396-e7dec07882dd/1773360000.0_mean_300.0_v3" 201 - "PUT http://172.18.0.2:8080/v1/AUTH_b98e7fab5a2447bb8854015a5f24d8d7/gnocchi.67d44385-f1a2-41de-a396-e7dec07882dd/1773360000.0_mean_300.0_v3" "tx934775a9a7ff4a64a6583-0069bafb10" "proxy-server 20" 0.0132 "-" 22 0
Mar 18 19:20:48 standalone proxy-server[129214]: 172.18.0.2 172.18.0.100 18/Mar/2026/19/20/48 PUT /v1/AUTH_b98e7fab5a2447bb8854015a5f24d8d7/gnocchi.67d44385-f1a2-41de-a396-e7dec07882dd/1773360000.0_mean_300.0_v3 HTTP/1.0 201 - python-swiftclient-3.11.1 gAAAAABpuvrMnc-3... 16 - - tx934775a9a7ff4a64a6583-0069bafb10 - 0.0205 - - 1773861648.091281176 1773861648.111784935 0
Mar 18 19:20:48 standalone container-server[127167]: 172.20.0.100 - - [18/Mar/2026:19:20:48 +0000] "PUT /d1/369/AUTH_b98e7fab5a2447bb8854015a5f24d8d7/gnocchi.67d44385-f1a2-41de-a396-e7dec07882dd/none_v3" 201 - "PUT http://172.18.0.2:8080/d1/892/AUTH_b98e7fab5a2447bb8854015a5f24d8d7/gnocchi.67d44385-f1a2-41de-a396-e7dec07882dd/none_v3" "txd8982012e9b9409987975-0069bafb10" "object-server 24" 0.0008 "-" 23 0
Mar 18 19:20:48 standalone object-server[127364]: 172.20.0.100 - - [18/Mar/2026:19:20:48 +0000] "PUT /d1/892/AUTH_b98e7fab5a2447bb8854015a5f24d8d7/gnocchi.67d44385-f1a2-41de-a396-e7dec07882dd/none_v3" 201 - "PUT http://172.18.0.2:8080/v1/AUTH_b98e7fab5a2447bb8854015a5f24d8d7/gnocchi.67d44385-f1a2-41de-a396-e7dec07882dd/none_v3" "txd8982012e9b9409987975-0069bafb10" "proxy-server 20" 0.0095 "-" 24 0
Mar 18 19:20:48 standalone proxy-server[129214]: 172.18.0.2 172.18.0.100 18/Mar/2026/19/20/48 PUT /v1/AUTH_b98e7fab5a2447bb8854015a5f24d8d7/gnocchi.67d44385-f1a2-41de-a396-e7dec07882dd/none_v3 HTTP/1.0 201 - python-swiftclient-3.11.1 gAAAAABpuvrMnc-3... 22 - - txd8982012e9b9409987975-0069bafb10 - 0.0197 - - 1773861648.117689848 1773861648.137340784 0
Mar 18 19:20:48 standalone container-server[127163]: 172.20.0.100 - - [18/Mar/2026:19:20:48 +0000] "HEAD /d1/963/AUTH_b98e7fab5a2447bb8854015a5f24d8d7/gnocchi.9015d3df-55be-4f02-a641-945844cd02eb" 404 - "HEAD http://172.18.0.2:8080/v1/AUTH_b98e7fab5a2447bb8854015a5f24d8d7/gnocchi.9015d3df-55be-4f02-a641-945844cd02eb?format=json&states=listing" "txa353eee36a664dd1ae560-0069bafb10" "proxy-server 20" 0.0006 "-" 22 0
Mar 18 19:20:48 standalone object-server[127362]: 172.20.0.100 - - [18/Mar/2026:19:20:48 +0000] "GET /d1/686/AUTH_b98e7fab5a2447bb8854015a5f24d8d7/gnocchi.9015d3df-55be-4f02-a641-945844cd02eb/none_v3" 404 70 "GET http://172.18.0.2:8080/v1/AUTH_b98e7fab5a2447bb8854015a5f24d8d7/gnocchi.9015d3df-55be-4f02-a641-945844cd02eb/none_v3" "txa353eee36a664dd1ae560-0069bafb10" "proxy-server 20" 0.0005 "-" 22 0
Mar 18 19:20:48 standalone proxy-server[129214]: 172.18.0.2 172.18.0.100 18/Mar/2026/19/20/48 GET /v1/AUTH_b98e7fab5a2447bb8854015a5f24d8d7/gnocchi.9015d3df-55be-4f02-a641-945844cd02eb/none_v3 HTTP/1.0 404 - python-swiftclient-3.11.1 gAAAAABpuvrMnc-3... - 70 - txa353eee36a664dd1ae560-0069bafb10 - 0.0159 - - 1773861648.225385904 1773861648.241258383 0
Mar 18 19:20:48 standalone account-server[127156]: 172.20.0.100 - - [18/Mar/2026:19:20:48 +0000] "PUT /d1/46/AUTH_b98e7fab5a2447bb8854015a5f24d8d7/gnocchi.9015d3df-55be-4f02-a641-945844cd02eb" 201 - "PUT http://172.20.0.100:6001/d1/963/AUTH_b98e7fab5a2447bb8854015a5f24d8d7/gnocchi.9015d3df-55be-4f02-a641-945844cd02eb" "tx1e2c1c3a7c2f4aa9b6b67-0069bafb10" "container-server 21" 0.0083 "-" 21 0
Mar 18 19:20:48 standalone container-server[127162]: 172.20.0.100 - - [18/Mar/2026:19:20:48 +0000] "PUT /d1/963/AUTH_b98e7fab5a2447bb8854015a5f24d8d7/gnocchi.9015d3df-55be-4f02-a641-945844cd02eb" 201 - "PUT http://172.18.0.2:8080/v1/AUTH_b98e7fab5a2447bb8854015a5f24d8d7/gnocchi.9015d3df-55be-4f02-a641-945844cd02eb" "tx1e2c1c3a7c2f4aa9b6b67-0069bafb10" "proxy-server 20" 0.0190 "-" 21 0
Mar 18 19:20:48 standalone proxy-server[129214]: 172.18.0.2 172.18.0.100 18/Mar/2026/19/20/48 PUT /v1/AUTH_b98e7fab5a2447bb8854015a5f24d8d7/gnocchi.9015d3df-55be-4f02-a641-945844cd02eb HTTP/1.0 201 - python-swiftclient-3.11.1 gAAAAABpuvrMnc-3... - - - tx1e2c1c3a7c2f4aa9b6b67-0069bafb10 - 0.0236 - - 1773861648.243839502 1773861648.267449379 0
Mar 18 19:20:48 standalone container-server[127167]: 172.20.0.100 - - [18/Mar/2026:19:20:48 +0000] "HEAD /d1/963/AUTH_b98e7fab5a2447bb8854015a5f24d8d7/gnocchi.9015d3df-55be-4f02-a641-945844cd02eb" 204 - "HEAD http://172.18.0.2:8080/v1/AUTH_b98e7fab5a2447bb8854015a5f24d8d7/gnocchi.9015d3df-55be-4f02-a641-945844cd02eb?format=json&states=listing" "txc178d1bf22b54e69bf8d3-0069bafb10" "proxy-server 20" 0.0013 "-" 23 0
Mar 18 19:20:48 standalone proxy-server[129214]: - - 18/Mar/2026/19/20/48 HEAD /v1/AUTH_b98e7fab5a2447bb8854015a5f24d8d7/gnocchi.9015d3df-55be-4f02-a641-945844cd02eb%3Fformat%3Djson%26states%3Dlisting HTTP/1.0 204 - Swift - - - - txc178d1bf22b54e69bf8d3-0069bafb10 - 0.0045 RL - 1773861648.272592306 1773861648.277113676 0
Mar 18 19:20:48 standalone container-server[127163]: 172.20.0.100 - - [18/Mar/2026:19:20:48 +0000] "GET /d1/963/AUTH_b98e7fab5a2447bb8854015a5f24d8d7/gnocchi.9015d3df-55be-4f02-a641-945844cd02eb" 200 2 "GET http://172.18.0.2:8080/v1/AUTH_b98e7fab5a2447bb8854015a5f24d8d7/gnocchi.9015d3df-55be-4f02-a641-945844cd02eb?format=json&states=listing" "txc178d1bf22b54e69bf8d3-0069bafb10" "proxy-server 20" 0.0033 "-" 22 0
Mar 18 19:20:48 standalone proxy-server[129214]: 172.18.0.2 172.18.0.100 18/Mar/2026/19/20/48 GET /v1/AUTH_b98e7fab5a2447bb8854015a5f24d8d7/gnocchi.9015d3df-55be-4f02-a641-945844cd02eb%3Fformat%3Djson%26states%3Dlisting HTTP/1.0 200 - python-swiftclient-3.11.1 gAAAAABpuvrMnc-3... - 2 - txc178d1bf22b54e69bf8d3-0069bafb10 - 0.0143 - - 1773861648.271636009 1773861648.285914898 0
Mar 18 19:20:48 standalone object-server[127366]: 172.20.0.100 - - [18/Mar/2026:19:20:48 +0000] "GET /d1/767/AUTH_b98e7fab5a2447bb8854015a5f24d8d7/gnocchi.9015d3df-55be-4f02-a641-945844cd02eb/1773360000.0_mean_300.0_v3" 404 70 "GET http://172.18.0.2:8080/v1/AUTH_b98e7fab5a2447bb8854015a5f24d8d7/gnocchi.9015d3df-55be-4f02-a641-945844cd02eb/1773360000.0_mean_300.0_v3" "tx49b1de8694134b7489113-0069bafb10" "proxy-server 20" 0.0004 "-" 25 0
Mar 18 19:20:48 standalone proxy-server[129214]: 172.18.0.2 172.18.0.100 18/Mar/2026/19/20/48 GET /v1/AUTH_b98e7fab5a2447bb8854015a5f24d8d7/gnocchi.9015d3df-55be-4f02-a641-945844cd02eb/1773360000.0_mean_300.0_v3 HTTP/1.0 404 - python-swiftclient-3.11.1 gAAAAABpuvrMnc-3... - 70 - tx49b1de8694134b7489113-0069bafb10 - 0.0094 - - 1773861648.288978338 1773861648.298412085 0
Mar 18 19:20:48 standalone container-server[127167]: 172.20.0.100 - - [18/Mar/2026:19:20:48 +0000] "PUT /d1/963/AUTH_b98e7fab5a2447bb8854015a5f24d8d7/gnocchi.9015d3df-55be-4f02-a641-945844cd02eb/1773360000.0_mean_300.0_v3" 201 - "PUT http://172.18.0.2:8080/d1/767/AUTH_b98e7fab5a2447bb8854015a5f24d8d7/gnocchi.9015d3df-55be-4f02-a641-945844cd02eb/1773360000.0_mean_300.0_v3" "txc142099618e84f15a5e57-0069bafb10" "object-server 25" 0.0005 "-" 23 0
Mar 18 19:20:48 standalone object-server[127366]: 172.20.0.100 - - [18/Mar/2026:19:20:48 +0000] "PUT /d1/767/AUTH_b98e7fab5a2447bb8854015a5f24d8d7/gnocchi.9015d3df-55be-4f02-a641-945844cd02eb/1773360000.0_mean_300.0_v3" 201 - "PUT http://172.18.0.2:8080/v1/AUTH_b98e7fab5a2447bb8854015a5f24d8d7/gnocchi.9015d3df-55be-4f02-a641-945844cd02eb/1773360000.0_mean_300.0_v3" "txc142099618e84f15a5e57-0069bafb10" "proxy-server 20" 0.0119 "-" 25 0
Mar 18 19:20:48 standalone proxy-server[129214]: 172.18.0.2 172.18.0.100 18/Mar/2026/19/20/48 PUT /v1/AUTH_b98e7fab5a2447bb8854015a5f24d8d7/gnocchi.9015d3df-55be-4f02-a641-945844cd02eb/1773360000.0_mean_300.0_v3 HTTP/1.0 201 - python-swiftclient-3.11.1 gAAAAABpuvrMnc-3... 16 - - txc142099618e84f15a5e57-0069bafb10 - 0.0179 - - 1773861648.302030563 1773861648.319914579 0
Mar 18 19:20:48 standalone container-server[127159]: 172.20.0.100 - - [18/Mar/2026:19:20:48 +0000] "PUT /d1/963/AUTH_b98e7fab5a2447bb8854015a5f24d8d7/gnocchi.9015d3df-55be-4f02-a641-945844cd02eb/none_v3" 201 - "PUT http://172.18.0.2:8080/d1/686/AUTH_b98e7fab5a2447bb8854015a5f24d8d7/gnocchi.9015d3df-55be-4f02-a641-945844cd02eb/none_v3" "txc81ebc19953a44c687560-0069bafb10" "object-server 22" 0.0006 "-" 20 0
Mar 18 19:20:48 standalone object-server[127362]: 172.20.0.100 - - [18/Mar/2026:19:20:48 +0000] "PUT /d1/686/AUTH_b98e7fab5a2447bb8854015a5f24d8d7/gnocchi.9015d3df-55be-4f02-a641-945844cd02eb/none_v3" 201 - "PUT http://172.18.0.2:8080/v1/AUTH_b98e7fab5a2447bb8854015a5f24d8d7/gnocchi.9015d3df-55be-4f02-a641-945844cd02eb/none_v3" "txc81ebc19953a44c687560-0069bafb10" "proxy-server 20" 0.0144 "-" 22 0
Mar 18 19:20:48 standalone proxy-server[129214]: 172.18.0.2 172.18.0.100 18/Mar/2026/19/20/48 PUT /v1/AUTH_b98e7fab5a2447bb8854015a5f24d8d7/gnocchi.9015d3df-55be-4f02-a641-945844cd02eb/none_v3 HTTP/1.0 201 - python-swiftclient-3.11.1 gAAAAABpuvrMnc-3... 22 - - txc81ebc19953a44c687560-0069bafb10 - 0.0218 - - 1773861648.322296858 1773861648.344130754 0
Mar 18 19:21:03 standalone account-server[127158]: 172.20.0.100 - - [18/Mar/2026:19:21:03 +0000] "HEAD /d1/946/.expiring_objects" 404 - "HEAD http://localhost/v1/.expiring_objects?format=json" "tx48bed949dec14f79bad76-0069bafb1f" "proxy-server 2" 0.0009 "-" 22 -
Mar 18 19:21:03 standalone object-expirer[127082]: Pass completed in 0s; 0 objects expired (txn: tx48bed949dec14f79bad76-0069bafb1f)
Mar 18 19:21:13 standalone container-server[127167]: 172.20.0.100 - - [18/Mar/2026:19:21:13 +0000] "HEAD /d1/622/AUTH_b98e7fab5a2447bb8854015a5f24d8d7/gnocchi.55a2c143-c8cb-4a04-9e06-5a1451a4164d" 404 - "HEAD http://172.18.0.2:8080/v1/AUTH_b98e7fab5a2447bb8854015a5f24d8d7/gnocchi.55a2c143-c8cb-4a04-9e06-5a1451a4164d?format=json&states=listing" "tx7e37518341974ddfb9e5b-0069bafb29" "proxy-server 20" 0.0007 "-" 23 0
Mar 18 19:21:13 standalone object-server[127362]: 172.20.0.100 - - [18/Mar/2026:19:21:13 +0000] "GET /d1/46/AUTH_b98e7fab5a2447bb8854015a5f24d8d7/gnocchi.55a2c143-c8cb-4a04-9e06-5a1451a4164d/none_v3" 404 70 "GET http://172.18.0.2:8080/v1/AUTH_b98e7fab5a2447bb8854015a5f24d8d7/gnocchi.55a2c143-c8cb-4a04-9e06-5a1451a4164d/none_v3" "tx7e37518341974ddfb9e5b-0069bafb29" "proxy-server 20" 0.0007 "-" 22 0
Mar 18 19:21:13 standalone proxy-server[129214]: 172.18.0.2 172.18.0.100 18/Mar/2026/19/21/13 GET /v1/AUTH_b98e7fab5a2447bb8854015a5f24d8d7/gnocchi.55a2c143-c8cb-4a04-9e06-5a1451a4164d/none_v3 HTTP/1.0 404 - python-swiftclient-3.11.1 gAAAAABpuvrMnc-3... - 70 - tx7e37518341974ddfb9e5b-0069bafb29 - 0.0195 - - 1773861673.549523354 1773861673.569058418 0
Mar 18 19:21:13 standalone account-server[127161]: 172.20.0.100 - - [18/Mar/2026:19:21:13 +0000] "PUT /d1/46/AUTH_b98e7fab5a2447bb8854015a5f24d8d7/gnocchi.55a2c143-c8cb-4a04-9e06-5a1451a4164d" 201 - "PUT http://172.20.0.100:6001/d1/622/AUTH_b98e7fab5a2447bb8854015a5f24d8d7/gnocchi.55a2c143-c8cb-4a04-9e06-5a1451a4164d" "txd9541fe7305f4d159d0a1-0069bafb29" "container-server 23" 0.0076 "-" 23 0
Mar 18 19:21:13 standalone container-server[127167]: 172.20.0.100 - - [18/Mar/2026:19:21:13 +0000] "PUT /d1/622/AUTH_b98e7fab5a2447bb8854015a5f24d8d7/gnocchi.55a2c143-c8cb-4a04-9e06-5a1451a4164d" 201 - "PUT http://172.18.0.2:8080/v1/AUTH_b98e7fab5a2447bb8854015a5f24d8d7/gnocchi.55a2c143-c8cb-4a04-9e06-5a1451a4164d" "txd9541fe7305f4d159d0a1-0069bafb29" "proxy-server 20" 0.0195 "-" 23 0
Mar 18 19:21:13 standalone proxy-server[129214]: 172.18.0.2 172.18.0.100 18/Mar/2026/19/21/13 PUT /v1/AUTH_b98e7fab5a2447bb8854015a5f24d8d7/gnocchi.55a2c143-c8cb-4a04-9e06-5a1451a4164d HTTP/1.0 201 - python-swiftclient-3.11.1 gAAAAABpuvrMnc-3... - - - txd9541fe7305f4d159d0a1-0069bafb29 - 0.0289 - - 1773861673.575012445 1773861673.603892326 0
Mar 18 19:21:13 standalone container-server[127163]: 172.20.0.100 - - [18/Mar/2026:19:21:13 +0000] "HEAD /d1/622/AUTH_b98e7fab5a2447bb8854015a5f24d8d7/gnocchi.55a2c143-c8cb-4a04-9e06-5a1451a4164d" 204 - "HEAD http://172.18.0.2:8080/v1/AUTH_b98e7fab5a2447bb8854015a5f24d8d7/gnocchi.55a2c143-c8cb-4a04-9e06-5a1451a4164d?format=json&states=listing" "tx770adf54abee411d9f1e5-0069bafb29" "proxy-server 20" 0.0015 "-" 22 0
Mar 18 19:21:13 standalone proxy-server[129214]: - - 18/Mar/2026/19/21/13 HEAD /v1/AUTH_b98e7fab5a2447bb8854015a5f24d8d7/gnocchi.55a2c143-c8cb-4a04-9e06-5a1451a4164d%3Fformat%3Djson%26states%3Dlisting HTTP/1.0 204 - Swift - - - - tx770adf54abee411d9f1e5-0069bafb29 - 0.0069 RL - 1773861673.612271070 1773861673.619172335 0
Mar 18 19:21:13 standalone container-server[127162]: 172.20.0.100 - - [18/Mar/2026:19:21:13 +0000] "GET /d1/622/AUTH_b98e7fab5a2447bb8854015a5f24d8d7/gnocchi.55a2c143-c8cb-4a04-9e06-5a1451a4164d" 200 2 "GET http://172.18.0.2:8080/v1/AUTH_b98e7fab5a2447bb8854015a5f24d8d7/gnocchi.55a2c143-c8cb-4a04-9e06-5a1451a4164d?format=json&states=listing" "tx770adf54abee411d9f1e5-0069bafb29" "proxy-server 20" 0.0037 "-" 21 0
Mar 18 19:21:13 standalone proxy-server[129214]: 172.18.0.2 172.18.0.100 18/Mar/2026/19/21/13 GET /v1/AUTH_b98e7fab5a2447bb8854015a5f24d8d7/gnocchi.55a2c143-c8cb-4a04-9e06-5a1451a4164d%3Fformat%3Djson%26states%3Dlisting HTTP/1.0 200 - python-swiftclient-3.11.1 gAAAAABpuvrMnc-3... - 2 - tx770adf54abee411d9f1e5-0069bafb29 - 0.0234 - - 1773861673.610430002 1773861673.633794308 0
Mar 18 19:21:13 standalone object-server[127363]: 172.20.0.100 - - [18/Mar/2026:19:21:13 +0000] "GET /d1/189/AUTH_b98e7fab5a2447bb8854015a5f24d8d7/gnocchi.55a2c143-c8cb-4a04-9e06-5a1451a4164d/1773360000.0_mean_300.0_v3" 404 70 "GET http://172.18.0.2:8080/v1/AUTH_b98e7fab5a2447bb8854015a5f24d8d7/gnocchi.55a2c143-c8cb-4a04-9e06-5a1451a4164d/1773360000.0_mean_300.0_v3" "txb61b02f19c0b4b769e4ff-0069bafb29" "proxy-server 20" 0.0004 "-" 23 0
Mar 18 19:21:13 standalone proxy-server[129214]: 172.18.0.2 172.18.0.100 18/Mar/2026/19/21/13 GET /v1/AUTH_b98e7fab5a2447bb8854015a5f24d8d7/gnocchi.55a2c143-c8cb-4a04-9e06-5a1451a4164d/1773360000.0_mean_300.0_v3 HTTP/1.0 404 - python-swiftclient-3.11.1 gAAAAABpuvrMnc-3... - 70 - txb61b02f19c0b4b769e4ff-0069bafb29 - 0.0079 - - 1773861673.639409781 1773861673.647330999 0
Mar 18 19:21:13 standalone container-server[127167]: 172.20.0.100 - - [18/Mar/2026:19:21:13 +0000] "PUT /d1/622/AUTH_b98e7fab5a2447bb8854015a5f24d8d7/gnocchi.55a2c143-c8cb-4a04-9e06-5a1451a4164d/1773360000.0_mean_300.0_v3" 201 - "PUT http://172.18.0.2:8080/d1/189/AUTH_b98e7fab5a2447bb8854015a5f24d8d7/gnocchi.55a2c143-c8cb-4a04-9e06-5a1451a4164d/1773360000.0_mean_300.0_v3" "tx46c36f4baf274e37b85a9-0069bafb29" "object-server 24" 0.0008 "-" 23 0
Mar 18 19:21:13 standalone object-server[127364]: 172.20.0.100 - - [18/Mar/2026:19:21:13 +0000] "PUT /d1/189/AUTH_b98e7fab5a2447bb8854015a5f24d8d7/gnocchi.55a2c143-c8cb-4a04-9e06-5a1451a4164d/1773360000.0_mean_300.0_v3" 201 - "PUT http://172.18.0.2:8080/v1/AUTH_b98e7fab5a2447bb8854015a5f24d8d7/gnocchi.55a2c143-c8cb-4a04-9e06-5a1451a4164d/1773360000.0_mean_300.0_v3" "tx46c36f4baf274e37b85a9-0069bafb29" "proxy-server 20" 0.0135 "-" 24 0
Mar 18 19:21:13 standalone proxy-server[129214]: 172.18.0.2 172.18.0.100 18/Mar/2026/19/21/13 PUT /v1/AUTH_b98e7fab5a2447bb8854015a5f24d8d7/gnocchi.55a2c143-c8cb-4a04-9e06-5a1451a4164d/1773360000.0_mean_300.0_v3 HTTP/1.0 201 - python-swiftclient-3.11.1 gAAAAABpuvrMnc-3... 16 - - tx46c36f4baf274e37b85a9-0069bafb29 - 0.0277 - - 1773861673.653878927 1773861673.681572676 0
Mar 18 19:21:13 standalone container-server[127159]: 172.20.0.100 - - [18/Mar/2026:19:21:13 +0000] "PUT /d1/622/AUTH_b98e7fab5a2447bb8854015a5f24d8d7/gnocchi.55a2c143-c8cb-4a04-9e06-5a1451a4164d/none_v3" 201 - "PUT http://172.18.0.2:8080/d1/46/AUTH_b98e7fab5a2447bb8854015a5f24d8d7/gnocchi.55a2c143-c8cb-4a04-9e06-5a1451a4164d/none_v3" "txef8eda5e616d437c9bd78-0069bafb29" "object-server 23" 0.0008 "-" 20 0
Mar 18 19:21:13 standalone object-server[127363]: 172.20.0.100 - - [18/Mar/2026:19:21:13 +0000] "PUT /d1/46/AUTH_b98e7fab5a2447bb8854015a5f24d8d7/gnocchi.55a2c143-c8cb-4a04-9e06-5a1451a4164d/none_v3" 201 - "PUT http://172.18.0.2:8080/v1/AUTH_b98e7fab5a2447bb8854015a5f24d8d7/gnocchi.55a2c143-c8cb-4a04-9e06-5a1451a4164d/none_v3" "txef8eda5e616d437c9bd78-0069bafb29" "proxy-server 20" 0.0097 "-" 23 0
Mar 18 19:21:13 standalone proxy-server[129214]: 172.18.0.2 172.18.0.100 18/Mar/2026/19/21/13 PUT /v1/AUTH_b98e7fab5a2447bb8854015a5f24d8d7/gnocchi.55a2c143-c8cb-4a04-9e06-5a1451a4164d/none_v3 HTTP/1.0 201 - python-swiftclient-3.11.1 gAAAAABpuvrMnc-3... 22 - - txef8eda5e616d437c9bd78-0069bafb29 - 0.0179 - - 1773861673.687076807 1773861673.704996824 0
Mar 18 19:21:13 standalone object-server[127362]: 172.20.0.100 - - [18/Mar/2026:19:21:13 +0000] "GET /d1/1011/AUTH_b98e7fab5a2447bb8854015a5f24d8d7/gnocchi.7d69b668-464a-4603-a24d-3ca276741df0/none_v3" 200 22 "GET http://172.18.0.2:8080/v1/AUTH_b98e7fab5a2447bb8854015a5f24d8d7/gnocchi.7d69b668-464a-4603-a24d-3ca276741df0/none_v3" "tx31ec50e9710546699d825-0069bafb29" "proxy-server 20" 0.0007 "-" 22 0
Mar 18 19:21:13 standalone proxy-server[129214]: 172.18.0.2 172.18.0.100 18/Mar/2026/19/21/13 GET /v1/AUTH_b98e7fab5a2447bb8854015a5f24d8d7/gnocchi.7d69b668-464a-4603-a24d-3ca276741df0/none_v3 HTTP/1.0 200 - python-swiftclient-3.11.1 gAAAAABpuvrMnc-3... - 22 - tx31ec50e9710546699d825-0069bafb29 - 0.0061 - - 1773861673.837898254 1773861673.843998909 0
Mar 18 19:21:13 standalone container-server[127167]: 172.20.0.100 - - [18/Mar/2026:19:21:13 +0000] "GET /d1/417/AUTH_b98e7fab5a2447bb8854015a5f24d8d7/gnocchi.7d69b668-464a-4603-a24d-3ca276741df0" 200 357 "GET http://172.18.0.2:8080/v1/AUTH_b98e7fab5a2447bb8854015a5f24d8d7/gnocchi.7d69b668-464a-4603-a24d-3ca276741df0?format=json&states=listing" "txb6bb528a8882442e8f2b7-0069bafb29" "proxy-server 20" 0.0162 "-" 23 0
Mar 18 19:21:13 standalone proxy-server[129214]: 172.18.0.2 172.18.0.100 18/Mar/2026/19/21/13 GET /v1/AUTH_b98e7fab5a2447bb8854015a5f24d8d7/gnocchi.7d69b668-464a-4603-a24d-3ca276741df0%3Fformat%3Djson%26states%3Dlisting HTTP/1.0 200 - python-swiftclient-3.11.1 gAAAAABpuvrMnc-3... - 357 - txb6bb528a8882442e8f2b7-0069bafb29 - 0.0252 - - 1773861673.848267317 1773861673.873465300 0
Mar 18 19:21:13 standalone container-server[127162]: 172.20.0.100 - - [18/Mar/2026:19:21:13 +0000] "GET /d1/417/AUTH_b98e7fab5a2447bb8854015a5f24d8d7/gnocchi.7d69b668-464a-4603-a24d-3ca276741df0" 200 2 "GET http://172.18.0.2:8080/v1/AUTH_b98e7fab5a2447bb8854015a5f24d8d7/gnocchi.7d69b668-464a-4603-a24d-3ca276741df0?format=json&marker=none_v3&states=listing" "tx67a4995e84754e6ab12f7-0069bafb29" "proxy-server 20" 0.0034 "-" 21 0
Mar 18 19:21:13 standalone proxy-server[129214]: 172.18.0.2 172.18.0.100 18/Mar/2026/19/21/13 GET /v1/AUTH_b98e7fab5a2447bb8854015a5f24d8d7/gnocchi.7d69b668-464a-4603-a24d-3ca276741df0%3Fformat%3Djson%26marker%3Dnone_v3%26states%3Dlisting HTTP/1.0 200 - python-swiftclient-3.11.1 gAAAAABpuvrMnc-3... - 2 - tx67a4995e84754e6ab12f7-0069bafb29 - 0.0090 - - 1773861673.881743193 1773861673.890748739 0
Mar 18 19:21:13 standalone object-server[127363]: 172.20.0.100 - - [18/Mar/2026:19:21:13 +0000] "GET /d1/228/AUTH_b98e7fab5a2447bb8854015a5f24d8d7/gnocchi.7d69b668-464a-4603-a24d-3ca276741df0/1773360000.0_mean_300.0_v3" 200 16 "GET http://172.18.0.2:8080/v1/AUTH_b98e7fab5a2447bb8854015a5f24d8d7/gnocchi.7d69b668-464a-4603-a24d-3ca276741df0/1773360000.0_mean_300.0_v3" "tx6ac1fa94151c43d7831e0-0069bafb29" "proxy-server 20" 0.0007 "-" 23 0
Mar 18 19:21:13 standalone proxy-server[129214]: 172.18.0.2 172.18.0.100 18/Mar/2026/19/21/13 GET /v1/AUTH_b98e7fab5a2447bb8854015a5f24d8d7/gnocchi.7d69b668-464a-4603-a24d-3ca276741df0/1773360000.0_mean_300.0_v3 HTTP/1.0 200 - python-swiftclient-3.11.1 gAAAAABpuvrMnc-3... - 16 - tx6ac1fa94151c43d7831e0-0069bafb29 - 0.0057 - - 1773861673.901785374 1773861673.907462597 0
Mar 18 19:21:13 standalone container-server[127162]: 172.20.0.100 - - [18/Mar/2026:19:21:13 +0000] "PUT /d1/417/AUTH_b98e7fab5a2447bb8854015a5f24d8d7/gnocchi.7d69b668-464a-4603-a24d-3ca276741df0/1773360000.0_mean_300.0_v3" 201 - "PUT http://172.18.0.2:8080/d1/228/AUTH_b98e7fab5a2447bb8854015a5f24d8d7/gnocchi.7d69b668-464a-4603-a24d-3ca276741df0/1773360000.0_mean_300.0_v3" "tx9b0ecc4ead564c78aeb48-0069bafb29" "object-server 24" 0.0007 "-" 21 0
Mar 18 19:21:13 standalone object-server[127364]: 172.20.0.100 - - [18/Mar/2026:19:21:13 +0000] "PUT /d1/228/AUTH_b98e7fab5a2447bb8854015a5f24d8d7/gnocchi.7d69b668-464a-4603-a24d-3ca276741df0/1773360000.0_mean_300.0_v3" 201 - "PUT http://172.18.0.2:8080/v1/AUTH_b98e7fab5a2447bb8854015a5f24d8d7/gnocchi.7d69b668-464a-4603-a24d-3ca276741df0/1773360000.0_mean_300.0_v3" "tx9b0ecc4ead564c78aeb48-0069bafb29" "proxy-server 20" 0.0087 "-" 24 0
Mar 18 19:21:13 standalone proxy-server[129214]: 172.18.0.2 172.18.0.100 18/Mar/2026/19/21/13 PUT /v1/AUTH_b98e7fab5a2447bb8854015a5f24d8d7/gnocchi.7d69b668-464a-4603-a24d-3ca276741df0/1773360000.0_mean_300.0_v3 HTTP/1.0 201 - python-swiftclient-3.11.1 gAAAAABpuvrMnc-3... 16 - - tx9b0ecc4ead564c78aeb48-0069bafb29 - 0.0133 - - 1773861673.910783529 1773861673.924065828 0
Mar 18 19:21:13 standalone container-server[127159]: 172.20.0.100 - - [18/Mar/2026:19:21:13 +0000] "PUT /d1/417/AUTH_b98e7fab5a2447bb8854015a5f24d8d7/gnocchi.7d69b668-464a-4603-a24d-3ca276741df0/none_v3" 201 - "PUT http://172.18.0.2:8080/d1/1011/AUTH_b98e7fab5a2447bb8854015a5f24d8d7/gnocchi.7d69b668-464a-4603-a24d-3ca276741df0/none_v3" "txb2ede257b36c4a9b8383f-0069bafb29" "object-server 23" 0.0010 "-" 20 0
Mar 18 19:21:13 standalone object-server[127363]: 172.20.0.100 - - [18/Mar/2026:19:21:13 +0000] "PUT /d1/1011/AUTH_b98e7fab5a2447bb8854015a5f24d8d7/gnocchi.7d69b668-464a-4603-a24d-3ca276741df0/none_v3" 201 - "PUT http://172.18.0.2:8080/v1/AUTH_b98e7fab5a2447bb8854015a5f24d8d7/gnocchi.7d69b668-464a-4603-a24d-3ca276741df0/none_v3" "txb2ede257b36c4a9b8383f-0069bafb29" "proxy-server 20" 0.0198 "-" 23 0
Mar 18 19:21:13 standalone proxy-server[129214]: 172.18.0.2 172.18.0.100 18/Mar/2026/19/21/13 PUT /v1/AUTH_b98e7fab5a2447bb8854015a5f24d8d7/gnocchi.7d69b668-464a-4603-a24d-3ca276741df0/none_v3 HTTP/1.0 201 - python-swiftclient-3.11.1 gAAAAABpuvrMnc-3... 33 - - txb2ede257b36c4a9b8383f-0069bafb29 - 0.0252 - - 1773861673.927140951 1773861673.952296257 0
Mar 18 19:21:13 standalone object-server[127366]: 172.20.0.100 - - [18/Mar/2026:19:21:13 +0000] "GET /d1/812/AUTH_b98e7fab5a2447bb8854015a5f24d8d7/gnocchi.01c294ee-b505-40d9-bac6-14e3dd311476/none_v3" 200 22 "GET http://172.18.0.2:8080/v1/AUTH_b98e7fab5a2447bb8854015a5f24d8d7/gnocchi.01c294ee-b505-40d9-bac6-14e3dd311476/none_v3" "tx67838d5184cb4a63a8b6a-0069bafb29" "proxy-server 20" 0.0007 "-" 25 0
Mar 18 19:21:13 standalone proxy-server[129214]: 172.18.0.2 172.18.0.100 18/Mar/2026/19/21/13 GET /v1/AUTH_b98e7fab5a2447bb8854015a5f24d8d7/gnocchi.01c294ee-b505-40d9-bac6-14e3dd311476/none_v3 HTTP/1.0 200 - python-swiftclient-3.11.1 gAAAAABpuvrMnc-3... - 22 - tx67838d5184cb4a63a8b6a-0069bafb29 - 0.0088 - - 1773861673.973606348 1773861673.982379436 0
Mar 18 19:21:14 standalone container-server[127159]: 172.20.0.100 - - [18/Mar/2026:19:21:14 +0000] "GET /d1/442/AUTH_b98e7fab5a2447bb8854015a5f24d8d7/gnocchi.01c294ee-b505-40d9-bac6-14e3dd311476" 200 357 "GET http://172.18.0.2:8080/v1/AUTH_b98e7fab5a2447bb8854015a5f24d8d7/gnocchi.01c294ee-b505-40d9-bac6-14e3dd311476?format=json&states=listing" "txe230f7852171415a94d0a-0069bafb29" "proxy-server 20" 0.0127 "-" 20 0
Mar 18 19:21:14 standalone proxy-server[129214]: 172.18.0.2 172.18.0.100 18/Mar/2026/19/21/14 GET /v1/AUTH_b98e7fab5a2447bb8854015a5f24d8d7/gnocchi.01c294ee-b505-40d9-bac6-14e3dd311476%3Fformat%3Djson%26states%3Dlisting HTTP/1.0 200 - python-swiftclient-3.11.1 gAAAAABpuvrMnc-3... - 357 - txe230f7852171415a94d0a-0069bafb29 - 0.0218 - - 1773861673.986448050 1773861674.008280993 0
Mar 18 19:21:14 standalone container-server[127159]: 172.20.0.100 - - [18/Mar/2026:19:21:14 +0000] "GET /d1/442/AUTH_b98e7fab5a2447bb8854015a5f24d8d7/gnocchi.01c294ee-b505-40d9-bac6-14e3dd311476" 200 2 "GET http://172.18.0.2:8080/v1/AUTH_b98e7fab5a2447bb8854015a5f24d8d7/gnocchi.01c294ee-b505-40d9-bac6-14e3dd311476?format=json&marker=none_v3&states=listing" "tx8cdf56565f604ff98a495-0069bafb2a" "proxy-server 20" 0.0030 "-" 20 0
Mar 18 19:21:14 standalone proxy-server[129214]: 172.18.0.2 172.18.0.100 18/Mar/2026/19/21/14 GET /v1/AUTH_b98e7fab5a2447bb8854015a5f24d8d7/gnocchi.01c294ee-b505-40d9-bac6-14e3dd311476%3Fformat%3Djson%26marker%3Dnone_v3%26states%3Dlisting HTTP/1.0 200 - python-swiftclient-3.11.1 gAAAAABpuvrMnc-3... - 2 - tx8cdf56565f604ff98a495-0069bafb2a - 0.0120 - - 1773861674.019230604 1773861674.031203032 0
Mar 18 19:21:14 standalone object-server[127364]: 172.20.0.100 - - [18/Mar/2026:19:21:14 +0000] "GET /d1/78/AUTH_b98e7fab5a2447bb8854015a5f24d8d7/gnocchi.01c294ee-b505-40d9-bac6-14e3dd311476/1773360000.0_mean_300.0_v3" 200 16 "GET http://172.18.0.2:8080/v1/AUTH_b98e7fab5a2447bb8854015a5f24d8d7/gnocchi.01c294ee-b505-40d9-bac6-14e3dd311476/1773360000.0_mean_300.0_v3" "tx13a7689eb2d14b1980793-0069bafb2a" "proxy-server 20" 0.0009 "-" 24 0
Mar 18 19:21:14 standalone proxy-server[129214]: 172.18.0.2 172.18.0.100 18/Mar/2026/19/21/14 GET /v1/AUTH_b98e7fab5a2447bb8854015a5f24d8d7/gnocchi.01c294ee-b505-40d9-bac6-14e3dd311476/1773360000.0_mean_300.0_v3 HTTP/1.0 200 - python-swiftclient-3.11.1 gAAAAABpuvrMnc-3... - 16 - tx13a7689eb2d14b1980793-0069bafb2a - 0.0076 - - 1773861674.035156727 1773861674.042783737 0
Mar 18 19:21:14 standalone container-server[127162]: 172.20.0.100 - - [18/Mar/2026:19:21:14 +0000] "PUT /d1/442/AUTH_b98e7fab5a2447bb8854015a5f24d8d7/gnocchi.01c294ee-b505-40d9-bac6-14e3dd311476/1773360000.0_mean_300.0_v3" 201 - "PUT http://172.18.0.2:8080/d1/78/AUTH_b98e7fab5a2447bb8854015a5f24d8d7/gnocchi.01c294ee-b505-40d9-bac6-14e3dd311476/1773360000.0_mean_300.0_v3" "txf69603407aa84d8882466-0069bafb2a" "object-server 24" 0.0008 "-" 21 0
Mar 18 19:21:14 standalone object-server[127364]: 172.20.0.100 - - [18/Mar/2026:19:21:14 +0000] "PUT /d1/78/AUTH_b98e7fab5a2447bb8854015a5f24d8d7/gnocchi.01c294ee-b505-40d9-bac6-14e3dd311476/1773360000.0_mean_300.0_v3" 201 - "PUT http://172.18.0.2:8080/v1/AUTH_b98e7fab5a2447bb8854015a5f24d8d7/gnocchi.01c294ee-b505-40d9-bac6-14e3dd311476/1773360000.0_mean_300.0_v3" "txf69603407aa84d8882466-0069bafb2a" "proxy-server 20" 0.0168 "-" 24 0
Mar 18 19:21:14 standalone proxy-server[129214]: 172.18.0.2 172.18.0.100 18/Mar/2026/19/21/14 PUT /v1/AUTH_b98e7fab5a2447bb8854015a5f24d8d7/gnocchi.01c294ee-b505-40d9-bac6-14e3dd311476/1773360000.0_mean_300.0_v3 HTTP/1.0 201 - python-swiftclient-3.11.1 gAAAAABpuvrMnc-3... 16 - - txf69603407aa84d8882466-0069bafb2a - 0.0236 - - 1773861674.046321154 1773861674.069884300 0
Mar 18 19:21:14 standalone container-server[127159]: 172.20.0.100 - - [18/Mar/2026:19:21:14 +0000] "PUT /d1/442/AUTH_b98e7fab5a2447bb8854015a5f24d8d7/gnocchi.01c294ee-b505-40d9-bac6-14e3dd311476/none_v3" 201 - "PUT http://172.18.0.2:8080/d1/812/AUTH_b98e7fab5a2447bb8854015a5f24d8d7/gnocchi.01c294ee-b505-40d9-bac6-14e3dd311476/none_v3" "txdb417d0c70294b2482cd9-0069bafb2a" "object-server 25" 0.0005 "-" 20 0
Mar 18 19:21:14 standalone object-server[127366]: 172.20.0.100 - - [18/Mar/2026:19:21:14 +0000] "PUT /d1/812/AUTH_b98e7fab5a2447bb8854015a5f24d8d7/gnocchi.01c294ee-b505-40d9-bac6-14e3dd311476/none_v3" 201 - "PUT http://172.18.0.2:8080/v1/AUTH_b98e7fab5a2447bb8854015a5f24d8d7/gnocchi.01c294ee-b505-40d9-bac6-14e3dd311476/none_v3" "txdb417d0c70294b2482cd9-0069bafb2a" "proxy-server 20" 0.0162 "-" 25 0
Mar 18 19:21:14 standalone proxy-server[129214]: 172.18.0.2 172.18.0.100 18/Mar/2026/19/21/14 PUT /v1/AUTH_b98e7fab5a2447bb8854015a5f24d8d7/gnocchi.01c294ee-b505-40d9-bac6-14e3dd311476/none_v3 HTTP/1.0 201 - python-swiftclient-3.11.1 gAAAAABpuvrMnc-3... 33 - - txdb417d0c70294b2482cd9-0069bafb2a - 0.0286 - - 1773861674.074885130 1773861674.103499889 0
Mar 18 19:21:18 standalone object-server[127366]: 172.20.0.100 - - [18/Mar/2026:19:21:18 +0000] "GET /d1/46/AUTH_b98e7fab5a2447bb8854015a5f24d8d7/gnocchi.55a2c143-c8cb-4a04-9e06-5a1451a4164d/none_v3" 200 22 "GET http://172.18.0.2:8080/v1/AUTH_b98e7fab5a2447bb8854015a5f24d8d7/gnocchi.55a2c143-c8cb-4a04-9e06-5a1451a4164d/none_v3" "txa5592e2aa15a40939d76d-0069bafb2e" "proxy-server 20" 0.0014 "-" 25 0
Mar 18 19:21:18 standalone proxy-server[129214]: 172.18.0.2 172.18.0.100 18/Mar/2026/19/21/18 GET /v1/AUTH_b98e7fab5a2447bb8854015a5f24d8d7/gnocchi.55a2c143-c8cb-4a04-9e06-5a1451a4164d/none_v3 HTTP/1.0 200 - python-swiftclient-3.11.1 gAAAAABpuvrMnc-3... - 22 - txa5592e2aa15a40939d76d-0069bafb2e - 0.0103 - - 1773861678.188748837 1773861678.199043512 0
Mar 18 19:21:18 standalone container-server[127167]: 172.20.0.100 - - [18/Mar/2026:19:21:18 +0000] "GET /d1/622/AUTH_b98e7fab5a2447bb8854015a5f24d8d7/gnocchi.55a2c143-c8cb-4a04-9e06-5a1451a4164d" 200 357 "GET http://172.18.0.2:8080/v1/AUTH_b98e7fab5a2447bb8854015a5f24d8d7/gnocchi.55a2c143-c8cb-4a04-9e06-5a1451a4164d?format=json&states=listing" "txf07af4dc269a4b2f8c4c0-0069bafb2e" "proxy-server 20" 0.0102 "-" 23 0
Mar 18 19:21:18 standalone proxy-server[129214]: 172.18.0.2 172.18.0.100 18/Mar/2026/19/21/18 GET /v1/AUTH_b98e7fab5a2447bb8854015a5f24d8d7/gnocchi.55a2c143-c8cb-4a04-9e06-5a1451a4164d%3Fformat%3Djson%26states%3Dlisting HTTP/1.0 200 - python-swiftclient-3.11.1 gAAAAABpuvrMnc-3... - 357 - txf07af4dc269a4b2f8c4c0-0069bafb2e - 0.0174 - - 1773861678.203445911 1773861678.220894575 0
Mar 18 19:21:18 standalone container-server[127167]: 172.20.0.100 - - [18/Mar/2026:19:21:18 +0000] "GET /d1/622/AUTH_b98e7fab5a2447bb8854015a5f24d8d7/gnocchi.55a2c143-c8cb-4a04-9e06-5a1451a4164d" 200 2 "GET http://172.18.0.2:8080/v1/AUTH_b98e7fab5a2447bb8854015a5f24d8d7/gnocchi.55a2c143-c8cb-4a04-9e06-5a1451a4164d?format=json&marker=none_v3&states=listing" "tx4bc64c39ba94460daa693-0069bafb2e" "proxy-server 20" 0.0028 "-" 23 0
Mar 18 19:21:18 standalone proxy-server[129214]: 172.18.0.2 172.18.0.100 18/Mar/2026/19/21/18 GET /v1/AUTH_b98e7fab5a2447bb8854015a5f24d8d7/gnocchi.55a2c143-c8cb-4a04-9e06-5a1451a4164d%3Fformat%3Djson%26marker%3Dnone_v3%26states%3Dlisting HTTP/1.0 200 - python-swiftclient-3.11.1 gAAAAABpuvrMnc-3... - 2 - tx4bc64c39ba94460daa693-0069bafb2e - 0.0076 - - 1773861678.224073648 1773861678.231707096 0
Mar 18 19:21:18 standalone object-server[127364]: 172.20.0.100 - - [18/Mar/2026:19:21:18 +0000] "GET /d1/189/AUTH_b98e7fab5a2447bb8854015a5f24d8d7/gnocchi.55a2c143-c8cb-4a04-9e06-5a1451a4164d/1773360000.0_mean_300.0_v3" 200 16 "GET http://172.18.0.2:8080/v1/AUTH_b98e7fab5a2447bb8854015a5f24d8d7/gnocchi.55a2c143-c8cb-4a04-9e06-5a1451a4164d/1773360000.0_mean_300.0_v3" "tx4b6d1aa20a39422eb861a-0069bafb2e" "proxy-server 20" 0.0011 "-" 24 0
Mar 18 19:21:18 standalone proxy-server[129214]: 172.18.0.2 172.18.0.100 18/Mar/2026/19/21/18 GET /v1/AUTH_b98e7fab5a2447bb8854015a5f24d8d7/gnocchi.55a2c143-c8cb-4a04-9e06-5a1451a4164d/1773360000.0_mean_300.0_v3 HTTP/1.0 200 - python-swiftclient-3.11.1 gAAAAABpuvrMnc-3... - 16 - tx4b6d1aa20a39422eb861a-0069bafb2e - 0.0089 - - 1773861678.235729218 1773861678.244656563 0
Mar 18 19:21:18 standalone container-server[127163]: 172.20.0.100 - - [18/Mar/2026:19:21:18 +0000] "PUT /d1/622/AUTH_b98e7fab5a2447bb8854015a5f24d8d7/gnocchi.55a2c143-c8cb-4a04-9e06-5a1451a4164d/1773360000.0_mean_300.0_v3" 201 - "PUT http://172.18.0.2:8080/d1/189/AUTH_b98e7fab5a2447bb8854015a5f24d8d7/gnocchi.55a2c143-c8cb-4a04-9e06-5a1451a4164d/1773360000.0_mean_300.0_v3" "tx851eb19a2f1549a9940c6-0069bafb2e" "object-server 25" 0.0008 "-" 22 0
Mar 18 19:21:18 standalone object-server[127366]: 172.20.0.100 - - [18/Mar/2026:19:21:18 +0000] "PUT /d1/189/AUTH_b98e7fab5a2447bb8854015a5f24d8d7/gnocchi.55a2c143-c8cb-4a04-9e06-5a1451a4164d/1773360000.0_mean_300.0_v3" 201 - "PUT http://172.18.0.2:8080/v1/AUTH_b98e7fab5a2447bb8854015a5f24d8d7/gnocchi.55a2c143-c8cb-4a04-9e06-5a1451a4164d/1773360000.0_mean_300.0_v3" "tx851eb19a2f1549a9940c6-0069bafb2e" "proxy-server 20" 0.0129 "-" 25 0
Mar 18 19:21:18 standalone proxy-server[129214]: 172.18.0.2 172.18.0.100 18/Mar/2026/19/21/18 PUT /v1/AUTH_b98e7fab5a2447bb8854015a5f24d8d7/gnocchi.55a2c143-c8cb-4a04-9e06-5a1451a4164d/1773360000.0_mean_300.0_v3 HTTP/1.0 201 - python-swiftclient-3.11.1 gAAAAABpuvrMnc-3... 16 - - tx851eb19a2f1549a9940c6-0069bafb2e - 0.0213 - - 1773861678.248824835 1773861678.270141363 0
Mar 18 19:21:18 standalone container-server[127162]: 172.20.0.100 - - [18/Mar/2026:19:21:18 +0000] "PUT /d1/622/AUTH_b98e7fab5a2447bb8854015a5f24d8d7/gnocchi.55a2c143-c8cb-4a04-9e06-5a1451a4164d/none_v3" 201 - "PUT http://172.18.0.2:8080/d1/46/AUTH_b98e7fab5a2447bb8854015a5f24d8d7/gnocchi.55a2c143-c8cb-4a04-9e06-5a1451a4164d/none_v3" "txbf87f1f1c71c48c78f1aa-0069bafb2e" "object-server 24" 0.0008 "-" 21 0
Mar 18 19:21:18 standalone object-server[127364]: 172.20.0.100 - - [18/Mar/2026:19:21:18 +0000] "PUT /d1/46/AUTH_b98e7fab5a2447bb8854015a5f24d8d7/gnocchi.55a2c143-c8cb-4a04-9e06-5a1451a4164d/none_v3" 201 - "PUT http://172.18.0.2:8080/v1/AUTH_b98e7fab5a2447bb8854015a5f24d8d7/gnocchi.55a2c143-c8cb-4a04-9e06-5a1451a4164d/none_v3" "txbf87f1f1c71c48c78f1aa-0069bafb2e" "proxy-server 20" 0.0110 "-" 24 0
Mar 18 19:21:18 standalone proxy-server[129214]: 172.18.0.2 172.18.0.100 18/Mar/2026/19/21/18 PUT /v1/AUTH_b98e7fab5a2447bb8854015a5f24d8d7/gnocchi.55a2c143-c8cb-4a04-9e06-5a1451a4164d/none_v3 HTTP/1.0 201 - python-swiftclient-3.11.1 gAAAAABpuvrMnc-3... 32 - - txbf87f1f1c71c48c78f1aa-0069bafb2e - 0.0192 - - 1773861678.274275064 1773861678.293438196 0
Mar 18 19:21:28 standalone container-server[127159]: 172.20.0.100 - - [18/Mar/2026:19:21:28 +0000] "HEAD /d1/310/AUTH_b98e7fab5a2447bb8854015a5f24d8d7/gnocchi.19150c69-c356-4ea7-99ef-36171d81dbea" 404 - "HEAD http://172.18.0.2:8080/v1/AUTH_b98e7fab5a2447bb8854015a5f24d8d7/gnocchi.19150c69-c356-4ea7-99ef-36171d81dbea?format=json&states=listing" "txa45fad6b6b9d46528e3ec-0069bafb38" "proxy-server 20" 0.0004 "-" 20 0
Mar 18 19:21:28 standalone object-server[127366]: 172.20.0.100 - - [18/Mar/2026:19:21:28 +0000] "GET /d1/596/AUTH_b98e7fab5a2447bb8854015a5f24d8d7/gnocchi.19150c69-c356-4ea7-99ef-36171d81dbea/none_v3" 404 70 "GET http://172.18.0.2:8080/v1/AUTH_b98e7fab5a2447bb8854015a5f24d8d7/gnocchi.19150c69-c356-4ea7-99ef-36171d81dbea/none_v3" "txa45fad6b6b9d46528e3ec-0069bafb38" "proxy-server 20" 0.0007 "-" 25 0
Mar 18 19:21:28 standalone proxy-server[129214]: 172.18.0.2 172.18.0.100 18/Mar/2026/19/21/28 GET /v1/AUTH_b98e7fab5a2447bb8854015a5f24d8d7/gnocchi.19150c69-c356-4ea7-99ef-36171d81dbea/none_v3 HTTP/1.0 404 - python-swiftclient-3.11.1 gAAAAABpuvrMnc-3... - 70 - txa45fad6b6b9d46528e3ec-0069bafb38 - 0.0133 - - 1773861688.205803633 1773861688.219145060 0
Mar 18 19:21:28 standalone account-server[127158]: 172.20.0.100 - - [18/Mar/2026:19:21:28 +0000] "PUT /d1/46/AUTH_b98e7fab5a2447bb8854015a5f24d8d7/gnocchi.19150c69-c356-4ea7-99ef-36171d81dbea" 201 - "PUT http://172.20.0.100:6001/d1/310/AUTH_b98e7fab5a2447bb8854015a5f24d8d7/gnocchi.19150c69-c356-4ea7-99ef-36171d81dbea" "txc34b8e84684845faba627-0069bafb38" "container-server 23" 0.0050 "-" 22 0
Mar 18 19:21:28 standalone container-server[127167]: 172.20.0.100 - - [18/Mar/2026:19:21:28 +0000] "PUT /d1/310/AUTH_b98e7fab5a2447bb8854015a5f24d8d7/gnocchi.19150c69-c356-4ea7-99ef-36171d81dbea" 201 - "PUT http://172.18.0.2:8080/v1/AUTH_b98e7fab5a2447bb8854015a5f24d8d7/gnocchi.19150c69-c356-4ea7-99ef-36171d81dbea" "txc34b8e84684845faba627-0069bafb38" "proxy-server 20" 0.0155 "-" 23 0
Mar 18 19:21:28 standalone proxy-server[129214]: 172.18.0.2 172.18.0.100 18/Mar/2026/19/21/28 PUT /v1/AUTH_b98e7fab5a2447bb8854015a5f24d8d7/gnocchi.19150c69-c356-4ea7-99ef-36171d81dbea HTTP/1.0 201 - python-swiftclient-3.11.1 gAAAAABpuvrMnc-3... - - - txc34b8e84684845faba627-0069bafb38 - 0.0218 - - 1773861688.222080946 1773861688.243899584 0
Mar 18 19:21:28 standalone container-server[127167]: 172.20.0.100 - - [18/Mar/2026:19:21:28 +0000] "HEAD /d1/310/AUTH_b98e7fab5a2447bb8854015a5f24d8d7/gnocchi.19150c69-c356-4ea7-99ef-36171d81dbea" 204 - "HEAD http://172.18.0.2:8080/v1/AUTH_b98e7fab5a2447bb8854015a5f24d8d7/gnocchi.19150c69-c356-4ea7-99ef-36171d81dbea?format=json&states=listing" "txc31a86a9f36a440cb197e-0069bafb38" "proxy-server 20" 0.0022 "-" 23 0
Mar 18 19:21:28 standalone proxy-server[129214]: - - 18/Mar/2026/19/21/28 HEAD /v1/AUTH_b98e7fab5a2447bb8854015a5f24d8d7/gnocchi.19150c69-c356-4ea7-99ef-36171d81dbea%3Fformat%3Djson%26states%3Dlisting HTTP/1.0 204 - Swift - - - - txc31a86a9f36a440cb197e-0069bafb38 - 0.0058 RL - 1773861688.248834848 1773861688.254661798 0
Mar 18 19:21:28 standalone container-server[127159]: 172.20.0.100 - - [18/Mar/2026:19:21:28 +0000] "GET /d1/310/AUTH_b98e7fab5a2447bb8854015a5f24d8d7/gnocchi.19150c69-c356-4ea7-99ef-36171d81dbea" 200 2 "GET http://172.18.0.2:8080/v1/AUTH_b98e7fab5a2447bb8854015a5f24d8d7/gnocchi.19150c69-c356-4ea7-99ef-36171d81dbea?format=json&states=listing" "txc31a86a9f36a440cb197e-0069bafb38" "proxy-server 20" 0.0036 "-" 20 0
Mar 18 19:21:28 standalone proxy-server[129214]: 172.18.0.2 172.18.0.100 18/Mar/2026/19/21/28 GET /v1/AUTH_b98e7fab5a2447bb8854015a5f24d8d7/gnocchi.19150c69-c356-4ea7-99ef-36171d81dbea%3Fformat%3Djson%26states%3Dlisting HTTP/1.0 200 - python-swiftclient-3.11.1 gAAAAABpuvrMnc-3... - 2 - txc31a86a9f36a440cb197e-0069bafb38 - 0.0165 - - 1773861688.247864723 1773861688.264362812 0
Mar 18 19:21:28 standalone object-server[127362]: 172.20.0.100 - - [18/Mar/2026:19:21:28 +0000] "GET /d1/545/AUTH_b98e7fab5a2447bb8854015a5f24d8d7/gnocchi.19150c69-c356-4ea7-99ef-36171d81dbea/1773360000.0_mean_300.0_v3" 404 70 "GET http://172.18.0.2:8080/v1/AUTH_b98e7fab5a2447bb8854015a5f24d8d7/gnocchi.19150c69-c356-4ea7-99ef-36171d81dbea/1773360000.0_mean_300.0_v3" "txf42f45a7f2754b99a081c-0069bafb38" "proxy-server 20" 0.0006 "-" 22 0
Mar 18 19:21:28 standalone proxy-server[129214]: 172.18.0.2 172.18.0.100 18/Mar/2026/19/21/28 GET /v1/AUTH_b98e7fab5a2447bb8854015a5f24d8d7/gnocchi.19150c69-c356-4ea7-99ef-36171d81dbea/1773360000.0_mean_300.0_v3 HTTP/1.0 404 - python-swiftclient-3.11.1 gAAAAABpuvrMnc-3... - 70 - txf42f45a7f2754b99a081c-0069bafb38 - 0.0055 - - 1773861688.267710924 1773861688.273184299 0
Mar 18 19:21:28 standalone container-server[127167]: 172.20.0.100 - - [18/Mar/2026:19:21:28 +0000] "PUT /d1/310/AUTH_b98e7fab5a2447bb8854015a5f24d8d7/gnocchi.19150c69-c356-4ea7-99ef-36171d81dbea/1773360000.0_mean_300.0_v3" 201 - "PUT http://172.18.0.2:8080/d1/545/AUTH_b98e7fab5a2447bb8854015a5f24d8d7/gnocchi.19150c69-c356-4ea7-99ef-36171d81dbea/1773360000.0_mean_300.0_v3" "tx08f9a05519c44010b419b-0069bafb38" "object-server 22" 0.0011 "-" 23 0
Mar 18 19:21:28 standalone object-server[127362]: 172.20.0.100 - - [18/Mar/2026:19:21:28 +0000] "PUT /d1/545/AUTH_b98e7fab5a2447bb8854015a5f24d8d7/gnocchi.19150c69-c356-4ea7-99ef-36171d81dbea/1773360000.0_mean_300.0_v3" 201 - "PUT http://172.18.0.2:8080/v1/AUTH_b98e7fab5a2447bb8854015a5f24d8d7/gnocchi.19150c69-c356-4ea7-99ef-36171d81dbea/1773360000.0_mean_300.0_v3" "tx08f9a05519c44010b419b-0069bafb38" "proxy-server 20" 0.0191 "-" 22 0
Mar 18 19:21:28 standalone proxy-server[129214]: 172.18.0.2 172.18.0.100 18/Mar/2026/19/21/28 PUT /v1/AUTH_b98e7fab5a2447bb8854015a5f24d8d7/gnocchi.19150c69-c356-4ea7-99ef-36171d81dbea/1773360000.0_mean_300.0_v3 HTTP/1.0 201 - python-swiftclient-3.11.1 gAAAAABpuvrMnc-3... 16 - - tx08f9a05519c44010b419b-0069bafb38 - 0.0241 - - 1773861688.275888205 1773861688.299944401 0
Mar 18 19:21:28 standalone container-server[127162]: 172.20.0.100 - - [18/Mar/2026:19:21:28 +0000] "PUT /d1/310/AUTH_b98e7fab5a2447bb8854015a5f24d8d7/gnocchi.19150c69-c356-4ea7-99ef-36171d81dbea/none_v3" 201 - "PUT http://172.18.0.2:8080/d1/596/AUTH_b98e7fab5a2447bb8854015a5f24d8d7/gnocchi.19150c69-c356-4ea7-99ef-36171d81dbea/none_v3" "tx27f7dec226e144408721a-0069bafb38" "object-server 25" 0.0005 "-" 21 0
Mar 18 19:21:28 standalone object-server[127366]: 172.20.0.100 - - [18/Mar/2026:19:21:28 +0000] "PUT /d1/596/AUTH_b98e7fab5a2447bb8854015a5f24d8d7/gnocchi.19150c69-c356-4ea7-99ef-36171d81dbea/none_v3" 201 - "PUT http://172.18.0.2:8080/v1/AUTH_b98e7fab5a2447bb8854015a5f24d8d7/gnocchi.19150c69-c356-4ea7-99ef-36171d81dbea/none_v3" "tx27f7dec226e144408721a-0069bafb38" "proxy-server 20" 0.0105 "-" 25 0
Mar 18 19:21:28 standalone proxy-server[129214]: 172.18.0.2 172.18.0.100 18/Mar/2026/19/21/28 PUT /v1/AUTH_b98e7fab5a2447bb8854015a5f24d8d7/gnocchi.19150c69-c356-4ea7-99ef-36171d81dbea/none_v3 HTTP/1.0 201 - python-swiftclient-3.11.1 gAAAAABpuvrMnc-3... 22 - - tx27f7dec226e144408721a-0069bafb38 - 0.0172 - - 1773861688.302521944 1773861688.319738150 0
