Mar 18 19:21:56 standalone proxy-server[129214]: 172.18.0.2 172.18.0.100 18/Mar/2026/19/21/56 GET /v1/AUTH_b98e7fab5a2447bb8854015a5f24d8d7/gnocchi.8263d78c-7d85-40cc-9dc0-a470b6fd8aab%3Fformat%3Djson%26states%3Dlisting HTTP/1.0 200 - python-swiftclient-3.11.1 gAAAAABpuvrMnc-3... - 2 - tx800c11fa8a514e8bb1d92-0069bafb54 - 0.0171 - - 1773861716.202198505 1773861716.219293118 0
Mar 18 19:21:56 standalone object-server[127364]: 172.20.0.100 - - [18/Mar/2026:19:21:56 +0000] "GET /d1/247/AUTH_b98e7fab5a2447bb8854015a5f24d8d7/gnocchi.8263d78c-7d85-40cc-9dc0-a470b6fd8aab/1773360000.0_mean_300.0_v3" 404 70 "GET http://172.18.0.2:8080/v1/AUTH_b98e7fab5a2447bb8854015a5f24d8d7/gnocchi.8263d78c-7d85-40cc-9dc0-a470b6fd8aab/1773360000.0_mean_300.0_v3" "txaad456b0484b461392241-0069bafb54" "proxy-server 20" 0.0004 "-" 24 0
Mar 18 19:21:56 standalone proxy-server[129214]: 172.18.0.2 172.18.0.100 18/Mar/2026/19/21/56 GET /v1/AUTH_b98e7fab5a2447bb8854015a5f24d8d7/gnocchi.8263d78c-7d85-40cc-9dc0-a470b6fd8aab/1773360000.0_mean_300.0_v3 HTTP/1.0 404 - python-swiftclient-3.11.1 gAAAAABpuvrMnc-3... - 70 - txaad456b0484b461392241-0069bafb54 - 0.0054 - - 1773861716.226188183 1773861716.231626034 0
Mar 18 19:21:56 standalone container-server[127163]: 172.20.0.100 - - [18/Mar/2026:19:21:56 +0000] "PUT /d1/666/AUTH_b98e7fab5a2447bb8854015a5f24d8d7/gnocchi.8263d78c-7d85-40cc-9dc0-a470b6fd8aab/1773360000.0_mean_300.0_v3" 201 - "PUT http://172.18.0.2:8080/d1/247/AUTH_b98e7fab5a2447bb8854015a5f24d8d7/gnocchi.8263d78c-7d85-40cc-9dc0-a470b6fd8aab/1773360000.0_mean_300.0_v3" "txad7942729c454856b41ab-0069bafb54" "object-server 25" 0.0004 "-" 22 0
Mar 18 19:21:56 standalone object-server[127366]: 172.20.0.100 - - [18/Mar/2026:19:21:56 +0000] "PUT /d1/247/AUTH_b98e7fab5a2447bb8854015a5f24d8d7/gnocchi.8263d78c-7d85-40cc-9dc0-a470b6fd8aab/1773360000.0_mean_300.0_v3" 201 - "PUT http://172.18.0.2:8080/v1/AUTH_b98e7fab5a2447bb8854015a5f24d8d7/gnocchi.8263d78c-7d85-40cc-9dc0-a470b6fd8aab/1773360000.0_mean_300.0_v3" "txad7942729c454856b41ab-0069bafb54" "proxy-server 20" 0.0084 "-" 25 0
Mar 18 19:21:56 standalone proxy-server[129214]: 172.18.0.2 172.18.0.100 18/Mar/2026/19/21/56 PUT /v1/AUTH_b98e7fab5a2447bb8854015a5f24d8d7/gnocchi.8263d78c-7d85-40cc-9dc0-a470b6fd8aab/1773360000.0_mean_300.0_v3 HTTP/1.0 201 - python-swiftclient-3.11.1 gAAAAABpuvrMnc-3... 16 - - txad7942729c454856b41ab-0069bafb54 - 0.0158 - - 1773861716.234569073 1773861716.250373602 0
Mar 18 19:21:56 standalone container-server[127163]: 172.20.0.100 - - [18/Mar/2026:19:21:56 +0000] "PUT /d1/666/AUTH_b98e7fab5a2447bb8854015a5f24d8d7/gnocchi.8263d78c-7d85-40cc-9dc0-a470b6fd8aab/none_v3" 201 - "PUT http://172.18.0.2:8080/d1/196/AUTH_b98e7fab5a2447bb8854015a5f24d8d7/gnocchi.8263d78c-7d85-40cc-9dc0-a470b6fd8aab/none_v3" "tx4cdb075b577c4f46bc3d0-0069bafb54" "object-server 24" 0.0003 "-" 22 0
Mar 18 19:21:56 standalone object-server[127364]: 172.20.0.100 - - [18/Mar/2026:19:21:56 +0000] "PUT /d1/196/AUTH_b98e7fab5a2447bb8854015a5f24d8d7/gnocchi.8263d78c-7d85-40cc-9dc0-a470b6fd8aab/none_v3" 201 - "PUT http://172.18.0.2:8080/v1/AUTH_b98e7fab5a2447bb8854015a5f24d8d7/gnocchi.8263d78c-7d85-40cc-9dc0-a470b6fd8aab/none_v3" "tx4cdb075b577c4f46bc3d0-0069bafb54" "proxy-server 20" 0.0076 "-" 24 0
Mar 18 19:21:56 standalone proxy-server[129214]: 172.18.0.2 172.18.0.100 18/Mar/2026/19/21/56 PUT /v1/AUTH_b98e7fab5a2447bb8854015a5f24d8d7/gnocchi.8263d78c-7d85-40cc-9dc0-a470b6fd8aab/none_v3 HTTP/1.0 201 - python-swiftclient-3.11.1 gAAAAABpuvrMnc-3... 22 - - tx4cdb075b577c4f46bc3d0-0069bafb54 - 0.0122 - - 1773861716.252890587 1773861716.265086651 0
Mar 18 19:21:56 standalone container-server[127159]: 172.20.0.100 - - [18/Mar/2026:19:21:56 +0000] "HEAD /d1/539/AUTH_b98e7fab5a2447bb8854015a5f24d8d7/gnocchi.44fd49b9-1d5b-41cc-98cf-5d777676f2b4" 404 - "HEAD http://172.18.0.2:8080/v1/AUTH_b98e7fab5a2447bb8854015a5f24d8d7/gnocchi.44fd49b9-1d5b-41cc-98cf-5d777676f2b4?format=json&states=listing" "txe9ea7e38029547a0902c9-0069bafb54" "proxy-server 20" 0.0005 "-" 20 0
Mar 18 19:21:56 standalone object-server[127364]: 172.20.0.100 - - [18/Mar/2026:19:21:56 +0000] "GET /d1/130/AUTH_b98e7fab5a2447bb8854015a5f24d8d7/gnocchi.44fd49b9-1d5b-41cc-98cf-5d777676f2b4/none_v3" 404 70 "GET http://172.18.0.2:8080/v1/AUTH_b98e7fab5a2447bb8854015a5f24d8d7/gnocchi.44fd49b9-1d5b-41cc-98cf-5d777676f2b4/none_v3" "txe9ea7e38029547a0902c9-0069bafb54" "proxy-server 20" 0.0006 "-" 24 0
Mar 18 19:21:56 standalone proxy-server[129214]: 172.18.0.2 172.18.0.100 18/Mar/2026/19/21/56 GET /v1/AUTH_b98e7fab5a2447bb8854015a5f24d8d7/gnocchi.44fd49b9-1d5b-41cc-98cf-5d777676f2b4/none_v3 HTTP/1.0 404 - python-swiftclient-3.11.1 gAAAAABpuvrMnc-3... - 70 - txe9ea7e38029547a0902c9-0069bafb54 - 0.0102 - - 1773861716.278892994 1773861716.289141417 0
Mar 18 19:21:56 standalone account-server[127156]: 172.20.0.100 - - [18/Mar/2026:19:21:56 +0000] "PUT /d1/46/AUTH_b98e7fab5a2447bb8854015a5f24d8d7/gnocchi.44fd49b9-1d5b-41cc-98cf-5d777676f2b4" 201 - "PUT http://172.20.0.100:6001/d1/539/AUTH_b98e7fab5a2447bb8854015a5f24d8d7/gnocchi.44fd49b9-1d5b-41cc-98cf-5d777676f2b4" "txa40c03db339f49cda1d8c-0069bafb54" "container-server 20" 0.0049 "-" 21 0
Mar 18 19:21:56 standalone container-server[127159]: 172.20.0.100 - - [18/Mar/2026:19:21:56 +0000] "PUT /d1/539/AUTH_b98e7fab5a2447bb8854015a5f24d8d7/gnocchi.44fd49b9-1d5b-41cc-98cf-5d777676f2b4" 201 - "PUT http://172.18.0.2:8080/v1/AUTH_b98e7fab5a2447bb8854015a5f24d8d7/gnocchi.44fd49b9-1d5b-41cc-98cf-5d777676f2b4" "txa40c03db339f49cda1d8c-0069bafb54" "proxy-server 20" 0.0203 "-" 20 0
Mar 18 19:21:56 standalone proxy-server[129214]: 172.18.0.2 172.18.0.100 18/Mar/2026/19/21/56 PUT /v1/AUTH_b98e7fab5a2447bb8854015a5f24d8d7/gnocchi.44fd49b9-1d5b-41cc-98cf-5d777676f2b4 HTTP/1.0 201 - python-swiftclient-3.11.1 gAAAAABpuvrMnc-3... - - - txa40c03db339f49cda1d8c-0069bafb54 - 0.0258 - - 1773861716.291687012 1773861716.317445993 0
Mar 18 19:21:56 standalone container-server[127159]: 172.20.0.100 - - [18/Mar/2026:19:21:56 +0000] "HEAD /d1/539/AUTH_b98e7fab5a2447bb8854015a5f24d8d7/gnocchi.44fd49b9-1d5b-41cc-98cf-5d777676f2b4" 204 - "HEAD http://172.18.0.2:8080/v1/AUTH_b98e7fab5a2447bb8854015a5f24d8d7/gnocchi.44fd49b9-1d5b-41cc-98cf-5d777676f2b4?format=json&states=listing" "tx6674eea002b04cba9f2cc-0069bafb54" "proxy-server 20" 0.0023 "-" 20 0
Mar 18 19:21:56 standalone proxy-server[129214]: - - 18/Mar/2026/19/21/56 HEAD /v1/AUTH_b98e7fab5a2447bb8854015a5f24d8d7/gnocchi.44fd49b9-1d5b-41cc-98cf-5d777676f2b4%3Fformat%3Djson%26states%3Dlisting HTTP/1.0 204 - Swift - - - - tx6674eea002b04cba9f2cc-0069bafb54 - 0.0063 RL - 1773861716.323124170 1773861716.329405069 0
Mar 18 19:21:56 standalone container-server[127159]: 172.20.0.100 - - [18/Mar/2026:19:21:56 +0000] "GET /d1/539/AUTH_b98e7fab5a2447bb8854015a5f24d8d7/gnocchi.44fd49b9-1d5b-41cc-98cf-5d777676f2b4" 200 2 "GET http://172.18.0.2:8080/v1/AUTH_b98e7fab5a2447bb8854015a5f24d8d7/gnocchi.44fd49b9-1d5b-41cc-98cf-5d777676f2b4?format=json&states=listing" "tx6674eea002b04cba9f2cc-0069bafb54" "proxy-server 20" 0.0039 "-" 20 0
Mar 18 19:21:56 standalone proxy-server[129214]: 172.18.0.2 172.18.0.100 18/Mar/2026/19/21/56 GET /v1/AUTH_b98e7fab5a2447bb8854015a5f24d8d7/gnocchi.44fd49b9-1d5b-41cc-98cf-5d777676f2b4%3Fformat%3Djson%26states%3Dlisting HTTP/1.0 200 - python-swiftclient-3.11.1 gAAAAABpuvrMnc-3... - 2 - tx6674eea002b04cba9f2cc-0069bafb54 - 0.0218 - - 1773861716.320481777 1773861716.342253685 0
Mar 18 19:21:56 standalone object-server[127364]: 172.20.0.100 - - [18/Mar/2026:19:21:56 +0000] "GET /d1/725/AUTH_b98e7fab5a2447bb8854015a5f24d8d7/gnocchi.44fd49b9-1d5b-41cc-98cf-5d777676f2b4/1773360000.0_mean_300.0_v3" 404 70 "GET http://172.18.0.2:8080/v1/AUTH_b98e7fab5a2447bb8854015a5f24d8d7/gnocchi.44fd49b9-1d5b-41cc-98cf-5d777676f2b4/1773360000.0_mean_300.0_v3" "txf168e157c8184892813c1-0069bafb54" "proxy-server 20" 0.0004 "-" 24 0
Mar 18 19:21:56 standalone proxy-server[129214]: 172.18.0.2 172.18.0.100 18/Mar/2026/19/21/56 GET /v1/AUTH_b98e7fab5a2447bb8854015a5f24d8d7/gnocchi.44fd49b9-1d5b-41cc-98cf-5d777676f2b4/1773360000.0_mean_300.0_v3 HTTP/1.0 404 - python-swiftclient-3.11.1 gAAAAABpuvrMnc-3... - 70 - txf168e157c8184892813c1-0069bafb54 - 0.0054 - - 1773861716.346341372 1773861716.351702213 0
Mar 18 19:21:56 standalone container-server[127159]: 172.20.0.100 - - [18/Mar/2026:19:21:56 +0000] "PUT /d1/539/AUTH_b98e7fab5a2447bb8854015a5f24d8d7/gnocchi.44fd49b9-1d5b-41cc-98cf-5d777676f2b4/1773360000.0_mean_300.0_v3" 201 - "PUT http://172.18.0.2:8080/d1/725/AUTH_b98e7fab5a2447bb8854015a5f24d8d7/gnocchi.44fd49b9-1d5b-41cc-98cf-5d777676f2b4/1773360000.0_mean_300.0_v3" "tx4f479b31b9f047deb4610-0069bafb54" "object-server 22" 0.0008 "-" 20 0
Mar 18 19:21:56 standalone object-server[127362]: 172.20.0.100 - - [18/Mar/2026:19:21:56 +0000] "PUT /d1/725/AUTH_b98e7fab5a2447bb8854015a5f24d8d7/gnocchi.44fd49b9-1d5b-41cc-98cf-5d777676f2b4/1773360000.0_mean_300.0_v3" 201 - "PUT http://172.18.0.2:8080/v1/AUTH_b98e7fab5a2447bb8854015a5f24d8d7/gnocchi.44fd49b9-1d5b-41cc-98cf-5d777676f2b4/1773360000.0_mean_300.0_v3" "tx4f479b31b9f047deb4610-0069bafb54" "proxy-server 20" 0.0128 "-" 22 0
Mar 18 19:21:56 standalone proxy-server[129214]: 172.18.0.2 172.18.0.100 18/Mar/2026/19/21/56 PUT /v1/AUTH_b98e7fab5a2447bb8854015a5f24d8d7/gnocchi.44fd49b9-1d5b-41cc-98cf-5d777676f2b4/1773360000.0_mean_300.0_v3 HTTP/1.0 201 - python-swiftclient-3.11.1 gAAAAABpuvrMnc-3... 16 - - tx4f479b31b9f047deb4610-0069bafb54 - 0.0180 - - 1773861716.354537010 1773861716.372507572 0
Mar 18 19:21:56 standalone container-server[127162]: 172.20.0.100 - - [18/Mar/2026:19:21:56 +0000] "PUT /d1/539/AUTH_b98e7fab5a2447bb8854015a5f24d8d7/gnocchi.44fd49b9-1d5b-41cc-98cf-5d777676f2b4/none_v3" 201 - "PUT http://172.18.0.2:8080/d1/130/AUTH_b98e7fab5a2447bb8854015a5f24d8d7/gnocchi.44fd49b9-1d5b-41cc-98cf-5d777676f2b4/none_v3" "tx9713babcfe1545ffb202a-0069bafb54" "object-server 24" 0.0005 "-" 21 0
Mar 18 19:21:56 standalone object-server[127364]: 172.20.0.100 - - [18/Mar/2026:19:21:56 +0000] "PUT /d1/130/AUTH_b98e7fab5a2447bb8854015a5f24d8d7/gnocchi.44fd49b9-1d5b-41cc-98cf-5d777676f2b4/none_v3" 201 - "PUT http://172.18.0.2:8080/v1/AUTH_b98e7fab5a2447bb8854015a5f24d8d7/gnocchi.44fd49b9-1d5b-41cc-98cf-5d777676f2b4/none_v3" "tx9713babcfe1545ffb202a-0069bafb54" "proxy-server 20" 0.0096 "-" 24 0
Mar 18 19:21:56 standalone proxy-server[129214]: 172.18.0.2 172.18.0.100 18/Mar/2026/19/21/56 PUT /v1/AUTH_b98e7fab5a2447bb8854015a5f24d8d7/gnocchi.44fd49b9-1d5b-41cc-98cf-5d777676f2b4/none_v3 HTTP/1.0 201 - python-swiftclient-3.11.1 gAAAAABpuvrMnc-3... 22 - - tx9713babcfe1545ffb202a-0069bafb54 - 0.0141 - - 1773861716.375036955 1773861716.389123440 0
Mar 18 19:22:02 standalone container-server[127167]: 172.20.0.100 - - [18/Mar/2026:19:22:02 +0000] "HEAD /d1/249/AUTH_b98e7fab5a2447bb8854015a5f24d8d7/gnocchi.050afa91-5350-4b16-a756-5fc4fa435419" 404 - "HEAD http://172.18.0.2:8080/v1/AUTH_b98e7fab5a2447bb8854015a5f24d8d7/gnocchi.050afa91-5350-4b16-a756-5fc4fa435419?format=json&states=listing" "txd69020f068d9474eb1b3a-0069bafb5a" "proxy-server 20" 0.0005 "-" 23 0
Mar 18 19:22:02 standalone object-server[127362]: 172.20.0.100 - - [18/Mar/2026:19:22:02 +0000] "GET /d1/88/AUTH_b98e7fab5a2447bb8854015a5f24d8d7/gnocchi.050afa91-5350-4b16-a756-5fc4fa435419/none_v3" 404 70 "GET http://172.18.0.2:8080/v1/AUTH_b98e7fab5a2447bb8854015a5f24d8d7/gnocchi.050afa91-5350-4b16-a756-5fc4fa435419/none_v3" "txd69020f068d9474eb1b3a-0069bafb5a" "proxy-server 20" 0.0004 "-" 22 0
Mar 18 19:22:02 standalone proxy-server[129214]: 172.18.0.2 172.18.0.100 18/Mar/2026/19/22/02 GET /v1/AUTH_b98e7fab5a2447bb8854015a5f24d8d7/gnocchi.050afa91-5350-4b16-a756-5fc4fa435419/none_v3 HTTP/1.0 404 - python-swiftclient-3.11.1 gAAAAABpuvrMnc-3... - 70 - txd69020f068d9474eb1b3a-0069bafb5a - 0.0115 - - 1773861722.515911818 1773861722.527435064 0
Mar 18 19:22:02 standalone account-server[127161]: 172.20.0.100 - - [18/Mar/2026:19:22:02 +0000] "PUT /d1/46/AUTH_b98e7fab5a2447bb8854015a5f24d8d7/gnocchi.050afa91-5350-4b16-a756-5fc4fa435419" 201 - "PUT http://172.20.0.100:6001/d1/249/AUTH_b98e7fab5a2447bb8854015a5f24d8d7/gnocchi.050afa91-5350-4b16-a756-5fc4fa435419" "txa8469c01af07483298478-0069bafb5a" "container-server 23" 0.0055 "-" 23 0
Mar 18 19:22:02 standalone container-server[127167]: 172.20.0.100 - - [18/Mar/2026:19:22:02 +0000] "PUT /d1/249/AUTH_b98e7fab5a2447bb8854015a5f24d8d7/gnocchi.050afa91-5350-4b16-a756-5fc4fa435419" 201 - "PUT http://172.18.0.2:8080/v1/AUTH_b98e7fab5a2447bb8854015a5f24d8d7/gnocchi.050afa91-5350-4b16-a756-5fc4fa435419" "txa8469c01af07483298478-0069bafb5a" "proxy-server 20" 0.0166 "-" 23 0
Mar 18 19:22:02 standalone proxy-server[129214]: 172.18.0.2 172.18.0.100 18/Mar/2026/19/22/02 PUT /v1/AUTH_b98e7fab5a2447bb8854015a5f24d8d7/gnocchi.050afa91-5350-4b16-a756-5fc4fa435419 HTTP/1.0 201 - python-swiftclient-3.11.1 gAAAAABpuvrMnc-3... - - - txa8469c01af07483298478-0069bafb5a - 0.0227 - - 1773861722.535711288 1773861722.558387995 0
Mar 18 19:22:02 standalone container-server[127163]: 172.20.0.100 - - [18/Mar/2026:19:22:02 +0000] "HEAD /d1/249/AUTH_b98e7fab5a2447bb8854015a5f24d8d7/gnocchi.050afa91-5350-4b16-a756-5fc4fa435419" 204 - "HEAD http://172.18.0.2:8080/v1/AUTH_b98e7fab5a2447bb8854015a5f24d8d7/gnocchi.050afa91-5350-4b16-a756-5fc4fa435419?format=json&states=listing" "tx31645413e6524b53a680b-0069bafb5a" "proxy-server 20" 0.0013 "-" 22 0
Mar 18 19:22:02 standalone proxy-server[129214]: - - 18/Mar/2026/19/22/02 HEAD /v1/AUTH_b98e7fab5a2447bb8854015a5f24d8d7/gnocchi.050afa91-5350-4b16-a756-5fc4fa435419%3Fformat%3Djson%26states%3Dlisting HTTP/1.0 204 - Swift - - - - tx31645413e6524b53a680b-0069bafb5a - 0.0048 RL - 1773861722.562611341 1773861722.567456245 0
Mar 18 19:22:02 standalone container-server[127163]: 172.20.0.100 - - [18/Mar/2026:19:22:02 +0000] "GET /d1/249/AUTH_b98e7fab5a2447bb8854015a5f24d8d7/gnocchi.050afa91-5350-4b16-a756-5fc4fa435419" 200 2 "GET http://172.18.0.2:8080/v1/AUTH_b98e7fab5a2447bb8854015a5f24d8d7/gnocchi.050afa91-5350-4b16-a756-5fc4fa435419?format=json&states=listing" "tx31645413e6524b53a680b-0069bafb5a" "proxy-server 20" 0.0014 "-" 22 0
Mar 18 19:22:02 standalone proxy-server[129214]: 172.18.0.2 172.18.0.100 18/Mar/2026/19/22/02 GET /v1/AUTH_b98e7fab5a2447bb8854015a5f24d8d7/gnocchi.050afa91-5350-4b16-a756-5fc4fa435419%3Fformat%3Djson%26states%3Dlisting HTTP/1.0 200 - python-swiftclient-3.11.1 gAAAAABpuvrMnc-3... - 2 - tx31645413e6524b53a680b-0069bafb5a - 0.0144 - - 1773861722.561703682 1773861722.576081514 0
Mar 18 19:22:02 standalone object-server[127362]: 172.20.0.100 - - [18/Mar/2026:19:22:02 +0000] "GET /d1/226/AUTH_b98e7fab5a2447bb8854015a5f24d8d7/gnocchi.050afa91-5350-4b16-a756-5fc4fa435419/1773360000.0_mean_300.0_v3" 404 70 "GET http://172.18.0.2:8080/v1/AUTH_b98e7fab5a2447bb8854015a5f24d8d7/gnocchi.050afa91-5350-4b16-a756-5fc4fa435419/1773360000.0_mean_300.0_v3" "tx11b4cbcd1d8e4fed86f7f-0069bafb5a" "proxy-server 20" 0.0003 "-" 22 0
Mar 18 19:22:02 standalone proxy-server[129214]: 172.18.0.2 172.18.0.100 18/Mar/2026/19/22/02 GET /v1/AUTH_b98e7fab5a2447bb8854015a5f24d8d7/gnocchi.050afa91-5350-4b16-a756-5fc4fa435419/1773360000.0_mean_300.0_v3 HTTP/1.0 404 - python-swiftclient-3.11.1 gAAAAABpuvrMnc-3... - 70 - tx11b4cbcd1d8e4fed86f7f-0069bafb5a - 0.0047 - - 1773861722.581536293 1773861722.586273432 0
Mar 18 19:22:02 standalone container-server[127163]: 172.20.0.100 - - [18/Mar/2026:19:22:02 +0000] "PUT /d1/249/AUTH_b98e7fab5a2447bb8854015a5f24d8d7/gnocchi.050afa91-5350-4b16-a756-5fc4fa435419/1773360000.0_mean_300.0_v3" 201 - "PUT http://172.18.0.2:8080/d1/226/AUTH_b98e7fab5a2447bb8854015a5f24d8d7/gnocchi.050afa91-5350-4b16-a756-5fc4fa435419/1773360000.0_mean_300.0_v3" "txbfb3d8eb5031400cb4220-0069bafb5a" "object-server 22" 0.0004 "-" 22 0
Mar 18 19:22:02 standalone object-server[127362]: 172.20.0.100 - - [18/Mar/2026:19:22:02 +0000] "PUT /d1/226/AUTH_b98e7fab5a2447bb8854015a5f24d8d7/gnocchi.050afa91-5350-4b16-a756-5fc4fa435419/1773360000.0_mean_300.0_v3" 201 - "PUT http://172.18.0.2:8080/v1/AUTH_b98e7fab5a2447bb8854015a5f24d8d7/gnocchi.050afa91-5350-4b16-a756-5fc4fa435419/1773360000.0_mean_300.0_v3" "txbfb3d8eb5031400cb4220-0069bafb5a" "proxy-server 20" 0.0098 "-" 22 0
Mar 18 19:22:02 standalone proxy-server[129214]: 172.18.0.2 172.18.0.100 18/Mar/2026/19/22/02 PUT /v1/AUTH_b98e7fab5a2447bb8854015a5f24d8d7/gnocchi.050afa91-5350-4b16-a756-5fc4fa435419/1773360000.0_mean_300.0_v3 HTTP/1.0 201 - python-swiftclient-3.11.1 gAAAAABpuvrMnc-3... 16 - - txbfb3d8eb5031400cb4220-0069bafb5a - 0.0133 - - 1773861722.588440418 1773861722.601710796 0
Mar 18 19:22:02 standalone container-server[127167]: 172.20.0.100 - - [18/Mar/2026:19:22:02 +0000] "PUT /d1/249/AUTH_b98e7fab5a2447bb8854015a5f24d8d7/gnocchi.050afa91-5350-4b16-a756-5fc4fa435419/none_v3" 201 - "PUT http://172.18.0.2:8080/d1/88/AUTH_b98e7fab5a2447bb8854015a5f24d8d7/gnocchi.050afa91-5350-4b16-a756-5fc4fa435419/none_v3" "txf58c8a6ca7aa4255b6441-0069bafb5a" "object-server 22" 0.0006 "-" 23 0
Mar 18 19:22:02 standalone object-server[127362]: 172.20.0.100 - - [18/Mar/2026:19:22:02 +0000] "PUT /d1/88/AUTH_b98e7fab5a2447bb8854015a5f24d8d7/gnocchi.050afa91-5350-4b16-a756-5fc4fa435419/none_v3" 201 - "PUT http://172.18.0.2:8080/v1/AUTH_b98e7fab5a2447bb8854015a5f24d8d7/gnocchi.050afa91-5350-4b16-a756-5fc4fa435419/none_v3" "txf58c8a6ca7aa4255b6441-0069bafb5a" "proxy-server 20" 0.0112 "-" 22 0
Mar 18 19:22:02 standalone proxy-server[129214]: 172.18.0.2 172.18.0.100 18/Mar/2026/19/22/02 PUT /v1/AUTH_b98e7fab5a2447bb8854015a5f24d8d7/gnocchi.050afa91-5350-4b16-a756-5fc4fa435419/none_v3 HTTP/1.0 201 - python-swiftclient-3.11.1 gAAAAABpuvrMnc-3... 22 - - txf58c8a6ca7aa4255b6441-0069bafb5a - 0.0145 - - 1773861722.603648663 1773861722.618121386 0
Mar 18 19:22:07 standalone object-server[127362]: 172.20.0.100 - - [18/Mar/2026:19:22:07 +0000] "GET /d1/88/AUTH_b98e7fab5a2447bb8854015a5f24d8d7/gnocchi.050afa91-5350-4b16-a756-5fc4fa435419/none_v3" 200 22 "GET http://172.18.0.2:8080/v1/AUTH_b98e7fab5a2447bb8854015a5f24d8d7/gnocchi.050afa91-5350-4b16-a756-5fc4fa435419/none_v3" "tx8191471398d94760833ec-0069bafb5f" "proxy-server 20" 0.0012 "-" 22 0
Mar 18 19:22:07 standalone proxy-server[129214]: 172.18.0.2 172.18.0.100 18/Mar/2026/19/22/07 GET /v1/AUTH_b98e7fab5a2447bb8854015a5f24d8d7/gnocchi.050afa91-5350-4b16-a756-5fc4fa435419/none_v3 HTTP/1.0 200 - python-swiftclient-3.11.1 gAAAAABpuvrMnc-3... - 22 - tx8191471398d94760833ec-0069bafb5f - 0.0105 - - 1773861727.779810190 1773861727.790351152 0
Mar 18 19:22:07 standalone container-server[127163]: 172.20.0.100 - - [18/Mar/2026:19:22:07 +0000] "GET /d1/249/AUTH_b98e7fab5a2447bb8854015a5f24d8d7/gnocchi.050afa91-5350-4b16-a756-5fc4fa435419" 200 357 "GET http://172.18.0.2:8080/v1/AUTH_b98e7fab5a2447bb8854015a5f24d8d7/gnocchi.050afa91-5350-4b16-a756-5fc4fa435419?format=json&states=listing" "tx1bf46620d1b2412197a36-0069bafb5f" "proxy-server 20" 0.0098 "-" 22 0
Mar 18 19:22:07 standalone proxy-server[129214]: 172.18.0.2 172.18.0.100 18/Mar/2026/19/22/07 GET /v1/AUTH_b98e7fab5a2447bb8854015a5f24d8d7/gnocchi.050afa91-5350-4b16-a756-5fc4fa435419%3Fformat%3Djson%26states%3Dlisting HTTP/1.0 200 - python-swiftclient-3.11.1 gAAAAABpuvrMnc-3... - 357 - tx1bf46620d1b2412197a36-0069bafb5f - 0.0214 - - 1773861727.795976162 1773861727.817338228 0
Mar 18 19:22:07 standalone container-server[127167]: 172.20.0.100 - - [18/Mar/2026:19:22:07 +0000] "GET /d1/249/AUTH_b98e7fab5a2447bb8854015a5f24d8d7/gnocchi.050afa91-5350-4b16-a756-5fc4fa435419" 200 2 "GET http://172.18.0.2:8080/v1/AUTH_b98e7fab5a2447bb8854015a5f24d8d7/gnocchi.050afa91-5350-4b16-a756-5fc4fa435419?format=json&marker=none_v3&states=listing" "txf00d38c2cd104d1fbbf8f-0069bafb5f" "proxy-server 20" 0.0044 "-" 23 0
Mar 18 19:22:07 standalone proxy-server[129214]: 172.18.0.2 172.18.0.100 18/Mar/2026/19/22/07 GET /v1/AUTH_b98e7fab5a2447bb8854015a5f24d8d7/gnocchi.050afa91-5350-4b16-a756-5fc4fa435419%3Fformat%3Djson%26marker%3Dnone_v3%26states%3Dlisting HTTP/1.0 200 - python-swiftclient-3.11.1 gAAAAABpuvrMnc-3... - 2 - txf00d38c2cd104d1fbbf8f-0069bafb5f - 0.0150 - - 1773861727.821523190 1773861727.836487532 0
Mar 18 19:22:07 standalone object-server[127362]: 172.20.0.100 - - [18/Mar/2026:19:22:07 +0000] "GET /d1/226/AUTH_b98e7fab5a2447bb8854015a5f24d8d7/gnocchi.050afa91-5350-4b16-a756-5fc4fa435419/1773360000.0_mean_300.0_v3" 200 16 "GET http://172.18.0.2:8080/v1/AUTH_b98e7fab5a2447bb8854015a5f24d8d7/gnocchi.050afa91-5350-4b16-a756-5fc4fa435419/1773360000.0_mean_300.0_v3" "tx7feacb4c6a8a40988ec99-0069bafb5f" "proxy-server 20" 0.0007 "-" 22 0
Mar 18 19:22:07 standalone proxy-server[129214]: 172.18.0.2 172.18.0.100 18/Mar/2026/19/22/07 GET /v1/AUTH_b98e7fab5a2447bb8854015a5f24d8d7/gnocchi.050afa91-5350-4b16-a756-5fc4fa435419/1773360000.0_mean_300.0_v3 HTTP/1.0 200 - python-swiftclient-3.11.1 gAAAAABpuvrMnc-3... - 16 - tx7feacb4c6a8a40988ec99-0069bafb5f - 0.0101 - - 1773861727.841763258 1773861727.851860046 0
Mar 18 19:22:07 standalone container-server[127162]: 172.20.0.100 - - [18/Mar/2026:19:22:07 +0000] "PUT /d1/249/AUTH_b98e7fab5a2447bb8854015a5f24d8d7/gnocchi.050afa91-5350-4b16-a756-5fc4fa435419/1773360000.0_mean_300.0_v3" 201 - "PUT http://172.18.0.2:8080/d1/226/AUTH_b98e7fab5a2447bb8854015a5f24d8d7/gnocchi.050afa91-5350-4b16-a756-5fc4fa435419/1773360000.0_mean_300.0_v3" "tx5a5fe1dd2a904306a6925-0069bafb5f" "object-server 25" 0.0012 "-" 21 0
Mar 18 19:22:07 standalone object-server[127366]: 172.20.0.100 - - [18/Mar/2026:19:22:07 +0000] "PUT /d1/226/AUTH_b98e7fab5a2447bb8854015a5f24d8d7/gnocchi.050afa91-5350-4b16-a756-5fc4fa435419/1773360000.0_mean_300.0_v3" 201 - "PUT http://172.18.0.2:8080/v1/AUTH_b98e7fab5a2447bb8854015a5f24d8d7/gnocchi.050afa91-5350-4b16-a756-5fc4fa435419/1773360000.0_mean_300.0_v3" "tx5a5fe1dd2a904306a6925-0069bafb5f" "proxy-server 20" 0.0143 "-" 25 0
Mar 18 19:22:07 standalone proxy-server[129214]: 172.18.0.2 172.18.0.100 18/Mar/2026/19/22/07 PUT /v1/AUTH_b98e7fab5a2447bb8854015a5f24d8d7/gnocchi.050afa91-5350-4b16-a756-5fc4fa435419/1773360000.0_mean_300.0_v3 HTTP/1.0 201 - python-swiftclient-3.11.1 gAAAAABpuvrMnc-3... 16 - - tx5a5fe1dd2a904306a6925-0069bafb5f - 0.0226 - - 1773861727.857605457 1773861727.880206108 0
Mar 18 19:22:07 standalone container-server[127163]: 172.20.0.100 - - [18/Mar/2026:19:22:07 +0000] "PUT /d1/249/AUTH_b98e7fab5a2447bb8854015a5f24d8d7/gnocchi.050afa91-5350-4b16-a756-5fc4fa435419/none_v3" 201 - "PUT http://172.18.0.2:8080/d1/88/AUTH_b98e7fab5a2447bb8854015a5f24d8d7/gnocchi.050afa91-5350-4b16-a756-5fc4fa435419/none_v3" "txd6651ee519e54d95aa459-0069bafb5f" "object-server 25" 0.0011 "-" 22 0
Mar 18 19:22:07 standalone object-server[127366]: 172.20.0.100 - - [18/Mar/2026:19:22:07 +0000] "PUT /d1/88/AUTH_b98e7fab5a2447bb8854015a5f24d8d7/gnocchi.050afa91-5350-4b16-a756-5fc4fa435419/none_v3" 201 - "PUT http://172.18.0.2:8080/v1/AUTH_b98e7fab5a2447bb8854015a5f24d8d7/gnocchi.050afa91-5350-4b16-a756-5fc4fa435419/none_v3" "txd6651ee519e54d95aa459-0069bafb5f" "proxy-server 20" 0.0109 "-" 25 0
Mar 18 19:22:07 standalone proxy-server[129214]: 172.18.0.2 172.18.0.100 18/Mar/2026/19/22/07 PUT /v1/AUTH_b98e7fab5a2447bb8854015a5f24d8d7/gnocchi.050afa91-5350-4b16-a756-5fc4fa435419/none_v3 HTTP/1.0 201 - python-swiftclient-3.11.1 gAAAAABpuvrMnc-3... 32 - - txd6651ee519e54d95aa459-0069bafb5f - 0.0234 - - 1773861727.883753538 1773861727.907173872 0
Mar 18 19:22:43 standalone container-server[127167]: 172.20.0.100 - - [18/Mar/2026:19:22:43 +0000] "HEAD /d1/599/AUTH_b98e7fab5a2447bb8854015a5f24d8d7/gnocchi.2eeb25b5-6dc0-4fff-8020-3425ed25c474" 404 - "HEAD http://172.18.0.2:8080/v1/AUTH_b98e7fab5a2447bb8854015a5f24d8d7/gnocchi.2eeb25b5-6dc0-4fff-8020-3425ed25c474?format=json&states=listing" "tx1b4e6f651ae04080960ee-0069bafb83" "proxy-server 20" 0.0005 "-" 23 0
Mar 18 19:22:43 standalone object-server[127363]: 172.20.0.100 - - [18/Mar/2026:19:22:43 +0000] "GET /d1/108/AUTH_b98e7fab5a2447bb8854015a5f24d8d7/gnocchi.2eeb25b5-6dc0-4fff-8020-3425ed25c474/none_v3" 404 70 "GET http://172.18.0.2:8080/v1/AUTH_b98e7fab5a2447bb8854015a5f24d8d7/gnocchi.2eeb25b5-6dc0-4fff-8020-3425ed25c474/none_v3" "tx1b4e6f651ae04080960ee-0069bafb83" "proxy-server 20" 0.0005 "-" 23 0
Mar 18 19:22:43 standalone proxy-server[129214]: 172.18.0.2 172.18.0.100 18/Mar/2026/19/22/43 GET /v1/AUTH_b98e7fab5a2447bb8854015a5f24d8d7/gnocchi.2eeb25b5-6dc0-4fff-8020-3425ed25c474/none_v3 HTTP/1.0 404 - python-swiftclient-3.11.1 gAAAAABpuvrMnc-3... - 70 - tx1b4e6f651ae04080960ee-0069bafb83 - 0.0113 - - 1773861763.621813059 1773861763.633088589 0
Mar 18 19:22:43 standalone account-server[127161]: 172.20.0.100 - - [18/Mar/2026:19:22:43 +0000] "PUT /d1/46/AUTH_b98e7fab5a2447bb8854015a5f24d8d7/gnocchi.2eeb25b5-6dc0-4fff-8020-3425ed25c474" 201 - "PUT http://172.20.0.100:6001/d1/599/AUTH_b98e7fab5a2447bb8854015a5f24d8d7/gnocchi.2eeb25b5-6dc0-4fff-8020-3425ed25c474" "tx9def1c969dcc4bb19fdcc-0069bafb83" "container-server 20" 0.0049 "-" 23 0
Mar 18 19:22:43 standalone container-server[127159]: 172.20.0.100 - - [18/Mar/2026:19:22:43 +0000] "PUT /d1/599/AUTH_b98e7fab5a2447bb8854015a5f24d8d7/gnocchi.2eeb25b5-6dc0-4fff-8020-3425ed25c474" 201 - "PUT http://172.18.0.2:8080/v1/AUTH_b98e7fab5a2447bb8854015a5f24d8d7/gnocchi.2eeb25b5-6dc0-4fff-8020-3425ed25c474" "tx9def1c969dcc4bb19fdcc-0069bafb83" "proxy-server 20" 0.0209 "-" 20 0
Mar 18 19:22:43 standalone proxy-server[129214]: 172.18.0.2 172.18.0.100 18/Mar/2026/19/22/43 PUT /v1/AUTH_b98e7fab5a2447bb8854015a5f24d8d7/gnocchi.2eeb25b5-6dc0-4fff-8020-3425ed25c474 HTTP/1.0 201 - python-swiftclient-3.11.1 gAAAAABpuvrMnc-3... - - - tx9def1c969dcc4bb19fdcc-0069bafb83 - 0.0312 - - 1773861763.641066313 1773861763.672242641 0
Mar 18 19:22:43 standalone container-server[127163]: 172.20.0.100 - - [18/Mar/2026:19:22:43 +0000] "HEAD /d1/599/AUTH_b98e7fab5a2447bb8854015a5f24d8d7/gnocchi.2eeb25b5-6dc0-4fff-8020-3425ed25c474" 204 - "HEAD http://172.18.0.2:8080/v1/AUTH_b98e7fab5a2447bb8854015a5f24d8d7/gnocchi.2eeb25b5-6dc0-4fff-8020-3425ed25c474?format=json&states=listing" "tx0ec455ebc04f445abd952-0069bafb83" "proxy-server 20" 0.0012 "-" 22 0
Mar 18 19:22:43 standalone proxy-server[129214]: - - 18/Mar/2026/19/22/43 HEAD /v1/AUTH_b98e7fab5a2447bb8854015a5f24d8d7/gnocchi.2eeb25b5-6dc0-4fff-8020-3425ed25c474%3Fformat%3Djson%26states%3Dlisting HTTP/1.0 204 - Swift - - - - tx0ec455ebc04f445abd952-0069bafb83 - 0.0037 RL - 1773861763.676357985 1773861763.680067301 0
Mar 18 19:22:43 standalone container-server[127162]: 172.20.0.100 - - [18/Mar/2026:19:22:43 +0000] "GET /d1/599/AUTH_b98e7fab5a2447bb8854015a5f24d8d7/gnocchi.2eeb25b5-6dc0-4fff-8020-3425ed25c474" 200 2 "GET http://172.18.0.2:8080/v1/AUTH_b98e7fab5a2447bb8854015a5f24d8d7/gnocchi.2eeb25b5-6dc0-4fff-8020-3425ed25c474?format=json&states=listing" "tx0ec455ebc04f445abd952-0069bafb83" "proxy-server 20" 0.0017 "-" 21 0
Mar 18 19:22:43 standalone proxy-server[129214]: 172.18.0.2 172.18.0.100 18/Mar/2026/19/22/43 GET /v1/AUTH_b98e7fab5a2447bb8854015a5f24d8d7/gnocchi.2eeb25b5-6dc0-4fff-8020-3425ed25c474%3Fformat%3Djson%26states%3Dlisting HTTP/1.0 200 - python-swiftclient-3.11.1 gAAAAABpuvrMnc-3... - 2 - tx0ec455ebc04f445abd952-0069bafb83 - 0.0116 - - 1773861763.675373554 1773861763.686987877 0
Mar 18 19:22:43 standalone object-server[127364]: 172.20.0.100 - - [18/Mar/2026:19:22:43 +0000] "GET /d1/262/AUTH_b98e7fab5a2447bb8854015a5f24d8d7/gnocchi.2eeb25b5-6dc0-4fff-8020-3425ed25c474/1773360000.0_mean_300.0_v3" 404 70 "GET http://172.18.0.2:8080/v1/AUTH_b98e7fab5a2447bb8854015a5f24d8d7/gnocchi.2eeb25b5-6dc0-4fff-8020-3425ed25c474/1773360000.0_mean_300.0_v3" "tx1d2a359f0f7742ed81857-0069bafb83" "proxy-server 20" 0.0003 "-" 24 0
Mar 18 19:22:43 standalone proxy-server[129214]: 172.18.0.2 172.18.0.100 18/Mar/2026/19/22/43 GET /v1/AUTH_b98e7fab5a2447bb8854015a5f24d8d7/gnocchi.2eeb25b5-6dc0-4fff-8020-3425ed25c474/1773360000.0_mean_300.0_v3 HTTP/1.0 404 - python-swiftclient-3.11.1 gAAAAABpuvrMnc-3... - 70 - tx1d2a359f0f7742ed81857-0069bafb83 - 0.0054 - - 1773861763.692172050 1773861763.697585344 0
Mar 18 19:22:43 standalone container-server[127159]: 172.20.0.100 - - [18/Mar/2026:19:22:43 +0000] "PUT /d1/599/AUTH_b98e7fab5a2447bb8854015a5f24d8d7/gnocchi.2eeb25b5-6dc0-4fff-8020-3425ed25c474/1773360000.0_mean_300.0_v3" 201 - "PUT http://172.18.0.2:8080/d1/262/AUTH_b98e7fab5a2447bb8854015a5f24d8d7/gnocchi.2eeb25b5-6dc0-4fff-8020-3425ed25c474/1773360000.0_mean_300.0_v3" "tx52219da1f40447029c997-0069bafb83" "object-server 25" 0.0010 "-" 20 0
Mar 18 19:22:43 standalone object-server[127366]: 172.20.0.100 - - [18/Mar/2026:19:22:43 +0000] "PUT /d1/262/AUTH_b98e7fab5a2447bb8854015a5f24d8d7/gnocchi.2eeb25b5-6dc0-4fff-8020-3425ed25c474/1773360000.0_mean_300.0_v3" 201 - "PUT http://172.18.0.2:8080/v1/AUTH_b98e7fab5a2447bb8854015a5f24d8d7/gnocchi.2eeb25b5-6dc0-4fff-8020-3425ed25c474/1773360000.0_mean_300.0_v3" "tx52219da1f40447029c997-0069bafb83" "proxy-server 20" 0.0099 "-" 25 0
Mar 18 19:22:43 standalone proxy-server[129214]: 172.18.0.2 172.18.0.100 18/Mar/2026/19/22/43 PUT /v1/AUTH_b98e7fab5a2447bb8854015a5f24d8d7/gnocchi.2eeb25b5-6dc0-4fff-8020-3425ed25c474/1773360000.0_mean_300.0_v3 HTTP/1.0 201 - python-swiftclient-3.11.1 gAAAAABpuvrMnc-3... 16 - - tx52219da1f40447029c997-0069bafb83 - 0.0153 - - 1773861763.701045275 1773861763.716322660 0
Mar 18 19:22:43 standalone container-server[127162]: 172.20.0.100 - - [18/Mar/2026:19:22:43 +0000] "PUT /d1/599/AUTH_b98e7fab5a2447bb8854015a5f24d8d7/gnocchi.2eeb25b5-6dc0-4fff-8020-3425ed25c474/none_v3" 201 - "PUT http://172.18.0.2:8080/d1/108/AUTH_b98e7fab5a2447bb8854015a5f24d8d7/gnocchi.2eeb25b5-6dc0-4fff-8020-3425ed25c474/none_v3" "tx12a325268da448468a85a-0069bafb83" "object-server 25" 0.0005 "-" 21 0
Mar 18 19:22:43 standalone object-server[127366]: 172.20.0.100 - - [18/Mar/2026:19:22:43 +0000] "PUT /d1/108/AUTH_b98e7fab5a2447bb8854015a5f24d8d7/gnocchi.2eeb25b5-6dc0-4fff-8020-3425ed25c474/none_v3" 201 - "PUT http://172.18.0.2:8080/v1/AUTH_b98e7fab5a2447bb8854015a5f24d8d7/gnocchi.2eeb25b5-6dc0-4fff-8020-3425ed25c474/none_v3" "tx12a325268da448468a85a-0069bafb83" "proxy-server 20" 0.0114 "-" 25 0
Mar 18 19:22:43 standalone proxy-server[129214]: 172.18.0.2 172.18.0.100 18/Mar/2026/19/22/43 PUT /v1/AUTH_b98e7fab5a2447bb8854015a5f24d8d7/gnocchi.2eeb25b5-6dc0-4fff-8020-3425ed25c474/none_v3 HTTP/1.0 201 - python-swiftclient-3.11.1 gAAAAABpuvrMnc-3... 22 - - tx12a325268da448468a85a-0069bafb83 - 0.0190 - - 1773861763.720188856 1773861763.739208937 0
Mar 18 19:22:43 standalone container-server[127159]: 172.20.0.100 - - [18/Mar/2026:19:22:43 +0000] "HEAD /d1/192/AUTH_b98e7fab5a2447bb8854015a5f24d8d7/gnocchi.e9fa5866-ba9d-4339-af3a-81fb7748aba9" 404 - "HEAD http://172.18.0.2:8080/v1/AUTH_b98e7fab5a2447bb8854015a5f24d8d7/gnocchi.e9fa5866-ba9d-4339-af3a-81fb7748aba9?format=json&states=listing" "txeffbe648e7894b0b8d7fe-0069bafb83" "proxy-server 20" 0.0004 "-" 20 0
Mar 18 19:22:43 standalone object-server[127364]: 172.20.0.100 - - [18/Mar/2026:19:22:43 +0000] "GET /d1/938/AUTH_b98e7fab5a2447bb8854015a5f24d8d7/gnocchi.e9fa5866-ba9d-4339-af3a-81fb7748aba9/none_v3" 404 70 "GET http://172.18.0.2:8080/v1/AUTH_b98e7fab5a2447bb8854015a5f24d8d7/gnocchi.e9fa5866-ba9d-4339-af3a-81fb7748aba9/none_v3" "txeffbe648e7894b0b8d7fe-0069bafb83" "proxy-server 20" 0.0003 "-" 24 0
Mar 18 19:22:43 standalone proxy-server[129214]: 172.18.0.2 172.18.0.100 18/Mar/2026/19/22/43 GET /v1/AUTH_b98e7fab5a2447bb8854015a5f24d8d7/gnocchi.e9fa5866-ba9d-4339-af3a-81fb7748aba9/none_v3 HTTP/1.0 404 - python-swiftclient-3.11.1 gAAAAABpuvrMnc-3... - 70 - txeffbe648e7894b0b8d7fe-0069bafb83 - 0.0087 - - 1773861763.755527258 1773861763.764201164 0
Mar 18 19:22:43 standalone account-server[127152]: 172.20.0.100 - - [18/Mar/2026:19:22:43 +0000] "PUT /d1/46/AUTH_b98e7fab5a2447bb8854015a5f24d8d7/gnocchi.e9fa5866-ba9d-4339-af3a-81fb7748aba9" 201 - "PUT http://172.20.0.100:6001/d1/192/AUTH_b98e7fab5a2447bb8854015a5f24d8d7/gnocchi.e9fa5866-ba9d-4339-af3a-81fb7748aba9" "txdd7f09a542d1416f9ff2c-0069bafb83" "container-server 22" 0.0040 "-" 20 0
Mar 18 19:22:43 standalone container-server[127163]: 172.20.0.100 - - [18/Mar/2026:19:22:43 +0000] "PUT /d1/192/AUTH_b98e7fab5a2447bb8854015a5f24d8d7/gnocchi.e9fa5866-ba9d-4339-af3a-81fb7748aba9" 201 - "PUT http://172.18.0.2:8080/v1/AUTH_b98e7fab5a2447bb8854015a5f24d8d7/gnocchi.e9fa5866-ba9d-4339-af3a-81fb7748aba9" "txdd7f09a542d1416f9ff2c-0069bafb83" "proxy-server 20" 0.0120 "-" 22 0
Mar 18 19:22:43 standalone proxy-server[129214]: 172.18.0.2 172.18.0.100 18/Mar/2026/19/22/43 PUT /v1/AUTH_b98e7fab5a2447bb8854015a5f24d8d7/gnocchi.e9fa5866-ba9d-4339-af3a-81fb7748aba9 HTTP/1.0 201 - python-swiftclient-3.11.1 gAAAAABpuvrMnc-3... - - - txdd7f09a542d1416f9ff2c-0069bafb83 - 0.0182 - - 1773861763.767793179 1773861763.786028147 0
Mar 18 19:22:43 standalone container-server[127162]: 172.20.0.100 - - [18/Mar/2026:19:22:43 +0000] "HEAD /d1/192/AUTH_b98e7fab5a2447bb8854015a5f24d8d7/gnocchi.e9fa5866-ba9d-4339-af3a-81fb7748aba9" 204 - "HEAD http://172.18.0.2:8080/v1/AUTH_b98e7fab5a2447bb8854015a5f24d8d7/gnocchi.e9fa5866-ba9d-4339-af3a-81fb7748aba9?format=json&states=listing" "txc8be2aa303fd4b418f154-0069bafb83" "proxy-server 20" 0.0013 "-" 21 0
Mar 18 19:22:43 standalone proxy-server[129214]: - - 18/Mar/2026/19/22/43 HEAD /v1/AUTH_b98e7fab5a2447bb8854015a5f24d8d7/gnocchi.e9fa5866-ba9d-4339-af3a-81fb7748aba9%3Fformat%3Djson%26states%3Dlisting HTTP/1.0 204 - Swift - - - - txc8be2aa303fd4b418f154-0069bafb83 - 0.0042 RL - 1773861763.789777994 1773861763.794008493 0
Mar 18 19:22:43 standalone container-server[127162]: 172.20.0.100 - - [18/Mar/2026:19:22:43 +0000] "GET /d1/192/AUTH_b98e7fab5a2447bb8854015a5f24d8d7/gnocchi.e9fa5866-ba9d-4339-af3a-81fb7748aba9" 200 2 "GET http://172.18.0.2:8080/v1/AUTH_b98e7fab5a2447bb8854015a5f24d8d7/gnocchi.e9fa5866-ba9d-4339-af3a-81fb7748aba9?format=json&states=listing" "txc8be2aa303fd4b418f154-0069bafb83" "proxy-server 20" 0.0014 "-" 21 0
Mar 18 19:22:43 standalone proxy-server[129214]: 172.18.0.2 172.18.0.100 18/Mar/2026/19/22/43 GET /v1/AUTH_b98e7fab5a2447bb8854015a5f24d8d7/gnocchi.e9fa5866-ba9d-4339-af3a-81fb7748aba9%3Fformat%3Djson%26states%3Dlisting HTTP/1.0 200 - python-swiftclient-3.11.1 gAAAAABpuvrMnc-3... - 2 - txc8be2aa303fd4b418f154-0069bafb83 - 0.0109 - - 1773861763.788818598 1773861763.799708605 0
Mar 18 19:22:43 standalone object-server[127366]: 172.20.0.100 - - [18/Mar/2026:19:22:43 +0000] "GET /d1/248/AUTH_b98e7fab5a2447bb8854015a5f24d8d7/gnocchi.e9fa5866-ba9d-4339-af3a-81fb7748aba9/1773360000.0_mean_300.0_v3" 404 70 "GET http://172.18.0.2:8080/v1/AUTH_b98e7fab5a2447bb8854015a5f24d8d7/gnocchi.e9fa5866-ba9d-4339-af3a-81fb7748aba9/1773360000.0_mean_300.0_v3" "tx448b29aa1b9f4f729c170-0069bafb83" "proxy-server 20" 0.0003 "-" 25 0
Mar 18 19:22:43 standalone proxy-server[129214]: 172.18.0.2 172.18.0.100 18/Mar/2026/19/22/43 GET /v1/AUTH_b98e7fab5a2447bb8854015a5f24d8d7/gnocchi.e9fa5866-ba9d-4339-af3a-81fb7748aba9/1773360000.0_mean_300.0_v3 HTTP/1.0 404 - python-swiftclient-3.11.1 gAAAAABpuvrMnc-3... - 70 - tx448b29aa1b9f4f729c170-0069bafb83 - 0.0054 - - 1773861763.803769350 1773861763.809196234 0
Mar 18 19:22:43 standalone container-server[127159]: 172.20.0.100 - - [18/Mar/2026:19:22:43 +0000] "PUT /d1/192/AUTH_b98e7fab5a2447bb8854015a5f24d8d7/gnocchi.e9fa5866-ba9d-4339-af3a-81fb7748aba9/1773360000.0_mean_300.0_v3" 201 - "PUT http://172.18.0.2:8080/d1/248/AUTH_b98e7fab5a2447bb8854015a5f24d8d7/gnocchi.e9fa5866-ba9d-4339-af3a-81fb7748aba9/1773360000.0_mean_300.0_v3" "tx3886030ee980495dac3b5-0069bafb83" "object-server 22" 0.0005 "-" 20 0
Mar 18 19:22:43 standalone object-server[127362]: 172.20.0.100 - - [18/Mar/2026:19:22:43 +0000] "PUT /d1/248/AUTH_b98e7fab5a2447bb8854015a5f24d8d7/gnocchi.e9fa5866-ba9d-4339-af3a-81fb7748aba9/1773360000.0_mean_300.0_v3" 201 - "PUT http://172.18.0.2:8080/v1/AUTH_b98e7fab5a2447bb8854015a5f24d8d7/gnocchi.e9fa5866-ba9d-4339-af3a-81fb7748aba9/1773360000.0_mean_300.0_v3" "tx3886030ee980495dac3b5-0069bafb83" "proxy-server 20" 0.0135 "-" 22 0
Mar 18 19:22:43 standalone proxy-server[129214]: 172.18.0.2 172.18.0.100 18/Mar/2026/19/22/43 PUT /v1/AUTH_b98e7fab5a2447bb8854015a5f24d8d7/gnocchi.e9fa5866-ba9d-4339-af3a-81fb7748aba9/1773360000.0_mean_300.0_v3 HTTP/1.0 201 - python-swiftclient-3.11.1 gAAAAABpuvrMnc-3... 16 - - tx3886030ee980495dac3b5-0069bafb83 - 0.0192 - - 1773861763.811553478 1773861763.830724955 0
Mar 18 19:22:43 standalone container-server[127167]: 172.20.0.100 - - [18/Mar/2026:19:22:43 +0000] "PUT /d1/192/AUTH_b98e7fab5a2447bb8854015a5f24d8d7/gnocchi.e9fa5866-ba9d-4339-af3a-81fb7748aba9/none_v3" 201 - "PUT http://172.18.0.2:8080/d1/938/AUTH_b98e7fab5a2447bb8854015a5f24d8d7/gnocchi.e9fa5866-ba9d-4339-af3a-81fb7748aba9/none_v3" "tx540f5bad6eca4fd3ab42f-0069bafb83" "object-server 23" 0.0005 "-" 23 0
Mar 18 19:22:43 standalone object-server[127363]: 172.20.0.100 - - [18/Mar/2026:19:22:43 +0000] "PUT /d1/938/AUTH_b98e7fab5a2447bb8854015a5f24d8d7/gnocchi.e9fa5866-ba9d-4339-af3a-81fb7748aba9/none_v3" 201 - "PUT http://172.18.0.2:8080/v1/AUTH_b98e7fab5a2447bb8854015a5f24d8d7/gnocchi.e9fa5866-ba9d-4339-af3a-81fb7748aba9/none_v3" "tx540f5bad6eca4fd3ab42f-0069bafb83" "proxy-server 20" 0.0092 "-" 23 0
Mar 18 19:22:43 standalone proxy-server[129214]: 172.18.0.2 172.18.0.100 18/Mar/2026/19/22/43 PUT /v1/AUTH_b98e7fab5a2447bb8854015a5f24d8d7/gnocchi.e9fa5866-ba9d-4339-af3a-81fb7748aba9/none_v3 HTTP/1.0 201 - python-swiftclient-3.11.1 gAAAAABpuvrMnc-3... 22 - - tx540f5bad6eca4fd3ab42f-0069bafb83 - 0.0162 - - 1773861763.833739519 1773861763.849902391 0
Mar 18 19:22:43 standalone container-server[127163]: 172.20.0.100 - - [18/Mar/2026:19:22:43 +0000] "HEAD /d1/844/AUTH_b98e7fab5a2447bb8854015a5f24d8d7/gnocchi.011c311b-d42a-443d-adec-2cd490e293ac" 404 - "HEAD http://172.18.0.2:8080/v1/AUTH_b98e7fab5a2447bb8854015a5f24d8d7/gnocchi.011c311b-d42a-443d-adec-2cd490e293ac?format=json&states=listing" "txf26f809f0945409b83ef5-0069bafb83" "proxy-server 20" 0.0003 "-" 22 0
Mar 18 19:22:43 standalone object-server[127362]: 172.20.0.100 - - [18/Mar/2026:19:22:43 +0000] "GET /d1/808/AUTH_b98e7fab5a2447bb8854015a5f24d8d7/gnocchi.011c311b-d42a-443d-adec-2cd490e293ac/none_v3" 404 70 "GET http://172.18.0.2:8080/v1/AUTH_b98e7fab5a2447bb8854015a5f24d8d7/gnocchi.011c311b-d42a-443d-adec-2cd490e293ac/none_v3" "txf26f809f0945409b83ef5-0069bafb83" "proxy-server 20" 0.0003 "-" 22 0
Mar 18 19:22:43 standalone proxy-server[129214]: 172.18.0.2 172.18.0.100 18/Mar/2026/19/22/43 GET /v1/AUTH_b98e7fab5a2447bb8854015a5f24d8d7/gnocchi.011c311b-d42a-443d-adec-2cd490e293ac/none_v3 HTTP/1.0 404 - python-swiftclient-3.11.1 gAAAAABpuvrMnc-3... - 70 - txf26f809f0945409b83ef5-0069bafb83 - 0.0095 - - 1773861763.863306284 1773861763.872775793 0
Mar 18 19:22:43 standalone account-server[127152]: 172.20.0.100 - - [18/Mar/2026:19:22:43 +0000] "PUT /d1/46/AUTH_b98e7fab5a2447bb8854015a5f24d8d7/gnocchi.011c311b-d42a-443d-adec-2cd490e293ac" 201 - "PUT http://172.20.0.100:6001/d1/844/AUTH_b98e7fab5a2447bb8854015a5f24d8d7/gnocchi.011c311b-d42a-443d-adec-2cd490e293ac" "tx67a1d2732e33495685d0d-0069bafb83" "container-server 22" 0.0076 "-" 20 0
Mar 18 19:22:43 standalone container-server[127163]: 172.20.0.100 - - [18/Mar/2026:19:22:43 +0000] "PUT /d1/844/AUTH_b98e7fab5a2447bb8854015a5f24d8d7/gnocchi.011c311b-d42a-443d-adec-2cd490e293ac" 201 - "PUT http://172.18.0.2:8080/v1/AUTH_b98e7fab5a2447bb8854015a5f24d8d7/gnocchi.011c311b-d42a-443d-adec-2cd490e293ac" "tx67a1d2732e33495685d0d-0069bafb83" "proxy-server 20" 0.0158 "-" 22 0
Mar 18 19:22:43 standalone proxy-server[129214]: 172.18.0.2 172.18.0.100 18/Mar/2026/19/22/43 PUT /v1/AUTH_b98e7fab5a2447bb8854015a5f24d8d7/gnocchi.011c311b-d42a-443d-adec-2cd490e293ac HTTP/1.0 201 - python-swiftclient-3.11.1 gAAAAABpuvrMnc-3... - - - tx67a1d2732e33495685d0d-0069bafb83 - 0.0218 - - 1773861763.876145840 1773861763.897986650 0
Mar 18 19:22:43 standalone container-server[127162]: 172.20.0.100 - - [18/Mar/2026:19:22:43 +0000] "HEAD /d1/844/AUTH_b98e7fab5a2447bb8854015a5f24d8d7/gnocchi.011c311b-d42a-443d-adec-2cd490e293ac" 204 - "HEAD http://172.18.0.2:8080/v1/AUTH_b98e7fab5a2447bb8854015a5f24d8d7/gnocchi.011c311b-d42a-443d-adec-2cd490e293ac?format=json&states=listing" "txa2680509a969430382e1f-0069bafb83" "proxy-server 20" 0.0013 "-" 21 0
Mar 18 19:22:43 standalone proxy-server[129214]: - - 18/Mar/2026/19/22/43 HEAD /v1/AUTH_b98e7fab5a2447bb8854015a5f24d8d7/gnocchi.011c311b-d42a-443d-adec-2cd490e293ac%3Fformat%3Djson%26states%3Dlisting HTTP/1.0 204 - Swift - - - - txa2680509a969430382e1f-0069bafb83 - 0.0071 RL - 1773861763.906786442 1773861763.913838148 0
Mar 18 19:22:43 standalone container-server[127159]: 172.20.0.100 - - [18/Mar/2026:19:22:43 +0000] "GET /d1/844/AUTH_b98e7fab5a2447bb8854015a5f24d8d7/gnocchi.011c311b-d42a-443d-adec-2cd490e293ac" 200 2 "GET http://172.18.0.2:8080/v1/AUTH_b98e7fab5a2447bb8854015a5f24d8d7/gnocchi.011c311b-d42a-443d-adec-2cd490e293ac?format=json&states=listing" "txa2680509a969430382e1f-0069bafb83" "proxy-server 20" 0.0017 "-" 20 0
Mar 18 19:22:43 standalone proxy-server[129214]: 172.18.0.2 172.18.0.100 18/Mar/2026/19/22/43 GET /v1/AUTH_b98e7fab5a2447bb8854015a5f24d8d7/gnocchi.011c311b-d42a-443d-adec-2cd490e293ac%3Fformat%3Djson%26states%3Dlisting HTTP/1.0 200 - python-swiftclient-3.11.1 gAAAAABpuvrMnc-3... - 2 - txa2680509a969430382e1f-0069bafb83 - 0.0180 - - 1773861763.904840469 1773861763.922859430 0
Mar 18 19:22:43 standalone object-server[127362]: 172.20.0.100 - - [18/Mar/2026:19:22:43 +0000] "GET /d1/903/AUTH_b98e7fab5a2447bb8854015a5f24d8d7/gnocchi.011c311b-d42a-443d-adec-2cd490e293ac/1773360000.0_mean_300.0_v3" 404 70 "GET http://172.18.0.2:8080/v1/AUTH_b98e7fab5a2447bb8854015a5f24d8d7/gnocchi.011c311b-d42a-443d-adec-2cd490e293ac/1773360000.0_mean_300.0_v3" "txb5a70663356b4a7190569-0069bafb83" "proxy-server 20" 0.0003 "-" 22 0
Mar 18 19:22:43 standalone proxy-server[129214]: 172.18.0.2 172.18.0.100 18/Mar/2026/19/22/43 GET /v1/AUTH_b98e7fab5a2447bb8854015a5f24d8d7/gnocchi.011c311b-d42a-443d-adec-2cd490e293ac/1773360000.0_mean_300.0_v3 HTTP/1.0 404 - python-swiftclient-3.11.1 gAAAAABpuvrMnc-3... - 70 - txb5a70663356b4a7190569-0069bafb83 - 0.0062 - - 1773861763.927870035 1773861763.934058666 0
Mar 18 19:22:43 standalone container-server[127163]: 172.20.0.100 - - [18/Mar/2026:19:22:43 +0000] "PUT /d1/844/AUTH_b98e7fab5a2447bb8854015a5f24d8d7/gnocchi.011c311b-d42a-443d-adec-2cd490e293ac/1773360000.0_mean_300.0_v3" 201 - "PUT http://172.18.0.2:8080/d1/903/AUTH_b98e7fab5a2447bb8854015a5f24d8d7/gnocchi.011c311b-d42a-443d-adec-2cd490e293ac/1773360000.0_mean_300.0_v3" "tx6d7cabe2b22841a8a3706-0069bafb83" "object-server 22" 0.0005 "-" 22 0
Mar 18 19:22:43 standalone object-server[127362]: 172.20.0.100 - - [18/Mar/2026:19:22:43 +0000] "PUT /d1/903/AUTH_b98e7fab5a2447bb8854015a5f24d8d7/gnocchi.011c311b-d42a-443d-adec-2cd490e293ac/1773360000.0_mean_300.0_v3" 201 - "PUT http://172.18.0.2:8080/v1/AUTH_b98e7fab5a2447bb8854015a5f24d8d7/gnocchi.011c311b-d42a-443d-adec-2cd490e293ac/1773360000.0_mean_300.0_v3" "tx6d7cabe2b22841a8a3706-0069bafb83" "proxy-server 20" 0.0073 "-" 22 0
Mar 18 19:22:43 standalone proxy-server[129214]: 172.18.0.2 172.18.0.100 18/Mar/2026/19/22/43 PUT /v1/AUTH_b98e7fab5a2447bb8854015a5f24d8d7/gnocchi.011c311b-d42a-443d-adec-2cd490e293ac/1773360000.0_mean_300.0_v3 HTTP/1.0 201 - python-swiftclient-3.11.1 gAAAAABpuvrMnc-3... 16 - - tx6d7cabe2b22841a8a3706-0069bafb83 - 0.0131 - - 1773861763.938760042 1773861763.951828957 0
Mar 18 19:22:43 standalone container-server[127159]: 172.20.0.100 - - [18/Mar/2026:19:22:43 +0000] "PUT /d1/844/AUTH_b98e7fab5a2447bb8854015a5f24d8d7/gnocchi.011c311b-d42a-443d-adec-2cd490e293ac/none_v3" 201 - "PUT http://172.18.0.2:8080/d1/808/AUTH_b98e7fab5a2447bb8854015a5f24d8d7/gnocchi.011c311b-d42a-443d-adec-2cd490e293ac/none_v3" "tx1ce6773aa9174be0b24a8-0069bafb83" "object-server 25" 0.0005 "-" 20 0
Mar 18 19:22:43 standalone object-server[127366]: 172.20.0.100 - - [18/Mar/2026:19:22:43 +0000] "PUT /d1/808/AUTH_b98e7fab5a2447bb8854015a5f24d8d7/gnocchi.011c311b-d42a-443d-adec-2cd490e293ac/none_v3" 201 - "PUT http://172.18.0.2:8080/v1/AUTH_b98e7fab5a2447bb8854015a5f24d8d7/gnocchi.011c311b-d42a-443d-adec-2cd490e293ac/none_v3" "tx1ce6773aa9174be0b24a8-0069bafb83" "proxy-server 20" 0.0152 "-" 25 0
Mar 18 19:22:43 standalone proxy-server[129214]: 172.18.0.2 172.18.0.100 18/Mar/2026/19/22/43 PUT /v1/AUTH_b98e7fab5a2447bb8854015a5f24d8d7/gnocchi.011c311b-d42a-443d-adec-2cd490e293ac/none_v3 HTTP/1.0 201 - python-swiftclient-3.11.1 gAAAAABpuvrMnc-3... 22 - - tx1ce6773aa9174be0b24a8-0069bafb83 - 0.0202 - - 1773861763.953667641 1773861763.973822117 0
Mar 18 19:22:43 standalone container-server[127163]: 172.20.0.100 - - [18/Mar/2026:19:22:43 +0000] "HEAD /d1/201/AUTH_b98e7fab5a2447bb8854015a5f24d8d7/gnocchi.ff95d0dc-d4fa-4140-a95e-c8d7d94c2488" 404 - "HEAD http://172.18.0.2:8080/v1/AUTH_b98e7fab5a2447bb8854015a5f24d8d7/gnocchi.ff95d0dc-d4fa-4140-a95e-c8d7d94c2488?format=json&states=listing" "txb53190ea92814b3ba288a-0069bafb83" "proxy-server 20" 0.0003 "-" 22 0
Mar 18 19:22:43 standalone object-server[127363]: 172.20.0.100 - - [18/Mar/2026:19:22:43 +0000] "GET /d1/860/AUTH_b98e7fab5a2447bb8854015a5f24d8d7/gnocchi.ff95d0dc-d4fa-4140-a95e-c8d7d94c2488/none_v3" 404 70 "GET http://172.18.0.2:8080/v1/AUTH_b98e7fab5a2447bb8854015a5f24d8d7/gnocchi.ff95d0dc-d4fa-4140-a95e-c8d7d94c2488/none_v3" "txb53190ea92814b3ba288a-0069bafb83" "proxy-server 20" 0.0003 "-" 23 0
Mar 18 19:22:43 standalone proxy-server[129214]: 172.18.0.2 172.18.0.100 18/Mar/2026/19/22/43 GET /v1/AUTH_b98e7fab5a2447bb8854015a5f24d8d7/gnocchi.ff95d0dc-d4fa-4140-a95e-c8d7d94c2488/none_v3 HTTP/1.0 404 - python-swiftclient-3.11.1 gAAAAABpuvrMnc-3... - 70 - txb53190ea92814b3ba288a-0069bafb83 - 0.0101 - - 1773861763.982037783 1773861763.992163658 0
Mar 18 19:22:44 standalone account-server[127158]: 172.20.0.100 - - [18/Mar/2026:19:22:44 +0000] "PUT /d1/46/AUTH_b98e7fab5a2447bb8854015a5f24d8d7/gnocchi.ff95d0dc-d4fa-4140-a95e-c8d7d94c2488" 201 - "PUT http://172.20.0.100:6001/d1/201/AUTH_b98e7fab5a2447bb8854015a5f24d8d7/gnocchi.ff95d0dc-d4fa-4140-a95e-c8d7d94c2488" "tx3a8418e6edb942c6b413e-0069bafb83" "container-server 20" 0.0040 "-" 22 0
Mar 18 19:22:44 standalone container-server[127159]: 172.20.0.100 - - [18/Mar/2026:19:22:44 +0000] "PUT /d1/201/AUTH_b98e7fab5a2447bb8854015a5f24d8d7/gnocchi.ff95d0dc-d4fa-4140-a95e-c8d7d94c2488" 201 - "PUT http://172.18.0.2:8080/v1/AUTH_b98e7fab5a2447bb8854015a5f24d8d7/gnocchi.ff95d0dc-d4fa-4140-a95e-c8d7d94c2488" "tx3a8418e6edb942c6b413e-0069bafb83" "proxy-server 20" 0.0114 "-" 20 0
Mar 18 19:22:44 standalone proxy-server[129214]: 172.18.0.2 172.18.0.100 18/Mar/2026/19/22/44 PUT /v1/AUTH_b98e7fab5a2447bb8854015a5f24d8d7/gnocchi.ff95d0dc-d4fa-4140-a95e-c8d7d94c2488 HTTP/1.0 201 - python-swiftclient-3.11.1 gAAAAABpuvrMnc-3... - - - tx3a8418e6edb942c6b413e-0069bafb83 - 0.0206 - - 1773861763.994887114 1773861764.015487909 0
Mar 18 19:22:44 standalone container-server[127159]: 172.20.0.100 - - [18/Mar/2026:19:22:44 +0000] "HEAD /d1/201/AUTH_b98e7fab5a2447bb8854015a5f24d8d7/gnocchi.ff95d0dc-d4fa-4140-a95e-c8d7d94c2488" 204 - "HEAD http://172.18.0.2:8080/v1/AUTH_b98e7fab5a2447bb8854015a5f24d8d7/gnocchi.ff95d0dc-d4fa-4140-a95e-c8d7d94c2488?format=json&states=listing" "txb7c60ae5becc4b60ad4a7-0069bafb84" "proxy-server 20" 0.0014 "-" 20 0
Mar 18 19:22:44 standalone proxy-server[129214]: - - 18/Mar/2026/19/22/44 HEAD /v1/AUTH_b98e7fab5a2447bb8854015a5f24d8d7/gnocchi.ff95d0dc-d4fa-4140-a95e-c8d7d94c2488%3Fformat%3Djson%26states%3Dlisting HTTP/1.0 204 - Swift - - - - txb7c60ae5becc4b60ad4a7-0069bafb84 - 0.0057 RL - 1773861764.019558430 1773861764.025284767 0
Mar 18 19:22:44 standalone container-server[127167]: 172.20.0.100 - - [18/Mar/2026:19:22:44 +0000] "GET /d1/201/AUTH_b98e7fab5a2447bb8854015a5f24d8d7/gnocchi.ff95d0dc-d4fa-4140-a95e-c8d7d94c2488" 200 2 "GET http://172.18.0.2:8080/v1/AUTH_b98e7fab5a2447bb8854015a5f24d8d7/gnocchi.ff95d0dc-d4fa-4140-a95e-c8d7d94c2488?format=json&states=listing" "txb7c60ae5becc4b60ad4a7-0069bafb84" "proxy-server 20" 0.0017 "-" 23 0
Mar 18 19:22:44 standalone proxy-server[129214]: 172.18.0.2 172.18.0.100 18/Mar/2026/19/22/44 GET /v1/AUTH_b98e7fab5a2447bb8854015a5f24d8d7/gnocchi.ff95d0dc-d4fa-4140-a95e-c8d7d94c2488%3Fformat%3Djson%26states%3Dlisting HTTP/1.0 200 - python-swiftclient-3.11.1 gAAAAABpuvrMnc-3... - 2 - txb7c60ae5becc4b60ad4a7-0069bafb84 - 0.0145 - - 1773861764.018696547 1773861764.033226013 0
Mar 18 19:22:44 standalone object-server[127363]: 172.20.0.100 - - [18/Mar/2026:19:22:44 +0000] "GET /d1/122/AUTH_b98e7fab5a2447bb8854015a5f24d8d7/gnocchi.ff95d0dc-d4fa-4140-a95e-c8d7d94c2488/1773360000.0_mean_300.0_v3" 404 70 "GET http://172.18.0.2:8080/v1/AUTH_b98e7fab5a2447bb8854015a5f24d8d7/gnocchi.ff95d0dc-d4fa-4140-a95e-c8d7d94c2488/1773360000.0_mean_300.0_v3" "tx72cc4f5a275c4efbab61d-0069bafb84" "proxy-server 20" 0.0002 "-" 23 0
Mar 18 19:22:44 standalone proxy-server[129214]: 172.18.0.2 172.18.0.100 18/Mar/2026/19/22/44 GET /v1/AUTH_b98e7fab5a2447bb8854015a5f24d8d7/gnocchi.ff95d0dc-d4fa-4140-a95e-c8d7d94c2488/1773360000.0_mean_300.0_v3 HTTP/1.0 404 - python-swiftclient-3.11.1 gAAAAABpuvrMnc-3... - 70 - tx72cc4f5a275c4efbab61d-0069bafb84 - 0.0045 - - 1773861764.037067890 1773861764.041581154 0
Mar 18 19:22:44 standalone container-server[127163]: 172.20.0.100 - - [18/Mar/2026:19:22:44 +0000] "PUT /d1/201/AUTH_b98e7fab5a2447bb8854015a5f24d8d7/gnocchi.ff95d0dc-d4fa-4140-a95e-c8d7d94c2488/1773360000.0_mean_300.0_v3" 201 - "PUT http://172.18.0.2:8080/d1/122/AUTH_b98e7fab5a2447bb8854015a5f24d8d7/gnocchi.ff95d0dc-d4fa-4140-a95e-c8d7d94c2488/1773360000.0_mean_300.0_v3" "tx67d5299c6fd747faa910f-0069bafb84" "object-server 24" 0.0004 "-" 22 0
