Mar 18 19:07:46 standalone account-server[126645]: Starting 2
Mar 18 19:07:47 standalone container-server[126841]: Starting 2
Mar 18 19:07:47 standalone account-server[126851]: Started child 20 from parent 2
Mar 18 19:07:47 standalone account-server[126851]: Started child 21 from parent 2
Mar 18 19:07:47 standalone container-server[126817]: Option allow_versions is deprecated. Configure the versioned_writes middleware in the proxy-server instead. This option will be ignored in a future release.
Mar 18 19:07:47 standalone account-server[126851]: Started child 22 from parent 2
Mar 18 19:07:47 standalone container-server[127159]: Option allow_versions is deprecated. Configure the versioned_writes middleware in the proxy-server instead. This option will be ignored in a future release.
Mar 18 19:07:47 standalone container-server[126817]: Started child 20 from parent 2
Mar 18 19:07:47 standalone container-server[127162]: Option allow_versions is deprecated. Configure the versioned_writes middleware in the proxy-server instead. This option will be ignored in a future release.
Mar 18 19:07:47 standalone container-server[126817]: Started child 21 from parent 2
Mar 18 19:07:47 standalone container-server[127163]: Option allow_versions is deprecated. Configure the versioned_writes middleware in the proxy-server instead. This option will be ignored in a future release.
Mar 18 19:07:47 standalone container-server[126817]: Started child 22 from parent 2
Mar 18 19:07:47 standalone account-server[126851]: Started child 23 from parent 2
Mar 18 19:07:47 standalone container-server[127167]: Option allow_versions is deprecated. Configure the versioned_writes middleware in the proxy-server instead. This option will be ignored in a future release.
Mar 18 19:07:47 standalone container-server[126817]: Started child 23 from parent 2
Mar 18 19:07:47 standalone object-expirer[127082]: Starting 2
Mar 18 19:07:47 standalone object-expirer[127082]: Option auto_create_account_prefix is deprecated. Configure auto_create_account_prefix under the swift-constraints section of swift.conf. This option will be ignored in a future release.
Mar 18 19:07:47 standalone object-server[127211]: Starting 2
Mar 18 19:07:48 standalone object-server[127181]: Started child 22 from parent 2
Mar 18 19:07:48 standalone object-server[127181]: Started child 23 from parent 2
Mar 18 19:07:48 standalone object-server[127181]: Started child 24 from parent 2
Mar 18 19:07:48 standalone object-server[127181]: Started child 25 from parent 2
Mar 18 19:07:53 standalone proxy-server[128998]: Starting Keystone auth_token middleware
Mar 18 19:07:53 standalone proxy-server[128998]: AuthToken middleware is set with keystone_authtoken.service_token_roles_required set to False. This is backwards compatible but deprecated behaviour. Please set this to True.
Mar 18 19:07:54 standalone proxy-server[129214]: Starting Keystone auth_token middleware
Mar 18 19:07:54 standalone proxy-server[129214]: STDERR: The option "bind_port" is not known to keystonemiddleware
Mar 18 19:07:54 standalone proxy-server[129214]: STDERR: The option "workers" is not known to keystonemiddleware
Mar 18 19:07:54 standalone proxy-server[129214]: STDERR: The option "user" is not known to keystonemiddleware
Mar 18 19:07:54 standalone proxy-server[129214]: STDERR: The option "bind_ip" is not known to keystonemiddleware
Mar 18 19:07:54 standalone proxy-server[129214]: STDERR: The option "log_name" is not known to keystonemiddleware
Mar 18 19:07:54 standalone proxy-server[129214]: STDERR: The option "log_facility" is not known to keystonemiddleware
Mar 18 19:07:54 standalone proxy-server[129214]: STDERR: The option "log_level" is not known to keystonemiddleware
Mar 18 19:07:54 standalone proxy-server[129214]: STDERR: The option "log_headers" is not known to keystonemiddleware
Mar 18 19:07:54 standalone proxy-server[129214]: STDERR: The option "log_address" is not known to keystonemiddleware
Mar 18 19:07:54 standalone proxy-server[129214]: STDERR: The option "project_name" is not known to keystonemiddleware
Mar 18 19:07:54 standalone proxy-server[129214]: STDERR: The option "username" is not known to keystonemiddleware
Mar 18 19:07:54 standalone proxy-server[129214]: STDERR: The option "password" is not known to keystonemiddleware
Mar 18 19:07:54 standalone proxy-server[129214]: STDERR: The option "auth_url" is not known to keystonemiddleware
Mar 18 19:07:54 standalone proxy-server[129214]: STDERR: The option "signing_dir" is not known to keystonemiddleware
Mar 18 19:07:54 standalone proxy-server[129214]: STDERR: The option "project_domain_id" is not known to keystonemiddleware
Mar 18 19:07:54 standalone proxy-server[129214]: STDERR: The option "user_domain_id" is not known to keystonemiddleware
Mar 18 19:07:54 standalone proxy-server[129214]: STDERR: The option "__name__" is not known to keystonemiddleware
Mar 18 19:07:54 standalone proxy-server[129214]: AuthToken middleware is set with keystone_authtoken.service_token_roles_required set to False. This is backwards compatible but deprecated behaviour. Please set this to True.
Mar 18 19:07:54 standalone proxy-server[128998]: Started child 20 from parent 2
Mar 18 19:10:00 standalone container-server[126841]: Begin container update sweep
Mar 18 19:10:00 standalone container-server[126841]: Container update sweep completed: 0.00s
Mar 18 19:10:03 standalone object-server[127211]: Begin object update sweep
Mar 18 19:10:03 standalone object-server[144502]: Object update sweep starting on /srv/node/d1 (pid: 11)
Mar 18 19:10:03 standalone object-server[144502]: Object update sweep completed on /srv/node/d1 in 0.00s seconds:, 0 successes, 0 failures, 0 quarantines, 0 unlinks, 0 errors, 0 redirects (pid: 11)
Mar 18 19:10:03 standalone object-server[144502]: Object update sweep of d1 completed: 0.00s, 0 successes, 0 failures, 0 quarantines, 0 unlinks, 0 errors, 0 redirects
Mar 18 19:10:03 standalone object-server[127211]: Object update sweep completed: 0.11s
Mar 18 19:11:13 standalone account-server[127152]: 172.20.0.100 - - [18/Mar/2026:19:11:13 +0000] "HEAD /d1/946/.expiring_objects" 404 - "HEAD http://localhost/v1/.expiring_objects?format=json" "txbcf1f36166c143c093f97-0069baf8d1" "proxy-server 2" 0.0018 "-" 20 -
Mar 18 19:11:13 standalone object-expirer[127082]: Pass completed in 0s; 0 objects expired (txn: txbcf1f36166c143c093f97-0069baf8d1)
Mar 18 19:11:17 standalone account-server[126645]: Devices pass completed: 0.00s
Mar 18 19:13:43 standalone account-server[127152]: 172.20.0.100 - - [18/Mar/2026:19:13:43 +0000] "HEAD /d1/946/.expiring_objects" 404 - "HEAD http://localhost/v1/.expiring_objects?format=json" "tx027e493c1a28466db2140-0069baf967" "proxy-server 2" 0.0004 "-" 20 -
Mar 18 19:13:43 standalone object-expirer[127082]: Pass completed in 0s; 0 objects expired (txn: tx027e493c1a28466db2140-0069baf967)
Mar 18 19:15:00 standalone container-server[126841]: Begin container update sweep
Mar 18 19:15:00 standalone container-server[126841]: Container update sweep completed: 0.00s
Mar 18 19:15:03 standalone object-server[127211]: Begin object update sweep
Mar 18 19:15:03 standalone object-server[182754]: Object update sweep starting on /srv/node/d1 (pid: 13)
Mar 18 19:15:03 standalone object-server[182754]: Object update sweep completed on /srv/node/d1 in 0.00s seconds:, 0 successes, 0 failures, 0 quarantines, 0 unlinks, 0 errors, 0 redirects (pid: 13)
Mar 18 19:15:03 standalone object-server[182754]: Object update sweep of d1 completed: 0.00s, 0 successes, 0 failures, 0 quarantines, 0 unlinks, 0 errors, 0 redirects
Mar 18 19:15:03 standalone object-server[127211]: Object update sweep completed: 0.05s
Mar 18 19:17:44 standalone account-server[127161]: 172.20.0.100 - - [18/Mar/2026:19:17:44 +0000] "HEAD /d1/946/.expiring_objects" 404 - "HEAD http://localhost/v1/.expiring_objects?format=json" "tx279cf3b82ed342e1a7738-0069bafa58" "proxy-server 2" 0.0016 "-" 23 -
Mar 18 19:17:44 standalone object-expirer[127082]: Pass completed in 0s; 0 objects expired (txn: tx279cf3b82ed342e1a7738-0069bafa58)
Mar 18 19:18:29 standalone account-server[127161]: 172.20.0.100 - - [18/Mar/2026:19:18:29 +0000] "HEAD /d1/946/.expiring_objects" 404 - "HEAD http://localhost/v1/.expiring_objects?format=json" "txfd86a3510a264364b56bb-0069bafa85" "proxy-server 2" 0.0007 "-" 23 -
Mar 18 19:18:29 standalone object-expirer[127082]: Pass completed in 0s; 0 objects expired (txn: txfd86a3510a264364b56bb-0069bafa85)
Mar 18 19:19:40 standalone account-server[127156]: 172.20.0.100 - - [18/Mar/2026:19:19:40 +0000] "HEAD /d1/46/AUTH_b98e7fab5a2447bb8854015a5f24d8d7" 404 - "HEAD http://172.18.0.2:8080/v1/AUTH_b98e7fab5a2447bb8854015a5f24d8d7?format=json" "tx08a2977c7b7f4c3c860d2-0069bafacc" "proxy-server 20" 0.0014 "-" 21 -
Mar 18 19:19:40 standalone proxy-server[129214]: - - 18/Mar/2026/19/19/40 HEAD /v1/AUTH_b98e7fab5a2447bb8854015a5f24d8d7%3Fformat%3Djson HTTP/1.0 200 - Swift - - - - tx08a2977c7b7f4c3c860d2-0069bafacc - 0.0116 RL - 1773861580.124742031 1773861580.136373281 -
Mar 18 19:19:40 standalone object-server[127364]: 172.20.0.100 - - [18/Mar/2026:19:19:40 +0000] "GET /d1/306/AUTH_b98e7fab5a2447bb8854015a5f24d8d7/gnocchi.d0dd4d14-0179-47cb-b44a-c5bb96c3a6ba/none_v3" 404 70 "GET http://172.18.0.2:8080/v1/AUTH_b98e7fab5a2447bb8854015a5f24d8d7/gnocchi.d0dd4d14-0179-47cb-b44a-c5bb96c3a6ba/none_v3" "tx08a2977c7b7f4c3c860d2-0069bafacc" "proxy-server 20" 0.0013 "-" 24 0
Mar 18 19:19:40 standalone proxy-server[129214]: 172.18.0.2 172.18.0.100 18/Mar/2026/19/19/40 GET /v1/AUTH_b98e7fab5a2447bb8854015a5f24d8d7/gnocchi.d0dd4d14-0179-47cb-b44a-c5bb96c3a6ba/none_v3 HTTP/1.0 404 - python-swiftclient-3.11.1 gAAAAABpuvrMnc-3... - 70 - tx08a2977c7b7f4c3c860d2-0069bafacc - 0.3906 - - 1773861580.120479822 1773861580.511083364 0
Mar 18 19:19:40 standalone account-server[127156]: 172.20.0.100 - - [18/Mar/2026:19:19:40 +0000] "PUT /d1/46/AUTH_b98e7fab5a2447bb8854015a5f24d8d7" 201 - "-" "tx50b03d990d7340a0b44e0-0069bafacc" "-" 0.0179 "-" 21 -
Mar 18 19:19:40 standalone proxy-server[129214]: autocreate account '/AUTH_b98e7fab5a2447bb8854015a5f24d8d7' (txn: tx50b03d990d7340a0b44e0-0069bafacc)
Mar 18 19:19:40 standalone account-server[127156]: 172.20.0.100 - - [18/Mar/2026:19:19:40 +0000] "HEAD /d1/46/AUTH_b98e7fab5a2447bb8854015a5f24d8d7" 204 - "HEAD http://172.18.0.2:8080/v1/AUTH_b98e7fab5a2447bb8854015a5f24d8d7?format=json" "tx50b03d990d7340a0b44e0-0069bafacc" "proxy-server 20" 0.0018 "-" 21 -
Mar 18 19:19:40 standalone account-server[127156]: 172.20.0.100 - - [18/Mar/2026:19:19:40 +0000] "PUT /d1/46/AUTH_b98e7fab5a2447bb8854015a5f24d8d7/gnocchi.d0dd4d14-0179-47cb-b44a-c5bb96c3a6ba" 201 - "PUT http://172.20.0.100:6001/d1/910/AUTH_b98e7fab5a2447bb8854015a5f24d8d7/gnocchi.d0dd4d14-0179-47cb-b44a-c5bb96c3a6ba" "tx50b03d990d7340a0b44e0-0069bafacc" "container-server 20" 0.0017 "-" 21 0
Mar 18 19:19:40 standalone container-server[127159]: 172.20.0.100 - - [18/Mar/2026:19:19:40 +0000] "PUT /d1/910/AUTH_b98e7fab5a2447bb8854015a5f24d8d7/gnocchi.d0dd4d14-0179-47cb-b44a-c5bb96c3a6ba" 201 - "PUT http://172.18.0.2:8080/v1/AUTH_b98e7fab5a2447bb8854015a5f24d8d7/gnocchi.d0dd4d14-0179-47cb-b44a-c5bb96c3a6ba" "tx50b03d990d7340a0b44e0-0069bafacc" "proxy-server 20" 0.0196 "-" 20 0
Mar 18 19:19:40 standalone proxy-server[129214]: 172.18.0.2 172.18.0.100 18/Mar/2026/19/19/40 PUT /v1/AUTH_b98e7fab5a2447bb8854015a5f24d8d7/gnocchi.d0dd4d14-0179-47cb-b44a-c5bb96c3a6ba HTTP/1.0 201 - python-swiftclient-3.11.1 gAAAAABpuvrMnc-3... - - - tx50b03d990d7340a0b44e0-0069bafacc - 0.0572 - - 1773861580.515651703 1773861580.572886944 0
Mar 18 19:19:40 standalone container-server[127167]: 172.20.0.100 - - [18/Mar/2026:19:19:40 +0000] "HEAD /d1/910/AUTH_b98e7fab5a2447bb8854015a5f24d8d7/gnocchi.d0dd4d14-0179-47cb-b44a-c5bb96c3a6ba" 204 - "HEAD http://172.18.0.2:8080/v1/AUTH_b98e7fab5a2447bb8854015a5f24d8d7/gnocchi.d0dd4d14-0179-47cb-b44a-c5bb96c3a6ba?format=json&states=listing" "txbb306ae51e824c97ad01f-0069bafacc" "proxy-server 20" 0.0034 "-" 23 0
Mar 18 19:19:40 standalone proxy-server[129214]: - - 18/Mar/2026/19/19/40 HEAD /v1/AUTH_b98e7fab5a2447bb8854015a5f24d8d7/gnocchi.d0dd4d14-0179-47cb-b44a-c5bb96c3a6ba%3Fformat%3Djson%26states%3Dlisting HTTP/1.0 204 - Swift - - - - txbb306ae51e824c97ad01f-0069bafacc - 0.0078 RL - 1773861580.579900742 1773861580.587677717 0
Mar 18 19:19:40 standalone container-server[127159]: 172.20.0.100 - - [18/Mar/2026:19:19:40 +0000] "GET /d1/910/AUTH_b98e7fab5a2447bb8854015a5f24d8d7/gnocchi.d0dd4d14-0179-47cb-b44a-c5bb96c3a6ba" 200 2 "GET http://172.18.0.2:8080/v1/AUTH_b98e7fab5a2447bb8854015a5f24d8d7/gnocchi.d0dd4d14-0179-47cb-b44a-c5bb96c3a6ba?format=json&states=listing" "txbb306ae51e824c97ad01f-0069bafacc" "proxy-server 20" 0.0042 "-" 20 0
Mar 18 19:19:40 standalone proxy-server[129214]: 172.18.0.2 172.18.0.100 18/Mar/2026/19/19/40 GET /v1/AUTH_b98e7fab5a2447bb8854015a5f24d8d7/gnocchi.d0dd4d14-0179-47cb-b44a-c5bb96c3a6ba%3Fformat%3Djson%26states%3Dlisting HTTP/1.0 200 - python-swiftclient-3.11.1 gAAAAABpuvrMnc-3... - 2 - txbb306ae51e824c97ad01f-0069bafacc - 0.0222 - - 1773861580.578438997 1773861580.600622416 0
Mar 18 19:19:40 standalone object-server[127366]: 172.20.0.100 - - [18/Mar/2026:19:19:40 +0000] "GET /d1/26/AUTH_b98e7fab5a2447bb8854015a5f24d8d7/gnocchi.d0dd4d14-0179-47cb-b44a-c5bb96c3a6ba/1773360000.0_mean_300.0_v3" 404 70 "GET http://172.18.0.2:8080/v1/AUTH_b98e7fab5a2447bb8854015a5f24d8d7/gnocchi.d0dd4d14-0179-47cb-b44a-c5bb96c3a6ba/1773360000.0_mean_300.0_v3" "tx3c4d07e16206411dbe955-0069bafacc" "proxy-server 20" 0.0007 "-" 25 0
Mar 18 19:19:40 standalone proxy-server[129214]: 172.18.0.2 172.18.0.100 18/Mar/2026/19/19/40 GET /v1/AUTH_b98e7fab5a2447bb8854015a5f24d8d7/gnocchi.d0dd4d14-0179-47cb-b44a-c5bb96c3a6ba/1773360000.0_mean_300.0_v3 HTTP/1.0 404 - python-swiftclient-3.11.1 gAAAAABpuvrMnc-3... - 70 - tx3c4d07e16206411dbe955-0069bafacc - 0.0070 - - 1773861580.606683254 1773861580.613727331 0
Mar 18 19:19:40 standalone container-server[127163]: 172.20.0.100 - - [18/Mar/2026:19:19:40 +0000] "PUT /d1/910/AUTH_b98e7fab5a2447bb8854015a5f24d8d7/gnocchi.d0dd4d14-0179-47cb-b44a-c5bb96c3a6ba/1773360000.0_mean_300.0_v3" 201 - "PUT http://172.18.0.2:8080/d1/26/AUTH_b98e7fab5a2447bb8854015a5f24d8d7/gnocchi.d0dd4d14-0179-47cb-b44a-c5bb96c3a6ba/1773360000.0_mean_300.0_v3" "txc2178fbf1f6f4aadac3b1-0069bafacc" "object-server 23" 0.0017 "-" 22 0
Mar 18 19:19:40 standalone object-server[127363]: 172.20.0.100 - - [18/Mar/2026:19:19:40 +0000] "PUT /d1/26/AUTH_b98e7fab5a2447bb8854015a5f24d8d7/gnocchi.d0dd4d14-0179-47cb-b44a-c5bb96c3a6ba/1773360000.0_mean_300.0_v3" 201 - "PUT http://172.18.0.2:8080/v1/AUTH_b98e7fab5a2447bb8854015a5f24d8d7/gnocchi.d0dd4d14-0179-47cb-b44a-c5bb96c3a6ba/1773360000.0_mean_300.0_v3" "txc2178fbf1f6f4aadac3b1-0069bafacc" "proxy-server 20" 0.0295 "-" 23 0
Mar 18 19:19:40 standalone proxy-server[129214]: 172.18.0.2 172.18.0.100 18/Mar/2026/19/19/40 PUT /v1/AUTH_b98e7fab5a2447bb8854015a5f24d8d7/gnocchi.d0dd4d14-0179-47cb-b44a-c5bb96c3a6ba/1773360000.0_mean_300.0_v3 HTTP/1.0 201 - python-swiftclient-3.11.1 gAAAAABpuvrMnc-3... 16 - - txc2178fbf1f6f4aadac3b1-0069bafacc - 0.0367 - - 1773861580.617775679 1773861580.654515982 0
Mar 18 19:19:40 standalone container-server[127162]: 172.20.0.100 - - [18/Mar/2026:19:19:40 +0000] "PUT /d1/910/AUTH_b98e7fab5a2447bb8854015a5f24d8d7/gnocchi.d0dd4d14-0179-47cb-b44a-c5bb96c3a6ba/none_v3" 201 - "PUT http://172.18.0.2:8080/d1/306/AUTH_b98e7fab5a2447bb8854015a5f24d8d7/gnocchi.d0dd4d14-0179-47cb-b44a-c5bb96c3a6ba/none_v3" "tx529e542a622a4adc8c5ed-0069bafacc" "object-server 22" 0.0015 "-" 21 0
Mar 18 19:19:40 standalone object-server[127362]: 172.20.0.100 - - [18/Mar/2026:19:19:40 +0000] "PUT /d1/306/AUTH_b98e7fab5a2447bb8854015a5f24d8d7/gnocchi.d0dd4d14-0179-47cb-b44a-c5bb96c3a6ba/none_v3" 201 - "PUT http://172.18.0.2:8080/v1/AUTH_b98e7fab5a2447bb8854015a5f24d8d7/gnocchi.d0dd4d14-0179-47cb-b44a-c5bb96c3a6ba/none_v3" "tx529e542a622a4adc8c5ed-0069bafacc" "proxy-server 20" 0.0305 "-" 22 0
Mar 18 19:19:40 standalone proxy-server[129214]: 172.18.0.2 172.18.0.100 18/Mar/2026/19/19/40 PUT /v1/AUTH_b98e7fab5a2447bb8854015a5f24d8d7/gnocchi.d0dd4d14-0179-47cb-b44a-c5bb96c3a6ba/none_v3 HTTP/1.0 201 - python-swiftclient-3.11.1 gAAAAABpuvrMnc-3... 32 - - tx529e542a622a4adc8c5ed-0069bafacc - 0.0384 - - 1773861580.658814192 1773861580.697214603 0
Mar 18 19:20:00 standalone container-server[126841]: Begin container update sweep
Mar 18 19:20:00 standalone account-server[127156]: 172.20.0.100 - - [18/Mar/2026:19:20:00 +0000] "PUT /d1/46/AUTH_b98e7fab5a2447bb8854015a5f24d8d7/gnocchi.d0dd4d14-0179-47cb-b44a-c5bb96c3a6ba" 201 - "-" "-" "container-updater 2" 0.0007 "-" 21 0
Mar 18 19:20:00 standalone container-server[126841]: Container update sweep completed: 0.12s
Mar 18 19:20:02 standalone account-server[127152]: 172.20.0.100 - - [18/Mar/2026:19:20:02 +0000] "HEAD /d1/946/.expiring_objects" 404 - "HEAD http://localhost/v1/.expiring_objects?format=json" "tx46cb3f29a1074663950b1-0069bafae2" "proxy-server 2" 0.0007 "-" 20 -
Mar 18 19:20:02 standalone object-expirer[127082]: Pass completed in 0s; 0 objects expired (txn: tx46cb3f29a1074663950b1-0069bafae2)
Mar 18 19:20:03 standalone object-server[127211]: Begin object update sweep
Mar 18 19:20:03 standalone object-server[221108]: Object update sweep starting on /srv/node/d1 (pid: 14)
Mar 18 19:20:03 standalone object-server[221108]: Object update sweep completed on /srv/node/d1 in 0.00s seconds:, 0 successes, 0 failures, 0 quarantines, 0 unlinks, 0 errors, 0 redirects (pid: 14)
Mar 18 19:20:03 standalone object-server[221108]: Object update sweep of d1 completed: 0.00s, 0 successes, 0 failures, 0 quarantines, 0 unlinks, 0 errors, 0 redirects
Mar 18 19:20:03 standalone object-server[127211]: Object update sweep completed: 0.09s
Mar 18 19:20:21 standalone account-server[127161]: 172.20.0.100 - - [18/Mar/2026:19:20:21 +0000] "HEAD /d1/946/.expiring_objects" 404 - "HEAD http://localhost/v1/.expiring_objects?format=json" "tx9042a1fd848d4ba6bcd83-0069bafaf5" "proxy-server 2" 0.0007 "-" 23 -
Mar 18 19:20:21 standalone object-expirer[127082]: Pass completed in 0s; 0 objects expired (txn: tx9042a1fd848d4ba6bcd83-0069bafaf5)
Mar 18 19:20:39 standalone container-server[127167]: 172.20.0.100 - - [18/Mar/2026:19:20:39 +0000] "HEAD /d1/417/AUTH_b98e7fab5a2447bb8854015a5f24d8d7/gnocchi.7d69b668-464a-4603-a24d-3ca276741df0" 404 - "HEAD http://172.18.0.2:8080/v1/AUTH_b98e7fab5a2447bb8854015a5f24d8d7/gnocchi.7d69b668-464a-4603-a24d-3ca276741df0?format=json&states=listing" "txd6fdea59532d427684261-0069bafb07" "proxy-server 20" 0.0004 "-" 23 0
Mar 18 19:20:39 standalone object-server[127363]: 172.20.0.100 - - [18/Mar/2026:19:20:39 +0000] "GET /d1/1011/AUTH_b98e7fab5a2447bb8854015a5f24d8d7/gnocchi.7d69b668-464a-4603-a24d-3ca276741df0/none_v3" 404 70 "GET http://172.18.0.2:8080/v1/AUTH_b98e7fab5a2447bb8854015a5f24d8d7/gnocchi.7d69b668-464a-4603-a24d-3ca276741df0/none_v3" "txd6fdea59532d427684261-0069bafb07" "proxy-server 20" 0.0009 "-" 23 0
Mar 18 19:20:39 standalone proxy-server[129214]: 172.18.0.2 172.18.0.100 18/Mar/2026/19/20/39 GET /v1/AUTH_b98e7fab5a2447bb8854015a5f24d8d7/gnocchi.7d69b668-464a-4603-a24d-3ca276741df0/none_v3 HTTP/1.0 404 - python-swiftclient-3.11.1 gAAAAABpuvrMnc-3... - 70 - txd6fdea59532d427684261-0069bafb07 - 0.0121 - - 1773861639.519151926 1773861639.531234741 0
Mar 18 19:20:39 standalone account-server[127158]: 172.20.0.100 - - [18/Mar/2026:19:20:39 +0000] "PUT /d1/46/AUTH_b98e7fab5a2447bb8854015a5f24d8d7/gnocchi.7d69b668-464a-4603-a24d-3ca276741df0" 201 - "PUT http://172.20.0.100:6001/d1/417/AUTH_b98e7fab5a2447bb8854015a5f24d8d7/gnocchi.7d69b668-464a-4603-a24d-3ca276741df0" "txa25924953d84442f89a90-0069bafb07" "container-server 21" 0.0058 "-" 22 0
Mar 18 19:20:39 standalone container-server[127162]: 172.20.0.100 - - [18/Mar/2026:19:20:39 +0000] "PUT /d1/417/AUTH_b98e7fab5a2447bb8854015a5f24d8d7/gnocchi.7d69b668-464a-4603-a24d-3ca276741df0" 201 - "PUT http://172.18.0.2:8080/v1/AUTH_b98e7fab5a2447bb8854015a5f24d8d7/gnocchi.7d69b668-464a-4603-a24d-3ca276741df0" "txa25924953d84442f89a90-0069bafb07" "proxy-server 20" 0.0152 "-" 21 0
Mar 18 19:20:39 standalone proxy-server[129214]: 172.18.0.2 172.18.0.100 18/Mar/2026/19/20/39 PUT /v1/AUTH_b98e7fab5a2447bb8854015a5f24d8d7/gnocchi.7d69b668-464a-4603-a24d-3ca276741df0 HTTP/1.0 201 - python-swiftclient-3.11.1 gAAAAABpuvrMnc-3... - - - txa25924953d84442f89a90-0069bafb07 - 0.0188 - - 1773861639.533223391 1773861639.552029848 0
Mar 18 19:20:39 standalone container-server[127162]: 172.20.0.100 - - [18/Mar/2026:19:20:39 +0000] "HEAD /d1/417/AUTH_b98e7fab5a2447bb8854015a5f24d8d7/gnocchi.7d69b668-464a-4603-a24d-3ca276741df0" 204 - "HEAD http://172.18.0.2:8080/v1/AUTH_b98e7fab5a2447bb8854015a5f24d8d7/gnocchi.7d69b668-464a-4603-a24d-3ca276741df0?format=json&states=listing" "tx656596e65265423cb4201-0069bafb07" "proxy-server 20" 0.0011 "-" 21 0
Mar 18 19:20:39 standalone proxy-server[129214]: - - 18/Mar/2026/19/20/39 HEAD /v1/AUTH_b98e7fab5a2447bb8854015a5f24d8d7/gnocchi.7d69b668-464a-4603-a24d-3ca276741df0%3Fformat%3Djson%26states%3Dlisting HTTP/1.0 204 - Swift - - - - tx656596e65265423cb4201-0069bafb07 - 0.0032 RL - 1773861639.555392742 1773861639.558603048 0
Mar 18 19:20:39 standalone container-server[127159]: 172.20.0.100 - - [18/Mar/2026:19:20:39 +0000] "GET /d1/417/AUTH_b98e7fab5a2447bb8854015a5f24d8d7/gnocchi.7d69b668-464a-4603-a24d-3ca276741df0" 200 2 "GET http://172.18.0.2:8080/v1/AUTH_b98e7fab5a2447bb8854015a5f24d8d7/gnocchi.7d69b668-464a-4603-a24d-3ca276741df0?format=json&states=listing" "tx656596e65265423cb4201-0069bafb07" "proxy-server 20" 0.0038 "-" 20 0
Mar 18 19:20:39 standalone proxy-server[129214]: 172.18.0.2 172.18.0.100 18/Mar/2026/19/20/39 GET /v1/AUTH_b98e7fab5a2447bb8854015a5f24d8d7/gnocchi.7d69b668-464a-4603-a24d-3ca276741df0%3Fformat%3Djson%26states%3Dlisting HTTP/1.0 200 - python-swiftclient-3.11.1 gAAAAABpuvrMnc-3... - 2 - tx656596e65265423cb4201-0069bafb07 - 0.0145 - - 1773861639.554486752 1773861639.568957329 0
Mar 18 19:20:39 standalone object-server[127364]: 172.20.0.100 - - [18/Mar/2026:19:20:39 +0000] "GET /d1/228/AUTH_b98e7fab5a2447bb8854015a5f24d8d7/gnocchi.7d69b668-464a-4603-a24d-3ca276741df0/1773360000.0_mean_300.0_v3" 404 70 "GET http://172.18.0.2:8080/v1/AUTH_b98e7fab5a2447bb8854015a5f24d8d7/gnocchi.7d69b668-464a-4603-a24d-3ca276741df0/1773360000.0_mean_300.0_v3" "tx6949d2d6f5064fdf8ee35-0069bafb07" "proxy-server 20" 0.0005 "-" 24 0
Mar 18 19:20:39 standalone proxy-server[129214]: 172.18.0.2 172.18.0.100 18/Mar/2026/19/20/39 GET /v1/AUTH_b98e7fab5a2447bb8854015a5f24d8d7/gnocchi.7d69b668-464a-4603-a24d-3ca276741df0/1773360000.0_mean_300.0_v3 HTTP/1.0 404 - python-swiftclient-3.11.1 gAAAAABpuvrMnc-3... - 70 - tx6949d2d6f5064fdf8ee35-0069bafb07 - 0.0061 - - 1773861639.578062773 1773861639.584129810 0
Mar 18 19:20:39 standalone container-server[127159]: 172.20.0.100 - - [18/Mar/2026:19:20:39 +0000] "PUT /d1/417/AUTH_b98e7fab5a2447bb8854015a5f24d8d7/gnocchi.7d69b668-464a-4603-a24d-3ca276741df0/1773360000.0_mean_300.0_v3" 201 - "PUT http://172.18.0.2:8080/d1/228/AUTH_b98e7fab5a2447bb8854015a5f24d8d7/gnocchi.7d69b668-464a-4603-a24d-3ca276741df0/1773360000.0_mean_300.0_v3" "tx1a137bcd6f7049c69e6ca-0069bafb07" "object-server 24" 0.0010 "-" 20 0
Mar 18 19:20:39 standalone object-server[127364]: 172.20.0.100 - - [18/Mar/2026:19:20:39 +0000] "PUT /d1/228/AUTH_b98e7fab5a2447bb8854015a5f24d8d7/gnocchi.7d69b668-464a-4603-a24d-3ca276741df0/1773360000.0_mean_300.0_v3" 201 - "PUT http://172.18.0.2:8080/v1/AUTH_b98e7fab5a2447bb8854015a5f24d8d7/gnocchi.7d69b668-464a-4603-a24d-3ca276741df0/1773360000.0_mean_300.0_v3" "tx1a137bcd6f7049c69e6ca-0069bafb07" "proxy-server 20" 0.0385 "-" 24 0
Mar 18 19:20:39 standalone proxy-server[129214]: 172.18.0.2 172.18.0.100 18/Mar/2026/19/20/39 PUT /v1/AUTH_b98e7fab5a2447bb8854015a5f24d8d7/gnocchi.7d69b668-464a-4603-a24d-3ca276741df0/1773360000.0_mean_300.0_v3 HTTP/1.0 201 - python-swiftclient-3.11.1 gAAAAABpuvrMnc-3... 16 - - tx1a137bcd6f7049c69e6ca-0069bafb07 - 0.0462 - - 1773861639.585972548 1773861639.632138729 0
Mar 18 19:20:39 standalone container-server[127162]: 172.20.0.100 - - [18/Mar/2026:19:20:39 +0000] "PUT /d1/417/AUTH_b98e7fab5a2447bb8854015a5f24d8d7/gnocchi.7d69b668-464a-4603-a24d-3ca276741df0/none_v3" 201 - "PUT http://172.18.0.2:8080/d1/1011/AUTH_b98e7fab5a2447bb8854015a5f24d8d7/gnocchi.7d69b668-464a-4603-a24d-3ca276741df0/none_v3" "txc0ea81e043a14e129f5fe-0069bafb07" "object-server 22" 0.0004 "-" 21 0
Mar 18 19:20:39 standalone object-server[127362]: 172.20.0.100 - - [18/Mar/2026:19:20:39 +0000] "PUT /d1/1011/AUTH_b98e7fab5a2447bb8854015a5f24d8d7/gnocchi.7d69b668-464a-4603-a24d-3ca276741df0/none_v3" 201 - "PUT http://172.18.0.2:8080/v1/AUTH_b98e7fab5a2447bb8854015a5f24d8d7/gnocchi.7d69b668-464a-4603-a24d-3ca276741df0/none_v3" "txc0ea81e043a14e129f5fe-0069bafb07" "proxy-server 20" 0.0149 "-" 22 0
Mar 18 19:20:39 standalone proxy-server[129214]: 172.18.0.2 172.18.0.100 18/Mar/2026/19/20/39 PUT /v1/AUTH_b98e7fab5a2447bb8854015a5f24d8d7/gnocchi.7d69b668-464a-4603-a24d-3ca276741df0/none_v3 HTTP/1.0 201 - python-swiftclient-3.11.1 gAAAAABpuvrMnc-3... 22 - - txc0ea81e043a14e129f5fe-0069bafb07 - 0.0201 - - 1773861639.636065245 1773861639.656130552 0
Mar 18 19:20:39 standalone container-server[127163]: 172.20.0.100 - - [18/Mar/2026:19:20:39 +0000] "HEAD /d1/442/AUTH_b98e7fab5a2447bb8854015a5f24d8d7/gnocchi.01c294ee-b505-40d9-bac6-14e3dd311476" 404 - "HEAD http://172.18.0.2:8080/v1/AUTH_b98e7fab5a2447bb8854015a5f24d8d7/gnocchi.01c294ee-b505-40d9-bac6-14e3dd311476?format=json&states=listing" "tx62e0f4946c5d4798bc74f-0069bafb07" "proxy-server 20" 0.0006 "-" 22 0
Mar 18 19:20:39 standalone object-server[127362]: 172.20.0.100 - - [18/Mar/2026:19:20:39 +0000] "GET /d1/812/AUTH_b98e7fab5a2447bb8854015a5f24d8d7/gnocchi.01c294ee-b505-40d9-bac6-14e3dd311476/none_v3" 404 70 "GET http://172.18.0.2:8080/v1/AUTH_b98e7fab5a2447bb8854015a5f24d8d7/gnocchi.01c294ee-b505-40d9-bac6-14e3dd311476/none_v3" "tx62e0f4946c5d4798bc74f-0069bafb07" "proxy-server 20" 0.0004 "-" 22 0
Mar 18 19:20:39 standalone proxy-server[129214]: 172.18.0.2 172.18.0.100 18/Mar/2026/19/20/39 GET /v1/AUTH_b98e7fab5a2447bb8854015a5f24d8d7/gnocchi.01c294ee-b505-40d9-bac6-14e3dd311476/none_v3 HTTP/1.0 404 - python-swiftclient-3.11.1 gAAAAABpuvrMnc-3... - 70 - tx62e0f4946c5d4798bc74f-0069bafb07 - 0.0103 - - 1773861639.665484905 1773861639.675766468 0
Mar 18 19:20:39 standalone account-server[127152]: 172.20.0.100 - - [18/Mar/2026:19:20:39 +0000] "PUT /d1/46/AUTH_b98e7fab5a2447bb8854015a5f24d8d7/gnocchi.01c294ee-b505-40d9-bac6-14e3dd311476" 201 - "PUT http://172.20.0.100:6001/d1/442/AUTH_b98e7fab5a2447bb8854015a5f24d8d7/gnocchi.01c294ee-b505-40d9-bac6-14e3dd311476" "txe4da6846c1334946af76c-0069bafb07" "container-server 21" 0.0045 "-" 20 0
Mar 18 19:20:39 standalone container-server[127162]: 172.20.0.100 - - [18/Mar/2026:19:20:39 +0000] "PUT /d1/442/AUTH_b98e7fab5a2447bb8854015a5f24d8d7/gnocchi.01c294ee-b505-40d9-bac6-14e3dd311476" 201 - "PUT http://172.18.0.2:8080/v1/AUTH_b98e7fab5a2447bb8854015a5f24d8d7/gnocchi.01c294ee-b505-40d9-bac6-14e3dd311476" "txe4da6846c1334946af76c-0069bafb07" "proxy-server 20" 0.0146 "-" 21 0
Mar 18 19:20:39 standalone proxy-server[129214]: 172.18.0.2 172.18.0.100 18/Mar/2026/19/20/39 PUT /v1/AUTH_b98e7fab5a2447bb8854015a5f24d8d7/gnocchi.01c294ee-b505-40d9-bac6-14e3dd311476 HTTP/1.0 201 - python-swiftclient-3.11.1 gAAAAABpuvrMnc-3... - - - txe4da6846c1334946af76c-0069bafb07 - 0.0191 - - 1773861639.679686069 1773861639.698772669 0
Mar 18 19:20:39 standalone container-server[127159]: 172.20.0.100 - - [18/Mar/2026:19:20:39 +0000] "HEAD /d1/442/AUTH_b98e7fab5a2447bb8854015a5f24d8d7/gnocchi.01c294ee-b505-40d9-bac6-14e3dd311476" 204 - "HEAD http://172.18.0.2:8080/v1/AUTH_b98e7fab5a2447bb8854015a5f24d8d7/gnocchi.01c294ee-b505-40d9-bac6-14e3dd311476?format=json&states=listing" "tx9dd58ea09b404e3bb37df-0069bafb07" "proxy-server 20" 0.0011 "-" 20 0
Mar 18 19:20:39 standalone proxy-server[129214]: - - 18/Mar/2026/19/20/39 HEAD /v1/AUTH_b98e7fab5a2447bb8854015a5f24d8d7/gnocchi.01c294ee-b505-40d9-bac6-14e3dd311476%3Fformat%3Djson%26states%3Dlisting HTTP/1.0 204 - Swift - - - - tx9dd58ea09b404e3bb37df-0069bafb07 - 0.0044 RL - 1773861639.704584599 1773861639.708956003 0
Mar 18 19:20:39 standalone container-server[127162]: 172.20.0.100 - - [18/Mar/2026:19:20:39 +0000] "GET /d1/442/AUTH_b98e7fab5a2447bb8854015a5f24d8d7/gnocchi.01c294ee-b505-40d9-bac6-14e3dd311476" 200 2 "GET http://172.18.0.2:8080/v1/AUTH_b98e7fab5a2447bb8854015a5f24d8d7/gnocchi.01c294ee-b505-40d9-bac6-14e3dd311476?format=json&states=listing" "tx9dd58ea09b404e3bb37df-0069bafb07" "proxy-server 20" 0.0017 "-" 21 0
Mar 18 19:20:39 standalone proxy-server[129214]: 172.18.0.2 172.18.0.100 18/Mar/2026/19/20/39 GET /v1/AUTH_b98e7fab5a2447bb8854015a5f24d8d7/gnocchi.01c294ee-b505-40d9-bac6-14e3dd311476%3Fformat%3Djson%26states%3Dlisting HTTP/1.0 200 - python-swiftclient-3.11.1 gAAAAABpuvrMnc-3... - 2 - tx9dd58ea09b404e3bb37df-0069bafb07 - 0.0130 - - 1773861639.703034639 1773861639.715995312 0
Mar 18 19:20:39 standalone object-server[127366]: 172.20.0.100 - - [18/Mar/2026:19:20:39 +0000] "GET /d1/78/AUTH_b98e7fab5a2447bb8854015a5f24d8d7/gnocchi.01c294ee-b505-40d9-bac6-14e3dd311476/1773360000.0_mean_300.0_v3" 404 70 "GET http://172.18.0.2:8080/v1/AUTH_b98e7fab5a2447bb8854015a5f24d8d7/gnocchi.01c294ee-b505-40d9-bac6-14e3dd311476/1773360000.0_mean_300.0_v3" "tx814fff3086194cb882554-0069bafb07" "proxy-server 20" 0.0003 "-" 25 0
Mar 18 19:20:39 standalone proxy-server[129214]: 172.18.0.2 172.18.0.100 18/Mar/2026/19/20/39 GET /v1/AUTH_b98e7fab5a2447bb8854015a5f24d8d7/gnocchi.01c294ee-b505-40d9-bac6-14e3dd311476/1773360000.0_mean_300.0_v3 HTTP/1.0 404 - python-swiftclient-3.11.1 gAAAAABpuvrMnc-3... - 70 - tx814fff3086194cb882554-0069bafb07 - 0.0063 - - 1773861639.719818354 1773861639.726099730 0
Mar 18 19:20:39 standalone container-server[127159]: 172.20.0.100 - - [18/Mar/2026:19:20:39 +0000] "PUT /d1/442/AUTH_b98e7fab5a2447bb8854015a5f24d8d7/gnocchi.01c294ee-b505-40d9-bac6-14e3dd311476/1773360000.0_mean_300.0_v3" 201 - "PUT http://172.18.0.2:8080/d1/78/AUTH_b98e7fab5a2447bb8854015a5f24d8d7/gnocchi.01c294ee-b505-40d9-bac6-14e3dd311476/1773360000.0_mean_300.0_v3" "tx4d3bb260f9f94c07aed2a-0069bafb07" "object-server 24" 0.0005 "-" 20 0
Mar 18 19:20:39 standalone object-server[127364]: 172.20.0.100 - - [18/Mar/2026:19:20:39 +0000] "PUT /d1/78/AUTH_b98e7fab5a2447bb8854015a5f24d8d7/gnocchi.01c294ee-b505-40d9-bac6-14e3dd311476/1773360000.0_mean_300.0_v3" 201 - "PUT http://172.18.0.2:8080/v1/AUTH_b98e7fab5a2447bb8854015a5f24d8d7/gnocchi.01c294ee-b505-40d9-bac6-14e3dd311476/1773360000.0_mean_300.0_v3" "tx4d3bb260f9f94c07aed2a-0069bafb07" "proxy-server 20" 0.0085 "-" 24 0
Mar 18 19:20:39 standalone proxy-server[129214]: 172.18.0.2 172.18.0.100 18/Mar/2026/19/20/39 PUT /v1/AUTH_b98e7fab5a2447bb8854015a5f24d8d7/gnocchi.01c294ee-b505-40d9-bac6-14e3dd311476/1773360000.0_mean_300.0_v3 HTTP/1.0 201 - python-swiftclient-3.11.1 gAAAAABpuvrMnc-3... 16 - - tx4d3bb260f9f94c07aed2a-0069bafb07 - 0.0145 - - 1773861639.729241371 1773861639.743763447 0
Mar 18 19:20:39 standalone container-server[127159]: 172.20.0.100 - - [18/Mar/2026:19:20:39 +0000] "PUT /d1/442/AUTH_b98e7fab5a2447bb8854015a5f24d8d7/gnocchi.01c294ee-b505-40d9-bac6-14e3dd311476/none_v3" 201 - "PUT http://172.18.0.2:8080/d1/812/AUTH_b98e7fab5a2447bb8854015a5f24d8d7/gnocchi.01c294ee-b505-40d9-bac6-14e3dd311476/none_v3" "txd4bf535488dc40a49d58e-0069bafb07" "object-server 22" 0.0003 "-" 20 0
Mar 18 19:20:39 standalone object-server[127362]: 172.20.0.100 - - [18/Mar/2026:19:20:39 +0000] "PUT /d1/812/AUTH_b98e7fab5a2447bb8854015a5f24d8d7/gnocchi.01c294ee-b505-40d9-bac6-14e3dd311476/none_v3" 201 - "PUT http://172.18.0.2:8080/v1/AUTH_b98e7fab5a2447bb8854015a5f24d8d7/gnocchi.01c294ee-b505-40d9-bac6-14e3dd311476/none_v3" "txd4bf535488dc40a49d58e-0069bafb07" "proxy-server 20" 0.0074 "-" 22 0
Mar 18 19:20:39 standalone proxy-server[129214]: 172.18.0.2 172.18.0.100 18/Mar/2026/19/20/39 PUT /v1/AUTH_b98e7fab5a2447bb8854015a5f24d8d7/gnocchi.01c294ee-b505-40d9-bac6-14e3dd311476/none_v3 HTTP/1.0 201 - python-swiftclient-3.11.1 gAAAAABpuvrMnc-3... 22 - - txd4bf535488dc40a49d58e-0069bafb07 - 0.0132 - - 1773861639.746597528 1773861639.759785652 0
Mar 18 19:20:47 standalone account-server[127156]: 172.20.0.100 - - [18/Mar/2026:19:20:47 +0000] "HEAD /d1/46/AUTH_b98e7fab5a2447bb8854015a5f24d8d7" 204 - "HEAD http://172.18.0.2:8080/v1/AUTH_b98e7fab5a2447bb8854015a5f24d8d7?format=json" "tx4f56eb45a0464322b0a84-0069bafb0f" "proxy-server 20" 0.0056 "-" 21 -
Mar 18 19:20:47 standalone proxy-server[129214]: - - 18/Mar/2026/19/20/47 HEAD /v1/AUTH_b98e7fab5a2447bb8854015a5f24d8d7%3Fformat%3Djson HTTP/1.0 204 - Swift - - - - tx4f56eb45a0464322b0a84-0069bafb0f - 0.0095 RL - 1773861647.324490547 1773861647.334002256 -
Mar 18 19:20:47 standalone container-server[127162]: 172.20.0.100 - - [18/Mar/2026:19:20:47 +0000] "HEAD /d1/548/AUTH_b98e7fab5a2447bb8854015a5f24d8d7/gnocchi.a1483707-c5b5-4b25-8661-b158f7507f1b" 404 - "HEAD http://172.18.0.2:8080/v1/AUTH_b98e7fab5a2447bb8854015a5f24d8d7/gnocchi.a1483707-c5b5-4b25-8661-b158f7507f1b?format=json&states=listing" "tx4f56eb45a0464322b0a84-0069bafb0f" "proxy-server 20" 0.0008 "-" 21 0
Mar 18 19:20:47 standalone object-server[127362]: 172.20.0.100 - - [18/Mar/2026:19:20:47 +0000] "GET /d1/910/AUTH_b98e7fab5a2447bb8854015a5f24d8d7/gnocchi.a1483707-c5b5-4b25-8661-b158f7507f1b/none_v3" 404 70 "GET http://172.18.0.2:8080/v1/AUTH_b98e7fab5a2447bb8854015a5f24d8d7/gnocchi.a1483707-c5b5-4b25-8661-b158f7507f1b/none_v3" "tx4f56eb45a0464322b0a84-0069bafb0f" "proxy-server 20" 0.0007 "-" 22 0
Mar 18 19:20:47 standalone proxy-server[129214]: 172.18.0.2 172.18.0.100 18/Mar/2026/19/20/47 GET /v1/AUTH_b98e7fab5a2447bb8854015a5f24d8d7/gnocchi.a1483707-c5b5-4b25-8661-b158f7507f1b/none_v3 HTTP/1.0 404 - python-swiftclient-3.11.1 gAAAAABpuvrMnc-3... - 70 - tx4f56eb45a0464322b0a84-0069bafb0f - 0.0232 - - 1773861647.323522091 1773861647.346750021 0
Mar 18 19:20:47 standalone account-server[127152]: 172.20.0.100 - - [18/Mar/2026:19:20:47 +0000] "PUT /d1/46/AUTH_b98e7fab5a2447bb8854015a5f24d8d7/gnocchi.a1483707-c5b5-4b25-8661-b158f7507f1b" 201 - "PUT http://172.20.0.100:6001/d1/548/AUTH_b98e7fab5a2447bb8854015a5f24d8d7/gnocchi.a1483707-c5b5-4b25-8661-b158f7507f1b" "txad8dab97f8e84a7782dbd-0069bafb0f" "container-server 21" 0.0024 "-" 20 0
Mar 18 19:20:47 standalone container-server[127162]: 172.20.0.100 - - [18/Mar/2026:19:20:47 +0000] "PUT /d1/548/AUTH_b98e7fab5a2447bb8854015a5f24d8d7/gnocchi.a1483707-c5b5-4b25-8661-b158f7507f1b" 201 - "PUT http://172.18.0.2:8080/v1/AUTH_b98e7fab5a2447bb8854015a5f24d8d7/gnocchi.a1483707-c5b5-4b25-8661-b158f7507f1b" "txad8dab97f8e84a7782dbd-0069bafb0f" "proxy-server 20" 0.0147 "-" 21 0
Mar 18 19:20:47 standalone proxy-server[129214]: 172.18.0.2 172.18.0.100 18/Mar/2026/19/20/47 PUT /v1/AUTH_b98e7fab5a2447bb8854015a5f24d8d7/gnocchi.a1483707-c5b5-4b25-8661-b158f7507f1b HTTP/1.0 201 - python-swiftclient-3.11.1 gAAAAABpuvrMnc-3... - - - txad8dab97f8e84a7782dbd-0069bafb0f - 0.0208 - - 1773861647.349656582 1773861647.370441198 0
Mar 18 19:20:47 standalone container-server[127163]: 172.20.0.100 - - [18/Mar/2026:19:20:47 +0000] "HEAD /d1/548/AUTH_b98e7fab5a2447bb8854015a5f24d8d7/gnocchi.a1483707-c5b5-4b25-8661-b158f7507f1b" 204 - "HEAD http://172.18.0.2:8080/v1/AUTH_b98e7fab5a2447bb8854015a5f24d8d7/gnocchi.a1483707-c5b5-4b25-8661-b158f7507f1b?format=json&states=listing" "txd82606ab842b468b827d9-0069bafb0f" "proxy-server 20" 0.0026 "-" 22 0
Mar 18 19:20:47 standalone proxy-server[129214]: - - 18/Mar/2026/19/20/47 HEAD /v1/AUTH_b98e7fab5a2447bb8854015a5f24d8d7/gnocchi.a1483707-c5b5-4b25-8661-b158f7507f1b%3Fformat%3Djson%26states%3Dlisting HTTP/1.0 204 - Swift - - - - txd82606ab842b468b827d9-0069bafb0f - 0.0067 RL - 1773861647.377487898 1773861647.384196281 0
Mar 18 19:20:47 standalone container-server[127159]: 172.20.0.100 - - [18/Mar/2026:19:20:47 +0000] "GET /d1/548/AUTH_b98e7fab5a2447bb8854015a5f24d8d7/gnocchi.a1483707-c5b5-4b25-8661-b158f7507f1b" 200 2 "GET http://172.18.0.2:8080/v1/AUTH_b98e7fab5a2447bb8854015a5f24d8d7/gnocchi.a1483707-c5b5-4b25-8661-b158f7507f1b?format=json&states=listing" "txd82606ab842b468b827d9-0069bafb0f" "proxy-server 20" 0.0026 "-" 20 0
Mar 18 19:20:47 standalone proxy-server[129214]: 172.18.0.2 172.18.0.100 18/Mar/2026/19/20/47 GET /v1/AUTH_b98e7fab5a2447bb8854015a5f24d8d7/gnocchi.a1483707-c5b5-4b25-8661-b158f7507f1b%3Fformat%3Djson%26states%3Dlisting HTTP/1.0 200 - python-swiftclient-3.11.1 gAAAAABpuvrMnc-3... - 2 - txd82606ab842b468b827d9-0069bafb0f - 0.0231 - - 1773861647.375481367 1773861647.398628950 0
Mar 18 19:20:47 standalone object-server[127366]: 172.20.0.100 - - [18/Mar/2026:19:20:47 +0000] "GET /d1/945/AUTH_b98e7fab5a2447bb8854015a5f24d8d7/gnocchi.a1483707-c5b5-4b25-8661-b158f7507f1b/1773360000.0_mean_300.0_v3" 404 70 "GET http://172.18.0.2:8080/v1/AUTH_b98e7fab5a2447bb8854015a5f24d8d7/gnocchi.a1483707-c5b5-4b25-8661-b158f7507f1b/1773360000.0_mean_300.0_v3" "txbe434be9689544e9ac733-0069bafb0f" "proxy-server 20" 0.0003 "-" 25 0
Mar 18 19:20:47 standalone proxy-server[129214]: 172.18.0.2 172.18.0.100 18/Mar/2026/19/20/47 GET /v1/AUTH_b98e7fab5a2447bb8854015a5f24d8d7/gnocchi.a1483707-c5b5-4b25-8661-b158f7507f1b/1773360000.0_mean_300.0_v3 HTTP/1.0 404 - python-swiftclient-3.11.1 gAAAAABpuvrMnc-3... - 70 - txbe434be9689544e9ac733-0069bafb0f - 0.0070 - - 1773861647.403304338 1773861647.410281897 0
Mar 18 19:20:47 standalone container-server[127163]: 172.20.0.100 - - [18/Mar/2026:19:20:47 +0000] "PUT /d1/548/AUTH_b98e7fab5a2447bb8854015a5f24d8d7/gnocchi.a1483707-c5b5-4b25-8661-b158f7507f1b/1773360000.0_mean_300.0_v3" 201 - "PUT http://172.18.0.2:8080/d1/945/AUTH_b98e7fab5a2447bb8854015a5f24d8d7/gnocchi.a1483707-c5b5-4b25-8661-b158f7507f1b/1773360000.0_mean_300.0_v3" "tx94d4679349ce4ae083a17-0069bafb0f" "object-server 22" 0.0008 "-" 22 0
Mar 18 19:20:47 standalone object-server[127362]: 172.20.0.100 - - [18/Mar/2026:19:20:47 +0000] "PUT /d1/945/AUTH_b98e7fab5a2447bb8854015a5f24d8d7/gnocchi.a1483707-c5b5-4b25-8661-b158f7507f1b/1773360000.0_mean_300.0_v3" 201 - "PUT http://172.18.0.2:8080/v1/AUTH_b98e7fab5a2447bb8854015a5f24d8d7/gnocchi.a1483707-c5b5-4b25-8661-b158f7507f1b/1773360000.0_mean_300.0_v3" "tx94d4679349ce4ae083a17-0069bafb0f" "proxy-server 20" 0.0099 "-" 22 0
Mar 18 19:20:47 standalone proxy-server[129214]: 172.18.0.2 172.18.0.100 18/Mar/2026/19/20/47 PUT /v1/AUTH_b98e7fab5a2447bb8854015a5f24d8d7/gnocchi.a1483707-c5b5-4b25-8661-b158f7507f1b/1773360000.0_mean_300.0_v3 HTTP/1.0 201 - python-swiftclient-3.11.1 gAAAAABpuvrMnc-3... 16 - - tx94d4679349ce4ae083a17-0069bafb0f - 0.0157 - - 1773861647.412575722 1773861647.428283215 0
Mar 18 19:20:47 standalone container-server[127163]: 172.20.0.100 - - [18/Mar/2026:19:20:47 +0000] "PUT /d1/548/AUTH_b98e7fab5a2447bb8854015a5f24d8d7/gnocchi.a1483707-c5b5-4b25-8661-b158f7507f1b/none_v3" 201 - "PUT http://172.18.0.2:8080/d1/910/AUTH_b98e7fab5a2447bb8854015a5f24d8d7/gnocchi.a1483707-c5b5-4b25-8661-b158f7507f1b/none_v3" "tx10fb591b23cc4ce89b96a-0069bafb0f" "object-server 22" 0.0007 "-" 22 0
Mar 18 19:20:47 standalone object-server[127362]: 172.20.0.100 - - [18/Mar/2026:19:20:47 +0000] "PUT /d1/910/AUTH_b98e7fab5a2447bb8854015a5f24d8d7/gnocchi.a1483707-c5b5-4b25-8661-b158f7507f1b/none_v3" 201 - "PUT http://172.18.0.2:8080/v1/AUTH_b98e7fab5a2447bb8854015a5f24d8d7/gnocchi.a1483707-c5b5-4b25-8661-b158f7507f1b/none_v3" "tx10fb591b23cc4ce89b96a-0069bafb0f" "proxy-server 20" 0.0117 "-" 22 0
Mar 18 19:20:47 standalone proxy-server[129214]: 172.18.0.2 172.18.0.100 18/Mar/2026/19/20/47 PUT /v1/AUTH_b98e7fab5a2447bb8854015a5f24d8d7/gnocchi.a1483707-c5b5-4b25-8661-b158f7507f1b/none_v3 HTTP/1.0 201 - python-swiftclient-3.11.1 gAAAAABpuvrMnc-3... 22 - - tx10fb591b23cc4ce89b96a-0069bafb0f - 0.0182 - - 1773861647.432782412 1773861647.450979471 0
Mar 18 19:20:47 standalone container-server[127159]: 172.20.0.100 - - [18/Mar/2026:19:20:47 +0000] "HEAD /d1/951/AUTH_b98e7fab5a2447bb8854015a5f24d8d7/gnocchi.a9868db7-31e9-4deb-a601-b12de17d6f9e" 404 - "HEAD http://172.18.0.2:8080/v1/AUTH_b98e7fab5a2447bb8854015a5f24d8d7/gnocchi.a9868db7-31e9-4deb-a601-b12de17d6f9e?format=json&states=listing" "txd75dab56c6a649b59f380-0069bafb0f" "proxy-server 20" 0.0004 "-" 20 0
Mar 18 19:20:47 standalone object-server[127364]: 172.20.0.100 - - [18/Mar/2026:19:20:47 +0000] "GET /d1/13/AUTH_b98e7fab5a2447bb8854015a5f24d8d7/gnocchi.a9868db7-31e9-4deb-a601-b12de17d6f9e/none_v3" 404 70 "GET http://172.18.0.2:8080/v1/AUTH_b98e7fab5a2447bb8854015a5f24d8d7/gnocchi.a9868db7-31e9-4deb-a601-b12de17d6f9e/none_v3" "txd75dab56c6a649b59f380-0069bafb0f" "proxy-server 20" 0.0003 "-" 24 0
Mar 18 19:20:47 standalone proxy-server[129214]: 172.18.0.2 172.18.0.100 18/Mar/2026/19/20/47 GET /v1/AUTH_b98e7fab5a2447bb8854015a5f24d8d7/gnocchi.a9868db7-31e9-4deb-a601-b12de17d6f9e/none_v3 HTTP/1.0 404 - python-swiftclient-3.11.1 gAAAAABpuvrMnc-3... - 70 - txd75dab56c6a649b59f380-0069bafb0f - 0.0126 - - 1773861647.469521046 1773861647.482159853 0
Mar 18 19:20:47 standalone account-server[127161]: 172.20.0.100 - - [18/Mar/2026:19:20:47 +0000] "PUT /d1/46/AUTH_b98e7fab5a2447bb8854015a5f24d8d7/gnocchi.a9868db7-31e9-4deb-a601-b12de17d6f9e" 201 - "PUT http://172.20.0.100:6001/d1/951/AUTH_b98e7fab5a2447bb8854015a5f24d8d7/gnocchi.a9868db7-31e9-4deb-a601-b12de17d6f9e" "tx38f8bb5d5c54466898f3e-0069bafb0f" "container-server 20" 0.0059 "-" 23 0
Mar 18 19:20:47 standalone container-server[127159]: 172.20.0.100 - - [18/Mar/2026:19:20:47 +0000] "PUT /d1/951/AUTH_b98e7fab5a2447bb8854015a5f24d8d7/gnocchi.a9868db7-31e9-4deb-a601-b12de17d6f9e" 201 - "PUT http://172.18.0.2:8080/v1/AUTH_b98e7fab5a2447bb8854015a5f24d8d7/gnocchi.a9868db7-31e9-4deb-a601-b12de17d6f9e" "tx38f8bb5d5c54466898f3e-0069bafb0f" "proxy-server 20" 0.0180 "-" 20 0
Mar 18 19:20:47 standalone proxy-server[129214]: 172.18.0.2 172.18.0.100 18/Mar/2026/19/20/47 PUT /v1/AUTH_b98e7fab5a2447bb8854015a5f24d8d7/gnocchi.a9868db7-31e9-4deb-a601-b12de17d6f9e HTTP/1.0 201 - python-swiftclient-3.11.1 gAAAAABpuvrMnc-3... - - - tx38f8bb5d5c54466898f3e-0069bafb0f - 0.0231 - - 1773861647.488098860 1773861647.511198521 0
Mar 18 19:20:47 standalone container-server[127167]: 172.20.0.100 - - [18/Mar/2026:19:20:47 +0000] "HEAD /d1/951/AUTH_b98e7fab5a2447bb8854015a5f24d8d7/gnocchi.a9868db7-31e9-4deb-a601-b12de17d6f9e" 204 - "HEAD http://172.18.0.2:8080/v1/AUTH_b98e7fab5a2447bb8854015a5f24d8d7/gnocchi.a9868db7-31e9-4deb-a601-b12de17d6f9e?format=json&states=listing" "tx7c452ced79a342298ad22-0069bafb0f" "proxy-server 20" 0.0024 "-" 23 0
Mar 18 19:20:47 standalone proxy-server[129214]: - - 18/Mar/2026/19/20/47 HEAD /v1/AUTH_b98e7fab5a2447bb8854015a5f24d8d7/gnocchi.a9868db7-31e9-4deb-a601-b12de17d6f9e%3Fformat%3Djson%26states%3Dlisting HTTP/1.0 204 - Swift - - - - tx7c452ced79a342298ad22-0069bafb0f - 0.0071 RL - 1773861647.515755177 1773861647.522903442 0
Mar 18 19:20:47 standalone container-server[127167]: 172.20.0.100 - - [18/Mar/2026:19:20:47 +0000] "GET /d1/951/AUTH_b98e7fab5a2447bb8854015a5f24d8d7/gnocchi.a9868db7-31e9-4deb-a601-b12de17d6f9e" 200 2 "GET http://172.18.0.2:8080/v1/AUTH_b98e7fab5a2447bb8854015a5f24d8d7/gnocchi.a9868db7-31e9-4deb-a601-b12de17d6f9e?format=json&states=listing" "tx7c452ced79a342298ad22-0069bafb0f" "proxy-server 20" 0.0048 "-" 23 0
Mar 18 19:20:47 standalone proxy-server[129214]: 172.18.0.2 172.18.0.100 18/Mar/2026/19/20/47 GET /v1/AUTH_b98e7fab5a2447bb8854015a5f24d8d7/gnocchi.a9868db7-31e9-4deb-a601-b12de17d6f9e%3Fformat%3Djson%26states%3Dlisting HTTP/1.0 200 - python-swiftclient-3.11.1 gAAAAABpuvrMnc-3... - 2 - tx7c452ced79a342298ad22-0069bafb0f - 0.0215 - - 1773861647.514415026 1773861647.535904169 0
Mar 18 19:20:47 standalone object-server[127362]: 172.20.0.100 - - [18/Mar/2026:19:20:47 +0000] "GET /d1/455/AUTH_b98e7fab5a2447bb8854015a5f24d8d7/gnocchi.a9868db7-31e9-4deb-a601-b12de17d6f9e/1773360000.0_mean_300.0_v3" 404 70 "GET http://172.18.0.2:8080/v1/AUTH_b98e7fab5a2447bb8854015a5f24d8d7/gnocchi.a9868db7-31e9-4deb-a601-b12de17d6f9e/1773360000.0_mean_300.0_v3" "tx65d097529fc8466c966ea-0069bafb0f" "proxy-server 20" 0.0005 "-" 22 0
Mar 18 19:20:47 standalone proxy-server[129214]: 172.18.0.2 172.18.0.100 18/Mar/2026/19/20/47 GET /v1/AUTH_b98e7fab5a2447bb8854015a5f24d8d7/gnocchi.a9868db7-31e9-4deb-a601-b12de17d6f9e/1773360000.0_mean_300.0_v3 HTTP/1.0 404 - python-swiftclient-3.11.1 gAAAAABpuvrMnc-3... - 70 - tx65d097529fc8466c966ea-0069bafb0f - 0.0093 - - 1773861647.539703846 1773861647.549045324 0
Mar 18 19:20:47 standalone container-server[127159]: 172.20.0.100 - - [18/Mar/2026:19:20:47 +0000] "PUT /d1/951/AUTH_b98e7fab5a2447bb8854015a5f24d8d7/gnocchi.a9868db7-31e9-4deb-a601-b12de17d6f9e/1773360000.0_mean_300.0_v3" 201 - "PUT http://172.18.0.2:8080/d1/455/AUTH_b98e7fab5a2447bb8854015a5f24d8d7/gnocchi.a9868db7-31e9-4deb-a601-b12de17d6f9e/1773360000.0_mean_300.0_v3" "tx11496d4434884360b3f25-0069bafb0f" "object-server 23" 0.0011 "-" 20 0
Mar 18 19:20:47 standalone object-server[127363]: 172.20.0.100 - - [18/Mar/2026:19:20:47 +0000] "PUT /d1/455/AUTH_b98e7fab5a2447bb8854015a5f24d8d7/gnocchi.a9868db7-31e9-4deb-a601-b12de17d6f9e/1773360000.0_mean_300.0_v3" 201 - "PUT http://172.18.0.2:8080/v1/AUTH_b98e7fab5a2447bb8854015a5f24d8d7/gnocchi.a9868db7-31e9-4deb-a601-b12de17d6f9e/1773360000.0_mean_300.0_v3" "tx11496d4434884360b3f25-0069bafb0f" "proxy-server 20" 0.0131 "-" 23 0
Mar 18 19:20:47 standalone proxy-server[129214]: 172.18.0.2 172.18.0.100 18/Mar/2026/19/20/47 PUT /v1/AUTH_b98e7fab5a2447bb8854015a5f24d8d7/gnocchi.a9868db7-31e9-4deb-a601-b12de17d6f9e/1773360000.0_mean_300.0_v3 HTTP/1.0 201 - python-swiftclient-3.11.1 gAAAAABpuvrMnc-3... 16 - - tx11496d4434884360b3f25-0069bafb0f - 0.0205 - - 1773861647.553148508 1773861647.573610306 0
Mar 18 19:20:47 standalone container-server[127159]: 172.20.0.100 - - [18/Mar/2026:19:20:47 +0000] "PUT /d1/951/AUTH_b98e7fab5a2447bb8854015a5f24d8d7/gnocchi.a9868db7-31e9-4deb-a601-b12de17d6f9e/none_v3" 201 - "PUT http://172.18.0.2:8080/d1/13/AUTH_b98e7fab5a2447bb8854015a5f24d8d7/gnocchi.a9868db7-31e9-4deb-a601-b12de17d6f9e/none_v3" "tx5ffe1508b97b4d4bae078-0069bafb0f" "object-server 24" 0.0006 "-" 20 0
Mar 18 19:20:47 standalone object-server[127364]: 172.20.0.100 - - [18/Mar/2026:19:20:47 +0000] "PUT /d1/13/AUTH_b98e7fab5a2447bb8854015a5f24d8d7/gnocchi.a9868db7-31e9-4deb-a601-b12de17d6f9e/none_v3" 201 - "PUT http://172.18.0.2:8080/v1/AUTH_b98e7fab5a2447bb8854015a5f24d8d7/gnocchi.a9868db7-31e9-4deb-a601-b12de17d6f9e/none_v3" "tx5ffe1508b97b4d4bae078-0069bafb0f" "proxy-server 20" 0.0096 "-" 24 0
Mar 18 19:20:47 standalone proxy-server[129214]: 172.18.0.2 172.18.0.100 18/Mar/2026/19/20/47 PUT /v1/AUTH_b98e7fab5a2447bb8854015a5f24d8d7/gnocchi.a9868db7-31e9-4deb-a601-b12de17d6f9e/none_v3 HTTP/1.0 201 - python-swiftclient-3.11.1 gAAAAABpuvrMnc-3... 22 - - tx5ffe1508b97b4d4bae078-0069bafb0f - 0.0157 - - 1773861647.578257322 1773861647.593974113 0
Mar 18 19:20:47 standalone container-server[127167]: 172.20.0.100 - - [18/Mar/2026:19:20:47 +0000] "HEAD /d1/457/AUTH_b98e7fab5a2447bb8854015a5f24d8d7/gnocchi.3ff513da-b383-408b-8ff4-112f752fe535" 404 - "HEAD http://172.18.0.2:8080/v1/AUTH_b98e7fab5a2447bb8854015a5f24d8d7/gnocchi.3ff513da-b383-408b-8ff4-112f752fe535?format=json&states=listing" "txfc0f56c065c64b58a8a25-0069bafb0f" "proxy-server 20" 0.0010 "-" 23 0
Mar 18 19:20:47 standalone object-server[127366]: 172.20.0.100 - - [18/Mar/2026:19:20:47 +0000] "GET /d1/752/AUTH_b98e7fab5a2447bb8854015a5f24d8d7/gnocchi.3ff513da-b383-408b-8ff4-112f752fe535/none_v3" 404 70 "GET http://172.18.0.2:8080/v1/AUTH_b98e7fab5a2447bb8854015a5f24d8d7/gnocchi.3ff513da-b383-408b-8ff4-112f752fe535/none_v3" "txfc0f56c065c64b58a8a25-0069bafb0f" "proxy-server 20" 0.0005 "-" 25 0
Mar 18 19:20:47 standalone proxy-server[129214]: 172.18.0.2 172.18.0.100 18/Mar/2026/19/20/47 GET /v1/AUTH_b98e7fab5a2447bb8854015a5f24d8d7/gnocchi.3ff513da-b383-408b-8ff4-112f752fe535/none_v3 HTTP/1.0 404 - python-swiftclient-3.11.1 gAAAAABpuvrMnc-3... - 70 - txfc0f56c065c64b58a8a25-0069bafb0f - 0.0166 - - 1773861647.673429489 1773861647.690012693 0
Mar 18 19:20:47 standalone account-server[127161]: 172.20.0.100 - - [18/Mar/2026:19:20:47 +0000] "PUT /d1/46/AUTH_b98e7fab5a2447bb8854015a5f24d8d7/gnocchi.3ff513da-b383-408b-8ff4-112f752fe535" 201 - "PUT http://172.20.0.100:6001/d1/457/AUTH_b98e7fab5a2447bb8854015a5f24d8d7/gnocchi.3ff513da-b383-408b-8ff4-112f752fe535" "txd5eda1bca5064c4784b00-0069bafb0f" "container-server 20" 0.0047 "-" 23 0
Mar 18 19:20:47 standalone container-server[127159]: 172.20.0.100 - - [18/Mar/2026:19:20:47 +0000] "PUT /d1/457/AUTH_b98e7fab5a2447bb8854015a5f24d8d7/gnocchi.3ff513da-b383-408b-8ff4-112f752fe535" 201 - "PUT http://172.18.0.2:8080/v1/AUTH_b98e7fab5a2447bb8854015a5f24d8d7/gnocchi.3ff513da-b383-408b-8ff4-112f752fe535" "txd5eda1bca5064c4784b00-0069bafb0f" "proxy-server 20" 0.0250 "-" 20 0
Mar 18 19:20:47 standalone proxy-server[129214]: 172.18.0.2 172.18.0.100 18/Mar/2026/19/20/47 PUT /v1/AUTH_b98e7fab5a2447bb8854015a5f24d8d7/gnocchi.3ff513da-b383-408b-8ff4-112f752fe535 HTTP/1.0 201 - python-swiftclient-3.11.1 gAAAAABpuvrMnc-3... - - - txd5eda1bca5064c4784b00-0069bafb0f - 0.0353 - - 1773861647.695275307 1773861647.730622053 0
Mar 18 19:20:47 standalone container-server[127162]: 172.20.0.100 - - [18/Mar/2026:19:20:47 +0000] "HEAD /d1/457/AUTH_b98e7fab5a2447bb8854015a5f24d8d7/gnocchi.3ff513da-b383-408b-8ff4-112f752fe535" 204 - "HEAD http://172.18.0.2:8080/v1/AUTH_b98e7fab5a2447bb8854015a5f24d8d7/gnocchi.3ff513da-b383-408b-8ff4-112f752fe535?format=json&states=listing" "tx67c29e2a5c384c308e730-0069bafb0f" "proxy-server 20" 0.0032 "-" 21 0
