Mar 18 19:22:44 standalone proxy-server[129214]: 172.18.0.2 172.18.0.100 18/Mar/2026/19/22/44 PUT /v1/AUTH_b98e7fab5a2447bb8854015a5f24d8d7/gnocchi.9d0d4edf-8899-4a63-b277-2fdcd6a249db/1773360000.0_mean_300.0_v3 HTTP/1.0 201 - python-swiftclient-3.11.1 gAAAAABpuvrMnc-3... 16 - - tx607634678d194c3fa989b-0069bafb84 - 0.0212 - - 1773861764.846581221 1773861764.867766619 0
Mar 18 19:22:44 standalone container-server[127162]: 172.20.0.100 - - [18/Mar/2026:19:22:44 +0000] "PUT /d1/379/AUTH_b98e7fab5a2447bb8854015a5f24d8d7/gnocchi.9d0d4edf-8899-4a63-b277-2fdcd6a249db/none_v3" 201 - "PUT http://172.18.0.2:8080/d1/833/AUTH_b98e7fab5a2447bb8854015a5f24d8d7/gnocchi.9d0d4edf-8899-4a63-b277-2fdcd6a249db/none_v3" "tx6629ab9c2a5349fbb5fe9-0069bafb84" "object-server 25" 0.0008 "-" 21 0
Mar 18 19:22:44 standalone object-server[127366]: 172.20.0.100 - - [18/Mar/2026:19:22:44 +0000] "PUT /d1/833/AUTH_b98e7fab5a2447bb8854015a5f24d8d7/gnocchi.9d0d4edf-8899-4a63-b277-2fdcd6a249db/none_v3" 201 - "PUT http://172.18.0.2:8080/v1/AUTH_b98e7fab5a2447bb8854015a5f24d8d7/gnocchi.9d0d4edf-8899-4a63-b277-2fdcd6a249db/none_v3" "tx6629ab9c2a5349fbb5fe9-0069bafb84" "proxy-server 20" 0.0116 "-" 25 0
Mar 18 19:22:44 standalone proxy-server[129214]: 172.18.0.2 172.18.0.100 18/Mar/2026/19/22/44 PUT /v1/AUTH_b98e7fab5a2447bb8854015a5f24d8d7/gnocchi.9d0d4edf-8899-4a63-b277-2fdcd6a249db/none_v3 HTTP/1.0 201 - python-swiftclient-3.11.1 gAAAAABpuvrMnc-3... 22 - - tx6629ab9c2a5349fbb5fe9-0069bafb84 - 0.0194 - - 1773861764.871432543 1773861764.890824080 0
Mar 18 19:22:44 standalone container-server[127159]: 172.20.0.100 - - [18/Mar/2026:19:22:44 +0000] "HEAD /d1/244/AUTH_b98e7fab5a2447bb8854015a5f24d8d7/gnocchi.09d3bd5e-a21e-489c-bcae-a4b64ef2e577" 404 - "HEAD http://172.18.0.2:8080/v1/AUTH_b98e7fab5a2447bb8854015a5f24d8d7/gnocchi.09d3bd5e-a21e-489c-bcae-a4b64ef2e577?format=json&states=listing" "txf5ce64ecde1c4ef590493-0069bafb84" "proxy-server 20" 0.0004 "-" 20 0
Mar 18 19:22:44 standalone object-server[127362]: 172.20.0.100 - - [18/Mar/2026:19:22:44 +0000] "GET /d1/836/AUTH_b98e7fab5a2447bb8854015a5f24d8d7/gnocchi.09d3bd5e-a21e-489c-bcae-a4b64ef2e577/none_v3" 404 70 "GET http://172.18.0.2:8080/v1/AUTH_b98e7fab5a2447bb8854015a5f24d8d7/gnocchi.09d3bd5e-a21e-489c-bcae-a4b64ef2e577/none_v3" "txf5ce64ecde1c4ef590493-0069bafb84" "proxy-server 20" 0.0006 "-" 22 0
Mar 18 19:22:44 standalone proxy-server[129214]: 172.18.0.2 172.18.0.100 18/Mar/2026/19/22/44 GET /v1/AUTH_b98e7fab5a2447bb8854015a5f24d8d7/gnocchi.09d3bd5e-a21e-489c-bcae-a4b64ef2e577/none_v3 HTTP/1.0 404 - python-swiftclient-3.11.1 gAAAAABpuvrMnc-3... - 70 - txf5ce64ecde1c4ef590493-0069bafb84 - 0.0142 - - 1773861764.903667212 1773861764.917885065 0
Mar 18 19:22:44 standalone account-server[127161]: 172.20.0.100 - - [18/Mar/2026:19:22:44 +0000] "PUT /d1/46/AUTH_b98e7fab5a2447bb8854015a5f24d8d7/gnocchi.09d3bd5e-a21e-489c-bcae-a4b64ef2e577" 201 - "PUT http://172.20.0.100:6001/d1/244/AUTH_b98e7fab5a2447bb8854015a5f24d8d7/gnocchi.09d3bd5e-a21e-489c-bcae-a4b64ef2e577" "tx63a10d97dda846f2b88c8-0069bafb84" "container-server 22" 0.0057 "-" 23 0
Mar 18 19:22:44 standalone container-server[127163]: 172.20.0.100 - - [18/Mar/2026:19:22:44 +0000] "PUT /d1/244/AUTH_b98e7fab5a2447bb8854015a5f24d8d7/gnocchi.09d3bd5e-a21e-489c-bcae-a4b64ef2e577" 201 - "PUT http://172.18.0.2:8080/v1/AUTH_b98e7fab5a2447bb8854015a5f24d8d7/gnocchi.09d3bd5e-a21e-489c-bcae-a4b64ef2e577" "tx63a10d97dda846f2b88c8-0069bafb84" "proxy-server 20" 0.0226 "-" 22 0
Mar 18 19:22:44 standalone proxy-server[129214]: 172.18.0.2 172.18.0.100 18/Mar/2026/19/22/44 PUT /v1/AUTH_b98e7fab5a2447bb8854015a5f24d8d7/gnocchi.09d3bd5e-a21e-489c-bcae-a4b64ef2e577 HTTP/1.0 201 - python-swiftclient-3.11.1 gAAAAABpuvrMnc-3... - - - tx63a10d97dda846f2b88c8-0069bafb84 - 0.0322 - - 1773861764.921595335 1773861764.953814983 0
Mar 18 19:22:44 standalone container-server[127159]: 172.20.0.100 - - [18/Mar/2026:19:22:44 +0000] "HEAD /d1/244/AUTH_b98e7fab5a2447bb8854015a5f24d8d7/gnocchi.09d3bd5e-a21e-489c-bcae-a4b64ef2e577" 204 - "HEAD http://172.18.0.2:8080/v1/AUTH_b98e7fab5a2447bb8854015a5f24d8d7/gnocchi.09d3bd5e-a21e-489c-bcae-a4b64ef2e577?format=json&states=listing" "tx944a8e61755b449f9e469-0069bafb84" "proxy-server 20" 0.0022 "-" 20 0
Mar 18 19:22:44 standalone proxy-server[129214]: - - 18/Mar/2026/19/22/44 HEAD /v1/AUTH_b98e7fab5a2447bb8854015a5f24d8d7/gnocchi.09d3bd5e-a21e-489c-bcae-a4b64ef2e577%3Fformat%3Djson%26states%3Dlisting HTTP/1.0 204 - Swift - - - - tx944a8e61755b449f9e469-0069bafb84 - 0.0074 RL - 1773861764.961451292 1773861764.968824387 0
Mar 18 19:22:44 standalone container-server[127167]: 172.20.0.100 - - [18/Mar/2026:19:22:44 +0000] "GET /d1/244/AUTH_b98e7fab5a2447bb8854015a5f24d8d7/gnocchi.09d3bd5e-a21e-489c-bcae-a4b64ef2e577" 200 2 "GET http://172.18.0.2:8080/v1/AUTH_b98e7fab5a2447bb8854015a5f24d8d7/gnocchi.09d3bd5e-a21e-489c-bcae-a4b64ef2e577?format=json&states=listing" "tx944a8e61755b449f9e469-0069bafb84" "proxy-server 20" 0.0037 "-" 23 0
Mar 18 19:22:44 standalone proxy-server[129214]: 172.18.0.2 172.18.0.100 18/Mar/2026/19/22/44 GET /v1/AUTH_b98e7fab5a2447bb8854015a5f24d8d7/gnocchi.09d3bd5e-a21e-489c-bcae-a4b64ef2e577%3Fformat%3Djson%26states%3Dlisting HTTP/1.0 200 - python-swiftclient-3.11.1 gAAAAABpuvrMnc-3... - 2 - tx944a8e61755b449f9e469-0069bafb84 - 0.0227 - - 1773861764.959518671 1773861764.982190847 0
Mar 18 19:22:44 standalone object-server[127366]: 172.20.0.100 - - [18/Mar/2026:19:22:44 +0000] "GET /d1/1012/AUTH_b98e7fab5a2447bb8854015a5f24d8d7/gnocchi.09d3bd5e-a21e-489c-bcae-a4b64ef2e577/1773360000.0_mean_300.0_v3" 404 70 "GET http://172.18.0.2:8080/v1/AUTH_b98e7fab5a2447bb8854015a5f24d8d7/gnocchi.09d3bd5e-a21e-489c-bcae-a4b64ef2e577/1773360000.0_mean_300.0_v3" "txd0157a926aad475ab42ec-0069bafb84" "proxy-server 20" 0.0006 "-" 25 0
Mar 18 19:22:44 standalone proxy-server[129214]: 172.18.0.2 172.18.0.100 18/Mar/2026/19/22/44 GET /v1/AUTH_b98e7fab5a2447bb8854015a5f24d8d7/gnocchi.09d3bd5e-a21e-489c-bcae-a4b64ef2e577/1773360000.0_mean_300.0_v3 HTTP/1.0 404 - python-swiftclient-3.11.1 gAAAAABpuvrMnc-3... - 70 - txd0157a926aad475ab42ec-0069bafb84 - 0.0083 - - 1773861764.987160206 1773861764.995468855 0
Mar 18 19:22:45 standalone container-server[127159]: 172.20.0.100 - - [18/Mar/2026:19:22:45 +0000] "PUT /d1/244/AUTH_b98e7fab5a2447bb8854015a5f24d8d7/gnocchi.09d3bd5e-a21e-489c-bcae-a4b64ef2e577/1773360000.0_mean_300.0_v3" 201 - "PUT http://172.18.0.2:8080/d1/1012/AUTH_b98e7fab5a2447bb8854015a5f24d8d7/gnocchi.09d3bd5e-a21e-489c-bcae-a4b64ef2e577/1773360000.0_mean_300.0_v3" "tx761ebf3de1134344a5e09-0069bafb85" "object-server 24" 0.0009 "-" 20 0
Mar 18 19:22:45 standalone object-server[127364]: 172.20.0.100 - - [18/Mar/2026:19:22:45 +0000] "PUT /d1/1012/AUTH_b98e7fab5a2447bb8854015a5f24d8d7/gnocchi.09d3bd5e-a21e-489c-bcae-a4b64ef2e577/1773360000.0_mean_300.0_v3" 201 - "PUT http://172.18.0.2:8080/v1/AUTH_b98e7fab5a2447bb8854015a5f24d8d7/gnocchi.09d3bd5e-a21e-489c-bcae-a4b64ef2e577/1773360000.0_mean_300.0_v3" "tx761ebf3de1134344a5e09-0069bafb85" "proxy-server 20" 0.0113 "-" 24 0
Mar 18 19:22:45 standalone proxy-server[129214]: 172.18.0.2 172.18.0.100 18/Mar/2026/19/22/45 PUT /v1/AUTH_b98e7fab5a2447bb8854015a5f24d8d7/gnocchi.09d3bd5e-a21e-489c-bcae-a4b64ef2e577/1773360000.0_mean_300.0_v3 HTTP/1.0 201 - python-swiftclient-3.11.1 gAAAAABpuvrMnc-3... 16 - - tx761ebf3de1134344a5e09-0069bafb85 - 0.0194 - - 1773861765.000422716 1773861765.019777060 0
Mar 18 19:22:45 standalone container-server[127163]: 172.20.0.100 - - [18/Mar/2026:19:22:45 +0000] "PUT /d1/244/AUTH_b98e7fab5a2447bb8854015a5f24d8d7/gnocchi.09d3bd5e-a21e-489c-bcae-a4b64ef2e577/none_v3" 201 - "PUT http://172.18.0.2:8080/d1/836/AUTH_b98e7fab5a2447bb8854015a5f24d8d7/gnocchi.09d3bd5e-a21e-489c-bcae-a4b64ef2e577/none_v3" "tx1964fd0e7cd14eb1bf024-0069bafb85" "object-server 24" 0.0008 "-" 22 0
Mar 18 19:22:45 standalone object-server[127364]: 172.20.0.100 - - [18/Mar/2026:19:22:45 +0000] "PUT /d1/836/AUTH_b98e7fab5a2447bb8854015a5f24d8d7/gnocchi.09d3bd5e-a21e-489c-bcae-a4b64ef2e577/none_v3" 201 - "PUT http://172.18.0.2:8080/v1/AUTH_b98e7fab5a2447bb8854015a5f24d8d7/gnocchi.09d3bd5e-a21e-489c-bcae-a4b64ef2e577/none_v3" "tx1964fd0e7cd14eb1bf024-0069bafb85" "proxy-server 20" 0.0116 "-" 24 0
Mar 18 19:22:45 standalone proxy-server[129214]: 172.18.0.2 172.18.0.100 18/Mar/2026/19/22/45 PUT /v1/AUTH_b98e7fab5a2447bb8854015a5f24d8d7/gnocchi.09d3bd5e-a21e-489c-bcae-a4b64ef2e577/none_v3 HTTP/1.0 201 - python-swiftclient-3.11.1 gAAAAABpuvrMnc-3... 22 - - tx1964fd0e7cd14eb1bf024-0069bafb85 - 0.0196 - - 1773861765.023449183 1773861765.043020487 0
Mar 18 19:22:45 standalone container-server[127167]: 172.20.0.100 - - [18/Mar/2026:19:22:45 +0000] "HEAD /d1/45/AUTH_b98e7fab5a2447bb8854015a5f24d8d7/gnocchi.910cc95d-d2e4-46b4-afae-204902279bdd" 404 - "HEAD http://172.18.0.2:8080/v1/AUTH_b98e7fab5a2447bb8854015a5f24d8d7/gnocchi.910cc95d-d2e4-46b4-afae-204902279bdd?format=json&states=listing" "tx60a785c803fb4a5fb7b02-0069bafb85" "proxy-server 20" 0.0006 "-" 23 0
Mar 18 19:22:45 standalone object-server[127362]: 172.20.0.100 - - [18/Mar/2026:19:22:45 +0000] "GET /d1/7/AUTH_b98e7fab5a2447bb8854015a5f24d8d7/gnocchi.910cc95d-d2e4-46b4-afae-204902279bdd/none_v3" 404 70 "GET http://172.18.0.2:8080/v1/AUTH_b98e7fab5a2447bb8854015a5f24d8d7/gnocchi.910cc95d-d2e4-46b4-afae-204902279bdd/none_v3" "tx60a785c803fb4a5fb7b02-0069bafb85" "proxy-server 20" 0.0005 "-" 22 0
Mar 18 19:22:45 standalone proxy-server[129214]: 172.18.0.2 172.18.0.100 18/Mar/2026/19/22/45 GET /v1/AUTH_b98e7fab5a2447bb8854015a5f24d8d7/gnocchi.910cc95d-d2e4-46b4-afae-204902279bdd/none_v3 HTTP/1.0 404 - python-swiftclient-3.11.1 gAAAAABpuvrMnc-3... - 70 - tx60a785c803fb4a5fb7b02-0069bafb85 - 0.0159 - - 1773861765.056548119 1773861765.072409391 0
Mar 18 19:22:45 standalone account-server[127152]: 172.20.0.100 - - [18/Mar/2026:19:22:45 +0000] "PUT /d1/46/AUTH_b98e7fab5a2447bb8854015a5f24d8d7/gnocchi.910cc95d-d2e4-46b4-afae-204902279bdd" 201 - "PUT http://172.20.0.100:6001/d1/45/AUTH_b98e7fab5a2447bb8854015a5f24d8d7/gnocchi.910cc95d-d2e4-46b4-afae-204902279bdd" "tx47bda81d555e4abea9176-0069bafb85" "container-server 23" 0.0057 "-" 20 0
Mar 18 19:22:45 standalone container-server[127167]: 172.20.0.100 - - [18/Mar/2026:19:22:45 +0000] "PUT /d1/45/AUTH_b98e7fab5a2447bb8854015a5f24d8d7/gnocchi.910cc95d-d2e4-46b4-afae-204902279bdd" 201 - "PUT http://172.18.0.2:8080/v1/AUTH_b98e7fab5a2447bb8854015a5f24d8d7/gnocchi.910cc95d-d2e4-46b4-afae-204902279bdd" "tx47bda81d555e4abea9176-0069bafb85" "proxy-server 20" 0.0198 "-" 23 0
Mar 18 19:22:45 standalone proxy-server[129214]: 172.18.0.2 172.18.0.100 18/Mar/2026/19/22/45 PUT /v1/AUTH_b98e7fab5a2447bb8854015a5f24d8d7/gnocchi.910cc95d-d2e4-46b4-afae-204902279bdd HTTP/1.0 201 - python-swiftclient-3.11.1 gAAAAABpuvrMnc-3... - - - tx47bda81d555e4abea9176-0069bafb85 - 0.0305 - - 1773861765.076556683 1773861765.107100248 0
Mar 18 19:22:45 standalone container-server[127167]: 172.20.0.100 - - [18/Mar/2026:19:22:45 +0000] "HEAD /d1/45/AUTH_b98e7fab5a2447bb8854015a5f24d8d7/gnocchi.910cc95d-d2e4-46b4-afae-204902279bdd" 204 - "HEAD http://172.18.0.2:8080/v1/AUTH_b98e7fab5a2447bb8854015a5f24d8d7/gnocchi.910cc95d-d2e4-46b4-afae-204902279bdd?format=json&states=listing" "txb35f4337d14e4f6f888a7-0069bafb85" "proxy-server 20" 0.0023 "-" 23 0
Mar 18 19:22:45 standalone proxy-server[129214]: - - 18/Mar/2026/19/22/45 HEAD /v1/AUTH_b98e7fab5a2447bb8854015a5f24d8d7/gnocchi.910cc95d-d2e4-46b4-afae-204902279bdd%3Fformat%3Djson%26states%3Dlisting HTTP/1.0 204 - Swift - - - - txb35f4337d14e4f6f888a7-0069bafb85 - 0.0077 RL - 1773861765.113999605 1773861765.121706009 0
Mar 18 19:22:45 standalone container-server[127162]: 172.20.0.100 - - [18/Mar/2026:19:22:45 +0000] "GET /d1/45/AUTH_b98e7fab5a2447bb8854015a5f24d8d7/gnocchi.910cc95d-d2e4-46b4-afae-204902279bdd" 200 2 "GET http://172.18.0.2:8080/v1/AUTH_b98e7fab5a2447bb8854015a5f24d8d7/gnocchi.910cc95d-d2e4-46b4-afae-204902279bdd?format=json&states=listing" "txb35f4337d14e4f6f888a7-0069bafb85" "proxy-server 20" 0.0040 "-" 21 0
Mar 18 19:22:45 standalone proxy-server[129214]: 172.18.0.2 172.18.0.100 18/Mar/2026/19/22/45 GET /v1/AUTH_b98e7fab5a2447bb8854015a5f24d8d7/gnocchi.910cc95d-d2e4-46b4-afae-204902279bdd%3Fformat%3Djson%26states%3Dlisting HTTP/1.0 200 - python-swiftclient-3.11.1 gAAAAABpuvrMnc-3... - 2 - txb35f4337d14e4f6f888a7-0069bafb85 - 0.0233 - - 1773861765.112076044 1773861765.135339260 0
Mar 18 19:22:45 standalone object-server[127363]: 172.20.0.100 - - [18/Mar/2026:19:22:45 +0000] "GET /d1/458/AUTH_b98e7fab5a2447bb8854015a5f24d8d7/gnocchi.910cc95d-d2e4-46b4-afae-204902279bdd/1773360000.0_mean_300.0_v3" 404 70 "GET http://172.18.0.2:8080/v1/AUTH_b98e7fab5a2447bb8854015a5f24d8d7/gnocchi.910cc95d-d2e4-46b4-afae-204902279bdd/1773360000.0_mean_300.0_v3" "tx35095b4c4c1644bf888a8-0069bafb85" "proxy-server 20" 0.0006 "-" 23 0
Mar 18 19:22:45 standalone proxy-server[129214]: 172.18.0.2 172.18.0.100 18/Mar/2026/19/22/45 GET /v1/AUTH_b98e7fab5a2447bb8854015a5f24d8d7/gnocchi.910cc95d-d2e4-46b4-afae-204902279bdd/1773360000.0_mean_300.0_v3 HTTP/1.0 404 - python-swiftclient-3.11.1 gAAAAABpuvrMnc-3... - 70 - tx35095b4c4c1644bf888a8-0069bafb85 - 0.0092 - - 1773861765.140454054 1773861765.149610519 0
Mar 18 19:22:45 standalone container-server[127159]: 172.20.0.100 - - [18/Mar/2026:19:22:45 +0000] "PUT /d1/45/AUTH_b98e7fab5a2447bb8854015a5f24d8d7/gnocchi.910cc95d-d2e4-46b4-afae-204902279bdd/1773360000.0_mean_300.0_v3" 201 - "PUT http://172.18.0.2:8080/d1/458/AUTH_b98e7fab5a2447bb8854015a5f24d8d7/gnocchi.910cc95d-d2e4-46b4-afae-204902279bdd/1773360000.0_mean_300.0_v3" "txf4913c68587847d5b06a2-0069bafb85" "object-server 24" 0.0008 "-" 20 0
Mar 18 19:22:45 standalone object-server[127364]: 172.20.0.100 - - [18/Mar/2026:19:22:45 +0000] "PUT /d1/458/AUTH_b98e7fab5a2447bb8854015a5f24d8d7/gnocchi.910cc95d-d2e4-46b4-afae-204902279bdd/1773360000.0_mean_300.0_v3" 201 - "PUT http://172.18.0.2:8080/v1/AUTH_b98e7fab5a2447bb8854015a5f24d8d7/gnocchi.910cc95d-d2e4-46b4-afae-204902279bdd/1773360000.0_mean_300.0_v3" "txf4913c68587847d5b06a2-0069bafb85" "proxy-server 20" 0.0116 "-" 24 0
Mar 18 19:22:45 standalone proxy-server[129214]: 172.18.0.2 172.18.0.100 18/Mar/2026/19/22/45 PUT /v1/AUTH_b98e7fab5a2447bb8854015a5f24d8d7/gnocchi.910cc95d-d2e4-46b4-afae-204902279bdd/1773360000.0_mean_300.0_v3 HTTP/1.0 201 - python-swiftclient-3.11.1 gAAAAABpuvrMnc-3... 16 - - txf4913c68587847d5b06a2-0069bafb85 - 0.0182 - - 1773861765.153342247 1773861765.171581745 0
Mar 18 19:22:45 standalone container-server[127163]: 172.20.0.100 - - [18/Mar/2026:19:22:45 +0000] "PUT /d1/45/AUTH_b98e7fab5a2447bb8854015a5f24d8d7/gnocchi.910cc95d-d2e4-46b4-afae-204902279bdd/none_v3" 201 - "PUT http://172.18.0.2:8080/d1/7/AUTH_b98e7fab5a2447bb8854015a5f24d8d7/gnocchi.910cc95d-d2e4-46b4-afae-204902279bdd/none_v3" "tx41015b33c522488d8c7a2-0069bafb85" "object-server 24" 0.0010 "-" 22 0
Mar 18 19:22:45 standalone object-server[127364]: 172.20.0.100 - - [18/Mar/2026:19:22:45 +0000] "PUT /d1/7/AUTH_b98e7fab5a2447bb8854015a5f24d8d7/gnocchi.910cc95d-d2e4-46b4-afae-204902279bdd/none_v3" 201 - "PUT http://172.18.0.2:8080/v1/AUTH_b98e7fab5a2447bb8854015a5f24d8d7/gnocchi.910cc95d-d2e4-46b4-afae-204902279bdd/none_v3" "tx41015b33c522488d8c7a2-0069bafb85" "proxy-server 20" 0.0100 "-" 24 0
Mar 18 19:22:45 standalone proxy-server[129214]: 172.18.0.2 172.18.0.100 18/Mar/2026/19/22/45 PUT /v1/AUTH_b98e7fab5a2447bb8854015a5f24d8d7/gnocchi.910cc95d-d2e4-46b4-afae-204902279bdd/none_v3 HTTP/1.0 201 - python-swiftclient-3.11.1 gAAAAABpuvrMnc-3... 22 - - tx41015b33c522488d8c7a2-0069bafb85 - 0.0157 - - 1773861765.174596071 1773861765.190341711 0
Mar 18 19:22:45 standalone container-server[127159]: 172.20.0.100 - - [18/Mar/2026:19:22:45 +0000] "HEAD /d1/632/AUTH_b98e7fab5a2447bb8854015a5f24d8d7/gnocchi.cd297a27-d1b9-4e83-9e68-b6687ad77a90" 404 - "HEAD http://172.18.0.2:8080/v1/AUTH_b98e7fab5a2447bb8854015a5f24d8d7/gnocchi.cd297a27-d1b9-4e83-9e68-b6687ad77a90?format=json&states=listing" "tx9bef42be5f7b4b8f89518-0069bafb85" "proxy-server 20" 0.0004 "-" 20 0
Mar 18 19:22:45 standalone object-server[127366]: 172.20.0.100 - - [18/Mar/2026:19:22:45 +0000] "GET /d1/435/AUTH_b98e7fab5a2447bb8854015a5f24d8d7/gnocchi.cd297a27-d1b9-4e83-9e68-b6687ad77a90/none_v3" 404 70 "GET http://172.18.0.2:8080/v1/AUTH_b98e7fab5a2447bb8854015a5f24d8d7/gnocchi.cd297a27-d1b9-4e83-9e68-b6687ad77a90/none_v3" "tx9bef42be5f7b4b8f89518-0069bafb85" "proxy-server 20" 0.0006 "-" 25 0
Mar 18 19:22:45 standalone proxy-server[129214]: 172.18.0.2 172.18.0.100 18/Mar/2026/19/22/45 GET /v1/AUTH_b98e7fab5a2447bb8854015a5f24d8d7/gnocchi.cd297a27-d1b9-4e83-9e68-b6687ad77a90/none_v3 HTTP/1.0 404 - python-swiftclient-3.11.1 gAAAAABpuvrMnc-3... - 70 - tx9bef42be5f7b4b8f89518-0069bafb85 - 0.0145 - - 1773861765.203792095 1773861765.218271971 0
Mar 18 19:22:45 standalone account-server[127152]: 172.20.0.100 - - [18/Mar/2026:19:22:45 +0000] "PUT /d1/46/AUTH_b98e7fab5a2447bb8854015a5f24d8d7/gnocchi.cd297a27-d1b9-4e83-9e68-b6687ad77a90" 201 - "PUT http://172.20.0.100:6001/d1/632/AUTH_b98e7fab5a2447bb8854015a5f24d8d7/gnocchi.cd297a27-d1b9-4e83-9e68-b6687ad77a90" "tx795f7f5fcee1401399bb5-0069bafb85" "container-server 21" 0.0051 "-" 20 0
Mar 18 19:22:45 standalone container-server[127162]: 172.20.0.100 - - [18/Mar/2026:19:22:45 +0000] "PUT /d1/632/AUTH_b98e7fab5a2447bb8854015a5f24d8d7/gnocchi.cd297a27-d1b9-4e83-9e68-b6687ad77a90" 201 - "PUT http://172.18.0.2:8080/v1/AUTH_b98e7fab5a2447bb8854015a5f24d8d7/gnocchi.cd297a27-d1b9-4e83-9e68-b6687ad77a90" "tx795f7f5fcee1401399bb5-0069bafb85" "proxy-server 20" 0.0163 "-" 21 0
Mar 18 19:22:45 standalone proxy-server[129214]: 172.18.0.2 172.18.0.100 18/Mar/2026/19/22/45 PUT /v1/AUTH_b98e7fab5a2447bb8854015a5f24d8d7/gnocchi.cd297a27-d1b9-4e83-9e68-b6687ad77a90 HTTP/1.0 201 - python-swiftclient-3.11.1 gAAAAABpuvrMnc-3... - - - tx795f7f5fcee1401399bb5-0069bafb85 - 0.0231 - - 1773861765.223050356 1773861765.246139288 0
Mar 18 19:22:45 standalone container-server[127163]: 172.20.0.100 - - [18/Mar/2026:19:22:45 +0000] "HEAD /d1/632/AUTH_b98e7fab5a2447bb8854015a5f24d8d7/gnocchi.cd297a27-d1b9-4e83-9e68-b6687ad77a90" 204 - "HEAD http://172.18.0.2:8080/v1/AUTH_b98e7fab5a2447bb8854015a5f24d8d7/gnocchi.cd297a27-d1b9-4e83-9e68-b6687ad77a90?format=json&states=listing" "tx6bd9a54a243b4c8489f11-0069bafb85" "proxy-server 20" 0.0023 "-" 22 0
Mar 18 19:22:45 standalone proxy-server[129214]: - - 18/Mar/2026/19/22/45 HEAD /v1/AUTH_b98e7fab5a2447bb8854015a5f24d8d7/gnocchi.cd297a27-d1b9-4e83-9e68-b6687ad77a90%3Fformat%3Djson%26states%3Dlisting HTTP/1.0 204 - Swift - - - - tx6bd9a54a243b4c8489f11-0069bafb85 - 0.0072 RL - 1773861765.251317501 1773861765.258490562 0
Mar 18 19:22:45 standalone container-server[127163]: 172.20.0.100 - - [18/Mar/2026:19:22:45 +0000] "GET /d1/632/AUTH_b98e7fab5a2447bb8854015a5f24d8d7/gnocchi.cd297a27-d1b9-4e83-9e68-b6687ad77a90" 200 2 "GET http://172.18.0.2:8080/v1/AUTH_b98e7fab5a2447bb8854015a5f24d8d7/gnocchi.cd297a27-d1b9-4e83-9e68-b6687ad77a90?format=json&states=listing" "tx6bd9a54a243b4c8489f11-0069bafb85" "proxy-server 20" 0.0034 "-" 22 0
Mar 18 19:22:45 standalone proxy-server[129214]: 172.18.0.2 172.18.0.100 18/Mar/2026/19/22/45 GET /v1/AUTH_b98e7fab5a2447bb8854015a5f24d8d7/gnocchi.cd297a27-d1b9-4e83-9e68-b6687ad77a90%3Fformat%3Djson%26states%3Dlisting HTTP/1.0 200 - python-swiftclient-3.11.1 gAAAAABpuvrMnc-3... - 2 - tx6bd9a54a243b4c8489f11-0069bafb85 - 0.0200 - - 1773861765.249860525 1773861765.269818783 0
Mar 18 19:22:45 standalone object-server[127363]: 172.20.0.100 - - [18/Mar/2026:19:22:45 +0000] "GET /d1/234/AUTH_b98e7fab5a2447bb8854015a5f24d8d7/gnocchi.cd297a27-d1b9-4e83-9e68-b6687ad77a90/1773360000.0_mean_300.0_v3" 404 70 "GET http://172.18.0.2:8080/v1/AUTH_b98e7fab5a2447bb8854015a5f24d8d7/gnocchi.cd297a27-d1b9-4e83-9e68-b6687ad77a90/1773360000.0_mean_300.0_v3" "txa54fc780ced4445c834d0-0069bafb85" "proxy-server 20" 0.0005 "-" 23 0
Mar 18 19:22:45 standalone proxy-server[129214]: 172.18.0.2 172.18.0.100 18/Mar/2026/19/22/45 GET /v1/AUTH_b98e7fab5a2447bb8854015a5f24d8d7/gnocchi.cd297a27-d1b9-4e83-9e68-b6687ad77a90/1773360000.0_mean_300.0_v3 HTTP/1.0 404 - python-swiftclient-3.11.1 gAAAAABpuvrMnc-3... - 70 - txa54fc780ced4445c834d0-0069bafb85 - 0.0075 - - 1773861765.273749828 1773861765.281291008 0
Mar 18 19:22:46 standalone container-server[127167]: 172.20.0.100 - - [18/Mar/2026:19:22:46 +0000] "PUT /d1/632/AUTH_b98e7fab5a2447bb8854015a5f24d8d7/gnocchi.cd297a27-d1b9-4e83-9e68-b6687ad77a90/1773360000.0_mean_300.0_v3" 201 - "PUT http://172.18.0.2:8080/d1/234/AUTH_b98e7fab5a2447bb8854015a5f24d8d7/gnocchi.cd297a27-d1b9-4e83-9e68-b6687ad77a90/1773360000.0_mean_300.0_v3" "txc7d8d1ca6b4b4253b9e36-0069bafb85" "object-server 25" 0.0014 "-" 23 0
Mar 18 19:22:46 standalone object-server[127366]: 172.20.0.100 - - [18/Mar/2026:19:22:46 +0000] "PUT /d1/234/AUTH_b98e7fab5a2447bb8854015a5f24d8d7/gnocchi.cd297a27-d1b9-4e83-9e68-b6687ad77a90/1773360000.0_mean_300.0_v3" 201 - "PUT http://172.18.0.2:8080/v1/AUTH_b98e7fab5a2447bb8854015a5f24d8d7/gnocchi.cd297a27-d1b9-4e83-9e68-b6687ad77a90/1773360000.0_mean_300.0_v3" "txc7d8d1ca6b4b4253b9e36-0069bafb85" "proxy-server 20" 0.7377 "-" 25 0
Mar 18 19:22:46 standalone proxy-server[129214]: 172.18.0.2 172.18.0.100 18/Mar/2026/19/22/46 PUT /v1/AUTH_b98e7fab5a2447bb8854015a5f24d8d7/gnocchi.cd297a27-d1b9-4e83-9e68-b6687ad77a90/1773360000.0_mean_300.0_v3 HTTP/1.0 201 - python-swiftclient-3.11.1 gAAAAABpuvrMnc-3... 16 - - txc7d8d1ca6b4b4253b9e36-0069bafb85 - 0.7487 - - 1773861765.283793211 1773861766.032506704 0
Mar 18 19:22:46 standalone container-server[127163]: 172.20.0.100 - - [18/Mar/2026:19:22:46 +0000] "PUT /d1/632/AUTH_b98e7fab5a2447bb8854015a5f24d8d7/gnocchi.cd297a27-d1b9-4e83-9e68-b6687ad77a90/none_v3" 201 - "PUT http://172.18.0.2:8080/d1/435/AUTH_b98e7fab5a2447bb8854015a5f24d8d7/gnocchi.cd297a27-d1b9-4e83-9e68-b6687ad77a90/none_v3" "tx1b859ba23a664aa088f24-0069bafb86" "object-server 24" 0.0007 "-" 22 0
Mar 18 19:22:46 standalone object-server[127364]: 172.20.0.100 - - [18/Mar/2026:19:22:46 +0000] "PUT /d1/435/AUTH_b98e7fab5a2447bb8854015a5f24d8d7/gnocchi.cd297a27-d1b9-4e83-9e68-b6687ad77a90/none_v3" 201 - "PUT http://172.18.0.2:8080/v1/AUTH_b98e7fab5a2447bb8854015a5f24d8d7/gnocchi.cd297a27-d1b9-4e83-9e68-b6687ad77a90/none_v3" "tx1b859ba23a664aa088f24-0069bafb86" "proxy-server 20" 0.0091 "-" 24 0
Mar 18 19:22:46 standalone proxy-server[129214]: 172.18.0.2 172.18.0.100 18/Mar/2026/19/22/46 PUT /v1/AUTH_b98e7fab5a2447bb8854015a5f24d8d7/gnocchi.cd297a27-d1b9-4e83-9e68-b6687ad77a90/none_v3 HTTP/1.0 201 - python-swiftclient-3.11.1 gAAAAABpuvrMnc-3... 22 - - tx1b859ba23a664aa088f24-0069bafb86 - 0.0180 - - 1773861766.037091017 1773861766.055068254 0
Mar 18 19:22:46 standalone container-server[127167]: 172.20.0.100 - - [18/Mar/2026:19:22:46 +0000] "HEAD /d1/1021/AUTH_b98e7fab5a2447bb8854015a5f24d8d7/gnocchi.41ca66ba-4f39-4699-aee8-7ceb94373666" 404 - "HEAD http://172.18.0.2:8080/v1/AUTH_b98e7fab5a2447bb8854015a5f24d8d7/gnocchi.41ca66ba-4f39-4699-aee8-7ceb94373666?format=json&states=listing" "txf68ad81e1edc4a5487803-0069bafb86" "proxy-server 20" 0.0003 "-" 23 0
Mar 18 19:22:46 standalone object-server[127363]: 172.20.0.100 - - [18/Mar/2026:19:22:46 +0000] "GET /d1/26/AUTH_b98e7fab5a2447bb8854015a5f24d8d7/gnocchi.41ca66ba-4f39-4699-aee8-7ceb94373666/none_v3" 404 70 "GET http://172.18.0.2:8080/v1/AUTH_b98e7fab5a2447bb8854015a5f24d8d7/gnocchi.41ca66ba-4f39-4699-aee8-7ceb94373666/none_v3" "txf68ad81e1edc4a5487803-0069bafb86" "proxy-server 20" 0.0003 "-" 23 0
Mar 18 19:22:46 standalone proxy-server[129214]: 172.18.0.2 172.18.0.100 18/Mar/2026/19/22/46 GET /v1/AUTH_b98e7fab5a2447bb8854015a5f24d8d7/gnocchi.41ca66ba-4f39-4699-aee8-7ceb94373666/none_v3 HTTP/1.0 404 - python-swiftclient-3.11.1 gAAAAABpuvrMnc-3... - 70 - txf68ad81e1edc4a5487803-0069bafb86 - 0.0082 - - 1773861766.064360857 1773861766.072545052 0
Mar 18 19:22:46 standalone account-server[127158]: 172.20.0.100 - - [18/Mar/2026:19:22:46 +0000] "PUT /d1/46/AUTH_b98e7fab5a2447bb8854015a5f24d8d7/gnocchi.41ca66ba-4f39-4699-aee8-7ceb94373666" 201 - "PUT http://172.20.0.100:6001/d1/1021/AUTH_b98e7fab5a2447bb8854015a5f24d8d7/gnocchi.41ca66ba-4f39-4699-aee8-7ceb94373666" "tx2386153038b54d87aa457-0069bafb86" "container-server 20" 0.0052 "-" 22 0
Mar 18 19:22:46 standalone container-server[127159]: 172.20.0.100 - - [18/Mar/2026:19:22:46 +0000] "PUT /d1/1021/AUTH_b98e7fab5a2447bb8854015a5f24d8d7/gnocchi.41ca66ba-4f39-4699-aee8-7ceb94373666" 201 - "PUT http://172.18.0.2:8080/v1/AUTH_b98e7fab5a2447bb8854015a5f24d8d7/gnocchi.41ca66ba-4f39-4699-aee8-7ceb94373666" "tx2386153038b54d87aa457-0069bafb86" "proxy-server 20" 0.0156 "-" 20 0
Mar 18 19:22:46 standalone proxy-server[129214]: 172.18.0.2 172.18.0.100 18/Mar/2026/19/22/46 PUT /v1/AUTH_b98e7fab5a2447bb8854015a5f24d8d7/gnocchi.41ca66ba-4f39-4699-aee8-7ceb94373666 HTTP/1.0 201 - python-swiftclient-3.11.1 gAAAAABpuvrMnc-3... - - - tx2386153038b54d87aa457-0069bafb86 - 0.0198 - - 1773861766.075318813 1773861766.095161200 0
Mar 18 19:22:46 standalone container-server[127163]: 172.20.0.100 - - [18/Mar/2026:19:22:46 +0000] "HEAD /d1/1021/AUTH_b98e7fab5a2447bb8854015a5f24d8d7/gnocchi.41ca66ba-4f39-4699-aee8-7ceb94373666" 204 - "HEAD http://172.18.0.2:8080/v1/AUTH_b98e7fab5a2447bb8854015a5f24d8d7/gnocchi.41ca66ba-4f39-4699-aee8-7ceb94373666?format=json&states=listing" "tx8a258466e5464f8cb0276-0069bafb86" "proxy-server 20" 0.0027 "-" 22 0
Mar 18 19:22:46 standalone proxy-server[129214]: - - 18/Mar/2026/19/22/46 HEAD /v1/AUTH_b98e7fab5a2447bb8854015a5f24d8d7/gnocchi.41ca66ba-4f39-4699-aee8-7ceb94373666%3Fformat%3Djson%26states%3Dlisting HTTP/1.0 204 - Swift - - - - tx8a258466e5464f8cb0276-0069bafb86 - 0.0075 RL - 1773861766.098814011 1773861766.106352329 0
Mar 18 19:22:46 standalone container-server[127163]: 172.20.0.100 - - [18/Mar/2026:19:22:46 +0000] "GET /d1/1021/AUTH_b98e7fab5a2447bb8854015a5f24d8d7/gnocchi.41ca66ba-4f39-4699-aee8-7ceb94373666" 200 2 "GET http://172.18.0.2:8080/v1/AUTH_b98e7fab5a2447bb8854015a5f24d8d7/gnocchi.41ca66ba-4f39-4699-aee8-7ceb94373666?format=json&states=listing" "tx8a258466e5464f8cb0276-0069bafb86" "proxy-server 20" 0.0032 "-" 22 0
Mar 18 19:22:46 standalone proxy-server[129214]: 172.18.0.2 172.18.0.100 18/Mar/2026/19/22/46 GET /v1/AUTH_b98e7fab5a2447bb8854015a5f24d8d7/gnocchi.41ca66ba-4f39-4699-aee8-7ceb94373666%3Fformat%3Djson%26states%3Dlisting HTTP/1.0 200 - python-swiftclient-3.11.1 gAAAAABpuvrMnc-3... - 2 - tx8a258466e5464f8cb0276-0069bafb86 - 0.0175 - - 1773861766.097917795 1773861766.115371704 0
Mar 18 19:22:46 standalone object-server[127362]: 172.20.0.100 - - [18/Mar/2026:19:22:46 +0000] "GET /d1/285/AUTH_b98e7fab5a2447bb8854015a5f24d8d7/gnocchi.41ca66ba-4f39-4699-aee8-7ceb94373666/1773360000.0_mean_300.0_v3" 404 70 "GET http://172.18.0.2:8080/v1/AUTH_b98e7fab5a2447bb8854015a5f24d8d7/gnocchi.41ca66ba-4f39-4699-aee8-7ceb94373666/1773360000.0_mean_300.0_v3" "txd3ce02064a91449494f29-0069bafb86" "proxy-server 20" 0.0005 "-" 22 0
Mar 18 19:22:46 standalone proxy-server[129214]: 172.18.0.2 172.18.0.100 18/Mar/2026/19/22/46 GET /v1/AUTH_b98e7fab5a2447bb8854015a5f24d8d7/gnocchi.41ca66ba-4f39-4699-aee8-7ceb94373666/1773360000.0_mean_300.0_v3 HTTP/1.0 404 - python-swiftclient-3.11.1 gAAAAABpuvrMnc-3... - 70 - txd3ce02064a91449494f29-0069bafb86 - 0.0056 - - 1773861766.118388414 1773861766.123990536 0
Mar 18 19:22:46 standalone container-server[127159]: 172.20.0.100 - - [18/Mar/2026:19:22:46 +0000] "PUT /d1/1021/AUTH_b98e7fab5a2447bb8854015a5f24d8d7/gnocchi.41ca66ba-4f39-4699-aee8-7ceb94373666/1773360000.0_mean_300.0_v3" 201 - "PUT http://172.18.0.2:8080/d1/285/AUTH_b98e7fab5a2447bb8854015a5f24d8d7/gnocchi.41ca66ba-4f39-4699-aee8-7ceb94373666/1773360000.0_mean_300.0_v3" "txcf152716f4584ad782c6b-0069bafb86" "object-server 25" 0.0005 "-" 20 0
Mar 18 19:22:46 standalone object-server[127366]: 172.20.0.100 - - [18/Mar/2026:19:22:46 +0000] "PUT /d1/285/AUTH_b98e7fab5a2447bb8854015a5f24d8d7/gnocchi.41ca66ba-4f39-4699-aee8-7ceb94373666/1773360000.0_mean_300.0_v3" 201 - "PUT http://172.18.0.2:8080/v1/AUTH_b98e7fab5a2447bb8854015a5f24d8d7/gnocchi.41ca66ba-4f39-4699-aee8-7ceb94373666/1773360000.0_mean_300.0_v3" "txcf152716f4584ad782c6b-0069bafb86" "proxy-server 20" 0.0088 "-" 25 0
Mar 18 19:22:46 standalone proxy-server[129214]: 172.18.0.2 172.18.0.100 18/Mar/2026/19/22/46 PUT /v1/AUTH_b98e7fab5a2447bb8854015a5f24d8d7/gnocchi.41ca66ba-4f39-4699-aee8-7ceb94373666/1773360000.0_mean_300.0_v3 HTTP/1.0 201 - python-swiftclient-3.11.1 gAAAAABpuvrMnc-3... 16 - - txcf152716f4584ad782c6b-0069bafb86 - 0.0140 - - 1773861766.126458168 1773861766.140452862 0
Mar 18 19:22:46 standalone container-server[127167]: 172.20.0.100 - - [18/Mar/2026:19:22:46 +0000] "PUT /d1/1021/AUTH_b98e7fab5a2447bb8854015a5f24d8d7/gnocchi.41ca66ba-4f39-4699-aee8-7ceb94373666/none_v3" 201 - "PUT http://172.18.0.2:8080/d1/26/AUTH_b98e7fab5a2447bb8854015a5f24d8d7/gnocchi.41ca66ba-4f39-4699-aee8-7ceb94373666/none_v3" "tx773ed4b0299047638da46-0069bafb86" "object-server 23" 0.0010 "-" 23 0
Mar 18 19:22:46 standalone object-server[127363]: 172.20.0.100 - - [18/Mar/2026:19:22:46 +0000] "PUT /d1/26/AUTH_b98e7fab5a2447bb8854015a5f24d8d7/gnocchi.41ca66ba-4f39-4699-aee8-7ceb94373666/none_v3" 201 - "PUT http://172.18.0.2:8080/v1/AUTH_b98e7fab5a2447bb8854015a5f24d8d7/gnocchi.41ca66ba-4f39-4699-aee8-7ceb94373666/none_v3" "tx773ed4b0299047638da46-0069bafb86" "proxy-server 20" 0.0098 "-" 23 0
Mar 18 19:22:46 standalone proxy-server[129214]: 172.18.0.2 172.18.0.100 18/Mar/2026/19/22/46 PUT /v1/AUTH_b98e7fab5a2447bb8854015a5f24d8d7/gnocchi.41ca66ba-4f39-4699-aee8-7ceb94373666/none_v3 HTTP/1.0 201 - python-swiftclient-3.11.1 gAAAAABpuvrMnc-3... 22 - - tx773ed4b0299047638da46-0069bafb86 - 0.0147 - - 1773861766.142682791 1773861766.157342434 0
Mar 18 19:22:46 standalone container-server[127167]: 172.20.0.100 - - [18/Mar/2026:19:22:46 +0000] "HEAD /d1/434/AUTH_b98e7fab5a2447bb8854015a5f24d8d7/gnocchi.f6474ad9-1e16-466a-b8d4-d1c50a53691c" 404 - "HEAD http://172.18.0.2:8080/v1/AUTH_b98e7fab5a2447bb8854015a5f24d8d7/gnocchi.f6474ad9-1e16-466a-b8d4-d1c50a53691c?format=json&states=listing" "txfc684aa979a647e5a4dc9-0069bafb86" "proxy-server 20" 0.0005 "-" 23 0
Mar 18 19:22:46 standalone object-server[127363]: 172.20.0.100 - - [18/Mar/2026:19:22:46 +0000] "GET /d1/185/AUTH_b98e7fab5a2447bb8854015a5f24d8d7/gnocchi.f6474ad9-1e16-466a-b8d4-d1c50a53691c/none_v3" 404 70 "GET http://172.18.0.2:8080/v1/AUTH_b98e7fab5a2447bb8854015a5f24d8d7/gnocchi.f6474ad9-1e16-466a-b8d4-d1c50a53691c/none_v3" "txfc684aa979a647e5a4dc9-0069bafb86" "proxy-server 20" 0.0005 "-" 23 0
Mar 18 19:22:46 standalone proxy-server[129214]: 172.18.0.2 172.18.0.100 18/Mar/2026/19/22/46 GET /v1/AUTH_b98e7fab5a2447bb8854015a5f24d8d7/gnocchi.f6474ad9-1e16-466a-b8d4-d1c50a53691c/none_v3 HTTP/1.0 404 - python-swiftclient-3.11.1 gAAAAABpuvrMnc-3... - 70 - txfc684aa979a647e5a4dc9-0069bafb86 - 0.0151 - - 1773861766.171717167 1773861766.186811686 0
Mar 18 19:22:46 standalone account-server[127156]: 172.20.0.100 - - [18/Mar/2026:19:22:46 +0000] "PUT /d1/46/AUTH_b98e7fab5a2447bb8854015a5f24d8d7/gnocchi.f6474ad9-1e16-466a-b8d4-d1c50a53691c" 201 - "PUT http://172.20.0.100:6001/d1/434/AUTH_b98e7fab5a2447bb8854015a5f24d8d7/gnocchi.f6474ad9-1e16-466a-b8d4-d1c50a53691c" "tx633a5d6bc65b4f3e925b3-0069bafb86" "container-server 21" 0.0046 "-" 21 0
Mar 18 19:22:46 standalone container-server[127162]: 172.20.0.100 - - [18/Mar/2026:19:22:46 +0000] "PUT /d1/434/AUTH_b98e7fab5a2447bb8854015a5f24d8d7/gnocchi.f6474ad9-1e16-466a-b8d4-d1c50a53691c" 201 - "PUT http://172.18.0.2:8080/v1/AUTH_b98e7fab5a2447bb8854015a5f24d8d7/gnocchi.f6474ad9-1e16-466a-b8d4-d1c50a53691c" "tx633a5d6bc65b4f3e925b3-0069bafb86" "proxy-server 20" 0.0168 "-" 21 0
Mar 18 19:22:46 standalone proxy-server[129214]: 172.18.0.2 172.18.0.100 18/Mar/2026/19/22/46 PUT /v1/AUTH_b98e7fab5a2447bb8854015a5f24d8d7/gnocchi.f6474ad9-1e16-466a-b8d4-d1c50a53691c HTTP/1.0 201 - python-swiftclient-3.11.1 gAAAAABpuvrMnc-3... - - - tx633a5d6bc65b4f3e925b3-0069bafb86 - 0.0264 - - 1773861766.190854549 1773861766.217248440 0
Mar 18 19:22:46 standalone container-server[127163]: 172.20.0.100 - - [18/Mar/2026:19:22:46 +0000] "HEAD /d1/434/AUTH_b98e7fab5a2447bb8854015a5f24d8d7/gnocchi.f6474ad9-1e16-466a-b8d4-d1c50a53691c" 204 - "HEAD http://172.18.0.2:8080/v1/AUTH_b98e7fab5a2447bb8854015a5f24d8d7/gnocchi.f6474ad9-1e16-466a-b8d4-d1c50a53691c?format=json&states=listing" "tx390cca5a8c424b43b3cf9-0069bafb86" "proxy-server 20" 0.0025 "-" 22 0
Mar 18 19:22:46 standalone proxy-server[129214]: - - 18/Mar/2026/19/22/46 HEAD /v1/AUTH_b98e7fab5a2447bb8854015a5f24d8d7/gnocchi.f6474ad9-1e16-466a-b8d4-d1c50a53691c%3Fformat%3Djson%26states%3Dlisting HTTP/1.0 204 - Swift - - - - tx390cca5a8c424b43b3cf9-0069bafb86 - 0.0098 RL - 1773861766.224635839 1773861766.234388590 0
Mar 18 19:22:46 standalone container-server[127163]: 172.20.0.100 - - [18/Mar/2026:19:22:46 +0000] "GET /d1/434/AUTH_b98e7fab5a2447bb8854015a5f24d8d7/gnocchi.f6474ad9-1e16-466a-b8d4-d1c50a53691c" 200 2 "GET http://172.18.0.2:8080/v1/AUTH_b98e7fab5a2447bb8854015a5f24d8d7/gnocchi.f6474ad9-1e16-466a-b8d4-d1c50a53691c?format=json&states=listing" "tx390cca5a8c424b43b3cf9-0069bafb86" "proxy-server 20" 0.0025 "-" 22 0
Mar 18 19:22:46 standalone proxy-server[129214]: 172.18.0.2 172.18.0.100 18/Mar/2026/19/22/46 GET /v1/AUTH_b98e7fab5a2447bb8854015a5f24d8d7/gnocchi.f6474ad9-1e16-466a-b8d4-d1c50a53691c%3Fformat%3Djson%26states%3Dlisting HTTP/1.0 200 - python-swiftclient-3.11.1 gAAAAABpuvrMnc-3... - 2 - tx390cca5a8c424b43b3cf9-0069bafb86 - 0.0245 - - 1773861766.222459316 1773861766.246985197 0
Mar 18 19:22:46 standalone object-server[127366]: 172.20.0.100 - - [18/Mar/2026:19:22:46 +0000] "GET /d1/1021/AUTH_b98e7fab5a2447bb8854015a5f24d8d7/gnocchi.f6474ad9-1e16-466a-b8d4-d1c50a53691c/1773360000.0_mean_300.0_v3" 404 70 "GET http://172.18.0.2:8080/v1/AUTH_b98e7fab5a2447bb8854015a5f24d8d7/gnocchi.f6474ad9-1e16-466a-b8d4-d1c50a53691c/1773360000.0_mean_300.0_v3" "tx49ef86b3e0e549cbb4b02-0069bafb86" "proxy-server 20" 0.0004 "-" 25 0
Mar 18 19:22:46 standalone proxy-server[129214]: 172.18.0.2 172.18.0.100 18/Mar/2026/19/22/46 GET /v1/AUTH_b98e7fab5a2447bb8854015a5f24d8d7/gnocchi.f6474ad9-1e16-466a-b8d4-d1c50a53691c/1773360000.0_mean_300.0_v3 HTTP/1.0 404 - python-swiftclient-3.11.1 gAAAAABpuvrMnc-3... - 70 - tx49ef86b3e0e549cbb4b02-0069bafb86 - 0.0073 - - 1773861766.251480818 1773861766.258747578 0
Mar 18 19:22:46 standalone container-server[127159]: 172.20.0.100 - - [18/Mar/2026:19:22:46 +0000] "PUT /d1/434/AUTH_b98e7fab5a2447bb8854015a5f24d8d7/gnocchi.f6474ad9-1e16-466a-b8d4-d1c50a53691c/1773360000.0_mean_300.0_v3" 201 - "PUT http://172.18.0.2:8080/d1/1021/AUTH_b98e7fab5a2447bb8854015a5f24d8d7/gnocchi.f6474ad9-1e16-466a-b8d4-d1c50a53691c/1773360000.0_mean_300.0_v3" "txd38b3990be7a45039b5de-0069bafb86" "object-server 22" 0.0007 "-" 20 0
Mar 18 19:22:46 standalone object-server[127362]: 172.20.0.100 - - [18/Mar/2026:19:22:46 +0000] "PUT /d1/1021/AUTH_b98e7fab5a2447bb8854015a5f24d8d7/gnocchi.f6474ad9-1e16-466a-b8d4-d1c50a53691c/1773360000.0_mean_300.0_v3" 201 - "PUT http://172.18.0.2:8080/v1/AUTH_b98e7fab5a2447bb8854015a5f24d8d7/gnocchi.f6474ad9-1e16-466a-b8d4-d1c50a53691c/1773360000.0_mean_300.0_v3" "txd38b3990be7a45039b5de-0069bafb86" "proxy-server 20" 0.0247 "-" 22 0
Mar 18 19:22:46 standalone proxy-server[129214]: 172.18.0.2 172.18.0.100 18/Mar/2026/19/22/46 PUT /v1/AUTH_b98e7fab5a2447bb8854015a5f24d8d7/gnocchi.f6474ad9-1e16-466a-b8d4-d1c50a53691c/1773360000.0_mean_300.0_v3 HTTP/1.0 201 - python-swiftclient-3.11.1 gAAAAABpuvrMnc-3... 16 - - txd38b3990be7a45039b5de-0069bafb86 - 0.0374 - - 1773861766.265887260 1773861766.303257227 0
Mar 18 19:22:46 standalone container-server[127159]: 172.20.0.100 - - [18/Mar/2026:19:22:46 +0000] "PUT /d1/434/AUTH_b98e7fab5a2447bb8854015a5f24d8d7/gnocchi.f6474ad9-1e16-466a-b8d4-d1c50a53691c/none_v3" 201 - "PUT http://172.18.0.2:8080/d1/185/AUTH_b98e7fab5a2447bb8854015a5f24d8d7/gnocchi.f6474ad9-1e16-466a-b8d4-d1c50a53691c/none_v3" "txec91bc8938c4474390c1a-0069bafb86" "object-server 24" 0.0006 "-" 20 0
Mar 18 19:22:46 standalone object-server[127364]: 172.20.0.100 - - [18/Mar/2026:19:22:46 +0000] "PUT /d1/185/AUTH_b98e7fab5a2447bb8854015a5f24d8d7/gnocchi.f6474ad9-1e16-466a-b8d4-d1c50a53691c/none_v3" 201 - "PUT http://172.18.0.2:8080/v1/AUTH_b98e7fab5a2447bb8854015a5f24d8d7/gnocchi.f6474ad9-1e16-466a-b8d4-d1c50a53691c/none_v3" "txec91bc8938c4474390c1a-0069bafb86" "proxy-server 20" 0.0181 "-" 24 0
Mar 18 19:22:46 standalone proxy-server[129214]: 172.18.0.2 172.18.0.100 18/Mar/2026/19/22/46 PUT /v1/AUTH_b98e7fab5a2447bb8854015a5f24d8d7/gnocchi.f6474ad9-1e16-466a-b8d4-d1c50a53691c/none_v3 HTTP/1.0 201 - python-swiftclient-3.11.1 gAAAAABpuvrMnc-3... 22 - - txec91bc8938c4474390c1a-0069bafb86 - 0.0282 - - 1773861766.308065891 1773861766.336289167 0
Mar 18 19:22:46 standalone container-server[127159]: 172.20.0.100 - - [18/Mar/2026:19:22:46 +0000] "HEAD /d1/741/AUTH_b98e7fab5a2447bb8854015a5f24d8d7/gnocchi.e2617c58-454c-4ae5-8bbd-47551c034592" 404 - "HEAD http://172.18.0.2:8080/v1/AUTH_b98e7fab5a2447bb8854015a5f24d8d7/gnocchi.e2617c58-454c-4ae5-8bbd-47551c034592?format=json&states=listing" "tx6a66982b791a45bcb471d-0069bafb86" "proxy-server 20" 0.0004 "-" 20 0
Mar 18 19:22:46 standalone object-server[127366]: 172.20.0.100 - - [18/Mar/2026:19:22:46 +0000] "GET /d1/452/AUTH_b98e7fab5a2447bb8854015a5f24d8d7/gnocchi.e2617c58-454c-4ae5-8bbd-47551c034592/none_v3" 404 70 "GET http://172.18.0.2:8080/v1/AUTH_b98e7fab5a2447bb8854015a5f24d8d7/gnocchi.e2617c58-454c-4ae5-8bbd-47551c034592/none_v3" "tx6a66982b791a45bcb471d-0069bafb86" "proxy-server 20" 0.0004 "-" 25 0
Mar 18 19:22:46 standalone proxy-server[129214]: 172.18.0.2 172.18.0.100 18/Mar/2026/19/22/46 GET /v1/AUTH_b98e7fab5a2447bb8854015a5f24d8d7/gnocchi.e2617c58-454c-4ae5-8bbd-47551c034592/none_v3 HTTP/1.0 404 - python-swiftclient-3.11.1 gAAAAABpuvrMnc-3... - 70 - tx6a66982b791a45bcb471d-0069bafb86 - 0.0137 - - 1773861766.354787350 1773861766.368450165 0
Mar 18 19:22:46 standalone account-server[127152]: 172.20.0.100 - - [18/Mar/2026:19:22:46 +0000] "PUT /d1/46/AUTH_b98e7fab5a2447bb8854015a5f24d8d7/gnocchi.e2617c58-454c-4ae5-8bbd-47551c034592" 201 - "PUT http://172.20.0.100:6001/d1/741/AUTH_b98e7fab5a2447bb8854015a5f24d8d7/gnocchi.e2617c58-454c-4ae5-8bbd-47551c034592" "tx4886bad8d81b439da4c0c-0069bafb86" "container-server 21" 0.0038 "-" 20 0
Mar 18 19:22:46 standalone container-server[127162]: 172.20.0.100 - - [18/Mar/2026:19:22:46 +0000] "PUT /d1/741/AUTH_b98e7fab5a2447bb8854015a5f24d8d7/gnocchi.e2617c58-454c-4ae5-8bbd-47551c034592" 201 - "PUT http://172.18.0.2:8080/v1/AUTH_b98e7fab5a2447bb8854015a5f24d8d7/gnocchi.e2617c58-454c-4ae5-8bbd-47551c034592" "tx4886bad8d81b439da4c0c-0069bafb86" "proxy-server 20" 0.0128 "-" 21 0
Mar 18 19:22:46 standalone proxy-server[129214]: 172.18.0.2 172.18.0.100 18/Mar/2026/19/22/46 PUT /v1/AUTH_b98e7fab5a2447bb8854015a5f24d8d7/gnocchi.e2617c58-454c-4ae5-8bbd-47551c034592 HTTP/1.0 201 - python-swiftclient-3.11.1 gAAAAABpuvrMnc-3... - - - tx4886bad8d81b439da4c0c-0069bafb86 - 0.0196 - - 1773861766.371720552 1773861766.391336918 0
Mar 18 19:22:46 standalone container-server[127159]: 172.20.0.100 - - [18/Mar/2026:19:22:46 +0000] "HEAD /d1/741/AUTH_b98e7fab5a2447bb8854015a5f24d8d7/gnocchi.e2617c58-454c-4ae5-8bbd-47551c034592" 204 - "HEAD http://172.18.0.2:8080/v1/AUTH_b98e7fab5a2447bb8854015a5f24d8d7/gnocchi.e2617c58-454c-4ae5-8bbd-47551c034592?format=json&states=listing" "tx3f6207584e3e4ac18dcbb-0069bafb86" "proxy-server 20" 0.0012 "-" 20 0
Mar 18 19:22:46 standalone proxy-server[129214]: - - 18/Mar/2026/19/22/46 HEAD /v1/AUTH_b98e7fab5a2447bb8854015a5f24d8d7/gnocchi.e2617c58-454c-4ae5-8bbd-47551c034592%3Fformat%3Djson%26states%3Dlisting HTTP/1.0 204 - Swift - - - - tx3f6207584e3e4ac18dcbb-0069bafb86 - 0.0052 RL - 1773861766.398035765 1773861766.403199911 0
Mar 18 19:22:46 standalone container-server[127159]: 172.20.0.100 - - [18/Mar/2026:19:22:46 +0000] "GET /d1/741/AUTH_b98e7fab5a2447bb8854015a5f24d8d7/gnocchi.e2617c58-454c-4ae5-8bbd-47551c034592" 200 2 "GET http://172.18.0.2:8080/v1/AUTH_b98e7fab5a2447bb8854015a5f24d8d7/gnocchi.e2617c58-454c-4ae5-8bbd-47551c034592?format=json&states=listing" "tx3f6207584e3e4ac18dcbb-0069bafb86" "proxy-server 20" 0.0013 "-" 20 0
Mar 18 19:22:46 standalone proxy-server[129214]: 172.18.0.2 172.18.0.100 18/Mar/2026/19/22/46 GET /v1/AUTH_b98e7fab5a2447bb8854015a5f24d8d7/gnocchi.e2617c58-454c-4ae5-8bbd-47551c034592%3Fformat%3Djson%26states%3Dlisting HTTP/1.0 200 - python-swiftclient-3.11.1 gAAAAABpuvrMnc-3... - 2 - tx3f6207584e3e4ac18dcbb-0069bafb86 - 0.0110 - - 1773861766.397220373 1773861766.408267260 0
Mar 18 19:22:46 standalone object-server[127364]: 172.20.0.100 - - [18/Mar/2026:19:22:46 +0000] "GET /d1/25/AUTH_b98e7fab5a2447bb8854015a5f24d8d7/gnocchi.e2617c58-454c-4ae5-8bbd-47551c034592/1773360000.0_mean_300.0_v3" 404 70 "GET http://172.18.0.2:8080/v1/AUTH_b98e7fab5a2447bb8854015a5f24d8d7/gnocchi.e2617c58-454c-4ae5-8bbd-47551c034592/1773360000.0_mean_300.0_v3" "tx88c74459c6594b62a23aa-0069bafb86" "proxy-server 20" 0.0003 "-" 24 0
Mar 18 19:22:46 standalone proxy-server[129214]: 172.18.0.2 172.18.0.100 18/Mar/2026/19/22/46 GET /v1/AUTH_b98e7fab5a2447bb8854015a5f24d8d7/gnocchi.e2617c58-454c-4ae5-8bbd-47551c034592/1773360000.0_mean_300.0_v3 HTTP/1.0 404 - python-swiftclient-3.11.1 gAAAAABpuvrMnc-3... - 70 - tx88c74459c6594b62a23aa-0069bafb86 - 0.0038 - - 1773861766.412619591 1773861766.416467428 0
Mar 18 19:22:46 standalone container-server[127162]: 172.20.0.100 - - [18/Mar/2026:19:22:46 +0000] "PUT /d1/741/AUTH_b98e7fab5a2447bb8854015a5f24d8d7/gnocchi.e2617c58-454c-4ae5-8bbd-47551c034592/1773360000.0_mean_300.0_v3" 201 - "PUT http://172.18.0.2:8080/d1/25/AUTH_b98e7fab5a2447bb8854015a5f24d8d7/gnocchi.e2617c58-454c-4ae5-8bbd-47551c034592/1773360000.0_mean_300.0_v3" "tx7b1254fbe91a43adaef19-0069bafb86" "object-server 24" 0.0005 "-" 21 0
Mar 18 19:22:46 standalone object-server[127364]: 172.20.0.100 - - [18/Mar/2026:19:22:46 +0000] "PUT /d1/25/AUTH_b98e7fab5a2447bb8854015a5f24d8d7/gnocchi.e2617c58-454c-4ae5-8bbd-47551c034592/1773360000.0_mean_300.0_v3" 201 - "PUT http://172.18.0.2:8080/v1/AUTH_b98e7fab5a2447bb8854015a5f24d8d7/gnocchi.e2617c58-454c-4ae5-8bbd-47551c034592/1773360000.0_mean_300.0_v3" "tx7b1254fbe91a43adaef19-0069bafb86" "proxy-server 20" 0.0133 "-" 24 0
Mar 18 19:22:46 standalone proxy-server[129214]: 172.18.0.2 172.18.0.100 18/Mar/2026/19/22/46 PUT /v1/AUTH_b98e7fab5a2447bb8854015a5f24d8d7/gnocchi.e2617c58-454c-4ae5-8bbd-47551c034592/1773360000.0_mean_300.0_v3 HTTP/1.0 201 - python-swiftclient-3.11.1 gAAAAABpuvrMnc-3... 16 - - tx7b1254fbe91a43adaef19-0069bafb86 - 0.0172 - - 1773861766.418766499 1773861766.435967922 0
Mar 18 19:22:46 standalone container-server[127167]: 172.20.0.100 - - [18/Mar/2026:19:22:46 +0000] "PUT /d1/741/AUTH_b98e7fab5a2447bb8854015a5f24d8d7/gnocchi.e2617c58-454c-4ae5-8bbd-47551c034592/none_v3" 201 - "PUT http://172.18.0.2:8080/d1/452/AUTH_b98e7fab5a2447bb8854015a5f24d8d7/gnocchi.e2617c58-454c-4ae5-8bbd-47551c034592/none_v3" "txd08de4c3d5f74041b364a-0069bafb86" "object-server 25" 0.0005 "-" 23 0
Mar 18 19:22:46 standalone object-server[127366]: 172.20.0.100 - - [18/Mar/2026:19:22:46 +0000] "PUT /d1/452/AUTH_b98e7fab5a2447bb8854015a5f24d8d7/gnocchi.e2617c58-454c-4ae5-8bbd-47551c034592/none_v3" 201 - "PUT http://172.18.0.2:8080/v1/AUTH_b98e7fab5a2447bb8854015a5f24d8d7/gnocchi.e2617c58-454c-4ae5-8bbd-47551c034592/none_v3" "txd08de4c3d5f74041b364a-0069bafb86" "proxy-server 20" 0.0089 "-" 25 0
Mar 18 19:22:46 standalone proxy-server[129214]: 172.18.0.2 172.18.0.100 18/Mar/2026/19/22/46 PUT /v1/AUTH_b98e7fab5a2447bb8854015a5f24d8d7/gnocchi.e2617c58-454c-4ae5-8bbd-47551c034592/none_v3 HTTP/1.0 201 - python-swiftclient-3.11.1 gAAAAABpuvrMnc-3... 22 - - txd08de4c3d5f74041b364a-0069bafb86 - 0.0136 - - 1773861766.439483166 1773861766.453126192 0
Mar 18 19:22:46 standalone container-server[127163]: 172.20.0.100 - - [18/Mar/2026:19:22:46 +0000] "HEAD /d1/773/AUTH_b98e7fab5a2447bb8854015a5f24d8d7/gnocchi.5d7dc941-7683-4ba5-bd10-224e0ef29fc5" 404 - "HEAD http://172.18.0.2:8080/v1/AUTH_b98e7fab5a2447bb8854015a5f24d8d7/gnocchi.5d7dc941-7683-4ba5-bd10-224e0ef29fc5?format=json&states=listing" "txf48d013e0fd24487869b0-0069bafb86" "proxy-server 20" 0.0004 "-" 22 0
Mar 18 19:22:46 standalone object-server[127362]: 172.20.0.100 - - [18/Mar/2026:19:22:46 +0000] "GET /d1/871/AUTH_b98e7fab5a2447bb8854015a5f24d8d7/gnocchi.5d7dc941-7683-4ba5-bd10-224e0ef29fc5/none_v3" 404 70 "GET http://172.18.0.2:8080/v1/AUTH_b98e7fab5a2447bb8854015a5f24d8d7/gnocchi.5d7dc941-7683-4ba5-bd10-224e0ef29fc5/none_v3" "txf48d013e0fd24487869b0-0069bafb86" "proxy-server 20" 0.0003 "-" 22 0
Mar 18 19:22:46 standalone proxy-server[129214]: 172.18.0.2 172.18.0.100 18/Mar/2026/19/22/46 GET /v1/AUTH_b98e7fab5a2447bb8854015a5f24d8d7/gnocchi.5d7dc941-7683-4ba5-bd10-224e0ef29fc5/none_v3 HTTP/1.0 404 - python-swiftclient-3.11.1 gAAAAABpuvrMnc-3... - 70 - txf48d013e0fd24487869b0-0069bafb86 - 0.0094 - - 1773861766.464912891 1773861766.474331379 0
Mar 18 19:22:46 standalone account-server[127158]: 172.20.0.100 - - [18/Mar/2026:19:22:46 +0000] "PUT /d1/46/AUTH_b98e7fab5a2447bb8854015a5f24d8d7/gnocchi.5d7dc941-7683-4ba5-bd10-224e0ef29fc5" 201 - "PUT http://172.20.0.100:6001/d1/773/AUTH_b98e7fab5a2447bb8854015a5f24d8d7/gnocchi.5d7dc941-7683-4ba5-bd10-224e0ef29fc5" "txe89710eb0e19406ea3fa9-0069bafb86" "container-server 23" 0.0036 "-" 22 0
Mar 18 19:22:46 standalone container-server[127167]: 172.20.0.100 - - [18/Mar/2026:19:22:46 +0000] "PUT /d1/773/AUTH_b98e7fab5a2447bb8854015a5f24d8d7/gnocchi.5d7dc941-7683-4ba5-bd10-224e0ef29fc5" 201 - "PUT http://172.18.0.2:8080/v1/AUTH_b98e7fab5a2447bb8854015a5f24d8d7/gnocchi.5d7dc941-7683-4ba5-bd10-224e0ef29fc5" "txe89710eb0e19406ea3fa9-0069bafb86" "proxy-server 20" 0.0121 "-" 23 0
Mar 18 19:22:46 standalone proxy-server[129214]: 172.18.0.2 172.18.0.100 18/Mar/2026/19/22/46 PUT /v1/AUTH_b98e7fab5a2447bb8854015a5f24d8d7/gnocchi.5d7dc941-7683-4ba5-bd10-224e0ef29fc5 HTTP/1.0 201 - python-swiftclient-3.11.1 gAAAAABpuvrMnc-3... - - - txe89710eb0e19406ea3fa9-0069bafb86 - 0.0183 - - 1773861766.480690002 1773861766.499007702 0
Mar 18 19:22:46 standalone container-server[127159]: 172.20.0.100 - - [18/Mar/2026:19:22:46 +0000] "HEAD /d1/773/AUTH_b98e7fab5a2447bb8854015a5f24d8d7/gnocchi.5d7dc941-7683-4ba5-bd10-224e0ef29fc5" 204 - "HEAD http://172.18.0.2:8080/v1/AUTH_b98e7fab5a2447bb8854015a5f24d8d7/gnocchi.5d7dc941-7683-4ba5-bd10-224e0ef29fc5?format=json&states=listing" "tx5647b68a829e45a0822c3-0069bafb86" "proxy-server 20" 0.0011 "-" 20 0
Mar 18 19:22:46 standalone proxy-server[129214]: - - 18/Mar/2026/19/22/46 HEAD /v1/AUTH_b98e7fab5a2447bb8854015a5f24d8d7/gnocchi.5d7dc941-7683-4ba5-bd10-224e0ef29fc5%3Fformat%3Djson%26states%3Dlisting HTTP/1.0 204 - Swift - - - - tx5647b68a829e45a0822c3-0069bafb86 - 0.0039 RL - 1773861766.505773783 1773861766.509694099 0
Mar 18 19:22:46 standalone container-server[127167]: 172.20.0.100 - - [18/Mar/2026:19:22:46 +0000] "GET /d1/773/AUTH_b98e7fab5a2447bb8854015a5f24d8d7/gnocchi.5d7dc941-7683-4ba5-bd10-224e0ef29fc5" 200 2 "GET http://172.18.0.2:8080/v1/AUTH_b98e7fab5a2447bb8854015a5f24d8d7/gnocchi.5d7dc941-7683-4ba5-bd10-224e0ef29fc5?format=json&states=listing" "tx5647b68a829e45a0822c3-0069bafb86" "proxy-server 20" 0.0018 "-" 23 0
Mar 18 19:22:46 standalone proxy-server[129214]: 172.18.0.2 172.18.0.100 18/Mar/2026/19/22/46 GET /v1/AUTH_b98e7fab5a2447bb8854015a5f24d8d7/gnocchi.5d7dc941-7683-4ba5-bd10-224e0ef29fc5%3Fformat%3Djson%26states%3Dlisting HTTP/1.0 200 - python-swiftclient-3.11.1 gAAAAABpuvrMnc-3... - 2 - tx5647b68a829e45a0822c3-0069bafb86 - 0.0124 - - 1773861766.504590034 1773861766.517024994 0
Mar 18 19:22:46 standalone object-server[127363]: 172.20.0.100 - - [18/Mar/2026:19:22:46 +0000] "GET /d1/584/AUTH_b98e7fab5a2447bb8854015a5f24d8d7/gnocchi.5d7dc941-7683-4ba5-bd10-224e0ef29fc5/1773360000.0_mean_300.0_v3" 404 70 "GET http://172.18.0.2:8080/v1/AUTH_b98e7fab5a2447bb8854015a5f24d8d7/gnocchi.5d7dc941-7683-4ba5-bd10-224e0ef29fc5/1773360000.0_mean_300.0_v3" "tx86caf58341d64fed8078c-0069bafb86" "proxy-server 20" 0.0003 "-" 23 0
Mar 18 19:22:46 standalone proxy-server[129214]: 172.18.0.2 172.18.0.100 18/Mar/2026/19/22/46 GET /v1/AUTH_b98e7fab5a2447bb8854015a5f24d8d7/gnocchi.5d7dc941-7683-4ba5-bd10-224e0ef29fc5/1773360000.0_mean_300.0_v3 HTTP/1.0 404 - python-swiftclient-3.11.1 gAAAAABpuvrMnc-3... - 70 - tx86caf58341d64fed8078c-0069bafb86 - 0.0045 - - 1773861766.519805431 1773861766.524274826 0
Mar 18 19:22:46 standalone container-server[127163]: 172.20.0.100 - - [18/Mar/2026:19:22:46 +0000] "PUT /d1/773/AUTH_b98e7fab5a2447bb8854015a5f24d8d7/gnocchi.5d7dc941-7683-4ba5-bd10-224e0ef29fc5/1773360000.0_mean_300.0_v3" 201 - "PUT http://172.18.0.2:8080/d1/584/AUTH_b98e7fab5a2447bb8854015a5f24d8d7/gnocchi.5d7dc941-7683-4ba5-bd10-224e0ef29fc5/1773360000.0_mean_300.0_v3" "tx6797aab07d9546fc990d0-0069bafb86" "object-server 22" 0.0005 "-" 22 0
Mar 18 19:22:46 standalone object-server[127362]: 172.20.0.100 - - [18/Mar/2026:19:22:46 +0000] "PUT /d1/584/AUTH_b98e7fab5a2447bb8854015a5f24d8d7/gnocchi.5d7dc941-7683-4ba5-bd10-224e0ef29fc5/1773360000.0_mean_300.0_v3" 201 - "PUT http://172.18.0.2:8080/v1/AUTH_b98e7fab5a2447bb8854015a5f24d8d7/gnocchi.5d7dc941-7683-4ba5-bd10-224e0ef29fc5/1773360000.0_mean_300.0_v3" "tx6797aab07d9546fc990d0-0069bafb86" "proxy-server 20" 0.0072 "-" 22 0
Mar 18 19:22:46 standalone proxy-server[129214]: 172.18.0.2 172.18.0.100 18/Mar/2026/19/22/46 PUT /v1/AUTH_b98e7fab5a2447bb8854015a5f24d8d7/gnocchi.5d7dc941-7683-4ba5-bd10-224e0ef29fc5/1773360000.0_mean_300.0_v3 HTTP/1.0 201 - python-swiftclient-3.11.1 gAAAAABpuvrMnc-3... 16 - - tx6797aab07d9546fc990d0-0069bafb86 - 0.0129 - - 1773861766.526213169 1773861766.539097548 0
