Dec 6 09:54:18 np0005548795 object-server[109234]: 2/2 (100.00%) partitions replicated in 0.03s (58.05/sec, 0s remaining)
Dec 6 09:54:18 np0005548795 object-server[109234]: 4 successes, 0 failures
Dec 6 09:54:18 np0005548795 object-server[109234]: 2 suffixes checked - 0.00% hashed, 0.00% synced
Dec 6 09:54:18 np0005548795 object-server[109234]: Partition times: max 0.0187s, min 0.0114s, med 0.0187s
Dec 6 09:54:18 np0005548795 object-server[109234]: Object replication complete. (0.00 minutes)
Dec 6 09:54:22 np0005548795 container-server[108910]: Beginning replication run
Dec 6 09:54:22 np0005548795 container-server[108910]: Replication run OVER
Dec 6 09:54:22 np0005548795 container-server[108910]: Attempted to replicate 1 dbs in 0.02535 seconds (39.45262/s)
Dec 6 09:54:22 np0005548795 container-server[108910]: Removed 0 dbs
Dec 6 09:54:22 np0005548795 container-server[108910]: 2 successes, 0 failures
Dec 6 09:54:22 np0005548795 container-server[108910]: diff:0 diff_capped:0 empty:0 hashmatch:0 no_change:2 remote_merge:0 rsync:0 ts_repl:0
Dec 6 09:54:23 np0005548795 account-server[108410]: Beginning replication run
Dec 6 09:54:23 np0005548795 account-server[108410]: Replication run OVER
Dec 6 09:54:23 np0005548795 account-server[108410]: Attempted to replicate 1 dbs in 0.01846 seconds (54.16379/s)
Dec 6 09:54:23 np0005548795 account-server[108410]: Removed 0 dbs
Dec 6 09:54:23 np0005548795 account-server[108410]: 2 successes, 0 failures
Dec 6 09:54:23 np0005548795 account-server[108410]: diff:0 diff_capped:0 empty:0 hashmatch:0 no_change:2 remote_merge:0 rsync:0 ts_repl:0
Dec 6 09:54:30 np0005548795 object-server[415087]: Begin object audit "forever" mode (ZBF)
Dec 6 09:54:30 np0005548795 object-server[415087]: Object audit (ZBF). Since Sat Dec 6 09:54:30 2025: Locally: 1 passed, 0 quarantined, 0 errors, files/sec: 633.29, bytes/sec: 0.00, Total time: 0.00, Auditing time: 0.00, Rate: 0.00
Dec 6 09:54:30 np0005548795 object-server[415087]: Object audit (ZBF) "forever" mode completed: 0.00s. Total quarantined: 0, Total errors: 0, Total files/sec: 471.46, Total bytes/sec: 0.00, Auditing time: 0.00, Rate: 0.23
Dec 6 09:54:34 np0005548795 account-server[108840]: 172.20.0.105 - - [06/Dec/2025:09:54:34 +0000] "PUT /d1/39/AUTH_34a68ac8cde1445d84ddc1d3c3a0b249/dispersion_0_2" 201 - "PUT http://172.20.0.105:6001/d1/160/AUTH_34a68ac8cde1445d84ddc1d3c3a0b249/dispersion_0_2" "tx0c84ea12657c45389013d-006933fd5a" "container-server 21" 0.0019 "-" 23 0
Dec 6 09:54:34 np0005548795 account-server[108825]: 172.20.0.103 - - [06/Dec/2025:09:54:34 +0000] "PUT /d1/39/AUTH_34a68ac8cde1445d84ddc1d3c3a0b249/dispersion_0_1" 201 - "PUT http://172.20.0.103:6001/d1/774/AUTH_34a68ac8cde1445d84ddc1d3c3a0b249/dispersion_0_1" "tx30cb22d4bf884e82a2192-006933fd5a" "container-server 21" 0.0023 "-" 21 0
Dec 6 09:54:34 np0005548795 container-server[108896]: 172.20.0.31 - - [06/Dec/2025:09:54:34 +0000] "PUT /d1/774/AUTH_34a68ac8cde1445d84ddc1d3c3a0b249/dispersion_0_1" 201 - "PUT http://swift-public-openstack.apps-crc.testing/v1/AUTH_34a68ac8cde1445d84ddc1d3c3a0b249/dispersion_0_1?format=json" "tx30cb22d4bf884e82a2192-006933fd5a" "proxy-server 5" 0.0226 "-" 21 0
Dec 6 09:54:34 np0005548795 account-server[108803]: 172.20.0.103 - - [06/Dec/2025:09:54:34 +0000] "PUT /d1/39/AUTH_34a68ac8cde1445d84ddc1d3c3a0b249/dispersion_0_3" 201 - "PUT http://172.20.0.103:6001/d1/350/AUTH_34a68ac8cde1445d84ddc1d3c3a0b249/dispersion_0_3" "tx6a6bfec741a94a7aafce1-006933fd5a" "container-server 20" 0.0103 "-" 20 0
Dec 6 09:54:34 np0005548795 container-server[108890]: 172.20.0.31 - - [06/Dec/2025:09:54:34 +0000] "PUT /d1/350/AUTH_34a68ac8cde1445d84ddc1d3c3a0b249/dispersion_0_3" 201 - "PUT http://swift-public-openstack.apps-crc.testing/v1/AUTH_34a68ac8cde1445d84ddc1d3c3a0b249/dispersion_0_3?format=json" "tx6a6bfec741a94a7aafce1-006933fd5a" "proxy-server 13" 0.0341 "-" 20 0
Dec 6 09:54:34 np0005548795 container-server[108890]: 172.20.0.31 - - [06/Dec/2025:09:54:34 +0000] "PUT /d1/160/AUTH_34a68ac8cde1445d84ddc1d3c3a0b249/dispersion_0_2" 201 - "PUT http://swift-public-openstack.apps-crc.testing/v1/AUTH_34a68ac8cde1445d84ddc1d3c3a0b249/dispersion_0_2?format=json" "tx0c84ea12657c45389013d-006933fd5a" "proxy-server 11" 0.0548 "-" 20 0
Dec 6 09:54:34 np0005548795 container-server[108907]: 172.20.0.31 - - [06/Dec/2025:09:54:34 +0000] "PUT /d1/235/AUTH_34a68ac8cde1445d84ddc1d3c3a0b249/dispersion_0_4" 201 - "PUT http://swift-public-openstack.apps-crc.testing/v1/AUTH_34a68ac8cde1445d84ddc1d3c3a0b249/dispersion_0_4?format=json" "tx16c1d81cd8574e8ea45b4-006933fd5a" "proxy-server 13" 0.0264 "-" 22 0
Dec 6 09:54:34 np0005548795 account-server[108825]: 172.20.0.105 - - [06/Dec/2025:09:54:34 +0000] "PUT /d1/39/AUTH_34a68ac8cde1445d84ddc1d3c3a0b249/dispersion_0_19" 201 - "PUT http://172.20.0.105:6001/d1/86/AUTH_34a68ac8cde1445d84ddc1d3c3a0b249/dispersion_0_19" "txd0483d35843d4640b8f88-006933fd5a" "container-server 22" 0.0064 "-" 21 0
Dec 6 09:54:34 np0005548795 container-server[108896]: 172.20.0.31 - - [06/Dec/2025:09:54:34 +0000] "PUT /d1/571/AUTH_34a68ac8cde1445d84ddc1d3c3a0b249/dispersion_0_8" 201 - "PUT http://swift-public-openstack.apps-crc.testing/v1/AUTH_34a68ac8cde1445d84ddc1d3c3a0b249/dispersion_0_8?format=json" "txde1b7cdc39ea40d580091-006933fd5a" "proxy-server 13" 0.0219 "-" 21 0
Dec 6 09:54:34 np0005548795 account-server[108803]: 172.20.0.105 - - [06/Dec/2025:09:54:34 +0000] "PUT /d1/39/AUTH_34a68ac8cde1445d84ddc1d3c3a0b249/dispersion_0_8" 201 - "PUT http://172.20.0.105:6001/d1/571/AUTH_34a68ac8cde1445d84ddc1d3c3a0b249/dispersion_0_8" "txde1b7cdc39ea40d580091-006933fd5a" "container-server 17" 0.0163 "-" 20 0
Dec 6 09:54:34 np0005548795 account-server[108840]: 172.20.0.105 - - [06/Dec/2025:09:54:34 +0000] "PUT /d1/39/AUTH_34a68ac8cde1445d84ddc1d3c3a0b249/dispersion_0_10" 201 - "PUT http://172.20.0.105:6001/d1/600/AUTH_34a68ac8cde1445d84ddc1d3c3a0b249/dispersion_0_10" "txc9e2e75bd9f544b8ba734-006933fd5a" "container-server 21" 0.0048 "-" 23 0
Dec 6 09:54:34 np0005548795 account-server[108840]: 172.20.0.104 - - [06/Dec/2025:09:54:34 +0000] "PUT /d1/39/AUTH_34a68ac8cde1445d84ddc1d3c3a0b249/dispersion_0_4" 201 - "PUT http://172.20.0.104:6001/d1/235/AUTH_34a68ac8cde1445d84ddc1d3c3a0b249/dispersion_0_4" "tx16c1d81cd8574e8ea45b4-006933fd5a" "container-server 23" 0.0047 "-" 23 0
Dec 6 09:54:34 np0005548795 container-server[108890]: 172.20.0.31 - - [06/Dec/2025:09:54:34 +0000] "PUT /d1/86/AUTH_34a68ac8cde1445d84ddc1d3c3a0b249/dispersion_0_19" 201 - "PUT http://swift-public-openstack.apps-crc.testing/v1/AUTH_34a68ac8cde1445d84ddc1d3c3a0b249/dispersion_0_19?format=json" "txd0483d35843d4640b8f88-006933fd5a" "proxy-server 13" 0.0542 "-" 20 0
Dec 6 09:54:34 np0005548795 account-server[108825]: 172.20.0.105 - - [06/Dec/2025:09:54:34 +0000] "PUT /d1/39/AUTH_34a68ac8cde1445d84ddc1d3c3a0b249/dispersion_0_0" 201 - "PUT http://172.20.0.105:6001/d1/1007/AUTH_34a68ac8cde1445d84ddc1d3c3a0b249/dispersion_0_0" "txc5bda9b16c844671a2854-006933fd5a" "container-server 21" 0.0168 "-" 21 0
Dec 6 09:54:34 np0005548795 container-server[108890]: 172.20.0.31 - - [06/Dec/2025:09:54:34 +0000] "PUT /d1/600/AUTH_34a68ac8cde1445d84ddc1d3c3a0b249/dispersion_0_10" 201 - "PUT http://swift-public-openstack.apps-crc.testing/v1/AUTH_34a68ac8cde1445d84ddc1d3c3a0b249/dispersion_0_10?format=json" "txc9e2e75bd9f544b8ba734-006933fd5a" "proxy-server 9" 0.0408 "-" 20 0
Dec 6 09:54:34 np0005548795 container-server[108890]: 172.20.0.31 - - [06/Dec/2025:09:54:34 +0000] "PUT /d1/1007/AUTH_34a68ac8cde1445d84ddc1d3c3a0b249/dispersion_0_0" 201 - "PUT http://swift-public-openstack.apps-crc.testing/v1/AUTH_34a68ac8cde1445d84ddc1d3c3a0b249/dispersion_0_0?format=json" "txc5bda9b16c844671a2854-006933fd5a" "proxy-server 9" 0.0334 "-" 20 0
Dec 6 09:54:34 np0005548795 account-server[108840]: 172.20.0.105 - - [06/Dec/2025:09:54:34 +0000] "PUT /d1/39/AUTH_34a68ac8cde1445d84ddc1d3c3a0b249/dispersion_0_22" 201 - "PUT http://172.20.0.105:6001/d1/324/AUTH_34a68ac8cde1445d84ddc1d3c3a0b249/dispersion_0_22" "txcb9a365a51a642a291cfe-006933fd5a" "container-server 22" 0.0149 "-" 23 0
Dec 6 09:54:34 np0005548795 container-server[108890]: 172.20.0.31 - - [06/Dec/2025:09:54:34 +0000] "PUT /d1/324/AUTH_34a68ac8cde1445d84ddc1d3c3a0b249/dispersion_0_22" 201 - "PUT http://swift-public-openstack.apps-crc.testing/v1/AUTH_34a68ac8cde1445d84ddc1d3c3a0b249/dispersion_0_22?format=json" "txcb9a365a51a642a291cfe-006933fd5a" "proxy-server 11" 0.0461 "-" 20 0
Dec 6 09:54:34 np0005548795 account-server[108803]: 172.20.0.104 - - [06/Dec/2025:09:54:34 +0000] "PUT /d1/39/AUTH_34a68ac8cde1445d84ddc1d3c3a0b249/dispersion_0_6" 201 - "PUT http://172.20.0.104:6001/d1/45/AUTH_34a68ac8cde1445d84ddc1d3c3a0b249/dispersion_0_6" "tx611bdda2d51d4fab8bede-006933fd5a" "container-server 23" 0.0080 "-" 20 0
Dec 6 09:54:34 np0005548795 container-server[108913]: 172.20.0.31 - - [06/Dec/2025:09:54:34 +0000] "PUT /d1/89/AUTH_34a68ac8cde1445d84ddc1d3c3a0b249/dispersion_0_7" 201 - "PUT http://swift-public-openstack.apps-crc.testing/v1/AUTH_34a68ac8cde1445d84ddc1d3c3a0b249/dispersion_0_7?format=json" "tx4ac1eb5d656a46d89f969-006933fd5a" "proxy-server 16" 0.0231 "-" 23 0
Dec 6 09:54:34 np0005548795 account-server[108803]: 172.20.0.105 - - [06/Dec/2025:09:54:34 +0000] "PUT /d1/39/AUTH_34a68ac8cde1445d84ddc1d3c3a0b249/dispersion_0_12" 201 - "PUT http://172.20.0.105:6001/d1/16/AUTH_34a68ac8cde1445d84ddc1d3c3a0b249/dispersion_0_12" "tx13ba054fbef84fe2adf2b-006933fd5a" "container-server 20" 0.0066 "-" 20 0
Dec 6 09:54:34 np0005548795 container-server[108907]: 172.20.0.31 - - [06/Dec/2025:09:54:34 +0000] "PUT /d1/45/AUTH_34a68ac8cde1445d84ddc1d3c3a0b249/dispersion_0_6" 201 - "PUT http://swift-public-openstack.apps-crc.testing/v1/AUTH_34a68ac8cde1445d84ddc1d3c3a0b249/dispersion_0_6?format=json" "tx611bdda2d51d4fab8bede-006933fd5a" "proxy-server 9" 0.0480 "-" 22 0
Dec 6 09:54:34 np0005548795 account-server[108832]: 172.20.0.103 - - [06/Dec/2025:09:54:34 +0000] "PUT /d1/39/AUTH_34a68ac8cde1445d84ddc1d3c3a0b249/dispersion_0_24" 201 - "PUT http://172.20.0.103:6001/d1/484/AUTH_34a68ac8cde1445d84ddc1d3c3a0b249/dispersion_0_24" "txa84973dd3705410bb660a-006933fd5a" "container-server 22" 0.0061 "-" 22 0
Dec 6 09:54:34 np0005548795 container-server[108907]: 172.20.0.31 - - [06/Dec/2025:09:54:34 +0000] "PUT /d1/484/AUTH_34a68ac8cde1445d84ddc1d3c3a0b249/dispersion_0_24" 201 - "PUT http://swift-public-openstack.apps-crc.testing/v1/AUTH_34a68ac8cde1445d84ddc1d3c3a0b249/dispersion_0_24?format=json" "txa84973dd3705410bb660a-006933fd5a" "proxy-server 13" 0.0190 "-" 22 0
Dec 6 09:54:34 np0005548795 account-server[108832]: 172.20.0.104 - - [06/Dec/2025:09:54:34 +0000] "PUT /d1/39/AUTH_34a68ac8cde1445d84ddc1d3c3a0b249/dispersion_0_7" 201 - "PUT http://172.20.0.104:6001/d1/89/AUTH_34a68ac8cde1445d84ddc1d3c3a0b249/dispersion_0_7" "tx4ac1eb5d656a46d89f969-006933fd5a" "container-server 23" 0.0060 "-" 22 0
Dec 6 09:54:34 np0005548795 container-server[108890]: 172.20.0.31 - - [06/Dec/2025:09:54:34 +0000] "PUT /d1/16/AUTH_34a68ac8cde1445d84ddc1d3c3a0b249/dispersion_0_12" 201 - "PUT http://swift-public-openstack.apps-crc.testing/v1/AUTH_34a68ac8cde1445d84ddc1d3c3a0b249/dispersion_0_12?format=json" "tx13ba054fbef84fe2adf2b-006933fd5a" "proxy-server 11" 0.0461 "-" 20 0
Dec 6 09:54:34 np0005548795 account-server[108803]: 172.20.0.103 - - [06/Dec/2025:09:54:34 +0000] "PUT /d1/39/AUTH_34a68ac8cde1445d84ddc1d3c3a0b249/dispersion_0_23" 201 - "PUT http://172.20.0.103:6001/d1/335/AUTH_34a68ac8cde1445d84ddc1d3c3a0b249/dispersion_0_23" "tx74c5b99df81a4c1fb67b5-006933fd5a" "container-server 22" 0.0284 "-" 20 0
Dec 6 09:54:34 np0005548795 container-server[108907]: 172.20.0.31 - - [06/Dec/2025:09:54:34 +0000] "PUT /d1/335/AUTH_34a68ac8cde1445d84ddc1d3c3a0b249/dispersion_0_23" 201 - "PUT http://swift-public-openstack.apps-crc.testing/v1/AUTH_34a68ac8cde1445d84ddc1d3c3a0b249/dispersion_0_23?format=json" "tx74c5b99df81a4c1fb67b5-006933fd5a" "proxy-server 13" 0.0603 "-" 22 0
Dec 6 09:54:34 np0005548795 account-server[108832]: 172.20.0.103 - - [06/Dec/2025:09:54:34 +0000] "PUT /d1/39/AUTH_34a68ac8cde1445d84ddc1d3c3a0b249/dispersion_0_13" 201 - "PUT http://172.20.0.103:6001/d1/12/AUTH_34a68ac8cde1445d84ddc1d3c3a0b249/dispersion_0_13" "tx1a5a783275ca4fb78d7cb-006933fd5a" "container-server 20" 0.0075 "-" 22 0
Dec 6 09:54:34 np0005548795 container-server[108896]: 172.20.0.31 - - [06/Dec/2025:09:54:34 +0000] "PUT /d1/91/AUTH_34a68ac8cde1445d84ddc1d3c3a0b249/dispersion_0_27" 201 - "PUT http://swift-public-openstack.apps-crc.testing/v1/AUTH_34a68ac8cde1445d84ddc1d3c3a0b249/dispersion_0_27?format=json" "tx3fdf29ea081d4eb2a9c26-006933fd5a" "proxy-server 11" 0.0201 "-" 21 0
Dec 6 09:54:34 np0005548795 container-server[108890]: 172.20.0.31 - - [06/Dec/2025:09:54:34 +0000] "PUT /d1/436/AUTH_34a68ac8cde1445d84ddc1d3c3a0b249/dispersion_0_25" 201 - "PUT http://swift-public-openstack.apps-crc.testing/v1/AUTH_34a68ac8cde1445d84ddc1d3c3a0b249/dispersion_0_25?format=json" "tx0e36781d5ea14189bf0cf-006933fd5a" "proxy-server 13" 0.0423 "-" 20 0
Dec 6 09:54:34 np0005548795 container-server[108890]: 172.20.0.31 - - [06/Dec/2025:09:54:34 +0000] "PUT /d1/12/AUTH_34a68ac8cde1445d84ddc1d3c3a0b249/dispersion_0_13" 201 - "PUT http://swift-public-openstack.apps-crc.testing/v1/AUTH_34a68ac8cde1445d84ddc1d3c3a0b249/dispersion_0_13?format=json" "tx1a5a783275ca4fb78d7cb-006933fd5a" "proxy-server 5" 0.0261 "-" 20 0
Dec 6 09:54:34 np0005548795 account-server[108803]: 172.20.0.104 - - [06/Dec/2025:09:54:34 +0000] "PUT /d1/39/AUTH_34a68ac8cde1445d84ddc1d3c3a0b249/dispersion_0_5" 201 - "PUT http://172.20.0.104:6001/d1/531/AUTH_34a68ac8cde1445d84ddc1d3c3a0b249/dispersion_0_5" "tx4ad06004264e480fa76cc-006933fd5a" "container-server 20" 0.0063 "-" 20 0
Dec 6 09:54:34 np0005548795 container-server[108913]: 172.20.0.31 - - [06/Dec/2025:09:54:34 +0000] "PUT /d1/132/AUTH_34a68ac8cde1445d84ddc1d3c3a0b249/dispersion_0_26" 201 - "PUT http://swift-public-openstack.apps-crc.testing/v1/AUTH_34a68ac8cde1445d84ddc1d3c3a0b249/dispersion_0_26?format=json" "txaa02c9e599c0462782db7-006933fd5a" "proxy-server 9" 0.0330 "-" 23 0
Dec 6 09:54:34 np0005548795 container-server[108890]: 172.20.0.31 - - [06/Dec/2025:09:54:34 +0000] "PUT /d1/531/AUTH_34a68ac8cde1445d84ddc1d3c3a0b249/dispersion_0_5" 201 - "PUT http://swift-public-openstack.apps-crc.testing/v1/AUTH_34a68ac8cde1445d84ddc1d3c3a0b249/dispersion_0_5?format=json" "tx4ad06004264e480fa76cc-006933fd5a" "proxy-server 8" 0.0238 "-" 20 0
Dec 6 09:54:34 np0005548795 account-server[108825]: 172.20.0.105 - - [06/Dec/2025:09:54:34 +0000] "PUT /d1/39/AUTH_34a68ac8cde1445d84ddc1d3c3a0b249/dispersion_0_27" 201 - "PUT http://172.20.0.105:6001/d1/91/AUTH_34a68ac8cde1445d84ddc1d3c3a0b249/dispersion_0_27" "tx3fdf29ea081d4eb2a9c26-006933fd5a" "container-server 17" 0.0054 "-" 21 0
Dec 6 09:54:34 np0005548795 account-server[108825]: 172.20.0.104 - - [06/Dec/2025:09:54:34 +0000] "PUT /d1/39/AUTH_34a68ac8cde1445d84ddc1d3c3a0b249/dispersion_0_25" 201 - "PUT http://172.20.0.104:6001/d1/436/AUTH_34a68ac8cde1445d84ddc1d3c3a0b249/dispersion_0_25" "tx0e36781d5ea14189bf0cf-006933fd5a" "container-server 22" 0.0198 "-" 21 0
Dec 6 09:54:34 np0005548795 account-server[108825]: 172.20.0.105 - - [06/Dec/2025:09:54:34 +0000] "PUT /d1/39/AUTH_34a68ac8cde1445d84ddc1d3c3a0b249/dispersion_0_26" 201 - "PUT http://172.20.0.105:6001/d1/132/AUTH_34a68ac8cde1445d84ddc1d3c3a0b249/dispersion_0_26" "txaa02c9e599c0462782db7-006933fd5a" "container-server 22" 0.0358 "-" 21 0
Dec 6 09:54:34 np0005548795 account-server[108840]: 172.20.0.105 - - [06/Dec/2025:09:54:34 +0000] "PUT /d1/39/AUTH_34a68ac8cde1445d84ddc1d3c3a0b249/dispersion_0_9" 201 - "PUT http://172.20.0.105:6001/d1/1/AUTH_34a68ac8cde1445d84ddc1d3c3a0b249/dispersion_0_9" "txe776a94bf9ee4d4687b9c-006933fd5a" "container-server 20" 0.0354 "-" 23 0
Dec 6 09:54:34 np0005548795 container-server[108913]: 172.20.0.31 - - [06/Dec/2025:09:54:34 +0000] "PUT /d1/1/AUTH_34a68ac8cde1445d84ddc1d3c3a0b249/dispersion_0_9" 201 - "PUT http://swift-public-openstack.apps-crc.testing/v1/AUTH_34a68ac8cde1445d84ddc1d3c3a0b249/dispersion_0_9?format=json" "txe776a94bf9ee4d4687b9c-006933fd5a" "proxy-server 12" 0.0506 "-" 23 0
Dec 6 09:54:34 np0005548795 account-server[108803]: 172.20.0.103 - - [06/Dec/2025:09:54:34 +0000] "PUT /d1/39/AUTH_34a68ac8cde1445d84ddc1d3c3a0b249/dispersion_0_14" 201 - "PUT http://172.20.0.103:6001/d1/694/AUTH_34a68ac8cde1445d84ddc1d3c3a0b249/dispersion_0_14" "txad62678a8bb64550badd8-006933fd5a" "container-server 23" 0.0170 "-" 20 0
Dec 6 09:54:34 np0005548795 container-server[108913]: 172.20.0.31 - - [06/Dec/2025:09:54:34 +0000] "PUT /d1/694/AUTH_34a68ac8cde1445d84ddc1d3c3a0b249/dispersion_0_14" 201 - "PUT http://swift-public-openstack.apps-crc.testing/v1/AUTH_34a68ac8cde1445d84ddc1d3c3a0b249/dispersion_0_14?format=json" "txad62678a8bb64550badd8-006933fd5a" "proxy-server 11" 0.0314 "-" 23 0
Dec 6 09:54:34 np0005548795 account-server[108803]: 172.20.0.103 - - [06/Dec/2025:09:54:34 +0000] "PUT /d1/39/AUTH_34a68ac8cde1445d84ddc1d3c3a0b249/dispersion_0_28" 201 - "PUT http://172.20.0.103:6001/d1/835/AUTH_34a68ac8cde1445d84ddc1d3c3a0b249/dispersion_0_28" "txf666a384de8e4693be41a-006933fd5a" "container-server 21" 0.0251 "-" 20 0
Dec 6 09:54:34 np0005548795 container-server[108896]: 172.20.0.31 - - [06/Dec/2025:09:54:34 +0000] "PUT /d1/835/AUTH_34a68ac8cde1445d84ddc1d3c3a0b249/dispersion_0_28" 201 - "PUT http://swift-public-openstack.apps-crc.testing/v1/AUTH_34a68ac8cde1445d84ddc1d3c3a0b249/dispersion_0_28?format=json" "txf666a384de8e4693be41a-006933fd5a" "proxy-server 13" 0.0405 "-" 21 0
Dec 6 09:54:34 np0005548795 container-server[108890]: 172.20.0.31 - - [06/Dec/2025:09:54:34 +0000] "PUT /d1/771/AUTH_34a68ac8cde1445d84ddc1d3c3a0b249/dispersion_0_31" 201 - "PUT http://swift-public-openstack.apps-crc.testing/v1/AUTH_34a68ac8cde1445d84ddc1d3c3a0b249/dispersion_0_31?format=json" "tx7d73ea8f7bff4ae682810-006933fd5a" "proxy-server 11" 0.0316 "-" 20 0
Dec 6 09:54:34 np0005548795 account-server[108803]: 172.20.0.103 - - [06/Dec/2025:09:54:34 +0000] "PUT /d1/39/AUTH_34a68ac8cde1445d84ddc1d3c3a0b249/dispersion_0_32" 201 - "PUT http://172.20.0.103:6001/d1/715/AUTH_34a68ac8cde1445d84ddc1d3c3a0b249/dispersion_0_32" "tx594d75bf811742b6b9876-006933fd5a" "container-server 22" 0.0080 "-" 20 0
Dec 6 09:54:34 np0005548795 container-server[108907]: 172.20.0.31 - - [06/Dec/2025:09:54:34 +0000] "PUT /d1/715/AUTH_34a68ac8cde1445d84ddc1d3c3a0b249/dispersion_0_32" 201 - "PUT http://swift-public-openstack.apps-crc.testing/v1/AUTH_34a68ac8cde1445d84ddc1d3c3a0b249/dispersion_0_32?format=json" "tx594d75bf811742b6b9876-006933fd5a" "proxy-server 15" 0.0240 "-" 22 0
Dec 6 09:54:34 np0005548795 container-server[108907]: 172.20.0.31 - - [06/Dec/2025:09:54:34 +0000] "PUT /d1/593/AUTH_34a68ac8cde1445d84ddc1d3c3a0b249/dispersion_0_15" 201 - "PUT http://swift-public-openstack.apps-crc.testing/v1/AUTH_34a68ac8cde1445d84ddc1d3c3a0b249/dispersion_0_15?format=json" "tx903ec9cdd92c44a8909b9-006933fd5a" "proxy-server 15" 0.0380 "-" 22 0
Dec 6 09:54:34 np0005548795 account-server[108825]: 172.20.0.105 - - [06/Dec/2025:09:54:34 +0000] "PUT /d1/39/AUTH_34a68ac8cde1445d84ddc1d3c3a0b249/dispersion_0_31" 201 - "PUT http://172.20.0.105:6001/d1/771/AUTH_34a68ac8cde1445d84ddc1d3c3a0b249/dispersion_0_31" "tx7d73ea8f7bff4ae682810-006933fd5a" "container-server 21" 0.0259 "-" 21 0
Dec 6 09:54:34 np0005548795 container-server[108890]: 172.20.0.31 - - [06/Dec/2025:09:54:34 +0000] "PUT /d1/267/AUTH_34a68ac8cde1445d84ddc1d3c3a0b249/dispersion_0_11" 201 - "PUT http://swift-public-openstack.apps-crc.testing/v1/AUTH_34a68ac8cde1445d84ddc1d3c3a0b249/dispersion_0_11?format=json" "tx8c15cb5977a544b4aa392-006933fd5a" "proxy-server 14" 0.0450 "-" 20 0
Dec 6 09:54:34 np0005548795 account-server[108840]: 172.20.0.104 - - [06/Dec/2025:09:54:34 +0000] "PUT /d1/39/AUTH_34a68ac8cde1445d84ddc1d3c3a0b249/dispersion_0_11" 201 - "PUT http://172.20.0.104:6001/d1/267/AUTH_34a68ac8cde1445d84ddc1d3c3a0b249/dispersion_0_11" "tx8c15cb5977a544b4aa392-006933fd5a" "container-server 20" 0.0214 "-" 23 0
Dec 6 09:54:34 np0005548795 account-server[108840]: 172.20.0.105 - - [06/Dec/2025:09:54:34 +0000] "PUT /d1/39/AUTH_34a68ac8cde1445d84ddc1d3c3a0b249/dispersion_0_33" 201 - "PUT http://172.20.0.105:6001/d1/520/AUTH_34a68ac8cde1445d84ddc1d3c3a0b249/dispersion_0_33" "tx5122906aae6d4b439f1a1-006933fd5a" "container-server 21" 0.0051 "-" 23 0
Dec 6 09:54:34 np0005548795 account-server[108840]: 172.20.0.103 - - [06/Dec/2025:09:54:34 +0000] "PUT /d1/39/AUTH_34a68ac8cde1445d84ddc1d3c3a0b249/dispersion_0_16" 201 - "PUT http://172.20.0.103:6001/d1/964/AUTH_34a68ac8cde1445d84ddc1d3c3a0b249/dispersion_0_16" "txb06e5ce4428a45bc94c4d-006933fd5a" "container-server 23" 0.0268 "-" 23 0
Dec 6 09:54:34 np0005548795 container-server[108913]: 172.20.0.31 - - [06/Dec/2025:09:54:34 +0000] "PUT /d1/964/AUTH_34a68ac8cde1445d84ddc1d3c3a0b249/dispersion_0_16" 201 - "PUT http://swift-public-openstack.apps-crc.testing/v1/AUTH_34a68ac8cde1445d84ddc1d3c3a0b249/dispersion_0_16?format=json" "txb06e5ce4428a45bc94c4d-006933fd5a" "proxy-server 8" 0.0494 "-" 23 0
Dec 6 09:54:34 np0005548795 account-server[108825]: 172.20.0.103 - - [06/Dec/2025:09:54:34 +0000] "PUT /d1/39/AUTH_34a68ac8cde1445d84ddc1d3c3a0b249/dispersion_0_36" 201 - "PUT http://172.20.0.103:6001/d1/532/AUTH_34a68ac8cde1445d84ddc1d3c3a0b249/dispersion_0_36" "tx60edb2a38e4f4d9d8661c-006933fd5a" "container-server 23" 0.0016 "-" 21 0
Dec 6 09:54:34 np0005548795 account-server[108840]: 172.20.0.103 - - [06/Dec/2025:09:54:34 +0000] "PUT /d1/39/AUTH_34a68ac8cde1445d84ddc1d3c3a0b249/dispersion_0_18" 201 - "PUT http://172.20.0.103:6001/d1/225/AUTH_34a68ac8cde1445d84ddc1d3c3a0b249/dispersion_0_18" "tx635a3c2b013f4ffea62aa-006933fd5a" "container-server 20" 0.0016 "-" 23 0
Dec 6 09:54:34 np0005548795 container-server[108913]: 172.20.0.31 - - [06/Dec/2025:09:54:34 +0000] "PUT /d1/532/AUTH_34a68ac8cde1445d84ddc1d3c3a0b249/dispersion_0_36" 201 - "PUT http://swift-public-openstack.apps-crc.testing/v1/AUTH_34a68ac8cde1445d84ddc1d3c3a0b249/dispersion_0_36?format=json" "tx60edb2a38e4f4d9d8661c-006933fd5a" "proxy-server 13" 0.0143 "-" 23 0
Dec 6 09:54:34 np0005548795 account-server[108840]: 172.20.0.104 - - [06/Dec/2025:09:54:34 +0000] "PUT /d1/39/AUTH_34a68ac8cde1445d84ddc1d3c3a0b249/dispersion_0_35" 201 - "PUT http://172.20.0.104:6001/d1/664/AUTH_34a68ac8cde1445d84ddc1d3c3a0b249/dispersion_0_35" "txdd7499428b584e0680200-006933fd5a" "container-server 22" 0.0078 "-" 23 0
Dec 6 09:54:34 np0005548795 container-server[108890]: 172.20.0.31 - - [06/Dec/2025:09:54:34 +0000] "PUT /d1/225/AUTH_34a68ac8cde1445d84ddc1d3c3a0b249/dispersion_0_18" 201 - "PUT http://swift-public-openstack.apps-crc.testing/v1/AUTH_34a68ac8cde1445d84ddc1d3c3a0b249/dispersion_0_18?format=json" "tx635a3c2b013f4ffea62aa-006933fd5a" "proxy-server 9" 0.0458 "-" 20 0
Dec 6 09:54:34 np0005548795 account-server[108803]: 172.20.0.105 - - [06/Dec/2025:09:54:34 +0000] "PUT /d1/39/AUTH_34a68ac8cde1445d84ddc1d3c3a0b249/dispersion_0_21" 201 - "PUT http://172.20.0.105:6001/d1/605/AUTH_34a68ac8cde1445d84ddc1d3c3a0b249/dispersion_0_21" "tx98f0ee708e4d4a0e94bbe-006933fd5a" "container-server 21" 0.0083 "-" 20 0
Dec 6 09:54:34 np0005548795 container-server[108913]: 172.20.0.31 - - [06/Dec/2025:09:54:34 +0000] "PUT /d1/664/AUTH_34a68ac8cde1445d84ddc1d3c3a0b249/dispersion_0_35" 201 - "PUT http://swift-public-openstack.apps-crc.testing/v1/AUTH_34a68ac8cde1445d84ddc1d3c3a0b249/dispersion_0_35?format=json" "txdd7499428b584e0680200-006933fd5a" "proxy-server 5" 0.0554 "-" 23 0
Dec 6 09:54:34 np0005548795 container-server[108913]: 172.20.0.31 - - [06/Dec/2025:09:54:34 +0000] "PUT /d1/785/AUTH_34a68ac8cde1445d84ddc1d3c3a0b249/dispersion_0_20" 201 - "PUT http://swift-public-openstack.apps-crc.testing/v1/AUTH_34a68ac8cde1445d84ddc1d3c3a0b249/dispersion_0_20?format=json" "txf183bbb38c32473fb6844-006933fd5a" "proxy-server 9" 0.0464 "-" 23 0
Dec 6 09:54:35 np0005548795 account-server[108825]: 172.20.0.104 - - [06/Dec/2025:09:54:35 +0000] "PUT /d1/39/AUTH_34a68ac8cde1445d84ddc1d3c3a0b249/dispersion_0_38" 201 - "PUT http://172.20.0.104:6001/d1/754/AUTH_34a68ac8cde1445d84ddc1d3c3a0b249/dispersion_0_38" "txf697cf7a47d4454eacbc8-006933fd5a" "container-server 21" 0.0056 "-" 21 0
Dec 6 09:54:35 np0005548795 container-server[108907]: 172.20.0.31 - - [06/Dec/2025:09:54:35 +0000] "PUT /d1/754/AUTH_34a68ac8cde1445d84ddc1d3c3a0b249/dispersion_0_38" 201 - "PUT http://swift-public-openstack.apps-crc.testing/v1/AUTH_34a68ac8cde1445d84ddc1d3c3a0b249/dispersion_0_38?format=json" "txf697cf7a47d4454eacbc8-006933fd5a" "proxy-server 8" 0.0239 "-" 22 0
Dec 6 09:54:35 np0005548795 account-server[108825]: 172.20.0.104 - - [06/Dec/2025:09:54:35 +0000] "PUT /d1/39/AUTH_34a68ac8cde1445d84ddc1d3c3a0b249/dispersion_0_20" 201 - "PUT http://172.20.0.104:6001/d1/785/AUTH_34a68ac8cde1445d84ddc1d3c3a0b249/dispersion_0_20" "txf183bbb38c32473fb6844-006933fd5a" "container-server 22" 0.0374 "-" 21 0
Dec 6 09:54:35 np0005548795 container-server[108896]: 172.20.0.31 - - [06/Dec/2025:09:54:35 +0000] "PUT /d1/701/AUTH_34a68ac8cde1445d84ddc1d3c3a0b249/dispersion_0_37" 201 - "PUT http://swift-public-openstack.apps-crc.testing/v1/AUTH_34a68ac8cde1445d84ddc1d3c3a0b249/dispersion_0_37?format=json" "txd637d9b808494bbb92efa-006933fd5a" "proxy-server 13" 0.0452 "-" 21 0
Dec 6 09:54:35 np0005548795 account-server[108825]: 172.20.0.104 - - [06/Dec/2025:09:54:35 +0000] "PUT /d1/39/AUTH_34a68ac8cde1445d84ddc1d3c3a0b249/dispersion_0_37" 201 - "PUT http://172.20.0.104:6001/d1/701/AUTH_34a68ac8cde1445d84ddc1d3c3a0b249/dispersion_0_37" "txd637d9b808494bbb92efa-006933fd5a" "container-server 23" 0.0055 "-" 21 0
Dec 6 09:54:35 np0005548795 container-server[108913]: 172.20.0.31 - - [06/Dec/2025:09:54:35 +0000] "PUT /d1/945/AUTH_34a68ac8cde1445d84ddc1d3c3a0b249/dispersion_0_39" 201 - "PUT http://swift-public-openstack.apps-crc.testing/v1/AUTH_34a68ac8cde1445d84ddc1d3c3a0b249/dispersion_0_39?format=json" "tx6ba2a8ca272b45b68c5dd-006933fd5a" "proxy-server 16" 0.0351 "-" 23 0
Dec 6 09:54:35 np0005548795 account-server[108803]: 172.20.0.104 - - [06/Dec/2025:09:54:35 +0000] "PUT /d1/39/AUTH_34a68ac8cde1445d84ddc1d3c3a0b249/dispersion_0_40" 201 - "PUT http://172.20.0.104:6001/d1/904/AUTH_34a68ac8cde1445d84ddc1d3c3a0b249/dispersion_0_40" "tx04df1a31c9f046a6bae57-006933fd5a" "container-server 22" 0.0067 "-" 20 0
Dec 6 09:54:35 np0005548795 container-server[108907]: 172.20.0.31 - - [06/Dec/2025:09:54:35 +0000] "PUT /d1/520/AUTH_34a68ac8cde1445d84ddc1d3c3a0b249/dispersion_0_33" 201 - "PUT http://swift-public-openstack.apps-crc.testing/v1/AUTH_34a68ac8cde1445d84ddc1d3c3a0b249/dispersion_0_33?format=json" "tx5122906aae6d4b439f1a1-006933fd5a" "proxy-server 9" 0.0980 "-" 22 0
Dec 6 09:54:35 np0005548795 account-server[108840]: 172.20.0.105 - - [06/Dec/2025:09:54:35 +0000] "PUT /d1/39/AUTH_34a68ac8cde1445d84ddc1d3c3a0b249/dispersion_0_39" 201 - "PUT http://172.20.0.105:6001/d1/945/AUTH_34a68ac8cde1445d84ddc1d3c3a0b249/dispersion_0_39" "tx6ba2a8ca272b45b68c5dd-006933fd5a" "container-server 20" 0.0177 "-" 23 0
Dec 6 09:54:35 np0005548795 account-server[108832]: 172.20.0.104 - - [06/Dec/2025:09:54:35 +0000] "PUT /d1/39/AUTH_34a68ac8cde1445d84ddc1d3c3a0b249/dispersion_0_29" 201 - "PUT http://172.20.0.104:6001/d1/900/AUTH_34a68ac8cde1445d84ddc1d3c3a0b249/dispersion_0_29" "tx77de721ebcdd4575829d3-006933fd5a" "container-server 20" 0.0220 "-" 22 0
Dec 6 09:54:35 np0005548795 container-server[108907]: 172.20.0.31 - - [06/Dec/2025:09:54:35 +0000] "PUT /d1/471/AUTH_34a68ac8cde1445d84ddc1d3c3a0b249/dispersion_0_30" 201 - "PUT http://swift-public-openstack.apps-crc.testing/v1/AUTH_34a68ac8cde1445d84ddc1d3c3a0b249/dispersion_0_30?format=json" "txdb27b300201c4f03b1874-006933fd5a" "proxy-server 6" 0.0218 "-" 22 0
Dec 6 09:54:35 np0005548795 container-server[108896]: 172.20.0.31 - - [06/Dec/2025:09:54:35 +0000] "PUT /d1/900/AUTH_34a68ac8cde1445d84ddc1d3c3a0b249/dispersion_0_29" 201 - "PUT http://swift-public-openstack.apps-crc.testing/v1/AUTH_34a68ac8cde1445d84ddc1d3c3a0b249/dispersion_0_29?format=json" "tx77de721ebcdd4575829d3-006933fd5a" "proxy-server 15" 0.0398 "-" 21 0
Dec 6 09:54:35 np0005548795 account-server[108825]: 172.20.0.103 - - [06/Dec/2025:09:54:35 +0000] "PUT /d1/39/AUTH_34a68ac8cde1445d84ddc1d3c3a0b249/dispersion_0_41" 201 - "PUT http://172.20.0.103:6001/d1/872/AUTH_34a68ac8cde1445d84ddc1d3c3a0b249/dispersion_0_41" "tx0cadc2c0c537493cbc6e2-006933fd5b" "container-server 21" 0.0155 "-" 21 0
Dec 6 09:54:35 np0005548795 container-server[108896]: 172.20.0.31 - - [06/Dec/2025:09:54:35 +0000] "PUT /d1/872/AUTH_34a68ac8cde1445d84ddc1d3c3a0b249/dispersion_0_41" 201 - "PUT http://swift-public-openstack.apps-crc.testing/v1/AUTH_34a68ac8cde1445d84ddc1d3c3a0b249/dispersion_0_41?format=json" "tx0cadc2c0c537493cbc6e2-006933fd5b" "proxy-server 9" 0.0289 "-" 21 0
Dec 6 09:54:35 np0005548795 account-server[108825]: 172.20.0.104 - - [06/Dec/2025:09:54:35 +0000] "PUT /d1/39/AUTH_34a68ac8cde1445d84ddc1d3c3a0b249/dispersion_0_30" 201 - "PUT http://172.20.0.104:6001/d1/471/AUTH_34a68ac8cde1445d84ddc1d3c3a0b249/dispersion_0_30" "txdb27b300201c4f03b1874-006933fd5a" "container-server 21" 0.0056 "-" 21 0
Dec 6 09:54:35 np0005548795 account-server[108803]: 172.20.0.103 - - [06/Dec/2025:09:54:35 +0000] "PUT /d1/39/AUTH_34a68ac8cde1445d84ddc1d3c3a0b249/dispersion_0_42" 201 - "PUT http://172.20.0.103:6001/d1/313/AUTH_34a68ac8cde1445d84ddc1d3c3a0b249/dispersion_0_42" "tx0987b0f4644545ef93edc-006933fd5b" "container-server 20" 0.0166 "-" 20 0
Dec 6 09:54:35 np0005548795 container-server[108913]: 172.20.0.31 - - [06/Dec/2025:09:54:35 +0000] "PUT /d1/904/AUTH_34a68ac8cde1445d84ddc1d3c3a0b249/dispersion_0_40" 201 - "PUT http://swift-public-openstack.apps-crc.testing/v1/AUTH_34a68ac8cde1445d84ddc1d3c3a0b249/dispersion_0_40?format=json" "tx04df1a31c9f046a6bae57-006933fd5a" "proxy-server 8" 0.0535 "-" 23 0
Dec 6 09:54:35 np0005548795 container-server[108890]: 172.20.0.31 - - [06/Dec/2025:09:54:35 +0000] "PUT /d1/313/AUTH_34a68ac8cde1445d84ddc1d3c3a0b249/dispersion_0_42" 201 - "PUT http://swift-public-openstack.apps-crc.testing/v1/AUTH_34a68ac8cde1445d84ddc1d3c3a0b249/dispersion_0_42?format=json" "tx0987b0f4644545ef93edc-006933fd5b" "proxy-server 8" 0.0336 "-" 20 0
Dec 6 09:54:35 np0005548795 account-server[108825]: 172.20.0.104 - - [06/Dec/2025:09:54:35 +0000] "PUT /d1/39/AUTH_34a68ac8cde1445d84ddc1d3c3a0b249/dispersion_0_44" 201 - "PUT http://172.20.0.104:6001/d1/241/AUTH_34a68ac8cde1445d84ddc1d3c3a0b249/dispersion_0_44" "txd9000edec9194d91972dc-006933fd5b" "container-server 20" 0.0045 "-" 21 0
Dec 6 09:54:35 np0005548795 account-server[108825]: 172.20.0.103 - - [06/Dec/2025:09:54:35 +0000] "PUT /d1/39/AUTH_34a68ac8cde1445d84ddc1d3c3a0b249/dispersion_0_43" 201 - "PUT http://172.20.0.103:6001/d1/445/AUTH_34a68ac8cde1445d84ddc1d3c3a0b249/dispersion_0_43" "txc55dc9eac8044697812ba-006933fd5b" "container-server 22" 0.0042 "-" 21 0
Dec 6 09:54:35 np0005548795 container-server[108913]: 172.20.0.31 - - [06/Dec/2025:09:54:35 +0000] "PUT /d1/241/AUTH_34a68ac8cde1445d84ddc1d3c3a0b249/dispersion_0_44" 201 - "PUT http://swift-public-openstack.apps-crc.testing/v1/AUTH_34a68ac8cde1445d84ddc1d3c3a0b249/dispersion_0_44?format=json" "txd9000edec9194d91972dc-006933fd5b" "proxy-server 11" 0.0264 "-" 23 0
Dec 6 09:54:35 np0005548795 container-server[108907]: 172.20.0.31 - - [06/Dec/2025:09:54:35 +0000] "PUT /d1/445/AUTH_34a68ac8cde1445d84ddc1d3c3a0b249/dispersion_0_43" 201 - "PUT http://swift-public-openstack.apps-crc.testing/v1/AUTH_34a68ac8cde1445d84ddc1d3c3a0b249/dispersion_0_43?format=json" "txc55dc9eac8044697812ba-006933fd5b" "proxy-server 9" 0.0196 "-" 22 0
Dec 6 09:54:35 np0005548795 account-server[108803]: 172.20.0.104 - - [06/Dec/2025:09:54:35 +0000] "PUT /d1/39/AUTH_34a68ac8cde1445d84ddc1d3c3a0b249/dispersion_0_45" 201 - "PUT http://172.20.0.104:6001/d1/566/AUTH_34a68ac8cde1445d84ddc1d3c3a0b249/dispersion_0_45" "tx483ed512f86147e3ad054-006933fd5b" "container-server 21" 0.0057 "-" 20 0
Dec 6 09:54:35 np0005548795 account-server[108803]: 172.20.0.105 - - [06/Dec/2025:09:54:35 +0000] "PUT /d1/39/AUTH_34a68ac8cde1445d84ddc1d3c3a0b249/dispersion_0_15" 201 - "PUT http://172.20.0.105:6001/d1/593/AUTH_34a68ac8cde1445d84ddc1d3c3a0b249/dispersion_0_15" "tx903ec9cdd92c44a8909b9-006933fd5a" "container-server 21" 0.1423 "-" 20 0
Dec 6 09:54:35 np0005548795 container-server[108907]: 172.20.0.31 - - [06/Dec/2025:09:54:35 +0000] "PUT /d1/566/AUTH_34a68ac8cde1445d84ddc1d3c3a0b249/dispersion_0_45" 201 - "PUT http://swift-public-openstack.apps-crc.testing/v1/AUTH_34a68ac8cde1445d84ddc1d3c3a0b249/dispersion_0_45?format=json" "tx483ed512f86147e3ad054-006933fd5b" "proxy-server 15" 0.0278 "-" 22 0
Dec 6 09:54:35 np0005548795 account-server[108832]: 172.20.0.104 - - [06/Dec/2025:09:54:35 +0000] "PUT /d1/39/AUTH_34a68ac8cde1445d84ddc1d3c3a0b249/dispersion_0_46" 201 - "PUT http://172.20.0.104:6001/d1/410/AUTH_34a68ac8cde1445d84ddc1d3c3a0b249/dispersion_0_46" "txc4f4a283d30644ea9b78d-006933fd5b" "container-server 22" 0.0055 "-" 22 0
Dec 6 09:54:35 np0005548795 container-server[108890]: 172.20.0.31 - - [06/Dec/2025:09:54:35 +0000] "PUT /d1/410/AUTH_34a68ac8cde1445d84ddc1d3c3a0b249/dispersion_0_46" 201 - "PUT http://swift-public-openstack.apps-crc.testing/v1/AUTH_34a68ac8cde1445d84ddc1d3c3a0b249/dispersion_0_46?format=json" "txc4f4a283d30644ea9b78d-006933fd5b" "proxy-server 16" 0.0212 "-" 20 0
Dec 6 09:54:35 np0005548795 container-server[108907]: 172.20.0.31 - - [06/Dec/2025:09:54:35 +0000] "PUT /d1/163/AUTH_34a68ac8cde1445d84ddc1d3c3a0b249/dispersion_0_47" 201 - "PUT http://swift-public-openstack.apps-crc.testing/v1/AUTH_34a68ac8cde1445d84ddc1d3c3a0b249/dispersion_0_47?format=json" "tx3102530b6a4a430e84c04-006933fd5b" "proxy-server 9" 0.0153 "-" 22 0
Dec 6 09:54:35 np0005548795 account-server[108832]: 172.20.0.105 - - [06/Dec/2025:09:54:35 +0000] "PUT /d1/39/AUTH_34a68ac8cde1445d84ddc1d3c3a0b249/dispersion_0_47" 201 - "PUT http://172.20.0.105:6001/d1/163/AUTH_34a68ac8cde1445d84ddc1d3c3a0b249/dispersion_0_47" "tx3102530b6a4a430e84c04-006933fd5b" "container-server 21" 0.0055 "-" 22 0
Dec 6 09:54:35 np0005548795 account-server[108840]: 172.20.0.103 - - [06/Dec/2025:09:54:35 +0000] "PUT /d1/39/AUTH_34a68ac8cde1445d84ddc1d3c3a0b249/dispersion_0_17" 201 - "PUT http://172.20.0.103:6001/d1/441/AUTH_34a68ac8cde1445d84ddc1d3c3a0b249/dispersion_0_17" "tx1b038d0d1c584e49ae703-006933fd5a" "container-server 21" 0.1103 "-" 23 0
Dec 6 09:54:35 np0005548795 account-server[108840]: 172.20.0.103 - - [06/Dec/2025:09:54:35 +0000] "PUT /d1/39/AUTH_34a68ac8cde1445d84ddc1d3c3a0b249/dispersion_0_34" 201 - "PUT http://172.20.0.103:6001/d1/477/AUTH_34a68ac8cde1445d84ddc1d3c3a0b249/dispersion_0_34" "txa058fce78f9a4bb8b411c-006933fd5a" "container-server 20" 0.1666 "-" 23 0
Dec 6 09:54:35 np0005548795 container-server[108890]: 172.20.0.31 - - [06/Dec/2025:09:54:35 +0000] "PUT /d1/605/AUTH_34a68ac8cde1445d84ddc1d3c3a0b249/dispersion_0_21" 201 - "PUT http://swift-public-openstack.apps-crc.testing/v1/AUTH_34a68ac8cde1445d84ddc1d3c3a0b249/dispersion_0_21?format=json" "tx98f0ee708e4d4a0e94bbe-006933fd5a" "proxy-server 10" 0.1374 "-" 20 0
Dec 6 09:54:35 np0005548795 container-server[108890]: 172.20.0.31 - - [06/Dec/2025:09:54:35 +0000] "PUT /d1/477/AUTH_34a68ac8cde1445d84ddc1d3c3a0b249/dispersion_0_34" 201 - "PUT http://swift-public-openstack.apps-crc.testing/v1/AUTH_34a68ac8cde1445d84ddc1d3c3a0b249/dispersion_0_34?format=json" "txa058fce78f9a4bb8b411c-006933fd5a" "proxy-server 12" 0.1827 "-" 20 0
Dec 6 09:54:35 np0005548795 container-server[108896]: 172.20.0.31 - - [06/Dec/2025:09:54:35 +0000] "PUT /d1/441/AUTH_34a68ac8cde1445d84ddc1d3c3a0b249/dispersion_0_17" 201 - "PUT http://swift-public-openstack.apps-crc.testing/v1/AUTH_34a68ac8cde1445d84ddc1d3c3a0b249/dispersion_0_17?format=json" "tx1b038d0d1c584e49ae703-006933fd5a" "proxy-server 10" 0.1359 "-" 21 0
Dec 6 09:54:35 np0005548795 account-server[108832]: 172.20.0.103 - - [06/Dec/2025:09:54:35 +0000] "PUT /d1/39/AUTH_34a68ac8cde1445d84ddc1d3c3a0b249/dispersion_0_48" 201 - "PUT http://172.20.0.103:6001/d1/85/AUTH_34a68ac8cde1445d84ddc1d3c3a0b249/dispersion_0_48" "tx49b1a56858ea4ac88a586-006933fd5b" "container-server 20" 0.0054 "-" 22 0
Dec 6 09:54:35 np0005548795 container-server[108890]: 172.20.0.31 - - [06/Dec/2025:09:54:35 +0000] "PUT /d1/85/AUTH_34a68ac8cde1445d84ddc1d3c3a0b249/dispersion_0_48" 201 - "PUT http://swift-public-openstack.apps-crc.testing/v1/AUTH_34a68ac8cde1445d84ddc1d3c3a0b249/dispersion_0_48?format=json" "tx49b1a56858ea4ac88a586-006933fd5b" "proxy-server 13" 0.0211 "-" 20 0
Dec 6 09:54:35 np0005548795 account-server[108825]: 172.20.0.103 - - [06/Dec/2025:09:54:35 +0000] "PUT /d1/39/AUTH_34a68ac8cde1445d84ddc1d3c3a0b249/dispersion_0_49" 201 - "PUT http://172.20.0.103:6001/d1/554/AUTH_34a68ac8cde1445d84ddc1d3c3a0b249/dispersion_0_49" "txe0709613145d4ab588258-006933fd5b" "container-server 21" 0.0144 "-" 21 0
Dec 6 09:54:35 np0005548795 container-server[108896]: 172.20.0.31 - - [06/Dec/2025:09:54:35 +0000] "PUT /d1/554/AUTH_34a68ac8cde1445d84ddc1d3c3a0b249/dispersion_0_49" 201 - "PUT http://swift-public-openstack.apps-crc.testing/v1/AUTH_34a68ac8cde1445d84ddc1d3c3a0b249/dispersion_0_49?format=json" "txe0709613145d4ab588258-006933fd5b" "proxy-server 9" 0.0230 "-" 21 0
Dec 6 09:54:35 np0005548795 container-server[108913]: 172.20.0.31 - - [06/Dec/2025:09:54:35 +0000] "PUT /d1/2/AUTH_34a68ac8cde1445d84ddc1d3c3a0b249/dispersion_0_50" 201 - "PUT http://swift-public-openstack.apps-crc.testing/v1/AUTH_34a68ac8cde1445d84ddc1d3c3a0b249/dispersion_0_50?format=json" "tx5f2e9f0b2ca34528a98e3-006933fd5b" "proxy-server 9" 0.0190 "-" 23 0
Dec 6 09:54:35 np0005548795 account-server[108840]: 172.20.0.104 - - [06/Dec/2025:09:54:35 +0000] "PUT /d1/39/AUTH_34a68ac8cde1445d84ddc1d3c3a0b249/dispersion_0_50" 201 - "PUT http://172.20.0.104:6001/d1/2/AUTH_34a68ac8cde1445d84ddc1d3c3a0b249/dispersion_0_50" "tx5f2e9f0b2ca34528a98e3-006933fd5b" "container-server 20" 0.0053 "-" 23 0
Dec 6 09:54:35 np0005548795 account-server[108840]: 172.20.0.103 - - [06/Dec/2025:09:54:35 +0000] "PUT /d1/39/AUTH_34a68ac8cde1445d84ddc1d3c3a0b249/dispersion_0_51" 201 - "PUT http://172.20.0.103:6001/d1/396/AUTH_34a68ac8cde1445d84ddc1d3c3a0b249/dispersion_0_51" "tx058faa3a100649fa953d0-006933fd5b" "container-server 20" 0.0062 "-" 23 0
Dec 6 09:54:35 np0005548795 container-server[108890]: 172.20.0.31 - - [06/Dec/2025:09:54:35 +0000] "PUT /d1/396/AUTH_34a68ac8cde1445d84ddc1d3c3a0b249/dispersion_0_51" 201 - "PUT http://swift-public-openstack.apps-crc.testing/v1/AUTH_34a68ac8cde1445d84ddc1d3c3a0b249/dispersion_0_51?format=json" "tx058faa3a100649fa953d0-006933fd5b" "proxy-server 15" 0.0226 "-" 20 0
Dec 6 09:54:35 np0005548795 container-server[108890]: 172.20.0.31 - - [06/Dec/2025:09:54:35 +0000] "PUT /d1/239/AUTH_34a68ac8cde1445d84ddc1d3c3a0b249/dispersion_0_52" 201 - "PUT http://swift-public-openstack.apps-crc.testing/v1/AUTH_34a68ac8cde1445d84ddc1d3c3a0b249/dispersion_0_52?format=json" "tx8b2e63a5fe764ee88dd90-006933fd5b" "proxy-server 10" 0.0185 "-" 20 0
Dec 6 09:54:35 np0005548795 account-server[108840]: 172.20.0.104 - - [06/Dec/2025:09:54:35 +0000] "PUT /d1/39/AUTH_34a68ac8cde1445d84ddc1d3c3a0b249/dispersion_0_52" 201 - "PUT http://172.20.0.104:6001/d1/239/AUTH_34a68ac8cde1445d84ddc1d3c3a0b249/dispersion_0_52" "tx8b2e63a5fe764ee88dd90-006933fd5b" "container-server 23" 0.0069 "-" 23 0
Dec 6 09:54:35 np0005548795 account-server[108840]: 172.20.0.104 - - [06/Dec/2025:09:54:35 +0000] "PUT /d1/39/AUTH_34a68ac8cde1445d84ddc1d3c3a0b249/dispersion_0_53" 201 - "PUT http://172.20.0.104:6001/d1/129/AUTH_34a68ac8cde1445d84ddc1d3c3a0b249/dispersion_0_53" "txda8e4a5aead0495299a70-006933fd5b" "container-server 20" 0.0067 "-" 23 0
Dec 6 09:54:35 np0005548795 container-server[108896]: 172.20.0.31 - - [06/Dec/2025:09:54:35 +0000] "PUT /d1/129/AUTH_34a68ac8cde1445d84ddc1d3c3a0b249/dispersion_0_53" 201 - "PUT http://swift-public-openstack.apps-crc.testing/v1/AUTH_34a68ac8cde1445d84ddc1d3c3a0b249/dispersion_0_53?format=json" "txda8e4a5aead0495299a70-006933fd5b" "proxy-server 9" 0.0286 "-" 21 0
Dec 6 09:54:35 np0005548795 account-server[108825]: 172.20.0.104 - - [06/Dec/2025:09:54:35 +0000] "PUT /d1/39/AUTH_34a68ac8cde1445d84ddc1d3c3a0b249/dispersion_0_54" 201 - "PUT http://172.20.0.104:6001/d1/381/AUTH_34a68ac8cde1445d84ddc1d3c3a0b249/dispersion_0_54" "tx98d7c9c9154c4d4583c96-006933fd5b" "container-server 21" 0.0055 "-" 21 0
Dec 6 09:54:35 np0005548795 account-server[108803]: 172.20.0.104 - - [06/Dec/2025:09:54:35 +0000] "PUT /d1/39/AUTH_34a68ac8cde1445d84ddc1d3c3a0b249/dispersion_0_55" 201 - "PUT http://172.20.0.104:6001/d1/351/AUTH_34a68ac8cde1445d84ddc1d3c3a0b249/dispersion_0_55" "txb433d5a750ef4168b4ce3-006933fd5b" "container-server 23" 0.0055 "-" 20 0
Dec 6 09:54:35 np0005548795 container-server[108896]: 172.20.0.31 - - [06/Dec/2025:09:54:35 +0000] "PUT /d1/351/AUTH_34a68ac8cde1445d84ddc1d3c3a0b249/dispersion_0_55" 201 - "PUT http://swift-public-openstack.apps-crc.testing/v1/AUTH_34a68ac8cde1445d84ddc1d3c3a0b249/dispersion_0_55?format=json" "txb433d5a750ef4168b4ce3-006933fd5b" "proxy-server 9" 0.0198 "-" 21 0
Dec 6 09:54:35 np0005548795 container-server[108890]: 172.20.0.31 - - [06/Dec/2025:09:54:35 +0000] "PUT /d1/381/AUTH_34a68ac8cde1445d84ddc1d3c3a0b249/dispersion_0_54" 201 - "PUT http://swift-public-openstack.apps-crc.testing/v1/AUTH_34a68ac8cde1445d84ddc1d3c3a0b249/dispersion_0_54?format=json" "tx98d7c9c9154c4d4583c96-006933fd5b" "proxy-server 13" 0.0309 "-" 20 0
Dec 6 09:54:35 np0005548795 account-server[108840]: 172.20.0.105 - - [06/Dec/2025:09:54:35 +0000] "PUT /d1/39/AUTH_34a68ac8cde1445d84ddc1d3c3a0b249/dispersion_0_56" 201 - "PUT http://172.20.0.105:6001/d1/651/AUTH_34a68ac8cde1445d84ddc1d3c3a0b249/dispersion_0_56" "tx75e71bc273854bbc84014-006933fd5b" "container-server 17" 0.0079 "-" 23 0
Dec 6 09:54:35 np0005548795 container-server[108890]: 172.20.0.31 - - [06/Dec/2025:09:54:35 +0000] "PUT /d1/651/AUTH_34a68ac8cde1445d84ddc1d3c3a0b249/dispersion_0_56" 201 - "PUT http://swift-public-openstack.apps-crc.testing/v1/AUTH_34a68ac8cde1445d84ddc1d3c3a0b249/dispersion_0_56?format=json" "tx75e71bc273854bbc84014-006933fd5b" "proxy-server 16" 0.0236 "-" 20 0
Dec 6 09:54:35 np0005548795 account-server[108832]: 172.20.0.105 - - [06/Dec/2025:09:54:35 +0000] "PUT /d1/39/AUTH_34a68ac8cde1445d84ddc1d3c3a0b249/dispersion_0_57" 201 - "PUT http://172.20.0.105:6001/d1/578/AUTH_34a68ac8cde1445d84ddc1d3c3a0b249/dispersion_0_57" "txd59509e16ade4d7f94f52-006933fd5b" "container-server 20" 0.0057 "-" 22 0
Dec 6 09:54:35 np0005548795 account-server[108825]: 172.20.0.104 - - [06/Dec/2025:09:54:35 +0000] "PUT /d1/39/AUTH_34a68ac8cde1445d84ddc1d3c3a0b249/dispersion_0_58" 201 - "PUT http://172.20.0.104:6001/d1/142/AUTH_34a68ac8cde1445d84ddc1d3c3a0b249/dispersion_0_58" "txae76324ff0f64574a282b-006933fd5b" "container-server 20" 0.0064 "-" 21 0
Dec 6 09:54:35 np0005548795 container-server[108913]: 172.20.0.31 - - [06/Dec/2025:09:54:35 +0000] "PUT /d1/142/AUTH_34a68ac8cde1445d84ddc1d3c3a0b249/dispersion_0_58" 201 - "PUT http://swift-public-openstack.apps-crc.testing/v1/AUTH_34a68ac8cde1445d84ddc1d3c3a0b249/dispersion_0_58?format=json" "txae76324ff0f64574a282b-006933fd5b" "proxy-server 5" 0.0217 "-" 23 0
Dec 6 09:54:35 np0005548795 account-server[108825]: 172.20.0.105 - - [06/Dec/2025:09:54:35 +0000] "PUT /d1/39/AUTH_34a68ac8cde1445d84ddc1d3c3a0b249/dispersion_0_59" 201 - "PUT http://172.20.0.105:6001/d1/94/AUTH_34a68ac8cde1445d84ddc1d3c3a0b249/dispersion_0_59" "tx60e3190b92394a7da8ede-006933fd5b" "container-server 17" 0.0060 "-" 21 0
Dec 6 09:54:35 np0005548795 container-server[108896]: 172.20.0.31 - - [06/Dec/2025:09:54:35 +0000] "PUT /d1/578/AUTH_34a68ac8cde1445d84ddc1d3c3a0b249/dispersion_0_57" 201 - "PUT http://swift-public-openstack.apps-crc.testing/v1/AUTH_34a68ac8cde1445d84ddc1d3c3a0b249/dispersion_0_57?format=json" "txd59509e16ade4d7f94f52-006933fd5b" "proxy-server 9" 0.0381 "-" 21 0
Dec 6 09:54:35 np0005548795 container-server[108896]: 172.20.0.31 - - [06/Dec/2025:09:54:35 +0000] "PUT /d1/94/AUTH_34a68ac8cde1445d84ddc1d3c3a0b249/dispersion_0_59" 201 - "PUT http://swift-public-openstack.apps-crc.testing/v1/AUTH_34a68ac8cde1445d84ddc1d3c3a0b249/dispersion_0_59?format=json" "tx60e3190b92394a7da8ede-006933fd5b" "proxy-server 13" 0.0255 "-" 21 0
Dec 6 09:54:35 np0005548795 container-server[108913]: 172.20.0.31 - - [06/Dec/2025:09:54:35 +0000] "PUT /d1/31/AUTH_34a68ac8cde1445d84ddc1d3c3a0b249/dispersion_0_60" 201 - "PUT http://swift-public-openstack.apps-crc.testing/v1/AUTH_34a68ac8cde1445d84ddc1d3c3a0b249/dispersion_0_60?format=json" "tx7db4b145c4064a0db5ed8-006933fd5b" "proxy-server 16" 0.0178 "-" 23 0
Dec 6 09:54:35 np0005548795 account-server[108840]: 172.20.0.104 - - [06/Dec/2025:09:54:35 +0000] "PUT /d1/39/AUTH_34a68ac8cde1445d84ddc1d3c3a0b249/dispersion_0_60" 201 - "PUT http://172.20.0.104:6001/d1/31/AUTH_34a68ac8cde1445d84ddc1d3c3a0b249/dispersion_0_60" "tx7db4b145c4064a0db5ed8-006933fd5b" "container-server 21" 0.0062 "-" 23 0
Dec 6 09:54:35 np0005548795 account-server[108840]: 172.20.0.105 - - [06/Dec/2025:09:54:35 +0000] "PUT /d1/39/AUTH_34a68ac8cde1445d84ddc1d3c3a0b249/dispersion_0_61" 201 - "PUT http://172.20.0.105:6001/d1/478/AUTH_34a68ac8cde1445d84ddc1d3c3a0b249/dispersion_0_61" "tx96bd777351be4b90a5a72-006933fd5b" "container-server 22" 0.0054 "-" 23 0
Dec 6 09:54:35 np0005548795 account-server[108825]: 172.20.0.103 - - [06/Dec/2025:09:54:35 +0000] "PUT /d1/39/AUTH_34a68ac8cde1445d84ddc1d3c3a0b249/dispersion_0_62" 201 - "PUT http://172.20.0.103:6001/d1/518/AUTH_34a68ac8cde1445d84ddc1d3c3a0b249/dispersion_0_62" "tx4c5fea1323ff44538cd7a-006933fd5b" "container-server 23" 0.0074 "-" 21 0
Dec 6 09:54:35 np0005548795 container-server[108913]: 172.20.0.31 - - [06/Dec/2025:09:54:35 +0000] "PUT /d1/518/AUTH_34a68ac8cde1445d84ddc1d3c3a0b249/dispersion_0_62" 201 - "PUT http://swift-public-openstack.apps-crc.testing/v1/AUTH_34a68ac8cde1445d84ddc1d3c3a0b249/dispersion_0_62?format=json" "tx4c5fea1323ff44538cd7a-006933fd5b" "proxy-server 15" 0.0198 "-" 23 0
Dec 6 09:54:35 np0005548795 container-server[108907]: 172.20.0.31 - - [06/Dec/2025:09:54:35 +0000] "PUT /d1/478/AUTH_34a68ac8cde1445d84ddc1d3c3a0b249/dispersion_0_61" 201 - "PUT http://swift-public-openstack.apps-crc.testing/v1/AUTH_34a68ac8cde1445d84ddc1d3c3a0b249/dispersion_0_61?format=json" "tx96bd777351be4b90a5a72-006933fd5b" "proxy-server 9" 0.0315 "-" 22 0
Dec 6 09:54:35 np0005548795 account-server[108803]: 172.20.0.105 - - [06/Dec/2025:09:54:35 +0000] "PUT /d1/39/AUTH_34a68ac8cde1445d84ddc1d3c3a0b249/dispersion_0_64" 201 - "PUT http://172.20.0.105:6001/d1/848/AUTH_34a68ac8cde1445d84ddc1d3c3a0b249/dispersion_0_64" "txa151e48421e34626936fd-006933fd5b" "container-server 22" 0.0075 "-" 20 0
Dec 6 09:54:35 np0005548795 container-server[108907]: 172.20.0.31 - - [06/Dec/2025:09:54:35 +0000] "PUT /d1/848/AUTH_34a68ac8cde1445d84ddc1d3c3a0b249/dispersion_0_64" 201 - "PUT http://swift-public-openstack.apps-crc.testing/v1/AUTH_34a68ac8cde1445d84ddc1d3c3a0b249/dispersion_0_64?format=json" "txa151e48421e34626936fd-006933fd5b" "proxy-server 13" 0.0202 "-" 22 0
Dec 6 09:54:35 np0005548795 account-server[108840]: 172.20.0.104 - - [06/Dec/2025:09:54:35 +0000] "PUT /d1/39/AUTH_34a68ac8cde1445d84ddc1d3c3a0b249/dispersion_0_63" 201 - "PUT http://172.20.0.104:6001/d1/265/AUTH_34a68ac8cde1445d84ddc1d3c3a0b249/dispersion_0_63" "tx09273882ad1d40568d8de-006933fd5b" "container-server 22" 0.0161 "-" 23 0
Dec 6 09:54:35 np0005548795 account-server[108840]: 172.20.0.104 - - [06/Dec/2025:09:54:35 +0000] "PUT /d1/39/AUTH_34a68ac8cde1445d84ddc1d3c3a0b249/dispersion_0_65" 201 - "PUT http://172.20.0.104:6001/d1/553/AUTH_34a68ac8cde1445d84ddc1d3c3a0b249/dispersion_0_65" "txf63d8c41a1a94ec9a9d16-006933fd5b" "container-server 22" 0.0059 "-" 23 0
Dec 6 09:54:35 np0005548795 container-server[108907]: 172.20.0.31 - - [06/Dec/2025:09:54:35 +0000] "PUT /d1/265/AUTH_34a68ac8cde1445d84ddc1d3c3a0b249/dispersion_0_63" 201 - "PUT http://swift-public-openstack.apps-crc.testing/v1/AUTH_34a68ac8cde1445d84ddc1d3c3a0b249/dispersion_0_63?format=json" "tx09273882ad1d40568d8de-006933fd5b" "proxy-server 9" 0.0537 "-" 22 0
Dec 6 09:54:35 np0005548795 container-server[108896]: 172.20.0.31 - - [06/Dec/2025:09:54:35 +0000] "PUT /d1/553/AUTH_34a68ac8cde1445d84ddc1d3c3a0b249/dispersion_0_65" 201 - "PUT http://swift-public-openstack.apps-crc.testing/v1/AUTH_34a68ac8cde1445d84ddc1d3c3a0b249/dispersion_0_65?format=json" "txf63d8c41a1a94ec9a9d16-006933fd5b" "proxy-server 16" 0.0376 "-" 21 0
Dec 6 09:54:35 np0005548795 account-server[108832]: 172.20.0.105 - - [06/Dec/2025:09:54:35 +0000] "PUT /d1/39/AUTH_34a68ac8cde1445d84ddc1d3c3a0b249/dispersion_0_67" 201 - "PUT http://172.20.0.105:6001/d1/676/AUTH_34a68ac8cde1445d84ddc1d3c3a0b249/dispersion_0_67" "txce3176d761664aab85268-006933fd5b" "container-server 21" 0.0064 "-" 22 0
Dec 6 09:54:35 np0005548795 account-server[108803]: 172.20.0.104 - - [06/Dec/2025:09:54:35 +0000] "PUT /d1/39/AUTH_34a68ac8cde1445d84ddc1d3c3a0b249/dispersion_0_66" 201 - "PUT http://172.20.0.104:6001/d1/760/AUTH_34a68ac8cde1445d84ddc1d3c3a0b249/dispersion_0_66" "txbee1f5adf1fe4800907b9-006933fd5b" "container-server 23" 0.0073 "-" 20 0
Dec 6 09:54:35 np0005548795 container-server[108907]: 172.20.0.31 - - [06/Dec/2025:09:54:35 +0000] "PUT /d1/760/AUTH_34a68ac8cde1445d84ddc1d3c3a0b249/dispersion_0_66" 201 - "PUT http://swift-public-openstack.apps-crc.testing/v1/AUTH_34a68ac8cde1445d84ddc1d3c3a0b249/dispersion_0_66?format=json" "txbee1f5adf1fe4800907b9-006933fd5b" "proxy-server 9" 0.0357 "-" 22 0
Dec 6 09:54:35 np0005548795 account-server[108803]: 172.20.0.104 - - [06/Dec/2025:09:54:35 +0000] "PUT /d1/39/AUTH_34a68ac8cde1445d84ddc1d3c3a0b249/dispersion_0_68" 201 - "PUT http://172.20.0.104:6001/d1/647/AUTH_34a68ac8cde1445d84ddc1d3c3a0b249/dispersion_0_68" "txf2c1760af358428589d87-006933fd5b" "container-server 20" 0.0057 "-" 20 0
