2025-12-06 08:27:15.342 2 DEBUG oslo_service.service [-] ovn.ovn_dhcp6_global_options = {} log_opt_values /usr/lib/python3.9/site-packages/oslo_config/cfg.py:2613
2025-12-06 08:27:15.342 2 DEBUG oslo_service.service [-] ovn.ovn_emit_need_to_frag = True log_opt_values /usr/lib/python3.9/site-packages/oslo_config/cfg.py:2613
2025-12-06 08:27:15.342 2 DEBUG oslo_service.service [-] ovn.ovn_l3_mode = True log_opt_values /usr/lib/python3.9/site-packages/oslo_config/cfg.py:2613
2025-12-06 08:27:15.342 2 DEBUG oslo_service.service [-] ovn.ovn_l3_scheduler = leastloaded log_opt_values /usr/lib/python3.9/site-packages/oslo_config/cfg.py:2613
2025-12-06 08:27:15.343 2 DEBUG oslo_service.service [-] ovn.ovn_metadata_enabled = True log_opt_values /usr/lib/python3.9/site-packages/oslo_config/cfg.py:2613
2025-12-06 08:27:15.343 2 DEBUG oslo_service.service [-] ovn.ovn_nb_ca_cert = /etc/ipa/ca.crt log_opt_values /usr/lib/python3.9/site-packages/oslo_config/cfg.py:2613
2025-12-06 08:27:15.343 2 DEBUG oslo_service.service [-] ovn.ovn_nb_certificate = /etc/pki/tls/certs/neutron_ovn.crt log_opt_values /usr/lib/python3.9/site-packages/oslo_config/cfg.py:2613
2025-12-06 08:27:15.343 2 DEBUG oslo_service.service [-] ovn.ovn_nb_connection = ssl:172.17.0.103:6641,ssl:172.17.0.104:6641,ssl:172.17.0.105:6641 log_opt_values /usr/lib/python3.9/site-packages/oslo_config/cfg.py:2613
2025-12-06 08:27:15.343 2 DEBUG oslo_service.service [-] ovn.ovn_nb_private_key = /etc/pki/tls/private/neutron_ovn.key log_opt_values /usr/lib/python3.9/site-packages/oslo_config/cfg.py:2613
2025-12-06 08:27:15.343 2 DEBUG oslo_service.service [-] ovn.ovn_router_indirect_snat = False log_opt_values /usr/lib/python3.9/site-packages/oslo_config/cfg.py:2613
2025-12-06 08:27:15.343 2 DEBUG oslo_service.service [-] ovn.ovn_sb_ca_cert = /etc/ipa/ca.crt log_opt_values /usr/lib/python3.9/site-packages/oslo_config/cfg.py:2613
2025-12-06 08:27:15.343 2 DEBUG oslo_service.service [-] ovn.ovn_sb_certificate = /etc/pki/tls/certs/neutron_ovn.crt log_opt_values /usr/lib/python3.9/site-packages/oslo_config/cfg.py:2613
2025-12-06 08:27:15.343 2 DEBUG oslo_service.service [-] ovn.ovn_sb_connection = ssl:172.17.0.103:6642,ssl:172.17.0.104:6642,ssl:172.17.0.105:6642 log_opt_values /usr/lib/python3.9/site-packages/oslo_config/cfg.py:2613
2025-12-06 08:27:15.343 2 DEBUG oslo_service.service [-] ovn.ovn_sb_private_key = /etc/pki/tls/private/neutron_ovn.key log_opt_values /usr/lib/python3.9/site-packages/oslo_config/cfg.py:2613
2025-12-06 08:27:15.343 2 DEBUG oslo_service.service [-] ovn.ovsdb_connection_timeout = 180 log_opt_values /usr/lib/python3.9/site-packages/oslo_config/cfg.py:2613
2025-12-06 08:27:15.343 2 DEBUG oslo_service.service [-] ovn.ovsdb_log_level = INFO log_opt_values /usr/lib/python3.9/site-packages/oslo_config/cfg.py:2613
2025-12-06 08:27:15.344 2 DEBUG oslo_service.service [-] ovn.ovsdb_probe_interval = 60000 log_opt_values /usr/lib/python3.9/site-packages/oslo_config/cfg.py:2613
2025-12-06 08:27:15.344 2 DEBUG oslo_service.service [-] ovn.ovsdb_retry_max_interval = 180 log_opt_values /usr/lib/python3.9/site-packages/oslo_config/cfg.py:2613
2025-12-06 08:27:15.344 2 DEBUG oslo_service.service [-] ovn.vhost_sock_dir = /var/run/openvswitch log_opt_values /usr/lib/python3.9/site-packages/oslo_config/cfg.py:2613
2025-12-06 08:27:15.345 2 DEBUG oslo_service.service [-] ovn.vif_type = ovs log_opt_values /usr/lib/python3.9/site-packages/oslo_config/cfg.py:2613
2025-12-06 08:27:15.345 2 DEBUG oslo_service.service [-] OVS.bridge_mac_table_size = 50000 log_opt_values /usr/lib/python3.9/site-packages/oslo_config/cfg.py:2613
2025-12-06 08:27:15.345 2 DEBUG oslo_service.service [-] OVS.igmp_snooping_enable = False log_opt_values /usr/lib/python3.9/site-packages/oslo_config/cfg.py:2613
2025-12-06 08:27:15.345 2 DEBUG oslo_service.service [-] OVS.ovsdb_timeout = 10 log_opt_values /usr/lib/python3.9/site-packages/oslo_config/cfg.py:2613
2025-12-06 08:27:15.345 2 DEBUG oslo_service.service [-] ovn_nb_global.fdb_removal_limit = 0 log_opt_values /usr/lib/python3.9/site-packages/oslo_config/cfg.py:2613
2025-12-06 08:27:15.345 2 DEBUG oslo_service.service [-] ovn_nb_global.ignore_lsp_down = False log_opt_values /usr/lib/python3.9/site-packages/oslo_config/cfg.py:2613
2025-12-06 08:27:15.345 2 DEBUG oslo_service.service [-] ovn_nb_global.mac_binding_removal_limit = 0 log_opt_values /usr/lib/python3.9/site-packages/oslo_config/cfg.py:2613
2025-12-06 08:27:15.345 2 DEBUG oslo_service.service [-] ******************************************************************************** log_opt_values /usr/lib/python3.9/site-packages/oslo_config/cfg.py:2617
2025-12-06 08:27:15.347 20 INFO ovsdbapp.backend.ovs_idl.vlog [-] ssl:172.17.0.105:6641: connected
2025-12-06 08:27:15.348 16 DEBUG ovsdbapp.backend.ovs_idl [req-09dff127-bbe7-459b-a965-e5993e6f543d - - - - -] Created lookup_table index Chassis.name autocreate_indices /usr/lib/python3.9/site-packages/ovsdbapp/backend/ovs_idl/__init__.py:109
2025-12-06 08:27:15.349 16 DEBUG ovsdbapp.backend.ovs_idl [req-09dff127-bbe7-459b-a965-e5993e6f543d - - - - -] Created schema index Chassis_Private.name autocreate_indices /usr/lib/python3.9/site-packages/ovsdbapp/backend/ovs_idl/__init__.py:128
2025-12-06 08:27:15.349 16 DEBUG ovsdbapp.backend.ovs_idl [req-09dff127-bbe7-459b-a965-e5993e6f543d - - - - -] Created schema index Datapath_Binding.tunnel_key autocreate_indices /usr/lib/python3.9/site-packages/ovsdbapp/backend/ovs_idl/__init__.py:128
2025-12-06 08:27:15.351 16 INFO ovsdbapp.backend.ovs_idl.vlog [req-09dff127-bbe7-459b-a965-e5993e6f543d - - - - -] ssl:172.17.0.105:6642: connecting...
2025-12-06 08:27:15.355 20 INFO ovsdbapp.backend.ovs_idl.vlog [-] ssl:172.17.0.105:6641: clustered database server is not cluster leader; trying another server
2025-12-06 08:27:15.357 20 INFO ovsdbapp.backend.ovs_idl.vlog [-] ssl:172.17.0.105:6641: connection closed by client
2025-12-06 08:27:15.361 20 INFO ovsdbapp.backend.ovs_idl.vlog [-] ssl:172.17.0.104:6641: connecting...
2025-12-06 08:27:15.368 20 INFO ovsdbapp.backend.ovs_idl.vlog [-] ssl:172.17.0.104:6641: connected
2025-12-06 08:27:15.372 16 INFO ovsdbapp.backend.ovs_idl.vlog [req-09dff127-bbe7-459b-a965-e5993e6f543d - - - - -] ssl:172.17.0.105:6642: connected
2025-12-06 08:27:15.373 20 INFO ovsdbapp.backend.ovs_idl.vlog [-] ssl:172.17.0.104:6641: clustered database server is not cluster leader; trying another server
2025-12-06 08:27:15.375 20 INFO ovsdbapp.backend.ovs_idl.vlog [-] ssl:172.17.0.104:6641: connection closed by client
2025-12-06 08:27:15.378 20 INFO ovsdbapp.backend.ovs_idl.vlog [-] ssl:172.17.0.103:6641: connecting...
2025-12-06 08:27:15.381 20 INFO ovsdbapp.backend.ovs_idl.vlog [-] ssl:172.17.0.103:6641: connected
2025-12-06 08:27:15.387 16 DEBUG neutron.common.ovn.hash_ring_manager [req-09dff127-bbe7-459b-a965-e5993e6f543d - - - - -] Allow caching, nodes 1>=1 _wait_startup_before_caching /usr/lib/python3.9/site-packages/neutron/common/ovn/hash_ring_manager.py:64
2025-12-06 08:27:15.393 20 INFO neutron.plugins.ml2.drivers.ovn.mech_driver.ovsdb.impl_idl_ovn [-] Getting OvsdbSbOvnIdl for MaintenanceWorker with retry
2025-12-06 08:27:15.394 18 DEBUG ovsdbapp.backend.ovs_idl [req-e8e4c35e-77b8-43f6-805f-3185726831a5 - - - - -] Created lookup_table index Logical_Switch.name autocreate_indices /usr/lib/python3.9/site-packages/ovsdbapp/backend/ovs_idl/__init__.py:109
2025-12-06 08:27:15.394 18 DEBUG ovsdbapp.backend.ovs_idl [req-e8e4c35e-77b8-43f6-805f-3185726831a5 - - - - -] Created lookup_table index Logical_Router.name autocreate_indices /usr/lib/python3.9/site-packages/ovsdbapp/backend/ovs_idl/__init__.py:109
2025-12-06 08:27:15.394 18 DEBUG ovsdbapp.backend.ovs_idl [req-e8e4c35e-77b8-43f6-805f-3185726831a5 - - - - -] Created lookup_table index Load_Balancer.name autocreate_indices /usr/lib/python3.9/site-packages/ovsdbapp/backend/ovs_idl/__init__.py:109
2025-12-06 08:27:15.395 18 DEBUG ovsdbapp.backend.ovs_idl [req-e8e4c35e-77b8-43f6-805f-3185726831a5 - - - - -] Created schema index Meter.name autocreate_indices /usr/lib/python3.9/site-packages/ovsdbapp/backend/ovs_idl/__init__.py:128
2025-12-06 08:27:15.395 18 DEBUG ovsdbapp.backend.ovs_idl [req-e8e4c35e-77b8-43f6-805f-3185726831a5 - - - - -] Created schema index Copp.name autocreate_indices /usr/lib/python3.9/site-packages/ovsdbapp/backend/ovs_idl/__init__.py:128
2025-12-06 08:27:15.395 18 DEBUG ovsdbapp.backend.ovs_idl [req-e8e4c35e-77b8-43f6-805f-3185726831a5 - - - - -] Created schema index Logical_Switch_Port.name autocreate_indices /usr/lib/python3.9/site-packages/ovsdbapp/backend/ovs_idl/__init__.py:128
2025-12-06 08:27:15.395 18 DEBUG ovsdbapp.backend.ovs_idl [req-e8e4c35e-77b8-43f6-805f-3185726831a5 - - - - -] Created schema index Chassis_Template_Var.chassis autocreate_indices /usr/lib/python3.9/site-packages/ovsdbapp/backend/ovs_idl/__init__.py:128
2025-12-06 08:27:15.395 18 DEBUG ovsdbapp.backend.ovs_idl [req-e8e4c35e-77b8-43f6-805f-3185726831a5 - - - - -] Created schema index Gateway_Chassis.name autocreate_indices /usr/lib/python3.9/site-packages/ovsdbapp/backend/ovs_idl/__init__.py:128
2025-12-06 08:27:15.395 18 DEBUG ovsdbapp.backend.ovs_idl [req-e8e4c35e-77b8-43f6-805f-3185726831a5 - - - - -] Created schema index Connection.target autocreate_indices /usr/lib/python3.9/site-packages/ovsdbapp/backend/ovs_idl/__init__.py:128
2025-12-06 08:27:15.395 18 DEBUG ovsdbapp.backend.ovs_idl [req-e8e4c35e-77b8-43f6-805f-3185726831a5 - - - - -] Created schema index Port_Group.name autocreate_indices /usr/lib/python3.9/site-packages/ovsdbapp/backend/ovs_idl/__init__.py:128
2025-12-06 08:27:15.395 18 DEBUG ovsdbapp.backend.ovs_idl [req-e8e4c35e-77b8-43f6-805f-3185726831a5 - - - - -] Created schema index Logical_Router_Port.name autocreate_indices /usr/lib/python3.9/site-packages/ovsdbapp/backend/ovs_idl/__init__.py:128
2025-12-06 08:27:15.395 18 DEBUG ovsdbapp.backend.ovs_idl [req-e8e4c35e-77b8-43f6-805f-3185726831a5 - - - - -] Created schema index HA_Chassis_Group.name autocreate_indices /usr/lib/python3.9/site-packages/ovsdbapp/backend/ovs_idl/__init__.py:128
2025-12-06 08:27:15.396 18 DEBUG ovsdbapp.backend.ovs_idl [req-e8e4c35e-77b8-43f6-805f-3185726831a5 - - - - -] Created schema index Mirror.name autocreate_indices /usr/lib/python3.9/site-packages/ovsdbapp/backend/ovs_idl/__init__.py:128
2025-12-06 08:27:15.396 18 DEBUG ovsdbapp.backend.ovs_idl [req-e8e4c35e-77b8-43f6-805f-3185726831a5 - - - - -] Created schema index Address_Set.name autocreate_indices /usr/lib/python3.9/site-packages/ovsdbapp/backend/ovs_idl/__init__.py:128
2025-12-06 08:27:15.396 18 DEBUG ovsdbapp.backend.ovs_idl [req-e8e4c35e-77b8-43f6-805f-3185726831a5 - - - - -] Created schema index Load_Balancer_Group.name autocreate_indices /usr/lib/python3.9/site-packages/ovsdbapp/backend/ovs_idl/__init__.py:128
2025-12-06 08:27:15.400 20 DEBUG ovsdbapp.backend.ovs_idl [-] Created lookup_table index Chassis.name autocreate_indices /usr/lib/python3.9/site-packages/ovsdbapp/backend/ovs_idl/__init__.py:109
2025-12-06 08:27:15.400 20 DEBUG ovsdbapp.backend.ovs_idl [-] Created schema index Chassis_Private.name autocreate_indices /usr/lib/python3.9/site-packages/ovsdbapp/backend/ovs_idl/__init__.py:128
2025-12-06 08:27:15.400 20 DEBUG ovsdbapp.backend.ovs_idl [-] Created schema index Datapath_Binding.tunnel_key autocreate_indices /usr/lib/python3.9/site-packages/ovsdbapp/backend/ovs_idl/__init__.py:128
2025-12-06 08:27:15.401 16 DEBUG neutron.common.ovn.hash_ring_manager [req-09dff127-bbe7-459b-a965-e5993e6f543d - - - - -] Hash Ring loaded. 1 active nodes. 0 offline nodes _load_hash_ring /usr/lib/python3.9/site-packages/neutron/common/ovn/hash_ring_manager.py:99
2025-12-06 08:27:15.402 20 INFO ovsdbapp.backend.ovs_idl.vlog [-] ssl:172.17.0.104:6642: connecting...
2025-12-06 08:27:15.404 16 DEBUG neutron.plugins.ml2.drivers.ovn.mech_driver.ovsdb.ovsdb_monitor [req-09dff127-bbe7-459b-a965-e5993e6f543d - - - - -] Hash Ring: Node 13a5c74b-927b-41cb-b4a2-6e36827261a3 (host: np0005548795.ooo.test) handling event "create" for row 48ab5eb7-2f3c-4c89-85a8-8a4605421322 (table: Chassis) notify /usr/lib/python3.9/site-packages/neutron/plugins/ml2/drivers/ovn/mech_driver/ovsdb/ovsdb_monitor.py:791
2025-12-06 08:27:15.404 16 DEBUG neutron.plugins.ml2.drivers.ovn.mech_driver.ovsdb.ovsdb_monitor [req-09dff127-bbe7-459b-a965-e5993e6f543d - - - - -] ChassisAgentWriteEvent : Matched Chassis_Private, create, None None matches /usr/lib/python3.9/site-packages/neutron/plugins/ml2/drivers/ovn/mech_driver/ovsdb/ovsdb_monitor.py:61
2025-12-06 08:27:15.404 16 DEBUG neutron.plugins.ml2.drivers.ovn.mech_driver.ovsdb.ovsdb_monitor [req-09dff127-bbe7-459b-a965-e5993e6f543d - - - - -] Hash Ring: Node 13a5c74b-927b-41cb-b4a2-6e36827261a3 (host: np0005548795.ooo.test) handling event "create" for row fa1cf4a3-2179-453a-8b9e-a322d3cb1031 (table: Chassis_Private) notify /usr/lib/python3.9/site-packages/neutron/plugins/ml2/drivers/ovn/mech_driver/ovsdb/ovsdb_monitor.py:791
2025-12-06 08:27:15.404 18 INFO ovsdbapp.backend.ovs_idl.vlog [req-e8e4c35e-77b8-43f6-805f-3185726831a5 - - - - -] ssl:172.17.0.105:6641: connecting...
2025-12-06 08:27:15.404 16 DEBUG neutron.plugins.ml2.drivers.ovn.mech_driver.ovsdb.ovsdb_monitor [req-09dff127-bbe7-459b-a965-e5993e6f543d - - - - -] Hash Ring: Node 13a5c74b-927b-41cb-b4a2-6e36827261a3 (host: np0005548795.ooo.test) handling event "create" for row eac345ba-3b05-4180-82dd-a2d0b1eed4c5 (table: Encap) notify /usr/lib/python3.9/site-packages/neutron/plugins/ml2/drivers/ovn/mech_driver/ovsdb/ovsdb_monitor.py:791
2025-12-06 08:27:15.406 16 INFO neutron.plugins.ml2.drivers.ovn.mech_driver.mech_driver [req-09dff127-bbe7-459b-a965-e5993e6f543d - - - - -] WorkerService process has finished the post initialization
2025-12-06 08:27:15.407 16 INFO neutron.wsgi [-] (16) wsgi starting up on http://[::1]:9696
2025-12-06 08:27:15.407 16 DEBUG neutron.wsgi [-] (16) accepted ('::1', 60312, 0, 0) server /usr/lib/python3.9/site-packages/eventlet/wsgi.py:992
2025-12-06 08:27:15.410 20 INFO ovsdbapp.backend.ovs_idl.vlog [-] ssl:172.17.0.104:6642: connected
2025-12-06 08:27:15.411 16 INFO neutron.wsgi [-] 172.17.0.103,::1 "GET /healthcheck HTTP/1.1" status: 200 len: 142 time: 0.0036952
2025-12-06 08:27:15.415 18 INFO ovsdbapp.backend.ovs_idl.vlog [req-e8e4c35e-77b8-43f6-805f-3185726831a5 - - - - -] ssl:172.17.0.105:6641: connected
2025-12-06 08:27:15.420 20 INFO neutron.plugins.ml2.drivers.ovn.mech_driver.ovsdb.extensions.qos [-] Starting OVNClientQosExtension
2025-12-06 08:27:15.420 20 INFO neutron.plugins.ml2.drivers.ovn.mech_driver.ovsdb.extensions.qos [-] Starting OVNClientQosExtension
2025-12-06 08:27:15.420 20 DEBUG neutron.plugins.ml2.drivers.ovn.mech_driver.ovsdb.maintenance [-] Schema aware periodic task found: DBInconsistenciesPeriodics.migrate_to_port_groups _set_schema_aware_periodics /usr/lib/python3.9/site-packages/neutron/plugins/ml2/drivers/ovn/mech_driver/ovsdb/maintenance.py:135
2025-12-06 08:27:15.421 20 DEBUG neutron.plugins.ml2.drivers.ovn.mech_driver.ovsdb.maintenance [-] Periodic task found: DBInconsistenciesPeriodics.add_vnic_type_and_pb_capabilities_to_lsp add_periodics /usr/lib/python3.9/site-packages/neutron/plugins/ml2/drivers/ovn/mech_driver/ovsdb/maintenance.py:74
2025-12-06 08:27:15.421 20 DEBUG neutron.plugins.ml2.drivers.ovn.mech_driver.ovsdb.maintenance [-] Periodic task found: DBInconsistenciesPeriodics.check_baremetal_ports_dhcp_options add_periodics /usr/lib/python3.9/site-packages/neutron/plugins/ml2/drivers/ovn/mech_driver/ovsdb/maintenance.py:74
2025-12-06 08:27:15.421 20 DEBUG neutron.plugins.ml2.drivers.ovn.mech_driver.ovsdb.maintenance [-] Periodic task found: DBInconsistenciesPeriodics.check_fair_meter_consistency add_periodics /usr/lib/python3.9/site-packages/neutron/plugins/ml2/drivers/ovn/mech_driver/ovsdb/maintenance.py:74
2025-12-06 08:27:15.421 20 DEBUG neutron.plugins.ml2.drivers.ovn.mech_driver.ovsdb.maintenance [-] Periodic task found: DBInconsistenciesPeriodics.check_fdb_aging_settings add_periodics /usr/lib/python3.9/site-packages/neutron/plugins/ml2/drivers/ovn/mech_driver/ovsdb/maintenance.py:74
2025-12-06 08:27:15.421 20 DEBUG neutron.plugins.ml2.drivers.ovn.mech_driver.ovsdb.maintenance [-] Periodic task found: DBInconsistenciesPeriodics.check_for_fragmentation_support add_periodics /usr/lib/python3.9/site-packages/neutron/plugins/ml2/drivers/ovn/mech_driver/ovsdb/maintenance.py:74
2025-12-06 08:27:15.421 20 DEBUG neutron.plugins.ml2.drivers.ovn.mech_driver.ovsdb.maintenance [-] Periodic task found: DBInconsistenciesPeriodics.check_for_ha_chassis_group add_periodics /usr/lib/python3.9/site-packages/neutron/plugins/ml2/drivers/ovn/mech_driver/ovsdb/maintenance.py:74
2025-12-06 08:27:15.421 20 DEBUG neutron.plugins.ml2.drivers.ovn.mech_driver.ovsdb.maintenance [-] Periodic task found: DBInconsistenciesPeriodics.check_for_igmp_snoop_support add_periodics /usr/lib/python3.9/site-packages/neutron/plugins/ml2/drivers/ovn/mech_driver/ovsdb/maintenance.py:74
2025-12-06 08:27:15.421 20 DEBUG neutron.plugins.ml2.drivers.ovn.mech_driver.ovsdb.maintenance [-] Periodic task found: DBInconsistenciesPeriodics.check_for_inconsistencies add_periodics /usr/lib/python3.9/site-packages/neutron/plugins/ml2/drivers/ovn/mech_driver/ovsdb/maintenance.py:74
2025-12-06 08:27:15.421 20 DEBUG neutron.plugins.ml2.drivers.ovn.mech_driver.ovsdb.maintenance [-] Periodic task found: DBInconsistenciesPeriodics.check_for_localnet_legacy_port_name add_periodics /usr/lib/python3.9/site-packages/neutron/plugins/ml2/drivers/ovn/mech_driver/ovsdb/maintenance.py:74
2025-12-06 08:27:15.421 20 DEBUG neutron.plugins.ml2.drivers.ovn.mech_driver.ovsdb.maintenance [-] Periodic task found: DBInconsistenciesPeriodics.check_for_mcast_flood_reports add_periodics /usr/lib/python3.9/site-packages/neutron/plugins/ml2/drivers/ovn/mech_driver/ovsdb/maintenance.py:74
2025-12-06 08:27:15.421 20 DEBUG neutron.plugins.ml2.drivers.ovn.mech_driver.ovsdb.maintenance [-] Periodic task found: DBInconsistenciesPeriodics.check_for_port_security_unknown_address add_periodics /usr/lib/python3.9/site-packages/neutron/plugins/ml2/drivers/ovn/mech_driver/ovsdb/maintenance.py:74
2025-12-06 08:27:15.422 20 DEBUG neutron.plugins.ml2.drivers.ovn.mech_driver.ovsdb.maintenance [-] Periodic task found: DBInconsistenciesPeriodics.check_global_dhcp_opts add_periodics /usr/lib/python3.9/site-packages/neutron/plugins/ml2/drivers/ovn/mech_driver/ovsdb/maintenance.py:74
2025-12-06 08:27:15.422 20 DEBUG neutron.plugins.ml2.drivers.ovn.mech_driver.ovsdb.maintenance [-] Periodic task found: DBInconsistenciesPeriodics.check_localnet_port_has_learn_fdb add_periodics /usr/lib/python3.9/site-packages/neutron/plugins/ml2/drivers/ovn/mech_driver/ovsdb/maintenance.py:74
2025-12-06 08:27:15.422 20 DEBUG neutron.plugins.ml2.drivers.ovn.mech_driver.ovsdb.maintenance [-] Periodic task found: DBInconsistenciesPeriodics.check_metadata_ports add_periodics /usr/lib/python3.9/site-packages/neutron/plugins/ml2/drivers/ovn/mech_driver/ovsdb/maintenance.py:74
2025-12-06 08:27:15.422 20 DEBUG neutron.plugins.ml2.drivers.ovn.mech_driver.ovsdb.maintenance [-] Periodic task found: DBInconsistenciesPeriodics.check_network_broadcast_arps_to_all_routers add_periodics /usr/lib/python3.9/site-packages/neutron/plugins/ml2/drivers/ovn/mech_driver/ovsdb/maintenance.py:74
2025-12-06 08:27:15.422 20 DEBUG neutron.plugins.ml2.drivers.ovn.mech_driver.ovsdb.maintenance [-] Periodic task found: DBInconsistenciesPeriodics.check_port_has_address_scope add_periodics /usr/lib/python3.9/site-packages/neutron/plugins/ml2/drivers/ovn/mech_driver/ovsdb/maintenance.py:74
2025-12-06 08:27:15.422 20 DEBUG neutron.plugins.ml2.drivers.ovn.mech_driver.ovsdb.maintenance [-] Periodic task found: DBInconsistenciesPeriodics.check_provider_distributed_ports add_periodics /usr/lib/python3.9/site-packages/neutron/plugins/ml2/drivers/ovn/mech_driver/ovsdb/maintenance.py:74
2025-12-06 08:27:15.422 20 DEBUG neutron.plugins.ml2.drivers.ovn.mech_driver.ovsdb.maintenance [-] Periodic task found: DBInconsistenciesPeriodics.check_redirect_type_router_gateway_ports add_periodics /usr/lib/python3.9/site-packages/neutron/plugins/ml2/drivers/ovn/mech_driver/ovsdb/maintenance.py:74
2025-12-06 08:27:15.422 20 DEBUG neutron.plugins.ml2.drivers.ovn.mech_driver.ovsdb.maintenance [-] Periodic task found: DBInconsistenciesPeriodics.check_router_mac_binding_options add_periodics /usr/lib/python3.9/site-packages/neutron/plugins/ml2/drivers/ovn/mech_driver/ovsdb/maintenance.py:74
2025-12-06 08:27:15.422 20 DEBUG neutron.plugins.ml2.drivers.ovn.mech_driver.ovsdb.maintenance [-] Periodic task found: DBInconsistenciesPeriodics.cleanup_old_hash_ring_nodes add_periodics /usr/lib/python3.9/site-packages/neutron/plugins/ml2/drivers/ovn/mech_driver/ovsdb/maintenance.py:74
2025-12-06 08:27:15.422 20 DEBUG neutron.plugins.ml2.drivers.ovn.mech_driver.ovsdb.maintenance [-] Periodic task found: DBInconsistenciesPeriodics.configure_nb_global add_periodics /usr/lib/python3.9/site-packages/neutron/plugins/ml2/drivers/ovn/mech_driver/ovsdb/maintenance.py:74
2025-12-06 08:27:15.422 20 DEBUG neutron.plugins.ml2.drivers.ovn.mech_driver.ovsdb.maintenance [-] Periodic task found: DBInconsistenciesPeriodics.create_router_extra_attributes_registers add_periodics /usr/lib/python3.9/site-packages/neutron/plugins/ml2/drivers/ovn/mech_driver/ovsdb/maintenance.py:74
2025-12-06 08:27:15.422 20 DEBUG neutron.plugins.ml2.drivers.ovn.mech_driver.ovsdb.maintenance [-] Periodic task found: DBInconsistenciesPeriodics.migrate_to_port_groups add_periodics /usr/lib/python3.9/site-packages/neutron/plugins/ml2/drivers/ovn/mech_driver/ovsdb/maintenance.py:74
2025-12-06 08:27:15.422 20 DEBUG neutron.plugins.ml2.drivers.ovn.mech_driver.ovsdb.maintenance [-] Periodic task found: DBInconsistenciesPeriodics.remove_duplicated_chassis_registers add_periodics /usr/lib/python3.9/site-packages/neutron/plugins/ml2/drivers/ovn/mech_driver/ovsdb/maintenance.py:74
2025-12-06 08:27:15.422 20 DEBUG neutron.plugins.ml2.drivers.ovn.mech_driver.ovsdb.maintenance [-] Periodic task found: DBInconsistenciesPeriodics.remove_invalid_gateway_chassis_from_unbound_lrp add_periodics /usr/lib/python3.9/site-packages/neutron/plugins/ml2/drivers/ovn/mech_driver/ovsdb/maintenance.py:74
2025-12-06 08:27:15.422 20 DEBUG neutron.plugins.ml2.drivers.ovn.mech_driver.ovsdb.maintenance [-] Periodic task found: DBInconsistenciesPeriodics.sync_metadata_ports add_periodics /usr/lib/python3.9/site-packages/neutron/plugins/ml2/drivers/ovn/mech_driver/ovsdb/maintenance.py:74
2025-12-06 08:27:15.423 20 DEBUG neutron.plugins.ml2.drivers.ovn.mech_driver.ovsdb.maintenance [-] Periodic task found: DBInconsistenciesPeriodics.update_logical_router_with_gateway_network_id add_periodics /usr/lib/python3.9/site-packages/neutron/plugins/ml2/drivers/ovn/mech_driver/ovsdb/maintenance.py:74
2025-12-06 08:27:15.423 20 DEBUG neutron.plugins.ml2.drivers.ovn.mech_driver.ovsdb.maintenance [-] Periodic task found: DBInconsistenciesPeriodics.update_mac_aging_settings add_periodics /usr/lib/python3.9/site-packages/neutron/plugins/ml2/drivers/ovn/mech_driver/ovsdb/maintenance.py:74
2025-12-06 08:27:15.423 20 DEBUG neutron.plugins.ml2.drivers.ovn.mech_driver.ovsdb.maintenance [-] Periodic task found: DBInconsistenciesPeriodics.update_port_qos_with_external_ids_reference add_periodics /usr/lib/python3.9/site-packages/neutron/plugins/ml2/drivers/ovn/mech_driver/ovsdb/maintenance.py:74
2025-12-06 08:27:15.423 20 DEBUG neutron.plugins.ml2.drivers.ovn.mech_driver.ovsdb.maintenance [-] Periodic task found: DBInconsistenciesPeriodics.update_port_virtual_type add_periodics /usr/lib/python3.9/site-packages/neutron/plugins/ml2/drivers/ovn/mech_driver/ovsdb/maintenance.py:74
2025-12-06 08:27:15.423 20 DEBUG neutron.plugins.ml2.drivers.ovn.mech_driver.ovsdb.maintenance [-] Periodic task found: DBInconsistenciesPeriodics.update_qos_fip_rule_priority add_periodics /usr/lib/python3.9/site-packages/neutron/plugins/ml2/drivers/ovn/mech_driver/ovsdb/maintenance.py:74
2025-12-06 08:27:15.426 20 DEBUG futurist.periodics [-] Submitting immediate callback 'neutron.plugins.ml2.drivers.ovn.mech_driver.ovsdb.maintenance.DBInconsistenciesPeriodics.add_vnic_type_and_pb_capabilities_to_lsp' _process_immediates /usr/lib/python3.9/site-packages/futurist/periodics.py:676
2025-12-06 08:27:15.432 18 INFO ovsdbapp.backend.ovs_idl.vlog [req-e8e4c35e-77b8-43f6-805f-3185726831a5 - - - - -] ssl:172.17.0.105:6641: clustered database server is not cluster leader; trying another server
2025-12-06 08:27:15.432 20 INFO neutron.plugins.ml2.drivers.ovn.mech_driver.mech_driver [-] Maintenance task thread has started
2025-12-06 08:27:15.432 20 INFO neutron.plugins.ml2.drivers.ovn.mech_driver.mech_driver [-] MaintenanceWorker process has finished the post initialization
2025-12-06 08:27:15.433 18 INFO ovsdbapp.backend.ovs_idl.vlog [req-e8e4c35e-77b8-43f6-805f-3185726831a5 - - - - -] ssl:172.17.0.105:6641: connection closed by client
2025-12-06 08:27:15.436 18 INFO ovsdbapp.backend.ovs_idl.vlog [req-e8e4c35e-77b8-43f6-805f-3185726831a5 - - - - -] ssl:172.17.0.104:6641: connecting...
2025-12-06 08:27:15.442 18 INFO ovsdbapp.backend.ovs_idl.vlog [req-e8e4c35e-77b8-43f6-805f-3185726831a5 - - - - -] ssl:172.17.0.104:6641: connected
2025-12-06 08:27:15.453 20 DEBUG ovsdbapp.backend.ovs_idl.transaction [-] There are no commands to commit do_commit /usr/lib/python3.9/site-packages/ovsdbapp/backend/ovs_idl/transaction.py:78
2025-12-06 08:27:15.454 20 DEBUG futurist.periodics [req-5ba756b5-f05f-4a15-8824-46ca86e36861 - - - - -] Periodic callback 'neutron.plugins.ml2.drivers.ovn.mech_driver.ovsdb.maintenance.DBInconsistenciesPeriodics.add_vnic_type_and_pb_capabilities_to_lsp' raised 'NeverAgain' exception, stopping any further execution of it. _on_done /usr/lib/python3.9/site-packages/futurist/periodics.py:713
2025-12-06 08:27:15.454 20 DEBUG futurist.periodics [req-5ba756b5-f05f-4a15-8824-46ca86e36861 - - - - -] Submitting immediate callback 'neutron.plugins.ml2.drivers.ovn.mech_driver.ovsdb.maintenance.DBInconsistenciesPeriodics.check_baremetal_ports_dhcp_options' _process_immediates /usr/lib/python3.9/site-packages/futurist/periodics.py:676
2025-12-06 08:27:15.463 18 INFO ovsdbapp.backend.ovs_idl.vlog [req-e8e4c35e-77b8-43f6-805f-3185726831a5 - - - - -] ssl:172.17.0.104:6641: clustered database server is not cluster leader; trying another server
2025-12-06 08:27:15.465 18 INFO ovsdbapp.backend.ovs_idl.vlog [req-e8e4c35e-77b8-43f6-805f-3185726831a5 - - - - -] ssl:172.17.0.104:6641: connection closed by client
2025-12-06 08:27:15.468 18 INFO ovsdbapp.backend.ovs_idl.vlog [req-e8e4c35e-77b8-43f6-805f-3185726831a5 - - - - -] ssl:172.17.0.103:6641: connecting...
2025-12-06 08:27:15.473 18 INFO ovsdbapp.backend.ovs_idl.vlog [req-e8e4c35e-77b8-43f6-805f-3185726831a5 - - - - -] ssl:172.17.0.103:6641: connected
2025-12-06 08:27:15.482 16 DEBUG neutron.wsgi [-] (16) accepted ('::1', 60320, 0, 0) server /usr/lib/python3.9/site-packages/eventlet/wsgi.py:992
2025-12-06 08:27:15.484 16 INFO neutron.wsgi [-] 172.17.0.105,::1 "GET /healthcheck HTTP/1.1" status: 200 len: 142 time: 0.0016074
2025-12-06 08:27:15.499 18 DEBUG neutron.common.ovn.hash_ring_manager [req-e8e4c35e-77b8-43f6-805f-3185726831a5 - - - - -] Allow caching, nodes 1>=1 _wait_startup_before_caching /usr/lib/python3.9/site-packages/neutron/common/ovn/hash_ring_manager.py:64
2025-12-06 08:27:15.499 20 DEBUG futurist.periodics [req-5ba756b5-f05f-4a15-8824-46ca86e36861 - - - - -] Periodic callback 'neutron.plugins.ml2.drivers.ovn.mech_driver.ovsdb.maintenance.DBInconsistenciesPeriodics.check_baremetal_ports_dhcp_options' raised 'NeverAgain' exception, stopping any further execution of it. _on_done /usr/lib/python3.9/site-packages/futurist/periodics.py:713
2025-12-06 08:27:15.500 20 DEBUG futurist.periodics [req-5ba756b5-f05f-4a15-8824-46ca86e36861 - - - - -] Submitting immediate callback 'neutron.plugins.ml2.drivers.ovn.mech_driver.ovsdb.maintenance.DBInconsistenciesPeriodics.check_fair_meter_consistency' _process_immediates /usr/lib/python3.9/site-packages/futurist/periodics.py:676
2025-12-06 08:27:15.500 20 DEBUG futurist.periodics [req-5ba756b5-f05f-4a15-8824-46ca86e36861 - - - - -] Periodic callback 'neutron.plugins.ml2.drivers.ovn.mech_driver.ovsdb.maintenance.DBInconsistenciesPeriodics.check_fair_meter_consistency' raised 'NeverAgain' exception, stopping any further execution of it. _on_done /usr/lib/python3.9/site-packages/futurist/periodics.py:713
2025-12-06 08:27:15.500 20 DEBUG futurist.periodics [req-5ba756b5-f05f-4a15-8824-46ca86e36861 - - - - -] Submitting immediate callback 'neutron.plugins.ml2.drivers.ovn.mech_driver.ovsdb.maintenance.DBInconsistenciesPeriodics.check_fdb_aging_settings' _process_immediates /usr/lib/python3.9/site-packages/futurist/periodics.py:676
2025-12-06 08:27:15.509 18 DEBUG neutron.common.ovn.hash_ring_manager [req-e8e4c35e-77b8-43f6-805f-3185726831a5 - - - - -] Hash Ring loaded. 1 active nodes. 0 offline nodes _load_hash_ring /usr/lib/python3.9/site-packages/neutron/common/ovn/hash_ring_manager.py:99
2025-12-06 08:27:15.510 18 INFO neutron.plugins.ml2.drivers.ovn.mech_driver.ovsdb.impl_idl_ovn [req-e8e4c35e-77b8-43f6-805f-3185726831a5 - - - - -] Getting OvsdbSbOvnIdl for RpcWorker with retry
2025-12-06 08:27:15.518 20 DEBUG ovsdbapp.backend.ovs_idl.transaction [-] Running txn n=1 command(idx=0): DbSetCommand(_result=None, table=NB_Global, record=., col_values=dict_items([('options', {'fdb_removal_limit': '0'})]), if_exists=True) do_commit /usr/lib/python3.9/site-packages/ovsdbapp/backend/ovs_idl/transaction.py:89
2025-12-06 08:27:15.518 18 DEBUG ovsdbapp.backend.ovs_idl [req-e8e4c35e-77b8-43f6-805f-3185726831a5 - - - - -] Created lookup_table index Chassis.name autocreate_indices /usr/lib/python3.9/site-packages/ovsdbapp/backend/ovs_idl/__init__.py:109
2025-12-06 08:27:15.519 18 DEBUG ovsdbapp.backend.ovs_idl [req-e8e4c35e-77b8-43f6-805f-3185726831a5 - - - - -] Created schema index Chassis_Private.name autocreate_indices /usr/lib/python3.9/site-packages/ovsdbapp/backend/ovs_idl/__init__.py:128
2025-12-06 08:27:15.519 18 DEBUG ovsdbapp.backend.ovs_idl [req-e8e4c35e-77b8-43f6-805f-3185726831a5 - - - - -] Created schema index Datapath_Binding.tunnel_key autocreate_indices /usr/lib/python3.9/site-packages/ovsdbapp/backend/ovs_idl/__init__.py:128
2025-12-06 08:27:15.523 18 INFO ovsdbapp.backend.ovs_idl.vlog [req-e8e4c35e-77b8-43f6-805f-3185726831a5 - - - - -] ssl:172.17.0.105:6642: connecting...
2025-12-06 08:27:15.529 16 DEBUG neutron.plugins.ml2.drivers.ovn.mech_driver.ovsdb.ovsdb_monitor [-] Hash Ring: Node 13a5c74b-927b-41cb-b4a2-6e36827261a3 (host: np0005548795.ooo.test) handling event "update" for row 2853ba53-7095-42c4-afdd-c7df99ba92df (table: NB_Global) notify /usr/lib/python3.9/site-packages/neutron/plugins/ml2/drivers/ovn/mech_driver/ovsdb/ovsdb_monitor.py:791
2025-12-06 08:27:15.531 18 INFO ovsdbapp.backend.ovs_idl.vlog [req-e8e4c35e-77b8-43f6-805f-3185726831a5 - - - - -] ssl:172.17.0.105:6642: connected
2025-12-06 08:27:15.533 20 DEBUG futurist.periodics [req-5ba756b5-f05f-4a15-8824-46ca86e36861 - - - - -] Periodic callback 'neutron.plugins.ml2.drivers.ovn.mech_driver.ovsdb.maintenance.DBInconsistenciesPeriodics.check_fdb_aging_settings' raised 'NeverAgain' exception, stopping any further execution of it. _on_done /usr/lib/python3.9/site-packages/futurist/periodics.py:713
2025-12-06 08:27:15.533 20 DEBUG futurist.periodics [req-5ba756b5-f05f-4a15-8824-46ca86e36861 - - - - -] Submitting immediate callback 'neutron.plugins.ml2.drivers.ovn.mech_driver.ovsdb.maintenance.DBInconsistenciesPeriodics.check_for_fragmentation_support' _process_immediates /usr/lib/python3.9/site-packages/futurist/periodics.py:676
2025-12-06 08:27:15.546 18 DEBUG neutron.common.ovn.hash_ring_manager [req-e8e4c35e-77b8-43f6-805f-3185726831a5 - - - - -] Allow caching, nodes 1>=1 _wait_startup_before_caching /usr/lib/python3.9/site-packages/neutron/common/ovn/hash_ring_manager.py:64
2025-12-06 08:27:15.547 20 DEBUG futurist.periodics [req-5ba756b5-f05f-4a15-8824-46ca86e36861 - - - - -] Periodic callback 'neutron.plugins.ml2.drivers.ovn.mech_driver.ovsdb.maintenance.DBInconsistenciesPeriodics.check_for_fragmentation_support' raised 'NeverAgain' exception, stopping any further execution of it. _on_done /usr/lib/python3.9/site-packages/futurist/periodics.py:713
2025-12-06 08:27:15.547 20 DEBUG futurist.periodics [req-5ba756b5-f05f-4a15-8824-46ca86e36861 - - - - -] Submitting immediate callback 'neutron.plugins.ml2.drivers.ovn.mech_driver.ovsdb.maintenance.DBInconsistenciesPeriodics.check_for_ha_chassis_group' _process_immediates /usr/lib/python3.9/site-packages/futurist/periodics.py:676
2025-12-06 08:27:15.548 20 DEBUG ovsdbapp.backend.ovs_idl.transaction [-] Running txn n=1 command(idx=0): HAChassisGroupDelCommand(_result=None, name=default_ha_chassis_group, if_exists=True) do_commit /usr/lib/python3.9/site-packages/ovsdbapp/backend/ovs_idl/transaction.py:89
2025-12-06 08:27:15.548 20 DEBUG ovsdbapp.backend.ovs_idl.transaction [-] Transaction caused no change do_commit /usr/lib/python3.9/site-packages/ovsdbapp/backend/ovs_idl/transaction.py:129
2025-12-06 08:27:15.548 20 DEBUG futurist.periodics [req-5ba756b5-f05f-4a15-8824-46ca86e36861 - - - - -] Periodic callback 'neutron.plugins.ml2.drivers.ovn.mech_driver.ovsdb.maintenance.DBInconsistenciesPeriodics.check_for_ha_chassis_group' raised 'NeverAgain' exception, stopping any further execution of it. _on_done /usr/lib/python3.9/site-packages/futurist/periodics.py:713
2025-12-06 08:27:15.549 20 DEBUG futurist.periodics [req-5ba756b5-f05f-4a15-8824-46ca86e36861 - - - - -] Submitting immediate callback 'neutron.plugins.ml2.drivers.ovn.mech_driver.ovsdb.maintenance.DBInconsistenciesPeriodics.check_for_igmp_snoop_support' _process_immediates /usr/lib/python3.9/site-packages/futurist/periodics.py:676
2025-12-06 08:27:15.549 20 DEBUG ovsdbapp.backend.ovs_idl.transaction [-] There are no commands to commit do_commit /usr/lib/python3.9/site-packages/ovsdbapp/backend/ovs_idl/transaction.py:78
2025-12-06 08:27:15.549 20 DEBUG futurist.periodics [req-5ba756b5-f05f-4a15-8824-46ca86e36861 - - - - -] Periodic callback 'neutron.plugins.ml2.drivers.ovn.mech_driver.ovsdb.maintenance.DBInconsistenciesPeriodics.check_for_igmp_snoop_support' raised 'NeverAgain' exception, stopping any further execution of it. _on_done /usr/lib/python3.9/site-packages/futurist/periodics.py:713
2025-12-06 08:27:15.549 20 DEBUG futurist.periodics [req-5ba756b5-f05f-4a15-8824-46ca86e36861 - - - - -] Submitting immediate callback 'neutron.plugins.ml2.drivers.ovn.mech_driver.ovsdb.maintenance.DBInconsistenciesPeriodics.check_for_inconsistencies' _process_immediates /usr/lib/python3.9/site-packages/futurist/periodics.py:676
2025-12-06 08:27:15.553 18 DEBUG neutron.common.ovn.hash_ring_manager [req-e8e4c35e-77b8-43f6-805f-3185726831a5 - - - - -] Hash Ring loaded. 1 active nodes. 0 offline nodes _load_hash_ring /usr/lib/python3.9/site-packages/neutron/common/ovn/hash_ring_manager.py:99
2025-12-06 08:27:15.554 18 DEBUG neutron.plugins.ml2.drivers.ovn.mech_driver.ovsdb.ovsdb_monitor [req-e8e4c35e-77b8-43f6-805f-3185726831a5 - - - - -] ChassisAgentWriteEvent : Matched Chassis_Private, create, None None matches /usr/lib/python3.9/site-packages/neutron/plugins/ml2/drivers/ovn/mech_driver/ovsdb/ovsdb_monitor.py:61
2025-12-06 08:27:15.555 20 DEBUG neutron.plugins.ml2.drivers.ovn.mech_driver.ovsdb.maintenance [req-5ba756b5-f05f-4a15-8824-46ca86e36861 - - - - -] Maintenance task: No inconsistencies found. Skipping check_for_inconsistencies /usr/lib/python3.9/site-packages/neutron/plugins/ml2/drivers/ovn/mech_driver/ovsdb/maintenance.py:363
2025-12-06 08:27:15.555 20 DEBUG futurist.periodics [req-5ba756b5-f05f-4a15-8824-46ca86e36861 - - - - -] Submitting immediate callback 'neutron.plugins.ml2.drivers.ovn.mech_driver.ovsdb.maintenance.DBInconsistenciesPeriodics.check_for_localnet_legacy_port_name' _process_immediates /usr/lib/python3.9/site-packages/futurist/periodics.py:676
2025-12-06 08:27:15.555 20 DEBUG futurist.periodics [req-5ba756b5-f05f-4a15-8824-46ca86e36861 - - - - -] Periodic callback 'neutron.plugins.ml2.drivers.ovn.mech_driver.ovsdb.maintenance.DBInconsistenciesPeriodics.check_for_localnet_legacy_port_name' raised 'NeverAgain' exception, stopping any further execution of it. _on_done /usr/lib/python3.9/site-packages/futurist/periodics.py:713
2025-12-06 08:27:15.555 20 DEBUG futurist.periodics [req-5ba756b5-f05f-4a15-8824-46ca86e36861 - - - - -] Submitting immediate callback 'neutron.plugins.ml2.drivers.ovn.mech_driver.ovsdb.maintenance.DBInconsistenciesPeriodics.check_for_mcast_flood_reports' _process_immediates /usr/lib/python3.9/site-packages/futurist/periodics.py:676
2025-12-06 08:27:15.555 18 INFO neutron.plugins.ml2.drivers.ovn.mech_driver.mech_driver [req-e8e4c35e-77b8-43f6-805f-3185726831a5 - - - - -] RpcWorker process has finished the post initialization
2025-12-06 08:27:15.555 20 DEBUG futurist.periodics [req-5ba756b5-f05f-4a15-8824-46ca86e36861 - - - - -] Periodic callback 'neutron.plugins.ml2.drivers.ovn.mech_driver.ovsdb.maintenance.DBInconsistenciesPeriodics.check_for_mcast_flood_reports' raised 'NeverAgain' exception, stopping any further execution of it. _on_done /usr/lib/python3.9/site-packages/futurist/periodics.py:713
2025-12-06 08:27:15.556 20 DEBUG futurist.periodics [req-5ba756b5-f05f-4a15-8824-46ca86e36861 - - - - -] Submitting immediate callback 'neutron.plugins.ml2.drivers.ovn.mech_driver.ovsdb.maintenance.DBInconsistenciesPeriodics.check_for_port_security_unknown_address' _process_immediates /usr/lib/python3.9/site-packages/futurist/periodics.py:676
2025-12-06 08:27:15.556 18 DEBUG neutron.plugins.ml2.plugin [req-e8e4c35e-77b8-43f6-805f-3185726831a5 - - - - -] neutron.plugins.ml2.plugin.Ml2Plugin method start_rpc_listeners called with arguments () {} wrapper /usr/lib/python3.9/site-packages/oslo_log/helpers.py:65
2025-12-06 08:27:15.556 20 DEBUG futurist.periodics [req-5ba756b5-f05f-4a15-8824-46ca86e36861 - - - - -] Periodic callback 'neutron.plugins.ml2.drivers.ovn.mech_driver.ovsdb.maintenance.DBInconsistenciesPeriodics.check_for_port_security_unknown_address' raised 'NeverAgain' exception, stopping any further execution of it. _on_done /usr/lib/python3.9/site-packages/futurist/periodics.py:713
2025-12-06 08:27:15.556 20 DEBUG futurist.periodics [req-5ba756b5-f05f-4a15-8824-46ca86e36861 - - - - -] Submitting immediate callback 'neutron.plugins.ml2.drivers.ovn.mech_driver.ovsdb.maintenance.DBInconsistenciesPeriodics.check_global_dhcp_opts' _process_immediates /usr/lib/python3.9/site-packages/futurist/periodics.py:676
2025-12-06 08:27:15.556 20 DEBUG futurist.periodics [req-5ba756b5-f05f-4a15-8824-46ca86e36861 - - - - -] Periodic callback 'neutron.plugins.ml2.drivers.ovn.mech_driver.ovsdb.maintenance.DBInconsistenciesPeriodics.check_global_dhcp_opts' raised 'NeverAgain' exception, stopping any further execution of it. _on_done /usr/lib/python3.9/site-packages/futurist/periodics.py:713
2025-12-06 08:27:15.556 20 DEBUG futurist.periodics [req-5ba756b5-f05f-4a15-8824-46ca86e36861 - - - - -] Submitting immediate callback 'neutron.plugins.ml2.drivers.ovn.mech_driver.ovsdb.maintenance.DBInconsistenciesPeriodics.check_localnet_port_has_learn_fdb' _process_immediates /usr/lib/python3.9/site-packages/futurist/periodics.py:676
2025-12-06 08:27:15.557 20 DEBUG ovsdbapp.backend.ovs_idl.transaction [-] There are no commands to commit do_commit /usr/lib/python3.9/site-packages/ovsdbapp/backend/ovs_idl/transaction.py:78
2025-12-06 08:27:15.557 20 DEBUG futurist.periodics [req-5ba756b5-f05f-4a15-8824-46ca86e36861 - - - - -] Periodic callback 'neutron.plugins.ml2.drivers.ovn.mech_driver.ovsdb.maintenance.DBInconsistenciesPeriodics.check_localnet_port_has_learn_fdb' raised 'NeverAgain' exception, stopping any further execution of it. _on_done /usr/lib/python3.9/site-packages/futurist/periodics.py:713
2025-12-06 08:27:15.557 20 DEBUG futurist.periodics [req-5ba756b5-f05f-4a15-8824-46ca86e36861 - - - - -] Submitting immediate callback 'neutron.plugins.ml2.drivers.ovn.mech_driver.ovsdb.maintenance.DBInconsistenciesPeriodics.check_metadata_ports' _process_immediates /usr/lib/python3.9/site-packages/futurist/periodics.py:676
2025-12-06 08:27:15.565 20 DEBUG futurist.periodics [req-5ba756b5-f05f-4a15-8824-46ca86e36861 - - - - -] Periodic callback 'neutron.plugins.ml2.drivers.ovn.mech_driver.ovsdb.maintenance.DBInconsistenciesPeriodics.check_metadata_ports' raised 'NeverAgain' exception, stopping any further execution of it. _on_done /usr/lib/python3.9/site-packages/futurist/periodics.py:713
2025-12-06 08:27:15.565 20 DEBUG futurist.periodics [req-5ba756b5-f05f-4a15-8824-46ca86e36861 - - - - -] Submitting immediate callback 'neutron.plugins.ml2.drivers.ovn.mech_driver.ovsdb.maintenance.DBInconsistenciesPeriodics.check_network_broadcast_arps_to_all_routers' _process_immediates /usr/lib/python3.9/site-packages/futurist/periodics.py:676
2025-12-06 08:27:15.573 20 DEBUG futurist.periodics [req-5ba756b5-f05f-4a15-8824-46ca86e36861 - - - - -] Periodic callback 'neutron.plugins.ml2.drivers.ovn.mech_driver.ovsdb.maintenance.DBInconsistenciesPeriodics.check_network_broadcast_arps_to_all_routers' raised 'NeverAgain' exception, stopping any further execution of it. _on_done /usr/lib/python3.9/site-packages/futurist/periodics.py:713
2025-12-06 08:27:15.573 20 DEBUG futurist.periodics [req-5ba756b5-f05f-4a15-8824-46ca86e36861 - - - - -] Submitting immediate callback 'neutron.plugins.ml2.drivers.ovn.mech_driver.ovsdb.maintenance.DBInconsistenciesPeriodics.check_port_has_address_scope' _process_immediates /usr/lib/python3.9/site-packages/futurist/periodics.py:676
2025-12-06 08:27:15.573 20 DEBUG ovsdbapp.backend.ovs_idl.transaction [-] There are no commands to commit do_commit /usr/lib/python3.9/site-packages/ovsdbapp/backend/ovs_idl/transaction.py:78
2025-12-06 08:27:15.574 20 DEBUG futurist.periodics [req-5ba756b5-f05f-4a15-8824-46ca86e36861 - - - - -] Periodic callback 'neutron.plugins.ml2.drivers.ovn.mech_driver.ovsdb.maintenance.DBInconsistenciesPeriodics.check_port_has_address_scope' raised 'NeverAgain' exception, stopping any further execution of it. _on_done /usr/lib/python3.9/site-packages/futurist/periodics.py:713
2025-12-06 08:27:15.574 20 DEBUG futurist.periodics [req-5ba756b5-f05f-4a15-8824-46ca86e36861 - - - - -] Submitting immediate callback 'neutron.plugins.ml2.drivers.ovn.mech_driver.ovsdb.maintenance.DBInconsistenciesPeriodics.check_provider_distributed_ports' _process_immediates /usr/lib/python3.9/site-packages/futurist/periodics.py:676
2025-12-06 08:27:15.601 20 DEBUG futurist.periodics [req-5ba756b5-f05f-4a15-8824-46ca86e36861 - - - - -] Periodic callback 'neutron.plugins.ml2.drivers.ovn.mech_driver.ovsdb.maintenance.DBInconsistenciesPeriodics.check_provider_distributed_ports' raised 'NeverAgain' exception, stopping any further execution of it. _on_done /usr/lib/python3.9/site-packages/futurist/periodics.py:713
2025-12-06 08:27:15.601 20 DEBUG futurist.periodics [req-5ba756b5-f05f-4a15-8824-46ca86e36861 - - - - -] Submitting immediate callback 'neutron.plugins.ml2.drivers.ovn.mech_driver.ovsdb.maintenance.DBInconsistenciesPeriodics.check_redirect_type_router_gateway_ports' _process_immediates /usr/lib/python3.9/site-packages/futurist/periodics.py:676
2025-12-06 08:27:15.618 20 DEBUG futurist.periodics [req-5ba756b5-f05f-4a15-8824-46ca86e36861 - - - - -] Periodic callback 'neutron.plugins.ml2.drivers.ovn.mech_driver.ovsdb.maintenance.DBInconsistenciesPeriodics.check_redirect_type_router_gateway_ports' raised 'NeverAgain' exception, stopping any further execution of it. _on_done /usr/lib/python3.9/site-packages/futurist/periodics.py:713
2025-12-06 08:27:15.618 20 DEBUG futurist.periodics [req-5ba756b5-f05f-4a15-8824-46ca86e36861 - - - - -] Submitting immediate callback 'neutron.plugins.ml2.drivers.ovn.mech_driver.ovsdb.maintenance.DBInconsistenciesPeriodics.check_router_mac_binding_options' _process_immediates /usr/lib/python3.9/site-packages/futurist/periodics.py:676
2025-12-06 08:27:15.618 20 DEBUG futurist.periodics [req-5ba756b5-f05f-4a15-8824-46ca86e36861 - - - - -] Periodic callback 'neutron.plugins.ml2.drivers.ovn.mech_driver.ovsdb.maintenance.DBInconsistenciesPeriodics.check_router_mac_binding_options' raised 'NeverAgain' exception, stopping any further execution of it. _on_done /usr/lib/python3.9/site-packages/futurist/periodics.py:713
2025-12-06 08:27:15.618 20 DEBUG futurist.periodics [req-5ba756b5-f05f-4a15-8824-46ca86e36861 - - - - -] Submitting immediate callback 'neutron.plugins.ml2.drivers.ovn.mech_driver.ovsdb.maintenance.DBInconsistenciesPeriodics.cleanup_old_hash_ring_nodes' _process_immediates /usr/lib/python3.9/site-packages/futurist/periodics.py:676
2025-12-06 08:27:15.621 20 INFO neutron.db.ovn_hash_ring_db [req-5ba756b5-f05f-4a15-8824-46ca86e36861 - - - - -] Cleaned up Hash Ring nodes older than 5 days
2025-12-06 08:27:15.621 20 DEBUG futurist.periodics [req-5ba756b5-f05f-4a15-8824-46ca86e36861 - - - - -] Submitting immediate callback 'neutron.plugins.ml2.drivers.ovn.mech_driver.ovsdb.maintenance.DBInconsistenciesPeriodics.configure_nb_global' _process_immediates /usr/lib/python3.9/site-packages/futurist/periodics.py:676
2025-12-06 08:27:15.621 20 DEBUG neutron.plugins.ml2.drivers.ovn.mech_driver.ovsdb.impl_idl_ovn [req-5ba756b5-f05f-4a15-8824-46ca86e36861 - - - - -] Setting NB_Global options: {'ignore_lsp_down': 'false', 'mac_binding_removal_limit': '0', 'fdb_removal_limit': '0'} set_nb_global_options /usr/lib/python3.9/site-packages/neutron/plugins/ml2/drivers/ovn/mech_driver/ovsdb/impl_idl_ovn.py:854
2025-12-06 08:27:15.621 20 DEBUG ovsdbapp.backend.ovs_idl.transaction [-] Running txn n=1 command(idx=0): DbSetCommand(_result=None, table=NB_Global, record=., col_values=dict_items([('options', {'ignore_lsp_down': 'false', 'mac_binding_removal_limit': '0', 'fdb_removal_limit': '0'})]), if_exists=True) do_commit /usr/lib/python3.9/site-packages/ovsdbapp/backend/ovs_idl/transaction.py:89
2025-12-06 08:27:15.627 16 DEBUG neutron.plugins.ml2.drivers.ovn.mech_driver.ovsdb.ovsdb_monitor [-] Hash Ring: Node 13a5c74b-927b-41cb-b4a2-6e36827261a3 (host: np0005548795.ooo.test) handling event "update" for row 2853ba53-7095-42c4-afdd-c7df99ba92df (table: NB_Global) notify /usr/lib/python3.9/site-packages/neutron/plugins/ml2/drivers/ovn/mech_driver/ovsdb/ovsdb_monitor.py:791
2025-12-06 08:27:15.628 20 DEBUG futurist.periodics [req-5ba756b5-f05f-4a15-8824-46ca86e36861 - - - - -] Periodic callback 'neutron.plugins.ml2.drivers.ovn.mech_driver.ovsdb.maintenance.DBInconsistenciesPeriodics.configure_nb_global' raised 'NeverAgain' exception, stopping any further execution of it. _on_done /usr/lib/python3.9/site-packages/futurist/periodics.py:713
2025-12-06 08:27:15.628 20 DEBUG futurist.periodics [req-5ba756b5-f05f-4a15-8824-46ca86e36861 - - - - -] Submitting immediate callback 'neutron.plugins.ml2.drivers.ovn.mech_driver.ovsdb.maintenance.DBInconsistenciesPeriodics.create_router_extra_attributes_registers' _process_immediates /usr/lib/python3.9/site-packages/futurist/periodics.py:676
2025-12-06 08:27:15.658 20 DEBUG futurist.periodics [req-5ba756b5-f05f-4a15-8824-46ca86e36861 - - - - -] Periodic callback 'neutron.plugins.ml2.drivers.ovn.mech_driver.ovsdb.maintenance.DBInconsistenciesPeriodics.create_router_extra_attributes_registers' raised 'NeverAgain' exception, stopping any further execution of it. _on_done /usr/lib/python3.9/site-packages/futurist/periodics.py:713
2025-12-06 08:27:15.658 20 DEBUG futurist.periodics [req-5ba756b5-f05f-4a15-8824-46ca86e36861 - - - - -] Submitting immediate callback 'neutron.plugins.ml2.drivers.ovn.mech_driver.ovsdb.maintenance.DBInconsistenciesPeriodics.migrate_to_port_groups' _process_immediates /usr/lib/python3.9/site-packages/futurist/periodics.py:676
2025-12-06 08:27:15.659 20 DEBUG futurist.periodics [req-5ba756b5-f05f-4a15-8824-46ca86e36861 - - - - -] Periodic callback 'neutron.plugins.ml2.drivers.ovn.mech_driver.ovsdb.maintenance.DBInconsistenciesPeriodics.migrate_to_port_groups' raised 'NeverAgain' exception, stopping any further execution of it. _on_done /usr/lib/python3.9/site-packages/futurist/periodics.py:713
2025-12-06 08:27:15.659 20 DEBUG futurist.periodics [req-5ba756b5-f05f-4a15-8824-46ca86e36861 - - - - -] Submitting immediate callback 'neutron.plugins.ml2.drivers.ovn.mech_driver.ovsdb.maintenance.DBInconsistenciesPeriodics.remove_duplicated_chassis_registers' _process_immediates /usr/lib/python3.9/site-packages/futurist/periodics.py:676
2025-12-06 08:27:15.659 20 DEBUG futurist.periodics [req-5ba756b5-f05f-4a15-8824-46ca86e36861 - - - - -] Submitting immediate callback 'neutron.plugins.ml2.drivers.ovn.mech_driver.ovsdb.maintenance.DBInconsistenciesPeriodics.remove_invalid_gateway_chassis_from_unbound_lrp' _process_immediates /usr/lib/python3.9/site-packages/futurist/periodics.py:676
2025-12-06 08:27:15.659 20 DEBUG ovsdbapp.backend.ovs_idl.transaction [-] There are no commands to commit do_commit /usr/lib/python3.9/site-packages/ovsdbapp/backend/ovs_idl/transaction.py:78
2025-12-06 08:27:15.660 20 DEBUG futurist.periodics [req-5ba756b5-f05f-4a15-8824-46ca86e36861 - - - - -] Periodic callback 'neutron.plugins.ml2.drivers.ovn.mech_driver.ovsdb.maintenance.DBInconsistenciesPeriodics.remove_invalid_gateway_chassis_from_unbound_lrp' raised 'NeverAgain' exception, stopping any further execution of it. _on_done /usr/lib/python3.9/site-packages/futurist/periodics.py:713
