Feb 2 11:39:03 standalone account-server[122331]: Starting 2
Feb 2 11:39:04 standalone account-server[122489]: Started child 14 from parent 2
Feb 2 11:39:04 standalone account-server[122489]: Started child 15 from parent 2
Feb 2 11:39:04 standalone account-server[122489]: Started child 19 from parent 2
Feb 2 11:39:04 standalone account-server[122489]: Started child 22 from parent 2
Feb 2 11:39:04 standalone container-server[122535]: Option allow_versions is deprecated. Configure the versioned_writes middleware in the proxy-server instead. This option will be ignored in a future release.
Feb 2 11:39:04 standalone container-server[122730]: Option allow_versions is deprecated. Configure the versioned_writes middleware in the proxy-server instead. This option will be ignored in a future release.
Feb 2 11:39:04 standalone container-server[122535]: Started child 20 from parent 2
Feb 2 11:39:04 standalone container-server[122731]: Option allow_versions is deprecated. Configure the versioned_writes middleware in the proxy-server instead. This option will be ignored in a future release.
Feb 2 11:39:04 standalone container-server[122535]: Started child 21 from parent 2
Feb 2 11:39:04 standalone container-server[122744]: Option allow_versions is deprecated. Configure the versioned_writes middleware in the proxy-server instead. This option will be ignored in a future release.
Feb 2 11:39:04 standalone container-server[122535]: Started child 22 from parent 2
Feb 2 11:39:04 standalone container-server[122746]: Option allow_versions is deprecated. Configure the versioned_writes middleware in the proxy-server instead. This option will be ignored in a future release.
Feb 2 11:39:04 standalone container-server[122535]: Started child 23 from parent 2
Feb 2 11:39:04 standalone container-server[122635]: Starting 2
Feb 2 11:39:04 standalone object-expirer[122692]: Starting 2
Feb 2 11:39:04 standalone object-expirer[122692]: Option auto_create_account_prefix is deprecated. Configure auto_create_account_prefix under the swift-constraints section of swift.conf. This option will be ignored in a future release.
Feb 2 11:39:05 standalone object-server[122837]: Started child 22 from parent 2
Feb 2 11:39:05 standalone object-server[122837]: Started child 23 from parent 2
Feb 2 11:39:05 standalone object-server[122837]: Started child 24 from parent 2
Feb 2 11:39:05 standalone object-server[122837]: Started child 25 from parent 2
Feb 2 11:39:05 standalone object-server[122878]: Starting 2
Feb 2 11:39:11 standalone proxy-server[124704]: Starting Keystone auth_token middleware
Feb 2 11:39:11 standalone proxy-server[124704]: AuthToken middleware is set with keystone_authtoken.service_token_roles_required set to False. This is backwards compatible but deprecated behaviour. Please set this to True.
Feb 2 11:39:11 standalone proxy-server[124826]: Starting Keystone auth_token middleware
Feb 2 11:39:11 standalone proxy-server[124826]: STDERR: The option "bind_port" is not known to keystonemiddleware
Feb 2 11:39:11 standalone proxy-server[124826]: STDERR: The option "workers" is not known to keystonemiddleware
Feb 2 11:39:11 standalone proxy-server[124826]: STDERR: The option "user" is not known to keystonemiddleware
Feb 2 11:39:11 standalone proxy-server[124826]: STDERR: The option "bind_ip" is not known to keystonemiddleware
Feb 2 11:39:11 standalone proxy-server[124826]: STDERR: The option "log_name" is not known to keystonemiddleware
Feb 2 11:39:11 standalone proxy-server[124826]: STDERR: The option "log_facility" is not known to keystonemiddleware
Feb 2 11:39:11 standalone proxy-server[124826]: STDERR: The option "log_level" is not known to keystonemiddleware
Feb 2 11:39:11 standalone proxy-server[124826]: STDERR: The option "log_headers" is not known to keystonemiddleware
Feb 2 11:39:11 standalone proxy-server[124826]: STDERR: The option "log_address" is not known to keystonemiddleware
Feb 2 11:39:11 standalone proxy-server[124826]: STDERR: The option "project_name" is not known to keystonemiddleware
Feb 2 11:39:11 standalone proxy-server[124826]: STDERR: The option "username" is not known to keystonemiddleware
Feb 2 11:39:11 standalone proxy-server[124826]: STDERR: The option "password" is not known to keystonemiddleware
Feb 2 11:39:11 standalone proxy-server[124826]: STDERR: The option "auth_url" is not known to keystonemiddleware
Feb 2 11:39:11 standalone proxy-server[124826]: STDERR: The option "signing_dir" is not known to keystonemiddleware
Feb 2 11:39:11 standalone proxy-server[124826]: STDERR: The option "project_domain_id" is not known to keystonemiddleware
Feb 2 11:39:11 standalone proxy-server[124826]: STDERR: The option "user_domain_id" is not known to keystonemiddleware
Feb 2 11:39:11 standalone proxy-server[124826]: STDERR: The option "__name__" is not known to keystonemiddleware
Feb 2 11:39:11 standalone proxy-server[124826]: AuthToken middleware is set with keystone_authtoken.service_token_roles_required set to False. This is backwards compatible but deprecated behaviour. Please set this to True.
Feb 2 11:39:11 standalone proxy-server[124704]: Started child 21 from parent 2
Feb 2 11:41:00 standalone account-server[122331]: Devices pass completed: 0.00s
Feb 2 11:41:18 standalone account-server[122657]: 172.20.0.100 - - [02/Feb/2026:11:41:18 +0000] "HEAD /d1/289/.expiring_objects" 404 - "HEAD http://localhost/v1/.expiring_objects?format=json" "tx11a8cdd339c847e69f2b7-0069808d5e" "proxy-server 2" 0.0017 "-" 19 -
Feb 2 11:41:18 standalone object-expirer[122692]: Pass completed in 0s; 0 objects expired (txn: tx11a8cdd339c847e69f2b7-0069808d5e)
Feb 2 11:41:50 standalone container-server[122635]: Begin container update sweep
Feb 2 11:41:50 standalone container-server[122635]: Container update sweep completed: 0.00s
Feb 2 11:43:44 standalone object-server[122878]: Begin object update sweep
Feb 2 11:43:44 standalone object-server[155684]: Object update sweep starting on /srv/node/d1 (pid: 12)
Feb 2 11:43:44 standalone object-server[155684]: Object update sweep completed on /srv/node/d1 in 0.00s seconds:, 0 successes, 0 failures, 0 quarantines, 0 unlinks, 0 errors, 0 redirects (pid: 12)
Feb 2 11:43:44 standalone object-server[155684]: Object update sweep of d1 completed: 0.00s, 0 successes, 0 failures, 0 quarantines, 0 unlinks, 0 errors, 0 redirects
Feb 2 11:43:44 standalone object-server[122878]: Object update sweep completed: 0.08s
Feb 2 11:44:44 standalone account-server[122650]: 172.20.0.100 - - [02/Feb/2026:11:44:44 +0000] "HEAD /d1/289/.expiring_objects" 404 - "HEAD http://localhost/v1/.expiring_objects?format=json" "tx9ab21d8d1e4942298a6c1-0069808e2c" "proxy-server 2" 0.0013 "-" 15 -
Feb 2 11:44:44 standalone object-expirer[122692]: Pass completed in 0s; 0 objects expired (txn: tx9ab21d8d1e4942298a6c1-0069808e2c)
Feb 2 11:45:26 standalone account-server[122657]: 172.20.0.100 - - [02/Feb/2026:11:45:26 +0000] "HEAD /d1/288/AUTH_f8ef0e5143814014ad2a4dffe22f1919" 404 - "HEAD http://localhost:8080/v1/AUTH_f8ef0e5143814014ad2a4dffe22f1919?format=json" "tx1b01232047104aecb87a1-0069808e56" "proxy-server 21" 0.0007 "-" 19 -
Feb 2 11:45:26 standalone proxy-server[124826]: - - 02/Feb/2026/11/45/26 HEAD /v1/AUTH_f8ef0e5143814014ad2a4dffe22f1919%3Fformat%3Djson HTTP/1.0 200 - Swift - - - - tx1b01232047104aecb87a1-0069808e56 - 0.0047 RL - 1770032726.707663536 1770032726.712390661 -
Feb 2 11:45:27 standalone proxy-server[124826]: 172.18.0.2 ::1 02/Feb/2026/11/45/27 HEAD /v1/AUTH_f8ef0e5143814014ad2a4dffe22f1919/glance%3Fformat%3Djson HTTP/1.0 404 - python-swiftclient-3.11.1 gAAAAABpgI5Wd8SW... - - - tx1b01232047104aecb87a1-0069808e56 - 0.5403 - - 1770032726.702551126 1770032727.242852926 -
Feb 2 11:45:27 standalone account-server[122657]: 172.20.0.100 - - [02/Feb/2026:11:45:27 +0000] "PUT /d1/288/AUTH_f8ef0e5143814014ad2a4dffe22f1919" 201 - "-" "tx1e13cfe3498e4654bc5ba-0069808e57" "-" 0.0170 "-" 19 -
Feb 2 11:45:27 standalone proxy-server[124826]: autocreate account '/AUTH_f8ef0e5143814014ad2a4dffe22f1919' (txn: tx1e13cfe3498e4654bc5ba-0069808e57)
Feb 2 11:45:27 standalone account-server[122650]: 172.20.0.100 - - [02/Feb/2026:11:45:27 +0000] "HEAD /d1/288/AUTH_f8ef0e5143814014ad2a4dffe22f1919" 204 - "HEAD http://localhost:8080/v1/AUTH_f8ef0e5143814014ad2a4dffe22f1919?format=json" "tx1e13cfe3498e4654bc5ba-0069808e57" "proxy-server 21" 0.0028 "-" 15 -
Feb 2 11:45:27 standalone account-server[122657]: 172.20.0.100 - - [02/Feb/2026:11:45:27 +0000] "PUT /d1/288/AUTH_f8ef0e5143814014ad2a4dffe22f1919/glance" 201 - "PUT http://172.20.0.100:6001/d1/496/AUTH_f8ef0e5143814014ad2a4dffe22f1919/glance" "tx1e13cfe3498e4654bc5ba-0069808e57" "container-server 20" 0.0020 "-" 19 0
Feb 2 11:45:27 standalone container-server[122730]: 172.20.0.100 - - [02/Feb/2026:11:45:27 +0000] "PUT /d1/496/AUTH_f8ef0e5143814014ad2a4dffe22f1919/glance" 201 - "PUT http://localhost:8080/v1/AUTH_f8ef0e5143814014ad2a4dffe22f1919/glance" "tx1e13cfe3498e4654bc5ba-0069808e57" "proxy-server 21" 0.0150 "-" 20 0
Feb 2 11:45:27 standalone proxy-server[124826]: 172.18.0.2 ::1 02/Feb/2026/11/45/27 PUT /v1/AUTH_f8ef0e5143814014ad2a4dffe22f1919/glance HTTP/1.0 201 - python-swiftclient-3.11.1 gAAAAABpgI5Wd8SW... - - - tx1e13cfe3498e4654bc5ba-0069808e57 - 0.0585 - - 1770032727.249824762 1770032727.308308125 0
Feb 2 11:45:27 standalone container-server[122744]: 172.20.0.100 - - [02/Feb/2026:11:45:27 +0000] "HEAD /d1/496/AUTH_f8ef0e5143814014ad2a4dffe22f1919/glance" 204 - "HEAD http://localhost:8080/v1/AUTH_f8ef0e5143814014ad2a4dffe22f1919/glance?format=json&states=listing" "tx43909a4cb9cf4c35af5c9-0069808e57" "proxy-server 21" 0.0023 "-" 22 0
Feb 2 11:45:27 standalone proxy-server[124826]: - - 02/Feb/2026/11/45/27 HEAD /v1/AUTH_f8ef0e5143814014ad2a4dffe22f1919/glance%3Fformat%3Djson%26states%3Dlisting HTTP/1.0 204 - Swift - - - - tx43909a4cb9cf4c35af5c9-0069808e57 - 0.0073 RL - 1770032727.322894573 1770032727.330171108 0
Feb 2 11:45:44 standalone container-server[122730]: 172.20.0.100 - - [02/Feb/2026:11:45:44 +0000] "PUT /d1/496/AUTH_f8ef0e5143814014ad2a4dffe22f1919/glance/b3d7be68-3be9-4391-875c-79fe6e352aee" 201 - "PUT http://localhost:8080/d1/709/AUTH_f8ef0e5143814014ad2a4dffe22f1919/glance/b3d7be68-3be9-4391-875c-79fe6e352aee" "tx43909a4cb9cf4c35af5c9-0069808e57" "object-server 23" 0.0009 "-" 20 0
Feb 2 11:45:44 standalone object-server[122949]: 172.20.0.100 - - [02/Feb/2026:11:45:44 +0000] "PUT /d1/709/AUTH_f8ef0e5143814014ad2a4dffe22f1919/glance/b3d7be68-3be9-4391-875c-79fe6e352aee" 201 - "PUT http://localhost:8080/v1/AUTH_f8ef0e5143814014ad2a4dffe22f1919/glance/b3d7be68-3be9-4391-875c-79fe6e352aee" "tx43909a4cb9cf4c35af5c9-0069808e57" "proxy-server 21" 17.6134 "-" 23 0
Feb 2 11:45:44 standalone proxy-server[124826]: 172.18.0.2 ::1 02/Feb/2026/11/45/44 PUT /v1/AUTH_f8ef0e5143814014ad2a4dffe22f1919/glance/b3d7be68-3be9-4391-875c-79fe6e352aee HTTP/1.0 201 - python-swiftclient-3.11.1 gAAAAABpgI5Wd8SW... 1481900032 - - tx43909a4cb9cf4c35af5c9-0069808e57 - 17.6346 - - 1770032727.318177938 1770032744.952772856 0
Feb 2 11:46:50 standalone container-server[122635]: Begin container update sweep
Feb 2 11:46:50 standalone account-server[122657]: 172.20.0.100 - - [02/Feb/2026:11:46:50 +0000] "PUT /d1/288/AUTH_f8ef0e5143814014ad2a4dffe22f1919/glance" 201 - "-" "-" "container-updater 2" 0.0006 "-" 19 0
Feb 2 11:46:50 standalone container-server[122635]: Container update sweep completed: 0.08s
Feb 2 11:47:57 standalone account-server[122665]: 172.20.0.100 - - [02/Feb/2026:11:47:57 +0000] "HEAD /d1/289/.expiring_objects" 404 - "HEAD http://localhost/v1/.expiring_objects?format=json" "txfdd85b2029ad4e1cb0f7b-0069808eed" "proxy-server 2" 0.0017 "-" 22 -
Feb 2 11:47:57 standalone object-expirer[122692]: Pass completed in 0s; 0 objects expired (txn: txfdd85b2029ad4e1cb0f7b-0069808eed)
Feb 2 11:48:44 standalone object-server[122878]: Begin object update sweep
Feb 2 11:48:44 standalone object-server[195464]: Object update sweep starting on /srv/node/d1 (pid: 13)
Feb 2 11:48:44 standalone object-server[195464]: Object update sweep completed on /srv/node/d1 in 0.00s seconds:, 0 successes, 0 failures, 0 quarantines, 0 unlinks, 0 errors, 0 redirects (pid: 13)
Feb 2 11:48:44 standalone object-server[195464]: Object update sweep of d1 completed: 0.00s, 0 successes, 0 failures, 0 quarantines, 0 unlinks, 0 errors, 0 redirects
Feb 2 11:48:44 standalone object-server[122878]: Object update sweep completed: 0.05s
Feb 2 11:50:18 standalone account-server[122665]: 172.20.0.100 - - [02/Feb/2026:11:50:18 +0000] "HEAD /d1/288/AUTH_f8ef0e5143814014ad2a4dffe22f1919" 204 - "HEAD http://localhost:8080/v1/AUTH_f8ef0e5143814014ad2a4dffe22f1919?format=json" "tx712ccedf8c264564bb404-0069808f7a" "proxy-server 21" 0.0076 "-" 22 -
Feb 2 11:50:18 standalone proxy-server[124826]: - - 02/Feb/2026/11/50/18 HEAD /v1/AUTH_f8ef0e5143814014ad2a4dffe22f1919%3Fformat%3Djson HTTP/1.0 204 - Swift - - - - tx712ccedf8c264564bb404-0069808f7a - 0.0127 RL - 1770033018.164091349 1770033018.176772594 -
Feb 2 11:50:18 standalone container-server[122746]: 172.20.0.100 - - [02/Feb/2026:11:50:18 +0000] "HEAD /d1/496/AUTH_f8ef0e5143814014ad2a4dffe22f1919/glance" 204 - "HEAD http://localhost:8080/v1/AUTH_f8ef0e5143814014ad2a4dffe22f1919/glance?format=json&states=listing" "tx712ccedf8c264564bb404-0069808f7a" "proxy-server 21" 0.0025 "-" 23 0
Feb 2 11:50:18 standalone proxy-server[124826]: 172.18.0.2 ::1 02/Feb/2026/11/50/18 HEAD /v1/AUTH_f8ef0e5143814014ad2a4dffe22f1919/glance%3Fformat%3Djson%26states%3Dlisting HTTP/1.0 204 - python-swiftclient-3.11.1 gAAAAABpgI96uXIs... - - - tx712ccedf8c264564bb404-0069808f7a - 0.1011 - - 1770033018.162779331 1770033018.263889313 0
Feb 2 11:50:21 standalone container-server[122730]: 172.20.0.100 - - [02/Feb/2026:11:50:21 +0000] "PUT /d1/496/AUTH_f8ef0e5143814014ad2a4dffe22f1919/glance/df685eb0-c6cd-4d9d-bfb6-35de4ffe952c-00001" 201 - "PUT http://localhost:8080/d1/474/AUTH_f8ef0e5143814014ad2a4dffe22f1919/glance/df685eb0-c6cd-4d9d-bfb6-35de4ffe952c-00001" "tx7724066ba41643e2a6da9-0069808f7a" "object-server 25" 0.0010 "-" 20 0
Feb 2 11:50:21 standalone object-server[122954]: 172.20.0.100 - - [02/Feb/2026:11:50:21 +0000] "PUT /d1/474/AUTH_f8ef0e5143814014ad2a4dffe22f1919/glance/df685eb0-c6cd-4d9d-bfb6-35de4ffe952c-00001" 201 - "PUT http://localhost:8080/v1/AUTH_f8ef0e5143814014ad2a4dffe22f1919/glance/df685eb0-c6cd-4d9d-bfb6-35de4ffe952c-00001" "tx7724066ba41643e2a6da9-0069808f7a" "proxy-server 21" 2.8348 "-" 25 0
Feb 2 11:50:21 standalone proxy-server[124826]: 172.18.0.2 ::1 02/Feb/2026/11/50/21 PUT /v1/AUTH_f8ef0e5143814014ad2a4dffe22f1919/glance/df685eb0-c6cd-4d9d-bfb6-35de4ffe952c-00001 HTTP/1.0 201 - python-swiftclient-3.11.1 gAAAAABpgI96uXIs... 21692416 - - tx7724066ba41643e2a6da9-0069808f7a - 2.8418 - - 1770033018.268893242 1770033021.110671520 0
Feb 2 11:50:21 standalone container-server[122744]: 172.20.0.100 - - [02/Feb/2026:11:50:21 +0000] "PUT /d1/496/AUTH_f8ef0e5143814014ad2a4dffe22f1919/glance/df685eb0-c6cd-4d9d-bfb6-35de4ffe952c" 201 - "PUT http://localhost:8080/d1/785/AUTH_f8ef0e5143814014ad2a4dffe22f1919/glance/df685eb0-c6cd-4d9d-bfb6-35de4ffe952c" "tx449a262d842345eea7801-0069808f7d" "object-server 24" 0.0010 "-" 22 0
Feb 2 11:50:21 standalone object-server[122950]: 172.20.0.100 - - [02/Feb/2026:11:50:21 +0000] "PUT /d1/785/AUTH_f8ef0e5143814014ad2a4dffe22f1919/glance/df685eb0-c6cd-4d9d-bfb6-35de4ffe952c" 201 - "PUT http://localhost:8080/v1/AUTH_f8ef0e5143814014ad2a4dffe22f1919/glance/df685eb0-c6cd-4d9d-bfb6-35de4ffe952c" "tx449a262d842345eea7801-0069808f7d" "proxy-server 21" 0.0214 "-" 24 0
Feb 2 11:50:21 standalone proxy-server[124826]: 172.18.0.2 ::1 02/Feb/2026/11/50/21 PUT /v1/AUTH_f8ef0e5143814014ad2a4dffe22f1919/glance/df685eb0-c6cd-4d9d-bfb6-35de4ffe952c HTTP/1.0 201 - python-swiftclient-3.11.1 gAAAAABpgI96uXIs... - - - tx449a262d842345eea7801-0069808f7d - 0.0258 - - 1770033021.115545750 1770033021.141391754 0
Feb 2 11:50:21 standalone container-server[122731]: 172.20.0.100 - - [02/Feb/2026:11:50:21 +0000] "HEAD /d1/153/AUTH_f8ef0e5143814014ad2a4dffe22f1919/gnocchi.d7e22992-89f1-4f2b-b20d-38b700187460" 404 - "HEAD http://localhost:8080/v1/AUTH_f8ef0e5143814014ad2a4dffe22f1919/gnocchi.d7e22992-89f1-4f2b-b20d-38b700187460?format=json&states=listing" "txece58ce5ce614df9b871d-0069808f7d" "proxy-server 21" 0.0017 "-" 21 0
Feb 2 11:50:21 standalone object-server[122950]: 172.20.0.100 - - [02/Feb/2026:11:50:21 +0000] "GET /d1/472/AUTH_f8ef0e5143814014ad2a4dffe22f1919/gnocchi.d7e22992-89f1-4f2b-b20d-38b700187460/none_v3" 404 70 "GET http://localhost:8080/v1/AUTH_f8ef0e5143814014ad2a4dffe22f1919/gnocchi.d7e22992-89f1-4f2b-b20d-38b700187460/none_v3" "txece58ce5ce614df9b871d-0069808f7d" "proxy-server 21" 0.0013 "-" 24 0
Feb 2 11:50:21 standalone proxy-server[124826]: 172.18.0.2 ::1 02/Feb/2026/11/50/21 GET /v1/AUTH_f8ef0e5143814014ad2a4dffe22f1919/gnocchi.d7e22992-89f1-4f2b-b20d-38b700187460/none_v3 HTTP/1.0 404 - python-swiftclient-3.11.1 gAAAAABpgI99qtAZ... - 70 - txece58ce5ce614df9b871d-0069808f7d - 0.0474 - - 1770033021.859827757 1770033021.907235861 0
Feb 2 11:50:21 standalone account-server[122650]: 172.20.0.100 - - [02/Feb/2026:11:50:21 +0000] "PUT /d1/288/AUTH_f8ef0e5143814014ad2a4dffe22f1919/gnocchi.d7e22992-89f1-4f2b-b20d-38b700187460" 201 - "PUT http://172.20.0.100:6001/d1/153/AUTH_f8ef0e5143814014ad2a4dffe22f1919/gnocchi.d7e22992-89f1-4f2b-b20d-38b700187460" "tx470bc7f91e734589b1c70-0069808f7d" "container-server 21" 0.0025 "-" 15 0
Feb 2 11:50:21 standalone container-server[122731]: 172.20.0.100 - - [02/Feb/2026:11:50:21 +0000] "PUT /d1/153/AUTH_f8ef0e5143814014ad2a4dffe22f1919/gnocchi.d7e22992-89f1-4f2b-b20d-38b700187460" 201 - "PUT http://localhost:8080/v1/AUTH_f8ef0e5143814014ad2a4dffe22f1919/gnocchi.d7e22992-89f1-4f2b-b20d-38b700187460" "tx470bc7f91e734589b1c70-0069808f7d" "proxy-server 21" 0.0190 "-" 21 0
Feb 2 11:50:21 standalone proxy-server[124826]: 172.18.0.2 ::1 02/Feb/2026/11/50/21 PUT /v1/AUTH_f8ef0e5143814014ad2a4dffe22f1919/gnocchi.d7e22992-89f1-4f2b-b20d-38b700187460 HTTP/1.0 201 - python-swiftclient-3.11.1 gAAAAABpgI99qtAZ... - - - tx470bc7f91e734589b1c70-0069808f7d - 0.0259 - - 1770033021.912391901 1770033021.938244343 0
Feb 2 11:50:21 standalone container-server[122744]: 172.20.0.100 - - [02/Feb/2026:11:50:21 +0000] "HEAD /d1/153/AUTH_f8ef0e5143814014ad2a4dffe22f1919/gnocchi.d7e22992-89f1-4f2b-b20d-38b700187460" 204 - "HEAD http://localhost:8080/v1/AUTH_f8ef0e5143814014ad2a4dffe22f1919/gnocchi.d7e22992-89f1-4f2b-b20d-38b700187460?format=json&states=listing" "txdcbd473e8df747888384a-0069808f7d" "proxy-server 21" 0.0015 "-" 22 0
Feb 2 11:50:21 standalone proxy-server[124826]: - - 02/Feb/2026/11/50/21 HEAD /v1/AUTH_f8ef0e5143814014ad2a4dffe22f1919/gnocchi.d7e22992-89f1-4f2b-b20d-38b700187460%3Fformat%3Djson%26states%3Dlisting HTTP/1.0 204 - Swift - - - - txdcbd473e8df747888384a-0069808f7d - 0.0056 RL - 1770033021.948506594 1770033021.954109430 0
Feb 2 11:50:21 standalone container-server[122744]: 172.20.0.100 - - [02/Feb/2026:11:50:21 +0000] "GET /d1/153/AUTH_f8ef0e5143814014ad2a4dffe22f1919/gnocchi.d7e22992-89f1-4f2b-b20d-38b700187460" 200 2 "GET http://localhost:8080/v1/AUTH_f8ef0e5143814014ad2a4dffe22f1919/gnocchi.d7e22992-89f1-4f2b-b20d-38b700187460?format=json&states=listing" "txdcbd473e8df747888384a-0069808f7d" "proxy-server 21" 0.0022 "-" 22 0
Feb 2 11:50:21 standalone proxy-server[124826]: 172.18.0.2 ::1 02/Feb/2026/11/50/21 GET /v1/AUTH_f8ef0e5143814014ad2a4dffe22f1919/gnocchi.d7e22992-89f1-4f2b-b20d-38b700187460%3Fformat%3Djson%26states%3Dlisting HTTP/1.0 200 - python-swiftclient-3.11.1 gAAAAABpgI99qtAZ... - 2 - txdcbd473e8df747888384a-0069808f7d - 0.0171 - - 1770033021.946782351 1770033021.963877916 0
Feb 2 11:50:21 standalone object-server[122950]: 172.20.0.100 - - [02/Feb/2026:11:50:21 +0000] "GET /d1/2/AUTH_f8ef0e5143814014ad2a4dffe22f1919/gnocchi.d7e22992-89f1-4f2b-b20d-38b700187460/1769040000.0_mean_300.0_v3" 404 70 "GET http://localhost:8080/v1/AUTH_f8ef0e5143814014ad2a4dffe22f1919/gnocchi.d7e22992-89f1-4f2b-b20d-38b700187460/1769040000.0_mean_300.0_v3" "txbc57222263d44abf8e911-0069808f7d" "proxy-server 21" 0.0006 "-" 24 0
Feb 2 11:50:21 standalone proxy-server[124826]: 172.18.0.2 ::1 02/Feb/2026/11/50/21 GET /v1/AUTH_f8ef0e5143814014ad2a4dffe22f1919/gnocchi.d7e22992-89f1-4f2b-b20d-38b700187460/1769040000.0_mean_300.0_v3 HTTP/1.0 404 - python-swiftclient-3.11.1 gAAAAABpgI99qtAZ... - 70 - txbc57222263d44abf8e911-0069808f7d - 0.0082 - - 1770033021.969208241 1770033021.977364302 0
Feb 2 11:50:22 standalone container-server[122746]: 172.20.0.100 - - [02/Feb/2026:11:50:22 +0000] "PUT /d1/153/AUTH_f8ef0e5143814014ad2a4dffe22f1919/gnocchi.d7e22992-89f1-4f2b-b20d-38b700187460/1769040000.0_mean_300.0_v3" 201 - "PUT http://localhost:8080/d1/2/AUTH_f8ef0e5143814014ad2a4dffe22f1919/gnocchi.d7e22992-89f1-4f2b-b20d-38b700187460/1769040000.0_mean_300.0_v3" "txef5b64e82e614d3796a46-0069808f7d" "object-server 25" 0.0006 "-" 23 0
Feb 2 11:50:22 standalone object-server[122954]: 172.20.0.100 - - [02/Feb/2026:11:50:22 +0000] "PUT /d1/2/AUTH_f8ef0e5143814014ad2a4dffe22f1919/gnocchi.d7e22992-89f1-4f2b-b20d-38b700187460/1769040000.0_mean_300.0_v3" 201 - "PUT http://localhost:8080/v1/AUTH_f8ef0e5143814014ad2a4dffe22f1919/gnocchi.d7e22992-89f1-4f2b-b20d-38b700187460/1769040000.0_mean_300.0_v3" "txef5b64e82e614d3796a46-0069808f7d" "proxy-server 21" 0.0179 "-" 25 0
Feb 2 11:50:22 standalone proxy-server[124826]: 172.18.0.2 ::1 02/Feb/2026/11/50/22 PUT /v1/AUTH_f8ef0e5143814014ad2a4dffe22f1919/gnocchi.d7e22992-89f1-4f2b-b20d-38b700187460/1769040000.0_mean_300.0_v3 HTTP/1.0 201 - python-swiftclient-3.11.1 gAAAAABpgI99qtAZ... 16 - - txef5b64e82e614d3796a46-0069808f7d - 0.0267 - - 1770033021.982487202 1770033022.009140253 0
Feb 2 11:50:22 standalone container-server[122730]: 172.20.0.100 - - [02/Feb/2026:11:50:22 +0000] "PUT /d1/153/AUTH_f8ef0e5143814014ad2a4dffe22f1919/gnocchi.d7e22992-89f1-4f2b-b20d-38b700187460/none_v3" 201 - "PUT http://localhost:8080/d1/472/AUTH_f8ef0e5143814014ad2a4dffe22f1919/gnocchi.d7e22992-89f1-4f2b-b20d-38b700187460/none_v3" "tx41892d056dbc463f96de2-0069808f7e" "object-server 22" 0.0008 "-" 20 0
Feb 2 11:50:22 standalone object-server[122948]: 172.20.0.100 - - [02/Feb/2026:11:50:22 +0000] "PUT /d1/472/AUTH_f8ef0e5143814014ad2a4dffe22f1919/gnocchi.d7e22992-89f1-4f2b-b20d-38b700187460/none_v3" 201 - "PUT http://localhost:8080/v1/AUTH_f8ef0e5143814014ad2a4dffe22f1919/gnocchi.d7e22992-89f1-4f2b-b20d-38b700187460/none_v3" "tx41892d056dbc463f96de2-0069808f7e" "proxy-server 21" 0.0320 "-" 22 0
Feb 2 11:50:22 standalone proxy-server[124826]: 172.18.0.2 ::1 02/Feb/2026/11/50/22 PUT /v1/AUTH_f8ef0e5143814014ad2a4dffe22f1919/gnocchi.d7e22992-89f1-4f2b-b20d-38b700187460/none_v3 HTTP/1.0 201 - python-swiftclient-3.11.1 gAAAAABpgI99qtAZ... 22 - - tx41892d056dbc463f96de2-0069808f7e - 0.0404 - - 1770033022.013367414 1770033022.053756475 0
Feb 2 11:50:35 standalone account-server[122650]: 172.20.0.100 - - [02/Feb/2026:11:50:35 +0000] "HEAD /d1/289/.expiring_objects" 404 - "HEAD http://localhost/v1/.expiring_objects?format=json" "tx9f6cf948b6424b9eb5f28-0069808f8b" "proxy-server 2" 0.0007 "-" 15 -
Feb 2 11:50:35 standalone object-expirer[122692]: Pass completed in 0s; 0 objects expired (txn: tx9f6cf948b6424b9eb5f28-0069808f8b)
Feb 2 11:50:51 standalone object-server[122954]: 172.20.0.100 - - [02/Feb/2026:11:50:51 +0000] "GET /d1/472/AUTH_f8ef0e5143814014ad2a4dffe22f1919/gnocchi.d7e22992-89f1-4f2b-b20d-38b700187460/none_v3" 200 22 "GET http://localhost:8080/v1/AUTH_f8ef0e5143814014ad2a4dffe22f1919/gnocchi.d7e22992-89f1-4f2b-b20d-38b700187460/none_v3" "txf8f792af1c6345a7a3d89-0069808f9b" "proxy-server 21" 0.0011 "-" 25 0
Feb 2 11:50:51 standalone proxy-server[124826]: 172.18.0.2 ::1 02/Feb/2026/11/50/51 GET /v1/AUTH_f8ef0e5143814014ad2a4dffe22f1919/gnocchi.d7e22992-89f1-4f2b-b20d-38b700187460/none_v3 HTTP/1.0 200 - python-swiftclient-3.11.1 gAAAAABpgI99qtAZ... - 22 - txf8f792af1c6345a7a3d89-0069808f9b - 0.0089 - - 1770033051.565614223 1770033051.574494123 0
Feb 2 11:50:51 standalone container-server[122746]: 172.20.0.100 - - [02/Feb/2026:11:50:51 +0000] "GET /d1/153/AUTH_f8ef0e5143814014ad2a4dffe22f1919/gnocchi.d7e22992-89f1-4f2b-b20d-38b700187460" 200 357 "GET http://localhost:8080/v1/AUTH_f8ef0e5143814014ad2a4dffe22f1919/gnocchi.d7e22992-89f1-4f2b-b20d-38b700187460?format=json&states=listing" "txfd805203648042f39232e-0069808f9b" "proxy-server 21" 0.0147 "-" 23 0
Feb 2 11:50:51 standalone proxy-server[124826]: 172.18.0.2 ::1 02/Feb/2026/11/50/51 GET /v1/AUTH_f8ef0e5143814014ad2a4dffe22f1919/gnocchi.d7e22992-89f1-4f2b-b20d-38b700187460%3Fformat%3Djson%26states%3Dlisting HTTP/1.0 200 - python-swiftclient-3.11.1 gAAAAABpgI99qtAZ... - 357 - txfd805203648042f39232e-0069808f9b - 0.0216 - - 1770033051.579132080 1770033051.600698948 0
Feb 2 11:50:51 standalone container-server[122730]: 172.20.0.100 - - [02/Feb/2026:11:50:51 +0000] "GET /d1/153/AUTH_f8ef0e5143814014ad2a4dffe22f1919/gnocchi.d7e22992-89f1-4f2b-b20d-38b700187460" 200 2 "GET http://localhost:8080/v1/AUTH_f8ef0e5143814014ad2a4dffe22f1919/gnocchi.d7e22992-89f1-4f2b-b20d-38b700187460?format=json&marker=none_v3&states=listing" "tx89be88b357ae4699863e6-0069808f9b" "proxy-server 21" 0.0053 "-" 20 0
Feb 2 11:50:51 standalone proxy-server[124826]: 172.18.0.2 ::1 02/Feb/2026/11/50/51 GET /v1/AUTH_f8ef0e5143814014ad2a4dffe22f1919/gnocchi.d7e22992-89f1-4f2b-b20d-38b700187460%3Fformat%3Djson%26marker%3Dnone_v3%26states%3Dlisting HTTP/1.0 200 - python-swiftclient-3.11.1 gAAAAABpgI99qtAZ... - 2 - tx89be88b357ae4699863e6-0069808f9b - 0.0125 - - 1770033051.604680538 1770033051.617176771 0
Feb 2 11:50:51 standalone object-server[122949]: 172.20.0.100 - - [02/Feb/2026:11:50:51 +0000] "GET /d1/2/AUTH_f8ef0e5143814014ad2a4dffe22f1919/gnocchi.d7e22992-89f1-4f2b-b20d-38b700187460/1769040000.0_mean_300.0_v3" 200 16 "GET http://localhost:8080/v1/AUTH_f8ef0e5143814014ad2a4dffe22f1919/gnocchi.d7e22992-89f1-4f2b-b20d-38b700187460/1769040000.0_mean_300.0_v3" "txe4a9907a2ce64af6b0583-0069808f9b" "proxy-server 21" 0.0008 "-" 23 0
Feb 2 11:50:51 standalone proxy-server[124826]: 172.18.0.2 ::1 02/Feb/2026/11/50/51 GET /v1/AUTH_f8ef0e5143814014ad2a4dffe22f1919/gnocchi.d7e22992-89f1-4f2b-b20d-38b700187460/1769040000.0_mean_300.0_v3 HTTP/1.0 200 - python-swiftclient-3.11.1 gAAAAABpgI99qtAZ... - 16 - txe4a9907a2ce64af6b0583-0069808f9b - 0.0074 - - 1770033051.621178389 1770033051.628570318 0
Feb 2 11:50:51 standalone container-server[122731]: 172.20.0.100 - - [02/Feb/2026:11:50:51 +0000] "PUT /d1/153/AUTH_f8ef0e5143814014ad2a4dffe22f1919/gnocchi.d7e22992-89f1-4f2b-b20d-38b700187460/1769040000.0_mean_300.0_v3" 201 - "PUT http://localhost:8080/d1/2/AUTH_f8ef0e5143814014ad2a4dffe22f1919/gnocchi.d7e22992-89f1-4f2b-b20d-38b700187460/1769040000.0_mean_300.0_v3" "tx5913b217e934459b95736-0069808f9b" "object-server 22" 0.0011 "-" 21 0
Feb 2 11:50:51 standalone object-server[122948]: 172.20.0.100 - - [02/Feb/2026:11:50:51 +0000] "PUT /d1/2/AUTH_f8ef0e5143814014ad2a4dffe22f1919/gnocchi.d7e22992-89f1-4f2b-b20d-38b700187460/1769040000.0_mean_300.0_v3" 201 - "PUT http://localhost:8080/v1/AUTH_f8ef0e5143814014ad2a4dffe22f1919/gnocchi.d7e22992-89f1-4f2b-b20d-38b700187460/1769040000.0_mean_300.0_v3" "tx5913b217e934459b95736-0069808f9b" "proxy-server 21" 0.0102 "-" 22 0
Feb 2 11:50:51 standalone proxy-server[124826]: 172.18.0.2 ::1 02/Feb/2026/11/50/51 PUT /v1/AUTH_f8ef0e5143814014ad2a4dffe22f1919/gnocchi.d7e22992-89f1-4f2b-b20d-38b700187460/1769040000.0_mean_300.0_v3 HTTP/1.0 201 - python-swiftclient-3.11.1 gAAAAABpgI99qtAZ... 16 - - tx5913b217e934459b95736-0069808f9b - 0.0194 - - 1770033051.632154465 1770033051.651523590 0
Feb 2 11:50:51 standalone container-server[122731]: 172.20.0.100 - - [02/Feb/2026:11:50:51 +0000] "PUT /d1/153/AUTH_f8ef0e5143814014ad2a4dffe22f1919/gnocchi.d7e22992-89f1-4f2b-b20d-38b700187460/none_v3" 201 - "PUT http://localhost:8080/d1/472/AUTH_f8ef0e5143814014ad2a4dffe22f1919/gnocchi.d7e22992-89f1-4f2b-b20d-38b700187460/none_v3" "tx036965f57ee04b61ae554-0069808f9b" "object-server 24" 0.0007 "-" 21 0
Feb 2 11:50:51 standalone object-server[122950]: 172.20.0.100 - - [02/Feb/2026:11:50:51 +0000] "PUT /d1/472/AUTH_f8ef0e5143814014ad2a4dffe22f1919/gnocchi.d7e22992-89f1-4f2b-b20d-38b700187460/none_v3" 201 - "PUT http://localhost:8080/v1/AUTH_f8ef0e5143814014ad2a4dffe22f1919/gnocchi.d7e22992-89f1-4f2b-b20d-38b700187460/none_v3" "tx036965f57ee04b61ae554-0069808f9b" "proxy-server 21" 0.0166 "-" 24 0
Feb 2 11:50:51 standalone proxy-server[124826]: 172.18.0.2 ::1 02/Feb/2026/11/50/51 PUT /v1/AUTH_f8ef0e5143814014ad2a4dffe22f1919/gnocchi.d7e22992-89f1-4f2b-b20d-38b700187460/none_v3 HTTP/1.0 201 - python-swiftclient-3.11.1 gAAAAABpgI99qtAZ... 32 - - tx036965f57ee04b61ae554-0069808f9b - 0.0229 - - 1770033051.654700279 1770033051.677634478 0
Feb 2 11:51:24 standalone account-server[122657]: 172.20.0.100 - - [02/Feb/2026:11:51:24 +0000] "HEAD /d1/288/AUTH_f8ef0e5143814014ad2a4dffe22f1919" 204 - "HEAD http://localhost:8080/v1/AUTH_f8ef0e5143814014ad2a4dffe22f1919?format=json" "tx9ae1dcf597bc42a494c82-0069808fbc" "proxy-server 21" 0.0071 "-" 19 -
Feb 2 11:51:24 standalone proxy-server[124826]: - - 02/Feb/2026/11/51/24 HEAD /v1/AUTH_f8ef0e5143814014ad2a4dffe22f1919%3Fformat%3Djson HTTP/1.0 204 - Swift - - - - tx9ae1dcf597bc42a494c82-0069808fbc - 0.0121 RL - 1770033084.085768938 1770033084.097886562 -
Feb 2 11:51:24 standalone container-server[122730]: 172.20.0.100 - - [02/Feb/2026:11:51:24 +0000] "HEAD /d1/496/AUTH_f8ef0e5143814014ad2a4dffe22f1919/glance" 204 - "HEAD http://localhost:8080/v1/AUTH_f8ef0e5143814014ad2a4dffe22f1919/glance?format=json&states=listing" "tx9ae1dcf597bc42a494c82-0069808fbc" "proxy-server 21" 0.0160 "-" 20 0
Feb 2 11:51:24 standalone object-server[122949]: 172.20.0.100 - - [02/Feb/2026:11:51:24 +0000] "GET /d1/785/AUTH_f8ef0e5143814014ad2a4dffe22f1919/glance/df685eb0-c6cd-4d9d-bfb6-35de4ffe952c" 200 - "GET http://localhost:8080/v1/AUTH_f8ef0e5143814014ad2a4dffe22f1919/glance/df685eb0-c6cd-4d9d-bfb6-35de4ffe952c" "tx9ae1dcf597bc42a494c82-0069808fbc" "proxy-server 21" 0.0016 "-" 23 0
Feb 2 11:51:24 standalone container-server[122731]: 172.20.0.100 - - [02/Feb/2026:11:51:24 +0000] "GET /d1/496/AUTH_f8ef0e5143814014ad2a4dffe22f1919/glance" 200 210 "GET http://localhost:8080/v1/AUTH_f8ef0e5143814014ad2a4dffe22f1919/glance?prefix=df685eb0-c6cd-4d9d-bfb6-35de4ffe952c-&format=json&states=listing" "tx9ae1dcf597bc42a494c82-0069808fbc" "proxy-server 21" 0.0021 "-" 21 0
Feb 2 11:51:24 standalone proxy-server[124826]: - - 02/Feb/2026/11/51/24 GET /v1/AUTH_f8ef0e5143814014ad2a4dffe22f1919/glance%3Fprefix%3Ddf685eb0-c6cd-4d9d-bfb6-35de4ffe952c-%26format%3Djson%26states%3Dlisting HTTP/1.0 200 - python-swiftclient-3.11.1%20DLO%20MultipartGET gAAAAABpgI-8vFns... - 210 - tx9ae1dcf597bc42a494c82-0069808fbc - 0.0076 DLO - 1770033084.214488029 1770033084.222121000 0
Feb 2 11:51:24 standalone object-server[122949]: 172.20.0.100 - - [02/Feb/2026:11:51:24 +0000] "GET /d1/474/AUTH_f8ef0e5143814014ad2a4dffe22f1919/glance/df685eb0-c6cd-4d9d-bfb6-35de4ffe952c-00001" 200 21692416 "GET http://localhost:8080/v1/AUTH_f8ef0e5143814014ad2a4dffe22f1919/glance/df685eb0-c6cd-4d9d-bfb6-35de4ffe952c-00001?multipart-manifest=get" "tx9ae1dcf597bc42a494c82-0069808fbc" "proxy-server 21" 0.0010 "-" 23 0
Feb 2 11:51:24 standalone proxy-server[124826]: - - 02/Feb/2026/11/51/24 GET /v1/AUTH_f8ef0e5143814014ad2a4dffe22f1919/glance/df685eb0-c6cd-4d9d-bfb6-35de4ffe952c-00001%3Fmultipart-manifest%3Dget HTTP/1.0 200 - python-swiftclient-3.11.1%20%20DLO%20MultipartGET gAAAAABpgI-8vFns... - 21692416 - tx9ae1dcf597bc42a494c82-0069808fbc - 0.1348 DLO - 1770033084.223238230 1770033084.358064413 0
Feb 2 11:51:24 standalone proxy-server[124826]: 172.18.0.2 ::1 02/Feb/2026/11/51/24 GET /v1/AUTH_f8ef0e5143814014ad2a4dffe22f1919/glance/df685eb0-c6cd-4d9d-bfb6-35de4ffe952c HTTP/1.0 200 - python-swiftclient-3.11.1 gAAAAABpgI-8vFns... - 21692416 - tx9ae1dcf597bc42a494c82-0069808fbc - 0.2739 - - 1770033084.084641933 1770033084.358582735 0
Feb 2 11:51:25 standalone container-server[122731]: 172.20.0.100 - - [02/Feb/2026:11:51:25 +0000] "HEAD /d1/502/AUTH_f8ef0e5143814014ad2a4dffe22f1919/gnocchi.34720c26-af62-4acd-ad07-d3ca9df89ee7" 404 - "HEAD http://localhost:8080/v1/AUTH_f8ef0e5143814014ad2a4dffe22f1919/gnocchi.34720c26-af62-4acd-ad07-d3ca9df89ee7?format=json&states=listing" "txe58da6d6d6f94d82bc1fa-0069808fbd" "proxy-server 21" 0.0005 "-" 21 0
Feb 2 11:51:25 standalone object-server[122949]: 172.20.0.100 - - [02/Feb/2026:11:51:25 +0000] "GET /d1/967/AUTH_f8ef0e5143814014ad2a4dffe22f1919/gnocchi.34720c26-af62-4acd-ad07-d3ca9df89ee7/none_v3" 404 70 "GET http://localhost:8080/v1/AUTH_f8ef0e5143814014ad2a4dffe22f1919/gnocchi.34720c26-af62-4acd-ad07-d3ca9df89ee7/none_v3" "txe58da6d6d6f94d82bc1fa-0069808fbd" "proxy-server 21" 0.0005 "-" 23 0
Feb 2 11:51:25 standalone proxy-server[124826]: 172.18.0.2 ::1 02/Feb/2026/11/51/25 GET /v1/AUTH_f8ef0e5143814014ad2a4dffe22f1919/gnocchi.34720c26-af62-4acd-ad07-d3ca9df89ee7/none_v3 HTTP/1.0 404 - python-swiftclient-3.11.1 gAAAAABpgI99qtAZ... - 70 - txe58da6d6d6f94d82bc1fa-0069808fbd - 0.0112 - - 1770033085.259280205 1770033085.270457506 0
Feb 2 11:51:25 standalone account-server[122665]: 172.20.0.100 - - [02/Feb/2026:11:51:25 +0000] "PUT /d1/288/AUTH_f8ef0e5143814014ad2a4dffe22f1919/gnocchi.34720c26-af62-4acd-ad07-d3ca9df89ee7" 201 - "PUT http://172.20.0.100:6001/d1/502/AUTH_f8ef0e5143814014ad2a4dffe22f1919/gnocchi.34720c26-af62-4acd-ad07-d3ca9df89ee7" "txa5edd9f7f532419e9f638-0069808fbd" "container-server 21" 0.0012 "-" 22 0
Feb 2 11:51:25 standalone container-server[122731]: 172.20.0.100 - - [02/Feb/2026:11:51:25 +0000] "PUT /d1/502/AUTH_f8ef0e5143814014ad2a4dffe22f1919/gnocchi.34720c26-af62-4acd-ad07-d3ca9df89ee7" 201 - "PUT http://localhost:8080/v1/AUTH_f8ef0e5143814014ad2a4dffe22f1919/gnocchi.34720c26-af62-4acd-ad07-d3ca9df89ee7" "txa5edd9f7f532419e9f638-0069808fbd" "proxy-server 21" 0.0114 "-" 21 0
Feb 2 11:51:25 standalone proxy-server[124826]: 172.18.0.2 ::1 02/Feb/2026/11/51/25 PUT /v1/AUTH_f8ef0e5143814014ad2a4dffe22f1919/gnocchi.34720c26-af62-4acd-ad07-d3ca9df89ee7 HTTP/1.0 201 - python-swiftclient-3.11.1 gAAAAABpgI99qtAZ... - - - txa5edd9f7f532419e9f638-0069808fbd - 0.0156 - - 1770033085.273419380 1770033085.288995981 0
Feb 2 11:51:25 standalone container-server[122744]: 172.20.0.100 - - [02/Feb/2026:11:51:25 +0000] "HEAD /d1/502/AUTH_f8ef0e5143814014ad2a4dffe22f1919/gnocchi.34720c26-af62-4acd-ad07-d3ca9df89ee7" 204 - "HEAD http://localhost:8080/v1/AUTH_f8ef0e5143814014ad2a4dffe22f1919/gnocchi.34720c26-af62-4acd-ad07-d3ca9df89ee7?format=json&states=listing" "txf81bb7331d744640b24c3-0069808fbd" "proxy-server 21" 0.0012 "-" 22 0
Feb 2 11:51:25 standalone proxy-server[124826]: - - 02/Feb/2026/11/51/25 HEAD /v1/AUTH_f8ef0e5143814014ad2a4dffe22f1919/gnocchi.34720c26-af62-4acd-ad07-d3ca9df89ee7%3Fformat%3Djson%26states%3Dlisting HTTP/1.0 204 - Swift - - - - txf81bb7331d744640b24c3-0069808fbd - 0.0039 RL - 1770033085.299236774 1770033085.303151846 0
Feb 2 11:51:25 standalone container-server[122744]: 172.20.0.100 - - [02/Feb/2026:11:51:25 +0000] "GET /d1/502/AUTH_f8ef0e5143814014ad2a4dffe22f1919/gnocchi.34720c26-af62-4acd-ad07-d3ca9df89ee7" 200 2 "GET http://localhost:8080/v1/AUTH_f8ef0e5143814014ad2a4dffe22f1919/gnocchi.34720c26-af62-4acd-ad07-d3ca9df89ee7?format=json&states=listing" "txf81bb7331d744640b24c3-0069808fbd" "proxy-server 21" 0.0014 "-" 22 0
Feb 2 11:51:25 standalone proxy-server[124826]: 172.18.0.2 ::1 02/Feb/2026/11/51/25 GET /v1/AUTH_f8ef0e5143814014ad2a4dffe22f1919/gnocchi.34720c26-af62-4acd-ad07-d3ca9df89ee7%3Fformat%3Djson%26states%3Dlisting HTTP/1.0 200 - python-swiftclient-3.11.1 gAAAAABpgI99qtAZ... - 2 - txf81bb7331d744640b24c3-0069808fbd - 0.0104 - - 1770033085.298232079 1770033085.308639288 0
Feb 2 11:51:25 standalone object-server[122954]: 172.20.0.100 - - [02/Feb/2026:11:51:25 +0000] "GET /d1/398/AUTH_f8ef0e5143814014ad2a4dffe22f1919/gnocchi.34720c26-af62-4acd-ad07-d3ca9df89ee7/1769040000.0_mean_300.0_v3" 404 70 "GET http://localhost:8080/v1/AUTH_f8ef0e5143814014ad2a4dffe22f1919/gnocchi.34720c26-af62-4acd-ad07-d3ca9df89ee7/1769040000.0_mean_300.0_v3" "txc5f3bc96cbd44ddfafc1b-0069808fbd" "proxy-server 21" 0.0003 "-" 25 0
Feb 2 11:51:25 standalone proxy-server[124826]: 172.18.0.2 ::1 02/Feb/2026/11/51/25 GET /v1/AUTH_f8ef0e5143814014ad2a4dffe22f1919/gnocchi.34720c26-af62-4acd-ad07-d3ca9df89ee7/1769040000.0_mean_300.0_v3 HTTP/1.0 404 - python-swiftclient-3.11.1 gAAAAABpgI99qtAZ... - 70 - txc5f3bc96cbd44ddfafc1b-0069808fbd - 0.0040 - - 1770033085.314170599 1770033085.318190336 0
Feb 2 11:51:25 standalone container-server[122731]: 172.20.0.100 - - [02/Feb/2026:11:51:25 +0000] "PUT /d1/502/AUTH_f8ef0e5143814014ad2a4dffe22f1919/gnocchi.34720c26-af62-4acd-ad07-d3ca9df89ee7/1769040000.0_mean_300.0_v3" 201 - "PUT http://localhost:8080/d1/398/AUTH_f8ef0e5143814014ad2a4dffe22f1919/gnocchi.34720c26-af62-4acd-ad07-d3ca9df89ee7/1769040000.0_mean_300.0_v3" "tx6db7194e37c64f93a6724-0069808fbd" "object-server 25" 0.0007 "-" 21 0
Feb 2 11:51:25 standalone object-server[122954]: 172.20.0.100 - - [02/Feb/2026:11:51:25 +0000] "PUT /d1/398/AUTH_f8ef0e5143814014ad2a4dffe22f1919/gnocchi.34720c26-af62-4acd-ad07-d3ca9df89ee7/1769040000.0_mean_300.0_v3" 201 - "PUT http://localhost:8080/v1/AUTH_f8ef0e5143814014ad2a4dffe22f1919/gnocchi.34720c26-af62-4acd-ad07-d3ca9df89ee7/1769040000.0_mean_300.0_v3" "tx6db7194e37c64f93a6724-0069808fbd" "proxy-server 21" 0.0080 "-" 25 0
Feb 2 11:51:25 standalone proxy-server[124826]: 172.18.0.2 ::1 02/Feb/2026/11/51/25 PUT /v1/AUTH_f8ef0e5143814014ad2a4dffe22f1919/gnocchi.34720c26-af62-4acd-ad07-d3ca9df89ee7/1769040000.0_mean_300.0_v3 HTTP/1.0 201 - python-swiftclient-3.11.1 gAAAAABpgI99qtAZ... 16 - - tx6db7194e37c64f93a6724-0069808fbd - 0.0115 - - 1770033085.322275400 1770033085.333749056 0
Feb 2 11:51:25 standalone container-server[122744]: 172.20.0.100 - - [02/Feb/2026:11:51:25 +0000] "PUT /d1/502/AUTH_f8ef0e5143814014ad2a4dffe22f1919/gnocchi.34720c26-af62-4acd-ad07-d3ca9df89ee7/none_v3" 201 - "PUT http://localhost:8080/d1/967/AUTH_f8ef0e5143814014ad2a4dffe22f1919/gnocchi.34720c26-af62-4acd-ad07-d3ca9df89ee7/none_v3" "tx432b0f5e726c4576bfbff-0069808fbd" "object-server 25" 0.0004 "-" 22 0
Feb 2 11:51:25 standalone object-server[122954]: 172.20.0.100 - - [02/Feb/2026:11:51:25 +0000] "PUT /d1/967/AUTH_f8ef0e5143814014ad2a4dffe22f1919/gnocchi.34720c26-af62-4acd-ad07-d3ca9df89ee7/none_v3" 201 - "PUT http://localhost:8080/v1/AUTH_f8ef0e5143814014ad2a4dffe22f1919/gnocchi.34720c26-af62-4acd-ad07-d3ca9df89ee7/none_v3" "tx432b0f5e726c4576bfbff-0069808fbd" "proxy-server 21" 0.0071 "-" 25 0
Feb 2 11:51:25 standalone proxy-server[124826]: 172.18.0.2 ::1 02/Feb/2026/11/51/25 PUT /v1/AUTH_f8ef0e5143814014ad2a4dffe22f1919/gnocchi.34720c26-af62-4acd-ad07-d3ca9df89ee7/none_v3 HTTP/1.0 201 - python-swiftclient-3.11.1 gAAAAABpgI99qtAZ... 22 - - tx432b0f5e726c4576bfbff-0069808fbd - 0.0110 - - 1770033085.338421583 1770033085.349457264 0
Feb 2 11:51:25 standalone container-server[122744]: 172.20.0.100 - - [02/Feb/2026:11:51:25 +0000] "HEAD /d1/761/AUTH_f8ef0e5143814014ad2a4dffe22f1919/gnocchi.1de4fe25-349b-481b-b6a4-aeabe0df6c95" 404 - "HEAD http://localhost:8080/v1/AUTH_f8ef0e5143814014ad2a4dffe22f1919/gnocchi.1de4fe25-349b-481b-b6a4-aeabe0df6c95?format=json&states=listing" "tx31c545b8d5cc4104b8d40-0069808fbd" "proxy-server 21" 0.0003 "-" 22 0
Feb 2 11:51:25 standalone object-server[122949]: 172.20.0.100 - - [02/Feb/2026:11:51:25 +0000] "GET /d1/571/AUTH_f8ef0e5143814014ad2a4dffe22f1919/gnocchi.1de4fe25-349b-481b-b6a4-aeabe0df6c95/none_v3" 404 70 "GET http://localhost:8080/v1/AUTH_f8ef0e5143814014ad2a4dffe22f1919/gnocchi.1de4fe25-349b-481b-b6a4-aeabe0df6c95/none_v3" "tx31c545b8d5cc4104b8d40-0069808fbd" "proxy-server 21" 0.0003 "-" 23 0
Feb 2 11:51:25 standalone proxy-server[124826]: 172.18.0.2 ::1 02/Feb/2026/11/51/25 GET /v1/AUTH_f8ef0e5143814014ad2a4dffe22f1919/gnocchi.1de4fe25-349b-481b-b6a4-aeabe0df6c95/none_v3 HTTP/1.0 404 - python-swiftclient-3.11.1 gAAAAABpgI99qtAZ... - 70 - tx31c545b8d5cc4104b8d40-0069808fbd - 0.0160 - - 1770033085.385271311 1770033085.401273489 0
Feb 2 11:51:25 standalone account-server[122657]: 172.20.0.100 - - [02/Feb/2026:11:51:25 +0000] "PUT /d1/288/AUTH_f8ef0e5143814014ad2a4dffe22f1919/gnocchi.1de4fe25-349b-481b-b6a4-aeabe0df6c95" 201 - "PUT http://172.20.0.100:6001/d1/761/AUTH_f8ef0e5143814014ad2a4dffe22f1919/gnocchi.1de4fe25-349b-481b-b6a4-aeabe0df6c95" "tx826adbbad65c426e9d273-0069808fbd" "container-server 22" 0.0041 "-" 19 0
Feb 2 11:51:25 standalone container-server[122744]: 172.20.0.100 - - [02/Feb/2026:11:51:25 +0000] "PUT /d1/761/AUTH_f8ef0e5143814014ad2a4dffe22f1919/gnocchi.1de4fe25-349b-481b-b6a4-aeabe0df6c95" 201 - "PUT http://localhost:8080/v1/AUTH_f8ef0e5143814014ad2a4dffe22f1919/gnocchi.1de4fe25-349b-481b-b6a4-aeabe0df6c95" "tx826adbbad65c426e9d273-0069808fbd" "proxy-server 21" 0.0125 "-" 22 0
Feb 2 11:51:25 standalone proxy-server[124826]: 172.18.0.2 ::1 02/Feb/2026/11/51/25 PUT /v1/AUTH_f8ef0e5143814014ad2a4dffe22f1919/gnocchi.1de4fe25-349b-481b-b6a4-aeabe0df6c95 HTTP/1.0 201 - python-swiftclient-3.11.1 gAAAAABpgI99qtAZ... - - - tx826adbbad65c426e9d273-0069808fbd - 0.0183 - - 1770033085.404647112 1770033085.422901154 0
Feb 2 11:51:25 standalone container-server[122746]: 172.20.0.100 - - [02/Feb/2026:11:51:25 +0000] "HEAD /d1/761/AUTH_f8ef0e5143814014ad2a4dffe22f1919/gnocchi.1de4fe25-349b-481b-b6a4-aeabe0df6c95" 204 - "HEAD http://localhost:8080/v1/AUTH_f8ef0e5143814014ad2a4dffe22f1919/gnocchi.1de4fe25-349b-481b-b6a4-aeabe0df6c95?format=json&states=listing" "tx190ae29a7b014915b397c-0069808fbd" "proxy-server 21" 0.0012 "-" 23 0
Feb 2 11:51:25 standalone proxy-server[124826]: - - 02/Feb/2026/11/51/25 HEAD /v1/AUTH_f8ef0e5143814014ad2a4dffe22f1919/gnocchi.1de4fe25-349b-481b-b6a4-aeabe0df6c95%3Fformat%3Djson%26states%3Dlisting HTTP/1.0 204 - Swift - - - - tx190ae29a7b014915b397c-0069808fbd - 0.0077 RL - 1770033085.430043459 1770033085.437695980 0
Feb 2 11:51:25 standalone container-server[122744]: 172.20.0.100 - - [02/Feb/2026:11:51:25 +0000] "GET /d1/761/AUTH_f8ef0e5143814014ad2a4dffe22f1919/gnocchi.1de4fe25-349b-481b-b6a4-aeabe0df6c95" 200 2 "GET http://localhost:8080/v1/AUTH_f8ef0e5143814014ad2a4dffe22f1919/gnocchi.1de4fe25-349b-481b-b6a4-aeabe0df6c95?format=json&states=listing" "tx190ae29a7b014915b397c-0069808fbd" "proxy-server 21" 0.0021 "-" 22 0
Feb 2 11:51:25 standalone proxy-server[124826]: 172.18.0.2 ::1 02/Feb/2026/11/51/25 GET /v1/AUTH_f8ef0e5143814014ad2a4dffe22f1919/gnocchi.1de4fe25-349b-481b-b6a4-aeabe0df6c95%3Fformat%3Djson%26states%3Dlisting HTTP/1.0 200 - python-swiftclient-3.11.1 gAAAAABpgI99qtAZ... - 2 - tx190ae29a7b014915b397c-0069808fbd - 0.0190 - - 1770033085.428676844 1770033085.447647572 0
Feb 2 11:51:25 standalone object-server[122949]: 172.20.0.100 - - [02/Feb/2026:11:51:25 +0000] "GET /d1/550/AUTH_f8ef0e5143814014ad2a4dffe22f1919/gnocchi.1de4fe25-349b-481b-b6a4-aeabe0df6c95/1769040000.0_mean_300.0_v3" 404 70 "GET http://localhost:8080/v1/AUTH_f8ef0e5143814014ad2a4dffe22f1919/gnocchi.1de4fe25-349b-481b-b6a4-aeabe0df6c95/1769040000.0_mean_300.0_v3" "tx29e37187828944e989114-0069808fbd" "proxy-server 21" 0.0003 "-" 23 0
Feb 2 11:51:25 standalone proxy-server[124826]: 172.18.0.2 ::1 02/Feb/2026/11/51/25 GET /v1/AUTH_f8ef0e5143814014ad2a4dffe22f1919/gnocchi.1de4fe25-349b-481b-b6a4-aeabe0df6c95/1769040000.0_mean_300.0_v3 HTTP/1.0 404 - python-swiftclient-3.11.1 gAAAAABpgI99qtAZ... - 70 - tx29e37187828944e989114-0069808fbd - 0.0070 - - 1770033085.454259157 1770033085.461218119 0
Feb 2 11:51:25 standalone container-server[122731]: 172.20.0.100 - - [02/Feb/2026:11:51:25 +0000] "PUT /d1/761/AUTH_f8ef0e5143814014ad2a4dffe22f1919/gnocchi.1de4fe25-349b-481b-b6a4-aeabe0df6c95/1769040000.0_mean_300.0_v3" 201 - "PUT http://localhost:8080/d1/550/AUTH_f8ef0e5143814014ad2a4dffe22f1919/gnocchi.1de4fe25-349b-481b-b6a4-aeabe0df6c95/1769040000.0_mean_300.0_v3" "txdf1036053ab14916a4d22-0069808fbd" "object-server 24" 0.0005 "-" 21 0
Feb 2 11:51:25 standalone object-server[122950]: 172.20.0.100 - - [02/Feb/2026:11:51:25 +0000] "PUT /d1/550/AUTH_f8ef0e5143814014ad2a4dffe22f1919/gnocchi.1de4fe25-349b-481b-b6a4-aeabe0df6c95/1769040000.0_mean_300.0_v3" 201 - "PUT http://localhost:8080/v1/AUTH_f8ef0e5143814014ad2a4dffe22f1919/gnocchi.1de4fe25-349b-481b-b6a4-aeabe0df6c95/1769040000.0_mean_300.0_v3" "txdf1036053ab14916a4d22-0069808fbd" "proxy-server 21" 0.0103 "-" 24 0
Feb 2 11:51:25 standalone proxy-server[124826]: 172.18.0.2 ::1 02/Feb/2026/11/51/25 PUT /v1/AUTH_f8ef0e5143814014ad2a4dffe22f1919/gnocchi.1de4fe25-349b-481b-b6a4-aeabe0df6c95/1769040000.0_mean_300.0_v3 HTTP/1.0 201 - python-swiftclient-3.11.1 gAAAAABpgI99qtAZ... 16 - - txdf1036053ab14916a4d22-0069808fbd - 0.0184 - - 1770033085.467112303 1770033085.485536098 0
Feb 2 11:51:25 standalone container-server[122746]: 172.20.0.100 - - [02/Feb/2026:11:51:25 +0000] "PUT /d1/761/AUTH_f8ef0e5143814014ad2a4dffe22f1919/gnocchi.1de4fe25-349b-481b-b6a4-aeabe0df6c95/none_v3" 201 - "PUT http://localhost:8080/d1/571/AUTH_f8ef0e5143814014ad2a4dffe22f1919/gnocchi.1de4fe25-349b-481b-b6a4-aeabe0df6c95/none_v3" "txeb1cb26ba51745c68c932-0069808fbd" "object-server 24" 0.0006 "-" 23 0
Feb 2 11:51:25 standalone object-server[122950]: 172.20.0.100 - - [02/Feb/2026:11:51:25 +0000] "PUT /d1/571/AUTH_f8ef0e5143814014ad2a4dffe22f1919/gnocchi.1de4fe25-349b-481b-b6a4-aeabe0df6c95/none_v3" 201 - "PUT http://localhost:8080/v1/AUTH_f8ef0e5143814014ad2a4dffe22f1919/gnocchi.1de4fe25-349b-481b-b6a4-aeabe0df6c95/none_v3" "txeb1cb26ba51745c68c932-0069808fbd" "proxy-server 21" 0.0152 "-" 24 0
Feb 2 11:51:25 standalone proxy-server[124826]: 172.18.0.2 ::1 02/Feb/2026/11/51/25 PUT /v1/AUTH_f8ef0e5143814014ad2a4dffe22f1919/gnocchi.1de4fe25-349b-481b-b6a4-aeabe0df6c95/none_v3 HTTP/1.0 201 - python-swiftclient-3.11.1 gAAAAABpgI99qtAZ... 22 - - txeb1cb26ba51745c68c932-0069808fbd - 0.0231 - - 1770033085.491647720 1770033085.514710903 0
Feb 2 11:51:29 standalone container-server[122731]: 172.20.0.100 - - [02/Feb/2026:11:51:29 +0000] "HEAD /d1/899/AUTH_f8ef0e5143814014ad2a4dffe22f1919/gnocchi.09f93163-5fe0-4f96-a062-c87749b223eb" 404 - "HEAD http://localhost:8080/v1/AUTH_f8ef0e5143814014ad2a4dffe22f1919/gnocchi.09f93163-5fe0-4f96-a062-c87749b223eb?format=json&states=listing" "tx5ebe1dbd569c487b9db86-0069808fc1" "proxy-server 21" 0.0011 "-" 21 0
Feb 2 11:51:29 standalone object-server[122949]: 172.20.0.100 - - [02/Feb/2026:11:51:29 +0000] "GET /d1/975/AUTH_f8ef0e5143814014ad2a4dffe22f1919/gnocchi.09f93163-5fe0-4f96-a062-c87749b223eb/none_v3" 404 70 "GET http://localhost:8080/v1/AUTH_f8ef0e5143814014ad2a4dffe22f1919/gnocchi.09f93163-5fe0-4f96-a062-c87749b223eb/none_v3" "tx5ebe1dbd569c487b9db86-0069808fc1" "proxy-server 21" 0.0010 "-" 23 0
Feb 2 11:51:29 standalone proxy-server[124826]: 172.18.0.2 ::1 02/Feb/2026/11/51/29 GET /v1/AUTH_f8ef0e5143814014ad2a4dffe22f1919/gnocchi.09f93163-5fe0-4f96-a062-c87749b223eb/none_v3 HTTP/1.0 404 - python-swiftclient-3.11.1 gAAAAABpgI99qtAZ... - 70 - tx5ebe1dbd569c487b9db86-0069808fc1 - 0.0212 - - 1770033089.316738605 1770033089.337926388 0
Feb 2 11:51:29 standalone account-server[122650]: 172.20.0.100 - - [02/Feb/2026:11:51:29 +0000] "PUT /d1/288/AUTH_f8ef0e5143814014ad2a4dffe22f1919/gnocchi.09f93163-5fe0-4f96-a062-c87749b223eb" 201 - "PUT http://172.20.0.100:6001/d1/899/AUTH_f8ef0e5143814014ad2a4dffe22f1919/gnocchi.09f93163-5fe0-4f96-a062-c87749b223eb" "tx78b34e0a40154f1f813df-0069808fc1" "container-server 21" 0.0075 "-" 15 0
Feb 2 11:51:29 standalone container-server[122731]: 172.20.0.100 - - [02/Feb/2026:11:51:29 +0000] "PUT /d1/899/AUTH_f8ef0e5143814014ad2a4dffe22f1919/gnocchi.09f93163-5fe0-4f96-a062-c87749b223eb" 201 - "PUT http://localhost:8080/v1/AUTH_f8ef0e5143814014ad2a4dffe22f1919/gnocchi.09f93163-5fe0-4f96-a062-c87749b223eb" "tx78b34e0a40154f1f813df-0069808fc1" "proxy-server 21" 0.0281 "-" 21 0
Feb 2 11:51:29 standalone proxy-server[124826]: 172.18.0.2 ::1 02/Feb/2026/11/51/29 PUT /v1/AUTH_f8ef0e5143814014ad2a4dffe22f1919/gnocchi.09f93163-5fe0-4f96-a062-c87749b223eb HTTP/1.0 201 - python-swiftclient-3.11.1 gAAAAABpgI99qtAZ... - - - tx78b34e0a40154f1f813df-0069808fc1 - 0.0386 - - 1770033089.343606472 1770033089.382172346 0
Feb 2 11:51:29 standalone container-server[122746]: 172.20.0.100 - - [02/Feb/2026:11:51:29 +0000] "HEAD /d1/899/AUTH_f8ef0e5143814014ad2a4dffe22f1919/gnocchi.09f93163-5fe0-4f96-a062-c87749b223eb" 204 - "HEAD http://localhost:8080/v1/AUTH_f8ef0e5143814014ad2a4dffe22f1919/gnocchi.09f93163-5fe0-4f96-a062-c87749b223eb?format=json&states=listing" "tx7079caa00b644d448af14-0069808fc1" "proxy-server 21" 0.0030 "-" 23 0
Feb 2 11:51:29 standalone proxy-server[124826]: - - 02/Feb/2026/11/51/29 HEAD /v1/AUTH_f8ef0e5143814014ad2a4dffe22f1919/gnocchi.09f93163-5fe0-4f96-a062-c87749b223eb%3Fformat%3Djson%26states%3Dlisting HTTP/1.0 204 - Swift - - - - tx7079caa00b644d448af14-0069808fc1 - 0.0130 RL - 1770033089.392273188 1770033089.405242920 0
Feb 2 11:51:29 standalone container-server[122730]: 172.20.0.100 - - [02/Feb/2026:11:51:29 +0000] "GET /d1/899/AUTH_f8ef0e5143814014ad2a4dffe22f1919/gnocchi.09f93163-5fe0-4f96-a062-c87749b223eb" 200 2 "GET http://localhost:8080/v1/AUTH_f8ef0e5143814014ad2a4dffe22f1919/gnocchi.09f93163-5fe0-4f96-a062-c87749b223eb?format=json&states=listing" "tx7079caa00b644d448af14-0069808fc1" "proxy-server 21" 0.0035 "-" 20 0
Feb 2 11:51:29 standalone proxy-server[124826]: 172.18.0.2 ::1 02/Feb/2026/11/51/29 GET /v1/AUTH_f8ef0e5143814014ad2a4dffe22f1919/gnocchi.09f93163-5fe0-4f96-a062-c87749b223eb%3Fformat%3Djson%26states%3Dlisting HTTP/1.0 200 - python-swiftclient-3.11.1 gAAAAABpgI99qtAZ... - 2 - tx7079caa00b644d448af14-0069808fc1 - 0.0287 - - 1770033089.389514446 1770033089.418220043 0
