Feb 2 11:51:29 standalone object-server[122954]: 172.20.0.100 - - [02/Feb/2026:11:51:29 +0000] "GET /d1/335/AUTH_f8ef0e5143814014ad2a4dffe22f1919/gnocchi.09f93163-5fe0-4f96-a062-c87749b223eb/1769040000.0_mean_300.0_v3" 404 70 "GET http://localhost:8080/v1/AUTH_f8ef0e5143814014ad2a4dffe22f1919/gnocchi.09f93163-5fe0-4f96-a062-c87749b223eb/1769040000.0_mean_300.0_v3" "tx55fdb9136a6243828e5d6-0069808fc1" "proxy-server 21" 0.0005 "-" 25 0
Feb 2 11:51:29 standalone proxy-server[124826]: 172.18.0.2 ::1 02/Feb/2026/11/51/29 GET /v1/AUTH_f8ef0e5143814014ad2a4dffe22f1919/gnocchi.09f93163-5fe0-4f96-a062-c87749b223eb/1769040000.0_mean_300.0_v3 HTTP/1.0 404 - python-swiftclient-3.11.1 gAAAAABpgI99qtAZ... - 70 - tx55fdb9136a6243828e5d6-0069808fc1 - 0.0058 - - 1770033089.421771288 1770033089.427587032 0
Feb 2 11:51:29 standalone container-server[122730]: 172.20.0.100 - - [02/Feb/2026:11:51:29 +0000] "PUT /d1/899/AUTH_f8ef0e5143814014ad2a4dffe22f1919/gnocchi.09f93163-5fe0-4f96-a062-c87749b223eb/1769040000.0_mean_300.0_v3" 201 - "PUT http://localhost:8080/d1/335/AUTH_f8ef0e5143814014ad2a4dffe22f1919/gnocchi.09f93163-5fe0-4f96-a062-c87749b223eb/1769040000.0_mean_300.0_v3" "tx45c892cc7a2e4646b708d-0069808fc1" "object-server 24" 0.0008 "-" 20 0
Feb 2 11:51:29 standalone object-server[122950]: 172.20.0.100 - - [02/Feb/2026:11:51:29 +0000] "PUT /d1/335/AUTH_f8ef0e5143814014ad2a4dffe22f1919/gnocchi.09f93163-5fe0-4f96-a062-c87749b223eb/1769040000.0_mean_300.0_v3" 201 - "PUT http://localhost:8080/v1/AUTH_f8ef0e5143814014ad2a4dffe22f1919/gnocchi.09f93163-5fe0-4f96-a062-c87749b223eb/1769040000.0_mean_300.0_v3" "tx45c892cc7a2e4646b708d-0069808fc1" "proxy-server 21" 0.0129 "-" 24 0
Feb 2 11:51:29 standalone proxy-server[124826]: 172.18.0.2 ::1 02/Feb/2026/11/51/29 PUT /v1/AUTH_f8ef0e5143814014ad2a4dffe22f1919/gnocchi.09f93163-5fe0-4f96-a062-c87749b223eb/1769040000.0_mean_300.0_v3 HTTP/1.0 201 - python-swiftclient-3.11.1 gAAAAABpgI99qtAZ... 16 - - tx45c892cc7a2e4646b708d-0069808fc1 - 0.0221 - - 1770033089.431259871 1770033089.453374624 0
Feb 2 11:51:29 standalone container-server[122746]: 172.20.0.100 - - [02/Feb/2026:11:51:29 +0000] "PUT /d1/899/AUTH_f8ef0e5143814014ad2a4dffe22f1919/gnocchi.09f93163-5fe0-4f96-a062-c87749b223eb/none_v3" 201 - "PUT http://localhost:8080/d1/975/AUTH_f8ef0e5143814014ad2a4dffe22f1919/gnocchi.09f93163-5fe0-4f96-a062-c87749b223eb/none_v3" "tx4f742477a7834a549de5e-0069808fc1" "object-server 25" 0.0008 "-" 23 0
Feb 2 11:51:29 standalone object-server[122954]: 172.20.0.100 - - [02/Feb/2026:11:51:29 +0000] "PUT /d1/975/AUTH_f8ef0e5143814014ad2a4dffe22f1919/gnocchi.09f93163-5fe0-4f96-a062-c87749b223eb/none_v3" 201 - "PUT http://localhost:8080/v1/AUTH_f8ef0e5143814014ad2a4dffe22f1919/gnocchi.09f93163-5fe0-4f96-a062-c87749b223eb/none_v3" "tx4f742477a7834a549de5e-0069808fc1" "proxy-server 21" 0.0122 "-" 25 0
Feb 2 11:51:29 standalone proxy-server[124826]: 172.18.0.2 ::1 02/Feb/2026/11/51/29 PUT /v1/AUTH_f8ef0e5143814014ad2a4dffe22f1919/gnocchi.09f93163-5fe0-4f96-a062-c87749b223eb/none_v3 HTTP/1.0 201 - python-swiftclient-3.11.1 gAAAAABpgI99qtAZ... 22 - - tx4f742477a7834a549de5e-0069808fc1 - 0.0198 - - 1770033089.456890106 1770033089.476696730 0
Feb 2 11:51:29 standalone container-server[122731]: 172.20.0.100 - - [02/Feb/2026:11:51:29 +0000] "HEAD /d1/878/AUTH_f8ef0e5143814014ad2a4dffe22f1919/gnocchi.8a49c9ed-55d6-405b-be0a-881d2a50c3f3" 404 - "HEAD http://localhost:8080/v1/AUTH_f8ef0e5143814014ad2a4dffe22f1919/gnocchi.8a49c9ed-55d6-405b-be0a-881d2a50c3f3?format=json&states=listing" "txd2f7e6c2eb2f4184a114f-0069808fc1" "proxy-server 21" 0.0008 "-" 21 0
Feb 2 11:51:29 standalone object-server[122954]: 172.20.0.100 - - [02/Feb/2026:11:51:29 +0000] "GET /d1/485/AUTH_f8ef0e5143814014ad2a4dffe22f1919/gnocchi.8a49c9ed-55d6-405b-be0a-881d2a50c3f3/none_v3" 404 70 "GET http://localhost:8080/v1/AUTH_f8ef0e5143814014ad2a4dffe22f1919/gnocchi.8a49c9ed-55d6-405b-be0a-881d2a50c3f3/none_v3" "txd2f7e6c2eb2f4184a114f-0069808fc1" "proxy-server 21" 0.0003 "-" 25 0
Feb 2 11:51:29 standalone proxy-server[124826]: 172.18.0.2 ::1 02/Feb/2026/11/51/29 GET /v1/AUTH_f8ef0e5143814014ad2a4dffe22f1919/gnocchi.8a49c9ed-55d6-405b-be0a-881d2a50c3f3/none_v3 HTTP/1.0 404 - python-swiftclient-3.11.1 gAAAAABpgI99qtAZ... - 70 - txd2f7e6c2eb2f4184a114f-0069808fc1 - 0.0126 - - 1770033089.487121344 1770033089.499697924 0
Feb 2 11:51:29 standalone account-server[122650]: 172.20.0.100 - - [02/Feb/2026:11:51:29 +0000] "PUT /d1/288/AUTH_f8ef0e5143814014ad2a4dffe22f1919/gnocchi.8a49c9ed-55d6-405b-be0a-881d2a50c3f3" 201 - "PUT http://172.20.0.100:6001/d1/878/AUTH_f8ef0e5143814014ad2a4dffe22f1919/gnocchi.8a49c9ed-55d6-405b-be0a-881d2a50c3f3" "txadb100dea97848328d5df-0069808fc1" "container-server 20" 0.0065 "-" 15 0
Feb 2 11:51:29 standalone container-server[122730]: 172.20.0.100 - - [02/Feb/2026:11:51:29 +0000] "PUT /d1/878/AUTH_f8ef0e5143814014ad2a4dffe22f1919/gnocchi.8a49c9ed-55d6-405b-be0a-881d2a50c3f3" 201 - "PUT http://localhost:8080/v1/AUTH_f8ef0e5143814014ad2a4dffe22f1919/gnocchi.8a49c9ed-55d6-405b-be0a-881d2a50c3f3" "txadb100dea97848328d5df-0069808fc1" "proxy-server 21" 0.0185 "-" 20 0
Feb 2 11:51:29 standalone proxy-server[124826]: 172.18.0.2 ::1 02/Feb/2026/11/51/29 PUT /v1/AUTH_f8ef0e5143814014ad2a4dffe22f1919/gnocchi.8a49c9ed-55d6-405b-be0a-881d2a50c3f3 HTTP/1.0 201 - python-swiftclient-3.11.1 gAAAAABpgI99qtAZ... - - - txadb100dea97848328d5df-0069808fc1 - 0.0242 - - 1770033089.503287077 1770033089.527508497 0
Feb 2 11:51:29 standalone container-server[122730]: 172.20.0.100 - - [02/Feb/2026:11:51:29 +0000] "HEAD /d1/878/AUTH_f8ef0e5143814014ad2a4dffe22f1919/gnocchi.8a49c9ed-55d6-405b-be0a-881d2a50c3f3" 204 - "HEAD http://localhost:8080/v1/AUTH_f8ef0e5143814014ad2a4dffe22f1919/gnocchi.8a49c9ed-55d6-405b-be0a-881d2a50c3f3?format=json&states=listing" "tx9347b1bb2b344519baead-0069808fc1" "proxy-server 21" 0.0014 "-" 20 0
Feb 2 11:51:29 standalone proxy-server[124826]: - - 02/Feb/2026/11/51/29 HEAD /v1/AUTH_f8ef0e5143814014ad2a4dffe22f1919/gnocchi.8a49c9ed-55d6-405b-be0a-881d2a50c3f3%3Fformat%3Djson%26states%3Dlisting HTTP/1.0 204 - Swift - - - - tx9347b1bb2b344519baead-0069808fc1 - 0.0055 RL - 1770033089.534848452 1770033089.540397882 0
Feb 2 11:51:29 standalone container-server[122746]: 172.20.0.100 - - [02/Feb/2026:11:51:29 +0000] "GET /d1/878/AUTH_f8ef0e5143814014ad2a4dffe22f1919/gnocchi.8a49c9ed-55d6-405b-be0a-881d2a50c3f3" 200 2 "GET http://localhost:8080/v1/AUTH_f8ef0e5143814014ad2a4dffe22f1919/gnocchi.8a49c9ed-55d6-405b-be0a-881d2a50c3f3?format=json&states=listing" "tx9347b1bb2b344519baead-0069808fc1" "proxy-server 21" 0.0044 "-" 23 0
Feb 2 11:51:29 standalone proxy-server[124826]: 172.18.0.2 ::1 02/Feb/2026/11/51/29 GET /v1/AUTH_f8ef0e5143814014ad2a4dffe22f1919/gnocchi.8a49c9ed-55d6-405b-be0a-881d2a50c3f3%3Fformat%3Djson%26states%3Dlisting HTTP/1.0 200 - python-swiftclient-3.11.1 gAAAAABpgI99qtAZ... - 2 - tx9347b1bb2b344519baead-0069808fc1 - 0.0201 - - 1770033089.533771038 1770033089.553848743 0
Feb 2 11:51:29 standalone object-server[122949]: 172.20.0.100 - - [02/Feb/2026:11:51:29 +0000] "GET /d1/79/AUTH_f8ef0e5143814014ad2a4dffe22f1919/gnocchi.8a49c9ed-55d6-405b-be0a-881d2a50c3f3/1769040000.0_mean_300.0_v3" 404 70 "GET http://localhost:8080/v1/AUTH_f8ef0e5143814014ad2a4dffe22f1919/gnocchi.8a49c9ed-55d6-405b-be0a-881d2a50c3f3/1769040000.0_mean_300.0_v3" "tx43d55924a9114526b880b-0069808fc1" "proxy-server 21" 0.0004 "-" 23 0
Feb 2 11:51:29 standalone proxy-server[124826]: 172.18.0.2 ::1 02/Feb/2026/11/51/29 GET /v1/AUTH_f8ef0e5143814014ad2a4dffe22f1919/gnocchi.8a49c9ed-55d6-405b-be0a-881d2a50c3f3/1769040000.0_mean_300.0_v3 HTTP/1.0 404 - python-swiftclient-3.11.1 gAAAAABpgI99qtAZ... - 70 - tx43d55924a9114526b880b-0069808fc1 - 0.0090 - - 1770033089.561138391 1770033089.570136309 0
Feb 2 11:51:29 standalone container-server[122731]: 172.20.0.100 - - [02/Feb/2026:11:51:29 +0000] "PUT /d1/878/AUTH_f8ef0e5143814014ad2a4dffe22f1919/gnocchi.8a49c9ed-55d6-405b-be0a-881d2a50c3f3/1769040000.0_mean_300.0_v3" 201 - "PUT http://localhost:8080/d1/79/AUTH_f8ef0e5143814014ad2a4dffe22f1919/gnocchi.8a49c9ed-55d6-405b-be0a-881d2a50c3f3/1769040000.0_mean_300.0_v3" "txda96a8cea4064bc3bd893-0069808fc1" "object-server 23" 0.0012 "-" 21 0
Feb 2 11:51:29 standalone object-server[122949]: 172.20.0.100 - - [02/Feb/2026:11:51:29 +0000] "PUT /d1/79/AUTH_f8ef0e5143814014ad2a4dffe22f1919/gnocchi.8a49c9ed-55d6-405b-be0a-881d2a50c3f3/1769040000.0_mean_300.0_v3" 201 - "PUT http://localhost:8080/v1/AUTH_f8ef0e5143814014ad2a4dffe22f1919/gnocchi.8a49c9ed-55d6-405b-be0a-881d2a50c3f3/1769040000.0_mean_300.0_v3" "txda96a8cea4064bc3bd893-0069808fc1" "proxy-server 21" 0.0133 "-" 23 0
Feb 2 11:51:29 standalone proxy-server[124826]: 172.18.0.2 ::1 02/Feb/2026/11/51/29 PUT /v1/AUTH_f8ef0e5143814014ad2a4dffe22f1919/gnocchi.8a49c9ed-55d6-405b-be0a-881d2a50c3f3/1769040000.0_mean_300.0_v3 HTTP/1.0 201 - python-swiftclient-3.11.1 gAAAAABpgI99qtAZ... 16 - - txda96a8cea4064bc3bd893-0069808fc1 - 0.0209 - - 1770033089.576616764 1770033089.597516298 0
Feb 2 11:51:29 standalone container-server[122730]: 172.20.0.100 - - [02/Feb/2026:11:51:29 +0000] "PUT /d1/878/AUTH_f8ef0e5143814014ad2a4dffe22f1919/gnocchi.8a49c9ed-55d6-405b-be0a-881d2a50c3f3/none_v3" 201 - "PUT http://localhost:8080/d1/485/AUTH_f8ef0e5143814014ad2a4dffe22f1919/gnocchi.8a49c9ed-55d6-405b-be0a-881d2a50c3f3/none_v3" "txef5fe462be0f4a7fa2373-0069808fc1" "object-server 23" 0.0008 "-" 20 0
Feb 2 11:51:29 standalone object-server[122949]: 172.20.0.100 - - [02/Feb/2026:11:51:29 +0000] "PUT /d1/485/AUTH_f8ef0e5143814014ad2a4dffe22f1919/gnocchi.8a49c9ed-55d6-405b-be0a-881d2a50c3f3/none_v3" 201 - "PUT http://localhost:8080/v1/AUTH_f8ef0e5143814014ad2a4dffe22f1919/gnocchi.8a49c9ed-55d6-405b-be0a-881d2a50c3f3/none_v3" "txef5fe462be0f4a7fa2373-0069808fc1" "proxy-server 21" 0.0111 "-" 23 0
Feb 2 11:51:29 standalone proxy-server[124826]: 172.18.0.2 ::1 02/Feb/2026/11/51/29 PUT /v1/AUTH_f8ef0e5143814014ad2a4dffe22f1919/gnocchi.8a49c9ed-55d6-405b-be0a-881d2a50c3f3/none_v3 HTTP/1.0 201 - python-swiftclient-3.11.1 gAAAAABpgI99qtAZ... 22 - - txef5fe462be0f4a7fa2373-0069808fc1 - 0.0175 - - 1770033089.602826357 1770033089.620332956 0
Feb 2 11:51:29 standalone container-server[122730]: 172.20.0.100 - - [02/Feb/2026:11:51:29 +0000] "HEAD /d1/427/AUTH_f8ef0e5143814014ad2a4dffe22f1919/gnocchi.3243ce06-be31-411d-b378-a8ad1593fde6" 404 - "HEAD http://localhost:8080/v1/AUTH_f8ef0e5143814014ad2a4dffe22f1919/gnocchi.3243ce06-be31-411d-b378-a8ad1593fde6?format=json&states=listing" "tx85d6a8ede86246e2a4118-0069808fc1" "proxy-server 21" 0.0004 "-" 20 0
Feb 2 11:51:29 standalone object-server[122949]: 172.20.0.100 - - [02/Feb/2026:11:51:29 +0000] "GET /d1/255/AUTH_f8ef0e5143814014ad2a4dffe22f1919/gnocchi.3243ce06-be31-411d-b378-a8ad1593fde6/none_v3" 404 70 "GET http://localhost:8080/v1/AUTH_f8ef0e5143814014ad2a4dffe22f1919/gnocchi.3243ce06-be31-411d-b378-a8ad1593fde6/none_v3" "tx85d6a8ede86246e2a4118-0069808fc1" "proxy-server 21" 0.0003 "-" 23 0
Feb 2 11:51:29 standalone proxy-server[124826]: 172.18.0.2 ::1 02/Feb/2026/11/51/29 GET /v1/AUTH_f8ef0e5143814014ad2a4dffe22f1919/gnocchi.3243ce06-be31-411d-b378-a8ad1593fde6/none_v3 HTTP/1.0 404 - python-swiftclient-3.11.1 gAAAAABpgI99qtAZ... - 70 - tx85d6a8ede86246e2a4118-0069808fc1 - 0.0105 - - 1770033089.640086174 1770033089.650587797 0
Feb 2 11:51:29 standalone account-server[122650]: 172.20.0.100 - - [02/Feb/2026:11:51:29 +0000] "PUT /d1/288/AUTH_f8ef0e5143814014ad2a4dffe22f1919/gnocchi.3243ce06-be31-411d-b378-a8ad1593fde6" 201 - "PUT http://172.20.0.100:6001/d1/427/AUTH_f8ef0e5143814014ad2a4dffe22f1919/gnocchi.3243ce06-be31-411d-b378-a8ad1593fde6" "txf3bb950ba7ff425e8b594-0069808fc1" "container-server 21" 0.0085 "-" 15 0
Feb 2 11:51:29 standalone container-server[122731]: 172.20.0.100 - - [02/Feb/2026:11:51:29 +0000] "PUT /d1/427/AUTH_f8ef0e5143814014ad2a4dffe22f1919/gnocchi.3243ce06-be31-411d-b378-a8ad1593fde6" 201 - "PUT http://localhost:8080/v1/AUTH_f8ef0e5143814014ad2a4dffe22f1919/gnocchi.3243ce06-be31-411d-b378-a8ad1593fde6" "txf3bb950ba7ff425e8b594-0069808fc1" "proxy-server 21" 0.0262 "-" 21 0
Feb 2 11:51:29 standalone proxy-server[124826]: 172.18.0.2 ::1 02/Feb/2026/11/51/29 PUT /v1/AUTH_f8ef0e5143814014ad2a4dffe22f1919/gnocchi.3243ce06-be31-411d-b378-a8ad1593fde6 HTTP/1.0 201 - python-swiftclient-3.11.1 gAAAAABpgI99qtAZ... - - - txf3bb950ba7ff425e8b594-0069808fc1 - 0.0326 - - 1770033089.656331539 1770033089.688891172 0
Feb 2 11:51:29 standalone container-server[122731]: 172.20.0.100 - - [02/Feb/2026:11:51:29 +0000] "HEAD /d1/427/AUTH_f8ef0e5143814014ad2a4dffe22f1919/gnocchi.3243ce06-be31-411d-b378-a8ad1593fde6" 204 - "HEAD http://localhost:8080/v1/AUTH_f8ef0e5143814014ad2a4dffe22f1919/gnocchi.3243ce06-be31-411d-b378-a8ad1593fde6?format=json&states=listing" "txd8dad8997679467b8035a-0069808fc1" "proxy-server 21" 0.0028 "-" 21 0
Feb 2 11:51:29 standalone proxy-server[124826]: - - 02/Feb/2026/11/51/29 HEAD /v1/AUTH_f8ef0e5143814014ad2a4dffe22f1919/gnocchi.3243ce06-be31-411d-b378-a8ad1593fde6%3Fformat%3Djson%26states%3Dlisting HTTP/1.0 204 - Swift - - - - txd8dad8997679467b8035a-0069808fc1 - 0.0073 RL - 1770033089.696600437 1770033089.703920841 0
Feb 2 11:51:29 standalone container-server[122744]: 172.20.0.100 - - [02/Feb/2026:11:51:29 +0000] "GET /d1/427/AUTH_f8ef0e5143814014ad2a4dffe22f1919/gnocchi.3243ce06-be31-411d-b378-a8ad1593fde6" 200 2 "GET http://localhost:8080/v1/AUTH_f8ef0e5143814014ad2a4dffe22f1919/gnocchi.3243ce06-be31-411d-b378-a8ad1593fde6?format=json&states=listing" "txd8dad8997679467b8035a-0069808fc1" "proxy-server 21" 0.0026 "-" 22 0
Feb 2 11:51:29 standalone proxy-server[124826]: 172.18.0.2 ::1 02/Feb/2026/11/51/29 GET /v1/AUTH_f8ef0e5143814014ad2a4dffe22f1919/gnocchi.3243ce06-be31-411d-b378-a8ad1593fde6%3Fformat%3Djson%26states%3Dlisting HTTP/1.0 200 - python-swiftclient-3.11.1 gAAAAABpgI99qtAZ... - 2 - txd8dad8997679467b8035a-0069808fc1 - 0.0187 - - 1770033089.695393324 1770033089.714135647 0
Feb 2 11:51:29 standalone object-server[122948]: 172.20.0.100 - - [02/Feb/2026:11:51:29 +0000] "GET /d1/81/AUTH_f8ef0e5143814014ad2a4dffe22f1919/gnocchi.3243ce06-be31-411d-b378-a8ad1593fde6/1769040000.0_mean_300.0_v3" 404 70 "GET http://localhost:8080/v1/AUTH_f8ef0e5143814014ad2a4dffe22f1919/gnocchi.3243ce06-be31-411d-b378-a8ad1593fde6/1769040000.0_mean_300.0_v3" "txc6981db6729f4158ac697-0069808fc1" "proxy-server 21" 0.0007 "-" 22 0
Feb 2 11:51:29 standalone proxy-server[124826]: 172.18.0.2 ::1 02/Feb/2026/11/51/29 GET /v1/AUTH_f8ef0e5143814014ad2a4dffe22f1919/gnocchi.3243ce06-be31-411d-b378-a8ad1593fde6/1769040000.0_mean_300.0_v3 HTTP/1.0 404 - python-swiftclient-3.11.1 gAAAAABpgI99qtAZ... - 70 - txc6981db6729f4158ac697-0069808fc1 - 0.0078 - - 1770033089.721032143 1770033089.728825569 0
Feb 2 11:51:29 standalone container-server[122731]: 172.20.0.100 - - [02/Feb/2026:11:51:29 +0000] "PUT /d1/427/AUTH_f8ef0e5143814014ad2a4dffe22f1919/gnocchi.3243ce06-be31-411d-b378-a8ad1593fde6/1769040000.0_mean_300.0_v3" 201 - "PUT http://localhost:8080/d1/81/AUTH_f8ef0e5143814014ad2a4dffe22f1919/gnocchi.3243ce06-be31-411d-b378-a8ad1593fde6/1769040000.0_mean_300.0_v3" "tx37e6f2633bcc4b66867fe-0069808fc1" "object-server 23" 0.0010 "-" 21 0
Feb 2 11:51:29 standalone object-server[122949]: 172.20.0.100 - - [02/Feb/2026:11:51:29 +0000] "PUT /d1/81/AUTH_f8ef0e5143814014ad2a4dffe22f1919/gnocchi.3243ce06-be31-411d-b378-a8ad1593fde6/1769040000.0_mean_300.0_v3" 201 - "PUT http://localhost:8080/v1/AUTH_f8ef0e5143814014ad2a4dffe22f1919/gnocchi.3243ce06-be31-411d-b378-a8ad1593fde6/1769040000.0_mean_300.0_v3" "tx37e6f2633bcc4b66867fe-0069808fc1" "proxy-server 21" 0.0133 "-" 23 0
Feb 2 11:51:29 standalone proxy-server[124826]: 172.18.0.2 ::1 02/Feb/2026/11/51/29 PUT /v1/AUTH_f8ef0e5143814014ad2a4dffe22f1919/gnocchi.3243ce06-be31-411d-b378-a8ad1593fde6/1769040000.0_mean_300.0_v3 HTTP/1.0 201 - python-swiftclient-3.11.1 gAAAAABpgI99qtAZ... 16 - - tx37e6f2633bcc4b66867fe-0069808fc1 - 0.0199 - - 1770033089.734583139 1770033089.754456043 0
Feb 2 11:51:29 standalone container-server[122731]: 172.20.0.100 - - [02/Feb/2026:11:51:29 +0000] "PUT /d1/427/AUTH_f8ef0e5143814014ad2a4dffe22f1919/gnocchi.3243ce06-be31-411d-b378-a8ad1593fde6/none_v3" 201 - "PUT http://localhost:8080/d1/255/AUTH_f8ef0e5143814014ad2a4dffe22f1919/gnocchi.3243ce06-be31-411d-b378-a8ad1593fde6/none_v3" "tx598d3c1d7937430aa9601-0069808fc1" "object-server 24" 0.0009 "-" 21 0
Feb 2 11:51:29 standalone object-server[122950]: 172.20.0.100 - - [02/Feb/2026:11:51:29 +0000] "PUT /d1/255/AUTH_f8ef0e5143814014ad2a4dffe22f1919/gnocchi.3243ce06-be31-411d-b378-a8ad1593fde6/none_v3" 201 - "PUT http://localhost:8080/v1/AUTH_f8ef0e5143814014ad2a4dffe22f1919/gnocchi.3243ce06-be31-411d-b378-a8ad1593fde6/none_v3" "tx598d3c1d7937430aa9601-0069808fc1" "proxy-server 21" 0.0119 "-" 24 0
Feb 2 11:51:29 standalone proxy-server[124826]: 172.18.0.2 ::1 02/Feb/2026/11/51/29 PUT /v1/AUTH_f8ef0e5143814014ad2a4dffe22f1919/gnocchi.3243ce06-be31-411d-b378-a8ad1593fde6/none_v3 HTTP/1.0 201 - python-swiftclient-3.11.1 gAAAAABpgI99qtAZ... 22 - - tx598d3c1d7937430aa9601-0069808fc1 - 0.0189 - - 1770033089.759617090 1770033089.778519154 0
Feb 2 11:51:29 standalone container-server[122731]: 172.20.0.100 - - [02/Feb/2026:11:51:29 +0000] "HEAD /d1/55/AUTH_f8ef0e5143814014ad2a4dffe22f1919/gnocchi.85eb561a-779b-488f-9494-a46a1c91d4a2" 404 - "HEAD http://localhost:8080/v1/AUTH_f8ef0e5143814014ad2a4dffe22f1919/gnocchi.85eb561a-779b-488f-9494-a46a1c91d4a2?format=json&states=listing" "txb1cf4332569549e0b3901-0069808fc1" "proxy-server 21" 0.0006 "-" 21 0
Feb 2 11:51:29 standalone object-server[122950]: 172.20.0.100 - - [02/Feb/2026:11:51:29 +0000] "GET /d1/810/AUTH_f8ef0e5143814014ad2a4dffe22f1919/gnocchi.85eb561a-779b-488f-9494-a46a1c91d4a2/none_v3" 404 70 "GET http://localhost:8080/v1/AUTH_f8ef0e5143814014ad2a4dffe22f1919/gnocchi.85eb561a-779b-488f-9494-a46a1c91d4a2/none_v3" "txb1cf4332569549e0b3901-0069808fc1" "proxy-server 21" 0.0059 "-" 24 0
Feb 2 11:51:29 standalone proxy-server[124826]: 172.18.0.2 ::1 02/Feb/2026/11/51/29 GET /v1/AUTH_f8ef0e5143814014ad2a4dffe22f1919/gnocchi.85eb561a-779b-488f-9494-a46a1c91d4a2/none_v3 HTTP/1.0 404 - python-swiftclient-3.11.1 gAAAAABpgI99qtAZ... - 70 - txb1cf4332569549e0b3901-0069808fc1 - 0.0211 - - 1770033089.798896551 1770033089.819976807 0
Feb 2 11:51:29 standalone account-server[122665]: 172.20.0.100 - - [02/Feb/2026:11:51:29 +0000] "PUT /d1/288/AUTH_f8ef0e5143814014ad2a4dffe22f1919/gnocchi.85eb561a-779b-488f-9494-a46a1c91d4a2" 201 - "PUT http://172.20.0.100:6001/d1/55/AUTH_f8ef0e5143814014ad2a4dffe22f1919/gnocchi.85eb561a-779b-488f-9494-a46a1c91d4a2" "txde4db094b00f4973bc7b2-0069808fc1" "container-server 20" 0.0098 "-" 22 0
Feb 2 11:51:29 standalone container-server[122730]: 172.20.0.100 - - [02/Feb/2026:11:51:29 +0000] "PUT /d1/55/AUTH_f8ef0e5143814014ad2a4dffe22f1919/gnocchi.85eb561a-779b-488f-9494-a46a1c91d4a2" 201 - "PUT http://localhost:8080/v1/AUTH_f8ef0e5143814014ad2a4dffe22f1919/gnocchi.85eb561a-779b-488f-9494-a46a1c91d4a2" "txde4db094b00f4973bc7b2-0069808fc1" "proxy-server 21" 0.0199 "-" 20 0
Feb 2 11:51:29 standalone proxy-server[124826]: 172.18.0.2 ::1 02/Feb/2026/11/51/29 PUT /v1/AUTH_f8ef0e5143814014ad2a4dffe22f1919/gnocchi.85eb561a-779b-488f-9494-a46a1c91d4a2 HTTP/1.0 201 - python-swiftclient-3.11.1 gAAAAABpgI99qtAZ... - - - txde4db094b00f4973bc7b2-0069808fc1 - 0.0265 - - 1770033089.827647924 1770033089.854155064 0
Feb 2 11:51:29 standalone container-server[122746]: 172.20.0.100 - - [02/Feb/2026:11:51:29 +0000] "HEAD /d1/55/AUTH_f8ef0e5143814014ad2a4dffe22f1919/gnocchi.85eb561a-779b-488f-9494-a46a1c91d4a2" 204 - "HEAD http://localhost:8080/v1/AUTH_f8ef0e5143814014ad2a4dffe22f1919/gnocchi.85eb561a-779b-488f-9494-a46a1c91d4a2?format=json&states=listing" "txf42ad077dfd348b7b9ea0-0069808fc1" "proxy-server 21" 0.0029 "-" 23 0
Feb 2 11:51:29 standalone proxy-server[124826]: - - 02/Feb/2026/11/51/29 HEAD /v1/AUTH_f8ef0e5143814014ad2a4dffe22f1919/gnocchi.85eb561a-779b-488f-9494-a46a1c91d4a2%3Fformat%3Djson%26states%3Dlisting HTTP/1.0 204 - Swift - - - - txf42ad077dfd348b7b9ea0-0069808fc1 - 0.0066 RL - 1770033089.862087965 1770033089.868652582 0
Feb 2 11:51:29 standalone container-server[122746]: 172.20.0.100 - - [02/Feb/2026:11:51:29 +0000] "GET /d1/55/AUTH_f8ef0e5143814014ad2a4dffe22f1919/gnocchi.85eb561a-779b-488f-9494-a46a1c91d4a2" 200 2 "GET http://localhost:8080/v1/AUTH_f8ef0e5143814014ad2a4dffe22f1919/gnocchi.85eb561a-779b-488f-9494-a46a1c91d4a2?format=json&states=listing" "txf42ad077dfd348b7b9ea0-0069808fc1" "proxy-server 21" 0.0043 "-" 23 0
Feb 2 11:51:29 standalone proxy-server[124826]: 172.18.0.2 ::1 02/Feb/2026/11/51/29 GET /v1/AUTH_f8ef0e5143814014ad2a4dffe22f1919/gnocchi.85eb561a-779b-488f-9494-a46a1c91d4a2%3Fformat%3Djson%26states%3Dlisting HTTP/1.0 200 - python-swiftclient-3.11.1 gAAAAABpgI99qtAZ... - 2 - txf42ad077dfd348b7b9ea0-0069808fc1 - 0.0187 - - 1770033089.860522747 1770033089.879174709 0
Feb 2 11:51:29 standalone object-server[122950]: 172.20.0.100 - - [02/Feb/2026:11:51:29 +0000] "GET /d1/80/AUTH_f8ef0e5143814014ad2a4dffe22f1919/gnocchi.85eb561a-779b-488f-9494-a46a1c91d4a2/1769040000.0_mean_300.0_v3" 404 70 "GET http://localhost:8080/v1/AUTH_f8ef0e5143814014ad2a4dffe22f1919/gnocchi.85eb561a-779b-488f-9494-a46a1c91d4a2/1769040000.0_mean_300.0_v3" "txaa7750cdda624256b2fe2-0069808fc1" "proxy-server 21" 0.0005 "-" 24 0
Feb 2 11:51:29 standalone proxy-server[124826]: 172.18.0.2 ::1 02/Feb/2026/11/51/29 GET /v1/AUTH_f8ef0e5143814014ad2a4dffe22f1919/gnocchi.85eb561a-779b-488f-9494-a46a1c91d4a2/1769040000.0_mean_300.0_v3 HTTP/1.0 404 - python-swiftclient-3.11.1 gAAAAABpgI99qtAZ... - 70 - txaa7750cdda624256b2fe2-0069808fc1 - 0.0051 - - 1770033089.886955738 1770033089.892083168 0
Feb 2 11:51:29 standalone container-server[122744]: 172.20.0.100 - - [02/Feb/2026:11:51:29 +0000] "PUT /d1/55/AUTH_f8ef0e5143814014ad2a4dffe22f1919/gnocchi.85eb561a-779b-488f-9494-a46a1c91d4a2/1769040000.0_mean_300.0_v3" 201 - "PUT http://localhost:8080/d1/80/AUTH_f8ef0e5143814014ad2a4dffe22f1919/gnocchi.85eb561a-779b-488f-9494-a46a1c91d4a2/1769040000.0_mean_300.0_v3" "txf2d4787fe0834b689692a-0069808fc1" "object-server 23" 0.0011 "-" 22 0
Feb 2 11:51:29 standalone object-server[122949]: 172.20.0.100 - - [02/Feb/2026:11:51:29 +0000] "PUT /d1/80/AUTH_f8ef0e5143814014ad2a4dffe22f1919/gnocchi.85eb561a-779b-488f-9494-a46a1c91d4a2/1769040000.0_mean_300.0_v3" 201 - "PUT http://localhost:8080/v1/AUTH_f8ef0e5143814014ad2a4dffe22f1919/gnocchi.85eb561a-779b-488f-9494-a46a1c91d4a2/1769040000.0_mean_300.0_v3" "txf2d4787fe0834b689692a-0069808fc1" "proxy-server 21" 0.0150 "-" 23 0
Feb 2 11:51:29 standalone proxy-server[124826]: 172.18.0.2 ::1 02/Feb/2026/11/51/29 PUT /v1/AUTH_f8ef0e5143814014ad2a4dffe22f1919/gnocchi.85eb561a-779b-488f-9494-a46a1c91d4a2/1769040000.0_mean_300.0_v3 HTTP/1.0 201 - python-swiftclient-3.11.1 gAAAAABpgI99qtAZ... 16 - - txf2d4787fe0834b689692a-0069808fc1 - 0.0208 - - 1770033089.902246714 1770033089.923057556 0
Feb 2 11:51:29 standalone container-server[122744]: 172.20.0.100 - - [02/Feb/2026:11:51:29 +0000] "PUT /d1/55/AUTH_f8ef0e5143814014ad2a4dffe22f1919/gnocchi.85eb561a-779b-488f-9494-a46a1c91d4a2/none_v3" 201 - "PUT http://localhost:8080/d1/810/AUTH_f8ef0e5143814014ad2a4dffe22f1919/gnocchi.85eb561a-779b-488f-9494-a46a1c91d4a2/none_v3" "tx5f32d75a6f2f4f9ba3ed4-0069808fc1" "object-server 25" 0.0008 "-" 22 0
Feb 2 11:51:29 standalone object-server[122954]: 172.20.0.100 - - [02/Feb/2026:11:51:29 +0000] "PUT /d1/810/AUTH_f8ef0e5143814014ad2a4dffe22f1919/gnocchi.85eb561a-779b-488f-9494-a46a1c91d4a2/none_v3" 201 - "PUT http://localhost:8080/v1/AUTH_f8ef0e5143814014ad2a4dffe22f1919/gnocchi.85eb561a-779b-488f-9494-a46a1c91d4a2/none_v3" "tx5f32d75a6f2f4f9ba3ed4-0069808fc1" "proxy-server 21" 0.0128 "-" 25 0
Feb 2 11:51:29 standalone proxy-server[124826]: 172.18.0.2 ::1 02/Feb/2026/11/51/29 PUT /v1/AUTH_f8ef0e5143814014ad2a4dffe22f1919/gnocchi.85eb561a-779b-488f-9494-a46a1c91d4a2/none_v3 HTTP/1.0 201 - python-swiftclient-3.11.1 gAAAAABpgI99qtAZ... 22 - - tx5f32d75a6f2f4f9ba3ed4-0069808fc1 - 0.0202 - - 1770033089.928677559 1770033089.948831320 0
Feb 2 11:51:29 standalone container-server[122746]: 172.20.0.100 - - [02/Feb/2026:11:51:29 +0000] "HEAD /d1/248/AUTH_f8ef0e5143814014ad2a4dffe22f1919/gnocchi.363fc189-3e6c-4c3a-8a8d-96f5f7cac051" 404 - "HEAD http://localhost:8080/v1/AUTH_f8ef0e5143814014ad2a4dffe22f1919/gnocchi.363fc189-3e6c-4c3a-8a8d-96f5f7cac051?format=json&states=listing" "txc23d39710e1c411aac7da-0069808fc1" "proxy-server 21" 0.0009 "-" 23 0
Feb 2 11:51:29 standalone object-server[122949]: 172.20.0.100 - - [02/Feb/2026:11:51:29 +0000] "GET /d1/200/AUTH_f8ef0e5143814014ad2a4dffe22f1919/gnocchi.363fc189-3e6c-4c3a-8a8d-96f5f7cac051/none_v3" 404 70 "GET http://localhost:8080/v1/AUTH_f8ef0e5143814014ad2a4dffe22f1919/gnocchi.363fc189-3e6c-4c3a-8a8d-96f5f7cac051/none_v3" "txc23d39710e1c411aac7da-0069808fc1" "proxy-server 21" 0.0006 "-" 23 0
Feb 2 11:51:29 standalone proxy-server[124826]: 172.18.0.2 ::1 02/Feb/2026/11/51/29 GET /v1/AUTH_f8ef0e5143814014ad2a4dffe22f1919/gnocchi.363fc189-3e6c-4c3a-8a8d-96f5f7cac051/none_v3 HTTP/1.0 404 - python-swiftclient-3.11.1 gAAAAABpgI99qtAZ... - 70 - txc23d39710e1c411aac7da-0069808fc1 - 0.0111 - - 1770033089.972051382 1770033089.983115435 0
Feb 2 11:51:30 standalone account-server[122657]: 172.20.0.100 - - [02/Feb/2026:11:51:30 +0000] "PUT /d1/288/AUTH_f8ef0e5143814014ad2a4dffe22f1919/gnocchi.363fc189-3e6c-4c3a-8a8d-96f5f7cac051" 201 - "PUT http://172.20.0.100:6001/d1/248/AUTH_f8ef0e5143814014ad2a4dffe22f1919/gnocchi.363fc189-3e6c-4c3a-8a8d-96f5f7cac051" "txffca61763fc94a31b25d4-0069808fc1" "container-server 23" 0.0162 "-" 19 0
Feb 2 11:51:30 standalone container-server[122746]: 172.20.0.100 - - [02/Feb/2026:11:51:30 +0000] "PUT /d1/248/AUTH_f8ef0e5143814014ad2a4dffe22f1919/gnocchi.363fc189-3e6c-4c3a-8a8d-96f5f7cac051" 201 - "PUT http://localhost:8080/v1/AUTH_f8ef0e5143814014ad2a4dffe22f1919/gnocchi.363fc189-3e6c-4c3a-8a8d-96f5f7cac051" "txffca61763fc94a31b25d4-0069808fc1" "proxy-server 21" 0.0366 "-" 23 0
Feb 2 11:51:30 standalone proxy-server[124826]: 172.18.0.2 ::1 02/Feb/2026/11/51/30 PUT /v1/AUTH_f8ef0e5143814014ad2a4dffe22f1919/gnocchi.363fc189-3e6c-4c3a-8a8d-96f5f7cac051 HTTP/1.0 201 - python-swiftclient-3.11.1 gAAAAABpgI99qtAZ... - - - txffca61763fc94a31b25d4-0069808fc1 - 0.0449 - - 1770033089.988152981 1770033090.033055305 0
Feb 2 11:51:30 standalone container-server[122746]: 172.20.0.100 - - [02/Feb/2026:11:51:30 +0000] "HEAD /d1/248/AUTH_f8ef0e5143814014ad2a4dffe22f1919/gnocchi.363fc189-3e6c-4c3a-8a8d-96f5f7cac051" 204 - "HEAD http://localhost:8080/v1/AUTH_f8ef0e5143814014ad2a4dffe22f1919/gnocchi.363fc189-3e6c-4c3a-8a8d-96f5f7cac051?format=json&states=listing" "txd4bec1c4c1f144a8a60dc-0069808fc2" "proxy-server 21" 0.0027 "-" 23 0
Feb 2 11:51:30 standalone proxy-server[124826]: - - 02/Feb/2026/11/51/30 HEAD /v1/AUTH_f8ef0e5143814014ad2a4dffe22f1919/gnocchi.363fc189-3e6c-4c3a-8a8d-96f5f7cac051%3Fformat%3Djson%26states%3Dlisting HTTP/1.0 204 - Swift - - - - txd4bec1c4c1f144a8a60dc-0069808fc2 - 0.0088 RL - 1770033090.042199135 1770033090.050982237 0
Feb 2 11:51:30 standalone container-server[122730]: 172.20.0.100 - - [02/Feb/2026:11:51:30 +0000] "GET /d1/248/AUTH_f8ef0e5143814014ad2a4dffe22f1919/gnocchi.363fc189-3e6c-4c3a-8a8d-96f5f7cac051" 200 2 "GET http://localhost:8080/v1/AUTH_f8ef0e5143814014ad2a4dffe22f1919/gnocchi.363fc189-3e6c-4c3a-8a8d-96f5f7cac051?format=json&states=listing" "txd4bec1c4c1f144a8a60dc-0069808fc2" "proxy-server 21" 0.0099 "-" 20 0
Feb 2 11:51:30 standalone proxy-server[124826]: 172.18.0.2 ::1 02/Feb/2026/11/51/30 GET /v1/AUTH_f8ef0e5143814014ad2a4dffe22f1919/gnocchi.363fc189-3e6c-4c3a-8a8d-96f5f7cac051%3Fformat%3Djson%26states%3Dlisting HTTP/1.0 200 - python-swiftclient-3.11.1 gAAAAABpgI99qtAZ... - 2 - txd4bec1c4c1f144a8a60dc-0069808fc2 - 0.0376 - - 1770033090.040025711 1770033090.077624083 0
Feb 2 11:51:30 standalone object-server[122949]: 172.20.0.100 - - [02/Feb/2026:11:51:30 +0000] "GET /d1/181/AUTH_f8ef0e5143814014ad2a4dffe22f1919/gnocchi.363fc189-3e6c-4c3a-8a8d-96f5f7cac051/1769040000.0_mean_300.0_v3" 404 70 "GET http://localhost:8080/v1/AUTH_f8ef0e5143814014ad2a4dffe22f1919/gnocchi.363fc189-3e6c-4c3a-8a8d-96f5f7cac051/1769040000.0_mean_300.0_v3" "tx3dda2450059c45b8ba857-0069808fc2" "proxy-server 21" 0.0009 "-" 23 0
Feb 2 11:51:30 standalone proxy-server[124826]: 172.18.0.2 ::1 02/Feb/2026/11/51/30 GET /v1/AUTH_f8ef0e5143814014ad2a4dffe22f1919/gnocchi.363fc189-3e6c-4c3a-8a8d-96f5f7cac051/1769040000.0_mean_300.0_v3 HTTP/1.0 404 - python-swiftclient-3.11.1 gAAAAABpgI99qtAZ... - 70 - tx3dda2450059c45b8ba857-0069808fc2 - 0.0134 - - 1770033090.084437847 1770033090.097872972 0
Feb 2 11:51:30 standalone container-server[122744]: 172.20.0.100 - - [02/Feb/2026:11:51:30 +0000] "PUT /d1/248/AUTH_f8ef0e5143814014ad2a4dffe22f1919/gnocchi.363fc189-3e6c-4c3a-8a8d-96f5f7cac051/1769040000.0_mean_300.0_v3" 201 - "PUT http://localhost:8080/d1/181/AUTH_f8ef0e5143814014ad2a4dffe22f1919/gnocchi.363fc189-3e6c-4c3a-8a8d-96f5f7cac051/1769040000.0_mean_300.0_v3" "txe0a8506e86d746758ec4f-0069808fc2" "object-server 24" 0.0022 "-" 22 0
Feb 2 11:51:30 standalone object-server[122950]: 172.20.0.100 - - [02/Feb/2026:11:51:30 +0000] "PUT /d1/181/AUTH_f8ef0e5143814014ad2a4dffe22f1919/gnocchi.363fc189-3e6c-4c3a-8a8d-96f5f7cac051/1769040000.0_mean_300.0_v3" 201 - "PUT http://localhost:8080/v1/AUTH_f8ef0e5143814014ad2a4dffe22f1919/gnocchi.363fc189-3e6c-4c3a-8a8d-96f5f7cac051/1769040000.0_mean_300.0_v3" "txe0a8506e86d746758ec4f-0069808fc2" "proxy-server 21" 0.0224 "-" 24 0
Feb 2 11:51:30 standalone proxy-server[124826]: 172.18.0.2 ::1 02/Feb/2026/11/51/30 PUT /v1/AUTH_f8ef0e5143814014ad2a4dffe22f1919/gnocchi.363fc189-3e6c-4c3a-8a8d-96f5f7cac051/1769040000.0_mean_300.0_v3 HTTP/1.0 201 - python-swiftclient-3.11.1 gAAAAABpgI99qtAZ... 16 - - txe0a8506e86d746758ec4f-0069808fc2 - 0.0353 - - 1770033090.104463577 1770033090.139749050 0
Feb 2 11:51:30 standalone container-server[122730]: 172.20.0.100 - - [02/Feb/2026:11:51:30 +0000] "PUT /d1/248/AUTH_f8ef0e5143814014ad2a4dffe22f1919/gnocchi.363fc189-3e6c-4c3a-8a8d-96f5f7cac051/none_v3" 201 - "PUT http://localhost:8080/d1/200/AUTH_f8ef0e5143814014ad2a4dffe22f1919/gnocchi.363fc189-3e6c-4c3a-8a8d-96f5f7cac051/none_v3" "tx0bb7f695f97444e39eb44-0069808fc2" "object-server 24" 0.0008 "-" 20 0
Feb 2 11:51:30 standalone object-server[122950]: 172.20.0.100 - - [02/Feb/2026:11:51:30 +0000] "PUT /d1/200/AUTH_f8ef0e5143814014ad2a4dffe22f1919/gnocchi.363fc189-3e6c-4c3a-8a8d-96f5f7cac051/none_v3" 201 - "PUT http://localhost:8080/v1/AUTH_f8ef0e5143814014ad2a4dffe22f1919/gnocchi.363fc189-3e6c-4c3a-8a8d-96f5f7cac051/none_v3" "tx0bb7f695f97444e39eb44-0069808fc2" "proxy-server 21" 0.0180 "-" 24 0
Feb 2 11:51:30 standalone proxy-server[124826]: 172.18.0.2 ::1 02/Feb/2026/11/51/30 PUT /v1/AUTH_f8ef0e5143814014ad2a4dffe22f1919/gnocchi.363fc189-3e6c-4c3a-8a8d-96f5f7cac051/none_v3 HTTP/1.0 201 - python-swiftclient-3.11.1 gAAAAABpgI99qtAZ... 22 - - tx0bb7f695f97444e39eb44-0069808fc2 - 0.0338 - - 1770033090.144793034 1770033090.178563595 0
Feb 2 11:51:50 standalone container-server[122635]: Begin container update sweep
Feb 2 11:51:50 standalone account-server[122657]: 172.20.0.100 - - [02/Feb/2026:11:51:50 +0000] "PUT /d1/288/AUTH_f8ef0e5143814014ad2a4dffe22f1919/gnocchi.85eb561a-779b-488f-9494-a46a1c91d4a2" 201 - "-" "-" "container-updater 2" 0.0012 "-" 19 0
Feb 2 11:51:51 standalone account-server[122650]: 172.20.0.100 - - [02/Feb/2026:11:51:51 +0000] "PUT /d1/288/AUTH_f8ef0e5143814014ad2a4dffe22f1919/gnocchi.09f93163-5fe0-4f96-a062-c87749b223eb" 201 - "-" "-" "container-updater 2" 0.0011 "-" 15 0
Feb 2 11:51:51 standalone account-server[122650]: 172.20.0.100 - - [02/Feb/2026:11:51:51 +0000] "PUT /d1/288/AUTH_f8ef0e5143814014ad2a4dffe22f1919/glance" 201 - "-" "-" "container-updater 2" 0.0006 "-" 15 0
Feb 2 11:51:51 standalone account-server[122657]: 172.20.0.100 - - [02/Feb/2026:11:51:51 +0000] "PUT /d1/288/AUTH_f8ef0e5143814014ad2a4dffe22f1919/gnocchi.363fc189-3e6c-4c3a-8a8d-96f5f7cac051" 201 - "-" "-" "container-updater 2" 0.0007 "-" 19 0
Feb 2 11:51:51 standalone account-server[122647]: 172.20.0.100 - - [02/Feb/2026:11:51:51 +0000] "PUT /d1/288/AUTH_f8ef0e5143814014ad2a4dffe22f1919/gnocchi.1de4fe25-349b-481b-b6a4-aeabe0df6c95" 201 - "-" "-" "container-updater 2" 0.0013 "-" 14 0
Feb 2 11:51:51 standalone account-server[122657]: 172.20.0.100 - - [02/Feb/2026:11:51:51 +0000] "PUT /d1/288/AUTH_f8ef0e5143814014ad2a4dffe22f1919/gnocchi.8a49c9ed-55d6-405b-be0a-881d2a50c3f3" 201 - "-" "-" "container-updater 2" 0.0007 "-" 19 0
Feb 2 11:51:51 standalone account-server[122665]: 172.20.0.100 - - [02/Feb/2026:11:51:51 +0000] "PUT /d1/288/AUTH_f8ef0e5143814014ad2a4dffe22f1919/gnocchi.34720c26-af62-4acd-ad07-d3ca9df89ee7" 201 - "-" "-" "container-updater 2" 0.0007 "-" 22 0
Feb 2 11:51:51 standalone account-server[122665]: 172.20.0.100 - - [02/Feb/2026:11:51:51 +0000] "PUT /d1/288/AUTH_f8ef0e5143814014ad2a4dffe22f1919/gnocchi.3243ce06-be31-411d-b378-a8ad1593fde6" 201 - "-" "-" "container-updater 2" 0.0008 "-" 22 0
Feb 2 11:51:51 standalone account-server[122647]: 172.20.0.100 - - [02/Feb/2026:11:51:51 +0000] "PUT /d1/288/AUTH_f8ef0e5143814014ad2a4dffe22f1919/gnocchi.d7e22992-89f1-4f2b-b20d-38b700187460" 201 - "-" "-" "container-updater 2" 0.0006 "-" 14 0
Feb 2 11:51:51 standalone container-server[122635]: Container update sweep completed: 0.78s
Feb 2 11:53:44 standalone object-server[122878]: Begin object update sweep
Feb 2 11:53:44 standalone object-server[226053]: Object update sweep starting on /srv/node/d1 (pid: 14)
Feb 2 11:53:44 standalone object-server[226053]: Object update sweep completed on /srv/node/d1 in 0.00s seconds:, 0 successes, 0 failures, 0 quarantines, 0 unlinks, 0 errors, 0 redirects (pid: 14)
Feb 2 11:53:44 standalone object-server[226053]: Object update sweep of d1 completed: 0.00s, 0 successes, 0 failures, 0 quarantines, 0 unlinks, 0 errors, 0 redirects
Feb 2 11:53:44 standalone object-server[122878]: Object update sweep completed: 0.08s
Feb 2 11:54:01 standalone account-server[122657]: 172.20.0.100 - - [02/Feb/2026:11:54:01 +0000] "HEAD /d1/288/AUTH_f8ef0e5143814014ad2a4dffe22f1919" 204 - "HEAD http://localhost:8080/v1/AUTH_f8ef0e5143814014ad2a4dffe22f1919?format=json" "txc3156373e0f9438e98911-0069809059" "proxy-server 21" 0.0048 "-" 19 -
Feb 2 11:54:01 standalone proxy-server[124826]: - - 02/Feb/2026/11/54/01 HEAD /v1/AUTH_f8ef0e5143814014ad2a4dffe22f1919%3Fformat%3Djson HTTP/1.0 204 - Swift - - - - txc3156373e0f9438e98911-0069809059 - 0.0103 RL - 1770033241.615273714 1770033241.625580072 -
Feb 2 11:54:01 standalone container-server[122746]: 172.20.0.100 - - [02/Feb/2026:11:54:01 +0000] "HEAD /d1/1001/AUTH_f8ef0e5143814014ad2a4dffe22f1919/gnocchi.b617326b-4b29-4fa9-9b67-9e3eb4997ff1" 404 - "HEAD http://localhost:8080/v1/AUTH_f8ef0e5143814014ad2a4dffe22f1919/gnocchi.b617326b-4b29-4fa9-9b67-9e3eb4997ff1?format=json&states=listing" "txc3156373e0f9438e98911-0069809059" "proxy-server 21" 0.0005 "-" 23 0
Feb 2 11:54:01 standalone object-server[122950]: 172.20.0.100 - - [02/Feb/2026:11:54:01 +0000] "GET /d1/91/AUTH_f8ef0e5143814014ad2a4dffe22f1919/gnocchi.b617326b-4b29-4fa9-9b67-9e3eb4997ff1/none_v3" 404 70 "GET http://localhost:8080/v1/AUTH_f8ef0e5143814014ad2a4dffe22f1919/gnocchi.b617326b-4b29-4fa9-9b67-9e3eb4997ff1/none_v3" "txc3156373e0f9438e98911-0069809059" "proxy-server 21" 0.0006 "-" 24 0
Feb 2 11:54:01 standalone proxy-server[124826]: 172.18.0.2 ::1 02/Feb/2026/11/54/01 GET /v1/AUTH_f8ef0e5143814014ad2a4dffe22f1919/gnocchi.b617326b-4b29-4fa9-9b67-9e3eb4997ff1/none_v3 HTTP/1.0 404 - python-swiftclient-3.11.1 gAAAAABpgI99qtAZ... - 70 - txc3156373e0f9438e98911-0069809059 - 0.0216 - - 1770033241.614591122 1770033241.636168718 0
Feb 2 11:54:01 standalone account-server[122650]: 172.20.0.100 - - [02/Feb/2026:11:54:01 +0000] "PUT /d1/288/AUTH_f8ef0e5143814014ad2a4dffe22f1919/gnocchi.b617326b-4b29-4fa9-9b67-9e3eb4997ff1" 201 - "PUT http://172.20.0.100:6001/d1/1001/AUTH_f8ef0e5143814014ad2a4dffe22f1919/gnocchi.b617326b-4b29-4fa9-9b67-9e3eb4997ff1" "tx26ccdec8d9ac4cf3befda-0069809059" "container-server 23" 0.0010 "-" 15 0
Feb 2 11:54:01 standalone container-server[122746]: 172.20.0.100 - - [02/Feb/2026:11:54:01 +0000] "PUT /d1/1001/AUTH_f8ef0e5143814014ad2a4dffe22f1919/gnocchi.b617326b-4b29-4fa9-9b67-9e3eb4997ff1" 201 - "PUT http://localhost:8080/v1/AUTH_f8ef0e5143814014ad2a4dffe22f1919/gnocchi.b617326b-4b29-4fa9-9b67-9e3eb4997ff1" "tx26ccdec8d9ac4cf3befda-0069809059" "proxy-server 21" 0.0101 "-" 23 0
Feb 2 11:54:01 standalone proxy-server[124826]: 172.18.0.2 ::1 02/Feb/2026/11/54/01 PUT /v1/AUTH_f8ef0e5143814014ad2a4dffe22f1919/gnocchi.b617326b-4b29-4fa9-9b67-9e3eb4997ff1 HTTP/1.0 201 - python-swiftclient-3.11.1 gAAAAABpgI99qtAZ... - - - tx26ccdec8d9ac4cf3befda-0069809059 - 0.0152 - - 1770033241.639154196 1770033241.654319763 0
Feb 2 11:54:01 standalone container-server[122730]: 172.20.0.100 - - [02/Feb/2026:11:54:01 +0000] "HEAD /d1/1001/AUTH_f8ef0e5143814014ad2a4dffe22f1919/gnocchi.b617326b-4b29-4fa9-9b67-9e3eb4997ff1" 204 - "HEAD http://localhost:8080/v1/AUTH_f8ef0e5143814014ad2a4dffe22f1919/gnocchi.b617326b-4b29-4fa9-9b67-9e3eb4997ff1?format=json&states=listing" "tx5bc1e1bd33c44d308252e-0069809059" "proxy-server 21" 0.0011 "-" 20 0
Feb 2 11:54:01 standalone proxy-server[124826]: - - 02/Feb/2026/11/54/01 HEAD /v1/AUTH_f8ef0e5143814014ad2a4dffe22f1919/gnocchi.b617326b-4b29-4fa9-9b67-9e3eb4997ff1%3Fformat%3Djson%26states%3Dlisting HTTP/1.0 204 - Swift - - - - tx5bc1e1bd33c44d308252e-0069809059 - 0.0036 RL - 1770033241.658464670 1770033241.662098169 0
Feb 2 11:54:01 standalone container-server[122731]: 172.20.0.100 - - [02/Feb/2026:11:54:01 +0000] "GET /d1/1001/AUTH_f8ef0e5143814014ad2a4dffe22f1919/gnocchi.b617326b-4b29-4fa9-9b67-9e3eb4997ff1" 200 2 "GET http://localhost:8080/v1/AUTH_f8ef0e5143814014ad2a4dffe22f1919/gnocchi.b617326b-4b29-4fa9-9b67-9e3eb4997ff1?format=json&states=listing" "tx5bc1e1bd33c44d308252e-0069809059" "proxy-server 21" 0.0016 "-" 21 0
Feb 2 11:54:01 standalone proxy-server[124826]: 172.18.0.2 ::1 02/Feb/2026/11/54/01 GET /v1/AUTH_f8ef0e5143814014ad2a4dffe22f1919/gnocchi.b617326b-4b29-4fa9-9b67-9e3eb4997ff1%3Fformat%3Djson%26states%3Dlisting HTTP/1.0 200 - python-swiftclient-3.11.1 gAAAAABpgI99qtAZ... - 2 - tx5bc1e1bd33c44d308252e-0069809059 - 0.0111 - - 1770033241.657596827 1770033241.668672323 0
Feb 2 11:54:01 standalone object-server[122950]: 172.20.0.100 - - [02/Feb/2026:11:54:01 +0000] "GET /d1/184/AUTH_f8ef0e5143814014ad2a4dffe22f1919/gnocchi.b617326b-4b29-4fa9-9b67-9e3eb4997ff1/1769040000.0_mean_300.0_v3" 404 70 "GET http://localhost:8080/v1/AUTH_f8ef0e5143814014ad2a4dffe22f1919/gnocchi.b617326b-4b29-4fa9-9b67-9e3eb4997ff1/1769040000.0_mean_300.0_v3" "txb0854a8919544eda874d7-0069809059" "proxy-server 21" 0.0003 "-" 24 0
Feb 2 11:54:01 standalone proxy-server[124826]: 172.18.0.2 ::1 02/Feb/2026/11/54/01 GET /v1/AUTH_f8ef0e5143814014ad2a4dffe22f1919/gnocchi.b617326b-4b29-4fa9-9b67-9e3eb4997ff1/1769040000.0_mean_300.0_v3 HTTP/1.0 404 - python-swiftclient-3.11.1 gAAAAABpgI99qtAZ... - 70 - txb0854a8919544eda874d7-0069809059 - 0.0037 - - 1770033241.671544790 1770033241.675230980 0
Feb 2 11:54:01 standalone container-server[122746]: 172.20.0.100 - - [02/Feb/2026:11:54:01 +0000] "PUT /d1/1001/AUTH_f8ef0e5143814014ad2a4dffe22f1919/gnocchi.b617326b-4b29-4fa9-9b67-9e3eb4997ff1/1769040000.0_mean_300.0_v3" 201 - "PUT http://localhost:8080/d1/184/AUTH_f8ef0e5143814014ad2a4dffe22f1919/gnocchi.b617326b-4b29-4fa9-9b67-9e3eb4997ff1/1769040000.0_mean_300.0_v3" "txde3d8d8a73cb4a2ab3b81-0069809059" "object-server 25" 0.0005 "-" 23 0
Feb 2 11:54:01 standalone object-server[122954]: 172.20.0.100 - - [02/Feb/2026:11:54:01 +0000] "PUT /d1/184/AUTH_f8ef0e5143814014ad2a4dffe22f1919/gnocchi.b617326b-4b29-4fa9-9b67-9e3eb4997ff1/1769040000.0_mean_300.0_v3" 201 - "PUT http://localhost:8080/v1/AUTH_f8ef0e5143814014ad2a4dffe22f1919/gnocchi.b617326b-4b29-4fa9-9b67-9e3eb4997ff1/1769040000.0_mean_300.0_v3" "txde3d8d8a73cb4a2ab3b81-0069809059" "proxy-server 21" 0.0075 "-" 25 0
Feb 2 11:54:01 standalone proxy-server[124826]: 172.18.0.2 ::1 02/Feb/2026/11/54/01 PUT /v1/AUTH_f8ef0e5143814014ad2a4dffe22f1919/gnocchi.b617326b-4b29-4fa9-9b67-9e3eb4997ff1/1769040000.0_mean_300.0_v3 HTTP/1.0 201 - python-swiftclient-3.11.1 gAAAAABpgI99qtAZ... 16 - - txde3d8d8a73cb4a2ab3b81-0069809059 - 0.0121 - - 1770033241.678158045 1770033241.690233231 0
Feb 2 11:54:01 standalone container-server[122730]: 172.20.0.100 - - [02/Feb/2026:11:54:01 +0000] "PUT /d1/1001/AUTH_f8ef0e5143814014ad2a4dffe22f1919/gnocchi.b617326b-4b29-4fa9-9b67-9e3eb4997ff1/none_v3" 201 - "PUT http://localhost:8080/d1/91/AUTH_f8ef0e5143814014ad2a4dffe22f1919/gnocchi.b617326b-4b29-4fa9-9b67-9e3eb4997ff1/none_v3" "txe8b260376f014deeab2b9-0069809059" "object-server 25" 0.0004 "-" 20 0
Feb 2 11:54:01 standalone object-server[122954]: 172.20.0.100 - - [02/Feb/2026:11:54:01 +0000] "PUT /d1/91/AUTH_f8ef0e5143814014ad2a4dffe22f1919/gnocchi.b617326b-4b29-4fa9-9b67-9e3eb4997ff1/none_v3" 201 - "PUT http://localhost:8080/v1/AUTH_f8ef0e5143814014ad2a4dffe22f1919/gnocchi.b617326b-4b29-4fa9-9b67-9e3eb4997ff1/none_v3" "txe8b260376f014deeab2b9-0069809059" "proxy-server 21" 0.0071 "-" 25 0
Feb 2 11:54:01 standalone proxy-server[124826]: 172.18.0.2 ::1 02/Feb/2026/11/54/01 PUT /v1/AUTH_f8ef0e5143814014ad2a4dffe22f1919/gnocchi.b617326b-4b29-4fa9-9b67-9e3eb4997ff1/none_v3 HTTP/1.0 201 - python-swiftclient-3.11.1 gAAAAABpgI99qtAZ... 22 - - txe8b260376f014deeab2b9-0069809059 - 0.0112 - - 1770033241.692892313 1770033241.704129696 0
Feb 2 11:54:01 standalone container-server[122746]: 172.20.0.100 - - [02/Feb/2026:11:54:01 +0000] "HEAD /d1/557/AUTH_f8ef0e5143814014ad2a4dffe22f1919/gnocchi.4e654ab5-9c99-4549-87ca-2808d968ef5e" 404 - "HEAD http://localhost:8080/v1/AUTH_f8ef0e5143814014ad2a4dffe22f1919/gnocchi.4e654ab5-9c99-4549-87ca-2808d968ef5e?format=json&states=listing" "txdf8ce9d9f8704d0ba884d-0069809059" "proxy-server 21" 0.0003 "-" 23 0
Feb 2 11:54:01 standalone object-server[122954]: 172.20.0.100 - - [02/Feb/2026:11:54:01 +0000] "GET /d1/775/AUTH_f8ef0e5143814014ad2a4dffe22f1919/gnocchi.4e654ab5-9c99-4549-87ca-2808d968ef5e/none_v3" 404 70 "GET http://localhost:8080/v1/AUTH_f8ef0e5143814014ad2a4dffe22f1919/gnocchi.4e654ab5-9c99-4549-87ca-2808d968ef5e/none_v3" "txdf8ce9d9f8704d0ba884d-0069809059" "proxy-server 21" 0.0003 "-" 25 0
Feb 2 11:54:01 standalone proxy-server[124826]: 172.18.0.2 ::1 02/Feb/2026/11/54/01 GET /v1/AUTH_f8ef0e5143814014ad2a4dffe22f1919/gnocchi.4e654ab5-9c99-4549-87ca-2808d968ef5e/none_v3 HTTP/1.0 404 - python-swiftclient-3.11.1 gAAAAABpgI99qtAZ... - 70 - txdf8ce9d9f8704d0ba884d-0069809059 - 0.0077 - - 1770033241.713741541 1770033241.721484184 0
Feb 2 11:54:01 standalone account-server[122647]: 172.20.0.100 - - [02/Feb/2026:11:54:01 +0000] "PUT /d1/288/AUTH_f8ef0e5143814014ad2a4dffe22f1919/gnocchi.4e654ab5-9c99-4549-87ca-2808d968ef5e" 201 - "PUT http://172.20.0.100:6001/d1/557/AUTH_f8ef0e5143814014ad2a4dffe22f1919/gnocchi.4e654ab5-9c99-4549-87ca-2808d968ef5e" "txcec286042fc94bbb8a354-0069809059" "container-server 23" 0.0053 "-" 14 0
Feb 2 11:54:01 standalone container-server[122746]: 172.20.0.100 - - [02/Feb/2026:11:54:01 +0000] "PUT /d1/557/AUTH_f8ef0e5143814014ad2a4dffe22f1919/gnocchi.4e654ab5-9c99-4549-87ca-2808d968ef5e" 201 - "PUT http://localhost:8080/v1/AUTH_f8ef0e5143814014ad2a4dffe22f1919/gnocchi.4e654ab5-9c99-4549-87ca-2808d968ef5e" "txcec286042fc94bbb8a354-0069809059" "proxy-server 21" 0.0138 "-" 23 0
Feb 2 11:54:01 standalone proxy-server[124826]: 172.18.0.2 ::1 02/Feb/2026/11/54/01 PUT /v1/AUTH_f8ef0e5143814014ad2a4dffe22f1919/gnocchi.4e654ab5-9c99-4549-87ca-2808d968ef5e HTTP/1.0 201 - python-swiftclient-3.11.1 gAAAAABpgI99qtAZ... - - - txcec286042fc94bbb8a354-0069809059 - 0.0174 - - 1770033241.723802567 1770033241.741209507 0
Feb 2 11:54:01 standalone container-server[122731]: 172.20.0.100 - - [02/Feb/2026:11:54:01 +0000] "HEAD /d1/557/AUTH_f8ef0e5143814014ad2a4dffe22f1919/gnocchi.4e654ab5-9c99-4549-87ca-2808d968ef5e" 204 - "HEAD http://localhost:8080/v1/AUTH_f8ef0e5143814014ad2a4dffe22f1919/gnocchi.4e654ab5-9c99-4549-87ca-2808d968ef5e?format=json&states=listing" "tx34592f48240b4b339a2b0-0069809059" "proxy-server 21" 0.0009 "-" 21 0
Feb 2 11:54:01 standalone proxy-server[124826]: - - 02/Feb/2026/11/54/01 HEAD /v1/AUTH_f8ef0e5143814014ad2a4dffe22f1919/gnocchi.4e654ab5-9c99-4549-87ca-2808d968ef5e%3Fformat%3Djson%26states%3Dlisting HTTP/1.0 204 - Swift - - - - tx34592f48240b4b339a2b0-0069809059 - 0.0031 RL - 1770033241.745216370 1770033241.748318911 0
Feb 2 11:54:01 standalone container-server[122744]: 172.20.0.100 - - [02/Feb/2026:11:54:01 +0000] "GET /d1/557/AUTH_f8ef0e5143814014ad2a4dffe22f1919/gnocchi.4e654ab5-9c99-4549-87ca-2808d968ef5e" 200 2 "GET http://localhost:8080/v1/AUTH_f8ef0e5143814014ad2a4dffe22f1919/gnocchi.4e654ab5-9c99-4549-87ca-2808d968ef5e?format=json&states=listing" "tx34592f48240b4b339a2b0-0069809059" "proxy-server 21" 0.0017 "-" 22 0
Feb 2 11:54:01 standalone proxy-server[124826]: 172.18.0.2 ::1 02/Feb/2026/11/54/01 GET /v1/AUTH_f8ef0e5143814014ad2a4dffe22f1919/gnocchi.4e654ab5-9c99-4549-87ca-2808d968ef5e%3Fformat%3Djson%26states%3Dlisting HTTP/1.0 200 - python-swiftclient-3.11.1 gAAAAABpgI99qtAZ... - 2 - tx34592f48240b4b339a2b0-0069809059 - 0.0104 - - 1770033241.744117737 1770033241.754512072 0
Feb 2 11:54:01 standalone object-server[122949]: 172.20.0.100 - - [02/Feb/2026:11:54:01 +0000] "GET /d1/468/AUTH_f8ef0e5143814014ad2a4dffe22f1919/gnocchi.4e654ab5-9c99-4549-87ca-2808d968ef5e/1769040000.0_mean_300.0_v3" 404 70 "GET http://localhost:8080/v1/AUTH_f8ef0e5143814014ad2a4dffe22f1919/gnocchi.4e654ab5-9c99-4549-87ca-2808d968ef5e/1769040000.0_mean_300.0_v3" "tx58eed1f561354d15ac84b-0069809059" "proxy-server 21" 0.0003 "-" 23 0
Feb 2 11:54:01 standalone proxy-server[124826]: 172.18.0.2 ::1 02/Feb/2026/11/54/01 GET /v1/AUTH_f8ef0e5143814014ad2a4dffe22f1919/gnocchi.4e654ab5-9c99-4549-87ca-2808d968ef5e/1769040000.0_mean_300.0_v3 HTTP/1.0 404 - python-swiftclient-3.11.1 gAAAAABpgI99qtAZ... - 70 - tx58eed1f561354d15ac84b-0069809059 - 0.0043 - - 1770033241.757524014 1770033241.761864901 0
Feb 2 11:54:01 standalone container-server[122744]: 172.20.0.100 - - [02/Feb/2026:11:54:01 +0000] "PUT /d1/557/AUTH_f8ef0e5143814014ad2a4dffe22f1919/gnocchi.4e654ab5-9c99-4549-87ca-2808d968ef5e/1769040000.0_mean_300.0_v3" 201 - "PUT http://localhost:8080/d1/468/AUTH_f8ef0e5143814014ad2a4dffe22f1919/gnocchi.4e654ab5-9c99-4549-87ca-2808d968ef5e/1769040000.0_mean_300.0_v3" "txf1e2b5cb626f4992ac647-0069809059" "object-server 23" 0.0005 "-" 22 0
Feb 2 11:54:01 standalone object-server[122949]: 172.20.0.100 - - [02/Feb/2026:11:54:01 +0000] "PUT /d1/468/AUTH_f8ef0e5143814014ad2a4dffe22f1919/gnocchi.4e654ab5-9c99-4549-87ca-2808d968ef5e/1769040000.0_mean_300.0_v3" 201 - "PUT http://localhost:8080/v1/AUTH_f8ef0e5143814014ad2a4dffe22f1919/gnocchi.4e654ab5-9c99-4549-87ca-2808d968ef5e/1769040000.0_mean_300.0_v3" "txf1e2b5cb626f4992ac647-0069809059" "proxy-server 21" 0.0079 "-" 23 0
Feb 2 11:54:01 standalone proxy-server[124826]: 172.18.0.2 ::1 02/Feb/2026/11/54/01 PUT /v1/AUTH_f8ef0e5143814014ad2a4dffe22f1919/gnocchi.4e654ab5-9c99-4549-87ca-2808d968ef5e/1769040000.0_mean_300.0_v3 HTTP/1.0 201 - python-swiftclient-3.11.1 gAAAAABpgI99qtAZ... 16 - - txf1e2b5cb626f4992ac647-0069809059 - 0.0128 - - 1770033241.764301777 1770033241.777144432 0
Feb 2 11:54:01 standalone container-server[122730]: 172.20.0.100 - - [02/Feb/2026:11:54:01 +0000] "PUT /d1/557/AUTH_f8ef0e5143814014ad2a4dffe22f1919/gnocchi.4e654ab5-9c99-4549-87ca-2808d968ef5e/none_v3" 201 - "PUT http://localhost:8080/d1/775/AUTH_f8ef0e5143814014ad2a4dffe22f1919/gnocchi.4e654ab5-9c99-4549-87ca-2808d968ef5e/none_v3" "txdca9852786f14ae3b7668-0069809059" "object-server 24" 0.0003 "-" 20 0
Feb 2 11:54:01 standalone object-server[122950]: 172.20.0.100 - - [02/Feb/2026:11:54:01 +0000] "PUT /d1/775/AUTH_f8ef0e5143814014ad2a4dffe22f1919/gnocchi.4e654ab5-9c99-4549-87ca-2808d968ef5e/none_v3" 201 - "PUT http://localhost:8080/v1/AUTH_f8ef0e5143814014ad2a4dffe22f1919/gnocchi.4e654ab5-9c99-4549-87ca-2808d968ef5e/none_v3" "txdca9852786f14ae3b7668-0069809059" "proxy-server 21" 0.0079 "-" 24 0
Feb 2 11:54:01 standalone proxy-server[124826]: 172.18.0.2 ::1 02/Feb/2026/11/54/01 PUT /v1/AUTH_f8ef0e5143814014ad2a4dffe22f1919/gnocchi.4e654ab5-9c99-4549-87ca-2808d968ef5e/none_v3 HTTP/1.0 201 - python-swiftclient-3.11.1 gAAAAABpgI99qtAZ... 22 - - txdca9852786f14ae3b7668-0069809059 - 0.0149 - - 1770033241.782203674 1770033241.797094107 0
Feb 2 11:54:01 standalone container-server[122744]: 172.20.0.100 - - [02/Feb/2026:11:54:01 +0000] "HEAD /d1/138/AUTH_f8ef0e5143814014ad2a4dffe22f1919/gnocchi.ba9eb649-a7b2-4bcb-aa9c-64acf9643296" 404 - "HEAD http://localhost:8080/v1/AUTH_f8ef0e5143814014ad2a4dffe22f1919/gnocchi.ba9eb649-a7b2-4bcb-aa9c-64acf9643296?format=json&states=listing" "txb070967bb58548f8be2a2-0069809059" "proxy-server 21" 0.0006 "-" 22 0
Feb 2 11:54:01 standalone object-server[122948]: 172.20.0.100 - - [02/Feb/2026:11:54:01 +0000] "GET /d1/20/AUTH_f8ef0e5143814014ad2a4dffe22f1919/gnocchi.ba9eb649-a7b2-4bcb-aa9c-64acf9643296/none_v3" 404 70 "GET http://localhost:8080/v1/AUTH_f8ef0e5143814014ad2a4dffe22f1919/gnocchi.ba9eb649-a7b2-4bcb-aa9c-64acf9643296/none_v3" "txb070967bb58548f8be2a2-0069809059" "proxy-server 21" 0.0003 "-" 22 0
Feb 2 11:54:01 standalone proxy-server[124826]: 172.18.0.2 ::1 02/Feb/2026/11/54/01 GET /v1/AUTH_f8ef0e5143814014ad2a4dffe22f1919/gnocchi.ba9eb649-a7b2-4bcb-aa9c-64acf9643296/none_v3 HTTP/1.0 404 - python-swiftclient-3.11.1 gAAAAABpgI99qtAZ... - 70 - txb070967bb58548f8be2a2-0069809059 - 0.0126 - - 1770033241.807277679 1770033241.819883823 0
