Feb 2 11:54:01 standalone account-server[122657]: 172.20.0.100 - - [02/Feb/2026:11:54:01 +0000] "PUT /d1/288/AUTH_f8ef0e5143814014ad2a4dffe22f1919/gnocchi.ba9eb649-a7b2-4bcb-aa9c-64acf9643296" 201 - "PUT http://172.20.0.100:6001/d1/138/AUTH_f8ef0e5143814014ad2a4dffe22f1919/gnocchi.ba9eb649-a7b2-4bcb-aa9c-64acf9643296" "tx2d2e6877215a4828a096f-0069809059" "container-server 20" 0.0055 "-" 19 0
Feb 2 11:54:01 standalone container-server[122730]: 172.20.0.100 - - [02/Feb/2026:11:54:01 +0000] "PUT /d1/138/AUTH_f8ef0e5143814014ad2a4dffe22f1919/gnocchi.ba9eb649-a7b2-4bcb-aa9c-64acf9643296" 201 - "PUT http://localhost:8080/v1/AUTH_f8ef0e5143814014ad2a4dffe22f1919/gnocchi.ba9eb649-a7b2-4bcb-aa9c-64acf9643296" "tx2d2e6877215a4828a096f-0069809059" "proxy-server 21" 0.0181 "-" 20 0
Feb 2 11:54:01 standalone proxy-server[124826]: 172.18.0.2 ::1 02/Feb/2026/11/54/01 PUT /v1/AUTH_f8ef0e5143814014ad2a4dffe22f1919/gnocchi.ba9eb649-a7b2-4bcb-aa9c-64acf9643296 HTTP/1.0 201 - python-swiftclient-3.11.1 gAAAAABpgI99qtAZ... - - - tx2d2e6877215a4828a096f-0069809059 - 0.0260 - - 1770033241.826200008 1770033241.852190971 0
Feb 2 11:54:01 standalone container-server[122731]: 172.20.0.100 - - [02/Feb/2026:11:54:01 +0000] "HEAD /d1/138/AUTH_f8ef0e5143814014ad2a4dffe22f1919/gnocchi.ba9eb649-a7b2-4bcb-aa9c-64acf9643296" 204 - "HEAD http://localhost:8080/v1/AUTH_f8ef0e5143814014ad2a4dffe22f1919/gnocchi.ba9eb649-a7b2-4bcb-aa9c-64acf9643296?format=json&states=listing" "tx11d9a393315a43239cfa9-0069809059" "proxy-server 21" 0.0020 "-" 21 0
Feb 2 11:54:01 standalone proxy-server[124826]: - - 02/Feb/2026/11/54/01 HEAD /v1/AUTH_f8ef0e5143814014ad2a4dffe22f1919/gnocchi.ba9eb649-a7b2-4bcb-aa9c-64acf9643296%3Fformat%3Djson%26states%3Dlisting HTTP/1.0 204 - Swift - - - - tx11d9a393315a43239cfa9-0069809059 - 0.0065 RL - 1770033241.859615088 1770033241.866075277 0
Feb 2 11:54:01 standalone container-server[122731]: 172.20.0.100 - - [02/Feb/2026:11:54:01 +0000] "GET /d1/138/AUTH_f8ef0e5143814014ad2a4dffe22f1919/gnocchi.ba9eb649-a7b2-4bcb-aa9c-64acf9643296" 200 2 "GET http://localhost:8080/v1/AUTH_f8ef0e5143814014ad2a4dffe22f1919/gnocchi.ba9eb649-a7b2-4bcb-aa9c-64acf9643296?format=json&states=listing" "tx11d9a393315a43239cfa9-0069809059" "proxy-server 21" 0.0034 "-" 21 0
Feb 2 11:54:01 standalone proxy-server[124826]: 172.18.0.2 ::1 02/Feb/2026/11/54/01 GET /v1/AUTH_f8ef0e5143814014ad2a4dffe22f1919/gnocchi.ba9eb649-a7b2-4bcb-aa9c-64acf9643296%3Fformat%3Djson%26states%3Dlisting HTTP/1.0 200 - python-swiftclient-3.11.1 gAAAAABpgI99qtAZ... - 2 - tx11d9a393315a43239cfa9-0069809059 - 0.0201 - - 1770033241.857728481 1770033241.877851963 0
Feb 2 11:54:01 standalone object-server[122954]: 172.20.0.100 - - [02/Feb/2026:11:54:01 +0000] "GET /d1/506/AUTH_f8ef0e5143814014ad2a4dffe22f1919/gnocchi.ba9eb649-a7b2-4bcb-aa9c-64acf9643296/1769040000.0_mean_300.0_v3" 404 70 "GET http://localhost:8080/v1/AUTH_f8ef0e5143814014ad2a4dffe22f1919/gnocchi.ba9eb649-a7b2-4bcb-aa9c-64acf9643296/1769040000.0_mean_300.0_v3" "tx7710b2bd93934aa3a1571-0069809059" "proxy-server 21" 0.0005 "-" 25 0
Feb 2 11:54:01 standalone proxy-server[124826]: 172.18.0.2 ::1 02/Feb/2026/11/54/01 GET /v1/AUTH_f8ef0e5143814014ad2a4dffe22f1919/gnocchi.ba9eb649-a7b2-4bcb-aa9c-64acf9643296/1769040000.0_mean_300.0_v3 HTTP/1.0 404 - python-swiftclient-3.11.1 gAAAAABpgI99qtAZ... - 70 - tx7710b2bd93934aa3a1571-0069809059 - 0.0081 - - 1770033241.883336306 1770033241.891470432 0
Feb 2 11:54:01 standalone container-server[122744]: 172.20.0.100 - - [02/Feb/2026:11:54:01 +0000] "PUT /d1/138/AUTH_f8ef0e5143814014ad2a4dffe22f1919/gnocchi.ba9eb649-a7b2-4bcb-aa9c-64acf9643296/1769040000.0_mean_300.0_v3" 201 - "PUT http://localhost:8080/d1/506/AUTH_f8ef0e5143814014ad2a4dffe22f1919/gnocchi.ba9eb649-a7b2-4bcb-aa9c-64acf9643296/1769040000.0_mean_300.0_v3" "txf6a053842a0545e1b5141-0069809059" "object-server 23" 0.0006 "-" 22 0
Feb 2 11:54:01 standalone object-server[122949]: 172.20.0.100 - - [02/Feb/2026:11:54:01 +0000] "PUT /d1/506/AUTH_f8ef0e5143814014ad2a4dffe22f1919/gnocchi.ba9eb649-a7b2-4bcb-aa9c-64acf9643296/1769040000.0_mean_300.0_v3" 201 - "PUT http://localhost:8080/v1/AUTH_f8ef0e5143814014ad2a4dffe22f1919/gnocchi.ba9eb649-a7b2-4bcb-aa9c-64acf9643296/1769040000.0_mean_300.0_v3" "txf6a053842a0545e1b5141-0069809059" "proxy-server 21" 0.0107 "-" 23 0
Feb 2 11:54:01 standalone proxy-server[124826]: 172.18.0.2 ::1 02/Feb/2026/11/54/01 PUT /v1/AUTH_f8ef0e5143814014ad2a4dffe22f1919/gnocchi.ba9eb649-a7b2-4bcb-aa9c-64acf9643296/1769040000.0_mean_300.0_v3 HTTP/1.0 201 - python-swiftclient-3.11.1 gAAAAABpgI99qtAZ... 16 - - txf6a053842a0545e1b5141-0069809059 - 0.0190 - - 1770033241.895994663 1770033241.915002346 0
Feb 2 11:54:01 standalone container-server[122746]: 172.20.0.100 - - [02/Feb/2026:11:54:01 +0000] "PUT /d1/138/AUTH_f8ef0e5143814014ad2a4dffe22f1919/gnocchi.ba9eb649-a7b2-4bcb-aa9c-64acf9643296/none_v3" 201 - "PUT http://localhost:8080/d1/20/AUTH_f8ef0e5143814014ad2a4dffe22f1919/gnocchi.ba9eb649-a7b2-4bcb-aa9c-64acf9643296/none_v3" "tx268a979c8bde4abebb811-0069809059" "object-server 25" 0.0008 "-" 23 0
Feb 2 11:54:01 standalone object-server[122954]: 172.20.0.100 - - [02/Feb/2026:11:54:01 +0000] "PUT /d1/20/AUTH_f8ef0e5143814014ad2a4dffe22f1919/gnocchi.ba9eb649-a7b2-4bcb-aa9c-64acf9643296/none_v3" 201 - "PUT http://localhost:8080/v1/AUTH_f8ef0e5143814014ad2a4dffe22f1919/gnocchi.ba9eb649-a7b2-4bcb-aa9c-64acf9643296/none_v3" "tx268a979c8bde4abebb811-0069809059" "proxy-server 21" 0.0120 "-" 25 0
Feb 2 11:54:01 standalone proxy-server[124826]: 172.18.0.2 ::1 02/Feb/2026/11/54/01 PUT /v1/AUTH_f8ef0e5143814014ad2a4dffe22f1919/gnocchi.ba9eb649-a7b2-4bcb-aa9c-64acf9643296/none_v3 HTTP/1.0 201 - python-swiftclient-3.11.1 gAAAAABpgI99qtAZ... 22 - - tx268a979c8bde4abebb811-0069809059 - 0.0209 - - 1770033241.919637918 1770033241.940587759 0
Feb 2 11:54:01 standalone container-server[122730]: 172.20.0.100 - - [02/Feb/2026:11:54:01 +0000] "HEAD /d1/778/AUTH_f8ef0e5143814014ad2a4dffe22f1919/gnocchi.73eadf86-0622-4995-bbc2-299ed804b3fd" 404 - "HEAD http://localhost:8080/v1/AUTH_f8ef0e5143814014ad2a4dffe22f1919/gnocchi.73eadf86-0622-4995-bbc2-299ed804b3fd?format=json&states=listing" "tx970801bfe4024a8aacd9a-0069809059" "proxy-server 21" 0.0004 "-" 20 0
Feb 2 11:54:01 standalone object-server[122950]: 172.20.0.100 - - [02/Feb/2026:11:54:01 +0000] "GET /d1/867/AUTH_f8ef0e5143814014ad2a4dffe22f1919/gnocchi.73eadf86-0622-4995-bbc2-299ed804b3fd/none_v3" 404 70 "GET http://localhost:8080/v1/AUTH_f8ef0e5143814014ad2a4dffe22f1919/gnocchi.73eadf86-0622-4995-bbc2-299ed804b3fd/none_v3" "tx970801bfe4024a8aacd9a-0069809059" "proxy-server 21" 0.0005 "-" 24 0
Feb 2 11:54:01 standalone proxy-server[124826]: 172.18.0.2 ::1 02/Feb/2026/11/54/01 GET /v1/AUTH_f8ef0e5143814014ad2a4dffe22f1919/gnocchi.73eadf86-0622-4995-bbc2-299ed804b3fd/none_v3 HTTP/1.0 404 - python-swiftclient-3.11.1 gAAAAABpgI99qtAZ... - 70 - tx970801bfe4024a8aacd9a-0069809059 - 0.0124 - - 1770033241.954376459 1770033241.966824770 0
Feb 2 11:54:01 standalone account-server[122665]: 172.20.0.100 - - [02/Feb/2026:11:54:01 +0000] "PUT /d1/288/AUTH_f8ef0e5143814014ad2a4dffe22f1919/gnocchi.73eadf86-0622-4995-bbc2-299ed804b3fd" 201 - "PUT http://172.20.0.100:6001/d1/778/AUTH_f8ef0e5143814014ad2a4dffe22f1919/gnocchi.73eadf86-0622-4995-bbc2-299ed804b3fd" "txee2c6f04362f49069f236-0069809059" "container-server 22" 0.0063 "-" 22 0
Feb 2 11:54:01 standalone container-server[122744]: 172.20.0.100 - - [02/Feb/2026:11:54:01 +0000] "PUT /d1/778/AUTH_f8ef0e5143814014ad2a4dffe22f1919/gnocchi.73eadf86-0622-4995-bbc2-299ed804b3fd" 201 - "PUT http://localhost:8080/v1/AUTH_f8ef0e5143814014ad2a4dffe22f1919/gnocchi.73eadf86-0622-4995-bbc2-299ed804b3fd" "txee2c6f04362f49069f236-0069809059" "proxy-server 21" 0.0166 "-" 22 0
Feb 2 11:54:01 standalone proxy-server[124826]: 172.18.0.2 ::1 02/Feb/2026/11/54/01 PUT /v1/AUTH_f8ef0e5143814014ad2a4dffe22f1919/gnocchi.73eadf86-0622-4995-bbc2-299ed804b3fd HTTP/1.0 201 - python-swiftclient-3.11.1 gAAAAABpgI99qtAZ... - - - txee2c6f04362f49069f236-0069809059 - 0.0228 - - 1770033241.970690966 1770033241.993511438 0
Feb 2 11:54:02 standalone container-server[122744]: 172.20.0.100 - - [02/Feb/2026:11:54:02 +0000] "HEAD /d1/778/AUTH_f8ef0e5143814014ad2a4dffe22f1919/gnocchi.73eadf86-0622-4995-bbc2-299ed804b3fd" 204 - "HEAD http://localhost:8080/v1/AUTH_f8ef0e5143814014ad2a4dffe22f1919/gnocchi.73eadf86-0622-4995-bbc2-299ed804b3fd?format=json&states=listing" "tx168b34372055442c998fc-0069809059" "proxy-server 21" 0.0010 "-" 22 0
Feb 2 11:54:02 standalone proxy-server[124826]: - - 02/Feb/2026/11/54/02 HEAD /v1/AUTH_f8ef0e5143814014ad2a4dffe22f1919/gnocchi.73eadf86-0622-4995-bbc2-299ed804b3fd%3Fformat%3Djson%26states%3Dlisting HTTP/1.0 204 - Swift - - - - tx168b34372055442c998fc-0069809059 - 0.0048 RL - 1770033242.000621319 1770033242.005417824 0
Feb 2 11:54:02 standalone container-server[122730]: 172.20.0.100 - - [02/Feb/2026:11:54:02 +0000] "GET /d1/778/AUTH_f8ef0e5143814014ad2a4dffe22f1919/gnocchi.73eadf86-0622-4995-bbc2-299ed804b3fd" 200 2 "GET http://localhost:8080/v1/AUTH_f8ef0e5143814014ad2a4dffe22f1919/gnocchi.73eadf86-0622-4995-bbc2-299ed804b3fd?format=json&states=listing" "tx168b34372055442c998fc-0069809059" "proxy-server 21" 0.0022 "-" 20 0
Feb 2 11:54:02 standalone proxy-server[124826]: 172.18.0.2 ::1 02/Feb/2026/11/54/02 GET /v1/AUTH_f8ef0e5143814014ad2a4dffe22f1919/gnocchi.73eadf86-0622-4995-bbc2-299ed804b3fd%3Fformat%3Djson%26states%3Dlisting HTTP/1.0 200 - python-swiftclient-3.11.1 gAAAAABpgI99qtAZ... - 2 - tx168b34372055442c998fc-0069809059 - 0.0169 - - 1770033241.998813868 1770033242.015735388 0
Feb 2 11:54:02 standalone object-server[122954]: 172.20.0.100 - - [02/Feb/2026:11:54:02 +0000] "GET /d1/827/AUTH_f8ef0e5143814014ad2a4dffe22f1919/gnocchi.73eadf86-0622-4995-bbc2-299ed804b3fd/1769040000.0_mean_300.0_v3" 404 70 "GET http://localhost:8080/v1/AUTH_f8ef0e5143814014ad2a4dffe22f1919/gnocchi.73eadf86-0622-4995-bbc2-299ed804b3fd/1769040000.0_mean_300.0_v3" "tx8808ac6f92ba4cffbbbb1-006980905a" "proxy-server 21" 0.0005 "-" 25 0
Feb 2 11:54:02 standalone proxy-server[124826]: 172.18.0.2 ::1 02/Feb/2026/11/54/02 GET /v1/AUTH_f8ef0e5143814014ad2a4dffe22f1919/gnocchi.73eadf86-0622-4995-bbc2-299ed804b3fd/1769040000.0_mean_300.0_v3 HTTP/1.0 404 - python-swiftclient-3.11.1 gAAAAABpgI99qtAZ... - 70 - tx8808ac6f92ba4cffbbbb1-006980905a - 0.0079 - - 1770033242.020543575 1770033242.028443575 0
Feb 2 11:54:02 standalone container-server[122744]: 172.20.0.100 - - [02/Feb/2026:11:54:02 +0000] "PUT /d1/778/AUTH_f8ef0e5143814014ad2a4dffe22f1919/gnocchi.73eadf86-0622-4995-bbc2-299ed804b3fd/1769040000.0_mean_300.0_v3" 201 - "PUT http://localhost:8080/d1/827/AUTH_f8ef0e5143814014ad2a4dffe22f1919/gnocchi.73eadf86-0622-4995-bbc2-299ed804b3fd/1769040000.0_mean_300.0_v3" "tx949a642ca65447138b76d-006980905a" "object-server 23" 0.0006 "-" 22 0
Feb 2 11:54:02 standalone object-server[122949]: 172.20.0.100 - - [02/Feb/2026:11:54:02 +0000] "PUT /d1/827/AUTH_f8ef0e5143814014ad2a4dffe22f1919/gnocchi.73eadf86-0622-4995-bbc2-299ed804b3fd/1769040000.0_mean_300.0_v3" 201 - "PUT http://localhost:8080/v1/AUTH_f8ef0e5143814014ad2a4dffe22f1919/gnocchi.73eadf86-0622-4995-bbc2-299ed804b3fd/1769040000.0_mean_300.0_v3" "tx949a642ca65447138b76d-006980905a" "proxy-server 21" 0.0107 "-" 23 0
Feb 2 11:54:02 standalone proxy-server[124826]: 172.18.0.2 ::1 02/Feb/2026/11/54/02 PUT /v1/AUTH_f8ef0e5143814014ad2a4dffe22f1919/gnocchi.73eadf86-0622-4995-bbc2-299ed804b3fd/1769040000.0_mean_300.0_v3 HTTP/1.0 201 - python-swiftclient-3.11.1 gAAAAABpgI99qtAZ... 16 - - tx949a642ca65447138b76d-006980905a - 0.0182 - - 1770033242.034760475 1770033242.052981615 0
Feb 2 11:54:02 standalone container-server[122744]: 172.20.0.100 - - [02/Feb/2026:11:54:02 +0000] "PUT /d1/778/AUTH_f8ef0e5143814014ad2a4dffe22f1919/gnocchi.73eadf86-0622-4995-bbc2-299ed804b3fd/none_v3" 201 - "PUT http://localhost:8080/d1/867/AUTH_f8ef0e5143814014ad2a4dffe22f1919/gnocchi.73eadf86-0622-4995-bbc2-299ed804b3fd/none_v3" "txd97fcd4bf1674ccead880-006980905a" "object-server 24" 0.0004 "-" 22 0
Feb 2 11:54:02 standalone object-server[122950]: 172.20.0.100 - - [02/Feb/2026:11:54:02 +0000] "PUT /d1/867/AUTH_f8ef0e5143814014ad2a4dffe22f1919/gnocchi.73eadf86-0622-4995-bbc2-299ed804b3fd/none_v3" 201 - "PUT http://localhost:8080/v1/AUTH_f8ef0e5143814014ad2a4dffe22f1919/gnocchi.73eadf86-0622-4995-bbc2-299ed804b3fd/none_v3" "txd97fcd4bf1674ccead880-006980905a" "proxy-server 21" 0.0103 "-" 24 0
Feb 2 11:54:02 standalone proxy-server[124826]: 172.18.0.2 ::1 02/Feb/2026/11/54/02 PUT /v1/AUTH_f8ef0e5143814014ad2a4dffe22f1919/gnocchi.73eadf86-0622-4995-bbc2-299ed804b3fd/none_v3 HTTP/1.0 201 - python-swiftclient-3.11.1 gAAAAABpgI99qtAZ... 22 - - txd97fcd4bf1674ccead880-006980905a - 0.0204 - - 1770033242.057366133 1770033242.077753067 0
Feb 2 11:54:02 standalone container-server[122744]: 172.20.0.100 - - [02/Feb/2026:11:54:02 +0000] "HEAD /d1/1008/AUTH_f8ef0e5143814014ad2a4dffe22f1919/gnocchi.abfc2c48-4eb4-439e-bed5-a08a630fa4a0" 404 - "HEAD http://localhost:8080/v1/AUTH_f8ef0e5143814014ad2a4dffe22f1919/gnocchi.abfc2c48-4eb4-439e-bed5-a08a630fa4a0?format=json&states=listing" "tx6541f78fb26a48b1b3ea0-006980905a" "proxy-server 21" 0.0004 "-" 22 0
Feb 2 11:54:02 standalone object-server[122949]: 172.20.0.100 - - [02/Feb/2026:11:54:02 +0000] "GET /d1/324/AUTH_f8ef0e5143814014ad2a4dffe22f1919/gnocchi.abfc2c48-4eb4-439e-bed5-a08a630fa4a0/none_v3" 404 70 "GET http://localhost:8080/v1/AUTH_f8ef0e5143814014ad2a4dffe22f1919/gnocchi.abfc2c48-4eb4-439e-bed5-a08a630fa4a0/none_v3" "tx6541f78fb26a48b1b3ea0-006980905a" "proxy-server 21" 0.0005 "-" 23 0
Feb 2 11:54:02 standalone proxy-server[124826]: 172.18.0.2 ::1 02/Feb/2026/11/54/02 GET /v1/AUTH_f8ef0e5143814014ad2a4dffe22f1919/gnocchi.abfc2c48-4eb4-439e-bed5-a08a630fa4a0/none_v3 HTTP/1.0 404 - python-swiftclient-3.11.1 gAAAAABpgI99qtAZ... - 70 - tx6541f78fb26a48b1b3ea0-006980905a - 0.0134 - - 1770033242.092052937 1770033242.105470181 0
Feb 2 11:54:02 standalone account-server[122665]: 172.20.0.100 - - [02/Feb/2026:11:54:02 +0000] "PUT /d1/288/AUTH_f8ef0e5143814014ad2a4dffe22f1919/gnocchi.abfc2c48-4eb4-439e-bed5-a08a630fa4a0" 201 - "PUT http://172.20.0.100:6001/d1/1008/AUTH_f8ef0e5143814014ad2a4dffe22f1919/gnocchi.abfc2c48-4eb4-439e-bed5-a08a630fa4a0" "tx6a3b434afa1b4b2eb64c3-006980905a" "container-server 22" 0.0061 "-" 22 0
Feb 2 11:54:02 standalone container-server[122744]: 172.20.0.100 - - [02/Feb/2026:11:54:02 +0000] "PUT /d1/1008/AUTH_f8ef0e5143814014ad2a4dffe22f1919/gnocchi.abfc2c48-4eb4-439e-bed5-a08a630fa4a0" 201 - "PUT http://localhost:8080/v1/AUTH_f8ef0e5143814014ad2a4dffe22f1919/gnocchi.abfc2c48-4eb4-439e-bed5-a08a630fa4a0" "tx6a3b434afa1b4b2eb64c3-006980905a" "proxy-server 21" 0.0174 "-" 22 0
Feb 2 11:54:02 standalone proxy-server[124826]: 172.18.0.2 ::1 02/Feb/2026/11/54/02 PUT /v1/AUTH_f8ef0e5143814014ad2a4dffe22f1919/gnocchi.abfc2c48-4eb4-439e-bed5-a08a630fa4a0 HTTP/1.0 201 - python-swiftclient-3.11.1 gAAAAABpgI99qtAZ... - - - tx6a3b434afa1b4b2eb64c3-006980905a - 0.0240 - - 1770033242.110111237 1770033242.134086847 0
Feb 2 11:54:02 standalone container-server[122746]: 172.20.0.100 - - [02/Feb/2026:11:54:02 +0000] "HEAD /d1/1008/AUTH_f8ef0e5143814014ad2a4dffe22f1919/gnocchi.abfc2c48-4eb4-439e-bed5-a08a630fa4a0" 204 - "HEAD http://localhost:8080/v1/AUTH_f8ef0e5143814014ad2a4dffe22f1919/gnocchi.abfc2c48-4eb4-439e-bed5-a08a630fa4a0?format=json&states=listing" "tx1f946703470a4a3f8ffe1-006980905a" "proxy-server 21" 0.0022 "-" 23 0
Feb 2 11:54:02 standalone proxy-server[124826]: - - 02/Feb/2026/11/54/02 HEAD /v1/AUTH_f8ef0e5143814014ad2a4dffe22f1919/gnocchi.abfc2c48-4eb4-439e-bed5-a08a630fa4a0%3Fformat%3Djson%26states%3Dlisting HTTP/1.0 204 - Swift - - - - tx1f946703470a4a3f8ffe1-006980905a - 0.0074 RL - 1770033242.141111135 1770033242.148480415 0
Feb 2 11:54:02 standalone container-server[122731]: 172.20.0.100 - - [02/Feb/2026:11:54:02 +0000] "GET /d1/1008/AUTH_f8ef0e5143814014ad2a4dffe22f1919/gnocchi.abfc2c48-4eb4-439e-bed5-a08a630fa4a0" 200 2 "GET http://localhost:8080/v1/AUTH_f8ef0e5143814014ad2a4dffe22f1919/gnocchi.abfc2c48-4eb4-439e-bed5-a08a630fa4a0?format=json&states=listing" "tx1f946703470a4a3f8ffe1-006980905a" "proxy-server 21" 0.0033 "-" 21 0
Feb 2 11:54:02 standalone proxy-server[124826]: 172.18.0.2 ::1 02/Feb/2026/11/54/02 GET /v1/AUTH_f8ef0e5143814014ad2a4dffe22f1919/gnocchi.abfc2c48-4eb4-439e-bed5-a08a630fa4a0%3Fformat%3Djson%26states%3Dlisting HTTP/1.0 200 - python-swiftclient-3.11.1 gAAAAABpgI99qtAZ... - 2 - tx1f946703470a4a3f8ffe1-006980905a - 0.0216 - - 1770033242.139146090 1770033242.160701036 0
Feb 2 11:54:02 standalone object-server[122948]: 172.20.0.100 - - [02/Feb/2026:11:54:02 +0000] "GET /d1/472/AUTH_f8ef0e5143814014ad2a4dffe22f1919/gnocchi.abfc2c48-4eb4-439e-bed5-a08a630fa4a0/1769040000.0_mean_300.0_v3" 404 70 "GET http://localhost:8080/v1/AUTH_f8ef0e5143814014ad2a4dffe22f1919/gnocchi.abfc2c48-4eb4-439e-bed5-a08a630fa4a0/1769040000.0_mean_300.0_v3" "tx4546da1f1c6e4dae95412-006980905a" "proxy-server 21" 0.0004 "-" 22 0
Feb 2 11:54:02 standalone proxy-server[124826]: 172.18.0.2 ::1 02/Feb/2026/11/54/02 GET /v1/AUTH_f8ef0e5143814014ad2a4dffe22f1919/gnocchi.abfc2c48-4eb4-439e-bed5-a08a630fa4a0/1769040000.0_mean_300.0_v3 HTTP/1.0 404 - python-swiftclient-3.11.1 gAAAAABpgI99qtAZ... - 70 - tx4546da1f1c6e4dae95412-006980905a - 0.0080 - - 1770033242.166186094 1770033242.174173117 0
Feb 2 11:54:02 standalone container-server[122746]: 172.20.0.100 - - [02/Feb/2026:11:54:02 +0000] "PUT /d1/1008/AUTH_f8ef0e5143814014ad2a4dffe22f1919/gnocchi.abfc2c48-4eb4-439e-bed5-a08a630fa4a0/1769040000.0_mean_300.0_v3" 201 - "PUT http://localhost:8080/d1/472/AUTH_f8ef0e5143814014ad2a4dffe22f1919/gnocchi.abfc2c48-4eb4-439e-bed5-a08a630fa4a0/1769040000.0_mean_300.0_v3" "tx1c9cf5e2a045456fae950-006980905a" "object-server 22" 0.0008 "-" 23 0
Feb 2 11:54:02 standalone object-server[122948]: 172.20.0.100 - - [02/Feb/2026:11:54:02 +0000] "PUT /d1/472/AUTH_f8ef0e5143814014ad2a4dffe22f1919/gnocchi.abfc2c48-4eb4-439e-bed5-a08a630fa4a0/1769040000.0_mean_300.0_v3" 201 - "PUT http://localhost:8080/v1/AUTH_f8ef0e5143814014ad2a4dffe22f1919/gnocchi.abfc2c48-4eb4-439e-bed5-a08a630fa4a0/1769040000.0_mean_300.0_v3" "tx1c9cf5e2a045456fae950-006980905a" "proxy-server 21" 0.0107 "-" 22 0
Feb 2 11:54:02 standalone proxy-server[124826]: 172.18.0.2 ::1 02/Feb/2026/11/54/02 PUT /v1/AUTH_f8ef0e5143814014ad2a4dffe22f1919/gnocchi.abfc2c48-4eb4-439e-bed5-a08a630fa4a0/1769040000.0_mean_300.0_v3 HTTP/1.0 201 - python-swiftclient-3.11.1 gAAAAABpgI99qtAZ... 16 - - tx1c9cf5e2a045456fae950-006980905a - 0.0185 - - 1770033242.178863525 1770033242.197379589 0
Feb 2 11:54:02 standalone container-server[122744]: 172.20.0.100 - - [02/Feb/2026:11:54:02 +0000] "PUT /d1/1008/AUTH_f8ef0e5143814014ad2a4dffe22f1919/gnocchi.abfc2c48-4eb4-439e-bed5-a08a630fa4a0/none_v3" 201 - "PUT http://localhost:8080/d1/324/AUTH_f8ef0e5143814014ad2a4dffe22f1919/gnocchi.abfc2c48-4eb4-439e-bed5-a08a630fa4a0/none_v3" "tx673de285dc014b8f8f919-006980905a" "object-server 23" 0.0005 "-" 22 0
Feb 2 11:54:02 standalone object-server[122949]: 172.20.0.100 - - [02/Feb/2026:11:54:02 +0000] "PUT /d1/324/AUTH_f8ef0e5143814014ad2a4dffe22f1919/gnocchi.abfc2c48-4eb4-439e-bed5-a08a630fa4a0/none_v3" 201 - "PUT http://localhost:8080/v1/AUTH_f8ef0e5143814014ad2a4dffe22f1919/gnocchi.abfc2c48-4eb4-439e-bed5-a08a630fa4a0/none_v3" "tx673de285dc014b8f8f919-006980905a" "proxy-server 21" 0.0100 "-" 23 0
Feb 2 11:54:02 standalone proxy-server[124826]: 172.18.0.2 ::1 02/Feb/2026/11/54/02 PUT /v1/AUTH_f8ef0e5143814014ad2a4dffe22f1919/gnocchi.abfc2c48-4eb4-439e-bed5-a08a630fa4a0/none_v3 HTTP/1.0 201 - python-swiftclient-3.11.1 gAAAAABpgI99qtAZ... 22 - - tx673de285dc014b8f8f919-006980905a - 0.0183 - - 1770033242.201646566 1770033242.219931841 0
Feb 2 11:54:02 standalone container-server[122730]: 172.20.0.100 - - [02/Feb/2026:11:54:02 +0000] "HEAD /d1/957/AUTH_f8ef0e5143814014ad2a4dffe22f1919/gnocchi.48793ac3-07fd-48fc-9ebc-1f4a448bb03c" 404 - "HEAD http://localhost:8080/v1/AUTH_f8ef0e5143814014ad2a4dffe22f1919/gnocchi.48793ac3-07fd-48fc-9ebc-1f4a448bb03c?format=json&states=listing" "tx801047918691462d936b9-006980905a" "proxy-server 21" 0.0003 "-" 20 0
Feb 2 11:54:02 standalone object-server[122949]: 172.20.0.100 - - [02/Feb/2026:11:54:02 +0000] "GET /d1/639/AUTH_f8ef0e5143814014ad2a4dffe22f1919/gnocchi.48793ac3-07fd-48fc-9ebc-1f4a448bb03c/none_v3" 404 70 "GET http://localhost:8080/v1/AUTH_f8ef0e5143814014ad2a4dffe22f1919/gnocchi.48793ac3-07fd-48fc-9ebc-1f4a448bb03c/none_v3" "tx801047918691462d936b9-006980905a" "proxy-server 21" 0.0005 "-" 23 0
Feb 2 11:54:02 standalone proxy-server[124826]: 172.18.0.2 ::1 02/Feb/2026/11/54/02 GET /v1/AUTH_f8ef0e5143814014ad2a4dffe22f1919/gnocchi.48793ac3-07fd-48fc-9ebc-1f4a448bb03c/none_v3 HTTP/1.0 404 - python-swiftclient-3.11.1 gAAAAABpgI99qtAZ... - 70 - tx801047918691462d936b9-006980905a - 0.0125 - - 1770033242.234296083 1770033242.246758223 0
Feb 2 11:54:02 standalone account-server[122650]: 172.20.0.100 - - [02/Feb/2026:11:54:02 +0000] "PUT /d1/288/AUTH_f8ef0e5143814014ad2a4dffe22f1919/gnocchi.48793ac3-07fd-48fc-9ebc-1f4a448bb03c" 201 - "PUT http://172.20.0.100:6001/d1/957/AUTH_f8ef0e5143814014ad2a4dffe22f1919/gnocchi.48793ac3-07fd-48fc-9ebc-1f4a448bb03c" "tx5c1ff20ccdfe4476985c2-006980905a" "container-server 22" 0.0058 "-" 15 0
Feb 2 11:54:02 standalone container-server[122744]: 172.20.0.100 - - [02/Feb/2026:11:54:02 +0000] "PUT /d1/957/AUTH_f8ef0e5143814014ad2a4dffe22f1919/gnocchi.48793ac3-07fd-48fc-9ebc-1f4a448bb03c" 201 - "PUT http://localhost:8080/v1/AUTH_f8ef0e5143814014ad2a4dffe22f1919/gnocchi.48793ac3-07fd-48fc-9ebc-1f4a448bb03c" "tx5c1ff20ccdfe4476985c2-006980905a" "proxy-server 21" 0.0178 "-" 22 0
Feb 2 11:54:02 standalone proxy-server[124826]: 172.18.0.2 ::1 02/Feb/2026/11/54/02 PUT /v1/AUTH_f8ef0e5143814014ad2a4dffe22f1919/gnocchi.48793ac3-07fd-48fc-9ebc-1f4a448bb03c HTTP/1.0 201 - python-swiftclient-3.11.1 gAAAAABpgI99qtAZ... - - - tx5c1ff20ccdfe4476985c2-006980905a - 0.0242 - - 1770033242.251268625 1770033242.275495768 0
Feb 2 11:54:02 standalone container-server[122746]: 172.20.0.100 - - [02/Feb/2026:11:54:02 +0000] "HEAD /d1/957/AUTH_f8ef0e5143814014ad2a4dffe22f1919/gnocchi.48793ac3-07fd-48fc-9ebc-1f4a448bb03c" 204 - "HEAD http://localhost:8080/v1/AUTH_f8ef0e5143814014ad2a4dffe22f1919/gnocchi.48793ac3-07fd-48fc-9ebc-1f4a448bb03c?format=json&states=listing" "tx5b25db420c924e1893771-006980905a" "proxy-server 21" 0.0022 "-" 23 0
Feb 2 11:54:02 standalone proxy-server[124826]: - - 02/Feb/2026/11/54/02 HEAD /v1/AUTH_f8ef0e5143814014ad2a4dffe22f1919/gnocchi.48793ac3-07fd-48fc-9ebc-1f4a448bb03c%3Fformat%3Djson%26states%3Dlisting HTTP/1.0 204 - Swift - - - - tx5b25db420c924e1893771-006980905a - 0.0070 RL - 1770033242.283203602 1770033242.290246487 0
Feb 2 11:54:02 standalone container-server[122744]: 172.20.0.100 - - [02/Feb/2026:11:54:02 +0000] "GET /d1/957/AUTH_f8ef0e5143814014ad2a4dffe22f1919/gnocchi.48793ac3-07fd-48fc-9ebc-1f4a448bb03c" 200 2 "GET http://localhost:8080/v1/AUTH_f8ef0e5143814014ad2a4dffe22f1919/gnocchi.48793ac3-07fd-48fc-9ebc-1f4a448bb03c?format=json&states=listing" "tx5b25db420c924e1893771-006980905a" "proxy-server 21" 0.0032 "-" 22 0
Feb 2 11:54:02 standalone proxy-server[124826]: 172.18.0.2 ::1 02/Feb/2026/11/54/02 GET /v1/AUTH_f8ef0e5143814014ad2a4dffe22f1919/gnocchi.48793ac3-07fd-48fc-9ebc-1f4a448bb03c%3Fformat%3Djson%26states%3Dlisting HTTP/1.0 200 - python-swiftclient-3.11.1 gAAAAABpgI99qtAZ... - 2 - tx5b25db420c924e1893771-006980905a - 0.0204 - - 1770033242.281385422 1770033242.301754475 0
Feb 2 11:54:02 standalone object-server[122949]: 172.20.0.100 - - [02/Feb/2026:11:54:02 +0000] "GET /d1/996/AUTH_f8ef0e5143814014ad2a4dffe22f1919/gnocchi.48793ac3-07fd-48fc-9ebc-1f4a448bb03c/1769040000.0_mean_300.0_v3" 404 70 "GET http://localhost:8080/v1/AUTH_f8ef0e5143814014ad2a4dffe22f1919/gnocchi.48793ac3-07fd-48fc-9ebc-1f4a448bb03c/1769040000.0_mean_300.0_v3" "tx9ac9bdb343974bad9ef17-006980905a" "proxy-server 21" 0.0006 "-" 23 0
Feb 2 11:54:02 standalone proxy-server[124826]: 172.18.0.2 ::1 02/Feb/2026/11/54/02 GET /v1/AUTH_f8ef0e5143814014ad2a4dffe22f1919/gnocchi.48793ac3-07fd-48fc-9ebc-1f4a448bb03c/1769040000.0_mean_300.0_v3 HTTP/1.0 404 - python-swiftclient-3.11.1 gAAAAABpgI99qtAZ... - 70 - tx9ac9bdb343974bad9ef17-006980905a - 0.0089 - - 1770033242.308688164 1770033242.317632914 0
Feb 2 11:54:02 standalone container-server[122746]: 172.20.0.100 - - [02/Feb/2026:11:54:02 +0000] "PUT /d1/957/AUTH_f8ef0e5143814014ad2a4dffe22f1919/gnocchi.48793ac3-07fd-48fc-9ebc-1f4a448bb03c/1769040000.0_mean_300.0_v3" 201 - "PUT http://localhost:8080/d1/996/AUTH_f8ef0e5143814014ad2a4dffe22f1919/gnocchi.48793ac3-07fd-48fc-9ebc-1f4a448bb03c/1769040000.0_mean_300.0_v3" "txfe5905da1dac43bca3a67-006980905a" "object-server 25" 0.0008 "-" 23 0
Feb 2 11:54:02 standalone object-server[122954]: 172.20.0.100 - - [02/Feb/2026:11:54:02 +0000] "PUT /d1/996/AUTH_f8ef0e5143814014ad2a4dffe22f1919/gnocchi.48793ac3-07fd-48fc-9ebc-1f4a448bb03c/1769040000.0_mean_300.0_v3" 201 - "PUT http://localhost:8080/v1/AUTH_f8ef0e5143814014ad2a4dffe22f1919/gnocchi.48793ac3-07fd-48fc-9ebc-1f4a448bb03c/1769040000.0_mean_300.0_v3" "txfe5905da1dac43bca3a67-006980905a" "proxy-server 21" 0.0129 "-" 25 0
Feb 2 11:54:02 standalone proxy-server[124826]: 172.18.0.2 ::1 02/Feb/2026/11/54/02 PUT /v1/AUTH_f8ef0e5143814014ad2a4dffe22f1919/gnocchi.48793ac3-07fd-48fc-9ebc-1f4a448bb03c/1769040000.0_mean_300.0_v3 HTTP/1.0 201 - python-swiftclient-3.11.1 gAAAAABpgI99qtAZ... 16 - - txfe5905da1dac43bca3a67-006980905a - 0.0211 - - 1770033242.323501587 1770033242.344639778 0
Feb 2 11:54:02 standalone container-server[122730]: 172.20.0.100 - - [02/Feb/2026:11:54:02 +0000] "PUT /d1/957/AUTH_f8ef0e5143814014ad2a4dffe22f1919/gnocchi.48793ac3-07fd-48fc-9ebc-1f4a448bb03c/none_v3" 201 - "PUT http://localhost:8080/d1/639/AUTH_f8ef0e5143814014ad2a4dffe22f1919/gnocchi.48793ac3-07fd-48fc-9ebc-1f4a448bb03c/none_v3" "txd40a5736d8bb430e9fd80-006980905a" "object-server 22" 0.0007 "-" 20 0
Feb 2 11:54:02 standalone object-server[122948]: 172.20.0.100 - - [02/Feb/2026:11:54:02 +0000] "PUT /d1/639/AUTH_f8ef0e5143814014ad2a4dffe22f1919/gnocchi.48793ac3-07fd-48fc-9ebc-1f4a448bb03c/none_v3" 201 - "PUT http://localhost:8080/v1/AUTH_f8ef0e5143814014ad2a4dffe22f1919/gnocchi.48793ac3-07fd-48fc-9ebc-1f4a448bb03c/none_v3" "txd40a5736d8bb430e9fd80-006980905a" "proxy-server 21" 0.0121 "-" 22 0
Feb 2 11:54:02 standalone proxy-server[124826]: 172.18.0.2 ::1 02/Feb/2026/11/54/02 PUT /v1/AUTH_f8ef0e5143814014ad2a4dffe22f1919/gnocchi.48793ac3-07fd-48fc-9ebc-1f4a448bb03c/none_v3 HTTP/1.0 201 - python-swiftclient-3.11.1 gAAAAABpgI99qtAZ... 22 - - txd40a5736d8bb430e9fd80-006980905a - 0.0203 - - 1770033242.349636555 1770033242.369933128 0
Feb 2 11:54:02 standalone container-server[122746]: 172.20.0.100 - - [02/Feb/2026:11:54:02 +0000] "HEAD /d1/190/AUTH_f8ef0e5143814014ad2a4dffe22f1919/gnocchi.2be63953-658b-4e9f-a4e4-0fe9de3f7274" 404 - "HEAD http://localhost:8080/v1/AUTH_f8ef0e5143814014ad2a4dffe22f1919/gnocchi.2be63953-658b-4e9f-a4e4-0fe9de3f7274?format=json&states=listing" "tx04492184fe1f42e28848e-006980905a" "proxy-server 21" 0.0005 "-" 23 0
Feb 2 11:54:02 standalone object-server[122954]: 172.20.0.100 - - [02/Feb/2026:11:54:02 +0000] "GET /d1/887/AUTH_f8ef0e5143814014ad2a4dffe22f1919/gnocchi.2be63953-658b-4e9f-a4e4-0fe9de3f7274/none_v3" 404 70 "GET http://localhost:8080/v1/AUTH_f8ef0e5143814014ad2a4dffe22f1919/gnocchi.2be63953-658b-4e9f-a4e4-0fe9de3f7274/none_v3" "tx04492184fe1f42e28848e-006980905a" "proxy-server 21" 0.0005 "-" 25 0
Feb 2 11:54:02 standalone proxy-server[124826]: 172.18.0.2 ::1 02/Feb/2026/11/54/02 GET /v1/AUTH_f8ef0e5143814014ad2a4dffe22f1919/gnocchi.2be63953-658b-4e9f-a4e4-0fe9de3f7274/none_v3 HTTP/1.0 404 - python-swiftclient-3.11.1 gAAAAABpgI99qtAZ... - 70 - tx04492184fe1f42e28848e-006980905a - 0.0127 - - 1770033242.385060787 1770033242.397747517 0
Feb 2 11:54:02 standalone account-server[122665]: 172.20.0.100 - - [02/Feb/2026:11:54:02 +0000] "PUT /d1/288/AUTH_f8ef0e5143814014ad2a4dffe22f1919/gnocchi.2be63953-658b-4e9f-a4e4-0fe9de3f7274" 201 - "PUT http://172.20.0.100:6001/d1/190/AUTH_f8ef0e5143814014ad2a4dffe22f1919/gnocchi.2be63953-658b-4e9f-a4e4-0fe9de3f7274" "tx637b7d578e874113a63c4-006980905a" "container-server 21" 0.0070 "-" 22 0
Feb 2 11:54:02 standalone container-server[122731]: 172.20.0.100 - - [02/Feb/2026:11:54:02 +0000] "PUT /d1/190/AUTH_f8ef0e5143814014ad2a4dffe22f1919/gnocchi.2be63953-658b-4e9f-a4e4-0fe9de3f7274" 201 - "PUT http://localhost:8080/v1/AUTH_f8ef0e5143814014ad2a4dffe22f1919/gnocchi.2be63953-658b-4e9f-a4e4-0fe9de3f7274" "tx637b7d578e874113a63c4-006980905a" "proxy-server 21" 0.0232 "-" 21 0
Feb 2 11:54:02 standalone proxy-server[124826]: 172.18.0.2 ::1 02/Feb/2026/11/54/02 PUT /v1/AUTH_f8ef0e5143814014ad2a4dffe22f1919/gnocchi.2be63953-658b-4e9f-a4e4-0fe9de3f7274 HTTP/1.0 201 - python-swiftclient-3.11.1 gAAAAABpgI99qtAZ... - - - tx637b7d578e874113a63c4-006980905a - 0.0298 - - 1770033242.401838303 1770033242.431619406 0
Feb 2 11:54:02 standalone container-server[122730]: 172.20.0.100 - - [02/Feb/2026:11:54:02 +0000] "HEAD /d1/190/AUTH_f8ef0e5143814014ad2a4dffe22f1919/gnocchi.2be63953-658b-4e9f-a4e4-0fe9de3f7274" 204 - "HEAD http://localhost:8080/v1/AUTH_f8ef0e5143814014ad2a4dffe22f1919/gnocchi.2be63953-658b-4e9f-a4e4-0fe9de3f7274?format=json&states=listing" "tx0a30e3c15c9445ad9dc0c-006980905a" "proxy-server 21" 0.0022 "-" 20 0
Feb 2 11:54:02 standalone proxy-server[124826]: - - 02/Feb/2026/11/54/02 HEAD /v1/AUTH_f8ef0e5143814014ad2a4dffe22f1919/gnocchi.2be63953-658b-4e9f-a4e4-0fe9de3f7274%3Fformat%3Djson%26states%3Dlisting HTTP/1.0 204 - Swift - - - - tx0a30e3c15c9445ad9dc0c-006980905a - 0.0072 RL - 1770033242.438190699 1770033242.445403576 0
Feb 2 11:54:02 standalone container-server[122744]: 172.20.0.100 - - [02/Feb/2026:11:54:02 +0000] "GET /d1/190/AUTH_f8ef0e5143814014ad2a4dffe22f1919/gnocchi.2be63953-658b-4e9f-a4e4-0fe9de3f7274" 200 2 "GET http://localhost:8080/v1/AUTH_f8ef0e5143814014ad2a4dffe22f1919/gnocchi.2be63953-658b-4e9f-a4e4-0fe9de3f7274?format=json&states=listing" "tx0a30e3c15c9445ad9dc0c-006980905a" "proxy-server 21" 0.0033 "-" 22 0
Feb 2 11:54:02 standalone proxy-server[124826]: 172.18.0.2 ::1 02/Feb/2026/11/54/02 GET /v1/AUTH_f8ef0e5143814014ad2a4dffe22f1919/gnocchi.2be63953-658b-4e9f-a4e4-0fe9de3f7274%3Fformat%3Djson%26states%3Dlisting HTTP/1.0 200 - python-swiftclient-3.11.1 gAAAAABpgI99qtAZ... - 2 - tx0a30e3c15c9445ad9dc0c-006980905a - 0.0202 - - 1770033242.436661243 1770033242.456875801 0
Feb 2 11:54:02 standalone object-server[122949]: 172.20.0.100 - - [02/Feb/2026:11:54:02 +0000] "GET /d1/461/AUTH_f8ef0e5143814014ad2a4dffe22f1919/gnocchi.2be63953-658b-4e9f-a4e4-0fe9de3f7274/1769040000.0_mean_300.0_v3" 404 70 "GET http://localhost:8080/v1/AUTH_f8ef0e5143814014ad2a4dffe22f1919/gnocchi.2be63953-658b-4e9f-a4e4-0fe9de3f7274/1769040000.0_mean_300.0_v3" "tx61501da0a04d4f8fa3420-006980905a" "proxy-server 21" 0.0004 "-" 23 0
Feb 2 11:54:02 standalone proxy-server[124826]: 172.18.0.2 ::1 02/Feb/2026/11/54/02 GET /v1/AUTH_f8ef0e5143814014ad2a4dffe22f1919/gnocchi.2be63953-658b-4e9f-a4e4-0fe9de3f7274/1769040000.0_mean_300.0_v3 HTTP/1.0 404 - python-swiftclient-3.11.1 gAAAAABpgI99qtAZ... - 70 - tx61501da0a04d4f8fa3420-006980905a - 0.0077 - - 1770033242.462097168 1770033242.469838142 0
Feb 2 11:54:02 standalone container-server[122744]: 172.20.0.100 - - [02/Feb/2026:11:54:02 +0000] "PUT /d1/190/AUTH_f8ef0e5143814014ad2a4dffe22f1919/gnocchi.2be63953-658b-4e9f-a4e4-0fe9de3f7274/1769040000.0_mean_300.0_v3" 201 - "PUT http://localhost:8080/d1/461/AUTH_f8ef0e5143814014ad2a4dffe22f1919/gnocchi.2be63953-658b-4e9f-a4e4-0fe9de3f7274/1769040000.0_mean_300.0_v3" "txcffe7467e8044827bf411-006980905a" "object-server 22" 0.0011 "-" 22 0
Feb 2 11:54:02 standalone object-server[122948]: 172.20.0.100 - - [02/Feb/2026:11:54:02 +0000] "PUT /d1/461/AUTH_f8ef0e5143814014ad2a4dffe22f1919/gnocchi.2be63953-658b-4e9f-a4e4-0fe9de3f7274/1769040000.0_mean_300.0_v3" 201 - "PUT http://localhost:8080/v1/AUTH_f8ef0e5143814014ad2a4dffe22f1919/gnocchi.2be63953-658b-4e9f-a4e4-0fe9de3f7274/1769040000.0_mean_300.0_v3" "txcffe7467e8044827bf411-006980905a" "proxy-server 21" 0.0121 "-" 22 0
Feb 2 11:54:02 standalone proxy-server[124826]: 172.18.0.2 ::1 02/Feb/2026/11/54/02 PUT /v1/AUTH_f8ef0e5143814014ad2a4dffe22f1919/gnocchi.2be63953-658b-4e9f-a4e4-0fe9de3f7274/1769040000.0_mean_300.0_v3 HTTP/1.0 201 - python-swiftclient-3.11.1 gAAAAABpgI99qtAZ... 16 - - txcffe7467e8044827bf411-006980905a - 0.0199 - - 1770033242.474742889 1770033242.494604349 0
Feb 2 11:54:02 standalone container-server[122730]: 172.20.0.100 - - [02/Feb/2026:11:54:02 +0000] "PUT /d1/190/AUTH_f8ef0e5143814014ad2a4dffe22f1919/gnocchi.2be63953-658b-4e9f-a4e4-0fe9de3f7274/none_v3" 201 - "PUT http://localhost:8080/d1/887/AUTH_f8ef0e5143814014ad2a4dffe22f1919/gnocchi.2be63953-658b-4e9f-a4e4-0fe9de3f7274/none_v3" "tx2cd661492981469298822-006980905a" "object-server 23" 0.0008 "-" 20 0
Feb 2 11:54:02 standalone object-server[122949]: 172.20.0.100 - - [02/Feb/2026:11:54:02 +0000] "PUT /d1/887/AUTH_f8ef0e5143814014ad2a4dffe22f1919/gnocchi.2be63953-658b-4e9f-a4e4-0fe9de3f7274/none_v3" 201 - "PUT http://localhost:8080/v1/AUTH_f8ef0e5143814014ad2a4dffe22f1919/gnocchi.2be63953-658b-4e9f-a4e4-0fe9de3f7274/none_v3" "tx2cd661492981469298822-006980905a" "proxy-server 21" 0.0122 "-" 23 0
Feb 2 11:54:02 standalone proxy-server[124826]: 172.18.0.2 ::1 02/Feb/2026/11/54/02 PUT /v1/AUTH_f8ef0e5143814014ad2a4dffe22f1919/gnocchi.2be63953-658b-4e9f-a4e4-0fe9de3f7274/none_v3 HTTP/1.0 201 - python-swiftclient-3.11.1 gAAAAABpgI99qtAZ... 22 - - tx2cd661492981469298822-006980905a - 0.0200 - - 1770033242.498788118 1770033242.518829823 0
Feb 2 11:54:02 standalone container-server[122746]: 172.20.0.100 - - [02/Feb/2026:11:54:02 +0000] "HEAD /d1/187/AUTH_f8ef0e5143814014ad2a4dffe22f1919/gnocchi.1969d257-6f87-41e1-ae41-af94eae9b65b" 404 - "HEAD http://localhost:8080/v1/AUTH_f8ef0e5143814014ad2a4dffe22f1919/gnocchi.1969d257-6f87-41e1-ae41-af94eae9b65b?format=json&states=listing" "tx72a58de1ec4d40c49cb6f-006980905a" "proxy-server 21" 0.0005 "-" 23 0
Feb 2 11:54:02 standalone object-server[122954]: 172.20.0.100 - - [02/Feb/2026:11:54:02 +0000] "GET /d1/745/AUTH_f8ef0e5143814014ad2a4dffe22f1919/gnocchi.1969d257-6f87-41e1-ae41-af94eae9b65b/none_v3" 404 70 "GET http://localhost:8080/v1/AUTH_f8ef0e5143814014ad2a4dffe22f1919/gnocchi.1969d257-6f87-41e1-ae41-af94eae9b65b/none_v3" "tx72a58de1ec4d40c49cb6f-006980905a" "proxy-server 21" 0.0004 "-" 25 0
Feb 2 11:54:02 standalone proxy-server[124826]: 172.18.0.2 ::1 02/Feb/2026/11/54/02 GET /v1/AUTH_f8ef0e5143814014ad2a4dffe22f1919/gnocchi.1969d257-6f87-41e1-ae41-af94eae9b65b/none_v3 HTTP/1.0 404 - python-swiftclient-3.11.1 gAAAAABpgI99qtAZ... - 70 - tx72a58de1ec4d40c49cb6f-006980905a - 0.0135 - - 1770033242.533595800 1770033242.547111511 0
Feb 2 11:54:02 standalone account-server[122647]: 172.20.0.100 - - [02/Feb/2026:11:54:02 +0000] "PUT /d1/288/AUTH_f8ef0e5143814014ad2a4dffe22f1919/gnocchi.1969d257-6f87-41e1-ae41-af94eae9b65b" 201 - "PUT http://172.20.0.100:6001/d1/187/AUTH_f8ef0e5143814014ad2a4dffe22f1919/gnocchi.1969d257-6f87-41e1-ae41-af94eae9b65b" "tx5e60ee145d184901b60b3-006980905a" "container-server 22" 0.0062 "-" 14 0
Feb 2 11:54:02 standalone container-server[122744]: 172.20.0.100 - - [02/Feb/2026:11:54:02 +0000] "PUT /d1/187/AUTH_f8ef0e5143814014ad2a4dffe22f1919/gnocchi.1969d257-6f87-41e1-ae41-af94eae9b65b" 201 - "PUT http://localhost:8080/v1/AUTH_f8ef0e5143814014ad2a4dffe22f1919/gnocchi.1969d257-6f87-41e1-ae41-af94eae9b65b" "tx5e60ee145d184901b60b3-006980905a" "proxy-server 21" 0.0206 "-" 22 0
Feb 2 11:54:02 standalone proxy-server[124826]: 172.18.0.2 ::1 02/Feb/2026/11/54/02 PUT /v1/AUTH_f8ef0e5143814014ad2a4dffe22f1919/gnocchi.1969d257-6f87-41e1-ae41-af94eae9b65b HTTP/1.0 201 - python-swiftclient-3.11.1 gAAAAABpgI99qtAZ... - - - tx5e60ee145d184901b60b3-006980905a - 0.0274 - - 1770033242.551484108 1770033242.578889370 0
Feb 2 11:54:02 standalone container-server[122730]: 172.20.0.100 - - [02/Feb/2026:11:54:02 +0000] "HEAD /d1/187/AUTH_f8ef0e5143814014ad2a4dffe22f1919/gnocchi.1969d257-6f87-41e1-ae41-af94eae9b65b" 204 - "HEAD http://localhost:8080/v1/AUTH_f8ef0e5143814014ad2a4dffe22f1919/gnocchi.1969d257-6f87-41e1-ae41-af94eae9b65b?format=json&states=listing" "txcb6c1701d39045a9a9950-006980905a" "proxy-server 21" 0.0026 "-" 20 0
Feb 2 11:54:02 standalone proxy-server[124826]: - - 02/Feb/2026/11/54/02 HEAD /v1/AUTH_f8ef0e5143814014ad2a4dffe22f1919/gnocchi.1969d257-6f87-41e1-ae41-af94eae9b65b%3Fformat%3Djson%26states%3Dlisting HTTP/1.0 204 - Swift - - - - txcb6c1701d39045a9a9950-006980905a - 0.0079 RL - 1770033242.585320711 1770033242.593172550 0
Feb 2 11:54:02 standalone container-server[122744]: 172.20.0.100 - - [02/Feb/2026:11:54:02 +0000] "GET /d1/187/AUTH_f8ef0e5143814014ad2a4dffe22f1919/gnocchi.1969d257-6f87-41e1-ae41-af94eae9b65b" 200 2 "GET http://localhost:8080/v1/AUTH_f8ef0e5143814014ad2a4dffe22f1919/gnocchi.1969d257-6f87-41e1-ae41-af94eae9b65b?format=json&states=listing" "txcb6c1701d39045a9a9950-006980905a" "proxy-server 21" 0.0034 "-" 22 0
Feb 2 11:54:02 standalone proxy-server[124826]: 172.18.0.2 ::1 02/Feb/2026/11/54/02 GET /v1/AUTH_f8ef0e5143814014ad2a4dffe22f1919/gnocchi.1969d257-6f87-41e1-ae41-af94eae9b65b%3Fformat%3Djson%26states%3Dlisting HTTP/1.0 200 - python-swiftclient-3.11.1 gAAAAABpgI99qtAZ... - 2 - txcb6c1701d39045a9a9950-006980905a - 0.0232 - - 1770033242.583781004 1770033242.607025385 0
Feb 2 11:54:02 standalone object-server[122954]: 172.20.0.100 - - [02/Feb/2026:11:54:02 +0000] "GET /d1/84/AUTH_f8ef0e5143814014ad2a4dffe22f1919/gnocchi.1969d257-6f87-41e1-ae41-af94eae9b65b/1769040000.0_mean_300.0_v3" 404 70 "GET http://localhost:8080/v1/AUTH_f8ef0e5143814014ad2a4dffe22f1919/gnocchi.1969d257-6f87-41e1-ae41-af94eae9b65b/1769040000.0_mean_300.0_v3" "tx25a966a2f4ca44bd8ee35-006980905a" "proxy-server 21" 0.0005 "-" 25 0
Feb 2 11:54:02 standalone proxy-server[124826]: 172.18.0.2 ::1 02/Feb/2026/11/54/02 GET /v1/AUTH_f8ef0e5143814014ad2a4dffe22f1919/gnocchi.1969d257-6f87-41e1-ae41-af94eae9b65b/1769040000.0_mean_300.0_v3 HTTP/1.0 404 - python-swiftclient-3.11.1 gAAAAABpgI99qtAZ... - 70 - tx25a966a2f4ca44bd8ee35-006980905a - 0.0088 - - 1770033242.616014242 1770033242.624777555 0
Feb 2 11:54:02 standalone container-server[122746]: 172.20.0.100 - - [02/Feb/2026:11:54:02 +0000] "PUT /d1/187/AUTH_f8ef0e5143814014ad2a4dffe22f1919/gnocchi.1969d257-6f87-41e1-ae41-af94eae9b65b/1769040000.0_mean_300.0_v3" 201 - "PUT http://localhost:8080/d1/84/AUTH_f8ef0e5143814014ad2a4dffe22f1919/gnocchi.1969d257-6f87-41e1-ae41-af94eae9b65b/1769040000.0_mean_300.0_v3" "txb0ad2029f7d240fcad678-006980905a" "object-server 25" 0.0008 "-" 23 0
Feb 2 11:54:02 standalone object-server[122954]: 172.20.0.100 - - [02/Feb/2026:11:54:02 +0000] "PUT /d1/84/AUTH_f8ef0e5143814014ad2a4dffe22f1919/gnocchi.1969d257-6f87-41e1-ae41-af94eae9b65b/1769040000.0_mean_300.0_v3" 201 - "PUT http://localhost:8080/v1/AUTH_f8ef0e5143814014ad2a4dffe22f1919/gnocchi.1969d257-6f87-41e1-ae41-af94eae9b65b/1769040000.0_mean_300.0_v3" "txb0ad2029f7d240fcad678-006980905a" "proxy-server 21" 0.0125 "-" 25 0
Feb 2 11:54:02 standalone proxy-server[124826]: 172.18.0.2 ::1 02/Feb/2026/11/54/02 PUT /v1/AUTH_f8ef0e5143814014ad2a4dffe22f1919/gnocchi.1969d257-6f87-41e1-ae41-af94eae9b65b/1769040000.0_mean_300.0_v3 HTTP/1.0 201 - python-swiftclient-3.11.1 gAAAAABpgI99qtAZ... 16 - - txb0ad2029f7d240fcad678-006980905a - 0.0207 - - 1770033242.630581617 1770033242.651287079 0
Feb 2 11:54:02 standalone container-server[122746]: 172.20.0.100 - - [02/Feb/2026:11:54:02 +0000] "PUT /d1/187/AUTH_f8ef0e5143814014ad2a4dffe22f1919/gnocchi.1969d257-6f87-41e1-ae41-af94eae9b65b/none_v3" 201 - "PUT http://localhost:8080/d1/745/AUTH_f8ef0e5143814014ad2a4dffe22f1919/gnocchi.1969d257-6f87-41e1-ae41-af94eae9b65b/none_v3" "tx006136456aa94668ad955-006980905a" "object-server 25" 0.0007 "-" 23 0
Feb 2 11:54:02 standalone object-server[122954]: 172.20.0.100 - - [02/Feb/2026:11:54:02 +0000] "PUT /d1/745/AUTH_f8ef0e5143814014ad2a4dffe22f1919/gnocchi.1969d257-6f87-41e1-ae41-af94eae9b65b/none_v3" 201 - "PUT http://localhost:8080/v1/AUTH_f8ef0e5143814014ad2a4dffe22f1919/gnocchi.1969d257-6f87-41e1-ae41-af94eae9b65b/none_v3" "tx006136456aa94668ad955-006980905a" "proxy-server 21" 0.0116 "-" 25 0
Feb 2 11:54:02 standalone proxy-server[124826]: 172.18.0.2 ::1 02/Feb/2026/11/54/02 PUT /v1/AUTH_f8ef0e5143814014ad2a4dffe22f1919/gnocchi.1969d257-6f87-41e1-ae41-af94eae9b65b/none_v3 HTTP/1.0 201 - python-swiftclient-3.11.1 gAAAAABpgI99qtAZ... 22 - - tx006136456aa94668ad955-006980905a - 0.0199 - - 1770033242.657540083 1770033242.677425623 0
Feb 2 11:54:02 standalone container-server[122746]: 172.20.0.100 - - [02/Feb/2026:11:54:02 +0000] "HEAD /d1/588/AUTH_f8ef0e5143814014ad2a4dffe22f1919/gnocchi.8667c4b8-37c0-4d86-9712-d3f43881ec9c" 404 - "HEAD http://localhost:8080/v1/AUTH_f8ef0e5143814014ad2a4dffe22f1919/gnocchi.8667c4b8-37c0-4d86-9712-d3f43881ec9c?format=json&states=listing" "tx2abb770a154c419c8e366-006980905a" "proxy-server 21" 0.0005 "-" 23 0
Feb 2 11:54:02 standalone object-server[122949]: 172.20.0.100 - - [02/Feb/2026:11:54:02 +0000] "GET /d1/111/AUTH_f8ef0e5143814014ad2a4dffe22f1919/gnocchi.8667c4b8-37c0-4d86-9712-d3f43881ec9c/none_v3" 404 70 "GET http://localhost:8080/v1/AUTH_f8ef0e5143814014ad2a4dffe22f1919/gnocchi.8667c4b8-37c0-4d86-9712-d3f43881ec9c/none_v3" "tx2abb770a154c419c8e366-006980905a" "proxy-server 21" 0.0003 "-" 23 0
Feb 2 11:54:02 standalone proxy-server[124826]: 172.18.0.2 ::1 02/Feb/2026/11/54/02 GET /v1/AUTH_f8ef0e5143814014ad2a4dffe22f1919/gnocchi.8667c4b8-37c0-4d86-9712-d3f43881ec9c/none_v3 HTTP/1.0 404 - python-swiftclient-3.11.1 gAAAAABpgI99qtAZ... - 70 - tx2abb770a154c419c8e366-006980905a - 0.0118 - - 1770033242.691748381 1770033242.703562498 0
Feb 2 11:54:02 standalone account-server[122665]: 172.20.0.100 - - [02/Feb/2026:11:54:02 +0000] "PUT /d1/288/AUTH_f8ef0e5143814014ad2a4dffe22f1919/gnocchi.8667c4b8-37c0-4d86-9712-d3f43881ec9c" 201 - "PUT http://172.20.0.100:6001/d1/588/AUTH_f8ef0e5143814014ad2a4dffe22f1919/gnocchi.8667c4b8-37c0-4d86-9712-d3f43881ec9c" "txde9ce20418134d47b7083-006980905a" "container-server 20" 0.0040 "-" 22 0
Feb 2 11:54:02 standalone container-server[122730]: 172.20.0.100 - - [02/Feb/2026:11:54:02 +0000] "PUT /d1/588/AUTH_f8ef0e5143814014ad2a4dffe22f1919/gnocchi.8667c4b8-37c0-4d86-9712-d3f43881ec9c" 201 - "PUT http://localhost:8080/v1/AUTH_f8ef0e5143814014ad2a4dffe22f1919/gnocchi.8667c4b8-37c0-4d86-9712-d3f43881ec9c" "txde9ce20418134d47b7083-006980905a" "proxy-server 21" 0.0143 "-" 20 0
Feb 2 11:54:02 standalone proxy-server[124826]: 172.18.0.2 ::1 02/Feb/2026/11/54/02 PUT /v1/AUTH_f8ef0e5143814014ad2a4dffe22f1919/gnocchi.8667c4b8-37c0-4d86-9712-d3f43881ec9c HTTP/1.0 201 - python-swiftclient-3.11.1 gAAAAABpgI99qtAZ... - - - txde9ce20418134d47b7083-006980905a - 0.0207 - - 1770033242.708440065 1770033242.729145050 0
Feb 2 11:54:02 standalone container-server[122730]: 172.20.0.100 - - [02/Feb/2026:11:54:02 +0000] "HEAD /d1/588/AUTH_f8ef0e5143814014ad2a4dffe22f1919/gnocchi.8667c4b8-37c0-4d86-9712-d3f43881ec9c" 204 - "HEAD http://localhost:8080/v1/AUTH_f8ef0e5143814014ad2a4dffe22f1919/gnocchi.8667c4b8-37c0-4d86-9712-d3f43881ec9c?format=json&states=listing" "tx16ec79c3a55b4d5a92f4c-006980905a" "proxy-server 21" 0.0015 "-" 20 0
Feb 2 11:54:02 standalone proxy-server[124826]: - - 02/Feb/2026/11/54/02 HEAD /v1/AUTH_f8ef0e5143814014ad2a4dffe22f1919/gnocchi.8667c4b8-37c0-4d86-9712-d3f43881ec9c%3Fformat%3Djson%26states%3Dlisting HTTP/1.0 204 - Swift - - - - tx16ec79c3a55b4d5a92f4c-006980905a - 0.0057 RL - 1770033242.735932112 1770033242.741642952 0
Feb 2 11:54:02 standalone container-server[122744]: 172.20.0.100 - - [02/Feb/2026:11:54:02 +0000] "GET /d1/588/AUTH_f8ef0e5143814014ad2a4dffe22f1919/gnocchi.8667c4b8-37c0-4d86-9712-d3f43881ec9c" 200 2 "GET http://localhost:8080/v1/AUTH_f8ef0e5143814014ad2a4dffe22f1919/gnocchi.8667c4b8-37c0-4d86-9712-d3f43881ec9c?format=json&states=listing" "tx16ec79c3a55b4d5a92f4c-006980905a" "proxy-server 21" 0.0018 "-" 22 0
Feb 2 11:54:02 standalone proxy-server[124826]: 172.18.0.2 ::1 02/Feb/2026/11/54/02 GET /v1/AUTH_f8ef0e5143814014ad2a4dffe22f1919/gnocchi.8667c4b8-37c0-4d86-9712-d3f43881ec9c%3Fformat%3Djson%26states%3Dlisting HTTP/1.0 200 - python-swiftclient-3.11.1 gAAAAABpgI99qtAZ... - 2 - tx16ec79c3a55b4d5a92f4c-006980905a - 0.0170 - - 1770033242.734293222 1770033242.751262903 0
Feb 2 11:54:02 standalone object-server[122950]: 172.20.0.100 - - [02/Feb/2026:11:54:02 +0000] "GET /d1/508/AUTH_f8ef0e5143814014ad2a4dffe22f1919/gnocchi.8667c4b8-37c0-4d86-9712-d3f43881ec9c/1769040000.0_mean_300.0_v3" 404 70 "GET http://localhost:8080/v1/AUTH_f8ef0e5143814014ad2a4dffe22f1919/gnocchi.8667c4b8-37c0-4d86-9712-d3f43881ec9c/1769040000.0_mean_300.0_v3" "tx947a31d12e52401bad0e0-006980905a" "proxy-server 21" 0.0005 "-" 24 0
Feb 2 11:54:02 standalone proxy-server[124826]: 172.18.0.2 ::1 02/Feb/2026/11/54/02 GET /v1/AUTH_f8ef0e5143814014ad2a4dffe22f1919/gnocchi.8667c4b8-37c0-4d86-9712-d3f43881ec9c/1769040000.0_mean_300.0_v3 HTTP/1.0 404 - python-swiftclient-3.11.1 gAAAAABpgI99qtAZ... - 70 - tx947a31d12e52401bad0e0-006980905a - 0.0084 - - 1770033242.757579088 1770033242.765974760 0
Feb 2 11:54:02 standalone container-server[122731]: 172.20.0.100 - - [02/Feb/2026:11:54:02 +0000] "PUT /d1/588/AUTH_f8ef0e5143814014ad2a4dffe22f1919/gnocchi.8667c4b8-37c0-4d86-9712-d3f43881ec9c/1769040000.0_mean_300.0_v3" 201 - "PUT http://localhost:8080/d1/508/AUTH_f8ef0e5143814014ad2a4dffe22f1919/gnocchi.8667c4b8-37c0-4d86-9712-d3f43881ec9c/1769040000.0_mean_300.0_v3" "txe3a0bebc39dc4afa8cfb7-006980905a" "object-server 23" 0.0009 "-" 21 0
Feb 2 11:54:02 standalone object-server[122949]: 172.20.0.100 - - [02/Feb/2026:11:54:02 +0000] "PUT /d1/508/AUTH_f8ef0e5143814014ad2a4dffe22f1919/gnocchi.8667c4b8-37c0-4d86-9712-d3f43881ec9c/1769040000.0_mean_300.0_v3" 201 - "PUT http://localhost:8080/v1/AUTH_f8ef0e5143814014ad2a4dffe22f1919/gnocchi.8667c4b8-37c0-4d86-9712-d3f43881ec9c/1769040000.0_mean_300.0_v3" "txe3a0bebc39dc4afa8cfb7-006980905a" "proxy-server 21" 0.0096 "-" 23 0
Feb 2 11:54:02 standalone proxy-server[124826]: 172.18.0.2 ::1 02/Feb/2026/11/54/02 PUT /v1/AUTH_f8ef0e5143814014ad2a4dffe22f1919/gnocchi.8667c4b8-37c0-4d86-9712-d3f43881ec9c/1769040000.0_mean_300.0_v3 HTTP/1.0 201 - python-swiftclient-3.11.1 gAAAAABpgI99qtAZ... 16 - - txe3a0bebc39dc4afa8cfb7-006980905a - 0.0170 - - 1770033242.771036625 1770033242.788068056 0
Feb 2 11:54:02 standalone container-server[122746]: 172.20.0.100 - - [02/Feb/2026:11:54:02 +0000] "PUT /d1/588/AUTH_f8ef0e5143814014ad2a4dffe22f1919/gnocchi.8667c4b8-37c0-4d86-9712-d3f43881ec9c/none_v3" 201 - "PUT http://localhost:8080/d1/111/AUTH_f8ef0e5143814014ad2a4dffe22f1919/gnocchi.8667c4b8-37c0-4d86-9712-d3f43881ec9c/none_v3" "tx493bd6d7b870411bbeb2e-006980905a" "object-server 25" 0.0008 "-" 23 0
Feb 2 11:54:02 standalone object-server[122954]: 172.20.0.100 - - [02/Feb/2026:11:54:02 +0000] "PUT /d1/111/AUTH_f8ef0e5143814014ad2a4dffe22f1919/gnocchi.8667c4b8-37c0-4d86-9712-d3f43881ec9c/none_v3" 201 - "PUT http://localhost:8080/v1/AUTH_f8ef0e5143814014ad2a4dffe22f1919/gnocchi.8667c4b8-37c0-4d86-9712-d3f43881ec9c/none_v3" "tx493bd6d7b870411bbeb2e-006980905a" "proxy-server 21" 0.0118 "-" 25 0
Feb 2 11:54:02 standalone proxy-server[124826]: 172.18.0.2 ::1 02/Feb/2026/11/54/02 PUT /v1/AUTH_f8ef0e5143814014ad2a4dffe22f1919/gnocchi.8667c4b8-37c0-4d86-9712-d3f43881ec9c/none_v3 HTTP/1.0 201 - python-swiftclient-3.11.1 gAAAAABpgI99qtAZ... 22 - - tx493bd6d7b870411bbeb2e-006980905a - 0.0253 - - 1770033242.792636871 1770033242.817914486 0
Feb 2 11:54:02 standalone container-server[122731]: 172.20.0.100 - - [02/Feb/2026:11:54:02 +0000] "HEAD /d1/152/AUTH_f8ef0e5143814014ad2a4dffe22f1919/gnocchi.d82e52ba-facc-41b0-afd3-ca9913c31c27" 404 - "HEAD http://localhost:8080/v1/AUTH_f8ef0e5143814014ad2a4dffe22f1919/gnocchi.d82e52ba-facc-41b0-afd3-ca9913c31c27?format=json&states=listing" "tx110ae51d83e64133ba7cb-006980905a" "proxy-server 21" 0.0004 "-" 21 0
Feb 2 11:54:02 standalone object-server[122954]: 172.20.0.100 - - [02/Feb/2026:11:54:02 +0000] "GET /d1/191/AUTH_f8ef0e5143814014ad2a4dffe22f1919/gnocchi.d82e52ba-facc-41b0-afd3-ca9913c31c27/none_v3" 404 70 "GET http://localhost:8080/v1/AUTH_f8ef0e5143814014ad2a4dffe22f1919/gnocchi.d82e52ba-facc-41b0-afd3-ca9913c31c27/none_v3" "tx110ae51d83e64133ba7cb-006980905a" "proxy-server 21" 0.0005 "-" 25 0
Feb 2 11:54:02 standalone proxy-server[124826]: 172.18.0.2 ::1 02/Feb/2026/11/54/02 GET /v1/AUTH_f8ef0e5143814014ad2a4dffe22f1919/gnocchi.d82e52ba-facc-41b0-afd3-ca9913c31c27/none_v3 HTTP/1.0 404 - python-swiftclient-3.11.1 gAAAAABpgI99qtAZ... - 70 - tx110ae51d83e64133ba7cb-006980905a - 0.0139 - - 1770033242.833300829 1770033242.847182512 0
Feb 2 11:54:02 standalone account-server[122665]: 172.20.0.100 - - [02/Feb/2026:11:54:02 +0000] "PUT /d1/288/AUTH_f8ef0e5143814014ad2a4dffe22f1919/gnocchi.d82e52ba-facc-41b0-afd3-ca9913c31c27" 201 - "PUT http://172.20.0.100:6001/d1/152/AUTH_f8ef0e5143814014ad2a4dffe22f1919/gnocchi.d82e52ba-facc-41b0-afd3-ca9913c31c27" "txf40ca61ec2f24d73a5fb8-006980905a" "container-server 23" 0.0045 "-" 22 0
Feb 2 11:54:02 standalone container-server[122746]: 172.20.0.100 - - [02/Feb/2026:11:54:02 +0000] "PUT /d1/152/AUTH_f8ef0e5143814014ad2a4dffe22f1919/gnocchi.d82e52ba-facc-41b0-afd3-ca9913c31c27" 201 - "PUT http://localhost:8080/v1/AUTH_f8ef0e5143814014ad2a4dffe22f1919/gnocchi.d82e52ba-facc-41b0-afd3-ca9913c31c27" "txf40ca61ec2f24d73a5fb8-006980905a" "proxy-server 21" 0.0175 "-" 23 0
