Feb 2 11:54:02 standalone proxy-server[124826]: 172.18.0.2 ::1 02/Feb/2026/11/54/02 PUT /v1/AUTH_f8ef0e5143814014ad2a4dffe22f1919/gnocchi.d82e52ba-facc-41b0-afd3-ca9913c31c27 HTTP/1.0 201 - python-swiftclient-3.11.1 gAAAAABpgI99qtAZ... - - - txf40ca61ec2f24d73a5fb8-006980905a - 0.0252 - - 1770033242.851533651 1770033242.876728773 0
Feb 2 11:54:02 standalone container-server[122744]: 172.20.0.100 - - [02/Feb/2026:11:54:02 +0000] "HEAD /d1/152/AUTH_f8ef0e5143814014ad2a4dffe22f1919/gnocchi.d82e52ba-facc-41b0-afd3-ca9913c31c27" 204 - "HEAD http://localhost:8080/v1/AUTH_f8ef0e5143814014ad2a4dffe22f1919/gnocchi.d82e52ba-facc-41b0-afd3-ca9913c31c27?format=json&states=listing" "tx60ea28d79bfc464289ac3-006980905a" "proxy-server 21" 0.0021 "-" 22 0
Feb 2 11:54:02 standalone proxy-server[124826]: - - 02/Feb/2026/11/54/02 HEAD /v1/AUTH_f8ef0e5143814014ad2a4dffe22f1919/gnocchi.d82e52ba-facc-41b0-afd3-ca9913c31c27%3Fformat%3Djson%26states%3Dlisting HTTP/1.0 204 - Swift - - - - tx60ea28d79bfc464289ac3-006980905a - 0.0072 RL - 1770033242.887392044 1770033242.894625187 0
Feb 2 11:54:02 standalone container-server[122731]: 172.20.0.100 - - [02/Feb/2026:11:54:02 +0000] "GET /d1/152/AUTH_f8ef0e5143814014ad2a4dffe22f1919/gnocchi.d82e52ba-facc-41b0-afd3-ca9913c31c27" 200 2 "GET http://localhost:8080/v1/AUTH_f8ef0e5143814014ad2a4dffe22f1919/gnocchi.d82e52ba-facc-41b0-afd3-ca9913c31c27?format=json&states=listing" "tx60ea28d79bfc464289ac3-006980905a" "proxy-server 21" 0.0033 "-" 21 0
Feb 2 11:54:02 standalone proxy-server[124826]: 172.18.0.2 ::1 02/Feb/2026/11/54/02 GET /v1/AUTH_f8ef0e5143814014ad2a4dffe22f1919/gnocchi.d82e52ba-facc-41b0-afd3-ca9913c31c27%3Fformat%3Djson%26states%3Dlisting HTTP/1.0 200 - python-swiftclient-3.11.1 gAAAAABpgI99qtAZ... - 2 - tx60ea28d79bfc464289ac3-006980905a - 0.0212 - - 1770033242.885523558 1770033242.906749487 0
Feb 2 11:54:02 standalone object-server[122950]: 172.20.0.100 - - [02/Feb/2026:11:54:02 +0000] "GET /d1/381/AUTH_f8ef0e5143814014ad2a4dffe22f1919/gnocchi.d82e52ba-facc-41b0-afd3-ca9913c31c27/1769040000.0_mean_300.0_v3" 404 70 "GET http://localhost:8080/v1/AUTH_f8ef0e5143814014ad2a4dffe22f1919/gnocchi.d82e52ba-facc-41b0-afd3-ca9913c31c27/1769040000.0_mean_300.0_v3" "tx1739d50cf3434d128add4-006980905a" "proxy-server 21" 0.0005 "-" 24 0
Feb 2 11:54:02 standalone proxy-server[124826]: 172.18.0.2 ::1 02/Feb/2026/11/54/02 GET /v1/AUTH_f8ef0e5143814014ad2a4dffe22f1919/gnocchi.d82e52ba-facc-41b0-afd3-ca9913c31c27/1769040000.0_mean_300.0_v3 HTTP/1.0 404 - python-swiftclient-3.11.1 gAAAAABpgI99qtAZ... - 70 - tx1739d50cf3434d128add4-006980905a - 0.0082 - - 1770033242.913819313 1770033242.922001600 0
Feb 2 11:54:02 standalone container-server[122746]: 172.20.0.100 - - [02/Feb/2026:11:54:02 +0000] "PUT /d1/152/AUTH_f8ef0e5143814014ad2a4dffe22f1919/gnocchi.d82e52ba-facc-41b0-afd3-ca9913c31c27/1769040000.0_mean_300.0_v3" 201 - "PUT http://localhost:8080/d1/381/AUTH_f8ef0e5143814014ad2a4dffe22f1919/gnocchi.d82e52ba-facc-41b0-afd3-ca9913c31c27/1769040000.0_mean_300.0_v3" "txda75ee75d93740db9c935-006980905a" "object-server 23" 0.0009 "-" 23 0
Feb 2 11:54:02 standalone object-server[122949]: 172.20.0.100 - - [02/Feb/2026:11:54:02 +0000] "PUT /d1/381/AUTH_f8ef0e5143814014ad2a4dffe22f1919/gnocchi.d82e52ba-facc-41b0-afd3-ca9913c31c27/1769040000.0_mean_300.0_v3" 201 - "PUT http://localhost:8080/v1/AUTH_f8ef0e5143814014ad2a4dffe22f1919/gnocchi.d82e52ba-facc-41b0-afd3-ca9913c31c27/1769040000.0_mean_300.0_v3" "txda75ee75d93740db9c935-006980905a" "proxy-server 21" 0.0118 "-" 23 0
Feb 2 11:54:02 standalone proxy-server[124826]: 172.18.0.2 ::1 02/Feb/2026/11/54/02 PUT /v1/AUTH_f8ef0e5143814014ad2a4dffe22f1919/gnocchi.d82e52ba-facc-41b0-afd3-ca9913c31c27/1769040000.0_mean_300.0_v3 HTTP/1.0 201 - python-swiftclient-3.11.1 gAAAAABpgI99qtAZ... 16 - - txda75ee75d93740db9c935-006980905a - 0.0186 - - 1770033242.927165270 1770033242.945726871 0
Feb 2 11:54:02 standalone container-server[122744]: 172.20.0.100 - - [02/Feb/2026:11:54:02 +0000] "PUT /d1/152/AUTH_f8ef0e5143814014ad2a4dffe22f1919/gnocchi.d82e52ba-facc-41b0-afd3-ca9913c31c27/none_v3" 201 - "PUT http://localhost:8080/d1/191/AUTH_f8ef0e5143814014ad2a4dffe22f1919/gnocchi.d82e52ba-facc-41b0-afd3-ca9913c31c27/none_v3" "txeed0c363bf1b4ea68d06d-006980905a" "object-server 25" 0.0007 "-" 22 0
Feb 2 11:54:02 standalone object-server[122954]: 172.20.0.100 - - [02/Feb/2026:11:54:02 +0000] "PUT /d1/191/AUTH_f8ef0e5143814014ad2a4dffe22f1919/gnocchi.d82e52ba-facc-41b0-afd3-ca9913c31c27/none_v3" 201 - "PUT http://localhost:8080/v1/AUTH_f8ef0e5143814014ad2a4dffe22f1919/gnocchi.d82e52ba-facc-41b0-afd3-ca9913c31c27/none_v3" "txeed0c363bf1b4ea68d06d-006980905a" "proxy-server 21" 0.0120 "-" 25 0
Feb 2 11:54:02 standalone proxy-server[124826]: 172.18.0.2 ::1 02/Feb/2026/11/54/02 PUT /v1/AUTH_f8ef0e5143814014ad2a4dffe22f1919/gnocchi.d82e52ba-facc-41b0-afd3-ca9913c31c27/none_v3 HTTP/1.0 201 - python-swiftclient-3.11.1 gAAAAABpgI99qtAZ... 22 - - txeed0c363bf1b4ea68d06d-006980905a - 0.0200 - - 1770033242.949932098 1770033242.969956636 0
Feb 2 11:54:02 standalone container-server[122744]: 172.20.0.100 - - [02/Feb/2026:11:54:02 +0000] "HEAD /d1/434/AUTH_f8ef0e5143814014ad2a4dffe22f1919/gnocchi.9cbe167d-dcf7-4329-9118-642652cc2576" 404 - "HEAD http://localhost:8080/v1/AUTH_f8ef0e5143814014ad2a4dffe22f1919/gnocchi.9cbe167d-dcf7-4329-9118-642652cc2576?format=json&states=listing" "tx5bd9cf285a6442a0b1de7-006980905a" "proxy-server 21" 0.0005 "-" 22 0
Feb 2 11:54:02 standalone object-server[122954]: 172.20.0.100 - - [02/Feb/2026:11:54:02 +0000] "GET /d1/649/AUTH_f8ef0e5143814014ad2a4dffe22f1919/gnocchi.9cbe167d-dcf7-4329-9118-642652cc2576/none_v3" 404 70 "GET http://localhost:8080/v1/AUTH_f8ef0e5143814014ad2a4dffe22f1919/gnocchi.9cbe167d-dcf7-4329-9118-642652cc2576/none_v3" "tx5bd9cf285a6442a0b1de7-006980905a" "proxy-server 21" 0.0005 "-" 25 0
Feb 2 11:54:02 standalone proxy-server[124826]: 172.18.0.2 ::1 02/Feb/2026/11/54/02 GET /v1/AUTH_f8ef0e5143814014ad2a4dffe22f1919/gnocchi.9cbe167d-dcf7-4329-9118-642652cc2576/none_v3 HTTP/1.0 404 - python-swiftclient-3.11.1 gAAAAABpgI99qtAZ... - 70 - tx5bd9cf285a6442a0b1de7-006980905a - 0.0125 - - 1770033242.984393120 1770033242.996875763 0
Feb 2 11:54:03 standalone account-server[122647]: 172.20.0.100 - - [02/Feb/2026:11:54:03 +0000] "PUT /d1/288/AUTH_f8ef0e5143814014ad2a4dffe22f1919/gnocchi.9cbe167d-dcf7-4329-9118-642652cc2576" 201 - "PUT http://172.20.0.100:6001/d1/434/AUTH_f8ef0e5143814014ad2a4dffe22f1919/gnocchi.9cbe167d-dcf7-4329-9118-642652cc2576" "tx2d4854cb35c24cf98cb01-006980905b" "container-server 20" 0.0063 "-" 14 0
Feb 2 11:54:03 standalone container-server[122730]: 172.20.0.100 - - [02/Feb/2026:11:54:03 +0000] "PUT /d1/434/AUTH_f8ef0e5143814014ad2a4dffe22f1919/gnocchi.9cbe167d-dcf7-4329-9118-642652cc2576" 201 - "PUT http://localhost:8080/v1/AUTH_f8ef0e5143814014ad2a4dffe22f1919/gnocchi.9cbe167d-dcf7-4329-9118-642652cc2576" "tx2d4854cb35c24cf98cb01-006980905b" "proxy-server 21" 0.0191 "-" 20 0
Feb 2 11:54:03 standalone proxy-server[124826]: 172.18.0.2 ::1 02/Feb/2026/11/54/03 PUT /v1/AUTH_f8ef0e5143814014ad2a4dffe22f1919/gnocchi.9cbe167d-dcf7-4329-9118-642652cc2576 HTTP/1.0 201 - python-swiftclient-3.11.1 gAAAAABpgI99qtAZ... - - - tx2d4854cb35c24cf98cb01-006980905b - 0.0259 - - 1770033243.000984907 1770033243.026835918 0
Feb 2 11:54:03 standalone container-server[122746]: 172.20.0.100 - - [02/Feb/2026:11:54:03 +0000] "HEAD /d1/434/AUTH_f8ef0e5143814014ad2a4dffe22f1919/gnocchi.9cbe167d-dcf7-4329-9118-642652cc2576" 204 - "HEAD http://localhost:8080/v1/AUTH_f8ef0e5143814014ad2a4dffe22f1919/gnocchi.9cbe167d-dcf7-4329-9118-642652cc2576?format=json&states=listing" "tx4cbc6fa20d5c4b69a1551-006980905b" "proxy-server 21" 0.0024 "-" 23 0
Feb 2 11:54:03 standalone proxy-server[124826]: - - 02/Feb/2026/11/54/03 HEAD /v1/AUTH_f8ef0e5143814014ad2a4dffe22f1919/gnocchi.9cbe167d-dcf7-4329-9118-642652cc2576%3Fformat%3Djson%26states%3Dlisting HTTP/1.0 204 - Swift - - - - tx4cbc6fa20d5c4b69a1551-006980905b - 0.0070 RL - 1770033243.034174919 1770033243.041185617 0
Feb 2 11:54:03 standalone container-server[122730]: 172.20.0.100 - - [02/Feb/2026:11:54:03 +0000] "GET /d1/434/AUTH_f8ef0e5143814014ad2a4dffe22f1919/gnocchi.9cbe167d-dcf7-4329-9118-642652cc2576" 200 2 "GET http://localhost:8080/v1/AUTH_f8ef0e5143814014ad2a4dffe22f1919/gnocchi.9cbe167d-dcf7-4329-9118-642652cc2576?format=json&states=listing" "tx4cbc6fa20d5c4b69a1551-006980905b" "proxy-server 21" 0.0030 "-" 20 0
Feb 2 11:54:03 standalone proxy-server[124826]: 172.18.0.2 ::1 02/Feb/2026/11/54/03 GET /v1/AUTH_f8ef0e5143814014ad2a4dffe22f1919/gnocchi.9cbe167d-dcf7-4329-9118-642652cc2576%3Fformat%3Djson%26states%3Dlisting HTTP/1.0 200 - python-swiftclient-3.11.1 gAAAAABpgI99qtAZ... - 2 - tx4cbc6fa20d5c4b69a1551-006980905b - 0.0197 - - 1770033243.032501459 1770033243.052249908 0
Feb 2 11:54:03 standalone object-server[122950]: 172.20.0.100 - - [02/Feb/2026:11:54:03 +0000] "GET /d1/790/AUTH_f8ef0e5143814014ad2a4dffe22f1919/gnocchi.9cbe167d-dcf7-4329-9118-642652cc2576/1769040000.0_mean_300.0_v3" 404 70 "GET http://localhost:8080/v1/AUTH_f8ef0e5143814014ad2a4dffe22f1919/gnocchi.9cbe167d-dcf7-4329-9118-642652cc2576/1769040000.0_mean_300.0_v3" "tx092d86318c1849308dbae-006980905b" "proxy-server 21" 0.0004 "-" 24 0
Feb 2 11:54:03 standalone proxy-server[124826]: 172.18.0.2 ::1 02/Feb/2026/11/54/03 GET /v1/AUTH_f8ef0e5143814014ad2a4dffe22f1919/gnocchi.9cbe167d-dcf7-4329-9118-642652cc2576/1769040000.0_mean_300.0_v3 HTTP/1.0 404 - python-swiftclient-3.11.1 gAAAAABpgI99qtAZ... - 70 - tx092d86318c1849308dbae-006980905b - 0.0075 - - 1770033243.057518482 1770033243.064999580 0
Feb 2 11:54:03 standalone container-server[122731]: 172.20.0.100 - - [02/Feb/2026:11:54:03 +0000] "PUT /d1/434/AUTH_f8ef0e5143814014ad2a4dffe22f1919/gnocchi.9cbe167d-dcf7-4329-9118-642652cc2576/1769040000.0_mean_300.0_v3" 201 - "PUT http://localhost:8080/d1/790/AUTH_f8ef0e5143814014ad2a4dffe22f1919/gnocchi.9cbe167d-dcf7-4329-9118-642652cc2576/1769040000.0_mean_300.0_v3" "tx805a75ffee3e43a5b8ee8-006980905b" "object-server 24" 0.0008 "-" 21 0
Feb 2 11:54:03 standalone object-server[122950]: 172.20.0.100 - - [02/Feb/2026:11:54:03 +0000] "PUT /d1/790/AUTH_f8ef0e5143814014ad2a4dffe22f1919/gnocchi.9cbe167d-dcf7-4329-9118-642652cc2576/1769040000.0_mean_300.0_v3" 201 - "PUT http://localhost:8080/v1/AUTH_f8ef0e5143814014ad2a4dffe22f1919/gnocchi.9cbe167d-dcf7-4329-9118-642652cc2576/1769040000.0_mean_300.0_v3" "tx805a75ffee3e43a5b8ee8-006980905b" "proxy-server 21" 0.0126 "-" 24 0
Feb 2 11:54:03 standalone proxy-server[124826]: 172.18.0.2 ::1 02/Feb/2026/11/54/03 PUT /v1/AUTH_f8ef0e5143814014ad2a4dffe22f1919/gnocchi.9cbe167d-dcf7-4329-9118-642652cc2576/1769040000.0_mean_300.0_v3 HTTP/1.0 201 - python-swiftclient-3.11.1 gAAAAABpgI99qtAZ... 16 - - tx805a75ffee3e43a5b8ee8-006980905b - 0.0212 - - 1770033243.082014799 1770033243.103227139 0
Feb 2 11:54:03 standalone container-server[122744]: 172.20.0.100 - - [02/Feb/2026:11:54:03 +0000] "PUT /d1/434/AUTH_f8ef0e5143814014ad2a4dffe22f1919/gnocchi.9cbe167d-dcf7-4329-9118-642652cc2576/none_v3" 201 - "PUT http://localhost:8080/d1/649/AUTH_f8ef0e5143814014ad2a4dffe22f1919/gnocchi.9cbe167d-dcf7-4329-9118-642652cc2576/none_v3" "txf23585e9a2b745b2aff05-006980905b" "object-server 25" 0.0009 "-" 22 0
Feb 2 11:54:03 standalone object-server[122954]: 172.20.0.100 - - [02/Feb/2026:11:54:03 +0000] "PUT /d1/649/AUTH_f8ef0e5143814014ad2a4dffe22f1919/gnocchi.9cbe167d-dcf7-4329-9118-642652cc2576/none_v3" 201 - "PUT http://localhost:8080/v1/AUTH_f8ef0e5143814014ad2a4dffe22f1919/gnocchi.9cbe167d-dcf7-4329-9118-642652cc2576/none_v3" "txf23585e9a2b745b2aff05-006980905b" "proxy-server 21" 0.0116 "-" 25 0
Feb 2 11:54:03 standalone proxy-server[124826]: 172.18.0.2 ::1 02/Feb/2026/11/54/03 PUT /v1/AUTH_f8ef0e5143814014ad2a4dffe22f1919/gnocchi.9cbe167d-dcf7-4329-9118-642652cc2576/none_v3 HTTP/1.0 201 - python-swiftclient-3.11.1 gAAAAABpgI99qtAZ... 22 - - txf23585e9a2b745b2aff05-006980905b - 0.0197 - - 1770033243.108094931 1770033243.127753019 0
Feb 2 11:54:03 standalone container-server[122730]: 172.20.0.100 - - [02/Feb/2026:11:54:03 +0000] "HEAD /d1/1012/AUTH_f8ef0e5143814014ad2a4dffe22f1919/gnocchi.230299d8-fed9-47ff-8e9c-b39ecdd75c80" 404 - "HEAD http://localhost:8080/v1/AUTH_f8ef0e5143814014ad2a4dffe22f1919/gnocchi.230299d8-fed9-47ff-8e9c-b39ecdd75c80?format=json&states=listing" "txaa7172d66427425c93945-006980905b" "proxy-server 21" 0.0005 "-" 20 0
Feb 2 11:54:03 standalone object-server[122950]: 172.20.0.100 - - [02/Feb/2026:11:54:03 +0000] "GET /d1/312/AUTH_f8ef0e5143814014ad2a4dffe22f1919/gnocchi.230299d8-fed9-47ff-8e9c-b39ecdd75c80/none_v3" 404 70 "GET http://localhost:8080/v1/AUTH_f8ef0e5143814014ad2a4dffe22f1919/gnocchi.230299d8-fed9-47ff-8e9c-b39ecdd75c80/none_v3" "txaa7172d66427425c93945-006980905b" "proxy-server 21" 0.0005 "-" 24 0
Feb 2 11:54:03 standalone proxy-server[124826]: 172.18.0.2 ::1 02/Feb/2026/11/54/03 GET /v1/AUTH_f8ef0e5143814014ad2a4dffe22f1919/gnocchi.230299d8-fed9-47ff-8e9c-b39ecdd75c80/none_v3 HTTP/1.0 404 - python-swiftclient-3.11.1 gAAAAABpgI99qtAZ... - 70 - txaa7172d66427425c93945-006980905b - 0.0131 - - 1770033243.143048763 1770033243.156140804 0
Feb 2 11:54:03 standalone account-server[122650]: 172.20.0.100 - - [02/Feb/2026:11:54:03 +0000] "PUT /d1/288/AUTH_f8ef0e5143814014ad2a4dffe22f1919/gnocchi.230299d8-fed9-47ff-8e9c-b39ecdd75c80" 201 - "PUT http://172.20.0.100:6001/d1/1012/AUTH_f8ef0e5143814014ad2a4dffe22f1919/gnocchi.230299d8-fed9-47ff-8e9c-b39ecdd75c80" "tx5c4a77e3a5974721bbb33-006980905b" "container-server 23" 0.0057 "-" 15 0
Feb 2 11:54:03 standalone container-server[122746]: 172.20.0.100 - - [02/Feb/2026:11:54:03 +0000] "PUT /d1/1012/AUTH_f8ef0e5143814014ad2a4dffe22f1919/gnocchi.230299d8-fed9-47ff-8e9c-b39ecdd75c80" 201 - "PUT http://localhost:8080/v1/AUTH_f8ef0e5143814014ad2a4dffe22f1919/gnocchi.230299d8-fed9-47ff-8e9c-b39ecdd75c80" "tx5c4a77e3a5974721bbb33-006980905b" "proxy-server 21" 0.0215 "-" 23 0
Feb 2 11:54:03 standalone proxy-server[124826]: 172.18.0.2 ::1 02/Feb/2026/11/54/03 PUT /v1/AUTH_f8ef0e5143814014ad2a4dffe22f1919/gnocchi.230299d8-fed9-47ff-8e9c-b39ecdd75c80 HTTP/1.0 201 - python-swiftclient-3.11.1 gAAAAABpgI99qtAZ... - - - tx5c4a77e3a5974721bbb33-006980905b - 0.0287 - - 1770033243.160290003 1770033243.189023256 0
Feb 2 11:54:03 standalone container-server[122730]: 172.20.0.100 - - [02/Feb/2026:11:54:03 +0000] "HEAD /d1/1012/AUTH_f8ef0e5143814014ad2a4dffe22f1919/gnocchi.230299d8-fed9-47ff-8e9c-b39ecdd75c80" 204 - "HEAD http://localhost:8080/v1/AUTH_f8ef0e5143814014ad2a4dffe22f1919/gnocchi.230299d8-fed9-47ff-8e9c-b39ecdd75c80?format=json&states=listing" "txe46983026356448cafa41-006980905b" "proxy-server 21" 0.0020 "-" 20 0
Feb 2 11:54:03 standalone proxy-server[124826]: - - 02/Feb/2026/11/54/03 HEAD /v1/AUTH_f8ef0e5143814014ad2a4dffe22f1919/gnocchi.230299d8-fed9-47ff-8e9c-b39ecdd75c80%3Fformat%3Djson%26states%3Dlisting HTTP/1.0 204 - Swift - - - - txe46983026356448cafa41-006980905b - 0.0066 RL - 1770033243.196386576 1770033243.202991962 0
Feb 2 11:54:03 standalone container-server[122731]: 172.20.0.100 - - [02/Feb/2026:11:54:03 +0000] "GET /d1/1012/AUTH_f8ef0e5143814014ad2a4dffe22f1919/gnocchi.230299d8-fed9-47ff-8e9c-b39ecdd75c80" 200 2 "GET http://localhost:8080/v1/AUTH_f8ef0e5143814014ad2a4dffe22f1919/gnocchi.230299d8-fed9-47ff-8e9c-b39ecdd75c80?format=json&states=listing" "txe46983026356448cafa41-006980905b" "proxy-server 21" 0.0032 "-" 21 0
Feb 2 11:54:03 standalone proxy-server[124826]: 172.18.0.2 ::1 02/Feb/2026/11/54/03 GET /v1/AUTH_f8ef0e5143814014ad2a4dffe22f1919/gnocchi.230299d8-fed9-47ff-8e9c-b39ecdd75c80%3Fformat%3Djson%26states%3Dlisting HTTP/1.0 200 - python-swiftclient-3.11.1 gAAAAABpgI99qtAZ... - 2 - txe46983026356448cafa41-006980905b - 0.0194 - - 1770033243.194755554 1770033243.214175940 0
Feb 2 11:54:03 standalone object-server[122954]: 172.20.0.100 - - [02/Feb/2026:11:54:03 +0000] "GET /d1/191/AUTH_f8ef0e5143814014ad2a4dffe22f1919/gnocchi.230299d8-fed9-47ff-8e9c-b39ecdd75c80/1769040000.0_mean_300.0_v3" 404 70 "GET http://localhost:8080/v1/AUTH_f8ef0e5143814014ad2a4dffe22f1919/gnocchi.230299d8-fed9-47ff-8e9c-b39ecdd75c80/1769040000.0_mean_300.0_v3" "txd3bbcd466e844f62896fc-006980905b" "proxy-server 21" 0.0004 "-" 25 0
Feb 2 11:54:03 standalone proxy-server[124826]: 172.18.0.2 ::1 02/Feb/2026/11/54/03 GET /v1/AUTH_f8ef0e5143814014ad2a4dffe22f1919/gnocchi.230299d8-fed9-47ff-8e9c-b39ecdd75c80/1769040000.0_mean_300.0_v3 HTTP/1.0 404 - python-swiftclient-3.11.1 gAAAAABpgI99qtAZ... - 70 - txd3bbcd466e844f62896fc-006980905b - 0.0072 - - 1770033243.219312191 1770033243.226500034 0
Feb 2 11:54:03 standalone container-server[122744]: 172.20.0.100 - - [02/Feb/2026:11:54:03 +0000] "PUT /d1/1012/AUTH_f8ef0e5143814014ad2a4dffe22f1919/gnocchi.230299d8-fed9-47ff-8e9c-b39ecdd75c80/1769040000.0_mean_300.0_v3" 201 - "PUT http://localhost:8080/d1/191/AUTH_f8ef0e5143814014ad2a4dffe22f1919/gnocchi.230299d8-fed9-47ff-8e9c-b39ecdd75c80/1769040000.0_mean_300.0_v3" "txcdd52d3f09624a3dad5e8-006980905b" "object-server 23" 0.0008 "-" 22 0
Feb 2 11:54:03 standalone object-server[122949]: 172.20.0.100 - - [02/Feb/2026:11:54:03 +0000] "PUT /d1/191/AUTH_f8ef0e5143814014ad2a4dffe22f1919/gnocchi.230299d8-fed9-47ff-8e9c-b39ecdd75c80/1769040000.0_mean_300.0_v3" 201 - "PUT http://localhost:8080/v1/AUTH_f8ef0e5143814014ad2a4dffe22f1919/gnocchi.230299d8-fed9-47ff-8e9c-b39ecdd75c80/1769040000.0_mean_300.0_v3" "txcdd52d3f09624a3dad5e8-006980905b" "proxy-server 21" 0.0125 "-" 23 0
Feb 2 11:54:03 standalone proxy-server[124826]: 172.18.0.2 ::1 02/Feb/2026/11/54/03 PUT /v1/AUTH_f8ef0e5143814014ad2a4dffe22f1919/gnocchi.230299d8-fed9-47ff-8e9c-b39ecdd75c80/1769040000.0_mean_300.0_v3 HTTP/1.0 201 - python-swiftclient-3.11.1 gAAAAABpgI99qtAZ... 16 - - txcdd52d3f09624a3dad5e8-006980905b - 0.0201 - - 1770033243.231131792 1770033243.251237869 0
Feb 2 11:54:03 standalone container-server[122744]: 172.20.0.100 - - [02/Feb/2026:11:54:03 +0000] "PUT /d1/1012/AUTH_f8ef0e5143814014ad2a4dffe22f1919/gnocchi.230299d8-fed9-47ff-8e9c-b39ecdd75c80/none_v3" 201 - "PUT http://localhost:8080/d1/312/AUTH_f8ef0e5143814014ad2a4dffe22f1919/gnocchi.230299d8-fed9-47ff-8e9c-b39ecdd75c80/none_v3" "tx829b2ed3bc544e12bc9a5-006980905b" "object-server 23" 0.0008 "-" 22 0
Feb 2 11:54:03 standalone object-server[122949]: 172.20.0.100 - - [02/Feb/2026:11:54:03 +0000] "PUT /d1/312/AUTH_f8ef0e5143814014ad2a4dffe22f1919/gnocchi.230299d8-fed9-47ff-8e9c-b39ecdd75c80/none_v3" 201 - "PUT http://localhost:8080/v1/AUTH_f8ef0e5143814014ad2a4dffe22f1919/gnocchi.230299d8-fed9-47ff-8e9c-b39ecdd75c80/none_v3" "tx829b2ed3bc544e12bc9a5-006980905b" "proxy-server 21" 0.0106 "-" 23 0
Feb 2 11:54:03 standalone proxy-server[124826]: 172.18.0.2 ::1 02/Feb/2026/11/54/03 PUT /v1/AUTH_f8ef0e5143814014ad2a4dffe22f1919/gnocchi.230299d8-fed9-47ff-8e9c-b39ecdd75c80/none_v3 HTTP/1.0 201 - python-swiftclient-3.11.1 gAAAAABpgI99qtAZ... 22 - - tx829b2ed3bc544e12bc9a5-006980905b - 0.0194 - - 1770033243.255631208 1770033243.275017262 0
Feb 2 11:54:03 standalone container-server[122731]: 172.20.0.100 - - [02/Feb/2026:11:54:03 +0000] "HEAD /d1/397/AUTH_f8ef0e5143814014ad2a4dffe22f1919/gnocchi.ce919734-ca5c-4fdc-bfa9-c186a9bbae3f" 404 - "HEAD http://localhost:8080/v1/AUTH_f8ef0e5143814014ad2a4dffe22f1919/gnocchi.ce919734-ca5c-4fdc-bfa9-c186a9bbae3f?format=json&states=listing" "tx74d8a09ca593467cb24dd-006980905b" "proxy-server 21" 0.0005 "-" 21 0
Feb 2 11:54:03 standalone object-server[122949]: 172.20.0.100 - - [02/Feb/2026:11:54:03 +0000] "GET /d1/801/AUTH_f8ef0e5143814014ad2a4dffe22f1919/gnocchi.ce919734-ca5c-4fdc-bfa9-c186a9bbae3f/none_v3" 404 70 "GET http://localhost:8080/v1/AUTH_f8ef0e5143814014ad2a4dffe22f1919/gnocchi.ce919734-ca5c-4fdc-bfa9-c186a9bbae3f/none_v3" "tx74d8a09ca593467cb24dd-006980905b" "proxy-server 21" 0.0003 "-" 23 0
Feb 2 11:54:03 standalone proxy-server[124826]: 172.18.0.2 ::1 02/Feb/2026/11/54/03 GET /v1/AUTH_f8ef0e5143814014ad2a4dffe22f1919/gnocchi.ce919734-ca5c-4fdc-bfa9-c186a9bbae3f/none_v3 HTTP/1.0 404 - python-swiftclient-3.11.1 gAAAAABpgI99qtAZ... - 70 - tx74d8a09ca593467cb24dd-006980905b - 0.0123 - - 1770033243.290459633 1770033243.302808762 0
Feb 2 11:54:03 standalone account-server[122657]: 172.20.0.100 - - [02/Feb/2026:11:54:03 +0000] "PUT /d1/288/AUTH_f8ef0e5143814014ad2a4dffe22f1919/gnocchi.ce919734-ca5c-4fdc-bfa9-c186a9bbae3f" 201 - "PUT http://172.20.0.100:6001/d1/397/AUTH_f8ef0e5143814014ad2a4dffe22f1919/gnocchi.ce919734-ca5c-4fdc-bfa9-c186a9bbae3f" "tx785500f95f59429db9e92-006980905b" "container-server 23" 0.0067 "-" 19 0
Feb 2 11:54:03 standalone container-server[122746]: 172.20.0.100 - - [02/Feb/2026:11:54:03 +0000] "PUT /d1/397/AUTH_f8ef0e5143814014ad2a4dffe22f1919/gnocchi.ce919734-ca5c-4fdc-bfa9-c186a9bbae3f" 201 - "PUT http://localhost:8080/v1/AUTH_f8ef0e5143814014ad2a4dffe22f1919/gnocchi.ce919734-ca5c-4fdc-bfa9-c186a9bbae3f" "tx785500f95f59429db9e92-006980905b" "proxy-server 21" 0.0214 "-" 23 0
Feb 2 11:54:03 standalone proxy-server[124826]: 172.18.0.2 ::1 02/Feb/2026/11/54/03 PUT /v1/AUTH_f8ef0e5143814014ad2a4dffe22f1919/gnocchi.ce919734-ca5c-4fdc-bfa9-c186a9bbae3f HTTP/1.0 201 - python-swiftclient-3.11.1 gAAAAABpgI99qtAZ... - - - tx785500f95f59429db9e92-006980905b - 0.0292 - - 1770033243.307160139 1770033243.336395025 0
Feb 2 11:54:03 standalone container-server[122744]: 172.20.0.100 - - [02/Feb/2026:11:54:03 +0000] "HEAD /d1/397/AUTH_f8ef0e5143814014ad2a4dffe22f1919/gnocchi.ce919734-ca5c-4fdc-bfa9-c186a9bbae3f" 204 - "HEAD http://localhost:8080/v1/AUTH_f8ef0e5143814014ad2a4dffe22f1919/gnocchi.ce919734-ca5c-4fdc-bfa9-c186a9bbae3f?format=json&states=listing" "txfd7017b3b62a45da953bd-006980905b" "proxy-server 21" 0.0021 "-" 22 0
Feb 2 11:54:03 standalone proxy-server[124826]: - - 02/Feb/2026/11/54/03 HEAD /v1/AUTH_f8ef0e5143814014ad2a4dffe22f1919/gnocchi.ce919734-ca5c-4fdc-bfa9-c186a9bbae3f%3Fformat%3Djson%26states%3Dlisting HTTP/1.0 204 - Swift - - - - txfd7017b3b62a45da953bd-006980905b - 0.0092 RL - 1770033243.344157934 1770033243.353323936 0
Feb 2 11:54:03 standalone container-server[122746]: 172.20.0.100 - - [02/Feb/2026:11:54:03 +0000] "GET /d1/397/AUTH_f8ef0e5143814014ad2a4dffe22f1919/gnocchi.ce919734-ca5c-4fdc-bfa9-c186a9bbae3f" 200 2 "GET http://localhost:8080/v1/AUTH_f8ef0e5143814014ad2a4dffe22f1919/gnocchi.ce919734-ca5c-4fdc-bfa9-c186a9bbae3f?format=json&states=listing" "txfd7017b3b62a45da953bd-006980905b" "proxy-server 21" 0.0031 "-" 23 0
Feb 2 11:54:03 standalone proxy-server[124826]: 172.18.0.2 ::1 02/Feb/2026/11/54/03 GET /v1/AUTH_f8ef0e5143814014ad2a4dffe22f1919/gnocchi.ce919734-ca5c-4fdc-bfa9-c186a9bbae3f%3Fformat%3Djson%26states%3Dlisting HTTP/1.0 200 - python-swiftclient-3.11.1 gAAAAABpgI99qtAZ... - 2 - txfd7017b3b62a45da953bd-006980905b - 0.0225 - - 1770033243.342025757 1770033243.364555836 0
Feb 2 11:54:03 standalone object-server[122950]: 172.20.0.100 - - [02/Feb/2026:11:54:03 +0000] "GET /d1/592/AUTH_f8ef0e5143814014ad2a4dffe22f1919/gnocchi.ce919734-ca5c-4fdc-bfa9-c186a9bbae3f/1769040000.0_mean_300.0_v3" 404 70 "GET http://localhost:8080/v1/AUTH_f8ef0e5143814014ad2a4dffe22f1919/gnocchi.ce919734-ca5c-4fdc-bfa9-c186a9bbae3f/1769040000.0_mean_300.0_v3" "tx40892cf9898d45e2b6cf9-006980905b" "proxy-server 21" 0.0005 "-" 24 0
Feb 2 11:54:03 standalone proxy-server[124826]: 172.18.0.2 ::1 02/Feb/2026/11/54/03 GET /v1/AUTH_f8ef0e5143814014ad2a4dffe22f1919/gnocchi.ce919734-ca5c-4fdc-bfa9-c186a9bbae3f/1769040000.0_mean_300.0_v3 HTTP/1.0 404 - python-swiftclient-3.11.1 gAAAAABpgI99qtAZ... - 70 - tx40892cf9898d45e2b6cf9-006980905b - 0.0075 - - 1770033243.369884253 1770033243.377399206 0
Feb 2 11:54:03 standalone container-server[122731]: 172.20.0.100 - - [02/Feb/2026:11:54:03 +0000] "PUT /d1/397/AUTH_f8ef0e5143814014ad2a4dffe22f1919/gnocchi.ce919734-ca5c-4fdc-bfa9-c186a9bbae3f/1769040000.0_mean_300.0_v3" 201 - "PUT http://localhost:8080/d1/592/AUTH_f8ef0e5143814014ad2a4dffe22f1919/gnocchi.ce919734-ca5c-4fdc-bfa9-c186a9bbae3f/1769040000.0_mean_300.0_v3" "txdeec528140314e4797607-006980905b" "object-server 22" 0.0008 "-" 21 0
Feb 2 11:54:03 standalone object-server[122948]: 172.20.0.100 - - [02/Feb/2026:11:54:03 +0000] "PUT /d1/592/AUTH_f8ef0e5143814014ad2a4dffe22f1919/gnocchi.ce919734-ca5c-4fdc-bfa9-c186a9bbae3f/1769040000.0_mean_300.0_v3" 201 - "PUT http://localhost:8080/v1/AUTH_f8ef0e5143814014ad2a4dffe22f1919/gnocchi.ce919734-ca5c-4fdc-bfa9-c186a9bbae3f/1769040000.0_mean_300.0_v3" "txdeec528140314e4797607-006980905b" "proxy-server 21" 0.0124 "-" 22 0
Feb 2 11:54:03 standalone proxy-server[124826]: 172.18.0.2 ::1 02/Feb/2026/11/54/03 PUT /v1/AUTH_f8ef0e5143814014ad2a4dffe22f1919/gnocchi.ce919734-ca5c-4fdc-bfa9-c186a9bbae3f/1769040000.0_mean_300.0_v3 HTTP/1.0 201 - python-swiftclient-3.11.1 gAAAAABpgI99qtAZ... 16 - - txdeec528140314e4797607-006980905b - 0.0200 - - 1770033243.382509470 1770033243.402483940 0
Feb 2 11:54:03 standalone container-server[122746]: 172.20.0.100 - - [02/Feb/2026:11:54:03 +0000] "PUT /d1/397/AUTH_f8ef0e5143814014ad2a4dffe22f1919/gnocchi.ce919734-ca5c-4fdc-bfa9-c186a9bbae3f/none_v3" 201 - "PUT http://localhost:8080/d1/801/AUTH_f8ef0e5143814014ad2a4dffe22f1919/gnocchi.ce919734-ca5c-4fdc-bfa9-c186a9bbae3f/none_v3" "tx60f6da64db194033a1fc4-006980905b" "object-server 23" 0.0008 "-" 23 0
Feb 2 11:54:03 standalone object-server[122949]: 172.20.0.100 - - [02/Feb/2026:11:54:03 +0000] "PUT /d1/801/AUTH_f8ef0e5143814014ad2a4dffe22f1919/gnocchi.ce919734-ca5c-4fdc-bfa9-c186a9bbae3f/none_v3" 201 - "PUT http://localhost:8080/v1/AUTH_f8ef0e5143814014ad2a4dffe22f1919/gnocchi.ce919734-ca5c-4fdc-bfa9-c186a9bbae3f/none_v3" "tx60f6da64db194033a1fc4-006980905b" "proxy-server 21" 0.0113 "-" 23 0
Feb 2 11:54:03 standalone proxy-server[124826]: 172.18.0.2 ::1 02/Feb/2026/11/54/03 PUT /v1/AUTH_f8ef0e5143814014ad2a4dffe22f1919/gnocchi.ce919734-ca5c-4fdc-bfa9-c186a9bbae3f/none_v3 HTTP/1.0 201 - python-swiftclient-3.11.1 gAAAAABpgI99qtAZ... 22 - - tx60f6da64db194033a1fc4-006980905b - 0.0189 - - 1770033243.406764746 1770033243.425633907 0
Feb 2 11:54:03 standalone container-server[122746]: 172.20.0.100 - - [02/Feb/2026:11:54:03 +0000] "HEAD /d1/734/AUTH_f8ef0e5143814014ad2a4dffe22f1919/gnocchi.a782a0ba-ae5c-45c3-ada0-abce4a603b48" 404 - "HEAD http://localhost:8080/v1/AUTH_f8ef0e5143814014ad2a4dffe22f1919/gnocchi.a782a0ba-ae5c-45c3-ada0-abce4a603b48?format=json&states=listing" "tx29e7adce6c664538ac035-006980905b" "proxy-server 21" 0.0005 "-" 23 0
Feb 2 11:54:03 standalone object-server[122950]: 172.20.0.100 - - [02/Feb/2026:11:54:03 +0000] "GET /d1/764/AUTH_f8ef0e5143814014ad2a4dffe22f1919/gnocchi.a782a0ba-ae5c-45c3-ada0-abce4a603b48/none_v3" 404 70 "GET http://localhost:8080/v1/AUTH_f8ef0e5143814014ad2a4dffe22f1919/gnocchi.a782a0ba-ae5c-45c3-ada0-abce4a603b48/none_v3" "tx29e7adce6c664538ac035-006980905b" "proxy-server 21" 0.0005 "-" 24 0
Feb 2 11:54:03 standalone proxy-server[124826]: 172.18.0.2 ::1 02/Feb/2026/11/54/03 GET /v1/AUTH_f8ef0e5143814014ad2a4dffe22f1919/gnocchi.a782a0ba-ae5c-45c3-ada0-abce4a603b48/none_v3 HTTP/1.0 404 - python-swiftclient-3.11.1 gAAAAABpgI99qtAZ... - 70 - tx29e7adce6c664538ac035-006980905b - 0.0124 - - 1770033243.440319777 1770033243.452750444 0
Feb 2 11:54:03 standalone account-server[122647]: 172.20.0.100 - - [02/Feb/2026:11:54:03 +0000] "PUT /d1/288/AUTH_f8ef0e5143814014ad2a4dffe22f1919/gnocchi.a782a0ba-ae5c-45c3-ada0-abce4a603b48" 201 - "PUT http://172.20.0.100:6001/d1/734/AUTH_f8ef0e5143814014ad2a4dffe22f1919/gnocchi.a782a0ba-ae5c-45c3-ada0-abce4a603b48" "txf597dfc268f24ff0a6094-006980905b" "container-server 21" 0.0057 "-" 14 0
Feb 2 11:54:03 standalone container-server[122731]: 172.20.0.100 - - [02/Feb/2026:11:54:03 +0000] "PUT /d1/734/AUTH_f8ef0e5143814014ad2a4dffe22f1919/gnocchi.a782a0ba-ae5c-45c3-ada0-abce4a603b48" 201 - "PUT http://localhost:8080/v1/AUTH_f8ef0e5143814014ad2a4dffe22f1919/gnocchi.a782a0ba-ae5c-45c3-ada0-abce4a603b48" "txf597dfc268f24ff0a6094-006980905b" "proxy-server 21" 0.0214 "-" 21 0
Feb 2 11:54:03 standalone proxy-server[124826]: 172.18.0.2 ::1 02/Feb/2026/11/54/03 PUT /v1/AUTH_f8ef0e5143814014ad2a4dffe22f1919/gnocchi.a782a0ba-ae5c-45c3-ada0-abce4a603b48 HTTP/1.0 201 - python-swiftclient-3.11.1 gAAAAABpgI99qtAZ... - - - txf597dfc268f24ff0a6094-006980905b - 0.0276 - - 1770033243.456908226 1770033243.484470844 0
Feb 2 11:54:03 standalone container-server[122731]: 172.20.0.100 - - [02/Feb/2026:11:54:03 +0000] "HEAD /d1/734/AUTH_f8ef0e5143814014ad2a4dffe22f1919/gnocchi.a782a0ba-ae5c-45c3-ada0-abce4a603b48" 204 - "HEAD http://localhost:8080/v1/AUTH_f8ef0e5143814014ad2a4dffe22f1919/gnocchi.a782a0ba-ae5c-45c3-ada0-abce4a603b48?format=json&states=listing" "txe0e38f3f88ad47de975eb-006980905b" "proxy-server 21" 0.0018 "-" 21 0
Feb 2 11:54:03 standalone proxy-server[124826]: - - 02/Feb/2026/11/54/03 HEAD /v1/AUTH_f8ef0e5143814014ad2a4dffe22f1919/gnocchi.a782a0ba-ae5c-45c3-ada0-abce4a603b48%3Fformat%3Djson%26states%3Dlisting HTTP/1.0 204 - Swift - - - - txe0e38f3f88ad47de975eb-006980905b - 0.0059 RL - 1770033243.491719007 1770033243.497582197 0
Feb 2 11:54:03 standalone container-server[122731]: 172.20.0.100 - - [02/Feb/2026:11:54:03 +0000] "GET /d1/734/AUTH_f8ef0e5143814014ad2a4dffe22f1919/gnocchi.a782a0ba-ae5c-45c3-ada0-abce4a603b48" 200 2 "GET http://localhost:8080/v1/AUTH_f8ef0e5143814014ad2a4dffe22f1919/gnocchi.a782a0ba-ae5c-45c3-ada0-abce4a603b48?format=json&states=listing" "txe0e38f3f88ad47de975eb-006980905b" "proxy-server 21" 0.0031 "-" 21 0
Feb 2 11:54:03 standalone proxy-server[124826]: 172.18.0.2 ::1 02/Feb/2026/11/54/03 GET /v1/AUTH_f8ef0e5143814014ad2a4dffe22f1919/gnocchi.a782a0ba-ae5c-45c3-ada0-abce4a603b48%3Fformat%3Djson%26states%3Dlisting HTTP/1.0 200 - python-swiftclient-3.11.1 gAAAAABpgI99qtAZ... - 2 - txe0e38f3f88ad47de975eb-006980905b - 0.0180 - - 1770033243.490226269 1770033243.508179665 0
Feb 2 11:54:03 standalone object-server[122950]: 172.20.0.100 - - [02/Feb/2026:11:54:03 +0000] "GET /d1/992/AUTH_f8ef0e5143814014ad2a4dffe22f1919/gnocchi.a782a0ba-ae5c-45c3-ada0-abce4a603b48/1769040000.0_mean_300.0_v3" 404 70 "GET http://localhost:8080/v1/AUTH_f8ef0e5143814014ad2a4dffe22f1919/gnocchi.a782a0ba-ae5c-45c3-ada0-abce4a603b48/1769040000.0_mean_300.0_v3" "tx690cff03538f4803b60e1-006980905b" "proxy-server 21" 0.0004 "-" 24 0
Feb 2 11:54:03 standalone proxy-server[124826]: 172.18.0.2 ::1 02/Feb/2026/11/54/03 GET /v1/AUTH_f8ef0e5143814014ad2a4dffe22f1919/gnocchi.a782a0ba-ae5c-45c3-ada0-abce4a603b48/1769040000.0_mean_300.0_v3 HTTP/1.0 404 - python-swiftclient-3.11.1 gAAAAABpgI99qtAZ... - 70 - tx690cff03538f4803b60e1-006980905b - 0.0087 - - 1770033243.514481783 1770033243.523183346 0
Feb 2 11:54:03 standalone container-server[122730]: 172.20.0.100 - - [02/Feb/2026:11:54:03 +0000] "PUT /d1/734/AUTH_f8ef0e5143814014ad2a4dffe22f1919/gnocchi.a782a0ba-ae5c-45c3-ada0-abce4a603b48/1769040000.0_mean_300.0_v3" 201 - "PUT http://localhost:8080/d1/992/AUTH_f8ef0e5143814014ad2a4dffe22f1919/gnocchi.a782a0ba-ae5c-45c3-ada0-abce4a603b48/1769040000.0_mean_300.0_v3" "tx21a7459c3f2e41729f57c-006980905b" "object-server 24" 0.0008 "-" 20 0
Feb 2 11:54:03 standalone object-server[122950]: 172.20.0.100 - - [02/Feb/2026:11:54:03 +0000] "PUT /d1/992/AUTH_f8ef0e5143814014ad2a4dffe22f1919/gnocchi.a782a0ba-ae5c-45c3-ada0-abce4a603b48/1769040000.0_mean_300.0_v3" 201 - "PUT http://localhost:8080/v1/AUTH_f8ef0e5143814014ad2a4dffe22f1919/gnocchi.a782a0ba-ae5c-45c3-ada0-abce4a603b48/1769040000.0_mean_300.0_v3" "tx21a7459c3f2e41729f57c-006980905b" "proxy-server 21" 0.0112 "-" 24 0
Feb 2 11:54:03 standalone proxy-server[124826]: 172.18.0.2 ::1 02/Feb/2026/11/54/03 PUT /v1/AUTH_f8ef0e5143814014ad2a4dffe22f1919/gnocchi.a782a0ba-ae5c-45c3-ada0-abce4a603b48/1769040000.0_mean_300.0_v3 HTTP/1.0 201 - python-swiftclient-3.11.1 gAAAAABpgI99qtAZ... 16 - - tx21a7459c3f2e41729f57c-006980905b - 0.0189 - - 1770033243.527845860 1770033243.546790123 0
Feb 2 11:54:03 standalone container-server[122731]: 172.20.0.100 - - [02/Feb/2026:11:54:03 +0000] "PUT /d1/734/AUTH_f8ef0e5143814014ad2a4dffe22f1919/gnocchi.a782a0ba-ae5c-45c3-ada0-abce4a603b48/none_v3" 201 - "PUT http://localhost:8080/d1/764/AUTH_f8ef0e5143814014ad2a4dffe22f1919/gnocchi.a782a0ba-ae5c-45c3-ada0-abce4a603b48/none_v3" "tx4aefec87b00949d8bdc84-006980905b" "object-server 24" 0.0006 "-" 21 0
Feb 2 11:54:03 standalone object-server[122950]: 172.20.0.100 - - [02/Feb/2026:11:54:03 +0000] "PUT /d1/764/AUTH_f8ef0e5143814014ad2a4dffe22f1919/gnocchi.a782a0ba-ae5c-45c3-ada0-abce4a603b48/none_v3" 201 - "PUT http://localhost:8080/v1/AUTH_f8ef0e5143814014ad2a4dffe22f1919/gnocchi.a782a0ba-ae5c-45c3-ada0-abce4a603b48/none_v3" "tx4aefec87b00949d8bdc84-006980905b" "proxy-server 21" 0.0107 "-" 24 0
Feb 2 11:54:03 standalone proxy-server[124826]: 172.18.0.2 ::1 02/Feb/2026/11/54/03 PUT /v1/AUTH_f8ef0e5143814014ad2a4dffe22f1919/gnocchi.a782a0ba-ae5c-45c3-ada0-abce4a603b48/none_v3 HTTP/1.0 201 - python-swiftclient-3.11.1 gAAAAABpgI99qtAZ... 22 - - tx4aefec87b00949d8bdc84-006980905b - 0.0184 - - 1770033243.550930738 1770033243.569313288 0
Feb 2 11:55:07 standalone account-server[122647]: 172.20.0.100 - - [02/Feb/2026:11:55:07 +0000] "HEAD /d1/289/.expiring_objects" 404 - "HEAD http://localhost/v1/.expiring_objects?format=json" "tx2bd5e27e0e614a77ad3ac-006980909b" "proxy-server 2" 0.0014 "-" 14 -
Feb 2 11:55:07 standalone object-expirer[122692]: Pass completed in 0s; 0 objects expired (txn: tx2bd5e27e0e614a77ad3ac-006980909b)
Feb 2 11:56:51 standalone container-server[122635]: Begin container update sweep
Feb 2 11:56:51 standalone account-server[122657]: 172.20.0.100 - - [02/Feb/2026:11:56:51 +0000] "PUT /d1/288/AUTH_f8ef0e5143814014ad2a4dffe22f1919/gnocchi.ce919734-ca5c-4fdc-bfa9-c186a9bbae3f" 201 - "-" "-" "container-updater 2" 0.0012 "-" 19 0
Feb 2 11:56:51 standalone account-server[122647]: 172.20.0.100 - - [02/Feb/2026:11:56:51 +0000] "PUT /d1/288/AUTH_f8ef0e5143814014ad2a4dffe22f1919/gnocchi.8667c4b8-37c0-4d86-9712-d3f43881ec9c" 201 - "-" "-" "container-updater 2" 0.0006 "-" 14 0
Feb 2 11:56:51 standalone account-server[122665]: 172.20.0.100 - - [02/Feb/2026:11:56:51 +0000] "PUT /d1/288/AUTH_f8ef0e5143814014ad2a4dffe22f1919/gnocchi.d82e52ba-facc-41b0-afd3-ca9913c31c27" 201 - "-" "-" "container-updater 2" 0.0005 "-" 22 0
Feb 2 11:56:51 standalone account-server[122665]: 172.20.0.100 - - [02/Feb/2026:11:56:51 +0000] "PUT /d1/288/AUTH_f8ef0e5143814014ad2a4dffe22f1919/gnocchi.ba9eb649-a7b2-4bcb-aa9c-64acf9643296" 201 - "-" "-" "container-updater 2" 0.0003 "-" 22 0
Feb 2 11:56:51 standalone account-server[122650]: 172.20.0.100 - - [02/Feb/2026:11:56:51 +0000] "PUT /d1/288/AUTH_f8ef0e5143814014ad2a4dffe22f1919/gnocchi.48793ac3-07fd-48fc-9ebc-1f4a448bb03c" 201 - "-" "-" "container-updater 2" 0.0005 "-" 15 0
Feb 2 11:56:51 standalone account-server[122665]: 172.20.0.100 - - [02/Feb/2026:11:56:51 +0000] "PUT /d1/288/AUTH_f8ef0e5143814014ad2a4dffe22f1919/gnocchi.1969d257-6f87-41e1-ae41-af94eae9b65b" 201 - "-" "-" "container-updater 2" 0.0004 "-" 22 0
Feb 2 11:56:51 standalone account-server[122665]: 172.20.0.100 - - [02/Feb/2026:11:56:51 +0000] "PUT /d1/288/AUTH_f8ef0e5143814014ad2a4dffe22f1919/gnocchi.9cbe167d-dcf7-4329-9118-642652cc2576" 201 - "-" "-" "container-updater 2" 0.0004 "-" 22 0
Feb 2 11:56:51 standalone account-server[122650]: 172.20.0.100 - - [02/Feb/2026:11:56:51 +0000] "PUT /d1/288/AUTH_f8ef0e5143814014ad2a4dffe22f1919/gnocchi.b617326b-4b29-4fa9-9b67-9e3eb4997ff1" 201 - "-" "-" "container-updater 2" 0.0006 "-" 15 0
Feb 2 11:56:52 standalone account-server[122647]: 172.20.0.100 - - [02/Feb/2026:11:56:52 +0000] "PUT /d1/288/AUTH_f8ef0e5143814014ad2a4dffe22f1919/gnocchi.4e654ab5-9c99-4549-87ca-2808d968ef5e" 201 - "-" "-" "container-updater 2" 0.0006 "-" 14 0
Feb 2 11:56:52 standalone account-server[122647]: 172.20.0.100 - - [02/Feb/2026:11:56:52 +0000] "PUT /d1/288/AUTH_f8ef0e5143814014ad2a4dffe22f1919/gnocchi.73eadf86-0622-4995-bbc2-299ed804b3fd" 201 - "-" "-" "container-updater 2" 0.0004 "-" 14 0
Feb 2 11:56:52 standalone account-server[122650]: 172.20.0.100 - - [02/Feb/2026:11:56:52 +0000] "PUT /d1/288/AUTH_f8ef0e5143814014ad2a4dffe22f1919/gnocchi.2be63953-658b-4e9f-a4e4-0fe9de3f7274" 201 - "-" "-" "container-updater 2" 0.0007 "-" 15 0
Feb 2 11:56:52 standalone account-server[122647]: 172.20.0.100 - - [02/Feb/2026:11:56:52 +0000] "PUT /d1/288/AUTH_f8ef0e5143814014ad2a4dffe22f1919/gnocchi.a782a0ba-ae5c-45c3-ada0-abce4a603b48" 201 - "-" "-" "container-updater 2" 0.0006 "-" 14 0
Feb 2 11:56:52 standalone account-server[122647]: 172.20.0.100 - - [02/Feb/2026:11:56:52 +0000] "PUT /d1/288/AUTH_f8ef0e5143814014ad2a4dffe22f1919/gnocchi.230299d8-fed9-47ff-8e9c-b39ecdd75c80" 201 - "-" "-" "container-updater 2" 0.0006 "-" 14 0
Feb 2 11:56:52 standalone account-server[122657]: 172.20.0.100 - - [02/Feb/2026:11:56:52 +0000] "PUT /d1/288/AUTH_f8ef0e5143814014ad2a4dffe22f1919/gnocchi.abfc2c48-4eb4-439e-bed5-a08a630fa4a0" 201 - "-" "-" "container-updater 2" 0.0006 "-" 19 0
Feb 2 11:56:52 standalone container-server[122635]: Container update sweep completed: 1.86s
Feb 2 11:58:40 standalone account-server[122650]: 172.20.0.100 - - [02/Feb/2026:11:58:40 +0000] "HEAD /d1/289/.expiring_objects" 404 - "HEAD http://localhost/v1/.expiring_objects?format=json" "txeedb79d890c84f029f9bb-0069809170" "proxy-server 2" 0.0006 "-" 15 -
Feb 2 11:58:40 standalone object-expirer[122692]: Pass completed in 0s; 0 objects expired (txn: txeedb79d890c84f029f9bb-0069809170)
Feb 2 11:58:44 standalone object-server[122878]: Begin object update sweep
Feb 2 11:58:44 standalone object-server[256539]: Object update sweep starting on /srv/node/d1 (pid: 15)
Feb 2 11:58:44 standalone object-server[256539]: Object update sweep completed on /srv/node/d1 in 0.00s seconds:, 0 successes, 0 failures, 0 quarantines, 0 unlinks, 0 errors, 0 redirects (pid: 15)
Feb 2 11:58:44 standalone object-server[256539]: Object update sweep of d1 completed: 0.00s, 0 successes, 0 failures, 0 quarantines, 0 unlinks, 0 errors, 0 redirects
Feb 2 11:58:44 standalone object-server[122878]: Object update sweep completed: 0.08s
Feb 2 12:01:51 standalone container-server[122635]: Begin container update sweep
Feb 2 12:01:52 standalone container-server[122635]: Container update sweep completed: 1.60s
Feb 2 12:02:52 standalone account-server[122650]: 172.20.0.100 - - [02/Feb/2026:12:02:52 +0000] "HEAD /d1/289/.expiring_objects" 404 - "HEAD http://localhost/v1/.expiring_objects?format=json" "txab803cdc81af4e8f84764-006980926c" "proxy-server 2" 0.0008 "-" 15 -
Feb 2 12:02:52 standalone object-expirer[122692]: Pass completed in 0s; 0 objects expired (txn: txab803cdc81af4e8f84764-006980926c)
Feb 2 12:03:44 standalone object-server[122878]: Begin object update sweep
Feb 2 12:03:44 standalone object-server[277625]: Object update sweep starting on /srv/node/d1 (pid: 16)
Feb 2 12:03:44 standalone object-server[277625]: Object update sweep completed on /srv/node/d1 in 0.00s seconds:, 0 successes, 0 failures, 0 quarantines, 0 unlinks, 0 errors, 0 redirects (pid: 16)
Feb 2 12:03:44 standalone object-server[277625]: Object update sweep of d1 completed: 0.00s, 0 successes, 0 failures, 0 quarantines, 0 unlinks, 0 errors, 0 redirects
Feb 2 12:03:44 standalone object-server[122878]: Object update sweep completed: 0.08s
Feb 2 12:03:58 standalone account-server[122647]: 172.20.0.31 - - [02/Feb/2026:12:03:58 +0000] "HEAD /d1/540/AUTH_ce384b3cf2904331b88c40409f46108f" 404 - "HEAD http://swift-public-openstack.apps-crc.testing/v1/AUTH_ce384b3cf2904331b88c40409f46108f?format=json" "tx29ad0feabb5e416e85d62-00698092ae" "proxy-server 6" 0.0009 "-" 14 -
Feb 2 12:03:59 standalone account-server[122650]: 172.20.0.31 - - [02/Feb/2026:12:03:59 +0000] "GET /d1/540/AUTH_ce384b3cf2904331b88c40409f46108f" 404 - "GET http://swift-public-openstack.apps-crc.testing/v1/AUTH_ce384b3cf2904331b88c40409f46108f?format=json" "tx29ad0feabb5e416e85d62-00698092ae" "proxy-server 6" 0.0005 "-" 15 -
Feb 2 12:05:43 standalone account-server[122647]: 172.20.0.100 - - [02/Feb/2026:12:05:43 +0000] "HEAD /d1/289/.expiring_objects" 404 - "HEAD http://localhost/v1/.expiring_objects?format=json" "txe1665bf8426448149ef4f-0069809317" "proxy-server 2" 0.0008 "-" 14 -
Feb 2 12:05:43 standalone object-expirer[122692]: Pass completed in 0s; 0 objects expired (txn: txe1665bf8426448149ef4f-0069809317)
Feb 2 12:05:48 standalone account-server[122647]: 172.20.0.100 - - [02/Feb/2026:12:05:48 +0000] "HEAD /d1/289/.expiring_objects" 404 - "HEAD http://localhost/v1/.expiring_objects?format=json" "tx977addc8ee61457cacbb4-006980931c" "proxy-server 2" 0.0004 "-" 14 -
Feb 2 12:05:48 standalone object-expirer[122692]: Pass completed in 0s; 0 objects expired (txn: tx977addc8ee61457cacbb4-006980931c)
Feb 2 12:06:29 standalone account-server[122650]: 172.20.0.100 - - [02/Feb/2026:12:06:29 +0000] "HEAD /d1/289/.expiring_objects" 404 - "HEAD http://localhost/v1/.expiring_objects?format=json" "tx27234176003848ba9a106-0069809345" "proxy-server 2" 0.0007 "-" 15 -
Feb 2 12:06:29 standalone object-expirer[122692]: Pass completed in 0s; 0 objects expired (txn: tx27234176003848ba9a106-0069809345)
Feb 2 12:06:51 standalone container-server[122635]: Begin container update sweep
Feb 2 12:06:52 standalone container-server[122635]: Container update sweep completed: 1.76s
Feb 2 12:07:27 standalone account-server[122665]: 172.20.0.100 - - [02/Feb/2026:12:07:27 +0000] "HEAD /d1/289/.expiring_objects" 404 - "HEAD http://localhost/v1/.expiring_objects?format=json" "tx1b93aa2a0a6b4d48a7170-006980937f" "proxy-server 2" 0.0008 "-" 22 -
Feb 2 12:07:27 standalone object-expirer[122692]: Pass completed in 0s; 0 objects expired (txn: tx1b93aa2a0a6b4d48a7170-006980937f)
Feb 2 12:08:15 standalone account-server[122650]: 172.20.0.100 - - [02/Feb/2026:12:08:15 +0000] "HEAD /d1/289/.expiring_objects" 404 - "HEAD http://localhost/v1/.expiring_objects?format=json" "txeecea0e7623c43e9a42d4-00698093af" "proxy-server 2" 0.0009 "-" 15 -
Feb 2 12:08:15 standalone object-expirer[122692]: Pass completed in 0s; 0 objects expired (txn: txeecea0e7623c43e9a42d4-00698093af)
Feb 2 12:08:44 standalone object-server[122878]: Begin object update sweep
Feb 2 12:08:44 standalone object-server[297945]: Object update sweep starting on /srv/node/d1 (pid: 17)
Feb 2 12:08:44 standalone object-server[297945]: Object update sweep completed on /srv/node/d1 in 0.00s seconds:, 0 successes, 0 failures, 0 quarantines, 0 unlinks, 0 errors, 0 redirects (pid: 17)
Feb 2 12:08:44 standalone object-server[297945]: Object update sweep of d1 completed: 0.00s, 0 successes, 0 failures, 0 quarantines, 0 unlinks, 0 errors, 0 redirects
Feb 2 12:08:44 standalone object-server[122878]: Object update sweep completed: 0.09s
Feb 2 12:09:53 standalone account-server[122657]: 172.20.0.100 - - [02/Feb/2026:12:09:53 +0000] "HEAD /d1/289/.expiring_objects" 404 - "HEAD http://localhost/v1/.expiring_objects?format=json" "tx5ed7bdec0d8746148b9e6-0069809411" "proxy-server 2" 0.0006 "-" 19 -
Feb 2 12:09:53 standalone object-expirer[122692]: Pass completed in 0s; 0 objects expired (txn: tx5ed7bdec0d8746148b9e6-0069809411)
Feb 2 12:10:42 standalone account-server[122665]: 172.20.0.31 - - [02/Feb/2026:12:10:42 +0000] "HEAD /d1/288/AUTH_f8ef0e5143814014ad2a4dffe22f1919" 204 - "HEAD http://swift-internal.openstack.svc:8080/v1/AUTH_f8ef0e5143814014ad2a4dffe22f1919?format=json" "tx7b9cb2e8154241fcbceda-0069809442" "proxy-server 13" 0.0145 "-" 22 -
Feb 2 12:10:43 standalone container-server[122730]: 172.20.0.31 - - [02/Feb/2026:12:10:43 +0000] "HEAD /d1/496/AUTH_f8ef0e5143814014ad2a4dffe22f1919/glance" 204 - "HEAD http://swift-internal.openstack.svc:8080/v1/AUTH_f8ef0e5143814014ad2a4dffe22f1919/glance?format=json&states=listing" "tx7b9cb2e8154241fcbceda-0069809442" "proxy-server 13" 0.0030 "-" 20 0
Feb 2 12:10:45 standalone container-server[122731]: 172.20.0.100 - - [02/Feb/2026:12:10:45 +0000] "PUT /d1/496/AUTH_f8ef0e5143814014ad2a4dffe22f1919/glance/869b1fb4-607b-4e50-aac7-5cb2d057066b-00001" 201 - "PUT http://swift-internal.openstack.svc:8080/d1/460/AUTH_f8ef0e5143814014ad2a4dffe22f1919/glance/869b1fb4-607b-4e50-aac7-5cb2d057066b-00001" "tx03b556e6f97845bf8bbce-0069809443" "object-server 22" 0.0007 "-" 21 0
Feb 2 12:10:45 standalone object-server[122948]: 172.20.0.31 - - [02/Feb/2026:12:10:45 +0000] "PUT /d1/460/AUTH_f8ef0e5143814014ad2a4dffe22f1919/glance/869b1fb4-607b-4e50-aac7-5cb2d057066b-00001" 201 - "PUT http://swift-internal.openstack.svc:8080/v1/AUTH_f8ef0e5143814014ad2a4dffe22f1919/glance/869b1fb4-607b-4e50-aac7-5cb2d057066b-00001" "tx03b556e6f97845bf8bbce-0069809443" "proxy-server 13" 2.4199 "-" 22 0
Feb 2 12:10:48 standalone container-server[122731]: 172.20.0.100 - - [02/Feb/2026:12:10:48 +0000] "PUT /d1/496/AUTH_f8ef0e5143814014ad2a4dffe22f1919/glance/869b1fb4-607b-4e50-aac7-5cb2d057066b-00002" 201 - "PUT http://swift-internal.openstack.svc:8080/d1/855/AUTH_f8ef0e5143814014ad2a4dffe22f1919/glance/869b1fb4-607b-4e50-aac7-5cb2d057066b-00002" "txdc386c4d1ca94ee58d70a-0069809446" "object-server 22" 0.0011 "-" 21 0
Feb 2 12:10:48 standalone object-server[122948]: 172.20.0.31 - - [02/Feb/2026:12:10:48 +0000] "PUT /d1/855/AUTH_f8ef0e5143814014ad2a4dffe22f1919/glance/869b1fb4-607b-4e50-aac7-5cb2d057066b-00002" 201 - "PUT http://swift-internal.openstack.svc:8080/v1/AUTH_f8ef0e5143814014ad2a4dffe22f1919/glance/869b1fb4-607b-4e50-aac7-5cb2d057066b-00002" "txdc386c4d1ca94ee58d70a-0069809446" "proxy-server 13" 2.2819 "-" 22 0
Feb 2 12:10:49 standalone container-server[122746]: 172.20.0.100 - - [02/Feb/2026:12:10:49 +0000] "PUT /d1/496/AUTH_f8ef0e5143814014ad2a4dffe22f1919/glance/869b1fb4-607b-4e50-aac7-5cb2d057066b-00003" 201 - "PUT http://swift-internal.openstack.svc:8080/d1/143/AUTH_f8ef0e5143814014ad2a4dffe22f1919/glance/869b1fb4-607b-4e50-aac7-5cb2d057066b-00003" "tx4223cc0f3cfa45fdb1d88-0069809448" "object-server 23" 0.0008 "-" 23 0
Feb 2 12:10:49 standalone object-server[122949]: 172.20.0.31 - - [02/Feb/2026:12:10:49 +0000] "PUT /d1/143/AUTH_f8ef0e5143814014ad2a4dffe22f1919/glance/869b1fb4-607b-4e50-aac7-5cb2d057066b-00003" 201 - "PUT http://swift-internal.openstack.svc:8080/v1/AUTH_f8ef0e5143814014ad2a4dffe22f1919/glance/869b1fb4-607b-4e50-aac7-5cb2d057066b-00003" "tx4223cc0f3cfa45fdb1d88-0069809448" "proxy-server 13" 1.3019 "-" 23 0
Feb 2 12:10:49 standalone container-server[122730]: 172.20.0.100 - - [02/Feb/2026:12:10:49 +0000] "PUT /d1/496/AUTH_f8ef0e5143814014ad2a4dffe22f1919/glance/869b1fb4-607b-4e50-aac7-5cb2d057066b" 201 - "PUT http://swift-internal.openstack.svc:8080/d1/924/AUTH_f8ef0e5143814014ad2a4dffe22f1919/glance/869b1fb4-607b-4e50-aac7-5cb2d057066b" "txeec6eadcd63f433499285-0069809449" "object-server 23" 0.0017 "-" 20 0
Feb 2 12:10:49 standalone object-server[122949]: 172.20.0.31 - - [02/Feb/2026:12:10:49 +0000] "PUT /d1/924/AUTH_f8ef0e5143814014ad2a4dffe22f1919/glance/869b1fb4-607b-4e50-aac7-5cb2d057066b" 201 - "PUT http://swift-internal.openstack.svc:8080/v1/AUTH_f8ef0e5143814014ad2a4dffe22f1919/glance/869b1fb4-607b-4e50-aac7-5cb2d057066b" "txeec6eadcd63f433499285-0069809449" "proxy-server 13" 0.0130 "-" 23 0
Feb 2 12:11:51 standalone container-server[122635]: Begin container update sweep
Feb 2 12:11:52 standalone account-server[122657]: 172.20.0.100 - - [02/Feb/2026:12:11:52 +0000] "PUT /d1/288/AUTH_f8ef0e5143814014ad2a4dffe22f1919/glance" 201 - "-" "-" "container-updater 2" 0.0016 "-" 19 0
Feb 2 12:11:52 standalone container-server[122635]: Container update sweep completed: 1.56s
Feb 2 12:13:02 standalone account-server[122650]: 172.20.0.100 - - [02/Feb/2026:12:13:02 +0000] "HEAD /d1/289/.expiring_objects" 404 - "HEAD http://localhost/v1/.expiring_objects?format=json" "tx7b34e1290ebf444ebb421-00698094ce" "proxy-server 2" 0.0008 "-" 15 -
Feb 2 12:13:02 standalone object-expirer[122692]: Pass completed in 0s; 0 objects expired (txn: tx7b34e1290ebf444ebb421-00698094ce)
Feb 2 12:13:40 standalone account-server[122647]: 172.20.0.100 - - [02/Feb/2026:12:13:40 +0000] "HEAD /d1/289/.expiring_objects" 404 - "HEAD http://localhost/v1/.expiring_objects?format=json" "txeff8458984d149619f816-00698094f4" "proxy-server 2" 0.0008 "-" 14 -
Feb 2 12:13:40 standalone object-expirer[122692]: Pass completed in 0s; 0 objects expired (txn: txeff8458984d149619f816-00698094f4)
Feb 2 12:13:44 standalone object-server[122878]: Begin object update sweep
Feb 2 12:13:44 standalone object-server[318345]: Object update sweep starting on /srv/node/d1 (pid: 18)
Feb 2 12:13:44 standalone object-server[318345]: Object update sweep completed on /srv/node/d1 in 0.00s seconds:, 0 successes, 0 failures, 0 quarantines, 0 unlinks, 0 errors, 0 redirects (pid: 18)
Feb 2 12:13:44 standalone object-server[318345]: Object update sweep of d1 completed: 0.00s, 0 successes, 0 failures, 0 quarantines, 0 unlinks, 0 errors, 0 redirects
Feb 2 12:13:44 standalone object-server[122878]: Object update sweep completed: 0.08s
Feb 2 12:14:48 standalone account-server[122650]: 172.20.0.100 - - [02/Feb/2026:12:14:48 +0000] "HEAD /d1/289/.expiring_objects" 404 - "HEAD http://localhost/v1/.expiring_objects?format=json" "txd2ef1e3f65234deaab518-0069809538" "proxy-server 2" 0.0008 "-" 15 -
Feb 2 12:14:48 standalone object-expirer[122692]: Pass completed in 0s; 0 objects expired (txn: txd2ef1e3f65234deaab518-0069809538)
Feb 2 12:16:11 standalone account-server[122647]: 172.20.0.31 - - [02/Feb/2026:12:16:11 +0000] "HEAD /d1/540/AUTH_ce384b3cf2904331b88c40409f46108f" 404 - "HEAD http://swift-internal.openstack.svc:8080/v1/AUTH_ce384b3cf2904331b88c40409f46108f?format=json" "tx4c71f6ecda0c4b109accd-006980958b" "proxy-server 9" 0.0008 "-" 14 -
Feb 2 12:16:11 standalone account-server[122650]: 172.20.0.31 - - [02/Feb/2026:12:16:11 +0000] "HEAD /d1/540/AUTH_ce384b3cf2904331b88c40409f46108f" 404 - "HEAD http://swift-internal.openstack.svc:8080/v1/AUTH_ce384b3cf2904331b88c40409f46108f?format=json" "tx4c71f6ecda0c4b109accd-006980958b" "proxy-server 9" 0.0005 "-" 15 -
