Nov 25 15:48:16 standalone object-server[128012]: 172.20.0.100 - - [25/Nov/2025:15:48:16 +0000] "GET /d1/327/AUTH_70c830e2e6e44c7fbd49e14db2a2eaea/gnocchi.1470e8b4-93a4-4137-ae08-b3f8049c7b6d/1763640000.0_mean_300.0_v3" 404 70 "GET http://172.18.0.2:8080/v1/AUTH_70c830e2e6e44c7fbd49e14db2a2eaea/gnocchi.1470e8b4-93a4-4137-ae08-b3f8049c7b6d/1763640000.0_mean_300.0_v3" "tx86d0eee6e58e42718b847-006925cfc0" "proxy-server 20" 0.0005 "-" 24 0
Nov 25 15:48:16 standalone proxy-server[129613]: 172.18.0.2 172.18.0.100 25/Nov/2025/15/48/16 GET /v1/AUTH_70c830e2e6e44c7fbd49e14db2a2eaea/gnocchi.1470e8b4-93a4-4137-ae08-b3f8049c7b6d/1763640000.0_mean_300.0_v3 HTTP/1.0 404 - python-swiftclient-3.11.1 gAAAAABpJc8CrfzC... - 70 - tx86d0eee6e58e42718b847-006925cfc0 - 0.0087 - - 1764085696.923136711 1764085696.931804419 0
Nov 25 15:48:16 standalone container-server[127718]: 172.20.0.100 - - [25/Nov/2025:15:48:16 +0000] "PUT /d1/933/AUTH_70c830e2e6e44c7fbd49e14db2a2eaea/gnocchi.1470e8b4-93a4-4137-ae08-b3f8049c7b6d/1763640000.0_mean_300.0_v3" 201 - "PUT http://172.18.0.2:8080/d1/327/AUTH_70c830e2e6e44c7fbd49e14db2a2eaea/gnocchi.1470e8b4-93a4-4137-ae08-b3f8049c7b6d/1763640000.0_mean_300.0_v3" "tx10f8f1b180ce4881a6fc6-006925cfc0" "object-server 22" 0.0015 "-" 15 0
Nov 25 15:48:16 standalone object-server[128010]: 172.20.0.100 - - [25/Nov/2025:15:48:16 +0000] "PUT /d1/327/AUTH_70c830e2e6e44c7fbd49e14db2a2eaea/gnocchi.1470e8b4-93a4-4137-ae08-b3f8049c7b6d/1763640000.0_mean_300.0_v3" 201 - "PUT http://172.18.0.2:8080/v1/AUTH_70c830e2e6e44c7fbd49e14db2a2eaea/gnocchi.1470e8b4-93a4-4137-ae08-b3f8049c7b6d/1763640000.0_mean_300.0_v3" "tx10f8f1b180ce4881a6fc6-006925cfc0" "proxy-server 20" 0.0126 "-" 22 0
Nov 25 15:48:16 standalone proxy-server[129613]: 172.18.0.2 172.18.0.100 25/Nov/2025/15/48/16 PUT /v1/AUTH_70c830e2e6e44c7fbd49e14db2a2eaea/gnocchi.1470e8b4-93a4-4137-ae08-b3f8049c7b6d/1763640000.0_mean_300.0_v3 HTTP/1.0 201 - python-swiftclient-3.11.1 gAAAAABpJc8CrfzC... 16 - - tx10f8f1b180ce4881a6fc6-006925cfc0 - 0.0208 - - 1764085696.935935020 1764085696.956733465 0
Nov 25 15:48:16 standalone container-server[127714]: 172.20.0.100 - - [25/Nov/2025:15:48:16 +0000] "PUT /d1/933/AUTH_70c830e2e6e44c7fbd49e14db2a2eaea/gnocchi.1470e8b4-93a4-4137-ae08-b3f8049c7b6d/none_v3" 201 - "PUT http://172.18.0.2:8080/d1/397/AUTH_70c830e2e6e44c7fbd49e14db2a2eaea/gnocchi.1470e8b4-93a4-4137-ae08-b3f8049c7b6d/none_v3" "txf510c176f6494034a4b36-006925cfc0" "object-server 25" 0.0007 "-" 14 0
Nov 25 15:48:16 standalone object-server[128013]: 172.20.0.100 - - [25/Nov/2025:15:48:16 +0000] "PUT /d1/397/AUTH_70c830e2e6e44c7fbd49e14db2a2eaea/gnocchi.1470e8b4-93a4-4137-ae08-b3f8049c7b6d/none_v3" 201 - "PUT http://172.18.0.2:8080/v1/AUTH_70c830e2e6e44c7fbd49e14db2a2eaea/gnocchi.1470e8b4-93a4-4137-ae08-b3f8049c7b6d/none_v3" "txf510c176f6494034a4b36-006925cfc0" "proxy-server 20" 0.0140 "-" 25 0
Nov 25 15:48:16 standalone proxy-server[129613]: 172.18.0.2 172.18.0.100 25/Nov/2025/15/48/16 PUT /v1/AUTH_70c830e2e6e44c7fbd49e14db2a2eaea/gnocchi.1470e8b4-93a4-4137-ae08-b3f8049c7b6d/none_v3 HTTP/1.0 201 - python-swiftclient-3.11.1 gAAAAABpJc8CrfzC... 22 - - txf510c176f6494034a4b36-006925cfc0 - 0.0212 - - 1764085696.960962772 1764085696.982201576 0
Nov 25 15:48:17 standalone container-server[127714]: 172.20.0.100 - - [25/Nov/2025:15:48:17 +0000] "HEAD /d1/902/AUTH_70c830e2e6e44c7fbd49e14db2a2eaea/gnocchi.ab41ce57-1ca4-49bc-926e-80caf76818f0" 404 - "HEAD http://172.18.0.2:8080/v1/AUTH_70c830e2e6e44c7fbd49e14db2a2eaea/gnocchi.ab41ce57-1ca4-49bc-926e-80caf76818f0?format=json&states=listing" "tx366900ec12f4493d95c5d-006925cfc0" "proxy-server 20" 0.0004 "-" 14 0
Nov 25 15:48:17 standalone object-server[128012]: 172.20.0.100 - - [25/Nov/2025:15:48:17 +0000] "GET /d1/410/AUTH_70c830e2e6e44c7fbd49e14db2a2eaea/gnocchi.ab41ce57-1ca4-49bc-926e-80caf76818f0/none_v3" 404 70 "GET http://172.18.0.2:8080/v1/AUTH_70c830e2e6e44c7fbd49e14db2a2eaea/gnocchi.ab41ce57-1ca4-49bc-926e-80caf76818f0/none_v3" "tx366900ec12f4493d95c5d-006925cfc0" "proxy-server 20" 0.0003 "-" 24 0
Nov 25 15:48:17 standalone proxy-server[129613]: 172.18.0.2 172.18.0.100 25/Nov/2025/15/48/17 GET /v1/AUTH_70c830e2e6e44c7fbd49e14db2a2eaea/gnocchi.ab41ce57-1ca4-49bc-926e-80caf76818f0/none_v3 HTTP/1.0 404 - python-swiftclient-3.11.1 gAAAAABpJc8CrfzC... - 70 - tx366900ec12f4493d95c5d-006925cfc0 - 0.0110 - - 1764085696.995868206 1764085697.006886005 0
Nov 25 15:48:17 standalone account-server[127576]: 172.20.0.100 - - [25/Nov/2025:15:48:17 +0000] "PUT /d1/632/AUTH_70c830e2e6e44c7fbd49e14db2a2eaea/gnocchi.ab41ce57-1ca4-49bc-926e-80caf76818f0" 201 - "PUT http://172.20.0.100:6001/d1/902/AUTH_70c830e2e6e44c7fbd49e14db2a2eaea/gnocchi.ab41ce57-1ca4-49bc-926e-80caf76818f0" "txb7c302aa17b34b07b0723-006925cfc1" "container-server 16" 0.0096 "-" 23 0
Nov 25 15:48:17 standalone container-server[127734]: 172.20.0.100 - - [25/Nov/2025:15:48:17 +0000] "PUT /d1/902/AUTH_70c830e2e6e44c7fbd49e14db2a2eaea/gnocchi.ab41ce57-1ca4-49bc-926e-80caf76818f0" 201 - "PUT http://172.18.0.2:8080/v1/AUTH_70c830e2e6e44c7fbd49e14db2a2eaea/gnocchi.ab41ce57-1ca4-49bc-926e-80caf76818f0" "txb7c302aa17b34b07b0723-006925cfc1" "proxy-server 20" 0.0263 "-" 16 0
Nov 25 15:48:17 standalone proxy-server[129613]: 172.18.0.2 172.18.0.100 25/Nov/2025/15/48/17 PUT /v1/AUTH_70c830e2e6e44c7fbd49e14db2a2eaea/gnocchi.ab41ce57-1ca4-49bc-926e-80caf76818f0 HTTP/1.0 201 - python-swiftclient-3.11.1 gAAAAABpJc8CrfzC... - - - txb7c302aa17b34b07b0723-006925cfc1 - 0.0324 - - 1764085697.010343790 1764085697.042790890 0
Nov 25 15:48:17 standalone container-server[127714]: 172.20.0.100 - - [25/Nov/2025:15:48:17 +0000] "HEAD /d1/902/AUTH_70c830e2e6e44c7fbd49e14db2a2eaea/gnocchi.ab41ce57-1ca4-49bc-926e-80caf76818f0" 204 - "HEAD http://172.18.0.2:8080/v1/AUTH_70c830e2e6e44c7fbd49e14db2a2eaea/gnocchi.ab41ce57-1ca4-49bc-926e-80caf76818f0?format=json&states=listing" "tx0013fcdfc3cc410db7b98-006925cfc1" "proxy-server 20" 0.0022 "-" 14 0
Nov 25 15:48:17 standalone proxy-server[129613]: - - 25/Nov/2025/15/48/17 HEAD /v1/AUTH_70c830e2e6e44c7fbd49e14db2a2eaea/gnocchi.ab41ce57-1ca4-49bc-926e-80caf76818f0%3Fformat%3Djson%26states%3Dlisting HTTP/1.0 204 - Swift - - - - tx0013fcdfc3cc410db7b98-006925cfc1 - 0.0070 RL - 1764085697.049519300 1764085697.056487322 0
Nov 25 15:48:17 standalone container-server[127734]: 172.20.0.100 - - [25/Nov/2025:15:48:17 +0000] "GET /d1/902/AUTH_70c830e2e6e44c7fbd49e14db2a2eaea/gnocchi.ab41ce57-1ca4-49bc-926e-80caf76818f0" 200 2 "GET http://172.18.0.2:8080/v1/AUTH_70c830e2e6e44c7fbd49e14db2a2eaea/gnocchi.ab41ce57-1ca4-49bc-926e-80caf76818f0?format=json&states=listing" "tx0013fcdfc3cc410db7b98-006925cfc1" "proxy-server 20" 0.0031 "-" 16 0
Nov 25 15:48:17 standalone proxy-server[129613]: 172.18.0.2 172.18.0.100 25/Nov/2025/15/48/17 GET /v1/AUTH_70c830e2e6e44c7fbd49e14db2a2eaea/gnocchi.ab41ce57-1ca4-49bc-926e-80caf76818f0%3Fformat%3Djson%26states%3Dlisting HTTP/1.0 200 - python-swiftclient-3.11.1 gAAAAABpJc8CrfzC... - 2 - tx0013fcdfc3cc410db7b98-006925cfc1 - 0.0178 - - 1764085697.047910213 1764085697.065706015 0
Nov 25 15:48:17 standalone object-server[128010]: 172.20.0.100 - - [25/Nov/2025:15:48:17 +0000] "GET /d1/499/AUTH_70c830e2e6e44c7fbd49e14db2a2eaea/gnocchi.ab41ce57-1ca4-49bc-926e-80caf76818f0/1763640000.0_mean_300.0_v3" 404 70 "GET http://172.18.0.2:8080/v1/AUTH_70c830e2e6e44c7fbd49e14db2a2eaea/gnocchi.ab41ce57-1ca4-49bc-926e-80caf76818f0/1763640000.0_mean_300.0_v3" "txb89fe02bb16c436fb98ec-006925cfc1" "proxy-server 20" 0.0005 "-" 22 0
Nov 25 15:48:17 standalone proxy-server[129613]: 172.18.0.2 172.18.0.100 25/Nov/2025/15/48/17 GET /v1/AUTH_70c830e2e6e44c7fbd49e14db2a2eaea/gnocchi.ab41ce57-1ca4-49bc-926e-80caf76818f0/1763640000.0_mean_300.0_v3 HTTP/1.0 404 - python-swiftclient-3.11.1 gAAAAABpJc8CrfzC... - 70 - txb89fe02bb16c436fb98ec-006925cfc1 - 0.0059 - - 1764085697.070177078 1764085697.076097965 0
Nov 25 15:48:17 standalone container-server[127745]: 172.20.0.100 - - [25/Nov/2025:15:48:17 +0000] "PUT /d1/902/AUTH_70c830e2e6e44c7fbd49e14db2a2eaea/gnocchi.ab41ce57-1ca4-49bc-926e-80caf76818f0/1763640000.0_mean_300.0_v3" 201 - "PUT http://172.18.0.2:8080/d1/499/AUTH_70c830e2e6e44c7fbd49e14db2a2eaea/gnocchi.ab41ce57-1ca4-49bc-926e-80caf76818f0/1763640000.0_mean_300.0_v3" "txb1b42076792142058b56b-006925cfc1" "object-server 25" 0.0005 "-" 17 0
Nov 25 15:48:17 standalone object-server[128013]: 172.20.0.100 - - [25/Nov/2025:15:48:17 +0000] "PUT /d1/499/AUTH_70c830e2e6e44c7fbd49e14db2a2eaea/gnocchi.ab41ce57-1ca4-49bc-926e-80caf76818f0/1763640000.0_mean_300.0_v3" 201 - "PUT http://172.18.0.2:8080/v1/AUTH_70c830e2e6e44c7fbd49e14db2a2eaea/gnocchi.ab41ce57-1ca4-49bc-926e-80caf76818f0/1763640000.0_mean_300.0_v3" "txb1b42076792142058b56b-006925cfc1" "proxy-server 20" 0.0083 "-" 25 0
Nov 25 15:48:17 standalone proxy-server[129613]: 172.18.0.2 172.18.0.100 25/Nov/2025/15/48/17 PUT /v1/AUTH_70c830e2e6e44c7fbd49e14db2a2eaea/gnocchi.ab41ce57-1ca4-49bc-926e-80caf76818f0/1763640000.0_mean_300.0_v3 HTTP/1.0 201 - python-swiftclient-3.11.1 gAAAAABpJc8CrfzC... 16 - - txb1b42076792142058b56b-006925cfc1 - 0.0134 - - 1764085697.079494953 1764085697.092926741 0
Nov 25 15:48:17 standalone container-server[127734]: 172.20.0.100 - - [25/Nov/2025:15:48:17 +0000] "PUT /d1/902/AUTH_70c830e2e6e44c7fbd49e14db2a2eaea/gnocchi.ab41ce57-1ca4-49bc-926e-80caf76818f0/none_v3" 201 - "PUT http://172.18.0.2:8080/d1/410/AUTH_70c830e2e6e44c7fbd49e14db2a2eaea/gnocchi.ab41ce57-1ca4-49bc-926e-80caf76818f0/none_v3" "txf77d8b610044477490714-006925cfc1" "object-server 24" 0.0003 "-" 16 0
Nov 25 15:48:17 standalone object-server[128012]: 172.20.0.100 - - [25/Nov/2025:15:48:17 +0000] "PUT /d1/410/AUTH_70c830e2e6e44c7fbd49e14db2a2eaea/gnocchi.ab41ce57-1ca4-49bc-926e-80caf76818f0/none_v3" 201 - "PUT http://172.18.0.2:8080/v1/AUTH_70c830e2e6e44c7fbd49e14db2a2eaea/gnocchi.ab41ce57-1ca4-49bc-926e-80caf76818f0/none_v3" "txf77d8b610044477490714-006925cfc1" "proxy-server 20" 0.0063 "-" 24 0
Nov 25 15:48:17 standalone proxy-server[129613]: 172.18.0.2 172.18.0.100 25/Nov/2025/15/48/17 PUT /v1/AUTH_70c830e2e6e44c7fbd49e14db2a2eaea/gnocchi.ab41ce57-1ca4-49bc-926e-80caf76818f0/none_v3 HTTP/1.0 201 - python-swiftclient-3.11.1 gAAAAABpJc8CrfzC... 22 - - txf77d8b610044477490714-006925cfc1 - 0.0109 - - 1764085697.096119642 1764085697.107041836 0
Nov 25 15:48:17 standalone container-server[127734]: 172.20.0.100 - - [25/Nov/2025:15:48:17 +0000] "HEAD /d1/740/AUTH_70c830e2e6e44c7fbd49e14db2a2eaea/gnocchi.0a3b4055-3631-4d60-a245-a9bfc0e6a3c7" 404 - "HEAD http://172.18.0.2:8080/v1/AUTH_70c830e2e6e44c7fbd49e14db2a2eaea/gnocchi.0a3b4055-3631-4d60-a245-a9bfc0e6a3c7?format=json&states=listing" "tx5f63a81a47cb4ea09e054-006925cfc1" "proxy-server 20" 0.0002 "-" 16 0
Nov 25 15:48:17 standalone object-server[128010]: 172.20.0.100 - - [25/Nov/2025:15:48:17 +0000] "GET /d1/963/AUTH_70c830e2e6e44c7fbd49e14db2a2eaea/gnocchi.0a3b4055-3631-4d60-a245-a9bfc0e6a3c7/none_v3" 404 70 "GET http://172.18.0.2:8080/v1/AUTH_70c830e2e6e44c7fbd49e14db2a2eaea/gnocchi.0a3b4055-3631-4d60-a245-a9bfc0e6a3c7/none_v3" "tx5f63a81a47cb4ea09e054-006925cfc1" "proxy-server 20" 0.0003 "-" 22 0
Nov 25 15:48:17 standalone proxy-server[129613]: 172.18.0.2 172.18.0.100 25/Nov/2025/15/48/17 GET /v1/AUTH_70c830e2e6e44c7fbd49e14db2a2eaea/gnocchi.0a3b4055-3631-4d60-a245-a9bfc0e6a3c7/none_v3 HTTP/1.0 404 - python-swiftclient-3.11.1 gAAAAABpJc8CrfzC... - 70 - tx5f63a81a47cb4ea09e054-006925cfc1 - 0.0071 - - 1764085697.118285656 1764085697.125348568 0
Nov 25 15:48:17 standalone account-server[127558]: 172.20.0.100 - - [25/Nov/2025:15:48:17 +0000] "PUT /d1/632/AUTH_70c830e2e6e44c7fbd49e14db2a2eaea/gnocchi.0a3b4055-3631-4d60-a245-a9bfc0e6a3c7" 201 - "PUT http://172.20.0.100:6001/d1/740/AUTH_70c830e2e6e44c7fbd49e14db2a2eaea/gnocchi.0a3b4055-3631-4d60-a245-a9bfc0e6a3c7" "tx90681c47131043b18927d-006925cfc1" "container-server 17" 0.0056 "-" 21 0
Nov 25 15:48:17 standalone container-server[127745]: 172.20.0.100 - - [25/Nov/2025:15:48:17 +0000] "PUT /d1/740/AUTH_70c830e2e6e44c7fbd49e14db2a2eaea/gnocchi.0a3b4055-3631-4d60-a245-a9bfc0e6a3c7" 201 - "PUT http://172.18.0.2:8080/v1/AUTH_70c830e2e6e44c7fbd49e14db2a2eaea/gnocchi.0a3b4055-3631-4d60-a245-a9bfc0e6a3c7" "tx90681c47131043b18927d-006925cfc1" "proxy-server 20" 0.0186 "-" 17 0
Nov 25 15:48:17 standalone proxy-server[129613]: 172.18.0.2 172.18.0.100 25/Nov/2025/15/48/17 PUT /v1/AUTH_70c830e2e6e44c7fbd49e14db2a2eaea/gnocchi.0a3b4055-3631-4d60-a245-a9bfc0e6a3c7 HTTP/1.0 201 - python-swiftclient-3.11.1 gAAAAABpJc8CrfzC... - - - tx90681c47131043b18927d-006925cfc1 - 0.0238 - - 1764085697.128463984 1764085697.152312279 0
Nov 25 15:48:17 standalone container-server[127745]: 172.20.0.100 - - [25/Nov/2025:15:48:17 +0000] "HEAD /d1/740/AUTH_70c830e2e6e44c7fbd49e14db2a2eaea/gnocchi.0a3b4055-3631-4d60-a245-a9bfc0e6a3c7" 204 - "HEAD http://172.18.0.2:8080/v1/AUTH_70c830e2e6e44c7fbd49e14db2a2eaea/gnocchi.0a3b4055-3631-4d60-a245-a9bfc0e6a3c7?format=json&states=listing" "tx045fc8377d994eeabc294-006925cfc1" "proxy-server 20" 0.0020 "-" 17 0
Nov 25 15:48:17 standalone proxy-server[129613]: - - 25/Nov/2025/15/48/17 HEAD /v1/AUTH_70c830e2e6e44c7fbd49e14db2a2eaea/gnocchi.0a3b4055-3631-4d60-a245-a9bfc0e6a3c7%3Fformat%3Djson%26states%3Dlisting HTTP/1.0 204 - Swift - - - - tx045fc8377d994eeabc294-006925cfc1 - 0.0098 RL - 1764085697.157546997 1764085697.167391062 0
Nov 25 15:48:17 standalone container-server[127745]: 172.20.0.100 - - [25/Nov/2025:15:48:17 +0000] "GET /d1/740/AUTH_70c830e2e6e44c7fbd49e14db2a2eaea/gnocchi.0a3b4055-3631-4d60-a245-a9bfc0e6a3c7" 200 2 "GET http://172.18.0.2:8080/v1/AUTH_70c830e2e6e44c7fbd49e14db2a2eaea/gnocchi.0a3b4055-3631-4d60-a245-a9bfc0e6a3c7?format=json&states=listing" "tx045fc8377d994eeabc294-006925cfc1" "proxy-server 20" 0.0034 "-" 17 0
Nov 25 15:48:17 standalone proxy-server[129613]: 172.18.0.2 172.18.0.100 25/Nov/2025/15/48/17 GET /v1/AUTH_70c830e2e6e44c7fbd49e14db2a2eaea/gnocchi.0a3b4055-3631-4d60-a245-a9bfc0e6a3c7%3Fformat%3Djson%26states%3Dlisting HTTP/1.0 200 - python-swiftclient-3.11.1 gAAAAABpJc8CrfzC... - 2 - tx045fc8377d994eeabc294-006925cfc1 - 0.0203 - - 1764085697.156516314 1764085697.176786900 0
Nov 25 15:48:17 standalone object-server[128012]: 172.20.0.100 - - [25/Nov/2025:15:48:17 +0000] "GET /d1/739/AUTH_70c830e2e6e44c7fbd49e14db2a2eaea/gnocchi.0a3b4055-3631-4d60-a245-a9bfc0e6a3c7/1763640000.0_mean_300.0_v3" 404 70 "GET http://172.18.0.2:8080/v1/AUTH_70c830e2e6e44c7fbd49e14db2a2eaea/gnocchi.0a3b4055-3631-4d60-a245-a9bfc0e6a3c7/1763640000.0_mean_300.0_v3" "txbc577312bf6d44f3a2fb3-006925cfc1" "proxy-server 20" 0.0005 "-" 24 0
Nov 25 15:48:17 standalone proxy-server[129613]: 172.18.0.2 172.18.0.100 25/Nov/2025/15/48/17 GET /v1/AUTH_70c830e2e6e44c7fbd49e14db2a2eaea/gnocchi.0a3b4055-3631-4d60-a245-a9bfc0e6a3c7/1763640000.0_mean_300.0_v3 HTTP/1.0 404 - python-swiftclient-3.11.1 gAAAAABpJc8CrfzC... - 70 - txbc577312bf6d44f3a2fb3-006925cfc1 - 0.0070 - - 1764085697.182015419 1764085697.189020395 0
Nov 25 15:48:17 standalone container-server[127734]: 172.20.0.100 - - [25/Nov/2025:15:48:17 +0000] "PUT /d1/740/AUTH_70c830e2e6e44c7fbd49e14db2a2eaea/gnocchi.0a3b4055-3631-4d60-a245-a9bfc0e6a3c7/1763640000.0_mean_300.0_v3" 201 - "PUT http://172.18.0.2:8080/d1/739/AUTH_70c830e2e6e44c7fbd49e14db2a2eaea/gnocchi.0a3b4055-3631-4d60-a245-a9bfc0e6a3c7/1763640000.0_mean_300.0_v3" "txb8c1335de4b74a77829d3-006925cfc1" "object-server 25" 0.0004 "-" 16 0
Nov 25 15:48:17 standalone object-server[128013]: 172.20.0.100 - - [25/Nov/2025:15:48:17 +0000] "PUT /d1/739/AUTH_70c830e2e6e44c7fbd49e14db2a2eaea/gnocchi.0a3b4055-3631-4d60-a245-a9bfc0e6a3c7/1763640000.0_mean_300.0_v3" 201 - "PUT http://172.18.0.2:8080/v1/AUTH_70c830e2e6e44c7fbd49e14db2a2eaea/gnocchi.0a3b4055-3631-4d60-a245-a9bfc0e6a3c7/1763640000.0_mean_300.0_v3" "txb8c1335de4b74a77829d3-006925cfc1" "proxy-server 20" 0.0085 "-" 25 0
Nov 25 15:48:17 standalone proxy-server[129613]: 172.18.0.2 172.18.0.100 25/Nov/2025/15/48/17 PUT /v1/AUTH_70c830e2e6e44c7fbd49e14db2a2eaea/gnocchi.0a3b4055-3631-4d60-a245-a9bfc0e6a3c7/1763640000.0_mean_300.0_v3 HTTP/1.0 201 - python-swiftclient-3.11.1 gAAAAABpJc8CrfzC... 16 - - txb8c1335de4b74a77829d3-006925cfc1 - 0.0157 - - 1764085697.193148613 1764085697.208884478 0
Nov 25 15:48:17 standalone container-server[127718]: 172.20.0.100 - - [25/Nov/2025:15:48:17 +0000] "PUT /d1/740/AUTH_70c830e2e6e44c7fbd49e14db2a2eaea/gnocchi.0a3b4055-3631-4d60-a245-a9bfc0e6a3c7/none_v3" 201 - "PUT http://172.18.0.2:8080/d1/963/AUTH_70c830e2e6e44c7fbd49e14db2a2eaea/gnocchi.0a3b4055-3631-4d60-a245-a9bfc0e6a3c7/none_v3" "tx5129c587a6c34c598baaa-006925cfc1" "object-server 23" 0.0008 "-" 15 0
Nov 25 15:48:17 standalone object-server[128011]: 172.20.0.100 - - [25/Nov/2025:15:48:17 +0000] "PUT /d1/963/AUTH_70c830e2e6e44c7fbd49e14db2a2eaea/gnocchi.0a3b4055-3631-4d60-a245-a9bfc0e6a3c7/none_v3" 201 - "PUT http://172.18.0.2:8080/v1/AUTH_70c830e2e6e44c7fbd49e14db2a2eaea/gnocchi.0a3b4055-3631-4d60-a245-a9bfc0e6a3c7/none_v3" "tx5129c587a6c34c598baaa-006925cfc1" "proxy-server 20" 0.0132 "-" 23 0
Nov 25 15:48:17 standalone proxy-server[129613]: 172.18.0.2 172.18.0.100 25/Nov/2025/15/48/17 PUT /v1/AUTH_70c830e2e6e44c7fbd49e14db2a2eaea/gnocchi.0a3b4055-3631-4d60-a245-a9bfc0e6a3c7/none_v3 HTTP/1.0 201 - python-swiftclient-3.11.1 gAAAAABpJc8CrfzC... 22 - - tx5129c587a6c34c598baaa-006925cfc1 - 0.0188 - - 1764085697.212568998 1764085697.231345415 0
Nov 25 15:48:17 standalone container-server[127718]: 172.20.0.100 - - [25/Nov/2025:15:48:17 +0000] "HEAD /d1/811/AUTH_70c830e2e6e44c7fbd49e14db2a2eaea/gnocchi.3e05c816-e6b8-4de0-bd38-3783f6f2159e" 404 - "HEAD http://172.18.0.2:8080/v1/AUTH_70c830e2e6e44c7fbd49e14db2a2eaea/gnocchi.3e05c816-e6b8-4de0-bd38-3783f6f2159e?format=json&states=listing" "tx769fd0c224f44c99977bf-006925cfc1" "proxy-server 20" 0.0005 "-" 15 0
Nov 25 15:48:17 standalone object-server[128011]: 172.20.0.100 - - [25/Nov/2025:15:48:17 +0000] "GET /d1/243/AUTH_70c830e2e6e44c7fbd49e14db2a2eaea/gnocchi.3e05c816-e6b8-4de0-bd38-3783f6f2159e/none_v3" 404 70 "GET http://172.18.0.2:8080/v1/AUTH_70c830e2e6e44c7fbd49e14db2a2eaea/gnocchi.3e05c816-e6b8-4de0-bd38-3783f6f2159e/none_v3" "tx769fd0c224f44c99977bf-006925cfc1" "proxy-server 20" 0.0003 "-" 23 0
Nov 25 15:48:17 standalone proxy-server[129613]: 172.18.0.2 172.18.0.100 25/Nov/2025/15/48/17 GET /v1/AUTH_70c830e2e6e44c7fbd49e14db2a2eaea/gnocchi.3e05c816-e6b8-4de0-bd38-3783f6f2159e/none_v3 HTTP/1.0 404 - python-swiftclient-3.11.1 gAAAAABpJc8CrfzC... - 70 - tx769fd0c224f44c99977bf-006925cfc1 - 0.0090 - - 1764085697.243969202 1764085697.252930164 0
Nov 25 15:48:17 standalone account-server[127556]: 172.20.0.100 - - [25/Nov/2025:15:48:17 +0000] "PUT /d1/632/AUTH_70c830e2e6e44c7fbd49e14db2a2eaea/gnocchi.3e05c816-e6b8-4de0-bd38-3783f6f2159e" 201 - "PUT http://172.20.0.100:6001/d1/811/AUTH_70c830e2e6e44c7fbd49e14db2a2eaea/gnocchi.3e05c816-e6b8-4de0-bd38-3783f6f2159e" "txf7f4653c0ea347cd98266-006925cfc1" "container-server 15" 0.0063 "-" 20 0
Nov 25 15:48:17 standalone container-server[127718]: 172.20.0.100 - - [25/Nov/2025:15:48:17 +0000] "PUT /d1/811/AUTH_70c830e2e6e44c7fbd49e14db2a2eaea/gnocchi.3e05c816-e6b8-4de0-bd38-3783f6f2159e" 201 - "PUT http://172.18.0.2:8080/v1/AUTH_70c830e2e6e44c7fbd49e14db2a2eaea/gnocchi.3e05c816-e6b8-4de0-bd38-3783f6f2159e" "txf7f4653c0ea347cd98266-006925cfc1" "proxy-server 20" 0.0191 "-" 15 0
Nov 25 15:48:17 standalone proxy-server[129613]: 172.18.0.2 172.18.0.100 25/Nov/2025/15/48/17 PUT /v1/AUTH_70c830e2e6e44c7fbd49e14db2a2eaea/gnocchi.3e05c816-e6b8-4de0-bd38-3783f6f2159e HTTP/1.0 201 - python-swiftclient-3.11.1 gAAAAABpJc8CrfzC... - - - txf7f4653c0ea347cd98266-006925cfc1 - 0.0237 - - 1764085697.256693602 1764085697.280383825 0
Nov 25 15:48:17 standalone container-server[127714]: 172.20.0.100 - - [25/Nov/2025:15:48:17 +0000] "HEAD /d1/811/AUTH_70c830e2e6e44c7fbd49e14db2a2eaea/gnocchi.3e05c816-e6b8-4de0-bd38-3783f6f2159e" 204 - "HEAD http://172.18.0.2:8080/v1/AUTH_70c830e2e6e44c7fbd49e14db2a2eaea/gnocchi.3e05c816-e6b8-4de0-bd38-3783f6f2159e?format=json&states=listing" "txc0cd9ae1048145fd9adc6-006925cfc1" "proxy-server 20" 0.0012 "-" 14 0
Nov 25 15:48:17 standalone proxy-server[129613]: - - 25/Nov/2025/15/48/17 HEAD /v1/AUTH_70c830e2e6e44c7fbd49e14db2a2eaea/gnocchi.3e05c816-e6b8-4de0-bd38-3783f6f2159e%3Fformat%3Djson%26states%3Dlisting HTTP/1.0 204 - Swift - - - - txc0cd9ae1048145fd9adc6-006925cfc1 - 0.0042 RL - 1764085697.285068035 1764085697.289254189 0
Nov 25 15:48:17 standalone container-server[127718]: 172.20.0.100 - - [25/Nov/2025:15:48:17 +0000] "GET /d1/811/AUTH_70c830e2e6e44c7fbd49e14db2a2eaea/gnocchi.3e05c816-e6b8-4de0-bd38-3783f6f2159e" 200 2 "GET http://172.18.0.2:8080/v1/AUTH_70c830e2e6e44c7fbd49e14db2a2eaea/gnocchi.3e05c816-e6b8-4de0-bd38-3783f6f2159e?format=json&states=listing" "txc0cd9ae1048145fd9adc6-006925cfc1" "proxy-server 20" 0.0031 "-" 15 0
Nov 25 15:48:17 standalone proxy-server[129613]: 172.18.0.2 172.18.0.100 25/Nov/2025/15/48/17 GET /v1/AUTH_70c830e2e6e44c7fbd49e14db2a2eaea/gnocchi.3e05c816-e6b8-4de0-bd38-3783f6f2159e%3Fformat%3Djson%26states%3Dlisting HTTP/1.0 200 - python-swiftclient-3.11.1 gAAAAABpJc8CrfzC... - 2 - txc0cd9ae1048145fd9adc6-006925cfc1 - 0.0143 - - 1764085697.284075499 1764085697.298332453 0
Nov 25 15:48:17 standalone object-server[128012]: 172.20.0.100 - - [25/Nov/2025:15:48:17 +0000] "GET /d1/805/AUTH_70c830e2e6e44c7fbd49e14db2a2eaea/gnocchi.3e05c816-e6b8-4de0-bd38-3783f6f2159e/1763640000.0_mean_300.0_v3" 404 70 "GET http://172.18.0.2:8080/v1/AUTH_70c830e2e6e44c7fbd49e14db2a2eaea/gnocchi.3e05c816-e6b8-4de0-bd38-3783f6f2159e/1763640000.0_mean_300.0_v3" "tx32ff14d7331647be91967-006925cfc1" "proxy-server 20" 0.0003 "-" 24 0
Nov 25 15:48:17 standalone proxy-server[129613]: 172.18.0.2 172.18.0.100 25/Nov/2025/15/48/17 GET /v1/AUTH_70c830e2e6e44c7fbd49e14db2a2eaea/gnocchi.3e05c816-e6b8-4de0-bd38-3783f6f2159e/1763640000.0_mean_300.0_v3 HTTP/1.0 404 - python-swiftclient-3.11.1 gAAAAABpJc8CrfzC... - 70 - tx32ff14d7331647be91967-006925cfc1 - 0.0052 - - 1764085697.303326130 1764085697.308554173 0
Nov 25 15:48:17 standalone container-server[127745]: 172.20.0.100 - - [25/Nov/2025:15:48:17 +0000] "PUT /d1/811/AUTH_70c830e2e6e44c7fbd49e14db2a2eaea/gnocchi.3e05c816-e6b8-4de0-bd38-3783f6f2159e/1763640000.0_mean_300.0_v3" 201 - "PUT http://172.18.0.2:8080/d1/805/AUTH_70c830e2e6e44c7fbd49e14db2a2eaea/gnocchi.3e05c816-e6b8-4de0-bd38-3783f6f2159e/1763640000.0_mean_300.0_v3" "txdd192db979c2406eaacdf-006925cfc1" "object-server 25" 0.0006 "-" 17 0
Nov 25 15:48:17 standalone object-server[128013]: 172.20.0.100 - - [25/Nov/2025:15:48:17 +0000] "PUT /d1/805/AUTH_70c830e2e6e44c7fbd49e14db2a2eaea/gnocchi.3e05c816-e6b8-4de0-bd38-3783f6f2159e/1763640000.0_mean_300.0_v3" 201 - "PUT http://172.18.0.2:8080/v1/AUTH_70c830e2e6e44c7fbd49e14db2a2eaea/gnocchi.3e05c816-e6b8-4de0-bd38-3783f6f2159e/1763640000.0_mean_300.0_v3" "txdd192db979c2406eaacdf-006925cfc1" "proxy-server 20" 0.0089 "-" 25 0
Nov 25 15:48:17 standalone proxy-server[129613]: 172.18.0.2 172.18.0.100 25/Nov/2025/15/48/17 PUT /v1/AUTH_70c830e2e6e44c7fbd49e14db2a2eaea/gnocchi.3e05c816-e6b8-4de0-bd38-3783f6f2159e/1763640000.0_mean_300.0_v3 HTTP/1.0 201 - python-swiftclient-3.11.1 gAAAAABpJc8CrfzC... 16 - - txdd192db979c2406eaacdf-006925cfc1 - 0.0147 - - 1764085697.311756849 1764085697.326492786 0
Nov 25 15:48:17 standalone container-server[127734]: 172.20.0.100 - - [25/Nov/2025:15:48:17 +0000] "PUT /d1/811/AUTH_70c830e2e6e44c7fbd49e14db2a2eaea/gnocchi.3e05c816-e6b8-4de0-bd38-3783f6f2159e/none_v3" 201 - "PUT http://172.18.0.2:8080/d1/243/AUTH_70c830e2e6e44c7fbd49e14db2a2eaea/gnocchi.3e05c816-e6b8-4de0-bd38-3783f6f2159e/none_v3" "tx1474c0c732634677a23ce-006925cfc1" "object-server 25" 0.0011 "-" 16 0
Nov 25 15:48:17 standalone object-server[128013]: 172.20.0.100 - - [25/Nov/2025:15:48:17 +0000] "PUT /d1/243/AUTH_70c830e2e6e44c7fbd49e14db2a2eaea/gnocchi.3e05c816-e6b8-4de0-bd38-3783f6f2159e/none_v3" 201 - "PUT http://172.18.0.2:8080/v1/AUTH_70c830e2e6e44c7fbd49e14db2a2eaea/gnocchi.3e05c816-e6b8-4de0-bd38-3783f6f2159e/none_v3" "tx1474c0c732634677a23ce-006925cfc1" "proxy-server 20" 0.0105 "-" 25 0
Nov 25 15:48:17 standalone proxy-server[129613]: 172.18.0.2 172.18.0.100 25/Nov/2025/15/48/17 PUT /v1/AUTH_70c830e2e6e44c7fbd49e14db2a2eaea/gnocchi.3e05c816-e6b8-4de0-bd38-3783f6f2159e/none_v3 HTTP/1.0 201 - python-swiftclient-3.11.1 gAAAAABpJc8CrfzC... 22 - - tx1474c0c732634677a23ce-006925cfc1 - 0.0163 - - 1764085697.329739332 1764085697.346073627 0
Nov 25 15:48:17 standalone container-server[127734]: 172.20.0.100 - - [25/Nov/2025:15:48:17 +0000] "HEAD /d1/823/AUTH_70c830e2e6e44c7fbd49e14db2a2eaea/gnocchi.d786c6b0-257c-4f65-b908-5557d8d2f2d5" 404 - "HEAD http://172.18.0.2:8080/v1/AUTH_70c830e2e6e44c7fbd49e14db2a2eaea/gnocchi.d786c6b0-257c-4f65-b908-5557d8d2f2d5?format=json&states=listing" "tx99ad9776a69d4daa8d27d-006925cfc1" "proxy-server 20" 0.0004 "-" 16 0
Nov 25 15:48:17 standalone object-server[128013]: 172.20.0.100 - - [25/Nov/2025:15:48:17 +0000] "GET /d1/479/AUTH_70c830e2e6e44c7fbd49e14db2a2eaea/gnocchi.d786c6b0-257c-4f65-b908-5557d8d2f2d5/none_v3" 404 70 "GET http://172.18.0.2:8080/v1/AUTH_70c830e2e6e44c7fbd49e14db2a2eaea/gnocchi.d786c6b0-257c-4f65-b908-5557d8d2f2d5/none_v3" "tx99ad9776a69d4daa8d27d-006925cfc1" "proxy-server 20" 0.0003 "-" 25 0
Nov 25 15:48:17 standalone proxy-server[129613]: 172.18.0.2 172.18.0.100 25/Nov/2025/15/48/17 GET /v1/AUTH_70c830e2e6e44c7fbd49e14db2a2eaea/gnocchi.d786c6b0-257c-4f65-b908-5557d8d2f2d5/none_v3 HTTP/1.0 404 - python-swiftclient-3.11.1 gAAAAABpJc8CrfzC... - 70 - tx99ad9776a69d4daa8d27d-006925cfc1 - 0.0098 - - 1764085697.358572721 1764085697.368369341 0
Nov 25 15:48:17 standalone account-server[127576]: 172.20.0.100 - - [25/Nov/2025:15:48:17 +0000] "PUT /d1/632/AUTH_70c830e2e6e44c7fbd49e14db2a2eaea/gnocchi.d786c6b0-257c-4f65-b908-5557d8d2f2d5" 201 - "PUT http://172.20.0.100:6001/d1/823/AUTH_70c830e2e6e44c7fbd49e14db2a2eaea/gnocchi.d786c6b0-257c-4f65-b908-5557d8d2f2d5" "tx486ebc56966d4cf19c225-006925cfc1" "container-server 14" 0.0048 "-" 23 0
Nov 25 15:48:17 standalone container-server[127714]: 172.20.0.100 - - [25/Nov/2025:15:48:17 +0000] "PUT /d1/823/AUTH_70c830e2e6e44c7fbd49e14db2a2eaea/gnocchi.d786c6b0-257c-4f65-b908-5557d8d2f2d5" 201 - "PUT http://172.18.0.2:8080/v1/AUTH_70c830e2e6e44c7fbd49e14db2a2eaea/gnocchi.d786c6b0-257c-4f65-b908-5557d8d2f2d5" "tx486ebc56966d4cf19c225-006925cfc1" "proxy-server 20" 0.0138 "-" 14 0
Nov 25 15:48:17 standalone proxy-server[129613]: 172.18.0.2 172.18.0.100 25/Nov/2025/15/48/17 PUT /v1/AUTH_70c830e2e6e44c7fbd49e14db2a2eaea/gnocchi.d786c6b0-257c-4f65-b908-5557d8d2f2d5 HTTP/1.0 201 - python-swiftclient-3.11.1 gAAAAABpJc8CrfzC... - - - tx486ebc56966d4cf19c225-006925cfc1 - 0.0183 - - 1764085697.371419191 1764085697.389711142 0
Nov 25 15:48:17 standalone container-server[127745]: 172.20.0.100 - - [25/Nov/2025:15:48:17 +0000] "HEAD /d1/823/AUTH_70c830e2e6e44c7fbd49e14db2a2eaea/gnocchi.d786c6b0-257c-4f65-b908-5557d8d2f2d5" 204 - "HEAD http://172.18.0.2:8080/v1/AUTH_70c830e2e6e44c7fbd49e14db2a2eaea/gnocchi.d786c6b0-257c-4f65-b908-5557d8d2f2d5?format=json&states=listing" "tx780cdf228f84482f85fb4-006925cfc1" "proxy-server 20" 0.0024 "-" 17 0
Nov 25 15:48:17 standalone proxy-server[129613]: - - 25/Nov/2025/15/48/17 HEAD /v1/AUTH_70c830e2e6e44c7fbd49e14db2a2eaea/gnocchi.d786c6b0-257c-4f65-b908-5557d8d2f2d5%3Fformat%3Djson%26states%3Dlisting HTTP/1.0 204 - Swift - - - - tx780cdf228f84482f85fb4-006925cfc1 - 0.0061 RL - 1764085697.394501448 1764085697.400574207 0
Nov 25 15:48:17 standalone container-server[127734]: 172.20.0.100 - - [25/Nov/2025:15:48:17 +0000] "GET /d1/823/AUTH_70c830e2e6e44c7fbd49e14db2a2eaea/gnocchi.d786c6b0-257c-4f65-b908-5557d8d2f2d5" 200 2 "GET http://172.18.0.2:8080/v1/AUTH_70c830e2e6e44c7fbd49e14db2a2eaea/gnocchi.d786c6b0-257c-4f65-b908-5557d8d2f2d5?format=json&states=listing" "tx780cdf228f84482f85fb4-006925cfc1" "proxy-server 20" 0.0032 "-" 16 0
Nov 25 15:48:17 standalone proxy-server[129613]: 172.18.0.2 172.18.0.100 25/Nov/2025/15/48/17 GET /v1/AUTH_70c830e2e6e44c7fbd49e14db2a2eaea/gnocchi.d786c6b0-257c-4f65-b908-5557d8d2f2d5%3Fformat%3Djson%26states%3Dlisting HTTP/1.0 200 - python-swiftclient-3.11.1 gAAAAABpJc8CrfzC... - 2 - tx780cdf228f84482f85fb4-006925cfc1 - 0.0160 - - 1764085697.393436909 1764085697.409387589 0
Nov 25 15:48:17 standalone object-server[128011]: 172.20.0.100 - - [25/Nov/2025:15:48:17 +0000] "GET /d1/174/AUTH_70c830e2e6e44c7fbd49e14db2a2eaea/gnocchi.d786c6b0-257c-4f65-b908-5557d8d2f2d5/1763640000.0_mean_300.0_v3" 404 70 "GET http://172.18.0.2:8080/v1/AUTH_70c830e2e6e44c7fbd49e14db2a2eaea/gnocchi.d786c6b0-257c-4f65-b908-5557d8d2f2d5/1763640000.0_mean_300.0_v3" "tx5acb22262a7b4ede97664-006925cfc1" "proxy-server 20" 0.0004 "-" 23 0
Nov 25 15:48:17 standalone proxy-server[129613]: 172.18.0.2 172.18.0.100 25/Nov/2025/15/48/17 GET /v1/AUTH_70c830e2e6e44c7fbd49e14db2a2eaea/gnocchi.d786c6b0-257c-4f65-b908-5557d8d2f2d5/1763640000.0_mean_300.0_v3 HTTP/1.0 404 - python-swiftclient-3.11.1 gAAAAABpJc8CrfzC... - 70 - tx5acb22262a7b4ede97664-006925cfc1 - 0.0055 - - 1764085697.413279772 1764085697.418735266 0
Nov 25 15:48:17 standalone container-server[127714]: 172.20.0.100 - - [25/Nov/2025:15:48:17 +0000] "PUT /d1/823/AUTH_70c830e2e6e44c7fbd49e14db2a2eaea/gnocchi.d786c6b0-257c-4f65-b908-5557d8d2f2d5/1763640000.0_mean_300.0_v3" 201 - "PUT http://172.18.0.2:8080/d1/174/AUTH_70c830e2e6e44c7fbd49e14db2a2eaea/gnocchi.d786c6b0-257c-4f65-b908-5557d8d2f2d5/1763640000.0_mean_300.0_v3" "tx702486f9bb8443c9b39be-006925cfc1" "object-server 22" 0.0007 "-" 14 0
Nov 25 15:48:17 standalone object-server[128010]: 172.20.0.100 - - [25/Nov/2025:15:48:17 +0000] "PUT /d1/174/AUTH_70c830e2e6e44c7fbd49e14db2a2eaea/gnocchi.d786c6b0-257c-4f65-b908-5557d8d2f2d5/1763640000.0_mean_300.0_v3" 201 - "PUT http://172.18.0.2:8080/v1/AUTH_70c830e2e6e44c7fbd49e14db2a2eaea/gnocchi.d786c6b0-257c-4f65-b908-5557d8d2f2d5/1763640000.0_mean_300.0_v3" "tx702486f9bb8443c9b39be-006925cfc1" "proxy-server 20" 0.0096 "-" 22 0
Nov 25 15:48:17 standalone proxy-server[129613]: 172.18.0.2 172.18.0.100 25/Nov/2025/15/48/17 PUT /v1/AUTH_70c830e2e6e44c7fbd49e14db2a2eaea/gnocchi.d786c6b0-257c-4f65-b908-5557d8d2f2d5/1763640000.0_mean_300.0_v3 HTTP/1.0 201 - python-swiftclient-3.11.1 gAAAAABpJc8CrfzC... 16 - - tx702486f9bb8443c9b39be-006925cfc1 - 0.0150 - - 1764085697.421939850 1764085697.436914206 0
Nov 25 15:48:17 standalone container-server[127714]: 172.20.0.100 - - [25/Nov/2025:15:48:17 +0000] "PUT /d1/823/AUTH_70c830e2e6e44c7fbd49e14db2a2eaea/gnocchi.d786c6b0-257c-4f65-b908-5557d8d2f2d5/none_v3" 201 - "PUT http://172.18.0.2:8080/d1/479/AUTH_70c830e2e6e44c7fbd49e14db2a2eaea/gnocchi.d786c6b0-257c-4f65-b908-5557d8d2f2d5/none_v3" "tx920a77695abe4dc7aa837-006925cfc1" "object-server 24" 0.0006 "-" 14 0
Nov 25 15:48:17 standalone object-server[128012]: 172.20.0.100 - - [25/Nov/2025:15:48:17 +0000] "PUT /d1/479/AUTH_70c830e2e6e44c7fbd49e14db2a2eaea/gnocchi.d786c6b0-257c-4f65-b908-5557d8d2f2d5/none_v3" 201 - "PUT http://172.18.0.2:8080/v1/AUTH_70c830e2e6e44c7fbd49e14db2a2eaea/gnocchi.d786c6b0-257c-4f65-b908-5557d8d2f2d5/none_v3" "tx920a77695abe4dc7aa837-006925cfc1" "proxy-server 20" 0.0105 "-" 24 0
Nov 25 15:48:17 standalone proxy-server[129613]: 172.18.0.2 172.18.0.100 25/Nov/2025/15/48/17 PUT /v1/AUTH_70c830e2e6e44c7fbd49e14db2a2eaea/gnocchi.d786c6b0-257c-4f65-b908-5557d8d2f2d5/none_v3 HTTP/1.0 201 - python-swiftclient-3.11.1 gAAAAABpJc8CrfzC... 22 - - tx920a77695abe4dc7aa837-006925cfc1 - 0.0176 - - 1764085697.440315247 1764085697.457872629 0
Nov 25 15:48:17 standalone container-server[127745]: 172.20.0.100 - - [25/Nov/2025:15:48:17 +0000] "HEAD /d1/796/AUTH_70c830e2e6e44c7fbd49e14db2a2eaea/gnocchi.d66fe08e-d943-4d39-acb8-bf0d1652968a" 404 - "HEAD http://172.18.0.2:8080/v1/AUTH_70c830e2e6e44c7fbd49e14db2a2eaea/gnocchi.d66fe08e-d943-4d39-acb8-bf0d1652968a?format=json&states=listing" "tx02c6e224868448fbaee7b-006925cfc1" "proxy-server 20" 0.0007 "-" 17 0
Nov 25 15:48:17 standalone object-server[128013]: 172.20.0.100 - - [25/Nov/2025:15:48:17 +0000] "GET /d1/995/AUTH_70c830e2e6e44c7fbd49e14db2a2eaea/gnocchi.d66fe08e-d943-4d39-acb8-bf0d1652968a/none_v3" 404 70 "GET http://172.18.0.2:8080/v1/AUTH_70c830e2e6e44c7fbd49e14db2a2eaea/gnocchi.d66fe08e-d943-4d39-acb8-bf0d1652968a/none_v3" "tx02c6e224868448fbaee7b-006925cfc1" "proxy-server 20" 0.0003 "-" 25 0
Nov 25 15:48:17 standalone proxy-server[129613]: 172.18.0.2 172.18.0.100 25/Nov/2025/15/48/17 GET /v1/AUTH_70c830e2e6e44c7fbd49e14db2a2eaea/gnocchi.d66fe08e-d943-4d39-acb8-bf0d1652968a/none_v3 HTTP/1.0 404 - python-swiftclient-3.11.1 gAAAAABpJc8CrfzC... - 70 - tx02c6e224868448fbaee7b-006925cfc1 - 0.0113 - - 1764085697.471728325 1764085697.483017206 0
Nov 25 15:48:17 standalone account-server[127558]: 172.20.0.100 - - [25/Nov/2025:15:48:17 +0000] "PUT /d1/632/AUTH_70c830e2e6e44c7fbd49e14db2a2eaea/gnocchi.d66fe08e-d943-4d39-acb8-bf0d1652968a" 201 - "PUT http://172.20.0.100:6001/d1/796/AUTH_70c830e2e6e44c7fbd49e14db2a2eaea/gnocchi.d66fe08e-d943-4d39-acb8-bf0d1652968a" "tx7f5188dbefcb4ea98c2b0-006925cfc1" "container-server 16" 0.0052 "-" 21 0
Nov 25 15:48:17 standalone container-server[127734]: 172.20.0.100 - - [25/Nov/2025:15:48:17 +0000] "PUT /d1/796/AUTH_70c830e2e6e44c7fbd49e14db2a2eaea/gnocchi.d66fe08e-d943-4d39-acb8-bf0d1652968a" 201 - "PUT http://172.18.0.2:8080/v1/AUTH_70c830e2e6e44c7fbd49e14db2a2eaea/gnocchi.d66fe08e-d943-4d39-acb8-bf0d1652968a" "tx7f5188dbefcb4ea98c2b0-006925cfc1" "proxy-server 20" 0.0213 "-" 16 0
Nov 25 15:48:17 standalone proxy-server[129613]: 172.18.0.2 172.18.0.100 25/Nov/2025/15/48/17 PUT /v1/AUTH_70c830e2e6e44c7fbd49e14db2a2eaea/gnocchi.d66fe08e-d943-4d39-acb8-bf0d1652968a HTTP/1.0 201 - python-swiftclient-3.11.1 gAAAAABpJc8CrfzC... - - - tx7f5188dbefcb4ea98c2b0-006925cfc1 - 0.0343 - - 1764085697.496082067 1764085697.530409813 0
Nov 25 15:48:17 standalone container-server[127734]: 172.20.0.100 - - [25/Nov/2025:15:48:17 +0000] "HEAD /d1/796/AUTH_70c830e2e6e44c7fbd49e14db2a2eaea/gnocchi.d66fe08e-d943-4d39-acb8-bf0d1652968a" 204 - "HEAD http://172.18.0.2:8080/v1/AUTH_70c830e2e6e44c7fbd49e14db2a2eaea/gnocchi.d66fe08e-d943-4d39-acb8-bf0d1652968a?format=json&states=listing" "txb1ac6247320348249d4c6-006925cfc1" "proxy-server 20" 0.0022 "-" 16 0
Nov 25 15:48:17 standalone proxy-server[129613]: - - 25/Nov/2025/15/48/17 HEAD /v1/AUTH_70c830e2e6e44c7fbd49e14db2a2eaea/gnocchi.d66fe08e-d943-4d39-acb8-bf0d1652968a%3Fformat%3Djson%26states%3Dlisting HTTP/1.0 204 - Swift - - - - txb1ac6247320348249d4c6-006925cfc1 - 0.0098 RL - 1764085697.535607576 1764085697.545377493 0
Nov 25 15:48:17 standalone container-server[127714]: 172.20.0.100 - - [25/Nov/2025:15:48:17 +0000] "GET /d1/796/AUTH_70c830e2e6e44c7fbd49e14db2a2eaea/gnocchi.d66fe08e-d943-4d39-acb8-bf0d1652968a" 200 2 "GET http://172.18.0.2:8080/v1/AUTH_70c830e2e6e44c7fbd49e14db2a2eaea/gnocchi.d66fe08e-d943-4d39-acb8-bf0d1652968a?format=json&states=listing" "txb1ac6247320348249d4c6-006925cfc1" "proxy-server 20" 0.0019 "-" 14 0
Nov 25 15:48:17 standalone proxy-server[129613]: 172.18.0.2 172.18.0.100 25/Nov/2025/15/48/17 GET /v1/AUTH_70c830e2e6e44c7fbd49e14db2a2eaea/gnocchi.d66fe08e-d943-4d39-acb8-bf0d1652968a%3Fformat%3Djson%26states%3Dlisting HTTP/1.0 200 - python-swiftclient-3.11.1 gAAAAABpJc8CrfzC... - 2 - txb1ac6247320348249d4c6-006925cfc1 - 0.0193 - - 1764085697.534386873 1764085697.553723097 0
Nov 25 15:48:17 standalone object-server[128013]: 172.20.0.100 - - [25/Nov/2025:15:48:17 +0000] "GET /d1/937/AUTH_70c830e2e6e44c7fbd49e14db2a2eaea/gnocchi.d66fe08e-d943-4d39-acb8-bf0d1652968a/1763640000.0_mean_300.0_v3" 404 70 "GET http://172.18.0.2:8080/v1/AUTH_70c830e2e6e44c7fbd49e14db2a2eaea/gnocchi.d66fe08e-d943-4d39-acb8-bf0d1652968a/1763640000.0_mean_300.0_v3" "tx1b6eedb85de743fe88e9c-006925cfc1" "proxy-server 20" 0.0004 "-" 25 0
Nov 25 15:48:17 standalone proxy-server[129613]: 172.18.0.2 172.18.0.100 25/Nov/2025/15/48/17 GET /v1/AUTH_70c830e2e6e44c7fbd49e14db2a2eaea/gnocchi.d66fe08e-d943-4d39-acb8-bf0d1652968a/1763640000.0_mean_300.0_v3 HTTP/1.0 404 - python-swiftclient-3.11.1 gAAAAABpJc8CrfzC... - 70 - tx1b6eedb85de743fe88e9c-006925cfc1 - 0.0061 - - 1764085697.558048010 1764085697.564164639 0
Nov 25 15:48:17 standalone container-server[127714]: 172.20.0.100 - - [25/Nov/2025:15:48:17 +0000] "PUT /d1/796/AUTH_70c830e2e6e44c7fbd49e14db2a2eaea/gnocchi.d66fe08e-d943-4d39-acb8-bf0d1652968a/1763640000.0_mean_300.0_v3" 201 - "PUT http://172.18.0.2:8080/d1/937/AUTH_70c830e2e6e44c7fbd49e14db2a2eaea/gnocchi.d66fe08e-d943-4d39-acb8-bf0d1652968a/1763640000.0_mean_300.0_v3" "txd9f0ccc241a643e0a14c0-006925cfc1" "object-server 22" 0.0006 "-" 14 0
Nov 25 15:48:17 standalone object-server[128010]: 172.20.0.100 - - [25/Nov/2025:15:48:17 +0000] "PUT /d1/937/AUTH_70c830e2e6e44c7fbd49e14db2a2eaea/gnocchi.d66fe08e-d943-4d39-acb8-bf0d1652968a/1763640000.0_mean_300.0_v3" 201 - "PUT http://172.18.0.2:8080/v1/AUTH_70c830e2e6e44c7fbd49e14db2a2eaea/gnocchi.d66fe08e-d943-4d39-acb8-bf0d1652968a/1763640000.0_mean_300.0_v3" "txd9f0ccc241a643e0a14c0-006925cfc1" "proxy-server 20" 0.0072 "-" 22 0
Nov 25 15:48:17 standalone proxy-server[129613]: 172.18.0.2 172.18.0.100 25/Nov/2025/15/48/17 PUT /v1/AUTH_70c830e2e6e44c7fbd49e14db2a2eaea/gnocchi.d66fe08e-d943-4d39-acb8-bf0d1652968a/1763640000.0_mean_300.0_v3 HTTP/1.0 201 - python-swiftclient-3.11.1 gAAAAABpJc8CrfzC... 16 - - txd9f0ccc241a643e0a14c0-006925cfc1 - 0.0121 - - 1764085697.567182541 1764085697.579289436 0
Nov 25 15:48:17 standalone container-server[127714]: 172.20.0.100 - - [25/Nov/2025:15:48:17 +0000] "PUT /d1/796/AUTH_70c830e2e6e44c7fbd49e14db2a2eaea/gnocchi.d66fe08e-d943-4d39-acb8-bf0d1652968a/none_v3" 201 - "PUT http://172.18.0.2:8080/d1/995/AUTH_70c830e2e6e44c7fbd49e14db2a2eaea/gnocchi.d66fe08e-d943-4d39-acb8-bf0d1652968a/none_v3" "txd8428a885eaa4052b57f3-006925cfc1" "object-server 25" 0.0004 "-" 14 0
Nov 25 15:48:17 standalone object-server[128013]: 172.20.0.100 - - [25/Nov/2025:15:48:17 +0000] "PUT /d1/995/AUTH_70c830e2e6e44c7fbd49e14db2a2eaea/gnocchi.d66fe08e-d943-4d39-acb8-bf0d1652968a/none_v3" 201 - "PUT http://172.18.0.2:8080/v1/AUTH_70c830e2e6e44c7fbd49e14db2a2eaea/gnocchi.d66fe08e-d943-4d39-acb8-bf0d1652968a/none_v3" "txd8428a885eaa4052b57f3-006925cfc1" "proxy-server 20" 0.0067 "-" 25 0
Nov 25 15:48:17 standalone proxy-server[129613]: 172.18.0.2 172.18.0.100 25/Nov/2025/15/48/17 PUT /v1/AUTH_70c830e2e6e44c7fbd49e14db2a2eaea/gnocchi.d66fe08e-d943-4d39-acb8-bf0d1652968a/none_v3 HTTP/1.0 201 - python-swiftclient-3.11.1 gAAAAABpJc8CrfzC... 22 - - txd8428a885eaa4052b57f3-006925cfc1 - 0.0112 - - 1764085697.582259655 1764085697.593441486 0
Nov 25 15:48:17 standalone container-server[127718]: 172.20.0.100 - - [25/Nov/2025:15:48:17 +0000] "HEAD /d1/274/AUTH_70c830e2e6e44c7fbd49e14db2a2eaea/gnocchi.7e1be868-7e5c-4f0e-bece-065cbb3840fe" 404 - "HEAD http://172.18.0.2:8080/v1/AUTH_70c830e2e6e44c7fbd49e14db2a2eaea/gnocchi.7e1be868-7e5c-4f0e-bece-065cbb3840fe?format=json&states=listing" "tx0adf72a0d2ad42078eed3-006925cfc1" "proxy-server 20" 0.0003 "-" 15 0
Nov 25 15:48:17 standalone object-server[128010]: 172.20.0.100 - - [25/Nov/2025:15:48:17 +0000] "GET /d1/155/AUTH_70c830e2e6e44c7fbd49e14db2a2eaea/gnocchi.7e1be868-7e5c-4f0e-bece-065cbb3840fe/none_v3" 404 70 "GET http://172.18.0.2:8080/v1/AUTH_70c830e2e6e44c7fbd49e14db2a2eaea/gnocchi.7e1be868-7e5c-4f0e-bece-065cbb3840fe/none_v3" "tx0adf72a0d2ad42078eed3-006925cfc1" "proxy-server 20" 0.0003 "-" 22 0
Nov 25 15:48:17 standalone proxy-server[129613]: 172.18.0.2 172.18.0.100 25/Nov/2025/15/48/17 GET /v1/AUTH_70c830e2e6e44c7fbd49e14db2a2eaea/gnocchi.7e1be868-7e5c-4f0e-bece-065cbb3840fe/none_v3 HTTP/1.0 404 - python-swiftclient-3.11.1 gAAAAABpJc8CrfzC... - 70 - tx0adf72a0d2ad42078eed3-006925cfc1 - 0.0133 - - 1764085697.607254267 1764085697.620511770 0
Nov 25 15:48:17 standalone account-server[127564]: 172.20.0.100 - - [25/Nov/2025:15:48:17 +0000] "PUT /d1/632/AUTH_70c830e2e6e44c7fbd49e14db2a2eaea/gnocchi.7e1be868-7e5c-4f0e-bece-065cbb3840fe" 201 - "PUT http://172.20.0.100:6001/d1/274/AUTH_70c830e2e6e44c7fbd49e14db2a2eaea/gnocchi.7e1be868-7e5c-4f0e-bece-065cbb3840fe" "tx9718750af11a404299d27-006925cfc1" "container-server 14" 0.0117 "-" 22 0
Nov 25 15:48:17 standalone container-server[127714]: 172.20.0.100 - - [25/Nov/2025:15:48:17 +0000] "PUT /d1/274/AUTH_70c830e2e6e44c7fbd49e14db2a2eaea/gnocchi.7e1be868-7e5c-4f0e-bece-065cbb3840fe" 201 - "PUT http://172.18.0.2:8080/v1/AUTH_70c830e2e6e44c7fbd49e14db2a2eaea/gnocchi.7e1be868-7e5c-4f0e-bece-065cbb3840fe" "tx9718750af11a404299d27-006925cfc1" "proxy-server 20" 0.0352 "-" 14 0
Nov 25 15:48:17 standalone proxy-server[129613]: 172.18.0.2 172.18.0.100 25/Nov/2025/15/48/17 PUT /v1/AUTH_70c830e2e6e44c7fbd49e14db2a2eaea/gnocchi.7e1be868-7e5c-4f0e-bece-065cbb3840fe HTTP/1.0 201 - python-swiftclient-3.11.1 gAAAAABpJc8CrfzC... - - - tx9718750af11a404299d27-006925cfc1 - 0.0411 - - 1764085697.626976728 1764085697.668080568 0
Nov 25 15:48:17 standalone container-server[127714]: 172.20.0.100 - - [25/Nov/2025:15:48:17 +0000] "HEAD /d1/274/AUTH_70c830e2e6e44c7fbd49e14db2a2eaea/gnocchi.7e1be868-7e5c-4f0e-bece-065cbb3840fe" 204 - "HEAD http://172.18.0.2:8080/v1/AUTH_70c830e2e6e44c7fbd49e14db2a2eaea/gnocchi.7e1be868-7e5c-4f0e-bece-065cbb3840fe?format=json&states=listing" "tx68b8ec3bb6724d2482df4-006925cfc1" "proxy-server 20" 0.0012 "-" 14 0
Nov 25 15:48:17 standalone proxy-server[129613]: - - 25/Nov/2025/15/48/17 HEAD /v1/AUTH_70c830e2e6e44c7fbd49e14db2a2eaea/gnocchi.7e1be868-7e5c-4f0e-bece-065cbb3840fe%3Fformat%3Djson%26states%3Dlisting HTTP/1.0 204 - Swift - - - - tx68b8ec3bb6724d2482df4-006925cfc1 - 0.0040 RL - 1764085697.680748463 1764085697.684734106 0
Nov 25 15:48:17 standalone container-server[127745]: 172.20.0.100 - - [25/Nov/2025:15:48:17 +0000] "GET /d1/274/AUTH_70c830e2e6e44c7fbd49e14db2a2eaea/gnocchi.7e1be868-7e5c-4f0e-bece-065cbb3840fe" 200 2 "GET http://172.18.0.2:8080/v1/AUTH_70c830e2e6e44c7fbd49e14db2a2eaea/gnocchi.7e1be868-7e5c-4f0e-bece-065cbb3840fe?format=json&states=listing" "tx68b8ec3bb6724d2482df4-006925cfc1" "proxy-server 20" 0.0018 "-" 17 0
Nov 25 15:48:17 standalone proxy-server[129613]: 172.18.0.2 172.18.0.100 25/Nov/2025/15/48/17 GET /v1/AUTH_70c830e2e6e44c7fbd49e14db2a2eaea/gnocchi.7e1be868-7e5c-4f0e-bece-065cbb3840fe%3Fformat%3Djson%26states%3Dlisting HTTP/1.0 200 - python-swiftclient-3.11.1 gAAAAABpJc8CrfzC... - 2 - tx68b8ec3bb6724d2482df4-006925cfc1 - 0.0130 - - 1764085697.679801941 1764085697.692839622 0
Nov 25 15:48:17 standalone object-server[128013]: 172.20.0.100 - - [25/Nov/2025:15:48:17 +0000] "GET /d1/239/AUTH_70c830e2e6e44c7fbd49e14db2a2eaea/gnocchi.7e1be868-7e5c-4f0e-bece-065cbb3840fe/1763640000.0_mean_300.0_v3" 404 70 "GET http://172.18.0.2:8080/v1/AUTH_70c830e2e6e44c7fbd49e14db2a2eaea/gnocchi.7e1be868-7e5c-4f0e-bece-065cbb3840fe/1763640000.0_mean_300.0_v3" "txb703026654234aa4935e4-006925cfc1" "proxy-server 20" 0.0004 "-" 25 0
Nov 25 15:48:17 standalone proxy-server[129613]: 172.18.0.2 172.18.0.100 25/Nov/2025/15/48/17 GET /v1/AUTH_70c830e2e6e44c7fbd49e14db2a2eaea/gnocchi.7e1be868-7e5c-4f0e-bece-065cbb3840fe/1763640000.0_mean_300.0_v3 HTTP/1.0 404 - python-swiftclient-3.11.1 gAAAAABpJc8CrfzC... - 70 - txb703026654234aa4935e4-006925cfc1 - 0.0074 - - 1764085697.698521614 1764085697.705971241 0
Nov 25 15:48:17 standalone container-server[127714]: 172.20.0.100 - - [25/Nov/2025:15:48:17 +0000] "PUT /d1/274/AUTH_70c830e2e6e44c7fbd49e14db2a2eaea/gnocchi.7e1be868-7e5c-4f0e-bece-065cbb3840fe/1763640000.0_mean_300.0_v3" 201 - "PUT http://172.18.0.2:8080/d1/239/AUTH_70c830e2e6e44c7fbd49e14db2a2eaea/gnocchi.7e1be868-7e5c-4f0e-bece-065cbb3840fe/1763640000.0_mean_300.0_v3" "tx8b58e58c0bf84d6aa7ca7-006925cfc1" "object-server 25" 0.0005 "-" 14 0
Nov 25 15:48:17 standalone object-server[128013]: 172.20.0.100 - - [25/Nov/2025:15:48:17 +0000] "PUT /d1/239/AUTH_70c830e2e6e44c7fbd49e14db2a2eaea/gnocchi.7e1be868-7e5c-4f0e-bece-065cbb3840fe/1763640000.0_mean_300.0_v3" 201 - "PUT http://172.18.0.2:8080/v1/AUTH_70c830e2e6e44c7fbd49e14db2a2eaea/gnocchi.7e1be868-7e5c-4f0e-bece-065cbb3840fe/1763640000.0_mean_300.0_v3" "tx8b58e58c0bf84d6aa7ca7-006925cfc1" "proxy-server 20" 0.0188 "-" 25 0
Nov 25 15:48:17 standalone proxy-server[129613]: 172.18.0.2 172.18.0.100 25/Nov/2025/15/48/17 PUT /v1/AUTH_70c830e2e6e44c7fbd49e14db2a2eaea/gnocchi.7e1be868-7e5c-4f0e-bece-065cbb3840fe/1763640000.0_mean_300.0_v3 HTTP/1.0 201 - python-swiftclient-3.11.1 gAAAAABpJc8CrfzC... 16 - - tx8b58e58c0bf84d6aa7ca7-006925cfc1 - 0.0249 - - 1764085697.714427710 1764085697.739356995 0
Nov 25 15:48:17 standalone container-server[127718]: 172.20.0.100 - - [25/Nov/2025:15:48:17 +0000] "PUT /d1/274/AUTH_70c830e2e6e44c7fbd49e14db2a2eaea/gnocchi.7e1be868-7e5c-4f0e-bece-065cbb3840fe/none_v3" 201 - "PUT http://172.18.0.2:8080/d1/155/AUTH_70c830e2e6e44c7fbd49e14db2a2eaea/gnocchi.7e1be868-7e5c-4f0e-bece-065cbb3840fe/none_v3" "txf44e331b4e714dbf939d5-006925cfc1" "object-server 23" 0.0005 "-" 15 0
Nov 25 15:48:17 standalone object-server[128011]: 172.20.0.100 - - [25/Nov/2025:15:48:17 +0000] "PUT /d1/155/AUTH_70c830e2e6e44c7fbd49e14db2a2eaea/gnocchi.7e1be868-7e5c-4f0e-bece-065cbb3840fe/none_v3" 201 - "PUT http://172.18.0.2:8080/v1/AUTH_70c830e2e6e44c7fbd49e14db2a2eaea/gnocchi.7e1be868-7e5c-4f0e-bece-065cbb3840fe/none_v3" "txf44e331b4e714dbf939d5-006925cfc1" "proxy-server 20" 0.0086 "-" 23 0
Nov 25 15:48:17 standalone proxy-server[129613]: 172.18.0.2 172.18.0.100 25/Nov/2025/15/48/17 PUT /v1/AUTH_70c830e2e6e44c7fbd49e14db2a2eaea/gnocchi.7e1be868-7e5c-4f0e-bece-065cbb3840fe/none_v3 HTTP/1.0 201 - python-swiftclient-3.11.1 gAAAAABpJc8CrfzC... 22 - - txf44e331b4e714dbf939d5-006925cfc1 - 0.0133 - - 1764085697.741697788 1764085697.754966259 0
Nov 25 15:48:17 standalone container-server[127745]: 172.20.0.100 - - [25/Nov/2025:15:48:17 +0000] "HEAD /d1/941/AUTH_70c830e2e6e44c7fbd49e14db2a2eaea/gnocchi.2c55bce6-47ba-4547-9295-f94b43618ccc" 404 - "HEAD http://172.18.0.2:8080/v1/AUTH_70c830e2e6e44c7fbd49e14db2a2eaea/gnocchi.2c55bce6-47ba-4547-9295-f94b43618ccc?format=json&states=listing" "tx32d0dbe4ec9741b892d11-006925cfc1" "proxy-server 20" 0.0004 "-" 17 0
Nov 25 15:48:17 standalone object-server[128012]: 172.20.0.100 - - [25/Nov/2025:15:48:17 +0000] "GET /d1/539/AUTH_70c830e2e6e44c7fbd49e14db2a2eaea/gnocchi.2c55bce6-47ba-4547-9295-f94b43618ccc/none_v3" 404 70 "GET http://172.18.0.2:8080/v1/AUTH_70c830e2e6e44c7fbd49e14db2a2eaea/gnocchi.2c55bce6-47ba-4547-9295-f94b43618ccc/none_v3" "tx32d0dbe4ec9741b892d11-006925cfc1" "proxy-server 20" 0.0003 "-" 24 0
Nov 25 15:48:17 standalone proxy-server[129613]: 172.18.0.2 172.18.0.100 25/Nov/2025/15/48/17 GET /v1/AUTH_70c830e2e6e44c7fbd49e14db2a2eaea/gnocchi.2c55bce6-47ba-4547-9295-f94b43618ccc/none_v3 HTTP/1.0 404 - python-swiftclient-3.11.1 gAAAAABpJc8CrfzC... - 70 - tx32d0dbe4ec9741b892d11-006925cfc1 - 0.0200 - - 1764085697.768918991 1764085697.788945198 0
Nov 25 15:48:17 standalone account-server[127558]: 172.20.0.100 - - [25/Nov/2025:15:48:17 +0000] "PUT /d1/632/AUTH_70c830e2e6e44c7fbd49e14db2a2eaea/gnocchi.2c55bce6-47ba-4547-9295-f94b43618ccc" 201 - "PUT http://172.20.0.100:6001/d1/941/AUTH_70c830e2e6e44c7fbd49e14db2a2eaea/gnocchi.2c55bce6-47ba-4547-9295-f94b43618ccc" "tx86aaab628e5c4d38be9b3-006925cfc1" "container-server 15" 0.0042 "-" 21 0
Nov 25 15:48:17 standalone container-server[127718]: 172.20.0.100 - - [25/Nov/2025:15:48:17 +0000] "PUT /d1/941/AUTH_70c830e2e6e44c7fbd49e14db2a2eaea/gnocchi.2c55bce6-47ba-4547-9295-f94b43618ccc" 201 - "PUT http://172.18.0.2:8080/v1/AUTH_70c830e2e6e44c7fbd49e14db2a2eaea/gnocchi.2c55bce6-47ba-4547-9295-f94b43618ccc" "tx86aaab628e5c4d38be9b3-006925cfc1" "proxy-server 20" 0.0137 "-" 15 0
Nov 25 15:48:17 standalone proxy-server[129613]: 172.18.0.2 172.18.0.100 25/Nov/2025/15/48/17 PUT /v1/AUTH_70c830e2e6e44c7fbd49e14db2a2eaea/gnocchi.2c55bce6-47ba-4547-9295-f94b43618ccc HTTP/1.0 201 - python-swiftclient-3.11.1 gAAAAABpJc8CrfzC... - - - tx86aaab628e5c4d38be9b3-006925cfc1 - 0.0205 - - 1764085697.794034004 1764085697.814575911 0
Nov 25 15:48:17 standalone container-server[127714]: 172.20.0.100 - - [25/Nov/2025:15:48:17 +0000] "HEAD /d1/117/AUTH_70c830e2e6e44c7fbd49e14db2a2eaea/gnocchi.8aaadd21-7ad3-4247-8a4f-e63d4f51e74c" 404 - "HEAD http://172.18.0.2:8080/v1/AUTH_70c830e2e6e44c7fbd49e14db2a2eaea/gnocchi.8aaadd21-7ad3-4247-8a4f-e63d4f51e74c?format=json&states=listing" "tx3cf63ab99084496282e02-006925cfc1" "proxy-server 20" 0.0004 "-" 14 0
Nov 25 15:48:17 standalone object-server[128011]: 172.20.0.100 - - [25/Nov/2025:15:48:17 +0000] "GET /d1/786/AUTH_70c830e2e6e44c7fbd49e14db2a2eaea/gnocchi.8aaadd21-7ad3-4247-8a4f-e63d4f51e74c/none_v3" 404 70 "GET http://172.18.0.2:8080/v1/AUTH_70c830e2e6e44c7fbd49e14db2a2eaea/gnocchi.8aaadd21-7ad3-4247-8a4f-e63d4f51e74c/none_v3" "tx3cf63ab99084496282e02-006925cfc1" "proxy-server 20" 0.0003 "-" 23 0
Nov 25 15:48:17 standalone proxy-server[129613]: 172.18.0.2 172.18.0.100 25/Nov/2025/15/48/17 GET /v1/AUTH_70c830e2e6e44c7fbd49e14db2a2eaea/gnocchi.8aaadd21-7ad3-4247-8a4f-e63d4f51e74c/none_v3 HTTP/1.0 404 - python-swiftclient-3.11.1 gAAAAABpJc8CrfzC... - 70 - tx3cf63ab99084496282e02-006925cfc1 - 0.0129 - - 1764085697.823418856 1764085697.836333275 0
Nov 25 15:48:17 standalone account-server[127576]: 172.20.0.100 - - [25/Nov/2025:15:48:17 +0000] "PUT /d1/632/AUTH_70c830e2e6e44c7fbd49e14db2a2eaea/gnocchi.8aaadd21-7ad3-4247-8a4f-e63d4f51e74c" 201 - "PUT http://172.20.0.100:6001/d1/117/AUTH_70c830e2e6e44c7fbd49e14db2a2eaea/gnocchi.8aaadd21-7ad3-4247-8a4f-e63d4f51e74c" "tx92feae5144874af881907-006925cfc1" "container-server 14" 0.0105 "-" 23 0
Nov 25 15:48:17 standalone container-server[127714]: 172.20.0.100 - - [25/Nov/2025:15:48:17 +0000] "PUT /d1/117/AUTH_70c830e2e6e44c7fbd49e14db2a2eaea/gnocchi.8aaadd21-7ad3-4247-8a4f-e63d4f51e74c" 201 - "PUT http://172.18.0.2:8080/v1/AUTH_70c830e2e6e44c7fbd49e14db2a2eaea/gnocchi.8aaadd21-7ad3-4247-8a4f-e63d4f51e74c" "tx92feae5144874af881907-006925cfc1" "proxy-server 20" 0.0231 "-" 14 0
