Nov 25 15:47:27 standalone proxy-server[129613]: - - 25/Nov/2025/15/47/27 HEAD /v1/AUTH_70c830e2e6e44c7fbd49e14db2a2eaea/gnocchi.2ba2c47f-907b-40e3-a557-0d7d122fd28c%3Fformat%3Djson%26states%3Dlisting HTTP/1.0 204 - Swift - - - - txa029e695520f4d878070b-006925cf8f - 0.0066 RL - 1764085647.891991854 1764085647.898573160 0
Nov 25 15:47:27 standalone container-server[127718]: 172.20.0.100 - - [25/Nov/2025:15:47:27 +0000] "GET /d1/768/AUTH_70c830e2e6e44c7fbd49e14db2a2eaea/gnocchi.2ba2c47f-907b-40e3-a557-0d7d122fd28c" 200 2 "GET http://172.18.0.2:8080/v1/AUTH_70c830e2e6e44c7fbd49e14db2a2eaea/gnocchi.2ba2c47f-907b-40e3-a557-0d7d122fd28c?format=json&states=listing" "txa029e695520f4d878070b-006925cf8f" "proxy-server 20" 0.0023 "-" 15 0
Nov 25 15:47:27 standalone proxy-server[129613]: 172.18.0.2 172.18.0.100 25/Nov/2025/15/47/27 GET /v1/AUTH_70c830e2e6e44c7fbd49e14db2a2eaea/gnocchi.2ba2c47f-907b-40e3-a557-0d7d122fd28c%3Fformat%3Djson%26states%3Dlisting HTTP/1.0 200 - python-swiftclient-3.11.1 gAAAAABpJc8CrfzC... - 2 - txa029e695520f4d878070b-006925cf8f - 0.0174 - - 1764085647.890547276 1764085647.907902241 0
Nov 25 15:47:27 standalone object-server[128012]: 172.20.0.100 - - [25/Nov/2025:15:47:27 +0000] "GET /d1/369/AUTH_70c830e2e6e44c7fbd49e14db2a2eaea/gnocchi.2ba2c47f-907b-40e3-a557-0d7d122fd28c/1763640000.0_mean_300.0_v3" 404 70 "GET http://172.18.0.2:8080/v1/AUTH_70c830e2e6e44c7fbd49e14db2a2eaea/gnocchi.2ba2c47f-907b-40e3-a557-0d7d122fd28c/1763640000.0_mean_300.0_v3" "tx8a23121542bd4ef192afa-006925cf8f" "proxy-server 20" 0.0003 "-" 24 0
Nov 25 15:47:27 standalone proxy-server[129613]: 172.18.0.2 172.18.0.100 25/Nov/2025/15/47/27 GET /v1/AUTH_70c830e2e6e44c7fbd49e14db2a2eaea/gnocchi.2ba2c47f-907b-40e3-a557-0d7d122fd28c/1763640000.0_mean_300.0_v3 HTTP/1.0 404 - python-swiftclient-3.11.1 gAAAAABpJc8CrfzC... - 70 - tx8a23121542bd4ef192afa-006925cf8f - 0.0055 - - 1764085647.911878824 1764085647.917362452 0
Nov 25 15:47:27 standalone container-server[127734]: 172.20.0.100 - - [25/Nov/2025:15:47:27 +0000] "PUT /d1/768/AUTH_70c830e2e6e44c7fbd49e14db2a2eaea/gnocchi.2ba2c47f-907b-40e3-a557-0d7d122fd28c/1763640000.0_mean_300.0_v3" 201 - "PUT http://172.18.0.2:8080/d1/369/AUTH_70c830e2e6e44c7fbd49e14db2a2eaea/gnocchi.2ba2c47f-907b-40e3-a557-0d7d122fd28c/1763640000.0_mean_300.0_v3" "tx86e93a047cdb47bc8a1e6-006925cf8f" "object-server 23" 0.0009 "-" 16 0
Nov 25 15:47:27 standalone object-server[128011]: 172.20.0.100 - - [25/Nov/2025:15:47:27 +0000] "PUT /d1/369/AUTH_70c830e2e6e44c7fbd49e14db2a2eaea/gnocchi.2ba2c47f-907b-40e3-a557-0d7d122fd28c/1763640000.0_mean_300.0_v3" 201 - "PUT http://172.18.0.2:8080/v1/AUTH_70c830e2e6e44c7fbd49e14db2a2eaea/gnocchi.2ba2c47f-907b-40e3-a557-0d7d122fd28c/1763640000.0_mean_300.0_v3" "tx86e93a047cdb47bc8a1e6-006925cf8f" "proxy-server 20" 0.0145 "-" 23 0
Nov 25 15:47:27 standalone proxy-server[129613]: 172.18.0.2 172.18.0.100 25/Nov/2025/15/47/27 PUT /v1/AUTH_70c830e2e6e44c7fbd49e14db2a2eaea/gnocchi.2ba2c47f-907b-40e3-a557-0d7d122fd28c/1763640000.0_mean_300.0_v3 HTTP/1.0 201 - python-swiftclient-3.11.1 gAAAAABpJc8CrfzC... 16 - - tx86e93a047cdb47bc8a1e6-006925cf8f - 0.0212 - - 1764085647.921779394 1764085647.943008184 0
Nov 25 15:47:27 standalone container-server[127734]: 172.20.0.100 - - [25/Nov/2025:15:47:27 +0000] "PUT /d1/768/AUTH_70c830e2e6e44c7fbd49e14db2a2eaea/gnocchi.2ba2c47f-907b-40e3-a557-0d7d122fd28c/none_v3" 201 - "PUT http://172.18.0.2:8080/d1/558/AUTH_70c830e2e6e44c7fbd49e14db2a2eaea/gnocchi.2ba2c47f-907b-40e3-a557-0d7d122fd28c/none_v3" "tx94a66bb53b144841a2a34-006925cf8f" "object-server 24" 0.0009 "-" 16 0
Nov 25 15:47:27 standalone object-server[128012]: 172.20.0.100 - - [25/Nov/2025:15:47:27 +0000] "PUT /d1/558/AUTH_70c830e2e6e44c7fbd49e14db2a2eaea/gnocchi.2ba2c47f-907b-40e3-a557-0d7d122fd28c/none_v3" 201 - "PUT http://172.18.0.2:8080/v1/AUTH_70c830e2e6e44c7fbd49e14db2a2eaea/gnocchi.2ba2c47f-907b-40e3-a557-0d7d122fd28c/none_v3" "tx94a66bb53b144841a2a34-006925cf8f" "proxy-server 20" 0.0120 "-" 24 0
Nov 25 15:47:27 standalone proxy-server[129613]: 172.18.0.2 172.18.0.100 25/Nov/2025/15/47/27 PUT /v1/AUTH_70c830e2e6e44c7fbd49e14db2a2eaea/gnocchi.2ba2c47f-907b-40e3-a557-0d7d122fd28c/none_v3 HTTP/1.0 201 - python-swiftclient-3.11.1 gAAAAABpJc8CrfzC... 22 - - tx94a66bb53b144841a2a34-006925cf8f - 0.0182 - - 1764085647.980304956 1764085647.998525143 0
Nov 25 15:47:28 standalone container-server[127745]: 172.20.0.100 - - [25/Nov/2025:15:47:28 +0000] "HEAD /d1/784/AUTH_70c830e2e6e44c7fbd49e14db2a2eaea/gnocchi.8838f5b0-17f9-4314-bb24-1a30b7fca736" 404 - "HEAD http://172.18.0.2:8080/v1/AUTH_70c830e2e6e44c7fbd49e14db2a2eaea/gnocchi.8838f5b0-17f9-4314-bb24-1a30b7fca736?format=json&states=listing" "txfc8bfaa42f7148cb93952-006925cf90" "proxy-server 20" 0.0004 "-" 17 0
Nov 25 15:47:28 standalone object-server[128010]: 172.20.0.100 - - [25/Nov/2025:15:47:28 +0000] "GET /d1/326/AUTH_70c830e2e6e44c7fbd49e14db2a2eaea/gnocchi.8838f5b0-17f9-4314-bb24-1a30b7fca736/none_v3" 404 70 "GET http://172.18.0.2:8080/v1/AUTH_70c830e2e6e44c7fbd49e14db2a2eaea/gnocchi.8838f5b0-17f9-4314-bb24-1a30b7fca736/none_v3" "txfc8bfaa42f7148cb93952-006925cf90" "proxy-server 20" 0.0004 "-" 22 0
Nov 25 15:47:28 standalone proxy-server[129613]: 172.18.0.2 172.18.0.100 25/Nov/2025/15/47/28 GET /v1/AUTH_70c830e2e6e44c7fbd49e14db2a2eaea/gnocchi.8838f5b0-17f9-4314-bb24-1a30b7fca736/none_v3 HTTP/1.0 404 - python-swiftclient-3.11.1 gAAAAABpJc8CrfzC... - 70 - txfc8bfaa42f7148cb93952-006925cf90 - 0.0115 - - 1764085648.008306265 1764085648.019781113 0
Nov 25 15:47:28 standalone account-server[127564]: 172.20.0.100 - - [25/Nov/2025:15:47:28 +0000] "PUT /d1/632/AUTH_70c830e2e6e44c7fbd49e14db2a2eaea/gnocchi.8838f5b0-17f9-4314-bb24-1a30b7fca736" 201 - "PUT http://172.20.0.100:6001/d1/784/AUTH_70c830e2e6e44c7fbd49e14db2a2eaea/gnocchi.8838f5b0-17f9-4314-bb24-1a30b7fca736" "txc80429ad7bdf41a78a5ac-006925cf90" "container-server 15" 0.0040 "-" 22 0
Nov 25 15:47:28 standalone container-server[127718]: 172.20.0.100 - - [25/Nov/2025:15:47:28 +0000] "PUT /d1/784/AUTH_70c830e2e6e44c7fbd49e14db2a2eaea/gnocchi.8838f5b0-17f9-4314-bb24-1a30b7fca736" 201 - "PUT http://172.18.0.2:8080/v1/AUTH_70c830e2e6e44c7fbd49e14db2a2eaea/gnocchi.8838f5b0-17f9-4314-bb24-1a30b7fca736" "txc80429ad7bdf41a78a5ac-006925cf90" "proxy-server 20" 0.0173 "-" 15 0
Nov 25 15:47:28 standalone proxy-server[129613]: 172.18.0.2 172.18.0.100 25/Nov/2025/15/47/28 PUT /v1/AUTH_70c830e2e6e44c7fbd49e14db2a2eaea/gnocchi.8838f5b0-17f9-4314-bb24-1a30b7fca736 HTTP/1.0 201 - python-swiftclient-3.11.1 gAAAAABpJc8CrfzC... - - - txc80429ad7bdf41a78a5ac-006925cf90 - 0.0226 - - 1764085648.023822308 1764085648.046376705 0
Nov 25 15:47:28 standalone container-server[127718]: 172.20.0.100 - - [25/Nov/2025:15:47:28 +0000] "HEAD /d1/784/AUTH_70c830e2e6e44c7fbd49e14db2a2eaea/gnocchi.8838f5b0-17f9-4314-bb24-1a30b7fca736" 204 - "HEAD http://172.18.0.2:8080/v1/AUTH_70c830e2e6e44c7fbd49e14db2a2eaea/gnocchi.8838f5b0-17f9-4314-bb24-1a30b7fca736?format=json&states=listing" "tx3b419c151dbe454891357-006925cf90" "proxy-server 20" 0.0014 "-" 15 0
Nov 25 15:47:28 standalone proxy-server[129613]: - - 25/Nov/2025/15/47/28 HEAD /v1/AUTH_70c830e2e6e44c7fbd49e14db2a2eaea/gnocchi.8838f5b0-17f9-4314-bb24-1a30b7fca736%3Fformat%3Djson%26states%3Dlisting HTTP/1.0 204 - Swift - - - - tx3b419c151dbe454891357-006925cf90 - 0.0040 RL - 1764085648.050046206 1764085648.054056644 0
Nov 25 15:47:28 standalone container-server[127734]: 172.20.0.100 - - [25/Nov/2025:15:47:28 +0000] "GET /d1/784/AUTH_70c830e2e6e44c7fbd49e14db2a2eaea/gnocchi.8838f5b0-17f9-4314-bb24-1a30b7fca736" 200 2 "GET http://172.18.0.2:8080/v1/AUTH_70c830e2e6e44c7fbd49e14db2a2eaea/gnocchi.8838f5b0-17f9-4314-bb24-1a30b7fca736?format=json&states=listing" "tx3b419c151dbe454891357-006925cf90" "proxy-server 20" 0.0090 "-" 16 0
Nov 25 15:47:28 standalone proxy-server[129613]: 172.18.0.2 172.18.0.100 25/Nov/2025/15/47/28 GET /v1/AUTH_70c830e2e6e44c7fbd49e14db2a2eaea/gnocchi.8838f5b0-17f9-4314-bb24-1a30b7fca736%3Fformat%3Djson%26states%3Dlisting HTTP/1.0 200 - python-swiftclient-3.11.1 gAAAAABpJc8CrfzC... - 2 - tx3b419c151dbe454891357-006925cf90 - 0.0196 - - 1764085648.049170732 1764085648.068813086 0
Nov 25 15:47:28 standalone object-server[128012]: 172.20.0.100 - - [25/Nov/2025:15:47:28 +0000] "GET /d1/154/AUTH_70c830e2e6e44c7fbd49e14db2a2eaea/gnocchi.8838f5b0-17f9-4314-bb24-1a30b7fca736/1763640000.0_mean_300.0_v3" 404 70 "GET http://172.18.0.2:8080/v1/AUTH_70c830e2e6e44c7fbd49e14db2a2eaea/gnocchi.8838f5b0-17f9-4314-bb24-1a30b7fca736/1763640000.0_mean_300.0_v3" "txbac967aa05fe47a8b3a8f-006925cf90" "proxy-server 20" 0.0003 "-" 24 0
Nov 25 15:47:28 standalone proxy-server[129613]: 172.18.0.2 172.18.0.100 25/Nov/2025/15/47/28 GET /v1/AUTH_70c830e2e6e44c7fbd49e14db2a2eaea/gnocchi.8838f5b0-17f9-4314-bb24-1a30b7fca736/1763640000.0_mean_300.0_v3 HTTP/1.0 404 - python-swiftclient-3.11.1 gAAAAABpJc8CrfzC... - 70 - txbac967aa05fe47a8b3a8f-006925cf90 - 0.0062 - - 1764085648.072971344 1764085648.079153061 0
Nov 25 15:47:28 standalone container-server[127718]: 172.20.0.100 - - [25/Nov/2025:15:47:28 +0000] "PUT /d1/784/AUTH_70c830e2e6e44c7fbd49e14db2a2eaea/gnocchi.8838f5b0-17f9-4314-bb24-1a30b7fca736/1763640000.0_mean_300.0_v3" 201 - "PUT http://172.18.0.2:8080/d1/154/AUTH_70c830e2e6e44c7fbd49e14db2a2eaea/gnocchi.8838f5b0-17f9-4314-bb24-1a30b7fca736/1763640000.0_mean_300.0_v3" "tx1598804ea53947c6be9a9-006925cf90" "object-server 23" 0.0006 "-" 15 0
Nov 25 15:47:28 standalone object-server[128011]: 172.20.0.100 - - [25/Nov/2025:15:47:28 +0000] "PUT /d1/154/AUTH_70c830e2e6e44c7fbd49e14db2a2eaea/gnocchi.8838f5b0-17f9-4314-bb24-1a30b7fca736/1763640000.0_mean_300.0_v3" 201 - "PUT http://172.18.0.2:8080/v1/AUTH_70c830e2e6e44c7fbd49e14db2a2eaea/gnocchi.8838f5b0-17f9-4314-bb24-1a30b7fca736/1763640000.0_mean_300.0_v3" "tx1598804ea53947c6be9a9-006925cf90" "proxy-server 20" 0.0103 "-" 23 0
Nov 25 15:47:28 standalone proxy-server[129613]: 172.18.0.2 172.18.0.100 25/Nov/2025/15/47/28 PUT /v1/AUTH_70c830e2e6e44c7fbd49e14db2a2eaea/gnocchi.8838f5b0-17f9-4314-bb24-1a30b7fca736/1763640000.0_mean_300.0_v3 HTTP/1.0 201 - python-swiftclient-3.11.1 gAAAAABpJc8CrfzC... 16 - - tx1598804ea53947c6be9a9-006925cf90 - 0.0164 - - 1764085648.081952333 1764085648.098381042 0
Nov 25 15:47:28 standalone container-server[127714]: 172.20.0.100 - - [25/Nov/2025:15:47:28 +0000] "PUT /d1/784/AUTH_70c830e2e6e44c7fbd49e14db2a2eaea/gnocchi.8838f5b0-17f9-4314-bb24-1a30b7fca736/none_v3" 201 - "PUT http://172.18.0.2:8080/d1/326/AUTH_70c830e2e6e44c7fbd49e14db2a2eaea/gnocchi.8838f5b0-17f9-4314-bb24-1a30b7fca736/none_v3" "tx0a6eb88b01934e55b7f3c-006925cf90" "object-server 25" 0.0007 "-" 14 0
Nov 25 15:47:28 standalone object-server[128013]: 172.20.0.100 - - [25/Nov/2025:15:47:28 +0000] "PUT /d1/326/AUTH_70c830e2e6e44c7fbd49e14db2a2eaea/gnocchi.8838f5b0-17f9-4314-bb24-1a30b7fca736/none_v3" 201 - "PUT http://172.18.0.2:8080/v1/AUTH_70c830e2e6e44c7fbd49e14db2a2eaea/gnocchi.8838f5b0-17f9-4314-bb24-1a30b7fca736/none_v3" "tx0a6eb88b01934e55b7f3c-006925cf90" "proxy-server 20" 0.0098 "-" 25 0
Nov 25 15:47:28 standalone proxy-server[129613]: 172.18.0.2 172.18.0.100 25/Nov/2025/15/47/28 PUT /v1/AUTH_70c830e2e6e44c7fbd49e14db2a2eaea/gnocchi.8838f5b0-17f9-4314-bb24-1a30b7fca736/none_v3 HTTP/1.0 201 - python-swiftclient-3.11.1 gAAAAABpJc8CrfzC... 22 - - tx0a6eb88b01934e55b7f3c-006925cf90 - 0.0162 - - 1764085648.101574421 1764085648.117758036 0
Nov 25 15:47:28 standalone container-server[127714]: 172.20.0.100 - - [25/Nov/2025:15:47:28 +0000] "HEAD /d1/959/AUTH_70c830e2e6e44c7fbd49e14db2a2eaea/gnocchi.69f7b74c-2059-4950-aaa6-fc397002a63e" 404 - "HEAD http://172.18.0.2:8080/v1/AUTH_70c830e2e6e44c7fbd49e14db2a2eaea/gnocchi.69f7b74c-2059-4950-aaa6-fc397002a63e?format=json&states=listing" "txf68e993e4b1b4ed0a68ad-006925cf90" "proxy-server 20" 0.0007 "-" 14 0
Nov 25 15:47:28 standalone object-server[128013]: 172.20.0.100 - - [25/Nov/2025:15:47:28 +0000] "GET /d1/298/AUTH_70c830e2e6e44c7fbd49e14db2a2eaea/gnocchi.69f7b74c-2059-4950-aaa6-fc397002a63e/none_v3" 404 70 "GET http://172.18.0.2:8080/v1/AUTH_70c830e2e6e44c7fbd49e14db2a2eaea/gnocchi.69f7b74c-2059-4950-aaa6-fc397002a63e/none_v3" "txf68e993e4b1b4ed0a68ad-006925cf90" "proxy-server 20" 0.0003 "-" 25 0
Nov 25 15:47:28 standalone proxy-server[129613]: 172.18.0.2 172.18.0.100 25/Nov/2025/15/47/28 GET /v1/AUTH_70c830e2e6e44c7fbd49e14db2a2eaea/gnocchi.69f7b74c-2059-4950-aaa6-fc397002a63e/none_v3 HTTP/1.0 404 - python-swiftclient-3.11.1 gAAAAABpJc8CrfzC... - 70 - txf68e993e4b1b4ed0a68ad-006925cf90 - 0.0102 - - 1764085648.128341436 1764085648.138569355 0
Nov 25 15:47:28 standalone account-server[127564]: 172.20.0.100 - - [25/Nov/2025:15:47:28 +0000] "PUT /d1/632/AUTH_70c830e2e6e44c7fbd49e14db2a2eaea/gnocchi.69f7b74c-2059-4950-aaa6-fc397002a63e" 201 - "PUT http://172.20.0.100:6001/d1/959/AUTH_70c830e2e6e44c7fbd49e14db2a2eaea/gnocchi.69f7b74c-2059-4950-aaa6-fc397002a63e" "tx412dadb6fa4844d88aafa-006925cf90" "container-server 16" 0.0047 "-" 22 0
Nov 25 15:47:28 standalone container-server[127734]: 172.20.0.100 - - [25/Nov/2025:15:47:28 +0000] "PUT /d1/959/AUTH_70c830e2e6e44c7fbd49e14db2a2eaea/gnocchi.69f7b74c-2059-4950-aaa6-fc397002a63e" 201 - "PUT http://172.18.0.2:8080/v1/AUTH_70c830e2e6e44c7fbd49e14db2a2eaea/gnocchi.69f7b74c-2059-4950-aaa6-fc397002a63e" "tx412dadb6fa4844d88aafa-006925cf90" "proxy-server 20" 0.0218 "-" 16 0
Nov 25 15:47:28 standalone proxy-server[129613]: 172.18.0.2 172.18.0.100 25/Nov/2025/15/47/28 PUT /v1/AUTH_70c830e2e6e44c7fbd49e14db2a2eaea/gnocchi.69f7b74c-2059-4950-aaa6-fc397002a63e HTTP/1.0 201 - python-swiftclient-3.11.1 gAAAAABpJc8CrfzC... - - - tx412dadb6fa4844d88aafa-006925cf90 - 0.0284 - - 1764085648.140663385 1764085648.169062614 0
Nov 25 15:47:28 standalone container-server[127745]: 172.20.0.100 - - [25/Nov/2025:15:47:28 +0000] "HEAD /d1/959/AUTH_70c830e2e6e44c7fbd49e14db2a2eaea/gnocchi.69f7b74c-2059-4950-aaa6-fc397002a63e" 204 - "HEAD http://172.18.0.2:8080/v1/AUTH_70c830e2e6e44c7fbd49e14db2a2eaea/gnocchi.69f7b74c-2059-4950-aaa6-fc397002a63e?format=json&states=listing" "txb3f4d3e303ee48c5986b4-006925cf90" "proxy-server 20" 0.0016 "-" 17 0
Nov 25 15:47:28 standalone proxy-server[129613]: - - 25/Nov/2025/15/47/28 HEAD /v1/AUTH_70c830e2e6e44c7fbd49e14db2a2eaea/gnocchi.69f7b74c-2059-4950-aaa6-fc397002a63e%3Fformat%3Djson%26states%3Dlisting HTTP/1.0 204 - Swift - - - - txb3f4d3e303ee48c5986b4-006925cf90 - 0.0047 RL - 1764085648.173579454 1764085648.178328276 0
Nov 25 15:47:28 standalone container-server[127718]: 172.20.0.100 - - [25/Nov/2025:15:47:28 +0000] "GET /d1/959/AUTH_70c830e2e6e44c7fbd49e14db2a2eaea/gnocchi.69f7b74c-2059-4950-aaa6-fc397002a63e" 200 2 "GET http://172.18.0.2:8080/v1/AUTH_70c830e2e6e44c7fbd49e14db2a2eaea/gnocchi.69f7b74c-2059-4950-aaa6-fc397002a63e?format=json&states=listing" "txb3f4d3e303ee48c5986b4-006925cf90" "proxy-server 20" 0.0052 "-" 15 0
Nov 25 15:47:28 standalone proxy-server[129613]: 172.18.0.2 172.18.0.100 25/Nov/2025/15/47/28 GET /v1/AUTH_70c830e2e6e44c7fbd49e14db2a2eaea/gnocchi.69f7b74c-2059-4950-aaa6-fc397002a63e%3Fformat%3Djson%26states%3Dlisting HTTP/1.0 200 - python-swiftclient-3.11.1 gAAAAABpJc8CrfzC... - 2 - txb3f4d3e303ee48c5986b4-006925cf90 - 0.0200 - - 1764085648.172437191 1764085648.192388296 0
Nov 25 15:47:28 standalone object-server[128010]: 172.20.0.100 - - [25/Nov/2025:15:47:28 +0000] "GET /d1/1011/AUTH_70c830e2e6e44c7fbd49e14db2a2eaea/gnocchi.69f7b74c-2059-4950-aaa6-fc397002a63e/1763640000.0_mean_300.0_v3" 404 70 "GET http://172.18.0.2:8080/v1/AUTH_70c830e2e6e44c7fbd49e14db2a2eaea/gnocchi.69f7b74c-2059-4950-aaa6-fc397002a63e/1763640000.0_mean_300.0_v3" "tx712675b600a0430c995ae-006925cf90" "proxy-server 20" 0.0007 "-" 22 0
Nov 25 15:47:28 standalone proxy-server[129613]: 172.18.0.2 172.18.0.100 25/Nov/2025/15/47/28 GET /v1/AUTH_70c830e2e6e44c7fbd49e14db2a2eaea/gnocchi.69f7b74c-2059-4950-aaa6-fc397002a63e/1763640000.0_mean_300.0_v3 HTTP/1.0 404 - python-swiftclient-3.11.1 gAAAAABpJc8CrfzC... - 70 - tx712675b600a0430c995ae-006925cf90 - 0.0074 - - 1764085648.195817232 1764085648.203252077 0
Nov 25 15:47:28 standalone container-server[127734]: 172.20.0.100 - - [25/Nov/2025:15:47:28 +0000] "PUT /d1/959/AUTH_70c830e2e6e44c7fbd49e14db2a2eaea/gnocchi.69f7b74c-2059-4950-aaa6-fc397002a63e/1763640000.0_mean_300.0_v3" 201 - "PUT http://172.18.0.2:8080/d1/1011/AUTH_70c830e2e6e44c7fbd49e14db2a2eaea/gnocchi.69f7b74c-2059-4950-aaa6-fc397002a63e/1763640000.0_mean_300.0_v3" "tx224079f9bd4741c79d0c0-006925cf90" "object-server 23" 0.0011 "-" 16 0
Nov 25 15:47:28 standalone object-server[128011]: 172.20.0.100 - - [25/Nov/2025:15:47:28 +0000] "PUT /d1/1011/AUTH_70c830e2e6e44c7fbd49e14db2a2eaea/gnocchi.69f7b74c-2059-4950-aaa6-fc397002a63e/1763640000.0_mean_300.0_v3" 201 - "PUT http://172.18.0.2:8080/v1/AUTH_70c830e2e6e44c7fbd49e14db2a2eaea/gnocchi.69f7b74c-2059-4950-aaa6-fc397002a63e/1763640000.0_mean_300.0_v3" "tx224079f9bd4741c79d0c0-006925cf90" "proxy-server 20" 0.0125 "-" 23 0
Nov 25 15:47:28 standalone proxy-server[129613]: 172.18.0.2 172.18.0.100 25/Nov/2025/15/47/28 PUT /v1/AUTH_70c830e2e6e44c7fbd49e14db2a2eaea/gnocchi.69f7b74c-2059-4950-aaa6-fc397002a63e/1763640000.0_mean_300.0_v3 HTTP/1.0 201 - python-swiftclient-3.11.1 gAAAAABpJc8CrfzC... 16 - - tx224079f9bd4741c79d0c0-006925cf90 - 0.0208 - - 1764085648.205574751 1764085648.226415396 0
Nov 25 15:47:28 standalone container-server[127734]: 172.20.0.100 - - [25/Nov/2025:15:47:28 +0000] "PUT /d1/959/AUTH_70c830e2e6e44c7fbd49e14db2a2eaea/gnocchi.69f7b74c-2059-4950-aaa6-fc397002a63e/none_v3" 201 - "PUT http://172.18.0.2:8080/d1/298/AUTH_70c830e2e6e44c7fbd49e14db2a2eaea/gnocchi.69f7b74c-2059-4950-aaa6-fc397002a63e/none_v3" "txf3da86f40c934515a7ca4-006925cf90" "object-server 23" 0.0008 "-" 16 0
Nov 25 15:47:28 standalone object-server[128011]: 172.20.0.100 - - [25/Nov/2025:15:47:28 +0000] "PUT /d1/298/AUTH_70c830e2e6e44c7fbd49e14db2a2eaea/gnocchi.69f7b74c-2059-4950-aaa6-fc397002a63e/none_v3" 201 - "PUT http://172.18.0.2:8080/v1/AUTH_70c830e2e6e44c7fbd49e14db2a2eaea/gnocchi.69f7b74c-2059-4950-aaa6-fc397002a63e/none_v3" "txf3da86f40c934515a7ca4-006925cf90" "proxy-server 20" 0.0120 "-" 23 0
Nov 25 15:47:28 standalone proxy-server[129613]: 172.18.0.2 172.18.0.100 25/Nov/2025/15/47/28 PUT /v1/AUTH_70c830e2e6e44c7fbd49e14db2a2eaea/gnocchi.69f7b74c-2059-4950-aaa6-fc397002a63e/none_v3 HTTP/1.0 201 - python-swiftclient-3.11.1 gAAAAABpJc8CrfzC... 22 - - txf3da86f40c934515a7ca4-006925cf90 - 0.0194 - - 1764085648.228938818 1764085648.248351336 0
Nov 25 15:47:38 standalone container-server[127714]: 172.20.0.100 - - [25/Nov/2025:15:47:38 +0000] "HEAD /d1/732/AUTH_70c830e2e6e44c7fbd49e14db2a2eaea/gnocchi.096e4b8e-e470-4182-a769-78338d17b9d5" 404 - "HEAD http://172.18.0.2:8080/v1/AUTH_70c830e2e6e44c7fbd49e14db2a2eaea/gnocchi.096e4b8e-e470-4182-a769-78338d17b9d5?format=json&states=listing" "tx02cd9d5a03894180a268a-006925cf9a" "proxy-server 20" 0.0006 "-" 14 0
Nov 25 15:47:38 standalone object-server[128013]: 172.20.0.100 - - [25/Nov/2025:15:47:38 +0000] "GET /d1/321/AUTH_70c830e2e6e44c7fbd49e14db2a2eaea/gnocchi.096e4b8e-e470-4182-a769-78338d17b9d5/none_v3" 404 70 "GET http://172.18.0.2:8080/v1/AUTH_70c830e2e6e44c7fbd49e14db2a2eaea/gnocchi.096e4b8e-e470-4182-a769-78338d17b9d5/none_v3" "tx02cd9d5a03894180a268a-006925cf9a" "proxy-server 20" 0.0005 "-" 25 0
Nov 25 15:47:38 standalone proxy-server[129613]: 172.18.0.2 172.18.0.100 25/Nov/2025/15/47/38 GET /v1/AUTH_70c830e2e6e44c7fbd49e14db2a2eaea/gnocchi.096e4b8e-e470-4182-a769-78338d17b9d5/none_v3 HTTP/1.0 404 - python-swiftclient-3.11.1 gAAAAABpJc8CrfzC... - 70 - tx02cd9d5a03894180a268a-006925cf9a - 0.0146 - - 1764085658.426728010 1764085658.441313744 0
Nov 25 15:47:38 standalone account-server[127558]: 172.20.0.100 - - [25/Nov/2025:15:47:38 +0000] "PUT /d1/632/AUTH_70c830e2e6e44c7fbd49e14db2a2eaea/gnocchi.096e4b8e-e470-4182-a769-78338d17b9d5" 201 - "PUT http://172.20.0.100:6001/d1/732/AUTH_70c830e2e6e44c7fbd49e14db2a2eaea/gnocchi.096e4b8e-e470-4182-a769-78338d17b9d5" "txfe5ea0a7e8b44256accd8-006925cf9a" "container-server 15" 0.0045 "-" 21 0
Nov 25 15:47:38 standalone container-server[127718]: 172.20.0.100 - - [25/Nov/2025:15:47:38 +0000] "PUT /d1/732/AUTH_70c830e2e6e44c7fbd49e14db2a2eaea/gnocchi.096e4b8e-e470-4182-a769-78338d17b9d5" 201 - "PUT http://172.18.0.2:8080/v1/AUTH_70c830e2e6e44c7fbd49e14db2a2eaea/gnocchi.096e4b8e-e470-4182-a769-78338d17b9d5" "txfe5ea0a7e8b44256accd8-006925cf9a" "proxy-server 20" 0.0139 "-" 15 0
Nov 25 15:47:38 standalone proxy-server[129613]: 172.18.0.2 172.18.0.100 25/Nov/2025/15/47/38 PUT /v1/AUTH_70c830e2e6e44c7fbd49e14db2a2eaea/gnocchi.096e4b8e-e470-4182-a769-78338d17b9d5 HTTP/1.0 201 - python-swiftclient-3.11.1 gAAAAABpJc8CrfzC... - - - txfe5ea0a7e8b44256accd8-006925cf9a - 0.0228 - - 1764085658.445291042 1764085658.468051672 0
Nov 25 15:47:38 standalone container-server[127734]: 172.20.0.100 - - [25/Nov/2025:15:47:38 +0000] "HEAD /d1/732/AUTH_70c830e2e6e44c7fbd49e14db2a2eaea/gnocchi.096e4b8e-e470-4182-a769-78338d17b9d5" 204 - "HEAD http://172.18.0.2:8080/v1/AUTH_70c830e2e6e44c7fbd49e14db2a2eaea/gnocchi.096e4b8e-e470-4182-a769-78338d17b9d5?format=json&states=listing" "tx1c1d5eac8333450cb5212-006925cf9a" "proxy-server 20" 0.0014 "-" 16 0
Nov 25 15:47:38 standalone proxy-server[129613]: - - 25/Nov/2025/15/47/38 HEAD /v1/AUTH_70c830e2e6e44c7fbd49e14db2a2eaea/gnocchi.096e4b8e-e470-4182-a769-78338d17b9d5%3Fformat%3Djson%26states%3Dlisting HTTP/1.0 204 - Swift - - - - tx1c1d5eac8333450cb5212-006925cf9a - 0.0044 RL - 1764085658.473131418 1764085658.477495670 0
Nov 25 15:47:38 standalone container-server[127718]: 172.20.0.100 - - [25/Nov/2025:15:47:38 +0000] "GET /d1/732/AUTH_70c830e2e6e44c7fbd49e14db2a2eaea/gnocchi.096e4b8e-e470-4182-a769-78338d17b9d5" 200 2 "GET http://172.18.0.2:8080/v1/AUTH_70c830e2e6e44c7fbd49e14db2a2eaea/gnocchi.096e4b8e-e470-4182-a769-78338d17b9d5?format=json&states=listing" "tx1c1d5eac8333450cb5212-006925cf9a" "proxy-server 20" 0.0016 "-" 15 0
Nov 25 15:47:38 standalone proxy-server[129613]: 172.18.0.2 172.18.0.100 25/Nov/2025/15/47/38 GET /v1/AUTH_70c830e2e6e44c7fbd49e14db2a2eaea/gnocchi.096e4b8e-e470-4182-a769-78338d17b9d5%3Fformat%3Djson%26states%3Dlisting HTTP/1.0 200 - python-swiftclient-3.11.1 gAAAAABpJc8CrfzC... - 2 - tx1c1d5eac8333450cb5212-006925cf9a - 0.0114 - - 1764085658.472010612 1764085658.483393431 0
Nov 25 15:47:38 standalone object-server[128012]: 172.20.0.100 - - [25/Nov/2025:15:47:38 +0000] "GET /d1/679/AUTH_70c830e2e6e44c7fbd49e14db2a2eaea/gnocchi.096e4b8e-e470-4182-a769-78338d17b9d5/1763640000.0_mean_300.0_v3" 404 70 "GET http://172.18.0.2:8080/v1/AUTH_70c830e2e6e44c7fbd49e14db2a2eaea/gnocchi.096e4b8e-e470-4182-a769-78338d17b9d5/1763640000.0_mean_300.0_v3" "tx50e35dd4d7cf4c9c8bc71-006925cf9a" "proxy-server 20" 0.0006 "-" 24 0
Nov 25 15:47:38 standalone proxy-server[129613]: 172.18.0.2 172.18.0.100 25/Nov/2025/15/47/38 GET /v1/AUTH_70c830e2e6e44c7fbd49e14db2a2eaea/gnocchi.096e4b8e-e470-4182-a769-78338d17b9d5/1763640000.0_mean_300.0_v3 HTTP/1.0 404 - python-swiftclient-3.11.1 gAAAAABpJc8CrfzC... - 70 - tx50e35dd4d7cf4c9c8bc71-006925cf9a - 0.0056 - - 1764085658.488189459 1764085658.493781090 0
Nov 25 15:47:38 standalone container-server[127714]: 172.20.0.100 - - [25/Nov/2025:15:47:38 +0000] "PUT /d1/732/AUTH_70c830e2e6e44c7fbd49e14db2a2eaea/gnocchi.096e4b8e-e470-4182-a769-78338d17b9d5/1763640000.0_mean_300.0_v3" 201 - "PUT http://172.18.0.2:8080/d1/679/AUTH_70c830e2e6e44c7fbd49e14db2a2eaea/gnocchi.096e4b8e-e470-4182-a769-78338d17b9d5/1763640000.0_mean_300.0_v3" "tx4d5ccade6dfd4ff6bc48b-006925cf9a" "object-server 24" 0.0005 "-" 14 0
Nov 25 15:47:38 standalone object-server[128012]: 172.20.0.100 - - [25/Nov/2025:15:47:38 +0000] "PUT /d1/679/AUTH_70c830e2e6e44c7fbd49e14db2a2eaea/gnocchi.096e4b8e-e470-4182-a769-78338d17b9d5/1763640000.0_mean_300.0_v3" 201 - "PUT http://172.18.0.2:8080/v1/AUTH_70c830e2e6e44c7fbd49e14db2a2eaea/gnocchi.096e4b8e-e470-4182-a769-78338d17b9d5/1763640000.0_mean_300.0_v3" "tx4d5ccade6dfd4ff6bc48b-006925cf9a" "proxy-server 20" 0.0103 "-" 24 0
Nov 25 15:47:38 standalone proxy-server[129613]: 172.18.0.2 172.18.0.100 25/Nov/2025/15/47/38 PUT /v1/AUTH_70c830e2e6e44c7fbd49e14db2a2eaea/gnocchi.096e4b8e-e470-4182-a769-78338d17b9d5/1763640000.0_mean_300.0_v3 HTTP/1.0 201 - python-swiftclient-3.11.1 gAAAAABpJc8CrfzC... 16 - - tx4d5ccade6dfd4ff6bc48b-006925cf9a - 0.0163 - - 1764085658.497246504 1764085658.513570309 0
Nov 25 15:47:38 standalone container-server[127745]: 172.20.0.100 - - [25/Nov/2025:15:47:38 +0000] "PUT /d1/732/AUTH_70c830e2e6e44c7fbd49e14db2a2eaea/gnocchi.096e4b8e-e470-4182-a769-78338d17b9d5/none_v3" 201 - "PUT http://172.18.0.2:8080/d1/321/AUTH_70c830e2e6e44c7fbd49e14db2a2eaea/gnocchi.096e4b8e-e470-4182-a769-78338d17b9d5/none_v3" "txbfba412cc366453ebf931-006925cf9a" "object-server 25" 0.0012 "-" 17 0
Nov 25 15:47:38 standalone object-server[128013]: 172.20.0.100 - - [25/Nov/2025:15:47:38 +0000] "PUT /d1/321/AUTH_70c830e2e6e44c7fbd49e14db2a2eaea/gnocchi.096e4b8e-e470-4182-a769-78338d17b9d5/none_v3" 201 - "PUT http://172.18.0.2:8080/v1/AUTH_70c830e2e6e44c7fbd49e14db2a2eaea/gnocchi.096e4b8e-e470-4182-a769-78338d17b9d5/none_v3" "txbfba412cc366453ebf931-006925cf9a" "proxy-server 20" 0.0108 "-" 25 0
Nov 25 15:47:38 standalone proxy-server[129613]: 172.18.0.2 172.18.0.100 25/Nov/2025/15/47/38 PUT /v1/AUTH_70c830e2e6e44c7fbd49e14db2a2eaea/gnocchi.096e4b8e-e470-4182-a769-78338d17b9d5/none_v3 HTTP/1.0 201 - python-swiftclient-3.11.1 gAAAAABpJc8CrfzC... 22 - - txbfba412cc366453ebf931-006925cf9a - 0.0163 - - 1764085658.517611027 1764085658.533907890 0
Nov 25 15:47:40 standalone account-server[127564]: 172.20.0.100 - - [25/Nov/2025:15:47:40 +0000] "HEAD /d1/665/.expiring_objects" 404 - "HEAD http://localhost/v1/.expiring_objects?format=json" "tx74cf1fa5c79e410189bfc-006925cf9c" "proxy-server 2" 0.0006 "-" 22 -
Nov 25 15:47:40 standalone object-expirer[127669]: Pass completed in 0s; 0 objects expired (txn: tx74cf1fa5c79e410189bfc-006925cf9c)
Nov 25 15:47:43 standalone object-server[128011]: 172.20.0.100 - - [25/Nov/2025:15:47:43 +0000] "GET /d1/321/AUTH_70c830e2e6e44c7fbd49e14db2a2eaea/gnocchi.096e4b8e-e470-4182-a769-78338d17b9d5/none_v3" 200 22 "GET http://172.18.0.2:8080/v1/AUTH_70c830e2e6e44c7fbd49e14db2a2eaea/gnocchi.096e4b8e-e470-4182-a769-78338d17b9d5/none_v3" "txe10526ec53354c839f72a-006925cf9f" "proxy-server 20" 0.0015 "-" 23 0
Nov 25 15:47:43 standalone proxy-server[129613]: 172.18.0.2 172.18.0.100 25/Nov/2025/15/47/43 GET /v1/AUTH_70c830e2e6e44c7fbd49e14db2a2eaea/gnocchi.096e4b8e-e470-4182-a769-78338d17b9d5/none_v3 HTTP/1.0 200 - python-swiftclient-3.11.1 gAAAAABpJc8CrfzC... - 22 - txe10526ec53354c839f72a-006925cf9f - 0.0080 - - 1764085663.536723137 1764085663.544695139 0
Nov 25 15:47:43 standalone container-server[127745]: 172.20.0.100 - - [25/Nov/2025:15:47:43 +0000] "GET /d1/732/AUTH_70c830e2e6e44c7fbd49e14db2a2eaea/gnocchi.096e4b8e-e470-4182-a769-78338d17b9d5" 200 357 "GET http://172.18.0.2:8080/v1/AUTH_70c830e2e6e44c7fbd49e14db2a2eaea/gnocchi.096e4b8e-e470-4182-a769-78338d17b9d5?format=json&states=listing" "tx7f22d5fe336c4848ad7dc-006925cf9f" "proxy-server 20" 0.0101 "-" 17 0
Nov 25 15:47:43 standalone proxy-server[129613]: 172.18.0.2 172.18.0.100 25/Nov/2025/15/47/43 GET /v1/AUTH_70c830e2e6e44c7fbd49e14db2a2eaea/gnocchi.096e4b8e-e470-4182-a769-78338d17b9d5%3Fformat%3Djson%26states%3Dlisting HTTP/1.0 200 - python-swiftclient-3.11.1 gAAAAABpJc8CrfzC... - 357 - tx7f22d5fe336c4848ad7dc-006925cf9f - 0.0180 - - 1764085663.550764561 1764085663.568748474 0
Nov 25 15:47:43 standalone container-server[127734]: 172.20.0.100 - - [25/Nov/2025:15:47:43 +0000] "GET /d1/732/AUTH_70c830e2e6e44c7fbd49e14db2a2eaea/gnocchi.096e4b8e-e470-4182-a769-78338d17b9d5" 200 2 "GET http://172.18.0.2:8080/v1/AUTH_70c830e2e6e44c7fbd49e14db2a2eaea/gnocchi.096e4b8e-e470-4182-a769-78338d17b9d5?format=json&marker=none_v3&states=listing" "tx81cd4a54178648219c84a-006925cf9f" "proxy-server 20" 0.0040 "-" 16 0
Nov 25 15:47:43 standalone proxy-server[129613]: 172.18.0.2 172.18.0.100 25/Nov/2025/15/47/43 GET /v1/AUTH_70c830e2e6e44c7fbd49e14db2a2eaea/gnocchi.096e4b8e-e470-4182-a769-78338d17b9d5%3Fformat%3Djson%26marker%3Dnone_v3%26states%3Dlisting HTTP/1.0 200 - python-swiftclient-3.11.1 gAAAAABpJc8CrfzC... - 2 - tx81cd4a54178648219c84a-006925cf9f - 0.0130 - - 1764085663.571760893 1764085663.584735155 0
Nov 25 15:47:43 standalone object-server[128010]: 172.20.0.100 - - [25/Nov/2025:15:47:43 +0000] "GET /d1/679/AUTH_70c830e2e6e44c7fbd49e14db2a2eaea/gnocchi.096e4b8e-e470-4182-a769-78338d17b9d5/1763640000.0_mean_300.0_v3" 200 16 "GET http://172.18.0.2:8080/v1/AUTH_70c830e2e6e44c7fbd49e14db2a2eaea/gnocchi.096e4b8e-e470-4182-a769-78338d17b9d5/1763640000.0_mean_300.0_v3" "txb122857cf1cb4ef496664-006925cf9f" "proxy-server 20" 0.0009 "-" 22 0
Nov 25 15:47:43 standalone proxy-server[129613]: 172.18.0.2 172.18.0.100 25/Nov/2025/15/47/43 GET /v1/AUTH_70c830e2e6e44c7fbd49e14db2a2eaea/gnocchi.096e4b8e-e470-4182-a769-78338d17b9d5/1763640000.0_mean_300.0_v3 HTTP/1.0 200 - python-swiftclient-3.11.1 gAAAAABpJc8CrfzC... - 16 - txb122857cf1cb4ef496664-006925cf9f - 0.0081 - - 1764085663.587914705 1764085663.596009970 0
Nov 25 15:47:43 standalone container-server[127734]: 172.20.0.100 - - [25/Nov/2025:15:47:43 +0000] "PUT /d1/732/AUTH_70c830e2e6e44c7fbd49e14db2a2eaea/gnocchi.096e4b8e-e470-4182-a769-78338d17b9d5/1763640000.0_mean_300.0_v3" 201 - "PUT http://172.18.0.2:8080/d1/679/AUTH_70c830e2e6e44c7fbd49e14db2a2eaea/gnocchi.096e4b8e-e470-4182-a769-78338d17b9d5/1763640000.0_mean_300.0_v3" "tx0acd532424ac47f3adbe7-006925cf9f" "object-server 23" 0.0009 "-" 16 0
Nov 25 15:47:43 standalone object-server[128011]: 172.20.0.100 - - [25/Nov/2025:15:47:43 +0000] "PUT /d1/679/AUTH_70c830e2e6e44c7fbd49e14db2a2eaea/gnocchi.096e4b8e-e470-4182-a769-78338d17b9d5/1763640000.0_mean_300.0_v3" 201 - "PUT http://172.18.0.2:8080/v1/AUTH_70c830e2e6e44c7fbd49e14db2a2eaea/gnocchi.096e4b8e-e470-4182-a769-78338d17b9d5/1763640000.0_mean_300.0_v3" "tx0acd532424ac47f3adbe7-006925cf9f" "proxy-server 20" 0.0107 "-" 23 0
Nov 25 15:47:43 standalone proxy-server[129613]: 172.18.0.2 172.18.0.100 25/Nov/2025/15/47/43 PUT /v1/AUTH_70c830e2e6e44c7fbd49e14db2a2eaea/gnocchi.096e4b8e-e470-4182-a769-78338d17b9d5/1763640000.0_mean_300.0_v3 HTTP/1.0 201 - python-swiftclient-3.11.1 gAAAAABpJc8CrfzC... 16 - - tx0acd532424ac47f3adbe7-006925cf9f - 0.0181 - - 1764085663.598660469 1764085663.616717100 0
Nov 25 15:47:43 standalone container-server[127734]: 172.20.0.100 - - [25/Nov/2025:15:47:43 +0000] "PUT /d1/732/AUTH_70c830e2e6e44c7fbd49e14db2a2eaea/gnocchi.096e4b8e-e470-4182-a769-78338d17b9d5/none_v3" 201 - "PUT http://172.18.0.2:8080/d1/321/AUTH_70c830e2e6e44c7fbd49e14db2a2eaea/gnocchi.096e4b8e-e470-4182-a769-78338d17b9d5/none_v3" "tx65c773d80cf642d8903ae-006925cf9f" "object-server 23" 0.0007 "-" 16 0
Nov 25 15:47:43 standalone object-server[128011]: 172.20.0.100 - - [25/Nov/2025:15:47:43 +0000] "PUT /d1/321/AUTH_70c830e2e6e44c7fbd49e14db2a2eaea/gnocchi.096e4b8e-e470-4182-a769-78338d17b9d5/none_v3" 201 - "PUT http://172.18.0.2:8080/v1/AUTH_70c830e2e6e44c7fbd49e14db2a2eaea/gnocchi.096e4b8e-e470-4182-a769-78338d17b9d5/none_v3" "tx65c773d80cf642d8903ae-006925cf9f" "proxy-server 20" 0.0135 "-" 23 0
Nov 25 15:47:43 standalone proxy-server[129613]: 172.18.0.2 172.18.0.100 25/Nov/2025/15/47/43 PUT /v1/AUTH_70c830e2e6e44c7fbd49e14db2a2eaea/gnocchi.096e4b8e-e470-4182-a769-78338d17b9d5/none_v3 HTTP/1.0 201 - python-swiftclient-3.11.1 gAAAAABpJc8CrfzC... 32 - - tx65c773d80cf642d8903ae-006925cf9f - 0.0205 - - 1764085663.619110107 1764085663.639630556 0
Nov 25 15:48:15 standalone account-server[127556]: 172.20.0.100 - - [25/Nov/2025:15:48:15 +0000] "HEAD /d1/632/AUTH_70c830e2e6e44c7fbd49e14db2a2eaea" 204 - "HEAD http://172.18.0.2:8080/v1/AUTH_70c830e2e6e44c7fbd49e14db2a2eaea?format=json" "txee40ba13d37145e597be4-006925cfbf" "proxy-server 20" 0.0080 "-" 20 -
Nov 25 15:48:15 standalone proxy-server[129613]: - - 25/Nov/2025/15/48/15 HEAD /v1/AUTH_70c830e2e6e44c7fbd49e14db2a2eaea%3Fformat%3Djson HTTP/1.0 204 - Swift - - - - txee40ba13d37145e597be4-006925cfbf - 0.0165 RL - 1764085695.785897493 1764085695.802446604 -
Nov 25 15:48:15 standalone container-server[127718]: 172.20.0.100 - - [25/Nov/2025:15:48:15 +0000] "HEAD /d1/827/AUTH_70c830e2e6e44c7fbd49e14db2a2eaea/gnocchi.842c8666-2bce-44f8-9ccd-88ee17f72295" 404 - "HEAD http://172.18.0.2:8080/v1/AUTH_70c830e2e6e44c7fbd49e14db2a2eaea/gnocchi.842c8666-2bce-44f8-9ccd-88ee17f72295?format=json&states=listing" "txee40ba13d37145e597be4-006925cfbf" "proxy-server 20" 0.0005 "-" 15 0
Nov 25 15:48:15 standalone object-server[128012]: 172.20.0.100 - - [25/Nov/2025:15:48:15 +0000] "GET /d1/229/AUTH_70c830e2e6e44c7fbd49e14db2a2eaea/gnocchi.842c8666-2bce-44f8-9ccd-88ee17f72295/none_v3" 404 70 "GET http://172.18.0.2:8080/v1/AUTH_70c830e2e6e44c7fbd49e14db2a2eaea/gnocchi.842c8666-2bce-44f8-9ccd-88ee17f72295/none_v3" "txee40ba13d37145e597be4-006925cfbf" "proxy-server 20" 0.0007 "-" 24 0
Nov 25 15:48:15 standalone proxy-server[129613]: 172.18.0.2 172.18.0.100 25/Nov/2025/15/48/15 GET /v1/AUTH_70c830e2e6e44c7fbd49e14db2a2eaea/gnocchi.842c8666-2bce-44f8-9ccd-88ee17f72295/none_v3 HTTP/1.0 404 - python-swiftclient-3.11.1 gAAAAABpJc8CrfzC... - 70 - txee40ba13d37145e597be4-006925cfbf - 0.0336 - - 1764085695.784590960 1764085695.818151712 0
Nov 25 15:48:15 standalone account-server[127576]: 172.20.0.100 - - [25/Nov/2025:15:48:15 +0000] "PUT /d1/632/AUTH_70c830e2e6e44c7fbd49e14db2a2eaea/gnocchi.842c8666-2bce-44f8-9ccd-88ee17f72295" 201 - "PUT http://172.20.0.100:6001/d1/827/AUTH_70c830e2e6e44c7fbd49e14db2a2eaea/gnocchi.842c8666-2bce-44f8-9ccd-88ee17f72295" "tx8ca9a4d6e0c84458b82a2-006925cfbf" "container-server 17" 0.0014 "-" 23 0
Nov 25 15:48:15 standalone container-server[127745]: 172.20.0.100 - - [25/Nov/2025:15:48:15 +0000] "PUT /d1/827/AUTH_70c830e2e6e44c7fbd49e14db2a2eaea/gnocchi.842c8666-2bce-44f8-9ccd-88ee17f72295" 201 - "PUT http://172.18.0.2:8080/v1/AUTH_70c830e2e6e44c7fbd49e14db2a2eaea/gnocchi.842c8666-2bce-44f8-9ccd-88ee17f72295" "tx8ca9a4d6e0c84458b82a2-006925cfbf" "proxy-server 20" 0.0159 "-" 17 0
Nov 25 15:48:15 standalone proxy-server[129613]: 172.18.0.2 172.18.0.100 25/Nov/2025/15/48/15 PUT /v1/AUTH_70c830e2e6e44c7fbd49e14db2a2eaea/gnocchi.842c8666-2bce-44f8-9ccd-88ee17f72295 HTTP/1.0 201 - python-swiftclient-3.11.1 gAAAAABpJc8CrfzC... - - - tx8ca9a4d6e0c84458b82a2-006925cfbf - 0.0257 - - 1764085695.822254658 1764085695.847980022 0
Nov 25 15:48:15 standalone container-server[127745]: 172.20.0.100 - - [25/Nov/2025:15:48:15 +0000] "HEAD /d1/827/AUTH_70c830e2e6e44c7fbd49e14db2a2eaea/gnocchi.842c8666-2bce-44f8-9ccd-88ee17f72295" 204 - "HEAD http://172.18.0.2:8080/v1/AUTH_70c830e2e6e44c7fbd49e14db2a2eaea/gnocchi.842c8666-2bce-44f8-9ccd-88ee17f72295?format=json&states=listing" "txbb00554d23bc457aaed6d-006925cfbf" "proxy-server 20" 0.0022 "-" 17 0
Nov 25 15:48:15 standalone proxy-server[129613]: - - 25/Nov/2025/15/48/15 HEAD /v1/AUTH_70c830e2e6e44c7fbd49e14db2a2eaea/gnocchi.842c8666-2bce-44f8-9ccd-88ee17f72295%3Fformat%3Djson%26states%3Dlisting HTTP/1.0 204 - Swift - - - - txbb00554d23bc457aaed6d-006925cfbf - 0.0075 RL - 1764085695.863413811 1764085695.870905399 0
Nov 25 15:48:15 standalone container-server[127714]: 172.20.0.100 - - [25/Nov/2025:15:48:15 +0000] "GET /d1/827/AUTH_70c830e2e6e44c7fbd49e14db2a2eaea/gnocchi.842c8666-2bce-44f8-9ccd-88ee17f72295" 200 2 "GET http://172.18.0.2:8080/v1/AUTH_70c830e2e6e44c7fbd49e14db2a2eaea/gnocchi.842c8666-2bce-44f8-9ccd-88ee17f72295?format=json&states=listing" "txbb00554d23bc457aaed6d-006925cfbf" "proxy-server 20" 0.0017 "-" 14 0
Nov 25 15:48:15 standalone proxy-server[129613]: 172.18.0.2 172.18.0.100 25/Nov/2025/15/48/15 GET /v1/AUTH_70c830e2e6e44c7fbd49e14db2a2eaea/gnocchi.842c8666-2bce-44f8-9ccd-88ee17f72295%3Fformat%3Djson%26states%3Dlisting HTTP/1.0 200 - python-swiftclient-3.11.1 gAAAAABpJc8CrfzC... - 2 - txbb00554d23bc457aaed6d-006925cfbf - 0.0213 - - 1764085695.857095718 1764085695.878351212 0
Nov 25 15:48:15 standalone object-server[128011]: 172.20.0.100 - - [25/Nov/2025:15:48:15 +0000] "GET /d1/828/AUTH_70c830e2e6e44c7fbd49e14db2a2eaea/gnocchi.842c8666-2bce-44f8-9ccd-88ee17f72295/1763640000.0_mean_300.0_v3" 404 70 "GET http://172.18.0.2:8080/v1/AUTH_70c830e2e6e44c7fbd49e14db2a2eaea/gnocchi.842c8666-2bce-44f8-9ccd-88ee17f72295/1763640000.0_mean_300.0_v3" "tx9cace4841ccd407d8f384-006925cfbf" "proxy-server 20" 0.0003 "-" 23 0
Nov 25 15:48:15 standalone proxy-server[129613]: 172.18.0.2 172.18.0.100 25/Nov/2025/15/48/15 GET /v1/AUTH_70c830e2e6e44c7fbd49e14db2a2eaea/gnocchi.842c8666-2bce-44f8-9ccd-88ee17f72295/1763640000.0_mean_300.0_v3 HTTP/1.0 404 - python-swiftclient-3.11.1 gAAAAABpJc8CrfzC... - 70 - tx9cace4841ccd407d8f384-006925cfbf - 0.0045 - - 1764085695.882751465 1764085695.887271166 0
Nov 25 15:48:15 standalone container-server[127714]: 172.20.0.100 - - [25/Nov/2025:15:48:15 +0000] "PUT /d1/827/AUTH_70c830e2e6e44c7fbd49e14db2a2eaea/gnocchi.842c8666-2bce-44f8-9ccd-88ee17f72295/1763640000.0_mean_300.0_v3" 201 - "PUT http://172.18.0.2:8080/d1/828/AUTH_70c830e2e6e44c7fbd49e14db2a2eaea/gnocchi.842c8666-2bce-44f8-9ccd-88ee17f72295/1763640000.0_mean_300.0_v3" "txb6f7096ddfc9451e943f9-006925cfbf" "object-server 24" 0.0004 "-" 14 0
Nov 25 15:48:15 standalone object-server[128012]: 172.20.0.100 - - [25/Nov/2025:15:48:15 +0000] "PUT /d1/828/AUTH_70c830e2e6e44c7fbd49e14db2a2eaea/gnocchi.842c8666-2bce-44f8-9ccd-88ee17f72295/1763640000.0_mean_300.0_v3" 201 - "PUT http://172.18.0.2:8080/v1/AUTH_70c830e2e6e44c7fbd49e14db2a2eaea/gnocchi.842c8666-2bce-44f8-9ccd-88ee17f72295/1763640000.0_mean_300.0_v3" "txb6f7096ddfc9451e943f9-006925cfbf" "proxy-server 20" 0.0088 "-" 24 0
Nov 25 15:48:15 standalone proxy-server[129613]: 172.18.0.2 172.18.0.100 25/Nov/2025/15/48/15 PUT /v1/AUTH_70c830e2e6e44c7fbd49e14db2a2eaea/gnocchi.842c8666-2bce-44f8-9ccd-88ee17f72295/1763640000.0_mean_300.0_v3 HTTP/1.0 201 - python-swiftclient-3.11.1 gAAAAABpJc8CrfzC... 16 - - txb6f7096ddfc9451e943f9-006925cfbf - 0.0136 - - 1764085695.896270514 1764085695.909868479 0
Nov 25 15:48:15 standalone container-server[127714]: 172.20.0.100 - - [25/Nov/2025:15:48:15 +0000] "PUT /d1/827/AUTH_70c830e2e6e44c7fbd49e14db2a2eaea/gnocchi.842c8666-2bce-44f8-9ccd-88ee17f72295/none_v3" 201 - "PUT http://172.18.0.2:8080/d1/229/AUTH_70c830e2e6e44c7fbd49e14db2a2eaea/gnocchi.842c8666-2bce-44f8-9ccd-88ee17f72295/none_v3" "tx8fcd15a9a13048dcb9990-006925cfbf" "object-server 22" 0.0003 "-" 14 0
Nov 25 15:48:15 standalone object-server[128010]: 172.20.0.100 - - [25/Nov/2025:15:48:15 +0000] "PUT /d1/229/AUTH_70c830e2e6e44c7fbd49e14db2a2eaea/gnocchi.842c8666-2bce-44f8-9ccd-88ee17f72295/none_v3" 201 - "PUT http://172.18.0.2:8080/v1/AUTH_70c830e2e6e44c7fbd49e14db2a2eaea/gnocchi.842c8666-2bce-44f8-9ccd-88ee17f72295/none_v3" "tx8fcd15a9a13048dcb9990-006925cfbf" "proxy-server 20" 0.0072 "-" 22 0
Nov 25 15:48:15 standalone proxy-server[129613]: 172.18.0.2 172.18.0.100 25/Nov/2025/15/48/15 PUT /v1/AUTH_70c830e2e6e44c7fbd49e14db2a2eaea/gnocchi.842c8666-2bce-44f8-9ccd-88ee17f72295/none_v3 HTTP/1.0 201 - python-swiftclient-3.11.1 gAAAAABpJc8CrfzC... 22 - - tx8fcd15a9a13048dcb9990-006925cfbf - 0.0118 - - 1764085695.913016081 1764085695.924767733 0
Nov 25 15:48:15 standalone container-server[127714]: 172.20.0.100 - - [25/Nov/2025:15:48:15 +0000] "HEAD /d1/27/AUTH_70c830e2e6e44c7fbd49e14db2a2eaea/gnocchi.c924c031-94b3-498a-b61c-898896be6f01" 404 - "HEAD http://172.18.0.2:8080/v1/AUTH_70c830e2e6e44c7fbd49e14db2a2eaea/gnocchi.c924c031-94b3-498a-b61c-898896be6f01?format=json&states=listing" "tx01f69e35dd394d4694621-006925cfbf" "proxy-server 20" 0.0003 "-" 14 0
Nov 25 15:48:15 standalone object-server[128012]: 172.20.0.100 - - [25/Nov/2025:15:48:15 +0000] "GET /d1/698/AUTH_70c830e2e6e44c7fbd49e14db2a2eaea/gnocchi.c924c031-94b3-498a-b61c-898896be6f01/none_v3" 404 70 "GET http://172.18.0.2:8080/v1/AUTH_70c830e2e6e44c7fbd49e14db2a2eaea/gnocchi.c924c031-94b3-498a-b61c-898896be6f01/none_v3" "tx01f69e35dd394d4694621-006925cfbf" "proxy-server 20" 0.0004 "-" 24 0
Nov 25 15:48:15 standalone proxy-server[129613]: 172.18.0.2 172.18.0.100 25/Nov/2025/15/48/15 GET /v1/AUTH_70c830e2e6e44c7fbd49e14db2a2eaea/gnocchi.c924c031-94b3-498a-b61c-898896be6f01/none_v3 HTTP/1.0 404 - python-swiftclient-3.11.1 gAAAAABpJc8CrfzC... - 70 - tx01f69e35dd394d4694621-006925cfbf - 0.0085 - - 1764085695.936713219 1764085695.945236444 0
Nov 25 15:48:15 standalone account-server[127558]: 172.20.0.100 - - [25/Nov/2025:15:48:15 +0000] "PUT /d1/632/AUTH_70c830e2e6e44c7fbd49e14db2a2eaea/gnocchi.c924c031-94b3-498a-b61c-898896be6f01" 201 - "PUT http://172.20.0.100:6001/d1/27/AUTH_70c830e2e6e44c7fbd49e14db2a2eaea/gnocchi.c924c031-94b3-498a-b61c-898896be6f01" "tx91d0129ee88e461da91b3-006925cfbf" "container-server 17" 0.0048 "-" 21 0
Nov 25 15:48:15 standalone container-server[127745]: 172.20.0.100 - - [25/Nov/2025:15:48:15 +0000] "PUT /d1/27/AUTH_70c830e2e6e44c7fbd49e14db2a2eaea/gnocchi.c924c031-94b3-498a-b61c-898896be6f01" 201 - "PUT http://172.18.0.2:8080/v1/AUTH_70c830e2e6e44c7fbd49e14db2a2eaea/gnocchi.c924c031-94b3-498a-b61c-898896be6f01" "tx91d0129ee88e461da91b3-006925cfbf" "proxy-server 20" 0.0169 "-" 17 0
Nov 25 15:48:15 standalone proxy-server[129613]: 172.18.0.2 172.18.0.100 25/Nov/2025/15/48/15 PUT /v1/AUTH_70c830e2e6e44c7fbd49e14db2a2eaea/gnocchi.c924c031-94b3-498a-b61c-898896be6f01 HTTP/1.0 201 - python-swiftclient-3.11.1 gAAAAABpJc8CrfzC... - - - tx91d0129ee88e461da91b3-006925cfbf - 0.0236 - - 1764085695.951875210 1764085695.975428820 0
Nov 25 15:48:15 standalone container-server[127718]: 172.20.0.100 - - [25/Nov/2025:15:48:15 +0000] "HEAD /d1/27/AUTH_70c830e2e6e44c7fbd49e14db2a2eaea/gnocchi.c924c031-94b3-498a-b61c-898896be6f01" 204 - "HEAD http://172.18.0.2:8080/v1/AUTH_70c830e2e6e44c7fbd49e14db2a2eaea/gnocchi.c924c031-94b3-498a-b61c-898896be6f01?format=json&states=listing" "txfc47f46613ca41f5bf26b-006925cfbf" "proxy-server 20" 0.0012 "-" 15 0
Nov 25 15:48:15 standalone proxy-server[129613]: - - 25/Nov/2025/15/48/15 HEAD /v1/AUTH_70c830e2e6e44c7fbd49e14db2a2eaea/gnocchi.c924c031-94b3-498a-b61c-898896be6f01%3Fformat%3Djson%26states%3Dlisting HTTP/1.0 204 - Swift - - - - txfc47f46613ca41f5bf26b-006925cfbf - 0.0041 RL - 1764085695.980164766 1764085695.984309435 0
Nov 25 15:48:15 standalone container-server[127734]: 172.20.0.100 - - [25/Nov/2025:15:48:15 +0000] "GET /d1/27/AUTH_70c830e2e6e44c7fbd49e14db2a2eaea/gnocchi.c924c031-94b3-498a-b61c-898896be6f01" 200 2 "GET http://172.18.0.2:8080/v1/AUTH_70c830e2e6e44c7fbd49e14db2a2eaea/gnocchi.c924c031-94b3-498a-b61c-898896be6f01?format=json&states=listing" "txfc47f46613ca41f5bf26b-006925cfbf" "proxy-server 20" 0.0022 "-" 16 0
Nov 25 15:48:15 standalone proxy-server[129613]: 172.18.0.2 172.18.0.100 25/Nov/2025/15/48/15 GET /v1/AUTH_70c830e2e6e44c7fbd49e14db2a2eaea/gnocchi.c924c031-94b3-498a-b61c-898896be6f01%3Fformat%3Djson%26states%3Dlisting HTTP/1.0 200 - python-swiftclient-3.11.1 gAAAAABpJc8CrfzC... - 2 - txfc47f46613ca41f5bf26b-006925cfbf - 0.0129 - - 1764085695.979336977 1764085695.992203951 0
Nov 25 15:48:15 standalone object-server[128010]: 172.20.0.100 - - [25/Nov/2025:15:48:15 +0000] "GET /d1/730/AUTH_70c830e2e6e44c7fbd49e14db2a2eaea/gnocchi.c924c031-94b3-498a-b61c-898896be6f01/1763640000.0_mean_300.0_v3" 404 70 "GET http://172.18.0.2:8080/v1/AUTH_70c830e2e6e44c7fbd49e14db2a2eaea/gnocchi.c924c031-94b3-498a-b61c-898896be6f01/1763640000.0_mean_300.0_v3" "txa3a99d8348e14d88883dc-006925cfbf" "proxy-server 20" 0.0003 "-" 22 0
Nov 25 15:48:16 standalone proxy-server[129613]: 172.18.0.2 172.18.0.100 25/Nov/2025/15/48/16 GET /v1/AUTH_70c830e2e6e44c7fbd49e14db2a2eaea/gnocchi.c924c031-94b3-498a-b61c-898896be6f01/1763640000.0_mean_300.0_v3 HTTP/1.0 404 - python-swiftclient-3.11.1 gAAAAABpJc8CrfzC... - 70 - txa3a99d8348e14d88883dc-006925cfbf - 0.0052 - - 1764085695.995943785 1764085696.001144171 0
Nov 25 15:48:16 standalone container-server[127718]: 172.20.0.100 - - [25/Nov/2025:15:48:16 +0000] "PUT /d1/27/AUTH_70c830e2e6e44c7fbd49e14db2a2eaea/gnocchi.c924c031-94b3-498a-b61c-898896be6f01/1763640000.0_mean_300.0_v3" 201 - "PUT http://172.18.0.2:8080/d1/730/AUTH_70c830e2e6e44c7fbd49e14db2a2eaea/gnocchi.c924c031-94b3-498a-b61c-898896be6f01/1763640000.0_mean_300.0_v3" "txb65493fff9eb42a5bf301-006925cfc0" "object-server 23" 0.0005 "-" 15 0
Nov 25 15:48:16 standalone object-server[128011]: 172.20.0.100 - - [25/Nov/2025:15:48:16 +0000] "PUT /d1/730/AUTH_70c830e2e6e44c7fbd49e14db2a2eaea/gnocchi.c924c031-94b3-498a-b61c-898896be6f01/1763640000.0_mean_300.0_v3" 201 - "PUT http://172.18.0.2:8080/v1/AUTH_70c830e2e6e44c7fbd49e14db2a2eaea/gnocchi.c924c031-94b3-498a-b61c-898896be6f01/1763640000.0_mean_300.0_v3" "txb65493fff9eb42a5bf301-006925cfc0" "proxy-server 20" 0.0072 "-" 23 0
Nov 25 15:48:16 standalone proxy-server[129613]: 172.18.0.2 172.18.0.100 25/Nov/2025/15/48/16 PUT /v1/AUTH_70c830e2e6e44c7fbd49e14db2a2eaea/gnocchi.c924c031-94b3-498a-b61c-898896be6f01/1763640000.0_mean_300.0_v3 HTTP/1.0 201 - python-swiftclient-3.11.1 gAAAAABpJc8CrfzC... 16 - - txb65493fff9eb42a5bf301-006925cfc0 - 0.0139 - - 1764085696.005206108 1764085696.019106388 0
Nov 25 15:48:16 standalone container-server[127718]: 172.20.0.100 - - [25/Nov/2025:15:48:16 +0000] "PUT /d1/27/AUTH_70c830e2e6e44c7fbd49e14db2a2eaea/gnocchi.c924c031-94b3-498a-b61c-898896be6f01/none_v3" 201 - "PUT http://172.18.0.2:8080/d1/698/AUTH_70c830e2e6e44c7fbd49e14db2a2eaea/gnocchi.c924c031-94b3-498a-b61c-898896be6f01/none_v3" "tx7739db30ddcb40bb9635b-006925cfc0" "object-server 25" 0.0003 "-" 15 0
Nov 25 15:48:16 standalone object-server[128013]: 172.20.0.100 - - [25/Nov/2025:15:48:16 +0000] "PUT /d1/698/AUTH_70c830e2e6e44c7fbd49e14db2a2eaea/gnocchi.c924c031-94b3-498a-b61c-898896be6f01/none_v3" 201 - "PUT http://172.18.0.2:8080/v1/AUTH_70c830e2e6e44c7fbd49e14db2a2eaea/gnocchi.c924c031-94b3-498a-b61c-898896be6f01/none_v3" "tx7739db30ddcb40bb9635b-006925cfc0" "proxy-server 20" 0.0072 "-" 25 0
Nov 25 15:48:16 standalone proxy-server[129613]: 172.18.0.2 172.18.0.100 25/Nov/2025/15/48/16 PUT /v1/AUTH_70c830e2e6e44c7fbd49e14db2a2eaea/gnocchi.c924c031-94b3-498a-b61c-898896be6f01/none_v3 HTTP/1.0 201 - python-swiftclient-3.11.1 gAAAAABpJc8CrfzC... 22 - - tx7739db30ddcb40bb9635b-006925cfc0 - 0.0145 - - 1764085696.023068428 1764085696.037592649 0
Nov 25 15:48:16 standalone container-server[127714]: 172.20.0.100 - - [25/Nov/2025:15:48:16 +0000] "HEAD /d1/297/AUTH_70c830e2e6e44c7fbd49e14db2a2eaea/gnocchi.5b3afceb-9546-42ee-af7b-4e407410e5d2" 404 - "HEAD http://172.18.0.2:8080/v1/AUTH_70c830e2e6e44c7fbd49e14db2a2eaea/gnocchi.5b3afceb-9546-42ee-af7b-4e407410e5d2?format=json&states=listing" "tx7ac2f7e9457f43a0ba0c9-006925cfc0" "proxy-server 20" 0.0006 "-" 14 0
Nov 25 15:48:16 standalone object-server[128013]: 172.20.0.100 - - [25/Nov/2025:15:48:16 +0000] "GET /d1/918/AUTH_70c830e2e6e44c7fbd49e14db2a2eaea/gnocchi.5b3afceb-9546-42ee-af7b-4e407410e5d2/none_v3" 404 70 "GET http://172.18.0.2:8080/v1/AUTH_70c830e2e6e44c7fbd49e14db2a2eaea/gnocchi.5b3afceb-9546-42ee-af7b-4e407410e5d2/none_v3" "tx7ac2f7e9457f43a0ba0c9-006925cfc0" "proxy-server 20" 0.0002 "-" 25 0
Nov 25 15:48:16 standalone proxy-server[129613]: 172.18.0.2 172.18.0.100 25/Nov/2025/15/48/16 GET /v1/AUTH_70c830e2e6e44c7fbd49e14db2a2eaea/gnocchi.5b3afceb-9546-42ee-af7b-4e407410e5d2/none_v3 HTTP/1.0 404 - python-swiftclient-3.11.1 gAAAAABpJc8CrfzC... - 70 - tx7ac2f7e9457f43a0ba0c9-006925cfc0 - 0.0080 - - 1764085696.048573494 1764085696.056529999 0
Nov 25 15:48:16 standalone account-server[127558]: 172.20.0.100 - - [25/Nov/2025:15:48:16 +0000] "PUT /d1/632/AUTH_70c830e2e6e44c7fbd49e14db2a2eaea/gnocchi.5b3afceb-9546-42ee-af7b-4e407410e5d2" 201 - "PUT http://172.20.0.100:6001/d1/297/AUTH_70c830e2e6e44c7fbd49e14db2a2eaea/gnocchi.5b3afceb-9546-42ee-af7b-4e407410e5d2" "tx3770fd953f37421aab62c-006925cfc0" "container-server 16" 0.0041 "-" 21 0
Nov 25 15:48:16 standalone container-server[127734]: 172.20.0.100 - - [25/Nov/2025:15:48:16 +0000] "PUT /d1/297/AUTH_70c830e2e6e44c7fbd49e14db2a2eaea/gnocchi.5b3afceb-9546-42ee-af7b-4e407410e5d2" 201 - "PUT http://172.18.0.2:8080/v1/AUTH_70c830e2e6e44c7fbd49e14db2a2eaea/gnocchi.5b3afceb-9546-42ee-af7b-4e407410e5d2" "tx3770fd953f37421aab62c-006925cfc0" "proxy-server 20" 0.0127 "-" 16 0
Nov 25 15:48:16 standalone proxy-server[129613]: 172.18.0.2 172.18.0.100 25/Nov/2025/15/48/16 PUT /v1/AUTH_70c830e2e6e44c7fbd49e14db2a2eaea/gnocchi.5b3afceb-9546-42ee-af7b-4e407410e5d2 HTTP/1.0 201 - python-swiftclient-3.11.1 gAAAAABpJc8CrfzC... - - - tx3770fd953f37421aab62c-006925cfc0 - 0.0160 - - 1764085696.059791565 1764085696.075798988 0
Nov 25 15:48:16 standalone container-server[127714]: 172.20.0.100 - - [25/Nov/2025:15:48:16 +0000] "HEAD /d1/297/AUTH_70c830e2e6e44c7fbd49e14db2a2eaea/gnocchi.5b3afceb-9546-42ee-af7b-4e407410e5d2" 204 - "HEAD http://172.18.0.2:8080/v1/AUTH_70c830e2e6e44c7fbd49e14db2a2eaea/gnocchi.5b3afceb-9546-42ee-af7b-4e407410e5d2?format=json&states=listing" "tx01dbf6ee22cc47d8b4643-006925cfc0" "proxy-server 20" 0.0025 "-" 14 0
Nov 25 15:48:16 standalone proxy-server[129613]: - - 25/Nov/2025/15/48/16 HEAD /v1/AUTH_70c830e2e6e44c7fbd49e14db2a2eaea/gnocchi.5b3afceb-9546-42ee-af7b-4e407410e5d2%3Fformat%3Djson%26states%3Dlisting HTTP/1.0 204 - Swift - - - - tx01dbf6ee22cc47d8b4643-006925cfc0 - 0.0054 RL - 1764085696.080651522 1764085696.086018324 0
Nov 25 15:48:16 standalone container-server[127734]: 172.20.0.100 - - [25/Nov/2025:15:48:16 +0000] "GET /d1/297/AUTH_70c830e2e6e44c7fbd49e14db2a2eaea/gnocchi.5b3afceb-9546-42ee-af7b-4e407410e5d2" 200 2 "GET http://172.18.0.2:8080/v1/AUTH_70c830e2e6e44c7fbd49e14db2a2eaea/gnocchi.5b3afceb-9546-42ee-af7b-4e407410e5d2?format=json&states=listing" "tx01dbf6ee22cc47d8b4643-006925cfc0" "proxy-server 20" 0.0020 "-" 16 0
