Nov 25 15:48:16 standalone proxy-server[129613]: 172.18.0.2 172.18.0.100 25/Nov/2025/15/48/16 GET /v1/AUTH_70c830e2e6e44c7fbd49e14db2a2eaea/gnocchi.5b3afceb-9546-42ee-af7b-4e407410e5d2%3Fformat%3Djson%26states%3Dlisting HTTP/1.0 200 - python-swiftclient-3.11.1 gAAAAABpJc8CrfzC... - 2 - tx01dbf6ee22cc47d8b4643-006925cfc0 - 0.0130 - - 1764085696.079679251 1764085696.092690229 0
Nov 25 15:48:16 standalone object-server[128012]: 172.20.0.100 - - [25/Nov/2025:15:48:16 +0000] "GET /d1/9/AUTH_70c830e2e6e44c7fbd49e14db2a2eaea/gnocchi.5b3afceb-9546-42ee-af7b-4e407410e5d2/1763640000.0_mean_300.0_v3" 404 70 "GET http://172.18.0.2:8080/v1/AUTH_70c830e2e6e44c7fbd49e14db2a2eaea/gnocchi.5b3afceb-9546-42ee-af7b-4e407410e5d2/1763640000.0_mean_300.0_v3" "tx2f69d93f73c149889580b-006925cfc0" "proxy-server 20" 0.0003 "-" 24 0
Nov 25 15:48:16 standalone proxy-server[129613]: 172.18.0.2 172.18.0.100 25/Nov/2025/15/48/16 GET /v1/AUTH_70c830e2e6e44c7fbd49e14db2a2eaea/gnocchi.5b3afceb-9546-42ee-af7b-4e407410e5d2/1763640000.0_mean_300.0_v3 HTTP/1.0 404 - python-swiftclient-3.11.1 gAAAAABpJc8CrfzC... - 70 - tx2f69d93f73c149889580b-006925cfc0 - 0.0045 - - 1764085696.096194506 1764085696.100683451 0
Nov 25 15:48:16 standalone container-server[127745]: 172.20.0.100 - - [25/Nov/2025:15:48:16 +0000] "PUT /d1/297/AUTH_70c830e2e6e44c7fbd49e14db2a2eaea/gnocchi.5b3afceb-9546-42ee-af7b-4e407410e5d2/1763640000.0_mean_300.0_v3" 201 - "PUT http://172.18.0.2:8080/d1/9/AUTH_70c830e2e6e44c7fbd49e14db2a2eaea/gnocchi.5b3afceb-9546-42ee-af7b-4e407410e5d2/1763640000.0_mean_300.0_v3" "txfb145827a86941fcb636b-006925cfc0" "object-server 22" 0.0005 "-" 17 0
Nov 25 15:48:16 standalone object-server[128010]: 172.20.0.100 - - [25/Nov/2025:15:48:16 +0000] "PUT /d1/9/AUTH_70c830e2e6e44c7fbd49e14db2a2eaea/gnocchi.5b3afceb-9546-42ee-af7b-4e407410e5d2/1763640000.0_mean_300.0_v3" 201 - "PUT http://172.18.0.2:8080/v1/AUTH_70c830e2e6e44c7fbd49e14db2a2eaea/gnocchi.5b3afceb-9546-42ee-af7b-4e407410e5d2/1763640000.0_mean_300.0_v3" "txfb145827a86941fcb636b-006925cfc0" "proxy-server 20" 0.0090 "-" 22 0
Nov 25 15:48:16 standalone proxy-server[129613]: 172.18.0.2 172.18.0.100 25/Nov/2025/15/48/16 PUT /v1/AUTH_70c830e2e6e44c7fbd49e14db2a2eaea/gnocchi.5b3afceb-9546-42ee-af7b-4e407410e5d2/1763640000.0_mean_300.0_v3 HTTP/1.0 201 - python-swiftclient-3.11.1 gAAAAABpJc8CrfzC... 16 - - txfb145827a86941fcb636b-006925cfc0 - 0.0140 - - 1764085696.102677822 1764085696.116651773 0
Nov 25 15:48:16 standalone container-server[127718]: 172.20.0.100 - - [25/Nov/2025:15:48:16 +0000] "PUT /d1/297/AUTH_70c830e2e6e44c7fbd49e14db2a2eaea/gnocchi.5b3afceb-9546-42ee-af7b-4e407410e5d2/none_v3" 201 - "PUT http://172.18.0.2:8080/d1/918/AUTH_70c830e2e6e44c7fbd49e14db2a2eaea/gnocchi.5b3afceb-9546-42ee-af7b-4e407410e5d2/none_v3" "tx6204bfef80464b918315e-006925cfc0" "object-server 25" 0.0008 "-" 15 0
Nov 25 15:48:16 standalone object-server[128013]: 172.20.0.100 - - [25/Nov/2025:15:48:16 +0000] "PUT /d1/918/AUTH_70c830e2e6e44c7fbd49e14db2a2eaea/gnocchi.5b3afceb-9546-42ee-af7b-4e407410e5d2/none_v3" 201 - "PUT http://172.18.0.2:8080/v1/AUTH_70c830e2e6e44c7fbd49e14db2a2eaea/gnocchi.5b3afceb-9546-42ee-af7b-4e407410e5d2/none_v3" "tx6204bfef80464b918315e-006925cfc0" "proxy-server 20" 0.0085 "-" 25 0
Nov 25 15:48:16 standalone proxy-server[129613]: 172.18.0.2 172.18.0.100 25/Nov/2025/15/48/16 PUT /v1/AUTH_70c830e2e6e44c7fbd49e14db2a2eaea/gnocchi.5b3afceb-9546-42ee-af7b-4e407410e5d2/none_v3 HTTP/1.0 201 - python-swiftclient-3.11.1 gAAAAABpJc8CrfzC... 22 - - tx6204bfef80464b918315e-006925cfc0 - 0.0126 - - 1764085696.118560076 1764085696.131149530 0
Nov 25 15:48:16 standalone container-server[127734]: 172.20.0.100 - - [25/Nov/2025:15:48:16 +0000] "HEAD /d1/45/AUTH_70c830e2e6e44c7fbd49e14db2a2eaea/gnocchi.1e8cab14-16f6-4f6a-8fe4-c9075cf38928" 404 - "HEAD http://172.18.0.2:8080/v1/AUTH_70c830e2e6e44c7fbd49e14db2a2eaea/gnocchi.1e8cab14-16f6-4f6a-8fe4-c9075cf38928?format=json&states=listing" "tx499276fafc124a658e496-006925cfc0" "proxy-server 20" 0.0006 "-" 16 0
Nov 25 15:48:16 standalone object-server[128012]: 172.20.0.100 - - [25/Nov/2025:15:48:16 +0000] "GET /d1/450/AUTH_70c830e2e6e44c7fbd49e14db2a2eaea/gnocchi.1e8cab14-16f6-4f6a-8fe4-c9075cf38928/none_v3" 404 70 "GET http://172.18.0.2:8080/v1/AUTH_70c830e2e6e44c7fbd49e14db2a2eaea/gnocchi.1e8cab14-16f6-4f6a-8fe4-c9075cf38928/none_v3" "tx499276fafc124a658e496-006925cfc0" "proxy-server 20" 0.0003 "-" 24 0
Nov 25 15:48:16 standalone proxy-server[129613]: 172.18.0.2 172.18.0.100 25/Nov/2025/15/48/16 GET /v1/AUTH_70c830e2e6e44c7fbd49e14db2a2eaea/gnocchi.1e8cab14-16f6-4f6a-8fe4-c9075cf38928/none_v3 HTTP/1.0 404 - python-swiftclient-3.11.1 gAAAAABpJc8CrfzC... - 70 - tx499276fafc124a658e496-006925cfc0 - 0.0136 - - 1764085696.139293194 1764085696.152870417 0
Nov 25 15:48:16 standalone account-server[127556]: 172.20.0.100 - - [25/Nov/2025:15:48:16 +0000] "PUT /d1/632/AUTH_70c830e2e6e44c7fbd49e14db2a2eaea/gnocchi.1e8cab14-16f6-4f6a-8fe4-c9075cf38928" 201 - "PUT http://172.20.0.100:6001/d1/45/AUTH_70c830e2e6e44c7fbd49e14db2a2eaea/gnocchi.1e8cab14-16f6-4f6a-8fe4-c9075cf38928" "tx24e62a7901324ce29c589-006925cfc0" "container-server 14" 0.0039 "-" 20 0
Nov 25 15:48:16 standalone container-server[127714]: 172.20.0.100 - - [25/Nov/2025:15:48:16 +0000] "PUT /d1/45/AUTH_70c830e2e6e44c7fbd49e14db2a2eaea/gnocchi.1e8cab14-16f6-4f6a-8fe4-c9075cf38928" 201 - "PUT http://172.18.0.2:8080/v1/AUTH_70c830e2e6e44c7fbd49e14db2a2eaea/gnocchi.1e8cab14-16f6-4f6a-8fe4-c9075cf38928" "tx24e62a7901324ce29c589-006925cfc0" "proxy-server 20" 0.0146 "-" 14 0
Nov 25 15:48:16 standalone proxy-server[129613]: 172.18.0.2 172.18.0.100 25/Nov/2025/15/48/16 PUT /v1/AUTH_70c830e2e6e44c7fbd49e14db2a2eaea/gnocchi.1e8cab14-16f6-4f6a-8fe4-c9075cf38928 HTTP/1.0 201 - python-swiftclient-3.11.1 gAAAAABpJc8CrfzC... - - - tx24e62a7901324ce29c589-006925cfc0 - 0.0219 - - 1764085696.155798674 1764085696.177682400 0
Nov 25 15:48:16 standalone container-server[127714]: 172.20.0.100 - - [25/Nov/2025:15:48:16 +0000] "HEAD /d1/35/AUTH_70c830e2e6e44c7fbd49e14db2a2eaea/gnocchi.1fe22f8d-92d2-4336-bfcf-128f60cba428" 404 - "HEAD http://172.18.0.2:8080/v1/AUTH_70c830e2e6e44c7fbd49e14db2a2eaea/gnocchi.1fe22f8d-92d2-4336-bfcf-128f60cba428?format=json&states=listing" "tx9e40b46a47354bfbb0a55-006925cfc0" "proxy-server 20" 0.0004 "-" 14 0
Nov 25 15:48:16 standalone object-server[128010]: 172.20.0.100 - - [25/Nov/2025:15:48:16 +0000] "GET /d1/296/AUTH_70c830e2e6e44c7fbd49e14db2a2eaea/gnocchi.1fe22f8d-92d2-4336-bfcf-128f60cba428/none_v3" 404 70 "GET http://172.18.0.2:8080/v1/AUTH_70c830e2e6e44c7fbd49e14db2a2eaea/gnocchi.1fe22f8d-92d2-4336-bfcf-128f60cba428/none_v3" "tx9e40b46a47354bfbb0a55-006925cfc0" "proxy-server 20" 0.0004 "-" 22 0
Nov 25 15:48:16 standalone proxy-server[129613]: 172.18.0.2 172.18.0.100 25/Nov/2025/15/48/16 GET /v1/AUTH_70c830e2e6e44c7fbd49e14db2a2eaea/gnocchi.1fe22f8d-92d2-4336-bfcf-128f60cba428/none_v3 HTTP/1.0 404 - python-swiftclient-3.11.1 gAAAAABpJc8CrfzC... - 70 - tx9e40b46a47354bfbb0a55-006925cfc0 - 0.0088 - - 1764085696.179953575 1764085696.188734770 0
Nov 25 15:48:16 standalone account-server[127556]: 172.20.0.100 - - [25/Nov/2025:15:48:16 +0000] "PUT /d1/632/AUTH_70c830e2e6e44c7fbd49e14db2a2eaea/gnocchi.1fe22f8d-92d2-4336-bfcf-128f60cba428" 201 - "PUT http://172.20.0.100:6001/d1/35/AUTH_70c830e2e6e44c7fbd49e14db2a2eaea/gnocchi.1fe22f8d-92d2-4336-bfcf-128f60cba428" "tx9226bbe1d95f4ea2af635-006925cfc0" "container-server 16" 0.0037 "-" 20 0
Nov 25 15:48:16 standalone container-server[127734]: 172.20.0.100 - - [25/Nov/2025:15:48:16 +0000] "PUT /d1/35/AUTH_70c830e2e6e44c7fbd49e14db2a2eaea/gnocchi.1fe22f8d-92d2-4336-bfcf-128f60cba428" 201 - "PUT http://172.18.0.2:8080/v1/AUTH_70c830e2e6e44c7fbd49e14db2a2eaea/gnocchi.1fe22f8d-92d2-4336-bfcf-128f60cba428" "tx9226bbe1d95f4ea2af635-006925cfc0" "proxy-server 20" 0.0149 "-" 16 0
Nov 25 15:48:16 standalone proxy-server[129613]: 172.18.0.2 172.18.0.100 25/Nov/2025/15/48/16 PUT /v1/AUTH_70c830e2e6e44c7fbd49e14db2a2eaea/gnocchi.1fe22f8d-92d2-4336-bfcf-128f60cba428 HTTP/1.0 201 - python-swiftclient-3.11.1 gAAAAABpJc8CrfzC... - - - tx9226bbe1d95f4ea2af635-006925cfc0 - 0.0190 - - 1764085696.190394163 1764085696.209367275 0
Nov 25 15:48:16 standalone container-server[127718]: 172.20.0.100 - - [25/Nov/2025:15:48:16 +0000] "HEAD /d1/45/AUTH_70c830e2e6e44c7fbd49e14db2a2eaea/gnocchi.1e8cab14-16f6-4f6a-8fe4-c9075cf38928" 204 - "HEAD http://172.18.0.2:8080/v1/AUTH_70c830e2e6e44c7fbd49e14db2a2eaea/gnocchi.1e8cab14-16f6-4f6a-8fe4-c9075cf38928?format=json&states=listing" "txf74f5d2ea9734554a7609-006925cfc0" "proxy-server 20" 0.0021 "-" 15 0
Nov 25 15:48:16 standalone proxy-server[129613]: - - 25/Nov/2025/15/48/16 HEAD /v1/AUTH_70c830e2e6e44c7fbd49e14db2a2eaea/gnocchi.1e8cab14-16f6-4f6a-8fe4-c9075cf38928%3Fformat%3Djson%26states%3Dlisting HTTP/1.0 204 - Swift - - - - txf74f5d2ea9734554a7609-006925cfc0 - 0.0056 RL - 1764085696.212565184 1764085696.218142748 0
Nov 25 15:48:16 standalone container-server[127714]: 172.20.0.100 - - [25/Nov/2025:15:48:16 +0000] "GET /d1/45/AUTH_70c830e2e6e44c7fbd49e14db2a2eaea/gnocchi.1e8cab14-16f6-4f6a-8fe4-c9075cf38928" 200 2 "GET http://172.18.0.2:8080/v1/AUTH_70c830e2e6e44c7fbd49e14db2a2eaea/gnocchi.1e8cab14-16f6-4f6a-8fe4-c9075cf38928?format=json&states=listing" "txf74f5d2ea9734554a7609-006925cfc0" "proxy-server 20" 0.0031 "-" 14 0
Nov 25 15:48:16 standalone proxy-server[129613]: 172.18.0.2 172.18.0.100 25/Nov/2025/15/48/16 GET /v1/AUTH_70c830e2e6e44c7fbd49e14db2a2eaea/gnocchi.1e8cab14-16f6-4f6a-8fe4-c9075cf38928%3Fformat%3Djson%26states%3Dlisting HTTP/1.0 200 - python-swiftclient-3.11.1 gAAAAABpJc8CrfzC... - 2 - txf74f5d2ea9734554a7609-006925cfc0 - 0.0157 - - 1764085696.211549044 1764085696.227297544 0
Nov 25 15:48:16 standalone container-server[127734]: 172.20.0.100 - - [25/Nov/2025:15:48:16 +0000] "HEAD /d1/35/AUTH_70c830e2e6e44c7fbd49e14db2a2eaea/gnocchi.1fe22f8d-92d2-4336-bfcf-128f60cba428" 204 - "HEAD http://172.18.0.2:8080/v1/AUTH_70c830e2e6e44c7fbd49e14db2a2eaea/gnocchi.1fe22f8d-92d2-4336-bfcf-128f60cba428?format=json&states=listing" "tx41f8a21ff8874df5a8a4c-006925cfc0" "proxy-server 20" 0.0021 "-" 16 0
Nov 25 15:48:16 standalone proxy-server[129613]: - - 25/Nov/2025/15/48/16 HEAD /v1/AUTH_70c830e2e6e44c7fbd49e14db2a2eaea/gnocchi.1fe22f8d-92d2-4336-bfcf-128f60cba428%3Fformat%3Djson%26states%3Dlisting HTTP/1.0 204 - Swift - - - - tx41f8a21ff8874df5a8a4c-006925cfc0 - 0.0056 RL - 1764085696.231020451 1764085696.236668110 0
Nov 25 15:48:16 standalone container-server[127734]: 172.20.0.100 - - [25/Nov/2025:15:48:16 +0000] "GET /d1/35/AUTH_70c830e2e6e44c7fbd49e14db2a2eaea/gnocchi.1fe22f8d-92d2-4336-bfcf-128f60cba428" 200 2 "GET http://172.18.0.2:8080/v1/AUTH_70c830e2e6e44c7fbd49e14db2a2eaea/gnocchi.1fe22f8d-92d2-4336-bfcf-128f60cba428?format=json&states=listing" "tx41f8a21ff8874df5a8a4c-006925cfc0" "proxy-server 20" 0.0032 "-" 16 0
Nov 25 15:48:16 standalone proxy-server[129613]: 172.18.0.2 172.18.0.100 25/Nov/2025/15/48/16 GET /v1/AUTH_70c830e2e6e44c7fbd49e14db2a2eaea/gnocchi.1fe22f8d-92d2-4336-bfcf-128f60cba428%3Fformat%3Djson%26states%3Dlisting HTTP/1.0 200 - python-swiftclient-3.11.1 gAAAAABpJc8CrfzC... - 2 - tx41f8a21ff8874df5a8a4c-006925cfc0 - 0.0153 - - 1764085696.230058193 1764085696.245333910 0
Nov 25 15:48:16 standalone object-server[128010]: 172.20.0.100 - - [25/Nov/2025:15:48:16 +0000] "GET /d1/86/AUTH_70c830e2e6e44c7fbd49e14db2a2eaea/gnocchi.1e8cab14-16f6-4f6a-8fe4-c9075cf38928/1763640000.0_mean_300.0_v3" 404 70 "GET http://172.18.0.2:8080/v1/AUTH_70c830e2e6e44c7fbd49e14db2a2eaea/gnocchi.1e8cab14-16f6-4f6a-8fe4-c9075cf38928/1763640000.0_mean_300.0_v3" "tx321bf281163a4594bab95-006925cfc0" "proxy-server 20" 0.0004 "-" 22 0
Nov 25 15:48:16 standalone proxy-server[129613]: 172.18.0.2 172.18.0.100 25/Nov/2025/15/48/16 GET /v1/AUTH_70c830e2e6e44c7fbd49e14db2a2eaea/gnocchi.1e8cab14-16f6-4f6a-8fe4-c9075cf38928/1763640000.0_mean_300.0_v3 HTTP/1.0 404 - python-swiftclient-3.11.1 gAAAAABpJc8CrfzC... - 70 - tx321bf281163a4594bab95-006925cfc0 - 0.0056 - - 1764085696.247523785 1764085696.253163338 0
Nov 25 15:48:16 standalone object-server[128013]: 172.20.0.100 - - [25/Nov/2025:15:48:16 +0000] "GET /d1/154/AUTH_70c830e2e6e44c7fbd49e14db2a2eaea/gnocchi.1fe22f8d-92d2-4336-bfcf-128f60cba428/1763640000.0_mean_300.0_v3" 404 70 "GET http://172.18.0.2:8080/v1/AUTH_70c830e2e6e44c7fbd49e14db2a2eaea/gnocchi.1fe22f8d-92d2-4336-bfcf-128f60cba428/1763640000.0_mean_300.0_v3" "txfbd4bdeb9dec460c8e188-006925cfc0" "proxy-server 20" 0.0003 "-" 25 0
Nov 25 15:48:16 standalone proxy-server[129613]: 172.18.0.2 172.18.0.100 25/Nov/2025/15/48/16 GET /v1/AUTH_70c830e2e6e44c7fbd49e14db2a2eaea/gnocchi.1fe22f8d-92d2-4336-bfcf-128f60cba428/1763640000.0_mean_300.0_v3 HTTP/1.0 404 - python-swiftclient-3.11.1 gAAAAABpJc8CrfzC... - 70 - txfbd4bdeb9dec460c8e188-006925cfc0 - 0.0043 - - 1764085696.254748106 1764085696.259010315 0
Nov 25 15:48:16 standalone container-server[127718]: 172.20.0.100 - - [25/Nov/2025:15:48:16 +0000] "PUT /d1/45/AUTH_70c830e2e6e44c7fbd49e14db2a2eaea/gnocchi.1e8cab14-16f6-4f6a-8fe4-c9075cf38928/1763640000.0_mean_300.0_v3" 201 - "PUT http://172.18.0.2:8080/d1/86/AUTH_70c830e2e6e44c7fbd49e14db2a2eaea/gnocchi.1e8cab14-16f6-4f6a-8fe4-c9075cf38928/1763640000.0_mean_300.0_v3" "txc5593c2d00e843ae93bb0-006925cfc0" "object-server 25" 0.0009 "-" 15 0
Nov 25 15:48:16 standalone object-server[128013]: 172.20.0.100 - - [25/Nov/2025:15:48:16 +0000] "PUT /d1/86/AUTH_70c830e2e6e44c7fbd49e14db2a2eaea/gnocchi.1e8cab14-16f6-4f6a-8fe4-c9075cf38928/1763640000.0_mean_300.0_v3" 201 - "PUT http://172.18.0.2:8080/v1/AUTH_70c830e2e6e44c7fbd49e14db2a2eaea/gnocchi.1e8cab14-16f6-4f6a-8fe4-c9075cf38928/1763640000.0_mean_300.0_v3" "txc5593c2d00e843ae93bb0-006925cfc0" "proxy-server 20" 0.0083 "-" 25 0
Nov 25 15:48:16 standalone proxy-server[129613]: 172.18.0.2 172.18.0.100 25/Nov/2025/15/48/16 PUT /v1/AUTH_70c830e2e6e44c7fbd49e14db2a2eaea/gnocchi.1e8cab14-16f6-4f6a-8fe4-c9075cf38928/1763640000.0_mean_300.0_v3 HTTP/1.0 201 - python-swiftclient-3.11.1 gAAAAABpJc8CrfzC... 16 - - txc5593c2d00e843ae93bb0-006925cfc0 - 0.0120 - - 1764085696.260776997 1764085696.272808075 0
Nov 25 15:48:16 standalone container-server[127745]: 172.20.0.100 - - [25/Nov/2025:15:48:16 +0000] "PUT /d1/35/AUTH_70c830e2e6e44c7fbd49e14db2a2eaea/gnocchi.1fe22f8d-92d2-4336-bfcf-128f60cba428/1763640000.0_mean_300.0_v3" 201 - "PUT http://172.18.0.2:8080/d1/154/AUTH_70c830e2e6e44c7fbd49e14db2a2eaea/gnocchi.1fe22f8d-92d2-4336-bfcf-128f60cba428/1763640000.0_mean_300.0_v3" "txde1c2ae243f14b98b8ff6-006925cfc0" "object-server 24" 0.0006 "-" 17 0
Nov 25 15:48:16 standalone object-server[128012]: 172.20.0.100 - - [25/Nov/2025:15:48:16 +0000] "PUT /d1/154/AUTH_70c830e2e6e44c7fbd49e14db2a2eaea/gnocchi.1fe22f8d-92d2-4336-bfcf-128f60cba428/1763640000.0_mean_300.0_v3" 201 - "PUT http://172.18.0.2:8080/v1/AUTH_70c830e2e6e44c7fbd49e14db2a2eaea/gnocchi.1fe22f8d-92d2-4336-bfcf-128f60cba428/1763640000.0_mean_300.0_v3" "txde1c2ae243f14b98b8ff6-006925cfc0" "proxy-server 20" 0.0083 "-" 24 0
Nov 25 15:48:16 standalone proxy-server[129613]: 172.18.0.2 172.18.0.100 25/Nov/2025/15/48/16 PUT /v1/AUTH_70c830e2e6e44c7fbd49e14db2a2eaea/gnocchi.1fe22f8d-92d2-4336-bfcf-128f60cba428/1763640000.0_mean_300.0_v3 HTTP/1.0 201 - python-swiftclient-3.11.1 gAAAAABpJc8CrfzC... 16 - - txde1c2ae243f14b98b8ff6-006925cfc0 - 0.0139 - - 1764085696.275058031 1764085696.288934708 0
Nov 25 15:48:16 standalone container-server[127714]: 172.20.0.100 - - [25/Nov/2025:15:48:16 +0000] "PUT /d1/45/AUTH_70c830e2e6e44c7fbd49e14db2a2eaea/gnocchi.1e8cab14-16f6-4f6a-8fe4-c9075cf38928/none_v3" 201 - "PUT http://172.18.0.2:8080/d1/450/AUTH_70c830e2e6e44c7fbd49e14db2a2eaea/gnocchi.1e8cab14-16f6-4f6a-8fe4-c9075cf38928/none_v3" "tx1865657165824d3780932-006925cfc0" "object-server 24" 0.0004 "-" 14 0
Nov 25 15:48:16 standalone object-server[128012]: 172.20.0.100 - - [25/Nov/2025:15:48:16 +0000] "PUT /d1/450/AUTH_70c830e2e6e44c7fbd49e14db2a2eaea/gnocchi.1e8cab14-16f6-4f6a-8fe4-c9075cf38928/none_v3" 201 - "PUT http://172.18.0.2:8080/v1/AUTH_70c830e2e6e44c7fbd49e14db2a2eaea/gnocchi.1e8cab14-16f6-4f6a-8fe4-c9075cf38928/none_v3" "tx1865657165824d3780932-006925cfc0" "proxy-server 20" 0.0077 "-" 24 0
Nov 25 15:48:16 standalone proxy-server[129613]: 172.18.0.2 172.18.0.100 25/Nov/2025/15/48/16 PUT /v1/AUTH_70c830e2e6e44c7fbd49e14db2a2eaea/gnocchi.1e8cab14-16f6-4f6a-8fe4-c9075cf38928/none_v3 HTTP/1.0 201 - python-swiftclient-3.11.1 gAAAAABpJc8CrfzC... 22 - - tx1865657165824d3780932-006925cfc0 - 0.0125 - - 1764085696.290795088 1764085696.303300142 0
Nov 25 15:48:16 standalone container-server[127714]: 172.20.0.100 - - [25/Nov/2025:15:48:16 +0000] "PUT /d1/35/AUTH_70c830e2e6e44c7fbd49e14db2a2eaea/gnocchi.1fe22f8d-92d2-4336-bfcf-128f60cba428/none_v3" 201 - "PUT http://172.18.0.2:8080/d1/296/AUTH_70c830e2e6e44c7fbd49e14db2a2eaea/gnocchi.1fe22f8d-92d2-4336-bfcf-128f60cba428/none_v3" "tx824f35d9ab3d43a6af0d9-006925cfc0" "object-server 24" 0.0003 "-" 14 0
Nov 25 15:48:16 standalone object-server[128012]: 172.20.0.100 - - [25/Nov/2025:15:48:16 +0000] "PUT /d1/296/AUTH_70c830e2e6e44c7fbd49e14db2a2eaea/gnocchi.1fe22f8d-92d2-4336-bfcf-128f60cba428/none_v3" 201 - "PUT http://172.18.0.2:8080/v1/AUTH_70c830e2e6e44c7fbd49e14db2a2eaea/gnocchi.1fe22f8d-92d2-4336-bfcf-128f60cba428/none_v3" "tx824f35d9ab3d43a6af0d9-006925cfc0" "proxy-server 20" 0.0058 "-" 24 0
Nov 25 15:48:16 standalone proxy-server[129613]: 172.18.0.2 172.18.0.100 25/Nov/2025/15/48/16 PUT /v1/AUTH_70c830e2e6e44c7fbd49e14db2a2eaea/gnocchi.1fe22f8d-92d2-4336-bfcf-128f60cba428/none_v3 HTTP/1.0 201 - python-swiftclient-3.11.1 gAAAAABpJc8CrfzC... 22 - - tx824f35d9ab3d43a6af0d9-006925cfc0 - 0.0099 - - 1764085696.305093527 1764085696.315025091 0
Nov 25 15:48:16 standalone container-server[127714]: 172.20.0.100 - - [25/Nov/2025:15:48:16 +0000] "HEAD /d1/741/AUTH_70c830e2e6e44c7fbd49e14db2a2eaea/gnocchi.59c6a22c-29ae-4a71-bf8b-5c8e53cb6bad" 404 - "HEAD http://172.18.0.2:8080/v1/AUTH_70c830e2e6e44c7fbd49e14db2a2eaea/gnocchi.59c6a22c-29ae-4a71-bf8b-5c8e53cb6bad?format=json&states=listing" "tx6bb440c8d1724d55a32b4-006925cfc0" "proxy-server 20" 0.0002 "-" 14 0
Nov 25 15:48:16 standalone object-server[128010]: 172.20.0.100 - - [25/Nov/2025:15:48:16 +0000] "GET /d1/294/AUTH_70c830e2e6e44c7fbd49e14db2a2eaea/gnocchi.59c6a22c-29ae-4a71-bf8b-5c8e53cb6bad/none_v3" 404 70 "GET http://172.18.0.2:8080/v1/AUTH_70c830e2e6e44c7fbd49e14db2a2eaea/gnocchi.59c6a22c-29ae-4a71-bf8b-5c8e53cb6bad/none_v3" "tx6bb440c8d1724d55a32b4-006925cfc0" "proxy-server 20" 0.0004 "-" 22 0
Nov 25 15:48:16 standalone proxy-server[129613]: 172.18.0.2 172.18.0.100 25/Nov/2025/15/48/16 GET /v1/AUTH_70c830e2e6e44c7fbd49e14db2a2eaea/gnocchi.59c6a22c-29ae-4a71-bf8b-5c8e53cb6bad/none_v3 HTTP/1.0 404 - python-swiftclient-3.11.1 gAAAAABpJc8CrfzC... - 70 - tx6bb440c8d1724d55a32b4-006925cfc0 - 0.0084 - - 1764085696.321903944 1764085696.330346823 0
Nov 25 15:48:16 standalone account-server[127556]: 172.20.0.100 - - [25/Nov/2025:15:48:16 +0000] "PUT /d1/632/AUTH_70c830e2e6e44c7fbd49e14db2a2eaea/gnocchi.59c6a22c-29ae-4a71-bf8b-5c8e53cb6bad" 201 - "PUT http://172.20.0.100:6001/d1/741/AUTH_70c830e2e6e44c7fbd49e14db2a2eaea/gnocchi.59c6a22c-29ae-4a71-bf8b-5c8e53cb6bad" "tx0f7d08a3c27944498ae73-006925cfc0" "container-server 15" 0.0038 "-" 20 0
Nov 25 15:48:16 standalone container-server[127718]: 172.20.0.100 - - [25/Nov/2025:15:48:16 +0000] "PUT /d1/741/AUTH_70c830e2e6e44c7fbd49e14db2a2eaea/gnocchi.59c6a22c-29ae-4a71-bf8b-5c8e53cb6bad" 201 - "PUT http://172.18.0.2:8080/v1/AUTH_70c830e2e6e44c7fbd49e14db2a2eaea/gnocchi.59c6a22c-29ae-4a71-bf8b-5c8e53cb6bad" "tx0f7d08a3c27944498ae73-006925cfc0" "proxy-server 20" 0.0132 "-" 15 0
Nov 25 15:48:16 standalone proxy-server[129613]: 172.18.0.2 172.18.0.100 25/Nov/2025/15/48/16 PUT /v1/AUTH_70c830e2e6e44c7fbd49e14db2a2eaea/gnocchi.59c6a22c-29ae-4a71-bf8b-5c8e53cb6bad HTTP/1.0 201 - python-swiftclient-3.11.1 gAAAAABpJc8CrfzC... - - - tx0f7d08a3c27944498ae73-006925cfc0 - 0.0190 - - 1764085696.332406998 1764085696.351403713 0
Nov 25 15:48:16 standalone container-server[127734]: 172.20.0.100 - - [25/Nov/2025:15:48:16 +0000] "HEAD /d1/741/AUTH_70c830e2e6e44c7fbd49e14db2a2eaea/gnocchi.59c6a22c-29ae-4a71-bf8b-5c8e53cb6bad" 204 - "HEAD http://172.18.0.2:8080/v1/AUTH_70c830e2e6e44c7fbd49e14db2a2eaea/gnocchi.59c6a22c-29ae-4a71-bf8b-5c8e53cb6bad?format=json&states=listing" "tx4eb3b018f51348afa9c36-006925cfc0" "proxy-server 20" 0.0018 "-" 16 0
Nov 25 15:48:16 standalone proxy-server[129613]: - - 25/Nov/2025/15/48/16 HEAD /v1/AUTH_70c830e2e6e44c7fbd49e14db2a2eaea/gnocchi.59c6a22c-29ae-4a71-bf8b-5c8e53cb6bad%3Fformat%3Djson%26states%3Dlisting HTTP/1.0 204 - Swift - - - - tx4eb3b018f51348afa9c36-006925cfc0 - 0.0053 RL - 1764085696.354985476 1764085696.360285759 0
Nov 25 15:48:16 standalone container-server[127718]: 172.20.0.100 - - [25/Nov/2025:15:48:16 +0000] "GET /d1/741/AUTH_70c830e2e6e44c7fbd49e14db2a2eaea/gnocchi.59c6a22c-29ae-4a71-bf8b-5c8e53cb6bad" 200 2 "GET http://172.18.0.2:8080/v1/AUTH_70c830e2e6e44c7fbd49e14db2a2eaea/gnocchi.59c6a22c-29ae-4a71-bf8b-5c8e53cb6bad?format=json&states=listing" "tx4eb3b018f51348afa9c36-006925cfc0" "proxy-server 20" 0.0027 "-" 15 0
Nov 25 15:48:16 standalone proxy-server[129613]: 172.18.0.2 172.18.0.100 25/Nov/2025/15/48/16 GET /v1/AUTH_70c830e2e6e44c7fbd49e14db2a2eaea/gnocchi.59c6a22c-29ae-4a71-bf8b-5c8e53cb6bad%3Fformat%3Djson%26states%3Dlisting HTTP/1.0 200 - python-swiftclient-3.11.1 gAAAAABpJc8CrfzC... - 2 - tx4eb3b018f51348afa9c36-006925cfc0 - 0.0154 - - 1764085696.353776693 1764085696.369132996 0
Nov 25 15:48:16 standalone object-server[128012]: 172.20.0.100 - - [25/Nov/2025:15:48:16 +0000] "GET /d1/854/AUTH_70c830e2e6e44c7fbd49e14db2a2eaea/gnocchi.59c6a22c-29ae-4a71-bf8b-5c8e53cb6bad/1763640000.0_mean_300.0_v3" 404 70 "GET http://172.18.0.2:8080/v1/AUTH_70c830e2e6e44c7fbd49e14db2a2eaea/gnocchi.59c6a22c-29ae-4a71-bf8b-5c8e53cb6bad/1763640000.0_mean_300.0_v3" "txf998c9f3ce204c08b58d9-006925cfc0" "proxy-server 20" 0.0003 "-" 24 0
Nov 25 15:48:16 standalone proxy-server[129613]: 172.18.0.2 172.18.0.100 25/Nov/2025/15/48/16 GET /v1/AUTH_70c830e2e6e44c7fbd49e14db2a2eaea/gnocchi.59c6a22c-29ae-4a71-bf8b-5c8e53cb6bad/1763640000.0_mean_300.0_v3 HTTP/1.0 404 - python-swiftclient-3.11.1 gAAAAABpJc8CrfzC... - 70 - txf998c9f3ce204c08b58d9-006925cfc0 - 0.0055 - - 1764085696.371764183 1764085696.377257824 0
Nov 25 15:48:16 standalone container-server[127714]: 172.20.0.100 - - [25/Nov/2025:15:48:16 +0000] "PUT /d1/741/AUTH_70c830e2e6e44c7fbd49e14db2a2eaea/gnocchi.59c6a22c-29ae-4a71-bf8b-5c8e53cb6bad/1763640000.0_mean_300.0_v3" 201 - "PUT http://172.18.0.2:8080/d1/854/AUTH_70c830e2e6e44c7fbd49e14db2a2eaea/gnocchi.59c6a22c-29ae-4a71-bf8b-5c8e53cb6bad/1763640000.0_mean_300.0_v3" "tx908ebecb03fe4d8896383-006925cfc0" "object-server 25" 0.0005 "-" 14 0
Nov 25 15:48:16 standalone object-server[128013]: 172.20.0.100 - - [25/Nov/2025:15:48:16 +0000] "PUT /d1/854/AUTH_70c830e2e6e44c7fbd49e14db2a2eaea/gnocchi.59c6a22c-29ae-4a71-bf8b-5c8e53cb6bad/1763640000.0_mean_300.0_v3" 201 - "PUT http://172.18.0.2:8080/v1/AUTH_70c830e2e6e44c7fbd49e14db2a2eaea/gnocchi.59c6a22c-29ae-4a71-bf8b-5c8e53cb6bad/1763640000.0_mean_300.0_v3" "tx908ebecb03fe4d8896383-006925cfc0" "proxy-server 20" 0.0092 "-" 25 0
Nov 25 15:48:16 standalone proxy-server[129613]: 172.18.0.2 172.18.0.100 25/Nov/2025/15/48/16 PUT /v1/AUTH_70c830e2e6e44c7fbd49e14db2a2eaea/gnocchi.59c6a22c-29ae-4a71-bf8b-5c8e53cb6bad/1763640000.0_mean_300.0_v3 HTTP/1.0 201 - python-swiftclient-3.11.1 gAAAAABpJc8CrfzC... 16 - - tx908ebecb03fe4d8896383-006925cfc0 - 0.0152 - - 1764085696.380803585 1764085696.395953655 0
Nov 25 15:48:16 standalone container-server[127734]: 172.20.0.100 - - [25/Nov/2025:15:48:16 +0000] "PUT /d1/741/AUTH_70c830e2e6e44c7fbd49e14db2a2eaea/gnocchi.59c6a22c-29ae-4a71-bf8b-5c8e53cb6bad/none_v3" 201 - "PUT http://172.18.0.2:8080/d1/294/AUTH_70c830e2e6e44c7fbd49e14db2a2eaea/gnocchi.59c6a22c-29ae-4a71-bf8b-5c8e53cb6bad/none_v3" "tx37e70274f0cf4ec6aada5-006925cfc0" "object-server 24" 0.0007 "-" 16 0
Nov 25 15:48:16 standalone object-server[128012]: 172.20.0.100 - - [25/Nov/2025:15:48:16 +0000] "PUT /d1/294/AUTH_70c830e2e6e44c7fbd49e14db2a2eaea/gnocchi.59c6a22c-29ae-4a71-bf8b-5c8e53cb6bad/none_v3" 201 - "PUT http://172.18.0.2:8080/v1/AUTH_70c830e2e6e44c7fbd49e14db2a2eaea/gnocchi.59c6a22c-29ae-4a71-bf8b-5c8e53cb6bad/none_v3" "tx37e70274f0cf4ec6aada5-006925cfc0" "proxy-server 20" 0.0086 "-" 24 0
Nov 25 15:48:16 standalone proxy-server[129613]: 172.18.0.2 172.18.0.100 25/Nov/2025/15/48/16 PUT /v1/AUTH_70c830e2e6e44c7fbd49e14db2a2eaea/gnocchi.59c6a22c-29ae-4a71-bf8b-5c8e53cb6bad/none_v3 HTTP/1.0 201 - python-swiftclient-3.11.1 gAAAAABpJc8CrfzC... 22 - - tx37e70274f0cf4ec6aada5-006925cfc0 - 0.0140 - - 1764085696.400253534 1764085696.414242506 0
Nov 25 15:48:16 standalone container-server[127714]: 172.20.0.100 - - [25/Nov/2025:15:48:16 +0000] "HEAD /d1/530/AUTH_70c830e2e6e44c7fbd49e14db2a2eaea/gnocchi.0b4c4691-ce37-43f2-a2e1-6a184708b722" 404 - "HEAD http://172.18.0.2:8080/v1/AUTH_70c830e2e6e44c7fbd49e14db2a2eaea/gnocchi.0b4c4691-ce37-43f2-a2e1-6a184708b722?format=json&states=listing" "txc321f217d51b4fd8a3761-006925cfc0" "proxy-server 20" 0.0004 "-" 14 0
Nov 25 15:48:16 standalone object-server[128010]: 172.20.0.100 - - [25/Nov/2025:15:48:16 +0000] "GET /d1/719/AUTH_70c830e2e6e44c7fbd49e14db2a2eaea/gnocchi.0b4c4691-ce37-43f2-a2e1-6a184708b722/none_v3" 404 70 "GET http://172.18.0.2:8080/v1/AUTH_70c830e2e6e44c7fbd49e14db2a2eaea/gnocchi.0b4c4691-ce37-43f2-a2e1-6a184708b722/none_v3" "txc321f217d51b4fd8a3761-006925cfc0" "proxy-server 20" 0.0003 "-" 22 0
Nov 25 15:48:16 standalone proxy-server[129613]: 172.18.0.2 172.18.0.100 25/Nov/2025/15/48/16 GET /v1/AUTH_70c830e2e6e44c7fbd49e14db2a2eaea/gnocchi.0b4c4691-ce37-43f2-a2e1-6a184708b722/none_v3 HTTP/1.0 404 - python-swiftclient-3.11.1 gAAAAABpJc8CrfzC... - 70 - txc321f217d51b4fd8a3761-006925cfc0 - 0.0144 - - 1764085696.424146891 1764085696.438509464 0
Nov 25 15:48:16 standalone account-server[127556]: 172.20.0.100 - - [25/Nov/2025:15:48:16 +0000] "PUT /d1/632/AUTH_70c830e2e6e44c7fbd49e14db2a2eaea/gnocchi.0b4c4691-ce37-43f2-a2e1-6a184708b722" 201 - "PUT http://172.20.0.100:6001/d1/530/AUTH_70c830e2e6e44c7fbd49e14db2a2eaea/gnocchi.0b4c4691-ce37-43f2-a2e1-6a184708b722" "txd41d9a0d3d964a3fb4685-006925cfc0" "container-server 17" 0.0053 "-" 20 0
Nov 25 15:48:16 standalone container-server[127745]: 172.20.0.100 - - [25/Nov/2025:15:48:16 +0000] "PUT /d1/530/AUTH_70c830e2e6e44c7fbd49e14db2a2eaea/gnocchi.0b4c4691-ce37-43f2-a2e1-6a184708b722" 201 - "PUT http://172.18.0.2:8080/v1/AUTH_70c830e2e6e44c7fbd49e14db2a2eaea/gnocchi.0b4c4691-ce37-43f2-a2e1-6a184708b722" "txd41d9a0d3d964a3fb4685-006925cfc0" "proxy-server 20" 0.0161 "-" 17 0
Nov 25 15:48:16 standalone proxy-server[129613]: 172.18.0.2 172.18.0.100 25/Nov/2025/15/48/16 PUT /v1/AUTH_70c830e2e6e44c7fbd49e14db2a2eaea/gnocchi.0b4c4691-ce37-43f2-a2e1-6a184708b722 HTTP/1.0 201 - python-swiftclient-3.11.1 gAAAAABpJc8CrfzC... - - - txd41d9a0d3d964a3fb4685-006925cfc0 - 0.0224 - - 1764085696.441612720 1764085696.463995934 0
Nov 25 15:48:16 standalone container-server[127714]: 172.20.0.100 - - [25/Nov/2025:15:48:16 +0000] "HEAD /d1/530/AUTH_70c830e2e6e44c7fbd49e14db2a2eaea/gnocchi.0b4c4691-ce37-43f2-a2e1-6a184708b722" 204 - "HEAD http://172.18.0.2:8080/v1/AUTH_70c830e2e6e44c7fbd49e14db2a2eaea/gnocchi.0b4c4691-ce37-43f2-a2e1-6a184708b722?format=json&states=listing" "tx7c4113ad45fd4e138e6f0-006925cfc0" "proxy-server 20" 0.0020 "-" 14 0
Nov 25 15:48:16 standalone proxy-server[129613]: - - 25/Nov/2025/15/48/16 HEAD /v1/AUTH_70c830e2e6e44c7fbd49e14db2a2eaea/gnocchi.0b4c4691-ce37-43f2-a2e1-6a184708b722%3Fformat%3Djson%26states%3Dlisting HTTP/1.0 204 - Swift - - - - tx7c4113ad45fd4e138e6f0-006925cfc0 - 0.0074 RL - 1764085696.469206810 1764085696.476600647 0
Nov 25 15:48:16 standalone container-server[127714]: 172.20.0.100 - - [25/Nov/2025:15:48:16 +0000] "GET /d1/530/AUTH_70c830e2e6e44c7fbd49e14db2a2eaea/gnocchi.0b4c4691-ce37-43f2-a2e1-6a184708b722" 200 2 "GET http://172.18.0.2:8080/v1/AUTH_70c830e2e6e44c7fbd49e14db2a2eaea/gnocchi.0b4c4691-ce37-43f2-a2e1-6a184708b722?format=json&states=listing" "tx7c4113ad45fd4e138e6f0-006925cfc0" "proxy-server 20" 0.0031 "-" 14 0
Nov 25 15:48:16 standalone proxy-server[129613]: 172.18.0.2 172.18.0.100 25/Nov/2025/15/48/16 GET /v1/AUTH_70c830e2e6e44c7fbd49e14db2a2eaea/gnocchi.0b4c4691-ce37-43f2-a2e1-6a184708b722%3Fformat%3Djson%26states%3Dlisting HTTP/1.0 200 - python-swiftclient-3.11.1 gAAAAABpJc8CrfzC... - 2 - tx7c4113ad45fd4e138e6f0-006925cfc0 - 0.0213 - - 1764085696.467658758 1764085696.488977671 0
Nov 25 15:48:16 standalone object-server[128012]: 172.20.0.100 - - [25/Nov/2025:15:48:16 +0000] "GET /d1/300/AUTH_70c830e2e6e44c7fbd49e14db2a2eaea/gnocchi.0b4c4691-ce37-43f2-a2e1-6a184708b722/1763640000.0_mean_300.0_v3" 404 70 "GET http://172.18.0.2:8080/v1/AUTH_70c830e2e6e44c7fbd49e14db2a2eaea/gnocchi.0b4c4691-ce37-43f2-a2e1-6a184708b722/1763640000.0_mean_300.0_v3" "tx6059b69aab6e405a96cbc-006925cfc0" "proxy-server 20" 0.0004 "-" 24 0
Nov 25 15:48:16 standalone proxy-server[129613]: 172.18.0.2 172.18.0.100 25/Nov/2025/15/48/16 GET /v1/AUTH_70c830e2e6e44c7fbd49e14db2a2eaea/gnocchi.0b4c4691-ce37-43f2-a2e1-6a184708b722/1763640000.0_mean_300.0_v3 HTTP/1.0 404 - python-swiftclient-3.11.1 gAAAAABpJc8CrfzC... - 70 - tx6059b69aab6e405a96cbc-006925cfc0 - 0.0086 - - 1764085696.492646217 1764085696.501286983 0
Nov 25 15:48:16 standalone container-server[127718]: 172.20.0.100 - - [25/Nov/2025:15:48:16 +0000] "PUT /d1/530/AUTH_70c830e2e6e44c7fbd49e14db2a2eaea/gnocchi.0b4c4691-ce37-43f2-a2e1-6a184708b722/1763640000.0_mean_300.0_v3" 201 - "PUT http://172.18.0.2:8080/d1/300/AUTH_70c830e2e6e44c7fbd49e14db2a2eaea/gnocchi.0b4c4691-ce37-43f2-a2e1-6a184708b722/1763640000.0_mean_300.0_v3" "txcd7901bdd3834fa3805ac-006925cfc0" "object-server 24" 0.0005 "-" 15 0
Nov 25 15:48:16 standalone object-server[128012]: 172.20.0.100 - - [25/Nov/2025:15:48:16 +0000] "PUT /d1/300/AUTH_70c830e2e6e44c7fbd49e14db2a2eaea/gnocchi.0b4c4691-ce37-43f2-a2e1-6a184708b722/1763640000.0_mean_300.0_v3" 201 - "PUT http://172.18.0.2:8080/v1/AUTH_70c830e2e6e44c7fbd49e14db2a2eaea/gnocchi.0b4c4691-ce37-43f2-a2e1-6a184708b722/1763640000.0_mean_300.0_v3" "txcd7901bdd3834fa3805ac-006925cfc0" "proxy-server 20" 0.0102 "-" 24 0
Nov 25 15:48:16 standalone proxy-server[129613]: 172.18.0.2 172.18.0.100 25/Nov/2025/15/48/16 PUT /v1/AUTH_70c830e2e6e44c7fbd49e14db2a2eaea/gnocchi.0b4c4691-ce37-43f2-a2e1-6a184708b722/1763640000.0_mean_300.0_v3 HTTP/1.0 201 - python-swiftclient-3.11.1 gAAAAABpJc8CrfzC... 16 - - txcd7901bdd3834fa3805ac-006925cfc0 - 0.0179 - - 1764085696.504622221 1764085696.522564888 0
Nov 25 15:48:16 standalone container-server[127745]: 172.20.0.100 - - [25/Nov/2025:15:48:16 +0000] "PUT /d1/530/AUTH_70c830e2e6e44c7fbd49e14db2a2eaea/gnocchi.0b4c4691-ce37-43f2-a2e1-6a184708b722/none_v3" 201 - "PUT http://172.18.0.2:8080/d1/719/AUTH_70c830e2e6e44c7fbd49e14db2a2eaea/gnocchi.0b4c4691-ce37-43f2-a2e1-6a184708b722/none_v3" "tx789be0e3039946b58bb47-006925cfc0" "object-server 23" 0.0007 "-" 17 0
Nov 25 15:48:16 standalone object-server[128011]: 172.20.0.100 - - [25/Nov/2025:15:48:16 +0000] "PUT /d1/719/AUTH_70c830e2e6e44c7fbd49e14db2a2eaea/gnocchi.0b4c4691-ce37-43f2-a2e1-6a184708b722/none_v3" 201 - "PUT http://172.18.0.2:8080/v1/AUTH_70c830e2e6e44c7fbd49e14db2a2eaea/gnocchi.0b4c4691-ce37-43f2-a2e1-6a184708b722/none_v3" "tx789be0e3039946b58bb47-006925cfc0" "proxy-server 20" 0.0104 "-" 23 0
Nov 25 15:48:16 standalone proxy-server[129613]: 172.18.0.2 172.18.0.100 25/Nov/2025/15/48/16 PUT /v1/AUTH_70c830e2e6e44c7fbd49e14db2a2eaea/gnocchi.0b4c4691-ce37-43f2-a2e1-6a184708b722/none_v3 HTTP/1.0 201 - python-swiftclient-3.11.1 gAAAAABpJc8CrfzC... 22 - - tx789be0e3039946b58bb47-006925cfc0 - 0.0167 - - 1764085696.525125742 1764085696.541828156 0
Nov 25 15:48:16 standalone container-server[127714]: 172.20.0.100 - - [25/Nov/2025:15:48:16 +0000] "HEAD /d1/352/AUTH_70c830e2e6e44c7fbd49e14db2a2eaea/gnocchi.f1e4eb77-2f8e-4185-b8a3-5cf51815ce16" 404 - "HEAD http://172.18.0.2:8080/v1/AUTH_70c830e2e6e44c7fbd49e14db2a2eaea/gnocchi.f1e4eb77-2f8e-4185-b8a3-5cf51815ce16?format=json&states=listing" "tx900899be3f104e749b183-006925cfc0" "proxy-server 20" 0.0003 "-" 14 0
Nov 25 15:48:16 standalone object-server[128013]: 172.20.0.100 - - [25/Nov/2025:15:48:16 +0000] "GET /d1/142/AUTH_70c830e2e6e44c7fbd49e14db2a2eaea/gnocchi.f1e4eb77-2f8e-4185-b8a3-5cf51815ce16/none_v3" 404 70 "GET http://172.18.0.2:8080/v1/AUTH_70c830e2e6e44c7fbd49e14db2a2eaea/gnocchi.f1e4eb77-2f8e-4185-b8a3-5cf51815ce16/none_v3" "tx900899be3f104e749b183-006925cfc0" "proxy-server 20" 0.0005 "-" 25 0
Nov 25 15:48:16 standalone proxy-server[129613]: 172.18.0.2 172.18.0.100 25/Nov/2025/15/48/16 GET /v1/AUTH_70c830e2e6e44c7fbd49e14db2a2eaea/gnocchi.f1e4eb77-2f8e-4185-b8a3-5cf51815ce16/none_v3 HTTP/1.0 404 - python-swiftclient-3.11.1 gAAAAABpJc8CrfzC... - 70 - tx900899be3f104e749b183-006925cfc0 - 0.0083 - - 1764085696.549772978 1764085696.558074474 0
Nov 25 15:48:16 standalone account-server[127576]: 172.20.0.100 - - [25/Nov/2025:15:48:16 +0000] "PUT /d1/632/AUTH_70c830e2e6e44c7fbd49e14db2a2eaea/gnocchi.f1e4eb77-2f8e-4185-b8a3-5cf51815ce16" 201 - "PUT http://172.20.0.100:6001/d1/352/AUTH_70c830e2e6e44c7fbd49e14db2a2eaea/gnocchi.f1e4eb77-2f8e-4185-b8a3-5cf51815ce16" "txf406f4fb29d54ac1ac1ec-006925cfc0" "container-server 17" 0.0049 "-" 23 0
Nov 25 15:48:16 standalone container-server[127745]: 172.20.0.100 - - [25/Nov/2025:15:48:16 +0000] "PUT /d1/352/AUTH_70c830e2e6e44c7fbd49e14db2a2eaea/gnocchi.f1e4eb77-2f8e-4185-b8a3-5cf51815ce16" 201 - "PUT http://172.18.0.2:8080/v1/AUTH_70c830e2e6e44c7fbd49e14db2a2eaea/gnocchi.f1e4eb77-2f8e-4185-b8a3-5cf51815ce16" "txf406f4fb29d54ac1ac1ec-006925cfc0" "proxy-server 20" 0.0163 "-" 17 0
Nov 25 15:48:16 standalone proxy-server[129613]: 172.18.0.2 172.18.0.100 25/Nov/2025/15/48/16 PUT /v1/AUTH_70c830e2e6e44c7fbd49e14db2a2eaea/gnocchi.f1e4eb77-2f8e-4185-b8a3-5cf51815ce16 HTTP/1.0 201 - python-swiftclient-3.11.1 gAAAAABpJc8CrfzC... - - - txf406f4fb29d54ac1ac1ec-006925cfc0 - 0.0209 - - 1764085696.559984684 1764085696.580892324 0
Nov 25 15:48:16 standalone container-server[127745]: 172.20.0.100 - - [25/Nov/2025:15:48:16 +0000] "HEAD /d1/352/AUTH_70c830e2e6e44c7fbd49e14db2a2eaea/gnocchi.f1e4eb77-2f8e-4185-b8a3-5cf51815ce16" 204 - "HEAD http://172.18.0.2:8080/v1/AUTH_70c830e2e6e44c7fbd49e14db2a2eaea/gnocchi.f1e4eb77-2f8e-4185-b8a3-5cf51815ce16?format=json&states=listing" "txe7367a93f71b45e29ee86-006925cfc0" "proxy-server 20" 0.0019 "-" 17 0
Nov 25 15:48:16 standalone proxy-server[129613]: - - 25/Nov/2025/15/48/16 HEAD /v1/AUTH_70c830e2e6e44c7fbd49e14db2a2eaea/gnocchi.f1e4eb77-2f8e-4185-b8a3-5cf51815ce16%3Fformat%3Djson%26states%3Dlisting HTTP/1.0 204 - Swift - - - - txe7367a93f71b45e29ee86-006925cfc0 - 0.0052 RL - 1764085696.584547520 1764085696.589702129 0
Nov 25 15:48:16 standalone container-server[127718]: 172.20.0.100 - - [25/Nov/2025:15:48:16 +0000] "GET /d1/352/AUTH_70c830e2e6e44c7fbd49e14db2a2eaea/gnocchi.f1e4eb77-2f8e-4185-b8a3-5cf51815ce16" 200 2 "GET http://172.18.0.2:8080/v1/AUTH_70c830e2e6e44c7fbd49e14db2a2eaea/gnocchi.f1e4eb77-2f8e-4185-b8a3-5cf51815ce16?format=json&states=listing" "txe7367a93f71b45e29ee86-006925cfc0" "proxy-server 20" 0.0031 "-" 15 0
Nov 25 15:48:16 standalone proxy-server[129613]: 172.18.0.2 172.18.0.100 25/Nov/2025/15/48/16 GET /v1/AUTH_70c830e2e6e44c7fbd49e14db2a2eaea/gnocchi.f1e4eb77-2f8e-4185-b8a3-5cf51815ce16%3Fformat%3Djson%26states%3Dlisting HTTP/1.0 200 - python-swiftclient-3.11.1 gAAAAABpJc8CrfzC... - 2 - txe7367a93f71b45e29ee86-006925cfc0 - 0.0141 - - 1764085696.583648682 1764085696.597733259 0
Nov 25 15:48:16 standalone object-server[128011]: 172.20.0.100 - - [25/Nov/2025:15:48:16 +0000] "GET /d1/719/AUTH_70c830e2e6e44c7fbd49e14db2a2eaea/gnocchi.f1e4eb77-2f8e-4185-b8a3-5cf51815ce16/1763640000.0_mean_300.0_v3" 404 70 "GET http://172.18.0.2:8080/v1/AUTH_70c830e2e6e44c7fbd49e14db2a2eaea/gnocchi.f1e4eb77-2f8e-4185-b8a3-5cf51815ce16/1763640000.0_mean_300.0_v3" "tx0aae75ee809a46f480cde-006925cfc0" "proxy-server 20" 0.0004 "-" 23 0
Nov 25 15:48:16 standalone proxy-server[129613]: 172.18.0.2 172.18.0.100 25/Nov/2025/15/48/16 GET /v1/AUTH_70c830e2e6e44c7fbd49e14db2a2eaea/gnocchi.f1e4eb77-2f8e-4185-b8a3-5cf51815ce16/1763640000.0_mean_300.0_v3 HTTP/1.0 404 - python-swiftclient-3.11.1 gAAAAABpJc8CrfzC... - 70 - tx0aae75ee809a46f480cde-006925cfc0 - 0.0048 - - 1764085696.600085974 1764085696.604868650 0
Nov 25 15:48:16 standalone container-server[127745]: 172.20.0.100 - - [25/Nov/2025:15:48:16 +0000] "PUT /d1/352/AUTH_70c830e2e6e44c7fbd49e14db2a2eaea/gnocchi.f1e4eb77-2f8e-4185-b8a3-5cf51815ce16/1763640000.0_mean_300.0_v3" 201 - "PUT http://172.18.0.2:8080/d1/719/AUTH_70c830e2e6e44c7fbd49e14db2a2eaea/gnocchi.f1e4eb77-2f8e-4185-b8a3-5cf51815ce16/1763640000.0_mean_300.0_v3" "tx06b1715466c647b88dc7b-006925cfc0" "object-server 24" 0.0008 "-" 17 0
Nov 25 15:48:16 standalone object-server[128012]: 172.20.0.100 - - [25/Nov/2025:15:48:16 +0000] "PUT /d1/719/AUTH_70c830e2e6e44c7fbd49e14db2a2eaea/gnocchi.f1e4eb77-2f8e-4185-b8a3-5cf51815ce16/1763640000.0_mean_300.0_v3" 201 - "PUT http://172.18.0.2:8080/v1/AUTH_70c830e2e6e44c7fbd49e14db2a2eaea/gnocchi.f1e4eb77-2f8e-4185-b8a3-5cf51815ce16/1763640000.0_mean_300.0_v3" "tx06b1715466c647b88dc7b-006925cfc0" "proxy-server 20" 0.0101 "-" 24 0
Nov 25 15:48:16 standalone proxy-server[129613]: 172.18.0.2 172.18.0.100 25/Nov/2025/15/48/16 PUT /v1/AUTH_70c830e2e6e44c7fbd49e14db2a2eaea/gnocchi.f1e4eb77-2f8e-4185-b8a3-5cf51815ce16/1763640000.0_mean_300.0_v3 HTTP/1.0 201 - python-swiftclient-3.11.1 gAAAAABpJc8CrfzC... 16 - - tx06b1715466c647b88dc7b-006925cfc0 - 0.0149 - - 1764085696.606699467 1764085696.621608973 0
Nov 25 15:48:16 standalone container-server[127714]: 172.20.0.100 - - [25/Nov/2025:15:48:16 +0000] "PUT /d1/352/AUTH_70c830e2e6e44c7fbd49e14db2a2eaea/gnocchi.f1e4eb77-2f8e-4185-b8a3-5cf51815ce16/none_v3" 201 - "PUT http://172.18.0.2:8080/d1/142/AUTH_70c830e2e6e44c7fbd49e14db2a2eaea/gnocchi.f1e4eb77-2f8e-4185-b8a3-5cf51815ce16/none_v3" "tx7ec308a658aa423589c0a-006925cfc0" "object-server 22" 0.0007 "-" 14 0
Nov 25 15:48:16 standalone object-server[128010]: 172.20.0.100 - - [25/Nov/2025:15:48:16 +0000] "PUT /d1/142/AUTH_70c830e2e6e44c7fbd49e14db2a2eaea/gnocchi.f1e4eb77-2f8e-4185-b8a3-5cf51815ce16/none_v3" 201 - "PUT http://172.18.0.2:8080/v1/AUTH_70c830e2e6e44c7fbd49e14db2a2eaea/gnocchi.f1e4eb77-2f8e-4185-b8a3-5cf51815ce16/none_v3" "tx7ec308a658aa423589c0a-006925cfc0" "proxy-server 20" 0.0129 "-" 22 0
Nov 25 15:48:16 standalone proxy-server[129613]: 172.18.0.2 172.18.0.100 25/Nov/2025/15/48/16 PUT /v1/AUTH_70c830e2e6e44c7fbd49e14db2a2eaea/gnocchi.f1e4eb77-2f8e-4185-b8a3-5cf51815ce16/none_v3 HTTP/1.0 201 - python-swiftclient-3.11.1 gAAAAABpJc8CrfzC... 22 - - tx7ec308a658aa423589c0a-006925cfc0 - 0.0179 - - 1764085696.623334169 1764085696.641192675 0
Nov 25 15:48:16 standalone container-server[127745]: 172.20.0.100 - - [25/Nov/2025:15:48:16 +0000] "HEAD /d1/155/AUTH_70c830e2e6e44c7fbd49e14db2a2eaea/gnocchi.aadc356d-c97a-4205-ad13-1f8023078da5" 404 - "HEAD http://172.18.0.2:8080/v1/AUTH_70c830e2e6e44c7fbd49e14db2a2eaea/gnocchi.aadc356d-c97a-4205-ad13-1f8023078da5?format=json&states=listing" "tx9af9168e5208433d9d70f-006925cfc0" "proxy-server 20" 0.0005 "-" 17 0
Nov 25 15:48:16 standalone object-server[128013]: 172.20.0.100 - - [25/Nov/2025:15:48:16 +0000] "GET /d1/362/AUTH_70c830e2e6e44c7fbd49e14db2a2eaea/gnocchi.aadc356d-c97a-4205-ad13-1f8023078da5/none_v3" 404 70 "GET http://172.18.0.2:8080/v1/AUTH_70c830e2e6e44c7fbd49e14db2a2eaea/gnocchi.aadc356d-c97a-4205-ad13-1f8023078da5/none_v3" "tx9af9168e5208433d9d70f-006925cfc0" "proxy-server 20" 0.0007 "-" 25 0
Nov 25 15:48:16 standalone proxy-server[129613]: 172.18.0.2 172.18.0.100 25/Nov/2025/15/48/16 GET /v1/AUTH_70c830e2e6e44c7fbd49e14db2a2eaea/gnocchi.aadc356d-c97a-4205-ad13-1f8023078da5/none_v3 HTTP/1.0 404 - python-swiftclient-3.11.1 gAAAAABpJc8CrfzC... - 70 - tx9af9168e5208433d9d70f-006925cfc0 - 0.0105 - - 1764085696.650256395 1764085696.660740137 0
Nov 25 15:48:16 standalone account-server[127558]: 172.20.0.100 - - [25/Nov/2025:15:48:16 +0000] "PUT /d1/632/AUTH_70c830e2e6e44c7fbd49e14db2a2eaea/gnocchi.aadc356d-c97a-4205-ad13-1f8023078da5" 201 - "PUT http://172.20.0.100:6001/d1/155/AUTH_70c830e2e6e44c7fbd49e14db2a2eaea/gnocchi.aadc356d-c97a-4205-ad13-1f8023078da5" "tx27490eae95714729b24bd-006925cfc0" "container-server 15" 0.0056 "-" 21 0
Nov 25 15:48:16 standalone container-server[127718]: 172.20.0.100 - - [25/Nov/2025:15:48:16 +0000] "PUT /d1/155/AUTH_70c830e2e6e44c7fbd49e14db2a2eaea/gnocchi.aadc356d-c97a-4205-ad13-1f8023078da5" 201 - "PUT http://172.18.0.2:8080/v1/AUTH_70c830e2e6e44c7fbd49e14db2a2eaea/gnocchi.aadc356d-c97a-4205-ad13-1f8023078da5" "tx27490eae95714729b24bd-006925cfc0" "proxy-server 20" 0.0213 "-" 15 0
Nov 25 15:48:16 standalone proxy-server[129613]: 172.18.0.2 172.18.0.100 25/Nov/2025/15/48/16 PUT /v1/AUTH_70c830e2e6e44c7fbd49e14db2a2eaea/gnocchi.aadc356d-c97a-4205-ad13-1f8023078da5 HTTP/1.0 201 - python-swiftclient-3.11.1 gAAAAABpJc8CrfzC... - - - tx27490eae95714729b24bd-006925cfc0 - 0.0287 - - 1764085696.663416624 1764085696.692119122 0
Nov 25 15:48:16 standalone container-server[127718]: 172.20.0.100 - - [25/Nov/2025:15:48:16 +0000] "HEAD /d1/155/AUTH_70c830e2e6e44c7fbd49e14db2a2eaea/gnocchi.aadc356d-c97a-4205-ad13-1f8023078da5" 204 - "HEAD http://172.18.0.2:8080/v1/AUTH_70c830e2e6e44c7fbd49e14db2a2eaea/gnocchi.aadc356d-c97a-4205-ad13-1f8023078da5?format=json&states=listing" "txce073425a00444c08bb5a-006925cfc0" "proxy-server 20" 0.0024 "-" 15 0
Nov 25 15:48:16 standalone proxy-server[129613]: - - 25/Nov/2025/15/48/16 HEAD /v1/AUTH_70c830e2e6e44c7fbd49e14db2a2eaea/gnocchi.aadc356d-c97a-4205-ad13-1f8023078da5%3Fformat%3Djson%26states%3Dlisting HTTP/1.0 204 - Swift - - - - txce073425a00444c08bb5a-006925cfc0 - 0.0069 RL - 1764085696.698170185 1764085696.705076456 0
Nov 25 15:48:16 standalone container-server[127714]: 172.20.0.100 - - [25/Nov/2025:15:48:16 +0000] "GET /d1/155/AUTH_70c830e2e6e44c7fbd49e14db2a2eaea/gnocchi.aadc356d-c97a-4205-ad13-1f8023078da5" 200 2 "GET http://172.18.0.2:8080/v1/AUTH_70c830e2e6e44c7fbd49e14db2a2eaea/gnocchi.aadc356d-c97a-4205-ad13-1f8023078da5?format=json&states=listing" "txce073425a00444c08bb5a-006925cfc0" "proxy-server 20" 0.0029 "-" 14 0
Nov 25 15:48:16 standalone proxy-server[129613]: 172.18.0.2 172.18.0.100 25/Nov/2025/15/48/16 GET /v1/AUTH_70c830e2e6e44c7fbd49e14db2a2eaea/gnocchi.aadc356d-c97a-4205-ad13-1f8023078da5%3Fformat%3Djson%26states%3Dlisting HTTP/1.0 200 - python-swiftclient-3.11.1 gAAAAABpJc8CrfzC... - 2 - txce073425a00444c08bb5a-006925cfc0 - 0.0194 - - 1764085696.696666479 1764085696.716068506 0
Nov 25 15:48:16 standalone object-server[128012]: 172.20.0.100 - - [25/Nov/2025:15:48:16 +0000] "GET /d1/266/AUTH_70c830e2e6e44c7fbd49e14db2a2eaea/gnocchi.aadc356d-c97a-4205-ad13-1f8023078da5/1763640000.0_mean_300.0_v3" 404 70 "GET http://172.18.0.2:8080/v1/AUTH_70c830e2e6e44c7fbd49e14db2a2eaea/gnocchi.aadc356d-c97a-4205-ad13-1f8023078da5/1763640000.0_mean_300.0_v3" "tx2a00b5652f874c7e8f72e-006925cfc0" "proxy-server 20" 0.0004 "-" 24 0
Nov 25 15:48:16 standalone proxy-server[129613]: 172.18.0.2 172.18.0.100 25/Nov/2025/15/48/16 GET /v1/AUTH_70c830e2e6e44c7fbd49e14db2a2eaea/gnocchi.aadc356d-c97a-4205-ad13-1f8023078da5/1763640000.0_mean_300.0_v3 HTTP/1.0 404 - python-swiftclient-3.11.1 gAAAAABpJc8CrfzC... - 70 - tx2a00b5652f874c7e8f72e-006925cfc0 - 0.0084 - - 1764085696.720957756 1764085696.729333878 0
Nov 25 15:48:16 standalone container-server[127718]: 172.20.0.100 - - [25/Nov/2025:15:48:16 +0000] "PUT /d1/155/AUTH_70c830e2e6e44c7fbd49e14db2a2eaea/gnocchi.aadc356d-c97a-4205-ad13-1f8023078da5/1763640000.0_mean_300.0_v3" 201 - "PUT http://172.18.0.2:8080/d1/266/AUTH_70c830e2e6e44c7fbd49e14db2a2eaea/gnocchi.aadc356d-c97a-4205-ad13-1f8023078da5/1763640000.0_mean_300.0_v3" "tx2c1dc625e18043cfb021e-006925cfc0" "object-server 22" 0.0005 "-" 15 0
Nov 25 15:48:16 standalone object-server[128010]: 172.20.0.100 - - [25/Nov/2025:15:48:16 +0000] "PUT /d1/266/AUTH_70c830e2e6e44c7fbd49e14db2a2eaea/gnocchi.aadc356d-c97a-4205-ad13-1f8023078da5/1763640000.0_mean_300.0_v3" 201 - "PUT http://172.18.0.2:8080/v1/AUTH_70c830e2e6e44c7fbd49e14db2a2eaea/gnocchi.aadc356d-c97a-4205-ad13-1f8023078da5/1763640000.0_mean_300.0_v3" "tx2c1dc625e18043cfb021e-006925cfc0" "proxy-server 20" 0.0370 "-" 22 0
Nov 25 15:48:16 standalone proxy-server[129613]: 172.18.0.2 172.18.0.100 25/Nov/2025/15/48/16 PUT /v1/AUTH_70c830e2e6e44c7fbd49e14db2a2eaea/gnocchi.aadc356d-c97a-4205-ad13-1f8023078da5/1763640000.0_mean_300.0_v3 HTTP/1.0 201 - python-swiftclient-3.11.1 gAAAAABpJc8CrfzC... 16 - - tx2c1dc625e18043cfb021e-006925cfc0 - 0.0443 - - 1764085696.734349966 1764085696.778622150 0
Nov 25 15:48:16 standalone container-server[127714]: 172.20.0.100 - - [25/Nov/2025:15:48:16 +0000] "PUT /d1/155/AUTH_70c830e2e6e44c7fbd49e14db2a2eaea/gnocchi.aadc356d-c97a-4205-ad13-1f8023078da5/none_v3" 201 - "PUT http://172.18.0.2:8080/d1/362/AUTH_70c830e2e6e44c7fbd49e14db2a2eaea/gnocchi.aadc356d-c97a-4205-ad13-1f8023078da5/none_v3" "tx86f397e41a8f45f08d178-006925cfc0" "object-server 22" 0.0006 "-" 14 0
Nov 25 15:48:16 standalone object-server[128010]: 172.20.0.100 - - [25/Nov/2025:15:48:16 +0000] "PUT /d1/362/AUTH_70c830e2e6e44c7fbd49e14db2a2eaea/gnocchi.aadc356d-c97a-4205-ad13-1f8023078da5/none_v3" 201 - "PUT http://172.18.0.2:8080/v1/AUTH_70c830e2e6e44c7fbd49e14db2a2eaea/gnocchi.aadc356d-c97a-4205-ad13-1f8023078da5/none_v3" "tx86f397e41a8f45f08d178-006925cfc0" "proxy-server 20" 0.0128 "-" 22 0
Nov 25 15:48:16 standalone proxy-server[129613]: 172.18.0.2 172.18.0.100 25/Nov/2025/15/48/16 PUT /v1/AUTH_70c830e2e6e44c7fbd49e14db2a2eaea/gnocchi.aadc356d-c97a-4205-ad13-1f8023078da5/none_v3 HTTP/1.0 201 - python-swiftclient-3.11.1 gAAAAABpJc8CrfzC... 22 - - tx86f397e41a8f45f08d178-006925cfc0 - 0.0205 - - 1764085696.783437014 1764085696.803887844 0
Nov 25 15:48:16 standalone container-server[127714]: 172.20.0.100 - - [25/Nov/2025:15:48:16 +0000] "HEAD /d1/933/AUTH_70c830e2e6e44c7fbd49e14db2a2eaea/gnocchi.1470e8b4-93a4-4137-ae08-b3f8049c7b6d" 404 - "HEAD http://172.18.0.2:8080/v1/AUTH_70c830e2e6e44c7fbd49e14db2a2eaea/gnocchi.1470e8b4-93a4-4137-ae08-b3f8049c7b6d?format=json&states=listing" "tx7ae8c8afc3874887be36e-006925cfc0" "proxy-server 20" 0.0006 "-" 14 0
Nov 25 15:48:16 standalone object-server[128013]: 172.20.0.100 - - [25/Nov/2025:15:48:16 +0000] "GET /d1/397/AUTH_70c830e2e6e44c7fbd49e14db2a2eaea/gnocchi.1470e8b4-93a4-4137-ae08-b3f8049c7b6d/none_v3" 404 70 "GET http://172.18.0.2:8080/v1/AUTH_70c830e2e6e44c7fbd49e14db2a2eaea/gnocchi.1470e8b4-93a4-4137-ae08-b3f8049c7b6d/none_v3" "tx7ae8c8afc3874887be36e-006925cfc0" "proxy-server 20" 0.0003 "-" 25 0
Nov 25 15:48:16 standalone proxy-server[129613]: 172.18.0.2 172.18.0.100 25/Nov/2025/15/48/16 GET /v1/AUTH_70c830e2e6e44c7fbd49e14db2a2eaea/gnocchi.1470e8b4-93a4-4137-ae08-b3f8049c7b6d/none_v3 HTTP/1.0 404 - python-swiftclient-3.11.1 gAAAAABpJc8CrfzC... - 70 - tx7ae8c8afc3874887be36e-006925cfc0 - 0.0114 - - 1764085696.818601370 1764085696.829993725 0
Nov 25 15:48:16 standalone account-server[127558]: 172.20.0.100 - - [25/Nov/2025:15:48:16 +0000] "PUT /d1/632/AUTH_70c830e2e6e44c7fbd49e14db2a2eaea/gnocchi.1470e8b4-93a4-4137-ae08-b3f8049c7b6d" 201 - "PUT http://172.20.0.100:6001/d1/933/AUTH_70c830e2e6e44c7fbd49e14db2a2eaea/gnocchi.1470e8b4-93a4-4137-ae08-b3f8049c7b6d" "txcc174f9df0024de692967-006925cfc0" "container-server 17" 0.0059 "-" 21 0
Nov 25 15:48:16 standalone container-server[127745]: 172.20.0.100 - - [25/Nov/2025:15:48:16 +0000] "PUT /d1/933/AUTH_70c830e2e6e44c7fbd49e14db2a2eaea/gnocchi.1470e8b4-93a4-4137-ae08-b3f8049c7b6d" 201 - "PUT http://172.18.0.2:8080/v1/AUTH_70c830e2e6e44c7fbd49e14db2a2eaea/gnocchi.1470e8b4-93a4-4137-ae08-b3f8049c7b6d" "txcc174f9df0024de692967-006925cfc0" "proxy-server 20" 0.0509 "-" 17 0
Nov 25 15:48:16 standalone proxy-server[129613]: 172.18.0.2 172.18.0.100 25/Nov/2025/15/48/16 PUT /v1/AUTH_70c830e2e6e44c7fbd49e14db2a2eaea/gnocchi.1470e8b4-93a4-4137-ae08-b3f8049c7b6d HTTP/1.0 201 - python-swiftclient-3.11.1 gAAAAABpJc8CrfzC... - - - txcc174f9df0024de692967-006925cfc0 - 0.0587 - - 1764085696.834708691 1764085696.893456936 0
Nov 25 15:48:16 standalone container-server[127718]: 172.20.0.100 - - [25/Nov/2025:15:48:16 +0000] "HEAD /d1/933/AUTH_70c830e2e6e44c7fbd49e14db2a2eaea/gnocchi.1470e8b4-93a4-4137-ae08-b3f8049c7b6d" 204 - "HEAD http://172.18.0.2:8080/v1/AUTH_70c830e2e6e44c7fbd49e14db2a2eaea/gnocchi.1470e8b4-93a4-4137-ae08-b3f8049c7b6d?format=json&states=listing" "tx60e34639a2144993ba5dc-006925cfc0" "proxy-server 20" 0.0012 "-" 15 0
Nov 25 15:48:16 standalone proxy-server[129613]: - - 25/Nov/2025/15/48/16 HEAD /v1/AUTH_70c830e2e6e44c7fbd49e14db2a2eaea/gnocchi.1470e8b4-93a4-4137-ae08-b3f8049c7b6d%3Fformat%3Djson%26states%3Dlisting HTTP/1.0 204 - Swift - - - - tx60e34639a2144993ba5dc-006925cfc0 - 0.0054 RL - 1764085696.900383234 1764085696.905792713 0
Nov 25 15:48:16 standalone container-server[127714]: 172.20.0.100 - - [25/Nov/2025:15:48:16 +0000] "GET /d1/933/AUTH_70c830e2e6e44c7fbd49e14db2a2eaea/gnocchi.1470e8b4-93a4-4137-ae08-b3f8049c7b6d" 200 2 "GET http://172.18.0.2:8080/v1/AUTH_70c830e2e6e44c7fbd49e14db2a2eaea/gnocchi.1470e8b4-93a4-4137-ae08-b3f8049c7b6d?format=json&states=listing" "tx60e34639a2144993ba5dc-006925cfc0" "proxy-server 20" 0.0024 "-" 14 0
Nov 25 15:48:16 standalone proxy-server[129613]: 172.18.0.2 172.18.0.100 25/Nov/2025/15/48/16 GET /v1/AUTH_70c830e2e6e44c7fbd49e14db2a2eaea/gnocchi.1470e8b4-93a4-4137-ae08-b3f8049c7b6d%3Fformat%3Djson%26states%3Dlisting HTTP/1.0 200 - python-swiftclient-3.11.1 gAAAAABpJc8CrfzC... - 2 - tx60e34639a2144993ba5dc-006925cfc0 - 0.0188 - - 1764085696.898751497 1764085696.917553902 0
