Nov 25 15:33:18 standalone account-server[127162]: Starting 2
Nov 25 15:33:18 standalone account-server[127300]: Started child 20 from parent 2
Nov 25 15:33:18 standalone account-server[127300]: Started child 21 from parent 2
Nov 25 15:33:18 standalone account-server[127300]: Started child 22 from parent 2
Nov 25 15:33:18 standalone account-server[127300]: Started child 23 from parent 2
Nov 25 15:33:18 standalone container-server[127559]: Option allow_versions is deprecated. Configure the versioned_writes middleware in the proxy-server instead. This option will be ignored in a future release.
Nov 25 15:33:18 standalone container-server[127714]: Option allow_versions is deprecated. Configure the versioned_writes middleware in the proxy-server instead. This option will be ignored in a future release.
Nov 25 15:33:18 standalone container-server[127559]: Started child 14 from parent 2
Nov 25 15:33:18 standalone container-server[127718]: Option allow_versions is deprecated. Configure the versioned_writes middleware in the proxy-server instead. This option will be ignored in a future release.
Nov 25 15:33:18 standalone container-server[127559]: Started child 15 from parent 2
Nov 25 15:33:18 standalone container-server[127734]: Option allow_versions is deprecated. Configure the versioned_writes middleware in the proxy-server instead. This option will be ignored in a future release.
Nov 25 15:33:19 standalone container-server[127559]: Started child 16 from parent 2
Nov 25 15:33:19 standalone container-server[127745]: Option allow_versions is deprecated. Configure the versioned_writes middleware in the proxy-server instead. This option will be ignored in a future release.
Nov 25 15:33:19 standalone container-server[127559]: Started child 17 from parent 2
Nov 25 15:33:19 standalone container-server[127597]: Starting 2
Nov 25 15:33:19 standalone object-expirer[127669]: Starting 2
Nov 25 15:33:19 standalone object-expirer[127669]: Option auto_create_account_prefix is deprecated. Configure auto_create_account_prefix under the swift-constraints section of swift.conf. This option will be ignored in a future release.
Nov 25 15:33:19 standalone object-server[127788]: Started child 22 from parent 2
Nov 25 15:33:19 standalone object-server[127788]: Started child 23 from parent 2
Nov 25 15:33:19 standalone object-server[127788]: Started child 24 from parent 2
Nov 25 15:33:19 standalone object-server[127788]: Started child 25 from parent 2
Nov 25 15:33:19 standalone object-server[127863]: Starting 2
Nov 25 15:33:24 standalone proxy-server[129289]: Starting Keystone auth_token middleware
Nov 25 15:33:24 standalone proxy-server[129289]: AuthToken middleware is set with keystone_authtoken.service_token_roles_required set to False. This is backwards compatible but deprecated behaviour. Please set this to True.
Nov 25 15:33:25 standalone proxy-server[129613]: Starting Keystone auth_token middleware
Nov 25 15:33:25 standalone proxy-server[129613]: STDERR: The option "bind_port" is not known to keystonemiddleware
Nov 25 15:33:25 standalone proxy-server[129613]: STDERR: The option "workers" is not known to keystonemiddleware
Nov 25 15:33:25 standalone proxy-server[129613]: STDERR: The option "user" is not known to keystonemiddleware
Nov 25 15:33:25 standalone proxy-server[129613]: STDERR: The option "bind_ip" is not known to keystonemiddleware
Nov 25 15:33:25 standalone proxy-server[129613]: STDERR: The option "log_name" is not known to keystonemiddleware
Nov 25 15:33:25 standalone proxy-server[129613]: STDERR: The option "log_facility" is not known to keystonemiddleware
Nov 25 15:33:25 standalone proxy-server[129613]: STDERR: The option "log_level" is not known to keystonemiddleware
Nov 25 15:33:25 standalone proxy-server[129613]: STDERR: The option "log_headers" is not known to keystonemiddleware
Nov 25 15:33:25 standalone proxy-server[129613]: STDERR: The option "log_address" is not known to keystonemiddleware
Nov 25 15:33:25 standalone proxy-server[129613]: STDERR: The option "project_name" is not known to keystonemiddleware
Nov 25 15:33:25 standalone proxy-server[129613]: STDERR: The option "username" is not known to keystonemiddleware
Nov 25 15:33:25 standalone proxy-server[129613]: STDERR: The option "password" is not known to keystonemiddleware
Nov 25 15:33:25 standalone proxy-server[129613]: STDERR: The option "auth_url" is not known to keystonemiddleware
Nov 25 15:33:25 standalone proxy-server[129613]: STDERR: The option "signing_dir" is not known to keystonemiddleware
Nov 25 15:33:25 standalone proxy-server[129613]: STDERR: The option "project_domain_id" is not known to keystonemiddleware
Nov 25 15:33:25 standalone proxy-server[129613]: STDERR: The option "user_domain_id" is not known to keystonemiddleware
Nov 25 15:33:25 standalone proxy-server[129613]: STDERR: The option "__name__" is not known to keystonemiddleware
Nov 25 15:33:25 standalone proxy-server[129613]: AuthToken middleware is set with keystone_authtoken.service_token_roles_required set to False. This is backwards compatible but deprecated behaviour. Please set this to True.
Nov 25 15:33:25 standalone proxy-server[129289]: Started child 20 from parent 2
Nov 25 15:34:45 standalone object-server[127863]: Begin object update sweep
Nov 25 15:34:45 standalone object-server[138656]: Object update sweep starting on /srv/node/d1 (pid: 11)
Nov 25 15:34:45 standalone object-server[138656]: Object update sweep completed on /srv/node/d1 in 0.00s seconds:, 0 successes, 0 failures, 0 quarantines, 0 unlinks, 0 errors, 0 redirects (pid: 11)
Nov 25 15:34:45 standalone object-server[138656]: Object update sweep of d1 completed: 0.00s, 0 successes, 0 failures, 0 quarantines, 0 unlinks, 0 errors, 0 redirects
Nov 25 15:34:45 standalone object-server[127863]: Object update sweep completed: 0.07s
Nov 25 15:36:48 standalone container-server[127597]: Begin container update sweep
Nov 25 15:36:48 standalone container-server[127597]: Container update sweep completed: 0.00s
Nov 25 15:36:56 standalone account-server[127564]: 172.20.0.100 - - [25/Nov/2025:15:36:56 +0000] "HEAD /d1/665/.expiring_objects" 404 - "HEAD http://localhost/v1/.expiring_objects?format=json" "tx0f7be494e89e4d4db49c5-006925cd18" "proxy-server 2" 0.0017 "-" 22 -
Nov 25 15:36:56 standalone object-expirer[127669]: Pass completed in 0s; 0 objects expired (txn: tx0f7be494e89e4d4db49c5-006925cd18)
Nov 25 15:37:38 standalone account-server[127556]: 172.20.0.100 - - [25/Nov/2025:15:37:38 +0000] "HEAD /d1/665/.expiring_objects" 404 - "HEAD http://localhost/v1/.expiring_objects?format=json" "tx527c6ce3bf1e4609916ef-006925cd42" "proxy-server 2" 0.0017 "-" 20 -
Nov 25 15:37:38 standalone object-expirer[127669]: Pass completed in 0s; 0 objects expired (txn: tx527c6ce3bf1e4609916ef-006925cd42)
Nov 25 15:38:11 standalone account-server[127576]: 172.20.0.100 - - [25/Nov/2025:15:38:11 +0000] "HEAD /d1/665/.expiring_objects" 404 - "HEAD http://localhost/v1/.expiring_objects?format=json" "txa22d1f814e584154b86a2-006925cd63" "proxy-server 2" 0.0016 "-" 23 -
Nov 25 15:38:11 standalone object-expirer[127669]: Pass completed in 0s; 0 objects expired (txn: txa22d1f814e584154b86a2-006925cd63)
Nov 25 15:39:07 standalone account-server[127564]: 172.20.0.100 - - [25/Nov/2025:15:39:07 +0000] "HEAD /d1/665/.expiring_objects" 404 - "HEAD http://localhost/v1/.expiring_objects?format=json" "txf720f799b33b435494503-006925cd9b" "proxy-server 2" 0.0004 "-" 22 -
Nov 25 15:39:07 standalone object-expirer[127669]: Pass completed in 0s; 0 objects expired (txn: txf720f799b33b435494503-006925cd9b)
Nov 25 15:39:45 standalone object-server[127863]: Begin object update sweep
Nov 25 15:39:45 standalone object-server[176275]: Object update sweep starting on /srv/node/d1 (pid: 13)
Nov 25 15:39:45 standalone object-server[176275]: Object update sweep completed on /srv/node/d1 in 0.00s seconds:, 0 successes, 0 failures, 0 quarantines, 0 unlinks, 0 errors, 0 redirects (pid: 13)
Nov 25 15:39:45 standalone object-server[176275]: Object update sweep of d1 completed: 0.00s, 0 successes, 0 failures, 0 quarantines, 0 unlinks, 0 errors, 0 redirects
Nov 25 15:39:45 standalone object-server[127863]: Object update sweep completed: 0.06s
Nov 25 15:41:49 standalone container-server[127597]: Begin container update sweep
Nov 25 15:41:49 standalone container-server[127597]: Container update sweep completed: 0.00s
Nov 25 15:42:45 standalone account-server[127576]: 172.20.0.100 - - [25/Nov/2025:15:42:45 +0000] "HEAD /d1/665/.expiring_objects" 404 - "HEAD http://localhost/v1/.expiring_objects?format=json" "tx8de443c82e364f169e066-006925ce75" "proxy-server 2" 0.0003 "-" 23 -
Nov 25 15:42:45 standalone object-expirer[127669]: Pass completed in 0s; 0 objects expired (txn: tx8de443c82e364f169e066-006925ce75)
Nov 25 15:43:09 standalone account-server[127556]: 172.20.0.100 - - [25/Nov/2025:15:43:09 +0000] "HEAD /d1/665/.expiring_objects" 404 - "HEAD http://localhost/v1/.expiring_objects?format=json" "txe752a66b4385422088f8e-006925ce8d" "proxy-server 2" 0.0004 "-" 20 -
Nov 25 15:43:09 standalone object-expirer[127669]: Pass completed in 0s; 0 objects expired (txn: txe752a66b4385422088f8e-006925ce8d)
Nov 25 15:44:03 standalone account-server[127162]: Devices pass completed: 0.00s
Nov 25 15:44:06 standalone account-server[127558]: 172.20.0.100 - - [25/Nov/2025:15:44:06 +0000] "HEAD /d1/665/.expiring_objects" 404 - "HEAD http://localhost/v1/.expiring_objects?format=json" "txf1873e480d9c4bdd845bc-006925cec6" "proxy-server 2" 0.0015 "-" 21 -
Nov 25 15:44:06 standalone object-expirer[127669]: Pass completed in 0s; 0 objects expired (txn: txf1873e480d9c4bdd845bc-006925cec6)
Nov 25 15:44:13 standalone account-server[127564]: 172.20.0.100 - - [25/Nov/2025:15:44:13 +0000] "HEAD /d1/665/.expiring_objects" 404 - "HEAD http://localhost/v1/.expiring_objects?format=json" "tx9d3d14f8a75c4cef9740e-006925cecd" "proxy-server 2" 0.0008 "-" 22 -
Nov 25 15:44:13 standalone object-expirer[127669]: Pass completed in 0s; 0 objects expired (txn: tx9d3d14f8a75c4cef9740e-006925cecd)
Nov 25 15:44:45 standalone object-server[127863]: Begin object update sweep
Nov 25 15:44:45 standalone object-server[216335]: Object update sweep starting on /srv/node/d1 (pid: 14)
Nov 25 15:44:45 standalone object-server[216335]: Object update sweep completed on /srv/node/d1 in 0.00s seconds:, 0 successes, 0 failures, 0 quarantines, 0 unlinks, 0 errors, 0 redirects (pid: 14)
Nov 25 15:44:45 standalone object-server[216335]: Object update sweep of d1 completed: 0.00s, 0 successes, 0 failures, 0 quarantines, 0 unlinks, 0 errors, 0 redirects
Nov 25 15:44:45 standalone object-server[127863]: Object update sweep completed: 0.08s
Nov 25 15:45:06 standalone account-server[127556]: 172.20.0.100 - - [25/Nov/2025:15:45:06 +0000] "HEAD /d1/632/AUTH_70c830e2e6e44c7fbd49e14db2a2eaea" 404 - "HEAD http://172.18.0.2:8080/v1/AUTH_70c830e2e6e44c7fbd49e14db2a2eaea?format=json" "tx7f1f83b655154bd7b58b7-006925cf02" "proxy-server 20" 0.0006 "-" 20 -
Nov 25 15:45:06 standalone proxy-server[129613]: - - 25/Nov/2025/15/45/06 HEAD /v1/AUTH_70c830e2e6e44c7fbd49e14db2a2eaea%3Fformat%3Djson HTTP/1.0 200 - Swift - - - - tx7f1f83b655154bd7b58b7-006925cf02 - 0.0056 RL - 1764085506.807531357 1764085506.813179731 -
Nov 25 15:45:07 standalone object-server[128013]: 172.20.0.100 - - [25/Nov/2025:15:45:07 +0000] "GET /d1/492/AUTH_70c830e2e6e44c7fbd49e14db2a2eaea/gnocchi.4314f118-c9d5-4b5c-bbd7-bdf0250a8edb/none_v3" 404 70 "GET http://172.18.0.2:8080/v1/AUTH_70c830e2e6e44c7fbd49e14db2a2eaea/gnocchi.4314f118-c9d5-4b5c-bbd7-bdf0250a8edb/none_v3" "tx7f1f83b655154bd7b58b7-006925cf02" "proxy-server 20" 0.0017 "-" 25 0
Nov 25 15:45:07 standalone proxy-server[129613]: 172.18.0.2 172.18.0.100 25/Nov/2025/15/45/07 GET /v1/AUTH_70c830e2e6e44c7fbd49e14db2a2eaea/gnocchi.4314f118-c9d5-4b5c-bbd7-bdf0250a8edb/none_v3 HTTP/1.0 404 - python-swiftclient-3.11.1 gAAAAABpJc8CrfzC... - 70 - tx7f1f83b655154bd7b58b7-006925cf02 - 0.3604 - - 1764085506.804075003 1764085507.164487123 0
Nov 25 15:45:07 standalone account-server[127558]: 172.20.0.100 - - [25/Nov/2025:15:45:07 +0000] "PUT /d1/632/AUTH_70c830e2e6e44c7fbd49e14db2a2eaea" 201 - "-" "txc7bbf0ee755c4e04b5a1f-006925cf03" "-" 0.0145 "-" 21 -
Nov 25 15:45:07 standalone proxy-server[129613]: autocreate account '/AUTH_70c830e2e6e44c7fbd49e14db2a2eaea' (txn: txc7bbf0ee755c4e04b5a1f-006925cf03)
Nov 25 15:45:07 standalone account-server[127576]: 172.20.0.100 - - [25/Nov/2025:15:45:07 +0000] "HEAD /d1/632/AUTH_70c830e2e6e44c7fbd49e14db2a2eaea" 204 - "HEAD http://172.18.0.2:8080/v1/AUTH_70c830e2e6e44c7fbd49e14db2a2eaea?format=json" "txc7bbf0ee755c4e04b5a1f-006925cf03" "proxy-server 20" 0.0026 "-" 23 -
Nov 25 15:45:07 standalone account-server[127556]: 172.20.0.100 - - [25/Nov/2025:15:45:07 +0000] "PUT /d1/632/AUTH_70c830e2e6e44c7fbd49e14db2a2eaea/gnocchi.4314f118-c9d5-4b5c-bbd7-bdf0250a8edb" 201 - "PUT http://172.20.0.100:6001/d1/211/AUTH_70c830e2e6e44c7fbd49e14db2a2eaea/gnocchi.4314f118-c9d5-4b5c-bbd7-bdf0250a8edb" "txc7bbf0ee755c4e04b5a1f-006925cf03" "container-server 16" 0.0025 "-" 20 0
Nov 25 15:45:07 standalone container-server[127734]: 172.20.0.100 - - [25/Nov/2025:15:45:07 +0000] "PUT /d1/211/AUTH_70c830e2e6e44c7fbd49e14db2a2eaea/gnocchi.4314f118-c9d5-4b5c-bbd7-bdf0250a8edb" 201 - "PUT http://172.18.0.2:8080/v1/AUTH_70c830e2e6e44c7fbd49e14db2a2eaea/gnocchi.4314f118-c9d5-4b5c-bbd7-bdf0250a8edb" "txc7bbf0ee755c4e04b5a1f-006925cf03" "proxy-server 20" 0.0197 "-" 16 0
Nov 25 15:45:07 standalone proxy-server[129613]: 172.18.0.2 172.18.0.100 25/Nov/2025/15/45/07 PUT /v1/AUTH_70c830e2e6e44c7fbd49e14db2a2eaea/gnocchi.4314f118-c9d5-4b5c-bbd7-bdf0250a8edb HTTP/1.0 201 - python-swiftclient-3.11.1 gAAAAABpJc8CrfzC... - - - txc7bbf0ee755c4e04b5a1f-006925cf03 - 0.0479 - - 1764085507.167958260 1764085507.215854883 0
Nov 25 15:45:07 standalone container-server[127745]: 172.20.0.100 - - [25/Nov/2025:15:45:07 +0000] "HEAD /d1/211/AUTH_70c830e2e6e44c7fbd49e14db2a2eaea/gnocchi.4314f118-c9d5-4b5c-bbd7-bdf0250a8edb" 204 - "HEAD http://172.18.0.2:8080/v1/AUTH_70c830e2e6e44c7fbd49e14db2a2eaea/gnocchi.4314f118-c9d5-4b5c-bbd7-bdf0250a8edb?format=json&states=listing" "tx7393f3236e6541d9bfde7-006925cf03" "proxy-server 20" 0.0028 "-" 17 0
Nov 25 15:45:07 standalone proxy-server[129613]: - - 25/Nov/2025/15/45/07 HEAD /v1/AUTH_70c830e2e6e44c7fbd49e14db2a2eaea/gnocchi.4314f118-c9d5-4b5c-bbd7-bdf0250a8edb%3Fformat%3Djson%26states%3Dlisting HTTP/1.0 204 - Swift - - - - tx7393f3236e6541d9bfde7-006925cf03 - 0.0056 RL - 1764085507.220946550 1764085507.226590395 0
Nov 25 15:45:07 standalone container-server[127745]: 172.20.0.100 - - [25/Nov/2025:15:45:07 +0000] "GET /d1/211/AUTH_70c830e2e6e44c7fbd49e14db2a2eaea/gnocchi.4314f118-c9d5-4b5c-bbd7-bdf0250a8edb" 200 2 "GET http://172.18.0.2:8080/v1/AUTH_70c830e2e6e44c7fbd49e14db2a2eaea/gnocchi.4314f118-c9d5-4b5c-bbd7-bdf0250a8edb?format=json&states=listing" "tx7393f3236e6541d9bfde7-006925cf03" "proxy-server 20" 0.0021 "-" 17 0
Nov 25 15:45:07 standalone proxy-server[129613]: 172.18.0.2 172.18.0.100 25/Nov/2025/15/45/07 GET /v1/AUTH_70c830e2e6e44c7fbd49e14db2a2eaea/gnocchi.4314f118-c9d5-4b5c-bbd7-bdf0250a8edb%3Fformat%3Djson%26states%3Dlisting HTTP/1.0 200 - python-swiftclient-3.11.1 gAAAAABpJc8CrfzC... - 2 - tx7393f3236e6541d9bfde7-006925cf03 - 0.0126 - - 1764085507.220148563 1764085507.232704163 0
Nov 25 15:45:07 standalone object-server[128011]: 172.20.0.100 - - [25/Nov/2025:15:45:07 +0000] "GET /d1/677/AUTH_70c830e2e6e44c7fbd49e14db2a2eaea/gnocchi.4314f118-c9d5-4b5c-bbd7-bdf0250a8edb/1763640000.0_mean_300.0_v3" 404 70 "GET http://172.18.0.2:8080/v1/AUTH_70c830e2e6e44c7fbd49e14db2a2eaea/gnocchi.4314f118-c9d5-4b5c-bbd7-bdf0250a8edb/1763640000.0_mean_300.0_v3" "tx4022d7c31ad74b3cbb458-006925cf03" "proxy-server 20" 0.0008 "-" 23 0
Nov 25 15:45:07 standalone proxy-server[129613]: 172.18.0.2 172.18.0.100 25/Nov/2025/15/45/07 GET /v1/AUTH_70c830e2e6e44c7fbd49e14db2a2eaea/gnocchi.4314f118-c9d5-4b5c-bbd7-bdf0250a8edb/1763640000.0_mean_300.0_v3 HTTP/1.0 404 - python-swiftclient-3.11.1 gAAAAABpJc8CrfzC... - 70 - tx4022d7c31ad74b3cbb458-006925cf03 - 0.0046 - - 1764085507.237427711 1764085507.241988897 0
Nov 25 15:45:07 standalone container-server[127714]: 172.20.0.100 - - [25/Nov/2025:15:45:07 +0000] "PUT /d1/211/AUTH_70c830e2e6e44c7fbd49e14db2a2eaea/gnocchi.4314f118-c9d5-4b5c-bbd7-bdf0250a8edb/1763640000.0_mean_300.0_v3" 201 - "PUT http://172.18.0.2:8080/d1/677/AUTH_70c830e2e6e44c7fbd49e14db2a2eaea/gnocchi.4314f118-c9d5-4b5c-bbd7-bdf0250a8edb/1763640000.0_mean_300.0_v3" "tx8dd1243fb2ae418fa9c23-006925cf03" "object-server 24" 0.0009 "-" 14 0
Nov 25 15:45:07 standalone object-server[128012]: 172.20.0.100 - - [25/Nov/2025:15:45:07 +0000] "PUT /d1/677/AUTH_70c830e2e6e44c7fbd49e14db2a2eaea/gnocchi.4314f118-c9d5-4b5c-bbd7-bdf0250a8edb/1763640000.0_mean_300.0_v3" 201 - "PUT http://172.18.0.2:8080/v1/AUTH_70c830e2e6e44c7fbd49e14db2a2eaea/gnocchi.4314f118-c9d5-4b5c-bbd7-bdf0250a8edb/1763640000.0_mean_300.0_v3" "tx8dd1243fb2ae418fa9c23-006925cf03" "proxy-server 20" 0.0339 "-" 24 0
Nov 25 15:45:07 standalone proxy-server[129613]: 172.18.0.2 172.18.0.100 25/Nov/2025/15/45/07 PUT /v1/AUTH_70c830e2e6e44c7fbd49e14db2a2eaea/gnocchi.4314f118-c9d5-4b5c-bbd7-bdf0250a8edb/1763640000.0_mean_300.0_v3 HTTP/1.0 201 - python-swiftclient-3.11.1 gAAAAABpJc8CrfzC... 16 - - tx8dd1243fb2ae418fa9c23-006925cf03 - 0.0398 - - 1764085507.245365858 1764085507.285186291 0
Nov 25 15:45:07 standalone container-server[127734]: 172.20.0.100 - - [25/Nov/2025:15:45:07 +0000] "PUT /d1/211/AUTH_70c830e2e6e44c7fbd49e14db2a2eaea/gnocchi.4314f118-c9d5-4b5c-bbd7-bdf0250a8edb/none_v3" 201 - "PUT http://172.18.0.2:8080/d1/492/AUTH_70c830e2e6e44c7fbd49e14db2a2eaea/gnocchi.4314f118-c9d5-4b5c-bbd7-bdf0250a8edb/none_v3" "txd55b4baa65404c2aa3213-006925cf03" "object-server 25" 0.0005 "-" 16 0
Nov 25 15:45:07 standalone object-server[128013]: 172.20.0.100 - - [25/Nov/2025:15:45:07 +0000] "PUT /d1/492/AUTH_70c830e2e6e44c7fbd49e14db2a2eaea/gnocchi.4314f118-c9d5-4b5c-bbd7-bdf0250a8edb/none_v3" 201 - "PUT http://172.18.0.2:8080/v1/AUTH_70c830e2e6e44c7fbd49e14db2a2eaea/gnocchi.4314f118-c9d5-4b5c-bbd7-bdf0250a8edb/none_v3" "txd55b4baa65404c2aa3213-006925cf03" "proxy-server 20" 0.0261 "-" 25 0
Nov 25 15:45:07 standalone proxy-server[129613]: 172.18.0.2 172.18.0.100 25/Nov/2025/15/45/07 PUT /v1/AUTH_70c830e2e6e44c7fbd49e14db2a2eaea/gnocchi.4314f118-c9d5-4b5c-bbd7-bdf0250a8edb/none_v3 HTTP/1.0 201 - python-swiftclient-3.11.1 gAAAAABpJc8CrfzC... 22 - - txd55b4baa65404c2aa3213-006925cf03 - 0.0314 - - 1764085507.288345337 1764085507.319752216 0
Nov 25 15:45:36 standalone object-server[128011]: 172.20.0.100 - - [25/Nov/2025:15:45:36 +0000] "GET /d1/492/AUTH_70c830e2e6e44c7fbd49e14db2a2eaea/gnocchi.4314f118-c9d5-4b5c-bbd7-bdf0250a8edb/none_v3" 200 22 "GET http://172.18.0.2:8080/v1/AUTH_70c830e2e6e44c7fbd49e14db2a2eaea/gnocchi.4314f118-c9d5-4b5c-bbd7-bdf0250a8edb/none_v3" "txf375d6a722104704ba39b-006925cf20" "proxy-server 20" 0.0008 "-" 23 0
Nov 25 15:45:36 standalone proxy-server[129613]: 172.18.0.2 172.18.0.100 25/Nov/2025/15/45/36 GET /v1/AUTH_70c830e2e6e44c7fbd49e14db2a2eaea/gnocchi.4314f118-c9d5-4b5c-bbd7-bdf0250a8edb/none_v3 HTTP/1.0 200 - python-swiftclient-3.11.1 gAAAAABpJc8CrfzC... - 22 - txf375d6a722104704ba39b-006925cf20 - 0.0170 - - 1764085536.594347000 1764085536.611315250 0
Nov 25 15:45:36 standalone container-server[127745]: 172.20.0.100 - - [25/Nov/2025:15:45:36 +0000] "GET /d1/211/AUTH_70c830e2e6e44c7fbd49e14db2a2eaea/gnocchi.4314f118-c9d5-4b5c-bbd7-bdf0250a8edb" 200 357 "GET http://172.18.0.2:8080/v1/AUTH_70c830e2e6e44c7fbd49e14db2a2eaea/gnocchi.4314f118-c9d5-4b5c-bbd7-bdf0250a8edb?format=json&states=listing" "tx991ea274c838403ba0b28-006925cf20" "proxy-server 20" 0.0149 "-" 17 0
Nov 25 15:45:36 standalone proxy-server[129613]: 172.18.0.2 172.18.0.100 25/Nov/2025/15/45/36 GET /v1/AUTH_70c830e2e6e44c7fbd49e14db2a2eaea/gnocchi.4314f118-c9d5-4b5c-bbd7-bdf0250a8edb%3Fformat%3Djson%26states%3Dlisting HTTP/1.0 200 - python-swiftclient-3.11.1 gAAAAABpJc8CrfzC... - 357 - tx991ea274c838403ba0b28-006925cf20 - 0.0234 - - 1764085536.616823912 1764085536.640189648 0
Nov 25 15:45:36 standalone container-server[127714]: 172.20.0.100 - - [25/Nov/2025:15:45:36 +0000] "GET /d1/211/AUTH_70c830e2e6e44c7fbd49e14db2a2eaea/gnocchi.4314f118-c9d5-4b5c-bbd7-bdf0250a8edb" 200 2 "GET http://172.18.0.2:8080/v1/AUTH_70c830e2e6e44c7fbd49e14db2a2eaea/gnocchi.4314f118-c9d5-4b5c-bbd7-bdf0250a8edb?format=json&marker=none_v3&states=listing" "txc3b340f574254d2583ff8-006925cf20" "proxy-server 20" 0.0029 "-" 14 0
Nov 25 15:45:36 standalone proxy-server[129613]: 172.18.0.2 172.18.0.100 25/Nov/2025/15/45/36 GET /v1/AUTH_70c830e2e6e44c7fbd49e14db2a2eaea/gnocchi.4314f118-c9d5-4b5c-bbd7-bdf0250a8edb%3Fformat%3Djson%26marker%3Dnone_v3%26states%3Dlisting HTTP/1.0 200 - python-swiftclient-3.11.1 gAAAAABpJc8CrfzC... - 2 - txc3b340f574254d2583ff8-006925cf20 - 0.0093 - - 1764085536.643497705 1764085536.652809620 0
Nov 25 15:45:36 standalone object-server[128010]: 172.20.0.100 - - [25/Nov/2025:15:45:36 +0000] "GET /d1/677/AUTH_70c830e2e6e44c7fbd49e14db2a2eaea/gnocchi.4314f118-c9d5-4b5c-bbd7-bdf0250a8edb/1763640000.0_mean_300.0_v3" 200 16 "GET http://172.18.0.2:8080/v1/AUTH_70c830e2e6e44c7fbd49e14db2a2eaea/gnocchi.4314f118-c9d5-4b5c-bbd7-bdf0250a8edb/1763640000.0_mean_300.0_v3" "tx3a087669fe4d48faa37cc-006925cf20" "proxy-server 20" 0.0013 "-" 22 0
Nov 25 15:45:36 standalone proxy-server[129613]: 172.18.0.2 172.18.0.100 25/Nov/2025/15/45/36 GET /v1/AUTH_70c830e2e6e44c7fbd49e14db2a2eaea/gnocchi.4314f118-c9d5-4b5c-bbd7-bdf0250a8edb/1763640000.0_mean_300.0_v3 HTTP/1.0 200 - python-swiftclient-3.11.1 gAAAAABpJc8CrfzC... - 16 - tx3a087669fe4d48faa37cc-006925cf20 - 0.0116 - - 1764085536.656063795 1764085536.667631626 0
Nov 25 15:45:36 standalone container-server[127745]: 172.20.0.100 - - [25/Nov/2025:15:45:36 +0000] "PUT /d1/211/AUTH_70c830e2e6e44c7fbd49e14db2a2eaea/gnocchi.4314f118-c9d5-4b5c-bbd7-bdf0250a8edb/1763640000.0_mean_300.0_v3" 201 - "PUT http://172.18.0.2:8080/d1/677/AUTH_70c830e2e6e44c7fbd49e14db2a2eaea/gnocchi.4314f118-c9d5-4b5c-bbd7-bdf0250a8edb/1763640000.0_mean_300.0_v3" "tx43565e3a616645a6a5356-006925cf20" "object-server 23" 0.0007 "-" 17 0
Nov 25 15:45:36 standalone object-server[128011]: 172.20.0.100 - - [25/Nov/2025:15:45:36 +0000] "PUT /d1/677/AUTH_70c830e2e6e44c7fbd49e14db2a2eaea/gnocchi.4314f118-c9d5-4b5c-bbd7-bdf0250a8edb/1763640000.0_mean_300.0_v3" 201 - "PUT http://172.18.0.2:8080/v1/AUTH_70c830e2e6e44c7fbd49e14db2a2eaea/gnocchi.4314f118-c9d5-4b5c-bbd7-bdf0250a8edb/1763640000.0_mean_300.0_v3" "tx43565e3a616645a6a5356-006925cf20" "proxy-server 20" 0.0167 "-" 23 0
Nov 25 15:45:36 standalone proxy-server[129613]: 172.18.0.2 172.18.0.100 25/Nov/2025/15/45/36 PUT /v1/AUTH_70c830e2e6e44c7fbd49e14db2a2eaea/gnocchi.4314f118-c9d5-4b5c-bbd7-bdf0250a8edb/1763640000.0_mean_300.0_v3 HTTP/1.0 201 - python-swiftclient-3.11.1 gAAAAABpJc8CrfzC... 16 - - tx43565e3a616645a6a5356-006925cf20 - 0.0216 - - 1764085536.670437574 1764085536.692055225 0
Nov 25 15:45:36 standalone container-server[127714]: 172.20.0.100 - - [25/Nov/2025:15:45:36 +0000] "PUT /d1/211/AUTH_70c830e2e6e44c7fbd49e14db2a2eaea/gnocchi.4314f118-c9d5-4b5c-bbd7-bdf0250a8edb/none_v3" 201 - "PUT http://172.18.0.2:8080/d1/492/AUTH_70c830e2e6e44c7fbd49e14db2a2eaea/gnocchi.4314f118-c9d5-4b5c-bbd7-bdf0250a8edb/none_v3" "tx16660a551ba44debaeb3f-006925cf20" "object-server 24" 0.0004 "-" 14 0
Nov 25 15:45:36 standalone object-server[128012]: 172.20.0.100 - - [25/Nov/2025:15:45:36 +0000] "PUT /d1/492/AUTH_70c830e2e6e44c7fbd49e14db2a2eaea/gnocchi.4314f118-c9d5-4b5c-bbd7-bdf0250a8edb/none_v3" 201 - "PUT http://172.18.0.2:8080/v1/AUTH_70c830e2e6e44c7fbd49e14db2a2eaea/gnocchi.4314f118-c9d5-4b5c-bbd7-bdf0250a8edb/none_v3" "tx16660a551ba44debaeb3f-006925cf20" "proxy-server 20" 0.0078 "-" 24 0
Nov 25 15:45:36 standalone proxy-server[129613]: 172.18.0.2 172.18.0.100 25/Nov/2025/15/45/36 PUT /v1/AUTH_70c830e2e6e44c7fbd49e14db2a2eaea/gnocchi.4314f118-c9d5-4b5c-bbd7-bdf0250a8edb/none_v3 HTTP/1.0 201 - python-swiftclient-3.11.1 gAAAAABpJc8CrfzC... 32 - - tx16660a551ba44debaeb3f-006925cf20 - 0.0128 - - 1764085536.694584131 1764085536.707429171 0
Nov 25 15:46:05 standalone container-server[127734]: 172.20.0.100 - - [25/Nov/2025:15:46:05 +0000] "HEAD /d1/357/AUTH_70c830e2e6e44c7fbd49e14db2a2eaea/gnocchi.3c8d1a46-3106-4095-bfd7-c14f2ed93d22" 404 - "HEAD http://172.18.0.2:8080/v1/AUTH_70c830e2e6e44c7fbd49e14db2a2eaea/gnocchi.3c8d1a46-3106-4095-bfd7-c14f2ed93d22?format=json&states=listing" "txee0c051a03dd45f8b4627-006925cf3d" "proxy-server 20" 0.0008 "-" 16 0
Nov 25 15:46:05 standalone object-server[128012]: 172.20.0.100 - - [25/Nov/2025:15:46:05 +0000] "GET /d1/666/AUTH_70c830e2e6e44c7fbd49e14db2a2eaea/gnocchi.3c8d1a46-3106-4095-bfd7-c14f2ed93d22/none_v3" 404 70 "GET http://172.18.0.2:8080/v1/AUTH_70c830e2e6e44c7fbd49e14db2a2eaea/gnocchi.3c8d1a46-3106-4095-bfd7-c14f2ed93d22/none_v3" "txee0c051a03dd45f8b4627-006925cf3d" "proxy-server 20" 0.0006 "-" 24 0
Nov 25 15:46:05 standalone proxy-server[129613]: 172.18.0.2 172.18.0.100 25/Nov/2025/15/46/05 GET /v1/AUTH_70c830e2e6e44c7fbd49e14db2a2eaea/gnocchi.3c8d1a46-3106-4095-bfd7-c14f2ed93d22/none_v3 HTTP/1.0 404 - python-swiftclient-3.11.1 gAAAAABpJc8CrfzC... - 70 - txee0c051a03dd45f8b4627-006925cf3d - 0.0138 - - 1764085565.660288334 1764085565.674051046 0
Nov 25 15:46:05 standalone account-server[127564]: 172.20.0.100 - - [25/Nov/2025:15:46:05 +0000] "PUT /d1/632/AUTH_70c830e2e6e44c7fbd49e14db2a2eaea/gnocchi.3c8d1a46-3106-4095-bfd7-c14f2ed93d22" 201 - "PUT http://172.20.0.100:6001/d1/357/AUTH_70c830e2e6e44c7fbd49e14db2a2eaea/gnocchi.3c8d1a46-3106-4095-bfd7-c14f2ed93d22" "tx7f92734062644f20a2c0b-006925cf3d" "container-server 15" 0.0840 "-" 22 0
Nov 25 15:46:05 standalone container-server[127718]: 172.20.0.100 - - [25/Nov/2025:15:46:05 +0000] "PUT /d1/357/AUTH_70c830e2e6e44c7fbd49e14db2a2eaea/gnocchi.3c8d1a46-3106-4095-bfd7-c14f2ed93d22" 201 - "PUT http://172.18.0.2:8080/v1/AUTH_70c830e2e6e44c7fbd49e14db2a2eaea/gnocchi.3c8d1a46-3106-4095-bfd7-c14f2ed93d22" "tx7f92734062644f20a2c0b-006925cf3d" "proxy-server 20" 0.1426 "-" 15 0
Nov 25 15:46:05 standalone proxy-server[129613]: 172.18.0.2 172.18.0.100 25/Nov/2025/15/46/05 PUT /v1/AUTH_70c830e2e6e44c7fbd49e14db2a2eaea/gnocchi.3c8d1a46-3106-4095-bfd7-c14f2ed93d22 HTTP/1.0 201 - python-swiftclient-3.11.1 gAAAAABpJc8CrfzC... - - - tx7f92734062644f20a2c0b-006925cf3d - 0.1490 - - 1764085565.676984549 1764085565.825991392 0
Nov 25 15:46:05 standalone container-server[127734]: 172.20.0.100 - - [25/Nov/2025:15:46:05 +0000] "HEAD /d1/357/AUTH_70c830e2e6e44c7fbd49e14db2a2eaea/gnocchi.3c8d1a46-3106-4095-bfd7-c14f2ed93d22" 204 - "HEAD http://172.18.0.2:8080/v1/AUTH_70c830e2e6e44c7fbd49e14db2a2eaea/gnocchi.3c8d1a46-3106-4095-bfd7-c14f2ed93d22?format=json&states=listing" "tx12af67387ff14234bb32f-006925cf3d" "proxy-server 20" 0.0026 "-" 16 0
Nov 25 15:46:05 standalone proxy-server[129613]: - - 25/Nov/2025/15/46/05 HEAD /v1/AUTH_70c830e2e6e44c7fbd49e14db2a2eaea/gnocchi.3c8d1a46-3106-4095-bfd7-c14f2ed93d22%3Fformat%3Djson%26states%3Dlisting HTTP/1.0 204 - Swift - - - - tx12af67387ff14234bb32f-006925cf3d - 0.0074 RL - 1764085565.833748817 1764085565.841137171 0
Nov 25 15:46:05 standalone container-server[127734]: 172.20.0.100 - - [25/Nov/2025:15:46:05 +0000] "GET /d1/357/AUTH_70c830e2e6e44c7fbd49e14db2a2eaea/gnocchi.3c8d1a46-3106-4095-bfd7-c14f2ed93d22" 200 2 "GET http://172.18.0.2:8080/v1/AUTH_70c830e2e6e44c7fbd49e14db2a2eaea/gnocchi.3c8d1a46-3106-4095-bfd7-c14f2ed93d22?format=json&states=listing" "tx12af67387ff14234bb32f-006925cf3d" "proxy-server 20" 0.0039 "-" 16 0
Nov 25 15:46:05 standalone proxy-server[129613]: 172.18.0.2 172.18.0.100 25/Nov/2025/15/46/05 GET /v1/AUTH_70c830e2e6e44c7fbd49e14db2a2eaea/gnocchi.3c8d1a46-3106-4095-bfd7-c14f2ed93d22%3Fformat%3Djson%26states%3Dlisting HTTP/1.0 200 - python-swiftclient-3.11.1 gAAAAABpJc8CrfzC... - 2 - tx12af67387ff14234bb32f-006925cf3d - 0.0262 - - 1764085565.831118822 1764085565.857367992 0
Nov 25 15:46:05 standalone object-server[128012]: 172.20.0.100 - - [25/Nov/2025:15:46:05 +0000] "GET /d1/286/AUTH_70c830e2e6e44c7fbd49e14db2a2eaea/gnocchi.3c8d1a46-3106-4095-bfd7-c14f2ed93d22/1763640000.0_mean_300.0_v3" 404 70 "GET http://172.18.0.2:8080/v1/AUTH_70c830e2e6e44c7fbd49e14db2a2eaea/gnocchi.3c8d1a46-3106-4095-bfd7-c14f2ed93d22/1763640000.0_mean_300.0_v3" "txbf5b293699e143dc95ed2-006925cf3d" "proxy-server 20" 0.0005 "-" 24 0
Nov 25 15:46:05 standalone proxy-server[129613]: 172.18.0.2 172.18.0.100 25/Nov/2025/15/46/05 GET /v1/AUTH_70c830e2e6e44c7fbd49e14db2a2eaea/gnocchi.3c8d1a46-3106-4095-bfd7-c14f2ed93d22/1763640000.0_mean_300.0_v3 HTTP/1.0 404 - python-swiftclient-3.11.1 gAAAAABpJc8CrfzC... - 70 - txbf5b293699e143dc95ed2-006925cf3d - 0.0056 - - 1764085565.862738132 1764085565.868360281 0
Nov 25 15:46:05 standalone container-server[127745]: 172.20.0.100 - - [25/Nov/2025:15:46:05 +0000] "PUT /d1/357/AUTH_70c830e2e6e44c7fbd49e14db2a2eaea/gnocchi.3c8d1a46-3106-4095-bfd7-c14f2ed93d22/1763640000.0_mean_300.0_v3" 201 - "PUT http://172.18.0.2:8080/d1/286/AUTH_70c830e2e6e44c7fbd49e14db2a2eaea/gnocchi.3c8d1a46-3106-4095-bfd7-c14f2ed93d22/1763640000.0_mean_300.0_v3" "tx096167f3d7884701a6e43-006925cf3d" "object-server 22" 0.0007 "-" 17 0
Nov 25 15:46:05 standalone object-server[128010]: 172.20.0.100 - - [25/Nov/2025:15:46:05 +0000] "PUT /d1/286/AUTH_70c830e2e6e44c7fbd49e14db2a2eaea/gnocchi.3c8d1a46-3106-4095-bfd7-c14f2ed93d22/1763640000.0_mean_300.0_v3" 201 - "PUT http://172.18.0.2:8080/v1/AUTH_70c830e2e6e44c7fbd49e14db2a2eaea/gnocchi.3c8d1a46-3106-4095-bfd7-c14f2ed93d22/1763640000.0_mean_300.0_v3" "tx096167f3d7884701a6e43-006925cf3d" "proxy-server 20" 0.0921 "-" 22 0
Nov 25 15:46:05 standalone proxy-server[129613]: 172.18.0.2 172.18.0.100 25/Nov/2025/15/46/05 PUT /v1/AUTH_70c830e2e6e44c7fbd49e14db2a2eaea/gnocchi.3c8d1a46-3106-4095-bfd7-c14f2ed93d22/1763640000.0_mean_300.0_v3 HTTP/1.0 201 - python-swiftclient-3.11.1 gAAAAABpJc8CrfzC... 16 - - tx096167f3d7884701a6e43-006925cf3d - 0.1003 - - 1764085565.871049881 1764085565.971399784 0
Nov 25 15:46:06 standalone container-server[127734]: 172.20.0.100 - - [25/Nov/2025:15:46:06 +0000] "PUT /d1/357/AUTH_70c830e2e6e44c7fbd49e14db2a2eaea/gnocchi.3c8d1a46-3106-4095-bfd7-c14f2ed93d22/none_v3" 201 - "PUT http://172.18.0.2:8080/d1/666/AUTH_70c830e2e6e44c7fbd49e14db2a2eaea/gnocchi.3c8d1a46-3106-4095-bfd7-c14f2ed93d22/none_v3" "tx1c636eabd50247cfa8372-006925cf3d" "object-server 23" 0.0008 "-" 16 0
Nov 25 15:46:06 standalone object-server[128011]: 172.20.0.100 - - [25/Nov/2025:15:46:06 +0000] "PUT /d1/666/AUTH_70c830e2e6e44c7fbd49e14db2a2eaea/gnocchi.3c8d1a46-3106-4095-bfd7-c14f2ed93d22/none_v3" 201 - "PUT http://172.18.0.2:8080/v1/AUTH_70c830e2e6e44c7fbd49e14db2a2eaea/gnocchi.3c8d1a46-3106-4095-bfd7-c14f2ed93d22/none_v3" "tx1c636eabd50247cfa8372-006925cf3d" "proxy-server 20" 0.0942 "-" 23 0
Nov 25 15:46:06 standalone proxy-server[129613]: 172.18.0.2 172.18.0.100 25/Nov/2025/15/46/06 PUT /v1/AUTH_70c830e2e6e44c7fbd49e14db2a2eaea/gnocchi.3c8d1a46-3106-4095-bfd7-c14f2ed93d22/none_v3 HTTP/1.0 201 - python-swiftclient-3.11.1 gAAAAABpJc8CrfzC... 22 - - tx1c636eabd50247cfa8372-006925cf3d - 0.1000 - - 1764085565.974334478 1764085566.074370861 0
Nov 25 15:46:06 standalone container-server[127718]: 172.20.0.100 - - [25/Nov/2025:15:46:06 +0000] "HEAD /d1/594/AUTH_70c830e2e6e44c7fbd49e14db2a2eaea/gnocchi.f849f945-4c96-48ad-926f-e1306d1208a3" 404 - "HEAD http://172.18.0.2:8080/v1/AUTH_70c830e2e6e44c7fbd49e14db2a2eaea/gnocchi.f849f945-4c96-48ad-926f-e1306d1208a3?format=json&states=listing" "txd00606dd17224226b77d7-006925cf3e" "proxy-server 20" 0.0006 "-" 15 0
Nov 25 15:46:06 standalone object-server[128011]: 172.20.0.100 - - [25/Nov/2025:15:46:06 +0000] "GET /d1/117/AUTH_70c830e2e6e44c7fbd49e14db2a2eaea/gnocchi.f849f945-4c96-48ad-926f-e1306d1208a3/none_v3" 404 70 "GET http://172.18.0.2:8080/v1/AUTH_70c830e2e6e44c7fbd49e14db2a2eaea/gnocchi.f849f945-4c96-48ad-926f-e1306d1208a3/none_v3" "txd00606dd17224226b77d7-006925cf3e" "proxy-server 20" 0.0003 "-" 23 0
Nov 25 15:46:06 standalone proxy-server[129613]: 172.18.0.2 172.18.0.100 25/Nov/2025/15/46/06 GET /v1/AUTH_70c830e2e6e44c7fbd49e14db2a2eaea/gnocchi.f849f945-4c96-48ad-926f-e1306d1208a3/none_v3 HTTP/1.0 404 - python-swiftclient-3.11.1 gAAAAABpJc8CrfzC... - 70 - txd00606dd17224226b77d7-006925cf3e - 0.0117 - - 1764085566.087532997 1764085566.099246264 0
Nov 25 15:46:06 standalone account-server[127564]: 172.20.0.100 - - [25/Nov/2025:15:46:06 +0000] "PUT /d1/632/AUTH_70c830e2e6e44c7fbd49e14db2a2eaea/gnocchi.f849f945-4c96-48ad-926f-e1306d1208a3" 201 - "PUT http://172.20.0.100:6001/d1/594/AUTH_70c830e2e6e44c7fbd49e14db2a2eaea/gnocchi.f849f945-4c96-48ad-926f-e1306d1208a3" "tx658a523262ae4adbb89c1-006925cf3e" "container-server 17" 0.0989 "-" 22 0
Nov 25 15:46:06 standalone container-server[127745]: 172.20.0.100 - - [25/Nov/2025:15:46:06 +0000] "PUT /d1/594/AUTH_70c830e2e6e44c7fbd49e14db2a2eaea/gnocchi.f849f945-4c96-48ad-926f-e1306d1208a3" 201 - "PUT http://172.18.0.2:8080/v1/AUTH_70c830e2e6e44c7fbd49e14db2a2eaea/gnocchi.f849f945-4c96-48ad-926f-e1306d1208a3" "tx658a523262ae4adbb89c1-006925cf3e" "proxy-server 20" 0.1849 "-" 17 0
Nov 25 15:46:06 standalone proxy-server[129613]: 172.18.0.2 172.18.0.100 25/Nov/2025/15/46/06 PUT /v1/AUTH_70c830e2e6e44c7fbd49e14db2a2eaea/gnocchi.f849f945-4c96-48ad-926f-e1306d1208a3 HTTP/1.0 201 - python-swiftclient-3.11.1 gAAAAABpJc8CrfzC... - - - tx658a523262ae4adbb89c1-006925cf3e - 0.1932 - - 1764085566.103152037 1764085566.296383142 0
Nov 25 15:46:06 standalone container-server[127714]: 172.20.0.100 - - [25/Nov/2025:15:46:06 +0000] "HEAD /d1/594/AUTH_70c830e2e6e44c7fbd49e14db2a2eaea/gnocchi.f849f945-4c96-48ad-926f-e1306d1208a3" 204 - "HEAD http://172.18.0.2:8080/v1/AUTH_70c830e2e6e44c7fbd49e14db2a2eaea/gnocchi.f849f945-4c96-48ad-926f-e1306d1208a3?format=json&states=listing" "tx8f3b81a7f38e44cb8bb0b-006925cf3e" "proxy-server 20" 0.0012 "-" 14 0
Nov 25 15:46:06 standalone proxy-server[129613]: - - 25/Nov/2025/15/46/06 HEAD /v1/AUTH_70c830e2e6e44c7fbd49e14db2a2eaea/gnocchi.f849f945-4c96-48ad-926f-e1306d1208a3%3Fformat%3Djson%26states%3Dlisting HTTP/1.0 204 - Swift - - - - tx8f3b81a7f38e44cb8bb0b-006925cf3e - 0.0042 RL - 1764085566.303286791 1764085566.307516336 0
Nov 25 15:46:06 standalone container-server[127745]: 172.20.0.100 - - [25/Nov/2025:15:46:06 +0000] "GET /d1/594/AUTH_70c830e2e6e44c7fbd49e14db2a2eaea/gnocchi.f849f945-4c96-48ad-926f-e1306d1208a3" 200 2 "GET http://172.18.0.2:8080/v1/AUTH_70c830e2e6e44c7fbd49e14db2a2eaea/gnocchi.f849f945-4c96-48ad-926f-e1306d1208a3?format=json&states=listing" "tx8f3b81a7f38e44cb8bb0b-006925cf3e" "proxy-server 20" 0.0037 "-" 17 0
Nov 25 15:46:06 standalone proxy-server[129613]: 172.18.0.2 172.18.0.100 25/Nov/2025/15/46/06 GET /v1/AUTH_70c830e2e6e44c7fbd49e14db2a2eaea/gnocchi.f849f945-4c96-48ad-926f-e1306d1208a3%3Fformat%3Djson%26states%3Dlisting HTTP/1.0 200 - python-swiftclient-3.11.1 gAAAAABpJc8CrfzC... - 2 - tx8f3b81a7f38e44cb8bb0b-006925cf3e - 0.0159 - - 1764085566.301660299 1764085566.317514420 0
Nov 25 15:46:06 standalone object-server[128010]: 172.20.0.100 - - [25/Nov/2025:15:46:06 +0000] "GET /d1/874/AUTH_70c830e2e6e44c7fbd49e14db2a2eaea/gnocchi.f849f945-4c96-48ad-926f-e1306d1208a3/1763640000.0_mean_300.0_v3" 404 70 "GET http://172.18.0.2:8080/v1/AUTH_70c830e2e6e44c7fbd49e14db2a2eaea/gnocchi.f849f945-4c96-48ad-926f-e1306d1208a3/1763640000.0_mean_300.0_v3" "txcbaa2e27e3d4403e90657-006925cf3e" "proxy-server 20" 0.0004 "-" 22 0
Nov 25 15:46:06 standalone proxy-server[129613]: 172.18.0.2 172.18.0.100 25/Nov/2025/15/46/06 GET /v1/AUTH_70c830e2e6e44c7fbd49e14db2a2eaea/gnocchi.f849f945-4c96-48ad-926f-e1306d1208a3/1763640000.0_mean_300.0_v3 HTTP/1.0 404 - python-swiftclient-3.11.1 gAAAAABpJc8CrfzC... - 70 - txcbaa2e27e3d4403e90657-006925cf3e - 0.0069 - - 1764085566.321438313 1764085566.328333855 0
Nov 25 15:46:06 standalone container-server[127734]: 172.20.0.100 - - [25/Nov/2025:15:46:06 +0000] "PUT /d1/594/AUTH_70c830e2e6e44c7fbd49e14db2a2eaea/gnocchi.f849f945-4c96-48ad-926f-e1306d1208a3/1763640000.0_mean_300.0_v3" 201 - "PUT http://172.18.0.2:8080/d1/874/AUTH_70c830e2e6e44c7fbd49e14db2a2eaea/gnocchi.f849f945-4c96-48ad-926f-e1306d1208a3/1763640000.0_mean_300.0_v3" "tx2c0ec252a4824bf2a14fa-006925cf3e" "object-server 23" 0.0010 "-" 16 0
Nov 25 15:46:06 standalone object-server[128011]: 172.20.0.100 - - [25/Nov/2025:15:46:06 +0000] "PUT /d1/874/AUTH_70c830e2e6e44c7fbd49e14db2a2eaea/gnocchi.f849f945-4c96-48ad-926f-e1306d1208a3/1763640000.0_mean_300.0_v3" 201 - "PUT http://172.18.0.2:8080/v1/AUTH_70c830e2e6e44c7fbd49e14db2a2eaea/gnocchi.f849f945-4c96-48ad-926f-e1306d1208a3/1763640000.0_mean_300.0_v3" "tx2c0ec252a4824bf2a14fa-006925cf3e" "proxy-server 20" 0.1914 "-" 23 0
Nov 25 15:46:06 standalone proxy-server[129613]: 172.18.0.2 172.18.0.100 25/Nov/2025/15/46/06 PUT /v1/AUTH_70c830e2e6e44c7fbd49e14db2a2eaea/gnocchi.f849f945-4c96-48ad-926f-e1306d1208a3/1763640000.0_mean_300.0_v3 HTTP/1.0 201 - python-swiftclient-3.11.1 gAAAAABpJc8CrfzC... 16 - - tx2c0ec252a4824bf2a14fa-006925cf3e - 0.1966 - - 1764085566.330902815 1764085566.527514935 0
Nov 25 15:46:06 standalone account-server[127564]: 172.20.0.100 - - [25/Nov/2025:15:46:06 +0000] "HEAD /d1/632/AUTH_70c830e2e6e44c7fbd49e14db2a2eaea" 204 - "HEAD http://172.18.0.2:8080/v1/AUTH_70c830e2e6e44c7fbd49e14db2a2eaea?format=json" "tx45676b276bc148cf9df99-006925cf3e" "proxy-server 20" 0.0390 "-" 22 -
Nov 25 15:46:06 standalone proxy-server[129613]: - - 25/Nov/2025/15/46/06 HEAD /v1/AUTH_70c830e2e6e44c7fbd49e14db2a2eaea%3Fformat%3Djson HTTP/1.0 204 - Swift - - - - tx45676b276bc148cf9df99-006925cf3e - 0.0442 RL - 1764085566.532568216 1764085566.576732159 -
Nov 25 15:46:06 standalone container-server[127714]: 172.20.0.100 - - [25/Nov/2025:15:46:06 +0000] "PUT /d1/594/AUTH_70c830e2e6e44c7fbd49e14db2a2eaea/gnocchi.f849f945-4c96-48ad-926f-e1306d1208a3/none_v3" 201 - "PUT http://172.18.0.2:8080/d1/117/AUTH_70c830e2e6e44c7fbd49e14db2a2eaea/gnocchi.f849f945-4c96-48ad-926f-e1306d1208a3/none_v3" "tx45676b276bc148cf9df99-006925cf3e" "object-server 22" 0.0005 "-" 14 0
Nov 25 15:46:06 standalone object-server[128010]: 172.20.0.100 - - [25/Nov/2025:15:46:06 +0000] "PUT /d1/117/AUTH_70c830e2e6e44c7fbd49e14db2a2eaea/gnocchi.f849f945-4c96-48ad-926f-e1306d1208a3/none_v3" 201 - "PUT http://172.18.0.2:8080/v1/AUTH_70c830e2e6e44c7fbd49e14db2a2eaea/gnocchi.f849f945-4c96-48ad-926f-e1306d1208a3/none_v3" "tx45676b276bc148cf9df99-006925cf3e" "proxy-server 20" 0.0200 "-" 22 0
Nov 25 15:46:06 standalone proxy-server[129613]: 172.18.0.2 172.18.0.100 25/Nov/2025/15/46/06 PUT /v1/AUTH_70c830e2e6e44c7fbd49e14db2a2eaea/gnocchi.f849f945-4c96-48ad-926f-e1306d1208a3/none_v3 HTTP/1.0 201 - python-swiftclient-3.11.1 gAAAAABpJc8CrfzC... 22 - - tx45676b276bc148cf9df99-006925cf3e - 0.0759 - - 1764085566.531469822 1764085566.607374430 0
Nov 25 15:46:14 standalone container-server[127745]: 172.20.0.100 - - [25/Nov/2025:15:46:14 +0000] "HEAD /d1/347/AUTH_70c830e2e6e44c7fbd49e14db2a2eaea/gnocchi.fe67b947-6316-46a0-b18f-b3bde1f2442c" 404 - "HEAD http://172.18.0.2:8080/v1/AUTH_70c830e2e6e44c7fbd49e14db2a2eaea/gnocchi.fe67b947-6316-46a0-b18f-b3bde1f2442c?format=json&states=listing" "txcd3d5328f07c4f38b7997-006925cf46" "proxy-server 20" 0.0008 "-" 17 0
Nov 25 15:46:14 standalone object-server[128011]: 172.20.0.100 - - [25/Nov/2025:15:46:14 +0000] "GET /d1/178/AUTH_70c830e2e6e44c7fbd49e14db2a2eaea/gnocchi.fe67b947-6316-46a0-b18f-b3bde1f2442c/none_v3" 404 70 "GET http://172.18.0.2:8080/v1/AUTH_70c830e2e6e44c7fbd49e14db2a2eaea/gnocchi.fe67b947-6316-46a0-b18f-b3bde1f2442c/none_v3" "txcd3d5328f07c4f38b7997-006925cf46" "proxy-server 20" 0.0006 "-" 23 0
Nov 25 15:46:14 standalone proxy-server[129613]: 172.18.0.2 172.18.0.100 25/Nov/2025/15/46/14 GET /v1/AUTH_70c830e2e6e44c7fbd49e14db2a2eaea/gnocchi.fe67b947-6316-46a0-b18f-b3bde1f2442c/none_v3 HTTP/1.0 404 - python-swiftclient-3.11.1 gAAAAABpJc8CrfzC... - 70 - txcd3d5328f07c4f38b7997-006925cf46 - 0.0117 - - 1764085574.438945770 1764085574.450691938 0
Nov 25 15:46:14 standalone account-server[127556]: 172.20.0.100 - - [25/Nov/2025:15:46:14 +0000] "PUT /d1/632/AUTH_70c830e2e6e44c7fbd49e14db2a2eaea/gnocchi.fe67b947-6316-46a0-b18f-b3bde1f2442c" 201 - "PUT http://172.20.0.100:6001/d1/347/AUTH_70c830e2e6e44c7fbd49e14db2a2eaea/gnocchi.fe67b947-6316-46a0-b18f-b3bde1f2442c" "txa3f45c8f7a4749cf923c3-006925cf46" "container-server 16" 0.0015 "-" 20 0
Nov 25 15:46:14 standalone container-server[127734]: 172.20.0.100 - - [25/Nov/2025:15:46:14 +0000] "PUT /d1/347/AUTH_70c830e2e6e44c7fbd49e14db2a2eaea/gnocchi.fe67b947-6316-46a0-b18f-b3bde1f2442c" 201 - "PUT http://172.18.0.2:8080/v1/AUTH_70c830e2e6e44c7fbd49e14db2a2eaea/gnocchi.fe67b947-6316-46a0-b18f-b3bde1f2442c" "txa3f45c8f7a4749cf923c3-006925cf46" "proxy-server 20" 0.0139 "-" 16 0
Nov 25 15:46:14 standalone proxy-server[129613]: 172.18.0.2 172.18.0.100 25/Nov/2025/15/46/14 PUT /v1/AUTH_70c830e2e6e44c7fbd49e14db2a2eaea/gnocchi.fe67b947-6316-46a0-b18f-b3bde1f2442c HTTP/1.0 201 - python-swiftclient-3.11.1 gAAAAABpJc8CrfzC... - - - txa3f45c8f7a4749cf923c3-006925cf46 - 0.0196 - - 1764085574.453352928 1764085574.472937822 0
Nov 25 15:46:14 standalone container-server[127745]: 172.20.0.100 - - [25/Nov/2025:15:46:14 +0000] "HEAD /d1/347/AUTH_70c830e2e6e44c7fbd49e14db2a2eaea/gnocchi.fe67b947-6316-46a0-b18f-b3bde1f2442c" 204 - "HEAD http://172.18.0.2:8080/v1/AUTH_70c830e2e6e44c7fbd49e14db2a2eaea/gnocchi.fe67b947-6316-46a0-b18f-b3bde1f2442c?format=json&states=listing" "tx87c74ae5d49f47a992b04-006925cf46" "proxy-server 20" 0.0025 "-" 17 0
Nov 25 15:46:14 standalone proxy-server[129613]: - - 25/Nov/2025/15/46/14 HEAD /v1/AUTH_70c830e2e6e44c7fbd49e14db2a2eaea/gnocchi.fe67b947-6316-46a0-b18f-b3bde1f2442c%3Fformat%3Djson%26states%3Dlisting HTTP/1.0 204 - Swift - - - - tx87c74ae5d49f47a992b04-006925cf46 - 0.0064 RL - 1764085574.477508545 1764085574.483924627 0
Nov 25 15:46:14 standalone container-server[127714]: 172.20.0.100 - - [25/Nov/2025:15:46:14 +0000] "GET /d1/347/AUTH_70c830e2e6e44c7fbd49e14db2a2eaea/gnocchi.fe67b947-6316-46a0-b18f-b3bde1f2442c" 200 2 "GET http://172.18.0.2:8080/v1/AUTH_70c830e2e6e44c7fbd49e14db2a2eaea/gnocchi.fe67b947-6316-46a0-b18f-b3bde1f2442c?format=json&states=listing" "tx87c74ae5d49f47a992b04-006925cf46" "proxy-server 20" 0.0023 "-" 14 0
Nov 25 15:46:14 standalone proxy-server[129613]: 172.18.0.2 172.18.0.100 25/Nov/2025/15/46/14 GET /v1/AUTH_70c830e2e6e44c7fbd49e14db2a2eaea/gnocchi.fe67b947-6316-46a0-b18f-b3bde1f2442c%3Fformat%3Djson%26states%3Dlisting HTTP/1.0 200 - python-swiftclient-3.11.1 gAAAAABpJc8CrfzC... - 2 - tx87c74ae5d49f47a992b04-006925cf46 - 0.0154 - - 1764085574.476307869 1764085574.491658211 0
Nov 25 15:46:14 standalone object-server[128011]: 172.20.0.100 - - [25/Nov/2025:15:46:14 +0000] "GET /d1/631/AUTH_70c830e2e6e44c7fbd49e14db2a2eaea/gnocchi.fe67b947-6316-46a0-b18f-b3bde1f2442c/1763640000.0_mean_300.0_v3" 404 70 "GET http://172.18.0.2:8080/v1/AUTH_70c830e2e6e44c7fbd49e14db2a2eaea/gnocchi.fe67b947-6316-46a0-b18f-b3bde1f2442c/1763640000.0_mean_300.0_v3" "tx819f021faf0f4d79803d0-006925cf46" "proxy-server 20" 0.0003 "-" 23 0
Nov 25 15:46:14 standalone proxy-server[129613]: 172.18.0.2 172.18.0.100 25/Nov/2025/15/46/14 GET /v1/AUTH_70c830e2e6e44c7fbd49e14db2a2eaea/gnocchi.fe67b947-6316-46a0-b18f-b3bde1f2442c/1763640000.0_mean_300.0_v3 HTTP/1.0 404 - python-swiftclient-3.11.1 gAAAAABpJc8CrfzC... - 70 - tx819f021faf0f4d79803d0-006925cf46 - 0.0047 - - 1764085574.495365381 1764085574.500106573 0
Nov 25 15:46:14 standalone container-server[127745]: 172.20.0.100 - - [25/Nov/2025:15:46:14 +0000] "PUT /d1/347/AUTH_70c830e2e6e44c7fbd49e14db2a2eaea/gnocchi.fe67b947-6316-46a0-b18f-b3bde1f2442c/1763640000.0_mean_300.0_v3" 201 - "PUT http://172.18.0.2:8080/d1/631/AUTH_70c830e2e6e44c7fbd49e14db2a2eaea/gnocchi.fe67b947-6316-46a0-b18f-b3bde1f2442c/1763640000.0_mean_300.0_v3" "txcc09929bb4a04e7494b4b-006925cf46" "object-server 23" 0.0103 "-" 17 0
Nov 25 15:46:14 standalone object-server[128011]: 172.20.0.100 - - [25/Nov/2025:15:46:14 +0000] "PUT /d1/631/AUTH_70c830e2e6e44c7fbd49e14db2a2eaea/gnocchi.fe67b947-6316-46a0-b18f-b3bde1f2442c/1763640000.0_mean_300.0_v3" 201 - "PUT http://172.18.0.2:8080/v1/AUTH_70c830e2e6e44c7fbd49e14db2a2eaea/gnocchi.fe67b947-6316-46a0-b18f-b3bde1f2442c/1763640000.0_mean_300.0_v3" "txcc09929bb4a04e7494b4b-006925cf46" "proxy-server 20" 0.0405 "-" 23 0
Nov 25 15:46:14 standalone proxy-server[129613]: 172.18.0.2 172.18.0.100 25/Nov/2025/15/46/14 PUT /v1/AUTH_70c830e2e6e44c7fbd49e14db2a2eaea/gnocchi.fe67b947-6316-46a0-b18f-b3bde1f2442c/1763640000.0_mean_300.0_v3 HTTP/1.0 201 - python-swiftclient-3.11.1 gAAAAABpJc8CrfzC... 16 - - txcc09929bb4a04e7494b4b-006925cf46 - 0.0519 - - 1764085574.503562689 1764085574.555485487 0
Nov 25 15:46:14 standalone container-server[127714]: 172.20.0.100 - - [25/Nov/2025:15:46:14 +0000] "PUT /d1/347/AUTH_70c830e2e6e44c7fbd49e14db2a2eaea/gnocchi.fe67b947-6316-46a0-b18f-b3bde1f2442c/none_v3" 201 - "PUT http://172.18.0.2:8080/d1/178/AUTH_70c830e2e6e44c7fbd49e14db2a2eaea/gnocchi.fe67b947-6316-46a0-b18f-b3bde1f2442c/none_v3" "txf66571e7c3b946f5b5883-006925cf46" "object-server 24" 0.0005 "-" 14 0
Nov 25 15:46:14 standalone object-server[128012]: 172.20.0.100 - - [25/Nov/2025:15:46:14 +0000] "PUT /d1/178/AUTH_70c830e2e6e44c7fbd49e14db2a2eaea/gnocchi.fe67b947-6316-46a0-b18f-b3bde1f2442c/none_v3" 201 - "PUT http://172.18.0.2:8080/v1/AUTH_70c830e2e6e44c7fbd49e14db2a2eaea/gnocchi.fe67b947-6316-46a0-b18f-b3bde1f2442c/none_v3" "txf66571e7c3b946f5b5883-006925cf46" "proxy-server 20" 0.0142 "-" 24 0
Nov 25 15:46:14 standalone proxy-server[129613]: 172.18.0.2 172.18.0.100 25/Nov/2025/15/46/14 PUT /v1/AUTH_70c830e2e6e44c7fbd49e14db2a2eaea/gnocchi.fe67b947-6316-46a0-b18f-b3bde1f2442c/none_v3 HTTP/1.0 201 - python-swiftclient-3.11.1 gAAAAABpJc8CrfzC... 22 - - txf66571e7c3b946f5b5883-006925cf46 - 0.0257 - - 1764085574.558448553 1764085574.584163427 0
Nov 25 15:46:14 standalone container-server[127734]: 172.20.0.100 - - [25/Nov/2025:15:46:14 +0000] "HEAD /d1/631/AUTH_70c830e2e6e44c7fbd49e14db2a2eaea/gnocchi.8529f6fb-6992-47ba-ae4a-ddf0d13c4c53" 404 - "HEAD http://172.18.0.2:8080/v1/AUTH_70c830e2e6e44c7fbd49e14db2a2eaea/gnocchi.8529f6fb-6992-47ba-ae4a-ddf0d13c4c53?format=json&states=listing" "txeed31121faa44306b77c9-006925cf46" "proxy-server 20" 0.0007 "-" 16 0
Nov 25 15:46:14 standalone object-server[128010]: 172.20.0.100 - - [25/Nov/2025:15:46:14 +0000] "GET /d1/662/AUTH_70c830e2e6e44c7fbd49e14db2a2eaea/gnocchi.8529f6fb-6992-47ba-ae4a-ddf0d13c4c53/none_v3" 404 70 "GET http://172.18.0.2:8080/v1/AUTH_70c830e2e6e44c7fbd49e14db2a2eaea/gnocchi.8529f6fb-6992-47ba-ae4a-ddf0d13c4c53/none_v3" "txeed31121faa44306b77c9-006925cf46" "proxy-server 20" 0.0003 "-" 22 0
Nov 25 15:46:14 standalone proxy-server[129613]: 172.18.0.2 172.18.0.100 25/Nov/2025/15/46/14 GET /v1/AUTH_70c830e2e6e44c7fbd49e14db2a2eaea/gnocchi.8529f6fb-6992-47ba-ae4a-ddf0d13c4c53/none_v3 HTTP/1.0 404 - python-swiftclient-3.11.1 gAAAAABpJc8CrfzC... - 70 - txeed31121faa44306b77c9-006925cf46 - 0.0106 - - 1764085574.732043982 1764085574.742660284 0
Nov 25 15:46:14 standalone account-server[127576]: 172.20.0.100 - - [25/Nov/2025:15:46:14 +0000] "PUT /d1/632/AUTH_70c830e2e6e44c7fbd49e14db2a2eaea/gnocchi.8529f6fb-6992-47ba-ae4a-ddf0d13c4c53" 201 - "PUT http://172.20.0.100:6001/d1/631/AUTH_70c830e2e6e44c7fbd49e14db2a2eaea/gnocchi.8529f6fb-6992-47ba-ae4a-ddf0d13c4c53" "tx6be7494b4d4e45baa98e3-006925cf46" "container-server 17" 0.0048 "-" 23 0
Nov 25 15:46:14 standalone container-server[127745]: 172.20.0.100 - - [25/Nov/2025:15:46:14 +0000] "PUT /d1/631/AUTH_70c830e2e6e44c7fbd49e14db2a2eaea/gnocchi.8529f6fb-6992-47ba-ae4a-ddf0d13c4c53" 201 - "PUT http://172.18.0.2:8080/v1/AUTH_70c830e2e6e44c7fbd49e14db2a2eaea/gnocchi.8529f6fb-6992-47ba-ae4a-ddf0d13c4c53" "tx6be7494b4d4e45baa98e3-006925cf46" "proxy-server 20" 0.0167 "-" 17 0
Nov 25 15:46:14 standalone proxy-server[129613]: 172.18.0.2 172.18.0.100 25/Nov/2025/15/46/14 PUT /v1/AUTH_70c830e2e6e44c7fbd49e14db2a2eaea/gnocchi.8529f6fb-6992-47ba-ae4a-ddf0d13c4c53 HTTP/1.0 201 - python-swiftclient-3.11.1 gAAAAABpJc8CrfzC... - - - tx6be7494b4d4e45baa98e3-006925cf46 - 0.0346 - - 1764085574.749126196 1764085574.783753633 0
Nov 25 15:46:14 standalone container-server[127718]: 172.20.0.100 - - [25/Nov/2025:15:46:14 +0000] "HEAD /d1/631/AUTH_70c830e2e6e44c7fbd49e14db2a2eaea/gnocchi.8529f6fb-6992-47ba-ae4a-ddf0d13c4c53" 204 - "HEAD http://172.18.0.2:8080/v1/AUTH_70c830e2e6e44c7fbd49e14db2a2eaea/gnocchi.8529f6fb-6992-47ba-ae4a-ddf0d13c4c53?format=json&states=listing" "tx4d3c6c53955f43e4a9b59-006925cf46" "proxy-server 20" 0.0019 "-" 15 0
Nov 25 15:46:14 standalone proxy-server[129613]: - - 25/Nov/2025/15/46/14 HEAD /v1/AUTH_70c830e2e6e44c7fbd49e14db2a2eaea/gnocchi.8529f6fb-6992-47ba-ae4a-ddf0d13c4c53%3Fformat%3Djson%26states%3Dlisting HTTP/1.0 204 - Swift - - - - tx4d3c6c53955f43e4a9b59-006925cf46 - 0.0091 RL - 1764085574.790982962 1764085574.800119400 0
Nov 25 15:46:14 standalone container-server[127734]: 172.20.0.100 - - [25/Nov/2025:15:46:14 +0000] "GET /d1/631/AUTH_70c830e2e6e44c7fbd49e14db2a2eaea/gnocchi.8529f6fb-6992-47ba-ae4a-ddf0d13c4c53" 200 2 "GET http://172.18.0.2:8080/v1/AUTH_70c830e2e6e44c7fbd49e14db2a2eaea/gnocchi.8529f6fb-6992-47ba-ae4a-ddf0d13c4c53?format=json&states=listing" "tx4d3c6c53955f43e4a9b59-006925cf46" "proxy-server 20" 0.0035 "-" 16 0
Nov 25 15:46:14 standalone proxy-server[129613]: 172.18.0.2 172.18.0.100 25/Nov/2025/15/46/14 GET /v1/AUTH_70c830e2e6e44c7fbd49e14db2a2eaea/gnocchi.8529f6fb-6992-47ba-ae4a-ddf0d13c4c53%3Fformat%3Djson%26states%3Dlisting HTTP/1.0 200 - python-swiftclient-3.11.1 gAAAAABpJc8CrfzC... - 2 - tx4d3c6c53955f43e4a9b59-006925cf46 - 0.0298 - - 1764085574.788849831 1764085574.818691730 0
