Nov 25 15:46:49 standalone account-server[127558]: 172.20.0.100 - - [25/Nov/2025:15:46:49 +0000] "PUT /d1/632/AUTH_70c830e2e6e44c7fbd49e14db2a2eaea/gnocchi.11ada85b-4de0-4a27-8d34-6ba2da05e9d5" 201 - "-" "-" "container-updater 2" 0.0010 "-" 21 0
Nov 25 15:46:49 standalone account-server[127558]: 172.20.0.100 - - [25/Nov/2025:15:46:49 +0000] "PUT /d1/632/AUTH_70c830e2e6e44c7fbd49e14db2a2eaea/gnocchi.fe67b947-6316-46a0-b18f-b3bde1f2442c" 201 - "-" "-" "container-updater 2" 0.0006 "-" 21 0
Nov 25 15:46:50 standalone account-server[127564]: 172.20.0.100 - - [25/Nov/2025:15:46:50 +0000] "PUT /d1/632/AUTH_70c830e2e6e44c7fbd49e14db2a2eaea/gnocchi.fc16502c-7bd2-4711-a4b1-50eb21e3d259" 201 - "-" "-" "container-updater 2" 0.0007 "-" 22 0
Nov 25 15:46:50 standalone container-server[127597]: Container update sweep completed: 1.02s
Nov 25 15:46:59 standalone container-server[127714]: 172.20.0.100 - - [25/Nov/2025:15:46:59 +0000] "HEAD /d1/676/AUTH_70c830e2e6e44c7fbd49e14db2a2eaea/gnocchi.b549749d-43eb-4599-af31-6938efc09279" 404 - "HEAD http://172.18.0.2:8080/v1/AUTH_70c830e2e6e44c7fbd49e14db2a2eaea/gnocchi.b549749d-43eb-4599-af31-6938efc09279?format=json&states=listing" "tx2648571b591741a292008-006925cf73" "proxy-server 20" 0.0006 "-" 14 0
Nov 25 15:46:59 standalone object-server[128013]: 172.20.0.100 - - [25/Nov/2025:15:46:59 +0000] "GET /d1/712/AUTH_70c830e2e6e44c7fbd49e14db2a2eaea/gnocchi.b549749d-43eb-4599-af31-6938efc09279/none_v3" 404 70 "GET http://172.18.0.2:8080/v1/AUTH_70c830e2e6e44c7fbd49e14db2a2eaea/gnocchi.b549749d-43eb-4599-af31-6938efc09279/none_v3" "tx2648571b591741a292008-006925cf73" "proxy-server 20" 0.0009 "-" 25 0
Nov 25 15:46:59 standalone proxy-server[129613]: 172.18.0.2 172.18.0.100 25/Nov/2025/15/46/59 GET /v1/AUTH_70c830e2e6e44c7fbd49e14db2a2eaea/gnocchi.b549749d-43eb-4599-af31-6938efc09279/none_v3 HTTP/1.0 404 - python-swiftclient-3.11.1 gAAAAABpJc8CrfzC... - 70 - tx2648571b591741a292008-006925cf73 - 0.0119 - - 1764085619.546050072 1764085619.557917833 0
Nov 25 15:46:59 standalone account-server[127558]: 172.20.0.100 - - [25/Nov/2025:15:46:59 +0000] "PUT /d1/632/AUTH_70c830e2e6e44c7fbd49e14db2a2eaea/gnocchi.b549749d-43eb-4599-af31-6938efc09279" 201 - "PUT http://172.20.0.100:6001/d1/676/AUTH_70c830e2e6e44c7fbd49e14db2a2eaea/gnocchi.b549749d-43eb-4599-af31-6938efc09279" "txcf4beddc89584462a5e98-006925cf73" "container-server 17" 0.0059 "-" 21 0
Nov 25 15:46:59 standalone container-server[127745]: 172.20.0.100 - - [25/Nov/2025:15:46:59 +0000] "PUT /d1/676/AUTH_70c830e2e6e44c7fbd49e14db2a2eaea/gnocchi.b549749d-43eb-4599-af31-6938efc09279" 201 - "PUT http://172.18.0.2:8080/v1/AUTH_70c830e2e6e44c7fbd49e14db2a2eaea/gnocchi.b549749d-43eb-4599-af31-6938efc09279" "txcf4beddc89584462a5e98-006925cf73" "proxy-server 20" 0.0163 "-" 17 0
Nov 25 15:46:59 standalone proxy-server[129613]: 172.18.0.2 172.18.0.100 25/Nov/2025/15/46/59 PUT /v1/AUTH_70c830e2e6e44c7fbd49e14db2a2eaea/gnocchi.b549749d-43eb-4599-af31-6938efc09279 HTTP/1.0 201 - python-swiftclient-3.11.1 gAAAAABpJc8CrfzC... - - - txcf4beddc89584462a5e98-006925cf73 - 0.0213 - - 1764085619.562543392 1764085619.583872795 0
Nov 25 15:46:59 standalone container-server[127714]: 172.20.0.100 - - [25/Nov/2025:15:46:59 +0000] "HEAD /d1/676/AUTH_70c830e2e6e44c7fbd49e14db2a2eaea/gnocchi.b549749d-43eb-4599-af31-6938efc09279" 204 - "HEAD http://172.18.0.2:8080/v1/AUTH_70c830e2e6e44c7fbd49e14db2a2eaea/gnocchi.b549749d-43eb-4599-af31-6938efc09279?format=json&states=listing" "txbad20b80b1054c6d9d3a6-006925cf73" "proxy-server 20" 0.0012 "-" 14 0
Nov 25 15:46:59 standalone proxy-server[129613]: - - 25/Nov/2025/15/46/59 HEAD /v1/AUTH_70c830e2e6e44c7fbd49e14db2a2eaea/gnocchi.b549749d-43eb-4599-af31-6938efc09279%3Fformat%3Djson%26states%3Dlisting HTTP/1.0 204 - Swift - - - - txbad20b80b1054c6d9d3a6-006925cf73 - 0.0049 RL - 1764085619.589493036 1764085619.594348192 0
Nov 25 15:46:59 standalone container-server[127714]: 172.20.0.100 - - [25/Nov/2025:15:46:59 +0000] "GET /d1/676/AUTH_70c830e2e6e44c7fbd49e14db2a2eaea/gnocchi.b549749d-43eb-4599-af31-6938efc09279" 200 2 "GET http://172.18.0.2:8080/v1/AUTH_70c830e2e6e44c7fbd49e14db2a2eaea/gnocchi.b549749d-43eb-4599-af31-6938efc09279?format=json&states=listing" "txbad20b80b1054c6d9d3a6-006925cf73" "proxy-server 20" 0.0014 "-" 14 0
Nov 25 15:46:59 standalone proxy-server[129613]: 172.18.0.2 172.18.0.100 25/Nov/2025/15/46/59 GET /v1/AUTH_70c830e2e6e44c7fbd49e14db2a2eaea/gnocchi.b549749d-43eb-4599-af31-6938efc09279%3Fformat%3Djson%26states%3Dlisting HTTP/1.0 200 - python-swiftclient-3.11.1 gAAAAABpJc8CrfzC... - 2 - txbad20b80b1054c6d9d3a6-006925cf73 - 0.0120 - - 1764085619.588370323 1764085619.600346327 0
Nov 25 15:46:59 standalone object-server[128011]: 172.20.0.100 - - [25/Nov/2025:15:46:59 +0000] "GET /d1/285/AUTH_70c830e2e6e44c7fbd49e14db2a2eaea/gnocchi.b549749d-43eb-4599-af31-6938efc09279/1763640000.0_mean_300.0_v3" 404 70 "GET http://172.18.0.2:8080/v1/AUTH_70c830e2e6e44c7fbd49e14db2a2eaea/gnocchi.b549749d-43eb-4599-af31-6938efc09279/1763640000.0_mean_300.0_v3" "tx362806c0717240bfa7a6b-006925cf73" "proxy-server 20" 0.0018 "-" 23 0
Nov 25 15:46:59 standalone proxy-server[129613]: 172.18.0.2 172.18.0.100 25/Nov/2025/15/46/59 GET /v1/AUTH_70c830e2e6e44c7fbd49e14db2a2eaea/gnocchi.b549749d-43eb-4599-af31-6938efc09279/1763640000.0_mean_300.0_v3 HTTP/1.0 404 - python-swiftclient-3.11.1 gAAAAABpJc8CrfzC... - 70 - tx362806c0717240bfa7a6b-006925cf73 - 0.0089 - - 1764085619.606509924 1764085619.615387678 0
Nov 25 15:46:59 standalone container-server[127714]: 172.20.0.100 - - [25/Nov/2025:15:46:59 +0000] "PUT /d1/676/AUTH_70c830e2e6e44c7fbd49e14db2a2eaea/gnocchi.b549749d-43eb-4599-af31-6938efc09279/1763640000.0_mean_300.0_v3" 201 - "PUT http://172.18.0.2:8080/d1/285/AUTH_70c830e2e6e44c7fbd49e14db2a2eaea/gnocchi.b549749d-43eb-4599-af31-6938efc09279/1763640000.0_mean_300.0_v3" "tx9816494ade3e4d3282c33-006925cf73" "object-server 24" 0.0011 "-" 14 0
Nov 25 15:46:59 standalone object-server[128012]: 172.20.0.100 - - [25/Nov/2025:15:46:59 +0000] "PUT /d1/285/AUTH_70c830e2e6e44c7fbd49e14db2a2eaea/gnocchi.b549749d-43eb-4599-af31-6938efc09279/1763640000.0_mean_300.0_v3" 201 - "PUT http://172.18.0.2:8080/v1/AUTH_70c830e2e6e44c7fbd49e14db2a2eaea/gnocchi.b549749d-43eb-4599-af31-6938efc09279/1763640000.0_mean_300.0_v3" "tx9816494ade3e4d3282c33-006925cf73" "proxy-server 20" 0.0125 "-" 24 0
Nov 25 15:46:59 standalone proxy-server[129613]: 172.18.0.2 172.18.0.100 25/Nov/2025/15/46/59 PUT /v1/AUTH_70c830e2e6e44c7fbd49e14db2a2eaea/gnocchi.b549749d-43eb-4599-af31-6938efc09279/1763640000.0_mean_300.0_v3 HTTP/1.0 201 - python-swiftclient-3.11.1 gAAAAABpJc8CrfzC... 16 - - tx9816494ade3e4d3282c33-006925cf73 - 0.0225 - - 1764085619.620373726 1764085619.642875195 0
Nov 25 15:46:59 standalone container-server[127718]: 172.20.0.100 - - [25/Nov/2025:15:46:59 +0000] "PUT /d1/676/AUTH_70c830e2e6e44c7fbd49e14db2a2eaea/gnocchi.b549749d-43eb-4599-af31-6938efc09279/none_v3" 201 - "PUT http://172.18.0.2:8080/d1/712/AUTH_70c830e2e6e44c7fbd49e14db2a2eaea/gnocchi.b549749d-43eb-4599-af31-6938efc09279/none_v3" "tx351b2801d35745b087ac5-006925cf73" "object-server 24" 0.0005 "-" 15 0
Nov 25 15:46:59 standalone object-server[128012]: 172.20.0.100 - - [25/Nov/2025:15:46:59 +0000] "PUT /d1/712/AUTH_70c830e2e6e44c7fbd49e14db2a2eaea/gnocchi.b549749d-43eb-4599-af31-6938efc09279/none_v3" 201 - "PUT http://172.18.0.2:8080/v1/AUTH_70c830e2e6e44c7fbd49e14db2a2eaea/gnocchi.b549749d-43eb-4599-af31-6938efc09279/none_v3" "tx351b2801d35745b087ac5-006925cf73" "proxy-server 20" 0.0091 "-" 24 0
Nov 25 15:46:59 standalone proxy-server[129613]: 172.18.0.2 172.18.0.100 25/Nov/2025/15/46/59 PUT /v1/AUTH_70c830e2e6e44c7fbd49e14db2a2eaea/gnocchi.b549749d-43eb-4599-af31-6938efc09279/none_v3 HTTP/1.0 201 - python-swiftclient-3.11.1 gAAAAABpJc8CrfzC... 22 - - tx351b2801d35745b087ac5-006925cf73 - 0.0147 - - 1764085619.646433830 1764085619.661165476 0
Nov 25 15:46:59 standalone object-server[128013]: 172.20.0.100 - - [25/Nov/2025:15:46:59 +0000] "GET /d1/712/AUTH_70c830e2e6e44c7fbd49e14db2a2eaea/gnocchi.b549749d-43eb-4599-af31-6938efc09279/none_v3" 200 22 "GET http://172.18.0.2:8080/v1/AUTH_70c830e2e6e44c7fbd49e14db2a2eaea/gnocchi.b549749d-43eb-4599-af31-6938efc09279/none_v3" "tx77edb031d39f4f2da9bd2-006925cf73" "proxy-server 20" 0.0008 "-" 25 0
Nov 25 15:46:59 standalone proxy-server[129613]: 172.18.0.2 172.18.0.100 25/Nov/2025/15/46/59 GET /v1/AUTH_70c830e2e6e44c7fbd49e14db2a2eaea/gnocchi.b549749d-43eb-4599-af31-6938efc09279/none_v3 HTTP/1.0 200 - python-swiftclient-3.11.1 gAAAAABpJc8CrfzC... - 22 - tx77edb031d39f4f2da9bd2-006925cf73 - 0.0097 - - 1764085619.786936045 1764085619.796625137 0
Nov 25 15:46:59 standalone container-server[127714]: 172.20.0.100 - - [25/Nov/2025:15:46:59 +0000] "GET /d1/676/AUTH_70c830e2e6e44c7fbd49e14db2a2eaea/gnocchi.b549749d-43eb-4599-af31-6938efc09279" 200 357 "GET http://172.18.0.2:8080/v1/AUTH_70c830e2e6e44c7fbd49e14db2a2eaea/gnocchi.b549749d-43eb-4599-af31-6938efc09279?format=json&states=listing" "tx444fdb9a635b4194b7b8b-006925cf73" "proxy-server 20" 0.0231 "-" 14 0
Nov 25 15:46:59 standalone proxy-server[129613]: 172.18.0.2 172.18.0.100 25/Nov/2025/15/46/59 GET /v1/AUTH_70c830e2e6e44c7fbd49e14db2a2eaea/gnocchi.b549749d-43eb-4599-af31-6938efc09279%3Fformat%3Djson%26states%3Dlisting HTTP/1.0 200 - python-swiftclient-3.11.1 gAAAAABpJc8CrfzC... - 357 - tx444fdb9a635b4194b7b8b-006925cf73 - 0.0316 - - 1764085619.800837517 1764085619.832420111 0
Nov 25 15:46:59 standalone container-server[127714]: 172.20.0.100 - - [25/Nov/2025:15:46:59 +0000] "GET /d1/676/AUTH_70c830e2e6e44c7fbd49e14db2a2eaea/gnocchi.b549749d-43eb-4599-af31-6938efc09279" 200 2 "GET http://172.18.0.2:8080/v1/AUTH_70c830e2e6e44c7fbd49e14db2a2eaea/gnocchi.b549749d-43eb-4599-af31-6938efc09279?format=json&marker=none_v3&states=listing" "tx1f0ba9fe447e4c75a261d-006925cf73" "proxy-server 20" 0.0017 "-" 14 0
Nov 25 15:46:59 standalone proxy-server[129613]: 172.18.0.2 172.18.0.100 25/Nov/2025/15/46/59 GET /v1/AUTH_70c830e2e6e44c7fbd49e14db2a2eaea/gnocchi.b549749d-43eb-4599-af31-6938efc09279%3Fformat%3Djson%26marker%3Dnone_v3%26states%3Dlisting HTTP/1.0 200 - python-swiftclient-3.11.1 gAAAAABpJc8CrfzC... - 2 - tx1f0ba9fe447e4c75a261d-006925cf73 - 0.0077 - - 1764085619.835061550 1764085619.842775106 0
Nov 25 15:46:59 standalone object-server[128013]: 172.20.0.100 - - [25/Nov/2025:15:46:59 +0000] "GET /d1/285/AUTH_70c830e2e6e44c7fbd49e14db2a2eaea/gnocchi.b549749d-43eb-4599-af31-6938efc09279/1763640000.0_mean_300.0_v3" 200 16 "GET http://172.18.0.2:8080/v1/AUTH_70c830e2e6e44c7fbd49e14db2a2eaea/gnocchi.b549749d-43eb-4599-af31-6938efc09279/1763640000.0_mean_300.0_v3" "tx29898d5f51f4472a877f1-006925cf73" "proxy-server 20" 0.0006 "-" 25 0
Nov 25 15:46:59 standalone proxy-server[129613]: 172.18.0.2 172.18.0.100 25/Nov/2025/15/46/59 GET /v1/AUTH_70c830e2e6e44c7fbd49e14db2a2eaea/gnocchi.b549749d-43eb-4599-af31-6938efc09279/1763640000.0_mean_300.0_v3 HTTP/1.0 200 - python-swiftclient-3.11.1 gAAAAABpJc8CrfzC... - 16 - tx29898d5f51f4472a877f1-006925cf73 - 0.0060 - - 1764085619.845836639 1764085619.851823330 0
Nov 25 15:46:59 standalone container-server[127745]: 172.20.0.100 - - [25/Nov/2025:15:46:59 +0000] "PUT /d1/676/AUTH_70c830e2e6e44c7fbd49e14db2a2eaea/gnocchi.b549749d-43eb-4599-af31-6938efc09279/1763640000.0_mean_300.0_v3" 201 - "PUT http://172.18.0.2:8080/d1/285/AUTH_70c830e2e6e44c7fbd49e14db2a2eaea/gnocchi.b549749d-43eb-4599-af31-6938efc09279/1763640000.0_mean_300.0_v3" "tx16dd450f5f8546b7a16d6-006925cf73" "object-server 23" 0.0006 "-" 17 0
Nov 25 15:46:59 standalone object-server[128011]: 172.20.0.100 - - [25/Nov/2025:15:46:59 +0000] "PUT /d1/285/AUTH_70c830e2e6e44c7fbd49e14db2a2eaea/gnocchi.b549749d-43eb-4599-af31-6938efc09279/1763640000.0_mean_300.0_v3" 201 - "PUT http://172.18.0.2:8080/v1/AUTH_70c830e2e6e44c7fbd49e14db2a2eaea/gnocchi.b549749d-43eb-4599-af31-6938efc09279/1763640000.0_mean_300.0_v3" "tx16dd450f5f8546b7a16d6-006925cf73" "proxy-server 20" 0.0087 "-" 23 0
Nov 25 15:46:59 standalone proxy-server[129613]: 172.18.0.2 172.18.0.100 25/Nov/2025/15/46/59 PUT /v1/AUTH_70c830e2e6e44c7fbd49e14db2a2eaea/gnocchi.b549749d-43eb-4599-af31-6938efc09279/1763640000.0_mean_300.0_v3 HTTP/1.0 201 - python-swiftclient-3.11.1 gAAAAABpJc8CrfzC... 16 - - tx16dd450f5f8546b7a16d6-006925cf73 - 0.0135 - - 1764085619.854212284 1764085619.867697239 0
Nov 25 15:46:59 standalone container-server[127714]: 172.20.0.100 - - [25/Nov/2025:15:46:59 +0000] "PUT /d1/676/AUTH_70c830e2e6e44c7fbd49e14db2a2eaea/gnocchi.b549749d-43eb-4599-af31-6938efc09279/none_v3" 201 - "PUT http://172.18.0.2:8080/d1/712/AUTH_70c830e2e6e44c7fbd49e14db2a2eaea/gnocchi.b549749d-43eb-4599-af31-6938efc09279/none_v3" "txa88c746a36a348aba2655-006925cf73" "object-server 23" 0.0005 "-" 14 0
Nov 25 15:46:59 standalone object-server[128011]: 172.20.0.100 - - [25/Nov/2025:15:46:59 +0000] "PUT /d1/712/AUTH_70c830e2e6e44c7fbd49e14db2a2eaea/gnocchi.b549749d-43eb-4599-af31-6938efc09279/none_v3" 201 - "PUT http://172.18.0.2:8080/v1/AUTH_70c830e2e6e44c7fbd49e14db2a2eaea/gnocchi.b549749d-43eb-4599-af31-6938efc09279/none_v3" "txa88c746a36a348aba2655-006925cf73" "proxy-server 20" 0.0074 "-" 23 0
Nov 25 15:46:59 standalone proxy-server[129613]: 172.18.0.2 172.18.0.100 25/Nov/2025/15/46/59 PUT /v1/AUTH_70c830e2e6e44c7fbd49e14db2a2eaea/gnocchi.b549749d-43eb-4599-af31-6938efc09279/none_v3 HTTP/1.0 201 - python-swiftclient-3.11.1 gAAAAABpJc8CrfzC... 31 - - txa88c746a36a348aba2655-006925cf73 - 0.0118 - - 1764085619.870112181 1764085619.881886244 0
Nov 25 15:47:08 standalone account-server[127556]: 172.20.0.100 - - [25/Nov/2025:15:47:08 +0000] "HEAD /d1/632/AUTH_70c830e2e6e44c7fbd49e14db2a2eaea" 204 - "HEAD http://172.18.0.2:8080/v1/AUTH_70c830e2e6e44c7fbd49e14db2a2eaea?format=json" "txd798c865dca740a29dc87-006925cf7c" "proxy-server 20" 0.0054 "-" 20 -
Nov 25 15:47:08 standalone proxy-server[129613]: - - 25/Nov/2025/15/47/08 HEAD /v1/AUTH_70c830e2e6e44c7fbd49e14db2a2eaea%3Fformat%3Djson HTTP/1.0 204 - Swift - - - - txd798c865dca740a29dc87-006925cf7c - 0.0096 RL - 1764085628.848862171 1764085628.858499765 -
Nov 25 15:47:08 standalone object-server[128013]: 172.20.0.100 - - [25/Nov/2025:15:47:08 +0000] "GET /d1/497/AUTH_70c830e2e6e44c7fbd49e14db2a2eaea/gnocchi.820b6468-fac6-4fa5-a55a-a9d97a78fddf/none_v3" 200 31 "GET http://172.18.0.2:8080/v1/AUTH_70c830e2e6e44c7fbd49e14db2a2eaea/gnocchi.820b6468-fac6-4fa5-a55a-a9d97a78fddf/none_v3" "txd798c865dca740a29dc87-006925cf7c" "proxy-server 20" 0.0014 "-" 25 0
Nov 25 15:47:08 standalone proxy-server[129613]: 172.18.0.2 172.18.0.100 25/Nov/2025/15/47/08 GET /v1/AUTH_70c830e2e6e44c7fbd49e14db2a2eaea/gnocchi.820b6468-fac6-4fa5-a55a-a9d97a78fddf/none_v3 HTTP/1.0 200 - python-swiftclient-3.11.1 gAAAAABpJc8CrfzC... - 31 - txd798c865dca740a29dc87-006925cf7c - 0.0184 - - 1764085628.848045111 1764085628.866444111 0
Nov 25 15:47:08 standalone container-server[127745]: 172.20.0.100 - - [25/Nov/2025:15:47:08 +0000] "GET /d1/259/AUTH_70c830e2e6e44c7fbd49e14db2a2eaea/gnocchi.820b6468-fac6-4fa5-a55a-a9d97a78fddf" 200 357 "GET http://172.18.0.2:8080/v1/AUTH_70c830e2e6e44c7fbd49e14db2a2eaea/gnocchi.820b6468-fac6-4fa5-a55a-a9d97a78fddf?format=json&states=listing" "txd70b0a9d8286471fad6ab-006925cf7c" "proxy-server 20" 0.0023 "-" 17 0
Nov 25 15:47:08 standalone proxy-server[129613]: 172.18.0.2 172.18.0.100 25/Nov/2025/15/47/08 GET /v1/AUTH_70c830e2e6e44c7fbd49e14db2a2eaea/gnocchi.820b6468-fac6-4fa5-a55a-a9d97a78fddf%3Fformat%3Djson%26states%3Dlisting HTTP/1.0 200 - python-swiftclient-3.11.1 gAAAAABpJc8CrfzC... - 357 - txd70b0a9d8286471fad6ab-006925cf7c - 0.0084 - - 1764085628.872094393 1764085628.880472898 0
Nov 25 15:47:08 standalone container-server[127734]: 172.20.0.100 - - [25/Nov/2025:15:47:08 +0000] "GET /d1/259/AUTH_70c830e2e6e44c7fbd49e14db2a2eaea/gnocchi.820b6468-fac6-4fa5-a55a-a9d97a78fddf" 200 2 "GET http://172.18.0.2:8080/v1/AUTH_70c830e2e6e44c7fbd49e14db2a2eaea/gnocchi.820b6468-fac6-4fa5-a55a-a9d97a78fddf?format=json&marker=none_v3&states=listing" "txd2a91a9883ae467895a19-006925cf7c" "proxy-server 20" 0.0026 "-" 16 0
Nov 25 15:47:08 standalone proxy-server[129613]: 172.18.0.2 172.18.0.100 25/Nov/2025/15/47/08 GET /v1/AUTH_70c830e2e6e44c7fbd49e14db2a2eaea/gnocchi.820b6468-fac6-4fa5-a55a-a9d97a78fddf%3Fformat%3Djson%26marker%3Dnone_v3%26states%3Dlisting HTTP/1.0 200 - python-swiftclient-3.11.1 gAAAAABpJc8CrfzC... - 2 - txd2a91a9883ae467895a19-006925cf7c - 0.0091 - - 1764085628.883714199 1764085628.892852068 0
Nov 25 15:47:08 standalone object-server[128011]: 172.20.0.100 - - [25/Nov/2025:15:47:08 +0000] "GET /d1/188/AUTH_70c830e2e6e44c7fbd49e14db2a2eaea/gnocchi.820b6468-fac6-4fa5-a55a-a9d97a78fddf/1763640000.0_mean_300.0_v3" 200 16 "GET http://172.18.0.2:8080/v1/AUTH_70c830e2e6e44c7fbd49e14db2a2eaea/gnocchi.820b6468-fac6-4fa5-a55a-a9d97a78fddf/1763640000.0_mean_300.0_v3" "tx22208f7cc57c42409ff72-006925cf7c" "proxy-server 20" 0.0010 "-" 23 0
Nov 25 15:47:08 standalone proxy-server[129613]: 172.18.0.2 172.18.0.100 25/Nov/2025/15/47/08 GET /v1/AUTH_70c830e2e6e44c7fbd49e14db2a2eaea/gnocchi.820b6468-fac6-4fa5-a55a-a9d97a78fddf/1763640000.0_mean_300.0_v3 HTTP/1.0 200 - python-swiftclient-3.11.1 gAAAAABpJc8CrfzC... - 16 - tx22208f7cc57c42409ff72-006925cf7c - 0.0080 - - 1764085628.897590160 1764085628.905627251 0
Nov 25 15:47:08 standalone container-server[127745]: 172.20.0.100 - - [25/Nov/2025:15:47:08 +0000] "PUT /d1/259/AUTH_70c830e2e6e44c7fbd49e14db2a2eaea/gnocchi.820b6468-fac6-4fa5-a55a-a9d97a78fddf/1763640000.0_mean_300.0_v3" 201 - "PUT http://172.18.0.2:8080/d1/188/AUTH_70c830e2e6e44c7fbd49e14db2a2eaea/gnocchi.820b6468-fac6-4fa5-a55a-a9d97a78fddf/1763640000.0_mean_300.0_v3" "tx3f90307e42684670a350e-006925cf7c" "object-server 22" 0.0006 "-" 17 0
Nov 25 15:47:08 standalone object-server[128010]: 172.20.0.100 - - [25/Nov/2025:15:47:08 +0000] "PUT /d1/188/AUTH_70c830e2e6e44c7fbd49e14db2a2eaea/gnocchi.820b6468-fac6-4fa5-a55a-a9d97a78fddf/1763640000.0_mean_300.0_v3" 201 - "PUT http://172.18.0.2:8080/v1/AUTH_70c830e2e6e44c7fbd49e14db2a2eaea/gnocchi.820b6468-fac6-4fa5-a55a-a9d97a78fddf/1763640000.0_mean_300.0_v3" "tx3f90307e42684670a350e-006925cf7c" "proxy-server 20" 0.0126 "-" 22 0
Nov 25 15:47:08 standalone proxy-server[129613]: 172.18.0.2 172.18.0.100 25/Nov/2025/15/47/08 PUT /v1/AUTH_70c830e2e6e44c7fbd49e14db2a2eaea/gnocchi.820b6468-fac6-4fa5-a55a-a9d97a78fddf/1763640000.0_mean_300.0_v3 HTTP/1.0 201 - python-swiftclient-3.11.1 gAAAAABpJc8CrfzC... 16 - - tx3f90307e42684670a350e-006925cf7c - 0.0209 - - 1764085628.910009861 1764085628.930958033 0
Nov 25 15:47:08 standalone container-server[127714]: 172.20.0.100 - - [25/Nov/2025:15:47:08 +0000] "PUT /d1/259/AUTH_70c830e2e6e44c7fbd49e14db2a2eaea/gnocchi.820b6468-fac6-4fa5-a55a-a9d97a78fddf/none_v3" 201 - "PUT http://172.18.0.2:8080/d1/497/AUTH_70c830e2e6e44c7fbd49e14db2a2eaea/gnocchi.820b6468-fac6-4fa5-a55a-a9d97a78fddf/none_v3" "tx08267669b0384d3ba0d47-006925cf7c" "object-server 25" 0.0009 "-" 14 0
Nov 25 15:47:08 standalone object-server[128013]: 172.20.0.100 - - [25/Nov/2025:15:47:08 +0000] "PUT /d1/497/AUTH_70c830e2e6e44c7fbd49e14db2a2eaea/gnocchi.820b6468-fac6-4fa5-a55a-a9d97a78fddf/none_v3" 201 - "PUT http://172.18.0.2:8080/v1/AUTH_70c830e2e6e44c7fbd49e14db2a2eaea/gnocchi.820b6468-fac6-4fa5-a55a-a9d97a78fddf/none_v3" "tx08267669b0384d3ba0d47-006925cf7c" "proxy-server 20" 0.0181 "-" 25 0
Nov 25 15:47:08 standalone proxy-server[129613]: 172.18.0.2 172.18.0.100 25/Nov/2025/15/47/08 PUT /v1/AUTH_70c830e2e6e44c7fbd49e14db2a2eaea/gnocchi.820b6468-fac6-4fa5-a55a-a9d97a78fddf/none_v3 HTTP/1.0 201 - python-swiftclient-3.11.1 gAAAAABpJc8CrfzC... 46 - - tx08267669b0384d3ba0d47-006925cf7c - 0.0254 - - 1764085628.934782267 1764085628.960133791 0
Nov 25 15:47:09 standalone object-server[128013]: 172.20.0.100 - - [25/Nov/2025:15:47:09 +0000] "GET /d1/497/AUTH_70c830e2e6e44c7fbd49e14db2a2eaea/gnocchi.820b6468-fac6-4fa5-a55a-a9d97a78fddf/none_v3" 200 46 "GET http://172.18.0.2:8080/v1/AUTH_70c830e2e6e44c7fbd49e14db2a2eaea/gnocchi.820b6468-fac6-4fa5-a55a-a9d97a78fddf/none_v3" "tx02b49469355149da9ded4-006925cf7d" "proxy-server 20" 0.0009 "-" 25 0
Nov 25 15:47:09 standalone proxy-server[129613]: 172.18.0.2 172.18.0.100 25/Nov/2025/15/47/09 GET /v1/AUTH_70c830e2e6e44c7fbd49e14db2a2eaea/gnocchi.820b6468-fac6-4fa5-a55a-a9d97a78fddf/none_v3 HTTP/1.0 200 - python-swiftclient-3.11.1 gAAAAABpJc8CrfzC... - 46 - tx02b49469355149da9ded4-006925cf7d - 0.0063 - - 1764085629.771806955 1764085629.778143883 0
Nov 25 15:47:09 standalone container-server[127745]: 172.20.0.100 - - [25/Nov/2025:15:47:09 +0000] "GET /d1/259/AUTH_70c830e2e6e44c7fbd49e14db2a2eaea/gnocchi.820b6468-fac6-4fa5-a55a-a9d97a78fddf" 200 357 "GET http://172.18.0.2:8080/v1/AUTH_70c830e2e6e44c7fbd49e14db2a2eaea/gnocchi.820b6468-fac6-4fa5-a55a-a9d97a78fddf?format=json&states=listing" "tx3be576825b8d4d6e89ff7-006925cf7d" "proxy-server 20" 0.0076 "-" 17 0
Nov 25 15:47:09 standalone proxy-server[129613]: 172.18.0.2 172.18.0.100 25/Nov/2025/15/47/09 GET /v1/AUTH_70c830e2e6e44c7fbd49e14db2a2eaea/gnocchi.820b6468-fac6-4fa5-a55a-a9d97a78fddf%3Fformat%3Djson%26states%3Dlisting HTTP/1.0 200 - python-swiftclient-3.11.1 gAAAAABpJc8CrfzC... - 357 - tx3be576825b8d4d6e89ff7-006925cf7d - 0.0124 - - 1764085629.782296658 1764085629.794711590 0
Nov 25 15:47:09 standalone container-server[127734]: 172.20.0.100 - - [25/Nov/2025:15:47:09 +0000] "GET /d1/259/AUTH_70c830e2e6e44c7fbd49e14db2a2eaea/gnocchi.820b6468-fac6-4fa5-a55a-a9d97a78fddf" 200 2 "GET http://172.18.0.2:8080/v1/AUTH_70c830e2e6e44c7fbd49e14db2a2eaea/gnocchi.820b6468-fac6-4fa5-a55a-a9d97a78fddf?format=json&marker=none_v3&states=listing" "tx68e6737c394c420f966c0-006925cf7d" "proxy-server 20" 0.0041 "-" 16 0
Nov 25 15:47:09 standalone proxy-server[129613]: 172.18.0.2 172.18.0.100 25/Nov/2025/15/47/09 GET /v1/AUTH_70c830e2e6e44c7fbd49e14db2a2eaea/gnocchi.820b6468-fac6-4fa5-a55a-a9d97a78fddf%3Fformat%3Djson%26marker%3Dnone_v3%26states%3Dlisting HTTP/1.0 200 - python-swiftclient-3.11.1 gAAAAABpJc8CrfzC... - 2 - tx68e6737c394c420f966c0-006925cf7d - 0.0125 - - 1764085629.799083948 1764085629.811614037 0
Nov 25 15:47:09 standalone object-server[128013]: 172.20.0.100 - - [25/Nov/2025:15:47:09 +0000] "GET /d1/188/AUTH_70c830e2e6e44c7fbd49e14db2a2eaea/gnocchi.820b6468-fac6-4fa5-a55a-a9d97a78fddf/1763640000.0_mean_300.0_v3" 200 16 "GET http://172.18.0.2:8080/v1/AUTH_70c830e2e6e44c7fbd49e14db2a2eaea/gnocchi.820b6468-fac6-4fa5-a55a-a9d97a78fddf/1763640000.0_mean_300.0_v3" "txca375c55d60940fbb06f7-006925cf7d" "proxy-server 20" 0.0007 "-" 25 0
Nov 25 15:47:09 standalone proxy-server[129613]: 172.18.0.2 172.18.0.100 25/Nov/2025/15/47/09 GET /v1/AUTH_70c830e2e6e44c7fbd49e14db2a2eaea/gnocchi.820b6468-fac6-4fa5-a55a-a9d97a78fddf/1763640000.0_mean_300.0_v3 HTTP/1.0 200 - python-swiftclient-3.11.1 gAAAAABpJc8CrfzC... - 16 - txca375c55d60940fbb06f7-006925cf7d - 0.0052 - - 1764085629.815780640 1764085629.820971251 0
Nov 25 15:47:09 standalone container-server[127734]: 172.20.0.100 - - [25/Nov/2025:15:47:09 +0000] "PUT /d1/259/AUTH_70c830e2e6e44c7fbd49e14db2a2eaea/gnocchi.820b6468-fac6-4fa5-a55a-a9d97a78fddf/1763640000.0_mean_300.0_v3" 201 - "PUT http://172.18.0.2:8080/d1/188/AUTH_70c830e2e6e44c7fbd49e14db2a2eaea/gnocchi.820b6468-fac6-4fa5-a55a-a9d97a78fddf/1763640000.0_mean_300.0_v3" "tx6807ea09f1454e81ae17b-006925cf7d" "object-server 23" 0.0009 "-" 16 0
Nov 25 15:47:09 standalone object-server[128011]: 172.20.0.100 - - [25/Nov/2025:15:47:09 +0000] "PUT /d1/188/AUTH_70c830e2e6e44c7fbd49e14db2a2eaea/gnocchi.820b6468-fac6-4fa5-a55a-a9d97a78fddf/1763640000.0_mean_300.0_v3" 201 - "PUT http://172.18.0.2:8080/v1/AUTH_70c830e2e6e44c7fbd49e14db2a2eaea/gnocchi.820b6468-fac6-4fa5-a55a-a9d97a78fddf/1763640000.0_mean_300.0_v3" "tx6807ea09f1454e81ae17b-006925cf7d" "proxy-server 20" 0.0161 "-" 23 0
Nov 25 15:47:09 standalone proxy-server[129613]: 172.18.0.2 172.18.0.100 25/Nov/2025/15/47/09 PUT /v1/AUTH_70c830e2e6e44c7fbd49e14db2a2eaea/gnocchi.820b6468-fac6-4fa5-a55a-a9d97a78fddf/1763640000.0_mean_300.0_v3 HTTP/1.0 201 - python-swiftclient-3.11.1 gAAAAABpJc8CrfzC... 16 - - tx6807ea09f1454e81ae17b-006925cf7d - 0.0210 - - 1764085629.824202299 1764085629.845165253 0
Nov 25 15:47:09 standalone container-server[127745]: 172.20.0.100 - - [25/Nov/2025:15:47:09 +0000] "PUT /d1/259/AUTH_70c830e2e6e44c7fbd49e14db2a2eaea/gnocchi.820b6468-fac6-4fa5-a55a-a9d97a78fddf/none_v3" 201 - "PUT http://172.18.0.2:8080/d1/497/AUTH_70c830e2e6e44c7fbd49e14db2a2eaea/gnocchi.820b6468-fac6-4fa5-a55a-a9d97a78fddf/none_v3" "txdd3f55e30ac0453a8a1b0-006925cf7d" "object-server 24" 0.0004 "-" 17 0
Nov 25 15:47:09 standalone object-server[128012]: 172.20.0.100 - - [25/Nov/2025:15:47:09 +0000] "PUT /d1/497/AUTH_70c830e2e6e44c7fbd49e14db2a2eaea/gnocchi.820b6468-fac6-4fa5-a55a-a9d97a78fddf/none_v3" 201 - "PUT http://172.18.0.2:8080/v1/AUTH_70c830e2e6e44c7fbd49e14db2a2eaea/gnocchi.820b6468-fac6-4fa5-a55a-a9d97a78fddf/none_v3" "txdd3f55e30ac0453a8a1b0-006925cf7d" "proxy-server 20" 0.0082 "-" 24 0
Nov 25 15:47:09 standalone proxy-server[129613]: 172.18.0.2 172.18.0.100 25/Nov/2025/15/47/09 PUT /v1/AUTH_70c830e2e6e44c7fbd49e14db2a2eaea/gnocchi.820b6468-fac6-4fa5-a55a-a9d97a78fddf/none_v3 HTTP/1.0 201 - python-swiftclient-3.11.1 gAAAAABpJc8CrfzC... 51 - - txdd3f55e30ac0453a8a1b0-006925cf7d - 0.0127 - - 1764085629.849909067 1764085629.862628698 0
Nov 25 15:47:09 standalone object-server[128011]: 172.20.0.100 - - [25/Nov/2025:15:47:09 +0000] "GET /d1/1022/AUTH_70c830e2e6e44c7fbd49e14db2a2eaea/gnocchi.fc16502c-7bd2-4711-a4b1-50eb21e3d259/none_v3" 200 22 "GET http://172.18.0.2:8080/v1/AUTH_70c830e2e6e44c7fbd49e14db2a2eaea/gnocchi.fc16502c-7bd2-4711-a4b1-50eb21e3d259/none_v3" "tx94a9d8a070c3411280c34-006925cf7d" "proxy-server 20" 0.0011 "-" 23 0
Nov 25 15:47:09 standalone proxy-server[129613]: 172.18.0.2 172.18.0.100 25/Nov/2025/15/47/09 GET /v1/AUTH_70c830e2e6e44c7fbd49e14db2a2eaea/gnocchi.fc16502c-7bd2-4711-a4b1-50eb21e3d259/none_v3 HTTP/1.0 200 - python-swiftclient-3.11.1 gAAAAABpJc8CrfzC... - 22 - tx94a9d8a070c3411280c34-006925cf7d - 0.0089 - - 1764085629.874881029 1764085629.883779526 0
Nov 25 15:47:09 standalone container-server[127718]: 172.20.0.100 - - [25/Nov/2025:15:47:09 +0000] "GET /d1/328/AUTH_70c830e2e6e44c7fbd49e14db2a2eaea/gnocchi.fc16502c-7bd2-4711-a4b1-50eb21e3d259" 200 357 "GET http://172.18.0.2:8080/v1/AUTH_70c830e2e6e44c7fbd49e14db2a2eaea/gnocchi.fc16502c-7bd2-4711-a4b1-50eb21e3d259?format=json&states=listing" "txf2b07d8f232f4b57b94b7-006925cf7d" "proxy-server 20" 0.0018 "-" 15 0
Nov 25 15:47:09 standalone proxy-server[129613]: 172.18.0.2 172.18.0.100 25/Nov/2025/15/47/09 GET /v1/AUTH_70c830e2e6e44c7fbd49e14db2a2eaea/gnocchi.fc16502c-7bd2-4711-a4b1-50eb21e3d259%3Fformat%3Djson%26states%3Dlisting HTTP/1.0 200 - python-swiftclient-3.11.1 gAAAAABpJc8CrfzC... - 357 - txf2b07d8f232f4b57b94b7-006925cf7d - 0.0057 - - 1764085629.887800694 1764085629.893544436 0
Nov 25 15:47:09 standalone container-server[127714]: 172.20.0.100 - - [25/Nov/2025:15:47:09 +0000] "GET /d1/328/AUTH_70c830e2e6e44c7fbd49e14db2a2eaea/gnocchi.fc16502c-7bd2-4711-a4b1-50eb21e3d259" 200 2 "GET http://172.18.0.2:8080/v1/AUTH_70c830e2e6e44c7fbd49e14db2a2eaea/gnocchi.fc16502c-7bd2-4711-a4b1-50eb21e3d259?format=json&marker=none_v3&states=listing" "txf0970c110aa1438c9cff6-006925cf7d" "proxy-server 20" 0.0036 "-" 14 0
Nov 25 15:47:09 standalone proxy-server[129613]: 172.18.0.2 172.18.0.100 25/Nov/2025/15/47/09 GET /v1/AUTH_70c830e2e6e44c7fbd49e14db2a2eaea/gnocchi.fc16502c-7bd2-4711-a4b1-50eb21e3d259%3Fformat%3Djson%26marker%3Dnone_v3%26states%3Dlisting HTTP/1.0 200 - python-swiftclient-3.11.1 gAAAAABpJc8CrfzC... - 2 - txf0970c110aa1438c9cff6-006925cf7d - 0.0084 - - 1764085629.896682978 1764085629.905127287 0
Nov 25 15:47:09 standalone object-server[128011]: 172.20.0.100 - - [25/Nov/2025:15:47:09 +0000] "GET /d1/786/AUTH_70c830e2e6e44c7fbd49e14db2a2eaea/gnocchi.fc16502c-7bd2-4711-a4b1-50eb21e3d259/1763640000.0_mean_300.0_v3" 200 16 "GET http://172.18.0.2:8080/v1/AUTH_70c830e2e6e44c7fbd49e14db2a2eaea/gnocchi.fc16502c-7bd2-4711-a4b1-50eb21e3d259/1763640000.0_mean_300.0_v3" "txaf5ccb4a79114a2ab2aca-006925cf7d" "proxy-server 20" 0.0008 "-" 23 0
Nov 25 15:47:09 standalone proxy-server[129613]: 172.18.0.2 172.18.0.100 25/Nov/2025/15/47/09 GET /v1/AUTH_70c830e2e6e44c7fbd49e14db2a2eaea/gnocchi.fc16502c-7bd2-4711-a4b1-50eb21e3d259/1763640000.0_mean_300.0_v3 HTTP/1.0 200 - python-swiftclient-3.11.1 gAAAAABpJc8CrfzC... - 16 - txaf5ccb4a79114a2ab2aca-006925cf7d - 0.0047 - - 1764085629.908625603 1764085629.913358688 0
Nov 25 15:47:09 standalone container-server[127745]: 172.20.0.100 - - [25/Nov/2025:15:47:09 +0000] "PUT /d1/328/AUTH_70c830e2e6e44c7fbd49e14db2a2eaea/gnocchi.fc16502c-7bd2-4711-a4b1-50eb21e3d259/1763640000.0_mean_300.0_v3" 201 - "PUT http://172.18.0.2:8080/d1/786/AUTH_70c830e2e6e44c7fbd49e14db2a2eaea/gnocchi.fc16502c-7bd2-4711-a4b1-50eb21e3d259/1763640000.0_mean_300.0_v3" "tx750e9867d1974105886c9-006925cf7d" "object-server 25" 0.0009 "-" 17 0
Nov 25 15:47:09 standalone object-server[128013]: 172.20.0.100 - - [25/Nov/2025:15:47:09 +0000] "PUT /d1/786/AUTH_70c830e2e6e44c7fbd49e14db2a2eaea/gnocchi.fc16502c-7bd2-4711-a4b1-50eb21e3d259/1763640000.0_mean_300.0_v3" 201 - "PUT http://172.18.0.2:8080/v1/AUTH_70c830e2e6e44c7fbd49e14db2a2eaea/gnocchi.fc16502c-7bd2-4711-a4b1-50eb21e3d259/1763640000.0_mean_300.0_v3" "tx750e9867d1974105886c9-006925cf7d" "proxy-server 20" 0.0088 "-" 25 0
Nov 25 15:47:09 standalone proxy-server[129613]: 172.18.0.2 172.18.0.100 25/Nov/2025/15/47/09 PUT /v1/AUTH_70c830e2e6e44c7fbd49e14db2a2eaea/gnocchi.fc16502c-7bd2-4711-a4b1-50eb21e3d259/1763640000.0_mean_300.0_v3 HTTP/1.0 201 - python-swiftclient-3.11.1 gAAAAABpJc8CrfzC... 16 - - tx750e9867d1974105886c9-006925cf7d - 0.0139 - - 1764085629.915610313 1764085629.929484844 0
Nov 25 15:47:09 standalone container-server[127734]: 172.20.0.100 - - [25/Nov/2025:15:47:09 +0000] "PUT /d1/328/AUTH_70c830e2e6e44c7fbd49e14db2a2eaea/gnocchi.fc16502c-7bd2-4711-a4b1-50eb21e3d259/none_v3" 201 - "PUT http://172.18.0.2:8080/d1/1022/AUTH_70c830e2e6e44c7fbd49e14db2a2eaea/gnocchi.fc16502c-7bd2-4711-a4b1-50eb21e3d259/none_v3" "txe35c0dd77d004fc18cb48-006925cf7d" "object-server 22" 0.0009 "-" 16 0
Nov 25 15:47:09 standalone object-server[128010]: 172.20.0.100 - - [25/Nov/2025:15:47:09 +0000] "PUT /d1/1022/AUTH_70c830e2e6e44c7fbd49e14db2a2eaea/gnocchi.fc16502c-7bd2-4711-a4b1-50eb21e3d259/none_v3" 201 - "PUT http://172.18.0.2:8080/v1/AUTH_70c830e2e6e44c7fbd49e14db2a2eaea/gnocchi.fc16502c-7bd2-4711-a4b1-50eb21e3d259/none_v3" "txe35c0dd77d004fc18cb48-006925cf7d" "proxy-server 20" 0.0103 "-" 22 0
Nov 25 15:47:09 standalone proxy-server[129613]: 172.18.0.2 172.18.0.100 25/Nov/2025/15/47/09 PUT /v1/AUTH_70c830e2e6e44c7fbd49e14db2a2eaea/gnocchi.fc16502c-7bd2-4711-a4b1-50eb21e3d259/none_v3 HTTP/1.0 201 - python-swiftclient-3.11.1 gAAAAABpJc8CrfzC... 32 - - txe35c0dd77d004fc18cb48-006925cf7d - 0.0179 - - 1764085629.933525562 1764085629.951378345 0
Nov 25 15:47:09 standalone object-server[128012]: 172.20.0.100 - - [25/Nov/2025:15:47:09 +0000] "GET /d1/498/AUTH_70c830e2e6e44c7fbd49e14db2a2eaea/gnocchi.11ada85b-4de0-4a27-8d34-6ba2da05e9d5/none_v3" 200 22 "GET http://172.18.0.2:8080/v1/AUTH_70c830e2e6e44c7fbd49e14db2a2eaea/gnocchi.11ada85b-4de0-4a27-8d34-6ba2da05e9d5/none_v3" "tx95ea691ab0dc44d7b48f0-006925cf7d" "proxy-server 20" 0.0012 "-" 24 0
Nov 25 15:47:09 standalone proxy-server[129613]: 172.18.0.2 172.18.0.100 25/Nov/2025/15/47/09 GET /v1/AUTH_70c830e2e6e44c7fbd49e14db2a2eaea/gnocchi.11ada85b-4de0-4a27-8d34-6ba2da05e9d5/none_v3 HTTP/1.0 200 - python-swiftclient-3.11.1 gAAAAABpJc8CrfzC... - 22 - tx95ea691ab0dc44d7b48f0-006925cf7d - 0.0102 - - 1764085629.962884665 1764085629.973088980 0
Nov 25 15:47:09 standalone container-server[127745]: 172.20.0.100 - - [25/Nov/2025:15:47:09 +0000] "GET /d1/604/AUTH_70c830e2e6e44c7fbd49e14db2a2eaea/gnocchi.11ada85b-4de0-4a27-8d34-6ba2da05e9d5" 200 357 "GET http://172.18.0.2:8080/v1/AUTH_70c830e2e6e44c7fbd49e14db2a2eaea/gnocchi.11ada85b-4de0-4a27-8d34-6ba2da05e9d5?format=json&states=listing" "tx767a79b5c3504aeba0332-006925cf7d" "proxy-server 20" 0.0040 "-" 17 0
Nov 25 15:47:09 standalone proxy-server[129613]: 172.18.0.2 172.18.0.100 25/Nov/2025/15/47/09 GET /v1/AUTH_70c830e2e6e44c7fbd49e14db2a2eaea/gnocchi.11ada85b-4de0-4a27-8d34-6ba2da05e9d5%3Fformat%3Djson%26states%3Dlisting HTTP/1.0 200 - python-swiftclient-3.11.1 gAAAAABpJc8CrfzC... - 357 - tx767a79b5c3504aeba0332-006925cf7d - 0.0142 - - 1764085629.977873802 1764085629.992070198 0
Nov 25 15:47:10 standalone container-server[127734]: 172.20.0.100 - - [25/Nov/2025:15:47:10 +0000] "GET /d1/604/AUTH_70c830e2e6e44c7fbd49e14db2a2eaea/gnocchi.11ada85b-4de0-4a27-8d34-6ba2da05e9d5" 200 2 "GET http://172.18.0.2:8080/v1/AUTH_70c830e2e6e44c7fbd49e14db2a2eaea/gnocchi.11ada85b-4de0-4a27-8d34-6ba2da05e9d5?format=json&marker=none_v3&states=listing" "txfc535c08cc2e437289f50-006925cf7d" "proxy-server 20" 0.0041 "-" 16 0
Nov 25 15:47:10 standalone proxy-server[129613]: 172.18.0.2 172.18.0.100 25/Nov/2025/15/47/10 GET /v1/AUTH_70c830e2e6e44c7fbd49e14db2a2eaea/gnocchi.11ada85b-4de0-4a27-8d34-6ba2da05e9d5%3Fformat%3Djson%26marker%3Dnone_v3%26states%3Dlisting HTTP/1.0 200 - python-swiftclient-3.11.1 gAAAAABpJc8CrfzC... - 2 - txfc535c08cc2e437289f50-006925cf7d - 0.0141 - - 1764085629.994866371 1764085630.008987188 0
Nov 25 15:47:10 standalone object-server[128012]: 172.20.0.100 - - [25/Nov/2025:15:47:10 +0000] "GET /d1/519/AUTH_70c830e2e6e44c7fbd49e14db2a2eaea/gnocchi.11ada85b-4de0-4a27-8d34-6ba2da05e9d5/1763640000.0_mean_300.0_v3" 200 16 "GET http://172.18.0.2:8080/v1/AUTH_70c830e2e6e44c7fbd49e14db2a2eaea/gnocchi.11ada85b-4de0-4a27-8d34-6ba2da05e9d5/1763640000.0_mean_300.0_v3" "tx18712ef3b6f3490cb624b-006925cf7e" "proxy-server 20" 0.0015 "-" 24 0
Nov 25 15:47:10 standalone proxy-server[129613]: 172.18.0.2 172.18.0.100 25/Nov/2025/15/47/10 GET /v1/AUTH_70c830e2e6e44c7fbd49e14db2a2eaea/gnocchi.11ada85b-4de0-4a27-8d34-6ba2da05e9d5/1763640000.0_mean_300.0_v3 HTTP/1.0 200 - python-swiftclient-3.11.1 gAAAAABpJc8CrfzC... - 16 - tx18712ef3b6f3490cb624b-006925cf7e - 0.0099 - - 1764085630.012040377 1764085630.021965027 0
Nov 25 15:47:10 standalone container-server[127745]: 172.20.0.100 - - [25/Nov/2025:15:47:10 +0000] "PUT /d1/604/AUTH_70c830e2e6e44c7fbd49e14db2a2eaea/gnocchi.11ada85b-4de0-4a27-8d34-6ba2da05e9d5/1763640000.0_mean_300.0_v3" 201 - "PUT http://172.18.0.2:8080/d1/519/AUTH_70c830e2e6e44c7fbd49e14db2a2eaea/gnocchi.11ada85b-4de0-4a27-8d34-6ba2da05e9d5/1763640000.0_mean_300.0_v3" "txe8edb08ba940469f9e501-006925cf7e" "object-server 24" 0.0007 "-" 17 0
Nov 25 15:47:10 standalone object-server[128012]: 172.20.0.100 - - [25/Nov/2025:15:47:10 +0000] "PUT /d1/519/AUTH_70c830e2e6e44c7fbd49e14db2a2eaea/gnocchi.11ada85b-4de0-4a27-8d34-6ba2da05e9d5/1763640000.0_mean_300.0_v3" 201 - "PUT http://172.18.0.2:8080/v1/AUTH_70c830e2e6e44c7fbd49e14db2a2eaea/gnocchi.11ada85b-4de0-4a27-8d34-6ba2da05e9d5/1763640000.0_mean_300.0_v3" "txe8edb08ba940469f9e501-006925cf7e" "proxy-server 20" 0.0117 "-" 24 0
Nov 25 15:47:10 standalone proxy-server[129613]: 172.18.0.2 172.18.0.100 25/Nov/2025/15/47/10 PUT /v1/AUTH_70c830e2e6e44c7fbd49e14db2a2eaea/gnocchi.11ada85b-4de0-4a27-8d34-6ba2da05e9d5/1763640000.0_mean_300.0_v3 HTTP/1.0 201 - python-swiftclient-3.11.1 gAAAAABpJc8CrfzC... 16 - - txe8edb08ba940469f9e501-006925cf7e - 0.0218 - - 1764085630.026663542 1764085630.048475981 0
Nov 25 15:47:10 standalone container-server[127745]: 172.20.0.100 - - [25/Nov/2025:15:47:10 +0000] "PUT /d1/604/AUTH_70c830e2e6e44c7fbd49e14db2a2eaea/gnocchi.11ada85b-4de0-4a27-8d34-6ba2da05e9d5/none_v3" 201 - "PUT http://172.18.0.2:8080/d1/498/AUTH_70c830e2e6e44c7fbd49e14db2a2eaea/gnocchi.11ada85b-4de0-4a27-8d34-6ba2da05e9d5/none_v3" "tx37a25f91005b457bbb99d-006925cf7e" "object-server 24" 0.0007 "-" 17 0
Nov 25 15:47:10 standalone object-server[128012]: 172.20.0.100 - - [25/Nov/2025:15:47:10 +0000] "PUT /d1/498/AUTH_70c830e2e6e44c7fbd49e14db2a2eaea/gnocchi.11ada85b-4de0-4a27-8d34-6ba2da05e9d5/none_v3" 201 - "PUT http://172.18.0.2:8080/v1/AUTH_70c830e2e6e44c7fbd49e14db2a2eaea/gnocchi.11ada85b-4de0-4a27-8d34-6ba2da05e9d5/none_v3" "tx37a25f91005b457bbb99d-006925cf7e" "proxy-server 20" 0.0129 "-" 24 0
Nov 25 15:47:10 standalone proxy-server[129613]: 172.18.0.2 172.18.0.100 25/Nov/2025/15/47/10 PUT /v1/AUTH_70c830e2e6e44c7fbd49e14db2a2eaea/gnocchi.11ada85b-4de0-4a27-8d34-6ba2da05e9d5/none_v3 HTTP/1.0 201 - python-swiftclient-3.11.1 gAAAAABpJc8CrfzC... 32 - - tx37a25f91005b457bbb99d-006925cf7e - 0.0224 - - 1764085630.053791046 1764085630.076198816 0
Nov 25 15:47:10 standalone object-server[128010]: 172.20.0.100 - - [25/Nov/2025:15:47:10 +0000] "GET /d1/437/AUTH_70c830e2e6e44c7fbd49e14db2a2eaea/gnocchi.c70f4d79-2565-47a4-9182-5daa684aeee6/none_v3" 200 22 "GET http://172.18.0.2:8080/v1/AUTH_70c830e2e6e44c7fbd49e14db2a2eaea/gnocchi.c70f4d79-2565-47a4-9182-5daa684aeee6/none_v3" "tx23a8b3fbbc4f4fb58e127-006925cf7e" "proxy-server 20" 0.0011 "-" 22 0
Nov 25 15:47:10 standalone proxy-server[129613]: 172.18.0.2 172.18.0.100 25/Nov/2025/15/47/10 GET /v1/AUTH_70c830e2e6e44c7fbd49e14db2a2eaea/gnocchi.c70f4d79-2565-47a4-9182-5daa684aeee6/none_v3 HTTP/1.0 200 - python-swiftclient-3.11.1 gAAAAABpJc8CrfzC... - 22 - tx23a8b3fbbc4f4fb58e127-006925cf7e - 0.0116 - - 1764085630.089274883 1764085630.100911617 0
Nov 25 15:47:10 standalone container-server[127734]: 172.20.0.100 - - [25/Nov/2025:15:47:10 +0000] "GET /d1/401/AUTH_70c830e2e6e44c7fbd49e14db2a2eaea/gnocchi.c70f4d79-2565-47a4-9182-5daa684aeee6" 200 357 "GET http://172.18.0.2:8080/v1/AUTH_70c830e2e6e44c7fbd49e14db2a2eaea/gnocchi.c70f4d79-2565-47a4-9182-5daa684aeee6?format=json&states=listing" "tx209d3032935c4f94bee5f-006925cf7e" "proxy-server 20" 0.0048 "-" 16 0
Nov 25 15:47:10 standalone proxy-server[129613]: 172.18.0.2 172.18.0.100 25/Nov/2025/15/47/10 GET /v1/AUTH_70c830e2e6e44c7fbd49e14db2a2eaea/gnocchi.c70f4d79-2565-47a4-9182-5daa684aeee6%3Fformat%3Djson%26states%3Dlisting HTTP/1.0 200 - python-swiftclient-3.11.1 gAAAAABpJc8CrfzC... - 357 - tx209d3032935c4f94bee5f-006925cf7e - 0.0164 - - 1764085630.106196404 1764085630.122607470 0
Nov 25 15:47:10 standalone container-server[127714]: 172.20.0.100 - - [25/Nov/2025:15:47:10 +0000] "GET /d1/401/AUTH_70c830e2e6e44c7fbd49e14db2a2eaea/gnocchi.c70f4d79-2565-47a4-9182-5daa684aeee6" 200 2 "GET http://172.18.0.2:8080/v1/AUTH_70c830e2e6e44c7fbd49e14db2a2eaea/gnocchi.c70f4d79-2565-47a4-9182-5daa684aeee6?format=json&marker=none_v3&states=listing" "txe9bcfd4abae24e8c8ebd7-006925cf7e" "proxy-server 20" 0.0037 "-" 14 0
Nov 25 15:47:10 standalone proxy-server[129613]: 172.18.0.2 172.18.0.100 25/Nov/2025/15/47/10 GET /v1/AUTH_70c830e2e6e44c7fbd49e14db2a2eaea/gnocchi.c70f4d79-2565-47a4-9182-5daa684aeee6%3Fformat%3Djson%26marker%3Dnone_v3%26states%3Dlisting HTTP/1.0 200 - python-swiftclient-3.11.1 gAAAAABpJc8CrfzC... - 2 - txe9bcfd4abae24e8c8ebd7-006925cf7e - 0.0132 - - 1764085630.126760721 1764085630.139998913 0
Nov 25 15:47:10 standalone object-server[128012]: 172.20.0.100 - - [25/Nov/2025:15:47:10 +0000] "GET /d1/889/AUTH_70c830e2e6e44c7fbd49e14db2a2eaea/gnocchi.c70f4d79-2565-47a4-9182-5daa684aeee6/1763640000.0_mean_300.0_v3" 200 16 "GET http://172.18.0.2:8080/v1/AUTH_70c830e2e6e44c7fbd49e14db2a2eaea/gnocchi.c70f4d79-2565-47a4-9182-5daa684aeee6/1763640000.0_mean_300.0_v3" "txf3cc5f4cd0944f7caab5f-006925cf7e" "proxy-server 20" 0.0011 "-" 24 0
Nov 25 15:47:10 standalone proxy-server[129613]: 172.18.0.2 172.18.0.100 25/Nov/2025/15/47/10 GET /v1/AUTH_70c830e2e6e44c7fbd49e14db2a2eaea/gnocchi.c70f4d79-2565-47a4-9182-5daa684aeee6/1763640000.0_mean_300.0_v3 HTTP/1.0 200 - python-swiftclient-3.11.1 gAAAAABpJc8CrfzC... - 16 - txf3cc5f4cd0944f7caab5f-006925cf7e - 0.0100 - - 1764085630.146190405 1764085630.156146765 0
Nov 25 15:47:10 standalone container-server[127714]: 172.20.0.100 - - [25/Nov/2025:15:47:10 +0000] "PUT /d1/401/AUTH_70c830e2e6e44c7fbd49e14db2a2eaea/gnocchi.c70f4d79-2565-47a4-9182-5daa684aeee6/1763640000.0_mean_300.0_v3" 201 - "PUT http://172.18.0.2:8080/d1/889/AUTH_70c830e2e6e44c7fbd49e14db2a2eaea/gnocchi.c70f4d79-2565-47a4-9182-5daa684aeee6/1763640000.0_mean_300.0_v3" "tx416d4fa40e21422cbde9d-006925cf7e" "object-server 24" 0.0009 "-" 14 0
Nov 25 15:47:10 standalone object-server[128012]: 172.20.0.100 - - [25/Nov/2025:15:47:10 +0000] "PUT /d1/889/AUTH_70c830e2e6e44c7fbd49e14db2a2eaea/gnocchi.c70f4d79-2565-47a4-9182-5daa684aeee6/1763640000.0_mean_300.0_v3" 201 - "PUT http://172.18.0.2:8080/v1/AUTH_70c830e2e6e44c7fbd49e14db2a2eaea/gnocchi.c70f4d79-2565-47a4-9182-5daa684aeee6/1763640000.0_mean_300.0_v3" "tx416d4fa40e21422cbde9d-006925cf7e" "proxy-server 20" 0.0414 "-" 24 0
Nov 25 15:47:10 standalone proxy-server[129613]: 172.18.0.2 172.18.0.100 25/Nov/2025/15/47/10 PUT /v1/AUTH_70c830e2e6e44c7fbd49e14db2a2eaea/gnocchi.c70f4d79-2565-47a4-9182-5daa684aeee6/1763640000.0_mean_300.0_v3 HTTP/1.0 201 - python-swiftclient-3.11.1 gAAAAABpJc8CrfzC... 16 - - tx416d4fa40e21422cbde9d-006925cf7e - 0.0499 - - 1764085630.160167694 1764085630.210052013 0
Nov 25 15:47:10 standalone container-server[127745]: 172.20.0.100 - - [25/Nov/2025:15:47:10 +0000] "PUT /d1/401/AUTH_70c830e2e6e44c7fbd49e14db2a2eaea/gnocchi.c70f4d79-2565-47a4-9182-5daa684aeee6/none_v3" 201 - "PUT http://172.18.0.2:8080/d1/437/AUTH_70c830e2e6e44c7fbd49e14db2a2eaea/gnocchi.c70f4d79-2565-47a4-9182-5daa684aeee6/none_v3" "tx0591c1cd83cd4a8fafff5-006925cf7e" "object-server 22" 0.0007 "-" 17 0
Nov 25 15:47:10 standalone object-server[128010]: 172.20.0.100 - - [25/Nov/2025:15:47:10 +0000] "PUT /d1/437/AUTH_70c830e2e6e44c7fbd49e14db2a2eaea/gnocchi.c70f4d79-2565-47a4-9182-5daa684aeee6/none_v3" 201 - "PUT http://172.18.0.2:8080/v1/AUTH_70c830e2e6e44c7fbd49e14db2a2eaea/gnocchi.c70f4d79-2565-47a4-9182-5daa684aeee6/none_v3" "tx0591c1cd83cd4a8fafff5-006925cf7e" "proxy-server 20" 0.0119 "-" 22 0
Nov 25 15:47:10 standalone proxy-server[129613]: 172.18.0.2 172.18.0.100 25/Nov/2025/15/47/10 PUT /v1/AUTH_70c830e2e6e44c7fbd49e14db2a2eaea/gnocchi.c70f4d79-2565-47a4-9182-5daa684aeee6/none_v3 HTTP/1.0 201 - python-swiftclient-3.11.1 gAAAAABpJc8CrfzC... 32 - - tx0591c1cd83cd4a8fafff5-006925cf7e - 0.0202 - - 1764085630.214097500 1764085630.234258652 0
Nov 25 15:47:10 standalone object-server[128013]: 172.20.0.100 - - [25/Nov/2025:15:47:10 +0000] "GET /d1/662/AUTH_70c830e2e6e44c7fbd49e14db2a2eaea/gnocchi.8529f6fb-6992-47ba-ae4a-ddf0d13c4c53/none_v3" 200 22 "GET http://172.18.0.2:8080/v1/AUTH_70c830e2e6e44c7fbd49e14db2a2eaea/gnocchi.8529f6fb-6992-47ba-ae4a-ddf0d13c4c53/none_v3" "tx34597f4177b045eca42f3-006925cf7e" "proxy-server 20" 0.0007 "-" 25 0
Nov 25 15:47:10 standalone proxy-server[129613]: 172.18.0.2 172.18.0.100 25/Nov/2025/15/47/10 GET /v1/AUTH_70c830e2e6e44c7fbd49e14db2a2eaea/gnocchi.8529f6fb-6992-47ba-ae4a-ddf0d13c4c53/none_v3 HTTP/1.0 200 - python-swiftclient-3.11.1 gAAAAABpJc8CrfzC... - 22 - tx34597f4177b045eca42f3-006925cf7e - 0.0080 - - 1764085630.246646881 1764085630.254607677 0
Nov 25 15:47:10 standalone container-server[127714]: 172.20.0.100 - - [25/Nov/2025:15:47:10 +0000] "GET /d1/631/AUTH_70c830e2e6e44c7fbd49e14db2a2eaea/gnocchi.8529f6fb-6992-47ba-ae4a-ddf0d13c4c53" 200 357 "GET http://172.18.0.2:8080/v1/AUTH_70c830e2e6e44c7fbd49e14db2a2eaea/gnocchi.8529f6fb-6992-47ba-ae4a-ddf0d13c4c53?format=json&states=listing" "txe7e81b99bd884a27948cb-006925cf7e" "proxy-server 20" 0.0038 "-" 14 0
Nov 25 15:47:10 standalone proxy-server[129613]: 172.18.0.2 172.18.0.100 25/Nov/2025/15/47/10 GET /v1/AUTH_70c830e2e6e44c7fbd49e14db2a2eaea/gnocchi.8529f6fb-6992-47ba-ae4a-ddf0d13c4c53%3Fformat%3Djson%26states%3Dlisting HTTP/1.0 200 - python-swiftclient-3.11.1 gAAAAABpJc8CrfzC... - 357 - txe7e81b99bd884a27948cb-006925cf7e - 0.0121 - - 1764085630.259765387 1764085630.271834135 0
Nov 25 15:47:10 standalone container-server[127734]: 172.20.0.100 - - [25/Nov/2025:15:47:10 +0000] "GET /d1/631/AUTH_70c830e2e6e44c7fbd49e14db2a2eaea/gnocchi.8529f6fb-6992-47ba-ae4a-ddf0d13c4c53" 200 2 "GET http://172.18.0.2:8080/v1/AUTH_70c830e2e6e44c7fbd49e14db2a2eaea/gnocchi.8529f6fb-6992-47ba-ae4a-ddf0d13c4c53?format=json&marker=none_v3&states=listing" "tx4767cee36b3d4ac7a9903-006925cf7e" "proxy-server 20" 0.0034 "-" 16 0
Nov 25 15:47:10 standalone proxy-server[129613]: 172.18.0.2 172.18.0.100 25/Nov/2025/15/47/10 GET /v1/AUTH_70c830e2e6e44c7fbd49e14db2a2eaea/gnocchi.8529f6fb-6992-47ba-ae4a-ddf0d13c4c53%3Fformat%3Djson%26marker%3Dnone_v3%26states%3Dlisting HTTP/1.0 200 - python-swiftclient-3.11.1 gAAAAABpJc8CrfzC... - 2 - tx4767cee36b3d4ac7a9903-006925cf7e - 0.0117 - - 1764085630.275343418 1764085630.287026644 0
Nov 25 15:47:10 standalone object-server[128011]: 172.20.0.100 - - [25/Nov/2025:15:47:10 +0000] "GET /d1/692/AUTH_70c830e2e6e44c7fbd49e14db2a2eaea/gnocchi.8529f6fb-6992-47ba-ae4a-ddf0d13c4c53/1763640000.0_mean_300.0_v3" 200 16 "GET http://172.18.0.2:8080/v1/AUTH_70c830e2e6e44c7fbd49e14db2a2eaea/gnocchi.8529f6fb-6992-47ba-ae4a-ddf0d13c4c53/1763640000.0_mean_300.0_v3" "txd678459a30f5494a8060c-006925cf7e" "proxy-server 20" 0.0011 "-" 23 0
Nov 25 15:47:10 standalone proxy-server[129613]: 172.18.0.2 172.18.0.100 25/Nov/2025/15/47/10 GET /v1/AUTH_70c830e2e6e44c7fbd49e14db2a2eaea/gnocchi.8529f6fb-6992-47ba-ae4a-ddf0d13c4c53/1763640000.0_mean_300.0_v3 HTTP/1.0 200 - python-swiftclient-3.11.1 gAAAAABpJc8CrfzC... - 16 - txd678459a30f5494a8060c-006925cf7e - 0.0133 - - 1764085630.291493893 1764085630.304810762 0
Nov 25 15:47:10 standalone container-server[127718]: 172.20.0.100 - - [25/Nov/2025:15:47:10 +0000] "PUT /d1/631/AUTH_70c830e2e6e44c7fbd49e14db2a2eaea/gnocchi.8529f6fb-6992-47ba-ae4a-ddf0d13c4c53/1763640000.0_mean_300.0_v3" 201 - "PUT http://172.18.0.2:8080/d1/692/AUTH_70c830e2e6e44c7fbd49e14db2a2eaea/gnocchi.8529f6fb-6992-47ba-ae4a-ddf0d13c4c53/1763640000.0_mean_300.0_v3" "tx4c171ae75cca40b5938ed-006925cf7e" "object-server 24" 0.0009 "-" 15 0
Nov 25 15:47:10 standalone object-server[128012]: 172.20.0.100 - - [25/Nov/2025:15:47:10 +0000] "PUT /d1/692/AUTH_70c830e2e6e44c7fbd49e14db2a2eaea/gnocchi.8529f6fb-6992-47ba-ae4a-ddf0d13c4c53/1763640000.0_mean_300.0_v3" 201 - "PUT http://172.18.0.2:8080/v1/AUTH_70c830e2e6e44c7fbd49e14db2a2eaea/gnocchi.8529f6fb-6992-47ba-ae4a-ddf0d13c4c53/1763640000.0_mean_300.0_v3" "tx4c171ae75cca40b5938ed-006925cf7e" "proxy-server 20" 0.0139 "-" 24 0
Nov 25 15:47:10 standalone proxy-server[129613]: 172.18.0.2 172.18.0.100 25/Nov/2025/15/47/10 PUT /v1/AUTH_70c830e2e6e44c7fbd49e14db2a2eaea/gnocchi.8529f6fb-6992-47ba-ae4a-ddf0d13c4c53/1763640000.0_mean_300.0_v3 HTTP/1.0 201 - python-swiftclient-3.11.1 gAAAAABpJc8CrfzC... 16 - - tx4c171ae75cca40b5938ed-006925cf7e - 0.0207 - - 1764085630.308778763 1764085630.329466105 0
Nov 25 15:47:10 standalone container-server[127718]: 172.20.0.100 - - [25/Nov/2025:15:47:10 +0000] "PUT /d1/631/AUTH_70c830e2e6e44c7fbd49e14db2a2eaea/gnocchi.8529f6fb-6992-47ba-ae4a-ddf0d13c4c53/none_v3" 201 - "PUT http://172.18.0.2:8080/d1/662/AUTH_70c830e2e6e44c7fbd49e14db2a2eaea/gnocchi.8529f6fb-6992-47ba-ae4a-ddf0d13c4c53/none_v3" "txc85aa62a6d1f49af8889b-006925cf7e" "object-server 22" 0.0006 "-" 15 0
Nov 25 15:47:10 standalone object-server[128010]: 172.20.0.100 - - [25/Nov/2025:15:47:10 +0000] "PUT /d1/662/AUTH_70c830e2e6e44c7fbd49e14db2a2eaea/gnocchi.8529f6fb-6992-47ba-ae4a-ddf0d13c4c53/none_v3" 201 - "PUT http://172.18.0.2:8080/v1/AUTH_70c830e2e6e44c7fbd49e14db2a2eaea/gnocchi.8529f6fb-6992-47ba-ae4a-ddf0d13c4c53/none_v3" "txc85aa62a6d1f49af8889b-006925cf7e" "proxy-server 20" 0.0109 "-" 22 0
Nov 25 15:47:10 standalone proxy-server[129613]: 172.18.0.2 172.18.0.100 25/Nov/2025/15/47/10 PUT /v1/AUTH_70c830e2e6e44c7fbd49e14db2a2eaea/gnocchi.8529f6fb-6992-47ba-ae4a-ddf0d13c4c53/none_v3 HTTP/1.0 201 - python-swiftclient-3.11.1 gAAAAABpJc8CrfzC... 32 - - txc85aa62a6d1f49af8889b-006925cf7e - 0.0183 - - 1764085630.333070040 1764085630.351379871 0
Nov 25 15:47:13 standalone container-server[127745]: 172.20.0.100 - - [25/Nov/2025:15:47:13 +0000] "HEAD /d1/29/AUTH_70c830e2e6e44c7fbd49e14db2a2eaea/gnocchi.f78cf75d-3d9f-4702-af49-7a7f05911a8a" 404 - "HEAD http://172.18.0.2:8080/v1/AUTH_70c830e2e6e44c7fbd49e14db2a2eaea/gnocchi.f78cf75d-3d9f-4702-af49-7a7f05911a8a?format=json&states=listing" "tx46482d20d5aa479781855-006925cf81" "proxy-server 20" 0.0010 "-" 17 0
Nov 25 15:47:13 standalone object-server[128012]: 172.20.0.100 - - [25/Nov/2025:15:47:13 +0000] "GET /d1/50/AUTH_70c830e2e6e44c7fbd49e14db2a2eaea/gnocchi.f78cf75d-3d9f-4702-af49-7a7f05911a8a/none_v3" 404 70 "GET http://172.18.0.2:8080/v1/AUTH_70c830e2e6e44c7fbd49e14db2a2eaea/gnocchi.f78cf75d-3d9f-4702-af49-7a7f05911a8a/none_v3" "tx46482d20d5aa479781855-006925cf81" "proxy-server 20" 0.0004 "-" 24 0
Nov 25 15:47:13 standalone proxy-server[129613]: 172.18.0.2 172.18.0.100 25/Nov/2025/15/47/13 GET /v1/AUTH_70c830e2e6e44c7fbd49e14db2a2eaea/gnocchi.f78cf75d-3d9f-4702-af49-7a7f05911a8a/none_v3 HTTP/1.0 404 - python-swiftclient-3.11.1 gAAAAABpJc8CrfzC... - 70 - tx46482d20d5aa479781855-006925cf81 - 0.0124 - - 1764085633.578593969 1764085633.590964079 0
Nov 25 15:47:13 standalone account-server[127576]: 172.20.0.100 - - [25/Nov/2025:15:47:13 +0000] "PUT /d1/632/AUTH_70c830e2e6e44c7fbd49e14db2a2eaea/gnocchi.f78cf75d-3d9f-4702-af49-7a7f05911a8a" 201 - "PUT http://172.20.0.100:6001/d1/29/AUTH_70c830e2e6e44c7fbd49e14db2a2eaea/gnocchi.f78cf75d-3d9f-4702-af49-7a7f05911a8a" "tx253d820ed30042ecb0845-006925cf81" "container-server 15" 0.0021 "-" 23 0
Nov 25 15:47:13 standalone container-server[127718]: 172.20.0.100 - - [25/Nov/2025:15:47:13 +0000] "PUT /d1/29/AUTH_70c830e2e6e44c7fbd49e14db2a2eaea/gnocchi.f78cf75d-3d9f-4702-af49-7a7f05911a8a" 201 - "PUT http://172.18.0.2:8080/v1/AUTH_70c830e2e6e44c7fbd49e14db2a2eaea/gnocchi.f78cf75d-3d9f-4702-af49-7a7f05911a8a" "tx253d820ed30042ecb0845-006925cf81" "proxy-server 20" 0.0137 "-" 15 0
