Jan 30 12:10:20 standalone container-server[128299]: 172.20.0.100 - - [30/Jan/2026:12:10:20 +0000] "HEAD /d1/460/AUTH_f2ce6bfc308e4e2fbf4623f9afa112fc/gnocchi.8aead06b-2bbb-4ae0-aa5b-b19a12ad6b7e" 404 - "HEAD http://172.18.0.2:8080/v1/AUTH_f2ce6bfc308e4e2fbf4623f9afa112fc/gnocchi.8aead06b-2bbb-4ae0-aa5b-b19a12ad6b7e?format=json&states=listing" "tx7f79945ebec2405e8ea22-00697c9fac" "proxy-server 20" 0.0005 "-" 22 0
Jan 30 12:10:20 standalone object-server[128452]: 172.20.0.100 - - [30/Jan/2026:12:10:20 +0000] "GET /d1/990/AUTH_f2ce6bfc308e4e2fbf4623f9afa112fc/gnocchi.8aead06b-2bbb-4ae0-aa5b-b19a12ad6b7e/none_v3" 404 70 "GET http://172.18.0.2:8080/v1/AUTH_f2ce6bfc308e4e2fbf4623f9afa112fc/gnocchi.8aead06b-2bbb-4ae0-aa5b-b19a12ad6b7e/none_v3" "tx7f79945ebec2405e8ea22-00697c9fac" "proxy-server 20" 0.0007 "-" 20 0
Jan 30 12:10:20 standalone proxy-server[130418]: 172.18.0.2 172.18.0.100 30/Jan/2026/12/10/20 GET /v1/AUTH_f2ce6bfc308e4e2fbf4623f9afa112fc/gnocchi.8aead06b-2bbb-4ae0-aa5b-b19a12ad6b7e/none_v3 HTTP/1.0 404 - python-swiftclient-3.11.1 gAAAAABpfJ7zkMxm... - 70 - tx7f79945ebec2405e8ea22-00697c9fac - 0.0147 - - 1769775020.381119967 1769775020.395865679 0
Jan 30 12:10:20 standalone account-server[128282]: 172.20.0.100 - - [30/Jan/2026:12:10:20 +0000] "PUT /d1/97/AUTH_f2ce6bfc308e4e2fbf4623f9afa112fc/gnocchi.8aead06b-2bbb-4ae0-aa5b-b19a12ad6b7e" 201 - "PUT http://172.20.0.100:6001/d1/460/AUTH_f2ce6bfc308e4e2fbf4623f9afa112fc/gnocchi.8aead06b-2bbb-4ae0-aa5b-b19a12ad6b7e" "tx2efb291940db4981941d4-00697c9fac" "container-server 22" 0.0068 "-" 21 0
Jan 30 12:10:20 standalone container-server[128299]: 172.20.0.100 - - [30/Jan/2026:12:10:20 +0000] "PUT /d1/460/AUTH_f2ce6bfc308e4e2fbf4623f9afa112fc/gnocchi.8aead06b-2bbb-4ae0-aa5b-b19a12ad6b7e" 201 - "PUT http://172.18.0.2:8080/v1/AUTH_f2ce6bfc308e4e2fbf4623f9afa112fc/gnocchi.8aead06b-2bbb-4ae0-aa5b-b19a12ad6b7e" "tx2efb291940db4981941d4-00697c9fac" "proxy-server 20" 0.0221 "-" 22 0
Jan 30 12:10:20 standalone proxy-server[130418]: 172.18.0.2 172.18.0.100 30/Jan/2026/12/10/20 PUT /v1/AUTH_f2ce6bfc308e4e2fbf4623f9afa112fc/gnocchi.8aead06b-2bbb-4ae0-aa5b-b19a12ad6b7e HTTP/1.0 201 - python-swiftclient-3.11.1 gAAAAABpfJ7zkMxm... - - - tx2efb291940db4981941d4-00697c9fac - 0.0283 - - 1769775020.399895191 1769775020.428171635 0
Jan 30 12:10:20 standalone container-server[128299]: 172.20.0.100 - - [30/Jan/2026:12:10:20 +0000] "HEAD /d1/460/AUTH_f2ce6bfc308e4e2fbf4623f9afa112fc/gnocchi.8aead06b-2bbb-4ae0-aa5b-b19a12ad6b7e" 204 - "HEAD http://172.18.0.2:8080/v1/AUTH_f2ce6bfc308e4e2fbf4623f9afa112fc/gnocchi.8aead06b-2bbb-4ae0-aa5b-b19a12ad6b7e?format=json&states=listing" "txeb1a7b21959d494693f93-00697c9fac" "proxy-server 20" 0.0012 "-" 22 0
Jan 30 12:10:20 standalone proxy-server[130418]: - - 30/Jan/2026/12/10/20 HEAD /v1/AUTH_f2ce6bfc308e4e2fbf4623f9afa112fc/gnocchi.8aead06b-2bbb-4ae0-aa5b-b19a12ad6b7e%3Fformat%3Djson%26states%3Dlisting HTTP/1.0 204 - Swift - - - - txeb1a7b21959d494693f93-00697c9fac - 0.0067 RL - 1769775020.445749760 1769775020.452430248 0
Jan 30 12:10:20 standalone container-server[128315]: 172.20.0.100 - - [30/Jan/2026:12:10:20 +0000] "GET /d1/460/AUTH_f2ce6bfc308e4e2fbf4623f9afa112fc/gnocchi.8aead06b-2bbb-4ae0-aa5b-b19a12ad6b7e" 200 2 "GET http://172.18.0.2:8080/v1/AUTH_f2ce6bfc308e4e2fbf4623f9afa112fc/gnocchi.8aead06b-2bbb-4ae0-aa5b-b19a12ad6b7e?format=json&states=listing" "txeb1a7b21959d494693f93-00697c9fac" "proxy-server 20" 0.0049 "-" 23 0
Jan 30 12:10:20 standalone proxy-server[130418]: 172.18.0.2 172.18.0.100 30/Jan/2026/12/10/20 GET /v1/AUTH_f2ce6bfc308e4e2fbf4623f9afa112fc/gnocchi.8aead06b-2bbb-4ae0-aa5b-b19a12ad6b7e%3Fformat%3Djson%26states%3Dlisting HTTP/1.0 200 - python-swiftclient-3.11.1 gAAAAABpfJ7zkMxm... - 2 - txeb1a7b21959d494693f93-00697c9fac - 0.0257 - - 1769775020.444261312 1769775020.469912291 0
Jan 30 12:10:20 standalone object-server[128452]: 172.20.0.100 - - [30/Jan/2026:12:10:20 +0000] "GET /d1/676/AUTH_f2ce6bfc308e4e2fbf4623f9afa112fc/gnocchi.8aead06b-2bbb-4ae0-aa5b-b19a12ad6b7e/1769040000.0_mean_300.0_v3" 404 70 "GET http://172.18.0.2:8080/v1/AUTH_f2ce6bfc308e4e2fbf4623f9afa112fc/gnocchi.8aead06b-2bbb-4ae0-aa5b-b19a12ad6b7e/1769040000.0_mean_300.0_v3" "tx32c88219f9da42cfa21a4-00697c9fac" "proxy-server 20" 0.0006 "-" 20 0
Jan 30 12:10:20 standalone proxy-server[130418]: 172.18.0.2 172.18.0.100 30/Jan/2026/12/10/20 GET /v1/AUTH_f2ce6bfc308e4e2fbf4623f9afa112fc/gnocchi.8aead06b-2bbb-4ae0-aa5b-b19a12ad6b7e/1769040000.0_mean_300.0_v3 HTTP/1.0 404 - python-swiftclient-3.11.1 gAAAAABpfJ7zkMxm... - 70 - tx32c88219f9da42cfa21a4-00697c9fac - 0.0082 - - 1769775020.475476265 1769775020.483720303 0
Jan 30 12:10:20 standalone container-server[128281]: 172.20.0.100 - - [30/Jan/2026:12:10:20 +0000] "PUT /d1/460/AUTH_f2ce6bfc308e4e2fbf4623f9afa112fc/gnocchi.8aead06b-2bbb-4ae0-aa5b-b19a12ad6b7e/1769040000.0_mean_300.0_v3" 201 - "PUT http://172.18.0.2:8080/d1/676/AUTH_f2ce6bfc308e4e2fbf4623f9afa112fc/gnocchi.8aead06b-2bbb-4ae0-aa5b-b19a12ad6b7e/1769040000.0_mean_300.0_v3" "txaad327e62c03486f8b14e-00697c9fac" "object-server 23" 0.0010 "-" 20 0
Jan 30 12:10:20 standalone object-server[128455]: 172.20.0.100 - - [30/Jan/2026:12:10:20 +0000] "PUT /d1/676/AUTH_f2ce6bfc308e4e2fbf4623f9afa112fc/gnocchi.8aead06b-2bbb-4ae0-aa5b-b19a12ad6b7e/1769040000.0_mean_300.0_v3" 201 - "PUT http://172.18.0.2:8080/v1/AUTH_f2ce6bfc308e4e2fbf4623f9afa112fc/gnocchi.8aead06b-2bbb-4ae0-aa5b-b19a12ad6b7e/1769040000.0_mean_300.0_v3" "txaad327e62c03486f8b14e-00697c9fac" "proxy-server 20" 0.0124 "-" 23 0
Jan 30 12:10:20 standalone proxy-server[130418]: 172.18.0.2 172.18.0.100 30/Jan/2026/12/10/20 PUT /v1/AUTH_f2ce6bfc308e4e2fbf4623f9afa112fc/gnocchi.8aead06b-2bbb-4ae0-aa5b-b19a12ad6b7e/1769040000.0_mean_300.0_v3 HTTP/1.0 201 - python-swiftclient-3.11.1 gAAAAABpfJ7zkMxm... 16 - - txaad327e62c03486f8b14e-00697c9fac - 0.0201 - - 1769775020.488192081 1769775020.508265495 0
Jan 30 12:10:20 standalone container-server[128281]: 172.20.0.100 - - [30/Jan/2026:12:10:20 +0000] "PUT /d1/460/AUTH_f2ce6bfc308e4e2fbf4623f9afa112fc/gnocchi.8aead06b-2bbb-4ae0-aa5b-b19a12ad6b7e/none_v3" 201 - "PUT http://172.18.0.2:8080/d1/990/AUTH_f2ce6bfc308e4e2fbf4623f9afa112fc/gnocchi.8aead06b-2bbb-4ae0-aa5b-b19a12ad6b7e/none_v3" "tx0634381562734e50aa7d5-00697c9fac" "object-server 20" 0.0007 "-" 20 0
Jan 30 12:10:20 standalone object-server[128452]: 172.20.0.100 - - [30/Jan/2026:12:10:20 +0000] "PUT /d1/990/AUTH_f2ce6bfc308e4e2fbf4623f9afa112fc/gnocchi.8aead06b-2bbb-4ae0-aa5b-b19a12ad6b7e/none_v3" 201 - "PUT http://172.18.0.2:8080/v1/AUTH_f2ce6bfc308e4e2fbf4623f9afa112fc/gnocchi.8aead06b-2bbb-4ae0-aa5b-b19a12ad6b7e/none_v3" "tx0634381562734e50aa7d5-00697c9fac" "proxy-server 20" 0.0119 "-" 20 0
Jan 30 12:10:20 standalone proxy-server[130418]: 172.18.0.2 172.18.0.100 30/Jan/2026/12/10/20 PUT /v1/AUTH_f2ce6bfc308e4e2fbf4623f9afa112fc/gnocchi.8aead06b-2bbb-4ae0-aa5b-b19a12ad6b7e/none_v3 HTTP/1.0 201 - python-swiftclient-3.11.1 gAAAAABpfJ7zkMxm... 22 - - tx0634381562734e50aa7d5-00697c9fac - 0.0193 - - 1769775020.512694597 1769775020.531999588 0
Jan 30 12:12:18 standalone account-server[127955]: Devices pass completed: 0.00s
Jan 30 12:12:20 standalone account-server[128313]: 172.20.0.100 - - [30/Jan/2026:12:12:20 +0000] "HEAD /d1/237/.expiring_objects" 404 - "HEAD http://localhost/v1/.expiring_objects?format=json" "txcfb546fd927e47fd94494-00697ca024" "proxy-server 2" 0.0003 "-" 23 -
Jan 30 12:12:20 standalone object-expirer[128283]: Pass completed in 0s; 0 objects expired (txn: txcfb546fd927e47fd94494-00697ca024)
Jan 30 12:13:47 standalone account-server[128282]: 172.20.0.100 - - [30/Jan/2026:12:13:47 +0000] "HEAD /d1/237/.expiring_objects" 404 - "HEAD http://localhost/v1/.expiring_objects?format=json" "txcdb5b5c26fed4fdc930b5-00697ca07b" "proxy-server 2" 0.0007 "-" 21 -
Jan 30 12:13:47 standalone object-expirer[128283]: Pass completed in 0s; 0 objects expired (txn: txcdb5b5c26fed4fdc930b5-00697ca07b)
Jan 30 12:14:10 standalone container-server[128164]: Begin container update sweep
Jan 30 12:14:10 standalone account-server[128313]: 172.20.0.100 - - [30/Jan/2026:12:14:10 +0000] "PUT /d1/97/AUTH_f2ce6bfc308e4e2fbf4623f9afa112fc/gnocchi.f865be45-a264-41e1-afb8-4bf557c945c9" 201 - "-" "-" "container-updater 2" 0.0013 "-" 23 0
Jan 30 12:14:10 standalone account-server[128277]: 172.20.0.100 - - [30/Jan/2026:12:14:10 +0000] "PUT /d1/97/AUTH_f2ce6bfc308e4e2fbf4623f9afa112fc/gnocchi.a8144463-cfc4-45d9-85f9-2c2322dbd5e7" 201 - "-" "-" "container-updater 2" 0.0005 "-" 20 0
Jan 30 12:14:10 standalone account-server[128277]: 172.20.0.100 - - [30/Jan/2026:12:14:10 +0000] "PUT /d1/97/AUTH_f2ce6bfc308e4e2fbf4623f9afa112fc/gnocchi.fd84c332-8fab-4e0d-a19f-64729b58aba1" 201 - "-" "-" "container-updater 2" 0.0005 "-" 20 0
Jan 30 12:14:10 standalone account-server[128282]: 172.20.0.100 - - [30/Jan/2026:12:14:10 +0000] "PUT /d1/97/AUTH_f2ce6bfc308e4e2fbf4623f9afa112fc/gnocchi.ea98457a-5eb2-4862-b722-9c0c08d8ad69" 201 - "-" "-" "container-updater 2" 0.0007 "-" 21 0
Jan 30 12:14:10 standalone account-server[128304]: 172.20.0.100 - - [30/Jan/2026:12:14:10 +0000] "PUT /d1/97/AUTH_f2ce6bfc308e4e2fbf4623f9afa112fc/gnocchi.da7c09da-42ec-4d4c-bb95-7cf05aac6e03" 201 - "-" "-" "container-updater 2" 0.0005 "-" 22 0
Jan 30 12:14:11 standalone account-server[128313]: 172.20.0.100 - - [30/Jan/2026:12:14:11 +0000] "PUT /d1/97/AUTH_f2ce6bfc308e4e2fbf4623f9afa112fc/gnocchi.719ad5c3-569c-4695-b53a-97ecd0d8b705" 201 - "-" "-" "container-updater 2" 0.0004 "-" 23 0
Jan 30 12:14:11 standalone account-server[128282]: 172.20.0.100 - - [30/Jan/2026:12:14:11 +0000] "PUT /d1/97/AUTH_f2ce6bfc308e4e2fbf4623f9afa112fc/gnocchi.6f6e005f-ded7-4d25-8a92-90289bb90a6b" 201 - "-" "-" "container-updater 2" 0.0004 "-" 21 0
Jan 30 12:14:11 standalone account-server[128277]: 172.20.0.100 - - [30/Jan/2026:12:14:11 +0000] "PUT /d1/97/AUTH_f2ce6bfc308e4e2fbf4623f9afa112fc/gnocchi.9af5773d-a722-4ff6-9de4-42a73395f9b1" 201 - "-" "-" "container-updater 2" 0.0006 "-" 20 0
Jan 30 12:14:11 standalone account-server[128277]: 172.20.0.100 - - [30/Jan/2026:12:14:11 +0000] "PUT /d1/97/AUTH_f2ce6bfc308e4e2fbf4623f9afa112fc/gnocchi.7838f5fd-320e-4790-8d67-416103bd68c5" 201 - "-" "-" "container-updater 2" 0.0004 "-" 20 0
Jan 30 12:14:11 standalone account-server[128304]: 172.20.0.100 - - [30/Jan/2026:12:14:11 +0000] "PUT /d1/97/AUTH_f2ce6bfc308e4e2fbf4623f9afa112fc/gnocchi.78cafbc4-a56f-42cc-b820-ac4f3725dd3e" 201 - "-" "-" "container-updater 2" 0.0005 "-" 22 0
Jan 30 12:14:11 standalone account-server[128282]: 172.20.0.100 - - [30/Jan/2026:12:14:11 +0000] "PUT /d1/97/AUTH_f2ce6bfc308e4e2fbf4623f9afa112fc/gnocchi.ee747a01-2fc6-4843-bddd-571cf393b777" 201 - "-" "-" "container-updater 2" 0.0004 "-" 21 0
Jan 30 12:14:11 standalone account-server[128277]: 172.20.0.100 - - [30/Jan/2026:12:14:11 +0000] "PUT /d1/97/AUTH_f2ce6bfc308e4e2fbf4623f9afa112fc/gnocchi.ae64cd06-27d9-45cb-b9d4-4e6bc9d8877d" 201 - "-" "-" "container-updater 2" 0.0005 "-" 20 0
Jan 30 12:14:11 standalone account-server[128277]: 172.20.0.100 - - [30/Jan/2026:12:14:11 +0000] "PUT /d1/97/AUTH_f2ce6bfc308e4e2fbf4623f9afa112fc/gnocchi.400ae0ab-c7d0-40aa-8e3e-f277ad9a71d8" 201 - "-" "-" "container-updater 2" 0.0004 "-" 20 0
Jan 30 12:14:11 standalone account-server[128304]: 172.20.0.100 - - [30/Jan/2026:12:14:11 +0000] "PUT /d1/97/AUTH_f2ce6bfc308e4e2fbf4623f9afa112fc/gnocchi.38c9b53e-7d1d-41d2-9353-f703f6694413" 201 - "-" "-" "container-updater 2" 0.0004 "-" 22 0
Jan 30 12:14:11 standalone account-server[128277]: 172.20.0.100 - - [30/Jan/2026:12:14:11 +0000] "PUT /d1/97/AUTH_f2ce6bfc308e4e2fbf4623f9afa112fc/gnocchi.1aa86a34-b402-4865-9ca5-23ac678a577e" 201 - "-" "-" "container-updater 2" 0.0005 "-" 20 0
Jan 30 12:14:11 standalone account-server[128277]: 172.20.0.100 - - [30/Jan/2026:12:14:11 +0000] "PUT /d1/97/AUTH_f2ce6bfc308e4e2fbf4623f9afa112fc/gnocchi.8ac74355-62a4-4d87-81e2-678fc30fbc41" 201 - "-" "-" "container-updater 2" 0.0005 "-" 20 0
Jan 30 12:14:12 standalone account-server[128282]: 172.20.0.100 - - [30/Jan/2026:12:14:12 +0000] "PUT /d1/97/AUTH_f2ce6bfc308e4e2fbf4623f9afa112fc/gnocchi.c5736113-d6b9-4b16-a425-9bd9467d77f1" 201 - "-" "-" "container-updater 2" 0.0005 "-" 21 0
Jan 30 12:14:12 standalone account-server[128282]: 172.20.0.100 - - [30/Jan/2026:12:14:12 +0000] "PUT /d1/97/AUTH_f2ce6bfc308e4e2fbf4623f9afa112fc/gnocchi.7f8cf68b-6710-4dbd-bb53-7f758bcbeec9" 201 - "-" "-" "container-updater 2" 0.0005 "-" 21 0
Jan 30 12:14:12 standalone account-server[128304]: 172.20.0.100 - - [30/Jan/2026:12:14:12 +0000] "PUT /d1/97/AUTH_f2ce6bfc308e4e2fbf4623f9afa112fc/gnocchi.e5f83a0d-68e1-4fba-a023-7d884f14f855" 201 - "-" "-" "container-updater 2" 0.0006 "-" 22 0
Jan 30 12:14:12 standalone account-server[128282]: 172.20.0.100 - - [30/Jan/2026:12:14:12 +0000] "PUT /d1/97/AUTH_f2ce6bfc308e4e2fbf4623f9afa112fc/gnocchi.d0d3c735-830a-4d4b-98f7-27e6bdd36a8a" 201 - "-" "-" "container-updater 2" 0.0007 "-" 21 0
Jan 30 12:14:12 standalone account-server[128313]: 172.20.0.100 - - [30/Jan/2026:12:14:12 +0000] "PUT /d1/97/AUTH_f2ce6bfc308e4e2fbf4623f9afa112fc/gnocchi.ab07f279-92c6-41f8-bb89-590f61e5b246" 201 - "-" "-" "container-updater 2" 0.0006 "-" 23 0
Jan 30 12:14:12 standalone account-server[128282]: 172.20.0.100 - - [30/Jan/2026:12:14:12 +0000] "PUT /d1/97/AUTH_f2ce6bfc308e4e2fbf4623f9afa112fc/gnocchi.b4574080-cfca-48d2-ba13-8663b50b1d34" 201 - "-" "-" "container-updater 2" 0.0004 "-" 21 0
Jan 30 12:14:12 standalone account-server[128304]: 172.20.0.100 - - [30/Jan/2026:12:14:12 +0000] "PUT /d1/97/AUTH_f2ce6bfc308e4e2fbf4623f9afa112fc/gnocchi.6c430007-5d23-43e4-aba1-fe40e06230e2" 201 - "-" "-" "container-updater 2" 0.0004 "-" 22 0
Jan 30 12:14:12 standalone account-server[128277]: 172.20.0.100 - - [30/Jan/2026:12:14:12 +0000] "PUT /d1/97/AUTH_f2ce6bfc308e4e2fbf4623f9afa112fc/gnocchi.d032f0d4-bc60-49a7-818c-022c5eded9ab" 201 - "-" "-" "container-updater 2" 0.0007 "-" 20 0
Jan 30 12:14:12 standalone account-server[128282]: 172.20.0.100 - - [30/Jan/2026:12:14:12 +0000] "PUT /d1/97/AUTH_f2ce6bfc308e4e2fbf4623f9afa112fc/gnocchi.2f2696f9-5ebc-4962-8889-55cd653ac0a0" 201 - "-" "-" "container-updater 2" 0.0006 "-" 21 0
Jan 30 12:14:12 standalone account-server[128282]: 172.20.0.100 - - [30/Jan/2026:12:14:12 +0000] "PUT /d1/97/AUTH_f2ce6bfc308e4e2fbf4623f9afa112fc/gnocchi.5e65a433-682d-402c-9f34-9b9ee464e593" 201 - "-" "-" "container-updater 2" 0.0006 "-" 21 0
Jan 30 12:14:12 standalone account-server[128277]: 172.20.0.100 - - [30/Jan/2026:12:14:12 +0000] "PUT /d1/97/AUTH_f2ce6bfc308e4e2fbf4623f9afa112fc/gnocchi.52a18ccc-71dc-4c0d-bcb4-e1f35408002b" 201 - "-" "-" "container-updater 2" 0.0007 "-" 20 0
Jan 30 12:14:13 standalone account-server[128304]: 172.20.0.100 - - [30/Jan/2026:12:14:13 +0000] "PUT /d1/97/AUTH_f2ce6bfc308e4e2fbf4623f9afa112fc/gnocchi.ffa132ab-3235-4e68-8e55-984113cfb868" 201 - "-" "-" "container-updater 2" 0.0008 "-" 22 0
Jan 30 12:14:13 standalone account-server[128282]: 172.20.0.100 - - [30/Jan/2026:12:14:13 +0000] "PUT /d1/97/AUTH_f2ce6bfc308e4e2fbf4623f9afa112fc/gnocchi.33e0a8c4-1f6b-4fd6-9d65-509df6f69f22" 201 - "-" "-" "container-updater 2" 0.0005 "-" 21 0
Jan 30 12:14:13 standalone account-server[128277]: 172.20.0.100 - - [30/Jan/2026:12:14:13 +0000] "PUT /d1/97/AUTH_f2ce6bfc308e4e2fbf4623f9afa112fc/gnocchi.fd902599-86f6-4ba8-8138-0146c36111df" 201 - "-" "-" "container-updater 2" 0.0007 "-" 20 0
Jan 30 12:14:13 standalone account-server[128304]: 172.20.0.100 - - [30/Jan/2026:12:14:13 +0000] "PUT /d1/97/AUTH_f2ce6bfc308e4e2fbf4623f9afa112fc/gnocchi.7159401c-7537-404b-86b4-aed2bbc7e50b" 201 - "-" "-" "container-updater 2" 0.0007 "-" 22 0
Jan 30 12:14:13 standalone account-server[128304]: 172.20.0.100 - - [30/Jan/2026:12:14:13 +0000] "PUT /d1/97/AUTH_f2ce6bfc308e4e2fbf4623f9afa112fc/gnocchi.709eebd2-d5af-4f10-a1a6-af3bbfe1c601" 201 - "-" "-" "container-updater 2" 0.0005 "-" 22 0
Jan 30 12:14:13 standalone account-server[128304]: 172.20.0.100 - - [30/Jan/2026:12:14:13 +0000] "PUT /d1/97/AUTH_f2ce6bfc308e4e2fbf4623f9afa112fc/gnocchi.a2c96fed-715e-49db-8855-6dd2e10af470" 201 - "-" "-" "container-updater 2" 0.0007 "-" 22 0
Jan 30 12:14:13 standalone account-server[128282]: 172.20.0.100 - - [30/Jan/2026:12:14:13 +0000] "PUT /d1/97/AUTH_f2ce6bfc308e4e2fbf4623f9afa112fc/gnocchi.8aead06b-2bbb-4ae0-aa5b-b19a12ad6b7e" 201 - "-" "-" "container-updater 2" 0.0006 "-" 21 0
Jan 30 12:14:13 standalone account-server[128313]: 172.20.0.100 - - [30/Jan/2026:12:14:13 +0000] "PUT /d1/97/AUTH_f2ce6bfc308e4e2fbf4623f9afa112fc/gnocchi.0f4cf20b-f039-4422-a294-b54f694960b8" 201 - "-" "-" "container-updater 2" 0.0006 "-" 23 0
Jan 30 12:14:13 standalone account-server[128282]: 172.20.0.100 - - [30/Jan/2026:12:14:13 +0000] "PUT /d1/97/AUTH_f2ce6bfc308e4e2fbf4623f9afa112fc/gnocchi.b2ed4d36-603f-4a9d-9f6a-65154deb330f" 201 - "-" "-" "container-updater 2" 0.0007 "-" 21 0
Jan 30 12:14:13 standalone account-server[128277]: 172.20.0.100 - - [30/Jan/2026:12:14:13 +0000] "PUT /d1/97/AUTH_f2ce6bfc308e4e2fbf4623f9afa112fc/gnocchi.992a17b3-11ca-490a-b80e-75e93b52c1a5" 201 - "-" "-" "container-updater 2" 0.0007 "-" 20 0
Jan 30 12:14:14 standalone account-server[128304]: 172.20.0.100 - - [30/Jan/2026:12:14:14 +0000] "PUT /d1/97/AUTH_f2ce6bfc308e4e2fbf4623f9afa112fc/gnocchi.e7e70c96-a563-4fe5-9481-32d8df7164a4" 201 - "-" "-" "container-updater 2" 0.0007 "-" 22 0
Jan 30 12:14:14 standalone account-server[128282]: 172.20.0.100 - - [30/Jan/2026:12:14:14 +0000] "PUT /d1/97/AUTH_f2ce6bfc308e4e2fbf4623f9afa112fc/gnocchi.d8d529f2-407a-4d7b-ae1f-5ddb51932d87" 201 - "-" "-" "container-updater 2" 0.0007 "-" 21 0
Jan 30 12:14:14 standalone account-server[128277]: 172.20.0.100 - - [30/Jan/2026:12:14:14 +0000] "PUT /d1/97/AUTH_f2ce6bfc308e4e2fbf4623f9afa112fc/gnocchi.1030ac5e-a291-465f-a9c7-2e2f9950e55a" 201 - "-" "-" "container-updater 2" 0.0008 "-" 20 0
Jan 30 12:14:14 standalone account-server[128304]: 172.20.0.100 - - [30/Jan/2026:12:14:14 +0000] "PUT /d1/97/AUTH_f2ce6bfc308e4e2fbf4623f9afa112fc/gnocchi.30141c8a-32b3-4692-82ee-3d0d732e97a3" 201 - "-" "-" "container-updater 2" 0.0006 "-" 22 0
Jan 30 12:14:14 standalone account-server[128277]: 172.20.0.100 - - [30/Jan/2026:12:14:14 +0000] "PUT /d1/97/AUTH_f2ce6bfc308e4e2fbf4623f9afa112fc/gnocchi.53812180-99f9-462a-9457-f864b8012b63" 201 - "-" "-" "container-updater 2" 0.0008 "-" 20 0
Jan 30 12:14:14 standalone account-server[128277]: 172.20.0.100 - - [30/Jan/2026:12:14:14 +0000] "PUT /d1/97/AUTH_f2ce6bfc308e4e2fbf4623f9afa112fc/gnocchi.d2148124-5ffb-40b5-9116-4583028bd5ee" 201 - "-" "-" "container-updater 2" 0.0004 "-" 20 0
Jan 30 12:14:14 standalone account-server[128277]: 172.20.0.100 - - [30/Jan/2026:12:14:14 +0000] "PUT /d1/97/AUTH_f2ce6bfc308e4e2fbf4623f9afa112fc/gnocchi.54b7a658-d3f1-44be-b753-8204d656df64" 201 - "-" "-" "container-updater 2" 0.0006 "-" 20 0
Jan 30 12:14:14 standalone account-server[128277]: 172.20.0.100 - - [30/Jan/2026:12:14:14 +0000] "PUT /d1/97/AUTH_f2ce6bfc308e4e2fbf4623f9afa112fc/gnocchi.94dc3ceb-ee2e-4e38-9c5b-199c5e58466d" 201 - "-" "-" "container-updater 2" 0.0005 "-" 20 0
Jan 30 12:14:14 standalone account-server[128313]: 172.20.0.100 - - [30/Jan/2026:12:14:14 +0000] "PUT /d1/97/AUTH_f2ce6bfc308e4e2fbf4623f9afa112fc/gnocchi.1cf248e9-d168-47c2-9905-bd6a5b09b2d1" 201 - "-" "-" "container-updater 2" 0.0003 "-" 23 0
Jan 30 12:14:14 standalone container-server[128164]: Container update sweep completed: 4.39s
Jan 30 12:14:19 standalone account-server[128282]: 172.20.0.100 - - [30/Jan/2026:12:14:19 +0000] "HEAD /d1/237/.expiring_objects" 404 - "HEAD http://localhost/v1/.expiring_objects?format=json" "tx4e021e561dec40b697255-00697ca09b" "proxy-server 2" 0.0006 "-" 21 -
Jan 30 12:14:19 standalone object-expirer[128283]: Pass completed in 0s; 0 objects expired (txn: tx4e021e561dec40b697255-00697ca09b)
Jan 30 12:14:35 standalone object-server[128345]: Begin object update sweep
Jan 30 12:14:35 standalone object-server[269369]: Object update sweep starting on /srv/node/d1 (pid: 15)
Jan 30 12:14:35 standalone object-server[269369]: Object update sweep completed on /srv/node/d1 in 0.00s seconds:, 0 successes, 0 failures, 0 quarantines, 0 unlinks, 0 errors, 0 redirects (pid: 15)
Jan 30 12:14:35 standalone object-server[269369]: Object update sweep of d1 completed: 0.00s, 0 successes, 0 failures, 0 quarantines, 0 unlinks, 0 errors, 0 redirects
Jan 30 12:14:35 standalone object-server[128345]: Object update sweep completed: 0.08s
Jan 30 12:17:23 standalone account-server[128277]: 172.20.0.100 - - [30/Jan/2026:12:17:23 +0000] "HEAD /d1/237/.expiring_objects" 404 - "HEAD http://localhost/v1/.expiring_objects?format=json" "txe292bd693e784f54a3fb4-00697ca153" "proxy-server 2" 0.0006 "-" 20 -
Jan 30 12:17:23 standalone object-expirer[128283]: Pass completed in 0s; 0 objects expired (txn: txe292bd693e784f54a3fb4-00697ca153)
Jan 30 12:17:49 standalone account-server[128277]: 172.20.0.100 - - [30/Jan/2026:12:17:49 +0000] "HEAD /d1/237/.expiring_objects" 404 - "HEAD http://localhost/v1/.expiring_objects?format=json" "tx9d41ff8e27234d779c910-00697ca16d" "proxy-server 2" 0.0007 "-" 20 -
Jan 30 12:17:49 standalone object-expirer[128283]: Pass completed in 0s; 0 objects expired (txn: tx9d41ff8e27234d779c910-00697ca16d)
Jan 30 12:19:10 standalone container-server[128164]: Begin container update sweep
Jan 30 12:19:13 standalone container-server[128164]: Container update sweep completed: 3.42s
Jan 30 12:19:35 standalone object-server[128345]: Begin object update sweep
Jan 30 12:19:35 standalone object-server[295933]: Object update sweep starting on /srv/node/d1 (pid: 16)
Jan 30 12:19:35 standalone object-server[295933]: Object update sweep completed on /srv/node/d1 in 0.00s seconds:, 0 successes, 0 failures, 0 quarantines, 0 unlinks, 0 errors, 0 redirects (pid: 16)
Jan 30 12:19:35 standalone object-server[295933]: Object update sweep of d1 completed: 0.00s, 0 successes, 0 failures, 0 quarantines, 0 unlinks, 0 errors, 0 redirects
Jan 30 12:19:35 standalone object-server[128345]: Object update sweep completed: 0.07s