Jan 30 12:09:23 standalone proxy-server[130418]: 172.18.0.2 172.18.0.100 30/Jan/2026/12/09/23 GET /v1/AUTH_f2ce6bfc308e4e2fbf4623f9afa112fc/gnocchi.d0d3c735-830a-4d4b-98f7-27e6bdd36a8a/1769040000.0_mean_300.0_v3 HTTP/1.0 404 - python-swiftclient-3.11.1 gAAAAABpfJ7zkMxm... - 70 - tx97db606c7aa54a23bcbdc-00697c9f73 - 0.0055 - - 1769774963.875616789 1769774963.881067038 0
Jan 30 12:09:23 standalone container-server[128299]: 172.20.0.100 - - [30/Jan/2026:12:09:23 +0000] "PUT /d1/475/AUTH_f2ce6bfc308e4e2fbf4623f9afa112fc/gnocchi.d0d3c735-830a-4d4b-98f7-27e6bdd36a8a/1769040000.0_mean_300.0_v3" 201 - "PUT http://172.18.0.2:8080/d1/207/AUTH_f2ce6bfc308e4e2fbf4623f9afa112fc/gnocchi.d0d3c735-830a-4d4b-98f7-27e6bdd36a8a/1769040000.0_mean_300.0_v3" "tx8d28a00a628742a7bd2c3-00697c9f73" "object-server 21" 0.0012 "-" 22 0
Jan 30 12:09:23 standalone object-server[128453]: 172.20.0.100 - - [30/Jan/2026:12:09:23 +0000] "PUT /d1/207/AUTH_f2ce6bfc308e4e2fbf4623f9afa112fc/gnocchi.d0d3c735-830a-4d4b-98f7-27e6bdd36a8a/1769040000.0_mean_300.0_v3" 201 - "PUT http://172.18.0.2:8080/v1/AUTH_f2ce6bfc308e4e2fbf4623f9afa112fc/gnocchi.d0d3c735-830a-4d4b-98f7-27e6bdd36a8a/1769040000.0_mean_300.0_v3" "tx8d28a00a628742a7bd2c3-00697c9f73" "proxy-server 20" 0.0131 "-" 21 0
Jan 30 12:09:23 standalone proxy-server[130418]: 172.18.0.2 172.18.0.100 30/Jan/2026/12/09/23 PUT /v1/AUTH_f2ce6bfc308e4e2fbf4623f9afa112fc/gnocchi.d0d3c735-830a-4d4b-98f7-27e6bdd36a8a/1769040000.0_mean_300.0_v3 HTTP/1.0 201 - python-swiftclient-3.11.1 gAAAAABpfJ7zkMxm... 16 - - tx8d28a00a628742a7bd2c3-00697c9f73 - 0.0181 - - 1769774963.884321690 1769774963.902436972 0
Jan 30 12:09:23 standalone container-server[128315]: 172.20.0.100 - - [30/Jan/2026:12:09:23 +0000] "PUT /d1/475/AUTH_f2ce6bfc308e4e2fbf4623f9afa112fc/gnocchi.d0d3c735-830a-4d4b-98f7-27e6bdd36a8a/none_v3" 201 - "PUT http://172.18.0.2:8080/d1/802/AUTH_f2ce6bfc308e4e2fbf4623f9afa112fc/gnocchi.d0d3c735-830a-4d4b-98f7-27e6bdd36a8a/none_v3" "tx02362bf6776a4ec28ebfd-00697c9f73" "object-server 22" 0.0008 "-" 23 0
Jan 30 12:09:23 standalone object-server[128454]: 172.20.0.100 - - [30/Jan/2026:12:09:23 +0000] "PUT /d1/802/AUTH_f2ce6bfc308e4e2fbf4623f9afa112fc/gnocchi.d0d3c735-830a-4d4b-98f7-27e6bdd36a8a/none_v3" 201 - "PUT http://172.18.0.2:8080/v1/AUTH_f2ce6bfc308e4e2fbf4623f9afa112fc/gnocchi.d0d3c735-830a-4d4b-98f7-27e6bdd36a8a/none_v3" "tx02362bf6776a4ec28ebfd-00697c9f73" "proxy-server 20" 0.0151 "-" 22 0
Jan 30 12:09:23 standalone proxy-server[130418]: 172.18.0.2 172.18.0.100 30/Jan/2026/12/09/23 PUT /v1/AUTH_f2ce6bfc308e4e2fbf4623f9afa112fc/gnocchi.d0d3c735-830a-4d4b-98f7-27e6bdd36a8a/none_v3 HTTP/1.0 201 - python-swiftclient-3.11.1 gAAAAABpfJ7zkMxm... 22 - - tx02362bf6776a4ec28ebfd-00697c9f73 - 0.0254 - - 1769774963.905868530 1769774963.931298256 0
Jan 30 12:09:24 standalone object-server[128452]: 172.20.0.100 - - [30/Jan/2026:12:09:24 +0000] "GET /d1/712/AUTH_f2ce6bfc308e4e2fbf4623f9afa112fc/gnocchi.f865be45-a264-41e1-afb8-4bf557c945c9/none_v3" 200 33 "GET http://172.18.0.2:8080/v1/AUTH_f2ce6bfc308e4e2fbf4623f9afa112fc/gnocchi.f865be45-a264-41e1-afb8-4bf557c945c9/none_v3" "tx55811935b1854c2eb117e-00697c9f74" "proxy-server 20" 0.0008 "-" 20 0
Jan 30 12:09:24 standalone proxy-server[130418]: 172.18.0.2 172.18.0.100 30/Jan/2026/12/09/24 GET /v1/AUTH_f2ce6bfc308e4e2fbf4623f9afa112fc/gnocchi.f865be45-a264-41e1-afb8-4bf557c945c9/none_v3 HTTP/1.0 200 - python-swiftclient-3.11.1 gAAAAABpfJ7zkMxm... - 33 - tx55811935b1854c2eb117e-00697c9f74 - 0.0074 - - 1769774964.026725054 1769774964.034164906 0
Jan 30 12:09:24 standalone container-server[128286]: 172.20.0.100 - - [30/Jan/2026:12:09:24 +0000] "GET /d1/1020/AUTH_f2ce6bfc308e4e2fbf4623f9afa112fc/gnocchi.f865be45-a264-41e1-afb8-4bf557c945c9" 200 357 "GET http://172.18.0.2:8080/v1/AUTH_f2ce6bfc308e4e2fbf4623f9afa112fc/gnocchi.f865be45-a264-41e1-afb8-4bf557c945c9?format=json&states=listing" "tx36214a38afc9450cb4110-00697c9f74" "proxy-server 20" 0.0039 "-" 21 0
Jan 30 12:09:24 standalone proxy-server[130418]: 172.18.0.2 172.18.0.100 30/Jan/2026/12/09/24 GET /v1/AUTH_f2ce6bfc308e4e2fbf4623f9afa112fc/gnocchi.f865be45-a264-41e1-afb8-4bf557c945c9%3Fformat%3Djson%26states%3Dlisting HTTP/1.0 200 - python-swiftclient-3.11.1 gAAAAABpfJ7zkMxm... - 357 - tx36214a38afc9450cb4110-00697c9f74 - 0.0106 - - 1769774964.037482262 1769774964.048109293 0
Jan 30 12:09:24 standalone container-server[128286]: 172.20.0.100 - - [30/Jan/2026:12:09:24 +0000] "GET /d1/1020/AUTH_f2ce6bfc308e4e2fbf4623f9afa112fc/gnocchi.f865be45-a264-41e1-afb8-4bf557c945c9" 200 2 "GET http://172.18.0.2:8080/v1/AUTH_f2ce6bfc308e4e2fbf4623f9afa112fc/gnocchi.f865be45-a264-41e1-afb8-4bf557c945c9?format=json&marker=none_v3&states=listing" "tx639ef584b74046428db55-00697c9f74" "proxy-server 20" 0.0033 "-" 21 0
Jan 30 12:09:24 standalone proxy-server[130418]: 172.18.0.2 172.18.0.100 30/Jan/2026/12/09/24 GET /v1/AUTH_f2ce6bfc308e4e2fbf4623f9afa112fc/gnocchi.f865be45-a264-41e1-afb8-4bf557c945c9%3Fformat%3Djson%26marker%3Dnone_v3%26states%3Dlisting HTTP/1.0 200 - python-swiftclient-3.11.1 gAAAAABpfJ7zkMxm... - 2 - tx639ef584b74046428db55-00697c9f74 - 0.0145 - - 1769774964.056855917 1769774964.071321964 0
Jan 30 12:09:24 standalone object-server[128454]: 172.20.0.100 - - [30/Jan/2026:12:09:24 +0000] "GET /d1/775/AUTH_f2ce6bfc308e4e2fbf4623f9afa112fc/gnocchi.f865be45-a264-41e1-afb8-4bf557c945c9/1769040000.0_mean_300.0_v3" 200 16 "GET http://172.18.0.2:8080/v1/AUTH_f2ce6bfc308e4e2fbf4623f9afa112fc/gnocchi.f865be45-a264-41e1-afb8-4bf557c945c9/1769040000.0_mean_300.0_v3" "tx76043dee7c1a4c7db2b73-00697c9f74" "proxy-server 20" 0.0008 "-" 22 0
Jan 30 12:09:24 standalone proxy-server[130418]: 172.18.0.2 172.18.0.100 30/Jan/2026/12/09/24 GET /v1/AUTH_f2ce6bfc308e4e2fbf4623f9afa112fc/gnocchi.f865be45-a264-41e1-afb8-4bf557c945c9/1769040000.0_mean_300.0_v3 HTTP/1.0 200 - python-swiftclient-3.11.1 gAAAAABpfJ7zkMxm... - 16 - tx76043dee7c1a4c7db2b73-00697c9f74 - 0.0094 - - 1769774964.075513601 1769774964.084891081 0
Jan 30 12:09:24 standalone container-server[128315]: 172.20.0.100 - - [30/Jan/2026:12:09:24 +0000] "PUT /d1/1020/AUTH_f2ce6bfc308e4e2fbf4623f9afa112fc/gnocchi.f865be45-a264-41e1-afb8-4bf557c945c9/1769040000.0_mean_300.0_v3" 201 - "PUT http://172.18.0.2:8080/d1/775/AUTH_f2ce6bfc308e4e2fbf4623f9afa112fc/gnocchi.f865be45-a264-41e1-afb8-4bf557c945c9/1769040000.0_mean_300.0_v3" "tx741202b453294d16981a6-00697c9f74" "object-server 22" 0.0006 "-" 23 0
Jan 30 12:09:24 standalone object-server[128454]: 172.20.0.100 - - [30/Jan/2026:12:09:24 +0000] "PUT /d1/775/AUTH_f2ce6bfc308e4e2fbf4623f9afa112fc/gnocchi.f865be45-a264-41e1-afb8-4bf557c945c9/1769040000.0_mean_300.0_v3" 201 - "PUT http://172.18.0.2:8080/v1/AUTH_f2ce6bfc308e4e2fbf4623f9afa112fc/gnocchi.f865be45-a264-41e1-afb8-4bf557c945c9/1769040000.0_mean_300.0_v3" "tx741202b453294d16981a6-00697c9f74" "proxy-server 20" 0.0107 "-" 22 0
Jan 30 12:09:24 standalone proxy-server[130418]: 172.18.0.2 172.18.0.100 30/Jan/2026/12/09/24 PUT /v1/AUTH_f2ce6bfc308e4e2fbf4623f9afa112fc/gnocchi.f865be45-a264-41e1-afb8-4bf557c945c9/1769040000.0_mean_300.0_v3 HTTP/1.0 201 - python-swiftclient-3.11.1 gAAAAABpfJ7zkMxm... 16 - - tx741202b453294d16981a6-00697c9f74 - 0.0177 - - 1769774964.088239908 1769774964.105906010 0
Jan 30 12:09:24 standalone container-server[128281]: 172.20.0.100 - - [30/Jan/2026:12:09:24 +0000] "PUT /d1/1020/AUTH_f2ce6bfc308e4e2fbf4623f9afa112fc/gnocchi.f865be45-a264-41e1-afb8-4bf557c945c9/none_v3" 201 - "PUT http://172.18.0.2:8080/d1/712/AUTH_f2ce6bfc308e4e2fbf4623f9afa112fc/gnocchi.f865be45-a264-41e1-afb8-4bf557c945c9/none_v3" "txd61eb9d6f5d948f899561-00697c9f74" "object-server 22" 0.0008 "-" 20 0
Jan 30 12:09:24 standalone object-server[128454]: 172.20.0.100 - - [30/Jan/2026:12:09:24 +0000] "PUT /d1/712/AUTH_f2ce6bfc308e4e2fbf4623f9afa112fc/gnocchi.f865be45-a264-41e1-afb8-4bf557c945c9/none_v3" 201 - "PUT http://172.18.0.2:8080/v1/AUTH_f2ce6bfc308e4e2fbf4623f9afa112fc/gnocchi.f865be45-a264-41e1-afb8-4bf557c945c9/none_v3" "txd61eb9d6f5d948f899561-00697c9f74" "proxy-server 20" 0.0169 "-" 22 0
Jan 30 12:09:24 standalone proxy-server[130418]: 172.18.0.2 172.18.0.100 30/Jan/2026/12/09/24 PUT /v1/AUTH_f2ce6bfc308e4e2fbf4623f9afa112fc/gnocchi.f865be45-a264-41e1-afb8-4bf557c945c9/none_v3 HTTP/1.0 201 - python-swiftclient-3.11.1 gAAAAABpfJ7zkMxm... 48 - - txd61eb9d6f5d948f899561-00697c9f74 - 0.0283 - - 1769774964.109960556 1769774964.138275385 0
Jan 30 12:09:24 standalone object-server[128453]: 172.20.0.100 - - [30/Jan/2026:12:09:24 +0000] "GET /d1/430/AUTH_f2ce6bfc308e4e2fbf4623f9afa112fc/gnocchi.30141c8a-32b3-4692-82ee-3d0d732e97a3/none_v3" 200 33 "GET http://172.18.0.2:8080/v1/AUTH_f2ce6bfc308e4e2fbf4623f9afa112fc/gnocchi.30141c8a-32b3-4692-82ee-3d0d732e97a3/none_v3" "tx218743e09a3f409da69fa-00697c9f74" "proxy-server 20" 0.0008 "-" 21 0
Jan 30 12:09:24 standalone proxy-server[130418]: 172.18.0.2 172.18.0.100 30/Jan/2026/12/09/24 GET /v1/AUTH_f2ce6bfc308e4e2fbf4623f9afa112fc/gnocchi.30141c8a-32b3-4692-82ee-3d0d732e97a3/none_v3 HTTP/1.0 200 - python-swiftclient-3.11.1 gAAAAABpfJ7zkMxm... - 33 - tx218743e09a3f409da69fa-00697c9f74 - 0.0108 - - 1769774964.229128361 1769774964.239923000 0
Jan 30 12:09:24 standalone container-server[128286]: 172.20.0.100 - - [30/Jan/2026:12:09:24 +0000] "GET /d1/663/AUTH_f2ce6bfc308e4e2fbf4623f9afa112fc/gnocchi.30141c8a-32b3-4692-82ee-3d0d732e97a3" 200 357 "GET http://172.18.0.2:8080/v1/AUTH_f2ce6bfc308e4e2fbf4623f9afa112fc/gnocchi.30141c8a-32b3-4692-82ee-3d0d732e97a3?format=json&states=listing" "tx89c3652eb8bb43b6bf423-00697c9f74" "proxy-server 20" 0.0037 "-" 21 0
Jan 30 12:09:24 standalone proxy-server[130418]: 172.18.0.2 172.18.0.100 30/Jan/2026/12/09/24 GET /v1/AUTH_f2ce6bfc308e4e2fbf4623f9afa112fc/gnocchi.30141c8a-32b3-4692-82ee-3d0d732e97a3%3Fformat%3Djson%26states%3Dlisting HTTP/1.0 200 - python-swiftclient-3.11.1 gAAAAABpfJ7zkMxm... - 357 - tx89c3652eb8bb43b6bf423-00697c9f74 - 0.0133 - - 1769774964.243457317 1769774964.256725788 0
Jan 30 12:09:24 standalone container-server[128281]: 172.20.0.100 - - [30/Jan/2026:12:09:24 +0000] "GET /d1/663/AUTH_f2ce6bfc308e4e2fbf4623f9afa112fc/gnocchi.30141c8a-32b3-4692-82ee-3d0d732e97a3" 200 2 "GET http://172.18.0.2:8080/v1/AUTH_f2ce6bfc308e4e2fbf4623f9afa112fc/gnocchi.30141c8a-32b3-4692-82ee-3d0d732e97a3?format=json&marker=none_v3&states=listing" "tx47ea3c5110f14820bed8e-00697c9f74" "proxy-server 20" 0.0036 "-" 20 0
Jan 30 12:09:24 standalone proxy-server[130418]: 172.18.0.2 172.18.0.100 30/Jan/2026/12/09/24 GET /v1/AUTH_f2ce6bfc308e4e2fbf4623f9afa112fc/gnocchi.30141c8a-32b3-4692-82ee-3d0d732e97a3%3Fformat%3Djson%26marker%3Dnone_v3%26states%3Dlisting HTTP/1.0 200 - python-swiftclient-3.11.1 gAAAAABpfJ7zkMxm... - 2 - tx47ea3c5110f14820bed8e-00697c9f74 - 0.0169 - - 1769774964.259290457 1769774964.276187658 0
Jan 30 12:09:24 standalone object-server[128452]: 172.20.0.100 - - [30/Jan/2026:12:09:24 +0000] "GET /d1/664/AUTH_f2ce6bfc308e4e2fbf4623f9afa112fc/gnocchi.30141c8a-32b3-4692-82ee-3d0d732e97a3/1769040000.0_mean_300.0_v3" 200 16 "GET http://172.18.0.2:8080/v1/AUTH_f2ce6bfc308e4e2fbf4623f9afa112fc/gnocchi.30141c8a-32b3-4692-82ee-3d0d732e97a3/1769040000.0_mean_300.0_v3" "txf8806113496c4e92bcf59-00697c9f74" "proxy-server 20" 0.0006 "-" 20 0
Jan 30 12:09:24 standalone proxy-server[130418]: 172.18.0.2 172.18.0.100 30/Jan/2026/12/09/24 GET /v1/AUTH_f2ce6bfc308e4e2fbf4623f9afa112fc/gnocchi.30141c8a-32b3-4692-82ee-3d0d732e97a3/1769040000.0_mean_300.0_v3 HTTP/1.0 200 - python-swiftclient-3.11.1 gAAAAABpfJ7zkMxm... - 16 - txf8806113496c4e92bcf59-00697c9f74 - 0.0114 - - 1769774964.279299021 1769774964.290748358 0
Jan 30 12:09:24 standalone container-server[128286]: 172.20.0.100 - - [30/Jan/2026:12:09:24 +0000] "PUT /d1/663/AUTH_f2ce6bfc308e4e2fbf4623f9afa112fc/gnocchi.30141c8a-32b3-4692-82ee-3d0d732e97a3/1769040000.0_mean_300.0_v3" 201 - "PUT http://172.18.0.2:8080/d1/664/AUTH_f2ce6bfc308e4e2fbf4623f9afa112fc/gnocchi.30141c8a-32b3-4692-82ee-3d0d732e97a3/1769040000.0_mean_300.0_v3" "tx46c236e27ede41d997df1-00697c9f74" "object-server 21" 0.0008 "-" 21 0
Jan 30 12:09:24 standalone object-server[128453]: 172.20.0.100 - - [30/Jan/2026:12:09:24 +0000] "PUT /d1/664/AUTH_f2ce6bfc308e4e2fbf4623f9afa112fc/gnocchi.30141c8a-32b3-4692-82ee-3d0d732e97a3/1769040000.0_mean_300.0_v3" 201 - "PUT http://172.18.0.2:8080/v1/AUTH_f2ce6bfc308e4e2fbf4623f9afa112fc/gnocchi.30141c8a-32b3-4692-82ee-3d0d732e97a3/1769040000.0_mean_300.0_v3" "tx46c236e27ede41d997df1-00697c9f74" "proxy-server 20" 0.0144 "-" 21 0
Jan 30 12:09:24 standalone proxy-server[130418]: 172.18.0.2 172.18.0.100 30/Jan/2026/12/09/24 PUT /v1/AUTH_f2ce6bfc308e4e2fbf4623f9afa112fc/gnocchi.30141c8a-32b3-4692-82ee-3d0d732e97a3/1769040000.0_mean_300.0_v3 HTTP/1.0 201 - python-swiftclient-3.11.1 gAAAAABpfJ7zkMxm... 16 - - tx46c236e27ede41d997df1-00697c9f74 - 0.0234 - - 1769774964.297675848 1769774964.321084261 0
Jan 30 12:09:24 standalone container-server[128281]: 172.20.0.100 - - [30/Jan/2026:12:09:24 +0000] "PUT /d1/663/AUTH_f2ce6bfc308e4e2fbf4623f9afa112fc/gnocchi.30141c8a-32b3-4692-82ee-3d0d732e97a3/none_v3" 201 - "PUT http://172.18.0.2:8080/d1/430/AUTH_f2ce6bfc308e4e2fbf4623f9afa112fc/gnocchi.30141c8a-32b3-4692-82ee-3d0d732e97a3/none_v3" "tx5e4631607e1b4480bb467-00697c9f74" "object-server 22" 0.0007 "-" 20 0
Jan 30 12:09:24 standalone object-server[128454]: 172.20.0.100 - - [30/Jan/2026:12:09:24 +0000] "PUT /d1/430/AUTH_f2ce6bfc308e4e2fbf4623f9afa112fc/gnocchi.30141c8a-32b3-4692-82ee-3d0d732e97a3/none_v3" 201 - "PUT http://172.18.0.2:8080/v1/AUTH_f2ce6bfc308e4e2fbf4623f9afa112fc/gnocchi.30141c8a-32b3-4692-82ee-3d0d732e97a3/none_v3" "tx5e4631607e1b4480bb467-00697c9f74" "proxy-server 20" 0.0115 "-" 22 0
Jan 30 12:09:24 standalone proxy-server[130418]: 172.18.0.2 172.18.0.100 30/Jan/2026/12/09/24 PUT /v1/AUTH_f2ce6bfc308e4e2fbf4623f9afa112fc/gnocchi.30141c8a-32b3-4692-82ee-3d0d732e97a3/none_v3 HTTP/1.0 201 - python-swiftclient-3.11.1 gAAAAABpfJ7zkMxm... 48 - - tx5e4631607e1b4480bb467-00697c9f74 - 0.0221 - - 1769774964.324132919 1769774964.346262217 0
Jan 30 12:09:25 standalone object-server[128455]: 172.20.0.100 - - [30/Jan/2026:12:09:25 +0000] "GET /d1/802/AUTH_f2ce6bfc308e4e2fbf4623f9afa112fc/gnocchi.d0d3c735-830a-4d4b-98f7-27e6bdd36a8a/none_v3" 200 22 "GET http://172.18.0.2:8080/v1/AUTH_f2ce6bfc308e4e2fbf4623f9afa112fc/gnocchi.d0d3c735-830a-4d4b-98f7-27e6bdd36a8a/none_v3" "txdc2ce0e21bbe4f0692aa3-00697c9f75" "proxy-server 20" 0.0015 "-" 23 0
Jan 30 12:09:25 standalone proxy-server[130418]: 172.18.0.2 172.18.0.100 30/Jan/2026/12/09/25 GET /v1/AUTH_f2ce6bfc308e4e2fbf4623f9afa112fc/gnocchi.d0d3c735-830a-4d4b-98f7-27e6bdd36a8a/none_v3 HTTP/1.0 200 - python-swiftclient-3.11.1 gAAAAABpfJ7zkMxm... - 22 - txdc2ce0e21bbe4f0692aa3-00697c9f75 - 0.0134 - - 1769774965.378304005 1769774965.391670465 0
Jan 30 12:09:25 standalone container-server[128281]: 172.20.0.100 - - [30/Jan/2026:12:09:25 +0000] "GET /d1/475/AUTH_f2ce6bfc308e4e2fbf4623f9afa112fc/gnocchi.d0d3c735-830a-4d4b-98f7-27e6bdd36a8a" 200 357 "GET http://172.18.0.2:8080/v1/AUTH_f2ce6bfc308e4e2fbf4623f9afa112fc/gnocchi.d0d3c735-830a-4d4b-98f7-27e6bdd36a8a?format=json&states=listing" "tx67fc62305a3e4db5a370d-00697c9f75" "proxy-server 20" 0.0130 "-" 20 0
Jan 30 12:09:25 standalone proxy-server[130418]: 172.18.0.2 172.18.0.100 30/Jan/2026/12/09/25 GET /v1/AUTH_f2ce6bfc308e4e2fbf4623f9afa112fc/gnocchi.d0d3c735-830a-4d4b-98f7-27e6bdd36a8a%3Fformat%3Djson%26states%3Dlisting HTTP/1.0 200 - python-swiftclient-3.11.1 gAAAAABpfJ7zkMxm... - 357 - tx67fc62305a3e4db5a370d-00697c9f75 - 0.0242 - - 1769774965.396155357 1769774965.420313835 0
Jan 30 12:09:25 standalone container-server[128281]: 172.20.0.100 - - [30/Jan/2026:12:09:25 +0000] "GET /d1/475/AUTH_f2ce6bfc308e4e2fbf4623f9afa112fc/gnocchi.d0d3c735-830a-4d4b-98f7-27e6bdd36a8a" 200 2 "GET http://172.18.0.2:8080/v1/AUTH_f2ce6bfc308e4e2fbf4623f9afa112fc/gnocchi.d0d3c735-830a-4d4b-98f7-27e6bdd36a8a?format=json&marker=none_v3&states=listing" "tx76f76f5aca8a4fa9aff98-00697c9f75" "proxy-server 20" 0.0022 "-" 20 0
Jan 30 12:09:25 standalone proxy-server[130418]: 172.18.0.2 172.18.0.100 30/Jan/2026/12/09/25 GET /v1/AUTH_f2ce6bfc308e4e2fbf4623f9afa112fc/gnocchi.d0d3c735-830a-4d4b-98f7-27e6bdd36a8a%3Fformat%3Djson%26marker%3Dnone_v3%26states%3Dlisting HTTP/1.0 200 - python-swiftclient-3.11.1 gAAAAABpfJ7zkMxm... - 2 - tx76f76f5aca8a4fa9aff98-00697c9f75 - 0.0098 - - 1769774965.423814774 1769774965.433577061 0
Jan 30 12:09:25 standalone object-server[128452]: 172.20.0.100 - - [30/Jan/2026:12:09:25 +0000] "GET /d1/207/AUTH_f2ce6bfc308e4e2fbf4623f9afa112fc/gnocchi.d0d3c735-830a-4d4b-98f7-27e6bdd36a8a/1769040000.0_mean_300.0_v3" 200 16 "GET http://172.18.0.2:8080/v1/AUTH_f2ce6bfc308e4e2fbf4623f9afa112fc/gnocchi.d0d3c735-830a-4d4b-98f7-27e6bdd36a8a/1769040000.0_mean_300.0_v3" "tx6e7fbef689eb4f2d8a043-00697c9f75" "proxy-server 20" 0.0012 "-" 20 0
Jan 30 12:09:25 standalone proxy-server[130418]: 172.18.0.2 172.18.0.100 30/Jan/2026/12/09/25 GET /v1/AUTH_f2ce6bfc308e4e2fbf4623f9afa112fc/gnocchi.d0d3c735-830a-4d4b-98f7-27e6bdd36a8a/1769040000.0_mean_300.0_v3 HTTP/1.0 200 - python-swiftclient-3.11.1 gAAAAABpfJ7zkMxm... - 16 - tx6e7fbef689eb4f2d8a043-00697c9f75 - 0.0092 - - 1769774965.436863184 1769774965.446046114 0
Jan 30 12:09:25 standalone container-server[128281]: 172.20.0.100 - - [30/Jan/2026:12:09:25 +0000] "PUT /d1/475/AUTH_f2ce6bfc308e4e2fbf4623f9afa112fc/gnocchi.d0d3c735-830a-4d4b-98f7-27e6bdd36a8a/1769040000.0_mean_300.0_v3" 201 - "PUT http://172.18.0.2:8080/d1/207/AUTH_f2ce6bfc308e4e2fbf4623f9afa112fc/gnocchi.d0d3c735-830a-4d4b-98f7-27e6bdd36a8a/1769040000.0_mean_300.0_v3" "txc97d1ab035684c558cf40-00697c9f75" "object-server 23" 0.0006 "-" 20 0
Jan 30 12:09:25 standalone object-server[128455]: 172.20.0.100 - - [30/Jan/2026:12:09:25 +0000] "PUT /d1/207/AUTH_f2ce6bfc308e4e2fbf4623f9afa112fc/gnocchi.d0d3c735-830a-4d4b-98f7-27e6bdd36a8a/1769040000.0_mean_300.0_v3" 201 - "PUT http://172.18.0.2:8080/v1/AUTH_f2ce6bfc308e4e2fbf4623f9afa112fc/gnocchi.d0d3c735-830a-4d4b-98f7-27e6bdd36a8a/1769040000.0_mean_300.0_v3" "txc97d1ab035684c558cf40-00697c9f75" "proxy-server 20" 0.0106 "-" 23 0
Jan 30 12:09:25 standalone proxy-server[130418]: 172.18.0.2 172.18.0.100 30/Jan/2026/12/09/25 PUT /v1/AUTH_f2ce6bfc308e4e2fbf4623f9afa112fc/gnocchi.d0d3c735-830a-4d4b-98f7-27e6bdd36a8a/1769040000.0_mean_300.0_v3 HTTP/1.0 201 - python-swiftclient-3.11.1 gAAAAABpfJ7zkMxm... 16 - - txc97d1ab035684c558cf40-00697c9f75 - 0.0181 - - 1769774965.448832035 1769774965.466912031 0
Jan 30 12:09:25 standalone container-server[128286]: 172.20.0.100 - - [30/Jan/2026:12:09:25 +0000] "PUT /d1/475/AUTH_f2ce6bfc308e4e2fbf4623f9afa112fc/gnocchi.d0d3c735-830a-4d4b-98f7-27e6bdd36a8a/none_v3" 201 - "PUT http://172.18.0.2:8080/d1/802/AUTH_f2ce6bfc308e4e2fbf4623f9afa112fc/gnocchi.d0d3c735-830a-4d4b-98f7-27e6bdd36a8a/none_v3" "txf4926a7531ea462ebf95d-00697c9f75" "object-server 20" 0.0006 "-" 21 0
Jan 30 12:09:25 standalone object-server[128452]: 172.20.0.100 - - [30/Jan/2026:12:09:25 +0000] "PUT /d1/802/AUTH_f2ce6bfc308e4e2fbf4623f9afa112fc/gnocchi.d0d3c735-830a-4d4b-98f7-27e6bdd36a8a/none_v3" 201 - "PUT http://172.18.0.2:8080/v1/AUTH_f2ce6bfc308e4e2fbf4623f9afa112fc/gnocchi.d0d3c735-830a-4d4b-98f7-27e6bdd36a8a/none_v3" "txf4926a7531ea462ebf95d-00697c9f75" "proxy-server 20" 0.0095 "-" 20 0
Jan 30 12:09:25 standalone proxy-server[130418]: 172.18.0.2 172.18.0.100 30/Jan/2026/12/09/25 PUT /v1/AUTH_f2ce6bfc308e4e2fbf4623f9afa112fc/gnocchi.d0d3c735-830a-4d4b-98f7-27e6bdd36a8a/none_v3 HTTP/1.0 201 - python-swiftclient-3.11.1 gAAAAABpfJ7zkMxm... 31 - - txf4926a7531ea462ebf95d-00697c9f75 - 0.0174 - - 1769774965.471529722 1769774965.488968849 0
Jan 30 12:09:33 standalone object-server[128452]: 172.20.0.100 - - [30/Jan/2026:12:09:33 +0000] "GET /d1/802/AUTH_f2ce6bfc308e4e2fbf4623f9afa112fc/gnocchi.d0d3c735-830a-4d4b-98f7-27e6bdd36a8a/none_v3" 200 31 "GET http://172.18.0.2:8080/v1/AUTH_f2ce6bfc308e4e2fbf4623f9afa112fc/gnocchi.d0d3c735-830a-4d4b-98f7-27e6bdd36a8a/none_v3" "tx3ab794ef17c2472aa599e-00697c9f7d" "proxy-server 20" 0.0010 "-" 20 0
Jan 30 12:09:33 standalone proxy-server[130418]: 172.18.0.2 172.18.0.100 30/Jan/2026/12/09/33 GET /v1/AUTH_f2ce6bfc308e4e2fbf4623f9afa112fc/gnocchi.d0d3c735-830a-4d4b-98f7-27e6bdd36a8a/none_v3 HTTP/1.0 200 - python-swiftclient-3.11.1 gAAAAABpfJ7zkMxm... - 31 - tx3ab794ef17c2472aa599e-00697c9f7d - 0.0099 - - 1769774973.855169773 1769774973.865025759 0
Jan 30 12:09:33 standalone container-server[128281]: 172.20.0.100 - - [30/Jan/2026:12:09:33 +0000] "GET /d1/475/AUTH_f2ce6bfc308e4e2fbf4623f9afa112fc/gnocchi.d0d3c735-830a-4d4b-98f7-27e6bdd36a8a" 200 357 "GET http://172.18.0.2:8080/v1/AUTH_f2ce6bfc308e4e2fbf4623f9afa112fc/gnocchi.d0d3c735-830a-4d4b-98f7-27e6bdd36a8a?format=json&states=listing" "tx94904cd45e304ca5b97c3-00697c9f7d" "proxy-server 20" 0.0093 "-" 20 0
Jan 30 12:09:33 standalone proxy-server[130418]: 172.18.0.2 172.18.0.100 30/Jan/2026/12/09/33 GET /v1/AUTH_f2ce6bfc308e4e2fbf4623f9afa112fc/gnocchi.d0d3c735-830a-4d4b-98f7-27e6bdd36a8a%3Fformat%3Djson%26states%3Dlisting HTTP/1.0 200 - python-swiftclient-3.11.1 gAAAAABpfJ7zkMxm... - 357 - tx94904cd45e304ca5b97c3-00697c9f7d - 0.0191 - - 1769774973.871608734 1769774973.890688658 0
Jan 30 12:09:33 standalone container-server[128281]: 172.20.0.100 - - [30/Jan/2026:12:09:33 +0000] "GET /d1/475/AUTH_f2ce6bfc308e4e2fbf4623f9afa112fc/gnocchi.d0d3c735-830a-4d4b-98f7-27e6bdd36a8a" 200 2 "GET http://172.18.0.2:8080/v1/AUTH_f2ce6bfc308e4e2fbf4623f9afa112fc/gnocchi.d0d3c735-830a-4d4b-98f7-27e6bdd36a8a?format=json&marker=none_v3&states=listing" "txe3b0a1aa751141feadb64-00697c9f7d" "proxy-server 20" 0.0036 "-" 20 0
Jan 30 12:09:33 standalone proxy-server[130418]: 172.18.0.2 172.18.0.100 30/Jan/2026/12/09/33 GET /v1/AUTH_f2ce6bfc308e4e2fbf4623f9afa112fc/gnocchi.d0d3c735-830a-4d4b-98f7-27e6bdd36a8a%3Fformat%3Djson%26marker%3Dnone_v3%26states%3Dlisting HTTP/1.0 200 - python-swiftclient-3.11.1 gAAAAABpfJ7zkMxm... - 2 - txe3b0a1aa751141feadb64-00697c9f7d - 0.0123 - - 1769774973.895044088 1769774973.907373905 0
Jan 30 12:09:33 standalone object-server[128454]: 172.20.0.100 - - [30/Jan/2026:12:09:33 +0000] "GET /d1/207/AUTH_f2ce6bfc308e4e2fbf4623f9afa112fc/gnocchi.d0d3c735-830a-4d4b-98f7-27e6bdd36a8a/1769040000.0_mean_300.0_v3" 200 16 "GET http://172.18.0.2:8080/v1/AUTH_f2ce6bfc308e4e2fbf4623f9afa112fc/gnocchi.d0d3c735-830a-4d4b-98f7-27e6bdd36a8a/1769040000.0_mean_300.0_v3" "tx314f182ee65b4520977f9-00697c9f7d" "proxy-server 20" 0.0011 "-" 22 0
Jan 30 12:09:33 standalone proxy-server[130418]: 172.18.0.2 172.18.0.100 30/Jan/2026/12/09/33 GET /v1/AUTH_f2ce6bfc308e4e2fbf4623f9afa112fc/gnocchi.d0d3c735-830a-4d4b-98f7-27e6bdd36a8a/1769040000.0_mean_300.0_v3 HTTP/1.0 200 - python-swiftclient-3.11.1 gAAAAABpfJ7zkMxm... - 16 - tx314f182ee65b4520977f9-00697c9f7d - 0.0105 - - 1769774973.912828922 1769774973.923326731 0
Jan 30 12:09:33 standalone container-server[128299]: 172.20.0.100 - - [30/Jan/2026:12:09:33 +0000] "PUT /d1/475/AUTH_f2ce6bfc308e4e2fbf4623f9afa112fc/gnocchi.d0d3c735-830a-4d4b-98f7-27e6bdd36a8a/1769040000.0_mean_300.0_v3" 201 - "PUT http://172.18.0.2:8080/d1/207/AUTH_f2ce6bfc308e4e2fbf4623f9afa112fc/gnocchi.d0d3c735-830a-4d4b-98f7-27e6bdd36a8a/1769040000.0_mean_300.0_v3" "tx98db7d4390ed43c68cbe4-00697c9f7d" "object-server 23" 0.0007 "-" 22 0
Jan 30 12:09:33 standalone object-server[128455]: 172.20.0.100 - - [30/Jan/2026:12:09:33 +0000] "PUT /d1/207/AUTH_f2ce6bfc308e4e2fbf4623f9afa112fc/gnocchi.d0d3c735-830a-4d4b-98f7-27e6bdd36a8a/1769040000.0_mean_300.0_v3" 201 - "PUT http://172.18.0.2:8080/v1/AUTH_f2ce6bfc308e4e2fbf4623f9afa112fc/gnocchi.d0d3c735-830a-4d4b-98f7-27e6bdd36a8a/1769040000.0_mean_300.0_v3" "tx98db7d4390ed43c68cbe4-00697c9f7d" "proxy-server 20" 0.0110 "-" 23 0
Jan 30 12:09:33 standalone proxy-server[130418]: 172.18.0.2 172.18.0.100 30/Jan/2026/12/09/33 PUT /v1/AUTH_f2ce6bfc308e4e2fbf4623f9afa112fc/gnocchi.d0d3c735-830a-4d4b-98f7-27e6bdd36a8a/1769040000.0_mean_300.0_v3 HTTP/1.0 201 - python-swiftclient-3.11.1 gAAAAABpfJ7zkMxm... 16 - - tx98db7d4390ed43c68cbe4-00697c9f7d - 0.0193 - - 1769774973.939975023 1769774973.959262133 0
Jan 30 12:09:34 standalone container-server[128281]: 172.20.0.100 - - [30/Jan/2026:12:09:34 +0000] "PUT /d1/475/AUTH_f2ce6bfc308e4e2fbf4623f9afa112fc/gnocchi.d0d3c735-830a-4d4b-98f7-27e6bdd36a8a/none_v3" 201 - "PUT http://172.18.0.2:8080/d1/802/AUTH_f2ce6bfc308e4e2fbf4623f9afa112fc/gnocchi.d0d3c735-830a-4d4b-98f7-27e6bdd36a8a/none_v3" "txa5b0ea4356454e14bbc09-00697c9f7d" "object-server 21" 0.0011 "-" 20 0
Jan 30 12:09:34 standalone object-server[128453]: 172.20.0.100 - - [30/Jan/2026:12:09:34 +0000] "PUT /d1/802/AUTH_f2ce6bfc308e4e2fbf4623f9afa112fc/gnocchi.d0d3c735-830a-4d4b-98f7-27e6bdd36a8a/none_v3" 201 - "PUT http://172.18.0.2:8080/v1/AUTH_f2ce6bfc308e4e2fbf4623f9afa112fc/gnocchi.d0d3c735-830a-4d4b-98f7-27e6bdd36a8a/none_v3" "txa5b0ea4356454e14bbc09-00697c9f7d" "proxy-server 20" 0.0384 "-" 21 0
Jan 30 12:09:34 standalone proxy-server[130418]: 172.18.0.2 172.18.0.100 30/Jan/2026/12/09/34 PUT /v1/AUTH_f2ce6bfc308e4e2fbf4623f9afa112fc/gnocchi.d0d3c735-830a-4d4b-98f7-27e6bdd36a8a/none_v3 HTTP/1.0 201 - python-swiftclient-3.11.1 gAAAAABpfJ7zkMxm... 46 - - txa5b0ea4356454e14bbc09-00697c9f7d - 0.0478 - - 1769774973.963940144 1769774974.011709452 0
Jan 30 12:09:34 standalone object-server[128453]: 172.20.0.100 - - [30/Jan/2026:12:09:34 +0000] "GET /d1/802/AUTH_f2ce6bfc308e4e2fbf4623f9afa112fc/gnocchi.d0d3c735-830a-4d4b-98f7-27e6bdd36a8a/none_v3" 200 46 "GET http://172.18.0.2:8080/v1/AUTH_f2ce6bfc308e4e2fbf4623f9afa112fc/gnocchi.d0d3c735-830a-4d4b-98f7-27e6bdd36a8a/none_v3" "txd9078efef3724fa599a0d-00697c9f7e" "proxy-server 20" 0.0008 "-" 21 0
Jan 30 12:09:34 standalone proxy-server[130418]: 172.18.0.2 172.18.0.100 30/Jan/2026/12/09/34 GET /v1/AUTH_f2ce6bfc308e4e2fbf4623f9afa112fc/gnocchi.d0d3c735-830a-4d4b-98f7-27e6bdd36a8a/none_v3 HTTP/1.0 200 - python-swiftclient-3.11.1 gAAAAABpfJ7zkMxm... - 46 - txd9078efef3724fa599a0d-00697c9f7e - 0.0062 - - 1769774974.618363142 1769774974.624577522 0
Jan 30 12:09:34 standalone container-server[128281]: 172.20.0.100 - - [30/Jan/2026:12:09:34 +0000] "GET /d1/475/AUTH_f2ce6bfc308e4e2fbf4623f9afa112fc/gnocchi.d0d3c735-830a-4d4b-98f7-27e6bdd36a8a" 200 357 "GET http://172.18.0.2:8080/v1/AUTH_f2ce6bfc308e4e2fbf4623f9afa112fc/gnocchi.d0d3c735-830a-4d4b-98f7-27e6bdd36a8a?format=json&states=listing" "tx505ec31b5f304352a7aa2-00697c9f7e" "proxy-server 20" 0.0079 "-" 20 0
Jan 30 12:09:34 standalone proxy-server[130418]: 172.18.0.2 172.18.0.100 30/Jan/2026/12/09/34 GET /v1/AUTH_f2ce6bfc308e4e2fbf4623f9afa112fc/gnocchi.d0d3c735-830a-4d4b-98f7-27e6bdd36a8a%3Fformat%3Djson%26states%3Dlisting HTTP/1.0 200 - python-swiftclient-3.11.1 gAAAAABpfJ7zkMxm... - 357 - tx505ec31b5f304352a7aa2-00697c9f7e - 0.0158 - - 1769774974.629971981 1769774974.645735264 0
Jan 30 12:09:34 standalone container-server[128315]: 172.20.0.100 - - [30/Jan/2026:12:09:34 +0000] "GET /d1/475/AUTH_f2ce6bfc308e4e2fbf4623f9afa112fc/gnocchi.d0d3c735-830a-4d4b-98f7-27e6bdd36a8a" 200 2 "GET http://172.18.0.2:8080/v1/AUTH_f2ce6bfc308e4e2fbf4623f9afa112fc/gnocchi.d0d3c735-830a-4d4b-98f7-27e6bdd36a8a?format=json&marker=none_v3&states=listing" "tx574ff311e5934ca1b0eb1-00697c9f7e" "proxy-server 20" 0.0027 "-" 23 0
Jan 30 12:09:34 standalone proxy-server[130418]: 172.18.0.2 172.18.0.100 30/Jan/2026/12/09/34 GET /v1/AUTH_f2ce6bfc308e4e2fbf4623f9afa112fc/gnocchi.d0d3c735-830a-4d4b-98f7-27e6bdd36a8a%3Fformat%3Djson%26marker%3Dnone_v3%26states%3Dlisting HTTP/1.0 200 - python-swiftclient-3.11.1 gAAAAABpfJ7zkMxm... - 2 - tx574ff311e5934ca1b0eb1-00697c9f7e - 0.0099 - - 1769774974.650956392 1769774974.660808802 0
Jan 30 12:09:34 standalone object-server[128453]: 172.20.0.100 - - [30/Jan/2026:12:09:34 +0000] "GET /d1/207/AUTH_f2ce6bfc308e4e2fbf4623f9afa112fc/gnocchi.d0d3c735-830a-4d4b-98f7-27e6bdd36a8a/1769040000.0_mean_300.0_v3" 200 16 "GET http://172.18.0.2:8080/v1/AUTH_f2ce6bfc308e4e2fbf4623f9afa112fc/gnocchi.d0d3c735-830a-4d4b-98f7-27e6bdd36a8a/1769040000.0_mean_300.0_v3" "tx32fda74dc41441daaa743-00697c9f7e" "proxy-server 20" 0.0007 "-" 21 0
Jan 30 12:09:34 standalone proxy-server[130418]: 172.18.0.2 172.18.0.100 30/Jan/2026/12/09/34 GET /v1/AUTH_f2ce6bfc308e4e2fbf4623f9afa112fc/gnocchi.d0d3c735-830a-4d4b-98f7-27e6bdd36a8a/1769040000.0_mean_300.0_v3 HTTP/1.0 200 - python-swiftclient-3.11.1 gAAAAABpfJ7zkMxm... - 16 - tx32fda74dc41441daaa743-00697c9f7e - 0.0059 - - 1769774974.667506218 1769774974.673415899 0
Jan 30 12:09:34 standalone container-server[128281]: 172.20.0.100 - - [30/Jan/2026:12:09:34 +0000] "PUT /d1/475/AUTH_f2ce6bfc308e4e2fbf4623f9afa112fc/gnocchi.d0d3c735-830a-4d4b-98f7-27e6bdd36a8a/1769040000.0_mean_300.0_v3" 201 - "PUT http://172.18.0.2:8080/d1/207/AUTH_f2ce6bfc308e4e2fbf4623f9afa112fc/gnocchi.d0d3c735-830a-4d4b-98f7-27e6bdd36a8a/1769040000.0_mean_300.0_v3" "tx3dd870c1206a438fb941f-00697c9f7e" "object-server 23" 0.0005 "-" 20 0
Jan 30 12:09:34 standalone object-server[128455]: 172.20.0.100 - - [30/Jan/2026:12:09:34 +0000] "PUT /d1/207/AUTH_f2ce6bfc308e4e2fbf4623f9afa112fc/gnocchi.d0d3c735-830a-4d4b-98f7-27e6bdd36a8a/1769040000.0_mean_300.0_v3" 201 - "PUT http://172.18.0.2:8080/v1/AUTH_f2ce6bfc308e4e2fbf4623f9afa112fc/gnocchi.d0d3c735-830a-4d4b-98f7-27e6bdd36a8a/1769040000.0_mean_300.0_v3" "tx3dd870c1206a438fb941f-00697c9f7e" "proxy-server 20" 0.0207 "-" 23 0
Jan 30 12:09:34 standalone proxy-server[130418]: 172.18.0.2 172.18.0.100 30/Jan/2026/12/09/34 PUT /v1/AUTH_f2ce6bfc308e4e2fbf4623f9afa112fc/gnocchi.d0d3c735-830a-4d4b-98f7-27e6bdd36a8a/1769040000.0_mean_300.0_v3 HTTP/1.0 201 - python-swiftclient-3.11.1 gAAAAABpfJ7zkMxm... 16 - - tx3dd870c1206a438fb941f-00697c9f7e - 0.0336 - - 1769774974.684506893 1769774974.718069077 0
Jan 30 12:09:34 standalone container-server[128299]: 172.20.0.100 - - [30/Jan/2026:12:09:34 +0000] "PUT /d1/475/AUTH_f2ce6bfc308e4e2fbf4623f9afa112fc/gnocchi.d0d3c735-830a-4d4b-98f7-27e6bdd36a8a/none_v3" 201 - "PUT http://172.18.0.2:8080/d1/802/AUTH_f2ce6bfc308e4e2fbf4623f9afa112fc/gnocchi.d0d3c735-830a-4d4b-98f7-27e6bdd36a8a/none_v3" "tx6ac582f4d4fc4b16be65c-00697c9f7e" "object-server 20" 0.0005 "-" 22 0
Jan 30 12:09:34 standalone object-server[128452]: 172.20.0.100 - - [30/Jan/2026:12:09:34 +0000] "PUT /d1/802/AUTH_f2ce6bfc308e4e2fbf4623f9afa112fc/gnocchi.d0d3c735-830a-4d4b-98f7-27e6bdd36a8a/none_v3" 201 - "PUT http://172.18.0.2:8080/v1/AUTH_f2ce6bfc308e4e2fbf4623f9afa112fc/gnocchi.d0d3c735-830a-4d4b-98f7-27e6bdd36a8a/none_v3" "tx6ac582f4d4fc4b16be65c-00697c9f7e" "proxy-server 20" 0.0102 "-" 20 0
Jan 30 12:09:34 standalone proxy-server[130418]: 172.18.0.2 172.18.0.100 30/Jan/2026/12/09/34 PUT /v1/AUTH_f2ce6bfc308e4e2fbf4623f9afa112fc/gnocchi.d0d3c735-830a-4d4b-98f7-27e6bdd36a8a/none_v3 HTTP/1.0 201 - python-swiftclient-3.11.1 gAAAAABpfJ7zkMxm... 51 - - tx6ac582f4d4fc4b16be65c-00697c9f7e - 0.0215 - - 1769774974.721574306 1769774974.743081808 0
Jan 30 12:09:35 standalone object-server[128345]: Begin object update sweep
Jan 30 12:09:35 standalone object-server[236519]: Object update sweep starting on /srv/node/d1 (pid: 14)
Jan 30 12:09:35 standalone object-server[236519]: Object update sweep completed on /srv/node/d1 in 0.00s seconds:, 0 successes, 0 failures, 0 quarantines, 0 unlinks, 0 errors, 0 redirects (pid: 14)
Jan 30 12:09:35 standalone object-server[236519]: Object update sweep of d1 completed: 0.00s, 0 successes, 0 failures, 0 quarantines, 0 unlinks, 0 errors, 0 redirects
Jan 30 12:09:35 standalone object-server[128345]: Object update sweep completed: 0.08s
Jan 30 12:09:37 standalone container-server[128315]: 172.20.0.100 - - [30/Jan/2026:12:09:37 +0000] "HEAD /d1/928/AUTH_f2ce6bfc308e4e2fbf4623f9afa112fc/gnocchi.54b7a658-d3f1-44be-b753-8204d656df64" 404 - "HEAD http://172.18.0.2:8080/v1/AUTH_f2ce6bfc308e4e2fbf4623f9afa112fc/gnocchi.54b7a658-d3f1-44be-b753-8204d656df64?format=json&states=listing" "tx6d6b2d5d19474f5f90287-00697c9f81" "proxy-server 20" 0.0008 "-" 23 0
Jan 30 12:09:37 standalone object-server[128454]: 172.20.0.100 - - [30/Jan/2026:12:09:37 +0000] "GET /d1/798/AUTH_f2ce6bfc308e4e2fbf4623f9afa112fc/gnocchi.54b7a658-d3f1-44be-b753-8204d656df64/none_v3" 404 70 "GET http://172.18.0.2:8080/v1/AUTH_f2ce6bfc308e4e2fbf4623f9afa112fc/gnocchi.54b7a658-d3f1-44be-b753-8204d656df64/none_v3" "tx6d6b2d5d19474f5f90287-00697c9f81" "proxy-server 20" 0.0006 "-" 22 0
Jan 30 12:09:37 standalone proxy-server[130418]: 172.18.0.2 172.18.0.100 30/Jan/2026/12/09/37 GET /v1/AUTH_f2ce6bfc308e4e2fbf4623f9afa112fc/gnocchi.54b7a658-d3f1-44be-b753-8204d656df64/none_v3 HTTP/1.0 404 - python-swiftclient-3.11.1 gAAAAABpfJ7zkMxm... - 70 - tx6d6b2d5d19474f5f90287-00697c9f81 - 0.0105 - - 1769774977.763036728 1769774977.773559093 0
Jan 30 12:09:37 standalone account-server[128304]: 172.20.0.100 - - [30/Jan/2026:12:09:37 +0000] "PUT /d1/97/AUTH_f2ce6bfc308e4e2fbf4623f9afa112fc/gnocchi.54b7a658-d3f1-44be-b753-8204d656df64" 201 - "PUT http://172.20.0.100:6001/d1/928/AUTH_f2ce6bfc308e4e2fbf4623f9afa112fc/gnocchi.54b7a658-d3f1-44be-b753-8204d656df64" "txbce50b2a8655415f9af5f-00697c9f81" "container-server 21" 0.0062 "-" 22 0
Jan 30 12:09:37 standalone container-server[128286]: 172.20.0.100 - - [30/Jan/2026:12:09:37 +0000] "PUT /d1/928/AUTH_f2ce6bfc308e4e2fbf4623f9afa112fc/gnocchi.54b7a658-d3f1-44be-b753-8204d656df64" 201 - "PUT http://172.18.0.2:8080/v1/AUTH_f2ce6bfc308e4e2fbf4623f9afa112fc/gnocchi.54b7a658-d3f1-44be-b753-8204d656df64" "txbce50b2a8655415f9af5f-00697c9f81" "proxy-server 20" 0.0209 "-" 21 0
Jan 30 12:09:37 standalone proxy-server[130418]: 172.18.0.2 172.18.0.100 30/Jan/2026/12/09/37 PUT /v1/AUTH_f2ce6bfc308e4e2fbf4623f9afa112fc/gnocchi.54b7a658-d3f1-44be-b753-8204d656df64 HTTP/1.0 201 - python-swiftclient-3.11.1 gAAAAABpfJ7zkMxm... - - - txbce50b2a8655415f9af5f-00697c9f81 - 0.0291 - - 1769774977.775771618 1769774977.804853916 0
Jan 30 12:09:37 standalone container-server[128286]: 172.20.0.100 - - [30/Jan/2026:12:09:37 +0000] "HEAD /d1/928/AUTH_f2ce6bfc308e4e2fbf4623f9afa112fc/gnocchi.54b7a658-d3f1-44be-b753-8204d656df64" 204 - "HEAD http://172.18.0.2:8080/v1/AUTH_f2ce6bfc308e4e2fbf4623f9afa112fc/gnocchi.54b7a658-d3f1-44be-b753-8204d656df64?format=json&states=listing" "txe99bacaa7eeb4768a92c5-00697c9f81" "proxy-server 20" 0.0022 "-" 21 0
Jan 30 12:09:37 standalone proxy-server[130418]: - - 30/Jan/2026/12/09/37 HEAD /v1/AUTH_f2ce6bfc308e4e2fbf4623f9afa112fc/gnocchi.54b7a658-d3f1-44be-b753-8204d656df64%3Fformat%3Djson%26states%3Dlisting HTTP/1.0 204 - Swift - - - - txe99bacaa7eeb4768a92c5-00697c9f81 - 0.0086 RL - 1769774977.809950829 1769774977.818508387 0
Jan 30 12:09:37 standalone container-server[128299]: 172.20.0.100 - - [30/Jan/2026:12:09:37 +0000] "GET /d1/928/AUTH_f2ce6bfc308e4e2fbf4623f9afa112fc/gnocchi.54b7a658-d3f1-44be-b753-8204d656df64" 200 2 "GET http://172.18.0.2:8080/v1/AUTH_f2ce6bfc308e4e2fbf4623f9afa112fc/gnocchi.54b7a658-d3f1-44be-b753-8204d656df64?format=json&states=listing" "txe99bacaa7eeb4768a92c5-00697c9f81" "proxy-server 20" 0.0044 "-" 22 0
Jan 30 12:09:37 standalone proxy-server[130418]: 172.18.0.2 172.18.0.100 30/Jan/2026/12/09/37 GET /v1/AUTH_f2ce6bfc308e4e2fbf4623f9afa112fc/gnocchi.54b7a658-d3f1-44be-b753-8204d656df64%3Fformat%3Djson%26states%3Dlisting HTTP/1.0 200 - python-swiftclient-3.11.1 gAAAAABpfJ7zkMxm... - 2 - txe99bacaa7eeb4768a92c5-00697c9f81 - 0.0230 - - 1769774977.808971167 1769774977.832010269 0
Jan 30 12:09:37 standalone object-server[128454]: 172.20.0.100 - - [30/Jan/2026:12:09:37 +0000] "GET /d1/431/AUTH_f2ce6bfc308e4e2fbf4623f9afa112fc/gnocchi.54b7a658-d3f1-44be-b753-8204d656df64/1769040000.0_mean_300.0_v3" 404 70 "GET http://172.18.0.2:8080/v1/AUTH_f2ce6bfc308e4e2fbf4623f9afa112fc/gnocchi.54b7a658-d3f1-44be-b753-8204d656df64/1769040000.0_mean_300.0_v3" "tx0a90813675c2498fbd76b-00697c9f81" "proxy-server 20" 0.0003 "-" 22 0
Jan 30 12:09:37 standalone proxy-server[130418]: 172.18.0.2 172.18.0.100 30/Jan/2026/12/09/37 GET /v1/AUTH_f2ce6bfc308e4e2fbf4623f9afa112fc/gnocchi.54b7a658-d3f1-44be-b753-8204d656df64/1769040000.0_mean_300.0_v3 HTTP/1.0 404 - python-swiftclient-3.11.1 gAAAAABpfJ7zkMxm... - 70 - tx0a90813675c2498fbd76b-00697c9f81 - 0.0051 - - 1769774977.836506128 1769774977.841567755 0
Jan 30 12:09:37 standalone container-server[128299]: 172.20.0.100 - - [30/Jan/2026:12:09:37 +0000] "PUT /d1/928/AUTH_f2ce6bfc308e4e2fbf4623f9afa112fc/gnocchi.54b7a658-d3f1-44be-b753-8204d656df64/1769040000.0_mean_300.0_v3" 201 - "PUT http://172.18.0.2:8080/d1/431/AUTH_f2ce6bfc308e4e2fbf4623f9afa112fc/gnocchi.54b7a658-d3f1-44be-b753-8204d656df64/1769040000.0_mean_300.0_v3" "tx1d9b613eee6243d6b6bb7-00697c9f81" "object-server 22" 0.0008 "-" 22 0
Jan 30 12:09:37 standalone object-server[128454]: 172.20.0.100 - - [30/Jan/2026:12:09:37 +0000] "PUT /d1/431/AUTH_f2ce6bfc308e4e2fbf4623f9afa112fc/gnocchi.54b7a658-d3f1-44be-b753-8204d656df64/1769040000.0_mean_300.0_v3" 201 - "PUT http://172.18.0.2:8080/v1/AUTH_f2ce6bfc308e4e2fbf4623f9afa112fc/gnocchi.54b7a658-d3f1-44be-b753-8204d656df64/1769040000.0_mean_300.0_v3" "tx1d9b613eee6243d6b6bb7-00697c9f81" "proxy-server 20" 0.0098 "-" 22 0
Jan 30 12:09:37 standalone proxy-server[130418]: 172.18.0.2 172.18.0.100 30/Jan/2026/12/09/37 PUT /v1/AUTH_f2ce6bfc308e4e2fbf4623f9afa112fc/gnocchi.54b7a658-d3f1-44be-b753-8204d656df64/1769040000.0_mean_300.0_v3 HTTP/1.0 201 - python-swiftclient-3.11.1 gAAAAABpfJ7zkMxm... 16 - - tx1d9b613eee6243d6b6bb7-00697c9f81 - 0.0145 - - 1769774977.844881773 1769774977.859369278 0
Jan 30 12:09:37 standalone container-server[128281]: 172.20.0.100 - - [30/Jan/2026:12:09:37 +0000] "PUT /d1/928/AUTH_f2ce6bfc308e4e2fbf4623f9afa112fc/gnocchi.54b7a658-d3f1-44be-b753-8204d656df64/none_v3" 201 - "PUT http://172.18.0.2:8080/d1/798/AUTH_f2ce6bfc308e4e2fbf4623f9afa112fc/gnocchi.54b7a658-d3f1-44be-b753-8204d656df64/none_v3" "tx868eec516f07493e802c4-00697c9f81" "object-server 23" 0.0007 "-" 20 0
Jan 30 12:09:37 standalone object-server[128455]: 172.20.0.100 - - [30/Jan/2026:12:09:37 +0000] "PUT /d1/798/AUTH_f2ce6bfc308e4e2fbf4623f9afa112fc/gnocchi.54b7a658-d3f1-44be-b753-8204d656df64/none_v3" 201 - "PUT http://172.18.0.2:8080/v1/AUTH_f2ce6bfc308e4e2fbf4623f9afa112fc/gnocchi.54b7a658-d3f1-44be-b753-8204d656df64/none_v3" "tx868eec516f07493e802c4-00697c9f81" "proxy-server 20" 0.0086 "-" 23 0
Jan 30 12:09:37 standalone proxy-server[130418]: 172.18.0.2 172.18.0.100 30/Jan/2026/12/09/37 PUT /v1/AUTH_f2ce6bfc308e4e2fbf4623f9afa112fc/gnocchi.54b7a658-d3f1-44be-b753-8204d656df64/none_v3 HTTP/1.0 201 - python-swiftclient-3.11.1 gAAAAABpfJ7zkMxm... 22 - - tx868eec516f07493e802c4-00697c9f81 - 0.0139 - - 1769774977.862439394 1769774977.876318455 0
Jan 30 12:09:37 standalone container-server[128281]: 172.20.0.100 - - [30/Jan/2026:12:09:37 +0000] "HEAD /d1/497/AUTH_f2ce6bfc308e4e2fbf4623f9afa112fc/gnocchi.2f2696f9-5ebc-4962-8889-55cd653ac0a0" 404 - "HEAD http://172.18.0.2:8080/v1/AUTH_f2ce6bfc308e4e2fbf4623f9afa112fc/gnocchi.2f2696f9-5ebc-4962-8889-55cd653ac0a0?format=json&states=listing" "tx88df117e432e4830a2dc1-00697c9f81" "proxy-server 20" 0.0003 "-" 20 0
Jan 30 12:09:37 standalone object-server[128453]: 172.20.0.100 - - [30/Jan/2026:12:09:37 +0000] "GET /d1/62/AUTH_f2ce6bfc308e4e2fbf4623f9afa112fc/gnocchi.2f2696f9-5ebc-4962-8889-55cd653ac0a0/none_v3" 404 70 "GET http://172.18.0.2:8080/v1/AUTH_f2ce6bfc308e4e2fbf4623f9afa112fc/gnocchi.2f2696f9-5ebc-4962-8889-55cd653ac0a0/none_v3" "tx88df117e432e4830a2dc1-00697c9f81" "proxy-server 20" 0.0006 "-" 21 0
Jan 30 12:09:37 standalone proxy-server[130418]: 172.18.0.2 172.18.0.100 30/Jan/2026/12/09/37 GET /v1/AUTH_f2ce6bfc308e4e2fbf4623f9afa112fc/gnocchi.2f2696f9-5ebc-4962-8889-55cd653ac0a0/none_v3 HTTP/1.0 404 - python-swiftclient-3.11.1 gAAAAABpfJ7zkMxm... - 70 - tx88df117e432e4830a2dc1-00697c9f81 - 0.0102 - - 1769774977.889427423 1769774977.899611712 0
Jan 30 12:09:37 standalone account-server[128282]: 172.20.0.100 - - [30/Jan/2026:12:09:37 +0000] "PUT /d1/97/AUTH_f2ce6bfc308e4e2fbf4623f9afa112fc/gnocchi.2f2696f9-5ebc-4962-8889-55cd653ac0a0" 201 - "PUT http://172.20.0.100:6001/d1/497/AUTH_f2ce6bfc308e4e2fbf4623f9afa112fc/gnocchi.2f2696f9-5ebc-4962-8889-55cd653ac0a0" "txfb70c687f8e94b618d79f-00697c9f81" "container-server 20" 0.0068 "-" 21 0
Jan 30 12:09:37 standalone container-server[128281]: 172.20.0.100 - - [30/Jan/2026:12:09:37 +0000] "PUT /d1/497/AUTH_f2ce6bfc308e4e2fbf4623f9afa112fc/gnocchi.2f2696f9-5ebc-4962-8889-55cd653ac0a0" 201 - "PUT http://172.18.0.2:8080/v1/AUTH_f2ce6bfc308e4e2fbf4623f9afa112fc/gnocchi.2f2696f9-5ebc-4962-8889-55cd653ac0a0" "txfb70c687f8e94b618d79f-00697c9f81" "proxy-server 20" 0.0188 "-" 20 0
Jan 30 12:09:37 standalone proxy-server[130418]: 172.18.0.2 172.18.0.100 30/Jan/2026/12/09/37 PUT /v1/AUTH_f2ce6bfc308e4e2fbf4623f9afa112fc/gnocchi.2f2696f9-5ebc-4962-8889-55cd653ac0a0 HTTP/1.0 201 - python-swiftclient-3.11.1 gAAAAABpfJ7zkMxm... - - - txfb70c687f8e94b618d79f-00697c9f81 - 0.0262 - - 1769774977.902866840 1769774977.929058313 0
Jan 30 12:09:37 standalone container-server[128286]: 172.20.0.100 - - [30/Jan/2026:12:09:37 +0000] "HEAD /d1/497/AUTH_f2ce6bfc308e4e2fbf4623f9afa112fc/gnocchi.2f2696f9-5ebc-4962-8889-55cd653ac0a0" 204 - "HEAD http://172.18.0.2:8080/v1/AUTH_f2ce6bfc308e4e2fbf4623f9afa112fc/gnocchi.2f2696f9-5ebc-4962-8889-55cd653ac0a0?format=json&states=listing" "txd96041f460a948b4b427a-00697c9f81" "proxy-server 20" 0.0034 "-" 21 0
Jan 30 12:09:37 standalone proxy-server[130418]: - - 30/Jan/2026/12/09/37 HEAD /v1/AUTH_f2ce6bfc308e4e2fbf4623f9afa112fc/gnocchi.2f2696f9-5ebc-4962-8889-55cd653ac0a0%3Fformat%3Djson%26states%3Dlisting HTTP/1.0 204 - Swift - - - - txd96041f460a948b4b427a-00697c9f81 - 0.0109 RL - 1769774977.936161041 1769774977.947053909 0
Jan 30 12:09:37 standalone container-server[128315]: 172.20.0.100 - - [30/Jan/2026:12:09:37 +0000] "GET /d1/497/AUTH_f2ce6bfc308e4e2fbf4623f9afa112fc/gnocchi.2f2696f9-5ebc-4962-8889-55cd653ac0a0" 200 2 "GET http://172.18.0.2:8080/v1/AUTH_f2ce6bfc308e4e2fbf4623f9afa112fc/gnocchi.2f2696f9-5ebc-4962-8889-55cd653ac0a0?format=json&states=listing" "txd96041f460a948b4b427a-00697c9f81" "proxy-server 20" 0.0058 "-" 23 0
Jan 30 12:09:37 standalone proxy-server[130418]: 172.18.0.2 172.18.0.100 30/Jan/2026/12/09/37 GET /v1/AUTH_f2ce6bfc308e4e2fbf4623f9afa112fc/gnocchi.2f2696f9-5ebc-4962-8889-55cd653ac0a0%3Fformat%3Djson%26states%3Dlisting HTTP/1.0 200 - python-swiftclient-3.11.1 gAAAAABpfJ7zkMxm... - 2 - txd96041f460a948b4b427a-00697c9f81 - 0.0300 - - 1769774977.934312105 1769774977.964288950 0
Jan 30 12:09:37 standalone object-server[128452]: 172.20.0.100 - - [30/Jan/2026:12:09:37 +0000] "GET /d1/718/AUTH_f2ce6bfc308e4e2fbf4623f9afa112fc/gnocchi.2f2696f9-5ebc-4962-8889-55cd653ac0a0/1769040000.0_mean_300.0_v3" 404 70 "GET http://172.18.0.2:8080/v1/AUTH_f2ce6bfc308e4e2fbf4623f9afa112fc/gnocchi.2f2696f9-5ebc-4962-8889-55cd653ac0a0/1769040000.0_mean_300.0_v3" "txa4995fb18c4c4794bd2a8-00697c9f81" "proxy-server 20" 0.0003 "-" 20 0
Jan 30 12:09:37 standalone proxy-server[130418]: 172.18.0.2 172.18.0.100 30/Jan/2026/12/09/37 GET /v1/AUTH_f2ce6bfc308e4e2fbf4623f9afa112fc/gnocchi.2f2696f9-5ebc-4962-8889-55cd653ac0a0/1769040000.0_mean_300.0_v3 HTTP/1.0 404 - python-swiftclient-3.11.1 gAAAAABpfJ7zkMxm... - 70 - txa4995fb18c4c4794bd2a8-00697c9f81 - 0.0082 - - 1769774977.971411467 1769774977.979654551 0
Jan 30 12:09:38 standalone container-server[128286]: 172.20.0.100 - - [30/Jan/2026:12:09:38 +0000] "PUT /d1/497/AUTH_f2ce6bfc308e4e2fbf4623f9afa112fc/gnocchi.2f2696f9-5ebc-4962-8889-55cd653ac0a0/1769040000.0_mean_300.0_v3" 201 - "PUT http://172.18.0.2:8080/d1/718/AUTH_f2ce6bfc308e4e2fbf4623f9afa112fc/gnocchi.2f2696f9-5ebc-4962-8889-55cd653ac0a0/1769040000.0_mean_300.0_v3" "tx74dbbf6a088a4712b7e2d-00697c9f81" "object-server 21" 0.0007 "-" 21 0
Jan 30 12:09:38 standalone object-server[128453]: 172.20.0.100 - - [30/Jan/2026:12:09:38 +0000] "PUT /d1/718/AUTH_f2ce6bfc308e4e2fbf4623f9afa112fc/gnocchi.2f2696f9-5ebc-4962-8889-55cd653ac0a0/1769040000.0_mean_300.0_v3" 201 - "PUT http://172.18.0.2:8080/v1/AUTH_f2ce6bfc308e4e2fbf4623f9afa112fc/gnocchi.2f2696f9-5ebc-4962-8889-55cd653ac0a0/1769040000.0_mean_300.0_v3" "tx74dbbf6a088a4712b7e2d-00697c9f81" "proxy-server 20" 0.0142 "-" 21 0
Jan 30 12:09:38 standalone proxy-server[130418]: 172.18.0.2 172.18.0.100 30/Jan/2026/12/09/38 PUT /v1/AUTH_f2ce6bfc308e4e2fbf4623f9afa112fc/gnocchi.2f2696f9-5ebc-4962-8889-55cd653ac0a0/1769040000.0_mean_300.0_v3 HTTP/1.0 201 - python-swiftclient-3.11.1 gAAAAABpfJ7zkMxm... 16 - - tx74dbbf6a088a4712b7e2d-00697c9f81 - 0.0236 - - 1769774977.986278772 1769774978.009858608 0
Jan 30 12:09:38 standalone container-server[128315]: 172.20.0.100 - - [30/Jan/2026:12:09:38 +0000] "PUT /d1/497/AUTH_f2ce6bfc308e4e2fbf4623f9afa112fc/gnocchi.2f2696f9-5ebc-4962-8889-55cd653ac0a0/none_v3" 201 - "PUT http://172.18.0.2:8080/d1/62/AUTH_f2ce6bfc308e4e2fbf4623f9afa112fc/gnocchi.2f2696f9-5ebc-4962-8889-55cd653ac0a0/none_v3" "tx42d476ef86b745379300f-00697c9f82" "object-server 23" 0.0009 "-" 23 0
Jan 30 12:09:38 standalone object-server[128455]: 172.20.0.100 - - [30/Jan/2026:12:09:38 +0000] "PUT /d1/62/AUTH_f2ce6bfc308e4e2fbf4623f9afa112fc/gnocchi.2f2696f9-5ebc-4962-8889-55cd653ac0a0/none_v3" 201 - "PUT http://172.18.0.2:8080/v1/AUTH_f2ce6bfc308e4e2fbf4623f9afa112fc/gnocchi.2f2696f9-5ebc-4962-8889-55cd653ac0a0/none_v3" "tx42d476ef86b745379300f-00697c9f82" "proxy-server 20" 0.0170 "-" 23 0
Jan 30 12:09:38 standalone proxy-server[130418]: 172.18.0.2 172.18.0.100 30/Jan/2026/12/09/38 PUT /v1/AUTH_f2ce6bfc308e4e2fbf4623f9afa112fc/gnocchi.2f2696f9-5ebc-4962-8889-55cd653ac0a0/none_v3 HTTP/1.0 201 - python-swiftclient-3.11.1 gAAAAABpfJ7zkMxm... 22 - - tx42d476ef86b745379300f-00697c9f82 - 0.0252 - - 1769774978.013951778 1769774978.039177418 0
Jan 30 12:09:38 standalone container-server[128315]: 172.20.0.100 - - [30/Jan/2026:12:09:38 +0000] "HEAD /d1/592/AUTH_f2ce6bfc308e4e2fbf4623f9afa112fc/gnocchi.1aa86a34-b402-4865-9ca5-23ac678a577e" 404 - "HEAD http://172.18.0.2:8080/v1/AUTH_f2ce6bfc308e4e2fbf4623f9afa112fc/gnocchi.1aa86a34-b402-4865-9ca5-23ac678a577e?format=json&states=listing" "txc9446576cadc48d4a31ae-00697c9f82" "proxy-server 20" 0.0007 "-" 23 0
Jan 30 12:09:38 standalone object-server[128452]: 172.20.0.100 - - [30/Jan/2026:12:09:38 +0000] "GET /d1/913/AUTH_f2ce6bfc308e4e2fbf4623f9afa112fc/gnocchi.1aa86a34-b402-4865-9ca5-23ac678a577e/none_v3" 404 70 "GET http://172.18.0.2:8080/v1/AUTH_f2ce6bfc308e4e2fbf4623f9afa112fc/gnocchi.1aa86a34-b402-4865-9ca5-23ac678a577e/none_v3" "txc9446576cadc48d4a31ae-00697c9f82" "proxy-server 20" 0.0004 "-" 20 0
Jan 30 12:09:38 standalone proxy-server[130418]: 172.18.0.2 172.18.0.100 30/Jan/2026/12/09/38 GET /v1/AUTH_f2ce6bfc308e4e2fbf4623f9afa112fc/gnocchi.1aa86a34-b402-4865-9ca5-23ac678a577e/none_v3 HTTP/1.0 404 - python-swiftclient-3.11.1 gAAAAABpfJ7zkMxm... - 70 - txc9446576cadc48d4a31ae-00697c9f82 - 0.0201 - - 1769774978.058518171 1769774978.078574419 0
Jan 30 12:09:38 standalone account-server[128282]: 172.20.0.100 - - [30/Jan/2026:12:09:38 +0000] "PUT /d1/97/AUTH_f2ce6bfc308e4e2fbf4623f9afa112fc/gnocchi.1aa86a34-b402-4865-9ca5-23ac678a577e" 201 - "PUT http://172.20.0.100:6001/d1/592/AUTH_f2ce6bfc308e4e2fbf4623f9afa112fc/gnocchi.1aa86a34-b402-4865-9ca5-23ac678a577e" "txc7580987c5294aab82a7d-00697c9f82" "container-server 22" 0.0049 "-" 21 0
Jan 30 12:09:38 standalone container-server[128299]: 172.20.0.100 - - [30/Jan/2026:12:09:38 +0000] "PUT /d1/592/AUTH_f2ce6bfc308e4e2fbf4623f9afa112fc/gnocchi.1aa86a34-b402-4865-9ca5-23ac678a577e" 201 - "PUT http://172.18.0.2:8080/v1/AUTH_f2ce6bfc308e4e2fbf4623f9afa112fc/gnocchi.1aa86a34-b402-4865-9ca5-23ac678a577e" "txc7580987c5294aab82a7d-00697c9f82" "proxy-server 20" 0.0163 "-" 22 0
Jan 30 12:09:38 standalone proxy-server[130418]: 172.18.0.2 172.18.0.100 30/Jan/2026/12/09/38 PUT /v1/AUTH_f2ce6bfc308e4e2fbf4623f9afa112fc/gnocchi.1aa86a34-b402-4865-9ca5-23ac678a577e HTTP/1.0 201 - python-swiftclient-3.11.1 gAAAAABpfJ7zkMxm... - - - txc7580987c5294aab82a7d-00697c9f82 - 0.0261 - - 1769774978.084530592 1769774978.110614300 0
Jan 30 12:09:38 standalone container-server[128299]: 172.20.0.100 - - [30/Jan/2026:12:09:38 +0000] "HEAD /d1/592/AUTH_f2ce6bfc308e4e2fbf4623f9afa112fc/gnocchi.1aa86a34-b402-4865-9ca5-23ac678a577e" 204 - "HEAD http://172.18.0.2:8080/v1/AUTH_f2ce6bfc308e4e2fbf4623f9afa112fc/gnocchi.1aa86a34-b402-4865-9ca5-23ac678a577e?format=json&states=listing" "txc65ce6a08a094e328171e-00697c9f82" "proxy-server 20" 0.0016 "-" 22 0
Jan 30 12:09:38 standalone proxy-server[130418]: - - 30/Jan/2026/12/09/38 HEAD /v1/AUTH_f2ce6bfc308e4e2fbf4623f9afa112fc/gnocchi.1aa86a34-b402-4865-9ca5-23ac678a577e%3Fformat%3Djson%26states%3Dlisting HTTP/1.0 204 - Swift - - - - txc65ce6a08a094e328171e-00697c9f82 - 0.0091 RL - 1769774978.124879122 1769774978.133995771 0
Jan 30 12:09:38 standalone container-server[128281]: 172.20.0.100 - - [30/Jan/2026:12:09:38 +0000] "GET /d1/592/AUTH_f2ce6bfc308e4e2fbf4623f9afa112fc/gnocchi.1aa86a34-b402-4865-9ca5-23ac678a577e" 200 2 "GET http://172.18.0.2:8080/v1/AUTH_f2ce6bfc308e4e2fbf4623f9afa112fc/gnocchi.1aa86a34-b402-4865-9ca5-23ac678a577e?format=json&states=listing" "txc65ce6a08a094e328171e-00697c9f82" "proxy-server 20" 0.0038 "-" 20 0
Jan 30 12:09:38 standalone proxy-server[130418]: 172.18.0.2 172.18.0.100 30/Jan/2026/12/09/38 GET /v1/AUTH_f2ce6bfc308e4e2fbf4623f9afa112fc/gnocchi.1aa86a34-b402-4865-9ca5-23ac678a577e%3Fformat%3Djson%26states%3Dlisting HTTP/1.0 200 - python-swiftclient-3.11.1 gAAAAABpfJ7zkMxm... - 2 - txc65ce6a08a094e328171e-00697c9f82 - 0.0302 - - 1769774978.119818211 1769774978.149989843 0
Jan 30 12:09:38 standalone object-server[128453]: 172.20.0.100 - - [30/Jan/2026:12:09:38 +0000] "GET /d1/831/AUTH_f2ce6bfc308e4e2fbf4623f9afa112fc/gnocchi.1aa86a34-b402-4865-9ca5-23ac678a577e/1769040000.0_mean_300.0_v3" 404 70 "GET http://172.18.0.2:8080/v1/AUTH_f2ce6bfc308e4e2fbf4623f9afa112fc/gnocchi.1aa86a34-b402-4865-9ca5-23ac678a577e/1769040000.0_mean_300.0_v3" "txd32e34d622194ccc8872c-00697c9f82" "proxy-server 20" 0.0005 "-" 21 0
