Jan 30 12:08:22 standalone container-server[128281]: 172.20.0.100 - - [30/Jan/2026:12:08:22 +0000] "HEAD /d1/136/AUTH_f2ce6bfc308e4e2fbf4623f9afa112fc/gnocchi.8ac74355-62a4-4d87-81e2-678fc30fbc41" 404 - "HEAD http://172.18.0.2:8080/v1/AUTH_f2ce6bfc308e4e2fbf4623f9afa112fc/gnocchi.8ac74355-62a4-4d87-81e2-678fc30fbc41?format=json&states=listing" "txb0312c9d65524f34a38f6-00697c9f35" "proxy-server 20" 0.0009 "-" 20 0
Jan 30 12:08:22 standalone object-server[128452]: 172.20.0.100 - - [30/Jan/2026:12:08:22 +0000] "GET /d1/716/AUTH_f2ce6bfc308e4e2fbf4623f9afa112fc/gnocchi.8ac74355-62a4-4d87-81e2-678fc30fbc41/none_v3" 404 70 "GET http://172.18.0.2:8080/v1/AUTH_f2ce6bfc308e4e2fbf4623f9afa112fc/gnocchi.8ac74355-62a4-4d87-81e2-678fc30fbc41/none_v3" "txb0312c9d65524f34a38f6-00697c9f35" "proxy-server 20" 0.0008 "-" 20 0
Jan 30 12:08:22 standalone proxy-server[130418]: 172.18.0.2 172.18.0.100 30/Jan/2026/12/08/22 GET /v1/AUTH_f2ce6bfc308e4e2fbf4623f9afa112fc/gnocchi.8ac74355-62a4-4d87-81e2-678fc30fbc41/none_v3 HTTP/1.0 404 - python-swiftclient-3.11.1 gAAAAABpfJ7zkMxm... - 70 - txb0312c9d65524f34a38f6-00697c9f35 - 0.0176 - - 1769774901.993880987 1769774902.011465073 0
Jan 30 12:08:22 standalone account-server[128277]: 172.20.0.100 - - [30/Jan/2026:12:08:22 +0000] "PUT /d1/97/AUTH_f2ce6bfc308e4e2fbf4623f9afa112fc/gnocchi.8ac74355-62a4-4d87-81e2-678fc30fbc41" 201 - "PUT http://172.20.0.100:6001/d1/136/AUTH_f2ce6bfc308e4e2fbf4623f9afa112fc/gnocchi.8ac74355-62a4-4d87-81e2-678fc30fbc41" "tx7eb15eb567f84ea8bcffe-00697c9f36" "container-server 22" 0.0089 "-" 20 0
Jan 30 12:08:22 standalone container-server[128299]: 172.20.0.100 - - [30/Jan/2026:12:08:22 +0000] "PUT /d1/136/AUTH_f2ce6bfc308e4e2fbf4623f9afa112fc/gnocchi.8ac74355-62a4-4d87-81e2-678fc30fbc41" 201 - "PUT http://172.18.0.2:8080/v1/AUTH_f2ce6bfc308e4e2fbf4623f9afa112fc/gnocchi.8ac74355-62a4-4d87-81e2-678fc30fbc41" "tx7eb15eb567f84ea8bcffe-00697c9f36" "proxy-server 20" 0.0198 "-" 22 0
Jan 30 12:08:22 standalone proxy-server[130418]: 172.18.0.2 172.18.0.100 30/Jan/2026/12/08/22 PUT /v1/AUTH_f2ce6bfc308e4e2fbf4623f9afa112fc/gnocchi.8ac74355-62a4-4d87-81e2-678fc30fbc41 HTTP/1.0 201 - python-swiftclient-3.11.1 gAAAAABpfJ7zkMxm... - - - tx7eb15eb567f84ea8bcffe-00697c9f36 - 0.0289 - - 1769774902.015657902 1769774902.044562101 0
Jan 30 12:08:22 standalone container-server[128299]: 172.20.0.100 - - [30/Jan/2026:12:08:22 +0000] "HEAD /d1/136/AUTH_f2ce6bfc308e4e2fbf4623f9afa112fc/gnocchi.8ac74355-62a4-4d87-81e2-678fc30fbc41" 204 - "HEAD http://172.18.0.2:8080/v1/AUTH_f2ce6bfc308e4e2fbf4623f9afa112fc/gnocchi.8ac74355-62a4-4d87-81e2-678fc30fbc41?format=json&states=listing" "txd135a6178b8b4a139a29c-00697c9f36" "proxy-server 20" 0.0011 "-" 22 0
Jan 30 12:08:22 standalone proxy-server[130418]: - - 30/Jan/2026/12/08/22 HEAD /v1/AUTH_f2ce6bfc308e4e2fbf4623f9afa112fc/gnocchi.8ac74355-62a4-4d87-81e2-678fc30fbc41%3Fformat%3Djson%26states%3Dlisting HTTP/1.0 204 - Swift - - - - txd135a6178b8b4a139a29c-00697c9f36 - 0.0045 RL - 1769774902.050331831 1769774902.054809809 0
Jan 30 12:08:22 standalone container-server[128299]: 172.20.0.100 - - [30/Jan/2026:12:08:22 +0000] "GET /d1/136/AUTH_f2ce6bfc308e4e2fbf4623f9afa112fc/gnocchi.8ac74355-62a4-4d87-81e2-678fc30fbc41" 200 2 "GET http://172.18.0.2:8080/v1/AUTH_f2ce6bfc308e4e2fbf4623f9afa112fc/gnocchi.8ac74355-62a4-4d87-81e2-678fc30fbc41?format=json&states=listing" "txd135a6178b8b4a139a29c-00697c9f36" "proxy-server 20" 0.0015 "-" 22 0
Jan 30 12:08:22 standalone proxy-server[130418]: 172.18.0.2 172.18.0.100 30/Jan/2026/12/08/22 GET /v1/AUTH_f2ce6bfc308e4e2fbf4623f9afa112fc/gnocchi.8ac74355-62a4-4d87-81e2-678fc30fbc41%3Fformat%3Djson%26states%3Dlisting HTTP/1.0 200 - python-swiftclient-3.11.1 gAAAAABpfJ7zkMxm... - 2 - txd135a6178b8b4a139a29c-00697c9f36 - 0.0132 - - 1769774902.048984051 1769774902.062141657 0
Jan 30 12:08:22 standalone object-server[128453]: 172.20.0.100 - - [30/Jan/2026:12:08:22 +0000] "GET /d1/552/AUTH_f2ce6bfc308e4e2fbf4623f9afa112fc/gnocchi.8ac74355-62a4-4d87-81e2-678fc30fbc41/1769040000.0_mean_300.0_v3" 404 70 "GET http://172.18.0.2:8080/v1/AUTH_f2ce6bfc308e4e2fbf4623f9afa112fc/gnocchi.8ac74355-62a4-4d87-81e2-678fc30fbc41/1769040000.0_mean_300.0_v3" "tx5e7134af323942c9b6d86-00697c9f36" "proxy-server 20" 0.0005 "-" 21 0
Jan 30 12:08:22 standalone proxy-server[130418]: 172.18.0.2 172.18.0.100 30/Jan/2026/12/08/22 GET /v1/AUTH_f2ce6bfc308e4e2fbf4623f9afa112fc/gnocchi.8ac74355-62a4-4d87-81e2-678fc30fbc41/1769040000.0_mean_300.0_v3 HTTP/1.0 404 - python-swiftclient-3.11.1 gAAAAABpfJ7zkMxm... - 70 - tx5e7134af323942c9b6d86-00697c9f36 - 0.0070 - - 1769774902.065001965 1769774902.072000980 0
Jan 30 12:08:22 standalone container-server[128299]: 172.20.0.100 - - [30/Jan/2026:12:08:22 +0000] "PUT /d1/136/AUTH_f2ce6bfc308e4e2fbf4623f9afa112fc/gnocchi.8ac74355-62a4-4d87-81e2-678fc30fbc41/1769040000.0_mean_300.0_v3" 201 - "PUT http://172.18.0.2:8080/d1/552/AUTH_f2ce6bfc308e4e2fbf4623f9afa112fc/gnocchi.8ac74355-62a4-4d87-81e2-678fc30fbc41/1769040000.0_mean_300.0_v3" "tx5575b0ec5b2842579c31c-00697c9f36" "object-server 23" 0.0006 "-" 22 0
Jan 30 12:08:22 standalone object-server[128455]: 172.20.0.100 - - [30/Jan/2026:12:08:22 +0000] "PUT /d1/552/AUTH_f2ce6bfc308e4e2fbf4623f9afa112fc/gnocchi.8ac74355-62a4-4d87-81e2-678fc30fbc41/1769040000.0_mean_300.0_v3" 201 - "PUT http://172.18.0.2:8080/v1/AUTH_f2ce6bfc308e4e2fbf4623f9afa112fc/gnocchi.8ac74355-62a4-4d87-81e2-678fc30fbc41/1769040000.0_mean_300.0_v3" "tx5575b0ec5b2842579c31c-00697c9f36" "proxy-server 20" 0.0111 "-" 23 0
Jan 30 12:08:22 standalone proxy-server[130418]: 172.18.0.2 172.18.0.100 30/Jan/2026/12/08/22 PUT /v1/AUTH_f2ce6bfc308e4e2fbf4623f9afa112fc/gnocchi.8ac74355-62a4-4d87-81e2-678fc30fbc41/1769040000.0_mean_300.0_v3 HTTP/1.0 201 - python-swiftclient-3.11.1 gAAAAABpfJ7zkMxm... 16 - - tx5575b0ec5b2842579c31c-00697c9f36 - 0.0198 - - 1769774902.074645996 1769774902.094462156 0
Jan 30 12:08:22 standalone container-server[128286]: 172.20.0.100 - - [30/Jan/2026:12:08:22 +0000] "PUT /d1/136/AUTH_f2ce6bfc308e4e2fbf4623f9afa112fc/gnocchi.8ac74355-62a4-4d87-81e2-678fc30fbc41/none_v3" 201 - "PUT http://172.18.0.2:8080/d1/716/AUTH_f2ce6bfc308e4e2fbf4623f9afa112fc/gnocchi.8ac74355-62a4-4d87-81e2-678fc30fbc41/none_v3" "tx54650a9806074f39aeeb9-00697c9f36" "object-server 20" 0.0009 "-" 21 0
Jan 30 12:08:22 standalone object-server[128452]: 172.20.0.100 - - [30/Jan/2026:12:08:22 +0000] "PUT /d1/716/AUTH_f2ce6bfc308e4e2fbf4623f9afa112fc/gnocchi.8ac74355-62a4-4d87-81e2-678fc30fbc41/none_v3" 201 - "PUT http://172.18.0.2:8080/v1/AUTH_f2ce6bfc308e4e2fbf4623f9afa112fc/gnocchi.8ac74355-62a4-4d87-81e2-678fc30fbc41/none_v3" "tx54650a9806074f39aeeb9-00697c9f36" "proxy-server 20" 0.0164 "-" 20 0
Jan 30 12:08:22 standalone proxy-server[130418]: 172.18.0.2 172.18.0.100 30/Jan/2026/12/08/22 PUT /v1/AUTH_f2ce6bfc308e4e2fbf4623f9afa112fc/gnocchi.8ac74355-62a4-4d87-81e2-678fc30fbc41/none_v3 HTTP/1.0 201 - python-swiftclient-3.11.1 gAAAAABpfJ7zkMxm... 22 - - tx54650a9806074f39aeeb9-00697c9f36 - 0.0266 - - 1769774902.097821712 1769774902.124400139 0
Jan 30 12:08:22 standalone container-server[128315]: 172.20.0.100 - - [30/Jan/2026:12:08:22 +0000] "HEAD /d1/172/AUTH_f2ce6bfc308e4e2fbf4623f9afa112fc/gnocchi.89b3f52c-cd1d-4e75-ab4a-6bc7edf88ad9" 404 - "HEAD http://172.18.0.2:8080/v1/AUTH_f2ce6bfc308e4e2fbf4623f9afa112fc/gnocchi.89b3f52c-cd1d-4e75-ab4a-6bc7edf88ad9?format=json&states=listing" "tx1a408ff9fd3c436292870-00697c9f36" "proxy-server 20" 0.0004 "-" 23 0
Jan 30 12:08:22 standalone object-server[128452]: 172.20.0.100 - - [30/Jan/2026:12:08:22 +0000] "GET /d1/735/AUTH_f2ce6bfc308e4e2fbf4623f9afa112fc/gnocchi.89b3f52c-cd1d-4e75-ab4a-6bc7edf88ad9/none_v3" 404 70 "GET http://172.18.0.2:8080/v1/AUTH_f2ce6bfc308e4e2fbf4623f9afa112fc/gnocchi.89b3f52c-cd1d-4e75-ab4a-6bc7edf88ad9/none_v3" "tx1a408ff9fd3c436292870-00697c9f36" "proxy-server 20" 0.0008 "-" 20 0
Jan 30 12:08:22 standalone proxy-server[130418]: 172.18.0.2 172.18.0.100 30/Jan/2026/12/08/22 GET /v1/AUTH_f2ce6bfc308e4e2fbf4623f9afa112fc/gnocchi.89b3f52c-cd1d-4e75-ab4a-6bc7edf88ad9/none_v3 HTTP/1.0 404 - python-swiftclient-3.11.1 gAAAAABpfJ7zkMxm... - 70 - tx1a408ff9fd3c436292870-00697c9f36 - 0.0131 - - 1769774902.170008659 1769774902.183155060 0
Jan 30 12:08:22 standalone account-server[128304]: 172.20.0.100 - - [30/Jan/2026:12:08:22 +0000] "PUT /d1/97/AUTH_f2ce6bfc308e4e2fbf4623f9afa112fc/gnocchi.89b3f52c-cd1d-4e75-ab4a-6bc7edf88ad9" 201 - "PUT http://172.20.0.100:6001/d1/172/AUTH_f2ce6bfc308e4e2fbf4623f9afa112fc/gnocchi.89b3f52c-cd1d-4e75-ab4a-6bc7edf88ad9" "tx9eeb2119f21449b0a5049-00697c9f36" "container-server 22" 0.0126 "-" 22 0
Jan 30 12:08:22 standalone container-server[128299]: 172.20.0.100 - - [30/Jan/2026:12:08:22 +0000] "PUT /d1/172/AUTH_f2ce6bfc308e4e2fbf4623f9afa112fc/gnocchi.89b3f52c-cd1d-4e75-ab4a-6bc7edf88ad9" 201 - "PUT http://172.18.0.2:8080/v1/AUTH_f2ce6bfc308e4e2fbf4623f9afa112fc/gnocchi.89b3f52c-cd1d-4e75-ab4a-6bc7edf88ad9" "tx9eeb2119f21449b0a5049-00697c9f36" "proxy-server 20" 0.0233 "-" 22 0
Jan 30 12:08:22 standalone proxy-server[130418]: 172.18.0.2 172.18.0.100 30/Jan/2026/12/08/22 PUT /v1/AUTH_f2ce6bfc308e4e2fbf4623f9afa112fc/gnocchi.89b3f52c-cd1d-4e75-ab4a-6bc7edf88ad9 HTTP/1.0 201 - python-swiftclient-3.11.1 gAAAAABpfJ7zkMxm... - - - tx9eeb2119f21449b0a5049-00697c9f36 - 0.0336 - - 1769774902.185892582 1769774902.219492197 0
Jan 30 12:08:22 standalone container-server[128281]: 172.20.0.100 - - [30/Jan/2026:12:08:22 +0000] "HEAD /d1/172/AUTH_f2ce6bfc308e4e2fbf4623f9afa112fc/gnocchi.89b3f52c-cd1d-4e75-ab4a-6bc7edf88ad9" 204 - "HEAD http://172.18.0.2:8080/v1/AUTH_f2ce6bfc308e4e2fbf4623f9afa112fc/gnocchi.89b3f52c-cd1d-4e75-ab4a-6bc7edf88ad9?format=json&states=listing" "tx751c26e584b943e3abe0e-00697c9f36" "proxy-server 20" 0.0017 "-" 20 0
Jan 30 12:08:22 standalone proxy-server[130418]: - - 30/Jan/2026/12/08/22 HEAD /v1/AUTH_f2ce6bfc308e4e2fbf4623f9afa112fc/gnocchi.89b3f52c-cd1d-4e75-ab4a-6bc7edf88ad9%3Fformat%3Djson%26states%3Dlisting HTTP/1.0 204 - Swift - - - - tx751c26e584b943e3abe0e-00697c9f36 - 0.0059 RL - 1769774902.230737686 1769774902.236657381 0
Jan 30 12:08:22 standalone container-server[128281]: 172.20.0.100 - - [30/Jan/2026:12:08:22 +0000] "GET /d1/172/AUTH_f2ce6bfc308e4e2fbf4623f9afa112fc/gnocchi.89b3f52c-cd1d-4e75-ab4a-6bc7edf88ad9" 200 2 "GET http://172.18.0.2:8080/v1/AUTH_f2ce6bfc308e4e2fbf4623f9afa112fc/gnocchi.89b3f52c-cd1d-4e75-ab4a-6bc7edf88ad9?format=json&states=listing" "tx751c26e584b943e3abe0e-00697c9f36" "proxy-server 20" 0.0019 "-" 20 0
Jan 30 12:08:22 standalone proxy-server[130418]: 172.18.0.2 172.18.0.100 30/Jan/2026/12/08/22 GET /v1/AUTH_f2ce6bfc308e4e2fbf4623f9afa112fc/gnocchi.89b3f52c-cd1d-4e75-ab4a-6bc7edf88ad9%3Fformat%3Djson%26states%3Dlisting HTTP/1.0 200 - python-swiftclient-3.11.1 gAAAAABpfJ7zkMxm... - 2 - tx751c26e584b943e3abe0e-00697c9f36 - 0.0156 - - 1769774902.228667736 1769774902.244256973 0
Jan 30 12:08:22 standalone object-server[128453]: 172.20.0.100 - - [30/Jan/2026:12:08:22 +0000] "GET /d1/6/AUTH_f2ce6bfc308e4e2fbf4623f9afa112fc/gnocchi.89b3f52c-cd1d-4e75-ab4a-6bc7edf88ad9/1769040000.0_mean_300.0_v3" 404 70 "GET http://172.18.0.2:8080/v1/AUTH_f2ce6bfc308e4e2fbf4623f9afa112fc/gnocchi.89b3f52c-cd1d-4e75-ab4a-6bc7edf88ad9/1769040000.0_mean_300.0_v3" "tx5e980e3d09214613b3e72-00697c9f36" "proxy-server 20" 0.0005 "-" 21 0
Jan 30 12:08:22 standalone proxy-server[130418]: 172.18.0.2 172.18.0.100 30/Jan/2026/12/08/22 GET /v1/AUTH_f2ce6bfc308e4e2fbf4623f9afa112fc/gnocchi.89b3f52c-cd1d-4e75-ab4a-6bc7edf88ad9/1769040000.0_mean_300.0_v3 HTTP/1.0 404 - python-swiftclient-3.11.1 gAAAAABpfJ7zkMxm... - 70 - tx5e980e3d09214613b3e72-00697c9f36 - 0.0064 - - 1769774902.249467611 1769774902.255884647 0
Jan 30 12:08:22 standalone container-server[128286]: 172.20.0.100 - - [30/Jan/2026:12:08:22 +0000] "PUT /d1/172/AUTH_f2ce6bfc308e4e2fbf4623f9afa112fc/gnocchi.89b3f52c-cd1d-4e75-ab4a-6bc7edf88ad9/1769040000.0_mean_300.0_v3" 201 - "PUT http://172.18.0.2:8080/d1/6/AUTH_f2ce6bfc308e4e2fbf4623f9afa112fc/gnocchi.89b3f52c-cd1d-4e75-ab4a-6bc7edf88ad9/1769040000.0_mean_300.0_v3" "tx51b47c4fcdd5469a9d23f-00697c9f36" "object-server 23" 0.0005 "-" 21 0
Jan 30 12:08:22 standalone object-server[128455]: 172.20.0.100 - - [30/Jan/2026:12:08:22 +0000] "PUT /d1/6/AUTH_f2ce6bfc308e4e2fbf4623f9afa112fc/gnocchi.89b3f52c-cd1d-4e75-ab4a-6bc7edf88ad9/1769040000.0_mean_300.0_v3" 201 - "PUT http://172.18.0.2:8080/v1/AUTH_f2ce6bfc308e4e2fbf4623f9afa112fc/gnocchi.89b3f52c-cd1d-4e75-ab4a-6bc7edf88ad9/1769040000.0_mean_300.0_v3" "tx51b47c4fcdd5469a9d23f-00697c9f36" "proxy-server 20" 0.0154 "-" 23 0
Jan 30 12:08:22 standalone proxy-server[130418]: 172.18.0.2 172.18.0.100 30/Jan/2026/12/08/22 PUT /v1/AUTH_f2ce6bfc308e4e2fbf4623f9afa112fc/gnocchi.89b3f52c-cd1d-4e75-ab4a-6bc7edf88ad9/1769040000.0_mean_300.0_v3 HTTP/1.0 201 - python-swiftclient-3.11.1 gAAAAABpfJ7zkMxm... 16 - - tx51b47c4fcdd5469a9d23f-00697c9f36 - 0.0223 - - 1769774902.260254860 1769774902.282551289 0
Jan 30 12:08:22 standalone container-server[128299]: 172.20.0.100 - - [30/Jan/2026:12:08:22 +0000] "PUT /d1/172/AUTH_f2ce6bfc308e4e2fbf4623f9afa112fc/gnocchi.89b3f52c-cd1d-4e75-ab4a-6bc7edf88ad9/none_v3" 201 - "PUT http://172.18.0.2:8080/d1/735/AUTH_f2ce6bfc308e4e2fbf4623f9afa112fc/gnocchi.89b3f52c-cd1d-4e75-ab4a-6bc7edf88ad9/none_v3" "txd74204eeefd146098c1d0-00697c9f36" "object-server 22" 0.0011 "-" 22 0
Jan 30 12:08:22 standalone object-server[128454]: 172.20.0.100 - - [30/Jan/2026:12:08:22 +0000] "PUT /d1/735/AUTH_f2ce6bfc308e4e2fbf4623f9afa112fc/gnocchi.89b3f52c-cd1d-4e75-ab4a-6bc7edf88ad9/none_v3" 201 - "PUT http://172.18.0.2:8080/v1/AUTH_f2ce6bfc308e4e2fbf4623f9afa112fc/gnocchi.89b3f52c-cd1d-4e75-ab4a-6bc7edf88ad9/none_v3" "txd74204eeefd146098c1d0-00697c9f36" "proxy-server 20" 0.0303 "-" 22 0
Jan 30 12:08:22 standalone proxy-server[130418]: 172.18.0.2 172.18.0.100 30/Jan/2026/12/08/22 PUT /v1/AUTH_f2ce6bfc308e4e2fbf4623f9afa112fc/gnocchi.89b3f52c-cd1d-4e75-ab4a-6bc7edf88ad9/none_v3 HTTP/1.0 201 - python-swiftclient-3.11.1 gAAAAABpfJ7zkMxm... 22 - - txd74204eeefd146098c1d0-00697c9f36 - 0.0402 - - 1769774902.286672592 1769774902.326920986 0
Jan 30 12:08:22 standalone container-server[128286]: 172.20.0.100 - - [30/Jan/2026:12:08:22 +0000] "HEAD /d1/973/AUTH_f2ce6bfc308e4e2fbf4623f9afa112fc/gnocchi.ea98457a-5eb2-4862-b722-9c0c08d8ad69" 404 - "HEAD http://172.18.0.2:8080/v1/AUTH_f2ce6bfc308e4e2fbf4623f9afa112fc/gnocchi.ea98457a-5eb2-4862-b722-9c0c08d8ad69?format=json&states=listing" "txc883f557502a451f936e9-00697c9f36" "proxy-server 20" 0.0003 "-" 21 0
Jan 30 12:08:22 standalone object-server[128452]: 172.20.0.100 - - [30/Jan/2026:12:08:22 +0000] "GET /d1/497/AUTH_f2ce6bfc308e4e2fbf4623f9afa112fc/gnocchi.ea98457a-5eb2-4862-b722-9c0c08d8ad69/none_v3" 404 70 "GET http://172.18.0.2:8080/v1/AUTH_f2ce6bfc308e4e2fbf4623f9afa112fc/gnocchi.ea98457a-5eb2-4862-b722-9c0c08d8ad69/none_v3" "txc883f557502a451f936e9-00697c9f36" "proxy-server 20" 0.0007 "-" 20 0
Jan 30 12:08:22 standalone proxy-server[130418]: 172.18.0.2 172.18.0.100 30/Jan/2026/12/08/22 GET /v1/AUTH_f2ce6bfc308e4e2fbf4623f9afa112fc/gnocchi.ea98457a-5eb2-4862-b722-9c0c08d8ad69/none_v3 HTTP/1.0 404 - python-swiftclient-3.11.1 gAAAAABpfJ7zkMxm... - 70 - txc883f557502a451f936e9-00697c9f36 - 0.0116 - - 1769774902.371556282 1769774902.383115530 0
Jan 30 12:08:22 standalone account-server[128277]: 172.20.0.100 - - [30/Jan/2026:12:08:22 +0000] "PUT /d1/97/AUTH_f2ce6bfc308e4e2fbf4623f9afa112fc/gnocchi.ea98457a-5eb2-4862-b722-9c0c08d8ad69" 201 - "PUT http://172.20.0.100:6001/d1/973/AUTH_f2ce6bfc308e4e2fbf4623f9afa112fc/gnocchi.ea98457a-5eb2-4862-b722-9c0c08d8ad69" "tx0aa1c3fedf7b4d7390f23-00697c9f36" "container-server 23" 0.0048 "-" 20 0
Jan 30 12:08:22 standalone container-server[128315]: 172.20.0.100 - - [30/Jan/2026:12:08:22 +0000] "PUT /d1/973/AUTH_f2ce6bfc308e4e2fbf4623f9afa112fc/gnocchi.ea98457a-5eb2-4862-b722-9c0c08d8ad69" 201 - "PUT http://172.18.0.2:8080/v1/AUTH_f2ce6bfc308e4e2fbf4623f9afa112fc/gnocchi.ea98457a-5eb2-4862-b722-9c0c08d8ad69" "tx0aa1c3fedf7b4d7390f23-00697c9f36" "proxy-server 20" 0.0175 "-" 23 0
Jan 30 12:08:22 standalone proxy-server[130418]: 172.18.0.2 172.18.0.100 30/Jan/2026/12/08/22 PUT /v1/AUTH_f2ce6bfc308e4e2fbf4623f9afa112fc/gnocchi.ea98457a-5eb2-4862-b722-9c0c08d8ad69 HTTP/1.0 201 - python-swiftclient-3.11.1 gAAAAABpfJ7zkMxm... - - - tx0aa1c3fedf7b4d7390f23-00697c9f36 - 0.0247 - - 1769774902.387150049 1769774902.411885977 0
Jan 30 12:08:22 standalone container-server[128281]: 172.20.0.100 - - [30/Jan/2026:12:08:22 +0000] "HEAD /d1/973/AUTH_f2ce6bfc308e4e2fbf4623f9afa112fc/gnocchi.ea98457a-5eb2-4862-b722-9c0c08d8ad69" 204 - "HEAD http://172.18.0.2:8080/v1/AUTH_f2ce6bfc308e4e2fbf4623f9afa112fc/gnocchi.ea98457a-5eb2-4862-b722-9c0c08d8ad69?format=json&states=listing" "txa6f85d0860254cdf9339a-00697c9f36" "proxy-server 20" 0.0018 "-" 20 0
Jan 30 12:08:22 standalone proxy-server[130418]: - - 30/Jan/2026/12/08/22 HEAD /v1/AUTH_f2ce6bfc308e4e2fbf4623f9afa112fc/gnocchi.ea98457a-5eb2-4862-b722-9c0c08d8ad69%3Fformat%3Djson%26states%3Dlisting HTTP/1.0 204 - Swift - - - - txa6f85d0860254cdf9339a-00697c9f36 - 0.0074 RL - 1769774902.419297218 1769774902.426674366 0
Jan 30 12:08:22 standalone container-server[128315]: 172.20.0.100 - - [30/Jan/2026:12:08:22 +0000] "GET /d1/973/AUTH_f2ce6bfc308e4e2fbf4623f9afa112fc/gnocchi.ea98457a-5eb2-4862-b722-9c0c08d8ad69" 200 2 "GET http://172.18.0.2:8080/v1/AUTH_f2ce6bfc308e4e2fbf4623f9afa112fc/gnocchi.ea98457a-5eb2-4862-b722-9c0c08d8ad69?format=json&states=listing" "txa6f85d0860254cdf9339a-00697c9f36" "proxy-server 20" 0.0036 "-" 23 0
Jan 30 12:08:22 standalone proxy-server[130418]: 172.18.0.2 172.18.0.100 30/Jan/2026/12/08/22 GET /v1/AUTH_f2ce6bfc308e4e2fbf4623f9afa112fc/gnocchi.ea98457a-5eb2-4862-b722-9c0c08d8ad69%3Fformat%3Djson%26states%3Dlisting HTTP/1.0 200 - python-swiftclient-3.11.1 gAAAAABpfJ7zkMxm... - 2 - txa6f85d0860254cdf9339a-00697c9f36 - 0.0209 - - 1769774902.417787313 1769774902.438712358 0
Jan 30 12:08:22 standalone object-server[128453]: 172.20.0.100 - - [30/Jan/2026:12:08:22 +0000] "GET /d1/812/AUTH_f2ce6bfc308e4e2fbf4623f9afa112fc/gnocchi.ea98457a-5eb2-4862-b722-9c0c08d8ad69/1769040000.0_mean_300.0_v3" 404 70 "GET http://172.18.0.2:8080/v1/AUTH_f2ce6bfc308e4e2fbf4623f9afa112fc/gnocchi.ea98457a-5eb2-4862-b722-9c0c08d8ad69/1769040000.0_mean_300.0_v3" "txa2e60b9a52f14bb987d80-00697c9f36" "proxy-server 20" 0.0005 "-" 21 0
Jan 30 12:08:22 standalone proxy-server[130418]: 172.18.0.2 172.18.0.100 30/Jan/2026/12/08/22 GET /v1/AUTH_f2ce6bfc308e4e2fbf4623f9afa112fc/gnocchi.ea98457a-5eb2-4862-b722-9c0c08d8ad69/1769040000.0_mean_300.0_v3 HTTP/1.0 404 - python-swiftclient-3.11.1 gAAAAABpfJ7zkMxm... - 70 - txa2e60b9a52f14bb987d80-00697c9f36 - 0.0100 - - 1769774902.442743301 1769774902.452778339 0
Jan 30 12:08:22 standalone container-server[128286]: 172.20.0.100 - - [30/Jan/2026:12:08:22 +0000] "PUT /d1/973/AUTH_f2ce6bfc308e4e2fbf4623f9afa112fc/gnocchi.ea98457a-5eb2-4862-b722-9c0c08d8ad69/1769040000.0_mean_300.0_v3" 201 - "PUT http://172.18.0.2:8080/d1/812/AUTH_f2ce6bfc308e4e2fbf4623f9afa112fc/gnocchi.ea98457a-5eb2-4862-b722-9c0c08d8ad69/1769040000.0_mean_300.0_v3" "tx39f4f4f2e2e14fbb9d24d-00697c9f36" "object-server 23" 0.0008 "-" 21 0
Jan 30 12:08:22 standalone object-server[128455]: 172.20.0.100 - - [30/Jan/2026:12:08:22 +0000] "PUT /d1/812/AUTH_f2ce6bfc308e4e2fbf4623f9afa112fc/gnocchi.ea98457a-5eb2-4862-b722-9c0c08d8ad69/1769040000.0_mean_300.0_v3" 201 - "PUT http://172.18.0.2:8080/v1/AUTH_f2ce6bfc308e4e2fbf4623f9afa112fc/gnocchi.ea98457a-5eb2-4862-b722-9c0c08d8ad69/1769040000.0_mean_300.0_v3" "tx39f4f4f2e2e14fbb9d24d-00697c9f36" "proxy-server 20" 0.0136 "-" 23 0
Jan 30 12:08:22 standalone proxy-server[130418]: 172.18.0.2 172.18.0.100 30/Jan/2026/12/08/22 PUT /v1/AUTH_f2ce6bfc308e4e2fbf4623f9afa112fc/gnocchi.ea98457a-5eb2-4862-b722-9c0c08d8ad69/1769040000.0_mean_300.0_v3 HTTP/1.0 201 - python-swiftclient-3.11.1 gAAAAABpfJ7zkMxm... 16 - - tx39f4f4f2e2e14fbb9d24d-00697c9f36 - 0.0207 - - 1769774902.457796574 1769774902.478544235 0
Jan 30 12:08:22 standalone container-server[128299]: 172.20.0.100 - - [30/Jan/2026:12:08:22 +0000] "PUT /d1/973/AUTH_f2ce6bfc308e4e2fbf4623f9afa112fc/gnocchi.ea98457a-5eb2-4862-b722-9c0c08d8ad69/none_v3" 201 - "PUT http://172.18.0.2:8080/d1/497/AUTH_f2ce6bfc308e4e2fbf4623f9afa112fc/gnocchi.ea98457a-5eb2-4862-b722-9c0c08d8ad69/none_v3" "tx26cd5e8b10ff432cb1ccf-00697c9f36" "object-server 20" 0.0012 "-" 22 0
Jan 30 12:08:22 standalone object-server[128452]: 172.20.0.100 - - [30/Jan/2026:12:08:22 +0000] "PUT /d1/497/AUTH_f2ce6bfc308e4e2fbf4623f9afa112fc/gnocchi.ea98457a-5eb2-4862-b722-9c0c08d8ad69/none_v3" 201 - "PUT http://172.18.0.2:8080/v1/AUTH_f2ce6bfc308e4e2fbf4623f9afa112fc/gnocchi.ea98457a-5eb2-4862-b722-9c0c08d8ad69/none_v3" "tx26cd5e8b10ff432cb1ccf-00697c9f36" "proxy-server 20" 0.0156 "-" 20 0
Jan 30 12:08:22 standalone proxy-server[130418]: 172.18.0.2 172.18.0.100 30/Jan/2026/12/08/22 PUT /v1/AUTH_f2ce6bfc308e4e2fbf4623f9afa112fc/gnocchi.ea98457a-5eb2-4862-b722-9c0c08d8ad69/none_v3 HTTP/1.0 201 - python-swiftclient-3.11.1 gAAAAABpfJ7zkMxm... 22 - - tx26cd5e8b10ff432cb1ccf-00697c9f36 - 0.0267 - - 1769774902.483098269 1769774902.509799242 0
Jan 30 12:08:27 standalone account-server[128282]: 172.20.0.100 - - [30/Jan/2026:12:08:27 +0000] "HEAD /d1/237/.expiring_objects" 404 - "HEAD http://localhost/v1/.expiring_objects?format=json" "txbb756c2c4fbe4fec85201-00697c9f3b" "proxy-server 2" 0.0016 "-" 21 -
Jan 30 12:08:27 standalone object-expirer[128283]: Pass completed in 0s; 0 objects expired (txn: txbb756c2c4fbe4fec85201-00697c9f3b)
Jan 30 12:08:29 standalone account-server[128282]: 172.20.0.100 - - [30/Jan/2026:12:08:29 +0000] "HEAD /d1/237/.expiring_objects" 404 - "HEAD http://localhost/v1/.expiring_objects?format=json" "tx5a2711b56f6644c3a6b70-00697c9f3d" "proxy-server 2" 0.0006 "-" 21 -
Jan 30 12:08:29 standalone object-expirer[128283]: Pass completed in 0s; 0 objects expired (txn: tx5a2711b56f6644c3a6b70-00697c9f3d)
Jan 30 12:08:53 standalone container-server[128281]: 172.20.0.100 - - [30/Jan/2026:12:08:53 +0000] "HEAD /d1/245/AUTH_f2ce6bfc308e4e2fbf4623f9afa112fc/gnocchi.7f8cf68b-6710-4dbd-bb53-7f758bcbeec9" 404 - "HEAD http://172.18.0.2:8080/v1/AUTH_f2ce6bfc308e4e2fbf4623f9afa112fc/gnocchi.7f8cf68b-6710-4dbd-bb53-7f758bcbeec9?format=json&states=listing" "tx278b00d6c17e4ea99e38a-00697c9f55" "proxy-server 20" 0.0007 "-" 20 0
Jan 30 12:08:53 standalone object-server[128455]: 172.20.0.100 - - [30/Jan/2026:12:08:53 +0000] "GET /d1/966/AUTH_f2ce6bfc308e4e2fbf4623f9afa112fc/gnocchi.7f8cf68b-6710-4dbd-bb53-7f758bcbeec9/none_v3" 404 70 "GET http://172.18.0.2:8080/v1/AUTH_f2ce6bfc308e4e2fbf4623f9afa112fc/gnocchi.7f8cf68b-6710-4dbd-bb53-7f758bcbeec9/none_v3" "tx278b00d6c17e4ea99e38a-00697c9f55" "proxy-server 20" 0.0007 "-" 23 0
Jan 30 12:08:53 standalone proxy-server[130418]: 172.18.0.2 172.18.0.100 30/Jan/2026/12/08/53 GET /v1/AUTH_f2ce6bfc308e4e2fbf4623f9afa112fc/gnocchi.7f8cf68b-6710-4dbd-bb53-7f758bcbeec9/none_v3 HTTP/1.0 404 - python-swiftclient-3.11.1 gAAAAABpfJ7zkMxm... - 70 - tx278b00d6c17e4ea99e38a-00697c9f55 - 0.0165 - - 1769774933.955022573 1769774933.971521616 0
Jan 30 12:08:54 standalone account-server[128304]: 172.20.0.100 - - [30/Jan/2026:12:08:54 +0000] "PUT /d1/97/AUTH_f2ce6bfc308e4e2fbf4623f9afa112fc/gnocchi.7f8cf68b-6710-4dbd-bb53-7f758bcbeec9" 201 - "PUT http://172.20.0.100:6001/d1/245/AUTH_f2ce6bfc308e4e2fbf4623f9afa112fc/gnocchi.7f8cf68b-6710-4dbd-bb53-7f758bcbeec9" "txe8bfdc916de246b8b280e-00697c9f55" "container-server 21" 0.0080 "-" 22 0
Jan 30 12:08:54 standalone container-server[128286]: 172.20.0.100 - - [30/Jan/2026:12:08:54 +0000] "PUT /d1/245/AUTH_f2ce6bfc308e4e2fbf4623f9afa112fc/gnocchi.7f8cf68b-6710-4dbd-bb53-7f758bcbeec9" 201 - "PUT http://172.18.0.2:8080/v1/AUTH_f2ce6bfc308e4e2fbf4623f9afa112fc/gnocchi.7f8cf68b-6710-4dbd-bb53-7f758bcbeec9" "txe8bfdc916de246b8b280e-00697c9f55" "proxy-server 20" 0.0404 "-" 21 0
Jan 30 12:08:54 standalone proxy-server[130418]: 172.18.0.2 172.18.0.100 30/Jan/2026/12/08/54 PUT /v1/AUTH_f2ce6bfc308e4e2fbf4623f9afa112fc/gnocchi.7f8cf68b-6710-4dbd-bb53-7f758bcbeec9 HTTP/1.0 201 - python-swiftclient-3.11.1 gAAAAABpfJ7zkMxm... - - - txe8bfdc916de246b8b280e-00697c9f55 - 0.0476 - - 1769774933.975627661 1769774934.023229122 0
Jan 30 12:08:54 standalone container-server[128315]: 172.20.0.100 - - [30/Jan/2026:12:08:54 +0000] "HEAD /d1/245/AUTH_f2ce6bfc308e4e2fbf4623f9afa112fc/gnocchi.7f8cf68b-6710-4dbd-bb53-7f758bcbeec9" 204 - "HEAD http://172.18.0.2:8080/v1/AUTH_f2ce6bfc308e4e2fbf4623f9afa112fc/gnocchi.7f8cf68b-6710-4dbd-bb53-7f758bcbeec9?format=json&states=listing" "tx5cd4a5be435645258f8fc-00697c9f56" "proxy-server 20" 0.0021 "-" 23 0
Jan 30 12:08:54 standalone proxy-server[130418]: - - 30/Jan/2026/12/08/54 HEAD /v1/AUTH_f2ce6bfc308e4e2fbf4623f9afa112fc/gnocchi.7f8cf68b-6710-4dbd-bb53-7f758bcbeec9%3Fformat%3Djson%26states%3Dlisting HTTP/1.0 204 - Swift - - - - tx5cd4a5be435645258f8fc-00697c9f56 - 0.0067 RL - 1769774934.029008627 1769774934.035676956 0
Jan 30 12:08:54 standalone container-server[128281]: 172.20.0.100 - - [30/Jan/2026:12:08:54 +0000] "GET /d1/245/AUTH_f2ce6bfc308e4e2fbf4623f9afa112fc/gnocchi.7f8cf68b-6710-4dbd-bb53-7f758bcbeec9" 200 2 "GET http://172.18.0.2:8080/v1/AUTH_f2ce6bfc308e4e2fbf4623f9afa112fc/gnocchi.7f8cf68b-6710-4dbd-bb53-7f758bcbeec9?format=json&states=listing" "tx5cd4a5be435645258f8fc-00697c9f56" "proxy-server 20" 0.0018 "-" 20 0
Jan 30 12:08:54 standalone proxy-server[130418]: 172.18.0.2 172.18.0.100 30/Jan/2026/12/08/54 GET /v1/AUTH_f2ce6bfc308e4e2fbf4623f9afa112fc/gnocchi.7f8cf68b-6710-4dbd-bb53-7f758bcbeec9%3Fformat%3Djson%26states%3Dlisting HTTP/1.0 200 - python-swiftclient-3.11.1 gAAAAABpfJ7zkMxm... - 2 - tx5cd4a5be435645258f8fc-00697c9f56 - 0.0187 - - 1769774934.027563810 1769774934.046215534 0
Jan 30 12:08:54 standalone object-server[128455]: 172.20.0.100 - - [30/Jan/2026:12:08:54 +0000] "GET /d1/192/AUTH_f2ce6bfc308e4e2fbf4623f9afa112fc/gnocchi.7f8cf68b-6710-4dbd-bb53-7f758bcbeec9/1769040000.0_mean_300.0_v3" 404 70 "GET http://172.18.0.2:8080/v1/AUTH_f2ce6bfc308e4e2fbf4623f9afa112fc/gnocchi.7f8cf68b-6710-4dbd-bb53-7f758bcbeec9/1769040000.0_mean_300.0_v3" "tx09c71097d6f1439a9ffbf-00697c9f56" "proxy-server 20" 0.0004 "-" 23 0
Jan 30 12:08:54 standalone proxy-server[130418]: 172.18.0.2 172.18.0.100 30/Jan/2026/12/08/54 GET /v1/AUTH_f2ce6bfc308e4e2fbf4623f9afa112fc/gnocchi.7f8cf68b-6710-4dbd-bb53-7f758bcbeec9/1769040000.0_mean_300.0_v3 HTTP/1.0 404 - python-swiftclient-3.11.1 gAAAAABpfJ7zkMxm... - 70 - tx09c71097d6f1439a9ffbf-00697c9f56 - 0.0077 - - 1769774934.051162720 1769774934.058850050 0
Jan 30 12:08:54 standalone container-server[128281]: 172.20.0.100 - - [30/Jan/2026:12:08:54 +0000] "PUT /d1/245/AUTH_f2ce6bfc308e4e2fbf4623f9afa112fc/gnocchi.7f8cf68b-6710-4dbd-bb53-7f758bcbeec9/1769040000.0_mean_300.0_v3" 201 - "PUT http://172.18.0.2:8080/d1/192/AUTH_f2ce6bfc308e4e2fbf4623f9afa112fc/gnocchi.7f8cf68b-6710-4dbd-bb53-7f758bcbeec9/1769040000.0_mean_300.0_v3" "txfa2681bbfb454433bcfbe-00697c9f56" "object-server 22" 0.0009 "-" 20 0
Jan 30 12:08:54 standalone object-server[128454]: 172.20.0.100 - - [30/Jan/2026:12:08:54 +0000] "PUT /d1/192/AUTH_f2ce6bfc308e4e2fbf4623f9afa112fc/gnocchi.7f8cf68b-6710-4dbd-bb53-7f758bcbeec9/1769040000.0_mean_300.0_v3" 201 - "PUT http://172.18.0.2:8080/v1/AUTH_f2ce6bfc308e4e2fbf4623f9afa112fc/gnocchi.7f8cf68b-6710-4dbd-bb53-7f758bcbeec9/1769040000.0_mean_300.0_v3" "txfa2681bbfb454433bcfbe-00697c9f56" "proxy-server 20" 0.0157 "-" 22 0
Jan 30 12:08:54 standalone proxy-server[130418]: 172.18.0.2 172.18.0.100 30/Jan/2026/12/08/54 PUT /v1/AUTH_f2ce6bfc308e4e2fbf4623f9afa112fc/gnocchi.7f8cf68b-6710-4dbd-bb53-7f758bcbeec9/1769040000.0_mean_300.0_v3 HTTP/1.0 201 - python-swiftclient-3.11.1 gAAAAABpfJ7zkMxm... 16 - - txfa2681bbfb454433bcfbe-00697c9f56 - 0.0289 - - 1769774934.069495916 1769774934.098380804 0
Jan 30 12:08:54 standalone container-server[128281]: 172.20.0.100 - - [30/Jan/2026:12:08:54 +0000] "PUT /d1/245/AUTH_f2ce6bfc308e4e2fbf4623f9afa112fc/gnocchi.7f8cf68b-6710-4dbd-bb53-7f758bcbeec9/none_v3" 201 - "PUT http://172.18.0.2:8080/d1/966/AUTH_f2ce6bfc308e4e2fbf4623f9afa112fc/gnocchi.7f8cf68b-6710-4dbd-bb53-7f758bcbeec9/none_v3" "tx29033186670b4238a5863-00697c9f56" "object-server 22" 0.0007 "-" 20 0
Jan 30 12:08:54 standalone object-server[128454]: 172.20.0.100 - - [30/Jan/2026:12:08:54 +0000] "PUT /d1/966/AUTH_f2ce6bfc308e4e2fbf4623f9afa112fc/gnocchi.7f8cf68b-6710-4dbd-bb53-7f758bcbeec9/none_v3" 201 - "PUT http://172.18.0.2:8080/v1/AUTH_f2ce6bfc308e4e2fbf4623f9afa112fc/gnocchi.7f8cf68b-6710-4dbd-bb53-7f758bcbeec9/none_v3" "tx29033186670b4238a5863-00697c9f56" "proxy-server 20" 0.0178 "-" 22 0
Jan 30 12:08:54 standalone proxy-server[130418]: 172.18.0.2 172.18.0.100 30/Jan/2026/12/08/54 PUT /v1/AUTH_f2ce6bfc308e4e2fbf4623f9afa112fc/gnocchi.7f8cf68b-6710-4dbd-bb53-7f758bcbeec9/none_v3 HTTP/1.0 201 - python-swiftclient-3.11.1 gAAAAABpfJ7zkMxm... 22 - - tx29033186670b4238a5863-00697c9f56 - 0.0286 - - 1769774934.108812571 1769774934.137363195 0
Jan 30 12:08:54 standalone object-server[128455]: 172.20.0.100 - - [30/Jan/2026:12:08:54 +0000] "GET /d1/430/AUTH_f2ce6bfc308e4e2fbf4623f9afa112fc/gnocchi.30141c8a-32b3-4692-82ee-3d0d732e97a3/none_v3" 200 22 "GET http://172.18.0.2:8080/v1/AUTH_f2ce6bfc308e4e2fbf4623f9afa112fc/gnocchi.30141c8a-32b3-4692-82ee-3d0d732e97a3/none_v3" "tx3ebe3a933c674633ae1c4-00697c9f56" "proxy-server 20" 0.0011 "-" 23 0
Jan 30 12:08:54 standalone proxy-server[130418]: 172.18.0.2 172.18.0.100 30/Jan/2026/12/08/54 GET /v1/AUTH_f2ce6bfc308e4e2fbf4623f9afa112fc/gnocchi.30141c8a-32b3-4692-82ee-3d0d732e97a3/none_v3 HTTP/1.0 200 - python-swiftclient-3.11.1 gAAAAABpfJ7zkMxm... - 22 - tx3ebe3a933c674633ae1c4-00697c9f56 - 0.0100 - - 1769774934.189039946 1769774934.199037552 0
Jan 30 12:08:54 standalone container-server[128299]: 172.20.0.100 - - [30/Jan/2026:12:08:54 +0000] "GET /d1/663/AUTH_f2ce6bfc308e4e2fbf4623f9afa112fc/gnocchi.30141c8a-32b3-4692-82ee-3d0d732e97a3" 200 357 "GET http://172.18.0.2:8080/v1/AUTH_f2ce6bfc308e4e2fbf4623f9afa112fc/gnocchi.30141c8a-32b3-4692-82ee-3d0d732e97a3?format=json&states=listing" "tx434d4cbc7e26438c8ff54-00697c9f56" "proxy-server 20" 0.0165 "-" 22 0
Jan 30 12:08:54 standalone proxy-server[130418]: 172.18.0.2 172.18.0.100 30/Jan/2026/12/08/54 GET /v1/AUTH_f2ce6bfc308e4e2fbf4623f9afa112fc/gnocchi.30141c8a-32b3-4692-82ee-3d0d732e97a3%3Fformat%3Djson%26states%3Dlisting HTTP/1.0 200 - python-swiftclient-3.11.1 gAAAAABpfJ7zkMxm... - 357 - tx434d4cbc7e26438c8ff54-00697c9f56 - 0.0266 - - 1769774934.203252792 1769774934.229850054 0
Jan 30 12:08:54 standalone container-server[128286]: 172.20.0.100 - - [30/Jan/2026:12:08:54 +0000] "GET /d1/663/AUTH_f2ce6bfc308e4e2fbf4623f9afa112fc/gnocchi.30141c8a-32b3-4692-82ee-3d0d732e97a3" 200 2 "GET http://172.18.0.2:8080/v1/AUTH_f2ce6bfc308e4e2fbf4623f9afa112fc/gnocchi.30141c8a-32b3-4692-82ee-3d0d732e97a3?format=json&marker=none_v3&states=listing" "txc5535fbfdba841ce8fec9-00697c9f56" "proxy-server 20" 0.0039 "-" 21 0
Jan 30 12:08:54 standalone proxy-server[130418]: 172.18.0.2 172.18.0.100 30/Jan/2026/12/08/54 GET /v1/AUTH_f2ce6bfc308e4e2fbf4623f9afa112fc/gnocchi.30141c8a-32b3-4692-82ee-3d0d732e97a3%3Fformat%3Djson%26marker%3Dnone_v3%26states%3Dlisting HTTP/1.0 200 - python-swiftclient-3.11.1 gAAAAABpfJ7zkMxm... - 2 - txc5535fbfdba841ce8fec9-00697c9f56 - 0.0127 - - 1769774934.232945204 1769774934.245675802 0
Jan 30 12:08:54 standalone object-server[128453]: 172.20.0.100 - - [30/Jan/2026:12:08:54 +0000] "GET /d1/664/AUTH_f2ce6bfc308e4e2fbf4623f9afa112fc/gnocchi.30141c8a-32b3-4692-82ee-3d0d732e97a3/1769040000.0_mean_300.0_v3" 200 16 "GET http://172.18.0.2:8080/v1/AUTH_f2ce6bfc308e4e2fbf4623f9afa112fc/gnocchi.30141c8a-32b3-4692-82ee-3d0d732e97a3/1769040000.0_mean_300.0_v3" "tx50bf3b6123d54a85a8534-00697c9f56" "proxy-server 20" 0.0013 "-" 21 0
Jan 30 12:08:54 standalone proxy-server[130418]: 172.18.0.2 172.18.0.100 30/Jan/2026/12/08/54 GET /v1/AUTH_f2ce6bfc308e4e2fbf4623f9afa112fc/gnocchi.30141c8a-32b3-4692-82ee-3d0d732e97a3/1769040000.0_mean_300.0_v3 HTTP/1.0 200 - python-swiftclient-3.11.1 gAAAAABpfJ7zkMxm... - 16 - tx50bf3b6123d54a85a8534-00697c9f56 - 0.0100 - - 1769774934.250133276 1769774934.260088921 0
Jan 30 12:08:54 standalone container-server[128286]: 172.20.0.100 - - [30/Jan/2026:12:08:54 +0000] "PUT /d1/663/AUTH_f2ce6bfc308e4e2fbf4623f9afa112fc/gnocchi.30141c8a-32b3-4692-82ee-3d0d732e97a3/1769040000.0_mean_300.0_v3" 201 - "PUT http://172.18.0.2:8080/d1/664/AUTH_f2ce6bfc308e4e2fbf4623f9afa112fc/gnocchi.30141c8a-32b3-4692-82ee-3d0d732e97a3/1769040000.0_mean_300.0_v3" "txeaf859a590cd488b8b484-00697c9f56" "object-server 23" 0.0009 "-" 21 0
Jan 30 12:08:54 standalone object-server[128455]: 172.20.0.100 - - [30/Jan/2026:12:08:54 +0000] "PUT /d1/664/AUTH_f2ce6bfc308e4e2fbf4623f9afa112fc/gnocchi.30141c8a-32b3-4692-82ee-3d0d732e97a3/1769040000.0_mean_300.0_v3" 201 - "PUT http://172.18.0.2:8080/v1/AUTH_f2ce6bfc308e4e2fbf4623f9afa112fc/gnocchi.30141c8a-32b3-4692-82ee-3d0d732e97a3/1769040000.0_mean_300.0_v3" "txeaf859a590cd488b8b484-00697c9f56" "proxy-server 20" 0.0117 "-" 23 0
Jan 30 12:08:54 standalone proxy-server[130418]: 172.18.0.2 172.18.0.100 30/Jan/2026/12/08/54 PUT /v1/AUTH_f2ce6bfc308e4e2fbf4623f9afa112fc/gnocchi.30141c8a-32b3-4692-82ee-3d0d732e97a3/1769040000.0_mean_300.0_v3 HTTP/1.0 201 - python-swiftclient-3.11.1 gAAAAABpfJ7zkMxm... 16 - - txeaf859a590cd488b8b484-00697c9f56 - 0.0186 - - 1769774934.264783621 1769774934.283384323 0
Jan 30 12:08:54 standalone container-server[128315]: 172.20.0.100 - - [30/Jan/2026:12:08:54 +0000] "PUT /d1/663/AUTH_f2ce6bfc308e4e2fbf4623f9afa112fc/gnocchi.30141c8a-32b3-4692-82ee-3d0d732e97a3/none_v3" 201 - "PUT http://172.18.0.2:8080/d1/430/AUTH_f2ce6bfc308e4e2fbf4623f9afa112fc/gnocchi.30141c8a-32b3-4692-82ee-3d0d732e97a3/none_v3" "txe0767b9d8de14319855b0-00697c9f56" "object-server 20" 0.0008 "-" 23 0
Jan 30 12:08:54 standalone object-server[128452]: 172.20.0.100 - - [30/Jan/2026:12:08:54 +0000] "PUT /d1/430/AUTH_f2ce6bfc308e4e2fbf4623f9afa112fc/gnocchi.30141c8a-32b3-4692-82ee-3d0d732e97a3/none_v3" 201 - "PUT http://172.18.0.2:8080/v1/AUTH_f2ce6bfc308e4e2fbf4623f9afa112fc/gnocchi.30141c8a-32b3-4692-82ee-3d0d732e97a3/none_v3" "txe0767b9d8de14319855b0-00697c9f56" "proxy-server 20" 0.0128 "-" 20 0
Jan 30 12:08:54 standalone proxy-server[130418]: 172.18.0.2 172.18.0.100 30/Jan/2026/12/08/54 PUT /v1/AUTH_f2ce6bfc308e4e2fbf4623f9afa112fc/gnocchi.30141c8a-32b3-4692-82ee-3d0d732e97a3/none_v3 HTTP/1.0 201 - python-swiftclient-3.11.1 gAAAAABpfJ7zkMxm... 33 - - txe0767b9d8de14319855b0-00697c9f56 - 0.0205 - - 1769774934.286913395 1769774934.307414055 0
Jan 30 12:08:54 standalone object-server[128452]: 172.20.0.100 - - [30/Jan/2026:12:08:54 +0000] "GET /d1/712/AUTH_f2ce6bfc308e4e2fbf4623f9afa112fc/gnocchi.f865be45-a264-41e1-afb8-4bf557c945c9/none_v3" 200 22 "GET http://172.18.0.2:8080/v1/AUTH_f2ce6bfc308e4e2fbf4623f9afa112fc/gnocchi.f865be45-a264-41e1-afb8-4bf557c945c9/none_v3" "txbf481672760b418ab2ae6-00697c9f56" "proxy-server 20" 0.0009 "-" 20 0
Jan 30 12:08:54 standalone proxy-server[130418]: 172.18.0.2 172.18.0.100 30/Jan/2026/12/08/54 GET /v1/AUTH_f2ce6bfc308e4e2fbf4623f9afa112fc/gnocchi.f865be45-a264-41e1-afb8-4bf557c945c9/none_v3 HTTP/1.0 200 - python-swiftclient-3.11.1 gAAAAABpfJ7zkMxm... - 22 - txbf481672760b418ab2ae6-00697c9f56 - 0.0086 - - 1769774934.318479776 1769774934.327035904 0
Jan 30 12:08:54 standalone container-server[128281]: 172.20.0.100 - - [30/Jan/2026:12:08:54 +0000] "GET /d1/1020/AUTH_f2ce6bfc308e4e2fbf4623f9afa112fc/gnocchi.f865be45-a264-41e1-afb8-4bf557c945c9" 200 357 "GET http://172.18.0.2:8080/v1/AUTH_f2ce6bfc308e4e2fbf4623f9afa112fc/gnocchi.f865be45-a264-41e1-afb8-4bf557c945c9?format=json&states=listing" "tx59860c259bfb4a8599d8b-00697c9f56" "proxy-server 20" 0.0085 "-" 20 0
Jan 30 12:08:54 standalone proxy-server[130418]: 172.18.0.2 172.18.0.100 30/Jan/2026/12/08/54 GET /v1/AUTH_f2ce6bfc308e4e2fbf4623f9afa112fc/gnocchi.f865be45-a264-41e1-afb8-4bf557c945c9%3Fformat%3Djson%26states%3Dlisting HTTP/1.0 200 - python-swiftclient-3.11.1 gAAAAABpfJ7zkMxm... - 357 - tx59860c259bfb4a8599d8b-00697c9f56 - 0.0270 - - 1769774934.330865860 1769774934.357887268 0
Jan 30 12:08:54 standalone container-server[128315]: 172.20.0.100 - - [30/Jan/2026:12:08:54 +0000] "GET /d1/1020/AUTH_f2ce6bfc308e4e2fbf4623f9afa112fc/gnocchi.f865be45-a264-41e1-afb8-4bf557c945c9" 200 2 "GET http://172.18.0.2:8080/v1/AUTH_f2ce6bfc308e4e2fbf4623f9afa112fc/gnocchi.f865be45-a264-41e1-afb8-4bf557c945c9?format=json&marker=none_v3&states=listing" "tx726af705f0054e83833b6-00697c9f56" "proxy-server 20" 0.0024 "-" 23 0
Jan 30 12:08:54 standalone proxy-server[130418]: 172.18.0.2 172.18.0.100 30/Jan/2026/12/08/54 GET /v1/AUTH_f2ce6bfc308e4e2fbf4623f9afa112fc/gnocchi.f865be45-a264-41e1-afb8-4bf557c945c9%3Fformat%3Djson%26marker%3Dnone_v3%26states%3Dlisting HTTP/1.0 200 - python-swiftclient-3.11.1 gAAAAABpfJ7zkMxm... - 2 - tx726af705f0054e83833b6-00697c9f56 - 0.0096 - - 1769774934.362054348 1769774934.371693373 0
Jan 30 12:08:54 standalone object-server[128454]: 172.20.0.100 - - [30/Jan/2026:12:08:54 +0000] "GET /d1/775/AUTH_f2ce6bfc308e4e2fbf4623f9afa112fc/gnocchi.f865be45-a264-41e1-afb8-4bf557c945c9/1769040000.0_mean_300.0_v3" 200 16 "GET http://172.18.0.2:8080/v1/AUTH_f2ce6bfc308e4e2fbf4623f9afa112fc/gnocchi.f865be45-a264-41e1-afb8-4bf557c945c9/1769040000.0_mean_300.0_v3" "tx0d3ac904b37d41619d8e0-00697c9f56" "proxy-server 20" 0.0008 "-" 22 0
Jan 30 12:08:54 standalone proxy-server[130418]: 172.18.0.2 172.18.0.100 30/Jan/2026/12/08/54 GET /v1/AUTH_f2ce6bfc308e4e2fbf4623f9afa112fc/gnocchi.f865be45-a264-41e1-afb8-4bf557c945c9/1769040000.0_mean_300.0_v3 HTTP/1.0 200 - python-swiftclient-3.11.1 gAAAAABpfJ7zkMxm... - 16 - tx0d3ac904b37d41619d8e0-00697c9f56 - 0.0065 - - 1769774934.375633717 1769774934.382123470 0
Jan 30 12:08:54 standalone container-server[128299]: 172.20.0.100 - - [30/Jan/2026:12:08:54 +0000] "PUT /d1/1020/AUTH_f2ce6bfc308e4e2fbf4623f9afa112fc/gnocchi.f865be45-a264-41e1-afb8-4bf557c945c9/1769040000.0_mean_300.0_v3" 201 - "PUT http://172.18.0.2:8080/d1/775/AUTH_f2ce6bfc308e4e2fbf4623f9afa112fc/gnocchi.f865be45-a264-41e1-afb8-4bf557c945c9/1769040000.0_mean_300.0_v3" "tx98d509d32f924db98a7cf-00697c9f56" "object-server 22" 0.0007 "-" 22 0
Jan 30 12:08:54 standalone object-server[128454]: 172.20.0.100 - - [30/Jan/2026:12:08:54 +0000] "PUT /d1/775/AUTH_f2ce6bfc308e4e2fbf4623f9afa112fc/gnocchi.f865be45-a264-41e1-afb8-4bf557c945c9/1769040000.0_mean_300.0_v3" 201 - "PUT http://172.18.0.2:8080/v1/AUTH_f2ce6bfc308e4e2fbf4623f9afa112fc/gnocchi.f865be45-a264-41e1-afb8-4bf557c945c9/1769040000.0_mean_300.0_v3" "tx98d509d32f924db98a7cf-00697c9f56" "proxy-server 20" 0.0094 "-" 22 0
Jan 30 12:08:54 standalone proxy-server[130418]: 172.18.0.2 172.18.0.100 30/Jan/2026/12/08/54 PUT /v1/AUTH_f2ce6bfc308e4e2fbf4623f9afa112fc/gnocchi.f865be45-a264-41e1-afb8-4bf557c945c9/1769040000.0_mean_300.0_v3 HTTP/1.0 201 - python-swiftclient-3.11.1 gAAAAABpfJ7zkMxm... 16 - - tx98d509d32f924db98a7cf-00697c9f56 - 0.0152 - - 1769774934.385197639 1769774934.400389433 0
Jan 30 12:08:54 standalone container-server[128315]: 172.20.0.100 - - [30/Jan/2026:12:08:54 +0000] "PUT /d1/1020/AUTH_f2ce6bfc308e4e2fbf4623f9afa112fc/gnocchi.f865be45-a264-41e1-afb8-4bf557c945c9/none_v3" 201 - "PUT http://172.18.0.2:8080/d1/712/AUTH_f2ce6bfc308e4e2fbf4623f9afa112fc/gnocchi.f865be45-a264-41e1-afb8-4bf557c945c9/none_v3" "txab2d7bd03cdd4b8ba3776-00697c9f56" "object-server 20" 0.0006 "-" 23 0
Jan 30 12:08:54 standalone object-server[128452]: 172.20.0.100 - - [30/Jan/2026:12:08:54 +0000] "PUT /d1/712/AUTH_f2ce6bfc308e4e2fbf4623f9afa112fc/gnocchi.f865be45-a264-41e1-afb8-4bf557c945c9/none_v3" 201 - "PUT http://172.18.0.2:8080/v1/AUTH_f2ce6bfc308e4e2fbf4623f9afa112fc/gnocchi.f865be45-a264-41e1-afb8-4bf557c945c9/none_v3" "txab2d7bd03cdd4b8ba3776-00697c9f56" "proxy-server 20" 0.0102 "-" 20 0
Jan 30 12:08:54 standalone proxy-server[130418]: 172.18.0.2 172.18.0.100 30/Jan/2026/12/08/54 PUT /v1/AUTH_f2ce6bfc308e4e2fbf4623f9afa112fc/gnocchi.f865be45-a264-41e1-afb8-4bf557c945c9/none_v3 HTTP/1.0 201 - python-swiftclient-3.11.1 gAAAAABpfJ7zkMxm... 33 - - txab2d7bd03cdd4b8ba3776-00697c9f56 - 0.0250 - - 1769774934.406364918 1769774934.431320429 0
Jan 30 12:08:58 standalone object-server[128453]: 172.20.0.100 - - [30/Jan/2026:12:08:58 +0000] "GET /d1/966/AUTH_f2ce6bfc308e4e2fbf4623f9afa112fc/gnocchi.7f8cf68b-6710-4dbd-bb53-7f758bcbeec9/none_v3" 200 22 "GET http://172.18.0.2:8080/v1/AUTH_f2ce6bfc308e4e2fbf4623f9afa112fc/gnocchi.7f8cf68b-6710-4dbd-bb53-7f758bcbeec9/none_v3" "tx17f7df4cc59943a087bfb-00697c9f5a" "proxy-server 20" 0.0016 "-" 21 0
Jan 30 12:08:58 standalone proxy-server[130418]: 172.18.0.2 172.18.0.100 30/Jan/2026/12/08/58 GET /v1/AUTH_f2ce6bfc308e4e2fbf4623f9afa112fc/gnocchi.7f8cf68b-6710-4dbd-bb53-7f758bcbeec9/none_v3 HTTP/1.0 200 - python-swiftclient-3.11.1 gAAAAABpfJ7zkMxm... - 22 - tx17f7df4cc59943a087bfb-00697c9f5a - 0.0122 - - 1769774938.347975016 1769774938.360153913 0
Jan 30 12:08:58 standalone container-server[128315]: 172.20.0.100 - - [30/Jan/2026:12:08:58 +0000] "GET /d1/245/AUTH_f2ce6bfc308e4e2fbf4623f9afa112fc/gnocchi.7f8cf68b-6710-4dbd-bb53-7f758bcbeec9" 200 357 "GET http://172.18.0.2:8080/v1/AUTH_f2ce6bfc308e4e2fbf4623f9afa112fc/gnocchi.7f8cf68b-6710-4dbd-bb53-7f758bcbeec9?format=json&states=listing" "tx7e99959d447149eea0ac6-00697c9f5a" "proxy-server 20" 0.0212 "-" 23 0
Jan 30 12:08:58 standalone proxy-server[130418]: 172.18.0.2 172.18.0.100 30/Jan/2026/12/08/58 GET /v1/AUTH_f2ce6bfc308e4e2fbf4623f9afa112fc/gnocchi.7f8cf68b-6710-4dbd-bb53-7f758bcbeec9%3Fformat%3Djson%26states%3Dlisting HTTP/1.0 200 - python-swiftclient-3.11.1 gAAAAABpfJ7zkMxm... - 357 - tx7e99959d447149eea0ac6-00697c9f5a - 0.0320 - - 1769774938.365947962 1769774938.397901773 0
Jan 30 12:08:58 standalone container-server[128315]: 172.20.0.100 - - [30/Jan/2026:12:08:58 +0000] "GET /d1/245/AUTH_f2ce6bfc308e4e2fbf4623f9afa112fc/gnocchi.7f8cf68b-6710-4dbd-bb53-7f758bcbeec9" 200 2 "GET http://172.18.0.2:8080/v1/AUTH_f2ce6bfc308e4e2fbf4623f9afa112fc/gnocchi.7f8cf68b-6710-4dbd-bb53-7f758bcbeec9?format=json&marker=none_v3&states=listing" "tx9de884082f3f404289120-00697c9f5a" "proxy-server 20" 0.0035 "-" 23 0
Jan 30 12:08:58 standalone proxy-server[130418]: 172.18.0.2 172.18.0.100 30/Jan/2026/12/08/58 GET /v1/AUTH_f2ce6bfc308e4e2fbf4623f9afa112fc/gnocchi.7f8cf68b-6710-4dbd-bb53-7f758bcbeec9%3Fformat%3Djson%26marker%3Dnone_v3%26states%3Dlisting HTTP/1.0 200 - python-swiftclient-3.11.1 gAAAAABpfJ7zkMxm... - 2 - tx9de884082f3f404289120-00697c9f5a - 0.0137 - - 1769774938.402007818 1769774938.415724516 0
Jan 30 12:08:58 standalone object-server[128452]: 172.20.0.100 - - [30/Jan/2026:12:08:58 +0000] "GET /d1/192/AUTH_f2ce6bfc308e4e2fbf4623f9afa112fc/gnocchi.7f8cf68b-6710-4dbd-bb53-7f758bcbeec9/1769040000.0_mean_300.0_v3" 200 16 "GET http://172.18.0.2:8080/v1/AUTH_f2ce6bfc308e4e2fbf4623f9afa112fc/gnocchi.7f8cf68b-6710-4dbd-bb53-7f758bcbeec9/1769040000.0_mean_300.0_v3" "txd85b3594c5b145d1ae126-00697c9f5a" "proxy-server 20" 0.0011 "-" 20 0
Jan 30 12:08:58 standalone proxy-server[130418]: 172.18.0.2 172.18.0.100 30/Jan/2026/12/08/58 GET /v1/AUTH_f2ce6bfc308e4e2fbf4623f9afa112fc/gnocchi.7f8cf68b-6710-4dbd-bb53-7f758bcbeec9/1769040000.0_mean_300.0_v3 HTTP/1.0 200 - python-swiftclient-3.11.1 gAAAAABpfJ7zkMxm... - 16 - txd85b3594c5b145d1ae126-00697c9f5a - 0.0103 - - 1769774938.420856476 1769774938.431158066 0
Jan 30 12:08:58 standalone container-server[128315]: 172.20.0.100 - - [30/Jan/2026:12:08:58 +0000] "PUT /d1/245/AUTH_f2ce6bfc308e4e2fbf4623f9afa112fc/gnocchi.7f8cf68b-6710-4dbd-bb53-7f758bcbeec9/1769040000.0_mean_300.0_v3" 201 - "PUT http://172.18.0.2:8080/d1/192/AUTH_f2ce6bfc308e4e2fbf4623f9afa112fc/gnocchi.7f8cf68b-6710-4dbd-bb53-7f758bcbeec9/1769040000.0_mean_300.0_v3" "txef0cabafc3cb4b7c903e4-00697c9f5a" "object-server 23" 0.0010 "-" 23 0
Jan 30 12:08:58 standalone object-server[128455]: 172.20.0.100 - - [30/Jan/2026:12:08:58 +0000] "PUT /d1/192/AUTH_f2ce6bfc308e4e2fbf4623f9afa112fc/gnocchi.7f8cf68b-6710-4dbd-bb53-7f758bcbeec9/1769040000.0_mean_300.0_v3" 201 - "PUT http://172.18.0.2:8080/v1/AUTH_f2ce6bfc308e4e2fbf4623f9afa112fc/gnocchi.7f8cf68b-6710-4dbd-bb53-7f758bcbeec9/1769040000.0_mean_300.0_v3" "txef0cabafc3cb4b7c903e4-00697c9f5a" "proxy-server 20" 0.0124 "-" 23 0
Jan 30 12:08:58 standalone proxy-server[130418]: 172.18.0.2 172.18.0.100 30/Jan/2026/12/08/58 PUT /v1/AUTH_f2ce6bfc308e4e2fbf4623f9afa112fc/gnocchi.7f8cf68b-6710-4dbd-bb53-7f758bcbeec9/1769040000.0_mean_300.0_v3 HTTP/1.0 201 - python-swiftclient-3.11.1 gAAAAABpfJ7zkMxm... 16 - - txef0cabafc3cb4b7c903e4-00697c9f5a - 0.0213 - - 1769774938.435271502 1769774938.456541538 0
Jan 30 12:08:58 standalone container-server[128299]: 172.20.0.100 - - [30/Jan/2026:12:08:58 +0000] "PUT /d1/245/AUTH_f2ce6bfc308e4e2fbf4623f9afa112fc/gnocchi.7f8cf68b-6710-4dbd-bb53-7f758bcbeec9/none_v3" 201 - "PUT http://172.18.0.2:8080/d1/966/AUTH_f2ce6bfc308e4e2fbf4623f9afa112fc/gnocchi.7f8cf68b-6710-4dbd-bb53-7f758bcbeec9/none_v3" "tx55e0868a01294cc7888f9-00697c9f5a" "object-server 20" 0.0010 "-" 22 0
Jan 30 12:08:58 standalone object-server[128452]: 172.20.0.100 - - [30/Jan/2026:12:08:58 +0000] "PUT /d1/966/AUTH_f2ce6bfc308e4e2fbf4623f9afa112fc/gnocchi.7f8cf68b-6710-4dbd-bb53-7f758bcbeec9/none_v3" 201 - "PUT http://172.18.0.2:8080/v1/AUTH_f2ce6bfc308e4e2fbf4623f9afa112fc/gnocchi.7f8cf68b-6710-4dbd-bb53-7f758bcbeec9/none_v3" "tx55e0868a01294cc7888f9-00697c9f5a" "proxy-server 20" 0.0128 "-" 20 0
Jan 30 12:08:58 standalone proxy-server[130418]: 172.18.0.2 172.18.0.100 30/Jan/2026/12/08/58 PUT /v1/AUTH_f2ce6bfc308e4e2fbf4623f9afa112fc/gnocchi.7f8cf68b-6710-4dbd-bb53-7f758bcbeec9/none_v3 HTTP/1.0 201 - python-swiftclient-3.11.1 gAAAAABpfJ7zkMxm... 32 - - tx55e0868a01294cc7888f9-00697c9f5a - 0.0223 - - 1769774938.460250378 1769774938.482575417 0
Jan 30 12:09:09 standalone container-server[128315]: 172.20.0.100 - - [30/Jan/2026:12:09:09 +0000] "HEAD /d1/723/AUTH_f2ce6bfc308e4e2fbf4623f9afa112fc/gnocchi.30d04c50-2d84-4ff5-bbcd-10b165e19740" 404 - "HEAD http://172.18.0.2:8080/v1/AUTH_f2ce6bfc308e4e2fbf4623f9afa112fc/gnocchi.30d04c50-2d84-4ff5-bbcd-10b165e19740?format=json&states=listing" "tx8a620000cdf54b9abbbcc-00697c9f65" "proxy-server 20" 0.0012 "-" 23 0
Jan 30 12:09:09 standalone object-server[128455]: 172.20.0.100 - - [30/Jan/2026:12:09:09 +0000] "GET /d1/636/AUTH_f2ce6bfc308e4e2fbf4623f9afa112fc/gnocchi.30d04c50-2d84-4ff5-bbcd-10b165e19740/none_v3" 404 70 "GET http://172.18.0.2:8080/v1/AUTH_f2ce6bfc308e4e2fbf4623f9afa112fc/gnocchi.30d04c50-2d84-4ff5-bbcd-10b165e19740/none_v3" "tx8a620000cdf54b9abbbcc-00697c9f65" "proxy-server 20" 0.0006 "-" 23 0
Jan 30 12:09:09 standalone proxy-server[130418]: 172.18.0.2 172.18.0.100 30/Jan/2026/12/09/09 GET /v1/AUTH_f2ce6bfc308e4e2fbf4623f9afa112fc/gnocchi.30d04c50-2d84-4ff5-bbcd-10b165e19740/none_v3 HTTP/1.0 404 - python-swiftclient-3.11.1 gAAAAABpfJ7zkMxm... - 70 - tx8a620000cdf54b9abbbcc-00697c9f65 - 0.0182 - - 1769774949.110605478 1769774949.128817081 0
Jan 30 12:09:09 standalone account-server[128304]: 172.20.0.100 - - [30/Jan/2026:12:09:09 +0000] "PUT /d1/97/AUTH_f2ce6bfc308e4e2fbf4623f9afa112fc/gnocchi.30d04c50-2d84-4ff5-bbcd-10b165e19740" 201 - "PUT http://172.20.0.100:6001/d1/723/AUTH_f2ce6bfc308e4e2fbf4623f9afa112fc/gnocchi.30d04c50-2d84-4ff5-bbcd-10b165e19740" "tx9f1929be97494c89bbc40-00697c9f65" "container-server 20" 0.0062 "-" 22 0
Jan 30 12:09:09 standalone container-server[128281]: 172.20.0.100 - - [30/Jan/2026:12:09:09 +0000] "PUT /d1/723/AUTH_f2ce6bfc308e4e2fbf4623f9afa112fc/gnocchi.30d04c50-2d84-4ff5-bbcd-10b165e19740" 201 - "PUT http://172.18.0.2:8080/v1/AUTH_f2ce6bfc308e4e2fbf4623f9afa112fc/gnocchi.30d04c50-2d84-4ff5-bbcd-10b165e19740" "tx9f1929be97494c89bbc40-00697c9f65" "proxy-server 20" 0.0190 "-" 20 0
Jan 30 12:09:09 standalone proxy-server[130418]: 172.18.0.2 172.18.0.100 30/Jan/2026/12/09/09 PUT /v1/AUTH_f2ce6bfc308e4e2fbf4623f9afa112fc/gnocchi.30d04c50-2d84-4ff5-bbcd-10b165e19740 HTTP/1.0 201 - python-swiftclient-3.11.1 gAAAAABpfJ7zkMxm... - - - tx9f1929be97494c89bbc40-00697c9f65 - 0.0287 - - 1769774949.132344246 1769774949.161015034 0
Jan 30 12:09:09 standalone container-server[128299]: 172.20.0.100 - - [30/Jan/2026:12:09:09 +0000] "HEAD /d1/723/AUTH_f2ce6bfc308e4e2fbf4623f9afa112fc/gnocchi.30d04c50-2d84-4ff5-bbcd-10b165e19740" 204 - "HEAD http://172.18.0.2:8080/v1/AUTH_f2ce6bfc308e4e2fbf4623f9afa112fc/gnocchi.30d04c50-2d84-4ff5-bbcd-10b165e19740?format=json&states=listing" "tx2568478fb99641df9a02e-00697c9f65" "proxy-server 20" 0.0025 "-" 22 0
Jan 30 12:09:09 standalone proxy-server[130418]: - - 30/Jan/2026/12/09/09 HEAD /v1/AUTH_f2ce6bfc308e4e2fbf4623f9afa112fc/gnocchi.30d04c50-2d84-4ff5-bbcd-10b165e19740%3Fformat%3Djson%26states%3Dlisting HTTP/1.0 204 - Swift - - - - tx2568478fb99641df9a02e-00697c9f65 - 0.0087 RL - 1769774949.168654680 1769774949.177366257 0
Jan 30 12:09:09 standalone container-server[128315]: 172.20.0.100 - - [30/Jan/2026:12:09:09 +0000] "GET /d1/723/AUTH_f2ce6bfc308e4e2fbf4623f9afa112fc/gnocchi.30d04c50-2d84-4ff5-bbcd-10b165e19740" 200 2 "GET http://172.18.0.2:8080/v1/AUTH_f2ce6bfc308e4e2fbf4623f9afa112fc/gnocchi.30d04c50-2d84-4ff5-bbcd-10b165e19740?format=json&states=listing" "tx2568478fb99641df9a02e-00697c9f65" "proxy-server 20" 0.0038 "-" 23 0
Jan 30 12:09:09 standalone proxy-server[130418]: 172.18.0.2 172.18.0.100 30/Jan/2026/12/09/09 GET /v1/AUTH_f2ce6bfc308e4e2fbf4623f9afa112fc/gnocchi.30d04c50-2d84-4ff5-bbcd-10b165e19740%3Fformat%3Djson%26states%3Dlisting HTTP/1.0 200 - python-swiftclient-3.11.1 gAAAAABpfJ7zkMxm... - 2 - tx2568478fb99641df9a02e-00697c9f65 - 0.0260 - - 1769774949.166832685 1769774949.192853451 0
