Jan 30 12:10:16 standalone container-server[128286]: 172.20.0.100 - - [30/Jan/2026:12:10:16 +0000] "PUT /d1/238/AUTH_f2ce6bfc308e4e2fbf4623f9afa112fc/gnocchi.e7e70c96-a563-4fe5-9481-32d8df7164a4/none_v3" 201 - "PUT http://172.18.0.2:8080/d1/301/AUTH_f2ce6bfc308e4e2fbf4623f9afa112fc/gnocchi.e7e70c96-a563-4fe5-9481-32d8df7164a4/none_v3" "tx860b22981896468b8a834-00697c9fa8" "object-server 23" 0.0005 "-" 21 0
Jan 30 12:10:16 standalone object-server[128455]: 172.20.0.100 - - [30/Jan/2026:12:10:16 +0000] "PUT /d1/301/AUTH_f2ce6bfc308e4e2fbf4623f9afa112fc/gnocchi.e7e70c96-a563-4fe5-9481-32d8df7164a4/none_v3" 201 - "PUT http://172.18.0.2:8080/v1/AUTH_f2ce6bfc308e4e2fbf4623f9afa112fc/gnocchi.e7e70c96-a563-4fe5-9481-32d8df7164a4/none_v3" "tx860b22981896468b8a834-00697c9fa8" "proxy-server 20" 0.0114 "-" 23 0
Jan 30 12:10:16 standalone proxy-server[130418]: 172.18.0.2 172.18.0.100 30/Jan/2026/12/10/16 PUT /v1/AUTH_f2ce6bfc308e4e2fbf4623f9afa112fc/gnocchi.e7e70c96-a563-4fe5-9481-32d8df7164a4/none_v3 HTTP/1.0 201 - python-swiftclient-3.11.1 gAAAAABpfJ7zkMxm... 22 - - tx860b22981896468b8a834-00697c9fa8 - 0.0197 - - 1769775016.430749416 1769775016.450462818 0
Jan 30 12:10:16 standalone container-server[128299]: 172.20.0.100 - - [30/Jan/2026:12:10:16 +0000] "HEAD /d1/178/AUTH_f2ce6bfc308e4e2fbf4623f9afa112fc/gnocchi.b4574080-cfca-48d2-ba13-8663b50b1d34" 404 - "HEAD http://172.18.0.2:8080/v1/AUTH_f2ce6bfc308e4e2fbf4623f9afa112fc/gnocchi.b4574080-cfca-48d2-ba13-8663b50b1d34?format=json&states=listing" "tx2d99e0a1851b4eb58b6b1-00697c9fa8" "proxy-server 20" 0.0004 "-" 22 0
Jan 30 12:10:16 standalone object-server[128455]: 172.20.0.100 - - [30/Jan/2026:12:10:16 +0000] "GET /d1/622/AUTH_f2ce6bfc308e4e2fbf4623f9afa112fc/gnocchi.b4574080-cfca-48d2-ba13-8663b50b1d34/none_v3" 404 70 "GET http://172.18.0.2:8080/v1/AUTH_f2ce6bfc308e4e2fbf4623f9afa112fc/gnocchi.b4574080-cfca-48d2-ba13-8663b50b1d34/none_v3" "tx2d99e0a1851b4eb58b6b1-00697c9fa8" "proxy-server 20" 0.0003 "-" 23 0
Jan 30 12:10:16 standalone proxy-server[130418]: 172.18.0.2 172.18.0.100 30/Jan/2026/12/10/16 GET /v1/AUTH_f2ce6bfc308e4e2fbf4623f9afa112fc/gnocchi.b4574080-cfca-48d2-ba13-8663b50b1d34/none_v3 HTTP/1.0 404 - python-swiftclient-3.11.1 gAAAAABpfJ7zkMxm... - 70 - tx2d99e0a1851b4eb58b6b1-00697c9fa8 - 0.0129 - - 1769775016.464581966 1769775016.477447748 0
Jan 30 12:10:16 standalone account-server[128282]: 172.20.0.100 - - [30/Jan/2026:12:10:16 +0000] "PUT /d1/97/AUTH_f2ce6bfc308e4e2fbf4623f9afa112fc/gnocchi.b4574080-cfca-48d2-ba13-8663b50b1d34" 201 - "PUT http://172.20.0.100:6001/d1/178/AUTH_f2ce6bfc308e4e2fbf4623f9afa112fc/gnocchi.b4574080-cfca-48d2-ba13-8663b50b1d34" "txcbe00b8d52234a64b1838-00697c9fa8" "container-server 23" 0.0050 "-" 21 0
Jan 30 12:10:16 standalone container-server[128315]: 172.20.0.100 - - [30/Jan/2026:12:10:16 +0000] "PUT /d1/178/AUTH_f2ce6bfc308e4e2fbf4623f9afa112fc/gnocchi.b4574080-cfca-48d2-ba13-8663b50b1d34" 201 - "PUT http://172.18.0.2:8080/v1/AUTH_f2ce6bfc308e4e2fbf4623f9afa112fc/gnocchi.b4574080-cfca-48d2-ba13-8663b50b1d34" "txcbe00b8d52234a64b1838-00697c9fa8" "proxy-server 20" 0.0145 "-" 23 0
Jan 30 12:10:16 standalone proxy-server[130418]: 172.18.0.2 172.18.0.100 30/Jan/2026/12/10/16 PUT /v1/AUTH_f2ce6bfc308e4e2fbf4623f9afa112fc/gnocchi.b4574080-cfca-48d2-ba13-8663b50b1d34 HTTP/1.0 201 - python-swiftclient-3.11.1 gAAAAABpfJ7zkMxm... - - - txcbe00b8d52234a64b1838-00697c9fa8 - 0.0202 - - 1769775016.480170012 1769775016.500323534 0
Jan 30 12:10:16 standalone container-server[128299]: 172.20.0.100 - - [30/Jan/2026:12:10:16 +0000] "HEAD /d1/178/AUTH_f2ce6bfc308e4e2fbf4623f9afa112fc/gnocchi.b4574080-cfca-48d2-ba13-8663b50b1d34" 204 - "HEAD http://172.18.0.2:8080/v1/AUTH_f2ce6bfc308e4e2fbf4623f9afa112fc/gnocchi.b4574080-cfca-48d2-ba13-8663b50b1d34?format=json&states=listing" "tx2eff29b3e01944bc9c9a6-00697c9fa8" "proxy-server 20" 0.0024 "-" 22 0
Jan 30 12:10:16 standalone proxy-server[130418]: - - 30/Jan/2026/12/10/16 HEAD /v1/AUTH_f2ce6bfc308e4e2fbf4623f9afa112fc/gnocchi.b4574080-cfca-48d2-ba13-8663b50b1d34%3Fformat%3Djson%26states%3Dlisting HTTP/1.0 204 - Swift - - - - tx2eff29b3e01944bc9c9a6-00697c9fa8 - 0.0062 RL - 1769775016.506698608 1769775016.512850761 0
Jan 30 12:10:16 standalone container-server[128315]: 172.20.0.100 - - [30/Jan/2026:12:10:16 +0000] "GET /d1/178/AUTH_f2ce6bfc308e4e2fbf4623f9afa112fc/gnocchi.b4574080-cfca-48d2-ba13-8663b50b1d34" 200 2 "GET http://172.18.0.2:8080/v1/AUTH_f2ce6bfc308e4e2fbf4623f9afa112fc/gnocchi.b4574080-cfca-48d2-ba13-8663b50b1d34?format=json&states=listing" "tx2eff29b3e01944bc9c9a6-00697c9fa8" "proxy-server 20" 0.0018 "-" 23 0
Jan 30 12:10:16 standalone proxy-server[130418]: 172.18.0.2 172.18.0.100 30/Jan/2026/12/10/16 GET /v1/AUTH_f2ce6bfc308e4e2fbf4623f9afa112fc/gnocchi.b4574080-cfca-48d2-ba13-8663b50b1d34%3Fformat%3Djson%26states%3Dlisting HTTP/1.0 200 - python-swiftclient-3.11.1 gAAAAABpfJ7zkMxm... - 2 - tx2eff29b3e01944bc9c9a6-00697c9fa8 - 0.0206 - - 1769775016.503641605 1769775016.524286032 0
Jan 30 12:10:16 standalone object-server[128455]: 172.20.0.100 - - [30/Jan/2026:12:10:16 +0000] "GET /d1/796/AUTH_f2ce6bfc308e4e2fbf4623f9afa112fc/gnocchi.b4574080-cfca-48d2-ba13-8663b50b1d34/1769040000.0_mean_300.0_v3" 404 70 "GET http://172.18.0.2:8080/v1/AUTH_f2ce6bfc308e4e2fbf4623f9afa112fc/gnocchi.b4574080-cfca-48d2-ba13-8663b50b1d34/1769040000.0_mean_300.0_v3" "tx9dd258d38cba4d9cbf9cc-00697c9fa8" "proxy-server 20" 0.0003 "-" 23 0
Jan 30 12:10:16 standalone proxy-server[130418]: 172.18.0.2 172.18.0.100 30/Jan/2026/12/10/16 GET /v1/AUTH_f2ce6bfc308e4e2fbf4623f9afa112fc/gnocchi.b4574080-cfca-48d2-ba13-8663b50b1d34/1769040000.0_mean_300.0_v3 HTTP/1.0 404 - python-swiftclient-3.11.1 gAAAAABpfJ7zkMxm... - 70 - tx9dd258d38cba4d9cbf9cc-00697c9fa8 - 0.0059 - - 1769775016.531561613 1769775016.537448406 0
Jan 30 12:10:16 standalone container-server[128315]: 172.20.0.100 - - [30/Jan/2026:12:10:16 +0000] "PUT /d1/178/AUTH_f2ce6bfc308e4e2fbf4623f9afa112fc/gnocchi.b4574080-cfca-48d2-ba13-8663b50b1d34/1769040000.0_mean_300.0_v3" 201 - "PUT http://172.18.0.2:8080/d1/796/AUTH_f2ce6bfc308e4e2fbf4623f9afa112fc/gnocchi.b4574080-cfca-48d2-ba13-8663b50b1d34/1769040000.0_mean_300.0_v3" "tx4d987353654a4a4ba5339-00697c9fa8" "object-server 22" 0.0005 "-" 23 0
Jan 30 12:10:16 standalone object-server[128454]: 172.20.0.100 - - [30/Jan/2026:12:10:16 +0000] "PUT /d1/796/AUTH_f2ce6bfc308e4e2fbf4623f9afa112fc/gnocchi.b4574080-cfca-48d2-ba13-8663b50b1d34/1769040000.0_mean_300.0_v3" 201 - "PUT http://172.18.0.2:8080/v1/AUTH_f2ce6bfc308e4e2fbf4623f9afa112fc/gnocchi.b4574080-cfca-48d2-ba13-8663b50b1d34/1769040000.0_mean_300.0_v3" "tx4d987353654a4a4ba5339-00697c9fa8" "proxy-server 20" 0.0121 "-" 22 0
Jan 30 12:10:16 standalone proxy-server[130418]: 172.18.0.2 172.18.0.100 30/Jan/2026/12/10/16 PUT /v1/AUTH_f2ce6bfc308e4e2fbf4623f9afa112fc/gnocchi.b4574080-cfca-48d2-ba13-8663b50b1d34/1769040000.0_mean_300.0_v3 HTTP/1.0 201 - python-swiftclient-3.11.1 gAAAAABpfJ7zkMxm... 16 - - tx4d987353654a4a4ba5339-00697c9fa8 - 0.0234 - - 1769775016.540151834 1769775016.563593626 0
Jan 30 12:10:16 standalone container-server[128286]: 172.20.0.100 - - [30/Jan/2026:12:10:16 +0000] "PUT /d1/178/AUTH_f2ce6bfc308e4e2fbf4623f9afa112fc/gnocchi.b4574080-cfca-48d2-ba13-8663b50b1d34/none_v3" 201 - "PUT http://172.18.0.2:8080/d1/622/AUTH_f2ce6bfc308e4e2fbf4623f9afa112fc/gnocchi.b4574080-cfca-48d2-ba13-8663b50b1d34/none_v3" "txcd15a3b135f74e8299877-00697c9fa8" "object-server 23" 0.0006 "-" 21 0
Jan 30 12:10:16 standalone object-server[128455]: 172.20.0.100 - - [30/Jan/2026:12:10:16 +0000] "PUT /d1/622/AUTH_f2ce6bfc308e4e2fbf4623f9afa112fc/gnocchi.b4574080-cfca-48d2-ba13-8663b50b1d34/none_v3" 201 - "PUT http://172.18.0.2:8080/v1/AUTH_f2ce6bfc308e4e2fbf4623f9afa112fc/gnocchi.b4574080-cfca-48d2-ba13-8663b50b1d34/none_v3" "txcd15a3b135f74e8299877-00697c9fa8" "proxy-server 20" 0.0199 "-" 23 0
Jan 30 12:10:16 standalone proxy-server[130418]: 172.18.0.2 172.18.0.100 30/Jan/2026/12/10/16 PUT /v1/AUTH_f2ce6bfc308e4e2fbf4623f9afa112fc/gnocchi.b4574080-cfca-48d2-ba13-8663b50b1d34/none_v3 HTTP/1.0 201 - python-swiftclient-3.11.1 gAAAAABpfJ7zkMxm... 22 - - txcd15a3b135f74e8299877-00697c9fa8 - 0.0281 - - 1769775016.567237854 1769775016.595304728 0
Jan 30 12:10:16 standalone container-server[128315]: 172.20.0.100 - - [30/Jan/2026:12:10:16 +0000] "HEAD /d1/419/AUTH_f2ce6bfc308e4e2fbf4623f9afa112fc/gnocchi.5e65a433-682d-402c-9f34-9b9ee464e593" 404 - "HEAD http://172.18.0.2:8080/v1/AUTH_f2ce6bfc308e4e2fbf4623f9afa112fc/gnocchi.5e65a433-682d-402c-9f34-9b9ee464e593?format=json&states=listing" "tx93d2c72f9ed74f9abcbd9-00697c9fa8" "proxy-server 20" 0.0004 "-" 23 0
Jan 30 12:10:16 standalone object-server[128453]: 172.20.0.100 - - [30/Jan/2026:12:10:16 +0000] "GET /d1/193/AUTH_f2ce6bfc308e4e2fbf4623f9afa112fc/gnocchi.5e65a433-682d-402c-9f34-9b9ee464e593/none_v3" 404 70 "GET http://172.18.0.2:8080/v1/AUTH_f2ce6bfc308e4e2fbf4623f9afa112fc/gnocchi.5e65a433-682d-402c-9f34-9b9ee464e593/none_v3" "tx93d2c72f9ed74f9abcbd9-00697c9fa8" "proxy-server 20" 0.0003 "-" 21 0
Jan 30 12:10:16 standalone proxy-server[130418]: 172.18.0.2 172.18.0.100 30/Jan/2026/12/10/16 GET /v1/AUTH_f2ce6bfc308e4e2fbf4623f9afa112fc/gnocchi.5e65a433-682d-402c-9f34-9b9ee464e593/none_v3 HTTP/1.0 404 - python-swiftclient-3.11.1 gAAAAABpfJ7zkMxm... - 70 - tx93d2c72f9ed74f9abcbd9-00697c9fa8 - 0.0070 - - 1769775016.606858969 1769775016.613883734 0
Jan 30 12:10:16 standalone account-server[128304]: 172.20.0.100 - - [30/Jan/2026:12:10:16 +0000] "PUT /d1/97/AUTH_f2ce6bfc308e4e2fbf4623f9afa112fc/gnocchi.5e65a433-682d-402c-9f34-9b9ee464e593" 201 - "PUT http://172.20.0.100:6001/d1/419/AUTH_f2ce6bfc308e4e2fbf4623f9afa112fc/gnocchi.5e65a433-682d-402c-9f34-9b9ee464e593" "txaac3e197339e4fe3bbeaa-00697c9fa8" "container-server 20" 0.0050 "-" 22 0
Jan 30 12:10:16 standalone container-server[128281]: 172.20.0.100 - - [30/Jan/2026:12:10:16 +0000] "PUT /d1/419/AUTH_f2ce6bfc308e4e2fbf4623f9afa112fc/gnocchi.5e65a433-682d-402c-9f34-9b9ee464e593" 201 - "PUT http://172.18.0.2:8080/v1/AUTH_f2ce6bfc308e4e2fbf4623f9afa112fc/gnocchi.5e65a433-682d-402c-9f34-9b9ee464e593" "txaac3e197339e4fe3bbeaa-00697c9fa8" "proxy-server 20" 0.0173 "-" 20 0
Jan 30 12:10:16 standalone proxy-server[130418]: 172.18.0.2 172.18.0.100 30/Jan/2026/12/10/16 PUT /v1/AUTH_f2ce6bfc308e4e2fbf4623f9afa112fc/gnocchi.5e65a433-682d-402c-9f34-9b9ee464e593 HTTP/1.0 201 - python-swiftclient-3.11.1 gAAAAABpfJ7zkMxm... - - - txaac3e197339e4fe3bbeaa-00697c9fa8 - 0.0253 - - 1769775016.616153717 1769775016.641422749 0
Jan 30 12:10:16 standalone container-server[128281]: 172.20.0.100 - - [30/Jan/2026:12:10:16 +0000] "HEAD /d1/419/AUTH_f2ce6bfc308e4e2fbf4623f9afa112fc/gnocchi.5e65a433-682d-402c-9f34-9b9ee464e593" 204 - "HEAD http://172.18.0.2:8080/v1/AUTH_f2ce6bfc308e4e2fbf4623f9afa112fc/gnocchi.5e65a433-682d-402c-9f34-9b9ee464e593?format=json&states=listing" "tx8ad143d4a12e4e4795216-00697c9fa8" "proxy-server 20" 0.0013 "-" 20 0
Jan 30 12:10:16 standalone proxy-server[130418]: - - 30/Jan/2026/12/10/16 HEAD /v1/AUTH_f2ce6bfc308e4e2fbf4623f9afa112fc/gnocchi.5e65a433-682d-402c-9f34-9b9ee464e593%3Fformat%3Djson%26states%3Dlisting HTTP/1.0 204 - Swift - - - - tx8ad143d4a12e4e4795216-00697c9fa8 - 0.0043 RL - 1769775016.645400524 1769775016.649669170 0
Jan 30 12:10:16 standalone container-server[128281]: 172.20.0.100 - - [30/Jan/2026:12:10:16 +0000] "GET /d1/419/AUTH_f2ce6bfc308e4e2fbf4623f9afa112fc/gnocchi.5e65a433-682d-402c-9f34-9b9ee464e593" 200 2 "GET http://172.18.0.2:8080/v1/AUTH_f2ce6bfc308e4e2fbf4623f9afa112fc/gnocchi.5e65a433-682d-402c-9f34-9b9ee464e593?format=json&states=listing" "tx8ad143d4a12e4e4795216-00697c9fa8" "proxy-server 20" 0.0015 "-" 20 0
Jan 30 12:10:16 standalone proxy-server[130418]: 172.18.0.2 172.18.0.100 30/Jan/2026/12/10/16 GET /v1/AUTH_f2ce6bfc308e4e2fbf4623f9afa112fc/gnocchi.5e65a433-682d-402c-9f34-9b9ee464e593%3Fformat%3Djson%26states%3Dlisting HTTP/1.0 200 - python-swiftclient-3.11.1 gAAAAABpfJ7zkMxm... - 2 - tx8ad143d4a12e4e4795216-00697c9fa8 - 0.0111 - - 1769775016.644588709 1769775016.655696630 0
Jan 30 12:10:16 standalone object-server[128452]: 172.20.0.100 - - [30/Jan/2026:12:10:16 +0000] "GET /d1/596/AUTH_f2ce6bfc308e4e2fbf4623f9afa112fc/gnocchi.5e65a433-682d-402c-9f34-9b9ee464e593/1769040000.0_mean_300.0_v3" 404 70 "GET http://172.18.0.2:8080/v1/AUTH_f2ce6bfc308e4e2fbf4623f9afa112fc/gnocchi.5e65a433-682d-402c-9f34-9b9ee464e593/1769040000.0_mean_300.0_v3" "tx93de9d5638194e1fb8773-00697c9fa8" "proxy-server 20" 0.0003 "-" 20 0
Jan 30 12:10:16 standalone proxy-server[130418]: 172.18.0.2 172.18.0.100 30/Jan/2026/12/10/16 GET /v1/AUTH_f2ce6bfc308e4e2fbf4623f9afa112fc/gnocchi.5e65a433-682d-402c-9f34-9b9ee464e593/1769040000.0_mean_300.0_v3 HTTP/1.0 404 - python-swiftclient-3.11.1 gAAAAABpfJ7zkMxm... - 70 - tx93de9d5638194e1fb8773-00697c9fa8 - 0.0052 - - 1769775016.661405325 1769775016.666617393 0
Jan 30 12:10:16 standalone container-server[128286]: 172.20.0.100 - - [30/Jan/2026:12:10:16 +0000] "PUT /d1/419/AUTH_f2ce6bfc308e4e2fbf4623f9afa112fc/gnocchi.5e65a433-682d-402c-9f34-9b9ee464e593/1769040000.0_mean_300.0_v3" 201 - "PUT http://172.18.0.2:8080/d1/596/AUTH_f2ce6bfc308e4e2fbf4623f9afa112fc/gnocchi.5e65a433-682d-402c-9f34-9b9ee464e593/1769040000.0_mean_300.0_v3" "tx25a014bcacff4dbd946ba-00697c9fa8" "object-server 22" 0.0005 "-" 21 0
Jan 30 12:10:16 standalone object-server[128454]: 172.20.0.100 - - [30/Jan/2026:12:10:16 +0000] "PUT /d1/596/AUTH_f2ce6bfc308e4e2fbf4623f9afa112fc/gnocchi.5e65a433-682d-402c-9f34-9b9ee464e593/1769040000.0_mean_300.0_v3" 201 - "PUT http://172.18.0.2:8080/v1/AUTH_f2ce6bfc308e4e2fbf4623f9afa112fc/gnocchi.5e65a433-682d-402c-9f34-9b9ee464e593/1769040000.0_mean_300.0_v3" "tx25a014bcacff4dbd946ba-00697c9fa8" "proxy-server 20" 0.0076 "-" 22 0
Jan 30 12:10:16 standalone proxy-server[130418]: 172.18.0.2 172.18.0.100 30/Jan/2026/12/10/16 PUT /v1/AUTH_f2ce6bfc308e4e2fbf4623f9afa112fc/gnocchi.5e65a433-682d-402c-9f34-9b9ee464e593/1769040000.0_mean_300.0_v3 HTTP/1.0 201 - python-swiftclient-3.11.1 gAAAAABpfJ7zkMxm... 16 - - tx25a014bcacff4dbd946ba-00697c9fa8 - 0.0121 - - 1769775016.669639587 1769775016.681787729 0
Jan 30 12:10:16 standalone container-server[128281]: 172.20.0.100 - - [30/Jan/2026:12:10:16 +0000] "PUT /d1/419/AUTH_f2ce6bfc308e4e2fbf4623f9afa112fc/gnocchi.5e65a433-682d-402c-9f34-9b9ee464e593/none_v3" 201 - "PUT http://172.18.0.2:8080/d1/193/AUTH_f2ce6bfc308e4e2fbf4623f9afa112fc/gnocchi.5e65a433-682d-402c-9f34-9b9ee464e593/none_v3" "tx0be34ec5db28450fb3eec-00697c9fa8" "object-server 22" 0.0005 "-" 20 0
Jan 30 12:10:16 standalone object-server[128454]: 172.20.0.100 - - [30/Jan/2026:12:10:16 +0000] "PUT /d1/193/AUTH_f2ce6bfc308e4e2fbf4623f9afa112fc/gnocchi.5e65a433-682d-402c-9f34-9b9ee464e593/none_v3" 201 - "PUT http://172.18.0.2:8080/v1/AUTH_f2ce6bfc308e4e2fbf4623f9afa112fc/gnocchi.5e65a433-682d-402c-9f34-9b9ee464e593/none_v3" "tx0be34ec5db28450fb3eec-00697c9fa8" "proxy-server 20" 0.0081 "-" 22 0
Jan 30 12:10:16 standalone proxy-server[130418]: 172.18.0.2 172.18.0.100 30/Jan/2026/12/10/16 PUT /v1/AUTH_f2ce6bfc308e4e2fbf4623f9afa112fc/gnocchi.5e65a433-682d-402c-9f34-9b9ee464e593/none_v3 HTTP/1.0 201 - python-swiftclient-3.11.1 gAAAAABpfJ7zkMxm... 22 - - tx0be34ec5db28450fb3eec-00697c9fa8 - 0.0124 - - 1769775016.683787584 1769775016.696189880 0
Jan 30 12:10:16 standalone container-server[128286]: 172.20.0.100 - - [30/Jan/2026:12:10:16 +0000] "HEAD /d1/355/AUTH_f2ce6bfc308e4e2fbf4623f9afa112fc/gnocchi.6f6e005f-ded7-4d25-8a92-90289bb90a6b" 404 - "HEAD http://172.18.0.2:8080/v1/AUTH_f2ce6bfc308e4e2fbf4623f9afa112fc/gnocchi.6f6e005f-ded7-4d25-8a92-90289bb90a6b?format=json&states=listing" "txb226d3c6c0704b918d0ce-00697c9fa8" "proxy-server 20" 0.0004 "-" 21 0
Jan 30 12:10:16 standalone object-server[128452]: 172.20.0.100 - - [30/Jan/2026:12:10:16 +0000] "GET /d1/485/AUTH_f2ce6bfc308e4e2fbf4623f9afa112fc/gnocchi.6f6e005f-ded7-4d25-8a92-90289bb90a6b/none_v3" 404 70 "GET http://172.18.0.2:8080/v1/AUTH_f2ce6bfc308e4e2fbf4623f9afa112fc/gnocchi.6f6e005f-ded7-4d25-8a92-90289bb90a6b/none_v3" "txb226d3c6c0704b918d0ce-00697c9fa8" "proxy-server 20" 0.0003 "-" 20 0
Jan 30 12:10:16 standalone proxy-server[130418]: 172.18.0.2 172.18.0.100 30/Jan/2026/12/10/16 GET /v1/AUTH_f2ce6bfc308e4e2fbf4623f9afa112fc/gnocchi.6f6e005f-ded7-4d25-8a92-90289bb90a6b/none_v3 HTTP/1.0 404 - python-swiftclient-3.11.1 gAAAAABpfJ7zkMxm... - 70 - txb226d3c6c0704b918d0ce-00697c9fa8 - 0.0095 - - 1769775016.710986853 1769775016.720459223 0
Jan 30 12:10:16 standalone account-server[128304]: 172.20.0.100 - - [30/Jan/2026:12:10:16 +0000] "PUT /d1/97/AUTH_f2ce6bfc308e4e2fbf4623f9afa112fc/gnocchi.6f6e005f-ded7-4d25-8a92-90289bb90a6b" 201 - "PUT http://172.20.0.100:6001/d1/355/AUTH_f2ce6bfc308e4e2fbf4623f9afa112fc/gnocchi.6f6e005f-ded7-4d25-8a92-90289bb90a6b" "tx7e58d783c4d845389d55e-00697c9fa8" "container-server 21" 0.0046 "-" 22 0
Jan 30 12:10:16 standalone container-server[128286]: 172.20.0.100 - - [30/Jan/2026:12:10:16 +0000] "PUT /d1/355/AUTH_f2ce6bfc308e4e2fbf4623f9afa112fc/gnocchi.6f6e005f-ded7-4d25-8a92-90289bb90a6b" 201 - "PUT http://172.18.0.2:8080/v1/AUTH_f2ce6bfc308e4e2fbf4623f9afa112fc/gnocchi.6f6e005f-ded7-4d25-8a92-90289bb90a6b" "tx7e58d783c4d845389d55e-00697c9fa8" "proxy-server 20" 0.0147 "-" 21 0
Jan 30 12:10:16 standalone proxy-server[130418]: 172.18.0.2 172.18.0.100 30/Jan/2026/12/10/16 PUT /v1/AUTH_f2ce6bfc308e4e2fbf4623f9afa112fc/gnocchi.6f6e005f-ded7-4d25-8a92-90289bb90a6b HTTP/1.0 201 - python-swiftclient-3.11.1 gAAAAABpfJ7zkMxm... - - - tx7e58d783c4d845389d55e-00697c9fa8 - 0.0216 - - 1769775016.722411871 1769775016.743975401 0
Jan 30 12:10:16 standalone container-server[128286]: 172.20.0.100 - - [30/Jan/2026:12:10:16 +0000] "HEAD /d1/355/AUTH_f2ce6bfc308e4e2fbf4623f9afa112fc/gnocchi.6f6e005f-ded7-4d25-8a92-90289bb90a6b" 204 - "HEAD http://172.18.0.2:8080/v1/AUTH_f2ce6bfc308e4e2fbf4623f9afa112fc/gnocchi.6f6e005f-ded7-4d25-8a92-90289bb90a6b?format=json&states=listing" "tx3f05d67c6bac4e738e962-00697c9fa8" "proxy-server 20" 0.0014 "-" 21 0
Jan 30 12:10:16 standalone proxy-server[130418]: - - 30/Jan/2026/12/10/16 HEAD /v1/AUTH_f2ce6bfc308e4e2fbf4623f9afa112fc/gnocchi.6f6e005f-ded7-4d25-8a92-90289bb90a6b%3Fformat%3Djson%26states%3Dlisting HTTP/1.0 204 - Swift - - - - tx3f05d67c6bac4e738e962-00697c9fa8 - 0.0323 RL - 1769775016.749634266 1769775016.781963587 0
Jan 30 12:10:16 standalone container-server[128281]: 172.20.0.100 - - [30/Jan/2026:12:10:16 +0000] "GET /d1/355/AUTH_f2ce6bfc308e4e2fbf4623f9afa112fc/gnocchi.6f6e005f-ded7-4d25-8a92-90289bb90a6b" 200 2 "GET http://172.18.0.2:8080/v1/AUTH_f2ce6bfc308e4e2fbf4623f9afa112fc/gnocchi.6f6e005f-ded7-4d25-8a92-90289bb90a6b?format=json&states=listing" "tx3f05d67c6bac4e738e962-00697c9fa8" "proxy-server 20" 0.0019 "-" 20 0
Jan 30 12:10:16 standalone proxy-server[130418]: 172.18.0.2 172.18.0.100 30/Jan/2026/12/10/16 GET /v1/AUTH_f2ce6bfc308e4e2fbf4623f9afa112fc/gnocchi.6f6e005f-ded7-4d25-8a92-90289bb90a6b%3Fformat%3Djson%26states%3Dlisting HTTP/1.0 200 - python-swiftclient-3.11.1 gAAAAABpfJ7zkMxm... - 2 - tx3f05d67c6bac4e738e962-00697c9fa8 - 0.0442 - - 1769775016.748224258 1769775016.792460203 0
Jan 30 12:10:16 standalone object-server[128454]: 172.20.0.100 - - [30/Jan/2026:12:10:16 +0000] "GET /d1/856/AUTH_f2ce6bfc308e4e2fbf4623f9afa112fc/gnocchi.6f6e005f-ded7-4d25-8a92-90289bb90a6b/1769040000.0_mean_300.0_v3" 404 70 "GET http://172.18.0.2:8080/v1/AUTH_f2ce6bfc308e4e2fbf4623f9afa112fc/gnocchi.6f6e005f-ded7-4d25-8a92-90289bb90a6b/1769040000.0_mean_300.0_v3" "tx8a8a0a4802d24821839c1-00697c9fa8" "proxy-server 20" 0.0003 "-" 22 0
Jan 30 12:10:16 standalone proxy-server[130418]: 172.18.0.2 172.18.0.100 30/Jan/2026/12/10/16 GET /v1/AUTH_f2ce6bfc308e4e2fbf4623f9afa112fc/gnocchi.6f6e005f-ded7-4d25-8a92-90289bb90a6b/1769040000.0_mean_300.0_v3 HTTP/1.0 404 - python-swiftclient-3.11.1 gAAAAABpfJ7zkMxm... - 70 - tx8a8a0a4802d24821839c1-00697c9fa8 - 0.0056 - - 1769775016.796334028 1769775016.801966429 0
Jan 30 12:10:16 standalone container-server[128299]: 172.20.0.100 - - [30/Jan/2026:12:10:16 +0000] "PUT /d1/355/AUTH_f2ce6bfc308e4e2fbf4623f9afa112fc/gnocchi.6f6e005f-ded7-4d25-8a92-90289bb90a6b/1769040000.0_mean_300.0_v3" 201 - "PUT http://172.18.0.2:8080/d1/856/AUTH_f2ce6bfc308e4e2fbf4623f9afa112fc/gnocchi.6f6e005f-ded7-4d25-8a92-90289bb90a6b/1769040000.0_mean_300.0_v3" "tx98f51d25117448ba92816-00697c9fa8" "object-server 22" 0.0005 "-" 22 0
Jan 30 12:10:16 standalone object-server[128454]: 172.20.0.100 - - [30/Jan/2026:12:10:16 +0000] "PUT /d1/856/AUTH_f2ce6bfc308e4e2fbf4623f9afa112fc/gnocchi.6f6e005f-ded7-4d25-8a92-90289bb90a6b/1769040000.0_mean_300.0_v3" 201 - "PUT http://172.18.0.2:8080/v1/AUTH_f2ce6bfc308e4e2fbf4623f9afa112fc/gnocchi.6f6e005f-ded7-4d25-8a92-90289bb90a6b/1769040000.0_mean_300.0_v3" "tx98f51d25117448ba92816-00697c9fa8" "proxy-server 20" 0.0095 "-" 22 0
Jan 30 12:10:16 standalone proxy-server[130418]: 172.18.0.2 172.18.0.100 30/Jan/2026/12/10/16 PUT /v1/AUTH_f2ce6bfc308e4e2fbf4623f9afa112fc/gnocchi.6f6e005f-ded7-4d25-8a92-90289bb90a6b/1769040000.0_mean_300.0_v3 HTTP/1.0 201 - python-swiftclient-3.11.1 gAAAAABpfJ7zkMxm... 16 - - tx98f51d25117448ba92816-00697c9fa8 - 0.0144 - - 1769775016.804819822 1769775016.819269657 0
Jan 30 12:10:16 standalone container-server[128315]: 172.20.0.100 - - [30/Jan/2026:12:10:16 +0000] "PUT /d1/355/AUTH_f2ce6bfc308e4e2fbf4623f9afa112fc/gnocchi.6f6e005f-ded7-4d25-8a92-90289bb90a6b/none_v3" 201 - "PUT http://172.18.0.2:8080/d1/485/AUTH_f2ce6bfc308e4e2fbf4623f9afa112fc/gnocchi.6f6e005f-ded7-4d25-8a92-90289bb90a6b/none_v3" "txa11a6aa9cc034f549535a-00697c9fa8" "object-server 21" 0.0007 "-" 23 0
Jan 30 12:10:16 standalone object-server[128453]: 172.20.0.100 - - [30/Jan/2026:12:10:16 +0000] "PUT /d1/485/AUTH_f2ce6bfc308e4e2fbf4623f9afa112fc/gnocchi.6f6e005f-ded7-4d25-8a92-90289bb90a6b/none_v3" 201 - "PUT http://172.18.0.2:8080/v1/AUTH_f2ce6bfc308e4e2fbf4623f9afa112fc/gnocchi.6f6e005f-ded7-4d25-8a92-90289bb90a6b/none_v3" "txa11a6aa9cc034f549535a-00697c9fa8" "proxy-server 20" 0.0101 "-" 21 0
Jan 30 12:10:16 standalone proxy-server[130418]: 172.18.0.2 172.18.0.100 30/Jan/2026/12/10/16 PUT /v1/AUTH_f2ce6bfc308e4e2fbf4623f9afa112fc/gnocchi.6f6e005f-ded7-4d25-8a92-90289bb90a6b/none_v3 HTTP/1.0 201 - python-swiftclient-3.11.1 gAAAAABpfJ7zkMxm... 22 - - txa11a6aa9cc034f549535a-00697c9fa8 - 0.0213 - - 1769775016.821187258 1769775016.842535496 0
Jan 30 12:10:16 standalone container-server[128281]: 172.20.0.100 - - [30/Jan/2026:12:10:16 +0000] "HEAD /d1/94/AUTH_f2ce6bfc308e4e2fbf4623f9afa112fc/gnocchi.d8d529f2-407a-4d7b-ae1f-5ddb51932d87" 404 - "HEAD http://172.18.0.2:8080/v1/AUTH_f2ce6bfc308e4e2fbf4623f9afa112fc/gnocchi.d8d529f2-407a-4d7b-ae1f-5ddb51932d87?format=json&states=listing" "tx2962ca0c76c14713a1b7c-00697c9fa8" "proxy-server 20" 0.0006 "-" 20 0
Jan 30 12:10:16 standalone object-server[128453]: 172.20.0.100 - - [30/Jan/2026:12:10:16 +0000] "GET /d1/279/AUTH_f2ce6bfc308e4e2fbf4623f9afa112fc/gnocchi.d8d529f2-407a-4d7b-ae1f-5ddb51932d87/none_v3" 404 70 "GET http://172.18.0.2:8080/v1/AUTH_f2ce6bfc308e4e2fbf4623f9afa112fc/gnocchi.d8d529f2-407a-4d7b-ae1f-5ddb51932d87/none_v3" "tx2962ca0c76c14713a1b7c-00697c9fa8" "proxy-server 20" 0.0003 "-" 21 0
Jan 30 12:10:16 standalone proxy-server[130418]: 172.18.0.2 172.18.0.100 30/Jan/2026/12/10/16 GET /v1/AUTH_f2ce6bfc308e4e2fbf4623f9afa112fc/gnocchi.d8d529f2-407a-4d7b-ae1f-5ddb51932d87/none_v3 HTTP/1.0 404 - python-swiftclient-3.11.1 gAAAAABpfJ7zkMxm... - 70 - tx2962ca0c76c14713a1b7c-00697c9fa8 - 0.0132 - - 1769775016.855366945 1769775016.868585587 0
Jan 30 12:10:16 standalone account-server[128282]: 172.20.0.100 - - [30/Jan/2026:12:10:16 +0000] "PUT /d1/97/AUTH_f2ce6bfc308e4e2fbf4623f9afa112fc/gnocchi.d8d529f2-407a-4d7b-ae1f-5ddb51932d87" 201 - "PUT http://172.20.0.100:6001/d1/94/AUTH_f2ce6bfc308e4e2fbf4623f9afa112fc/gnocchi.d8d529f2-407a-4d7b-ae1f-5ddb51932d87" "tx2a13e8ba9c0a45c4b6934-00697c9fa8" "container-server 22" 0.0109 "-" 21 0
Jan 30 12:10:16 standalone container-server[128299]: 172.20.0.100 - - [30/Jan/2026:12:10:16 +0000] "PUT /d1/94/AUTH_f2ce6bfc308e4e2fbf4623f9afa112fc/gnocchi.d8d529f2-407a-4d7b-ae1f-5ddb51932d87" 201 - "PUT http://172.18.0.2:8080/v1/AUTH_f2ce6bfc308e4e2fbf4623f9afa112fc/gnocchi.d8d529f2-407a-4d7b-ae1f-5ddb51932d87" "tx2a13e8ba9c0a45c4b6934-00697c9fa8" "proxy-server 20" 0.0261 "-" 22 0
Jan 30 12:10:16 standalone proxy-server[130418]: 172.18.0.2 172.18.0.100 30/Jan/2026/12/10/16 PUT /v1/AUTH_f2ce6bfc308e4e2fbf4623f9afa112fc/gnocchi.d8d529f2-407a-4d7b-ae1f-5ddb51932d87 HTTP/1.0 201 - python-swiftclient-3.11.1 gAAAAABpfJ7zkMxm... - - - tx2a13e8ba9c0a45c4b6934-00697c9fa8 - 0.0319 - - 1769775016.876116037 1769775016.908050776 0
Jan 30 12:10:16 standalone container-server[128315]: 172.20.0.100 - - [30/Jan/2026:12:10:16 +0000] "HEAD /d1/94/AUTH_f2ce6bfc308e4e2fbf4623f9afa112fc/gnocchi.d8d529f2-407a-4d7b-ae1f-5ddb51932d87" 204 - "HEAD http://172.18.0.2:8080/v1/AUTH_f2ce6bfc308e4e2fbf4623f9afa112fc/gnocchi.d8d529f2-407a-4d7b-ae1f-5ddb51932d87?format=json&states=listing" "tx7ea2eeb02f214397b4e22-00697c9fa8" "proxy-server 20" 0.0015 "-" 23 0
Jan 30 12:10:16 standalone proxy-server[130418]: - - 30/Jan/2026/12/10/16 HEAD /v1/AUTH_f2ce6bfc308e4e2fbf4623f9afa112fc/gnocchi.d8d529f2-407a-4d7b-ae1f-5ddb51932d87%3Fformat%3Djson%26states%3Dlisting HTTP/1.0 204 - Swift - - - - tx7ea2eeb02f214397b4e22-00697c9fa8 - 0.0051 RL - 1769775016.913213491 1769775016.918283701 0
Jan 30 12:10:16 standalone container-server[128286]: 172.20.0.100 - - [30/Jan/2026:12:10:16 +0000] "GET /d1/94/AUTH_f2ce6bfc308e4e2fbf4623f9afa112fc/gnocchi.d8d529f2-407a-4d7b-ae1f-5ddb51932d87" 200 2 "GET http://172.18.0.2:8080/v1/AUTH_f2ce6bfc308e4e2fbf4623f9afa112fc/gnocchi.d8d529f2-407a-4d7b-ae1f-5ddb51932d87?format=json&states=listing" "tx7ea2eeb02f214397b4e22-00697c9fa8" "proxy-server 20" 0.0022 "-" 21 0
Jan 30 12:10:16 standalone proxy-server[130418]: 172.18.0.2 172.18.0.100 30/Jan/2026/12/10/16 GET /v1/AUTH_f2ce6bfc308e4e2fbf4623f9afa112fc/gnocchi.d8d529f2-407a-4d7b-ae1f-5ddb51932d87%3Fformat%3Djson%26states%3Dlisting HTTP/1.0 200 - python-swiftclient-3.11.1 gAAAAABpfJ7zkMxm... - 2 - tx7ea2eeb02f214397b4e22-00697c9fa8 - 0.0143 - - 1769775016.912053823 1769775016.926347971 0
Jan 30 12:10:16 standalone object-server[128455]: 172.20.0.100 - - [30/Jan/2026:12:10:16 +0000] "GET /d1/692/AUTH_f2ce6bfc308e4e2fbf4623f9afa112fc/gnocchi.d8d529f2-407a-4d7b-ae1f-5ddb51932d87/1769040000.0_mean_300.0_v3" 404 70 "GET http://172.18.0.2:8080/v1/AUTH_f2ce6bfc308e4e2fbf4623f9afa112fc/gnocchi.d8d529f2-407a-4d7b-ae1f-5ddb51932d87/1769040000.0_mean_300.0_v3" "tx9fedf4541c694c5d9a6b5-00697c9fa8" "proxy-server 20" 0.0004 "-" 23 0
Jan 30 12:10:16 standalone proxy-server[130418]: 172.18.0.2 172.18.0.100 30/Jan/2026/12/10/16 GET /v1/AUTH_f2ce6bfc308e4e2fbf4623f9afa112fc/gnocchi.d8d529f2-407a-4d7b-ae1f-5ddb51932d87/1769040000.0_mean_300.0_v3 HTTP/1.0 404 - python-swiftclient-3.11.1 gAAAAABpfJ7zkMxm... - 70 - tx9fedf4541c694c5d9a6b5-00697c9fa8 - 0.0184 - - 1769775016.929555178 1769775016.947988749 0
Jan 30 12:10:16 standalone container-server[128299]: 172.20.0.100 - - [30/Jan/2026:12:10:16 +0000] "PUT /d1/94/AUTH_f2ce6bfc308e4e2fbf4623f9afa112fc/gnocchi.d8d529f2-407a-4d7b-ae1f-5ddb51932d87/1769040000.0_mean_300.0_v3" 201 - "PUT http://172.18.0.2:8080/d1/692/AUTH_f2ce6bfc308e4e2fbf4623f9afa112fc/gnocchi.d8d529f2-407a-4d7b-ae1f-5ddb51932d87/1769040000.0_mean_300.0_v3" "tx64a0852f16be4a3cb1468-00697c9fa8" "object-server 23" 0.0008 "-" 22 0
Jan 30 12:10:16 standalone object-server[128455]: 172.20.0.100 - - [30/Jan/2026:12:10:16 +0000] "PUT /d1/692/AUTH_f2ce6bfc308e4e2fbf4623f9afa112fc/gnocchi.d8d529f2-407a-4d7b-ae1f-5ddb51932d87/1769040000.0_mean_300.0_v3" 201 - "PUT http://172.18.0.2:8080/v1/AUTH_f2ce6bfc308e4e2fbf4623f9afa112fc/gnocchi.d8d529f2-407a-4d7b-ae1f-5ddb51932d87/1769040000.0_mean_300.0_v3" "tx64a0852f16be4a3cb1468-00697c9fa8" "proxy-server 20" 0.0118 "-" 23 0
Jan 30 12:10:16 standalone proxy-server[130418]: 172.18.0.2 172.18.0.100 30/Jan/2026/12/10/16 PUT /v1/AUTH_f2ce6bfc308e4e2fbf4623f9afa112fc/gnocchi.d8d529f2-407a-4d7b-ae1f-5ddb51932d87/1769040000.0_mean_300.0_v3 HTTP/1.0 201 - python-swiftclient-3.11.1 gAAAAABpfJ7zkMxm... 16 - - tx64a0852f16be4a3cb1468-00697c9fa8 - 0.0192 - - 1769775016.952816486 1769775016.971990347 0
Jan 30 12:10:16 standalone container-server[128281]: 172.20.0.100 - - [30/Jan/2026:12:10:16 +0000] "PUT /d1/94/AUTH_f2ce6bfc308e4e2fbf4623f9afa112fc/gnocchi.d8d529f2-407a-4d7b-ae1f-5ddb51932d87/none_v3" 201 - "PUT http://172.18.0.2:8080/d1/279/AUTH_f2ce6bfc308e4e2fbf4623f9afa112fc/gnocchi.d8d529f2-407a-4d7b-ae1f-5ddb51932d87/none_v3" "tx962ce0bb5001472dafbf5-00697c9fa8" "object-server 21" 0.0008 "-" 20 0
Jan 30 12:10:16 standalone object-server[128453]: 172.20.0.100 - - [30/Jan/2026:12:10:16 +0000] "PUT /d1/279/AUTH_f2ce6bfc308e4e2fbf4623f9afa112fc/gnocchi.d8d529f2-407a-4d7b-ae1f-5ddb51932d87/none_v3" 201 - "PUT http://172.18.0.2:8080/v1/AUTH_f2ce6bfc308e4e2fbf4623f9afa112fc/gnocchi.d8d529f2-407a-4d7b-ae1f-5ddb51932d87/none_v3" "tx962ce0bb5001472dafbf5-00697c9fa8" "proxy-server 20" 0.0119 "-" 21 0
Jan 30 12:10:16 standalone proxy-server[130418]: 172.18.0.2 172.18.0.100 30/Jan/2026/12/10/16 PUT /v1/AUTH_f2ce6bfc308e4e2fbf4623f9afa112fc/gnocchi.d8d529f2-407a-4d7b-ae1f-5ddb51932d87/none_v3 HTTP/1.0 201 - python-swiftclient-3.11.1 gAAAAABpfJ7zkMxm... 22 - - tx962ce0bb5001472dafbf5-00697c9fa8 - 0.0190 - - 1769775016.974878311 1769775016.993849277 0
Jan 30 12:10:17 standalone container-server[128286]: 172.20.0.100 - - [30/Jan/2026:12:10:17 +0000] "HEAD /d1/549/AUTH_f2ce6bfc308e4e2fbf4623f9afa112fc/gnocchi.fd902599-86f6-4ba8-8138-0146c36111df" 404 - "HEAD http://172.18.0.2:8080/v1/AUTH_f2ce6bfc308e4e2fbf4623f9afa112fc/gnocchi.fd902599-86f6-4ba8-8138-0146c36111df?format=json&states=listing" "tx81af6957a192463bbf3b0-00697c9fa9" "proxy-server 20" 0.0005 "-" 21 0
Jan 30 12:10:17 standalone object-server[128454]: 172.20.0.100 - - [30/Jan/2026:12:10:17 +0000] "GET /d1/1016/AUTH_f2ce6bfc308e4e2fbf4623f9afa112fc/gnocchi.fd902599-86f6-4ba8-8138-0146c36111df/none_v3" 404 70 "GET http://172.18.0.2:8080/v1/AUTH_f2ce6bfc308e4e2fbf4623f9afa112fc/gnocchi.fd902599-86f6-4ba8-8138-0146c36111df/none_v3" "tx81af6957a192463bbf3b0-00697c9fa9" "proxy-server 20" 0.0005 "-" 22 0
Jan 30 12:10:17 standalone proxy-server[130418]: 172.18.0.2 172.18.0.100 30/Jan/2026/12/10/17 GET /v1/AUTH_f2ce6bfc308e4e2fbf4623f9afa112fc/gnocchi.fd902599-86f6-4ba8-8138-0146c36111df/none_v3 HTTP/1.0 404 - python-swiftclient-3.11.1 gAAAAABpfJ7zkMxm... - 70 - tx81af6957a192463bbf3b0-00697c9fa9 - 0.0109 - - 1769775017.008657694 1769775017.019534826 0
Jan 30 12:10:17 standalone account-server[128313]: 172.20.0.100 - - [30/Jan/2026:12:10:17 +0000] "PUT /d1/97/AUTH_f2ce6bfc308e4e2fbf4623f9afa112fc/gnocchi.fd902599-86f6-4ba8-8138-0146c36111df" 201 - "PUT http://172.20.0.100:6001/d1/549/AUTH_f2ce6bfc308e4e2fbf4623f9afa112fc/gnocchi.fd902599-86f6-4ba8-8138-0146c36111df" "tx81a10f03cfe34eaaac788-00697c9fa9" "container-server 21" 0.0061 "-" 23 0
Jan 30 12:10:17 standalone container-server[128286]: 172.20.0.100 - - [30/Jan/2026:12:10:17 +0000] "PUT /d1/549/AUTH_f2ce6bfc308e4e2fbf4623f9afa112fc/gnocchi.fd902599-86f6-4ba8-8138-0146c36111df" 201 - "PUT http://172.18.0.2:8080/v1/AUTH_f2ce6bfc308e4e2fbf4623f9afa112fc/gnocchi.fd902599-86f6-4ba8-8138-0146c36111df" "tx81a10f03cfe34eaaac788-00697c9fa9" "proxy-server 20" 0.0174 "-" 21 0
Jan 30 12:10:17 standalone proxy-server[130418]: 172.18.0.2 172.18.0.100 30/Jan/2026/12/10/17 PUT /v1/AUTH_f2ce6bfc308e4e2fbf4623f9afa112fc/gnocchi.fd902599-86f6-4ba8-8138-0146c36111df HTTP/1.0 201 - python-swiftclient-3.11.1 gAAAAABpfJ7zkMxm... - - - tx81a10f03cfe34eaaac788-00697c9fa9 - 0.0219 - - 1769775017.022165060 1769775017.044054270 0
Jan 30 12:10:17 standalone container-server[128281]: 172.20.0.100 - - [30/Jan/2026:12:10:17 +0000] "HEAD /d1/549/AUTH_f2ce6bfc308e4e2fbf4623f9afa112fc/gnocchi.fd902599-86f6-4ba8-8138-0146c36111df" 204 - "HEAD http://172.18.0.2:8080/v1/AUTH_f2ce6bfc308e4e2fbf4623f9afa112fc/gnocchi.fd902599-86f6-4ba8-8138-0146c36111df?format=json&states=listing" "txf2c29ed8c93741239b6ff-00697c9fa9" "proxy-server 20" 0.0022 "-" 20 0
Jan 30 12:10:17 standalone proxy-server[130418]: - - 30/Jan/2026/12/10/17 HEAD /v1/AUTH_f2ce6bfc308e4e2fbf4623f9afa112fc/gnocchi.fd902599-86f6-4ba8-8138-0146c36111df%3Fformat%3Djson%26states%3Dlisting HTTP/1.0 204 - Swift - - - - txf2c29ed8c93741239b6ff-00697c9fa9 - 0.0060 RL - 1769775017.048072338 1769775017.054071665 0
Jan 30 12:10:17 standalone container-server[128281]: 172.20.0.100 - - [30/Jan/2026:12:10:17 +0000] "GET /d1/549/AUTH_f2ce6bfc308e4e2fbf4623f9afa112fc/gnocchi.fd902599-86f6-4ba8-8138-0146c36111df" 200 2 "GET http://172.18.0.2:8080/v1/AUTH_f2ce6bfc308e4e2fbf4623f9afa112fc/gnocchi.fd902599-86f6-4ba8-8138-0146c36111df?format=json&states=listing" "txf2c29ed8c93741239b6ff-00697c9fa9" "proxy-server 20" 0.0031 "-" 20 0
Jan 30 12:10:17 standalone proxy-server[130418]: 172.18.0.2 172.18.0.100 30/Jan/2026/12/10/17 GET /v1/AUTH_f2ce6bfc308e4e2fbf4623f9afa112fc/gnocchi.fd902599-86f6-4ba8-8138-0146c36111df%3Fformat%3Djson%26states%3Dlisting HTTP/1.0 200 - python-swiftclient-3.11.1 gAAAAABpfJ7zkMxm... - 2 - txf2c29ed8c93741239b6ff-00697c9fa9 - 0.0166 - - 1769775017.047072411 1769775017.063683748 0
Jan 30 12:10:17 standalone object-server[128455]: 172.20.0.100 - - [30/Jan/2026:12:10:17 +0000] "GET /d1/746/AUTH_f2ce6bfc308e4e2fbf4623f9afa112fc/gnocchi.fd902599-86f6-4ba8-8138-0146c36111df/1769040000.0_mean_300.0_v3" 404 70 "GET http://172.18.0.2:8080/v1/AUTH_f2ce6bfc308e4e2fbf4623f9afa112fc/gnocchi.fd902599-86f6-4ba8-8138-0146c36111df/1769040000.0_mean_300.0_v3" "tx2e23bdeb411840a192929-00697c9fa9" "proxy-server 20" 0.0005 "-" 23 0
Jan 30 12:10:17 standalone proxy-server[130418]: 172.18.0.2 172.18.0.100 30/Jan/2026/12/10/17 GET /v1/AUTH_f2ce6bfc308e4e2fbf4623f9afa112fc/gnocchi.fd902599-86f6-4ba8-8138-0146c36111df/1769040000.0_mean_300.0_v3 HTTP/1.0 404 - python-swiftclient-3.11.1 gAAAAABpfJ7zkMxm... - 70 - tx2e23bdeb411840a192929-00697c9fa9 - 0.0070 - - 1769775017.072532177 1769775017.079533815 0
Jan 30 12:10:17 standalone container-server[128299]: 172.20.0.100 - - [30/Jan/2026:12:10:17 +0000] "PUT /d1/549/AUTH_f2ce6bfc308e4e2fbf4623f9afa112fc/gnocchi.fd902599-86f6-4ba8-8138-0146c36111df/1769040000.0_mean_300.0_v3" 201 - "PUT http://172.18.0.2:8080/d1/746/AUTH_f2ce6bfc308e4e2fbf4623f9afa112fc/gnocchi.fd902599-86f6-4ba8-8138-0146c36111df/1769040000.0_mean_300.0_v3" "tx4413ae6b31d0488ba47ab-00697c9fa9" "object-server 20" 0.0010 "-" 22 0
Jan 30 12:10:17 standalone object-server[128452]: 172.20.0.100 - - [30/Jan/2026:12:10:17 +0000] "PUT /d1/746/AUTH_f2ce6bfc308e4e2fbf4623f9afa112fc/gnocchi.fd902599-86f6-4ba8-8138-0146c36111df/1769040000.0_mean_300.0_v3" 201 - "PUT http://172.18.0.2:8080/v1/AUTH_f2ce6bfc308e4e2fbf4623f9afa112fc/gnocchi.fd902599-86f6-4ba8-8138-0146c36111df/1769040000.0_mean_300.0_v3" "tx4413ae6b31d0488ba47ab-00697c9fa9" "proxy-server 20" 0.0128 "-" 20 0
Jan 30 12:10:17 standalone proxy-server[130418]: 172.18.0.2 172.18.0.100 30/Jan/2026/12/10/17 PUT /v1/AUTH_f2ce6bfc308e4e2fbf4623f9afa112fc/gnocchi.fd902599-86f6-4ba8-8138-0146c36111df/1769040000.0_mean_300.0_v3 HTTP/1.0 201 - python-swiftclient-3.11.1 gAAAAABpfJ7zkMxm... 16 - - tx4413ae6b31d0488ba47ab-00697c9fa9 - 0.0189 - - 1769775017.083706141 1769775017.102566481 0
Jan 30 12:10:17 standalone container-server[128299]: 172.20.0.100 - - [30/Jan/2026:12:10:17 +0000] "PUT /d1/549/AUTH_f2ce6bfc308e4e2fbf4623f9afa112fc/gnocchi.fd902599-86f6-4ba8-8138-0146c36111df/none_v3" 201 - "PUT http://172.18.0.2:8080/d1/1016/AUTH_f2ce6bfc308e4e2fbf4623f9afa112fc/gnocchi.fd902599-86f6-4ba8-8138-0146c36111df/none_v3" "txd9b087573c9e4e19ae705-00697c9fa9" "object-server 22" 0.0007 "-" 22 0
Jan 30 12:10:17 standalone object-server[128454]: 172.20.0.100 - - [30/Jan/2026:12:10:17 +0000] "PUT /d1/1016/AUTH_f2ce6bfc308e4e2fbf4623f9afa112fc/gnocchi.fd902599-86f6-4ba8-8138-0146c36111df/none_v3" 201 - "PUT http://172.18.0.2:8080/v1/AUTH_f2ce6bfc308e4e2fbf4623f9afa112fc/gnocchi.fd902599-86f6-4ba8-8138-0146c36111df/none_v3" "txd9b087573c9e4e19ae705-00697c9fa9" "proxy-server 20" 0.0130 "-" 22 0
Jan 30 12:10:17 standalone proxy-server[130418]: 172.18.0.2 172.18.0.100 30/Jan/2026/12/10/17 PUT /v1/AUTH_f2ce6bfc308e4e2fbf4623f9afa112fc/gnocchi.fd902599-86f6-4ba8-8138-0146c36111df/none_v3 HTTP/1.0 201 - python-swiftclient-3.11.1 gAAAAABpfJ7zkMxm... 22 - - txd9b087573c9e4e19ae705-00697c9fa9 - 0.0190 - - 1769775017.106624603 1769775017.125633478 0
Jan 30 12:10:17 standalone container-server[128281]: 172.20.0.100 - - [30/Jan/2026:12:10:17 +0000] "HEAD /d1/202/AUTH_f2ce6bfc308e4e2fbf4623f9afa112fc/gnocchi.e5f83a0d-68e1-4fba-a023-7d884f14f855" 404 - "HEAD http://172.18.0.2:8080/v1/AUTH_f2ce6bfc308e4e2fbf4623f9afa112fc/gnocchi.e5f83a0d-68e1-4fba-a023-7d884f14f855?format=json&states=listing" "tx4462f5eba0ab44a593fe4-00697c9fa9" "proxy-server 20" 0.0005 "-" 20 0
Jan 30 12:10:17 standalone object-server[128453]: 172.20.0.100 - - [30/Jan/2026:12:10:17 +0000] "GET /d1/545/AUTH_f2ce6bfc308e4e2fbf4623f9afa112fc/gnocchi.e5f83a0d-68e1-4fba-a023-7d884f14f855/none_v3" 404 70 "GET http://172.18.0.2:8080/v1/AUTH_f2ce6bfc308e4e2fbf4623f9afa112fc/gnocchi.e5f83a0d-68e1-4fba-a023-7d884f14f855/none_v3" "tx4462f5eba0ab44a593fe4-00697c9fa9" "proxy-server 20" 0.0004 "-" 21 0
Jan 30 12:10:17 standalone proxy-server[130418]: 172.18.0.2 172.18.0.100 30/Jan/2026/12/10/17 GET /v1/AUTH_f2ce6bfc308e4e2fbf4623f9afa112fc/gnocchi.e5f83a0d-68e1-4fba-a023-7d884f14f855/none_v3 HTTP/1.0 404 - python-swiftclient-3.11.1 gAAAAABpfJ7zkMxm... - 70 - tx4462f5eba0ab44a593fe4-00697c9fa9 - 0.0093 - - 1769775017.140777826 1769775017.150124788 0
Jan 30 12:10:17 standalone account-server[128304]: 172.20.0.100 - - [30/Jan/2026:12:10:17 +0000] "PUT /d1/97/AUTH_f2ce6bfc308e4e2fbf4623f9afa112fc/gnocchi.e5f83a0d-68e1-4fba-a023-7d884f14f855" 201 - "PUT http://172.20.0.100:6001/d1/202/AUTH_f2ce6bfc308e4e2fbf4623f9afa112fc/gnocchi.e5f83a0d-68e1-4fba-a023-7d884f14f855" "tx2071f712d9cd452d89dc6-00697c9fa9" "container-server 20" 0.0053 "-" 22 0
Jan 30 12:10:17 standalone container-server[128281]: 172.20.0.100 - - [30/Jan/2026:12:10:17 +0000] "PUT /d1/202/AUTH_f2ce6bfc308e4e2fbf4623f9afa112fc/gnocchi.e5f83a0d-68e1-4fba-a023-7d884f14f855" 201 - "PUT http://172.18.0.2:8080/v1/AUTH_f2ce6bfc308e4e2fbf4623f9afa112fc/gnocchi.e5f83a0d-68e1-4fba-a023-7d884f14f855" "tx2071f712d9cd452d89dc6-00697c9fa9" "proxy-server 20" 0.0188 "-" 20 0
Jan 30 12:10:17 standalone proxy-server[130418]: 172.18.0.2 172.18.0.100 30/Jan/2026/12/10/17 PUT /v1/AUTH_f2ce6bfc308e4e2fbf4623f9afa112fc/gnocchi.e5f83a0d-68e1-4fba-a023-7d884f14f855 HTTP/1.0 201 - python-swiftclient-3.11.1 gAAAAABpfJ7zkMxm... - - - tx2071f712d9cd452d89dc6-00697c9fa9 - 0.0237 - - 1769775017.153664827 1769775017.177408218 0
Jan 30 12:10:17 standalone container-server[128281]: 172.20.0.100 - - [30/Jan/2026:12:10:17 +0000] "HEAD /d1/202/AUTH_f2ce6bfc308e4e2fbf4623f9afa112fc/gnocchi.e5f83a0d-68e1-4fba-a023-7d884f14f855" 204 - "HEAD http://172.18.0.2:8080/v1/AUTH_f2ce6bfc308e4e2fbf4623f9afa112fc/gnocchi.e5f83a0d-68e1-4fba-a023-7d884f14f855?format=json&states=listing" "tx2a40be0f8ac8497283007-00697c9fa9" "proxy-server 20" 0.0020 "-" 20 0
Jan 30 12:10:17 standalone proxy-server[130418]: - - 30/Jan/2026/12/10/17 HEAD /v1/AUTH_f2ce6bfc308e4e2fbf4623f9afa112fc/gnocchi.e5f83a0d-68e1-4fba-a023-7d884f14f855%3Fformat%3Djson%26states%3Dlisting HTTP/1.0 204 - Swift - - - - tx2a40be0f8ac8497283007-00697c9fa9 - 0.0052 RL - 1769775017.183030367 1769775017.188267231 0
Jan 30 12:10:17 standalone container-server[128281]: 172.20.0.100 - - [30/Jan/2026:12:10:17 +0000] "GET /d1/202/AUTH_f2ce6bfc308e4e2fbf4623f9afa112fc/gnocchi.e5f83a0d-68e1-4fba-a023-7d884f14f855" 200 2 "GET http://172.18.0.2:8080/v1/AUTH_f2ce6bfc308e4e2fbf4623f9afa112fc/gnocchi.e5f83a0d-68e1-4fba-a023-7d884f14f855?format=json&states=listing" "tx2a40be0f8ac8497283007-00697c9fa9" "proxy-server 20" 0.0033 "-" 20 0
Jan 30 12:10:17 standalone proxy-server[130418]: 172.18.0.2 172.18.0.100 30/Jan/2026/12/10/17 GET /v1/AUTH_f2ce6bfc308e4e2fbf4623f9afa112fc/gnocchi.e5f83a0d-68e1-4fba-a023-7d884f14f855%3Fformat%3Djson%26states%3Dlisting HTTP/1.0 200 - python-swiftclient-3.11.1 gAAAAABpfJ7zkMxm... - 2 - tx2a40be0f8ac8497283007-00697c9fa9 - 0.0153 - - 1769775017.181992531 1769775017.197319746 0
Jan 30 12:10:17 standalone object-server[128452]: 172.20.0.100 - - [30/Jan/2026:12:10:17 +0000] "GET /d1/962/AUTH_f2ce6bfc308e4e2fbf4623f9afa112fc/gnocchi.e5f83a0d-68e1-4fba-a023-7d884f14f855/1769040000.0_mean_300.0_v3" 404 70 "GET http://172.18.0.2:8080/v1/AUTH_f2ce6bfc308e4e2fbf4623f9afa112fc/gnocchi.e5f83a0d-68e1-4fba-a023-7d884f14f855/1769040000.0_mean_300.0_v3" "tx0fc2b83779f5489ab5707-00697c9fa9" "proxy-server 20" 0.0010 "-" 20 0
Jan 30 12:10:17 standalone proxy-server[130418]: 172.18.0.2 172.18.0.100 30/Jan/2026/12/10/17 GET /v1/AUTH_f2ce6bfc308e4e2fbf4623f9afa112fc/gnocchi.e5f83a0d-68e1-4fba-a023-7d884f14f855/1769040000.0_mean_300.0_v3 HTTP/1.0 404 - python-swiftclient-3.11.1 gAAAAABpfJ7zkMxm... - 70 - tx0fc2b83779f5489ab5707-00697c9fa9 - 0.0071 - - 1769775017.201911211 1769775017.208975315 0
Jan 30 12:10:17 standalone container-server[128299]: 172.20.0.100 - - [30/Jan/2026:12:10:17 +0000] "PUT /d1/202/AUTH_f2ce6bfc308e4e2fbf4623f9afa112fc/gnocchi.e5f83a0d-68e1-4fba-a023-7d884f14f855/1769040000.0_mean_300.0_v3" 201 - "PUT http://172.18.0.2:8080/d1/962/AUTH_f2ce6bfc308e4e2fbf4623f9afa112fc/gnocchi.e5f83a0d-68e1-4fba-a023-7d884f14f855/1769040000.0_mean_300.0_v3" "tx803405fae3ea4870af522-00697c9fa9" "object-server 20" 0.0007 "-" 22 0
Jan 30 12:10:17 standalone object-server[128452]: 172.20.0.100 - - [30/Jan/2026:12:10:17 +0000] "PUT /d1/962/AUTH_f2ce6bfc308e4e2fbf4623f9afa112fc/gnocchi.e5f83a0d-68e1-4fba-a023-7d884f14f855/1769040000.0_mean_300.0_v3" 201 - "PUT http://172.18.0.2:8080/v1/AUTH_f2ce6bfc308e4e2fbf4623f9afa112fc/gnocchi.e5f83a0d-68e1-4fba-a023-7d884f14f855/1769040000.0_mean_300.0_v3" "tx803405fae3ea4870af522-00697c9fa9" "proxy-server 20" 0.0134 "-" 20 0
Jan 30 12:10:17 standalone proxy-server[130418]: 172.18.0.2 172.18.0.100 30/Jan/2026/12/10/17 PUT /v1/AUTH_f2ce6bfc308e4e2fbf4623f9afa112fc/gnocchi.e5f83a0d-68e1-4fba-a023-7d884f14f855/1769040000.0_mean_300.0_v3 HTTP/1.0 201 - python-swiftclient-3.11.1 gAAAAABpfJ7zkMxm... 16 - - tx803405fae3ea4870af522-00697c9fa9 - 0.0185 - - 1769775017.213052750 1769775017.231557131 0
Jan 30 12:10:17 standalone container-server[128281]: 172.20.0.100 - - [30/Jan/2026:12:10:17 +0000] "PUT /d1/202/AUTH_f2ce6bfc308e4e2fbf4623f9afa112fc/gnocchi.e5f83a0d-68e1-4fba-a023-7d884f14f855/none_v3" 201 - "PUT http://172.18.0.2:8080/d1/545/AUTH_f2ce6bfc308e4e2fbf4623f9afa112fc/gnocchi.e5f83a0d-68e1-4fba-a023-7d884f14f855/none_v3" "tx3c9103f804104945a5fb2-00697c9fa9" "object-server 20" 0.0007 "-" 20 0
Jan 30 12:10:17 standalone object-server[128452]: 172.20.0.100 - - [30/Jan/2026:12:10:17 +0000] "PUT /d1/545/AUTH_f2ce6bfc308e4e2fbf4623f9afa112fc/gnocchi.e5f83a0d-68e1-4fba-a023-7d884f14f855/none_v3" 201 - "PUT http://172.18.0.2:8080/v1/AUTH_f2ce6bfc308e4e2fbf4623f9afa112fc/gnocchi.e5f83a0d-68e1-4fba-a023-7d884f14f855/none_v3" "tx3c9103f804104945a5fb2-00697c9fa9" "proxy-server 20" 0.0151 "-" 20 0
Jan 30 12:10:17 standalone proxy-server[130418]: 172.18.0.2 172.18.0.100 30/Jan/2026/12/10/17 PUT /v1/AUTH_f2ce6bfc308e4e2fbf4623f9afa112fc/gnocchi.e5f83a0d-68e1-4fba-a023-7d884f14f855/none_v3 HTTP/1.0 201 - python-swiftclient-3.11.1 gAAAAABpfJ7zkMxm... 22 - - tx3c9103f804104945a5fb2-00697c9fa9 - 0.0203 - - 1769775017.235271454 1769775017.255562067 0
Jan 30 12:10:17 standalone container-server[128281]: 172.20.0.100 - - [30/Jan/2026:12:10:17 +0000] "HEAD /d1/874/AUTH_f2ce6bfc308e4e2fbf4623f9afa112fc/gnocchi.52a18ccc-71dc-4c0d-bcb4-e1f35408002b" 404 - "HEAD http://172.18.0.2:8080/v1/AUTH_f2ce6bfc308e4e2fbf4623f9afa112fc/gnocchi.52a18ccc-71dc-4c0d-bcb4-e1f35408002b?format=json&states=listing" "txe36f1623641c4280a51cf-00697c9fa9" "proxy-server 20" 0.0005 "-" 20 0
Jan 30 12:10:17 standalone object-server[128454]: 172.20.0.100 - - [30/Jan/2026:12:10:17 +0000] "GET /d1/611/AUTH_f2ce6bfc308e4e2fbf4623f9afa112fc/gnocchi.52a18ccc-71dc-4c0d-bcb4-e1f35408002b/none_v3" 404 70 "GET http://172.18.0.2:8080/v1/AUTH_f2ce6bfc308e4e2fbf4623f9afa112fc/gnocchi.52a18ccc-71dc-4c0d-bcb4-e1f35408002b/none_v3" "txe36f1623641c4280a51cf-00697c9fa9" "proxy-server 20" 0.0005 "-" 22 0
Jan 30 12:10:17 standalone proxy-server[130418]: 172.18.0.2 172.18.0.100 30/Jan/2026/12/10/17 GET /v1/AUTH_f2ce6bfc308e4e2fbf4623f9afa112fc/gnocchi.52a18ccc-71dc-4c0d-bcb4-e1f35408002b/none_v3 HTTP/1.0 404 - python-swiftclient-3.11.1 gAAAAABpfJ7zkMxm... - 70 - txe36f1623641c4280a51cf-00697c9fa9 - 0.0105 - - 1769775017.271479368 1769775017.282006979 0
Jan 30 12:10:17 standalone account-server[128277]: 172.20.0.100 - - [30/Jan/2026:12:10:17 +0000] "PUT /d1/97/AUTH_f2ce6bfc308e4e2fbf4623f9afa112fc/gnocchi.52a18ccc-71dc-4c0d-bcb4-e1f35408002b" 201 - "PUT http://172.20.0.100:6001/d1/874/AUTH_f2ce6bfc308e4e2fbf4623f9afa112fc/gnocchi.52a18ccc-71dc-4c0d-bcb4-e1f35408002b" "tx57808aa7b2b3488fbe816-00697c9fa9" "container-server 22" 0.0046 "-" 20 0
Jan 30 12:10:17 standalone container-server[128299]: 172.20.0.100 - - [30/Jan/2026:12:10:17 +0000] "PUT /d1/874/AUTH_f2ce6bfc308e4e2fbf4623f9afa112fc/gnocchi.52a18ccc-71dc-4c0d-bcb4-e1f35408002b" 201 - "PUT http://172.18.0.2:8080/v1/AUTH_f2ce6bfc308e4e2fbf4623f9afa112fc/gnocchi.52a18ccc-71dc-4c0d-bcb4-e1f35408002b" "tx57808aa7b2b3488fbe816-00697c9fa9" "proxy-server 20" 0.0176 "-" 22 0
Jan 30 12:10:17 standalone proxy-server[130418]: 172.18.0.2 172.18.0.100 30/Jan/2026/12/10/17 PUT /v1/AUTH_f2ce6bfc308e4e2fbf4623f9afa112fc/gnocchi.52a18ccc-71dc-4c0d-bcb4-e1f35408002b HTTP/1.0 201 - python-swiftclient-3.11.1 gAAAAABpfJ7zkMxm... - - - tx57808aa7b2b3488fbe816-00697c9fa9 - 0.0237 - - 1769775017.285404205 1769775017.309149027 0
Jan 30 12:10:17 standalone container-server[128299]: 172.20.0.100 - - [30/Jan/2026:12:10:17 +0000] "HEAD /d1/890/AUTH_f2ce6bfc308e4e2fbf4623f9afa112fc/gnocchi.d032f0d4-bc60-49a7-818c-022c5eded9ab" 404 - "HEAD http://172.18.0.2:8080/v1/AUTH_f2ce6bfc308e4e2fbf4623f9afa112fc/gnocchi.d032f0d4-bc60-49a7-818c-022c5eded9ab?format=json&states=listing" "txb3b3b810374047f48fe7a-00697c9fa9" "proxy-server 20" 0.0004 "-" 22 0
Jan 30 12:10:17 standalone object-server[128453]: 172.20.0.100 - - [30/Jan/2026:12:10:17 +0000] "GET /d1/728/AUTH_f2ce6bfc308e4e2fbf4623f9afa112fc/gnocchi.d032f0d4-bc60-49a7-818c-022c5eded9ab/none_v3" 404 70 "GET http://172.18.0.2:8080/v1/AUTH_f2ce6bfc308e4e2fbf4623f9afa112fc/gnocchi.d032f0d4-bc60-49a7-818c-022c5eded9ab/none_v3" "txb3b3b810374047f48fe7a-00697c9fa9" "proxy-server 20" 0.0003 "-" 21 0
Jan 30 12:10:17 standalone proxy-server[130418]: 172.18.0.2 172.18.0.100 30/Jan/2026/12/10/17 GET /v1/AUTH_f2ce6bfc308e4e2fbf4623f9afa112fc/gnocchi.d032f0d4-bc60-49a7-818c-022c5eded9ab/none_v3 HTTP/1.0 404 - python-swiftclient-3.11.1 gAAAAABpfJ7zkMxm... - 70 - txb3b3b810374047f48fe7a-00697c9fa9 - 0.0109 - - 1769775017.313159943 1769775017.324105024 0
Jan 30 12:10:17 standalone account-server[128282]: 172.20.0.100 - - [30/Jan/2026:12:10:17 +0000] "PUT /d1/97/AUTH_f2ce6bfc308e4e2fbf4623f9afa112fc/gnocchi.d032f0d4-bc60-49a7-818c-022c5eded9ab" 201 - "PUT http://172.20.0.100:6001/d1/890/AUTH_f2ce6bfc308e4e2fbf4623f9afa112fc/gnocchi.d032f0d4-bc60-49a7-818c-022c5eded9ab" "tx6d5d83db5dbd4b56869e6-00697c9fa9" "container-server 23" 0.0049 "-" 21 0
Jan 30 12:10:17 standalone container-server[128315]: 172.20.0.100 - - [30/Jan/2026:12:10:17 +0000] "PUT /d1/890/AUTH_f2ce6bfc308e4e2fbf4623f9afa112fc/gnocchi.d032f0d4-bc60-49a7-818c-022c5eded9ab" 201 - "PUT http://172.18.0.2:8080/v1/AUTH_f2ce6bfc308e4e2fbf4623f9afa112fc/gnocchi.d032f0d4-bc60-49a7-818c-022c5eded9ab" "tx6d5d83db5dbd4b56869e6-00697c9fa9" "proxy-server 20" 0.0169 "-" 23 0
Jan 30 12:10:17 standalone proxy-server[130418]: 172.18.0.2 172.18.0.100 30/Jan/2026/12/10/17 PUT /v1/AUTH_f2ce6bfc308e4e2fbf4623f9afa112fc/gnocchi.d032f0d4-bc60-49a7-818c-022c5eded9ab HTTP/1.0 201 - python-swiftclient-3.11.1 gAAAAABpfJ7zkMxm... - - - tx6d5d83db5dbd4b56869e6-00697c9fa9 - 0.0247 - - 1769775017.328647852 1769775017.353309155 0
Jan 30 12:10:17 standalone container-server[128315]: 172.20.0.100 - - [30/Jan/2026:12:10:17 +0000] "HEAD /d1/874/AUTH_f2ce6bfc308e4e2fbf4623f9afa112fc/gnocchi.52a18ccc-71dc-4c0d-bcb4-e1f35408002b" 204 - "HEAD http://172.18.0.2:8080/v1/AUTH_f2ce6bfc308e4e2fbf4623f9afa112fc/gnocchi.52a18ccc-71dc-4c0d-bcb4-e1f35408002b?format=json&states=listing" "txa344b356e4c945d5a8be4-00697c9fa9" "proxy-server 20" 0.0022 "-" 23 0
Jan 30 12:10:17 standalone proxy-server[130418]: - - 30/Jan/2026/12/10/17 HEAD /v1/AUTH_f2ce6bfc308e4e2fbf4623f9afa112fc/gnocchi.52a18ccc-71dc-4c0d-bcb4-e1f35408002b%3Fformat%3Djson%26states%3Dlisting HTTP/1.0 204 - Swift - - - - txa344b356e4c945d5a8be4-00697c9fa9 - 0.0069 RL - 1769775017.359417677 1769775017.366333485 0
Jan 30 12:10:17 standalone container-server[128286]: 172.20.0.100 - - [30/Jan/2026:12:10:17 +0000] "GET /d1/874/AUTH_f2ce6bfc308e4e2fbf4623f9afa112fc/gnocchi.52a18ccc-71dc-4c0d-bcb4-e1f35408002b" 200 2 "GET http://172.18.0.2:8080/v1/AUTH_f2ce6bfc308e4e2fbf4623f9afa112fc/gnocchi.52a18ccc-71dc-4c0d-bcb4-e1f35408002b?format=json&states=listing" "txa344b356e4c945d5a8be4-00697c9fa9" "proxy-server 20" 0.0037 "-" 21 0
Jan 30 12:10:17 standalone proxy-server[130418]: 172.18.0.2 172.18.0.100 30/Jan/2026/12/10/17 GET /v1/AUTH_f2ce6bfc308e4e2fbf4623f9afa112fc/gnocchi.52a18ccc-71dc-4c0d-bcb4-e1f35408002b%3Fformat%3Djson%26states%3Dlisting HTTP/1.0 200 - python-swiftclient-3.11.1 gAAAAABpfJ7zkMxm... - 2 - txa344b356e4c945d5a8be4-00697c9fa9 - 0.0222 - - 1769775017.357846260 1769775017.380022049 0
