Jan 30 12:10:17 standalone container-server[128286]: 172.20.0.100 - - [30/Jan/2026:12:10:17 +0000] "HEAD /d1/890/AUTH_f2ce6bfc308e4e2fbf4623f9afa112fc/gnocchi.d032f0d4-bc60-49a7-818c-022c5eded9ab" 204 - "HEAD http://172.18.0.2:8080/v1/AUTH_f2ce6bfc308e4e2fbf4623f9afa112fc/gnocchi.d032f0d4-bc60-49a7-818c-022c5eded9ab?format=json&states=listing" "tx828ad202881242c595c6d-00697c9fa9" "proxy-server 20" 0.0022 "-" 21 0
Jan 30 12:10:17 standalone proxy-server[130418]: - - 30/Jan/2026/12/10/17 HEAD /v1/AUTH_f2ce6bfc308e4e2fbf4623f9afa112fc/gnocchi.d032f0d4-bc60-49a7-818c-022c5eded9ab%3Fformat%3Djson%26states%3Dlisting HTTP/1.0 204 - Swift - - - - tx828ad202881242c595c6d-00697c9fa9 - 0.0075 RL - 1769775017.386426449 1769775017.393877983 0
Jan 30 12:10:17 standalone container-server[128299]: 172.20.0.100 - - [30/Jan/2026:12:10:17 +0000] "GET /d1/890/AUTH_f2ce6bfc308e4e2fbf4623f9afa112fc/gnocchi.d032f0d4-bc60-49a7-818c-022c5eded9ab" 200 2 "GET http://172.18.0.2:8080/v1/AUTH_f2ce6bfc308e4e2fbf4623f9afa112fc/gnocchi.d032f0d4-bc60-49a7-818c-022c5eded9ab?format=json&states=listing" "tx828ad202881242c595c6d-00697c9fa9" "proxy-server 20" 0.0038 "-" 22 0
Jan 30 12:10:17 standalone proxy-server[130418]: 172.18.0.2 172.18.0.100 30/Jan/2026/12/10/17 GET /v1/AUTH_f2ce6bfc308e4e2fbf4623f9afa112fc/gnocchi.d032f0d4-bc60-49a7-818c-022c5eded9ab%3Fformat%3Djson%26states%3Dlisting HTTP/1.0 200 - python-swiftclient-3.11.1 gAAAAABpfJ7zkMxm... - 2 - tx828ad202881242c595c6d-00697c9fa9 - 0.0225 - - 1769775017.384857655 1769775017.407354593 0
Jan 30 12:10:17 standalone object-server[128454]: 172.20.0.100 - - [30/Jan/2026:12:10:17 +0000] "GET /d1/347/AUTH_f2ce6bfc308e4e2fbf4623f9afa112fc/gnocchi.52a18ccc-71dc-4c0d-bcb4-e1f35408002b/1769040000.0_mean_300.0_v3" 404 70 "GET http://172.18.0.2:8080/v1/AUTH_f2ce6bfc308e4e2fbf4623f9afa112fc/gnocchi.52a18ccc-71dc-4c0d-bcb4-e1f35408002b/1769040000.0_mean_300.0_v3" "txa9d9fc444cd6461a90491-00697c9fa9" "proxy-server 20" 0.0006 "-" 22 0
Jan 30 12:10:17 standalone proxy-server[130418]: 172.18.0.2 172.18.0.100 30/Jan/2026/12/10/17 GET /v1/AUTH_f2ce6bfc308e4e2fbf4623f9afa112fc/gnocchi.52a18ccc-71dc-4c0d-bcb4-e1f35408002b/1769040000.0_mean_300.0_v3 HTTP/1.0 404 - python-swiftclient-3.11.1 gAAAAABpfJ7zkMxm... - 70 - txa9d9fc444cd6461a90491-00697c9fa9 - 0.0088 - - 1769775017.411401749 1769775017.420177937 0
Jan 30 12:10:17 standalone object-server[128454]: 172.20.0.100 - - [30/Jan/2026:12:10:17 +0000] "GET /d1/970/AUTH_f2ce6bfc308e4e2fbf4623f9afa112fc/gnocchi.d032f0d4-bc60-49a7-818c-022c5eded9ab/1769040000.0_mean_300.0_v3" 404 70 "GET http://172.18.0.2:8080/v1/AUTH_f2ce6bfc308e4e2fbf4623f9afa112fc/gnocchi.d032f0d4-bc60-49a7-818c-022c5eded9ab/1769040000.0_mean_300.0_v3" "txabad682cdbf54f95bd4c4-00697c9fa9" "proxy-server 20" 0.0004 "-" 22 0
Jan 30 12:10:17 standalone proxy-server[130418]: 172.18.0.2 172.18.0.100 30/Jan/2026/12/10/17 GET /v1/AUTH_f2ce6bfc308e4e2fbf4623f9afa112fc/gnocchi.d032f0d4-bc60-49a7-818c-022c5eded9ab/1769040000.0_mean_300.0_v3 HTTP/1.0 404 - python-swiftclient-3.11.1 gAAAAABpfJ7zkMxm... - 70 - txabad682cdbf54f95bd4c4-00697c9fa9 - 0.0079 - - 1769775017.423458099 1769775017.431321859 0
Jan 30 12:10:17 standalone container-server[128299]: 172.20.0.100 - - [30/Jan/2026:12:10:17 +0000] "PUT /d1/874/AUTH_f2ce6bfc308e4e2fbf4623f9afa112fc/gnocchi.52a18ccc-71dc-4c0d-bcb4-e1f35408002b/1769040000.0_mean_300.0_v3" 201 - "PUT http://172.18.0.2:8080/d1/347/AUTH_f2ce6bfc308e4e2fbf4623f9afa112fc/gnocchi.52a18ccc-71dc-4c0d-bcb4-e1f35408002b/1769040000.0_mean_300.0_v3" "txfd0a529654174c638906f-00697c9fa9" "object-server 22" 0.0009 "-" 22 0
Jan 30 12:10:17 standalone object-server[128454]: 172.20.0.100 - - [30/Jan/2026:12:10:17 +0000] "PUT /d1/347/AUTH_f2ce6bfc308e4e2fbf4623f9afa112fc/gnocchi.52a18ccc-71dc-4c0d-bcb4-e1f35408002b/1769040000.0_mean_300.0_v3" 201 - "PUT http://172.18.0.2:8080/v1/AUTH_f2ce6bfc308e4e2fbf4623f9afa112fc/gnocchi.52a18ccc-71dc-4c0d-bcb4-e1f35408002b/1769040000.0_mean_300.0_v3" "txfd0a529654174c638906f-00697c9fa9" "proxy-server 20" 0.0158 "-" 22 0
Jan 30 12:10:17 standalone proxy-server[130418]: 172.18.0.2 172.18.0.100 30/Jan/2026/12/10/17 PUT /v1/AUTH_f2ce6bfc308e4e2fbf4623f9afa112fc/gnocchi.52a18ccc-71dc-4c0d-bcb4-e1f35408002b/1769040000.0_mean_300.0_v3 HTTP/1.0 201 - python-swiftclient-3.11.1 gAAAAABpfJ7zkMxm... 16 - - txfd0a529654174c638906f-00697c9fa9 - 0.0240 - - 1769775017.435106754 1769775017.459135294 0
Jan 30 12:10:17 standalone container-server[128315]: 172.20.0.100 - - [30/Jan/2026:12:10:17 +0000] "PUT /d1/890/AUTH_f2ce6bfc308e4e2fbf4623f9afa112fc/gnocchi.d032f0d4-bc60-49a7-818c-022c5eded9ab/1769040000.0_mean_300.0_v3" 201 - "PUT http://172.18.0.2:8080/d1/970/AUTH_f2ce6bfc308e4e2fbf4623f9afa112fc/gnocchi.d032f0d4-bc60-49a7-818c-022c5eded9ab/1769040000.0_mean_300.0_v3" "tx17a9c2a2ebd84952939f2-00697c9fa9" "object-server 21" 0.0009 "-" 23 0
Jan 30 12:10:17 standalone object-server[128453]: 172.20.0.100 - - [30/Jan/2026:12:10:17 +0000] "PUT /d1/970/AUTH_f2ce6bfc308e4e2fbf4623f9afa112fc/gnocchi.d032f0d4-bc60-49a7-818c-022c5eded9ab/1769040000.0_mean_300.0_v3" 201 - "PUT http://172.18.0.2:8080/v1/AUTH_f2ce6bfc308e4e2fbf4623f9afa112fc/gnocchi.d032f0d4-bc60-49a7-818c-022c5eded9ab/1769040000.0_mean_300.0_v3" "tx17a9c2a2ebd84952939f2-00697c9fa9" "proxy-server 20" 0.0123 "-" 21 0
Jan 30 12:10:17 standalone proxy-server[130418]: 172.18.0.2 172.18.0.100 30/Jan/2026/12/10/17 PUT /v1/AUTH_f2ce6bfc308e4e2fbf4623f9afa112fc/gnocchi.d032f0d4-bc60-49a7-818c-022c5eded9ab/1769040000.0_mean_300.0_v3 HTTP/1.0 201 - python-swiftclient-3.11.1 gAAAAABpfJ7zkMxm... 16 - - tx17a9c2a2ebd84952939f2-00697c9fa9 - 0.0209 - - 1769775017.464008331 1769775017.484940290 0
Jan 30 12:10:17 standalone container-server[128299]: 172.20.0.100 - - [30/Jan/2026:12:10:17 +0000] "PUT /d1/874/AUTH_f2ce6bfc308e4e2fbf4623f9afa112fc/gnocchi.52a18ccc-71dc-4c0d-bcb4-e1f35408002b/none_v3" 201 - "PUT http://172.18.0.2:8080/d1/611/AUTH_f2ce6bfc308e4e2fbf4623f9afa112fc/gnocchi.52a18ccc-71dc-4c0d-bcb4-e1f35408002b/none_v3" "txfd6b7871f7fc4025a852c-00697c9fa9" "object-server 23" 0.0009 "-" 22 0
Jan 30 12:10:17 standalone object-server[128455]: 172.20.0.100 - - [30/Jan/2026:12:10:17 +0000] "PUT /d1/611/AUTH_f2ce6bfc308e4e2fbf4623f9afa112fc/gnocchi.52a18ccc-71dc-4c0d-bcb4-e1f35408002b/none_v3" 201 - "PUT http://172.18.0.2:8080/v1/AUTH_f2ce6bfc308e4e2fbf4623f9afa112fc/gnocchi.52a18ccc-71dc-4c0d-bcb4-e1f35408002b/none_v3" "txfd6b7871f7fc4025a852c-00697c9fa9" "proxy-server 20" 0.0116 "-" 23 0
Jan 30 12:10:17 standalone proxy-server[130418]: 172.18.0.2 172.18.0.100 30/Jan/2026/12/10/17 PUT /v1/AUTH_f2ce6bfc308e4e2fbf4623f9afa112fc/gnocchi.52a18ccc-71dc-4c0d-bcb4-e1f35408002b/none_v3 HTTP/1.0 201 - python-swiftclient-3.11.1 gAAAAABpfJ7zkMxm... 22 - - txfd6b7871f7fc4025a852c-00697c9fa9 - 0.0209 - - 1769775017.490183115 1769775017.511090994 0
Jan 30 12:10:17 standalone container-server[128286]: 172.20.0.100 - - [30/Jan/2026:12:10:17 +0000] "PUT /d1/890/AUTH_f2ce6bfc308e4e2fbf4623f9afa112fc/gnocchi.d032f0d4-bc60-49a7-818c-022c5eded9ab/none_v3" 201 - "PUT http://172.18.0.2:8080/d1/728/AUTH_f2ce6bfc308e4e2fbf4623f9afa112fc/gnocchi.d032f0d4-bc60-49a7-818c-022c5eded9ab/none_v3" "txbb95d68b0ea84f6fadcfe-00697c9fa9" "object-server 20" 0.0008 "-" 21 0
Jan 30 12:10:17 standalone object-server[128452]: 172.20.0.100 - - [30/Jan/2026:12:10:17 +0000] "PUT /d1/728/AUTH_f2ce6bfc308e4e2fbf4623f9afa112fc/gnocchi.d032f0d4-bc60-49a7-818c-022c5eded9ab/none_v3" 201 - "PUT http://172.18.0.2:8080/v1/AUTH_f2ce6bfc308e4e2fbf4623f9afa112fc/gnocchi.d032f0d4-bc60-49a7-818c-022c5eded9ab/none_v3" "txbb95d68b0ea84f6fadcfe-00697c9fa9" "proxy-server 20" 0.0120 "-" 20 0
Jan 30 12:10:17 standalone proxy-server[130418]: 172.18.0.2 172.18.0.100 30/Jan/2026/12/10/17 PUT /v1/AUTH_f2ce6bfc308e4e2fbf4623f9afa112fc/gnocchi.d032f0d4-bc60-49a7-818c-022c5eded9ab/none_v3 HTTP/1.0 201 - python-swiftclient-3.11.1 gAAAAABpfJ7zkMxm... 22 - - txbb95d68b0ea84f6fadcfe-00697c9fa9 - 0.0218 - - 1769775017.515721321 1769775017.537524700 0
Jan 30 12:10:17 standalone container-server[128281]: 172.20.0.100 - - [30/Jan/2026:12:10:17 +0000] "HEAD /d1/129/AUTH_f2ce6bfc308e4e2fbf4623f9afa112fc/gnocchi.ee747a01-2fc6-4843-bddd-571cf393b777" 404 - "HEAD http://172.18.0.2:8080/v1/AUTH_f2ce6bfc308e4e2fbf4623f9afa112fc/gnocchi.ee747a01-2fc6-4843-bddd-571cf393b777?format=json&states=listing" "tx0fac3119bb9c4c3c8ac94-00697c9fa9" "proxy-server 20" 0.0007 "-" 20 0
Jan 30 12:10:17 standalone object-server[128455]: 172.20.0.100 - - [30/Jan/2026:12:10:17 +0000] "GET /d1/419/AUTH_f2ce6bfc308e4e2fbf4623f9afa112fc/gnocchi.ee747a01-2fc6-4843-bddd-571cf393b777/none_v3" 404 70 "GET http://172.18.0.2:8080/v1/AUTH_f2ce6bfc308e4e2fbf4623f9afa112fc/gnocchi.ee747a01-2fc6-4843-bddd-571cf393b777/none_v3" "tx0fac3119bb9c4c3c8ac94-00697c9fa9" "proxy-server 20" 0.0006 "-" 23 0
Jan 30 12:10:17 standalone proxy-server[130418]: 172.18.0.2 172.18.0.100 30/Jan/2026/12/10/17 GET /v1/AUTH_f2ce6bfc308e4e2fbf4623f9afa112fc/gnocchi.ee747a01-2fc6-4843-bddd-571cf393b777/none_v3 HTTP/1.0 404 - python-swiftclient-3.11.1 gAAAAABpfJ7zkMxm... - 70 - tx0fac3119bb9c4c3c8ac94-00697c9fa9 - 0.0154 - - 1769775017.552191496 1769775017.567639351 0
Jan 30 12:10:17 standalone account-server[128313]: 172.20.0.100 - - [30/Jan/2026:12:10:17 +0000] "PUT /d1/97/AUTH_f2ce6bfc308e4e2fbf4623f9afa112fc/gnocchi.ee747a01-2fc6-4843-bddd-571cf393b777" 201 - "PUT http://172.20.0.100:6001/d1/129/AUTH_f2ce6bfc308e4e2fbf4623f9afa112fc/gnocchi.ee747a01-2fc6-4843-bddd-571cf393b777" "tx03cf0b7001654845af618-00697c9fa9" "container-server 23" 0.0065 "-" 23 0
Jan 30 12:10:17 standalone container-server[128315]: 172.20.0.100 - - [30/Jan/2026:12:10:17 +0000] "PUT /d1/129/AUTH_f2ce6bfc308e4e2fbf4623f9afa112fc/gnocchi.ee747a01-2fc6-4843-bddd-571cf393b777" 201 - "PUT http://172.18.0.2:8080/v1/AUTH_f2ce6bfc308e4e2fbf4623f9afa112fc/gnocchi.ee747a01-2fc6-4843-bddd-571cf393b777" "tx03cf0b7001654845af618-00697c9fa9" "proxy-server 20" 0.0209 "-" 23 0
Jan 30 12:10:17 standalone proxy-server[130418]: 172.18.0.2 172.18.0.100 30/Jan/2026/12/10/17 PUT /v1/AUTH_f2ce6bfc308e4e2fbf4623f9afa112fc/gnocchi.ee747a01-2fc6-4843-bddd-571cf393b777 HTTP/1.0 201 - python-swiftclient-3.11.1 gAAAAABpfJ7zkMxm... - - - tx03cf0b7001654845af618-00697c9fa9 - 0.0342 - - 1769775017.574297905 1769775017.608537912 0
Jan 30 12:10:17 standalone container-server[128315]: 172.20.0.100 - - [30/Jan/2026:12:10:17 +0000] "HEAD /d1/129/AUTH_f2ce6bfc308e4e2fbf4623f9afa112fc/gnocchi.ee747a01-2fc6-4843-bddd-571cf393b777" 204 - "HEAD http://172.18.0.2:8080/v1/AUTH_f2ce6bfc308e4e2fbf4623f9afa112fc/gnocchi.ee747a01-2fc6-4843-bddd-571cf393b777?format=json&states=listing" "tx8dfe69427ba948c0bee01-00697c9fa9" "proxy-server 20" 0.0024 "-" 23 0
Jan 30 12:10:17 standalone proxy-server[130418]: - - 30/Jan/2026/12/10/17 HEAD /v1/AUTH_f2ce6bfc308e4e2fbf4623f9afa112fc/gnocchi.ee747a01-2fc6-4843-bddd-571cf393b777%3Fformat%3Djson%26states%3Dlisting HTTP/1.0 204 - Swift - - - - tx8dfe69427ba948c0bee01-00697c9fa9 - 0.0077 RL - 1769775017.616523027 1769775017.624207735 0
Jan 30 12:10:17 standalone container-server[128299]: 172.20.0.100 - - [30/Jan/2026:12:10:17 +0000] "GET /d1/129/AUTH_f2ce6bfc308e4e2fbf4623f9afa112fc/gnocchi.ee747a01-2fc6-4843-bddd-571cf393b777" 200 2 "GET http://172.18.0.2:8080/v1/AUTH_f2ce6bfc308e4e2fbf4623f9afa112fc/gnocchi.ee747a01-2fc6-4843-bddd-571cf393b777?format=json&states=listing" "tx8dfe69427ba948c0bee01-00697c9fa9" "proxy-server 20" 0.0035 "-" 22 0
Jan 30 12:10:17 standalone proxy-server[130418]: 172.18.0.2 172.18.0.100 30/Jan/2026/12/10/17 GET /v1/AUTH_f2ce6bfc308e4e2fbf4623f9afa112fc/gnocchi.ee747a01-2fc6-4843-bddd-571cf393b777%3Fformat%3Djson%26states%3Dlisting HTTP/1.0 200 - python-swiftclient-3.11.1 gAAAAABpfJ7zkMxm... - 2 - tx8dfe69427ba948c0bee01-00697c9fa9 - 0.0235 - - 1769775017.614487886 1769775017.637991667 0
Jan 30 12:10:17 standalone object-server[128454]: 172.20.0.100 - - [30/Jan/2026:12:10:17 +0000] "GET /d1/217/AUTH_f2ce6bfc308e4e2fbf4623f9afa112fc/gnocchi.ee747a01-2fc6-4843-bddd-571cf393b777/1769040000.0_mean_300.0_v3" 404 70 "GET http://172.18.0.2:8080/v1/AUTH_f2ce6bfc308e4e2fbf4623f9afa112fc/gnocchi.ee747a01-2fc6-4843-bddd-571cf393b777/1769040000.0_mean_300.0_v3" "tx41c43f6d3e4347b695f53-00697c9fa9" "proxy-server 20" 0.0006 "-" 22 0
Jan 30 12:10:17 standalone proxy-server[130418]: 172.18.0.2 172.18.0.100 30/Jan/2026/12/10/17 GET /v1/AUTH_f2ce6bfc308e4e2fbf4623f9afa112fc/gnocchi.ee747a01-2fc6-4843-bddd-571cf393b777/1769040000.0_mean_300.0_v3 HTTP/1.0 404 - python-swiftclient-3.11.1 gAAAAABpfJ7zkMxm... - 70 - tx41c43f6d3e4347b695f53-00697c9fa9 - 0.0096 - - 1769775017.642896175 1769775017.652471066 0
Jan 30 12:10:17 standalone container-server[128286]: 172.20.0.100 - - [30/Jan/2026:12:10:17 +0000] "PUT /d1/129/AUTH_f2ce6bfc308e4e2fbf4623f9afa112fc/gnocchi.ee747a01-2fc6-4843-bddd-571cf393b777/1769040000.0_mean_300.0_v3" 201 - "PUT http://172.18.0.2:8080/d1/217/AUTH_f2ce6bfc308e4e2fbf4623f9afa112fc/gnocchi.ee747a01-2fc6-4843-bddd-571cf393b777/1769040000.0_mean_300.0_v3" "tx3c6e59f8826d4daea3c51-00697c9fa9" "object-server 21" 0.0008 "-" 21 0
Jan 30 12:10:17 standalone object-server[128453]: 172.20.0.100 - - [30/Jan/2026:12:10:17 +0000] "PUT /d1/217/AUTH_f2ce6bfc308e4e2fbf4623f9afa112fc/gnocchi.ee747a01-2fc6-4843-bddd-571cf393b777/1769040000.0_mean_300.0_v3" 201 - "PUT http://172.18.0.2:8080/v1/AUTH_f2ce6bfc308e4e2fbf4623f9afa112fc/gnocchi.ee747a01-2fc6-4843-bddd-571cf393b777/1769040000.0_mean_300.0_v3" "tx3c6e59f8826d4daea3c51-00697c9fa9" "proxy-server 20" 0.0124 "-" 21 0
Jan 30 12:10:17 standalone proxy-server[130418]: 172.18.0.2 172.18.0.100 30/Jan/2026/12/10/17 PUT /v1/AUTH_f2ce6bfc308e4e2fbf4623f9afa112fc/gnocchi.ee747a01-2fc6-4843-bddd-571cf393b777/1769040000.0_mean_300.0_v3 HTTP/1.0 201 - python-swiftclient-3.11.1 gAAAAABpfJ7zkMxm... 16 - - tx3c6e59f8826d4daea3c51-00697c9fa9 - 0.0208 - - 1769775017.657365799 1769775017.678142786 0
Jan 30 12:10:17 standalone container-server[128281]: 172.20.0.100 - - [30/Jan/2026:12:10:17 +0000] "PUT /d1/129/AUTH_f2ce6bfc308e4e2fbf4623f9afa112fc/gnocchi.ee747a01-2fc6-4843-bddd-571cf393b777/none_v3" 201 - "PUT http://172.18.0.2:8080/d1/419/AUTH_f2ce6bfc308e4e2fbf4623f9afa112fc/gnocchi.ee747a01-2fc6-4843-bddd-571cf393b777/none_v3" "txa9d06c2601f648e3a6dd7-00697c9fa9" "object-server 22" 0.0006 "-" 20 0
Jan 30 12:10:17 standalone object-server[128454]: 172.20.0.100 - - [30/Jan/2026:12:10:17 +0000] "PUT /d1/419/AUTH_f2ce6bfc308e4e2fbf4623f9afa112fc/gnocchi.ee747a01-2fc6-4843-bddd-571cf393b777/none_v3" 201 - "PUT http://172.18.0.2:8080/v1/AUTH_f2ce6bfc308e4e2fbf4623f9afa112fc/gnocchi.ee747a01-2fc6-4843-bddd-571cf393b777/none_v3" "txa9d06c2601f648e3a6dd7-00697c9fa9" "proxy-server 20" 0.0143 "-" 22 0
Jan 30 12:10:17 standalone proxy-server[130418]: 172.18.0.2 172.18.0.100 30/Jan/2026/12/10/17 PUT /v1/AUTH_f2ce6bfc308e4e2fbf4623f9afa112fc/gnocchi.ee747a01-2fc6-4843-bddd-571cf393b777/none_v3 HTTP/1.0 201 - python-swiftclient-3.11.1 gAAAAABpfJ7zkMxm... 22 - - txa9d06c2601f648e3a6dd7-00697c9fa9 - 0.0244 - - 1769775017.682966471 1769775017.707385540 0
Jan 30 12:10:17 standalone container-server[128281]: 172.20.0.100 - - [30/Jan/2026:12:10:17 +0000] "HEAD /d1/621/AUTH_f2ce6bfc308e4e2fbf4623f9afa112fc/gnocchi.7838f5fd-320e-4790-8d67-416103bd68c5" 404 - "HEAD http://172.18.0.2:8080/v1/AUTH_f2ce6bfc308e4e2fbf4623f9afa112fc/gnocchi.7838f5fd-320e-4790-8d67-416103bd68c5?format=json&states=listing" "tx8742ca4222a643fa803fa-00697c9fa9" "proxy-server 20" 0.0005 "-" 20 0
Jan 30 12:10:17 standalone object-server[128455]: 172.20.0.100 - - [30/Jan/2026:12:10:17 +0000] "GET /d1/790/AUTH_f2ce6bfc308e4e2fbf4623f9afa112fc/gnocchi.7838f5fd-320e-4790-8d67-416103bd68c5/none_v3" 404 70 "GET http://172.18.0.2:8080/v1/AUTH_f2ce6bfc308e4e2fbf4623f9afa112fc/gnocchi.7838f5fd-320e-4790-8d67-416103bd68c5/none_v3" "tx8742ca4222a643fa803fa-00697c9fa9" "proxy-server 20" 0.0005 "-" 23 0
Jan 30 12:10:17 standalone proxy-server[130418]: 172.18.0.2 172.18.0.100 30/Jan/2026/12/10/17 GET /v1/AUTH_f2ce6bfc308e4e2fbf4623f9afa112fc/gnocchi.7838f5fd-320e-4790-8d67-416103bd68c5/none_v3 HTTP/1.0 404 - python-swiftclient-3.11.1 gAAAAABpfJ7zkMxm... - 70 - tx8742ca4222a643fa803fa-00697c9fa9 - 0.0113 - - 1769775017.719812870 1769775017.731119156 0
Jan 30 12:10:17 standalone account-server[128282]: 172.20.0.100 - - [30/Jan/2026:12:10:17 +0000] "PUT /d1/97/AUTH_f2ce6bfc308e4e2fbf4623f9afa112fc/gnocchi.7838f5fd-320e-4790-8d67-416103bd68c5" 201 - "PUT http://172.20.0.100:6001/d1/621/AUTH_f2ce6bfc308e4e2fbf4623f9afa112fc/gnocchi.7838f5fd-320e-4790-8d67-416103bd68c5" "txe236936c13fb4dcfa1d0b-00697c9fa9" "container-server 20" 0.0065 "-" 21 0
Jan 30 12:10:17 standalone container-server[128281]: 172.20.0.100 - - [30/Jan/2026:12:10:17 +0000] "PUT /d1/621/AUTH_f2ce6bfc308e4e2fbf4623f9afa112fc/gnocchi.7838f5fd-320e-4790-8d67-416103bd68c5" 201 - "PUT http://172.18.0.2:8080/v1/AUTH_f2ce6bfc308e4e2fbf4623f9afa112fc/gnocchi.7838f5fd-320e-4790-8d67-416103bd68c5" "txe236936c13fb4dcfa1d0b-00697c9fa9" "proxy-server 20" 0.0196 "-" 20 0
Jan 30 12:10:17 standalone proxy-server[130418]: 172.18.0.2 172.18.0.100 30/Jan/2026/12/10/17 PUT /v1/AUTH_f2ce6bfc308e4e2fbf4623f9afa112fc/gnocchi.7838f5fd-320e-4790-8d67-416103bd68c5 HTTP/1.0 201 - python-swiftclient-3.11.1 gAAAAABpfJ7zkMxm... - - - txe236936c13fb4dcfa1d0b-00697c9fa9 - 0.0244 - - 1769775017.734411716 1769775017.758860826 0
Jan 30 12:10:17 standalone container-server[128286]: 172.20.0.100 - - [30/Jan/2026:12:10:17 +0000] "HEAD /d1/621/AUTH_f2ce6bfc308e4e2fbf4623f9afa112fc/gnocchi.7838f5fd-320e-4790-8d67-416103bd68c5" 204 - "HEAD http://172.18.0.2:8080/v1/AUTH_f2ce6bfc308e4e2fbf4623f9afa112fc/gnocchi.7838f5fd-320e-4790-8d67-416103bd68c5?format=json&states=listing" "tx3da0efd27ae54869b774e-00697c9fa9" "proxy-server 20" 0.0025 "-" 21 0
Jan 30 12:10:17 standalone proxy-server[130418]: - - 30/Jan/2026/12/10/17 HEAD /v1/AUTH_f2ce6bfc308e4e2fbf4623f9afa112fc/gnocchi.7838f5fd-320e-4790-8d67-416103bd68c5%3Fformat%3Djson%26states%3Dlisting HTTP/1.0 204 - Swift - - - - tx3da0efd27ae54869b774e-00697c9fa9 - 0.0068 RL - 1769775017.764094114 1769775017.770910263 0
Jan 30 12:10:17 standalone container-server[128315]: 172.20.0.100 - - [30/Jan/2026:12:10:17 +0000] "GET /d1/621/AUTH_f2ce6bfc308e4e2fbf4623f9afa112fc/gnocchi.7838f5fd-320e-4790-8d67-416103bd68c5" 200 2 "GET http://172.18.0.2:8080/v1/AUTH_f2ce6bfc308e4e2fbf4623f9afa112fc/gnocchi.7838f5fd-320e-4790-8d67-416103bd68c5?format=json&states=listing" "tx3da0efd27ae54869b774e-00697c9fa9" "proxy-server 20" 0.0022 "-" 23 0
Jan 30 12:10:17 standalone proxy-server[130418]: 172.18.0.2 172.18.0.100 30/Jan/2026/12/10/17 GET /v1/AUTH_f2ce6bfc308e4e2fbf4623f9afa112fc/gnocchi.7838f5fd-320e-4790-8d67-416103bd68c5%3Fformat%3Djson%26states%3Dlisting HTTP/1.0 200 - python-swiftclient-3.11.1 gAAAAABpfJ7zkMxm... - 2 - tx3da0efd27ae54869b774e-00697c9fa9 - 0.0181 - - 1769775017.762900591 1769775017.780966759 0
Jan 30 12:10:17 standalone object-server[128452]: 172.20.0.100 - - [30/Jan/2026:12:10:17 +0000] "GET /d1/963/AUTH_f2ce6bfc308e4e2fbf4623f9afa112fc/gnocchi.7838f5fd-320e-4790-8d67-416103bd68c5/1769040000.0_mean_300.0_v3" 404 70 "GET http://172.18.0.2:8080/v1/AUTH_f2ce6bfc308e4e2fbf4623f9afa112fc/gnocchi.7838f5fd-320e-4790-8d67-416103bd68c5/1769040000.0_mean_300.0_v3" "txb90321477e6a4636be6c1-00697c9fa9" "proxy-server 20" 0.0008 "-" 20 0
Jan 30 12:10:17 standalone proxy-server[130418]: 172.18.0.2 172.18.0.100 30/Jan/2026/12/10/17 GET /v1/AUTH_f2ce6bfc308e4e2fbf4623f9afa112fc/gnocchi.7838f5fd-320e-4790-8d67-416103bd68c5/1769040000.0_mean_300.0_v3 HTTP/1.0 404 - python-swiftclient-3.11.1 gAAAAABpfJ7zkMxm... - 70 - txb90321477e6a4636be6c1-00697c9fa9 - 0.0070 - - 1769775017.784228325 1769775017.791251659 0
Jan 30 12:10:17 standalone container-server[128299]: 172.20.0.100 - - [30/Jan/2026:12:10:17 +0000] "PUT /d1/621/AUTH_f2ce6bfc308e4e2fbf4623f9afa112fc/gnocchi.7838f5fd-320e-4790-8d67-416103bd68c5/1769040000.0_mean_300.0_v3" 201 - "PUT http://172.18.0.2:8080/d1/963/AUTH_f2ce6bfc308e4e2fbf4623f9afa112fc/gnocchi.7838f5fd-320e-4790-8d67-416103bd68c5/1769040000.0_mean_300.0_v3" "txde5af173014e453fb79be-00697c9fa9" "object-server 23" 0.0009 "-" 22 0
Jan 30 12:10:17 standalone object-server[128455]: 172.20.0.100 - - [30/Jan/2026:12:10:17 +0000] "PUT /d1/963/AUTH_f2ce6bfc308e4e2fbf4623f9afa112fc/gnocchi.7838f5fd-320e-4790-8d67-416103bd68c5/1769040000.0_mean_300.0_v3" 201 - "PUT http://172.18.0.2:8080/v1/AUTH_f2ce6bfc308e4e2fbf4623f9afa112fc/gnocchi.7838f5fd-320e-4790-8d67-416103bd68c5/1769040000.0_mean_300.0_v3" "txde5af173014e453fb79be-00697c9fa9" "proxy-server 20" 0.0175 "-" 23 0
Jan 30 12:10:17 standalone proxy-server[130418]: 172.18.0.2 172.18.0.100 30/Jan/2026/12/10/17 PUT /v1/AUTH_f2ce6bfc308e4e2fbf4623f9afa112fc/gnocchi.7838f5fd-320e-4790-8d67-416103bd68c5/1769040000.0_mean_300.0_v3 HTTP/1.0 201 - python-swiftclient-3.11.1 gAAAAABpfJ7zkMxm... 16 - - txde5af173014e453fb79be-00697c9fa9 - 0.0284 - - 1769775017.798439980 1769775017.826790094 0
Jan 30 12:10:17 standalone container-server[128315]: 172.20.0.100 - - [30/Jan/2026:12:10:17 +0000] "PUT /d1/621/AUTH_f2ce6bfc308e4e2fbf4623f9afa112fc/gnocchi.7838f5fd-320e-4790-8d67-416103bd68c5/none_v3" 201 - "PUT http://172.18.0.2:8080/d1/790/AUTH_f2ce6bfc308e4e2fbf4623f9afa112fc/gnocchi.7838f5fd-320e-4790-8d67-416103bd68c5/none_v3" "tx0b9d1c4d89d24245a3e6d-00697c9fa9" "object-server 22" 0.0011 "-" 23 0
Jan 30 12:10:17 standalone object-server[128454]: 172.20.0.100 - - [30/Jan/2026:12:10:17 +0000] "PUT /d1/790/AUTH_f2ce6bfc308e4e2fbf4623f9afa112fc/gnocchi.7838f5fd-320e-4790-8d67-416103bd68c5/none_v3" 201 - "PUT http://172.18.0.2:8080/v1/AUTH_f2ce6bfc308e4e2fbf4623f9afa112fc/gnocchi.7838f5fd-320e-4790-8d67-416103bd68c5/none_v3" "tx0b9d1c4d89d24245a3e6d-00697c9fa9" "proxy-server 20" 0.0100 "-" 22 0
Jan 30 12:10:17 standalone proxy-server[130418]: 172.18.0.2 172.18.0.100 30/Jan/2026/12/10/17 PUT /v1/AUTH_f2ce6bfc308e4e2fbf4623f9afa112fc/gnocchi.7838f5fd-320e-4790-8d67-416103bd68c5/none_v3 HTTP/1.0 201 - python-swiftclient-3.11.1 gAAAAABpfJ7zkMxm... 22 - - tx0b9d1c4d89d24245a3e6d-00697c9fa9 - 0.0157 - - 1769775017.831104279 1769775017.846835136 0
Jan 30 12:10:17 standalone container-server[128286]: 172.20.0.100 - - [30/Jan/2026:12:10:17 +0000] "HEAD /d1/41/AUTH_f2ce6bfc308e4e2fbf4623f9afa112fc/gnocchi.ffa132ab-3235-4e68-8e55-984113cfb868" 404 - "HEAD http://172.18.0.2:8080/v1/AUTH_f2ce6bfc308e4e2fbf4623f9afa112fc/gnocchi.ffa132ab-3235-4e68-8e55-984113cfb868?format=json&states=listing" "tx05c6e2c0eef544cd9f5ed-00697c9fa9" "proxy-server 20" 0.0006 "-" 21 0
Jan 30 12:10:17 standalone object-server[128454]: 172.20.0.100 - - [30/Jan/2026:12:10:17 +0000] "GET /d1/699/AUTH_f2ce6bfc308e4e2fbf4623f9afa112fc/gnocchi.ffa132ab-3235-4e68-8e55-984113cfb868/none_v3" 404 70 "GET http://172.18.0.2:8080/v1/AUTH_f2ce6bfc308e4e2fbf4623f9afa112fc/gnocchi.ffa132ab-3235-4e68-8e55-984113cfb868/none_v3" "tx05c6e2c0eef544cd9f5ed-00697c9fa9" "proxy-server 20" 0.0004 "-" 22 0
Jan 30 12:10:17 standalone proxy-server[130418]: 172.18.0.2 172.18.0.100 30/Jan/2026/12/10/17 GET /v1/AUTH_f2ce6bfc308e4e2fbf4623f9afa112fc/gnocchi.ffa132ab-3235-4e68-8e55-984113cfb868/none_v3 HTTP/1.0 404 - python-swiftclient-3.11.1 gAAAAABpfJ7zkMxm... - 70 - tx05c6e2c0eef544cd9f5ed-00697c9fa9 - 0.0115 - - 1769775017.863674164 1769775017.875210762 0
Jan 30 12:10:17 standalone account-server[128282]: 172.20.0.100 - - [30/Jan/2026:12:10:17 +0000] "PUT /d1/97/AUTH_f2ce6bfc308e4e2fbf4623f9afa112fc/gnocchi.ffa132ab-3235-4e68-8e55-984113cfb868" 201 - "PUT http://172.20.0.100:6001/d1/41/AUTH_f2ce6bfc308e4e2fbf4623f9afa112fc/gnocchi.ffa132ab-3235-4e68-8e55-984113cfb868" "tx87387c702f1b483f89c52-00697c9fa9" "container-server 21" 0.0066 "-" 21 0
Jan 30 12:10:17 standalone container-server[128286]: 172.20.0.100 - - [30/Jan/2026:12:10:17 +0000] "PUT /d1/41/AUTH_f2ce6bfc308e4e2fbf4623f9afa112fc/gnocchi.ffa132ab-3235-4e68-8e55-984113cfb868" 201 - "PUT http://172.18.0.2:8080/v1/AUTH_f2ce6bfc308e4e2fbf4623f9afa112fc/gnocchi.ffa132ab-3235-4e68-8e55-984113cfb868" "tx87387c702f1b483f89c52-00697c9fa9" "proxy-server 20" 0.0214 "-" 21 0
Jan 30 12:10:17 standalone proxy-server[130418]: 172.18.0.2 172.18.0.100 30/Jan/2026/12/10/17 PUT /v1/AUTH_f2ce6bfc308e4e2fbf4623f9afa112fc/gnocchi.ffa132ab-3235-4e68-8e55-984113cfb868 HTTP/1.0 201 - python-swiftclient-3.11.1 gAAAAABpfJ7zkMxm... - - - tx87387c702f1b483f89c52-00697c9fa9 - 0.0291 - - 1769775017.888878107 1769775017.918025017 0
Jan 30 12:10:17 standalone container-server[128315]: 172.20.0.100 - - [30/Jan/2026:12:10:17 +0000] "HEAD /d1/41/AUTH_f2ce6bfc308e4e2fbf4623f9afa112fc/gnocchi.ffa132ab-3235-4e68-8e55-984113cfb868" 204 - "HEAD http://172.18.0.2:8080/v1/AUTH_f2ce6bfc308e4e2fbf4623f9afa112fc/gnocchi.ffa132ab-3235-4e68-8e55-984113cfb868?format=json&states=listing" "tx0fde41c3448949b79a511-00697c9fa9" "proxy-server 20" 0.0021 "-" 23 0
Jan 30 12:10:17 standalone proxy-server[130418]: - - 30/Jan/2026/12/10/17 HEAD /v1/AUTH_f2ce6bfc308e4e2fbf4623f9afa112fc/gnocchi.ffa132ab-3235-4e68-8e55-984113cfb868%3Fformat%3Djson%26states%3Dlisting HTTP/1.0 204 - Swift - - - - tx0fde41c3448949b79a511-00697c9fa9 - 0.0061 RL - 1769775017.924442530 1769775017.930584908 0
Jan 30 12:10:17 standalone container-server[128281]: 172.20.0.100 - - [30/Jan/2026:12:10:17 +0000] "GET /d1/41/AUTH_f2ce6bfc308e4e2fbf4623f9afa112fc/gnocchi.ffa132ab-3235-4e68-8e55-984113cfb868" 200 2 "GET http://172.18.0.2:8080/v1/AUTH_f2ce6bfc308e4e2fbf4623f9afa112fc/gnocchi.ffa132ab-3235-4e68-8e55-984113cfb868?format=json&states=listing" "tx0fde41c3448949b79a511-00697c9fa9" "proxy-server 20" 0.0033 "-" 20 0
Jan 30 12:10:17 standalone proxy-server[130418]: 172.18.0.2 172.18.0.100 30/Jan/2026/12/10/17 GET /v1/AUTH_f2ce6bfc308e4e2fbf4623f9afa112fc/gnocchi.ffa132ab-3235-4e68-8e55-984113cfb868%3Fformat%3Djson%26states%3Dlisting HTTP/1.0 200 - python-swiftclient-3.11.1 gAAAAABpfJ7zkMxm... - 2 - tx0fde41c3448949b79a511-00697c9fa9 - 0.0183 - - 1769775017.923418999 1769775017.941697836 0
Jan 30 12:10:17 standalone object-server[128452]: 172.20.0.100 - - [30/Jan/2026:12:10:17 +0000] "GET /d1/266/AUTH_f2ce6bfc308e4e2fbf4623f9afa112fc/gnocchi.ffa132ab-3235-4e68-8e55-984113cfb868/1769040000.0_mean_300.0_v3" 404 70 "GET http://172.18.0.2:8080/v1/AUTH_f2ce6bfc308e4e2fbf4623f9afa112fc/gnocchi.ffa132ab-3235-4e68-8e55-984113cfb868/1769040000.0_mean_300.0_v3" "txd94e7c64f5f4402ab3882-00697c9fa9" "proxy-server 20" 0.0004 "-" 20 0
Jan 30 12:10:17 standalone proxy-server[130418]: 172.18.0.2 172.18.0.100 30/Jan/2026/12/10/17 GET /v1/AUTH_f2ce6bfc308e4e2fbf4623f9afa112fc/gnocchi.ffa132ab-3235-4e68-8e55-984113cfb868/1769040000.0_mean_300.0_v3 HTTP/1.0 404 - python-swiftclient-3.11.1 gAAAAABpfJ7zkMxm... - 70 - txd94e7c64f5f4402ab3882-00697c9fa9 - 0.0073 - - 1769775017.947391033 1769775017.954740286 0
Jan 30 12:10:17 standalone container-server[128281]: 172.20.0.100 - - [30/Jan/2026:12:10:17 +0000] "PUT /d1/41/AUTH_f2ce6bfc308e4e2fbf4623f9afa112fc/gnocchi.ffa132ab-3235-4e68-8e55-984113cfb868/1769040000.0_mean_300.0_v3" 201 - "PUT http://172.18.0.2:8080/d1/266/AUTH_f2ce6bfc308e4e2fbf4623f9afa112fc/gnocchi.ffa132ab-3235-4e68-8e55-984113cfb868/1769040000.0_mean_300.0_v3" "tx561c606aadf246b69ba19-00697c9fa9" "object-server 23" 0.0009 "-" 20 0
Jan 30 12:10:17 standalone object-server[128455]: 172.20.0.100 - - [30/Jan/2026:12:10:17 +0000] "PUT /d1/266/AUTH_f2ce6bfc308e4e2fbf4623f9afa112fc/gnocchi.ffa132ab-3235-4e68-8e55-984113cfb868/1769040000.0_mean_300.0_v3" 201 - "PUT http://172.18.0.2:8080/v1/AUTH_f2ce6bfc308e4e2fbf4623f9afa112fc/gnocchi.ffa132ab-3235-4e68-8e55-984113cfb868/1769040000.0_mean_300.0_v3" "tx561c606aadf246b69ba19-00697c9fa9" "proxy-server 20" 0.0148 "-" 23 0
Jan 30 12:10:17 standalone proxy-server[130418]: 172.18.0.2 172.18.0.100 30/Jan/2026/12/10/17 PUT /v1/AUTH_f2ce6bfc308e4e2fbf4623f9afa112fc/gnocchi.ffa132ab-3235-4e68-8e55-984113cfb868/1769040000.0_mean_300.0_v3 HTTP/1.0 201 - python-swiftclient-3.11.1 gAAAAABpfJ7zkMxm... 16 - - tx561c606aadf246b69ba19-00697c9fa9 - 0.0321 - - 1769775017.958997965 1769775017.991130829 0
Jan 30 12:10:18 standalone container-server[128286]: 172.20.0.100 - - [30/Jan/2026:12:10:18 +0000] "PUT /d1/41/AUTH_f2ce6bfc308e4e2fbf4623f9afa112fc/gnocchi.ffa132ab-3235-4e68-8e55-984113cfb868/none_v3" 201 - "PUT http://172.18.0.2:8080/d1/699/AUTH_f2ce6bfc308e4e2fbf4623f9afa112fc/gnocchi.ffa132ab-3235-4e68-8e55-984113cfb868/none_v3" "tx93fffb9046e34f72b1003-00697c9fa9" "object-server 20" 0.0008 "-" 21 0
Jan 30 12:10:18 standalone object-server[128452]: 172.20.0.100 - - [30/Jan/2026:12:10:18 +0000] "PUT /d1/699/AUTH_f2ce6bfc308e4e2fbf4623f9afa112fc/gnocchi.ffa132ab-3235-4e68-8e55-984113cfb868/none_v3" 201 - "PUT http://172.18.0.2:8080/v1/AUTH_f2ce6bfc308e4e2fbf4623f9afa112fc/gnocchi.ffa132ab-3235-4e68-8e55-984113cfb868/none_v3" "tx93fffb9046e34f72b1003-00697c9fa9" "proxy-server 20" 0.0101 "-" 20 0
Jan 30 12:10:18 standalone proxy-server[130418]: 172.18.0.2 172.18.0.100 30/Jan/2026/12/10/18 PUT /v1/AUTH_f2ce6bfc308e4e2fbf4623f9afa112fc/gnocchi.ffa132ab-3235-4e68-8e55-984113cfb868/none_v3 HTTP/1.0 201 - python-swiftclient-3.11.1 gAAAAABpfJ7zkMxm... 22 - - tx93fffb9046e34f72b1003-00697c9fa9 - 0.0186 - - 1769775017.998888254 1769775018.017484903 0
Jan 30 12:10:18 standalone container-server[128315]: 172.20.0.100 - - [30/Jan/2026:12:10:18 +0000] "HEAD /d1/375/AUTH_f2ce6bfc308e4e2fbf4623f9afa112fc/gnocchi.b2ed4d36-603f-4a9d-9f6a-65154deb330f" 404 - "HEAD http://172.18.0.2:8080/v1/AUTH_f2ce6bfc308e4e2fbf4623f9afa112fc/gnocchi.b2ed4d36-603f-4a9d-9f6a-65154deb330f?format=json&states=listing" "tx1e6c0117208a48d38a521-00697c9faa" "proxy-server 20" 0.0006 "-" 23 0
Jan 30 12:10:18 standalone object-server[128452]: 172.20.0.100 - - [30/Jan/2026:12:10:18 +0000] "GET /d1/432/AUTH_f2ce6bfc308e4e2fbf4623f9afa112fc/gnocchi.b2ed4d36-603f-4a9d-9f6a-65154deb330f/none_v3" 404 70 "GET http://172.18.0.2:8080/v1/AUTH_f2ce6bfc308e4e2fbf4623f9afa112fc/gnocchi.b2ed4d36-603f-4a9d-9f6a-65154deb330f/none_v3" "tx1e6c0117208a48d38a521-00697c9faa" "proxy-server 20" 0.0003 "-" 20 0
Jan 30 12:10:18 standalone proxy-server[130418]: 172.18.0.2 172.18.0.100 30/Jan/2026/12/10/18 GET /v1/AUTH_f2ce6bfc308e4e2fbf4623f9afa112fc/gnocchi.b2ed4d36-603f-4a9d-9f6a-65154deb330f/none_v3 HTTP/1.0 404 - python-swiftclient-3.11.1 gAAAAABpfJ7zkMxm... - 70 - tx1e6c0117208a48d38a521-00697c9faa - 0.0123 - - 1769775018.043320179 1769775018.055579662 0
Jan 30 12:10:18 standalone account-server[128313]: 172.20.0.100 - - [30/Jan/2026:12:10:18 +0000] "PUT /d1/97/AUTH_f2ce6bfc308e4e2fbf4623f9afa112fc/gnocchi.b2ed4d36-603f-4a9d-9f6a-65154deb330f" 201 - "PUT http://172.20.0.100:6001/d1/375/AUTH_f2ce6bfc308e4e2fbf4623f9afa112fc/gnocchi.b2ed4d36-603f-4a9d-9f6a-65154deb330f" "tx02ddd6d549dd4d1ba7e95-00697c9faa" "container-server 22" 0.0065 "-" 23 0
Jan 30 12:10:18 standalone container-server[128299]: 172.20.0.100 - - [30/Jan/2026:12:10:18 +0000] "PUT /d1/375/AUTH_f2ce6bfc308e4e2fbf4623f9afa112fc/gnocchi.b2ed4d36-603f-4a9d-9f6a-65154deb330f" 201 - "PUT http://172.18.0.2:8080/v1/AUTH_f2ce6bfc308e4e2fbf4623f9afa112fc/gnocchi.b2ed4d36-603f-4a9d-9f6a-65154deb330f" "tx02ddd6d549dd4d1ba7e95-00697c9faa" "proxy-server 20" 0.0184 "-" 22 0
Jan 30 12:10:18 standalone proxy-server[130418]: 172.18.0.2 172.18.0.100 30/Jan/2026/12/10/18 PUT /v1/AUTH_f2ce6bfc308e4e2fbf4623f9afa112fc/gnocchi.b2ed4d36-603f-4a9d-9f6a-65154deb330f HTTP/1.0 201 - python-swiftclient-3.11.1 gAAAAABpfJ7zkMxm... - - - tx02ddd6d549dd4d1ba7e95-00697c9faa - 0.0244 - - 1769775018.059506893 1769775018.083885670 0
Jan 30 12:10:18 standalone container-server[128315]: 172.20.0.100 - - [30/Jan/2026:12:10:18 +0000] "HEAD /d1/375/AUTH_f2ce6bfc308e4e2fbf4623f9afa112fc/gnocchi.b2ed4d36-603f-4a9d-9f6a-65154deb330f" 204 - "HEAD http://172.18.0.2:8080/v1/AUTH_f2ce6bfc308e4e2fbf4623f9afa112fc/gnocchi.b2ed4d36-603f-4a9d-9f6a-65154deb330f?format=json&states=listing" "tx8a63b57a466b4d5683c5f-00697c9faa" "proxy-server 20" 0.0016 "-" 23 0
Jan 30 12:10:18 standalone proxy-server[130418]: - - 30/Jan/2026/12/10/18 HEAD /v1/AUTH_f2ce6bfc308e4e2fbf4623f9afa112fc/gnocchi.b2ed4d36-603f-4a9d-9f6a-65154deb330f%3Fformat%3Djson%26states%3Dlisting HTTP/1.0 204 - Swift - - - - tx8a63b57a466b4d5683c5f-00697c9faa - 0.0065 RL - 1769775018.088463545 1769775018.094974518 0
Jan 30 12:10:18 standalone container-server[128315]: 172.20.0.100 - - [30/Jan/2026:12:10:18 +0000] "GET /d1/375/AUTH_f2ce6bfc308e4e2fbf4623f9afa112fc/gnocchi.b2ed4d36-603f-4a9d-9f6a-65154deb330f" 200 2 "GET http://172.18.0.2:8080/v1/AUTH_f2ce6bfc308e4e2fbf4623f9afa112fc/gnocchi.b2ed4d36-603f-4a9d-9f6a-65154deb330f?format=json&states=listing" "tx8a63b57a466b4d5683c5f-00697c9faa" "proxy-server 20" 0.0018 "-" 23 0
Jan 30 12:10:18 standalone proxy-server[130418]: 172.18.0.2 172.18.0.100 30/Jan/2026/12/10/18 GET /v1/AUTH_f2ce6bfc308e4e2fbf4623f9afa112fc/gnocchi.b2ed4d36-603f-4a9d-9f6a-65154deb330f%3Fformat%3Djson%26states%3Dlisting HTTP/1.0 200 - python-swiftclient-3.11.1 gAAAAABpfJ7zkMxm... - 2 - tx8a63b57a466b4d5683c5f-00697c9faa - 0.0216 - - 1769775018.087419987 1769775018.109066248 0
Jan 30 12:10:18 standalone object-server[128453]: 172.20.0.100 - - [30/Jan/2026:12:10:18 +0000] "GET /d1/60/AUTH_f2ce6bfc308e4e2fbf4623f9afa112fc/gnocchi.b2ed4d36-603f-4a9d-9f6a-65154deb330f/1769040000.0_mean_300.0_v3" 404 70 "GET http://172.18.0.2:8080/v1/AUTH_f2ce6bfc308e4e2fbf4623f9afa112fc/gnocchi.b2ed4d36-603f-4a9d-9f6a-65154deb330f/1769040000.0_mean_300.0_v3" "txcf9908d3e11347adb4a9b-00697c9faa" "proxy-server 20" 0.0004 "-" 21 0
Jan 30 12:10:18 standalone proxy-server[130418]: 172.18.0.2 172.18.0.100 30/Jan/2026/12/10/18 GET /v1/AUTH_f2ce6bfc308e4e2fbf4623f9afa112fc/gnocchi.b2ed4d36-603f-4a9d-9f6a-65154deb330f/1769040000.0_mean_300.0_v3 HTTP/1.0 404 - python-swiftclient-3.11.1 gAAAAABpfJ7zkMxm... - 70 - txcf9908d3e11347adb4a9b-00697c9faa - 0.0055 - - 1769775018.112161398 1769775018.117642403 0
Jan 30 12:10:18 standalone container-server[128315]: 172.20.0.100 - - [30/Jan/2026:12:10:18 +0000] "PUT /d1/375/AUTH_f2ce6bfc308e4e2fbf4623f9afa112fc/gnocchi.b2ed4d36-603f-4a9d-9f6a-65154deb330f/1769040000.0_mean_300.0_v3" 201 - "PUT http://172.18.0.2:8080/d1/60/AUTH_f2ce6bfc308e4e2fbf4623f9afa112fc/gnocchi.b2ed4d36-603f-4a9d-9f6a-65154deb330f/1769040000.0_mean_300.0_v3" "tx543dd42f80fb49ad9ccec-00697c9faa" "object-server 21" 0.0006 "-" 23 0
Jan 30 12:10:18 standalone object-server[128453]: 172.20.0.100 - - [30/Jan/2026:12:10:18 +0000] "PUT /d1/60/AUTH_f2ce6bfc308e4e2fbf4623f9afa112fc/gnocchi.b2ed4d36-603f-4a9d-9f6a-65154deb330f/1769040000.0_mean_300.0_v3" 201 - "PUT http://172.18.0.2:8080/v1/AUTH_f2ce6bfc308e4e2fbf4623f9afa112fc/gnocchi.b2ed4d36-603f-4a9d-9f6a-65154deb330f/1769040000.0_mean_300.0_v3" "tx543dd42f80fb49ad9ccec-00697c9faa" "proxy-server 20" 0.0107 "-" 21 0
Jan 30 12:10:18 standalone proxy-server[130418]: 172.18.0.2 172.18.0.100 30/Jan/2026/12/10/18 PUT /v1/AUTH_f2ce6bfc308e4e2fbf4623f9afa112fc/gnocchi.b2ed4d36-603f-4a9d-9f6a-65154deb330f/1769040000.0_mean_300.0_v3 HTTP/1.0 201 - python-swiftclient-3.11.1 gAAAAABpfJ7zkMxm... 16 - - tx543dd42f80fb49ad9ccec-00697c9faa - 0.0226 - - 1769775018.120388269 1769775018.142965555 0
Jan 30 12:10:18 standalone container-server[128299]: 172.20.0.100 - - [30/Jan/2026:12:10:18 +0000] "PUT /d1/375/AUTH_f2ce6bfc308e4e2fbf4623f9afa112fc/gnocchi.b2ed4d36-603f-4a9d-9f6a-65154deb330f/none_v3" 201 - "PUT http://172.18.0.2:8080/d1/432/AUTH_f2ce6bfc308e4e2fbf4623f9afa112fc/gnocchi.b2ed4d36-603f-4a9d-9f6a-65154deb330f/none_v3" "tx3d793862bfad4cf3a45c9-00697c9faa" "object-server 23" 0.0004 "-" 22 0
Jan 30 12:10:18 standalone object-server[128455]: 172.20.0.100 - - [30/Jan/2026:12:10:18 +0000] "PUT /d1/432/AUTH_f2ce6bfc308e4e2fbf4623f9afa112fc/gnocchi.b2ed4d36-603f-4a9d-9f6a-65154deb330f/none_v3" 201 - "PUT http://172.18.0.2:8080/v1/AUTH_f2ce6bfc308e4e2fbf4623f9afa112fc/gnocchi.b2ed4d36-603f-4a9d-9f6a-65154deb330f/none_v3" "tx3d793862bfad4cf3a45c9-00697c9faa" "proxy-server 20" 0.0071 "-" 23 0
Jan 30 12:10:18 standalone proxy-server[130418]: 172.18.0.2 172.18.0.100 30/Jan/2026/12/10/18 PUT /v1/AUTH_f2ce6bfc308e4e2fbf4623f9afa112fc/gnocchi.b2ed4d36-603f-4a9d-9f6a-65154deb330f/none_v3 HTTP/1.0 201 - python-swiftclient-3.11.1 gAAAAABpfJ7zkMxm... 22 - - tx3d793862bfad4cf3a45c9-00697c9faa - 0.0115 - - 1769775018.145591259 1769775018.157053709 0
Jan 30 12:10:18 standalone container-server[128315]: 172.20.0.100 - - [30/Jan/2026:12:10:18 +0000] "HEAD /d1/232/AUTH_f2ce6bfc308e4e2fbf4623f9afa112fc/gnocchi.53812180-99f9-462a-9457-f864b8012b63" 404 - "HEAD http://172.18.0.2:8080/v1/AUTH_f2ce6bfc308e4e2fbf4623f9afa112fc/gnocchi.53812180-99f9-462a-9457-f864b8012b63?format=json&states=listing" "txebd9a1521ecd4f3187dfe-00697c9faa" "proxy-server 20" 0.0003 "-" 23 0
Jan 30 12:10:18 standalone object-server[128452]: 172.20.0.100 - - [30/Jan/2026:12:10:18 +0000] "GET /d1/510/AUTH_f2ce6bfc308e4e2fbf4623f9afa112fc/gnocchi.53812180-99f9-462a-9457-f864b8012b63/none_v3" 404 70 "GET http://172.18.0.2:8080/v1/AUTH_f2ce6bfc308e4e2fbf4623f9afa112fc/gnocchi.53812180-99f9-462a-9457-f864b8012b63/none_v3" "txebd9a1521ecd4f3187dfe-00697c9faa" "proxy-server 20" 0.0004 "-" 20 0
Jan 30 12:10:18 standalone proxy-server[130418]: 172.18.0.2 172.18.0.100 30/Jan/2026/12/10/18 GET /v1/AUTH_f2ce6bfc308e4e2fbf4623f9afa112fc/gnocchi.53812180-99f9-462a-9457-f864b8012b63/none_v3 HTTP/1.0 404 - python-swiftclient-3.11.1 gAAAAABpfJ7zkMxm... - 70 - txebd9a1521ecd4f3187dfe-00697c9faa - 0.0083 - - 1769775018.168119192 1769775018.176449776 0
Jan 30 12:10:18 standalone account-server[128277]: 172.20.0.100 - - [30/Jan/2026:12:10:18 +0000] "PUT /d1/97/AUTH_f2ce6bfc308e4e2fbf4623f9afa112fc/gnocchi.53812180-99f9-462a-9457-f864b8012b63" 201 - "PUT http://172.20.0.100:6001/d1/232/AUTH_f2ce6bfc308e4e2fbf4623f9afa112fc/gnocchi.53812180-99f9-462a-9457-f864b8012b63" "txf9d0bba17630402c9a809-00697c9faa" "container-server 20" 0.0056 "-" 20 0
Jan 30 12:10:18 standalone container-server[128281]: 172.20.0.100 - - [30/Jan/2026:12:10:18 +0000] "PUT /d1/232/AUTH_f2ce6bfc308e4e2fbf4623f9afa112fc/gnocchi.53812180-99f9-462a-9457-f864b8012b63" 201 - "PUT http://172.18.0.2:8080/v1/AUTH_f2ce6bfc308e4e2fbf4623f9afa112fc/gnocchi.53812180-99f9-462a-9457-f864b8012b63" "txf9d0bba17630402c9a809-00697c9faa" "proxy-server 20" 0.0142 "-" 20 0
Jan 30 12:10:18 standalone proxy-server[130418]: 172.18.0.2 172.18.0.100 30/Jan/2026/12/10/18 PUT /v1/AUTH_f2ce6bfc308e4e2fbf4623f9afa112fc/gnocchi.53812180-99f9-462a-9457-f864b8012b63 HTTP/1.0 201 - python-swiftclient-3.11.1 gAAAAABpfJ7zkMxm... - - - txf9d0bba17630402c9a809-00697c9faa - 0.0177 - - 1769775018.178317547 1769775018.196036339 0
Jan 30 12:10:18 standalone container-server[128315]: 172.20.0.100 - - [30/Jan/2026:12:10:18 +0000] "HEAD /d1/232/AUTH_f2ce6bfc308e4e2fbf4623f9afa112fc/gnocchi.53812180-99f9-462a-9457-f864b8012b63" 204 - "HEAD http://172.18.0.2:8080/v1/AUTH_f2ce6bfc308e4e2fbf4623f9afa112fc/gnocchi.53812180-99f9-462a-9457-f864b8012b63?format=json&states=listing" "txdbbe46af8cf74b5fa9201-00697c9faa" "proxy-server 20" 0.0011 "-" 23 0
Jan 30 12:10:18 standalone proxy-server[130418]: - - 30/Jan/2026/12/10/18 HEAD /v1/AUTH_f2ce6bfc308e4e2fbf4623f9afa112fc/gnocchi.53812180-99f9-462a-9457-f864b8012b63%3Fformat%3Djson%26states%3Dlisting HTTP/1.0 204 - Swift - - - - txdbbe46af8cf74b5fa9201-00697c9faa - 0.0035 RL - 1769775018.200133801 1769775018.203643560 0
Jan 30 12:10:18 standalone container-server[128315]: 172.20.0.100 - - [30/Jan/2026:12:10:18 +0000] "GET /d1/232/AUTH_f2ce6bfc308e4e2fbf4623f9afa112fc/gnocchi.53812180-99f9-462a-9457-f864b8012b63" 200 2 "GET http://172.18.0.2:8080/v1/AUTH_f2ce6bfc308e4e2fbf4623f9afa112fc/gnocchi.53812180-99f9-462a-9457-f864b8012b63?format=json&states=listing" "txdbbe46af8cf74b5fa9201-00697c9faa" "proxy-server 20" 0.0014 "-" 23 0
Jan 30 12:10:18 standalone proxy-server[130418]: 172.18.0.2 172.18.0.100 30/Jan/2026/12/10/18 GET /v1/AUTH_f2ce6bfc308e4e2fbf4623f9afa112fc/gnocchi.53812180-99f9-462a-9457-f864b8012b63%3Fformat%3Djson%26states%3Dlisting HTTP/1.0 200 - python-swiftclient-3.11.1 gAAAAABpfJ7zkMxm... - 2 - txdbbe46af8cf74b5fa9201-00697c9faa - 0.0106 - - 1769775018.198393345 1769775018.209040642 0
Jan 30 12:10:18 standalone object-server[128452]: 172.20.0.100 - - [30/Jan/2026:12:10:18 +0000] "GET /d1/675/AUTH_f2ce6bfc308e4e2fbf4623f9afa112fc/gnocchi.53812180-99f9-462a-9457-f864b8012b63/1769040000.0_mean_300.0_v3" 404 70 "GET http://172.18.0.2:8080/v1/AUTH_f2ce6bfc308e4e2fbf4623f9afa112fc/gnocchi.53812180-99f9-462a-9457-f864b8012b63/1769040000.0_mean_300.0_v3" "tx582d77b8d5fe4e7c83801-00697c9faa" "proxy-server 20" 0.0004 "-" 20 0
Jan 30 12:10:18 standalone proxy-server[130418]: 172.18.0.2 172.18.0.100 30/Jan/2026/12/10/18 GET /v1/AUTH_f2ce6bfc308e4e2fbf4623f9afa112fc/gnocchi.53812180-99f9-462a-9457-f864b8012b63/1769040000.0_mean_300.0_v3 HTTP/1.0 404 - python-swiftclient-3.11.1 gAAAAABpfJ7zkMxm... - 70 - tx582d77b8d5fe4e7c83801-00697c9faa - 0.0049 - - 1769775018.211685896 1769775018.216582775 0
Jan 30 12:10:18 standalone container-server[128281]: 172.20.0.100 - - [30/Jan/2026:12:10:18 +0000] "PUT /d1/232/AUTH_f2ce6bfc308e4e2fbf4623f9afa112fc/gnocchi.53812180-99f9-462a-9457-f864b8012b63/1769040000.0_mean_300.0_v3" 201 - "PUT http://172.18.0.2:8080/d1/675/AUTH_f2ce6bfc308e4e2fbf4623f9afa112fc/gnocchi.53812180-99f9-462a-9457-f864b8012b63/1769040000.0_mean_300.0_v3" "txe880d14aa2a14786bf24e-00697c9faa" "object-server 21" 0.0008 "-" 20 0
Jan 30 12:10:18 standalone object-server[128453]: 172.20.0.100 - - [30/Jan/2026:12:10:18 +0000] "PUT /d1/675/AUTH_f2ce6bfc308e4e2fbf4623f9afa112fc/gnocchi.53812180-99f9-462a-9457-f864b8012b63/1769040000.0_mean_300.0_v3" 201 - "PUT http://172.18.0.2:8080/v1/AUTH_f2ce6bfc308e4e2fbf4623f9afa112fc/gnocchi.53812180-99f9-462a-9457-f864b8012b63/1769040000.0_mean_300.0_v3" "txe880d14aa2a14786bf24e-00697c9faa" "proxy-server 20" 0.0147 "-" 21 0
Jan 30 12:10:18 standalone proxy-server[130418]: 172.18.0.2 172.18.0.100 30/Jan/2026/12/10/18 PUT /v1/AUTH_f2ce6bfc308e4e2fbf4623f9afa112fc/gnocchi.53812180-99f9-462a-9457-f864b8012b63/1769040000.0_mean_300.0_v3 HTTP/1.0 201 - python-swiftclient-3.11.1 gAAAAABpfJ7zkMxm... 16 - - txe880d14aa2a14786bf24e-00697c9faa - 0.0203 - - 1769775018.219239235 1769775018.239517927 0
Jan 30 12:10:18 standalone container-server[128286]: 172.20.0.100 - - [30/Jan/2026:12:10:18 +0000] "PUT /d1/232/AUTH_f2ce6bfc308e4e2fbf4623f9afa112fc/gnocchi.53812180-99f9-462a-9457-f864b8012b63/none_v3" 201 - "PUT http://172.18.0.2:8080/d1/510/AUTH_f2ce6bfc308e4e2fbf4623f9afa112fc/gnocchi.53812180-99f9-462a-9457-f864b8012b63/none_v3" "txacec5cba1adf4e8887377-00697c9faa" "object-server 20" 0.0005 "-" 21 0
Jan 30 12:10:18 standalone object-server[128452]: 172.20.0.100 - - [30/Jan/2026:12:10:18 +0000] "PUT /d1/510/AUTH_f2ce6bfc308e4e2fbf4623f9afa112fc/gnocchi.53812180-99f9-462a-9457-f864b8012b63/none_v3" 201 - "PUT http://172.18.0.2:8080/v1/AUTH_f2ce6bfc308e4e2fbf4623f9afa112fc/gnocchi.53812180-99f9-462a-9457-f864b8012b63/none_v3" "txacec5cba1adf4e8887377-00697c9faa" "proxy-server 20" 0.0079 "-" 20 0
Jan 30 12:10:18 standalone proxy-server[130418]: 172.18.0.2 172.18.0.100 30/Jan/2026/12/10/18 PUT /v1/AUTH_f2ce6bfc308e4e2fbf4623f9afa112fc/gnocchi.53812180-99f9-462a-9457-f864b8012b63/none_v3 HTTP/1.0 201 - python-swiftclient-3.11.1 gAAAAABpfJ7zkMxm... 22 - - txacec5cba1adf4e8887377-00697c9faa - 0.0126 - - 1769775018.242828846 1769775018.255407095 0
Jan 30 12:10:18 standalone container-server[128299]: 172.20.0.100 - - [30/Jan/2026:12:10:18 +0000] "HEAD /d1/327/AUTH_f2ce6bfc308e4e2fbf4623f9afa112fc/gnocchi.1cf248e9-d168-47c2-9905-bd6a5b09b2d1" 404 - "HEAD http://172.18.0.2:8080/v1/AUTH_f2ce6bfc308e4e2fbf4623f9afa112fc/gnocchi.1cf248e9-d168-47c2-9905-bd6a5b09b2d1?format=json&states=listing" "txd15f46385bca46988e6f7-00697c9faa" "proxy-server 20" 0.0004 "-" 22 0
Jan 30 12:10:18 standalone object-server[128455]: 172.20.0.100 - - [30/Jan/2026:12:10:18 +0000] "GET /d1/751/AUTH_f2ce6bfc308e4e2fbf4623f9afa112fc/gnocchi.1cf248e9-d168-47c2-9905-bd6a5b09b2d1/none_v3" 404 70 "GET http://172.18.0.2:8080/v1/AUTH_f2ce6bfc308e4e2fbf4623f9afa112fc/gnocchi.1cf248e9-d168-47c2-9905-bd6a5b09b2d1/none_v3" "txd15f46385bca46988e6f7-00697c9faa" "proxy-server 20" 0.0003 "-" 23 0
Jan 30 12:10:18 standalone proxy-server[130418]: 172.18.0.2 172.18.0.100 30/Jan/2026/12/10/18 GET /v1/AUTH_f2ce6bfc308e4e2fbf4623f9afa112fc/gnocchi.1cf248e9-d168-47c2-9905-bd6a5b09b2d1/none_v3 HTTP/1.0 404 - python-swiftclient-3.11.1 gAAAAABpfJ7zkMxm... - 70 - txd15f46385bca46988e6f7-00697c9faa - 0.0152 - - 1769775018.266054153 1769775018.281279564 0
Jan 30 12:10:18 standalone account-server[128282]: 172.20.0.100 - - [30/Jan/2026:12:10:18 +0000] "PUT /d1/97/AUTH_f2ce6bfc308e4e2fbf4623f9afa112fc/gnocchi.1cf248e9-d168-47c2-9905-bd6a5b09b2d1" 201 - "PUT http://172.20.0.100:6001/d1/327/AUTH_f2ce6bfc308e4e2fbf4623f9afa112fc/gnocchi.1cf248e9-d168-47c2-9905-bd6a5b09b2d1" "txb67838ff54c243d09c726-00697c9faa" "container-server 21" 0.0048 "-" 21 0
Jan 30 12:10:18 standalone container-server[128286]: 172.20.0.100 - - [30/Jan/2026:12:10:18 +0000] "PUT /d1/327/AUTH_f2ce6bfc308e4e2fbf4623f9afa112fc/gnocchi.1cf248e9-d168-47c2-9905-bd6a5b09b2d1" 201 - "PUT http://172.18.0.2:8080/v1/AUTH_f2ce6bfc308e4e2fbf4623f9afa112fc/gnocchi.1cf248e9-d168-47c2-9905-bd6a5b09b2d1" "txb67838ff54c243d09c726-00697c9faa" "proxy-server 20" 0.0158 "-" 21 0
Jan 30 12:10:18 standalone proxy-server[130418]: 172.18.0.2 172.18.0.100 30/Jan/2026/12/10/18 PUT /v1/AUTH_f2ce6bfc308e4e2fbf4623f9afa112fc/gnocchi.1cf248e9-d168-47c2-9905-bd6a5b09b2d1 HTTP/1.0 201 - python-swiftclient-3.11.1 gAAAAABpfJ7zkMxm... - - - txb67838ff54c243d09c726-00697c9faa - 0.0210 - - 1769775018.285470247 1769775018.306503534 0
Jan 30 12:10:18 standalone container-server[128286]: 172.20.0.100 - - [30/Jan/2026:12:10:18 +0000] "HEAD /d1/327/AUTH_f2ce6bfc308e4e2fbf4623f9afa112fc/gnocchi.1cf248e9-d168-47c2-9905-bd6a5b09b2d1" 204 - "HEAD http://172.18.0.2:8080/v1/AUTH_f2ce6bfc308e4e2fbf4623f9afa112fc/gnocchi.1cf248e9-d168-47c2-9905-bd6a5b09b2d1?format=json&states=listing" "tx9f94e06a6bd24cc9bc902-00697c9faa" "proxy-server 20" 0.0020 "-" 21 0
Jan 30 12:10:18 standalone proxy-server[130418]: - - 30/Jan/2026/12/10/18 HEAD /v1/AUTH_f2ce6bfc308e4e2fbf4623f9afa112fc/gnocchi.1cf248e9-d168-47c2-9905-bd6a5b09b2d1%3Fformat%3Djson%26states%3Dlisting HTTP/1.0 204 - Swift - - - - tx9f94e06a6bd24cc9bc902-00697c9faa - 0.0057 RL - 1769775018.311499357 1769775018.317167521 0
Jan 30 12:10:18 standalone container-server[128281]: 172.20.0.100 - - [30/Jan/2026:12:10:18 +0000] "GET /d1/327/AUTH_f2ce6bfc308e4e2fbf4623f9afa112fc/gnocchi.1cf248e9-d168-47c2-9905-bd6a5b09b2d1" 200 2 "GET http://172.18.0.2:8080/v1/AUTH_f2ce6bfc308e4e2fbf4623f9afa112fc/gnocchi.1cf248e9-d168-47c2-9905-bd6a5b09b2d1?format=json&states=listing" "tx9f94e06a6bd24cc9bc902-00697c9faa" "proxy-server 20" 0.0031 "-" 20 0
Jan 30 12:10:18 standalone proxy-server[130418]: 172.18.0.2 172.18.0.100 30/Jan/2026/12/10/18 GET /v1/AUTH_f2ce6bfc308e4e2fbf4623f9afa112fc/gnocchi.1cf248e9-d168-47c2-9905-bd6a5b09b2d1%3Fformat%3Djson%26states%3Dlisting HTTP/1.0 200 - python-swiftclient-3.11.1 gAAAAABpfJ7zkMxm... - 2 - tx9f94e06a6bd24cc9bc902-00697c9faa - 0.0188 - - 1769775018.309995890 1769775018.328746080 0
Jan 30 12:10:18 standalone object-server[128455]: 172.20.0.100 - - [30/Jan/2026:12:10:18 +0000] "GET /d1/495/AUTH_f2ce6bfc308e4e2fbf4623f9afa112fc/gnocchi.1cf248e9-d168-47c2-9905-bd6a5b09b2d1/1769040000.0_mean_300.0_v3" 404 70 "GET http://172.18.0.2:8080/v1/AUTH_f2ce6bfc308e4e2fbf4623f9afa112fc/gnocchi.1cf248e9-d168-47c2-9905-bd6a5b09b2d1/1769040000.0_mean_300.0_v3" "tx26c77705161c4ff8a6cbb-00697c9faa" "proxy-server 20" 0.0001 "-" 23 0
Jan 30 12:10:18 standalone proxy-server[130418]: 172.18.0.2 172.18.0.100 30/Jan/2026/12/10/18 GET /v1/AUTH_f2ce6bfc308e4e2fbf4623f9afa112fc/gnocchi.1cf248e9-d168-47c2-9905-bd6a5b09b2d1/1769040000.0_mean_300.0_v3 HTTP/1.0 404 - python-swiftclient-3.11.1 gAAAAABpfJ7zkMxm... - 70 - tx26c77705161c4ff8a6cbb-00697c9faa - 0.0048 - - 1769775018.337884903 1769775018.342698097 0
Jan 30 12:10:18 standalone container-server[128281]: 172.20.0.100 - - [30/Jan/2026:12:10:18 +0000] "PUT /d1/327/AUTH_f2ce6bfc308e4e2fbf4623f9afa112fc/gnocchi.1cf248e9-d168-47c2-9905-bd6a5b09b2d1/1769040000.0_mean_300.0_v3" 201 - "PUT http://172.18.0.2:8080/d1/495/AUTH_f2ce6bfc308e4e2fbf4623f9afa112fc/gnocchi.1cf248e9-d168-47c2-9905-bd6a5b09b2d1/1769040000.0_mean_300.0_v3" "txc44a3c83aed74a898a052-00697c9faa" "object-server 20" 0.0007 "-" 20 0
Jan 30 12:10:18 standalone object-server[128452]: 172.20.0.100 - - [30/Jan/2026:12:10:18 +0000] "PUT /d1/495/AUTH_f2ce6bfc308e4e2fbf4623f9afa112fc/gnocchi.1cf248e9-d168-47c2-9905-bd6a5b09b2d1/1769040000.0_mean_300.0_v3" 201 - "PUT http://172.18.0.2:8080/v1/AUTH_f2ce6bfc308e4e2fbf4623f9afa112fc/gnocchi.1cf248e9-d168-47c2-9905-bd6a5b09b2d1/1769040000.0_mean_300.0_v3" "txc44a3c83aed74a898a052-00697c9faa" "proxy-server 20" 0.0082 "-" 20 0
Jan 30 12:10:18 standalone proxy-server[130418]: 172.18.0.2 172.18.0.100 30/Jan/2026/12/10/18 PUT /v1/AUTH_f2ce6bfc308e4e2fbf4623f9afa112fc/gnocchi.1cf248e9-d168-47c2-9905-bd6a5b09b2d1/1769040000.0_mean_300.0_v3 HTTP/1.0 201 - python-swiftclient-3.11.1 gAAAAABpfJ7zkMxm... 16 - - txc44a3c83aed74a898a052-00697c9faa - 0.0125 - - 1769775018.345938921 1769775018.358438969 0
Jan 30 12:10:18 standalone container-server[128315]: 172.20.0.100 - - [30/Jan/2026:12:10:18 +0000] "PUT /d1/327/AUTH_f2ce6bfc308e4e2fbf4623f9afa112fc/gnocchi.1cf248e9-d168-47c2-9905-bd6a5b09b2d1/none_v3" 201 - "PUT http://172.18.0.2:8080/d1/751/AUTH_f2ce6bfc308e4e2fbf4623f9afa112fc/gnocchi.1cf248e9-d168-47c2-9905-bd6a5b09b2d1/none_v3" "txb267528a4d234137b612d-00697c9faa" "object-server 22" 0.0006 "-" 23 0
