Jan 30 12:09:09 standalone object-server[128455]: 172.20.0.100 - - [30/Jan/2026:12:09:09 +0000] "GET /d1/563/AUTH_f2ce6bfc308e4e2fbf4623f9afa112fc/gnocchi.30d04c50-2d84-4ff5-bbcd-10b165e19740/1769040000.0_mean_300.0_v3" 404 70 "GET http://172.18.0.2:8080/v1/AUTH_f2ce6bfc308e4e2fbf4623f9afa112fc/gnocchi.30d04c50-2d84-4ff5-bbcd-10b165e19740/1769040000.0_mean_300.0_v3" "tx5607eb9a1b3a4875a9806-00697c9f65" "proxy-server 20" 0.0005 "-" 23 0
Jan 30 12:09:09 standalone proxy-server[130418]: 172.18.0.2 172.18.0.100 30/Jan/2026/12/09/09 GET /v1/AUTH_f2ce6bfc308e4e2fbf4623f9afa112fc/gnocchi.30d04c50-2d84-4ff5-bbcd-10b165e19740/1769040000.0_mean_300.0_v3 HTTP/1.0 404 - python-swiftclient-3.11.1 gAAAAABpfJ7zkMxm... - 70 - tx5607eb9a1b3a4875a9806-00697c9f65 - 0.0084 - - 1769774949.197302818 1769774949.205739975 0
Jan 30 12:09:09 standalone container-server[128281]: 172.20.0.100 - - [30/Jan/2026:12:09:09 +0000] "PUT /d1/723/AUTH_f2ce6bfc308e4e2fbf4623f9afa112fc/gnocchi.30d04c50-2d84-4ff5-bbcd-10b165e19740/1769040000.0_mean_300.0_v3" 201 - "PUT http://172.18.0.2:8080/d1/563/AUTH_f2ce6bfc308e4e2fbf4623f9afa112fc/gnocchi.30d04c50-2d84-4ff5-bbcd-10b165e19740/1769040000.0_mean_300.0_v3" "txbaaacacf635f403f92694-00697c9f65" "object-server 21" 0.0010 "-" 20 0
Jan 30 12:09:09 standalone object-server[128453]: 172.20.0.100 - - [30/Jan/2026:12:09:09 +0000] "PUT /d1/563/AUTH_f2ce6bfc308e4e2fbf4623f9afa112fc/gnocchi.30d04c50-2d84-4ff5-bbcd-10b165e19740/1769040000.0_mean_300.0_v3" 201 - "PUT http://172.18.0.2:8080/v1/AUTH_f2ce6bfc308e4e2fbf4623f9afa112fc/gnocchi.30d04c50-2d84-4ff5-bbcd-10b165e19740/1769040000.0_mean_300.0_v3" "txbaaacacf635f403f92694-00697c9f65" "proxy-server 20" 0.0117 "-" 21 0
Jan 30 12:09:09 standalone proxy-server[130418]: 172.18.0.2 172.18.0.100 30/Jan/2026/12/09/09 PUT /v1/AUTH_f2ce6bfc308e4e2fbf4623f9afa112fc/gnocchi.30d04c50-2d84-4ff5-bbcd-10b165e19740/1769040000.0_mean_300.0_v3 HTTP/1.0 201 - python-swiftclient-3.11.1 gAAAAABpfJ7zkMxm... 16 - - txbaaacacf635f403f92694-00697c9f65 - 0.0201 - - 1769774949.208739996 1769774949.228873491 0
Jan 30 12:09:09 standalone container-server[128286]: 172.20.0.100 - - [30/Jan/2026:12:09:09 +0000] "PUT /d1/723/AUTH_f2ce6bfc308e4e2fbf4623f9afa112fc/gnocchi.30d04c50-2d84-4ff5-bbcd-10b165e19740/none_v3" 201 - "PUT http://172.18.0.2:8080/d1/636/AUTH_f2ce6bfc308e4e2fbf4623f9afa112fc/gnocchi.30d04c50-2d84-4ff5-bbcd-10b165e19740/none_v3" "txbe91c197d8064a208d5a3-00697c9f65" "object-server 20" 0.0012 "-" 21 0
Jan 30 12:09:09 standalone object-server[128452]: 172.20.0.100 - - [30/Jan/2026:12:09:09 +0000] "PUT /d1/636/AUTH_f2ce6bfc308e4e2fbf4623f9afa112fc/gnocchi.30d04c50-2d84-4ff5-bbcd-10b165e19740/none_v3" 201 - "PUT http://172.18.0.2:8080/v1/AUTH_f2ce6bfc308e4e2fbf4623f9afa112fc/gnocchi.30d04c50-2d84-4ff5-bbcd-10b165e19740/none_v3" "txbe91c197d8064a208d5a3-00697c9f65" "proxy-server 20" 0.0142 "-" 20 0
Jan 30 12:09:09 standalone proxy-server[130418]: 172.18.0.2 172.18.0.100 30/Jan/2026/12/09/09 PUT /v1/AUTH_f2ce6bfc308e4e2fbf4623f9afa112fc/gnocchi.30d04c50-2d84-4ff5-bbcd-10b165e19740/none_v3 HTTP/1.0 201 - python-swiftclient-3.11.1 gAAAAABpfJ7zkMxm... 22 - - txbe91c197d8064a208d5a3-00697c9f65 - 0.0247 - - 1769774949.232249498 1769774949.256948233 0
Jan 30 12:09:09 standalone object-server[128453]: 172.20.0.100 - - [30/Jan/2026:12:09:09 +0000] "GET /d1/636/AUTH_f2ce6bfc308e4e2fbf4623f9afa112fc/gnocchi.30d04c50-2d84-4ff5-bbcd-10b165e19740/none_v3" 200 22 "GET http://172.18.0.2:8080/v1/AUTH_f2ce6bfc308e4e2fbf4623f9afa112fc/gnocchi.30d04c50-2d84-4ff5-bbcd-10b165e19740/none_v3" "tx5f20fa48656c4faa98e40-00697c9f65" "proxy-server 20" 0.0013 "-" 21 0
Jan 30 12:09:09 standalone proxy-server[130418]: 172.18.0.2 172.18.0.100 30/Jan/2026/12/09/09 GET /v1/AUTH_f2ce6bfc308e4e2fbf4623f9afa112fc/gnocchi.30d04c50-2d84-4ff5-bbcd-10b165e19740/none_v3 HTTP/1.0 200 - python-swiftclient-3.11.1 gAAAAABpfJ7zkMxm... - 22 - tx5f20fa48656c4faa98e40-00697c9f65 - 0.0158 - - 1769774949.325620413 1769774949.341399908 0
Jan 30 12:09:09 standalone container-server[128299]: 172.20.0.100 - - [30/Jan/2026:12:09:09 +0000] "GET /d1/723/AUTH_f2ce6bfc308e4e2fbf4623f9afa112fc/gnocchi.30d04c50-2d84-4ff5-bbcd-10b165e19740" 200 357 "GET http://172.18.0.2:8080/v1/AUTH_f2ce6bfc308e4e2fbf4623f9afa112fc/gnocchi.30d04c50-2d84-4ff5-bbcd-10b165e19740?format=json&states=listing" "txb3e73121850844fda2b41-00697c9f65" "proxy-server 20" 0.0130 "-" 22 0
Jan 30 12:09:09 standalone proxy-server[130418]: 172.18.0.2 172.18.0.100 30/Jan/2026/12/09/09 GET /v1/AUTH_f2ce6bfc308e4e2fbf4623f9afa112fc/gnocchi.30d04c50-2d84-4ff5-bbcd-10b165e19740%3Fformat%3Djson%26states%3Dlisting HTTP/1.0 200 - python-swiftclient-3.11.1 gAAAAABpfJ7zkMxm... - 357 - txb3e73121850844fda2b41-00697c9f65 - 0.0246 - - 1769774949.345655441 1769774949.370232105 0
Jan 30 12:09:09 standalone container-server[128281]: 172.20.0.100 - - [30/Jan/2026:12:09:09 +0000] "GET /d1/723/AUTH_f2ce6bfc308e4e2fbf4623f9afa112fc/gnocchi.30d04c50-2d84-4ff5-bbcd-10b165e19740" 200 2 "GET http://172.18.0.2:8080/v1/AUTH_f2ce6bfc308e4e2fbf4623f9afa112fc/gnocchi.30d04c50-2d84-4ff5-bbcd-10b165e19740?format=json&marker=none_v3&states=listing" "tx9cf6f60f2cf6487d863e0-00697c9f65" "proxy-server 20" 0.0022 "-" 20 0
Jan 30 12:09:09 standalone proxy-server[130418]: 172.18.0.2 172.18.0.100 30/Jan/2026/12/09/09 GET /v1/AUTH_f2ce6bfc308e4e2fbf4623f9afa112fc/gnocchi.30d04c50-2d84-4ff5-bbcd-10b165e19740%3Fformat%3Djson%26marker%3Dnone_v3%26states%3Dlisting HTTP/1.0 200 - python-swiftclient-3.11.1 gAAAAABpfJ7zkMxm... - 2 - tx9cf6f60f2cf6487d863e0-00697c9f65 - 0.0118 - - 1769774949.374164820 1769774949.385934114 0
Jan 30 12:09:09 standalone object-server[128452]: 172.20.0.100 - - [30/Jan/2026:12:09:09 +0000] "GET /d1/563/AUTH_f2ce6bfc308e4e2fbf4623f9afa112fc/gnocchi.30d04c50-2d84-4ff5-bbcd-10b165e19740/1769040000.0_mean_300.0_v3" 200 16 "GET http://172.18.0.2:8080/v1/AUTH_f2ce6bfc308e4e2fbf4623f9afa112fc/gnocchi.30d04c50-2d84-4ff5-bbcd-10b165e19740/1769040000.0_mean_300.0_v3" "txd0c3144f1886411f95a3c-00697c9f65" "proxy-server 20" 0.0014 "-" 20 0
Jan 30 12:09:09 standalone proxy-server[130418]: 172.18.0.2 172.18.0.100 30/Jan/2026/12/09/09 GET /v1/AUTH_f2ce6bfc308e4e2fbf4623f9afa112fc/gnocchi.30d04c50-2d84-4ff5-bbcd-10b165e19740/1769040000.0_mean_300.0_v3 HTTP/1.0 200 - python-swiftclient-3.11.1 gAAAAABpfJ7zkMxm... - 16 - txd0c3144f1886411f95a3c-00697c9f65 - 0.0111 - - 1769774949.390700340 1769774949.401822567 0
Jan 30 12:09:09 standalone container-server[128286]: 172.20.0.100 - - [30/Jan/2026:12:09:09 +0000] "PUT /d1/723/AUTH_f2ce6bfc308e4e2fbf4623f9afa112fc/gnocchi.30d04c50-2d84-4ff5-bbcd-10b165e19740/1769040000.0_mean_300.0_v3" 201 - "PUT http://172.18.0.2:8080/d1/563/AUTH_f2ce6bfc308e4e2fbf4623f9afa112fc/gnocchi.30d04c50-2d84-4ff5-bbcd-10b165e19740/1769040000.0_mean_300.0_v3" "tx82e958c5717f45f1affe4-00697c9f65" "object-server 21" 0.0009 "-" 21 0
Jan 30 12:09:09 standalone object-server[128453]: 172.20.0.100 - - [30/Jan/2026:12:09:09 +0000] "PUT /d1/563/AUTH_f2ce6bfc308e4e2fbf4623f9afa112fc/gnocchi.30d04c50-2d84-4ff5-bbcd-10b165e19740/1769040000.0_mean_300.0_v3" 201 - "PUT http://172.18.0.2:8080/v1/AUTH_f2ce6bfc308e4e2fbf4623f9afa112fc/gnocchi.30d04c50-2d84-4ff5-bbcd-10b165e19740/1769040000.0_mean_300.0_v3" "tx82e958c5717f45f1affe4-00697c9f65" "proxy-server 20" 0.0125 "-" 21 0
Jan 30 12:09:09 standalone proxy-server[130418]: 172.18.0.2 172.18.0.100 30/Jan/2026/12/09/09 PUT /v1/AUTH_f2ce6bfc308e4e2fbf4623f9afa112fc/gnocchi.30d04c50-2d84-4ff5-bbcd-10b165e19740/1769040000.0_mean_300.0_v3 HTTP/1.0 201 - python-swiftclient-3.11.1 gAAAAABpfJ7zkMxm... 16 - - tx82e958c5717f45f1affe4-00697c9f65 - 0.0180 - - 1769774949.404615402 1769774949.422653198 0
Jan 30 12:09:09 standalone container-server[128315]: 172.20.0.100 - - [30/Jan/2026:12:09:09 +0000] "PUT /d1/723/AUTH_f2ce6bfc308e4e2fbf4623f9afa112fc/gnocchi.30d04c50-2d84-4ff5-bbcd-10b165e19740/none_v3" 201 - "PUT http://172.18.0.2:8080/d1/636/AUTH_f2ce6bfc308e4e2fbf4623f9afa112fc/gnocchi.30d04c50-2d84-4ff5-bbcd-10b165e19740/none_v3" "txe1f282b316574e69b268f-00697c9f65" "object-server 21" 0.0009 "-" 23 0
Jan 30 12:09:09 standalone object-server[128453]: 172.20.0.100 - - [30/Jan/2026:12:09:09 +0000] "PUT /d1/636/AUTH_f2ce6bfc308e4e2fbf4623f9afa112fc/gnocchi.30d04c50-2d84-4ff5-bbcd-10b165e19740/none_v3" 201 - "PUT http://172.18.0.2:8080/v1/AUTH_f2ce6bfc308e4e2fbf4623f9afa112fc/gnocchi.30d04c50-2d84-4ff5-bbcd-10b165e19740/none_v3" "txe1f282b316574e69b268f-00697c9f65" "proxy-server 20" 0.0124 "-" 21 0
Jan 30 12:09:09 standalone proxy-server[130418]: 172.18.0.2 172.18.0.100 30/Jan/2026/12/09/09 PUT /v1/AUTH_f2ce6bfc308e4e2fbf4623f9afa112fc/gnocchi.30d04c50-2d84-4ff5-bbcd-10b165e19740/none_v3 HTTP/1.0 201 - python-swiftclient-3.11.1 gAAAAABpfJ7zkMxm... 31 - - txe1f282b316574e69b268f-00697c9f65 - 0.0185 - - 1769774949.424726725 1769774949.443178892 0
Jan 30 12:09:10 standalone container-server[128164]: Begin container update sweep
Jan 30 12:09:10 standalone account-server[128304]: 172.20.0.100 - - [30/Jan/2026:12:09:10 +0000] "PUT /d1/97/AUTH_f2ce6bfc308e4e2fbf4623f9afa112fc/gnocchi.30141c8a-32b3-4692-82ee-3d0d732e97a3" 201 - "-" "-" "container-updater 2" 0.0010 "-" 22 0
Jan 30 12:09:10 standalone account-server[128313]: 172.20.0.100 - - [30/Jan/2026:12:09:10 +0000] "PUT /d1/97/AUTH_f2ce6bfc308e4e2fbf4623f9afa112fc/gnocchi.8ac74355-62a4-4d87-81e2-678fc30fbc41" 201 - "-" "-" "container-updater 2" 0.0010 "-" 23 0
Jan 30 12:09:10 standalone account-server[128304]: 172.20.0.100 - - [30/Jan/2026:12:09:10 +0000] "PUT /d1/97/AUTH_f2ce6bfc308e4e2fbf4623f9afa112fc/gnocchi.ea98457a-5eb2-4862-b722-9c0c08d8ad69" 201 - "-" "-" "container-updater 2" 0.0007 "-" 22 0
Jan 30 12:09:10 standalone account-server[128277]: 172.20.0.100 - - [30/Jan/2026:12:09:10 +0000] "PUT /d1/97/AUTH_f2ce6bfc308e4e2fbf4623f9afa112fc/gnocchi.f865be45-a264-41e1-afb8-4bf557c945c9" 201 - "-" "-" "container-updater 2" 0.0010 "-" 20 0
Jan 30 12:09:10 standalone account-server[128277]: 172.20.0.100 - - [30/Jan/2026:12:09:10 +0000] "PUT /d1/97/AUTH_f2ce6bfc308e4e2fbf4623f9afa112fc/gnocchi.89b3f52c-cd1d-4e75-ab4a-6bc7edf88ad9" 201 - "-" "-" "container-updater 2" 0.0009 "-" 20 0
Jan 30 12:09:10 standalone account-server[128313]: 172.20.0.100 - - [30/Jan/2026:12:09:10 +0000] "PUT /d1/97/AUTH_f2ce6bfc308e4e2fbf4623f9afa112fc/gnocchi.5431bd75-c05b-4216-b692-e3c4f4c06c2e" 201 - "-" "-" "container-updater 2" 0.0013 "-" 23 0
Jan 30 12:09:10 standalone account-server[128277]: 172.20.0.100 - - [30/Jan/2026:12:09:10 +0000] "PUT /d1/97/AUTH_f2ce6bfc308e4e2fbf4623f9afa112fc/gnocchi.38c9b53e-7d1d-41d2-9353-f703f6694413" 201 - "-" "-" "container-updater 2" 0.0008 "-" 20 0
Jan 30 12:09:11 standalone account-server[128282]: 172.20.0.100 - - [30/Jan/2026:12:09:11 +0000] "PUT /d1/97/AUTH_f2ce6bfc308e4e2fbf4623f9afa112fc/gnocchi.7f8cf68b-6710-4dbd-bb53-7f758bcbeec9" 201 - "-" "-" "container-updater 2" 0.0008 "-" 21 0
Jan 30 12:09:11 standalone account-server[128277]: 172.20.0.100 - - [30/Jan/2026:12:09:11 +0000] "PUT /d1/97/AUTH_f2ce6bfc308e4e2fbf4623f9afa112fc/gnocchi.30d04c50-2d84-4ff5-bbcd-10b165e19740" 201 - "-" "-" "container-updater 2" 0.0009 "-" 20 0
Jan 30 12:09:11 standalone account-server[128277]: 172.20.0.100 - - [30/Jan/2026:12:09:11 +0000] "PUT /d1/97/AUTH_f2ce6bfc308e4e2fbf4623f9afa112fc/gnocchi.719ad5c3-569c-4695-b53a-97ecd0d8b705" 201 - "-" "-" "container-updater 2" 0.0007 "-" 20 0
Jan 30 12:09:11 standalone container-server[128164]: Container update sweep completed: 0.88s
Jan 30 12:09:18 standalone object-server[128454]: 172.20.0.100 - - [30/Jan/2026:12:09:18 +0000] "GET /d1/966/AUTH_f2ce6bfc308e4e2fbf4623f9afa112fc/gnocchi.7f8cf68b-6710-4dbd-bb53-7f758bcbeec9/none_v3" 200 32 "GET http://172.18.0.2:8080/v1/AUTH_f2ce6bfc308e4e2fbf4623f9afa112fc/gnocchi.7f8cf68b-6710-4dbd-bb53-7f758bcbeec9/none_v3" "tx234fe9436df8459f86fad-00697c9f6e" "proxy-server 20" 0.0014 "-" 22 0
Jan 30 12:09:18 standalone proxy-server[130418]: 172.18.0.2 172.18.0.100 30/Jan/2026/12/09/18 GET /v1/AUTH_f2ce6bfc308e4e2fbf4623f9afa112fc/gnocchi.7f8cf68b-6710-4dbd-bb53-7f758bcbeec9/none_v3 HTTP/1.0 200 - python-swiftclient-3.11.1 gAAAAABpfJ7zkMxm... - 32 - tx234fe9436df8459f86fad-00697c9f6e - 0.0106 - - 1769774958.955916405 1769774958.966555357 0
Jan 30 12:09:18 standalone container-server[128299]: 172.20.0.100 - - [30/Jan/2026:12:09:18 +0000] "GET /d1/245/AUTH_f2ce6bfc308e4e2fbf4623f9afa112fc/gnocchi.7f8cf68b-6710-4dbd-bb53-7f758bcbeec9" 200 357 "GET http://172.18.0.2:8080/v1/AUTH_f2ce6bfc308e4e2fbf4623f9afa112fc/gnocchi.7f8cf68b-6710-4dbd-bb53-7f758bcbeec9?format=json&states=listing" "tx69a57630dda44def85955-00697c9f6e" "proxy-server 20" 0.0032 "-" 22 0
Jan 30 12:09:18 standalone proxy-server[130418]: 172.18.0.2 172.18.0.100 30/Jan/2026/12/09/18 GET /v1/AUTH_f2ce6bfc308e4e2fbf4623f9afa112fc/gnocchi.7f8cf68b-6710-4dbd-bb53-7f758bcbeec9%3Fformat%3Djson%26states%3Dlisting HTTP/1.0 200 - python-swiftclient-3.11.1 gAAAAABpfJ7zkMxm... - 357 - tx69a57630dda44def85955-00697c9f6e - 0.0128 - - 1769774958.970241547 1769774958.983000040 0
Jan 30 12:09:18 standalone container-server[128299]: 172.20.0.100 - - [30/Jan/2026:12:09:18 +0000] "GET /d1/245/AUTH_f2ce6bfc308e4e2fbf4623f9afa112fc/gnocchi.7f8cf68b-6710-4dbd-bb53-7f758bcbeec9" 200 2 "GET http://172.18.0.2:8080/v1/AUTH_f2ce6bfc308e4e2fbf4623f9afa112fc/gnocchi.7f8cf68b-6710-4dbd-bb53-7f758bcbeec9?format=json&marker=none_v3&states=listing" "tx36098d9e9b5f437e85cd4-00697c9f6e" "proxy-server 20" 0.0044 "-" 22 0
Jan 30 12:09:19 standalone proxy-server[130418]: 172.18.0.2 172.18.0.100 30/Jan/2026/12/09/19 GET /v1/AUTH_f2ce6bfc308e4e2fbf4623f9afa112fc/gnocchi.7f8cf68b-6710-4dbd-bb53-7f758bcbeec9%3Fformat%3Djson%26marker%3Dnone_v3%26states%3Dlisting HTTP/1.0 200 - python-swiftclient-3.11.1 gAAAAABpfJ7zkMxm... - 2 - tx36098d9e9b5f437e85cd4-00697c9f6e - 0.0142 - - 1769774958.986800432 1769774959.001044035 0
Jan 30 12:09:19 standalone object-server[128454]: 172.20.0.100 - - [30/Jan/2026:12:09:19 +0000] "GET /d1/192/AUTH_f2ce6bfc308e4e2fbf4623f9afa112fc/gnocchi.7f8cf68b-6710-4dbd-bb53-7f758bcbeec9/1769040000.0_mean_300.0_v3" 200 16 "GET http://172.18.0.2:8080/v1/AUTH_f2ce6bfc308e4e2fbf4623f9afa112fc/gnocchi.7f8cf68b-6710-4dbd-bb53-7f758bcbeec9/1769040000.0_mean_300.0_v3" "tx86457f921aeb4169908a3-00697c9f6f" "proxy-server 20" 0.0011 "-" 22 0
Jan 30 12:09:19 standalone proxy-server[130418]: 172.18.0.2 172.18.0.100 30/Jan/2026/12/09/19 GET /v1/AUTH_f2ce6bfc308e4e2fbf4623f9afa112fc/gnocchi.7f8cf68b-6710-4dbd-bb53-7f758bcbeec9/1769040000.0_mean_300.0_v3 HTTP/1.0 200 - python-swiftclient-3.11.1 gAAAAABpfJ7zkMxm... - 16 - tx86457f921aeb4169908a3-00697c9f6f - 0.0102 - - 1769774959.005255699 1769774959.015477657 0
Jan 30 12:09:19 standalone container-server[128281]: 172.20.0.100 - - [30/Jan/2026:12:09:19 +0000] "PUT /d1/245/AUTH_f2ce6bfc308e4e2fbf4623f9afa112fc/gnocchi.7f8cf68b-6710-4dbd-bb53-7f758bcbeec9/1769040000.0_mean_300.0_v3" 201 - "PUT http://172.18.0.2:8080/d1/192/AUTH_f2ce6bfc308e4e2fbf4623f9afa112fc/gnocchi.7f8cf68b-6710-4dbd-bb53-7f758bcbeec9/1769040000.0_mean_300.0_v3" "tx7698ac2472f74f42ababd-00697c9f6f" "object-server 21" 0.0009 "-" 20 0
Jan 30 12:09:19 standalone object-server[128453]: 172.20.0.100 - - [30/Jan/2026:12:09:19 +0000] "PUT /d1/192/AUTH_f2ce6bfc308e4e2fbf4623f9afa112fc/gnocchi.7f8cf68b-6710-4dbd-bb53-7f758bcbeec9/1769040000.0_mean_300.0_v3" 201 - "PUT http://172.18.0.2:8080/v1/AUTH_f2ce6bfc308e4e2fbf4623f9afa112fc/gnocchi.7f8cf68b-6710-4dbd-bb53-7f758bcbeec9/1769040000.0_mean_300.0_v3" "tx7698ac2472f74f42ababd-00697c9f6f" "proxy-server 20" 0.0128 "-" 21 0
Jan 30 12:09:19 standalone proxy-server[130418]: 172.18.0.2 172.18.0.100 30/Jan/2026/12/09/19 PUT /v1/AUTH_f2ce6bfc308e4e2fbf4623f9afa112fc/gnocchi.7f8cf68b-6710-4dbd-bb53-7f758bcbeec9/1769040000.0_mean_300.0_v3 HTTP/1.0 201 - python-swiftclient-3.11.1 gAAAAABpfJ7zkMxm... 16 - - tx7698ac2472f74f42ababd-00697c9f6f - 0.0213 - - 1769774959.019440413 1769774959.040694952 0
Jan 30 12:09:19 standalone container-server[128281]: 172.20.0.100 - - [30/Jan/2026:12:09:19 +0000] "PUT /d1/245/AUTH_f2ce6bfc308e4e2fbf4623f9afa112fc/gnocchi.7f8cf68b-6710-4dbd-bb53-7f758bcbeec9/none_v3" 201 - "PUT http://172.18.0.2:8080/d1/966/AUTH_f2ce6bfc308e4e2fbf4623f9afa112fc/gnocchi.7f8cf68b-6710-4dbd-bb53-7f758bcbeec9/none_v3" "tx5e91064743564f9ea60b4-00697c9f6f" "object-server 22" 0.0008 "-" 20 0
Jan 30 12:09:19 standalone object-server[128454]: 172.20.0.100 - - [30/Jan/2026:12:09:19 +0000] "PUT /d1/966/AUTH_f2ce6bfc308e4e2fbf4623f9afa112fc/gnocchi.7f8cf68b-6710-4dbd-bb53-7f758bcbeec9/none_v3" 201 - "PUT http://172.18.0.2:8080/v1/AUTH_f2ce6bfc308e4e2fbf4623f9afa112fc/gnocchi.7f8cf68b-6710-4dbd-bb53-7f758bcbeec9/none_v3" "tx5e91064743564f9ea60b4-00697c9f6f" "proxy-server 20" 0.0106 "-" 22 0
Jan 30 12:09:19 standalone proxy-server[130418]: 172.18.0.2 172.18.0.100 30/Jan/2026/12/09/19 PUT /v1/AUTH_f2ce6bfc308e4e2fbf4623f9afa112fc/gnocchi.7f8cf68b-6710-4dbd-bb53-7f758bcbeec9/none_v3 HTTP/1.0 201 - python-swiftclient-3.11.1 gAAAAABpfJ7zkMxm... 46 - - tx5e91064743564f9ea60b4-00697c9f6f - 0.0189 - - 1769774959.044983625 1769774959.063908815 0
Jan 30 12:09:19 standalone object-server[128454]: 172.20.0.100 - - [30/Jan/2026:12:09:19 +0000] "GET /d1/966/AUTH_f2ce6bfc308e4e2fbf4623f9afa112fc/gnocchi.7f8cf68b-6710-4dbd-bb53-7f758bcbeec9/none_v3" 200 46 "GET http://172.18.0.2:8080/v1/AUTH_f2ce6bfc308e4e2fbf4623f9afa112fc/gnocchi.7f8cf68b-6710-4dbd-bb53-7f758bcbeec9/none_v3" "txf19a7d594d3c41cb898c6-00697c9f6f" "proxy-server 20" 0.0009 "-" 22 0
Jan 30 12:09:19 standalone proxy-server[130418]: 172.18.0.2 172.18.0.100 30/Jan/2026/12/09/19 GET /v1/AUTH_f2ce6bfc308e4e2fbf4623f9afa112fc/gnocchi.7f8cf68b-6710-4dbd-bb53-7f758bcbeec9/none_v3 HTTP/1.0 200 - python-swiftclient-3.11.1 gAAAAABpfJ7zkMxm... - 46 - txf19a7d594d3c41cb898c6-00697c9f6f - 0.0082 - - 1769774959.901091814 1769774959.909274101 0
Jan 30 12:09:19 standalone container-server[128315]: 172.20.0.100 - - [30/Jan/2026:12:09:19 +0000] "GET /d1/245/AUTH_f2ce6bfc308e4e2fbf4623f9afa112fc/gnocchi.7f8cf68b-6710-4dbd-bb53-7f758bcbeec9" 200 357 "GET http://172.18.0.2:8080/v1/AUTH_f2ce6bfc308e4e2fbf4623f9afa112fc/gnocchi.7f8cf68b-6710-4dbd-bb53-7f758bcbeec9?format=json&states=listing" "tx76e39eacbd0d463895462-00697c9f6f" "proxy-server 20" 0.0085 "-" 23 0
Jan 30 12:09:19 standalone proxy-server[130418]: 172.18.0.2 172.18.0.100 30/Jan/2026/12/09/19 GET /v1/AUTH_f2ce6bfc308e4e2fbf4623f9afa112fc/gnocchi.7f8cf68b-6710-4dbd-bb53-7f758bcbeec9%3Fformat%3Djson%26states%3Dlisting HTTP/1.0 200 - python-swiftclient-3.11.1 gAAAAABpfJ7zkMxm... - 357 - tx76e39eacbd0d463895462-00697c9f6f - 0.0170 - - 1769774959.913190603 1769774959.930221319 0
Jan 30 12:09:19 standalone container-server[128315]: 172.20.0.100 - - [30/Jan/2026:12:09:19 +0000] "GET /d1/245/AUTH_f2ce6bfc308e4e2fbf4623f9afa112fc/gnocchi.7f8cf68b-6710-4dbd-bb53-7f758bcbeec9" 200 2 "GET http://172.18.0.2:8080/v1/AUTH_f2ce6bfc308e4e2fbf4623f9afa112fc/gnocchi.7f8cf68b-6710-4dbd-bb53-7f758bcbeec9?format=json&marker=none_v3&states=listing" "txba998e248d9e460a90f07-00697c9f6f" "proxy-server 20" 0.0019 "-" 23 0
Jan 30 12:09:19 standalone proxy-server[130418]: 172.18.0.2 172.18.0.100 30/Jan/2026/12/09/19 GET /v1/AUTH_f2ce6bfc308e4e2fbf4623f9afa112fc/gnocchi.7f8cf68b-6710-4dbd-bb53-7f758bcbeec9%3Fformat%3Djson%26marker%3Dnone_v3%26states%3Dlisting HTTP/1.0 200 - python-swiftclient-3.11.1 gAAAAABpfJ7zkMxm... - 2 - txba998e248d9e460a90f07-00697c9f6f - 0.0086 - - 1769774959.933055639 1769774959.941643238 0
Jan 30 12:09:19 standalone object-server[128452]: 172.20.0.100 - - [30/Jan/2026:12:09:19 +0000] "GET /d1/192/AUTH_f2ce6bfc308e4e2fbf4623f9afa112fc/gnocchi.7f8cf68b-6710-4dbd-bb53-7f758bcbeec9/1769040000.0_mean_300.0_v3" 200 16 "GET http://172.18.0.2:8080/v1/AUTH_f2ce6bfc308e4e2fbf4623f9afa112fc/gnocchi.7f8cf68b-6710-4dbd-bb53-7f758bcbeec9/1769040000.0_mean_300.0_v3" "txac075f35b05f4ea3997df-00697c9f6f" "proxy-server 20" 0.0011 "-" 20 0
Jan 30 12:09:19 standalone proxy-server[130418]: 172.18.0.2 172.18.0.100 30/Jan/2026/12/09/19 GET /v1/AUTH_f2ce6bfc308e4e2fbf4623f9afa112fc/gnocchi.7f8cf68b-6710-4dbd-bb53-7f758bcbeec9/1769040000.0_mean_300.0_v3 HTTP/1.0 200 - python-swiftclient-3.11.1 gAAAAABpfJ7zkMxm... - 16 - txac075f35b05f4ea3997df-00697c9f6f - 0.0079 - - 1769774959.945405483 1769774959.953257322 0
Jan 30 12:09:19 standalone container-server[128299]: 172.20.0.100 - - [30/Jan/2026:12:09:19 +0000] "PUT /d1/245/AUTH_f2ce6bfc308e4e2fbf4623f9afa112fc/gnocchi.7f8cf68b-6710-4dbd-bb53-7f758bcbeec9/1769040000.0_mean_300.0_v3" 201 - "PUT http://172.18.0.2:8080/d1/192/AUTH_f2ce6bfc308e4e2fbf4623f9afa112fc/gnocchi.7f8cf68b-6710-4dbd-bb53-7f758bcbeec9/1769040000.0_mean_300.0_v3" "txb0c4f4ad1e32460ab87ff-00697c9f6f" "object-server 21" 0.0009 "-" 22 0
Jan 30 12:09:19 standalone object-server[128453]: 172.20.0.100 - - [30/Jan/2026:12:09:19 +0000] "PUT /d1/192/AUTH_f2ce6bfc308e4e2fbf4623f9afa112fc/gnocchi.7f8cf68b-6710-4dbd-bb53-7f758bcbeec9/1769040000.0_mean_300.0_v3" 201 - "PUT http://172.18.0.2:8080/v1/AUTH_f2ce6bfc308e4e2fbf4623f9afa112fc/gnocchi.7f8cf68b-6710-4dbd-bb53-7f758bcbeec9/1769040000.0_mean_300.0_v3" "txb0c4f4ad1e32460ab87ff-00697c9f6f" "proxy-server 20" 0.0131 "-" 21 0
Jan 30 12:09:19 standalone proxy-server[130418]: 172.18.0.2 172.18.0.100 30/Jan/2026/12/09/19 PUT /v1/AUTH_f2ce6bfc308e4e2fbf4623f9afa112fc/gnocchi.7f8cf68b-6710-4dbd-bb53-7f758bcbeec9/1769040000.0_mean_300.0_v3 HTTP/1.0 201 - python-swiftclient-3.11.1 gAAAAABpfJ7zkMxm... 16 - - txb0c4f4ad1e32460ab87ff-00697c9f6f - 0.0195 - - 1769774959.956337214 1769774959.975806713 0
Jan 30 12:09:19 standalone container-server[128286]: 172.20.0.100 - - [30/Jan/2026:12:09:19 +0000] "PUT /d1/245/AUTH_f2ce6bfc308e4e2fbf4623f9afa112fc/gnocchi.7f8cf68b-6710-4dbd-bb53-7f758bcbeec9/none_v3" 201 - "PUT http://172.18.0.2:8080/d1/966/AUTH_f2ce6bfc308e4e2fbf4623f9afa112fc/gnocchi.7f8cf68b-6710-4dbd-bb53-7f758bcbeec9/none_v3" "tx5c4a418de5bb497696230-00697c9f6f" "object-server 20" 0.0004 "-" 21 0
Jan 30 12:09:19 standalone object-server[128452]: 172.20.0.100 - - [30/Jan/2026:12:09:19 +0000] "PUT /d1/966/AUTH_f2ce6bfc308e4e2fbf4623f9afa112fc/gnocchi.7f8cf68b-6710-4dbd-bb53-7f758bcbeec9/none_v3" 201 - "PUT http://172.18.0.2:8080/v1/AUTH_f2ce6bfc308e4e2fbf4623f9afa112fc/gnocchi.7f8cf68b-6710-4dbd-bb53-7f758bcbeec9/none_v3" "tx5c4a418de5bb497696230-00697c9f6f" "proxy-server 20" 0.0090 "-" 20 0
Jan 30 12:09:19 standalone proxy-server[130418]: 172.18.0.2 172.18.0.100 30/Jan/2026/12/09/19 PUT /v1/AUTH_f2ce6bfc308e4e2fbf4623f9afa112fc/gnocchi.7f8cf68b-6710-4dbd-bb53-7f758bcbeec9/none_v3 HTTP/1.0 201 - python-swiftclient-3.11.1 gAAAAABpfJ7zkMxm... 51 - - tx5c4a418de5bb497696230-00697c9f6f - 0.0154 - - 1769774959.979099989 1769774959.994518042 0
Jan 30 12:09:20 standalone object-server[128453]: 172.20.0.100 - - [30/Jan/2026:12:09:20 +0000] "GET /d1/318/AUTH_f2ce6bfc308e4e2fbf4623f9afa112fc/gnocchi.38c9b53e-7d1d-41d2-9353-f703f6694413/none_v3" 200 22 "GET http://172.18.0.2:8080/v1/AUTH_f2ce6bfc308e4e2fbf4623f9afa112fc/gnocchi.38c9b53e-7d1d-41d2-9353-f703f6694413/none_v3" "tx1362229e41a941bdbc0bb-00697c9f70" "proxy-server 20" 0.0012 "-" 21 0
Jan 30 12:09:20 standalone proxy-server[130418]: 172.18.0.2 172.18.0.100 30/Jan/2026/12/09/20 GET /v1/AUTH_f2ce6bfc308e4e2fbf4623f9afa112fc/gnocchi.38c9b53e-7d1d-41d2-9353-f703f6694413/none_v3 HTTP/1.0 200 - python-swiftclient-3.11.1 gAAAAABpfJ7zkMxm... - 22 - tx1362229e41a941bdbc0bb-00697c9f70 - 0.0084 - - 1769774960.013646603 1769774960.022023678 0
Jan 30 12:09:20 standalone container-server[128281]: 172.20.0.100 - - [30/Jan/2026:12:09:20 +0000] "GET /d1/295/AUTH_f2ce6bfc308e4e2fbf4623f9afa112fc/gnocchi.38c9b53e-7d1d-41d2-9353-f703f6694413" 200 357 "GET http://172.18.0.2:8080/v1/AUTH_f2ce6bfc308e4e2fbf4623f9afa112fc/gnocchi.38c9b53e-7d1d-41d2-9353-f703f6694413?format=json&states=listing" "tx9176b28b275849cb87999-00697c9f70" "proxy-server 20" 0.0029 "-" 20 0
Jan 30 12:09:20 standalone proxy-server[130418]: 172.18.0.2 172.18.0.100 30/Jan/2026/12/09/20 GET /v1/AUTH_f2ce6bfc308e4e2fbf4623f9afa112fc/gnocchi.38c9b53e-7d1d-41d2-9353-f703f6694413%3Fformat%3Djson%26states%3Dlisting HTTP/1.0 200 - python-swiftclient-3.11.1 gAAAAABpfJ7zkMxm... - 357 - tx9176b28b275849cb87999-00697c9f70 - 0.0093 - - 1769774960.026150942 1769774960.035498381 0
Jan 30 12:09:20 standalone container-server[128315]: 172.20.0.100 - - [30/Jan/2026:12:09:20 +0000] "GET /d1/295/AUTH_f2ce6bfc308e4e2fbf4623f9afa112fc/gnocchi.38c9b53e-7d1d-41d2-9353-f703f6694413" 200 2 "GET http://172.18.0.2:8080/v1/AUTH_f2ce6bfc308e4e2fbf4623f9afa112fc/gnocchi.38c9b53e-7d1d-41d2-9353-f703f6694413?format=json&marker=none_v3&states=listing" "tx004405dfea194d419e117-00697c9f70" "proxy-server 20" 0.0022 "-" 23 0
Jan 30 12:09:20 standalone proxy-server[130418]: 172.18.0.2 172.18.0.100 30/Jan/2026/12/09/20 GET /v1/AUTH_f2ce6bfc308e4e2fbf4623f9afa112fc/gnocchi.38c9b53e-7d1d-41d2-9353-f703f6694413%3Fformat%3Djson%26marker%3Dnone_v3%26states%3Dlisting HTTP/1.0 200 - python-swiftclient-3.11.1 gAAAAABpfJ7zkMxm... - 2 - tx004405dfea194d419e117-00697c9f70 - 0.0081 - - 1769774960.038867950 1769774960.046994686 0
Jan 30 12:09:20 standalone object-server[128453]: 172.20.0.100 - - [30/Jan/2026:12:09:20 +0000] "GET /d1/188/AUTH_f2ce6bfc308e4e2fbf4623f9afa112fc/gnocchi.38c9b53e-7d1d-41d2-9353-f703f6694413/1769040000.0_mean_300.0_v3" 200 16 "GET http://172.18.0.2:8080/v1/AUTH_f2ce6bfc308e4e2fbf4623f9afa112fc/gnocchi.38c9b53e-7d1d-41d2-9353-f703f6694413/1769040000.0_mean_300.0_v3" "tx800da322b805492b8c504-00697c9f70" "proxy-server 20" 0.0012 "-" 21 0
Jan 30 12:09:20 standalone proxy-server[130418]: 172.18.0.2 172.18.0.100 30/Jan/2026/12/09/20 GET /v1/AUTH_f2ce6bfc308e4e2fbf4623f9afa112fc/gnocchi.38c9b53e-7d1d-41d2-9353-f703f6694413/1769040000.0_mean_300.0_v3 HTTP/1.0 200 - python-swiftclient-3.11.1 gAAAAABpfJ7zkMxm... - 16 - tx800da322b805492b8c504-00697c9f70 - 0.0082 - - 1769774960.051284075 1769774960.059474468 0
Jan 30 12:09:20 standalone container-server[128299]: 172.20.0.100 - - [30/Jan/2026:12:09:20 +0000] "PUT /d1/295/AUTH_f2ce6bfc308e4e2fbf4623f9afa112fc/gnocchi.38c9b53e-7d1d-41d2-9353-f703f6694413/1769040000.0_mean_300.0_v3" 201 - "PUT http://172.18.0.2:8080/d1/188/AUTH_f2ce6bfc308e4e2fbf4623f9afa112fc/gnocchi.38c9b53e-7d1d-41d2-9353-f703f6694413/1769040000.0_mean_300.0_v3" "tx2b047933192a4927b2fbd-00697c9f70" "object-server 23" 0.0014 "-" 22 0
Jan 30 12:09:20 standalone object-server[128455]: 172.20.0.100 - - [30/Jan/2026:12:09:20 +0000] "PUT /d1/188/AUTH_f2ce6bfc308e4e2fbf4623f9afa112fc/gnocchi.38c9b53e-7d1d-41d2-9353-f703f6694413/1769040000.0_mean_300.0_v3" 201 - "PUT http://172.18.0.2:8080/v1/AUTH_f2ce6bfc308e4e2fbf4623f9afa112fc/gnocchi.38c9b53e-7d1d-41d2-9353-f703f6694413/1769040000.0_mean_300.0_v3" "tx2b047933192a4927b2fbd-00697c9f70" "proxy-server 20" 0.0165 "-" 23 0
Jan 30 12:09:20 standalone proxy-server[130418]: 172.18.0.2 172.18.0.100 30/Jan/2026/12/09/20 PUT /v1/AUTH_f2ce6bfc308e4e2fbf4623f9afa112fc/gnocchi.38c9b53e-7d1d-41d2-9353-f703f6694413/1769040000.0_mean_300.0_v3 HTTP/1.0 201 - python-swiftclient-3.11.1 gAAAAABpfJ7zkMxm... 16 - - tx2b047933192a4927b2fbd-00697c9f70 - 0.0237 - - 1769774960.064407110 1769774960.088090897 0
Jan 30 12:09:20 standalone container-server[128281]: 172.20.0.100 - - [30/Jan/2026:12:09:20 +0000] "PUT /d1/295/AUTH_f2ce6bfc308e4e2fbf4623f9afa112fc/gnocchi.38c9b53e-7d1d-41d2-9353-f703f6694413/none_v3" 201 - "PUT http://172.18.0.2:8080/d1/318/AUTH_f2ce6bfc308e4e2fbf4623f9afa112fc/gnocchi.38c9b53e-7d1d-41d2-9353-f703f6694413/none_v3" "tx3b5089a9d9eb4e12a00f4-00697c9f70" "object-server 20" 0.0009 "-" 20 0
Jan 30 12:09:20 standalone object-server[128452]: 172.20.0.100 - - [30/Jan/2026:12:09:20 +0000] "PUT /d1/318/AUTH_f2ce6bfc308e4e2fbf4623f9afa112fc/gnocchi.38c9b53e-7d1d-41d2-9353-f703f6694413/none_v3" 201 - "PUT http://172.18.0.2:8080/v1/AUTH_f2ce6bfc308e4e2fbf4623f9afa112fc/gnocchi.38c9b53e-7d1d-41d2-9353-f703f6694413/none_v3" "tx3b5089a9d9eb4e12a00f4-00697c9f70" "proxy-server 20" 0.0298 "-" 20 0
Jan 30 12:09:20 standalone proxy-server[130418]: 172.18.0.2 172.18.0.100 30/Jan/2026/12/09/20 PUT /v1/AUTH_f2ce6bfc308e4e2fbf4623f9afa112fc/gnocchi.38c9b53e-7d1d-41d2-9353-f703f6694413/none_v3 HTTP/1.0 201 - python-swiftclient-3.11.1 gAAAAABpfJ7zkMxm... 32 - - tx3b5089a9d9eb4e12a00f4-00697c9f70 - 0.0368 - - 1769774960.092100620 1769774960.128893137 0
Jan 30 12:09:20 standalone object-server[128455]: 172.20.0.100 - - [30/Jan/2026:12:09:20 +0000] "GET /d1/497/AUTH_f2ce6bfc308e4e2fbf4623f9afa112fc/gnocchi.ea98457a-5eb2-4862-b722-9c0c08d8ad69/none_v3" 200 22 "GET http://172.18.0.2:8080/v1/AUTH_f2ce6bfc308e4e2fbf4623f9afa112fc/gnocchi.ea98457a-5eb2-4862-b722-9c0c08d8ad69/none_v3" "tx34c2893e06fe49df840d4-00697c9f70" "proxy-server 20" 0.0007 "-" 23 0
Jan 30 12:09:20 standalone proxy-server[130418]: 172.18.0.2 172.18.0.100 30/Jan/2026/12/09/20 GET /v1/AUTH_f2ce6bfc308e4e2fbf4623f9afa112fc/gnocchi.ea98457a-5eb2-4862-b722-9c0c08d8ad69/none_v3 HTTP/1.0 200 - python-swiftclient-3.11.1 gAAAAABpfJ7zkMxm... - 22 - tx34c2893e06fe49df840d4-00697c9f70 - 0.0090 - - 1769774960.137498856 1769774960.146518707 0
Jan 30 12:09:20 standalone container-server[128299]: 172.20.0.100 - - [30/Jan/2026:12:09:20 +0000] "GET /d1/973/AUTH_f2ce6bfc308e4e2fbf4623f9afa112fc/gnocchi.ea98457a-5eb2-4862-b722-9c0c08d8ad69" 200 357 "GET http://172.18.0.2:8080/v1/AUTH_f2ce6bfc308e4e2fbf4623f9afa112fc/gnocchi.ea98457a-5eb2-4862-b722-9c0c08d8ad69?format=json&states=listing" "tx745709443f6a4db4a28d0-00697c9f70" "proxy-server 20" 0.0030 "-" 22 0
Jan 30 12:09:20 standalone proxy-server[130418]: 172.18.0.2 172.18.0.100 30/Jan/2026/12/09/20 GET /v1/AUTH_f2ce6bfc308e4e2fbf4623f9afa112fc/gnocchi.ea98457a-5eb2-4862-b722-9c0c08d8ad69%3Fformat%3Djson%26states%3Dlisting HTTP/1.0 200 - python-swiftclient-3.11.1 gAAAAABpfJ7zkMxm... - 357 - tx745709443f6a4db4a28d0-00697c9f70 - 0.0100 - - 1769774960.152326345 1769774960.162345409 0
Jan 30 12:09:20 standalone container-server[128315]: 172.20.0.100 - - [30/Jan/2026:12:09:20 +0000] "GET /d1/973/AUTH_f2ce6bfc308e4e2fbf4623f9afa112fc/gnocchi.ea98457a-5eb2-4862-b722-9c0c08d8ad69" 200 2 "GET http://172.18.0.2:8080/v1/AUTH_f2ce6bfc308e4e2fbf4623f9afa112fc/gnocchi.ea98457a-5eb2-4862-b722-9c0c08d8ad69?format=json&marker=none_v3&states=listing" "tx9e36466a437145068d9a3-00697c9f70" "proxy-server 20" 0.0036 "-" 23 0
Jan 30 12:09:20 standalone proxy-server[130418]: 172.18.0.2 172.18.0.100 30/Jan/2026/12/09/20 GET /v1/AUTH_f2ce6bfc308e4e2fbf4623f9afa112fc/gnocchi.ea98457a-5eb2-4862-b722-9c0c08d8ad69%3Fformat%3Djson%26marker%3Dnone_v3%26states%3Dlisting HTTP/1.0 200 - python-swiftclient-3.11.1 gAAAAABpfJ7zkMxm... - 2 - tx9e36466a437145068d9a3-00697c9f70 - 0.0111 - - 1769774960.165605783 1769774960.176667213 0
Jan 30 12:09:20 standalone object-server[128453]: 172.20.0.100 - - [30/Jan/2026:12:09:20 +0000] "GET /d1/812/AUTH_f2ce6bfc308e4e2fbf4623f9afa112fc/gnocchi.ea98457a-5eb2-4862-b722-9c0c08d8ad69/1769040000.0_mean_300.0_v3" 200 16 "GET http://172.18.0.2:8080/v1/AUTH_f2ce6bfc308e4e2fbf4623f9afa112fc/gnocchi.ea98457a-5eb2-4862-b722-9c0c08d8ad69/1769040000.0_mean_300.0_v3" "txccc49ec8439a47beae5f8-00697c9f70" "proxy-server 20" 0.0007 "-" 21 0
Jan 30 12:09:20 standalone proxy-server[130418]: 172.18.0.2 172.18.0.100 30/Jan/2026/12/09/20 GET /v1/AUTH_f2ce6bfc308e4e2fbf4623f9afa112fc/gnocchi.ea98457a-5eb2-4862-b722-9c0c08d8ad69/1769040000.0_mean_300.0_v3 HTTP/1.0 200 - python-swiftclient-3.11.1 gAAAAABpfJ7zkMxm... - 16 - txccc49ec8439a47beae5f8-00697c9f70 - 0.0062 - - 1769774960.180976152 1769774960.187128544 0
Jan 30 12:09:20 standalone container-server[128315]: 172.20.0.100 - - [30/Jan/2026:12:09:20 +0000] "PUT /d1/973/AUTH_f2ce6bfc308e4e2fbf4623f9afa112fc/gnocchi.ea98457a-5eb2-4862-b722-9c0c08d8ad69/1769040000.0_mean_300.0_v3" 201 - "PUT http://172.18.0.2:8080/d1/812/AUTH_f2ce6bfc308e4e2fbf4623f9afa112fc/gnocchi.ea98457a-5eb2-4862-b722-9c0c08d8ad69/1769040000.0_mean_300.0_v3" "txf9f001633e7147b3b4905-00697c9f70" "object-server 20" 0.0008 "-" 23 0
Jan 30 12:09:20 standalone object-server[128452]: 172.20.0.100 - - [30/Jan/2026:12:09:20 +0000] "PUT /d1/812/AUTH_f2ce6bfc308e4e2fbf4623f9afa112fc/gnocchi.ea98457a-5eb2-4862-b722-9c0c08d8ad69/1769040000.0_mean_300.0_v3" 201 - "PUT http://172.18.0.2:8080/v1/AUTH_f2ce6bfc308e4e2fbf4623f9afa112fc/gnocchi.ea98457a-5eb2-4862-b722-9c0c08d8ad69/1769040000.0_mean_300.0_v3" "txf9f001633e7147b3b4905-00697c9f70" "proxy-server 20" 0.0096 "-" 20 0
Jan 30 12:09:20 standalone proxy-server[130418]: 172.18.0.2 172.18.0.100 30/Jan/2026/12/09/20 PUT /v1/AUTH_f2ce6bfc308e4e2fbf4623f9afa112fc/gnocchi.ea98457a-5eb2-4862-b722-9c0c08d8ad69/1769040000.0_mean_300.0_v3 HTTP/1.0 201 - python-swiftclient-3.11.1 gAAAAABpfJ7zkMxm... 16 - - txf9f001633e7147b3b4905-00697c9f70 - 0.0166 - - 1769774960.190117359 1769774960.206682920 0
Jan 30 12:09:20 standalone container-server[128281]: 172.20.0.100 - - [30/Jan/2026:12:09:20 +0000] "PUT /d1/973/AUTH_f2ce6bfc308e4e2fbf4623f9afa112fc/gnocchi.ea98457a-5eb2-4862-b722-9c0c08d8ad69/none_v3" 201 - "PUT http://172.18.0.2:8080/d1/497/AUTH_f2ce6bfc308e4e2fbf4623f9afa112fc/gnocchi.ea98457a-5eb2-4862-b722-9c0c08d8ad69/none_v3" "txa09e19c5976c4912824d2-00697c9f70" "object-server 21" 0.0008 "-" 20 0
Jan 30 12:09:20 standalone object-server[128453]: 172.20.0.100 - - [30/Jan/2026:12:09:20 +0000] "PUT /d1/497/AUTH_f2ce6bfc308e4e2fbf4623f9afa112fc/gnocchi.ea98457a-5eb2-4862-b722-9c0c08d8ad69/none_v3" 201 - "PUT http://172.18.0.2:8080/v1/AUTH_f2ce6bfc308e4e2fbf4623f9afa112fc/gnocchi.ea98457a-5eb2-4862-b722-9c0c08d8ad69/none_v3" "txa09e19c5976c4912824d2-00697c9f70" "proxy-server 20" 0.0099 "-" 21 0
Jan 30 12:09:20 standalone proxy-server[130418]: 172.18.0.2 172.18.0.100 30/Jan/2026/12/09/20 PUT /v1/AUTH_f2ce6bfc308e4e2fbf4623f9afa112fc/gnocchi.ea98457a-5eb2-4862-b722-9c0c08d8ad69/none_v3 HTTP/1.0 201 - python-swiftclient-3.11.1 gAAAAABpfJ7zkMxm... 32 - - txa09e19c5976c4912824d2-00697c9f70 - 0.0171 - - 1769774960.213182688 1769774960.230254412 0
Jan 30 12:09:20 standalone object-server[128453]: 172.20.0.100 - - [30/Jan/2026:12:09:20 +0000] "GET /d1/716/AUTH_f2ce6bfc308e4e2fbf4623f9afa112fc/gnocchi.8ac74355-62a4-4d87-81e2-678fc30fbc41/none_v3" 200 22 "GET http://172.18.0.2:8080/v1/AUTH_f2ce6bfc308e4e2fbf4623f9afa112fc/gnocchi.8ac74355-62a4-4d87-81e2-678fc30fbc41/none_v3" "tx51cc68e92d8346398bbf5-00697c9f70" "proxy-server 20" 0.0007 "-" 21 0
Jan 30 12:09:20 standalone proxy-server[130418]: 172.18.0.2 172.18.0.100 30/Jan/2026/12/09/20 GET /v1/AUTH_f2ce6bfc308e4e2fbf4623f9afa112fc/gnocchi.8ac74355-62a4-4d87-81e2-678fc30fbc41/none_v3 HTTP/1.0 200 - python-swiftclient-3.11.1 gAAAAABpfJ7zkMxm... - 22 - tx51cc68e92d8346398bbf5-00697c9f70 - 0.0084 - - 1769774960.248049259 1769774960.256413460 0
Jan 30 12:09:20 standalone container-server[128286]: 172.20.0.100 - - [30/Jan/2026:12:09:20 +0000] "GET /d1/136/AUTH_f2ce6bfc308e4e2fbf4623f9afa112fc/gnocchi.8ac74355-62a4-4d87-81e2-678fc30fbc41" 200 357 "GET http://172.18.0.2:8080/v1/AUTH_f2ce6bfc308e4e2fbf4623f9afa112fc/gnocchi.8ac74355-62a4-4d87-81e2-678fc30fbc41?format=json&states=listing" "tx8a96f26613f242dbb0038-00697c9f70" "proxy-server 20" 0.0075 "-" 21 0
Jan 30 12:09:20 standalone proxy-server[130418]: 172.18.0.2 172.18.0.100 30/Jan/2026/12/09/20 GET /v1/AUTH_f2ce6bfc308e4e2fbf4623f9afa112fc/gnocchi.8ac74355-62a4-4d87-81e2-678fc30fbc41%3Fformat%3Djson%26states%3Dlisting HTTP/1.0 200 - python-swiftclient-3.11.1 gAAAAABpfJ7zkMxm... - 357 - tx8a96f26613f242dbb0038-00697c9f70 - 0.0198 - - 1769774960.260617018 1769774960.280428171 0
Jan 30 12:09:20 standalone container-server[128281]: 172.20.0.100 - - [30/Jan/2026:12:09:20 +0000] "GET /d1/136/AUTH_f2ce6bfc308e4e2fbf4623f9afa112fc/gnocchi.8ac74355-62a4-4d87-81e2-678fc30fbc41" 200 2 "GET http://172.18.0.2:8080/v1/AUTH_f2ce6bfc308e4e2fbf4623f9afa112fc/gnocchi.8ac74355-62a4-4d87-81e2-678fc30fbc41?format=json&marker=none_v3&states=listing" "tx6fc27e90dd2949a796954-00697c9f70" "proxy-server 20" 0.0019 "-" 20 0
Jan 30 12:09:20 standalone proxy-server[130418]: 172.18.0.2 172.18.0.100 30/Jan/2026/12/09/20 GET /v1/AUTH_f2ce6bfc308e4e2fbf4623f9afa112fc/gnocchi.8ac74355-62a4-4d87-81e2-678fc30fbc41%3Fformat%3Djson%26marker%3Dnone_v3%26states%3Dlisting HTTP/1.0 200 - python-swiftclient-3.11.1 gAAAAABpfJ7zkMxm... - 2 - tx6fc27e90dd2949a796954-00697c9f70 - 0.0128 - - 1769774960.283735752 1769774960.296485901 0
Jan 30 12:09:20 standalone object-server[128455]: 172.20.0.100 - - [30/Jan/2026:12:09:20 +0000] "GET /d1/552/AUTH_f2ce6bfc308e4e2fbf4623f9afa112fc/gnocchi.8ac74355-62a4-4d87-81e2-678fc30fbc41/1769040000.0_mean_300.0_v3" 200 16 "GET http://172.18.0.2:8080/v1/AUTH_f2ce6bfc308e4e2fbf4623f9afa112fc/gnocchi.8ac74355-62a4-4d87-81e2-678fc30fbc41/1769040000.0_mean_300.0_v3" "tx5d201a5c06344c929cb4b-00697c9f70" "proxy-server 20" 0.0011 "-" 23 0
Jan 30 12:09:20 standalone proxy-server[130418]: 172.18.0.2 172.18.0.100 30/Jan/2026/12/09/20 GET /v1/AUTH_f2ce6bfc308e4e2fbf4623f9afa112fc/gnocchi.8ac74355-62a4-4d87-81e2-678fc30fbc41/1769040000.0_mean_300.0_v3 HTTP/1.0 200 - python-swiftclient-3.11.1 gAAAAABpfJ7zkMxm... - 16 - tx5d201a5c06344c929cb4b-00697c9f70 - 0.0102 - - 1769774960.300122976 1769774960.310330153 0
Jan 30 12:09:20 standalone container-server[128299]: 172.20.0.100 - - [30/Jan/2026:12:09:20 +0000] "PUT /d1/136/AUTH_f2ce6bfc308e4e2fbf4623f9afa112fc/gnocchi.8ac74355-62a4-4d87-81e2-678fc30fbc41/1769040000.0_mean_300.0_v3" 201 - "PUT http://172.18.0.2:8080/d1/552/AUTH_f2ce6bfc308e4e2fbf4623f9afa112fc/gnocchi.8ac74355-62a4-4d87-81e2-678fc30fbc41/1769040000.0_mean_300.0_v3" "txdd2dbf17ad844a03a3d57-00697c9f70" "object-server 21" 0.0008 "-" 22 0
Jan 30 12:09:20 standalone object-server[128453]: 172.20.0.100 - - [30/Jan/2026:12:09:20 +0000] "PUT /d1/552/AUTH_f2ce6bfc308e4e2fbf4623f9afa112fc/gnocchi.8ac74355-62a4-4d87-81e2-678fc30fbc41/1769040000.0_mean_300.0_v3" 201 - "PUT http://172.18.0.2:8080/v1/AUTH_f2ce6bfc308e4e2fbf4623f9afa112fc/gnocchi.8ac74355-62a4-4d87-81e2-678fc30fbc41/1769040000.0_mean_300.0_v3" "txdd2dbf17ad844a03a3d57-00697c9f70" "proxy-server 20" 0.0110 "-" 21 0
Jan 30 12:09:20 standalone proxy-server[130418]: 172.18.0.2 172.18.0.100 30/Jan/2026/12/09/20 PUT /v1/AUTH_f2ce6bfc308e4e2fbf4623f9afa112fc/gnocchi.8ac74355-62a4-4d87-81e2-678fc30fbc41/1769040000.0_mean_300.0_v3 HTTP/1.0 201 - python-swiftclient-3.11.1 gAAAAABpfJ7zkMxm... 16 - - txdd2dbf17ad844a03a3d57-00697c9f70 - 0.0185 - - 1769774960.312920570 1769774960.331440926 0
Jan 30 12:09:20 standalone container-server[128286]: 172.20.0.100 - - [30/Jan/2026:12:09:20 +0000] "PUT /d1/136/AUTH_f2ce6bfc308e4e2fbf4623f9afa112fc/gnocchi.8ac74355-62a4-4d87-81e2-678fc30fbc41/none_v3" 201 - "PUT http://172.18.0.2:8080/d1/716/AUTH_f2ce6bfc308e4e2fbf4623f9afa112fc/gnocchi.8ac74355-62a4-4d87-81e2-678fc30fbc41/none_v3" "tx0908c696e685428898e94-00697c9f70" "object-server 21" 0.0013 "-" 21 0
Jan 30 12:09:20 standalone object-server[128453]: 172.20.0.100 - - [30/Jan/2026:12:09:20 +0000] "PUT /d1/716/AUTH_f2ce6bfc308e4e2fbf4623f9afa112fc/gnocchi.8ac74355-62a4-4d87-81e2-678fc30fbc41/none_v3" 201 - "PUT http://172.18.0.2:8080/v1/AUTH_f2ce6bfc308e4e2fbf4623f9afa112fc/gnocchi.8ac74355-62a4-4d87-81e2-678fc30fbc41/none_v3" "tx0908c696e685428898e94-00697c9f70" "proxy-server 20" 0.0117 "-" 21 0
Jan 30 12:09:20 standalone proxy-server[130418]: 172.18.0.2 172.18.0.100 30/Jan/2026/12/09/20 PUT /v1/AUTH_f2ce6bfc308e4e2fbf4623f9afa112fc/gnocchi.8ac74355-62a4-4d87-81e2-678fc30fbc41/none_v3 HTTP/1.0 201 - python-swiftclient-3.11.1 gAAAAABpfJ7zkMxm... 32 - - tx0908c696e685428898e94-00697c9f70 - 0.0197 - - 1769774960.335263729 1769774960.354979038 0
Jan 30 12:09:20 standalone object-server[128454]: 172.20.0.100 - - [30/Jan/2026:12:09:20 +0000] "GET /d1/792/AUTH_f2ce6bfc308e4e2fbf4623f9afa112fc/gnocchi.719ad5c3-569c-4695-b53a-97ecd0d8b705/none_v3" 200 22 "GET http://172.18.0.2:8080/v1/AUTH_f2ce6bfc308e4e2fbf4623f9afa112fc/gnocchi.719ad5c3-569c-4695-b53a-97ecd0d8b705/none_v3" "tx366121a139124077b984a-00697c9f70" "proxy-server 20" 0.0007 "-" 22 0
Jan 30 12:09:20 standalone proxy-server[130418]: 172.18.0.2 172.18.0.100 30/Jan/2026/12/09/20 GET /v1/AUTH_f2ce6bfc308e4e2fbf4623f9afa112fc/gnocchi.719ad5c3-569c-4695-b53a-97ecd0d8b705/none_v3 HTTP/1.0 200 - python-swiftclient-3.11.1 gAAAAABpfJ7zkMxm... - 22 - tx366121a139124077b984a-00697c9f70 - 0.0078 - - 1769774960.364460945 1769774960.372296095 0
Jan 30 12:09:20 standalone container-server[128281]: 172.20.0.100 - - [30/Jan/2026:12:09:20 +0000] "GET /d1/503/AUTH_f2ce6bfc308e4e2fbf4623f9afa112fc/gnocchi.719ad5c3-569c-4695-b53a-97ecd0d8b705" 200 357 "GET http://172.18.0.2:8080/v1/AUTH_f2ce6bfc308e4e2fbf4623f9afa112fc/gnocchi.719ad5c3-569c-4695-b53a-97ecd0d8b705?format=json&states=listing" "tx9647047633bd430bb5eb2-00697c9f70" "proxy-server 20" 0.0037 "-" 20 0
Jan 30 12:09:20 standalone proxy-server[130418]: 172.18.0.2 172.18.0.100 30/Jan/2026/12/09/20 GET /v1/AUTH_f2ce6bfc308e4e2fbf4623f9afa112fc/gnocchi.719ad5c3-569c-4695-b53a-97ecd0d8b705%3Fformat%3Djson%26states%3Dlisting HTTP/1.0 200 - python-swiftclient-3.11.1 gAAAAABpfJ7zkMxm... - 357 - tx9647047633bd430bb5eb2-00697c9f70 - 0.0566 - - 1769774960.375259638 1769774960.431844234 0
Jan 30 12:09:20 standalone container-server[128281]: 172.20.0.100 - - [30/Jan/2026:12:09:20 +0000] "GET /d1/503/AUTH_f2ce6bfc308e4e2fbf4623f9afa112fc/gnocchi.719ad5c3-569c-4695-b53a-97ecd0d8b705" 200 2 "GET http://172.18.0.2:8080/v1/AUTH_f2ce6bfc308e4e2fbf4623f9afa112fc/gnocchi.719ad5c3-569c-4695-b53a-97ecd0d8b705?format=json&marker=none_v3&states=listing" "tx2f80b35ac1ac4f28acdd3-00697c9f70" "proxy-server 20" 0.0031 "-" 20 0
Jan 30 12:09:20 standalone proxy-server[130418]: 172.18.0.2 172.18.0.100 30/Jan/2026/12/09/20 GET /v1/AUTH_f2ce6bfc308e4e2fbf4623f9afa112fc/gnocchi.719ad5c3-569c-4695-b53a-97ecd0d8b705%3Fformat%3Djson%26marker%3Dnone_v3%26states%3Dlisting HTTP/1.0 200 - python-swiftclient-3.11.1 gAAAAABpfJ7zkMxm... - 2 - tx2f80b35ac1ac4f28acdd3-00697c9f70 - 0.0093 - - 1769774960.433956861 1769774960.443254471 0
Jan 30 12:09:20 standalone object-server[128452]: 172.20.0.100 - - [30/Jan/2026:12:09:20 +0000] "GET /d1/186/AUTH_f2ce6bfc308e4e2fbf4623f9afa112fc/gnocchi.719ad5c3-569c-4695-b53a-97ecd0d8b705/1769040000.0_mean_300.0_v3" 200 16 "GET http://172.18.0.2:8080/v1/AUTH_f2ce6bfc308e4e2fbf4623f9afa112fc/gnocchi.719ad5c3-569c-4695-b53a-97ecd0d8b705/1769040000.0_mean_300.0_v3" "txff524cc841e4426e80ed6-00697c9f70" "proxy-server 20" 0.0007 "-" 20 0
Jan 30 12:09:20 standalone proxy-server[130418]: 172.18.0.2 172.18.0.100 30/Jan/2026/12/09/20 GET /v1/AUTH_f2ce6bfc308e4e2fbf4623f9afa112fc/gnocchi.719ad5c3-569c-4695-b53a-97ecd0d8b705/1769040000.0_mean_300.0_v3 HTTP/1.0 200 - python-swiftclient-3.11.1 gAAAAABpfJ7zkMxm... - 16 - txff524cc841e4426e80ed6-00697c9f70 - 0.0067 - - 1769774960.447975636 1769774960.454679012 0
Jan 30 12:09:20 standalone container-server[128286]: 172.20.0.100 - - [30/Jan/2026:12:09:20 +0000] "PUT /d1/503/AUTH_f2ce6bfc308e4e2fbf4623f9afa112fc/gnocchi.719ad5c3-569c-4695-b53a-97ecd0d8b705/1769040000.0_mean_300.0_v3" 201 - "PUT http://172.18.0.2:8080/d1/186/AUTH_f2ce6bfc308e4e2fbf4623f9afa112fc/gnocchi.719ad5c3-569c-4695-b53a-97ecd0d8b705/1769040000.0_mean_300.0_v3" "tx87f348fd221c45e1abba8-00697c9f70" "object-server 23" 0.0005 "-" 21 0
Jan 30 12:09:20 standalone object-server[128455]: 172.20.0.100 - - [30/Jan/2026:12:09:20 +0000] "PUT /d1/186/AUTH_f2ce6bfc308e4e2fbf4623f9afa112fc/gnocchi.719ad5c3-569c-4695-b53a-97ecd0d8b705/1769040000.0_mean_300.0_v3" 201 - "PUT http://172.18.0.2:8080/v1/AUTH_f2ce6bfc308e4e2fbf4623f9afa112fc/gnocchi.719ad5c3-569c-4695-b53a-97ecd0d8b705/1769040000.0_mean_300.0_v3" "tx87f348fd221c45e1abba8-00697c9f70" "proxy-server 20" 0.0110 "-" 23 0
Jan 30 12:09:20 standalone proxy-server[130418]: 172.18.0.2 172.18.0.100 30/Jan/2026/12/09/20 PUT /v1/AUTH_f2ce6bfc308e4e2fbf4623f9afa112fc/gnocchi.719ad5c3-569c-4695-b53a-97ecd0d8b705/1769040000.0_mean_300.0_v3 HTTP/1.0 201 - python-swiftclient-3.11.1 gAAAAABpfJ7zkMxm... 16 - - tx87f348fd221c45e1abba8-00697c9f70 - 0.0169 - - 1769774960.457059622 1769774960.473929882 0
Jan 30 12:09:20 standalone container-server[128299]: 172.20.0.100 - - [30/Jan/2026:12:09:20 +0000] "PUT /d1/503/AUTH_f2ce6bfc308e4e2fbf4623f9afa112fc/gnocchi.719ad5c3-569c-4695-b53a-97ecd0d8b705/none_v3" 201 - "PUT http://172.18.0.2:8080/d1/792/AUTH_f2ce6bfc308e4e2fbf4623f9afa112fc/gnocchi.719ad5c3-569c-4695-b53a-97ecd0d8b705/none_v3" "tx7dd0ef979ae5464fad53a-00697c9f70" "object-server 23" 0.0006 "-" 22 0
Jan 30 12:09:20 standalone object-server[128455]: 172.20.0.100 - - [30/Jan/2026:12:09:20 +0000] "PUT /d1/792/AUTH_f2ce6bfc308e4e2fbf4623f9afa112fc/gnocchi.719ad5c3-569c-4695-b53a-97ecd0d8b705/none_v3" 201 - "PUT http://172.18.0.2:8080/v1/AUTH_f2ce6bfc308e4e2fbf4623f9afa112fc/gnocchi.719ad5c3-569c-4695-b53a-97ecd0d8b705/none_v3" "tx7dd0ef979ae5464fad53a-00697c9f70" "proxy-server 20" 0.0124 "-" 23 0
Jan 30 12:09:20 standalone proxy-server[130418]: 172.18.0.2 172.18.0.100 30/Jan/2026/12/09/20 PUT /v1/AUTH_f2ce6bfc308e4e2fbf4623f9afa112fc/gnocchi.719ad5c3-569c-4695-b53a-97ecd0d8b705/none_v3 HTTP/1.0 201 - python-swiftclient-3.11.1 gAAAAABpfJ7zkMxm... 32 - - tx7dd0ef979ae5464fad53a-00697c9f70 - 0.0185 - - 1769774960.476364851 1769774960.494869947 0
Jan 30 12:09:23 standalone account-server[128282]: 172.20.0.100 - - [30/Jan/2026:12:09:23 +0000] "HEAD /d1/97/AUTH_f2ce6bfc308e4e2fbf4623f9afa112fc" 204 - "HEAD http://172.18.0.2:8080/v1/AUTH_f2ce6bfc308e4e2fbf4623f9afa112fc?format=json" "txdb910e093126482881b47-00697c9f73" "proxy-server 20" 0.0104 "-" 21 -
Jan 30 12:09:23 standalone proxy-server[130418]: - - 30/Jan/2026/12/09/23 HEAD /v1/AUTH_f2ce6bfc308e4e2fbf4623f9afa112fc%3Fformat%3Djson HTTP/1.0 204 - Swift - - - - txdb910e093126482881b47-00697c9f73 - 0.0157 RL - 1769774963.789801359 1769774963.805528402 -
Jan 30 12:09:23 standalone container-server[128315]: 172.20.0.100 - - [30/Jan/2026:12:09:23 +0000] "HEAD /d1/475/AUTH_f2ce6bfc308e4e2fbf4623f9afa112fc/gnocchi.d0d3c735-830a-4d4b-98f7-27e6bdd36a8a" 404 - "HEAD http://172.18.0.2:8080/v1/AUTH_f2ce6bfc308e4e2fbf4623f9afa112fc/gnocchi.d0d3c735-830a-4d4b-98f7-27e6bdd36a8a?format=json&states=listing" "txdb910e093126482881b47-00697c9f73" "proxy-server 20" 0.0008 "-" 23 0
Jan 30 12:09:23 standalone object-server[128452]: 172.20.0.100 - - [30/Jan/2026:12:09:23 +0000] "GET /d1/802/AUTH_f2ce6bfc308e4e2fbf4623f9afa112fc/gnocchi.d0d3c735-830a-4d4b-98f7-27e6bdd36a8a/none_v3" 404 70 "GET http://172.18.0.2:8080/v1/AUTH_f2ce6bfc308e4e2fbf4623f9afa112fc/gnocchi.d0d3c735-830a-4d4b-98f7-27e6bdd36a8a/none_v3" "txdb910e093126482881b47-00697c9f73" "proxy-server 20" 0.0006 "-" 20 0
Jan 30 12:09:23 standalone proxy-server[130418]: 172.18.0.2 172.18.0.100 30/Jan/2026/12/09/23 GET /v1/AUTH_f2ce6bfc308e4e2fbf4623f9afa112fc/gnocchi.d0d3c735-830a-4d4b-98f7-27e6bdd36a8a/none_v3 HTTP/1.0 404 - python-swiftclient-3.11.1 gAAAAABpfJ7zkMxm... - 70 - txdb910e093126482881b47-00697c9f73 - 0.0287 - - 1769774963.788661718 1769774963.817311764 0
Jan 30 12:09:23 standalone account-server[128277]: 172.20.0.100 - - [30/Jan/2026:12:09:23 +0000] "PUT /d1/97/AUTH_f2ce6bfc308e4e2fbf4623f9afa112fc/gnocchi.d0d3c735-830a-4d4b-98f7-27e6bdd36a8a" 201 - "PUT http://172.20.0.100:6001/d1/475/AUTH_f2ce6bfc308e4e2fbf4623f9afa112fc/gnocchi.d0d3c735-830a-4d4b-98f7-27e6bdd36a8a" "tx8b1c76f021944c0f9057e-00697c9f73" "container-server 21" 0.0023 "-" 20 0
Jan 30 12:09:23 standalone container-server[128286]: 172.20.0.100 - - [30/Jan/2026:12:09:23 +0000] "PUT /d1/475/AUTH_f2ce6bfc308e4e2fbf4623f9afa112fc/gnocchi.d0d3c735-830a-4d4b-98f7-27e6bdd36a8a" 201 - "PUT http://172.18.0.2:8080/v1/AUTH_f2ce6bfc308e4e2fbf4623f9afa112fc/gnocchi.d0d3c735-830a-4d4b-98f7-27e6bdd36a8a" "tx8b1c76f021944c0f9057e-00697c9f73" "proxy-server 20" 0.0184 "-" 21 0
Jan 30 12:09:23 standalone proxy-server[130418]: 172.18.0.2 172.18.0.100 30/Jan/2026/12/09/23 PUT /v1/AUTH_f2ce6bfc308e4e2fbf4623f9afa112fc/gnocchi.d0d3c735-830a-4d4b-98f7-27e6bdd36a8a HTTP/1.0 201 - python-swiftclient-3.11.1 gAAAAABpfJ7zkMxm... - - - tx8b1c76f021944c0f9057e-00697c9f73 - 0.0241 - - 1769774963.821915150 1769774963.846050739 0
Jan 30 12:09:23 standalone container-server[128286]: 172.20.0.100 - - [30/Jan/2026:12:09:23 +0000] "HEAD /d1/475/AUTH_f2ce6bfc308e4e2fbf4623f9afa112fc/gnocchi.d0d3c735-830a-4d4b-98f7-27e6bdd36a8a" 204 - "HEAD http://172.18.0.2:8080/v1/AUTH_f2ce6bfc308e4e2fbf4623f9afa112fc/gnocchi.d0d3c735-830a-4d4b-98f7-27e6bdd36a8a?format=json&states=listing" "tx55c681b1f5d749b8a084a-00697c9f73" "proxy-server 20" 0.0020 "-" 21 0
Jan 30 12:09:23 standalone proxy-server[130418]: - - 30/Jan/2026/12/09/23 HEAD /v1/AUTH_f2ce6bfc308e4e2fbf4623f9afa112fc/gnocchi.d0d3c735-830a-4d4b-98f7-27e6bdd36a8a%3Fformat%3Djson%26states%3Dlisting HTTP/1.0 204 - Swift - - - - tx55c681b1f5d749b8a084a-00697c9f73 - 0.0052 RL - 1769774963.853947163 1769774963.859170675 0
Jan 30 12:09:23 standalone container-server[128281]: 172.20.0.100 - - [30/Jan/2026:12:09:23 +0000] "GET /d1/475/AUTH_f2ce6bfc308e4e2fbf4623f9afa112fc/gnocchi.d0d3c735-830a-4d4b-98f7-27e6bdd36a8a" 200 2 "GET http://172.18.0.2:8080/v1/AUTH_f2ce6bfc308e4e2fbf4623f9afa112fc/gnocchi.d0d3c735-830a-4d4b-98f7-27e6bdd36a8a?format=json&states=listing" "tx55c681b1f5d749b8a084a-00697c9f73" "proxy-server 20" 0.0036 "-" 20 0
Jan 30 12:09:23 standalone proxy-server[130418]: 172.18.0.2 172.18.0.100 30/Jan/2026/12/09/23 GET /v1/AUTH_f2ce6bfc308e4e2fbf4623f9afa112fc/gnocchi.d0d3c735-830a-4d4b-98f7-27e6bdd36a8a%3Fformat%3Djson%26states%3Dlisting HTTP/1.0 200 - python-swiftclient-3.11.1 gAAAAABpfJ7zkMxm... - 2 - tx55c681b1f5d749b8a084a-00697c9f73 - 0.0172 - - 1769774963.852849245 1769774963.870044947 0
Jan 30 12:09:23 standalone object-server[128453]: 172.20.0.100 - - [30/Jan/2026:12:09:23 +0000] "GET /d1/207/AUTH_f2ce6bfc308e4e2fbf4623f9afa112fc/gnocchi.d0d3c735-830a-4d4b-98f7-27e6bdd36a8a/1769040000.0_mean_300.0_v3" 404 70 "GET http://172.18.0.2:8080/v1/AUTH_f2ce6bfc308e4e2fbf4623f9afa112fc/gnocchi.d0d3c735-830a-4d4b-98f7-27e6bdd36a8a/1769040000.0_mean_300.0_v3" "tx97db606c7aa54a23bcbdc-00697c9f73" "proxy-server 20" 0.0004 "-" 21 0
