Jan 30 11:55:18 standalone account-server[127955]: Starting 2
Jan 30 11:55:19 standalone container-server[128025]: Option allow_versions is deprecated. Configure the versioned_writes middleware in the proxy-server instead. This option will be ignored in a future release.
Jan 30 11:55:19 standalone account-server[127991]: Started child 20 from parent 2
Jan 30 11:55:19 standalone container-server[128281]: Option allow_versions is deprecated. Configure the versioned_writes middleware in the proxy-server instead. This option will be ignored in a future release.
Jan 30 11:55:19 standalone container-server[128025]: Started child 20 from parent 2
Jan 30 11:55:19 standalone container-server[128286]: Option allow_versions is deprecated. Configure the versioned_writes middleware in the proxy-server instead. This option will be ignored in a future release.
Jan 30 11:55:19 standalone container-server[128025]: Started child 21 from parent 2
Jan 30 11:55:19 standalone account-server[127991]: Started child 21 from parent 2
Jan 30 11:55:19 standalone account-server[127991]: Started child 22 from parent 2
Jan 30 11:55:19 standalone container-server[128164]: Starting 2
Jan 30 11:55:19 standalone account-server[127991]: Started child 23 from parent 2
Jan 30 11:55:19 standalone container-server[128299]: Option allow_versions is deprecated. Configure the versioned_writes middleware in the proxy-server instead. This option will be ignored in a future release.
Jan 30 11:55:19 standalone container-server[128025]: Started child 22 from parent 2
Jan 30 11:55:19 standalone container-server[128315]: Option allow_versions is deprecated. Configure the versioned_writes middleware in the proxy-server instead. This option will be ignored in a future release.
Jan 30 11:55:19 standalone container-server[128025]: Started child 23 from parent 2
Jan 30 11:55:19 standalone object-expirer[128283]: Starting 2
Jan 30 11:55:19 standalone object-expirer[128283]: Option auto_create_account_prefix is deprecated. Configure auto_create_account_prefix under the swift-constraints section of swift.conf. This option will be ignored in a future release.
Jan 30 11:55:19 standalone object-server[128345]: Starting 2
Jan 30 11:55:19 standalone object-server[128367]: Started child 20 from parent 2
Jan 30 11:55:19 standalone object-server[128367]: Started child 21 from parent 2
Jan 30 11:55:19 standalone object-server[128367]: Started child 22 from parent 2
Jan 30 11:55:19 standalone object-server[128367]: Started child 23 from parent 2
Jan 30 11:55:25 standalone proxy-server[130085]: Starting Keystone auth_token middleware
Jan 30 11:55:25 standalone proxy-server[130085]: AuthToken middleware is set with keystone_authtoken.service_token_roles_required set to False. This is backwards compatible but deprecated behaviour. Please set this to True.
Jan 30 11:55:26 standalone proxy-server[130418]: Starting Keystone auth_token middleware
Jan 30 11:55:26 standalone proxy-server[130418]: STDERR: The option "bind_port" is not known to keystonemiddleware
Jan 30 11:55:26 standalone proxy-server[130418]: STDERR: The option "workers" is not known to keystonemiddleware
Jan 30 11:55:26 standalone proxy-server[130418]: STDERR: The option "user" is not known to keystonemiddleware
Jan 30 11:55:26 standalone proxy-server[130418]: STDERR: The option "bind_ip" is not known to keystonemiddleware
Jan 30 11:55:26 standalone proxy-server[130418]: STDERR: The option "log_name" is not known to keystonemiddleware
Jan 30 11:55:26 standalone proxy-server[130418]: STDERR: The option "log_facility" is not known to keystonemiddleware
Jan 30 11:55:26 standalone proxy-server[130418]: STDERR: The option "log_level" is not known to keystonemiddleware
Jan 30 11:55:26 standalone proxy-server[130418]: STDERR: The option "log_headers" is not known to keystonemiddleware
Jan 30 11:55:26 standalone proxy-server[130418]: STDERR: The option "log_address" is not known to keystonemiddleware
Jan 30 11:55:26 standalone proxy-server[130418]: STDERR: The option "project_name" is not known to keystonemiddleware
Jan 30 11:55:26 standalone proxy-server[130418]: STDERR: The option "username" is not known to keystonemiddleware
Jan 30 11:55:26 standalone proxy-server[130418]: STDERR: The option "password" is not known to keystonemiddleware
Jan 30 11:55:26 standalone proxy-server[130418]: STDERR: The option "auth_url" is not known to keystonemiddleware
Jan 30 11:55:26 standalone proxy-server[130418]: STDERR: The option "signing_dir" is not known to keystonemiddleware
Jan 30 11:55:26 standalone proxy-server[130418]: STDERR: The option "project_domain_id" is not known to keystonemiddleware
Jan 30 11:55:26 standalone proxy-server[130418]: STDERR: The option "user_domain_id" is not known to keystonemiddleware
Jan 30 11:55:26 standalone proxy-server[130418]: STDERR: The option "__name__" is not known to keystonemiddleware
Jan 30 11:55:26 standalone proxy-server[130418]: AuthToken middleware is set with keystone_authtoken.service_token_roles_required set to False. This is backwards compatible but deprecated behaviour. Please set this to True.
Jan 30 11:55:26 standalone proxy-server[130085]: Started child 20 from parent 2
Jan 30 11:59:10 standalone container-server[128164]: Begin container update sweep
Jan 30 11:59:10 standalone container-server[128164]: Container update sweep completed: 0.00s
Jan 30 11:59:18 standalone account-server[128313]: 172.20.0.100 - - [30/Jan/2026:11:59:18 +0000] "HEAD /d1/237/.expiring_objects" 404 - "HEAD http://localhost/v1/.expiring_objects?format=json" "txd1cf8cf465304c208bb3f-00697c9d16" "proxy-server 2" 0.0016 "-" 23 -
Jan 30 11:59:18 standalone object-expirer[128283]: Pass completed in 0s; 0 objects expired (txn: txd1cf8cf465304c208bb3f-00697c9d16)
Jan 30 11:59:35 standalone object-server[128345]: Begin object update sweep
Jan 30 11:59:35 standalone object-server[159264]: Object update sweep starting on /srv/node/d1 (pid: 12)
Jan 30 11:59:35 standalone object-server[159264]: Object update sweep completed on /srv/node/d1 in 0.00s seconds:, 0 successes, 0 failures, 0 quarantines, 0 unlinks, 0 errors, 0 redirects (pid: 12)
Jan 30 11:59:35 standalone object-server[159264]: Object update sweep of d1 completed: 0.00s, 0 successes, 0 failures, 0 quarantines, 0 unlinks, 0 errors, 0 redirects
Jan 30 11:59:35 standalone object-server[128345]: Object update sweep completed: 0.06s
Jan 30 12:03:39 standalone account-server[128313]: 172.20.0.100 - - [30/Jan/2026:12:03:39 +0000] "HEAD /d1/237/.expiring_objects" 404 - "HEAD http://localhost/v1/.expiring_objects?format=json" "txe4ef4deda6694350a508d-00697c9e1b" "proxy-server 2" 0.0005 "-" 23 -
Jan 30 12:03:39 standalone object-expirer[128283]: Pass completed in 0s; 0 objects expired (txn: txe4ef4deda6694350a508d-00697c9e1b)
Jan 30 12:04:10 standalone container-server[128164]: Begin container update sweep
Jan 30 12:04:10 standalone container-server[128164]: Container update sweep completed: 0.00s
Jan 30 12:04:35 standalone object-server[128345]: Begin object update sweep
Jan 30 12:04:35 standalone object-server[201784]: Object update sweep starting on /srv/node/d1 (pid: 13)
Jan 30 12:04:35 standalone object-server[201784]: Object update sweep completed on /srv/node/d1 in 0.00s seconds:, 0 successes, 0 failures, 0 quarantines, 0 unlinks, 0 errors, 0 redirects (pid: 13)
Jan 30 12:04:35 standalone object-server[201784]: Object update sweep of d1 completed: 0.00s, 0 successes, 0 failures, 0 quarantines, 0 unlinks, 0 errors, 0 redirects
Jan 30 12:04:35 standalone object-server[128345]: Object update sweep completed: 0.06s
Jan 30 12:07:15 standalone account-server[128304]: 172.20.0.100 - - [30/Jan/2026:12:07:15 +0000] "HEAD /d1/97/AUTH_f2ce6bfc308e4e2fbf4623f9afa112fc" 404 - "HEAD http://172.18.0.2:8080/v1/AUTH_f2ce6bfc308e4e2fbf4623f9afa112fc?format=json" "txb564239281ea4f1298f98-00697c9ef3" "proxy-server 20" 0.0016 "-" 22 -
Jan 30 12:07:15 standalone proxy-server[130418]: - - 30/Jan/2026/12/07/15 HEAD /v1/AUTH_f2ce6bfc308e4e2fbf4623f9afa112fc%3Fformat%3Djson HTTP/1.0 200 - Swift - - - - txb564239281ea4f1298f98-00697c9ef3 - 0.0060 RL - 1769774835.163097858 1769774835.169099331 -
Jan 30 12:07:15 standalone object-server[128455]: 172.20.0.100 - - [30/Jan/2026:12:07:15 +0000] "GET /d1/576/AUTH_f2ce6bfc308e4e2fbf4623f9afa112fc/gnocchi.5431bd75-c05b-4216-b692-e3c4f4c06c2e/none_v3" 404 70 "GET http://172.18.0.2:8080/v1/AUTH_f2ce6bfc308e4e2fbf4623f9afa112fc/gnocchi.5431bd75-c05b-4216-b692-e3c4f4c06c2e/none_v3" "txb564239281ea4f1298f98-00697c9ef3" "proxy-server 20" 0.0014 "-" 23 0
Jan 30 12:07:15 standalone proxy-server[130418]: 172.18.0.2 172.18.0.100 30/Jan/2026/12/07/15 GET /v1/AUTH_f2ce6bfc308e4e2fbf4623f9afa112fc/gnocchi.5431bd75-c05b-4216-b692-e3c4f4c06c2e/none_v3 HTTP/1.0 404 - python-swiftclient-3.11.1 gAAAAABpfJ7zkMxm... - 70 - txb564239281ea4f1298f98-00697c9ef3 - 0.3801 - - 1769774835.160473585 1769774835.540536404 0
Jan 30 12:07:15 standalone account-server[128277]: 172.20.0.100 - - [30/Jan/2026:12:07:15 +0000] "PUT /d1/97/AUTH_f2ce6bfc308e4e2fbf4623f9afa112fc" 201 - "-" "tx3ae36b7a0ed84e19ae5c0-00697c9ef3" "-" 0.0189 "-" 20 -
Jan 30 12:07:15 standalone proxy-server[130418]: autocreate account '/AUTH_f2ce6bfc308e4e2fbf4623f9afa112fc' (txn: tx3ae36b7a0ed84e19ae5c0-00697c9ef3)
Jan 30 12:07:15 standalone account-server[128304]: 172.20.0.100 - - [30/Jan/2026:12:07:15 +0000] "HEAD /d1/97/AUTH_f2ce6bfc308e4e2fbf4623f9afa112fc" 204 - "HEAD http://172.18.0.2:8080/v1/AUTH_f2ce6bfc308e4e2fbf4623f9afa112fc?format=json" "tx3ae36b7a0ed84e19ae5c0-00697c9ef3" "proxy-server 20" 0.0029 "-" 22 -
Jan 30 12:07:15 standalone account-server[128282]: 172.20.0.100 - - [30/Jan/2026:12:07:15 +0000] "PUT /d1/97/AUTH_f2ce6bfc308e4e2fbf4623f9afa112fc/gnocchi.5431bd75-c05b-4216-b692-e3c4f4c06c2e" 201 - "PUT http://172.20.0.100:6001/d1/295/AUTH_f2ce6bfc308e4e2fbf4623f9afa112fc/gnocchi.5431bd75-c05b-4216-b692-e3c4f4c06c2e" "tx3ae36b7a0ed84e19ae5c0-00697c9ef3" "container-server 20" 0.0018 "-" 21 0
Jan 30 12:07:15 standalone container-server[128281]: 172.20.0.100 - - [30/Jan/2026:12:07:15 +0000] "PUT /d1/295/AUTH_f2ce6bfc308e4e2fbf4623f9afa112fc/gnocchi.5431bd75-c05b-4216-b692-e3c4f4c06c2e" 201 - "PUT http://172.18.0.2:8080/v1/AUTH_f2ce6bfc308e4e2fbf4623f9afa112fc/gnocchi.5431bd75-c05b-4216-b692-e3c4f4c06c2e" "tx3ae36b7a0ed84e19ae5c0-00697c9ef3" "proxy-server 20" 0.0112 "-" 20 0
Jan 30 12:07:15 standalone proxy-server[130418]: 172.18.0.2 172.18.0.100 30/Jan/2026/12/07/15 PUT /v1/AUTH_f2ce6bfc308e4e2fbf4623f9afa112fc/gnocchi.5431bd75-c05b-4216-b692-e3c4f4c06c2e HTTP/1.0 201 - python-swiftclient-3.11.1 gAAAAABpfJ7zkMxm... - - - tx3ae36b7a0ed84e19ae5c0-00697c9ef3 - 0.0445 - - 1769774835.542841911 1769774835.587352037 0
Jan 30 12:07:15 standalone container-server[128315]: 172.20.0.100 - - [30/Jan/2026:12:07:15 +0000] "HEAD /d1/295/AUTH_f2ce6bfc308e4e2fbf4623f9afa112fc/gnocchi.5431bd75-c05b-4216-b692-e3c4f4c06c2e" 204 - "HEAD http://172.18.0.2:8080/v1/AUTH_f2ce6bfc308e4e2fbf4623f9afa112fc/gnocchi.5431bd75-c05b-4216-b692-e3c4f4c06c2e?format=json&states=listing" "tx04cda7c70b6c484eb9869-00697c9ef3" "proxy-server 20" 0.0022 "-" 23 0
Jan 30 12:07:15 standalone proxy-server[130418]: - - 30/Jan/2026/12/07/15 HEAD /v1/AUTH_f2ce6bfc308e4e2fbf4623f9afa112fc/gnocchi.5431bd75-c05b-4216-b692-e3c4f4c06c2e%3Fformat%3Djson%26states%3Dlisting HTTP/1.0 204 - Swift - - - - tx04cda7c70b6c484eb9869-00697c9ef3 - 0.0050 RL - 1769774835.591060638 1769774835.596023321 0
Jan 30 12:07:15 standalone container-server[128281]: 172.20.0.100 - - [30/Jan/2026:12:07:15 +0000] "GET /d1/295/AUTH_f2ce6bfc308e4e2fbf4623f9afa112fc/gnocchi.5431bd75-c05b-4216-b692-e3c4f4c06c2e" 200 2 "GET http://172.18.0.2:8080/v1/AUTH_f2ce6bfc308e4e2fbf4623f9afa112fc/gnocchi.5431bd75-c05b-4216-b692-e3c4f4c06c2e?format=json&states=listing" "tx04cda7c70b6c484eb9869-00697c9ef3" "proxy-server 20" 0.0019 "-" 20 0
Jan 30 12:07:15 standalone proxy-server[130418]: 172.18.0.2 172.18.0.100 30/Jan/2026/12/07/15 GET /v1/AUTH_f2ce6bfc308e4e2fbf4623f9afa112fc/gnocchi.5431bd75-c05b-4216-b692-e3c4f4c06c2e%3Fformat%3Djson%26states%3Dlisting HTTP/1.0 200 - python-swiftclient-3.11.1 gAAAAABpfJ7zkMxm... - 2 - tx04cda7c70b6c484eb9869-00697c9ef3 - 0.0125 - - 1769774835.590101957 1769774835.602634192 0
Jan 30 12:07:15 standalone object-server[128455]: 172.20.0.100 - - [30/Jan/2026:12:07:15 +0000] "GET /d1/824/AUTH_f2ce6bfc308e4e2fbf4623f9afa112fc/gnocchi.5431bd75-c05b-4216-b692-e3c4f4c06c2e/1769040000.0_mean_300.0_v3" 404 70 "GET http://172.18.0.2:8080/v1/AUTH_f2ce6bfc308e4e2fbf4623f9afa112fc/gnocchi.5431bd75-c05b-4216-b692-e3c4f4c06c2e/1769040000.0_mean_300.0_v3" "tx5af52f0ffa534a18be5c8-00697c9ef3" "proxy-server 20" 0.0004 "-" 23 0
Jan 30 12:07:15 standalone proxy-server[130418]: 172.18.0.2 172.18.0.100 30/Jan/2026/12/07/15 GET /v1/AUTH_f2ce6bfc308e4e2fbf4623f9afa112fc/gnocchi.5431bd75-c05b-4216-b692-e3c4f4c06c2e/1769040000.0_mean_300.0_v3 HTTP/1.0 404 - python-swiftclient-3.11.1 gAAAAABpfJ7zkMxm... - 70 - tx5af52f0ffa534a18be5c8-00697c9ef3 - 0.0059 - - 1769774835.606327295 1769774835.612239599 0
Jan 30 12:07:15 standalone container-server[128286]: 172.20.0.100 - - [30/Jan/2026:12:07:15 +0000] "PUT /d1/295/AUTH_f2ce6bfc308e4e2fbf4623f9afa112fc/gnocchi.5431bd75-c05b-4216-b692-e3c4f4c06c2e/1769040000.0_mean_300.0_v3" 201 - "PUT http://172.18.0.2:8080/d1/824/AUTH_f2ce6bfc308e4e2fbf4623f9afa112fc/gnocchi.5431bd75-c05b-4216-b692-e3c4f4c06c2e/1769040000.0_mean_300.0_v3" "tx2b58e0c6e25441008ed4b-00697c9ef3" "object-server 21" 0.0016 "-" 21 0
Jan 30 12:07:15 standalone object-server[128453]: 172.20.0.100 - - [30/Jan/2026:12:07:15 +0000] "PUT /d1/824/AUTH_f2ce6bfc308e4e2fbf4623f9afa112fc/gnocchi.5431bd75-c05b-4216-b692-e3c4f4c06c2e/1769040000.0_mean_300.0_v3" 201 - "PUT http://172.18.0.2:8080/v1/AUTH_f2ce6bfc308e4e2fbf4623f9afa112fc/gnocchi.5431bd75-c05b-4216-b692-e3c4f4c06c2e/1769040000.0_mean_300.0_v3" "tx2b58e0c6e25441008ed4b-00697c9ef3" "proxy-server 20" 0.0330 "-" 21 0
Jan 30 12:07:15 standalone proxy-server[130418]: 172.18.0.2 172.18.0.100 30/Jan/2026/12/07/15 PUT /v1/AUTH_f2ce6bfc308e4e2fbf4623f9afa112fc/gnocchi.5431bd75-c05b-4216-b692-e3c4f4c06c2e/1769040000.0_mean_300.0_v3 HTTP/1.0 201 - python-swiftclient-3.11.1 gAAAAABpfJ7zkMxm... 16 - - tx2b58e0c6e25441008ed4b-00697c9ef3 - 0.0389 - - 1769774835.614814758 1769774835.653716326 0
Jan 30 12:07:15 standalone container-server[128281]: 172.20.0.100 - - [30/Jan/2026:12:07:15 +0000] "PUT /d1/295/AUTH_f2ce6bfc308e4e2fbf4623f9afa112fc/gnocchi.5431bd75-c05b-4216-b692-e3c4f4c06c2e/none_v3" 201 - "PUT http://172.18.0.2:8080/d1/576/AUTH_f2ce6bfc308e4e2fbf4623f9afa112fc/gnocchi.5431bd75-c05b-4216-b692-e3c4f4c06c2e/none_v3" "tx833b28c55fd249ed90e42-00697c9ef3" "object-server 23" 0.0006 "-" 20 0
Jan 30 12:07:15 standalone object-server[128455]: 172.20.0.100 - - [30/Jan/2026:12:07:15 +0000] "PUT /d1/576/AUTH_f2ce6bfc308e4e2fbf4623f9afa112fc/gnocchi.5431bd75-c05b-4216-b692-e3c4f4c06c2e/none_v3" 201 - "PUT http://172.18.0.2:8080/v1/AUTH_f2ce6bfc308e4e2fbf4623f9afa112fc/gnocchi.5431bd75-c05b-4216-b692-e3c4f4c06c2e/none_v3" "tx833b28c55fd249ed90e42-00697c9ef3" "proxy-server 20" 0.0310 "-" 23 0
Jan 30 12:07:15 standalone proxy-server[130418]: 172.18.0.2 172.18.0.100 30/Jan/2026/12/07/15 PUT /v1/AUTH_f2ce6bfc308e4e2fbf4623f9afa112fc/gnocchi.5431bd75-c05b-4216-b692-e3c4f4c06c2e/none_v3 HTTP/1.0 201 - python-swiftclient-3.11.1 gAAAAABpfJ7zkMxm... 22 - - tx833b28c55fd249ed90e42-00697c9ef3 - 0.0371 - - 1769774835.656350136 1769774835.693410158 0
Jan 30 12:07:44 standalone object-server[128454]: 172.20.0.100 - - [30/Jan/2026:12:07:44 +0000] "GET /d1/576/AUTH_f2ce6bfc308e4e2fbf4623f9afa112fc/gnocchi.5431bd75-c05b-4216-b692-e3c4f4c06c2e/none_v3" 200 22 "GET http://172.18.0.2:8080/v1/AUTH_f2ce6bfc308e4e2fbf4623f9afa112fc/gnocchi.5431bd75-c05b-4216-b692-e3c4f4c06c2e/none_v3" "tx7a43853d789047ebb914d-00697c9f10" "proxy-server 20" 0.0014 "-" 22 0
Jan 30 12:07:44 standalone proxy-server[130418]: 172.18.0.2 172.18.0.100 30/Jan/2026/12/07/44 GET /v1/AUTH_f2ce6bfc308e4e2fbf4623f9afa112fc/gnocchi.5431bd75-c05b-4216-b692-e3c4f4c06c2e/none_v3 HTTP/1.0 200 - python-swiftclient-3.11.1 gAAAAABpfJ7zkMxm... - 22 - tx7a43853d789047ebb914d-00697c9f10 - 0.0143 - - 1769774864.824120760 1769774864.838383913 0
Jan 30 12:07:44 standalone container-server[128281]: 172.20.0.100 - - [30/Jan/2026:12:07:44 +0000] "GET /d1/295/AUTH_f2ce6bfc308e4e2fbf4623f9afa112fc/gnocchi.5431bd75-c05b-4216-b692-e3c4f4c06c2e" 200 357 "GET http://172.18.0.2:8080/v1/AUTH_f2ce6bfc308e4e2fbf4623f9afa112fc/gnocchi.5431bd75-c05b-4216-b692-e3c4f4c06c2e?format=json&states=listing" "tx4f84c76beb2c4fe3a7eba-00697c9f10" "proxy-server 20" 0.0123 "-" 20 0
Jan 30 12:07:44 standalone proxy-server[130418]: 172.18.0.2 172.18.0.100 30/Jan/2026/12/07/44 GET /v1/AUTH_f2ce6bfc308e4e2fbf4623f9afa112fc/gnocchi.5431bd75-c05b-4216-b692-e3c4f4c06c2e%3Fformat%3Djson%26states%3Dlisting HTTP/1.0 200 - python-swiftclient-3.11.1 gAAAAABpfJ7zkMxm... - 357 - tx4f84c76beb2c4fe3a7eba-00697c9f10 - 0.0223 - - 1769774864.841842651 1769774864.864183903 0
Jan 30 12:07:44 standalone container-server[128299]: 172.20.0.100 - - [30/Jan/2026:12:07:44 +0000] "GET /d1/295/AUTH_f2ce6bfc308e4e2fbf4623f9afa112fc/gnocchi.5431bd75-c05b-4216-b692-e3c4f4c06c2e" 200 2 "GET http://172.18.0.2:8080/v1/AUTH_f2ce6bfc308e4e2fbf4623f9afa112fc/gnocchi.5431bd75-c05b-4216-b692-e3c4f4c06c2e?format=json&marker=none_v3&states=listing" "txad62ead7a83c4cac8e5ad-00697c9f10" "proxy-server 20" 0.0092 "-" 22 0
Jan 30 12:07:44 standalone proxy-server[130418]: 172.18.0.2 172.18.0.100 30/Jan/2026/12/07/44 GET /v1/AUTH_f2ce6bfc308e4e2fbf4623f9afa112fc/gnocchi.5431bd75-c05b-4216-b692-e3c4f4c06c2e%3Fformat%3Djson%26marker%3Dnone_v3%26states%3Dlisting HTTP/1.0 200 - python-swiftclient-3.11.1 gAAAAABpfJ7zkMxm... - 2 - txad62ead7a83c4cac8e5ad-00697c9f10 - 0.0215 - - 1769774864.866834402 1769774864.888339758 0
Jan 30 12:07:44 standalone object-server[128453]: 172.20.0.100 - - [30/Jan/2026:12:07:44 +0000] "GET /d1/824/AUTH_f2ce6bfc308e4e2fbf4623f9afa112fc/gnocchi.5431bd75-c05b-4216-b692-e3c4f4c06c2e/1769040000.0_mean_300.0_v3" 200 16 "GET http://172.18.0.2:8080/v1/AUTH_f2ce6bfc308e4e2fbf4623f9afa112fc/gnocchi.5431bd75-c05b-4216-b692-e3c4f4c06c2e/1769040000.0_mean_300.0_v3" "tx14fd96eb272f4f489d90b-00697c9f10" "proxy-server 20" 0.0010 "-" 21 0
Jan 30 12:07:44 standalone proxy-server[130418]: 172.18.0.2 172.18.0.100 30/Jan/2026/12/07/44 GET /v1/AUTH_f2ce6bfc308e4e2fbf4623f9afa112fc/gnocchi.5431bd75-c05b-4216-b692-e3c4f4c06c2e/1769040000.0_mean_300.0_v3 HTTP/1.0 200 - python-swiftclient-3.11.1 gAAAAABpfJ7zkMxm... - 16 - tx14fd96eb272f4f489d90b-00697c9f10 - 0.0068 - - 1769774864.891520977 1769774864.898301601 0
Jan 30 12:07:44 standalone container-server[128286]: 172.20.0.100 - - [30/Jan/2026:12:07:44 +0000] "PUT /d1/295/AUTH_f2ce6bfc308e4e2fbf4623f9afa112fc/gnocchi.5431bd75-c05b-4216-b692-e3c4f4c06c2e/1769040000.0_mean_300.0_v3" 201 - "PUT http://172.18.0.2:8080/d1/824/AUTH_f2ce6bfc308e4e2fbf4623f9afa112fc/gnocchi.5431bd75-c05b-4216-b692-e3c4f4c06c2e/1769040000.0_mean_300.0_v3" "txe9ca8500f1cf495c9939b-00697c9f10" "object-server 21" 0.0004 "-" 21 0
Jan 30 12:07:44 standalone object-server[128453]: 172.20.0.100 - - [30/Jan/2026:12:07:44 +0000] "PUT /d1/824/AUTH_f2ce6bfc308e4e2fbf4623f9afa112fc/gnocchi.5431bd75-c05b-4216-b692-e3c4f4c06c2e/1769040000.0_mean_300.0_v3" 201 - "PUT http://172.18.0.2:8080/v1/AUTH_f2ce6bfc308e4e2fbf4623f9afa112fc/gnocchi.5431bd75-c05b-4216-b692-e3c4f4c06c2e/1769040000.0_mean_300.0_v3" "txe9ca8500f1cf495c9939b-00697c9f10" "proxy-server 20" 0.0081 "-" 21 0
Jan 30 12:07:44 standalone proxy-server[130418]: 172.18.0.2 172.18.0.100 30/Jan/2026/12/07/44 PUT /v1/AUTH_f2ce6bfc308e4e2fbf4623f9afa112fc/gnocchi.5431bd75-c05b-4216-b692-e3c4f4c06c2e/1769040000.0_mean_300.0_v3 HTTP/1.0 201 - python-swiftclient-3.11.1 gAAAAABpfJ7zkMxm... 16 - - txe9ca8500f1cf495c9939b-00697c9f10 - 0.0129 - - 1769774864.900491714 1769774864.913394928 0
Jan 30 12:07:44 standalone container-server[128281]: 172.20.0.100 - - [30/Jan/2026:12:07:44 +0000] "PUT /d1/295/AUTH_f2ce6bfc308e4e2fbf4623f9afa112fc/gnocchi.5431bd75-c05b-4216-b692-e3c4f4c06c2e/none_v3" 201 - "PUT http://172.18.0.2:8080/d1/576/AUTH_f2ce6bfc308e4e2fbf4623f9afa112fc/gnocchi.5431bd75-c05b-4216-b692-e3c4f4c06c2e/none_v3" "tx62492c3dacab45da8f486-00697c9f10" "object-server 23" 0.0006 "-" 20 0
Jan 30 12:07:44 standalone object-server[128455]: 172.20.0.100 - - [30/Jan/2026:12:07:44 +0000] "PUT /d1/576/AUTH_f2ce6bfc308e4e2fbf4623f9afa112fc/gnocchi.5431bd75-c05b-4216-b692-e3c4f4c06c2e/none_v3" 201 - "PUT http://172.18.0.2:8080/v1/AUTH_f2ce6bfc308e4e2fbf4623f9afa112fc/gnocchi.5431bd75-c05b-4216-b692-e3c4f4c06c2e/none_v3" "tx62492c3dacab45da8f486-00697c9f10" "proxy-server 20" 0.0169 "-" 23 0
Jan 30 12:07:44 standalone proxy-server[130418]: 172.18.0.2 172.18.0.100 30/Jan/2026/12/07/44 PUT /v1/AUTH_f2ce6bfc308e4e2fbf4623f9afa112fc/gnocchi.5431bd75-c05b-4216-b692-e3c4f4c06c2e/none_v3 HTTP/1.0 201 - python-swiftclient-3.11.1 gAAAAABpfJ7zkMxm... 32 - - tx62492c3dacab45da8f486-00697c9f10 - 0.0313 - - 1769774864.916322231 1769774864.947622061 0
Jan 30 12:08:13 standalone container-server[128281]: 172.20.0.100 - - [30/Jan/2026:12:08:13 +0000] "HEAD /d1/663/AUTH_f2ce6bfc308e4e2fbf4623f9afa112fc/gnocchi.30141c8a-32b3-4692-82ee-3d0d732e97a3" 404 - "HEAD http://172.18.0.2:8080/v1/AUTH_f2ce6bfc308e4e2fbf4623f9afa112fc/gnocchi.30141c8a-32b3-4692-82ee-3d0d732e97a3?format=json&states=listing" "txd714e9436fb049ecb672c-00697c9f2d" "proxy-server 20" 0.0008 "-" 20 0
Jan 30 12:08:13 standalone object-server[128453]: 172.20.0.100 - - [30/Jan/2026:12:08:13 +0000] "GET /d1/430/AUTH_f2ce6bfc308e4e2fbf4623f9afa112fc/gnocchi.30141c8a-32b3-4692-82ee-3d0d732e97a3/none_v3" 404 70 "GET http://172.18.0.2:8080/v1/AUTH_f2ce6bfc308e4e2fbf4623f9afa112fc/gnocchi.30141c8a-32b3-4692-82ee-3d0d732e97a3/none_v3" "txd714e9436fb049ecb672c-00697c9f2d" "proxy-server 20" 0.0007 "-" 21 0
Jan 30 12:08:13 standalone proxy-server[130418]: 172.18.0.2 172.18.0.100 30/Jan/2026/12/08/13 GET /v1/AUTH_f2ce6bfc308e4e2fbf4623f9afa112fc/gnocchi.30141c8a-32b3-4692-82ee-3d0d732e97a3/none_v3 HTTP/1.0 404 - python-swiftclient-3.11.1 gAAAAABpfJ7zkMxm... - 70 - txd714e9436fb049ecb672c-00697c9f2d - 0.0185 - - 1769774893.186418295 1769774893.204961300 0
Jan 30 12:08:13 standalone account-server[128313]: 172.20.0.100 - - [30/Jan/2026:12:08:13 +0000] "PUT /d1/97/AUTH_f2ce6bfc308e4e2fbf4623f9afa112fc/gnocchi.30141c8a-32b3-4692-82ee-3d0d732e97a3" 201 - "PUT http://172.20.0.100:6001/d1/663/AUTH_f2ce6bfc308e4e2fbf4623f9afa112fc/gnocchi.30141c8a-32b3-4692-82ee-3d0d732e97a3" "tx292c45b466cf4c0e8433d-00697c9f2d" "container-server 21" 0.0216 "-" 23 0
Jan 30 12:08:13 standalone container-server[128286]: 172.20.0.100 - - [30/Jan/2026:12:08:13 +0000] "PUT /d1/663/AUTH_f2ce6bfc308e4e2fbf4623f9afa112fc/gnocchi.30141c8a-32b3-4692-82ee-3d0d732e97a3" 201 - "PUT http://172.18.0.2:8080/v1/AUTH_f2ce6bfc308e4e2fbf4623f9afa112fc/gnocchi.30141c8a-32b3-4692-82ee-3d0d732e97a3" "tx292c45b466cf4c0e8433d-00697c9f2d" "proxy-server 20" 0.0440 "-" 21 0
Jan 30 12:08:13 standalone proxy-server[130418]: 172.18.0.2 172.18.0.100 30/Jan/2026/12/08/13 PUT /v1/AUTH_f2ce6bfc308e4e2fbf4623f9afa112fc/gnocchi.30141c8a-32b3-4692-82ee-3d0d732e97a3 HTTP/1.0 201 - python-swiftclient-3.11.1 gAAAAABpfJ7zkMxm... - - - tx292c45b466cf4c0e8433d-00697c9f2d - 0.0572 - - 1769774893.216238260 1769774893.273398161 0
Jan 30 12:08:13 standalone container-server[128299]: 172.20.0.100 - - [30/Jan/2026:12:08:13 +0000] "HEAD /d1/663/AUTH_f2ce6bfc308e4e2fbf4623f9afa112fc/gnocchi.30141c8a-32b3-4692-82ee-3d0d732e97a3" 204 - "HEAD http://172.18.0.2:8080/v1/AUTH_f2ce6bfc308e4e2fbf4623f9afa112fc/gnocchi.30141c8a-32b3-4692-82ee-3d0d732e97a3?format=json&states=listing" "tx0d29951946e14a0daaec8-00697c9f2d" "proxy-server 20" 0.0014 "-" 22 0
Jan 30 12:08:13 standalone proxy-server[130418]: - - 30/Jan/2026/12/08/13 HEAD /v1/AUTH_f2ce6bfc308e4e2fbf4623f9afa112fc/gnocchi.30141c8a-32b3-4692-82ee-3d0d732e97a3%3Fformat%3Djson%26states%3Dlisting HTTP/1.0 204 - Swift - - - - tx0d29951946e14a0daaec8-00697c9f2d - 0.0110 RL - 1769774893.281067371 1769774893.292029619 0
Jan 30 12:08:13 standalone container-server[128315]: 172.20.0.100 - - [30/Jan/2026:12:08:13 +0000] "GET /d1/663/AUTH_f2ce6bfc308e4e2fbf4623f9afa112fc/gnocchi.30141c8a-32b3-4692-82ee-3d0d732e97a3" 200 2 "GET http://172.18.0.2:8080/v1/AUTH_f2ce6bfc308e4e2fbf4623f9afa112fc/gnocchi.30141c8a-32b3-4692-82ee-3d0d732e97a3?format=json&states=listing" "tx0d29951946e14a0daaec8-00697c9f2d" "proxy-server 20" 0.0037 "-" 23 0
Jan 30 12:08:13 standalone proxy-server[130418]: 172.18.0.2 172.18.0.100 30/Jan/2026/12/08/13 GET /v1/AUTH_f2ce6bfc308e4e2fbf4623f9afa112fc/gnocchi.30141c8a-32b3-4692-82ee-3d0d732e97a3%3Fformat%3Djson%26states%3Dlisting HTTP/1.0 200 - python-swiftclient-3.11.1 gAAAAABpfJ7zkMxm... - 2 - tx0d29951946e14a0daaec8-00697c9f2d - 0.0256 - - 1769774893.279161930 1769774893.304789543 0
Jan 30 12:08:13 standalone object-server[128453]: 172.20.0.100 - - [30/Jan/2026:12:08:13 +0000] "GET /d1/664/AUTH_f2ce6bfc308e4e2fbf4623f9afa112fc/gnocchi.30141c8a-32b3-4692-82ee-3d0d732e97a3/1769040000.0_mean_300.0_v3" 404 70 "GET http://172.18.0.2:8080/v1/AUTH_f2ce6bfc308e4e2fbf4623f9afa112fc/gnocchi.30141c8a-32b3-4692-82ee-3d0d732e97a3/1769040000.0_mean_300.0_v3" "tx9fb030e728204b3595c0f-00697c9f2d" "proxy-server 20" 0.0005 "-" 21 0
Jan 30 12:08:13 standalone proxy-server[130418]: 172.18.0.2 172.18.0.100 30/Jan/2026/12/08/13 GET /v1/AUTH_f2ce6bfc308e4e2fbf4623f9afa112fc/gnocchi.30141c8a-32b3-4692-82ee-3d0d732e97a3/1769040000.0_mean_300.0_v3 HTTP/1.0 404 - python-swiftclient-3.11.1 gAAAAABpfJ7zkMxm... - 70 - tx9fb030e728204b3595c0f-00697c9f2d - 0.0067 - - 1769774893.313228607 1769774893.319890261 0
Jan 30 12:08:13 standalone container-server[128315]: 172.20.0.100 - - [30/Jan/2026:12:08:13 +0000] "PUT /d1/663/AUTH_f2ce6bfc308e4e2fbf4623f9afa112fc/gnocchi.30141c8a-32b3-4692-82ee-3d0d732e97a3/1769040000.0_mean_300.0_v3" 201 - "PUT http://172.18.0.2:8080/d1/664/AUTH_f2ce6bfc308e4e2fbf4623f9afa112fc/gnocchi.30141c8a-32b3-4692-82ee-3d0d732e97a3/1769040000.0_mean_300.0_v3" "tx5b177e11adb449b686566-00697c9f2d" "object-server 23" 0.0010 "-" 23 0
Jan 30 12:08:13 standalone object-server[128455]: 172.20.0.100 - - [30/Jan/2026:12:08:13 +0000] "PUT /d1/664/AUTH_f2ce6bfc308e4e2fbf4623f9afa112fc/gnocchi.30141c8a-32b3-4692-82ee-3d0d732e97a3/1769040000.0_mean_300.0_v3" 201 - "PUT http://172.18.0.2:8080/v1/AUTH_f2ce6bfc308e4e2fbf4623f9afa112fc/gnocchi.30141c8a-32b3-4692-82ee-3d0d732e97a3/1769040000.0_mean_300.0_v3" "tx5b177e11adb449b686566-00697c9f2d" "proxy-server 20" 0.0192 "-" 23 0
Jan 30 12:08:13 standalone proxy-server[130418]: 172.18.0.2 172.18.0.100 30/Jan/2026/12/08/13 PUT /v1/AUTH_f2ce6bfc308e4e2fbf4623f9afa112fc/gnocchi.30141c8a-32b3-4692-82ee-3d0d732e97a3/1769040000.0_mean_300.0_v3 HTTP/1.0 201 - python-swiftclient-3.11.1 gAAAAABpfJ7zkMxm... 16 - - tx5b177e11adb449b686566-00697c9f2d - 0.0267 - - 1769774893.322643757 1769774893.349390507 0
Jan 30 12:08:13 standalone container-server[128299]: 172.20.0.100 - - [30/Jan/2026:12:08:13 +0000] "PUT /d1/663/AUTH_f2ce6bfc308e4e2fbf4623f9afa112fc/gnocchi.30141c8a-32b3-4692-82ee-3d0d732e97a3/none_v3" 201 - "PUT http://172.18.0.2:8080/d1/430/AUTH_f2ce6bfc308e4e2fbf4623f9afa112fc/gnocchi.30141c8a-32b3-4692-82ee-3d0d732e97a3/none_v3" "txada30b7bf07d471bb1662-00697c9f2d" "object-server 21" 0.0005 "-" 22 0
Jan 30 12:08:13 standalone object-server[128453]: 172.20.0.100 - - [30/Jan/2026:12:08:13 +0000] "PUT /d1/430/AUTH_f2ce6bfc308e4e2fbf4623f9afa112fc/gnocchi.30141c8a-32b3-4692-82ee-3d0d732e97a3/none_v3" 201 - "PUT http://172.18.0.2:8080/v1/AUTH_f2ce6bfc308e4e2fbf4623f9afa112fc/gnocchi.30141c8a-32b3-4692-82ee-3d0d732e97a3/none_v3" "txada30b7bf07d471bb1662-00697c9f2d" "proxy-server 20" 0.0183 "-" 21 0
Jan 30 12:08:13 standalone proxy-server[130418]: 172.18.0.2 172.18.0.100 30/Jan/2026/12/08/13 PUT /v1/AUTH_f2ce6bfc308e4e2fbf4623f9afa112fc/gnocchi.30141c8a-32b3-4692-82ee-3d0d732e97a3/none_v3 HTTP/1.0 201 - python-swiftclient-3.11.1 gAAAAABpfJ7zkMxm... 22 - - txada30b7bf07d471bb1662-00697c9f2d - 0.0260 - - 1769774893.352998734 1769774893.379004478 0
Jan 30 12:08:13 standalone container-server[128299]: 172.20.0.100 - - [30/Jan/2026:12:08:13 +0000] "HEAD /d1/1020/AUTH_f2ce6bfc308e4e2fbf4623f9afa112fc/gnocchi.f865be45-a264-41e1-afb8-4bf557c945c9" 404 - "HEAD http://172.18.0.2:8080/v1/AUTH_f2ce6bfc308e4e2fbf4623f9afa112fc/gnocchi.f865be45-a264-41e1-afb8-4bf557c945c9?format=json&states=listing" "tx17000f79154d4bcbbc67e-00697c9f2d" "proxy-server 20" 0.0006 "-" 22 0
Jan 30 12:08:13 standalone object-server[128452]: 172.20.0.100 - - [30/Jan/2026:12:08:13 +0000] "GET /d1/712/AUTH_f2ce6bfc308e4e2fbf4623f9afa112fc/gnocchi.f865be45-a264-41e1-afb8-4bf557c945c9/none_v3" 404 70 "GET http://172.18.0.2:8080/v1/AUTH_f2ce6bfc308e4e2fbf4623f9afa112fc/gnocchi.f865be45-a264-41e1-afb8-4bf557c945c9/none_v3" "tx17000f79154d4bcbbc67e-00697c9f2d" "proxy-server 20" 0.0011 "-" 20 0
Jan 30 12:08:13 standalone proxy-server[130418]: 172.18.0.2 172.18.0.100 30/Jan/2026/12/08/13 GET /v1/AUTH_f2ce6bfc308e4e2fbf4623f9afa112fc/gnocchi.f865be45-a264-41e1-afb8-4bf557c945c9/none_v3 HTTP/1.0 404 - python-swiftclient-3.11.1 gAAAAABpfJ7zkMxm... - 70 - tx17000f79154d4bcbbc67e-00697c9f2d - 0.0138 - - 1769774893.393944025 1769774893.407711983 0
Jan 30 12:08:13 standalone account-server[128282]: 172.20.0.100 - - [30/Jan/2026:12:08:13 +0000] "PUT /d1/97/AUTH_f2ce6bfc308e4e2fbf4623f9afa112fc/gnocchi.f865be45-a264-41e1-afb8-4bf557c945c9" 201 - "PUT http://172.20.0.100:6001/d1/1020/AUTH_f2ce6bfc308e4e2fbf4623f9afa112fc/gnocchi.f865be45-a264-41e1-afb8-4bf557c945c9" "txf7316f16ded24044a4ca8-00697c9f2d" "container-server 20" 0.0085 "-" 21 0
Jan 30 12:08:13 standalone container-server[128281]: 172.20.0.100 - - [30/Jan/2026:12:08:13 +0000] "PUT /d1/1020/AUTH_f2ce6bfc308e4e2fbf4623f9afa112fc/gnocchi.f865be45-a264-41e1-afb8-4bf557c945c9" 201 - "PUT http://172.18.0.2:8080/v1/AUTH_f2ce6bfc308e4e2fbf4623f9afa112fc/gnocchi.f865be45-a264-41e1-afb8-4bf557c945c9" "txf7316f16ded24044a4ca8-00697c9f2d" "proxy-server 20" 0.0304 "-" 20 0
Jan 30 12:08:13 standalone proxy-server[130418]: 172.18.0.2 172.18.0.100 30/Jan/2026/12/08/13 PUT /v1/AUTH_f2ce6bfc308e4e2fbf4623f9afa112fc/gnocchi.f865be45-a264-41e1-afb8-4bf557c945c9 HTTP/1.0 201 - python-swiftclient-3.11.1 gAAAAABpfJ7zkMxm... - - - txf7316f16ded24044a4ca8-00697c9f2d - 0.0385 - - 1769774893.412336826 1769774893.450823784 0
Jan 30 12:08:13 standalone container-server[128299]: 172.20.0.100 - - [30/Jan/2026:12:08:13 +0000] "HEAD /d1/1020/AUTH_f2ce6bfc308e4e2fbf4623f9afa112fc/gnocchi.f865be45-a264-41e1-afb8-4bf557c945c9" 204 - "HEAD http://172.18.0.2:8080/v1/AUTH_f2ce6bfc308e4e2fbf4623f9afa112fc/gnocchi.f865be45-a264-41e1-afb8-4bf557c945c9?format=json&states=listing" "tx3dbecabb84f84bfbab0cf-00697c9f2d" "proxy-server 20" 0.0012 "-" 22 0
Jan 30 12:08:13 standalone proxy-server[130418]: - - 30/Jan/2026/12/08/13 HEAD /v1/AUTH_f2ce6bfc308e4e2fbf4623f9afa112fc/gnocchi.f865be45-a264-41e1-afb8-4bf557c945c9%3Fformat%3Djson%26states%3Dlisting HTTP/1.0 204 - Swift - - - - tx3dbecabb84f84bfbab0cf-00697c9f2d - 0.0041 RL - 1769774893.455199003 1769774893.459267378 0
Jan 30 12:08:13 standalone container-server[128286]: 172.20.0.100 - - [30/Jan/2026:12:08:13 +0000] "GET /d1/1020/AUTH_f2ce6bfc308e4e2fbf4623f9afa112fc/gnocchi.f865be45-a264-41e1-afb8-4bf557c945c9" 200 2 "GET http://172.18.0.2:8080/v1/AUTH_f2ce6bfc308e4e2fbf4623f9afa112fc/gnocchi.f865be45-a264-41e1-afb8-4bf557c945c9?format=json&states=listing" "tx3dbecabb84f84bfbab0cf-00697c9f2d" "proxy-server 20" 0.0029 "-" 21 0
Jan 30 12:08:13 standalone proxy-server[130418]: 172.18.0.2 172.18.0.100 30/Jan/2026/12/08/13 GET /v1/AUTH_f2ce6bfc308e4e2fbf4623f9afa112fc/gnocchi.f865be45-a264-41e1-afb8-4bf557c945c9%3Fformat%3Djson%26states%3Dlisting HTTP/1.0 200 - python-swiftclient-3.11.1 gAAAAABpfJ7zkMxm... - 2 - tx3dbecabb84f84bfbab0cf-00697c9f2d - 0.0127 - - 1769774893.454185009 1769774893.466856956 0
Jan 30 12:08:13 standalone object-server[128455]: 172.20.0.100 - - [30/Jan/2026:12:08:13 +0000] "GET /d1/775/AUTH_f2ce6bfc308e4e2fbf4623f9afa112fc/gnocchi.f865be45-a264-41e1-afb8-4bf557c945c9/1769040000.0_mean_300.0_v3" 404 70 "GET http://172.18.0.2:8080/v1/AUTH_f2ce6bfc308e4e2fbf4623f9afa112fc/gnocchi.f865be45-a264-41e1-afb8-4bf557c945c9/1769040000.0_mean_300.0_v3" "txf2112b069d3b4223bcc7e-00697c9f2d" "proxy-server 20" 0.0006 "-" 23 0
Jan 30 12:08:13 standalone proxy-server[130418]: 172.18.0.2 172.18.0.100 30/Jan/2026/12/08/13 GET /v1/AUTH_f2ce6bfc308e4e2fbf4623f9afa112fc/gnocchi.f865be45-a264-41e1-afb8-4bf557c945c9/1769040000.0_mean_300.0_v3 HTTP/1.0 404 - python-swiftclient-3.11.1 gAAAAABpfJ7zkMxm... - 70 - txf2112b069d3b4223bcc7e-00697c9f2d - 0.0052 - - 1769774893.469316244 1769774893.474480152 0
Jan 30 12:08:13 standalone container-server[128286]: 172.20.0.100 - - [30/Jan/2026:12:08:13 +0000] "PUT /d1/1020/AUTH_f2ce6bfc308e4e2fbf4623f9afa112fc/gnocchi.f865be45-a264-41e1-afb8-4bf557c945c9/1769040000.0_mean_300.0_v3" 201 - "PUT http://172.18.0.2:8080/d1/775/AUTH_f2ce6bfc308e4e2fbf4623f9afa112fc/gnocchi.f865be45-a264-41e1-afb8-4bf557c945c9/1769040000.0_mean_300.0_v3" "txf7a767e9954942a7bb2b2-00697c9f2d" "object-server 20" 0.0005 "-" 21 0
Jan 30 12:08:13 standalone object-server[128452]: 172.20.0.100 - - [30/Jan/2026:12:08:13 +0000] "PUT /d1/775/AUTH_f2ce6bfc308e4e2fbf4623f9afa112fc/gnocchi.f865be45-a264-41e1-afb8-4bf557c945c9/1769040000.0_mean_300.0_v3" 201 - "PUT http://172.18.0.2:8080/v1/AUTH_f2ce6bfc308e4e2fbf4623f9afa112fc/gnocchi.f865be45-a264-41e1-afb8-4bf557c945c9/1769040000.0_mean_300.0_v3" "txf7a767e9954942a7bb2b2-00697c9f2d" "proxy-server 20" 0.0300 "-" 20 0
Jan 30 12:08:13 standalone proxy-server[130418]: 172.18.0.2 172.18.0.100 30/Jan/2026/12/08/13 PUT /v1/AUTH_f2ce6bfc308e4e2fbf4623f9afa112fc/gnocchi.f865be45-a264-41e1-afb8-4bf557c945c9/1769040000.0_mean_300.0_v3 HTTP/1.0 201 - python-swiftclient-3.11.1 gAAAAABpfJ7zkMxm... 16 - - txf7a767e9954942a7bb2b2-00697c9f2d - 0.0377 - - 1769774893.478705406 1769774893.516437054 0
Jan 30 12:08:13 standalone container-server[128299]: 172.20.0.100 - - [30/Jan/2026:12:08:13 +0000] "PUT /d1/1020/AUTH_f2ce6bfc308e4e2fbf4623f9afa112fc/gnocchi.f865be45-a264-41e1-afb8-4bf557c945c9/none_v3" 201 - "PUT http://172.18.0.2:8080/d1/712/AUTH_f2ce6bfc308e4e2fbf4623f9afa112fc/gnocchi.f865be45-a264-41e1-afb8-4bf557c945c9/none_v3" "txe627028734a645bea3e03-00697c9f2d" "object-server 21" 0.0006 "-" 22 0
Jan 30 12:08:13 standalone object-server[128453]: 172.20.0.100 - - [30/Jan/2026:12:08:13 +0000] "PUT /d1/712/AUTH_f2ce6bfc308e4e2fbf4623f9afa112fc/gnocchi.f865be45-a264-41e1-afb8-4bf557c945c9/none_v3" 201 - "PUT http://172.18.0.2:8080/v1/AUTH_f2ce6bfc308e4e2fbf4623f9afa112fc/gnocchi.f865be45-a264-41e1-afb8-4bf557c945c9/none_v3" "txe627028734a645bea3e03-00697c9f2d" "proxy-server 20" 0.0094 "-" 21 0
Jan 30 12:08:13 standalone proxy-server[130418]: 172.18.0.2 172.18.0.100 30/Jan/2026/12/08/13 PUT /v1/AUTH_f2ce6bfc308e4e2fbf4623f9afa112fc/gnocchi.f865be45-a264-41e1-afb8-4bf557c945c9/none_v3 HTTP/1.0 201 - python-swiftclient-3.11.1 gAAAAABpfJ7zkMxm... 22 - - txe627028734a645bea3e03-00697c9f2d - 0.0161 - - 1769774893.519903421 1769774893.536050320 0
Jan 30 12:08:21 standalone account-server[128277]: 172.20.0.100 - - [30/Jan/2026:12:08:21 +0000] "HEAD /d1/97/AUTH_f2ce6bfc308e4e2fbf4623f9afa112fc" 204 - "HEAD http://172.18.0.2:8080/v1/AUTH_f2ce6bfc308e4e2fbf4623f9afa112fc?format=json" "txc618045d8bd64eee89f40-00697c9f35" "proxy-server 20" 0.0082 "-" 20 -
Jan 30 12:08:21 standalone proxy-server[130418]: - - 30/Jan/2026/12/08/21 HEAD /v1/AUTH_f2ce6bfc308e4e2fbf4623f9afa112fc%3Fformat%3Djson HTTP/1.0 204 - Swift - - - - txc618045d8bd64eee89f40-00697c9f35 - 0.0140 RL - 1769774901.408566475 1769774901.422565460 -
Jan 30 12:08:21 standalone container-server[128286]: 172.20.0.100 - - [30/Jan/2026:12:08:21 +0000] "HEAD /d1/503/AUTH_f2ce6bfc308e4e2fbf4623f9afa112fc/gnocchi.719ad5c3-569c-4695-b53a-97ecd0d8b705" 404 - "HEAD http://172.18.0.2:8080/v1/AUTH_f2ce6bfc308e4e2fbf4623f9afa112fc/gnocchi.719ad5c3-569c-4695-b53a-97ecd0d8b705?format=json&states=listing" "txc618045d8bd64eee89f40-00697c9f35" "proxy-server 20" 0.0007 "-" 21 0
Jan 30 12:08:21 standalone object-server[128455]: 172.20.0.100 - - [30/Jan/2026:12:08:21 +0000] "GET /d1/792/AUTH_f2ce6bfc308e4e2fbf4623f9afa112fc/gnocchi.719ad5c3-569c-4695-b53a-97ecd0d8b705/none_v3" 404 70 "GET http://172.18.0.2:8080/v1/AUTH_f2ce6bfc308e4e2fbf4623f9afa112fc/gnocchi.719ad5c3-569c-4695-b53a-97ecd0d8b705/none_v3" "txc618045d8bd64eee89f40-00697c9f35" "proxy-server 20" 0.0008 "-" 23 0
Jan 30 12:08:21 standalone proxy-server[130418]: 172.18.0.2 172.18.0.100 30/Jan/2026/12/08/21 GET /v1/AUTH_f2ce6bfc308e4e2fbf4623f9afa112fc/gnocchi.719ad5c3-569c-4695-b53a-97ecd0d8b705/none_v3 HTTP/1.0 404 - python-swiftclient-3.11.1 gAAAAABpfJ7zkMxm... - 70 - txc618045d8bd64eee89f40-00697c9f35 - 0.0299 - - 1769774901.407277584 1769774901.437155008 0
Jan 30 12:08:21 standalone account-server[128304]: 172.20.0.100 - - [30/Jan/2026:12:08:21 +0000] "PUT /d1/97/AUTH_f2ce6bfc308e4e2fbf4623f9afa112fc/gnocchi.719ad5c3-569c-4695-b53a-97ecd0d8b705" 201 - "PUT http://172.20.0.100:6001/d1/503/AUTH_f2ce6bfc308e4e2fbf4623f9afa112fc/gnocchi.719ad5c3-569c-4695-b53a-97ecd0d8b705" "tx90ede44df33847b8a77f0-00697c9f35" "container-server 23" 0.0024 "-" 22 0
Jan 30 12:08:21 standalone container-server[128315]: 172.20.0.100 - - [30/Jan/2026:12:08:21 +0000] "PUT /d1/503/AUTH_f2ce6bfc308e4e2fbf4623f9afa112fc/gnocchi.719ad5c3-569c-4695-b53a-97ecd0d8b705" 201 - "PUT http://172.18.0.2:8080/v1/AUTH_f2ce6bfc308e4e2fbf4623f9afa112fc/gnocchi.719ad5c3-569c-4695-b53a-97ecd0d8b705" "tx90ede44df33847b8a77f0-00697c9f35" "proxy-server 20" 0.0219 "-" 23 0
Jan 30 12:08:21 standalone proxy-server[130418]: 172.18.0.2 172.18.0.100 30/Jan/2026/12/08/21 PUT /v1/AUTH_f2ce6bfc308e4e2fbf4623f9afa112fc/gnocchi.719ad5c3-569c-4695-b53a-97ecd0d8b705 HTTP/1.0 201 - python-swiftclient-3.11.1 gAAAAABpfJ7zkMxm... - - - tx90ede44df33847b8a77f0-00697c9f35 - 0.0312 - - 1769774901.440035343 1769774901.471226692 0
Jan 30 12:08:21 standalone container-server[128286]: 172.20.0.100 - - [30/Jan/2026:12:08:21 +0000] "HEAD /d1/503/AUTH_f2ce6bfc308e4e2fbf4623f9afa112fc/gnocchi.719ad5c3-569c-4695-b53a-97ecd0d8b705" 204 - "HEAD http://172.18.0.2:8080/v1/AUTH_f2ce6bfc308e4e2fbf4623f9afa112fc/gnocchi.719ad5c3-569c-4695-b53a-97ecd0d8b705?format=json&states=listing" "txb64d9bb5f8b047afa4051-00697c9f35" "proxy-server 20" 0.0017 "-" 21 0
Jan 30 12:08:21 standalone proxy-server[130418]: - - 30/Jan/2026/12/08/21 HEAD /v1/AUTH_f2ce6bfc308e4e2fbf4623f9afa112fc/gnocchi.719ad5c3-569c-4695-b53a-97ecd0d8b705%3Fformat%3Djson%26states%3Dlisting HTTP/1.0 204 - Swift - - - - txb64d9bb5f8b047afa4051-00697c9f35 - 0.0069 RL - 1769774901.476488113 1769774901.483416796 0
Jan 30 12:08:21 standalone container-server[128299]: 172.20.0.100 - - [30/Jan/2026:12:08:21 +0000] "GET /d1/503/AUTH_f2ce6bfc308e4e2fbf4623f9afa112fc/gnocchi.719ad5c3-569c-4695-b53a-97ecd0d8b705" 200 2 "GET http://172.18.0.2:8080/v1/AUTH_f2ce6bfc308e4e2fbf4623f9afa112fc/gnocchi.719ad5c3-569c-4695-b53a-97ecd0d8b705?format=json&states=listing" "txb64d9bb5f8b047afa4051-00697c9f35" "proxy-server 20" 0.0040 "-" 22 0
Jan 30 12:08:21 standalone proxy-server[130418]: 172.18.0.2 172.18.0.100 30/Jan/2026/12/08/21 GET /v1/AUTH_f2ce6bfc308e4e2fbf4623f9afa112fc/gnocchi.719ad5c3-569c-4695-b53a-97ecd0d8b705%3Fformat%3Djson%26states%3Dlisting HTTP/1.0 200 - python-swiftclient-3.11.1 gAAAAABpfJ7zkMxm... - 2 - txb64d9bb5f8b047afa4051-00697c9f35 - 0.0281 - - 1769774901.474940062 1769774901.503011942 0
Jan 30 12:08:21 standalone object-server[128455]: 172.20.0.100 - - [30/Jan/2026:12:08:21 +0000] "GET /d1/186/AUTH_f2ce6bfc308e4e2fbf4623f9afa112fc/gnocchi.719ad5c3-569c-4695-b53a-97ecd0d8b705/1769040000.0_mean_300.0_v3" 404 70 "GET http://172.18.0.2:8080/v1/AUTH_f2ce6bfc308e4e2fbf4623f9afa112fc/gnocchi.719ad5c3-569c-4695-b53a-97ecd0d8b705/1769040000.0_mean_300.0_v3" "txe8f700c8ef7c484ba11b5-00697c9f35" "proxy-server 20" 0.0006 "-" 23 0
Jan 30 12:08:21 standalone proxy-server[130418]: 172.18.0.2 172.18.0.100 30/Jan/2026/12/08/21 GET /v1/AUTH_f2ce6bfc308e4e2fbf4623f9afa112fc/gnocchi.719ad5c3-569c-4695-b53a-97ecd0d8b705/1769040000.0_mean_300.0_v3 HTTP/1.0 404 - python-swiftclient-3.11.1 gAAAAABpfJ7zkMxm... - 70 - txe8f700c8ef7c484ba11b5-00697c9f35 - 0.0182 - - 1769774901.510092497 1769774901.528333426 0
Jan 30 12:08:21 standalone container-server[128299]: 172.20.0.100 - - [30/Jan/2026:12:08:21 +0000] "PUT /d1/503/AUTH_f2ce6bfc308e4e2fbf4623f9afa112fc/gnocchi.719ad5c3-569c-4695-b53a-97ecd0d8b705/1769040000.0_mean_300.0_v3" 201 - "PUT http://172.18.0.2:8080/d1/186/AUTH_f2ce6bfc308e4e2fbf4623f9afa112fc/gnocchi.719ad5c3-569c-4695-b53a-97ecd0d8b705/1769040000.0_mean_300.0_v3" "tx1e0c5fe6c76449df89182-00697c9f35" "object-server 21" 0.0012 "-" 22 0
Jan 30 12:08:21 standalone object-server[128453]: 172.20.0.100 - - [30/Jan/2026:12:08:21 +0000] "PUT /d1/186/AUTH_f2ce6bfc308e4e2fbf4623f9afa112fc/gnocchi.719ad5c3-569c-4695-b53a-97ecd0d8b705/1769040000.0_mean_300.0_v3" 201 - "PUT http://172.18.0.2:8080/v1/AUTH_f2ce6bfc308e4e2fbf4623f9afa112fc/gnocchi.719ad5c3-569c-4695-b53a-97ecd0d8b705/1769040000.0_mean_300.0_v3" "tx1e0c5fe6c76449df89182-00697c9f35" "proxy-server 20" 0.0137 "-" 21 0
Jan 30 12:08:21 standalone proxy-server[130418]: 172.18.0.2 172.18.0.100 30/Jan/2026/12/08/21 PUT /v1/AUTH_f2ce6bfc308e4e2fbf4623f9afa112fc/gnocchi.719ad5c3-569c-4695-b53a-97ecd0d8b705/1769040000.0_mean_300.0_v3 HTTP/1.0 201 - python-swiftclient-3.11.1 gAAAAABpfJ7zkMxm... 16 - - tx1e0c5fe6c76449df89182-00697c9f35 - 0.0234 - - 1769774901.531928301 1769774901.555288315 0
Jan 30 12:08:21 standalone container-server[128315]: 172.20.0.100 - - [30/Jan/2026:12:08:21 +0000] "PUT /d1/503/AUTH_f2ce6bfc308e4e2fbf4623f9afa112fc/gnocchi.719ad5c3-569c-4695-b53a-97ecd0d8b705/none_v3" 201 - "PUT http://172.18.0.2:8080/d1/792/AUTH_f2ce6bfc308e4e2fbf4623f9afa112fc/gnocchi.719ad5c3-569c-4695-b53a-97ecd0d8b705/none_v3" "tx844342f50a57458fb121a-00697c9f35" "object-server 21" 0.0020 "-" 23 0
Jan 30 12:08:21 standalone object-server[128453]: 172.20.0.100 - - [30/Jan/2026:12:08:21 +0000] "PUT /d1/792/AUTH_f2ce6bfc308e4e2fbf4623f9afa112fc/gnocchi.719ad5c3-569c-4695-b53a-97ecd0d8b705/none_v3" 201 - "PUT http://172.18.0.2:8080/v1/AUTH_f2ce6bfc308e4e2fbf4623f9afa112fc/gnocchi.719ad5c3-569c-4695-b53a-97ecd0d8b705/none_v3" "tx844342f50a57458fb121a-00697c9f35" "proxy-server 20" 0.0144 "-" 21 0
Jan 30 12:08:21 standalone proxy-server[130418]: 172.18.0.2 172.18.0.100 30/Jan/2026/12/08/21 PUT /v1/AUTH_f2ce6bfc308e4e2fbf4623f9afa112fc/gnocchi.719ad5c3-569c-4695-b53a-97ecd0d8b705/none_v3 HTTP/1.0 201 - python-swiftclient-3.11.1 gAAAAABpfJ7zkMxm... 22 - - tx844342f50a57458fb121a-00697c9f35 - 0.0231 - - 1769774901.558940411 1769774901.582001686 0
Jan 30 12:08:21 standalone container-server[128315]: 172.20.0.100 - - [30/Jan/2026:12:08:21 +0000] "HEAD /d1/295/AUTH_f2ce6bfc308e4e2fbf4623f9afa112fc/gnocchi.38c9b53e-7d1d-41d2-9353-f703f6694413" 404 - "HEAD http://172.18.0.2:8080/v1/AUTH_f2ce6bfc308e4e2fbf4623f9afa112fc/gnocchi.38c9b53e-7d1d-41d2-9353-f703f6694413?format=json&states=listing" "tx20c38b6b10b04e29859d3-00697c9f35" "proxy-server 20" 0.0014 "-" 23 0
Jan 30 12:08:21 standalone object-server[128454]: 172.20.0.100 - - [30/Jan/2026:12:08:21 +0000] "GET /d1/318/AUTH_f2ce6bfc308e4e2fbf4623f9afa112fc/gnocchi.38c9b53e-7d1d-41d2-9353-f703f6694413/none_v3" 404 70 "GET http://172.18.0.2:8080/v1/AUTH_f2ce6bfc308e4e2fbf4623f9afa112fc/gnocchi.38c9b53e-7d1d-41d2-9353-f703f6694413/none_v3" "tx20c38b6b10b04e29859d3-00697c9f35" "proxy-server 20" 0.0006 "-" 22 0
Jan 30 12:08:21 standalone proxy-server[130418]: 172.18.0.2 172.18.0.100 30/Jan/2026/12/08/21 GET /v1/AUTH_f2ce6bfc308e4e2fbf4623f9afa112fc/gnocchi.38c9b53e-7d1d-41d2-9353-f703f6694413/none_v3 HTTP/1.0 404 - python-swiftclient-3.11.1 gAAAAABpfJ7zkMxm... - 70 - tx20c38b6b10b04e29859d3-00697c9f35 - 0.0259 - - 1769774901.603752851 1769774901.629614115 0
Jan 30 12:08:21 standalone account-server[128304]: 172.20.0.100 - - [30/Jan/2026:12:08:21 +0000] "PUT /d1/97/AUTH_f2ce6bfc308e4e2fbf4623f9afa112fc/gnocchi.38c9b53e-7d1d-41d2-9353-f703f6694413" 201 - "PUT http://172.20.0.100:6001/d1/295/AUTH_f2ce6bfc308e4e2fbf4623f9afa112fc/gnocchi.38c9b53e-7d1d-41d2-9353-f703f6694413" "txfcd7b2bb011542baafe97-00697c9f35" "container-server 23" 0.0071 "-" 22 0
Jan 30 12:08:21 standalone container-server[128315]: 172.20.0.100 - - [30/Jan/2026:12:08:21 +0000] "PUT /d1/295/AUTH_f2ce6bfc308e4e2fbf4623f9afa112fc/gnocchi.38c9b53e-7d1d-41d2-9353-f703f6694413" 201 - "PUT http://172.18.0.2:8080/v1/AUTH_f2ce6bfc308e4e2fbf4623f9afa112fc/gnocchi.38c9b53e-7d1d-41d2-9353-f703f6694413" "txfcd7b2bb011542baafe97-00697c9f35" "proxy-server 20" 0.0275 "-" 23 0
Jan 30 12:08:21 standalone proxy-server[130418]: 172.18.0.2 172.18.0.100 30/Jan/2026/12/08/21 PUT /v1/AUTH_f2ce6bfc308e4e2fbf4623f9afa112fc/gnocchi.38c9b53e-7d1d-41d2-9353-f703f6694413 HTTP/1.0 201 - python-swiftclient-3.11.1 gAAAAABpfJ7zkMxm... - - - txfcd7b2bb011542baafe97-00697c9f35 - 0.0359 - - 1769774901.633980751 1769774901.669881821 0
Jan 30 12:08:21 standalone container-server[128281]: 172.20.0.100 - - [30/Jan/2026:12:08:21 +0000] "HEAD /d1/295/AUTH_f2ce6bfc308e4e2fbf4623f9afa112fc/gnocchi.38c9b53e-7d1d-41d2-9353-f703f6694413" 204 - "HEAD http://172.18.0.2:8080/v1/AUTH_f2ce6bfc308e4e2fbf4623f9afa112fc/gnocchi.38c9b53e-7d1d-41d2-9353-f703f6694413?format=json&states=listing" "txd115b8d5ec224adb874b9-00697c9f35" "proxy-server 20" 0.0055 "-" 20 0
Jan 30 12:08:21 standalone proxy-server[130418]: - - 30/Jan/2026/12/08/21 HEAD /v1/AUTH_f2ce6bfc308e4e2fbf4623f9afa112fc/gnocchi.38c9b53e-7d1d-41d2-9353-f703f6694413%3Fformat%3Djson%26states%3Dlisting HTTP/1.0 204 - Swift - - - - txd115b8d5ec224adb874b9-00697c9f35 - 0.0413 RL - 1769774901.677226543 1769774901.718552113 0
Jan 30 12:08:21 standalone container-server[128281]: 172.20.0.100 - - [30/Jan/2026:12:08:21 +0000] "GET /d1/295/AUTH_f2ce6bfc308e4e2fbf4623f9afa112fc/gnocchi.38c9b53e-7d1d-41d2-9353-f703f6694413" 200 2 "GET http://172.18.0.2:8080/v1/AUTH_f2ce6bfc308e4e2fbf4623f9afa112fc/gnocchi.38c9b53e-7d1d-41d2-9353-f703f6694413?format=json&states=listing" "txd115b8d5ec224adb874b9-00697c9f35" "proxy-server 20" 0.0049 "-" 20 0
Jan 30 12:08:21 standalone proxy-server[130418]: 172.18.0.2 172.18.0.100 30/Jan/2026/12/08/21 GET /v1/AUTH_f2ce6bfc308e4e2fbf4623f9afa112fc/gnocchi.38c9b53e-7d1d-41d2-9353-f703f6694413%3Fformat%3Djson%26states%3Dlisting HTTP/1.0 200 - python-swiftclient-3.11.1 gAAAAABpfJ7zkMxm... - 2 - txd115b8d5ec224adb874b9-00697c9f35 - 0.0580 - - 1769774901.675185680 1769774901.733219862 0
Jan 30 12:08:21 standalone object-server[128454]: 172.20.0.100 - - [30/Jan/2026:12:08:21 +0000] "GET /d1/188/AUTH_f2ce6bfc308e4e2fbf4623f9afa112fc/gnocchi.38c9b53e-7d1d-41d2-9353-f703f6694413/1769040000.0_mean_300.0_v3" 404 70 "GET http://172.18.0.2:8080/v1/AUTH_f2ce6bfc308e4e2fbf4623f9afa112fc/gnocchi.38c9b53e-7d1d-41d2-9353-f703f6694413/1769040000.0_mean_300.0_v3" "txc2aa79fc2d6a4a1cbdc68-00697c9f35" "proxy-server 20" 0.0004 "-" 22 0
Jan 30 12:08:21 standalone proxy-server[130418]: 172.18.0.2 172.18.0.100 30/Jan/2026/12/08/21 GET /v1/AUTH_f2ce6bfc308e4e2fbf4623f9afa112fc/gnocchi.38c9b53e-7d1d-41d2-9353-f703f6694413/1769040000.0_mean_300.0_v3 HTTP/1.0 404 - python-swiftclient-3.11.1 gAAAAABpfJ7zkMxm... - 70 - txc2aa79fc2d6a4a1cbdc68-00697c9f35 - 0.0657 - - 1769774901.742971897 1769774901.808661699 0
Jan 30 12:08:21 standalone container-server[128299]: 172.20.0.100 - - [30/Jan/2026:12:08:21 +0000] "PUT /d1/295/AUTH_f2ce6bfc308e4e2fbf4623f9afa112fc/gnocchi.38c9b53e-7d1d-41d2-9353-f703f6694413/1769040000.0_mean_300.0_v3" 201 - "PUT http://172.18.0.2:8080/d1/188/AUTH_f2ce6bfc308e4e2fbf4623f9afa112fc/gnocchi.38c9b53e-7d1d-41d2-9353-f703f6694413/1769040000.0_mean_300.0_v3" "txbf15cfe3588c40009cc45-00697c9f35" "object-server 20" 0.0021 "-" 22 0
Jan 30 12:08:21 standalone object-server[128452]: 172.20.0.100 - - [30/Jan/2026:12:08:21 +0000] "PUT /d1/188/AUTH_f2ce6bfc308e4e2fbf4623f9afa112fc/gnocchi.38c9b53e-7d1d-41d2-9353-f703f6694413/1769040000.0_mean_300.0_v3" 201 - "PUT http://172.18.0.2:8080/v1/AUTH_f2ce6bfc308e4e2fbf4623f9afa112fc/gnocchi.38c9b53e-7d1d-41d2-9353-f703f6694413/1769040000.0_mean_300.0_v3" "txbf15cfe3588c40009cc45-00697c9f35" "proxy-server 20" 0.0258 "-" 20 0
Jan 30 12:08:21 standalone proxy-server[130418]: 172.18.0.2 172.18.0.100 30/Jan/2026/12/08/21 PUT /v1/AUTH_f2ce6bfc308e4e2fbf4623f9afa112fc/gnocchi.38c9b53e-7d1d-41d2-9353-f703f6694413/1769040000.0_mean_300.0_v3 HTTP/1.0 201 - python-swiftclient-3.11.1 gAAAAABpfJ7zkMxm... 16 - - txbf15cfe3588c40009cc45-00697c9f35 - 0.0414 - - 1769774901.820183277 1769774901.861558199 0
Jan 30 12:08:21 standalone container-server[128315]: 172.20.0.100 - - [30/Jan/2026:12:08:21 +0000] "PUT /d1/295/AUTH_f2ce6bfc308e4e2fbf4623f9afa112fc/gnocchi.38c9b53e-7d1d-41d2-9353-f703f6694413/none_v3" 201 - "PUT http://172.18.0.2:8080/d1/318/AUTH_f2ce6bfc308e4e2fbf4623f9afa112fc/gnocchi.38c9b53e-7d1d-41d2-9353-f703f6694413/none_v3" "txa21601449c174bc299296-00697c9f35" "object-server 23" 0.0015 "-" 23 0
Jan 30 12:08:21 standalone object-server[128455]: 172.20.0.100 - - [30/Jan/2026:12:08:21 +0000] "PUT /d1/318/AUTH_f2ce6bfc308e4e2fbf4623f9afa112fc/gnocchi.38c9b53e-7d1d-41d2-9353-f703f6694413/none_v3" 201 - "PUT http://172.18.0.2:8080/v1/AUTH_f2ce6bfc308e4e2fbf4623f9afa112fc/gnocchi.38c9b53e-7d1d-41d2-9353-f703f6694413/none_v3" "txa21601449c174bc299296-00697c9f35" "proxy-server 20" 0.0144 "-" 23 0
Jan 30 12:08:21 standalone proxy-server[130418]: 172.18.0.2 172.18.0.100 30/Jan/2026/12/08/21 PUT /v1/AUTH_f2ce6bfc308e4e2fbf4623f9afa112fc/gnocchi.38c9b53e-7d1d-41d2-9353-f703f6694413/none_v3 HTTP/1.0 201 - python-swiftclient-3.11.1 gAAAAABpfJ7zkMxm... 22 - - txa21601449c174bc299296-00697c9f35 - 0.0219 - - 1769774901.870289803 1769774901.892144203 0
