Mar 11 02:04:32 standalone account-server[122335]: Starting 2
Mar 11 02:04:33 standalone container-server[122604]: Starting 2
Mar 11 02:04:34 standalone container-server[122576]: Option allow_versions is deprecated. Configure the versioned_writes middleware in the proxy-server instead. This option will be ignored in a future release.
Mar 11 02:04:34 standalone account-server[122525]: Started child 20 from parent 2
Mar 11 02:04:34 standalone container-server[122831]: Option allow_versions is deprecated. Configure the versioned_writes middleware in the proxy-server instead. This option will be ignored in a future release.
Mar 11 02:04:34 standalone container-server[122576]: Started child 20 from parent 2
Mar 11 02:04:34 standalone account-server[122525]: Started child 21 from parent 2
Mar 11 02:04:34 standalone container-server[122833]: Option allow_versions is deprecated. Configure the versioned_writes middleware in the proxy-server instead. This option will be ignored in a future release.
Mar 11 02:04:34 standalone container-server[122576]: Started child 21 from parent 2
Mar 11 02:04:34 standalone account-server[122525]: Started child 22 from parent 2
Mar 11 02:04:34 standalone container-server[122839]: Option allow_versions is deprecated. Configure the versioned_writes middleware in the proxy-server instead. This option will be ignored in a future release.
Mar 11 02:04:34 standalone container-server[122576]: Started child 22 from parent 2
Mar 11 02:04:34 standalone account-server[122525]: Started child 23 from parent 2
Mar 11 02:04:34 standalone container-server[122842]: Option allow_versions is deprecated. Configure the versioned_writes middleware in the proxy-server instead. This option will be ignored in a future release.
Mar 11 02:04:34 standalone container-server[122576]: Started child 23 from parent 2
Mar 11 02:04:34 standalone object-expirer[122698]: Starting 2
Mar 11 02:04:34 standalone object-expirer[122698]: Option auto_create_account_prefix is deprecated. Configure auto_create_account_prefix under the swift-constraints section of swift.conf. This option will be ignored in a future release.
Mar 11 02:04:34 standalone object-server[122859]: Starting 2
Mar 11 02:04:34 standalone object-server[122848]: Started child 21 from parent 2
Mar 11 02:04:34 standalone object-server[122848]: Started child 22 from parent 2
Mar 11 02:04:34 standalone object-server[122848]: Started child 23 from parent 2
Mar 11 02:04:34 standalone object-server[122848]: Started child 24 from parent 2
Mar 11 02:04:41 standalone proxy-server[124758]: Starting Keystone auth_token middleware
Mar 11 02:04:41 standalone proxy-server[124758]: AuthToken middleware is set with keystone_authtoken.service_token_roles_required set to False. This is backwards compatible but deprecated behaviour. Please set this to True.
Mar 11 02:04:41 standalone proxy-server[124910]: Starting Keystone auth_token middleware
Mar 11 02:04:41 standalone proxy-server[124910]: STDERR: The option "bind_port" is not known to keystonemiddleware
Mar 11 02:04:41 standalone proxy-server[124910]: STDERR: The option "workers" is not known to keystonemiddleware
Mar 11 02:04:41 standalone proxy-server[124910]: STDERR: The option "user" is not known to keystonemiddleware
Mar 11 02:04:41 standalone proxy-server[124910]: STDERR: The option "bind_ip" is not known to keystonemiddleware
Mar 11 02:04:41 standalone proxy-server[124910]: STDERR: The option "log_name" is not known to keystonemiddleware
Mar 11 02:04:41 standalone proxy-server[124910]: STDERR: The option "log_facility" is not known to keystonemiddleware
Mar 11 02:04:41 standalone proxy-server[124910]: STDERR: The option "log_level" is not known to keystonemiddleware
Mar 11 02:04:41 standalone proxy-server[124910]: STDERR: The option "log_headers" is not known to keystonemiddleware
Mar 11 02:04:41 standalone proxy-server[124910]: STDERR: The option "log_address" is not known to keystonemiddleware
Mar 11 02:04:41 standalone proxy-server[124910]: STDERR: The option "project_name" is not known to keystonemiddleware
Mar 11 02:04:41 standalone proxy-server[124910]: STDERR: The option "username" is not known to keystonemiddleware
Mar 11 02:04:41 standalone proxy-server[124910]: STDERR: The option "password" is not known to keystonemiddleware
Mar 11 02:04:41 standalone proxy-server[124910]: STDERR: The option "auth_url" is not known to keystonemiddleware
Mar 11 02:04:41 standalone proxy-server[124910]: STDERR: The option "signing_dir" is not known to keystonemiddleware
Mar 11 02:04:41 standalone proxy-server[124910]: STDERR: The option "project_domain_id" is not known to keystonemiddleware
Mar 11 02:04:41 standalone proxy-server[124910]: STDERR: The option "user_domain_id" is not known to keystonemiddleware
Mar 11 02:04:41 standalone proxy-server[124910]: STDERR: The option "__name__" is not known to keystonemiddleware
Mar 11 02:04:41 standalone proxy-server[124910]: AuthToken middleware is set with keystone_authtoken.service_token_roles_required set to False. This is backwards compatible but deprecated behaviour. Please set this to True.
Mar 11 02:04:41 standalone proxy-server[124758]: Started child 21 from parent 2
Mar 11 02:07:07 standalone container-server[122604]: Begin container update sweep
Mar 11 02:07:07 standalone container-server[122604]: Container update sweep completed: 0.00s
Mar 11 02:07:30 standalone account-server[122829]: 172.20.0.100 - - [11/Mar/2026:02:07:30 +0000] "HEAD /d1/894/.expiring_objects" 404 - "HEAD http://localhost/v1/.expiring_objects?format=json" "txa16c7410624945b78b121-0069b0ce62" "proxy-server 2" 0.0010 "-" 20 -
Mar 11 02:07:30 standalone object-expirer[122698]: Pass completed in 0s; 0 objects expired (txn: txa16c7410624945b78b121-0069b0ce62)
Mar 11 02:07:59 standalone object-server[122859]: Begin object update sweep
Mar 11 02:07:59 standalone object-server[146878]: Object update sweep starting on /srv/node/d1 (pid: 11)
Mar 11 02:07:59 standalone object-server[146878]: Object update sweep completed on /srv/node/d1 in 0.00s seconds:, 0 successes, 0 failures, 0 quarantines, 0 unlinks, 0 errors, 0 redirects (pid: 11)
Mar 11 02:07:59 standalone object-server[146878]: Object update sweep of d1 completed: 0.00s, 0 successes, 0 failures, 0 quarantines, 0 unlinks, 0 errors, 0 redirects
Mar 11 02:07:59 standalone object-server[122859]: Object update sweep completed: 0.09s
Mar 11 02:11:01 standalone account-server[122840]: 172.20.0.100 - - [11/Mar/2026:02:11:01 +0000] "HEAD /d1/504/AUTH_99c41b26b86841a5870140d7cf18764b" 404 - "HEAD http://localhost:8080/v1/AUTH_99c41b26b86841a5870140d7cf18764b?format=json" "tx41acefb6ece540b78544d-0069b0cf35" "proxy-server 21" 0.0021 "-" 23 -
Mar 11 02:11:01 standalone proxy-server[124910]: - - 11/Mar/2026/02/11/01 HEAD /v1/AUTH_99c41b26b86841a5870140d7cf18764b%3Fformat%3Djson HTTP/1.0 200 - Swift - - - - tx41acefb6ece540b78544d-0069b0cf35 - 0.0083 RL - 1773195061.041844130 1773195061.050099134 -
Mar 11 02:11:01 standalone proxy-server[124910]: 172.18.0.2 ::1 11/Mar/2026/02/11/01 HEAD /v1/AUTH_99c41b26b86841a5870140d7cf18764b/glance%3Fformat%3Djson HTTP/1.0 404 - python-swiftclient-3.11.1 gAAAAABpsM80x1ju... - - - tx41acefb6ece540b78544d-0069b0cf35 - 0.4522 - - 1773195061.036689758 1773195061.488933802 -
Mar 11 02:11:01 standalone account-server[122840]: 172.20.0.100 - - [11/Mar/2026:02:11:01 +0000] "PUT /d1/504/AUTH_99c41b26b86841a5870140d7cf18764b" 201 - "-" "tx49a3095fd5b5484f94725-0069b0cf35" "-" 0.0228 "-" 23 -
Mar 11 02:11:01 standalone proxy-server[124910]: autocreate account '/AUTH_99c41b26b86841a5870140d7cf18764b' (txn: tx49a3095fd5b5484f94725-0069b0cf35)
Mar 11 02:11:01 standalone account-server[122832]: 172.20.0.100 - - [11/Mar/2026:02:11:01 +0000] "HEAD /d1/504/AUTH_99c41b26b86841a5870140d7cf18764b" 204 - "HEAD http://localhost:8080/v1/AUTH_99c41b26b86841a5870140d7cf18764b?format=json" "tx49a3095fd5b5484f94725-0069b0cf35" "proxy-server 21" 0.0023 "-" 21 -
Mar 11 02:11:01 standalone account-server[122829]: 172.20.0.100 - - [11/Mar/2026:02:11:01 +0000] "PUT /d1/504/AUTH_99c41b26b86841a5870140d7cf18764b/glance" 201 - "PUT http://172.20.0.100:6001/d1/528/AUTH_99c41b26b86841a5870140d7cf18764b/glance" "tx49a3095fd5b5484f94725-0069b0cf35" "container-server 20" 0.0044 "-" 20 0
Mar 11 02:11:01 standalone container-server[122831]: 172.20.0.100 - - [11/Mar/2026:02:11:01 +0000] "PUT /d1/528/AUTH_99c41b26b86841a5870140d7cf18764b/glance" 201 - "PUT http://localhost:8080/v1/AUTH_99c41b26b86841a5870140d7cf18764b/glance" "tx49a3095fd5b5484f94725-0069b0cf35" "proxy-server 21" 0.0259 "-" 20 0
Mar 11 02:11:01 standalone proxy-server[124910]: 172.18.0.2 ::1 11/Mar/2026/02/11/01 PUT /v1/AUTH_99c41b26b86841a5870140d7cf18764b/glance HTTP/1.0 201 - python-swiftclient-3.11.1 gAAAAABpsM80x1ju... - - - tx49a3095fd5b5484f94725-0069b0cf35 - 0.0679 - - 1773195061.497180939 1773195061.565081596 0
Mar 11 02:11:01 standalone container-server[122839]: 172.20.0.100 - - [11/Mar/2026:02:11:01 +0000] "HEAD /d1/528/AUTH_99c41b26b86841a5870140d7cf18764b/glance" 204 - "HEAD http://localhost:8080/v1/AUTH_99c41b26b86841a5870140d7cf18764b/glance?format=json&states=listing" "txa3f0b94149de407b93a50-0069b0cf35" "proxy-server 21" 0.0045 "-" 22 0
Mar 11 02:11:01 standalone proxy-server[124910]: - - 11/Mar/2026/02/11/01 HEAD /v1/AUTH_99c41b26b86841a5870140d7cf18764b/glance%3Fformat%3Djson%26states%3Dlisting HTTP/1.0 204 - Swift - - - - txa3f0b94149de407b93a50-0069b0cf35 - 0.0128 RL - 1773195061.577156782 1773195061.589917898 0
Mar 11 02:11:18 standalone container-server[122833]: 172.20.0.100 - - [11/Mar/2026:02:11:18 +0000] "PUT /d1/528/AUTH_99c41b26b86841a5870140d7cf18764b/glance/2b118069-f613-41f4-988f-85bfdb07cead" 201 - "PUT http://localhost:8080/d1/194/AUTH_99c41b26b86841a5870140d7cf18764b/glance/2b118069-f613-41f4-988f-85bfdb07cead" "txa3f0b94149de407b93a50-0069b0cf35" "object-server 21" 0.0021 "-" 21 0
Mar 11 02:11:18 standalone object-server[122952]: 172.20.0.100 - - [11/Mar/2026:02:11:18 +0000] "PUT /d1/194/AUTH_99c41b26b86841a5870140d7cf18764b/glance/2b118069-f613-41f4-988f-85bfdb07cead" 201 - "PUT http://localhost:8080/v1/AUTH_99c41b26b86841a5870140d7cf18764b/glance/2b118069-f613-41f4-988f-85bfdb07cead" "txa3f0b94149de407b93a50-0069b0cf35" "proxy-server 21" 17.3955 "-" 21 0
Mar 11 02:11:19 standalone proxy-server[124910]: 172.18.0.2 ::1 11/Mar/2026/02/11/18 PUT /v1/AUTH_99c41b26b86841a5870140d7cf18764b/glance/2b118069-f613-41f4-988f-85bfdb07cead HTTP/1.0 201 - python-swiftclient-3.11.1 gAAAAABpsM80x1ju... 1481900032 - - txa3f0b94149de407b93a50-0069b0cf35 - 17.4160 - - 1773195061.576111317 1773195078.992136002 0
Mar 11 02:12:08 standalone container-server[122604]: Begin container update sweep
Mar 11 02:12:08 standalone account-server[122840]: 172.20.0.100 - - [11/Mar/2026:02:12:08 +0000] "PUT /d1/504/AUTH_99c41b26b86841a5870140d7cf18764b/glance" 201 - "-" "-" "container-updater 2" 0.0007 "-" 23 0
Mar 11 02:12:08 standalone container-server[122604]: Container update sweep completed: 0.08s
Mar 11 02:12:23 standalone account-server[122837]: 172.20.0.100 - - [11/Mar/2026:02:12:23 +0000] "HEAD /d1/894/.expiring_objects" 404 - "HEAD http://localhost/v1/.expiring_objects?format=json" "tx19d051931ea34be0a1670-0069b0cf87" "proxy-server 2" 0.0009 "-" 22 -
Mar 11 02:12:23 standalone object-expirer[122698]: Pass completed in 0s; 0 objects expired (txn: tx19d051931ea34be0a1670-0069b0cf87)
Mar 11 02:12:59 standalone object-server[122859]: Begin object update sweep
Mar 11 02:12:59 standalone object-server[186339]: Object update sweep starting on /srv/node/d1 (pid: 13)
Mar 11 02:12:59 standalone object-server[186339]: Object update sweep completed on /srv/node/d1 in 0.00s seconds:, 0 successes, 0 failures, 0 quarantines, 0 unlinks, 0 errors, 0 redirects (pid: 13)
Mar 11 02:12:59 standalone object-server[186339]: Object update sweep of d1 completed: 0.00s, 0 successes, 0 failures, 0 quarantines, 0 unlinks, 0 errors, 0 redirects
Mar 11 02:12:59 standalone object-server[122859]: Object update sweep completed: 0.08s
Mar 11 02:14:30 standalone account-server[122832]: 172.20.0.100 - - [11/Mar/2026:02:14:30 +0000] "HEAD /d1/894/.expiring_objects" 404 - "HEAD http://localhost/v1/.expiring_objects?format=json" "tx39c53c1ca55c4af98d478-0069b0d006" "proxy-server 2" 0.0007 "-" 21 -
Mar 11 02:14:30 standalone object-expirer[122698]: Pass completed in 0s; 0 objects expired (txn: tx39c53c1ca55c4af98d478-0069b0d006)
Mar 11 02:16:06 standalone account-server[122837]: 172.20.0.100 - - [11/Mar/2026:02:16:06 +0000] "HEAD /d1/504/AUTH_99c41b26b86841a5870140d7cf18764b" 204 - "HEAD http://localhost:8080/v1/AUTH_99c41b26b86841a5870140d7cf18764b?format=json" "tx7905f7c145d945f3ba898-0069b0d066" "proxy-server 21" 0.0086 "-" 22 -
Mar 11 02:16:06 standalone proxy-server[124910]: - - 11/Mar/2026/02/16/06 HEAD /v1/AUTH_99c41b26b86841a5870140d7cf18764b%3Fformat%3Djson HTTP/1.0 204 - Swift - - - - tx7905f7c145d945f3ba898-0069b0d066 - 0.0153 RL - 1773195366.400313616 1773195366.415630341 -
Mar 11 02:16:06 standalone container-server[122839]: 172.20.0.100 - - [11/Mar/2026:02:16:06 +0000] "HEAD /d1/528/AUTH_99c41b26b86841a5870140d7cf18764b/glance" 204 - "HEAD http://localhost:8080/v1/AUTH_99c41b26b86841a5870140d7cf18764b/glance?format=json&states=listing" "tx7905f7c145d945f3ba898-0069b0d066" "proxy-server 21" 0.0016 "-" 22 0
Mar 11 02:16:06 standalone proxy-server[124910]: 172.18.0.2 ::1 11/Mar/2026/02/16/06 HEAD /v1/AUTH_99c41b26b86841a5870140d7cf18764b/glance%3Fformat%3Djson%26states%3Dlisting HTTP/1.0 204 - python-swiftclient-3.11.1 gAAAAABpsNBmF6Yd... - - - tx7905f7c145d945f3ba898-0069b0d066 - 0.1044 - - 1773195366.399010420 1773195366.503456116 0
Mar 11 02:16:09 standalone container-server[122833]: 172.20.0.100 - - [11/Mar/2026:02:16:09 +0000] "PUT /d1/528/AUTH_99c41b26b86841a5870140d7cf18764b/glance/09c7685e-86ff-45e9-b937-741942514f39-00001" 201 - "PUT http://localhost:8080/d1/304/AUTH_99c41b26b86841a5870140d7cf18764b/glance/09c7685e-86ff-45e9-b937-741942514f39-00001" "tx350e9f761e18461f8678a-0069b0d066" "object-server 22" 0.0011 "-" 21 0
Mar 11 02:16:09 standalone object-server[122953]: 172.20.0.100 - - [11/Mar/2026:02:16:09 +0000] "PUT /d1/304/AUTH_99c41b26b86841a5870140d7cf18764b/glance/09c7685e-86ff-45e9-b937-741942514f39-00001" 201 - "PUT http://localhost:8080/v1/AUTH_99c41b26b86841a5870140d7cf18764b/glance/09c7685e-86ff-45e9-b937-741942514f39-00001" "tx350e9f761e18461f8678a-0069b0d066" "proxy-server 21" 3.2506 "-" 22 0
Mar 11 02:16:09 standalone proxy-server[124910]: 172.18.0.2 ::1 11/Mar/2026/02/16/09 PUT /v1/AUTH_99c41b26b86841a5870140d7cf18764b/glance/09c7685e-86ff-45e9-b937-741942514f39-00001 HTTP/1.0 201 - python-swiftclient-3.11.1 gAAAAABpsNBmF6Yd... 21692416 - - tx350e9f761e18461f8678a-0069b0d066 - 3.2684 - - 1773195366.511571169 1773195369.779999733 0
Mar 11 02:16:09 standalone container-server[122833]: 172.20.0.100 - - [11/Mar/2026:02:16:09 +0000] "PUT /d1/528/AUTH_99c41b26b86841a5870140d7cf18764b/glance/09c7685e-86ff-45e9-b937-741942514f39" 201 - "PUT http://localhost:8080/d1/240/AUTH_99c41b26b86841a5870140d7cf18764b/glance/09c7685e-86ff-45e9-b937-741942514f39" "tx0d0ce99d70064c8ab6067-0069b0d069" "object-server 24" 0.0007 "-" 21 0
Mar 11 02:16:09 standalone object-server[122955]: 172.20.0.100 - - [11/Mar/2026:02:16:09 +0000] "PUT /d1/240/AUTH_99c41b26b86841a5870140d7cf18764b/glance/09c7685e-86ff-45e9-b937-741942514f39" 201 - "PUT http://localhost:8080/v1/AUTH_99c41b26b86841a5870140d7cf18764b/glance/09c7685e-86ff-45e9-b937-741942514f39" "tx0d0ce99d70064c8ab6067-0069b0d069" "proxy-server 21" 0.0276 "-" 24 0
Mar 11 02:16:09 standalone proxy-server[124910]: 172.18.0.2 ::1 11/Mar/2026/02/16/09 PUT /v1/AUTH_99c41b26b86841a5870140d7cf18764b/glance/09c7685e-86ff-45e9-b937-741942514f39 HTTP/1.0 201 - python-swiftclient-3.11.1 gAAAAABpsNBmF6Yd... - - - tx0d0ce99d70064c8ab6067-0069b0d069 - 0.0341 - - 1773195369.786936283 1773195369.821034431 0
Mar 11 02:16:10 standalone container-server[122839]: 172.20.0.100 - - [11/Mar/2026:02:16:10 +0000] "HEAD /d1/220/AUTH_99c41b26b86841a5870140d7cf18764b/gnocchi.69e1c987-39a5-4a9a-8233-462336fe50b4" 404 - "HEAD http://localhost:8080/v1/AUTH_99c41b26b86841a5870140d7cf18764b/gnocchi.69e1c987-39a5-4a9a-8233-462336fe50b4?format=json&states=listing" "txa893e962750e44a79602d-0069b0d06a" "proxy-server 21" 0.0005 "-" 22 0
Mar 11 02:16:10 standalone object-server[122954]: 172.20.0.100 - - [11/Mar/2026:02:16:10 +0000] "GET /d1/212/AUTH_99c41b26b86841a5870140d7cf18764b/gnocchi.69e1c987-39a5-4a9a-8233-462336fe50b4/none_v3" 404 70 "GET http://localhost:8080/v1/AUTH_99c41b26b86841a5870140d7cf18764b/gnocchi.69e1c987-39a5-4a9a-8233-462336fe50b4/none_v3" "txa893e962750e44a79602d-0069b0d06a" "proxy-server 21" 0.0013 "-" 23 0
Mar 11 02:16:10 standalone proxy-server[124910]: 172.18.0.2 ::1 11/Mar/2026/02/16/10 GET /v1/AUTH_99c41b26b86841a5870140d7cf18764b/gnocchi.69e1c987-39a5-4a9a-8233-462336fe50b4/none_v3 HTTP/1.0 404 - python-swiftclient-3.11.1 gAAAAABpsNBqaExF... - 70 - txa893e962750e44a79602d-0069b0d06a - 0.0440 - - 1773195370.795463562 1773195370.839448929 0
Mar 11 02:16:10 standalone account-server[122829]: 172.20.0.100 - - [11/Mar/2026:02:16:10 +0000] "PUT /d1/504/AUTH_99c41b26b86841a5870140d7cf18764b/gnocchi.69e1c987-39a5-4a9a-8233-462336fe50b4" 201 - "PUT http://172.20.0.100:6001/d1/220/AUTH_99c41b26b86841a5870140d7cf18764b/gnocchi.69e1c987-39a5-4a9a-8233-462336fe50b4" "tx46159d4a2ece42f1936ed-0069b0d06a" "container-server 22" 0.0014 "-" 20 0
Mar 11 02:16:10 standalone container-server[122839]: 172.20.0.100 - - [11/Mar/2026:02:16:10 +0000] "PUT /d1/220/AUTH_99c41b26b86841a5870140d7cf18764b/gnocchi.69e1c987-39a5-4a9a-8233-462336fe50b4" 201 - "PUT http://localhost:8080/v1/AUTH_99c41b26b86841a5870140d7cf18764b/gnocchi.69e1c987-39a5-4a9a-8233-462336fe50b4" "tx46159d4a2ece42f1936ed-0069b0d06a" "proxy-server 21" 0.0119 "-" 22 0
Mar 11 02:16:10 standalone proxy-server[124910]: 172.18.0.2 ::1 11/Mar/2026/02/16/10 PUT /v1/AUTH_99c41b26b86841a5870140d7cf18764b/gnocchi.69e1c987-39a5-4a9a-8233-462336fe50b4 HTTP/1.0 201 - python-swiftclient-3.11.1 gAAAAABpsNBqaExF... - - - tx46159d4a2ece42f1936ed-0069b0d06a - 0.0180 - - 1773195370.843977451 1773195370.861950874 0
Mar 11 02:16:10 standalone container-server[122842]: 172.20.0.100 - - [11/Mar/2026:02:16:10 +0000] "HEAD /d1/220/AUTH_99c41b26b86841a5870140d7cf18764b/gnocchi.69e1c987-39a5-4a9a-8233-462336fe50b4" 204 - "HEAD http://localhost:8080/v1/AUTH_99c41b26b86841a5870140d7cf18764b/gnocchi.69e1c987-39a5-4a9a-8233-462336fe50b4?format=json&states=listing" "tx2fe11d61b9184d2885000-0069b0d06a" "proxy-server 21" 0.0030 "-" 23 0
Mar 11 02:16:10 standalone proxy-server[124910]: - - 11/Mar/2026/02/16/10 HEAD /v1/AUTH_99c41b26b86841a5870140d7cf18764b/gnocchi.69e1c987-39a5-4a9a-8233-462336fe50b4%3Fformat%3Djson%26states%3Dlisting HTTP/1.0 204 - Swift - - - - tx2fe11d61b9184d2885000-0069b0d06a - 0.0063 RL - 1773195370.870091677 1773195370.876378536 0
Mar 11 02:16:10 standalone container-server[122831]: 172.20.0.100 - - [11/Mar/2026:02:16:10 +0000] "GET /d1/220/AUTH_99c41b26b86841a5870140d7cf18764b/gnocchi.69e1c987-39a5-4a9a-8233-462336fe50b4" 200 2 "GET http://localhost:8080/v1/AUTH_99c41b26b86841a5870140d7cf18764b/gnocchi.69e1c987-39a5-4a9a-8233-462336fe50b4?format=json&states=listing" "tx2fe11d61b9184d2885000-0069b0d06a" "proxy-server 21" 0.0022 "-" 20 0
Mar 11 02:16:10 standalone proxy-server[124910]: 172.18.0.2 ::1 11/Mar/2026/02/16/10 GET /v1/AUTH_99c41b26b86841a5870140d7cf18764b/gnocchi.69e1c987-39a5-4a9a-8233-462336fe50b4%3Fformat%3Djson%26states%3Dlisting HTTP/1.0 200 - python-swiftclient-3.11.1 gAAAAABpsNBqaExF... - 2 - tx2fe11d61b9184d2885000-0069b0d06a - 0.0142 - - 1773195370.869145393 1773195370.883346796 0
Mar 11 02:16:10 standalone object-server[122952]: 172.20.0.100 - - [11/Mar/2026:02:16:10 +0000] "GET /d1/303/AUTH_99c41b26b86841a5870140d7cf18764b/gnocchi.69e1c987-39a5-4a9a-8233-462336fe50b4/1772280000.0_mean_300.0_v3" 404 70 "GET http://localhost:8080/v1/AUTH_99c41b26b86841a5870140d7cf18764b/gnocchi.69e1c987-39a5-4a9a-8233-462336fe50b4/1772280000.0_mean_300.0_v3" "tx94e896235de048ccbc7f3-0069b0d06a" "proxy-server 21" 0.0005 "-" 21 0
Mar 11 02:16:10 standalone proxy-server[124910]: 172.18.0.2 ::1 11/Mar/2026/02/16/10 GET /v1/AUTH_99c41b26b86841a5870140d7cf18764b/gnocchi.69e1c987-39a5-4a9a-8233-462336fe50b4/1772280000.0_mean_300.0_v3 HTTP/1.0 404 - python-swiftclient-3.11.1 gAAAAABpsNBqaExF... - 70 - tx94e896235de048ccbc7f3-0069b0d06a - 0.0057 - - 1773195370.887826920 1773195370.893543243 0
Mar 11 02:16:11 standalone container-server[122842]: 172.20.0.100 - - [11/Mar/2026:02:16:11 +0000] "PUT /d1/220/AUTH_99c41b26b86841a5870140d7cf18764b/gnocchi.69e1c987-39a5-4a9a-8233-462336fe50b4/1772280000.0_mean_300.0_v3" 201 - "PUT http://localhost:8080/d1/303/AUTH_99c41b26b86841a5870140d7cf18764b/gnocchi.69e1c987-39a5-4a9a-8233-462336fe50b4/1772280000.0_mean_300.0_v3" "txe4fd8e9dcecf49b0935e4-0069b0d06a" "object-server 21" 0.0010 "-" 23 0
Mar 11 02:16:11 standalone object-server[122952]: 172.20.0.100 - - [11/Mar/2026:02:16:11 +0000] "PUT /d1/303/AUTH_99c41b26b86841a5870140d7cf18764b/gnocchi.69e1c987-39a5-4a9a-8233-462336fe50b4/1772280000.0_mean_300.0_v3" 201 - "PUT http://localhost:8080/v1/AUTH_99c41b26b86841a5870140d7cf18764b/gnocchi.69e1c987-39a5-4a9a-8233-462336fe50b4/1772280000.0_mean_300.0_v3" "txe4fd8e9dcecf49b0935e4-0069b0d06a" "proxy-server 21" 0.1911 "-" 21 0
Mar 11 02:16:11 standalone proxy-server[124910]: 172.18.0.2 ::1 11/Mar/2026/02/16/11 PUT /v1/AUTH_99c41b26b86841a5870140d7cf18764b/gnocchi.69e1c987-39a5-4a9a-8233-462336fe50b4/1772280000.0_mean_300.0_v3 HTTP/1.0 201 - python-swiftclient-3.11.1 gAAAAABpsNBqaExF... 16 - - txe4fd8e9dcecf49b0935e4-0069b0d06a - 0.1967 - - 1773195370.896047831 1773195371.092778206 0
Mar 11 02:16:11 standalone container-server[122831]: 172.20.0.100 - - [11/Mar/2026:02:16:11 +0000] "PUT /d1/220/AUTH_99c41b26b86841a5870140d7cf18764b/gnocchi.69e1c987-39a5-4a9a-8233-462336fe50b4/none_v3" 201 - "PUT http://localhost:8080/d1/212/AUTH_99c41b26b86841a5870140d7cf18764b/gnocchi.69e1c987-39a5-4a9a-8233-462336fe50b4/none_v3" "tx40c660e9a82a4e329d02c-0069b0d06b" "object-server 22" 0.0005 "-" 20 0
Mar 11 02:16:11 standalone object-server[122953]: 172.20.0.100 - - [11/Mar/2026:02:16:11 +0000] "PUT /d1/212/AUTH_99c41b26b86841a5870140d7cf18764b/gnocchi.69e1c987-39a5-4a9a-8233-462336fe50b4/none_v3" 201 - "PUT http://localhost:8080/v1/AUTH_99c41b26b86841a5870140d7cf18764b/gnocchi.69e1c987-39a5-4a9a-8233-462336fe50b4/none_v3" "tx40c660e9a82a4e329d02c-0069b0d06b" "proxy-server 21" 0.0159 "-" 22 0
Mar 11 02:16:11 standalone proxy-server[124910]: 172.18.0.2 ::1 11/Mar/2026/02/16/11 PUT /v1/AUTH_99c41b26b86841a5870140d7cf18764b/gnocchi.69e1c987-39a5-4a9a-8233-462336fe50b4/none_v3 HTTP/1.0 201 - python-swiftclient-3.11.1 gAAAAABpsNBqaExF... 22 - - tx40c660e9a82a4e329d02c-0069b0d06b - 0.0261 - - 1773195371.096974134 1773195371.123093367 0
Mar 11 02:16:28 standalone account-server[122832]: 172.20.0.100 - - [11/Mar/2026:02:16:28 +0000] "HEAD /d1/894/.expiring_objects" 404 - "HEAD http://localhost/v1/.expiring_objects?format=json" "txeb420a01bb8d4284befb2-0069b0d07c" "proxy-server 2" 0.0004 "-" 21 -
Mar 11 02:16:28 standalone object-expirer[122698]: Pass completed in 0s; 0 objects expired (txn: txeb420a01bb8d4284befb2-0069b0d07c)
Mar 11 02:16:40 standalone object-server[122952]: 172.20.0.100 - - [11/Mar/2026:02:16:40 +0000] "GET /d1/212/AUTH_99c41b26b86841a5870140d7cf18764b/gnocchi.69e1c987-39a5-4a9a-8233-462336fe50b4/none_v3" 200 22 "GET http://localhost:8080/v1/AUTH_99c41b26b86841a5870140d7cf18764b/gnocchi.69e1c987-39a5-4a9a-8233-462336fe50b4/none_v3" "tx0883be064e4942f78d639-0069b0d088" "proxy-server 21" 0.0012 "-" 21 0
Mar 11 02:16:40 standalone proxy-server[124910]: 172.18.0.2 ::1 11/Mar/2026/02/16/40 GET /v1/AUTH_99c41b26b86841a5870140d7cf18764b/gnocchi.69e1c987-39a5-4a9a-8233-462336fe50b4/none_v3 HTTP/1.0 200 - python-swiftclient-3.11.1 gAAAAABpsNBqaExF... - 22 - tx0883be064e4942f78d639-0069b0d088 - 0.0092 - - 1773195400.644543409 1773195400.653790236 0
Mar 11 02:16:40 standalone container-server[122833]: 172.20.0.100 - - [11/Mar/2026:02:16:40 +0000] "GET /d1/220/AUTH_99c41b26b86841a5870140d7cf18764b/gnocchi.69e1c987-39a5-4a9a-8233-462336fe50b4" 200 357 "GET http://localhost:8080/v1/AUTH_99c41b26b86841a5870140d7cf18764b/gnocchi.69e1c987-39a5-4a9a-8233-462336fe50b4?format=json&states=listing" "tx29c83839d0eb4b98884a7-0069b0d088" "proxy-server 21" 0.0170 "-" 21 0
Mar 11 02:16:40 standalone proxy-server[124910]: 172.18.0.2 ::1 11/Mar/2026/02/16/40 GET /v1/AUTH_99c41b26b86841a5870140d7cf18764b/gnocchi.69e1c987-39a5-4a9a-8233-462336fe50b4%3Fformat%3Djson%26states%3Dlisting HTTP/1.0 200 - python-swiftclient-3.11.1 gAAAAABpsNBqaExF... - 357 - tx29c83839d0eb4b98884a7-0069b0d088 - 0.0260 - - 1773195400.658389091 1773195400.684352875 0
Mar 11 02:16:40 standalone container-server[122842]: 172.20.0.100 - - [11/Mar/2026:02:16:40 +0000] "GET /d1/220/AUTH_99c41b26b86841a5870140d7cf18764b/gnocchi.69e1c987-39a5-4a9a-8233-462336fe50b4" 200 2 "GET http://localhost:8080/v1/AUTH_99c41b26b86841a5870140d7cf18764b/gnocchi.69e1c987-39a5-4a9a-8233-462336fe50b4?format=json&marker=none_v3&states=listing" "tx9a45b550210f41ff8420e-0069b0d088" "proxy-server 21" 0.0020 "-" 23 0
Mar 11 02:16:40 standalone proxy-server[124910]: 172.18.0.2 ::1 11/Mar/2026/02/16/40 GET /v1/AUTH_99c41b26b86841a5870140d7cf18764b/gnocchi.69e1c987-39a5-4a9a-8233-462336fe50b4%3Fformat%3Djson%26marker%3Dnone_v3%26states%3Dlisting HTTP/1.0 200 - python-swiftclient-3.11.1 gAAAAABpsNBqaExF... - 2 - tx9a45b550210f41ff8420e-0069b0d088 - 0.0106 - - 1773195400.687876940 1773195400.698437691 0
Mar 11 02:16:40 standalone object-server[122954]: 172.20.0.100 - - [11/Mar/2026:02:16:40 +0000] "GET /d1/303/AUTH_99c41b26b86841a5870140d7cf18764b/gnocchi.69e1c987-39a5-4a9a-8233-462336fe50b4/1772280000.0_mean_300.0_v3" 200 16 "GET http://localhost:8080/v1/AUTH_99c41b26b86841a5870140d7cf18764b/gnocchi.69e1c987-39a5-4a9a-8233-462336fe50b4/1772280000.0_mean_300.0_v3" "txb4b699e86d0248e3b239d-0069b0d088" "proxy-server 21" 0.0017 "-" 23 0
Mar 11 02:16:40 standalone proxy-server[124910]: 172.18.0.2 ::1 11/Mar/2026/02/16/40 GET /v1/AUTH_99c41b26b86841a5870140d7cf18764b/gnocchi.69e1c987-39a5-4a9a-8233-462336fe50b4/1772280000.0_mean_300.0_v3 HTTP/1.0 200 - python-swiftclient-3.11.1 gAAAAABpsNBqaExF... - 16 - txb4b699e86d0248e3b239d-0069b0d088 - 0.0151 - - 1773195400.702573299 1773195400.717688322 0
Mar 11 02:16:40 standalone container-server[122839]: 172.20.0.100 - - [11/Mar/2026:02:16:40 +0000] "PUT /d1/220/AUTH_99c41b26b86841a5870140d7cf18764b/gnocchi.69e1c987-39a5-4a9a-8233-462336fe50b4/1772280000.0_mean_300.0_v3" 201 - "PUT http://localhost:8080/d1/303/AUTH_99c41b26b86841a5870140d7cf18764b/gnocchi.69e1c987-39a5-4a9a-8233-462336fe50b4/1772280000.0_mean_300.0_v3" "tx85ab08ad182b499587b04-0069b0d088" "object-server 22" 0.0012 "-" 22 0
Mar 11 02:16:40 standalone object-server[122953]: 172.20.0.100 - - [11/Mar/2026:02:16:40 +0000] "PUT /d1/303/AUTH_99c41b26b86841a5870140d7cf18764b/gnocchi.69e1c987-39a5-4a9a-8233-462336fe50b4/1772280000.0_mean_300.0_v3" 201 - "PUT http://localhost:8080/v1/AUTH_99c41b26b86841a5870140d7cf18764b/gnocchi.69e1c987-39a5-4a9a-8233-462336fe50b4/1772280000.0_mean_300.0_v3" "tx85ab08ad182b499587b04-0069b0d088" "proxy-server 21" 0.0125 "-" 22 0
Mar 11 02:16:40 standalone proxy-server[124910]: 172.18.0.2 ::1 11/Mar/2026/02/16/40 PUT /v1/AUTH_99c41b26b86841a5870140d7cf18764b/gnocchi.69e1c987-39a5-4a9a-8233-462336fe50b4/1772280000.0_mean_300.0_v3 HTTP/1.0 201 - python-swiftclient-3.11.1 gAAAAABpsNBqaExF... 16 - - tx85ab08ad182b499587b04-0069b0d088 - 0.0189 - - 1773195400.721282959 1773195400.740147829 0
Mar 11 02:16:40 standalone container-server[122833]: 172.20.0.100 - - [11/Mar/2026:02:16:40 +0000] "PUT /d1/220/AUTH_99c41b26b86841a5870140d7cf18764b/gnocchi.69e1c987-39a5-4a9a-8233-462336fe50b4/none_v3" 201 - "PUT http://localhost:8080/d1/212/AUTH_99c41b26b86841a5870140d7cf18764b/gnocchi.69e1c987-39a5-4a9a-8233-462336fe50b4/none_v3" "tx2fdcbc718ffa4ebc99330-0069b0d088" "object-server 23" 0.0016 "-" 21 0
Mar 11 02:16:40 standalone object-server[122954]: 172.20.0.100 - - [11/Mar/2026:02:16:40 +0000] "PUT /d1/212/AUTH_99c41b26b86841a5870140d7cf18764b/gnocchi.69e1c987-39a5-4a9a-8233-462336fe50b4/none_v3" 201 - "PUT http://localhost:8080/v1/AUTH_99c41b26b86841a5870140d7cf18764b/gnocchi.69e1c987-39a5-4a9a-8233-462336fe50b4/none_v3" "tx2fdcbc718ffa4ebc99330-0069b0d088" "proxy-server 21" 0.0408 "-" 23 0
Mar 11 02:16:40 standalone proxy-server[124910]: 172.18.0.2 ::1 11/Mar/2026/02/16/40 PUT /v1/AUTH_99c41b26b86841a5870140d7cf18764b/gnocchi.69e1c987-39a5-4a9a-8233-462336fe50b4/none_v3 HTTP/1.0 201 - python-swiftclient-3.11.1 gAAAAABpsNBqaExF... 32 - - tx2fdcbc718ffa4ebc99330-0069b0d088 - 0.0493 - - 1773195400.743885756 1773195400.793138266 0
Mar 11 02:17:08 standalone container-server[122604]: Begin container update sweep
Mar 11 02:17:08 standalone account-server[122840]: 172.20.0.100 - - [11/Mar/2026:02:17:08 +0000] "PUT /d1/504/AUTH_99c41b26b86841a5870140d7cf18764b/glance" 201 - "-" "-" "container-updater 2" 0.0007 "-" 23 0
Mar 11 02:17:08 standalone account-server[122840]: 172.20.0.100 - - [11/Mar/2026:02:17:08 +0000] "PUT /d1/504/AUTH_99c41b26b86841a5870140d7cf18764b/gnocchi.69e1c987-39a5-4a9a-8233-462336fe50b4" 201 - "-" "-" "container-updater 2" 0.0007 "-" 23 0
Mar 11 02:17:08 standalone container-server[122604]: Container update sweep completed: 0.15s
Mar 11 02:17:18 standalone account-server[122832]: 172.20.0.100 - - [11/Mar/2026:02:17:18 +0000] "HEAD /d1/504/AUTH_99c41b26b86841a5870140d7cf18764b" 204 - "HEAD http://localhost:8080/v1/AUTH_99c41b26b86841a5870140d7cf18764b?format=json" "tx4aea80c276e7400f8a6c6-0069b0d0ae" "proxy-server 21" 0.0087 "-" 21 -
Mar 11 02:17:18 standalone proxy-server[124910]: - - 11/Mar/2026/02/17/18 HEAD /v1/AUTH_99c41b26b86841a5870140d7cf18764b%3Fformat%3Djson HTTP/1.0 204 - Swift - - - - tx4aea80c276e7400f8a6c6-0069b0d0ae - 0.0142 RL - 1773195438.912947893 1773195438.927159786 -
Mar 11 02:17:19 standalone container-server[122839]: 172.20.0.100 - - [11/Mar/2026:02:17:19 +0000] "HEAD /d1/528/AUTH_99c41b26b86841a5870140d7cf18764b/glance" 204 - "HEAD http://localhost:8080/v1/AUTH_99c41b26b86841a5870140d7cf18764b/glance?format=json&states=listing" "tx4aea80c276e7400f8a6c6-0069b0d0ae" "proxy-server 21" 0.0020 "-" 22 0
Mar 11 02:17:19 standalone object-server[122952]: 172.20.0.100 - - [11/Mar/2026:02:17:19 +0000] "GET /d1/240/AUTH_99c41b26b86841a5870140d7cf18764b/glance/09c7685e-86ff-45e9-b937-741942514f39" 200 - "GET http://localhost:8080/v1/AUTH_99c41b26b86841a5870140d7cf18764b/glance/09c7685e-86ff-45e9-b937-741942514f39" "tx4aea80c276e7400f8a6c6-0069b0d0ae" "proxy-server 21" 0.0012 "-" 21 0
Mar 11 02:17:19 standalone container-server[122839]: 172.20.0.100 - - [11/Mar/2026:02:17:19 +0000] "GET /d1/528/AUTH_99c41b26b86841a5870140d7cf18764b/glance" 200 210 "GET http://localhost:8080/v1/AUTH_99c41b26b86841a5870140d7cf18764b/glance?prefix=09c7685e-86ff-45e9-b937-741942514f39-&format=json&states=listing" "tx4aea80c276e7400f8a6c6-0069b0d0ae" "proxy-server 21" 0.0027 "-" 22 0
Mar 11 02:17:19 standalone proxy-server[124910]: - - 11/Mar/2026/02/17/19 GET /v1/AUTH_99c41b26b86841a5870140d7cf18764b/glance%3Fprefix%3D09c7685e-86ff-45e9-b937-741942514f39-%26format%3Djson%26states%3Dlisting HTTP/1.0 200 - python-swiftclient-3.11.1%20DLO%20MultipartGET gAAAAABpsNCuLdcb... - 210 - tx4aea80c276e7400f8a6c6-0069b0d0ae - 0.0064 DLO - 1773195439.027416468 1773195439.033779383 0
Mar 11 02:17:19 standalone object-server[122955]: 172.20.0.100 - - [11/Mar/2026:02:17:19 +0000] "GET /d1/304/AUTH_99c41b26b86841a5870140d7cf18764b/glance/09c7685e-86ff-45e9-b937-741942514f39-00001" 200 21692416 "GET http://localhost:8080/v1/AUTH_99c41b26b86841a5870140d7cf18764b/glance/09c7685e-86ff-45e9-b937-741942514f39-00001?multipart-manifest=get" "tx4aea80c276e7400f8a6c6-0069b0d0ae" "proxy-server 21" 0.0011 "-" 24 0
Mar 11 02:17:19 standalone proxy-server[124910]: - - 11/Mar/2026/02/17/19 GET /v1/AUTH_99c41b26b86841a5870140d7cf18764b/glance/09c7685e-86ff-45e9-b937-741942514f39-00001%3Fmultipart-manifest%3Dget HTTP/1.0 200 - python-swiftclient-3.11.1%20%20DLO%20MultipartGET gAAAAABpsNCuLdcb... - 21692416 - tx4aea80c276e7400f8a6c6-0069b0d0ae - 0.0911 DLO - 1773195439.034603119 1773195439.125668049 0
Mar 11 02:17:19 standalone proxy-server[124910]: 172.18.0.2 ::1 11/Mar/2026/02/17/19 GET /v1/AUTH_99c41b26b86841a5870140d7cf18764b/glance/09c7685e-86ff-45e9-b937-741942514f39 HTTP/1.0 200 - python-swiftclient-3.11.1 gAAAAABpsNCuLdcb... - 21692416 - tx4aea80c276e7400f8a6c6-0069b0d0ae - 0.2150 - - 1773195438.911532879 1773195439.126562834 0
Mar 11 02:17:19 standalone container-server[122839]: 172.20.0.100 - - [11/Mar/2026:02:17:19 +0000] "HEAD /d1/463/AUTH_99c41b26b86841a5870140d7cf18764b/gnocchi.de790469-b54a-4365-b3c4-07b600ebbaa5" 404 - "HEAD http://localhost:8080/v1/AUTH_99c41b26b86841a5870140d7cf18764b/gnocchi.de790469-b54a-4365-b3c4-07b600ebbaa5?format=json&states=listing" "txf9e8373e477e4212ba0f5-0069b0d0af" "proxy-server 21" 0.0005 "-" 22 0
Mar 11 02:17:19 standalone object-server[122953]: 172.20.0.100 - - [11/Mar/2026:02:17:19 +0000] "GET /d1/375/AUTH_99c41b26b86841a5870140d7cf18764b/gnocchi.de790469-b54a-4365-b3c4-07b600ebbaa5/none_v3" 404 70 "GET http://localhost:8080/v1/AUTH_99c41b26b86841a5870140d7cf18764b/gnocchi.de790469-b54a-4365-b3c4-07b600ebbaa5/none_v3" "txf9e8373e477e4212ba0f5-0069b0d0af" "proxy-server 21" 0.0005 "-" 22 0
Mar 11 02:17:19 standalone proxy-server[124910]: 172.18.0.2 ::1 11/Mar/2026/02/17/19 GET /v1/AUTH_99c41b26b86841a5870140d7cf18764b/gnocchi.de790469-b54a-4365-b3c4-07b600ebbaa5/none_v3 HTTP/1.0 404 - python-swiftclient-3.11.1 gAAAAABpsNBqaExF... - 70 - txf9e8373e477e4212ba0f5-0069b0d0af - 0.0098 - - 1773195439.663249254 1773195439.673067093 0
Mar 11 02:17:19 standalone account-server[122829]: 172.20.0.100 - - [11/Mar/2026:02:17:19 +0000] "PUT /d1/504/AUTH_99c41b26b86841a5870140d7cf18764b/gnocchi.de790469-b54a-4365-b3c4-07b600ebbaa5" 201 - "PUT http://172.20.0.100:6001/d1/463/AUTH_99c41b26b86841a5870140d7cf18764b/gnocchi.de790469-b54a-4365-b3c4-07b600ebbaa5" "txdd3b3513de7a491d90ea2-0069b0d0af" "container-server 21" 0.0016 "-" 20 0
Mar 11 02:17:19 standalone container-server[122833]: 172.20.0.100 - - [11/Mar/2026:02:17:19 +0000] "PUT /d1/463/AUTH_99c41b26b86841a5870140d7cf18764b/gnocchi.de790469-b54a-4365-b3c4-07b600ebbaa5" 201 - "PUT http://localhost:8080/v1/AUTH_99c41b26b86841a5870140d7cf18764b/gnocchi.de790469-b54a-4365-b3c4-07b600ebbaa5" "txdd3b3513de7a491d90ea2-0069b0d0af" "proxy-server 21" 0.0141 "-" 21 0
Mar 11 02:17:19 standalone proxy-server[124910]: 172.18.0.2 ::1 11/Mar/2026/02/17/19 PUT /v1/AUTH_99c41b26b86841a5870140d7cf18764b/gnocchi.de790469-b54a-4365-b3c4-07b600ebbaa5 HTTP/1.0 201 - python-swiftclient-3.11.1 gAAAAABpsNBqaExF... - - - txdd3b3513de7a491d90ea2-0069b0d0af - 0.0186 - - 1773195439.676108122 1773195439.694691658 0
Mar 11 02:17:19 standalone container-server[122842]: 172.20.0.100 - - [11/Mar/2026:02:17:19 +0000] "HEAD /d1/463/AUTH_99c41b26b86841a5870140d7cf18764b/gnocchi.de790469-b54a-4365-b3c4-07b600ebbaa5" 204 - "HEAD http://localhost:8080/v1/AUTH_99c41b26b86841a5870140d7cf18764b/gnocchi.de790469-b54a-4365-b3c4-07b600ebbaa5?format=json&states=listing" "tx70163bbea6ad4cd59a1a6-0069b0d0af" "proxy-server 21" 0.0014 "-" 23 0
Mar 11 02:17:19 standalone proxy-server[124910]: - - 11/Mar/2026/02/17/19 HEAD /v1/AUTH_99c41b26b86841a5870140d7cf18764b/gnocchi.de790469-b54a-4365-b3c4-07b600ebbaa5%3Fformat%3Djson%26states%3Dlisting HTTP/1.0 204 - Swift - - - - tx70163bbea6ad4cd59a1a6-0069b0d0af - 0.0045 RL - 1773195439.699132204 1773195439.703589916 0
Mar 11 02:17:19 standalone container-server[122831]: 172.20.0.100 - - [11/Mar/2026:02:17:19 +0000] "GET /d1/463/AUTH_99c41b26b86841a5870140d7cf18764b/gnocchi.de790469-b54a-4365-b3c4-07b600ebbaa5" 200 2 "GET http://localhost:8080/v1/AUTH_99c41b26b86841a5870140d7cf18764b/gnocchi.de790469-b54a-4365-b3c4-07b600ebbaa5?format=json&states=listing" "tx70163bbea6ad4cd59a1a6-0069b0d0af" "proxy-server 21" 0.0019 "-" 20 0
Mar 11 02:17:19 standalone proxy-server[124910]: 172.18.0.2 ::1 11/Mar/2026/02/17/19 GET /v1/AUTH_99c41b26b86841a5870140d7cf18764b/gnocchi.de790469-b54a-4365-b3c4-07b600ebbaa5%3Fformat%3Djson%26states%3Dlisting HTTP/1.0 200 - python-swiftclient-3.11.1 gAAAAABpsNBqaExF... - 2 - tx70163bbea6ad4cd59a1a6-0069b0d0af - 0.0130 - - 1773195439.698028564 1773195439.710997820 0
Mar 11 02:17:19 standalone object-server[122954]: 172.20.0.100 - - [11/Mar/2026:02:17:19 +0000] "GET /d1/116/AUTH_99c41b26b86841a5870140d7cf18764b/gnocchi.de790469-b54a-4365-b3c4-07b600ebbaa5/1772280000.0_mean_300.0_v3" 404 70 "GET http://localhost:8080/v1/AUTH_99c41b26b86841a5870140d7cf18764b/gnocchi.de790469-b54a-4365-b3c4-07b600ebbaa5/1772280000.0_mean_300.0_v3" "txf8bf29b1390b466bb87f1-0069b0d0af" "proxy-server 21" 0.0003 "-" 23 0
Mar 11 02:17:19 standalone proxy-server[124910]: 172.18.0.2 ::1 11/Mar/2026/02/17/19 GET /v1/AUTH_99c41b26b86841a5870140d7cf18764b/gnocchi.de790469-b54a-4365-b3c4-07b600ebbaa5/1772280000.0_mean_300.0_v3 HTTP/1.0 404 - python-swiftclient-3.11.1 gAAAAABpsNBqaExF... - 70 - txf8bf29b1390b466bb87f1-0069b0d0af - 0.0047 - - 1773195439.714544058 1773195439.719281912 0
Mar 11 02:17:19 standalone container-server[122831]: 172.20.0.100 - - [11/Mar/2026:02:17:19 +0000] "PUT /d1/463/AUTH_99c41b26b86841a5870140d7cf18764b/gnocchi.de790469-b54a-4365-b3c4-07b600ebbaa5/1772280000.0_mean_300.0_v3" 201 - "PUT http://localhost:8080/d1/116/AUTH_99c41b26b86841a5870140d7cf18764b/gnocchi.de790469-b54a-4365-b3c4-07b600ebbaa5/1772280000.0_mean_300.0_v3" "tx97c2f683a30b4be68062c-0069b0d0af" "object-server 24" 0.0004 "-" 20 0
Mar 11 02:17:19 standalone object-server[122955]: 172.20.0.100 - - [11/Mar/2026:02:17:19 +0000] "PUT /d1/116/AUTH_99c41b26b86841a5870140d7cf18764b/gnocchi.de790469-b54a-4365-b3c4-07b600ebbaa5/1772280000.0_mean_300.0_v3" 201 - "PUT http://localhost:8080/v1/AUTH_99c41b26b86841a5870140d7cf18764b/gnocchi.de790469-b54a-4365-b3c4-07b600ebbaa5/1772280000.0_mean_300.0_v3" "tx97c2f683a30b4be68062c-0069b0d0af" "proxy-server 21" 0.0128 "-" 24 0
Mar 11 02:17:19 standalone proxy-server[124910]: 172.18.0.2 ::1 11/Mar/2026/02/17/19 PUT /v1/AUTH_99c41b26b86841a5870140d7cf18764b/gnocchi.de790469-b54a-4365-b3c4-07b600ebbaa5/1772280000.0_mean_300.0_v3 HTTP/1.0 201 - python-swiftclient-3.11.1 gAAAAABpsNBqaExF... 16 - - tx97c2f683a30b4be68062c-0069b0d0af - 0.0181 - - 1773195439.722340584 1773195439.740422964 0
Mar 11 02:17:19 standalone container-server[122833]: 172.20.0.100 - - [11/Mar/2026:02:17:19 +0000] "PUT /d1/463/AUTH_99c41b26b86841a5870140d7cf18764b/gnocchi.de790469-b54a-4365-b3c4-07b600ebbaa5/none_v3" 201 - "PUT http://localhost:8080/d1/375/AUTH_99c41b26b86841a5870140d7cf18764b/gnocchi.de790469-b54a-4365-b3c4-07b600ebbaa5/none_v3" "tx0832fd43cb6146ddb0f58-0069b0d0af" "object-server 22" 0.0005 "-" 21 0
Mar 11 02:17:19 standalone object-server[122953]: 172.20.0.100 - - [11/Mar/2026:02:17:19 +0000] "PUT /d1/375/AUTH_99c41b26b86841a5870140d7cf18764b/gnocchi.de790469-b54a-4365-b3c4-07b600ebbaa5/none_v3" 201 - "PUT http://localhost:8080/v1/AUTH_99c41b26b86841a5870140d7cf18764b/gnocchi.de790469-b54a-4365-b3c4-07b600ebbaa5/none_v3" "tx0832fd43cb6146ddb0f58-0069b0d0af" "proxy-server 21" 0.0078 "-" 22 0
Mar 11 02:17:19 standalone proxy-server[124910]: 172.18.0.2 ::1 11/Mar/2026/02/17/19 PUT /v1/AUTH_99c41b26b86841a5870140d7cf18764b/gnocchi.de790469-b54a-4365-b3c4-07b600ebbaa5/none_v3 HTTP/1.0 201 - python-swiftclient-3.11.1 gAAAAABpsNBqaExF... 22 - - tx0832fd43cb6146ddb0f58-0069b0d0af - 0.0129 - - 1773195439.743476152 1773195439.756353140 0
Mar 11 02:17:19 standalone container-server[122831]: 172.20.0.100 - - [11/Mar/2026:02:17:19 +0000] "HEAD /d1/20/AUTH_99c41b26b86841a5870140d7cf18764b/gnocchi.099a964b-2f01-4d25-aab6-0536bd5745eb" 404 - "HEAD http://localhost:8080/v1/AUTH_99c41b26b86841a5870140d7cf18764b/gnocchi.099a964b-2f01-4d25-aab6-0536bd5745eb?format=json&states=listing" "txebd8a844e87241f6a8d16-0069b0d0af" "proxy-server 21" 0.0005 "-" 20 0
Mar 11 02:17:19 standalone object-server[122955]: 172.20.0.100 - - [11/Mar/2026:02:17:19 +0000] "GET /d1/477/AUTH_99c41b26b86841a5870140d7cf18764b/gnocchi.099a964b-2f01-4d25-aab6-0536bd5745eb/none_v3" 404 70 "GET http://localhost:8080/v1/AUTH_99c41b26b86841a5870140d7cf18764b/gnocchi.099a964b-2f01-4d25-aab6-0536bd5745eb/none_v3" "txebd8a844e87241f6a8d16-0069b0d0af" "proxy-server 21" 0.0003 "-" 24 0
Mar 11 02:17:19 standalone proxy-server[124910]: 172.18.0.2 ::1 11/Mar/2026/02/17/19 GET /v1/AUTH_99c41b26b86841a5870140d7cf18764b/gnocchi.099a964b-2f01-4d25-aab6-0536bd5745eb/none_v3 HTTP/1.0 404 - python-swiftclient-3.11.1 gAAAAABpsNBqaExF... - 70 - txebd8a844e87241f6a8d16-0069b0d0af - 0.0077 - - 1773195439.765016079 1773195439.772740126 0
Mar 11 02:17:19 standalone account-server[122840]: 172.20.0.100 - - [11/Mar/2026:02:17:19 +0000] "PUT /d1/504/AUTH_99c41b26b86841a5870140d7cf18764b/gnocchi.099a964b-2f01-4d25-aab6-0536bd5745eb" 201 - "PUT http://172.20.0.100:6001/d1/20/AUTH_99c41b26b86841a5870140d7cf18764b/gnocchi.099a964b-2f01-4d25-aab6-0536bd5745eb" "txf3b5fd5959fe45558538e-0069b0d0af" "container-server 21" 0.0058 "-" 23 0
Mar 11 02:17:19 standalone container-server[122833]: 172.20.0.100 - - [11/Mar/2026:02:17:19 +0000] "PUT /d1/20/AUTH_99c41b26b86841a5870140d7cf18764b/gnocchi.099a964b-2f01-4d25-aab6-0536bd5745eb" 201 - "PUT http://localhost:8080/v1/AUTH_99c41b26b86841a5870140d7cf18764b/gnocchi.099a964b-2f01-4d25-aab6-0536bd5745eb" "txf3b5fd5959fe45558538e-0069b0d0af" "proxy-server 21" 0.0142 "-" 21 0
Mar 11 02:17:19 standalone proxy-server[124910]: 172.18.0.2 ::1 11/Mar/2026/02/17/19 PUT /v1/AUTH_99c41b26b86841a5870140d7cf18764b/gnocchi.099a964b-2f01-4d25-aab6-0536bd5745eb HTTP/1.0 201 - python-swiftclient-3.11.1 gAAAAABpsNBqaExF... - - - txf3b5fd5959fe45558538e-0069b0d0af - 0.0181 - - 1773195439.775235891 1773195439.793293238 0
Mar 11 02:17:19 standalone container-server[122842]: 172.20.0.100 - - [11/Mar/2026:02:17:19 +0000] "HEAD /d1/20/AUTH_99c41b26b86841a5870140d7cf18764b/gnocchi.099a964b-2f01-4d25-aab6-0536bd5745eb" 204 - "HEAD http://localhost:8080/v1/AUTH_99c41b26b86841a5870140d7cf18764b/gnocchi.099a964b-2f01-4d25-aab6-0536bd5745eb?format=json&states=listing" "tx7f741e36f8794e4d898ee-0069b0d0af" "proxy-server 21" 0.0016 "-" 23 0
Mar 11 02:17:19 standalone proxy-server[124910]: - - 11/Mar/2026/02/17/19 HEAD /v1/AUTH_99c41b26b86841a5870140d7cf18764b/gnocchi.099a964b-2f01-4d25-aab6-0536bd5745eb%3Fformat%3Djson%26states%3Dlisting HTTP/1.0 204 - Swift - - - - tx7f741e36f8794e4d898ee-0069b0d0af - 0.0051 RL - 1773195439.797816277 1773195439.802896023 0
Mar 11 02:17:19 standalone container-server[122831]: 172.20.0.100 - - [11/Mar/2026:02:17:19 +0000] "GET /d1/20/AUTH_99c41b26b86841a5870140d7cf18764b/gnocchi.099a964b-2f01-4d25-aab6-0536bd5745eb" 200 2 "GET http://localhost:8080/v1/AUTH_99c41b26b86841a5870140d7cf18764b/gnocchi.099a964b-2f01-4d25-aab6-0536bd5745eb?format=json&states=listing" "tx7f741e36f8794e4d898ee-0069b0d0af" "proxy-server 21" 0.0033 "-" 20 0
Mar 11 02:17:19 standalone proxy-server[124910]: 172.18.0.2 ::1 11/Mar/2026/02/17/19 GET /v1/AUTH_99c41b26b86841a5870140d7cf18764b/gnocchi.099a964b-2f01-4d25-aab6-0536bd5745eb%3Fformat%3Djson%26states%3Dlisting HTTP/1.0 200 - python-swiftclient-3.11.1 gAAAAABpsNBqaExF... - 2 - tx7f741e36f8794e4d898ee-0069b0d0af - 0.0218 - - 1773195439.796665192 1773195439.818418026 0
Mar 11 02:17:19 standalone object-server[122954]: 172.20.0.100 - - [11/Mar/2026:02:17:19 +0000] "GET /d1/580/AUTH_99c41b26b86841a5870140d7cf18764b/gnocchi.099a964b-2f01-4d25-aab6-0536bd5745eb/1772280000.0_mean_300.0_v3" 404 70 "GET http://localhost:8080/v1/AUTH_99c41b26b86841a5870140d7cf18764b/gnocchi.099a964b-2f01-4d25-aab6-0536bd5745eb/1772280000.0_mean_300.0_v3" "txc750f6beba6a4fc5926eb-0069b0d0af" "proxy-server 21" 0.0004 "-" 23 0
Mar 11 02:17:19 standalone proxy-server[124910]: 172.18.0.2 ::1 11/Mar/2026/02/17/19 GET /v1/AUTH_99c41b26b86841a5870140d7cf18764b/gnocchi.099a964b-2f01-4d25-aab6-0536bd5745eb/1772280000.0_mean_300.0_v3 HTTP/1.0 404 - python-swiftclient-3.11.1 gAAAAABpsNBqaExF... - 70 - txc750f6beba6a4fc5926eb-0069b0d0af - 0.0061 - - 1773195439.822899342 1773195439.829032898 0
Mar 11 02:17:19 standalone container-server[122833]: 172.20.0.100 - - [11/Mar/2026:02:17:19 +0000] "PUT /d1/20/AUTH_99c41b26b86841a5870140d7cf18764b/gnocchi.099a964b-2f01-4d25-aab6-0536bd5745eb/1772280000.0_mean_300.0_v3" 201 - "PUT http://localhost:8080/d1/580/AUTH_99c41b26b86841a5870140d7cf18764b/gnocchi.099a964b-2f01-4d25-aab6-0536bd5745eb/1772280000.0_mean_300.0_v3" "txeb7733fe76c84f90a7554-0069b0d0af" "object-server 21" 0.0005 "-" 21 0
Mar 11 02:17:19 standalone object-server[122952]: 172.20.0.100 - - [11/Mar/2026:02:17:19 +0000] "PUT /d1/580/AUTH_99c41b26b86841a5870140d7cf18764b/gnocchi.099a964b-2f01-4d25-aab6-0536bd5745eb/1772280000.0_mean_300.0_v3" 201 - "PUT http://localhost:8080/v1/AUTH_99c41b26b86841a5870140d7cf18764b/gnocchi.099a964b-2f01-4d25-aab6-0536bd5745eb/1772280000.0_mean_300.0_v3" "txeb7733fe76c84f90a7554-0069b0d0af" "proxy-server 21" 0.0077 "-" 21 0
Mar 11 02:17:19 standalone proxy-server[124910]: 172.18.0.2 ::1 11/Mar/2026/02/17/19 PUT /v1/AUTH_99c41b26b86841a5870140d7cf18764b/gnocchi.099a964b-2f01-4d25-aab6-0536bd5745eb/1772280000.0_mean_300.0_v3 HTTP/1.0 201 - python-swiftclient-3.11.1 gAAAAABpsNBqaExF... 16 - - txeb7733fe76c84f90a7554-0069b0d0af - 0.0134 - - 1773195439.832815647 1773195439.846181393 0
Mar 11 02:17:19 standalone container-server[122842]: 172.20.0.100 - - [11/Mar/2026:02:17:19 +0000] "PUT /d1/20/AUTH_99c41b26b86841a5870140d7cf18764b/gnocchi.099a964b-2f01-4d25-aab6-0536bd5745eb/none_v3" 201 - "PUT http://localhost:8080/d1/477/AUTH_99c41b26b86841a5870140d7cf18764b/gnocchi.099a964b-2f01-4d25-aab6-0536bd5745eb/none_v3" "txa9259e5e893542c6bcdad-0069b0d0af" "object-server 21" 0.0004 "-" 23 0
Mar 11 02:17:19 standalone object-server[122952]: 172.20.0.100 - - [11/Mar/2026:02:17:19 +0000] "PUT /d1/477/AUTH_99c41b26b86841a5870140d7cf18764b/gnocchi.099a964b-2f01-4d25-aab6-0536bd5745eb/none_v3" 201 - "PUT http://localhost:8080/v1/AUTH_99c41b26b86841a5870140d7cf18764b/gnocchi.099a964b-2f01-4d25-aab6-0536bd5745eb/none_v3" "txa9259e5e893542c6bcdad-0069b0d0af" "proxy-server 21" 0.0081 "-" 21 0
Mar 11 02:17:19 standalone proxy-server[124910]: 172.18.0.2 ::1 11/Mar/2026/02/17/19 PUT /v1/AUTH_99c41b26b86841a5870140d7cf18764b/gnocchi.099a964b-2f01-4d25-aab6-0536bd5745eb/none_v3 HTTP/1.0 201 - python-swiftclient-3.11.1 gAAAAABpsNBqaExF... 22 - - txa9259e5e893542c6bcdad-0069b0d0af - 0.0130 - - 1773195439.849674940 1773195439.862724781 0
Mar 11 02:17:24 standalone container-server[122842]: 172.20.0.100 - - [11/Mar/2026:02:17:24 +0000] "HEAD /d1/287/AUTH_99c41b26b86841a5870140d7cf18764b/gnocchi.a347deb7-6216-454f-b6e4-8124ddfb9405" 404 - "HEAD http://localhost:8080/v1/AUTH_99c41b26b86841a5870140d7cf18764b/gnocchi.a347deb7-6216-454f-b6e4-8124ddfb9405?format=json&states=listing" "tx7b531043dde24a4d82713-0069b0d0b4" "proxy-server 21" 0.0009 "-" 23 0
Mar 11 02:17:24 standalone object-server[122954]: 172.20.0.100 - - [11/Mar/2026:02:17:24 +0000] "GET /d1/609/AUTH_99c41b26b86841a5870140d7cf18764b/gnocchi.a347deb7-6216-454f-b6e4-8124ddfb9405/none_v3" 404 70 "GET http://localhost:8080/v1/AUTH_99c41b26b86841a5870140d7cf18764b/gnocchi.a347deb7-6216-454f-b6e4-8124ddfb9405/none_v3" "tx7b531043dde24a4d82713-0069b0d0b4" "proxy-server 21" 0.0005 "-" 23 0
Mar 11 02:17:24 standalone proxy-server[124910]: 172.18.0.2 ::1 11/Mar/2026/02/17/24 GET /v1/AUTH_99c41b26b86841a5870140d7cf18764b/gnocchi.a347deb7-6216-454f-b6e4-8124ddfb9405/none_v3 HTTP/1.0 404 - python-swiftclient-3.11.1 gAAAAABpsNBqaExF... - 70 - tx7b531043dde24a4d82713-0069b0d0b4 - 0.0136 - - 1773195444.072417259 1773195444.086047888 0
Mar 11 02:17:24 standalone account-server[122829]: 172.20.0.100 - - [11/Mar/2026:02:17:24 +0000] "PUT /d1/504/AUTH_99c41b26b86841a5870140d7cf18764b/gnocchi.a347deb7-6216-454f-b6e4-8124ddfb9405" 201 - "PUT http://172.20.0.100:6001/d1/287/AUTH_99c41b26b86841a5870140d7cf18764b/gnocchi.a347deb7-6216-454f-b6e4-8124ddfb9405" "txaf884991f824403683b2e-0069b0d0b4" "container-server 22" 0.0092 "-" 20 0
Mar 11 02:17:24 standalone container-server[122839]: 172.20.0.100 - - [11/Mar/2026:02:17:24 +0000] "PUT /d1/287/AUTH_99c41b26b86841a5870140d7cf18764b/gnocchi.a347deb7-6216-454f-b6e4-8124ddfb9405" 201 - "PUT http://localhost:8080/v1/AUTH_99c41b26b86841a5870140d7cf18764b/gnocchi.a347deb7-6216-454f-b6e4-8124ddfb9405" "txaf884991f824403683b2e-0069b0d0b4" "proxy-server 21" 0.0319 "-" 22 0
Mar 11 02:17:24 standalone proxy-server[124910]: 172.18.0.2 ::1 11/Mar/2026/02/17/24 PUT /v1/AUTH_99c41b26b86841a5870140d7cf18764b/gnocchi.a347deb7-6216-454f-b6e4-8124ddfb9405 HTTP/1.0 201 - python-swiftclient-3.11.1 gAAAAABpsNBqaExF... - - - txaf884991f824403683b2e-0069b0d0b4 - 0.0401 - - 1773195444.090402365 1773195444.130502939 0
Mar 11 02:17:24 standalone container-server[122831]: 172.20.0.100 - - [11/Mar/2026:02:17:24 +0000] "HEAD /d1/287/AUTH_99c41b26b86841a5870140d7cf18764b/gnocchi.a347deb7-6216-454f-b6e4-8124ddfb9405" 204 - "HEAD http://localhost:8080/v1/AUTH_99c41b26b86841a5870140d7cf18764b/gnocchi.a347deb7-6216-454f-b6e4-8124ddfb9405?format=json&states=listing" "tx3b0c9e415cbb41ba9c7da-0069b0d0b4" "proxy-server 21" 0.0029 "-" 20 0
Mar 11 02:17:24 standalone proxy-server[124910]: - - 11/Mar/2026/02/17/24 HEAD /v1/AUTH_99c41b26b86841a5870140d7cf18764b/gnocchi.a347deb7-6216-454f-b6e4-8124ddfb9405%3Fformat%3Djson%26states%3Dlisting HTTP/1.0 204 - Swift - - - - tx3b0c9e415cbb41ba9c7da-0069b0d0b4 - 0.0107 RL - 1773195444.138769388 1773195444.149434805 0
