Mar 11 02:19:31 standalone proxy-server[124910]: 172.18.0.2 ::1 11/Mar/2026/02/19/31 PUT /v1/AUTH_99c41b26b86841a5870140d7cf18764b/gnocchi.40c2c2ed-52c7-4517-9f35-0f9db5bcdff8 HTTP/1.0 201 - python-swiftclient-3.11.1 gAAAAABpsNBqaExF... - - - txf1a0cf39b38c4d4098339-0069b0d133 - 0.0204 - - 1773195571.124615192 1773195571.145034075 0
Mar 11 02:19:31 standalone container-server[122842]: 172.20.0.100 - - [11/Mar/2026:02:19:31 +0000] "HEAD /d1/297/AUTH_99c41b26b86841a5870140d7cf18764b/gnocchi.ee6ed963-e5ef-4619-af3e-0a6be48bed78" 404 - "HEAD http://localhost:8080/v1/AUTH_99c41b26b86841a5870140d7cf18764b/gnocchi.ee6ed963-e5ef-4619-af3e-0a6be48bed78?format=json&states=listing" "tx7c8c869cd1c347f7bc90f-0069b0d133" "proxy-server 21" 0.0006 "-" 23 0
Mar 11 02:19:31 standalone object-server[122954]: 172.20.0.100 - - [11/Mar/2026:02:19:31 +0000] "GET /d1/35/AUTH_99c41b26b86841a5870140d7cf18764b/gnocchi.ee6ed963-e5ef-4619-af3e-0a6be48bed78/none_v3" 404 70 "GET http://localhost:8080/v1/AUTH_99c41b26b86841a5870140d7cf18764b/gnocchi.ee6ed963-e5ef-4619-af3e-0a6be48bed78/none_v3" "tx7c8c869cd1c347f7bc90f-0069b0d133" "proxy-server 21" 0.0004 "-" 23 0
Mar 11 02:19:31 standalone proxy-server[124910]: 172.18.0.2 ::1 11/Mar/2026/02/19/31 GET /v1/AUTH_99c41b26b86841a5870140d7cf18764b/gnocchi.ee6ed963-e5ef-4619-af3e-0a6be48bed78/none_v3 HTTP/1.0 404 - python-swiftclient-3.11.1 gAAAAABpsNBqaExF... - 70 - tx7c8c869cd1c347f7bc90f-0069b0d133 - 0.0075 - - 1773195571.146890402 1773195571.154367208 0
Mar 11 02:19:31 standalone account-server[122837]: 172.20.0.100 - - [11/Mar/2026:02:19:31 +0000] "PUT /d1/504/AUTH_99c41b26b86841a5870140d7cf18764b/gnocchi.ee6ed963-e5ef-4619-af3e-0a6be48bed78" 201 - "PUT http://172.20.0.100:6001/d1/297/AUTH_99c41b26b86841a5870140d7cf18764b/gnocchi.ee6ed963-e5ef-4619-af3e-0a6be48bed78" "tx89bd2975ffdd4b59b9fe1-0069b0d133" "container-server 20" 0.0048 "-" 22 0
Mar 11 02:19:31 standalone container-server[122831]: 172.20.0.100 - - [11/Mar/2026:02:19:31 +0000] "PUT /d1/297/AUTH_99c41b26b86841a5870140d7cf18764b/gnocchi.ee6ed963-e5ef-4619-af3e-0a6be48bed78" 201 - "PUT http://localhost:8080/v1/AUTH_99c41b26b86841a5870140d7cf18764b/gnocchi.ee6ed963-e5ef-4619-af3e-0a6be48bed78" "tx89bd2975ffdd4b59b9fe1-0069b0d133" "proxy-server 21" 0.0115 "-" 20 0
Mar 11 02:19:31 standalone proxy-server[124910]: 172.18.0.2 ::1 11/Mar/2026/02/19/31 PUT /v1/AUTH_99c41b26b86841a5870140d7cf18764b/gnocchi.ee6ed963-e5ef-4619-af3e-0a6be48bed78 HTTP/1.0 201 - python-swiftclient-3.11.1 gAAAAABpsNBqaExF... - - - tx89bd2975ffdd4b59b9fe1-0069b0d133 - 0.0152 - - 1773195571.156133413 1773195571.171303511 0
Mar 11 02:19:31 standalone container-server[122839]: 172.20.0.100 - - [11/Mar/2026:02:19:31 +0000] "HEAD /d1/940/AUTH_99c41b26b86841a5870140d7cf18764b/gnocchi.40c2c2ed-52c7-4517-9f35-0f9db5bcdff8" 204 - "HEAD http://localhost:8080/v1/AUTH_99c41b26b86841a5870140d7cf18764b/gnocchi.40c2c2ed-52c7-4517-9f35-0f9db5bcdff8?format=json&states=listing" "txe70179e5a4c445ffb8615-0069b0d133" "proxy-server 21" 0.0015 "-" 22 0
Mar 11 02:19:31 standalone proxy-server[124910]: - - 11/Mar/2026/02/19/31 HEAD /v1/AUTH_99c41b26b86841a5870140d7cf18764b/gnocchi.40c2c2ed-52c7-4517-9f35-0f9db5bcdff8%3Fformat%3Djson%26states%3Dlisting HTTP/1.0 204 - Swift - - - - txe70179e5a4c445ffb8615-0069b0d133 - 0.0043 RL - 1773195571.175174236 1773195571.179523468 0
Mar 11 02:19:31 standalone container-server[122839]: 172.20.0.100 - - [11/Mar/2026:02:19:31 +0000] "GET /d1/940/AUTH_99c41b26b86841a5870140d7cf18764b/gnocchi.40c2c2ed-52c7-4517-9f35-0f9db5bcdff8" 200 2 "GET http://localhost:8080/v1/AUTH_99c41b26b86841a5870140d7cf18764b/gnocchi.40c2c2ed-52c7-4517-9f35-0f9db5bcdff8?format=json&states=listing" "txe70179e5a4c445ffb8615-0069b0d133" "proxy-server 21" 0.0022 "-" 22 0
Mar 11 02:19:31 standalone proxy-server[124910]: 172.18.0.2 ::1 11/Mar/2026/02/19/31 GET /v1/AUTH_99c41b26b86841a5870140d7cf18764b/gnocchi.40c2c2ed-52c7-4517-9f35-0f9db5bcdff8%3Fformat%3Djson%26states%3Dlisting HTTP/1.0 200 - python-swiftclient-3.11.1 gAAAAABpsNBqaExF... - 2 - txe70179e5a4c445ffb8615-0069b0d133 - 0.0116 - - 1773195571.174221277 1773195571.185817719 0
Mar 11 02:19:31 standalone container-server[122842]: 172.20.0.100 - - [11/Mar/2026:02:19:31 +0000] "HEAD /d1/297/AUTH_99c41b26b86841a5870140d7cf18764b/gnocchi.ee6ed963-e5ef-4619-af3e-0a6be48bed78" 204 - "HEAD http://localhost:8080/v1/AUTH_99c41b26b86841a5870140d7cf18764b/gnocchi.ee6ed963-e5ef-4619-af3e-0a6be48bed78?format=json&states=listing" "tx1f2709fe509b4adf92dbe-0069b0d133" "proxy-server 21" 0.0014 "-" 23 0
Mar 11 02:19:31 standalone proxy-server[124910]: - - 11/Mar/2026/02/19/31 HEAD /v1/AUTH_99c41b26b86841a5870140d7cf18764b/gnocchi.ee6ed963-e5ef-4619-af3e-0a6be48bed78%3Fformat%3Djson%26states%3Dlisting HTTP/1.0 204 - Swift - - - - tx1f2709fe509b4adf92dbe-0069b0d133 - 0.0038 RL - 1773195571.189358473 1773195571.193124771 0
Mar 11 02:19:31 standalone container-server[122839]: 172.20.0.100 - - [11/Mar/2026:02:19:31 +0000] "GET /d1/297/AUTH_99c41b26b86841a5870140d7cf18764b/gnocchi.ee6ed963-e5ef-4619-af3e-0a6be48bed78" 200 2 "GET http://localhost:8080/v1/AUTH_99c41b26b86841a5870140d7cf18764b/gnocchi.ee6ed963-e5ef-4619-af3e-0a6be48bed78?format=json&states=listing" "tx1f2709fe509b4adf92dbe-0069b0d133" "proxy-server 21" 0.0020 "-" 22 0
Mar 11 02:19:31 standalone proxy-server[124910]: 172.18.0.2 ::1 11/Mar/2026/02/19/31 GET /v1/AUTH_99c41b26b86841a5870140d7cf18764b/gnocchi.ee6ed963-e5ef-4619-af3e-0a6be48bed78%3Fformat%3Djson%26states%3Dlisting HTTP/1.0 200 - python-swiftclient-3.11.1 gAAAAABpsNBqaExF... - 2 - tx1f2709fe509b4adf92dbe-0069b0d133 - 0.0119 - - 1773195571.188708305 1773195571.200597286 0
Mar 11 02:19:31 standalone object-server[122953]: 172.20.0.100 - - [11/Mar/2026:02:19:31 +0000] "GET /d1/719/AUTH_99c41b26b86841a5870140d7cf18764b/gnocchi.40c2c2ed-52c7-4517-9f35-0f9db5bcdff8/1772280000.0_mean_300.0_v3" 404 70 "GET http://localhost:8080/v1/AUTH_99c41b26b86841a5870140d7cf18764b/gnocchi.40c2c2ed-52c7-4517-9f35-0f9db5bcdff8/1772280000.0_mean_300.0_v3" "tx27155d3d256e4154b7d22-0069b0d133" "proxy-server 21" 0.0004 "-" 22 0
Mar 11 02:19:31 standalone proxy-server[124910]: 172.18.0.2 ::1 11/Mar/2026/02/19/31 GET /v1/AUTH_99c41b26b86841a5870140d7cf18764b/gnocchi.40c2c2ed-52c7-4517-9f35-0f9db5bcdff8/1772280000.0_mean_300.0_v3 HTTP/1.0 404 - python-swiftclient-3.11.1 gAAAAABpsNBqaExF... - 70 - tx27155d3d256e4154b7d22-0069b0d133 - 0.0069 - - 1773195571.204375267 1773195571.211309671 0
Mar 11 02:19:31 standalone object-server[122953]: 172.20.0.100 - - [11/Mar/2026:02:19:31 +0000] "GET /d1/632/AUTH_99c41b26b86841a5870140d7cf18764b/gnocchi.ee6ed963-e5ef-4619-af3e-0a6be48bed78/1772280000.0_mean_300.0_v3" 404 70 "GET http://localhost:8080/v1/AUTH_99c41b26b86841a5870140d7cf18764b/gnocchi.ee6ed963-e5ef-4619-af3e-0a6be48bed78/1772280000.0_mean_300.0_v3" "txccebe10ada634337b0e1c-0069b0d133" "proxy-server 21" 0.0003 "-" 22 0
Mar 11 02:19:31 standalone proxy-server[124910]: 172.18.0.2 ::1 11/Mar/2026/02/19/31 GET /v1/AUTH_99c41b26b86841a5870140d7cf18764b/gnocchi.ee6ed963-e5ef-4619-af3e-0a6be48bed78/1772280000.0_mean_300.0_v3 HTTP/1.0 404 - python-swiftclient-3.11.1 gAAAAABpsNBqaExF... - 70 - txccebe10ada634337b0e1c-0069b0d133 - 0.0063 - - 1773195571.215147734 1773195571.221431732 0
Mar 11 02:19:31 standalone container-server[122842]: 172.20.0.100 - - [11/Mar/2026:02:19:31 +0000] "PUT /d1/940/AUTH_99c41b26b86841a5870140d7cf18764b/gnocchi.40c2c2ed-52c7-4517-9f35-0f9db5bcdff8/1772280000.0_mean_300.0_v3" 201 - "PUT http://localhost:8080/d1/719/AUTH_99c41b26b86841a5870140d7cf18764b/gnocchi.40c2c2ed-52c7-4517-9f35-0f9db5bcdff8/1772280000.0_mean_300.0_v3" "txfbe855a39a034d03b37ae-0069b0d133" "object-server 21" 0.0006 "-" 23 0
Mar 11 02:19:31 standalone object-server[122952]: 172.20.0.100 - - [11/Mar/2026:02:19:31 +0000] "PUT /d1/719/AUTH_99c41b26b86841a5870140d7cf18764b/gnocchi.40c2c2ed-52c7-4517-9f35-0f9db5bcdff8/1772280000.0_mean_300.0_v3" 201 - "PUT http://localhost:8080/v1/AUTH_99c41b26b86841a5870140d7cf18764b/gnocchi.40c2c2ed-52c7-4517-9f35-0f9db5bcdff8/1772280000.0_mean_300.0_v3" "txfbe855a39a034d03b37ae-0069b0d133" "proxy-server 21" 0.0100 "-" 21 0
Mar 11 02:19:31 standalone proxy-server[124910]: 172.18.0.2 ::1 11/Mar/2026/02/19/31 PUT /v1/AUTH_99c41b26b86841a5870140d7cf18764b/gnocchi.40c2c2ed-52c7-4517-9f35-0f9db5bcdff8/1772280000.0_mean_300.0_v3 HTTP/1.0 201 - python-swiftclient-3.11.1 gAAAAABpsNBqaExF... 16 - - txfbe855a39a034d03b37ae-0069b0d133 - 0.0174 - - 1773195571.225739956 1773195571.243155718 0
Mar 11 02:19:31 standalone container-server[122833]: 172.20.0.100 - - [11/Mar/2026:02:19:31 +0000] "PUT /d1/297/AUTH_99c41b26b86841a5870140d7cf18764b/gnocchi.ee6ed963-e5ef-4619-af3e-0a6be48bed78/1772280000.0_mean_300.0_v3" 201 - "PUT http://localhost:8080/d1/632/AUTH_99c41b26b86841a5870140d7cf18764b/gnocchi.ee6ed963-e5ef-4619-af3e-0a6be48bed78/1772280000.0_mean_300.0_v3" "txd9d7bd024de046aabb377-0069b0d133" "object-server 21" 0.0009 "-" 21 0
Mar 11 02:19:31 standalone object-server[122952]: 172.20.0.100 - - [11/Mar/2026:02:19:31 +0000] "PUT /d1/632/AUTH_99c41b26b86841a5870140d7cf18764b/gnocchi.ee6ed963-e5ef-4619-af3e-0a6be48bed78/1772280000.0_mean_300.0_v3" 201 - "PUT http://localhost:8080/v1/AUTH_99c41b26b86841a5870140d7cf18764b/gnocchi.ee6ed963-e5ef-4619-af3e-0a6be48bed78/1772280000.0_mean_300.0_v3" "txd9d7bd024de046aabb377-0069b0d133" "proxy-server 21" 0.0110 "-" 21 0
Mar 11 02:19:31 standalone proxy-server[124910]: 172.18.0.2 ::1 11/Mar/2026/02/19/31 PUT /v1/AUTH_99c41b26b86841a5870140d7cf18764b/gnocchi.ee6ed963-e5ef-4619-af3e-0a6be48bed78/1772280000.0_mean_300.0_v3 HTTP/1.0 201 - python-swiftclient-3.11.1 gAAAAABpsNBqaExF... 16 - - txd9d7bd024de046aabb377-0069b0d133 - 0.0182 - - 1773195571.247134686 1773195571.265322924 0
Mar 11 02:19:31 standalone container-server[122842]: 172.20.0.100 - - [11/Mar/2026:02:19:31 +0000] "PUT /d1/940/AUTH_99c41b26b86841a5870140d7cf18764b/gnocchi.40c2c2ed-52c7-4517-9f35-0f9db5bcdff8/none_v3" 201 - "PUT http://localhost:8080/d1/904/AUTH_99c41b26b86841a5870140d7cf18764b/gnocchi.40c2c2ed-52c7-4517-9f35-0f9db5bcdff8/none_v3" "txc12f99867db44955ba7d2-0069b0d133" "object-server 22" 0.0005 "-" 23 0
Mar 11 02:19:31 standalone object-server[122953]: 172.20.0.100 - - [11/Mar/2026:02:19:31 +0000] "PUT /d1/904/AUTH_99c41b26b86841a5870140d7cf18764b/gnocchi.40c2c2ed-52c7-4517-9f35-0f9db5bcdff8/none_v3" 201 - "PUT http://localhost:8080/v1/AUTH_99c41b26b86841a5870140d7cf18764b/gnocchi.40c2c2ed-52c7-4517-9f35-0f9db5bcdff8/none_v3" "txc12f99867db44955ba7d2-0069b0d133" "proxy-server 21" 0.0086 "-" 22 0
Mar 11 02:19:31 standalone proxy-server[124910]: 172.18.0.2 ::1 11/Mar/2026/02/19/31 PUT /v1/AUTH_99c41b26b86841a5870140d7cf18764b/gnocchi.40c2c2ed-52c7-4517-9f35-0f9db5bcdff8/none_v3 HTTP/1.0 201 - python-swiftclient-3.11.1 gAAAAABpsNBqaExF... 22 - - txc12f99867db44955ba7d2-0069b0d133 - 0.0152 - - 1773195571.269315243 1773195571.284562111 0
Mar 11 02:19:31 standalone container-server[122833]: 172.20.0.100 - - [11/Mar/2026:02:19:31 +0000] "PUT /d1/297/AUTH_99c41b26b86841a5870140d7cf18764b/gnocchi.ee6ed963-e5ef-4619-af3e-0a6be48bed78/none_v3" 201 - "PUT http://localhost:8080/d1/35/AUTH_99c41b26b86841a5870140d7cf18764b/gnocchi.ee6ed963-e5ef-4619-af3e-0a6be48bed78/none_v3" "txd0106c215b1349da824a7-0069b0d133" "object-server 24" 0.0006 "-" 21 0
Mar 11 02:19:31 standalone object-server[122955]: 172.20.0.100 - - [11/Mar/2026:02:19:31 +0000] "PUT /d1/35/AUTH_99c41b26b86841a5870140d7cf18764b/gnocchi.ee6ed963-e5ef-4619-af3e-0a6be48bed78/none_v3" 201 - "PUT http://localhost:8080/v1/AUTH_99c41b26b86841a5870140d7cf18764b/gnocchi.ee6ed963-e5ef-4619-af3e-0a6be48bed78/none_v3" "txd0106c215b1349da824a7-0069b0d133" "proxy-server 21" 0.0118 "-" 24 0
Mar 11 02:19:31 standalone proxy-server[124910]: 172.18.0.2 ::1 11/Mar/2026/02/19/31 PUT /v1/AUTH_99c41b26b86841a5870140d7cf18764b/gnocchi.ee6ed963-e5ef-4619-af3e-0a6be48bed78/none_v3 HTTP/1.0 201 - python-swiftclient-3.11.1 gAAAAABpsNBqaExF... 22 - - txd0106c215b1349da824a7-0069b0d133 - 0.0194 - - 1773195571.288366079 1773195571.307803154 0
Mar 11 02:19:31 standalone container-server[122842]: 172.20.0.100 - - [11/Mar/2026:02:19:31 +0000] "HEAD /d1/529/AUTH_99c41b26b86841a5870140d7cf18764b/gnocchi.c71ba298-0cfa-4caa-917b-70349460a23f" 404 - "HEAD http://localhost:8080/v1/AUTH_99c41b26b86841a5870140d7cf18764b/gnocchi.c71ba298-0cfa-4caa-917b-70349460a23f?format=json&states=listing" "tx85f606052712441a93024-0069b0d133" "proxy-server 21" 0.0003 "-" 23 0
Mar 11 02:19:31 standalone object-server[122955]: 172.20.0.100 - - [11/Mar/2026:02:19:31 +0000] "GET /d1/487/AUTH_99c41b26b86841a5870140d7cf18764b/gnocchi.c71ba298-0cfa-4caa-917b-70349460a23f/none_v3" 404 70 "GET http://localhost:8080/v1/AUTH_99c41b26b86841a5870140d7cf18764b/gnocchi.c71ba298-0cfa-4caa-917b-70349460a23f/none_v3" "tx85f606052712441a93024-0069b0d133" "proxy-server 21" 0.0004 "-" 24 0
Mar 11 02:19:31 standalone proxy-server[124910]: 172.18.0.2 ::1 11/Mar/2026/02/19/31 GET /v1/AUTH_99c41b26b86841a5870140d7cf18764b/gnocchi.c71ba298-0cfa-4caa-917b-70349460a23f/none_v3 HTTP/1.0 404 - python-swiftclient-3.11.1 gAAAAABpsNBqaExF... - 70 - tx85f606052712441a93024-0069b0d133 - 0.0122 - - 1773195571.323065281 1773195571.335269213 0
Mar 11 02:19:31 standalone account-server[122829]: 172.20.0.100 - - [11/Mar/2026:02:19:31 +0000] "PUT /d1/504/AUTH_99c41b26b86841a5870140d7cf18764b/gnocchi.c71ba298-0cfa-4caa-917b-70349460a23f" 201 - "PUT http://172.20.0.100:6001/d1/529/AUTH_99c41b26b86841a5870140d7cf18764b/gnocchi.c71ba298-0cfa-4caa-917b-70349460a23f" "tx21283a38856a4fdb915f4-0069b0d133" "container-server 21" 0.0052 "-" 20 0
Mar 11 02:19:31 standalone container-server[122833]: 172.20.0.100 - - [11/Mar/2026:02:19:31 +0000] "PUT /d1/529/AUTH_99c41b26b86841a5870140d7cf18764b/gnocchi.c71ba298-0cfa-4caa-917b-70349460a23f" 201 - "PUT http://localhost:8080/v1/AUTH_99c41b26b86841a5870140d7cf18764b/gnocchi.c71ba298-0cfa-4caa-917b-70349460a23f" "tx21283a38856a4fdb915f4-0069b0d133" "proxy-server 21" 0.0160 "-" 21 0
Mar 11 02:19:31 standalone proxy-server[124910]: 172.18.0.2 ::1 11/Mar/2026/02/19/31 PUT /v1/AUTH_99c41b26b86841a5870140d7cf18764b/gnocchi.c71ba298-0cfa-4caa-917b-70349460a23f HTTP/1.0 201 - python-swiftclient-3.11.1 gAAAAABpsNBqaExF... - - - tx21283a38856a4fdb915f4-0069b0d133 - 0.0219 - - 1773195571.339759827 1773195571.361646652 0
Mar 11 02:19:31 standalone container-server[122839]: 172.20.0.100 - - [11/Mar/2026:02:19:31 +0000] "HEAD /d1/529/AUTH_99c41b26b86841a5870140d7cf18764b/gnocchi.c71ba298-0cfa-4caa-917b-70349460a23f" 204 - "HEAD http://localhost:8080/v1/AUTH_99c41b26b86841a5870140d7cf18764b/gnocchi.c71ba298-0cfa-4caa-917b-70349460a23f?format=json&states=listing" "txda341427423a4985b717f-0069b0d133" "proxy-server 21" 0.0016 "-" 22 0
Mar 11 02:19:31 standalone proxy-server[124910]: - - 11/Mar/2026/02/19/31 HEAD /v1/AUTH_99c41b26b86841a5870140d7cf18764b/gnocchi.c71ba298-0cfa-4caa-917b-70349460a23f%3Fformat%3Djson%26states%3Dlisting HTTP/1.0 204 - Swift - - - - txda341427423a4985b717f-0069b0d133 - 0.0056 RL - 1773195571.367856503 1773195571.373418570 0
Mar 11 02:19:31 standalone container-server[122831]: 172.20.0.100 - - [11/Mar/2026:02:19:31 +0000] "GET /d1/529/AUTH_99c41b26b86841a5870140d7cf18764b/gnocchi.c71ba298-0cfa-4caa-917b-70349460a23f" 200 2 "GET http://localhost:8080/v1/AUTH_99c41b26b86841a5870140d7cf18764b/gnocchi.c71ba298-0cfa-4caa-917b-70349460a23f?format=json&states=listing" "txda341427423a4985b717f-0069b0d133" "proxy-server 21" 0.0048 "-" 20 0
Mar 11 02:19:31 standalone proxy-server[124910]: 172.18.0.2 ::1 11/Mar/2026/02/19/31 GET /v1/AUTH_99c41b26b86841a5870140d7cf18764b/gnocchi.c71ba298-0cfa-4caa-917b-70349460a23f%3Fformat%3Djson%26states%3Dlisting HTTP/1.0 200 - python-swiftclient-3.11.1 gAAAAABpsNBqaExF... - 2 - txda341427423a4985b717f-0069b0d133 - 0.0207 - - 1773195571.366423368 1773195571.387080908 0
Mar 11 02:19:31 standalone object-server[122955]: 172.20.0.100 - - [11/Mar/2026:02:19:31 +0000] "GET /d1/953/AUTH_99c41b26b86841a5870140d7cf18764b/gnocchi.c71ba298-0cfa-4caa-917b-70349460a23f/1772280000.0_mean_300.0_v3" 404 70 "GET http://localhost:8080/v1/AUTH_99c41b26b86841a5870140d7cf18764b/gnocchi.c71ba298-0cfa-4caa-917b-70349460a23f/1772280000.0_mean_300.0_v3" "txb950b410f18540aaa30be-0069b0d133" "proxy-server 21" 0.0004 "-" 24 0
Mar 11 02:19:31 standalone proxy-server[124910]: 172.18.0.2 ::1 11/Mar/2026/02/19/31 GET /v1/AUTH_99c41b26b86841a5870140d7cf18764b/gnocchi.c71ba298-0cfa-4caa-917b-70349460a23f/1772280000.0_mean_300.0_v3 HTTP/1.0 404 - python-swiftclient-3.11.1 gAAAAABpsNBqaExF... - 70 - txb950b410f18540aaa30be-0069b0d133 - 0.0071 - - 1773195571.392037868 1773195571.399175882 0
Mar 11 02:19:31 standalone container-server[122842]: 172.20.0.100 - - [11/Mar/2026:02:19:31 +0000] "PUT /d1/529/AUTH_99c41b26b86841a5870140d7cf18764b/gnocchi.c71ba298-0cfa-4caa-917b-70349460a23f/1772280000.0_mean_300.0_v3" 201 - "PUT http://localhost:8080/d1/953/AUTH_99c41b26b86841a5870140d7cf18764b/gnocchi.c71ba298-0cfa-4caa-917b-70349460a23f/1772280000.0_mean_300.0_v3" "txac80bd34811346e5a0c99-0069b0d133" "object-server 21" 0.0006 "-" 23 0
Mar 11 02:19:31 standalone object-server[122952]: 172.20.0.100 - - [11/Mar/2026:02:19:31 +0000] "PUT /d1/953/AUTH_99c41b26b86841a5870140d7cf18764b/gnocchi.c71ba298-0cfa-4caa-917b-70349460a23f/1772280000.0_mean_300.0_v3" 201 - "PUT http://localhost:8080/v1/AUTH_99c41b26b86841a5870140d7cf18764b/gnocchi.c71ba298-0cfa-4caa-917b-70349460a23f/1772280000.0_mean_300.0_v3" "txac80bd34811346e5a0c99-0069b0d133" "proxy-server 21" 0.0099 "-" 21 0
Mar 11 02:19:31 standalone proxy-server[124910]: 172.18.0.2 ::1 11/Mar/2026/02/19/31 PUT /v1/AUTH_99c41b26b86841a5870140d7cf18764b/gnocchi.c71ba298-0cfa-4caa-917b-70349460a23f/1772280000.0_mean_300.0_v3 HTTP/1.0 201 - python-swiftclient-3.11.1 gAAAAABpsNBqaExF... 16 - - txac80bd34811346e5a0c99-0069b0d133 - 0.0165 - - 1773195571.405172825 1773195571.421647310 0
Mar 11 02:19:31 standalone container-server[122839]: 172.20.0.100 - - [11/Mar/2026:02:19:31 +0000] "PUT /d1/529/AUTH_99c41b26b86841a5870140d7cf18764b/gnocchi.c71ba298-0cfa-4caa-917b-70349460a23f/none_v3" 201 - "PUT http://localhost:8080/d1/487/AUTH_99c41b26b86841a5870140d7cf18764b/gnocchi.c71ba298-0cfa-4caa-917b-70349460a23f/none_v3" "tx9cca9e0064e94b6ebffdc-0069b0d133" "object-server 21" 0.0006 "-" 22 0
Mar 11 02:19:31 standalone object-server[122952]: 172.20.0.100 - - [11/Mar/2026:02:19:31 +0000] "PUT /d1/487/AUTH_99c41b26b86841a5870140d7cf18764b/gnocchi.c71ba298-0cfa-4caa-917b-70349460a23f/none_v3" 201 - "PUT http://localhost:8080/v1/AUTH_99c41b26b86841a5870140d7cf18764b/gnocchi.c71ba298-0cfa-4caa-917b-70349460a23f/none_v3" "tx9cca9e0064e94b6ebffdc-0069b0d133" "proxy-server 21" 0.0137 "-" 21 0
Mar 11 02:19:31 standalone proxy-server[124910]: 172.18.0.2 ::1 11/Mar/2026/02/19/31 PUT /v1/AUTH_99c41b26b86841a5870140d7cf18764b/gnocchi.c71ba298-0cfa-4caa-917b-70349460a23f/none_v3 HTTP/1.0 201 - python-swiftclient-3.11.1 gAAAAABpsNBqaExF... 22 - - tx9cca9e0064e94b6ebffdc-0069b0d133 - 0.0253 - - 1773195571.427527905 1773195571.452790022 0
Mar 11 02:19:31 standalone container-server[122839]: 172.20.0.100 - - [11/Mar/2026:02:19:31 +0000] "HEAD /d1/624/AUTH_99c41b26b86841a5870140d7cf18764b/gnocchi.526ca5ad-00b8-4d0c-b15c-08a12a23950b" 404 - "HEAD http://localhost:8080/v1/AUTH_99c41b26b86841a5870140d7cf18764b/gnocchi.526ca5ad-00b8-4d0c-b15c-08a12a23950b?format=json&states=listing" "tx2992971981734a2b97ba3-0069b0d133" "proxy-server 21" 0.0010 "-" 22 0
Mar 11 02:19:31 standalone object-server[122955]: 172.20.0.100 - - [11/Mar/2026:02:19:31 +0000] "GET /d1/78/AUTH_99c41b26b86841a5870140d7cf18764b/gnocchi.526ca5ad-00b8-4d0c-b15c-08a12a23950b/none_v3" 404 70 "GET http://localhost:8080/v1/AUTH_99c41b26b86841a5870140d7cf18764b/gnocchi.526ca5ad-00b8-4d0c-b15c-08a12a23950b/none_v3" "tx2992971981734a2b97ba3-0069b0d133" "proxy-server 21" 0.0006 "-" 24 0
Mar 11 02:19:31 standalone proxy-server[124910]: 172.18.0.2 ::1 11/Mar/2026/02/19/31 GET /v1/AUTH_99c41b26b86841a5870140d7cf18764b/gnocchi.526ca5ad-00b8-4d0c-b15c-08a12a23950b/none_v3 HTTP/1.0 404 - python-swiftclient-3.11.1 gAAAAABpsNBqaExF... - 70 - tx2992971981734a2b97ba3-0069b0d133 - 0.0164 - - 1773195571.484015942 1773195571.500371456 0
Mar 11 02:19:31 standalone account-server[122837]: 172.20.0.100 - - [11/Mar/2026:02:19:31 +0000] "PUT /d1/504/AUTH_99c41b26b86841a5870140d7cf18764b/gnocchi.526ca5ad-00b8-4d0c-b15c-08a12a23950b" 201 - "PUT http://172.20.0.100:6001/d1/624/AUTH_99c41b26b86841a5870140d7cf18764b/gnocchi.526ca5ad-00b8-4d0c-b15c-08a12a23950b" "tx18444e5fce88499bae55b-0069b0d133" "container-server 22" 0.0055 "-" 22 0
Mar 11 02:19:31 standalone container-server[122839]: 172.20.0.100 - - [11/Mar/2026:02:19:31 +0000] "PUT /d1/624/AUTH_99c41b26b86841a5870140d7cf18764b/gnocchi.526ca5ad-00b8-4d0c-b15c-08a12a23950b" 201 - "PUT http://localhost:8080/v1/AUTH_99c41b26b86841a5870140d7cf18764b/gnocchi.526ca5ad-00b8-4d0c-b15c-08a12a23950b" "tx18444e5fce88499bae55b-0069b0d133" "proxy-server 21" 0.0241 "-" 22 0
Mar 11 02:19:31 standalone proxy-server[124910]: 172.18.0.2 ::1 11/Mar/2026/02/19/31 PUT /v1/AUTH_99c41b26b86841a5870140d7cf18764b/gnocchi.526ca5ad-00b8-4d0c-b15c-08a12a23950b HTTP/1.0 201 - python-swiftclient-3.11.1 gAAAAABpsNBqaExF... - - - tx18444e5fce88499bae55b-0069b0d133 - 0.0304 - - 1773195571.505394936 1773195571.535806417 0
Mar 11 02:19:31 standalone container-server[122831]: 172.20.0.100 - - [11/Mar/2026:02:19:31 +0000] "HEAD /d1/624/AUTH_99c41b26b86841a5870140d7cf18764b/gnocchi.526ca5ad-00b8-4d0c-b15c-08a12a23950b" 204 - "HEAD http://localhost:8080/v1/AUTH_99c41b26b86841a5870140d7cf18764b/gnocchi.526ca5ad-00b8-4d0c-b15c-08a12a23950b?format=json&states=listing" "txc0c79353dc2547828f904-0069b0d133" "proxy-server 21" 0.0022 "-" 20 0
Mar 11 02:19:31 standalone proxy-server[124910]: - - 11/Mar/2026/02/19/31 HEAD /v1/AUTH_99c41b26b86841a5870140d7cf18764b/gnocchi.526ca5ad-00b8-4d0c-b15c-08a12a23950b%3Fformat%3Djson%26states%3Dlisting HTTP/1.0 204 - Swift - - - - txc0c79353dc2547828f904-0069b0d133 - 0.0066 RL - 1773195571.541491270 1773195571.548059225 0
Mar 11 02:19:31 standalone container-server[122842]: 172.20.0.100 - - [11/Mar/2026:02:19:31 +0000] "GET /d1/624/AUTH_99c41b26b86841a5870140d7cf18764b/gnocchi.526ca5ad-00b8-4d0c-b15c-08a12a23950b" 200 2 "GET http://localhost:8080/v1/AUTH_99c41b26b86841a5870140d7cf18764b/gnocchi.526ca5ad-00b8-4d0c-b15c-08a12a23950b?format=json&states=listing" "txc0c79353dc2547828f904-0069b0d133" "proxy-server 21" 0.0033 "-" 23 0
Mar 11 02:19:31 standalone proxy-server[124910]: 172.18.0.2 ::1 11/Mar/2026/02/19/31 GET /v1/AUTH_99c41b26b86841a5870140d7cf18764b/gnocchi.526ca5ad-00b8-4d0c-b15c-08a12a23950b%3Fformat%3Djson%26states%3Dlisting HTTP/1.0 200 - python-swiftclient-3.11.1 gAAAAABpsNBqaExF... - 2 - txc0c79353dc2547828f904-0069b0d133 - 0.0180 - - 1773195571.540406466 1773195571.558389902 0
Mar 11 02:19:31 standalone object-server[122954]: 172.20.0.100 - - [11/Mar/2026:02:19:31 +0000] "GET /d1/960/AUTH_99c41b26b86841a5870140d7cf18764b/gnocchi.526ca5ad-00b8-4d0c-b15c-08a12a23950b/1772280000.0_mean_300.0_v3" 404 70 "GET http://localhost:8080/v1/AUTH_99c41b26b86841a5870140d7cf18764b/gnocchi.526ca5ad-00b8-4d0c-b15c-08a12a23950b/1772280000.0_mean_300.0_v3" "tx470a687695584b4dbd0f2-0069b0d133" "proxy-server 21" 0.0004 "-" 23 0
Mar 11 02:19:31 standalone proxy-server[124910]: 172.18.0.2 ::1 11/Mar/2026/02/19/31 GET /v1/AUTH_99c41b26b86841a5870140d7cf18764b/gnocchi.526ca5ad-00b8-4d0c-b15c-08a12a23950b/1772280000.0_mean_300.0_v3 HTTP/1.0 404 - python-swiftclient-3.11.1 gAAAAABpsNBqaExF... - 70 - tx470a687695584b4dbd0f2-0069b0d133 - 0.0076 - - 1773195571.563498020 1773195571.571072578 0
Mar 11 02:19:31 standalone container-server[122833]: 172.20.0.100 - - [11/Mar/2026:02:19:31 +0000] "PUT /d1/624/AUTH_99c41b26b86841a5870140d7cf18764b/gnocchi.526ca5ad-00b8-4d0c-b15c-08a12a23950b/1772280000.0_mean_300.0_v3" 201 - "PUT http://localhost:8080/d1/960/AUTH_99c41b26b86841a5870140d7cf18764b/gnocchi.526ca5ad-00b8-4d0c-b15c-08a12a23950b/1772280000.0_mean_300.0_v3" "txad760216e50c424fb84f9-0069b0d133" "object-server 21" 0.0006 "-" 21 0
Mar 11 02:19:31 standalone object-server[122952]: 172.20.0.100 - - [11/Mar/2026:02:19:31 +0000] "PUT /d1/960/AUTH_99c41b26b86841a5870140d7cf18764b/gnocchi.526ca5ad-00b8-4d0c-b15c-08a12a23950b/1772280000.0_mean_300.0_v3" 201 - "PUT http://localhost:8080/v1/AUTH_99c41b26b86841a5870140d7cf18764b/gnocchi.526ca5ad-00b8-4d0c-b15c-08a12a23950b/1772280000.0_mean_300.0_v3" "txad760216e50c424fb84f9-0069b0d133" "proxy-server 21" 0.0143 "-" 21 0
Mar 11 02:19:31 standalone proxy-server[124910]: 172.18.0.2 ::1 11/Mar/2026/02/19/31 PUT /v1/AUTH_99c41b26b86841a5870140d7cf18764b/gnocchi.526ca5ad-00b8-4d0c-b15c-08a12a23950b/1772280000.0_mean_300.0_v3 HTTP/1.0 201 - python-swiftclient-3.11.1 gAAAAABpsNBqaExF... 16 - - txad760216e50c424fb84f9-0069b0d133 - 0.0185 - - 1773195571.578068972 1773195571.596571207 0
Mar 11 02:19:31 standalone container-server[122833]: 172.20.0.100 - - [11/Mar/2026:02:19:31 +0000] "PUT /d1/624/AUTH_99c41b26b86841a5870140d7cf18764b/gnocchi.526ca5ad-00b8-4d0c-b15c-08a12a23950b/none_v3" 201 - "PUT http://localhost:8080/d1/78/AUTH_99c41b26b86841a5870140d7cf18764b/gnocchi.526ca5ad-00b8-4d0c-b15c-08a12a23950b/none_v3" "tx04e7adbf167a491693a09-0069b0d133" "object-server 23" 0.0004 "-" 21 0
Mar 11 02:19:31 standalone object-server[122954]: 172.20.0.100 - - [11/Mar/2026:02:19:31 +0000] "PUT /d1/78/AUTH_99c41b26b86841a5870140d7cf18764b/gnocchi.526ca5ad-00b8-4d0c-b15c-08a12a23950b/none_v3" 201 - "PUT http://localhost:8080/v1/AUTH_99c41b26b86841a5870140d7cf18764b/gnocchi.526ca5ad-00b8-4d0c-b15c-08a12a23950b/none_v3" "tx04e7adbf167a491693a09-0069b0d133" "proxy-server 21" 0.0091 "-" 23 0
Mar 11 02:19:31 standalone proxy-server[124910]: 172.18.0.2 ::1 11/Mar/2026/02/19/31 PUT /v1/AUTH_99c41b26b86841a5870140d7cf18764b/gnocchi.526ca5ad-00b8-4d0c-b15c-08a12a23950b/none_v3 HTTP/1.0 201 - python-swiftclient-3.11.1 gAAAAABpsNBqaExF... 22 - - tx04e7adbf167a491693a09-0069b0d133 - 0.0143 - - 1773195571.599945784 1773195571.614272356 0
Mar 11 02:19:31 standalone container-server[122831]: 172.20.0.100 - - [11/Mar/2026:02:19:31 +0000] "HEAD /d1/506/AUTH_99c41b26b86841a5870140d7cf18764b/gnocchi.02bbeb4c-10c3-4539-97f8-f395231761a6" 404 - "HEAD http://localhost:8080/v1/AUTH_99c41b26b86841a5870140d7cf18764b/gnocchi.02bbeb4c-10c3-4539-97f8-f395231761a6?format=json&states=listing" "tx0f086701d90c409db371c-0069b0d133" "proxy-server 21" 0.0003 "-" 20 0
Mar 11 02:19:31 standalone object-server[122954]: 172.20.0.100 - - [11/Mar/2026:02:19:31 +0000] "GET /d1/668/AUTH_99c41b26b86841a5870140d7cf18764b/gnocchi.02bbeb4c-10c3-4539-97f8-f395231761a6/none_v3" 404 70 "GET http://localhost:8080/v1/AUTH_99c41b26b86841a5870140d7cf18764b/gnocchi.02bbeb4c-10c3-4539-97f8-f395231761a6/none_v3" "tx0f086701d90c409db371c-0069b0d133" "proxy-server 21" 0.0003 "-" 23 0
Mar 11 02:19:31 standalone proxy-server[124910]: 172.18.0.2 ::1 11/Mar/2026/02/19/31 GET /v1/AUTH_99c41b26b86841a5870140d7cf18764b/gnocchi.02bbeb4c-10c3-4539-97f8-f395231761a6/none_v3 HTTP/1.0 404 - python-swiftclient-3.11.1 gAAAAABpsNBqaExF... - 70 - tx0f086701d90c409db371c-0069b0d133 - 0.0064 - - 1773195571.623554230 1773195571.629915476 0
Mar 11 02:19:31 standalone account-server[122840]: 172.20.0.100 - - [11/Mar/2026:02:19:31 +0000] "PUT /d1/504/AUTH_99c41b26b86841a5870140d7cf18764b/gnocchi.02bbeb4c-10c3-4539-97f8-f395231761a6" 201 - "PUT http://172.20.0.100:6001/d1/506/AUTH_99c41b26b86841a5870140d7cf18764b/gnocchi.02bbeb4c-10c3-4539-97f8-f395231761a6" "tx0a3245e2e88c4a658a6ae-0069b0d133" "container-server 21" 0.0056 "-" 23 0
Mar 11 02:19:31 standalone container-server[122833]: 172.20.0.100 - - [11/Mar/2026:02:19:31 +0000] "PUT /d1/506/AUTH_99c41b26b86841a5870140d7cf18764b/gnocchi.02bbeb4c-10c3-4539-97f8-f395231761a6" 201 - "PUT http://localhost:8080/v1/AUTH_99c41b26b86841a5870140d7cf18764b/gnocchi.02bbeb4c-10c3-4539-97f8-f395231761a6" "tx0a3245e2e88c4a658a6ae-0069b0d133" "proxy-server 21" 0.0146 "-" 21 0
Mar 11 02:19:31 standalone proxy-server[124910]: 172.18.0.2 ::1 11/Mar/2026/02/19/31 PUT /v1/AUTH_99c41b26b86841a5870140d7cf18764b/gnocchi.02bbeb4c-10c3-4539-97f8-f395231761a6 HTTP/1.0 201 - python-swiftclient-3.11.1 gAAAAABpsNBqaExF... - - - tx0a3245e2e88c4a658a6ae-0069b0d133 - 0.0199 - - 1773195571.632409334 1773195571.652298450 0
Mar 11 02:19:31 standalone container-server[122833]: 172.20.0.100 - - [11/Mar/2026:02:19:31 +0000] "HEAD /d1/808/AUTH_99c41b26b86841a5870140d7cf18764b/gnocchi.31fa0c62-c8fc-47d6-8d11-1a0f873f24a6" 404 - "HEAD http://localhost:8080/v1/AUTH_99c41b26b86841a5870140d7cf18764b/gnocchi.31fa0c62-c8fc-47d6-8d11-1a0f873f24a6?format=json&states=listing" "tx323d646825ee49b3b06cb-0069b0d133" "proxy-server 21" 0.0003 "-" 21 0
Mar 11 02:19:31 standalone object-server[122955]: 172.20.0.100 - - [11/Mar/2026:02:19:31 +0000] "GET /d1/326/AUTH_99c41b26b86841a5870140d7cf18764b/gnocchi.31fa0c62-c8fc-47d6-8d11-1a0f873f24a6/none_v3" 404 70 "GET http://localhost:8080/v1/AUTH_99c41b26b86841a5870140d7cf18764b/gnocchi.31fa0c62-c8fc-47d6-8d11-1a0f873f24a6/none_v3" "tx323d646825ee49b3b06cb-0069b0d133" "proxy-server 21" 0.0004 "-" 24 0
Mar 11 02:19:31 standalone proxy-server[124910]: 172.18.0.2 ::1 11/Mar/2026/02/19/31 GET /v1/AUTH_99c41b26b86841a5870140d7cf18764b/gnocchi.31fa0c62-c8fc-47d6-8d11-1a0f873f24a6/none_v3 HTTP/1.0 404 - python-swiftclient-3.11.1 gAAAAABpsNBqaExF... - 70 - tx323d646825ee49b3b06cb-0069b0d133 - 0.0101 - - 1773195571.655377626 1773195571.665440559 0
Mar 11 02:19:31 standalone account-server[122840]: 172.20.0.100 - - [11/Mar/2026:02:19:31 +0000] "PUT /d1/504/AUTH_99c41b26b86841a5870140d7cf18764b/gnocchi.31fa0c62-c8fc-47d6-8d11-1a0f873f24a6" 201 - "PUT http://172.20.0.100:6001/d1/808/AUTH_99c41b26b86841a5870140d7cf18764b/gnocchi.31fa0c62-c8fc-47d6-8d11-1a0f873f24a6" "txed054caba5d947c7a3c8a-0069b0d133" "container-server 23" 0.0045 "-" 23 0
Mar 11 02:19:31 standalone container-server[122842]: 172.20.0.100 - - [11/Mar/2026:02:19:31 +0000] "PUT /d1/808/AUTH_99c41b26b86841a5870140d7cf18764b/gnocchi.31fa0c62-c8fc-47d6-8d11-1a0f873f24a6" 201 - "PUT http://localhost:8080/v1/AUTH_99c41b26b86841a5870140d7cf18764b/gnocchi.31fa0c62-c8fc-47d6-8d11-1a0f873f24a6" "txed054caba5d947c7a3c8a-0069b0d133" "proxy-server 21" 0.0151 "-" 23 0
Mar 11 02:19:31 standalone proxy-server[124910]: 172.18.0.2 ::1 11/Mar/2026/02/19/31 PUT /v1/AUTH_99c41b26b86841a5870140d7cf18764b/gnocchi.31fa0c62-c8fc-47d6-8d11-1a0f873f24a6 HTTP/1.0 201 - python-swiftclient-3.11.1 gAAAAABpsNBqaExF... - - - txed054caba5d947c7a3c8a-0069b0d133 - 0.0215 - - 1773195571.669645548 1773195571.691143274 0
Mar 11 02:19:31 standalone container-server[122831]: 172.20.0.100 - - [11/Mar/2026:02:19:31 +0000] "HEAD /d1/506/AUTH_99c41b26b86841a5870140d7cf18764b/gnocchi.02bbeb4c-10c3-4539-97f8-f395231761a6" 204 - "HEAD http://localhost:8080/v1/AUTH_99c41b26b86841a5870140d7cf18764b/gnocchi.02bbeb4c-10c3-4539-97f8-f395231761a6?format=json&states=listing" "txc7d58c7eee344a279fc0b-0069b0d133" "proxy-server 21" 0.0014 "-" 20 0
Mar 11 02:19:31 standalone proxy-server[124910]: - - 11/Mar/2026/02/19/31 HEAD /v1/AUTH_99c41b26b86841a5870140d7cf18764b/gnocchi.02bbeb4c-10c3-4539-97f8-f395231761a6%3Fformat%3Djson%26states%3Dlisting HTTP/1.0 204 - Swift - - - - txc7d58c7eee344a279fc0b-0069b0d133 - 0.0121 RL - 1773195571.697481394 1773195571.709602833 0
Mar 11 02:19:31 standalone container-server[122839]: 172.20.0.100 - - [11/Mar/2026:02:19:31 +0000] "GET /d1/506/AUTH_99c41b26b86841a5870140d7cf18764b/gnocchi.02bbeb4c-10c3-4539-97f8-f395231761a6" 200 2 "GET http://localhost:8080/v1/AUTH_99c41b26b86841a5870140d7cf18764b/gnocchi.02bbeb4c-10c3-4539-97f8-f395231761a6?format=json&states=listing" "txc7d58c7eee344a279fc0b-0069b0d133" "proxy-server 21" 0.0056 "-" 22 0
Mar 11 02:19:31 standalone proxy-server[124910]: 172.18.0.2 ::1 11/Mar/2026/02/19/31 GET /v1/AUTH_99c41b26b86841a5870140d7cf18764b/gnocchi.02bbeb4c-10c3-4539-97f8-f395231761a6%3Fformat%3Djson%26states%3Dlisting HTTP/1.0 200 - python-swiftclient-3.11.1 gAAAAABpsNBqaExF... - 2 - txc7d58c7eee344a279fc0b-0069b0d133 - 0.0268 - - 1773195571.696209908 1773195571.723049879 0
Mar 11 02:19:31 standalone container-server[122833]: 172.20.0.100 - - [11/Mar/2026:02:19:31 +0000] "HEAD /d1/808/AUTH_99c41b26b86841a5870140d7cf18764b/gnocchi.31fa0c62-c8fc-47d6-8d11-1a0f873f24a6" 204 - "HEAD http://localhost:8080/v1/AUTH_99c41b26b86841a5870140d7cf18764b/gnocchi.31fa0c62-c8fc-47d6-8d11-1a0f873f24a6?format=json&states=listing" "tx9ad4581e3883487380dae-0069b0d133" "proxy-server 21" 0.0059 "-" 21 0
Mar 11 02:19:31 standalone proxy-server[124910]: - - 11/Mar/2026/02/19/31 HEAD /v1/AUTH_99c41b26b86841a5870140d7cf18764b/gnocchi.31fa0c62-c8fc-47d6-8d11-1a0f873f24a6%3Fformat%3Djson%26states%3Dlisting HTTP/1.0 204 - Swift - - - - tx9ad4581e3883487380dae-0069b0d133 - 0.0106 RL - 1773195571.731575966 1773195571.742145061 0
Mar 11 02:19:31 standalone container-server[122839]: 172.20.0.100 - - [11/Mar/2026:02:19:31 +0000] "GET /d1/808/AUTH_99c41b26b86841a5870140d7cf18764b/gnocchi.31fa0c62-c8fc-47d6-8d11-1a0f873f24a6" 200 2 "GET http://localhost:8080/v1/AUTH_99c41b26b86841a5870140d7cf18764b/gnocchi.31fa0c62-c8fc-47d6-8d11-1a0f873f24a6?format=json&states=listing" "tx9ad4581e3883487380dae-0069b0d133" "proxy-server 21" 0.0020 "-" 22 0
Mar 11 02:19:31 standalone proxy-server[124910]: 172.18.0.2 ::1 11/Mar/2026/02/19/31 GET /v1/AUTH_99c41b26b86841a5870140d7cf18764b/gnocchi.31fa0c62-c8fc-47d6-8d11-1a0f873f24a6%3Fformat%3Djson%26states%3Dlisting HTTP/1.0 200 - python-swiftclient-3.11.1 gAAAAABpsNBqaExF... - 2 - tx9ad4581e3883487380dae-0069b0d133 - 0.0207 - - 1773195571.730098486 1773195571.750812769 0
Mar 11 02:19:31 standalone object-server[122954]: 172.20.0.100 - - [11/Mar/2026:02:19:31 +0000] "GET /d1/430/AUTH_99c41b26b86841a5870140d7cf18764b/gnocchi.02bbeb4c-10c3-4539-97f8-f395231761a6/1772280000.0_mean_300.0_v3" 404 70 "GET http://localhost:8080/v1/AUTH_99c41b26b86841a5870140d7cf18764b/gnocchi.02bbeb4c-10c3-4539-97f8-f395231761a6/1772280000.0_mean_300.0_v3" "txaff5bcbed181489c9882c-0069b0d133" "proxy-server 21" 0.0005 "-" 23 0
Mar 11 02:19:31 standalone proxy-server[124910]: 172.18.0.2 ::1 11/Mar/2026/02/19/31 GET /v1/AUTH_99c41b26b86841a5870140d7cf18764b/gnocchi.02bbeb4c-10c3-4539-97f8-f395231761a6/1772280000.0_mean_300.0_v3 HTTP/1.0 404 - python-swiftclient-3.11.1 gAAAAABpsNBqaExF... - 70 - txaff5bcbed181489c9882c-0069b0d133 - 0.0079 - - 1773195571.757068872 1773195571.764936924 0
Mar 11 02:19:31 standalone object-server[122954]: 172.20.0.100 - - [11/Mar/2026:02:19:31 +0000] "GET /d1/543/AUTH_99c41b26b86841a5870140d7cf18764b/gnocchi.31fa0c62-c8fc-47d6-8d11-1a0f873f24a6/1772280000.0_mean_300.0_v3" 404 70 "GET http://localhost:8080/v1/AUTH_99c41b26b86841a5870140d7cf18764b/gnocchi.31fa0c62-c8fc-47d6-8d11-1a0f873f24a6/1772280000.0_mean_300.0_v3" "tx7c6b44738e6d4a65b77d0-0069b0d133" "proxy-server 21" 0.0003 "-" 23 0
Mar 11 02:19:31 standalone proxy-server[124910]: 172.18.0.2 ::1 11/Mar/2026/02/19/31 GET /v1/AUTH_99c41b26b86841a5870140d7cf18764b/gnocchi.31fa0c62-c8fc-47d6-8d11-1a0f873f24a6/1772280000.0_mean_300.0_v3 HTTP/1.0 404 - python-swiftclient-3.11.1 gAAAAABpsNBqaExF... - 70 - tx7c6b44738e6d4a65b77d0-0069b0d133 - 0.0158 - - 1773195571.768506050 1773195571.784305811 0
Mar 11 02:19:31 standalone container-server[122833]: 172.20.0.100 - - [11/Mar/2026:02:19:31 +0000] "PUT /d1/506/AUTH_99c41b26b86841a5870140d7cf18764b/gnocchi.02bbeb4c-10c3-4539-97f8-f395231761a6/1772280000.0_mean_300.0_v3" 201 - "PUT http://localhost:8080/d1/430/AUTH_99c41b26b86841a5870140d7cf18764b/gnocchi.02bbeb4c-10c3-4539-97f8-f395231761a6/1772280000.0_mean_300.0_v3" "tx69ded87e68d548edac42a-0069b0d133" "object-server 21" 0.0006 "-" 21 0
Mar 11 02:19:31 standalone object-server[122952]: 172.20.0.100 - - [11/Mar/2026:02:19:31 +0000] "PUT /d1/430/AUTH_99c41b26b86841a5870140d7cf18764b/gnocchi.02bbeb4c-10c3-4539-97f8-f395231761a6/1772280000.0_mean_300.0_v3" 201 - "PUT http://localhost:8080/v1/AUTH_99c41b26b86841a5870140d7cf18764b/gnocchi.02bbeb4c-10c3-4539-97f8-f395231761a6/1772280000.0_mean_300.0_v3" "tx69ded87e68d548edac42a-0069b0d133" "proxy-server 21" 0.0123 "-" 21 0
Mar 11 02:19:31 standalone proxy-server[124910]: 172.18.0.2 ::1 11/Mar/2026/02/19/31 PUT /v1/AUTH_99c41b26b86841a5870140d7cf18764b/gnocchi.02bbeb4c-10c3-4539-97f8-f395231761a6/1772280000.0_mean_300.0_v3 HTTP/1.0 201 - python-swiftclient-3.11.1 gAAAAABpsNBqaExF... 16 - - tx69ded87e68d548edac42a-0069b0d133 - 0.0172 - - 1773195571.789126635 1773195571.806351662 0
Mar 11 02:19:31 standalone container-server[122842]: 172.20.0.100 - - [11/Mar/2026:02:19:31 +0000] "PUT /d1/808/AUTH_99c41b26b86841a5870140d7cf18764b/gnocchi.31fa0c62-c8fc-47d6-8d11-1a0f873f24a6/1772280000.0_mean_300.0_v3" 201 - "PUT http://localhost:8080/d1/543/AUTH_99c41b26b86841a5870140d7cf18764b/gnocchi.31fa0c62-c8fc-47d6-8d11-1a0f873f24a6/1772280000.0_mean_300.0_v3" "tx9436e543c11d4c70becae-0069b0d133" "object-server 22" 0.0004 "-" 23 0
Mar 11 02:19:31 standalone object-server[122953]: 172.20.0.100 - - [11/Mar/2026:02:19:31 +0000] "PUT /d1/543/AUTH_99c41b26b86841a5870140d7cf18764b/gnocchi.31fa0c62-c8fc-47d6-8d11-1a0f873f24a6/1772280000.0_mean_300.0_v3" 201 - "PUT http://localhost:8080/v1/AUTH_99c41b26b86841a5870140d7cf18764b/gnocchi.31fa0c62-c8fc-47d6-8d11-1a0f873f24a6/1772280000.0_mean_300.0_v3" "tx9436e543c11d4c70becae-0069b0d133" "proxy-server 21" 0.0158 "-" 22 0
Mar 11 02:19:31 standalone proxy-server[124910]: 172.18.0.2 ::1 11/Mar/2026/02/19/31 PUT /v1/AUTH_99c41b26b86841a5870140d7cf18764b/gnocchi.31fa0c62-c8fc-47d6-8d11-1a0f873f24a6/1772280000.0_mean_300.0_v3 HTTP/1.0 201 - python-swiftclient-3.11.1 gAAAAABpsNBqaExF... 16 - - tx9436e543c11d4c70becae-0069b0d133 - 0.0227 - - 1773195571.815771103 1773195571.838511705 0
Mar 11 02:19:31 standalone container-server[122839]: 172.20.0.100 - - [11/Mar/2026:02:19:31 +0000] "PUT /d1/506/AUTH_99c41b26b86841a5870140d7cf18764b/gnocchi.02bbeb4c-10c3-4539-97f8-f395231761a6/none_v3" 201 - "PUT http://localhost:8080/d1/668/AUTH_99c41b26b86841a5870140d7cf18764b/gnocchi.02bbeb4c-10c3-4539-97f8-f395231761a6/none_v3" "txbee59530afc64bf9a98d6-0069b0d133" "object-server 22" 0.0005 "-" 22 0
Mar 11 02:19:31 standalone object-server[122953]: 172.20.0.100 - - [11/Mar/2026:02:19:31 +0000] "PUT /d1/668/AUTH_99c41b26b86841a5870140d7cf18764b/gnocchi.02bbeb4c-10c3-4539-97f8-f395231761a6/none_v3" 201 - "PUT http://localhost:8080/v1/AUTH_99c41b26b86841a5870140d7cf18764b/gnocchi.02bbeb4c-10c3-4539-97f8-f395231761a6/none_v3" "txbee59530afc64bf9a98d6-0069b0d133" "proxy-server 21" 0.0182 "-" 22 0
Mar 11 02:19:31 standalone proxy-server[124910]: 172.18.0.2 ::1 11/Mar/2026/02/19/31 PUT /v1/AUTH_99c41b26b86841a5870140d7cf18764b/gnocchi.02bbeb4c-10c3-4539-97f8-f395231761a6/none_v3 HTTP/1.0 201 - python-swiftclient-3.11.1 gAAAAABpsNBqaExF... 22 - - txbee59530afc64bf9a98d6-0069b0d133 - 0.0241 - - 1773195571.841894865 1773195571.866039276 0
Mar 11 02:19:31 standalone container-server[122842]: 172.20.0.100 - - [11/Mar/2026:02:19:31 +0000] "PUT /d1/808/AUTH_99c41b26b86841a5870140d7cf18764b/gnocchi.31fa0c62-c8fc-47d6-8d11-1a0f873f24a6/none_v3" 201 - "PUT http://localhost:8080/d1/326/AUTH_99c41b26b86841a5870140d7cf18764b/gnocchi.31fa0c62-c8fc-47d6-8d11-1a0f873f24a6/none_v3" "tx019876229d1f4243814d6-0069b0d133" "object-server 22" 0.0005 "-" 23 0
Mar 11 02:19:31 standalone object-server[122953]: 172.20.0.100 - - [11/Mar/2026:02:19:31 +0000] "PUT /d1/326/AUTH_99c41b26b86841a5870140d7cf18764b/gnocchi.31fa0c62-c8fc-47d6-8d11-1a0f873f24a6/none_v3" 201 - "PUT http://localhost:8080/v1/AUTH_99c41b26b86841a5870140d7cf18764b/gnocchi.31fa0c62-c8fc-47d6-8d11-1a0f873f24a6/none_v3" "tx019876229d1f4243814d6-0069b0d133" "proxy-server 21" 0.0193 "-" 22 0
Mar 11 02:19:31 standalone proxy-server[124910]: 172.18.0.2 ::1 11/Mar/2026/02/19/31 PUT /v1/AUTH_99c41b26b86841a5870140d7cf18764b/gnocchi.31fa0c62-c8fc-47d6-8d11-1a0f873f24a6/none_v3 HTTP/1.0 201 - python-swiftclient-3.11.1 gAAAAABpsNBqaExF... 22 - - tx019876229d1f4243814d6-0069b0d133 - 0.0395 - - 1773195571.871129751 1773195571.910619497 0
Mar 11 02:19:31 standalone container-server[122833]: 172.20.0.100 - - [11/Mar/2026:02:19:31 +0000] "HEAD /d1/437/AUTH_99c41b26b86841a5870140d7cf18764b/gnocchi.849a27ba-ab55-4fb6-8e0c-ecc95bab63aa" 404 - "HEAD http://localhost:8080/v1/AUTH_99c41b26b86841a5870140d7cf18764b/gnocchi.849a27ba-ab55-4fb6-8e0c-ecc95bab63aa?format=json&states=listing" "txd35e361459b44fcfa6314-0069b0d133" "proxy-server 21" 0.0004 "-" 21 0
Mar 11 02:19:31 standalone object-server[122953]: 172.20.0.100 - - [11/Mar/2026:02:19:31 +0000] "GET /d1/545/AUTH_99c41b26b86841a5870140d7cf18764b/gnocchi.849a27ba-ab55-4fb6-8e0c-ecc95bab63aa/none_v3" 404 70 "GET http://localhost:8080/v1/AUTH_99c41b26b86841a5870140d7cf18764b/gnocchi.849a27ba-ab55-4fb6-8e0c-ecc95bab63aa/none_v3" "txd35e361459b44fcfa6314-0069b0d133" "proxy-server 21" 0.0004 "-" 22 0
Mar 11 02:19:31 standalone proxy-server[124910]: 172.18.0.2 ::1 11/Mar/2026/02/19/31 GET /v1/AUTH_99c41b26b86841a5870140d7cf18764b/gnocchi.849a27ba-ab55-4fb6-8e0c-ecc95bab63aa/none_v3 HTTP/1.0 404 - python-swiftclient-3.11.1 gAAAAABpsNBqaExF... - 70 - txd35e361459b44fcfa6314-0069b0d133 - 0.0106 - - 1773195571.927609444 1773195571.938172579 0
Mar 11 02:19:31 standalone account-server[122837]: 172.20.0.100 - - [11/Mar/2026:02:19:31 +0000] "PUT /d1/504/AUTH_99c41b26b86841a5870140d7cf18764b/gnocchi.849a27ba-ab55-4fb6-8e0c-ecc95bab63aa" 201 - "PUT http://172.20.0.100:6001/d1/437/AUTH_99c41b26b86841a5870140d7cf18764b/gnocchi.849a27ba-ab55-4fb6-8e0c-ecc95bab63aa" "txff446ba22ac2410cab781-0069b0d133" "container-server 23" 0.0075 "-" 22 0
Mar 11 02:19:31 standalone container-server[122842]: 172.20.0.100 - - [11/Mar/2026:02:19:31 +0000] "PUT /d1/437/AUTH_99c41b26b86841a5870140d7cf18764b/gnocchi.849a27ba-ab55-4fb6-8e0c-ecc95bab63aa" 201 - "PUT http://localhost:8080/v1/AUTH_99c41b26b86841a5870140d7cf18764b/gnocchi.849a27ba-ab55-4fb6-8e0c-ecc95bab63aa" "txff446ba22ac2410cab781-0069b0d133" "proxy-server 21" 0.0180 "-" 23 0
Mar 11 02:19:31 standalone proxy-server[124910]: 172.18.0.2 ::1 11/Mar/2026/02/19/31 PUT /v1/AUTH_99c41b26b86841a5870140d7cf18764b/gnocchi.849a27ba-ab55-4fb6-8e0c-ecc95bab63aa HTTP/1.0 201 - python-swiftclient-3.11.1 gAAAAABpsNBqaExF... - - - txff446ba22ac2410cab781-0069b0d133 - 0.0257 - - 1773195571.942673206 1773195571.968345642 0
Mar 11 02:19:31 standalone container-server[122842]: 172.20.0.100 - - [11/Mar/2026:02:19:31 +0000] "HEAD /d1/437/AUTH_99c41b26b86841a5870140d7cf18764b/gnocchi.849a27ba-ab55-4fb6-8e0c-ecc95bab63aa" 204 - "HEAD http://localhost:8080/v1/AUTH_99c41b26b86841a5870140d7cf18764b/gnocchi.849a27ba-ab55-4fb6-8e0c-ecc95bab63aa?format=json&states=listing" "tx8ae861fa9c5944f0a2369-0069b0d133" "proxy-server 21" 0.0012 "-" 23 0
Mar 11 02:19:31 standalone proxy-server[124910]: - - 11/Mar/2026/02/19/31 HEAD /v1/AUTH_99c41b26b86841a5870140d7cf18764b/gnocchi.849a27ba-ab55-4fb6-8e0c-ecc95bab63aa%3Fformat%3Djson%26states%3Dlisting HTTP/1.0 204 - Swift - - - - tx8ae861fa9c5944f0a2369-0069b0d133 - 0.0041 RL - 1773195571.973577261 1773195571.977650642 0
Mar 11 02:19:31 standalone container-server[122833]: 172.20.0.100 - - [11/Mar/2026:02:19:31 +0000] "GET /d1/437/AUTH_99c41b26b86841a5870140d7cf18764b/gnocchi.849a27ba-ab55-4fb6-8e0c-ecc95bab63aa" 200 2 "GET http://localhost:8080/v1/AUTH_99c41b26b86841a5870140d7cf18764b/gnocchi.849a27ba-ab55-4fb6-8e0c-ecc95bab63aa?format=json&states=listing" "tx8ae861fa9c5944f0a2369-0069b0d133" "proxy-server 21" 0.0019 "-" 21 0
Mar 11 02:19:31 standalone proxy-server[124910]: 172.18.0.2 ::1 11/Mar/2026/02/19/31 GET /v1/AUTH_99c41b26b86841a5870140d7cf18764b/gnocchi.849a27ba-ab55-4fb6-8e0c-ecc95bab63aa%3Fformat%3Djson%26states%3Dlisting HTTP/1.0 200 - python-swiftclient-3.11.1 gAAAAABpsNBqaExF... - 2 - tx8ae861fa9c5944f0a2369-0069b0d133 - 0.0178 - - 1773195571.972587824 1773195571.990410328 0
Mar 11 02:19:32 standalone object-server[122955]: 172.20.0.100 - - [11/Mar/2026:02:19:32 +0000] "GET /d1/506/AUTH_99c41b26b86841a5870140d7cf18764b/gnocchi.849a27ba-ab55-4fb6-8e0c-ecc95bab63aa/1772280000.0_mean_300.0_v3" 404 70 "GET http://localhost:8080/v1/AUTH_99c41b26b86841a5870140d7cf18764b/gnocchi.849a27ba-ab55-4fb6-8e0c-ecc95bab63aa/1772280000.0_mean_300.0_v3" "txcd1e6c62b2e64c42a4d6d-0069b0d133" "proxy-server 21" 0.0003 "-" 24 0
Mar 11 02:19:32 standalone proxy-server[124910]: 172.18.0.2 ::1 11/Mar/2026/02/19/32 GET /v1/AUTH_99c41b26b86841a5870140d7cf18764b/gnocchi.849a27ba-ab55-4fb6-8e0c-ecc95bab63aa/1772280000.0_mean_300.0_v3 HTTP/1.0 404 - python-swiftclient-3.11.1 gAAAAABpsNBqaExF... - 70 - txcd1e6c62b2e64c42a4d6d-0069b0d133 - 0.0054 - - 1773195571.996958256 1773195572.002368927 0
Mar 11 02:19:32 standalone container-server[122839]: 172.20.0.100 - - [11/Mar/2026:02:19:32 +0000] "PUT /d1/437/AUTH_99c41b26b86841a5870140d7cf18764b/gnocchi.849a27ba-ab55-4fb6-8e0c-ecc95bab63aa/1772280000.0_mean_300.0_v3" 201 - "PUT http://localhost:8080/d1/506/AUTH_99c41b26b86841a5870140d7cf18764b/gnocchi.849a27ba-ab55-4fb6-8e0c-ecc95bab63aa/1772280000.0_mean_300.0_v3" "tx8579b15ca7e54708bf177-0069b0d134" "object-server 21" 0.0005 "-" 22 0
Mar 11 02:19:32 standalone object-server[122952]: 172.20.0.100 - - [11/Mar/2026:02:19:32 +0000] "PUT /d1/506/AUTH_99c41b26b86841a5870140d7cf18764b/gnocchi.849a27ba-ab55-4fb6-8e0c-ecc95bab63aa/1772280000.0_mean_300.0_v3" 201 - "PUT http://localhost:8080/v1/AUTH_99c41b26b86841a5870140d7cf18764b/gnocchi.849a27ba-ab55-4fb6-8e0c-ecc95bab63aa/1772280000.0_mean_300.0_v3" "tx8579b15ca7e54708bf177-0069b0d134" "proxy-server 21" 0.0118 "-" 21 0
Mar 11 02:19:32 standalone proxy-server[124910]: 172.18.0.2 ::1 11/Mar/2026/02/19/32 PUT /v1/AUTH_99c41b26b86841a5870140d7cf18764b/gnocchi.849a27ba-ab55-4fb6-8e0c-ecc95bab63aa/1772280000.0_mean_300.0_v3 HTTP/1.0 201 - python-swiftclient-3.11.1 gAAAAABpsNBqaExF... 16 - - tx8579b15ca7e54708bf177-0069b0d134 - 0.0186 - - 1773195572.005543232 1773195572.024101019 0
Mar 11 02:19:32 standalone container-server[122833]: 172.20.0.100 - - [11/Mar/2026:02:19:32 +0000] "PUT /d1/437/AUTH_99c41b26b86841a5870140d7cf18764b/gnocchi.849a27ba-ab55-4fb6-8e0c-ecc95bab63aa/none_v3" 201 - "PUT http://localhost:8080/d1/545/AUTH_99c41b26b86841a5870140d7cf18764b/gnocchi.849a27ba-ab55-4fb6-8e0c-ecc95bab63aa/none_v3" "txf36eb4f6e1604787bef8b-0069b0d134" "object-server 23" 0.0004 "-" 21 0
Mar 11 02:19:32 standalone object-server[122954]: 172.20.0.100 - - [11/Mar/2026:02:19:32 +0000] "PUT /d1/545/AUTH_99c41b26b86841a5870140d7cf18764b/gnocchi.849a27ba-ab55-4fb6-8e0c-ecc95bab63aa/none_v3" 201 - "PUT http://localhost:8080/v1/AUTH_99c41b26b86841a5870140d7cf18764b/gnocchi.849a27ba-ab55-4fb6-8e0c-ecc95bab63aa/none_v3" "txf36eb4f6e1604787bef8b-0069b0d134" "proxy-server 21" 0.0089 "-" 23 0
Mar 11 02:19:32 standalone proxy-server[124910]: 172.18.0.2 ::1 11/Mar/2026/02/19/32 PUT /v1/AUTH_99c41b26b86841a5870140d7cf18764b/gnocchi.849a27ba-ab55-4fb6-8e0c-ecc95bab63aa/none_v3 HTTP/1.0 201 - python-swiftclient-3.11.1 gAAAAABpsNBqaExF... 22 - - txf36eb4f6e1604787bef8b-0069b0d134 - 0.0161 - - 1773195572.027374744 1773195572.043497562 0
Mar 11 02:19:32 standalone container-server[122839]: 172.20.0.100 - - [11/Mar/2026:02:19:32 +0000] "HEAD /d1/844/AUTH_99c41b26b86841a5870140d7cf18764b/gnocchi.6d72ec31-c86d-4416-be2a-a8d9d085a340" 404 - "HEAD http://localhost:8080/v1/AUTH_99c41b26b86841a5870140d7cf18764b/gnocchi.6d72ec31-c86d-4416-be2a-a8d9d085a340?format=json&states=listing" "txb963c3f8af3242ea9518a-0069b0d134" "proxy-server 21" 0.0003 "-" 22 0
Mar 11 02:19:32 standalone object-server[122953]: 172.20.0.100 - - [11/Mar/2026:02:19:32 +0000] "GET /d1/270/AUTH_99c41b26b86841a5870140d7cf18764b/gnocchi.6d72ec31-c86d-4416-be2a-a8d9d085a340/none_v3" 404 70 "GET http://localhost:8080/v1/AUTH_99c41b26b86841a5870140d7cf18764b/gnocchi.6d72ec31-c86d-4416-be2a-a8d9d085a340/none_v3" "txb963c3f8af3242ea9518a-0069b0d134" "proxy-server 21" 0.0003 "-" 22 0
Mar 11 02:19:32 standalone proxy-server[124910]: 172.18.0.2 ::1 11/Mar/2026/02/19/32 GET /v1/AUTH_99c41b26b86841a5870140d7cf18764b/gnocchi.6d72ec31-c86d-4416-be2a-a8d9d085a340/none_v3 HTTP/1.0 404 - python-swiftclient-3.11.1 gAAAAABpsNBqaExF... - 70 - txb963c3f8af3242ea9518a-0069b0d134 - 0.0084 - - 1773195572.053801060 1773195572.062182426 0
Mar 11 02:19:32 standalone account-server[122837]: 172.20.0.100 - - [11/Mar/2026:02:19:32 +0000] "PUT /d1/504/AUTH_99c41b26b86841a5870140d7cf18764b/gnocchi.6d72ec31-c86d-4416-be2a-a8d9d085a340" 201 - "PUT http://172.20.0.100:6001/d1/844/AUTH_99c41b26b86841a5870140d7cf18764b/gnocchi.6d72ec31-c86d-4416-be2a-a8d9d085a340" "tx6a27b18a131543eea119d-0069b0d134" "container-server 20" 0.0042 "-" 22 0
Mar 11 02:19:32 standalone container-server[122831]: 172.20.0.100 - - [11/Mar/2026:02:19:32 +0000] "PUT /d1/844/AUTH_99c41b26b86841a5870140d7cf18764b/gnocchi.6d72ec31-c86d-4416-be2a-a8d9d085a340" 201 - "PUT http://localhost:8080/v1/AUTH_99c41b26b86841a5870140d7cf18764b/gnocchi.6d72ec31-c86d-4416-be2a-a8d9d085a340" "tx6a27b18a131543eea119d-0069b0d134" "proxy-server 21" 0.0135 "-" 20 0
Mar 11 02:19:32 standalone proxy-server[124910]: 172.18.0.2 ::1 11/Mar/2026/02/19/32 PUT /v1/AUTH_99c41b26b86841a5870140d7cf18764b/gnocchi.6d72ec31-c86d-4416-be2a-a8d9d085a340 HTTP/1.0 201 - python-swiftclient-3.11.1 gAAAAABpsNBqaExF... - - - tx6a27b18a131543eea119d-0069b0d134 - 0.0229 - - 1773195572.066100836 1773195572.089002848 0
Mar 11 02:19:32 standalone container-server[122842]: 172.20.0.100 - - [11/Mar/2026:02:19:32 +0000] "HEAD /d1/844/AUTH_99c41b26b86841a5870140d7cf18764b/gnocchi.6d72ec31-c86d-4416-be2a-a8d9d085a340" 204 - "HEAD http://localhost:8080/v1/AUTH_99c41b26b86841a5870140d7cf18764b/gnocchi.6d72ec31-c86d-4416-be2a-a8d9d085a340?format=json&states=listing" "txd2394a651893469b80c01-0069b0d134" "proxy-server 21" 0.0011 "-" 23 0
