Mar 11 02:17:24 standalone container-server[122842]: 172.20.0.100 - - [11/Mar/2026:02:17:24 +0000] "GET /d1/287/AUTH_99c41b26b86841a5870140d7cf18764b/gnocchi.a347deb7-6216-454f-b6e4-8124ddfb9405" 200 2 "GET http://localhost:8080/v1/AUTH_99c41b26b86841a5870140d7cf18764b/gnocchi.a347deb7-6216-454f-b6e4-8124ddfb9405?format=json&states=listing" "tx3b0c9e415cbb41ba9c7da-0069b0d0b4" "proxy-server 21" 0.0114 "-" 23 0
Mar 11 02:17:24 standalone proxy-server[124910]: 172.18.0.2 ::1 11/Mar/2026/02/17/24 GET /v1/AUTH_99c41b26b86841a5870140d7cf18764b/gnocchi.a347deb7-6216-454f-b6e4-8124ddfb9405%3Fformat%3Djson%26states%3Dlisting HTTP/1.0 200 - python-swiftclient-3.11.1 gAAAAABpsNBqaExF... - 2 - tx3b0c9e415cbb41ba9c7da-0069b0d0b4 - 0.0316 - - 1773195444.137021780 1773195444.168605089 0
Mar 11 02:17:24 standalone object-server[122955]: 172.20.0.100 - - [11/Mar/2026:02:17:24 +0000] "GET /d1/949/AUTH_99c41b26b86841a5870140d7cf18764b/gnocchi.a347deb7-6216-454f-b6e4-8124ddfb9405/1772280000.0_mean_300.0_v3" 404 70 "GET http://localhost:8080/v1/AUTH_99c41b26b86841a5870140d7cf18764b/gnocchi.a347deb7-6216-454f-b6e4-8124ddfb9405/1772280000.0_mean_300.0_v3" "tx3adcaac441fe4318b8aa2-0069b0d0b4" "proxy-server 21" 0.0005 "-" 24 0
Mar 11 02:17:24 standalone proxy-server[124910]: 172.18.0.2 ::1 11/Mar/2026/02/17/24 GET /v1/AUTH_99c41b26b86841a5870140d7cf18764b/gnocchi.a347deb7-6216-454f-b6e4-8124ddfb9405/1772280000.0_mean_300.0_v3 HTTP/1.0 404 - python-swiftclient-3.11.1 gAAAAABpsNBqaExF... - 70 - tx3adcaac441fe4318b8aa2-0069b0d0b4 - 0.0083 - - 1773195444.178210735 1773195444.186522007 0
Mar 11 02:17:24 standalone container-server[122842]: 172.20.0.100 - - [11/Mar/2026:02:17:24 +0000] "PUT /d1/287/AUTH_99c41b26b86841a5870140d7cf18764b/gnocchi.a347deb7-6216-454f-b6e4-8124ddfb9405/1772280000.0_mean_300.0_v3" 201 - "PUT http://localhost:8080/d1/949/AUTH_99c41b26b86841a5870140d7cf18764b/gnocchi.a347deb7-6216-454f-b6e4-8124ddfb9405/1772280000.0_mean_300.0_v3" "txe96cfb3fe9fa4e8e84f83-0069b0d0b4" "object-server 21" 0.0011 "-" 23 0
Mar 11 02:17:24 standalone object-server[122952]: 172.20.0.100 - - [11/Mar/2026:02:17:24 +0000] "PUT /d1/949/AUTH_99c41b26b86841a5870140d7cf18764b/gnocchi.a347deb7-6216-454f-b6e4-8124ddfb9405/1772280000.0_mean_300.0_v3" 201 - "PUT http://localhost:8080/v1/AUTH_99c41b26b86841a5870140d7cf18764b/gnocchi.a347deb7-6216-454f-b6e4-8124ddfb9405/1772280000.0_mean_300.0_v3" "txe96cfb3fe9fa4e8e84f83-0069b0d0b4" "proxy-server 21" 0.0121 "-" 21 0
Mar 11 02:17:24 standalone proxy-server[124910]: 172.18.0.2 ::1 11/Mar/2026/02/17/24 PUT /v1/AUTH_99c41b26b86841a5870140d7cf18764b/gnocchi.a347deb7-6216-454f-b6e4-8124ddfb9405/1772280000.0_mean_300.0_v3 HTTP/1.0 201 - python-swiftclient-3.11.1 gAAAAABpsNBqaExF... 16 - - txe96cfb3fe9fa4e8e84f83-0069b0d0b4 - 0.0193 - - 1773195444.195168495 1773195444.214477777 0
Mar 11 02:17:24 standalone container-server[122833]: 172.20.0.100 - - [11/Mar/2026:02:17:24 +0000] "PUT /d1/287/AUTH_99c41b26b86841a5870140d7cf18764b/gnocchi.a347deb7-6216-454f-b6e4-8124ddfb9405/none_v3" 201 - "PUT http://localhost:8080/d1/609/AUTH_99c41b26b86841a5870140d7cf18764b/gnocchi.a347deb7-6216-454f-b6e4-8124ddfb9405/none_v3" "tx797f5c83b847494c949c5-0069b0d0b4" "object-server 22" 0.0012 "-" 21 0
Mar 11 02:17:24 standalone object-server[122953]: 172.20.0.100 - - [11/Mar/2026:02:17:24 +0000] "PUT /d1/609/AUTH_99c41b26b86841a5870140d7cf18764b/gnocchi.a347deb7-6216-454f-b6e4-8124ddfb9405/none_v3" 201 - "PUT http://localhost:8080/v1/AUTH_99c41b26b86841a5870140d7cf18764b/gnocchi.a347deb7-6216-454f-b6e4-8124ddfb9405/none_v3" "tx797f5c83b847494c949c5-0069b0d0b4" "proxy-server 21" 0.0188 "-" 22 0
Mar 11 02:17:24 standalone proxy-server[124910]: 172.18.0.2 ::1 11/Mar/2026/02/17/24 PUT /v1/AUTH_99c41b26b86841a5870140d7cf18764b/gnocchi.a347deb7-6216-454f-b6e4-8124ddfb9405/none_v3 HTTP/1.0 201 - python-swiftclient-3.11.1 gAAAAABpsNBqaExF... 22 - - tx797f5c83b847494c949c5-0069b0d0b4 - 0.0264 - - 1773195444.218384266 1773195444.244777441 0
Mar 11 02:17:24 standalone container-server[122833]: 172.20.0.100 - - [11/Mar/2026:02:17:24 +0000] "HEAD /d1/139/AUTH_99c41b26b86841a5870140d7cf18764b/gnocchi.a012e852-9e57-4f53-9e8e-882245fbf0b4" 404 - "HEAD http://localhost:8080/v1/AUTH_99c41b26b86841a5870140d7cf18764b/gnocchi.a012e852-9e57-4f53-9e8e-882245fbf0b4?format=json&states=listing" "txd1c09501095345ddb57d9-0069b0d0b4" "proxy-server 21" 0.0006 "-" 21 0
Mar 11 02:17:24 standalone object-server[122952]: 172.20.0.100 - - [11/Mar/2026:02:17:24 +0000] "GET /d1/534/AUTH_99c41b26b86841a5870140d7cf18764b/gnocchi.a012e852-9e57-4f53-9e8e-882245fbf0b4/none_v3" 404 70 "GET http://localhost:8080/v1/AUTH_99c41b26b86841a5870140d7cf18764b/gnocchi.a012e852-9e57-4f53-9e8e-882245fbf0b4/none_v3" "txd1c09501095345ddb57d9-0069b0d0b4" "proxy-server 21" 0.0005 "-" 21 0
Mar 11 02:17:24 standalone proxy-server[124910]: 172.18.0.2 ::1 11/Mar/2026/02/17/24 GET /v1/AUTH_99c41b26b86841a5870140d7cf18764b/gnocchi.a012e852-9e57-4f53-9e8e-882245fbf0b4/none_v3 HTTP/1.0 404 - python-swiftclient-3.11.1 gAAAAABpsNBqaExF... - 70 - txd1c09501095345ddb57d9-0069b0d0b4 - 0.0143 - - 1773195444.273342133 1773195444.287665129 0
Mar 11 02:17:24 standalone account-server[122829]: 172.20.0.100 - - [11/Mar/2026:02:17:24 +0000] "PUT /d1/504/AUTH_99c41b26b86841a5870140d7cf18764b/gnocchi.a012e852-9e57-4f53-9e8e-882245fbf0b4" 201 - "PUT http://172.20.0.100:6001/d1/139/AUTH_99c41b26b86841a5870140d7cf18764b/gnocchi.a012e852-9e57-4f53-9e8e-882245fbf0b4" "txa1fc93f8c2944193b3361-0069b0d0b4" "container-server 21" 0.0073 "-" 20 0
Mar 11 02:17:24 standalone container-server[122833]: 172.20.0.100 - - [11/Mar/2026:02:17:24 +0000] "PUT /d1/139/AUTH_99c41b26b86841a5870140d7cf18764b/gnocchi.a012e852-9e57-4f53-9e8e-882245fbf0b4" 201 - "PUT http://localhost:8080/v1/AUTH_99c41b26b86841a5870140d7cf18764b/gnocchi.a012e852-9e57-4f53-9e8e-882245fbf0b4" "txa1fc93f8c2944193b3361-0069b0d0b4" "proxy-server 21" 0.0207 "-" 21 0
Mar 11 02:17:24 standalone proxy-server[124910]: 172.18.0.2 ::1 11/Mar/2026/02/17/24 PUT /v1/AUTH_99c41b26b86841a5870140d7cf18764b/gnocchi.a012e852-9e57-4f53-9e8e-882245fbf0b4 HTTP/1.0 201 - python-swiftclient-3.11.1 gAAAAABpsNBqaExF... - - - txa1fc93f8c2944193b3361-0069b0d0b4 - 0.0260 - - 1773195444.291127205 1773195444.317105055 0
Mar 11 02:17:24 standalone container-server[122831]: 172.20.0.100 - - [11/Mar/2026:02:17:24 +0000] "HEAD /d1/139/AUTH_99c41b26b86841a5870140d7cf18764b/gnocchi.a012e852-9e57-4f53-9e8e-882245fbf0b4" 204 - "HEAD http://localhost:8080/v1/AUTH_99c41b26b86841a5870140d7cf18764b/gnocchi.a012e852-9e57-4f53-9e8e-882245fbf0b4?format=json&states=listing" "tx27daf1b54eb24d28bad6a-0069b0d0b4" "proxy-server 21" 0.0024 "-" 20 0
Mar 11 02:17:24 standalone proxy-server[124910]: - - 11/Mar/2026/02/17/24 HEAD /v1/AUTH_99c41b26b86841a5870140d7cf18764b/gnocchi.a012e852-9e57-4f53-9e8e-882245fbf0b4%3Fformat%3Djson%26states%3Dlisting HTTP/1.0 204 - Swift - - - - tx27daf1b54eb24d28bad6a-0069b0d0b4 - 0.0079 RL - 1773195444.324793816 1773195444.332719088 0
Mar 11 02:17:24 standalone container-server[122833]: 172.20.0.100 - - [11/Mar/2026:02:17:24 +0000] "GET /d1/139/AUTH_99c41b26b86841a5870140d7cf18764b/gnocchi.a012e852-9e57-4f53-9e8e-882245fbf0b4" 200 2 "GET http://localhost:8080/v1/AUTH_99c41b26b86841a5870140d7cf18764b/gnocchi.a012e852-9e57-4f53-9e8e-882245fbf0b4?format=json&states=listing" "tx27daf1b54eb24d28bad6a-0069b0d0b4" "proxy-server 21" 0.0027 "-" 21 0
Mar 11 02:17:24 standalone proxy-server[124910]: 172.18.0.2 ::1 11/Mar/2026/02/17/24 GET /v1/AUTH_99c41b26b86841a5870140d7cf18764b/gnocchi.a012e852-9e57-4f53-9e8e-882245fbf0b4%3Fformat%3Djson%26states%3Dlisting HTTP/1.0 200 - python-swiftclient-3.11.1 gAAAAABpsNBqaExF... - 2 - tx27daf1b54eb24d28bad6a-0069b0d0b4 - 0.0195 - - 1773195444.323335409 1773195444.342876434 0
Mar 11 02:17:24 standalone object-server[122952]: 172.20.0.100 - - [11/Mar/2026:02:17:24 +0000] "GET /d1/210/AUTH_99c41b26b86841a5870140d7cf18764b/gnocchi.a012e852-9e57-4f53-9e8e-882245fbf0b4/1772280000.0_mean_300.0_v3" 404 70 "GET http://localhost:8080/v1/AUTH_99c41b26b86841a5870140d7cf18764b/gnocchi.a012e852-9e57-4f53-9e8e-882245fbf0b4/1772280000.0_mean_300.0_v3" "tx427f47e358334f48ab35b-0069b0d0b4" "proxy-server 21" 0.0005 "-" 21 0
Mar 11 02:17:24 standalone proxy-server[124910]: 172.18.0.2 ::1 11/Mar/2026/02/17/24 GET /v1/AUTH_99c41b26b86841a5870140d7cf18764b/gnocchi.a012e852-9e57-4f53-9e8e-882245fbf0b4/1772280000.0_mean_300.0_v3 HTTP/1.0 404 - python-swiftclient-3.11.1 gAAAAABpsNBqaExF... - 70 - tx427f47e358334f48ab35b-0069b0d0b4 - 0.0079 - - 1773195444.347745895 1773195444.355657816 0
Mar 11 02:17:24 standalone container-server[122842]: 172.20.0.100 - - [11/Mar/2026:02:17:24 +0000] "PUT /d1/139/AUTH_99c41b26b86841a5870140d7cf18764b/gnocchi.a012e852-9e57-4f53-9e8e-882245fbf0b4/1772280000.0_mean_300.0_v3" 201 - "PUT http://localhost:8080/d1/210/AUTH_99c41b26b86841a5870140d7cf18764b/gnocchi.a012e852-9e57-4f53-9e8e-882245fbf0b4/1772280000.0_mean_300.0_v3" "txc69b4060304e448c91cd1-0069b0d0b4" "object-server 24" 0.0007 "-" 23 0
Mar 11 02:17:24 standalone object-server[122955]: 172.20.0.100 - - [11/Mar/2026:02:17:24 +0000] "PUT /d1/210/AUTH_99c41b26b86841a5870140d7cf18764b/gnocchi.a012e852-9e57-4f53-9e8e-882245fbf0b4/1772280000.0_mean_300.0_v3" 201 - "PUT http://localhost:8080/v1/AUTH_99c41b26b86841a5870140d7cf18764b/gnocchi.a012e852-9e57-4f53-9e8e-882245fbf0b4/1772280000.0_mean_300.0_v3" "txc69b4060304e448c91cd1-0069b0d0b4" "proxy-server 21" 0.0113 "-" 24 0
Mar 11 02:17:24 standalone proxy-server[124910]: 172.18.0.2 ::1 11/Mar/2026/02/17/24 PUT /v1/AUTH_99c41b26b86841a5870140d7cf18764b/gnocchi.a012e852-9e57-4f53-9e8e-882245fbf0b4/1772280000.0_mean_300.0_v3 HTTP/1.0 201 - python-swiftclient-3.11.1 gAAAAABpsNBqaExF... 16 - - txc69b4060304e448c91cd1-0069b0d0b4 - 0.0193 - - 1773195444.359505653 1773195444.378834486 0
Mar 11 02:17:24 standalone container-server[122839]: 172.20.0.100 - - [11/Mar/2026:02:17:24 +0000] "PUT /d1/139/AUTH_99c41b26b86841a5870140d7cf18764b/gnocchi.a012e852-9e57-4f53-9e8e-882245fbf0b4/none_v3" 201 - "PUT http://localhost:8080/d1/534/AUTH_99c41b26b86841a5870140d7cf18764b/gnocchi.a012e852-9e57-4f53-9e8e-882245fbf0b4/none_v3" "tx20c3c594e36a4174bebcf-0069b0d0b4" "object-server 24" 0.0011 "-" 22 0
Mar 11 02:17:24 standalone object-server[122955]: 172.20.0.100 - - [11/Mar/2026:02:17:24 +0000] "PUT /d1/534/AUTH_99c41b26b86841a5870140d7cf18764b/gnocchi.a012e852-9e57-4f53-9e8e-882245fbf0b4/none_v3" 201 - "PUT http://localhost:8080/v1/AUTH_99c41b26b86841a5870140d7cf18764b/gnocchi.a012e852-9e57-4f53-9e8e-882245fbf0b4/none_v3" "tx20c3c594e36a4174bebcf-0069b0d0b4" "proxy-server 21" 0.0127 "-" 24 0
Mar 11 02:17:24 standalone proxy-server[124910]: 172.18.0.2 ::1 11/Mar/2026/02/17/24 PUT /v1/AUTH_99c41b26b86841a5870140d7cf18764b/gnocchi.a012e852-9e57-4f53-9e8e-882245fbf0b4/none_v3 HTTP/1.0 201 - python-swiftclient-3.11.1 gAAAAABpsNBqaExF... 22 - - tx20c3c594e36a4174bebcf-0069b0d0b4 - 0.0205 - - 1773195444.382497072 1773195444.402987957 0
Mar 11 02:17:24 standalone container-server[122842]: 172.20.0.100 - - [11/Mar/2026:02:17:24 +0000] "HEAD /d1/381/AUTH_99c41b26b86841a5870140d7cf18764b/gnocchi.1d5d54e7-ed80-4267-b247-ccaacaefb795" 404 - "HEAD http://localhost:8080/v1/AUTH_99c41b26b86841a5870140d7cf18764b/gnocchi.1d5d54e7-ed80-4267-b247-ccaacaefb795?format=json&states=listing" "tx1cfb6249dbea4338bd386-0069b0d0b4" "proxy-server 21" 0.0009 "-" 23 0
Mar 11 02:17:24 standalone object-server[122953]: 172.20.0.100 - - [11/Mar/2026:02:17:24 +0000] "GET /d1/765/AUTH_99c41b26b86841a5870140d7cf18764b/gnocchi.1d5d54e7-ed80-4267-b247-ccaacaefb795/none_v3" 404 70 "GET http://localhost:8080/v1/AUTH_99c41b26b86841a5870140d7cf18764b/gnocchi.1d5d54e7-ed80-4267-b247-ccaacaefb795/none_v3" "tx1cfb6249dbea4338bd386-0069b0d0b4" "proxy-server 21" 0.0005 "-" 22 0
Mar 11 02:17:24 standalone proxy-server[124910]: 172.18.0.2 ::1 11/Mar/2026/02/17/24 GET /v1/AUTH_99c41b26b86841a5870140d7cf18764b/gnocchi.1d5d54e7-ed80-4267-b247-ccaacaefb795/none_v3 HTTP/1.0 404 - python-swiftclient-3.11.1 gAAAAABpsNBqaExF... - 70 - tx1cfb6249dbea4338bd386-0069b0d0b4 - 0.0122 - - 1773195444.415302515 1773195444.427501917 0
Mar 11 02:17:24 standalone account-server[122832]: 172.20.0.100 - - [11/Mar/2026:02:17:24 +0000] "PUT /d1/504/AUTH_99c41b26b86841a5870140d7cf18764b/gnocchi.1d5d54e7-ed80-4267-b247-ccaacaefb795" 201 - "PUT http://172.20.0.100:6001/d1/381/AUTH_99c41b26b86841a5870140d7cf18764b/gnocchi.1d5d54e7-ed80-4267-b247-ccaacaefb795" "txb9f81c5cb0624d6ab32da-0069b0d0b4" "container-server 23" 0.0069 "-" 21 0
Mar 11 02:17:24 standalone container-server[122842]: 172.20.0.100 - - [11/Mar/2026:02:17:24 +0000] "PUT /d1/381/AUTH_99c41b26b86841a5870140d7cf18764b/gnocchi.1d5d54e7-ed80-4267-b247-ccaacaefb795" 201 - "PUT http://localhost:8080/v1/AUTH_99c41b26b86841a5870140d7cf18764b/gnocchi.1d5d54e7-ed80-4267-b247-ccaacaefb795" "txb9f81c5cb0624d6ab32da-0069b0d0b4" "proxy-server 21" 0.0278 "-" 23 0
Mar 11 02:17:24 standalone proxy-server[124910]: 172.18.0.2 ::1 11/Mar/2026/02/17/24 PUT /v1/AUTH_99c41b26b86841a5870140d7cf18764b/gnocchi.1d5d54e7-ed80-4267-b247-ccaacaefb795 HTTP/1.0 201 - python-swiftclient-3.11.1 gAAAAABpsNBqaExF... - - - txb9f81c5cb0624d6ab32da-0069b0d0b4 - 0.0350 - - 1773195444.431032658 1773195444.466002941 0
Mar 11 02:17:24 standalone container-server[122831]: 172.20.0.100 - - [11/Mar/2026:02:17:24 +0000] "HEAD /d1/381/AUTH_99c41b26b86841a5870140d7cf18764b/gnocchi.1d5d54e7-ed80-4267-b247-ccaacaefb795" 204 - "HEAD http://localhost:8080/v1/AUTH_99c41b26b86841a5870140d7cf18764b/gnocchi.1d5d54e7-ed80-4267-b247-ccaacaefb795?format=json&states=listing" "tx7fbbc00f3f1a4e899d6a1-0069b0d0b4" "proxy-server 21" 0.0022 "-" 20 0
Mar 11 02:17:24 standalone proxy-server[124910]: - - 11/Mar/2026/02/17/24 HEAD /v1/AUTH_99c41b26b86841a5870140d7cf18764b/gnocchi.1d5d54e7-ed80-4267-b247-ccaacaefb795%3Fformat%3Djson%26states%3Dlisting HTTP/1.0 204 - Swift - - - - tx7fbbc00f3f1a4e899d6a1-0069b0d0b4 - 0.0073 RL - 1773195444.472462893 1773195444.479766607 0
Mar 11 02:17:24 standalone container-server[122842]: 172.20.0.100 - - [11/Mar/2026:02:17:24 +0000] "GET /d1/381/AUTH_99c41b26b86841a5870140d7cf18764b/gnocchi.1d5d54e7-ed80-4267-b247-ccaacaefb795" 200 2 "GET http://localhost:8080/v1/AUTH_99c41b26b86841a5870140d7cf18764b/gnocchi.1d5d54e7-ed80-4267-b247-ccaacaefb795?format=json&states=listing" "tx7fbbc00f3f1a4e899d6a1-0069b0d0b4" "proxy-server 21" 0.0049 "-" 23 0
Mar 11 02:17:24 standalone proxy-server[124910]: 172.18.0.2 ::1 11/Mar/2026/02/17/24 GET /v1/AUTH_99c41b26b86841a5870140d7cf18764b/gnocchi.1d5d54e7-ed80-4267-b247-ccaacaefb795%3Fformat%3Djson%26states%3Dlisting HTTP/1.0 200 - python-swiftclient-3.11.1 gAAAAABpsNBqaExF... - 2 - tx7fbbc00f3f1a4e899d6a1-0069b0d0b4 - 0.0224 - - 1773195444.470630884 1773195444.492990971 0
Mar 11 02:17:24 standalone object-server[122952]: 172.20.0.100 - - [11/Mar/2026:02:17:24 +0000] "GET /d1/318/AUTH_99c41b26b86841a5870140d7cf18764b/gnocchi.1d5d54e7-ed80-4267-b247-ccaacaefb795/1772280000.0_mean_300.0_v3" 404 70 "GET http://localhost:8080/v1/AUTH_99c41b26b86841a5870140d7cf18764b/gnocchi.1d5d54e7-ed80-4267-b247-ccaacaefb795/1772280000.0_mean_300.0_v3" "tx4b6b2e37cb704c3bbbad6-0069b0d0b4" "proxy-server 21" 0.0007 "-" 21 0
Mar 11 02:17:24 standalone proxy-server[124910]: 172.18.0.2 ::1 11/Mar/2026/02/17/24 GET /v1/AUTH_99c41b26b86841a5870140d7cf18764b/gnocchi.1d5d54e7-ed80-4267-b247-ccaacaefb795/1772280000.0_mean_300.0_v3 HTTP/1.0 404 - python-swiftclient-3.11.1 gAAAAABpsNBqaExF... - 70 - tx4b6b2e37cb704c3bbbad6-0069b0d0b4 - 0.0079 - - 1773195444.498105764 1773195444.506001949 0
Mar 11 02:17:24 standalone container-server[122842]: 172.20.0.100 - - [11/Mar/2026:02:17:24 +0000] "PUT /d1/381/AUTH_99c41b26b86841a5870140d7cf18764b/gnocchi.1d5d54e7-ed80-4267-b247-ccaacaefb795/1772280000.0_mean_300.0_v3" 201 - "PUT http://localhost:8080/d1/318/AUTH_99c41b26b86841a5870140d7cf18764b/gnocchi.1d5d54e7-ed80-4267-b247-ccaacaefb795/1772280000.0_mean_300.0_v3" "txefcb032d1e424d0fbe6ac-0069b0d0b4" "object-server 23" 0.0026 "-" 23 0
Mar 11 02:17:24 standalone object-server[122954]: 172.20.0.100 - - [11/Mar/2026:02:17:24 +0000] "PUT /d1/318/AUTH_99c41b26b86841a5870140d7cf18764b/gnocchi.1d5d54e7-ed80-4267-b247-ccaacaefb795/1772280000.0_mean_300.0_v3" 201 - "PUT http://localhost:8080/v1/AUTH_99c41b26b86841a5870140d7cf18764b/gnocchi.1d5d54e7-ed80-4267-b247-ccaacaefb795/1772280000.0_mean_300.0_v3" "txefcb032d1e424d0fbe6ac-0069b0d0b4" "proxy-server 21" 0.0130 "-" 23 0
Mar 11 02:17:24 standalone proxy-server[124910]: 172.18.0.2 ::1 11/Mar/2026/02/17/24 PUT /v1/AUTH_99c41b26b86841a5870140d7cf18764b/gnocchi.1d5d54e7-ed80-4267-b247-ccaacaefb795/1772280000.0_mean_300.0_v3 HTTP/1.0 201 - python-swiftclient-3.11.1 gAAAAABpsNBqaExF... 16 - - txefcb032d1e424d0fbe6ac-0069b0d0b4 - 0.0197 - - 1773195444.510137796 1773195444.529792786 0
Mar 11 02:17:24 standalone container-server[122839]: 172.20.0.100 - - [11/Mar/2026:02:17:24 +0000] "PUT /d1/381/AUTH_99c41b26b86841a5870140d7cf18764b/gnocchi.1d5d54e7-ed80-4267-b247-ccaacaefb795/none_v3" 201 - "PUT http://localhost:8080/d1/765/AUTH_99c41b26b86841a5870140d7cf18764b/gnocchi.1d5d54e7-ed80-4267-b247-ccaacaefb795/none_v3" "tx4b23209b595b4101af2c7-0069b0d0b4" "object-server 24" 0.0012 "-" 22 0
Mar 11 02:17:24 standalone object-server[122955]: 172.20.0.100 - - [11/Mar/2026:02:17:24 +0000] "PUT /d1/765/AUTH_99c41b26b86841a5870140d7cf18764b/gnocchi.1d5d54e7-ed80-4267-b247-ccaacaefb795/none_v3" 201 - "PUT http://localhost:8080/v1/AUTH_99c41b26b86841a5870140d7cf18764b/gnocchi.1d5d54e7-ed80-4267-b247-ccaacaefb795/none_v3" "tx4b23209b595b4101af2c7-0069b0d0b4" "proxy-server 21" 0.0147 "-" 24 0
Mar 11 02:17:24 standalone proxy-server[124910]: 172.18.0.2 ::1 11/Mar/2026/02/17/24 PUT /v1/AUTH_99c41b26b86841a5870140d7cf18764b/gnocchi.1d5d54e7-ed80-4267-b247-ccaacaefb795/none_v3 HTTP/1.0 201 - python-swiftclient-3.11.1 gAAAAABpsNBqaExF... 22 - - tx4b23209b595b4101af2c7-0069b0d0b4 - 0.0226 - - 1773195444.533776045 1773195444.556382895 0
Mar 11 02:17:24 standalone container-server[122831]: 172.20.0.100 - - [11/Mar/2026:02:17:24 +0000] "HEAD /d1/265/AUTH_99c41b26b86841a5870140d7cf18764b/gnocchi.06e2a1a1-dae9-4c59-b266-6606edf39d93" 404 - "HEAD http://localhost:8080/v1/AUTH_99c41b26b86841a5870140d7cf18764b/gnocchi.06e2a1a1-dae9-4c59-b266-6606edf39d93?format=json&states=listing" "tx05f91edc57e14165add28-0069b0d0b4" "proxy-server 21" 0.0005 "-" 20 0
Mar 11 02:17:24 standalone object-server[122953]: 172.20.0.100 - - [11/Mar/2026:02:17:24 +0000] "GET /d1/1007/AUTH_99c41b26b86841a5870140d7cf18764b/gnocchi.06e2a1a1-dae9-4c59-b266-6606edf39d93/none_v3" 404 70 "GET http://localhost:8080/v1/AUTH_99c41b26b86841a5870140d7cf18764b/gnocchi.06e2a1a1-dae9-4c59-b266-6606edf39d93/none_v3" "tx05f91edc57e14165add28-0069b0d0b4" "proxy-server 21" 0.0007 "-" 22 0
Mar 11 02:17:24 standalone proxy-server[124910]: 172.18.0.2 ::1 11/Mar/2026/02/17/24 GET /v1/AUTH_99c41b26b86841a5870140d7cf18764b/gnocchi.06e2a1a1-dae9-4c59-b266-6606edf39d93/none_v3 HTTP/1.0 404 - python-swiftclient-3.11.1 gAAAAABpsNBqaExF... - 70 - tx05f91edc57e14165add28-0069b0d0b4 - 0.0139 - - 1773195444.576027155 1773195444.589946032 0
Mar 11 02:17:24 standalone account-server[122840]: 172.20.0.100 - - [11/Mar/2026:02:17:24 +0000] "PUT /d1/504/AUTH_99c41b26b86841a5870140d7cf18764b/gnocchi.06e2a1a1-dae9-4c59-b266-6606edf39d93" 201 - "PUT http://172.20.0.100:6001/d1/265/AUTH_99c41b26b86841a5870140d7cf18764b/gnocchi.06e2a1a1-dae9-4c59-b266-6606edf39d93" "tx1803a6b7d81c4934a8a3d-0069b0d0b4" "container-server 22" 0.0060 "-" 23 0
Mar 11 02:17:24 standalone container-server[122839]: 172.20.0.100 - - [11/Mar/2026:02:17:24 +0000] "PUT /d1/265/AUTH_99c41b26b86841a5870140d7cf18764b/gnocchi.06e2a1a1-dae9-4c59-b266-6606edf39d93" 201 - "PUT http://localhost:8080/v1/AUTH_99c41b26b86841a5870140d7cf18764b/gnocchi.06e2a1a1-dae9-4c59-b266-6606edf39d93" "tx1803a6b7d81c4934a8a3d-0069b0d0b4" "proxy-server 21" 0.0273 "-" 22 0
Mar 11 02:17:24 standalone proxy-server[124910]: 172.18.0.2 ::1 11/Mar/2026/02/17/24 PUT /v1/AUTH_99c41b26b86841a5870140d7cf18764b/gnocchi.06e2a1a1-dae9-4c59-b266-6606edf39d93 HTTP/1.0 201 - python-swiftclient-3.11.1 gAAAAABpsNBqaExF... - - - tx1803a6b7d81c4934a8a3d-0069b0d0b4 - 0.0360 - - 1773195444.593902349 1773195444.629856825 0
Mar 11 02:17:24 standalone container-server[122833]: 172.20.0.100 - - [11/Mar/2026:02:17:24 +0000] "HEAD /d1/265/AUTH_99c41b26b86841a5870140d7cf18764b/gnocchi.06e2a1a1-dae9-4c59-b266-6606edf39d93" 204 - "HEAD http://localhost:8080/v1/AUTH_99c41b26b86841a5870140d7cf18764b/gnocchi.06e2a1a1-dae9-4c59-b266-6606edf39d93?format=json&states=listing" "tx2e8627f2355d4b4bbc096-0069b0d0b4" "proxy-server 21" 0.0060 "-" 21 0
Mar 11 02:17:24 standalone proxy-server[124910]: - - 11/Mar/2026/02/17/24 HEAD /v1/AUTH_99c41b26b86841a5870140d7cf18764b/gnocchi.06e2a1a1-dae9-4c59-b266-6606edf39d93%3Fformat%3Djson%26states%3Dlisting HTTP/1.0 204 - Swift - - - - tx2e8627f2355d4b4bbc096-0069b0d0b4 - 0.0149 RL - 1773195444.640255928 1773195444.655114651 0
Mar 11 02:17:24 standalone container-server[122833]: 172.20.0.100 - - [11/Mar/2026:02:17:24 +0000] "GET /d1/265/AUTH_99c41b26b86841a5870140d7cf18764b/gnocchi.06e2a1a1-dae9-4c59-b266-6606edf39d93" 200 2 "GET http://localhost:8080/v1/AUTH_99c41b26b86841a5870140d7cf18764b/gnocchi.06e2a1a1-dae9-4c59-b266-6606edf39d93?format=json&states=listing" "tx2e8627f2355d4b4bbc096-0069b0d0b4" "proxy-server 21" 0.0186 "-" 21 0
Mar 11 02:17:24 standalone proxy-server[124910]: 172.18.0.2 ::1 11/Mar/2026/02/17/24 GET /v1/AUTH_99c41b26b86841a5870140d7cf18764b/gnocchi.06e2a1a1-dae9-4c59-b266-6606edf39d93%3Fformat%3Djson%26states%3Dlisting HTTP/1.0 200 - python-swiftclient-3.11.1 gAAAAABpsNBqaExF... - 2 - tx2e8627f2355d4b4bbc096-0069b0d0b4 - 0.0497 - - 1773195444.637646198 1773195444.687379360 0
Mar 11 02:17:24 standalone object-server[122955]: 172.20.0.100 - - [11/Mar/2026:02:17:24 +0000] "GET /d1/570/AUTH_99c41b26b86841a5870140d7cf18764b/gnocchi.06e2a1a1-dae9-4c59-b266-6606edf39d93/1772280000.0_mean_300.0_v3" 404 70 "GET http://localhost:8080/v1/AUTH_99c41b26b86841a5870140d7cf18764b/gnocchi.06e2a1a1-dae9-4c59-b266-6606edf39d93/1772280000.0_mean_300.0_v3" "tx8ef0fc1955334364b3237-0069b0d0b4" "proxy-server 21" 0.0005 "-" 24 0
Mar 11 02:17:24 standalone proxy-server[124910]: 172.18.0.2 ::1 11/Mar/2026/02/17/24 GET /v1/AUTH_99c41b26b86841a5870140d7cf18764b/gnocchi.06e2a1a1-dae9-4c59-b266-6606edf39d93/1772280000.0_mean_300.0_v3 HTTP/1.0 404 - python-swiftclient-3.11.1 gAAAAABpsNBqaExF... - 70 - tx8ef0fc1955334364b3237-0069b0d0b4 - 0.0102 - - 1773195444.695199490 1773195444.705441952 0
Mar 11 02:17:24 standalone container-server[122831]: 172.20.0.100 - - [11/Mar/2026:02:17:24 +0000] "PUT /d1/265/AUTH_99c41b26b86841a5870140d7cf18764b/gnocchi.06e2a1a1-dae9-4c59-b266-6606edf39d93/1772280000.0_mean_300.0_v3" 201 - "PUT http://localhost:8080/d1/570/AUTH_99c41b26b86841a5870140d7cf18764b/gnocchi.06e2a1a1-dae9-4c59-b266-6606edf39d93/1772280000.0_mean_300.0_v3" "txc7c3614a022445ce8c263-0069b0d0b4" "object-server 23" 0.0009 "-" 20 0
Mar 11 02:17:24 standalone object-server[122954]: 172.20.0.100 - - [11/Mar/2026:02:17:24 +0000] "PUT /d1/570/AUTH_99c41b26b86841a5870140d7cf18764b/gnocchi.06e2a1a1-dae9-4c59-b266-6606edf39d93/1772280000.0_mean_300.0_v3" 201 - "PUT http://localhost:8080/v1/AUTH_99c41b26b86841a5870140d7cf18764b/gnocchi.06e2a1a1-dae9-4c59-b266-6606edf39d93/1772280000.0_mean_300.0_v3" "txc7c3614a022445ce8c263-0069b0d0b4" "proxy-server 21" 0.0127 "-" 23 0
Mar 11 02:17:24 standalone proxy-server[124910]: 172.18.0.2 ::1 11/Mar/2026/02/17/24 PUT /v1/AUTH_99c41b26b86841a5870140d7cf18764b/gnocchi.06e2a1a1-dae9-4c59-b266-6606edf39d93/1772280000.0_mean_300.0_v3 HTTP/1.0 201 - python-swiftclient-3.11.1 gAAAAABpsNBqaExF... 16 - - txc7c3614a022445ce8c263-0069b0d0b4 - 0.0230 - - 1773195444.712363958 1773195444.735362530 0
Mar 11 02:17:24 standalone container-server[122833]: 172.20.0.100 - - [11/Mar/2026:02:17:24 +0000] "PUT /d1/265/AUTH_99c41b26b86841a5870140d7cf18764b/gnocchi.06e2a1a1-dae9-4c59-b266-6606edf39d93/none_v3" 201 - "PUT http://localhost:8080/d1/1007/AUTH_99c41b26b86841a5870140d7cf18764b/gnocchi.06e2a1a1-dae9-4c59-b266-6606edf39d93/none_v3" "tx4037e8b2998a459aa0a6e-0069b0d0b4" "object-server 21" 0.0010 "-" 21 0
Mar 11 02:17:24 standalone object-server[122952]: 172.20.0.100 - - [11/Mar/2026:02:17:24 +0000] "PUT /d1/1007/AUTH_99c41b26b86841a5870140d7cf18764b/gnocchi.06e2a1a1-dae9-4c59-b266-6606edf39d93/none_v3" 201 - "PUT http://localhost:8080/v1/AUTH_99c41b26b86841a5870140d7cf18764b/gnocchi.06e2a1a1-dae9-4c59-b266-6606edf39d93/none_v3" "tx4037e8b2998a459aa0a6e-0069b0d0b4" "proxy-server 21" 0.0145 "-" 21 0
Mar 11 02:17:24 standalone proxy-server[124910]: 172.18.0.2 ::1 11/Mar/2026/02/17/24 PUT /v1/AUTH_99c41b26b86841a5870140d7cf18764b/gnocchi.06e2a1a1-dae9-4c59-b266-6606edf39d93/none_v3 HTTP/1.0 201 - python-swiftclient-3.11.1 gAAAAABpsNBqaExF... 22 - - tx4037e8b2998a459aa0a6e-0069b0d0b4 - 0.0267 - - 1773195444.741216421 1773195444.767954350 0
Mar 11 02:17:24 standalone container-server[122831]: 172.20.0.100 - - [11/Mar/2026:02:17:24 +0000] "HEAD /d1/627/AUTH_99c41b26b86841a5870140d7cf18764b/gnocchi.2af9ba9f-c3b2-44b8-b19b-b25846f7f958" 404 - "HEAD http://localhost:8080/v1/AUTH_99c41b26b86841a5870140d7cf18764b/gnocchi.2af9ba9f-c3b2-44b8-b19b-b25846f7f958?format=json&states=listing" "txbd606c0b77974438b7de0-0069b0d0b4" "proxy-server 21" 0.0005 "-" 20 0
Mar 11 02:17:24 standalone object-server[122953]: 172.20.0.100 - - [11/Mar/2026:02:17:24 +0000] "GET /d1/944/AUTH_99c41b26b86841a5870140d7cf18764b/gnocchi.2af9ba9f-c3b2-44b8-b19b-b25846f7f958/none_v3" 404 70 "GET http://localhost:8080/v1/AUTH_99c41b26b86841a5870140d7cf18764b/gnocchi.2af9ba9f-c3b2-44b8-b19b-b25846f7f958/none_v3" "txbd606c0b77974438b7de0-0069b0d0b4" "proxy-server 21" 0.0006 "-" 22 0
Mar 11 02:17:24 standalone proxy-server[124910]: 172.18.0.2 ::1 11/Mar/2026/02/17/24 GET /v1/AUTH_99c41b26b86841a5870140d7cf18764b/gnocchi.2af9ba9f-c3b2-44b8-b19b-b25846f7f958/none_v3 HTTP/1.0 404 - python-swiftclient-3.11.1 gAAAAABpsNBqaExF... - 70 - txbd606c0b77974438b7de0-0069b0d0b4 - 0.0232 - - 1773195444.842603922 1773195444.865809917 0
Mar 11 02:17:24 standalone account-server[122837]: 172.20.0.100 - - [11/Mar/2026:02:17:24 +0000] "PUT /d1/504/AUTH_99c41b26b86841a5870140d7cf18764b/gnocchi.2af9ba9f-c3b2-44b8-b19b-b25846f7f958" 201 - "PUT http://172.20.0.100:6001/d1/627/AUTH_99c41b26b86841a5870140d7cf18764b/gnocchi.2af9ba9f-c3b2-44b8-b19b-b25846f7f958" "tx9ba412738adf4279b26a5-0069b0d0b4" "container-server 22" 0.0063 "-" 22 0
Mar 11 02:17:24 standalone container-server[122839]: 172.20.0.100 - - [11/Mar/2026:02:17:24 +0000] "PUT /d1/627/AUTH_99c41b26b86841a5870140d7cf18764b/gnocchi.2af9ba9f-c3b2-44b8-b19b-b25846f7f958" 201 - "PUT http://localhost:8080/v1/AUTH_99c41b26b86841a5870140d7cf18764b/gnocchi.2af9ba9f-c3b2-44b8-b19b-b25846f7f958" "tx9ba412738adf4279b26a5-0069b0d0b4" "proxy-server 21" 0.0309 "-" 22 0
Mar 11 02:17:24 standalone proxy-server[124910]: 172.18.0.2 ::1 11/Mar/2026/02/17/24 PUT /v1/AUTH_99c41b26b86841a5870140d7cf18764b/gnocchi.2af9ba9f-c3b2-44b8-b19b-b25846f7f958 HTTP/1.0 201 - python-swiftclient-3.11.1 gAAAAABpsNBqaExF... - - - tx9ba412738adf4279b26a5-0069b0d0b4 - 0.0425 - - 1773195444.872127771 1773195444.914621353 0
Mar 11 02:17:24 standalone container-server[122833]: 172.20.0.100 - - [11/Mar/2026:02:17:24 +0000] "HEAD /d1/627/AUTH_99c41b26b86841a5870140d7cf18764b/gnocchi.2af9ba9f-c3b2-44b8-b19b-b25846f7f958" 204 - "HEAD http://localhost:8080/v1/AUTH_99c41b26b86841a5870140d7cf18764b/gnocchi.2af9ba9f-c3b2-44b8-b19b-b25846f7f958?format=json&states=listing" "tx010dc21343f2424bb7fb0-0069b0d0b4" "proxy-server 21" 0.0014 "-" 21 0
Mar 11 02:17:24 standalone proxy-server[124910]: - - 11/Mar/2026/02/17/24 HEAD /v1/AUTH_99c41b26b86841a5870140d7cf18764b/gnocchi.2af9ba9f-c3b2-44b8-b19b-b25846f7f958%3Fformat%3Djson%26states%3Dlisting HTTP/1.0 204 - Swift - - - - tx010dc21343f2424bb7fb0-0069b0d0b4 - 0.0072 RL - 1773195444.924664021 1773195444.931855440 0
Mar 11 02:17:24 standalone container-server[122842]: 172.20.0.100 - - [11/Mar/2026:02:17:24 +0000] "GET /d1/627/AUTH_99c41b26b86841a5870140d7cf18764b/gnocchi.2af9ba9f-c3b2-44b8-b19b-b25846f7f958" 200 2 "GET http://localhost:8080/v1/AUTH_99c41b26b86841a5870140d7cf18764b/gnocchi.2af9ba9f-c3b2-44b8-b19b-b25846f7f958?format=json&states=listing" "tx010dc21343f2424bb7fb0-0069b0d0b4" "proxy-server 21" 0.0027 "-" 23 0
Mar 11 02:17:24 standalone proxy-server[124910]: 172.18.0.2 ::1 11/Mar/2026/02/17/24 GET /v1/AUTH_99c41b26b86841a5870140d7cf18764b/gnocchi.2af9ba9f-c3b2-44b8-b19b-b25846f7f958%3Fformat%3Djson%26states%3Dlisting HTTP/1.0 200 - python-swiftclient-3.11.1 gAAAAABpsNBqaExF... - 2 - tx010dc21343f2424bb7fb0-0069b0d0b4 - 0.0237 - - 1773195444.922456026 1773195444.946178198 0
Mar 11 02:17:24 standalone object-server[122952]: 172.20.0.100 - - [11/Mar/2026:02:17:24 +0000] "GET /d1/19/AUTH_99c41b26b86841a5870140d7cf18764b/gnocchi.2af9ba9f-c3b2-44b8-b19b-b25846f7f958/1772280000.0_mean_300.0_v3" 404 70 "GET http://localhost:8080/v1/AUTH_99c41b26b86841a5870140d7cf18764b/gnocchi.2af9ba9f-c3b2-44b8-b19b-b25846f7f958/1772280000.0_mean_300.0_v3" "txda23a673a62045bbbae9d-0069b0d0b4" "proxy-server 21" 0.0005 "-" 21 0
Mar 11 02:17:24 standalone proxy-server[124910]: 172.18.0.2 ::1 11/Mar/2026/02/17/24 GET /v1/AUTH_99c41b26b86841a5870140d7cf18764b/gnocchi.2af9ba9f-c3b2-44b8-b19b-b25846f7f958/1772280000.0_mean_300.0_v3 HTTP/1.0 404 - python-swiftclient-3.11.1 gAAAAABpsNBqaExF... - 70 - txda23a673a62045bbbae9d-0069b0d0b4 - 0.0074 - - 1773195444.951705694 1773195444.959116697 0
Mar 11 02:17:24 standalone container-server[122839]: 172.20.0.100 - - [11/Mar/2026:02:17:24 +0000] "PUT /d1/627/AUTH_99c41b26b86841a5870140d7cf18764b/gnocchi.2af9ba9f-c3b2-44b8-b19b-b25846f7f958/1772280000.0_mean_300.0_v3" 201 - "PUT http://localhost:8080/d1/19/AUTH_99c41b26b86841a5870140d7cf18764b/gnocchi.2af9ba9f-c3b2-44b8-b19b-b25846f7f958/1772280000.0_mean_300.0_v3" "tx360a8458173c4e06a4bee-0069b0d0b4" "object-server 22" 0.0008 "-" 22 0
Mar 11 02:17:24 standalone object-server[122953]: 172.20.0.100 - - [11/Mar/2026:02:17:24 +0000] "PUT /d1/19/AUTH_99c41b26b86841a5870140d7cf18764b/gnocchi.2af9ba9f-c3b2-44b8-b19b-b25846f7f958/1772280000.0_mean_300.0_v3" 201 - "PUT http://localhost:8080/v1/AUTH_99c41b26b86841a5870140d7cf18764b/gnocchi.2af9ba9f-c3b2-44b8-b19b-b25846f7f958/1772280000.0_mean_300.0_v3" "tx360a8458173c4e06a4bee-0069b0d0b4" "proxy-server 21" 0.0127 "-" 22 0
Mar 11 02:17:24 standalone proxy-server[124910]: 172.18.0.2 ::1 11/Mar/2026/02/17/24 PUT /v1/AUTH_99c41b26b86841a5870140d7cf18764b/gnocchi.2af9ba9f-c3b2-44b8-b19b-b25846f7f958/1772280000.0_mean_300.0_v3 HTTP/1.0 201 - python-swiftclient-3.11.1 gAAAAABpsNBqaExF... 16 - - tx360a8458173c4e06a4bee-0069b0d0b4 - 0.0222 - - 1773195444.963521242 1773195444.985765696 0
Mar 11 02:17:25 standalone container-server[122833]: 172.20.0.100 - - [11/Mar/2026:02:17:25 +0000] "PUT /d1/627/AUTH_99c41b26b86841a5870140d7cf18764b/gnocchi.2af9ba9f-c3b2-44b8-b19b-b25846f7f958/none_v3" 201 - "PUT http://localhost:8080/d1/944/AUTH_99c41b26b86841a5870140d7cf18764b/gnocchi.2af9ba9f-c3b2-44b8-b19b-b25846f7f958/none_v3" "tx823b20b98f4a4697bfce8-0069b0d0b4" "object-server 24" 0.0010 "-" 21 0
Mar 11 02:17:25 standalone object-server[122955]: 172.20.0.100 - - [11/Mar/2026:02:17:25 +0000] "PUT /d1/944/AUTH_99c41b26b86841a5870140d7cf18764b/gnocchi.2af9ba9f-c3b2-44b8-b19b-b25846f7f958/none_v3" 201 - "PUT http://localhost:8080/v1/AUTH_99c41b26b86841a5870140d7cf18764b/gnocchi.2af9ba9f-c3b2-44b8-b19b-b25846f7f958/none_v3" "tx823b20b98f4a4697bfce8-0069b0d0b4" "proxy-server 21" 0.0134 "-" 24 0
Mar 11 02:17:25 standalone proxy-server[124910]: 172.18.0.2 ::1 11/Mar/2026/02/17/25 PUT /v1/AUTH_99c41b26b86841a5870140d7cf18764b/gnocchi.2af9ba9f-c3b2-44b8-b19b-b25846f7f958/none_v3 HTTP/1.0 201 - python-swiftclient-3.11.1 gAAAAABpsNBqaExF... 22 - - tx823b20b98f4a4697bfce8-0069b0d0b4 - 0.0217 - - 1773195444.990962505 1773195445.012634516 0
Mar 11 02:17:59 standalone object-server[122859]: Begin object update sweep
Mar 11 02:17:59 standalone object-server[218980]: Object update sweep starting on /srv/node/d1 (pid: 14)
Mar 11 02:17:59 standalone object-server[218980]: Object update sweep completed on /srv/node/d1 in 0.00s seconds:, 0 successes, 0 failures, 0 quarantines, 0 unlinks, 0 errors, 0 redirects (pid: 14)
Mar 11 02:17:59 standalone object-server[218980]: Object update sweep of d1 completed: 0.00s, 0 successes, 0 failures, 0 quarantines, 0 unlinks, 0 errors, 0 redirects
Mar 11 02:17:59 standalone object-server[122859]: Object update sweep completed: 0.08s
Mar 11 02:17:59 standalone account-server[122832]: 172.20.0.100 - - [11/Mar/2026:02:17:59 +0000] "HEAD /d1/894/.expiring_objects" 404 - "HEAD http://localhost/v1/.expiring_objects?format=json" "txdd2cdd7eb7cf4c93849dd-0069b0d0d7" "proxy-server 2" 0.0006 "-" 21 -
Mar 11 02:17:59 standalone object-expirer[122698]: Pass completed in 0s; 0 objects expired (txn: txdd2cdd7eb7cf4c93849dd-0069b0d0d7)
Mar 11 02:18:22 standalone account-server[122840]: 172.20.0.100 - - [11/Mar/2026:02:18:22 +0000] "HEAD /d1/894/.expiring_objects" 404 - "HEAD http://localhost/v1/.expiring_objects?format=json" "txfb1c89e6f47b4469917fa-0069b0d0ee" "proxy-server 2" 0.0003 "-" 23 -
Mar 11 02:18:22 standalone object-expirer[122698]: Pass completed in 0s; 0 objects expired (txn: txfb1c89e6f47b4469917fa-0069b0d0ee)
Mar 11 02:19:30 standalone account-server[122829]: 172.20.0.100 - - [11/Mar/2026:02:19:30 +0000] "HEAD /d1/504/AUTH_99c41b26b86841a5870140d7cf18764b" 204 - "HEAD http://localhost:8080/v1/AUTH_99c41b26b86841a5870140d7cf18764b?format=json" "tx73f6a09dfb9c48b3b0b87-0069b0d132" "proxy-server 21" 0.0091 "-" 20 -
Mar 11 02:19:30 standalone proxy-server[124910]: - - 11/Mar/2026/02/19/30 HEAD /v1/AUTH_99c41b26b86841a5870140d7cf18764b%3Fformat%3Djson HTTP/1.0 204 - Swift - - - - tx73f6a09dfb9c48b3b0b87-0069b0d132 - 0.0126 RL - 1773195570.929281950 1773195570.941916704 -
Mar 11 02:19:30 standalone container-server[122833]: 172.20.0.100 - - [11/Mar/2026:02:19:30 +0000] "HEAD /d1/3/AUTH_99c41b26b86841a5870140d7cf18764b/gnocchi.01db61c6-bb8d-4183-bd1b-02a0e8d366de" 404 - "HEAD http://localhost:8080/v1/AUTH_99c41b26b86841a5870140d7cf18764b/gnocchi.01db61c6-bb8d-4183-bd1b-02a0e8d366de?format=json&states=listing" "tx73f6a09dfb9c48b3b0b87-0069b0d132" "proxy-server 21" 0.0006 "-" 21 0
Mar 11 02:19:30 standalone object-server[122953]: 172.20.0.100 - - [11/Mar/2026:02:19:30 +0000] "GET /d1/641/AUTH_99c41b26b86841a5870140d7cf18764b/gnocchi.01db61c6-bb8d-4183-bd1b-02a0e8d366de/none_v3" 404 70 "GET http://localhost:8080/v1/AUTH_99c41b26b86841a5870140d7cf18764b/gnocchi.01db61c6-bb8d-4183-bd1b-02a0e8d366de/none_v3" "tx73f6a09dfb9c48b3b0b87-0069b0d132" "proxy-server 21" 0.0004 "-" 22 0
Mar 11 02:19:30 standalone proxy-server[124910]: 172.18.0.2 ::1 11/Mar/2026/02/19/30 GET /v1/AUTH_99c41b26b86841a5870140d7cf18764b/gnocchi.01db61c6-bb8d-4183-bd1b-02a0e8d366de/none_v3 HTTP/1.0 404 - python-swiftclient-3.11.1 gAAAAABpsNBqaExF... - 70 - tx73f6a09dfb9c48b3b0b87-0069b0d132 - 0.0213 - - 1773195570.928596973 1773195570.949868917 0
Mar 11 02:19:30 standalone account-server[122829]: 172.20.0.100 - - [11/Mar/2026:02:19:30 +0000] "PUT /d1/504/AUTH_99c41b26b86841a5870140d7cf18764b/gnocchi.01db61c6-bb8d-4183-bd1b-02a0e8d366de" 201 - "PUT http://172.20.0.100:6001/d1/3/AUTH_99c41b26b86841a5870140d7cf18764b/gnocchi.01db61c6-bb8d-4183-bd1b-02a0e8d366de" "txd77b5652487d4959aa565-0069b0d132" "container-server 22" 0.0011 "-" 20 0
Mar 11 02:19:30 standalone container-server[122839]: 172.20.0.100 - - [11/Mar/2026:02:19:30 +0000] "PUT /d1/3/AUTH_99c41b26b86841a5870140d7cf18764b/gnocchi.01db61c6-bb8d-4183-bd1b-02a0e8d366de" 201 - "PUT http://localhost:8080/v1/AUTH_99c41b26b86841a5870140d7cf18764b/gnocchi.01db61c6-bb8d-4183-bd1b-02a0e8d366de" "txd77b5652487d4959aa565-0069b0d132" "proxy-server 21" 0.0100 "-" 22 0
Mar 11 02:19:30 standalone proxy-server[124910]: 172.18.0.2 ::1 11/Mar/2026/02/19/30 PUT /v1/AUTH_99c41b26b86841a5870140d7cf18764b/gnocchi.01db61c6-bb8d-4183-bd1b-02a0e8d366de HTTP/1.0 201 - python-swiftclient-3.11.1 gAAAAABpsNBqaExF... - - - txd77b5652487d4959aa565-0069b0d132 - 0.0138 - - 1773195570.953696728 1773195570.967490673 0
Mar 11 02:19:30 standalone container-server[122839]: 172.20.0.100 - - [11/Mar/2026:02:19:30 +0000] "HEAD /d1/3/AUTH_99c41b26b86841a5870140d7cf18764b/gnocchi.01db61c6-bb8d-4183-bd1b-02a0e8d366de" 204 - "HEAD http://localhost:8080/v1/AUTH_99c41b26b86841a5870140d7cf18764b/gnocchi.01db61c6-bb8d-4183-bd1b-02a0e8d366de?format=json&states=listing" "tx60641a9ad8574738a0240-0069b0d132" "proxy-server 21" 0.0011 "-" 22 0
Mar 11 02:19:30 standalone proxy-server[124910]: - - 11/Mar/2026/02/19/30 HEAD /v1/AUTH_99c41b26b86841a5870140d7cf18764b/gnocchi.01db61c6-bb8d-4183-bd1b-02a0e8d366de%3Fformat%3Djson%26states%3Dlisting HTTP/1.0 204 - Swift - - - - tx60641a9ad8574738a0240-0069b0d132 - 0.0032 RL - 1773195570.970854759 1773195570.974098921 0
Mar 11 02:19:30 standalone container-server[122839]: 172.20.0.100 - - [11/Mar/2026:02:19:30 +0000] "GET /d1/3/AUTH_99c41b26b86841a5870140d7cf18764b/gnocchi.01db61c6-bb8d-4183-bd1b-02a0e8d366de" 200 2 "GET http://localhost:8080/v1/AUTH_99c41b26b86841a5870140d7cf18764b/gnocchi.01db61c6-bb8d-4183-bd1b-02a0e8d366de?format=json&states=listing" "tx60641a9ad8574738a0240-0069b0d132" "proxy-server 21" 0.0017 "-" 22 0
Mar 11 02:19:30 standalone proxy-server[124910]: 172.18.0.2 ::1 11/Mar/2026/02/19/30 GET /v1/AUTH_99c41b26b86841a5870140d7cf18764b/gnocchi.01db61c6-bb8d-4183-bd1b-02a0e8d366de%3Fformat%3Djson%26states%3Dlisting HTTP/1.0 200 - python-swiftclient-3.11.1 gAAAAABpsNBqaExF... - 2 - tx60641a9ad8574738a0240-0069b0d132 - 0.0095 - - 1773195570.970119953 1773195570.979613781 0
Mar 11 02:19:30 standalone object-server[122953]: 172.20.0.100 - - [11/Mar/2026:02:19:30 +0000] "GET /d1/953/AUTH_99c41b26b86841a5870140d7cf18764b/gnocchi.01db61c6-bb8d-4183-bd1b-02a0e8d366de/1772280000.0_mean_300.0_v3" 404 70 "GET http://localhost:8080/v1/AUTH_99c41b26b86841a5870140d7cf18764b/gnocchi.01db61c6-bb8d-4183-bd1b-02a0e8d366de/1772280000.0_mean_300.0_v3" "tx1d28910867dd4b6e84a44-0069b0d132" "proxy-server 21" 0.0003 "-" 22 0
Mar 11 02:19:30 standalone proxy-server[124910]: 172.18.0.2 ::1 11/Mar/2026/02/19/30 GET /v1/AUTH_99c41b26b86841a5870140d7cf18764b/gnocchi.01db61c6-bb8d-4183-bd1b-02a0e8d366de/1772280000.0_mean_300.0_v3 HTTP/1.0 404 - python-swiftclient-3.11.1 gAAAAABpsNBqaExF... - 70 - tx1d28910867dd4b6e84a44-0069b0d132 - 0.0039 - - 1773195570.982099056 1773195570.986016273 0
Mar 11 02:19:30 standalone container-server[122842]: 172.20.0.100 - - [11/Mar/2026:02:19:30 +0000] "PUT /d1/3/AUTH_99c41b26b86841a5870140d7cf18764b/gnocchi.01db61c6-bb8d-4183-bd1b-02a0e8d366de/1772280000.0_mean_300.0_v3" 201 - "PUT http://localhost:8080/d1/953/AUTH_99c41b26b86841a5870140d7cf18764b/gnocchi.01db61c6-bb8d-4183-bd1b-02a0e8d366de/1772280000.0_mean_300.0_v3" "tx1a24c0664bf84e0ea8583-0069b0d132" "object-server 22" 0.0006 "-" 23 0
Mar 11 02:19:30 standalone object-server[122953]: 172.20.0.100 - - [11/Mar/2026:02:19:30 +0000] "PUT /d1/953/AUTH_99c41b26b86841a5870140d7cf18764b/gnocchi.01db61c6-bb8d-4183-bd1b-02a0e8d366de/1772280000.0_mean_300.0_v3" 201 - "PUT http://localhost:8080/v1/AUTH_99c41b26b86841a5870140d7cf18764b/gnocchi.01db61c6-bb8d-4183-bd1b-02a0e8d366de/1772280000.0_mean_300.0_v3" "tx1a24c0664bf84e0ea8583-0069b0d132" "proxy-server 21" 0.0080 "-" 22 0
Mar 11 02:19:31 standalone proxy-server[124910]: 172.18.0.2 ::1 11/Mar/2026/02/19/30 PUT /v1/AUTH_99c41b26b86841a5870140d7cf18764b/gnocchi.01db61c6-bb8d-4183-bd1b-02a0e8d366de/1772280000.0_mean_300.0_v3 HTTP/1.0 201 - python-swiftclient-3.11.1 gAAAAABpsNBqaExF... 16 - - tx1a24c0664bf84e0ea8583-0069b0d132 - 0.0117 - - 1773195570.988132715 1773195570.999860287 0
Mar 11 02:19:31 standalone container-server[122833]: 172.20.0.100 - - [11/Mar/2026:02:19:31 +0000] "PUT /d1/3/AUTH_99c41b26b86841a5870140d7cf18764b/gnocchi.01db61c6-bb8d-4183-bd1b-02a0e8d366de/none_v3" 201 - "PUT http://localhost:8080/d1/641/AUTH_99c41b26b86841a5870140d7cf18764b/gnocchi.01db61c6-bb8d-4183-bd1b-02a0e8d366de/none_v3" "tx9f1ad66767684d6aa9e8f-0069b0d133" "object-server 22" 0.0006 "-" 21 0
Mar 11 02:19:31 standalone object-server[122953]: 172.20.0.100 - - [11/Mar/2026:02:19:31 +0000] "PUT /d1/641/AUTH_99c41b26b86841a5870140d7cf18764b/gnocchi.01db61c6-bb8d-4183-bd1b-02a0e8d366de/none_v3" 201 - "PUT http://localhost:8080/v1/AUTH_99c41b26b86841a5870140d7cf18764b/gnocchi.01db61c6-bb8d-4183-bd1b-02a0e8d366de/none_v3" "tx9f1ad66767684d6aa9e8f-0069b0d133" "proxy-server 21" 0.0096 "-" 22 0
Mar 11 02:19:31 standalone proxy-server[124910]: 172.18.0.2 ::1 11/Mar/2026/02/19/31 PUT /v1/AUTH_99c41b26b86841a5870140d7cf18764b/gnocchi.01db61c6-bb8d-4183-bd1b-02a0e8d366de/none_v3 HTTP/1.0 201 - python-swiftclient-3.11.1 gAAAAABpsNBqaExF... 22 - - tx9f1ad66767684d6aa9e8f-0069b0d133 - 0.0144 - - 1773195571.002165079 1773195571.016586065 0
Mar 11 02:19:31 standalone container-server[122842]: 172.20.0.100 - - [11/Mar/2026:02:19:31 +0000] "HEAD /d1/519/AUTH_99c41b26b86841a5870140d7cf18764b/gnocchi.be17c5af-5209-4636-bd0f-c14ec03cb21e" 404 - "HEAD http://localhost:8080/v1/AUTH_99c41b26b86841a5870140d7cf18764b/gnocchi.be17c5af-5209-4636-bd0f-c14ec03cb21e?format=json&states=listing" "tx1b44a759bf69475c8ed3b-0069b0d133" "proxy-server 21" 0.0005 "-" 23 0
Mar 11 02:19:31 standalone object-server[122953]: 172.20.0.100 - - [11/Mar/2026:02:19:31 +0000] "GET /d1/649/AUTH_99c41b26b86841a5870140d7cf18764b/gnocchi.be17c5af-5209-4636-bd0f-c14ec03cb21e/none_v3" 404 70 "GET http://localhost:8080/v1/AUTH_99c41b26b86841a5870140d7cf18764b/gnocchi.be17c5af-5209-4636-bd0f-c14ec03cb21e/none_v3" "tx1b44a759bf69475c8ed3b-0069b0d133" "proxy-server 21" 0.0003 "-" 22 0
Mar 11 02:19:31 standalone proxy-server[124910]: 172.18.0.2 ::1 11/Mar/2026/02/19/31 GET /v1/AUTH_99c41b26b86841a5870140d7cf18764b/gnocchi.be17c5af-5209-4636-bd0f-c14ec03cb21e/none_v3 HTTP/1.0 404 - python-swiftclient-3.11.1 gAAAAABpsNBqaExF... - 70 - tx1b44a759bf69475c8ed3b-0069b0d133 - 0.0084 - - 1773195571.025217056 1773195571.033602715 0
Mar 11 02:19:31 standalone account-server[122840]: 172.20.0.100 - - [11/Mar/2026:02:19:31 +0000] "PUT /d1/504/AUTH_99c41b26b86841a5870140d7cf18764b/gnocchi.be17c5af-5209-4636-bd0f-c14ec03cb21e" 201 - "PUT http://172.20.0.100:6001/d1/519/AUTH_99c41b26b86841a5870140d7cf18764b/gnocchi.be17c5af-5209-4636-bd0f-c14ec03cb21e" "txf24b57fcbebb425893149-0069b0d133" "container-server 22" 0.0038 "-" 23 0
Mar 11 02:19:31 standalone container-server[122839]: 172.20.0.100 - - [11/Mar/2026:02:19:31 +0000] "PUT /d1/519/AUTH_99c41b26b86841a5870140d7cf18764b/gnocchi.be17c5af-5209-4636-bd0f-c14ec03cb21e" 201 - "PUT http://localhost:8080/v1/AUTH_99c41b26b86841a5870140d7cf18764b/gnocchi.be17c5af-5209-4636-bd0f-c14ec03cb21e" "txf24b57fcbebb425893149-0069b0d133" "proxy-server 21" 0.0138 "-" 22 0
Mar 11 02:19:31 standalone proxy-server[124910]: 172.18.0.2 ::1 11/Mar/2026/02/19/31 PUT /v1/AUTH_99c41b26b86841a5870140d7cf18764b/gnocchi.be17c5af-5209-4636-bd0f-c14ec03cb21e HTTP/1.0 201 - python-swiftclient-3.11.1 gAAAAABpsNBqaExF... - - - txf24b57fcbebb425893149-0069b0d133 - 0.0177 - - 1773195571.035732031 1773195571.053408146 0
Mar 11 02:19:31 standalone container-server[122833]: 172.20.0.100 - - [11/Mar/2026:02:19:31 +0000] "HEAD /d1/519/AUTH_99c41b26b86841a5870140d7cf18764b/gnocchi.be17c5af-5209-4636-bd0f-c14ec03cb21e" 204 - "HEAD http://localhost:8080/v1/AUTH_99c41b26b86841a5870140d7cf18764b/gnocchi.be17c5af-5209-4636-bd0f-c14ec03cb21e?format=json&states=listing" "tx6638d582a7a34d559cb27-0069b0d133" "proxy-server 21" 0.0022 "-" 21 0
Mar 11 02:19:31 standalone proxy-server[124910]: - - 11/Mar/2026/02/19/31 HEAD /v1/AUTH_99c41b26b86841a5870140d7cf18764b/gnocchi.be17c5af-5209-4636-bd0f-c14ec03cb21e%3Fformat%3Djson%26states%3Dlisting HTTP/1.0 204 - Swift - - - - tx6638d582a7a34d559cb27-0069b0d133 - 0.0051 RL - 1773195571.056885004 1773195571.061952114 0
Mar 11 02:19:31 standalone container-server[122831]: 172.20.0.100 - - [11/Mar/2026:02:19:31 +0000] "GET /d1/519/AUTH_99c41b26b86841a5870140d7cf18764b/gnocchi.be17c5af-5209-4636-bd0f-c14ec03cb21e" 200 2 "GET http://localhost:8080/v1/AUTH_99c41b26b86841a5870140d7cf18764b/gnocchi.be17c5af-5209-4636-bd0f-c14ec03cb21e?format=json&states=listing" "tx6638d582a7a34d559cb27-0069b0d133" "proxy-server 21" 0.0016 "-" 20 0
Mar 11 02:19:31 standalone proxy-server[124910]: 172.18.0.2 ::1 11/Mar/2026/02/19/31 GET /v1/AUTH_99c41b26b86841a5870140d7cf18764b/gnocchi.be17c5af-5209-4636-bd0f-c14ec03cb21e%3Fformat%3Djson%26states%3Dlisting HTTP/1.0 200 - python-swiftclient-3.11.1 gAAAAABpsNBqaExF... - 2 - tx6638d582a7a34d559cb27-0069b0d133 - 0.0133 - - 1773195571.056193829 1773195571.069542170 0
Mar 11 02:19:31 standalone object-server[122952]: 172.20.0.100 - - [11/Mar/2026:02:19:31 +0000] "GET /d1/31/AUTH_99c41b26b86841a5870140d7cf18764b/gnocchi.be17c5af-5209-4636-bd0f-c14ec03cb21e/1772280000.0_mean_300.0_v3" 404 70 "GET http://localhost:8080/v1/AUTH_99c41b26b86841a5870140d7cf18764b/gnocchi.be17c5af-5209-4636-bd0f-c14ec03cb21e/1772280000.0_mean_300.0_v3" "txe1771a50a9cd466fa1357-0069b0d133" "proxy-server 21" 0.0003 "-" 21 0
Mar 11 02:19:31 standalone proxy-server[124910]: 172.18.0.2 ::1 11/Mar/2026/02/19/31 GET /v1/AUTH_99c41b26b86841a5870140d7cf18764b/gnocchi.be17c5af-5209-4636-bd0f-c14ec03cb21e/1772280000.0_mean_300.0_v3 HTTP/1.0 404 - python-swiftclient-3.11.1 gAAAAABpsNBqaExF... - 70 - txe1771a50a9cd466fa1357-0069b0d133 - 0.0041 - - 1773195571.072269678 1773195571.076372623 0
Mar 11 02:19:31 standalone container-server[122842]: 172.20.0.100 - - [11/Mar/2026:02:19:31 +0000] "PUT /d1/519/AUTH_99c41b26b86841a5870140d7cf18764b/gnocchi.be17c5af-5209-4636-bd0f-c14ec03cb21e/1772280000.0_mean_300.0_v3" 201 - "PUT http://localhost:8080/d1/31/AUTH_99c41b26b86841a5870140d7cf18764b/gnocchi.be17c5af-5209-4636-bd0f-c14ec03cb21e/1772280000.0_mean_300.0_v3" "txcf17e9b8f0584c37890aa-0069b0d133" "object-server 23" 0.0006 "-" 23 0
Mar 11 02:19:31 standalone object-server[122954]: 172.20.0.100 - - [11/Mar/2026:02:19:31 +0000] "PUT /d1/31/AUTH_99c41b26b86841a5870140d7cf18764b/gnocchi.be17c5af-5209-4636-bd0f-c14ec03cb21e/1772280000.0_mean_300.0_v3" 201 - "PUT http://localhost:8080/v1/AUTH_99c41b26b86841a5870140d7cf18764b/gnocchi.be17c5af-5209-4636-bd0f-c14ec03cb21e/1772280000.0_mean_300.0_v3" "txcf17e9b8f0584c37890aa-0069b0d133" "proxy-server 21" 0.0115 "-" 23 0
Mar 11 02:19:31 standalone proxy-server[124910]: 172.18.0.2 ::1 11/Mar/2026/02/19/31 PUT /v1/AUTH_99c41b26b86841a5870140d7cf18764b/gnocchi.be17c5af-5209-4636-bd0f-c14ec03cb21e/1772280000.0_mean_300.0_v3 HTTP/1.0 201 - python-swiftclient-3.11.1 gAAAAABpsNBqaExF... 16 - - txcf17e9b8f0584c37890aa-0069b0d133 - 0.0152 - - 1773195571.078488350 1773195571.093699217 0
Mar 11 02:19:31 standalone container-server[122839]: 172.20.0.100 - - [11/Mar/2026:02:19:31 +0000] "PUT /d1/519/AUTH_99c41b26b86841a5870140d7cf18764b/gnocchi.be17c5af-5209-4636-bd0f-c14ec03cb21e/none_v3" 201 - "PUT http://localhost:8080/d1/649/AUTH_99c41b26b86841a5870140d7cf18764b/gnocchi.be17c5af-5209-4636-bd0f-c14ec03cb21e/none_v3" "txc1dd515d57524b1faa6df-0069b0d133" "object-server 24" 0.0006 "-" 22 0
Mar 11 02:19:31 standalone object-server[122955]: 172.20.0.100 - - [11/Mar/2026:02:19:31 +0000] "PUT /d1/649/AUTH_99c41b26b86841a5870140d7cf18764b/gnocchi.be17c5af-5209-4636-bd0f-c14ec03cb21e/none_v3" 201 - "PUT http://localhost:8080/v1/AUTH_99c41b26b86841a5870140d7cf18764b/gnocchi.be17c5af-5209-4636-bd0f-c14ec03cb21e/none_v3" "txc1dd515d57524b1faa6df-0069b0d133" "proxy-server 21" 0.0087 "-" 24 0
Mar 11 02:19:31 standalone proxy-server[124910]: 172.18.0.2 ::1 11/Mar/2026/02/19/31 PUT /v1/AUTH_99c41b26b86841a5870140d7cf18764b/gnocchi.be17c5af-5209-4636-bd0f-c14ec03cb21e/none_v3 HTTP/1.0 201 - python-swiftclient-3.11.1 gAAAAABpsNBqaExF... 22 - - txc1dd515d57524b1faa6df-0069b0d133 - 0.0123 - - 1773195571.095656157 1773195571.107938528 0
Mar 11 02:19:31 standalone container-server[122839]: 172.20.0.100 - - [11/Mar/2026:02:19:31 +0000] "HEAD /d1/940/AUTH_99c41b26b86841a5870140d7cf18764b/gnocchi.40c2c2ed-52c7-4517-9f35-0f9db5bcdff8" 404 - "HEAD http://localhost:8080/v1/AUTH_99c41b26b86841a5870140d7cf18764b/gnocchi.40c2c2ed-52c7-4517-9f35-0f9db5bcdff8?format=json&states=listing" "txe6209c2f52c04ea9a81c7-0069b0d133" "proxy-server 21" 0.0004 "-" 22 0
Mar 11 02:19:31 standalone object-server[122955]: 172.20.0.100 - - [11/Mar/2026:02:19:31 +0000] "GET /d1/904/AUTH_99c41b26b86841a5870140d7cf18764b/gnocchi.40c2c2ed-52c7-4517-9f35-0f9db5bcdff8/none_v3" 404 70 "GET http://localhost:8080/v1/AUTH_99c41b26b86841a5870140d7cf18764b/gnocchi.40c2c2ed-52c7-4517-9f35-0f9db5bcdff8/none_v3" "txe6209c2f52c04ea9a81c7-0069b0d133" "proxy-server 21" 0.0002 "-" 24 0
Mar 11 02:19:31 standalone proxy-server[124910]: 172.18.0.2 ::1 11/Mar/2026/02/19/31 GET /v1/AUTH_99c41b26b86841a5870140d7cf18764b/gnocchi.40c2c2ed-52c7-4517-9f35-0f9db5bcdff8/none_v3 HTTP/1.0 404 - python-swiftclient-3.11.1 gAAAAABpsNBqaExF... - 70 - txe6209c2f52c04ea9a81c7-0069b0d133 - 0.0069 - - 1773195571.115887403 1773195571.122750759 0
Mar 11 02:19:31 standalone account-server[122829]: 172.20.0.100 - - [11/Mar/2026:02:19:31 +0000] "PUT /d1/504/AUTH_99c41b26b86841a5870140d7cf18764b/gnocchi.40c2c2ed-52c7-4517-9f35-0f9db5bcdff8" 201 - "PUT http://172.20.0.100:6001/d1/940/AUTH_99c41b26b86841a5870140d7cf18764b/gnocchi.40c2c2ed-52c7-4517-9f35-0f9db5bcdff8" "txf1a0cf39b38c4d4098339-0069b0d133" "container-server 21" 0.0052 "-" 20 0
Mar 11 02:19:31 standalone container-server[122833]: 172.20.0.100 - - [11/Mar/2026:02:19:31 +0000] "PUT /d1/940/AUTH_99c41b26b86841a5870140d7cf18764b/gnocchi.40c2c2ed-52c7-4517-9f35-0f9db5bcdff8" 201 - "PUT http://localhost:8080/v1/AUTH_99c41b26b86841a5870140d7cf18764b/gnocchi.40c2c2ed-52c7-4517-9f35-0f9db5bcdff8" "txf1a0cf39b38c4d4098339-0069b0d133" "proxy-server 21" 0.0166 "-" 21 0
