Mar 11 02:19:32 standalone proxy-server[124910]: - - 11/Mar/2026/02/19/32 HEAD /v1/AUTH_99c41b26b86841a5870140d7cf18764b/gnocchi.6d72ec31-c86d-4416-be2a-a8d9d085a340%3Fformat%3Djson%26states%3Dlisting HTTP/1.0 204 - Swift - - - - txd2394a651893469b80c01-0069b0d134 - 0.0037 RL - 1773195572.093520641 1773195572.097261429 0
Mar 11 02:19:32 standalone container-server[122831]: 172.20.0.100 - - [11/Mar/2026:02:19:32 +0000] "GET /d1/844/AUTH_99c41b26b86841a5870140d7cf18764b/gnocchi.6d72ec31-c86d-4416-be2a-a8d9d085a340" 200 2 "GET http://localhost:8080/v1/AUTH_99c41b26b86841a5870140d7cf18764b/gnocchi.6d72ec31-c86d-4416-be2a-a8d9d085a340?format=json&states=listing" "txd2394a651893469b80c01-0069b0d134" "proxy-server 21" 0.0017 "-" 20 0
Mar 11 02:19:32 standalone proxy-server[124910]: 172.18.0.2 ::1 11/Mar/2026/02/19/32 GET /v1/AUTH_99c41b26b86841a5870140d7cf18764b/gnocchi.6d72ec31-c86d-4416-be2a-a8d9d085a340%3Fformat%3Djson%26states%3Dlisting HTTP/1.0 200 - python-swiftclient-3.11.1 gAAAAABpsNBqaExF... - 2 - txd2394a651893469b80c01-0069b0d134 - 0.0106 - - 1773195572.092612028 1773195572.103209019 0
Mar 11 02:19:32 standalone object-server[122955]: 172.20.0.100 - - [11/Mar/2026:02:19:32 +0000] "GET /d1/550/AUTH_99c41b26b86841a5870140d7cf18764b/gnocchi.6d72ec31-c86d-4416-be2a-a8d9d085a340/1772280000.0_mean_300.0_v3" 404 70 "GET http://localhost:8080/v1/AUTH_99c41b26b86841a5870140d7cf18764b/gnocchi.6d72ec31-c86d-4416-be2a-a8d9d085a340/1772280000.0_mean_300.0_v3" "tx5fbb1408310a476c9a411-0069b0d134" "proxy-server 21" 0.0003 "-" 24 0
Mar 11 02:19:32 standalone proxy-server[124910]: 172.18.0.2 ::1 11/Mar/2026/02/19/32 GET /v1/AUTH_99c41b26b86841a5870140d7cf18764b/gnocchi.6d72ec31-c86d-4416-be2a-a8d9d085a340/1772280000.0_mean_300.0_v3 HTTP/1.0 404 - python-swiftclient-3.11.1 gAAAAABpsNBqaExF... - 70 - tx5fbb1408310a476c9a411-0069b0d134 - 0.0056 - - 1773195572.113215446 1773195572.118767977 0
Mar 11 02:19:32 standalone container-server[122842]: 172.20.0.100 - - [11/Mar/2026:02:19:32 +0000] "PUT /d1/844/AUTH_99c41b26b86841a5870140d7cf18764b/gnocchi.6d72ec31-c86d-4416-be2a-a8d9d085a340/1772280000.0_mean_300.0_v3" 201 - "PUT http://localhost:8080/d1/550/AUTH_99c41b26b86841a5870140d7cf18764b/gnocchi.6d72ec31-c86d-4416-be2a-a8d9d085a340/1772280000.0_mean_300.0_v3" "txff16343016bd417b8b0d3-0069b0d134" "object-server 22" 0.0006 "-" 23 0
Mar 11 02:19:32 standalone object-server[122953]: 172.20.0.100 - - [11/Mar/2026:02:19:32 +0000] "PUT /d1/550/AUTH_99c41b26b86841a5870140d7cf18764b/gnocchi.6d72ec31-c86d-4416-be2a-a8d9d085a340/1772280000.0_mean_300.0_v3" 201 - "PUT http://localhost:8080/v1/AUTH_99c41b26b86841a5870140d7cf18764b/gnocchi.6d72ec31-c86d-4416-be2a-a8d9d085a340/1772280000.0_mean_300.0_v3" "txff16343016bd417b8b0d3-0069b0d134" "proxy-server 21" 0.0090 "-" 22 0
Mar 11 02:19:32 standalone proxy-server[124910]: 172.18.0.2 ::1 11/Mar/2026/02/19/32 PUT /v1/AUTH_99c41b26b86841a5870140d7cf18764b/gnocchi.6d72ec31-c86d-4416-be2a-a8d9d085a340/1772280000.0_mean_300.0_v3 HTTP/1.0 201 - python-swiftclient-3.11.1 gAAAAABpsNBqaExF... 16 - - txff16343016bd417b8b0d3-0069b0d134 - 0.0222 - - 1773195572.122527599 1773195572.144742966 0
Mar 11 02:19:32 standalone container-server[122831]: 172.20.0.100 - - [11/Mar/2026:02:19:32 +0000] "PUT /d1/844/AUTH_99c41b26b86841a5870140d7cf18764b/gnocchi.6d72ec31-c86d-4416-be2a-a8d9d085a340/none_v3" 201 - "PUT http://localhost:8080/d1/270/AUTH_99c41b26b86841a5870140d7cf18764b/gnocchi.6d72ec31-c86d-4416-be2a-a8d9d085a340/none_v3" "txc6fb86ae77d54df89d3ec-0069b0d134" "object-server 24" 0.0005 "-" 20 0
Mar 11 02:19:32 standalone object-server[122955]: 172.20.0.100 - - [11/Mar/2026:02:19:32 +0000] "PUT /d1/270/AUTH_99c41b26b86841a5870140d7cf18764b/gnocchi.6d72ec31-c86d-4416-be2a-a8d9d085a340/none_v3" 201 - "PUT http://localhost:8080/v1/AUTH_99c41b26b86841a5870140d7cf18764b/gnocchi.6d72ec31-c86d-4416-be2a-a8d9d085a340/none_v3" "txc6fb86ae77d54df89d3ec-0069b0d134" "proxy-server 21" 0.0086 "-" 24 0
Mar 11 02:19:32 standalone proxy-server[124910]: 172.18.0.2 ::1 11/Mar/2026/02/19/32 PUT /v1/AUTH_99c41b26b86841a5870140d7cf18764b/gnocchi.6d72ec31-c86d-4416-be2a-a8d9d085a340/none_v3 HTTP/1.0 201 - python-swiftclient-3.11.1 gAAAAABpsNBqaExF... 22 - - txc6fb86ae77d54df89d3ec-0069b0d134 - 0.0141 - - 1773195572.147568703 1773195572.161679268 0
Mar 11 02:19:32 standalone container-server[122839]: 172.20.0.100 - - [11/Mar/2026:02:19:32 +0000] "HEAD /d1/845/AUTH_99c41b26b86841a5870140d7cf18764b/gnocchi.e57e19c4-6428-46dc-b104-b7ebd0633e87" 404 - "HEAD http://localhost:8080/v1/AUTH_99c41b26b86841a5870140d7cf18764b/gnocchi.e57e19c4-6428-46dc-b104-b7ebd0633e87?format=json&states=listing" "tx409b7fbc8d1b4809bf1e0-0069b0d134" "proxy-server 21" 0.0004 "-" 22 0
Mar 11 02:19:32 standalone object-server[122953]: 172.20.0.100 - - [11/Mar/2026:02:19:32 +0000] "GET /d1/858/AUTH_99c41b26b86841a5870140d7cf18764b/gnocchi.e57e19c4-6428-46dc-b104-b7ebd0633e87/none_v3" 404 70 "GET http://localhost:8080/v1/AUTH_99c41b26b86841a5870140d7cf18764b/gnocchi.e57e19c4-6428-46dc-b104-b7ebd0633e87/none_v3" "tx409b7fbc8d1b4809bf1e0-0069b0d134" "proxy-server 21" 0.0002 "-" 22 0
Mar 11 02:19:32 standalone proxy-server[124910]: 172.18.0.2 ::1 11/Mar/2026/02/19/32 GET /v1/AUTH_99c41b26b86841a5870140d7cf18764b/gnocchi.e57e19c4-6428-46dc-b104-b7ebd0633e87/none_v3 HTTP/1.0 404 - python-swiftclient-3.11.1 gAAAAABpsNBqaExF... - 70 - tx409b7fbc8d1b4809bf1e0-0069b0d134 - 0.0116 - - 1773195572.171085119 1773195572.182727575 0
Mar 11 02:19:32 standalone account-server[122840]: 172.20.0.100 - - [11/Mar/2026:02:19:32 +0000] "PUT /d1/504/AUTH_99c41b26b86841a5870140d7cf18764b/gnocchi.e57e19c4-6428-46dc-b104-b7ebd0633e87" 201 - "PUT http://172.20.0.100:6001/d1/845/AUTH_99c41b26b86841a5870140d7cf18764b/gnocchi.e57e19c4-6428-46dc-b104-b7ebd0633e87" "txaac0c876dc8c44fc803e8-0069b0d134" "container-server 22" 0.0038 "-" 23 0
Mar 11 02:19:32 standalone container-server[122839]: 172.20.0.100 - - [11/Mar/2026:02:19:32 +0000] "PUT /d1/845/AUTH_99c41b26b86841a5870140d7cf18764b/gnocchi.e57e19c4-6428-46dc-b104-b7ebd0633e87" 201 - "PUT http://localhost:8080/v1/AUTH_99c41b26b86841a5870140d7cf18764b/gnocchi.e57e19c4-6428-46dc-b104-b7ebd0633e87" "txaac0c876dc8c44fc803e8-0069b0d134" "proxy-server 21" 0.0127 "-" 22 0
Mar 11 02:19:32 standalone proxy-server[124910]: 172.18.0.2 ::1 11/Mar/2026/02/19/32 PUT /v1/AUTH_99c41b26b86841a5870140d7cf18764b/gnocchi.e57e19c4-6428-46dc-b104-b7ebd0633e87 HTTP/1.0 201 - python-swiftclient-3.11.1 gAAAAABpsNBqaExF... - - - txaac0c876dc8c44fc803e8-0069b0d134 - 0.0175 - - 1773195572.185492277 1773195572.202996254 0
Mar 11 02:19:32 standalone container-server[122842]: 172.20.0.100 - - [11/Mar/2026:02:19:32 +0000] "HEAD /d1/455/AUTH_99c41b26b86841a5870140d7cf18764b/gnocchi.efd32842-97da-4a41-85cf-5625d2f9e887" 404 - "HEAD http://localhost:8080/v1/AUTH_99c41b26b86841a5870140d7cf18764b/gnocchi.efd32842-97da-4a41-85cf-5625d2f9e887?format=json&states=listing" "tx96447b70f93c40158ee59-0069b0d134" "proxy-server 21" 0.0010 "-" 23 0
Mar 11 02:19:32 standalone object-server[122955]: 172.20.0.100 - - [11/Mar/2026:02:19:32 +0000] "GET /d1/508/AUTH_99c41b26b86841a5870140d7cf18764b/gnocchi.efd32842-97da-4a41-85cf-5625d2f9e887/none_v3" 404 70 "GET http://localhost:8080/v1/AUTH_99c41b26b86841a5870140d7cf18764b/gnocchi.efd32842-97da-4a41-85cf-5625d2f9e887/none_v3" "tx96447b70f93c40158ee59-0069b0d134" "proxy-server 21" 0.0006 "-" 24 0
Mar 11 02:19:32 standalone proxy-server[124910]: 172.18.0.2 ::1 11/Mar/2026/02/19/32 GET /v1/AUTH_99c41b26b86841a5870140d7cf18764b/gnocchi.efd32842-97da-4a41-85cf-5625d2f9e887/none_v3 HTTP/1.0 404 - python-swiftclient-3.11.1 gAAAAABpsNBqaExF... - 70 - tx96447b70f93c40158ee59-0069b0d134 - 0.0111 - - 1773195572.206001759 1773195572.217133760 0
Mar 11 02:19:32 standalone account-server[122832]: 172.20.0.100 - - [11/Mar/2026:02:19:32 +0000] "PUT /d1/504/AUTH_99c41b26b86841a5870140d7cf18764b/gnocchi.efd32842-97da-4a41-85cf-5625d2f9e887" 201 - "PUT http://172.20.0.100:6001/d1/455/AUTH_99c41b26b86841a5870140d7cf18764b/gnocchi.efd32842-97da-4a41-85cf-5625d2f9e887" "txee689fee91e94524be25e-0069b0d134" "container-server 21" 0.0043 "-" 21 0
Mar 11 02:19:32 standalone container-server[122833]: 172.20.0.100 - - [11/Mar/2026:02:19:32 +0000] "PUT /d1/455/AUTH_99c41b26b86841a5870140d7cf18764b/gnocchi.efd32842-97da-4a41-85cf-5625d2f9e887" 201 - "PUT http://localhost:8080/v1/AUTH_99c41b26b86841a5870140d7cf18764b/gnocchi.efd32842-97da-4a41-85cf-5625d2f9e887" "txee689fee91e94524be25e-0069b0d134" "proxy-server 21" 0.0149 "-" 21 0
Mar 11 02:19:32 standalone proxy-server[124910]: 172.18.0.2 ::1 11/Mar/2026/02/19/32 PUT /v1/AUTH_99c41b26b86841a5870140d7cf18764b/gnocchi.efd32842-97da-4a41-85cf-5625d2f9e887 HTTP/1.0 201 - python-swiftclient-3.11.1 gAAAAABpsNBqaExF... - - - txee689fee91e94524be25e-0069b0d134 - 0.0201 - - 1773195572.219506025 1773195572.239619493 0
Mar 11 02:19:32 standalone container-server[122833]: 172.20.0.100 - - [11/Mar/2026:02:19:32 +0000] "HEAD /d1/845/AUTH_99c41b26b86841a5870140d7cf18764b/gnocchi.e57e19c4-6428-46dc-b104-b7ebd0633e87" 204 - "HEAD http://localhost:8080/v1/AUTH_99c41b26b86841a5870140d7cf18764b/gnocchi.e57e19c4-6428-46dc-b104-b7ebd0633e87?format=json&states=listing" "txfb203ae6dfd440ebb10e7-0069b0d134" "proxy-server 21" 0.0009 "-" 21 0
Mar 11 02:19:32 standalone proxy-server[124910]: - - 11/Mar/2026/02/19/32 HEAD /v1/AUTH_99c41b26b86841a5870140d7cf18764b/gnocchi.e57e19c4-6428-46dc-b104-b7ebd0633e87%3Fformat%3Djson%26states%3Dlisting HTTP/1.0 204 - Swift - - - - txfb203ae6dfd440ebb10e7-0069b0d134 - 0.0033 RL - 1773195572.244174242 1773195572.247458458 0
Mar 11 02:19:32 standalone container-server[122831]: 172.20.0.100 - - [11/Mar/2026:02:19:32 +0000] "GET /d1/845/AUTH_99c41b26b86841a5870140d7cf18764b/gnocchi.e57e19c4-6428-46dc-b104-b7ebd0633e87" 200 2 "GET http://localhost:8080/v1/AUTH_99c41b26b86841a5870140d7cf18764b/gnocchi.e57e19c4-6428-46dc-b104-b7ebd0633e87?format=json&states=listing" "txfb203ae6dfd440ebb10e7-0069b0d134" "proxy-server 21" 0.0033 "-" 20 0
Mar 11 02:19:32 standalone proxy-server[124910]: 172.18.0.2 ::1 11/Mar/2026/02/19/32 GET /v1/AUTH_99c41b26b86841a5870140d7cf18764b/gnocchi.e57e19c4-6428-46dc-b104-b7ebd0633e87%3Fformat%3Djson%26states%3Dlisting HTTP/1.0 200 - python-swiftclient-3.11.1 gAAAAABpsNBqaExF... - 2 - txfb203ae6dfd440ebb10e7-0069b0d134 - 0.0178 - - 1773195572.243188620 1773195572.261028051 0
Mar 11 02:19:32 standalone container-server[122842]: 172.20.0.100 - - [11/Mar/2026:02:19:32 +0000] "HEAD /d1/455/AUTH_99c41b26b86841a5870140d7cf18764b/gnocchi.efd32842-97da-4a41-85cf-5625d2f9e887" 204 - "HEAD http://localhost:8080/v1/AUTH_99c41b26b86841a5870140d7cf18764b/gnocchi.efd32842-97da-4a41-85cf-5625d2f9e887?format=json&states=listing" "txba771b6882354949b7c7a-0069b0d134" "proxy-server 21" 0.0021 "-" 23 0
Mar 11 02:19:32 standalone proxy-server[124910]: - - 11/Mar/2026/02/19/32 HEAD /v1/AUTH_99c41b26b86841a5870140d7cf18764b/gnocchi.efd32842-97da-4a41-85cf-5625d2f9e887%3Fformat%3Djson%26states%3Dlisting HTTP/1.0 204 - Swift - - - - txba771b6882354949b7c7a-0069b0d134 - 0.0069 RL - 1773195572.265735388 1773195572.272587776 0
Mar 11 02:19:32 standalone container-server[122839]: 172.20.0.100 - - [11/Mar/2026:02:19:32 +0000] "GET /d1/455/AUTH_99c41b26b86841a5870140d7cf18764b/gnocchi.efd32842-97da-4a41-85cf-5625d2f9e887" 200 2 "GET http://localhost:8080/v1/AUTH_99c41b26b86841a5870140d7cf18764b/gnocchi.efd32842-97da-4a41-85cf-5625d2f9e887?format=json&states=listing" "txba771b6882354949b7c7a-0069b0d134" "proxy-server 21" 0.0017 "-" 22 0
Mar 11 02:19:32 standalone proxy-server[124910]: 172.18.0.2 ::1 11/Mar/2026/02/19/32 GET /v1/AUTH_99c41b26b86841a5870140d7cf18764b/gnocchi.efd32842-97da-4a41-85cf-5625d2f9e887%3Fformat%3Djson%26states%3Dlisting HTTP/1.0 200 - python-swiftclient-3.11.1 gAAAAABpsNBqaExF... - 2 - txba771b6882354949b7c7a-0069b0d134 - 0.0176 - - 1773195572.264738321 1773195572.282364368 0
Mar 11 02:19:32 standalone object-server[122954]: 172.20.0.100 - - [11/Mar/2026:02:19:32 +0000] "GET /d1/188/AUTH_99c41b26b86841a5870140d7cf18764b/gnocchi.e57e19c4-6428-46dc-b104-b7ebd0633e87/1772280000.0_mean_300.0_v3" 404 70 "GET http://localhost:8080/v1/AUTH_99c41b26b86841a5870140d7cf18764b/gnocchi.e57e19c4-6428-46dc-b104-b7ebd0633e87/1772280000.0_mean_300.0_v3" "tx6d6c1736c49b456b92324-0069b0d134" "proxy-server 21" 0.0003 "-" 23 0
Mar 11 02:19:32 standalone proxy-server[124910]: 172.18.0.2 ::1 11/Mar/2026/02/19/32 GET /v1/AUTH_99c41b26b86841a5870140d7cf18764b/gnocchi.e57e19c4-6428-46dc-b104-b7ebd0633e87/1772280000.0_mean_300.0_v3 HTTP/1.0 404 - python-swiftclient-3.11.1 gAAAAABpsNBqaExF... - 70 - tx6d6c1736c49b456b92324-0069b0d134 - 0.0064 - - 1773195572.286141634 1773195572.292548180 0
Mar 11 02:19:32 standalone object-server[122952]: 172.20.0.100 - - [11/Mar/2026:02:19:32 +0000] "GET /d1/706/AUTH_99c41b26b86841a5870140d7cf18764b/gnocchi.efd32842-97da-4a41-85cf-5625d2f9e887/1772280000.0_mean_300.0_v3" 404 70 "GET http://localhost:8080/v1/AUTH_99c41b26b86841a5870140d7cf18764b/gnocchi.efd32842-97da-4a41-85cf-5625d2f9e887/1772280000.0_mean_300.0_v3" "txc5023f86749a448ab6d8d-0069b0d134" "proxy-server 21" 0.0004 "-" 21 0
Mar 11 02:19:32 standalone proxy-server[124910]: 172.18.0.2 ::1 11/Mar/2026/02/19/32 GET /v1/AUTH_99c41b26b86841a5870140d7cf18764b/gnocchi.efd32842-97da-4a41-85cf-5625d2f9e887/1772280000.0_mean_300.0_v3 HTTP/1.0 404 - python-swiftclient-3.11.1 gAAAAABpsNBqaExF... - 70 - txc5023f86749a448ab6d8d-0069b0d134 - 0.0072 - - 1773195572.295144796 1773195572.302384853 0
Mar 11 02:19:32 standalone container-server[122833]: 172.20.0.100 - - [11/Mar/2026:02:19:32 +0000] "PUT /d1/845/AUTH_99c41b26b86841a5870140d7cf18764b/gnocchi.e57e19c4-6428-46dc-b104-b7ebd0633e87/1772280000.0_mean_300.0_v3" 201 - "PUT http://localhost:8080/d1/188/AUTH_99c41b26b86841a5870140d7cf18764b/gnocchi.e57e19c4-6428-46dc-b104-b7ebd0633e87/1772280000.0_mean_300.0_v3" "txb2b0eb4f053b4aa8949d2-0069b0d134" "object-server 23" 0.0005 "-" 21 0
Mar 11 02:19:32 standalone object-server[122954]: 172.20.0.100 - - [11/Mar/2026:02:19:32 +0000] "PUT /d1/188/AUTH_99c41b26b86841a5870140d7cf18764b/gnocchi.e57e19c4-6428-46dc-b104-b7ebd0633e87/1772280000.0_mean_300.0_v3" 201 - "PUT http://localhost:8080/v1/AUTH_99c41b26b86841a5870140d7cf18764b/gnocchi.e57e19c4-6428-46dc-b104-b7ebd0633e87/1772280000.0_mean_300.0_v3" "txb2b0eb4f053b4aa8949d2-0069b0d134" "proxy-server 21" 0.0080 "-" 23 0
Mar 11 02:19:32 standalone proxy-server[124910]: 172.18.0.2 ::1 11/Mar/2026/02/19/32 PUT /v1/AUTH_99c41b26b86841a5870140d7cf18764b/gnocchi.e57e19c4-6428-46dc-b104-b7ebd0633e87/1772280000.0_mean_300.0_v3 HTTP/1.0 201 - python-swiftclient-3.11.1 gAAAAABpsNBqaExF... 16 - - txb2b0eb4f053b4aa8949d2-0069b0d134 - 0.0130 - - 1773195572.304892302 1773195572.317905188 0
Mar 11 02:19:32 standalone container-server[122833]: 172.20.0.100 - - [11/Mar/2026:02:19:32 +0000] "PUT /d1/455/AUTH_99c41b26b86841a5870140d7cf18764b/gnocchi.efd32842-97da-4a41-85cf-5625d2f9e887/1772280000.0_mean_300.0_v3" 201 - "PUT http://localhost:8080/d1/706/AUTH_99c41b26b86841a5870140d7cf18764b/gnocchi.efd32842-97da-4a41-85cf-5625d2f9e887/1772280000.0_mean_300.0_v3" "tx585421e2e24243139ac25-0069b0d134" "object-server 23" 0.0005 "-" 21 0
Mar 11 02:19:32 standalone object-server[122954]: 172.20.0.100 - - [11/Mar/2026:02:19:32 +0000] "PUT /d1/706/AUTH_99c41b26b86841a5870140d7cf18764b/gnocchi.efd32842-97da-4a41-85cf-5625d2f9e887/1772280000.0_mean_300.0_v3" 201 - "PUT http://localhost:8080/v1/AUTH_99c41b26b86841a5870140d7cf18764b/gnocchi.efd32842-97da-4a41-85cf-5625d2f9e887/1772280000.0_mean_300.0_v3" "tx585421e2e24243139ac25-0069b0d134" "proxy-server 21" 0.0078 "-" 23 0
Mar 11 02:19:32 standalone proxy-server[124910]: 172.18.0.2 ::1 11/Mar/2026/02/19/32 PUT /v1/AUTH_99c41b26b86841a5870140d7cf18764b/gnocchi.efd32842-97da-4a41-85cf-5625d2f9e887/1772280000.0_mean_300.0_v3 HTTP/1.0 201 - python-swiftclient-3.11.1 gAAAAABpsNBqaExF... 16 - - tx585421e2e24243139ac25-0069b0d134 - 0.0120 - - 1773195572.320118189 1773195572.332146406 0
Mar 11 02:19:32 standalone container-server[122833]: 172.20.0.100 - - [11/Mar/2026:02:19:32 +0000] "PUT /d1/845/AUTH_99c41b26b86841a5870140d7cf18764b/gnocchi.e57e19c4-6428-46dc-b104-b7ebd0633e87/none_v3" 201 - "PUT http://localhost:8080/d1/858/AUTH_99c41b26b86841a5870140d7cf18764b/gnocchi.e57e19c4-6428-46dc-b104-b7ebd0633e87/none_v3" "tx5b84908a37c24a7d921b9-0069b0d134" "object-server 24" 0.0004 "-" 21 0
Mar 11 02:19:32 standalone object-server[122955]: 172.20.0.100 - - [11/Mar/2026:02:19:32 +0000] "PUT /d1/858/AUTH_99c41b26b86841a5870140d7cf18764b/gnocchi.e57e19c4-6428-46dc-b104-b7ebd0633e87/none_v3" 201 - "PUT http://localhost:8080/v1/AUTH_99c41b26b86841a5870140d7cf18764b/gnocchi.e57e19c4-6428-46dc-b104-b7ebd0633e87/none_v3" "tx5b84908a37c24a7d921b9-0069b0d134" "proxy-server 21" 0.0103 "-" 24 0
Mar 11 02:19:32 standalone proxy-server[124910]: 172.18.0.2 ::1 11/Mar/2026/02/19/32 PUT /v1/AUTH_99c41b26b86841a5870140d7cf18764b/gnocchi.e57e19c4-6428-46dc-b104-b7ebd0633e87/none_v3 HTTP/1.0 201 - python-swiftclient-3.11.1 gAAAAABpsNBqaExF... 22 - - tx5b84908a37c24a7d921b9-0069b0d134 - 0.0170 - - 1773195572.338191032 1773195572.355197430 0
Mar 11 02:19:32 standalone container-server[122831]: 172.20.0.100 - - [11/Mar/2026:02:19:32 +0000] "PUT /d1/455/AUTH_99c41b26b86841a5870140d7cf18764b/gnocchi.efd32842-97da-4a41-85cf-5625d2f9e887/none_v3" 201 - "PUT http://localhost:8080/d1/508/AUTH_99c41b26b86841a5870140d7cf18764b/gnocchi.efd32842-97da-4a41-85cf-5625d2f9e887/none_v3" "tx76767a8aee9c418ba9c2c-0069b0d134" "object-server 24" 0.0005 "-" 20 0
Mar 11 02:19:32 standalone object-server[122955]: 172.20.0.100 - - [11/Mar/2026:02:19:32 +0000] "PUT /d1/508/AUTH_99c41b26b86841a5870140d7cf18764b/gnocchi.efd32842-97da-4a41-85cf-5625d2f9e887/none_v3" 201 - "PUT http://localhost:8080/v1/AUTH_99c41b26b86841a5870140d7cf18764b/gnocchi.efd32842-97da-4a41-85cf-5625d2f9e887/none_v3" "tx76767a8aee9c418ba9c2c-0069b0d134" "proxy-server 21" 0.0108 "-" 24 0
Mar 11 02:19:32 standalone proxy-server[124910]: 172.18.0.2 ::1 11/Mar/2026/02/19/32 PUT /v1/AUTH_99c41b26b86841a5870140d7cf18764b/gnocchi.efd32842-97da-4a41-85cf-5625d2f9e887/none_v3 HTTP/1.0 201 - python-swiftclient-3.11.1 gAAAAABpsNBqaExF... 22 - - tx76767a8aee9c418ba9c2c-0069b0d134 - 0.0168 - - 1773195572.360992670 1773195572.377789974 0
Mar 11 02:19:32 standalone container-server[122831]: 172.20.0.100 - - [11/Mar/2026:02:19:32 +0000] "HEAD /d1/289/AUTH_99c41b26b86841a5870140d7cf18764b/gnocchi.0c2fe69c-7a41-4993-b5f4-46d2a8f6d263" 404 - "HEAD http://localhost:8080/v1/AUTH_99c41b26b86841a5870140d7cf18764b/gnocchi.0c2fe69c-7a41-4993-b5f4-46d2a8f6d263?format=json&states=listing" "txe71a6fe971bb4c319e4aa-0069b0d134" "proxy-server 21" 0.0003 "-" 20 0
Mar 11 02:19:32 standalone object-server[122952]: 172.20.0.100 - - [11/Mar/2026:02:19:32 +0000] "GET /d1/998/AUTH_99c41b26b86841a5870140d7cf18764b/gnocchi.0c2fe69c-7a41-4993-b5f4-46d2a8f6d263/none_v3" 404 70 "GET http://localhost:8080/v1/AUTH_99c41b26b86841a5870140d7cf18764b/gnocchi.0c2fe69c-7a41-4993-b5f4-46d2a8f6d263/none_v3" "txe71a6fe971bb4c319e4aa-0069b0d134" "proxy-server 21" 0.0004 "-" 21 0
Mar 11 02:19:32 standalone proxy-server[124910]: 172.18.0.2 ::1 11/Mar/2026/02/19/32 GET /v1/AUTH_99c41b26b86841a5870140d7cf18764b/gnocchi.0c2fe69c-7a41-4993-b5f4-46d2a8f6d263/none_v3 HTTP/1.0 404 - python-swiftclient-3.11.1 gAAAAABpsNBqaExF... - 70 - txe71a6fe971bb4c319e4aa-0069b0d134 - 0.0118 - - 1773195572.390100479 1773195572.401937962 0
Mar 11 02:19:32 standalone account-server[122832]: 172.20.0.100 - - [11/Mar/2026:02:19:32 +0000] "PUT /d1/504/AUTH_99c41b26b86841a5870140d7cf18764b/gnocchi.0c2fe69c-7a41-4993-b5f4-46d2a8f6d263" 201 - "PUT http://172.20.0.100:6001/d1/289/AUTH_99c41b26b86841a5870140d7cf18764b/gnocchi.0c2fe69c-7a41-4993-b5f4-46d2a8f6d263" "txf1eeb18019c441c2a216a-0069b0d134" "container-server 20" 0.0054 "-" 21 0
Mar 11 02:19:32 standalone container-server[122831]: 172.20.0.100 - - [11/Mar/2026:02:19:32 +0000] "PUT /d1/289/AUTH_99c41b26b86841a5870140d7cf18764b/gnocchi.0c2fe69c-7a41-4993-b5f4-46d2a8f6d263" 201 - "PUT http://localhost:8080/v1/AUTH_99c41b26b86841a5870140d7cf18764b/gnocchi.0c2fe69c-7a41-4993-b5f4-46d2a8f6d263" "txf1eeb18019c441c2a216a-0069b0d134" "proxy-server 21" 0.0139 "-" 20 0
Mar 11 02:19:32 standalone proxy-server[124910]: 172.18.0.2 ::1 11/Mar/2026/02/19/32 PUT /v1/AUTH_99c41b26b86841a5870140d7cf18764b/gnocchi.0c2fe69c-7a41-4993-b5f4-46d2a8f6d263 HTTP/1.0 201 - python-swiftclient-3.11.1 gAAAAABpsNBqaExF... - - - txf1eeb18019c441c2a216a-0069b0d134 - 0.0194 - - 1773195572.405855417 1773195572.425304174 0
Mar 11 02:19:32 standalone container-server[122842]: 172.20.0.100 - - [11/Mar/2026:02:19:32 +0000] "HEAD /d1/289/AUTH_99c41b26b86841a5870140d7cf18764b/gnocchi.0c2fe69c-7a41-4993-b5f4-46d2a8f6d263" 204 - "HEAD http://localhost:8080/v1/AUTH_99c41b26b86841a5870140d7cf18764b/gnocchi.0c2fe69c-7a41-4993-b5f4-46d2a8f6d263?format=json&states=listing" "txf9da01ace6984322bc01f-0069b0d134" "proxy-server 21" 0.0014 "-" 23 0
Mar 11 02:19:32 standalone proxy-server[124910]: - - 11/Mar/2026/02/19/32 HEAD /v1/AUTH_99c41b26b86841a5870140d7cf18764b/gnocchi.0c2fe69c-7a41-4993-b5f4-46d2a8f6d263%3Fformat%3Djson%26states%3Dlisting HTTP/1.0 204 - Swift - - - - txf9da01ace6984322bc01f-0069b0d134 - 0.0053 RL - 1773195572.431504011 1773195572.436774969 0
Mar 11 02:19:32 standalone container-server[122842]: 172.20.0.100 - - [11/Mar/2026:02:19:32 +0000] "GET /d1/289/AUTH_99c41b26b86841a5870140d7cf18764b/gnocchi.0c2fe69c-7a41-4993-b5f4-46d2a8f6d263" 200 2 "GET http://localhost:8080/v1/AUTH_99c41b26b86841a5870140d7cf18764b/gnocchi.0c2fe69c-7a41-4993-b5f4-46d2a8f6d263?format=json&states=listing" "txf9da01ace6984322bc01f-0069b0d134" "proxy-server 21" 0.0024 "-" 23 0
Mar 11 02:19:32 standalone proxy-server[124910]: 172.18.0.2 ::1 11/Mar/2026/02/19/32 GET /v1/AUTH_99c41b26b86841a5870140d7cf18764b/gnocchi.0c2fe69c-7a41-4993-b5f4-46d2a8f6d263%3Fformat%3Djson%26states%3Dlisting HTTP/1.0 200 - python-swiftclient-3.11.1 gAAAAABpsNBqaExF... - 2 - txf9da01ace6984322bc01f-0069b0d134 - 0.0190 - - 1773195572.429839373 1773195572.448841333 0
Mar 11 02:19:32 standalone object-server[122952]: 172.20.0.100 - - [11/Mar/2026:02:19:32 +0000] "GET /d1/272/AUTH_99c41b26b86841a5870140d7cf18764b/gnocchi.0c2fe69c-7a41-4993-b5f4-46d2a8f6d263/1772280000.0_mean_300.0_v3" 404 70 "GET http://localhost:8080/v1/AUTH_99c41b26b86841a5870140d7cf18764b/gnocchi.0c2fe69c-7a41-4993-b5f4-46d2a8f6d263/1772280000.0_mean_300.0_v3" "txa31db0bb1a0844a593417-0069b0d134" "proxy-server 21" 0.0004 "-" 21 0
Mar 11 02:19:32 standalone proxy-server[124910]: 172.18.0.2 ::1 11/Mar/2026/02/19/32 GET /v1/AUTH_99c41b26b86841a5870140d7cf18764b/gnocchi.0c2fe69c-7a41-4993-b5f4-46d2a8f6d263/1772280000.0_mean_300.0_v3 HTTP/1.0 404 - python-swiftclient-3.11.1 gAAAAABpsNBqaExF... - 70 - txa31db0bb1a0844a593417-0069b0d134 - 0.0075 - - 1773195572.454039335 1773195572.461550951 0
Mar 11 02:19:32 standalone container-server[122831]: 172.20.0.100 - - [11/Mar/2026:02:19:32 +0000] "PUT /d1/289/AUTH_99c41b26b86841a5870140d7cf18764b/gnocchi.0c2fe69c-7a41-4993-b5f4-46d2a8f6d263/1772280000.0_mean_300.0_v3" 201 - "PUT http://localhost:8080/d1/272/AUTH_99c41b26b86841a5870140d7cf18764b/gnocchi.0c2fe69c-7a41-4993-b5f4-46d2a8f6d263/1772280000.0_mean_300.0_v3" "tx4cbdf9c474144dc79b4ad-0069b0d134" "object-server 24" 0.0007 "-" 20 0
Mar 11 02:19:32 standalone object-server[122955]: 172.20.0.100 - - [11/Mar/2026:02:19:32 +0000] "PUT /d1/272/AUTH_99c41b26b86841a5870140d7cf18764b/gnocchi.0c2fe69c-7a41-4993-b5f4-46d2a8f6d263/1772280000.0_mean_300.0_v3" 201 - "PUT http://localhost:8080/v1/AUTH_99c41b26b86841a5870140d7cf18764b/gnocchi.0c2fe69c-7a41-4993-b5f4-46d2a8f6d263/1772280000.0_mean_300.0_v3" "tx4cbdf9c474144dc79b4ad-0069b0d134" "proxy-server 21" 0.0121 "-" 24 0
Mar 11 02:19:32 standalone proxy-server[124910]: 172.18.0.2 ::1 11/Mar/2026/02/19/32 PUT /v1/AUTH_99c41b26b86841a5870140d7cf18764b/gnocchi.0c2fe69c-7a41-4993-b5f4-46d2a8f6d263/1772280000.0_mean_300.0_v3 HTTP/1.0 201 - python-swiftclient-3.11.1 gAAAAABpsNBqaExF... 16 - - tx4cbdf9c474144dc79b4ad-0069b0d134 - 0.0205 - - 1773195572.467889547 1773195572.488435745 0
Mar 11 02:19:32 standalone container-server[122839]: 172.20.0.100 - - [11/Mar/2026:02:19:32 +0000] "PUT /d1/289/AUTH_99c41b26b86841a5870140d7cf18764b/gnocchi.0c2fe69c-7a41-4993-b5f4-46d2a8f6d263/none_v3" 201 - "PUT http://localhost:8080/d1/998/AUTH_99c41b26b86841a5870140d7cf18764b/gnocchi.0c2fe69c-7a41-4993-b5f4-46d2a8f6d263/none_v3" "tx20c26930b857449db6d9b-0069b0d134" "object-server 23" 0.0008 "-" 22 0
Mar 11 02:19:32 standalone object-server[122954]: 172.20.0.100 - - [11/Mar/2026:02:19:32 +0000] "PUT /d1/998/AUTH_99c41b26b86841a5870140d7cf18764b/gnocchi.0c2fe69c-7a41-4993-b5f4-46d2a8f6d263/none_v3" 201 - "PUT http://localhost:8080/v1/AUTH_99c41b26b86841a5870140d7cf18764b/gnocchi.0c2fe69c-7a41-4993-b5f4-46d2a8f6d263/none_v3" "tx20c26930b857449db6d9b-0069b0d134" "proxy-server 21" 0.0102 "-" 23 0
Mar 11 02:19:32 standalone proxy-server[124910]: 172.18.0.2 ::1 11/Mar/2026/02/19/32 PUT /v1/AUTH_99c41b26b86841a5870140d7cf18764b/gnocchi.0c2fe69c-7a41-4993-b5f4-46d2a8f6d263/none_v3 HTTP/1.0 201 - python-swiftclient-3.11.1 gAAAAABpsNBqaExF... 22 - - tx20c26930b857449db6d9b-0069b0d134 - 0.0184 - - 1773195572.493499041 1773195572.511907816 0
Mar 11 02:19:32 standalone container-server[122839]: 172.20.0.100 - - [11/Mar/2026:02:19:32 +0000] "HEAD /d1/287/AUTH_99c41b26b86841a5870140d7cf18764b/gnocchi.041162aa-5d60-4a3a-933b-05fb670aabed" 404 - "HEAD http://localhost:8080/v1/AUTH_99c41b26b86841a5870140d7cf18764b/gnocchi.041162aa-5d60-4a3a-933b-05fb670aabed?format=json&states=listing" "tx9c0c980956554e72a45e4-0069b0d134" "proxy-server 21" 0.0006 "-" 22 0
Mar 11 02:19:32 standalone object-server[122954]: 172.20.0.100 - - [11/Mar/2026:02:19:32 +0000] "GET /d1/540/AUTH_99c41b26b86841a5870140d7cf18764b/gnocchi.041162aa-5d60-4a3a-933b-05fb670aabed/none_v3" 404 70 "GET http://localhost:8080/v1/AUTH_99c41b26b86841a5870140d7cf18764b/gnocchi.041162aa-5d60-4a3a-933b-05fb670aabed/none_v3" "tx9c0c980956554e72a45e4-0069b0d134" "proxy-server 21" 0.0003 "-" 23 0
Mar 11 02:19:32 standalone proxy-server[124910]: 172.18.0.2 ::1 11/Mar/2026/02/19/32 GET /v1/AUTH_99c41b26b86841a5870140d7cf18764b/gnocchi.041162aa-5d60-4a3a-933b-05fb670aabed/none_v3 HTTP/1.0 404 - python-swiftclient-3.11.1 gAAAAABpsNBqaExF... - 70 - tx9c0c980956554e72a45e4-0069b0d134 - 0.0143 - - 1773195572.528964043 1773195572.543291569 0
Mar 11 02:19:32 standalone account-server[122829]: 172.20.0.100 - - [11/Mar/2026:02:19:32 +0000] "PUT /d1/504/AUTH_99c41b26b86841a5870140d7cf18764b/gnocchi.041162aa-5d60-4a3a-933b-05fb670aabed" 201 - "PUT http://172.20.0.100:6001/d1/287/AUTH_99c41b26b86841a5870140d7cf18764b/gnocchi.041162aa-5d60-4a3a-933b-05fb670aabed" "txe5a98a9929b040cc9ce81-0069b0d134" "container-server 23" 0.0060 "-" 20 0
Mar 11 02:19:32 standalone container-server[122842]: 172.20.0.100 - - [11/Mar/2026:02:19:32 +0000] "PUT /d1/287/AUTH_99c41b26b86841a5870140d7cf18764b/gnocchi.041162aa-5d60-4a3a-933b-05fb670aabed" 201 - "PUT http://localhost:8080/v1/AUTH_99c41b26b86841a5870140d7cf18764b/gnocchi.041162aa-5d60-4a3a-933b-05fb670aabed" "txe5a98a9929b040cc9ce81-0069b0d134" "proxy-server 21" 0.0171 "-" 23 0
Mar 11 02:19:32 standalone proxy-server[124910]: 172.18.0.2 ::1 11/Mar/2026/02/19/32 PUT /v1/AUTH_99c41b26b86841a5870140d7cf18764b/gnocchi.041162aa-5d60-4a3a-933b-05fb670aabed HTTP/1.0 201 - python-swiftclient-3.11.1 gAAAAABpsNBqaExF... - - - txe5a98a9929b040cc9ce81-0069b0d134 - 0.0267 - - 1773195572.547986507 1773195572.574683189 0
Mar 11 02:19:32 standalone container-server[122831]: 172.20.0.100 - - [11/Mar/2026:02:19:32 +0000] "HEAD /d1/287/AUTH_99c41b26b86841a5870140d7cf18764b/gnocchi.041162aa-5d60-4a3a-933b-05fb670aabed" 204 - "HEAD http://localhost:8080/v1/AUTH_99c41b26b86841a5870140d7cf18764b/gnocchi.041162aa-5d60-4a3a-933b-05fb670aabed?format=json&states=listing" "tx5b708fb2bec94c47a7514-0069b0d134" "proxy-server 21" 0.0013 "-" 20 0
Mar 11 02:19:32 standalone proxy-server[124910]: - - 11/Mar/2026/02/19/32 HEAD /v1/AUTH_99c41b26b86841a5870140d7cf18764b/gnocchi.041162aa-5d60-4a3a-933b-05fb670aabed%3Fformat%3Djson%26states%3Dlisting HTTP/1.0 204 - Swift - - - - tx5b708fb2bec94c47a7514-0069b0d134 - 0.0064 RL - 1773195572.581899881 1773195572.588340282 0
Mar 11 02:19:32 standalone container-server[122831]: 172.20.0.100 - - [11/Mar/2026:02:19:32 +0000] "GET /d1/287/AUTH_99c41b26b86841a5870140d7cf18764b/gnocchi.041162aa-5d60-4a3a-933b-05fb670aabed" 200 2 "GET http://localhost:8080/v1/AUTH_99c41b26b86841a5870140d7cf18764b/gnocchi.041162aa-5d60-4a3a-933b-05fb670aabed?format=json&states=listing" "tx5b708fb2bec94c47a7514-0069b0d134" "proxy-server 21" 0.0023 "-" 20 0
Mar 11 02:19:32 standalone proxy-server[124910]: 172.18.0.2 ::1 11/Mar/2026/02/19/32 GET /v1/AUTH_99c41b26b86841a5870140d7cf18764b/gnocchi.041162aa-5d60-4a3a-933b-05fb670aabed%3Fformat%3Djson%26states%3Dlisting HTTP/1.0 200 - python-swiftclient-3.11.1 gAAAAABpsNBqaExF... - 2 - tx5b708fb2bec94c47a7514-0069b0d134 - 0.0183 - - 1773195572.580186844 1773195572.598483562 0
Mar 11 02:19:32 standalone object-server[122954]: 172.20.0.100 - - [11/Mar/2026:02:19:32 +0000] "GET /d1/112/AUTH_99c41b26b86841a5870140d7cf18764b/gnocchi.041162aa-5d60-4a3a-933b-05fb670aabed/1772280000.0_mean_300.0_v3" 404 70 "GET http://localhost:8080/v1/AUTH_99c41b26b86841a5870140d7cf18764b/gnocchi.041162aa-5d60-4a3a-933b-05fb670aabed/1772280000.0_mean_300.0_v3" "tx822d56e07e884a7a8c563-0069b0d134" "proxy-server 21" 0.0005 "-" 23 0
Mar 11 02:19:32 standalone proxy-server[124910]: 172.18.0.2 ::1 11/Mar/2026/02/19/32 GET /v1/AUTH_99c41b26b86841a5870140d7cf18764b/gnocchi.041162aa-5d60-4a3a-933b-05fb670aabed/1772280000.0_mean_300.0_v3 HTTP/1.0 404 - python-swiftclient-3.11.1 gAAAAABpsNBqaExF... - 70 - tx822d56e07e884a7a8c563-0069b0d134 - 0.0085 - - 1773195572.604797125 1773195572.613337517 0
Mar 11 02:19:32 standalone container-server[122842]: 172.20.0.100 - - [11/Mar/2026:02:19:32 +0000] "PUT /d1/287/AUTH_99c41b26b86841a5870140d7cf18764b/gnocchi.041162aa-5d60-4a3a-933b-05fb670aabed/1772280000.0_mean_300.0_v3" 201 - "PUT http://localhost:8080/d1/112/AUTH_99c41b26b86841a5870140d7cf18764b/gnocchi.041162aa-5d60-4a3a-933b-05fb670aabed/1772280000.0_mean_300.0_v3" "tx1c65d2c82e104b03a7e74-0069b0d134" "object-server 24" 0.0009 "-" 23 0
Mar 11 02:19:32 standalone object-server[122955]: 172.20.0.100 - - [11/Mar/2026:02:19:32 +0000] "PUT /d1/112/AUTH_99c41b26b86841a5870140d7cf18764b/gnocchi.041162aa-5d60-4a3a-933b-05fb670aabed/1772280000.0_mean_300.0_v3" 201 - "PUT http://localhost:8080/v1/AUTH_99c41b26b86841a5870140d7cf18764b/gnocchi.041162aa-5d60-4a3a-933b-05fb670aabed/1772280000.0_mean_300.0_v3" "tx1c65d2c82e104b03a7e74-0069b0d134" "proxy-server 21" 0.0209 "-" 24 0
Mar 11 02:19:32 standalone proxy-server[124910]: 172.18.0.2 ::1 11/Mar/2026/02/19/32 PUT /v1/AUTH_99c41b26b86841a5870140d7cf18764b/gnocchi.041162aa-5d60-4a3a-933b-05fb670aabed/1772280000.0_mean_300.0_v3 HTTP/1.0 201 - python-swiftclient-3.11.1 gAAAAABpsNBqaExF... 16 - - tx1c65d2c82e104b03a7e74-0069b0d134 - 0.0299 - - 1773195572.618655920 1773195572.648524523 0
Mar 11 02:19:32 standalone container-server[122831]: 172.20.0.100 - - [11/Mar/2026:02:19:32 +0000] "PUT /d1/287/AUTH_99c41b26b86841a5870140d7cf18764b/gnocchi.041162aa-5d60-4a3a-933b-05fb670aabed/none_v3" 201 - "PUT http://localhost:8080/d1/540/AUTH_99c41b26b86841a5870140d7cf18764b/gnocchi.041162aa-5d60-4a3a-933b-05fb670aabed/none_v3" "tx900235f728d14f9eb6d55-0069b0d134" "object-server 22" 0.0010 "-" 20 0
Mar 11 02:19:32 standalone object-server[122953]: 172.20.0.100 - - [11/Mar/2026:02:19:32 +0000] "PUT /d1/540/AUTH_99c41b26b86841a5870140d7cf18764b/gnocchi.041162aa-5d60-4a3a-933b-05fb670aabed/none_v3" 201 - "PUT http://localhost:8080/v1/AUTH_99c41b26b86841a5870140d7cf18764b/gnocchi.041162aa-5d60-4a3a-933b-05fb670aabed/none_v3" "tx900235f728d14f9eb6d55-0069b0d134" "proxy-server 21" 0.0136 "-" 22 0
Mar 11 02:19:32 standalone proxy-server[124910]: 172.18.0.2 ::1 11/Mar/2026/02/19/32 PUT /v1/AUTH_99c41b26b86841a5870140d7cf18764b/gnocchi.041162aa-5d60-4a3a-933b-05fb670aabed/none_v3 HTTP/1.0 201 - python-swiftclient-3.11.1 gAAAAABpsNBqaExF... 22 - - tx900235f728d14f9eb6d55-0069b0d134 - 0.0225 - - 1773195572.652483225 1773195572.674952745 0
Mar 11 02:20:04 standalone account-server[122832]: 172.20.0.100 - - [11/Mar/2026:02:20:04 +0000] "HEAD /d1/894/.expiring_objects" 404 - "HEAD http://localhost/v1/.expiring_objects?format=json" "txb64f0482815447f59fd04-0069b0d154" "proxy-server 2" 0.0008 "-" 21 -
Mar 11 02:20:04 standalone object-expirer[122698]: Pass completed in 0s; 0 objects expired (txn: txb64f0482815447f59fd04-0069b0d154)
Mar 11 02:20:37 standalone account-server[122829]: 172.20.0.100 - - [11/Mar/2026:02:20:37 +0000] "HEAD /d1/894/.expiring_objects" 404 - "HEAD http://localhost/v1/.expiring_objects?format=json" "txdb21feceefc64bb5951f1-0069b0d175" "proxy-server 2" 0.0083 "-" 20 -
Mar 11 02:20:37 standalone object-expirer[122698]: Pass completed in 0s; 0 objects expired (txn: txdb21feceefc64bb5951f1-0069b0d175)
Mar 11 02:21:16 standalone account-server[122840]: 172.20.0.100 - - [11/Mar/2026:02:21:16 +0000] "HEAD /d1/894/.expiring_objects" 404 - "HEAD http://localhost/v1/.expiring_objects?format=json" "txb3e420dd6826404f9268e-0069b0d19c" "proxy-server 2" 0.0007 "-" 23 -
Mar 11 02:21:16 standalone object-expirer[122698]: Pass completed in 0s; 0 objects expired (txn: txb3e420dd6826404f9268e-0069b0d19c)
Mar 11 02:21:28 standalone account-server[122335]: Devices pass completed: 0.00s
Mar 11 02:21:54 standalone account-server[122832]: 172.20.0.100 - - [11/Mar/2026:02:21:54 +0000] "HEAD /d1/894/.expiring_objects" 404 - "HEAD http://localhost/v1/.expiring_objects?format=json" "txbe3aee693fe149daa29fe-0069b0d1c2" "proxy-server 2" 0.0008 "-" 21 -
Mar 11 02:21:54 standalone object-expirer[122698]: Pass completed in 0s; 0 objects expired (txn: txbe3aee693fe149daa29fe-0069b0d1c2)
Mar 11 02:22:08 standalone container-server[122604]: Begin container update sweep
Mar 11 02:22:08 standalone account-server[122832]: 172.20.0.100 - - [11/Mar/2026:02:22:08 +0000] "PUT /d1/504/AUTH_99c41b26b86841a5870140d7cf18764b/gnocchi.e57e19c4-6428-46dc-b104-b7ebd0633e87" 201 - "-" "-" "container-updater 2" 0.0011 "-" 21 0
Mar 11 02:22:08 standalone account-server[122840]: 172.20.0.100 - - [11/Mar/2026:02:22:08 +0000] "PUT /d1/504/AUTH_99c41b26b86841a5870140d7cf18764b/gnocchi.de790469-b54a-4365-b3c4-07b600ebbaa5" 201 - "-" "-" "container-updater 2" 0.0006 "-" 23 0
Mar 11 02:22:08 standalone account-server[122829]: 172.20.0.100 - - [11/Mar/2026:02:22:08 +0000] "PUT /d1/504/AUTH_99c41b26b86841a5870140d7cf18764b/gnocchi.a012e852-9e57-4f53-9e8e-882245fbf0b4" 201 - "-" "-" "container-updater 2" 0.0006 "-" 20 0
Mar 11 02:22:08 standalone account-server[122837]: 172.20.0.100 - - [11/Mar/2026:02:22:08 +0000] "PUT /d1/504/AUTH_99c41b26b86841a5870140d7cf18764b/gnocchi.a347deb7-6216-454f-b6e4-8124ddfb9405" 201 - "-" "-" "container-updater 2" 0.0007 "-" 22 0
Mar 11 02:22:08 standalone account-server[122840]: 172.20.0.100 - - [11/Mar/2026:02:22:08 +0000] "PUT /d1/504/AUTH_99c41b26b86841a5870140d7cf18764b/gnocchi.041162aa-5d60-4a3a-933b-05fb670aabed" 201 - "-" "-" "container-updater 2" 0.0009 "-" 23 0
Mar 11 02:22:08 standalone account-server[122829]: 172.20.0.100 - - [11/Mar/2026:02:22:08 +0000] "PUT /d1/504/AUTH_99c41b26b86841a5870140d7cf18764b/gnocchi.1d5d54e7-ed80-4267-b247-ccaacaefb795" 201 - "-" "-" "container-updater 2" 0.0005 "-" 20 0
Mar 11 02:22:09 standalone account-server[122840]: 172.20.0.100 - - [11/Mar/2026:02:22:09 +0000] "PUT /d1/504/AUTH_99c41b26b86841a5870140d7cf18764b/gnocchi.31fa0c62-c8fc-47d6-8d11-1a0f873f24a6" 201 - "-" "-" "container-updater 2" 0.0010 "-" 23 0
Mar 11 02:22:09 standalone account-server[122832]: 172.20.0.100 - - [11/Mar/2026:02:22:09 +0000] "PUT /d1/504/AUTH_99c41b26b86841a5870140d7cf18764b/gnocchi.01db61c6-bb8d-4183-bd1b-02a0e8d366de" 201 - "-" "-" "container-updater 2" 0.0005 "-" 21 0
Mar 11 02:22:09 standalone account-server[122829]: 172.20.0.100 - - [11/Mar/2026:02:22:09 +0000] "PUT /d1/504/AUTH_99c41b26b86841a5870140d7cf18764b/gnocchi.0c2fe69c-7a41-4993-b5f4-46d2a8f6d263" 201 - "-" "-" "container-updater 2" 0.0006 "-" 20 0
Mar 11 02:22:09 standalone account-server[122840]: 172.20.0.100 - - [11/Mar/2026:02:22:09 +0000] "PUT /d1/504/AUTH_99c41b26b86841a5870140d7cf18764b/gnocchi.099a964b-2f01-4d25-aab6-0536bd5745eb" 201 - "-" "-" "container-updater 2" 0.0006 "-" 23 0
Mar 11 02:22:09 standalone account-server[122829]: 172.20.0.100 - - [11/Mar/2026:02:22:09 +0000] "PUT /d1/504/AUTH_99c41b26b86841a5870140d7cf18764b/gnocchi.ee6ed963-e5ef-4619-af3e-0a6be48bed78" 201 - "-" "-" "container-updater 2" 0.0005 "-" 20 0
Mar 11 02:22:09 standalone account-server[122837]: 172.20.0.100 - - [11/Mar/2026:02:22:09 +0000] "PUT /d1/504/AUTH_99c41b26b86841a5870140d7cf18764b/gnocchi.06e2a1a1-dae9-4c59-b266-6606edf39d93" 201 - "-" "-" "container-updater 2" 0.0007 "-" 22 0
Mar 11 02:22:09 standalone account-server[122840]: 172.20.0.100 - - [11/Mar/2026:02:22:09 +0000] "PUT /d1/504/AUTH_99c41b26b86841a5870140d7cf18764b/gnocchi.c71ba298-0cfa-4caa-917b-70349460a23f" 201 - "-" "-" "container-updater 2" 0.0010 "-" 23 0
Mar 11 02:22:09 standalone account-server[122837]: 172.20.0.100 - - [11/Mar/2026:02:22:09 +0000] "PUT /d1/504/AUTH_99c41b26b86841a5870140d7cf18764b/gnocchi.6d72ec31-c86d-4416-be2a-a8d9d085a340" 201 - "-" "-" "container-updater 2" 0.0007 "-" 22 0
Mar 11 02:22:09 standalone account-server[122837]: 172.20.0.100 - - [11/Mar/2026:02:22:09 +0000] "PUT /d1/504/AUTH_99c41b26b86841a5870140d7cf18764b/gnocchi.be17c5af-5209-4636-bd0f-c14ec03cb21e" 201 - "-" "-" "container-updater 2" 0.0007 "-" 22 0
Mar 11 02:22:10 standalone account-server[122829]: 172.20.0.100 - - [11/Mar/2026:02:22:10 +0000] "PUT /d1/504/AUTH_99c41b26b86841a5870140d7cf18764b/gnocchi.849a27ba-ab55-4fb6-8e0c-ecc95bab63aa" 201 - "-" "-" "container-updater 2" 0.0007 "-" 20 0
Mar 11 02:22:10 standalone account-server[122832]: 172.20.0.100 - - [11/Mar/2026:02:22:10 +0000] "PUT /d1/504/AUTH_99c41b26b86841a5870140d7cf18764b/gnocchi.efd32842-97da-4a41-85cf-5625d2f9e887" 201 - "-" "-" "container-updater 2" 0.0004 "-" 21 0
Mar 11 02:22:10 standalone account-server[122840]: 172.20.0.100 - - [11/Mar/2026:02:22:10 +0000] "PUT /d1/504/AUTH_99c41b26b86841a5870140d7cf18764b/gnocchi.2af9ba9f-c3b2-44b8-b19b-b25846f7f958" 201 - "-" "-" "container-updater 2" 0.0008 "-" 23 0
Mar 11 02:22:10 standalone account-server[122829]: 172.20.0.100 - - [11/Mar/2026:02:22:10 +0000] "PUT /d1/504/AUTH_99c41b26b86841a5870140d7cf18764b/gnocchi.02bbeb4c-10c3-4539-97f8-f395231761a6" 201 - "-" "-" "container-updater 2" 0.0007 "-" 20 0
Mar 11 02:22:10 standalone account-server[122829]: 172.20.0.100 - - [11/Mar/2026:02:22:10 +0000] "PUT /d1/504/AUTH_99c41b26b86841a5870140d7cf18764b/gnocchi.526ca5ad-00b8-4d0c-b15c-08a12a23950b" 201 - "-" "-" "container-updater 2" 0.0008 "-" 20 0
Mar 11 02:22:10 standalone account-server[122840]: 172.20.0.100 - - [11/Mar/2026:02:22:10 +0000] "PUT /d1/504/AUTH_99c41b26b86841a5870140d7cf18764b/gnocchi.40c2c2ed-52c7-4517-9f35-0f9db5bcdff8" 201 - "-" "-" "container-updater 2" 0.0007 "-" 23 0
Mar 11 02:22:10 standalone container-server[122604]: Container update sweep completed: 2.32s
Mar 11 02:22:18 standalone account-server[122840]: 172.20.0.100 - - [11/Mar/2026:02:22:18 +0000] "HEAD /d1/894/.expiring_objects" 404 - "HEAD http://localhost/v1/.expiring_objects?format=json" "txaabf209f23bc444cbc724-0069b0d1da" "proxy-server 2" 0.0007 "-" 23 -
Mar 11 02:22:18 standalone object-expirer[122698]: Pass completed in 0s; 0 objects expired (txn: txaabf209f23bc444cbc724-0069b0d1da)
Mar 11 02:22:59 standalone object-server[122859]: Begin object update sweep
Mar 11 02:22:59 standalone object-server[249248]: Object update sweep starting on /srv/node/d1 (pid: 15)
Mar 11 02:22:59 standalone object-server[249248]: Object update sweep completed on /srv/node/d1 in 0.00s seconds:, 0 successes, 0 failures, 0 quarantines, 0 unlinks, 0 errors, 0 redirects (pid: 15)
Mar 11 02:22:59 standalone object-server[249248]: Object update sweep of d1 completed: 0.00s, 0 successes, 0 failures, 0 quarantines, 0 unlinks, 0 errors, 0 redirects
Mar 11 02:22:59 standalone object-server[122859]: Object update sweep completed: 0.08s
Mar 11 02:25:30 standalone account-server[122837]: 172.20.0.100 - - [11/Mar/2026:02:25:30 +0000] "HEAD /d1/894/.expiring_objects" 404 - "HEAD http://localhost/v1/.expiring_objects?format=json" "txb96d988c9a3542e4a109d-0069b0d29a" "proxy-server 2" 0.0010 "-" 22 -
Mar 11 02:25:30 standalone object-expirer[122698]: Pass completed in 0s; 0 objects expired (txn: txb96d988c9a3542e4a109d-0069b0d29a)
Mar 11 02:26:25 standalone account-server[122837]: 172.20.0.100 - - [11/Mar/2026:02:26:25 +0000] "HEAD /d1/894/.expiring_objects" 404 - "HEAD http://localhost/v1/.expiring_objects?format=json" "txba3594fb9e964442bd771-0069b0d2d1" "proxy-server 2" 0.0008 "-" 22 -
Mar 11 02:26:25 standalone object-expirer[122698]: Pass completed in 0s; 0 objects expired (txn: txba3594fb9e964442bd771-0069b0d2d1)
Mar 11 02:27:08 standalone container-server[122604]: Begin container update sweep
Mar 11 02:27:10 standalone container-server[122604]: Container update sweep completed: 1.75s
Mar 11 02:27:59 standalone object-server[122859]: Begin object update sweep
Mar 11 02:27:59 standalone object-server[273371]: Object update sweep starting on /srv/node/d1 (pid: 16)
Mar 11 02:27:59 standalone object-server[273371]: Object update sweep completed on /srv/node/d1 in 0.00s seconds:, 0 successes, 0 failures, 0 quarantines, 0 unlinks, 0 errors, 0 redirects (pid: 16)
Mar 11 02:27:59 standalone object-server[273371]: Object update sweep of d1 completed: 0.00s, 0 successes, 0 failures, 0 quarantines, 0 unlinks, 0 errors, 0 redirects
Mar 11 02:27:59 standalone object-server[122859]: Object update sweep completed: 0.08s
Mar 11 02:30:37 standalone account-server[122837]: 172.20.0.100 - - [11/Mar/2026:02:30:37 +0000] "HEAD /d1/894/.expiring_objects" 404 - "HEAD http://localhost/v1/.expiring_objects?format=json" "tx3b1faa9e12234781beb5b-0069b0d3cd" "proxy-server 2" 0.0009 "-" 22 -
Mar 11 02:30:37 standalone object-expirer[122698]: Pass completed in 0s; 0 objects expired (txn: tx3b1faa9e12234781beb5b-0069b0d3cd)
Mar 11 02:31:41 standalone account-server[122829]: 172.20.0.100 - - [11/Mar/2026:02:31:41 +0000] "HEAD /d1/894/.expiring_objects" 404 - "HEAD http://localhost/v1/.expiring_objects?format=json" "tx71c53d8f871447c580ecc-0069b0d40d" "proxy-server 2" 0.0006 "-" 20 -
Mar 11 02:31:41 standalone object-expirer[122698]: Pass completed in 0s; 0 objects expired (txn: tx71c53d8f871447c580ecc-0069b0d40d)
Mar 11 02:32:08 standalone container-server[122604]: Begin container update sweep
Mar 11 02:32:10 standalone container-server[122604]: Container update sweep completed: 1.64s
Mar 11 02:32:59 standalone object-server[122859]: Begin object update sweep
Mar 11 02:32:59 standalone object-server[293954]: Object update sweep starting on /srv/node/d1 (pid: 17)
Mar 11 02:32:59 standalone object-server[293954]: Object update sweep completed on /srv/node/d1 in 0.00s seconds:, 0 successes, 0 failures, 0 quarantines, 0 unlinks, 0 errors, 0 redirects (pid: 17)
Mar 11 02:32:59 standalone object-server[293954]: Object update sweep of d1 completed: 0.00s, 0 successes, 0 failures, 0 quarantines, 0 unlinks, 0 errors, 0 redirects
Mar 11 02:32:59 standalone object-server[122859]: Object update sweep completed: 0.08s
Mar 11 02:35:14 standalone account-server[122829]: 172.20.0.100 - - [11/Mar/2026:02:35:14 +0000] "HEAD /d1/894/.expiring_objects" 404 - "HEAD http://localhost/v1/.expiring_objects?format=json" "tx9861fbcf901542e8a03f6-0069b0d4e2" "proxy-server 2" 0.0009 "-" 20 -
Mar 11 02:35:14 standalone object-expirer[122698]: Pass completed in 0s; 0 objects expired (txn: tx9861fbcf901542e8a03f6-0069b0d4e2)
Mar 11 02:37:08 standalone container-server[122604]: Begin container update sweep
Mar 11 02:37:10 standalone container-server[122604]: Container update sweep completed: 1.47s
Mar 11 02:37:59 standalone object-server[122859]: Begin object update sweep
Mar 11 02:37:59 standalone object-server[314160]: Object update sweep starting on /srv/node/d1 (pid: 18)
Mar 11 02:37:59 standalone object-server[314160]: Object update sweep completed on /srv/node/d1 in 0.00s seconds:, 0 successes, 0 failures, 0 quarantines, 0 unlinks, 0 errors, 0 redirects (pid: 18)
Mar 11 02:37:59 standalone object-server[314160]: Object update sweep of d1 completed: 0.00s, 0 successes, 0 failures, 0 quarantines, 0 unlinks, 0 errors, 0 redirects
Mar 11 02:37:59 standalone object-server[122859]: Object update sweep completed: 0.08s
Mar 11 02:38:53 standalone account-server[122840]: 172.20.0.100 - - [11/Mar/2026:02:38:53 +0000] "HEAD /d1/894/.expiring_objects" 404 - "HEAD http://localhost/v1/.expiring_objects?format=json" "txb36966cf9fe7437c87621-0069b0d5bd" "proxy-server 2" 0.0008 "-" 23 -
Mar 11 02:38:53 standalone object-expirer[122698]: Pass completed in 0s; 0 objects expired (txn: txb36966cf9fe7437c87621-0069b0d5bd)
Mar 11 02:40:00 standalone account-server[122832]: 172.20.0.100 - - [11/Mar/2026:02:40:00 +0000] "HEAD /d1/894/.expiring_objects" 404 - "HEAD http://localhost/v1/.expiring_objects?format=json" "txce43638ec20e4fd3870b7-0069b0d600" "proxy-server 2" 0.0008 "-" 21 -
Mar 11 02:40:00 standalone object-expirer[122698]: Pass completed in 0s; 0 objects expired (txn: txce43638ec20e4fd3870b7-0069b0d600)
Mar 11 02:41:06 standalone account-server[122829]: 172.20.0.100 - - [11/Mar/2026:02:41:06 +0000] "HEAD /d1/894/.expiring_objects" 404 - "HEAD http://localhost/v1/.expiring_objects?format=json" "txa192dc650045419698d08-0069b0d642" "proxy-server 2" 0.0006 "-" 20 -
Mar 11 02:41:06 standalone object-expirer[122698]: Pass completed in 0s; 0 objects expired (txn: txa192dc650045419698d08-0069b0d642)
Mar 11 02:42:08 standalone container-server[122604]: Begin container update sweep
Mar 11 02:42:10 standalone container-server[122604]: Container update sweep completed: 1.68s
Mar 11 02:42:23 standalone account-server[122840]: 172.20.0.100 - - [11/Mar/2026:02:42:23 +0000] "HEAD /d1/894/.expiring_objects" 404 - "HEAD http://localhost/v1/.expiring_objects?format=json" "txe467f86eaddb4d7a9639e-0069b0d68f" "proxy-server 2" 0.0008 "-" 23 -
Mar 11 02:42:23 standalone object-expirer[122698]: Pass completed in 0s; 0 objects expired (txn: txe467f86eaddb4d7a9639e-0069b0d68f)
Mar 11 02:42:59 standalone object-server[122859]: Begin object update sweep
Mar 11 02:42:59 standalone object-server[334589]: Object update sweep starting on /srv/node/d1 (pid: 19)
Mar 11 02:42:59 standalone object-server[334589]: Object update sweep completed on /srv/node/d1 in 0.00s seconds:, 0 successes, 0 failures, 0 quarantines, 0 unlinks, 0 errors, 0 redirects (pid: 19)
Mar 11 02:42:59 standalone object-server[334589]: Object update sweep of d1 completed: 0.00s, 0 successes, 0 failures, 0 quarantines, 0 unlinks, 0 errors, 0 redirects
Mar 11 02:42:59 standalone object-server[122859]: Object update sweep completed: 0.09s