Jan 22 10:21:03.690178 np0005592324.novalocal cinder-volume[184862]: DEBUG cinder.volume.manager [None req-6d531a0b-bb66-4372-899d-a6ad7d9832f1 tempest-VolumesActionsTest-273038329 None] Uploaded volume to glance image-id: 4b4b6fc7-6a06-4552-874d-60b3a08f7606. {{(pid=184862) copy_volume_to_image /opt/stack/cinder/cinder/volume/manager.py:1781}}
Jan 22 10:21:03.705119 np0005592324.novalocal cinder-volume[184862]: INFO cinder.volume.manager [None req-6d531a0b-bb66-4372-899d-a6ad7d9832f1 tempest-VolumesActionsTest-273038329 None] Copy volume to image completed successfully.
Jan 22 10:21:05.174509 np0005592324.novalocal cinder-volume[184862]: DEBUG cinder.coordination [None req-f36cff80-c4f7-47f7-b63b-e6e4f88f3880 tempest-VolumesActionsTest-273038329 None] Acquiring lock "cinder-ea43aa83-11ab-4f6d-9940-e004033ed27e-delete_volume" by "delete_volume" {{(pid=184862) __acquire /opt/stack/cinder/cinder/coordination.py:143}}
Jan 22 10:21:05.185935 np0005592324.novalocal cinder-volume[184862]: DEBUG cinder.coordination [None req-f36cff80-c4f7-47f7-b63b-e6e4f88f3880 tempest-VolumesActionsTest-273038329 None] Lock "cinder-ea43aa83-11ab-4f6d-9940-e004033ed27e-delete_volume" acquired by "delete_volume" :: waited 0.012s {{(pid=184862) __acquire /opt/stack/cinder/cinder/coordination.py:146}}
Jan 22 10:21:05.206026 np0005592324.novalocal cinder-volume[184862]: INFO cinder.volume.targets.iscsi [None req-f36cff80-c4f7-47f7-b63b-e6e4f88f3880 tempest-VolumesActionsTest-273038329 None] Skipping remove_export. No iscsi_target is presently exported for volume: ea43aa83-11ab-4f6d-9940-e004033ed27e
Jan 22 10:21:05.207043 np0005592324.novalocal cinder-volume[184862]: DEBUG oslo_concurrency.processutils [None req-f36cff80-c4f7-47f7-b63b-e6e4f88f3880 tempest-VolumesActionsTest-273038329 None] Running cmd (subprocess): sudo cinder-rootwrap /etc/cinder/rootwrap.conf env LC_ALL=C lvs --noheadings --unit=g -o vg_name,name,size --nosuffix --readonly stack-volumes-lvmdriver-1/volume-ea43aa83-11ab-4f6d-9940-e004033ed27e {{(pid=184862) execute /usr/local/lib/python3.12/site-packages/oslo_concurrency/processutils.py:349}}
Jan 22 10:21:05.227153 np0005592324.novalocal sudo[217912]: stack : PWD=/ ; USER=root ; COMMAND=/usr/local/bin/cinder-rootwrap /etc/cinder/rootwrap.conf env LC_ALL=C lvs --noheadings --unit=g -o vg_name,name,size --nosuffix --readonly stack-volumes-lvmdriver-1/volume-ea43aa83-11ab-4f6d-9940-e004033ed27e
Jan 22 10:21:05.547903 np0005592324.novalocal cinder-volume[184862]: DEBUG oslo_concurrency.processutils [None req-f36cff80-c4f7-47f7-b63b-e6e4f88f3880 tempest-VolumesActionsTest-273038329 None] CMD "sudo cinder-rootwrap /etc/cinder/rootwrap.conf env LC_ALL=C lvs --noheadings --unit=g -o vg_name,name,size --nosuffix --readonly stack-volumes-lvmdriver-1/volume-ea43aa83-11ab-4f6d-9940-e004033ed27e" returned: 0 in 0.341s {{(pid=184862) execute /usr/local/lib/python3.12/site-packages/oslo_concurrency/processutils.py:372}}
Jan 22 10:21:05.549329 np0005592324.novalocal cinder-volume[184862]: DEBUG oslo_concurrency.processutils [None req-f36cff80-c4f7-47f7-b63b-e6e4f88f3880 tempest-VolumesActionsTest-273038329 None] Running cmd (subprocess): sudo cinder-rootwrap /etc/cinder/rootwrap.conf env LC_ALL=C lvdisplay --noheading -C -o Attr --readonly stack-volumes-lvmdriver-1/volume-ea43aa83-11ab-4f6d-9940-e004033ed27e {{(pid=184862) execute /usr/local/lib/python3.12/site-packages/oslo_concurrency/processutils.py:349}}
Jan 22 10:21:05.575956 np0005592324.novalocal sudo[217917]: stack : PWD=/ ; USER=root ; COMMAND=/usr/local/bin/cinder-rootwrap /etc/cinder/rootwrap.conf env LC_ALL=C lvdisplay --noheading -C -o Attr --readonly stack-volumes-lvmdriver-1/volume-ea43aa83-11ab-4f6d-9940-e004033ed27e
Jan 22 10:21:05.917401 np0005592324.novalocal cinder-volume[184862]: DEBUG oslo_concurrency.processutils [None req-f36cff80-c4f7-47f7-b63b-e6e4f88f3880 tempest-VolumesActionsTest-273038329 None] CMD "sudo cinder-rootwrap /etc/cinder/rootwrap.conf env LC_ALL=C lvdisplay --noheading -C -o Attr --readonly stack-volumes-lvmdriver-1/volume-ea43aa83-11ab-4f6d-9940-e004033ed27e" returned: 0 in 0.368s {{(pid=184862) execute /usr/local/lib/python3.12/site-packages/oslo_concurrency/processutils.py:372}}
Jan 22 10:21:05.919061 np0005592324.novalocal cinder-volume[184862]: DEBUG oslo_concurrency.processutils [None req-f36cff80-c4f7-47f7-b63b-e6e4f88f3880 tempest-VolumesActionsTest-273038329 None] Running cmd (subprocess): sudo cinder-rootwrap /etc/cinder/rootwrap.conf lvremove --config activation { retry_deactivation = 1} -f stack-volumes-lvmdriver-1/volume-ea43aa83-11ab-4f6d-9940-e004033ed27e {{(pid=184862) execute /usr/local/lib/python3.12/site-packages/oslo_concurrency/processutils.py:349}}
Jan 22 10:21:05.942300 np0005592324.novalocal sudo[217922]: stack : PWD=/ ; USER=root ; COMMAND=/usr/local/bin/cinder-rootwrap /etc/cinder/rootwrap.conf lvremove --config 'activation { retry_deactivation = 1} ' -f stack-volumes-lvmdriver-1/volume-ea43aa83-11ab-4f6d-9940-e004033ed27e
Jan 22 10:21:06.384058 np0005592324.novalocal cinder-volume[184862]: DEBUG oslo_concurrency.processutils [None req-f36cff80-c4f7-47f7-b63b-e6e4f88f3880 tempest-VolumesActionsTest-273038329 None] CMD "sudo cinder-rootwrap /etc/cinder/rootwrap.conf lvremove --config activation { retry_deactivation = 1} -f stack-volumes-lvmdriver-1/volume-ea43aa83-11ab-4f6d-9940-e004033ed27e" returned: 0 in 0.463s {{(pid=184862) execute /usr/local/lib/python3.12/site-packages/oslo_concurrency/processutils.py:372}}
Jan 22 10:21:06.385703 np0005592324.novalocal cinder-volume[184862]: INFO cinder.volume.drivers.lvm [None req-f36cff80-c4f7-47f7-b63b-e6e4f88f3880 tempest-VolumesActionsTest-273038329 None] Successfully deleted volume: ea43aa83-11ab-4f6d-9940-e004033ed27e
Jan 22 10:21:06.421184 np0005592324.novalocal cinder-volume[184862]: DEBUG cinder.quota [None req-f36cff80-c4f7-47f7-b63b-e6e4f88f3880 tempest-VolumesActionsTest-273038329 None] Created reservations ['67265518-9817-400f-abcc-1dd9d9fe6de6', '7452a9d6-9f2f-42a4-a9c7-0f8db49773e9', '98be6d7c-0c59-4661-a6f1-11684492b0f0', '49d53e65-0acd-4529-b290-1c8f2d12df05'] {{(pid=184862) reserve /opt/stack/cinder/cinder/quota.py:752}}
Jan 22 10:21:06.450631 np0005592324.novalocal cinder-volume[184862]: DEBUG cinder.volume.drivers.lvm [None req-f36cff80-c4f7-47f7-b63b-e6e4f88f3880 tempest-VolumesActionsTest-273038329 None] Updating volume stats {{(pid=184862) _update_volume_stats /opt/stack/cinder/cinder/volume/drivers/lvm.py:228}}
Jan 22 10:21:06.451139 np0005592324.novalocal cinder-volume[184862]: DEBUG oslo_concurrency.processutils [None req-f36cff80-c4f7-47f7-b63b-e6e4f88f3880 tempest-VolumesActionsTest-273038329 None] Running cmd (subprocess): sudo cinder-rootwrap /etc/cinder/rootwrap.conf env LC_ALL=C vgs --noheadings --unit=g -o name,size,free,lv_count,uuid --separator : --nosuffix stack-volumes-lvmdriver-1 {{(pid=184862) execute /usr/local/lib/python3.12/site-packages/oslo_concurrency/processutils.py:349}}
Jan 22 10:21:06.474762 np0005592324.novalocal sudo[217929]: stack : PWD=/ ; USER=root ; COMMAND=/usr/local/bin/cinder-rootwrap /etc/cinder/rootwrap.conf env LC_ALL=C vgs --noheadings --unit=g -o name,size,free,lv_count,uuid --separator : --nosuffix stack-volumes-lvmdriver-1
Jan 22 10:21:06.839638 np0005592324.novalocal cinder-volume[184862]: DEBUG oslo_concurrency.processutils [None req-f36cff80-c4f7-47f7-b63b-e6e4f88f3880 tempest-VolumesActionsTest-273038329 None] CMD "sudo cinder-rootwrap /etc/cinder/rootwrap.conf env LC_ALL=C vgs --noheadings --unit=g -o name,size,free,lv_count,uuid --separator : --nosuffix stack-volumes-lvmdriver-1" returned: 0 in 0.387s {{(pid=184862) execute /usr/local/lib/python3.12/site-packages/oslo_concurrency/processutils.py:372}}
Jan 22 10:21:06.840100 np0005592324.novalocal cinder-volume[184862]: DEBUG oslo_concurrency.processutils [None req-f36cff80-c4f7-47f7-b63b-e6e4f88f3880 tempest-VolumesActionsTest-273038329 None] Running cmd (subprocess): sudo cinder-rootwrap /etc/cinder/rootwrap.conf env LC_ALL=C lvs --noheadings --unit=g -o vg_name,name,size --nosuffix --readonly stack-volumes-lvmdriver-1 {{(pid=184862) execute /usr/local/lib/python3.12/site-packages/oslo_concurrency/processutils.py:349}}
Jan 22 10:21:06.868841 np0005592324.novalocal sudo[217934]: stack : PWD=/ ; USER=root ; COMMAND=/usr/local/bin/cinder-rootwrap /etc/cinder/rootwrap.conf env LC_ALL=C lvs --noheadings --unit=g -o vg_name,name,size --nosuffix --readonly stack-volumes-lvmdriver-1
Jan 22 10:21:07.239522 np0005592324.novalocal cinder-volume[184862]: DEBUG oslo_concurrency.processutils [None req-f36cff80-c4f7-47f7-b63b-e6e4f88f3880 tempest-VolumesActionsTest-273038329 None] CMD "sudo cinder-rootwrap /etc/cinder/rootwrap.conf env LC_ALL=C lvs --noheadings --unit=g -o vg_name,name,size --nosuffix --readonly stack-volumes-lvmdriver-1" returned: 0 in 0.398s {{(pid=184862) execute /usr/local/lib/python3.12/site-packages/oslo_concurrency/processutils.py:372}}
Jan 22 10:21:07.241509 np0005592324.novalocal cinder-volume[184862]: DEBUG oslo_concurrency.processutils [None req-f36cff80-c4f7-47f7-b63b-e6e4f88f3880 tempest-VolumesActionsTest-273038329 None] Running cmd (subprocess): sudo cinder-rootwrap /etc/cinder/rootwrap.conf env LC_ALL=C lvs --noheadings --unit=g -o size,data_percent --separator : --nosuffix /dev/stack-volumes-lvmdriver-1/stack-volumes-lvmdriver-1-pool {{(pid=184862) execute /usr/local/lib/python3.12/site-packages/oslo_concurrency/processutils.py:349}}
Jan 22 10:21:07.257718 np0005592324.novalocal sudo[217939]: stack : PWD=/ ; USER=root ; COMMAND=/usr/local/bin/cinder-rootwrap /etc/cinder/rootwrap.conf env LC_ALL=C lvs --noheadings --unit=g -o size,data_percent --separator : --nosuffix /dev/stack-volumes-lvmdriver-1/stack-volumes-lvmdriver-1-pool
Jan 22 10:21:07.643538 np0005592324.novalocal cinder-volume[184862]: DEBUG oslo_concurrency.processutils [None req-f36cff80-c4f7-47f7-b63b-e6e4f88f3880 tempest-VolumesActionsTest-273038329 None] CMD "sudo cinder-rootwrap /etc/cinder/rootwrap.conf env LC_ALL=C lvs --noheadings --unit=g -o size,data_percent --separator : --nosuffix /dev/stack-volumes-lvmdriver-1/stack-volumes-lvmdriver-1-pool" returned: 0 in 0.401s {{(pid=184862) execute /usr/local/lib/python3.12/site-packages/oslo_concurrency/processutils.py:372}}
Jan 22 10:21:07.645687 np0005592324.novalocal cinder-volume[184862]: DEBUG oslo_concurrency.processutils [None req-f36cff80-c4f7-47f7-b63b-e6e4f88f3880 tempest-VolumesActionsTest-273038329 None] Running cmd (subprocess): sudo cinder-rootwrap /etc/cinder/rootwrap.conf env LC_ALL=C lvs --noheadings --unit=g -o vg_name,name,size --nosuffix --readonly stack-volumes-lvmdriver-1 {{(pid=184862) execute /usr/local/lib/python3.12/site-packages/oslo_concurrency/processutils.py:349}}
Jan 22 10:21:07.667832 np0005592324.novalocal sudo[217944]: stack : PWD=/ ; USER=root ; COMMAND=/usr/local/bin/cinder-rootwrap /etc/cinder/rootwrap.conf env LC_ALL=C lvs --noheadings --unit=g -o vg_name,name,size --nosuffix --readonly stack-volumes-lvmdriver-1
Jan 22 10:21:08.007670 np0005592324.novalocal cinder-volume[184862]: DEBUG oslo_concurrency.processutils [None req-f36cff80-c4f7-47f7-b63b-e6e4f88f3880 tempest-VolumesActionsTest-273038329 None] CMD "sudo cinder-rootwrap /etc/cinder/rootwrap.conf env LC_ALL=C lvs --noheadings --unit=g -o vg_name,name,size --nosuffix --readonly stack-volumes-lvmdriver-1" returned: 0 in 0.362s {{(pid=184862) execute /usr/local/lib/python3.12/site-packages/oslo_concurrency/processutils.py:372}}
Jan 22 10:21:08.009787 np0005592324.novalocal cinder-volume[184862]: DEBUG cinder.manager [None req-f36cff80-c4f7-47f7-b63b-e6e4f88f3880 tempest-VolumesActionsTest-273038329 None] Notifying Schedulers of capabilities ... {{(pid=184862) _publish_service_capabilities /opt/stack/cinder/cinder/manager.py:202}}
Jan 22 10:21:08.016395 np0005592324.novalocal cinder-volume[184862]: INFO cinder.volume.manager [None req-f36cff80-c4f7-47f7-b63b-e6e4f88f3880 tempest-VolumesActionsTest-273038329 None] Deleted volume successfully.
Jan 22 10:21:08.028625 np0005592324.novalocal cinder-volume[184862]: DEBUG cinder.coordination [None req-f36cff80-c4f7-47f7-b63b-e6e4f88f3880 tempest-VolumesActionsTest-273038329 None] Lock "cinder-ea43aa83-11ab-4f6d-9940-e004033ed27e-delete_volume" released by "delete_volume" :: held 2.842s {{(pid=184862) __release /opt/stack/cinder/cinder/coordination.py:157}}
Jan 22 10:21:10.198374 np0005592324.novalocal cinder-volume[184862]: DEBUG cinder.volume.flows.manager.create_volume [None req-b0f2ae27-12a9-4b1e-ac60-aac4aefd7c28 tempest-VolumesGetTest-1735265206 None] Volume reschedule parameters: True retry: {'num_attempts': 1, 'backends': ['np0005592324.novalocal@lvmdriver-1#lvmdriver-1'], 'hosts': ['np0005592324.novalocal@lvmdriver-1#lvmdriver-1']} {{(pid=184862) get_flow /opt/stack/cinder/cinder/volume/flows/manager/create_volume.py:1388}}
Jan 22 10:21:10.210390 np0005592324.novalocal cinder-volume[184862]: DEBUG cinder.volume.manager [None req-b0f2ae27-12a9-4b1e-ac60-aac4aefd7c28 tempest-VolumesGetTest-1735265206 None] Flow 'volume_create_manager' (0fe4743f-3169-47cc-ae24-964c8490b0e6) transitioned into state 'RUNNING' from state 'PENDING' {{(pid=184862) _flow_receiver /usr/local/lib/python3.12/site-packages/taskflow/listeners/logging.py:145}}
Jan 22 10:21:10.213031 np0005592324.novalocal cinder-volume[184862]: DEBUG cinder.volume.manager [None req-b0f2ae27-12a9-4b1e-ac60-aac4aefd7c28 tempest-VolumesGetTest-1735265206 None] Task 'cinder.volume.flows.manager.create_volume.ExtractVolumeRefTask;volume:create' (b1bcb27f-04a2-4085-b254-04d2fb6c0fa1) transitioned into state 'RUNNING' from state 'PENDING' {{(pid=184862) _task_receiver /usr/local/lib/python3.12/site-packages/taskflow/listeners/logging.py:194}}
Jan 22 10:21:10.226547 np0005592324.novalocal cinder-volume[184862]: DEBUG cinder.volume.manager [None req-b0f2ae27-12a9-4b1e-ac60-aac4aefd7c28 tempest-VolumesGetTest-1735265206 None] Task 'cinder.volume.flows.manager.create_volume.ExtractVolumeRefTask;volume:create' (b1bcb27f-04a2-4085-b254-04d2fb6c0fa1) transitioned into state 'SUCCESS' from state 'RUNNING' with result 'Volume(_name_id=None,admin_metadata=,attach_status='detached',availability_zone='nova',bootable=False,cluster=,cluster_name=None,consistencygroup=,consistencygroup_id=None,created_at=2026-01-22T15:21:10Z,deleted=False,deleted_at=None,display_description=None,display_name='tempest-VolumesGetTest-Volume-2131279305',ec2_id=None,encryption_key_id=None,glance_metadata=,group=,group_id=None,host='np0005592324.novalocal@lvmdriver-1#lvmdriver-1',id=b4c4d8ab-cebb-4025-a99d-fdc2daf4c04a,launched_at=None,metadata={Type='Test'},migration_status=None,multiattach=False,previous_status=None,project_id='e4e06c13486f4539b6ba9651e7ce8375',provider_auth=None,provider_geometry=None,provider_id=None,provider_location=None,replication_driver_data=None,replication_extended_status=None,replication_status=None,scheduled_at=2026-01-22T15:21:10Z,service_uuid=None,shared_targets=True,size=1,snapshot_id=None,snapshots=,source_volid=None,status='creating',terminated_at=None,updated_at=2026-01-22T15:21:10Z,use_quota=True,user_id='e63102bcb6d04852adceaf739bd6084b',volume_attachment=VolumeAttachmentList,volume_type=VolumeType(d32eda9a-7ff9-443b-adbb-d3691c157d72),volume_type_id=d32eda9a-7ff9-443b-adbb-d3691c157d72)' {{(pid=184862) _task_receiver /usr/local/lib/python3.12/site-packages/taskflow/listeners/logging.py:182}}
Jan 22 10:21:10.228583 np0005592324.novalocal cinder-volume[184862]: DEBUG cinder.volume.manager [None req-b0f2ae27-12a9-4b1e-ac60-aac4aefd7c28 tempest-VolumesGetTest-1735265206 None] Task 'cinder.volume.flows.manager.create_volume.OnFailureRescheduleTask;volume:create' (13c5e555-d559-4063-89b2-c89d548d51c3) transitioned into state 'RUNNING' from state 'PENDING' {{(pid=184862) _task_receiver /usr/local/lib/python3.12/site-packages/taskflow/listeners/logging.py:194}}
Jan 22 10:21:10.230772 np0005592324.novalocal cinder-volume[184862]: DEBUG cinder.volume.manager [None req-b0f2ae27-12a9-4b1e-ac60-aac4aefd7c28 tempest-VolumesGetTest-1735265206 None] Task 'cinder.volume.flows.manager.create_volume.OnFailureRescheduleTask;volume:create' (13c5e555-d559-4063-89b2-c89d548d51c3) transitioned into state 'SUCCESS' from state 'RUNNING' with result 'None' {{(pid=184862) _task_receiver /usr/local/lib/python3.12/site-packages/taskflow/listeners/logging.py:182}}
Jan 22 10:21:10.232628 np0005592324.novalocal cinder-volume[184862]: DEBUG cinder.volume.manager [None req-b0f2ae27-12a9-4b1e-ac60-aac4aefd7c28 tempest-VolumesGetTest-1735265206 None] Task 'cinder.volume.flows.manager.create_volume.ExtractVolumeSpecTask;volume:create' (94db631c-0ba7-43dc-853c-966c0bb613f2) transitioned into state 'RUNNING' from state 'PENDING' {{(pid=184862) _task_receiver /usr/local/lib/python3.12/site-packages/taskflow/listeners/logging.py:194}}
Jan 22 10:21:10.235404 np0005592324.novalocal cinder-volume[184862]: DEBUG cinder.volume.manager [None req-b0f2ae27-12a9-4b1e-ac60-aac4aefd7c28 tempest-VolumesGetTest-1735265206 None] Task 'cinder.volume.flows.manager.create_volume.ExtractVolumeSpecTask;volume:create' (94db631c-0ba7-43dc-853c-966c0bb613f2) transitioned into state 'SUCCESS' from state 'RUNNING' with result '{'status': 'creating', 'type': 'raw', 'volume_id': 'b4c4d8ab-cebb-4025-a99d-fdc2daf4c04a', 'volume_name': 'volume-b4c4d8ab-cebb-4025-a99d-fdc2daf4c04a', 'volume_size': 1}' {{(pid=184862) _task_receiver /usr/local/lib/python3.12/site-packages/taskflow/listeners/logging.py:182}}
Jan 22 10:21:10.238785 np0005592324.novalocal cinder-volume[184862]: DEBUG cinder.volume.manager [None req-b0f2ae27-12a9-4b1e-ac60-aac4aefd7c28 tempest-VolumesGetTest-1735265206 None] Task 'cinder.volume.flows.manager.create_volume.NotifyVolumeActionTask;volume:create, create.start' (c964d9e0-4d32-474d-b4e7-420d2c7b43ed) transitioned into state 'RUNNING' from state 'PENDING' {{(pid=184862) _task_receiver /usr/local/lib/python3.12/site-packages/taskflow/listeners/logging.py:194}}
Jan 22 10:21:10.241105 np0005592324.novalocal cinder-volume[184862]: DEBUG cinder.volume.manager [None req-b0f2ae27-12a9-4b1e-ac60-aac4aefd7c28 tempest-VolumesGetTest-1735265206 None] Task 'cinder.volume.flows.manager.create_volume.NotifyVolumeActionTask;volume:create, create.start' (c964d9e0-4d32-474d-b4e7-420d2c7b43ed) transitioned into state 'SUCCESS' from state 'RUNNING' with result 'None' {{(pid=184862) _task_receiver /usr/local/lib/python3.12/site-packages/taskflow/listeners/logging.py:182}}
Jan 22 10:21:10.242607 np0005592324.novalocal cinder-volume[184862]: DEBUG cinder.volume.manager [None req-b0f2ae27-12a9-4b1e-ac60-aac4aefd7c28 tempest-VolumesGetTest-1735265206 None] Task 'cinder.volume.flows.manager.create_volume.CreateVolumeFromSpecTask;volume:create' (50f23556-b115-486e-a0cf-da5e10eb8505) transitioned into state 'RUNNING' from state 'PENDING' {{(pid=184862) _task_receiver /usr/local/lib/python3.12/site-packages/taskflow/listeners/logging.py:194}}
Jan 22 10:21:10.243032 np0005592324.novalocal cinder-volume[184862]: INFO cinder.volume.flows.manager.create_volume [None req-b0f2ae27-12a9-4b1e-ac60-aac4aefd7c28 tempest-VolumesGetTest-1735265206 None] Volume b4c4d8ab-cebb-4025-a99d-fdc2daf4c04a: being created as raw with specification: {'status': 'creating', 'volume_name': 'volume-b4c4d8ab-cebb-4025-a99d-fdc2daf4c04a', 'volume_size': 1}
Jan 22 10:21:10.243622 np0005592324.novalocal cinder-volume[184862]: DEBUG oslo_concurrency.processutils [None req-b0f2ae27-12a9-4b1e-ac60-aac4aefd7c28 tempest-VolumesGetTest-1735265206 None] Running cmd (subprocess): sudo cinder-rootwrap /etc/cinder/rootwrap.conf env LC_ALL=C lvcreate -T -V 1g -n volume-b4c4d8ab-cebb-4025-a99d-fdc2daf4c04a stack-volumes-lvmdriver-1/stack-volumes-lvmdriver-1-pool {{(pid=184862) execute /usr/local/lib/python3.12/site-packages/oslo_concurrency/processutils.py:349}}
Jan 22 10:21:10.270342 np0005592324.novalocal sudo[217956]: stack : PWD=/ ; USER=root ; COMMAND=/usr/local/bin/cinder-rootwrap /etc/cinder/rootwrap.conf env LC_ALL=C lvcreate -T -V 1g -n volume-b4c4d8ab-cebb-4025-a99d-fdc2daf4c04a stack-volumes-lvmdriver-1/stack-volumes-lvmdriver-1-pool
Jan 22 10:21:10.655982 np0005592324.novalocal cinder-volume[184862]: DEBUG oslo_concurrency.processutils [None req-b0f2ae27-12a9-4b1e-ac60-aac4aefd7c28 tempest-VolumesGetTest-1735265206 None] CMD "sudo cinder-rootwrap /etc/cinder/rootwrap.conf env LC_ALL=C lvcreate -T -V 1g -n volume-b4c4d8ab-cebb-4025-a99d-fdc2daf4c04a stack-volumes-lvmdriver-1/stack-volumes-lvmdriver-1-pool" returned: 0 in 0.411s {{(pid=184862) execute /usr/local/lib/python3.12/site-packages/oslo_concurrency/processutils.py:372}}
Jan 22 10:21:10.661196 np0005592324.novalocal cinder-volume[184862]: DEBUG cinder.volume.manager [None req-b0f2ae27-12a9-4b1e-ac60-aac4aefd7c28 tempest-VolumesGetTest-1735265206 None] Task 'cinder.volume.flows.manager.create_volume.CreateVolumeFromSpecTask;volume:create' (50f23556-b115-486e-a0cf-da5e10eb8505) transitioned into state 'SUCCESS' from state 'RUNNING' with result '{'status': 'creating', 'volume_name': 'volume-b4c4d8ab-cebb-4025-a99d-fdc2daf4c04a', 'volume_size': 1}' {{(pid=184862) _task_receiver /usr/local/lib/python3.12/site-packages/taskflow/listeners/logging.py:182}}
Jan 22 10:21:10.665347 np0005592324.novalocal cinder-volume[184862]: DEBUG cinder.volume.manager [None req-b0f2ae27-12a9-4b1e-ac60-aac4aefd7c28 tempest-VolumesGetTest-1735265206 None] Task 'cinder.volume.flows.manager.create_volume.CreateVolumeOnFinishTask;volume:create, create.end' (690e389b-4439-434f-9bde-678dbf8d5f85) transitioned into state 'RUNNING' from state 'PENDING' {{(pid=184862) _task_receiver /usr/local/lib/python3.12/site-packages/taskflow/listeners/logging.py:194}}
Jan 22 10:21:10.672819 np0005592324.novalocal cinder-volume[184862]: INFO cinder.volume.flows.manager.create_volume [None req-b0f2ae27-12a9-4b1e-ac60-aac4aefd7c28 tempest-VolumesGetTest-1735265206 None] Volume volume-b4c4d8ab-cebb-4025-a99d-fdc2daf4c04a (b4c4d8ab-cebb-4025-a99d-fdc2daf4c04a): created successfully
Jan 22 10:21:10.678404 np0005592324.novalocal cinder-volume[184862]: DEBUG cinder.volume.manager [None req-b0f2ae27-12a9-4b1e-ac60-aac4aefd7c28 tempest-VolumesGetTest-1735265206 None] Task 'cinder.volume.flows.manager.create_volume.CreateVolumeOnFinishTask;volume:create, create.end' (690e389b-4439-434f-9bde-678dbf8d5f85) transitioned into state 'SUCCESS' from state 'RUNNING' with result 'None' {{(pid=184862) _task_receiver /usr/local/lib/python3.12/site-packages/taskflow/listeners/logging.py:182}}
Jan 22 10:21:10.682930 np0005592324.novalocal cinder-volume[184862]: DEBUG cinder.volume.manager [None req-b0f2ae27-12a9-4b1e-ac60-aac4aefd7c28 tempest-VolumesGetTest-1735265206 None] Flow 'volume_create_manager' (0fe4743f-3169-47cc-ae24-964c8490b0e6) transitioned into state 'SUCCESS' from state 'RUNNING' {{(pid=184862) _flow_receiver /usr/local/lib/python3.12/site-packages/taskflow/listeners/logging.py:145}}
Jan 22 10:21:10.689801 np0005592324.novalocal cinder-volume[184862]: INFO cinder.volume.manager [None req-b0f2ae27-12a9-4b1e-ac60-aac4aefd7c28 tempest-VolumesGetTest-1735265206 None] Created volume successfully.
Jan 22 10:21:11.601132 np0005592324.novalocal cinder-volume[184862]: DEBUG cinder.volume.flows.manager.create_volume [None req-9cdba1ee-8475-467e-9bae-370537b74c28 tempest-VolumesGetTest-1735265206 None] Volume reschedule parameters: True retry: {'num_attempts': 1, 'backends': ['np0005592324.novalocal@lvmdriver-1#lvmdriver-1'], 'hosts': ['np0005592324.novalocal@lvmdriver-1#lvmdriver-1']} {{(pid=184862) get_flow /opt/stack/cinder/cinder/volume/flows/manager/create_volume.py:1388}}
Jan 22 10:21:11.609159 np0005592324.novalocal cinder-volume[184862]: DEBUG cinder.volume.manager [None req-9cdba1ee-8475-467e-9bae-370537b74c28 tempest-VolumesGetTest-1735265206 None] Flow 'volume_create_manager' (edc34bc2-a9da-49fb-9d81-00c33b57daeb) transitioned into state 'RUNNING' from state 'PENDING' {{(pid=184862) _flow_receiver /usr/local/lib/python3.12/site-packages/taskflow/listeners/logging.py:145}}
Jan 22 10:21:11.612224 np0005592324.novalocal cinder-volume[184862]: DEBUG cinder.volume.manager [None req-9cdba1ee-8475-467e-9bae-370537b74c28 tempest-VolumesGetTest-1735265206 None] Task 'cinder.volume.flows.manager.create_volume.ExtractVolumeRefTask;volume:create' (79a02bc6-021d-483d-9653-53925f0e03cb) transitioned into state 'RUNNING' from state 'PENDING' {{(pid=184862) _task_receiver /usr/local/lib/python3.12/site-packages/taskflow/listeners/logging.py:194}}
Jan 22 10:21:11.619726 np0005592324.novalocal cinder-volume[184862]: DEBUG cinder.volume.manager [None req-9cdba1ee-8475-467e-9bae-370537b74c28 tempest-VolumesGetTest-1735265206 None] Task 'cinder.volume.flows.manager.create_volume.ExtractVolumeRefTask;volume:create' (79a02bc6-021d-483d-9653-53925f0e03cb) transitioned into state 'SUCCESS' from state 'RUNNING' with result 'Volume(_name_id=None,admin_metadata=,attach_status='detached',availability_zone='nova',bootable=False,cluster=,cluster_name=None,consistencygroup=,consistencygroup_id=None,created_at=2026-01-22T15:21:11Z,deleted=False,deleted_at=None,display_description='tempest-@#$%^* description-864785487',display_name='tempest-VolumesGetTest-Volume-953081411',ec2_id=None,encryption_key_id=None,glance_metadata=,group=,group_id=None,host='np0005592324.novalocal@lvmdriver-1#lvmdriver-1',id=cca85dc6-4951-4f69-81e7-be1cea5d437b,launched_at=None,metadata={},migration_status=None,multiattach=False,previous_status=None,project_id='e4e06c13486f4539b6ba9651e7ce8375',provider_auth=None,provider_geometry=None,provider_id=None,provider_location=None,replication_driver_data=None,replication_extended_status=None,replication_status=None,scheduled_at=2026-01-22T15:21:11Z,service_uuid=None,shared_targets=True,size=1,snapshot_id=None,snapshots=,source_volid=None,status='creating',terminated_at=None,updated_at=2026-01-22T15:21:11Z,use_quota=True,user_id='e63102bcb6d04852adceaf739bd6084b',volume_attachment=VolumeAttachmentList,volume_type=VolumeType(d32eda9a-7ff9-443b-adbb-d3691c157d72),volume_type_id=d32eda9a-7ff9-443b-adbb-d3691c157d72)' {{(pid=184862) _task_receiver /usr/local/lib/python3.12/site-packages/taskflow/listeners/logging.py:182}}
Jan 22 10:21:11.622083 np0005592324.novalocal cinder-volume[184862]: DEBUG cinder.volume.manager [None req-9cdba1ee-8475-467e-9bae-370537b74c28 tempest-VolumesGetTest-1735265206 None] Task 'cinder.volume.flows.manager.create_volume.OnFailureRescheduleTask;volume:create' (6a6b27bd-bbaa-4ba3-8202-67d068fc0cf9) transitioned into state 'RUNNING' from state 'PENDING' {{(pid=184862) _task_receiver /usr/local/lib/python3.12/site-packages/taskflow/listeners/logging.py:194}}
Jan 22 10:21:11.622810 np0005592324.novalocal cinder-volume[184862]: DEBUG cinder.volume.manager [None req-9cdba1ee-8475-467e-9bae-370537b74c28 tempest-VolumesGetTest-1735265206 None] Task 'cinder.volume.flows.manager.create_volume.OnFailureRescheduleTask;volume:create' (6a6b27bd-bbaa-4ba3-8202-67d068fc0cf9) transitioned into state 'SUCCESS' from state 'RUNNING' with result 'None' {{(pid=184862) _task_receiver /usr/local/lib/python3.12/site-packages/taskflow/listeners/logging.py:182}}
Jan 22 10:21:11.624205 np0005592324.novalocal cinder-volume[184862]: DEBUG cinder.volume.manager [None req-9cdba1ee-8475-467e-9bae-370537b74c28 tempest-VolumesGetTest-1735265206 None] Task 'cinder.volume.flows.manager.create_volume.ExtractVolumeSpecTask;volume:create' (6445b848-10c7-4cf4-8aa9-32c79d8318bf) transitioned into state 'RUNNING' from state 'PENDING' {{(pid=184862) _task_receiver /usr/local/lib/python3.12/site-packages/taskflow/listeners/logging.py:194}}
Jan 22 10:21:11.625444 np0005592324.novalocal cinder-volume[184862]: DEBUG cinder.volume.manager [None req-9cdba1ee-8475-467e-9bae-370537b74c28 tempest-VolumesGetTest-1735265206 None] Task 'cinder.volume.flows.manager.create_volume.ExtractVolumeSpecTask;volume:create' (6445b848-10c7-4cf4-8aa9-32c79d8318bf) transitioned into state 'SUCCESS' from state 'RUNNING' with result '{'status': 'creating', 'type': 'raw', 'volume_id': 'cca85dc6-4951-4f69-81e7-be1cea5d437b', 'volume_name': 'volume-cca85dc6-4951-4f69-81e7-be1cea5d437b', 'volume_size': 1}' {{(pid=184862) _task_receiver /usr/local/lib/python3.12/site-packages/taskflow/listeners/logging.py:182}}
Jan 22 10:21:11.626911 np0005592324.novalocal cinder-volume[184862]: DEBUG cinder.volume.manager [None req-9cdba1ee-8475-467e-9bae-370537b74c28 tempest-VolumesGetTest-1735265206 None] Task 'cinder.volume.flows.manager.create_volume.NotifyVolumeActionTask;volume:create, create.start' (1966d868-ab71-4dfc-9838-ac17128a1b45) transitioned into state 'RUNNING' from state 'PENDING' {{(pid=184862) _task_receiver /usr/local/lib/python3.12/site-packages/taskflow/listeners/logging.py:194}}
Jan 22 10:21:11.628025 np0005592324.novalocal cinder-volume[184862]: DEBUG cinder.volume.manager [None req-9cdba1ee-8475-467e-9bae-370537b74c28 tempest-VolumesGetTest-1735265206 None] Task 'cinder.volume.flows.manager.create_volume.NotifyVolumeActionTask;volume:create, create.start' (1966d868-ab71-4dfc-9838-ac17128a1b45) transitioned into state 'SUCCESS' from state 'RUNNING' with result 'None' {{(pid=184862) _task_receiver /usr/local/lib/python3.12/site-packages/taskflow/listeners/logging.py:182}}
Jan 22 10:21:11.629297 np0005592324.novalocal cinder-volume[184862]: DEBUG cinder.volume.manager [None req-9cdba1ee-8475-467e-9bae-370537b74c28 tempest-VolumesGetTest-1735265206 None] Task 'cinder.volume.flows.manager.create_volume.CreateVolumeFromSpecTask;volume:create' (a45eb2e9-0101-4a7f-a9c8-0f4e6d259eb4) transitioned into state 'RUNNING' from state 'PENDING' {{(pid=184862) _task_receiver /usr/local/lib/python3.12/site-packages/taskflow/listeners/logging.py:194}}
Jan 22 10:21:11.629623 np0005592324.novalocal cinder-volume[184862]: INFO cinder.volume.flows.manager.create_volume [None req-9cdba1ee-8475-467e-9bae-370537b74c28 tempest-VolumesGetTest-1735265206 None] Volume cca85dc6-4951-4f69-81e7-be1cea5d437b: being created as raw with specification: {'status': 'creating', 'volume_name': 'volume-cca85dc6-4951-4f69-81e7-be1cea5d437b', 'volume_size': 1}
Jan 22 10:21:11.630026 np0005592324.novalocal cinder-volume[184862]: DEBUG oslo_concurrency.processutils [None req-9cdba1ee-8475-467e-9bae-370537b74c28 tempest-VolumesGetTest-1735265206 None] Running cmd (subprocess): sudo cinder-rootwrap /etc/cinder/rootwrap.conf env LC_ALL=C lvcreate -T -V 1g -n volume-cca85dc6-4951-4f69-81e7-be1cea5d437b stack-volumes-lvmdriver-1/stack-volumes-lvmdriver-1-pool {{(pid=184862) execute /usr/local/lib/python3.12/site-packages/oslo_concurrency/processutils.py:349}}
Jan 22 10:21:11.654288 np0005592324.novalocal sudo[217988]: stack : PWD=/ ; USER=root ; COMMAND=/usr/local/bin/cinder-rootwrap /etc/cinder/rootwrap.conf env LC_ALL=C lvcreate -T -V 1g -n volume-cca85dc6-4951-4f69-81e7-be1cea5d437b stack-volumes-lvmdriver-1/stack-volumes-lvmdriver-1-pool
Jan 22 10:21:12.127780 np0005592324.novalocal cinder-volume[184862]: DEBUG oslo_concurrency.processutils [None req-9cdba1ee-8475-467e-9bae-370537b74c28 tempest-VolumesGetTest-1735265206 None] CMD "sudo cinder-rootwrap /etc/cinder/rootwrap.conf env LC_ALL=C lvcreate -T -V 1g -n volume-cca85dc6-4951-4f69-81e7-be1cea5d437b stack-volumes-lvmdriver-1/stack-volumes-lvmdriver-1-pool" returned: 0 in 0.494s {{(pid=184862) execute /usr/local/lib/python3.12/site-packages/oslo_concurrency/processutils.py:372}}
Jan 22 10:21:12.134321 np0005592324.novalocal cinder-volume[184862]: DEBUG cinder.volume.manager [None req-9cdba1ee-8475-467e-9bae-370537b74c28 tempest-VolumesGetTest-1735265206 None] Task 'cinder.volume.flows.manager.create_volume.CreateVolumeFromSpecTask;volume:create' (a45eb2e9-0101-4a7f-a9c8-0f4e6d259eb4) transitioned into state 'SUCCESS' from state 'RUNNING' with result '{'status': 'creating', 'volume_name': 'volume-cca85dc6-4951-4f69-81e7-be1cea5d437b', 'volume_size': 1}' {{(pid=184862) _task_receiver /usr/local/lib/python3.12/site-packages/taskflow/listeners/logging.py:182}}
Jan 22 10:21:12.136354 np0005592324.novalocal cinder-volume[184862]: DEBUG cinder.volume.manager [None req-9cdba1ee-8475-467e-9bae-370537b74c28 tempest-VolumesGetTest-1735265206 None] Task 'cinder.volume.flows.manager.create_volume.CreateVolumeOnFinishTask;volume:create, create.end' (705a1709-f57a-47f2-b77b-8e885232b4d4) transitioned into state 'RUNNING' from state 'PENDING' {{(pid=184862) _task_receiver /usr/local/lib/python3.12/site-packages/taskflow/listeners/logging.py:194}}
Jan 22 10:21:12.144080 np0005592324.novalocal cinder-volume[184862]: INFO cinder.volume.flows.manager.create_volume [None req-9cdba1ee-8475-467e-9bae-370537b74c28 tempest-VolumesGetTest-1735265206 None] Volume volume-cca85dc6-4951-4f69-81e7-be1cea5d437b (cca85dc6-4951-4f69-81e7-be1cea5d437b): created successfully
Jan 22 10:21:12.146673 np0005592324.novalocal cinder-volume[184862]: DEBUG cinder.volume.manager [None req-9cdba1ee-8475-467e-9bae-370537b74c28 tempest-VolumesGetTest-1735265206 None] Task 'cinder.volume.flows.manager.create_volume.CreateVolumeOnFinishTask;volume:create, create.end' (705a1709-f57a-47f2-b77b-8e885232b4d4) transitioned into state 'SUCCESS' from state 'RUNNING' with result 'None' {{(pid=184862) _task_receiver /usr/local/lib/python3.12/site-packages/taskflow/listeners/logging.py:182}}
Jan 22 10:21:12.150543 np0005592324.novalocal cinder-volume[184862]: DEBUG cinder.volume.manager [None req-9cdba1ee-8475-467e-9bae-370537b74c28 tempest-VolumesGetTest-1735265206 None] Flow 'volume_create_manager' (edc34bc2-a9da-49fb-9d81-00c33b57daeb) transitioned into state 'SUCCESS' from state 'RUNNING' {{(pid=184862) _flow_receiver /usr/local/lib/python3.12/site-packages/taskflow/listeners/logging.py:145}}
Jan 22 10:21:12.158292 np0005592324.novalocal cinder-volume[184862]: INFO cinder.volume.manager [None req-9cdba1ee-8475-467e-9bae-370537b74c28 tempest-VolumesGetTest-1735265206 None] Created volume successfully.
Jan 22 10:21:12.738711 np0005592324.novalocal cinder-volume[184862]: DEBUG cinder.coordination [None req-a55fdca4-725b-45ef-ac34-d42b4a3d8bc6 tempest-VolumesGetTest-1735265206 None] Acquiring lock "cinder-cca85dc6-4951-4f69-81e7-be1cea5d437b-delete_volume" by "delete_volume" {{(pid=184862) __acquire /opt/stack/cinder/cinder/coordination.py:143}}
Jan 22 10:21:12.749443 np0005592324.novalocal cinder-volume[184862]: DEBUG cinder.coordination [None req-a55fdca4-725b-45ef-ac34-d42b4a3d8bc6 tempest-VolumesGetTest-1735265206 None] Lock "cinder-cca85dc6-4951-4f69-81e7-be1cea5d437b-delete_volume" acquired by "delete_volume" :: waited 0.011s {{(pid=184862) __acquire /opt/stack/cinder/cinder/coordination.py:146}}
Jan 22 10:21:12.775526 np0005592324.novalocal cinder-volume[184862]: INFO cinder.volume.targets.iscsi [None req-a55fdca4-725b-45ef-ac34-d42b4a3d8bc6 tempest-VolumesGetTest-1735265206 None] Skipping remove_export. No iscsi_target is presently exported for volume: cca85dc6-4951-4f69-81e7-be1cea5d437b
Jan 22 10:21:12.775526 np0005592324.novalocal cinder-volume[184862]: DEBUG oslo_concurrency.processutils [None req-a55fdca4-725b-45ef-ac34-d42b4a3d8bc6 tempest-VolumesGetTest-1735265206 None] Running cmd (subprocess): sudo cinder-rootwrap /etc/cinder/rootwrap.conf env LC_ALL=C lvs --noheadings --unit=g -o vg_name,name,size --nosuffix --readonly stack-volumes-lvmdriver-1/volume-cca85dc6-4951-4f69-81e7-be1cea5d437b {{(pid=184862) execute /usr/local/lib/python3.12/site-packages/oslo_concurrency/processutils.py:349}}
Jan 22 10:21:12.802840 np0005592324.novalocal sudo[218002]: stack : PWD=/ ; USER=root ; COMMAND=/usr/local/bin/cinder-rootwrap /etc/cinder/rootwrap.conf env LC_ALL=C lvs --noheadings --unit=g -o vg_name,name,size --nosuffix --readonly stack-volumes-lvmdriver-1/volume-cca85dc6-4951-4f69-81e7-be1cea5d437b
Jan 22 10:21:13.161569 np0005592324.novalocal cinder-volume[184862]: DEBUG oslo_concurrency.processutils [None req-a55fdca4-725b-45ef-ac34-d42b4a3d8bc6 tempest-VolumesGetTest-1735265206 None] CMD "sudo cinder-rootwrap /etc/cinder/rootwrap.conf env LC_ALL=C lvs --noheadings --unit=g -o vg_name,name,size --nosuffix --readonly stack-volumes-lvmdriver-1/volume-cca85dc6-4951-4f69-81e7-be1cea5d437b" returned: 0 in 0.384s {{(pid=184862) execute /usr/local/lib/python3.12/site-packages/oslo_concurrency/processutils.py:372}}
Jan 22 10:21:13.161569 np0005592324.novalocal cinder-volume[184862]: DEBUG oslo_concurrency.processutils [None req-a55fdca4-725b-45ef-ac34-d42b4a3d8bc6 tempest-VolumesGetTest-1735265206 None] Running cmd (subprocess): sudo cinder-rootwrap /etc/cinder/rootwrap.conf env LC_ALL=C lvdisplay --noheading -C -o Attr --readonly stack-volumes-lvmdriver-1/volume-cca85dc6-4951-4f69-81e7-be1cea5d437b {{(pid=184862) execute /usr/local/lib/python3.12/site-packages/oslo_concurrency/processutils.py:349}}
Jan 22 10:21:13.177181 np0005592324.novalocal sudo[218007]: stack : PWD=/ ; USER=root ; COMMAND=/usr/local/bin/cinder-rootwrap /etc/cinder/rootwrap.conf env LC_ALL=C lvdisplay --noheading -C -o Attr --readonly stack-volumes-lvmdriver-1/volume-cca85dc6-4951-4f69-81e7-be1cea5d437b
Jan 22 10:21:13.528165 np0005592324.novalocal cinder-volume[184862]: DEBUG oslo_concurrency.processutils [None req-a55fdca4-725b-45ef-ac34-d42b4a3d8bc6 tempest-VolumesGetTest-1735265206 None] CMD "sudo cinder-rootwrap /etc/cinder/rootwrap.conf env LC_ALL=C lvdisplay --noheading -C -o Attr --readonly stack-volumes-lvmdriver-1/volume-cca85dc6-4951-4f69-81e7-be1cea5d437b" returned: 0 in 0.365s {{(pid=184862) execute /usr/local/lib/python3.12/site-packages/oslo_concurrency/processutils.py:372}}
Jan 22 10:21:13.528493 np0005592324.novalocal cinder-volume[184862]: DEBUG oslo_concurrency.processutils [None req-a55fdca4-725b-45ef-ac34-d42b4a3d8bc6 tempest-VolumesGetTest-1735265206 None] Running cmd (subprocess): sudo cinder-rootwrap /etc/cinder/rootwrap.conf lvremove --config activation { retry_deactivation = 1} -f stack-volumes-lvmdriver-1/volume-cca85dc6-4951-4f69-81e7-be1cea5d437b {{(pid=184862) execute /usr/local/lib/python3.12/site-packages/oslo_concurrency/processutils.py:349}}
Jan 22 10:21:13.553380 np0005592324.novalocal sudo[218013]: stack : PWD=/ ; USER=root ; COMMAND=/usr/local/bin/cinder-rootwrap /etc/cinder/rootwrap.conf lvremove --config 'activation { retry_deactivation = 1} ' -f stack-volumes-lvmdriver-1/volume-cca85dc6-4951-4f69-81e7-be1cea5d437b
Jan 22 10:21:13.986131 np0005592324.novalocal cinder-volume[184862]: DEBUG oslo_concurrency.processutils [None req-a55fdca4-725b-45ef-ac34-d42b4a3d8bc6 tempest-VolumesGetTest-1735265206 None] CMD "sudo cinder-rootwrap /etc/cinder/rootwrap.conf lvremove --config activation { retry_deactivation = 1} -f stack-volumes-lvmdriver-1/volume-cca85dc6-4951-4f69-81e7-be1cea5d437b" returned: 0 in 0.459s {{(pid=184862) execute /usr/local/lib/python3.12/site-packages/oslo_concurrency/processutils.py:372}}
Jan 22 10:21:13.986131 np0005592324.novalocal cinder-volume[184862]: INFO cinder.volume.drivers.lvm [None req-a55fdca4-725b-45ef-ac34-d42b4a3d8bc6 tempest-VolumesGetTest-1735265206 None] Successfully deleted volume: cca85dc6-4951-4f69-81e7-be1cea5d437b
Jan 22 10:21:14.024268 np0005592324.novalocal cinder-volume[184862]: DEBUG cinder.quota [None req-a55fdca4-725b-45ef-ac34-d42b4a3d8bc6 tempest-VolumesGetTest-1735265206 None] Created reservations ['79a6e5ef-b36d-4f3f-a785-6d681227b017', '42817b56-2318-441b-a748-5e4f3d7a549c', '78a32180-d7e0-4dca-932b-2a4c3c274a76', '5c33a499-a394-44a0-a6b7-1b124ebc2ba9'] {{(pid=184862) reserve /opt/stack/cinder/cinder/quota.py:752}}
Jan 22 10:21:14.050241 np0005592324.novalocal cinder-volume[184862]: DEBUG cinder.volume.drivers.lvm [None req-a55fdca4-725b-45ef-ac34-d42b4a3d8bc6 tempest-VolumesGetTest-1735265206 None] Updating volume stats {{(pid=184862) _update_volume_stats /opt/stack/cinder/cinder/volume/drivers/lvm.py:228}}
Jan 22 10:21:14.050416 np0005592324.novalocal cinder-volume[184862]: DEBUG oslo_concurrency.processutils [None req-a55fdca4-725b-45ef-ac34-d42b4a3d8bc6 tempest-VolumesGetTest-1735265206 None] Running cmd (subprocess): sudo cinder-rootwrap /etc/cinder/rootwrap.conf env LC_ALL=C vgs --noheadings --unit=g -o name,size,free,lv_count,uuid --separator : --nosuffix stack-volumes-lvmdriver-1 {{(pid=184862) execute /usr/local/lib/python3.12/site-packages/oslo_concurrency/processutils.py:349}}
Jan 22 10:21:14.086091 np0005592324.novalocal sudo[218060]: stack : PWD=/ ; USER=root ; COMMAND=/usr/local/bin/cinder-rootwrap /etc/cinder/rootwrap.conf env LC_ALL=C vgs --noheadings --unit=g -o name,size,free,lv_count,uuid --separator : --nosuffix stack-volumes-lvmdriver-1
Jan 22 10:21:14.415670 np0005592324.novalocal cinder-volume[184862]: DEBUG oslo_concurrency.processutils [None req-a55fdca4-725b-45ef-ac34-d42b4a3d8bc6 tempest-VolumesGetTest-1735265206 None] CMD "sudo cinder-rootwrap /etc/cinder/rootwrap.conf env LC_ALL=C vgs --noheadings --unit=g -o name,size,free,lv_count,uuid --separator : --nosuffix stack-volumes-lvmdriver-1" returned: 0 in 0.365s {{(pid=184862) execute /usr/local/lib/python3.12/site-packages/oslo_concurrency/processutils.py:372}}
Jan 22 10:21:14.416240 np0005592324.novalocal cinder-volume[184862]: DEBUG oslo_concurrency.processutils [None req-a55fdca4-725b-45ef-ac34-d42b4a3d8bc6 tempest-VolumesGetTest-1735265206 None] Running cmd (subprocess): sudo cinder-rootwrap /etc/cinder/rootwrap.conf env LC_ALL=C lvs --noheadings --unit=g -o vg_name,name,size --nosuffix --readonly stack-volumes-lvmdriver-1 {{(pid=184862) execute /usr/local/lib/python3.12/site-packages/oslo_concurrency/processutils.py:349}}
Jan 22 10:21:14.443177 np0005592324.novalocal sudo[218122]: stack : PWD=/ ; USER=root ; COMMAND=/usr/local/bin/cinder-rootwrap /etc/cinder/rootwrap.conf env LC_ALL=C lvs --noheadings --unit=g -o vg_name,name,size --nosuffix --readonly stack-volumes-lvmdriver-1
Jan 22 10:21:14.785798 np0005592324.novalocal cinder-volume[184862]: DEBUG oslo_concurrency.processutils [None req-a55fdca4-725b-45ef-ac34-d42b4a3d8bc6 tempest-VolumesGetTest-1735265206 None] CMD "sudo cinder-rootwrap /etc/cinder/rootwrap.conf env LC_ALL=C lvs --noheadings --unit=g -o vg_name,name,size --nosuffix --readonly stack-volumes-lvmdriver-1" returned: 0 in 0.369s {{(pid=184862) execute /usr/local/lib/python3.12/site-packages/oslo_concurrency/processutils.py:372}}
Jan 22 10:21:14.786410 np0005592324.novalocal cinder-volume[184862]: DEBUG oslo_concurrency.processutils [None req-a55fdca4-725b-45ef-ac34-d42b4a3d8bc6 tempest-VolumesGetTest-1735265206 None] Running cmd (subprocess): sudo cinder-rootwrap /etc/cinder/rootwrap.conf env LC_ALL=C lvs --noheadings --unit=g -o size,data_percent --separator : --nosuffix /dev/stack-volumes-lvmdriver-1/stack-volumes-lvmdriver-1-pool {{(pid=184862) execute /usr/local/lib/python3.12/site-packages/oslo_concurrency/processutils.py:349}}
Jan 22 10:21:14.802736 np0005592324.novalocal sudo[218128]: stack : PWD=/ ; USER=root ; COMMAND=/usr/local/bin/cinder-rootwrap /etc/cinder/rootwrap.conf env LC_ALL=C lvs --noheadings --unit=g -o size,data_percent --separator : --nosuffix /dev/stack-volumes-lvmdriver-1/stack-volumes-lvmdriver-1-pool
Jan 22 10:21:14.941754 np0005592324.novalocal cinder-volume[184862]: DEBUG cinder.coordination [None req-2b43a6ce-6009-4ac8-83ae-d5a7d236233e tempest-VolumesGetTest-1735265206 None] Acquiring lock "cinder-b4c4d8ab-cebb-4025-a99d-fdc2daf4c04a-delete_volume" by "delete_volume" {{(pid=184862) __acquire /opt/stack/cinder/cinder/coordination.py:143}}
Jan 22 10:21:14.951472 np0005592324.novalocal cinder-volume[184862]: DEBUG cinder.coordination [None req-2b43a6ce-6009-4ac8-83ae-d5a7d236233e tempest-VolumesGetTest-1735265206 None] Lock "cinder-b4c4d8ab-cebb-4025-a99d-fdc2daf4c04a-delete_volume" acquired by "delete_volume" :: waited 0.010s {{(pid=184862) __acquire /opt/stack/cinder/cinder/coordination.py:146}}
Jan 22 10:21:14.975823 np0005592324.novalocal cinder-volume[184862]: INFO cinder.volume.targets.iscsi [None req-2b43a6ce-6009-4ac8-83ae-d5a7d236233e tempest-VolumesGetTest-1735265206 None] Skipping remove_export. No iscsi_target is presently exported for volume: b4c4d8ab-cebb-4025-a99d-fdc2daf4c04a
Jan 22 10:21:14.976999 np0005592324.novalocal cinder-volume[184862]: DEBUG oslo_concurrency.processutils [None req-2b43a6ce-6009-4ac8-83ae-d5a7d236233e tempest-VolumesGetTest-1735265206 None] Running cmd (subprocess): sudo cinder-rootwrap /etc/cinder/rootwrap.conf env LC_ALL=C lvs --noheadings --unit=g -o vg_name,name,size --nosuffix --readonly stack-volumes-lvmdriver-1/volume-b4c4d8ab-cebb-4025-a99d-fdc2daf4c04a {{(pid=184862) execute /usr/local/lib/python3.12/site-packages/oslo_concurrency/processutils.py:349}}
Jan 22 10:21:14.997867 np0005592324.novalocal sudo[218131]: stack : PWD=/ ; USER=root ; COMMAND=/usr/local/bin/cinder-rootwrap /etc/cinder/rootwrap.conf env LC_ALL=C lvs --noheadings --unit=g -o vg_name,name,size --nosuffix --readonly stack-volumes-lvmdriver-1/volume-b4c4d8ab-cebb-4025-a99d-fdc2daf4c04a
Jan 22 10:21:15.167192 np0005592324.novalocal cinder-volume[184862]: DEBUG oslo_concurrency.processutils [None req-a55fdca4-725b-45ef-ac34-d42b4a3d8bc6 tempest-VolumesGetTest-1735265206 None] CMD "sudo cinder-rootwrap /etc/cinder/rootwrap.conf env LC_ALL=C lvs --noheadings --unit=g -o size,data_percent --separator : --nosuffix /dev/stack-volumes-lvmdriver-1/stack-volumes-lvmdriver-1-pool" returned: 0 in 0.381s {{(pid=184862) execute /usr/local/lib/python3.12/site-packages/oslo_concurrency/processutils.py:372}}
Jan 22 10:21:15.167990 np0005592324.novalocal cinder-volume[184862]: DEBUG oslo_concurrency.processutils [None req-a55fdca4-725b-45ef-ac34-d42b4a3d8bc6 tempest-VolumesGetTest-1735265206 None] Running cmd (subprocess): sudo cinder-rootwrap /etc/cinder/rootwrap.conf env LC_ALL=C lvs --noheadings --unit=g -o vg_name,name,size --nosuffix --readonly stack-volumes-lvmdriver-1 {{(pid=184862) execute /usr/local/lib/python3.12/site-packages/oslo_concurrency/processutils.py:349}}
Jan 22 10:21:15.197600 np0005592324.novalocal sudo[218136]: stack : PWD=/ ; USER=root ; COMMAND=/usr/local/bin/cinder-rootwrap /etc/cinder/rootwrap.conf env LC_ALL=C lvs --noheadings --unit=g -o vg_name,name,size --nosuffix --readonly stack-volumes-lvmdriver-1
Jan 22 10:21:15.391309 np0005592324.novalocal cinder-volume[184862]: DEBUG oslo_concurrency.processutils [None req-2b43a6ce-6009-4ac8-83ae-d5a7d236233e tempest-VolumesGetTest-1735265206 None] CMD "sudo cinder-rootwrap /etc/cinder/rootwrap.conf env LC_ALL=C lvs --noheadings --unit=g -o vg_name,name,size --nosuffix --readonly stack-volumes-lvmdriver-1/volume-b4c4d8ab-cebb-4025-a99d-fdc2daf4c04a" returned: 0 in 0.412s {{(pid=184862) execute /usr/local/lib/python3.12/site-packages/oslo_concurrency/processutils.py:372}}
Jan 22 10:21:15.391309 np0005592324.novalocal cinder-volume[184862]: DEBUG oslo_concurrency.processutils [None req-2b43a6ce-6009-4ac8-83ae-d5a7d236233e tempest-VolumesGetTest-1735265206 None] Running cmd (subprocess): sudo cinder-rootwrap /etc/cinder/rootwrap.conf env LC_ALL=C lvdisplay --noheading -C -o Attr --readonly stack-volumes-lvmdriver-1/volume-b4c4d8ab-cebb-4025-a99d-fdc2daf4c04a {{(pid=184862) execute /usr/local/lib/python3.12/site-packages/oslo_concurrency/processutils.py:349}}
Jan 22 10:21:15.409025 np0005592324.novalocal sudo[218142]: stack : PWD=/ ; USER=root ; COMMAND=/usr/local/bin/cinder-rootwrap /etc/cinder/rootwrap.conf env LC_ALL=C lvdisplay --noheading -C -o Attr --readonly stack-volumes-lvmdriver-1/volume-b4c4d8ab-cebb-4025-a99d-fdc2daf4c04a
Jan 22 10:21:15.535408 np0005592324.novalocal cinder-volume[184862]: DEBUG oslo_concurrency.processutils [None req-a55fdca4-725b-45ef-ac34-d42b4a3d8bc6 tempest-VolumesGetTest-1735265206 None] CMD "sudo cinder-rootwrap /etc/cinder/rootwrap.conf env LC_ALL=C lvs --noheadings --unit=g -o vg_name,name,size --nosuffix --readonly stack-volumes-lvmdriver-1" returned: 0 in 0.365s {{(pid=184862) execute /usr/local/lib/python3.12/site-packages/oslo_concurrency/processutils.py:372}}
Jan 22 10:21:15.535408 np0005592324.novalocal cinder-volume[184862]: DEBUG cinder.manager [None req-a55fdca4-725b-45ef-ac34-d42b4a3d8bc6 tempest-VolumesGetTest-1735265206 None] Notifying Schedulers of capabilities ... {{(pid=184862) _publish_service_capabilities /opt/stack/cinder/cinder/manager.py:202}}
Jan 22 10:21:15.540491 np0005592324.novalocal cinder-volume[184862]: INFO cinder.volume.manager [None req-a55fdca4-725b-45ef-ac34-d42b4a3d8bc6 tempest-VolumesGetTest-1735265206 None] Deleted volume successfully.
Jan 22 10:21:15.551430 np0005592324.novalocal cinder-volume[184862]: DEBUG cinder.coordination [None req-a55fdca4-725b-45ef-ac34-d42b4a3d8bc6 tempest-VolumesGetTest-1735265206 None] Lock "cinder-cca85dc6-4951-4f69-81e7-be1cea5d437b-delete_volume" released by "delete_volume" :: held 2.802s {{(pid=184862) __release /opt/stack/cinder/cinder/coordination.py:157}}
Jan 22 10:21:15.768701 np0005592324.novalocal cinder-volume[184862]: DEBUG oslo_concurrency.processutils [None req-2b43a6ce-6009-4ac8-83ae-d5a7d236233e tempest-VolumesGetTest-1735265206 None] CMD "sudo cinder-rootwrap /etc/cinder/rootwrap.conf env LC_ALL=C lvdisplay --noheading -C -o Attr --readonly stack-volumes-lvmdriver-1/volume-b4c4d8ab-cebb-4025-a99d-fdc2daf4c04a" returned: 0 in 0.376s {{(pid=184862) execute /usr/local/lib/python3.12/site-packages/oslo_concurrency/processutils.py:372}}
Jan 22 10:21:15.768701 np0005592324.novalocal cinder-volume[184862]: DEBUG oslo_concurrency.processutils [None req-2b43a6ce-6009-4ac8-83ae-d5a7d236233e tempest-VolumesGetTest-1735265206 None] Running cmd (subprocess): sudo cinder-rootwrap /etc/cinder/rootwrap.conf lvremove --config activation { retry_deactivation = 1} -f stack-volumes-lvmdriver-1/volume-b4c4d8ab-cebb-4025-a99d-fdc2daf4c04a {{(pid=184862) execute /usr/local/lib/python3.12/site-packages/oslo_concurrency/processutils.py:349}}
