Jan 22 10:19:23.792124 np0005592324.novalocal cinder-volume[184862]: DEBUG cinder.volume.manager [None req-aadc7d24-2d1d-45b2-9619-82caac1f1c7b tempest-VolumesDeleteCascade-1240086502 None] Task 'cinder.volume.flows.manager.create_volume.NotifyVolumeActionTask;volume:create, create.start' (f4f88ce2-2897-4ce6-a4d3-af79d7f51eb2) transitioned into state 'RUNNING' from state 'PENDING' {{(pid=184862) _task_receiver /usr/local/lib/python3.12/site-packages/taskflow/listeners/logging.py:194}}
Jan 22 10:19:23.794620 np0005592324.novalocal cinder-volume[184862]: DEBUG cinder.volume.manager [None req-aadc7d24-2d1d-45b2-9619-82caac1f1c7b tempest-VolumesDeleteCascade-1240086502 None] Task 'cinder.volume.flows.manager.create_volume.NotifyVolumeActionTask;volume:create, create.start' (f4f88ce2-2897-4ce6-a4d3-af79d7f51eb2) transitioned into state 'SUCCESS' from state 'RUNNING' with result 'None' {{(pid=184862) _task_receiver /usr/local/lib/python3.12/site-packages/taskflow/listeners/logging.py:182}}
Jan 22 10:19:23.798673 np0005592324.novalocal cinder-volume[184862]: DEBUG cinder.volume.manager [None req-aadc7d24-2d1d-45b2-9619-82caac1f1c7b tempest-VolumesDeleteCascade-1240086502 None] Task 'cinder.volume.flows.manager.create_volume.CreateVolumeFromSpecTask;volume:create' (c0b6e62f-5cea-432f-96a4-29a912fe1353) transitioned into state 'RUNNING' from state 'PENDING' {{(pid=184862) _task_receiver /usr/local/lib/python3.12/site-packages/taskflow/listeners/logging.py:194}}
Jan 22 10:19:23.799730 np0005592324.novalocal cinder-volume[184862]: INFO cinder.volume.flows.manager.create_volume [None req-aadc7d24-2d1d-45b2-9619-82caac1f1c7b tempest-VolumesDeleteCascade-1240086502 None] Volume dd3c8a2d-640f-4810-b5cf-c0b99054cdd0: being created as snap with specification: {'status': 'creating', 'volume_name': 'volume-dd3c8a2d-640f-4810-b5cf-c0b99054cdd0', 'volume_size': 1, 'snapshot_id': '3a2171ad-c7ba-4d4b-9252-52459e1011af'}
Jan 22 10:19:23.819490 np0005592324.novalocal cinder-volume[184862]: DEBUG oslo_concurrency.processutils [None req-aadc7d24-2d1d-45b2-9619-82caac1f1c7b tempest-VolumesDeleteCascade-1240086502 None] Running cmd (subprocess): sudo cinder-rootwrap /etc/cinder/rootwrap.conf env LC_ALL=C lvs --noheadings --unit=g -o vg_name,name,size --nosuffix --readonly stack-volumes-lvmdriver-1/_snapshot-3a2171ad-c7ba-4d4b-9252-52459e1011af {{(pid=184862) execute /usr/local/lib/python3.12/site-packages/oslo_concurrency/processutils.py:349}}
Jan 22 10:19:23.848666 np0005592324.novalocal sudo[215873]: stack : PWD=/ ; USER=root ; COMMAND=/usr/local/bin/cinder-rootwrap /etc/cinder/rootwrap.conf env LC_ALL=C lvs --noheadings --unit=g -o vg_name,name,size --nosuffix --readonly stack-volumes-lvmdriver-1/_snapshot-3a2171ad-c7ba-4d4b-9252-52459e1011af
Jan 22 10:19:24.181014 np0005592324.novalocal cinder-volume[184862]: DEBUG oslo_concurrency.processutils [None req-aadc7d24-2d1d-45b2-9619-82caac1f1c7b tempest-VolumesDeleteCascade-1240086502 None] CMD "sudo cinder-rootwrap /etc/cinder/rootwrap.conf env LC_ALL=C lvs --noheadings --unit=g -o vg_name,name,size --nosuffix --readonly stack-volumes-lvmdriver-1/_snapshot-3a2171ad-c7ba-4d4b-9252-52459e1011af" returned: 0 in 0.361s {{(pid=184862) execute /usr/local/lib/python3.12/site-packages/oslo_concurrency/processutils.py:372}}
Jan 22 10:19:24.182150 np0005592324.novalocal cinder-volume[184862]: DEBUG oslo_concurrency.processutils [None req-aadc7d24-2d1d-45b2-9619-82caac1f1c7b tempest-VolumesDeleteCascade-1240086502 None] Running cmd (subprocess): sudo cinder-rootwrap /etc/cinder/rootwrap.conf env LC_ALL=C lvcreate --name volume-dd3c8a2d-640f-4810-b5cf-c0b99054cdd0 --snapshot stack-volumes-lvmdriver-1/_snapshot-3a2171ad-c7ba-4d4b-9252-52459e1011af {{(pid=184862) execute /usr/local/lib/python3.12/site-packages/oslo_concurrency/processutils.py:349}}
Jan 22 10:19:24.207476 np0005592324.novalocal sudo[215881]: stack : PWD=/ ; USER=root ; COMMAND=/usr/local/bin/cinder-rootwrap /etc/cinder/rootwrap.conf env LC_ALL=C lvcreate --name volume-dd3c8a2d-640f-4810-b5cf-c0b99054cdd0 --snapshot stack-volumes-lvmdriver-1/_snapshot-3a2171ad-c7ba-4d4b-9252-52459e1011af
Jan 22 10:19:24.590130 np0005592324.novalocal cinder-volume[184862]: DEBUG oslo_concurrency.processutils [None req-aadc7d24-2d1d-45b2-9619-82caac1f1c7b tempest-VolumesDeleteCascade-1240086502 None] CMD "sudo cinder-rootwrap /etc/cinder/rootwrap.conf env LC_ALL=C lvcreate --name volume-dd3c8a2d-640f-4810-b5cf-c0b99054cdd0 --snapshot stack-volumes-lvmdriver-1/_snapshot-3a2171ad-c7ba-4d4b-9252-52459e1011af" returned: 0 in 0.407s {{(pid=184862) execute /usr/local/lib/python3.12/site-packages/oslo_concurrency/processutils.py:372}}
Jan 22 10:19:24.593565 np0005592324.novalocal cinder-volume[184862]: DEBUG oslo_concurrency.processutils [None req-aadc7d24-2d1d-45b2-9619-82caac1f1c7b tempest-VolumesDeleteCascade-1240086502 None] Running cmd (subprocess): sudo cinder-rootwrap /etc/cinder/rootwrap.conf lvchange -a y --yes -K stack-volumes-lvmdriver-1/_snapshot-3a2171ad-c7ba-4d4b-9252-52459e1011af {{(pid=184862) execute /usr/local/lib/python3.12/site-packages/oslo_concurrency/processutils.py:349}}
Jan 22 10:19:24.615285 np0005592324.novalocal sudo[215893]: stack : PWD=/ ; USER=root ; COMMAND=/usr/local/bin/cinder-rootwrap /etc/cinder/rootwrap.conf lvchange -a y --yes -K stack-volumes-lvmdriver-1/_snapshot-3a2171ad-c7ba-4d4b-9252-52459e1011af
Jan 22 10:19:25.048216 np0005592324.novalocal cinder-volume[184862]: DEBUG oslo_concurrency.processutils [None req-aadc7d24-2d1d-45b2-9619-82caac1f1c7b tempest-VolumesDeleteCascade-1240086502 None] CMD "sudo cinder-rootwrap /etc/cinder/rootwrap.conf lvchange -a y --yes -K stack-volumes-lvmdriver-1/_snapshot-3a2171ad-c7ba-4d4b-9252-52459e1011af" returned: 0 in 0.457s {{(pid=184862) execute /usr/local/lib/python3.12/site-packages/oslo_concurrency/processutils.py:372}}
Jan 22 10:19:25.048773 np0005592324.novalocal cinder-volume[184862]: DEBUG oslo_concurrency.processutils [None req-aadc7d24-2d1d-45b2-9619-82caac1f1c7b tempest-VolumesDeleteCascade-1240086502 None] Running cmd (subprocess): sudo cinder-rootwrap /etc/cinder/rootwrap.conf lvchange -a y --yes -k n stack-volumes-lvmdriver-1/volume-dd3c8a2d-640f-4810-b5cf-c0b99054cdd0 {{(pid=184862) execute /usr/local/lib/python3.12/site-packages/oslo_concurrency/processutils.py:349}}
Jan 22 10:19:25.072388 np0005592324.novalocal sudo[215982]: stack : PWD=/ ; USER=root ; COMMAND=/usr/local/bin/cinder-rootwrap /etc/cinder/rootwrap.conf lvchange -a y --yes -k n stack-volumes-lvmdriver-1/volume-dd3c8a2d-640f-4810-b5cf-c0b99054cdd0
Jan 22 10:19:25.466459 np0005592324.novalocal cinder-volume[184862]: DEBUG oslo_concurrency.processutils [None req-aadc7d24-2d1d-45b2-9619-82caac1f1c7b tempest-VolumesDeleteCascade-1240086502 None] CMD "sudo cinder-rootwrap /etc/cinder/rootwrap.conf lvchange -a y --yes -k n stack-volumes-lvmdriver-1/volume-dd3c8a2d-640f-4810-b5cf-c0b99054cdd0" returned: 0 in 0.417s {{(pid=184862) execute /usr/local/lib/python3.12/site-packages/oslo_concurrency/processutils.py:372}}
Jan 22 10:19:25.480349 np0005592324.novalocal cinder-volume[184862]: DEBUG cinder.volume.manager [None req-aadc7d24-2d1d-45b2-9619-82caac1f1c7b tempest-VolumesDeleteCascade-1240086502 None] Task 'cinder.volume.flows.manager.create_volume.CreateVolumeFromSpecTask;volume:create' (c0b6e62f-5cea-432f-96a4-29a912fe1353) transitioned into state 'SUCCESS' from state 'RUNNING' with result '{'status': 'creating', 'volume_name': 'volume-dd3c8a2d-640f-4810-b5cf-c0b99054cdd0', 'volume_size': 1, 'snapshot_id': '3a2171ad-c7ba-4d4b-9252-52459e1011af'}' {{(pid=184862) _task_receiver /usr/local/lib/python3.12/site-packages/taskflow/listeners/logging.py:182}}
Jan 22 10:19:25.482690 np0005592324.novalocal cinder-volume[184862]: DEBUG cinder.volume.manager [None req-aadc7d24-2d1d-45b2-9619-82caac1f1c7b tempest-VolumesDeleteCascade-1240086502 None] Task 'cinder.volume.flows.manager.create_volume.CreateVolumeOnFinishTask;volume:create, create.end' (28167dd8-5040-4f2f-8eb7-57f5fb33099d) transitioned into state 'RUNNING' from state 'PENDING' {{(pid=184862) _task_receiver /usr/local/lib/python3.12/site-packages/taskflow/listeners/logging.py:194}}
Jan 22 10:19:25.487953 np0005592324.novalocal cinder-volume[184862]: INFO cinder.volume.flows.manager.create_volume [None req-aadc7d24-2d1d-45b2-9619-82caac1f1c7b tempest-VolumesDeleteCascade-1240086502 None] Volume volume-dd3c8a2d-640f-4810-b5cf-c0b99054cdd0 (dd3c8a2d-640f-4810-b5cf-c0b99054cdd0): created successfully
Jan 22 10:19:25.489635 np0005592324.novalocal cinder-volume[184862]: DEBUG cinder.volume.manager [None req-aadc7d24-2d1d-45b2-9619-82caac1f1c7b tempest-VolumesDeleteCascade-1240086502 None] Task 'cinder.volume.flows.manager.create_volume.CreateVolumeOnFinishTask;volume:create, create.end' (28167dd8-5040-4f2f-8eb7-57f5fb33099d) transitioned into state 'SUCCESS' from state 'RUNNING' with result 'None' {{(pid=184862) _task_receiver /usr/local/lib/python3.12/site-packages/taskflow/listeners/logging.py:182}}
Jan 22 10:19:25.492701 np0005592324.novalocal cinder-volume[184862]: DEBUG cinder.volume.manager [None req-aadc7d24-2d1d-45b2-9619-82caac1f1c7b tempest-VolumesDeleteCascade-1240086502 None] Flow 'volume_create_manager' (f998c811-010e-46c1-a746-394e193b2f98) transitioned into state 'SUCCESS' from state 'RUNNING' {{(pid=184862) _flow_receiver /usr/local/lib/python3.12/site-packages/taskflow/listeners/logging.py:145}}
Jan 22 10:19:25.500559 np0005592324.novalocal cinder-volume[184862]: INFO cinder.volume.manager [None req-aadc7d24-2d1d-45b2-9619-82caac1f1c7b tempest-VolumesDeleteCascade-1240086502 None] Created volume successfully.
Jan 22 10:19:26.021632 np0005592324.novalocal cinder-volume[184862]: DEBUG cinder.coordination [None req-7ac92d41-6fed-4cff-a74b-580724ff878d tempest-VolumesDeleteCascade-1240086502 None] Acquiring lock "cinder-b1f27f60-6d4b-4759-be61-e54c30878b97-delete_volume" by "delete_volume" {{(pid=184862) __acquire /opt/stack/cinder/cinder/coordination.py:143}}
Jan 22 10:19:26.033380 np0005592324.novalocal cinder-volume[184862]: DEBUG cinder.coordination [None req-7ac92d41-6fed-4cff-a74b-580724ff878d tempest-VolumesDeleteCascade-1240086502 None] Lock "cinder-b1f27f60-6d4b-4759-be61-e54c30878b97-delete_volume" acquired by "delete_volume" :: waited 0.012s {{(pid=184862) __acquire /opt/stack/cinder/cinder/coordination.py:146}}
Jan 22 10:19:26.060970 np0005592324.novalocal cinder-volume[184862]: INFO cinder.volume.targets.iscsi [None req-7ac92d41-6fed-4cff-a74b-580724ff878d tempest-VolumesDeleteCascade-1240086502 None] Skipping remove_export. No iscsi_target is presently exported for volume: b1f27f60-6d4b-4759-be61-e54c30878b97
Jan 22 10:19:26.061350 np0005592324.novalocal cinder-volume[184862]: DEBUG cinder.volume.manager [None req-7ac92d41-6fed-4cff-a74b-580724ff878d tempest-VolumesDeleteCascade-1240086502 None] Performing cascade delete. {{(pid=184862) delete_volume /opt/stack/cinder/cinder/volume/manager.py:995}}
Jan 22 10:19:26.065952 np0005592324.novalocal cinder-volume[184862]: DEBUG cinder.coordination [None req-7ac92d41-6fed-4cff-a74b-580724ff878d tempest-VolumesDeleteCascade-1240086502 None] Acquiring lock "cinder-3a2171ad-c7ba-4d4b-9252-52459e1011af-delete_snapshot" by "delete_snapshot" {{(pid=184862) __acquire /opt/stack/cinder/cinder/coordination.py:143}}
Jan 22 10:19:26.072543 np0005592324.novalocal cinder-volume[184862]: DEBUG cinder.coordination [None req-7ac92d41-6fed-4cff-a74b-580724ff878d tempest-VolumesDeleteCascade-1240086502 None] Lock "cinder-3a2171ad-c7ba-4d4b-9252-52459e1011af-delete_snapshot" acquired by "delete_snapshot" :: waited 0.006s {{(pid=184862) __acquire /opt/stack/cinder/cinder/coordination.py:146}}
Jan 22 10:19:26.073360 np0005592324.novalocal cinder-volume[184862]: DEBUG oslo_concurrency.processutils [None req-7ac92d41-6fed-4cff-a74b-580724ff878d tempest-VolumesDeleteCascade-1240086502 None] Running cmd (subprocess): sudo cinder-rootwrap /etc/cinder/rootwrap.conf env LC_ALL=C lvs --noheadings --unit=g -o vg_name,name,size --nosuffix --readonly stack-volumes-lvmdriver-1/_snapshot-3a2171ad-c7ba-4d4b-9252-52459e1011af {{(pid=184862) execute /usr/local/lib/python3.12/site-packages/oslo_concurrency/processutils.py:349}}
Jan 22 10:19:26.101858 np0005592324.novalocal sudo[216016]: stack : PWD=/ ; USER=root ; COMMAND=/usr/local/bin/cinder-rootwrap /etc/cinder/rootwrap.conf env LC_ALL=C lvs --noheadings --unit=g -o vg_name,name,size --nosuffix --readonly stack-volumes-lvmdriver-1/_snapshot-3a2171ad-c7ba-4d4b-9252-52459e1011af
Jan 22 10:19:26.452885 np0005592324.novalocal cinder-volume[184862]: DEBUG oslo_concurrency.processutils [None req-7ac92d41-6fed-4cff-a74b-580724ff878d tempest-VolumesDeleteCascade-1240086502 None] CMD "sudo cinder-rootwrap /etc/cinder/rootwrap.conf env LC_ALL=C lvs --noheadings --unit=g -o vg_name,name,size --nosuffix --readonly stack-volumes-lvmdriver-1/_snapshot-3a2171ad-c7ba-4d4b-9252-52459e1011af" returned: 0 in 0.379s {{(pid=184862) execute /usr/local/lib/python3.12/site-packages/oslo_concurrency/processutils.py:372}}
Jan 22 10:19:26.453649 np0005592324.novalocal cinder-volume[184862]: DEBUG oslo_concurrency.processutils [None req-7ac92d41-6fed-4cff-a74b-580724ff878d tempest-VolumesDeleteCascade-1240086502 None] Running cmd (subprocess): sudo cinder-rootwrap /etc/cinder/rootwrap.conf lvremove --config activation { retry_deactivation = 1} -f stack-volumes-lvmdriver-1/_snapshot-3a2171ad-c7ba-4d4b-9252-52459e1011af {{(pid=184862) execute /usr/local/lib/python3.12/site-packages/oslo_concurrency/processutils.py:349}}
Jan 22 10:19:26.471466 np0005592324.novalocal sudo[216024]: stack : PWD=/ ; USER=root ; COMMAND=/usr/local/bin/cinder-rootwrap /etc/cinder/rootwrap.conf lvremove --config 'activation { retry_deactivation = 1} ' -f stack-volumes-lvmdriver-1/_snapshot-3a2171ad-c7ba-4d4b-9252-52459e1011af
Jan 22 10:19:26.887468 np0005592324.novalocal cinder-volume[184862]: DEBUG oslo_concurrency.processutils [None req-7ac92d41-6fed-4cff-a74b-580724ff878d tempest-VolumesDeleteCascade-1240086502 None] CMD "sudo cinder-rootwrap /etc/cinder/rootwrap.conf lvremove --config activation { retry_deactivation = 1} -f stack-volumes-lvmdriver-1/_snapshot-3a2171ad-c7ba-4d4b-9252-52459e1011af" returned: 0 in 0.433s {{(pid=184862) execute /usr/local/lib/python3.12/site-packages/oslo_concurrency/processutils.py:372}}
Jan 22 10:19:26.950320 np0005592324.novalocal cinder-volume[184862]: DEBUG cinder.quota [None req-7ac92d41-6fed-4cff-a74b-580724ff878d tempest-VolumesDeleteCascade-1240086502 None] Created reservations ['d448cbb7-0ee3-4635-ba79-de3b39fbe340', 'c3d9d4c0-303c-4fbb-93a1-537a153d0606', 'a6d43ac3-1456-4da5-90f6-5c2084aac431', 'a70e5921-5954-4ada-a2fd-368b83d5141a'] {{(pid=184862) reserve /opt/stack/cinder/cinder/quota.py:752}}
Jan 22 10:19:26.994082 np0005592324.novalocal cinder-volume[184862]: INFO cinder.volume.manager [None req-7ac92d41-6fed-4cff-a74b-580724ff878d tempest-VolumesDeleteCascade-1240086502 None] Delete snapshot completed successfully.
Jan 22 10:19:26.998812 np0005592324.novalocal cinder-volume[184862]: DEBUG cinder.coordination [None req-7ac92d41-6fed-4cff-a74b-580724ff878d tempest-VolumesDeleteCascade-1240086502 None] Lock "cinder-3a2171ad-c7ba-4d4b-9252-52459e1011af-delete_snapshot" released by "delete_snapshot" :: held 0.927s {{(pid=184862) __release /opt/stack/cinder/cinder/coordination.py:157}}
Jan 22 10:19:26.999572 np0005592324.novalocal cinder-volume[184862]: DEBUG cinder.volume.manager [None req-7ac92d41-6fed-4cff-a74b-580724ff878d tempest-VolumesDeleteCascade-1240086502 None] Snapshots deleted, issuing volume delete {{(pid=184862) delete_volume /opt/stack/cinder/cinder/volume/manager.py:1010}}
Jan 22 10:19:27.000581 np0005592324.novalocal cinder-volume[184862]: DEBUG oslo_concurrency.processutils [None req-7ac92d41-6fed-4cff-a74b-580724ff878d tempest-VolumesDeleteCascade-1240086502 None] Running cmd (subprocess): sudo cinder-rootwrap /etc/cinder/rootwrap.conf env LC_ALL=C lvs --noheadings --unit=g -o vg_name,name,size --nosuffix --readonly stack-volumes-lvmdriver-1/volume-b1f27f60-6d4b-4759-be61-e54c30878b97 {{(pid=184862) execute /usr/local/lib/python3.12/site-packages/oslo_concurrency/processutils.py:349}}
Jan 22 10:19:27.028796 np0005592324.novalocal sudo[216031]: stack : PWD=/ ; USER=root ; COMMAND=/usr/local/bin/cinder-rootwrap /etc/cinder/rootwrap.conf env LC_ALL=C lvs --noheadings --unit=g -o vg_name,name,size --nosuffix --readonly stack-volumes-lvmdriver-1/volume-b1f27f60-6d4b-4759-be61-e54c30878b97
Jan 22 10:19:27.406367 np0005592324.novalocal cinder-volume[184862]: DEBUG oslo_concurrency.processutils [None req-7ac92d41-6fed-4cff-a74b-580724ff878d tempest-VolumesDeleteCascade-1240086502 None] CMD "sudo cinder-rootwrap /etc/cinder/rootwrap.conf env LC_ALL=C lvs --noheadings --unit=g -o vg_name,name,size --nosuffix --readonly stack-volumes-lvmdriver-1/volume-b1f27f60-6d4b-4759-be61-e54c30878b97" returned: 0 in 0.405s {{(pid=184862) execute /usr/local/lib/python3.12/site-packages/oslo_concurrency/processutils.py:372}}
Jan 22 10:19:27.407781 np0005592324.novalocal cinder-volume[184862]: DEBUG oslo_concurrency.processutils [None req-7ac92d41-6fed-4cff-a74b-580724ff878d tempest-VolumesDeleteCascade-1240086502 None] Running cmd (subprocess): sudo cinder-rootwrap /etc/cinder/rootwrap.conf env LC_ALL=C lvdisplay --noheading -C -o Attr --readonly stack-volumes-lvmdriver-1/volume-b1f27f60-6d4b-4759-be61-e54c30878b97 {{(pid=184862) execute /usr/local/lib/python3.12/site-packages/oslo_concurrency/processutils.py:349}}
Jan 22 10:19:27.433550 np0005592324.novalocal sudo[216036]: stack : PWD=/ ; USER=root ; COMMAND=/usr/local/bin/cinder-rootwrap /etc/cinder/rootwrap.conf env LC_ALL=C lvdisplay --noheading -C -o Attr --readonly stack-volumes-lvmdriver-1/volume-b1f27f60-6d4b-4759-be61-e54c30878b97
Jan 22 10:19:27.830368 np0005592324.novalocal cinder-volume[184862]: DEBUG oslo_concurrency.processutils [None req-7ac92d41-6fed-4cff-a74b-580724ff878d tempest-VolumesDeleteCascade-1240086502 None] CMD "sudo cinder-rootwrap /etc/cinder/rootwrap.conf env LC_ALL=C lvdisplay --noheading -C -o Attr --readonly stack-volumes-lvmdriver-1/volume-b1f27f60-6d4b-4759-be61-e54c30878b97" returned: 0 in 0.422s {{(pid=184862) execute /usr/local/lib/python3.12/site-packages/oslo_concurrency/processutils.py:372}}
Jan 22 10:19:27.832372 np0005592324.novalocal cinder-volume[184862]: DEBUG oslo_concurrency.processutils [None req-7ac92d41-6fed-4cff-a74b-580724ff878d tempest-VolumesDeleteCascade-1240086502 None] Running cmd (subprocess): sudo cinder-rootwrap /etc/cinder/rootwrap.conf lvremove --config activation { retry_deactivation = 1} -f stack-volumes-lvmdriver-1/volume-b1f27f60-6d4b-4759-be61-e54c30878b97 {{(pid=184862) execute /usr/local/lib/python3.12/site-packages/oslo_concurrency/processutils.py:349}}
Jan 22 10:19:27.857533 np0005592324.novalocal sudo[216042]: stack : PWD=/ ; USER=root ; COMMAND=/usr/local/bin/cinder-rootwrap /etc/cinder/rootwrap.conf lvremove --config 'activation { retry_deactivation = 1} ' -f stack-volumes-lvmdriver-1/volume-b1f27f60-6d4b-4759-be61-e54c30878b97
Jan 22 10:19:28.277829 np0005592324.novalocal cinder-volume[184862]: DEBUG oslo_concurrency.processutils [None req-7ac92d41-6fed-4cff-a74b-580724ff878d tempest-VolumesDeleteCascade-1240086502 None] CMD "sudo cinder-rootwrap /etc/cinder/rootwrap.conf lvremove --config activation { retry_deactivation = 1} -f stack-volumes-lvmdriver-1/volume-b1f27f60-6d4b-4759-be61-e54c30878b97" returned: 0 in 0.445s {{(pid=184862) execute /usr/local/lib/python3.12/site-packages/oslo_concurrency/processutils.py:372}}
Jan 22 10:19:28.278376 np0005592324.novalocal cinder-volume[184862]: INFO cinder.volume.drivers.lvm [None req-7ac92d41-6fed-4cff-a74b-580724ff878d tempest-VolumesDeleteCascade-1240086502 None] Successfully deleted volume: b1f27f60-6d4b-4759-be61-e54c30878b97
Jan 22 10:19:28.317914 np0005592324.novalocal cinder-volume[184862]: DEBUG cinder.quota [None req-7ac92d41-6fed-4cff-a74b-580724ff878d tempest-VolumesDeleteCascade-1240086502 None] Created reservations ['a73f94e0-521c-436a-8671-f375c11f433d', 'f0b5b1c6-1fe8-4071-b6c3-d05bba1935ca', 'ff5bd3e6-c4f0-4bc3-b466-3e60810132e5', '1dfb15db-7102-4313-a9ff-f6e430f772ec'] {{(pid=184862) reserve /opt/stack/cinder/cinder/quota.py:752}}
Jan 22 10:19:28.342886 np0005592324.novalocal cinder-volume[184862]: DEBUG cinder.volume.drivers.lvm [None req-7ac92d41-6fed-4cff-a74b-580724ff878d tempest-VolumesDeleteCascade-1240086502 None] Updating volume stats {{(pid=184862) _update_volume_stats /opt/stack/cinder/cinder/volume/drivers/lvm.py:228}}
Jan 22 10:19:28.343281 np0005592324.novalocal cinder-volume[184862]: DEBUG oslo_concurrency.processutils [None req-7ac92d41-6fed-4cff-a74b-580724ff878d tempest-VolumesDeleteCascade-1240086502 None] Running cmd (subprocess): sudo cinder-rootwrap /etc/cinder/rootwrap.conf env LC_ALL=C vgs --noheadings --unit=g -o name,size,free,lv_count,uuid --separator : --nosuffix stack-volumes-lvmdriver-1 {{(pid=184862) execute /usr/local/lib/python3.12/site-packages/oslo_concurrency/processutils.py:349}}
Jan 22 10:19:28.364799 np0005592324.novalocal sudo[216049]: stack : PWD=/ ; USER=root ; COMMAND=/usr/local/bin/cinder-rootwrap /etc/cinder/rootwrap.conf env LC_ALL=C vgs --noheadings --unit=g -o name,size,free,lv_count,uuid --separator : --nosuffix stack-volumes-lvmdriver-1
Jan 22 10:19:28.717818 np0005592324.novalocal cinder-volume[184862]: DEBUG oslo_concurrency.processutils [None req-7ac92d41-6fed-4cff-a74b-580724ff878d tempest-VolumesDeleteCascade-1240086502 None] CMD "sudo cinder-rootwrap /etc/cinder/rootwrap.conf env LC_ALL=C vgs --noheadings --unit=g -o name,size,free,lv_count,uuid --separator : --nosuffix stack-volumes-lvmdriver-1" returned: 0 in 0.374s {{(pid=184862) execute /usr/local/lib/python3.12/site-packages/oslo_concurrency/processutils.py:372}}
Jan 22 10:19:28.718311 np0005592324.novalocal cinder-volume[184862]: DEBUG oslo_concurrency.processutils [None req-7ac92d41-6fed-4cff-a74b-580724ff878d tempest-VolumesDeleteCascade-1240086502 None] Running cmd (subprocess): sudo cinder-rootwrap /etc/cinder/rootwrap.conf env LC_ALL=C lvs --noheadings --unit=g -o vg_name,name,size --nosuffix --readonly stack-volumes-lvmdriver-1 {{(pid=184862) execute /usr/local/lib/python3.12/site-packages/oslo_concurrency/processutils.py:349}}
Jan 22 10:19:28.748886 np0005592324.novalocal sudo[216054]: stack : PWD=/ ; USER=root ; COMMAND=/usr/local/bin/cinder-rootwrap /etc/cinder/rootwrap.conf env LC_ALL=C lvs --noheadings --unit=g -o vg_name,name,size --nosuffix --readonly stack-volumes-lvmdriver-1
Jan 22 10:19:29.122921 np0005592324.novalocal cinder-volume[184862]: DEBUG oslo_concurrency.processutils [None req-7ac92d41-6fed-4cff-a74b-580724ff878d tempest-VolumesDeleteCascade-1240086502 None] CMD "sudo cinder-rootwrap /etc/cinder/rootwrap.conf env LC_ALL=C lvs --noheadings --unit=g -o vg_name,name,size --nosuffix --readonly stack-volumes-lvmdriver-1" returned: 0 in 0.404s {{(pid=184862) execute /usr/local/lib/python3.12/site-packages/oslo_concurrency/processutils.py:372}}
Jan 22 10:19:29.124468 np0005592324.novalocal cinder-volume[184862]: DEBUG oslo_concurrency.processutils [None req-7ac92d41-6fed-4cff-a74b-580724ff878d tempest-VolumesDeleteCascade-1240086502 None] Running cmd (subprocess): sudo cinder-rootwrap /etc/cinder/rootwrap.conf env LC_ALL=C lvs --noheadings --unit=g -o size,data_percent --separator : --nosuffix /dev/stack-volumes-lvmdriver-1/stack-volumes-lvmdriver-1-pool {{(pid=184862) execute /usr/local/lib/python3.12/site-packages/oslo_concurrency/processutils.py:349}}
Jan 22 10:19:29.147077 np0005592324.novalocal sudo[216059]: stack : PWD=/ ; USER=root ; COMMAND=/usr/local/bin/cinder-rootwrap /etc/cinder/rootwrap.conf env LC_ALL=C lvs --noheadings --unit=g -o size,data_percent --separator : --nosuffix /dev/stack-volumes-lvmdriver-1/stack-volumes-lvmdriver-1-pool
Jan 22 10:19:29.362317 np0005592324.novalocal cinder-volume[184862]: DEBUG cinder.coordination [None req-efb86f1a-71a1-4888-94d7-17b46c65ad98 tempest-VolumesDeleteCascade-1240086502 None] Acquiring lock "cinder-dd3c8a2d-640f-4810-b5cf-c0b99054cdd0-delete_volume" by "delete_volume" {{(pid=184862) __acquire /opt/stack/cinder/cinder/coordination.py:143}}
Jan 22 10:19:29.370893 np0005592324.novalocal cinder-volume[184862]: DEBUG cinder.coordination [None req-efb86f1a-71a1-4888-94d7-17b46c65ad98 tempest-VolumesDeleteCascade-1240086502 None] Lock "cinder-dd3c8a2d-640f-4810-b5cf-c0b99054cdd0-delete_volume" acquired by "delete_volume" :: waited 0.010s {{(pid=184862) __acquire /opt/stack/cinder/cinder/coordination.py:146}}
Jan 22 10:19:29.382243 np0005592324.novalocal cinder-volume[184862]: INFO cinder.volume.targets.iscsi [None req-efb86f1a-71a1-4888-94d7-17b46c65ad98 tempest-VolumesDeleteCascade-1240086502 None] Skipping remove_export. No iscsi_target is presently exported for volume: dd3c8a2d-640f-4810-b5cf-c0b99054cdd0
Jan 22 10:19:29.382742 np0005592324.novalocal cinder-volume[184862]: DEBUG oslo_concurrency.processutils [None req-efb86f1a-71a1-4888-94d7-17b46c65ad98 tempest-VolumesDeleteCascade-1240086502 None] Running cmd (subprocess): sudo cinder-rootwrap /etc/cinder/rootwrap.conf env LC_ALL=C lvs --noheadings --unit=g -o vg_name,name,size --nosuffix --readonly stack-volumes-lvmdriver-1/volume-dd3c8a2d-640f-4810-b5cf-c0b99054cdd0 {{(pid=184862) execute /usr/local/lib/python3.12/site-packages/oslo_concurrency/processutils.py:349}}
Jan 22 10:19:29.407971 np0005592324.novalocal sudo[216063]: stack : PWD=/ ; USER=root ; COMMAND=/usr/local/bin/cinder-rootwrap /etc/cinder/rootwrap.conf env LC_ALL=C lvs --noheadings --unit=g -o vg_name,name,size --nosuffix --readonly stack-volumes-lvmdriver-1/volume-dd3c8a2d-640f-4810-b5cf-c0b99054cdd0
Jan 22 10:19:29.538527 np0005592324.novalocal cinder-volume[184862]: DEBUG oslo_concurrency.processutils [None req-7ac92d41-6fed-4cff-a74b-580724ff878d tempest-VolumesDeleteCascade-1240086502 None] CMD "sudo cinder-rootwrap /etc/cinder/rootwrap.conf env LC_ALL=C lvs --noheadings --unit=g -o size,data_percent --separator : --nosuffix /dev/stack-volumes-lvmdriver-1/stack-volumes-lvmdriver-1-pool" returned: 0 in 0.412s {{(pid=184862) execute /usr/local/lib/python3.12/site-packages/oslo_concurrency/processutils.py:372}}
Jan 22 10:19:29.538527 np0005592324.novalocal cinder-volume[184862]: DEBUG oslo_concurrency.processutils [None req-7ac92d41-6fed-4cff-a74b-580724ff878d tempest-VolumesDeleteCascade-1240086502 None] Running cmd (subprocess): sudo cinder-rootwrap /etc/cinder/rootwrap.conf env LC_ALL=C lvs --noheadings --unit=g -o vg_name,name,size --nosuffix --readonly stack-volumes-lvmdriver-1 {{(pid=184862) execute /usr/local/lib/python3.12/site-packages/oslo_concurrency/processutils.py:349}}
Jan 22 10:19:29.555979 np0005592324.novalocal sudo[216069]: stack : PWD=/ ; USER=root ; COMMAND=/usr/local/bin/cinder-rootwrap /etc/cinder/rootwrap.conf env LC_ALL=C lvs --noheadings --unit=g -o vg_name,name,size --nosuffix --readonly stack-volumes-lvmdriver-1
Jan 22 10:19:29.776701 np0005592324.novalocal cinder-volume[184862]: DEBUG oslo_concurrency.processutils [None req-efb86f1a-71a1-4888-94d7-17b46c65ad98 tempest-VolumesDeleteCascade-1240086502 None] CMD "sudo cinder-rootwrap /etc/cinder/rootwrap.conf env LC_ALL=C lvs --noheadings --unit=g -o vg_name,name,size --nosuffix --readonly stack-volumes-lvmdriver-1/volume-dd3c8a2d-640f-4810-b5cf-c0b99054cdd0" returned: 0 in 0.394s {{(pid=184862) execute /usr/local/lib/python3.12/site-packages/oslo_concurrency/processutils.py:372}}
Jan 22 10:19:29.779538 np0005592324.novalocal cinder-volume[184862]: DEBUG oslo_concurrency.processutils [None req-efb86f1a-71a1-4888-94d7-17b46c65ad98 tempest-VolumesDeleteCascade-1240086502 None] Running cmd (subprocess): sudo cinder-rootwrap /etc/cinder/rootwrap.conf env LC_ALL=C lvdisplay --noheading -C -o Attr --readonly stack-volumes-lvmdriver-1/volume-dd3c8a2d-640f-4810-b5cf-c0b99054cdd0 {{(pid=184862) execute /usr/local/lib/python3.12/site-packages/oslo_concurrency/processutils.py:349}}
Jan 22 10:19:29.815049 np0005592324.novalocal sudo[216084]: stack : PWD=/ ; USER=root ; COMMAND=/usr/local/bin/cinder-rootwrap /etc/cinder/rootwrap.conf env LC_ALL=C lvdisplay --noheading -C -o Attr --readonly stack-volumes-lvmdriver-1/volume-dd3c8a2d-640f-4810-b5cf-c0b99054cdd0
Jan 22 10:19:30.000181 np0005592324.novalocal cinder-volume[184862]: DEBUG oslo_concurrency.processutils [None req-7ac92d41-6fed-4cff-a74b-580724ff878d tempest-VolumesDeleteCascade-1240086502 None] CMD "sudo cinder-rootwrap /etc/cinder/rootwrap.conf env LC_ALL=C lvs --noheadings --unit=g -o vg_name,name,size --nosuffix --readonly stack-volumes-lvmdriver-1" returned: 0 in 0.462s {{(pid=184862) execute /usr/local/lib/python3.12/site-packages/oslo_concurrency/processutils.py:372}}
Jan 22 10:19:30.001883 np0005592324.novalocal cinder-volume[184862]: DEBUG cinder.manager [None req-7ac92d41-6fed-4cff-a74b-580724ff878d tempest-VolumesDeleteCascade-1240086502 None] Notifying Schedulers of capabilities ... {{(pid=184862) _publish_service_capabilities /opt/stack/cinder/cinder/manager.py:202}}
Jan 22 10:19:30.005998 np0005592324.novalocal cinder-volume[184862]: INFO cinder.volume.manager [None req-7ac92d41-6fed-4cff-a74b-580724ff878d tempest-VolumesDeleteCascade-1240086502 None] Deleted volume successfully.
Jan 22 10:19:30.020772 np0005592324.novalocal cinder-volume[184862]: DEBUG cinder.coordination [None req-7ac92d41-6fed-4cff-a74b-580724ff878d tempest-VolumesDeleteCascade-1240086502 None] Lock "cinder-b1f27f60-6d4b-4759-be61-e54c30878b97-delete_volume" released by "delete_volume" :: held 3.988s {{(pid=184862) __release /opt/stack/cinder/cinder/coordination.py:157}}
Jan 22 10:19:30.193359 np0005592324.novalocal cinder-volume[184862]: DEBUG oslo_concurrency.processutils [None req-efb86f1a-71a1-4888-94d7-17b46c65ad98 tempest-VolumesDeleteCascade-1240086502 None] CMD "sudo cinder-rootwrap /etc/cinder/rootwrap.conf env LC_ALL=C lvdisplay --noheading -C -o Attr --readonly stack-volumes-lvmdriver-1/volume-dd3c8a2d-640f-4810-b5cf-c0b99054cdd0" returned: 0 in 0.412s {{(pid=184862) execute /usr/local/lib/python3.12/site-packages/oslo_concurrency/processutils.py:372}}
Jan 22 10:19:30.193359 np0005592324.novalocal cinder-volume[184862]: DEBUG oslo_concurrency.processutils [None req-efb86f1a-71a1-4888-94d7-17b46c65ad98 tempest-VolumesDeleteCascade-1240086502 None] Running cmd (subprocess): sudo cinder-rootwrap /etc/cinder/rootwrap.conf lvremove --config activation { retry_deactivation = 1} -f stack-volumes-lvmdriver-1/volume-dd3c8a2d-640f-4810-b5cf-c0b99054cdd0 {{(pid=184862) execute /usr/local/lib/python3.12/site-packages/oslo_concurrency/processutils.py:349}}
Jan 22 10:19:30.215462 np0005592324.novalocal sudo[216130]: stack : PWD=/ ; USER=root ; COMMAND=/usr/local/bin/cinder-rootwrap /etc/cinder/rootwrap.conf lvremove --config 'activation { retry_deactivation = 1} ' -f stack-volumes-lvmdriver-1/volume-dd3c8a2d-640f-4810-b5cf-c0b99054cdd0
Jan 22 10:19:30.604518 np0005592324.novalocal cinder-volume[184862]: DEBUG oslo_concurrency.processutils [None req-efb86f1a-71a1-4888-94d7-17b46c65ad98 tempest-VolumesDeleteCascade-1240086502 None] CMD "sudo cinder-rootwrap /etc/cinder/rootwrap.conf lvremove --config activation { retry_deactivation = 1} -f stack-volumes-lvmdriver-1/volume-dd3c8a2d-640f-4810-b5cf-c0b99054cdd0" returned: 0 in 0.413s {{(pid=184862) execute /usr/local/lib/python3.12/site-packages/oslo_concurrency/processutils.py:372}}
Jan 22 10:19:30.605389 np0005592324.novalocal cinder-volume[184862]: INFO cinder.volume.drivers.lvm [None req-efb86f1a-71a1-4888-94d7-17b46c65ad98 tempest-VolumesDeleteCascade-1240086502 None] Successfully deleted volume: dd3c8a2d-640f-4810-b5cf-c0b99054cdd0
Jan 22 10:19:30.637708 np0005592324.novalocal cinder-volume[184862]: DEBUG cinder.quota [None req-efb86f1a-71a1-4888-94d7-17b46c65ad98 tempest-VolumesDeleteCascade-1240086502 None] Created reservations ['7abb7836-7ab7-410f-800a-05255801f5ef', 'a3651469-a936-44c6-a7f8-99d8cc52867d', '6a617568-d4b1-47fa-9ac6-1ce3e40fe177', '179ac5ec-fba8-4275-b133-9d8629e23487'] {{(pid=184862) reserve /opt/stack/cinder/cinder/quota.py:752}}
Jan 22 10:19:30.689087 np0005592324.novalocal cinder-volume[184862]: DEBUG cinder.volume.drivers.lvm [None req-efb86f1a-71a1-4888-94d7-17b46c65ad98 tempest-VolumesDeleteCascade-1240086502 None] Updating volume stats {{(pid=184862) _update_volume_stats /opt/stack/cinder/cinder/volume/drivers/lvm.py:228}}
Jan 22 10:19:30.689719 np0005592324.novalocal cinder-volume[184862]: DEBUG oslo_concurrency.processutils [None req-efb86f1a-71a1-4888-94d7-17b46c65ad98 tempest-VolumesDeleteCascade-1240086502 None] Running cmd (subprocess): sudo cinder-rootwrap /etc/cinder/rootwrap.conf env LC_ALL=C vgs --noheadings --unit=g -o name,size,free,lv_count,uuid --separator : --nosuffix stack-volumes-lvmdriver-1 {{(pid=184862) execute /usr/local/lib/python3.12/site-packages/oslo_concurrency/processutils.py:349}}
Jan 22 10:19:30.716007 np0005592324.novalocal sudo[216181]: stack : PWD=/ ; USER=root ; COMMAND=/usr/local/bin/cinder-rootwrap /etc/cinder/rootwrap.conf env LC_ALL=C vgs --noheadings --unit=g -o name,size,free,lv_count,uuid --separator : --nosuffix stack-volumes-lvmdriver-1
Jan 22 10:19:31.081370 np0005592324.novalocal cinder-volume[184862]: DEBUG oslo_concurrency.processutils [None req-efb86f1a-71a1-4888-94d7-17b46c65ad98 tempest-VolumesDeleteCascade-1240086502 None] CMD "sudo cinder-rootwrap /etc/cinder/rootwrap.conf env LC_ALL=C vgs --noheadings --unit=g -o name,size,free,lv_count,uuid --separator : --nosuffix stack-volumes-lvmdriver-1" returned: 0 in 0.388s {{(pid=184862) execute /usr/local/lib/python3.12/site-packages/oslo_concurrency/processutils.py:372}}
Jan 22 10:19:31.081370 np0005592324.novalocal cinder-volume[184862]: DEBUG oslo_concurrency.processutils [None req-efb86f1a-71a1-4888-94d7-17b46c65ad98 tempest-VolumesDeleteCascade-1240086502 None] Running cmd (subprocess): sudo cinder-rootwrap /etc/cinder/rootwrap.conf env LC_ALL=C lvs --noheadings --unit=g -o vg_name,name,size --nosuffix --readonly stack-volumes-lvmdriver-1 {{(pid=184862) execute /usr/local/lib/python3.12/site-packages/oslo_concurrency/processutils.py:349}}
Jan 22 10:19:31.100328 np0005592324.novalocal sudo[216189]: stack : PWD=/ ; USER=root ; COMMAND=/usr/local/bin/cinder-rootwrap /etc/cinder/rootwrap.conf env LC_ALL=C lvs --noheadings --unit=g -o vg_name,name,size --nosuffix --readonly stack-volumes-lvmdriver-1
Jan 22 10:19:31.463011 np0005592324.novalocal cinder-volume[184862]: DEBUG oslo_concurrency.processutils [None req-efb86f1a-71a1-4888-94d7-17b46c65ad98 tempest-VolumesDeleteCascade-1240086502 None] CMD "sudo cinder-rootwrap /etc/cinder/rootwrap.conf env LC_ALL=C lvs --noheadings --unit=g -o vg_name,name,size --nosuffix --readonly stack-volumes-lvmdriver-1" returned: 0 in 0.383s {{(pid=184862) execute /usr/local/lib/python3.12/site-packages/oslo_concurrency/processutils.py:372}}
Jan 22 10:19:31.464122 np0005592324.novalocal cinder-volume[184862]: DEBUG oslo_concurrency.processutils [None req-efb86f1a-71a1-4888-94d7-17b46c65ad98 tempest-VolumesDeleteCascade-1240086502 None] Running cmd (subprocess): sudo cinder-rootwrap /etc/cinder/rootwrap.conf env LC_ALL=C lvs --noheadings --unit=g -o size,data_percent --separator : --nosuffix /dev/stack-volumes-lvmdriver-1/stack-volumes-lvmdriver-1-pool {{(pid=184862) execute /usr/local/lib/python3.12/site-packages/oslo_concurrency/processutils.py:349}}
Jan 22 10:19:31.498246 np0005592324.novalocal sudo[216195]: stack : PWD=/ ; USER=root ; COMMAND=/usr/local/bin/cinder-rootwrap /etc/cinder/rootwrap.conf env LC_ALL=C lvs --noheadings --unit=g -o size,data_percent --separator : --nosuffix /dev/stack-volumes-lvmdriver-1/stack-volumes-lvmdriver-1-pool
Jan 22 10:19:31.852262 np0005592324.novalocal cinder-volume[184862]: DEBUG oslo_concurrency.processutils [None req-efb86f1a-71a1-4888-94d7-17b46c65ad98 tempest-VolumesDeleteCascade-1240086502 None] CMD "sudo cinder-rootwrap /etc/cinder/rootwrap.conf env LC_ALL=C lvs --noheadings --unit=g -o size,data_percent --separator : --nosuffix /dev/stack-volumes-lvmdriver-1/stack-volumes-lvmdriver-1-pool" returned: 0 in 0.386s {{(pid=184862) execute /usr/local/lib/python3.12/site-packages/oslo_concurrency/processutils.py:372}}
Jan 22 10:19:31.852262 np0005592324.novalocal cinder-volume[184862]: DEBUG oslo_concurrency.processutils [None req-efb86f1a-71a1-4888-94d7-17b46c65ad98 tempest-VolumesDeleteCascade-1240086502 None] Running cmd (subprocess): sudo cinder-rootwrap /etc/cinder/rootwrap.conf env LC_ALL=C lvs --noheadings --unit=g -o vg_name,name,size --nosuffix --readonly stack-volumes-lvmdriver-1 {{(pid=184862) execute /usr/local/lib/python3.12/site-packages/oslo_concurrency/processutils.py:349}}
Jan 22 10:19:31.872644 np0005592324.novalocal sudo[216201]: stack : PWD=/ ; USER=root ; COMMAND=/usr/local/bin/cinder-rootwrap /etc/cinder/rootwrap.conf env LC_ALL=C lvs --noheadings --unit=g -o vg_name,name,size --nosuffix --readonly stack-volumes-lvmdriver-1
Jan 22 10:19:32.233805 np0005592324.novalocal cinder-volume[184862]: DEBUG oslo_concurrency.processutils [None req-efb86f1a-71a1-4888-94d7-17b46c65ad98 tempest-VolumesDeleteCascade-1240086502 None] CMD "sudo cinder-rootwrap /etc/cinder/rootwrap.conf env LC_ALL=C lvs --noheadings --unit=g -o vg_name,name,size --nosuffix --readonly stack-volumes-lvmdriver-1" returned: 0 in 0.380s {{(pid=184862) execute /usr/local/lib/python3.12/site-packages/oslo_concurrency/processutils.py:372}}
Jan 22 10:19:32.233805 np0005592324.novalocal cinder-volume[184862]: DEBUG cinder.manager [None req-efb86f1a-71a1-4888-94d7-17b46c65ad98 tempest-VolumesDeleteCascade-1240086502 None] Notifying Schedulers of capabilities ... {{(pid=184862) _publish_service_capabilities /opt/stack/cinder/cinder/manager.py:202}}
Jan 22 10:19:32.235640 np0005592324.novalocal cinder-volume[184862]: INFO cinder.volume.manager [None req-efb86f1a-71a1-4888-94d7-17b46c65ad98 tempest-VolumesDeleteCascade-1240086502 None] Deleted volume successfully.
Jan 22 10:19:32.245436 np0005592324.novalocal cinder-volume[184862]: DEBUG cinder.coordination [None req-efb86f1a-71a1-4888-94d7-17b46c65ad98 tempest-VolumesDeleteCascade-1240086502 None] Lock "cinder-dd3c8a2d-640f-4810-b5cf-c0b99054cdd0-delete_volume" released by "delete_volume" :: held 2.874s {{(pid=184862) __release /opt/stack/cinder/cinder/coordination.py:157}}
Jan 22 10:19:33.746249 np0005592324.novalocal cinder-volume[184862]: DEBUG oslo_service.periodic_task [None req-502cd12d-0b09-4d59-8ed2-40ce75cff2e3 None None] Running periodic task VolumeManager.publish_service_capabilities {{(pid=184862) run_periodic_tasks /usr/local/lib/python3.12/site-packages/oslo_service/periodic_task.py:210}}
Jan 22 10:19:33.746668 np0005592324.novalocal cinder-volume[184862]: DEBUG cinder.volume.drivers.lvm [None req-502cd12d-0b09-4d59-8ed2-40ce75cff2e3 None None] Updating volume stats {{(pid=184862) _update_volume_stats /opt/stack/cinder/cinder/volume/drivers/lvm.py:228}}
Jan 22 10:19:33.747238 np0005592324.novalocal cinder-volume[184862]: DEBUG oslo_concurrency.processutils [None req-502cd12d-0b09-4d59-8ed2-40ce75cff2e3 None None] Running cmd (subprocess): sudo cinder-rootwrap /etc/cinder/rootwrap.conf env LC_ALL=C vgs --noheadings --unit=g -o name,size,free,lv_count,uuid --separator : --nosuffix stack-volumes-lvmdriver-1 {{(pid=184862) execute /usr/local/lib/python3.12/site-packages/oslo_concurrency/processutils.py:349}}
Jan 22 10:19:33.780727 np0005592324.novalocal sudo[216213]: stack : PWD=/ ; USER=root ; COMMAND=/usr/local/bin/cinder-rootwrap /etc/cinder/rootwrap.conf env LC_ALL=C vgs --noheadings --unit=g -o name,size,free,lv_count,uuid --separator : --nosuffix stack-volumes-lvmdriver-1
Jan 22 10:19:33.856284 np0005592324.novalocal cinder-volume[184862]: DEBUG cinder.volume.flows.manager.create_volume [None req-56a33646-ebb1-4146-9bc8-dc6ce39b1295 tempest-VolumesTransfersTest-1804037368 None] Volume reschedule parameters: True retry: {'num_attempts': 1, 'backends': ['np0005592324.novalocal@lvmdriver-1#lvmdriver-1'], 'hosts': ['np0005592324.novalocal@lvmdriver-1#lvmdriver-1']} {{(pid=184862) get_flow /opt/stack/cinder/cinder/volume/flows/manager/create_volume.py:1388}}
Jan 22 10:19:33.866748 np0005592324.novalocal cinder-volume[184862]: DEBUG cinder.volume.manager [None req-56a33646-ebb1-4146-9bc8-dc6ce39b1295 tempest-VolumesTransfersTest-1804037368 None] Flow 'volume_create_manager' (21e3ff92-3428-4378-8405-95329170a18a) transitioned into state 'RUNNING' from state 'PENDING' {{(pid=184862) _flow_receiver /usr/local/lib/python3.12/site-packages/taskflow/listeners/logging.py:145}}
Jan 22 10:19:33.869738 np0005592324.novalocal cinder-volume[184862]: DEBUG cinder.volume.manager [None req-56a33646-ebb1-4146-9bc8-dc6ce39b1295 tempest-VolumesTransfersTest-1804037368 None] Task 'cinder.volume.flows.manager.create_volume.ExtractVolumeRefTask;volume:create' (ab915096-d77c-43e1-a7e9-03432d70b63f) transitioned into state 'RUNNING' from state 'PENDING' {{(pid=184862) _task_receiver /usr/local/lib/python3.12/site-packages/taskflow/listeners/logging.py:194}}
Jan 22 10:19:33.878065 np0005592324.novalocal cinder-volume[184862]: DEBUG cinder.volume.manager [None req-56a33646-ebb1-4146-9bc8-dc6ce39b1295 tempest-VolumesTransfersTest-1804037368 None] Task 'cinder.volume.flows.manager.create_volume.ExtractVolumeRefTask;volume:create' (ab915096-d77c-43e1-a7e9-03432d70b63f) transitioned into state 'SUCCESS' from state 'RUNNING' with result 'Volume(_name_id=None,admin_metadata=,attach_status='detached',availability_zone='nova',bootable=False,cluster=,cluster_name=None,consistencygroup=,consistencygroup_id=None,created_at=2026-01-22T15:19:33Z,deleted=False,deleted_at=None,display_description=None,display_name='tempest-VolumesTransfersTest-Volume-640798331',ec2_id=None,encryption_key_id=None,glance_metadata=,group=,group_id=None,host='np0005592324.novalocal@lvmdriver-1#lvmdriver-1',id=fae7f9d7-d1db-4ad4-9e70-ba320a418706,launched_at=None,metadata={},migration_status=None,multiattach=False,previous_status=None,project_id='4676a3a56f654a2683a567709a0a54df',provider_auth=None,provider_geometry=None,provider_id=None,provider_location=None,replication_driver_data=None,replication_extended_status=None,replication_status=None,scheduled_at=2026-01-22T15:19:33Z,service_uuid=None,shared_targets=True,size=1,snapshot_id=None,snapshots=,source_volid=None,status='creating',terminated_at=None,updated_at=2026-01-22T15:19:33Z,use_quota=True,user_id='f0790b7c7fa54ceaa57189216108c071',volume_attachment=VolumeAttachmentList,volume_type=VolumeType(d32eda9a-7ff9-443b-adbb-d3691c157d72),volume_type_id=d32eda9a-7ff9-443b-adbb-d3691c157d72)' {{(pid=184862) _task_receiver /usr/local/lib/python3.12/site-packages/taskflow/listeners/logging.py:182}}
Jan 22 10:19:33.880564 np0005592324.novalocal cinder-volume[184862]: DEBUG cinder.volume.manager [None req-56a33646-ebb1-4146-9bc8-dc6ce39b1295 tempest-VolumesTransfersTest-1804037368 None] Task 'cinder.volume.flows.manager.create_volume.OnFailureRescheduleTask;volume:create' (9e9924e6-d847-4c39-b819-b2e29b3e85d3) transitioned into state 'RUNNING' from state 'PENDING' {{(pid=184862) _task_receiver /usr/local/lib/python3.12/site-packages/taskflow/listeners/logging.py:194}}
Jan 22 10:19:33.883860 np0005592324.novalocal cinder-volume[184862]: DEBUG cinder.volume.manager [None req-56a33646-ebb1-4146-9bc8-dc6ce39b1295 tempest-VolumesTransfersTest-1804037368 None] Task 'cinder.volume.flows.manager.create_volume.OnFailureRescheduleTask;volume:create' (9e9924e6-d847-4c39-b819-b2e29b3e85d3) transitioned into state 'SUCCESS' from state 'RUNNING' with result 'None' {{(pid=184862) _task_receiver /usr/local/lib/python3.12/site-packages/taskflow/listeners/logging.py:182}}
Jan 22 10:19:33.884236 np0005592324.novalocal cinder-volume[184862]: DEBUG cinder.volume.manager [None req-56a33646-ebb1-4146-9bc8-dc6ce39b1295 tempest-VolumesTransfersTest-1804037368 None] Task 'cinder.volume.flows.manager.create_volume.ExtractVolumeSpecTask;volume:create' (adbf7b45-aaef-42e1-81d8-2d8fc6cc9585) transitioned into state 'RUNNING' from state 'PENDING' {{(pid=184862) _task_receiver /usr/local/lib/python3.12/site-packages/taskflow/listeners/logging.py:194}}
Jan 22 10:19:33.889179 np0005592324.novalocal cinder-volume[184862]: DEBUG cinder.volume.manager [None req-56a33646-ebb1-4146-9bc8-dc6ce39b1295 tempest-VolumesTransfersTest-1804037368 None] Task 'cinder.volume.flows.manager.create_volume.ExtractVolumeSpecTask;volume:create' (adbf7b45-aaef-42e1-81d8-2d8fc6cc9585) transitioned into state 'SUCCESS' from state 'RUNNING' with result '{'status': 'creating', 'type': 'raw', 'volume_id': 'fae7f9d7-d1db-4ad4-9e70-ba320a418706', 'volume_name': 'volume-fae7f9d7-d1db-4ad4-9e70-ba320a418706', 'volume_size': 1}' {{(pid=184862) _task_receiver /usr/local/lib/python3.12/site-packages/taskflow/listeners/logging.py:182}}
Jan 22 10:19:33.890320 np0005592324.novalocal cinder-volume[184862]: DEBUG cinder.volume.manager [None req-56a33646-ebb1-4146-9bc8-dc6ce39b1295 tempest-VolumesTransfersTest-1804037368 None] Task 'cinder.volume.flows.manager.create_volume.NotifyVolumeActionTask;volume:create, create.start' (10b47248-9910-422d-8cbd-c91b7d72eccb) transitioned into state 'RUNNING' from state 'PENDING' {{(pid=184862) _task_receiver /usr/local/lib/python3.12/site-packages/taskflow/listeners/logging.py:194}}
Jan 22 10:19:33.891300 np0005592324.novalocal cinder-volume[184862]: DEBUG cinder.volume.manager [None req-56a33646-ebb1-4146-9bc8-dc6ce39b1295 tempest-VolumesTransfersTest-1804037368 None] Task 'cinder.volume.flows.manager.create_volume.NotifyVolumeActionTask;volume:create, create.start' (10b47248-9910-422d-8cbd-c91b7d72eccb) transitioned into state 'SUCCESS' from state 'RUNNING' with result 'None' {{(pid=184862) _task_receiver /usr/local/lib/python3.12/site-packages/taskflow/listeners/logging.py:182}}
Jan 22 10:19:33.892566 np0005592324.novalocal cinder-volume[184862]: DEBUG cinder.volume.manager [None req-56a33646-ebb1-4146-9bc8-dc6ce39b1295 tempest-VolumesTransfersTest-1804037368 None] Task 'cinder.volume.flows.manager.create_volume.CreateVolumeFromSpecTask;volume:create' (bfbd3183-5c52-45ea-8254-600fa755124b) transitioned into state 'RUNNING' from state 'PENDING' {{(pid=184862) _task_receiver /usr/local/lib/python3.12/site-packages/taskflow/listeners/logging.py:194}}
Jan 22 10:19:33.892897 np0005592324.novalocal cinder-volume[184862]: INFO cinder.volume.flows.manager.create_volume [None req-56a33646-ebb1-4146-9bc8-dc6ce39b1295 tempest-VolumesTransfersTest-1804037368 None] Volume fae7f9d7-d1db-4ad4-9e70-ba320a418706: being created as raw with specification: {'status': 'creating', 'volume_name': 'volume-fae7f9d7-d1db-4ad4-9e70-ba320a418706', 'volume_size': 1}
Jan 22 10:19:33.893334 np0005592324.novalocal cinder-volume[184862]: DEBUG oslo_concurrency.processutils [None req-56a33646-ebb1-4146-9bc8-dc6ce39b1295 tempest-VolumesTransfersTest-1804037368 None] Running cmd (subprocess): sudo cinder-rootwrap /etc/cinder/rootwrap.conf env LC_ALL=C lvcreate -T -V 1g -n volume-fae7f9d7-d1db-4ad4-9e70-ba320a418706 stack-volumes-lvmdriver-1/stack-volumes-lvmdriver-1-pool {{(pid=184862) execute /usr/local/lib/python3.12/site-packages/oslo_concurrency/processutils.py:349}}
Jan 22 10:19:33.936370 np0005592324.novalocal sudo[216216]: stack : PWD=/ ; USER=root ; COMMAND=/usr/local/bin/cinder-rootwrap /etc/cinder/rootwrap.conf env LC_ALL=C lvcreate -T -V 1g -n volume-fae7f9d7-d1db-4ad4-9e70-ba320a418706 stack-volumes-lvmdriver-1/stack-volumes-lvmdriver-1-pool
Jan 22 10:19:34.190723 np0005592324.novalocal cinder-volume[184862]: DEBUG oslo_concurrency.processutils [None req-502cd12d-0b09-4d59-8ed2-40ce75cff2e3 None None] CMD "sudo cinder-rootwrap /etc/cinder/rootwrap.conf env LC_ALL=C vgs --noheadings --unit=g -o name,size,free,lv_count,uuid --separator : --nosuffix stack-volumes-lvmdriver-1" returned: 0 in 0.443s {{(pid=184862) execute /usr/local/lib/python3.12/site-packages/oslo_concurrency/processutils.py:372}}
Jan 22 10:19:34.192921 np0005592324.novalocal cinder-volume[184862]: DEBUG oslo_concurrency.processutils [None req-502cd12d-0b09-4d59-8ed2-40ce75cff2e3 None None] Running cmd (subprocess): sudo cinder-rootwrap /etc/cinder/rootwrap.conf env LC_ALL=C lvs --noheadings --unit=g -o vg_name,name,size --nosuffix --readonly stack-volumes-lvmdriver-1 {{(pid=184862) execute /usr/local/lib/python3.12/site-packages/oslo_concurrency/processutils.py:349}}
Jan 22 10:19:34.216276 np0005592324.novalocal sudo[216273]: stack : PWD=/ ; USER=root ; COMMAND=/usr/local/bin/cinder-rootwrap /etc/cinder/rootwrap.conf env LC_ALL=C lvs --noheadings --unit=g -o vg_name,name,size --nosuffix --readonly stack-volumes-lvmdriver-1
Jan 22 10:19:34.332542 np0005592324.novalocal cinder-volume[184862]: DEBUG oslo_concurrency.processutils [None req-56a33646-ebb1-4146-9bc8-dc6ce39b1295 tempest-VolumesTransfersTest-1804037368 None] CMD "sudo cinder-rootwrap /etc/cinder/rootwrap.conf env LC_ALL=C lvcreate -T -V 1g -n volume-fae7f9d7-d1db-4ad4-9e70-ba320a418706 stack-volumes-lvmdriver-1/stack-volumes-lvmdriver-1-pool" returned: 0 in 0.438s {{(pid=184862) execute /usr/local/lib/python3.12/site-packages/oslo_concurrency/processutils.py:372}}
Jan 22 10:19:34.335621 np0005592324.novalocal cinder-volume[184862]: DEBUG cinder.volume.manager [None req-56a33646-ebb1-4146-9bc8-dc6ce39b1295 tempest-VolumesTransfersTest-1804037368 None] Task 'cinder.volume.flows.manager.create_volume.CreateVolumeFromSpecTask;volume:create' (bfbd3183-5c52-45ea-8254-600fa755124b) transitioned into state 'SUCCESS' from state 'RUNNING' with result '{'status': 'creating', 'volume_name': 'volume-fae7f9d7-d1db-4ad4-9e70-ba320a418706', 'volume_size': 1}' {{(pid=184862) _task_receiver /usr/local/lib/python3.12/site-packages/taskflow/listeners/logging.py:182}}
