Jan 22 10:21:41.643924 np0005592324.novalocal cinder-volume[184862]: DEBUG cinder.volume.manager [None req-2aa95a86-9327-43cf-80a7-8dad7bfefb78 tempest-VolumesSnapshotTestJSON-841832484 None] Task 'cinder.volume.flows.manager.create_volume.CreateVolumeFromSpecTask;volume:create' (88eee902-3921-4df0-9c3a-4999223037fd) transitioned into state 'RUNNING' from state 'PENDING' {{(pid=184862) _task_receiver /usr/local/lib/python3.12/site-packages/taskflow/listeners/logging.py:194}}
Jan 22 10:21:41.644265 np0005592324.novalocal cinder-volume[184862]: INFO cinder.volume.flows.manager.create_volume [None req-2aa95a86-9327-43cf-80a7-8dad7bfefb78 tempest-VolumesSnapshotTestJSON-841832484 None] Volume 582803e4-1c9c-4065-9cc1-36d1ecbedb16: being created as raw with specification: {'status': 'creating', 'volume_name': 'volume-582803e4-1c9c-4065-9cc1-36d1ecbedb16', 'volume_size': 1}
Jan 22 10:21:41.644615 np0005592324.novalocal cinder-volume[184862]: DEBUG oslo_concurrency.processutils [None req-2aa95a86-9327-43cf-80a7-8dad7bfefb78 tempest-VolumesSnapshotTestJSON-841832484 None] Running cmd (subprocess): sudo cinder-rootwrap /etc/cinder/rootwrap.conf env LC_ALL=C lvcreate -T -V 1g -n volume-582803e4-1c9c-4065-9cc1-36d1ecbedb16 stack-volumes-lvmdriver-1/stack-volumes-lvmdriver-1-pool {{(pid=184862) execute /usr/local/lib/python3.12/site-packages/oslo_concurrency/processutils.py:349}}
Jan 22 10:21:41.671853 np0005592324.novalocal sudo[218794]: stack : PWD=/ ; USER=root ; COMMAND=/usr/local/bin/cinder-rootwrap /etc/cinder/rootwrap.conf env LC_ALL=C lvcreate -T -V 1g -n volume-582803e4-1c9c-4065-9cc1-36d1ecbedb16 stack-volumes-lvmdriver-1/stack-volumes-lvmdriver-1-pool
Jan 22 10:21:42.145992 np0005592324.novalocal cinder-volume[184862]: DEBUG oslo_concurrency.processutils [None req-2aa95a86-9327-43cf-80a7-8dad7bfefb78 tempest-VolumesSnapshotTestJSON-841832484 None] CMD "sudo cinder-rootwrap /etc/cinder/rootwrap.conf env LC_ALL=C lvcreate -T -V 1g -n volume-582803e4-1c9c-4065-9cc1-36d1ecbedb16 stack-volumes-lvmdriver-1/stack-volumes-lvmdriver-1-pool" returned: 0 in 0.501s {{(pid=184862) execute /usr/local/lib/python3.12/site-packages/oslo_concurrency/processutils.py:372}}
Jan 22 10:21:42.153298 np0005592324.novalocal cinder-volume[184862]: DEBUG cinder.volume.manager [None req-2aa95a86-9327-43cf-80a7-8dad7bfefb78 tempest-VolumesSnapshotTestJSON-841832484 None] Task 'cinder.volume.flows.manager.create_volume.CreateVolumeFromSpecTask;volume:create' (88eee902-3921-4df0-9c3a-4999223037fd) transitioned into state 'SUCCESS' from state 'RUNNING' with result '{'status': 'creating', 'volume_name': 'volume-582803e4-1c9c-4065-9cc1-36d1ecbedb16', 'volume_size': 1}' {{(pid=184862) _task_receiver /usr/local/lib/python3.12/site-packages/taskflow/listeners/logging.py:182}}
Jan 22 10:21:42.155377 np0005592324.novalocal cinder-volume[184862]: DEBUG cinder.volume.manager [None req-2aa95a86-9327-43cf-80a7-8dad7bfefb78 tempest-VolumesSnapshotTestJSON-841832484 None] Task 'cinder.volume.flows.manager.create_volume.CreateVolumeOnFinishTask;volume:create, create.end' (8aec38d7-4174-4dbd-9344-24684c3f1cd2) transitioned into state 'RUNNING' from state 'PENDING' {{(pid=184862) _task_receiver /usr/local/lib/python3.12/site-packages/taskflow/listeners/logging.py:194}}
Jan 22 10:21:42.162841 np0005592324.novalocal cinder-volume[184862]: INFO cinder.volume.flows.manager.create_volume [None req-2aa95a86-9327-43cf-80a7-8dad7bfefb78 tempest-VolumesSnapshotTestJSON-841832484 None] Volume volume-582803e4-1c9c-4065-9cc1-36d1ecbedb16 (582803e4-1c9c-4065-9cc1-36d1ecbedb16): created successfully
Jan 22 10:21:42.164314 np0005592324.novalocal cinder-volume[184862]: DEBUG cinder.volume.manager [None req-2aa95a86-9327-43cf-80a7-8dad7bfefb78 tempest-VolumesSnapshotTestJSON-841832484 None] Task 'cinder.volume.flows.manager.create_volume.CreateVolumeOnFinishTask;volume:create, create.end' (8aec38d7-4174-4dbd-9344-24684c3f1cd2) transitioned into state 'SUCCESS' from state 'RUNNING' with result 'None' {{(pid=184862) _task_receiver /usr/local/lib/python3.12/site-packages/taskflow/listeners/logging.py:182}}
Jan 22 10:21:42.167150 np0005592324.novalocal cinder-volume[184862]: DEBUG cinder.volume.manager [None req-2aa95a86-9327-43cf-80a7-8dad7bfefb78 tempest-VolumesSnapshotTestJSON-841832484 None] Flow 'volume_create_manager' (a65d1c9b-2a62-444c-9e44-3762f4a5ab9f) transitioned into state 'SUCCESS' from state 'RUNNING' {{(pid=184862) _flow_receiver /usr/local/lib/python3.12/site-packages/taskflow/listeners/logging.py:145}}
Jan 22 10:21:42.170153 np0005592324.novalocal cinder-volume[184862]: INFO cinder.volume.manager [None req-2aa95a86-9327-43cf-80a7-8dad7bfefb78 tempest-VolumesSnapshotTestJSON-841832484 None] Created volume successfully.
Jan 22 10:21:42.715044 np0005592324.novalocal cinder-volume[184862]: DEBUG oslo_concurrency.processutils [None req-8f602e47-100f-4b37-823f-73dd77186519 tempest-VolumesSnapshotTestJSON-841832484 None] Running cmd (subprocess): sudo cinder-rootwrap /etc/cinder/rootwrap.conf env LC_ALL=C lvs --noheadings --unit=g -o vg_name,name,size --nosuffix --readonly stack-volumes-lvmdriver-1/volume-582803e4-1c9c-4065-9cc1-36d1ecbedb16 {{(pid=184862) execute /usr/local/lib/python3.12/site-packages/oslo_concurrency/processutils.py:349}}
Jan 22 10:21:42.741192 np0005592324.novalocal sudo[218809]: stack : PWD=/ ; USER=root ; COMMAND=/usr/local/bin/cinder-rootwrap /etc/cinder/rootwrap.conf env LC_ALL=C lvs --noheadings --unit=g -o vg_name,name,size --nosuffix --readonly stack-volumes-lvmdriver-1/volume-582803e4-1c9c-4065-9cc1-36d1ecbedb16
Jan 22 10:21:43.130511 np0005592324.novalocal cinder-volume[184862]: DEBUG oslo_concurrency.processutils [None req-8f602e47-100f-4b37-823f-73dd77186519 tempest-VolumesSnapshotTestJSON-841832484 None] CMD "sudo cinder-rootwrap /etc/cinder/rootwrap.conf env LC_ALL=C lvs --noheadings --unit=g -o vg_name,name,size --nosuffix --readonly stack-volumes-lvmdriver-1/volume-582803e4-1c9c-4065-9cc1-36d1ecbedb16" returned: 0 in 0.414s {{(pid=184862) execute /usr/local/lib/python3.12/site-packages/oslo_concurrency/processutils.py:372}}
Jan 22 10:21:43.130707 np0005592324.novalocal cinder-volume[184862]: DEBUG oslo_concurrency.processutils [None req-8f602e47-100f-4b37-823f-73dd77186519 tempest-VolumesSnapshotTestJSON-841832484 None] Running cmd (subprocess): sudo cinder-rootwrap /etc/cinder/rootwrap.conf env LC_ALL=C lvcreate --name _snapshot-76236558-e6f4-4eac-b527-dc98912665a0 --snapshot stack-volumes-lvmdriver-1/volume-582803e4-1c9c-4065-9cc1-36d1ecbedb16 {{(pid=184862) execute /usr/local/lib/python3.12/site-packages/oslo_concurrency/processutils.py:349}}
Jan 22 10:21:43.150061 np0005592324.novalocal sudo[218814]: stack : PWD=/ ; USER=root ; COMMAND=/usr/local/bin/cinder-rootwrap /etc/cinder/rootwrap.conf env LC_ALL=C lvcreate --name _snapshot-76236558-e6f4-4eac-b527-dc98912665a0 --snapshot stack-volumes-lvmdriver-1/volume-582803e4-1c9c-4065-9cc1-36d1ecbedb16
Jan 22 10:21:43.583966 np0005592324.novalocal cinder-volume[184862]: DEBUG oslo_concurrency.processutils [None req-8f602e47-100f-4b37-823f-73dd77186519 tempest-VolumesSnapshotTestJSON-841832484 None] CMD "sudo cinder-rootwrap /etc/cinder/rootwrap.conf env LC_ALL=C lvcreate --name _snapshot-76236558-e6f4-4eac-b527-dc98912665a0 --snapshot stack-volumes-lvmdriver-1/volume-582803e4-1c9c-4065-9cc1-36d1ecbedb16" returned: 0 in 0.453s {{(pid=184862) execute /usr/local/lib/python3.12/site-packages/oslo_concurrency/processutils.py:372}}
Jan 22 10:21:43.598576 np0005592324.novalocal cinder-volume[184862]: INFO cinder.volume.manager [None req-8f602e47-100f-4b37-823f-73dd77186519 tempest-VolumesSnapshotTestJSON-841832484 None] Create snapshot completed successfully
Jan 22 10:21:43.853476 np0005592324.novalocal cinder-volume[184862]: DEBUG cinder.volume.driver [None req-5b4b087e-5eca-474e-88c9-64fef761bcc6 tempest-VolumesSnapshotTestJSON-841832484 None] Creating a new backup for volume volume-582803e4-1c9c-4065-9cc1-36d1ecbedb16. {{(pid=184862) _get_backup_volume_temp_volume /opt/stack/cinder/cinder/volume/driver.py:1266}}
Jan 22 10:21:43.864587 np0005592324.novalocal cinder-volume[184862]: DEBUG oslo_concurrency.processutils [None req-5b4b087e-5eca-474e-88c9-64fef761bcc6 tempest-VolumesSnapshotTestJSON-841832484 None] Running cmd (subprocess): sudo cinder-rootwrap /etc/cinder/rootwrap.conf env LC_ALL=C lvs --noheadings --unit=g -o vg_name,name,size --nosuffix --readonly stack-volumes-lvmdriver-1/_snapshot-76236558-e6f4-4eac-b527-dc98912665a0 {{(pid=184862) execute /usr/local/lib/python3.12/site-packages/oslo_concurrency/processutils.py:349}}
Jan 22 10:21:43.891192 np0005592324.novalocal sudo[218825]: stack : PWD=/ ; USER=root ; COMMAND=/usr/local/bin/cinder-rootwrap /etc/cinder/rootwrap.conf env LC_ALL=C lvs --noheadings --unit=g -o vg_name,name,size --nosuffix --readonly stack-volumes-lvmdriver-1/_snapshot-76236558-e6f4-4eac-b527-dc98912665a0
Jan 22 10:21:44.256080 np0005592324.novalocal cinder-volume[184862]: DEBUG oslo_concurrency.processutils [None req-5b4b087e-5eca-474e-88c9-64fef761bcc6 tempest-VolumesSnapshotTestJSON-841832484 None] CMD "sudo cinder-rootwrap /etc/cinder/rootwrap.conf env LC_ALL=C lvs --noheadings --unit=g -o vg_name,name,size --nosuffix --readonly stack-volumes-lvmdriver-1/_snapshot-76236558-e6f4-4eac-b527-dc98912665a0" returned: 0 in 0.391s {{(pid=184862) execute /usr/local/lib/python3.12/site-packages/oslo_concurrency/processutils.py:372}}
Jan 22 10:21:44.257132 np0005592324.novalocal cinder-volume[184862]: DEBUG oslo_concurrency.processutils [None req-5b4b087e-5eca-474e-88c9-64fef761bcc6 tempest-VolumesSnapshotTestJSON-841832484 None] Running cmd (subprocess): sudo cinder-rootwrap /etc/cinder/rootwrap.conf env LC_ALL=C lvcreate --name volume-dc77d1ba-f18d-40d4-936a-557e857f51a1 --snapshot stack-volumes-lvmdriver-1/_snapshot-76236558-e6f4-4eac-b527-dc98912665a0 {{(pid=184862) execute /usr/local/lib/python3.12/site-packages/oslo_concurrency/processutils.py:349}}
Jan 22 10:21:44.280066 np0005592324.novalocal sudo[218832]: stack : PWD=/ ; USER=root ; COMMAND=/usr/local/bin/cinder-rootwrap /etc/cinder/rootwrap.conf env LC_ALL=C lvcreate --name volume-dc77d1ba-f18d-40d4-936a-557e857f51a1 --snapshot stack-volumes-lvmdriver-1/_snapshot-76236558-e6f4-4eac-b527-dc98912665a0
Jan 22 10:21:44.672497 np0005592324.novalocal cinder-volume[184862]: DEBUG oslo_concurrency.processutils [None req-5b4b087e-5eca-474e-88c9-64fef761bcc6 tempest-VolumesSnapshotTestJSON-841832484 None] CMD "sudo cinder-rootwrap /etc/cinder/rootwrap.conf env LC_ALL=C lvcreate --name volume-dc77d1ba-f18d-40d4-936a-557e857f51a1 --snapshot stack-volumes-lvmdriver-1/_snapshot-76236558-e6f4-4eac-b527-dc98912665a0" returned: 0 in 0.413s {{(pid=184862) execute /usr/local/lib/python3.12/site-packages/oslo_concurrency/processutils.py:372}}
Jan 22 10:21:44.672497 np0005592324.novalocal cinder-volume[184862]: DEBUG oslo_concurrency.processutils [None req-5b4b087e-5eca-474e-88c9-64fef761bcc6 tempest-VolumesSnapshotTestJSON-841832484 None] Running cmd (subprocess): sudo cinder-rootwrap /etc/cinder/rootwrap.conf lvchange -a y --yes -K stack-volumes-lvmdriver-1/_snapshot-76236558-e6f4-4eac-b527-dc98912665a0 {{(pid=184862) execute /usr/local/lib/python3.12/site-packages/oslo_concurrency/processutils.py:349}}
Jan 22 10:21:44.695733 np0005592324.novalocal sudo[218838]: stack : PWD=/ ; USER=root ; COMMAND=/usr/local/bin/cinder-rootwrap /etc/cinder/rootwrap.conf lvchange -a y --yes -K stack-volumes-lvmdriver-1/_snapshot-76236558-e6f4-4eac-b527-dc98912665a0
Jan 22 10:21:45.063240 np0005592324.novalocal cinder-volume[184862]: DEBUG oslo_concurrency.processutils [None req-5b4b087e-5eca-474e-88c9-64fef761bcc6 tempest-VolumesSnapshotTestJSON-841832484 None] CMD "sudo cinder-rootwrap /etc/cinder/rootwrap.conf lvchange -a y --yes -K stack-volumes-lvmdriver-1/_snapshot-76236558-e6f4-4eac-b527-dc98912665a0" returned: 0 in 0.390s {{(pid=184862) execute /usr/local/lib/python3.12/site-packages/oslo_concurrency/processutils.py:372}}
Jan 22 10:21:45.066128 np0005592324.novalocal cinder-volume[184862]: DEBUG oslo_concurrency.processutils [None req-5b4b087e-5eca-474e-88c9-64fef761bcc6 tempest-VolumesSnapshotTestJSON-841832484 None] Running cmd (subprocess): sudo cinder-rootwrap /etc/cinder/rootwrap.conf lvchange -a y --yes -k n stack-volumes-lvmdriver-1/volume-dc77d1ba-f18d-40d4-936a-557e857f51a1 {{(pid=184862) execute /usr/local/lib/python3.12/site-packages/oslo_concurrency/processutils.py:349}}
Jan 22 10:21:45.084372 np0005592324.novalocal sudo[218848]: stack : PWD=/ ; USER=root ; COMMAND=/usr/local/bin/cinder-rootwrap /etc/cinder/rootwrap.conf lvchange -a y --yes -k n stack-volumes-lvmdriver-1/volume-dc77d1ba-f18d-40d4-936a-557e857f51a1
Jan 22 10:21:45.524406 np0005592324.novalocal cinder-volume[184862]: DEBUG oslo_concurrency.processutils [None req-5b4b087e-5eca-474e-88c9-64fef761bcc6 tempest-VolumesSnapshotTestJSON-841832484 None] CMD "sudo cinder-rootwrap /etc/cinder/rootwrap.conf lvchange -a y --yes -k n stack-volumes-lvmdriver-1/volume-dc77d1ba-f18d-40d4-936a-557e857f51a1" returned: 0 in 0.456s {{(pid=184862) execute /usr/local/lib/python3.12/site-packages/oslo_concurrency/processutils.py:372}}
Jan 22 10:21:45.541345 np0005592324.novalocal cinder-volume[184862]: INFO cinder.volume.manager [None req-5b4b087e-5eca-474e-88c9-64fef761bcc6 tempest-VolumesSnapshotTestJSON-841832484 None] Calling backup continue_backup for: Backup(availability_zone='nova',container='tempest-volumessnapshottestjson-backup-container-1716147395',created_at=2026-01-22T15:21:43Z,data_timestamp=2026-01-22T15:21:42Z,deleted=False,deleted_at=None,display_description=None,display_name='tempest-VolumesSnapshotTestJSON-Backup-2000350718',encryption_key_id=None,fail_reason=None,host='np0005592324.novalocal',id=1bc4fde7-4322-467d-90f2-3d21eff12cf7,metadata={},num_dependent_backups=0,object_count=0,parent=None,parent_id=None,project_id='e619e0e2540e4ee186ddfc298b429d46',restore_volume_id=None,service='cinder.backup.drivers.swift.SwiftBackupDriver',service_metadata=None,size=1,snapshot_id='76236558-e6f4-4eac-b527-dc98912665a0',status='creating',temp_snapshot_id=None,temp_volume_id='dc77d1ba-f18d-40d4-936a-557e857f51a1',updated_at=None,user_id='e5be6eb9c98f44a8a18007a3e37dd7e2',volume_id=582803e4-1c9c-4065-9cc1-36d1ecbedb16)
Jan 22 10:21:45.541854 np0005592324.novalocal cinder-volume[184862]: DEBUG cinder.backup.rpcapi [None req-5b4b087e-5eca-474e-88c9-64fef761bcc6 tempest-VolumesSnapshotTestJSON-841832484 None] continue_backup in rpcapi backup_id 1bc4fde7-4322-467d-90f2-3d21eff12cf7 {{(pid=184862) continue_backup /opt/stack/cinder/cinder/backup/rpcapi.py:65}}
Jan 22 10:21:45.621488 np0005592324.novalocal cinder-volume[184862]: DEBUG oslo_concurrency.processutils [None req-5b4b087e-5eca-474e-88c9-64fef761bcc6 tempest-VolumesSnapshotTestJSON-841832484 None] Running cmd (subprocess): sudo cinder-rootwrap /etc/cinder/rootwrap.conf lvchange -a y --yes -K stack-volumes-lvmdriver-1/volume-dc77d1ba-f18d-40d4-936a-557e857f51a1 {{(pid=184862) execute /usr/local/lib/python3.12/site-packages/oslo_concurrency/processutils.py:349}}
Jan 22 10:21:45.649160 np0005592324.novalocal sudo[218868]: stack : PWD=/ ; USER=root ; COMMAND=/usr/local/bin/cinder-rootwrap /etc/cinder/rootwrap.conf lvchange -a y --yes -K stack-volumes-lvmdriver-1/volume-dc77d1ba-f18d-40d4-936a-557e857f51a1
Jan 22 10:21:46.000577 np0005592324.novalocal cinder-volume[184862]: DEBUG oslo_concurrency.processutils [None req-5b4b087e-5eca-474e-88c9-64fef761bcc6 tempest-VolumesSnapshotTestJSON-841832484 None] CMD "sudo cinder-rootwrap /etc/cinder/rootwrap.conf lvchange -a y --yes -K stack-volumes-lvmdriver-1/volume-dc77d1ba-f18d-40d4-936a-557e857f51a1" returned: 0 in 0.378s {{(pid=184862) execute /usr/local/lib/python3.12/site-packages/oslo_concurrency/processutils.py:372}}
Jan 22 10:21:46.008560 np0005592324.novalocal cinder-volume[184862]: INFO cinder.volume.targets.lio [None req-5b4b087e-5eca-474e-88c9-64fef761bcc6 tempest-VolumesSnapshotTestJSON-841832484 None] Creating iscsi_target for volume: volume-dc77d1ba-f18d-40d4-936a-557e857f51a1
Jan 22 10:21:46.008710 np0005592324.novalocal cinder-volume[184862]: DEBUG oslo_concurrency.lockutils [None req-5b4b087e-5eca-474e-88c9-64fef761bcc6 tempest-VolumesSnapshotTestJSON-841832484 None] Acquiring lock "lioadm" by "cinder.volume.targets.lio.LioAdm._execute" {{(pid=184862) inner /usr/local/lib/python3.12/site-packages/oslo_concurrency/lockutils.py:405}}
Jan 22 10:21:46.009084 np0005592324.novalocal cinder-volume[184862]: DEBUG oslo_concurrency.lockutils [None req-5b4b087e-5eca-474e-88c9-64fef761bcc6 tempest-VolumesSnapshotTestJSON-841832484 None] Lock "lioadm" acquired by "cinder.volume.targets.lio.LioAdm._execute" :: waited 0.000s {{(pid=184862) inner /usr/local/lib/python3.12/site-packages/oslo_concurrency/lockutils.py:410}}
Jan 22 10:21:46.009481 np0005592324.novalocal cinder-volume[184862]: DEBUG oslo_concurrency.processutils [None req-5b4b087e-5eca-474e-88c9-64fef761bcc6 tempest-VolumesSnapshotTestJSON-841832484 None] Running cmd (subprocess): sudo cinder-rootwrap /etc/cinder/rootwrap.conf cinder-rtstool create /dev/stack-volumes-lvmdriver-1/volume-dc77d1ba-f18d-40d4-936a-557e857f51a1 iqn.2010-10.org.openstack:volume-dc77d1ba-f18d-40d4-936a-557e857f51a1 MktaZUCHMCFukmb63kG8 jcdY7NJbGprwVgF2 False -p3260 -a38.102.83.245 {{(pid=184862) execute /usr/local/lib/python3.12/site-packages/oslo_concurrency/processutils.py:349}}
Jan 22 10:21:46.024637 np0005592324.novalocal sudo[218873]: stack : PWD=/ ; USER=root ; COMMAND=/usr/local/bin/cinder-rootwrap /etc/cinder/rootwrap.conf cinder-rtstool create /dev/stack-volumes-lvmdriver-1/volume-dc77d1ba-f18d-40d4-936a-557e857f51a1 iqn.2010-10.org.openstack:volume-dc77d1ba-f18d-40d4-936a-557e857f51a1 MktaZUCHMCFukmb63kG8 jcdY7NJbGprwVgF2 False -p3260 -a38.102.83.245
Jan 22 10:21:46.554788 np0005592324.novalocal cinder-volume[184862]: DEBUG oslo_concurrency.processutils [None req-5b4b087e-5eca-474e-88c9-64fef761bcc6 tempest-VolumesSnapshotTestJSON-841832484 None] CMD "sudo cinder-rootwrap /etc/cinder/rootwrap.conf cinder-rtstool create /dev/stack-volumes-lvmdriver-1/volume-dc77d1ba-f18d-40d4-936a-557e857f51a1 iqn.2010-10.org.openstack:volume-dc77d1ba-f18d-40d4-936a-557e857f51a1 MktaZUCHMCFukmb63kG8 jcdY7NJbGprwVgF2 False -p3260 -a38.102.83.245" returned: 0 in 0.544s {{(pid=184862) execute /usr/local/lib/python3.12/site-packages/oslo_concurrency/processutils.py:372}}
Jan 22 10:21:46.556481 np0005592324.novalocal cinder-volume[184862]: DEBUG oslo_concurrency.lockutils [None req-5b4b087e-5eca-474e-88c9-64fef761bcc6 tempest-VolumesSnapshotTestJSON-841832484 None] Lock "lioadm" "released" by "cinder.volume.targets.lio.LioAdm._execute" :: held 0.546s {{(pid=184862) inner /usr/local/lib/python3.12/site-packages/oslo_concurrency/lockutils.py:424}}
Jan 22 10:21:46.557086 np0005592324.novalocal cinder-volume[184862]: DEBUG oslo_concurrency.lockutils [None req-5b4b087e-5eca-474e-88c9-64fef761bcc6 tempest-VolumesSnapshotTestJSON-841832484 None] Acquiring lock "lioadm" by "cinder.volume.targets.lio.LioAdm._execute" {{(pid=184862) inner /usr/local/lib/python3.12/site-packages/oslo_concurrency/lockutils.py:405}}
Jan 22 10:21:46.558783 np0005592324.novalocal cinder-volume[184862]: DEBUG oslo_concurrency.lockutils [None req-5b4b087e-5eca-474e-88c9-64fef761bcc6 tempest-VolumesSnapshotTestJSON-841832484 None] Lock "lioadm" acquired by "cinder.volume.targets.lio.LioAdm._execute" :: waited 0.001s {{(pid=184862) inner /usr/local/lib/python3.12/site-packages/oslo_concurrency/lockutils.py:410}}
Jan 22 10:21:46.559534 np0005592324.novalocal cinder-volume[184862]: DEBUG oslo_concurrency.processutils [None req-5b4b087e-5eca-474e-88c9-64fef761bcc6 tempest-VolumesSnapshotTestJSON-841832484 None] Running cmd (subprocess): sudo cinder-rootwrap /etc/cinder/rootwrap.conf cinder-rtstool get-targets {{(pid=184862) execute /usr/local/lib/python3.12/site-packages/oslo_concurrency/processutils.py:349}}
Jan 22 10:21:46.578802 np0005592324.novalocal sudo[218880]: stack : PWD=/ ; USER=root ; COMMAND=/usr/local/bin/cinder-rootwrap /etc/cinder/rootwrap.conf cinder-rtstool get-targets
Jan 22 10:21:47.145353 np0005592324.novalocal cinder-volume[184862]: DEBUG oslo_concurrency.processutils [None req-5b4b087e-5eca-474e-88c9-64fef761bcc6 tempest-VolumesSnapshotTestJSON-841832484 None] CMD "sudo cinder-rootwrap /etc/cinder/rootwrap.conf cinder-rtstool get-targets" returned: 0 in 0.586s {{(pid=184862) execute /usr/local/lib/python3.12/site-packages/oslo_concurrency/processutils.py:372}}
Jan 22 10:21:47.145800 np0005592324.novalocal cinder-volume[184862]: DEBUG oslo_concurrency.lockutils [None req-5b4b087e-5eca-474e-88c9-64fef761bcc6 tempest-VolumesSnapshotTestJSON-841832484 None] Lock "lioadm" "released" by "cinder.volume.targets.lio.LioAdm._execute" :: held 0.588s {{(pid=184862) inner /usr/local/lib/python3.12/site-packages/oslo_concurrency/lockutils.py:424}}
Jan 22 10:21:47.145958 np0005592324.novalocal cinder-volume[184862]: DEBUG oslo_concurrency.lockutils [None req-5b4b087e-5eca-474e-88c9-64fef761bcc6 tempest-VolumesSnapshotTestJSON-841832484 None] Acquiring lock "lioadm" by "cinder.volume.targets.lio.LioAdm._execute" {{(pid=184862) inner /usr/local/lib/python3.12/site-packages/oslo_concurrency/lockutils.py:405}}
Jan 22 10:21:47.146364 np0005592324.novalocal cinder-volume[184862]: DEBUG oslo_concurrency.lockutils [None req-5b4b087e-5eca-474e-88c9-64fef761bcc6 tempest-VolumesSnapshotTestJSON-841832484 None] Lock "lioadm" acquired by "cinder.volume.targets.lio.LioAdm._execute" :: waited 0.000s {{(pid=184862) inner /usr/local/lib/python3.12/site-packages/oslo_concurrency/lockutils.py:410}}
Jan 22 10:21:47.147056 np0005592324.novalocal cinder-volume[184862]: DEBUG oslo_concurrency.processutils [None req-5b4b087e-5eca-474e-88c9-64fef761bcc6 tempest-VolumesSnapshotTestJSON-841832484 None] Running cmd (subprocess): sudo cinder-rootwrap /etc/cinder/rootwrap.conf cinder-rtstool save {{(pid=184862) execute /usr/local/lib/python3.12/site-packages/oslo_concurrency/processutils.py:349}}
Jan 22 10:21:47.171940 np0005592324.novalocal sudo[218886]: stack : PWD=/ ; USER=root ; COMMAND=/usr/local/bin/cinder-rootwrap /etc/cinder/rootwrap.conf cinder-rtstool save
Jan 22 10:21:47.718305 np0005592324.novalocal cinder-volume[184862]: DEBUG oslo_concurrency.processutils [None req-5b4b087e-5eca-474e-88c9-64fef761bcc6 tempest-VolumesSnapshotTestJSON-841832484 None] CMD "sudo cinder-rootwrap /etc/cinder/rootwrap.conf cinder-rtstool save" returned: 0 in 0.571s {{(pid=184862) execute /usr/local/lib/python3.12/site-packages/oslo_concurrency/processutils.py:372}}
Jan 22 10:21:47.718601 np0005592324.novalocal cinder-volume[184862]: DEBUG oslo_concurrency.lockutils [None req-5b4b087e-5eca-474e-88c9-64fef761bcc6 tempest-VolumesSnapshotTestJSON-841832484 None] Lock "lioadm" "released" by "cinder.volume.targets.lio.LioAdm._execute" :: held 0.572s {{(pid=184862) inner /usr/local/lib/python3.12/site-packages/oslo_concurrency/lockutils.py:424}}
Jan 22 10:21:47.719022 np0005592324.novalocal cinder-volume[184862]: DEBUG cinder.volume.targets.iscsi [None req-5b4b087e-5eca-474e-88c9-64fef761bcc6 tempest-VolumesSnapshotTestJSON-841832484 None] Set provider_location to: 38.102.83.245:3260,iqn.2010-10.org.openstack:volume-dc77d1ba-f18d-40d4-936a-557e857f51a1 iqn.2010-10.org.openstack:volume-dc77d1ba-f18d-40d4-936a-557e857f51a1 0 {{(pid=184862) create_export /opt/stack/cinder/cinder/volume/targets/iscsi.py:205}}
Jan 22 10:21:47.724787 np0005592324.novalocal cinder-volume[184862]: DEBUG oslo_concurrency.lockutils [None req-5b4b087e-5eca-474e-88c9-64fef761bcc6 tempest-VolumesSnapshotTestJSON-841832484 None] Acquiring lock "lioadm" by "cinder.volume.targets.lio.LioAdm._execute" {{(pid=184862) inner /usr/local/lib/python3.12/site-packages/oslo_concurrency/lockutils.py:405}}
Jan 22 10:21:47.725385 np0005592324.novalocal cinder-volume[184862]: DEBUG oslo_concurrency.lockutils [None req-5b4b087e-5eca-474e-88c9-64fef761bcc6 tempest-VolumesSnapshotTestJSON-841832484 None] Lock "lioadm" acquired by "cinder.volume.targets.lio.LioAdm._execute" :: waited 0.001s {{(pid=184862) inner /usr/local/lib/python3.12/site-packages/oslo_concurrency/lockutils.py:410}}
Jan 22 10:21:47.725956 np0005592324.novalocal cinder-volume[184862]: DEBUG oslo_concurrency.processutils [None req-5b4b087e-5eca-474e-88c9-64fef761bcc6 tempest-VolumesSnapshotTestJSON-841832484 None] Running cmd (subprocess): sudo cinder-rootwrap /etc/cinder/rootwrap.conf cinder-rtstool add-initiator iqn.2010-10.org.openstack:volume-dc77d1ba-f18d-40d4-936a-557e857f51a1 MktaZUCHMCFukmb63kG8 jcdY7NJbGprwVgF2 iqn.1994-05.com.redhat:c51830b0a1f2 {{(pid=184862) execute /usr/local/lib/python3.12/site-packages/oslo_concurrency/processutils.py:349}}
Jan 22 10:21:47.750411 np0005592324.novalocal sudo[218892]: stack : PWD=/ ; USER=root ; COMMAND=/usr/local/bin/cinder-rootwrap /etc/cinder/rootwrap.conf cinder-rtstool add-initiator iqn.2010-10.org.openstack:volume-dc77d1ba-f18d-40d4-936a-557e857f51a1 MktaZUCHMCFukmb63kG8 jcdY7NJbGprwVgF2 iqn.1994-05.com.redhat:c51830b0a1f2
Jan 22 10:21:48.275434 np0005592324.novalocal cinder-volume[184862]: DEBUG oslo_concurrency.processutils [None req-5b4b087e-5eca-474e-88c9-64fef761bcc6 tempest-VolumesSnapshotTestJSON-841832484 None] CMD "sudo cinder-rootwrap /etc/cinder/rootwrap.conf cinder-rtstool add-initiator iqn.2010-10.org.openstack:volume-dc77d1ba-f18d-40d4-936a-557e857f51a1 MktaZUCHMCFukmb63kG8 jcdY7NJbGprwVgF2 iqn.1994-05.com.redhat:c51830b0a1f2" returned: 0 in 0.549s {{(pid=184862) execute /usr/local/lib/python3.12/site-packages/oslo_concurrency/processutils.py:372}}
Jan 22 10:21:48.276136 np0005592324.novalocal cinder-volume[184862]: DEBUG oslo_concurrency.lockutils [None req-5b4b087e-5eca-474e-88c9-64fef761bcc6 tempest-VolumesSnapshotTestJSON-841832484 None] Lock "lioadm" "released" by "cinder.volume.targets.lio.LioAdm._execute" :: held 0.551s {{(pid=184862) inner /usr/local/lib/python3.12/site-packages/oslo_concurrency/lockutils.py:424}}
Jan 22 10:21:48.276882 np0005592324.novalocal cinder-volume[184862]: DEBUG oslo_concurrency.lockutils [None req-5b4b087e-5eca-474e-88c9-64fef761bcc6 tempest-VolumesSnapshotTestJSON-841832484 None] Acquiring lock "lioadm" by "cinder.volume.targets.lio.LioAdm._execute" {{(pid=184862) inner /usr/local/lib/python3.12/site-packages/oslo_concurrency/lockutils.py:405}}
Jan 22 10:21:48.277729 np0005592324.novalocal cinder-volume[184862]: DEBUG oslo_concurrency.lockutils [None req-5b4b087e-5eca-474e-88c9-64fef761bcc6 tempest-VolumesSnapshotTestJSON-841832484 None] Lock "lioadm" acquired by "cinder.volume.targets.lio.LioAdm._execute" :: waited 0.001s {{(pid=184862) inner /usr/local/lib/python3.12/site-packages/oslo_concurrency/lockutils.py:410}}
Jan 22 10:21:48.278766 np0005592324.novalocal cinder-volume[184862]: DEBUG oslo_concurrency.processutils [None req-5b4b087e-5eca-474e-88c9-64fef761bcc6 tempest-VolumesSnapshotTestJSON-841832484 None] Running cmd (subprocess): sudo cinder-rootwrap /etc/cinder/rootwrap.conf cinder-rtstool save {{(pid=184862) execute /usr/local/lib/python3.12/site-packages/oslo_concurrency/processutils.py:349}}
Jan 22 10:21:48.300249 np0005592324.novalocal sudo[218899]: stack : PWD=/ ; USER=root ; COMMAND=/usr/local/bin/cinder-rootwrap /etc/cinder/rootwrap.conf cinder-rtstool save
Jan 22 10:21:48.844779 np0005592324.novalocal cinder-volume[184862]: DEBUG oslo_concurrency.processutils [None req-5b4b087e-5eca-474e-88c9-64fef761bcc6 tempest-VolumesSnapshotTestJSON-841832484 None] CMD "sudo cinder-rootwrap /etc/cinder/rootwrap.conf cinder-rtstool save" returned: 0 in 0.566s {{(pid=184862) execute /usr/local/lib/python3.12/site-packages/oslo_concurrency/processutils.py:372}}
Jan 22 10:21:48.845387 np0005592324.novalocal cinder-volume[184862]: DEBUG oslo_concurrency.lockutils [None req-5b4b087e-5eca-474e-88c9-64fef761bcc6 tempest-VolumesSnapshotTestJSON-841832484 None] Lock "lioadm" "released" by "cinder.volume.targets.lio.LioAdm._execute" :: held 0.568s {{(pid=184862) inner /usr/local/lib/python3.12/site-packages/oslo_concurrency/lockutils.py:424}}
Jan 22 10:21:48.859138 np0005592324.novalocal cinder-volume[184862]: INFO cinder.volume.manager [None req-5b4b087e-5eca-474e-88c9-64fef761bcc6 tempest-VolumesSnapshotTestJSON-841832484 None] Initialize volume connection completed successfully.
Jan 22 10:21:58.854200 np0005592324.novalocal cinder-volume[184862]: DEBUG dbcounter [-] [184862] Writing DB stats cinder:SELECT=69,cinder:UPDATE=79,cinder:INSERT=28,cinder:DELETE=10 {{(pid=184862) stat_writer /usr/local/lib/python3.12/site-packages/dbcounter.py:115}}
Jan 22 10:21:58.857719 np0005592324.novalocal cinder-volume[184862]: DEBUG dbcounter [-] [184862] Writing DB stats cinder:UPDATE=83,cinder:SELECT=62,cinder:INSERT=19,cinder:DELETE=7 {{(pid=184862) stat_writer /usr/local/lib/python3.12/site-packages/dbcounter.py:115}}
Jan 22 10:22:02.814489 np0005592324.novalocal cinder-volume[184862]: DEBUG oslo_concurrency.lockutils [None req-5b4b087e-5eca-474e-88c9-64fef761bcc6 tempest-VolumesSnapshotTestJSON-841832484 None] Acquiring lock "lioadm" by "cinder.volume.targets.lio.LioAdm._execute" {{(pid=184862) inner /usr/local/lib/python3.12/site-packages/oslo_concurrency/lockutils.py:405}}
Jan 22 10:22:02.815056 np0005592324.novalocal cinder-volume[184862]: DEBUG oslo_concurrency.lockutils [None req-5b4b087e-5eca-474e-88c9-64fef761bcc6 tempest-VolumesSnapshotTestJSON-841832484 None] Lock "lioadm" acquired by "cinder.volume.targets.lio.LioAdm._execute" :: waited 0.001s {{(pid=184862) inner /usr/local/lib/python3.12/site-packages/oslo_concurrency/lockutils.py:410}}
Jan 22 10:22:02.815273 np0005592324.novalocal cinder-volume[184862]: DEBUG oslo_concurrency.processutils [None req-5b4b087e-5eca-474e-88c9-64fef761bcc6 tempest-VolumesSnapshotTestJSON-841832484 None] Running cmd (subprocess): sudo cinder-rootwrap /etc/cinder/rootwrap.conf cinder-rtstool delete-initiator iqn.2010-10.org.openstack:volume-dc77d1ba-f18d-40d4-936a-557e857f51a1 iqn.1994-05.com.redhat:c51830b0a1f2 {{(pid=184862) execute /usr/local/lib/python3.12/site-packages/oslo_concurrency/processutils.py:349}}
Jan 22 10:22:02.840869 np0005592324.novalocal sudo[219099]: stack : PWD=/ ; USER=root ; COMMAND=/usr/local/bin/cinder-rootwrap /etc/cinder/rootwrap.conf cinder-rtstool delete-initiator iqn.2010-10.org.openstack:volume-dc77d1ba-f18d-40d4-936a-557e857f51a1 iqn.1994-05.com.redhat:c51830b0a1f2
Jan 22 10:22:03.385416 np0005592324.novalocal cinder-volume[184862]: DEBUG oslo_concurrency.processutils [None req-5b4b087e-5eca-474e-88c9-64fef761bcc6 tempest-VolumesSnapshotTestJSON-841832484 None] CMD "sudo cinder-rootwrap /etc/cinder/rootwrap.conf cinder-rtstool delete-initiator iqn.2010-10.org.openstack:volume-dc77d1ba-f18d-40d4-936a-557e857f51a1 iqn.1994-05.com.redhat:c51830b0a1f2" returned: 0 in 0.569s {{(pid=184862) execute /usr/local/lib/python3.12/site-packages/oslo_concurrency/processutils.py:372}}
Jan 22 10:22:03.385416 np0005592324.novalocal cinder-volume[184862]: DEBUG oslo_concurrency.lockutils [None req-5b4b087e-5eca-474e-88c9-64fef761bcc6 tempest-VolumesSnapshotTestJSON-841832484 None] Lock "lioadm" "released" by "cinder.volume.targets.lio.LioAdm._execute" :: held 0.570s {{(pid=184862) inner /usr/local/lib/python3.12/site-packages/oslo_concurrency/lockutils.py:424}}
Jan 22 10:22:03.385416 np0005592324.novalocal cinder-volume[184862]: DEBUG oslo_concurrency.lockutils [None req-5b4b087e-5eca-474e-88c9-64fef761bcc6 tempest-VolumesSnapshotTestJSON-841832484 None] Acquiring lock "lioadm" by "cinder.volume.targets.lio.LioAdm._execute" {{(pid=184862) inner /usr/local/lib/python3.12/site-packages/oslo_concurrency/lockutils.py:405}}
Jan 22 10:22:03.386455 np0005592324.novalocal cinder-volume[184862]: DEBUG oslo_concurrency.lockutils [None req-5b4b087e-5eca-474e-88c9-64fef761bcc6 tempest-VolumesSnapshotTestJSON-841832484 None] Lock "lioadm" acquired by "cinder.volume.targets.lio.LioAdm._execute" :: waited 0.001s {{(pid=184862) inner /usr/local/lib/python3.12/site-packages/oslo_concurrency/lockutils.py:410}}
Jan 22 10:22:03.386807 np0005592324.novalocal cinder-volume[184862]: DEBUG oslo_concurrency.processutils [None req-5b4b087e-5eca-474e-88c9-64fef761bcc6 tempest-VolumesSnapshotTestJSON-841832484 None] Running cmd (subprocess): sudo cinder-rootwrap /etc/cinder/rootwrap.conf cinder-rtstool save {{(pid=184862) execute /usr/local/lib/python3.12/site-packages/oslo_concurrency/processutils.py:349}}
Jan 22 10:22:03.412004 np0005592324.novalocal sudo[219131]: stack : PWD=/ ; USER=root ; COMMAND=/usr/local/bin/cinder-rootwrap /etc/cinder/rootwrap.conf cinder-rtstool save
Jan 22 10:22:03.930981 np0005592324.novalocal cinder-volume[184862]: DEBUG oslo_concurrency.processutils [None req-5b4b087e-5eca-474e-88c9-64fef761bcc6 tempest-VolumesSnapshotTestJSON-841832484 None] CMD "sudo cinder-rootwrap /etc/cinder/rootwrap.conf cinder-rtstool save" returned: 0 in 0.544s {{(pid=184862) execute /usr/local/lib/python3.12/site-packages/oslo_concurrency/processutils.py:372}}
Jan 22 10:22:03.931764 np0005592324.novalocal cinder-volume[184862]: DEBUG oslo_concurrency.lockutils [None req-5b4b087e-5eca-474e-88c9-64fef761bcc6 tempest-VolumesSnapshotTestJSON-841832484 None] Lock "lioadm" "released" by "cinder.volume.targets.lio.LioAdm._execute" :: held 0.545s {{(pid=184862) inner /usr/local/lib/python3.12/site-packages/oslo_concurrency/lockutils.py:424}}
Jan 22 10:22:03.932086 np0005592324.novalocal cinder-volume[184862]: INFO cinder.volume.manager [None req-5b4b087e-5eca-474e-88c9-64fef761bcc6 tempest-VolumesSnapshotTestJSON-841832484 None] Terminate volume connection completed successfully.
Jan 22 10:22:04.326656 np0005592324.novalocal cinder-volume[184862]: DEBUG oslo_concurrency.lockutils [None req-5b4b087e-5eca-474e-88c9-64fef761bcc6 tempest-VolumesSnapshotTestJSON-841832484 None] Acquiring lock "lioadm" by "cinder.volume.targets.lio.LioAdm._execute" {{(pid=184862) inner /usr/local/lib/python3.12/site-packages/oslo_concurrency/lockutils.py:405}}
Jan 22 10:22:04.326996 np0005592324.novalocal cinder-volume[184862]: DEBUG oslo_concurrency.lockutils [None req-5b4b087e-5eca-474e-88c9-64fef761bcc6 tempest-VolumesSnapshotTestJSON-841832484 None] Lock "lioadm" acquired by "cinder.volume.targets.lio.LioAdm._execute" :: waited 0.000s {{(pid=184862) inner /usr/local/lib/python3.12/site-packages/oslo_concurrency/lockutils.py:410}}
Jan 22 10:22:04.327346 np0005592324.novalocal cinder-volume[184862]: DEBUG oslo_concurrency.processutils [None req-5b4b087e-5eca-474e-88c9-64fef761bcc6 tempest-VolumesSnapshotTestJSON-841832484 None] Running cmd (subprocess): sudo cinder-rootwrap /etc/cinder/rootwrap.conf cinder-rtstool get-targets {{(pid=184862) execute /usr/local/lib/python3.12/site-packages/oslo_concurrency/processutils.py:349}}
Jan 22 10:22:04.364153 np0005592324.novalocal sudo[219176]: stack : PWD=/ ; USER=root ; COMMAND=/usr/local/bin/cinder-rootwrap /etc/cinder/rootwrap.conf cinder-rtstool get-targets
Jan 22 10:22:04.917158 np0005592324.novalocal cinder-volume[184862]: DEBUG oslo_concurrency.processutils [None req-5b4b087e-5eca-474e-88c9-64fef761bcc6 tempest-VolumesSnapshotTestJSON-841832484 None] CMD "sudo cinder-rootwrap /etc/cinder/rootwrap.conf cinder-rtstool get-targets" returned: 0 in 0.589s {{(pid=184862) execute /usr/local/lib/python3.12/site-packages/oslo_concurrency/processutils.py:372}}
Jan 22 10:22:04.917511 np0005592324.novalocal cinder-volume[184862]: DEBUG oslo_concurrency.lockutils [None req-5b4b087e-5eca-474e-88c9-64fef761bcc6 tempest-VolumesSnapshotTestJSON-841832484 None] Lock "lioadm" "released" by "cinder.volume.targets.lio.LioAdm._execute" :: held 0.590s {{(pid=184862) inner /usr/local/lib/python3.12/site-packages/oslo_concurrency/lockutils.py:424}}
Jan 22 10:22:04.917614 np0005592324.novalocal cinder-volume[184862]: INFO cinder.volume.targets.lio [None req-5b4b087e-5eca-474e-88c9-64fef761bcc6 tempest-VolumesSnapshotTestJSON-841832484 None] Removing iscsi_target: dc77d1ba-f18d-40d4-936a-557e857f51a1
Jan 22 10:22:04.917747 np0005592324.novalocal cinder-volume[184862]: DEBUG oslo_concurrency.lockutils [None req-5b4b087e-5eca-474e-88c9-64fef761bcc6 tempest-VolumesSnapshotTestJSON-841832484 None] Acquiring lock "lioadm" by "cinder.volume.targets.lio.LioAdm._execute" {{(pid=184862) inner /usr/local/lib/python3.12/site-packages/oslo_concurrency/lockutils.py:405}}
Jan 22 10:22:04.918054 np0005592324.novalocal cinder-volume[184862]: DEBUG oslo_concurrency.lockutils [None req-5b4b087e-5eca-474e-88c9-64fef761bcc6 tempest-VolumesSnapshotTestJSON-841832484 None] Lock "lioadm" acquired by "cinder.volume.targets.lio.LioAdm._execute" :: waited 0.000s {{(pid=184862) inner /usr/local/lib/python3.12/site-packages/oslo_concurrency/lockutils.py:410}}
Jan 22 10:22:04.918353 np0005592324.novalocal cinder-volume[184862]: DEBUG oslo_concurrency.processutils [None req-5b4b087e-5eca-474e-88c9-64fef761bcc6 tempest-VolumesSnapshotTestJSON-841832484 None] Running cmd (subprocess): sudo cinder-rootwrap /etc/cinder/rootwrap.conf cinder-rtstool delete iqn.2010-10.org.openstack:volume-dc77d1ba-f18d-40d4-936a-557e857f51a1 {{(pid=184862) execute /usr/local/lib/python3.12/site-packages/oslo_concurrency/processutils.py:349}}
Jan 22 10:22:04.936855 np0005592324.novalocal sudo[219184]: stack : PWD=/ ; USER=root ; COMMAND=/usr/local/bin/cinder-rootwrap /etc/cinder/rootwrap.conf cinder-rtstool delete iqn.2010-10.org.openstack:volume-dc77d1ba-f18d-40d4-936a-557e857f51a1
Jan 22 10:22:05.488058 np0005592324.novalocal cinder-volume[184862]: DEBUG oslo_concurrency.processutils [None req-5b4b087e-5eca-474e-88c9-64fef761bcc6 tempest-VolumesSnapshotTestJSON-841832484 None] CMD "sudo cinder-rootwrap /etc/cinder/rootwrap.conf cinder-rtstool delete iqn.2010-10.org.openstack:volume-dc77d1ba-f18d-40d4-936a-557e857f51a1" returned: 0 in 0.569s {{(pid=184862) execute /usr/local/lib/python3.12/site-packages/oslo_concurrency/processutils.py:372}}
Jan 22 10:22:05.488391 np0005592324.novalocal cinder-volume[184862]: DEBUG oslo_concurrency.lockutils [None req-5b4b087e-5eca-474e-88c9-64fef761bcc6 tempest-VolumesSnapshotTestJSON-841832484 None] Lock "lioadm" "released" by "cinder.volume.targets.lio.LioAdm._execute" :: held 0.570s {{(pid=184862) inner /usr/local/lib/python3.12/site-packages/oslo_concurrency/lockutils.py:424}}
Jan 22 10:22:05.488521 np0005592324.novalocal cinder-volume[184862]: DEBUG oslo_concurrency.lockutils [None req-5b4b087e-5eca-474e-88c9-64fef761bcc6 tempest-VolumesSnapshotTestJSON-841832484 None] Acquiring lock "lioadm" by "cinder.volume.targets.lio.LioAdm._execute" {{(pid=184862) inner /usr/local/lib/python3.12/site-packages/oslo_concurrency/lockutils.py:405}}
Jan 22 10:22:05.488823 np0005592324.novalocal cinder-volume[184862]: DEBUG oslo_concurrency.lockutils [None req-5b4b087e-5eca-474e-88c9-64fef761bcc6 tempest-VolumesSnapshotTestJSON-841832484 None] Lock "lioadm" acquired by "cinder.volume.targets.lio.LioAdm._execute" :: waited 0.000s {{(pid=184862) inner /usr/local/lib/python3.12/site-packages/oslo_concurrency/lockutils.py:410}}
Jan 22 10:22:05.489096 np0005592324.novalocal cinder-volume[184862]: DEBUG oslo_concurrency.processutils [None req-5b4b087e-5eca-474e-88c9-64fef761bcc6 tempest-VolumesSnapshotTestJSON-841832484 None] Running cmd (subprocess): sudo cinder-rootwrap /etc/cinder/rootwrap.conf cinder-rtstool save {{(pid=184862) execute /usr/local/lib/python3.12/site-packages/oslo_concurrency/processutils.py:349}}
Jan 22 10:22:05.510978 np0005592324.novalocal sudo[219190]: stack : PWD=/ ; USER=root ; COMMAND=/usr/local/bin/cinder-rootwrap /etc/cinder/rootwrap.conf cinder-rtstool save
Jan 22 10:22:06.035184 np0005592324.novalocal cinder-volume[184862]: DEBUG oslo_concurrency.processutils [None req-5b4b087e-5eca-474e-88c9-64fef761bcc6 tempest-VolumesSnapshotTestJSON-841832484 None] CMD "sudo cinder-rootwrap /etc/cinder/rootwrap.conf cinder-rtstool save" returned: 0 in 0.546s {{(pid=184862) execute /usr/local/lib/python3.12/site-packages/oslo_concurrency/processutils.py:372}}
Jan 22 10:22:06.036086 np0005592324.novalocal cinder-volume[184862]: DEBUG oslo_concurrency.lockutils [None req-5b4b087e-5eca-474e-88c9-64fef761bcc6 tempest-VolumesSnapshotTestJSON-841832484 None] Lock "lioadm" "released" by "cinder.volume.targets.lio.LioAdm._execute" :: held 0.547s {{(pid=184862) inner /usr/local/lib/python3.12/site-packages/oslo_concurrency/lockutils.py:424}}
Jan 22 10:22:06.037188 np0005592324.novalocal cinder-volume[184862]: INFO cinder.volume.manager [None req-5b4b087e-5eca-474e-88c9-64fef761bcc6 tempest-VolumesSnapshotTestJSON-841832484 None] Remove volume export completed successfully.
Jan 22 10:22:06.346087 np0005592324.novalocal cinder-volume[184862]: DEBUG cinder.coordination [None req-5b4b087e-5eca-474e-88c9-64fef761bcc6 tempest-VolumesSnapshotTestJSON-841832484 None] Acquiring lock "cinder-dc77d1ba-f18d-40d4-936a-557e857f51a1-delete_volume" by "delete_volume" {{(pid=184862) __acquire /opt/stack/cinder/cinder/coordination.py:143}}
Jan 22 10:22:06.352592 np0005592324.novalocal cinder-volume[184862]: DEBUG cinder.coordination [None req-5b4b087e-5eca-474e-88c9-64fef761bcc6 tempest-VolumesSnapshotTestJSON-841832484 None] Lock "cinder-dc77d1ba-f18d-40d4-936a-557e857f51a1-delete_volume" acquired by "delete_volume" :: waited 0.007s {{(pid=184862) __acquire /opt/stack/cinder/cinder/coordination.py:146}}
Jan 22 10:22:06.360843 np0005592324.novalocal cinder-volume[184862]: DEBUG oslo_concurrency.lockutils [None req-5b4b087e-5eca-474e-88c9-64fef761bcc6 tempest-VolumesSnapshotTestJSON-841832484 None] Acquiring lock "lioadm" by "cinder.volume.targets.lio.LioAdm._execute" {{(pid=184862) inner /usr/local/lib/python3.12/site-packages/oslo_concurrency/lockutils.py:405}}
Jan 22 10:22:06.361267 np0005592324.novalocal cinder-volume[184862]: DEBUG oslo_concurrency.lockutils [None req-5b4b087e-5eca-474e-88c9-64fef761bcc6 tempest-VolumesSnapshotTestJSON-841832484 None] Lock "lioadm" acquired by "cinder.volume.targets.lio.LioAdm._execute" :: waited 0.001s {{(pid=184862) inner /usr/local/lib/python3.12/site-packages/oslo_concurrency/lockutils.py:410}}
Jan 22 10:22:06.361655 np0005592324.novalocal cinder-volume[184862]: DEBUG oslo_concurrency.processutils [None req-5b4b087e-5eca-474e-88c9-64fef761bcc6 tempest-VolumesSnapshotTestJSON-841832484 None] Running cmd (subprocess): sudo cinder-rootwrap /etc/cinder/rootwrap.conf cinder-rtstool get-targets {{(pid=184862) execute /usr/local/lib/python3.12/site-packages/oslo_concurrency/processutils.py:349}}
Jan 22 10:22:06.397864 np0005592324.novalocal sudo[219196]: stack : PWD=/ ; USER=root ; COMMAND=/usr/local/bin/cinder-rootwrap /etc/cinder/rootwrap.conf cinder-rtstool get-targets
Jan 22 10:22:06.991588 np0005592324.novalocal cinder-volume[184862]: DEBUG oslo_concurrency.processutils [None req-5b4b087e-5eca-474e-88c9-64fef761bcc6 tempest-VolumesSnapshotTestJSON-841832484 None] CMD "sudo cinder-rootwrap /etc/cinder/rootwrap.conf cinder-rtstool get-targets" returned: 0 in 0.630s {{(pid=184862) execute /usr/local/lib/python3.12/site-packages/oslo_concurrency/processutils.py:372}}
Jan 22 10:22:06.991934 np0005592324.novalocal cinder-volume[184862]: DEBUG oslo_concurrency.lockutils [None req-5b4b087e-5eca-474e-88c9-64fef761bcc6 tempest-VolumesSnapshotTestJSON-841832484 None] Lock "lioadm" "released" by "cinder.volume.targets.lio.LioAdm._execute" :: held 0.631s {{(pid=184862) inner /usr/local/lib/python3.12/site-packages/oslo_concurrency/lockutils.py:424}}
Jan 22 10:22:06.992153 np0005592324.novalocal cinder-volume[184862]: INFO cinder.volume.targets.iscsi [None req-5b4b087e-5eca-474e-88c9-64fef761bcc6 tempest-VolumesSnapshotTestJSON-841832484 None] Skipping remove_export. No iscsi_target is presently exported for volume: dc77d1ba-f18d-40d4-936a-557e857f51a1
Jan 22 10:22:06.992635 np0005592324.novalocal cinder-volume[184862]: DEBUG oslo_concurrency.processutils [None req-5b4b087e-5eca-474e-88c9-64fef761bcc6 tempest-VolumesSnapshotTestJSON-841832484 None] Running cmd (subprocess): sudo cinder-rootwrap /etc/cinder/rootwrap.conf env LC_ALL=C lvs --noheadings --unit=g -o vg_name,name,size --nosuffix --readonly stack-volumes-lvmdriver-1/volume-dc77d1ba-f18d-40d4-936a-557e857f51a1 {{(pid=184862) execute /usr/local/lib/python3.12/site-packages/oslo_concurrency/processutils.py:349}}
Jan 22 10:22:07.009352 np0005592324.novalocal sudo[219202]: stack : PWD=/ ; USER=root ; COMMAND=/usr/local/bin/cinder-rootwrap /etc/cinder/rootwrap.conf env LC_ALL=C lvs --noheadings --unit=g -o vg_name,name,size --nosuffix --readonly stack-volumes-lvmdriver-1/volume-dc77d1ba-f18d-40d4-936a-557e857f51a1
Jan 22 10:22:07.362081 np0005592324.novalocal cinder-volume[184862]: DEBUG oslo_concurrency.processutils [None req-5b4b087e-5eca-474e-88c9-64fef761bcc6 tempest-VolumesSnapshotTestJSON-841832484 None] CMD "sudo cinder-rootwrap /etc/cinder/rootwrap.conf env LC_ALL=C lvs --noheadings --unit=g -o vg_name,name,size --nosuffix --readonly stack-volumes-lvmdriver-1/volume-dc77d1ba-f18d-40d4-936a-557e857f51a1" returned: 0 in 0.369s {{(pid=184862) execute /usr/local/lib/python3.12/site-packages/oslo_concurrency/processutils.py:372}}
Jan 22 10:22:07.364643 np0005592324.novalocal cinder-volume[184862]: DEBUG oslo_concurrency.processutils [None req-5b4b087e-5eca-474e-88c9-64fef761bcc6 tempest-VolumesSnapshotTestJSON-841832484 None] Running cmd (subprocess): sudo cinder-rootwrap /etc/cinder/rootwrap.conf env LC_ALL=C lvdisplay --noheading -C -o Attr --readonly stack-volumes-lvmdriver-1/volume-dc77d1ba-f18d-40d4-936a-557e857f51a1 {{(pid=184862) execute /usr/local/lib/python3.12/site-packages/oslo_concurrency/processutils.py:349}}
Jan 22 10:22:07.390411 np0005592324.novalocal sudo[219207]: stack : PWD=/ ; USER=root ; COMMAND=/usr/local/bin/cinder-rootwrap /etc/cinder/rootwrap.conf env LC_ALL=C lvdisplay --noheading -C -o Attr --readonly stack-volumes-lvmdriver-1/volume-dc77d1ba-f18d-40d4-936a-557e857f51a1
Jan 22 10:22:07.637850 np0005592324.novalocal cinder-volume[184862]: DEBUG cinder.coordination [None req-55f0a90e-3a4b-417c-a023-3f99c9876cdd tempest-VolumesSnapshotTestJSON-841832484 None] Acquiring lock "cinder-76236558-e6f4-4eac-b527-dc98912665a0-delete_snapshot" by "delete_snapshot" {{(pid=184862) __acquire /opt/stack/cinder/cinder/coordination.py:143}}
Jan 22 10:22:07.647542 np0005592324.novalocal cinder-volume[184862]: DEBUG cinder.coordination [None req-55f0a90e-3a4b-417c-a023-3f99c9876cdd tempest-VolumesSnapshotTestJSON-841832484 None] Lock "cinder-76236558-e6f4-4eac-b527-dc98912665a0-delete_snapshot" acquired by "delete_snapshot" :: waited 0.005s {{(pid=184862) __acquire /opt/stack/cinder/cinder/coordination.py:146}}
Jan 22 10:22:07.647542 np0005592324.novalocal cinder-volume[184862]: DEBUG oslo_concurrency.processutils [None req-55f0a90e-3a4b-417c-a023-3f99c9876cdd tempest-VolumesSnapshotTestJSON-841832484 None] Running cmd (subprocess): sudo cinder-rootwrap /etc/cinder/rootwrap.conf env LC_ALL=C lvs --noheadings --unit=g -o vg_name,name,size --nosuffix --readonly stack-volumes-lvmdriver-1/_snapshot-76236558-e6f4-4eac-b527-dc98912665a0 {{(pid=184862) execute /usr/local/lib/python3.12/site-packages/oslo_concurrency/processutils.py:349}}
Jan 22 10:22:07.668841 np0005592324.novalocal sudo[219210]: stack : PWD=/ ; USER=root ; COMMAND=/usr/local/bin/cinder-rootwrap /etc/cinder/rootwrap.conf env LC_ALL=C lvs --noheadings --unit=g -o vg_name,name,size --nosuffix --readonly stack-volumes-lvmdriver-1/_snapshot-76236558-e6f4-4eac-b527-dc98912665a0
Jan 22 10:22:07.778351 np0005592324.novalocal cinder-volume[184862]: DEBUG oslo_concurrency.processutils [None req-5b4b087e-5eca-474e-88c9-64fef761bcc6 tempest-VolumesSnapshotTestJSON-841832484 None] CMD "sudo cinder-rootwrap /etc/cinder/rootwrap.conf env LC_ALL=C lvdisplay --noheading -C -o Attr --readonly stack-volumes-lvmdriver-1/volume-dc77d1ba-f18d-40d4-936a-557e857f51a1" returned: 0 in 0.412s {{(pid=184862) execute /usr/local/lib/python3.12/site-packages/oslo_concurrency/processutils.py:372}}
Jan 22 10:22:07.778351 np0005592324.novalocal cinder-volume[184862]: DEBUG oslo_concurrency.processutils [None req-5b4b087e-5eca-474e-88c9-64fef761bcc6 tempest-VolumesSnapshotTestJSON-841832484 None] Running cmd (subprocess): sudo cinder-rootwrap /etc/cinder/rootwrap.conf lvremove --config activation { retry_deactivation = 1} -f stack-volumes-lvmdriver-1/volume-dc77d1ba-f18d-40d4-936a-557e857f51a1 {{(pid=184862) execute /usr/local/lib/python3.12/site-packages/oslo_concurrency/processutils.py:349}}
Jan 22 10:22:07.806011 np0005592324.novalocal sudo[219215]: stack : PWD=/ ; USER=root ; COMMAND=/usr/local/bin/cinder-rootwrap /etc/cinder/rootwrap.conf lvremove --config 'activation { retry_deactivation = 1} ' -f stack-volumes-lvmdriver-1/volume-dc77d1ba-f18d-40d4-936a-557e857f51a1
Jan 22 10:22:08.044249 np0005592324.novalocal cinder-volume[184862]: DEBUG oslo_concurrency.processutils [None req-55f0a90e-3a4b-417c-a023-3f99c9876cdd tempest-VolumesSnapshotTestJSON-841832484 None] CMD "sudo cinder-rootwrap /etc/cinder/rootwrap.conf env LC_ALL=C lvs --noheadings --unit=g -o vg_name,name,size --nosuffix --readonly stack-volumes-lvmdriver-1/_snapshot-76236558-e6f4-4eac-b527-dc98912665a0" returned: 0 in 0.399s {{(pid=184862) execute /usr/local/lib/python3.12/site-packages/oslo_concurrency/processutils.py:372}}
Jan 22 10:22:08.046164 np0005592324.novalocal cinder-volume[184862]: DEBUG oslo_concurrency.processutils [None req-55f0a90e-3a4b-417c-a023-3f99c9876cdd tempest-VolumesSnapshotTestJSON-841832484 None] Running cmd (subprocess): sudo cinder-rootwrap /etc/cinder/rootwrap.conf lvremove --config activation { retry_deactivation = 1} -f stack-volumes-lvmdriver-1/_snapshot-76236558-e6f4-4eac-b527-dc98912665a0 {{(pid=184862) execute /usr/local/lib/python3.12/site-packages/oslo_concurrency/processutils.py:349}}
