Jan 22 10:17:31.887104 np0005592324.novalocal cinder-volume[184862]: DEBUG cinder.quota [None req-39aaf64f-e8fd-46a4-9ac2-74a42abcafa7 tempest-VolumesExtendTest-931041330 None] Created reservations ['962af654-c448-42c2-a176-4b3cbc87ae65', 'e37d8e5b-ac3a-4e3f-916b-d2a8fe740cd4', 'eb602e6b-5902-4f0b-b282-7eedbcea2d87', '828788de-95bf-442f-bf9e-dd5f1aa6569d'] {{(pid=184862) reserve /opt/stack/cinder/cinder/quota.py:752}}
Jan 22 10:17:31.913580 np0005592324.novalocal cinder-volume[184862]: DEBUG cinder.volume.drivers.lvm [None req-39aaf64f-e8fd-46a4-9ac2-74a42abcafa7 tempest-VolumesExtendTest-931041330 None] Updating volume stats {{(pid=184862) _update_volume_stats /opt/stack/cinder/cinder/volume/drivers/lvm.py:228}}
Jan 22 10:17:31.913891 np0005592324.novalocal cinder-volume[184862]: DEBUG oslo_concurrency.processutils [None req-39aaf64f-e8fd-46a4-9ac2-74a42abcafa7 tempest-VolumesExtendTest-931041330 None] Running cmd (subprocess): sudo cinder-rootwrap /etc/cinder/rootwrap.conf env LC_ALL=C vgs --noheadings --unit=g -o name,size,free,lv_count,uuid --separator : --nosuffix stack-volumes-lvmdriver-1 {{(pid=184862) execute /usr/local/lib/python3.12/site-packages/oslo_concurrency/processutils.py:349}}
Jan 22 10:17:31.936063 np0005592324.novalocal sudo[214335]: stack : PWD=/ ; USER=root ; COMMAND=/usr/local/bin/cinder-rootwrap /etc/cinder/rootwrap.conf env LC_ALL=C vgs --noheadings --unit=g -o name,size,free,lv_count,uuid --separator : --nosuffix stack-volumes-lvmdriver-1
Jan 22 10:17:32.308895 np0005592324.novalocal cinder-volume[184862]: DEBUG oslo_concurrency.processutils [None req-39aaf64f-e8fd-46a4-9ac2-74a42abcafa7 tempest-VolumesExtendTest-931041330 None] CMD "sudo cinder-rootwrap /etc/cinder/rootwrap.conf env LC_ALL=C vgs --noheadings --unit=g -o name,size,free,lv_count,uuid --separator : --nosuffix stack-volumes-lvmdriver-1" returned: 0 in 0.395s {{(pid=184862) execute /usr/local/lib/python3.12/site-packages/oslo_concurrency/processutils.py:372}}
Jan 22 10:17:32.309831 np0005592324.novalocal cinder-volume[184862]: DEBUG oslo_concurrency.processutils [None req-39aaf64f-e8fd-46a4-9ac2-74a42abcafa7 tempest-VolumesExtendTest-931041330 None] Running cmd (subprocess): sudo cinder-rootwrap /etc/cinder/rootwrap.conf env LC_ALL=C lvs --noheadings --unit=g -o vg_name,name,size --nosuffix --readonly stack-volumes-lvmdriver-1 {{(pid=184862) execute /usr/local/lib/python3.12/site-packages/oslo_concurrency/processutils.py:349}}
Jan 22 10:17:32.346121 np0005592324.novalocal sudo[214342]: stack : PWD=/ ; USER=root ; COMMAND=/usr/local/bin/cinder-rootwrap /etc/cinder/rootwrap.conf env LC_ALL=C lvs --noheadings --unit=g -o vg_name,name,size --nosuffix --readonly stack-volumes-lvmdriver-1
Jan 22 10:17:32.708350 np0005592324.novalocal cinder-volume[184862]: DEBUG oslo_concurrency.processutils [None req-39aaf64f-e8fd-46a4-9ac2-74a42abcafa7 tempest-VolumesExtendTest-931041330 None] CMD "sudo cinder-rootwrap /etc/cinder/rootwrap.conf env LC_ALL=C lvs --noheadings --unit=g -o vg_name,name,size --nosuffix --readonly stack-volumes-lvmdriver-1" returned: 0 in 0.396s {{(pid=184862) execute /usr/local/lib/python3.12/site-packages/oslo_concurrency/processutils.py:372}}
Jan 22 10:17:32.708350 np0005592324.novalocal cinder-volume[184862]: DEBUG oslo_concurrency.processutils [None req-39aaf64f-e8fd-46a4-9ac2-74a42abcafa7 tempest-VolumesExtendTest-931041330 None] Running cmd (subprocess): sudo cinder-rootwrap /etc/cinder/rootwrap.conf env LC_ALL=C lvs --noheadings --unit=g -o size,data_percent --separator : --nosuffix /dev/stack-volumes-lvmdriver-1/stack-volumes-lvmdriver-1-pool {{(pid=184862) execute /usr/local/lib/python3.12/site-packages/oslo_concurrency/processutils.py:349}}
Jan 22 10:17:32.730480 np0005592324.novalocal sudo[214350]: stack : PWD=/ ; USER=root ; COMMAND=/usr/local/bin/cinder-rootwrap /etc/cinder/rootwrap.conf env LC_ALL=C lvs --noheadings --unit=g -o size,data_percent --separator : --nosuffix /dev/stack-volumes-lvmdriver-1/stack-volumes-lvmdriver-1-pool
Jan 22 10:17:33.098387 np0005592324.novalocal cinder-volume[184862]: DEBUG oslo_concurrency.processutils [None req-39aaf64f-e8fd-46a4-9ac2-74a42abcafa7 tempest-VolumesExtendTest-931041330 None] CMD "sudo cinder-rootwrap /etc/cinder/rootwrap.conf env LC_ALL=C lvs --noheadings --unit=g -o size,data_percent --separator : --nosuffix /dev/stack-volumes-lvmdriver-1/stack-volumes-lvmdriver-1-pool" returned: 0 in 0.391s {{(pid=184862) execute /usr/local/lib/python3.12/site-packages/oslo_concurrency/processutils.py:372}}
Jan 22 10:17:33.099101 np0005592324.novalocal cinder-volume[184862]: DEBUG oslo_concurrency.processutils [None req-39aaf64f-e8fd-46a4-9ac2-74a42abcafa7 tempest-VolumesExtendTest-931041330 None] Running cmd (subprocess): sudo cinder-rootwrap /etc/cinder/rootwrap.conf env LC_ALL=C lvs --noheadings --unit=g -o vg_name,name,size --nosuffix --readonly stack-volumes-lvmdriver-1 {{(pid=184862) execute /usr/local/lib/python3.12/site-packages/oslo_concurrency/processutils.py:349}}
Jan 22 10:17:33.121311 np0005592324.novalocal sudo[214357]: stack : PWD=/ ; USER=root ; COMMAND=/usr/local/bin/cinder-rootwrap /etc/cinder/rootwrap.conf env LC_ALL=C lvs --noheadings --unit=g -o vg_name,name,size --nosuffix --readonly stack-volumes-lvmdriver-1
Jan 22 10:17:33.421144 np0005592324.novalocal cinder-volume[184862]: DEBUG oslo_concurrency.processutils [None req-39aaf64f-e8fd-46a4-9ac2-74a42abcafa7 tempest-VolumesExtendTest-931041330 None] CMD "sudo cinder-rootwrap /etc/cinder/rootwrap.conf env LC_ALL=C lvs --noheadings --unit=g -o vg_name,name,size --nosuffix --readonly stack-volumes-lvmdriver-1" returned: 0 in 0.322s {{(pid=184862) execute /usr/local/lib/python3.12/site-packages/oslo_concurrency/processutils.py:372}}
Jan 22 10:17:33.422337 np0005592324.novalocal cinder-volume[184862]: DEBUG cinder.manager [None req-39aaf64f-e8fd-46a4-9ac2-74a42abcafa7 tempest-VolumesExtendTest-931041330 None] Notifying Schedulers of capabilities ... {{(pid=184862) _publish_service_capabilities /opt/stack/cinder/cinder/manager.py:202}}
Jan 22 10:17:33.430243 np0005592324.novalocal cinder-volume[184862]: INFO cinder.volume.manager [None req-39aaf64f-e8fd-46a4-9ac2-74a42abcafa7 tempest-VolumesExtendTest-931041330 None] Deleted volume successfully.
Jan 22 10:17:33.447883 np0005592324.novalocal cinder-volume[184862]: DEBUG cinder.coordination [None req-39aaf64f-e8fd-46a4-9ac2-74a42abcafa7 tempest-VolumesExtendTest-931041330 None] Lock "cinder-1e863b58-ef46-4c1e-a742-a6e9d2f02f19-delete_volume" released by "delete_volume" :: held 2.816s {{(pid=184862) __release /opt/stack/cinder/cinder/coordination.py:157}}
Jan 22 10:17:33.752273 np0005592324.novalocal cinder-volume[184862]: DEBUG oslo_service.periodic_task [None req-502cd12d-0b09-4d59-8ed2-40ce75cff2e3 None None] Running periodic task VolumeManager.publish_service_capabilities {{(pid=184862) run_periodic_tasks /usr/local/lib/python3.12/site-packages/oslo_service/periodic_task.py:210}}
Jan 22 10:17:33.752461 np0005592324.novalocal cinder-volume[184862]: DEBUG cinder.volume.drivers.lvm [None req-502cd12d-0b09-4d59-8ed2-40ce75cff2e3 None None] Updating volume stats {{(pid=184862) _update_volume_stats /opt/stack/cinder/cinder/volume/drivers/lvm.py:228}}
Jan 22 10:17:33.752736 np0005592324.novalocal cinder-volume[184862]: DEBUG oslo_concurrency.processutils [None req-502cd12d-0b09-4d59-8ed2-40ce75cff2e3 None None] Running cmd (subprocess): sudo cinder-rootwrap /etc/cinder/rootwrap.conf env LC_ALL=C vgs --noheadings --unit=g -o name,size,free,lv_count,uuid --separator : --nosuffix stack-volumes-lvmdriver-1 {{(pid=184862) execute /usr/local/lib/python3.12/site-packages/oslo_concurrency/processutils.py:349}}
Jan 22 10:17:33.780481 np0005592324.novalocal sudo[214362]: stack : PWD=/ ; USER=root ; COMMAND=/usr/local/bin/cinder-rootwrap /etc/cinder/rootwrap.conf env LC_ALL=C vgs --noheadings --unit=g -o name,size,free,lv_count,uuid --separator : --nosuffix stack-volumes-lvmdriver-1
Jan 22 10:17:34.140929 np0005592324.novalocal cinder-volume[184862]: DEBUG oslo_concurrency.processutils [None req-502cd12d-0b09-4d59-8ed2-40ce75cff2e3 None None] CMD "sudo cinder-rootwrap /etc/cinder/rootwrap.conf env LC_ALL=C vgs --noheadings --unit=g -o name,size,free,lv_count,uuid --separator : --nosuffix stack-volumes-lvmdriver-1" returned: 0 in 0.387s {{(pid=184862) execute /usr/local/lib/python3.12/site-packages/oslo_concurrency/processutils.py:372}}
Jan 22 10:17:34.143407 np0005592324.novalocal cinder-volume[184862]: DEBUG oslo_concurrency.processutils [None req-502cd12d-0b09-4d59-8ed2-40ce75cff2e3 None None] Running cmd (subprocess): sudo cinder-rootwrap /etc/cinder/rootwrap.conf env LC_ALL=C lvs --noheadings --unit=g -o vg_name,name,size --nosuffix --readonly stack-volumes-lvmdriver-1 {{(pid=184862) execute /usr/local/lib/python3.12/site-packages/oslo_concurrency/processutils.py:349}}
Jan 22 10:17:34.161934 np0005592324.novalocal sudo[214368]: stack : PWD=/ ; USER=root ; COMMAND=/usr/local/bin/cinder-rootwrap /etc/cinder/rootwrap.conf env LC_ALL=C lvs --noheadings --unit=g -o vg_name,name,size --nosuffix --readonly stack-volumes-lvmdriver-1
Jan 22 10:17:34.482848 np0005592324.novalocal cinder-volume[184862]: DEBUG oslo_concurrency.processutils [None req-502cd12d-0b09-4d59-8ed2-40ce75cff2e3 None None] CMD "sudo cinder-rootwrap /etc/cinder/rootwrap.conf env LC_ALL=C lvs --noheadings --unit=g -o vg_name,name,size --nosuffix --readonly stack-volumes-lvmdriver-1" returned: 0 in 0.339s {{(pid=184862) execute /usr/local/lib/python3.12/site-packages/oslo_concurrency/processutils.py:372}}
Jan 22 10:17:34.484196 np0005592324.novalocal cinder-volume[184862]: DEBUG oslo_concurrency.processutils [None req-502cd12d-0b09-4d59-8ed2-40ce75cff2e3 None None] Running cmd (subprocess): sudo cinder-rootwrap /etc/cinder/rootwrap.conf env LC_ALL=C lvs --noheadings --unit=g -o size,data_percent --separator : --nosuffix /dev/stack-volumes-lvmdriver-1/stack-volumes-lvmdriver-1-pool {{(pid=184862) execute /usr/local/lib/python3.12/site-packages/oslo_concurrency/processutils.py:349}}
Jan 22 10:17:34.508598 np0005592324.novalocal sudo[214373]: stack : PWD=/ ; USER=root ; COMMAND=/usr/local/bin/cinder-rootwrap /etc/cinder/rootwrap.conf env LC_ALL=C lvs --noheadings --unit=g -o size,data_percent --separator : --nosuffix /dev/stack-volumes-lvmdriver-1/stack-volumes-lvmdriver-1-pool
Jan 22 10:17:34.890122 np0005592324.novalocal cinder-volume[184862]: DEBUG oslo_concurrency.processutils [None req-502cd12d-0b09-4d59-8ed2-40ce75cff2e3 None None] CMD "sudo cinder-rootwrap /etc/cinder/rootwrap.conf env LC_ALL=C lvs --noheadings --unit=g -o size,data_percent --separator : --nosuffix /dev/stack-volumes-lvmdriver-1/stack-volumes-lvmdriver-1-pool" returned: 0 in 0.406s {{(pid=184862) execute /usr/local/lib/python3.12/site-packages/oslo_concurrency/processutils.py:372}}
Jan 22 10:17:34.890827 np0005592324.novalocal cinder-volume[184862]: DEBUG oslo_concurrency.processutils [None req-502cd12d-0b09-4d59-8ed2-40ce75cff2e3 None None] Running cmd (subprocess): sudo cinder-rootwrap /etc/cinder/rootwrap.conf env LC_ALL=C lvs --noheadings --unit=g -o vg_name,name,size --nosuffix --readonly stack-volumes-lvmdriver-1 {{(pid=184862) execute /usr/local/lib/python3.12/site-packages/oslo_concurrency/processutils.py:349}}
Jan 22 10:17:34.912901 np0005592324.novalocal sudo[214378]: stack : PWD=/ ; USER=root ; COMMAND=/usr/local/bin/cinder-rootwrap /etc/cinder/rootwrap.conf env LC_ALL=C lvs --noheadings --unit=g -o vg_name,name,size --nosuffix --readonly stack-volumes-lvmdriver-1
Jan 22 10:17:35.214348 np0005592324.novalocal cinder-volume[184862]: DEBUG cinder.volume.flows.manager.create_volume [None req-70ffe4c8-6034-48d1-92fc-147acdbf84e6 tempest-VolumesSnapshotListTestJSON-1986485250 None] Volume reschedule parameters: True retry: {'num_attempts': 1, 'backends': ['np0005592324.novalocal@lvmdriver-1#lvmdriver-1'], 'hosts': ['np0005592324.novalocal@lvmdriver-1#lvmdriver-1']} {{(pid=184862) get_flow /opt/stack/cinder/cinder/volume/flows/manager/create_volume.py:1388}}
Jan 22 10:17:35.227719 np0005592324.novalocal cinder-volume[184862]: DEBUG cinder.volume.manager [None req-70ffe4c8-6034-48d1-92fc-147acdbf84e6 tempest-VolumesSnapshotListTestJSON-1986485250 None] Flow 'volume_create_manager' (8ec6b269-887b-4ecc-a642-3feb4f8e6ebc) transitioned into state 'RUNNING' from state 'PENDING' {{(pid=184862) _flow_receiver /usr/local/lib/python3.12/site-packages/taskflow/listeners/logging.py:145}}
Jan 22 10:17:35.229674 np0005592324.novalocal cinder-volume[184862]: DEBUG cinder.volume.manager [None req-70ffe4c8-6034-48d1-92fc-147acdbf84e6 tempest-VolumesSnapshotListTestJSON-1986485250 None] Task 'cinder.volume.flows.manager.create_volume.ExtractVolumeRefTask;volume:create' (14180a62-001e-45f4-bd1c-310e841ebb22) transitioned into state 'RUNNING' from state 'PENDING' {{(pid=184862) _task_receiver /usr/local/lib/python3.12/site-packages/taskflow/listeners/logging.py:194}}
Jan 22 10:17:35.237124 np0005592324.novalocal cinder-volume[184862]: DEBUG cinder.volume.manager [None req-70ffe4c8-6034-48d1-92fc-147acdbf84e6 tempest-VolumesSnapshotListTestJSON-1986485250 None] Task 'cinder.volume.flows.manager.create_volume.ExtractVolumeRefTask;volume:create' (14180a62-001e-45f4-bd1c-310e841ebb22) transitioned into state 'SUCCESS' from state 'RUNNING' with result 'Volume(_name_id=None,admin_metadata=,attach_status='detached',availability_zone='nova',bootable=False,cluster=,cluster_name=None,consistencygroup=,consistencygroup_id=None,created_at=2026-01-22T15:17:35Z,deleted=False,deleted_at=None,display_description=None,display_name='tempest-VolumesSnapshotListTestJSON-Volume-801179841',ec2_id=None,encryption_key_id=None,glance_metadata=,group=,group_id=None,host='np0005592324.novalocal@lvmdriver-1#lvmdriver-1',id=85d779df-742b-4e6e-8179-6797623b8e0a,launched_at=None,metadata={},migration_status=None,multiattach=False,previous_status=None,project_id='89e9cea46be9481a87fd56ce7b9088ea',provider_auth=None,provider_geometry=None,provider_id=None,provider_location=None,replication_driver_data=None,replication_extended_status=None,replication_status=None,scheduled_at=2026-01-22T15:17:35Z,service_uuid=None,shared_targets=True,size=1,snapshot_id=None,snapshots=,source_volid=None,status='creating',terminated_at=None,updated_at=2026-01-22T15:17:35Z,use_quota=True,user_id='cca95a9e8f054b6f85a784ed77828cf5',volume_attachment=VolumeAttachmentList,volume_type=VolumeType(d32eda9a-7ff9-443b-adbb-d3691c157d72),volume_type_id=d32eda9a-7ff9-443b-adbb-d3691c157d72)' {{(pid=184862) _task_receiver /usr/local/lib/python3.12/site-packages/taskflow/listeners/logging.py:182}}
Jan 22 10:17:35.239237 np0005592324.novalocal cinder-volume[184862]: DEBUG cinder.volume.manager [None req-70ffe4c8-6034-48d1-92fc-147acdbf84e6 tempest-VolumesSnapshotListTestJSON-1986485250 None] Task 'cinder.volume.flows.manager.create_volume.OnFailureRescheduleTask;volume:create' (d885fef7-24ee-4bf2-9535-3fba47547e09) transitioned into state 'RUNNING' from state 'PENDING' {{(pid=184862) _task_receiver /usr/local/lib/python3.12/site-packages/taskflow/listeners/logging.py:194}}
Jan 22 10:17:35.241256 np0005592324.novalocal cinder-volume[184862]: DEBUG cinder.volume.manager [None req-70ffe4c8-6034-48d1-92fc-147acdbf84e6 tempest-VolumesSnapshotListTestJSON-1986485250 None] Task 'cinder.volume.flows.manager.create_volume.OnFailureRescheduleTask;volume:create' (d885fef7-24ee-4bf2-9535-3fba47547e09) transitioned into state 'SUCCESS' from state 'RUNNING' with result 'None' {{(pid=184862) _task_receiver /usr/local/lib/python3.12/site-packages/taskflow/listeners/logging.py:182}}
Jan 22 10:17:35.243683 np0005592324.novalocal cinder-volume[184862]: DEBUG cinder.volume.manager [None req-70ffe4c8-6034-48d1-92fc-147acdbf84e6 tempest-VolumesSnapshotListTestJSON-1986485250 None] Task 'cinder.volume.flows.manager.create_volume.ExtractVolumeSpecTask;volume:create' (92ae96e9-33af-4ac1-9be2-fa682aedf232) transitioned into state 'RUNNING' from state 'PENDING' {{(pid=184862) _task_receiver /usr/local/lib/python3.12/site-packages/taskflow/listeners/logging.py:194}}
Jan 22 10:17:35.248343 np0005592324.novalocal cinder-volume[184862]: DEBUG cinder.volume.manager [None req-70ffe4c8-6034-48d1-92fc-147acdbf84e6 tempest-VolumesSnapshotListTestJSON-1986485250 None] Task 'cinder.volume.flows.manager.create_volume.ExtractVolumeSpecTask;volume:create' (92ae96e9-33af-4ac1-9be2-fa682aedf232) transitioned into state 'SUCCESS' from state 'RUNNING' with result '{'status': 'creating', 'type': 'raw', 'volume_id': '85d779df-742b-4e6e-8179-6797623b8e0a', 'volume_name': 'volume-85d779df-742b-4e6e-8179-6797623b8e0a', 'volume_size': 1}' {{(pid=184862) _task_receiver /usr/local/lib/python3.12/site-packages/taskflow/listeners/logging.py:182}}
Jan 22 10:17:35.252031 np0005592324.novalocal cinder-volume[184862]: DEBUG cinder.volume.manager [None req-70ffe4c8-6034-48d1-92fc-147acdbf84e6 tempest-VolumesSnapshotListTestJSON-1986485250 None] Task 'cinder.volume.flows.manager.create_volume.NotifyVolumeActionTask;volume:create, create.start' (4c3ed7d0-2a2f-45a1-a3db-84d349f76866) transitioned into state 'RUNNING' from state 'PENDING' {{(pid=184862) _task_receiver /usr/local/lib/python3.12/site-packages/taskflow/listeners/logging.py:194}}
Jan 22 10:17:35.254750 np0005592324.novalocal cinder-volume[184862]: DEBUG cinder.volume.manager [None req-70ffe4c8-6034-48d1-92fc-147acdbf84e6 tempest-VolumesSnapshotListTestJSON-1986485250 None] Task 'cinder.volume.flows.manager.create_volume.NotifyVolumeActionTask;volume:create, create.start' (4c3ed7d0-2a2f-45a1-a3db-84d349f76866) transitioned into state 'SUCCESS' from state 'RUNNING' with result 'None' {{(pid=184862) _task_receiver /usr/local/lib/python3.12/site-packages/taskflow/listeners/logging.py:182}}
Jan 22 10:17:35.256172 np0005592324.novalocal cinder-volume[184862]: DEBUG cinder.volume.manager [None req-70ffe4c8-6034-48d1-92fc-147acdbf84e6 tempest-VolumesSnapshotListTestJSON-1986485250 None] Task 'cinder.volume.flows.manager.create_volume.CreateVolumeFromSpecTask;volume:create' (cd53c9b7-93e9-4149-8ca7-1669000f717b) transitioned into state 'RUNNING' from state 'PENDING' {{(pid=184862) _task_receiver /usr/local/lib/python3.12/site-packages/taskflow/listeners/logging.py:194}}
Jan 22 10:17:35.256610 np0005592324.novalocal cinder-volume[184862]: INFO cinder.volume.flows.manager.create_volume [None req-70ffe4c8-6034-48d1-92fc-147acdbf84e6 tempest-VolumesSnapshotListTestJSON-1986485250 None] Volume 85d779df-742b-4e6e-8179-6797623b8e0a: being created as raw with specification: {'status': 'creating', 'volume_name': 'volume-85d779df-742b-4e6e-8179-6797623b8e0a', 'volume_size': 1}
Jan 22 10:17:35.257072 np0005592324.novalocal cinder-volume[184862]: DEBUG oslo_concurrency.processutils [None req-70ffe4c8-6034-48d1-92fc-147acdbf84e6 tempest-VolumesSnapshotListTestJSON-1986485250 None] Running cmd (subprocess): sudo cinder-rootwrap /etc/cinder/rootwrap.conf env LC_ALL=C lvcreate -T -V 1g -n volume-85d779df-742b-4e6e-8179-6797623b8e0a stack-volumes-lvmdriver-1/stack-volumes-lvmdriver-1-pool {{(pid=184862) execute /usr/local/lib/python3.12/site-packages/oslo_concurrency/processutils.py:349}}
Jan 22 10:17:35.262973 np0005592324.novalocal cinder-volume[184862]: DEBUG oslo_concurrency.processutils [None req-502cd12d-0b09-4d59-8ed2-40ce75cff2e3 None None] CMD "sudo cinder-rootwrap /etc/cinder/rootwrap.conf env LC_ALL=C lvs --noheadings --unit=g -o vg_name,name,size --nosuffix --readonly stack-volumes-lvmdriver-1" returned: 0 in 0.372s {{(pid=184862) execute /usr/local/lib/python3.12/site-packages/oslo_concurrency/processutils.py:372}}
Jan 22 10:17:35.263724 np0005592324.novalocal cinder-volume[184862]: DEBUG cinder.manager [None req-502cd12d-0b09-4d59-8ed2-40ce75cff2e3 None None] Notifying Schedulers of capabilities ... {{(pid=184862) _publish_service_capabilities /opt/stack/cinder/cinder/manager.py:202}}
Jan 22 10:17:35.278849 np0005592324.novalocal sudo[214383]: stack : PWD=/ ; USER=root ; COMMAND=/usr/local/bin/cinder-rootwrap /etc/cinder/rootwrap.conf env LC_ALL=C lvcreate -T -V 1g -n volume-85d779df-742b-4e6e-8179-6797623b8e0a stack-volumes-lvmdriver-1/stack-volumes-lvmdriver-1-pool
Jan 22 10:17:35.684573 np0005592324.novalocal cinder-volume[184862]: DEBUG oslo_concurrency.processutils [None req-70ffe4c8-6034-48d1-92fc-147acdbf84e6 tempest-VolumesSnapshotListTestJSON-1986485250 None] CMD "sudo cinder-rootwrap /etc/cinder/rootwrap.conf env LC_ALL=C lvcreate -T -V 1g -n volume-85d779df-742b-4e6e-8179-6797623b8e0a stack-volumes-lvmdriver-1/stack-volumes-lvmdriver-1-pool" returned: 0 in 0.427s {{(pid=184862) execute /usr/local/lib/python3.12/site-packages/oslo_concurrency/processutils.py:372}}
Jan 22 10:17:35.691534 np0005592324.novalocal cinder-volume[184862]: DEBUG cinder.volume.manager [None req-70ffe4c8-6034-48d1-92fc-147acdbf84e6 tempest-VolumesSnapshotListTestJSON-1986485250 None] Task 'cinder.volume.flows.manager.create_volume.CreateVolumeFromSpecTask;volume:create' (cd53c9b7-93e9-4149-8ca7-1669000f717b) transitioned into state 'SUCCESS' from state 'RUNNING' with result '{'status': 'creating', 'volume_name': 'volume-85d779df-742b-4e6e-8179-6797623b8e0a', 'volume_size': 1}' {{(pid=184862) _task_receiver /usr/local/lib/python3.12/site-packages/taskflow/listeners/logging.py:182}}
Jan 22 10:17:35.695821 np0005592324.novalocal cinder-volume[184862]: DEBUG cinder.volume.manager [None req-70ffe4c8-6034-48d1-92fc-147acdbf84e6 tempest-VolumesSnapshotListTestJSON-1986485250 None] Task 'cinder.volume.flows.manager.create_volume.CreateVolumeOnFinishTask;volume:create, create.end' (33625a6a-6680-4e8d-97cd-8b729d5e2029) transitioned into state 'RUNNING' from state 'PENDING' {{(pid=184862) _task_receiver /usr/local/lib/python3.12/site-packages/taskflow/listeners/logging.py:194}}
Jan 22 10:17:35.706716 np0005592324.novalocal cinder-volume[184862]: INFO cinder.volume.flows.manager.create_volume [None req-70ffe4c8-6034-48d1-92fc-147acdbf84e6 tempest-VolumesSnapshotListTestJSON-1986485250 None] Volume volume-85d779df-742b-4e6e-8179-6797623b8e0a (85d779df-742b-4e6e-8179-6797623b8e0a): created successfully
Jan 22 10:17:35.708723 np0005592324.novalocal cinder-volume[184862]: DEBUG cinder.volume.manager [None req-70ffe4c8-6034-48d1-92fc-147acdbf84e6 tempest-VolumesSnapshotListTestJSON-1986485250 None] Task 'cinder.volume.flows.manager.create_volume.CreateVolumeOnFinishTask;volume:create, create.end' (33625a6a-6680-4e8d-97cd-8b729d5e2029) transitioned into state 'SUCCESS' from state 'RUNNING' with result 'None' {{(pid=184862) _task_receiver /usr/local/lib/python3.12/site-packages/taskflow/listeners/logging.py:182}}
Jan 22 10:17:35.716991 np0005592324.novalocal cinder-volume[184862]: DEBUG cinder.volume.manager [None req-70ffe4c8-6034-48d1-92fc-147acdbf84e6 tempest-VolumesSnapshotListTestJSON-1986485250 None] Flow 'volume_create_manager' (8ec6b269-887b-4ecc-a642-3feb4f8e6ebc) transitioned into state 'SUCCESS' from state 'RUNNING' {{(pid=184862) _flow_receiver /usr/local/lib/python3.12/site-packages/taskflow/listeners/logging.py:145}}
Jan 22 10:17:35.721966 np0005592324.novalocal cinder-volume[184862]: INFO cinder.volume.manager [None req-70ffe4c8-6034-48d1-92fc-147acdbf84e6 tempest-VolumesSnapshotListTestJSON-1986485250 None] Created volume successfully.
Jan 22 10:17:36.390780 np0005592324.novalocal cinder-volume[184862]: DEBUG oslo_concurrency.processutils [None req-98c944b9-794b-4af9-9ca7-e3dde2ea1f77 tempest-VolumesSnapshotListTestJSON-1986485250 None] Running cmd (subprocess): sudo cinder-rootwrap /etc/cinder/rootwrap.conf env LC_ALL=C lvs --noheadings --unit=g -o vg_name,name,size --nosuffix --readonly stack-volumes-lvmdriver-1/volume-85d779df-742b-4e6e-8179-6797623b8e0a {{(pid=184862) execute /usr/local/lib/python3.12/site-packages/oslo_concurrency/processutils.py:349}}
Jan 22 10:17:36.416913 np0005592324.novalocal sudo[214397]: stack : PWD=/ ; USER=root ; COMMAND=/usr/local/bin/cinder-rootwrap /etc/cinder/rootwrap.conf env LC_ALL=C lvs --noheadings --unit=g -o vg_name,name,size --nosuffix --readonly stack-volumes-lvmdriver-1/volume-85d779df-742b-4e6e-8179-6797623b8e0a
Jan 22 10:17:36.732366 np0005592324.novalocal cinder-volume[184862]: DEBUG oslo_concurrency.processutils [None req-98c944b9-794b-4af9-9ca7-e3dde2ea1f77 tempest-VolumesSnapshotListTestJSON-1986485250 None] CMD "sudo cinder-rootwrap /etc/cinder/rootwrap.conf env LC_ALL=C lvs --noheadings --unit=g -o vg_name,name,size --nosuffix --readonly stack-volumes-lvmdriver-1/volume-85d779df-742b-4e6e-8179-6797623b8e0a" returned: 0 in 0.341s {{(pid=184862) execute /usr/local/lib/python3.12/site-packages/oslo_concurrency/processutils.py:372}}
Jan 22 10:17:36.735278 np0005592324.novalocal cinder-volume[184862]: DEBUG oslo_concurrency.processutils [None req-98c944b9-794b-4af9-9ca7-e3dde2ea1f77 tempest-VolumesSnapshotListTestJSON-1986485250 None] Running cmd (subprocess): sudo cinder-rootwrap /etc/cinder/rootwrap.conf env LC_ALL=C lvcreate --name _snapshot-efc6de40-facb-4668-a2fc-a34fc9ac9485 --snapshot stack-volumes-lvmdriver-1/volume-85d779df-742b-4e6e-8179-6797623b8e0a {{(pid=184862) execute /usr/local/lib/python3.12/site-packages/oslo_concurrency/processutils.py:349}}
Jan 22 10:17:36.751957 np0005592324.novalocal sudo[214409]: stack : PWD=/ ; USER=root ; COMMAND=/usr/local/bin/cinder-rootwrap /etc/cinder/rootwrap.conf env LC_ALL=C lvcreate --name _snapshot-efc6de40-facb-4668-a2fc-a34fc9ac9485 --snapshot stack-volumes-lvmdriver-1/volume-85d779df-742b-4e6e-8179-6797623b8e0a
Jan 22 10:17:37.110385 np0005592324.novalocal cinder-volume[184862]: DEBUG oslo_concurrency.processutils [None req-98c944b9-794b-4af9-9ca7-e3dde2ea1f77 tempest-VolumesSnapshotListTestJSON-1986485250 None] CMD "sudo cinder-rootwrap /etc/cinder/rootwrap.conf env LC_ALL=C lvcreate --name _snapshot-efc6de40-facb-4668-a2fc-a34fc9ac9485 --snapshot stack-volumes-lvmdriver-1/volume-85d779df-742b-4e6e-8179-6797623b8e0a" returned: 0 in 0.372s {{(pid=184862) execute /usr/local/lib/python3.12/site-packages/oslo_concurrency/processutils.py:372}}
Jan 22 10:17:37.119652 np0005592324.novalocal cinder-volume[184862]: INFO cinder.volume.manager [None req-98c944b9-794b-4af9-9ca7-e3dde2ea1f77 tempest-VolumesSnapshotListTestJSON-1986485250 None] Create snapshot completed successfully
Jan 22 10:17:37.540909 np0005592324.novalocal cinder-volume[184862]: DEBUG oslo_concurrency.processutils [None req-0600bfde-84ce-414b-b04a-4386c80a419a tempest-VolumesSnapshotListTestJSON-1986485250 None] Running cmd (subprocess): sudo cinder-rootwrap /etc/cinder/rootwrap.conf env LC_ALL=C lvs --noheadings --unit=g -o vg_name,name,size --nosuffix --readonly stack-volumes-lvmdriver-1/volume-85d779df-742b-4e6e-8179-6797623b8e0a {{(pid=184862) execute /usr/local/lib/python3.12/site-packages/oslo_concurrency/processutils.py:349}}
Jan 22 10:17:37.565147 np0005592324.novalocal sudo[214420]: stack : PWD=/ ; USER=root ; COMMAND=/usr/local/bin/cinder-rootwrap /etc/cinder/rootwrap.conf env LC_ALL=C lvs --noheadings --unit=g -o vg_name,name,size --nosuffix --readonly stack-volumes-lvmdriver-1/volume-85d779df-742b-4e6e-8179-6797623b8e0a
Jan 22 10:17:37.910956 np0005592324.novalocal cinder-volume[184862]: DEBUG oslo_concurrency.processutils [None req-0600bfde-84ce-414b-b04a-4386c80a419a tempest-VolumesSnapshotListTestJSON-1986485250 None] CMD "sudo cinder-rootwrap /etc/cinder/rootwrap.conf env LC_ALL=C lvs --noheadings --unit=g -o vg_name,name,size --nosuffix --readonly stack-volumes-lvmdriver-1/volume-85d779df-742b-4e6e-8179-6797623b8e0a" returned: 0 in 0.370s {{(pid=184862) execute /usr/local/lib/python3.12/site-packages/oslo_concurrency/processutils.py:372}}
Jan 22 10:17:37.911720 np0005592324.novalocal cinder-volume[184862]: DEBUG oslo_concurrency.processutils [None req-0600bfde-84ce-414b-b04a-4386c80a419a tempest-VolumesSnapshotListTestJSON-1986485250 None] Running cmd (subprocess): sudo cinder-rootwrap /etc/cinder/rootwrap.conf env LC_ALL=C lvcreate --name _snapshot-add3a2e3-c4a7-4bf0-977a-d064438109f4 --snapshot stack-volumes-lvmdriver-1/volume-85d779df-742b-4e6e-8179-6797623b8e0a {{(pid=184862) execute /usr/local/lib/python3.12/site-packages/oslo_concurrency/processutils.py:349}}
Jan 22 10:17:37.929392 np0005592324.novalocal sudo[214427]: stack : PWD=/ ; USER=root ; COMMAND=/usr/local/bin/cinder-rootwrap /etc/cinder/rootwrap.conf env LC_ALL=C lvcreate --name _snapshot-add3a2e3-c4a7-4bf0-977a-d064438109f4 --snapshot stack-volumes-lvmdriver-1/volume-85d779df-742b-4e6e-8179-6797623b8e0a
Jan 22 10:17:38.275493 np0005592324.novalocal cinder-volume[184862]: DEBUG oslo_concurrency.processutils [None req-0600bfde-84ce-414b-b04a-4386c80a419a tempest-VolumesSnapshotListTestJSON-1986485250 None] CMD "sudo cinder-rootwrap /etc/cinder/rootwrap.conf env LC_ALL=C lvcreate --name _snapshot-add3a2e3-c4a7-4bf0-977a-d064438109f4 --snapshot stack-volumes-lvmdriver-1/volume-85d779df-742b-4e6e-8179-6797623b8e0a" returned: 0 in 0.363s {{(pid=184862) execute /usr/local/lib/python3.12/site-packages/oslo_concurrency/processutils.py:372}}
Jan 22 10:17:38.288696 np0005592324.novalocal cinder-volume[184862]: INFO cinder.volume.manager [None req-0600bfde-84ce-414b-b04a-4386c80a419a tempest-VolumesSnapshotListTestJSON-1986485250 None] Create snapshot completed successfully
Jan 22 10:17:38.688083 np0005592324.novalocal cinder-volume[184862]: DEBUG oslo_concurrency.processutils [None req-5bad4bb6-4bac-4e7b-9d43-7df015443a2f tempest-VolumesSnapshotListTestJSON-1986485250 None] Running cmd (subprocess): sudo cinder-rootwrap /etc/cinder/rootwrap.conf env LC_ALL=C lvs --noheadings --unit=g -o vg_name,name,size --nosuffix --readonly stack-volumes-lvmdriver-1/volume-85d779df-742b-4e6e-8179-6797623b8e0a {{(pid=184862) execute /usr/local/lib/python3.12/site-packages/oslo_concurrency/processutils.py:349}}
Jan 22 10:17:38.716030 np0005592324.novalocal sudo[214438]: stack : PWD=/ ; USER=root ; COMMAND=/usr/local/bin/cinder-rootwrap /etc/cinder/rootwrap.conf env LC_ALL=C lvs --noheadings --unit=g -o vg_name,name,size --nosuffix --readonly stack-volumes-lvmdriver-1/volume-85d779df-742b-4e6e-8179-6797623b8e0a
Jan 22 10:17:39.097481 np0005592324.novalocal cinder-volume[184862]: DEBUG oslo_concurrency.processutils [None req-5bad4bb6-4bac-4e7b-9d43-7df015443a2f tempest-VolumesSnapshotListTestJSON-1986485250 None] CMD "sudo cinder-rootwrap /etc/cinder/rootwrap.conf env LC_ALL=C lvs --noheadings --unit=g -o vg_name,name,size --nosuffix --readonly stack-volumes-lvmdriver-1/volume-85d779df-742b-4e6e-8179-6797623b8e0a" returned: 0 in 0.408s {{(pid=184862) execute /usr/local/lib/python3.12/site-packages/oslo_concurrency/processutils.py:372}}
Jan 22 10:17:39.099934 np0005592324.novalocal cinder-volume[184862]: DEBUG oslo_concurrency.processutils [None req-5bad4bb6-4bac-4e7b-9d43-7df015443a2f tempest-VolumesSnapshotListTestJSON-1986485250 None] Running cmd (subprocess): sudo cinder-rootwrap /etc/cinder/rootwrap.conf env LC_ALL=C lvcreate --name _snapshot-c7dd8457-1573-49fd-bdc4-1a73db1fbe88 --snapshot stack-volumes-lvmdriver-1/volume-85d779df-742b-4e6e-8179-6797623b8e0a {{(pid=184862) execute /usr/local/lib/python3.12/site-packages/oslo_concurrency/processutils.py:349}}
Jan 22 10:17:39.130942 np0005592324.novalocal sudo[214453]: stack : PWD=/ ; USER=root ; COMMAND=/usr/local/bin/cinder-rootwrap /etc/cinder/rootwrap.conf env LC_ALL=C lvcreate --name _snapshot-c7dd8457-1573-49fd-bdc4-1a73db1fbe88 --snapshot stack-volumes-lvmdriver-1/volume-85d779df-742b-4e6e-8179-6797623b8e0a
Jan 22 10:17:39.502350 np0005592324.novalocal cinder-volume[184862]: DEBUG oslo_concurrency.processutils [None req-5bad4bb6-4bac-4e7b-9d43-7df015443a2f tempest-VolumesSnapshotListTestJSON-1986485250 None] CMD "sudo cinder-rootwrap /etc/cinder/rootwrap.conf env LC_ALL=C lvcreate --name _snapshot-c7dd8457-1573-49fd-bdc4-1a73db1fbe88 --snapshot stack-volumes-lvmdriver-1/volume-85d779df-742b-4e6e-8179-6797623b8e0a" returned: 0 in 0.404s {{(pid=184862) execute /usr/local/lib/python3.12/site-packages/oslo_concurrency/processutils.py:372}}
Jan 22 10:17:39.523241 np0005592324.novalocal cinder-volume[184862]: INFO cinder.volume.manager [None req-5bad4bb6-4bac-4e7b-9d43-7df015443a2f tempest-VolumesSnapshotListTestJSON-1986485250 None] Create snapshot completed successfully
Jan 22 10:17:40.216534 np0005592324.novalocal cinder-volume[184862]: DEBUG cinder.coordination [None req-24a2a3f0-373f-4d18-8094-40d3d107f5d2 tempest-VolumesSnapshotListTestJSON-1986485250 None] Acquiring lock "cinder-c7dd8457-1573-49fd-bdc4-1a73db1fbe88-delete_snapshot" by "delete_snapshot" {{(pid=184862) __acquire /opt/stack/cinder/cinder/coordination.py:143}}
Jan 22 10:17:40.225053 np0005592324.novalocal cinder-volume[184862]: DEBUG cinder.coordination [None req-24a2a3f0-373f-4d18-8094-40d3d107f5d2 tempest-VolumesSnapshotListTestJSON-1986485250 None] Lock "cinder-c7dd8457-1573-49fd-bdc4-1a73db1fbe88-delete_snapshot" acquired by "delete_snapshot" :: waited 0.008s {{(pid=184862) __acquire /opt/stack/cinder/cinder/coordination.py:146}}
Jan 22 10:17:40.228050 np0005592324.novalocal cinder-volume[184862]: DEBUG oslo_concurrency.processutils [None req-24a2a3f0-373f-4d18-8094-40d3d107f5d2 tempest-VolumesSnapshotListTestJSON-1986485250 None] Running cmd (subprocess): sudo cinder-rootwrap /etc/cinder/rootwrap.conf env LC_ALL=C lvs --noheadings --unit=g -o vg_name,name,size --nosuffix --readonly stack-volumes-lvmdriver-1/_snapshot-c7dd8457-1573-49fd-bdc4-1a73db1fbe88 {{(pid=184862) execute /usr/local/lib/python3.12/site-packages/oslo_concurrency/processutils.py:349}}
Jan 22 10:17:40.250596 np0005592324.novalocal sudo[214476]: stack : PWD=/ ; USER=root ; COMMAND=/usr/local/bin/cinder-rootwrap /etc/cinder/rootwrap.conf env LC_ALL=C lvs --noheadings --unit=g -o vg_name,name,size --nosuffix --readonly stack-volumes-lvmdriver-1/_snapshot-c7dd8457-1573-49fd-bdc4-1a73db1fbe88
Jan 22 10:17:40.600570 np0005592324.novalocal cinder-volume[184862]: DEBUG oslo_concurrency.processutils [None req-24a2a3f0-373f-4d18-8094-40d3d107f5d2 tempest-VolumesSnapshotListTestJSON-1986485250 None] CMD "sudo cinder-rootwrap /etc/cinder/rootwrap.conf env LC_ALL=C lvs --noheadings --unit=g -o vg_name,name,size --nosuffix --readonly stack-volumes-lvmdriver-1/_snapshot-c7dd8457-1573-49fd-bdc4-1a73db1fbe88" returned: 0 in 0.374s {{(pid=184862) execute /usr/local/lib/python3.12/site-packages/oslo_concurrency/processutils.py:372}}
Jan 22 10:17:40.602397 np0005592324.novalocal cinder-volume[184862]: DEBUG oslo_concurrency.processutils [None req-24a2a3f0-373f-4d18-8094-40d3d107f5d2 tempest-VolumesSnapshotListTestJSON-1986485250 None] Running cmd (subprocess): sudo cinder-rootwrap /etc/cinder/rootwrap.conf lvremove --config activation { retry_deactivation = 1} -f stack-volumes-lvmdriver-1/_snapshot-c7dd8457-1573-49fd-bdc4-1a73db1fbe88 {{(pid=184862) execute /usr/local/lib/python3.12/site-packages/oslo_concurrency/processutils.py:349}}
Jan 22 10:17:40.622575 np0005592324.novalocal sudo[214481]: stack : PWD=/ ; USER=root ; COMMAND=/usr/local/bin/cinder-rootwrap /etc/cinder/rootwrap.conf lvremove --config 'activation { retry_deactivation = 1} ' -f stack-volumes-lvmdriver-1/_snapshot-c7dd8457-1573-49fd-bdc4-1a73db1fbe88
Jan 22 10:17:41.039219 np0005592324.novalocal cinder-volume[184862]: DEBUG oslo_concurrency.processutils [None req-24a2a3f0-373f-4d18-8094-40d3d107f5d2 tempest-VolumesSnapshotListTestJSON-1986485250 None] CMD "sudo cinder-rootwrap /etc/cinder/rootwrap.conf lvremove --config activation { retry_deactivation = 1} -f stack-volumes-lvmdriver-1/_snapshot-c7dd8457-1573-49fd-bdc4-1a73db1fbe88" returned: 0 in 0.435s {{(pid=184862) execute /usr/local/lib/python3.12/site-packages/oslo_concurrency/processutils.py:372}}
Jan 22 10:17:41.081300 np0005592324.novalocal cinder-volume[184862]: DEBUG cinder.quota [None req-24a2a3f0-373f-4d18-8094-40d3d107f5d2 tempest-VolumesSnapshotListTestJSON-1986485250 None] Created reservations ['f0086880-1376-40ba-80e4-85e42cea40ba', '609046f0-8f64-4449-bc89-02d84d010c6a', '01506cd7-db66-4485-aa57-38659dede4c8', 'e8bf3449-fcc6-4f2a-aee2-5cd005d6538e'] {{(pid=184862) reserve /opt/stack/cinder/cinder/quota.py:752}}
Jan 22 10:17:41.110572 np0005592324.novalocal cinder-volume[184862]: INFO cinder.volume.manager [None req-24a2a3f0-373f-4d18-8094-40d3d107f5d2 tempest-VolumesSnapshotListTestJSON-1986485250 None] Delete snapshot completed successfully.
Jan 22 10:17:41.115444 np0005592324.novalocal cinder-volume[184862]: DEBUG cinder.coordination [None req-24a2a3f0-373f-4d18-8094-40d3d107f5d2 tempest-VolumesSnapshotListTestJSON-1986485250 None] Lock "cinder-c7dd8457-1573-49fd-bdc4-1a73db1fbe88-delete_snapshot" released by "delete_snapshot" :: held 0.890s {{(pid=184862) __release /opt/stack/cinder/cinder/coordination.py:157}}
Jan 22 10:17:41.319483 np0005592324.novalocal cinder-volume[184862]: DEBUG cinder.coordination [None req-55f9a860-a6d8-45b7-b3e1-e45fe4ff1766 tempest-VolumesSnapshotListTestJSON-1986485250 None] Acquiring lock "cinder-add3a2e3-c4a7-4bf0-977a-d064438109f4-delete_snapshot" by "delete_snapshot" {{(pid=184862) __acquire /opt/stack/cinder/cinder/coordination.py:143}}
Jan 22 10:17:41.324726 np0005592324.novalocal cinder-volume[184862]: DEBUG cinder.coordination [None req-55f9a860-a6d8-45b7-b3e1-e45fe4ff1766 tempest-VolumesSnapshotListTestJSON-1986485250 None] Lock "cinder-add3a2e3-c4a7-4bf0-977a-d064438109f4-delete_snapshot" acquired by "delete_snapshot" :: waited 0.006s {{(pid=184862) __acquire /opt/stack/cinder/cinder/coordination.py:146}}
Jan 22 10:17:41.325808 np0005592324.novalocal cinder-volume[184862]: DEBUG oslo_concurrency.processutils [None req-55f9a860-a6d8-45b7-b3e1-e45fe4ff1766 tempest-VolumesSnapshotListTestJSON-1986485250 None] Running cmd (subprocess): sudo cinder-rootwrap /etc/cinder/rootwrap.conf env LC_ALL=C lvs --noheadings --unit=g -o vg_name,name,size --nosuffix --readonly stack-volumes-lvmdriver-1/_snapshot-add3a2e3-c4a7-4bf0-977a-d064438109f4 {{(pid=184862) execute /usr/local/lib/python3.12/site-packages/oslo_concurrency/processutils.py:349}}
Jan 22 10:17:41.352933 np0005592324.novalocal sudo[214492]: stack : PWD=/ ; USER=root ; COMMAND=/usr/local/bin/cinder-rootwrap /etc/cinder/rootwrap.conf env LC_ALL=C lvs --noheadings --unit=g -o vg_name,name,size --nosuffix --readonly stack-volumes-lvmdriver-1/_snapshot-add3a2e3-c4a7-4bf0-977a-d064438109f4
Jan 22 10:17:41.768269 np0005592324.novalocal cinder-volume[184862]: DEBUG oslo_concurrency.processutils [None req-55f9a860-a6d8-45b7-b3e1-e45fe4ff1766 tempest-VolumesSnapshotListTestJSON-1986485250 None] CMD "sudo cinder-rootwrap /etc/cinder/rootwrap.conf env LC_ALL=C lvs --noheadings --unit=g -o vg_name,name,size --nosuffix --readonly stack-volumes-lvmdriver-1/_snapshot-add3a2e3-c4a7-4bf0-977a-d064438109f4" returned: 0 in 0.442s {{(pid=184862) execute /usr/local/lib/python3.12/site-packages/oslo_concurrency/processutils.py:372}}
Jan 22 10:17:41.769031 np0005592324.novalocal cinder-volume[184862]: DEBUG oslo_concurrency.processutils [None req-55f9a860-a6d8-45b7-b3e1-e45fe4ff1766 tempest-VolumesSnapshotListTestJSON-1986485250 None] Running cmd (subprocess): sudo cinder-rootwrap /etc/cinder/rootwrap.conf lvremove --config activation { retry_deactivation = 1} -f stack-volumes-lvmdriver-1/_snapshot-add3a2e3-c4a7-4bf0-977a-d064438109f4 {{(pid=184862) execute /usr/local/lib/python3.12/site-packages/oslo_concurrency/processutils.py:349}}
Jan 22 10:17:41.797315 np0005592324.novalocal sudo[214497]: stack : PWD=/ ; USER=root ; COMMAND=/usr/local/bin/cinder-rootwrap /etc/cinder/rootwrap.conf lvremove --config 'activation { retry_deactivation = 1} ' -f stack-volumes-lvmdriver-1/_snapshot-add3a2e3-c4a7-4bf0-977a-d064438109f4
Jan 22 10:17:42.170649 np0005592324.novalocal cinder-volume[184862]: DEBUG oslo_concurrency.processutils [None req-55f9a860-a6d8-45b7-b3e1-e45fe4ff1766 tempest-VolumesSnapshotListTestJSON-1986485250 None] CMD "sudo cinder-rootwrap /etc/cinder/rootwrap.conf lvremove --config activation { retry_deactivation = 1} -f stack-volumes-lvmdriver-1/_snapshot-add3a2e3-c4a7-4bf0-977a-d064438109f4" returned: 0 in 0.401s {{(pid=184862) execute /usr/local/lib/python3.12/site-packages/oslo_concurrency/processutils.py:372}}
Jan 22 10:17:42.202241 np0005592324.novalocal cinder-volume[184862]: DEBUG cinder.quota [None req-55f9a860-a6d8-45b7-b3e1-e45fe4ff1766 tempest-VolumesSnapshotListTestJSON-1986485250 None] Created reservations ['644484b1-47d8-4b9b-bf36-0fa157e14daa', '19ac2d10-2200-4dca-92b0-dbb12b9570ac', '71f89d11-3663-481e-9d8f-132be1a84fe5', 'b8c273a1-830b-4dde-b0f9-e6cf59bfd6a0'] {{(pid=184862) reserve /opt/stack/cinder/cinder/quota.py:752}}
Jan 22 10:17:42.219805 np0005592324.novalocal cinder-volume[184862]: INFO cinder.volume.manager [None req-55f9a860-a6d8-45b7-b3e1-e45fe4ff1766 tempest-VolumesSnapshotListTestJSON-1986485250 None] Delete snapshot completed successfully.
Jan 22 10:17:42.221643 np0005592324.novalocal cinder-volume[184862]: DEBUG cinder.coordination [None req-55f9a860-a6d8-45b7-b3e1-e45fe4ff1766 tempest-VolumesSnapshotListTestJSON-1986485250 None] Lock "cinder-add3a2e3-c4a7-4bf0-977a-d064438109f4-delete_snapshot" released by "delete_snapshot" :: held 0.897s {{(pid=184862) __release /opt/stack/cinder/cinder/coordination.py:157}}
Jan 22 10:17:42.401351 np0005592324.novalocal cinder-volume[184862]: DEBUG cinder.coordination [None req-c8bb5c47-7d4f-499e-bc2c-0aee61031cf4 tempest-VolumesSnapshotListTestJSON-1986485250 None] Acquiring lock "cinder-efc6de40-facb-4668-a2fc-a34fc9ac9485-delete_snapshot" by "delete_snapshot" {{(pid=184862) __acquire /opt/stack/cinder/cinder/coordination.py:143}}
Jan 22 10:17:42.406782 np0005592324.novalocal cinder-volume[184862]: DEBUG cinder.coordination [None req-c8bb5c47-7d4f-499e-bc2c-0aee61031cf4 tempest-VolumesSnapshotListTestJSON-1986485250 None] Lock "cinder-efc6de40-facb-4668-a2fc-a34fc9ac9485-delete_snapshot" acquired by "delete_snapshot" :: waited 0.005s {{(pid=184862) __acquire /opt/stack/cinder/cinder/coordination.py:146}}
Jan 22 10:17:42.407924 np0005592324.novalocal cinder-volume[184862]: DEBUG oslo_concurrency.processutils [None req-c8bb5c47-7d4f-499e-bc2c-0aee61031cf4 tempest-VolumesSnapshotListTestJSON-1986485250 None] Running cmd (subprocess): sudo cinder-rootwrap /etc/cinder/rootwrap.conf env LC_ALL=C lvs --noheadings --unit=g -o vg_name,name,size --nosuffix --readonly stack-volumes-lvmdriver-1/_snapshot-efc6de40-facb-4668-a2fc-a34fc9ac9485 {{(pid=184862) execute /usr/local/lib/python3.12/site-packages/oslo_concurrency/processutils.py:349}}
Jan 22 10:17:42.433637 np0005592324.novalocal sudo[214504]: stack : PWD=/ ; USER=root ; COMMAND=/usr/local/bin/cinder-rootwrap /etc/cinder/rootwrap.conf env LC_ALL=C lvs --noheadings --unit=g -o vg_name,name,size --nosuffix --readonly stack-volumes-lvmdriver-1/_snapshot-efc6de40-facb-4668-a2fc-a34fc9ac9485
Jan 22 10:17:42.869449 np0005592324.novalocal cinder-volume[184862]: DEBUG oslo_concurrency.processutils [None req-c8bb5c47-7d4f-499e-bc2c-0aee61031cf4 tempest-VolumesSnapshotListTestJSON-1986485250 None] CMD "sudo cinder-rootwrap /etc/cinder/rootwrap.conf env LC_ALL=C lvs --noheadings --unit=g -o vg_name,name,size --nosuffix --readonly stack-volumes-lvmdriver-1/_snapshot-efc6de40-facb-4668-a2fc-a34fc9ac9485" returned: 0 in 0.457s {{(pid=184862) execute /usr/local/lib/python3.12/site-packages/oslo_concurrency/processutils.py:372}}
Jan 22 10:17:42.870495 np0005592324.novalocal cinder-volume[184862]: DEBUG oslo_concurrency.processutils [None req-c8bb5c47-7d4f-499e-bc2c-0aee61031cf4 tempest-VolumesSnapshotListTestJSON-1986485250 None] Running cmd (subprocess): sudo cinder-rootwrap /etc/cinder/rootwrap.conf lvremove --config activation { retry_deactivation = 1} -f stack-volumes-lvmdriver-1/_snapshot-efc6de40-facb-4668-a2fc-a34fc9ac9485 {{(pid=184862) execute /usr/local/lib/python3.12/site-packages/oslo_concurrency/processutils.py:349}}
Jan 22 10:17:42.895482 np0005592324.novalocal sudo[214510]: stack : PWD=/ ; USER=root ; COMMAND=/usr/local/bin/cinder-rootwrap /etc/cinder/rootwrap.conf lvremove --config 'activation { retry_deactivation = 1} ' -f stack-volumes-lvmdriver-1/_snapshot-efc6de40-facb-4668-a2fc-a34fc9ac9485
Jan 22 10:17:43.261290 np0005592324.novalocal cinder-volume[184862]: DEBUG oslo_concurrency.processutils [None req-c8bb5c47-7d4f-499e-bc2c-0aee61031cf4 tempest-VolumesSnapshotListTestJSON-1986485250 None] CMD "sudo cinder-rootwrap /etc/cinder/rootwrap.conf lvremove --config activation { retry_deactivation = 1} -f stack-volumes-lvmdriver-1/_snapshot-efc6de40-facb-4668-a2fc-a34fc9ac9485" returned: 0 in 0.390s {{(pid=184862) execute /usr/local/lib/python3.12/site-packages/oslo_concurrency/processutils.py:372}}
Jan 22 10:17:43.298627 np0005592324.novalocal cinder-volume[184862]: DEBUG cinder.quota [None req-c8bb5c47-7d4f-499e-bc2c-0aee61031cf4 tempest-VolumesSnapshotListTestJSON-1986485250 None] Created reservations ['554a008a-65ab-4994-b100-0d899e7de3b0', 'a99e3412-d897-4ac0-9e1b-471f8d03e454', 'ddb3be8c-5c88-4a42-b628-93b3211f46be', '66929e15-b000-4270-abd4-5e4ae92ac749'] {{(pid=184862) reserve /opt/stack/cinder/cinder/quota.py:752}}
Jan 22 10:17:43.327111 np0005592324.novalocal cinder-volume[184862]: INFO cinder.volume.manager [None req-c8bb5c47-7d4f-499e-bc2c-0aee61031cf4 tempest-VolumesSnapshotListTestJSON-1986485250 None] Delete snapshot completed successfully.
Jan 22 10:17:43.329801 np0005592324.novalocal cinder-volume[184862]: DEBUG cinder.coordination [None req-c8bb5c47-7d4f-499e-bc2c-0aee61031cf4 tempest-VolumesSnapshotListTestJSON-1986485250 None] Lock "cinder-efc6de40-facb-4668-a2fc-a34fc9ac9485-delete_snapshot" released by "delete_snapshot" :: held 0.923s {{(pid=184862) __release /opt/stack/cinder/cinder/coordination.py:157}}
Jan 22 10:17:43.524236 np0005592324.novalocal cinder-volume[184862]: DEBUG cinder.coordination [None req-83430662-e60f-4e76-8be6-05741aaf1ca0 tempest-VolumesSnapshotListTestJSON-1986485250 None] Acquiring lock "cinder-85d779df-742b-4e6e-8179-6797623b8e0a-delete_volume" by "delete_volume" {{(pid=184862) __acquire /opt/stack/cinder/cinder/coordination.py:143}}
Jan 22 10:17:43.535633 np0005592324.novalocal cinder-volume[184862]: DEBUG cinder.coordination [None req-83430662-e60f-4e76-8be6-05741aaf1ca0 tempest-VolumesSnapshotListTestJSON-1986485250 None] Lock "cinder-85d779df-742b-4e6e-8179-6797623b8e0a-delete_volume" acquired by "delete_volume" :: waited 0.012s {{(pid=184862) __acquire /opt/stack/cinder/cinder/coordination.py:146}}
Jan 22 10:17:43.560229 np0005592324.novalocal cinder-volume[184862]: INFO cinder.volume.targets.iscsi [None req-83430662-e60f-4e76-8be6-05741aaf1ca0 tempest-VolumesSnapshotListTestJSON-1986485250 None] Skipping remove_export. No iscsi_target is presently exported for volume: 85d779df-742b-4e6e-8179-6797623b8e0a
Jan 22 10:17:43.560373 np0005592324.novalocal cinder-volume[184862]: DEBUG oslo_concurrency.processutils [None req-83430662-e60f-4e76-8be6-05741aaf1ca0 tempest-VolumesSnapshotListTestJSON-1986485250 None] Running cmd (subprocess): sudo cinder-rootwrap /etc/cinder/rootwrap.conf env LC_ALL=C lvs --noheadings --unit=g -o vg_name,name,size --nosuffix --readonly stack-volumes-lvmdriver-1/volume-85d779df-742b-4e6e-8179-6797623b8e0a {{(pid=184862) execute /usr/local/lib/python3.12/site-packages/oslo_concurrency/processutils.py:349}}
Jan 22 10:17:43.581805 np0005592324.novalocal sudo[214557]: stack : PWD=/ ; USER=root ; COMMAND=/usr/local/bin/cinder-rootwrap /etc/cinder/rootwrap.conf env LC_ALL=C lvs --noheadings --unit=g -o vg_name,name,size --nosuffix --readonly stack-volumes-lvmdriver-1/volume-85d779df-742b-4e6e-8179-6797623b8e0a
Jan 22 10:17:43.923473 np0005592324.novalocal cinder-volume[184862]: DEBUG oslo_concurrency.processutils [None req-83430662-e60f-4e76-8be6-05741aaf1ca0 tempest-VolumesSnapshotListTestJSON-1986485250 None] CMD "sudo cinder-rootwrap /etc/cinder/rootwrap.conf env LC_ALL=C lvs --noheadings --unit=g -o vg_name,name,size --nosuffix --readonly stack-volumes-lvmdriver-1/volume-85d779df-742b-4e6e-8179-6797623b8e0a" returned: 0 in 0.362s {{(pid=184862) execute /usr/local/lib/python3.12/site-packages/oslo_concurrency/processutils.py:372}}
Jan 22 10:17:43.924155 np0005592324.novalocal cinder-volume[184862]: DEBUG oslo_concurrency.processutils [None req-83430662-e60f-4e76-8be6-05741aaf1ca0 tempest-VolumesSnapshotListTestJSON-1986485250 None] Running cmd (subprocess): sudo cinder-rootwrap /etc/cinder/rootwrap.conf env LC_ALL=C lvdisplay --noheading -C -o Attr --readonly stack-volumes-lvmdriver-1/volume-85d779df-742b-4e6e-8179-6797623b8e0a {{(pid=184862) execute /usr/local/lib/python3.12/site-packages/oslo_concurrency/processutils.py:349}}
Jan 22 10:17:43.941097 np0005592324.novalocal sudo[214563]: stack : PWD=/ ; USER=root ; COMMAND=/usr/local/bin/cinder-rootwrap /etc/cinder/rootwrap.conf env LC_ALL=C lvdisplay --noheading -C -o Attr --readonly stack-volumes-lvmdriver-1/volume-85d779df-742b-4e6e-8179-6797623b8e0a
Jan 22 10:17:44.252615 np0005592324.novalocal cinder-volume[184862]: DEBUG oslo_concurrency.processutils [None req-83430662-e60f-4e76-8be6-05741aaf1ca0 tempest-VolumesSnapshotListTestJSON-1986485250 None] CMD "sudo cinder-rootwrap /etc/cinder/rootwrap.conf env LC_ALL=C lvdisplay --noheading -C -o Attr --readonly stack-volumes-lvmdriver-1/volume-85d779df-742b-4e6e-8179-6797623b8e0a" returned: 0 in 0.326s {{(pid=184862) execute /usr/local/lib/python3.12/site-packages/oslo_concurrency/processutils.py:372}}
