Jan 22 10:15:05.910044 np0005592324.novalocal cinder-volume[184862]: DEBUG oslo_concurrency.processutils [None req-981453ec-37d4-4da2-bc60-0bd04d290c7a tempest-VolumesBackupsTest-1493266278 None] CMD "sudo cinder-rootwrap /etc/cinder/rootwrap.conf env LC_ALL=C lvs --noheadings --unit=g -o vg_name,name,size --nosuffix --readonly stack-volumes-lvmdriver-1/volume-827bf9e8-8d8d-4ddd-aa8a-1536bcb62623" returned: 0 in 0.379s {{(pid=184862) execute /usr/local/lib/python3.12/site-packages/oslo_concurrency/processutils.py:372}}
Jan 22 10:15:05.910676 np0005592324.novalocal cinder-volume[184862]: DEBUG oslo_concurrency.processutils [None req-981453ec-37d4-4da2-bc60-0bd04d290c7a tempest-VolumesBackupsTest-1493266278 None] Running cmd (subprocess): sudo cinder-rootwrap /etc/cinder/rootwrap.conf env LC_ALL=C lvdisplay --noheading -C -o Attr --readonly stack-volumes-lvmdriver-1/volume-827bf9e8-8d8d-4ddd-aa8a-1536bcb62623 {{(pid=184862) execute /usr/local/lib/python3.12/site-packages/oslo_concurrency/processutils.py:349}}
Jan 22 10:15:05.930795 np0005592324.novalocal sudo[210712]: stack : PWD=/ ; USER=root ; COMMAND=/usr/local/bin/cinder-rootwrap /etc/cinder/rootwrap.conf env LC_ALL=C lvdisplay --noheading -C -o Attr --readonly stack-volumes-lvmdriver-1/volume-827bf9e8-8d8d-4ddd-aa8a-1536bcb62623
Jan 22 10:15:06.311070 np0005592324.novalocal cinder-volume[184862]: DEBUG oslo_concurrency.processutils [None req-981453ec-37d4-4da2-bc60-0bd04d290c7a tempest-VolumesBackupsTest-1493266278 None] CMD "sudo cinder-rootwrap /etc/cinder/rootwrap.conf env LC_ALL=C lvdisplay --noheading -C -o Attr --readonly stack-volumes-lvmdriver-1/volume-827bf9e8-8d8d-4ddd-aa8a-1536bcb62623" returned: 0 in 0.400s {{(pid=184862) execute /usr/local/lib/python3.12/site-packages/oslo_concurrency/processutils.py:372}}
Jan 22 10:15:06.311804 np0005592324.novalocal cinder-volume[184862]: DEBUG oslo_concurrency.processutils [None req-981453ec-37d4-4da2-bc60-0bd04d290c7a tempest-VolumesBackupsTest-1493266278 None] Running cmd (subprocess): sudo cinder-rootwrap /etc/cinder/rootwrap.conf lvremove --config activation { retry_deactivation = 1} -f stack-volumes-lvmdriver-1/volume-827bf9e8-8d8d-4ddd-aa8a-1536bcb62623 {{(pid=184862) execute /usr/local/lib/python3.12/site-packages/oslo_concurrency/processutils.py:349}}
Jan 22 10:15:06.327967 np0005592324.novalocal sudo[210717]: stack : PWD=/ ; USER=root ; COMMAND=/usr/local/bin/cinder-rootwrap /etc/cinder/rootwrap.conf lvremove --config 'activation { retry_deactivation = 1} ' -f stack-volumes-lvmdriver-1/volume-827bf9e8-8d8d-4ddd-aa8a-1536bcb62623
Jan 22 10:15:06.743910 np0005592324.novalocal cinder-volume[184862]: DEBUG oslo_concurrency.processutils [None req-981453ec-37d4-4da2-bc60-0bd04d290c7a tempest-VolumesBackupsTest-1493266278 None] CMD "sudo cinder-rootwrap /etc/cinder/rootwrap.conf lvremove --config activation { retry_deactivation = 1} -f stack-volumes-lvmdriver-1/volume-827bf9e8-8d8d-4ddd-aa8a-1536bcb62623" returned: 0 in 0.432s {{(pid=184862) execute /usr/local/lib/python3.12/site-packages/oslo_concurrency/processutils.py:372}}
Jan 22 10:15:06.744594 np0005592324.novalocal cinder-volume[184862]: INFO cinder.volume.drivers.lvm [None req-981453ec-37d4-4da2-bc60-0bd04d290c7a tempest-VolumesBackupsTest-1493266278 None] Successfully deleted volume: 827bf9e8-8d8d-4ddd-aa8a-1536bcb62623
Jan 22 10:15:06.763792 np0005592324.novalocal cinder-volume[184862]: DEBUG cinder.quota [None req-981453ec-37d4-4da2-bc60-0bd04d290c7a tempest-VolumesBackupsTest-1493266278 None] Created reservations ['f8e6d0d0-9743-4d52-b48b-29b6056161ba', 'b099ace1-307f-4848-aadb-79c84489e5b0', 'ea5ea577-42d6-4471-9865-5e0578e113e1', '5b6fdf81-e501-40c0-900b-1c61bf277c4a'] {{(pid=184862) reserve /opt/stack/cinder/cinder/quota.py:752}}
Jan 22 10:15:06.793925 np0005592324.novalocal cinder-volume[184862]: DEBUG cinder.volume.drivers.lvm [None req-981453ec-37d4-4da2-bc60-0bd04d290c7a tempest-VolumesBackupsTest-1493266278 None] Updating volume stats {{(pid=184862) _update_volume_stats /opt/stack/cinder/cinder/volume/drivers/lvm.py:228}}
Jan 22 10:15:06.794355 np0005592324.novalocal cinder-volume[184862]: DEBUG oslo_concurrency.processutils [None req-981453ec-37d4-4da2-bc60-0bd04d290c7a tempest-VolumesBackupsTest-1493266278 None] Running cmd (subprocess): sudo cinder-rootwrap /etc/cinder/rootwrap.conf env LC_ALL=C vgs --noheadings --unit=g -o name,size,free,lv_count,uuid --separator : --nosuffix stack-volumes-lvmdriver-1 {{(pid=184862) execute /usr/local/lib/python3.12/site-packages/oslo_concurrency/processutils.py:349}}
Jan 22 10:15:06.819132 np0005592324.novalocal sudo[210726]: stack : PWD=/ ; USER=root ; COMMAND=/usr/local/bin/cinder-rootwrap /etc/cinder/rootwrap.conf env LC_ALL=C vgs --noheadings --unit=g -o name,size,free,lv_count,uuid --separator : --nosuffix stack-volumes-lvmdriver-1
Jan 22 10:15:07.251461 np0005592324.novalocal cinder-volume[184862]: DEBUG oslo_concurrency.processutils [None req-981453ec-37d4-4da2-bc60-0bd04d290c7a tempest-VolumesBackupsTest-1493266278 None] CMD "sudo cinder-rootwrap /etc/cinder/rootwrap.conf env LC_ALL=C vgs --noheadings --unit=g -o name,size,free,lv_count,uuid --separator : --nosuffix stack-volumes-lvmdriver-1" returned: 0 in 0.456s {{(pid=184862) execute /usr/local/lib/python3.12/site-packages/oslo_concurrency/processutils.py:372}}
Jan 22 10:15:07.251619 np0005592324.novalocal cinder-volume[184862]: DEBUG oslo_concurrency.processutils [None req-981453ec-37d4-4da2-bc60-0bd04d290c7a tempest-VolumesBackupsTest-1493266278 None] Running cmd (subprocess): sudo cinder-rootwrap /etc/cinder/rootwrap.conf env LC_ALL=C lvs --noheadings --unit=g -o vg_name,name,size --nosuffix --readonly stack-volumes-lvmdriver-1 {{(pid=184862) execute /usr/local/lib/python3.12/site-packages/oslo_concurrency/processutils.py:349}}
Jan 22 10:15:07.273884 np0005592324.novalocal sudo[210731]: stack : PWD=/ ; USER=root ; COMMAND=/usr/local/bin/cinder-rootwrap /etc/cinder/rootwrap.conf env LC_ALL=C lvs --noheadings --unit=g -o vg_name,name,size --nosuffix --readonly stack-volumes-lvmdriver-1
Jan 22 10:15:07.300140 np0005592324.novalocal cinder-volume[184862]: DEBUG cinder.volume.flows.manager.create_volume [None req-d7aaa18c-fdfc-460b-88bb-72e98549a543 tempest-VolumesBackupsTest-1493266278 None] Volume reschedule parameters: True retry: {'num_attempts': 1, 'backends': ['np0005592324.novalocal@lvmdriver-1#lvmdriver-1'], 'hosts': ['np0005592324.novalocal@lvmdriver-1#lvmdriver-1']} {{(pid=184862) get_flow /opt/stack/cinder/cinder/volume/flows/manager/create_volume.py:1388}}
Jan 22 10:15:07.315000 np0005592324.novalocal cinder-volume[184862]: DEBUG cinder.volume.manager [None req-d7aaa18c-fdfc-460b-88bb-72e98549a543 tempest-VolumesBackupsTest-1493266278 None] Flow 'volume_create_manager' (bd2500bc-f84a-4f51-850b-566700bff562) transitioned into state 'RUNNING' from state 'PENDING' {{(pid=184862) _flow_receiver /usr/local/lib/python3.12/site-packages/taskflow/listeners/logging.py:145}}
Jan 22 10:15:07.317634 np0005592324.novalocal cinder-volume[184862]: DEBUG cinder.volume.manager [None req-d7aaa18c-fdfc-460b-88bb-72e98549a543 tempest-VolumesBackupsTest-1493266278 None] Task 'cinder.volume.flows.manager.create_volume.ExtractVolumeRefTask;volume:create' (74801077-55c5-4a48-a5d6-71fa9fa28867) transitioned into state 'RUNNING' from state 'PENDING' {{(pid=184862) _task_receiver /usr/local/lib/python3.12/site-packages/taskflow/listeners/logging.py:194}}
Jan 22 10:15:07.326480 np0005592324.novalocal cinder-volume[184862]: DEBUG cinder.volume.manager [None req-d7aaa18c-fdfc-460b-88bb-72e98549a543 tempest-VolumesBackupsTest-1493266278 None] Task 'cinder.volume.flows.manager.create_volume.ExtractVolumeRefTask;volume:create' (74801077-55c5-4a48-a5d6-71fa9fa28867) transitioned into state 'SUCCESS' from state 'RUNNING' with result 'Volume(_name_id=None,admin_metadata=,attach_status='detached',availability_zone='nova',bootable=False,cluster=,cluster_name=None,consistencygroup=,consistencygroup_id=None,created_at=2026-01-22T15:15:07Z,deleted=False,deleted_at=None,display_description=None,display_name='tempest-VolumesBackupsTest-Volume-1220743166',ec2_id=None,encryption_key_id=None,glance_metadata=,group=,group_id=None,host='np0005592324.novalocal@lvmdriver-1#lvmdriver-1',id=650b26c3-82c3-4591-8e3b-0cdf389cd2c0,launched_at=None,metadata={},migration_status=None,multiattach=False,previous_status=None,project_id='1178790fcc384abba0a95686179e62ac',provider_auth=None,provider_geometry=None,provider_id=None,provider_location=None,replication_driver_data=None,replication_extended_status=None,replication_status=None,scheduled_at=2026-01-22T15:15:07Z,service_uuid=None,shared_targets=True,size=1,snapshot_id=None,snapshots=,source_volid=None,status='creating',terminated_at=None,updated_at=2026-01-22T15:15:07Z,use_quota=True,user_id='c031881c9045429093b7671291d76472',volume_attachment=VolumeAttachmentList,volume_type=VolumeType(d32eda9a-7ff9-443b-adbb-d3691c157d72),volume_type_id=d32eda9a-7ff9-443b-adbb-d3691c157d72)' {{(pid=184862) _task_receiver /usr/local/lib/python3.12/site-packages/taskflow/listeners/logging.py:182}}
Jan 22 10:15:07.328502 np0005592324.novalocal cinder-volume[184862]: DEBUG cinder.volume.manager [None req-d7aaa18c-fdfc-460b-88bb-72e98549a543 tempest-VolumesBackupsTest-1493266278 None] Task 'cinder.volume.flows.manager.create_volume.OnFailureRescheduleTask;volume:create' (39e7ba4e-40ba-45a4-8542-a2e5977041ea) transitioned into state 'RUNNING' from state 'PENDING' {{(pid=184862) _task_receiver /usr/local/lib/python3.12/site-packages/taskflow/listeners/logging.py:194}}
Jan 22 10:15:07.330235 np0005592324.novalocal cinder-volume[184862]: DEBUG cinder.volume.manager [None req-d7aaa18c-fdfc-460b-88bb-72e98549a543 tempest-VolumesBackupsTest-1493266278 None] Task 'cinder.volume.flows.manager.create_volume.OnFailureRescheduleTask;volume:create' (39e7ba4e-40ba-45a4-8542-a2e5977041ea) transitioned into state 'SUCCESS' from state 'RUNNING' with result 'None' {{(pid=184862) _task_receiver /usr/local/lib/python3.12/site-packages/taskflow/listeners/logging.py:182}}
Jan 22 10:15:07.332607 np0005592324.novalocal cinder-volume[184862]: DEBUG cinder.volume.manager [None req-d7aaa18c-fdfc-460b-88bb-72e98549a543 tempest-VolumesBackupsTest-1493266278 None] Task 'cinder.volume.flows.manager.create_volume.ExtractVolumeSpecTask;volume:create' (c52b3562-69d3-4552-b91f-0fa3a968dee9) transitioned into state 'RUNNING' from state 'PENDING' {{(pid=184862) _task_receiver /usr/local/lib/python3.12/site-packages/taskflow/listeners/logging.py:194}}
Jan 22 10:15:07.334597 np0005592324.novalocal cinder-volume[184862]: DEBUG cinder.volume.manager [None req-d7aaa18c-fdfc-460b-88bb-72e98549a543 tempest-VolumesBackupsTest-1493266278 None] Task 'cinder.volume.flows.manager.create_volume.ExtractVolumeSpecTask;volume:create' (c52b3562-69d3-4552-b91f-0fa3a968dee9) transitioned into state 'SUCCESS' from state 'RUNNING' with result '{'status': 'creating', 'type': 'raw', 'volume_id': '650b26c3-82c3-4591-8e3b-0cdf389cd2c0', 'volume_name': 'volume-650b26c3-82c3-4591-8e3b-0cdf389cd2c0', 'volume_size': 1}' {{(pid=184862) _task_receiver /usr/local/lib/python3.12/site-packages/taskflow/listeners/logging.py:182}}
Jan 22 10:15:07.336600 np0005592324.novalocal cinder-volume[184862]: DEBUG cinder.volume.manager [None req-d7aaa18c-fdfc-460b-88bb-72e98549a543 tempest-VolumesBackupsTest-1493266278 None] Task 'cinder.volume.flows.manager.create_volume.NotifyVolumeActionTask;volume:create, create.start' (da4e9d07-bed3-4e4b-9ed8-3b033780a2db) transitioned into state 'RUNNING' from state 'PENDING' {{(pid=184862) _task_receiver /usr/local/lib/python3.12/site-packages/taskflow/listeners/logging.py:194}}
Jan 22 10:15:07.338395 np0005592324.novalocal cinder-volume[184862]: DEBUG cinder.volume.manager [None req-d7aaa18c-fdfc-460b-88bb-72e98549a543 tempest-VolumesBackupsTest-1493266278 None] Task 'cinder.volume.flows.manager.create_volume.NotifyVolumeActionTask;volume:create, create.start' (da4e9d07-bed3-4e4b-9ed8-3b033780a2db) transitioned into state 'SUCCESS' from state 'RUNNING' with result 'None' {{(pid=184862) _task_receiver /usr/local/lib/python3.12/site-packages/taskflow/listeners/logging.py:182}}
Jan 22 10:15:07.340183 np0005592324.novalocal cinder-volume[184862]: DEBUG cinder.volume.manager [None req-d7aaa18c-fdfc-460b-88bb-72e98549a543 tempest-VolumesBackupsTest-1493266278 None] Task 'cinder.volume.flows.manager.create_volume.CreateVolumeFromSpecTask;volume:create' (86af9fa0-9588-4830-b04c-0d4964910793) transitioned into state 'RUNNING' from state 'PENDING' {{(pid=184862) _task_receiver /usr/local/lib/python3.12/site-packages/taskflow/listeners/logging.py:194}}
Jan 22 10:15:07.340663 np0005592324.novalocal cinder-volume[184862]: INFO cinder.volume.flows.manager.create_volume [None req-d7aaa18c-fdfc-460b-88bb-72e98549a543 tempest-VolumesBackupsTest-1493266278 None] Volume 650b26c3-82c3-4591-8e3b-0cdf389cd2c0: being created as raw with specification: {'status': 'creating', 'volume_name': 'volume-650b26c3-82c3-4591-8e3b-0cdf389cd2c0', 'volume_size': 1}
Jan 22 10:15:07.341300 np0005592324.novalocal cinder-volume[184862]: DEBUG oslo_concurrency.processutils [None req-d7aaa18c-fdfc-460b-88bb-72e98549a543 tempest-VolumesBackupsTest-1493266278 None] Running cmd (subprocess): sudo cinder-rootwrap /etc/cinder/rootwrap.conf env LC_ALL=C lvcreate -T -V 1g -n volume-650b26c3-82c3-4591-8e3b-0cdf389cd2c0 stack-volumes-lvmdriver-1/stack-volumes-lvmdriver-1-pool {{(pid=184862) execute /usr/local/lib/python3.12/site-packages/oslo_concurrency/processutils.py:349}}
Jan 22 10:15:07.364097 np0005592324.novalocal sudo[210734]: stack : PWD=/ ; USER=root ; COMMAND=/usr/local/bin/cinder-rootwrap /etc/cinder/rootwrap.conf env LC_ALL=C lvcreate -T -V 1g -n volume-650b26c3-82c3-4591-8e3b-0cdf389cd2c0 stack-volumes-lvmdriver-1/stack-volumes-lvmdriver-1-pool
Jan 22 10:15:07.693132 np0005592324.novalocal cinder-volume[184862]: DEBUG oslo_concurrency.processutils [None req-981453ec-37d4-4da2-bc60-0bd04d290c7a tempest-VolumesBackupsTest-1493266278 None] CMD "sudo cinder-rootwrap /etc/cinder/rootwrap.conf env LC_ALL=C lvs --noheadings --unit=g -o vg_name,name,size --nosuffix --readonly stack-volumes-lvmdriver-1" returned: 0 in 0.441s {{(pid=184862) execute /usr/local/lib/python3.12/site-packages/oslo_concurrency/processutils.py:372}}
Jan 22 10:15:07.694250 np0005592324.novalocal cinder-volume[184862]: DEBUG oslo_concurrency.processutils [None req-981453ec-37d4-4da2-bc60-0bd04d290c7a tempest-VolumesBackupsTest-1493266278 None] Running cmd (subprocess): sudo cinder-rootwrap /etc/cinder/rootwrap.conf env LC_ALL=C lvs --noheadings --unit=g -o size,data_percent --separator : --nosuffix /dev/stack-volumes-lvmdriver-1/stack-volumes-lvmdriver-1-pool {{(pid=184862) execute /usr/local/lib/python3.12/site-packages/oslo_concurrency/processutils.py:349}}
Jan 22 10:15:07.713187 np0005592324.novalocal sudo[210746]: stack : PWD=/ ; USER=root ; COMMAND=/usr/local/bin/cinder-rootwrap /etc/cinder/rootwrap.conf env LC_ALL=C lvs --noheadings --unit=g -o size,data_percent --separator : --nosuffix /dev/stack-volumes-lvmdriver-1/stack-volumes-lvmdriver-1-pool
Jan 22 10:15:07.766579 np0005592324.novalocal cinder-volume[184862]: DEBUG oslo_concurrency.processutils [None req-d7aaa18c-fdfc-460b-88bb-72e98549a543 tempest-VolumesBackupsTest-1493266278 None] CMD "sudo cinder-rootwrap /etc/cinder/rootwrap.conf env LC_ALL=C lvcreate -T -V 1g -n volume-650b26c3-82c3-4591-8e3b-0cdf389cd2c0 stack-volumes-lvmdriver-1/stack-volumes-lvmdriver-1-pool" returned: 0 in 0.424s {{(pid=184862) execute /usr/local/lib/python3.12/site-packages/oslo_concurrency/processutils.py:372}}
Jan 22 10:15:07.770924 np0005592324.novalocal cinder-volume[184862]: DEBUG cinder.volume.manager [None req-d7aaa18c-fdfc-460b-88bb-72e98549a543 tempest-VolumesBackupsTest-1493266278 None] Task 'cinder.volume.flows.manager.create_volume.CreateVolumeFromSpecTask;volume:create' (86af9fa0-9588-4830-b04c-0d4964910793) transitioned into state 'SUCCESS' from state 'RUNNING' with result '{'status': 'creating', 'volume_name': 'volume-650b26c3-82c3-4591-8e3b-0cdf389cd2c0', 'volume_size': 1}' {{(pid=184862) _task_receiver /usr/local/lib/python3.12/site-packages/taskflow/listeners/logging.py:182}}
Jan 22 10:15:07.772693 np0005592324.novalocal cinder-volume[184862]: DEBUG cinder.volume.manager [None req-d7aaa18c-fdfc-460b-88bb-72e98549a543 tempest-VolumesBackupsTest-1493266278 None] Task 'cinder.volume.flows.manager.create_volume.CreateVolumeOnFinishTask;volume:create, create.end' (3900370c-fbdd-4b28-9724-dab2758dd91a) transitioned into state 'RUNNING' from state 'PENDING' {{(pid=184862) _task_receiver /usr/local/lib/python3.12/site-packages/taskflow/listeners/logging.py:194}}
Jan 22 10:15:07.781242 np0005592324.novalocal cinder-volume[184862]: INFO cinder.volume.flows.manager.create_volume [None req-d7aaa18c-fdfc-460b-88bb-72e98549a543 tempest-VolumesBackupsTest-1493266278 None] Volume volume-650b26c3-82c3-4591-8e3b-0cdf389cd2c0 (650b26c3-82c3-4591-8e3b-0cdf389cd2c0): created successfully
Jan 22 10:15:07.783649 np0005592324.novalocal cinder-volume[184862]: DEBUG cinder.volume.manager [None req-d7aaa18c-fdfc-460b-88bb-72e98549a543 tempest-VolumesBackupsTest-1493266278 None] Task 'cinder.volume.flows.manager.create_volume.CreateVolumeOnFinishTask;volume:create, create.end' (3900370c-fbdd-4b28-9724-dab2758dd91a) transitioned into state 'SUCCESS' from state 'RUNNING' with result 'None' {{(pid=184862) _task_receiver /usr/local/lib/python3.12/site-packages/taskflow/listeners/logging.py:182}}
Jan 22 10:15:07.786680 np0005592324.novalocal cinder-volume[184862]: DEBUG cinder.volume.manager [None req-d7aaa18c-fdfc-460b-88bb-72e98549a543 tempest-VolumesBackupsTest-1493266278 None] Flow 'volume_create_manager' (bd2500bc-f84a-4f51-850b-566700bff562) transitioned into state 'SUCCESS' from state 'RUNNING' {{(pid=184862) _flow_receiver /usr/local/lib/python3.12/site-packages/taskflow/listeners/logging.py:145}}
Jan 22 10:15:07.795873 np0005592324.novalocal cinder-volume[184862]: INFO cinder.volume.manager [None req-d7aaa18c-fdfc-460b-88bb-72e98549a543 tempest-VolumesBackupsTest-1493266278 None] Created volume successfully.
Jan 22 10:15:08.088196 np0005592324.novalocal cinder-volume[184862]: DEBUG oslo_concurrency.processutils [None req-981453ec-37d4-4da2-bc60-0bd04d290c7a tempest-VolumesBackupsTest-1493266278 None] CMD "sudo cinder-rootwrap /etc/cinder/rootwrap.conf env LC_ALL=C lvs --noheadings --unit=g -o size,data_percent --separator : --nosuffix /dev/stack-volumes-lvmdriver-1/stack-volumes-lvmdriver-1-pool" returned: 0 in 0.394s {{(pid=184862) execute /usr/local/lib/python3.12/site-packages/oslo_concurrency/processutils.py:372}}
Jan 22 10:15:08.088905 np0005592324.novalocal cinder-volume[184862]: DEBUG oslo_concurrency.processutils [None req-981453ec-37d4-4da2-bc60-0bd04d290c7a tempest-VolumesBackupsTest-1493266278 None] Running cmd (subprocess): sudo cinder-rootwrap /etc/cinder/rootwrap.conf env LC_ALL=C lvs --noheadings --unit=g -o vg_name,name,size --nosuffix --readonly stack-volumes-lvmdriver-1 {{(pid=184862) execute /usr/local/lib/python3.12/site-packages/oslo_concurrency/processutils.py:349}}
Jan 22 10:15:08.114440 np0005592324.novalocal sudo[210764]: stack : PWD=/ ; USER=root ; COMMAND=/usr/local/bin/cinder-rootwrap /etc/cinder/rootwrap.conf env LC_ALL=C lvs --noheadings --unit=g -o vg_name,name,size --nosuffix --readonly stack-volumes-lvmdriver-1
Jan 22 10:15:08.483594 np0005592324.novalocal cinder-volume[184862]: DEBUG oslo_concurrency.processutils [None req-981453ec-37d4-4da2-bc60-0bd04d290c7a tempest-VolumesBackupsTest-1493266278 None] CMD "sudo cinder-rootwrap /etc/cinder/rootwrap.conf env LC_ALL=C lvs --noheadings --unit=g -o vg_name,name,size --nosuffix --readonly stack-volumes-lvmdriver-1" returned: 0 in 0.394s {{(pid=184862) execute /usr/local/lib/python3.12/site-packages/oslo_concurrency/processutils.py:372}}
Jan 22 10:15:08.485006 np0005592324.novalocal cinder-volume[184862]: DEBUG cinder.manager [None req-981453ec-37d4-4da2-bc60-0bd04d290c7a tempest-VolumesBackupsTest-1493266278 None] Notifying Schedulers of capabilities ... {{(pid=184862) _publish_service_capabilities /opt/stack/cinder/cinder/manager.py:202}}
Jan 22 10:15:08.494684 np0005592324.novalocal cinder-volume[184862]: INFO cinder.volume.manager [None req-981453ec-37d4-4da2-bc60-0bd04d290c7a tempest-VolumesBackupsTest-1493266278 None] Deleted volume successfully.
Jan 22 10:15:08.507316 np0005592324.novalocal cinder-volume[184862]: DEBUG cinder.coordination [None req-981453ec-37d4-4da2-bc60-0bd04d290c7a tempest-VolumesBackupsTest-1493266278 None] Lock "cinder-827bf9e8-8d8d-4ddd-aa8a-1536bcb62623-delete_volume" released by "delete_volume" :: held 3.538s {{(pid=184862) __release /opt/stack/cinder/cinder/coordination.py:157}}
Jan 22 10:15:17.790624 np0005592324.novalocal cinder-volume[184862]: DEBUG dbcounter [-] [184862] Writing DB stats cinder:SELECT=15,cinder:UPDATE=17,cinder:INSERT=3,cinder:DELETE=1 {{(pid=184862) stat_writer /usr/local/lib/python3.12/site-packages/dbcounter.py:115}}
Jan 22 10:15:18.501997 np0005592324.novalocal cinder-volume[184862]: DEBUG dbcounter [-] [184862] Writing DB stats cinder:SELECT=17,cinder:UPDATE=22,cinder:DELETE=3,cinder:INSERT=5 {{(pid=184862) stat_writer /usr/local/lib/python3.12/site-packages/dbcounter.py:115}}
Jan 22 10:15:33.751765 np0005592324.novalocal cinder-volume[184862]: DEBUG oslo_service.periodic_task [None req-502cd12d-0b09-4d59-8ed2-40ce75cff2e3 None None] Running periodic task VolumeManager.publish_service_capabilities {{(pid=184862) run_periodic_tasks /usr/local/lib/python3.12/site-packages/oslo_service/periodic_task.py:210}}
Jan 22 10:15:33.752134 np0005592324.novalocal cinder-volume[184862]: DEBUG cinder.volume.drivers.lvm [None req-502cd12d-0b09-4d59-8ed2-40ce75cff2e3 None None] Updating volume stats {{(pid=184862) _update_volume_stats /opt/stack/cinder/cinder/volume/drivers/lvm.py:228}}
Jan 22 10:15:33.752196 np0005592324.novalocal cinder-volume[184862]: DEBUG oslo_concurrency.processutils [None req-502cd12d-0b09-4d59-8ed2-40ce75cff2e3 None None] Running cmd (subprocess): sudo cinder-rootwrap /etc/cinder/rootwrap.conf env LC_ALL=C vgs --noheadings --unit=g -o name,size,free,lv_count,uuid --separator : --nosuffix stack-volumes-lvmdriver-1 {{(pid=184862) execute /usr/local/lib/python3.12/site-packages/oslo_concurrency/processutils.py:349}}
Jan 22 10:15:33.773180 np0005592324.novalocal sudo[211305]: stack : PWD=/ ; USER=root ; COMMAND=/usr/local/bin/cinder-rootwrap /etc/cinder/rootwrap.conf env LC_ALL=C vgs --noheadings --unit=g -o name,size,free,lv_count,uuid --separator : --nosuffix stack-volumes-lvmdriver-1
Jan 22 10:15:34.182468 np0005592324.novalocal cinder-volume[184862]: DEBUG oslo_concurrency.processutils [None req-502cd12d-0b09-4d59-8ed2-40ce75cff2e3 None None] CMD "sudo cinder-rootwrap /etc/cinder/rootwrap.conf env LC_ALL=C vgs --noheadings --unit=g -o name,size,free,lv_count,uuid --separator : --nosuffix stack-volumes-lvmdriver-1" returned: 0 in 0.430s {{(pid=184862) execute /usr/local/lib/python3.12/site-packages/oslo_concurrency/processutils.py:372}}
Jan 22 10:15:34.182927 np0005592324.novalocal cinder-volume[184862]: DEBUG oslo_concurrency.processutils [None req-502cd12d-0b09-4d59-8ed2-40ce75cff2e3 None None] Running cmd (subprocess): sudo cinder-rootwrap /etc/cinder/rootwrap.conf env LC_ALL=C lvs --noheadings --unit=g -o vg_name,name,size --nosuffix --readonly stack-volumes-lvmdriver-1 {{(pid=184862) execute /usr/local/lib/python3.12/site-packages/oslo_concurrency/processutils.py:349}}
Jan 22 10:15:34.204859 np0005592324.novalocal sudo[211318]: stack : PWD=/ ; USER=root ; COMMAND=/usr/local/bin/cinder-rootwrap /etc/cinder/rootwrap.conf env LC_ALL=C lvs --noheadings --unit=g -o vg_name,name,size --nosuffix --readonly stack-volumes-lvmdriver-1
Jan 22 10:15:34.518515 np0005592324.novalocal cinder-volume[184862]: DEBUG oslo_concurrency.processutils [None req-502cd12d-0b09-4d59-8ed2-40ce75cff2e3 None None] CMD "sudo cinder-rootwrap /etc/cinder/rootwrap.conf env LC_ALL=C lvs --noheadings --unit=g -o vg_name,name,size --nosuffix --readonly stack-volumes-lvmdriver-1" returned: 0 in 0.335s {{(pid=184862) execute /usr/local/lib/python3.12/site-packages/oslo_concurrency/processutils.py:372}}
Jan 22 10:15:34.519132 np0005592324.novalocal cinder-volume[184862]: DEBUG oslo_concurrency.processutils [None req-502cd12d-0b09-4d59-8ed2-40ce75cff2e3 None None] Running cmd (subprocess): sudo cinder-rootwrap /etc/cinder/rootwrap.conf env LC_ALL=C lvs --noheadings --unit=g -o size,data_percent --separator : --nosuffix /dev/stack-volumes-lvmdriver-1/stack-volumes-lvmdriver-1-pool {{(pid=184862) execute /usr/local/lib/python3.12/site-packages/oslo_concurrency/processutils.py:349}}
Jan 22 10:15:34.534537 np0005592324.novalocal sudo[211323]: stack : PWD=/ ; USER=root ; COMMAND=/usr/local/bin/cinder-rootwrap /etc/cinder/rootwrap.conf env LC_ALL=C lvs --noheadings --unit=g -o size,data_percent --separator : --nosuffix /dev/stack-volumes-lvmdriver-1/stack-volumes-lvmdriver-1-pool
Jan 22 10:15:34.909106 np0005592324.novalocal cinder-volume[184862]: DEBUG oslo_concurrency.processutils [None req-502cd12d-0b09-4d59-8ed2-40ce75cff2e3 None None] CMD "sudo cinder-rootwrap /etc/cinder/rootwrap.conf env LC_ALL=C lvs --noheadings --unit=g -o size,data_percent --separator : --nosuffix /dev/stack-volumes-lvmdriver-1/stack-volumes-lvmdriver-1-pool" returned: 0 in 0.390s {{(pid=184862) execute /usr/local/lib/python3.12/site-packages/oslo_concurrency/processutils.py:372}}
Jan 22 10:15:34.909899 np0005592324.novalocal cinder-volume[184862]: DEBUG oslo_concurrency.processutils [None req-502cd12d-0b09-4d59-8ed2-40ce75cff2e3 None None] Running cmd (subprocess): sudo cinder-rootwrap /etc/cinder/rootwrap.conf env LC_ALL=C lvs --noheadings --unit=g -o vg_name,name,size --nosuffix --readonly stack-volumes-lvmdriver-1 {{(pid=184862) execute /usr/local/lib/python3.12/site-packages/oslo_concurrency/processutils.py:349}}
Jan 22 10:15:34.927784 np0005592324.novalocal sudo[211328]: stack : PWD=/ ; USER=root ; COMMAND=/usr/local/bin/cinder-rootwrap /etc/cinder/rootwrap.conf env LC_ALL=C lvs --noheadings --unit=g -o vg_name,name,size --nosuffix --readonly stack-volumes-lvmdriver-1
Jan 22 10:15:35.291013 np0005592324.novalocal cinder-volume[184862]: DEBUG oslo_concurrency.processutils [None req-502cd12d-0b09-4d59-8ed2-40ce75cff2e3 None None] CMD "sudo cinder-rootwrap /etc/cinder/rootwrap.conf env LC_ALL=C lvs --noheadings --unit=g -o vg_name,name,size --nosuffix --readonly stack-volumes-lvmdriver-1" returned: 0 in 0.381s {{(pid=184862) execute /usr/local/lib/python3.12/site-packages/oslo_concurrency/processutils.py:372}}
Jan 22 10:15:35.294784 np0005592324.novalocal cinder-volume[184862]: DEBUG cinder.manager [None req-502cd12d-0b09-4d59-8ed2-40ce75cff2e3 None None] Notifying Schedulers of capabilities ... {{(pid=184862) _publish_service_capabilities /opt/stack/cinder/cinder/manager.py:202}}
Jan 22 10:15:50.327300 np0005592324.novalocal cinder-volume[184862]: DEBUG oslo_concurrency.processutils [req-1b88cb0c-cce9-4db6-9d43-b45785a6a9e1 req-f053a5c4-b8ca-4bb5-8660-640e2bcf3010 tempest-VolumesBackupsTest-1493266278 None] Running cmd (subprocess): sudo cinder-rootwrap /etc/cinder/rootwrap.conf lvchange -a y --yes -K stack-volumes-lvmdriver-1/volume-650b26c3-82c3-4591-8e3b-0cdf389cd2c0 {{(pid=184862) execute /usr/local/lib/python3.12/site-packages/oslo_concurrency/processutils.py:349}}
Jan 22 10:15:50.362894 np0005592324.novalocal sudo[211664]: stack : PWD=/ ; USER=root ; COMMAND=/usr/local/bin/cinder-rootwrap /etc/cinder/rootwrap.conf lvchange -a y --yes -K stack-volumes-lvmdriver-1/volume-650b26c3-82c3-4591-8e3b-0cdf389cd2c0
Jan 22 10:15:50.732129 np0005592324.novalocal cinder-volume[184862]: DEBUG oslo_concurrency.processutils [req-1b88cb0c-cce9-4db6-9d43-b45785a6a9e1 req-f053a5c4-b8ca-4bb5-8660-640e2bcf3010 tempest-VolumesBackupsTest-1493266278 None] CMD "sudo cinder-rootwrap /etc/cinder/rootwrap.conf lvchange -a y --yes -K stack-volumes-lvmdriver-1/volume-650b26c3-82c3-4591-8e3b-0cdf389cd2c0" returned: 0 in 0.405s {{(pid=184862) execute /usr/local/lib/python3.12/site-packages/oslo_concurrency/processutils.py:372}}
Jan 22 10:15:50.743814 np0005592324.novalocal cinder-volume[184862]: INFO cinder.volume.targets.lio [req-1b88cb0c-cce9-4db6-9d43-b45785a6a9e1 req-f053a5c4-b8ca-4bb5-8660-640e2bcf3010 tempest-VolumesBackupsTest-1493266278 None] Creating iscsi_target for volume: volume-650b26c3-82c3-4591-8e3b-0cdf389cd2c0
Jan 22 10:15:50.743814 np0005592324.novalocal cinder-volume[184862]: DEBUG oslo_concurrency.lockutils [req-1b88cb0c-cce9-4db6-9d43-b45785a6a9e1 req-f053a5c4-b8ca-4bb5-8660-640e2bcf3010 tempest-VolumesBackupsTest-1493266278 None] Acquiring lock "lioadm" by "cinder.volume.targets.lio.LioAdm._execute" {{(pid=184862) inner /usr/local/lib/python3.12/site-packages/oslo_concurrency/lockutils.py:405}}
Jan 22 10:15:50.743994 np0005592324.novalocal cinder-volume[184862]: DEBUG oslo_concurrency.lockutils [req-1b88cb0c-cce9-4db6-9d43-b45785a6a9e1 req-f053a5c4-b8ca-4bb5-8660-640e2bcf3010 tempest-VolumesBackupsTest-1493266278 None] Lock "lioadm" acquired by "cinder.volume.targets.lio.LioAdm._execute" :: waited 0.001s {{(pid=184862) inner /usr/local/lib/python3.12/site-packages/oslo_concurrency/lockutils.py:410}}
Jan 22 10:15:50.745241 np0005592324.novalocal cinder-volume[184862]: DEBUG oslo_concurrency.processutils [req-1b88cb0c-cce9-4db6-9d43-b45785a6a9e1 req-f053a5c4-b8ca-4bb5-8660-640e2bcf3010 tempest-VolumesBackupsTest-1493266278 None] Running cmd (subprocess): sudo cinder-rootwrap /etc/cinder/rootwrap.conf cinder-rtstool create /dev/stack-volumes-lvmdriver-1/volume-650b26c3-82c3-4591-8e3b-0cdf389cd2c0 iqn.2010-10.org.openstack:volume-650b26c3-82c3-4591-8e3b-0cdf389cd2c0 MbTqP7Rn67MxU59SR5C6 Uxd2UDMa6952GPyJ False -p3260 -a38.102.83.245 {{(pid=184862) execute /usr/local/lib/python3.12/site-packages/oslo_concurrency/processutils.py:349}}
Jan 22 10:15:50.770055 np0005592324.novalocal sudo[211671]: stack : PWD=/ ; USER=root ; COMMAND=/usr/local/bin/cinder-rootwrap /etc/cinder/rootwrap.conf cinder-rtstool create /dev/stack-volumes-lvmdriver-1/volume-650b26c3-82c3-4591-8e3b-0cdf389cd2c0 iqn.2010-10.org.openstack:volume-650b26c3-82c3-4591-8e3b-0cdf389cd2c0 MbTqP7Rn67MxU59SR5C6 Uxd2UDMa6952GPyJ False -p3260 -a38.102.83.245
Jan 22 10:15:51.356062 np0005592324.novalocal cinder-volume[184862]: DEBUG oslo_concurrency.processutils [req-1b88cb0c-cce9-4db6-9d43-b45785a6a9e1 req-f053a5c4-b8ca-4bb5-8660-640e2bcf3010 tempest-VolumesBackupsTest-1493266278 None] CMD "sudo cinder-rootwrap /etc/cinder/rootwrap.conf cinder-rtstool create /dev/stack-volumes-lvmdriver-1/volume-650b26c3-82c3-4591-8e3b-0cdf389cd2c0 iqn.2010-10.org.openstack:volume-650b26c3-82c3-4591-8e3b-0cdf389cd2c0 MbTqP7Rn67MxU59SR5C6 Uxd2UDMa6952GPyJ False -p3260 -a38.102.83.245" returned: 0 in 0.611s {{(pid=184862) execute /usr/local/lib/python3.12/site-packages/oslo_concurrency/processutils.py:372}}
Jan 22 10:15:51.357014 np0005592324.novalocal cinder-volume[184862]: DEBUG oslo_concurrency.lockutils [req-1b88cb0c-cce9-4db6-9d43-b45785a6a9e1 req-f053a5c4-b8ca-4bb5-8660-640e2bcf3010 tempest-VolumesBackupsTest-1493266278 None] Lock "lioadm" "released" by "cinder.volume.targets.lio.LioAdm._execute" :: held 0.613s {{(pid=184862) inner /usr/local/lib/python3.12/site-packages/oslo_concurrency/lockutils.py:424}}
Jan 22 10:15:51.357238 np0005592324.novalocal cinder-volume[184862]: DEBUG oslo_concurrency.lockutils [req-1b88cb0c-cce9-4db6-9d43-b45785a6a9e1 req-f053a5c4-b8ca-4bb5-8660-640e2bcf3010 tempest-VolumesBackupsTest-1493266278 None] Acquiring lock "lioadm" by "cinder.volume.targets.lio.LioAdm._execute" {{(pid=184862) inner /usr/local/lib/python3.12/site-packages/oslo_concurrency/lockutils.py:405}}
Jan 22 10:15:51.357646 np0005592324.novalocal cinder-volume[184862]: DEBUG oslo_concurrency.lockutils [req-1b88cb0c-cce9-4db6-9d43-b45785a6a9e1 req-f053a5c4-b8ca-4bb5-8660-640e2bcf3010 tempest-VolumesBackupsTest-1493266278 None] Lock "lioadm" acquired by "cinder.volume.targets.lio.LioAdm._execute" :: waited 0.000s {{(pid=184862) inner /usr/local/lib/python3.12/site-packages/oslo_concurrency/lockutils.py:410}}
Jan 22 10:15:51.358031 np0005592324.novalocal cinder-volume[184862]: DEBUG oslo_concurrency.processutils [req-1b88cb0c-cce9-4db6-9d43-b45785a6a9e1 req-f053a5c4-b8ca-4bb5-8660-640e2bcf3010 tempest-VolumesBackupsTest-1493266278 None] Running cmd (subprocess): sudo cinder-rootwrap /etc/cinder/rootwrap.conf cinder-rtstool get-targets {{(pid=184862) execute /usr/local/lib/python3.12/site-packages/oslo_concurrency/processutils.py:349}}
Jan 22 10:15:51.375441 np0005592324.novalocal sudo[211678]: stack : PWD=/ ; USER=root ; COMMAND=/usr/local/bin/cinder-rootwrap /etc/cinder/rootwrap.conf cinder-rtstool get-targets
Jan 22 10:15:51.862575 np0005592324.novalocal cinder-volume[184862]: DEBUG oslo_concurrency.processutils [req-1b88cb0c-cce9-4db6-9d43-b45785a6a9e1 req-f053a5c4-b8ca-4bb5-8660-640e2bcf3010 tempest-VolumesBackupsTest-1493266278 None] CMD "sudo cinder-rootwrap /etc/cinder/rootwrap.conf cinder-rtstool get-targets" returned: 0 in 0.503s {{(pid=184862) execute /usr/local/lib/python3.12/site-packages/oslo_concurrency/processutils.py:372}}
Jan 22 10:15:51.862995 np0005592324.novalocal cinder-volume[184862]: DEBUG oslo_concurrency.lockutils [req-1b88cb0c-cce9-4db6-9d43-b45785a6a9e1 req-f053a5c4-b8ca-4bb5-8660-640e2bcf3010 tempest-VolumesBackupsTest-1493266278 None] Lock "lioadm" "released" by "cinder.volume.targets.lio.LioAdm._execute" :: held 0.505s {{(pid=184862) inner /usr/local/lib/python3.12/site-packages/oslo_concurrency/lockutils.py:424}}
Jan 22 10:15:51.863175 np0005592324.novalocal cinder-volume[184862]: DEBUG oslo_concurrency.lockutils [req-1b88cb0c-cce9-4db6-9d43-b45785a6a9e1 req-f053a5c4-b8ca-4bb5-8660-640e2bcf3010 tempest-VolumesBackupsTest-1493266278 None] Acquiring lock "lioadm" by "cinder.volume.targets.lio.LioAdm._execute" {{(pid=184862) inner /usr/local/lib/python3.12/site-packages/oslo_concurrency/lockutils.py:405}}
Jan 22 10:15:51.863578 np0005592324.novalocal cinder-volume[184862]: DEBUG oslo_concurrency.lockutils [req-1b88cb0c-cce9-4db6-9d43-b45785a6a9e1 req-f053a5c4-b8ca-4bb5-8660-640e2bcf3010 tempest-VolumesBackupsTest-1493266278 None] Lock "lioadm" acquired by "cinder.volume.targets.lio.LioAdm._execute" :: waited 0.000s {{(pid=184862) inner /usr/local/lib/python3.12/site-packages/oslo_concurrency/lockutils.py:410}}
Jan 22 10:15:51.863922 np0005592324.novalocal cinder-volume[184862]: DEBUG oslo_concurrency.processutils [req-1b88cb0c-cce9-4db6-9d43-b45785a6a9e1 req-f053a5c4-b8ca-4bb5-8660-640e2bcf3010 tempest-VolumesBackupsTest-1493266278 None] Running cmd (subprocess): sudo cinder-rootwrap /etc/cinder/rootwrap.conf cinder-rtstool save {{(pid=184862) execute /usr/local/lib/python3.12/site-packages/oslo_concurrency/processutils.py:349}}
Jan 22 10:15:51.891527 np0005592324.novalocal sudo[211686]: stack : PWD=/ ; USER=root ; COMMAND=/usr/local/bin/cinder-rootwrap /etc/cinder/rootwrap.conf cinder-rtstool save
Jan 22 10:15:52.400339 np0005592324.novalocal cinder-volume[184862]: DEBUG oslo_concurrency.processutils [req-1b88cb0c-cce9-4db6-9d43-b45785a6a9e1 req-f053a5c4-b8ca-4bb5-8660-640e2bcf3010 tempest-VolumesBackupsTest-1493266278 None] CMD "sudo cinder-rootwrap /etc/cinder/rootwrap.conf cinder-rtstool save" returned: 0 in 0.535s {{(pid=184862) execute /usr/local/lib/python3.12/site-packages/oslo_concurrency/processutils.py:372}}
Jan 22 10:15:52.401862 np0005592324.novalocal cinder-volume[184862]: DEBUG oslo_concurrency.lockutils [req-1b88cb0c-cce9-4db6-9d43-b45785a6a9e1 req-f053a5c4-b8ca-4bb5-8660-640e2bcf3010 tempest-VolumesBackupsTest-1493266278 None] Lock "lioadm" "released" by "cinder.volume.targets.lio.LioAdm._execute" :: held 0.538s {{(pid=184862) inner /usr/local/lib/python3.12/site-packages/oslo_concurrency/lockutils.py:424}}
Jan 22 10:15:52.402171 np0005592324.novalocal cinder-volume[184862]: DEBUG cinder.volume.targets.iscsi [req-1b88cb0c-cce9-4db6-9d43-b45785a6a9e1 req-f053a5c4-b8ca-4bb5-8660-640e2bcf3010 tempest-VolumesBackupsTest-1493266278 None] Set provider_location to: 38.102.83.245:3260,iqn.2010-10.org.openstack:volume-650b26c3-82c3-4591-8e3b-0cdf389cd2c0 iqn.2010-10.org.openstack:volume-650b26c3-82c3-4591-8e3b-0cdf389cd2c0 0 {{(pid=184862) create_export /opt/stack/cinder/cinder/volume/targets/iscsi.py:205}}
Jan 22 10:15:52.414382 np0005592324.novalocal cinder-volume[184862]: DEBUG oslo_concurrency.lockutils [req-1b88cb0c-cce9-4db6-9d43-b45785a6a9e1 req-f053a5c4-b8ca-4bb5-8660-640e2bcf3010 tempest-VolumesBackupsTest-1493266278 None] Acquiring lock "lioadm" by "cinder.volume.targets.lio.LioAdm._execute" {{(pid=184862) inner /usr/local/lib/python3.12/site-packages/oslo_concurrency/lockutils.py:405}}
Jan 22 10:15:52.414819 np0005592324.novalocal cinder-volume[184862]: DEBUG oslo_concurrency.lockutils [req-1b88cb0c-cce9-4db6-9d43-b45785a6a9e1 req-f053a5c4-b8ca-4bb5-8660-640e2bcf3010 tempest-VolumesBackupsTest-1493266278 None] Lock "lioadm" acquired by "cinder.volume.targets.lio.LioAdm._execute" :: waited 0.001s {{(pid=184862) inner /usr/local/lib/python3.12/site-packages/oslo_concurrency/lockutils.py:410}}
Jan 22 10:15:52.415241 np0005592324.novalocal cinder-volume[184862]: DEBUG oslo_concurrency.processutils [req-1b88cb0c-cce9-4db6-9d43-b45785a6a9e1 req-f053a5c4-b8ca-4bb5-8660-640e2bcf3010 tempest-VolumesBackupsTest-1493266278 None] Running cmd (subprocess): sudo cinder-rootwrap /etc/cinder/rootwrap.conf cinder-rtstool add-initiator iqn.2010-10.org.openstack:volume-650b26c3-82c3-4591-8e3b-0cdf389cd2c0 MbTqP7Rn67MxU59SR5C6 Uxd2UDMa6952GPyJ iqn.1994-05.com.redhat:c51830b0a1f2 {{(pid=184862) execute /usr/local/lib/python3.12/site-packages/oslo_concurrency/processutils.py:349}}
Jan 22 10:15:52.442583 np0005592324.novalocal sudo[211692]: stack : PWD=/ ; USER=root ; COMMAND=/usr/local/bin/cinder-rootwrap /etc/cinder/rootwrap.conf cinder-rtstool add-initiator iqn.2010-10.org.openstack:volume-650b26c3-82c3-4591-8e3b-0cdf389cd2c0 MbTqP7Rn67MxU59SR5C6 Uxd2UDMa6952GPyJ iqn.1994-05.com.redhat:c51830b0a1f2
Jan 22 10:15:53.000046 np0005592324.novalocal cinder-volume[184862]: DEBUG oslo_concurrency.processutils [req-1b88cb0c-cce9-4db6-9d43-b45785a6a9e1 req-f053a5c4-b8ca-4bb5-8660-640e2bcf3010 tempest-VolumesBackupsTest-1493266278 None] CMD "sudo cinder-rootwrap /etc/cinder/rootwrap.conf cinder-rtstool add-initiator iqn.2010-10.org.openstack:volume-650b26c3-82c3-4591-8e3b-0cdf389cd2c0 MbTqP7Rn67MxU59SR5C6 Uxd2UDMa6952GPyJ iqn.1994-05.com.redhat:c51830b0a1f2" returned: 0 in 0.584s {{(pid=184862) execute /usr/local/lib/python3.12/site-packages/oslo_concurrency/processutils.py:372}}
Jan 22 10:15:53.004246 np0005592324.novalocal cinder-volume[184862]: DEBUG oslo_concurrency.lockutils [req-1b88cb0c-cce9-4db6-9d43-b45785a6a9e1 req-f053a5c4-b8ca-4bb5-8660-640e2bcf3010 tempest-VolumesBackupsTest-1493266278 None] Lock "lioadm" "released" by "cinder.volume.targets.lio.LioAdm._execute" :: held 0.589s {{(pid=184862) inner /usr/local/lib/python3.12/site-packages/oslo_concurrency/lockutils.py:424}}
Jan 22 10:15:53.004624 np0005592324.novalocal cinder-volume[184862]: DEBUG oslo_concurrency.lockutils [req-1b88cb0c-cce9-4db6-9d43-b45785a6a9e1 req-f053a5c4-b8ca-4bb5-8660-640e2bcf3010 tempest-VolumesBackupsTest-1493266278 None] Acquiring lock "lioadm" by "cinder.volume.targets.lio.LioAdm._execute" {{(pid=184862) inner /usr/local/lib/python3.12/site-packages/oslo_concurrency/lockutils.py:405}}
Jan 22 10:15:53.006960 np0005592324.novalocal cinder-volume[184862]: DEBUG oslo_concurrency.lockutils [req-1b88cb0c-cce9-4db6-9d43-b45785a6a9e1 req-f053a5c4-b8ca-4bb5-8660-640e2bcf3010 tempest-VolumesBackupsTest-1493266278 None] Lock "lioadm" acquired by "cinder.volume.targets.lio.LioAdm._execute" :: waited 0.002s {{(pid=184862) inner /usr/local/lib/python3.12/site-packages/oslo_concurrency/lockutils.py:410}}
Jan 22 10:15:53.007618 np0005592324.novalocal cinder-volume[184862]: DEBUG oslo_concurrency.processutils [req-1b88cb0c-cce9-4db6-9d43-b45785a6a9e1 req-f053a5c4-b8ca-4bb5-8660-640e2bcf3010 tempest-VolumesBackupsTest-1493266278 None] Running cmd (subprocess): sudo cinder-rootwrap /etc/cinder/rootwrap.conf cinder-rtstool save {{(pid=184862) execute /usr/local/lib/python3.12/site-packages/oslo_concurrency/processutils.py:349}}
Jan 22 10:15:53.034109 np0005592324.novalocal sudo[211700]: stack : PWD=/ ; USER=root ; COMMAND=/usr/local/bin/cinder-rootwrap /etc/cinder/rootwrap.conf cinder-rtstool save
Jan 22 10:15:53.573634 np0005592324.novalocal cinder-volume[184862]: DEBUG oslo_concurrency.processutils [req-1b88cb0c-cce9-4db6-9d43-b45785a6a9e1 req-f053a5c4-b8ca-4bb5-8660-640e2bcf3010 tempest-VolumesBackupsTest-1493266278 None] CMD "sudo cinder-rootwrap /etc/cinder/rootwrap.conf cinder-rtstool save" returned: 0 in 0.566s {{(pid=184862) execute /usr/local/lib/python3.12/site-packages/oslo_concurrency/processutils.py:372}}
Jan 22 10:15:53.574121 np0005592324.novalocal cinder-volume[184862]: DEBUG oslo_concurrency.lockutils [req-1b88cb0c-cce9-4db6-9d43-b45785a6a9e1 req-f053a5c4-b8ca-4bb5-8660-640e2bcf3010 tempest-VolumesBackupsTest-1493266278 None] Lock "lioadm" "released" by "cinder.volume.targets.lio.LioAdm._execute" :: held 0.567s {{(pid=184862) inner /usr/local/lib/python3.12/site-packages/oslo_concurrency/lockutils.py:424}}
Jan 22 10:15:53.587737 np0005592324.novalocal cinder-volume[184862]: DEBUG cinder.volume.manager [req-1b88cb0c-cce9-4db6-9d43-b45785a6a9e1 req-f053a5c4-b8ca-4bb5-8660-640e2bcf3010 tempest-VolumesBackupsTest-1493266278 None] Connection info returned from driver {'target_discovered': False, 'target_portal': '38.102.83.245:3260', 'target_iqn': 'iqn.2010-10.org.openstack:volume-650b26c3-82c3-4591-8e3b-0cdf389cd2c0', 'target_lun': 0, 'volume_id': '650b26c3-82c3-4591-8e3b-0cdf389cd2c0', 'auth_method': 'CHAP', 'auth_username': 'MbTqP7Rn67MxU59SR5C6', 'auth_password': '***', 'encrypted': False, 'qos_specs': None, 'access_mode': 'rw', 'cacheable': False, 'driver_volume_type': 'iscsi', 'attachment_id': '074300d4-3e5b-43e6-8b78-baef6e32406c', 'enforce_multipath': True} {{(pid=184862) _connection_create /opt/stack/cinder/cinder/volume/manager.py:4893}}
Jan 22 10:15:53.617202 np0005592324.novalocal cinder-volume[184862]: INFO cinder.volume.manager [req-1b88cb0c-cce9-4db6-9d43-b45785a6a9e1 req-f053a5c4-b8ca-4bb5-8660-640e2bcf3010 tempest-VolumesBackupsTest-1493266278 None] attachment_update completed successfully.
Jan 22 10:16:00.384916 np0005592324.novalocal cinder-volume[184862]: DEBUG cinder.volume.driver [None req-db591170-18ce-47ac-80b3-8d1e13e9e75a tempest-VolumesBackupsTest-1493266278 None] Creating a new backup for volume volume-650b26c3-82c3-4591-8e3b-0cdf389cd2c0. {{(pid=184862) _get_backup_volume_temp_volume /opt/stack/cinder/cinder/volume/driver.py:1266}}
Jan 22 10:16:00.404160 np0005592324.novalocal cinder-volume[184862]: DEBUG oslo_concurrency.processutils [None req-db591170-18ce-47ac-80b3-8d1e13e9e75a tempest-VolumesBackupsTest-1493266278 None] Running cmd (subprocess): sudo cinder-rootwrap /etc/cinder/rootwrap.conf env LC_ALL=C lvs --noheadings --unit=g -o vg_name,name,size --nosuffix --readonly stack-volumes-lvmdriver-1/volume-650b26c3-82c3-4591-8e3b-0cdf389cd2c0 {{(pid=184862) execute /usr/local/lib/python3.12/site-packages/oslo_concurrency/processutils.py:349}}
Jan 22 10:16:00.426595 np0005592324.novalocal sudo[211907]: stack : PWD=/ ; USER=root ; COMMAND=/usr/local/bin/cinder-rootwrap /etc/cinder/rootwrap.conf env LC_ALL=C lvs --noheadings --unit=g -o vg_name,name,size --nosuffix --readonly stack-volumes-lvmdriver-1/volume-650b26c3-82c3-4591-8e3b-0cdf389cd2c0
Jan 22 10:16:00.792315 np0005592324.novalocal cinder-volume[184862]: DEBUG oslo_concurrency.processutils [None req-db591170-18ce-47ac-80b3-8d1e13e9e75a tempest-VolumesBackupsTest-1493266278 None] CMD "sudo cinder-rootwrap /etc/cinder/rootwrap.conf env LC_ALL=C lvs --noheadings --unit=g -o vg_name,name,size --nosuffix --readonly stack-volumes-lvmdriver-1/volume-650b26c3-82c3-4591-8e3b-0cdf389cd2c0" returned: 0 in 0.386s {{(pid=184862) execute /usr/local/lib/python3.12/site-packages/oslo_concurrency/processutils.py:372}}
Jan 22 10:16:00.792315 np0005592324.novalocal cinder-volume[184862]: DEBUG oslo_concurrency.processutils [None req-db591170-18ce-47ac-80b3-8d1e13e9e75a tempest-VolumesBackupsTest-1493266278 None] Running cmd (subprocess): sudo cinder-rootwrap /etc/cinder/rootwrap.conf env LC_ALL=C lvcreate --name volume-156defd3-4cb4-42bd-b6a3-9b4f5a6ba81b --snapshot stack-volumes-lvmdriver-1/volume-650b26c3-82c3-4591-8e3b-0cdf389cd2c0 {{(pid=184862) execute /usr/local/lib/python3.12/site-packages/oslo_concurrency/processutils.py:349}}
Jan 22 10:16:00.806468 np0005592324.novalocal sudo[211935]: stack : PWD=/ ; USER=root ; COMMAND=/usr/local/bin/cinder-rootwrap /etc/cinder/rootwrap.conf env LC_ALL=C lvcreate --name volume-156defd3-4cb4-42bd-b6a3-9b4f5a6ba81b --snapshot stack-volumes-lvmdriver-1/volume-650b26c3-82c3-4591-8e3b-0cdf389cd2c0
Jan 22 10:16:01.235902 np0005592324.novalocal cinder-volume[184862]: DEBUG oslo_concurrency.processutils [None req-db591170-18ce-47ac-80b3-8d1e13e9e75a tempest-VolumesBackupsTest-1493266278 None] CMD "sudo cinder-rootwrap /etc/cinder/rootwrap.conf env LC_ALL=C lvcreate --name volume-156defd3-4cb4-42bd-b6a3-9b4f5a6ba81b --snapshot stack-volumes-lvmdriver-1/volume-650b26c3-82c3-4591-8e3b-0cdf389cd2c0" returned: 0 in 0.445s {{(pid=184862) execute /usr/local/lib/python3.12/site-packages/oslo_concurrency/processutils.py:372}}
Jan 22 10:16:01.238307 np0005592324.novalocal cinder-volume[184862]: DEBUG oslo_concurrency.processutils [None req-db591170-18ce-47ac-80b3-8d1e13e9e75a tempest-VolumesBackupsTest-1493266278 None] Running cmd (subprocess): sudo cinder-rootwrap /etc/cinder/rootwrap.conf lvchange -a y --yes -k n stack-volumes-lvmdriver-1/volume-156defd3-4cb4-42bd-b6a3-9b4f5a6ba81b {{(pid=184862) execute /usr/local/lib/python3.12/site-packages/oslo_concurrency/processutils.py:349}}
Jan 22 10:16:01.255874 np0005592324.novalocal sudo[211948]: stack : PWD=/ ; USER=root ; COMMAND=/usr/local/bin/cinder-rootwrap /etc/cinder/rootwrap.conf lvchange -a y --yes -k n stack-volumes-lvmdriver-1/volume-156defd3-4cb4-42bd-b6a3-9b4f5a6ba81b
Jan 22 10:16:01.669034 np0005592324.novalocal cinder-volume[184862]: DEBUG oslo_concurrency.processutils [None req-db591170-18ce-47ac-80b3-8d1e13e9e75a tempest-VolumesBackupsTest-1493266278 None] CMD "sudo cinder-rootwrap /etc/cinder/rootwrap.conf lvchange -a y --yes -k n stack-volumes-lvmdriver-1/volume-156defd3-4cb4-42bd-b6a3-9b4f5a6ba81b" returned: 0 in 0.431s {{(pid=184862) execute /usr/local/lib/python3.12/site-packages/oslo_concurrency/processutils.py:372}}
Jan 22 10:16:01.680242 np0005592324.novalocal cinder-volume[184862]: INFO cinder.volume.manager [None req-db591170-18ce-47ac-80b3-8d1e13e9e75a tempest-VolumesBackupsTest-1493266278 None] Calling backup continue_backup for: Backup(availability_zone='nova',container='tempest-volumesbackupstest-backup-container-1567908794',created_at=2026-01-22T15:16:00Z,data_timestamp=2026-01-22T15:16:00Z,deleted=False,deleted_at=None,display_description=None,display_name='tempest-VolumesBackupsTest-Backup-336980486',encryption_key_id=None,fail_reason=None,host='np0005592324.novalocal',id=29467ca2-7202-4806-ba56-4fcd07b80a13,metadata={},num_dependent_backups=0,object_count=0,parent=None,parent_id=None,project_id='1178790fcc384abba0a95686179e62ac',restore_volume_id=None,service='cinder.backup.drivers.swift.SwiftBackupDriver',service_metadata=None,size=1,snapshot_id=None,status='creating',temp_snapshot_id=None,temp_volume_id='156defd3-4cb4-42bd-b6a3-9b4f5a6ba81b',updated_at=None,user_id='c031881c9045429093b7671291d76472',volume_id=650b26c3-82c3-4591-8e3b-0cdf389cd2c0)
Jan 22 10:16:01.681230 np0005592324.novalocal cinder-volume[184862]: DEBUG cinder.backup.rpcapi [None req-db591170-18ce-47ac-80b3-8d1e13e9e75a tempest-VolumesBackupsTest-1493266278 None] continue_backup in rpcapi backup_id 29467ca2-7202-4806-ba56-4fcd07b80a13 {{(pid=184862) continue_backup /opt/stack/cinder/cinder/backup/rpcapi.py:65}}
Jan 22 10:16:01.751783 np0005592324.novalocal cinder-volume[184862]: DEBUG oslo_concurrency.processutils [None req-db591170-18ce-47ac-80b3-8d1e13e9e75a tempest-VolumesBackupsTest-1493266278 None] Running cmd (subprocess): sudo cinder-rootwrap /etc/cinder/rootwrap.conf lvchange -a y --yes -K stack-volumes-lvmdriver-1/volume-156defd3-4cb4-42bd-b6a3-9b4f5a6ba81b {{(pid=184862) execute /usr/local/lib/python3.12/site-packages/oslo_concurrency/processutils.py:349}}
Jan 22 10:16:01.777453 np0005592324.novalocal sudo[211970]: stack : PWD=/ ; USER=root ; COMMAND=/usr/local/bin/cinder-rootwrap /etc/cinder/rootwrap.conf lvchange -a y --yes -K stack-volumes-lvmdriver-1/volume-156defd3-4cb4-42bd-b6a3-9b4f5a6ba81b
Jan 22 10:16:02.128369 np0005592324.novalocal cinder-volume[184862]: DEBUG oslo_concurrency.processutils [None req-db591170-18ce-47ac-80b3-8d1e13e9e75a tempest-VolumesBackupsTest-1493266278 None] CMD "sudo cinder-rootwrap /etc/cinder/rootwrap.conf lvchange -a y --yes -K stack-volumes-lvmdriver-1/volume-156defd3-4cb4-42bd-b6a3-9b4f5a6ba81b" returned: 0 in 0.376s {{(pid=184862) execute /usr/local/lib/python3.12/site-packages/oslo_concurrency/processutils.py:372}}
Jan 22 10:16:02.137169 np0005592324.novalocal cinder-volume[184862]: INFO cinder.volume.targets.lio [None req-db591170-18ce-47ac-80b3-8d1e13e9e75a tempest-VolumesBackupsTest-1493266278 None] Creating iscsi_target for volume: volume-156defd3-4cb4-42bd-b6a3-9b4f5a6ba81b
