Jan 22 10:22:46.854330 np0005592324.novalocal cinder-volume[184862]: DEBUG cinder.volume.manager [None req-956204d1-17a9-446d-b053-4bfdcd0baf54 tempest-ServerActionsTestOtherA-1573007413 None] Flow 'volume_create_manager' (00530f4d-33cb-4008-b392-0dc4ece94113) transitioned into state 'SUCCESS' from state 'RUNNING' {{(pid=184862) _flow_receiver /usr/local/lib/python3.12/site-packages/taskflow/listeners/logging.py:145}}
Jan 22 10:22:46.859386 np0005592324.novalocal cinder-volume[184862]: INFO cinder.volume.manager [None req-956204d1-17a9-446d-b053-4bfdcd0baf54 tempest-ServerActionsTestOtherA-1573007413 None] Created volume successfully.
Jan 22 10:22:49.683120 np0005592324.novalocal cinder-volume[184862]: DEBUG oslo_concurrency.processutils [req-db909cc2-561c-4b92-b335-a7358ce3ee4c req-e7d68a40-ddb6-4ac8-828d-76cb128c3034 tempest-VolumesSnapshotTestJSON-841832484 None] Running cmd (subprocess): sudo cinder-rootwrap /etc/cinder/rootwrap.conf lvchange -a y --yes -K stack-volumes-lvmdriver-1/volume-ea9d2eaa-0d52-40ca-a003-6b0323b2dbd6 {{(pid=184862) execute /usr/local/lib/python3.12/site-packages/oslo_concurrency/processutils.py:349}}
Jan 22 10:22:49.705025 np0005592324.novalocal sudo[219954]: stack : PWD=/ ; USER=root ; COMMAND=/usr/local/bin/cinder-rootwrap /etc/cinder/rootwrap.conf lvchange -a y --yes -K stack-volumes-lvmdriver-1/volume-ea9d2eaa-0d52-40ca-a003-6b0323b2dbd6
Jan 22 10:22:50.128222 np0005592324.novalocal cinder-volume[184862]: DEBUG oslo_concurrency.processutils [req-db909cc2-561c-4b92-b335-a7358ce3ee4c req-e7d68a40-ddb6-4ac8-828d-76cb128c3034 tempest-VolumesSnapshotTestJSON-841832484 None] CMD "sudo cinder-rootwrap /etc/cinder/rootwrap.conf lvchange -a y --yes -K stack-volumes-lvmdriver-1/volume-ea9d2eaa-0d52-40ca-a003-6b0323b2dbd6" returned: 0 in 0.445s {{(pid=184862) execute /usr/local/lib/python3.12/site-packages/oslo_concurrency/processutils.py:372}}
Jan 22 10:22:50.145232 np0005592324.novalocal cinder-volume[184862]: INFO cinder.volume.targets.lio [req-db909cc2-561c-4b92-b335-a7358ce3ee4c req-e7d68a40-ddb6-4ac8-828d-76cb128c3034 tempest-VolumesSnapshotTestJSON-841832484 None] Creating iscsi_target for volume: volume-ea9d2eaa-0d52-40ca-a003-6b0323b2dbd6
Jan 22 10:22:50.145499 np0005592324.novalocal cinder-volume[184862]: DEBUG oslo_concurrency.lockutils [req-db909cc2-561c-4b92-b335-a7358ce3ee4c req-e7d68a40-ddb6-4ac8-828d-76cb128c3034 tempest-VolumesSnapshotTestJSON-841832484 None] Acquiring lock "lioadm" by "cinder.volume.targets.lio.LioAdm._execute" {{(pid=184862) inner /usr/local/lib/python3.12/site-packages/oslo_concurrency/lockutils.py:405}}
Jan 22 10:22:50.146048 np0005592324.novalocal cinder-volume[184862]: DEBUG oslo_concurrency.lockutils [req-db909cc2-561c-4b92-b335-a7358ce3ee4c req-e7d68a40-ddb6-4ac8-828d-76cb128c3034 tempest-VolumesSnapshotTestJSON-841832484 None] Lock "lioadm" acquired by "cinder.volume.targets.lio.LioAdm._execute" :: waited 0.001s {{(pid=184862) inner /usr/local/lib/python3.12/site-packages/oslo_concurrency/lockutils.py:410}}
Jan 22 10:22:50.147551 np0005592324.novalocal cinder-volume[184862]: DEBUG oslo_concurrency.processutils [req-db909cc2-561c-4b92-b335-a7358ce3ee4c req-e7d68a40-ddb6-4ac8-828d-76cb128c3034 tempest-VolumesSnapshotTestJSON-841832484 None] Running cmd (subprocess): sudo cinder-rootwrap /etc/cinder/rootwrap.conf cinder-rtstool create /dev/stack-volumes-lvmdriver-1/volume-ea9d2eaa-0d52-40ca-a003-6b0323b2dbd6 iqn.2010-10.org.openstack:volume-ea9d2eaa-0d52-40ca-a003-6b0323b2dbd6 3HZLQUc7XspNGv6eyEYf uHRTwo2C6inFAKJ4 False -p3260 -a38.102.83.245 {{(pid=184862) execute /usr/local/lib/python3.12/site-packages/oslo_concurrency/processutils.py:349}}
Jan 22 10:22:50.170655 np0005592324.novalocal sudo[219960]: stack : PWD=/ ; USER=root ; COMMAND=/usr/local/bin/cinder-rootwrap /etc/cinder/rootwrap.conf cinder-rtstool create /dev/stack-volumes-lvmdriver-1/volume-ea9d2eaa-0d52-40ca-a003-6b0323b2dbd6 iqn.2010-10.org.openstack:volume-ea9d2eaa-0d52-40ca-a003-6b0323b2dbd6 3HZLQUc7XspNGv6eyEYf uHRTwo2C6inFAKJ4 False -p3260 -a38.102.83.245
Jan 22 10:22:50.686883 np0005592324.novalocal cinder-volume[184862]: DEBUG oslo_concurrency.processutils [req-db909cc2-561c-4b92-b335-a7358ce3ee4c req-e7d68a40-ddb6-4ac8-828d-76cb128c3034 tempest-VolumesSnapshotTestJSON-841832484 None] CMD "sudo cinder-rootwrap /etc/cinder/rootwrap.conf cinder-rtstool create /dev/stack-volumes-lvmdriver-1/volume-ea9d2eaa-0d52-40ca-a003-6b0323b2dbd6 iqn.2010-10.org.openstack:volume-ea9d2eaa-0d52-40ca-a003-6b0323b2dbd6 3HZLQUc7XspNGv6eyEYf uHRTwo2C6inFAKJ4 False -p3260 -a38.102.83.245" returned: 0 in 0.539s {{(pid=184862) execute /usr/local/lib/python3.12/site-packages/oslo_concurrency/processutils.py:372}}
Jan 22 10:22:50.687427 np0005592324.novalocal cinder-volume[184862]: DEBUG oslo_concurrency.lockutils [req-db909cc2-561c-4b92-b335-a7358ce3ee4c req-e7d68a40-ddb6-4ac8-828d-76cb128c3034 tempest-VolumesSnapshotTestJSON-841832484 None] Lock "lioadm" "released" by "cinder.volume.targets.lio.LioAdm._execute" :: held 0.541s {{(pid=184862) inner /usr/local/lib/python3.12/site-packages/oslo_concurrency/lockutils.py:424}}
Jan 22 10:22:50.687852 np0005592324.novalocal cinder-volume[184862]: DEBUG oslo_concurrency.lockutils [req-db909cc2-561c-4b92-b335-a7358ce3ee4c req-e7d68a40-ddb6-4ac8-828d-76cb128c3034 tempest-VolumesSnapshotTestJSON-841832484 None] Acquiring lock "lioadm" by "cinder.volume.targets.lio.LioAdm._execute" {{(pid=184862) inner /usr/local/lib/python3.12/site-packages/oslo_concurrency/lockutils.py:405}}
Jan 22 10:22:50.688259 np0005592324.novalocal cinder-volume[184862]: DEBUG oslo_concurrency.lockutils [req-db909cc2-561c-4b92-b335-a7358ce3ee4c req-e7d68a40-ddb6-4ac8-828d-76cb128c3034 tempest-VolumesSnapshotTestJSON-841832484 None] Lock "lioadm" acquired by "cinder.volume.targets.lio.LioAdm._execute" :: waited 0.001s {{(pid=184862) inner /usr/local/lib/python3.12/site-packages/oslo_concurrency/lockutils.py:410}}
Jan 22 10:22:50.688529 np0005592324.novalocal cinder-volume[184862]: DEBUG oslo_concurrency.processutils [req-db909cc2-561c-4b92-b335-a7358ce3ee4c req-e7d68a40-ddb6-4ac8-828d-76cb128c3034 tempest-VolumesSnapshotTestJSON-841832484 None] Running cmd (subprocess): sudo cinder-rootwrap /etc/cinder/rootwrap.conf cinder-rtstool get-targets {{(pid=184862) execute /usr/local/lib/python3.12/site-packages/oslo_concurrency/processutils.py:349}}
Jan 22 10:22:50.711489 np0005592324.novalocal sudo[219966]: stack : PWD=/ ; USER=root ; COMMAND=/usr/local/bin/cinder-rootwrap /etc/cinder/rootwrap.conf cinder-rtstool get-targets
Jan 22 10:22:51.164976 np0005592324.novalocal cinder-volume[184862]: DEBUG oslo_concurrency.processutils [req-db909cc2-561c-4b92-b335-a7358ce3ee4c req-e7d68a40-ddb6-4ac8-828d-76cb128c3034 tempest-VolumesSnapshotTestJSON-841832484 None] CMD "sudo cinder-rootwrap /etc/cinder/rootwrap.conf cinder-rtstool get-targets" returned: 0 in 0.476s {{(pid=184862) execute /usr/local/lib/python3.12/site-packages/oslo_concurrency/processutils.py:372}}
Jan 22 10:22:51.165316 np0005592324.novalocal cinder-volume[184862]: DEBUG oslo_concurrency.lockutils [req-db909cc2-561c-4b92-b335-a7358ce3ee4c req-e7d68a40-ddb6-4ac8-828d-76cb128c3034 tempest-VolumesSnapshotTestJSON-841832484 None] Lock "lioadm" "released" by "cinder.volume.targets.lio.LioAdm._execute" :: held 0.477s {{(pid=184862) inner /usr/local/lib/python3.12/site-packages/oslo_concurrency/lockutils.py:424}}
Jan 22 10:22:51.165466 np0005592324.novalocal cinder-volume[184862]: DEBUG oslo_concurrency.lockutils [req-db909cc2-561c-4b92-b335-a7358ce3ee4c req-e7d68a40-ddb6-4ac8-828d-76cb128c3034 tempest-VolumesSnapshotTestJSON-841832484 None] Acquiring lock "lioadm" by "cinder.volume.targets.lio.LioAdm._execute" {{(pid=184862) inner /usr/local/lib/python3.12/site-packages/oslo_concurrency/lockutils.py:405}}
Jan 22 10:22:51.166502 np0005592324.novalocal cinder-volume[184862]: DEBUG oslo_concurrency.lockutils [req-db909cc2-561c-4b92-b335-a7358ce3ee4c req-e7d68a40-ddb6-4ac8-828d-76cb128c3034 tempest-VolumesSnapshotTestJSON-841832484 None] Lock "lioadm" acquired by "cinder.volume.targets.lio.LioAdm._execute" :: waited 0.001s {{(pid=184862) inner /usr/local/lib/python3.12/site-packages/oslo_concurrency/lockutils.py:410}}
Jan 22 10:22:51.166745 np0005592324.novalocal cinder-volume[184862]: DEBUG oslo_concurrency.processutils [req-db909cc2-561c-4b92-b335-a7358ce3ee4c req-e7d68a40-ddb6-4ac8-828d-76cb128c3034 tempest-VolumesSnapshotTestJSON-841832484 None] Running cmd (subprocess): sudo cinder-rootwrap /etc/cinder/rootwrap.conf cinder-rtstool save {{(pid=184862) execute /usr/local/lib/python3.12/site-packages/oslo_concurrency/processutils.py:349}}
Jan 22 10:22:51.189086 np0005592324.novalocal sudo[219974]: stack : PWD=/ ; USER=root ; COMMAND=/usr/local/bin/cinder-rootwrap /etc/cinder/rootwrap.conf cinder-rtstool save
Jan 22 10:22:51.745318 np0005592324.novalocal cinder-volume[184862]: DEBUG oslo_concurrency.processutils [req-db909cc2-561c-4b92-b335-a7358ce3ee4c req-e7d68a40-ddb6-4ac8-828d-76cb128c3034 tempest-VolumesSnapshotTestJSON-841832484 None] CMD "sudo cinder-rootwrap /etc/cinder/rootwrap.conf cinder-rtstool save" returned: 0 in 0.578s {{(pid=184862) execute /usr/local/lib/python3.12/site-packages/oslo_concurrency/processutils.py:372}}
Jan 22 10:22:51.745706 np0005592324.novalocal cinder-volume[184862]: DEBUG oslo_concurrency.lockutils [req-db909cc2-561c-4b92-b335-a7358ce3ee4c req-e7d68a40-ddb6-4ac8-828d-76cb128c3034 tempest-VolumesSnapshotTestJSON-841832484 None] Lock "lioadm" "released" by "cinder.volume.targets.lio.LioAdm._execute" :: held 0.579s {{(pid=184862) inner /usr/local/lib/python3.12/site-packages/oslo_concurrency/lockutils.py:424}}
Jan 22 10:22:51.746017 np0005592324.novalocal cinder-volume[184862]: DEBUG cinder.volume.targets.iscsi [req-db909cc2-561c-4b92-b335-a7358ce3ee4c req-e7d68a40-ddb6-4ac8-828d-76cb128c3034 tempest-VolumesSnapshotTestJSON-841832484 None] Set provider_location to: 38.102.83.245:3260,iqn.2010-10.org.openstack:volume-ea9d2eaa-0d52-40ca-a003-6b0323b2dbd6 iqn.2010-10.org.openstack:volume-ea9d2eaa-0d52-40ca-a003-6b0323b2dbd6 0 {{(pid=184862) create_export /opt/stack/cinder/cinder/volume/targets/iscsi.py:205}}
Jan 22 10:22:51.763613 np0005592324.novalocal cinder-volume[184862]: DEBUG oslo_concurrency.lockutils [req-db909cc2-561c-4b92-b335-a7358ce3ee4c req-e7d68a40-ddb6-4ac8-828d-76cb128c3034 tempest-VolumesSnapshotTestJSON-841832484 None] Acquiring lock "lioadm" by "cinder.volume.targets.lio.LioAdm._execute" {{(pid=184862) inner /usr/local/lib/python3.12/site-packages/oslo_concurrency/lockutils.py:405}}
Jan 22 10:22:51.763736 np0005592324.novalocal cinder-volume[184862]: DEBUG oslo_concurrency.lockutils [req-db909cc2-561c-4b92-b335-a7358ce3ee4c req-e7d68a40-ddb6-4ac8-828d-76cb128c3034 tempest-VolumesSnapshotTestJSON-841832484 None] Lock "lioadm" acquired by "cinder.volume.targets.lio.LioAdm._execute" :: waited 0.000s {{(pid=184862) inner /usr/local/lib/python3.12/site-packages/oslo_concurrency/lockutils.py:410}}
Jan 22 10:22:51.763991 np0005592324.novalocal cinder-volume[184862]: DEBUG oslo_concurrency.processutils [req-db909cc2-561c-4b92-b335-a7358ce3ee4c req-e7d68a40-ddb6-4ac8-828d-76cb128c3034 tempest-VolumesSnapshotTestJSON-841832484 None] Running cmd (subprocess): sudo cinder-rootwrap /etc/cinder/rootwrap.conf cinder-rtstool add-initiator iqn.2010-10.org.openstack:volume-ea9d2eaa-0d52-40ca-a003-6b0323b2dbd6 3HZLQUc7XspNGv6eyEYf uHRTwo2C6inFAKJ4 iqn.1994-05.com.redhat:c51830b0a1f2 {{(pid=184862) execute /usr/local/lib/python3.12/site-packages/oslo_concurrency/processutils.py:349}}
Jan 22 10:22:51.779230 np0005592324.novalocal sudo[219984]: stack : PWD=/ ; USER=root ; COMMAND=/usr/local/bin/cinder-rootwrap /etc/cinder/rootwrap.conf cinder-rtstool add-initiator iqn.2010-10.org.openstack:volume-ea9d2eaa-0d52-40ca-a003-6b0323b2dbd6 3HZLQUc7XspNGv6eyEYf uHRTwo2C6inFAKJ4 iqn.1994-05.com.redhat:c51830b0a1f2
Jan 22 10:22:52.283095 np0005592324.novalocal cinder-volume[184862]: DEBUG oslo_concurrency.processutils [req-db909cc2-561c-4b92-b335-a7358ce3ee4c req-e7d68a40-ddb6-4ac8-828d-76cb128c3034 tempest-VolumesSnapshotTestJSON-841832484 None] CMD "sudo cinder-rootwrap /etc/cinder/rootwrap.conf cinder-rtstool add-initiator iqn.2010-10.org.openstack:volume-ea9d2eaa-0d52-40ca-a003-6b0323b2dbd6 3HZLQUc7XspNGv6eyEYf uHRTwo2C6inFAKJ4 iqn.1994-05.com.redhat:c51830b0a1f2" returned: 0 in 0.519s {{(pid=184862) execute /usr/local/lib/python3.12/site-packages/oslo_concurrency/processutils.py:372}}
Jan 22 10:22:52.285153 np0005592324.novalocal cinder-volume[184862]: DEBUG oslo_concurrency.lockutils [req-db909cc2-561c-4b92-b335-a7358ce3ee4c req-e7d68a40-ddb6-4ac8-828d-76cb128c3034 tempest-VolumesSnapshotTestJSON-841832484 None] Lock "lioadm" "released" by "cinder.volume.targets.lio.LioAdm._execute" :: held 0.520s {{(pid=184862) inner /usr/local/lib/python3.12/site-packages/oslo_concurrency/lockutils.py:424}}
Jan 22 10:22:52.285416 np0005592324.novalocal cinder-volume[184862]: DEBUG oslo_concurrency.lockutils [req-db909cc2-561c-4b92-b335-a7358ce3ee4c req-e7d68a40-ddb6-4ac8-828d-76cb128c3034 tempest-VolumesSnapshotTestJSON-841832484 None] Acquiring lock "lioadm" by "cinder.volume.targets.lio.LioAdm._execute" {{(pid=184862) inner /usr/local/lib/python3.12/site-packages/oslo_concurrency/lockutils.py:405}}
Jan 22 10:22:52.285856 np0005592324.novalocal cinder-volume[184862]: DEBUG oslo_concurrency.lockutils [req-db909cc2-561c-4b92-b335-a7358ce3ee4c req-e7d68a40-ddb6-4ac8-828d-76cb128c3034 tempest-VolumesSnapshotTestJSON-841832484 None] Lock "lioadm" acquired by "cinder.volume.targets.lio.LioAdm._execute" :: waited 0.000s {{(pid=184862) inner /usr/local/lib/python3.12/site-packages/oslo_concurrency/lockutils.py:410}}
Jan 22 10:22:52.286434 np0005592324.novalocal cinder-volume[184862]: DEBUG oslo_concurrency.processutils [req-db909cc2-561c-4b92-b335-a7358ce3ee4c req-e7d68a40-ddb6-4ac8-828d-76cb128c3034 tempest-VolumesSnapshotTestJSON-841832484 None] Running cmd (subprocess): sudo cinder-rootwrap /etc/cinder/rootwrap.conf cinder-rtstool save {{(pid=184862) execute /usr/local/lib/python3.12/site-packages/oslo_concurrency/processutils.py:349}}
Jan 22 10:22:52.304573 np0005592324.novalocal sudo[220010]: stack : PWD=/ ; USER=root ; COMMAND=/usr/local/bin/cinder-rootwrap /etc/cinder/rootwrap.conf cinder-rtstool save
Jan 22 10:22:52.841460 np0005592324.novalocal cinder-volume[184862]: DEBUG oslo_concurrency.processutils [req-db909cc2-561c-4b92-b335-a7358ce3ee4c req-e7d68a40-ddb6-4ac8-828d-76cb128c3034 tempest-VolumesSnapshotTestJSON-841832484 None] CMD "sudo cinder-rootwrap /etc/cinder/rootwrap.conf cinder-rtstool save" returned: 0 in 0.555s {{(pid=184862) execute /usr/local/lib/python3.12/site-packages/oslo_concurrency/processutils.py:372}}
Jan 22 10:22:52.841779 np0005592324.novalocal cinder-volume[184862]: DEBUG oslo_concurrency.lockutils [req-db909cc2-561c-4b92-b335-a7358ce3ee4c req-e7d68a40-ddb6-4ac8-828d-76cb128c3034 tempest-VolumesSnapshotTestJSON-841832484 None] Lock "lioadm" "released" by "cinder.volume.targets.lio.LioAdm._execute" :: held 0.556s {{(pid=184862) inner /usr/local/lib/python3.12/site-packages/oslo_concurrency/lockutils.py:424}}
Jan 22 10:22:52.857944 np0005592324.novalocal cinder-volume[184862]: DEBUG cinder.volume.manager [req-db909cc2-561c-4b92-b335-a7358ce3ee4c req-e7d68a40-ddb6-4ac8-828d-76cb128c3034 tempest-VolumesSnapshotTestJSON-841832484 None] Connection info returned from driver {'target_discovered': False, 'target_portal': '38.102.83.245:3260', 'target_iqn': 'iqn.2010-10.org.openstack:volume-ea9d2eaa-0d52-40ca-a003-6b0323b2dbd6', 'target_lun': 0, 'volume_id': 'ea9d2eaa-0d52-40ca-a003-6b0323b2dbd6', 'auth_method': 'CHAP', 'auth_username': '3HZLQUc7XspNGv6eyEYf', 'auth_password': '***', 'encrypted': False, 'qos_specs': None, 'access_mode': 'rw', 'cacheable': False, 'driver_volume_type': 'iscsi', 'attachment_id': 'be11b51d-b132-449a-a44d-c734597b6f4a', 'enforce_multipath': True} {{(pid=184862) _connection_create /opt/stack/cinder/cinder/volume/manager.py:4893}}
Jan 22 10:22:52.888501 np0005592324.novalocal cinder-volume[184862]: INFO cinder.volume.manager [req-db909cc2-561c-4b92-b335-a7358ce3ee4c req-e7d68a40-ddb6-4ac8-828d-76cb128c3034 tempest-VolumesSnapshotTestJSON-841832484 None] attachment_update completed successfully.
Jan 22 10:22:54.154441 np0005592324.novalocal cinder-volume[184862]: DEBUG oslo_concurrency.processutils [req-fc01a16c-6455-4271-afc1-950e076f9e1c req-69117843-20c1-41dc-8169-7393ce8a49b1 tempest-ServerActionsTestOtherA-1573007413 None] Running cmd (subprocess): sudo cinder-rootwrap /etc/cinder/rootwrap.conf lvchange -a y --yes -K stack-volumes-lvmdriver-1/volume-a09ef8bb-7196-4d99-9daf-6abff2999fad {{(pid=184862) execute /usr/local/lib/python3.12/site-packages/oslo_concurrency/processutils.py:349}}
Jan 22 10:22:54.171995 np0005592324.novalocal sudo[220047]: stack : PWD=/ ; USER=root ; COMMAND=/usr/local/bin/cinder-rootwrap /etc/cinder/rootwrap.conf lvchange -a y --yes -K stack-volumes-lvmdriver-1/volume-a09ef8bb-7196-4d99-9daf-6abff2999fad
Jan 22 10:22:54.563843 np0005592324.novalocal cinder-volume[184862]: DEBUG oslo_concurrency.processutils [req-fc01a16c-6455-4271-afc1-950e076f9e1c req-69117843-20c1-41dc-8169-7393ce8a49b1 tempest-ServerActionsTestOtherA-1573007413 None] CMD "sudo cinder-rootwrap /etc/cinder/rootwrap.conf lvchange -a y --yes -K stack-volumes-lvmdriver-1/volume-a09ef8bb-7196-4d99-9daf-6abff2999fad" returned: 0 in 0.409s {{(pid=184862) execute /usr/local/lib/python3.12/site-packages/oslo_concurrency/processutils.py:372}}
Jan 22 10:22:54.578624 np0005592324.novalocal cinder-volume[184862]: INFO cinder.volume.targets.lio [req-fc01a16c-6455-4271-afc1-950e076f9e1c req-69117843-20c1-41dc-8169-7393ce8a49b1 tempest-ServerActionsTestOtherA-1573007413 None] Creating iscsi_target for volume: volume-a09ef8bb-7196-4d99-9daf-6abff2999fad
Jan 22 10:22:54.578895 np0005592324.novalocal cinder-volume[184862]: DEBUG oslo_concurrency.lockutils [req-fc01a16c-6455-4271-afc1-950e076f9e1c req-69117843-20c1-41dc-8169-7393ce8a49b1 tempest-ServerActionsTestOtherA-1573007413 None] Acquiring lock "lioadm" by "cinder.volume.targets.lio.LioAdm._execute" {{(pid=184862) inner /usr/local/lib/python3.12/site-packages/oslo_concurrency/lockutils.py:405}}
Jan 22 10:22:54.579403 np0005592324.novalocal cinder-volume[184862]: DEBUG oslo_concurrency.lockutils [req-fc01a16c-6455-4271-afc1-950e076f9e1c req-69117843-20c1-41dc-8169-7393ce8a49b1 tempest-ServerActionsTestOtherA-1573007413 None] Lock "lioadm" acquired by "cinder.volume.targets.lio.LioAdm._execute" :: waited 0.001s {{(pid=184862) inner /usr/local/lib/python3.12/site-packages/oslo_concurrency/lockutils.py:410}}
Jan 22 10:22:54.579757 np0005592324.novalocal cinder-volume[184862]: DEBUG oslo_concurrency.processutils [req-fc01a16c-6455-4271-afc1-950e076f9e1c req-69117843-20c1-41dc-8169-7393ce8a49b1 tempest-ServerActionsTestOtherA-1573007413 None] Running cmd (subprocess): sudo cinder-rootwrap /etc/cinder/rootwrap.conf cinder-rtstool create /dev/stack-volumes-lvmdriver-1/volume-a09ef8bb-7196-4d99-9daf-6abff2999fad iqn.2010-10.org.openstack:volume-a09ef8bb-7196-4d99-9daf-6abff2999fad eGcLeunyFXJ8UsBfv8mh xNnMQ4dSoiq6oNRC False -p3260 -a38.102.83.245 {{(pid=184862) execute /usr/local/lib/python3.12/site-packages/oslo_concurrency/processutils.py:349}}
Jan 22 10:22:54.597311 np0005592324.novalocal sudo[220089]: stack : PWD=/ ; USER=root ; COMMAND=/usr/local/bin/cinder-rootwrap /etc/cinder/rootwrap.conf cinder-rtstool create /dev/stack-volumes-lvmdriver-1/volume-a09ef8bb-7196-4d99-9daf-6abff2999fad iqn.2010-10.org.openstack:volume-a09ef8bb-7196-4d99-9daf-6abff2999fad eGcLeunyFXJ8UsBfv8mh xNnMQ4dSoiq6oNRC False -p3260 -a38.102.83.245
Jan 22 10:22:55.135920 np0005592324.novalocal cinder-volume[184862]: DEBUG oslo_concurrency.processutils [req-fc01a16c-6455-4271-afc1-950e076f9e1c req-69117843-20c1-41dc-8169-7393ce8a49b1 tempest-ServerActionsTestOtherA-1573007413 None] CMD "sudo cinder-rootwrap /etc/cinder/rootwrap.conf cinder-rtstool create /dev/stack-volumes-lvmdriver-1/volume-a09ef8bb-7196-4d99-9daf-6abff2999fad iqn.2010-10.org.openstack:volume-a09ef8bb-7196-4d99-9daf-6abff2999fad eGcLeunyFXJ8UsBfv8mh xNnMQ4dSoiq6oNRC False -p3260 -a38.102.83.245" returned: 0 in 0.556s {{(pid=184862) execute /usr/local/lib/python3.12/site-packages/oslo_concurrency/processutils.py:372}}
Jan 22 10:22:55.136267 np0005592324.novalocal cinder-volume[184862]: DEBUG oslo_concurrency.lockutils [req-fc01a16c-6455-4271-afc1-950e076f9e1c req-69117843-20c1-41dc-8169-7393ce8a49b1 tempest-ServerActionsTestOtherA-1573007413 None] Lock "lioadm" "released" by "cinder.volume.targets.lio.LioAdm._execute" :: held 0.557s {{(pid=184862) inner /usr/local/lib/python3.12/site-packages/oslo_concurrency/lockutils.py:424}}
Jan 22 10:22:55.136686 np0005592324.novalocal cinder-volume[184862]: DEBUG oslo_concurrency.lockutils [req-fc01a16c-6455-4271-afc1-950e076f9e1c req-69117843-20c1-41dc-8169-7393ce8a49b1 tempest-ServerActionsTestOtherA-1573007413 None] Acquiring lock "lioadm" by "cinder.volume.targets.lio.LioAdm._execute" {{(pid=184862) inner /usr/local/lib/python3.12/site-packages/oslo_concurrency/lockutils.py:405}}
Jan 22 10:22:55.136978 np0005592324.novalocal cinder-volume[184862]: DEBUG oslo_concurrency.lockutils [req-fc01a16c-6455-4271-afc1-950e076f9e1c req-69117843-20c1-41dc-8169-7393ce8a49b1 tempest-ServerActionsTestOtherA-1573007413 None] Lock "lioadm" acquired by "cinder.volume.targets.lio.LioAdm._execute" :: waited 0.001s {{(pid=184862) inner /usr/local/lib/python3.12/site-packages/oslo_concurrency/lockutils.py:410}}
Jan 22 10:22:55.137410 np0005592324.novalocal cinder-volume[184862]: DEBUG oslo_concurrency.processutils [req-fc01a16c-6455-4271-afc1-950e076f9e1c req-69117843-20c1-41dc-8169-7393ce8a49b1 tempest-ServerActionsTestOtherA-1573007413 None] Running cmd (subprocess): sudo cinder-rootwrap /etc/cinder/rootwrap.conf cinder-rtstool get-targets {{(pid=184862) execute /usr/local/lib/python3.12/site-packages/oslo_concurrency/processutils.py:349}}
Jan 22 10:22:55.158048 np0005592324.novalocal sudo[220095]: stack : PWD=/ ; USER=root ; COMMAND=/usr/local/bin/cinder-rootwrap /etc/cinder/rootwrap.conf cinder-rtstool get-targets
Jan 22 10:22:55.676961 np0005592324.novalocal cinder-volume[184862]: DEBUG oslo_concurrency.processutils [req-fc01a16c-6455-4271-afc1-950e076f9e1c req-69117843-20c1-41dc-8169-7393ce8a49b1 tempest-ServerActionsTestOtherA-1573007413 None] CMD "sudo cinder-rootwrap /etc/cinder/rootwrap.conf cinder-rtstool get-targets" returned: 0 in 0.539s {{(pid=184862) execute /usr/local/lib/python3.12/site-packages/oslo_concurrency/processutils.py:372}}
Jan 22 10:22:55.677409 np0005592324.novalocal cinder-volume[184862]: DEBUG oslo_concurrency.lockutils [req-fc01a16c-6455-4271-afc1-950e076f9e1c req-69117843-20c1-41dc-8169-7393ce8a49b1 tempest-ServerActionsTestOtherA-1573007413 None] Lock "lioadm" "released" by "cinder.volume.targets.lio.LioAdm._execute" :: held 0.540s {{(pid=184862) inner /usr/local/lib/python3.12/site-packages/oslo_concurrency/lockutils.py:424}}
Jan 22 10:22:55.677554 np0005592324.novalocal cinder-volume[184862]: DEBUG oslo_concurrency.lockutils [req-fc01a16c-6455-4271-afc1-950e076f9e1c req-69117843-20c1-41dc-8169-7393ce8a49b1 tempest-ServerActionsTestOtherA-1573007413 None] Acquiring lock "lioadm" by "cinder.volume.targets.lio.LioAdm._execute" {{(pid=184862) inner /usr/local/lib/python3.12/site-packages/oslo_concurrency/lockutils.py:405}}
Jan 22 10:22:55.677868 np0005592324.novalocal cinder-volume[184862]: DEBUG oslo_concurrency.lockutils [req-fc01a16c-6455-4271-afc1-950e076f9e1c req-69117843-20c1-41dc-8169-7393ce8a49b1 tempest-ServerActionsTestOtherA-1573007413 None] Lock "lioadm" acquired by "cinder.volume.targets.lio.LioAdm._execute" :: waited 0.000s {{(pid=184862) inner /usr/local/lib/python3.12/site-packages/oslo_concurrency/lockutils.py:410}}
Jan 22 10:22:55.678146 np0005592324.novalocal cinder-volume[184862]: DEBUG oslo_concurrency.processutils [req-fc01a16c-6455-4271-afc1-950e076f9e1c req-69117843-20c1-41dc-8169-7393ce8a49b1 tempest-ServerActionsTestOtherA-1573007413 None] Running cmd (subprocess): sudo cinder-rootwrap /etc/cinder/rootwrap.conf cinder-rtstool save {{(pid=184862) execute /usr/local/lib/python3.12/site-packages/oslo_concurrency/processutils.py:349}}
Jan 22 10:22:55.695440 np0005592324.novalocal sudo[220102]: stack : PWD=/ ; USER=root ; COMMAND=/usr/local/bin/cinder-rootwrap /etc/cinder/rootwrap.conf cinder-rtstool save
Jan 22 10:22:56.212155 np0005592324.novalocal cinder-volume[184862]: DEBUG oslo_concurrency.processutils [req-fc01a16c-6455-4271-afc1-950e076f9e1c req-69117843-20c1-41dc-8169-7393ce8a49b1 tempest-ServerActionsTestOtherA-1573007413 None] CMD "sudo cinder-rootwrap /etc/cinder/rootwrap.conf cinder-rtstool save" returned: 0 in 0.532s {{(pid=184862) execute /usr/local/lib/python3.12/site-packages/oslo_concurrency/processutils.py:372}}
Jan 22 10:22:56.212715 np0005592324.novalocal cinder-volume[184862]: DEBUG oslo_concurrency.lockutils [req-fc01a16c-6455-4271-afc1-950e076f9e1c req-69117843-20c1-41dc-8169-7393ce8a49b1 tempest-ServerActionsTestOtherA-1573007413 None] Lock "lioadm" "released" by "cinder.volume.targets.lio.LioAdm._execute" :: held 0.535s {{(pid=184862) inner /usr/local/lib/python3.12/site-packages/oslo_concurrency/lockutils.py:424}}
Jan 22 10:22:56.213074 np0005592324.novalocal cinder-volume[184862]: DEBUG cinder.volume.targets.iscsi [req-fc01a16c-6455-4271-afc1-950e076f9e1c req-69117843-20c1-41dc-8169-7393ce8a49b1 tempest-ServerActionsTestOtherA-1573007413 None] Set provider_location to: 38.102.83.245:3260,iqn.2010-10.org.openstack:volume-a09ef8bb-7196-4d99-9daf-6abff2999fad iqn.2010-10.org.openstack:volume-a09ef8bb-7196-4d99-9daf-6abff2999fad 0 {{(pid=184862) create_export /opt/stack/cinder/cinder/volume/targets/iscsi.py:205}}
Jan 22 10:22:56.226441 np0005592324.novalocal cinder-volume[184862]: DEBUG oslo_concurrency.lockutils [req-fc01a16c-6455-4271-afc1-950e076f9e1c req-69117843-20c1-41dc-8169-7393ce8a49b1 tempest-ServerActionsTestOtherA-1573007413 None] Acquiring lock "lioadm" by "cinder.volume.targets.lio.LioAdm._execute" {{(pid=184862) inner /usr/local/lib/python3.12/site-packages/oslo_concurrency/lockutils.py:405}}
Jan 22 10:22:56.226441 np0005592324.novalocal cinder-volume[184862]: DEBUG oslo_concurrency.lockutils [req-fc01a16c-6455-4271-afc1-950e076f9e1c req-69117843-20c1-41dc-8169-7393ce8a49b1 tempest-ServerActionsTestOtherA-1573007413 None] Lock "lioadm" acquired by "cinder.volume.targets.lio.LioAdm._execute" :: waited 0.001s {{(pid=184862) inner /usr/local/lib/python3.12/site-packages/oslo_concurrency/lockutils.py:410}}
Jan 22 10:22:56.230352 np0005592324.novalocal cinder-volume[184862]: DEBUG oslo_concurrency.processutils [req-fc01a16c-6455-4271-afc1-950e076f9e1c req-69117843-20c1-41dc-8169-7393ce8a49b1 tempest-ServerActionsTestOtherA-1573007413 None] Running cmd (subprocess): sudo cinder-rootwrap /etc/cinder/rootwrap.conf cinder-rtstool add-initiator iqn.2010-10.org.openstack:volume-a09ef8bb-7196-4d99-9daf-6abff2999fad eGcLeunyFXJ8UsBfv8mh xNnMQ4dSoiq6oNRC iqn.1994-05.com.redhat:c51830b0a1f2 {{(pid=184862) execute /usr/local/lib/python3.12/site-packages/oslo_concurrency/processutils.py:349}}
Jan 22 10:22:56.264894 np0005592324.novalocal sudo[220130]: stack : PWD=/ ; USER=root ; COMMAND=/usr/local/bin/cinder-rootwrap /etc/cinder/rootwrap.conf cinder-rtstool add-initiator iqn.2010-10.org.openstack:volume-a09ef8bb-7196-4d99-9daf-6abff2999fad eGcLeunyFXJ8UsBfv8mh xNnMQ4dSoiq6oNRC iqn.1994-05.com.redhat:c51830b0a1f2
Jan 22 10:22:56.761479 np0005592324.novalocal cinder-volume[184862]: DEBUG oslo_concurrency.processutils [req-fc01a16c-6455-4271-afc1-950e076f9e1c req-69117843-20c1-41dc-8169-7393ce8a49b1 tempest-ServerActionsTestOtherA-1573007413 None] CMD "sudo cinder-rootwrap /etc/cinder/rootwrap.conf cinder-rtstool add-initiator iqn.2010-10.org.openstack:volume-a09ef8bb-7196-4d99-9daf-6abff2999fad eGcLeunyFXJ8UsBfv8mh xNnMQ4dSoiq6oNRC iqn.1994-05.com.redhat:c51830b0a1f2" returned: 0 in 0.534s {{(pid=184862) execute /usr/local/lib/python3.12/site-packages/oslo_concurrency/processutils.py:372}}
Jan 22 10:22:56.762578 np0005592324.novalocal cinder-volume[184862]: DEBUG oslo_concurrency.lockutils [req-fc01a16c-6455-4271-afc1-950e076f9e1c req-69117843-20c1-41dc-8169-7393ce8a49b1 tempest-ServerActionsTestOtherA-1573007413 None] Lock "lioadm" "released" by "cinder.volume.targets.lio.LioAdm._execute" :: held 0.536s {{(pid=184862) inner /usr/local/lib/python3.12/site-packages/oslo_concurrency/lockutils.py:424}}
Jan 22 10:22:56.762578 np0005592324.novalocal cinder-volume[184862]: DEBUG oslo_concurrency.lockutils [req-fc01a16c-6455-4271-afc1-950e076f9e1c req-69117843-20c1-41dc-8169-7393ce8a49b1 tempest-ServerActionsTestOtherA-1573007413 None] Acquiring lock "lioadm" by "cinder.volume.targets.lio.LioAdm._execute" {{(pid=184862) inner /usr/local/lib/python3.12/site-packages/oslo_concurrency/lockutils.py:405}}
Jan 22 10:22:56.763020 np0005592324.novalocal cinder-volume[184862]: DEBUG oslo_concurrency.lockutils [req-fc01a16c-6455-4271-afc1-950e076f9e1c req-69117843-20c1-41dc-8169-7393ce8a49b1 tempest-ServerActionsTestOtherA-1573007413 None] Lock "lioadm" acquired by "cinder.volume.targets.lio.LioAdm._execute" :: waited 0.001s {{(pid=184862) inner /usr/local/lib/python3.12/site-packages/oslo_concurrency/lockutils.py:410}}
Jan 22 10:22:56.763608 np0005592324.novalocal cinder-volume[184862]: DEBUG oslo_concurrency.processutils [req-fc01a16c-6455-4271-afc1-950e076f9e1c req-69117843-20c1-41dc-8169-7393ce8a49b1 tempest-ServerActionsTestOtherA-1573007413 None] Running cmd (subprocess): sudo cinder-rootwrap /etc/cinder/rootwrap.conf cinder-rtstool save {{(pid=184862) execute /usr/local/lib/python3.12/site-packages/oslo_concurrency/processutils.py:349}}
Jan 22 10:22:56.785301 np0005592324.novalocal sudo[220158]: stack : PWD=/ ; USER=root ; COMMAND=/usr/local/bin/cinder-rootwrap /etc/cinder/rootwrap.conf cinder-rtstool save
Jan 22 10:22:57.386853 np0005592324.novalocal cinder-volume[184862]: DEBUG oslo_concurrency.processutils [req-fc01a16c-6455-4271-afc1-950e076f9e1c req-69117843-20c1-41dc-8169-7393ce8a49b1 tempest-ServerActionsTestOtherA-1573007413 None] CMD "sudo cinder-rootwrap /etc/cinder/rootwrap.conf cinder-rtstool save" returned: 0 in 0.623s {{(pid=184862) execute /usr/local/lib/python3.12/site-packages/oslo_concurrency/processutils.py:372}}
Jan 22 10:22:57.387482 np0005592324.novalocal cinder-volume[184862]: DEBUG oslo_concurrency.lockutils [req-fc01a16c-6455-4271-afc1-950e076f9e1c req-69117843-20c1-41dc-8169-7393ce8a49b1 tempest-ServerActionsTestOtherA-1573007413 None] Lock "lioadm" "released" by "cinder.volume.targets.lio.LioAdm._execute" :: held 0.624s {{(pid=184862) inner /usr/local/lib/python3.12/site-packages/oslo_concurrency/lockutils.py:424}}
Jan 22 10:22:57.406841 np0005592324.novalocal cinder-volume[184862]: DEBUG cinder.volume.manager [req-fc01a16c-6455-4271-afc1-950e076f9e1c req-69117843-20c1-41dc-8169-7393ce8a49b1 tempest-ServerActionsTestOtherA-1573007413 None] Connection info returned from driver {'target_discovered': False, 'target_portal': '38.102.83.245:3260', 'target_iqn': 'iqn.2010-10.org.openstack:volume-a09ef8bb-7196-4d99-9daf-6abff2999fad', 'target_lun': 0, 'volume_id': 'a09ef8bb-7196-4d99-9daf-6abff2999fad', 'auth_method': 'CHAP', 'auth_username': 'eGcLeunyFXJ8UsBfv8mh', 'auth_password': '***', 'encrypted': False, 'qos_specs': None, 'access_mode': 'rw', 'cacheable': False, 'driver_volume_type': 'iscsi', 'attachment_id': '6a865dd1-4391-4d13-9ce3-59c9094a1da5', 'enforce_multipath': True} {{(pid=184862) _connection_create /opt/stack/cinder/cinder/volume/manager.py:4893}}
Jan 22 10:22:57.462812 np0005592324.novalocal cinder-volume[184862]: INFO cinder.volume.manager [req-fc01a16c-6455-4271-afc1-950e076f9e1c req-69117843-20c1-41dc-8169-7393ce8a49b1 tempest-ServerActionsTestOtherA-1573007413 None] attachment_update completed successfully.
Jan 22 10:22:59.690184 np0005592324.novalocal cinder-volume[184862]: DEBUG oslo_concurrency.processutils [None req-d099c472-094f-4236-b46c-cb1617a78184 tempest-VolumesSnapshotTestJSON-841832484 None] Running cmd (subprocess): sudo cinder-rootwrap /etc/cinder/rootwrap.conf env LC_ALL=C lvs --noheadings --unit=g -o vg_name,name,size --nosuffix --readonly stack-volumes-lvmdriver-1/volume-ea9d2eaa-0d52-40ca-a003-6b0323b2dbd6 {{(pid=184862) execute /usr/local/lib/python3.12/site-packages/oslo_concurrency/processutils.py:349}}
Jan 22 10:22:59.712157 np0005592324.novalocal sudo[220181]: stack : PWD=/ ; USER=root ; COMMAND=/usr/local/bin/cinder-rootwrap /etc/cinder/rootwrap.conf env LC_ALL=C lvs --noheadings --unit=g -o vg_name,name,size --nosuffix --readonly stack-volumes-lvmdriver-1/volume-ea9d2eaa-0d52-40ca-a003-6b0323b2dbd6
Jan 22 10:23:00.052033 np0005592324.novalocal cinder-volume[184862]: DEBUG oslo_concurrency.processutils [None req-d099c472-094f-4236-b46c-cb1617a78184 tempest-VolumesSnapshotTestJSON-841832484 None] CMD "sudo cinder-rootwrap /etc/cinder/rootwrap.conf env LC_ALL=C lvs --noheadings --unit=g -o vg_name,name,size --nosuffix --readonly stack-volumes-lvmdriver-1/volume-ea9d2eaa-0d52-40ca-a003-6b0323b2dbd6" returned: 0 in 0.362s {{(pid=184862) execute /usr/local/lib/python3.12/site-packages/oslo_concurrency/processutils.py:372}}
Jan 22 10:23:00.052803 np0005592324.novalocal cinder-volume[184862]: DEBUG oslo_concurrency.processutils [None req-d099c472-094f-4236-b46c-cb1617a78184 tempest-VolumesSnapshotTestJSON-841832484 None] Running cmd (subprocess): sudo cinder-rootwrap /etc/cinder/rootwrap.conf env LC_ALL=C lvcreate --name _snapshot-3a57aa56-8430-4bb8-886c-6a217cf0119a --snapshot stack-volumes-lvmdriver-1/volume-ea9d2eaa-0d52-40ca-a003-6b0323b2dbd6 {{(pid=184862) execute /usr/local/lib/python3.12/site-packages/oslo_concurrency/processutils.py:349}}
Jan 22 10:23:00.075897 np0005592324.novalocal sudo[220186]: stack : PWD=/ ; USER=root ; COMMAND=/usr/local/bin/cinder-rootwrap /etc/cinder/rootwrap.conf env LC_ALL=C lvcreate --name _snapshot-3a57aa56-8430-4bb8-886c-6a217cf0119a --snapshot stack-volumes-lvmdriver-1/volume-ea9d2eaa-0d52-40ca-a003-6b0323b2dbd6
Jan 22 10:23:00.468605 np0005592324.novalocal cinder-volume[184862]: DEBUG oslo_concurrency.processutils [None req-d099c472-094f-4236-b46c-cb1617a78184 tempest-VolumesSnapshotTestJSON-841832484 None] CMD "sudo cinder-rootwrap /etc/cinder/rootwrap.conf env LC_ALL=C lvcreate --name _snapshot-3a57aa56-8430-4bb8-886c-6a217cf0119a --snapshot stack-volumes-lvmdriver-1/volume-ea9d2eaa-0d52-40ca-a003-6b0323b2dbd6" returned: 0 in 0.416s {{(pid=184862) execute /usr/local/lib/python3.12/site-packages/oslo_concurrency/processutils.py:372}}
Jan 22 10:23:00.508678 np0005592324.novalocal cinder-volume[184862]: INFO cinder.volume.manager [None req-d099c472-094f-4236-b46c-cb1617a78184 tempest-VolumesSnapshotTestJSON-841832484 None] Create snapshot completed successfully
Jan 22 10:23:00.856344 np0005592324.novalocal cinder-volume[184862]: DEBUG oslo_concurrency.processutils [None req-15bc03fb-5b1e-436f-94e9-af2fb45a2278 tempest-VolumesSnapshotTestJSON-841832484 None] Running cmd (subprocess): sudo cinder-rootwrap /etc/cinder/rootwrap.conf env LC_ALL=C lvs --noheadings --unit=g -o vg_name,name,size --nosuffix --readonly stack-volumes-lvmdriver-1/volume-ea9d2eaa-0d52-40ca-a003-6b0323b2dbd6 {{(pid=184862) execute /usr/local/lib/python3.12/site-packages/oslo_concurrency/processutils.py:349}}
Jan 22 10:23:00.882576 np0005592324.novalocal sudo[220237]: stack : PWD=/ ; USER=root ; COMMAND=/usr/local/bin/cinder-rootwrap /etc/cinder/rootwrap.conf env LC_ALL=C lvs --noheadings --unit=g -o vg_name,name,size --nosuffix --readonly stack-volumes-lvmdriver-1/volume-ea9d2eaa-0d52-40ca-a003-6b0323b2dbd6
Jan 22 10:23:01.231713 np0005592324.novalocal cinder-volume[184862]: DEBUG oslo_concurrency.processutils [None req-15bc03fb-5b1e-436f-94e9-af2fb45a2278 tempest-VolumesSnapshotTestJSON-841832484 None] CMD "sudo cinder-rootwrap /etc/cinder/rootwrap.conf env LC_ALL=C lvs --noheadings --unit=g -o vg_name,name,size --nosuffix --readonly stack-volumes-lvmdriver-1/volume-ea9d2eaa-0d52-40ca-a003-6b0323b2dbd6" returned: 0 in 0.375s {{(pid=184862) execute /usr/local/lib/python3.12/site-packages/oslo_concurrency/processutils.py:372}}
Jan 22 10:23:01.232380 np0005592324.novalocal cinder-volume[184862]: DEBUG oslo_concurrency.processutils [None req-15bc03fb-5b1e-436f-94e9-af2fb45a2278 tempest-VolumesSnapshotTestJSON-841832484 None] Running cmd (subprocess): sudo cinder-rootwrap /etc/cinder/rootwrap.conf env LC_ALL=C lvcreate --name _snapshot-a125ecd4-4ab8-43d0-a03d-46f96105be3f --snapshot stack-volumes-lvmdriver-1/volume-ea9d2eaa-0d52-40ca-a003-6b0323b2dbd6 {{(pid=184862) execute /usr/local/lib/python3.12/site-packages/oslo_concurrency/processutils.py:349}}
Jan 22 10:23:01.252897 np0005592324.novalocal sudo[220242]: stack : PWD=/ ; USER=root ; COMMAND=/usr/local/bin/cinder-rootwrap /etc/cinder/rootwrap.conf env LC_ALL=C lvcreate --name _snapshot-a125ecd4-4ab8-43d0-a03d-46f96105be3f --snapshot stack-volumes-lvmdriver-1/volume-ea9d2eaa-0d52-40ca-a003-6b0323b2dbd6
Jan 22 10:23:01.786430 np0005592324.novalocal cinder-volume[184862]: DEBUG oslo_concurrency.processutils [None req-15bc03fb-5b1e-436f-94e9-af2fb45a2278 tempest-VolumesSnapshotTestJSON-841832484 None] CMD "sudo cinder-rootwrap /etc/cinder/rootwrap.conf env LC_ALL=C lvcreate --name _snapshot-a125ecd4-4ab8-43d0-a03d-46f96105be3f --snapshot stack-volumes-lvmdriver-1/volume-ea9d2eaa-0d52-40ca-a003-6b0323b2dbd6" returned: 0 in 0.553s {{(pid=184862) execute /usr/local/lib/python3.12/site-packages/oslo_concurrency/processutils.py:372}}
Jan 22 10:23:01.843896 np0005592324.novalocal cinder-volume[184862]: INFO cinder.volume.manager [None req-15bc03fb-5b1e-436f-94e9-af2fb45a2278 tempest-VolumesSnapshotTestJSON-841832484 None] Create snapshot completed successfully
Jan 22 10:23:02.027104 np0005592324.novalocal cinder-volume[184862]: DEBUG oslo_concurrency.processutils [None req-c635555d-5ab7-4687-939e-5e34515ffe03 tempest-VolumesSnapshotTestJSON-841832484 None] Running cmd (subprocess): sudo cinder-rootwrap /etc/cinder/rootwrap.conf env LC_ALL=C lvs --noheadings --unit=g -o vg_name,name,size --nosuffix --readonly stack-volumes-lvmdriver-1/volume-ea9d2eaa-0d52-40ca-a003-6b0323b2dbd6 {{(pid=184862) execute /usr/local/lib/python3.12/site-packages/oslo_concurrency/processutils.py:349}}
Jan 22 10:23:02.052192 np0005592324.novalocal sudo[220255]: stack : PWD=/ ; USER=root ; COMMAND=/usr/local/bin/cinder-rootwrap /etc/cinder/rootwrap.conf env LC_ALL=C lvs --noheadings --unit=g -o vg_name,name,size --nosuffix --readonly stack-volumes-lvmdriver-1/volume-ea9d2eaa-0d52-40ca-a003-6b0323b2dbd6
Jan 22 10:23:02.438540 np0005592324.novalocal cinder-volume[184862]: DEBUG oslo_concurrency.processutils [None req-c635555d-5ab7-4687-939e-5e34515ffe03 tempest-VolumesSnapshotTestJSON-841832484 None] CMD "sudo cinder-rootwrap /etc/cinder/rootwrap.conf env LC_ALL=C lvs --noheadings --unit=g -o vg_name,name,size --nosuffix --readonly stack-volumes-lvmdriver-1/volume-ea9d2eaa-0d52-40ca-a003-6b0323b2dbd6" returned: 0 in 0.410s {{(pid=184862) execute /usr/local/lib/python3.12/site-packages/oslo_concurrency/processutils.py:372}}
Jan 22 10:23:02.439684 np0005592324.novalocal cinder-volume[184862]: DEBUG oslo_concurrency.processutils [None req-c635555d-5ab7-4687-939e-5e34515ffe03 tempest-VolumesSnapshotTestJSON-841832484 None] Running cmd (subprocess): sudo cinder-rootwrap /etc/cinder/rootwrap.conf env LC_ALL=C lvcreate --name _snapshot-9e9c5c1f-384b-4d69-9bf7-58ee9442f7cc --snapshot stack-volumes-lvmdriver-1/volume-ea9d2eaa-0d52-40ca-a003-6b0323b2dbd6 {{(pid=184862) execute /usr/local/lib/python3.12/site-packages/oslo_concurrency/processutils.py:349}}
Jan 22 10:23:02.460957 np0005592324.novalocal sudo[220260]: stack : PWD=/ ; USER=root ; COMMAND=/usr/local/bin/cinder-rootwrap /etc/cinder/rootwrap.conf env LC_ALL=C lvcreate --name _snapshot-9e9c5c1f-384b-4d69-9bf7-58ee9442f7cc --snapshot stack-volumes-lvmdriver-1/volume-ea9d2eaa-0d52-40ca-a003-6b0323b2dbd6
Jan 22 10:23:03.254838 np0005592324.novalocal cinder-volume[184862]: DEBUG oslo_concurrency.processutils [None req-c635555d-5ab7-4687-939e-5e34515ffe03 tempest-VolumesSnapshotTestJSON-841832484 None] CMD "sudo cinder-rootwrap /etc/cinder/rootwrap.conf env LC_ALL=C lvcreate --name _snapshot-9e9c5c1f-384b-4d69-9bf7-58ee9442f7cc --snapshot stack-volumes-lvmdriver-1/volume-ea9d2eaa-0d52-40ca-a003-6b0323b2dbd6" returned: 0 in 0.815s {{(pid=184862) execute /usr/local/lib/python3.12/site-packages/oslo_concurrency/processutils.py:372}}
Jan 22 10:23:03.293435 np0005592324.novalocal cinder-volume[184862]: INFO cinder.volume.manager [None req-c635555d-5ab7-4687-939e-5e34515ffe03 tempest-VolumesSnapshotTestJSON-841832484 None] Create snapshot completed successfully
Jan 22 10:23:04.092101 np0005592324.novalocal cinder-volume[184862]: DEBUG cinder.coordination [None req-5c8c3add-ee20-44d4-82b3-3e9ca5f0d12a tempest-VolumesSnapshotTestJSON-841832484 None] Acquiring lock "cinder-3a57aa56-8430-4bb8-886c-6a217cf0119a-delete_snapshot" by "delete_snapshot" {{(pid=184862) __acquire /opt/stack/cinder/cinder/coordination.py:143}}
Jan 22 10:23:04.100574 np0005592324.novalocal cinder-volume[184862]: DEBUG cinder.coordination [None req-5c8c3add-ee20-44d4-82b3-3e9ca5f0d12a tempest-VolumesSnapshotTestJSON-841832484 None] Lock "cinder-3a57aa56-8430-4bb8-886c-6a217cf0119a-delete_snapshot" acquired by "delete_snapshot" :: waited 0.008s {{(pid=184862) __acquire /opt/stack/cinder/cinder/coordination.py:146}}
Jan 22 10:23:04.101764 np0005592324.novalocal cinder-volume[184862]: DEBUG oslo_concurrency.processutils [None req-5c8c3add-ee20-44d4-82b3-3e9ca5f0d12a tempest-VolumesSnapshotTestJSON-841832484 None] Running cmd (subprocess): sudo cinder-rootwrap /etc/cinder/rootwrap.conf env LC_ALL=C lvs --noheadings --unit=g -o vg_name,name,size --nosuffix --readonly stack-volumes-lvmdriver-1/_snapshot-3a57aa56-8430-4bb8-886c-6a217cf0119a {{(pid=184862) execute /usr/local/lib/python3.12/site-packages/oslo_concurrency/processutils.py:349}}
Jan 22 10:23:04.137817 np0005592324.novalocal sudo[220280]: stack : PWD=/ ; USER=root ; COMMAND=/usr/local/bin/cinder-rootwrap /etc/cinder/rootwrap.conf env LC_ALL=C lvs --noheadings --unit=g -o vg_name,name,size --nosuffix --readonly stack-volumes-lvmdriver-1/_snapshot-3a57aa56-8430-4bb8-886c-6a217cf0119a
Jan 22 10:23:04.520197 np0005592324.novalocal cinder-volume[184862]: DEBUG oslo_concurrency.processutils [None req-5c8c3add-ee20-44d4-82b3-3e9ca5f0d12a tempest-VolumesSnapshotTestJSON-841832484 None] CMD "sudo cinder-rootwrap /etc/cinder/rootwrap.conf env LC_ALL=C lvs --noheadings --unit=g -o vg_name,name,size --nosuffix --readonly stack-volumes-lvmdriver-1/_snapshot-3a57aa56-8430-4bb8-886c-6a217cf0119a" returned: 0 in 0.418s {{(pid=184862) execute /usr/local/lib/python3.12/site-packages/oslo_concurrency/processutils.py:372}}
Jan 22 10:23:04.520903 np0005592324.novalocal cinder-volume[184862]: DEBUG oslo_concurrency.processutils [None req-5c8c3add-ee20-44d4-82b3-3e9ca5f0d12a tempest-VolumesSnapshotTestJSON-841832484 None] Running cmd (subprocess): sudo cinder-rootwrap /etc/cinder/rootwrap.conf lvremove --config activation { retry_deactivation = 1} -f stack-volumes-lvmdriver-1/_snapshot-3a57aa56-8430-4bb8-886c-6a217cf0119a {{(pid=184862) execute /usr/local/lib/python3.12/site-packages/oslo_concurrency/processutils.py:349}}
Jan 22 10:23:04.541154 np0005592324.novalocal sudo[220286]: stack : PWD=/ ; USER=root ; COMMAND=/usr/local/bin/cinder-rootwrap /etc/cinder/rootwrap.conf lvremove --config 'activation { retry_deactivation = 1} ' -f stack-volumes-lvmdriver-1/_snapshot-3a57aa56-8430-4bb8-886c-6a217cf0119a
Jan 22 10:23:04.992747 np0005592324.novalocal cinder-volume[184862]: DEBUG oslo_concurrency.processutils [None req-5c8c3add-ee20-44d4-82b3-3e9ca5f0d12a tempest-VolumesSnapshotTestJSON-841832484 None] CMD "sudo cinder-rootwrap /etc/cinder/rootwrap.conf lvremove --config activation { retry_deactivation = 1} -f stack-volumes-lvmdriver-1/_snapshot-3a57aa56-8430-4bb8-886c-6a217cf0119a" returned: 0 in 0.472s {{(pid=184862) execute /usr/local/lib/python3.12/site-packages/oslo_concurrency/processutils.py:372}}
Jan 22 10:23:05.018898 np0005592324.novalocal cinder-volume[184862]: DEBUG cinder.quota [None req-5c8c3add-ee20-44d4-82b3-3e9ca5f0d12a tempest-VolumesSnapshotTestJSON-841832484 None] Created reservations ['df784636-f2c4-4abf-84fb-e6396e737d39', '297064b4-a794-4378-8bbc-4681214f09b1', '23d66671-105c-4774-8d6c-334e2314dda5', '4deb2e41-e399-4779-a50b-332b1c39dbfb'] {{(pid=184862) reserve /opt/stack/cinder/cinder/quota.py:752}}
Jan 22 10:23:05.044612 np0005592324.novalocal cinder-volume[184862]: INFO cinder.volume.manager [None req-5c8c3add-ee20-44d4-82b3-3e9ca5f0d12a tempest-VolumesSnapshotTestJSON-841832484 None] Delete snapshot completed successfully.
Jan 22 10:23:05.047105 np0005592324.novalocal cinder-volume[184862]: DEBUG cinder.coordination [None req-5c8c3add-ee20-44d4-82b3-3e9ca5f0d12a tempest-VolumesSnapshotTestJSON-841832484 None] Lock "cinder-3a57aa56-8430-4bb8-886c-6a217cf0119a-delete_snapshot" released by "delete_snapshot" :: held 0.947s {{(pid=184862) __release /opt/stack/cinder/cinder/coordination.py:157}}
Jan 22 10:23:05.213177 np0005592324.novalocal cinder-volume[184862]: DEBUG cinder.coordination [None req-428a4e00-f28e-46a8-b0d6-8da765a956e0 tempest-VolumesSnapshotTestJSON-841832484 None] Acquiring lock "cinder-9e9c5c1f-384b-4d69-9bf7-58ee9442f7cc-delete_snapshot" by "delete_snapshot" {{(pid=184862) __acquire /opt/stack/cinder/cinder/coordination.py:143}}
Jan 22 10:23:05.221310 np0005592324.novalocal cinder-volume[184862]: DEBUG cinder.coordination [None req-428a4e00-f28e-46a8-b0d6-8da765a956e0 tempest-VolumesSnapshotTestJSON-841832484 None] Lock "cinder-9e9c5c1f-384b-4d69-9bf7-58ee9442f7cc-delete_snapshot" acquired by "delete_snapshot" :: waited 0.008s {{(pid=184862) __acquire /opt/stack/cinder/cinder/coordination.py:146}}
Jan 22 10:23:05.223429 np0005592324.novalocal cinder-volume[184862]: DEBUG oslo_concurrency.processutils [None req-428a4e00-f28e-46a8-b0d6-8da765a956e0 tempest-VolumesSnapshotTestJSON-841832484 None] Running cmd (subprocess): sudo cinder-rootwrap /etc/cinder/rootwrap.conf env LC_ALL=C lvs --noheadings --unit=g -o vg_name,name,size --nosuffix --readonly stack-volumes-lvmdriver-1/_snapshot-9e9c5c1f-384b-4d69-9bf7-58ee9442f7cc {{(pid=184862) execute /usr/local/lib/python3.12/site-packages/oslo_concurrency/processutils.py:349}}
Jan 22 10:23:05.244169 np0005592324.novalocal sudo[220328]: stack : PWD=/ ; USER=root ; COMMAND=/usr/local/bin/cinder-rootwrap /etc/cinder/rootwrap.conf env LC_ALL=C lvs --noheadings --unit=g -o vg_name,name,size --nosuffix --readonly stack-volumes-lvmdriver-1/_snapshot-9e9c5c1f-384b-4d69-9bf7-58ee9442f7cc
Jan 22 10:23:05.615366 np0005592324.novalocal cinder-volume[184862]: DEBUG oslo_concurrency.processutils [None req-428a4e00-f28e-46a8-b0d6-8da765a956e0 tempest-VolumesSnapshotTestJSON-841832484 None] CMD "sudo cinder-rootwrap /etc/cinder/rootwrap.conf env LC_ALL=C lvs --noheadings --unit=g -o vg_name,name,size --nosuffix --readonly stack-volumes-lvmdriver-1/_snapshot-9e9c5c1f-384b-4d69-9bf7-58ee9442f7cc" returned: 0 in 0.392s {{(pid=184862) execute /usr/local/lib/python3.12/site-packages/oslo_concurrency/processutils.py:372}}
Jan 22 10:23:05.617621 np0005592324.novalocal cinder-volume[184862]: DEBUG oslo_concurrency.processutils [None req-428a4e00-f28e-46a8-b0d6-8da765a956e0 tempest-VolumesSnapshotTestJSON-841832484 None] Running cmd (subprocess): sudo cinder-rootwrap /etc/cinder/rootwrap.conf lvremove --config activation { retry_deactivation = 1} -f stack-volumes-lvmdriver-1/_snapshot-9e9c5c1f-384b-4d69-9bf7-58ee9442f7cc {{(pid=184862) execute /usr/local/lib/python3.12/site-packages/oslo_concurrency/processutils.py:349}}
Jan 22 10:23:05.636172 np0005592324.novalocal sudo[220336]: stack : PWD=/ ; USER=root ; COMMAND=/usr/local/bin/cinder-rootwrap /etc/cinder/rootwrap.conf lvremove --config 'activation { retry_deactivation = 1} ' -f stack-volumes-lvmdriver-1/_snapshot-9e9c5c1f-384b-4d69-9bf7-58ee9442f7cc
Jan 22 10:23:06.032506 np0005592324.novalocal cinder-volume[184862]: DEBUG oslo_concurrency.processutils [None req-428a4e00-f28e-46a8-b0d6-8da765a956e0 tempest-VolumesSnapshotTestJSON-841832484 None] CMD "sudo cinder-rootwrap /etc/cinder/rootwrap.conf lvremove --config activation { retry_deactivation = 1} -f stack-volumes-lvmdriver-1/_snapshot-9e9c5c1f-384b-4d69-9bf7-58ee9442f7cc" returned: 0 in 0.415s {{(pid=184862) execute /usr/local/lib/python3.12/site-packages/oslo_concurrency/processutils.py:372}}
Jan 22 10:23:06.068936 np0005592324.novalocal cinder-volume[184862]: DEBUG cinder.quota [None req-428a4e00-f28e-46a8-b0d6-8da765a956e0 tempest-VolumesSnapshotTestJSON-841832484 None] Created reservations ['a71cd894-268e-45c7-8883-5f0520dbe46a', '49c2d47f-e281-4452-bb0c-c7f138a8a0a1', 'ed0d658a-78e5-46f4-84c7-17043c5a5fea', '7fcc83fe-f764-421c-b061-e670515c008b'] {{(pid=184862) reserve /opt/stack/cinder/cinder/quota.py:752}}
Jan 22 10:23:06.098500 np0005592324.novalocal cinder-volume[184862]: INFO cinder.volume.manager [None req-428a4e00-f28e-46a8-b0d6-8da765a956e0 tempest-VolumesSnapshotTestJSON-841832484 None] Delete snapshot completed successfully.
Jan 22 10:23:06.100458 np0005592324.novalocal cinder-volume[184862]: DEBUG cinder.coordination [None req-428a4e00-f28e-46a8-b0d6-8da765a956e0 tempest-VolumesSnapshotTestJSON-841832484 None] Lock "cinder-9e9c5c1f-384b-4d69-9bf7-58ee9442f7cc-delete_snapshot" released by "delete_snapshot" :: held 0.879s {{(pid=184862) __release /opt/stack/cinder/cinder/coordination.py:157}}
