Jan 22 10:24:46.223120 np0005592324.novalocal cinder-volume[184862]: INFO cinder.volume.targets.iscsi [None req-b76c681b-a2b1-46d9-b74d-5415f4528286 tempest-VolumesSnapshotTestJSON-841832484 None] Skipping remove_export. No iscsi_target is presently exported for volume: a6ba67de-6aac-4619-9c51-2a3dab0375b1
Jan 22 10:24:46.224008 np0005592324.novalocal cinder-volume[184862]: DEBUG oslo_concurrency.processutils [None req-b76c681b-a2b1-46d9-b74d-5415f4528286 tempest-VolumesSnapshotTestJSON-841832484 None] Running cmd (subprocess): sudo cinder-rootwrap /etc/cinder/rootwrap.conf env LC_ALL=C lvs --noheadings --unit=g -o vg_name,name,size --nosuffix --readonly stack-volumes-lvmdriver-1/volume-a6ba67de-6aac-4619-9c51-2a3dab0375b1 {{(pid=184862) execute /usr/local/lib/python3.12/site-packages/oslo_concurrency/processutils.py:349}}
Jan 22 10:24:46.242227 np0005592324.novalocal sudo[222474]: stack : PWD=/ ; USER=root ; COMMAND=/usr/local/bin/cinder-rootwrap /etc/cinder/rootwrap.conf env LC_ALL=C lvs --noheadings --unit=g -o vg_name,name,size --nosuffix --readonly stack-volumes-lvmdriver-1/volume-a6ba67de-6aac-4619-9c51-2a3dab0375b1
Jan 22 10:24:46.604435 np0005592324.novalocal cinder-volume[184862]: DEBUG oslo_concurrency.processutils [None req-b76c681b-a2b1-46d9-b74d-5415f4528286 tempest-VolumesSnapshotTestJSON-841832484 None] CMD "sudo cinder-rootwrap /etc/cinder/rootwrap.conf env LC_ALL=C lvs --noheadings --unit=g -o vg_name,name,size --nosuffix --readonly stack-volumes-lvmdriver-1/volume-a6ba67de-6aac-4619-9c51-2a3dab0375b1" returned: 0 in 0.379s {{(pid=184862) execute /usr/local/lib/python3.12/site-packages/oslo_concurrency/processutils.py:372}}
Jan 22 10:24:46.604435 np0005592324.novalocal cinder-volume[184862]: DEBUG oslo_concurrency.processutils [None req-b76c681b-a2b1-46d9-b74d-5415f4528286 tempest-VolumesSnapshotTestJSON-841832484 None] Running cmd (subprocess): sudo cinder-rootwrap /etc/cinder/rootwrap.conf env LC_ALL=C lvdisplay --noheading -C -o Attr --readonly stack-volumes-lvmdriver-1/volume-a6ba67de-6aac-4619-9c51-2a3dab0375b1 {{(pid=184862) execute /usr/local/lib/python3.12/site-packages/oslo_concurrency/processutils.py:349}}
Jan 22 10:24:46.620026 np0005592324.novalocal sudo[222479]: stack : PWD=/ ; USER=root ; COMMAND=/usr/local/bin/cinder-rootwrap /etc/cinder/rootwrap.conf env LC_ALL=C lvdisplay --noheading -C -o Attr --readonly stack-volumes-lvmdriver-1/volume-a6ba67de-6aac-4619-9c51-2a3dab0375b1
Jan 22 10:24:46.972286 np0005592324.novalocal cinder-volume[184862]: DEBUG oslo_concurrency.processutils [None req-b76c681b-a2b1-46d9-b74d-5415f4528286 tempest-VolumesSnapshotTestJSON-841832484 None] CMD "sudo cinder-rootwrap /etc/cinder/rootwrap.conf env LC_ALL=C lvdisplay --noheading -C -o Attr --readonly stack-volumes-lvmdriver-1/volume-a6ba67de-6aac-4619-9c51-2a3dab0375b1" returned: 0 in 0.368s {{(pid=184862) execute /usr/local/lib/python3.12/site-packages/oslo_concurrency/processutils.py:372}}
Jan 22 10:24:46.973333 np0005592324.novalocal cinder-volume[184862]: DEBUG oslo_concurrency.processutils [None req-b76c681b-a2b1-46d9-b74d-5415f4528286 tempest-VolumesSnapshotTestJSON-841832484 None] Running cmd (subprocess): sudo cinder-rootwrap /etc/cinder/rootwrap.conf lvremove --config activation { retry_deactivation = 1} -f stack-volumes-lvmdriver-1/volume-a6ba67de-6aac-4619-9c51-2a3dab0375b1 {{(pid=184862) execute /usr/local/lib/python3.12/site-packages/oslo_concurrency/processutils.py:349}}
Jan 22 10:24:46.989438 np0005592324.novalocal sudo[222487]: stack : PWD=/ ; USER=root ; COMMAND=/usr/local/bin/cinder-rootwrap /etc/cinder/rootwrap.conf lvremove --config 'activation { retry_deactivation = 1} ' -f stack-volumes-lvmdriver-1/volume-a6ba67de-6aac-4619-9c51-2a3dab0375b1
Jan 22 10:24:47.385483 np0005592324.novalocal cinder-volume[184862]: DEBUG oslo_concurrency.processutils [None req-b76c681b-a2b1-46d9-b74d-5415f4528286 tempest-VolumesSnapshotTestJSON-841832484 None] CMD "sudo cinder-rootwrap /etc/cinder/rootwrap.conf lvremove --config activation { retry_deactivation = 1} -f stack-volumes-lvmdriver-1/volume-a6ba67de-6aac-4619-9c51-2a3dab0375b1" returned: 0 in 0.412s {{(pid=184862) execute /usr/local/lib/python3.12/site-packages/oslo_concurrency/processutils.py:372}}
Jan 22 10:24:47.385810 np0005592324.novalocal cinder-volume[184862]: INFO cinder.volume.drivers.lvm [None req-b76c681b-a2b1-46d9-b74d-5415f4528286 tempest-VolumesSnapshotTestJSON-841832484 None] Successfully deleted volume: a6ba67de-6aac-4619-9c51-2a3dab0375b1
Jan 22 10:24:47.404754 np0005592324.novalocal cinder-volume[184862]: DEBUG cinder.quota [None req-b76c681b-a2b1-46d9-b74d-5415f4528286 tempest-VolumesSnapshotTestJSON-841832484 None] Created reservations ['24edd9c9-3c80-4401-b02b-bc3660686b46', '49117567-5c84-40b2-997b-0e25e9cb01f7', 'a8fe982d-4bfe-4cba-a86b-56a91adb2eab', '3509b145-0b00-4246-83e9-2f2123fa2049'] {{(pid=184862) reserve /opt/stack/cinder/cinder/quota.py:752}}
Jan 22 10:24:47.428991 np0005592324.novalocal cinder-volume[184862]: DEBUG cinder.volume.drivers.lvm [None req-b76c681b-a2b1-46d9-b74d-5415f4528286 tempest-VolumesSnapshotTestJSON-841832484 None] Updating volume stats {{(pid=184862) _update_volume_stats /opt/stack/cinder/cinder/volume/drivers/lvm.py:228}}
Jan 22 10:24:47.429279 np0005592324.novalocal cinder-volume[184862]: DEBUG oslo_concurrency.processutils [None req-b76c681b-a2b1-46d9-b74d-5415f4528286 tempest-VolumesSnapshotTestJSON-841832484 None] Running cmd (subprocess): sudo cinder-rootwrap /etc/cinder/rootwrap.conf env LC_ALL=C vgs --noheadings --unit=g -o name,size,free,lv_count,uuid --separator : --nosuffix stack-volumes-lvmdriver-1 {{(pid=184862) execute /usr/local/lib/python3.12/site-packages/oslo_concurrency/processutils.py:349}}
Jan 22 10:24:47.448589 np0005592324.novalocal sudo[222559]: stack : PWD=/ ; USER=root ; COMMAND=/usr/local/bin/cinder-rootwrap /etc/cinder/rootwrap.conf env LC_ALL=C vgs --noheadings --unit=g -o name,size,free,lv_count,uuid --separator : --nosuffix stack-volumes-lvmdriver-1
Jan 22 10:24:47.801630 np0005592324.novalocal cinder-volume[184862]: DEBUG oslo_concurrency.processutils [None req-b76c681b-a2b1-46d9-b74d-5415f4528286 tempest-VolumesSnapshotTestJSON-841832484 None] CMD "sudo cinder-rootwrap /etc/cinder/rootwrap.conf env LC_ALL=C vgs --noheadings --unit=g -o name,size,free,lv_count,uuid --separator : --nosuffix stack-volumes-lvmdriver-1" returned: 0 in 0.372s {{(pid=184862) execute /usr/local/lib/python3.12/site-packages/oslo_concurrency/processutils.py:372}}
Jan 22 10:24:47.806379 np0005592324.novalocal cinder-volume[184862]: DEBUG oslo_concurrency.processutils [None req-b76c681b-a2b1-46d9-b74d-5415f4528286 tempest-VolumesSnapshotTestJSON-841832484 None] Running cmd (subprocess): sudo cinder-rootwrap /etc/cinder/rootwrap.conf env LC_ALL=C lvs --noheadings --unit=g -o vg_name,name,size --nosuffix --readonly stack-volumes-lvmdriver-1 {{(pid=184862) execute /usr/local/lib/python3.12/site-packages/oslo_concurrency/processutils.py:349}}
Jan 22 10:24:47.828540 np0005592324.novalocal sudo[222564]: stack : PWD=/ ; USER=root ; COMMAND=/usr/local/bin/cinder-rootwrap /etc/cinder/rootwrap.conf env LC_ALL=C lvs --noheadings --unit=g -o vg_name,name,size --nosuffix --readonly stack-volumes-lvmdriver-1
Jan 22 10:24:48.183197 np0005592324.novalocal cinder-volume[184862]: DEBUG oslo_concurrency.processutils [None req-b76c681b-a2b1-46d9-b74d-5415f4528286 tempest-VolumesSnapshotTestJSON-841832484 None] CMD "sudo cinder-rootwrap /etc/cinder/rootwrap.conf env LC_ALL=C lvs --noheadings --unit=g -o vg_name,name,size --nosuffix --readonly stack-volumes-lvmdriver-1" returned: 0 in 0.378s {{(pid=184862) execute /usr/local/lib/python3.12/site-packages/oslo_concurrency/processutils.py:372}}
Jan 22 10:24:48.183197 np0005592324.novalocal cinder-volume[184862]: DEBUG oslo_concurrency.processutils [None req-b76c681b-a2b1-46d9-b74d-5415f4528286 tempest-VolumesSnapshotTestJSON-841832484 None] Running cmd (subprocess): sudo cinder-rootwrap /etc/cinder/rootwrap.conf env LC_ALL=C lvs --noheadings --unit=g -o size,data_percent --separator : --nosuffix /dev/stack-volumes-lvmdriver-1/stack-volumes-lvmdriver-1-pool {{(pid=184862) execute /usr/local/lib/python3.12/site-packages/oslo_concurrency/processutils.py:349}}
Jan 22 10:24:48.212405 np0005592324.novalocal sudo[222569]: stack : PWD=/ ; USER=root ; COMMAND=/usr/local/bin/cinder-rootwrap /etc/cinder/rootwrap.conf env LC_ALL=C lvs --noheadings --unit=g -o size,data_percent --separator : --nosuffix /dev/stack-volumes-lvmdriver-1/stack-volumes-lvmdriver-1-pool
Jan 22 10:24:48.585491 np0005592324.novalocal cinder-volume[184862]: DEBUG oslo_concurrency.processutils [None req-b76c681b-a2b1-46d9-b74d-5415f4528286 tempest-VolumesSnapshotTestJSON-841832484 None] CMD "sudo cinder-rootwrap /etc/cinder/rootwrap.conf env LC_ALL=C lvs --noheadings --unit=g -o size,data_percent --separator : --nosuffix /dev/stack-volumes-lvmdriver-1/stack-volumes-lvmdriver-1-pool" returned: 0 in 0.402s {{(pid=184862) execute /usr/local/lib/python3.12/site-packages/oslo_concurrency/processutils.py:372}}
Jan 22 10:24:48.588711 np0005592324.novalocal cinder-volume[184862]: DEBUG oslo_concurrency.processutils [None req-b76c681b-a2b1-46d9-b74d-5415f4528286 tempest-VolumesSnapshotTestJSON-841832484 None] Running cmd (subprocess): sudo cinder-rootwrap /etc/cinder/rootwrap.conf env LC_ALL=C lvs --noheadings --unit=g -o vg_name,name,size --nosuffix --readonly stack-volumes-lvmdriver-1 {{(pid=184862) execute /usr/local/lib/python3.12/site-packages/oslo_concurrency/processutils.py:349}}
Jan 22 10:24:48.627041 np0005592324.novalocal sudo[222574]: stack : PWD=/ ; USER=root ; COMMAND=/usr/local/bin/cinder-rootwrap /etc/cinder/rootwrap.conf env LC_ALL=C lvs --noheadings --unit=g -o vg_name,name,size --nosuffix --readonly stack-volumes-lvmdriver-1
Jan 22 10:24:48.631137 np0005592324.novalocal cinder-volume[184862]: DEBUG cinder.volume.flows.manager.create_volume [None req-fd31c07b-ced3-4cba-b228-13a6de387e45 tempest-VolumesSnapshotTestJSON-841832484 None] Volume reschedule parameters: True retry: {'num_attempts': 1, 'backends': ['np0005592324.novalocal@lvmdriver-1#lvmdriver-1'], 'hosts': ['np0005592324.novalocal@lvmdriver-1#lvmdriver-1']} {{(pid=184862) get_flow /opt/stack/cinder/cinder/volume/flows/manager/create_volume.py:1388}}
Jan 22 10:24:48.642791 np0005592324.novalocal cinder-volume[184862]: DEBUG cinder.volume.manager [None req-fd31c07b-ced3-4cba-b228-13a6de387e45 tempest-VolumesSnapshotTestJSON-841832484 None] Flow 'volume_create_manager' (ed6b8d05-b241-40b5-8653-9f340e95b22d) transitioned into state 'RUNNING' from state 'PENDING' {{(pid=184862) _flow_receiver /usr/local/lib/python3.12/site-packages/taskflow/listeners/logging.py:145}}
Jan 22 10:24:48.648320 np0005592324.novalocal cinder-volume[184862]: DEBUG cinder.volume.manager [None req-fd31c07b-ced3-4cba-b228-13a6de387e45 tempest-VolumesSnapshotTestJSON-841832484 None] Task 'cinder.volume.flows.manager.create_volume.ExtractVolumeRefTask;volume:create' (8b610fe1-a886-4d0b-938d-45e92e51f95d) transitioned into state 'RUNNING' from state 'PENDING' {{(pid=184862) _task_receiver /usr/local/lib/python3.12/site-packages/taskflow/listeners/logging.py:194}}
Jan 22 10:24:48.661399 np0005592324.novalocal cinder-volume[184862]: DEBUG cinder.volume.manager [None req-fd31c07b-ced3-4cba-b228-13a6de387e45 tempest-VolumesSnapshotTestJSON-841832484 None] Task 'cinder.volume.flows.manager.create_volume.ExtractVolumeRefTask;volume:create' (8b610fe1-a886-4d0b-938d-45e92e51f95d) transitioned into state 'SUCCESS' from state 'RUNNING' with result 'Volume(_name_id=None,admin_metadata=,attach_status='detached',availability_zone='nova',bootable=False,cluster=,cluster_name=None,consistencygroup=,consistencygroup_id=None,created_at=2026-01-22T15:24:48Z,deleted=False,deleted_at=None,display_description=None,display_name='tempest-VolumesSnapshotTestJSON-Volume-1469695440',ec2_id=None,encryption_key_id=None,glance_metadata=,group=,group_id=None,host='np0005592324.novalocal@lvmdriver-1#lvmdriver-1',id=7c298649-cc01-40bb-86c9-92b07a8aaa0a,launched_at=None,metadata={},migration_status=None,multiattach=False,previous_status=None,project_id='e619e0e2540e4ee186ddfc298b429d46',provider_auth=None,provider_geometry=None,provider_id=None,provider_location=None,replication_driver_data=None,replication_extended_status=None,replication_status=None,scheduled_at=2026-01-22T15:24:48Z,service_uuid=None,shared_targets=True,size=1,snapshot_id=None,snapshots=,source_volid=None,status='creating',terminated_at=None,updated_at=2026-01-22T15:24:48Z,use_quota=True,user_id='e5be6eb9c98f44a8a18007a3e37dd7e2',volume_attachment=VolumeAttachmentList,volume_type=VolumeType(d32eda9a-7ff9-443b-adbb-d3691c157d72),volume_type_id=d32eda9a-7ff9-443b-adbb-d3691c157d72)' {{(pid=184862) _task_receiver /usr/local/lib/python3.12/site-packages/taskflow/listeners/logging.py:182}}
Jan 22 10:24:48.664196 np0005592324.novalocal cinder-volume[184862]: DEBUG cinder.volume.manager [None req-fd31c07b-ced3-4cba-b228-13a6de387e45 tempest-VolumesSnapshotTestJSON-841832484 None] Task 'cinder.volume.flows.manager.create_volume.OnFailureRescheduleTask;volume:create' (86455b04-d238-4a60-b88f-92abd7319b3c) transitioned into state 'RUNNING' from state 'PENDING' {{(pid=184862) _task_receiver /usr/local/lib/python3.12/site-packages/taskflow/listeners/logging.py:194}}
Jan 22 10:24:48.665511 np0005592324.novalocal cinder-volume[184862]: DEBUG cinder.volume.manager [None req-fd31c07b-ced3-4cba-b228-13a6de387e45 tempest-VolumesSnapshotTestJSON-841832484 None] Task 'cinder.volume.flows.manager.create_volume.OnFailureRescheduleTask;volume:create' (86455b04-d238-4a60-b88f-92abd7319b3c) transitioned into state 'SUCCESS' from state 'RUNNING' with result 'None' {{(pid=184862) _task_receiver /usr/local/lib/python3.12/site-packages/taskflow/listeners/logging.py:182}}
Jan 22 10:24:48.670125 np0005592324.novalocal cinder-volume[184862]: DEBUG cinder.volume.manager [None req-fd31c07b-ced3-4cba-b228-13a6de387e45 tempest-VolumesSnapshotTestJSON-841832484 None] Task 'cinder.volume.flows.manager.create_volume.ExtractVolumeSpecTask;volume:create' (dd37786c-1d84-4563-b59c-33ff3e22de2d) transitioned into state 'RUNNING' from state 'PENDING' {{(pid=184862) _task_receiver /usr/local/lib/python3.12/site-packages/taskflow/listeners/logging.py:194}}
Jan 22 10:24:48.671588 np0005592324.novalocal cinder-volume[184862]: DEBUG cinder.volume.manager [None req-fd31c07b-ced3-4cba-b228-13a6de387e45 tempest-VolumesSnapshotTestJSON-841832484 None] Task 'cinder.volume.flows.manager.create_volume.ExtractVolumeSpecTask;volume:create' (dd37786c-1d84-4563-b59c-33ff3e22de2d) transitioned into state 'SUCCESS' from state 'RUNNING' with result '{'status': 'creating', 'type': 'raw', 'volume_id': '7c298649-cc01-40bb-86c9-92b07a8aaa0a', 'volume_name': 'volume-7c298649-cc01-40bb-86c9-92b07a8aaa0a', 'volume_size': 1}' {{(pid=184862) _task_receiver /usr/local/lib/python3.12/site-packages/taskflow/listeners/logging.py:182}}
Jan 22 10:24:48.678401 np0005592324.novalocal cinder-volume[184862]: DEBUG cinder.volume.manager [None req-fd31c07b-ced3-4cba-b228-13a6de387e45 tempest-VolumesSnapshotTestJSON-841832484 None] Task 'cinder.volume.flows.manager.create_volume.NotifyVolumeActionTask;volume:create, create.start' (c50b20be-5961-4bdb-8d65-ae24550357b0) transitioned into state 'RUNNING' from state 'PENDING' {{(pid=184862) _task_receiver /usr/local/lib/python3.12/site-packages/taskflow/listeners/logging.py:194}}
Jan 22 10:24:48.679714 np0005592324.novalocal cinder-volume[184862]: DEBUG cinder.volume.manager [None req-fd31c07b-ced3-4cba-b228-13a6de387e45 tempest-VolumesSnapshotTestJSON-841832484 None] Task 'cinder.volume.flows.manager.create_volume.NotifyVolumeActionTask;volume:create, create.start' (c50b20be-5961-4bdb-8d65-ae24550357b0) transitioned into state 'SUCCESS' from state 'RUNNING' with result 'None' {{(pid=184862) _task_receiver /usr/local/lib/python3.12/site-packages/taskflow/listeners/logging.py:182}}
Jan 22 10:24:48.685271 np0005592324.novalocal cinder-volume[184862]: DEBUG cinder.volume.manager [None req-fd31c07b-ced3-4cba-b228-13a6de387e45 tempest-VolumesSnapshotTestJSON-841832484 None] Task 'cinder.volume.flows.manager.create_volume.CreateVolumeFromSpecTask;volume:create' (ca765686-5b49-4c41-8f27-116e0c2abdb2) transitioned into state 'RUNNING' from state 'PENDING' {{(pid=184862) _task_receiver /usr/local/lib/python3.12/site-packages/taskflow/listeners/logging.py:194}}
Jan 22 10:24:48.685271 np0005592324.novalocal cinder-volume[184862]: INFO cinder.volume.flows.manager.create_volume [None req-fd31c07b-ced3-4cba-b228-13a6de387e45 tempest-VolumesSnapshotTestJSON-841832484 None] Volume 7c298649-cc01-40bb-86c9-92b07a8aaa0a: being created as raw with specification: {'status': 'creating', 'volume_name': 'volume-7c298649-cc01-40bb-86c9-92b07a8aaa0a', 'volume_size': 1}
Jan 22 10:24:48.685271 np0005592324.novalocal cinder-volume[184862]: DEBUG oslo_concurrency.processutils [None req-fd31c07b-ced3-4cba-b228-13a6de387e45 tempest-VolumesSnapshotTestJSON-841832484 None] Running cmd (subprocess): sudo cinder-rootwrap /etc/cinder/rootwrap.conf env LC_ALL=C lvcreate -T -V 1g -n volume-7c298649-cc01-40bb-86c9-92b07a8aaa0a stack-volumes-lvmdriver-1/stack-volumes-lvmdriver-1-pool {{(pid=184862) execute /usr/local/lib/python3.12/site-packages/oslo_concurrency/processutils.py:349}}
Jan 22 10:24:48.704567 np0005592324.novalocal sudo[222587]: stack : PWD=/ ; USER=root ; COMMAND=/usr/local/bin/cinder-rootwrap /etc/cinder/rootwrap.conf env LC_ALL=C lvcreate -T -V 1g -n volume-7c298649-cc01-40bb-86c9-92b07a8aaa0a stack-volumes-lvmdriver-1/stack-volumes-lvmdriver-1-pool
Jan 22 10:24:49.010317 np0005592324.novalocal cinder-volume[184862]: DEBUG oslo_concurrency.processutils [None req-b76c681b-a2b1-46d9-b74d-5415f4528286 tempest-VolumesSnapshotTestJSON-841832484 None] CMD "sudo cinder-rootwrap /etc/cinder/rootwrap.conf env LC_ALL=C lvs --noheadings --unit=g -o vg_name,name,size --nosuffix --readonly stack-volumes-lvmdriver-1" returned: 0 in 0.424s {{(pid=184862) execute /usr/local/lib/python3.12/site-packages/oslo_concurrency/processutils.py:372}}
Jan 22 10:24:49.010989 np0005592324.novalocal cinder-volume[184862]: DEBUG cinder.manager [None req-b76c681b-a2b1-46d9-b74d-5415f4528286 tempest-VolumesSnapshotTestJSON-841832484 None] Notifying Schedulers of capabilities ... {{(pid=184862) _publish_service_capabilities /opt/stack/cinder/cinder/manager.py:202}}
Jan 22 10:24:49.018271 np0005592324.novalocal cinder-volume[184862]: INFO cinder.volume.manager [None req-b76c681b-a2b1-46d9-b74d-5415f4528286 tempest-VolumesSnapshotTestJSON-841832484 None] Deleted volume successfully.
Jan 22 10:24:49.062156 np0005592324.novalocal cinder-volume[184862]: DEBUG cinder.coordination [None req-b76c681b-a2b1-46d9-b74d-5415f4528286 tempest-VolumesSnapshotTestJSON-841832484 None] Lock "cinder-a6ba67de-6aac-4619-9c51-2a3dab0375b1-delete_volume" released by "delete_volume" :: held 2.859s {{(pid=184862) __release /opt/stack/cinder/cinder/coordination.py:157}}
Jan 22 10:24:49.132892 np0005592324.novalocal cinder-volume[184862]: DEBUG oslo_concurrency.processutils [None req-fd31c07b-ced3-4cba-b228-13a6de387e45 tempest-VolumesSnapshotTestJSON-841832484 None] CMD "sudo cinder-rootwrap /etc/cinder/rootwrap.conf env LC_ALL=C lvcreate -T -V 1g -n volume-7c298649-cc01-40bb-86c9-92b07a8aaa0a stack-volumes-lvmdriver-1/stack-volumes-lvmdriver-1-pool" returned: 0 in 0.448s {{(pid=184862) execute /usr/local/lib/python3.12/site-packages/oslo_concurrency/processutils.py:372}}
Jan 22 10:24:49.134696 np0005592324.novalocal cinder-volume[184862]: DEBUG cinder.volume.manager [None req-fd31c07b-ced3-4cba-b228-13a6de387e45 tempest-VolumesSnapshotTestJSON-841832484 None] Task 'cinder.volume.flows.manager.create_volume.CreateVolumeFromSpecTask;volume:create' (ca765686-5b49-4c41-8f27-116e0c2abdb2) transitioned into state 'SUCCESS' from state 'RUNNING' with result '{'status': 'creating', 'volume_name': 'volume-7c298649-cc01-40bb-86c9-92b07a8aaa0a', 'volume_size': 1}' {{(pid=184862) _task_receiver /usr/local/lib/python3.12/site-packages/taskflow/listeners/logging.py:182}}
Jan 22 10:24:49.137193 np0005592324.novalocal cinder-volume[184862]: DEBUG cinder.volume.manager [None req-fd31c07b-ced3-4cba-b228-13a6de387e45 tempest-VolumesSnapshotTestJSON-841832484 None] Task 'cinder.volume.flows.manager.create_volume.CreateVolumeOnFinishTask;volume:create, create.end' (c26d8153-c007-495d-b93a-af4b511e7a5c) transitioned into state 'RUNNING' from state 'PENDING' {{(pid=184862) _task_receiver /usr/local/lib/python3.12/site-packages/taskflow/listeners/logging.py:194}}
Jan 22 10:24:49.141321 np0005592324.novalocal cinder-volume[184862]: INFO cinder.volume.flows.manager.create_volume [None req-fd31c07b-ced3-4cba-b228-13a6de387e45 tempest-VolumesSnapshotTestJSON-841832484 None] Volume volume-7c298649-cc01-40bb-86c9-92b07a8aaa0a (7c298649-cc01-40bb-86c9-92b07a8aaa0a): created successfully
Jan 22 10:24:49.142491 np0005592324.novalocal cinder-volume[184862]: DEBUG cinder.volume.manager [None req-fd31c07b-ced3-4cba-b228-13a6de387e45 tempest-VolumesSnapshotTestJSON-841832484 None] Task 'cinder.volume.flows.manager.create_volume.CreateVolumeOnFinishTask;volume:create, create.end' (c26d8153-c007-495d-b93a-af4b511e7a5c) transitioned into state 'SUCCESS' from state 'RUNNING' with result 'None' {{(pid=184862) _task_receiver /usr/local/lib/python3.12/site-packages/taskflow/listeners/logging.py:182}}
Jan 22 10:24:49.144063 np0005592324.novalocal cinder-volume[184862]: DEBUG cinder.volume.manager [None req-fd31c07b-ced3-4cba-b228-13a6de387e45 tempest-VolumesSnapshotTestJSON-841832484 None] Flow 'volume_create_manager' (ed6b8d05-b241-40b5-8653-9f340e95b22d) transitioned into state 'SUCCESS' from state 'RUNNING' {{(pid=184862) _flow_receiver /usr/local/lib/python3.12/site-packages/taskflow/listeners/logging.py:145}}
Jan 22 10:24:49.149134 np0005592324.novalocal cinder-volume[184862]: INFO cinder.volume.manager [None req-fd31c07b-ced3-4cba-b228-13a6de387e45 tempest-VolumesSnapshotTestJSON-841832484 None] Created volume successfully.
Jan 22 10:24:49.796034 np0005592324.novalocal cinder-volume[184862]: DEBUG oslo_concurrency.processutils [None req-1fb6060f-093e-4216-b932-ebf01216b761 tempest-VolumesSnapshotTestJSON-841832484 None] Running cmd (subprocess): sudo cinder-rootwrap /etc/cinder/rootwrap.conf env LC_ALL=C lvs --noheadings --unit=g -o vg_name,name,size --nosuffix --readonly stack-volumes-lvmdriver-1/volume-7c298649-cc01-40bb-86c9-92b07a8aaa0a {{(pid=184862) execute /usr/local/lib/python3.12/site-packages/oslo_concurrency/processutils.py:349}}
Jan 22 10:24:49.817883 np0005592324.novalocal sudo[222650]: stack : PWD=/ ; USER=root ; COMMAND=/usr/local/bin/cinder-rootwrap /etc/cinder/rootwrap.conf env LC_ALL=C lvs --noheadings --unit=g -o vg_name,name,size --nosuffix --readonly stack-volumes-lvmdriver-1/volume-7c298649-cc01-40bb-86c9-92b07a8aaa0a
Jan 22 10:24:49.827967 np0005592324.novalocal cinder-volume[184862]: INFO cinder.volume.manager [req-471aad01-f45f-48d3-beff-eb6d13ac6010 req-276a832a-9ab6-4a12-b1d7-69af91214793 tempest-AttachVolumeMultiAttachTest-282508890 None] Terminate volume connection completed successfully.
Jan 22 10:24:49.827967 np0005592324.novalocal cinder-volume[184862]: DEBUG cinder.volume.manager [req-471aad01-f45f-48d3-beff-eb6d13ac6010 req-276a832a-9ab6-4a12-b1d7-69af91214793 tempest-AttachVolumeMultiAttachTest-282508890 None] Deleting attachment a17bd980-9e19-4171-87a9-0b9752923b05. {{(pid=184862) attachment_delete /opt/stack/cinder/cinder/volume/manager.py:5024}}
Jan 22 10:24:50.204765 np0005592324.novalocal cinder-volume[184862]: DEBUG oslo_concurrency.processutils [None req-1fb6060f-093e-4216-b932-ebf01216b761 tempest-VolumesSnapshotTestJSON-841832484 None] CMD "sudo cinder-rootwrap /etc/cinder/rootwrap.conf env LC_ALL=C lvs --noheadings --unit=g -o vg_name,name,size --nosuffix --readonly stack-volumes-lvmdriver-1/volume-7c298649-cc01-40bb-86c9-92b07a8aaa0a" returned: 0 in 0.409s {{(pid=184862) execute /usr/local/lib/python3.12/site-packages/oslo_concurrency/processutils.py:372}}
Jan 22 10:24:50.205781 np0005592324.novalocal cinder-volume[184862]: DEBUG oslo_concurrency.processutils [None req-1fb6060f-093e-4216-b932-ebf01216b761 tempest-VolumesSnapshotTestJSON-841832484 None] Running cmd (subprocess): sudo cinder-rootwrap /etc/cinder/rootwrap.conf env LC_ALL=C lvcreate --name _snapshot-7f70aab5-c1c7-4d5f-a41b-9ee117c34640 --snapshot stack-volumes-lvmdriver-1/volume-7c298649-cc01-40bb-86c9-92b07a8aaa0a {{(pid=184862) execute /usr/local/lib/python3.12/site-packages/oslo_concurrency/processutils.py:349}}
Jan 22 10:24:50.223101 np0005592324.novalocal sudo[222655]: stack : PWD=/ ; USER=root ; COMMAND=/usr/local/bin/cinder-rootwrap /etc/cinder/rootwrap.conf env LC_ALL=C lvcreate --name _snapshot-7f70aab5-c1c7-4d5f-a41b-9ee117c34640 --snapshot stack-volumes-lvmdriver-1/volume-7c298649-cc01-40bb-86c9-92b07a8aaa0a
Jan 22 10:24:50.672594 np0005592324.novalocal cinder-volume[184862]: DEBUG oslo_concurrency.processutils [None req-1fb6060f-093e-4216-b932-ebf01216b761 tempest-VolumesSnapshotTestJSON-841832484 None] CMD "sudo cinder-rootwrap /etc/cinder/rootwrap.conf env LC_ALL=C lvcreate --name _snapshot-7f70aab5-c1c7-4d5f-a41b-9ee117c34640 --snapshot stack-volumes-lvmdriver-1/volume-7c298649-cc01-40bb-86c9-92b07a8aaa0a" returned: 0 in 0.465s {{(pid=184862) execute /usr/local/lib/python3.12/site-packages/oslo_concurrency/processutils.py:372}}
Jan 22 10:24:50.684355 np0005592324.novalocal cinder-volume[184862]: INFO cinder.volume.manager [None req-1fb6060f-093e-4216-b932-ebf01216b761 tempest-VolumesSnapshotTestJSON-841832484 None] Create snapshot completed successfully
Jan 22 10:24:51.079478 np0005592324.novalocal cinder-volume[184862]: DEBUG cinder.volume.flows.manager.create_volume [None req-c52fb653-6906-4076-9e0b-d09a323a5e3d tempest-VolumesSnapshotTestJSON-841832484 None] Volume reschedule parameters: True retry: {'num_attempts': 1, 'backends': ['np0005592324.novalocal@lvmdriver-1#lvmdriver-1'], 'hosts': ['np0005592324.novalocal@lvmdriver-1#lvmdriver-1']} {{(pid=184862) get_flow /opt/stack/cinder/cinder/volume/flows/manager/create_volume.py:1388}}
Jan 22 10:24:51.094228 np0005592324.novalocal cinder-volume[184862]: DEBUG cinder.volume.manager [None req-c52fb653-6906-4076-9e0b-d09a323a5e3d tempest-VolumesSnapshotTestJSON-841832484 None] Flow 'volume_create_manager' (0ab5164c-0165-438c-beaa-3a3c14c978d8) transitioned into state 'RUNNING' from state 'PENDING' {{(pid=184862) _flow_receiver /usr/local/lib/python3.12/site-packages/taskflow/listeners/logging.py:145}}
Jan 22 10:24:51.096286 np0005592324.novalocal cinder-volume[184862]: DEBUG cinder.volume.manager [None req-c52fb653-6906-4076-9e0b-d09a323a5e3d tempest-VolumesSnapshotTestJSON-841832484 None] Task 'cinder.volume.flows.manager.create_volume.ExtractVolumeRefTask;volume:create' (584ac8cb-499b-4151-ac45-74e2f0c89e57) transitioned into state 'RUNNING' from state 'PENDING' {{(pid=184862) _task_receiver /usr/local/lib/python3.12/site-packages/taskflow/listeners/logging.py:194}}
Jan 22 10:24:51.105016 np0005592324.novalocal cinder-volume[184862]: DEBUG cinder.volume.manager [None req-c52fb653-6906-4076-9e0b-d09a323a5e3d tempest-VolumesSnapshotTestJSON-841832484 None] Task 'cinder.volume.flows.manager.create_volume.ExtractVolumeRefTask;volume:create' (584ac8cb-499b-4151-ac45-74e2f0c89e57) transitioned into state 'SUCCESS' from state 'RUNNING' with result 'Volume(_name_id=None,admin_metadata=,attach_status='detached',availability_zone='nova',bootable=False,cluster=,cluster_name=None,consistencygroup=,consistencygroup_id=None,created_at=2026-01-22T15:24:50Z,deleted=False,deleted_at=None,display_description=None,display_name='tempest-VolumesSnapshotTestJSON-Volume-925183439',ec2_id=None,encryption_key_id=None,glance_metadata=,group=,group_id=None,host='np0005592324.novalocal@lvmdriver-1#lvmdriver-1',id=ec07b9a4-bd81-410a-b4f6-54a1d15cb44e,launched_at=None,metadata={},migration_status=None,multiattach=False,previous_status=None,project_id='e619e0e2540e4ee186ddfc298b429d46',provider_auth=None,provider_geometry=None,provider_id=None,provider_location=None,replication_driver_data=None,replication_extended_status=None,replication_status=None,scheduled_at=2026-01-22T15:24:51Z,service_uuid=None,shared_targets=True,size=1,snapshot_id=7f70aab5-c1c7-4d5f-a41b-9ee117c34640,snapshots=,source_volid=None,status='creating',terminated_at=None,updated_at=2026-01-22T15:24:51Z,use_quota=True,user_id='e5be6eb9c98f44a8a18007a3e37dd7e2',volume_attachment=VolumeAttachmentList,volume_type=VolumeType(d32eda9a-7ff9-443b-adbb-d3691c157d72),volume_type_id=d32eda9a-7ff9-443b-adbb-d3691c157d72)' {{(pid=184862) _task_receiver /usr/local/lib/python3.12/site-packages/taskflow/listeners/logging.py:182}}
Jan 22 10:24:51.106732 np0005592324.novalocal cinder-volume[184862]: DEBUG cinder.volume.manager [None req-c52fb653-6906-4076-9e0b-d09a323a5e3d tempest-VolumesSnapshotTestJSON-841832484 None] Task 'cinder.volume.flows.manager.create_volume.OnFailureRescheduleTask;volume:create' (98e4d59b-1518-45bc-88b9-102a3b0b8562) transitioned into state 'RUNNING' from state 'PENDING' {{(pid=184862) _task_receiver /usr/local/lib/python3.12/site-packages/taskflow/listeners/logging.py:194}}
Jan 22 10:24:51.107982 np0005592324.novalocal cinder-volume[184862]: DEBUG cinder.volume.manager [None req-c52fb653-6906-4076-9e0b-d09a323a5e3d tempest-VolumesSnapshotTestJSON-841832484 None] Task 'cinder.volume.flows.manager.create_volume.OnFailureRescheduleTask;volume:create' (98e4d59b-1518-45bc-88b9-102a3b0b8562) transitioned into state 'SUCCESS' from state 'RUNNING' with result 'None' {{(pid=184862) _task_receiver /usr/local/lib/python3.12/site-packages/taskflow/listeners/logging.py:182}}
Jan 22 10:24:51.109487 np0005592324.novalocal cinder-volume[184862]: DEBUG cinder.volume.manager [None req-c52fb653-6906-4076-9e0b-d09a323a5e3d tempest-VolumesSnapshotTestJSON-841832484 None] Task 'cinder.volume.flows.manager.create_volume.ExtractVolumeSpecTask;volume:create' (a4643877-6adb-45c3-867e-f3a7618ef33d) transitioned into state 'RUNNING' from state 'PENDING' {{(pid=184862) _task_receiver /usr/local/lib/python3.12/site-packages/taskflow/listeners/logging.py:194}}
Jan 22 10:24:51.110739 np0005592324.novalocal cinder-volume[184862]: DEBUG cinder.volume.manager [None req-c52fb653-6906-4076-9e0b-d09a323a5e3d tempest-VolumesSnapshotTestJSON-841832484 None] Task 'cinder.volume.flows.manager.create_volume.ExtractVolumeSpecTask;volume:create' (a4643877-6adb-45c3-867e-f3a7618ef33d) transitioned into state 'SUCCESS' from state 'RUNNING' with result '{'status': 'creating', 'type': 'snap', 'volume_id': 'ec07b9a4-bd81-410a-b4f6-54a1d15cb44e', 'volume_name': 'volume-ec07b9a4-bd81-410a-b4f6-54a1d15cb44e', 'volume_size': 1, 'snapshot_id': '7f70aab5-c1c7-4d5f-a41b-9ee117c34640'}' {{(pid=184862) _task_receiver /usr/local/lib/python3.12/site-packages/taskflow/listeners/logging.py:182}}
Jan 22 10:24:51.112183 np0005592324.novalocal cinder-volume[184862]: DEBUG cinder.volume.manager [None req-c52fb653-6906-4076-9e0b-d09a323a5e3d tempest-VolumesSnapshotTestJSON-841832484 None] Task 'cinder.volume.flows.manager.create_volume.NotifyVolumeActionTask;volume:create, create.start' (2bc3b23f-3aa5-4079-90a1-871a04ce8e0d) transitioned into state 'RUNNING' from state 'PENDING' {{(pid=184862) _task_receiver /usr/local/lib/python3.12/site-packages/taskflow/listeners/logging.py:194}}
Jan 22 10:24:51.113419 np0005592324.novalocal cinder-volume[184862]: DEBUG cinder.volume.manager [None req-c52fb653-6906-4076-9e0b-d09a323a5e3d tempest-VolumesSnapshotTestJSON-841832484 None] Task 'cinder.volume.flows.manager.create_volume.NotifyVolumeActionTask;volume:create, create.start' (2bc3b23f-3aa5-4079-90a1-871a04ce8e0d) transitioned into state 'SUCCESS' from state 'RUNNING' with result 'None' {{(pid=184862) _task_receiver /usr/local/lib/python3.12/site-packages/taskflow/listeners/logging.py:182}}
Jan 22 10:24:51.114792 np0005592324.novalocal cinder-volume[184862]: DEBUG cinder.volume.manager [None req-c52fb653-6906-4076-9e0b-d09a323a5e3d tempest-VolumesSnapshotTestJSON-841832484 None] Task 'cinder.volume.flows.manager.create_volume.CreateVolumeFromSpecTask;volume:create' (97243858-7483-40f9-8587-075531ce77dc) transitioned into state 'RUNNING' from state 'PENDING' {{(pid=184862) _task_receiver /usr/local/lib/python3.12/site-packages/taskflow/listeners/logging.py:194}}
Jan 22 10:24:51.115178 np0005592324.novalocal cinder-volume[184862]: INFO cinder.volume.flows.manager.create_volume [None req-c52fb653-6906-4076-9e0b-d09a323a5e3d tempest-VolumesSnapshotTestJSON-841832484 None] Volume ec07b9a4-bd81-410a-b4f6-54a1d15cb44e: being created as snap with specification: {'status': 'creating', 'volume_name': 'volume-ec07b9a4-bd81-410a-b4f6-54a1d15cb44e', 'volume_size': 1, 'snapshot_id': '7f70aab5-c1c7-4d5f-a41b-9ee117c34640'}
Jan 22 10:24:51.120154 np0005592324.novalocal cinder-volume[184862]: DEBUG oslo_concurrency.processutils [None req-c52fb653-6906-4076-9e0b-d09a323a5e3d tempest-VolumesSnapshotTestJSON-841832484 None] Running cmd (subprocess): sudo cinder-rootwrap /etc/cinder/rootwrap.conf env LC_ALL=C lvs --noheadings --unit=g -o vg_name,name,size --nosuffix --readonly stack-volumes-lvmdriver-1/_snapshot-7f70aab5-c1c7-4d5f-a41b-9ee117c34640 {{(pid=184862) execute /usr/local/lib/python3.12/site-packages/oslo_concurrency/processutils.py:349}}
Jan 22 10:24:51.147031 np0005592324.novalocal sudo[222669]: stack : PWD=/ ; USER=root ; COMMAND=/usr/local/bin/cinder-rootwrap /etc/cinder/rootwrap.conf env LC_ALL=C lvs --noheadings --unit=g -o vg_name,name,size --nosuffix --readonly stack-volumes-lvmdriver-1/_snapshot-7f70aab5-c1c7-4d5f-a41b-9ee117c34640
Jan 22 10:24:51.588892 np0005592324.novalocal cinder-volume[184862]: DEBUG oslo_concurrency.processutils [None req-c52fb653-6906-4076-9e0b-d09a323a5e3d tempest-VolumesSnapshotTestJSON-841832484 None] CMD "sudo cinder-rootwrap /etc/cinder/rootwrap.conf env LC_ALL=C lvs --noheadings --unit=g -o vg_name,name,size --nosuffix --readonly stack-volumes-lvmdriver-1/_snapshot-7f70aab5-c1c7-4d5f-a41b-9ee117c34640" returned: 0 in 0.466s {{(pid=184862) execute /usr/local/lib/python3.12/site-packages/oslo_concurrency/processutils.py:372}}
Jan 22 10:24:51.588892 np0005592324.novalocal cinder-volume[184862]: DEBUG oslo_concurrency.processutils [None req-c52fb653-6906-4076-9e0b-d09a323a5e3d tempest-VolumesSnapshotTestJSON-841832484 None] Running cmd (subprocess): sudo cinder-rootwrap /etc/cinder/rootwrap.conf env LC_ALL=C lvcreate --name volume-ec07b9a4-bd81-410a-b4f6-54a1d15cb44e --snapshot stack-volumes-lvmdriver-1/_snapshot-7f70aab5-c1c7-4d5f-a41b-9ee117c34640 {{(pid=184862) execute /usr/local/lib/python3.12/site-packages/oslo_concurrency/processutils.py:349}}
Jan 22 10:24:51.614279 np0005592324.novalocal sudo[222674]: stack : PWD=/ ; USER=root ; COMMAND=/usr/local/bin/cinder-rootwrap /etc/cinder/rootwrap.conf env LC_ALL=C lvcreate --name volume-ec07b9a4-bd81-410a-b4f6-54a1d15cb44e --snapshot stack-volumes-lvmdriver-1/_snapshot-7f70aab5-c1c7-4d5f-a41b-9ee117c34640
Jan 22 10:24:52.079784 np0005592324.novalocal cinder-volume[184862]: DEBUG oslo_concurrency.processutils [None req-c52fb653-6906-4076-9e0b-d09a323a5e3d tempest-VolumesSnapshotTestJSON-841832484 None] CMD "sudo cinder-rootwrap /etc/cinder/rootwrap.conf env LC_ALL=C lvcreate --name volume-ec07b9a4-bd81-410a-b4f6-54a1d15cb44e --snapshot stack-volumes-lvmdriver-1/_snapshot-7f70aab5-c1c7-4d5f-a41b-9ee117c34640" returned: 0 in 0.492s {{(pid=184862) execute /usr/local/lib/python3.12/site-packages/oslo_concurrency/processutils.py:372}}
Jan 22 10:24:52.080793 np0005592324.novalocal cinder-volume[184862]: DEBUG oslo_concurrency.processutils [None req-c52fb653-6906-4076-9e0b-d09a323a5e3d tempest-VolumesSnapshotTestJSON-841832484 None] Running cmd (subprocess): sudo cinder-rootwrap /etc/cinder/rootwrap.conf lvchange -a y --yes -K stack-volumes-lvmdriver-1/_snapshot-7f70aab5-c1c7-4d5f-a41b-9ee117c34640 {{(pid=184862) execute /usr/local/lib/python3.12/site-packages/oslo_concurrency/processutils.py:349}}
Jan 22 10:24:52.097497 np0005592324.novalocal sudo[222680]: stack : PWD=/ ; USER=root ; COMMAND=/usr/local/bin/cinder-rootwrap /etc/cinder/rootwrap.conf lvchange -a y --yes -K stack-volumes-lvmdriver-1/_snapshot-7f70aab5-c1c7-4d5f-a41b-9ee117c34640
Jan 22 10:24:52.522543 np0005592324.novalocal cinder-volume[184862]: DEBUG oslo_concurrency.processutils [None req-c52fb653-6906-4076-9e0b-d09a323a5e3d tempest-VolumesSnapshotTestJSON-841832484 None] CMD "sudo cinder-rootwrap /etc/cinder/rootwrap.conf lvchange -a y --yes -K stack-volumes-lvmdriver-1/_snapshot-7f70aab5-c1c7-4d5f-a41b-9ee117c34640" returned: 0 in 0.441s {{(pid=184862) execute /usr/local/lib/python3.12/site-packages/oslo_concurrency/processutils.py:372}}
Jan 22 10:24:52.522600 np0005592324.novalocal cinder-volume[184862]: DEBUG oslo_concurrency.processutils [None req-c52fb653-6906-4076-9e0b-d09a323a5e3d tempest-VolumesSnapshotTestJSON-841832484 None] Running cmd (subprocess): sudo cinder-rootwrap /etc/cinder/rootwrap.conf lvchange -a y --yes -k n stack-volumes-lvmdriver-1/volume-ec07b9a4-bd81-410a-b4f6-54a1d15cb44e {{(pid=184862) execute /usr/local/lib/python3.12/site-packages/oslo_concurrency/processutils.py:349}}
Jan 22 10:24:52.549054 np0005592324.novalocal sudo[222690]: stack : PWD=/ ; USER=root ; COMMAND=/usr/local/bin/cinder-rootwrap /etc/cinder/rootwrap.conf lvchange -a y --yes -k n stack-volumes-lvmdriver-1/volume-ec07b9a4-bd81-410a-b4f6-54a1d15cb44e
Jan 22 10:24:53.019758 np0005592324.novalocal cinder-volume[184862]: DEBUG oslo_concurrency.processutils [None req-c52fb653-6906-4076-9e0b-d09a323a5e3d tempest-VolumesSnapshotTestJSON-841832484 None] CMD "sudo cinder-rootwrap /etc/cinder/rootwrap.conf lvchange -a y --yes -k n stack-volumes-lvmdriver-1/volume-ec07b9a4-bd81-410a-b4f6-54a1d15cb44e" returned: 0 in 0.497s {{(pid=184862) execute /usr/local/lib/python3.12/site-packages/oslo_concurrency/processutils.py:372}}
Jan 22 10:24:53.034480 np0005592324.novalocal cinder-volume[184862]: DEBUG cinder.volume.manager [None req-c52fb653-6906-4076-9e0b-d09a323a5e3d tempest-VolumesSnapshotTestJSON-841832484 None] Task 'cinder.volume.flows.manager.create_volume.CreateVolumeFromSpecTask;volume:create' (97243858-7483-40f9-8587-075531ce77dc) transitioned into state 'SUCCESS' from state 'RUNNING' with result '{'status': 'creating', 'volume_name': 'volume-ec07b9a4-bd81-410a-b4f6-54a1d15cb44e', 'volume_size': 1, 'snapshot_id': '7f70aab5-c1c7-4d5f-a41b-9ee117c34640'}' {{(pid=184862) _task_receiver /usr/local/lib/python3.12/site-packages/taskflow/listeners/logging.py:182}}
Jan 22 10:24:53.036731 np0005592324.novalocal cinder-volume[184862]: DEBUG cinder.volume.manager [None req-c52fb653-6906-4076-9e0b-d09a323a5e3d tempest-VolumesSnapshotTestJSON-841832484 None] Task 'cinder.volume.flows.manager.create_volume.CreateVolumeOnFinishTask;volume:create, create.end' (8e17e26e-2bb2-4a1a-8b22-99bdf13f6252) transitioned into state 'RUNNING' from state 'PENDING' {{(pid=184862) _task_receiver /usr/local/lib/python3.12/site-packages/taskflow/listeners/logging.py:194}}
Jan 22 10:24:53.044250 np0005592324.novalocal cinder-volume[184862]: INFO cinder.volume.flows.manager.create_volume [None req-c52fb653-6906-4076-9e0b-d09a323a5e3d tempest-VolumesSnapshotTestJSON-841832484 None] Volume volume-ec07b9a4-bd81-410a-b4f6-54a1d15cb44e (ec07b9a4-bd81-410a-b4f6-54a1d15cb44e): created successfully
Jan 22 10:24:53.045677 np0005592324.novalocal cinder-volume[184862]: DEBUG cinder.volume.manager [None req-c52fb653-6906-4076-9e0b-d09a323a5e3d tempest-VolumesSnapshotTestJSON-841832484 None] Task 'cinder.volume.flows.manager.create_volume.CreateVolumeOnFinishTask;volume:create, create.end' (8e17e26e-2bb2-4a1a-8b22-99bdf13f6252) transitioned into state 'SUCCESS' from state 'RUNNING' with result 'None' {{(pid=184862) _task_receiver /usr/local/lib/python3.12/site-packages/taskflow/listeners/logging.py:182}}
Jan 22 10:24:53.048945 np0005592324.novalocal cinder-volume[184862]: DEBUG cinder.volume.manager [None req-c52fb653-6906-4076-9e0b-d09a323a5e3d tempest-VolumesSnapshotTestJSON-841832484 None] Flow 'volume_create_manager' (0ab5164c-0165-438c-beaa-3a3c14c978d8) transitioned into state 'SUCCESS' from state 'RUNNING' {{(pid=184862) _flow_receiver /usr/local/lib/python3.12/site-packages/taskflow/listeners/logging.py:145}}
Jan 22 10:24:53.057576 np0005592324.novalocal cinder-volume[184862]: INFO cinder.volume.manager [None req-c52fb653-6906-4076-9e0b-d09a323a5e3d tempest-VolumesSnapshotTestJSON-841832484 None] Created volume successfully.
Jan 22 10:24:53.250601 np0005592324.novalocal cinder-volume[184862]: DEBUG cinder.coordination [None req-7ec2b7c8-8470-425a-87f5-21cf0f1f5fae tempest-VolumesSnapshotTestJSON-841832484 None] Acquiring lock "cinder-ec07b9a4-bd81-410a-b4f6-54a1d15cb44e-delete_volume" by "delete_volume" {{(pid=184862) __acquire /opt/stack/cinder/cinder/coordination.py:143}}
Jan 22 10:24:53.262548 np0005592324.novalocal cinder-volume[184862]: DEBUG cinder.coordination [None req-7ec2b7c8-8470-425a-87f5-21cf0f1f5fae tempest-VolumesSnapshotTestJSON-841832484 None] Lock "cinder-ec07b9a4-bd81-410a-b4f6-54a1d15cb44e-delete_volume" acquired by "delete_volume" :: waited 0.012s {{(pid=184862) __acquire /opt/stack/cinder/cinder/coordination.py:146}}
Jan 22 10:24:53.282064 np0005592324.novalocal cinder-volume[184862]: INFO cinder.volume.targets.iscsi [None req-7ec2b7c8-8470-425a-87f5-21cf0f1f5fae tempest-VolumesSnapshotTestJSON-841832484 None] Skipping remove_export. No iscsi_target is presently exported for volume: ec07b9a4-bd81-410a-b4f6-54a1d15cb44e
Jan 22 10:24:53.282817 np0005592324.novalocal cinder-volume[184862]: DEBUG oslo_concurrency.processutils [None req-7ec2b7c8-8470-425a-87f5-21cf0f1f5fae tempest-VolumesSnapshotTestJSON-841832484 None] Running cmd (subprocess): sudo cinder-rootwrap /etc/cinder/rootwrap.conf env LC_ALL=C lvs --noheadings --unit=g -o vg_name,name,size --nosuffix --readonly stack-volumes-lvmdriver-1/volume-ec07b9a4-bd81-410a-b4f6-54a1d15cb44e {{(pid=184862) execute /usr/local/lib/python3.12/site-packages/oslo_concurrency/processutils.py:349}}
Jan 22 10:24:53.312762 np0005592324.novalocal sudo[222742]: stack : PWD=/ ; USER=root ; COMMAND=/usr/local/bin/cinder-rootwrap /etc/cinder/rootwrap.conf env LC_ALL=C lvs --noheadings --unit=g -o vg_name,name,size --nosuffix --readonly stack-volumes-lvmdriver-1/volume-ec07b9a4-bd81-410a-b4f6-54a1d15cb44e
Jan 22 10:24:53.712640 np0005592324.novalocal cinder-volume[184862]: DEBUG oslo_concurrency.processutils [None req-7ec2b7c8-8470-425a-87f5-21cf0f1f5fae tempest-VolumesSnapshotTestJSON-841832484 None] CMD "sudo cinder-rootwrap /etc/cinder/rootwrap.conf env LC_ALL=C lvs --noheadings --unit=g -o vg_name,name,size --nosuffix --readonly stack-volumes-lvmdriver-1/volume-ec07b9a4-bd81-410a-b4f6-54a1d15cb44e" returned: 0 in 0.429s {{(pid=184862) execute /usr/local/lib/python3.12/site-packages/oslo_concurrency/processutils.py:372}}
Jan 22 10:24:53.713735 np0005592324.novalocal cinder-volume[184862]: DEBUG oslo_concurrency.processutils [None req-7ec2b7c8-8470-425a-87f5-21cf0f1f5fae tempest-VolumesSnapshotTestJSON-841832484 None] Running cmd (subprocess): sudo cinder-rootwrap /etc/cinder/rootwrap.conf env LC_ALL=C lvdisplay --noheading -C -o Attr --readonly stack-volumes-lvmdriver-1/volume-ec07b9a4-bd81-410a-b4f6-54a1d15cb44e {{(pid=184862) execute /usr/local/lib/python3.12/site-packages/oslo_concurrency/processutils.py:349}}
Jan 22 10:24:53.742046 np0005592324.novalocal sudo[222747]: stack : PWD=/ ; USER=root ; COMMAND=/usr/local/bin/cinder-rootwrap /etc/cinder/rootwrap.conf env LC_ALL=C lvdisplay --noheading -C -o Attr --readonly stack-volumes-lvmdriver-1/volume-ec07b9a4-bd81-410a-b4f6-54a1d15cb44e
Jan 22 10:24:54.103236 np0005592324.novalocal cinder-volume[184862]: DEBUG oslo_concurrency.processutils [None req-7ec2b7c8-8470-425a-87f5-21cf0f1f5fae tempest-VolumesSnapshotTestJSON-841832484 None] CMD "sudo cinder-rootwrap /etc/cinder/rootwrap.conf env LC_ALL=C lvdisplay --noheading -C -o Attr --readonly stack-volumes-lvmdriver-1/volume-ec07b9a4-bd81-410a-b4f6-54a1d15cb44e" returned: 0 in 0.389s {{(pid=184862) execute /usr/local/lib/python3.12/site-packages/oslo_concurrency/processutils.py:372}}
Jan 22 10:24:54.104629 np0005592324.novalocal cinder-volume[184862]: DEBUG oslo_concurrency.processutils [None req-7ec2b7c8-8470-425a-87f5-21cf0f1f5fae tempest-VolumesSnapshotTestJSON-841832484 None] Running cmd (subprocess): sudo cinder-rootwrap /etc/cinder/rootwrap.conf lvremove --config activation { retry_deactivation = 1} -f stack-volumes-lvmdriver-1/volume-ec07b9a4-bd81-410a-b4f6-54a1d15cb44e {{(pid=184862) execute /usr/local/lib/python3.12/site-packages/oslo_concurrency/processutils.py:349}}
Jan 22 10:24:54.124403 np0005592324.novalocal sudo[222758]: stack : PWD=/ ; USER=root ; COMMAND=/usr/local/bin/cinder-rootwrap /etc/cinder/rootwrap.conf lvremove --config 'activation { retry_deactivation = 1} ' -f stack-volumes-lvmdriver-1/volume-ec07b9a4-bd81-410a-b4f6-54a1d15cb44e
Jan 22 10:24:54.509286 np0005592324.novalocal cinder-volume[184862]: DEBUG oslo_concurrency.processutils [None req-7ec2b7c8-8470-425a-87f5-21cf0f1f5fae tempest-VolumesSnapshotTestJSON-841832484 None] CMD "sudo cinder-rootwrap /etc/cinder/rootwrap.conf lvremove --config activation { retry_deactivation = 1} -f stack-volumes-lvmdriver-1/volume-ec07b9a4-bd81-410a-b4f6-54a1d15cb44e" returned: 0 in 0.404s {{(pid=184862) execute /usr/local/lib/python3.12/site-packages/oslo_concurrency/processutils.py:372}}
Jan 22 10:24:54.509286 np0005592324.novalocal cinder-volume[184862]: INFO cinder.volume.drivers.lvm [None req-7ec2b7c8-8470-425a-87f5-21cf0f1f5fae tempest-VolumesSnapshotTestJSON-841832484 None] Successfully deleted volume: ec07b9a4-bd81-410a-b4f6-54a1d15cb44e
Jan 22 10:24:54.521604 np0005592324.novalocal cinder-volume[184862]: DEBUG dbcounter [-] [184862] Writing DB stats cinder:SELECT=72,cinder:UPDATE=60,cinder:INSERT=13,cinder:DELETE=7 {{(pid=184862) stat_writer /usr/local/lib/python3.12/site-packages/dbcounter.py:115}}
Jan 22 10:24:54.523889 np0005592324.novalocal cinder-volume[184862]: DEBUG dbcounter [-] [184862] Writing DB stats cinder:SELECT=78,cinder:INSERT=15,cinder:UPDATE=69,cinder:DELETE=5 {{(pid=184862) stat_writer /usr/local/lib/python3.12/site-packages/dbcounter.py:115}}
Jan 22 10:24:54.548439 np0005592324.novalocal cinder-volume[184862]: DEBUG cinder.quota [None req-7ec2b7c8-8470-425a-87f5-21cf0f1f5fae tempest-VolumesSnapshotTestJSON-841832484 None] Created reservations ['ce7022db-30cc-4466-9e6f-92ef2fba9ac8', 'dd3fb936-31b5-405a-ba33-610287e07ccf', '39691459-091e-4f25-938d-f6b55d1f24d6', 'ad976f45-ec3b-432e-a88e-c365c808f20e'] {{(pid=184862) reserve /opt/stack/cinder/cinder/quota.py:752}}
Jan 22 10:24:54.568437 np0005592324.novalocal cinder-volume[184862]: DEBUG cinder.volume.drivers.lvm [None req-7ec2b7c8-8470-425a-87f5-21cf0f1f5fae tempest-VolumesSnapshotTestJSON-841832484 None] Updating volume stats {{(pid=184862) _update_volume_stats /opt/stack/cinder/cinder/volume/drivers/lvm.py:228}}
Jan 22 10:24:54.568715 np0005592324.novalocal cinder-volume[184862]: DEBUG oslo_concurrency.processutils [None req-7ec2b7c8-8470-425a-87f5-21cf0f1f5fae tempest-VolumesSnapshotTestJSON-841832484 None] Running cmd (subprocess): sudo cinder-rootwrap /etc/cinder/rootwrap.conf env LC_ALL=C vgs --noheadings --unit=g -o name,size,free,lv_count,uuid --separator : --nosuffix stack-volumes-lvmdriver-1 {{(pid=184862) execute /usr/local/lib/python3.12/site-packages/oslo_concurrency/processutils.py:349}}
Jan 22 10:24:54.588010 np0005592324.novalocal sudo[222766]: stack : PWD=/ ; USER=root ; COMMAND=/usr/local/bin/cinder-rootwrap /etc/cinder/rootwrap.conf env LC_ALL=C vgs --noheadings --unit=g -o name,size,free,lv_count,uuid --separator : --nosuffix stack-volumes-lvmdriver-1
Jan 22 10:24:54.960716 np0005592324.novalocal cinder-volume[184862]: DEBUG oslo_concurrency.processutils [None req-7ec2b7c8-8470-425a-87f5-21cf0f1f5fae tempest-VolumesSnapshotTestJSON-841832484 None] CMD "sudo cinder-rootwrap /etc/cinder/rootwrap.conf env LC_ALL=C vgs --noheadings --unit=g -o name,size,free,lv_count,uuid --separator : --nosuffix stack-volumes-lvmdriver-1" returned: 0 in 0.392s {{(pid=184862) execute /usr/local/lib/python3.12/site-packages/oslo_concurrency/processutils.py:372}}
Jan 22 10:24:54.965009 np0005592324.novalocal cinder-volume[184862]: DEBUG oslo_concurrency.processutils [None req-7ec2b7c8-8470-425a-87f5-21cf0f1f5fae tempest-VolumesSnapshotTestJSON-841832484 None] Running cmd (subprocess): sudo cinder-rootwrap /etc/cinder/rootwrap.conf env LC_ALL=C lvs --noheadings --unit=g -o vg_name,name,size --nosuffix --readonly stack-volumes-lvmdriver-1 {{(pid=184862) execute /usr/local/lib/python3.12/site-packages/oslo_concurrency/processutils.py:349}}
Jan 22 10:24:54.992340 np0005592324.novalocal sudo[222772]: stack : PWD=/ ; USER=root ; COMMAND=/usr/local/bin/cinder-rootwrap /etc/cinder/rootwrap.conf env LC_ALL=C lvs --noheadings --unit=g -o vg_name,name,size --nosuffix --readonly stack-volumes-lvmdriver-1
Jan 22 10:24:55.161450 np0005592324.novalocal cinder-volume[184862]: DEBUG oslo_concurrency.processutils [req-471aad01-f45f-48d3-beff-eb6d13ac6010 req-86ff4d68-b6c7-4600-bed3-b5bc6e0cca38 tempest-AttachVolumeMultiAttachTest-282508890 None] Running cmd (subprocess): sudo cinder-rootwrap /etc/cinder/rootwrap.conf lvchange -a y --yes -K stack-volumes-lvmdriver-1/volume-7a2b06ba-662f-4c34-91d9-367aa9f98e63 {{(pid=184862) execute /usr/local/lib/python3.12/site-packages/oslo_concurrency/processutils.py:349}}
