Jan 22 10:17:20.476733 np0005592324.novalocal cinder-volume[184862]: DEBUG oslo_concurrency.processutils [None req-c0843bcb-2197-4603-ad12-b1adf9595f4f tempest-VolumesExtendTest-931041330 None] Running cmd (subprocess): sudo cinder-rootwrap /etc/cinder/rootwrap.conf env LC_ALL=C lvs --noheadings --unit=g -o vg_name,name,size --nosuffix --readonly stack-volumes-lvmdriver-1/volume-ae281afa-2802-4aef-976e-d721ea07498e {{(pid=184862) execute /usr/local/lib/python3.12/site-packages/oslo_concurrency/processutils.py:349}}
Jan 22 10:17:20.495305 np0005592324.novalocal sudo[213881]: stack : PWD=/ ; USER=root ; COMMAND=/usr/local/bin/cinder-rootwrap /etc/cinder/rootwrap.conf env LC_ALL=C lvs --noheadings --unit=g -o vg_name,name,size --nosuffix --readonly stack-volumes-lvmdriver-1/volume-ae281afa-2802-4aef-976e-d721ea07498e
Jan 22 10:17:20.959778 np0005592324.novalocal cinder-volume[184862]: DEBUG oslo_concurrency.processutils [None req-c0843bcb-2197-4603-ad12-b1adf9595f4f tempest-VolumesExtendTest-931041330 None] CMD "sudo cinder-rootwrap /etc/cinder/rootwrap.conf env LC_ALL=C lvs --noheadings --unit=g -o vg_name,name,size --nosuffix --readonly stack-volumes-lvmdriver-1/volume-ae281afa-2802-4aef-976e-d721ea07498e" returned: 0 in 0.483s {{(pid=184862) execute /usr/local/lib/python3.12/site-packages/oslo_concurrency/processutils.py:372}}
Jan 22 10:17:20.960351 np0005592324.novalocal cinder-volume[184862]: DEBUG oslo_concurrency.processutils [None req-c0843bcb-2197-4603-ad12-b1adf9595f4f tempest-VolumesExtendTest-931041330 None] Running cmd (subprocess): sudo cinder-rootwrap /etc/cinder/rootwrap.conf env LC_ALL=C lvcreate --name volume-1bf816f0-8438-416b-b535-ac5b257aaa19 --snapshot stack-volumes-lvmdriver-1/volume-ae281afa-2802-4aef-976e-d721ea07498e {{(pid=184862) execute /usr/local/lib/python3.12/site-packages/oslo_concurrency/processutils.py:349}}
Jan 22 10:17:20.975214 np0005592324.novalocal sudo[213895]: stack : PWD=/ ; USER=root ; COMMAND=/usr/local/bin/cinder-rootwrap /etc/cinder/rootwrap.conf env LC_ALL=C lvcreate --name volume-1bf816f0-8438-416b-b535-ac5b257aaa19 --snapshot stack-volumes-lvmdriver-1/volume-ae281afa-2802-4aef-976e-d721ea07498e
Jan 22 10:17:21.443535 np0005592324.novalocal cinder-volume[184862]: DEBUG oslo_concurrency.processutils [None req-c0843bcb-2197-4603-ad12-b1adf9595f4f tempest-VolumesExtendTest-931041330 None] CMD "sudo cinder-rootwrap /etc/cinder/rootwrap.conf env LC_ALL=C lvcreate --name volume-1bf816f0-8438-416b-b535-ac5b257aaa19 --snapshot stack-volumes-lvmdriver-1/volume-ae281afa-2802-4aef-976e-d721ea07498e" returned: 0 in 0.483s {{(pid=184862) execute /usr/local/lib/python3.12/site-packages/oslo_concurrency/processutils.py:372}}
Jan 22 10:17:21.444419 np0005592324.novalocal cinder-volume[184862]: DEBUG oslo_concurrency.processutils [None req-c0843bcb-2197-4603-ad12-b1adf9595f4f tempest-VolumesExtendTest-931041330 None] Running cmd (subprocess): sudo cinder-rootwrap /etc/cinder/rootwrap.conf lvchange -a y --yes -k n stack-volumes-lvmdriver-1/volume-1bf816f0-8438-416b-b535-ac5b257aaa19 {{(pid=184862) execute /usr/local/lib/python3.12/site-packages/oslo_concurrency/processutils.py:349}}
Jan 22 10:17:21.464133 np0005592324.novalocal sudo[213912]: stack : PWD=/ ; USER=root ; COMMAND=/usr/local/bin/cinder-rootwrap /etc/cinder/rootwrap.conf lvchange -a y --yes -k n stack-volumes-lvmdriver-1/volume-1bf816f0-8438-416b-b535-ac5b257aaa19
Jan 22 10:17:21.835750 np0005592324.novalocal cinder-volume[184862]: DEBUG oslo_concurrency.processutils [None req-c0843bcb-2197-4603-ad12-b1adf9595f4f tempest-VolumesExtendTest-931041330 None] CMD "sudo cinder-rootwrap /etc/cinder/rootwrap.conf lvchange -a y --yes -k n stack-volumes-lvmdriver-1/volume-1bf816f0-8438-416b-b535-ac5b257aaa19" returned: 0 in 0.391s {{(pid=184862) execute /usr/local/lib/python3.12/site-packages/oslo_concurrency/processutils.py:372}}
Jan 22 10:17:21.836393 np0005592324.novalocal cinder-volume[184862]: DEBUG cinder.volume.volume_utils [None req-c0843bcb-2197-4603-ad12-b1adf9595f4f tempest-VolumesExtendTest-931041330 None] Marking volume 1bf816f0-8438-416b-b535-ac5b257aaa19 as bootable. {{(pid=184862) enable_bootable_flag /opt/stack/cinder/cinder/volume/volume_utils.py:1138}}
Jan 22 10:17:21.843589 np0005592324.novalocal cinder-volume[184862]: DEBUG cinder.volume.flows.manager.create_volume [None req-c0843bcb-2197-4603-ad12-b1adf9595f4f tempest-VolumesExtendTest-931041330 None] Copying metadata from image dc40e494-7dc1-4dfa-959c-1267ce9ef86a to 1bf816f0-8438-416b-b535-ac5b257aaa19. {{(pid=184862) _handle_bootable_volume_glance_meta /opt/stack/cinder/cinder/volume/flows/manager/create_volume.py:450}}
Jan 22 10:17:21.843721 np0005592324.novalocal cinder-volume[184862]: DEBUG cinder.volume.flows.manager.create_volume [None req-c0843bcb-2197-4603-ad12-b1adf9595f4f tempest-VolumesExtendTest-931041330 None] Creating volume glance metadata for volume 1bf816f0-8438-416b-b535-ac5b257aaa19 backed by image dc40e494-7dc1-4dfa-959c-1267ce9ef86a with: {'hw_rng_model': 'virtio', 'owner_specified.openstack.md5': '', 'owner_specified.openstack.sha256': '', 'owner_specified.openstack.object': 'images/cirros-0.6.3-x86_64-disk', 'os_glance_importing_to_stores': '', 'os_glance_failed_import': '', 'image_id': 'dc40e494-7dc1-4dfa-959c-1267ce9ef86a', 'image_name': 'cirros-0.6.3-x86_64-disk', 'checksum': '87617e24a5e30cb3b87fda8c0764838f', 'container_format': 'bare', 'disk_format': 'qcow2', 'min_disk': 0, 'min_ram': 0, 'size': 21692416}. {{(pid=184862) _capture_volume_image_metadata /opt/stack/cinder/cinder/volume/flows/manager/create_volume.py:682}}
Jan 22 10:17:21.865974 np0005592324.novalocal cinder-volume[184862]: DEBUG cinder.volume.manager [None req-c0843bcb-2197-4603-ad12-b1adf9595f4f tempest-VolumesExtendTest-931041330 None] Task 'cinder.volume.flows.manager.create_volume.CreateVolumeFromSpecTask;volume:create' (e05df229-5772-487d-bfff-cf1e0e28cbef) transitioned into state 'SUCCESS' from state 'RUNNING' with result '{'status': 'creating', 'volume_name': 'volume-1bf816f0-8438-416b-b535-ac5b257aaa19', 'volume_size': 1, 'image_id': 'dc40e494-7dc1-4dfa-959c-1267ce9ef86a', 'image_location': (None, [{'url': 'swift+config://ref1/glance/dc40e494-7dc1-4dfa-959c-1267ce9ef86a', 'metadata': {}}]), 'image_meta': {'name': 'cirros-0.6.3-x86_64-disk', 'disk_format': 'qcow2', 'container_format': 'bare', 'visibility': 'public', 'size': 21692416, 'virtual_size': 117440512, 'status': 'active', 'checksum': '87617e24a5e30cb3b87fda8c0764838f', 'protected': False, 'min_ram': 0, 'min_disk': 0, 'owner': 'e0580fa8e8864e629a078200edbed579', 'os_hidden': False, 'os_hash_algo': 'sha512', 'os_hash_value': '9a9bce0083a00939ec17c11febbfc767aa211aaa54f51e75c5a8b271a9b5637c77205a518b7a2007cb391d23cceb01e0e4e8d64832317151bc85b734b92a7be0', 'id': 'dc40e494-7dc1-4dfa-959c-1267ce9ef86a', 'created_at': datetime.datetime(2026, 1, 22, 15, 0, 31, tzinfo=datetime.timezone.utc), 'updated_at': datetime.datetime(2026, 1, 22, 15, 0, 34, tzinfo=datetime.timezone.utc), 'tags': [], 'file': '/v2/images/dc40e494-7dc1-4dfa-959c-1267ce9ef86a/file', 'properties': {'hw_rng_model': 'virtio', 'owner_specified.openstack.md5': '', 'owner_specified.openstack.sha256': '', 'owner_specified.openstack.object': 'images/cirros-0.6.3-x86_64-disk', 'os_glance_importing_to_stores': '', 'os_glance_failed_import': ''}}, 'image_service': }' {{(pid=184862) _task_receiver /usr/local/lib/python3.12/site-packages/taskflow/listeners/logging.py:182}}
Jan 22 10:17:21.867473 np0005592324.novalocal cinder-volume[184862]: DEBUG cinder.volume.manager [None req-c0843bcb-2197-4603-ad12-b1adf9595f4f tempest-VolumesExtendTest-931041330 None] Task 'cinder.volume.flows.manager.create_volume.CreateVolumeOnFinishTask;volume:create, create.end' (aefed557-4901-4954-891b-17db31113a7e) transitioned into state 'RUNNING' from state 'PENDING' {{(pid=184862) _task_receiver /usr/local/lib/python3.12/site-packages/taskflow/listeners/logging.py:194}}
Jan 22 10:17:21.877308 np0005592324.novalocal cinder-volume[184862]: INFO cinder.volume.flows.manager.create_volume [None req-c0843bcb-2197-4603-ad12-b1adf9595f4f tempest-VolumesExtendTest-931041330 None] Volume volume-1bf816f0-8438-416b-b535-ac5b257aaa19 (1bf816f0-8438-416b-b535-ac5b257aaa19): created successfully
Jan 22 10:17:21.878492 np0005592324.novalocal cinder-volume[184862]: DEBUG cinder.volume.manager [None req-c0843bcb-2197-4603-ad12-b1adf9595f4f tempest-VolumesExtendTest-931041330 None] Task 'cinder.volume.flows.manager.create_volume.CreateVolumeOnFinishTask;volume:create, create.end' (aefed557-4901-4954-891b-17db31113a7e) transitioned into state 'SUCCESS' from state 'RUNNING' with result 'None' {{(pid=184862) _task_receiver /usr/local/lib/python3.12/site-packages/taskflow/listeners/logging.py:182}}
Jan 22 10:17:21.880128 np0005592324.novalocal cinder-volume[184862]: DEBUG cinder.volume.manager [None req-c0843bcb-2197-4603-ad12-b1adf9595f4f tempest-VolumesExtendTest-931041330 None] Flow 'volume_create_manager' (a9d6a1f3-b0a2-4b02-96fc-b7cad8d47aaa) transitioned into state 'SUCCESS' from state 'RUNNING' {{(pid=184862) _flow_receiver /usr/local/lib/python3.12/site-packages/taskflow/listeners/logging.py:145}}
Jan 22 10:17:21.886947 np0005592324.novalocal cinder-volume[184862]: INFO cinder.volume.manager [None req-c0843bcb-2197-4603-ad12-b1adf9595f4f tempest-VolumesExtendTest-931041330 None] Created volume successfully.
Jan 22 10:17:22.447450 np0005592324.novalocal cinder-volume[184862]: DEBUG oslo_concurrency.processutils [None req-163c7bf8-9f4a-4703-a8d3-12173bd16626 tempest-VolumesExtendTest-931041330 None] Running cmd (subprocess): sudo cinder-rootwrap /etc/cinder/rootwrap.conf env LC_ALL=C lvdisplay --noheading -C -o Attr --readonly stack-volumes-lvmdriver-1/volume-1bf816f0-8438-416b-b535-ac5b257aaa19 {{(pid=184862) execute /usr/local/lib/python3.12/site-packages/oslo_concurrency/processutils.py:349}}
Jan 22 10:17:22.468465 np0005592324.novalocal sudo[213929]: stack : PWD=/ ; USER=root ; COMMAND=/usr/local/bin/cinder-rootwrap /etc/cinder/rootwrap.conf env LC_ALL=C lvdisplay --noheading -C -o Attr --readonly stack-volumes-lvmdriver-1/volume-1bf816f0-8438-416b-b535-ac5b257aaa19
Jan 22 10:17:22.860564 np0005592324.novalocal cinder-volume[184862]: DEBUG oslo_concurrency.processutils [None req-163c7bf8-9f4a-4703-a8d3-12173bd16626 tempest-VolumesExtendTest-931041330 None] CMD "sudo cinder-rootwrap /etc/cinder/rootwrap.conf env LC_ALL=C lvdisplay --noheading -C -o Attr --readonly stack-volumes-lvmdriver-1/volume-1bf816f0-8438-416b-b535-ac5b257aaa19" returned: 0 in 0.410s {{(pid=184862) execute /usr/local/lib/python3.12/site-packages/oslo_concurrency/processutils.py:372}}
Jan 22 10:17:22.860564 np0005592324.novalocal cinder-volume[184862]: DEBUG oslo_concurrency.processutils [None req-163c7bf8-9f4a-4703-a8d3-12173bd16626 tempest-VolumesExtendTest-931041330 None] Running cmd (subprocess): sudo cinder-rootwrap /etc/cinder/rootwrap.conf env LC_ALL=C lvextend -L 2g stack-volumes-lvmdriver-1/volume-1bf816f0-8438-416b-b535-ac5b257aaa19 {{(pid=184862) execute /usr/local/lib/python3.12/site-packages/oslo_concurrency/processutils.py:349}}
Jan 22 10:17:22.887356 np0005592324.novalocal sudo[213934]: stack : PWD=/ ; USER=root ; COMMAND=/usr/local/bin/cinder-rootwrap /etc/cinder/rootwrap.conf env LC_ALL=C lvextend -L 2g stack-volumes-lvmdriver-1/volume-1bf816f0-8438-416b-b535-ac5b257aaa19
Jan 22 10:17:23.341542 np0005592324.novalocal cinder-volume[184862]: DEBUG oslo_concurrency.processutils [None req-163c7bf8-9f4a-4703-a8d3-12173bd16626 tempest-VolumesExtendTest-931041330 None] CMD "sudo cinder-rootwrap /etc/cinder/rootwrap.conf env LC_ALL=C lvextend -L 2g stack-volumes-lvmdriver-1/volume-1bf816f0-8438-416b-b535-ac5b257aaa19" returned: 0 in 0.483s {{(pid=184862) execute /usr/local/lib/python3.12/site-packages/oslo_concurrency/processutils.py:372}}
Jan 22 10:17:23.361488 np0005592324.novalocal cinder-volume[184862]: INFO cinder.volume.manager [None req-163c7bf8-9f4a-4703-a8d3-12173bd16626 tempest-VolumesExtendTest-931041330 None] Extend volume completed successfully.
Jan 22 10:17:23.658879 np0005592324.novalocal cinder-volume[184862]: DEBUG cinder.coordination [None req-6e22fadf-4b3f-4c46-9645-0b602acd655d tempest-VolumesExtendTest-931041330 None] Acquiring lock "cinder-1bf816f0-8438-416b-b535-ac5b257aaa19-delete_volume" by "delete_volume" {{(pid=184862) __acquire /opt/stack/cinder/cinder/coordination.py:143}}
Jan 22 10:17:23.673867 np0005592324.novalocal cinder-volume[184862]: DEBUG cinder.coordination [None req-6e22fadf-4b3f-4c46-9645-0b602acd655d tempest-VolumesExtendTest-931041330 None] Lock "cinder-1bf816f0-8438-416b-b535-ac5b257aaa19-delete_volume" acquired by "delete_volume" :: waited 0.015s {{(pid=184862) __acquire /opt/stack/cinder/cinder/coordination.py:146}}
Jan 22 10:17:23.693754 np0005592324.novalocal cinder-volume[184862]: INFO cinder.volume.targets.iscsi [None req-6e22fadf-4b3f-4c46-9645-0b602acd655d tempest-VolumesExtendTest-931041330 None] Skipping remove_export. No iscsi_target is presently exported for volume: 1bf816f0-8438-416b-b535-ac5b257aaa19
Jan 22 10:17:23.694496 np0005592324.novalocal cinder-volume[184862]: DEBUG oslo_concurrency.processutils [None req-6e22fadf-4b3f-4c46-9645-0b602acd655d tempest-VolumesExtendTest-931041330 None] Running cmd (subprocess): sudo cinder-rootwrap /etc/cinder/rootwrap.conf env LC_ALL=C lvs --noheadings --unit=g -o vg_name,name,size --nosuffix --readonly stack-volumes-lvmdriver-1/volume-1bf816f0-8438-416b-b535-ac5b257aaa19 {{(pid=184862) execute /usr/local/lib/python3.12/site-packages/oslo_concurrency/processutils.py:349}}
Jan 22 10:17:23.721396 np0005592324.novalocal sudo[213955]: stack : PWD=/ ; USER=root ; COMMAND=/usr/local/bin/cinder-rootwrap /etc/cinder/rootwrap.conf env LC_ALL=C lvs --noheadings --unit=g -o vg_name,name,size --nosuffix --readonly stack-volumes-lvmdriver-1/volume-1bf816f0-8438-416b-b535-ac5b257aaa19
Jan 22 10:17:24.158705 np0005592324.novalocal cinder-volume[184862]: DEBUG oslo_concurrency.processutils [None req-6e22fadf-4b3f-4c46-9645-0b602acd655d tempest-VolumesExtendTest-931041330 None] CMD "sudo cinder-rootwrap /etc/cinder/rootwrap.conf env LC_ALL=C lvs --noheadings --unit=g -o vg_name,name,size --nosuffix --readonly stack-volumes-lvmdriver-1/volume-1bf816f0-8438-416b-b535-ac5b257aaa19" returned: 0 in 0.464s {{(pid=184862) execute /usr/local/lib/python3.12/site-packages/oslo_concurrency/processutils.py:372}}
Jan 22 10:17:24.161659 np0005592324.novalocal cinder-volume[184862]: DEBUG oslo_concurrency.processutils [None req-6e22fadf-4b3f-4c46-9645-0b602acd655d tempest-VolumesExtendTest-931041330 None] Running cmd (subprocess): sudo cinder-rootwrap /etc/cinder/rootwrap.conf env LC_ALL=C lvdisplay --noheading -C -o Attr --readonly stack-volumes-lvmdriver-1/volume-1bf816f0-8438-416b-b535-ac5b257aaa19 {{(pid=184862) execute /usr/local/lib/python3.12/site-packages/oslo_concurrency/processutils.py:349}}
Jan 22 10:17:24.195793 np0005592324.novalocal sudo[213972]: stack : PWD=/ ; USER=root ; COMMAND=/usr/local/bin/cinder-rootwrap /etc/cinder/rootwrap.conf env LC_ALL=C lvdisplay --noheading -C -o Attr --readonly stack-volumes-lvmdriver-1/volume-1bf816f0-8438-416b-b535-ac5b257aaa19
Jan 22 10:17:24.596850 np0005592324.novalocal cinder-volume[184862]: DEBUG oslo_concurrency.processutils [None req-6e22fadf-4b3f-4c46-9645-0b602acd655d tempest-VolumesExtendTest-931041330 None] CMD "sudo cinder-rootwrap /etc/cinder/rootwrap.conf env LC_ALL=C lvdisplay --noheading -C -o Attr --readonly stack-volumes-lvmdriver-1/volume-1bf816f0-8438-416b-b535-ac5b257aaa19" returned: 0 in 0.435s {{(pid=184862) execute /usr/local/lib/python3.12/site-packages/oslo_concurrency/processutils.py:372}}
Jan 22 10:17:24.596850 np0005592324.novalocal cinder-volume[184862]: DEBUG oslo_concurrency.processutils [None req-6e22fadf-4b3f-4c46-9645-0b602acd655d tempest-VolumesExtendTest-931041330 None] Running cmd (subprocess): sudo cinder-rootwrap /etc/cinder/rootwrap.conf lvremove --config activation { retry_deactivation = 1} -f stack-volumes-lvmdriver-1/volume-1bf816f0-8438-416b-b535-ac5b257aaa19 {{(pid=184862) execute /usr/local/lib/python3.12/site-packages/oslo_concurrency/processutils.py:349}}
Jan 22 10:17:24.623026 np0005592324.novalocal sudo[214016]: stack : PWD=/ ; USER=root ; COMMAND=/usr/local/bin/cinder-rootwrap /etc/cinder/rootwrap.conf lvremove --config 'activation { retry_deactivation = 1} ' -f stack-volumes-lvmdriver-1/volume-1bf816f0-8438-416b-b535-ac5b257aaa19
Jan 22 10:17:24.995682 np0005592324.novalocal cinder-volume[184862]: DEBUG oslo_concurrency.processutils [None req-6e22fadf-4b3f-4c46-9645-0b602acd655d tempest-VolumesExtendTest-931041330 None] CMD "sudo cinder-rootwrap /etc/cinder/rootwrap.conf lvremove --config activation { retry_deactivation = 1} -f stack-volumes-lvmdriver-1/volume-1bf816f0-8438-416b-b535-ac5b257aaa19" returned: 0 in 0.400s {{(pid=184862) execute /usr/local/lib/python3.12/site-packages/oslo_concurrency/processutils.py:372}}
Jan 22 10:17:24.996096 np0005592324.novalocal cinder-volume[184862]: INFO cinder.volume.drivers.lvm [None req-6e22fadf-4b3f-4c46-9645-0b602acd655d tempest-VolumesExtendTest-931041330 None] Successfully deleted volume: 1bf816f0-8438-416b-b535-ac5b257aaa19
Jan 22 10:17:25.017823 np0005592324.novalocal cinder-volume[184862]: DEBUG cinder.quota [None req-6e22fadf-4b3f-4c46-9645-0b602acd655d tempest-VolumesExtendTest-931041330 None] Created reservations ['a73dc9a9-22cd-4e69-b6d3-0dbeb91d3fcf', 'fe02afa8-9e15-43d0-89db-ca4f3da656c8', '0b5e751d-2456-4ed2-9ade-8852907ef774', '15bc2dd8-77d8-434d-bafc-8eafc9a875ab'] {{(pid=184862) reserve /opt/stack/cinder/cinder/quota.py:752}}
Jan 22 10:17:25.044301 np0005592324.novalocal cinder-volume[184862]: DEBUG cinder.volume.drivers.lvm [None req-6e22fadf-4b3f-4c46-9645-0b602acd655d tempest-VolumesExtendTest-931041330 None] Updating volume stats {{(pid=184862) _update_volume_stats /opt/stack/cinder/cinder/volume/drivers/lvm.py:228}}
Jan 22 10:17:25.044581 np0005592324.novalocal cinder-volume[184862]: DEBUG oslo_concurrency.processutils [None req-6e22fadf-4b3f-4c46-9645-0b602acd655d tempest-VolumesExtendTest-931041330 None] Running cmd (subprocess): sudo cinder-rootwrap /etc/cinder/rootwrap.conf env LC_ALL=C vgs --noheadings --unit=g -o name,size,free,lv_count,uuid --separator : --nosuffix stack-volumes-lvmdriver-1 {{(pid=184862) execute /usr/local/lib/python3.12/site-packages/oslo_concurrency/processutils.py:349}}
Jan 22 10:17:25.070538 np0005592324.novalocal sudo[214023]: stack : PWD=/ ; USER=root ; COMMAND=/usr/local/bin/cinder-rootwrap /etc/cinder/rootwrap.conf env LC_ALL=C vgs --noheadings --unit=g -o name,size,free,lv_count,uuid --separator : --nosuffix stack-volumes-lvmdriver-1
Jan 22 10:17:25.433334 np0005592324.novalocal cinder-volume[184862]: DEBUG oslo_concurrency.processutils [None req-6e22fadf-4b3f-4c46-9645-0b602acd655d tempest-VolumesExtendTest-931041330 None] CMD "sudo cinder-rootwrap /etc/cinder/rootwrap.conf env LC_ALL=C vgs --noheadings --unit=g -o name,size,free,lv_count,uuid --separator : --nosuffix stack-volumes-lvmdriver-1" returned: 0 in 0.387s {{(pid=184862) execute /usr/local/lib/python3.12/site-packages/oslo_concurrency/processutils.py:372}}
Jan 22 10:17:25.433334 np0005592324.novalocal cinder-volume[184862]: DEBUG oslo_concurrency.processutils [None req-6e22fadf-4b3f-4c46-9645-0b602acd655d tempest-VolumesExtendTest-931041330 None] Running cmd (subprocess): sudo cinder-rootwrap /etc/cinder/rootwrap.conf env LC_ALL=C lvs --noheadings --unit=g -o vg_name,name,size --nosuffix --readonly stack-volumes-lvmdriver-1 {{(pid=184862) execute /usr/local/lib/python3.12/site-packages/oslo_concurrency/processutils.py:349}}
Jan 22 10:17:25.457667 np0005592324.novalocal sudo[214029]: stack : PWD=/ ; USER=root ; COMMAND=/usr/local/bin/cinder-rootwrap /etc/cinder/rootwrap.conf env LC_ALL=C lvs --noheadings --unit=g -o vg_name,name,size --nosuffix --readonly stack-volumes-lvmdriver-1
Jan 22 10:17:25.920361 np0005592324.novalocal cinder-volume[184862]: DEBUG oslo_concurrency.processutils [None req-6e22fadf-4b3f-4c46-9645-0b602acd655d tempest-VolumesExtendTest-931041330 None] CMD "sudo cinder-rootwrap /etc/cinder/rootwrap.conf env LC_ALL=C lvs --noheadings --unit=g -o vg_name,name,size --nosuffix --readonly stack-volumes-lvmdriver-1" returned: 0 in 0.488s {{(pid=184862) execute /usr/local/lib/python3.12/site-packages/oslo_concurrency/processutils.py:372}}
Jan 22 10:17:25.922318 np0005592324.novalocal cinder-volume[184862]: DEBUG oslo_concurrency.processutils [None req-6e22fadf-4b3f-4c46-9645-0b602acd655d tempest-VolumesExtendTest-931041330 None] Running cmd (subprocess): sudo cinder-rootwrap /etc/cinder/rootwrap.conf env LC_ALL=C lvs --noheadings --unit=g -o size,data_percent --separator : --nosuffix /dev/stack-volumes-lvmdriver-1/stack-volumes-lvmdriver-1-pool {{(pid=184862) execute /usr/local/lib/python3.12/site-packages/oslo_concurrency/processutils.py:349}}
Jan 22 10:17:25.938874 np0005592324.novalocal sudo[214035]: stack : PWD=/ ; USER=root ; COMMAND=/usr/local/bin/cinder-rootwrap /etc/cinder/rootwrap.conf env LC_ALL=C lvs --noheadings --unit=g -o size,data_percent --separator : --nosuffix /dev/stack-volumes-lvmdriver-1/stack-volumes-lvmdriver-1-pool
Jan 22 10:17:26.029082 np0005592324.novalocal cinder-volume[184862]: DEBUG cinder.volume.flows.manager.create_volume [None req-95f07535-6cdf-4379-9dd8-853f54198dea tempest-VolumesExtendTest-931041330 None] Volume reschedule parameters: True retry: {'num_attempts': 1, 'backends': ['np0005592324.novalocal@lvmdriver-1#lvmdriver-1'], 'hosts': ['np0005592324.novalocal@lvmdriver-1#lvmdriver-1']} {{(pid=184862) get_flow /opt/stack/cinder/cinder/volume/flows/manager/create_volume.py:1388}}
Jan 22 10:17:26.036341 np0005592324.novalocal cinder-volume[184862]: DEBUG cinder.volume.manager [None req-95f07535-6cdf-4379-9dd8-853f54198dea tempest-VolumesExtendTest-931041330 None] Flow 'volume_create_manager' (702d796b-0489-49d7-9fcf-7f988f34924c) transitioned into state 'RUNNING' from state 'PENDING' {{(pid=184862) _flow_receiver /usr/local/lib/python3.12/site-packages/taskflow/listeners/logging.py:145}}
Jan 22 10:17:26.038328 np0005592324.novalocal cinder-volume[184862]: DEBUG cinder.volume.manager [None req-95f07535-6cdf-4379-9dd8-853f54198dea tempest-VolumesExtendTest-931041330 None] Task 'cinder.volume.flows.manager.create_volume.ExtractVolumeRefTask;volume:create' (941c8002-fdad-4c64-a633-572314088325) transitioned into state 'RUNNING' from state 'PENDING' {{(pid=184862) _task_receiver /usr/local/lib/python3.12/site-packages/taskflow/listeners/logging.py:194}}
Jan 22 10:17:26.043959 np0005592324.novalocal cinder-volume[184862]: DEBUG cinder.volume.manager [None req-95f07535-6cdf-4379-9dd8-853f54198dea tempest-VolumesExtendTest-931041330 None] Task 'cinder.volume.flows.manager.create_volume.ExtractVolumeRefTask;volume:create' (941c8002-fdad-4c64-a633-572314088325) transitioned into state 'SUCCESS' from state 'RUNNING' with result 'Volume(_name_id=None,admin_metadata=,attach_status='detached',availability_zone='nova',bootable=False,cluster=,cluster_name=None,consistencygroup=,consistencygroup_id=None,created_at=2026-01-22T15:17:25Z,deleted=False,deleted_at=None,display_description=None,display_name='tempest-VolumesExtendTest-Volume-1763553060',ec2_id=None,encryption_key_id=None,glance_metadata=,group=,group_id=None,host='np0005592324.novalocal@lvmdriver-1#lvmdriver-1',id=1e863b58-ef46-4c1e-a742-a6e9d2f02f19,launched_at=None,metadata={},migration_status=None,multiattach=False,previous_status=None,project_id='8494a607ce6c40aca366d76918c395f7',provider_auth=None,provider_geometry=None,provider_id=None,provider_location=None,replication_driver_data=None,replication_extended_status=None,replication_status=None,scheduled_at=2026-01-22T15:17:26Z,service_uuid=None,shared_targets=True,size=1,snapshot_id=None,snapshots=,source_volid=None,status='creating',terminated_at=None,updated_at=2026-01-22T15:17:26Z,use_quota=True,user_id='6abcf87bf7074a97a01e5ff3fa55354e',volume_attachment=VolumeAttachmentList,volume_type=VolumeType(d32eda9a-7ff9-443b-adbb-d3691c157d72),volume_type_id=d32eda9a-7ff9-443b-adbb-d3691c157d72)' {{(pid=184862) _task_receiver /usr/local/lib/python3.12/site-packages/taskflow/listeners/logging.py:182}}
Jan 22 10:17:26.045447 np0005592324.novalocal cinder-volume[184862]: DEBUG cinder.volume.manager [None req-95f07535-6cdf-4379-9dd8-853f54198dea tempest-VolumesExtendTest-931041330 None] Task 'cinder.volume.flows.manager.create_volume.OnFailureRescheduleTask;volume:create' (1332774a-931e-4830-b78e-0e793f1cdbbf) transitioned into state 'RUNNING' from state 'PENDING' {{(pid=184862) _task_receiver /usr/local/lib/python3.12/site-packages/taskflow/listeners/logging.py:194}}
Jan 22 10:17:26.046711 np0005592324.novalocal cinder-volume[184862]: DEBUG cinder.volume.manager [None req-95f07535-6cdf-4379-9dd8-853f54198dea tempest-VolumesExtendTest-931041330 None] Task 'cinder.volume.flows.manager.create_volume.OnFailureRescheduleTask;volume:create' (1332774a-931e-4830-b78e-0e793f1cdbbf) transitioned into state 'SUCCESS' from state 'RUNNING' with result 'None' {{(pid=184862) _task_receiver /usr/local/lib/python3.12/site-packages/taskflow/listeners/logging.py:182}}
Jan 22 10:17:26.048122 np0005592324.novalocal cinder-volume[184862]: DEBUG cinder.volume.manager [None req-95f07535-6cdf-4379-9dd8-853f54198dea tempest-VolumesExtendTest-931041330 None] Task 'cinder.volume.flows.manager.create_volume.ExtractVolumeSpecTask;volume:create' (1c9dec83-549a-4809-b72e-1d3d74d878b2) transitioned into state 'RUNNING' from state 'PENDING' {{(pid=184862) _task_receiver /usr/local/lib/python3.12/site-packages/taskflow/listeners/logging.py:194}}
Jan 22 10:17:26.049449 np0005592324.novalocal cinder-volume[184862]: DEBUG cinder.volume.manager [None req-95f07535-6cdf-4379-9dd8-853f54198dea tempest-VolumesExtendTest-931041330 None] Task 'cinder.volume.flows.manager.create_volume.ExtractVolumeSpecTask;volume:create' (1c9dec83-549a-4809-b72e-1d3d74d878b2) transitioned into state 'SUCCESS' from state 'RUNNING' with result '{'status': 'creating', 'type': 'raw', 'volume_id': '1e863b58-ef46-4c1e-a742-a6e9d2f02f19', 'volume_name': 'volume-1e863b58-ef46-4c1e-a742-a6e9d2f02f19', 'volume_size': 1}' {{(pid=184862) _task_receiver /usr/local/lib/python3.12/site-packages/taskflow/listeners/logging.py:182}}
Jan 22 10:17:26.051710 np0005592324.novalocal cinder-volume[184862]: DEBUG cinder.volume.manager [None req-95f07535-6cdf-4379-9dd8-853f54198dea tempest-VolumesExtendTest-931041330 None] Task 'cinder.volume.flows.manager.create_volume.NotifyVolumeActionTask;volume:create, create.start' (7029ee4f-d82f-404e-8ecc-3e0cfb34d879) transitioned into state 'RUNNING' from state 'PENDING' {{(pid=184862) _task_receiver /usr/local/lib/python3.12/site-packages/taskflow/listeners/logging.py:194}}
Jan 22 10:17:26.052848 np0005592324.novalocal cinder-volume[184862]: DEBUG cinder.volume.manager [None req-95f07535-6cdf-4379-9dd8-853f54198dea tempest-VolumesExtendTest-931041330 None] Task 'cinder.volume.flows.manager.create_volume.NotifyVolumeActionTask;volume:create, create.start' (7029ee4f-d82f-404e-8ecc-3e0cfb34d879) transitioned into state 'SUCCESS' from state 'RUNNING' with result 'None' {{(pid=184862) _task_receiver /usr/local/lib/python3.12/site-packages/taskflow/listeners/logging.py:182}}
Jan 22 10:17:26.054453 np0005592324.novalocal cinder-volume[184862]: DEBUG cinder.volume.manager [None req-95f07535-6cdf-4379-9dd8-853f54198dea tempest-VolumesExtendTest-931041330 None] Task 'cinder.volume.flows.manager.create_volume.CreateVolumeFromSpecTask;volume:create' (7390af06-9a9f-4b6d-91a6-e2b81b574ef7) transitioned into state 'RUNNING' from state 'PENDING' {{(pid=184862) _task_receiver /usr/local/lib/python3.12/site-packages/taskflow/listeners/logging.py:194}}
Jan 22 10:17:26.054858 np0005592324.novalocal cinder-volume[184862]: INFO cinder.volume.flows.manager.create_volume [None req-95f07535-6cdf-4379-9dd8-853f54198dea tempest-VolumesExtendTest-931041330 None] Volume 1e863b58-ef46-4c1e-a742-a6e9d2f02f19: being created as raw with specification: {'status': 'creating', 'volume_name': 'volume-1e863b58-ef46-4c1e-a742-a6e9d2f02f19', 'volume_size': 1}
Jan 22 10:17:26.055526 np0005592324.novalocal cinder-volume[184862]: DEBUG oslo_concurrency.processutils [None req-95f07535-6cdf-4379-9dd8-853f54198dea tempest-VolumesExtendTest-931041330 None] Running cmd (subprocess): sudo cinder-rootwrap /etc/cinder/rootwrap.conf env LC_ALL=C lvcreate -T -V 1g -n volume-1e863b58-ef46-4c1e-a742-a6e9d2f02f19 stack-volumes-lvmdriver-1/stack-volumes-lvmdriver-1-pool {{(pid=184862) execute /usr/local/lib/python3.12/site-packages/oslo_concurrency/processutils.py:349}}
Jan 22 10:17:26.072775 np0005592324.novalocal sudo[214047]: stack : PWD=/ ; USER=root ; COMMAND=/usr/local/bin/cinder-rootwrap /etc/cinder/rootwrap.conf env LC_ALL=C lvcreate -T -V 1g -n volume-1e863b58-ef46-4c1e-a742-a6e9d2f02f19 stack-volumes-lvmdriver-1/stack-volumes-lvmdriver-1-pool
Jan 22 10:17:26.358415 np0005592324.novalocal cinder-volume[184862]: DEBUG oslo_concurrency.processutils [None req-6e22fadf-4b3f-4c46-9645-0b602acd655d tempest-VolumesExtendTest-931041330 None] CMD "sudo cinder-rootwrap /etc/cinder/rootwrap.conf env LC_ALL=C lvs --noheadings --unit=g -o size,data_percent --separator : --nosuffix /dev/stack-volumes-lvmdriver-1/stack-volumes-lvmdriver-1-pool" returned: 0 in 0.438s {{(pid=184862) execute /usr/local/lib/python3.12/site-packages/oslo_concurrency/processutils.py:372}}
Jan 22 10:17:26.359107 np0005592324.novalocal cinder-volume[184862]: DEBUG oslo_concurrency.processutils [None req-6e22fadf-4b3f-4c46-9645-0b602acd655d tempest-VolumesExtendTest-931041330 None] Running cmd (subprocess): sudo cinder-rootwrap /etc/cinder/rootwrap.conf env LC_ALL=C lvs --noheadings --unit=g -o vg_name,name,size --nosuffix --readonly stack-volumes-lvmdriver-1 {{(pid=184862) execute /usr/local/lib/python3.12/site-packages/oslo_concurrency/processutils.py:349}}
Jan 22 10:17:26.379502 np0005592324.novalocal sudo[214099]: stack : PWD=/ ; USER=root ; COMMAND=/usr/local/bin/cinder-rootwrap /etc/cinder/rootwrap.conf env LC_ALL=C lvs --noheadings --unit=g -o vg_name,name,size --nosuffix --readonly stack-volumes-lvmdriver-1
Jan 22 10:17:26.498167 np0005592324.novalocal cinder-volume[184862]: DEBUG oslo_concurrency.processutils [None req-95f07535-6cdf-4379-9dd8-853f54198dea tempest-VolumesExtendTest-931041330 None] CMD "sudo cinder-rootwrap /etc/cinder/rootwrap.conf env LC_ALL=C lvcreate -T -V 1g -n volume-1e863b58-ef46-4c1e-a742-a6e9d2f02f19 stack-volumes-lvmdriver-1/stack-volumes-lvmdriver-1-pool" returned: 0 in 0.443s {{(pid=184862) execute /usr/local/lib/python3.12/site-packages/oslo_concurrency/processutils.py:372}}
Jan 22 10:17:26.505276 np0005592324.novalocal cinder-volume[184862]: DEBUG cinder.volume.manager [None req-95f07535-6cdf-4379-9dd8-853f54198dea tempest-VolumesExtendTest-931041330 None] Task 'cinder.volume.flows.manager.create_volume.CreateVolumeFromSpecTask;volume:create' (7390af06-9a9f-4b6d-91a6-e2b81b574ef7) transitioned into state 'SUCCESS' from state 'RUNNING' with result '{'status': 'creating', 'volume_name': 'volume-1e863b58-ef46-4c1e-a742-a6e9d2f02f19', 'volume_size': 1}' {{(pid=184862) _task_receiver /usr/local/lib/python3.12/site-packages/taskflow/listeners/logging.py:182}}
Jan 22 10:17:26.511521 np0005592324.novalocal cinder-volume[184862]: DEBUG cinder.volume.manager [None req-95f07535-6cdf-4379-9dd8-853f54198dea tempest-VolumesExtendTest-931041330 None] Task 'cinder.volume.flows.manager.create_volume.CreateVolumeOnFinishTask;volume:create, create.end' (2bdcc61f-9047-486a-a185-342344222e45) transitioned into state 'RUNNING' from state 'PENDING' {{(pid=184862) _task_receiver /usr/local/lib/python3.12/site-packages/taskflow/listeners/logging.py:194}}
Jan 22 10:17:26.531998 np0005592324.novalocal cinder-volume[184862]: INFO cinder.volume.flows.manager.create_volume [None req-95f07535-6cdf-4379-9dd8-853f54198dea tempest-VolumesExtendTest-931041330 None] Volume volume-1e863b58-ef46-4c1e-a742-a6e9d2f02f19 (1e863b58-ef46-4c1e-a742-a6e9d2f02f19): created successfully
Jan 22 10:17:26.533941 np0005592324.novalocal cinder-volume[184862]: DEBUG cinder.volume.manager [None req-95f07535-6cdf-4379-9dd8-853f54198dea tempest-VolumesExtendTest-931041330 None] Task 'cinder.volume.flows.manager.create_volume.CreateVolumeOnFinishTask;volume:create, create.end' (2bdcc61f-9047-486a-a185-342344222e45) transitioned into state 'SUCCESS' from state 'RUNNING' with result 'None' {{(pid=184862) _task_receiver /usr/local/lib/python3.12/site-packages/taskflow/listeners/logging.py:182}}
Jan 22 10:17:26.534689 np0005592324.novalocal cinder-volume[184862]: DEBUG cinder.volume.manager [None req-95f07535-6cdf-4379-9dd8-853f54198dea tempest-VolumesExtendTest-931041330 None] Flow 'volume_create_manager' (702d796b-0489-49d7-9fcf-7f988f34924c) transitioned into state 'SUCCESS' from state 'RUNNING' {{(pid=184862) _flow_receiver /usr/local/lib/python3.12/site-packages/taskflow/listeners/logging.py:145}}
Jan 22 10:17:26.538748 np0005592324.novalocal cinder-volume[184862]: INFO cinder.volume.manager [None req-95f07535-6cdf-4379-9dd8-853f54198dea tempest-VolumesExtendTest-931041330 None] Created volume successfully.
Jan 22 10:17:26.748398 np0005592324.novalocal cinder-volume[184862]: DEBUG oslo_concurrency.processutils [None req-6e22fadf-4b3f-4c46-9645-0b602acd655d tempest-VolumesExtendTest-931041330 None] CMD "sudo cinder-rootwrap /etc/cinder/rootwrap.conf env LC_ALL=C lvs --noheadings --unit=g -o vg_name,name,size --nosuffix --readonly stack-volumes-lvmdriver-1" returned: 0 in 0.388s {{(pid=184862) execute /usr/local/lib/python3.12/site-packages/oslo_concurrency/processutils.py:372}}
Jan 22 10:17:26.748455 np0005592324.novalocal cinder-volume[184862]: DEBUG cinder.manager [None req-6e22fadf-4b3f-4c46-9645-0b602acd655d tempest-VolumesExtendTest-931041330 None] Notifying Schedulers of capabilities ... {{(pid=184862) _publish_service_capabilities /opt/stack/cinder/cinder/manager.py:202}}
Jan 22 10:17:26.752834 np0005592324.novalocal cinder-volume[184862]: INFO cinder.volume.manager [None req-6e22fadf-4b3f-4c46-9645-0b602acd655d tempest-VolumesExtendTest-931041330 None] Deleted volume successfully.
Jan 22 10:17:26.761705 np0005592324.novalocal cinder-volume[184862]: DEBUG cinder.coordination [None req-6e22fadf-4b3f-4c46-9645-0b602acd655d tempest-VolumesExtendTest-931041330 None] Lock "cinder-1bf816f0-8438-416b-b535-ac5b257aaa19-delete_volume" released by "delete_volume" :: held 3.088s {{(pid=184862) __release /opt/stack/cinder/cinder/coordination.py:157}}
Jan 22 10:17:27.229903 np0005592324.novalocal cinder-volume[184862]: DEBUG oslo_concurrency.processutils [None req-a695e330-72a9-4acf-8b53-021a7ad306d4 tempest-VolumesExtendTest-931041330 None] Running cmd (subprocess): sudo cinder-rootwrap /etc/cinder/rootwrap.conf env LC_ALL=C lvs --noheadings --unit=g -o vg_name,name,size --nosuffix --readonly stack-volumes-lvmdriver-1/volume-1e863b58-ef46-4c1e-a742-a6e9d2f02f19 {{(pid=184862) execute /usr/local/lib/python3.12/site-packages/oslo_concurrency/processutils.py:349}}
Jan 22 10:17:27.248739 np0005592324.novalocal sudo[214116]: stack : PWD=/ ; USER=root ; COMMAND=/usr/local/bin/cinder-rootwrap /etc/cinder/rootwrap.conf env LC_ALL=C lvs --noheadings --unit=g -o vg_name,name,size --nosuffix --readonly stack-volumes-lvmdriver-1/volume-1e863b58-ef46-4c1e-a742-a6e9d2f02f19
Jan 22 10:17:27.608124 np0005592324.novalocal cinder-volume[184862]: DEBUG oslo_concurrency.processutils [None req-a695e330-72a9-4acf-8b53-021a7ad306d4 tempest-VolumesExtendTest-931041330 None] CMD "sudo cinder-rootwrap /etc/cinder/rootwrap.conf env LC_ALL=C lvs --noheadings --unit=g -o vg_name,name,size --nosuffix --readonly stack-volumes-lvmdriver-1/volume-1e863b58-ef46-4c1e-a742-a6e9d2f02f19" returned: 0 in 0.378s {{(pid=184862) execute /usr/local/lib/python3.12/site-packages/oslo_concurrency/processutils.py:372}}
Jan 22 10:17:27.609384 np0005592324.novalocal cinder-volume[184862]: DEBUG oslo_concurrency.processutils [None req-a695e330-72a9-4acf-8b53-021a7ad306d4 tempest-VolumesExtendTest-931041330 None] Running cmd (subprocess): sudo cinder-rootwrap /etc/cinder/rootwrap.conf env LC_ALL=C lvcreate --name _snapshot-2edd1bfb-b9b6-4591-ae1d-bc203c1308b8 --snapshot stack-volumes-lvmdriver-1/volume-1e863b58-ef46-4c1e-a742-a6e9d2f02f19 {{(pid=184862) execute /usr/local/lib/python3.12/site-packages/oslo_concurrency/processutils.py:349}}
Jan 22 10:17:27.635954 np0005592324.novalocal sudo[214121]: stack : PWD=/ ; USER=root ; COMMAND=/usr/local/bin/cinder-rootwrap /etc/cinder/rootwrap.conf env LC_ALL=C lvcreate --name _snapshot-2edd1bfb-b9b6-4591-ae1d-bc203c1308b8 --snapshot stack-volumes-lvmdriver-1/volume-1e863b58-ef46-4c1e-a742-a6e9d2f02f19
Jan 22 10:17:28.024252 np0005592324.novalocal cinder-volume[184862]: DEBUG oslo_concurrency.processutils [None req-a695e330-72a9-4acf-8b53-021a7ad306d4 tempest-VolumesExtendTest-931041330 None] CMD "sudo cinder-rootwrap /etc/cinder/rootwrap.conf env LC_ALL=C lvcreate --name _snapshot-2edd1bfb-b9b6-4591-ae1d-bc203c1308b8 --snapshot stack-volumes-lvmdriver-1/volume-1e863b58-ef46-4c1e-a742-a6e9d2f02f19" returned: 0 in 0.414s {{(pid=184862) execute /usr/local/lib/python3.12/site-packages/oslo_concurrency/processutils.py:372}}
Jan 22 10:17:28.046599 np0005592324.novalocal cinder-volume[184862]: INFO cinder.volume.manager [None req-a695e330-72a9-4acf-8b53-021a7ad306d4 tempest-VolumesExtendTest-931041330 None] Create snapshot completed successfully
Jan 22 10:17:28.329132 np0005592324.novalocal cinder-volume[184862]: DEBUG oslo_concurrency.processutils [None req-de11de23-ec87-4a37-a058-fe22c9e751a5 tempest-VolumesExtendTest-931041330 None] Running cmd (subprocess): sudo cinder-rootwrap /etc/cinder/rootwrap.conf env LC_ALL=C lvdisplay --noheading -C -o Attr --readonly stack-volumes-lvmdriver-1/volume-1e863b58-ef46-4c1e-a742-a6e9d2f02f19 {{(pid=184862) execute /usr/local/lib/python3.12/site-packages/oslo_concurrency/processutils.py:349}}
Jan 22 10:17:28.358091 np0005592324.novalocal sudo[214144]: stack : PWD=/ ; USER=root ; COMMAND=/usr/local/bin/cinder-rootwrap /etc/cinder/rootwrap.conf env LC_ALL=C lvdisplay --noheading -C -o Attr --readonly stack-volumes-lvmdriver-1/volume-1e863b58-ef46-4c1e-a742-a6e9d2f02f19
Jan 22 10:17:28.677555 np0005592324.novalocal cinder-volume[184862]: DEBUG oslo_concurrency.processutils [None req-de11de23-ec87-4a37-a058-fe22c9e751a5 tempest-VolumesExtendTest-931041330 None] CMD "sudo cinder-rootwrap /etc/cinder/rootwrap.conf env LC_ALL=C lvdisplay --noheading -C -o Attr --readonly stack-volumes-lvmdriver-1/volume-1e863b58-ef46-4c1e-a742-a6e9d2f02f19" returned: 0 in 0.348s {{(pid=184862) execute /usr/local/lib/python3.12/site-packages/oslo_concurrency/processutils.py:372}}
Jan 22 10:17:28.678141 np0005592324.novalocal cinder-volume[184862]: DEBUG oslo_concurrency.processutils [None req-de11de23-ec87-4a37-a058-fe22c9e751a5 tempest-VolumesExtendTest-931041330 None] Running cmd (subprocess): sudo cinder-rootwrap /etc/cinder/rootwrap.conf env LC_ALL=C lvextend -L 2g stack-volumes-lvmdriver-1/volume-1e863b58-ef46-4c1e-a742-a6e9d2f02f19 {{(pid=184862) execute /usr/local/lib/python3.12/site-packages/oslo_concurrency/processutils.py:349}}
Jan 22 10:17:28.694290 np0005592324.novalocal sudo[214150]: stack : PWD=/ ; USER=root ; COMMAND=/usr/local/bin/cinder-rootwrap /etc/cinder/rootwrap.conf env LC_ALL=C lvextend -L 2g stack-volumes-lvmdriver-1/volume-1e863b58-ef46-4c1e-a742-a6e9d2f02f19
Jan 22 10:17:29.141403 np0005592324.novalocal cinder-volume[184862]: DEBUG oslo_concurrency.processutils [None req-de11de23-ec87-4a37-a058-fe22c9e751a5 tempest-VolumesExtendTest-931041330 None] CMD "sudo cinder-rootwrap /etc/cinder/rootwrap.conf env LC_ALL=C lvextend -L 2g stack-volumes-lvmdriver-1/volume-1e863b58-ef46-4c1e-a742-a6e9d2f02f19" returned: 0 in 0.463s {{(pid=184862) execute /usr/local/lib/python3.12/site-packages/oslo_concurrency/processutils.py:372}}
Jan 22 10:17:29.179436 np0005592324.novalocal cinder-volume[184862]: INFO cinder.volume.manager [None req-de11de23-ec87-4a37-a058-fe22c9e751a5 tempest-VolumesExtendTest-931041330 None] Extend volume completed successfully.
Jan 22 10:17:29.499387 np0005592324.novalocal cinder-volume[184862]: DEBUG cinder.coordination [None req-f6a1b354-2c50-4b72-bbb3-6e828b376e3f tempest-VolumesExtendTest-931041330 None] Acquiring lock "cinder-2edd1bfb-b9b6-4591-ae1d-bc203c1308b8-delete_snapshot" by "delete_snapshot" {{(pid=184862) __acquire /opt/stack/cinder/cinder/coordination.py:143}}
Jan 22 10:17:29.513798 np0005592324.novalocal cinder-volume[184862]: DEBUG cinder.coordination [None req-f6a1b354-2c50-4b72-bbb3-6e828b376e3f tempest-VolumesExtendTest-931041330 None] Lock "cinder-2edd1bfb-b9b6-4591-ae1d-bc203c1308b8-delete_snapshot" acquired by "delete_snapshot" :: waited 0.013s {{(pid=184862) __acquire /opt/stack/cinder/cinder/coordination.py:146}}
Jan 22 10:17:29.514306 np0005592324.novalocal cinder-volume[184862]: DEBUG oslo_concurrency.processutils [None req-f6a1b354-2c50-4b72-bbb3-6e828b376e3f tempest-VolumesExtendTest-931041330 None] Running cmd (subprocess): sudo cinder-rootwrap /etc/cinder/rootwrap.conf env LC_ALL=C lvs --noheadings --unit=g -o vg_name,name,size --nosuffix --readonly stack-volumes-lvmdriver-1/_snapshot-2edd1bfb-b9b6-4591-ae1d-bc203c1308b8 {{(pid=184862) execute /usr/local/lib/python3.12/site-packages/oslo_concurrency/processutils.py:349}}
Jan 22 10:17:29.552236 np0005592324.novalocal sudo[214188]: stack : PWD=/ ; USER=root ; COMMAND=/usr/local/bin/cinder-rootwrap /etc/cinder/rootwrap.conf env LC_ALL=C lvs --noheadings --unit=g -o vg_name,name,size --nosuffix --readonly stack-volumes-lvmdriver-1/_snapshot-2edd1bfb-b9b6-4591-ae1d-bc203c1308b8
Jan 22 10:17:29.882908 np0005592324.novalocal cinder-volume[184862]: DEBUG oslo_concurrency.processutils [None req-f6a1b354-2c50-4b72-bbb3-6e828b376e3f tempest-VolumesExtendTest-931041330 None] CMD "sudo cinder-rootwrap /etc/cinder/rootwrap.conf env LC_ALL=C lvs --noheadings --unit=g -o vg_name,name,size --nosuffix --readonly stack-volumes-lvmdriver-1/_snapshot-2edd1bfb-b9b6-4591-ae1d-bc203c1308b8" returned: 0 in 0.369s {{(pid=184862) execute /usr/local/lib/python3.12/site-packages/oslo_concurrency/processutils.py:372}}
Jan 22 10:17:29.884072 np0005592324.novalocal cinder-volume[184862]: DEBUG oslo_concurrency.processutils [None req-f6a1b354-2c50-4b72-bbb3-6e828b376e3f tempest-VolumesExtendTest-931041330 None] Running cmd (subprocess): sudo cinder-rootwrap /etc/cinder/rootwrap.conf lvremove --config activation { retry_deactivation = 1} -f stack-volumes-lvmdriver-1/_snapshot-2edd1bfb-b9b6-4591-ae1d-bc203c1308b8 {{(pid=184862) execute /usr/local/lib/python3.12/site-packages/oslo_concurrency/processutils.py:349}}
Jan 22 10:17:29.906158 np0005592324.novalocal sudo[214225]: stack : PWD=/ ; USER=root ; COMMAND=/usr/local/bin/cinder-rootwrap /etc/cinder/rootwrap.conf lvremove --config 'activation { retry_deactivation = 1} ' -f stack-volumes-lvmdriver-1/_snapshot-2edd1bfb-b9b6-4591-ae1d-bc203c1308b8
Jan 22 10:17:30.292994 np0005592324.novalocal cinder-volume[184862]: DEBUG oslo_concurrency.processutils [None req-f6a1b354-2c50-4b72-bbb3-6e828b376e3f tempest-VolumesExtendTest-931041330 None] CMD "sudo cinder-rootwrap /etc/cinder/rootwrap.conf lvremove --config activation { retry_deactivation = 1} -f stack-volumes-lvmdriver-1/_snapshot-2edd1bfb-b9b6-4591-ae1d-bc203c1308b8" returned: 0 in 0.407s {{(pid=184862) execute /usr/local/lib/python3.12/site-packages/oslo_concurrency/processutils.py:372}}
Jan 22 10:17:30.358392 np0005592324.novalocal cinder-volume[184862]: DEBUG cinder.quota [None req-f6a1b354-2c50-4b72-bbb3-6e828b376e3f tempest-VolumesExtendTest-931041330 None] Created reservations ['52ab4b1b-52f8-429f-a6c5-a8f99bae5e35', 'c7d7bcaf-ecdd-4030-b152-10427b0f497d', '51e8a59b-d0ac-4196-ba7f-15b2801c50a2', '14b066b2-f2ee-4e9c-88a6-0dbfceb8a2a4'] {{(pid=184862) reserve /opt/stack/cinder/cinder/quota.py:752}}
Jan 22 10:17:30.424072 np0005592324.novalocal cinder-volume[184862]: INFO cinder.volume.manager [None req-f6a1b354-2c50-4b72-bbb3-6e828b376e3f tempest-VolumesExtendTest-931041330 None] Delete snapshot completed successfully.
Jan 22 10:17:30.431353 np0005592324.novalocal cinder-volume[184862]: DEBUG cinder.coordination [None req-f6a1b354-2c50-4b72-bbb3-6e828b376e3f tempest-VolumesExtendTest-931041330 None] Lock "cinder-2edd1bfb-b9b6-4591-ae1d-bc203c1308b8-delete_snapshot" released by "delete_snapshot" :: held 0.917s {{(pid=184862) __release /opt/stack/cinder/cinder/coordination.py:157}}
Jan 22 10:17:30.621592 np0005592324.novalocal cinder-volume[184862]: DEBUG cinder.coordination [None req-39aaf64f-e8fd-46a4-9ac2-74a42abcafa7 tempest-VolumesExtendTest-931041330 None] Acquiring lock "cinder-1e863b58-ef46-4c1e-a742-a6e9d2f02f19-delete_volume" by "delete_volume" {{(pid=184862) __acquire /opt/stack/cinder/cinder/coordination.py:143}}
Jan 22 10:17:30.632012 np0005592324.novalocal cinder-volume[184862]: DEBUG cinder.coordination [None req-39aaf64f-e8fd-46a4-9ac2-74a42abcafa7 tempest-VolumesExtendTest-931041330 None] Lock "cinder-1e863b58-ef46-4c1e-a742-a6e9d2f02f19-delete_volume" acquired by "delete_volume" :: waited 0.010s {{(pid=184862) __acquire /opt/stack/cinder/cinder/coordination.py:146}}
Jan 22 10:17:30.651174 np0005592324.novalocal cinder-volume[184862]: INFO cinder.volume.targets.iscsi [None req-39aaf64f-e8fd-46a4-9ac2-74a42abcafa7 tempest-VolumesExtendTest-931041330 None] Skipping remove_export. No iscsi_target is presently exported for volume: 1e863b58-ef46-4c1e-a742-a6e9d2f02f19
Jan 22 10:17:30.651738 np0005592324.novalocal cinder-volume[184862]: DEBUG oslo_concurrency.processutils [None req-39aaf64f-e8fd-46a4-9ac2-74a42abcafa7 tempest-VolumesExtendTest-931041330 None] Running cmd (subprocess): sudo cinder-rootwrap /etc/cinder/rootwrap.conf env LC_ALL=C lvs --noheadings --unit=g -o vg_name,name,size --nosuffix --readonly stack-volumes-lvmdriver-1/volume-1e863b58-ef46-4c1e-a742-a6e9d2f02f19 {{(pid=184862) execute /usr/local/lib/python3.12/site-packages/oslo_concurrency/processutils.py:349}}
Jan 22 10:17:30.670752 np0005592324.novalocal sudo[214316]: stack : PWD=/ ; USER=root ; COMMAND=/usr/local/bin/cinder-rootwrap /etc/cinder/rootwrap.conf env LC_ALL=C lvs --noheadings --unit=g -o vg_name,name,size --nosuffix --readonly stack-volumes-lvmdriver-1/volume-1e863b58-ef46-4c1e-a742-a6e9d2f02f19
Jan 22 10:17:31.109786 np0005592324.novalocal cinder-volume[184862]: DEBUG oslo_concurrency.processutils [None req-39aaf64f-e8fd-46a4-9ac2-74a42abcafa7 tempest-VolumesExtendTest-931041330 None] CMD "sudo cinder-rootwrap /etc/cinder/rootwrap.conf env LC_ALL=C lvs --noheadings --unit=g -o vg_name,name,size --nosuffix --readonly stack-volumes-lvmdriver-1/volume-1e863b58-ef46-4c1e-a742-a6e9d2f02f19" returned: 0 in 0.455s {{(pid=184862) execute /usr/local/lib/python3.12/site-packages/oslo_concurrency/processutils.py:372}}
Jan 22 10:17:31.109786 np0005592324.novalocal cinder-volume[184862]: DEBUG oslo_concurrency.processutils [None req-39aaf64f-e8fd-46a4-9ac2-74a42abcafa7 tempest-VolumesExtendTest-931041330 None] Running cmd (subprocess): sudo cinder-rootwrap /etc/cinder/rootwrap.conf env LC_ALL=C lvdisplay --noheading -C -o Attr --readonly stack-volumes-lvmdriver-1/volume-1e863b58-ef46-4c1e-a742-a6e9d2f02f19 {{(pid=184862) execute /usr/local/lib/python3.12/site-packages/oslo_concurrency/processutils.py:349}}
Jan 22 10:17:31.125457 np0005592324.novalocal sudo[214322]: stack : PWD=/ ; USER=root ; COMMAND=/usr/local/bin/cinder-rootwrap /etc/cinder/rootwrap.conf env LC_ALL=C lvdisplay --noheading -C -o Attr --readonly stack-volumes-lvmdriver-1/volume-1e863b58-ef46-4c1e-a742-a6e9d2f02f19
Jan 22 10:17:31.466315 np0005592324.novalocal cinder-volume[184862]: DEBUG oslo_concurrency.processutils [None req-39aaf64f-e8fd-46a4-9ac2-74a42abcafa7 tempest-VolumesExtendTest-931041330 None] CMD "sudo cinder-rootwrap /etc/cinder/rootwrap.conf env LC_ALL=C lvdisplay --noheading -C -o Attr --readonly stack-volumes-lvmdriver-1/volume-1e863b58-ef46-4c1e-a742-a6e9d2f02f19" returned: 0 in 0.355s {{(pid=184862) execute /usr/local/lib/python3.12/site-packages/oslo_concurrency/processutils.py:372}}
Jan 22 10:17:31.466315 np0005592324.novalocal cinder-volume[184862]: DEBUG oslo_concurrency.processutils [None req-39aaf64f-e8fd-46a4-9ac2-74a42abcafa7 tempest-VolumesExtendTest-931041330 None] Running cmd (subprocess): sudo cinder-rootwrap /etc/cinder/rootwrap.conf lvremove --config activation { retry_deactivation = 1} -f stack-volumes-lvmdriver-1/volume-1e863b58-ef46-4c1e-a742-a6e9d2f02f19 {{(pid=184862) execute /usr/local/lib/python3.12/site-packages/oslo_concurrency/processutils.py:349}}
Jan 22 10:17:31.487595 np0005592324.novalocal sudo[214328]: stack : PWD=/ ; USER=root ; COMMAND=/usr/local/bin/cinder-rootwrap /etc/cinder/rootwrap.conf lvremove --config 'activation { retry_deactivation = 1} ' -f stack-volumes-lvmdriver-1/volume-1e863b58-ef46-4c1e-a742-a6e9d2f02f19
Jan 22 10:17:31.849183 np0005592324.novalocal cinder-volume[184862]: DEBUG oslo_concurrency.processutils [None req-39aaf64f-e8fd-46a4-9ac2-74a42abcafa7 tempest-VolumesExtendTest-931041330 None] CMD "sudo cinder-rootwrap /etc/cinder/rootwrap.conf lvremove --config activation { retry_deactivation = 1} -f stack-volumes-lvmdriver-1/volume-1e863b58-ef46-4c1e-a742-a6e9d2f02f19" returned: 0 in 0.385s {{(pid=184862) execute /usr/local/lib/python3.12/site-packages/oslo_concurrency/processutils.py:372}}
Jan 22 10:17:31.849741 np0005592324.novalocal cinder-volume[184862]: INFO cinder.volume.drivers.lvm [None req-39aaf64f-e8fd-46a4-9ac2-74a42abcafa7 tempest-VolumesExtendTest-931041330 None] Successfully deleted volume: 1e863b58-ef46-4c1e-a742-a6e9d2f02f19
