Jan 22 10:26:57.797458 np0005592324.novalocal cinder-volume[184862]: DEBUG oslo_concurrency.processutils [None req-cc0b9f12-b335-4fff-9d3a-3af747568367 tempest-AttachVolumeMultiAttachTest-282508890 None] Running cmd (subprocess): sudo cinder-rootwrap /etc/cinder/rootwrap.conf lvremove --config activation { retry_deactivation = 1} -f stack-volumes-lvmdriver-1/_snapshot-a7a70e83-67a9-4ace-894b-b04411c12979 {{(pid=184862) execute /usr/local/lib/python3.12/site-packages/oslo_concurrency/processutils.py:349}}
Jan 22 10:26:57.815832 np0005592324.novalocal sudo[224466]: stack : PWD=/ ; USER=root ; COMMAND=/usr/local/bin/cinder-rootwrap /etc/cinder/rootwrap.conf lvremove --config 'activation { retry_deactivation = 1} ' -f stack-volumes-lvmdriver-1/_snapshot-a7a70e83-67a9-4ace-894b-b04411c12979
Jan 22 10:26:58.209753 np0005592324.novalocal cinder-volume[184862]: DEBUG oslo_concurrency.processutils [None req-cc0b9f12-b335-4fff-9d3a-3af747568367 tempest-AttachVolumeMultiAttachTest-282508890 None] CMD "sudo cinder-rootwrap /etc/cinder/rootwrap.conf lvremove --config activation { retry_deactivation = 1} -f stack-volumes-lvmdriver-1/_snapshot-a7a70e83-67a9-4ace-894b-b04411c12979" returned: 0 in 0.411s {{(pid=184862) execute /usr/local/lib/python3.12/site-packages/oslo_concurrency/processutils.py:372}}
Jan 22 10:26:58.237634 np0005592324.novalocal cinder-volume[184862]: WARNING cinder.quota [None req-cc0b9f12-b335-4fff-9d3a-3af747568367 tempest-AttachVolumeMultiAttachTest-282508890 None] Deprecated: Default quota for resource: gigabytes_multiattach is set by the default quota flag: quota_gigabytes_multiattach, it is now deprecated. Please use the default quota class for default quota.
Jan 22 10:26:58.238368 np0005592324.novalocal cinder-volume[184862]: WARNING cinder.quota [None req-cc0b9f12-b335-4fff-9d3a-3af747568367 tempest-AttachVolumeMultiAttachTest-282508890 None] Deprecated: Default quota for resource: snapshots_multiattach is set by the default quota flag: quota_snapshots_multiattach, it is now deprecated. Please use the default quota class for default quota.
Jan 22 10:26:58.252916 np0005592324.novalocal cinder-volume[184862]: DEBUG cinder.quota [None req-cc0b9f12-b335-4fff-9d3a-3af747568367 tempest-AttachVolumeMultiAttachTest-282508890 None] Created reservations ['30bd3580-e9d0-4204-80bd-253d02956b24', '64a66df8-f41b-4a06-96e9-7a0dd72f8a35', '3a39b994-4fb9-484b-8a89-8277efd13874', 'ed5fe7c4-fcc1-414f-bc76-f6885aa6d590'] {{(pid=184862) reserve /opt/stack/cinder/cinder/quota.py:752}}
Jan 22 10:26:58.290481 np0005592324.novalocal cinder-volume[184862]: INFO cinder.volume.manager [None req-cc0b9f12-b335-4fff-9d3a-3af747568367 tempest-AttachVolumeMultiAttachTest-282508890 None] Delete snapshot completed successfully.
Jan 22 10:26:58.294814 np0005592324.novalocal cinder-volume[184862]: DEBUG cinder.coordination [None req-cc0b9f12-b335-4fff-9d3a-3af747568367 tempest-AttachVolumeMultiAttachTest-282508890 None] Lock "cinder-a7a70e83-67a9-4ace-894b-b04411c12979-delete_snapshot" released by "delete_snapshot" :: held 0.858s {{(pid=184862) __release /opt/stack/cinder/cinder/coordination.py:157}}
Jan 22 10:26:58.295465 np0005592324.novalocal cinder-volume[184862]: DEBUG cinder.volume.manager [None req-cc0b9f12-b335-4fff-9d3a-3af747568367 tempest-AttachVolumeMultiAttachTest-282508890 None] Snapshots deleted, issuing volume delete {{(pid=184862) delete_volume /opt/stack/cinder/cinder/volume/manager.py:1010}}
Jan 22 10:26:58.296246 np0005592324.novalocal cinder-volume[184862]: DEBUG oslo_concurrency.processutils [None req-cc0b9f12-b335-4fff-9d3a-3af747568367 tempest-AttachVolumeMultiAttachTest-282508890 None] Running cmd (subprocess): sudo cinder-rootwrap /etc/cinder/rootwrap.conf env LC_ALL=C lvs --noheadings --unit=g -o vg_name,name,size --nosuffix --readonly stack-volumes-lvmdriver-1/volume-38092dfe-21cc-43ae-92f8-a80bef4f13a2 {{(pid=184862) execute /usr/local/lib/python3.12/site-packages/oslo_concurrency/processutils.py:349}}
Jan 22 10:26:58.317478 np0005592324.novalocal sudo[224473]: stack : PWD=/ ; USER=root ; COMMAND=/usr/local/bin/cinder-rootwrap /etc/cinder/rootwrap.conf env LC_ALL=C lvs --noheadings --unit=g -o vg_name,name,size --nosuffix --readonly stack-volumes-lvmdriver-1/volume-38092dfe-21cc-43ae-92f8-a80bef4f13a2
Jan 22 10:26:58.673758 np0005592324.novalocal cinder-volume[184862]: DEBUG oslo_concurrency.processutils [None req-cc0b9f12-b335-4fff-9d3a-3af747568367 tempest-AttachVolumeMultiAttachTest-282508890 None] CMD "sudo cinder-rootwrap /etc/cinder/rootwrap.conf env LC_ALL=C lvs --noheadings --unit=g -o vg_name,name,size --nosuffix --readonly stack-volumes-lvmdriver-1/volume-38092dfe-21cc-43ae-92f8-a80bef4f13a2" returned: 0 in 0.376s {{(pid=184862) execute /usr/local/lib/python3.12/site-packages/oslo_concurrency/processutils.py:372}}
Jan 22 10:26:58.673758 np0005592324.novalocal cinder-volume[184862]: DEBUG oslo_concurrency.processutils [None req-cc0b9f12-b335-4fff-9d3a-3af747568367 tempest-AttachVolumeMultiAttachTest-282508890 None] Running cmd (subprocess): sudo cinder-rootwrap /etc/cinder/rootwrap.conf env LC_ALL=C lvdisplay --noheading -C -o Attr --readonly stack-volumes-lvmdriver-1/volume-38092dfe-21cc-43ae-92f8-a80bef4f13a2 {{(pid=184862) execute /usr/local/lib/python3.12/site-packages/oslo_concurrency/processutils.py:349}}
Jan 22 10:26:58.692096 np0005592324.novalocal sudo[224478]: stack : PWD=/ ; USER=root ; COMMAND=/usr/local/bin/cinder-rootwrap /etc/cinder/rootwrap.conf env LC_ALL=C lvdisplay --noheading -C -o Attr --readonly stack-volumes-lvmdriver-1/volume-38092dfe-21cc-43ae-92f8-a80bef4f13a2
Jan 22 10:26:59.008487 np0005592324.novalocal cinder-volume[184862]: DEBUG oslo_concurrency.processutils [None req-cc0b9f12-b335-4fff-9d3a-3af747568367 tempest-AttachVolumeMultiAttachTest-282508890 None] CMD "sudo cinder-rootwrap /etc/cinder/rootwrap.conf env LC_ALL=C lvdisplay --noheading -C -o Attr --readonly stack-volumes-lvmdriver-1/volume-38092dfe-21cc-43ae-92f8-a80bef4f13a2" returned: 0 in 0.335s {{(pid=184862) execute /usr/local/lib/python3.12/site-packages/oslo_concurrency/processutils.py:372}}
Jan 22 10:26:59.010135 np0005592324.novalocal cinder-volume[184862]: DEBUG oslo_concurrency.processutils [None req-cc0b9f12-b335-4fff-9d3a-3af747568367 tempest-AttachVolumeMultiAttachTest-282508890 None] Running cmd (subprocess): sudo cinder-rootwrap /etc/cinder/rootwrap.conf lvremove --config activation { retry_deactivation = 1} -f stack-volumes-lvmdriver-1/volume-38092dfe-21cc-43ae-92f8-a80bef4f13a2 {{(pid=184862) execute /usr/local/lib/python3.12/site-packages/oslo_concurrency/processutils.py:349}}
Jan 22 10:26:59.026905 np0005592324.novalocal sudo[224486]: stack : PWD=/ ; USER=root ; COMMAND=/usr/local/bin/cinder-rootwrap /etc/cinder/rootwrap.conf lvremove --config 'activation { retry_deactivation = 1} ' -f stack-volumes-lvmdriver-1/volume-38092dfe-21cc-43ae-92f8-a80bef4f13a2
Jan 22 10:26:59.474352 np0005592324.novalocal cinder-volume[184862]: DEBUG oslo_concurrency.processutils [None req-cc0b9f12-b335-4fff-9d3a-3af747568367 tempest-AttachVolumeMultiAttachTest-282508890 None] CMD "sudo cinder-rootwrap /etc/cinder/rootwrap.conf lvremove --config activation { retry_deactivation = 1} -f stack-volumes-lvmdriver-1/volume-38092dfe-21cc-43ae-92f8-a80bef4f13a2" returned: 0 in 0.464s {{(pid=184862) execute /usr/local/lib/python3.12/site-packages/oslo_concurrency/processutils.py:372}}
Jan 22 10:26:59.476686 np0005592324.novalocal cinder-volume[184862]: INFO cinder.volume.drivers.lvm [None req-cc0b9f12-b335-4fff-9d3a-3af747568367 tempest-AttachVolumeMultiAttachTest-282508890 None] Successfully deleted volume: 38092dfe-21cc-43ae-92f8-a80bef4f13a2
Jan 22 10:26:59.484715 np0005592324.novalocal cinder-volume[184862]: WARNING cinder.quota [None req-cc0b9f12-b335-4fff-9d3a-3af747568367 tempest-AttachVolumeMultiAttachTest-282508890 None] Deprecated: Default quota for resource: volumes_multiattach is set by the default quota flag: quota_volumes_multiattach, it is now deprecated. Please use the default quota class for default quota.
Jan 22 10:26:59.492924 np0005592324.novalocal cinder-volume[184862]: DEBUG cinder.quota [None req-cc0b9f12-b335-4fff-9d3a-3af747568367 tempest-AttachVolumeMultiAttachTest-282508890 None] Created reservations ['26c3a6b8-712f-47eb-b379-ba60b5463f55', '772a3c87-e749-4f93-a308-38da3a23f53d', 'adf2a906-7a87-4d84-8947-bbf65718b771', '9a775021-801d-476c-b280-574ff0c3b6f3'] {{(pid=184862) reserve /opt/stack/cinder/cinder/quota.py:752}}
Jan 22 10:26:59.520733 np0005592324.novalocal cinder-volume[184862]: DEBUG cinder.volume.drivers.lvm [None req-cc0b9f12-b335-4fff-9d3a-3af747568367 tempest-AttachVolumeMultiAttachTest-282508890 None] Updating volume stats {{(pid=184862) _update_volume_stats /opt/stack/cinder/cinder/volume/drivers/lvm.py:228}}
Jan 22 10:26:59.521124 np0005592324.novalocal cinder-volume[184862]: DEBUG oslo_concurrency.processutils [None req-cc0b9f12-b335-4fff-9d3a-3af747568367 tempest-AttachVolumeMultiAttachTest-282508890 None] Running cmd (subprocess): sudo cinder-rootwrap /etc/cinder/rootwrap.conf env LC_ALL=C vgs --noheadings --unit=g -o name,size,free,lv_count,uuid --separator : --nosuffix stack-volumes-lvmdriver-1 {{(pid=184862) execute /usr/local/lib/python3.12/site-packages/oslo_concurrency/processutils.py:349}}
Jan 22 10:26:59.550254 np0005592324.novalocal sudo[224500]: stack : PWD=/ ; USER=root ; COMMAND=/usr/local/bin/cinder-rootwrap /etc/cinder/rootwrap.conf env LC_ALL=C vgs --noheadings --unit=g -o name,size,free,lv_count,uuid --separator : --nosuffix stack-volumes-lvmdriver-1
Jan 22 10:26:59.958029 np0005592324.novalocal cinder-volume[184862]: DEBUG oslo_concurrency.processutils [None req-cc0b9f12-b335-4fff-9d3a-3af747568367 tempest-AttachVolumeMultiAttachTest-282508890 None] CMD "sudo cinder-rootwrap /etc/cinder/rootwrap.conf env LC_ALL=C vgs --noheadings --unit=g -o name,size,free,lv_count,uuid --separator : --nosuffix stack-volumes-lvmdriver-1" returned: 0 in 0.437s {{(pid=184862) execute /usr/local/lib/python3.12/site-packages/oslo_concurrency/processutils.py:372}}
Jan 22 10:26:59.958661 np0005592324.novalocal cinder-volume[184862]: DEBUG oslo_concurrency.processutils [None req-cc0b9f12-b335-4fff-9d3a-3af747568367 tempest-AttachVolumeMultiAttachTest-282508890 None] Running cmd (subprocess): sudo cinder-rootwrap /etc/cinder/rootwrap.conf env LC_ALL=C lvs --noheadings --unit=g -o vg_name,name,size --nosuffix --readonly stack-volumes-lvmdriver-1 {{(pid=184862) execute /usr/local/lib/python3.12/site-packages/oslo_concurrency/processutils.py:349}}
Jan 22 10:26:59.984014 np0005592324.novalocal sudo[224508]: stack : PWD=/ ; USER=root ; COMMAND=/usr/local/bin/cinder-rootwrap /etc/cinder/rootwrap.conf env LC_ALL=C lvs --noheadings --unit=g -o vg_name,name,size --nosuffix --readonly stack-volumes-lvmdriver-1
Jan 22 10:27:00.388280 np0005592324.novalocal cinder-volume[184862]: DEBUG cinder.coordination [None req-3b509bd2-a357-4eb2-9db2-34be39d42dec tempest-AttachVolumeMultiAttachTest-282508890 None] Acquiring lock "cinder-7a2b06ba-662f-4c34-91d9-367aa9f98e63-delete_volume" by "delete_volume" {{(pid=184862) __acquire /opt/stack/cinder/cinder/coordination.py:143}}
Jan 22 10:27:00.394650 np0005592324.novalocal cinder-volume[184862]: DEBUG cinder.coordination [None req-3b509bd2-a357-4eb2-9db2-34be39d42dec tempest-AttachVolumeMultiAttachTest-282508890 None] Lock "cinder-7a2b06ba-662f-4c34-91d9-367aa9f98e63-delete_volume" acquired by "delete_volume" :: waited 0.006s {{(pid=184862) __acquire /opt/stack/cinder/cinder/coordination.py:146}}
Jan 22 10:27:00.399328 np0005592324.novalocal cinder-volume[184862]: DEBUG oslo_concurrency.processutils [None req-cc0b9f12-b335-4fff-9d3a-3af747568367 tempest-AttachVolumeMultiAttachTest-282508890 None] CMD "sudo cinder-rootwrap /etc/cinder/rootwrap.conf env LC_ALL=C lvs --noheadings --unit=g -o vg_name,name,size --nosuffix --readonly stack-volumes-lvmdriver-1" returned: 0 in 0.441s {{(pid=184862) execute /usr/local/lib/python3.12/site-packages/oslo_concurrency/processutils.py:372}}
Jan 22 10:27:00.400109 np0005592324.novalocal cinder-volume[184862]: DEBUG oslo_concurrency.processutils [None req-cc0b9f12-b335-4fff-9d3a-3af747568367 tempest-AttachVolumeMultiAttachTest-282508890 None] Running cmd (subprocess): sudo cinder-rootwrap /etc/cinder/rootwrap.conf env LC_ALL=C lvs --noheadings --unit=g -o size,data_percent --separator : --nosuffix /dev/stack-volumes-lvmdriver-1/stack-volumes-lvmdriver-1-pool {{(pid=184862) execute /usr/local/lib/python3.12/site-packages/oslo_concurrency/processutils.py:349}}
Jan 22 10:27:00.416615 np0005592324.novalocal cinder-volume[184862]: DEBUG oslo_concurrency.lockutils [None req-3b509bd2-a357-4eb2-9db2-34be39d42dec tempest-AttachVolumeMultiAttachTest-282508890 None] Acquiring lock "lioadm" by "cinder.volume.targets.lio.LioAdm._execute" {{(pid=184862) inner /usr/local/lib/python3.12/site-packages/oslo_concurrency/lockutils.py:405}}
Jan 22 10:27:00.417140 np0005592324.novalocal cinder-volume[184862]: DEBUG oslo_concurrency.lockutils [None req-3b509bd2-a357-4eb2-9db2-34be39d42dec tempest-AttachVolumeMultiAttachTest-282508890 None] Lock "lioadm" acquired by "cinder.volume.targets.lio.LioAdm._execute" :: waited 0.001s {{(pid=184862) inner /usr/local/lib/python3.12/site-packages/oslo_concurrency/lockutils.py:410}}
Jan 22 10:27:00.417524 np0005592324.novalocal cinder-volume[184862]: DEBUG oslo_concurrency.processutils [None req-3b509bd2-a357-4eb2-9db2-34be39d42dec tempest-AttachVolumeMultiAttachTest-282508890 None] Running cmd (subprocess): sudo cinder-rootwrap /etc/cinder/rootwrap.conf cinder-rtstool get-targets {{(pid=184862) execute /usr/local/lib/python3.12/site-packages/oslo_concurrency/processutils.py:349}}
Jan 22 10:27:00.417618 np0005592324.novalocal sudo[224513]: stack : PWD=/ ; USER=root ; COMMAND=/usr/local/bin/cinder-rootwrap /etc/cinder/rootwrap.conf env LC_ALL=C lvs --noheadings --unit=g -o size,data_percent --separator : --nosuffix /dev/stack-volumes-lvmdriver-1/stack-volumes-lvmdriver-1-pool
Jan 22 10:27:00.436595 np0005592324.novalocal sudo[224515]: stack : PWD=/ ; USER=root ; COMMAND=/usr/local/bin/cinder-rootwrap /etc/cinder/rootwrap.conf cinder-rtstool get-targets
Jan 22 10:27:00.730389 np0005592324.novalocal cinder-volume[184862]: DEBUG oslo_concurrency.processutils [None req-cc0b9f12-b335-4fff-9d3a-3af747568367 tempest-AttachVolumeMultiAttachTest-282508890 None] CMD "sudo cinder-rootwrap /etc/cinder/rootwrap.conf env LC_ALL=C lvs --noheadings --unit=g -o size,data_percent --separator : --nosuffix /dev/stack-volumes-lvmdriver-1/stack-volumes-lvmdriver-1-pool" returned: 0 in 0.330s {{(pid=184862) execute /usr/local/lib/python3.12/site-packages/oslo_concurrency/processutils.py:372}}
Jan 22 10:27:00.731322 np0005592324.novalocal cinder-volume[184862]: DEBUG oslo_concurrency.processutils [None req-cc0b9f12-b335-4fff-9d3a-3af747568367 tempest-AttachVolumeMultiAttachTest-282508890 None] Running cmd (subprocess): sudo cinder-rootwrap /etc/cinder/rootwrap.conf env LC_ALL=C lvs --noheadings --unit=g -o vg_name,name,size --nosuffix --readonly stack-volumes-lvmdriver-1 {{(pid=184862) execute /usr/local/lib/python3.12/site-packages/oslo_concurrency/processutils.py:349}}
Jan 22 10:27:00.747611 np0005592324.novalocal sudo[224521]: stack : PWD=/ ; USER=root ; COMMAND=/usr/local/bin/cinder-rootwrap /etc/cinder/rootwrap.conf env LC_ALL=C lvs --noheadings --unit=g -o vg_name,name,size --nosuffix --readonly stack-volumes-lvmdriver-1
Jan 22 10:27:00.927097 np0005592324.novalocal cinder-volume[184862]: DEBUG oslo_concurrency.processutils [None req-3b509bd2-a357-4eb2-9db2-34be39d42dec tempest-AttachVolumeMultiAttachTest-282508890 None] CMD "sudo cinder-rootwrap /etc/cinder/rootwrap.conf cinder-rtstool get-targets" returned: 0 in 0.509s {{(pid=184862) execute /usr/local/lib/python3.12/site-packages/oslo_concurrency/processutils.py:372}}
Jan 22 10:27:00.927763 np0005592324.novalocal cinder-volume[184862]: DEBUG oslo_concurrency.lockutils [None req-3b509bd2-a357-4eb2-9db2-34be39d42dec tempest-AttachVolumeMultiAttachTest-282508890 None] Lock "lioadm" "released" by "cinder.volume.targets.lio.LioAdm._execute" :: held 0.511s {{(pid=184862) inner /usr/local/lib/python3.12/site-packages/oslo_concurrency/lockutils.py:424}}
Jan 22 10:27:00.928137 np0005592324.novalocal cinder-volume[184862]: INFO cinder.volume.targets.iscsi [None req-3b509bd2-a357-4eb2-9db2-34be39d42dec tempest-AttachVolumeMultiAttachTest-282508890 None] Skipping remove_export. No iscsi_target is presently exported for volume: 7a2b06ba-662f-4c34-91d9-367aa9f98e63
Jan 22 10:27:00.929261 np0005592324.novalocal cinder-volume[184862]: DEBUG oslo_concurrency.processutils [None req-3b509bd2-a357-4eb2-9db2-34be39d42dec tempest-AttachVolumeMultiAttachTest-282508890 None] Running cmd (subprocess): sudo cinder-rootwrap /etc/cinder/rootwrap.conf env LC_ALL=C lvs --noheadings --unit=g -o vg_name,name,size --nosuffix --readonly stack-volumes-lvmdriver-1/volume-7a2b06ba-662f-4c34-91d9-367aa9f98e63 {{(pid=184862) execute /usr/local/lib/python3.12/site-packages/oslo_concurrency/processutils.py:349}}
Jan 22 10:27:00.947269 np0005592324.novalocal sudo[224528]: stack : PWD=/ ; USER=root ; COMMAND=/usr/local/bin/cinder-rootwrap /etc/cinder/rootwrap.conf env LC_ALL=C lvs --noheadings --unit=g -o vg_name,name,size --nosuffix --readonly stack-volumes-lvmdriver-1/volume-7a2b06ba-662f-4c34-91d9-367aa9f98e63
Jan 22 10:27:01.125340 np0005592324.novalocal cinder-volume[184862]: DEBUG oslo_concurrency.processutils [None req-cc0b9f12-b335-4fff-9d3a-3af747568367 tempest-AttachVolumeMultiAttachTest-282508890 None] CMD "sudo cinder-rootwrap /etc/cinder/rootwrap.conf env LC_ALL=C lvs --noheadings --unit=g -o vg_name,name,size --nosuffix --readonly stack-volumes-lvmdriver-1" returned: 0 in 0.394s {{(pid=184862) execute /usr/local/lib/python3.12/site-packages/oslo_concurrency/processutils.py:372}}
Jan 22 10:27:01.126318 np0005592324.novalocal cinder-volume[184862]: DEBUG cinder.manager [None req-cc0b9f12-b335-4fff-9d3a-3af747568367 tempest-AttachVolumeMultiAttachTest-282508890 None] Notifying Schedulers of capabilities ... {{(pid=184862) _publish_service_capabilities /opt/stack/cinder/cinder/manager.py:202}}
Jan 22 10:27:01.130610 np0005592324.novalocal cinder-volume[184862]: INFO cinder.volume.manager [None req-cc0b9f12-b335-4fff-9d3a-3af747568367 tempest-AttachVolumeMultiAttachTest-282508890 None] Deleted volume successfully.
Jan 22 10:27:01.141215 np0005592324.novalocal cinder-volume[184862]: DEBUG cinder.coordination [None req-cc0b9f12-b335-4fff-9d3a-3af747568367 tempest-AttachVolumeMultiAttachTest-282508890 None] Lock "cinder-38092dfe-21cc-43ae-92f8-a80bef4f13a2-delete_volume" released by "delete_volume" :: held 4.255s {{(pid=184862) __release /opt/stack/cinder/cinder/coordination.py:157}}
Jan 22 10:27:01.264458 np0005592324.novalocal cinder-volume[184862]: DEBUG oslo_concurrency.processutils [None req-3b509bd2-a357-4eb2-9db2-34be39d42dec tempest-AttachVolumeMultiAttachTest-282508890 None] CMD "sudo cinder-rootwrap /etc/cinder/rootwrap.conf env LC_ALL=C lvs --noheadings --unit=g -o vg_name,name,size --nosuffix --readonly stack-volumes-lvmdriver-1/volume-7a2b06ba-662f-4c34-91d9-367aa9f98e63" returned: 0 in 0.335s {{(pid=184862) execute /usr/local/lib/python3.12/site-packages/oslo_concurrency/processutils.py:372}}
Jan 22 10:27:01.265240 np0005592324.novalocal cinder-volume[184862]: DEBUG oslo_concurrency.processutils [None req-3b509bd2-a357-4eb2-9db2-34be39d42dec tempest-AttachVolumeMultiAttachTest-282508890 None] Running cmd (subprocess): sudo cinder-rootwrap /etc/cinder/rootwrap.conf env LC_ALL=C lvdisplay --noheading -C -o Attr --readonly stack-volumes-lvmdriver-1/volume-7a2b06ba-662f-4c34-91d9-367aa9f98e63 {{(pid=184862) execute /usr/local/lib/python3.12/site-packages/oslo_concurrency/processutils.py:349}}
Jan 22 10:27:01.293547 np0005592324.novalocal sudo[224549]: stack : PWD=/ ; USER=root ; COMMAND=/usr/local/bin/cinder-rootwrap /etc/cinder/rootwrap.conf env LC_ALL=C lvdisplay --noheading -C -o Attr --readonly stack-volumes-lvmdriver-1/volume-7a2b06ba-662f-4c34-91d9-367aa9f98e63
Jan 22 10:27:01.678070 np0005592324.novalocal cinder-volume[184862]: DEBUG oslo_concurrency.processutils [None req-3b509bd2-a357-4eb2-9db2-34be39d42dec tempest-AttachVolumeMultiAttachTest-282508890 None] CMD "sudo cinder-rootwrap /etc/cinder/rootwrap.conf env LC_ALL=C lvdisplay --noheading -C -o Attr --readonly stack-volumes-lvmdriver-1/volume-7a2b06ba-662f-4c34-91d9-367aa9f98e63" returned: 0 in 0.413s {{(pid=184862) execute /usr/local/lib/python3.12/site-packages/oslo_concurrency/processutils.py:372}}
Jan 22 10:27:01.679702 np0005592324.novalocal cinder-volume[184862]: DEBUG oslo_concurrency.processutils [None req-3b509bd2-a357-4eb2-9db2-34be39d42dec tempest-AttachVolumeMultiAttachTest-282508890 None] Running cmd (subprocess): sudo cinder-rootwrap /etc/cinder/rootwrap.conf lvremove --config activation { retry_deactivation = 1} -f stack-volumes-lvmdriver-1/volume-7a2b06ba-662f-4c34-91d9-367aa9f98e63 {{(pid=184862) execute /usr/local/lib/python3.12/site-packages/oslo_concurrency/processutils.py:349}}
Jan 22 10:27:01.702830 np0005592324.novalocal sudo[224584]: stack : PWD=/ ; USER=root ; COMMAND=/usr/local/bin/cinder-rootwrap /etc/cinder/rootwrap.conf lvremove --config 'activation { retry_deactivation = 1} ' -f stack-volumes-lvmdriver-1/volume-7a2b06ba-662f-4c34-91d9-367aa9f98e63
Jan 22 10:27:02.094362 np0005592324.novalocal cinder-volume[184862]: DEBUG oslo_concurrency.processutils [None req-3b509bd2-a357-4eb2-9db2-34be39d42dec tempest-AttachVolumeMultiAttachTest-282508890 None] CMD "sudo cinder-rootwrap /etc/cinder/rootwrap.conf lvremove --config activation { retry_deactivation = 1} -f stack-volumes-lvmdriver-1/volume-7a2b06ba-662f-4c34-91d9-367aa9f98e63" returned: 0 in 0.415s {{(pid=184862) execute /usr/local/lib/python3.12/site-packages/oslo_concurrency/processutils.py:372}}
Jan 22 10:27:02.094880 np0005592324.novalocal cinder-volume[184862]: INFO cinder.volume.drivers.lvm [None req-3b509bd2-a357-4eb2-9db2-34be39d42dec tempest-AttachVolumeMultiAttachTest-282508890 None] Successfully deleted volume: 7a2b06ba-662f-4c34-91d9-367aa9f98e63
Jan 22 10:27:02.116886 np0005592324.novalocal cinder-volume[184862]: DEBUG cinder.quota [None req-3b509bd2-a357-4eb2-9db2-34be39d42dec tempest-AttachVolumeMultiAttachTest-282508890 None] Created reservations ['49ad69de-5860-4b3f-abef-d96c243e71b9', 'd807dafd-cf04-4190-87c7-1545e6fd44c5', '545355b2-cd40-40d0-b0c4-447c0c704570', '661c604e-f05d-408c-9837-a25e10f50d7e'] {{(pid=184862) reserve /opt/stack/cinder/cinder/quota.py:752}}
Jan 22 10:27:02.137474 np0005592324.novalocal cinder-volume[184862]: DEBUG cinder.volume.drivers.lvm [None req-3b509bd2-a357-4eb2-9db2-34be39d42dec tempest-AttachVolumeMultiAttachTest-282508890 None] Updating volume stats {{(pid=184862) _update_volume_stats /opt/stack/cinder/cinder/volume/drivers/lvm.py:228}}
Jan 22 10:27:02.137845 np0005592324.novalocal cinder-volume[184862]: DEBUG oslo_concurrency.processutils [None req-3b509bd2-a357-4eb2-9db2-34be39d42dec tempest-AttachVolumeMultiAttachTest-282508890 None] Running cmd (subprocess): sudo cinder-rootwrap /etc/cinder/rootwrap.conf env LC_ALL=C vgs --noheadings --unit=g -o name,size,free,lv_count,uuid --separator : --nosuffix stack-volumes-lvmdriver-1 {{(pid=184862) execute /usr/local/lib/python3.12/site-packages/oslo_concurrency/processutils.py:349}}
Jan 22 10:27:02.162094 np0005592324.novalocal sudo[224591]: stack : PWD=/ ; USER=root ; COMMAND=/usr/local/bin/cinder-rootwrap /etc/cinder/rootwrap.conf env LC_ALL=C vgs --noheadings --unit=g -o name,size,free,lv_count,uuid --separator : --nosuffix stack-volumes-lvmdriver-1
Jan 22 10:27:02.524716 np0005592324.novalocal cinder-volume[184862]: DEBUG oslo_concurrency.processutils [None req-3b509bd2-a357-4eb2-9db2-34be39d42dec tempest-AttachVolumeMultiAttachTest-282508890 None] CMD "sudo cinder-rootwrap /etc/cinder/rootwrap.conf env LC_ALL=C vgs --noheadings --unit=g -o name,size,free,lv_count,uuid --separator : --nosuffix stack-volumes-lvmdriver-1" returned: 0 in 0.386s {{(pid=184862) execute /usr/local/lib/python3.12/site-packages/oslo_concurrency/processutils.py:372}}
Jan 22 10:27:02.526127 np0005592324.novalocal cinder-volume[184862]: DEBUG oslo_concurrency.processutils [None req-3b509bd2-a357-4eb2-9db2-34be39d42dec tempest-AttachVolumeMultiAttachTest-282508890 None] Running cmd (subprocess): sudo cinder-rootwrap /etc/cinder/rootwrap.conf env LC_ALL=C lvs --noheadings --unit=g -o vg_name,name,size --nosuffix --readonly stack-volumes-lvmdriver-1 {{(pid=184862) execute /usr/local/lib/python3.12/site-packages/oslo_concurrency/processutils.py:349}}
Jan 22 10:27:02.556490 np0005592324.novalocal sudo[224596]: stack : PWD=/ ; USER=root ; COMMAND=/usr/local/bin/cinder-rootwrap /etc/cinder/rootwrap.conf env LC_ALL=C lvs --noheadings --unit=g -o vg_name,name,size --nosuffix --readonly stack-volumes-lvmdriver-1
Jan 22 10:27:02.888497 np0005592324.novalocal cinder-volume[184862]: DEBUG oslo_concurrency.processutils [None req-3b509bd2-a357-4eb2-9db2-34be39d42dec tempest-AttachVolumeMultiAttachTest-282508890 None] CMD "sudo cinder-rootwrap /etc/cinder/rootwrap.conf env LC_ALL=C lvs --noheadings --unit=g -o vg_name,name,size --nosuffix --readonly stack-volumes-lvmdriver-1" returned: 0 in 0.362s {{(pid=184862) execute /usr/local/lib/python3.12/site-packages/oslo_concurrency/processutils.py:372}}
Jan 22 10:27:02.889154 np0005592324.novalocal cinder-volume[184862]: DEBUG oslo_concurrency.processutils [None req-3b509bd2-a357-4eb2-9db2-34be39d42dec tempest-AttachVolumeMultiAttachTest-282508890 None] Running cmd (subprocess): sudo cinder-rootwrap /etc/cinder/rootwrap.conf env LC_ALL=C lvs --noheadings --unit=g -o size,data_percent --separator : --nosuffix /dev/stack-volumes-lvmdriver-1/stack-volumes-lvmdriver-1-pool {{(pid=184862) execute /usr/local/lib/python3.12/site-packages/oslo_concurrency/processutils.py:349}}
Jan 22 10:27:02.907436 np0005592324.novalocal sudo[224601]: stack : PWD=/ ; USER=root ; COMMAND=/usr/local/bin/cinder-rootwrap /etc/cinder/rootwrap.conf env LC_ALL=C lvs --noheadings --unit=g -o size,data_percent --separator : --nosuffix /dev/stack-volumes-lvmdriver-1/stack-volumes-lvmdriver-1-pool
Jan 22 10:27:03.467237 np0005592324.novalocal cinder-volume[184862]: DEBUG oslo_concurrency.processutils [None req-3b509bd2-a357-4eb2-9db2-34be39d42dec tempest-AttachVolumeMultiAttachTest-282508890 None] CMD "sudo cinder-rootwrap /etc/cinder/rootwrap.conf env LC_ALL=C lvs --noheadings --unit=g -o size,data_percent --separator : --nosuffix /dev/stack-volumes-lvmdriver-1/stack-volumes-lvmdriver-1-pool" returned: 0 in 0.576s {{(pid=184862) execute /usr/local/lib/python3.12/site-packages/oslo_concurrency/processutils.py:372}}
Jan 22 10:27:03.472762 np0005592324.novalocal cinder-volume[184862]: DEBUG oslo_concurrency.processutils [None req-3b509bd2-a357-4eb2-9db2-34be39d42dec tempest-AttachVolumeMultiAttachTest-282508890 None] Running cmd (subprocess): sudo cinder-rootwrap /etc/cinder/rootwrap.conf env LC_ALL=C lvs --noheadings --unit=g -o vg_name,name,size --nosuffix --readonly stack-volumes-lvmdriver-1 {{(pid=184862) execute /usr/local/lib/python3.12/site-packages/oslo_concurrency/processutils.py:349}}
Jan 22 10:27:03.504758 np0005592324.novalocal sudo[224607]: stack : PWD=/ ; USER=root ; COMMAND=/usr/local/bin/cinder-rootwrap /etc/cinder/rootwrap.conf env LC_ALL=C lvs --noheadings --unit=g -o vg_name,name,size --nosuffix --readonly stack-volumes-lvmdriver-1
Jan 22 10:27:03.887908 np0005592324.novalocal cinder-volume[184862]: DEBUG oslo_concurrency.processutils [None req-3b509bd2-a357-4eb2-9db2-34be39d42dec tempest-AttachVolumeMultiAttachTest-282508890 None] CMD "sudo cinder-rootwrap /etc/cinder/rootwrap.conf env LC_ALL=C lvs --noheadings --unit=g -o vg_name,name,size --nosuffix --readonly stack-volumes-lvmdriver-1" returned: 0 in 0.417s {{(pid=184862) execute /usr/local/lib/python3.12/site-packages/oslo_concurrency/processutils.py:372}}
Jan 22 10:27:03.890409 np0005592324.novalocal cinder-volume[184862]: DEBUG cinder.manager [None req-3b509bd2-a357-4eb2-9db2-34be39d42dec tempest-AttachVolumeMultiAttachTest-282508890 None] Notifying Schedulers of capabilities ... {{(pid=184862) _publish_service_capabilities /opt/stack/cinder/cinder/manager.py:202}}
Jan 22 10:27:03.895249 np0005592324.novalocal cinder-volume[184862]: INFO cinder.volume.manager [None req-3b509bd2-a357-4eb2-9db2-34be39d42dec tempest-AttachVolumeMultiAttachTest-282508890 None] Deleted volume successfully.
Jan 22 10:27:03.909370 np0005592324.novalocal cinder-volume[184862]: DEBUG cinder.coordination [None req-3b509bd2-a357-4eb2-9db2-34be39d42dec tempest-AttachVolumeMultiAttachTest-282508890 None] Lock "cinder-7a2b06ba-662f-4c34-91d9-367aa9f98e63-delete_volume" released by "delete_volume" :: held 3.513s {{(pid=184862) __release /opt/stack/cinder/cinder/coordination.py:157}}
Jan 22 10:27:12.137165 np0005592324.novalocal cinder-volume[184862]: DEBUG dbcounter [-] [184862] Writing DB stats cinder:SELECT=20,cinder:INSERT=16,cinder:DELETE=1,cinder:UPDATE=20 {{(pid=184862) stat_writer /usr/local/lib/python3.12/site-packages/dbcounter.py:115}}
Jan 22 10:27:13.902058 np0005592324.novalocal cinder-volume[184862]: DEBUG dbcounter [-] [184862] Writing DB stats cinder:UPDATE=25,cinder:SELECT=21,cinder:INSERT=10,cinder:DELETE=2 {{(pid=184862) stat_writer /usr/local/lib/python3.12/site-packages/dbcounter.py:115}}
Jan 22 10:27:18.055322 np0005592324.novalocal cinder-volume[184862]: DEBUG cinder.coordination [None req-9c5567f5-02ed-4188-8b02-02d45b0bb41e tempest-AttachVolumeMultiAttachTest-282508890 None] Acquiring lock "cinder-7e276087-bf66-4baa-8136-4212aba579a9-delete_volume" by "delete_volume" {{(pid=184862) __acquire /opt/stack/cinder/cinder/coordination.py:143}}
Jan 22 10:27:18.065866 np0005592324.novalocal cinder-volume[184862]: DEBUG cinder.coordination [None req-9c5567f5-02ed-4188-8b02-02d45b0bb41e tempest-AttachVolumeMultiAttachTest-282508890 None] Lock "cinder-7e276087-bf66-4baa-8136-4212aba579a9-delete_volume" acquired by "delete_volume" :: waited 0.011s {{(pid=184862) __acquire /opt/stack/cinder/cinder/coordination.py:146}}
Jan 22 10:27:18.095074 np0005592324.novalocal cinder-volume[184862]: DEBUG oslo_concurrency.lockutils [None req-9c5567f5-02ed-4188-8b02-02d45b0bb41e tempest-AttachVolumeMultiAttachTest-282508890 None] Acquiring lock "lioadm" by "cinder.volume.targets.lio.LioAdm._execute" {{(pid=184862) inner /usr/local/lib/python3.12/site-packages/oslo_concurrency/lockutils.py:405}}
Jan 22 10:27:18.095560 np0005592324.novalocal cinder-volume[184862]: DEBUG oslo_concurrency.lockutils [None req-9c5567f5-02ed-4188-8b02-02d45b0bb41e tempest-AttachVolumeMultiAttachTest-282508890 None] Lock "lioadm" acquired by "cinder.volume.targets.lio.LioAdm._execute" :: waited 0.001s {{(pid=184862) inner /usr/local/lib/python3.12/site-packages/oslo_concurrency/lockutils.py:410}}
Jan 22 10:27:18.095872 np0005592324.novalocal cinder-volume[184862]: DEBUG oslo_concurrency.processutils [None req-9c5567f5-02ed-4188-8b02-02d45b0bb41e tempest-AttachVolumeMultiAttachTest-282508890 None] Running cmd (subprocess): sudo cinder-rootwrap /etc/cinder/rootwrap.conf cinder-rtstool get-targets {{(pid=184862) execute /usr/local/lib/python3.12/site-packages/oslo_concurrency/processutils.py:349}}
Jan 22 10:27:18.118240 np0005592324.novalocal sudo[224773]: stack : PWD=/ ; USER=root ; COMMAND=/usr/local/bin/cinder-rootwrap /etc/cinder/rootwrap.conf cinder-rtstool get-targets
Jan 22 10:27:18.644786 np0005592324.novalocal cinder-volume[184862]: DEBUG oslo_concurrency.processutils [None req-9c5567f5-02ed-4188-8b02-02d45b0bb41e tempest-AttachVolumeMultiAttachTest-282508890 None] CMD "sudo cinder-rootwrap /etc/cinder/rootwrap.conf cinder-rtstool get-targets" returned: 0 in 0.548s {{(pid=184862) execute /usr/local/lib/python3.12/site-packages/oslo_concurrency/processutils.py:372}}
Jan 22 10:27:18.645445 np0005592324.novalocal cinder-volume[184862]: DEBUG oslo_concurrency.lockutils [None req-9c5567f5-02ed-4188-8b02-02d45b0bb41e tempest-AttachVolumeMultiAttachTest-282508890 None] Lock "lioadm" "released" by "cinder.volume.targets.lio.LioAdm._execute" :: held 0.550s {{(pid=184862) inner /usr/local/lib/python3.12/site-packages/oslo_concurrency/lockutils.py:424}}
Jan 22 10:27:18.645855 np0005592324.novalocal cinder-volume[184862]: INFO cinder.volume.targets.iscsi [None req-9c5567f5-02ed-4188-8b02-02d45b0bb41e tempest-AttachVolumeMultiAttachTest-282508890 None] Skipping remove_export. No iscsi_target is presently exported for volume: 7e276087-bf66-4baa-8136-4212aba579a9
Jan 22 10:27:18.647040 np0005592324.novalocal cinder-volume[184862]: DEBUG oslo_concurrency.processutils [None req-9c5567f5-02ed-4188-8b02-02d45b0bb41e tempest-AttachVolumeMultiAttachTest-282508890 None] Running cmd (subprocess): sudo cinder-rootwrap /etc/cinder/rootwrap.conf env LC_ALL=C lvs --noheadings --unit=g -o vg_name,name,size --nosuffix --readonly stack-volumes-lvmdriver-1/volume-7e276087-bf66-4baa-8136-4212aba579a9 {{(pid=184862) execute /usr/local/lib/python3.12/site-packages/oslo_concurrency/processutils.py:349}}
Jan 22 10:27:18.667947 np0005592324.novalocal sudo[224780]: stack : PWD=/ ; USER=root ; COMMAND=/usr/local/bin/cinder-rootwrap /etc/cinder/rootwrap.conf env LC_ALL=C lvs --noheadings --unit=g -o vg_name,name,size --nosuffix --readonly stack-volumes-lvmdriver-1/volume-7e276087-bf66-4baa-8136-4212aba579a9
Jan 22 10:27:19.063624 np0005592324.novalocal cinder-volume[184862]: DEBUG oslo_concurrency.processutils [None req-9c5567f5-02ed-4188-8b02-02d45b0bb41e tempest-AttachVolumeMultiAttachTest-282508890 None] CMD "sudo cinder-rootwrap /etc/cinder/rootwrap.conf env LC_ALL=C lvs --noheadings --unit=g -o vg_name,name,size --nosuffix --readonly stack-volumes-lvmdriver-1/volume-7e276087-bf66-4baa-8136-4212aba579a9" returned: 0 in 0.415s {{(pid=184862) execute /usr/local/lib/python3.12/site-packages/oslo_concurrency/processutils.py:372}}
Jan 22 10:27:19.063624 np0005592324.novalocal cinder-volume[184862]: DEBUG oslo_concurrency.processutils [None req-9c5567f5-02ed-4188-8b02-02d45b0bb41e tempest-AttachVolumeMultiAttachTest-282508890 None] Running cmd (subprocess): sudo cinder-rootwrap /etc/cinder/rootwrap.conf env LC_ALL=C lvdisplay --noheading -C -o Attr --readonly stack-volumes-lvmdriver-1/volume-7e276087-bf66-4baa-8136-4212aba579a9 {{(pid=184862) execute /usr/local/lib/python3.12/site-packages/oslo_concurrency/processutils.py:349}}
Jan 22 10:27:19.079168 np0005592324.novalocal sudo[224785]: stack : PWD=/ ; USER=root ; COMMAND=/usr/local/bin/cinder-rootwrap /etc/cinder/rootwrap.conf env LC_ALL=C lvdisplay --noheading -C -o Attr --readonly stack-volumes-lvmdriver-1/volume-7e276087-bf66-4baa-8136-4212aba579a9
Jan 22 10:27:19.404073 np0005592324.novalocal cinder-volume[184862]: DEBUG oslo_concurrency.processutils [None req-9c5567f5-02ed-4188-8b02-02d45b0bb41e tempest-AttachVolumeMultiAttachTest-282508890 None] CMD "sudo cinder-rootwrap /etc/cinder/rootwrap.conf env LC_ALL=C lvdisplay --noheading -C -o Attr --readonly stack-volumes-lvmdriver-1/volume-7e276087-bf66-4baa-8136-4212aba579a9" returned: 0 in 0.341s {{(pid=184862) execute /usr/local/lib/python3.12/site-packages/oslo_concurrency/processutils.py:372}}
Jan 22 10:27:19.405612 np0005592324.novalocal cinder-volume[184862]: DEBUG oslo_concurrency.processutils [None req-9c5567f5-02ed-4188-8b02-02d45b0bb41e tempest-AttachVolumeMultiAttachTest-282508890 None] Running cmd (subprocess): sudo cinder-rootwrap /etc/cinder/rootwrap.conf lvremove --config activation { retry_deactivation = 1} -f stack-volumes-lvmdriver-1/volume-7e276087-bf66-4baa-8136-4212aba579a9 {{(pid=184862) execute /usr/local/lib/python3.12/site-packages/oslo_concurrency/processutils.py:349}}
Jan 22 10:27:19.432872 np0005592324.novalocal sudo[224790]: stack : PWD=/ ; USER=root ; COMMAND=/usr/local/bin/cinder-rootwrap /etc/cinder/rootwrap.conf lvremove --config 'activation { retry_deactivation = 1} ' -f stack-volumes-lvmdriver-1/volume-7e276087-bf66-4baa-8136-4212aba579a9
Jan 22 10:27:19.815006 np0005592324.novalocal cinder-volume[184862]: DEBUG oslo_concurrency.processutils [None req-9c5567f5-02ed-4188-8b02-02d45b0bb41e tempest-AttachVolumeMultiAttachTest-282508890 None] CMD "sudo cinder-rootwrap /etc/cinder/rootwrap.conf lvremove --config activation { retry_deactivation = 1} -f stack-volumes-lvmdriver-1/volume-7e276087-bf66-4baa-8136-4212aba579a9" returned: 0 in 0.407s {{(pid=184862) execute /usr/local/lib/python3.12/site-packages/oslo_concurrency/processutils.py:372}}
Jan 22 10:27:19.815667 np0005592324.novalocal cinder-volume[184862]: INFO cinder.volume.drivers.lvm [None req-9c5567f5-02ed-4188-8b02-02d45b0bb41e tempest-AttachVolumeMultiAttachTest-282508890 None] Successfully deleted volume: 7e276087-bf66-4baa-8136-4212aba579a9
Jan 22 10:27:19.867804 np0005592324.novalocal cinder-volume[184862]: DEBUG cinder.quota [None req-9c5567f5-02ed-4188-8b02-02d45b0bb41e tempest-AttachVolumeMultiAttachTest-282508890 None] Created reservations ['451d2f76-c4d0-42a1-83f7-d621b06cbea2', '8ac88b7e-2d27-4230-81e8-b85d647b56d0', 'b2b5e1dc-590f-497a-b495-a49ffc37b115', 'a29a0fd4-47f7-4095-95b3-31925c66d9cf'] {{(pid=184862) reserve /opt/stack/cinder/cinder/quota.py:752}}
Jan 22 10:27:19.872177 np0005592324.novalocal cinder-volume[184862]: DEBUG cinder.volume.drivers.lvm [None req-9c5567f5-02ed-4188-8b02-02d45b0bb41e tempest-AttachVolumeMultiAttachTest-282508890 None] Updating volume stats {{(pid=184862) _update_volume_stats /opt/stack/cinder/cinder/volume/drivers/lvm.py:228}}
Jan 22 10:27:19.873488 np0005592324.novalocal cinder-volume[184862]: DEBUG oslo_concurrency.processutils [None req-9c5567f5-02ed-4188-8b02-02d45b0bb41e tempest-AttachVolumeMultiAttachTest-282508890 None] Running cmd (subprocess): sudo cinder-rootwrap /etc/cinder/rootwrap.conf env LC_ALL=C vgs --noheadings --unit=g -o name,size,free,lv_count,uuid --separator : --nosuffix stack-volumes-lvmdriver-1 {{(pid=184862) execute /usr/local/lib/python3.12/site-packages/oslo_concurrency/processutils.py:349}}
Jan 22 10:27:19.903091 np0005592324.novalocal sudo[224840]: stack : PWD=/ ; USER=root ; COMMAND=/usr/local/bin/cinder-rootwrap /etc/cinder/rootwrap.conf env LC_ALL=C vgs --noheadings --unit=g -o name,size,free,lv_count,uuid --separator : --nosuffix stack-volumes-lvmdriver-1
Jan 22 10:27:20.238431 np0005592324.novalocal cinder-volume[184862]: DEBUG oslo_concurrency.processutils [None req-9c5567f5-02ed-4188-8b02-02d45b0bb41e tempest-AttachVolumeMultiAttachTest-282508890 None] CMD "sudo cinder-rootwrap /etc/cinder/rootwrap.conf env LC_ALL=C vgs --noheadings --unit=g -o name,size,free,lv_count,uuid --separator : --nosuffix stack-volumes-lvmdriver-1" returned: 0 in 0.365s {{(pid=184862) execute /usr/local/lib/python3.12/site-packages/oslo_concurrency/processutils.py:372}}
Jan 22 10:27:20.239300 np0005592324.novalocal cinder-volume[184862]: DEBUG oslo_concurrency.processutils [None req-9c5567f5-02ed-4188-8b02-02d45b0bb41e tempest-AttachVolumeMultiAttachTest-282508890 None] Running cmd (subprocess): sudo cinder-rootwrap /etc/cinder/rootwrap.conf env LC_ALL=C lvs --noheadings --unit=g -o vg_name,name,size --nosuffix --readonly stack-volumes-lvmdriver-1 {{(pid=184862) execute /usr/local/lib/python3.12/site-packages/oslo_concurrency/processutils.py:349}}
Jan 22 10:27:20.259451 np0005592324.novalocal sudo[224853]: stack : PWD=/ ; USER=root ; COMMAND=/usr/local/bin/cinder-rootwrap /etc/cinder/rootwrap.conf env LC_ALL=C lvs --noheadings --unit=g -o vg_name,name,size --nosuffix --readonly stack-volumes-lvmdriver-1
Jan 22 10:27:20.616815 np0005592324.novalocal cinder-volume[184862]: DEBUG oslo_concurrency.processutils [None req-9c5567f5-02ed-4188-8b02-02d45b0bb41e tempest-AttachVolumeMultiAttachTest-282508890 None] CMD "sudo cinder-rootwrap /etc/cinder/rootwrap.conf env LC_ALL=C lvs --noheadings --unit=g -o vg_name,name,size --nosuffix --readonly stack-volumes-lvmdriver-1" returned: 0 in 0.377s {{(pid=184862) execute /usr/local/lib/python3.12/site-packages/oslo_concurrency/processutils.py:372}}
Jan 22 10:27:20.618248 np0005592324.novalocal cinder-volume[184862]: DEBUG oslo_concurrency.processutils [None req-9c5567f5-02ed-4188-8b02-02d45b0bb41e tempest-AttachVolumeMultiAttachTest-282508890 None] Running cmd (subprocess): sudo cinder-rootwrap /etc/cinder/rootwrap.conf env LC_ALL=C lvs --noheadings --unit=g -o size,data_percent --separator : --nosuffix /dev/stack-volumes-lvmdriver-1/stack-volumes-lvmdriver-1-pool {{(pid=184862) execute /usr/local/lib/python3.12/site-packages/oslo_concurrency/processutils.py:349}}
Jan 22 10:27:20.641314 np0005592324.novalocal sudo[224870]: stack : PWD=/ ; USER=root ; COMMAND=/usr/local/bin/cinder-rootwrap /etc/cinder/rootwrap.conf env LC_ALL=C lvs --noheadings --unit=g -o size,data_percent --separator : --nosuffix /dev/stack-volumes-lvmdriver-1/stack-volumes-lvmdriver-1-pool
Jan 22 10:27:20.978920 np0005592324.novalocal cinder-volume[184862]: DEBUG oslo_concurrency.processutils [None req-9c5567f5-02ed-4188-8b02-02d45b0bb41e tempest-AttachVolumeMultiAttachTest-282508890 None] CMD "sudo cinder-rootwrap /etc/cinder/rootwrap.conf env LC_ALL=C lvs --noheadings --unit=g -o size,data_percent --separator : --nosuffix /dev/stack-volumes-lvmdriver-1/stack-volumes-lvmdriver-1-pool" returned: 0 in 0.360s {{(pid=184862) execute /usr/local/lib/python3.12/site-packages/oslo_concurrency/processutils.py:372}}
Jan 22 10:27:20.980498 np0005592324.novalocal cinder-volume[184862]: DEBUG oslo_concurrency.processutils [None req-9c5567f5-02ed-4188-8b02-02d45b0bb41e tempest-AttachVolumeMultiAttachTest-282508890 None] Running cmd (subprocess): sudo cinder-rootwrap /etc/cinder/rootwrap.conf env LC_ALL=C lvs --noheadings --unit=g -o vg_name,name,size --nosuffix --readonly stack-volumes-lvmdriver-1 {{(pid=184862) execute /usr/local/lib/python3.12/site-packages/oslo_concurrency/processutils.py:349}}
Jan 22 10:27:21.006896 np0005592324.novalocal sudo[224887]: stack : PWD=/ ; USER=root ; COMMAND=/usr/local/bin/cinder-rootwrap /etc/cinder/rootwrap.conf env LC_ALL=C lvs --noheadings --unit=g -o vg_name,name,size --nosuffix --readonly stack-volumes-lvmdriver-1
Jan 22 10:27:21.409745 np0005592324.novalocal cinder-volume[184862]: DEBUG oslo_concurrency.processutils [None req-9c5567f5-02ed-4188-8b02-02d45b0bb41e tempest-AttachVolumeMultiAttachTest-282508890 None] CMD "sudo cinder-rootwrap /etc/cinder/rootwrap.conf env LC_ALL=C lvs --noheadings --unit=g -o vg_name,name,size --nosuffix --readonly stack-volumes-lvmdriver-1" returned: 0 in 0.430s {{(pid=184862) execute /usr/local/lib/python3.12/site-packages/oslo_concurrency/processutils.py:372}}
Jan 22 10:27:21.411244 np0005592324.novalocal cinder-volume[184862]: DEBUG cinder.manager [None req-9c5567f5-02ed-4188-8b02-02d45b0bb41e tempest-AttachVolumeMultiAttachTest-282508890 None] Notifying Schedulers of capabilities ... {{(pid=184862) _publish_service_capabilities /opt/stack/cinder/cinder/manager.py:202}}
Jan 22 10:27:21.414778 np0005592324.novalocal cinder-volume[184862]: INFO cinder.volume.manager [None req-9c5567f5-02ed-4188-8b02-02d45b0bb41e tempest-AttachVolumeMultiAttachTest-282508890 None] Deleted volume successfully.
Jan 22 10:27:21.424674 np0005592324.novalocal cinder-volume[184862]: DEBUG cinder.coordination [None req-9c5567f5-02ed-4188-8b02-02d45b0bb41e tempest-AttachVolumeMultiAttachTest-282508890 None] Lock "cinder-7e276087-bf66-4baa-8136-4212aba579a9-delete_volume" released by "delete_volume" :: held 3.359s {{(pid=184862) __release /opt/stack/cinder/cinder/coordination.py:157}}
Jan 22 10:27:29.870170 np0005592324.novalocal cinder-volume[184862]: DEBUG dbcounter [-] [184862] Writing DB stats cinder:UPDATE=8,cinder:SELECT=6,cinder:INSERT=2 {{(pid=184862) stat_writer /usr/local/lib/python3.12/site-packages/dbcounter.py:115}}
Jan 22 10:27:31.417673 np0005592324.novalocal cinder-volume[184862]: DEBUG dbcounter [-] [184862] Writing DB stats cinder:SELECT=4,cinder:INSERT=2,cinder:UPDATE=8,cinder:DELETE=1 {{(pid=184862) stat_writer /usr/local/lib/python3.12/site-packages/dbcounter.py:115}}
Jan 22 10:27:33.744702 np0005592324.novalocal cinder-volume[184862]: DEBUG oslo_service.periodic_task [None req-502cd12d-0b09-4d59-8ed2-40ce75cff2e3 None None] Running periodic task VolumeManager.publish_service_capabilities {{(pid=184862) run_periodic_tasks /usr/local/lib/python3.12/site-packages/oslo_service/periodic_task.py:210}}
Jan 22 10:27:33.745298 np0005592324.novalocal cinder-volume[184862]: DEBUG cinder.volume.drivers.lvm [None req-502cd12d-0b09-4d59-8ed2-40ce75cff2e3 None None] Updating volume stats {{(pid=184862) _update_volume_stats /opt/stack/cinder/cinder/volume/drivers/lvm.py:228}}
Jan 22 10:27:33.745667 np0005592324.novalocal cinder-volume[184862]: DEBUG oslo_concurrency.processutils [None req-502cd12d-0b09-4d59-8ed2-40ce75cff2e3 None None] Running cmd (subprocess): sudo cinder-rootwrap /etc/cinder/rootwrap.conf env LC_ALL=C vgs --noheadings --unit=g -o name,size,free,lv_count,uuid --separator : --nosuffix stack-volumes-lvmdriver-1 {{(pid=184862) execute /usr/local/lib/python3.12/site-packages/oslo_concurrency/processutils.py:349}}
Jan 22 10:27:33.769050 np0005592324.novalocal sudo[225026]: stack : PWD=/ ; USER=root ; COMMAND=/usr/local/bin/cinder-rootwrap /etc/cinder/rootwrap.conf env LC_ALL=C vgs --noheadings --unit=g -o name,size,free,lv_count,uuid --separator : --nosuffix stack-volumes-lvmdriver-1
Jan 22 10:27:34.146059 np0005592324.novalocal cinder-volume[184862]: DEBUG oslo_concurrency.processutils [None req-502cd12d-0b09-4d59-8ed2-40ce75cff2e3 None None] CMD "sudo cinder-rootwrap /etc/cinder/rootwrap.conf env LC_ALL=C vgs --noheadings --unit=g -o name,size,free,lv_count,uuid --separator : --nosuffix stack-volumes-lvmdriver-1" returned: 0 in 0.400s {{(pid=184862) execute /usr/local/lib/python3.12/site-packages/oslo_concurrency/processutils.py:372}}
Jan 22 10:27:34.147050 np0005592324.novalocal cinder-volume[184862]: DEBUG oslo_concurrency.processutils [None req-502cd12d-0b09-4d59-8ed2-40ce75cff2e3 None None] Running cmd (subprocess): sudo cinder-rootwrap /etc/cinder/rootwrap.conf env LC_ALL=C lvs --noheadings --unit=g -o vg_name,name,size --nosuffix --readonly stack-volumes-lvmdriver-1 {{(pid=184862) execute /usr/local/lib/python3.12/site-packages/oslo_concurrency/processutils.py:349}}
Jan 22 10:27:34.170504 np0005592324.novalocal sudo[225032]: stack : PWD=/ ; USER=root ; COMMAND=/usr/local/bin/cinder-rootwrap /etc/cinder/rootwrap.conf env LC_ALL=C lvs --noheadings --unit=g -o vg_name,name,size --nosuffix --readonly stack-volumes-lvmdriver-1
Jan 22 10:27:34.636897 np0005592324.novalocal cinder-volume[184862]: DEBUG oslo_concurrency.processutils [None req-502cd12d-0b09-4d59-8ed2-40ce75cff2e3 None None] CMD "sudo cinder-rootwrap /etc/cinder/rootwrap.conf env LC_ALL=C lvs --noheadings --unit=g -o vg_name,name,size --nosuffix --readonly stack-volumes-lvmdriver-1" returned: 0 in 0.490s {{(pid=184862) execute /usr/local/lib/python3.12/site-packages/oslo_concurrency/processutils.py:372}}
Jan 22 10:27:34.638987 np0005592324.novalocal cinder-volume[184862]: DEBUG oslo_concurrency.processutils [None req-502cd12d-0b09-4d59-8ed2-40ce75cff2e3 None None] Running cmd (subprocess): sudo cinder-rootwrap /etc/cinder/rootwrap.conf env LC_ALL=C lvs --noheadings --unit=g -o size,data_percent --separator : --nosuffix /dev/stack-volumes-lvmdriver-1/stack-volumes-lvmdriver-1-pool {{(pid=184862) execute /usr/local/lib/python3.12/site-packages/oslo_concurrency/processutils.py:349}}
Jan 22 10:27:34.668815 np0005592324.novalocal sudo[225037]: stack : PWD=/ ; USER=root ; COMMAND=/usr/local/bin/cinder-rootwrap /etc/cinder/rootwrap.conf env LC_ALL=C lvs --noheadings --unit=g -o size,data_percent --separator : --nosuffix /dev/stack-volumes-lvmdriver-1/stack-volumes-lvmdriver-1-pool
Jan 22 10:27:35.025516 np0005592324.novalocal cinder-volume[184862]: DEBUG oslo_concurrency.processutils [None req-502cd12d-0b09-4d59-8ed2-40ce75cff2e3 None None] CMD "sudo cinder-rootwrap /etc/cinder/rootwrap.conf env LC_ALL=C lvs --noheadings --unit=g -o size,data_percent --separator : --nosuffix /dev/stack-volumes-lvmdriver-1/stack-volumes-lvmdriver-1-pool" returned: 0 in 0.385s {{(pid=184862) execute /usr/local/lib/python3.12/site-packages/oslo_concurrency/processutils.py:372}}
Jan 22 10:27:35.025516 np0005592324.novalocal cinder-volume[184862]: DEBUG oslo_concurrency.processutils [None req-502cd12d-0b09-4d59-8ed2-40ce75cff2e3 None None] Running cmd (subprocess): sudo cinder-rootwrap /etc/cinder/rootwrap.conf env LC_ALL=C lvs --noheadings --unit=g -o vg_name,name,size --nosuffix --readonly stack-volumes-lvmdriver-1 {{(pid=184862) execute /usr/local/lib/python3.12/site-packages/oslo_concurrency/processutils.py:349}}
Jan 22 10:27:35.045029 np0005592324.novalocal sudo[225042]: stack : PWD=/ ; USER=root ; COMMAND=/usr/local/bin/cinder-rootwrap /etc/cinder/rootwrap.conf env LC_ALL=C lvs --noheadings --unit=g -o vg_name,name,size --nosuffix --readonly stack-volumes-lvmdriver-1
Jan 22 10:27:35.411577 np0005592324.novalocal cinder-volume[184862]: DEBUG oslo_concurrency.processutils [None req-502cd12d-0b09-4d59-8ed2-40ce75cff2e3 None None] CMD "sudo cinder-rootwrap /etc/cinder/rootwrap.conf env LC_ALL=C lvs --noheadings --unit=g -o vg_name,name,size --nosuffix --readonly stack-volumes-lvmdriver-1" returned: 0 in 0.386s {{(pid=184862) execute /usr/local/lib/python3.12/site-packages/oslo_concurrency/processutils.py:372}}
Jan 22 10:27:35.412712 np0005592324.novalocal cinder-volume[184862]: DEBUG cinder.manager [None req-502cd12d-0b09-4d59-8ed2-40ce75cff2e3 None None] Notifying Schedulers of capabilities ... {{(pid=184862) _publish_service_capabilities /opt/stack/cinder/cinder/manager.py:202}}
