Jan 22 10:24:36.057927 np0005592324.novalocal cinder-volume[184862]: DEBUG cinder.volume.manager [req-b6916555-01cf-4aa0-8bb4-d85be55229f6 req-db56e30a-16b7-4949-a0e0-a09394c0c722 tempest-AttachVolumeMultiAttachTest-282508890 None] Connection info returned from driver {'target_discovered': False, 'target_portal': '38.102.83.245:3260', 'target_iqn': 'iqn.2010-10.org.openstack:volume-7a2b06ba-662f-4c34-91d9-367aa9f98e63', 'target_lun': 0, 'volume_id': '7a2b06ba-662f-4c34-91d9-367aa9f98e63', 'auth_method': 'CHAP', 'auth_username': 'nYhdKaUPuLvWEw8jZPeS', 'auth_password': '***', 'encrypted': False, 'qos_specs': None, 'access_mode': 'rw', 'cacheable': False, 'driver_volume_type': 'iscsi', 'attachment_id': '822f7a37-3a45-4655-b22a-3a0a48cd19c6', 'enforce_multipath': True} {{(pid=184862) _connection_create /opt/stack/cinder/cinder/volume/manager.py:4893}}
Jan 22 10:24:36.088848 np0005592324.novalocal cinder-volume[184862]: INFO cinder.volume.manager [req-b6916555-01cf-4aa0-8bb4-d85be55229f6 req-db56e30a-16b7-4949-a0e0-a09394c0c722 tempest-AttachVolumeMultiAttachTest-282508890 None] attachment_update completed successfully.
Jan 22 10:24:37.209401 np0005592324.novalocal cinder-volume[184862]: DEBUG cinder.volume.flows.manager.create_volume [None req-f35a0300-4288-4a39-8103-bb3c7d5c4c4d tempest-VolumesSnapshotTestJSON-841832484 None] Volume reschedule parameters: True retry: {'num_attempts': 1, 'backends': ['np0005592324.novalocal@lvmdriver-1#lvmdriver-1'], 'hosts': ['np0005592324.novalocal@lvmdriver-1#lvmdriver-1']} {{(pid=184862) get_flow /opt/stack/cinder/cinder/volume/flows/manager/create_volume.py:1388}}
Jan 22 10:24:37.218719 np0005592324.novalocal cinder-volume[184862]: DEBUG cinder.volume.manager [None req-f35a0300-4288-4a39-8103-bb3c7d5c4c4d tempest-VolumesSnapshotTestJSON-841832484 None] Flow 'volume_create_manager' (101e619c-baba-400b-9534-b5f8577cec73) transitioned into state 'RUNNING' from state 'PENDING' {{(pid=184862) _flow_receiver /usr/local/lib/python3.12/site-packages/taskflow/listeners/logging.py:145}}
Jan 22 10:24:37.221353 np0005592324.novalocal cinder-volume[184862]: DEBUG cinder.volume.manager [None req-f35a0300-4288-4a39-8103-bb3c7d5c4c4d tempest-VolumesSnapshotTestJSON-841832484 None] Task 'cinder.volume.flows.manager.create_volume.ExtractVolumeRefTask;volume:create' (f4258a83-5319-41ba-8c00-0e9bce820e22) transitioned into state 'RUNNING' from state 'PENDING' {{(pid=184862) _task_receiver /usr/local/lib/python3.12/site-packages/taskflow/listeners/logging.py:194}}
Jan 22 10:24:37.230681 np0005592324.novalocal cinder-volume[184862]: DEBUG cinder.volume.manager [None req-f35a0300-4288-4a39-8103-bb3c7d5c4c4d tempest-VolumesSnapshotTestJSON-841832484 None] Task 'cinder.volume.flows.manager.create_volume.ExtractVolumeRefTask;volume:create' (f4258a83-5319-41ba-8c00-0e9bce820e22) transitioned into state 'SUCCESS' from state 'RUNNING' with result 'Volume(_name_id=None,admin_metadata=,attach_status='detached',availability_zone='nova',bootable=False,cluster=,cluster_name=None,consistencygroup=,consistencygroup_id=None,created_at=2026-01-22T15:24:37Z,deleted=False,deleted_at=None,display_description=None,display_name='tempest-VolumesSnapshotTestJSON-Volume-1657354425',ec2_id=None,encryption_key_id=None,glance_metadata=,group=,group_id=None,host='np0005592324.novalocal@lvmdriver-1#lvmdriver-1',id=a6ba67de-6aac-4619-9c51-2a3dab0375b1,launched_at=None,metadata={},migration_status=None,multiattach=False,previous_status=None,project_id='e619e0e2540e4ee186ddfc298b429d46',provider_auth=None,provider_geometry=None,provider_id=None,provider_location=None,replication_driver_data=None,replication_extended_status=None,replication_status=None,scheduled_at=2026-01-22T15:24:37Z,service_uuid=None,shared_targets=True,size=1,snapshot_id=None,snapshots=,source_volid=None,status='creating',terminated_at=None,updated_at=2026-01-22T15:24:37Z,use_quota=True,user_id='e5be6eb9c98f44a8a18007a3e37dd7e2',volume_attachment=VolumeAttachmentList,volume_type=VolumeType(d32eda9a-7ff9-443b-adbb-d3691c157d72),volume_type_id=d32eda9a-7ff9-443b-adbb-d3691c157d72)' {{(pid=184862) _task_receiver /usr/local/lib/python3.12/site-packages/taskflow/listeners/logging.py:182}}
Jan 22 10:24:37.232916 np0005592324.novalocal cinder-volume[184862]: DEBUG cinder.volume.manager [None req-f35a0300-4288-4a39-8103-bb3c7d5c4c4d tempest-VolumesSnapshotTestJSON-841832484 None] Task 'cinder.volume.flows.manager.create_volume.OnFailureRescheduleTask;volume:create' (8ae2fe86-4a90-4df4-a9c6-6ef0804b6985) transitioned into state 'RUNNING' from state 'PENDING' {{(pid=184862) _task_receiver /usr/local/lib/python3.12/site-packages/taskflow/listeners/logging.py:194}}
Jan 22 10:24:37.234656 np0005592324.novalocal cinder-volume[184862]: DEBUG cinder.volume.manager [None req-f35a0300-4288-4a39-8103-bb3c7d5c4c4d tempest-VolumesSnapshotTestJSON-841832484 None] Task 'cinder.volume.flows.manager.create_volume.OnFailureRescheduleTask;volume:create' (8ae2fe86-4a90-4df4-a9c6-6ef0804b6985) transitioned into state 'SUCCESS' from state 'RUNNING' with result 'None' {{(pid=184862) _task_receiver /usr/local/lib/python3.12/site-packages/taskflow/listeners/logging.py:182}}
Jan 22 10:24:37.237034 np0005592324.novalocal cinder-volume[184862]: DEBUG cinder.volume.manager [None req-f35a0300-4288-4a39-8103-bb3c7d5c4c4d tempest-VolumesSnapshotTestJSON-841832484 None] Task 'cinder.volume.flows.manager.create_volume.ExtractVolumeSpecTask;volume:create' (d458b006-4410-4b69-951e-3541537561dc) transitioned into state 'RUNNING' from state 'PENDING' {{(pid=184862) _task_receiver /usr/local/lib/python3.12/site-packages/taskflow/listeners/logging.py:194}}
Jan 22 10:24:37.239134 np0005592324.novalocal cinder-volume[184862]: DEBUG cinder.volume.manager [None req-f35a0300-4288-4a39-8103-bb3c7d5c4c4d tempest-VolumesSnapshotTestJSON-841832484 None] Task 'cinder.volume.flows.manager.create_volume.ExtractVolumeSpecTask;volume:create' (d458b006-4410-4b69-951e-3541537561dc) transitioned into state 'SUCCESS' from state 'RUNNING' with result '{'status': 'creating', 'type': 'raw', 'volume_id': 'a6ba67de-6aac-4619-9c51-2a3dab0375b1', 'volume_name': 'volume-a6ba67de-6aac-4619-9c51-2a3dab0375b1', 'volume_size': 1}' {{(pid=184862) _task_receiver /usr/local/lib/python3.12/site-packages/taskflow/listeners/logging.py:182}}
Jan 22 10:24:37.241318 np0005592324.novalocal cinder-volume[184862]: DEBUG cinder.volume.manager [None req-f35a0300-4288-4a39-8103-bb3c7d5c4c4d tempest-VolumesSnapshotTestJSON-841832484 None] Task 'cinder.volume.flows.manager.create_volume.NotifyVolumeActionTask;volume:create, create.start' (ffbe3801-5f00-4c64-8721-50db54af9d66) transitioned into state 'RUNNING' from state 'PENDING' {{(pid=184862) _task_receiver /usr/local/lib/python3.12/site-packages/taskflow/listeners/logging.py:194}}
Jan 22 10:24:37.243022 np0005592324.novalocal cinder-volume[184862]: DEBUG cinder.volume.manager [None req-f35a0300-4288-4a39-8103-bb3c7d5c4c4d tempest-VolumesSnapshotTestJSON-841832484 None] Task 'cinder.volume.flows.manager.create_volume.NotifyVolumeActionTask;volume:create, create.start' (ffbe3801-5f00-4c64-8721-50db54af9d66) transitioned into state 'SUCCESS' from state 'RUNNING' with result 'None' {{(pid=184862) _task_receiver /usr/local/lib/python3.12/site-packages/taskflow/listeners/logging.py:182}}
Jan 22 10:24:37.244867 np0005592324.novalocal cinder-volume[184862]: DEBUG cinder.volume.manager [None req-f35a0300-4288-4a39-8103-bb3c7d5c4c4d tempest-VolumesSnapshotTestJSON-841832484 None] Task 'cinder.volume.flows.manager.create_volume.CreateVolumeFromSpecTask;volume:create' (dfbe00bc-49e5-4f7e-9c80-4d63d453fbe9) transitioned into state 'RUNNING' from state 'PENDING' {{(pid=184862) _task_receiver /usr/local/lib/python3.12/site-packages/taskflow/listeners/logging.py:194}}
Jan 22 10:24:37.245578 np0005592324.novalocal cinder-volume[184862]: INFO cinder.volume.flows.manager.create_volume [None req-f35a0300-4288-4a39-8103-bb3c7d5c4c4d tempest-VolumesSnapshotTestJSON-841832484 None] Volume a6ba67de-6aac-4619-9c51-2a3dab0375b1: being created as raw with specification: {'status': 'creating', 'volume_name': 'volume-a6ba67de-6aac-4619-9c51-2a3dab0375b1', 'volume_size': 1}
Jan 22 10:24:37.246081 np0005592324.novalocal cinder-volume[184862]: DEBUG oslo_concurrency.processutils [None req-f35a0300-4288-4a39-8103-bb3c7d5c4c4d tempest-VolumesSnapshotTestJSON-841832484 None] Running cmd (subprocess): sudo cinder-rootwrap /etc/cinder/rootwrap.conf env LC_ALL=C lvcreate -T -V 1g -n volume-a6ba67de-6aac-4619-9c51-2a3dab0375b1 stack-volumes-lvmdriver-1/stack-volumes-lvmdriver-1-pool {{(pid=184862) execute /usr/local/lib/python3.12/site-packages/oslo_concurrency/processutils.py:349}}
Jan 22 10:24:37.266488 np0005592324.novalocal sudo[222303]: stack : PWD=/ ; USER=root ; COMMAND=/usr/local/bin/cinder-rootwrap /etc/cinder/rootwrap.conf env LC_ALL=C lvcreate -T -V 1g -n volume-a6ba67de-6aac-4619-9c51-2a3dab0375b1 stack-volumes-lvmdriver-1/stack-volumes-lvmdriver-1-pool
Jan 22 10:24:37.701346 np0005592324.novalocal cinder-volume[184862]: DEBUG oslo_concurrency.processutils [None req-f35a0300-4288-4a39-8103-bb3c7d5c4c4d tempest-VolumesSnapshotTestJSON-841832484 None] CMD "sudo cinder-rootwrap /etc/cinder/rootwrap.conf env LC_ALL=C lvcreate -T -V 1g -n volume-a6ba67de-6aac-4619-9c51-2a3dab0375b1 stack-volumes-lvmdriver-1/stack-volumes-lvmdriver-1-pool" returned: 0 in 0.455s {{(pid=184862) execute /usr/local/lib/python3.12/site-packages/oslo_concurrency/processutils.py:372}}
Jan 22 10:24:37.708080 np0005592324.novalocal cinder-volume[184862]: DEBUG cinder.volume.manager [None req-f35a0300-4288-4a39-8103-bb3c7d5c4c4d tempest-VolumesSnapshotTestJSON-841832484 None] Task 'cinder.volume.flows.manager.create_volume.CreateVolumeFromSpecTask;volume:create' (dfbe00bc-49e5-4f7e-9c80-4d63d453fbe9) transitioned into state 'SUCCESS' from state 'RUNNING' with result '{'status': 'creating', 'volume_name': 'volume-a6ba67de-6aac-4619-9c51-2a3dab0375b1', 'volume_size': 1}' {{(pid=184862) _task_receiver /usr/local/lib/python3.12/site-packages/taskflow/listeners/logging.py:182}}
Jan 22 10:24:37.713356 np0005592324.novalocal cinder-volume[184862]: DEBUG cinder.volume.manager [None req-f35a0300-4288-4a39-8103-bb3c7d5c4c4d tempest-VolumesSnapshotTestJSON-841832484 None] Task 'cinder.volume.flows.manager.create_volume.CreateVolumeOnFinishTask;volume:create, create.end' (4abfdffd-198c-4b0e-8e5b-c2526e8cad4e) transitioned into state 'RUNNING' from state 'PENDING' {{(pid=184862) _task_receiver /usr/local/lib/python3.12/site-packages/taskflow/listeners/logging.py:194}}
Jan 22 10:24:37.726166 np0005592324.novalocal cinder-volume[184862]: INFO cinder.volume.flows.manager.create_volume [None req-f35a0300-4288-4a39-8103-bb3c7d5c4c4d tempest-VolumesSnapshotTestJSON-841832484 None] Volume volume-a6ba67de-6aac-4619-9c51-2a3dab0375b1 (a6ba67de-6aac-4619-9c51-2a3dab0375b1): created successfully
Jan 22 10:24:37.730264 np0005592324.novalocal cinder-volume[184862]: DEBUG cinder.volume.manager [None req-f35a0300-4288-4a39-8103-bb3c7d5c4c4d tempest-VolumesSnapshotTestJSON-841832484 None] Task 'cinder.volume.flows.manager.create_volume.CreateVolumeOnFinishTask;volume:create, create.end' (4abfdffd-198c-4b0e-8e5b-c2526e8cad4e) transitioned into state 'SUCCESS' from state 'RUNNING' with result 'None' {{(pid=184862) _task_receiver /usr/local/lib/python3.12/site-packages/taskflow/listeners/logging.py:182}}
Jan 22 10:24:37.733915 np0005592324.novalocal cinder-volume[184862]: DEBUG cinder.volume.manager [None req-f35a0300-4288-4a39-8103-bb3c7d5c4c4d tempest-VolumesSnapshotTestJSON-841832484 None] Flow 'volume_create_manager' (101e619c-baba-400b-9534-b5f8577cec73) transitioned into state 'SUCCESS' from state 'RUNNING' {{(pid=184862) _flow_receiver /usr/local/lib/python3.12/site-packages/taskflow/listeners/logging.py:145}}
Jan 22 10:24:37.740554 np0005592324.novalocal cinder-volume[184862]: INFO cinder.volume.manager [None req-f35a0300-4288-4a39-8103-bb3c7d5c4c4d tempest-VolumesSnapshotTestJSON-841832484 None] Created volume successfully.
Jan 22 10:24:38.384253 np0005592324.novalocal cinder-volume[184862]: DEBUG oslo_concurrency.processutils [None req-d4b5dca2-ac03-4f8b-bd6a-19efd49b2e41 tempest-VolumesSnapshotTestJSON-841832484 None] Running cmd (subprocess): sudo cinder-rootwrap /etc/cinder/rootwrap.conf env LC_ALL=C lvs --noheadings --unit=g -o vg_name,name,size --nosuffix --readonly stack-volumes-lvmdriver-1/volume-a6ba67de-6aac-4619-9c51-2a3dab0375b1 {{(pid=184862) execute /usr/local/lib/python3.12/site-packages/oslo_concurrency/processutils.py:349}}
Jan 22 10:24:38.413329 np0005592324.novalocal sudo[222318]: stack : PWD=/ ; USER=root ; COMMAND=/usr/local/bin/cinder-rootwrap /etc/cinder/rootwrap.conf env LC_ALL=C lvs --noheadings --unit=g -o vg_name,name,size --nosuffix --readonly stack-volumes-lvmdriver-1/volume-a6ba67de-6aac-4619-9c51-2a3dab0375b1
Jan 22 10:24:38.794236 np0005592324.novalocal cinder-volume[184862]: DEBUG oslo_concurrency.processutils [None req-d4b5dca2-ac03-4f8b-bd6a-19efd49b2e41 tempest-VolumesSnapshotTestJSON-841832484 None] CMD "sudo cinder-rootwrap /etc/cinder/rootwrap.conf env LC_ALL=C lvs --noheadings --unit=g -o vg_name,name,size --nosuffix --readonly stack-volumes-lvmdriver-1/volume-a6ba67de-6aac-4619-9c51-2a3dab0375b1" returned: 0 in 0.409s {{(pid=184862) execute /usr/local/lib/python3.12/site-packages/oslo_concurrency/processutils.py:372}}
Jan 22 10:24:38.795364 np0005592324.novalocal cinder-volume[184862]: DEBUG oslo_concurrency.processutils [None req-d4b5dca2-ac03-4f8b-bd6a-19efd49b2e41 tempest-VolumesSnapshotTestJSON-841832484 None] Running cmd (subprocess): sudo cinder-rootwrap /etc/cinder/rootwrap.conf env LC_ALL=C lvcreate --name _snapshot-6fd912e5-6577-47e6-920d-6ef14f656794 --snapshot stack-volumes-lvmdriver-1/volume-a6ba67de-6aac-4619-9c51-2a3dab0375b1 {{(pid=184862) execute /usr/local/lib/python3.12/site-packages/oslo_concurrency/processutils.py:349}}
Jan 22 10:24:38.822955 np0005592324.novalocal sudo[222330]: stack : PWD=/ ; USER=root ; COMMAND=/usr/local/bin/cinder-rootwrap /etc/cinder/rootwrap.conf env LC_ALL=C lvcreate --name _snapshot-6fd912e5-6577-47e6-920d-6ef14f656794 --snapshot stack-volumes-lvmdriver-1/volume-a6ba67de-6aac-4619-9c51-2a3dab0375b1
Jan 22 10:24:39.227792 np0005592324.novalocal cinder-volume[184862]: DEBUG oslo_concurrency.processutils [None req-d4b5dca2-ac03-4f8b-bd6a-19efd49b2e41 tempest-VolumesSnapshotTestJSON-841832484 None] CMD "sudo cinder-rootwrap /etc/cinder/rootwrap.conf env LC_ALL=C lvcreate --name _snapshot-6fd912e5-6577-47e6-920d-6ef14f656794 --snapshot stack-volumes-lvmdriver-1/volume-a6ba67de-6aac-4619-9c51-2a3dab0375b1" returned: 0 in 0.429s {{(pid=184862) execute /usr/local/lib/python3.12/site-packages/oslo_concurrency/processutils.py:372}}
Jan 22 10:24:39.251049 np0005592324.novalocal cinder-volume[184862]: INFO cinder.volume.manager [None req-d4b5dca2-ac03-4f8b-bd6a-19efd49b2e41 tempest-VolumesSnapshotTestJSON-841832484 None] Create snapshot completed successfully
Jan 22 10:24:39.608954 np0005592324.novalocal cinder-volume[184862]: DEBUG cinder.volume.flows.manager.create_volume [None req-428f590a-12b6-492d-9ce0-90d8c1952da9 tempest-VolumesSnapshotTestJSON-841832484 None] Volume reschedule parameters: True retry: {'num_attempts': 1, 'backends': ['np0005592324.novalocal@lvmdriver-1#lvmdriver-1'], 'hosts': ['np0005592324.novalocal@lvmdriver-1#lvmdriver-1']} {{(pid=184862) get_flow /opt/stack/cinder/cinder/volume/flows/manager/create_volume.py:1388}}
Jan 22 10:24:39.619751 np0005592324.novalocal cinder-volume[184862]: DEBUG cinder.volume.manager [None req-428f590a-12b6-492d-9ce0-90d8c1952da9 tempest-VolumesSnapshotTestJSON-841832484 None] Flow 'volume_create_manager' (d4dc49f7-c840-4008-b342-1cf48f38ab78) transitioned into state 'RUNNING' from state 'PENDING' {{(pid=184862) _flow_receiver /usr/local/lib/python3.12/site-packages/taskflow/listeners/logging.py:145}}
Jan 22 10:24:39.621748 np0005592324.novalocal cinder-volume[184862]: DEBUG cinder.volume.manager [None req-428f590a-12b6-492d-9ce0-90d8c1952da9 tempest-VolumesSnapshotTestJSON-841832484 None] Task 'cinder.volume.flows.manager.create_volume.ExtractVolumeRefTask;volume:create' (850bf38a-c623-42f2-8c72-679dd2d60275) transitioned into state 'RUNNING' from state 'PENDING' {{(pid=184862) _task_receiver /usr/local/lib/python3.12/site-packages/taskflow/listeners/logging.py:194}}
Jan 22 10:24:39.628839 np0005592324.novalocal cinder-volume[184862]: DEBUG cinder.volume.manager [None req-428f590a-12b6-492d-9ce0-90d8c1952da9 tempest-VolumesSnapshotTestJSON-841832484 None] Task 'cinder.volume.flows.manager.create_volume.ExtractVolumeRefTask;volume:create' (850bf38a-c623-42f2-8c72-679dd2d60275) transitioned into state 'SUCCESS' from state 'RUNNING' with result 'Volume(_name_id=None,admin_metadata=,attach_status='detached',availability_zone='nova',bootable=False,cluster=,cluster_name=None,consistencygroup=,consistencygroup_id=None,created_at=2026-01-22T15:24:39Z,deleted=False,deleted_at=None,display_description=None,display_name='tempest-VolumesSnapshotTestJSON-Volume-1272778378',ec2_id=None,encryption_key_id=None,glance_metadata=,group=,group_id=None,host='np0005592324.novalocal@lvmdriver-1#lvmdriver-1',id=c6976faf-ab93-4809-85bb-5f627107dc81,launched_at=None,metadata={},migration_status=None,multiattach=False,previous_status=None,project_id='e619e0e2540e4ee186ddfc298b429d46',provider_auth=None,provider_geometry=None,provider_id=None,provider_location=None,replication_driver_data=None,replication_extended_status=None,replication_status=None,scheduled_at=2026-01-22T15:24:39Z,service_uuid=None,shared_targets=True,size=2,snapshot_id=6fd912e5-6577-47e6-920d-6ef14f656794,snapshots=,source_volid=None,status='creating',terminated_at=None,updated_at=2026-01-22T15:24:39Z,use_quota=True,user_id='e5be6eb9c98f44a8a18007a3e37dd7e2',volume_attachment=VolumeAttachmentList,volume_type=VolumeType(d32eda9a-7ff9-443b-adbb-d3691c157d72),volume_type_id=d32eda9a-7ff9-443b-adbb-d3691c157d72)' {{(pid=184862) _task_receiver /usr/local/lib/python3.12/site-packages/taskflow/listeners/logging.py:182}}
Jan 22 10:24:39.630456 np0005592324.novalocal cinder-volume[184862]: DEBUG cinder.volume.manager [None req-428f590a-12b6-492d-9ce0-90d8c1952da9 tempest-VolumesSnapshotTestJSON-841832484 None] Task 'cinder.volume.flows.manager.create_volume.OnFailureRescheduleTask;volume:create' (6066e7c5-7adf-40a6-afaf-26dcedb10ba6) transitioned into state 'RUNNING' from state 'PENDING' {{(pid=184862) _task_receiver /usr/local/lib/python3.12/site-packages/taskflow/listeners/logging.py:194}}
Jan 22 10:24:39.631711 np0005592324.novalocal cinder-volume[184862]: DEBUG cinder.volume.manager [None req-428f590a-12b6-492d-9ce0-90d8c1952da9 tempest-VolumesSnapshotTestJSON-841832484 None] Task 'cinder.volume.flows.manager.create_volume.OnFailureRescheduleTask;volume:create' (6066e7c5-7adf-40a6-afaf-26dcedb10ba6) transitioned into state 'SUCCESS' from state 'RUNNING' with result 'None' {{(pid=184862) _task_receiver /usr/local/lib/python3.12/site-packages/taskflow/listeners/logging.py:182}}
Jan 22 10:24:39.633072 np0005592324.novalocal cinder-volume[184862]: DEBUG cinder.volume.manager [None req-428f590a-12b6-492d-9ce0-90d8c1952da9 tempest-VolumesSnapshotTestJSON-841832484 None] Task 'cinder.volume.flows.manager.create_volume.ExtractVolumeSpecTask;volume:create' (e9bf16de-d5f9-44e5-ae0b-fb26ba906f69) transitioned into state 'RUNNING' from state 'PENDING' {{(pid=184862) _task_receiver /usr/local/lib/python3.12/site-packages/taskflow/listeners/logging.py:194}}
Jan 22 10:24:39.634241 np0005592324.novalocal cinder-volume[184862]: DEBUG cinder.volume.manager [None req-428f590a-12b6-492d-9ce0-90d8c1952da9 tempest-VolumesSnapshotTestJSON-841832484 None] Task 'cinder.volume.flows.manager.create_volume.ExtractVolumeSpecTask;volume:create' (e9bf16de-d5f9-44e5-ae0b-fb26ba906f69) transitioned into state 'SUCCESS' from state 'RUNNING' with result '{'status': 'creating', 'type': 'snap', 'volume_id': 'c6976faf-ab93-4809-85bb-5f627107dc81', 'volume_name': 'volume-c6976faf-ab93-4809-85bb-5f627107dc81', 'volume_size': 2, 'snapshot_id': '6fd912e5-6577-47e6-920d-6ef14f656794'}' {{(pid=184862) _task_receiver /usr/local/lib/python3.12/site-packages/taskflow/listeners/logging.py:182}}
Jan 22 10:24:39.635577 np0005592324.novalocal cinder-volume[184862]: DEBUG cinder.volume.manager [None req-428f590a-12b6-492d-9ce0-90d8c1952da9 tempest-VolumesSnapshotTestJSON-841832484 None] Task 'cinder.volume.flows.manager.create_volume.NotifyVolumeActionTask;volume:create, create.start' (fa39e1f1-8d8a-4b2f-aa92-8c0c9b62ec4a) transitioned into state 'RUNNING' from state 'PENDING' {{(pid=184862) _task_receiver /usr/local/lib/python3.12/site-packages/taskflow/listeners/logging.py:194}}
Jan 22 10:24:39.636701 np0005592324.novalocal cinder-volume[184862]: DEBUG cinder.volume.manager [None req-428f590a-12b6-492d-9ce0-90d8c1952da9 tempest-VolumesSnapshotTestJSON-841832484 None] Task 'cinder.volume.flows.manager.create_volume.NotifyVolumeActionTask;volume:create, create.start' (fa39e1f1-8d8a-4b2f-aa92-8c0c9b62ec4a) transitioned into state 'SUCCESS' from state 'RUNNING' with result 'None' {{(pid=184862) _task_receiver /usr/local/lib/python3.12/site-packages/taskflow/listeners/logging.py:182}}
Jan 22 10:24:39.638084 np0005592324.novalocal cinder-volume[184862]: DEBUG cinder.volume.manager [None req-428f590a-12b6-492d-9ce0-90d8c1952da9 tempest-VolumesSnapshotTestJSON-841832484 None] Task 'cinder.volume.flows.manager.create_volume.CreateVolumeFromSpecTask;volume:create' (b303ef6e-bb47-44ac-98f9-87c28b7aea5c) transitioned into state 'RUNNING' from state 'PENDING' {{(pid=184862) _task_receiver /usr/local/lib/python3.12/site-packages/taskflow/listeners/logging.py:194}}
Jan 22 10:24:39.638457 np0005592324.novalocal cinder-volume[184862]: INFO cinder.volume.flows.manager.create_volume [None req-428f590a-12b6-492d-9ce0-90d8c1952da9 tempest-VolumesSnapshotTestJSON-841832484 None] Volume c6976faf-ab93-4809-85bb-5f627107dc81: being created as snap with specification: {'status': 'creating', 'volume_name': 'volume-c6976faf-ab93-4809-85bb-5f627107dc81', 'volume_size': 2, 'snapshot_id': '6fd912e5-6577-47e6-920d-6ef14f656794'}
Jan 22 10:24:39.643480 np0005592324.novalocal cinder-volume[184862]: DEBUG oslo_concurrency.processutils [None req-428f590a-12b6-492d-9ce0-90d8c1952da9 tempest-VolumesSnapshotTestJSON-841832484 None] Running cmd (subprocess): sudo cinder-rootwrap /etc/cinder/rootwrap.conf env LC_ALL=C lvs --noheadings --unit=g -o vg_name,name,size --nosuffix --readonly stack-volumes-lvmdriver-1/_snapshot-6fd912e5-6577-47e6-920d-6ef14f656794 {{(pid=184862) execute /usr/local/lib/python3.12/site-packages/oslo_concurrency/processutils.py:349}}
Jan 22 10:24:39.661478 np0005592324.novalocal sudo[222356]: stack : PWD=/ ; USER=root ; COMMAND=/usr/local/bin/cinder-rootwrap /etc/cinder/rootwrap.conf env LC_ALL=C lvs --noheadings --unit=g -o vg_name,name,size --nosuffix --readonly stack-volumes-lvmdriver-1/_snapshot-6fd912e5-6577-47e6-920d-6ef14f656794
Jan 22 10:24:39.990643 np0005592324.novalocal cinder-volume[184862]: DEBUG oslo_concurrency.processutils [None req-428f590a-12b6-492d-9ce0-90d8c1952da9 tempest-VolumesSnapshotTestJSON-841832484 None] CMD "sudo cinder-rootwrap /etc/cinder/rootwrap.conf env LC_ALL=C lvs --noheadings --unit=g -o vg_name,name,size --nosuffix --readonly stack-volumes-lvmdriver-1/_snapshot-6fd912e5-6577-47e6-920d-6ef14f656794" returned: 0 in 0.346s {{(pid=184862) execute /usr/local/lib/python3.12/site-packages/oslo_concurrency/processutils.py:372}}
Jan 22 10:24:39.992938 np0005592324.novalocal cinder-volume[184862]: DEBUG oslo_concurrency.processutils [None req-428f590a-12b6-492d-9ce0-90d8c1952da9 tempest-VolumesSnapshotTestJSON-841832484 None] Running cmd (subprocess): sudo cinder-rootwrap /etc/cinder/rootwrap.conf env LC_ALL=C lvcreate --name volume-c6976faf-ab93-4809-85bb-5f627107dc81 --snapshot stack-volumes-lvmdriver-1/_snapshot-6fd912e5-6577-47e6-920d-6ef14f656794 {{(pid=184862) execute /usr/local/lib/python3.12/site-packages/oslo_concurrency/processutils.py:349}}
Jan 22 10:24:40.013841 np0005592324.novalocal sudo[222361]: stack : PWD=/ ; USER=root ; COMMAND=/usr/local/bin/cinder-rootwrap /etc/cinder/rootwrap.conf env LC_ALL=C lvcreate --name volume-c6976faf-ab93-4809-85bb-5f627107dc81 --snapshot stack-volumes-lvmdriver-1/_snapshot-6fd912e5-6577-47e6-920d-6ef14f656794
Jan 22 10:24:40.396965 np0005592324.novalocal cinder-volume[184862]: DEBUG oslo_concurrency.processutils [None req-428f590a-12b6-492d-9ce0-90d8c1952da9 tempest-VolumesSnapshotTestJSON-841832484 None] CMD "sudo cinder-rootwrap /etc/cinder/rootwrap.conf env LC_ALL=C lvcreate --name volume-c6976faf-ab93-4809-85bb-5f627107dc81 --snapshot stack-volumes-lvmdriver-1/_snapshot-6fd912e5-6577-47e6-920d-6ef14f656794" returned: 0 in 0.405s {{(pid=184862) execute /usr/local/lib/python3.12/site-packages/oslo_concurrency/processutils.py:372}}
Jan 22 10:24:40.397517 np0005592324.novalocal cinder-volume[184862]: DEBUG cinder.volume.drivers.lvm [None req-428f590a-12b6-492d-9ce0-90d8c1952da9 tempest-VolumesSnapshotTestJSON-841832484 None] Resize the new volume to 2. {{(pid=184862) create_volume_from_snapshot /opt/stack/cinder/cinder/volume/drivers/lvm.py:440}}
Jan 22 10:24:40.398071 np0005592324.novalocal cinder-volume[184862]: DEBUG oslo_concurrency.processutils [None req-428f590a-12b6-492d-9ce0-90d8c1952da9 tempest-VolumesSnapshotTestJSON-841832484 None] Running cmd (subprocess): sudo cinder-rootwrap /etc/cinder/rootwrap.conf env LC_ALL=C lvdisplay --noheading -C -o Attr --readonly stack-volumes-lvmdriver-1/volume-c6976faf-ab93-4809-85bb-5f627107dc81 {{(pid=184862) execute /usr/local/lib/python3.12/site-packages/oslo_concurrency/processutils.py:349}}
Jan 22 10:24:40.413140 np0005592324.novalocal sudo[222367]: stack : PWD=/ ; USER=root ; COMMAND=/usr/local/bin/cinder-rootwrap /etc/cinder/rootwrap.conf env LC_ALL=C lvdisplay --noheading -C -o Attr --readonly stack-volumes-lvmdriver-1/volume-c6976faf-ab93-4809-85bb-5f627107dc81
Jan 22 10:24:40.788248 np0005592324.novalocal cinder-volume[184862]: DEBUG oslo_concurrency.processutils [None req-428f590a-12b6-492d-9ce0-90d8c1952da9 tempest-VolumesSnapshotTestJSON-841832484 None] CMD "sudo cinder-rootwrap /etc/cinder/rootwrap.conf env LC_ALL=C lvdisplay --noheading -C -o Attr --readonly stack-volumes-lvmdriver-1/volume-c6976faf-ab93-4809-85bb-5f627107dc81" returned: 0 in 0.389s {{(pid=184862) execute /usr/local/lib/python3.12/site-packages/oslo_concurrency/processutils.py:372}}
Jan 22 10:24:40.789121 np0005592324.novalocal cinder-volume[184862]: DEBUG oslo_concurrency.processutils [None req-428f590a-12b6-492d-9ce0-90d8c1952da9 tempest-VolumesSnapshotTestJSON-841832484 None] Running cmd (subprocess): sudo cinder-rootwrap /etc/cinder/rootwrap.conf env LC_ALL=C lvextend -L 2g stack-volumes-lvmdriver-1/volume-c6976faf-ab93-4809-85bb-5f627107dc81 {{(pid=184862) execute /usr/local/lib/python3.12/site-packages/oslo_concurrency/processutils.py:349}}
Jan 22 10:24:40.811157 np0005592324.novalocal sudo[222372]: stack : PWD=/ ; USER=root ; COMMAND=/usr/local/bin/cinder-rootwrap /etc/cinder/rootwrap.conf env LC_ALL=C lvextend -L 2g stack-volumes-lvmdriver-1/volume-c6976faf-ab93-4809-85bb-5f627107dc81
Jan 22 10:24:41.174301 np0005592324.novalocal cinder-volume[184862]: DEBUG oslo_concurrency.processutils [None req-428f590a-12b6-492d-9ce0-90d8c1952da9 tempest-VolumesSnapshotTestJSON-841832484 None] CMD "sudo cinder-rootwrap /etc/cinder/rootwrap.conf env LC_ALL=C lvextend -L 2g stack-volumes-lvmdriver-1/volume-c6976faf-ab93-4809-85bb-5f627107dc81" returned: 0 in 0.385s {{(pid=184862) execute /usr/local/lib/python3.12/site-packages/oslo_concurrency/processutils.py:372}}
Jan 22 10:24:41.174985 np0005592324.novalocal cinder-volume[184862]: DEBUG oslo_concurrency.processutils [None req-428f590a-12b6-492d-9ce0-90d8c1952da9 tempest-VolumesSnapshotTestJSON-841832484 None] Running cmd (subprocess): sudo cinder-rootwrap /etc/cinder/rootwrap.conf lvchange -a y --yes -K stack-volumes-lvmdriver-1/_snapshot-6fd912e5-6577-47e6-920d-6ef14f656794 {{(pid=184862) execute /usr/local/lib/python3.12/site-packages/oslo_concurrency/processutils.py:349}}
Jan 22 10:24:41.205009 np0005592324.novalocal sudo[222380]: stack : PWD=/ ; USER=root ; COMMAND=/usr/local/bin/cinder-rootwrap /etc/cinder/rootwrap.conf lvchange -a y --yes -K stack-volumes-lvmdriver-1/_snapshot-6fd912e5-6577-47e6-920d-6ef14f656794
Jan 22 10:24:41.585342 np0005592324.novalocal cinder-volume[184862]: DEBUG oslo_concurrency.processutils [None req-428f590a-12b6-492d-9ce0-90d8c1952da9 tempest-VolumesSnapshotTestJSON-841832484 None] CMD "sudo cinder-rootwrap /etc/cinder/rootwrap.conf lvchange -a y --yes -K stack-volumes-lvmdriver-1/_snapshot-6fd912e5-6577-47e6-920d-6ef14f656794" returned: 0 in 0.410s {{(pid=184862) execute /usr/local/lib/python3.12/site-packages/oslo_concurrency/processutils.py:372}}
Jan 22 10:24:41.586142 np0005592324.novalocal cinder-volume[184862]: DEBUG oslo_concurrency.processutils [None req-428f590a-12b6-492d-9ce0-90d8c1952da9 tempest-VolumesSnapshotTestJSON-841832484 None] Running cmd (subprocess): sudo cinder-rootwrap /etc/cinder/rootwrap.conf lvchange -a y --yes -k n stack-volumes-lvmdriver-1/volume-c6976faf-ab93-4809-85bb-5f627107dc81 {{(pid=184862) execute /usr/local/lib/python3.12/site-packages/oslo_concurrency/processutils.py:349}}
Jan 22 10:24:41.609326 np0005592324.novalocal sudo[222393]: stack : PWD=/ ; USER=root ; COMMAND=/usr/local/bin/cinder-rootwrap /etc/cinder/rootwrap.conf lvchange -a y --yes -k n stack-volumes-lvmdriver-1/volume-c6976faf-ab93-4809-85bb-5f627107dc81
Jan 22 10:24:42.057363 np0005592324.novalocal cinder-volume[184862]: DEBUG oslo_concurrency.processutils [None req-428f590a-12b6-492d-9ce0-90d8c1952da9 tempest-VolumesSnapshotTestJSON-841832484 None] CMD "sudo cinder-rootwrap /etc/cinder/rootwrap.conf lvchange -a y --yes -k n stack-volumes-lvmdriver-1/volume-c6976faf-ab93-4809-85bb-5f627107dc81" returned: 0 in 0.471s {{(pid=184862) execute /usr/local/lib/python3.12/site-packages/oslo_concurrency/processutils.py:372}}
Jan 22 10:24:42.065365 np0005592324.novalocal cinder-volume[184862]: DEBUG cinder.volume.manager [None req-428f590a-12b6-492d-9ce0-90d8c1952da9 tempest-VolumesSnapshotTestJSON-841832484 None] Task 'cinder.volume.flows.manager.create_volume.CreateVolumeFromSpecTask;volume:create' (b303ef6e-bb47-44ac-98f9-87c28b7aea5c) transitioned into state 'SUCCESS' from state 'RUNNING' with result '{'status': 'creating', 'volume_name': 'volume-c6976faf-ab93-4809-85bb-5f627107dc81', 'volume_size': 2, 'snapshot_id': '6fd912e5-6577-47e6-920d-6ef14f656794'}' {{(pid=184862) _task_receiver /usr/local/lib/python3.12/site-packages/taskflow/listeners/logging.py:182}}
Jan 22 10:24:42.066773 np0005592324.novalocal cinder-volume[184862]: DEBUG cinder.volume.manager [None req-428f590a-12b6-492d-9ce0-90d8c1952da9 tempest-VolumesSnapshotTestJSON-841832484 None] Task 'cinder.volume.flows.manager.create_volume.CreateVolumeOnFinishTask;volume:create, create.end' (b471d650-3d7a-479f-9587-85719851d824) transitioned into state 'RUNNING' from state 'PENDING' {{(pid=184862) _task_receiver /usr/local/lib/python3.12/site-packages/taskflow/listeners/logging.py:194}}
Jan 22 10:24:42.073240 np0005592324.novalocal cinder-volume[184862]: INFO cinder.volume.flows.manager.create_volume [None req-428f590a-12b6-492d-9ce0-90d8c1952da9 tempest-VolumesSnapshotTestJSON-841832484 None] Volume volume-c6976faf-ab93-4809-85bb-5f627107dc81 (c6976faf-ab93-4809-85bb-5f627107dc81): created successfully
Jan 22 10:24:42.075178 np0005592324.novalocal cinder-volume[184862]: DEBUG cinder.volume.manager [None req-428f590a-12b6-492d-9ce0-90d8c1952da9 tempest-VolumesSnapshotTestJSON-841832484 None] Task 'cinder.volume.flows.manager.create_volume.CreateVolumeOnFinishTask;volume:create, create.end' (b471d650-3d7a-479f-9587-85719851d824) transitioned into state 'SUCCESS' from state 'RUNNING' with result 'None' {{(pid=184862) _task_receiver /usr/local/lib/python3.12/site-packages/taskflow/listeners/logging.py:182}}
Jan 22 10:24:42.078341 np0005592324.novalocal cinder-volume[184862]: DEBUG cinder.volume.manager [None req-428f590a-12b6-492d-9ce0-90d8c1952da9 tempest-VolumesSnapshotTestJSON-841832484 None] Flow 'volume_create_manager' (d4dc49f7-c840-4008-b342-1cf48f38ab78) transitioned into state 'SUCCESS' from state 'RUNNING' {{(pid=184862) _flow_receiver /usr/local/lib/python3.12/site-packages/taskflow/listeners/logging.py:145}}
Jan 22 10:24:42.087280 np0005592324.novalocal cinder-volume[184862]: INFO cinder.volume.manager [None req-428f590a-12b6-492d-9ce0-90d8c1952da9 tempest-VolumesSnapshotTestJSON-841832484 None] Created volume successfully.
Jan 22 10:24:42.855325 np0005592324.novalocal cinder-volume[184862]: DEBUG cinder.coordination [None req-48b993f0-cb16-46db-ac24-08aaca83b29c tempest-VolumesSnapshotTestJSON-841832484 None] Acquiring lock "cinder-c6976faf-ab93-4809-85bb-5f627107dc81-delete_volume" by "delete_volume" {{(pid=184862) __acquire /opt/stack/cinder/cinder/coordination.py:143}}
Jan 22 10:24:42.858879 np0005592324.novalocal cinder-volume[184862]: DEBUG cinder.coordination [None req-48b993f0-cb16-46db-ac24-08aaca83b29c tempest-VolumesSnapshotTestJSON-841832484 None] Lock "cinder-c6976faf-ab93-4809-85bb-5f627107dc81-delete_volume" acquired by "delete_volume" :: waited 0.005s {{(pid=184862) __acquire /opt/stack/cinder/cinder/coordination.py:146}}
Jan 22 10:24:42.870121 np0005592324.novalocal cinder-volume[184862]: INFO cinder.volume.targets.iscsi [None req-48b993f0-cb16-46db-ac24-08aaca83b29c tempest-VolumesSnapshotTestJSON-841832484 None] Skipping remove_export. No iscsi_target is presently exported for volume: c6976faf-ab93-4809-85bb-5f627107dc81
Jan 22 10:24:42.870524 np0005592324.novalocal cinder-volume[184862]: DEBUG oslo_concurrency.processutils [None req-48b993f0-cb16-46db-ac24-08aaca83b29c tempest-VolumesSnapshotTestJSON-841832484 None] Running cmd (subprocess): sudo cinder-rootwrap /etc/cinder/rootwrap.conf env LC_ALL=C lvs --noheadings --unit=g -o vg_name,name,size --nosuffix --readonly stack-volumes-lvmdriver-1/volume-c6976faf-ab93-4809-85bb-5f627107dc81 {{(pid=184862) execute /usr/local/lib/python3.12/site-packages/oslo_concurrency/processutils.py:349}}
Jan 22 10:24:42.887646 np0005592324.novalocal sudo[222416]: stack : PWD=/ ; USER=root ; COMMAND=/usr/local/bin/cinder-rootwrap /etc/cinder/rootwrap.conf env LC_ALL=C lvs --noheadings --unit=g -o vg_name,name,size --nosuffix --readonly stack-volumes-lvmdriver-1/volume-c6976faf-ab93-4809-85bb-5f627107dc81
Jan 22 10:24:43.241975 np0005592324.novalocal cinder-volume[184862]: DEBUG oslo_concurrency.processutils [None req-48b993f0-cb16-46db-ac24-08aaca83b29c tempest-VolumesSnapshotTestJSON-841832484 None] CMD "sudo cinder-rootwrap /etc/cinder/rootwrap.conf env LC_ALL=C lvs --noheadings --unit=g -o vg_name,name,size --nosuffix --readonly stack-volumes-lvmdriver-1/volume-c6976faf-ab93-4809-85bb-5f627107dc81" returned: 0 in 0.371s {{(pid=184862) execute /usr/local/lib/python3.12/site-packages/oslo_concurrency/processutils.py:372}}
Jan 22 10:24:43.244698 np0005592324.novalocal cinder-volume[184862]: DEBUG oslo_concurrency.processutils [None req-48b993f0-cb16-46db-ac24-08aaca83b29c tempest-VolumesSnapshotTestJSON-841832484 None] Running cmd (subprocess): sudo cinder-rootwrap /etc/cinder/rootwrap.conf env LC_ALL=C lvdisplay --noheading -C -o Attr --readonly stack-volumes-lvmdriver-1/volume-c6976faf-ab93-4809-85bb-5f627107dc81 {{(pid=184862) execute /usr/local/lib/python3.12/site-packages/oslo_concurrency/processutils.py:349}}
Jan 22 10:24:43.270498 np0005592324.novalocal sudo[222426]: stack : PWD=/ ; USER=root ; COMMAND=/usr/local/bin/cinder-rootwrap /etc/cinder/rootwrap.conf env LC_ALL=C lvdisplay --noheading -C -o Attr --readonly stack-volumes-lvmdriver-1/volume-c6976faf-ab93-4809-85bb-5f627107dc81
Jan 22 10:24:43.634516 np0005592324.novalocal cinder-volume[184862]: DEBUG oslo_concurrency.processutils [None req-48b993f0-cb16-46db-ac24-08aaca83b29c tempest-VolumesSnapshotTestJSON-841832484 None] CMD "sudo cinder-rootwrap /etc/cinder/rootwrap.conf env LC_ALL=C lvdisplay --noheading -C -o Attr --readonly stack-volumes-lvmdriver-1/volume-c6976faf-ab93-4809-85bb-5f627107dc81" returned: 0 in 0.389s {{(pid=184862) execute /usr/local/lib/python3.12/site-packages/oslo_concurrency/processutils.py:372}}
Jan 22 10:24:43.635573 np0005592324.novalocal cinder-volume[184862]: DEBUG oslo_concurrency.processutils [None req-48b993f0-cb16-46db-ac24-08aaca83b29c tempest-VolumesSnapshotTestJSON-841832484 None] Running cmd (subprocess): sudo cinder-rootwrap /etc/cinder/rootwrap.conf lvremove --config activation { retry_deactivation = 1} -f stack-volumes-lvmdriver-1/volume-c6976faf-ab93-4809-85bb-5f627107dc81 {{(pid=184862) execute /usr/local/lib/python3.12/site-packages/oslo_concurrency/processutils.py:349}}
Jan 22 10:24:43.652494 np0005592324.novalocal sudo[222431]: stack : PWD=/ ; USER=root ; COMMAND=/usr/local/bin/cinder-rootwrap /etc/cinder/rootwrap.conf lvremove --config 'activation { retry_deactivation = 1} ' -f stack-volumes-lvmdriver-1/volume-c6976faf-ab93-4809-85bb-5f627107dc81
Jan 22 10:24:44.096497 np0005592324.novalocal cinder-volume[184862]: DEBUG oslo_concurrency.processutils [None req-48b993f0-cb16-46db-ac24-08aaca83b29c tempest-VolumesSnapshotTestJSON-841832484 None] CMD "sudo cinder-rootwrap /etc/cinder/rootwrap.conf lvremove --config activation { retry_deactivation = 1} -f stack-volumes-lvmdriver-1/volume-c6976faf-ab93-4809-85bb-5f627107dc81" returned: 0 in 0.460s {{(pid=184862) execute /usr/local/lib/python3.12/site-packages/oslo_concurrency/processutils.py:372}}
Jan 22 10:24:44.097295 np0005592324.novalocal cinder-volume[184862]: INFO cinder.volume.drivers.lvm [None req-48b993f0-cb16-46db-ac24-08aaca83b29c tempest-VolumesSnapshotTestJSON-841832484 None] Successfully deleted volume: c6976faf-ab93-4809-85bb-5f627107dc81
Jan 22 10:24:44.120957 np0005592324.novalocal cinder-volume[184862]: DEBUG cinder.quota [None req-48b993f0-cb16-46db-ac24-08aaca83b29c tempest-VolumesSnapshotTestJSON-841832484 None] Created reservations ['feef36f6-1bcc-4a81-adae-b7f686dfa7a5', 'c85e0df6-9602-40c6-b5fd-fef163d4dc34', '3bbb0a58-b20c-431e-9788-2f4847ebf3ee', 'fc290ed6-fde7-4850-8d92-516d42eafdeb'] {{(pid=184862) reserve /opt/stack/cinder/cinder/quota.py:752}}
Jan 22 10:24:44.145451 np0005592324.novalocal cinder-volume[184862]: DEBUG cinder.volume.drivers.lvm [None req-48b993f0-cb16-46db-ac24-08aaca83b29c tempest-VolumesSnapshotTestJSON-841832484 None] Updating volume stats {{(pid=184862) _update_volume_stats /opt/stack/cinder/cinder/volume/drivers/lvm.py:228}}
Jan 22 10:24:44.145972 np0005592324.novalocal cinder-volume[184862]: DEBUG oslo_concurrency.processutils [None req-48b993f0-cb16-46db-ac24-08aaca83b29c tempest-VolumesSnapshotTestJSON-841832484 None] Running cmd (subprocess): sudo cinder-rootwrap /etc/cinder/rootwrap.conf env LC_ALL=C vgs --noheadings --unit=g -o name,size,free,lv_count,uuid --separator : --nosuffix stack-volumes-lvmdriver-1 {{(pid=184862) execute /usr/local/lib/python3.12/site-packages/oslo_concurrency/processutils.py:349}}
Jan 22 10:24:44.167666 np0005592324.novalocal sudo[222438]: stack : PWD=/ ; USER=root ; COMMAND=/usr/local/bin/cinder-rootwrap /etc/cinder/rootwrap.conf env LC_ALL=C vgs --noheadings --unit=g -o name,size,free,lv_count,uuid --separator : --nosuffix stack-volumes-lvmdriver-1
Jan 22 10:24:44.486032 np0005592324.novalocal cinder-volume[184862]: DEBUG oslo_concurrency.processutils [None req-48b993f0-cb16-46db-ac24-08aaca83b29c tempest-VolumesSnapshotTestJSON-841832484 None] CMD "sudo cinder-rootwrap /etc/cinder/rootwrap.conf env LC_ALL=C vgs --noheadings --unit=g -o name,size,free,lv_count,uuid --separator : --nosuffix stack-volumes-lvmdriver-1" returned: 0 in 0.339s {{(pid=184862) execute /usr/local/lib/python3.12/site-packages/oslo_concurrency/processutils.py:372}}
Jan 22 10:24:44.487129 np0005592324.novalocal cinder-volume[184862]: DEBUG oslo_concurrency.processutils [None req-48b993f0-cb16-46db-ac24-08aaca83b29c tempest-VolumesSnapshotTestJSON-841832484 None] Running cmd (subprocess): sudo cinder-rootwrap /etc/cinder/rootwrap.conf env LC_ALL=C lvs --noheadings --unit=g -o vg_name,name,size --nosuffix --readonly stack-volumes-lvmdriver-1 {{(pid=184862) execute /usr/local/lib/python3.12/site-packages/oslo_concurrency/processutils.py:349}}
Jan 22 10:24:44.520091 np0005592324.novalocal sudo[222443]: stack : PWD=/ ; USER=root ; COMMAND=/usr/local/bin/cinder-rootwrap /etc/cinder/rootwrap.conf env LC_ALL=C lvs --noheadings --unit=g -o vg_name,name,size --nosuffix --readonly stack-volumes-lvmdriver-1
Jan 22 10:24:44.887396 np0005592324.novalocal cinder-volume[184862]: DEBUG oslo_concurrency.processutils [None req-48b993f0-cb16-46db-ac24-08aaca83b29c tempest-VolumesSnapshotTestJSON-841832484 None] CMD "sudo cinder-rootwrap /etc/cinder/rootwrap.conf env LC_ALL=C lvs --noheadings --unit=g -o vg_name,name,size --nosuffix --readonly stack-volumes-lvmdriver-1" returned: 0 in 0.400s {{(pid=184862) execute /usr/local/lib/python3.12/site-packages/oslo_concurrency/processutils.py:372}}
Jan 22 10:24:44.888134 np0005592324.novalocal cinder-volume[184862]: DEBUG oslo_concurrency.processutils [None req-48b993f0-cb16-46db-ac24-08aaca83b29c tempest-VolumesSnapshotTestJSON-841832484 None] Running cmd (subprocess): sudo cinder-rootwrap /etc/cinder/rootwrap.conf env LC_ALL=C lvs --noheadings --unit=g -o size,data_percent --separator : --nosuffix /dev/stack-volumes-lvmdriver-1/stack-volumes-lvmdriver-1-pool {{(pid=184862) execute /usr/local/lib/python3.12/site-packages/oslo_concurrency/processutils.py:349}}
Jan 22 10:24:44.910437 np0005592324.novalocal sudo[222451]: stack : PWD=/ ; USER=root ; COMMAND=/usr/local/bin/cinder-rootwrap /etc/cinder/rootwrap.conf env LC_ALL=C lvs --noheadings --unit=g -o size,data_percent --separator : --nosuffix /dev/stack-volumes-lvmdriver-1/stack-volumes-lvmdriver-1-pool
Jan 22 10:24:45.049282 np0005592324.novalocal cinder-volume[184862]: DEBUG cinder.coordination [None req-5549ebca-4d67-4f4c-ae36-39c033ad7e4a tempest-VolumesSnapshotTestJSON-841832484 None] Acquiring lock "cinder-6fd912e5-6577-47e6-920d-6ef14f656794-delete_snapshot" by "delete_snapshot" {{(pid=184862) __acquire /opt/stack/cinder/cinder/coordination.py:143}}
Jan 22 10:24:45.055454 np0005592324.novalocal cinder-volume[184862]: DEBUG cinder.coordination [None req-5549ebca-4d67-4f4c-ae36-39c033ad7e4a tempest-VolumesSnapshotTestJSON-841832484 None] Lock "cinder-6fd912e5-6577-47e6-920d-6ef14f656794-delete_snapshot" acquired by "delete_snapshot" :: waited 0.009s {{(pid=184862) __acquire /opt/stack/cinder/cinder/coordination.py:146}}
Jan 22 10:24:45.057841 np0005592324.novalocal cinder-volume[184862]: DEBUG oslo_concurrency.processutils [None req-5549ebca-4d67-4f4c-ae36-39c033ad7e4a tempest-VolumesSnapshotTestJSON-841832484 None] Running cmd (subprocess): sudo cinder-rootwrap /etc/cinder/rootwrap.conf env LC_ALL=C lvs --noheadings --unit=g -o vg_name,name,size --nosuffix --readonly stack-volumes-lvmdriver-1/_snapshot-6fd912e5-6577-47e6-920d-6ef14f656794 {{(pid=184862) execute /usr/local/lib/python3.12/site-packages/oslo_concurrency/processutils.py:349}}
Jan 22 10:24:45.076819 np0005592324.novalocal sudo[222455]: stack : PWD=/ ; USER=root ; COMMAND=/usr/local/bin/cinder-rootwrap /etc/cinder/rootwrap.conf env LC_ALL=C lvs --noheadings --unit=g -o vg_name,name,size --nosuffix --readonly stack-volumes-lvmdriver-1/_snapshot-6fd912e5-6577-47e6-920d-6ef14f656794
Jan 22 10:24:45.324549 np0005592324.novalocal cinder-volume[184862]: DEBUG oslo_concurrency.processutils [None req-48b993f0-cb16-46db-ac24-08aaca83b29c tempest-VolumesSnapshotTestJSON-841832484 None] CMD "sudo cinder-rootwrap /etc/cinder/rootwrap.conf env LC_ALL=C lvs --noheadings --unit=g -o size,data_percent --separator : --nosuffix /dev/stack-volumes-lvmdriver-1/stack-volumes-lvmdriver-1-pool" returned: 0 in 0.436s {{(pid=184862) execute /usr/local/lib/python3.12/site-packages/oslo_concurrency/processutils.py:372}}
Jan 22 10:24:45.326173 np0005592324.novalocal cinder-volume[184862]: DEBUG oslo_concurrency.processutils [None req-48b993f0-cb16-46db-ac24-08aaca83b29c tempest-VolumesSnapshotTestJSON-841832484 None] Running cmd (subprocess): sudo cinder-rootwrap /etc/cinder/rootwrap.conf env LC_ALL=C lvs --noheadings --unit=g -o vg_name,name,size --nosuffix --readonly stack-volumes-lvmdriver-1 {{(pid=184862) execute /usr/local/lib/python3.12/site-packages/oslo_concurrency/processutils.py:349}}
Jan 22 10:24:45.361191 np0005592324.novalocal sudo[222460]: stack : PWD=/ ; USER=root ; COMMAND=/usr/local/bin/cinder-rootwrap /etc/cinder/rootwrap.conf env LC_ALL=C lvs --noheadings --unit=g -o vg_name,name,size --nosuffix --readonly stack-volumes-lvmdriver-1
Jan 22 10:24:45.449653 np0005592324.novalocal cinder-volume[184862]: DEBUG oslo_concurrency.processutils [None req-5549ebca-4d67-4f4c-ae36-39c033ad7e4a tempest-VolumesSnapshotTestJSON-841832484 None] CMD "sudo cinder-rootwrap /etc/cinder/rootwrap.conf env LC_ALL=C lvs --noheadings --unit=g -o vg_name,name,size --nosuffix --readonly stack-volumes-lvmdriver-1/_snapshot-6fd912e5-6577-47e6-920d-6ef14f656794" returned: 0 in 0.392s {{(pid=184862) execute /usr/local/lib/python3.12/site-packages/oslo_concurrency/processutils.py:372}}
Jan 22 10:24:45.451851 np0005592324.novalocal cinder-volume[184862]: DEBUG oslo_concurrency.processutils [None req-5549ebca-4d67-4f4c-ae36-39c033ad7e4a tempest-VolumesSnapshotTestJSON-841832484 None] Running cmd (subprocess): sudo cinder-rootwrap /etc/cinder/rootwrap.conf lvremove --config activation { retry_deactivation = 1} -f stack-volumes-lvmdriver-1/_snapshot-6fd912e5-6577-47e6-920d-6ef14f656794 {{(pid=184862) execute /usr/local/lib/python3.12/site-packages/oslo_concurrency/processutils.py:349}}
Jan 22 10:24:45.470921 np0005592324.novalocal sudo[222465]: stack : PWD=/ ; USER=root ; COMMAND=/usr/local/bin/cinder-rootwrap /etc/cinder/rootwrap.conf lvremove --config 'activation { retry_deactivation = 1} ' -f stack-volumes-lvmdriver-1/_snapshot-6fd912e5-6577-47e6-920d-6ef14f656794
Jan 22 10:24:45.717345 np0005592324.novalocal cinder-volume[184862]: DEBUG oslo_concurrency.processutils [None req-48b993f0-cb16-46db-ac24-08aaca83b29c tempest-VolumesSnapshotTestJSON-841832484 None] CMD "sudo cinder-rootwrap /etc/cinder/rootwrap.conf env LC_ALL=C lvs --noheadings --unit=g -o vg_name,name,size --nosuffix --readonly stack-volumes-lvmdriver-1" returned: 0 in 0.390s {{(pid=184862) execute /usr/local/lib/python3.12/site-packages/oslo_concurrency/processutils.py:372}}
Jan 22 10:24:45.717926 np0005592324.novalocal cinder-volume[184862]: DEBUG cinder.manager [None req-48b993f0-cb16-46db-ac24-08aaca83b29c tempest-VolumesSnapshotTestJSON-841832484 None] Notifying Schedulers of capabilities ... {{(pid=184862) _publish_service_capabilities /opt/stack/cinder/cinder/manager.py:202}}
Jan 22 10:24:45.728107 np0005592324.novalocal cinder-volume[184862]: INFO cinder.volume.manager [None req-48b993f0-cb16-46db-ac24-08aaca83b29c tempest-VolumesSnapshotTestJSON-841832484 None] Deleted volume successfully.
Jan 22 10:24:45.738758 np0005592324.novalocal cinder-volume[184862]: DEBUG cinder.coordination [None req-48b993f0-cb16-46db-ac24-08aaca83b29c tempest-VolumesSnapshotTestJSON-841832484 None] Lock "cinder-c6976faf-ab93-4809-85bb-5f627107dc81-delete_volume" released by "delete_volume" :: held 2.880s {{(pid=184862) __release /opt/stack/cinder/cinder/coordination.py:157}}
Jan 22 10:24:45.884666 np0005592324.novalocal cinder-volume[184862]: DEBUG oslo_concurrency.processutils [None req-5549ebca-4d67-4f4c-ae36-39c033ad7e4a tempest-VolumesSnapshotTestJSON-841832484 None] CMD "sudo cinder-rootwrap /etc/cinder/rootwrap.conf lvremove --config activation { retry_deactivation = 1} -f stack-volumes-lvmdriver-1/_snapshot-6fd912e5-6577-47e6-920d-6ef14f656794" returned: 0 in 0.434s {{(pid=184862) execute /usr/local/lib/python3.12/site-packages/oslo_concurrency/processutils.py:372}}
Jan 22 10:24:45.902284 np0005592324.novalocal cinder-volume[184862]: DEBUG cinder.quota [None req-5549ebca-4d67-4f4c-ae36-39c033ad7e4a tempest-VolumesSnapshotTestJSON-841832484 None] Created reservations ['49ceabb5-058c-435d-b5e2-cfd2d2e0a651', 'eeb50c3e-11f0-4328-aa35-e54ca80f1da3', '27ed97b9-a439-4b73-ad84-2c4cb3d54fd6', '9ba3e488-d0cf-43f3-8d02-324de01269bd'] {{(pid=184862) reserve /opt/stack/cinder/cinder/quota.py:752}}
Jan 22 10:24:45.920019 np0005592324.novalocal cinder-volume[184862]: INFO cinder.volume.manager [None req-5549ebca-4d67-4f4c-ae36-39c033ad7e4a tempest-VolumesSnapshotTestJSON-841832484 None] Delete snapshot completed successfully.
Jan 22 10:24:45.923263 np0005592324.novalocal cinder-volume[184862]: DEBUG cinder.coordination [None req-5549ebca-4d67-4f4c-ae36-39c033ad7e4a tempest-VolumesSnapshotTestJSON-841832484 None] Lock "cinder-6fd912e5-6577-47e6-920d-6ef14f656794-delete_snapshot" released by "delete_snapshot" :: held 0.868s {{(pid=184862) __release /opt/stack/cinder/cinder/coordination.py:157}}
Jan 22 10:24:46.195503 np0005592324.novalocal cinder-volume[184862]: DEBUG cinder.coordination [None req-b76c681b-a2b1-46d9-b74d-5415f4528286 tempest-VolumesSnapshotTestJSON-841832484 None] Acquiring lock "cinder-a6ba67de-6aac-4619-9c51-2a3dab0375b1-delete_volume" by "delete_volume" {{(pid=184862) __acquire /opt/stack/cinder/cinder/coordination.py:143}}
Jan 22 10:24:46.203068 np0005592324.novalocal cinder-volume[184862]: DEBUG cinder.coordination [None req-b76c681b-a2b1-46d9-b74d-5415f4528286 tempest-VolumesSnapshotTestJSON-841832484 None] Lock "cinder-a6ba67de-6aac-4619-9c51-2a3dab0375b1-delete_volume" acquired by "delete_volume" :: waited 0.008s {{(pid=184862) __acquire /opt/stack/cinder/cinder/coordination.py:146}}
