Jan 22 10:19:13.206427 np0005592324.novalocal sudo[215566]: stack : PWD=/ ; USER=root ; COMMAND=/usr/local/bin/cinder-rootwrap /etc/cinder/rootwrap.conf env LC_ALL=C lvcreate -T -V 1g -n volume-a0d8fcb4-44ab-4b4a-8a3f-758d781f32ef stack-volumes-lvmdriver-1/stack-volumes-lvmdriver-1-pool
Jan 22 10:19:13.650940 np0005592324.novalocal cinder-volume[184862]: DEBUG oslo_concurrency.processutils [None req-dcbe0c11-33c5-4676-92f8-a5472c78caf0 tempest-VolumesDeleteCascade-1240086502 None] CMD "sudo cinder-rootwrap /etc/cinder/rootwrap.conf env LC_ALL=C lvcreate -T -V 1g -n volume-a0d8fcb4-44ab-4b4a-8a3f-758d781f32ef stack-volumes-lvmdriver-1/stack-volumes-lvmdriver-1-pool" returned: 0 in 0.472s {{(pid=184862) execute /usr/local/lib/python3.12/site-packages/oslo_concurrency/processutils.py:372}}
Jan 22 10:19:13.655513 np0005592324.novalocal cinder-volume[184862]: DEBUG cinder.volume.manager [None req-dcbe0c11-33c5-4676-92f8-a5472c78caf0 tempest-VolumesDeleteCascade-1240086502 None] Task 'cinder.volume.flows.manager.create_volume.CreateVolumeFromSpecTask;volume:create' (fd1c27ba-7a64-48cd-94c7-0375f6b3c030) transitioned into state 'SUCCESS' from state 'RUNNING' with result '{'status': 'creating', 'volume_name': 'volume-a0d8fcb4-44ab-4b4a-8a3f-758d781f32ef', 'volume_size': 1}' {{(pid=184862) _task_receiver /usr/local/lib/python3.12/site-packages/taskflow/listeners/logging.py:182}}
Jan 22 10:19:13.658669 np0005592324.novalocal cinder-volume[184862]: DEBUG cinder.volume.manager [None req-dcbe0c11-33c5-4676-92f8-a5472c78caf0 tempest-VolumesDeleteCascade-1240086502 None] Task 'cinder.volume.flows.manager.create_volume.CreateVolumeOnFinishTask;volume:create, create.end' (749f693c-3554-4640-85e9-21475a42ac64) transitioned into state 'RUNNING' from state 'PENDING' {{(pid=184862) _task_receiver /usr/local/lib/python3.12/site-packages/taskflow/listeners/logging.py:194}}
Jan 22 10:19:13.668138 np0005592324.novalocal cinder-volume[184862]: INFO cinder.volume.flows.manager.create_volume [None req-dcbe0c11-33c5-4676-92f8-a5472c78caf0 tempest-VolumesDeleteCascade-1240086502 None] Volume volume-a0d8fcb4-44ab-4b4a-8a3f-758d781f32ef (a0d8fcb4-44ab-4b4a-8a3f-758d781f32ef): created successfully
Jan 22 10:19:13.670537 np0005592324.novalocal cinder-volume[184862]: DEBUG cinder.volume.manager [None req-dcbe0c11-33c5-4676-92f8-a5472c78caf0 tempest-VolumesDeleteCascade-1240086502 None] Task 'cinder.volume.flows.manager.create_volume.CreateVolumeOnFinishTask;volume:create, create.end' (749f693c-3554-4640-85e9-21475a42ac64) transitioned into state 'SUCCESS' from state 'RUNNING' with result 'None' {{(pid=184862) _task_receiver /usr/local/lib/python3.12/site-packages/taskflow/listeners/logging.py:182}}
Jan 22 10:19:13.673869 np0005592324.novalocal cinder-volume[184862]: DEBUG cinder.volume.manager [None req-dcbe0c11-33c5-4676-92f8-a5472c78caf0 tempest-VolumesDeleteCascade-1240086502 None] Flow 'volume_create_manager' (7ec71ba2-54b5-4c28-97d6-961a55bdf239) transitioned into state 'SUCCESS' from state 'RUNNING' {{(pid=184862) _flow_receiver /usr/local/lib/python3.12/site-packages/taskflow/listeners/logging.py:145}}
Jan 22 10:19:13.679598 np0005592324.novalocal cinder-volume[184862]: INFO cinder.volume.manager [None req-dcbe0c11-33c5-4676-92f8-a5472c78caf0 tempest-VolumesDeleteCascade-1240086502 None] Created volume successfully.
Jan 22 10:19:14.371994 np0005592324.novalocal cinder-volume[184862]: DEBUG oslo_concurrency.processutils [None req-94b14092-a07b-457e-9744-5935438162ea tempest-VolumesDeleteCascade-1240086502 None] Running cmd (subprocess): sudo cinder-rootwrap /etc/cinder/rootwrap.conf env LC_ALL=C lvs --noheadings --unit=g -o vg_name,name,size --nosuffix --readonly stack-volumes-lvmdriver-1/volume-a0d8fcb4-44ab-4b4a-8a3f-758d781f32ef {{(pid=184862) execute /usr/local/lib/python3.12/site-packages/oslo_concurrency/processutils.py:349}}
Jan 22 10:19:14.390112 np0005592324.novalocal sudo[215582]: stack : PWD=/ ; USER=root ; COMMAND=/usr/local/bin/cinder-rootwrap /etc/cinder/rootwrap.conf env LC_ALL=C lvs --noheadings --unit=g -o vg_name,name,size --nosuffix --readonly stack-volumes-lvmdriver-1/volume-a0d8fcb4-44ab-4b4a-8a3f-758d781f32ef
Jan 22 10:19:14.814148 np0005592324.novalocal cinder-volume[184862]: DEBUG oslo_concurrency.processutils [None req-94b14092-a07b-457e-9744-5935438162ea tempest-VolumesDeleteCascade-1240086502 None] CMD "sudo cinder-rootwrap /etc/cinder/rootwrap.conf env LC_ALL=C lvs --noheadings --unit=g -o vg_name,name,size --nosuffix --readonly stack-volumes-lvmdriver-1/volume-a0d8fcb4-44ab-4b4a-8a3f-758d781f32ef" returned: 0 in 0.442s {{(pid=184862) execute /usr/local/lib/python3.12/site-packages/oslo_concurrency/processutils.py:372}}
Jan 22 10:19:14.815080 np0005592324.novalocal cinder-volume[184862]: DEBUG oslo_concurrency.processutils [None req-94b14092-a07b-457e-9744-5935438162ea tempest-VolumesDeleteCascade-1240086502 None] Running cmd (subprocess): sudo cinder-rootwrap /etc/cinder/rootwrap.conf env LC_ALL=C lvcreate --name _snapshot-ee504a63-38af-407b-b92d-40c751984528 --snapshot stack-volumes-lvmdriver-1/volume-a0d8fcb4-44ab-4b4a-8a3f-758d781f32ef {{(pid=184862) execute /usr/local/lib/python3.12/site-packages/oslo_concurrency/processutils.py:349}}
Jan 22 10:19:14.835397 np0005592324.novalocal sudo[215593]: stack : PWD=/ ; USER=root ; COMMAND=/usr/local/bin/cinder-rootwrap /etc/cinder/rootwrap.conf env LC_ALL=C lvcreate --name _snapshot-ee504a63-38af-407b-b92d-40c751984528 --snapshot stack-volumes-lvmdriver-1/volume-a0d8fcb4-44ab-4b4a-8a3f-758d781f32ef
Jan 22 10:19:15.330392 np0005592324.novalocal cinder-volume[184862]: DEBUG oslo_concurrency.processutils [None req-94b14092-a07b-457e-9744-5935438162ea tempest-VolumesDeleteCascade-1240086502 None] CMD "sudo cinder-rootwrap /etc/cinder/rootwrap.conf env LC_ALL=C lvcreate --name _snapshot-ee504a63-38af-407b-b92d-40c751984528 --snapshot stack-volumes-lvmdriver-1/volume-a0d8fcb4-44ab-4b4a-8a3f-758d781f32ef" returned: 0 in 0.515s {{(pid=184862) execute /usr/local/lib/python3.12/site-packages/oslo_concurrency/processutils.py:372}}
Jan 22 10:19:15.345273 np0005592324.novalocal cinder-volume[184862]: INFO cinder.volume.manager [None req-94b14092-a07b-457e-9744-5935438162ea tempest-VolumesDeleteCascade-1240086502 None] Create snapshot completed successfully
Jan 22 10:19:15.531264 np0005592324.novalocal cinder-volume[184862]: DEBUG oslo_concurrency.processutils [None req-15f7518e-2c15-40b0-9786-4f8b225dee01 tempest-VolumesDeleteCascade-1240086502 None] Running cmd (subprocess): sudo cinder-rootwrap /etc/cinder/rootwrap.conf env LC_ALL=C lvs --noheadings --unit=g -o vg_name,name,size --nosuffix --readonly stack-volumes-lvmdriver-1/volume-a0d8fcb4-44ab-4b4a-8a3f-758d781f32ef {{(pid=184862) execute /usr/local/lib/python3.12/site-packages/oslo_concurrency/processutils.py:349}}
Jan 22 10:19:15.551071 np0005592324.novalocal sudo[215631]: stack : PWD=/ ; USER=root ; COMMAND=/usr/local/bin/cinder-rootwrap /etc/cinder/rootwrap.conf env LC_ALL=C lvs --noheadings --unit=g -o vg_name,name,size --nosuffix --readonly stack-volumes-lvmdriver-1/volume-a0d8fcb4-44ab-4b4a-8a3f-758d781f32ef
Jan 22 10:19:15.902528 np0005592324.novalocal cinder-volume[184862]: DEBUG oslo_concurrency.processutils [None req-15f7518e-2c15-40b0-9786-4f8b225dee01 tempest-VolumesDeleteCascade-1240086502 None] CMD "sudo cinder-rootwrap /etc/cinder/rootwrap.conf env LC_ALL=C lvs --noheadings --unit=g -o vg_name,name,size --nosuffix --readonly stack-volumes-lvmdriver-1/volume-a0d8fcb4-44ab-4b4a-8a3f-758d781f32ef" returned: 0 in 0.371s {{(pid=184862) execute /usr/local/lib/python3.12/site-packages/oslo_concurrency/processutils.py:372}}
Jan 22 10:19:15.903086 np0005592324.novalocal cinder-volume[184862]: DEBUG oslo_concurrency.processutils [None req-15f7518e-2c15-40b0-9786-4f8b225dee01 tempest-VolumesDeleteCascade-1240086502 None] Running cmd (subprocess): sudo cinder-rootwrap /etc/cinder/rootwrap.conf env LC_ALL=C lvcreate --name _snapshot-9ddf4cac-f30b-4ada-ab10-ae13cd2e5feb --snapshot stack-volumes-lvmdriver-1/volume-a0d8fcb4-44ab-4b4a-8a3f-758d781f32ef {{(pid=184862) execute /usr/local/lib/python3.12/site-packages/oslo_concurrency/processutils.py:349}}
Jan 22 10:19:15.921164 np0005592324.novalocal sudo[215637]: stack : PWD=/ ; USER=root ; COMMAND=/usr/local/bin/cinder-rootwrap /etc/cinder/rootwrap.conf env LC_ALL=C lvcreate --name _snapshot-9ddf4cac-f30b-4ada-ab10-ae13cd2e5feb --snapshot stack-volumes-lvmdriver-1/volume-a0d8fcb4-44ab-4b4a-8a3f-758d781f32ef
Jan 22 10:19:16.367984 np0005592324.novalocal cinder-volume[184862]: DEBUG oslo_concurrency.processutils [None req-15f7518e-2c15-40b0-9786-4f8b225dee01 tempest-VolumesDeleteCascade-1240086502 None] CMD "sudo cinder-rootwrap /etc/cinder/rootwrap.conf env LC_ALL=C lvcreate --name _snapshot-9ddf4cac-f30b-4ada-ab10-ae13cd2e5feb --snapshot stack-volumes-lvmdriver-1/volume-a0d8fcb4-44ab-4b4a-8a3f-758d781f32ef" returned: 0 in 0.464s {{(pid=184862) execute /usr/local/lib/python3.12/site-packages/oslo_concurrency/processutils.py:372}}
Jan 22 10:19:16.382187 np0005592324.novalocal cinder-volume[184862]: INFO cinder.volume.manager [None req-15f7518e-2c15-40b0-9786-4f8b225dee01 tempest-VolumesDeleteCascade-1240086502 None] Create snapshot completed successfully
Jan 22 10:19:16.618945 np0005592324.novalocal cinder-volume[184862]: DEBUG cinder.coordination [None req-e624e441-3b14-433c-9b84-d438f71119ee tempest-VolumesDeleteCascade-1240086502 None] Acquiring lock "cinder-a0d8fcb4-44ab-4b4a-8a3f-758d781f32ef-delete_volume" by "delete_volume" {{(pid=184862) __acquire /opt/stack/cinder/cinder/coordination.py:143}}
Jan 22 10:19:16.629822 np0005592324.novalocal cinder-volume[184862]: DEBUG cinder.coordination [None req-e624e441-3b14-433c-9b84-d438f71119ee tempest-VolumesDeleteCascade-1240086502 None] Lock "cinder-a0d8fcb4-44ab-4b4a-8a3f-758d781f32ef-delete_volume" acquired by "delete_volume" :: waited 0.010s {{(pid=184862) __acquire /opt/stack/cinder/cinder/coordination.py:146}}
Jan 22 10:19:16.650839 np0005592324.novalocal cinder-volume[184862]: INFO cinder.volume.targets.iscsi [None req-e624e441-3b14-433c-9b84-d438f71119ee tempest-VolumesDeleteCascade-1240086502 None] Skipping remove_export. No iscsi_target is presently exported for volume: a0d8fcb4-44ab-4b4a-8a3f-758d781f32ef
Jan 22 10:19:16.650839 np0005592324.novalocal cinder-volume[184862]: DEBUG cinder.volume.manager [None req-e624e441-3b14-433c-9b84-d438f71119ee tempest-VolumesDeleteCascade-1240086502 None] Performing cascade delete. {{(pid=184862) delete_volume /opt/stack/cinder/cinder/volume/manager.py:995}}
Jan 22 10:19:16.660306 np0005592324.novalocal cinder-volume[184862]: DEBUG cinder.coordination [None req-e624e441-3b14-433c-9b84-d438f71119ee tempest-VolumesDeleteCascade-1240086502 None] Acquiring lock "cinder-9ddf4cac-f30b-4ada-ab10-ae13cd2e5feb-delete_snapshot" by "delete_snapshot" {{(pid=184862) __acquire /opt/stack/cinder/cinder/coordination.py:143}}
Jan 22 10:19:16.665653 np0005592324.novalocal cinder-volume[184862]: DEBUG cinder.coordination [None req-e624e441-3b14-433c-9b84-d438f71119ee tempest-VolumesDeleteCascade-1240086502 None] Lock "cinder-9ddf4cac-f30b-4ada-ab10-ae13cd2e5feb-delete_snapshot" acquired by "delete_snapshot" :: waited 0.005s {{(pid=184862) __acquire /opt/stack/cinder/cinder/coordination.py:146}}
Jan 22 10:19:16.666432 np0005592324.novalocal cinder-volume[184862]: DEBUG oslo_concurrency.processutils [None req-e624e441-3b14-433c-9b84-d438f71119ee tempest-VolumesDeleteCascade-1240086502 None] Running cmd (subprocess): sudo cinder-rootwrap /etc/cinder/rootwrap.conf env LC_ALL=C lvs --noheadings --unit=g -o vg_name,name,size --nosuffix --readonly stack-volumes-lvmdriver-1/_snapshot-9ddf4cac-f30b-4ada-ab10-ae13cd2e5feb {{(pid=184862) execute /usr/local/lib/python3.12/site-packages/oslo_concurrency/processutils.py:349}}
Jan 22 10:19:16.699666 np0005592324.novalocal sudo[215648]: stack : PWD=/ ; USER=root ; COMMAND=/usr/local/bin/cinder-rootwrap /etc/cinder/rootwrap.conf env LC_ALL=C lvs --noheadings --unit=g -o vg_name,name,size --nosuffix --readonly stack-volumes-lvmdriver-1/_snapshot-9ddf4cac-f30b-4ada-ab10-ae13cd2e5feb
Jan 22 10:19:17.050236 np0005592324.novalocal cinder-volume[184862]: DEBUG oslo_concurrency.processutils [None req-e624e441-3b14-433c-9b84-d438f71119ee tempest-VolumesDeleteCascade-1240086502 None] CMD "sudo cinder-rootwrap /etc/cinder/rootwrap.conf env LC_ALL=C lvs --noheadings --unit=g -o vg_name,name,size --nosuffix --readonly stack-volumes-lvmdriver-1/_snapshot-9ddf4cac-f30b-4ada-ab10-ae13cd2e5feb" returned: 0 in 0.380s {{(pid=184862) execute /usr/local/lib/python3.12/site-packages/oslo_concurrency/processutils.py:372}}
Jan 22 10:19:17.050236 np0005592324.novalocal cinder-volume[184862]: DEBUG oslo_concurrency.processutils [None req-e624e441-3b14-433c-9b84-d438f71119ee tempest-VolumesDeleteCascade-1240086502 None] Running cmd (subprocess): sudo cinder-rootwrap /etc/cinder/rootwrap.conf lvremove --config activation { retry_deactivation = 1} -f stack-volumes-lvmdriver-1/_snapshot-9ddf4cac-f30b-4ada-ab10-ae13cd2e5feb {{(pid=184862) execute /usr/local/lib/python3.12/site-packages/oslo_concurrency/processutils.py:349}}
Jan 22 10:19:17.072101 np0005592324.novalocal sudo[215662]: stack : PWD=/ ; USER=root ; COMMAND=/usr/local/bin/cinder-rootwrap /etc/cinder/rootwrap.conf lvremove --config 'activation { retry_deactivation = 1} ' -f stack-volumes-lvmdriver-1/_snapshot-9ddf4cac-f30b-4ada-ab10-ae13cd2e5feb
Jan 22 10:19:17.487451 np0005592324.novalocal cinder-volume[184862]: DEBUG oslo_concurrency.processutils [None req-e624e441-3b14-433c-9b84-d438f71119ee tempest-VolumesDeleteCascade-1240086502 None] CMD "sudo cinder-rootwrap /etc/cinder/rootwrap.conf lvremove --config activation { retry_deactivation = 1} -f stack-volumes-lvmdriver-1/_snapshot-9ddf4cac-f30b-4ada-ab10-ae13cd2e5feb" returned: 0 in 0.438s {{(pid=184862) execute /usr/local/lib/python3.12/site-packages/oslo_concurrency/processutils.py:372}}
Jan 22 10:19:17.515976 np0005592324.novalocal cinder-volume[184862]: DEBUG cinder.quota [None req-e624e441-3b14-433c-9b84-d438f71119ee tempest-VolumesDeleteCascade-1240086502 None] Created reservations ['726a8a0a-ef3b-4886-ad78-7007138371ce', '212a56f5-316f-48ad-ae4c-4bf4df582512', 'ff77b722-8d4d-400b-ab1e-ccb80697f9fc', '0740881e-6607-4f5c-9017-13cfc695ab36'] {{(pid=184862) reserve /opt/stack/cinder/cinder/quota.py:752}}
Jan 22 10:19:17.532947 np0005592324.novalocal cinder-volume[184862]: INFO cinder.volume.manager [None req-e624e441-3b14-433c-9b84-d438f71119ee tempest-VolumesDeleteCascade-1240086502 None] Delete snapshot completed successfully.
Jan 22 10:19:17.538245 np0005592324.novalocal cinder-volume[184862]: DEBUG cinder.coordination [None req-e624e441-3b14-433c-9b84-d438f71119ee tempest-VolumesDeleteCascade-1240086502 None] Lock "cinder-9ddf4cac-f30b-4ada-ab10-ae13cd2e5feb-delete_snapshot" released by "delete_snapshot" :: held 0.870s {{(pid=184862) __release /opt/stack/cinder/cinder/coordination.py:157}}
Jan 22 10:19:17.538245 np0005592324.novalocal cinder-volume[184862]: DEBUG cinder.coordination [None req-e624e441-3b14-433c-9b84-d438f71119ee tempest-VolumesDeleteCascade-1240086502 None] Acquiring lock "cinder-ee504a63-38af-407b-b92d-40c751984528-delete_snapshot" by "delete_snapshot" {{(pid=184862) __acquire /opt/stack/cinder/cinder/coordination.py:143}}
Jan 22 10:19:17.539933 np0005592324.novalocal cinder-volume[184862]: DEBUG cinder.coordination [None req-e624e441-3b14-433c-9b84-d438f71119ee tempest-VolumesDeleteCascade-1240086502 None] Lock "cinder-ee504a63-38af-407b-b92d-40c751984528-delete_snapshot" acquired by "delete_snapshot" :: waited 0.004s {{(pid=184862) __acquire /opt/stack/cinder/cinder/coordination.py:146}}
Jan 22 10:19:17.540098 np0005592324.novalocal cinder-volume[184862]: DEBUG oslo_concurrency.processutils [None req-e624e441-3b14-433c-9b84-d438f71119ee tempest-VolumesDeleteCascade-1240086502 None] Running cmd (subprocess): sudo cinder-rootwrap /etc/cinder/rootwrap.conf env LC_ALL=C lvs --noheadings --unit=g -o vg_name,name,size --nosuffix --readonly stack-volumes-lvmdriver-1/_snapshot-ee504a63-38af-407b-b92d-40c751984528 {{(pid=184862) execute /usr/local/lib/python3.12/site-packages/oslo_concurrency/processutils.py:349}}
Jan 22 10:19:17.567008 np0005592324.novalocal sudo[215710]: stack : PWD=/ ; USER=root ; COMMAND=/usr/local/bin/cinder-rootwrap /etc/cinder/rootwrap.conf env LC_ALL=C lvs --noheadings --unit=g -o vg_name,name,size --nosuffix --readonly stack-volumes-lvmdriver-1/_snapshot-ee504a63-38af-407b-b92d-40c751984528
Jan 22 10:19:17.977239 np0005592324.novalocal cinder-volume[184862]: DEBUG oslo_concurrency.processutils [None req-e624e441-3b14-433c-9b84-d438f71119ee tempest-VolumesDeleteCascade-1240086502 None] CMD "sudo cinder-rootwrap /etc/cinder/rootwrap.conf env LC_ALL=C lvs --noheadings --unit=g -o vg_name,name,size --nosuffix --readonly stack-volumes-lvmdriver-1/_snapshot-ee504a63-38af-407b-b92d-40c751984528" returned: 0 in 0.434s {{(pid=184862) execute /usr/local/lib/python3.12/site-packages/oslo_concurrency/processutils.py:372}}
Jan 22 10:19:17.977239 np0005592324.novalocal cinder-volume[184862]: DEBUG oslo_concurrency.processutils [None req-e624e441-3b14-433c-9b84-d438f71119ee tempest-VolumesDeleteCascade-1240086502 None] Running cmd (subprocess): sudo cinder-rootwrap /etc/cinder/rootwrap.conf lvremove --config activation { retry_deactivation = 1} -f stack-volumes-lvmdriver-1/_snapshot-ee504a63-38af-407b-b92d-40c751984528 {{(pid=184862) execute /usr/local/lib/python3.12/site-packages/oslo_concurrency/processutils.py:349}}
Jan 22 10:19:18.009692 np0005592324.novalocal sudo[215721]: stack : PWD=/ ; USER=root ; COMMAND=/usr/local/bin/cinder-rootwrap /etc/cinder/rootwrap.conf lvremove --config 'activation { retry_deactivation = 1} ' -f stack-volumes-lvmdriver-1/_snapshot-ee504a63-38af-407b-b92d-40c751984528
Jan 22 10:19:18.396778 np0005592324.novalocal cinder-volume[184862]: DEBUG oslo_concurrency.processutils [None req-e624e441-3b14-433c-9b84-d438f71119ee tempest-VolumesDeleteCascade-1240086502 None] CMD "sudo cinder-rootwrap /etc/cinder/rootwrap.conf lvremove --config activation { retry_deactivation = 1} -f stack-volumes-lvmdriver-1/_snapshot-ee504a63-38af-407b-b92d-40c751984528" returned: 0 in 0.420s {{(pid=184862) execute /usr/local/lib/python3.12/site-packages/oslo_concurrency/processutils.py:372}}
Jan 22 10:19:18.440872 np0005592324.novalocal cinder-volume[184862]: DEBUG cinder.quota [None req-e624e441-3b14-433c-9b84-d438f71119ee tempest-VolumesDeleteCascade-1240086502 None] Created reservations ['7557b820-5d9b-4834-b421-f558e179321e', '9fcc75af-1fad-4ff9-9074-bb73d8d1374d', 'b511097b-b981-420d-91a5-0c491d25a27a', '5a7d4366-4bbb-49bc-8d50-ec4133d5ef34'] {{(pid=184862) reserve /opt/stack/cinder/cinder/quota.py:752}}
Jan 22 10:19:18.469739 np0005592324.novalocal cinder-volume[184862]: INFO cinder.volume.manager [None req-e624e441-3b14-433c-9b84-d438f71119ee tempest-VolumesDeleteCascade-1240086502 None] Delete snapshot completed successfully.
Jan 22 10:19:18.475375 np0005592324.novalocal cinder-volume[184862]: DEBUG cinder.coordination [None req-e624e441-3b14-433c-9b84-d438f71119ee tempest-VolumesDeleteCascade-1240086502 None] Lock "cinder-ee504a63-38af-407b-b92d-40c751984528-delete_snapshot" released by "delete_snapshot" :: held 0.935s {{(pid=184862) __release /opt/stack/cinder/cinder/coordination.py:157}}
Jan 22 10:19:18.476288 np0005592324.novalocal cinder-volume[184862]: DEBUG cinder.volume.manager [None req-e624e441-3b14-433c-9b84-d438f71119ee tempest-VolumesDeleteCascade-1240086502 None] Snapshots deleted, issuing volume delete {{(pid=184862) delete_volume /opt/stack/cinder/cinder/volume/manager.py:1010}}
Jan 22 10:19:18.477597 np0005592324.novalocal cinder-volume[184862]: DEBUG oslo_concurrency.processutils [None req-e624e441-3b14-433c-9b84-d438f71119ee tempest-VolumesDeleteCascade-1240086502 None] Running cmd (subprocess): sudo cinder-rootwrap /etc/cinder/rootwrap.conf env LC_ALL=C lvs --noheadings --unit=g -o vg_name,name,size --nosuffix --readonly stack-volumes-lvmdriver-1/volume-a0d8fcb4-44ab-4b4a-8a3f-758d781f32ef {{(pid=184862) execute /usr/local/lib/python3.12/site-packages/oslo_concurrency/processutils.py:349}}
Jan 22 10:19:18.504660 np0005592324.novalocal sudo[215727]: stack : PWD=/ ; USER=root ; COMMAND=/usr/local/bin/cinder-rootwrap /etc/cinder/rootwrap.conf env LC_ALL=C lvs --noheadings --unit=g -o vg_name,name,size --nosuffix --readonly stack-volumes-lvmdriver-1/volume-a0d8fcb4-44ab-4b4a-8a3f-758d781f32ef
Jan 22 10:19:18.876386 np0005592324.novalocal cinder-volume[184862]: DEBUG oslo_concurrency.processutils [None req-e624e441-3b14-433c-9b84-d438f71119ee tempest-VolumesDeleteCascade-1240086502 None] CMD "sudo cinder-rootwrap /etc/cinder/rootwrap.conf env LC_ALL=C lvs --noheadings --unit=g -o vg_name,name,size --nosuffix --readonly stack-volumes-lvmdriver-1/volume-a0d8fcb4-44ab-4b4a-8a3f-758d781f32ef" returned: 0 in 0.398s {{(pid=184862) execute /usr/local/lib/python3.12/site-packages/oslo_concurrency/processutils.py:372}}
Jan 22 10:19:18.877597 np0005592324.novalocal cinder-volume[184862]: DEBUG oslo_concurrency.processutils [None req-e624e441-3b14-433c-9b84-d438f71119ee tempest-VolumesDeleteCascade-1240086502 None] Running cmd (subprocess): sudo cinder-rootwrap /etc/cinder/rootwrap.conf env LC_ALL=C lvdisplay --noheading -C -o Attr --readonly stack-volumes-lvmdriver-1/volume-a0d8fcb4-44ab-4b4a-8a3f-758d781f32ef {{(pid=184862) execute /usr/local/lib/python3.12/site-packages/oslo_concurrency/processutils.py:349}}
Jan 22 10:19:18.905553 np0005592324.novalocal sudo[215732]: stack : PWD=/ ; USER=root ; COMMAND=/usr/local/bin/cinder-rootwrap /etc/cinder/rootwrap.conf env LC_ALL=C lvdisplay --noheading -C -o Attr --readonly stack-volumes-lvmdriver-1/volume-a0d8fcb4-44ab-4b4a-8a3f-758d781f32ef
Jan 22 10:19:19.327326 np0005592324.novalocal cinder-volume[184862]: DEBUG oslo_concurrency.processutils [None req-e624e441-3b14-433c-9b84-d438f71119ee tempest-VolumesDeleteCascade-1240086502 None] CMD "sudo cinder-rootwrap /etc/cinder/rootwrap.conf env LC_ALL=C lvdisplay --noheading -C -o Attr --readonly stack-volumes-lvmdriver-1/volume-a0d8fcb4-44ab-4b4a-8a3f-758d781f32ef" returned: 0 in 0.449s {{(pid=184862) execute /usr/local/lib/python3.12/site-packages/oslo_concurrency/processutils.py:372}}
Jan 22 10:19:19.328880 np0005592324.novalocal cinder-volume[184862]: DEBUG oslo_concurrency.processutils [None req-e624e441-3b14-433c-9b84-d438f71119ee tempest-VolumesDeleteCascade-1240086502 None] Running cmd (subprocess): sudo cinder-rootwrap /etc/cinder/rootwrap.conf lvremove --config activation { retry_deactivation = 1} -f stack-volumes-lvmdriver-1/volume-a0d8fcb4-44ab-4b4a-8a3f-758d781f32ef {{(pid=184862) execute /usr/local/lib/python3.12/site-packages/oslo_concurrency/processutils.py:349}}
Jan 22 10:19:19.348262 np0005592324.novalocal sudo[215739]: stack : PWD=/ ; USER=root ; COMMAND=/usr/local/bin/cinder-rootwrap /etc/cinder/rootwrap.conf lvremove --config 'activation { retry_deactivation = 1} ' -f stack-volumes-lvmdriver-1/volume-a0d8fcb4-44ab-4b4a-8a3f-758d781f32ef
Jan 22 10:19:19.781546 np0005592324.novalocal cinder-volume[184862]: DEBUG oslo_concurrency.processutils [None req-e624e441-3b14-433c-9b84-d438f71119ee tempest-VolumesDeleteCascade-1240086502 None] CMD "sudo cinder-rootwrap /etc/cinder/rootwrap.conf lvremove --config activation { retry_deactivation = 1} -f stack-volumes-lvmdriver-1/volume-a0d8fcb4-44ab-4b4a-8a3f-758d781f32ef" returned: 0 in 0.452s {{(pid=184862) execute /usr/local/lib/python3.12/site-packages/oslo_concurrency/processutils.py:372}}
Jan 22 10:19:19.782242 np0005592324.novalocal cinder-volume[184862]: INFO cinder.volume.drivers.lvm [None req-e624e441-3b14-433c-9b84-d438f71119ee tempest-VolumesDeleteCascade-1240086502 None] Successfully deleted volume: a0d8fcb4-44ab-4b4a-8a3f-758d781f32ef
Jan 22 10:19:19.821279 np0005592324.novalocal cinder-volume[184862]: DEBUG cinder.quota [None req-e624e441-3b14-433c-9b84-d438f71119ee tempest-VolumesDeleteCascade-1240086502 None] Created reservations ['0e4609bb-96c0-4d86-8b35-96d2d08019e4', 'de971004-2d43-4272-97d1-b76ae2ce40a1', 'd5f2430d-1fcf-4604-9ac1-8fef4e79e855', '74441d9c-4c87-48c1-a47e-4b5ecf97e2c3'] {{(pid=184862) reserve /opt/stack/cinder/cinder/quota.py:752}}
Jan 22 10:19:19.857224 np0005592324.novalocal cinder-volume[184862]: DEBUG cinder.volume.drivers.lvm [None req-e624e441-3b14-433c-9b84-d438f71119ee tempest-VolumesDeleteCascade-1240086502 None] Updating volume stats {{(pid=184862) _update_volume_stats /opt/stack/cinder/cinder/volume/drivers/lvm.py:228}}
Jan 22 10:19:19.857224 np0005592324.novalocal cinder-volume[184862]: DEBUG oslo_concurrency.processutils [None req-e624e441-3b14-433c-9b84-d438f71119ee tempest-VolumesDeleteCascade-1240086502 None] Running cmd (subprocess): sudo cinder-rootwrap /etc/cinder/rootwrap.conf env LC_ALL=C vgs --noheadings --unit=g -o name,size,free,lv_count,uuid --separator : --nosuffix stack-volumes-lvmdriver-1 {{(pid=184862) execute /usr/local/lib/python3.12/site-packages/oslo_concurrency/processutils.py:349}}
Jan 22 10:19:19.886500 np0005592324.novalocal sudo[215746]: stack : PWD=/ ; USER=root ; COMMAND=/usr/local/bin/cinder-rootwrap /etc/cinder/rootwrap.conf env LC_ALL=C vgs --noheadings --unit=g -o name,size,free,lv_count,uuid --separator : --nosuffix stack-volumes-lvmdriver-1
Jan 22 10:19:20.281046 np0005592324.novalocal cinder-volume[184862]: DEBUG oslo_concurrency.processutils [None req-e624e441-3b14-433c-9b84-d438f71119ee tempest-VolumesDeleteCascade-1240086502 None] CMD "sudo cinder-rootwrap /etc/cinder/rootwrap.conf env LC_ALL=C vgs --noheadings --unit=g -o name,size,free,lv_count,uuid --separator : --nosuffix stack-volumes-lvmdriver-1" returned: 0 in 0.425s {{(pid=184862) execute /usr/local/lib/python3.12/site-packages/oslo_concurrency/processutils.py:372}}
Jan 22 10:19:20.282073 np0005592324.novalocal cinder-volume[184862]: DEBUG oslo_concurrency.processutils [None req-e624e441-3b14-433c-9b84-d438f71119ee tempest-VolumesDeleteCascade-1240086502 None] Running cmd (subprocess): sudo cinder-rootwrap /etc/cinder/rootwrap.conf env LC_ALL=C lvs --noheadings --unit=g -o vg_name,name,size --nosuffix --readonly stack-volumes-lvmdriver-1 {{(pid=184862) execute /usr/local/lib/python3.12/site-packages/oslo_concurrency/processutils.py:349}}
Jan 22 10:19:20.314096 np0005592324.novalocal sudo[215751]: stack : PWD=/ ; USER=root ; COMMAND=/usr/local/bin/cinder-rootwrap /etc/cinder/rootwrap.conf env LC_ALL=C lvs --noheadings --unit=g -o vg_name,name,size --nosuffix --readonly stack-volumes-lvmdriver-1
Jan 22 10:19:20.687110 np0005592324.novalocal cinder-volume[184862]: DEBUG oslo_concurrency.processutils [None req-e624e441-3b14-433c-9b84-d438f71119ee tempest-VolumesDeleteCascade-1240086502 None] CMD "sudo cinder-rootwrap /etc/cinder/rootwrap.conf env LC_ALL=C lvs --noheadings --unit=g -o vg_name,name,size --nosuffix --readonly stack-volumes-lvmdriver-1" returned: 0 in 0.404s {{(pid=184862) execute /usr/local/lib/python3.12/site-packages/oslo_concurrency/processutils.py:372}}
Jan 22 10:19:20.687899 np0005592324.novalocal cinder-volume[184862]: DEBUG oslo_concurrency.processutils [None req-e624e441-3b14-433c-9b84-d438f71119ee tempest-VolumesDeleteCascade-1240086502 None] Running cmd (subprocess): sudo cinder-rootwrap /etc/cinder/rootwrap.conf env LC_ALL=C lvs --noheadings --unit=g -o size,data_percent --separator : --nosuffix /dev/stack-volumes-lvmdriver-1/stack-volumes-lvmdriver-1-pool {{(pid=184862) execute /usr/local/lib/python3.12/site-packages/oslo_concurrency/processutils.py:349}}
Jan 22 10:19:20.708771 np0005592324.novalocal sudo[215757]: stack : PWD=/ ; USER=root ; COMMAND=/usr/local/bin/cinder-rootwrap /etc/cinder/rootwrap.conf env LC_ALL=C lvs --noheadings --unit=g -o size,data_percent --separator : --nosuffix /dev/stack-volumes-lvmdriver-1/stack-volumes-lvmdriver-1-pool
Jan 22 10:19:21.081386 np0005592324.novalocal cinder-volume[184862]: DEBUG oslo_concurrency.processutils [None req-e624e441-3b14-433c-9b84-d438f71119ee tempest-VolumesDeleteCascade-1240086502 None] CMD "sudo cinder-rootwrap /etc/cinder/rootwrap.conf env LC_ALL=C lvs --noheadings --unit=g -o size,data_percent --separator : --nosuffix /dev/stack-volumes-lvmdriver-1/stack-volumes-lvmdriver-1-pool" returned: 0 in 0.393s {{(pid=184862) execute /usr/local/lib/python3.12/site-packages/oslo_concurrency/processutils.py:372}}
Jan 22 10:19:21.083344 np0005592324.novalocal cinder-volume[184862]: DEBUG oslo_concurrency.processutils [None req-e624e441-3b14-433c-9b84-d438f71119ee tempest-VolumesDeleteCascade-1240086502 None] Running cmd (subprocess): sudo cinder-rootwrap /etc/cinder/rootwrap.conf env LC_ALL=C lvs --noheadings --unit=g -o vg_name,name,size --nosuffix --readonly stack-volumes-lvmdriver-1 {{(pid=184862) execute /usr/local/lib/python3.12/site-packages/oslo_concurrency/processutils.py:349}}
Jan 22 10:19:21.112538 np0005592324.novalocal sudo[215762]: stack : PWD=/ ; USER=root ; COMMAND=/usr/local/bin/cinder-rootwrap /etc/cinder/rootwrap.conf env LC_ALL=C lvs --noheadings --unit=g -o vg_name,name,size --nosuffix --readonly stack-volumes-lvmdriver-1
Jan 22 10:19:21.213770 np0005592324.novalocal cinder-volume[184862]: DEBUG cinder.volume.flows.manager.create_volume [None req-5ba6f676-74a2-492a-85b6-8837e230a418 tempest-VolumesDeleteCascade-1240086502 None] Volume reschedule parameters: True retry: {'num_attempts': 1, 'backends': ['np0005592324.novalocal@lvmdriver-1#lvmdriver-1'], 'hosts': ['np0005592324.novalocal@lvmdriver-1#lvmdriver-1']} {{(pid=184862) get_flow /opt/stack/cinder/cinder/volume/flows/manager/create_volume.py:1388}}
Jan 22 10:19:21.226978 np0005592324.novalocal cinder-volume[184862]: DEBUG cinder.volume.manager [None req-5ba6f676-74a2-492a-85b6-8837e230a418 tempest-VolumesDeleteCascade-1240086502 None] Flow 'volume_create_manager' (b7a1f0aa-ee1d-4efc-8c59-2fb059c8d86f) transitioned into state 'RUNNING' from state 'PENDING' {{(pid=184862) _flow_receiver /usr/local/lib/python3.12/site-packages/taskflow/listeners/logging.py:145}}
Jan 22 10:19:21.230653 np0005592324.novalocal cinder-volume[184862]: DEBUG cinder.volume.manager [None req-5ba6f676-74a2-492a-85b6-8837e230a418 tempest-VolumesDeleteCascade-1240086502 None] Task 'cinder.volume.flows.manager.create_volume.ExtractVolumeRefTask;volume:create' (eaa5870c-2a19-4b0d-b28e-2ed252454104) transitioned into state 'RUNNING' from state 'PENDING' {{(pid=184862) _task_receiver /usr/local/lib/python3.12/site-packages/taskflow/listeners/logging.py:194}}
Jan 22 10:19:21.238868 np0005592324.novalocal cinder-volume[184862]: DEBUG cinder.volume.manager [None req-5ba6f676-74a2-492a-85b6-8837e230a418 tempest-VolumesDeleteCascade-1240086502 None] Task 'cinder.volume.flows.manager.create_volume.ExtractVolumeRefTask;volume:create' (eaa5870c-2a19-4b0d-b28e-2ed252454104) transitioned into state 'SUCCESS' from state 'RUNNING' with result 'Volume(_name_id=None,admin_metadata=,attach_status='detached',availability_zone='nova',bootable=False,cluster=,cluster_name=None,consistencygroup=,consistencygroup_id=None,created_at=2026-01-22T15:19:21Z,deleted=False,deleted_at=None,display_description=None,display_name='tempest-VolumesDeleteCascade-Volume-1651697804',ec2_id=None,encryption_key_id=None,glance_metadata=,group=,group_id=None,host='np0005592324.novalocal@lvmdriver-1#lvmdriver-1',id=b1f27f60-6d4b-4759-be61-e54c30878b97,launched_at=None,metadata={},migration_status=None,multiattach=False,previous_status=None,project_id='f04cd1f4d6a84f329c37738a3fd75e28',provider_auth=None,provider_geometry=None,provider_id=None,provider_location=None,replication_driver_data=None,replication_extended_status=None,replication_status=None,scheduled_at=2026-01-22T15:19:21Z,service_uuid=None,shared_targets=True,size=1,snapshot_id=None,snapshots=,source_volid=None,status='creating',terminated_at=None,updated_at=2026-01-22T15:19:21Z,use_quota=True,user_id='9e31697a2fb9489eae165efe427694ea',volume_attachment=VolumeAttachmentList,volume_type=VolumeType(d32eda9a-7ff9-443b-adbb-d3691c157d72),volume_type_id=d32eda9a-7ff9-443b-adbb-d3691c157d72)' {{(pid=184862) _task_receiver /usr/local/lib/python3.12/site-packages/taskflow/listeners/logging.py:182}}
Jan 22 10:19:21.241022 np0005592324.novalocal cinder-volume[184862]: DEBUG cinder.volume.manager [None req-5ba6f676-74a2-492a-85b6-8837e230a418 tempest-VolumesDeleteCascade-1240086502 None] Task 'cinder.volume.flows.manager.create_volume.OnFailureRescheduleTask;volume:create' (d2124b0e-00dd-4cdb-95bf-3ea9f731f505) transitioned into state 'RUNNING' from state 'PENDING' {{(pid=184862) _task_receiver /usr/local/lib/python3.12/site-packages/taskflow/listeners/logging.py:194}}
Jan 22 10:19:21.242948 np0005592324.novalocal cinder-volume[184862]: DEBUG cinder.volume.manager [None req-5ba6f676-74a2-492a-85b6-8837e230a418 tempest-VolumesDeleteCascade-1240086502 None] Task 'cinder.volume.flows.manager.create_volume.OnFailureRescheduleTask;volume:create' (d2124b0e-00dd-4cdb-95bf-3ea9f731f505) transitioned into state 'SUCCESS' from state 'RUNNING' with result 'None' {{(pid=184862) _task_receiver /usr/local/lib/python3.12/site-packages/taskflow/listeners/logging.py:182}}
Jan 22 10:19:21.244991 np0005592324.novalocal cinder-volume[184862]: DEBUG cinder.volume.manager [None req-5ba6f676-74a2-492a-85b6-8837e230a418 tempest-VolumesDeleteCascade-1240086502 None] Task 'cinder.volume.flows.manager.create_volume.ExtractVolumeSpecTask;volume:create' (ebf78990-f13c-4641-be74-af661fda5b94) transitioned into state 'RUNNING' from state 'PENDING' {{(pid=184862) _task_receiver /usr/local/lib/python3.12/site-packages/taskflow/listeners/logging.py:194}}
Jan 22 10:19:21.246767 np0005592324.novalocal cinder-volume[184862]: DEBUG cinder.volume.manager [None req-5ba6f676-74a2-492a-85b6-8837e230a418 tempest-VolumesDeleteCascade-1240086502 None] Task 'cinder.volume.flows.manager.create_volume.ExtractVolumeSpecTask;volume:create' (ebf78990-f13c-4641-be74-af661fda5b94) transitioned into state 'SUCCESS' from state 'RUNNING' with result '{'status': 'creating', 'type': 'raw', 'volume_id': 'b1f27f60-6d4b-4759-be61-e54c30878b97', 'volume_name': 'volume-b1f27f60-6d4b-4759-be61-e54c30878b97', 'volume_size': 1}' {{(pid=184862) _task_receiver /usr/local/lib/python3.12/site-packages/taskflow/listeners/logging.py:182}}
Jan 22 10:19:21.248651 np0005592324.novalocal cinder-volume[184862]: DEBUG cinder.volume.manager [None req-5ba6f676-74a2-492a-85b6-8837e230a418 tempest-VolumesDeleteCascade-1240086502 None] Task 'cinder.volume.flows.manager.create_volume.NotifyVolumeActionTask;volume:create, create.start' (6f813558-7550-40b5-a0da-54df97b2bd3a) transitioned into state 'RUNNING' from state 'PENDING' {{(pid=184862) _task_receiver /usr/local/lib/python3.12/site-packages/taskflow/listeners/logging.py:194}}
Jan 22 10:19:21.250283 np0005592324.novalocal cinder-volume[184862]: DEBUG cinder.volume.manager [None req-5ba6f676-74a2-492a-85b6-8837e230a418 tempest-VolumesDeleteCascade-1240086502 None] Task 'cinder.volume.flows.manager.create_volume.NotifyVolumeActionTask;volume:create, create.start' (6f813558-7550-40b5-a0da-54df97b2bd3a) transitioned into state 'SUCCESS' from state 'RUNNING' with result 'None' {{(pid=184862) _task_receiver /usr/local/lib/python3.12/site-packages/taskflow/listeners/logging.py:182}}
Jan 22 10:19:21.252066 np0005592324.novalocal cinder-volume[184862]: DEBUG cinder.volume.manager [None req-5ba6f676-74a2-492a-85b6-8837e230a418 tempest-VolumesDeleteCascade-1240086502 None] Task 'cinder.volume.flows.manager.create_volume.CreateVolumeFromSpecTask;volume:create' (a5d74d4a-d0f1-436a-a0d1-d25417d940ad) transitioned into state 'RUNNING' from state 'PENDING' {{(pid=184862) _task_receiver /usr/local/lib/python3.12/site-packages/taskflow/listeners/logging.py:194}}
Jan 22 10:19:21.252594 np0005592324.novalocal cinder-volume[184862]: INFO cinder.volume.flows.manager.create_volume [None req-5ba6f676-74a2-492a-85b6-8837e230a418 tempest-VolumesDeleteCascade-1240086502 None] Volume b1f27f60-6d4b-4759-be61-e54c30878b97: being created as raw with specification: {'status': 'creating', 'volume_name': 'volume-b1f27f60-6d4b-4759-be61-e54c30878b97', 'volume_size': 1}
Jan 22 10:19:21.253107 np0005592324.novalocal cinder-volume[184862]: DEBUG oslo_concurrency.processutils [None req-5ba6f676-74a2-492a-85b6-8837e230a418 tempest-VolumesDeleteCascade-1240086502 None] Running cmd (subprocess): sudo cinder-rootwrap /etc/cinder/rootwrap.conf env LC_ALL=C lvcreate -T -V 1g -n volume-b1f27f60-6d4b-4759-be61-e54c30878b97 stack-volumes-lvmdriver-1/stack-volumes-lvmdriver-1-pool {{(pid=184862) execute /usr/local/lib/python3.12/site-packages/oslo_concurrency/processutils.py:349}}
Jan 22 10:19:21.278371 np0005592324.novalocal sudo[215765]: stack : PWD=/ ; USER=root ; COMMAND=/usr/local/bin/cinder-rootwrap /etc/cinder/rootwrap.conf env LC_ALL=C lvcreate -T -V 1g -n volume-b1f27f60-6d4b-4759-be61-e54c30878b97 stack-volumes-lvmdriver-1/stack-volumes-lvmdriver-1-pool
Jan 22 10:19:21.479122 np0005592324.novalocal cinder-volume[184862]: DEBUG oslo_concurrency.processutils [None req-e624e441-3b14-433c-9b84-d438f71119ee tempest-VolumesDeleteCascade-1240086502 None] CMD "sudo cinder-rootwrap /etc/cinder/rootwrap.conf env LC_ALL=C lvs --noheadings --unit=g -o vg_name,name,size --nosuffix --readonly stack-volumes-lvmdriver-1" returned: 0 in 0.396s {{(pid=184862) execute /usr/local/lib/python3.12/site-packages/oslo_concurrency/processutils.py:372}}
Jan 22 10:19:21.480799 np0005592324.novalocal cinder-volume[184862]: DEBUG cinder.manager [None req-e624e441-3b14-433c-9b84-d438f71119ee tempest-VolumesDeleteCascade-1240086502 None] Notifying Schedulers of capabilities ... {{(pid=184862) _publish_service_capabilities /opt/stack/cinder/cinder/manager.py:202}}
Jan 22 10:19:21.490345 np0005592324.novalocal cinder-volume[184862]: INFO cinder.volume.manager [None req-e624e441-3b14-433c-9b84-d438f71119ee tempest-VolumesDeleteCascade-1240086502 None] Deleted volume successfully.
Jan 22 10:19:21.504294 np0005592324.novalocal cinder-volume[184862]: DEBUG cinder.coordination [None req-e624e441-3b14-433c-9b84-d438f71119ee tempest-VolumesDeleteCascade-1240086502 None] Lock "cinder-a0d8fcb4-44ab-4b4a-8a3f-758d781f32ef-delete_volume" released by "delete_volume" :: held 4.873s {{(pid=184862) __release /opt/stack/cinder/cinder/coordination.py:157}}
Jan 22 10:19:21.679422 np0005592324.novalocal cinder-volume[184862]: DEBUG oslo_concurrency.processutils [None req-5ba6f676-74a2-492a-85b6-8837e230a418 tempest-VolumesDeleteCascade-1240086502 None] CMD "sudo cinder-rootwrap /etc/cinder/rootwrap.conf env LC_ALL=C lvcreate -T -V 1g -n volume-b1f27f60-6d4b-4759-be61-e54c30878b97 stack-volumes-lvmdriver-1/stack-volumes-lvmdriver-1-pool" returned: 0 in 0.426s {{(pid=184862) execute /usr/local/lib/python3.12/site-packages/oslo_concurrency/processutils.py:372}}
Jan 22 10:19:21.681013 np0005592324.novalocal cinder-volume[184862]: DEBUG cinder.volume.manager [None req-5ba6f676-74a2-492a-85b6-8837e230a418 tempest-VolumesDeleteCascade-1240086502 None] Task 'cinder.volume.flows.manager.create_volume.CreateVolumeFromSpecTask;volume:create' (a5d74d4a-d0f1-436a-a0d1-d25417d940ad) transitioned into state 'SUCCESS' from state 'RUNNING' with result '{'status': 'creating', 'volume_name': 'volume-b1f27f60-6d4b-4759-be61-e54c30878b97', 'volume_size': 1}' {{(pid=184862) _task_receiver /usr/local/lib/python3.12/site-packages/taskflow/listeners/logging.py:182}}
Jan 22 10:19:21.682574 np0005592324.novalocal cinder-volume[184862]: DEBUG cinder.volume.manager [None req-5ba6f676-74a2-492a-85b6-8837e230a418 tempest-VolumesDeleteCascade-1240086502 None] Task 'cinder.volume.flows.manager.create_volume.CreateVolumeOnFinishTask;volume:create, create.end' (bd259b43-cbb3-4bee-8f1a-54b28efe9128) transitioned into state 'RUNNING' from state 'PENDING' {{(pid=184862) _task_receiver /usr/local/lib/python3.12/site-packages/taskflow/listeners/logging.py:194}}
Jan 22 10:19:21.688894 np0005592324.novalocal cinder-volume[184862]: INFO cinder.volume.flows.manager.create_volume [None req-5ba6f676-74a2-492a-85b6-8837e230a418 tempest-VolumesDeleteCascade-1240086502 None] Volume volume-b1f27f60-6d4b-4759-be61-e54c30878b97 (b1f27f60-6d4b-4759-be61-e54c30878b97): created successfully
Jan 22 10:19:21.690081 np0005592324.novalocal cinder-volume[184862]: DEBUG cinder.volume.manager [None req-5ba6f676-74a2-492a-85b6-8837e230a418 tempest-VolumesDeleteCascade-1240086502 None] Task 'cinder.volume.flows.manager.create_volume.CreateVolumeOnFinishTask;volume:create, create.end' (bd259b43-cbb3-4bee-8f1a-54b28efe9128) transitioned into state 'SUCCESS' from state 'RUNNING' with result 'None' {{(pid=184862) _task_receiver /usr/local/lib/python3.12/site-packages/taskflow/listeners/logging.py:182}}
Jan 22 10:19:21.691537 np0005592324.novalocal cinder-volume[184862]: DEBUG cinder.volume.manager [None req-5ba6f676-74a2-492a-85b6-8837e230a418 tempest-VolumesDeleteCascade-1240086502 None] Flow 'volume_create_manager' (b7a1f0aa-ee1d-4efc-8c59-2fb059c8d86f) transitioned into state 'SUCCESS' from state 'RUNNING' {{(pid=184862) _flow_receiver /usr/local/lib/python3.12/site-packages/taskflow/listeners/logging.py:145}}
Jan 22 10:19:21.694471 np0005592324.novalocal cinder-volume[184862]: INFO cinder.volume.manager [None req-5ba6f676-74a2-492a-85b6-8837e230a418 tempest-VolumesDeleteCascade-1240086502 None] Created volume successfully.
Jan 22 10:19:22.414423 np0005592324.novalocal cinder-volume[184862]: DEBUG oslo_concurrency.processutils [None req-0ddce0c9-4720-418a-822f-96ea56ce7bc7 tempest-VolumesDeleteCascade-1240086502 None] Running cmd (subprocess): sudo cinder-rootwrap /etc/cinder/rootwrap.conf env LC_ALL=C lvs --noheadings --unit=g -o vg_name,name,size --nosuffix --readonly stack-volumes-lvmdriver-1/volume-b1f27f60-6d4b-4759-be61-e54c30878b97 {{(pid=184862) execute /usr/local/lib/python3.12/site-packages/oslo_concurrency/processutils.py:349}}
Jan 22 10:19:22.443730 np0005592324.novalocal sudo[215835]: stack : PWD=/ ; USER=root ; COMMAND=/usr/local/bin/cinder-rootwrap /etc/cinder/rootwrap.conf env LC_ALL=C lvs --noheadings --unit=g -o vg_name,name,size --nosuffix --readonly stack-volumes-lvmdriver-1/volume-b1f27f60-6d4b-4759-be61-e54c30878b97
Jan 22 10:19:22.876857 np0005592324.novalocal cinder-volume[184862]: DEBUG oslo_concurrency.processutils [None req-0ddce0c9-4720-418a-822f-96ea56ce7bc7 tempest-VolumesDeleteCascade-1240086502 None] CMD "sudo cinder-rootwrap /etc/cinder/rootwrap.conf env LC_ALL=C lvs --noheadings --unit=g -o vg_name,name,size --nosuffix --readonly stack-volumes-lvmdriver-1/volume-b1f27f60-6d4b-4759-be61-e54c30878b97" returned: 0 in 0.463s {{(pid=184862) execute /usr/local/lib/python3.12/site-packages/oslo_concurrency/processutils.py:372}}
Jan 22 10:19:22.877455 np0005592324.novalocal cinder-volume[184862]: DEBUG oslo_concurrency.processutils [None req-0ddce0c9-4720-418a-822f-96ea56ce7bc7 tempest-VolumesDeleteCascade-1240086502 None] Running cmd (subprocess): sudo cinder-rootwrap /etc/cinder/rootwrap.conf env LC_ALL=C lvcreate --name _snapshot-3a2171ad-c7ba-4d4b-9252-52459e1011af --snapshot stack-volumes-lvmdriver-1/volume-b1f27f60-6d4b-4759-be61-e54c30878b97 {{(pid=184862) execute /usr/local/lib/python3.12/site-packages/oslo_concurrency/processutils.py:349}}
Jan 22 10:19:22.899309 np0005592324.novalocal sudo[215849]: stack : PWD=/ ; USER=root ; COMMAND=/usr/local/bin/cinder-rootwrap /etc/cinder/rootwrap.conf env LC_ALL=C lvcreate --name _snapshot-3a2171ad-c7ba-4d4b-9252-52459e1011af --snapshot stack-volumes-lvmdriver-1/volume-b1f27f60-6d4b-4759-be61-e54c30878b97
Jan 22 10:19:23.306381 np0005592324.novalocal cinder-volume[184862]: DEBUG oslo_concurrency.processutils [None req-0ddce0c9-4720-418a-822f-96ea56ce7bc7 tempest-VolumesDeleteCascade-1240086502 None] CMD "sudo cinder-rootwrap /etc/cinder/rootwrap.conf env LC_ALL=C lvcreate --name _snapshot-3a2171ad-c7ba-4d4b-9252-52459e1011af --snapshot stack-volumes-lvmdriver-1/volume-b1f27f60-6d4b-4759-be61-e54c30878b97" returned: 0 in 0.428s {{(pid=184862) execute /usr/local/lib/python3.12/site-packages/oslo_concurrency/processutils.py:372}}
Jan 22 10:19:23.324851 np0005592324.novalocal cinder-volume[184862]: INFO cinder.volume.manager [None req-0ddce0c9-4720-418a-822f-96ea56ce7bc7 tempest-VolumesDeleteCascade-1240086502 None] Create snapshot completed successfully
Jan 22 10:19:23.748371 np0005592324.novalocal cinder-volume[184862]: DEBUG cinder.volume.flows.manager.create_volume [None req-aadc7d24-2d1d-45b2-9619-82caac1f1c7b tempest-VolumesDeleteCascade-1240086502 None] Volume reschedule parameters: True retry: {'num_attempts': 1, 'backends': ['np0005592324.novalocal@lvmdriver-1#lvmdriver-1'], 'hosts': ['np0005592324.novalocal@lvmdriver-1#lvmdriver-1']} {{(pid=184862) get_flow /opt/stack/cinder/cinder/volume/flows/manager/create_volume.py:1388}}
Jan 22 10:19:23.759407 np0005592324.novalocal cinder-volume[184862]: DEBUG cinder.volume.manager [None req-aadc7d24-2d1d-45b2-9619-82caac1f1c7b tempest-VolumesDeleteCascade-1240086502 None] Flow 'volume_create_manager' (f998c811-010e-46c1-a746-394e193b2f98) transitioned into state 'RUNNING' from state 'PENDING' {{(pid=184862) _flow_receiver /usr/local/lib/python3.12/site-packages/taskflow/listeners/logging.py:145}}
Jan 22 10:19:23.761400 np0005592324.novalocal cinder-volume[184862]: DEBUG cinder.volume.manager [None req-aadc7d24-2d1d-45b2-9619-82caac1f1c7b tempest-VolumesDeleteCascade-1240086502 None] Task 'cinder.volume.flows.manager.create_volume.ExtractVolumeRefTask;volume:create' (39ca9b46-b315-4ed5-8436-902dd38daa31) transitioned into state 'RUNNING' from state 'PENDING' {{(pid=184862) _task_receiver /usr/local/lib/python3.12/site-packages/taskflow/listeners/logging.py:194}}
Jan 22 10:19:23.775872 np0005592324.novalocal cinder-volume[184862]: DEBUG cinder.volume.manager [None req-aadc7d24-2d1d-45b2-9619-82caac1f1c7b tempest-VolumesDeleteCascade-1240086502 None] Task 'cinder.volume.flows.manager.create_volume.ExtractVolumeRefTask;volume:create' (39ca9b46-b315-4ed5-8436-902dd38daa31) transitioned into state 'SUCCESS' from state 'RUNNING' with result 'Volume(_name_id=None,admin_metadata=,attach_status='detached',availability_zone='nova',bootable=False,cluster=,cluster_name=None,consistencygroup=,consistencygroup_id=None,created_at=2026-01-22T15:19:23Z,deleted=False,deleted_at=None,display_description=None,display_name='tempest-VolumesDeleteCascade-Volume-1147425792',ec2_id=None,encryption_key_id=None,glance_metadata=,group=,group_id=None,host='np0005592324.novalocal@lvmdriver-1#lvmdriver-1',id=dd3c8a2d-640f-4810-b5cf-c0b99054cdd0,launched_at=None,metadata={},migration_status=None,multiattach=False,previous_status=None,project_id='f04cd1f4d6a84f329c37738a3fd75e28',provider_auth=None,provider_geometry=None,provider_id=None,provider_location=None,replication_driver_data=None,replication_extended_status=None,replication_status=None,scheduled_at=2026-01-22T15:19:23Z,service_uuid=None,shared_targets=True,size=1,snapshot_id=3a2171ad-c7ba-4d4b-9252-52459e1011af,snapshots=,source_volid=None,status='creating',terminated_at=None,updated_at=2026-01-22T15:19:23Z,use_quota=True,user_id='9e31697a2fb9489eae165efe427694ea',volume_attachment=VolumeAttachmentList,volume_type=VolumeType(d32eda9a-7ff9-443b-adbb-d3691c157d72),volume_type_id=d32eda9a-7ff9-443b-adbb-d3691c157d72)' {{(pid=184862) _task_receiver /usr/local/lib/python3.12/site-packages/taskflow/listeners/logging.py:182}}
Jan 22 10:19:23.779278 np0005592324.novalocal cinder-volume[184862]: DEBUG cinder.volume.manager [None req-aadc7d24-2d1d-45b2-9619-82caac1f1c7b tempest-VolumesDeleteCascade-1240086502 None] Task 'cinder.volume.flows.manager.create_volume.OnFailureRescheduleTask;volume:create' (b463cbf3-ee0c-4b5f-b9ab-ce00455fbce7) transitioned into state 'RUNNING' from state 'PENDING' {{(pid=184862) _task_receiver /usr/local/lib/python3.12/site-packages/taskflow/listeners/logging.py:194}}
Jan 22 10:19:23.782264 np0005592324.novalocal cinder-volume[184862]: DEBUG cinder.volume.manager [None req-aadc7d24-2d1d-45b2-9619-82caac1f1c7b tempest-VolumesDeleteCascade-1240086502 None] Task 'cinder.volume.flows.manager.create_volume.OnFailureRescheduleTask;volume:create' (b463cbf3-ee0c-4b5f-b9ab-ce00455fbce7) transitioned into state 'SUCCESS' from state 'RUNNING' with result 'None' {{(pid=184862) _task_receiver /usr/local/lib/python3.12/site-packages/taskflow/listeners/logging.py:182}}
Jan 22 10:19:23.786074 np0005592324.novalocal cinder-volume[184862]: DEBUG cinder.volume.manager [None req-aadc7d24-2d1d-45b2-9619-82caac1f1c7b tempest-VolumesDeleteCascade-1240086502 None] Task 'cinder.volume.flows.manager.create_volume.ExtractVolumeSpecTask;volume:create' (5eb60d8f-6120-4a65-b313-27092f4f6544) transitioned into state 'RUNNING' from state 'PENDING' {{(pid=184862) _task_receiver /usr/local/lib/python3.12/site-packages/taskflow/listeners/logging.py:194}}
Jan 22 10:19:23.788864 np0005592324.novalocal cinder-volume[184862]: DEBUG cinder.volume.manager [None req-aadc7d24-2d1d-45b2-9619-82caac1f1c7b tempest-VolumesDeleteCascade-1240086502 None] Task 'cinder.volume.flows.manager.create_volume.ExtractVolumeSpecTask;volume:create' (5eb60d8f-6120-4a65-b313-27092f4f6544) transitioned into state 'SUCCESS' from state 'RUNNING' with result '{'status': 'creating', 'type': 'snap', 'volume_id': 'dd3c8a2d-640f-4810-b5cf-c0b99054cdd0', 'volume_name': 'volume-dd3c8a2d-640f-4810-b5cf-c0b99054cdd0', 'volume_size': 1, 'snapshot_id': '3a2171ad-c7ba-4d4b-9252-52459e1011af'}' {{(pid=184862) _task_receiver /usr/local/lib/python3.12/site-packages/taskflow/listeners/logging.py:182}}
