Jan 22 10:26:17.835287 np0005592324.novalocal cinder-volume[184862]: DEBUG cinder.volume.flows.manager.create_volume [None req-6226c877-dd43-4825-94d5-3e644ad2ef59 tempest-AttachVolumeMultiAttachTest-282508890 None] Attempting to retrieve cache entry for image = dc40e494-7dc1-4dfa-959c-1267ce9ef86a on host np0005592324.novalocal@lvmdriver-1#lvmdriver-1. {{(pid=184862) _create_from_image_cache /opt/stack/cinder/cinder/volume/flows/manager/create_volume.py:836}}
Jan 22 10:26:17.838698 np0005592324.novalocal cinder-volume[184862]: DEBUG cinder.image.cache [None req-6226c877-dd43-4825-94d5-3e644ad2ef59 tempest-AttachVolumeMultiAttachTest-282508890 None] Found image-volume cache entry: {'id': 1, 'image_id': 'dc40e494-7dc1-4dfa-959c-1267ce9ef86a', 'volume_id': 'ae281afa-2802-4aef-976e-d721ea07498e', 'host': 'np0005592324.novalocal@lvmdriver-1#lvmdriver-1', 'size': 1, 'image_updated_at': datetime.datetime(2026, 1, 22, 15, 0, 34), 'last_used': datetime.datetime(2026, 1, 22, 15, 26, 17, 837282)}. {{(pid=184862) get_entry /opt/stack/cinder/cinder/image/cache.py:84}}
Jan 22 10:26:17.838902 np0005592324.novalocal cinder-volume[184862]: DEBUG cinder.image.cache [None req-6226c877-dd43-4825-94d5-3e644ad2ef59 tempest-AttachVolumeMultiAttachTest-282508890 None] Image-volume cache entry image_update_at = 2026-01-22 15:00:34+00:00, requested image updated_at = 2026-01-22 15:00:34+00:00. {{(pid=184862) _should_update_entry /opt/stack/cinder/cinder/image/cache.py:267}}
Jan 22 10:26:17.839261 np0005592324.novalocal cinder-volume[184862]: DEBUG cinder.volume.flows.manager.create_volume [None req-6226c877-dd43-4825-94d5-3e644ad2ef59 tempest-AttachVolumeMultiAttachTest-282508890 None] Creating from source image-volume ae281afa-2802-4aef-976e-d721ea07498e {{(pid=184862) _create_from_image_cache /opt/stack/cinder/cinder/volume/flows/manager/create_volume.py:850}}
Jan 22 10:26:17.847419 np0005592324.novalocal cinder-volume[184862]: DEBUG oslo_concurrency.processutils [None req-6226c877-dd43-4825-94d5-3e644ad2ef59 tempest-AttachVolumeMultiAttachTest-282508890 None] Running cmd (subprocess): sudo cinder-rootwrap /etc/cinder/rootwrap.conf env LC_ALL=C lvs --noheadings --unit=g -o vg_name,name,size --nosuffix --readonly stack-volumes-lvmdriver-1/volume-ae281afa-2802-4aef-976e-d721ea07498e {{(pid=184862) execute /usr/local/lib/python3.12/site-packages/oslo_concurrency/processutils.py:349}}
Jan 22 10:26:17.873000 np0005592324.novalocal sudo[223920]: stack : PWD=/ ; USER=root ; COMMAND=/usr/local/bin/cinder-rootwrap /etc/cinder/rootwrap.conf env LC_ALL=C lvs --noheadings --unit=g -o vg_name,name,size --nosuffix --readonly stack-volumes-lvmdriver-1/volume-ae281afa-2802-4aef-976e-d721ea07498e
Jan 22 10:26:18.205010 np0005592324.novalocal cinder-volume[184862]: DEBUG oslo_concurrency.processutils [None req-6226c877-dd43-4825-94d5-3e644ad2ef59 tempest-AttachVolumeMultiAttachTest-282508890 None] CMD "sudo cinder-rootwrap /etc/cinder/rootwrap.conf env LC_ALL=C lvs --noheadings --unit=g -o vg_name,name,size --nosuffix --readonly stack-volumes-lvmdriver-1/volume-ae281afa-2802-4aef-976e-d721ea07498e" returned: 0 in 0.357s {{(pid=184862) execute /usr/local/lib/python3.12/site-packages/oslo_concurrency/processutils.py:372}}
Jan 22 10:26:18.205809 np0005592324.novalocal cinder-volume[184862]: DEBUG oslo_concurrency.processutils [None req-6226c877-dd43-4825-94d5-3e644ad2ef59 tempest-AttachVolumeMultiAttachTest-282508890 None] Running cmd (subprocess): sudo cinder-rootwrap /etc/cinder/rootwrap.conf env LC_ALL=C lvcreate --name volume-38092dfe-21cc-43ae-92f8-a80bef4f13a2 --snapshot stack-volumes-lvmdriver-1/volume-ae281afa-2802-4aef-976e-d721ea07498e {{(pid=184862) execute /usr/local/lib/python3.12/site-packages/oslo_concurrency/processutils.py:349}}
Jan 22 10:26:18.233559 np0005592324.novalocal sudo[223925]: stack : PWD=/ ; USER=root ; COMMAND=/usr/local/bin/cinder-rootwrap /etc/cinder/rootwrap.conf env LC_ALL=C lvcreate --name volume-38092dfe-21cc-43ae-92f8-a80bef4f13a2 --snapshot stack-volumes-lvmdriver-1/volume-ae281afa-2802-4aef-976e-d721ea07498e
Jan 22 10:26:18.677104 np0005592324.novalocal cinder-volume[184862]: DEBUG oslo_concurrency.processutils [None req-6226c877-dd43-4825-94d5-3e644ad2ef59 tempest-AttachVolumeMultiAttachTest-282508890 None] CMD "sudo cinder-rootwrap /etc/cinder/rootwrap.conf env LC_ALL=C lvcreate --name volume-38092dfe-21cc-43ae-92f8-a80bef4f13a2 --snapshot stack-volumes-lvmdriver-1/volume-ae281afa-2802-4aef-976e-d721ea07498e" returned: 0 in 0.471s {{(pid=184862) execute /usr/local/lib/python3.12/site-packages/oslo_concurrency/processutils.py:372}}
Jan 22 10:26:18.682792 np0005592324.novalocal cinder-volume[184862]: DEBUG oslo_concurrency.processutils [None req-6226c877-dd43-4825-94d5-3e644ad2ef59 tempest-AttachVolumeMultiAttachTest-282508890 None] Running cmd (subprocess): sudo cinder-rootwrap /etc/cinder/rootwrap.conf lvchange -a y --yes -k n stack-volumes-lvmdriver-1/volume-38092dfe-21cc-43ae-92f8-a80bef4f13a2 {{(pid=184862) execute /usr/local/lib/python3.12/site-packages/oslo_concurrency/processutils.py:349}}
Jan 22 10:26:18.700930 np0005592324.novalocal sudo[223936]: stack : PWD=/ ; USER=root ; COMMAND=/usr/local/bin/cinder-rootwrap /etc/cinder/rootwrap.conf lvchange -a y --yes -k n stack-volumes-lvmdriver-1/volume-38092dfe-21cc-43ae-92f8-a80bef4f13a2
Jan 22 10:26:19.137303 np0005592324.novalocal cinder-volume[184862]: DEBUG oslo_concurrency.processutils [None req-6226c877-dd43-4825-94d5-3e644ad2ef59 tempest-AttachVolumeMultiAttachTest-282508890 None] CMD "sudo cinder-rootwrap /etc/cinder/rootwrap.conf lvchange -a y --yes -k n stack-volumes-lvmdriver-1/volume-38092dfe-21cc-43ae-92f8-a80bef4f13a2" returned: 0 in 0.459s {{(pid=184862) execute /usr/local/lib/python3.12/site-packages/oslo_concurrency/processutils.py:372}}
Jan 22 10:26:19.138221 np0005592324.novalocal cinder-volume[184862]: DEBUG cinder.volume.volume_utils [None req-6226c877-dd43-4825-94d5-3e644ad2ef59 tempest-AttachVolumeMultiAttachTest-282508890 None] Marking volume 38092dfe-21cc-43ae-92f8-a80bef4f13a2 as bootable. {{(pid=184862) enable_bootable_flag /opt/stack/cinder/cinder/volume/volume_utils.py:1138}}
Jan 22 10:26:19.148582 np0005592324.novalocal cinder-volume[184862]: DEBUG cinder.volume.flows.manager.create_volume [None req-6226c877-dd43-4825-94d5-3e644ad2ef59 tempest-AttachVolumeMultiAttachTest-282508890 None] Copying metadata from image dc40e494-7dc1-4dfa-959c-1267ce9ef86a to 38092dfe-21cc-43ae-92f8-a80bef4f13a2. {{(pid=184862) _handle_bootable_volume_glance_meta /opt/stack/cinder/cinder/volume/flows/manager/create_volume.py:450}}
Jan 22 10:26:19.148984 np0005592324.novalocal cinder-volume[184862]: DEBUG cinder.volume.flows.manager.create_volume [None req-6226c877-dd43-4825-94d5-3e644ad2ef59 tempest-AttachVolumeMultiAttachTest-282508890 None] Creating volume glance metadata for volume 38092dfe-21cc-43ae-92f8-a80bef4f13a2 backed by image dc40e494-7dc1-4dfa-959c-1267ce9ef86a with: {'hw_rng_model': 'virtio', 'owner_specified.openstack.md5': '', 'owner_specified.openstack.sha256': '', 'owner_specified.openstack.object': 'images/cirros-0.6.3-x86_64-disk', 'os_glance_importing_to_stores': '', 'os_glance_failed_import': '', 'image_id': 'dc40e494-7dc1-4dfa-959c-1267ce9ef86a', 'image_name': 'cirros-0.6.3-x86_64-disk', 'checksum': '87617e24a5e30cb3b87fda8c0764838f', 'container_format': 'bare', 'disk_format': 'qcow2', 'min_disk': 0, 'min_ram': 0, 'size': 21692416}. {{(pid=184862) _capture_volume_image_metadata /opt/stack/cinder/cinder/volume/flows/manager/create_volume.py:682}}
Jan 22 10:26:19.182303 np0005592324.novalocal cinder-volume[184862]: DEBUG cinder.volume.manager [None req-6226c877-dd43-4825-94d5-3e644ad2ef59 tempest-AttachVolumeMultiAttachTest-282508890 None] Task 'cinder.volume.flows.manager.create_volume.CreateVolumeFromSpecTask;volume:create' (678c6f03-bfe1-4f17-b93a-67982642e9c4) transitioned into state 'SUCCESS' from state 'RUNNING' with result '{'status': 'creating', 'volume_name': 'volume-38092dfe-21cc-43ae-92f8-a80bef4f13a2', 'volume_size': 1, 'image_id': 'dc40e494-7dc1-4dfa-959c-1267ce9ef86a', 'image_location': (None, [{'url': 'swift+config://ref1/glance/dc40e494-7dc1-4dfa-959c-1267ce9ef86a', 'metadata': {}}]), 'image_meta': {'name': 'cirros-0.6.3-x86_64-disk', 'disk_format': 'qcow2', 'container_format': 'bare', 'visibility': 'public', 'size': 21692416, 'virtual_size': 117440512, 'status': 'active', 'checksum': '87617e24a5e30cb3b87fda8c0764838f', 'protected': False, 'min_ram': 0, 'min_disk': 0, 'owner': 'e0580fa8e8864e629a078200edbed579', 'os_hidden': False, 'os_hash_algo': 'sha512', 'os_hash_value': '9a9bce0083a00939ec17c11febbfc767aa211aaa54f51e75c5a8b271a9b5637c77205a518b7a2007cb391d23cceb01e0e4e8d64832317151bc85b734b92a7be0', 'id': 'dc40e494-7dc1-4dfa-959c-1267ce9ef86a', 'created_at': datetime.datetime(2026, 1, 22, 15, 0, 31, tzinfo=datetime.timezone.utc), 'updated_at': datetime.datetime(2026, 1, 22, 15, 0, 34, tzinfo=datetime.timezone.utc), 'tags': [], 'file': '/v2/images/dc40e494-7dc1-4dfa-959c-1267ce9ef86a/file', 'properties': {'hw_rng_model': 'virtio', 'owner_specified.openstack.md5': '', 'owner_specified.openstack.sha256': '', 'owner_specified.openstack.object': 'images/cirros-0.6.3-x86_64-disk', 'os_glance_importing_to_stores': '', 'os_glance_failed_import': ''}}, 'image_service': }' {{(pid=184862) _task_receiver /usr/local/lib/python3.12/site-packages/taskflow/listeners/logging.py:182}}
Jan 22 10:26:19.183824 np0005592324.novalocal cinder-volume[184862]: DEBUG cinder.volume.manager [None req-6226c877-dd43-4825-94d5-3e644ad2ef59 tempest-AttachVolumeMultiAttachTest-282508890 None] Task 'cinder.volume.flows.manager.create_volume.CreateVolumeOnFinishTask;volume:create, create.end' (ee12300b-5285-4530-88d0-55ad2d3c5e91) transitioned into state 'RUNNING' from state 'PENDING' {{(pid=184862) _task_receiver /usr/local/lib/python3.12/site-packages/taskflow/listeners/logging.py:194}}
Jan 22 10:26:19.188995 np0005592324.novalocal cinder-volume[184862]: INFO cinder.volume.flows.manager.create_volume [None req-6226c877-dd43-4825-94d5-3e644ad2ef59 tempest-AttachVolumeMultiAttachTest-282508890 None] Volume volume-38092dfe-21cc-43ae-92f8-a80bef4f13a2 (38092dfe-21cc-43ae-92f8-a80bef4f13a2): created successfully
Jan 22 10:26:19.190701 np0005592324.novalocal cinder-volume[184862]: DEBUG cinder.volume.manager [None req-6226c877-dd43-4825-94d5-3e644ad2ef59 tempest-AttachVolumeMultiAttachTest-282508890 None] Task 'cinder.volume.flows.manager.create_volume.CreateVolumeOnFinishTask;volume:create, create.end' (ee12300b-5285-4530-88d0-55ad2d3c5e91) transitioned into state 'SUCCESS' from state 'RUNNING' with result 'None' {{(pid=184862) _task_receiver /usr/local/lib/python3.12/site-packages/taskflow/listeners/logging.py:182}}
Jan 22 10:26:19.193019 np0005592324.novalocal cinder-volume[184862]: DEBUG cinder.volume.manager [None req-6226c877-dd43-4825-94d5-3e644ad2ef59 tempest-AttachVolumeMultiAttachTest-282508890 None] Flow 'volume_create_manager' (44cd4eff-bd12-4eec-a652-9396a1f2debb) transitioned into state 'SUCCESS' from state 'RUNNING' {{(pid=184862) _flow_receiver /usr/local/lib/python3.12/site-packages/taskflow/listeners/logging.py:145}}
Jan 22 10:26:19.197838 np0005592324.novalocal cinder-volume[184862]: INFO cinder.volume.manager [None req-6226c877-dd43-4825-94d5-3e644ad2ef59 tempest-AttachVolumeMultiAttachTest-282508890 None] Created volume successfully.
Jan 22 10:26:28.686454 np0005592324.novalocal cinder-volume[184862]: DEBUG oslo_concurrency.processutils [req-6610a253-deb6-4537-8164-644d404f9003 req-a3fc7269-c5d6-492e-8145-a8a9c1017eef tempest-AttachVolumeMultiAttachTest-282508890 None] Running cmd (subprocess): sudo cinder-rootwrap /etc/cinder/rootwrap.conf lvchange -a y --yes -K stack-volumes-lvmdriver-1/volume-38092dfe-21cc-43ae-92f8-a80bef4f13a2 {{(pid=184862) execute /usr/local/lib/python3.12/site-packages/oslo_concurrency/processutils.py:349}}
Jan 22 10:26:28.714664 np0005592324.novalocal sudo[224054]: stack : PWD=/ ; USER=root ; COMMAND=/usr/local/bin/cinder-rootwrap /etc/cinder/rootwrap.conf lvchange -a y --yes -K stack-volumes-lvmdriver-1/volume-38092dfe-21cc-43ae-92f8-a80bef4f13a2
Jan 22 10:26:29.092616 np0005592324.novalocal cinder-volume[184862]: DEBUG oslo_concurrency.processutils [req-6610a253-deb6-4537-8164-644d404f9003 req-a3fc7269-c5d6-492e-8145-a8a9c1017eef tempest-AttachVolumeMultiAttachTest-282508890 None] CMD "sudo cinder-rootwrap /etc/cinder/rootwrap.conf lvchange -a y --yes -K stack-volumes-lvmdriver-1/volume-38092dfe-21cc-43ae-92f8-a80bef4f13a2" returned: 0 in 0.406s {{(pid=184862) execute /usr/local/lib/python3.12/site-packages/oslo_concurrency/processutils.py:372}}
Jan 22 10:26:29.103648 np0005592324.novalocal cinder-volume[184862]: INFO cinder.volume.targets.lio [req-6610a253-deb6-4537-8164-644d404f9003 req-a3fc7269-c5d6-492e-8145-a8a9c1017eef tempest-AttachVolumeMultiAttachTest-282508890 None] Creating iscsi_target for volume: volume-38092dfe-21cc-43ae-92f8-a80bef4f13a2
Jan 22 10:26:29.103864 np0005592324.novalocal cinder-volume[184862]: DEBUG oslo_concurrency.lockutils [req-6610a253-deb6-4537-8164-644d404f9003 req-a3fc7269-c5d6-492e-8145-a8a9c1017eef tempest-AttachVolumeMultiAttachTest-282508890 None] Acquiring lock "lioadm" by "cinder.volume.targets.lio.LioAdm._execute" {{(pid=184862) inner /usr/local/lib/python3.12/site-packages/oslo_concurrency/lockutils.py:405}}
Jan 22 10:26:29.104380 np0005592324.novalocal cinder-volume[184862]: DEBUG oslo_concurrency.lockutils [req-6610a253-deb6-4537-8164-644d404f9003 req-a3fc7269-c5d6-492e-8145-a8a9c1017eef tempest-AttachVolumeMultiAttachTest-282508890 None] Lock "lioadm" acquired by "cinder.volume.targets.lio.LioAdm._execute" :: waited 0.001s {{(pid=184862) inner /usr/local/lib/python3.12/site-packages/oslo_concurrency/lockutils.py:410}}
Jan 22 10:26:29.104819 np0005592324.novalocal cinder-volume[184862]: DEBUG oslo_concurrency.processutils [req-6610a253-deb6-4537-8164-644d404f9003 req-a3fc7269-c5d6-492e-8145-a8a9c1017eef tempest-AttachVolumeMultiAttachTest-282508890 None] Running cmd (subprocess): sudo cinder-rootwrap /etc/cinder/rootwrap.conf cinder-rtstool create /dev/stack-volumes-lvmdriver-1/volume-38092dfe-21cc-43ae-92f8-a80bef4f13a2 iqn.2010-10.org.openstack:volume-38092dfe-21cc-43ae-92f8-a80bef4f13a2 yP6PV988Hd8ddHixcKKk 7AWGxKeBBp5vy7sY False -p3260 -a38.102.83.245 {{(pid=184862) execute /usr/local/lib/python3.12/site-packages/oslo_concurrency/processutils.py:349}}
Jan 22 10:26:29.125518 np0005592324.novalocal sudo[224059]: stack : PWD=/ ; USER=root ; COMMAND=/usr/local/bin/cinder-rootwrap /etc/cinder/rootwrap.conf cinder-rtstool create /dev/stack-volumes-lvmdriver-1/volume-38092dfe-21cc-43ae-92f8-a80bef4f13a2 iqn.2010-10.org.openstack:volume-38092dfe-21cc-43ae-92f8-a80bef4f13a2 yP6PV988Hd8ddHixcKKk 7AWGxKeBBp5vy7sY False -p3260 -a38.102.83.245
Jan 22 10:26:29.726550 np0005592324.novalocal cinder-volume[184862]: DEBUG oslo_concurrency.processutils [req-6610a253-deb6-4537-8164-644d404f9003 req-a3fc7269-c5d6-492e-8145-a8a9c1017eef tempest-AttachVolumeMultiAttachTest-282508890 None] CMD "sudo cinder-rootwrap /etc/cinder/rootwrap.conf cinder-rtstool create /dev/stack-volumes-lvmdriver-1/volume-38092dfe-21cc-43ae-92f8-a80bef4f13a2 iqn.2010-10.org.openstack:volume-38092dfe-21cc-43ae-92f8-a80bef4f13a2 yP6PV988Hd8ddHixcKKk 7AWGxKeBBp5vy7sY False -p3260 -a38.102.83.245" returned: 0 in 0.620s {{(pid=184862) execute /usr/local/lib/python3.12/site-packages/oslo_concurrency/processutils.py:372}}
Jan 22 10:26:29.726929 np0005592324.novalocal cinder-volume[184862]: DEBUG oslo_concurrency.lockutils [req-6610a253-deb6-4537-8164-644d404f9003 req-a3fc7269-c5d6-492e-8145-a8a9c1017eef tempest-AttachVolumeMultiAttachTest-282508890 None] Lock "lioadm" "released" by "cinder.volume.targets.lio.LioAdm._execute" :: held 0.623s {{(pid=184862) inner /usr/local/lib/python3.12/site-packages/oslo_concurrency/lockutils.py:424}}
Jan 22 10:26:29.728308 np0005592324.novalocal cinder-volume[184862]: DEBUG oslo_concurrency.lockutils [req-6610a253-deb6-4537-8164-644d404f9003 req-a3fc7269-c5d6-492e-8145-a8a9c1017eef tempest-AttachVolumeMultiAttachTest-282508890 None] Acquiring lock "lioadm" by "cinder.volume.targets.lio.LioAdm._execute" {{(pid=184862) inner /usr/local/lib/python3.12/site-packages/oslo_concurrency/lockutils.py:405}}
Jan 22 10:26:29.729423 np0005592324.novalocal cinder-volume[184862]: DEBUG oslo_concurrency.lockutils [req-6610a253-deb6-4537-8164-644d404f9003 req-a3fc7269-c5d6-492e-8145-a8a9c1017eef tempest-AttachVolumeMultiAttachTest-282508890 None] Lock "lioadm" acquired by "cinder.volume.targets.lio.LioAdm._execute" :: waited 0.002s {{(pid=184862) inner /usr/local/lib/python3.12/site-packages/oslo_concurrency/lockutils.py:410}}
Jan 22 10:26:29.729872 np0005592324.novalocal cinder-volume[184862]: DEBUG oslo_concurrency.processutils [req-6610a253-deb6-4537-8164-644d404f9003 req-a3fc7269-c5d6-492e-8145-a8a9c1017eef tempest-AttachVolumeMultiAttachTest-282508890 None] Running cmd (subprocess): sudo cinder-rootwrap /etc/cinder/rootwrap.conf cinder-rtstool get-targets {{(pid=184862) execute /usr/local/lib/python3.12/site-packages/oslo_concurrency/processutils.py:349}}
Jan 22 10:26:29.755579 np0005592324.novalocal sudo[224065]: stack : PWD=/ ; USER=root ; COMMAND=/usr/local/bin/cinder-rootwrap /etc/cinder/rootwrap.conf cinder-rtstool get-targets
Jan 22 10:26:30.289137 np0005592324.novalocal cinder-volume[184862]: DEBUG oslo_concurrency.processutils [req-6610a253-deb6-4537-8164-644d404f9003 req-a3fc7269-c5d6-492e-8145-a8a9c1017eef tempest-AttachVolumeMultiAttachTest-282508890 None] CMD "sudo cinder-rootwrap /etc/cinder/rootwrap.conf cinder-rtstool get-targets" returned: 0 in 0.559s {{(pid=184862) execute /usr/local/lib/python3.12/site-packages/oslo_concurrency/processutils.py:372}}
Jan 22 10:26:30.289563 np0005592324.novalocal cinder-volume[184862]: DEBUG oslo_concurrency.lockutils [req-6610a253-deb6-4537-8164-644d404f9003 req-a3fc7269-c5d6-492e-8145-a8a9c1017eef tempest-AttachVolumeMultiAttachTest-282508890 None] Lock "lioadm" "released" by "cinder.volume.targets.lio.LioAdm._execute" :: held 0.560s {{(pid=184862) inner /usr/local/lib/python3.12/site-packages/oslo_concurrency/lockutils.py:424}}
Jan 22 10:26:30.289785 np0005592324.novalocal cinder-volume[184862]: DEBUG oslo_concurrency.lockutils [req-6610a253-deb6-4537-8164-644d404f9003 req-a3fc7269-c5d6-492e-8145-a8a9c1017eef tempest-AttachVolumeMultiAttachTest-282508890 None] Acquiring lock "lioadm" by "cinder.volume.targets.lio.LioAdm._execute" {{(pid=184862) inner /usr/local/lib/python3.12/site-packages/oslo_concurrency/lockutils.py:405}}
Jan 22 10:26:30.290277 np0005592324.novalocal cinder-volume[184862]: DEBUG oslo_concurrency.lockutils [req-6610a253-deb6-4537-8164-644d404f9003 req-a3fc7269-c5d6-492e-8145-a8a9c1017eef tempest-AttachVolumeMultiAttachTest-282508890 None] Lock "lioadm" acquired by "cinder.volume.targets.lio.LioAdm._execute" :: waited 0.000s {{(pid=184862) inner /usr/local/lib/python3.12/site-packages/oslo_concurrency/lockutils.py:410}}
Jan 22 10:26:30.290653 np0005592324.novalocal cinder-volume[184862]: DEBUG oslo_concurrency.processutils [req-6610a253-deb6-4537-8164-644d404f9003 req-a3fc7269-c5d6-492e-8145-a8a9c1017eef tempest-AttachVolumeMultiAttachTest-282508890 None] Running cmd (subprocess): sudo cinder-rootwrap /etc/cinder/rootwrap.conf cinder-rtstool save {{(pid=184862) execute /usr/local/lib/python3.12/site-packages/oslo_concurrency/processutils.py:349}}
Jan 22 10:26:30.312538 np0005592324.novalocal sudo[224073]: stack : PWD=/ ; USER=root ; COMMAND=/usr/local/bin/cinder-rootwrap /etc/cinder/rootwrap.conf cinder-rtstool save
Jan 22 10:26:30.907378 np0005592324.novalocal cinder-volume[184862]: DEBUG oslo_concurrency.processutils [req-6610a253-deb6-4537-8164-644d404f9003 req-a3fc7269-c5d6-492e-8145-a8a9c1017eef tempest-AttachVolumeMultiAttachTest-282508890 None] CMD "sudo cinder-rootwrap /etc/cinder/rootwrap.conf cinder-rtstool save" returned: 0 in 0.616s {{(pid=184862) execute /usr/local/lib/python3.12/site-packages/oslo_concurrency/processutils.py:372}}
Jan 22 10:26:30.908029 np0005592324.novalocal cinder-volume[184862]: DEBUG oslo_concurrency.lockutils [req-6610a253-deb6-4537-8164-644d404f9003 req-a3fc7269-c5d6-492e-8145-a8a9c1017eef tempest-AttachVolumeMultiAttachTest-282508890 None] Lock "lioadm" "released" by "cinder.volume.targets.lio.LioAdm._execute" :: held 0.618s {{(pid=184862) inner /usr/local/lib/python3.12/site-packages/oslo_concurrency/lockutils.py:424}}
Jan 22 10:26:30.908591 np0005592324.novalocal cinder-volume[184862]: DEBUG cinder.volume.targets.iscsi [req-6610a253-deb6-4537-8164-644d404f9003 req-a3fc7269-c5d6-492e-8145-a8a9c1017eef tempest-AttachVolumeMultiAttachTest-282508890 None] Set provider_location to: 38.102.83.245:3260,iqn.2010-10.org.openstack:volume-38092dfe-21cc-43ae-92f8-a80bef4f13a2 iqn.2010-10.org.openstack:volume-38092dfe-21cc-43ae-92f8-a80bef4f13a2 0 {{(pid=184862) create_export /opt/stack/cinder/cinder/volume/targets/iscsi.py:205}}
Jan 22 10:26:30.920222 np0005592324.novalocal cinder-volume[184862]: DEBUG oslo_concurrency.lockutils [req-6610a253-deb6-4537-8164-644d404f9003 req-a3fc7269-c5d6-492e-8145-a8a9c1017eef tempest-AttachVolumeMultiAttachTest-282508890 None] Acquiring lock "lioadm" by "cinder.volume.targets.lio.LioAdm._execute" {{(pid=184862) inner /usr/local/lib/python3.12/site-packages/oslo_concurrency/lockutils.py:405}}
Jan 22 10:26:30.920982 np0005592324.novalocal cinder-volume[184862]: DEBUG oslo_concurrency.lockutils [req-6610a253-deb6-4537-8164-644d404f9003 req-a3fc7269-c5d6-492e-8145-a8a9c1017eef tempest-AttachVolumeMultiAttachTest-282508890 None] Lock "lioadm" acquired by "cinder.volume.targets.lio.LioAdm._execute" :: waited 0.001s {{(pid=184862) inner /usr/local/lib/python3.12/site-packages/oslo_concurrency/lockutils.py:410}}
Jan 22 10:26:30.921742 np0005592324.novalocal cinder-volume[184862]: DEBUG oslo_concurrency.processutils [req-6610a253-deb6-4537-8164-644d404f9003 req-a3fc7269-c5d6-492e-8145-a8a9c1017eef tempest-AttachVolumeMultiAttachTest-282508890 None] Running cmd (subprocess): sudo cinder-rootwrap /etc/cinder/rootwrap.conf cinder-rtstool add-initiator iqn.2010-10.org.openstack:volume-38092dfe-21cc-43ae-92f8-a80bef4f13a2 yP6PV988Hd8ddHixcKKk 7AWGxKeBBp5vy7sY iqn.1994-05.com.redhat:c51830b0a1f2 {{(pid=184862) execute /usr/local/lib/python3.12/site-packages/oslo_concurrency/processutils.py:349}}
Jan 22 10:26:30.943502 np0005592324.novalocal sudo[224080]: stack : PWD=/ ; USER=root ; COMMAND=/usr/local/bin/cinder-rootwrap /etc/cinder/rootwrap.conf cinder-rtstool add-initiator iqn.2010-10.org.openstack:volume-38092dfe-21cc-43ae-92f8-a80bef4f13a2 yP6PV988Hd8ddHixcKKk 7AWGxKeBBp5vy7sY iqn.1994-05.com.redhat:c51830b0a1f2
Jan 22 10:26:31.490851 np0005592324.novalocal cinder-volume[184862]: DEBUG oslo_concurrency.processutils [req-6610a253-deb6-4537-8164-644d404f9003 req-a3fc7269-c5d6-492e-8145-a8a9c1017eef tempest-AttachVolumeMultiAttachTest-282508890 None] CMD "sudo cinder-rootwrap /etc/cinder/rootwrap.conf cinder-rtstool add-initiator iqn.2010-10.org.openstack:volume-38092dfe-21cc-43ae-92f8-a80bef4f13a2 yP6PV988Hd8ddHixcKKk 7AWGxKeBBp5vy7sY iqn.1994-05.com.redhat:c51830b0a1f2" returned: 0 in 0.569s {{(pid=184862) execute /usr/local/lib/python3.12/site-packages/oslo_concurrency/processutils.py:372}}
Jan 22 10:26:31.491220 np0005592324.novalocal cinder-volume[184862]: DEBUG oslo_concurrency.lockutils [req-6610a253-deb6-4537-8164-644d404f9003 req-a3fc7269-c5d6-492e-8145-a8a9c1017eef tempest-AttachVolumeMultiAttachTest-282508890 None] Lock "lioadm" "released" by "cinder.volume.targets.lio.LioAdm._execute" :: held 0.570s {{(pid=184862) inner /usr/local/lib/python3.12/site-packages/oslo_concurrency/lockutils.py:424}}
Jan 22 10:26:31.491414 np0005592324.novalocal cinder-volume[184862]: DEBUG oslo_concurrency.lockutils [req-6610a253-deb6-4537-8164-644d404f9003 req-a3fc7269-c5d6-492e-8145-a8a9c1017eef tempest-AttachVolumeMultiAttachTest-282508890 None] Acquiring lock "lioadm" by "cinder.volume.targets.lio.LioAdm._execute" {{(pid=184862) inner /usr/local/lib/python3.12/site-packages/oslo_concurrency/lockutils.py:405}}
Jan 22 10:26:31.491660 np0005592324.novalocal cinder-volume[184862]: DEBUG oslo_concurrency.lockutils [req-6610a253-deb6-4537-8164-644d404f9003 req-a3fc7269-c5d6-492e-8145-a8a9c1017eef tempest-AttachVolumeMultiAttachTest-282508890 None] Lock "lioadm" acquired by "cinder.volume.targets.lio.LioAdm._execute" :: waited 0.000s {{(pid=184862) inner /usr/local/lib/python3.12/site-packages/oslo_concurrency/lockutils.py:410}}
Jan 22 10:26:31.491939 np0005592324.novalocal cinder-volume[184862]: DEBUG oslo_concurrency.processutils [req-6610a253-deb6-4537-8164-644d404f9003 req-a3fc7269-c5d6-492e-8145-a8a9c1017eef tempest-AttachVolumeMultiAttachTest-282508890 None] Running cmd (subprocess): sudo cinder-rootwrap /etc/cinder/rootwrap.conf cinder-rtstool save {{(pid=184862) execute /usr/local/lib/python3.12/site-packages/oslo_concurrency/processutils.py:349}}
Jan 22 10:26:31.514230 np0005592324.novalocal sudo[224086]: stack : PWD=/ ; USER=root ; COMMAND=/usr/local/bin/cinder-rootwrap /etc/cinder/rootwrap.conf cinder-rtstool save
Jan 22 10:26:32.085984 np0005592324.novalocal cinder-volume[184862]: DEBUG oslo_concurrency.processutils [req-6610a253-deb6-4537-8164-644d404f9003 req-a3fc7269-c5d6-492e-8145-a8a9c1017eef tempest-AttachVolumeMultiAttachTest-282508890 None] CMD "sudo cinder-rootwrap /etc/cinder/rootwrap.conf cinder-rtstool save" returned: 0 in 0.593s {{(pid=184862) execute /usr/local/lib/python3.12/site-packages/oslo_concurrency/processutils.py:372}}
Jan 22 10:26:32.086662 np0005592324.novalocal cinder-volume[184862]: DEBUG oslo_concurrency.lockutils [req-6610a253-deb6-4537-8164-644d404f9003 req-a3fc7269-c5d6-492e-8145-a8a9c1017eef tempest-AttachVolumeMultiAttachTest-282508890 None] Lock "lioadm" "released" by "cinder.volume.targets.lio.LioAdm._execute" :: held 0.595s {{(pid=184862) inner /usr/local/lib/python3.12/site-packages/oslo_concurrency/lockutils.py:424}}
Jan 22 10:26:32.100621 np0005592324.novalocal cinder-volume[184862]: DEBUG cinder.volume.manager [req-6610a253-deb6-4537-8164-644d404f9003 req-a3fc7269-c5d6-492e-8145-a8a9c1017eef tempest-AttachVolumeMultiAttachTest-282508890 None] Connection info returned from driver {'target_discovered': False, 'target_portal': '38.102.83.245:3260', 'target_iqn': 'iqn.2010-10.org.openstack:volume-38092dfe-21cc-43ae-92f8-a80bef4f13a2', 'target_lun': 0, 'volume_id': '38092dfe-21cc-43ae-92f8-a80bef4f13a2', 'auth_method': 'CHAP', 'auth_username': 'yP6PV988Hd8ddHixcKKk', 'auth_password': '***', 'encrypted': False, 'qos_specs': None, 'access_mode': 'rw', 'cacheable': False, 'driver_volume_type': 'iscsi', 'attachment_id': '78039a8d-373b-4c3a-bafb-5d1dc11264d1', 'enforce_multipath': True} {{(pid=184862) _connection_create /opt/stack/cinder/cinder/volume/manager.py:4893}}
Jan 22 10:26:32.135842 np0005592324.novalocal cinder-volume[184862]: INFO cinder.volume.manager [req-6610a253-deb6-4537-8164-644d404f9003 req-a3fc7269-c5d6-492e-8145-a8a9c1017eef tempest-AttachVolumeMultiAttachTest-282508890 None] attachment_update completed successfully.
Jan 22 10:26:42.132633 np0005592324.novalocal cinder-volume[184862]: DEBUG dbcounter [-] [184862] Writing DB stats cinder:SELECT=30,cinder:UPDATE=4,cinder:INSERT=12,cinder:DELETE=1 {{(pid=184862) stat_writer /usr/local/lib/python3.12/site-packages/dbcounter.py:115}}
Jan 22 10:26:42.134771 np0005592324.novalocal cinder-volume[184862]: DEBUG dbcounter [-] [184862] Writing DB stats cinder:SELECT=12,cinder:UPDATE=7,cinder:INSERT=2 {{(pid=184862) stat_writer /usr/local/lib/python3.12/site-packages/dbcounter.py:115}}
Jan 22 10:26:42.348477 np0005592324.novalocal cinder-volume[184862]: DEBUG oslo_concurrency.processutils [req-f028c434-b2c1-4012-876c-04a26efadd21 req-1a1fa3ec-45ba-493e-a29c-487ba8243d4a tempest-AttachVolumeMultiAttachTest-282508890 None] Running cmd (subprocess): sudo cinder-rootwrap /etc/cinder/rootwrap.conf env LC_ALL=C lvs --noheadings --unit=g -o vg_name,name,size --nosuffix --readonly stack-volumes-lvmdriver-1/volume-38092dfe-21cc-43ae-92f8-a80bef4f13a2 {{(pid=184862) execute /usr/local/lib/python3.12/site-packages/oslo_concurrency/processutils.py:349}}
Jan 22 10:26:42.375945 np0005592324.novalocal sudo[224261]: stack : PWD=/ ; USER=root ; COMMAND=/usr/local/bin/cinder-rootwrap /etc/cinder/rootwrap.conf env LC_ALL=C lvs --noheadings --unit=g -o vg_name,name,size --nosuffix --readonly stack-volumes-lvmdriver-1/volume-38092dfe-21cc-43ae-92f8-a80bef4f13a2
Jan 22 10:26:42.753302 np0005592324.novalocal cinder-volume[184862]: DEBUG oslo_concurrency.processutils [req-f028c434-b2c1-4012-876c-04a26efadd21 req-1a1fa3ec-45ba-493e-a29c-487ba8243d4a tempest-AttachVolumeMultiAttachTest-282508890 None] CMD "sudo cinder-rootwrap /etc/cinder/rootwrap.conf env LC_ALL=C lvs --noheadings --unit=g -o vg_name,name,size --nosuffix --readonly stack-volumes-lvmdriver-1/volume-38092dfe-21cc-43ae-92f8-a80bef4f13a2" returned: 0 in 0.406s {{(pid=184862) execute /usr/local/lib/python3.12/site-packages/oslo_concurrency/processutils.py:372}}
Jan 22 10:26:42.753487 np0005592324.novalocal cinder-volume[184862]: DEBUG oslo_concurrency.processutils [req-f028c434-b2c1-4012-876c-04a26efadd21 req-1a1fa3ec-45ba-493e-a29c-487ba8243d4a tempest-AttachVolumeMultiAttachTest-282508890 None] Running cmd (subprocess): sudo cinder-rootwrap /etc/cinder/rootwrap.conf env LC_ALL=C lvcreate --name _snapshot-a7a70e83-67a9-4ace-894b-b04411c12979 --snapshot stack-volumes-lvmdriver-1/volume-38092dfe-21cc-43ae-92f8-a80bef4f13a2 {{(pid=184862) execute /usr/local/lib/python3.12/site-packages/oslo_concurrency/processutils.py:349}}
Jan 22 10:26:42.785656 np0005592324.novalocal sudo[224266]: stack : PWD=/ ; USER=root ; COMMAND=/usr/local/bin/cinder-rootwrap /etc/cinder/rootwrap.conf env LC_ALL=C lvcreate --name _snapshot-a7a70e83-67a9-4ace-894b-b04411c12979 --snapshot stack-volumes-lvmdriver-1/volume-38092dfe-21cc-43ae-92f8-a80bef4f13a2
Jan 22 10:26:43.207178 np0005592324.novalocal cinder-volume[184862]: DEBUG oslo_concurrency.processutils [req-f028c434-b2c1-4012-876c-04a26efadd21 req-1a1fa3ec-45ba-493e-a29c-487ba8243d4a tempest-AttachVolumeMultiAttachTest-282508890 None] CMD "sudo cinder-rootwrap /etc/cinder/rootwrap.conf env LC_ALL=C lvcreate --name _snapshot-a7a70e83-67a9-4ace-894b-b04411c12979 --snapshot stack-volumes-lvmdriver-1/volume-38092dfe-21cc-43ae-92f8-a80bef4f13a2" returned: 0 in 0.453s {{(pid=184862) execute /usr/local/lib/python3.12/site-packages/oslo_concurrency/processutils.py:372}}
Jan 22 10:26:43.253561 np0005592324.novalocal cinder-volume[184862]: INFO cinder.volume.manager [req-f028c434-b2c1-4012-876c-04a26efadd21 req-1a1fa3ec-45ba-493e-a29c-487ba8243d4a tempest-AttachVolumeMultiAttachTest-282508890 None] Create snapshot completed successfully
Jan 22 10:26:48.218325 np0005592324.novalocal cinder-volume[184862]: DEBUG oslo_concurrency.lockutils [req-28a72785-19d7-41fb-ae05-e73c5dec38a3 req-efb69fa3-bd6b-48e7-82c5-c8bf18d74d0b tempest-AttachVolumeMultiAttachTest-282508890 None] Acquiring lock "lioadm" by "cinder.volume.targets.lio.LioAdm._execute" {{(pid=184862) inner /usr/local/lib/python3.12/site-packages/oslo_concurrency/lockutils.py:405}}
Jan 22 10:26:48.219411 np0005592324.novalocal cinder-volume[184862]: DEBUG oslo_concurrency.lockutils [req-28a72785-19d7-41fb-ae05-e73c5dec38a3 req-efb69fa3-bd6b-48e7-82c5-c8bf18d74d0b tempest-AttachVolumeMultiAttachTest-282508890 None] Lock "lioadm" acquired by "cinder.volume.targets.lio.LioAdm._execute" :: waited 0.001s {{(pid=184862) inner /usr/local/lib/python3.12/site-packages/oslo_concurrency/lockutils.py:410}}
Jan 22 10:26:48.220348 np0005592324.novalocal cinder-volume[184862]: DEBUG oslo_concurrency.processutils [req-28a72785-19d7-41fb-ae05-e73c5dec38a3 req-efb69fa3-bd6b-48e7-82c5-c8bf18d74d0b tempest-AttachVolumeMultiAttachTest-282508890 None] Running cmd (subprocess): sudo cinder-rootwrap /etc/cinder/rootwrap.conf cinder-rtstool delete-initiator iqn.2010-10.org.openstack:volume-38092dfe-21cc-43ae-92f8-a80bef4f13a2 iqn.1994-05.com.redhat:c51830b0a1f2 {{(pid=184862) execute /usr/local/lib/python3.12/site-packages/oslo_concurrency/processutils.py:349}}
Jan 22 10:26:48.248372 np0005592324.novalocal sudo[224389]: stack : PWD=/ ; USER=root ; COMMAND=/usr/local/bin/cinder-rootwrap /etc/cinder/rootwrap.conf cinder-rtstool delete-initiator iqn.2010-10.org.openstack:volume-38092dfe-21cc-43ae-92f8-a80bef4f13a2 iqn.1994-05.com.redhat:c51830b0a1f2
Jan 22 10:26:48.840257 np0005592324.novalocal cinder-volume[184862]: DEBUG oslo_concurrency.processutils [req-28a72785-19d7-41fb-ae05-e73c5dec38a3 req-efb69fa3-bd6b-48e7-82c5-c8bf18d74d0b tempest-AttachVolumeMultiAttachTest-282508890 None] CMD "sudo cinder-rootwrap /etc/cinder/rootwrap.conf cinder-rtstool delete-initiator iqn.2010-10.org.openstack:volume-38092dfe-21cc-43ae-92f8-a80bef4f13a2 iqn.1994-05.com.redhat:c51830b0a1f2" returned: 0 in 0.620s {{(pid=184862) execute /usr/local/lib/python3.12/site-packages/oslo_concurrency/processutils.py:372}}
Jan 22 10:26:48.840562 np0005592324.novalocal cinder-volume[184862]: DEBUG oslo_concurrency.lockutils [req-28a72785-19d7-41fb-ae05-e73c5dec38a3 req-efb69fa3-bd6b-48e7-82c5-c8bf18d74d0b tempest-AttachVolumeMultiAttachTest-282508890 None] Lock "lioadm" "released" by "cinder.volume.targets.lio.LioAdm._execute" :: held 0.621s {{(pid=184862) inner /usr/local/lib/python3.12/site-packages/oslo_concurrency/lockutils.py:424}}
Jan 22 10:26:48.840743 np0005592324.novalocal cinder-volume[184862]: DEBUG oslo_concurrency.lockutils [req-28a72785-19d7-41fb-ae05-e73c5dec38a3 req-efb69fa3-bd6b-48e7-82c5-c8bf18d74d0b tempest-AttachVolumeMultiAttachTest-282508890 None] Acquiring lock "lioadm" by "cinder.volume.targets.lio.LioAdm._execute" {{(pid=184862) inner /usr/local/lib/python3.12/site-packages/oslo_concurrency/lockutils.py:405}}
Jan 22 10:26:48.841052 np0005592324.novalocal cinder-volume[184862]: DEBUG oslo_concurrency.lockutils [req-28a72785-19d7-41fb-ae05-e73c5dec38a3 req-efb69fa3-bd6b-48e7-82c5-c8bf18d74d0b tempest-AttachVolumeMultiAttachTest-282508890 None] Lock "lioadm" acquired by "cinder.volume.targets.lio.LioAdm._execute" :: waited 0.000s {{(pid=184862) inner /usr/local/lib/python3.12/site-packages/oslo_concurrency/lockutils.py:410}}
Jan 22 10:26:48.841394 np0005592324.novalocal cinder-volume[184862]: DEBUG oslo_concurrency.processutils [req-28a72785-19d7-41fb-ae05-e73c5dec38a3 req-efb69fa3-bd6b-48e7-82c5-c8bf18d74d0b tempest-AttachVolumeMultiAttachTest-282508890 None] Running cmd (subprocess): sudo cinder-rootwrap /etc/cinder/rootwrap.conf cinder-rtstool save {{(pid=184862) execute /usr/local/lib/python3.12/site-packages/oslo_concurrency/processutils.py:349}}
Jan 22 10:26:48.858921 np0005592324.novalocal sudo[224395]: stack : PWD=/ ; USER=root ; COMMAND=/usr/local/bin/cinder-rootwrap /etc/cinder/rootwrap.conf cinder-rtstool save
Jan 22 10:26:49.340235 np0005592324.novalocal cinder-volume[184862]: DEBUG oslo_concurrency.processutils [req-28a72785-19d7-41fb-ae05-e73c5dec38a3 req-efb69fa3-bd6b-48e7-82c5-c8bf18d74d0b tempest-AttachVolumeMultiAttachTest-282508890 None] CMD "sudo cinder-rootwrap /etc/cinder/rootwrap.conf cinder-rtstool save" returned: 0 in 0.498s {{(pid=184862) execute /usr/local/lib/python3.12/site-packages/oslo_concurrency/processutils.py:372}}
Jan 22 10:26:49.340872 np0005592324.novalocal cinder-volume[184862]: DEBUG oslo_concurrency.lockutils [req-28a72785-19d7-41fb-ae05-e73c5dec38a3 req-efb69fa3-bd6b-48e7-82c5-c8bf18d74d0b tempest-AttachVolumeMultiAttachTest-282508890 None] Lock "lioadm" "released" by "cinder.volume.targets.lio.LioAdm._execute" :: held 0.499s {{(pid=184862) inner /usr/local/lib/python3.12/site-packages/oslo_concurrency/lockutils.py:424}}
Jan 22 10:26:49.341063 np0005592324.novalocal cinder-volume[184862]: INFO cinder.volume.manager [req-28a72785-19d7-41fb-ae05-e73c5dec38a3 req-efb69fa3-bd6b-48e7-82c5-c8bf18d74d0b tempest-AttachVolumeMultiAttachTest-282508890 None] Terminate volume connection completed successfully.
Jan 22 10:26:49.341549 np0005592324.novalocal cinder-volume[184862]: DEBUG cinder.volume.manager [req-28a72785-19d7-41fb-ae05-e73c5dec38a3 req-efb69fa3-bd6b-48e7-82c5-c8bf18d74d0b tempest-AttachVolumeMultiAttachTest-282508890 None] Deleting attachment 78039a8d-373b-4c3a-bafb-5d1dc11264d1. {{(pid=184862) attachment_delete /opt/stack/cinder/cinder/volume/manager.py:5024}}
Jan 22 10:26:49.342546 np0005592324.novalocal cinder-volume[184862]: DEBUG oslo_concurrency.lockutils [req-28a72785-19d7-41fb-ae05-e73c5dec38a3 req-efb69fa3-bd6b-48e7-82c5-c8bf18d74d0b tempest-AttachVolumeMultiAttachTest-282508890 None] Acquiring lock "lioadm" by "cinder.volume.targets.lio.LioAdm._execute" {{(pid=184862) inner /usr/local/lib/python3.12/site-packages/oslo_concurrency/lockutils.py:405}}
Jan 22 10:26:49.343474 np0005592324.novalocal cinder-volume[184862]: DEBUG oslo_concurrency.lockutils [req-28a72785-19d7-41fb-ae05-e73c5dec38a3 req-efb69fa3-bd6b-48e7-82c5-c8bf18d74d0b tempest-AttachVolumeMultiAttachTest-282508890 None] Lock "lioadm" acquired by "cinder.volume.targets.lio.LioAdm._execute" :: waited 0.001s {{(pid=184862) inner /usr/local/lib/python3.12/site-packages/oslo_concurrency/lockutils.py:410}}
Jan 22 10:26:49.344224 np0005592324.novalocal cinder-volume[184862]: DEBUG oslo_concurrency.processutils [req-28a72785-19d7-41fb-ae05-e73c5dec38a3 req-efb69fa3-bd6b-48e7-82c5-c8bf18d74d0b tempest-AttachVolumeMultiAttachTest-282508890 None] Running cmd (subprocess): sudo cinder-rootwrap /etc/cinder/rootwrap.conf cinder-rtstool get-targets {{(pid=184862) execute /usr/local/lib/python3.12/site-packages/oslo_concurrency/processutils.py:349}}
Jan 22 10:26:49.372132 np0005592324.novalocal sudo[224402]: stack : PWD=/ ; USER=root ; COMMAND=/usr/local/bin/cinder-rootwrap /etc/cinder/rootwrap.conf cinder-rtstool get-targets
Jan 22 10:26:49.972504 np0005592324.novalocal cinder-volume[184862]: DEBUG oslo_concurrency.processutils [req-28a72785-19d7-41fb-ae05-e73c5dec38a3 req-efb69fa3-bd6b-48e7-82c5-c8bf18d74d0b tempest-AttachVolumeMultiAttachTest-282508890 None] CMD "sudo cinder-rootwrap /etc/cinder/rootwrap.conf cinder-rtstool get-targets" returned: 0 in 0.628s {{(pid=184862) execute /usr/local/lib/python3.12/site-packages/oslo_concurrency/processutils.py:372}}
Jan 22 10:26:49.973184 np0005592324.novalocal cinder-volume[184862]: DEBUG oslo_concurrency.lockutils [req-28a72785-19d7-41fb-ae05-e73c5dec38a3 req-efb69fa3-bd6b-48e7-82c5-c8bf18d74d0b tempest-AttachVolumeMultiAttachTest-282508890 None] Lock "lioadm" "released" by "cinder.volume.targets.lio.LioAdm._execute" :: held 0.630s {{(pid=184862) inner /usr/local/lib/python3.12/site-packages/oslo_concurrency/lockutils.py:424}}
Jan 22 10:26:49.973551 np0005592324.novalocal cinder-volume[184862]: INFO cinder.volume.targets.lio [req-28a72785-19d7-41fb-ae05-e73c5dec38a3 req-efb69fa3-bd6b-48e7-82c5-c8bf18d74d0b tempest-AttachVolumeMultiAttachTest-282508890 None] Removing iscsi_target: 38092dfe-21cc-43ae-92f8-a80bef4f13a2
Jan 22 10:26:49.974069 np0005592324.novalocal cinder-volume[184862]: DEBUG oslo_concurrency.lockutils [req-28a72785-19d7-41fb-ae05-e73c5dec38a3 req-efb69fa3-bd6b-48e7-82c5-c8bf18d74d0b tempest-AttachVolumeMultiAttachTest-282508890 None] Acquiring lock "lioadm" by "cinder.volume.targets.lio.LioAdm._execute" {{(pid=184862) inner /usr/local/lib/python3.12/site-packages/oslo_concurrency/lockutils.py:405}}
Jan 22 10:26:49.974703 np0005592324.novalocal cinder-volume[184862]: DEBUG oslo_concurrency.lockutils [req-28a72785-19d7-41fb-ae05-e73c5dec38a3 req-efb69fa3-bd6b-48e7-82c5-c8bf18d74d0b tempest-AttachVolumeMultiAttachTest-282508890 None] Lock "lioadm" acquired by "cinder.volume.targets.lio.LioAdm._execute" :: waited 0.001s {{(pid=184862) inner /usr/local/lib/python3.12/site-packages/oslo_concurrency/lockutils.py:410}}
Jan 22 10:26:49.975343 np0005592324.novalocal cinder-volume[184862]: DEBUG oslo_concurrency.processutils [req-28a72785-19d7-41fb-ae05-e73c5dec38a3 req-efb69fa3-bd6b-48e7-82c5-c8bf18d74d0b tempest-AttachVolumeMultiAttachTest-282508890 None] Running cmd (subprocess): sudo cinder-rootwrap /etc/cinder/rootwrap.conf cinder-rtstool delete iqn.2010-10.org.openstack:volume-38092dfe-21cc-43ae-92f8-a80bef4f13a2 {{(pid=184862) execute /usr/local/lib/python3.12/site-packages/oslo_concurrency/processutils.py:349}}
Jan 22 10:26:50.011681 np0005592324.novalocal sudo[224408]: stack : PWD=/ ; USER=root ; COMMAND=/usr/local/bin/cinder-rootwrap /etc/cinder/rootwrap.conf cinder-rtstool delete iqn.2010-10.org.openstack:volume-38092dfe-21cc-43ae-92f8-a80bef4f13a2
Jan 22 10:26:50.636746 np0005592324.novalocal cinder-volume[184862]: DEBUG oslo_concurrency.processutils [req-28a72785-19d7-41fb-ae05-e73c5dec38a3 req-efb69fa3-bd6b-48e7-82c5-c8bf18d74d0b tempest-AttachVolumeMultiAttachTest-282508890 None] CMD "sudo cinder-rootwrap /etc/cinder/rootwrap.conf cinder-rtstool delete iqn.2010-10.org.openstack:volume-38092dfe-21cc-43ae-92f8-a80bef4f13a2" returned: 0 in 0.661s {{(pid=184862) execute /usr/local/lib/python3.12/site-packages/oslo_concurrency/processutils.py:372}}
Jan 22 10:26:50.637531 np0005592324.novalocal cinder-volume[184862]: DEBUG oslo_concurrency.lockutils [req-28a72785-19d7-41fb-ae05-e73c5dec38a3 req-efb69fa3-bd6b-48e7-82c5-c8bf18d74d0b tempest-AttachVolumeMultiAttachTest-282508890 None] Lock "lioadm" "released" by "cinder.volume.targets.lio.LioAdm._execute" :: held 0.663s {{(pid=184862) inner /usr/local/lib/python3.12/site-packages/oslo_concurrency/lockutils.py:424}}
Jan 22 10:26:50.637863 np0005592324.novalocal cinder-volume[184862]: DEBUG oslo_concurrency.lockutils [req-28a72785-19d7-41fb-ae05-e73c5dec38a3 req-efb69fa3-bd6b-48e7-82c5-c8bf18d74d0b tempest-AttachVolumeMultiAttachTest-282508890 None] Acquiring lock "lioadm" by "cinder.volume.targets.lio.LioAdm._execute" {{(pid=184862) inner /usr/local/lib/python3.12/site-packages/oslo_concurrency/lockutils.py:405}}
Jan 22 10:26:50.639051 np0005592324.novalocal cinder-volume[184862]: DEBUG oslo_concurrency.lockutils [req-28a72785-19d7-41fb-ae05-e73c5dec38a3 req-efb69fa3-bd6b-48e7-82c5-c8bf18d74d0b tempest-AttachVolumeMultiAttachTest-282508890 None] Lock "lioadm" acquired by "cinder.volume.targets.lio.LioAdm._execute" :: waited 0.001s {{(pid=184862) inner /usr/local/lib/python3.12/site-packages/oslo_concurrency/lockutils.py:410}}
Jan 22 10:26:50.639732 np0005592324.novalocal cinder-volume[184862]: DEBUG oslo_concurrency.processutils [req-28a72785-19d7-41fb-ae05-e73c5dec38a3 req-efb69fa3-bd6b-48e7-82c5-c8bf18d74d0b tempest-AttachVolumeMultiAttachTest-282508890 None] Running cmd (subprocess): sudo cinder-rootwrap /etc/cinder/rootwrap.conf cinder-rtstool save {{(pid=184862) execute /usr/local/lib/python3.12/site-packages/oslo_concurrency/processutils.py:349}}
Jan 22 10:26:50.657043 np0005592324.novalocal sudo[224417]: stack : PWD=/ ; USER=root ; COMMAND=/usr/local/bin/cinder-rootwrap /etc/cinder/rootwrap.conf cinder-rtstool save
Jan 22 10:26:51.199061 np0005592324.novalocal cinder-volume[184862]: DEBUG oslo_concurrency.processutils [req-28a72785-19d7-41fb-ae05-e73c5dec38a3 req-efb69fa3-bd6b-48e7-82c5-c8bf18d74d0b tempest-AttachVolumeMultiAttachTest-282508890 None] CMD "sudo cinder-rootwrap /etc/cinder/rootwrap.conf cinder-rtstool save" returned: 0 in 0.559s {{(pid=184862) execute /usr/local/lib/python3.12/site-packages/oslo_concurrency/processutils.py:372}}
Jan 22 10:26:51.199534 np0005592324.novalocal cinder-volume[184862]: DEBUG oslo_concurrency.lockutils [req-28a72785-19d7-41fb-ae05-e73c5dec38a3 req-efb69fa3-bd6b-48e7-82c5-c8bf18d74d0b tempest-AttachVolumeMultiAttachTest-282508890 None] Lock "lioadm" "released" by "cinder.volume.targets.lio.LioAdm._execute" :: held 0.561s {{(pid=184862) inner /usr/local/lib/python3.12/site-packages/oslo_concurrency/lockutils.py:424}}
Jan 22 10:26:56.868917 np0005592324.novalocal cinder-volume[184862]: DEBUG cinder.coordination [None req-cc0b9f12-b335-4fff-9d3a-3af747568367 tempest-AttachVolumeMultiAttachTest-282508890 None] Acquiring lock "cinder-38092dfe-21cc-43ae-92f8-a80bef4f13a2-delete_volume" by "delete_volume" {{(pid=184862) __acquire /opt/stack/cinder/cinder/coordination.py:143}}
Jan 22 10:26:56.886358 np0005592324.novalocal cinder-volume[184862]: DEBUG cinder.coordination [None req-cc0b9f12-b335-4fff-9d3a-3af747568367 tempest-AttachVolumeMultiAttachTest-282508890 None] Lock "cinder-38092dfe-21cc-43ae-92f8-a80bef4f13a2-delete_volume" acquired by "delete_volume" :: waited 0.017s {{(pid=184862) __acquire /opt/stack/cinder/cinder/coordination.py:146}}
Jan 22 10:26:56.913979 np0005592324.novalocal cinder-volume[184862]: DEBUG oslo_concurrency.lockutils [None req-cc0b9f12-b335-4fff-9d3a-3af747568367 tempest-AttachVolumeMultiAttachTest-282508890 None] Acquiring lock "lioadm" by "cinder.volume.targets.lio.LioAdm._execute" {{(pid=184862) inner /usr/local/lib/python3.12/site-packages/oslo_concurrency/lockutils.py:405}}
Jan 22 10:26:56.914420 np0005592324.novalocal cinder-volume[184862]: DEBUG oslo_concurrency.lockutils [None req-cc0b9f12-b335-4fff-9d3a-3af747568367 tempest-AttachVolumeMultiAttachTest-282508890 None] Lock "lioadm" acquired by "cinder.volume.targets.lio.LioAdm._execute" :: waited 0.001s {{(pid=184862) inner /usr/local/lib/python3.12/site-packages/oslo_concurrency/lockutils.py:410}}
Jan 22 10:26:56.914913 np0005592324.novalocal cinder-volume[184862]: DEBUG oslo_concurrency.processutils [None req-cc0b9f12-b335-4fff-9d3a-3af747568367 tempest-AttachVolumeMultiAttachTest-282508890 None] Running cmd (subprocess): sudo cinder-rootwrap /etc/cinder/rootwrap.conf cinder-rtstool get-targets {{(pid=184862) execute /usr/local/lib/python3.12/site-packages/oslo_concurrency/processutils.py:349}}
Jan 22 10:26:56.943765 np0005592324.novalocal sudo[224441]: stack : PWD=/ ; USER=root ; COMMAND=/usr/local/bin/cinder-rootwrap /etc/cinder/rootwrap.conf cinder-rtstool get-targets
Jan 22 10:26:57.424793 np0005592324.novalocal cinder-volume[184862]: DEBUG oslo_concurrency.processutils [None req-cc0b9f12-b335-4fff-9d3a-3af747568367 tempest-AttachVolumeMultiAttachTest-282508890 None] CMD "sudo cinder-rootwrap /etc/cinder/rootwrap.conf cinder-rtstool get-targets" returned: 0 in 0.510s {{(pid=184862) execute /usr/local/lib/python3.12/site-packages/oslo_concurrency/processutils.py:372}}
Jan 22 10:26:57.425149 np0005592324.novalocal cinder-volume[184862]: DEBUG oslo_concurrency.lockutils [None req-cc0b9f12-b335-4fff-9d3a-3af747568367 tempest-AttachVolumeMultiAttachTest-282508890 None] Lock "lioadm" "released" by "cinder.volume.targets.lio.LioAdm._execute" :: held 0.511s {{(pid=184862) inner /usr/local/lib/python3.12/site-packages/oslo_concurrency/lockutils.py:424}}
Jan 22 10:26:57.425426 np0005592324.novalocal cinder-volume[184862]: INFO cinder.volume.targets.iscsi [None req-cc0b9f12-b335-4fff-9d3a-3af747568367 tempest-AttachVolumeMultiAttachTest-282508890 None] Skipping remove_export. No iscsi_target is presently exported for volume: 38092dfe-21cc-43ae-92f8-a80bef4f13a2
Jan 22 10:26:57.425616 np0005592324.novalocal cinder-volume[184862]: DEBUG cinder.volume.manager [None req-cc0b9f12-b335-4fff-9d3a-3af747568367 tempest-AttachVolumeMultiAttachTest-282508890 None] Performing cascade delete. {{(pid=184862) delete_volume /opt/stack/cinder/cinder/volume/manager.py:995}}
Jan 22 10:26:57.431125 np0005592324.novalocal cinder-volume[184862]: DEBUG cinder.coordination [None req-cc0b9f12-b335-4fff-9d3a-3af747568367 tempest-AttachVolumeMultiAttachTest-282508890 None] Acquiring lock "cinder-a7a70e83-67a9-4ace-894b-b04411c12979-delete_snapshot" by "delete_snapshot" {{(pid=184862) __acquire /opt/stack/cinder/cinder/coordination.py:143}}
Jan 22 10:26:57.437074 np0005592324.novalocal cinder-volume[184862]: DEBUG cinder.coordination [None req-cc0b9f12-b335-4fff-9d3a-3af747568367 tempest-AttachVolumeMultiAttachTest-282508890 None] Lock "cinder-a7a70e83-67a9-4ace-894b-b04411c12979-delete_snapshot" acquired by "delete_snapshot" :: waited 0.006s {{(pid=184862) __acquire /opt/stack/cinder/cinder/coordination.py:146}}
Jan 22 10:26:57.438224 np0005592324.novalocal cinder-volume[184862]: DEBUG oslo_concurrency.processutils [None req-cc0b9f12-b335-4fff-9d3a-3af747568367 tempest-AttachVolumeMultiAttachTest-282508890 None] Running cmd (subprocess): sudo cinder-rootwrap /etc/cinder/rootwrap.conf env LC_ALL=C lvs --noheadings --unit=g -o vg_name,name,size --nosuffix --readonly stack-volumes-lvmdriver-1/_snapshot-a7a70e83-67a9-4ace-894b-b04411c12979 {{(pid=184862) execute /usr/local/lib/python3.12/site-packages/oslo_concurrency/processutils.py:349}}
Jan 22 10:26:57.461375 np0005592324.novalocal sudo[224461]: stack : PWD=/ ; USER=root ; COMMAND=/usr/local/bin/cinder-rootwrap /etc/cinder/rootwrap.conf env LC_ALL=C lvs --noheadings --unit=g -o vg_name,name,size --nosuffix --readonly stack-volumes-lvmdriver-1/_snapshot-a7a70e83-67a9-4ace-894b-b04411c12979
Jan 22 10:26:57.795795 np0005592324.novalocal cinder-volume[184862]: DEBUG oslo_concurrency.processutils [None req-cc0b9f12-b335-4fff-9d3a-3af747568367 tempest-AttachVolumeMultiAttachTest-282508890 None] CMD "sudo cinder-rootwrap /etc/cinder/rootwrap.conf env LC_ALL=C lvs --noheadings --unit=g -o vg_name,name,size --nosuffix --readonly stack-volumes-lvmdriver-1/_snapshot-a7a70e83-67a9-4ace-894b-b04411c12979" returned: 0 in 0.357s {{(pid=184862) execute /usr/local/lib/python3.12/site-packages/oslo_concurrency/processutils.py:372}}
