Jan 22 10:19:45.314312 np0005592324.novalocal cinder-volume[184862]: DEBUG cinder.volume.manager [None req-f39de0d5-d894-4f22-b02b-21c6e1fb43d5 tempest-VolumesTransfersV355Test-184508115 None] Task 'cinder.volume.flows.manager.create_volume.CreateVolumeOnFinishTask;volume:create, create.end' (26a12f85-4ec8-4366-ac6e-2af48b804dbc) transitioned into state 'SUCCESS' from state 'RUNNING' with result 'None' {{(pid=184862) _task_receiver /usr/local/lib/python3.12/site-packages/taskflow/listeners/logging.py:182}}
Jan 22 10:19:45.317132 np0005592324.novalocal cinder-volume[184862]: DEBUG cinder.volume.manager [None req-f39de0d5-d894-4f22-b02b-21c6e1fb43d5 tempest-VolumesTransfersV355Test-184508115 None] Flow 'volume_create_manager' (98657117-4ed3-47f6-a228-bc3d6442a99f) transitioned into state 'SUCCESS' from state 'RUNNING' {{(pid=184862) _flow_receiver /usr/local/lib/python3.12/site-packages/taskflow/listeners/logging.py:145}}
Jan 22 10:19:45.324066 np0005592324.novalocal cinder-volume[184862]: INFO cinder.volume.manager [None req-f39de0d5-d894-4f22-b02b-21c6e1fb43d5 tempest-VolumesTransfersV355Test-184508115 None] Created volume successfully.
Jan 22 10:19:46.040646 np0005592324.novalocal cinder-volume[184862]: INFO cinder.volume.manager [None req-d7527d6a-9bc3-4273-999f-15416b9101e3 tempest-VolumesTransfersV355Test-824297403 None] Transfer volume completed successfully.
Jan 22 10:19:46.852264 np0005592324.novalocal cinder-volume[184862]: DEBUG cinder.coordination [None req-5a852ddc-2dd9-4b78-bad1-ab28d8ebc9a8 tempest-VolumesTransfersV355Test-1541845350 None] Acquiring lock "cinder-91da3bc3-fad8-49d8-8654-8f92100e8b3e-delete_volume" by "delete_volume" {{(pid=184862) __acquire /opt/stack/cinder/cinder/coordination.py:143}}
Jan 22 10:19:46.859445 np0005592324.novalocal cinder-volume[184862]: DEBUG cinder.coordination [None req-5a852ddc-2dd9-4b78-bad1-ab28d8ebc9a8 tempest-VolumesTransfersV355Test-1541845350 None] Lock "cinder-91da3bc3-fad8-49d8-8654-8f92100e8b3e-delete_volume" acquired by "delete_volume" :: waited 0.009s {{(pid=184862) __acquire /opt/stack/cinder/cinder/coordination.py:146}}
Jan 22 10:19:46.872234 np0005592324.novalocal cinder-volume[184862]: INFO cinder.volume.targets.iscsi [None req-5a852ddc-2dd9-4b78-bad1-ab28d8ebc9a8 tempest-VolumesTransfersV355Test-1541845350 None] Skipping remove_export. No iscsi_target is presently exported for volume: 91da3bc3-fad8-49d8-8654-8f92100e8b3e
Jan 22 10:19:46.872832 np0005592324.novalocal cinder-volume[184862]: DEBUG oslo_concurrency.processutils [None req-5a852ddc-2dd9-4b78-bad1-ab28d8ebc9a8 tempest-VolumesTransfersV355Test-1541845350 None] Running cmd (subprocess): sudo cinder-rootwrap /etc/cinder/rootwrap.conf env LC_ALL=C lvs --noheadings --unit=g -o vg_name,name,size --nosuffix --readonly stack-volumes-lvmdriver-1/volume-91da3bc3-fad8-49d8-8654-8f92100e8b3e {{(pid=184862) execute /usr/local/lib/python3.12/site-packages/oslo_concurrency/processutils.py:349}}
Jan 22 10:19:46.892583 np0005592324.novalocal sudo[216596]: stack : PWD=/ ; USER=root ; COMMAND=/usr/local/bin/cinder-rootwrap /etc/cinder/rootwrap.conf env LC_ALL=C lvs --noheadings --unit=g -o vg_name,name,size --nosuffix --readonly stack-volumes-lvmdriver-1/volume-91da3bc3-fad8-49d8-8654-8f92100e8b3e
Jan 22 10:19:47.231614 np0005592324.novalocal cinder-volume[184862]: DEBUG oslo_concurrency.processutils [None req-5a852ddc-2dd9-4b78-bad1-ab28d8ebc9a8 tempest-VolumesTransfersV355Test-1541845350 None] CMD "sudo cinder-rootwrap /etc/cinder/rootwrap.conf env LC_ALL=C lvs --noheadings --unit=g -o vg_name,name,size --nosuffix --readonly stack-volumes-lvmdriver-1/volume-91da3bc3-fad8-49d8-8654-8f92100e8b3e" returned: 0 in 0.358s {{(pid=184862) execute /usr/local/lib/python3.12/site-packages/oslo_concurrency/processutils.py:372}}
Jan 22 10:19:47.232403 np0005592324.novalocal cinder-volume[184862]: DEBUG oslo_concurrency.processutils [None req-5a852ddc-2dd9-4b78-bad1-ab28d8ebc9a8 tempest-VolumesTransfersV355Test-1541845350 None] Running cmd (subprocess): sudo cinder-rootwrap /etc/cinder/rootwrap.conf env LC_ALL=C lvdisplay --noheading -C -o Attr --readonly stack-volumes-lvmdriver-1/volume-91da3bc3-fad8-49d8-8654-8f92100e8b3e {{(pid=184862) execute /usr/local/lib/python3.12/site-packages/oslo_concurrency/processutils.py:349}}
Jan 22 10:19:47.258939 np0005592324.novalocal sudo[216601]: stack : PWD=/ ; USER=root ; COMMAND=/usr/local/bin/cinder-rootwrap /etc/cinder/rootwrap.conf env LC_ALL=C lvdisplay --noheading -C -o Attr --readonly stack-volumes-lvmdriver-1/volume-91da3bc3-fad8-49d8-8654-8f92100e8b3e
Jan 22 10:19:47.604790 np0005592324.novalocal cinder-volume[184862]: DEBUG oslo_concurrency.processutils [None req-5a852ddc-2dd9-4b78-bad1-ab28d8ebc9a8 tempest-VolumesTransfersV355Test-1541845350 None] CMD "sudo cinder-rootwrap /etc/cinder/rootwrap.conf env LC_ALL=C lvdisplay --noheading -C -o Attr --readonly stack-volumes-lvmdriver-1/volume-91da3bc3-fad8-49d8-8654-8f92100e8b3e" returned: 0 in 0.372s {{(pid=184862) execute /usr/local/lib/python3.12/site-packages/oslo_concurrency/processutils.py:372}}
Jan 22 10:19:47.608611 np0005592324.novalocal cinder-volume[184862]: DEBUG oslo_concurrency.processutils [None req-5a852ddc-2dd9-4b78-bad1-ab28d8ebc9a8 tempest-VolumesTransfersV355Test-1541845350 None] Running cmd (subprocess): sudo cinder-rootwrap /etc/cinder/rootwrap.conf lvremove --config activation { retry_deactivation = 1} -f stack-volumes-lvmdriver-1/volume-91da3bc3-fad8-49d8-8654-8f92100e8b3e {{(pid=184862) execute /usr/local/lib/python3.12/site-packages/oslo_concurrency/processutils.py:349}}
Jan 22 10:19:47.631242 np0005592324.novalocal sudo[216606]: stack : PWD=/ ; USER=root ; COMMAND=/usr/local/bin/cinder-rootwrap /etc/cinder/rootwrap.conf lvremove --config 'activation { retry_deactivation = 1} ' -f stack-volumes-lvmdriver-1/volume-91da3bc3-fad8-49d8-8654-8f92100e8b3e
Jan 22 10:19:48.104103 np0005592324.novalocal cinder-volume[184862]: DEBUG oslo_concurrency.processutils [None req-5a852ddc-2dd9-4b78-bad1-ab28d8ebc9a8 tempest-VolumesTransfersV355Test-1541845350 None] CMD "sudo cinder-rootwrap /etc/cinder/rootwrap.conf lvremove --config activation { retry_deactivation = 1} -f stack-volumes-lvmdriver-1/volume-91da3bc3-fad8-49d8-8654-8f92100e8b3e" returned: 0 in 0.496s {{(pid=184862) execute /usr/local/lib/python3.12/site-packages/oslo_concurrency/processutils.py:372}}
Jan 22 10:19:48.105572 np0005592324.novalocal cinder-volume[184862]: INFO cinder.volume.drivers.lvm [None req-5a852ddc-2dd9-4b78-bad1-ab28d8ebc9a8 tempest-VolumesTransfersV355Test-1541845350 None] Successfully deleted volume: 91da3bc3-fad8-49d8-8654-8f92100e8b3e
Jan 22 10:19:48.137540 np0005592324.novalocal cinder-volume[184862]: DEBUG cinder.quota [None req-5a852ddc-2dd9-4b78-bad1-ab28d8ebc9a8 tempest-VolumesTransfersV355Test-1541845350 None] Created reservations ['49ae1cad-2930-47e3-a48f-fdddac339dab', '6f080f1d-c60a-4cbc-82e1-c1fdaf736f08', '743e6cd9-f25f-4006-a104-dadb185e0f7c', '674a5152-f22a-476e-99ae-da862c0f9b67'] {{(pid=184862) reserve /opt/stack/cinder/cinder/quota.py:752}}
Jan 22 10:19:48.163789 np0005592324.novalocal cinder-volume[184862]: DEBUG cinder.volume.drivers.lvm [None req-5a852ddc-2dd9-4b78-bad1-ab28d8ebc9a8 tempest-VolumesTransfersV355Test-1541845350 None] Updating volume stats {{(pid=184862) _update_volume_stats /opt/stack/cinder/cinder/volume/drivers/lvm.py:228}}
Jan 22 10:19:48.164131 np0005592324.novalocal cinder-volume[184862]: DEBUG oslo_concurrency.processutils [None req-5a852ddc-2dd9-4b78-bad1-ab28d8ebc9a8 tempest-VolumesTransfersV355Test-1541845350 None] Running cmd (subprocess): sudo cinder-rootwrap /etc/cinder/rootwrap.conf env LC_ALL=C vgs --noheadings --unit=g -o name,size,free,lv_count,uuid --separator : --nosuffix stack-volumes-lvmdriver-1 {{(pid=184862) execute /usr/local/lib/python3.12/site-packages/oslo_concurrency/processutils.py:349}}
Jan 22 10:19:48.191299 np0005592324.novalocal sudo[216613]: stack : PWD=/ ; USER=root ; COMMAND=/usr/local/bin/cinder-rootwrap /etc/cinder/rootwrap.conf env LC_ALL=C vgs --noheadings --unit=g -o name,size,free,lv_count,uuid --separator : --nosuffix stack-volumes-lvmdriver-1
Jan 22 10:19:48.592808 np0005592324.novalocal cinder-volume[184862]: DEBUG oslo_concurrency.processutils [None req-5a852ddc-2dd9-4b78-bad1-ab28d8ebc9a8 tempest-VolumesTransfersV355Test-1541845350 None] CMD "sudo cinder-rootwrap /etc/cinder/rootwrap.conf env LC_ALL=C vgs --noheadings --unit=g -o name,size,free,lv_count,uuid --separator : --nosuffix stack-volumes-lvmdriver-1" returned: 0 in 0.428s {{(pid=184862) execute /usr/local/lib/python3.12/site-packages/oslo_concurrency/processutils.py:372}}
Jan 22 10:19:48.593952 np0005592324.novalocal cinder-volume[184862]: DEBUG oslo_concurrency.processutils [None req-5a852ddc-2dd9-4b78-bad1-ab28d8ebc9a8 tempest-VolumesTransfersV355Test-1541845350 None] Running cmd (subprocess): sudo cinder-rootwrap /etc/cinder/rootwrap.conf env LC_ALL=C lvs --noheadings --unit=g -o vg_name,name,size --nosuffix --readonly stack-volumes-lvmdriver-1 {{(pid=184862) execute /usr/local/lib/python3.12/site-packages/oslo_concurrency/processutils.py:349}}
Jan 22 10:19:48.620239 np0005592324.novalocal sudo[216618]: stack : PWD=/ ; USER=root ; COMMAND=/usr/local/bin/cinder-rootwrap /etc/cinder/rootwrap.conf env LC_ALL=C lvs --noheadings --unit=g -o vg_name,name,size --nosuffix --readonly stack-volumes-lvmdriver-1
Jan 22 10:19:49.047704 np0005592324.novalocal cinder-volume[184862]: DEBUG oslo_concurrency.processutils [None req-5a852ddc-2dd9-4b78-bad1-ab28d8ebc9a8 tempest-VolumesTransfersV355Test-1541845350 None] CMD "sudo cinder-rootwrap /etc/cinder/rootwrap.conf env LC_ALL=C lvs --noheadings --unit=g -o vg_name,name,size --nosuffix --readonly stack-volumes-lvmdriver-1" returned: 0 in 0.453s {{(pid=184862) execute /usr/local/lib/python3.12/site-packages/oslo_concurrency/processutils.py:372}}
Jan 22 10:19:49.051696 np0005592324.novalocal cinder-volume[184862]: DEBUG oslo_concurrency.processutils [None req-5a852ddc-2dd9-4b78-bad1-ab28d8ebc9a8 tempest-VolumesTransfersV355Test-1541845350 None] Running cmd (subprocess): sudo cinder-rootwrap /etc/cinder/rootwrap.conf env LC_ALL=C lvs --noheadings --unit=g -o size,data_percent --separator : --nosuffix /dev/stack-volumes-lvmdriver-1/stack-volumes-lvmdriver-1-pool {{(pid=184862) execute /usr/local/lib/python3.12/site-packages/oslo_concurrency/processutils.py:349}}
Jan 22 10:19:49.081338 np0005592324.novalocal sudo[216623]: stack : PWD=/ ; USER=root ; COMMAND=/usr/local/bin/cinder-rootwrap /etc/cinder/rootwrap.conf env LC_ALL=C lvs --noheadings --unit=g -o size,data_percent --separator : --nosuffix /dev/stack-volumes-lvmdriver-1/stack-volumes-lvmdriver-1-pool
Jan 22 10:19:49.227063 np0005592324.novalocal cinder-volume[184862]: DEBUG cinder.volume.flows.manager.create_volume [None req-9c44a00a-3788-47aa-865a-4e227672c622 tempest-VolumesTransfersV355Test-184508115 None] Volume reschedule parameters: True retry: {'num_attempts': 1, 'backends': ['np0005592324.novalocal@lvmdriver-1#lvmdriver-1'], 'hosts': ['np0005592324.novalocal@lvmdriver-1#lvmdriver-1']} {{(pid=184862) get_flow /opt/stack/cinder/cinder/volume/flows/manager/create_volume.py:1388}}
Jan 22 10:19:49.233214 np0005592324.novalocal cinder-volume[184862]: DEBUG cinder.volume.manager [None req-9c44a00a-3788-47aa-865a-4e227672c622 tempest-VolumesTransfersV355Test-184508115 None] Flow 'volume_create_manager' (85c2ae73-01d2-4661-8df6-1f6762a56b4c) transitioned into state 'RUNNING' from state 'PENDING' {{(pid=184862) _flow_receiver /usr/local/lib/python3.12/site-packages/taskflow/listeners/logging.py:145}}
Jan 22 10:19:49.235027 np0005592324.novalocal cinder-volume[184862]: DEBUG cinder.volume.manager [None req-9c44a00a-3788-47aa-865a-4e227672c622 tempest-VolumesTransfersV355Test-184508115 None] Task 'cinder.volume.flows.manager.create_volume.ExtractVolumeRefTask;volume:create' (b60e614f-0ef6-4c88-9ecd-e7308aaf7bdb) transitioned into state 'RUNNING' from state 'PENDING' {{(pid=184862) _task_receiver /usr/local/lib/python3.12/site-packages/taskflow/listeners/logging.py:194}}
Jan 22 10:19:49.242962 np0005592324.novalocal cinder-volume[184862]: DEBUG cinder.volume.manager [None req-9c44a00a-3788-47aa-865a-4e227672c622 tempest-VolumesTransfersV355Test-184508115 None] Task 'cinder.volume.flows.manager.create_volume.ExtractVolumeRefTask;volume:create' (b60e614f-0ef6-4c88-9ecd-e7308aaf7bdb) transitioned into state 'SUCCESS' from state 'RUNNING' with result 'Volume(_name_id=None,admin_metadata=,attach_status='detached',availability_zone='nova',bootable=False,cluster=,cluster_name=None,consistencygroup=,consistencygroup_id=None,created_at=2026-01-22T15:19:49Z,deleted=False,deleted_at=None,display_description=None,display_name='tempest-VolumesTransfersV355Test-Volume-1226686829',ec2_id=None,encryption_key_id=None,glance_metadata=,group=,group_id=None,host='np0005592324.novalocal@lvmdriver-1#lvmdriver-1',id=3ca6913e-9afa-4d4a-8178-f0365ed1b0e0,launched_at=None,metadata={},migration_status=None,multiattach=False,previous_status=None,project_id='69ded0d9ee9a45ce9172b5683e618d4b',provider_auth=None,provider_geometry=None,provider_id=None,provider_location=None,replication_driver_data=None,replication_extended_status=None,replication_status=None,scheduled_at=2026-01-22T15:19:49Z,service_uuid=None,shared_targets=True,size=1,snapshot_id=None,snapshots=,source_volid=None,status='creating',terminated_at=None,updated_at=2026-01-22T15:19:49Z,use_quota=True,user_id='aea6473280e44e20a9d32266b0aa8202',volume_attachment=VolumeAttachmentList,volume_type=VolumeType(d32eda9a-7ff9-443b-adbb-d3691c157d72),volume_type_id=d32eda9a-7ff9-443b-adbb-d3691c157d72)' {{(pid=184862) _task_receiver /usr/local/lib/python3.12/site-packages/taskflow/listeners/logging.py:182}}
Jan 22 10:19:49.244611 np0005592324.novalocal cinder-volume[184862]: DEBUG cinder.volume.manager [None req-9c44a00a-3788-47aa-865a-4e227672c622 tempest-VolumesTransfersV355Test-184508115 None] Task 'cinder.volume.flows.manager.create_volume.OnFailureRescheduleTask;volume:create' (73454a6b-51fa-4b5c-917d-e2ac634a75e0) transitioned into state 'RUNNING' from state 'PENDING' {{(pid=184862) _task_receiver /usr/local/lib/python3.12/site-packages/taskflow/listeners/logging.py:194}}
Jan 22 10:19:49.245826 np0005592324.novalocal cinder-volume[184862]: DEBUG cinder.volume.manager [None req-9c44a00a-3788-47aa-865a-4e227672c622 tempest-VolumesTransfersV355Test-184508115 None] Task 'cinder.volume.flows.manager.create_volume.OnFailureRescheduleTask;volume:create' (73454a6b-51fa-4b5c-917d-e2ac634a75e0) transitioned into state 'SUCCESS' from state 'RUNNING' with result 'None' {{(pid=184862) _task_receiver /usr/local/lib/python3.12/site-packages/taskflow/listeners/logging.py:182}}
Jan 22 10:19:49.247322 np0005592324.novalocal cinder-volume[184862]: DEBUG cinder.volume.manager [None req-9c44a00a-3788-47aa-865a-4e227672c622 tempest-VolumesTransfersV355Test-184508115 None] Task 'cinder.volume.flows.manager.create_volume.ExtractVolumeSpecTask;volume:create' (d88ac57a-d878-4ced-9782-f7dc917ad773) transitioned into state 'RUNNING' from state 'PENDING' {{(pid=184862) _task_receiver /usr/local/lib/python3.12/site-packages/taskflow/listeners/logging.py:194}}
Jan 22 10:19:49.248627 np0005592324.novalocal cinder-volume[184862]: DEBUG cinder.volume.manager [None req-9c44a00a-3788-47aa-865a-4e227672c622 tempest-VolumesTransfersV355Test-184508115 None] Task 'cinder.volume.flows.manager.create_volume.ExtractVolumeSpecTask;volume:create' (d88ac57a-d878-4ced-9782-f7dc917ad773) transitioned into state 'SUCCESS' from state 'RUNNING' with result '{'status': 'creating', 'type': 'raw', 'volume_id': '3ca6913e-9afa-4d4a-8178-f0365ed1b0e0', 'volume_name': 'volume-3ca6913e-9afa-4d4a-8178-f0365ed1b0e0', 'volume_size': 1}' {{(pid=184862) _task_receiver /usr/local/lib/python3.12/site-packages/taskflow/listeners/logging.py:182}}
Jan 22 10:19:49.252465 np0005592324.novalocal cinder-volume[184862]: DEBUG cinder.volume.manager [None req-9c44a00a-3788-47aa-865a-4e227672c622 tempest-VolumesTransfersV355Test-184508115 None] Task 'cinder.volume.flows.manager.create_volume.NotifyVolumeActionTask;volume:create, create.start' (f9e14722-de6b-4d90-9516-902bb8dd460c) transitioned into state 'RUNNING' from state 'PENDING' {{(pid=184862) _task_receiver /usr/local/lib/python3.12/site-packages/taskflow/listeners/logging.py:194}}
Jan 22 10:19:49.252465 np0005592324.novalocal cinder-volume[184862]: DEBUG cinder.volume.manager [None req-9c44a00a-3788-47aa-865a-4e227672c622 tempest-VolumesTransfersV355Test-184508115 None] Task 'cinder.volume.flows.manager.create_volume.NotifyVolumeActionTask;volume:create, create.start' (f9e14722-de6b-4d90-9516-902bb8dd460c) transitioned into state 'SUCCESS' from state 'RUNNING' with result 'None' {{(pid=184862) _task_receiver /usr/local/lib/python3.12/site-packages/taskflow/listeners/logging.py:182}}
Jan 22 10:19:49.252525 np0005592324.novalocal cinder-volume[184862]: DEBUG cinder.volume.manager [None req-9c44a00a-3788-47aa-865a-4e227672c622 tempest-VolumesTransfersV355Test-184508115 None] Task 'cinder.volume.flows.manager.create_volume.CreateVolumeFromSpecTask;volume:create' (a798e2af-f6f5-4e6d-a361-edde8508f842) transitioned into state 'RUNNING' from state 'PENDING' {{(pid=184862) _task_receiver /usr/local/lib/python3.12/site-packages/taskflow/listeners/logging.py:194}}
Jan 22 10:19:49.252843 np0005592324.novalocal cinder-volume[184862]: INFO cinder.volume.flows.manager.create_volume [None req-9c44a00a-3788-47aa-865a-4e227672c622 tempest-VolumesTransfersV355Test-184508115 None] Volume 3ca6913e-9afa-4d4a-8178-f0365ed1b0e0: being created as raw with specification: {'status': 'creating', 'volume_name': 'volume-3ca6913e-9afa-4d4a-8178-f0365ed1b0e0', 'volume_size': 1}
Jan 22 10:19:49.253272 np0005592324.novalocal cinder-volume[184862]: DEBUG oslo_concurrency.processutils [None req-9c44a00a-3788-47aa-865a-4e227672c622 tempest-VolumesTransfersV355Test-184508115 None] Running cmd (subprocess): sudo cinder-rootwrap /etc/cinder/rootwrap.conf env LC_ALL=C lvcreate -T -V 1g -n volume-3ca6913e-9afa-4d4a-8178-f0365ed1b0e0 stack-volumes-lvmdriver-1/stack-volumes-lvmdriver-1-pool {{(pid=184862) execute /usr/local/lib/python3.12/site-packages/oslo_concurrency/processutils.py:349}}
Jan 22 10:19:49.282446 np0005592324.novalocal sudo[216626]: stack : PWD=/ ; USER=root ; COMMAND=/usr/local/bin/cinder-rootwrap /etc/cinder/rootwrap.conf env LC_ALL=C lvcreate -T -V 1g -n volume-3ca6913e-9afa-4d4a-8178-f0365ed1b0e0 stack-volumes-lvmdriver-1/stack-volumes-lvmdriver-1-pool
Jan 22 10:19:49.456296 np0005592324.novalocal cinder-volume[184862]: DEBUG oslo_concurrency.processutils [None req-5a852ddc-2dd9-4b78-bad1-ab28d8ebc9a8 tempest-VolumesTransfersV355Test-1541845350 None] CMD "sudo cinder-rootwrap /etc/cinder/rootwrap.conf env LC_ALL=C lvs --noheadings --unit=g -o size,data_percent --separator : --nosuffix /dev/stack-volumes-lvmdriver-1/stack-volumes-lvmdriver-1-pool" returned: 0 in 0.402s {{(pid=184862) execute /usr/local/lib/python3.12/site-packages/oslo_concurrency/processutils.py:372}}
Jan 22 10:19:49.456296 np0005592324.novalocal cinder-volume[184862]: DEBUG oslo_concurrency.processutils [None req-5a852ddc-2dd9-4b78-bad1-ab28d8ebc9a8 tempest-VolumesTransfersV355Test-1541845350 None] Running cmd (subprocess): sudo cinder-rootwrap /etc/cinder/rootwrap.conf env LC_ALL=C lvs --noheadings --unit=g -o vg_name,name,size --nosuffix --readonly stack-volumes-lvmdriver-1 {{(pid=184862) execute /usr/local/lib/python3.12/site-packages/oslo_concurrency/processutils.py:349}}
Jan 22 10:19:49.468306 np0005592324.novalocal sudo[216631]: stack : PWD=/ ; USER=root ; COMMAND=/usr/local/bin/cinder-rootwrap /etc/cinder/rootwrap.conf env LC_ALL=C lvs --noheadings --unit=g -o vg_name,name,size --nosuffix --readonly stack-volumes-lvmdriver-1
Jan 22 10:19:49.742366 np0005592324.novalocal cinder-volume[184862]: DEBUG oslo_concurrency.processutils [None req-9c44a00a-3788-47aa-865a-4e227672c622 tempest-VolumesTransfersV355Test-184508115 None] CMD "sudo cinder-rootwrap /etc/cinder/rootwrap.conf env LC_ALL=C lvcreate -T -V 1g -n volume-3ca6913e-9afa-4d4a-8178-f0365ed1b0e0 stack-volumes-lvmdriver-1/stack-volumes-lvmdriver-1-pool" returned: 0 in 0.487s {{(pid=184862) execute /usr/local/lib/python3.12/site-packages/oslo_concurrency/processutils.py:372}}
Jan 22 10:19:49.745181 np0005592324.novalocal cinder-volume[184862]: DEBUG cinder.volume.manager [None req-9c44a00a-3788-47aa-865a-4e227672c622 tempest-VolumesTransfersV355Test-184508115 None] Task 'cinder.volume.flows.manager.create_volume.CreateVolumeFromSpecTask;volume:create' (a798e2af-f6f5-4e6d-a361-edde8508f842) transitioned into state 'SUCCESS' from state 'RUNNING' with result '{'status': 'creating', 'volume_name': 'volume-3ca6913e-9afa-4d4a-8178-f0365ed1b0e0', 'volume_size': 1}' {{(pid=184862) _task_receiver /usr/local/lib/python3.12/site-packages/taskflow/listeners/logging.py:182}}
Jan 22 10:19:49.748513 np0005592324.novalocal cinder-volume[184862]: DEBUG cinder.volume.manager [None req-9c44a00a-3788-47aa-865a-4e227672c622 tempest-VolumesTransfersV355Test-184508115 None] Task 'cinder.volume.flows.manager.create_volume.CreateVolumeOnFinishTask;volume:create, create.end' (2fc8cdfc-7510-45ab-8f23-5f258179f5a8) transitioned into state 'RUNNING' from state 'PENDING' {{(pid=184862) _task_receiver /usr/local/lib/python3.12/site-packages/taskflow/listeners/logging.py:194}}
Jan 22 10:19:49.756649 np0005592324.novalocal cinder-volume[184862]: INFO cinder.volume.flows.manager.create_volume [None req-9c44a00a-3788-47aa-865a-4e227672c622 tempest-VolumesTransfersV355Test-184508115 None] Volume volume-3ca6913e-9afa-4d4a-8178-f0365ed1b0e0 (3ca6913e-9afa-4d4a-8178-f0365ed1b0e0): created successfully
Jan 22 10:19:49.759465 np0005592324.novalocal cinder-volume[184862]: DEBUG cinder.volume.manager [None req-9c44a00a-3788-47aa-865a-4e227672c622 tempest-VolumesTransfersV355Test-184508115 None] Task 'cinder.volume.flows.manager.create_volume.CreateVolumeOnFinishTask;volume:create, create.end' (2fc8cdfc-7510-45ab-8f23-5f258179f5a8) transitioned into state 'SUCCESS' from state 'RUNNING' with result 'None' {{(pid=184862) _task_receiver /usr/local/lib/python3.12/site-packages/taskflow/listeners/logging.py:182}}
Jan 22 10:19:49.763243 np0005592324.novalocal cinder-volume[184862]: DEBUG cinder.volume.manager [None req-9c44a00a-3788-47aa-865a-4e227672c622 tempest-VolumesTransfersV355Test-184508115 None] Flow 'volume_create_manager' (85c2ae73-01d2-4661-8df6-1f6762a56b4c) transitioned into state 'SUCCESS' from state 'RUNNING' {{(pid=184862) _flow_receiver /usr/local/lib/python3.12/site-packages/taskflow/listeners/logging.py:145}}
Jan 22 10:19:49.769787 np0005592324.novalocal cinder-volume[184862]: INFO cinder.volume.manager [None req-9c44a00a-3788-47aa-865a-4e227672c622 tempest-VolumesTransfersV355Test-184508115 None] Created volume successfully.
Jan 22 10:19:49.798396 np0005592324.novalocal cinder-volume[184862]: DEBUG oslo_concurrency.processutils [None req-5a852ddc-2dd9-4b78-bad1-ab28d8ebc9a8 tempest-VolumesTransfersV355Test-1541845350 None] CMD "sudo cinder-rootwrap /etc/cinder/rootwrap.conf env LC_ALL=C lvs --noheadings --unit=g -o vg_name,name,size --nosuffix --readonly stack-volumes-lvmdriver-1" returned: 0 in 0.342s {{(pid=184862) execute /usr/local/lib/python3.12/site-packages/oslo_concurrency/processutils.py:372}}
Jan 22 10:19:49.798396 np0005592324.novalocal cinder-volume[184862]: DEBUG cinder.manager [None req-5a852ddc-2dd9-4b78-bad1-ab28d8ebc9a8 tempest-VolumesTransfersV355Test-1541845350 None] Notifying Schedulers of capabilities ... {{(pid=184862) _publish_service_capabilities /opt/stack/cinder/cinder/manager.py:202}}
Jan 22 10:19:49.805461 np0005592324.novalocal cinder-volume[184862]: INFO cinder.volume.manager [None req-5a852ddc-2dd9-4b78-bad1-ab28d8ebc9a8 tempest-VolumesTransfersV355Test-1541845350 None] Deleted volume successfully.
Jan 22 10:19:49.816044 np0005592324.novalocal cinder-volume[184862]: DEBUG cinder.coordination [None req-5a852ddc-2dd9-4b78-bad1-ab28d8ebc9a8 tempest-VolumesTransfersV355Test-1541845350 None] Lock "cinder-91da3bc3-fad8-49d8-8654-8f92100e8b3e-delete_volume" released by "delete_volume" :: held 2.956s {{(pid=184862) __release /opt/stack/cinder/cinder/coordination.py:157}}
Jan 22 10:19:50.513527 np0005592324.novalocal cinder-volume[184862]: DEBUG cinder.coordination [None req-8d6cdbef-34b1-4dfc-ac9e-17059cc2a57a tempest-VolumesTransfersV355Test-1541845350 None] Acquiring lock "cinder-3ca6913e-9afa-4d4a-8178-f0365ed1b0e0-delete_volume" by "delete_volume" {{(pid=184862) __acquire /opt/stack/cinder/cinder/coordination.py:143}}
Jan 22 10:19:50.519142 np0005592324.novalocal cinder-volume[184862]: DEBUG cinder.coordination [None req-8d6cdbef-34b1-4dfc-ac9e-17059cc2a57a tempest-VolumesTransfersV355Test-1541845350 None] Lock "cinder-3ca6913e-9afa-4d4a-8178-f0365ed1b0e0-delete_volume" acquired by "delete_volume" :: waited 0.005s {{(pid=184862) __acquire /opt/stack/cinder/cinder/coordination.py:146}}
Jan 22 10:19:50.531589 np0005592324.novalocal cinder-volume[184862]: INFO cinder.volume.targets.iscsi [None req-8d6cdbef-34b1-4dfc-ac9e-17059cc2a57a tempest-VolumesTransfersV355Test-1541845350 None] Skipping remove_export. No iscsi_target is presently exported for volume: 3ca6913e-9afa-4d4a-8178-f0365ed1b0e0
Jan 22 10:19:50.532392 np0005592324.novalocal cinder-volume[184862]: DEBUG oslo_concurrency.processutils [None req-8d6cdbef-34b1-4dfc-ac9e-17059cc2a57a tempest-VolumesTransfersV355Test-1541845350 None] Running cmd (subprocess): sudo cinder-rootwrap /etc/cinder/rootwrap.conf env LC_ALL=C lvs --noheadings --unit=g -o vg_name,name,size --nosuffix --readonly stack-volumes-lvmdriver-1/volume-3ca6913e-9afa-4d4a-8178-f0365ed1b0e0 {{(pid=184862) execute /usr/local/lib/python3.12/site-packages/oslo_concurrency/processutils.py:349}}
Jan 22 10:19:50.562290 np0005592324.novalocal sudo[216646]: stack : PWD=/ ; USER=root ; COMMAND=/usr/local/bin/cinder-rootwrap /etc/cinder/rootwrap.conf env LC_ALL=C lvs --noheadings --unit=g -o vg_name,name,size --nosuffix --readonly stack-volumes-lvmdriver-1/volume-3ca6913e-9afa-4d4a-8178-f0365ed1b0e0
Jan 22 10:19:50.979520 np0005592324.novalocal cinder-volume[184862]: DEBUG oslo_concurrency.processutils [None req-8d6cdbef-34b1-4dfc-ac9e-17059cc2a57a tempest-VolumesTransfersV355Test-1541845350 None] CMD "sudo cinder-rootwrap /etc/cinder/rootwrap.conf env LC_ALL=C lvs --noheadings --unit=g -o vg_name,name,size --nosuffix --readonly stack-volumes-lvmdriver-1/volume-3ca6913e-9afa-4d4a-8178-f0365ed1b0e0" returned: 0 in 0.446s {{(pid=184862) execute /usr/local/lib/python3.12/site-packages/oslo_concurrency/processutils.py:372}}
Jan 22 10:19:50.979520 np0005592324.novalocal cinder-volume[184862]: DEBUG oslo_concurrency.processutils [None req-8d6cdbef-34b1-4dfc-ac9e-17059cc2a57a tempest-VolumesTransfersV355Test-1541845350 None] Running cmd (subprocess): sudo cinder-rootwrap /etc/cinder/rootwrap.conf env LC_ALL=C lvdisplay --noheading -C -o Attr --readonly stack-volumes-lvmdriver-1/volume-3ca6913e-9afa-4d4a-8178-f0365ed1b0e0 {{(pid=184862) execute /usr/local/lib/python3.12/site-packages/oslo_concurrency/processutils.py:349}}
Jan 22 10:19:50.995008 np0005592324.novalocal sudo[216652]: stack : PWD=/ ; USER=root ; COMMAND=/usr/local/bin/cinder-rootwrap /etc/cinder/rootwrap.conf env LC_ALL=C lvdisplay --noheading -C -o Attr --readonly stack-volumes-lvmdriver-1/volume-3ca6913e-9afa-4d4a-8178-f0365ed1b0e0
Jan 22 10:19:51.347128 np0005592324.novalocal cinder-volume[184862]: DEBUG oslo_concurrency.processutils [None req-8d6cdbef-34b1-4dfc-ac9e-17059cc2a57a tempest-VolumesTransfersV355Test-1541845350 None] CMD "sudo cinder-rootwrap /etc/cinder/rootwrap.conf env LC_ALL=C lvdisplay --noheading -C -o Attr --readonly stack-volumes-lvmdriver-1/volume-3ca6913e-9afa-4d4a-8178-f0365ed1b0e0" returned: 0 in 0.368s {{(pid=184862) execute /usr/local/lib/python3.12/site-packages/oslo_concurrency/processutils.py:372}}
Jan 22 10:19:51.348771 np0005592324.novalocal cinder-volume[184862]: DEBUG oslo_concurrency.processutils [None req-8d6cdbef-34b1-4dfc-ac9e-17059cc2a57a tempest-VolumesTransfersV355Test-1541845350 None] Running cmd (subprocess): sudo cinder-rootwrap /etc/cinder/rootwrap.conf lvremove --config activation { retry_deactivation = 1} -f stack-volumes-lvmdriver-1/volume-3ca6913e-9afa-4d4a-8178-f0365ed1b0e0 {{(pid=184862) execute /usr/local/lib/python3.12/site-packages/oslo_concurrency/processutils.py:349}}
Jan 22 10:19:51.373746 np0005592324.novalocal sudo[216659]: stack : PWD=/ ; USER=root ; COMMAND=/usr/local/bin/cinder-rootwrap /etc/cinder/rootwrap.conf lvremove --config 'activation { retry_deactivation = 1} ' -f stack-volumes-lvmdriver-1/volume-3ca6913e-9afa-4d4a-8178-f0365ed1b0e0
Jan 22 10:19:51.809605 np0005592324.novalocal cinder-volume[184862]: DEBUG oslo_concurrency.processutils [None req-8d6cdbef-34b1-4dfc-ac9e-17059cc2a57a tempest-VolumesTransfersV355Test-1541845350 None] CMD "sudo cinder-rootwrap /etc/cinder/rootwrap.conf lvremove --config activation { retry_deactivation = 1} -f stack-volumes-lvmdriver-1/volume-3ca6913e-9afa-4d4a-8178-f0365ed1b0e0" returned: 0 in 0.460s {{(pid=184862) execute /usr/local/lib/python3.12/site-packages/oslo_concurrency/processutils.py:372}}
Jan 22 10:19:51.810360 np0005592324.novalocal cinder-volume[184862]: INFO cinder.volume.drivers.lvm [None req-8d6cdbef-34b1-4dfc-ac9e-17059cc2a57a tempest-VolumesTransfersV355Test-1541845350 None] Successfully deleted volume: 3ca6913e-9afa-4d4a-8178-f0365ed1b0e0
Jan 22 10:19:51.845152 np0005592324.novalocal cinder-volume[184862]: DEBUG cinder.quota [None req-8d6cdbef-34b1-4dfc-ac9e-17059cc2a57a tempest-VolumesTransfersV355Test-1541845350 None] Created reservations ['b229a0f1-c110-4064-a2c3-0ef6f0ede65e', '11e53863-264f-43e9-9534-e3acd0ce2601', '1ab093eb-3c11-460c-a91f-16879fe3390c', '8e167d8a-3ac5-4d9d-885c-f2ce45d0c852'] {{(pid=184862) reserve /opt/stack/cinder/cinder/quota.py:752}}
Jan 22 10:19:51.870768 np0005592324.novalocal cinder-volume[184862]: DEBUG cinder.volume.drivers.lvm [None req-8d6cdbef-34b1-4dfc-ac9e-17059cc2a57a tempest-VolumesTransfersV355Test-1541845350 None] Updating volume stats {{(pid=184862) _update_volume_stats /opt/stack/cinder/cinder/volume/drivers/lvm.py:228}}
Jan 22 10:19:51.871110 np0005592324.novalocal cinder-volume[184862]: DEBUG oslo_concurrency.processutils [None req-8d6cdbef-34b1-4dfc-ac9e-17059cc2a57a tempest-VolumesTransfersV355Test-1541845350 None] Running cmd (subprocess): sudo cinder-rootwrap /etc/cinder/rootwrap.conf env LC_ALL=C vgs --noheadings --unit=g -o name,size,free,lv_count,uuid --separator : --nosuffix stack-volumes-lvmdriver-1 {{(pid=184862) execute /usr/local/lib/python3.12/site-packages/oslo_concurrency/processutils.py:349}}
Jan 22 10:19:51.896198 np0005592324.novalocal sudo[216666]: stack : PWD=/ ; USER=root ; COMMAND=/usr/local/bin/cinder-rootwrap /etc/cinder/rootwrap.conf env LC_ALL=C vgs --noheadings --unit=g -o name,size,free,lv_count,uuid --separator : --nosuffix stack-volumes-lvmdriver-1
Jan 22 10:19:52.267134 np0005592324.novalocal cinder-volume[184862]: DEBUG oslo_concurrency.processutils [None req-8d6cdbef-34b1-4dfc-ac9e-17059cc2a57a tempest-VolumesTransfersV355Test-1541845350 None] CMD "sudo cinder-rootwrap /etc/cinder/rootwrap.conf env LC_ALL=C vgs --noheadings --unit=g -o name,size,free,lv_count,uuid --separator : --nosuffix stack-volumes-lvmdriver-1" returned: 0 in 0.396s {{(pid=184862) execute /usr/local/lib/python3.12/site-packages/oslo_concurrency/processutils.py:372}}
Jan 22 10:19:52.268171 np0005592324.novalocal cinder-volume[184862]: DEBUG oslo_concurrency.processutils [None req-8d6cdbef-34b1-4dfc-ac9e-17059cc2a57a tempest-VolumesTransfersV355Test-1541845350 None] Running cmd (subprocess): sudo cinder-rootwrap /etc/cinder/rootwrap.conf env LC_ALL=C lvs --noheadings --unit=g -o vg_name,name,size --nosuffix --readonly stack-volumes-lvmdriver-1 {{(pid=184862) execute /usr/local/lib/python3.12/site-packages/oslo_concurrency/processutils.py:349}}
Jan 22 10:19:52.298696 np0005592324.novalocal sudo[216672]: stack : PWD=/ ; USER=root ; COMMAND=/usr/local/bin/cinder-rootwrap /etc/cinder/rootwrap.conf env LC_ALL=C lvs --noheadings --unit=g -o vg_name,name,size --nosuffix --readonly stack-volumes-lvmdriver-1
Jan 22 10:19:52.630511 np0005592324.novalocal cinder-volume[184862]: DEBUG oslo_concurrency.processutils [None req-8d6cdbef-34b1-4dfc-ac9e-17059cc2a57a tempest-VolumesTransfersV355Test-1541845350 None] CMD "sudo cinder-rootwrap /etc/cinder/rootwrap.conf env LC_ALL=C lvs --noheadings --unit=g -o vg_name,name,size --nosuffix --readonly stack-volumes-lvmdriver-1" returned: 0 in 0.362s {{(pid=184862) execute /usr/local/lib/python3.12/site-packages/oslo_concurrency/processutils.py:372}}
Jan 22 10:19:52.633783 np0005592324.novalocal cinder-volume[184862]: DEBUG oslo_concurrency.processutils [None req-8d6cdbef-34b1-4dfc-ac9e-17059cc2a57a tempest-VolumesTransfersV355Test-1541845350 None] Running cmd (subprocess): sudo cinder-rootwrap /etc/cinder/rootwrap.conf env LC_ALL=C lvs --noheadings --unit=g -o size,data_percent --separator : --nosuffix /dev/stack-volumes-lvmdriver-1/stack-volumes-lvmdriver-1-pool {{(pid=184862) execute /usr/local/lib/python3.12/site-packages/oslo_concurrency/processutils.py:349}}
Jan 22 10:19:52.661783 np0005592324.novalocal sudo[216693]: stack : PWD=/ ; USER=root ; COMMAND=/usr/local/bin/cinder-rootwrap /etc/cinder/rootwrap.conf env LC_ALL=C lvs --noheadings --unit=g -o size,data_percent --separator : --nosuffix /dev/stack-volumes-lvmdriver-1/stack-volumes-lvmdriver-1-pool
Jan 22 10:19:53.049102 np0005592324.novalocal cinder-volume[184862]: DEBUG oslo_concurrency.processutils [None req-8d6cdbef-34b1-4dfc-ac9e-17059cc2a57a tempest-VolumesTransfersV355Test-1541845350 None] CMD "sudo cinder-rootwrap /etc/cinder/rootwrap.conf env LC_ALL=C lvs --noheadings --unit=g -o size,data_percent --separator : --nosuffix /dev/stack-volumes-lvmdriver-1/stack-volumes-lvmdriver-1-pool" returned: 0 in 0.416s {{(pid=184862) execute /usr/local/lib/python3.12/site-packages/oslo_concurrency/processutils.py:372}}
Jan 22 10:19:53.050714 np0005592324.novalocal cinder-volume[184862]: DEBUG oslo_concurrency.processutils [None req-8d6cdbef-34b1-4dfc-ac9e-17059cc2a57a tempest-VolumesTransfersV355Test-1541845350 None] Running cmd (subprocess): sudo cinder-rootwrap /etc/cinder/rootwrap.conf env LC_ALL=C lvs --noheadings --unit=g -o vg_name,name,size --nosuffix --readonly stack-volumes-lvmdriver-1 {{(pid=184862) execute /usr/local/lib/python3.12/site-packages/oslo_concurrency/processutils.py:349}}
Jan 22 10:19:53.070253 np0005592324.novalocal sudo[216698]: stack : PWD=/ ; USER=root ; COMMAND=/usr/local/bin/cinder-rootwrap /etc/cinder/rootwrap.conf env LC_ALL=C lvs --noheadings --unit=g -o vg_name,name,size --nosuffix --readonly stack-volumes-lvmdriver-1
Jan 22 10:19:53.447765 np0005592324.novalocal cinder-volume[184862]: DEBUG oslo_concurrency.processutils [None req-8d6cdbef-34b1-4dfc-ac9e-17059cc2a57a tempest-VolumesTransfersV355Test-1541845350 None] CMD "sudo cinder-rootwrap /etc/cinder/rootwrap.conf env LC_ALL=C lvs --noheadings --unit=g -o vg_name,name,size --nosuffix --readonly stack-volumes-lvmdriver-1" returned: 0 in 0.397s {{(pid=184862) execute /usr/local/lib/python3.12/site-packages/oslo_concurrency/processutils.py:372}}
Jan 22 10:19:53.450119 np0005592324.novalocal cinder-volume[184862]: DEBUG cinder.manager [None req-8d6cdbef-34b1-4dfc-ac9e-17059cc2a57a tempest-VolumesTransfersV355Test-1541845350 None] Notifying Schedulers of capabilities ... {{(pid=184862) _publish_service_capabilities /opt/stack/cinder/cinder/manager.py:202}}
Jan 22 10:19:53.455630 np0005592324.novalocal cinder-volume[184862]: INFO cinder.volume.manager [None req-8d6cdbef-34b1-4dfc-ac9e-17059cc2a57a tempest-VolumesTransfersV355Test-1541845350 None] Deleted volume successfully.
Jan 22 10:19:53.463271 np0005592324.novalocal cinder-volume[184862]: DEBUG cinder.coordination [None req-8d6cdbef-34b1-4dfc-ac9e-17059cc2a57a tempest-VolumesTransfersV355Test-1541845350 None] Lock "cinder-3ca6913e-9afa-4d4a-8178-f0365ed1b0e0-delete_volume" released by "delete_volume" :: held 2.945s {{(pid=184862) __release /opt/stack/cinder/cinder/coordination.py:157}}
Jan 22 10:19:59.360303 np0005592324.novalocal cinder-volume[184862]: DEBUG cinder.volume.flows.manager.create_volume [None req-a81c61f9-a42c-4f5e-a4e1-17ba461c2795 tempest-VolumesActionsTest-273038329 None] Volume reschedule parameters: True retry: {'num_attempts': 1, 'backends': ['np0005592324.novalocal@lvmdriver-1#lvmdriver-1'], 'hosts': ['np0005592324.novalocal@lvmdriver-1#lvmdriver-1']} {{(pid=184862) get_flow /opt/stack/cinder/cinder/volume/flows/manager/create_volume.py:1388}}
Jan 22 10:19:59.371738 np0005592324.novalocal cinder-volume[184862]: DEBUG cinder.volume.manager [None req-a81c61f9-a42c-4f5e-a4e1-17ba461c2795 tempest-VolumesActionsTest-273038329 None] Flow 'volume_create_manager' (19c46398-1e13-473c-8f07-19dfd775b7cd) transitioned into state 'RUNNING' from state 'PENDING' {{(pid=184862) _flow_receiver /usr/local/lib/python3.12/site-packages/taskflow/listeners/logging.py:145}}
Jan 22 10:19:59.373960 np0005592324.novalocal cinder-volume[184862]: DEBUG cinder.volume.manager [None req-a81c61f9-a42c-4f5e-a4e1-17ba461c2795 tempest-VolumesActionsTest-273038329 None] Task 'cinder.volume.flows.manager.create_volume.ExtractVolumeRefTask;volume:create' (3142a4f3-61de-4b70-a3bb-987be3126ac2) transitioned into state 'RUNNING' from state 'PENDING' {{(pid=184862) _task_receiver /usr/local/lib/python3.12/site-packages/taskflow/listeners/logging.py:194}}
Jan 22 10:19:59.381263 np0005592324.novalocal cinder-volume[184862]: DEBUG cinder.volume.manager [None req-a81c61f9-a42c-4f5e-a4e1-17ba461c2795 tempest-VolumesActionsTest-273038329 None] Task 'cinder.volume.flows.manager.create_volume.ExtractVolumeRefTask;volume:create' (3142a4f3-61de-4b70-a3bb-987be3126ac2) transitioned into state 'SUCCESS' from state 'RUNNING' with result 'Volume(_name_id=None,admin_metadata=,attach_status='detached',availability_zone='nova',bootable=False,cluster=,cluster_name=None,consistencygroup=,consistencygroup_id=None,created_at=2026-01-22T15:19:59Z,deleted=False,deleted_at=None,display_description=None,display_name='tempest-VolumesActionsTest-Volume-2130333489',ec2_id=None,encryption_key_id=None,glance_metadata=,group=,group_id=None,host='np0005592324.novalocal@lvmdriver-1#lvmdriver-1',id=ea43aa83-11ab-4f6d-9940-e004033ed27e,launched_at=None,metadata={},migration_status=None,multiattach=False,previous_status=None,project_id='a3517a6ee38d4d9e80ca3f13fa8db91d',provider_auth=None,provider_geometry=None,provider_id=None,provider_location=None,replication_driver_data=None,replication_extended_status=None,replication_status=None,scheduled_at=2026-01-22T15:19:59Z,service_uuid=None,shared_targets=True,size=1,snapshot_id=None,snapshots=,source_volid=None,status='creating',terminated_at=None,updated_at=2026-01-22T15:19:59Z,use_quota=True,user_id='b999aa7d1ecb48e99492f79d41fcdb00',volume_attachment=VolumeAttachmentList,volume_type=VolumeType(d32eda9a-7ff9-443b-adbb-d3691c157d72),volume_type_id=d32eda9a-7ff9-443b-adbb-d3691c157d72)' {{(pid=184862) _task_receiver /usr/local/lib/python3.12/site-packages/taskflow/listeners/logging.py:182}}
Jan 22 10:19:59.382789 np0005592324.novalocal cinder-volume[184862]: DEBUG cinder.volume.manager [None req-a81c61f9-a42c-4f5e-a4e1-17ba461c2795 tempest-VolumesActionsTest-273038329 None] Task 'cinder.volume.flows.manager.create_volume.OnFailureRescheduleTask;volume:create' (1ad95268-4f4c-482a-8d40-d60585ddca12) transitioned into state 'RUNNING' from state 'PENDING' {{(pid=184862) _task_receiver /usr/local/lib/python3.12/site-packages/taskflow/listeners/logging.py:194}}
Jan 22 10:19:59.384025 np0005592324.novalocal cinder-volume[184862]: DEBUG cinder.volume.manager [None req-a81c61f9-a42c-4f5e-a4e1-17ba461c2795 tempest-VolumesActionsTest-273038329 None] Task 'cinder.volume.flows.manager.create_volume.OnFailureRescheduleTask;volume:create' (1ad95268-4f4c-482a-8d40-d60585ddca12) transitioned into state 'SUCCESS' from state 'RUNNING' with result 'None' {{(pid=184862) _task_receiver /usr/local/lib/python3.12/site-packages/taskflow/listeners/logging.py:182}}
Jan 22 10:19:59.385661 np0005592324.novalocal cinder-volume[184862]: DEBUG cinder.volume.manager [None req-a81c61f9-a42c-4f5e-a4e1-17ba461c2795 tempest-VolumesActionsTest-273038329 None] Task 'cinder.volume.flows.manager.create_volume.ExtractVolumeSpecTask;volume:create' (11015625-808c-4e54-b2c0-8bb4b624750b) transitioned into state 'RUNNING' from state 'PENDING' {{(pid=184862) _task_receiver /usr/local/lib/python3.12/site-packages/taskflow/listeners/logging.py:194}}
Jan 22 10:19:59.386902 np0005592324.novalocal cinder-volume[184862]: DEBUG cinder.volume.manager [None req-a81c61f9-a42c-4f5e-a4e1-17ba461c2795 tempest-VolumesActionsTest-273038329 None] Task 'cinder.volume.flows.manager.create_volume.ExtractVolumeSpecTask;volume:create' (11015625-808c-4e54-b2c0-8bb4b624750b) transitioned into state 'SUCCESS' from state 'RUNNING' with result '{'status': 'creating', 'type': 'raw', 'volume_id': 'ea43aa83-11ab-4f6d-9940-e004033ed27e', 'volume_name': 'volume-ea43aa83-11ab-4f6d-9940-e004033ed27e', 'volume_size': 1}' {{(pid=184862) _task_receiver /usr/local/lib/python3.12/site-packages/taskflow/listeners/logging.py:182}}
Jan 22 10:19:59.388312 np0005592324.novalocal cinder-volume[184862]: DEBUG cinder.volume.manager [None req-a81c61f9-a42c-4f5e-a4e1-17ba461c2795 tempest-VolumesActionsTest-273038329 None] Task 'cinder.volume.flows.manager.create_volume.NotifyVolumeActionTask;volume:create, create.start' (82172678-1a4e-4ee9-ab9e-0d5213eeab00) transitioned into state 'RUNNING' from state 'PENDING' {{(pid=184862) _task_receiver /usr/local/lib/python3.12/site-packages/taskflow/listeners/logging.py:194}}
Jan 22 10:19:59.389475 np0005592324.novalocal cinder-volume[184862]: DEBUG cinder.volume.manager [None req-a81c61f9-a42c-4f5e-a4e1-17ba461c2795 tempest-VolumesActionsTest-273038329 None] Task 'cinder.volume.flows.manager.create_volume.NotifyVolumeActionTask;volume:create, create.start' (82172678-1a4e-4ee9-ab9e-0d5213eeab00) transitioned into state 'SUCCESS' from state 'RUNNING' with result 'None' {{(pid=184862) _task_receiver /usr/local/lib/python3.12/site-packages/taskflow/listeners/logging.py:182}}
Jan 22 10:19:59.390786 np0005592324.novalocal cinder-volume[184862]: DEBUG cinder.volume.manager [None req-a81c61f9-a42c-4f5e-a4e1-17ba461c2795 tempest-VolumesActionsTest-273038329 None] Task 'cinder.volume.flows.manager.create_volume.CreateVolumeFromSpecTask;volume:create' (2b2178c5-474f-4183-9504-d7d357c75760) transitioned into state 'RUNNING' from state 'PENDING' {{(pid=184862) _task_receiver /usr/local/lib/python3.12/site-packages/taskflow/listeners/logging.py:194}}
Jan 22 10:19:59.391117 np0005592324.novalocal cinder-volume[184862]: INFO cinder.volume.flows.manager.create_volume [None req-a81c61f9-a42c-4f5e-a4e1-17ba461c2795 tempest-VolumesActionsTest-273038329 None] Volume ea43aa83-11ab-4f6d-9940-e004033ed27e: being created as raw with specification: {'status': 'creating', 'volume_name': 'volume-ea43aa83-11ab-4f6d-9940-e004033ed27e', 'volume_size': 1}
Jan 22 10:19:59.391492 np0005592324.novalocal cinder-volume[184862]: DEBUG oslo_concurrency.processutils [None req-a81c61f9-a42c-4f5e-a4e1-17ba461c2795 tempest-VolumesActionsTest-273038329 None] Running cmd (subprocess): sudo cinder-rootwrap /etc/cinder/rootwrap.conf env LC_ALL=C lvcreate -T -V 1g -n volume-ea43aa83-11ab-4f6d-9940-e004033ed27e stack-volumes-lvmdriver-1/stack-volumes-lvmdriver-1-pool {{(pid=184862) execute /usr/local/lib/python3.12/site-packages/oslo_concurrency/processutils.py:349}}
Jan 22 10:19:59.422273 np0005592324.novalocal sudo[216787]: stack : PWD=/ ; USER=root ; COMMAND=/usr/local/bin/cinder-rootwrap /etc/cinder/rootwrap.conf env LC_ALL=C lvcreate -T -V 1g -n volume-ea43aa83-11ab-4f6d-9940-e004033ed27e stack-volumes-lvmdriver-1/stack-volumes-lvmdriver-1-pool
Jan 22 10:19:59.839906 np0005592324.novalocal cinder-volume[184862]: DEBUG oslo_concurrency.processutils [None req-a81c61f9-a42c-4f5e-a4e1-17ba461c2795 tempest-VolumesActionsTest-273038329 None] CMD "sudo cinder-rootwrap /etc/cinder/rootwrap.conf env LC_ALL=C lvcreate -T -V 1g -n volume-ea43aa83-11ab-4f6d-9940-e004033ed27e stack-volumes-lvmdriver-1/stack-volumes-lvmdriver-1-pool" returned: 0 in 0.448s {{(pid=184862) execute /usr/local/lib/python3.12/site-packages/oslo_concurrency/processutils.py:372}}
Jan 22 10:19:59.841736 np0005592324.novalocal cinder-volume[184862]: DEBUG cinder.volume.manager [None req-a81c61f9-a42c-4f5e-a4e1-17ba461c2795 tempest-VolumesActionsTest-273038329 None] Task 'cinder.volume.flows.manager.create_volume.CreateVolumeFromSpecTask;volume:create' (2b2178c5-474f-4183-9504-d7d357c75760) transitioned into state 'SUCCESS' from state 'RUNNING' with result '{'status': 'creating', 'volume_name': 'volume-ea43aa83-11ab-4f6d-9940-e004033ed27e', 'volume_size': 1}' {{(pid=184862) _task_receiver /usr/local/lib/python3.12/site-packages/taskflow/listeners/logging.py:182}}
Jan 22 10:19:59.843362 np0005592324.novalocal cinder-volume[184862]: DEBUG cinder.volume.manager [None req-a81c61f9-a42c-4f5e-a4e1-17ba461c2795 tempest-VolumesActionsTest-273038329 None] Task 'cinder.volume.flows.manager.create_volume.CreateVolumeOnFinishTask;volume:create, create.end' (bdf0f4ec-9aaf-4c42-af9b-74577729ed90) transitioned into state 'RUNNING' from state 'PENDING' {{(pid=184862) _task_receiver /usr/local/lib/python3.12/site-packages/taskflow/listeners/logging.py:194}}
Jan 22 10:19:59.848019 np0005592324.novalocal cinder-volume[184862]: INFO cinder.volume.flows.manager.create_volume [None req-a81c61f9-a42c-4f5e-a4e1-17ba461c2795 tempest-VolumesActionsTest-273038329 None] Volume volume-ea43aa83-11ab-4f6d-9940-e004033ed27e (ea43aa83-11ab-4f6d-9940-e004033ed27e): created successfully
Jan 22 10:19:59.849111 np0005592324.novalocal cinder-volume[184862]: DEBUG cinder.volume.manager [None req-a81c61f9-a42c-4f5e-a4e1-17ba461c2795 tempest-VolumesActionsTest-273038329 None] Task 'cinder.volume.flows.manager.create_volume.CreateVolumeOnFinishTask;volume:create, create.end' (bdf0f4ec-9aaf-4c42-af9b-74577729ed90) transitioned into state 'SUCCESS' from state 'RUNNING' with result 'None' {{(pid=184862) _task_receiver /usr/local/lib/python3.12/site-packages/taskflow/listeners/logging.py:182}}
Jan 22 10:19:59.850703 np0005592324.novalocal cinder-volume[184862]: DEBUG cinder.volume.manager [None req-a81c61f9-a42c-4f5e-a4e1-17ba461c2795 tempest-VolumesActionsTest-273038329 None] Flow 'volume_create_manager' (19c46398-1e13-473c-8f07-19dfd775b7cd) transitioned into state 'SUCCESS' from state 'RUNNING' {{(pid=184862) _flow_receiver /usr/local/lib/python3.12/site-packages/taskflow/listeners/logging.py:145}}
Jan 22 10:19:59.854177 np0005592324.novalocal cinder-volume[184862]: INFO cinder.volume.manager [None req-a81c61f9-a42c-4f5e-a4e1-17ba461c2795 tempest-VolumesActionsTest-273038329 None] Created volume successfully.
Jan 22 10:20:09.781059 np0005592324.novalocal cinder-volume[184862]: DEBUG dbcounter [-] [184862] Writing DB stats cinder:SELECT=73,cinder:UPDATE=92,cinder:DELETE=7,cinder:INSERT=19 {{(pid=184862) stat_writer /usr/local/lib/python3.12/site-packages/dbcounter.py:115}}
Jan 22 10:20:09.784900 np0005592324.novalocal cinder-volume[184862]: DEBUG dbcounter [-] [184862] Writing DB stats cinder:SELECT=69,cinder:UPDATE=87,cinder:INSERT=21,cinder:DELETE=11 {{(pid=184862) stat_writer /usr/local/lib/python3.12/site-packages/dbcounter.py:115}}
Jan 22 10:20:09.791335 np0005592324.novalocal cinder-volume[184862]: DEBUG oslo_concurrency.lockutils [req-826f305b-503a-457f-bba3-caac4bab81a0 req-7b14a1eb-a396-44a1-af0e-c5e96125e6e5 tempest-ServerStableDeviceRescueTest-1002259228 None] Acquiring lock "lioadm" by "cinder.volume.targets.lio.LioAdm._execute" {{(pid=184862) inner /usr/local/lib/python3.12/site-packages/oslo_concurrency/lockutils.py:405}}
Jan 22 10:20:09.791790 np0005592324.novalocal cinder-volume[184862]: DEBUG oslo_concurrency.lockutils [req-826f305b-503a-457f-bba3-caac4bab81a0 req-7b14a1eb-a396-44a1-af0e-c5e96125e6e5 tempest-ServerStableDeviceRescueTest-1002259228 None] Lock "lioadm" acquired by "cinder.volume.targets.lio.LioAdm._execute" :: waited 0.001s {{(pid=184862) inner /usr/local/lib/python3.12/site-packages/oslo_concurrency/lockutils.py:410}}
Jan 22 10:20:09.792267 np0005592324.novalocal cinder-volume[184862]: DEBUG oslo_concurrency.processutils [req-826f305b-503a-457f-bba3-caac4bab81a0 req-7b14a1eb-a396-44a1-af0e-c5e96125e6e5 tempest-ServerStableDeviceRescueTest-1002259228 None] Running cmd (subprocess): sudo cinder-rootwrap /etc/cinder/rootwrap.conf cinder-rtstool delete-initiator iqn.2010-10.org.openstack:volume-e7dbdb51-7879-4baf-b65b-10c9648e16a3 iqn.1994-05.com.redhat:c51830b0a1f2 {{(pid=184862) execute /usr/local/lib/python3.12/site-packages/oslo_concurrency/processutils.py:349}}
Jan 22 10:20:09.819009 np0005592324.novalocal sudo[216873]: stack : PWD=/ ; USER=root ; COMMAND=/usr/local/bin/cinder-rootwrap /etc/cinder/rootwrap.conf cinder-rtstool delete-initiator iqn.2010-10.org.openstack:volume-e7dbdb51-7879-4baf-b65b-10c9648e16a3 iqn.1994-05.com.redhat:c51830b0a1f2
Jan 22 10:20:10.406874 np0005592324.novalocal cinder-volume[184862]: DEBUG oslo_concurrency.processutils [req-826f305b-503a-457f-bba3-caac4bab81a0 req-7b14a1eb-a396-44a1-af0e-c5e96125e6e5 tempest-ServerStableDeviceRescueTest-1002259228 None] CMD "sudo cinder-rootwrap /etc/cinder/rootwrap.conf cinder-rtstool delete-initiator iqn.2010-10.org.openstack:volume-e7dbdb51-7879-4baf-b65b-10c9648e16a3 iqn.1994-05.com.redhat:c51830b0a1f2" returned: 0 in 0.614s {{(pid=184862) execute /usr/local/lib/python3.12/site-packages/oslo_concurrency/processutils.py:372}}
