Jan 22 10:16:27.406693 np0005592324.novalocal cinder-volume[184862]: DEBUG oslo_concurrency.processutils [None req-b47c6ba7-6c5c-4415-94fb-4d43991ada4d tempest-VolumesBackupsTest-1493266278 None] Running cmd (subprocess): sudo cinder-rootwrap /etc/cinder/rootwrap.conf cinder-rtstool save {{(pid=184862) execute /usr/local/lib/python3.12/site-packages/oslo_concurrency/processutils.py:349}}
Jan 22 10:16:27.424289 np0005592324.novalocal sudo[212516]: stack : PWD=/ ; USER=root ; COMMAND=/usr/local/bin/cinder-rootwrap /etc/cinder/rootwrap.conf cinder-rtstool save
Jan 22 10:16:28.085764 np0005592324.novalocal cinder-volume[184862]: DEBUG oslo_concurrency.processutils [None req-b47c6ba7-6c5c-4415-94fb-4d43991ada4d tempest-VolumesBackupsTest-1493266278 None] CMD "sudo cinder-rootwrap /etc/cinder/rootwrap.conf cinder-rtstool save" returned: 0 in 0.679s {{(pid=184862) execute /usr/local/lib/python3.12/site-packages/oslo_concurrency/processutils.py:372}}
Jan 22 10:16:28.086084 np0005592324.novalocal cinder-volume[184862]: DEBUG oslo_concurrency.lockutils [None req-b47c6ba7-6c5c-4415-94fb-4d43991ada4d tempest-VolumesBackupsTest-1493266278 None] Lock "lioadm" "released" by "cinder.volume.targets.lio.LioAdm._execute" :: held 0.680s {{(pid=184862) inner /usr/local/lib/python3.12/site-packages/oslo_concurrency/lockutils.py:424}}
Jan 22 10:16:28.097762 np0005592324.novalocal cinder-volume[184862]: INFO cinder.volume.manager [None req-b47c6ba7-6c5c-4415-94fb-4d43991ada4d tempest-VolumesBackupsTest-1493266278 None] Initialize volume connection completed successfully.
Jan 22 10:16:33.752903 np0005592324.novalocal cinder-volume[184862]: DEBUG oslo_service.periodic_task [None req-502cd12d-0b09-4d59-8ed2-40ce75cff2e3 None None] Running periodic task VolumeManager.publish_service_capabilities {{(pid=184862) run_periodic_tasks /usr/local/lib/python3.12/site-packages/oslo_service/periodic_task.py:210}}
Jan 22 10:16:33.753444 np0005592324.novalocal cinder-volume[184862]: DEBUG cinder.volume.drivers.lvm [None req-502cd12d-0b09-4d59-8ed2-40ce75cff2e3 None None] Updating volume stats {{(pid=184862) _update_volume_stats /opt/stack/cinder/cinder/volume/drivers/lvm.py:228}}
Jan 22 10:16:33.757225 np0005592324.novalocal cinder-volume[184862]: DEBUG oslo_concurrency.processutils [None req-502cd12d-0b09-4d59-8ed2-40ce75cff2e3 None None] Running cmd (subprocess): sudo cinder-rootwrap /etc/cinder/rootwrap.conf env LC_ALL=C vgs --noheadings --unit=g -o name,size,free,lv_count,uuid --separator : --nosuffix stack-volumes-lvmdriver-1 {{(pid=184862) execute /usr/local/lib/python3.12/site-packages/oslo_concurrency/processutils.py:349}}
Jan 22 10:16:33.784643 np0005592324.novalocal sudo[212642]: stack : PWD=/ ; USER=root ; COMMAND=/usr/local/bin/cinder-rootwrap /etc/cinder/rootwrap.conf env LC_ALL=C vgs --noheadings --unit=g -o name,size,free,lv_count,uuid --separator : --nosuffix stack-volumes-lvmdriver-1
Jan 22 10:16:34.139018 np0005592324.novalocal cinder-volume[184862]: DEBUG oslo_concurrency.processutils [None req-502cd12d-0b09-4d59-8ed2-40ce75cff2e3 None None] CMD "sudo cinder-rootwrap /etc/cinder/rootwrap.conf env LC_ALL=C vgs --noheadings --unit=g -o name,size,free,lv_count,uuid --separator : --nosuffix stack-volumes-lvmdriver-1" returned: 0 in 0.384s {{(pid=184862) execute /usr/local/lib/python3.12/site-packages/oslo_concurrency/processutils.py:372}}
Jan 22 10:16:34.140296 np0005592324.novalocal cinder-volume[184862]: DEBUG oslo_concurrency.processutils [None req-502cd12d-0b09-4d59-8ed2-40ce75cff2e3 None None] Running cmd (subprocess): sudo cinder-rootwrap /etc/cinder/rootwrap.conf env LC_ALL=C lvs --noheadings --unit=g -o vg_name,name,size --nosuffix --readonly stack-volumes-lvmdriver-1 {{(pid=184862) execute /usr/local/lib/python3.12/site-packages/oslo_concurrency/processutils.py:349}}
Jan 22 10:16:34.175440 np0005592324.novalocal sudo[212654]: stack : PWD=/ ; USER=root ; COMMAND=/usr/local/bin/cinder-rootwrap /etc/cinder/rootwrap.conf env LC_ALL=C lvs --noheadings --unit=g -o vg_name,name,size --nosuffix --readonly stack-volumes-lvmdriver-1
Jan 22 10:16:34.602031 np0005592324.novalocal cinder-volume[184862]: DEBUG oslo_concurrency.processutils [None req-502cd12d-0b09-4d59-8ed2-40ce75cff2e3 None None] CMD "sudo cinder-rootwrap /etc/cinder/rootwrap.conf env LC_ALL=C lvs --noheadings --unit=g -o vg_name,name,size --nosuffix --readonly stack-volumes-lvmdriver-1" returned: 0 in 0.461s {{(pid=184862) execute /usr/local/lib/python3.12/site-packages/oslo_concurrency/processutils.py:372}}
Jan 22 10:16:34.602031 np0005592324.novalocal cinder-volume[184862]: DEBUG oslo_concurrency.processutils [None req-502cd12d-0b09-4d59-8ed2-40ce75cff2e3 None None] Running cmd (subprocess): sudo cinder-rootwrap /etc/cinder/rootwrap.conf env LC_ALL=C lvs --noheadings --unit=g -o size,data_percent --separator : --nosuffix /dev/stack-volumes-lvmdriver-1/stack-volumes-lvmdriver-1-pool {{(pid=184862) execute /usr/local/lib/python3.12/site-packages/oslo_concurrency/processutils.py:349}}
Jan 22 10:16:34.621263 np0005592324.novalocal sudo[212660]: stack : PWD=/ ; USER=root ; COMMAND=/usr/local/bin/cinder-rootwrap /etc/cinder/rootwrap.conf env LC_ALL=C lvs --noheadings --unit=g -o size,data_percent --separator : --nosuffix /dev/stack-volumes-lvmdriver-1/stack-volumes-lvmdriver-1-pool
Jan 22 10:16:34.974567 np0005592324.novalocal cinder-volume[184862]: DEBUG oslo_concurrency.processutils [None req-502cd12d-0b09-4d59-8ed2-40ce75cff2e3 None None] CMD "sudo cinder-rootwrap /etc/cinder/rootwrap.conf env LC_ALL=C lvs --noheadings --unit=g -o size,data_percent --separator : --nosuffix /dev/stack-volumes-lvmdriver-1/stack-volumes-lvmdriver-1-pool" returned: 0 in 0.371s {{(pid=184862) execute /usr/local/lib/python3.12/site-packages/oslo_concurrency/processutils.py:372}}
Jan 22 10:16:34.974567 np0005592324.novalocal cinder-volume[184862]: DEBUG oslo_concurrency.processutils [None req-502cd12d-0b09-4d59-8ed2-40ce75cff2e3 None None] Running cmd (subprocess): sudo cinder-rootwrap /etc/cinder/rootwrap.conf env LC_ALL=C lvs --noheadings --unit=g -o vg_name,name,size --nosuffix --readonly stack-volumes-lvmdriver-1 {{(pid=184862) execute /usr/local/lib/python3.12/site-packages/oslo_concurrency/processutils.py:349}}
Jan 22 10:16:34.991090 np0005592324.novalocal sudo[212665]: stack : PWD=/ ; USER=root ; COMMAND=/usr/local/bin/cinder-rootwrap /etc/cinder/rootwrap.conf env LC_ALL=C lvs --noheadings --unit=g -o vg_name,name,size --nosuffix --readonly stack-volumes-lvmdriver-1
Jan 22 10:16:35.372535 np0005592324.novalocal cinder-volume[184862]: DEBUG oslo_concurrency.processutils [None req-502cd12d-0b09-4d59-8ed2-40ce75cff2e3 None None] CMD "sudo cinder-rootwrap /etc/cinder/rootwrap.conf env LC_ALL=C lvs --noheadings --unit=g -o vg_name,name,size --nosuffix --readonly stack-volumes-lvmdriver-1" returned: 0 in 0.394s {{(pid=184862) execute /usr/local/lib/python3.12/site-packages/oslo_concurrency/processutils.py:372}}
Jan 22 10:16:35.373296 np0005592324.novalocal cinder-volume[184862]: DEBUG cinder.manager [None req-502cd12d-0b09-4d59-8ed2-40ce75cff2e3 None None] Notifying Schedulers of capabilities ... {{(pid=184862) _publish_service_capabilities /opt/stack/cinder/cinder/manager.py:202}}
Jan 22 10:16:36.077169 np0005592324.novalocal cinder-volume[184862]: DEBUG oslo_concurrency.lockutils [None req-b47c6ba7-6c5c-4415-94fb-4d43991ada4d tempest-VolumesBackupsTest-1493266278 None] Acquiring lock "lioadm" by "cinder.volume.targets.lio.LioAdm._execute" {{(pid=184862) inner /usr/local/lib/python3.12/site-packages/oslo_concurrency/lockutils.py:405}}
Jan 22 10:16:36.079224 np0005592324.novalocal cinder-volume[184862]: DEBUG oslo_concurrency.lockutils [None req-b47c6ba7-6c5c-4415-94fb-4d43991ada4d tempest-VolumesBackupsTest-1493266278 None] Lock "lioadm" acquired by "cinder.volume.targets.lio.LioAdm._execute" :: waited 0.001s {{(pid=184862) inner /usr/local/lib/python3.12/site-packages/oslo_concurrency/lockutils.py:410}}
Jan 22 10:16:36.079224 np0005592324.novalocal cinder-volume[184862]: DEBUG oslo_concurrency.processutils [None req-b47c6ba7-6c5c-4415-94fb-4d43991ada4d tempest-VolumesBackupsTest-1493266278 None] Running cmd (subprocess): sudo cinder-rootwrap /etc/cinder/rootwrap.conf cinder-rtstool delete-initiator iqn.2010-10.org.openstack:volume-2adecc46-54e6-4ea6-b182-3d3c706ae4c2 iqn.1994-05.com.redhat:c51830b0a1f2 {{(pid=184862) execute /usr/local/lib/python3.12/site-packages/oslo_concurrency/processutils.py:349}}
Jan 22 10:16:36.100609 np0005592324.novalocal sudo[212721]: stack : PWD=/ ; USER=root ; COMMAND=/usr/local/bin/cinder-rootwrap /etc/cinder/rootwrap.conf cinder-rtstool delete-initiator iqn.2010-10.org.openstack:volume-2adecc46-54e6-4ea6-b182-3d3c706ae4c2 iqn.1994-05.com.redhat:c51830b0a1f2
Jan 22 10:16:36.574264 np0005592324.novalocal cinder-volume[184862]: DEBUG oslo_concurrency.processutils [None req-b47c6ba7-6c5c-4415-94fb-4d43991ada4d tempest-VolumesBackupsTest-1493266278 None] CMD "sudo cinder-rootwrap /etc/cinder/rootwrap.conf cinder-rtstool delete-initiator iqn.2010-10.org.openstack:volume-2adecc46-54e6-4ea6-b182-3d3c706ae4c2 iqn.1994-05.com.redhat:c51830b0a1f2" returned: 0 in 0.492s {{(pid=184862) execute /usr/local/lib/python3.12/site-packages/oslo_concurrency/processutils.py:372}}
Jan 22 10:16:36.574264 np0005592324.novalocal cinder-volume[184862]: DEBUG oslo_concurrency.lockutils [None req-b47c6ba7-6c5c-4415-94fb-4d43991ada4d tempest-VolumesBackupsTest-1493266278 None] Lock "lioadm" "released" by "cinder.volume.targets.lio.LioAdm._execute" :: held 0.493s {{(pid=184862) inner /usr/local/lib/python3.12/site-packages/oslo_concurrency/lockutils.py:424}}
Jan 22 10:16:36.574264 np0005592324.novalocal cinder-volume[184862]: DEBUG oslo_concurrency.lockutils [None req-b47c6ba7-6c5c-4415-94fb-4d43991ada4d tempest-VolumesBackupsTest-1493266278 None] Acquiring lock "lioadm" by "cinder.volume.targets.lio.LioAdm._execute" {{(pid=184862) inner /usr/local/lib/python3.12/site-packages/oslo_concurrency/lockutils.py:405}}
Jan 22 10:16:36.574264 np0005592324.novalocal cinder-volume[184862]: DEBUG oslo_concurrency.lockutils [None req-b47c6ba7-6c5c-4415-94fb-4d43991ada4d tempest-VolumesBackupsTest-1493266278 None] Lock "lioadm" acquired by "cinder.volume.targets.lio.LioAdm._execute" :: waited 0.000s {{(pid=184862) inner /usr/local/lib/python3.12/site-packages/oslo_concurrency/lockutils.py:410}}
Jan 22 10:16:36.574264 np0005592324.novalocal cinder-volume[184862]: DEBUG oslo_concurrency.processutils [None req-b47c6ba7-6c5c-4415-94fb-4d43991ada4d tempest-VolumesBackupsTest-1493266278 None] Running cmd (subprocess): sudo cinder-rootwrap /etc/cinder/rootwrap.conf cinder-rtstool save {{(pid=184862) execute /usr/local/lib/python3.12/site-packages/oslo_concurrency/processutils.py:349}}
Jan 22 10:16:36.592926 np0005592324.novalocal sudo[212728]: stack : PWD=/ ; USER=root ; COMMAND=/usr/local/bin/cinder-rootwrap /etc/cinder/rootwrap.conf cinder-rtstool save
Jan 22 10:16:37.146826 np0005592324.novalocal cinder-volume[184862]: DEBUG oslo_concurrency.processutils [None req-b47c6ba7-6c5c-4415-94fb-4d43991ada4d tempest-VolumesBackupsTest-1493266278 None] CMD "sudo cinder-rootwrap /etc/cinder/rootwrap.conf cinder-rtstool save" returned: 0 in 0.571s {{(pid=184862) execute /usr/local/lib/python3.12/site-packages/oslo_concurrency/processutils.py:372}}
Jan 22 10:16:37.148245 np0005592324.novalocal cinder-volume[184862]: DEBUG oslo_concurrency.lockutils [None req-b47c6ba7-6c5c-4415-94fb-4d43991ada4d tempest-VolumesBackupsTest-1493266278 None] Lock "lioadm" "released" by "cinder.volume.targets.lio.LioAdm._execute" :: held 0.572s {{(pid=184862) inner /usr/local/lib/python3.12/site-packages/oslo_concurrency/lockutils.py:424}}
Jan 22 10:16:37.148245 np0005592324.novalocal cinder-volume[184862]: INFO cinder.volume.manager [None req-b47c6ba7-6c5c-4415-94fb-4d43991ada4d tempest-VolumesBackupsTest-1493266278 None] Terminate volume connection completed successfully.
Jan 22 10:16:37.573659 np0005592324.novalocal cinder-volume[184862]: DEBUG oslo_concurrency.lockutils [None req-b47c6ba7-6c5c-4415-94fb-4d43991ada4d tempest-VolumesBackupsTest-1493266278 None] Acquiring lock "lioadm" by "cinder.volume.targets.lio.LioAdm._execute" {{(pid=184862) inner /usr/local/lib/python3.12/site-packages/oslo_concurrency/lockutils.py:405}}
Jan 22 10:16:37.574728 np0005592324.novalocal cinder-volume[184862]: DEBUG oslo_concurrency.lockutils [None req-b47c6ba7-6c5c-4415-94fb-4d43991ada4d tempest-VolumesBackupsTest-1493266278 None] Lock "lioadm" acquired by "cinder.volume.targets.lio.LioAdm._execute" :: waited 0.001s {{(pid=184862) inner /usr/local/lib/python3.12/site-packages/oslo_concurrency/lockutils.py:410}}
Jan 22 10:16:37.575173 np0005592324.novalocal cinder-volume[184862]: DEBUG oslo_concurrency.processutils [None req-b47c6ba7-6c5c-4415-94fb-4d43991ada4d tempest-VolumesBackupsTest-1493266278 None] Running cmd (subprocess): sudo cinder-rootwrap /etc/cinder/rootwrap.conf cinder-rtstool get-targets {{(pid=184862) execute /usr/local/lib/python3.12/site-packages/oslo_concurrency/processutils.py:349}}
Jan 22 10:16:37.598948 np0005592324.novalocal sudo[212745]: stack : PWD=/ ; USER=root ; COMMAND=/usr/local/bin/cinder-rootwrap /etc/cinder/rootwrap.conf cinder-rtstool get-targets
Jan 22 10:16:38.104070 np0005592324.novalocal cinder-volume[184862]: DEBUG oslo_concurrency.processutils [None req-b47c6ba7-6c5c-4415-94fb-4d43991ada4d tempest-VolumesBackupsTest-1493266278 None] CMD "sudo cinder-rootwrap /etc/cinder/rootwrap.conf cinder-rtstool get-targets" returned: 0 in 0.527s {{(pid=184862) execute /usr/local/lib/python3.12/site-packages/oslo_concurrency/processutils.py:372}}
Jan 22 10:16:38.106922 np0005592324.novalocal cinder-volume[184862]: DEBUG oslo_concurrency.lockutils [None req-b47c6ba7-6c5c-4415-94fb-4d43991ada4d tempest-VolumesBackupsTest-1493266278 None] Lock "lioadm" "released" by "cinder.volume.targets.lio.LioAdm._execute" :: held 0.532s {{(pid=184862) inner /usr/local/lib/python3.12/site-packages/oslo_concurrency/lockutils.py:424}}
Jan 22 10:16:38.107679 np0005592324.novalocal cinder-volume[184862]: INFO cinder.volume.targets.lio [None req-b47c6ba7-6c5c-4415-94fb-4d43991ada4d tempest-VolumesBackupsTest-1493266278 None] Removing iscsi_target: 2adecc46-54e6-4ea6-b182-3d3c706ae4c2
Jan 22 10:16:38.107911 np0005592324.novalocal cinder-volume[184862]: DEBUG oslo_concurrency.lockutils [None req-b47c6ba7-6c5c-4415-94fb-4d43991ada4d tempest-VolumesBackupsTest-1493266278 None] Acquiring lock "lioadm" by "cinder.volume.targets.lio.LioAdm._execute" {{(pid=184862) inner /usr/local/lib/python3.12/site-packages/oslo_concurrency/lockutils.py:405}}
Jan 22 10:16:38.108346 np0005592324.novalocal cinder-volume[184862]: DEBUG oslo_concurrency.lockutils [None req-b47c6ba7-6c5c-4415-94fb-4d43991ada4d tempest-VolumesBackupsTest-1493266278 None] Lock "lioadm" acquired by "cinder.volume.targets.lio.LioAdm._execute" :: waited 0.000s {{(pid=184862) inner /usr/local/lib/python3.12/site-packages/oslo_concurrency/lockutils.py:410}}
Jan 22 10:16:38.108812 np0005592324.novalocal cinder-volume[184862]: DEBUG oslo_concurrency.processutils [None req-b47c6ba7-6c5c-4415-94fb-4d43991ada4d tempest-VolumesBackupsTest-1493266278 None] Running cmd (subprocess): sudo cinder-rootwrap /etc/cinder/rootwrap.conf cinder-rtstool delete iqn.2010-10.org.openstack:volume-2adecc46-54e6-4ea6-b182-3d3c706ae4c2 {{(pid=184862) execute /usr/local/lib/python3.12/site-packages/oslo_concurrency/processutils.py:349}}
Jan 22 10:16:38.125056 np0005592324.novalocal sudo[212751]: stack : PWD=/ ; USER=root ; COMMAND=/usr/local/bin/cinder-rootwrap /etc/cinder/rootwrap.conf cinder-rtstool delete iqn.2010-10.org.openstack:volume-2adecc46-54e6-4ea6-b182-3d3c706ae4c2
Jan 22 10:16:38.755951 np0005592324.novalocal cinder-volume[184862]: DEBUG oslo_concurrency.processutils [None req-b47c6ba7-6c5c-4415-94fb-4d43991ada4d tempest-VolumesBackupsTest-1493266278 None] CMD "sudo cinder-rootwrap /etc/cinder/rootwrap.conf cinder-rtstool delete iqn.2010-10.org.openstack:volume-2adecc46-54e6-4ea6-b182-3d3c706ae4c2" returned: 0 in 0.646s {{(pid=184862) execute /usr/local/lib/python3.12/site-packages/oslo_concurrency/processutils.py:372}}
Jan 22 10:16:38.756434 np0005592324.novalocal cinder-volume[184862]: DEBUG oslo_concurrency.lockutils [None req-b47c6ba7-6c5c-4415-94fb-4d43991ada4d tempest-VolumesBackupsTest-1493266278 None] Lock "lioadm" "released" by "cinder.volume.targets.lio.LioAdm._execute" :: held 0.648s {{(pid=184862) inner /usr/local/lib/python3.12/site-packages/oslo_concurrency/lockutils.py:424}}
Jan 22 10:16:38.756644 np0005592324.novalocal cinder-volume[184862]: DEBUG oslo_concurrency.lockutils [None req-b47c6ba7-6c5c-4415-94fb-4d43991ada4d tempest-VolumesBackupsTest-1493266278 None] Acquiring lock "lioadm" by "cinder.volume.targets.lio.LioAdm._execute" {{(pid=184862) inner /usr/local/lib/python3.12/site-packages/oslo_concurrency/lockutils.py:405}}
Jan 22 10:16:38.757048 np0005592324.novalocal cinder-volume[184862]: DEBUG oslo_concurrency.lockutils [None req-b47c6ba7-6c5c-4415-94fb-4d43991ada4d tempest-VolumesBackupsTest-1493266278 None] Lock "lioadm" acquired by "cinder.volume.targets.lio.LioAdm._execute" :: waited 0.000s {{(pid=184862) inner /usr/local/lib/python3.12/site-packages/oslo_concurrency/lockutils.py:410}}
Jan 22 10:16:38.760107 np0005592324.novalocal cinder-volume[184862]: DEBUG oslo_concurrency.processutils [None req-b47c6ba7-6c5c-4415-94fb-4d43991ada4d tempest-VolumesBackupsTest-1493266278 None] Running cmd (subprocess): sudo cinder-rootwrap /etc/cinder/rootwrap.conf cinder-rtstool save {{(pid=184862) execute /usr/local/lib/python3.12/site-packages/oslo_concurrency/processutils.py:349}}
Jan 22 10:16:38.782195 np0005592324.novalocal sudo[212765]: stack : PWD=/ ; USER=root ; COMMAND=/usr/local/bin/cinder-rootwrap /etc/cinder/rootwrap.conf cinder-rtstool save
Jan 22 10:16:39.348600 np0005592324.novalocal cinder-volume[184862]: DEBUG oslo_concurrency.processutils [None req-b47c6ba7-6c5c-4415-94fb-4d43991ada4d tempest-VolumesBackupsTest-1493266278 None] CMD "sudo cinder-rootwrap /etc/cinder/rootwrap.conf cinder-rtstool save" returned: 0 in 0.591s {{(pid=184862) execute /usr/local/lib/python3.12/site-packages/oslo_concurrency/processutils.py:372}}
Jan 22 10:16:39.348978 np0005592324.novalocal cinder-volume[184862]: DEBUG oslo_concurrency.lockutils [None req-b47c6ba7-6c5c-4415-94fb-4d43991ada4d tempest-VolumesBackupsTest-1493266278 None] Lock "lioadm" "released" by "cinder.volume.targets.lio.LioAdm._execute" :: held 0.592s {{(pid=184862) inner /usr/local/lib/python3.12/site-packages/oslo_concurrency/lockutils.py:424}}
Jan 22 10:16:39.349248 np0005592324.novalocal cinder-volume[184862]: INFO cinder.volume.manager [None req-b47c6ba7-6c5c-4415-94fb-4d43991ada4d tempest-VolumesBackupsTest-1493266278 None] Remove volume export completed successfully.
Jan 22 10:16:39.583676 np0005592324.novalocal cinder-volume[184862]: DEBUG cinder.coordination [None req-b47c6ba7-6c5c-4415-94fb-4d43991ada4d tempest-VolumesBackupsTest-1493266278 None] Acquiring lock "cinder-2adecc46-54e6-4ea6-b182-3d3c706ae4c2-delete_volume" by "delete_volume" {{(pid=184862) __acquire /opt/stack/cinder/cinder/coordination.py:143}}
Jan 22 10:16:39.591699 np0005592324.novalocal cinder-volume[184862]: DEBUG cinder.coordination [None req-b47c6ba7-6c5c-4415-94fb-4d43991ada4d tempest-VolumesBackupsTest-1493266278 None] Lock "cinder-2adecc46-54e6-4ea6-b182-3d3c706ae4c2-delete_volume" acquired by "delete_volume" :: waited 0.008s {{(pid=184862) __acquire /opt/stack/cinder/cinder/coordination.py:146}}
Jan 22 10:16:39.601633 np0005592324.novalocal cinder-volume[184862]: DEBUG oslo_concurrency.lockutils [None req-b47c6ba7-6c5c-4415-94fb-4d43991ada4d tempest-VolumesBackupsTest-1493266278 None] Acquiring lock "lioadm" by "cinder.volume.targets.lio.LioAdm._execute" {{(pid=184862) inner /usr/local/lib/python3.12/site-packages/oslo_concurrency/lockutils.py:405}}
Jan 22 10:16:39.601956 np0005592324.novalocal cinder-volume[184862]: DEBUG oslo_concurrency.lockutils [None req-b47c6ba7-6c5c-4415-94fb-4d43991ada4d tempest-VolumesBackupsTest-1493266278 None] Lock "lioadm" acquired by "cinder.volume.targets.lio.LioAdm._execute" :: waited 0.000s {{(pid=184862) inner /usr/local/lib/python3.12/site-packages/oslo_concurrency/lockutils.py:410}}
Jan 22 10:16:39.602255 np0005592324.novalocal cinder-volume[184862]: DEBUG oslo_concurrency.processutils [None req-b47c6ba7-6c5c-4415-94fb-4d43991ada4d tempest-VolumesBackupsTest-1493266278 None] Running cmd (subprocess): sudo cinder-rootwrap /etc/cinder/rootwrap.conf cinder-rtstool get-targets {{(pid=184862) execute /usr/local/lib/python3.12/site-packages/oslo_concurrency/processutils.py:349}}
Jan 22 10:16:39.619910 np0005592324.novalocal sudo[212774]: stack : PWD=/ ; USER=root ; COMMAND=/usr/local/bin/cinder-rootwrap /etc/cinder/rootwrap.conf cinder-rtstool get-targets
Jan 22 10:16:40.181602 np0005592324.novalocal cinder-volume[184862]: DEBUG oslo_concurrency.processutils [None req-b47c6ba7-6c5c-4415-94fb-4d43991ada4d tempest-VolumesBackupsTest-1493266278 None] CMD "sudo cinder-rootwrap /etc/cinder/rootwrap.conf cinder-rtstool get-targets" returned: 0 in 0.579s {{(pid=184862) execute /usr/local/lib/python3.12/site-packages/oslo_concurrency/processutils.py:372}}
Jan 22 10:16:40.189354 np0005592324.novalocal cinder-volume[184862]: DEBUG oslo_concurrency.lockutils [None req-b47c6ba7-6c5c-4415-94fb-4d43991ada4d tempest-VolumesBackupsTest-1493266278 None] Lock "lioadm" "released" by "cinder.volume.targets.lio.LioAdm._execute" :: held 0.582s {{(pid=184862) inner /usr/local/lib/python3.12/site-packages/oslo_concurrency/lockutils.py:424}}
Jan 22 10:16:40.189354 np0005592324.novalocal cinder-volume[184862]: INFO cinder.volume.targets.iscsi [None req-b47c6ba7-6c5c-4415-94fb-4d43991ada4d tempest-VolumesBackupsTest-1493266278 None] Skipping remove_export. No iscsi_target is presently exported for volume: 2adecc46-54e6-4ea6-b182-3d3c706ae4c2
Jan 22 10:16:40.189354 np0005592324.novalocal cinder-volume[184862]: DEBUG oslo_concurrency.processutils [None req-b47c6ba7-6c5c-4415-94fb-4d43991ada4d tempest-VolumesBackupsTest-1493266278 None] Running cmd (subprocess): sudo cinder-rootwrap /etc/cinder/rootwrap.conf env LC_ALL=C lvs --noheadings --unit=g -o vg_name,name,size --nosuffix --readonly stack-volumes-lvmdriver-1/volume-2adecc46-54e6-4ea6-b182-3d3c706ae4c2 {{(pid=184862) execute /usr/local/lib/python3.12/site-packages/oslo_concurrency/processutils.py:349}}
Jan 22 10:16:40.206393 np0005592324.novalocal sudo[212798]: stack : PWD=/ ; USER=root ; COMMAND=/usr/local/bin/cinder-rootwrap /etc/cinder/rootwrap.conf env LC_ALL=C lvs --noheadings --unit=g -o vg_name,name,size --nosuffix --readonly stack-volumes-lvmdriver-1/volume-2adecc46-54e6-4ea6-b182-3d3c706ae4c2
Jan 22 10:16:40.602517 np0005592324.novalocal cinder-volume[184862]: DEBUG oslo_concurrency.processutils [None req-b47c6ba7-6c5c-4415-94fb-4d43991ada4d tempest-VolumesBackupsTest-1493266278 None] CMD "sudo cinder-rootwrap /etc/cinder/rootwrap.conf env LC_ALL=C lvs --noheadings --unit=g -o vg_name,name,size --nosuffix --readonly stack-volumes-lvmdriver-1/volume-2adecc46-54e6-4ea6-b182-3d3c706ae4c2" returned: 0 in 0.417s {{(pid=184862) execute /usr/local/lib/python3.12/site-packages/oslo_concurrency/processutils.py:372}}
Jan 22 10:16:40.603570 np0005592324.novalocal cinder-volume[184862]: DEBUG oslo_concurrency.processutils [None req-b47c6ba7-6c5c-4415-94fb-4d43991ada4d tempest-VolumesBackupsTest-1493266278 None] Running cmd (subprocess): sudo cinder-rootwrap /etc/cinder/rootwrap.conf env LC_ALL=C lvdisplay --noheading -C -o Attr --readonly stack-volumes-lvmdriver-1/volume-2adecc46-54e6-4ea6-b182-3d3c706ae4c2 {{(pid=184862) execute /usr/local/lib/python3.12/site-packages/oslo_concurrency/processutils.py:349}}
Jan 22 10:16:40.621419 np0005592324.novalocal sudo[212825]: stack : PWD=/ ; USER=root ; COMMAND=/usr/local/bin/cinder-rootwrap /etc/cinder/rootwrap.conf env LC_ALL=C lvdisplay --noheading -C -o Attr --readonly stack-volumes-lvmdriver-1/volume-2adecc46-54e6-4ea6-b182-3d3c706ae4c2
Jan 22 10:16:40.959640 np0005592324.novalocal cinder-volume[184862]: DEBUG oslo_concurrency.processutils [None req-b47c6ba7-6c5c-4415-94fb-4d43991ada4d tempest-VolumesBackupsTest-1493266278 None] CMD "sudo cinder-rootwrap /etc/cinder/rootwrap.conf env LC_ALL=C lvdisplay --noheading -C -o Attr --readonly stack-volumes-lvmdriver-1/volume-2adecc46-54e6-4ea6-b182-3d3c706ae4c2" returned: 0 in 0.356s {{(pid=184862) execute /usr/local/lib/python3.12/site-packages/oslo_concurrency/processutils.py:372}}
Jan 22 10:16:40.960584 np0005592324.novalocal cinder-volume[184862]: DEBUG oslo_concurrency.processutils [None req-b47c6ba7-6c5c-4415-94fb-4d43991ada4d tempest-VolumesBackupsTest-1493266278 None] Running cmd (subprocess): sudo cinder-rootwrap /etc/cinder/rootwrap.conf lvremove --config activation { retry_deactivation = 1} -f stack-volumes-lvmdriver-1/volume-2adecc46-54e6-4ea6-b182-3d3c706ae4c2 {{(pid=184862) execute /usr/local/lib/python3.12/site-packages/oslo_concurrency/processutils.py:349}}
Jan 22 10:16:40.981613 np0005592324.novalocal sudo[212831]: stack : PWD=/ ; USER=root ; COMMAND=/usr/local/bin/cinder-rootwrap /etc/cinder/rootwrap.conf lvremove --config 'activation { retry_deactivation = 1} ' -f stack-volumes-lvmdriver-1/volume-2adecc46-54e6-4ea6-b182-3d3c706ae4c2
Jan 22 10:16:41.414653 np0005592324.novalocal cinder-volume[184862]: DEBUG oslo_concurrency.processutils [None req-b47c6ba7-6c5c-4415-94fb-4d43991ada4d tempest-VolumesBackupsTest-1493266278 None] CMD "sudo cinder-rootwrap /etc/cinder/rootwrap.conf lvremove --config activation { retry_deactivation = 1} -f stack-volumes-lvmdriver-1/volume-2adecc46-54e6-4ea6-b182-3d3c706ae4c2" returned: 0 in 0.454s {{(pid=184862) execute /usr/local/lib/python3.12/site-packages/oslo_concurrency/processutils.py:372}}
Jan 22 10:16:41.414981 np0005592324.novalocal cinder-volume[184862]: INFO cinder.volume.drivers.lvm [None req-b47c6ba7-6c5c-4415-94fb-4d43991ada4d tempest-VolumesBackupsTest-1493266278 None] Successfully deleted volume: 2adecc46-54e6-4ea6-b182-3d3c706ae4c2
Jan 22 10:16:41.449843 np0005592324.novalocal cinder-volume[184862]: INFO cinder.volume.manager [None req-b47c6ba7-6c5c-4415-94fb-4d43991ada4d tempest-VolumesBackupsTest-1493266278 None] Deleted volume successfully.
Jan 22 10:16:41.452997 np0005592324.novalocal cinder-volume[184862]: DEBUG cinder.coordination [None req-b47c6ba7-6c5c-4415-94fb-4d43991ada4d tempest-VolumesBackupsTest-1493266278 None] Lock "cinder-2adecc46-54e6-4ea6-b182-3d3c706ae4c2-delete_volume" released by "delete_volume" :: held 1.861s {{(pid=184862) __release /opt/stack/cinder/cinder/coordination.py:157}}
Jan 22 10:16:42.015626 np0005592324.novalocal cinder-volume[184862]: DEBUG cinder.volume.driver [None req-f602a6a6-019a-4fbf-892d-42f3884b32d6 tempest-VolumesBackupsTest-1493266278 None] Creating a new backup for volume volume-650b26c3-82c3-4591-8e3b-0cdf389cd2c0. {{(pid=184862) _get_backup_volume_temp_volume /opt/stack/cinder/cinder/volume/driver.py:1266}}
Jan 22 10:16:42.027470 np0005592324.novalocal cinder-volume[184862]: DEBUG oslo_concurrency.processutils [None req-f602a6a6-019a-4fbf-892d-42f3884b32d6 tempest-VolumesBackupsTest-1493266278 None] Running cmd (subprocess): sudo cinder-rootwrap /etc/cinder/rootwrap.conf env LC_ALL=C lvs --noheadings --unit=g -o vg_name,name,size --nosuffix --readonly stack-volumes-lvmdriver-1/volume-650b26c3-82c3-4591-8e3b-0cdf389cd2c0 {{(pid=184862) execute /usr/local/lib/python3.12/site-packages/oslo_concurrency/processutils.py:349}}
Jan 22 10:16:42.056660 np0005592324.novalocal sudo[212851]: stack : PWD=/ ; USER=root ; COMMAND=/usr/local/bin/cinder-rootwrap /etc/cinder/rootwrap.conf env LC_ALL=C lvs --noheadings --unit=g -o vg_name,name,size --nosuffix --readonly stack-volumes-lvmdriver-1/volume-650b26c3-82c3-4591-8e3b-0cdf389cd2c0
Jan 22 10:16:42.444968 np0005592324.novalocal cinder-volume[184862]: DEBUG oslo_concurrency.processutils [None req-f602a6a6-019a-4fbf-892d-42f3884b32d6 tempest-VolumesBackupsTest-1493266278 None] CMD "sudo cinder-rootwrap /etc/cinder/rootwrap.conf env LC_ALL=C lvs --noheadings --unit=g -o vg_name,name,size --nosuffix --readonly stack-volumes-lvmdriver-1/volume-650b26c3-82c3-4591-8e3b-0cdf389cd2c0" returned: 0 in 0.416s {{(pid=184862) execute /usr/local/lib/python3.12/site-packages/oslo_concurrency/processutils.py:372}}
Jan 22 10:16:42.448046 np0005592324.novalocal cinder-volume[184862]: DEBUG oslo_concurrency.processutils [None req-f602a6a6-019a-4fbf-892d-42f3884b32d6 tempest-VolumesBackupsTest-1493266278 None] Running cmd (subprocess): sudo cinder-rootwrap /etc/cinder/rootwrap.conf env LC_ALL=C lvcreate --name volume-0ba474da-c5dd-48cb-bea4-de99581d1dfd --snapshot stack-volumes-lvmdriver-1/volume-650b26c3-82c3-4591-8e3b-0cdf389cd2c0 {{(pid=184862) execute /usr/local/lib/python3.12/site-packages/oslo_concurrency/processutils.py:349}}
Jan 22 10:16:42.470017 np0005592324.novalocal sudo[212865]: stack : PWD=/ ; USER=root ; COMMAND=/usr/local/bin/cinder-rootwrap /etc/cinder/rootwrap.conf env LC_ALL=C lvcreate --name volume-0ba474da-c5dd-48cb-bea4-de99581d1dfd --snapshot stack-volumes-lvmdriver-1/volume-650b26c3-82c3-4591-8e3b-0cdf389cd2c0
Jan 22 10:16:42.885552 np0005592324.novalocal cinder-volume[184862]: DEBUG oslo_concurrency.processutils [None req-f602a6a6-019a-4fbf-892d-42f3884b32d6 tempest-VolumesBackupsTest-1493266278 None] CMD "sudo cinder-rootwrap /etc/cinder/rootwrap.conf env LC_ALL=C lvcreate --name volume-0ba474da-c5dd-48cb-bea4-de99581d1dfd --snapshot stack-volumes-lvmdriver-1/volume-650b26c3-82c3-4591-8e3b-0cdf389cd2c0" returned: 0 in 0.439s {{(pid=184862) execute /usr/local/lib/python3.12/site-packages/oslo_concurrency/processutils.py:372}}
Jan 22 10:16:42.886780 np0005592324.novalocal cinder-volume[184862]: DEBUG oslo_concurrency.processutils [None req-f602a6a6-019a-4fbf-892d-42f3884b32d6 tempest-VolumesBackupsTest-1493266278 None] Running cmd (subprocess): sudo cinder-rootwrap /etc/cinder/rootwrap.conf lvchange -a y --yes -k n stack-volumes-lvmdriver-1/volume-0ba474da-c5dd-48cb-bea4-de99581d1dfd {{(pid=184862) execute /usr/local/lib/python3.12/site-packages/oslo_concurrency/processutils.py:349}}
Jan 22 10:16:42.914027 np0005592324.novalocal sudo[212876]: stack : PWD=/ ; USER=root ; COMMAND=/usr/local/bin/cinder-rootwrap /etc/cinder/rootwrap.conf lvchange -a y --yes -k n stack-volumes-lvmdriver-1/volume-0ba474da-c5dd-48cb-bea4-de99581d1dfd
Jan 22 10:16:43.338442 np0005592324.novalocal cinder-volume[184862]: DEBUG oslo_concurrency.processutils [None req-f602a6a6-019a-4fbf-892d-42f3884b32d6 tempest-VolumesBackupsTest-1493266278 None] CMD "sudo cinder-rootwrap /etc/cinder/rootwrap.conf lvchange -a y --yes -k n stack-volumes-lvmdriver-1/volume-0ba474da-c5dd-48cb-bea4-de99581d1dfd" returned: 0 in 0.452s {{(pid=184862) execute /usr/local/lib/python3.12/site-packages/oslo_concurrency/processutils.py:372}}
Jan 22 10:16:43.349703 np0005592324.novalocal cinder-volume[184862]: INFO cinder.volume.manager [None req-f602a6a6-019a-4fbf-892d-42f3884b32d6 tempest-VolumesBackupsTest-1493266278 None] Calling backup continue_backup for: Backup(availability_zone='nova',container='tempest-volumesbackupstest-backup-container-904786921',created_at=2026-01-22T15:16:41Z,data_timestamp=2026-01-22T15:16:41Z,deleted=False,deleted_at=None,display_description=None,display_name='tempest-VolumesBackupsTest-Backup-1443971199',encryption_key_id=None,fail_reason=None,host='np0005592324.novalocal',id=e513330b-790d-44fc-8c8f-8795ed1996ac,metadata={},num_dependent_backups=0,object_count=0,parent=Backup(29467ca2-7202-4806-ba56-4fcd07b80a13),parent_id='29467ca2-7202-4806-ba56-4fcd07b80a13',project_id='1178790fcc384abba0a95686179e62ac',restore_volume_id=None,service='cinder.backup.drivers.swift.SwiftBackupDriver',service_metadata=None,size=1,snapshot_id=None,status='creating',temp_snapshot_id=None,temp_volume_id='0ba474da-c5dd-48cb-bea4-de99581d1dfd',updated_at=None,user_id='c031881c9045429093b7671291d76472',volume_id=650b26c3-82c3-4591-8e3b-0cdf389cd2c0)
Jan 22 10:16:43.350194 np0005592324.novalocal cinder-volume[184862]: DEBUG cinder.backup.rpcapi [None req-f602a6a6-019a-4fbf-892d-42f3884b32d6 tempest-VolumesBackupsTest-1493266278 None] continue_backup in rpcapi backup_id e513330b-790d-44fc-8c8f-8795ed1996ac {{(pid=184862) continue_backup /opt/stack/cinder/cinder/backup/rpcapi.py:65}}
Jan 22 10:16:43.420134 np0005592324.novalocal cinder-volume[184862]: DEBUG oslo_concurrency.processutils [None req-f602a6a6-019a-4fbf-892d-42f3884b32d6 tempest-VolumesBackupsTest-1493266278 None] Running cmd (subprocess): sudo cinder-rootwrap /etc/cinder/rootwrap.conf lvchange -a y --yes -K stack-volumes-lvmdriver-1/volume-0ba474da-c5dd-48cb-bea4-de99581d1dfd {{(pid=184862) execute /usr/local/lib/python3.12/site-packages/oslo_concurrency/processutils.py:349}}
Jan 22 10:16:43.441492 np0005592324.novalocal sudo[212895]: stack : PWD=/ ; USER=root ; COMMAND=/usr/local/bin/cinder-rootwrap /etc/cinder/rootwrap.conf lvchange -a y --yes -K stack-volumes-lvmdriver-1/volume-0ba474da-c5dd-48cb-bea4-de99581d1dfd
Jan 22 10:16:43.830116 np0005592324.novalocal cinder-volume[184862]: DEBUG oslo_concurrency.processutils [None req-f602a6a6-019a-4fbf-892d-42f3884b32d6 tempest-VolumesBackupsTest-1493266278 None] CMD "sudo cinder-rootwrap /etc/cinder/rootwrap.conf lvchange -a y --yes -K stack-volumes-lvmdriver-1/volume-0ba474da-c5dd-48cb-bea4-de99581d1dfd" returned: 0 in 0.409s {{(pid=184862) execute /usr/local/lib/python3.12/site-packages/oslo_concurrency/processutils.py:372}}
Jan 22 10:16:43.838999 np0005592324.novalocal cinder-volume[184862]: INFO cinder.volume.targets.lio [None req-f602a6a6-019a-4fbf-892d-42f3884b32d6 tempest-VolumesBackupsTest-1493266278 None] Creating iscsi_target for volume: volume-0ba474da-c5dd-48cb-bea4-de99581d1dfd
Jan 22 10:16:43.839201 np0005592324.novalocal cinder-volume[184862]: DEBUG oslo_concurrency.lockutils [None req-f602a6a6-019a-4fbf-892d-42f3884b32d6 tempest-VolumesBackupsTest-1493266278 None] Acquiring lock "lioadm" by "cinder.volume.targets.lio.LioAdm._execute" {{(pid=184862) inner /usr/local/lib/python3.12/site-packages/oslo_concurrency/lockutils.py:405}}
Jan 22 10:16:43.839741 np0005592324.novalocal cinder-volume[184862]: DEBUG oslo_concurrency.lockutils [None req-f602a6a6-019a-4fbf-892d-42f3884b32d6 tempest-VolumesBackupsTest-1493266278 None] Lock "lioadm" acquired by "cinder.volume.targets.lio.LioAdm._execute" :: waited 0.001s {{(pid=184862) inner /usr/local/lib/python3.12/site-packages/oslo_concurrency/lockutils.py:410}}
Jan 22 10:16:43.840187 np0005592324.novalocal cinder-volume[184862]: DEBUG oslo_concurrency.processutils [None req-f602a6a6-019a-4fbf-892d-42f3884b32d6 tempest-VolumesBackupsTest-1493266278 None] Running cmd (subprocess): sudo cinder-rootwrap /etc/cinder/rootwrap.conf cinder-rtstool create /dev/stack-volumes-lvmdriver-1/volume-0ba474da-c5dd-48cb-bea4-de99581d1dfd iqn.2010-10.org.openstack:volume-0ba474da-c5dd-48cb-bea4-de99581d1dfd q2d74Be5sPkzNrufdSgP nFJFskQ7TKUjBsVa False -p3260 -a38.102.83.245 {{(pid=184862) execute /usr/local/lib/python3.12/site-packages/oslo_concurrency/processutils.py:349}}
Jan 22 10:16:43.859521 np0005592324.novalocal sudo[212901]: stack : PWD=/ ; USER=root ; COMMAND=/usr/local/bin/cinder-rootwrap /etc/cinder/rootwrap.conf cinder-rtstool create /dev/stack-volumes-lvmdriver-1/volume-0ba474da-c5dd-48cb-bea4-de99581d1dfd iqn.2010-10.org.openstack:volume-0ba474da-c5dd-48cb-bea4-de99581d1dfd q2d74Be5sPkzNrufdSgP nFJFskQ7TKUjBsVa False -p3260 -a38.102.83.245
Jan 22 10:16:44.426786 np0005592324.novalocal cinder-volume[184862]: DEBUG oslo_concurrency.processutils [None req-f602a6a6-019a-4fbf-892d-42f3884b32d6 tempest-VolumesBackupsTest-1493266278 None] CMD "sudo cinder-rootwrap /etc/cinder/rootwrap.conf cinder-rtstool create /dev/stack-volumes-lvmdriver-1/volume-0ba474da-c5dd-48cb-bea4-de99581d1dfd iqn.2010-10.org.openstack:volume-0ba474da-c5dd-48cb-bea4-de99581d1dfd q2d74Be5sPkzNrufdSgP nFJFskQ7TKUjBsVa False -p3260 -a38.102.83.245" returned: 0 in 0.586s {{(pid=184862) execute /usr/local/lib/python3.12/site-packages/oslo_concurrency/processutils.py:372}}
Jan 22 10:16:44.427510 np0005592324.novalocal cinder-volume[184862]: DEBUG oslo_concurrency.lockutils [None req-f602a6a6-019a-4fbf-892d-42f3884b32d6 tempest-VolumesBackupsTest-1493266278 None] Lock "lioadm" "released" by "cinder.volume.targets.lio.LioAdm._execute" :: held 0.587s {{(pid=184862) inner /usr/local/lib/python3.12/site-packages/oslo_concurrency/lockutils.py:424}}
Jan 22 10:16:44.427510 np0005592324.novalocal cinder-volume[184862]: DEBUG oslo_concurrency.lockutils [None req-f602a6a6-019a-4fbf-892d-42f3884b32d6 tempest-VolumesBackupsTest-1493266278 None] Acquiring lock "lioadm" by "cinder.volume.targets.lio.LioAdm._execute" {{(pid=184862) inner /usr/local/lib/python3.12/site-packages/oslo_concurrency/lockutils.py:405}}
Jan 22 10:16:44.427510 np0005592324.novalocal cinder-volume[184862]: DEBUG oslo_concurrency.lockutils [None req-f602a6a6-019a-4fbf-892d-42f3884b32d6 tempest-VolumesBackupsTest-1493266278 None] Lock "lioadm" acquired by "cinder.volume.targets.lio.LioAdm._execute" :: waited 0.000s {{(pid=184862) inner /usr/local/lib/python3.12/site-packages/oslo_concurrency/lockutils.py:410}}
Jan 22 10:16:44.428310 np0005592324.novalocal cinder-volume[184862]: DEBUG oslo_concurrency.processutils [None req-f602a6a6-019a-4fbf-892d-42f3884b32d6 tempest-VolumesBackupsTest-1493266278 None] Running cmd (subprocess): sudo cinder-rootwrap /etc/cinder/rootwrap.conf cinder-rtstool get-targets {{(pid=184862) execute /usr/local/lib/python3.12/site-packages/oslo_concurrency/processutils.py:349}}
Jan 22 10:16:44.451685 np0005592324.novalocal sudo[212910]: stack : PWD=/ ; USER=root ; COMMAND=/usr/local/bin/cinder-rootwrap /etc/cinder/rootwrap.conf cinder-rtstool get-targets
Jan 22 10:16:45.014400 np0005592324.novalocal cinder-volume[184862]: DEBUG oslo_concurrency.processutils [None req-f602a6a6-019a-4fbf-892d-42f3884b32d6 tempest-VolumesBackupsTest-1493266278 None] CMD "sudo cinder-rootwrap /etc/cinder/rootwrap.conf cinder-rtstool get-targets" returned: 0 in 0.586s {{(pid=184862) execute /usr/local/lib/python3.12/site-packages/oslo_concurrency/processutils.py:372}}
Jan 22 10:16:45.015672 np0005592324.novalocal cinder-volume[184862]: DEBUG oslo_concurrency.lockutils [None req-f602a6a6-019a-4fbf-892d-42f3884b32d6 tempest-VolumesBackupsTest-1493266278 None] Lock "lioadm" "released" by "cinder.volume.targets.lio.LioAdm._execute" :: held 0.587s {{(pid=184862) inner /usr/local/lib/python3.12/site-packages/oslo_concurrency/lockutils.py:424}}
Jan 22 10:16:45.015672 np0005592324.novalocal cinder-volume[184862]: DEBUG oslo_concurrency.lockutils [None req-f602a6a6-019a-4fbf-892d-42f3884b32d6 tempest-VolumesBackupsTest-1493266278 None] Acquiring lock "lioadm" by "cinder.volume.targets.lio.LioAdm._execute" {{(pid=184862) inner /usr/local/lib/python3.12/site-packages/oslo_concurrency/lockutils.py:405}}
Jan 22 10:16:45.015672 np0005592324.novalocal cinder-volume[184862]: DEBUG oslo_concurrency.lockutils [None req-f602a6a6-019a-4fbf-892d-42f3884b32d6 tempest-VolumesBackupsTest-1493266278 None] Lock "lioadm" acquired by "cinder.volume.targets.lio.LioAdm._execute" :: waited 0.000s {{(pid=184862) inner /usr/local/lib/python3.12/site-packages/oslo_concurrency/lockutils.py:410}}
Jan 22 10:16:45.015859 np0005592324.novalocal cinder-volume[184862]: DEBUG oslo_concurrency.processutils [None req-f602a6a6-019a-4fbf-892d-42f3884b32d6 tempest-VolumesBackupsTest-1493266278 None] Running cmd (subprocess): sudo cinder-rootwrap /etc/cinder/rootwrap.conf cinder-rtstool save {{(pid=184862) execute /usr/local/lib/python3.12/site-packages/oslo_concurrency/processutils.py:349}}
Jan 22 10:16:45.039484 np0005592324.novalocal sudo[212916]: stack : PWD=/ ; USER=root ; COMMAND=/usr/local/bin/cinder-rootwrap /etc/cinder/rootwrap.conf cinder-rtstool save
Jan 22 10:16:45.502305 np0005592324.novalocal cinder-volume[184862]: DEBUG cinder.volume.flows.manager.create_volume [req-6a8fbf26-f594-4628-a3ee-338fa33e9dd7 req-7a688e3e-3a39-4bc7-8cd4-465e7125c547 tempest-VolumesGetTestJSON-130232253 None] Volume reschedule parameters: True retry: {'num_attempts': 1, 'backends': ['np0005592324.novalocal@lvmdriver-1#lvmdriver-1'], 'hosts': ['np0005592324.novalocal@lvmdriver-1#lvmdriver-1']} {{(pid=184862) get_flow /opt/stack/cinder/cinder/volume/flows/manager/create_volume.py:1388}}
Jan 22 10:16:45.505490 np0005592324.novalocal cinder-volume[184862]: DEBUG cinder.volume.manager [req-6a8fbf26-f594-4628-a3ee-338fa33e9dd7 req-7a688e3e-3a39-4bc7-8cd4-465e7125c547 tempest-VolumesGetTestJSON-130232253 None] Flow 'volume_create_manager' (b7611593-73d8-41ae-be55-d35cb00771b5) transitioned into state 'RUNNING' from state 'PENDING' {{(pid=184862) _flow_receiver /usr/local/lib/python3.12/site-packages/taskflow/listeners/logging.py:145}}
Jan 22 10:16:45.507331 np0005592324.novalocal cinder-volume[184862]: DEBUG cinder.volume.manager [req-6a8fbf26-f594-4628-a3ee-338fa33e9dd7 req-7a688e3e-3a39-4bc7-8cd4-465e7125c547 tempest-VolumesGetTestJSON-130232253 None] Task 'cinder.volume.flows.manager.create_volume.ExtractVolumeRefTask;volume:create' (14ea7510-c71e-4447-b2ee-c54f50b54e9c) transitioned into state 'RUNNING' from state 'PENDING' {{(pid=184862) _task_receiver /usr/local/lib/python3.12/site-packages/taskflow/listeners/logging.py:194}}
Jan 22 10:16:45.514044 np0005592324.novalocal cinder-volume[184862]: DEBUG cinder.volume.manager [req-6a8fbf26-f594-4628-a3ee-338fa33e9dd7 req-7a688e3e-3a39-4bc7-8cd4-465e7125c547 tempest-VolumesGetTestJSON-130232253 None] Task 'cinder.volume.flows.manager.create_volume.ExtractVolumeRefTask;volume:create' (14ea7510-c71e-4447-b2ee-c54f50b54e9c) transitioned into state 'SUCCESS' from state 'RUNNING' with result 'Volume(_name_id=None,admin_metadata=,attach_status='detached',availability_zone='nova',bootable=False,cluster=,cluster_name=None,consistencygroup=,consistencygroup_id=None,created_at=2026-01-22T15:16:45Z,deleted=False,deleted_at=None,display_description=None,display_name='tempest-VolumesGetTestJSON-Volume-1945914006',ec2_id=None,encryption_key_id=None,glance_metadata=,group=,group_id=None,host='np0005592324.novalocal@lvmdriver-1#lvmdriver-1',id=9ef2ddb9-aeeb-4b0b-a24e-5810465419c9,launched_at=None,metadata={Type='work'},migration_status=None,multiattach=False,previous_status=None,project_id='eef2e942e16c47039c0fd1e94fe4941e',provider_auth=None,provider_geometry=None,provider_id=None,provider_location=None,replication_driver_data=None,replication_extended_status=None,replication_status=None,scheduled_at=2026-01-22T15:16:45Z,service_uuid=None,shared_targets=True,size=1,snapshot_id=None,snapshots=,source_volid=None,status='creating',terminated_at=None,updated_at=2026-01-22T15:16:45Z,use_quota=True,user_id='664c03682c704b7eb8d75a4f6b752c45',volume_attachment=VolumeAttachmentList,volume_type=VolumeType(d32eda9a-7ff9-443b-adbb-d3691c157d72),volume_type_id=d32eda9a-7ff9-443b-adbb-d3691c157d72)' {{(pid=184862) _task_receiver /usr/local/lib/python3.12/site-packages/taskflow/listeners/logging.py:182}}
Jan 22 10:16:45.515660 np0005592324.novalocal cinder-volume[184862]: DEBUG cinder.volume.manager [req-6a8fbf26-f594-4628-a3ee-338fa33e9dd7 req-7a688e3e-3a39-4bc7-8cd4-465e7125c547 tempest-VolumesGetTestJSON-130232253 None] Task 'cinder.volume.flows.manager.create_volume.OnFailureRescheduleTask;volume:create' (c7f1a1da-7bce-4552-894f-7435198a883b) transitioned into state 'RUNNING' from state 'PENDING' {{(pid=184862) _task_receiver /usr/local/lib/python3.12/site-packages/taskflow/listeners/logging.py:194}}
Jan 22 10:16:45.516877 np0005592324.novalocal cinder-volume[184862]: DEBUG cinder.volume.manager [req-6a8fbf26-f594-4628-a3ee-338fa33e9dd7 req-7a688e3e-3a39-4bc7-8cd4-465e7125c547 tempest-VolumesGetTestJSON-130232253 None] Task 'cinder.volume.flows.manager.create_volume.OnFailureRescheduleTask;volume:create' (c7f1a1da-7bce-4552-894f-7435198a883b) transitioned into state 'SUCCESS' from state 'RUNNING' with result 'None' {{(pid=184862) _task_receiver /usr/local/lib/python3.12/site-packages/taskflow/listeners/logging.py:182}}
Jan 22 10:16:45.518500 np0005592324.novalocal cinder-volume[184862]: DEBUG cinder.volume.manager [req-6a8fbf26-f594-4628-a3ee-338fa33e9dd7 req-7a688e3e-3a39-4bc7-8cd4-465e7125c547 tempest-VolumesGetTestJSON-130232253 None] Task 'cinder.volume.flows.manager.create_volume.ExtractVolumeSpecTask;volume:create' (5ab13b6b-2a59-48b0-ac55-d0c593fbf46a) transitioned into state 'RUNNING' from state 'PENDING' {{(pid=184862) _task_receiver /usr/local/lib/python3.12/site-packages/taskflow/listeners/logging.py:194}}
Jan 22 10:16:45.519769 np0005592324.novalocal cinder-volume[184862]: DEBUG cinder.volume.manager [req-6a8fbf26-f594-4628-a3ee-338fa33e9dd7 req-7a688e3e-3a39-4bc7-8cd4-465e7125c547 tempest-VolumesGetTestJSON-130232253 None] Task 'cinder.volume.flows.manager.create_volume.ExtractVolumeSpecTask;volume:create' (5ab13b6b-2a59-48b0-ac55-d0c593fbf46a) transitioned into state 'SUCCESS' from state 'RUNNING' with result '{'status': 'creating', 'type': 'raw', 'volume_id': '9ef2ddb9-aeeb-4b0b-a24e-5810465419c9', 'volume_name': 'volume-9ef2ddb9-aeeb-4b0b-a24e-5810465419c9', 'volume_size': 1}' {{(pid=184862) _task_receiver /usr/local/lib/python3.12/site-packages/taskflow/listeners/logging.py:182}}
Jan 22 10:16:45.521120 np0005592324.novalocal cinder-volume[184862]: DEBUG cinder.volume.manager [req-6a8fbf26-f594-4628-a3ee-338fa33e9dd7 req-7a688e3e-3a39-4bc7-8cd4-465e7125c547 tempest-VolumesGetTestJSON-130232253 None] Task 'cinder.volume.flows.manager.create_volume.NotifyVolumeActionTask;volume:create, create.start' (9790f9e1-75a5-4c65-a433-037390697d63) transitioned into state 'RUNNING' from state 'PENDING' {{(pid=184862) _task_receiver /usr/local/lib/python3.12/site-packages/taskflow/listeners/logging.py:194}}
Jan 22 10:16:45.522407 np0005592324.novalocal cinder-volume[184862]: DEBUG cinder.volume.manager [req-6a8fbf26-f594-4628-a3ee-338fa33e9dd7 req-7a688e3e-3a39-4bc7-8cd4-465e7125c547 tempest-VolumesGetTestJSON-130232253 None] Task 'cinder.volume.flows.manager.create_volume.NotifyVolumeActionTask;volume:create, create.start' (9790f9e1-75a5-4c65-a433-037390697d63) transitioned into state 'SUCCESS' from state 'RUNNING' with result 'None' {{(pid=184862) _task_receiver /usr/local/lib/python3.12/site-packages/taskflow/listeners/logging.py:182}}
Jan 22 10:16:45.523783 np0005592324.novalocal cinder-volume[184862]: DEBUG cinder.volume.manager [req-6a8fbf26-f594-4628-a3ee-338fa33e9dd7 req-7a688e3e-3a39-4bc7-8cd4-465e7125c547 tempest-VolumesGetTestJSON-130232253 None] Task 'cinder.volume.flows.manager.create_volume.CreateVolumeFromSpecTask;volume:create' (a66d308f-b32d-4ead-93c8-b819a9e868e1) transitioned into state 'RUNNING' from state 'PENDING' {{(pid=184862) _task_receiver /usr/local/lib/python3.12/site-packages/taskflow/listeners/logging.py:194}}
Jan 22 10:16:45.524113 np0005592324.novalocal cinder-volume[184862]: INFO cinder.volume.flows.manager.create_volume [req-6a8fbf26-f594-4628-a3ee-338fa33e9dd7 req-7a688e3e-3a39-4bc7-8cd4-465e7125c547 tempest-VolumesGetTestJSON-130232253 None] Volume 9ef2ddb9-aeeb-4b0b-a24e-5810465419c9: being created as raw with specification: {'status': 'creating', 'volume_name': 'volume-9ef2ddb9-aeeb-4b0b-a24e-5810465419c9', 'volume_size': 1}
Jan 22 10:16:45.524947 np0005592324.novalocal cinder-volume[184862]: DEBUG oslo_concurrency.processutils [req-6a8fbf26-f594-4628-a3ee-338fa33e9dd7 req-7a688e3e-3a39-4bc7-8cd4-465e7125c547 tempest-VolumesGetTestJSON-130232253 None] Running cmd (subprocess): sudo cinder-rootwrap /etc/cinder/rootwrap.conf env LC_ALL=C lvcreate -T -V 1g -n volume-9ef2ddb9-aeeb-4b0b-a24e-5810465419c9 stack-volumes-lvmdriver-1/stack-volumes-lvmdriver-1-pool {{(pid=184862) execute /usr/local/lib/python3.12/site-packages/oslo_concurrency/processutils.py:349}}
Jan 22 10:16:45.549624 np0005592324.novalocal sudo[212921]: stack : PWD=/ ; USER=root ; COMMAND=/usr/local/bin/cinder-rootwrap /etc/cinder/rootwrap.conf env LC_ALL=C lvcreate -T -V 1g -n volume-9ef2ddb9-aeeb-4b0b-a24e-5810465419c9 stack-volumes-lvmdriver-1/stack-volumes-lvmdriver-1-pool
Jan 22 10:16:45.634517 np0005592324.novalocal cinder-volume[184862]: DEBUG oslo_concurrency.processutils [None req-f602a6a6-019a-4fbf-892d-42f3884b32d6 tempest-VolumesBackupsTest-1493266278 None] CMD "sudo cinder-rootwrap /etc/cinder/rootwrap.conf cinder-rtstool save" returned: 0 in 0.618s {{(pid=184862) execute /usr/local/lib/python3.12/site-packages/oslo_concurrency/processutils.py:372}}
Jan 22 10:16:45.634980 np0005592324.novalocal cinder-volume[184862]: DEBUG oslo_concurrency.lockutils [None req-f602a6a6-019a-4fbf-892d-42f3884b32d6 tempest-VolumesBackupsTest-1493266278 None] Lock "lioadm" "released" by "cinder.volume.targets.lio.LioAdm._execute" :: held 0.619s {{(pid=184862) inner /usr/local/lib/python3.12/site-packages/oslo_concurrency/lockutils.py:424}}
Jan 22 10:16:45.635243 np0005592324.novalocal cinder-volume[184862]: DEBUG cinder.volume.targets.iscsi [None req-f602a6a6-019a-4fbf-892d-42f3884b32d6 tempest-VolumesBackupsTest-1493266278 None] Set provider_location to: 38.102.83.245:3260,iqn.2010-10.org.openstack:volume-0ba474da-c5dd-48cb-bea4-de99581d1dfd iqn.2010-10.org.openstack:volume-0ba474da-c5dd-48cb-bea4-de99581d1dfd 0 {{(pid=184862) create_export /opt/stack/cinder/cinder/volume/targets/iscsi.py:205}}
Jan 22 10:16:45.641508 np0005592324.novalocal cinder-volume[184862]: DEBUG oslo_concurrency.lockutils [None req-f602a6a6-019a-4fbf-892d-42f3884b32d6 tempest-VolumesBackupsTest-1493266278 None] Acquiring lock "lioadm" by "cinder.volume.targets.lio.LioAdm._execute" {{(pid=184862) inner /usr/local/lib/python3.12/site-packages/oslo_concurrency/lockutils.py:405}}
