Jan 29 07:51:32 standalone object-server[127635]: 172.20.0.100 - - [29/Jan/2026:07:51:32 +0000] "GET /d1/665/AUTH_4c69ec2c9fbd43d18b3423fd1c2c1a6b/gnocchi.4b5fce9c-f510-4fc0-b582-ec7ea4ccbbbb/1769040000.0_mean_300.0_v3" 404 70 "GET http://172.18.0.2:8080/v1/AUTH_4c69ec2c9fbd43d18b3423fd1c2c1a6b/gnocchi.4b5fce9c-f510-4fc0-b582-ec7ea4ccbbbb/1769040000.0_mean_300.0_v3" "tx5bbb3263810445478776a-00697b1184" "proxy-server 20" 0.0006 "-" 23 0
Jan 29 07:51:32 standalone proxy-server[129441]: 172.18.0.2 172.18.0.100 29/Jan/2026/07/51/32 GET /v1/AUTH_4c69ec2c9fbd43d18b3423fd1c2c1a6b/gnocchi.4b5fce9c-f510-4fc0-b582-ec7ea4ccbbbb/1769040000.0_mean_300.0_v3 HTTP/1.0 404 - python-swiftclient-3.11.1 gAAAAABpexEBDc6x... - 70 - tx5bbb3263810445478776a-00697b1184 - 0.0109 - - 1769673092.853320599 1769673092.864251614 0
Jan 29 07:51:32 standalone container-server[127497]: 172.20.0.100 - - [29/Jan/2026:07:51:32 +0000] "PUT /d1/160/AUTH_4c69ec2c9fbd43d18b3423fd1c2c1a6b/gnocchi.4b5fce9c-f510-4fc0-b582-ec7ea4ccbbbb/1769040000.0_mean_300.0_v3" 201 - "PUT http://172.18.0.2:8080/d1/665/AUTH_4c69ec2c9fbd43d18b3423fd1c2c1a6b/gnocchi.4b5fce9c-f510-4fc0-b582-ec7ea4ccbbbb/1769040000.0_mean_300.0_v3" "tx2b2a68d2be2548eb817fe-00697b1184" "object-server 25" 0.0007 "-" 21 0
Jan 29 07:51:32 standalone object-server[127637]: 172.20.0.100 - - [29/Jan/2026:07:51:32 +0000] "PUT /d1/665/AUTH_4c69ec2c9fbd43d18b3423fd1c2c1a6b/gnocchi.4b5fce9c-f510-4fc0-b582-ec7ea4ccbbbb/1769040000.0_mean_300.0_v3" 201 - "PUT http://172.18.0.2:8080/v1/AUTH_4c69ec2c9fbd43d18b3423fd1c2c1a6b/gnocchi.4b5fce9c-f510-4fc0-b582-ec7ea4ccbbbb/1769040000.0_mean_300.0_v3" "tx2b2a68d2be2548eb817fe-00697b1184" "proxy-server 20" 0.0105 "-" 25 0
Jan 29 07:51:32 standalone proxy-server[129441]: 172.18.0.2 172.18.0.100 29/Jan/2026/07/51/32 PUT /v1/AUTH_4c69ec2c9fbd43d18b3423fd1c2c1a6b/gnocchi.4b5fce9c-f510-4fc0-b582-ec7ea4ccbbbb/1769040000.0_mean_300.0_v3 HTTP/1.0 201 - python-swiftclient-3.11.1 gAAAAABpexEBDc6x... 16 - - tx2b2a68d2be2548eb817fe-00697b1184 - 0.0214 - - 1769673092.870523214 1769673092.891884327 0
Jan 29 07:51:32 standalone container-server[127492]: 172.20.0.100 - - [29/Jan/2026:07:51:32 +0000] "PUT /d1/160/AUTH_4c69ec2c9fbd43d18b3423fd1c2c1a6b/gnocchi.4b5fce9c-f510-4fc0-b582-ec7ea4ccbbbb/none_v3" 201 - "PUT http://172.18.0.2:8080/d1/332/AUTH_4c69ec2c9fbd43d18b3423fd1c2c1a6b/gnocchi.4b5fce9c-f510-4fc0-b582-ec7ea4ccbbbb/none_v3" "tx535080ecb6de4c529beba-00697b1184" "object-server 23" 0.0006 "-" 20 0
Jan 29 07:51:32 standalone object-server[127635]: 172.20.0.100 - - [29/Jan/2026:07:51:32 +0000] "PUT /d1/332/AUTH_4c69ec2c9fbd43d18b3423fd1c2c1a6b/gnocchi.4b5fce9c-f510-4fc0-b582-ec7ea4ccbbbb/none_v3" 201 - "PUT http://172.18.0.2:8080/v1/AUTH_4c69ec2c9fbd43d18b3423fd1c2c1a6b/gnocchi.4b5fce9c-f510-4fc0-b582-ec7ea4ccbbbb/none_v3" "tx535080ecb6de4c529beba-00697b1184" "proxy-server 20" 0.0098 "-" 23 0
Jan 29 07:51:32 standalone proxy-server[129441]: 172.18.0.2 172.18.0.100 29/Jan/2026/07/51/32 PUT /v1/AUTH_4c69ec2c9fbd43d18b3423fd1c2c1a6b/gnocchi.4b5fce9c-f510-4fc0-b582-ec7ea4ccbbbb/none_v3 HTTP/1.0 201 - python-swiftclient-3.11.1 gAAAAABpexEBDc6x... 22 - - tx535080ecb6de4c529beba-00697b1184 - 0.0162 - - 1769673092.895851851 1769673092.912017822 0
Jan 29 07:51:32 standalone object-server[127636]: 172.20.0.100 - - [29/Jan/2026:07:51:32 +0000] "GET /d1/403/AUTH_4c69ec2c9fbd43d18b3423fd1c2c1a6b/gnocchi.a1eee8e3-ae7a-46ca-a448-d62a21ddaed3/none_v3" 200 33 "GET http://172.18.0.2:8080/v1/AUTH_4c69ec2c9fbd43d18b3423fd1c2c1a6b/gnocchi.a1eee8e3-ae7a-46ca-a448-d62a21ddaed3/none_v3" "tx8ff0802f92544d1381197-00697b1184" "proxy-server 20" 0.0009 "-" 24 0
Jan 29 07:51:32 standalone proxy-server[129441]: 172.18.0.2 172.18.0.100 29/Jan/2026/07/51/32 GET /v1/AUTH_4c69ec2c9fbd43d18b3423fd1c2c1a6b/gnocchi.a1eee8e3-ae7a-46ca-a448-d62a21ddaed3/none_v3 HTTP/1.0 200 - python-swiftclient-3.11.1 gAAAAABpexEBDc6x... - 33 - tx8ff0802f92544d1381197-00697b1184 - 0.0108 - - 1769673092.956105232 1769673092.966866255 0
Jan 29 07:51:32 standalone container-server[127507]: 172.20.0.100 - - [29/Jan/2026:07:51:32 +0000] "GET /d1/759/AUTH_4c69ec2c9fbd43d18b3423fd1c2c1a6b/gnocchi.a1eee8e3-ae7a-46ca-a448-d62a21ddaed3" 200 357 "GET http://172.18.0.2:8080/v1/AUTH_4c69ec2c9fbd43d18b3423fd1c2c1a6b/gnocchi.a1eee8e3-ae7a-46ca-a448-d62a21ddaed3?format=json&states=listing" "txd3c51a95bb5a47c0b2693-00697b1184" "proxy-server 20" 0.0072 "-" 22 0
Jan 29 07:51:32 standalone proxy-server[129441]: 172.18.0.2 172.18.0.100 29/Jan/2026/07/51/32 GET /v1/AUTH_4c69ec2c9fbd43d18b3423fd1c2c1a6b/gnocchi.a1eee8e3-ae7a-46ca-a448-d62a21ddaed3%3Fformat%3Djson%26states%3Dlisting HTTP/1.0 200 - python-swiftclient-3.11.1 gAAAAABpexEBDc6x... - 357 - txd3c51a95bb5a47c0b2693-00697b1184 - 0.0176 - - 1769673092.971771717 1769673092.989328861 0
Jan 29 07:51:33 standalone container-server[127497]: 172.20.0.100 - - [29/Jan/2026:07:51:33 +0000] "GET /d1/759/AUTH_4c69ec2c9fbd43d18b3423fd1c2c1a6b/gnocchi.a1eee8e3-ae7a-46ca-a448-d62a21ddaed3" 200 2 "GET http://172.18.0.2:8080/v1/AUTH_4c69ec2c9fbd43d18b3423fd1c2c1a6b/gnocchi.a1eee8e3-ae7a-46ca-a448-d62a21ddaed3?format=json&marker=none_v3&states=listing" "txf19ead64bd1a4d7a86fca-00697b1184" "proxy-server 20" 0.0025 "-" 21 0
Jan 29 07:51:33 standalone proxy-server[129441]: 172.18.0.2 172.18.0.100 29/Jan/2026/07/51/33 GET /v1/AUTH_4c69ec2c9fbd43d18b3423fd1c2c1a6b/gnocchi.a1eee8e3-ae7a-46ca-a448-d62a21ddaed3%3Fformat%3Djson%26marker%3Dnone_v3%26states%3Dlisting HTTP/1.0 200 - python-swiftclient-3.11.1 gAAAAABpexEBDc6x... - 2 - txf19ead64bd1a4d7a86fca-00697b1184 - 0.0113 - - 1769673092.993244410 1769673093.004574776 0
Jan 29 07:51:33 standalone object-server[127634]: 172.20.0.100 - - [29/Jan/2026:07:51:33 +0000] "GET /d1/292/AUTH_4c69ec2c9fbd43d18b3423fd1c2c1a6b/gnocchi.a1eee8e3-ae7a-46ca-a448-d62a21ddaed3/1769040000.0_mean_300.0_v3" 200 16 "GET http://172.18.0.2:8080/v1/AUTH_4c69ec2c9fbd43d18b3423fd1c2c1a6b/gnocchi.a1eee8e3-ae7a-46ca-a448-d62a21ddaed3/1769040000.0_mean_300.0_v3" "tx8d01ffbfd39d459594349-00697b1185" "proxy-server 20" 0.0011 "-" 22 0
Jan 29 07:51:33 standalone proxy-server[129441]: 172.18.0.2 172.18.0.100 29/Jan/2026/07/51/33 GET /v1/AUTH_4c69ec2c9fbd43d18b3423fd1c2c1a6b/gnocchi.a1eee8e3-ae7a-46ca-a448-d62a21ddaed3/1769040000.0_mean_300.0_v3 HTTP/1.0 200 - python-swiftclient-3.11.1 gAAAAABpexEBDc6x... - 16 - tx8d01ffbfd39d459594349-00697b1185 - 0.0112 - - 1769673093.009577274 1769673093.020794868 0
Jan 29 07:51:33 standalone container-server[127507]: 172.20.0.100 - - [29/Jan/2026:07:51:33 +0000] "PUT /d1/759/AUTH_4c69ec2c9fbd43d18b3423fd1c2c1a6b/gnocchi.a1eee8e3-ae7a-46ca-a448-d62a21ddaed3/1769040000.0_mean_300.0_v3" 201 - "PUT http://172.18.0.2:8080/d1/292/AUTH_4c69ec2c9fbd43d18b3423fd1c2c1a6b/gnocchi.a1eee8e3-ae7a-46ca-a448-d62a21ddaed3/1769040000.0_mean_300.0_v3" "tx333e1532dbbd4fa891513-00697b1185" "object-server 25" 0.0006 "-" 22 0
Jan 29 07:51:33 standalone object-server[127637]: 172.20.0.100 - - [29/Jan/2026:07:51:33 +0000] "PUT /d1/292/AUTH_4c69ec2c9fbd43d18b3423fd1c2c1a6b/gnocchi.a1eee8e3-ae7a-46ca-a448-d62a21ddaed3/1769040000.0_mean_300.0_v3" 201 - "PUT http://172.18.0.2:8080/v1/AUTH_4c69ec2c9fbd43d18b3423fd1c2c1a6b/gnocchi.a1eee8e3-ae7a-46ca-a448-d62a21ddaed3/1769040000.0_mean_300.0_v3" "tx333e1532dbbd4fa891513-00697b1185" "proxy-server 20" 0.0115 "-" 25 0
Jan 29 07:51:33 standalone proxy-server[129441]: 172.18.0.2 172.18.0.100 29/Jan/2026/07/51/33 PUT /v1/AUTH_4c69ec2c9fbd43d18b3423fd1c2c1a6b/gnocchi.a1eee8e3-ae7a-46ca-a448-d62a21ddaed3/1769040000.0_mean_300.0_v3 HTTP/1.0 201 - python-swiftclient-3.11.1 gAAAAABpexEBDc6x... 16 - - tx333e1532dbbd4fa891513-00697b1185 - 0.0187 - - 1769673093.025568485 1769673093.044227839 0
Jan 29 07:51:33 standalone container-server[127507]: 172.20.0.100 - - [29/Jan/2026:07:51:33 +0000] "PUT /d1/759/AUTH_4c69ec2c9fbd43d18b3423fd1c2c1a6b/gnocchi.a1eee8e3-ae7a-46ca-a448-d62a21ddaed3/none_v3" 201 - "PUT http://172.18.0.2:8080/d1/403/AUTH_4c69ec2c9fbd43d18b3423fd1c2c1a6b/gnocchi.a1eee8e3-ae7a-46ca-a448-d62a21ddaed3/none_v3" "tx43516f8995af4b4e95884-00697b1185" "object-server 24" 0.0007 "-" 22 0
Jan 29 07:51:33 standalone object-server[127636]: 172.20.0.100 - - [29/Jan/2026:07:51:33 +0000] "PUT /d1/403/AUTH_4c69ec2c9fbd43d18b3423fd1c2c1a6b/gnocchi.a1eee8e3-ae7a-46ca-a448-d62a21ddaed3/none_v3" 201 - "PUT http://172.18.0.2:8080/v1/AUTH_4c69ec2c9fbd43d18b3423fd1c2c1a6b/gnocchi.a1eee8e3-ae7a-46ca-a448-d62a21ddaed3/none_v3" "tx43516f8995af4b4e95884-00697b1185" "proxy-server 20" 0.0144 "-" 24 0
Jan 29 07:51:33 standalone proxy-server[129441]: 172.18.0.2 172.18.0.100 29/Jan/2026/07/51/33 PUT /v1/AUTH_4c69ec2c9fbd43d18b3423fd1c2c1a6b/gnocchi.a1eee8e3-ae7a-46ca-a448-d62a21ddaed3/none_v3 HTTP/1.0 201 - python-swiftclient-3.11.1 gAAAAABpexEBDc6x... 48 - - tx43516f8995af4b4e95884-00697b1185 - 0.0218 - - 1769673093.047182798 1769673093.068988323 0
Jan 29 07:51:33 standalone object-server[127637]: 172.20.0.100 - - [29/Jan/2026:07:51:33 +0000] "GET /d1/505/AUTH_4c69ec2c9fbd43d18b3423fd1c2c1a6b/gnocchi.f0eaacae-ddec-4393-accb-840c21114476/none_v3" 200 33 "GET http://172.18.0.2:8080/v1/AUTH_4c69ec2c9fbd43d18b3423fd1c2c1a6b/gnocchi.f0eaacae-ddec-4393-accb-840c21114476/none_v3" "tx3f321a1741004bab9a1ce-00697b1185" "proxy-server 20" 0.0009 "-" 25 0
Jan 29 07:51:33 standalone proxy-server[129441]: 172.18.0.2 172.18.0.100 29/Jan/2026/07/51/33 GET /v1/AUTH_4c69ec2c9fbd43d18b3423fd1c2c1a6b/gnocchi.f0eaacae-ddec-4393-accb-840c21114476/none_v3 HTTP/1.0 200 - python-swiftclient-3.11.1 gAAAAABpexEBDc6x... - 33 - tx3f321a1741004bab9a1ce-00697b1185 - 0.0086 - - 1769673093.125403166 1769673093.134039640 0
Jan 29 07:51:33 standalone container-server[127492]: 172.20.0.100 - - [29/Jan/2026:07:51:33 +0000] "GET /d1/427/AUTH_4c69ec2c9fbd43d18b3423fd1c2c1a6b/gnocchi.f0eaacae-ddec-4393-accb-840c21114476" 200 357 "GET http://172.18.0.2:8080/v1/AUTH_4c69ec2c9fbd43d18b3423fd1c2c1a6b/gnocchi.f0eaacae-ddec-4393-accb-840c21114476?format=json&states=listing" "tx40c8e30ac1b9413d985ef-00697b1185" "proxy-server 20" 0.0606 "-" 20 0
Jan 29 07:51:33 standalone proxy-server[129441]: 172.18.0.2 172.18.0.100 29/Jan/2026/07/51/33 GET /v1/AUTH_4c69ec2c9fbd43d18b3423fd1c2c1a6b/gnocchi.f0eaacae-ddec-4393-accb-840c21114476%3Fformat%3Djson%26states%3Dlisting HTTP/1.0 200 - python-swiftclient-3.11.1 gAAAAABpexEBDc6x... - 357 - tx40c8e30ac1b9413d985ef-00697b1185 - 0.0704 - - 1769673093.138081074 1769673093.208517075 0
Jan 29 07:51:33 standalone container-server[127492]: 172.20.0.100 - - [29/Jan/2026:07:51:33 +0000] "GET /d1/427/AUTH_4c69ec2c9fbd43d18b3423fd1c2c1a6b/gnocchi.f0eaacae-ddec-4393-accb-840c21114476" 200 2 "GET http://172.18.0.2:8080/v1/AUTH_4c69ec2c9fbd43d18b3423fd1c2c1a6b/gnocchi.f0eaacae-ddec-4393-accb-840c21114476?format=json&marker=none_v3&states=listing" "tx877045241f8e4c43b2fce-00697b1185" "proxy-server 20" 0.0025 "-" 20 0
Jan 29 07:51:33 standalone proxy-server[129441]: 172.18.0.2 172.18.0.100 29/Jan/2026/07/51/33 GET /v1/AUTH_4c69ec2c9fbd43d18b3423fd1c2c1a6b/gnocchi.f0eaacae-ddec-4393-accb-840c21114476%3Fformat%3Djson%26marker%3Dnone_v3%26states%3Dlisting HTTP/1.0 200 - python-swiftclient-3.11.1 gAAAAABpexEBDc6x... - 2 - tx877045241f8e4c43b2fce-00697b1185 - 0.0170 - - 1769673093.212552547 1769673093.229576588 0
Jan 29 07:51:33 standalone object-server[127635]: 172.20.0.100 - - [29/Jan/2026:07:51:33 +0000] "GET /d1/637/AUTH_4c69ec2c9fbd43d18b3423fd1c2c1a6b/gnocchi.f0eaacae-ddec-4393-accb-840c21114476/1769040000.0_mean_300.0_v3" 200 16 "GET http://172.18.0.2:8080/v1/AUTH_4c69ec2c9fbd43d18b3423fd1c2c1a6b/gnocchi.f0eaacae-ddec-4393-accb-840c21114476/1769040000.0_mean_300.0_v3" "txb3341c4aaa3b4aea8db0c-00697b1185" "proxy-server 20" 0.0008 "-" 23 0
Jan 29 07:51:33 standalone proxy-server[129441]: 172.18.0.2 172.18.0.100 29/Jan/2026/07/51/33 GET /v1/AUTH_4c69ec2c9fbd43d18b3423fd1c2c1a6b/gnocchi.f0eaacae-ddec-4393-accb-840c21114476/1769040000.0_mean_300.0_v3 HTTP/1.0 200 - python-swiftclient-3.11.1 gAAAAABpexEBDc6x... - 16 - txb3341c4aaa3b4aea8db0c-00697b1185 - 0.0101 - - 1769673093.234660387 1769673093.244794369 0
Jan 29 07:51:33 standalone container-server[127507]: 172.20.0.100 - - [29/Jan/2026:07:51:33 +0000] "PUT /d1/427/AUTH_4c69ec2c9fbd43d18b3423fd1c2c1a6b/gnocchi.f0eaacae-ddec-4393-accb-840c21114476/1769040000.0_mean_300.0_v3" 201 - "PUT http://172.18.0.2:8080/d1/637/AUTH_4c69ec2c9fbd43d18b3423fd1c2c1a6b/gnocchi.f0eaacae-ddec-4393-accb-840c21114476/1769040000.0_mean_300.0_v3" "txb7b3dd51c0094dd489e22-00697b1185" "object-server 25" 0.0008 "-" 22 0
Jan 29 07:51:33 standalone object-server[127637]: 172.20.0.100 - - [29/Jan/2026:07:51:33 +0000] "PUT /d1/637/AUTH_4c69ec2c9fbd43d18b3423fd1c2c1a6b/gnocchi.f0eaacae-ddec-4393-accb-840c21114476/1769040000.0_mean_300.0_v3" 201 - "PUT http://172.18.0.2:8080/v1/AUTH_4c69ec2c9fbd43d18b3423fd1c2c1a6b/gnocchi.f0eaacae-ddec-4393-accb-840c21114476/1769040000.0_mean_300.0_v3" "txb7b3dd51c0094dd489e22-00697b1185" "proxy-server 20" 0.0176 "-" 25 0
Jan 29 07:51:33 standalone proxy-server[129441]: 172.18.0.2 172.18.0.100 29/Jan/2026/07/51/33 PUT /v1/AUTH_4c69ec2c9fbd43d18b3423fd1c2c1a6b/gnocchi.f0eaacae-ddec-4393-accb-840c21114476/1769040000.0_mean_300.0_v3 HTTP/1.0 201 - python-swiftclient-3.11.1 gAAAAABpexEBDc6x... 16 - - txb7b3dd51c0094dd489e22-00697b1185 - 0.0282 - - 1769673093.249727011 1769673093.277890444 0
Jan 29 07:51:33 standalone container-server[127509]: 172.20.0.100 - - [29/Jan/2026:07:51:33 +0000] "PUT /d1/427/AUTH_4c69ec2c9fbd43d18b3423fd1c2c1a6b/gnocchi.f0eaacae-ddec-4393-accb-840c21114476/none_v3" 201 - "PUT http://172.18.0.2:8080/d1/505/AUTH_4c69ec2c9fbd43d18b3423fd1c2c1a6b/gnocchi.f0eaacae-ddec-4393-accb-840c21114476/none_v3" "txfcfbbca509fd4732b1cc7-00697b1185" "object-server 23" 0.0012 "-" 23 0
Jan 29 07:51:33 standalone object-server[127635]: 172.20.0.100 - - [29/Jan/2026:07:51:33 +0000] "PUT /d1/505/AUTH_4c69ec2c9fbd43d18b3423fd1c2c1a6b/gnocchi.f0eaacae-ddec-4393-accb-840c21114476/none_v3" 201 - "PUT http://172.18.0.2:8080/v1/AUTH_4c69ec2c9fbd43d18b3423fd1c2c1a6b/gnocchi.f0eaacae-ddec-4393-accb-840c21114476/none_v3" "txfcfbbca509fd4732b1cc7-00697b1185" "proxy-server 20" 0.0136 "-" 23 0
Jan 29 07:51:33 standalone proxy-server[129441]: 172.18.0.2 172.18.0.100 29/Jan/2026/07/51/33 PUT /v1/AUTH_4c69ec2c9fbd43d18b3423fd1c2c1a6b/gnocchi.f0eaacae-ddec-4393-accb-840c21114476/none_v3 HTTP/1.0 201 - python-swiftclient-3.11.1 gAAAAABpexEBDc6x... 48 - - txfcfbbca509fd4732b1cc7-00697b1185 - 0.0211 - - 1769673093.283699512 1769673093.304758072 0
Jan 29 07:51:34 standalone object-server[127634]: 172.20.0.100 - - [29/Jan/2026:07:51:34 +0000] "GET /d1/332/AUTH_4c69ec2c9fbd43d18b3423fd1c2c1a6b/gnocchi.4b5fce9c-f510-4fc0-b582-ec7ea4ccbbbb/none_v3" 200 22 "GET http://172.18.0.2:8080/v1/AUTH_4c69ec2c9fbd43d18b3423fd1c2c1a6b/gnocchi.4b5fce9c-f510-4fc0-b582-ec7ea4ccbbbb/none_v3" "tx07d6b993fb0e45ebbeacb-00697b1186" "proxy-server 20" 0.0007 "-" 22 0
Jan 29 07:51:34 standalone proxy-server[129441]: 172.18.0.2 172.18.0.100 29/Jan/2026/07/51/34 GET /v1/AUTH_4c69ec2c9fbd43d18b3423fd1c2c1a6b/gnocchi.4b5fce9c-f510-4fc0-b582-ec7ea4ccbbbb/none_v3 HTTP/1.0 200 - python-swiftclient-3.11.1 gAAAAABpexEBDc6x... - 22 - tx07d6b993fb0e45ebbeacb-00697b1186 - 0.0069 - - 1769673094.396331787 1769673094.403248072 0
Jan 29 07:51:34 standalone container-server[127507]: 172.20.0.100 - - [29/Jan/2026:07:51:34 +0000] "GET /d1/160/AUTH_4c69ec2c9fbd43d18b3423fd1c2c1a6b/gnocchi.4b5fce9c-f510-4fc0-b582-ec7ea4ccbbbb" 200 357 "GET http://172.18.0.2:8080/v1/AUTH_4c69ec2c9fbd43d18b3423fd1c2c1a6b/gnocchi.4b5fce9c-f510-4fc0-b582-ec7ea4ccbbbb?format=json&states=listing" "txddbcc8700c5a4ad9913d7-00697b1186" "proxy-server 20" 0.0130 "-" 22 0
Jan 29 07:51:34 standalone proxy-server[129441]: 172.18.0.2 172.18.0.100 29/Jan/2026/07/51/34 GET /v1/AUTH_4c69ec2c9fbd43d18b3423fd1c2c1a6b/gnocchi.4b5fce9c-f510-4fc0-b582-ec7ea4ccbbbb%3Fformat%3Djson%26states%3Dlisting HTTP/1.0 200 - python-swiftclient-3.11.1 gAAAAABpexEBDc6x... - 357 - txddbcc8700c5a4ad9913d7-00697b1186 - 0.0212 - - 1769673094.408854485 1769673094.430014372 0
Jan 29 07:51:34 standalone container-server[127509]: 172.20.0.100 - - [29/Jan/2026:07:51:34 +0000] "GET /d1/160/AUTH_4c69ec2c9fbd43d18b3423fd1c2c1a6b/gnocchi.4b5fce9c-f510-4fc0-b582-ec7ea4ccbbbb" 200 2 "GET http://172.18.0.2:8080/v1/AUTH_4c69ec2c9fbd43d18b3423fd1c2c1a6b/gnocchi.4b5fce9c-f510-4fc0-b582-ec7ea4ccbbbb?format=json&marker=none_v3&states=listing" "tx712d2df478854569a8d54-00697b1186" "proxy-server 20" 0.0037 "-" 23 0
Jan 29 07:51:34 standalone proxy-server[129441]: 172.18.0.2 172.18.0.100 29/Jan/2026/07/51/34 GET /v1/AUTH_4c69ec2c9fbd43d18b3423fd1c2c1a6b/gnocchi.4b5fce9c-f510-4fc0-b582-ec7ea4ccbbbb%3Fformat%3Djson%26marker%3Dnone_v3%26states%3Dlisting HTTP/1.0 200 - python-swiftclient-3.11.1 gAAAAABpexEBDc6x... - 2 - tx712d2df478854569a8d54-00697b1186 - 0.0112 - - 1769673094.435199738 1769673094.446414232 0
Jan 29 07:51:34 standalone object-server[127635]: 172.20.0.100 - - [29/Jan/2026:07:51:34 +0000] "GET /d1/665/AUTH_4c69ec2c9fbd43d18b3423fd1c2c1a6b/gnocchi.4b5fce9c-f510-4fc0-b582-ec7ea4ccbbbb/1769040000.0_mean_300.0_v3" 200 16 "GET http://172.18.0.2:8080/v1/AUTH_4c69ec2c9fbd43d18b3423fd1c2c1a6b/gnocchi.4b5fce9c-f510-4fc0-b582-ec7ea4ccbbbb/1769040000.0_mean_300.0_v3" "txfa2b1ef934c040fbbe6de-00697b1186" "proxy-server 20" 0.0015 "-" 23 0
Jan 29 07:51:34 standalone proxy-server[129441]: 172.18.0.2 172.18.0.100 29/Jan/2026/07/51/34 GET /v1/AUTH_4c69ec2c9fbd43d18b3423fd1c2c1a6b/gnocchi.4b5fce9c-f510-4fc0-b582-ec7ea4ccbbbb/1769040000.0_mean_300.0_v3 HTTP/1.0 200 - python-swiftclient-3.11.1 gAAAAABpexEBDc6x... - 16 - txfa2b1ef934c040fbbe6de-00697b1186 - 0.0086 - - 1769673094.451905489 1769673094.460537434 0
Jan 29 07:51:34 standalone container-server[127509]: 172.20.0.100 - - [29/Jan/2026:07:51:34 +0000] "PUT /d1/160/AUTH_4c69ec2c9fbd43d18b3423fd1c2c1a6b/gnocchi.4b5fce9c-f510-4fc0-b582-ec7ea4ccbbbb/1769040000.0_mean_300.0_v3" 201 - "PUT http://172.18.0.2:8080/d1/665/AUTH_4c69ec2c9fbd43d18b3423fd1c2c1a6b/gnocchi.4b5fce9c-f510-4fc0-b582-ec7ea4ccbbbb/1769040000.0_mean_300.0_v3" "txd52e889874a64afca5042-00697b1186" "object-server 22" 0.0005 "-" 23 0
Jan 29 07:51:34 standalone object-server[127634]: 172.20.0.100 - - [29/Jan/2026:07:51:34 +0000] "PUT /d1/665/AUTH_4c69ec2c9fbd43d18b3423fd1c2c1a6b/gnocchi.4b5fce9c-f510-4fc0-b582-ec7ea4ccbbbb/1769040000.0_mean_300.0_v3" 201 - "PUT http://172.18.0.2:8080/v1/AUTH_4c69ec2c9fbd43d18b3423fd1c2c1a6b/gnocchi.4b5fce9c-f510-4fc0-b582-ec7ea4ccbbbb/1769040000.0_mean_300.0_v3" "txd52e889874a64afca5042-00697b1186" "proxy-server 20" 0.0100 "-" 22 0
Jan 29 07:51:34 standalone proxy-server[129441]: 172.18.0.2 172.18.0.100 29/Jan/2026/07/51/34 PUT /v1/AUTH_4c69ec2c9fbd43d18b3423fd1c2c1a6b/gnocchi.4b5fce9c-f510-4fc0-b582-ec7ea4ccbbbb/1769040000.0_mean_300.0_v3 HTTP/1.0 201 - python-swiftclient-3.11.1 gAAAAABpexEBDc6x... 16 - - txd52e889874a64afca5042-00697b1186 - 0.0162 - - 1769673094.464649200 1769673094.480869532 0
Jan 29 07:51:34 standalone container-server[127497]: 172.20.0.100 - - [29/Jan/2026:07:51:34 +0000] "PUT /d1/160/AUTH_4c69ec2c9fbd43d18b3423fd1c2c1a6b/gnocchi.4b5fce9c-f510-4fc0-b582-ec7ea4ccbbbb/none_v3" 201 - "PUT http://172.18.0.2:8080/d1/332/AUTH_4c69ec2c9fbd43d18b3423fd1c2c1a6b/gnocchi.4b5fce9c-f510-4fc0-b582-ec7ea4ccbbbb/none_v3" "tx64dd0b2109be40dca2192-00697b1186" "object-server 22" 0.0005 "-" 21 0
Jan 29 07:51:34 standalone object-server[127634]: 172.20.0.100 - - [29/Jan/2026:07:51:34 +0000] "PUT /d1/332/AUTH_4c69ec2c9fbd43d18b3423fd1c2c1a6b/gnocchi.4b5fce9c-f510-4fc0-b582-ec7ea4ccbbbb/none_v3" 201 - "PUT http://172.18.0.2:8080/v1/AUTH_4c69ec2c9fbd43d18b3423fd1c2c1a6b/gnocchi.4b5fce9c-f510-4fc0-b582-ec7ea4ccbbbb/none_v3" "tx64dd0b2109be40dca2192-00697b1186" "proxy-server 20" 0.0094 "-" 22 0
Jan 29 07:51:34 standalone proxy-server[129441]: 172.18.0.2 172.18.0.100 29/Jan/2026/07/51/34 PUT /v1/AUTH_4c69ec2c9fbd43d18b3423fd1c2c1a6b/gnocchi.4b5fce9c-f510-4fc0-b582-ec7ea4ccbbbb/none_v3 HTTP/1.0 201 - python-swiftclient-3.11.1 gAAAAABpexEBDc6x... 31 - - tx64dd0b2109be40dca2192-00697b1186 - 0.0157 - - 1769673094.484383583 1769673094.500038862 0
Jan 29 07:51:43 standalone object-server[127634]: 172.20.0.100 - - [29/Jan/2026:07:51:43 +0000] "GET /d1/332/AUTH_4c69ec2c9fbd43d18b3423fd1c2c1a6b/gnocchi.4b5fce9c-f510-4fc0-b582-ec7ea4ccbbbb/none_v3" 200 31 "GET http://172.18.0.2:8080/v1/AUTH_4c69ec2c9fbd43d18b3423fd1c2c1a6b/gnocchi.4b5fce9c-f510-4fc0-b582-ec7ea4ccbbbb/none_v3" "txd0ec3abb914949db8883f-00697b118f" "proxy-server 20" 0.0009 "-" 22 0
Jan 29 07:51:43 standalone proxy-server[129441]: 172.18.0.2 172.18.0.100 29/Jan/2026/07/51/43 GET /v1/AUTH_4c69ec2c9fbd43d18b3423fd1c2c1a6b/gnocchi.4b5fce9c-f510-4fc0-b582-ec7ea4ccbbbb/none_v3 HTTP/1.0 200 - python-swiftclient-3.11.1 gAAAAABpexEBDc6x... - 31 - txd0ec3abb914949db8883f-00697b118f - 0.0066 - - 1769673103.035839558 1769673103.042395592 0
Jan 29 07:51:43 standalone container-server[127492]: 172.20.0.100 - - [29/Jan/2026:07:51:43 +0000] "GET /d1/160/AUTH_4c69ec2c9fbd43d18b3423fd1c2c1a6b/gnocchi.4b5fce9c-f510-4fc0-b582-ec7ea4ccbbbb" 200 357 "GET http://172.18.0.2:8080/v1/AUTH_4c69ec2c9fbd43d18b3423fd1c2c1a6b/gnocchi.4b5fce9c-f510-4fc0-b582-ec7ea4ccbbbb?format=json&states=listing" "tx8aeeff0d4fbc4da1bbe45-00697b118f" "proxy-server 20" 0.0073 "-" 20 0
Jan 29 07:51:43 standalone proxy-server[129441]: 172.18.0.2 172.18.0.100 29/Jan/2026/07/51/43 GET /v1/AUTH_4c69ec2c9fbd43d18b3423fd1c2c1a6b/gnocchi.4b5fce9c-f510-4fc0-b582-ec7ea4ccbbbb%3Fformat%3Djson%26states%3Dlisting HTTP/1.0 200 - python-swiftclient-3.11.1 gAAAAABpexEBDc6x... - 357 - tx8aeeff0d4fbc4da1bbe45-00697b118f - 0.0138 - - 1769673103.045756578 1769673103.059558868 0
Jan 29 07:51:43 standalone container-server[127492]: 172.20.0.100 - - [29/Jan/2026:07:51:43 +0000] "GET /d1/160/AUTH_4c69ec2c9fbd43d18b3423fd1c2c1a6b/gnocchi.4b5fce9c-f510-4fc0-b582-ec7ea4ccbbbb" 200 2 "GET http://172.18.0.2:8080/v1/AUTH_4c69ec2c9fbd43d18b3423fd1c2c1a6b/gnocchi.4b5fce9c-f510-4fc0-b582-ec7ea4ccbbbb?format=json&marker=none_v3&states=listing" "tx2e460b7df21b43a68d6ed-00697b118f" "proxy-server 20" 0.0019 "-" 20 0
Jan 29 07:51:43 standalone proxy-server[129441]: 172.18.0.2 172.18.0.100 29/Jan/2026/07/51/43 GET /v1/AUTH_4c69ec2c9fbd43d18b3423fd1c2c1a6b/gnocchi.4b5fce9c-f510-4fc0-b582-ec7ea4ccbbbb%3Fformat%3Djson%26marker%3Dnone_v3%26states%3Dlisting HTTP/1.0 200 - python-swiftclient-3.11.1 gAAAAABpexEBDc6x... - 2 - tx2e460b7df21b43a68d6ed-00697b118f - 0.0072 - - 1769673103.062091351 1769673103.069325924 0
Jan 29 07:51:43 standalone object-server[127636]: 172.20.0.100 - - [29/Jan/2026:07:51:43 +0000] "GET /d1/665/AUTH_4c69ec2c9fbd43d18b3423fd1c2c1a6b/gnocchi.4b5fce9c-f510-4fc0-b582-ec7ea4ccbbbb/1769040000.0_mean_300.0_v3" 200 16 "GET http://172.18.0.2:8080/v1/AUTH_4c69ec2c9fbd43d18b3423fd1c2c1a6b/gnocchi.4b5fce9c-f510-4fc0-b582-ec7ea4ccbbbb/1769040000.0_mean_300.0_v3" "tx4e6181c1f76447ca8df52-00697b118f" "proxy-server 20" 0.0008 "-" 24 0
Jan 29 07:51:43 standalone proxy-server[129441]: 172.18.0.2 172.18.0.100 29/Jan/2026/07/51/43 GET /v1/AUTH_4c69ec2c9fbd43d18b3423fd1c2c1a6b/gnocchi.4b5fce9c-f510-4fc0-b582-ec7ea4ccbbbb/1769040000.0_mean_300.0_v3 HTTP/1.0 200 - python-swiftclient-3.11.1 gAAAAABpexEBDc6x... - 16 - tx4e6181c1f76447ca8df52-00697b118f - 0.0057 - - 1769673103.072553873 1769673103.078256369 0
Jan 29 07:51:43 standalone container-server[127507]: 172.20.0.100 - - [29/Jan/2026:07:51:43 +0000] "PUT /d1/160/AUTH_4c69ec2c9fbd43d18b3423fd1c2c1a6b/gnocchi.4b5fce9c-f510-4fc0-b582-ec7ea4ccbbbb/1769040000.0_mean_300.0_v3" 201 - "PUT http://172.18.0.2:8080/d1/665/AUTH_4c69ec2c9fbd43d18b3423fd1c2c1a6b/gnocchi.4b5fce9c-f510-4fc0-b582-ec7ea4ccbbbb/1769040000.0_mean_300.0_v3" "tx60e52fede0e54599bba45-00697b118f" "object-server 25" 0.0017 "-" 22 0
Jan 29 07:51:43 standalone object-server[127637]: 172.20.0.100 - - [29/Jan/2026:07:51:43 +0000] "PUT /d1/665/AUTH_4c69ec2c9fbd43d18b3423fd1c2c1a6b/gnocchi.4b5fce9c-f510-4fc0-b582-ec7ea4ccbbbb/1769040000.0_mean_300.0_v3" 201 - "PUT http://172.18.0.2:8080/v1/AUTH_4c69ec2c9fbd43d18b3423fd1c2c1a6b/gnocchi.4b5fce9c-f510-4fc0-b582-ec7ea4ccbbbb/1769040000.0_mean_300.0_v3" "tx60e52fede0e54599bba45-00697b118f" "proxy-server 20" 0.0119 "-" 25 0
Jan 29 07:51:43 standalone proxy-server[129441]: 172.18.0.2 172.18.0.100 29/Jan/2026/07/51/43 PUT /v1/AUTH_4c69ec2c9fbd43d18b3423fd1c2c1a6b/gnocchi.4b5fce9c-f510-4fc0-b582-ec7ea4ccbbbb/1769040000.0_mean_300.0_v3 HTTP/1.0 201 - python-swiftclient-3.11.1 gAAAAABpexEBDc6x... 16 - - tx60e52fede0e54599bba45-00697b118f - 0.0162 - - 1769673103.080872536 1769673103.097080231 0
Jan 29 07:51:43 standalone container-server[127492]: 172.20.0.100 - - [29/Jan/2026:07:51:43 +0000] "PUT /d1/160/AUTH_4c69ec2c9fbd43d18b3423fd1c2c1a6b/gnocchi.4b5fce9c-f510-4fc0-b582-ec7ea4ccbbbb/none_v3" 201 - "PUT http://172.18.0.2:8080/d1/332/AUTH_4c69ec2c9fbd43d18b3423fd1c2c1a6b/gnocchi.4b5fce9c-f510-4fc0-b582-ec7ea4ccbbbb/none_v3" "tx5df57bd3b268451099a1c-00697b118f" "object-server 24" 0.0006 "-" 20 0
Jan 29 07:51:43 standalone object-server[127636]: 172.20.0.100 - - [29/Jan/2026:07:51:43 +0000] "PUT /d1/332/AUTH_4c69ec2c9fbd43d18b3423fd1c2c1a6b/gnocchi.4b5fce9c-f510-4fc0-b582-ec7ea4ccbbbb/none_v3" 201 - "PUT http://172.18.0.2:8080/v1/AUTH_4c69ec2c9fbd43d18b3423fd1c2c1a6b/gnocchi.4b5fce9c-f510-4fc0-b582-ec7ea4ccbbbb/none_v3" "tx5df57bd3b268451099a1c-00697b118f" "proxy-server 20" 0.0093 "-" 24 0
Jan 29 07:51:43 standalone proxy-server[129441]: 172.18.0.2 172.18.0.100 29/Jan/2026/07/51/43 PUT /v1/AUTH_4c69ec2c9fbd43d18b3423fd1c2c1a6b/gnocchi.4b5fce9c-f510-4fc0-b582-ec7ea4ccbbbb/none_v3 HTTP/1.0 201 - python-swiftclient-3.11.1 gAAAAABpexEBDc6x... 46 - - tx5df57bd3b268451099a1c-00697b118f - 0.0143 - - 1769673103.101279497 1769673103.115544558 0
Jan 29 07:51:43 standalone object-server[127635]: 172.20.0.100 - - [29/Jan/2026:07:51:43 +0000] "GET /d1/332/AUTH_4c69ec2c9fbd43d18b3423fd1c2c1a6b/gnocchi.4b5fce9c-f510-4fc0-b582-ec7ea4ccbbbb/none_v3" 200 46 "GET http://172.18.0.2:8080/v1/AUTH_4c69ec2c9fbd43d18b3423fd1c2c1a6b/gnocchi.4b5fce9c-f510-4fc0-b582-ec7ea4ccbbbb/none_v3" "tx6f337d4da6904278a46ef-00697b118f" "proxy-server 20" 0.0008 "-" 23 0
Jan 29 07:51:43 standalone proxy-server[129441]: 172.18.0.2 172.18.0.100 29/Jan/2026/07/51/43 GET /v1/AUTH_4c69ec2c9fbd43d18b3423fd1c2c1a6b/gnocchi.4b5fce9c-f510-4fc0-b582-ec7ea4ccbbbb/none_v3 HTTP/1.0 200 - python-swiftclient-3.11.1 gAAAAABpexEBDc6x... - 46 - tx6f337d4da6904278a46ef-00697b118f - 0.0091 - - 1769673103.734856129 1769673103.743909121 0
Jan 29 07:51:43 standalone container-server[127492]: 172.20.0.100 - - [29/Jan/2026:07:51:43 +0000] "GET /d1/160/AUTH_4c69ec2c9fbd43d18b3423fd1c2c1a6b/gnocchi.4b5fce9c-f510-4fc0-b582-ec7ea4ccbbbb" 200 357 "GET http://172.18.0.2:8080/v1/AUTH_4c69ec2c9fbd43d18b3423fd1c2c1a6b/gnocchi.4b5fce9c-f510-4fc0-b582-ec7ea4ccbbbb?format=json&states=listing" "txe5e542394b464fcd99a06-00697b118f" "proxy-server 20" 0.0066 "-" 20 0
Jan 29 07:51:43 standalone proxy-server[129441]: 172.18.0.2 172.18.0.100 29/Jan/2026/07/51/43 GET /v1/AUTH_4c69ec2c9fbd43d18b3423fd1c2c1a6b/gnocchi.4b5fce9c-f510-4fc0-b582-ec7ea4ccbbbb%3Fformat%3Djson%26states%3Dlisting HTTP/1.0 200 - python-swiftclient-3.11.1 gAAAAABpexEBDc6x... - 357 - txe5e542394b464fcd99a06-00697b118f - 0.0144 - - 1769673103.748629808 1769673103.763074398 0
Jan 29 07:51:43 standalone container-server[127509]: 172.20.0.100 - - [29/Jan/2026:07:51:43 +0000] "GET /d1/160/AUTH_4c69ec2c9fbd43d18b3423fd1c2c1a6b/gnocchi.4b5fce9c-f510-4fc0-b582-ec7ea4ccbbbb" 200 2 "GET http://172.18.0.2:8080/v1/AUTH_4c69ec2c9fbd43d18b3423fd1c2c1a6b/gnocchi.4b5fce9c-f510-4fc0-b582-ec7ea4ccbbbb?format=json&marker=none_v3&states=listing" "txcf6afafb00ec400394997-00697b118f" "proxy-server 20" 0.0023 "-" 23 0
Jan 29 07:51:43 standalone proxy-server[129441]: 172.18.0.2 172.18.0.100 29/Jan/2026/07/51/43 GET /v1/AUTH_4c69ec2c9fbd43d18b3423fd1c2c1a6b/gnocchi.4b5fce9c-f510-4fc0-b582-ec7ea4ccbbbb%3Fformat%3Djson%26marker%3Dnone_v3%26states%3Dlisting HTTP/1.0 200 - python-swiftclient-3.11.1 gAAAAABpexEBDc6x... - 2 - txcf6afafb00ec400394997-00697b118f - 0.0080 - - 1769673103.765808105 1769673103.773778439 0
Jan 29 07:51:43 standalone object-server[127637]: 172.20.0.100 - - [29/Jan/2026:07:51:43 +0000] "GET /d1/665/AUTH_4c69ec2c9fbd43d18b3423fd1c2c1a6b/gnocchi.4b5fce9c-f510-4fc0-b582-ec7ea4ccbbbb/1769040000.0_mean_300.0_v3" 200 16 "GET http://172.18.0.2:8080/v1/AUTH_4c69ec2c9fbd43d18b3423fd1c2c1a6b/gnocchi.4b5fce9c-f510-4fc0-b582-ec7ea4ccbbbb/1769040000.0_mean_300.0_v3" "tx0ddc8a32653d4ff29b948-00697b118f" "proxy-server 20" 0.0011 "-" 25 0
Jan 29 07:51:43 standalone proxy-server[129441]: 172.18.0.2 172.18.0.100 29/Jan/2026/07/51/43 GET /v1/AUTH_4c69ec2c9fbd43d18b3423fd1c2c1a6b/gnocchi.4b5fce9c-f510-4fc0-b582-ec7ea4ccbbbb/1769040000.0_mean_300.0_v3 HTTP/1.0 200 - python-swiftclient-3.11.1 gAAAAABpexEBDc6x... - 16 - tx0ddc8a32653d4ff29b948-00697b118f - 0.0078 - - 1769673103.777860165 1769673103.785634995 0
Jan 29 07:51:43 standalone container-server[127497]: 172.20.0.100 - - [29/Jan/2026:07:51:43 +0000] "PUT /d1/160/AUTH_4c69ec2c9fbd43d18b3423fd1c2c1a6b/gnocchi.4b5fce9c-f510-4fc0-b582-ec7ea4ccbbbb/1769040000.0_mean_300.0_v3" 201 - "PUT http://172.18.0.2:8080/d1/665/AUTH_4c69ec2c9fbd43d18b3423fd1c2c1a6b/gnocchi.4b5fce9c-f510-4fc0-b582-ec7ea4ccbbbb/1769040000.0_mean_300.0_v3" "txcca8f55ff58f4f13a42fd-00697b118f" "object-server 24" 0.0006 "-" 21 0
Jan 29 07:51:43 standalone object-server[127636]: 172.20.0.100 - - [29/Jan/2026:07:51:43 +0000] "PUT /d1/665/AUTH_4c69ec2c9fbd43d18b3423fd1c2c1a6b/gnocchi.4b5fce9c-f510-4fc0-b582-ec7ea4ccbbbb/1769040000.0_mean_300.0_v3" 201 - "PUT http://172.18.0.2:8080/v1/AUTH_4c69ec2c9fbd43d18b3423fd1c2c1a6b/gnocchi.4b5fce9c-f510-4fc0-b582-ec7ea4ccbbbb/1769040000.0_mean_300.0_v3" "txcca8f55ff58f4f13a42fd-00697b118f" "proxy-server 20" 0.0103 "-" 24 0
Jan 29 07:51:43 standalone proxy-server[129441]: 172.18.0.2 172.18.0.100 29/Jan/2026/07/51/43 PUT /v1/AUTH_4c69ec2c9fbd43d18b3423fd1c2c1a6b/gnocchi.4b5fce9c-f510-4fc0-b582-ec7ea4ccbbbb/1769040000.0_mean_300.0_v3 HTTP/1.0 201 - python-swiftclient-3.11.1 gAAAAABpexEBDc6x... 16 - - txcca8f55ff58f4f13a42fd-00697b118f - 0.0167 - - 1769673103.790099859 1769673103.806768656 0
Jan 29 07:51:43 standalone container-server[127509]: 172.20.0.100 - - [29/Jan/2026:07:51:43 +0000] "PUT /d1/160/AUTH_4c69ec2c9fbd43d18b3423fd1c2c1a6b/gnocchi.4b5fce9c-f510-4fc0-b582-ec7ea4ccbbbb/none_v3" 201 - "PUT http://172.18.0.2:8080/d1/332/AUTH_4c69ec2c9fbd43d18b3423fd1c2c1a6b/gnocchi.4b5fce9c-f510-4fc0-b582-ec7ea4ccbbbb/none_v3" "txce3cfe3535e44872b596e-00697b118f" "object-server 25" 0.0005 "-" 23 0
Jan 29 07:51:43 standalone object-server[127637]: 172.20.0.100 - - [29/Jan/2026:07:51:43 +0000] "PUT /d1/332/AUTH_4c69ec2c9fbd43d18b3423fd1c2c1a6b/gnocchi.4b5fce9c-f510-4fc0-b582-ec7ea4ccbbbb/none_v3" 201 - "PUT http://172.18.0.2:8080/v1/AUTH_4c69ec2c9fbd43d18b3423fd1c2c1a6b/gnocchi.4b5fce9c-f510-4fc0-b582-ec7ea4ccbbbb/none_v3" "txce3cfe3535e44872b596e-00697b118f" "proxy-server 20" 0.0130 "-" 25 0
Jan 29 07:51:43 standalone proxy-server[129441]: 172.18.0.2 172.18.0.100 29/Jan/2026/07/51/43 PUT /v1/AUTH_4c69ec2c9fbd43d18b3423fd1c2c1a6b/gnocchi.4b5fce9c-f510-4fc0-b582-ec7ea4ccbbbb/none_v3 HTTP/1.0 201 - python-swiftclient-3.11.1 gAAAAABpexEBDc6x... 51 - - txce3cfe3535e44872b596e-00697b118f - 0.0185 - - 1769673103.810039997 1769673103.828530788 0
Jan 29 07:51:46 standalone container-server[127497]: 172.20.0.100 - - [29/Jan/2026:07:51:46 +0000] "HEAD /d1/493/AUTH_4c69ec2c9fbd43d18b3423fd1c2c1a6b/gnocchi.eaca9d4f-eef1-47dc-8d81-9a0fa339fe10" 404 - "HEAD http://172.18.0.2:8080/v1/AUTH_4c69ec2c9fbd43d18b3423fd1c2c1a6b/gnocchi.eaca9d4f-eef1-47dc-8d81-9a0fa339fe10?format=json&states=listing" "tx2efecff0b15d40ba98c8f-00697b1192" "proxy-server 20" 0.0014 "-" 21 0
Jan 29 07:51:46 standalone object-server[127635]: 172.20.0.100 - - [29/Jan/2026:07:51:46 +0000] "GET /d1/560/AUTH_4c69ec2c9fbd43d18b3423fd1c2c1a6b/gnocchi.eaca9d4f-eef1-47dc-8d81-9a0fa339fe10/none_v3" 404 70 "GET http://172.18.0.2:8080/v1/AUTH_4c69ec2c9fbd43d18b3423fd1c2c1a6b/gnocchi.eaca9d4f-eef1-47dc-8d81-9a0fa339fe10/none_v3" "tx2efecff0b15d40ba98c8f-00697b1192" "proxy-server 20" 0.0011 "-" 23 0
Jan 29 07:51:46 standalone proxy-server[129441]: 172.18.0.2 172.18.0.100 29/Jan/2026/07/51/46 GET /v1/AUTH_4c69ec2c9fbd43d18b3423fd1c2c1a6b/gnocchi.eaca9d4f-eef1-47dc-8d81-9a0fa339fe10/none_v3 HTTP/1.0 404 - python-swiftclient-3.11.1 gAAAAABpexEBDc6x... - 70 - tx2efecff0b15d40ba98c8f-00697b1192 - 0.0279 - - 1769673106.583395243 1769673106.611248970 0
Jan 29 07:51:46 standalone account-server[127305]: 172.20.0.100 - - [29/Jan/2026:07:51:46 +0000] "PUT /d1/672/AUTH_4c69ec2c9fbd43d18b3423fd1c2c1a6b/gnocchi.eaca9d4f-eef1-47dc-8d81-9a0fa339fe10" 201 - "PUT http://172.20.0.100:6001/d1/493/AUTH_4c69ec2c9fbd43d18b3423fd1c2c1a6b/gnocchi.eaca9d4f-eef1-47dc-8d81-9a0fa339fe10" "txc09c7375c6914df39d476-00697b1192" "container-server 20" 0.0080 "-" 17 0
Jan 29 07:51:46 standalone container-server[127492]: 172.20.0.100 - - [29/Jan/2026:07:51:46 +0000] "PUT /d1/493/AUTH_4c69ec2c9fbd43d18b3423fd1c2c1a6b/gnocchi.eaca9d4f-eef1-47dc-8d81-9a0fa339fe10" 201 - "PUT http://172.18.0.2:8080/v1/AUTH_4c69ec2c9fbd43d18b3423fd1c2c1a6b/gnocchi.eaca9d4f-eef1-47dc-8d81-9a0fa339fe10" "txc09c7375c6914df39d476-00697b1192" "proxy-server 20" 0.0219 "-" 20 0
Jan 29 07:51:46 standalone proxy-server[129441]: 172.18.0.2 172.18.0.100 29/Jan/2026/07/51/46 PUT /v1/AUTH_4c69ec2c9fbd43d18b3423fd1c2c1a6b/gnocchi.eaca9d4f-eef1-47dc-8d81-9a0fa339fe10 HTTP/1.0 201 - python-swiftclient-3.11.1 gAAAAABpexEBDc6x... - - - txc09c7375c6914df39d476-00697b1192 - 0.0318 - - 1769673106.615975618 1769673106.647803068 0
Jan 29 07:51:46 standalone container-server[127492]: 172.20.0.100 - - [29/Jan/2026:07:51:46 +0000] "HEAD /d1/493/AUTH_4c69ec2c9fbd43d18b3423fd1c2c1a6b/gnocchi.eaca9d4f-eef1-47dc-8d81-9a0fa339fe10" 204 - "HEAD http://172.18.0.2:8080/v1/AUTH_4c69ec2c9fbd43d18b3423fd1c2c1a6b/gnocchi.eaca9d4f-eef1-47dc-8d81-9a0fa339fe10?format=json&states=listing" "txca8968c101d942e4bc1f3-00697b1192" "proxy-server 20" 0.0018 "-" 20 0
Jan 29 07:51:46 standalone proxy-server[129441]: - - 29/Jan/2026/07/51/46 HEAD /v1/AUTH_4c69ec2c9fbd43d18b3423fd1c2c1a6b/gnocchi.eaca9d4f-eef1-47dc-8d81-9a0fa339fe10%3Fformat%3Djson%26states%3Dlisting HTTP/1.0 204 - Swift - - - - txca8968c101d942e4bc1f3-00697b1192 - 0.0060 RL - 1769673106.654328823 1769673106.660295010 0
Jan 29 07:51:46 standalone container-server[127507]: 172.20.0.100 - - [29/Jan/2026:07:51:46 +0000] "GET /d1/493/AUTH_4c69ec2c9fbd43d18b3423fd1c2c1a6b/gnocchi.eaca9d4f-eef1-47dc-8d81-9a0fa339fe10" 200 2 "GET http://172.18.0.2:8080/v1/AUTH_4c69ec2c9fbd43d18b3423fd1c2c1a6b/gnocchi.eaca9d4f-eef1-47dc-8d81-9a0fa339fe10?format=json&states=listing" "txca8968c101d942e4bc1f3-00697b1192" "proxy-server 20" 0.0042 "-" 22 0
Jan 29 07:51:46 standalone proxy-server[129441]: 172.18.0.2 172.18.0.100 29/Jan/2026/07/51/46 GET /v1/AUTH_4c69ec2c9fbd43d18b3423fd1c2c1a6b/gnocchi.eaca9d4f-eef1-47dc-8d81-9a0fa339fe10%3Fformat%3Djson%26states%3Dlisting HTTP/1.0 200 - python-swiftclient-3.11.1 gAAAAABpexEBDc6x... - 2 - txca8968c101d942e4bc1f3-00697b1192 - 0.0203 - - 1769673106.653063774 1769673106.673367262 0
Jan 29 07:51:46 standalone object-server[127635]: 172.20.0.100 - - [29/Jan/2026:07:51:46 +0000] "GET /d1/1023/AUTH_4c69ec2c9fbd43d18b3423fd1c2c1a6b/gnocchi.eaca9d4f-eef1-47dc-8d81-9a0fa339fe10/1769040000.0_mean_300.0_v3" 404 70 "GET http://172.18.0.2:8080/v1/AUTH_4c69ec2c9fbd43d18b3423fd1c2c1a6b/gnocchi.eaca9d4f-eef1-47dc-8d81-9a0fa339fe10/1769040000.0_mean_300.0_v3" "tx9664fbdafc7e49de85de4-00697b1192" "proxy-server 20" 0.0010 "-" 23 0
Jan 29 07:51:46 standalone proxy-server[129441]: 172.18.0.2 172.18.0.100 29/Jan/2026/07/51/46 GET /v1/AUTH_4c69ec2c9fbd43d18b3423fd1c2c1a6b/gnocchi.eaca9d4f-eef1-47dc-8d81-9a0fa339fe10/1769040000.0_mean_300.0_v3 HTTP/1.0 404 - python-swiftclient-3.11.1 gAAAAABpexEBDc6x... - 70 - tx9664fbdafc7e49de85de4-00697b1192 - 0.0102 - - 1769673106.678408623 1769673106.688581228 0
Jan 29 07:51:46 standalone container-server[127509]: 172.20.0.100 - - [29/Jan/2026:07:51:46 +0000] "PUT /d1/493/AUTH_4c69ec2c9fbd43d18b3423fd1c2c1a6b/gnocchi.eaca9d4f-eef1-47dc-8d81-9a0fa339fe10/1769040000.0_mean_300.0_v3" 201 - "PUT http://172.18.0.2:8080/d1/1023/AUTH_4c69ec2c9fbd43d18b3423fd1c2c1a6b/gnocchi.eaca9d4f-eef1-47dc-8d81-9a0fa339fe10/1769040000.0_mean_300.0_v3" "tx383456179f244dd290ad8-00697b1192" "object-server 22" 0.0006 "-" 23 0
Jan 29 07:51:46 standalone object-server[127634]: 172.20.0.100 - - [29/Jan/2026:07:51:46 +0000] "PUT /d1/1023/AUTH_4c69ec2c9fbd43d18b3423fd1c2c1a6b/gnocchi.eaca9d4f-eef1-47dc-8d81-9a0fa339fe10/1769040000.0_mean_300.0_v3" 201 - "PUT http://172.18.0.2:8080/v1/AUTH_4c69ec2c9fbd43d18b3423fd1c2c1a6b/gnocchi.eaca9d4f-eef1-47dc-8d81-9a0fa339fe10/1769040000.0_mean_300.0_v3" "tx383456179f244dd290ad8-00697b1192" "proxy-server 20" 0.0122 "-" 22 0
Jan 29 07:51:46 standalone proxy-server[129441]: 172.18.0.2 172.18.0.100 29/Jan/2026/07/51/46 PUT /v1/AUTH_4c69ec2c9fbd43d18b3423fd1c2c1a6b/gnocchi.eaca9d4f-eef1-47dc-8d81-9a0fa339fe10/1769040000.0_mean_300.0_v3 HTTP/1.0 201 - python-swiftclient-3.11.1 gAAAAABpexEBDc6x... 16 - - tx383456179f244dd290ad8-00697b1192 - 0.0232 - - 1769673106.693203211 1769673106.716372967 0
Jan 29 07:51:46 standalone container-server[127507]: 172.20.0.100 - - [29/Jan/2026:07:51:46 +0000] "PUT /d1/493/AUTH_4c69ec2c9fbd43d18b3423fd1c2c1a6b/gnocchi.eaca9d4f-eef1-47dc-8d81-9a0fa339fe10/none_v3" 201 - "PUT http://172.18.0.2:8080/d1/560/AUTH_4c69ec2c9fbd43d18b3423fd1c2c1a6b/gnocchi.eaca9d4f-eef1-47dc-8d81-9a0fa339fe10/none_v3" "txaf80475416e848cfa0d0e-00697b1192" "object-server 24" 0.0007 "-" 22 0
Jan 29 07:51:46 standalone object-server[127636]: 172.20.0.100 - - [29/Jan/2026:07:51:46 +0000] "PUT /d1/560/AUTH_4c69ec2c9fbd43d18b3423fd1c2c1a6b/gnocchi.eaca9d4f-eef1-47dc-8d81-9a0fa339fe10/none_v3" 201 - "PUT http://172.18.0.2:8080/v1/AUTH_4c69ec2c9fbd43d18b3423fd1c2c1a6b/gnocchi.eaca9d4f-eef1-47dc-8d81-9a0fa339fe10/none_v3" "txaf80475416e848cfa0d0e-00697b1192" "proxy-server 20" 0.0129 "-" 24 0
Jan 29 07:51:46 standalone proxy-server[129441]: 172.18.0.2 172.18.0.100 29/Jan/2026/07/51/46 PUT /v1/AUTH_4c69ec2c9fbd43d18b3423fd1c2c1a6b/gnocchi.eaca9d4f-eef1-47dc-8d81-9a0fa339fe10/none_v3 HTTP/1.0 201 - python-swiftclient-3.11.1 gAAAAABpexEBDc6x... 22 - - txaf80475416e848cfa0d0e-00697b1192 - 0.0205 - - 1769673106.721821785 1769673106.742351532 0
Jan 29 07:51:46 standalone container-server[127509]: 172.20.0.100 - - [29/Jan/2026:07:51:46 +0000] "HEAD /d1/321/AUTH_4c69ec2c9fbd43d18b3423fd1c2c1a6b/gnocchi.a52b5f6a-cd1b-4996-ac13-f97d2ba77dd9" 404 - "HEAD http://172.18.0.2:8080/v1/AUTH_4c69ec2c9fbd43d18b3423fd1c2c1a6b/gnocchi.a52b5f6a-cd1b-4996-ac13-f97d2ba77dd9?format=json&states=listing" "txa94486e5f88f4b74a3ce6-00697b1192" "proxy-server 20" 0.0005 "-" 23 0
Jan 29 07:51:46 standalone object-server[127637]: 172.20.0.100 - - [29/Jan/2026:07:51:46 +0000] "GET /d1/530/AUTH_4c69ec2c9fbd43d18b3423fd1c2c1a6b/gnocchi.a52b5f6a-cd1b-4996-ac13-f97d2ba77dd9/none_v3" 404 70 "GET http://172.18.0.2:8080/v1/AUTH_4c69ec2c9fbd43d18b3423fd1c2c1a6b/gnocchi.a52b5f6a-cd1b-4996-ac13-f97d2ba77dd9/none_v3" "txa94486e5f88f4b74a3ce6-00697b1192" "proxy-server 20" 0.0005 "-" 25 0
Jan 29 07:51:46 standalone proxy-server[129441]: 172.18.0.2 172.18.0.100 29/Jan/2026/07/51/46 GET /v1/AUTH_4c69ec2c9fbd43d18b3423fd1c2c1a6b/gnocchi.a52b5f6a-cd1b-4996-ac13-f97d2ba77dd9/none_v3 HTTP/1.0 404 - python-swiftclient-3.11.1 gAAAAABpexEBDc6x... - 70 - txa94486e5f88f4b74a3ce6-00697b1192 - 0.0194 - - 1769673106.760574818 1769673106.780021429 0
Jan 29 07:51:46 standalone account-server[127356]: 172.20.0.100 - - [29/Jan/2026:07:51:46 +0000] "PUT /d1/672/AUTH_4c69ec2c9fbd43d18b3423fd1c2c1a6b/gnocchi.a52b5f6a-cd1b-4996-ac13-f97d2ba77dd9" 201 - "PUT http://172.20.0.100:6001/d1/321/AUTH_4c69ec2c9fbd43d18b3423fd1c2c1a6b/gnocchi.a52b5f6a-cd1b-4996-ac13-f97d2ba77dd9" "txc9a4f99c8fca454a89fd4-00697b1192" "container-server 22" 0.0060 "-" 20 0
Jan 29 07:51:46 standalone container-server[127507]: 172.20.0.100 - - [29/Jan/2026:07:51:46 +0000] "PUT /d1/321/AUTH_4c69ec2c9fbd43d18b3423fd1c2c1a6b/gnocchi.a52b5f6a-cd1b-4996-ac13-f97d2ba77dd9" 201 - "PUT http://172.18.0.2:8080/v1/AUTH_4c69ec2c9fbd43d18b3423fd1c2c1a6b/gnocchi.a52b5f6a-cd1b-4996-ac13-f97d2ba77dd9" "txc9a4f99c8fca454a89fd4-00697b1192" "proxy-server 20" 0.0181 "-" 22 0
Jan 29 07:51:46 standalone proxy-server[129441]: 172.18.0.2 172.18.0.100 29/Jan/2026/07/51/46 PUT /v1/AUTH_4c69ec2c9fbd43d18b3423fd1c2c1a6b/gnocchi.a52b5f6a-cd1b-4996-ac13-f97d2ba77dd9 HTTP/1.0 201 - python-swiftclient-3.11.1 gAAAAABpexEBDc6x... - - - txc9a4f99c8fca454a89fd4-00697b1192 - 0.0250 - - 1769673106.783755302 1769673106.808793783 0
Jan 29 07:51:46 standalone container-server[127509]: 172.20.0.100 - - [29/Jan/2026:07:51:46 +0000] "HEAD /d1/321/AUTH_4c69ec2c9fbd43d18b3423fd1c2c1a6b/gnocchi.a52b5f6a-cd1b-4996-ac13-f97d2ba77dd9" 204 - "HEAD http://172.18.0.2:8080/v1/AUTH_4c69ec2c9fbd43d18b3423fd1c2c1a6b/gnocchi.a52b5f6a-cd1b-4996-ac13-f97d2ba77dd9?format=json&states=listing" "tx0966eed0c2ac46e0b78a0-00697b1192" "proxy-server 20" 0.0013 "-" 23 0
Jan 29 07:51:46 standalone proxy-server[129441]: - - 29/Jan/2026/07/51/46 HEAD /v1/AUTH_4c69ec2c9fbd43d18b3423fd1c2c1a6b/gnocchi.a52b5f6a-cd1b-4996-ac13-f97d2ba77dd9%3Fformat%3Djson%26states%3Dlisting HTTP/1.0 204 - Swift - - - - tx0966eed0c2ac46e0b78a0-00697b1192 - 0.0083 RL - 1769673106.818338156 1769673106.826660395 0
Jan 29 07:51:46 standalone container-server[127507]: 172.20.0.100 - - [29/Jan/2026:07:51:46 +0000] "GET /d1/321/AUTH_4c69ec2c9fbd43d18b3423fd1c2c1a6b/gnocchi.a52b5f6a-cd1b-4996-ac13-f97d2ba77dd9" 200 2 "GET http://172.18.0.2:8080/v1/AUTH_4c69ec2c9fbd43d18b3423fd1c2c1a6b/gnocchi.a52b5f6a-cd1b-4996-ac13-f97d2ba77dd9?format=json&states=listing" "tx0966eed0c2ac46e0b78a0-00697b1192" "proxy-server 20" 0.0027 "-" 22 0
Jan 29 07:51:46 standalone proxy-server[129441]: 172.18.0.2 172.18.0.100 29/Jan/2026/07/51/46 GET /v1/AUTH_4c69ec2c9fbd43d18b3423fd1c2c1a6b/gnocchi.a52b5f6a-cd1b-4996-ac13-f97d2ba77dd9%3Fformat%3Djson%26states%3Dlisting HTTP/1.0 200 - python-swiftclient-3.11.1 gAAAAABpexEBDc6x... - 2 - tx0966eed0c2ac46e0b78a0-00697b1192 - 0.0282 - - 1769673106.815366507 1769673106.843585014 0
Jan 29 07:51:46 standalone object-server[127636]: 172.20.0.100 - - [29/Jan/2026:07:51:46 +0000] "GET /d1/248/AUTH_4c69ec2c9fbd43d18b3423fd1c2c1a6b/gnocchi.a52b5f6a-cd1b-4996-ac13-f97d2ba77dd9/1769040000.0_mean_300.0_v3" 404 70 "GET http://172.18.0.2:8080/v1/AUTH_4c69ec2c9fbd43d18b3423fd1c2c1a6b/gnocchi.a52b5f6a-cd1b-4996-ac13-f97d2ba77dd9/1769040000.0_mean_300.0_v3" "txc06e6915e4104809b8e3b-00697b1192" "proxy-server 20" 0.0004 "-" 24 0
Jan 29 07:51:46 standalone proxy-server[129441]: 172.18.0.2 172.18.0.100 29/Jan/2026/07/51/46 GET /v1/AUTH_4c69ec2c9fbd43d18b3423fd1c2c1a6b/gnocchi.a52b5f6a-cd1b-4996-ac13-f97d2ba77dd9/1769040000.0_mean_300.0_v3 HTTP/1.0 404 - python-swiftclient-3.11.1 gAAAAABpexEBDc6x... - 70 - txc06e6915e4104809b8e3b-00697b1192 - 0.0107 - - 1769673106.849889040 1769673106.860543966 0
Jan 29 07:51:46 standalone container-server[127509]: 172.20.0.100 - - [29/Jan/2026:07:51:46 +0000] "PUT /d1/321/AUTH_4c69ec2c9fbd43d18b3423fd1c2c1a6b/gnocchi.a52b5f6a-cd1b-4996-ac13-f97d2ba77dd9/1769040000.0_mean_300.0_v3" 201 - "PUT http://172.18.0.2:8080/d1/248/AUTH_4c69ec2c9fbd43d18b3423fd1c2c1a6b/gnocchi.a52b5f6a-cd1b-4996-ac13-f97d2ba77dd9/1769040000.0_mean_300.0_v3" "txf55f74e2c37b42d1a748e-00697b1192" "object-server 24" 0.0006 "-" 23 0
Jan 29 07:51:46 standalone object-server[127636]: 172.20.0.100 - - [29/Jan/2026:07:51:46 +0000] "PUT /d1/248/AUTH_4c69ec2c9fbd43d18b3423fd1c2c1a6b/gnocchi.a52b5f6a-cd1b-4996-ac13-f97d2ba77dd9/1769040000.0_mean_300.0_v3" 201 - "PUT http://172.18.0.2:8080/v1/AUTH_4c69ec2c9fbd43d18b3423fd1c2c1a6b/gnocchi.a52b5f6a-cd1b-4996-ac13-f97d2ba77dd9/1769040000.0_mean_300.0_v3" "txf55f74e2c37b42d1a748e-00697b1192" "proxy-server 20" 0.0138 "-" 24 0
Jan 29 07:51:46 standalone proxy-server[129441]: 172.18.0.2 172.18.0.100 29/Jan/2026/07/51/46 PUT /v1/AUTH_4c69ec2c9fbd43d18b3423fd1c2c1a6b/gnocchi.a52b5f6a-cd1b-4996-ac13-f97d2ba77dd9/1769040000.0_mean_300.0_v3 HTTP/1.0 201 - python-swiftclient-3.11.1 gAAAAABpexEBDc6x... 16 - - txf55f74e2c37b42d1a748e-00697b1192 - 0.0222 - - 1769673106.867999315 1769673106.890150547 0
Jan 29 07:51:46 standalone container-server[127492]: 172.20.0.100 - - [29/Jan/2026:07:51:46 +0000] "PUT /d1/321/AUTH_4c69ec2c9fbd43d18b3423fd1c2c1a6b/gnocchi.a52b5f6a-cd1b-4996-ac13-f97d2ba77dd9/none_v3" 201 - "PUT http://172.18.0.2:8080/d1/530/AUTH_4c69ec2c9fbd43d18b3423fd1c2c1a6b/gnocchi.a52b5f6a-cd1b-4996-ac13-f97d2ba77dd9/none_v3" "tx1a19e96e295d411185c5a-00697b1192" "object-server 23" 0.0011 "-" 20 0
Jan 29 07:51:46 standalone object-server[127635]: 172.20.0.100 - - [29/Jan/2026:07:51:46 +0000] "PUT /d1/530/AUTH_4c69ec2c9fbd43d18b3423fd1c2c1a6b/gnocchi.a52b5f6a-cd1b-4996-ac13-f97d2ba77dd9/none_v3" 201 - "PUT http://172.18.0.2:8080/v1/AUTH_4c69ec2c9fbd43d18b3423fd1c2c1a6b/gnocchi.a52b5f6a-cd1b-4996-ac13-f97d2ba77dd9/none_v3" "tx1a19e96e295d411185c5a-00697b1192" "proxy-server 20" 0.0103 "-" 23 0
Jan 29 07:51:46 standalone proxy-server[129441]: 172.18.0.2 172.18.0.100 29/Jan/2026/07/51/46 PUT /v1/AUTH_4c69ec2c9fbd43d18b3423fd1c2c1a6b/gnocchi.a52b5f6a-cd1b-4996-ac13-f97d2ba77dd9/none_v3 HTTP/1.0 201 - python-swiftclient-3.11.1 gAAAAABpexEBDc6x... 22 - - tx1a19e96e295d411185c5a-00697b1192 - 0.0176 - - 1769673106.893639088 1769673106.911259890 0
Jan 29 07:51:46 standalone container-server[127492]: 172.20.0.100 - - [29/Jan/2026:07:51:46 +0000] "HEAD /d1/626/AUTH_4c69ec2c9fbd43d18b3423fd1c2c1a6b/gnocchi.f9670b66-2e77-43bb-b26d-5dde9e59fd32" 404 - "HEAD http://172.18.0.2:8080/v1/AUTH_4c69ec2c9fbd43d18b3423fd1c2c1a6b/gnocchi.f9670b66-2e77-43bb-b26d-5dde9e59fd32?format=json&states=listing" "txb6b92b7d41f34bcfac2cc-00697b1192" "proxy-server 20" 0.0005 "-" 20 0
Jan 29 07:51:46 standalone object-server[127636]: 172.20.0.100 - - [29/Jan/2026:07:51:46 +0000] "GET /d1/666/AUTH_4c69ec2c9fbd43d18b3423fd1c2c1a6b/gnocchi.f9670b66-2e77-43bb-b26d-5dde9e59fd32/none_v3" 404 70 "GET http://172.18.0.2:8080/v1/AUTH_4c69ec2c9fbd43d18b3423fd1c2c1a6b/gnocchi.f9670b66-2e77-43bb-b26d-5dde9e59fd32/none_v3" "txb6b92b7d41f34bcfac2cc-00697b1192" "proxy-server 20" 0.0006 "-" 24 0
Jan 29 07:51:46 standalone proxy-server[129441]: 172.18.0.2 172.18.0.100 29/Jan/2026/07/51/46 GET /v1/AUTH_4c69ec2c9fbd43d18b3423fd1c2c1a6b/gnocchi.f9670b66-2e77-43bb-b26d-5dde9e59fd32/none_v3 HTTP/1.0 404 - python-swiftclient-3.11.1 gAAAAABpexEBDc6x... - 70 - txb6b92b7d41f34bcfac2cc-00697b1192 - 0.0128 - - 1769673106.922615528 1769673106.935421705 0
Jan 29 07:51:46 standalone account-server[127356]: 172.20.0.100 - - [29/Jan/2026:07:51:46 +0000] "PUT /d1/672/AUTH_4c69ec2c9fbd43d18b3423fd1c2c1a6b/gnocchi.f9670b66-2e77-43bb-b26d-5dde9e59fd32" 201 - "PUT http://172.20.0.100:6001/d1/626/AUTH_4c69ec2c9fbd43d18b3423fd1c2c1a6b/gnocchi.f9670b66-2e77-43bb-b26d-5dde9e59fd32" "tx2ffaf0195f9d44baaa044-00697b1192" "container-server 22" 0.0045 "-" 20 0
Jan 29 07:51:46 standalone container-server[127507]: 172.20.0.100 - - [29/Jan/2026:07:51:46 +0000] "PUT /d1/626/AUTH_4c69ec2c9fbd43d18b3423fd1c2c1a6b/gnocchi.f9670b66-2e77-43bb-b26d-5dde9e59fd32" 201 - "PUT http://172.18.0.2:8080/v1/AUTH_4c69ec2c9fbd43d18b3423fd1c2c1a6b/gnocchi.f9670b66-2e77-43bb-b26d-5dde9e59fd32" "tx2ffaf0195f9d44baaa044-00697b1192" "proxy-server 20" 0.0157 "-" 22 0
Jan 29 07:51:46 standalone proxy-server[129441]: 172.18.0.2 172.18.0.100 29/Jan/2026/07/51/46 PUT /v1/AUTH_4c69ec2c9fbd43d18b3423fd1c2c1a6b/gnocchi.f9670b66-2e77-43bb-b26d-5dde9e59fd32 HTTP/1.0 201 - python-swiftclient-3.11.1 gAAAAABpexEBDc6x... - - - tx2ffaf0195f9d44baaa044-00697b1192 - 0.0213 - - 1769673106.938415527 1769673106.959670067 0
Jan 29 07:51:46 standalone container-server[127497]: 172.20.0.100 - - [29/Jan/2026:07:51:46 +0000] "HEAD /d1/626/AUTH_4c69ec2c9fbd43d18b3423fd1c2c1a6b/gnocchi.f9670b66-2e77-43bb-b26d-5dde9e59fd32" 204 - "HEAD http://172.18.0.2:8080/v1/AUTH_4c69ec2c9fbd43d18b3423fd1c2c1a6b/gnocchi.f9670b66-2e77-43bb-b26d-5dde9e59fd32?format=json&states=listing" "tx544400f982734f589616a-00697b1192" "proxy-server 20" 0.0016 "-" 21 0
Jan 29 07:51:46 standalone proxy-server[129441]: - - 29/Jan/2026/07/51/46 HEAD /v1/AUTH_4c69ec2c9fbd43d18b3423fd1c2c1a6b/gnocchi.f9670b66-2e77-43bb-b26d-5dde9e59fd32%3Fformat%3Djson%26states%3Dlisting HTTP/1.0 204 - Swift - - - - tx544400f982734f589616a-00697b1192 - 0.0043 RL - 1769673106.965661287 1769673106.969938517 0
Jan 29 07:51:46 standalone container-server[127509]: 172.20.0.100 - - [29/Jan/2026:07:51:46 +0000] "GET /d1/626/AUTH_4c69ec2c9fbd43d18b3423fd1c2c1a6b/gnocchi.f9670b66-2e77-43bb-b26d-5dde9e59fd32" 200 2 "GET http://172.18.0.2:8080/v1/AUTH_4c69ec2c9fbd43d18b3423fd1c2c1a6b/gnocchi.f9670b66-2e77-43bb-b26d-5dde9e59fd32?format=json&states=listing" "tx544400f982734f589616a-00697b1192" "proxy-server 20" 0.0037 "-" 23 0
Jan 29 07:51:46 standalone proxy-server[129441]: 172.18.0.2 172.18.0.100 29/Jan/2026/07/51/46 GET /v1/AUTH_4c69ec2c9fbd43d18b3423fd1c2c1a6b/gnocchi.f9670b66-2e77-43bb-b26d-5dde9e59fd32%3Fformat%3Djson%26states%3Dlisting HTTP/1.0 200 - python-swiftclient-3.11.1 gAAAAABpexEBDc6x... - 2 - tx544400f982734f589616a-00697b1192 - 0.0151 - - 1769673106.964615822 1769673106.979721785 0
Jan 29 07:51:46 standalone object-server[127635]: 172.20.0.100 - - [29/Jan/2026:07:51:46 +0000] "GET /d1/417/AUTH_4c69ec2c9fbd43d18b3423fd1c2c1a6b/gnocchi.f9670b66-2e77-43bb-b26d-5dde9e59fd32/1769040000.0_mean_300.0_v3" 404 70 "GET http://172.18.0.2:8080/v1/AUTH_4c69ec2c9fbd43d18b3423fd1c2c1a6b/gnocchi.f9670b66-2e77-43bb-b26d-5dde9e59fd32/1769040000.0_mean_300.0_v3" "tx446bc3687308455ca4f81-00697b1192" "proxy-server 20" 0.0004 "-" 23 0
