Jan 29 07:52:13 standalone container-server[127507]: 172.20.0.100 - - [29/Jan/2026:07:52:13 +0000] "PUT /d1/402/AUTH_4c69ec2c9fbd43d18b3423fd1c2c1a6b/gnocchi.ea7405b7-d7a3-4deb-bad4-a0f7c541321f/none_v3" 201 - "PUT http://172.18.0.2:8080/d1/755/AUTH_4c69ec2c9fbd43d18b3423fd1c2c1a6b/gnocchi.ea7405b7-d7a3-4deb-bad4-a0f7c541321f/none_v3" "tx5c702369ea68467abdfed-00697b11ad" "object-server 24" 0.0008 "-" 22 0
Jan 29 07:52:13 standalone object-server[127636]: 172.20.0.100 - - [29/Jan/2026:07:52:13 +0000] "PUT /d1/755/AUTH_4c69ec2c9fbd43d18b3423fd1c2c1a6b/gnocchi.ea7405b7-d7a3-4deb-bad4-a0f7c541321f/none_v3" 201 - "PUT http://172.18.0.2:8080/v1/AUTH_4c69ec2c9fbd43d18b3423fd1c2c1a6b/gnocchi.ea7405b7-d7a3-4deb-bad4-a0f7c541321f/none_v3" "tx5c702369ea68467abdfed-00697b11ad" "proxy-server 20" 0.0124 "-" 24 0
Jan 29 07:52:13 standalone proxy-server[129441]: 172.18.0.2 172.18.0.100 29/Jan/2026/07/52/13 PUT /v1/AUTH_4c69ec2c9fbd43d18b3423fd1c2c1a6b/gnocchi.ea7405b7-d7a3-4deb-bad4-a0f7c541321f/none_v3 HTTP/1.0 201 - python-swiftclient-3.11.1 gAAAAABpexEBDc6x... 22 - - tx5c702369ea68467abdfed-00697b11ad - 0.0236 - - 1769673133.626675367 1769673133.650275946 0
Jan 29 07:52:13 standalone container-server[127492]: 172.20.0.100 - - [29/Jan/2026:07:52:13 +0000] "HEAD /d1/466/AUTH_4c69ec2c9fbd43d18b3423fd1c2c1a6b/gnocchi.672cb7ec-7d36-4a01-981f-32ebca2f7fa1" 404 - "HEAD http://172.18.0.2:8080/v1/AUTH_4c69ec2c9fbd43d18b3423fd1c2c1a6b/gnocchi.672cb7ec-7d36-4a01-981f-32ebca2f7fa1?format=json&states=listing" "tx6881c26a5bf94d49856e6-00697b11ad" "proxy-server 20" 0.0005 "-" 20 0
Jan 29 07:52:13 standalone object-server[127635]: 172.20.0.100 - - [29/Jan/2026:07:52:13 +0000] "GET /d1/175/AUTH_4c69ec2c9fbd43d18b3423fd1c2c1a6b/gnocchi.672cb7ec-7d36-4a01-981f-32ebca2f7fa1/none_v3" 404 70 "GET http://172.18.0.2:8080/v1/AUTH_4c69ec2c9fbd43d18b3423fd1c2c1a6b/gnocchi.672cb7ec-7d36-4a01-981f-32ebca2f7fa1/none_v3" "tx6881c26a5bf94d49856e6-00697b11ad" "proxy-server 20" 0.0004 "-" 23 0
Jan 29 07:52:13 standalone proxy-server[129441]: 172.18.0.2 172.18.0.100 29/Jan/2026/07/52/13 GET /v1/AUTH_4c69ec2c9fbd43d18b3423fd1c2c1a6b/gnocchi.672cb7ec-7d36-4a01-981f-32ebca2f7fa1/none_v3 HTTP/1.0 404 - python-swiftclient-3.11.1 gAAAAABpexEBDc6x... - 70 - tx6881c26a5bf94d49856e6-00697b11ad - 0.0099 - - 1769673133.674326420 1769673133.684249401 0
Jan 29 07:52:13 standalone account-server[127323]: 172.20.0.100 - - [29/Jan/2026:07:52:13 +0000] "PUT /d1/672/AUTH_4c69ec2c9fbd43d18b3423fd1c2c1a6b/gnocchi.672cb7ec-7d36-4a01-981f-32ebca2f7fa1" 201 - "PUT http://172.20.0.100:6001/d1/466/AUTH_4c69ec2c9fbd43d18b3423fd1c2c1a6b/gnocchi.672cb7ec-7d36-4a01-981f-32ebca2f7fa1" "txf697ba53795b479a81f44-00697b11ad" "container-server 21" 0.0050 "-" 18 0
Jan 29 07:52:13 standalone container-server[127497]: 172.20.0.100 - - [29/Jan/2026:07:52:13 +0000] "PUT /d1/466/AUTH_4c69ec2c9fbd43d18b3423fd1c2c1a6b/gnocchi.672cb7ec-7d36-4a01-981f-32ebca2f7fa1" 201 - "PUT http://172.18.0.2:8080/v1/AUTH_4c69ec2c9fbd43d18b3423fd1c2c1a6b/gnocchi.672cb7ec-7d36-4a01-981f-32ebca2f7fa1" "txf697ba53795b479a81f44-00697b11ad" "proxy-server 20" 0.0212 "-" 21 0
Jan 29 07:52:13 standalone proxy-server[129441]: 172.18.0.2 172.18.0.100 29/Jan/2026/07/52/13 PUT /v1/AUTH_4c69ec2c9fbd43d18b3423fd1c2c1a6b/gnocchi.672cb7ec-7d36-4a01-981f-32ebca2f7fa1 HTTP/1.0 201 - python-swiftclient-3.11.1 gAAAAABpexEBDc6x... - - - txf697ba53795b479a81f44-00697b11ad - 0.0285 - - 1769673133.687792063 1769673133.716250896 0
Jan 29 07:52:13 standalone container-server[127509]: 172.20.0.100 - - [29/Jan/2026:07:52:13 +0000] "HEAD /d1/466/AUTH_4c69ec2c9fbd43d18b3423fd1c2c1a6b/gnocchi.672cb7ec-7d36-4a01-981f-32ebca2f7fa1" 204 - "HEAD http://172.18.0.2:8080/v1/AUTH_4c69ec2c9fbd43d18b3423fd1c2c1a6b/gnocchi.672cb7ec-7d36-4a01-981f-32ebca2f7fa1?format=json&states=listing" "txcece57112e524d86916b8-00697b11ad" "proxy-server 20" 0.0016 "-" 23 0
Jan 29 07:52:13 standalone proxy-server[129441]: - - 29/Jan/2026/07/52/13 HEAD /v1/AUTH_4c69ec2c9fbd43d18b3423fd1c2c1a6b/gnocchi.672cb7ec-7d36-4a01-981f-32ebca2f7fa1%3Fformat%3Djson%26states%3Dlisting HTTP/1.0 204 - Swift - - - - txcece57112e524d86916b8-00697b11ad - 0.0054 RL - 1769673133.721848488 1769673133.727290869 0
Jan 29 07:52:13 standalone container-server[127507]: 172.20.0.100 - - [29/Jan/2026:07:52:13 +0000] "GET /d1/466/AUTH_4c69ec2c9fbd43d18b3423fd1c2c1a6b/gnocchi.672cb7ec-7d36-4a01-981f-32ebca2f7fa1" 200 2 "GET http://172.18.0.2:8080/v1/AUTH_4c69ec2c9fbd43d18b3423fd1c2c1a6b/gnocchi.672cb7ec-7d36-4a01-981f-32ebca2f7fa1?format=json&states=listing" "txcece57112e524d86916b8-00697b11ad" "proxy-server 20" 0.0023 "-" 22 0
Jan 29 07:52:13 standalone proxy-server[129441]: 172.18.0.2 172.18.0.100 29/Jan/2026/07/52/13 GET /v1/AUTH_4c69ec2c9fbd43d18b3423fd1c2c1a6b/gnocchi.672cb7ec-7d36-4a01-981f-32ebca2f7fa1%3Fformat%3Djson%26states%3Dlisting HTTP/1.0 200 - python-swiftclient-3.11.1 gAAAAABpexEBDc6x... - 2 - txcece57112e524d86916b8-00697b11ad - 0.0149 - - 1769673133.720717907 1769673133.735667229 0
Jan 29 07:52:13 standalone object-server[127636]: 172.20.0.100 - - [29/Jan/2026:07:52:13 +0000] "GET /d1/637/AUTH_4c69ec2c9fbd43d18b3423fd1c2c1a6b/gnocchi.672cb7ec-7d36-4a01-981f-32ebca2f7fa1/1769040000.0_mean_300.0_v3" 404 70 "GET http://172.18.0.2:8080/v1/AUTH_4c69ec2c9fbd43d18b3423fd1c2c1a6b/gnocchi.672cb7ec-7d36-4a01-981f-32ebca2f7fa1/1769040000.0_mean_300.0_v3" "tx47c6ef5eaca04dc9a1036-00697b11ad" "proxy-server 20" 0.0005 "-" 24 0
Jan 29 07:52:13 standalone proxy-server[129441]: 172.18.0.2 172.18.0.100 29/Jan/2026/07/52/13 GET /v1/AUTH_4c69ec2c9fbd43d18b3423fd1c2c1a6b/gnocchi.672cb7ec-7d36-4a01-981f-32ebca2f7fa1/1769040000.0_mean_300.0_v3 HTTP/1.0 404 - python-swiftclient-3.11.1 gAAAAABpexEBDc6x... - 70 - tx47c6ef5eaca04dc9a1036-00697b11ad - 0.0090 - - 1769673133.739906311 1769673133.748901844 0
Jan 29 07:52:13 standalone container-server[127507]: 172.20.0.100 - - [29/Jan/2026:07:52:13 +0000] "PUT /d1/466/AUTH_4c69ec2c9fbd43d18b3423fd1c2c1a6b/gnocchi.672cb7ec-7d36-4a01-981f-32ebca2f7fa1/1769040000.0_mean_300.0_v3" 201 - "PUT http://172.18.0.2:8080/d1/637/AUTH_4c69ec2c9fbd43d18b3423fd1c2c1a6b/gnocchi.672cb7ec-7d36-4a01-981f-32ebca2f7fa1/1769040000.0_mean_300.0_v3" "txd1db197b6f114c2dba8e8-00697b11ad" "object-server 24" 0.0009 "-" 22 0
Jan 29 07:52:13 standalone object-server[127636]: 172.20.0.100 - - [29/Jan/2026:07:52:13 +0000] "PUT /d1/637/AUTH_4c69ec2c9fbd43d18b3423fd1c2c1a6b/gnocchi.672cb7ec-7d36-4a01-981f-32ebca2f7fa1/1769040000.0_mean_300.0_v3" 201 - "PUT http://172.18.0.2:8080/v1/AUTH_4c69ec2c9fbd43d18b3423fd1c2c1a6b/gnocchi.672cb7ec-7d36-4a01-981f-32ebca2f7fa1/1769040000.0_mean_300.0_v3" "txd1db197b6f114c2dba8e8-00697b11ad" "proxy-server 20" 0.0115 "-" 24 0
Jan 29 07:52:13 standalone proxy-server[129441]: 172.18.0.2 172.18.0.100 29/Jan/2026/07/52/13 PUT /v1/AUTH_4c69ec2c9fbd43d18b3423fd1c2c1a6b/gnocchi.672cb7ec-7d36-4a01-981f-32ebca2f7fa1/1769040000.0_mean_300.0_v3 HTTP/1.0 201 - python-swiftclient-3.11.1 gAAAAABpexEBDc6x... 16 - - txd1db197b6f114c2dba8e8-00697b11ad - 0.0186 - - 1769673133.756852627 1769673133.775414467 0
Jan 29 07:52:13 standalone container-server[127497]: 172.20.0.100 - - [29/Jan/2026:07:52:13 +0000] "PUT /d1/466/AUTH_4c69ec2c9fbd43d18b3423fd1c2c1a6b/gnocchi.672cb7ec-7d36-4a01-981f-32ebca2f7fa1/none_v3" 201 - "PUT http://172.18.0.2:8080/d1/175/AUTH_4c69ec2c9fbd43d18b3423fd1c2c1a6b/gnocchi.672cb7ec-7d36-4a01-981f-32ebca2f7fa1/none_v3" "tx6516f6f3d167486992b15-00697b11ad" "object-server 23" 0.0008 "-" 21 0
Jan 29 07:52:13 standalone object-server[127635]: 172.20.0.100 - - [29/Jan/2026:07:52:13 +0000] "PUT /d1/175/AUTH_4c69ec2c9fbd43d18b3423fd1c2c1a6b/gnocchi.672cb7ec-7d36-4a01-981f-32ebca2f7fa1/none_v3" 201 - "PUT http://172.18.0.2:8080/v1/AUTH_4c69ec2c9fbd43d18b3423fd1c2c1a6b/gnocchi.672cb7ec-7d36-4a01-981f-32ebca2f7fa1/none_v3" "tx6516f6f3d167486992b15-00697b11ad" "proxy-server 20" 0.0232 "-" 23 0
Jan 29 07:52:13 standalone proxy-server[129441]: 172.18.0.2 172.18.0.100 29/Jan/2026/07/52/13 PUT /v1/AUTH_4c69ec2c9fbd43d18b3423fd1c2c1a6b/gnocchi.672cb7ec-7d36-4a01-981f-32ebca2f7fa1/none_v3 HTTP/1.0 201 - python-swiftclient-3.11.1 gAAAAABpexEBDc6x... 22 - - tx6516f6f3d167486992b15-00697b11ad - 0.0284 - - 1769673133.779544830 1769673133.807957172 0
Jan 29 07:52:13 standalone container-server[127497]: 172.20.0.100 - - [29/Jan/2026:07:52:13 +0000] "HEAD /d1/705/AUTH_4c69ec2c9fbd43d18b3423fd1c2c1a6b/gnocchi.65e43138-2af4-45ee-92ea-c6b35d77dda4" 404 - "HEAD http://172.18.0.2:8080/v1/AUTH_4c69ec2c9fbd43d18b3423fd1c2c1a6b/gnocchi.65e43138-2af4-45ee-92ea-c6b35d77dda4?format=json&states=listing" "tx0741c2c1baaf43069bf42-00697b11ad" "proxy-server 20" 0.0005 "-" 21 0
Jan 29 07:52:13 standalone object-server[127637]: 172.20.0.100 - - [29/Jan/2026:07:52:13 +0000] "GET /d1/413/AUTH_4c69ec2c9fbd43d18b3423fd1c2c1a6b/gnocchi.65e43138-2af4-45ee-92ea-c6b35d77dda4/none_v3" 404 70 "GET http://172.18.0.2:8080/v1/AUTH_4c69ec2c9fbd43d18b3423fd1c2c1a6b/gnocchi.65e43138-2af4-45ee-92ea-c6b35d77dda4/none_v3" "tx0741c2c1baaf43069bf42-00697b11ad" "proxy-server 20" 0.0003 "-" 25 0
Jan 29 07:52:13 standalone proxy-server[129441]: 172.18.0.2 172.18.0.100 29/Jan/2026/07/52/13 GET /v1/AUTH_4c69ec2c9fbd43d18b3423fd1c2c1a6b/gnocchi.65e43138-2af4-45ee-92ea-c6b35d77dda4/none_v3 HTTP/1.0 404 - python-swiftclient-3.11.1 gAAAAABpexEBDc6x... - 70 - tx0741c2c1baaf43069bf42-00697b11ad - 0.0100 - - 1769673133.821692705 1769673133.831688166 0
Jan 29 07:52:13 standalone account-server[127356]: 172.20.0.100 - - [29/Jan/2026:07:52:13 +0000] "PUT /d1/672/AUTH_4c69ec2c9fbd43d18b3423fd1c2c1a6b/gnocchi.65e43138-2af4-45ee-92ea-c6b35d77dda4" 201 - "PUT http://172.20.0.100:6001/d1/705/AUTH_4c69ec2c9fbd43d18b3423fd1c2c1a6b/gnocchi.65e43138-2af4-45ee-92ea-c6b35d77dda4" "tx25b036cf3c1345a19276b-00697b11ad" "container-server 22" 0.0049 "-" 20 0
Jan 29 07:52:13 standalone container-server[127507]: 172.20.0.100 - - [29/Jan/2026:07:52:13 +0000] "PUT /d1/705/AUTH_4c69ec2c9fbd43d18b3423fd1c2c1a6b/gnocchi.65e43138-2af4-45ee-92ea-c6b35d77dda4" 201 - "PUT http://172.18.0.2:8080/v1/AUTH_4c69ec2c9fbd43d18b3423fd1c2c1a6b/gnocchi.65e43138-2af4-45ee-92ea-c6b35d77dda4" "tx25b036cf3c1345a19276b-00697b11ad" "proxy-server 20" 0.0288 "-" 22 0
Jan 29 07:52:13 standalone proxy-server[129441]: 172.18.0.2 172.18.0.100 29/Jan/2026/07/52/13 PUT /v1/AUTH_4c69ec2c9fbd43d18b3423fd1c2c1a6b/gnocchi.65e43138-2af4-45ee-92ea-c6b35d77dda4 HTTP/1.0 201 - python-swiftclient-3.11.1 gAAAAABpexEBDc6x... - - - tx25b036cf3c1345a19276b-00697b11ad - 0.0353 - - 1769673133.835455894 1769673133.870765686 0
Jan 29 07:52:13 standalone container-server[127497]: 172.20.0.100 - - [29/Jan/2026:07:52:13 +0000] "HEAD /d1/705/AUTH_4c69ec2c9fbd43d18b3423fd1c2c1a6b/gnocchi.65e43138-2af4-45ee-92ea-c6b35d77dda4" 204 - "HEAD http://172.18.0.2:8080/v1/AUTH_4c69ec2c9fbd43d18b3423fd1c2c1a6b/gnocchi.65e43138-2af4-45ee-92ea-c6b35d77dda4?format=json&states=listing" "tx4ef9e79ee66346adaab3b-00697b11ad" "proxy-server 20" 0.0018 "-" 21 0
Jan 29 07:52:13 standalone proxy-server[129441]: - - 29/Jan/2026/07/52/13 HEAD /v1/AUTH_4c69ec2c9fbd43d18b3423fd1c2c1a6b/gnocchi.65e43138-2af4-45ee-92ea-c6b35d77dda4%3Fformat%3Djson%26states%3Dlisting HTTP/1.0 204 - Swift - - - - tx4ef9e79ee66346adaab3b-00697b11ad - 0.0066 RL - 1769673133.876510859 1769673133.883083582 0
Jan 29 07:52:13 standalone container-server[127507]: 172.20.0.100 - - [29/Jan/2026:07:52:13 +0000] "GET /d1/705/AUTH_4c69ec2c9fbd43d18b3423fd1c2c1a6b/gnocchi.65e43138-2af4-45ee-92ea-c6b35d77dda4" 200 2 "GET http://172.18.0.2:8080/v1/AUTH_4c69ec2c9fbd43d18b3423fd1c2c1a6b/gnocchi.65e43138-2af4-45ee-92ea-c6b35d77dda4?format=json&states=listing" "tx4ef9e79ee66346adaab3b-00697b11ad" "proxy-server 20" 0.0020 "-" 22 0
Jan 29 07:52:13 standalone proxy-server[129441]: 172.18.0.2 172.18.0.100 29/Jan/2026/07/52/13 GET /v1/AUTH_4c69ec2c9fbd43d18b3423fd1c2c1a6b/gnocchi.65e43138-2af4-45ee-92ea-c6b35d77dda4%3Fformat%3Djson%26states%3Dlisting HTTP/1.0 200 - python-swiftclient-3.11.1 gAAAAABpexEBDc6x... - 2 - tx4ef9e79ee66346adaab3b-00697b11ad - 0.0161 - - 1769673133.875263929 1769673133.891404629 0
Jan 29 07:52:13 standalone object-server[127636]: 172.20.0.100 - - [29/Jan/2026:07:52:13 +0000] "GET /d1/264/AUTH_4c69ec2c9fbd43d18b3423fd1c2c1a6b/gnocchi.65e43138-2af4-45ee-92ea-c6b35d77dda4/1769040000.0_mean_300.0_v3" 404 70 "GET http://172.18.0.2:8080/v1/AUTH_4c69ec2c9fbd43d18b3423fd1c2c1a6b/gnocchi.65e43138-2af4-45ee-92ea-c6b35d77dda4/1769040000.0_mean_300.0_v3" "tx15adbbd879c64a5d9ab5e-00697b11ad" "proxy-server 20" 0.0005 "-" 24 0
Jan 29 07:52:13 standalone proxy-server[129441]: 172.18.0.2 172.18.0.100 29/Jan/2026/07/52/13 GET /v1/AUTH_4c69ec2c9fbd43d18b3423fd1c2c1a6b/gnocchi.65e43138-2af4-45ee-92ea-c6b35d77dda4/1769040000.0_mean_300.0_v3 HTTP/1.0 404 - python-swiftclient-3.11.1 gAAAAABpexEBDc6x... - 70 - tx15adbbd879c64a5d9ab5e-00697b11ad - 0.0085 - - 1769673133.907380819 1769673133.915919781 0
Jan 29 07:52:13 standalone container-server[127497]: 172.20.0.100 - - [29/Jan/2026:07:52:13 +0000] "PUT /d1/705/AUTH_4c69ec2c9fbd43d18b3423fd1c2c1a6b/gnocchi.65e43138-2af4-45ee-92ea-c6b35d77dda4/1769040000.0_mean_300.0_v3" 201 - "PUT http://172.18.0.2:8080/d1/264/AUTH_4c69ec2c9fbd43d18b3423fd1c2c1a6b/gnocchi.65e43138-2af4-45ee-92ea-c6b35d77dda4/1769040000.0_mean_300.0_v3" "tx1fad7b226d6f4a169413c-00697b11ad" "object-server 25" 0.0006 "-" 21 0
Jan 29 07:52:13 standalone object-server[127637]: 172.20.0.100 - - [29/Jan/2026:07:52:13 +0000] "PUT /d1/264/AUTH_4c69ec2c9fbd43d18b3423fd1c2c1a6b/gnocchi.65e43138-2af4-45ee-92ea-c6b35d77dda4/1769040000.0_mean_300.0_v3" 201 - "PUT http://172.18.0.2:8080/v1/AUTH_4c69ec2c9fbd43d18b3423fd1c2c1a6b/gnocchi.65e43138-2af4-45ee-92ea-c6b35d77dda4/1769040000.0_mean_300.0_v3" "tx1fad7b226d6f4a169413c-00697b11ad" "proxy-server 20" 0.0098 "-" 25 0
Jan 29 07:52:13 standalone proxy-server[129441]: 172.18.0.2 172.18.0.100 29/Jan/2026/07/52/13 PUT /v1/AUTH_4c69ec2c9fbd43d18b3423fd1c2c1a6b/gnocchi.65e43138-2af4-45ee-92ea-c6b35d77dda4/1769040000.0_mean_300.0_v3 HTTP/1.0 201 - python-swiftclient-3.11.1 gAAAAABpexEBDc6x... 16 - - tx1fad7b226d6f4a169413c-00697b11ad - 0.0164 - - 1769673133.919429779 1769673133.935843229 0
Jan 29 07:52:13 standalone container-server[127509]: 172.20.0.100 - - [29/Jan/2026:07:52:13 +0000] "PUT /d1/705/AUTH_4c69ec2c9fbd43d18b3423fd1c2c1a6b/gnocchi.65e43138-2af4-45ee-92ea-c6b35d77dda4/none_v3" 201 - "PUT http://172.18.0.2:8080/d1/413/AUTH_4c69ec2c9fbd43d18b3423fd1c2c1a6b/gnocchi.65e43138-2af4-45ee-92ea-c6b35d77dda4/none_v3" "tx1fd76e79acbf4f509ed22-00697b11ad" "object-server 24" 0.0005 "-" 23 0
Jan 29 07:52:13 standalone object-server[127636]: 172.20.0.100 - - [29/Jan/2026:07:52:13 +0000] "PUT /d1/413/AUTH_4c69ec2c9fbd43d18b3423fd1c2c1a6b/gnocchi.65e43138-2af4-45ee-92ea-c6b35d77dda4/none_v3" 201 - "PUT http://172.18.0.2:8080/v1/AUTH_4c69ec2c9fbd43d18b3423fd1c2c1a6b/gnocchi.65e43138-2af4-45ee-92ea-c6b35d77dda4/none_v3" "tx1fd76e79acbf4f509ed22-00697b11ad" "proxy-server 20" 0.0091 "-" 24 0
Jan 29 07:52:13 standalone proxy-server[129441]: 172.18.0.2 172.18.0.100 29/Jan/2026/07/52/13 PUT /v1/AUTH_4c69ec2c9fbd43d18b3423fd1c2c1a6b/gnocchi.65e43138-2af4-45ee-92ea-c6b35d77dda4/none_v3 HTTP/1.0 201 - python-swiftclient-3.11.1 gAAAAABpexEBDc6x... 22 - - tx1fd76e79acbf4f509ed22-00697b11ad - 0.0165 - - 1769673133.939323187 1769673133.955863953 0
Jan 29 07:52:13 standalone container-server[127492]: 172.20.0.100 - - [29/Jan/2026:07:52:13 +0000] "HEAD /d1/154/AUTH_4c69ec2c9fbd43d18b3423fd1c2c1a6b/gnocchi.56befdd2-b8a9-4bce-9ae0-e80c476c1027" 404 - "HEAD http://172.18.0.2:8080/v1/AUTH_4c69ec2c9fbd43d18b3423fd1c2c1a6b/gnocchi.56befdd2-b8a9-4bce-9ae0-e80c476c1027?format=json&states=listing" "txe13611cd2dfa4d1387f86-00697b11ad" "proxy-server 20" 0.0004 "-" 20 0
Jan 29 07:52:13 standalone object-server[127635]: 172.20.0.100 - - [29/Jan/2026:07:52:13 +0000] "GET /d1/369/AUTH_4c69ec2c9fbd43d18b3423fd1c2c1a6b/gnocchi.56befdd2-b8a9-4bce-9ae0-e80c476c1027/none_v3" 404 70 "GET http://172.18.0.2:8080/v1/AUTH_4c69ec2c9fbd43d18b3423fd1c2c1a6b/gnocchi.56befdd2-b8a9-4bce-9ae0-e80c476c1027/none_v3" "txe13611cd2dfa4d1387f86-00697b11ad" "proxy-server 20" 0.0003 "-" 23 0
Jan 29 07:52:13 standalone proxy-server[129441]: 172.18.0.2 172.18.0.100 29/Jan/2026/07/52/13 GET /v1/AUTH_4c69ec2c9fbd43d18b3423fd1c2c1a6b/gnocchi.56befdd2-b8a9-4bce-9ae0-e80c476c1027/none_v3 HTTP/1.0 404 - python-swiftclient-3.11.1 gAAAAABpexEBDc6x... - 70 - txe13611cd2dfa4d1387f86-00697b11ad - 0.0105 - - 1769673133.967655420 1769673133.978118181 0
Jan 29 07:52:14 standalone account-server[127323]: 172.20.0.100 - - [29/Jan/2026:07:52:14 +0000] "PUT /d1/672/AUTH_4c69ec2c9fbd43d18b3423fd1c2c1a6b/gnocchi.56befdd2-b8a9-4bce-9ae0-e80c476c1027" 201 - "PUT http://172.20.0.100:6001/d1/154/AUTH_4c69ec2c9fbd43d18b3423fd1c2c1a6b/gnocchi.56befdd2-b8a9-4bce-9ae0-e80c476c1027" "txa97b618602544065a953a-00697b11ad" "container-server 23" 0.0102 "-" 18 0
Jan 29 07:52:14 standalone container-server[127509]: 172.20.0.100 - - [29/Jan/2026:07:52:14 +0000] "PUT /d1/154/AUTH_4c69ec2c9fbd43d18b3423fd1c2c1a6b/gnocchi.56befdd2-b8a9-4bce-9ae0-e80c476c1027" 201 - "PUT http://172.18.0.2:8080/v1/AUTH_4c69ec2c9fbd43d18b3423fd1c2c1a6b/gnocchi.56befdd2-b8a9-4bce-9ae0-e80c476c1027" "txa97b618602544065a953a-00697b11ad" "proxy-server 20" 0.0243 "-" 23 0
Jan 29 07:52:14 standalone proxy-server[129441]: 172.18.0.2 172.18.0.100 29/Jan/2026/07/52/14 PUT /v1/AUTH_4c69ec2c9fbd43d18b3423fd1c2c1a6b/gnocchi.56befdd2-b8a9-4bce-9ae0-e80c476c1027 HTTP/1.0 201 - python-swiftclient-3.11.1 gAAAAABpexEBDc6x... - - - txa97b618602544065a953a-00697b11ad - 0.0307 - - 1769673133.980928421 1769673134.011595488 0
Jan 29 07:52:14 standalone container-server[127497]: 172.20.0.100 - - [29/Jan/2026:07:52:14 +0000] "HEAD /d1/154/AUTH_4c69ec2c9fbd43d18b3423fd1c2c1a6b/gnocchi.56befdd2-b8a9-4bce-9ae0-e80c476c1027" 204 - "HEAD http://172.18.0.2:8080/v1/AUTH_4c69ec2c9fbd43d18b3423fd1c2c1a6b/gnocchi.56befdd2-b8a9-4bce-9ae0-e80c476c1027?format=json&states=listing" "tx92f37ec576264862a5208-00697b11ae" "proxy-server 20" 0.0013 "-" 21 0
Jan 29 07:52:14 standalone proxy-server[129441]: - - 29/Jan/2026/07/52/14 HEAD /v1/AUTH_4c69ec2c9fbd43d18b3423fd1c2c1a6b/gnocchi.56befdd2-b8a9-4bce-9ae0-e80c476c1027%3Fformat%3Djson%26states%3Dlisting HTTP/1.0 204 - Swift - - - - tx92f37ec576264862a5208-00697b11ae - 0.0046 RL - 1769673134.022177458 1769673134.026785374 0
Jan 29 07:52:14 standalone container-server[127507]: 172.20.0.100 - - [29/Jan/2026:07:52:14 +0000] "GET /d1/154/AUTH_4c69ec2c9fbd43d18b3423fd1c2c1a6b/gnocchi.56befdd2-b8a9-4bce-9ae0-e80c476c1027" 200 2 "GET http://172.18.0.2:8080/v1/AUTH_4c69ec2c9fbd43d18b3423fd1c2c1a6b/gnocchi.56befdd2-b8a9-4bce-9ae0-e80c476c1027?format=json&states=listing" "tx92f37ec576264862a5208-00697b11ae" "proxy-server 20" 0.0042 "-" 22 0
Jan 29 07:52:14 standalone proxy-server[129441]: 172.18.0.2 172.18.0.100 29/Jan/2026/07/52/14 GET /v1/AUTH_4c69ec2c9fbd43d18b3423fd1c2c1a6b/gnocchi.56befdd2-b8a9-4bce-9ae0-e80c476c1027%3Fformat%3Djson%26states%3Dlisting HTTP/1.0 200 - python-swiftclient-3.11.1 gAAAAABpexEBDc6x... - 2 - tx92f37ec576264862a5208-00697b11ae - 0.0188 - - 1769673134.020951033 1769673134.039724827 0
Jan 29 07:52:14 standalone object-server[127637]: 172.20.0.100 - - [29/Jan/2026:07:52:14 +0000] "GET /d1/703/AUTH_4c69ec2c9fbd43d18b3423fd1c2c1a6b/gnocchi.56befdd2-b8a9-4bce-9ae0-e80c476c1027/1769040000.0_mean_300.0_v3" 404 70 "GET http://172.18.0.2:8080/v1/AUTH_4c69ec2c9fbd43d18b3423fd1c2c1a6b/gnocchi.56befdd2-b8a9-4bce-9ae0-e80c476c1027/1769040000.0_mean_300.0_v3" "tx3a94f870f215409cb3574-00697b11ae" "proxy-server 20" 0.0008 "-" 25 0
Jan 29 07:52:14 standalone proxy-server[129441]: 172.18.0.2 172.18.0.100 29/Jan/2026/07/52/14 GET /v1/AUTH_4c69ec2c9fbd43d18b3423fd1c2c1a6b/gnocchi.56befdd2-b8a9-4bce-9ae0-e80c476c1027/1769040000.0_mean_300.0_v3 HTTP/1.0 404 - python-swiftclient-3.11.1 gAAAAABpexEBDc6x... - 70 - tx3a94f870f215409cb3574-00697b11ae - 0.0068 - - 1769673134.043571711 1769673134.050398827 0
Jan 29 07:52:14 standalone container-server[127497]: 172.20.0.100 - - [29/Jan/2026:07:52:14 +0000] "PUT /d1/154/AUTH_4c69ec2c9fbd43d18b3423fd1c2c1a6b/gnocchi.56befdd2-b8a9-4bce-9ae0-e80c476c1027/1769040000.0_mean_300.0_v3" 201 - "PUT http://172.18.0.2:8080/d1/703/AUTH_4c69ec2c9fbd43d18b3423fd1c2c1a6b/gnocchi.56befdd2-b8a9-4bce-9ae0-e80c476c1027/1769040000.0_mean_300.0_v3" "txc8be2ea9cdac491db2d39-00697b11ae" "object-server 24" 0.0005 "-" 21 0
Jan 29 07:52:14 standalone object-server[127636]: 172.20.0.100 - - [29/Jan/2026:07:52:14 +0000] "PUT /d1/703/AUTH_4c69ec2c9fbd43d18b3423fd1c2c1a6b/gnocchi.56befdd2-b8a9-4bce-9ae0-e80c476c1027/1769040000.0_mean_300.0_v3" 201 - "PUT http://172.18.0.2:8080/v1/AUTH_4c69ec2c9fbd43d18b3423fd1c2c1a6b/gnocchi.56befdd2-b8a9-4bce-9ae0-e80c476c1027/1769040000.0_mean_300.0_v3" "txc8be2ea9cdac491db2d39-00697b11ae" "proxy-server 20" 0.0242 "-" 24 0
Jan 29 07:52:14 standalone proxy-server[129441]: 172.18.0.2 172.18.0.100 29/Jan/2026/07/52/14 PUT /v1/AUTH_4c69ec2c9fbd43d18b3423fd1c2c1a6b/gnocchi.56befdd2-b8a9-4bce-9ae0-e80c476c1027/1769040000.0_mean_300.0_v3 HTTP/1.0 201 - python-swiftclient-3.11.1 gAAAAABpexEBDc6x... 16 - - txc8be2ea9cdac491db2d39-00697b11ae - 0.0297 - - 1769673134.052987576 1769673134.082719088 0
Jan 29 07:52:14 standalone container-server[127509]: 172.20.0.100 - - [29/Jan/2026:07:52:14 +0000] "PUT /d1/154/AUTH_4c69ec2c9fbd43d18b3423fd1c2c1a6b/gnocchi.56befdd2-b8a9-4bce-9ae0-e80c476c1027/none_v3" 201 - "PUT http://172.18.0.2:8080/d1/369/AUTH_4c69ec2c9fbd43d18b3423fd1c2c1a6b/gnocchi.56befdd2-b8a9-4bce-9ae0-e80c476c1027/none_v3" "tx4f7c1e5a23234dd68b639-00697b11ae" "object-server 23" 0.0005 "-" 23 0
Jan 29 07:52:14 standalone object-server[127635]: 172.20.0.100 - - [29/Jan/2026:07:52:14 +0000] "PUT /d1/369/AUTH_4c69ec2c9fbd43d18b3423fd1c2c1a6b/gnocchi.56befdd2-b8a9-4bce-9ae0-e80c476c1027/none_v3" 201 - "PUT http://172.18.0.2:8080/v1/AUTH_4c69ec2c9fbd43d18b3423fd1c2c1a6b/gnocchi.56befdd2-b8a9-4bce-9ae0-e80c476c1027/none_v3" "tx4f7c1e5a23234dd68b639-00697b11ae" "proxy-server 20" 0.0129 "-" 23 0
Jan 29 07:52:14 standalone proxy-server[129441]: 172.18.0.2 172.18.0.100 29/Jan/2026/07/52/14 PUT /v1/AUTH_4c69ec2c9fbd43d18b3423fd1c2c1a6b/gnocchi.56befdd2-b8a9-4bce-9ae0-e80c476c1027/none_v3 HTTP/1.0 201 - python-swiftclient-3.11.1 gAAAAABpexEBDc6x... 22 - - tx4f7c1e5a23234dd68b639-00697b11ae - 0.0191 - - 1769673134.085629225 1769673134.104707956 0
Jan 29 07:52:14 standalone container-server[127492]: 172.20.0.100 - - [29/Jan/2026:07:52:14 +0000] "HEAD /d1/299/AUTH_4c69ec2c9fbd43d18b3423fd1c2c1a6b/gnocchi.4e08b1cc-9684-4a7d-8d26-605e7291322f" 404 - "HEAD http://172.18.0.2:8080/v1/AUTH_4c69ec2c9fbd43d18b3423fd1c2c1a6b/gnocchi.4e08b1cc-9684-4a7d-8d26-605e7291322f?format=json&states=listing" "tx753472a83c994716b07ba-00697b11ae" "proxy-server 20" 0.0005 "-" 20 0
Jan 29 07:52:14 standalone object-server[127635]: 172.20.0.100 - - [29/Jan/2026:07:52:14 +0000] "GET /d1/420/AUTH_4c69ec2c9fbd43d18b3423fd1c2c1a6b/gnocchi.4e08b1cc-9684-4a7d-8d26-605e7291322f/none_v3" 404 70 "GET http://172.18.0.2:8080/v1/AUTH_4c69ec2c9fbd43d18b3423fd1c2c1a6b/gnocchi.4e08b1cc-9684-4a7d-8d26-605e7291322f/none_v3" "tx753472a83c994716b07ba-00697b11ae" "proxy-server 20" 0.0007 "-" 23 0
Jan 29 07:52:14 standalone proxy-server[129441]: 172.18.0.2 172.18.0.100 29/Jan/2026/07/52/14 GET /v1/AUTH_4c69ec2c9fbd43d18b3423fd1c2c1a6b/gnocchi.4e08b1cc-9684-4a7d-8d26-605e7291322f/none_v3 HTTP/1.0 404 - python-swiftclient-3.11.1 gAAAAABpexEBDc6x... - 70 - tx753472a83c994716b07ba-00697b11ae - 0.0103 - - 1769673134.123445988 1769673134.133781433 0
Jan 29 07:52:14 standalone account-server[127356]: 172.20.0.100 - - [29/Jan/2026:07:52:14 +0000] "PUT /d1/672/AUTH_4c69ec2c9fbd43d18b3423fd1c2c1a6b/gnocchi.4e08b1cc-9684-4a7d-8d26-605e7291322f" 201 - "PUT http://172.20.0.100:6001/d1/299/AUTH_4c69ec2c9fbd43d18b3423fd1c2c1a6b/gnocchi.4e08b1cc-9684-4a7d-8d26-605e7291322f" "tx2040bf7f0fc94a90864c1-00697b11ae" "container-server 22" 0.0070 "-" 20 0
Jan 29 07:52:14 standalone container-server[127507]: 172.20.0.100 - - [29/Jan/2026:07:52:14 +0000] "PUT /d1/299/AUTH_4c69ec2c9fbd43d18b3423fd1c2c1a6b/gnocchi.4e08b1cc-9684-4a7d-8d26-605e7291322f" 201 - "PUT http://172.18.0.2:8080/v1/AUTH_4c69ec2c9fbd43d18b3423fd1c2c1a6b/gnocchi.4e08b1cc-9684-4a7d-8d26-605e7291322f" "tx2040bf7f0fc94a90864c1-00697b11ae" "proxy-server 20" 0.0313 "-" 22 0
Jan 29 07:52:14 standalone proxy-server[129441]: 172.18.0.2 172.18.0.100 29/Jan/2026/07/52/14 PUT /v1/AUTH_4c69ec2c9fbd43d18b3423fd1c2c1a6b/gnocchi.4e08b1cc-9684-4a7d-8d26-605e7291322f HTTP/1.0 201 - python-swiftclient-3.11.1 gAAAAABpexEBDc6x... - - - tx2040bf7f0fc94a90864c1-00697b11ae - 0.0376 - - 1769673134.136491776 1769673134.174049616 0
Jan 29 07:52:14 standalone container-server[127507]: 172.20.0.100 - - [29/Jan/2026:07:52:14 +0000] "HEAD /d1/299/AUTH_4c69ec2c9fbd43d18b3423fd1c2c1a6b/gnocchi.4e08b1cc-9684-4a7d-8d26-605e7291322f" 204 - "HEAD http://172.18.0.2:8080/v1/AUTH_4c69ec2c9fbd43d18b3423fd1c2c1a6b/gnocchi.4e08b1cc-9684-4a7d-8d26-605e7291322f?format=json&states=listing" "tx5bcb2e062bcf46319de25-00697b11ae" "proxy-server 20" 0.0027 "-" 22 0
Jan 29 07:52:14 standalone proxy-server[129441]: - - 29/Jan/2026/07/52/14 HEAD /v1/AUTH_4c69ec2c9fbd43d18b3423fd1c2c1a6b/gnocchi.4e08b1cc-9684-4a7d-8d26-605e7291322f%3Fformat%3Djson%26states%3Dlisting HTTP/1.0 204 - Swift - - - - tx5bcb2e062bcf46319de25-00697b11ae - 0.0062 RL - 1769673134.182071209 1769673134.188316107 0
Jan 29 07:52:14 standalone container-server[127509]: 172.20.0.100 - - [29/Jan/2026:07:52:14 +0000] "GET /d1/299/AUTH_4c69ec2c9fbd43d18b3423fd1c2c1a6b/gnocchi.4e08b1cc-9684-4a7d-8d26-605e7291322f" 200 2 "GET http://172.18.0.2:8080/v1/AUTH_4c69ec2c9fbd43d18b3423fd1c2c1a6b/gnocchi.4e08b1cc-9684-4a7d-8d26-605e7291322f?format=json&states=listing" "tx5bcb2e062bcf46319de25-00697b11ae" "proxy-server 20" 0.0020 "-" 23 0
Jan 29 07:52:14 standalone proxy-server[129441]: 172.18.0.2 172.18.0.100 29/Jan/2026/07/52/14 GET /v1/AUTH_4c69ec2c9fbd43d18b3423fd1c2c1a6b/gnocchi.4e08b1cc-9684-4a7d-8d26-605e7291322f%3Fformat%3Djson%26states%3Dlisting HTTP/1.0 200 - python-swiftclient-3.11.1 gAAAAABpexEBDc6x... - 2 - tx5bcb2e062bcf46319de25-00697b11ae - 0.0146 - - 1769673134.180809736 1769673134.195429325 0
Jan 29 07:52:14 standalone object-server[127637]: 172.20.0.100 - - [29/Jan/2026:07:52:14 +0000] "GET /d1/950/AUTH_4c69ec2c9fbd43d18b3423fd1c2c1a6b/gnocchi.4e08b1cc-9684-4a7d-8d26-605e7291322f/1769040000.0_mean_300.0_v3" 404 70 "GET http://172.18.0.2:8080/v1/AUTH_4c69ec2c9fbd43d18b3423fd1c2c1a6b/gnocchi.4e08b1cc-9684-4a7d-8d26-605e7291322f/1769040000.0_mean_300.0_v3" "txb5b5e453d17e4e63b8153-00697b11ae" "proxy-server 20" 0.0007 "-" 25 0
Jan 29 07:52:14 standalone proxy-server[129441]: 172.18.0.2 172.18.0.100 29/Jan/2026/07/52/14 GET /v1/AUTH_4c69ec2c9fbd43d18b3423fd1c2c1a6b/gnocchi.4e08b1cc-9684-4a7d-8d26-605e7291322f/1769040000.0_mean_300.0_v3 HTTP/1.0 404 - python-swiftclient-3.11.1 gAAAAABpexEBDc6x... - 70 - txb5b5e453d17e4e63b8153-00697b11ae - 0.0065 - - 1769673134.200463057 1769673134.206967354 0
Jan 29 07:52:14 standalone container-server[127492]: 172.20.0.100 - - [29/Jan/2026:07:52:14 +0000] "PUT /d1/299/AUTH_4c69ec2c9fbd43d18b3423fd1c2c1a6b/gnocchi.4e08b1cc-9684-4a7d-8d26-605e7291322f/1769040000.0_mean_300.0_v3" 201 - "PUT http://172.18.0.2:8080/d1/950/AUTH_4c69ec2c9fbd43d18b3423fd1c2c1a6b/gnocchi.4e08b1cc-9684-4a7d-8d26-605e7291322f/1769040000.0_mean_300.0_v3" "tx8638fc8453954d3dbb4ff-00697b11ae" "object-server 22" 0.0016 "-" 20 0
Jan 29 07:52:14 standalone object-server[127634]: 172.20.0.100 - - [29/Jan/2026:07:52:14 +0000] "PUT /d1/950/AUTH_4c69ec2c9fbd43d18b3423fd1c2c1a6b/gnocchi.4e08b1cc-9684-4a7d-8d26-605e7291322f/1769040000.0_mean_300.0_v3" 201 - "PUT http://172.18.0.2:8080/v1/AUTH_4c69ec2c9fbd43d18b3423fd1c2c1a6b/gnocchi.4e08b1cc-9684-4a7d-8d26-605e7291322f/1769040000.0_mean_300.0_v3" "tx8638fc8453954d3dbb4ff-00697b11ae" "proxy-server 20" 0.0161 "-" 22 0
Jan 29 07:52:14 standalone proxy-server[129441]: 172.18.0.2 172.18.0.100 29/Jan/2026/07/52/14 PUT /v1/AUTH_4c69ec2c9fbd43d18b3423fd1c2c1a6b/gnocchi.4e08b1cc-9684-4a7d-8d26-605e7291322f/1769040000.0_mean_300.0_v3 HTTP/1.0 201 - python-swiftclient-3.11.1 gAAAAABpexEBDc6x... 16 - - tx8638fc8453954d3dbb4ff-00697b11ae - 0.0210 - - 1769673134.211268425 1769673134.232302189 0
Jan 29 07:52:14 standalone container-server[127492]: 172.20.0.100 - - [29/Jan/2026:07:52:14 +0000] "PUT /d1/299/AUTH_4c69ec2c9fbd43d18b3423fd1c2c1a6b/gnocchi.4e08b1cc-9684-4a7d-8d26-605e7291322f/none_v3" 201 - "PUT http://172.18.0.2:8080/d1/420/AUTH_4c69ec2c9fbd43d18b3423fd1c2c1a6b/gnocchi.4e08b1cc-9684-4a7d-8d26-605e7291322f/none_v3" "tx345e4071da914451852f1-00697b11ae" "object-server 24" 0.0012 "-" 20 0
Jan 29 07:52:14 standalone object-server[127636]: 172.20.0.100 - - [29/Jan/2026:07:52:14 +0000] "PUT /d1/420/AUTH_4c69ec2c9fbd43d18b3423fd1c2c1a6b/gnocchi.4e08b1cc-9684-4a7d-8d26-605e7291322f/none_v3" 201 - "PUT http://172.18.0.2:8080/v1/AUTH_4c69ec2c9fbd43d18b3423fd1c2c1a6b/gnocchi.4e08b1cc-9684-4a7d-8d26-605e7291322f/none_v3" "tx345e4071da914451852f1-00697b11ae" "proxy-server 20" 0.0125 "-" 24 0
Jan 29 07:52:14 standalone proxy-server[129441]: 172.18.0.2 172.18.0.100 29/Jan/2026/07/52/14 PUT /v1/AUTH_4c69ec2c9fbd43d18b3423fd1c2c1a6b/gnocchi.4e08b1cc-9684-4a7d-8d26-605e7291322f/none_v3 HTTP/1.0 201 - python-swiftclient-3.11.1 gAAAAABpexEBDc6x... 22 - - tx345e4071da914451852f1-00697b11ae - 0.0180 - - 1769673134.237007141 1769673134.255018234 0
Jan 29 07:52:14 standalone container-server[127509]: 172.20.0.100 - - [29/Jan/2026:07:52:14 +0000] "HEAD /d1/51/AUTH_4c69ec2c9fbd43d18b3423fd1c2c1a6b/gnocchi.40afa76f-5e6e-4313-b09a-da4a1d4b4c31" 404 - "HEAD http://172.18.0.2:8080/v1/AUTH_4c69ec2c9fbd43d18b3423fd1c2c1a6b/gnocchi.40afa76f-5e6e-4313-b09a-da4a1d4b4c31?format=json&states=listing" "tx7579b50c35f342ba9f134-00697b11ae" "proxy-server 20" 0.0004 "-" 23 0
Jan 29 07:52:14 standalone object-server[127636]: 172.20.0.100 - - [29/Jan/2026:07:52:14 +0000] "GET /d1/175/AUTH_4c69ec2c9fbd43d18b3423fd1c2c1a6b/gnocchi.40afa76f-5e6e-4313-b09a-da4a1d4b4c31/none_v3" 404 70 "GET http://172.18.0.2:8080/v1/AUTH_4c69ec2c9fbd43d18b3423fd1c2c1a6b/gnocchi.40afa76f-5e6e-4313-b09a-da4a1d4b4c31/none_v3" "tx7579b50c35f342ba9f134-00697b11ae" "proxy-server 20" 0.0005 "-" 24 0
Jan 29 07:52:14 standalone proxy-server[129441]: 172.18.0.2 172.18.0.100 29/Jan/2026/07/52/14 GET /v1/AUTH_4c69ec2c9fbd43d18b3423fd1c2c1a6b/gnocchi.40afa76f-5e6e-4313-b09a-da4a1d4b4c31/none_v3 HTTP/1.0 404 - python-swiftclient-3.11.1 gAAAAABpexEBDc6x... - 70 - tx7579b50c35f342ba9f134-00697b11ae - 0.0134 - - 1769673134.274795771 1769673134.288180828 0
Jan 29 07:52:14 standalone account-server[127323]: 172.20.0.100 - - [29/Jan/2026:07:52:14 +0000] "PUT /d1/672/AUTH_4c69ec2c9fbd43d18b3423fd1c2c1a6b/gnocchi.40afa76f-5e6e-4313-b09a-da4a1d4b4c31" 201 - "PUT http://172.20.0.100:6001/d1/51/AUTH_4c69ec2c9fbd43d18b3423fd1c2c1a6b/gnocchi.40afa76f-5e6e-4313-b09a-da4a1d4b4c31" "tx54b1f353c3aa4604b736e-00697b11ae" "container-server 23" 0.0050 "-" 18 0
Jan 29 07:52:14 standalone container-server[127509]: 172.20.0.100 - - [29/Jan/2026:07:52:14 +0000] "PUT /d1/51/AUTH_4c69ec2c9fbd43d18b3423fd1c2c1a6b/gnocchi.40afa76f-5e6e-4313-b09a-da4a1d4b4c31" 201 - "PUT http://172.18.0.2:8080/v1/AUTH_4c69ec2c9fbd43d18b3423fd1c2c1a6b/gnocchi.40afa76f-5e6e-4313-b09a-da4a1d4b4c31" "tx54b1f353c3aa4604b736e-00697b11ae" "proxy-server 20" 0.0138 "-" 23 0
Jan 29 07:52:14 standalone proxy-server[129441]: 172.18.0.2 172.18.0.100 29/Jan/2026/07/52/14 PUT /v1/AUTH_4c69ec2c9fbd43d18b3423fd1c2c1a6b/gnocchi.40afa76f-5e6e-4313-b09a-da4a1d4b4c31 HTTP/1.0 201 - python-swiftclient-3.11.1 gAAAAABpexEBDc6x... - - - tx54b1f353c3aa4604b736e-00697b11ae - 0.0204 - - 1769673134.293309212 1769673134.313693523 0
Jan 29 07:52:14 standalone container-server[127509]: 172.20.0.100 - - [29/Jan/2026:07:52:14 +0000] "HEAD /d1/51/AUTH_4c69ec2c9fbd43d18b3423fd1c2c1a6b/gnocchi.40afa76f-5e6e-4313-b09a-da4a1d4b4c31" 204 - "HEAD http://172.18.0.2:8080/v1/AUTH_4c69ec2c9fbd43d18b3423fd1c2c1a6b/gnocchi.40afa76f-5e6e-4313-b09a-da4a1d4b4c31?format=json&states=listing" "tx8a2e2da503d14a769bcda-00697b11ae" "proxy-server 20" 0.0012 "-" 23 0
Jan 29 07:52:14 standalone proxy-server[129441]: - - 29/Jan/2026/07/52/14 HEAD /v1/AUTH_4c69ec2c9fbd43d18b3423fd1c2c1a6b/gnocchi.40afa76f-5e6e-4313-b09a-da4a1d4b4c31%3Fformat%3Djson%26states%3Dlisting HTTP/1.0 204 - Swift - - - - tx8a2e2da503d14a769bcda-00697b11ae - 0.0056 RL - 1769673134.321104527 1769673134.326685667 0
Jan 29 07:52:14 standalone container-server[127492]: 172.20.0.100 - - [29/Jan/2026:07:52:14 +0000] "GET /d1/51/AUTH_4c69ec2c9fbd43d18b3423fd1c2c1a6b/gnocchi.40afa76f-5e6e-4313-b09a-da4a1d4b4c31" 200 2 "GET http://172.18.0.2:8080/v1/AUTH_4c69ec2c9fbd43d18b3423fd1c2c1a6b/gnocchi.40afa76f-5e6e-4313-b09a-da4a1d4b4c31?format=json&states=listing" "tx8a2e2da503d14a769bcda-00697b11ae" "proxy-server 20" 0.0047 "-" 20 0
Jan 29 07:52:14 standalone proxy-server[129441]: 172.18.0.2 172.18.0.100 29/Jan/2026/07/52/14 GET /v1/AUTH_4c69ec2c9fbd43d18b3423fd1c2c1a6b/gnocchi.40afa76f-5e6e-4313-b09a-da4a1d4b4c31%3Fformat%3Djson%26states%3Dlisting HTTP/1.0 200 - python-swiftclient-3.11.1 gAAAAABpexEBDc6x... - 2 - tx8a2e2da503d14a769bcda-00697b11ae - 0.0236 - - 1769673134.319485426 1769673134.343080282 0
Jan 29 07:52:14 standalone object-server[127635]: 172.20.0.100 - - [29/Jan/2026:07:52:14 +0000] "GET /d1/25/AUTH_4c69ec2c9fbd43d18b3423fd1c2c1a6b/gnocchi.40afa76f-5e6e-4313-b09a-da4a1d4b4c31/1769040000.0_mean_300.0_v3" 404 70 "GET http://172.18.0.2:8080/v1/AUTH_4c69ec2c9fbd43d18b3423fd1c2c1a6b/gnocchi.40afa76f-5e6e-4313-b09a-da4a1d4b4c31/1769040000.0_mean_300.0_v3" "tx921fcec2d5f6496c9a3b7-00697b11ae" "proxy-server 20" 0.0003 "-" 23 0
Jan 29 07:52:14 standalone proxy-server[129441]: 172.18.0.2 172.18.0.100 29/Jan/2026/07/52/14 GET /v1/AUTH_4c69ec2c9fbd43d18b3423fd1c2c1a6b/gnocchi.40afa76f-5e6e-4313-b09a-da4a1d4b4c31/1769040000.0_mean_300.0_v3 HTTP/1.0 404 - python-swiftclient-3.11.1 gAAAAABpexEBDc6x... - 70 - tx921fcec2d5f6496c9a3b7-00697b11ae - 0.0055 - - 1769673134.349996567 1769673134.355488062 0
Jan 29 07:52:14 standalone container-server[127497]: 172.20.0.100 - - [29/Jan/2026:07:52:14 +0000] "PUT /d1/51/AUTH_4c69ec2c9fbd43d18b3423fd1c2c1a6b/gnocchi.40afa76f-5e6e-4313-b09a-da4a1d4b4c31/1769040000.0_mean_300.0_v3" 201 - "PUT http://172.18.0.2:8080/d1/25/AUTH_4c69ec2c9fbd43d18b3423fd1c2c1a6b/gnocchi.40afa76f-5e6e-4313-b09a-da4a1d4b4c31/1769040000.0_mean_300.0_v3" "txfd3a5171107743ff842bb-00697b11ae" "object-server 24" 0.0005 "-" 21 0
Jan 29 07:52:14 standalone object-server[127636]: 172.20.0.100 - - [29/Jan/2026:07:52:14 +0000] "PUT /d1/25/AUTH_4c69ec2c9fbd43d18b3423fd1c2c1a6b/gnocchi.40afa76f-5e6e-4313-b09a-da4a1d4b4c31/1769040000.0_mean_300.0_v3" 201 - "PUT http://172.18.0.2:8080/v1/AUTH_4c69ec2c9fbd43d18b3423fd1c2c1a6b/gnocchi.40afa76f-5e6e-4313-b09a-da4a1d4b4c31/1769040000.0_mean_300.0_v3" "txfd3a5171107743ff842bb-00697b11ae" "proxy-server 20" 0.0088 "-" 24 0
Jan 29 07:52:14 standalone proxy-server[129441]: 172.18.0.2 172.18.0.100 29/Jan/2026/07/52/14 PUT /v1/AUTH_4c69ec2c9fbd43d18b3423fd1c2c1a6b/gnocchi.40afa76f-5e6e-4313-b09a-da4a1d4b4c31/1769040000.0_mean_300.0_v3 HTTP/1.0 201 - python-swiftclient-3.11.1 gAAAAABpexEBDc6x... 16 - - txfd3a5171107743ff842bb-00697b11ae - 0.0136 - - 1769673134.359407425 1769673134.373049498 0
Jan 29 07:52:14 standalone container-server[127492]: 172.20.0.100 - - [29/Jan/2026:07:52:14 +0000] "PUT /d1/51/AUTH_4c69ec2c9fbd43d18b3423fd1c2c1a6b/gnocchi.40afa76f-5e6e-4313-b09a-da4a1d4b4c31/none_v3" 201 - "PUT http://172.18.0.2:8080/d1/175/AUTH_4c69ec2c9fbd43d18b3423fd1c2c1a6b/gnocchi.40afa76f-5e6e-4313-b09a-da4a1d4b4c31/none_v3" "tx38806a26d30d477480e68-00697b11ae" "object-server 22" 0.0005 "-" 20 0
Jan 29 07:52:14 standalone object-server[127634]: 172.20.0.100 - - [29/Jan/2026:07:52:14 +0000] "PUT /d1/175/AUTH_4c69ec2c9fbd43d18b3423fd1c2c1a6b/gnocchi.40afa76f-5e6e-4313-b09a-da4a1d4b4c31/none_v3" 201 - "PUT http://172.18.0.2:8080/v1/AUTH_4c69ec2c9fbd43d18b3423fd1c2c1a6b/gnocchi.40afa76f-5e6e-4313-b09a-da4a1d4b4c31/none_v3" "tx38806a26d30d477480e68-00697b11ae" "proxy-server 20" 0.0071 "-" 22 0
Jan 29 07:52:14 standalone proxy-server[129441]: 172.18.0.2 172.18.0.100 29/Jan/2026/07/52/14 PUT /v1/AUTH_4c69ec2c9fbd43d18b3423fd1c2c1a6b/gnocchi.40afa76f-5e6e-4313-b09a-da4a1d4b4c31/none_v3 HTTP/1.0 201 - python-swiftclient-3.11.1 gAAAAABpexEBDc6x... 22 - - tx38806a26d30d477480e68-00697b11ae - 0.0111 - - 1769673134.375828981 1769673134.386948109 0
Jan 29 07:52:14 standalone container-server[127509]: 172.20.0.100 - - [29/Jan/2026:07:52:14 +0000] "HEAD /d1/310/AUTH_4c69ec2c9fbd43d18b3423fd1c2c1a6b/gnocchi.7e10c934-a10d-4aa1-9dab-ec7664a26236" 404 - "HEAD http://172.18.0.2:8080/v1/AUTH_4c69ec2c9fbd43d18b3423fd1c2c1a6b/gnocchi.7e10c934-a10d-4aa1-9dab-ec7664a26236?format=json&states=listing" "tx587a5d9e56fe4a51a8c74-00697b11ae" "proxy-server 20" 0.0004 "-" 23 0
Jan 29 07:52:14 standalone object-server[127634]: 172.20.0.100 - - [29/Jan/2026:07:52:14 +0000] "GET /d1/479/AUTH_4c69ec2c9fbd43d18b3423fd1c2c1a6b/gnocchi.7e10c934-a10d-4aa1-9dab-ec7664a26236/none_v3" 404 70 "GET http://172.18.0.2:8080/v1/AUTH_4c69ec2c9fbd43d18b3423fd1c2c1a6b/gnocchi.7e10c934-a10d-4aa1-9dab-ec7664a26236/none_v3" "tx587a5d9e56fe4a51a8c74-00697b11ae" "proxy-server 20" 0.0003 "-" 22 0
Jan 29 07:52:14 standalone proxy-server[129441]: 172.18.0.2 172.18.0.100 29/Jan/2026/07/52/14 GET /v1/AUTH_4c69ec2c9fbd43d18b3423fd1c2c1a6b/gnocchi.7e10c934-a10d-4aa1-9dab-ec7664a26236/none_v3 HTTP/1.0 404 - python-swiftclient-3.11.1 gAAAAABpexEBDc6x... - 70 - tx587a5d9e56fe4a51a8c74-00697b11ae - 0.0072 - - 1769673134.397267818 1769673134.404473066 0
Jan 29 07:52:14 standalone account-server[127356]: 172.20.0.100 - - [29/Jan/2026:07:52:14 +0000] "PUT /d1/672/AUTH_4c69ec2c9fbd43d18b3423fd1c2c1a6b/gnocchi.7e10c934-a10d-4aa1-9dab-ec7664a26236" 201 - "PUT http://172.20.0.100:6001/d1/310/AUTH_4c69ec2c9fbd43d18b3423fd1c2c1a6b/gnocchi.7e10c934-a10d-4aa1-9dab-ec7664a26236" "txcda32bd090ac4023aad21-00697b11ae" "container-server 21" 0.0039 "-" 20 0
Jan 29 07:52:14 standalone container-server[127497]: 172.20.0.100 - - [29/Jan/2026:07:52:14 +0000] "PUT /d1/310/AUTH_4c69ec2c9fbd43d18b3423fd1c2c1a6b/gnocchi.7e10c934-a10d-4aa1-9dab-ec7664a26236" 201 - "PUT http://172.18.0.2:8080/v1/AUTH_4c69ec2c9fbd43d18b3423fd1c2c1a6b/gnocchi.7e10c934-a10d-4aa1-9dab-ec7664a26236" "txcda32bd090ac4023aad21-00697b11ae" "proxy-server 20" 0.0116 "-" 21 0
Jan 29 07:52:14 standalone proxy-server[129441]: 172.18.0.2 172.18.0.100 29/Jan/2026/07/52/14 PUT /v1/AUTH_4c69ec2c9fbd43d18b3423fd1c2c1a6b/gnocchi.7e10c934-a10d-4aa1-9dab-ec7664a26236 HTTP/1.0 201 - python-swiftclient-3.11.1 gAAAAABpexEBDc6x... - - - txcda32bd090ac4023aad21-00697b11ae - 0.0157 - - 1769673134.406759262 1769673134.422474861 0
Jan 29 07:52:14 standalone container-server[127497]: 172.20.0.100 - - [29/Jan/2026:07:52:14 +0000] "HEAD /d1/310/AUTH_4c69ec2c9fbd43d18b3423fd1c2c1a6b/gnocchi.7e10c934-a10d-4aa1-9dab-ec7664a26236" 204 - "HEAD http://172.18.0.2:8080/v1/AUTH_4c69ec2c9fbd43d18b3423fd1c2c1a6b/gnocchi.7e10c934-a10d-4aa1-9dab-ec7664a26236?format=json&states=listing" "txef937bd6839a4209bbbf0-00697b11ae" "proxy-server 20" 0.0012 "-" 21 0
Jan 29 07:52:14 standalone proxy-server[129441]: - - 29/Jan/2026/07/52/14 HEAD /v1/AUTH_4c69ec2c9fbd43d18b3423fd1c2c1a6b/gnocchi.7e10c934-a10d-4aa1-9dab-ec7664a26236%3Fformat%3Djson%26states%3Dlisting HTTP/1.0 204 - Swift - - - - txef937bd6839a4209bbbf0-00697b11ae - 0.0041 RL - 1769673134.426776886 1769673134.430904388 0
Jan 29 07:52:14 standalone container-server[127492]: 172.20.0.100 - - [29/Jan/2026:07:52:14 +0000] "GET /d1/310/AUTH_4c69ec2c9fbd43d18b3423fd1c2c1a6b/gnocchi.7e10c934-a10d-4aa1-9dab-ec7664a26236" 200 2 "GET http://172.18.0.2:8080/v1/AUTH_4c69ec2c9fbd43d18b3423fd1c2c1a6b/gnocchi.7e10c934-a10d-4aa1-9dab-ec7664a26236?format=json&states=listing" "txef937bd6839a4209bbbf0-00697b11ae" "proxy-server 20" 0.0019 "-" 20 0
Jan 29 07:52:14 standalone proxy-server[129441]: 172.18.0.2 172.18.0.100 29/Jan/2026/07/52/14 GET /v1/AUTH_4c69ec2c9fbd43d18b3423fd1c2c1a6b/gnocchi.7e10c934-a10d-4aa1-9dab-ec7664a26236%3Fformat%3Djson%26states%3Dlisting HTTP/1.0 200 - python-swiftclient-3.11.1 gAAAAABpexEBDc6x... - 2 - txef937bd6839a4209bbbf0-00697b11ae - 0.0120 - - 1769673134.425520420 1769673134.437513590 0
Jan 29 07:52:14 standalone object-server[127636]: 172.20.0.100 - - [29/Jan/2026:07:52:14 +0000] "GET /d1/386/AUTH_4c69ec2c9fbd43d18b3423fd1c2c1a6b/gnocchi.7e10c934-a10d-4aa1-9dab-ec7664a26236/1769040000.0_mean_300.0_v3" 404 70 "GET http://172.18.0.2:8080/v1/AUTH_4c69ec2c9fbd43d18b3423fd1c2c1a6b/gnocchi.7e10c934-a10d-4aa1-9dab-ec7664a26236/1769040000.0_mean_300.0_v3" "txe0db5ee8995949e3ba3ee-00697b11ae" "proxy-server 20" 0.0004 "-" 24 0
Jan 29 07:52:14 standalone proxy-server[129441]: 172.18.0.2 172.18.0.100 29/Jan/2026/07/52/14 GET /v1/AUTH_4c69ec2c9fbd43d18b3423fd1c2c1a6b/gnocchi.7e10c934-a10d-4aa1-9dab-ec7664a26236/1769040000.0_mean_300.0_v3 HTTP/1.0 404 - python-swiftclient-3.11.1 gAAAAABpexEBDc6x... - 70 - txe0db5ee8995949e3ba3ee-00697b11ae - 0.0049 - - 1769673134.440611124 1769673134.445464849 0
Jan 29 07:52:14 standalone container-server[127497]: 172.20.0.100 - - [29/Jan/2026:07:52:14 +0000] "PUT /d1/310/AUTH_4c69ec2c9fbd43d18b3423fd1c2c1a6b/gnocchi.7e10c934-a10d-4aa1-9dab-ec7664a26236/1769040000.0_mean_300.0_v3" 201 - "PUT http://172.18.0.2:8080/d1/386/AUTH_4c69ec2c9fbd43d18b3423fd1c2c1a6b/gnocchi.7e10c934-a10d-4aa1-9dab-ec7664a26236/1769040000.0_mean_300.0_v3" "txf3096bff8b0e49c38b8ab-00697b11ae" "object-server 24" 0.0007 "-" 21 0
Jan 29 07:52:14 standalone object-server[127636]: 172.20.0.100 - - [29/Jan/2026:07:52:14 +0000] "PUT /d1/386/AUTH_4c69ec2c9fbd43d18b3423fd1c2c1a6b/gnocchi.7e10c934-a10d-4aa1-9dab-ec7664a26236/1769040000.0_mean_300.0_v3" 201 - "PUT http://172.18.0.2:8080/v1/AUTH_4c69ec2c9fbd43d18b3423fd1c2c1a6b/gnocchi.7e10c934-a10d-4aa1-9dab-ec7664a26236/1769040000.0_mean_300.0_v3" "txf3096bff8b0e49c38b8ab-00697b11ae" "proxy-server 20" 0.0086 "-" 24 0
Jan 29 07:52:14 standalone proxy-server[129441]: 172.18.0.2 172.18.0.100 29/Jan/2026/07/52/14 PUT /v1/AUTH_4c69ec2c9fbd43d18b3423fd1c2c1a6b/gnocchi.7e10c934-a10d-4aa1-9dab-ec7664a26236/1769040000.0_mean_300.0_v3 HTTP/1.0 201 - python-swiftclient-3.11.1 gAAAAABpexEBDc6x... 16 - - txf3096bff8b0e49c38b8ab-00697b11ae - 0.0146 - - 1769673134.447734356 1769673134.462344885 0
Jan 29 07:52:14 standalone container-server[127492]: 172.20.0.100 - - [29/Jan/2026:07:52:14 +0000] "PUT /d1/310/AUTH_4c69ec2c9fbd43d18b3423fd1c2c1a6b/gnocchi.7e10c934-a10d-4aa1-9dab-ec7664a26236/none_v3" 201 - "PUT http://172.18.0.2:8080/d1/479/AUTH_4c69ec2c9fbd43d18b3423fd1c2c1a6b/gnocchi.7e10c934-a10d-4aa1-9dab-ec7664a26236/none_v3" "tx0680d975df0a40c0aa1b4-00697b11ae" "object-server 24" 0.0005 "-" 20 0
Jan 29 07:52:14 standalone object-server[127636]: 172.20.0.100 - - [29/Jan/2026:07:52:14 +0000] "PUT /d1/479/AUTH_4c69ec2c9fbd43d18b3423fd1c2c1a6b/gnocchi.7e10c934-a10d-4aa1-9dab-ec7664a26236/none_v3" 201 - "PUT http://172.18.0.2:8080/v1/AUTH_4c69ec2c9fbd43d18b3423fd1c2c1a6b/gnocchi.7e10c934-a10d-4aa1-9dab-ec7664a26236/none_v3" "tx0680d975df0a40c0aa1b4-00697b11ae" "proxy-server 20" 0.0083 "-" 24 0
Jan 29 07:52:14 standalone proxy-server[129441]: 172.18.0.2 172.18.0.100 29/Jan/2026/07/52/14 PUT /v1/AUTH_4c69ec2c9fbd43d18b3423fd1c2c1a6b/gnocchi.7e10c934-a10d-4aa1-9dab-ec7664a26236/none_v3 HTTP/1.0 201 - python-swiftclient-3.11.1 gAAAAABpexEBDc6x... 22 - - tx0680d975df0a40c0aa1b4-00697b11ae - 0.0136 - - 1769673134.464771032 1769673134.478324413 0
Jan 29 07:52:14 standalone container-server[127509]: 172.20.0.100 - - [29/Jan/2026:07:52:14 +0000] "HEAD /d1/93/AUTH_4c69ec2c9fbd43d18b3423fd1c2c1a6b/gnocchi.0b334429-ccbc-44d6-8702-2085c60321b7" 404 - "HEAD http://172.18.0.2:8080/v1/AUTH_4c69ec2c9fbd43d18b3423fd1c2c1a6b/gnocchi.0b334429-ccbc-44d6-8702-2085c60321b7?format=json&states=listing" "txc58e3b9d8a7c4591904e9-00697b11ae" "proxy-server 20" 0.0004 "-" 23 0
Jan 29 07:52:14 standalone object-server[127636]: 172.20.0.100 - - [29/Jan/2026:07:52:14 +0000] "GET /d1/891/AUTH_4c69ec2c9fbd43d18b3423fd1c2c1a6b/gnocchi.0b334429-ccbc-44d6-8702-2085c60321b7/none_v3" 404 70 "GET http://172.18.0.2:8080/v1/AUTH_4c69ec2c9fbd43d18b3423fd1c2c1a6b/gnocchi.0b334429-ccbc-44d6-8702-2085c60321b7/none_v3" "txc58e3b9d8a7c4591904e9-00697b11ae" "proxy-server 20" 0.0005 "-" 24 0
Jan 29 07:52:14 standalone proxy-server[129441]: 172.18.0.2 172.18.0.100 29/Jan/2026/07/52/14 GET /v1/AUTH_4c69ec2c9fbd43d18b3423fd1c2c1a6b/gnocchi.0b334429-ccbc-44d6-8702-2085c60321b7/none_v3 HTTP/1.0 404 - python-swiftclient-3.11.1 gAAAAABpexEBDc6x... - 70 - txc58e3b9d8a7c4591904e9-00697b11ae - 0.0117 - - 1769673134.487197161 1769673134.498890638 0
Jan 29 07:52:14 standalone account-server[127346]: 172.20.0.100 - - [29/Jan/2026:07:52:14 +0000] "PUT /d1/672/AUTH_4c69ec2c9fbd43d18b3423fd1c2c1a6b/gnocchi.0b334429-ccbc-44d6-8702-2085c60321b7" 201 - "PUT http://172.20.0.100:6001/d1/93/AUTH_4c69ec2c9fbd43d18b3423fd1c2c1a6b/gnocchi.0b334429-ccbc-44d6-8702-2085c60321b7" "txfe2fe87308284879966d1-00697b11ae" "container-server 23" 0.0044 "-" 19 0
Jan 29 07:52:14 standalone container-server[127509]: 172.20.0.100 - - [29/Jan/2026:07:52:14 +0000] "PUT /d1/93/AUTH_4c69ec2c9fbd43d18b3423fd1c2c1a6b/gnocchi.0b334429-ccbc-44d6-8702-2085c60321b7" 201 - "PUT http://172.18.0.2:8080/v1/AUTH_4c69ec2c9fbd43d18b3423fd1c2c1a6b/gnocchi.0b334429-ccbc-44d6-8702-2085c60321b7" "txfe2fe87308284879966d1-00697b11ae" "proxy-server 20" 0.0131 "-" 23 0
Jan 29 07:52:14 standalone proxy-server[129441]: 172.18.0.2 172.18.0.100 29/Jan/2026/07/52/14 PUT /v1/AUTH_4c69ec2c9fbd43d18b3423fd1c2c1a6b/gnocchi.0b334429-ccbc-44d6-8702-2085c60321b7 HTTP/1.0 201 - python-swiftclient-3.11.1 gAAAAABpexEBDc6x... - - - txfe2fe87308284879966d1-00697b11ae - 0.0220 - - 1769673134.501656294 1769673134.523686886 0
Jan 29 07:52:14 standalone container-server[127509]: 172.20.0.100 - - [29/Jan/2026:07:52:14 +0000] "HEAD /d1/562/AUTH_4c69ec2c9fbd43d18b3423fd1c2c1a6b/gnocchi.70103948-7a71-4224-b400-c9f4a8c477b7" 404 - "HEAD http://172.18.0.2:8080/v1/AUTH_4c69ec2c9fbd43d18b3423fd1c2c1a6b/gnocchi.70103948-7a71-4224-b400-c9f4a8c477b7?format=json&states=listing" "tx9a05a491e041458791fbd-00697b11ae" "proxy-server 20" 0.0004 "-" 23 0
Jan 29 07:52:14 standalone object-server[127636]: 172.20.0.100 - - [29/Jan/2026:07:52:14 +0000] "GET /d1/238/AUTH_4c69ec2c9fbd43d18b3423fd1c2c1a6b/gnocchi.70103948-7a71-4224-b400-c9f4a8c477b7/none_v3" 404 70 "GET http://172.18.0.2:8080/v1/AUTH_4c69ec2c9fbd43d18b3423fd1c2c1a6b/gnocchi.70103948-7a71-4224-b400-c9f4a8c477b7/none_v3" "tx9a05a491e041458791fbd-00697b11ae" "proxy-server 20" 0.0004 "-" 24 0
Jan 29 07:52:14 standalone proxy-server[129441]: 172.18.0.2 172.18.0.100 29/Jan/2026/07/52/14 GET /v1/AUTH_4c69ec2c9fbd43d18b3423fd1c2c1a6b/gnocchi.70103948-7a71-4224-b400-c9f4a8c477b7/none_v3 HTTP/1.0 404 - python-swiftclient-3.11.1 gAAAAABpexEBDc6x... - 70 - tx9a05a491e041458791fbd-00697b11ae - 0.0097 - - 1769673134.526891708 1769673134.536616087 0
Jan 29 07:52:14 standalone account-server[127323]: 172.20.0.100 - - [29/Jan/2026:07:52:14 +0000] "PUT /d1/672/AUTH_4c69ec2c9fbd43d18b3423fd1c2c1a6b/gnocchi.70103948-7a71-4224-b400-c9f4a8c477b7" 201 - "PUT http://172.20.0.100:6001/d1/562/AUTH_4c69ec2c9fbd43d18b3423fd1c2c1a6b/gnocchi.70103948-7a71-4224-b400-c9f4a8c477b7" "txf377db68ef264302bf2fb-00697b11ae" "container-server 22" 0.0044 "-" 18 0
Jan 29 07:52:14 standalone container-server[127507]: 172.20.0.100 - - [29/Jan/2026:07:52:14 +0000] "PUT /d1/562/AUTH_4c69ec2c9fbd43d18b3423fd1c2c1a6b/gnocchi.70103948-7a71-4224-b400-c9f4a8c477b7" 201 - "PUT http://172.18.0.2:8080/v1/AUTH_4c69ec2c9fbd43d18b3423fd1c2c1a6b/gnocchi.70103948-7a71-4224-b400-c9f4a8c477b7" "txf377db68ef264302bf2fb-00697b11ae" "proxy-server 20" 0.0142 "-" 22 0
Jan 29 07:52:14 standalone proxy-server[129441]: 172.18.0.2 172.18.0.100 29/Jan/2026/07/52/14 PUT /v1/AUTH_4c69ec2c9fbd43d18b3423fd1c2c1a6b/gnocchi.70103948-7a71-4224-b400-c9f4a8c477b7 HTTP/1.0 201 - python-swiftclient-3.11.1 gAAAAABpexEBDc6x... - - - txf377db68ef264302bf2fb-00697b11ae - 0.0198 - - 1769673134.539690256 1769673134.559538126 0
Jan 29 07:52:14 standalone container-server[127507]: 172.20.0.100 - - [29/Jan/2026:07:52:14 +0000] "HEAD /d1/93/AUTH_4c69ec2c9fbd43d18b3423fd1c2c1a6b/gnocchi.0b334429-ccbc-44d6-8702-2085c60321b7" 204 - "HEAD http://172.18.0.2:8080/v1/AUTH_4c69ec2c9fbd43d18b3423fd1c2c1a6b/gnocchi.0b334429-ccbc-44d6-8702-2085c60321b7?format=json&states=listing" "txe1bb594aaf7b4be1a5f9e-00697b11ae" "proxy-server 20" 0.0016 "-" 22 0
Jan 29 07:52:14 standalone proxy-server[129441]: - - 29/Jan/2026/07/52/14 HEAD /v1/AUTH_4c69ec2c9fbd43d18b3423fd1c2c1a6b/gnocchi.0b334429-ccbc-44d6-8702-2085c60321b7%3Fformat%3Djson%26states%3Dlisting HTTP/1.0 204 - Swift - - - - txe1bb594aaf7b4be1a5f9e-00697b11ae - 0.0053 RL - 1769673134.564863443 1769673134.570136786 0
Jan 29 07:52:14 standalone container-server[127492]: 172.20.0.100 - - [29/Jan/2026:07:52:14 +0000] "GET /d1/93/AUTH_4c69ec2c9fbd43d18b3423fd1c2c1a6b/gnocchi.0b334429-ccbc-44d6-8702-2085c60321b7" 200 2 "GET http://172.18.0.2:8080/v1/AUTH_4c69ec2c9fbd43d18b3423fd1c2c1a6b/gnocchi.0b334429-ccbc-44d6-8702-2085c60321b7?format=json&states=listing" "txe1bb594aaf7b4be1a5f9e-00697b11ae" "proxy-server 20" 0.0017 "-" 20 0
Jan 29 07:52:14 standalone proxy-server[129441]: 172.18.0.2 172.18.0.100 29/Jan/2026/07/52/14 GET /v1/AUTH_4c69ec2c9fbd43d18b3423fd1c2c1a6b/gnocchi.0b334429-ccbc-44d6-8702-2085c60321b7%3Fformat%3Djson%26states%3Dlisting HTTP/1.0 200 - python-swiftclient-3.11.1 gAAAAABpexEBDc6x... - 2 - txe1bb594aaf7b4be1a5f9e-00697b11ae - 0.0137 - - 1769673134.563725710 1769673134.577440262 0
