Jan 29 07:50:31 standalone container-server[127507]: 172.20.0.100 - - [29/Jan/2026:07:50:31 +0000] "PUT /d1/382/AUTH_4c69ec2c9fbd43d18b3423fd1c2c1a6b/gnocchi.d8413bfc-0b29-4700-a887-f64d72d1d778/1769040000.0_mean_300.0_v3" 201 - "PUT http://172.18.0.2:8080/d1/855/AUTH_4c69ec2c9fbd43d18b3423fd1c2c1a6b/gnocchi.d8413bfc-0b29-4700-a887-f64d72d1d778/1769040000.0_mean_300.0_v3" "txdc490886b3cb4084bcf09-00697b1146" "object-server 25" 0.0008 "-" 22 0
Jan 29 07:50:31 standalone object-server[127637]: 172.20.0.100 - - [29/Jan/2026:07:50:31 +0000] "PUT /d1/855/AUTH_4c69ec2c9fbd43d18b3423fd1c2c1a6b/gnocchi.d8413bfc-0b29-4700-a887-f64d72d1d778/1769040000.0_mean_300.0_v3" 201 - "PUT http://172.18.0.2:8080/v1/AUTH_4c69ec2c9fbd43d18b3423fd1c2c1a6b/gnocchi.d8413bfc-0b29-4700-a887-f64d72d1d778/1769040000.0_mean_300.0_v3" "txdc490886b3cb4084bcf09-00697b1146" "proxy-server 20" 0.0532 "-" 25 0
Jan 29 07:50:31 standalone proxy-server[129441]: 172.18.0.2 172.18.0.100 29/Jan/2026/07/50/31 PUT /v1/AUTH_4c69ec2c9fbd43d18b3423fd1c2c1a6b/gnocchi.d8413bfc-0b29-4700-a887-f64d72d1d778/1769040000.0_mean_300.0_v3 HTTP/1.0 201 - python-swiftclient-3.11.1 gAAAAABpexEBDc6x... 16 - - txdc490886b3cb4084bcf09-00697b1146 - 0.0587 - - 1769673030.990485907 1769673031.049145937 0
Jan 29 07:50:31 standalone container-server[127497]: 172.20.0.100 - - [29/Jan/2026:07:50:31 +0000] "PUT /d1/216/AUTH_4c69ec2c9fbd43d18b3423fd1c2c1a6b/gnocchi.ad5712c4-1823-4596-9461-1843a41f1778/none_v3" 201 - "PUT http://172.18.0.2:8080/d1/688/AUTH_4c69ec2c9fbd43d18b3423fd1c2c1a6b/gnocchi.ad5712c4-1823-4596-9461-1843a41f1778/none_v3" "txb5577afadee94a20aac2e-00697b1147" "object-server 23" 0.0005 "-" 21 0
Jan 29 07:50:31 standalone object-server[127635]: 172.20.0.100 - - [29/Jan/2026:07:50:31 +0000] "PUT /d1/688/AUTH_4c69ec2c9fbd43d18b3423fd1c2c1a6b/gnocchi.ad5712c4-1823-4596-9461-1843a41f1778/none_v3" 201 - "PUT http://172.18.0.2:8080/v1/AUTH_4c69ec2c9fbd43d18b3423fd1c2c1a6b/gnocchi.ad5712c4-1823-4596-9461-1843a41f1778/none_v3" "txb5577afadee94a20aac2e-00697b1147" "proxy-server 20" 0.0102 "-" 23 0
Jan 29 07:50:31 standalone proxy-server[129441]: 172.18.0.2 172.18.0.100 29/Jan/2026/07/50/31 PUT /v1/AUTH_4c69ec2c9fbd43d18b3423fd1c2c1a6b/gnocchi.ad5712c4-1823-4596-9461-1843a41f1778/none_v3 HTTP/1.0 201 - python-swiftclient-3.11.1 gAAAAABpexEBDc6x... 22 - - txb5577afadee94a20aac2e-00697b1147 - 0.0160 - - 1769673031.052869320 1769673031.068859339 0
Jan 29 07:50:31 standalone container-server[127497]: 172.20.0.100 - - [29/Jan/2026:07:50:31 +0000] "PUT /d1/382/AUTH_4c69ec2c9fbd43d18b3423fd1c2c1a6b/gnocchi.d8413bfc-0b29-4700-a887-f64d72d1d778/none_v3" 201 - "PUT http://172.18.0.2:8080/d1/169/AUTH_4c69ec2c9fbd43d18b3423fd1c2c1a6b/gnocchi.d8413bfc-0b29-4700-a887-f64d72d1d778/none_v3" "tx90e3413c92864ac1bb2f5-00697b1147" "object-server 25" 0.0005 "-" 21 0
Jan 29 07:50:31 standalone object-server[127637]: 172.20.0.100 - - [29/Jan/2026:07:50:31 +0000] "PUT /d1/169/AUTH_4c69ec2c9fbd43d18b3423fd1c2c1a6b/gnocchi.d8413bfc-0b29-4700-a887-f64d72d1d778/none_v3" 201 - "PUT http://172.18.0.2:8080/v1/AUTH_4c69ec2c9fbd43d18b3423fd1c2c1a6b/gnocchi.d8413bfc-0b29-4700-a887-f64d72d1d778/none_v3" "tx90e3413c92864ac1bb2f5-00697b1147" "proxy-server 20" 0.0097 "-" 25 0
Jan 29 07:50:31 standalone proxy-server[129441]: 172.18.0.2 172.18.0.100 29/Jan/2026/07/50/31 PUT /v1/AUTH_4c69ec2c9fbd43d18b3423fd1c2c1a6b/gnocchi.d8413bfc-0b29-4700-a887-f64d72d1d778/none_v3 HTTP/1.0 201 - python-swiftclient-3.11.1 gAAAAABpexEBDc6x... 22 - - tx90e3413c92864ac1bb2f5-00697b1147 - 0.0158 - - 1769673031.071258068 1769673031.087071180 0
Jan 29 07:50:31 standalone container-server[127497]: 172.20.0.100 - - [29/Jan/2026:07:50:31 +0000] "HEAD /d1/758/AUTH_4c69ec2c9fbd43d18b3423fd1c2c1a6b/gnocchi.d8e58300-0139-482d-a207-556640c3d39b" 404 - "HEAD http://172.18.0.2:8080/v1/AUTH_4c69ec2c9fbd43d18b3423fd1c2c1a6b/gnocchi.d8e58300-0139-482d-a207-556640c3d39b?format=json&states=listing" "txddc101850d0f40f3a2ac1-00697b1147" "proxy-server 20" 0.0014 "-" 21 0
Jan 29 07:50:31 standalone object-server[127637]: 172.20.0.100 - - [29/Jan/2026:07:50:31 +0000] "GET /d1/130/AUTH_4c69ec2c9fbd43d18b3423fd1c2c1a6b/gnocchi.d8e58300-0139-482d-a207-556640c3d39b/none_v3" 404 70 "GET http://172.18.0.2:8080/v1/AUTH_4c69ec2c9fbd43d18b3423fd1c2c1a6b/gnocchi.d8e58300-0139-482d-a207-556640c3d39b/none_v3" "txddc101850d0f40f3a2ac1-00697b1147" "proxy-server 20" 0.0006 "-" 25 0
Jan 29 07:50:31 standalone proxy-server[129441]: 172.18.0.2 172.18.0.100 29/Jan/2026/07/50/31 GET /v1/AUTH_4c69ec2c9fbd43d18b3423fd1c2c1a6b/gnocchi.d8e58300-0139-482d-a207-556640c3d39b/none_v3 HTTP/1.0 404 - python-swiftclient-3.11.1 gAAAAABpexEBDc6x... - 70 - txddc101850d0f40f3a2ac1-00697b1147 - 0.0155 - - 1769673031.097533226 1769673031.113019228 0
Jan 29 07:50:31 standalone account-server[127346]: 172.20.0.100 - - [29/Jan/2026:07:50:31 +0000] "PUT /d1/672/AUTH_4c69ec2c9fbd43d18b3423fd1c2c1a6b/gnocchi.d8e58300-0139-482d-a207-556640c3d39b" 201 - "PUT http://172.20.0.100:6001/d1/758/AUTH_4c69ec2c9fbd43d18b3423fd1c2c1a6b/gnocchi.d8e58300-0139-482d-a207-556640c3d39b" "txd912617e5f2c46aea391b-00697b1147" "container-server 21" 0.0053 "-" 19 0
Jan 29 07:50:31 standalone container-server[127497]: 172.20.0.100 - - [29/Jan/2026:07:50:31 +0000] "PUT /d1/758/AUTH_4c69ec2c9fbd43d18b3423fd1c2c1a6b/gnocchi.d8e58300-0139-482d-a207-556640c3d39b" 201 - "PUT http://172.18.0.2:8080/v1/AUTH_4c69ec2c9fbd43d18b3423fd1c2c1a6b/gnocchi.d8e58300-0139-482d-a207-556640c3d39b" "txd912617e5f2c46aea391b-00697b1147" "proxy-server 20" 0.0254 "-" 21 0
Jan 29 07:50:31 standalone proxy-server[129441]: 172.18.0.2 172.18.0.100 29/Jan/2026/07/50/31 PUT /v1/AUTH_4c69ec2c9fbd43d18b3423fd1c2c1a6b/gnocchi.d8e58300-0139-482d-a207-556640c3d39b HTTP/1.0 201 - python-swiftclient-3.11.1 gAAAAABpexEBDc6x... - - - txd912617e5f2c46aea391b-00697b1147 - 0.0321 - - 1769673031.116066217 1769673031.148205996 0
Jan 29 07:50:31 standalone container-server[127497]: 172.20.0.100 - - [29/Jan/2026:07:50:31 +0000] "HEAD /d1/758/AUTH_4c69ec2c9fbd43d18b3423fd1c2c1a6b/gnocchi.d8e58300-0139-482d-a207-556640c3d39b" 204 - "HEAD http://172.18.0.2:8080/v1/AUTH_4c69ec2c9fbd43d18b3423fd1c2c1a6b/gnocchi.d8e58300-0139-482d-a207-556640c3d39b?format=json&states=listing" "txa838b28824004ae0ba98a-00697b1147" "proxy-server 20" 0.0012 "-" 21 0
Jan 29 07:50:31 standalone proxy-server[129441]: - - 29/Jan/2026/07/50/31 HEAD /v1/AUTH_4c69ec2c9fbd43d18b3423fd1c2c1a6b/gnocchi.d8e58300-0139-482d-a207-556640c3d39b%3Fformat%3Djson%26states%3Dlisting HTTP/1.0 204 - Swift - - - - txa838b28824004ae0ba98a-00697b1147 - 0.0044 RL - 1769673031.153855562 1769673031.158244133 0
Jan 29 07:50:31 standalone container-server[127492]: 172.20.0.100 - - [29/Jan/2026:07:50:31 +0000] "GET /d1/758/AUTH_4c69ec2c9fbd43d18b3423fd1c2c1a6b/gnocchi.d8e58300-0139-482d-a207-556640c3d39b" 200 2 "GET http://172.18.0.2:8080/v1/AUTH_4c69ec2c9fbd43d18b3423fd1c2c1a6b/gnocchi.d8e58300-0139-482d-a207-556640c3d39b?format=json&states=listing" "txa838b28824004ae0ba98a-00697b1147" "proxy-server 20" 0.0026 "-" 20 0
Jan 29 07:50:31 standalone proxy-server[129441]: 172.18.0.2 172.18.0.100 29/Jan/2026/07/50/31 GET /v1/AUTH_4c69ec2c9fbd43d18b3423fd1c2c1a6b/gnocchi.d8e58300-0139-482d-a207-556640c3d39b%3Fformat%3Djson%26states%3Dlisting HTTP/1.0 200 - python-swiftclient-3.11.1 gAAAAABpexEBDc6x... - 2 - txa838b28824004ae0ba98a-00697b1147 - 0.0141 - - 1769673031.152655125 1769673031.166747570 0
Jan 29 07:50:31 standalone object-server[127634]: 172.20.0.100 - - [29/Jan/2026:07:50:31 +0000] "GET /d1/448/AUTH_4c69ec2c9fbd43d18b3423fd1c2c1a6b/gnocchi.d8e58300-0139-482d-a207-556640c3d39b/1769040000.0_mean_300.0_v3" 404 70 "GET http://172.18.0.2:8080/v1/AUTH_4c69ec2c9fbd43d18b3423fd1c2c1a6b/gnocchi.d8e58300-0139-482d-a207-556640c3d39b/1769040000.0_mean_300.0_v3" "tx4d9af8faffbe4dcdb982e-00697b1147" "proxy-server 20" 0.0008 "-" 22 0
Jan 29 07:50:31 standalone proxy-server[129441]: 172.18.0.2 172.18.0.100 29/Jan/2026/07/50/31 GET /v1/AUTH_4c69ec2c9fbd43d18b3423fd1c2c1a6b/gnocchi.d8e58300-0139-482d-a207-556640c3d39b/1769040000.0_mean_300.0_v3 HTTP/1.0 404 - python-swiftclient-3.11.1 gAAAAABpexEBDc6x... - 70 - tx4d9af8faffbe4dcdb982e-00697b1147 - 0.0106 - - 1769673031.170634270 1769673031.181191921 0
Jan 29 07:50:31 standalone container-server[127492]: 172.20.0.100 - - [29/Jan/2026:07:50:31 +0000] "PUT /d1/758/AUTH_4c69ec2c9fbd43d18b3423fd1c2c1a6b/gnocchi.d8e58300-0139-482d-a207-556640c3d39b/1769040000.0_mean_300.0_v3" 201 - "PUT http://172.18.0.2:8080/d1/448/AUTH_4c69ec2c9fbd43d18b3423fd1c2c1a6b/gnocchi.d8e58300-0139-482d-a207-556640c3d39b/1769040000.0_mean_300.0_v3" "tx189cdeee1ed149b4a11a6-00697b1147" "object-server 22" 0.0008 "-" 20 0
Jan 29 07:50:31 standalone object-server[127634]: 172.20.0.100 - - [29/Jan/2026:07:50:31 +0000] "PUT /d1/448/AUTH_4c69ec2c9fbd43d18b3423fd1c2c1a6b/gnocchi.d8e58300-0139-482d-a207-556640c3d39b/1769040000.0_mean_300.0_v3" 201 - "PUT http://172.18.0.2:8080/v1/AUTH_4c69ec2c9fbd43d18b3423fd1c2c1a6b/gnocchi.d8e58300-0139-482d-a207-556640c3d39b/1769040000.0_mean_300.0_v3" "tx189cdeee1ed149b4a11a6-00697b1147" "proxy-server 20" 0.0128 "-" 22 0
Jan 29 07:50:31 standalone proxy-server[129441]: 172.18.0.2 172.18.0.100 29/Jan/2026/07/50/31 PUT /v1/AUTH_4c69ec2c9fbd43d18b3423fd1c2c1a6b/gnocchi.d8e58300-0139-482d-a207-556640c3d39b/1769040000.0_mean_300.0_v3 HTTP/1.0 201 - python-swiftclient-3.11.1 gAAAAABpexEBDc6x... 16 - - tx189cdeee1ed149b4a11a6-00697b1147 - 0.0200 - - 1769673031.184399128 1769673031.204437494 0
Jan 29 07:50:31 standalone container-server[127507]: 172.20.0.100 - - [29/Jan/2026:07:50:31 +0000] "PUT /d1/758/AUTH_4c69ec2c9fbd43d18b3423fd1c2c1a6b/gnocchi.d8e58300-0139-482d-a207-556640c3d39b/none_v3" 201 - "PUT http://172.18.0.2:8080/d1/130/AUTH_4c69ec2c9fbd43d18b3423fd1c2c1a6b/gnocchi.d8e58300-0139-482d-a207-556640c3d39b/none_v3" "tx3c3b25989c5645dd96808-00697b1147" "object-server 22" 0.0008 "-" 22 0
Jan 29 07:50:31 standalone object-server[127634]: 172.20.0.100 - - [29/Jan/2026:07:50:31 +0000] "PUT /d1/130/AUTH_4c69ec2c9fbd43d18b3423fd1c2c1a6b/gnocchi.d8e58300-0139-482d-a207-556640c3d39b/none_v3" 201 - "PUT http://172.18.0.2:8080/v1/AUTH_4c69ec2c9fbd43d18b3423fd1c2c1a6b/gnocchi.d8e58300-0139-482d-a207-556640c3d39b/none_v3" "tx3c3b25989c5645dd96808-00697b1147" "proxy-server 20" 0.0151 "-" 22 0
Jan 29 07:50:31 standalone proxy-server[129441]: 172.18.0.2 172.18.0.100 29/Jan/2026/07/50/31 PUT /v1/AUTH_4c69ec2c9fbd43d18b3423fd1c2c1a6b/gnocchi.d8e58300-0139-482d-a207-556640c3d39b/none_v3 HTTP/1.0 201 - python-swiftclient-3.11.1 gAAAAABpexEBDc6x... 22 - - tx3c3b25989c5645dd96808-00697b1147 - 0.0215 - - 1769673031.207445621 1769673031.228938103 0
Jan 29 07:50:31 standalone container-server[127492]: 172.20.0.100 - - [29/Jan/2026:07:50:31 +0000] "HEAD /d1/796/AUTH_4c69ec2c9fbd43d18b3423fd1c2c1a6b/gnocchi.4e1ce841-a0ff-4200-b0e4-81174c4d87c8" 404 - "HEAD http://172.18.0.2:8080/v1/AUTH_4c69ec2c9fbd43d18b3423fd1c2c1a6b/gnocchi.4e1ce841-a0ff-4200-b0e4-81174c4d87c8?format=json&states=listing" "tx91721c2adb3a4ff7a00d9-00697b1147" "proxy-server 20" 0.0003 "-" 20 0
Jan 29 07:50:31 standalone object-server[127634]: 172.20.0.100 - - [29/Jan/2026:07:50:31 +0000] "GET /d1/544/AUTH_4c69ec2c9fbd43d18b3423fd1c2c1a6b/gnocchi.4e1ce841-a0ff-4200-b0e4-81174c4d87c8/none_v3" 404 70 "GET http://172.18.0.2:8080/v1/AUTH_4c69ec2c9fbd43d18b3423fd1c2c1a6b/gnocchi.4e1ce841-a0ff-4200-b0e4-81174c4d87c8/none_v3" "tx91721c2adb3a4ff7a00d9-00697b1147" "proxy-server 20" 0.0008 "-" 22 0
Jan 29 07:50:31 standalone proxy-server[129441]: 172.18.0.2 172.18.0.100 29/Jan/2026/07/50/31 GET /v1/AUTH_4c69ec2c9fbd43d18b3423fd1c2c1a6b/gnocchi.4e1ce841-a0ff-4200-b0e4-81174c4d87c8/none_v3 HTTP/1.0 404 - python-swiftclient-3.11.1 gAAAAABpexEBDc6x... - 70 - tx91721c2adb3a4ff7a00d9-00697b1147 - 0.0135 - - 1769673031.241645336 1769673031.255156040 0
Jan 29 07:50:31 standalone account-server[127356]: 172.20.0.100 - - [29/Jan/2026:07:50:31 +0000] "PUT /d1/672/AUTH_4c69ec2c9fbd43d18b3423fd1c2c1a6b/gnocchi.4e1ce841-a0ff-4200-b0e4-81174c4d87c8" 201 - "PUT http://172.20.0.100:6001/d1/796/AUTH_4c69ec2c9fbd43d18b3423fd1c2c1a6b/gnocchi.4e1ce841-a0ff-4200-b0e4-81174c4d87c8" "txf3902ea189f249c292d27-00697b1147" "container-server 21" 0.0053 "-" 20 0
Jan 29 07:50:31 standalone container-server[127497]: 172.20.0.100 - - [29/Jan/2026:07:50:31 +0000] "PUT /d1/796/AUTH_4c69ec2c9fbd43d18b3423fd1c2c1a6b/gnocchi.4e1ce841-a0ff-4200-b0e4-81174c4d87c8" 201 - "PUT http://172.18.0.2:8080/v1/AUTH_4c69ec2c9fbd43d18b3423fd1c2c1a6b/gnocchi.4e1ce841-a0ff-4200-b0e4-81174c4d87c8" "txf3902ea189f249c292d27-00697b1147" "proxy-server 20" 0.0174 "-" 21 0
Jan 29 07:50:31 standalone proxy-server[129441]: 172.18.0.2 172.18.0.100 29/Jan/2026/07/50/31 PUT /v1/AUTH_4c69ec2c9fbd43d18b3423fd1c2c1a6b/gnocchi.4e1ce841-a0ff-4200-b0e4-81174c4d87c8 HTTP/1.0 201 - python-swiftclient-3.11.1 gAAAAABpexEBDc6x... - - - txf3902ea189f249c292d27-00697b1147 - 0.0224 - - 1769673031.258361340 1769673031.280802727 0
Jan 29 07:50:31 standalone container-server[127509]: 172.20.0.100 - - [29/Jan/2026:07:50:31 +0000] "HEAD /d1/796/AUTH_4c69ec2c9fbd43d18b3423fd1c2c1a6b/gnocchi.4e1ce841-a0ff-4200-b0e4-81174c4d87c8" 204 - "HEAD http://172.18.0.2:8080/v1/AUTH_4c69ec2c9fbd43d18b3423fd1c2c1a6b/gnocchi.4e1ce841-a0ff-4200-b0e4-81174c4d87c8?format=json&states=listing" "tx612488e01940409ebead4-00697b1147" "proxy-server 20" 0.0020 "-" 23 0
Jan 29 07:50:31 standalone proxy-server[129441]: - - 29/Jan/2026/07/50/31 HEAD /v1/AUTH_4c69ec2c9fbd43d18b3423fd1c2c1a6b/gnocchi.4e1ce841-a0ff-4200-b0e4-81174c4d87c8%3Fformat%3Djson%26states%3Dlisting HTTP/1.0 204 - Swift - - - - tx612488e01940409ebead4-00697b1147 - 0.0068 RL - 1769673031.284770966 1769673031.291618824 0
Jan 29 07:50:31 standalone container-server[127509]: 172.20.0.100 - - [29/Jan/2026:07:50:31 +0000] "GET /d1/796/AUTH_4c69ec2c9fbd43d18b3423fd1c2c1a6b/gnocchi.4e1ce841-a0ff-4200-b0e4-81174c4d87c8" 200 2 "GET http://172.18.0.2:8080/v1/AUTH_4c69ec2c9fbd43d18b3423fd1c2c1a6b/gnocchi.4e1ce841-a0ff-4200-b0e4-81174c4d87c8?format=json&states=listing" "tx612488e01940409ebead4-00697b1147" "proxy-server 20" 0.0020 "-" 23 0
Jan 29 07:50:31 standalone proxy-server[129441]: 172.18.0.2 172.18.0.100 29/Jan/2026/07/50/31 GET /v1/AUTH_4c69ec2c9fbd43d18b3423fd1c2c1a6b/gnocchi.4e1ce841-a0ff-4200-b0e4-81174c4d87c8%3Fformat%3Djson%26states%3Dlisting HTTP/1.0 200 - python-swiftclient-3.11.1 gAAAAABpexEBDc6x... - 2 - tx612488e01940409ebead4-00697b1147 - 0.0197 - - 1769673031.283689499 1769673031.303378105 0
Jan 29 07:50:31 standalone object-server[127637]: 172.20.0.100 - - [29/Jan/2026:07:50:31 +0000] "GET /d1/519/AUTH_4c69ec2c9fbd43d18b3423fd1c2c1a6b/gnocchi.4e1ce841-a0ff-4200-b0e4-81174c4d87c8/1769040000.0_mean_300.0_v3" 404 70 "GET http://172.18.0.2:8080/v1/AUTH_4c69ec2c9fbd43d18b3423fd1c2c1a6b/gnocchi.4e1ce841-a0ff-4200-b0e4-81174c4d87c8/1769040000.0_mean_300.0_v3" "txfea9ebdf84a14f828261b-00697b1147" "proxy-server 20" 0.0007 "-" 25 0
Jan 29 07:50:31 standalone proxy-server[129441]: 172.18.0.2 172.18.0.100 29/Jan/2026/07/50/31 GET /v1/AUTH_4c69ec2c9fbd43d18b3423fd1c2c1a6b/gnocchi.4e1ce841-a0ff-4200-b0e4-81174c4d87c8/1769040000.0_mean_300.0_v3 HTTP/1.0 404 - python-swiftclient-3.11.1 gAAAAABpexEBDc6x... - 70 - txfea9ebdf84a14f828261b-00697b1147 - 0.0102 - - 1769673031.307378531 1769673031.317558050 0
Jan 29 07:50:31 standalone container-server[127509]: 172.20.0.100 - - [29/Jan/2026:07:50:31 +0000] "PUT /d1/796/AUTH_4c69ec2c9fbd43d18b3423fd1c2c1a6b/gnocchi.4e1ce841-a0ff-4200-b0e4-81174c4d87c8/1769040000.0_mean_300.0_v3" 201 - "PUT http://172.18.0.2:8080/d1/519/AUTH_4c69ec2c9fbd43d18b3423fd1c2c1a6b/gnocchi.4e1ce841-a0ff-4200-b0e4-81174c4d87c8/1769040000.0_mean_300.0_v3" "tx48512e45ec49407bb488f-00697b1147" "object-server 24" 0.0007 "-" 23 0
Jan 29 07:50:31 standalone object-server[127636]: 172.20.0.100 - - [29/Jan/2026:07:50:31 +0000] "PUT /d1/519/AUTH_4c69ec2c9fbd43d18b3423fd1c2c1a6b/gnocchi.4e1ce841-a0ff-4200-b0e4-81174c4d87c8/1769040000.0_mean_300.0_v3" 201 - "PUT http://172.18.0.2:8080/v1/AUTH_4c69ec2c9fbd43d18b3423fd1c2c1a6b/gnocchi.4e1ce841-a0ff-4200-b0e4-81174c4d87c8/1769040000.0_mean_300.0_v3" "tx48512e45ec49407bb488f-00697b1147" "proxy-server 20" 0.0187 "-" 24 0
Jan 29 07:50:31 standalone proxy-server[129441]: 172.18.0.2 172.18.0.100 29/Jan/2026/07/50/31 PUT /v1/AUTH_4c69ec2c9fbd43d18b3423fd1c2c1a6b/gnocchi.4e1ce841-a0ff-4200-b0e4-81174c4d87c8/1769040000.0_mean_300.0_v3 HTTP/1.0 201 - python-swiftclient-3.11.1 gAAAAABpexEBDc6x... 16 - - tx48512e45ec49407bb488f-00697b1147 - 0.0273 - - 1769673031.325325251 1769673031.352638721 0
Jan 29 07:50:31 standalone container-server[127497]: 172.20.0.100 - - [29/Jan/2026:07:50:31 +0000] "PUT /d1/796/AUTH_4c69ec2c9fbd43d18b3423fd1c2c1a6b/gnocchi.4e1ce841-a0ff-4200-b0e4-81174c4d87c8/none_v3" 201 - "PUT http://172.18.0.2:8080/d1/544/AUTH_4c69ec2c9fbd43d18b3423fd1c2c1a6b/gnocchi.4e1ce841-a0ff-4200-b0e4-81174c4d87c8/none_v3" "tx923f325a990a421cb8872-00697b1147" "object-server 25" 0.0006 "-" 21 0
Jan 29 07:50:31 standalone object-server[127637]: 172.20.0.100 - - [29/Jan/2026:07:50:31 +0000] "PUT /d1/544/AUTH_4c69ec2c9fbd43d18b3423fd1c2c1a6b/gnocchi.4e1ce841-a0ff-4200-b0e4-81174c4d87c8/none_v3" 201 - "PUT http://172.18.0.2:8080/v1/AUTH_4c69ec2c9fbd43d18b3423fd1c2c1a6b/gnocchi.4e1ce841-a0ff-4200-b0e4-81174c4d87c8/none_v3" "tx923f325a990a421cb8872-00697b1147" "proxy-server 20" 0.0134 "-" 25 0
Jan 29 07:50:31 standalone proxy-server[129441]: 172.18.0.2 172.18.0.100 29/Jan/2026/07/50/31 PUT /v1/AUTH_4c69ec2c9fbd43d18b3423fd1c2c1a6b/gnocchi.4e1ce841-a0ff-4200-b0e4-81174c4d87c8/none_v3 HTTP/1.0 201 - python-swiftclient-3.11.1 gAAAAABpexEBDc6x... 22 - - tx923f325a990a421cb8872-00697b1147 - 0.0237 - - 1769673031.356536150 1769673031.380262375 0
Jan 29 07:50:31 standalone container-server[127509]: 172.20.0.100 - - [29/Jan/2026:07:50:31 +0000] "HEAD /d1/375/AUTH_4c69ec2c9fbd43d18b3423fd1c2c1a6b/gnocchi.d0d4df3f-5f91-40a5-967d-92c1476cbac6" 404 - "HEAD http://172.18.0.2:8080/v1/AUTH_4c69ec2c9fbd43d18b3423fd1c2c1a6b/gnocchi.d0d4df3f-5f91-40a5-967d-92c1476cbac6?format=json&states=listing" "txef6a9ba76be34b5d91c5a-00697b1147" "proxy-server 20" 0.0012 "-" 23 0
Jan 29 07:50:31 standalone object-server[127636]: 172.20.0.100 - - [29/Jan/2026:07:50:31 +0000] "GET /d1/163/AUTH_4c69ec2c9fbd43d18b3423fd1c2c1a6b/gnocchi.d0d4df3f-5f91-40a5-967d-92c1476cbac6/none_v3" 404 70 "GET http://172.18.0.2:8080/v1/AUTH_4c69ec2c9fbd43d18b3423fd1c2c1a6b/gnocchi.d0d4df3f-5f91-40a5-967d-92c1476cbac6/none_v3" "txef6a9ba76be34b5d91c5a-00697b1147" "proxy-server 20" 0.0005 "-" 24 0
Jan 29 07:50:31 standalone proxy-server[129441]: 172.18.0.2 172.18.0.100 29/Jan/2026/07/50/31 GET /v1/AUTH_4c69ec2c9fbd43d18b3423fd1c2c1a6b/gnocchi.d0d4df3f-5f91-40a5-967d-92c1476cbac6/none_v3 HTTP/1.0 404 - python-swiftclient-3.11.1 gAAAAABpexEBDc6x... - 70 - txef6a9ba76be34b5d91c5a-00697b1147 - 0.0183 - - 1769673031.397580147 1769673031.415856123 0
Jan 29 07:50:31 standalone account-server[127305]: 172.20.0.100 - - [29/Jan/2026:07:50:31 +0000] "PUT /d1/672/AUTH_4c69ec2c9fbd43d18b3423fd1c2c1a6b/gnocchi.d0d4df3f-5f91-40a5-967d-92c1476cbac6" 201 - "PUT http://172.20.0.100:6001/d1/375/AUTH_4c69ec2c9fbd43d18b3423fd1c2c1a6b/gnocchi.d0d4df3f-5f91-40a5-967d-92c1476cbac6" "tx231b9c8af02a482a9ca17-00697b1147" "container-server 23" 0.0073 "-" 17 0
Jan 29 07:50:31 standalone container-server[127509]: 172.20.0.100 - - [29/Jan/2026:07:50:31 +0000] "PUT /d1/375/AUTH_4c69ec2c9fbd43d18b3423fd1c2c1a6b/gnocchi.d0d4df3f-5f91-40a5-967d-92c1476cbac6" 201 - "PUT http://172.18.0.2:8080/v1/AUTH_4c69ec2c9fbd43d18b3423fd1c2c1a6b/gnocchi.d0d4df3f-5f91-40a5-967d-92c1476cbac6" "tx231b9c8af02a482a9ca17-00697b1147" "proxy-server 20" 0.0214 "-" 23 0
Jan 29 07:50:31 standalone proxy-server[129441]: 172.18.0.2 172.18.0.100 29/Jan/2026/07/50/31 PUT /v1/AUTH_4c69ec2c9fbd43d18b3423fd1c2c1a6b/gnocchi.d0d4df3f-5f91-40a5-967d-92c1476cbac6 HTTP/1.0 201 - python-swiftclient-3.11.1 gAAAAABpexEBDc6x... - - - tx231b9c8af02a482a9ca17-00697b1147 - 0.0287 - - 1769673031.419904947 1769673031.448637247 0
Jan 29 07:50:31 standalone container-server[127492]: 172.20.0.100 - - [29/Jan/2026:07:50:31 +0000] "HEAD /d1/375/AUTH_4c69ec2c9fbd43d18b3423fd1c2c1a6b/gnocchi.d0d4df3f-5f91-40a5-967d-92c1476cbac6" 204 - "HEAD http://172.18.0.2:8080/v1/AUTH_4c69ec2c9fbd43d18b3423fd1c2c1a6b/gnocchi.d0d4df3f-5f91-40a5-967d-92c1476cbac6?format=json&states=listing" "tx4aef8762361a43709a2dd-00697b1147" "proxy-server 20" 0.0015 "-" 20 0
Jan 29 07:50:31 standalone proxy-server[129441]: - - 29/Jan/2026/07/50/31 HEAD /v1/AUTH_4c69ec2c9fbd43d18b3423fd1c2c1a6b/gnocchi.d0d4df3f-5f91-40a5-967d-92c1476cbac6%3Fformat%3Djson%26states%3Dlisting HTTP/1.0 204 - Swift - - - - tx4aef8762361a43709a2dd-00697b1147 - 0.0055 RL - 1769673031.454049349 1769673031.459504843 0
Jan 29 07:50:31 standalone container-server[127509]: 172.20.0.100 - - [29/Jan/2026:07:50:31 +0000] "GET /d1/375/AUTH_4c69ec2c9fbd43d18b3423fd1c2c1a6b/gnocchi.d0d4df3f-5f91-40a5-967d-92c1476cbac6" 200 2 "GET http://172.18.0.2:8080/v1/AUTH_4c69ec2c9fbd43d18b3423fd1c2c1a6b/gnocchi.d0d4df3f-5f91-40a5-967d-92c1476cbac6?format=json&states=listing" "tx4aef8762361a43709a2dd-00697b1147" "proxy-server 20" 0.0025 "-" 23 0
Jan 29 07:50:31 standalone proxy-server[129441]: 172.18.0.2 172.18.0.100 29/Jan/2026/07/50/31 GET /v1/AUTH_4c69ec2c9fbd43d18b3423fd1c2c1a6b/gnocchi.d0d4df3f-5f91-40a5-967d-92c1476cbac6%3Fformat%3Djson%26states%3Dlisting HTTP/1.0 200 - python-swiftclient-3.11.1 gAAAAABpexEBDc6x... - 2 - tx4aef8762361a43709a2dd-00697b1147 - 0.0175 - - 1769673031.452842236 1769673031.470368147 0
Jan 29 07:50:31 standalone object-server[127634]: 172.20.0.100 - - [29/Jan/2026:07:50:31 +0000] "GET /d1/243/AUTH_4c69ec2c9fbd43d18b3423fd1c2c1a6b/gnocchi.d0d4df3f-5f91-40a5-967d-92c1476cbac6/1769040000.0_mean_300.0_v3" 404 70 "GET http://172.18.0.2:8080/v1/AUTH_4c69ec2c9fbd43d18b3423fd1c2c1a6b/gnocchi.d0d4df3f-5f91-40a5-967d-92c1476cbac6/1769040000.0_mean_300.0_v3" "tx1b86624c467742cdb78a2-00697b1147" "proxy-server 20" 0.0005 "-" 22 0
Jan 29 07:50:31 standalone proxy-server[129441]: 172.18.0.2 172.18.0.100 29/Jan/2026/07/50/31 GET /v1/AUTH_4c69ec2c9fbd43d18b3423fd1c2c1a6b/gnocchi.d0d4df3f-5f91-40a5-967d-92c1476cbac6/1769040000.0_mean_300.0_v3 HTTP/1.0 404 - python-swiftclient-3.11.1 gAAAAABpexEBDc6x... - 70 - tx1b86624c467742cdb78a2-00697b1147 - 0.0075 - - 1769673031.474913836 1769673031.482434034 0
Jan 29 07:50:31 standalone container-server[127492]: 172.20.0.100 - - [29/Jan/2026:07:50:31 +0000] "PUT /d1/375/AUTH_4c69ec2c9fbd43d18b3423fd1c2c1a6b/gnocchi.d0d4df3f-5f91-40a5-967d-92c1476cbac6/1769040000.0_mean_300.0_v3" 201 - "PUT http://172.18.0.2:8080/d1/243/AUTH_4c69ec2c9fbd43d18b3423fd1c2c1a6b/gnocchi.d0d4df3f-5f91-40a5-967d-92c1476cbac6/1769040000.0_mean_300.0_v3" "tx7e9e1674060a4509ab4fa-00697b1147" "object-server 22" 0.0030 "-" 20 0
Jan 29 07:50:31 standalone object-server[127634]: 172.20.0.100 - - [29/Jan/2026:07:50:31 +0000] "PUT /d1/243/AUTH_4c69ec2c9fbd43d18b3423fd1c2c1a6b/gnocchi.d0d4df3f-5f91-40a5-967d-92c1476cbac6/1769040000.0_mean_300.0_v3" 201 - "PUT http://172.18.0.2:8080/v1/AUTH_4c69ec2c9fbd43d18b3423fd1c2c1a6b/gnocchi.d0d4df3f-5f91-40a5-967d-92c1476cbac6/1769040000.0_mean_300.0_v3" "tx7e9e1674060a4509ab4fa-00697b1147" "proxy-server 20" 0.0139 "-" 22 0
Jan 29 07:50:31 standalone proxy-server[129441]: 172.18.0.2 172.18.0.100 29/Jan/2026/07/50/31 PUT /v1/AUTH_4c69ec2c9fbd43d18b3423fd1c2c1a6b/gnocchi.d0d4df3f-5f91-40a5-967d-92c1476cbac6/1769040000.0_mean_300.0_v3 HTTP/1.0 201 - python-swiftclient-3.11.1 gAAAAABpexEBDc6x... 16 - - tx7e9e1674060a4509ab4fa-00697b1147 - 0.0202 - - 1769673031.486301899 1769673031.506476879 0
Jan 29 07:50:31 standalone container-server[127492]: 172.20.0.100 - - [29/Jan/2026:07:50:31 +0000] "PUT /d1/375/AUTH_4c69ec2c9fbd43d18b3423fd1c2c1a6b/gnocchi.d0d4df3f-5f91-40a5-967d-92c1476cbac6/none_v3" 201 - "PUT http://172.18.0.2:8080/d1/163/AUTH_4c69ec2c9fbd43d18b3423fd1c2c1a6b/gnocchi.d0d4df3f-5f91-40a5-967d-92c1476cbac6/none_v3" "tx2e2ba2ceb1c04523b6be4-00697b1147" "object-server 22" 0.0014 "-" 20 0
Jan 29 07:50:31 standalone object-server[127634]: 172.20.0.100 - - [29/Jan/2026:07:50:31 +0000] "PUT /d1/163/AUTH_4c69ec2c9fbd43d18b3423fd1c2c1a6b/gnocchi.d0d4df3f-5f91-40a5-967d-92c1476cbac6/none_v3" 201 - "PUT http://172.18.0.2:8080/v1/AUTH_4c69ec2c9fbd43d18b3423fd1c2c1a6b/gnocchi.d0d4df3f-5f91-40a5-967d-92c1476cbac6/none_v3" "tx2e2ba2ceb1c04523b6be4-00697b1147" "proxy-server 20" 0.0186 "-" 22 0
Jan 29 07:50:31 standalone proxy-server[129441]: 172.18.0.2 172.18.0.100 29/Jan/2026/07/50/31 PUT /v1/AUTH_4c69ec2c9fbd43d18b3423fd1c2c1a6b/gnocchi.d0d4df3f-5f91-40a5-967d-92c1476cbac6/none_v3 HTTP/1.0 201 - python-swiftclient-3.11.1 gAAAAABpexEBDc6x... 22 - - tx2e2ba2ceb1c04523b6be4-00697b1147 - 0.0264 - - 1769673031.509783983 1769673031.536233425 0
Jan 29 07:51:02 standalone container-server[127492]: 172.20.0.100 - - [29/Jan/2026:07:51:02 +0000] "HEAD /d1/664/AUTH_4c69ec2c9fbd43d18b3423fd1c2c1a6b/gnocchi.c5ce700f-4f27-4107-890b-15e7eff980ac" 404 - "HEAD http://172.18.0.2:8080/v1/AUTH_4c69ec2c9fbd43d18b3423fd1c2c1a6b/gnocchi.c5ce700f-4f27-4107-890b-15e7eff980ac?format=json&states=listing" "tx75f20de791364c50b7cf2-00697b1166" "proxy-server 20" 0.0008 "-" 20 0
Jan 29 07:51:02 standalone object-server[127635]: 172.20.0.100 - - [29/Jan/2026:07:51:02 +0000] "GET /d1/55/AUTH_4c69ec2c9fbd43d18b3423fd1c2c1a6b/gnocchi.c5ce700f-4f27-4107-890b-15e7eff980ac/none_v3" 404 70 "GET http://172.18.0.2:8080/v1/AUTH_4c69ec2c9fbd43d18b3423fd1c2c1a6b/gnocchi.c5ce700f-4f27-4107-890b-15e7eff980ac/none_v3" "tx75f20de791364c50b7cf2-00697b1166" "proxy-server 20" 0.0006 "-" 23 0
Jan 29 07:51:02 standalone proxy-server[129441]: 172.18.0.2 172.18.0.100 29/Jan/2026/07/51/02 GET /v1/AUTH_4c69ec2c9fbd43d18b3423fd1c2c1a6b/gnocchi.c5ce700f-4f27-4107-890b-15e7eff980ac/none_v3 HTTP/1.0 404 - python-swiftclient-3.11.1 gAAAAABpexEBDc6x... - 70 - tx75f20de791364c50b7cf2-00697b1166 - 0.0147 - - 1769673062.328573465 1769673062.343249321 0
Jan 29 07:51:02 standalone account-server[127346]: 172.20.0.100 - - [29/Jan/2026:07:51:02 +0000] "PUT /d1/672/AUTH_4c69ec2c9fbd43d18b3423fd1c2c1a6b/gnocchi.c5ce700f-4f27-4107-890b-15e7eff980ac" 201 - "PUT http://172.20.0.100:6001/d1/664/AUTH_4c69ec2c9fbd43d18b3423fd1c2c1a6b/gnocchi.c5ce700f-4f27-4107-890b-15e7eff980ac" "tx5b5df908a99243d78fa03-00697b1166" "container-server 21" 0.0095 "-" 19 0
Jan 29 07:51:02 standalone container-server[127497]: 172.20.0.100 - - [29/Jan/2026:07:51:02 +0000] "PUT /d1/664/AUTH_4c69ec2c9fbd43d18b3423fd1c2c1a6b/gnocchi.c5ce700f-4f27-4107-890b-15e7eff980ac" 201 - "PUT http://172.18.0.2:8080/v1/AUTH_4c69ec2c9fbd43d18b3423fd1c2c1a6b/gnocchi.c5ce700f-4f27-4107-890b-15e7eff980ac" "tx5b5df908a99243d78fa03-00697b1166" "proxy-server 20" 0.0277 "-" 21 0
Jan 29 07:51:02 standalone proxy-server[129441]: 172.18.0.2 172.18.0.100 29/Jan/2026/07/51/02 PUT /v1/AUTH_4c69ec2c9fbd43d18b3423fd1c2c1a6b/gnocchi.c5ce700f-4f27-4107-890b-15e7eff980ac HTTP/1.0 201 - python-swiftclient-3.11.1 gAAAAABpexEBDc6x... - - - tx5b5df908a99243d78fa03-00697b1166 - 0.0355 - - 1769673062.348512173 1769673062.383969307 0
Jan 29 07:51:02 standalone container-server[127509]: 172.20.0.100 - - [29/Jan/2026:07:51:02 +0000] "HEAD /d1/664/AUTH_4c69ec2c9fbd43d18b3423fd1c2c1a6b/gnocchi.c5ce700f-4f27-4107-890b-15e7eff980ac" 204 - "HEAD http://172.18.0.2:8080/v1/AUTH_4c69ec2c9fbd43d18b3423fd1c2c1a6b/gnocchi.c5ce700f-4f27-4107-890b-15e7eff980ac?format=json&states=listing" "tx9ba5e432e9974dda83c5f-00697b1166" "proxy-server 20" 0.0025 "-" 23 0
Jan 29 07:51:02 standalone proxy-server[129441]: - - 29/Jan/2026/07/51/02 HEAD /v1/AUTH_4c69ec2c9fbd43d18b3423fd1c2c1a6b/gnocchi.c5ce700f-4f27-4107-890b-15e7eff980ac%3Fformat%3Djson%26states%3Dlisting HTTP/1.0 204 - Swift - - - - tx9ba5e432e9974dda83c5f-00697b1166 - 0.0075 RL - 1769673062.391648769 1769673062.399198532 0
Jan 29 07:51:02 standalone container-server[127509]: 172.20.0.100 - - [29/Jan/2026:07:51:02 +0000] "GET /d1/664/AUTH_4c69ec2c9fbd43d18b3423fd1c2c1a6b/gnocchi.c5ce700f-4f27-4107-890b-15e7eff980ac" 200 2 "GET http://172.18.0.2:8080/v1/AUTH_4c69ec2c9fbd43d18b3423fd1c2c1a6b/gnocchi.c5ce700f-4f27-4107-890b-15e7eff980ac?format=json&states=listing" "tx9ba5e432e9974dda83c5f-00697b1166" "proxy-server 20" 0.0038 "-" 23 0
Jan 29 07:51:02 standalone proxy-server[129441]: 172.18.0.2 172.18.0.100 29/Jan/2026/07/51/02 GET /v1/AUTH_4c69ec2c9fbd43d18b3423fd1c2c1a6b/gnocchi.c5ce700f-4f27-4107-890b-15e7eff980ac%3Fformat%3Djson%26states%3Dlisting HTTP/1.0 200 - python-swiftclient-3.11.1 gAAAAABpexEBDc6x... - 2 - tx9ba5e432e9974dda83c5f-00697b1166 - 0.0217 - - 1769673062.389852524 1769673062.411519527 0
Jan 29 07:51:02 standalone object-server[127637]: 172.20.0.100 - - [29/Jan/2026:07:51:02 +0000] "GET /d1/1007/AUTH_4c69ec2c9fbd43d18b3423fd1c2c1a6b/gnocchi.c5ce700f-4f27-4107-890b-15e7eff980ac/1769040000.0_mean_300.0_v3" 404 70 "GET http://172.18.0.2:8080/v1/AUTH_4c69ec2c9fbd43d18b3423fd1c2c1a6b/gnocchi.c5ce700f-4f27-4107-890b-15e7eff980ac/1769040000.0_mean_300.0_v3" "tx3f7d116ff54c4e9080af6-00697b1166" "proxy-server 20" 0.0004 "-" 25 0
Jan 29 07:51:02 standalone proxy-server[129441]: 172.18.0.2 172.18.0.100 29/Jan/2026/07/51/02 GET /v1/AUTH_4c69ec2c9fbd43d18b3423fd1c2c1a6b/gnocchi.c5ce700f-4f27-4107-890b-15e7eff980ac/1769040000.0_mean_300.0_v3 HTTP/1.0 404 - python-swiftclient-3.11.1 gAAAAABpexEBDc6x... - 70 - tx3f7d116ff54c4e9080af6-00697b1166 - 0.0077 - - 1769673062.418101311 1769673062.425759315 0
Jan 29 07:51:02 standalone container-server[127509]: 172.20.0.100 - - [29/Jan/2026:07:51:02 +0000] "PUT /d1/664/AUTH_4c69ec2c9fbd43d18b3423fd1c2c1a6b/gnocchi.c5ce700f-4f27-4107-890b-15e7eff980ac/1769040000.0_mean_300.0_v3" 201 - "PUT http://172.18.0.2:8080/d1/1007/AUTH_4c69ec2c9fbd43d18b3423fd1c2c1a6b/gnocchi.c5ce700f-4f27-4107-890b-15e7eff980ac/1769040000.0_mean_300.0_v3" "tx4f47cb2b00e94349a928c-00697b1166" "object-server 25" 0.0010 "-" 23 0
Jan 29 07:51:02 standalone object-server[127637]: 172.20.0.100 - - [29/Jan/2026:07:51:02 +0000] "PUT /d1/1007/AUTH_4c69ec2c9fbd43d18b3423fd1c2c1a6b/gnocchi.c5ce700f-4f27-4107-890b-15e7eff980ac/1769040000.0_mean_300.0_v3" 201 - "PUT http://172.18.0.2:8080/v1/AUTH_4c69ec2c9fbd43d18b3423fd1c2c1a6b/gnocchi.c5ce700f-4f27-4107-890b-15e7eff980ac/1769040000.0_mean_300.0_v3" "tx4f47cb2b00e94349a928c-00697b1166" "proxy-server 20" 0.0113 "-" 25 0
Jan 29 07:51:02 standalone proxy-server[129441]: 172.18.0.2 172.18.0.100 29/Jan/2026/07/51/02 PUT /v1/AUTH_4c69ec2c9fbd43d18b3423fd1c2c1a6b/gnocchi.c5ce700f-4f27-4107-890b-15e7eff980ac/1769040000.0_mean_300.0_v3 HTTP/1.0 201 - python-swiftclient-3.11.1 gAAAAABpexEBDc6x... 16 - - tx4f47cb2b00e94349a928c-00697b1166 - 0.0180 - - 1769673062.430453300 1769673062.448495626 0
Jan 29 07:51:02 standalone container-server[127492]: 172.20.0.100 - - [29/Jan/2026:07:51:02 +0000] "PUT /d1/664/AUTH_4c69ec2c9fbd43d18b3423fd1c2c1a6b/gnocchi.c5ce700f-4f27-4107-890b-15e7eff980ac/none_v3" 201 - "PUT http://172.18.0.2:8080/d1/55/AUTH_4c69ec2c9fbd43d18b3423fd1c2c1a6b/gnocchi.c5ce700f-4f27-4107-890b-15e7eff980ac/none_v3" "txcdaec6a64ab54cb185f89-00697b1166" "object-server 22" 0.0006 "-" 20 0
Jan 29 07:51:02 standalone object-server[127634]: 172.20.0.100 - - [29/Jan/2026:07:51:02 +0000] "PUT /d1/55/AUTH_4c69ec2c9fbd43d18b3423fd1c2c1a6b/gnocchi.c5ce700f-4f27-4107-890b-15e7eff980ac/none_v3" 201 - "PUT http://172.18.0.2:8080/v1/AUTH_4c69ec2c9fbd43d18b3423fd1c2c1a6b/gnocchi.c5ce700f-4f27-4107-890b-15e7eff980ac/none_v3" "txcdaec6a64ab54cb185f89-00697b1166" "proxy-server 20" 0.0128 "-" 22 0
Jan 29 07:51:02 standalone proxy-server[129441]: 172.18.0.2 172.18.0.100 29/Jan/2026/07/51/02 PUT /v1/AUTH_4c69ec2c9fbd43d18b3423fd1c2c1a6b/gnocchi.c5ce700f-4f27-4107-890b-15e7eff980ac/none_v3 HTTP/1.0 201 - python-swiftclient-3.11.1 gAAAAABpexEBDc6x... 22 - - txcdaec6a64ab54cb185f89-00697b1166 - 0.0221 - - 1769673062.453441143 1769673062.475523949 0
Jan 29 07:51:02 standalone object-server[127637]: 172.20.0.100 - - [29/Jan/2026:07:51:02 +0000] "GET /d1/403/AUTH_4c69ec2c9fbd43d18b3423fd1c2c1a6b/gnocchi.a1eee8e3-ae7a-46ca-a448-d62a21ddaed3/none_v3" 200 22 "GET http://172.18.0.2:8080/v1/AUTH_4c69ec2c9fbd43d18b3423fd1c2c1a6b/gnocchi.a1eee8e3-ae7a-46ca-a448-d62a21ddaed3/none_v3" "tx72140bee83d645389769d-00697b1166" "proxy-server 20" 0.0011 "-" 25 0
Jan 29 07:51:02 standalone proxy-server[129441]: 172.18.0.2 172.18.0.100 29/Jan/2026/07/51/02 GET /v1/AUTH_4c69ec2c9fbd43d18b3423fd1c2c1a6b/gnocchi.a1eee8e3-ae7a-46ca-a448-d62a21ddaed3/none_v3 HTTP/1.0 200 - python-swiftclient-3.11.1 gAAAAABpexEBDc6x... - 22 - tx72140bee83d645389769d-00697b1166 - 0.0106 - - 1769673062.590618372 1769673062.601175785 0
Jan 29 07:51:02 standalone container-server[127509]: 172.20.0.100 - - [29/Jan/2026:07:51:02 +0000] "GET /d1/759/AUTH_4c69ec2c9fbd43d18b3423fd1c2c1a6b/gnocchi.a1eee8e3-ae7a-46ca-a448-d62a21ddaed3" 200 357 "GET http://172.18.0.2:8080/v1/AUTH_4c69ec2c9fbd43d18b3423fd1c2c1a6b/gnocchi.a1eee8e3-ae7a-46ca-a448-d62a21ddaed3?format=json&states=listing" "tx0ee5498db37043f7a1e9d-00697b1166" "proxy-server 20" 0.0081 "-" 23 0
Jan 29 07:51:02 standalone proxy-server[129441]: 172.18.0.2 172.18.0.100 29/Jan/2026/07/51/02 GET /v1/AUTH_4c69ec2c9fbd43d18b3423fd1c2c1a6b/gnocchi.a1eee8e3-ae7a-46ca-a448-d62a21ddaed3%3Fformat%3Djson%26states%3Dlisting HTTP/1.0 200 - python-swiftclient-3.11.1 gAAAAABpexEBDc6x... - 357 - tx0ee5498db37043f7a1e9d-00697b1166 - 0.0171 - - 1769673062.606556654 1769673062.623649359 0
Jan 29 07:51:02 standalone container-server[127497]: 172.20.0.100 - - [29/Jan/2026:07:51:02 +0000] "GET /d1/759/AUTH_4c69ec2c9fbd43d18b3423fd1c2c1a6b/gnocchi.a1eee8e3-ae7a-46ca-a448-d62a21ddaed3" 200 2 "GET http://172.18.0.2:8080/v1/AUTH_4c69ec2c9fbd43d18b3423fd1c2c1a6b/gnocchi.a1eee8e3-ae7a-46ca-a448-d62a21ddaed3?format=json&marker=none_v3&states=listing" "tx95f597327f0a405388d45-00697b1166" "proxy-server 20" 0.0043 "-" 21 0
Jan 29 07:51:02 standalone proxy-server[129441]: 172.18.0.2 172.18.0.100 29/Jan/2026/07/51/02 GET /v1/AUTH_4c69ec2c9fbd43d18b3423fd1c2c1a6b/gnocchi.a1eee8e3-ae7a-46ca-a448-d62a21ddaed3%3Fformat%3Djson%26marker%3Dnone_v3%26states%3Dlisting HTTP/1.0 200 - python-swiftclient-3.11.1 gAAAAABpexEBDc6x... - 2 - tx95f597327f0a405388d45-00697b1166 - 0.0143 - - 1769673062.627449512 1769673062.641726017 0
Jan 29 07:51:02 standalone object-server[127637]: 172.20.0.100 - - [29/Jan/2026:07:51:02 +0000] "GET /d1/292/AUTH_4c69ec2c9fbd43d18b3423fd1c2c1a6b/gnocchi.a1eee8e3-ae7a-46ca-a448-d62a21ddaed3/1769040000.0_mean_300.0_v3" 200 16 "GET http://172.18.0.2:8080/v1/AUTH_4c69ec2c9fbd43d18b3423fd1c2c1a6b/gnocchi.a1eee8e3-ae7a-46ca-a448-d62a21ddaed3/1769040000.0_mean_300.0_v3" "txeeadbef939be49b7bd893-00697b1166" "proxy-server 20" 0.0014 "-" 25 0
Jan 29 07:51:02 standalone proxy-server[129441]: 172.18.0.2 172.18.0.100 29/Jan/2026/07/51/02 GET /v1/AUTH_4c69ec2c9fbd43d18b3423fd1c2c1a6b/gnocchi.a1eee8e3-ae7a-46ca-a448-d62a21ddaed3/1769040000.0_mean_300.0_v3 HTTP/1.0 200 - python-swiftclient-3.11.1 gAAAAABpexEBDc6x... - 16 - txeeadbef939be49b7bd893-00697b1166 - 0.0141 - - 1769673062.645783186 1769673062.659865856 0
Jan 29 07:51:02 standalone container-server[127507]: 172.20.0.100 - - [29/Jan/2026:07:51:02 +0000] "PUT /d1/759/AUTH_4c69ec2c9fbd43d18b3423fd1c2c1a6b/gnocchi.a1eee8e3-ae7a-46ca-a448-d62a21ddaed3/1769040000.0_mean_300.0_v3" 201 - "PUT http://172.18.0.2:8080/d1/292/AUTH_4c69ec2c9fbd43d18b3423fd1c2c1a6b/gnocchi.a1eee8e3-ae7a-46ca-a448-d62a21ddaed3/1769040000.0_mean_300.0_v3" "tx2e40811848284bd48abf9-00697b1166" "object-server 22" 0.0007 "-" 22 0
Jan 29 07:51:02 standalone object-server[127634]: 172.20.0.100 - - [29/Jan/2026:07:51:02 +0000] "PUT /d1/292/AUTH_4c69ec2c9fbd43d18b3423fd1c2c1a6b/gnocchi.a1eee8e3-ae7a-46ca-a448-d62a21ddaed3/1769040000.0_mean_300.0_v3" 201 - "PUT http://172.18.0.2:8080/v1/AUTH_4c69ec2c9fbd43d18b3423fd1c2c1a6b/gnocchi.a1eee8e3-ae7a-46ca-a448-d62a21ddaed3/1769040000.0_mean_300.0_v3" "tx2e40811848284bd48abf9-00697b1166" "proxy-server 20" 0.0131 "-" 22 0
Jan 29 07:51:02 standalone proxy-server[129441]: 172.18.0.2 172.18.0.100 29/Jan/2026/07/51/02 PUT /v1/AUTH_4c69ec2c9fbd43d18b3423fd1c2c1a6b/gnocchi.a1eee8e3-ae7a-46ca-a448-d62a21ddaed3/1769040000.0_mean_300.0_v3 HTTP/1.0 201 - python-swiftclient-3.11.1 gAAAAABpexEBDc6x... 16 - - tx2e40811848284bd48abf9-00697b1166 - 0.0238 - - 1769673062.664987564 1769673062.688832283 0
Jan 29 07:51:02 standalone container-server[127509]: 172.20.0.100 - - [29/Jan/2026:07:51:02 +0000] "PUT /d1/759/AUTH_4c69ec2c9fbd43d18b3423fd1c2c1a6b/gnocchi.a1eee8e3-ae7a-46ca-a448-d62a21ddaed3/none_v3" 201 - "PUT http://172.18.0.2:8080/d1/403/AUTH_4c69ec2c9fbd43d18b3423fd1c2c1a6b/gnocchi.a1eee8e3-ae7a-46ca-a448-d62a21ddaed3/none_v3" "tx90ebdd7cd4bb427a88a79-00697b1166" "object-server 23" 0.0007 "-" 23 0
Jan 29 07:51:02 standalone object-server[127635]: 172.20.0.100 - - [29/Jan/2026:07:51:02 +0000] "PUT /d1/403/AUTH_4c69ec2c9fbd43d18b3423fd1c2c1a6b/gnocchi.a1eee8e3-ae7a-46ca-a448-d62a21ddaed3/none_v3" 201 - "PUT http://172.18.0.2:8080/v1/AUTH_4c69ec2c9fbd43d18b3423fd1c2c1a6b/gnocchi.a1eee8e3-ae7a-46ca-a448-d62a21ddaed3/none_v3" "tx90ebdd7cd4bb427a88a79-00697b1166" "proxy-server 20" 0.0116 "-" 23 0
Jan 29 07:51:02 standalone proxy-server[129441]: 172.18.0.2 172.18.0.100 29/Jan/2026/07/51/02 PUT /v1/AUTH_4c69ec2c9fbd43d18b3423fd1c2c1a6b/gnocchi.a1eee8e3-ae7a-46ca-a448-d62a21ddaed3/none_v3 HTTP/1.0 201 - python-swiftclient-3.11.1 gAAAAABpexEBDc6x... 33 - - tx90ebdd7cd4bb427a88a79-00697b1166 - 0.0211 - - 1769673062.693861961 1769673062.714997292 0
Jan 29 07:51:02 standalone object-server[127636]: 172.20.0.100 - - [29/Jan/2026:07:51:02 +0000] "GET /d1/505/AUTH_4c69ec2c9fbd43d18b3423fd1c2c1a6b/gnocchi.f0eaacae-ddec-4393-accb-840c21114476/none_v3" 200 22 "GET http://172.18.0.2:8080/v1/AUTH_4c69ec2c9fbd43d18b3423fd1c2c1a6b/gnocchi.f0eaacae-ddec-4393-accb-840c21114476/none_v3" "tx8e226efb4aaf4aa2a6e74-00697b1166" "proxy-server 20" 0.0009 "-" 24 0
Jan 29 07:51:02 standalone proxy-server[129441]: 172.18.0.2 172.18.0.100 29/Jan/2026/07/51/02 GET /v1/AUTH_4c69ec2c9fbd43d18b3423fd1c2c1a6b/gnocchi.f0eaacae-ddec-4393-accb-840c21114476/none_v3 HTTP/1.0 200 - python-swiftclient-3.11.1 gAAAAABpexEBDc6x... - 22 - tx8e226efb4aaf4aa2a6e74-00697b1166 - 0.0104 - - 1769673062.728023767 1769673062.738450289 0
Jan 29 07:51:02 standalone container-server[127509]: 172.20.0.100 - - [29/Jan/2026:07:51:02 +0000] "GET /d1/427/AUTH_4c69ec2c9fbd43d18b3423fd1c2c1a6b/gnocchi.f0eaacae-ddec-4393-accb-840c21114476" 200 357 "GET http://172.18.0.2:8080/v1/AUTH_4c69ec2c9fbd43d18b3423fd1c2c1a6b/gnocchi.f0eaacae-ddec-4393-accb-840c21114476?format=json&states=listing" "txf54c966b989148f8953f0-00697b1166" "proxy-server 20" 0.0073 "-" 23 0
Jan 29 07:51:02 standalone proxy-server[129441]: 172.18.0.2 172.18.0.100 29/Jan/2026/07/51/02 GET /v1/AUTH_4c69ec2c9fbd43d18b3423fd1c2c1a6b/gnocchi.f0eaacae-ddec-4393-accb-840c21114476%3Fformat%3Djson%26states%3Dlisting HTTP/1.0 200 - python-swiftclient-3.11.1 gAAAAABpexEBDc6x... - 357 - txf54c966b989148f8953f0-00697b1166 - 0.0168 - - 1769673062.743608713 1769673062.760439396 0
Jan 29 07:51:02 standalone container-server[127509]: 172.20.0.100 - - [29/Jan/2026:07:51:02 +0000] "GET /d1/427/AUTH_4c69ec2c9fbd43d18b3423fd1c2c1a6b/gnocchi.f0eaacae-ddec-4393-accb-840c21114476" 200 2 "GET http://172.18.0.2:8080/v1/AUTH_4c69ec2c9fbd43d18b3423fd1c2c1a6b/gnocchi.f0eaacae-ddec-4393-accb-840c21114476?format=json&marker=none_v3&states=listing" "tx51091541438a417a84902-00697b1166" "proxy-server 20" 0.0032 "-" 23 0
Jan 29 07:51:02 standalone proxy-server[129441]: 172.18.0.2 172.18.0.100 29/Jan/2026/07/51/02 GET /v1/AUTH_4c69ec2c9fbd43d18b3423fd1c2c1a6b/gnocchi.f0eaacae-ddec-4393-accb-840c21114476%3Fformat%3Djson%26marker%3Dnone_v3%26states%3Dlisting HTTP/1.0 200 - python-swiftclient-3.11.1 gAAAAABpexEBDc6x... - 2 - tx51091541438a417a84902-00697b1166 - 0.0148 - - 1769673062.764559031 1769673062.779368162 0
Jan 29 07:51:02 standalone object-server[127634]: 172.20.0.100 - - [29/Jan/2026:07:51:02 +0000] "GET /d1/637/AUTH_4c69ec2c9fbd43d18b3423fd1c2c1a6b/gnocchi.f0eaacae-ddec-4393-accb-840c21114476/1769040000.0_mean_300.0_v3" 200 16 "GET http://172.18.0.2:8080/v1/AUTH_4c69ec2c9fbd43d18b3423fd1c2c1a6b/gnocchi.f0eaacae-ddec-4393-accb-840c21114476/1769040000.0_mean_300.0_v3" "txd1bfdfc9f4af4d0fb8bbe-00697b1166" "proxy-server 20" 0.0010 "-" 22 0
Jan 29 07:51:02 standalone proxy-server[129441]: 172.18.0.2 172.18.0.100 29/Jan/2026/07/51/02 GET /v1/AUTH_4c69ec2c9fbd43d18b3423fd1c2c1a6b/gnocchi.f0eaacae-ddec-4393-accb-840c21114476/1769040000.0_mean_300.0_v3 HTTP/1.0 200 - python-swiftclient-3.11.1 gAAAAABpexEBDc6x... - 16 - txd1bfdfc9f4af4d0fb8bbe-00697b1166 - 0.0094 - - 1769673062.786294222 1769673062.795739412 0
Jan 29 07:51:02 standalone container-server[127497]: 172.20.0.100 - - [29/Jan/2026:07:51:02 +0000] "PUT /d1/427/AUTH_4c69ec2c9fbd43d18b3423fd1c2c1a6b/gnocchi.f0eaacae-ddec-4393-accb-840c21114476/1769040000.0_mean_300.0_v3" 201 - "PUT http://172.18.0.2:8080/d1/637/AUTH_4c69ec2c9fbd43d18b3423fd1c2c1a6b/gnocchi.f0eaacae-ddec-4393-accb-840c21114476/1769040000.0_mean_300.0_v3" "tx0526b119cc1c441393cab-00697b1166" "object-server 22" 0.0007 "-" 21 0
Jan 29 07:51:02 standalone object-server[127634]: 172.20.0.100 - - [29/Jan/2026:07:51:02 +0000] "PUT /d1/637/AUTH_4c69ec2c9fbd43d18b3423fd1c2c1a6b/gnocchi.f0eaacae-ddec-4393-accb-840c21114476/1769040000.0_mean_300.0_v3" 201 - "PUT http://172.18.0.2:8080/v1/AUTH_4c69ec2c9fbd43d18b3423fd1c2c1a6b/gnocchi.f0eaacae-ddec-4393-accb-840c21114476/1769040000.0_mean_300.0_v3" "tx0526b119cc1c441393cab-00697b1166" "proxy-server 20" 0.0095 "-" 22 0
Jan 29 07:51:02 standalone proxy-server[129441]: 172.18.0.2 172.18.0.100 29/Jan/2026/07/51/02 PUT /v1/AUTH_4c69ec2c9fbd43d18b3423fd1c2c1a6b/gnocchi.f0eaacae-ddec-4393-accb-840c21114476/1769040000.0_mean_300.0_v3 HTTP/1.0 201 - python-swiftclient-3.11.1 gAAAAABpexEBDc6x... 16 - - tx0526b119cc1c441393cab-00697b1166 - 0.0173 - - 1769673062.799839258 1769673062.817162514 0
Jan 29 07:51:02 standalone container-server[127492]: 172.20.0.100 - - [29/Jan/2026:07:51:02 +0000] "PUT /d1/427/AUTH_4c69ec2c9fbd43d18b3423fd1c2c1a6b/gnocchi.f0eaacae-ddec-4393-accb-840c21114476/none_v3" 201 - "PUT http://172.18.0.2:8080/d1/505/AUTH_4c69ec2c9fbd43d18b3423fd1c2c1a6b/gnocchi.f0eaacae-ddec-4393-accb-840c21114476/none_v3" "txecdf19e610f34468b53bf-00697b1166" "object-server 24" 0.0005 "-" 20 0
Jan 29 07:51:02 standalone object-server[127636]: 172.20.0.100 - - [29/Jan/2026:07:51:02 +0000] "PUT /d1/505/AUTH_4c69ec2c9fbd43d18b3423fd1c2c1a6b/gnocchi.f0eaacae-ddec-4393-accb-840c21114476/none_v3" 201 - "PUT http://172.18.0.2:8080/v1/AUTH_4c69ec2c9fbd43d18b3423fd1c2c1a6b/gnocchi.f0eaacae-ddec-4393-accb-840c21114476/none_v3" "txecdf19e610f34468b53bf-00697b1166" "proxy-server 20" 0.0086 "-" 24 0
Jan 29 07:51:02 standalone proxy-server[129441]: 172.18.0.2 172.18.0.100 29/Jan/2026/07/51/02 PUT /v1/AUTH_4c69ec2c9fbd43d18b3423fd1c2c1a6b/gnocchi.f0eaacae-ddec-4393-accb-840c21114476/none_v3 HTTP/1.0 201 - python-swiftclient-3.11.1 gAAAAABpexEBDc6x... 33 - - txecdf19e610f34468b53bf-00697b1166 - 0.0163 - - 1769673062.821066856 1769673062.837333679 0
Jan 29 07:51:06 standalone object-server[127635]: 172.20.0.100 - - [29/Jan/2026:07:51:06 +0000] "GET /d1/55/AUTH_4c69ec2c9fbd43d18b3423fd1c2c1a6b/gnocchi.c5ce700f-4f27-4107-890b-15e7eff980ac/none_v3" 200 22 "GET http://172.18.0.2:8080/v1/AUTH_4c69ec2c9fbd43d18b3423fd1c2c1a6b/gnocchi.c5ce700f-4f27-4107-890b-15e7eff980ac/none_v3" "tx049b2f0def894f7883126-00697b116a" "proxy-server 20" 0.0019 "-" 23 0
Jan 29 07:51:06 standalone proxy-server[129441]: 172.18.0.2 172.18.0.100 29/Jan/2026/07/51/06 GET /v1/AUTH_4c69ec2c9fbd43d18b3423fd1c2c1a6b/gnocchi.c5ce700f-4f27-4107-890b-15e7eff980ac/none_v3 HTTP/1.0 200 - python-swiftclient-3.11.1 gAAAAABpexEBDc6x... - 22 - tx049b2f0def894f7883126-00697b116a - 0.0136 - - 1769673066.949098825 1769673066.962702036 0
Jan 29 07:51:06 standalone container-server[127497]: 172.20.0.100 - - [29/Jan/2026:07:51:06 +0000] "GET /d1/664/AUTH_4c69ec2c9fbd43d18b3423fd1c2c1a6b/gnocchi.c5ce700f-4f27-4107-890b-15e7eff980ac" 200 357 "GET http://172.18.0.2:8080/v1/AUTH_4c69ec2c9fbd43d18b3423fd1c2c1a6b/gnocchi.c5ce700f-4f27-4107-890b-15e7eff980ac?format=json&states=listing" "tx78dbdd77bba94ef9aedc0-00697b116a" "proxy-server 20" 0.0194 "-" 21 0
Jan 29 07:51:06 standalone proxy-server[129441]: 172.18.0.2 172.18.0.100 29/Jan/2026/07/51/06 GET /v1/AUTH_4c69ec2c9fbd43d18b3423fd1c2c1a6b/gnocchi.c5ce700f-4f27-4107-890b-15e7eff980ac%3Fformat%3Djson%26states%3Dlisting HTTP/1.0 200 - python-swiftclient-3.11.1 gAAAAABpexEBDc6x... - 357 - tx78dbdd77bba94ef9aedc0-00697b116a - 0.0300 - - 1769673066.966991425 1769673066.996990919 0
Jan 29 07:51:07 standalone container-server[127509]: 172.20.0.100 - - [29/Jan/2026:07:51:07 +0000] "GET /d1/664/AUTH_4c69ec2c9fbd43d18b3423fd1c2c1a6b/gnocchi.c5ce700f-4f27-4107-890b-15e7eff980ac" 200 2 "GET http://172.18.0.2:8080/v1/AUTH_4c69ec2c9fbd43d18b3423fd1c2c1a6b/gnocchi.c5ce700f-4f27-4107-890b-15e7eff980ac?format=json&marker=none_v3&states=listing" "tx1b09619f712543c39c0d9-00697b116b" "proxy-server 20" 0.0043 "-" 23 0
Jan 29 07:51:07 standalone proxy-server[129441]: 172.18.0.2 172.18.0.100 29/Jan/2026/07/51/07 GET /v1/AUTH_4c69ec2c9fbd43d18b3423fd1c2c1a6b/gnocchi.c5ce700f-4f27-4107-890b-15e7eff980ac%3Fformat%3Djson%26marker%3Dnone_v3%26states%3Dlisting HTTP/1.0 200 - python-swiftclient-3.11.1 gAAAAABpexEBDc6x... - 2 - tx1b09619f712543c39c0d9-00697b116b - 0.0103 - - 1769673067.000525236 1769673067.010845184 0
Jan 29 07:51:07 standalone object-server[127635]: 172.20.0.100 - - [29/Jan/2026:07:51:07 +0000] "GET /d1/1007/AUTH_4c69ec2c9fbd43d18b3423fd1c2c1a6b/gnocchi.c5ce700f-4f27-4107-890b-15e7eff980ac/1769040000.0_mean_300.0_v3" 200 16 "GET http://172.18.0.2:8080/v1/AUTH_4c69ec2c9fbd43d18b3423fd1c2c1a6b/gnocchi.c5ce700f-4f27-4107-890b-15e7eff980ac/1769040000.0_mean_300.0_v3" "tx0100656dab564fbb9ae3f-00697b116b" "proxy-server 20" 0.0020 "-" 23 0
Jan 29 07:51:07 standalone proxy-server[129441]: 172.18.0.2 172.18.0.100 29/Jan/2026/07/51/07 GET /v1/AUTH_4c69ec2c9fbd43d18b3423fd1c2c1a6b/gnocchi.c5ce700f-4f27-4107-890b-15e7eff980ac/1769040000.0_mean_300.0_v3 HTTP/1.0 200 - python-swiftclient-3.11.1 gAAAAABpexEBDc6x... - 16 - tx0100656dab564fbb9ae3f-00697b116b - 0.0098 - - 1769673067.015516520 1769673067.025288820 0
Jan 29 07:51:07 standalone container-server[127492]: 172.20.0.100 - - [29/Jan/2026:07:51:07 +0000] "PUT /d1/664/AUTH_4c69ec2c9fbd43d18b3423fd1c2c1a6b/gnocchi.c5ce700f-4f27-4107-890b-15e7eff980ac/1769040000.0_mean_300.0_v3" 201 - "PUT http://172.18.0.2:8080/d1/1007/AUTH_4c69ec2c9fbd43d18b3423fd1c2c1a6b/gnocchi.c5ce700f-4f27-4107-890b-15e7eff980ac/1769040000.0_mean_300.0_v3" "txf24346441ec8447b80d71-00697b116b" "object-server 23" 0.0006 "-" 20 0
Jan 29 07:51:07 standalone object-server[127635]: 172.20.0.100 - - [29/Jan/2026:07:51:07 +0000] "PUT /d1/1007/AUTH_4c69ec2c9fbd43d18b3423fd1c2c1a6b/gnocchi.c5ce700f-4f27-4107-890b-15e7eff980ac/1769040000.0_mean_300.0_v3" 201 - "PUT http://172.18.0.2:8080/v1/AUTH_4c69ec2c9fbd43d18b3423fd1c2c1a6b/gnocchi.c5ce700f-4f27-4107-890b-15e7eff980ac/1769040000.0_mean_300.0_v3" "txf24346441ec8447b80d71-00697b116b" "proxy-server 20" 0.0135 "-" 23 0
Jan 29 07:51:07 standalone proxy-server[129441]: 172.18.0.2 172.18.0.100 29/Jan/2026/07/51/07 PUT /v1/AUTH_4c69ec2c9fbd43d18b3423fd1c2c1a6b/gnocchi.c5ce700f-4f27-4107-890b-15e7eff980ac/1769040000.0_mean_300.0_v3 HTTP/1.0 201 - python-swiftclient-3.11.1 gAAAAABpexEBDc6x... 16 - - txf24346441ec8447b80d71-00697b116b - 0.0189 - - 1769673067.028502464 1769673067.047396421 0
Jan 29 07:51:07 standalone container-server[127492]: 172.20.0.100 - - [29/Jan/2026:07:51:07 +0000] "PUT /d1/664/AUTH_4c69ec2c9fbd43d18b3423fd1c2c1a6b/gnocchi.c5ce700f-4f27-4107-890b-15e7eff980ac/none_v3" 201 - "PUT http://172.18.0.2:8080/d1/55/AUTH_4c69ec2c9fbd43d18b3423fd1c2c1a6b/gnocchi.c5ce700f-4f27-4107-890b-15e7eff980ac/none_v3" "tx18150885890b40e6b303c-00697b116b" "object-server 25" 0.0014 "-" 20 0
Jan 29 07:51:07 standalone object-server[127637]: 172.20.0.100 - - [29/Jan/2026:07:51:07 +0000] "PUT /d1/55/AUTH_4c69ec2c9fbd43d18b3423fd1c2c1a6b/gnocchi.c5ce700f-4f27-4107-890b-15e7eff980ac/none_v3" 201 - "PUT http://172.18.0.2:8080/v1/AUTH_4c69ec2c9fbd43d18b3423fd1c2c1a6b/gnocchi.c5ce700f-4f27-4107-890b-15e7eff980ac/none_v3" "tx18150885890b40e6b303c-00697b116b" "proxy-server 20" 0.0128 "-" 25 0
Jan 29 07:51:07 standalone proxy-server[129441]: 172.18.0.2 172.18.0.100 29/Jan/2026/07/51/07 PUT /v1/AUTH_4c69ec2c9fbd43d18b3423fd1c2c1a6b/gnocchi.c5ce700f-4f27-4107-890b-15e7eff980ac/none_v3 HTTP/1.0 201 - python-swiftclient-3.11.1 gAAAAABpexEBDc6x... 32 - - tx18150885890b40e6b303c-00697b116b - 0.0186 - - 1769673067.051087856 1769673067.069701433 0
Jan 29 07:51:18 standalone container-server[127509]: 172.20.0.100 - - [29/Jan/2026:07:51:18 +0000] "HEAD /d1/597/AUTH_4c69ec2c9fbd43d18b3423fd1c2c1a6b/gnocchi.4ce95da7-1c55-4c9f-9ec9-ccfafeadb45e" 404 - "HEAD http://172.18.0.2:8080/v1/AUTH_4c69ec2c9fbd43d18b3423fd1c2c1a6b/gnocchi.4ce95da7-1c55-4c9f-9ec9-ccfafeadb45e?format=json&states=listing" "tx794ce90ad862405eb875e-00697b1176" "proxy-server 20" 0.0011 "-" 23 0
Jan 29 07:51:18 standalone object-server[127635]: 172.20.0.100 - - [29/Jan/2026:07:51:18 +0000] "GET /d1/269/AUTH_4c69ec2c9fbd43d18b3423fd1c2c1a6b/gnocchi.4ce95da7-1c55-4c9f-9ec9-ccfafeadb45e/none_v3" 404 70 "GET http://172.18.0.2:8080/v1/AUTH_4c69ec2c9fbd43d18b3423fd1c2c1a6b/gnocchi.4ce95da7-1c55-4c9f-9ec9-ccfafeadb45e/none_v3" "tx794ce90ad862405eb875e-00697b1176" "proxy-server 20" 0.0006 "-" 23 0
Jan 29 07:51:18 standalone proxy-server[129441]: 172.18.0.2 172.18.0.100 29/Jan/2026/07/51/18 GET /v1/AUTH_4c69ec2c9fbd43d18b3423fd1c2c1a6b/gnocchi.4ce95da7-1c55-4c9f-9ec9-ccfafeadb45e/none_v3 HTTP/1.0 404 - python-swiftclient-3.11.1 gAAAAABpexEBDc6x... - 70 - tx794ce90ad862405eb875e-00697b1176 - 0.0177 - - 1769673078.156588793 1769673078.174321651 0
