Jan 29 07:37:15 standalone account-server[127049]: Starting 2
Jan 29 07:37:15 standalone account-server[127168]: Started child 17 from parent 2
Jan 29 07:37:15 standalone account-server[127168]: Started child 18 from parent 2
Jan 29 07:37:15 standalone account-server[127168]: Started child 19 from parent 2
Jan 29 07:37:15 standalone account-server[127168]: Started child 20 from parent 2
Jan 29 07:37:16 standalone container-server[127307]: Option allow_versions is deprecated. Configure the versioned_writes middleware in the proxy-server instead. This option will be ignored in a future release.
Jan 29 07:37:16 standalone container-server[127492]: Option allow_versions is deprecated. Configure the versioned_writes middleware in the proxy-server instead. This option will be ignored in a future release.
Jan 29 07:37:16 standalone container-server[127307]: Started child 20 from parent 2
Jan 29 07:37:16 standalone container-server[127497]: Option allow_versions is deprecated. Configure the versioned_writes middleware in the proxy-server instead. This option will be ignored in a future release.
Jan 29 07:37:16 standalone container-server[127307]: Started child 21 from parent 2
Jan 29 07:37:16 standalone container-server[127507]: Option allow_versions is deprecated. Configure the versioned_writes middleware in the proxy-server instead. This option will be ignored in a future release.
Jan 29 07:37:16 standalone container-server[127307]: Started child 22 from parent 2
Jan 29 07:37:16 standalone container-server[127509]: Option allow_versions is deprecated. Configure the versioned_writes middleware in the proxy-server instead. This option will be ignored in a future release.
Jan 29 07:37:16 standalone container-server[127307]: Started child 23 from parent 2
Jan 29 07:37:16 standalone container-server[127372]: Starting 2
Jan 29 07:37:16 standalone object-expirer[127424]: Starting 2
Jan 29 07:37:16 standalone object-expirer[127424]: Option auto_create_account_prefix is deprecated. Configure auto_create_account_prefix under the swift-constraints section of swift.conf. This option will be ignored in a future release.
Jan 29 07:37:16 standalone object-server[127546]: Started child 22 from parent 2
Jan 29 07:37:16 standalone object-server[127546]: Started child 23 from parent 2
Jan 29 07:37:16 standalone object-server[127546]: Started child 24 from parent 2
Jan 29 07:37:16 standalone object-server[127546]: Started child 25 from parent 2
Jan 29 07:37:17 standalone object-server[127583]: Starting 2
Jan 29 07:37:22 standalone proxy-server[129195]: Starting Keystone auth_token middleware
Jan 29 07:37:22 standalone proxy-server[129195]: AuthToken middleware is set with keystone_authtoken.service_token_roles_required set to False. This is backwards compatible but deprecated behaviour. Please set this to True.
Jan 29 07:37:22 standalone proxy-server[129441]: Starting Keystone auth_token middleware
Jan 29 07:37:22 standalone proxy-server[129441]: STDERR: The option "bind_port" is not known to keystonemiddleware
Jan 29 07:37:22 standalone proxy-server[129441]: STDERR: The option "workers" is not known to keystonemiddleware
Jan 29 07:37:22 standalone proxy-server[129441]: STDERR: The option "user" is not known to keystonemiddleware
Jan 29 07:37:22 standalone proxy-server[129441]: STDERR: The option "bind_ip" is not known to keystonemiddleware
Jan 29 07:37:22 standalone proxy-server[129441]: STDERR: The option "log_name" is not known to keystonemiddleware
Jan 29 07:37:22 standalone proxy-server[129441]: STDERR: The option "log_facility" is not known to keystonemiddleware
Jan 29 07:37:22 standalone proxy-server[129441]: STDERR: The option "log_level" is not known to keystonemiddleware
Jan 29 07:37:22 standalone proxy-server[129441]: STDERR: The option "log_headers" is not known to keystonemiddleware
Jan 29 07:37:22 standalone proxy-server[129441]: STDERR: The option "log_address" is not known to keystonemiddleware
Jan 29 07:37:22 standalone proxy-server[129441]: STDERR: The option "project_name" is not known to keystonemiddleware
Jan 29 07:37:22 standalone proxy-server[129441]: STDERR: The option "username" is not known to keystonemiddleware
Jan 29 07:37:22 standalone proxy-server[129441]: STDERR: The option "password" is not known to keystonemiddleware
Jan 29 07:37:22 standalone proxy-server[129441]: STDERR: The option "auth_url" is not known to keystonemiddleware
Jan 29 07:37:22 standalone proxy-server[129441]: STDERR: The option "signing_dir" is not known to keystonemiddleware
Jan 29 07:37:22 standalone proxy-server[129441]: STDERR: The option "project_domain_id" is not known to keystonemiddleware
Jan 29 07:37:22 standalone proxy-server[129441]: STDERR: The option "user_domain_id" is not known to keystonemiddleware
Jan 29 07:37:22 standalone proxy-server[129441]: STDERR: The option "__name__" is not known to keystonemiddleware
Jan 29 07:37:22 standalone proxy-server[129441]: AuthToken middleware is set with keystone_authtoken.service_token_roles_required set to False. This is backwards compatible but deprecated behaviour. Please set this to True.
Jan 29 07:37:22 standalone proxy-server[129195]: Started child 20 from parent 2
Jan 29 07:37:58 standalone account-server[127346]: 172.20.0.100 - - [29/Jan/2026:07:37:58 +0000] "HEAD /d1/54/.expiring_objects" 404 - "HEAD http://localhost/v1/.expiring_objects?format=json" "tx14f86d0bea4e46f1b6806-00697b0e56" "proxy-server 2" 0.0013 "-" 19 -
Jan 29 07:37:58 standalone object-expirer[127424]: Pass completed in 0s; 0 objects expired (txn: tx14f86d0bea4e46f1b6806-00697b0e56)
Jan 29 07:38:08 standalone account-server[127323]: 172.20.0.100 - - [29/Jan/2026:07:38:08 +0000] "HEAD /d1/54/.expiring_objects" 404 - "HEAD http://localhost/v1/.expiring_objects?format=json" "tx19f006a41d1748acbf19b-00697b0e60" "proxy-server 2" 0.0018 "-" 18 -
Jan 29 07:38:08 standalone object-expirer[127424]: Pass completed in 0s; 0 objects expired (txn: tx19f006a41d1748acbf19b-00697b0e60)
Jan 29 07:39:38 standalone account-server[127356]: 172.20.0.100 - - [29/Jan/2026:07:39:38 +0000] "HEAD /d1/54/.expiring_objects" 404 - "HEAD http://localhost/v1/.expiring_objects?format=json" "tx5ae3f08cb43a49d9bcc2d-00697b0eb9" "proxy-server 2" 0.0025 "-" 20 -
Jan 29 07:39:38 standalone object-expirer[127424]: Pass completed in 0s; 0 objects expired (txn: tx5ae3f08cb43a49d9bcc2d-00697b0eb9)
Jan 29 07:39:40 standalone object-server[127583]: Begin object update sweep
Jan 29 07:39:40 standalone object-server[144971]: Object update sweep starting on /srv/node/d1 (pid: 11)
Jan 29 07:39:40 standalone object-server[144971]: Object update sweep completed on /srv/node/d1 in 0.00s seconds:, 0 successes, 0 failures, 0 quarantines, 0 unlinks, 0 errors, 0 redirects (pid: 11)
Jan 29 07:39:40 standalone object-server[144971]: Object update sweep of d1 completed: 0.00s, 0 successes, 0 failures, 0 quarantines, 0 unlinks, 0 errors, 0 redirects
Jan 29 07:39:40 standalone object-server[127583]: Object update sweep completed: 0.06s
Jan 29 07:39:48 standalone account-server[127356]: 172.20.0.100 - - [29/Jan/2026:07:39:48 +0000] "HEAD /d1/54/.expiring_objects" 404 - "HEAD http://localhost/v1/.expiring_objects?format=json" "tx1e4bd689df5743929c2fd-00697b0ec4" "proxy-server 2" 0.0009 "-" 20 -
Jan 29 07:39:48 standalone object-expirer[127424]: Pass completed in 0s; 0 objects expired (txn: tx1e4bd689df5743929c2fd-00697b0ec4)
Jan 29 07:40:00 standalone container-server[127372]: Begin container update sweep
Jan 29 07:40:00 standalone container-server[127372]: Container update sweep completed: 0.00s
Jan 29 07:43:46 standalone account-server[127356]: 172.20.0.100 - - [29/Jan/2026:07:43:46 +0000] "HEAD /d1/54/.expiring_objects" 404 - "HEAD http://localhost/v1/.expiring_objects?format=json" "txfa07b944674e4301b0807-00697b0fb2" "proxy-server 2" 0.0005 "-" 20 -
Jan 29 07:43:46 standalone object-expirer[127424]: Pass completed in 0s; 0 objects expired (txn: txfa07b944674e4301b0807-00697b0fb2)
Jan 29 07:44:40 standalone object-server[127583]: Begin object update sweep
Jan 29 07:44:40 standalone object-server[183328]: Object update sweep starting on /srv/node/d1 (pid: 13)
Jan 29 07:44:40 standalone object-server[183328]: Object update sweep completed on /srv/node/d1 in 0.00s seconds:, 0 successes, 0 failures, 0 quarantines, 0 unlinks, 0 errors, 0 redirects (pid: 13)
Jan 29 07:44:40 standalone object-server[183328]: Object update sweep of d1 completed: 0.00s, 0 successes, 0 failures, 0 quarantines, 0 unlinks, 0 errors, 0 redirects
Jan 29 07:44:40 standalone object-server[127583]: Object update sweep completed: 0.10s
Jan 29 07:45:00 standalone account-server[127356]: 172.20.0.100 - - [29/Jan/2026:07:45:00 +0000] "HEAD /d1/54/.expiring_objects" 404 - "HEAD http://localhost/v1/.expiring_objects?format=json" "txb55d9fea094e4e70be00b-00697b0ffc" "proxy-server 2" 0.0005 "-" 20 -
Jan 29 07:45:00 standalone object-expirer[127424]: Pass completed in 0s; 0 objects expired (txn: txb55d9fea094e4e70be00b-00697b0ffc)
Jan 29 07:45:00 standalone container-server[127372]: Begin container update sweep
Jan 29 07:45:00 standalone container-server[127372]: Container update sweep completed: 0.00s
Jan 29 07:45:11 standalone account-server[127049]: Devices pass completed: 0.00s
Jan 29 07:46:57 standalone account-server[127346]: 172.20.0.100 - - [29/Jan/2026:07:46:57 +0000] "HEAD /d1/54/.expiring_objects" 404 - "HEAD http://localhost/v1/.expiring_objects?format=json" "txfa3a981ad1ad480792351-00697b1071" "proxy-server 2" 0.0004 "-" 19 -
Jan 29 07:46:57 standalone object-expirer[127424]: Pass completed in 0s; 0 objects expired (txn: txfa3a981ad1ad480792351-00697b1071)
Jan 29 07:49:21 standalone account-server[127305]: 172.20.0.100 - - [29/Jan/2026:07:49:21 +0000] "HEAD /d1/672/AUTH_4c69ec2c9fbd43d18b3423fd1c2c1a6b" 404 - "HEAD http://172.18.0.2:8080/v1/AUTH_4c69ec2c9fbd43d18b3423fd1c2c1a6b?format=json" "tx1b870d3956334f46ab2eb-00697b1101" "proxy-server 20" 0.0012 "-" 17 -
Jan 29 07:49:21 standalone proxy-server[129441]: - - 29/Jan/2026/07/49/21 HEAD /v1/AUTH_4c69ec2c9fbd43d18b3423fd1c2c1a6b%3Fformat%3Djson HTTP/1.0 200 - Swift - - - - tx1b870d3956334f46ab2eb-00697b1101 - 0.0081 RL - 1769672961.641051292 1769672961.649138451 -
Jan 29 07:49:22 standalone object-server[127637]: 172.20.0.100 - - [29/Jan/2026:07:49:22 +0000] "GET /d1/442/AUTH_4c69ec2c9fbd43d18b3423fd1c2c1a6b/gnocchi.aa36e686-af3b-4363-ad8a-f4bc727ca0f4/none_v3" 404 70 "GET http://172.18.0.2:8080/v1/AUTH_4c69ec2c9fbd43d18b3423fd1c2c1a6b/gnocchi.aa36e686-af3b-4363-ad8a-f4bc727ca0f4/none_v3" "tx1b870d3956334f46ab2eb-00697b1101" "proxy-server 20" 0.0011 "-" 25 0
Jan 29 07:49:22 standalone proxy-server[129441]: 172.18.0.2 172.18.0.100 29/Jan/2026/07/49/22 GET /v1/AUTH_4c69ec2c9fbd43d18b3423fd1c2c1a6b/gnocchi.aa36e686-af3b-4363-ad8a-f4bc727ca0f4/none_v3 HTTP/1.0 404 - python-swiftclient-3.11.1 gAAAAABpexEBDc6x... - 70 - tx1b870d3956334f46ab2eb-00697b1101 - 0.3813 - - 1769672961.638399839 1769672962.019690990 0
Jan 29 07:49:22 standalone account-server[127305]: 172.20.0.100 - - [29/Jan/2026:07:49:22 +0000] "PUT /d1/672/AUTH_4c69ec2c9fbd43d18b3423fd1c2c1a6b" 201 - "-" "tx84f0183ec8864a6bbc1f9-00697b1102" "-" 0.0202 "-" 17 -
Jan 29 07:49:22 standalone proxy-server[129441]: autocreate account '/AUTH_4c69ec2c9fbd43d18b3423fd1c2c1a6b' (txn: tx84f0183ec8864a6bbc1f9-00697b1102)
Jan 29 07:49:22 standalone account-server[127323]: 172.20.0.100 - - [29/Jan/2026:07:49:22 +0000] "HEAD /d1/672/AUTH_4c69ec2c9fbd43d18b3423fd1c2c1a6b" 204 - "HEAD http://172.18.0.2:8080/v1/AUTH_4c69ec2c9fbd43d18b3423fd1c2c1a6b?format=json" "tx84f0183ec8864a6bbc1f9-00697b1102" "proxy-server 20" 0.0016 "-" 18 -
Jan 29 07:49:22 standalone account-server[127346]: 172.20.0.100 - - [29/Jan/2026:07:49:22 +0000] "PUT /d1/672/AUTH_4c69ec2c9fbd43d18b3423fd1c2c1a6b/gnocchi.aa36e686-af3b-4363-ad8a-f4bc727ca0f4" 201 - "PUT http://172.20.0.100:6001/d1/963/AUTH_4c69ec2c9fbd43d18b3423fd1c2c1a6b/gnocchi.aa36e686-af3b-4363-ad8a-f4bc727ca0f4" "tx84f0183ec8864a6bbc1f9-00697b1102" "container-server 20" 0.0020 "-" 19 0
Jan 29 07:49:22 standalone container-server[127492]: 172.20.0.100 - - [29/Jan/2026:07:49:22 +0000] "PUT /d1/963/AUTH_4c69ec2c9fbd43d18b3423fd1c2c1a6b/gnocchi.aa36e686-af3b-4363-ad8a-f4bc727ca0f4" 201 - "PUT http://172.18.0.2:8080/v1/AUTH_4c69ec2c9fbd43d18b3423fd1c2c1a6b/gnocchi.aa36e686-af3b-4363-ad8a-f4bc727ca0f4" "tx84f0183ec8864a6bbc1f9-00697b1102" "proxy-server 20" 0.0154 "-" 20 0
Jan 29 07:49:22 standalone proxy-server[129441]: 172.18.0.2 172.18.0.100 29/Jan/2026/07/49/22 PUT /v1/AUTH_4c69ec2c9fbd43d18b3423fd1c2c1a6b/gnocchi.aa36e686-af3b-4363-ad8a-f4bc727ca0f4 HTTP/1.0 201 - python-swiftclient-3.11.1 gAAAAABpexEBDc6x... - - - tx84f0183ec8864a6bbc1f9-00697b1102 - 0.0518 - - 1769672962.022988558 1769672962.074826956 0
Jan 29 07:49:22 standalone container-server[127507]: 172.20.0.100 - - [29/Jan/2026:07:49:22 +0000] "HEAD /d1/963/AUTH_4c69ec2c9fbd43d18b3423fd1c2c1a6b/gnocchi.aa36e686-af3b-4363-ad8a-f4bc727ca0f4" 204 - "HEAD http://172.18.0.2:8080/v1/AUTH_4c69ec2c9fbd43d18b3423fd1c2c1a6b/gnocchi.aa36e686-af3b-4363-ad8a-f4bc727ca0f4?format=json&states=listing" "tx12dff4d3d4a24f92bc191-00697b1102" "proxy-server 20" 0.0047 "-" 22 0
Jan 29 07:49:22 standalone proxy-server[129441]: - - 29/Jan/2026/07/49/22 HEAD /v1/AUTH_4c69ec2c9fbd43d18b3423fd1c2c1a6b/gnocchi.aa36e686-af3b-4363-ad8a-f4bc727ca0f4%3Fformat%3Djson%26states%3Dlisting HTTP/1.0 204 - Swift - - - - tx12dff4d3d4a24f92bc191-00697b1102 - 0.0090 RL - 1769672962.080362797 1769672962.089326620 0
Jan 29 07:49:22 standalone container-server[127509]: 172.20.0.100 - - [29/Jan/2026:07:49:22 +0000] "GET /d1/963/AUTH_4c69ec2c9fbd43d18b3423fd1c2c1a6b/gnocchi.aa36e686-af3b-4363-ad8a-f4bc727ca0f4" 200 2 "GET http://172.18.0.2:8080/v1/AUTH_4c69ec2c9fbd43d18b3423fd1c2c1a6b/gnocchi.aa36e686-af3b-4363-ad8a-f4bc727ca0f4?format=json&states=listing" "tx12dff4d3d4a24f92bc191-00697b1102" "proxy-server 20" 0.0041 "-" 23 0
Jan 29 07:49:22 standalone proxy-server[129441]: 172.18.0.2 172.18.0.100 29/Jan/2026/07/49/22 GET /v1/AUTH_4c69ec2c9fbd43d18b3423fd1c2c1a6b/gnocchi.aa36e686-af3b-4363-ad8a-f4bc727ca0f4%3Fformat%3Djson%26states%3Dlisting HTTP/1.0 200 - python-swiftclient-3.11.1 gAAAAABpexEBDc6x... - 2 - tx12dff4d3d4a24f92bc191-00697b1102 - 0.0205 - - 1769672962.078961372 1769672962.099445581 0
Jan 29 07:49:22 standalone object-server[127636]: 172.20.0.100 - - [29/Jan/2026:07:49:22 +0000] "GET /d1/61/AUTH_4c69ec2c9fbd43d18b3423fd1c2c1a6b/gnocchi.aa36e686-af3b-4363-ad8a-f4bc727ca0f4/1769040000.0_mean_300.0_v3" 404 70 "GET http://172.18.0.2:8080/v1/AUTH_4c69ec2c9fbd43d18b3423fd1c2c1a6b/gnocchi.aa36e686-af3b-4363-ad8a-f4bc727ca0f4/1769040000.0_mean_300.0_v3" "txbc25f57d322e49da8aaf1-00697b1102" "proxy-server 20" 0.0008 "-" 24 0
Jan 29 07:49:22 standalone proxy-server[129441]: 172.18.0.2 172.18.0.100 29/Jan/2026/07/49/22 GET /v1/AUTH_4c69ec2c9fbd43d18b3423fd1c2c1a6b/gnocchi.aa36e686-af3b-4363-ad8a-f4bc727ca0f4/1769040000.0_mean_300.0_v3 HTTP/1.0 404 - python-swiftclient-3.11.1 gAAAAABpexEBDc6x... - 70 - txbc25f57d322e49da8aaf1-00697b1102 - 0.0061 - - 1769672962.103790522 1769672962.109899759 0
Jan 29 07:49:22 standalone container-server[127492]: 172.20.0.100 - - [29/Jan/2026:07:49:22 +0000] "PUT /d1/963/AUTH_4c69ec2c9fbd43d18b3423fd1c2c1a6b/gnocchi.aa36e686-af3b-4363-ad8a-f4bc727ca0f4/1769040000.0_mean_300.0_v3" 201 - "PUT http://172.18.0.2:8080/d1/61/AUTH_4c69ec2c9fbd43d18b3423fd1c2c1a6b/gnocchi.aa36e686-af3b-4363-ad8a-f4bc727ca0f4/1769040000.0_mean_300.0_v3" "txf87fe3fded67453895ecd-00697b1102" "object-server 25" 0.0008 "-" 20 0
Jan 29 07:49:22 standalone object-server[127637]: 172.20.0.100 - - [29/Jan/2026:07:49:22 +0000] "PUT /d1/61/AUTH_4c69ec2c9fbd43d18b3423fd1c2c1a6b/gnocchi.aa36e686-af3b-4363-ad8a-f4bc727ca0f4/1769040000.0_mean_300.0_v3" 201 - "PUT http://172.18.0.2:8080/v1/AUTH_4c69ec2c9fbd43d18b3423fd1c2c1a6b/gnocchi.aa36e686-af3b-4363-ad8a-f4bc727ca0f4/1769040000.0_mean_300.0_v3" "txf87fe3fded67453895ecd-00697b1102" "proxy-server 20" 0.0319 "-" 25 0
Jan 29 07:49:22 standalone proxy-server[129441]: 172.18.0.2 172.18.0.100 29/Jan/2026/07/49/22 PUT /v1/AUTH_4c69ec2c9fbd43d18b3423fd1c2c1a6b/gnocchi.aa36e686-af3b-4363-ad8a-f4bc727ca0f4/1769040000.0_mean_300.0_v3 HTTP/1.0 201 - python-swiftclient-3.11.1 gAAAAABpexEBDc6x... 16 - - txf87fe3fded67453895ecd-00697b1102 - 0.0390 - - 1769672962.112808943 1769672962.151765823 0
Jan 29 07:49:22 standalone container-server[127497]: 172.20.0.100 - - [29/Jan/2026:07:49:22 +0000] "PUT /d1/963/AUTH_4c69ec2c9fbd43d18b3423fd1c2c1a6b/gnocchi.aa36e686-af3b-4363-ad8a-f4bc727ca0f4/none_v3" 201 - "PUT http://172.18.0.2:8080/d1/442/AUTH_4c69ec2c9fbd43d18b3423fd1c2c1a6b/gnocchi.aa36e686-af3b-4363-ad8a-f4bc727ca0f4/none_v3" "txf1caf0e1ff2b4e54af7a1-00697b1102" "object-server 22" 0.0012 "-" 21 0
Jan 29 07:49:22 standalone object-server[127634]: 172.20.0.100 - - [29/Jan/2026:07:49:22 +0000] "PUT /d1/442/AUTH_4c69ec2c9fbd43d18b3423fd1c2c1a6b/gnocchi.aa36e686-af3b-4363-ad8a-f4bc727ca0f4/none_v3" 201 - "PUT http://172.18.0.2:8080/v1/AUTH_4c69ec2c9fbd43d18b3423fd1c2c1a6b/gnocchi.aa36e686-af3b-4363-ad8a-f4bc727ca0f4/none_v3" "txf1caf0e1ff2b4e54af7a1-00697b1102" "proxy-server 20" 0.0324 "-" 22 0
Jan 29 07:49:22 standalone proxy-server[129441]: 172.18.0.2 172.18.0.100 29/Jan/2026/07/49/22 PUT /v1/AUTH_4c69ec2c9fbd43d18b3423fd1c2c1a6b/gnocchi.aa36e686-af3b-4363-ad8a-f4bc727ca0f4/none_v3 HTTP/1.0 201 - python-swiftclient-3.11.1 gAAAAABpexEBDc6x... 22 - - txf1caf0e1ff2b4e54af7a1-00697b1102 - 0.0402 - - 1769672962.154872894 1769672962.195032120 0
Jan 29 07:49:40 standalone object-server[127583]: Begin object update sweep
Jan 29 07:49:40 standalone object-server[221722]: Object update sweep starting on /srv/node/d1 (pid: 14)
Jan 29 07:49:40 standalone object-server[221722]: Object update sweep completed on /srv/node/d1 in 0.00s seconds:, 0 successes, 0 failures, 0 quarantines, 0 unlinks, 0 errors, 0 redirects (pid: 14)
Jan 29 07:49:40 standalone object-server[221722]: Object update sweep of d1 completed: 0.00s, 0 successes, 0 failures, 0 quarantines, 0 unlinks, 0 errors, 0 redirects
Jan 29 07:49:40 standalone object-server[127583]: Object update sweep completed: 0.08s
Jan 29 07:49:51 standalone object-server[127635]: 172.20.0.100 - - [29/Jan/2026:07:49:51 +0000] "GET /d1/442/AUTH_4c69ec2c9fbd43d18b3423fd1c2c1a6b/gnocchi.aa36e686-af3b-4363-ad8a-f4bc727ca0f4/none_v3" 200 22 "GET http://172.18.0.2:8080/v1/AUTH_4c69ec2c9fbd43d18b3423fd1c2c1a6b/gnocchi.aa36e686-af3b-4363-ad8a-f4bc727ca0f4/none_v3" "tx5ea30a857e7f45a99887c-00697b111f" "proxy-server 20" 0.0017 "-" 23 0
Jan 29 07:49:51 standalone proxy-server[129441]: 172.18.0.2 172.18.0.100 29/Jan/2026/07/49/51 GET /v1/AUTH_4c69ec2c9fbd43d18b3423fd1c2c1a6b/gnocchi.aa36e686-af3b-4363-ad8a-f4bc727ca0f4/none_v3 HTTP/1.0 200 - python-swiftclient-3.11.1 gAAAAABpexEBDc6x... - 22 - tx5ea30a857e7f45a99887c-00697b111f - 0.0176 - - 1769672991.483046055 1769672991.500629187 0
Jan 29 07:49:51 standalone container-server[127509]: 172.20.0.100 - - [29/Jan/2026:07:49:51 +0000] "GET /d1/963/AUTH_4c69ec2c9fbd43d18b3423fd1c2c1a6b/gnocchi.aa36e686-af3b-4363-ad8a-f4bc727ca0f4" 200 357 "GET http://172.18.0.2:8080/v1/AUTH_4c69ec2c9fbd43d18b3423fd1c2c1a6b/gnocchi.aa36e686-af3b-4363-ad8a-f4bc727ca0f4?format=json&states=listing" "txdb56c58d869b4cb0abc71-00697b111f" "proxy-server 20" 0.0155 "-" 23 0
Jan 29 07:49:51 standalone proxy-server[129441]: 172.18.0.2 172.18.0.100 29/Jan/2026/07/49/51 GET /v1/AUTH_4c69ec2c9fbd43d18b3423fd1c2c1a6b/gnocchi.aa36e686-af3b-4363-ad8a-f4bc727ca0f4%3Fformat%3Djson%26states%3Dlisting HTTP/1.0 200 - python-swiftclient-3.11.1 gAAAAABpexEBDc6x... - 357 - txdb56c58d869b4cb0abc71-00697b111f - 0.0251 - - 1769672991.505357265 1769672991.530471563 0
Jan 29 07:49:51 standalone container-server[127492]: 172.20.0.100 - - [29/Jan/2026:07:49:51 +0000] "GET /d1/963/AUTH_4c69ec2c9fbd43d18b3423fd1c2c1a6b/gnocchi.aa36e686-af3b-4363-ad8a-f4bc727ca0f4" 200 2 "GET http://172.18.0.2:8080/v1/AUTH_4c69ec2c9fbd43d18b3423fd1c2c1a6b/gnocchi.aa36e686-af3b-4363-ad8a-f4bc727ca0f4?format=json&marker=none_v3&states=listing" "txc38d039d455d4ba983aa9-00697b111f" "proxy-server 20" 0.0049 "-" 20 0
Jan 29 07:49:51 standalone proxy-server[129441]: 172.18.0.2 172.18.0.100 29/Jan/2026/07/49/51 GET /v1/AUTH_4c69ec2c9fbd43d18b3423fd1c2c1a6b/gnocchi.aa36e686-af3b-4363-ad8a-f4bc727ca0f4%3Fformat%3Djson%26marker%3Dnone_v3%26states%3Dlisting HTTP/1.0 200 - python-swiftclient-3.11.1 gAAAAABpexEBDc6x... - 2 - txc38d039d455d4ba983aa9-00697b111f - 0.0154 - - 1769672991.534536600 1769672991.549944401 0
Jan 29 07:49:51 standalone object-server[127637]: 172.20.0.100 - - [29/Jan/2026:07:49:51 +0000] "GET /d1/61/AUTH_4c69ec2c9fbd43d18b3423fd1c2c1a6b/gnocchi.aa36e686-af3b-4363-ad8a-f4bc727ca0f4/1769040000.0_mean_300.0_v3" 200 16 "GET http://172.18.0.2:8080/v1/AUTH_4c69ec2c9fbd43d18b3423fd1c2c1a6b/gnocchi.aa36e686-af3b-4363-ad8a-f4bc727ca0f4/1769040000.0_mean_300.0_v3" "txb84d7c0c574d4d0a98a3b-00697b111f" "proxy-server 20" 0.0009 "-" 25 0
Jan 29 07:49:51 standalone proxy-server[129441]: 172.18.0.2 172.18.0.100 29/Jan/2026/07/49/51 GET /v1/AUTH_4c69ec2c9fbd43d18b3423fd1c2c1a6b/gnocchi.aa36e686-af3b-4363-ad8a-f4bc727ca0f4/1769040000.0_mean_300.0_v3 HTTP/1.0 200 - python-swiftclient-3.11.1 gAAAAABpexEBDc6x... - 16 - txb84d7c0c574d4d0a98a3b-00697b111f - 0.0094 - - 1769672991.554645777 1769672991.564071655 0
Jan 29 07:49:51 standalone container-server[127497]: 172.20.0.100 - - [29/Jan/2026:07:49:51 +0000] "PUT /d1/963/AUTH_4c69ec2c9fbd43d18b3423fd1c2c1a6b/gnocchi.aa36e686-af3b-4363-ad8a-f4bc727ca0f4/1769040000.0_mean_300.0_v3" 201 - "PUT http://172.18.0.2:8080/d1/61/AUTH_4c69ec2c9fbd43d18b3423fd1c2c1a6b/gnocchi.aa36e686-af3b-4363-ad8a-f4bc727ca0f4/1769040000.0_mean_300.0_v3" "tx398e5e22aec0408d9c754-00697b111f" "object-server 22" 0.0006 "-" 21 0
Jan 29 07:49:51 standalone object-server[127634]: 172.20.0.100 - - [29/Jan/2026:07:49:51 +0000] "PUT /d1/61/AUTH_4c69ec2c9fbd43d18b3423fd1c2c1a6b/gnocchi.aa36e686-af3b-4363-ad8a-f4bc727ca0f4/1769040000.0_mean_300.0_v3" 201 - "PUT http://172.18.0.2:8080/v1/AUTH_4c69ec2c9fbd43d18b3423fd1c2c1a6b/gnocchi.aa36e686-af3b-4363-ad8a-f4bc727ca0f4/1769040000.0_mean_300.0_v3" "tx398e5e22aec0408d9c754-00697b111f" "proxy-server 20" 0.0105 "-" 22 0
Jan 29 07:49:51 standalone proxy-server[129441]: 172.18.0.2 172.18.0.100 29/Jan/2026/07/49/51 PUT /v1/AUTH_4c69ec2c9fbd43d18b3423fd1c2c1a6b/gnocchi.aa36e686-af3b-4363-ad8a-f4bc727ca0f4/1769040000.0_mean_300.0_v3 HTTP/1.0 201 - python-swiftclient-3.11.1 gAAAAABpexEBDc6x... 16 - - tx398e5e22aec0408d9c754-00697b111f - 0.0190 - - 1769672991.568001747 1769672991.587000370 0
Jan 29 07:49:51 standalone container-server[127497]: 172.20.0.100 - - [29/Jan/2026:07:49:51 +0000] "PUT /d1/963/AUTH_4c69ec2c9fbd43d18b3423fd1c2c1a6b/gnocchi.aa36e686-af3b-4363-ad8a-f4bc727ca0f4/none_v3" 201 - "PUT http://172.18.0.2:8080/d1/442/AUTH_4c69ec2c9fbd43d18b3423fd1c2c1a6b/gnocchi.aa36e686-af3b-4363-ad8a-f4bc727ca0f4/none_v3" "tx72958e5c9ca8470a955f4-00697b111f" "object-server 23" 0.0006 "-" 21 0
Jan 29 07:49:51 standalone object-server[127635]: 172.20.0.100 - - [29/Jan/2026:07:49:51 +0000] "PUT /d1/442/AUTH_4c69ec2c9fbd43d18b3423fd1c2c1a6b/gnocchi.aa36e686-af3b-4363-ad8a-f4bc727ca0f4/none_v3" 201 - "PUT http://172.18.0.2:8080/v1/AUTH_4c69ec2c9fbd43d18b3423fd1c2c1a6b/gnocchi.aa36e686-af3b-4363-ad8a-f4bc727ca0f4/none_v3" "tx72958e5c9ca8470a955f4-00697b111f" "proxy-server 20" 0.0223 "-" 23 0
Jan 29 07:49:51 standalone proxy-server[129441]: 172.18.0.2 172.18.0.100 29/Jan/2026/07/49/51 PUT /v1/AUTH_4c69ec2c9fbd43d18b3423fd1c2c1a6b/gnocchi.aa36e686-af3b-4363-ad8a-f4bc727ca0f4/none_v3 HTTP/1.0 201 - python-swiftclient-3.11.1 gAAAAABpexEBDc6x... 32 - - tx72958e5c9ca8470a955f4-00697b111f - 0.0311 - - 1769672991.590650082 1769672991.621766329 0
Jan 29 07:50:00 standalone container-server[127372]: Begin container update sweep
Jan 29 07:50:00 standalone account-server[127323]: 172.20.0.100 - - [29/Jan/2026:07:50:00 +0000] "PUT /d1/672/AUTH_4c69ec2c9fbd43d18b3423fd1c2c1a6b/gnocchi.aa36e686-af3b-4363-ad8a-f4bc727ca0f4" 201 - "-" "-" "container-updater 2" 0.0011 "-" 18 0
Jan 29 07:50:01 standalone container-server[127372]: Container update sweep completed: 0.12s
Jan 29 07:50:22 standalone account-server[127346]: 172.20.0.100 - - [29/Jan/2026:07:50:22 +0000] "HEAD /d1/672/AUTH_4c69ec2c9fbd43d18b3423fd1c2c1a6b" 204 - "HEAD http://172.18.0.2:8080/v1/AUTH_4c69ec2c9fbd43d18b3423fd1c2c1a6b?format=json" "tx7dfe94951731479ba6cac-00697b113e" "proxy-server 20" 0.0237 "-" 19 -
Jan 29 07:50:22 standalone proxy-server[129441]: - - 29/Jan/2026/07/50/22 HEAD /v1/AUTH_4c69ec2c9fbd43d18b3423fd1c2c1a6b%3Fformat%3Djson HTTP/1.0 204 - Swift - - - - tx7dfe94951731479ba6cac-00697b113e - 0.0287 RL - 1769673022.668585777 1769673022.697255850 -
Jan 29 07:50:22 standalone container-server[127492]: 172.20.0.100 - - [29/Jan/2026:07:50:22 +0000] "HEAD /d1/759/AUTH_4c69ec2c9fbd43d18b3423fd1c2c1a6b/gnocchi.a1eee8e3-ae7a-46ca-a448-d62a21ddaed3" 404 - "HEAD http://172.18.0.2:8080/v1/AUTH_4c69ec2c9fbd43d18b3423fd1c2c1a6b/gnocchi.a1eee8e3-ae7a-46ca-a448-d62a21ddaed3?format=json&states=listing" "tx7dfe94951731479ba6cac-00697b113e" "proxy-server 20" 0.0005 "-" 20 0
Jan 29 07:50:22 standalone object-server[127637]: 172.20.0.100 - - [29/Jan/2026:07:50:22 +0000] "GET /d1/403/AUTH_4c69ec2c9fbd43d18b3423fd1c2c1a6b/gnocchi.a1eee8e3-ae7a-46ca-a448-d62a21ddaed3/none_v3" 404 70 "GET http://172.18.0.2:8080/v1/AUTH_4c69ec2c9fbd43d18b3423fd1c2c1a6b/gnocchi.a1eee8e3-ae7a-46ca-a448-d62a21ddaed3/none_v3" "tx7dfe94951731479ba6cac-00697b113e" "proxy-server 20" 0.0004 "-" 25 0
Jan 29 07:50:22 standalone proxy-server[129441]: 172.18.0.2 172.18.0.100 29/Jan/2026/07/50/22 GET /v1/AUTH_4c69ec2c9fbd43d18b3423fd1c2c1a6b/gnocchi.a1eee8e3-ae7a-46ca-a448-d62a21ddaed3/none_v3 HTTP/1.0 404 - python-swiftclient-3.11.1 gAAAAABpexEBDc6x... - 70 - tx7dfe94951731479ba6cac-00697b113e - 0.0391 - - 1769673022.666622639 1769673022.705707788 0
Jan 29 07:50:22 standalone account-server[127305]: 172.20.0.100 - - [29/Jan/2026:07:50:22 +0000] "PUT /d1/672/AUTH_4c69ec2c9fbd43d18b3423fd1c2c1a6b/gnocchi.a1eee8e3-ae7a-46ca-a448-d62a21ddaed3" 201 - "PUT http://172.20.0.100:6001/d1/759/AUTH_4c69ec2c9fbd43d18b3423fd1c2c1a6b/gnocchi.a1eee8e3-ae7a-46ca-a448-d62a21ddaed3" "tx98b3a1e3961b4dad95882-00697b113e" "container-server 22" 0.0012 "-" 17 0
Jan 29 07:50:22 standalone container-server[127507]: 172.20.0.100 - - [29/Jan/2026:07:50:22 +0000] "PUT /d1/759/AUTH_4c69ec2c9fbd43d18b3423fd1c2c1a6b/gnocchi.a1eee8e3-ae7a-46ca-a448-d62a21ddaed3" 201 - "PUT http://172.18.0.2:8080/v1/AUTH_4c69ec2c9fbd43d18b3423fd1c2c1a6b/gnocchi.a1eee8e3-ae7a-46ca-a448-d62a21ddaed3" "tx98b3a1e3961b4dad95882-00697b113e" "proxy-server 20" 0.0186 "-" 22 0
Jan 29 07:50:22 standalone proxy-server[129441]: 172.18.0.2 172.18.0.100 29/Jan/2026/07/50/22 PUT /v1/AUTH_4c69ec2c9fbd43d18b3423fd1c2c1a6b/gnocchi.a1eee8e3-ae7a-46ca-a448-d62a21ddaed3 HTTP/1.0 201 - python-swiftclient-3.11.1 gAAAAABpexEBDc6x... - - - tx98b3a1e3961b4dad95882-00697b113e - 0.0237 - - 1769673022.708402395 1769673022.732088089 0
Jan 29 07:50:22 standalone container-server[127509]: 172.20.0.100 - - [29/Jan/2026:07:50:22 +0000] "HEAD /d1/759/AUTH_4c69ec2c9fbd43d18b3423fd1c2c1a6b/gnocchi.a1eee8e3-ae7a-46ca-a448-d62a21ddaed3" 204 - "HEAD http://172.18.0.2:8080/v1/AUTH_4c69ec2c9fbd43d18b3423fd1c2c1a6b/gnocchi.a1eee8e3-ae7a-46ca-a448-d62a21ddaed3?format=json&states=listing" "tx8ef0683702e240da85850-00697b113e" "proxy-server 20" 0.0014 "-" 23 0
Jan 29 07:50:22 standalone proxy-server[129441]: - - 29/Jan/2026/07/50/22 HEAD /v1/AUTH_4c69ec2c9fbd43d18b3423fd1c2c1a6b/gnocchi.a1eee8e3-ae7a-46ca-a448-d62a21ddaed3%3Fformat%3Djson%26states%3Dlisting HTTP/1.0 204 - Swift - - - - tx8ef0683702e240da85850-00697b113e - 0.0044 RL - 1769673022.737097025 1769673022.741452694 0
Jan 29 07:50:22 standalone container-server[127507]: 172.20.0.100 - - [29/Jan/2026:07:50:22 +0000] "GET /d1/759/AUTH_4c69ec2c9fbd43d18b3423fd1c2c1a6b/gnocchi.a1eee8e3-ae7a-46ca-a448-d62a21ddaed3" 200 2 "GET http://172.18.0.2:8080/v1/AUTH_4c69ec2c9fbd43d18b3423fd1c2c1a6b/gnocchi.a1eee8e3-ae7a-46ca-a448-d62a21ddaed3?format=json&states=listing" "tx8ef0683702e240da85850-00697b113e" "proxy-server 20" 0.0043 "-" 22 0
Jan 29 07:50:22 standalone proxy-server[129441]: 172.18.0.2 172.18.0.100 29/Jan/2026/07/50/22 GET /v1/AUTH_4c69ec2c9fbd43d18b3423fd1c2c1a6b/gnocchi.a1eee8e3-ae7a-46ca-a448-d62a21ddaed3%3Fformat%3Djson%26states%3Dlisting HTTP/1.0 200 - python-swiftclient-3.11.1 gAAAAABpexEBDc6x... - 2 - tx8ef0683702e240da85850-00697b113e - 0.0160 - - 1769673022.736250639 1769673022.752269506 0
Jan 29 07:50:22 standalone object-server[127637]: 172.20.0.100 - - [29/Jan/2026:07:50:22 +0000] "GET /d1/292/AUTH_4c69ec2c9fbd43d18b3423fd1c2c1a6b/gnocchi.a1eee8e3-ae7a-46ca-a448-d62a21ddaed3/1769040000.0_mean_300.0_v3" 404 70 "GET http://172.18.0.2:8080/v1/AUTH_4c69ec2c9fbd43d18b3423fd1c2c1a6b/gnocchi.a1eee8e3-ae7a-46ca-a448-d62a21ddaed3/1769040000.0_mean_300.0_v3" "tx277b9598cbcb4d21ae26f-00697b113e" "proxy-server 20" 0.0006 "-" 25 0
Jan 29 07:50:22 standalone proxy-server[129441]: 172.18.0.2 172.18.0.100 29/Jan/2026/07/50/22 GET /v1/AUTH_4c69ec2c9fbd43d18b3423fd1c2c1a6b/gnocchi.a1eee8e3-ae7a-46ca-a448-d62a21ddaed3/1769040000.0_mean_300.0_v3 HTTP/1.0 404 - python-swiftclient-3.11.1 gAAAAABpexEBDc6x... - 70 - tx277b9598cbcb4d21ae26f-00697b113e - 0.0056 - - 1769673022.757286072 1769673022.762905359 0
Jan 29 07:50:22 standalone container-server[127507]: 172.20.0.100 - - [29/Jan/2026:07:50:22 +0000] "PUT /d1/759/AUTH_4c69ec2c9fbd43d18b3423fd1c2c1a6b/gnocchi.a1eee8e3-ae7a-46ca-a448-d62a21ddaed3/1769040000.0_mean_300.0_v3" 201 - "PUT http://172.18.0.2:8080/d1/292/AUTH_4c69ec2c9fbd43d18b3423fd1c2c1a6b/gnocchi.a1eee8e3-ae7a-46ca-a448-d62a21ddaed3/1769040000.0_mean_300.0_v3" "txa547a154a8e9445dbb6bb-00697b113e" "object-server 24" 0.0008 "-" 22 0
Jan 29 07:50:22 standalone object-server[127636]: 172.20.0.100 - - [29/Jan/2026:07:50:22 +0000] "PUT /d1/292/AUTH_4c69ec2c9fbd43d18b3423fd1c2c1a6b/gnocchi.a1eee8e3-ae7a-46ca-a448-d62a21ddaed3/1769040000.0_mean_300.0_v3" 201 - "PUT http://172.18.0.2:8080/v1/AUTH_4c69ec2c9fbd43d18b3423fd1c2c1a6b/gnocchi.a1eee8e3-ae7a-46ca-a448-d62a21ddaed3/1769040000.0_mean_300.0_v3" "txa547a154a8e9445dbb6bb-00697b113e" "proxy-server 20" 0.0550 "-" 24 0
Jan 29 07:50:22 standalone proxy-server[129441]: 172.18.0.2 172.18.0.100 29/Jan/2026/07/50/22 PUT /v1/AUTH_4c69ec2c9fbd43d18b3423fd1c2c1a6b/gnocchi.a1eee8e3-ae7a-46ca-a448-d62a21ddaed3/1769040000.0_mean_300.0_v3 HTTP/1.0 201 - python-swiftclient-3.11.1 gAAAAABpexEBDc6x... 16 - - txa547a154a8e9445dbb6bb-00697b113e - 0.0623 - - 1769673022.768595219 1769673022.830867290 0
Jan 29 07:50:22 standalone container-server[127497]: 172.20.0.100 - - [29/Jan/2026:07:50:22 +0000] "PUT /d1/759/AUTH_4c69ec2c9fbd43d18b3423fd1c2c1a6b/gnocchi.a1eee8e3-ae7a-46ca-a448-d62a21ddaed3/none_v3" 201 - "PUT http://172.18.0.2:8080/d1/403/AUTH_4c69ec2c9fbd43d18b3423fd1c2c1a6b/gnocchi.a1eee8e3-ae7a-46ca-a448-d62a21ddaed3/none_v3" "tx272a43ed0a624e70a44a8-00697b113e" "object-server 23" 0.0007 "-" 21 0
Jan 29 07:50:22 standalone object-server[127635]: 172.20.0.100 - - [29/Jan/2026:07:50:22 +0000] "PUT /d1/403/AUTH_4c69ec2c9fbd43d18b3423fd1c2c1a6b/gnocchi.a1eee8e3-ae7a-46ca-a448-d62a21ddaed3/none_v3" 201 - "PUT http://172.18.0.2:8080/v1/AUTH_4c69ec2c9fbd43d18b3423fd1c2c1a6b/gnocchi.a1eee8e3-ae7a-46ca-a448-d62a21ddaed3/none_v3" "tx272a43ed0a624e70a44a8-00697b113e" "proxy-server 20" 0.0486 "-" 23 0
Jan 29 07:50:22 standalone proxy-server[129441]: 172.18.0.2 172.18.0.100 29/Jan/2026/07/50/22 PUT /v1/AUTH_4c69ec2c9fbd43d18b3423fd1c2c1a6b/gnocchi.a1eee8e3-ae7a-46ca-a448-d62a21ddaed3/none_v3 HTTP/1.0 201 - python-swiftclient-3.11.1 gAAAAABpexEBDc6x... 22 - - tx272a43ed0a624e70a44a8-00697b113e - 0.0552 - - 1769673022.836472273 1769673022.891669035 0
Jan 29 07:50:22 standalone container-server[127492]: 172.20.0.100 - - [29/Jan/2026:07:50:22 +0000] "HEAD /d1/427/AUTH_4c69ec2c9fbd43d18b3423fd1c2c1a6b/gnocchi.f0eaacae-ddec-4393-accb-840c21114476" 404 - "HEAD http://172.18.0.2:8080/v1/AUTH_4c69ec2c9fbd43d18b3423fd1c2c1a6b/gnocchi.f0eaacae-ddec-4393-accb-840c21114476?format=json&states=listing" "tx442e4a8cf6e54d8faffbc-00697b113e" "proxy-server 20" 0.0007 "-" 20 0
Jan 29 07:50:22 standalone object-server[127636]: 172.20.0.100 - - [29/Jan/2026:07:50:22 +0000] "GET /d1/505/AUTH_4c69ec2c9fbd43d18b3423fd1c2c1a6b/gnocchi.f0eaacae-ddec-4393-accb-840c21114476/none_v3" 404 70 "GET http://172.18.0.2:8080/v1/AUTH_4c69ec2c9fbd43d18b3423fd1c2c1a6b/gnocchi.f0eaacae-ddec-4393-accb-840c21114476/none_v3" "tx442e4a8cf6e54d8faffbc-00697b113e" "proxy-server 20" 0.0005 "-" 24 0
Jan 29 07:50:22 standalone proxy-server[129441]: 172.18.0.2 172.18.0.100 29/Jan/2026/07/50/22 GET /v1/AUTH_4c69ec2c9fbd43d18b3423fd1c2c1a6b/gnocchi.f0eaacae-ddec-4393-accb-840c21114476/none_v3 HTTP/1.0 404 - python-swiftclient-3.11.1 gAAAAABpexEBDc6x... - 70 - tx442e4a8cf6e54d8faffbc-00697b113e - 0.0113 - - 1769673022.903600931 1769673022.914891481 0
Jan 29 07:50:22 standalone account-server[127323]: 172.20.0.100 - - [29/Jan/2026:07:50:22 +0000] "PUT /d1/672/AUTH_4c69ec2c9fbd43d18b3423fd1c2c1a6b/gnocchi.f0eaacae-ddec-4393-accb-840c21114476" 201 - "PUT http://172.20.0.100:6001/d1/427/AUTH_4c69ec2c9fbd43d18b3423fd1c2c1a6b/gnocchi.f0eaacae-ddec-4393-accb-840c21114476" "tx7e200bca5c134b92affb9-00697b113e" "container-server 23" 0.0165 "-" 18 0
Jan 29 07:50:22 standalone container-server[127509]: 172.20.0.100 - - [29/Jan/2026:07:50:22 +0000] "PUT /d1/427/AUTH_4c69ec2c9fbd43d18b3423fd1c2c1a6b/gnocchi.f0eaacae-ddec-4393-accb-840c21114476" 201 - "PUT http://172.18.0.2:8080/v1/AUTH_4c69ec2c9fbd43d18b3423fd1c2c1a6b/gnocchi.f0eaacae-ddec-4393-accb-840c21114476" "tx7e200bca5c134b92affb9-00697b113e" "proxy-server 20" 0.0581 "-" 23 0
Jan 29 07:50:22 standalone proxy-server[129441]: 172.18.0.2 172.18.0.100 29/Jan/2026/07/50/22 PUT /v1/AUTH_4c69ec2c9fbd43d18b3423fd1c2c1a6b/gnocchi.f0eaacae-ddec-4393-accb-840c21114476 HTTP/1.0 201 - python-swiftclient-3.11.1 gAAAAABpexEBDc6x... - - - tx7e200bca5c134b92affb9-00697b113e - 0.0643 - - 1769673022.918536901 1769673022.982848883 0
Jan 29 07:50:23 standalone container-server[127507]: 172.20.0.100 - - [29/Jan/2026:07:50:23 +0000] "HEAD /d1/427/AUTH_4c69ec2c9fbd43d18b3423fd1c2c1a6b/gnocchi.f0eaacae-ddec-4393-accb-840c21114476" 204 - "HEAD http://172.18.0.2:8080/v1/AUTH_4c69ec2c9fbd43d18b3423fd1c2c1a6b/gnocchi.f0eaacae-ddec-4393-accb-840c21114476?format=json&states=listing" "tx9d02a26b0844448cb3b66-00697b113e" "proxy-server 20" 0.0019 "-" 22 0
Jan 29 07:50:23 standalone proxy-server[129441]: - - 29/Jan/2026/07/50/23 HEAD /v1/AUTH_4c69ec2c9fbd43d18b3423fd1c2c1a6b/gnocchi.f0eaacae-ddec-4393-accb-840c21114476%3Fformat%3Djson%26states%3Dlisting HTTP/1.0 204 - Swift - - - - tx9d02a26b0844448cb3b66-00697b113e - 0.0053 RL - 1769673022.997126102 1769673023.002413750 0
Jan 29 07:50:23 standalone container-server[127497]: 172.20.0.100 - - [29/Jan/2026:07:50:23 +0000] "GET /d1/427/AUTH_4c69ec2c9fbd43d18b3423fd1c2c1a6b/gnocchi.f0eaacae-ddec-4393-accb-840c21114476" 200 2 "GET http://172.18.0.2:8080/v1/AUTH_4c69ec2c9fbd43d18b3423fd1c2c1a6b/gnocchi.f0eaacae-ddec-4393-accb-840c21114476?format=json&states=listing" "tx9d02a26b0844448cb3b66-00697b113e" "proxy-server 20" 0.0038 "-" 21 0
Jan 29 07:50:23 standalone proxy-server[129441]: 172.18.0.2 172.18.0.100 29/Jan/2026/07/50/23 GET /v1/AUTH_4c69ec2c9fbd43d18b3423fd1c2c1a6b/gnocchi.f0eaacae-ddec-4393-accb-840c21114476%3Fformat%3Djson%26states%3Dlisting HTTP/1.0 200 - python-swiftclient-3.11.1 gAAAAABpexEBDc6x... - 2 - tx9d02a26b0844448cb3b66-00697b113e - 0.0154 - - 1769673022.995840788 1769673023.011264324 0
Jan 29 07:50:23 standalone object-server[127636]: 172.20.0.100 - - [29/Jan/2026:07:50:23 +0000] "GET /d1/637/AUTH_4c69ec2c9fbd43d18b3423fd1c2c1a6b/gnocchi.f0eaacae-ddec-4393-accb-840c21114476/1769040000.0_mean_300.0_v3" 404 70 "GET http://172.18.0.2:8080/v1/AUTH_4c69ec2c9fbd43d18b3423fd1c2c1a6b/gnocchi.f0eaacae-ddec-4393-accb-840c21114476/1769040000.0_mean_300.0_v3" "tx51834910fc234e0a97d1c-00697b113f" "proxy-server 20" 0.0005 "-" 24 0
Jan 29 07:50:23 standalone proxy-server[129441]: 172.18.0.2 172.18.0.100 29/Jan/2026/07/50/23 GET /v1/AUTH_4c69ec2c9fbd43d18b3423fd1c2c1a6b/gnocchi.f0eaacae-ddec-4393-accb-840c21114476/1769040000.0_mean_300.0_v3 HTTP/1.0 404 - python-swiftclient-3.11.1 gAAAAABpexEBDc6x... - 70 - tx51834910fc234e0a97d1c-00697b113f - 0.0050 - - 1769673023.015536547 1769673023.020503521 0
Jan 29 07:50:23 standalone container-server[127497]: 172.20.0.100 - - [29/Jan/2026:07:50:23 +0000] "PUT /d1/427/AUTH_4c69ec2c9fbd43d18b3423fd1c2c1a6b/gnocchi.f0eaacae-ddec-4393-accb-840c21114476/1769040000.0_mean_300.0_v3" 201 - "PUT http://172.18.0.2:8080/d1/637/AUTH_4c69ec2c9fbd43d18b3423fd1c2c1a6b/gnocchi.f0eaacae-ddec-4393-accb-840c21114476/1769040000.0_mean_300.0_v3" "tx1260854ae6f047378c53a-00697b113f" "object-server 25" 0.0007 "-" 21 0
Jan 29 07:50:23 standalone object-server[127637]: 172.20.0.100 - - [29/Jan/2026:07:50:23 +0000] "PUT /d1/637/AUTH_4c69ec2c9fbd43d18b3423fd1c2c1a6b/gnocchi.f0eaacae-ddec-4393-accb-840c21114476/1769040000.0_mean_300.0_v3" 201 - "PUT http://172.18.0.2:8080/v1/AUTH_4c69ec2c9fbd43d18b3423fd1c2c1a6b/gnocchi.f0eaacae-ddec-4393-accb-840c21114476/1769040000.0_mean_300.0_v3" "tx1260854ae6f047378c53a-00697b113f" "proxy-server 20" 0.0132 "-" 25 0
Jan 29 07:50:23 standalone proxy-server[129441]: 172.18.0.2 172.18.0.100 29/Jan/2026/07/50/23 PUT /v1/AUTH_4c69ec2c9fbd43d18b3423fd1c2c1a6b/gnocchi.f0eaacae-ddec-4393-accb-840c21114476/1769040000.0_mean_300.0_v3 HTTP/1.0 201 - python-swiftclient-3.11.1 gAAAAABpexEBDc6x... 16 - - tx1260854ae6f047378c53a-00697b113f - 0.0178 - - 1769673023.024056673 1769673023.041815281 0
Jan 29 07:50:23 standalone container-server[127492]: 172.20.0.100 - - [29/Jan/2026:07:50:23 +0000] "PUT /d1/427/AUTH_4c69ec2c9fbd43d18b3423fd1c2c1a6b/gnocchi.f0eaacae-ddec-4393-accb-840c21114476/none_v3" 201 - "PUT http://172.18.0.2:8080/d1/505/AUTH_4c69ec2c9fbd43d18b3423fd1c2c1a6b/gnocchi.f0eaacae-ddec-4393-accb-840c21114476/none_v3" "txac0062f6eedf485b967a1-00697b113f" "object-server 24" 0.0005 "-" 20 0
Jan 29 07:50:23 standalone object-server[127636]: 172.20.0.100 - - [29/Jan/2026:07:50:23 +0000] "PUT /d1/505/AUTH_4c69ec2c9fbd43d18b3423fd1c2c1a6b/gnocchi.f0eaacae-ddec-4393-accb-840c21114476/none_v3" 201 - "PUT http://172.18.0.2:8080/v1/AUTH_4c69ec2c9fbd43d18b3423fd1c2c1a6b/gnocchi.f0eaacae-ddec-4393-accb-840c21114476/none_v3" "txac0062f6eedf485b967a1-00697b113f" "proxy-server 20" 0.0102 "-" 24 0
Jan 29 07:50:23 standalone proxy-server[129441]: 172.18.0.2 172.18.0.100 29/Jan/2026/07/50/23 PUT /v1/AUTH_4c69ec2c9fbd43d18b3423fd1c2c1a6b/gnocchi.f0eaacae-ddec-4393-accb-840c21114476/none_v3 HTTP/1.0 201 - python-swiftclient-3.11.1 gAAAAABpexEBDc6x... 22 - - txac0062f6eedf485b967a1-00697b113f - 0.0153 - - 1769673023.044245958 1769673023.059496164 0
Jan 29 07:50:27 standalone account-server[127346]: 172.20.0.100 - - [29/Jan/2026:07:50:27 +0000] "HEAD /d1/54/.expiring_objects" 404 - "HEAD http://localhost/v1/.expiring_objects?format=json" "txd4ca7e1e8a7546f5be70c-00697b1143" "proxy-server 2" 0.0004 "-" 19 -
Jan 29 07:50:27 standalone object-expirer[127424]: Pass completed in 0s; 0 objects expired (txn: txd4ca7e1e8a7546f5be70c-00697b1143)
Jan 29 07:50:30 standalone container-server[127497]: 172.20.0.100 - - [29/Jan/2026:07:50:30 +0000] "HEAD /d1/216/AUTH_4c69ec2c9fbd43d18b3423fd1c2c1a6b/gnocchi.ad5712c4-1823-4596-9461-1843a41f1778" 404 - "HEAD http://172.18.0.2:8080/v1/AUTH_4c69ec2c9fbd43d18b3423fd1c2c1a6b/gnocchi.ad5712c4-1823-4596-9461-1843a41f1778?format=json&states=listing" "txd56c450346104c5fadcee-00697b1146" "proxy-server 20" 0.0006 "-" 21 0
Jan 29 07:50:30 standalone object-server[127635]: 172.20.0.100 - - [29/Jan/2026:07:50:30 +0000] "GET /d1/688/AUTH_4c69ec2c9fbd43d18b3423fd1c2c1a6b/gnocchi.ad5712c4-1823-4596-9461-1843a41f1778/none_v3" 404 70 "GET http://172.18.0.2:8080/v1/AUTH_4c69ec2c9fbd43d18b3423fd1c2c1a6b/gnocchi.ad5712c4-1823-4596-9461-1843a41f1778/none_v3" "txd56c450346104c5fadcee-00697b1146" "proxy-server 20" 0.0009 "-" 23 0
Jan 29 07:50:30 standalone proxy-server[129441]: 172.18.0.2 172.18.0.100 29/Jan/2026/07/50/30 GET /v1/AUTH_4c69ec2c9fbd43d18b3423fd1c2c1a6b/gnocchi.ad5712c4-1823-4596-9461-1843a41f1778/none_v3 HTTP/1.0 404 - python-swiftclient-3.11.1 gAAAAABpexEBDc6x... - 70 - txd56c450346104c5fadcee-00697b1146 - 0.0147 - - 1769673030.814721823 1769673030.829412460 0
Jan 29 07:50:30 standalone account-server[127323]: 172.20.0.100 - - [29/Jan/2026:07:50:30 +0000] "PUT /d1/672/AUTH_4c69ec2c9fbd43d18b3423fd1c2c1a6b/gnocchi.ad5712c4-1823-4596-9461-1843a41f1778" 201 - "PUT http://172.20.0.100:6001/d1/216/AUTH_4c69ec2c9fbd43d18b3423fd1c2c1a6b/gnocchi.ad5712c4-1823-4596-9461-1843a41f1778" "txe8f499200cd84245a4ef6-00697b1146" "container-server 22" 0.0066 "-" 18 0
Jan 29 07:50:30 standalone container-server[127507]: 172.20.0.100 - - [29/Jan/2026:07:50:30 +0000] "PUT /d1/216/AUTH_4c69ec2c9fbd43d18b3423fd1c2c1a6b/gnocchi.ad5712c4-1823-4596-9461-1843a41f1778" 201 - "PUT http://172.18.0.2:8080/v1/AUTH_4c69ec2c9fbd43d18b3423fd1c2c1a6b/gnocchi.ad5712c4-1823-4596-9461-1843a41f1778" "txe8f499200cd84245a4ef6-00697b1146" "proxy-server 20" 0.0209 "-" 22 0
Jan 29 07:50:30 standalone proxy-server[129441]: 172.18.0.2 172.18.0.100 29/Jan/2026/07/50/30 PUT /v1/AUTH_4c69ec2c9fbd43d18b3423fd1c2c1a6b/gnocchi.ad5712c4-1823-4596-9461-1843a41f1778 HTTP/1.0 201 - python-swiftclient-3.11.1 gAAAAABpexEBDc6x... - - - txe8f499200cd84245a4ef6-00697b1146 - 0.0274 - - 1769673030.833159685 1769673030.860554457 0
Jan 29 07:50:30 standalone container-server[127497]: 172.20.0.100 - - [29/Jan/2026:07:50:30 +0000] "HEAD /d1/382/AUTH_4c69ec2c9fbd43d18b3423fd1c2c1a6b/gnocchi.d8413bfc-0b29-4700-a887-f64d72d1d778" 404 - "HEAD http://172.18.0.2:8080/v1/AUTH_4c69ec2c9fbd43d18b3423fd1c2c1a6b/gnocchi.d8413bfc-0b29-4700-a887-f64d72d1d778?format=json&states=listing" "tx9fd4e2e2ba124e31a2521-00697b1146" "proxy-server 20" 0.0005 "-" 21 0
Jan 29 07:50:30 standalone object-server[127634]: 172.20.0.100 - - [29/Jan/2026:07:50:30 +0000] "GET /d1/169/AUTH_4c69ec2c9fbd43d18b3423fd1c2c1a6b/gnocchi.d8413bfc-0b29-4700-a887-f64d72d1d778/none_v3" 404 70 "GET http://172.18.0.2:8080/v1/AUTH_4c69ec2c9fbd43d18b3423fd1c2c1a6b/gnocchi.d8413bfc-0b29-4700-a887-f64d72d1d778/none_v3" "tx9fd4e2e2ba124e31a2521-00697b1146" "proxy-server 20" 0.0005 "-" 22 0
Jan 29 07:50:30 standalone proxy-server[129441]: 172.18.0.2 172.18.0.100 29/Jan/2026/07/50/30 GET /v1/AUTH_4c69ec2c9fbd43d18b3423fd1c2c1a6b/gnocchi.d8413bfc-0b29-4700-a887-f64d72d1d778/none_v3 HTTP/1.0 404 - python-swiftclient-3.11.1 gAAAAABpexEBDc6x... - 70 - tx9fd4e2e2ba124e31a2521-00697b1146 - 0.0104 - - 1769673030.863238335 1769673030.873616457 0
Jan 29 07:50:30 standalone account-server[127346]: 172.20.0.100 - - [29/Jan/2026:07:50:30 +0000] "PUT /d1/672/AUTH_4c69ec2c9fbd43d18b3423fd1c2c1a6b/gnocchi.d8413bfc-0b29-4700-a887-f64d72d1d778" 201 - "PUT http://172.20.0.100:6001/d1/382/AUTH_4c69ec2c9fbd43d18b3423fd1c2c1a6b/gnocchi.d8413bfc-0b29-4700-a887-f64d72d1d778" "tx9582a25455e54af198599-00697b1146" "container-server 20" 0.0067 "-" 19 0
Jan 29 07:50:30 standalone container-server[127492]: 172.20.0.100 - - [29/Jan/2026:07:50:30 +0000] "PUT /d1/382/AUTH_4c69ec2c9fbd43d18b3423fd1c2c1a6b/gnocchi.d8413bfc-0b29-4700-a887-f64d72d1d778" 201 - "PUT http://172.18.0.2:8080/v1/AUTH_4c69ec2c9fbd43d18b3423fd1c2c1a6b/gnocchi.d8413bfc-0b29-4700-a887-f64d72d1d778" "tx9582a25455e54af198599-00697b1146" "proxy-server 20" 0.0184 "-" 20 0
Jan 29 07:50:30 standalone proxy-server[129441]: 172.18.0.2 172.18.0.100 29/Jan/2026/07/50/30 PUT /v1/AUTH_4c69ec2c9fbd43d18b3423fd1c2c1a6b/gnocchi.d8413bfc-0b29-4700-a887-f64d72d1d778 HTTP/1.0 201 - python-swiftclient-3.11.1 gAAAAABpexEBDc6x... - - - tx9582a25455e54af198599-00697b1146 - 0.0242 - - 1769673030.876492500 1769673030.900714636 0
Jan 29 07:50:30 standalone container-server[127492]: 172.20.0.100 - - [29/Jan/2026:07:50:30 +0000] "HEAD /d1/216/AUTH_4c69ec2c9fbd43d18b3423fd1c2c1a6b/gnocchi.ad5712c4-1823-4596-9461-1843a41f1778" 204 - "HEAD http://172.18.0.2:8080/v1/AUTH_4c69ec2c9fbd43d18b3423fd1c2c1a6b/gnocchi.ad5712c4-1823-4596-9461-1843a41f1778?format=json&states=listing" "tx453fbe60249a4dba8b0a0-00697b1146" "proxy-server 20" 0.0017 "-" 20 0
Jan 29 07:50:30 standalone proxy-server[129441]: - - 29/Jan/2026/07/50/30 HEAD /v1/AUTH_4c69ec2c9fbd43d18b3423fd1c2c1a6b/gnocchi.ad5712c4-1823-4596-9461-1843a41f1778%3Fformat%3Djson%26states%3Dlisting HTTP/1.0 204 - Swift - - - - tx453fbe60249a4dba8b0a0-00697b1146 - 0.0061 RL - 1769673030.905987263 1769673030.912060022 0
Jan 29 07:50:30 standalone container-server[127492]: 172.20.0.100 - - [29/Jan/2026:07:50:30 +0000] "GET /d1/216/AUTH_4c69ec2c9fbd43d18b3423fd1c2c1a6b/gnocchi.ad5712c4-1823-4596-9461-1843a41f1778" 200 2 "GET http://172.18.0.2:8080/v1/AUTH_4c69ec2c9fbd43d18b3423fd1c2c1a6b/gnocchi.ad5712c4-1823-4596-9461-1843a41f1778?format=json&states=listing" "tx453fbe60249a4dba8b0a0-00697b1146" "proxy-server 20" 0.0020 "-" 20 0
Jan 29 07:50:30 standalone proxy-server[129441]: 172.18.0.2 172.18.0.100 29/Jan/2026/07/50/30 GET /v1/AUTH_4c69ec2c9fbd43d18b3423fd1c2c1a6b/gnocchi.ad5712c4-1823-4596-9461-1843a41f1778%3Fformat%3Djson%26states%3Dlisting HTTP/1.0 200 - python-swiftclient-3.11.1 gAAAAABpexEBDc6x... - 2 - tx453fbe60249a4dba8b0a0-00697b1146 - 0.0163 - - 1769673030.904706240 1769673030.921024561 0
Jan 29 07:50:30 standalone container-server[127507]: 172.20.0.100 - - [29/Jan/2026:07:50:30 +0000] "HEAD /d1/382/AUTH_4c69ec2c9fbd43d18b3423fd1c2c1a6b/gnocchi.d8413bfc-0b29-4700-a887-f64d72d1d778" 204 - "HEAD http://172.18.0.2:8080/v1/AUTH_4c69ec2c9fbd43d18b3423fd1c2c1a6b/gnocchi.d8413bfc-0b29-4700-a887-f64d72d1d778?format=json&states=listing" "txc16c26ccbbc7441b86147-00697b1146" "proxy-server 20" 0.0021 "-" 22 0
Jan 29 07:50:30 standalone proxy-server[129441]: - - 29/Jan/2026/07/50/30 HEAD /v1/AUTH_4c69ec2c9fbd43d18b3423fd1c2c1a6b/gnocchi.d8413bfc-0b29-4700-a887-f64d72d1d778%3Fformat%3Djson%26states%3Dlisting HTTP/1.0 204 - Swift - - - - txc16c26ccbbc7441b86147-00697b1146 - 0.0072 RL - 1769673030.928856373 1769673030.936100006 0
Jan 29 07:50:30 standalone container-server[127507]: 172.20.0.100 - - [29/Jan/2026:07:50:30 +0000] "GET /d1/382/AUTH_4c69ec2c9fbd43d18b3423fd1c2c1a6b/gnocchi.d8413bfc-0b29-4700-a887-f64d72d1d778" 200 2 "GET http://172.18.0.2:8080/v1/AUTH_4c69ec2c9fbd43d18b3423fd1c2c1a6b/gnocchi.d8413bfc-0b29-4700-a887-f64d72d1d778?format=json&states=listing" "txc16c26ccbbc7441b86147-00697b1146" "proxy-server 20" 0.0019 "-" 22 0
Jan 29 07:50:30 standalone proxy-server[129441]: 172.18.0.2 172.18.0.100 29/Jan/2026/07/50/30 GET /v1/AUTH_4c69ec2c9fbd43d18b3423fd1c2c1a6b/gnocchi.d8413bfc-0b29-4700-a887-f64d72d1d778%3Fformat%3Djson%26states%3Dlisting HTTP/1.0 200 - python-swiftclient-3.11.1 gAAAAABpexEBDc6x... - 2 - txc16c26ccbbc7441b86147-00697b1146 - 0.0186 - - 1769673030.927149773 1769673030.945726871 0
Jan 29 07:50:30 standalone object-server[127634]: 172.20.0.100 - - [29/Jan/2026:07:50:30 +0000] "GET /d1/346/AUTH_4c69ec2c9fbd43d18b3423fd1c2c1a6b/gnocchi.ad5712c4-1823-4596-9461-1843a41f1778/1769040000.0_mean_300.0_v3" 404 70 "GET http://172.18.0.2:8080/v1/AUTH_4c69ec2c9fbd43d18b3423fd1c2c1a6b/gnocchi.ad5712c4-1823-4596-9461-1843a41f1778/1769040000.0_mean_300.0_v3" "txb63053e26d85492aa72db-00697b1146" "proxy-server 20" 0.0004 "-" 22 0
Jan 29 07:50:30 standalone proxy-server[129441]: 172.18.0.2 172.18.0.100 29/Jan/2026/07/50/30 GET /v1/AUTH_4c69ec2c9fbd43d18b3423fd1c2c1a6b/gnocchi.ad5712c4-1823-4596-9461-1843a41f1778/1769040000.0_mean_300.0_v3 HTTP/1.0 404 - python-swiftclient-3.11.1 gAAAAABpexEBDc6x... - 70 - txb63053e26d85492aa72db-00697b1146 - 0.0069 - - 1769673030.949883938 1769673030.956734180 0
Jan 29 07:50:30 standalone object-server[127635]: 172.20.0.100 - - [29/Jan/2026:07:50:30 +0000] "GET /d1/855/AUTH_4c69ec2c9fbd43d18b3423fd1c2c1a6b/gnocchi.d8413bfc-0b29-4700-a887-f64d72d1d778/1769040000.0_mean_300.0_v3" 404 70 "GET http://172.18.0.2:8080/v1/AUTH_4c69ec2c9fbd43d18b3423fd1c2c1a6b/gnocchi.d8413bfc-0b29-4700-a887-f64d72d1d778/1769040000.0_mean_300.0_v3" "txca800a9cb8b84267946d7-00697b1146" "proxy-server 20" 0.0005 "-" 23 0
Jan 29 07:50:30 standalone proxy-server[129441]: 172.18.0.2 172.18.0.100 29/Jan/2026/07/50/30 GET /v1/AUTH_4c69ec2c9fbd43d18b3423fd1c2c1a6b/gnocchi.d8413bfc-0b29-4700-a887-f64d72d1d778/1769040000.0_mean_300.0_v3 HTTP/1.0 404 - python-swiftclient-3.11.1 gAAAAABpexEBDc6x... - 70 - txca800a9cb8b84267946d7-00697b1146 - 0.0065 - - 1769673030.960300684 1769673030.966799259 0
Jan 29 07:50:30 standalone container-server[127492]: 172.20.0.100 - - [29/Jan/2026:07:50:30 +0000] "PUT /d1/216/AUTH_4c69ec2c9fbd43d18b3423fd1c2c1a6b/gnocchi.ad5712c4-1823-4596-9461-1843a41f1778/1769040000.0_mean_300.0_v3" 201 - "PUT http://172.18.0.2:8080/d1/346/AUTH_4c69ec2c9fbd43d18b3423fd1c2c1a6b/gnocchi.ad5712c4-1823-4596-9461-1843a41f1778/1769040000.0_mean_300.0_v3" "txfd09b4a29253452bb80ff-00697b1146" "object-server 22" 0.0007 "-" 20 0
Jan 29 07:50:30 standalone object-server[127634]: 172.20.0.100 - - [29/Jan/2026:07:50:30 +0000] "PUT /d1/346/AUTH_4c69ec2c9fbd43d18b3423fd1c2c1a6b/gnocchi.ad5712c4-1823-4596-9461-1843a41f1778/1769040000.0_mean_300.0_v3" 201 - "PUT http://172.18.0.2:8080/v1/AUTH_4c69ec2c9fbd43d18b3423fd1c2c1a6b/gnocchi.ad5712c4-1823-4596-9461-1843a41f1778/1769040000.0_mean_300.0_v3" "txfd09b4a29253452bb80ff-00697b1146" "proxy-server 20" 0.0094 "-" 22 0
Jan 29 07:50:30 standalone proxy-server[129441]: 172.18.0.2 172.18.0.100 29/Jan/2026/07/50/30 PUT /v1/AUTH_4c69ec2c9fbd43d18b3423fd1c2c1a6b/gnocchi.ad5712c4-1823-4596-9461-1843a41f1778/1769040000.0_mean_300.0_v3 HTTP/1.0 201 - python-swiftclient-3.11.1 gAAAAABpexEBDc6x... 16 - - txfd09b4a29253452bb80ff-00697b1146 - 0.0161 - - 1769673030.970503330 1769673030.986604691 0
