Jan 29 07:52:14 standalone container-server[127509]: 172.20.0.100 - - [29/Jan/2026:07:52:14 +0000] "HEAD /d1/562/AUTH_4c69ec2c9fbd43d18b3423fd1c2c1a6b/gnocchi.70103948-7a71-4224-b400-c9f4a8c477b7" 204 - "HEAD http://172.18.0.2:8080/v1/AUTH_4c69ec2c9fbd43d18b3423fd1c2c1a6b/gnocchi.70103948-7a71-4224-b400-c9f4a8c477b7?format=json&states=listing" "tx365b9df06f79485fb8d92-00697b11ae" "proxy-server 20" 0.0012 "-" 23 0
Jan 29 07:52:14 standalone proxy-server[129441]: - - 29/Jan/2026/07/52/14 HEAD /v1/AUTH_4c69ec2c9fbd43d18b3423fd1c2c1a6b/gnocchi.70103948-7a71-4224-b400-c9f4a8c477b7%3Fformat%3Djson%26states%3Dlisting HTTP/1.0 204 - Swift - - - - tx365b9df06f79485fb8d92-00697b11ae - 0.0043 RL - 1769673134.582221746 1769673134.586508751 0
Jan 29 07:52:14 standalone container-server[127509]: 172.20.0.100 - - [29/Jan/2026:07:52:14 +0000] "GET /d1/562/AUTH_4c69ec2c9fbd43d18b3423fd1c2c1a6b/gnocchi.70103948-7a71-4224-b400-c9f4a8c477b7" 200 2 "GET http://172.18.0.2:8080/v1/AUTH_4c69ec2c9fbd43d18b3423fd1c2c1a6b/gnocchi.70103948-7a71-4224-b400-c9f4a8c477b7?format=json&states=listing" "tx365b9df06f79485fb8d92-00697b11ae" "proxy-server 20" 0.0016 "-" 23 0
Jan 29 07:52:14 standalone proxy-server[129441]: 172.18.0.2 172.18.0.100 29/Jan/2026/07/52/14 GET /v1/AUTH_4c69ec2c9fbd43d18b3423fd1c2c1a6b/gnocchi.70103948-7a71-4224-b400-c9f4a8c477b7%3Fformat%3Djson%26states%3Dlisting HTTP/1.0 200 - python-swiftclient-3.11.1 gAAAAABpexEBDc6x... - 2 - tx365b9df06f79485fb8d92-00697b11ae - 0.0118 - - 1769673134.581247807 1769673134.593074083 0
Jan 29 07:52:14 standalone object-server[127634]: 172.20.0.100 - - [29/Jan/2026:07:52:14 +0000] "GET /d1/576/AUTH_4c69ec2c9fbd43d18b3423fd1c2c1a6b/gnocchi.0b334429-ccbc-44d6-8702-2085c60321b7/1769040000.0_mean_300.0_v3" 404 70 "GET http://172.18.0.2:8080/v1/AUTH_4c69ec2c9fbd43d18b3423fd1c2c1a6b/gnocchi.0b334429-ccbc-44d6-8702-2085c60321b7/1769040000.0_mean_300.0_v3" "txea2d646cdbdc44609d484-00697b11ae" "proxy-server 20" 0.0004 "-" 22 0
Jan 29 07:52:14 standalone proxy-server[129441]: 172.18.0.2 172.18.0.100 29/Jan/2026/07/52/14 GET /v1/AUTH_4c69ec2c9fbd43d18b3423fd1c2c1a6b/gnocchi.0b334429-ccbc-44d6-8702-2085c60321b7/1769040000.0_mean_300.0_v3 HTTP/1.0 404 - python-swiftclient-3.11.1 gAAAAABpexEBDc6x... - 70 - txea2d646cdbdc44609d484-00697b11ae - 0.0053 - - 1769673134.596987486 1769673134.602297068 0
Jan 29 07:52:14 standalone object-server[127636]: 172.20.0.100 - - [29/Jan/2026:07:52:14 +0000] "GET /d1/266/AUTH_4c69ec2c9fbd43d18b3423fd1c2c1a6b/gnocchi.70103948-7a71-4224-b400-c9f4a8c477b7/1769040000.0_mean_300.0_v3" 404 70 "GET http://172.18.0.2:8080/v1/AUTH_4c69ec2c9fbd43d18b3423fd1c2c1a6b/gnocchi.70103948-7a71-4224-b400-c9f4a8c477b7/1769040000.0_mean_300.0_v3" "tx87c3e38143dd4ac1b39dd-00697b11ae" "proxy-server 20" 0.0003 "-" 24 0
Jan 29 07:52:14 standalone proxy-server[129441]: 172.18.0.2 172.18.0.100 29/Jan/2026/07/52/14 GET /v1/AUTH_4c69ec2c9fbd43d18b3423fd1c2c1a6b/gnocchi.70103948-7a71-4224-b400-c9f4a8c477b7/1769040000.0_mean_300.0_v3 HTTP/1.0 404 - python-swiftclient-3.11.1 gAAAAABpexEBDc6x... - 70 - tx87c3e38143dd4ac1b39dd-00697b11ae - 0.0047 - - 1769673134.604267597 1769673134.608926535 0
Jan 29 07:52:14 standalone container-server[127507]: 172.20.0.100 - - [29/Jan/2026:07:52:14 +0000] "PUT /d1/93/AUTH_4c69ec2c9fbd43d18b3423fd1c2c1a6b/gnocchi.0b334429-ccbc-44d6-8702-2085c60321b7/1769040000.0_mean_300.0_v3" 201 - "PUT http://172.18.0.2:8080/d1/576/AUTH_4c69ec2c9fbd43d18b3423fd1c2c1a6b/gnocchi.0b334429-ccbc-44d6-8702-2085c60321b7/1769040000.0_mean_300.0_v3" "tx69c52a909478418184bbf-00697b11ae" "object-server 24" 0.0008 "-" 22 0
Jan 29 07:52:14 standalone object-server[127636]: 172.20.0.100 - - [29/Jan/2026:07:52:14 +0000] "PUT /d1/576/AUTH_4c69ec2c9fbd43d18b3423fd1c2c1a6b/gnocchi.0b334429-ccbc-44d6-8702-2085c60321b7/1769040000.0_mean_300.0_v3" 201 - "PUT http://172.18.0.2:8080/v1/AUTH_4c69ec2c9fbd43d18b3423fd1c2c1a6b/gnocchi.0b334429-ccbc-44d6-8702-2085c60321b7/1769040000.0_mean_300.0_v3" "tx69c52a909478418184bbf-00697b11ae" "proxy-server 20" 0.0096 "-" 24 0
Jan 29 07:52:14 standalone proxy-server[129441]: 172.18.0.2 172.18.0.100 29/Jan/2026/07/52/14 PUT /v1/AUTH_4c69ec2c9fbd43d18b3423fd1c2c1a6b/gnocchi.0b334429-ccbc-44d6-8702-2085c60321b7/1769040000.0_mean_300.0_v3 HTTP/1.0 201 - python-swiftclient-3.11.1 gAAAAABpexEBDc6x... 16 - - tx69c52a909478418184bbf-00697b11ae - 0.0145 - - 1769673134.611069202 1769673134.625529289 0
Jan 29 07:52:14 standalone container-server[127507]: 172.20.0.100 - - [29/Jan/2026:07:52:14 +0000] "PUT /d1/562/AUTH_4c69ec2c9fbd43d18b3423fd1c2c1a6b/gnocchi.70103948-7a71-4224-b400-c9f4a8c477b7/1769040000.0_mean_300.0_v3" 201 - "PUT http://172.18.0.2:8080/d1/266/AUTH_4c69ec2c9fbd43d18b3423fd1c2c1a6b/gnocchi.70103948-7a71-4224-b400-c9f4a8c477b7/1769040000.0_mean_300.0_v3" "tx15a91fff76fe442385642-00697b11ae" "object-server 23" 0.0008 "-" 22 0
Jan 29 07:52:14 standalone object-server[127635]: 172.20.0.100 - - [29/Jan/2026:07:52:14 +0000] "PUT /d1/266/AUTH_4c69ec2c9fbd43d18b3423fd1c2c1a6b/gnocchi.70103948-7a71-4224-b400-c9f4a8c477b7/1769040000.0_mean_300.0_v3" 201 - "PUT http://172.18.0.2:8080/v1/AUTH_4c69ec2c9fbd43d18b3423fd1c2c1a6b/gnocchi.70103948-7a71-4224-b400-c9f4a8c477b7/1769040000.0_mean_300.0_v3" "tx15a91fff76fe442385642-00697b11ae" "proxy-server 20" 0.0095 "-" 23 0
Jan 29 07:52:14 standalone proxy-server[129441]: 172.18.0.2 172.18.0.100 29/Jan/2026/07/52/14 PUT /v1/AUTH_4c69ec2c9fbd43d18b3423fd1c2c1a6b/gnocchi.70103948-7a71-4224-b400-c9f4a8c477b7/1769040000.0_mean_300.0_v3 HTTP/1.0 201 - python-swiftclient-3.11.1 gAAAAABpexEBDc6x... 16 - - tx15a91fff76fe442385642-00697b11ae - 0.0159 - - 1769673134.628006458 1769673134.643913746 0
Jan 29 07:52:14 standalone container-server[127492]: 172.20.0.100 - - [29/Jan/2026:07:52:14 +0000] "PUT /d1/93/AUTH_4c69ec2c9fbd43d18b3423fd1c2c1a6b/gnocchi.0b334429-ccbc-44d6-8702-2085c60321b7/none_v3" 201 - "PUT http://172.18.0.2:8080/d1/891/AUTH_4c69ec2c9fbd43d18b3423fd1c2c1a6b/gnocchi.0b334429-ccbc-44d6-8702-2085c60321b7/none_v3" "tx0d3d7a71d0c84026843b3-00697b11ae" "object-server 25" 0.0005 "-" 20 0
Jan 29 07:52:14 standalone object-server[127637]: 172.20.0.100 - - [29/Jan/2026:07:52:14 +0000] "PUT /d1/891/AUTH_4c69ec2c9fbd43d18b3423fd1c2c1a6b/gnocchi.0b334429-ccbc-44d6-8702-2085c60321b7/none_v3" 201 - "PUT http://172.18.0.2:8080/v1/AUTH_4c69ec2c9fbd43d18b3423fd1c2c1a6b/gnocchi.0b334429-ccbc-44d6-8702-2085c60321b7/none_v3" "tx0d3d7a71d0c84026843b3-00697b11ae" "proxy-server 20" 0.0097 "-" 25 0
Jan 29 07:52:14 standalone proxy-server[129441]: 172.18.0.2 172.18.0.100 29/Jan/2026/07/52/14 PUT /v1/AUTH_4c69ec2c9fbd43d18b3423fd1c2c1a6b/gnocchi.0b334429-ccbc-44d6-8702-2085c60321b7/none_v3 HTTP/1.0 201 - python-swiftclient-3.11.1 gAAAAABpexEBDc6x... 22 - - tx0d3d7a71d0c84026843b3-00697b11ae - 0.0151 - - 1769673134.646974564 1769673134.662034035 0
Jan 29 07:52:14 standalone container-server[127492]: 172.20.0.100 - - [29/Jan/2026:07:52:14 +0000] "PUT /d1/562/AUTH_4c69ec2c9fbd43d18b3423fd1c2c1a6b/gnocchi.70103948-7a71-4224-b400-c9f4a8c477b7/none_v3" 201 - "PUT http://172.18.0.2:8080/d1/238/AUTH_4c69ec2c9fbd43d18b3423fd1c2c1a6b/gnocchi.70103948-7a71-4224-b400-c9f4a8c477b7/none_v3" "tx20cd314d62bd4f3eac475-00697b11ae" "object-server 23" 0.0005 "-" 20 0
Jan 29 07:52:14 standalone object-server[127635]: 172.20.0.100 - - [29/Jan/2026:07:52:14 +0000] "PUT /d1/238/AUTH_4c69ec2c9fbd43d18b3423fd1c2c1a6b/gnocchi.70103948-7a71-4224-b400-c9f4a8c477b7/none_v3" 201 - "PUT http://172.18.0.2:8080/v1/AUTH_4c69ec2c9fbd43d18b3423fd1c2c1a6b/gnocchi.70103948-7a71-4224-b400-c9f4a8c477b7/none_v3" "tx20cd314d62bd4f3eac475-00697b11ae" "proxy-server 20" 0.0094 "-" 23 0
Jan 29 07:52:14 standalone proxy-server[129441]: 172.18.0.2 172.18.0.100 29/Jan/2026/07/52/14 PUT /v1/AUTH_4c69ec2c9fbd43d18b3423fd1c2c1a6b/gnocchi.70103948-7a71-4224-b400-c9f4a8c477b7/none_v3 HTTP/1.0 201 - python-swiftclient-3.11.1 gAAAAABpexEBDc6x... 22 - - tx20cd314d62bd4f3eac475-00697b11ae - 0.0156 - - 1769673134.664916515 1769673134.680509090 0
Jan 29 07:52:14 standalone container-server[127497]: 172.20.0.100 - - [29/Jan/2026:07:52:14 +0000] "HEAD /d1/125/AUTH_4c69ec2c9fbd43d18b3423fd1c2c1a6b/gnocchi.1db9197f-7f68-4599-b148-5d8f5860fa3e" 404 - "HEAD http://172.18.0.2:8080/v1/AUTH_4c69ec2c9fbd43d18b3423fd1c2c1a6b/gnocchi.1db9197f-7f68-4599-b148-5d8f5860fa3e?format=json&states=listing" "txf3173f7742de461d9b112-00697b11ae" "proxy-server 20" 0.0006 "-" 21 0
Jan 29 07:52:14 standalone object-server[127636]: 172.20.0.100 - - [29/Jan/2026:07:52:14 +0000] "GET /d1/1016/AUTH_4c69ec2c9fbd43d18b3423fd1c2c1a6b/gnocchi.1db9197f-7f68-4599-b148-5d8f5860fa3e/none_v3" 404 70 "GET http://172.18.0.2:8080/v1/AUTH_4c69ec2c9fbd43d18b3423fd1c2c1a6b/gnocchi.1db9197f-7f68-4599-b148-5d8f5860fa3e/none_v3" "txf3173f7742de461d9b112-00697b11ae" "proxy-server 20" 0.0004 "-" 24 0
Jan 29 07:52:14 standalone proxy-server[129441]: 172.18.0.2 172.18.0.100 29/Jan/2026/07/52/14 GET /v1/AUTH_4c69ec2c9fbd43d18b3423fd1c2c1a6b/gnocchi.1db9197f-7f68-4599-b148-5d8f5860fa3e/none_v3 HTTP/1.0 404 - python-swiftclient-3.11.1 gAAAAABpexEBDc6x... - 70 - txf3173f7742de461d9b112-00697b11ae - 0.0118 - - 1769673134.693827629 1769673134.705589294 0
Jan 29 07:52:14 standalone account-server[127356]: 172.20.0.100 - - [29/Jan/2026:07:52:14 +0000] "PUT /d1/672/AUTH_4c69ec2c9fbd43d18b3423fd1c2c1a6b/gnocchi.1db9197f-7f68-4599-b148-5d8f5860fa3e" 201 - "PUT http://172.20.0.100:6001/d1/125/AUTH_4c69ec2c9fbd43d18b3423fd1c2c1a6b/gnocchi.1db9197f-7f68-4599-b148-5d8f5860fa3e" "tx8922bfcb96004d1585234-00697b11ae" "container-server 22" 0.0042 "-" 20 0
Jan 29 07:52:14 standalone container-server[127507]: 172.20.0.100 - - [29/Jan/2026:07:52:14 +0000] "PUT /d1/125/AUTH_4c69ec2c9fbd43d18b3423fd1c2c1a6b/gnocchi.1db9197f-7f68-4599-b148-5d8f5860fa3e" 201 - "PUT http://172.18.0.2:8080/v1/AUTH_4c69ec2c9fbd43d18b3423fd1c2c1a6b/gnocchi.1db9197f-7f68-4599-b148-5d8f5860fa3e" "tx8922bfcb96004d1585234-00697b11ae" "proxy-server 20" 0.0138 "-" 22 0
Jan 29 07:52:14 standalone proxy-server[129441]: 172.18.0.2 172.18.0.100 29/Jan/2026/07/52/14 PUT /v1/AUTH_4c69ec2c9fbd43d18b3423fd1c2c1a6b/gnocchi.1db9197f-7f68-4599-b148-5d8f5860fa3e HTTP/1.0 201 - python-swiftclient-3.11.1 gAAAAABpexEBDc6x... - - - tx8922bfcb96004d1585234-00697b11ae - 0.0193 - - 1769673134.708436728 1769673134.727702856 0
Jan 29 07:52:14 standalone container-server[127507]: 172.20.0.100 - - [29/Jan/2026:07:52:14 +0000] "HEAD /d1/125/AUTH_4c69ec2c9fbd43d18b3423fd1c2c1a6b/gnocchi.1db9197f-7f68-4599-b148-5d8f5860fa3e" 204 - "HEAD http://172.18.0.2:8080/v1/AUTH_4c69ec2c9fbd43d18b3423fd1c2c1a6b/gnocchi.1db9197f-7f68-4599-b148-5d8f5860fa3e?format=json&states=listing" "txe66f8b5233af44a0b8ddc-00697b11ae" "proxy-server 20" 0.0011 "-" 22 0
Jan 29 07:52:14 standalone proxy-server[129441]: - - 29/Jan/2026/07/52/14 HEAD /v1/AUTH_4c69ec2c9fbd43d18b3423fd1c2c1a6b/gnocchi.1db9197f-7f68-4599-b148-5d8f5860fa3e%3Fformat%3Djson%26states%3Dlisting HTTP/1.0 204 - Swift - - - - txe66f8b5233af44a0b8ddc-00697b11ae - 0.0034 RL - 1769673134.732056141 1769673134.735498428 0
Jan 29 07:52:14 standalone container-server[127509]: 172.20.0.100 - - [29/Jan/2026:07:52:14 +0000] "GET /d1/125/AUTH_4c69ec2c9fbd43d18b3423fd1c2c1a6b/gnocchi.1db9197f-7f68-4599-b148-5d8f5860fa3e" 200 2 "GET http://172.18.0.2:8080/v1/AUTH_4c69ec2c9fbd43d18b3423fd1c2c1a6b/gnocchi.1db9197f-7f68-4599-b148-5d8f5860fa3e?format=json&states=listing" "txe66f8b5233af44a0b8ddc-00697b11ae" "proxy-server 20" 0.0037 "-" 23 0
Jan 29 07:52:14 standalone proxy-server[129441]: 172.18.0.2 172.18.0.100 29/Jan/2026/07/52/14 GET /v1/AUTH_4c69ec2c9fbd43d18b3423fd1c2c1a6b/gnocchi.1db9197f-7f68-4599-b148-5d8f5860fa3e%3Fformat%3Djson%26states%3Dlisting HTTP/1.0 200 - python-swiftclient-3.11.1 gAAAAABpexEBDc6x... - 2 - txe66f8b5233af44a0b8ddc-00697b11ae - 0.0145 - - 1769673134.731091022 1769673134.745615959 0
Jan 29 07:52:14 standalone object-server[127635]: 172.20.0.100 - - [29/Jan/2026:07:52:14 +0000] "GET /d1/889/AUTH_4c69ec2c9fbd43d18b3423fd1c2c1a6b/gnocchi.1db9197f-7f68-4599-b148-5d8f5860fa3e/1769040000.0_mean_300.0_v3" 404 70 "GET http://172.18.0.2:8080/v1/AUTH_4c69ec2c9fbd43d18b3423fd1c2c1a6b/gnocchi.1db9197f-7f68-4599-b148-5d8f5860fa3e/1769040000.0_mean_300.0_v3" "txcbbf9d1eea5e491685c36-00697b11ae" "proxy-server 20" 0.0006 "-" 23 0
Jan 29 07:52:14 standalone proxy-server[129441]: 172.18.0.2 172.18.0.100 29/Jan/2026/07/52/14 GET /v1/AUTH_4c69ec2c9fbd43d18b3423fd1c2c1a6b/gnocchi.1db9197f-7f68-4599-b148-5d8f5860fa3e/1769040000.0_mean_300.0_v3 HTTP/1.0 404 - python-swiftclient-3.11.1 gAAAAABpexEBDc6x... - 70 - txcbbf9d1eea5e491685c36-00697b11ae - 0.0052 - - 1769673134.749806404 1769673134.755011320 0
Jan 29 07:52:14 standalone container-server[127509]: 172.20.0.100 - - [29/Jan/2026:07:52:14 +0000] "PUT /d1/125/AUTH_4c69ec2c9fbd43d18b3423fd1c2c1a6b/gnocchi.1db9197f-7f68-4599-b148-5d8f5860fa3e/1769040000.0_mean_300.0_v3" 201 - "PUT http://172.18.0.2:8080/d1/889/AUTH_4c69ec2c9fbd43d18b3423fd1c2c1a6b/gnocchi.1db9197f-7f68-4599-b148-5d8f5860fa3e/1769040000.0_mean_300.0_v3" "tx05ab01a9b87d48278ccae-00697b11ae" "object-server 22" 0.0012 "-" 23 0
Jan 29 07:52:14 standalone object-server[127634]: 172.20.0.100 - - [29/Jan/2026:07:52:14 +0000] "PUT /d1/889/AUTH_4c69ec2c9fbd43d18b3423fd1c2c1a6b/gnocchi.1db9197f-7f68-4599-b148-5d8f5860fa3e/1769040000.0_mean_300.0_v3" 201 - "PUT http://172.18.0.2:8080/v1/AUTH_4c69ec2c9fbd43d18b3423fd1c2c1a6b/gnocchi.1db9197f-7f68-4599-b148-5d8f5860fa3e/1769040000.0_mean_300.0_v3" "tx05ab01a9b87d48278ccae-00697b11ae" "proxy-server 20" 0.0118 "-" 22 0
Jan 29 07:52:14 standalone proxy-server[129441]: 172.18.0.2 172.18.0.100 29/Jan/2026/07/52/14 PUT /v1/AUTH_4c69ec2c9fbd43d18b3423fd1c2c1a6b/gnocchi.1db9197f-7f68-4599-b148-5d8f5860fa3e/1769040000.0_mean_300.0_v3 HTTP/1.0 201 - python-swiftclient-3.11.1 gAAAAABpexEBDc6x... 16 - - tx05ab01a9b87d48278ccae-00697b11ae - 0.0174 - - 1769673134.757971048 1769673134.775399208 0
Jan 29 07:52:14 standalone container-server[127509]: 172.20.0.100 - - [29/Jan/2026:07:52:14 +0000] "PUT /d1/125/AUTH_4c69ec2c9fbd43d18b3423fd1c2c1a6b/gnocchi.1db9197f-7f68-4599-b148-5d8f5860fa3e/none_v3" 201 - "PUT http://172.18.0.2:8080/d1/1016/AUTH_4c69ec2c9fbd43d18b3423fd1c2c1a6b/gnocchi.1db9197f-7f68-4599-b148-5d8f5860fa3e/none_v3" "tx2b77015fbff14be2a99e7-00697b11ae" "object-server 22" 0.0009 "-" 23 0
Jan 29 07:52:14 standalone object-server[127634]: 172.20.0.100 - - [29/Jan/2026:07:52:14 +0000] "PUT /d1/1016/AUTH_4c69ec2c9fbd43d18b3423fd1c2c1a6b/gnocchi.1db9197f-7f68-4599-b148-5d8f5860fa3e/none_v3" 201 - "PUT http://172.18.0.2:8080/v1/AUTH_4c69ec2c9fbd43d18b3423fd1c2c1a6b/gnocchi.1db9197f-7f68-4599-b148-5d8f5860fa3e/none_v3" "tx2b77015fbff14be2a99e7-00697b11ae" "proxy-server 20" 0.0086 "-" 22 0
Jan 29 07:52:14 standalone proxy-server[129441]: 172.18.0.2 172.18.0.100 29/Jan/2026/07/52/14 PUT /v1/AUTH_4c69ec2c9fbd43d18b3423fd1c2c1a6b/gnocchi.1db9197f-7f68-4599-b148-5d8f5860fa3e/none_v3 HTTP/1.0 201 - python-swiftclient-3.11.1 gAAAAABpexEBDc6x... 22 - - tx2b77015fbff14be2a99e7-00697b11ae - 0.0128 - - 1769673134.778536797 1769673134.791331291 0
Jan 29 07:52:14 standalone container-server[127507]: 172.20.0.100 - - [29/Jan/2026:07:52:14 +0000] "HEAD /d1/492/AUTH_4c69ec2c9fbd43d18b3423fd1c2c1a6b/gnocchi.b3f2f4c2-a091-4653-8119-0579a1e46c40" 404 - "HEAD http://172.18.0.2:8080/v1/AUTH_4c69ec2c9fbd43d18b3423fd1c2c1a6b/gnocchi.b3f2f4c2-a091-4653-8119-0579a1e46c40?format=json&states=listing" "tx05c25d050caf4a03b7f49-00697b11ae" "proxy-server 20" 0.0004 "-" 22 0
Jan 29 07:52:14 standalone object-server[127635]: 172.20.0.100 - - [29/Jan/2026:07:52:14 +0000] "GET /d1/731/AUTH_4c69ec2c9fbd43d18b3423fd1c2c1a6b/gnocchi.b3f2f4c2-a091-4653-8119-0579a1e46c40/none_v3" 404 70 "GET http://172.18.0.2:8080/v1/AUTH_4c69ec2c9fbd43d18b3423fd1c2c1a6b/gnocchi.b3f2f4c2-a091-4653-8119-0579a1e46c40/none_v3" "tx05c25d050caf4a03b7f49-00697b11ae" "proxy-server 20" 0.0004 "-" 23 0
Jan 29 07:52:14 standalone proxy-server[129441]: 172.18.0.2 172.18.0.100 29/Jan/2026/07/52/14 GET /v1/AUTH_4c69ec2c9fbd43d18b3423fd1c2c1a6b/gnocchi.b3f2f4c2-a091-4653-8119-0579a1e46c40/none_v3 HTTP/1.0 404 - python-swiftclient-3.11.1 gAAAAABpexEBDc6x... - 70 - tx05c25d050caf4a03b7f49-00697b11ae - 0.0100 - - 1769673134.799808025 1769673134.809768200 0
Jan 29 07:52:14 standalone account-server[127356]: 172.20.0.100 - - [29/Jan/2026:07:52:14 +0000] "PUT /d1/672/AUTH_4c69ec2c9fbd43d18b3423fd1c2c1a6b/gnocchi.b3f2f4c2-a091-4653-8119-0579a1e46c40" 201 - "PUT http://172.20.0.100:6001/d1/492/AUTH_4c69ec2c9fbd43d18b3423fd1c2c1a6b/gnocchi.b3f2f4c2-a091-4653-8119-0579a1e46c40" "tx5176ca6699b646549e17c-00697b11ae" "container-server 20" 0.0075 "-" 20 0
Jan 29 07:52:14 standalone container-server[127492]: 172.20.0.100 - - [29/Jan/2026:07:52:14 +0000] "PUT /d1/492/AUTH_4c69ec2c9fbd43d18b3423fd1c2c1a6b/gnocchi.b3f2f4c2-a091-4653-8119-0579a1e46c40" 201 - "PUT http://172.18.0.2:8080/v1/AUTH_4c69ec2c9fbd43d18b3423fd1c2c1a6b/gnocchi.b3f2f4c2-a091-4653-8119-0579a1e46c40" "tx5176ca6699b646549e17c-00697b11ae" "proxy-server 20" 0.0213 "-" 20 0
Jan 29 07:52:14 standalone proxy-server[129441]: 172.18.0.2 172.18.0.100 29/Jan/2026/07/52/14 PUT /v1/AUTH_4c69ec2c9fbd43d18b3423fd1c2c1a6b/gnocchi.b3f2f4c2-a091-4653-8119-0579a1e46c40 HTTP/1.0 201 - python-swiftclient-3.11.1 gAAAAABpexEBDc6x... - - - tx5176ca6699b646549e17c-00697b11ae - 0.0326 - - 1769673134.813298464 1769673134.845907688 0
Jan 29 07:52:14 standalone container-server[127509]: 172.20.0.100 - - [29/Jan/2026:07:52:14 +0000] "HEAD /d1/492/AUTH_4c69ec2c9fbd43d18b3423fd1c2c1a6b/gnocchi.b3f2f4c2-a091-4653-8119-0579a1e46c40" 204 - "HEAD http://172.18.0.2:8080/v1/AUTH_4c69ec2c9fbd43d18b3423fd1c2c1a6b/gnocchi.b3f2f4c2-a091-4653-8119-0579a1e46c40?format=json&states=listing" "tx3236ba7794724d7894f88-00697b11ae" "proxy-server 20" 0.0015 "-" 23 0
Jan 29 07:52:14 standalone proxy-server[129441]: - - 29/Jan/2026/07/52/14 HEAD /v1/AUTH_4c69ec2c9fbd43d18b3423fd1c2c1a6b/gnocchi.b3f2f4c2-a091-4653-8119-0579a1e46c40%3Fformat%3Djson%26states%3Dlisting HTTP/1.0 204 - Swift - - - - tx3236ba7794724d7894f88-00697b11ae - 0.0056 RL - 1769673134.851284742 1769673134.856929302 0
Jan 29 07:52:14 standalone container-server[127492]: 172.20.0.100 - - [29/Jan/2026:07:52:14 +0000] "GET /d1/492/AUTH_4c69ec2c9fbd43d18b3423fd1c2c1a6b/gnocchi.b3f2f4c2-a091-4653-8119-0579a1e46c40" 200 2 "GET http://172.18.0.2:8080/v1/AUTH_4c69ec2c9fbd43d18b3423fd1c2c1a6b/gnocchi.b3f2f4c2-a091-4653-8119-0579a1e46c40?format=json&states=listing" "tx3236ba7794724d7894f88-00697b11ae" "proxy-server 20" 0.0026 "-" 20 0
Jan 29 07:52:14 standalone proxy-server[129441]: 172.18.0.2 172.18.0.100 29/Jan/2026/07/52/14 GET /v1/AUTH_4c69ec2c9fbd43d18b3423fd1c2c1a6b/gnocchi.b3f2f4c2-a091-4653-8119-0579a1e46c40%3Fformat%3Djson%26states%3Dlisting HTTP/1.0 200 - python-swiftclient-3.11.1 gAAAAABpexEBDc6x... - 2 - tx3236ba7794724d7894f88-00697b11ae - 0.0150 - - 1769673134.850296974 1769673134.865265608 0
Jan 29 07:52:14 standalone object-server[127635]: 172.20.0.100 - - [29/Jan/2026:07:52:14 +0000] "GET /d1/851/AUTH_4c69ec2c9fbd43d18b3423fd1c2c1a6b/gnocchi.b3f2f4c2-a091-4653-8119-0579a1e46c40/1769040000.0_mean_300.0_v3" 404 70 "GET http://172.18.0.2:8080/v1/AUTH_4c69ec2c9fbd43d18b3423fd1c2c1a6b/gnocchi.b3f2f4c2-a091-4653-8119-0579a1e46c40/1769040000.0_mean_300.0_v3" "tx26f6aff22d31435ab4664-00697b11ae" "proxy-server 20" 0.0003 "-" 23 0
Jan 29 07:52:14 standalone proxy-server[129441]: 172.18.0.2 172.18.0.100 29/Jan/2026/07/52/14 GET /v1/AUTH_4c69ec2c9fbd43d18b3423fd1c2c1a6b/gnocchi.b3f2f4c2-a091-4653-8119-0579a1e46c40/1769040000.0_mean_300.0_v3 HTTP/1.0 404 - python-swiftclient-3.11.1 gAAAAABpexEBDc6x... - 70 - tx26f6aff22d31435ab4664-00697b11ae - 0.0049 - - 1769673134.869144678 1769673134.874078035 0
Jan 29 07:52:14 standalone container-server[127497]: 172.20.0.100 - - [29/Jan/2026:07:52:14 +0000] "PUT /d1/492/AUTH_4c69ec2c9fbd43d18b3423fd1c2c1a6b/gnocchi.b3f2f4c2-a091-4653-8119-0579a1e46c40/1769040000.0_mean_300.0_v3" 201 - "PUT http://172.18.0.2:8080/d1/851/AUTH_4c69ec2c9fbd43d18b3423fd1c2c1a6b/gnocchi.b3f2f4c2-a091-4653-8119-0579a1e46c40/1769040000.0_mean_300.0_v3" "txb1b09945921243a1916bd-00697b11ae" "object-server 25" 0.0011 "-" 21 0
Jan 29 07:52:14 standalone object-server[127637]: 172.20.0.100 - - [29/Jan/2026:07:52:14 +0000] "PUT /d1/851/AUTH_4c69ec2c9fbd43d18b3423fd1c2c1a6b/gnocchi.b3f2f4c2-a091-4653-8119-0579a1e46c40/1769040000.0_mean_300.0_v3" 201 - "PUT http://172.18.0.2:8080/v1/AUTH_4c69ec2c9fbd43d18b3423fd1c2c1a6b/gnocchi.b3f2f4c2-a091-4653-8119-0579a1e46c40/1769040000.0_mean_300.0_v3" "txb1b09945921243a1916bd-00697b11ae" "proxy-server 20" 0.0096 "-" 25 0
Jan 29 07:52:14 standalone proxy-server[129441]: 172.18.0.2 172.18.0.100 29/Jan/2026/07/52/14 PUT /v1/AUTH_4c69ec2c9fbd43d18b3423fd1c2c1a6b/gnocchi.b3f2f4c2-a091-4653-8119-0579a1e46c40/1769040000.0_mean_300.0_v3 HTTP/1.0 201 - python-swiftclient-3.11.1 gAAAAABpexEBDc6x... 16 - - txb1b09945921243a1916bd-00697b11ae - 0.0157 - - 1769673134.877200842 1769673134.892940283 0
Jan 29 07:52:14 standalone container-server[127507]: 172.20.0.100 - - [29/Jan/2026:07:52:14 +0000] "PUT /d1/492/AUTH_4c69ec2c9fbd43d18b3423fd1c2c1a6b/gnocchi.b3f2f4c2-a091-4653-8119-0579a1e46c40/none_v3" 201 - "PUT http://172.18.0.2:8080/d1/731/AUTH_4c69ec2c9fbd43d18b3423fd1c2c1a6b/gnocchi.b3f2f4c2-a091-4653-8119-0579a1e46c40/none_v3" "tx9593e447aeb34c7fa63bd-00697b11ae" "object-server 22" 0.0008 "-" 22 0
Jan 29 07:52:14 standalone object-server[127634]: 172.20.0.100 - - [29/Jan/2026:07:52:14 +0000] "PUT /d1/731/AUTH_4c69ec2c9fbd43d18b3423fd1c2c1a6b/gnocchi.b3f2f4c2-a091-4653-8119-0579a1e46c40/none_v3" 201 - "PUT http://172.18.0.2:8080/v1/AUTH_4c69ec2c9fbd43d18b3423fd1c2c1a6b/gnocchi.b3f2f4c2-a091-4653-8119-0579a1e46c40/none_v3" "tx9593e447aeb34c7fa63bd-00697b11ae" "proxy-server 20" 0.0103 "-" 22 0
Jan 29 07:52:14 standalone proxy-server[129441]: 172.18.0.2 172.18.0.100 29/Jan/2026/07/52/14 PUT /v1/AUTH_4c69ec2c9fbd43d18b3423fd1c2c1a6b/gnocchi.b3f2f4c2-a091-4653-8119-0579a1e46c40/none_v3 HTTP/1.0 201 - python-swiftclient-3.11.1 gAAAAABpexEBDc6x... 22 - - tx9593e447aeb34c7fa63bd-00697b11ae - 0.0181 - - 1769673134.896343470 1769673134.914464712 0
Jan 29 07:52:14 standalone container-server[127507]: 172.20.0.100 - - [29/Jan/2026:07:52:14 +0000] "HEAD /d1/687/AUTH_4c69ec2c9fbd43d18b3423fd1c2c1a6b/gnocchi.120464d6-4ddf-46a5-be24-a169b24821ce" 404 - "HEAD http://172.18.0.2:8080/v1/AUTH_4c69ec2c9fbd43d18b3423fd1c2c1a6b/gnocchi.120464d6-4ddf-46a5-be24-a169b24821ce?format=json&states=listing" "tx09bd5a94ba20451bbf2d9-00697b11ae" "proxy-server 20" 0.0004 "-" 22 0
Jan 29 07:52:14 standalone object-server[127634]: 172.20.0.100 - - [29/Jan/2026:07:52:14 +0000] "GET /d1/690/AUTH_4c69ec2c9fbd43d18b3423fd1c2c1a6b/gnocchi.120464d6-4ddf-46a5-be24-a169b24821ce/none_v3" 404 70 "GET http://172.18.0.2:8080/v1/AUTH_4c69ec2c9fbd43d18b3423fd1c2c1a6b/gnocchi.120464d6-4ddf-46a5-be24-a169b24821ce/none_v3" "tx09bd5a94ba20451bbf2d9-00697b11ae" "proxy-server 20" 0.0004 "-" 22 0
Jan 29 07:52:14 standalone proxy-server[129441]: 172.18.0.2 172.18.0.100 29/Jan/2026/07/52/14 GET /v1/AUTH_4c69ec2c9fbd43d18b3423fd1c2c1a6b/gnocchi.120464d6-4ddf-46a5-be24-a169b24821ce/none_v3 HTTP/1.0 404 - python-swiftclient-3.11.1 gAAAAABpexEBDc6x... - 70 - tx09bd5a94ba20451bbf2d9-00697b11ae - 0.0098 - - 1769673134.938396215 1769673134.948165417 0
Jan 29 07:52:14 standalone account-server[127323]: 172.20.0.100 - - [29/Jan/2026:07:52:14 +0000] "PUT /d1/672/AUTH_4c69ec2c9fbd43d18b3423fd1c2c1a6b/gnocchi.120464d6-4ddf-46a5-be24-a169b24821ce" 201 - "PUT http://172.20.0.100:6001/d1/687/AUTH_4c69ec2c9fbd43d18b3423fd1c2c1a6b/gnocchi.120464d6-4ddf-46a5-be24-a169b24821ce" "tx2270fa342f3c47229b06a-00697b11ae" "container-server 20" 0.0050 "-" 18 0
Jan 29 07:52:14 standalone container-server[127492]: 172.20.0.100 - - [29/Jan/2026:07:52:14 +0000] "PUT /d1/687/AUTH_4c69ec2c9fbd43d18b3423fd1c2c1a6b/gnocchi.120464d6-4ddf-46a5-be24-a169b24821ce" 201 - "PUT http://172.18.0.2:8080/v1/AUTH_4c69ec2c9fbd43d18b3423fd1c2c1a6b/gnocchi.120464d6-4ddf-46a5-be24-a169b24821ce" "tx2270fa342f3c47229b06a-00697b11ae" "proxy-server 20" 0.0143 "-" 20 0
Jan 29 07:52:14 standalone proxy-server[129441]: 172.18.0.2 172.18.0.100 29/Jan/2026/07/52/14 PUT /v1/AUTH_4c69ec2c9fbd43d18b3423fd1c2c1a6b/gnocchi.120464d6-4ddf-46a5-be24-a169b24821ce HTTP/1.0 201 - python-swiftclient-3.11.1 gAAAAABpexEBDc6x... - - - tx2270fa342f3c47229b06a-00697b11ae - 0.0191 - - 1769673134.950744390 1769673134.969802141 0
Jan 29 07:52:14 standalone container-server[127492]: 172.20.0.100 - - [29/Jan/2026:07:52:14 +0000] "HEAD /d1/687/AUTH_4c69ec2c9fbd43d18b3423fd1c2c1a6b/gnocchi.120464d6-4ddf-46a5-be24-a169b24821ce" 204 - "HEAD http://172.18.0.2:8080/v1/AUTH_4c69ec2c9fbd43d18b3423fd1c2c1a6b/gnocchi.120464d6-4ddf-46a5-be24-a169b24821ce?format=json&states=listing" "tx28bdea6f31b343e282397-00697b11ae" "proxy-server 20" 0.0015 "-" 20 0
Jan 29 07:52:14 standalone proxy-server[129441]: - - 29/Jan/2026/07/52/14 HEAD /v1/AUTH_4c69ec2c9fbd43d18b3423fd1c2c1a6b/gnocchi.120464d6-4ddf-46a5-be24-a169b24821ce%3Fformat%3Djson%26states%3Dlisting HTTP/1.0 204 - Swift - - - - tx28bdea6f31b343e282397-00697b11ae - 0.0042 RL - 1769673134.974600077 1769673134.978762865 0
Jan 29 07:52:14 standalone container-server[127492]: 172.20.0.100 - - [29/Jan/2026:07:52:14 +0000] "GET /d1/687/AUTH_4c69ec2c9fbd43d18b3423fd1c2c1a6b/gnocchi.120464d6-4ddf-46a5-be24-a169b24821ce" 200 2 "GET http://172.18.0.2:8080/v1/AUTH_4c69ec2c9fbd43d18b3423fd1c2c1a6b/gnocchi.120464d6-4ddf-46a5-be24-a169b24821ce?format=json&states=listing" "tx28bdea6f31b343e282397-00697b11ae" "proxy-server 20" 0.0021 "-" 20 0
Jan 29 07:52:14 standalone proxy-server[129441]: 172.18.0.2 172.18.0.100 29/Jan/2026/07/52/14 GET /v1/AUTH_4c69ec2c9fbd43d18b3423fd1c2c1a6b/gnocchi.120464d6-4ddf-46a5-be24-a169b24821ce%3Fformat%3Djson%26states%3Dlisting HTTP/1.0 200 - python-swiftclient-3.11.1 gAAAAABpexEBDc6x... - 2 - tx28bdea6f31b343e282397-00697b11ae - 0.0122 - - 1769673134.973689795 1769673134.985888243 0
Jan 29 07:52:14 standalone object-server[127634]: 172.20.0.100 - - [29/Jan/2026:07:52:14 +0000] "GET /d1/704/AUTH_4c69ec2c9fbd43d18b3423fd1c2c1a6b/gnocchi.120464d6-4ddf-46a5-be24-a169b24821ce/1769040000.0_mean_300.0_v3" 404 70 "GET http://172.18.0.2:8080/v1/AUTH_4c69ec2c9fbd43d18b3423fd1c2c1a6b/gnocchi.120464d6-4ddf-46a5-be24-a169b24821ce/1769040000.0_mean_300.0_v3" "tx08b9cf971b5748f5b94bb-00697b11ae" "proxy-server 20" 0.0003 "-" 22 0
Jan 29 07:52:14 standalone proxy-server[129441]: 172.18.0.2 172.18.0.100 29/Jan/2026/07/52/14 GET /v1/AUTH_4c69ec2c9fbd43d18b3423fd1c2c1a6b/gnocchi.120464d6-4ddf-46a5-be24-a169b24821ce/1769040000.0_mean_300.0_v3 HTTP/1.0 404 - python-swiftclient-3.11.1 gAAAAABpexEBDc6x... - 70 - tx08b9cf971b5748f5b94bb-00697b11ae - 0.0048 - - 1769673134.989341259 1769673134.994106293 0
Jan 29 07:52:15 standalone container-server[127492]: 172.20.0.100 - - [29/Jan/2026:07:52:15 +0000] "PUT /d1/687/AUTH_4c69ec2c9fbd43d18b3423fd1c2c1a6b/gnocchi.120464d6-4ddf-46a5-be24-a169b24821ce/1769040000.0_mean_300.0_v3" 201 - "PUT http://172.18.0.2:8080/d1/704/AUTH_4c69ec2c9fbd43d18b3423fd1c2c1a6b/gnocchi.120464d6-4ddf-46a5-be24-a169b24821ce/1769040000.0_mean_300.0_v3" "tx4958b6c176b341b19b88a-00697b11ae" "object-server 22" 0.0007 "-" 20 0
Jan 29 07:52:15 standalone object-server[127634]: 172.20.0.100 - - [29/Jan/2026:07:52:15 +0000] "PUT /d1/704/AUTH_4c69ec2c9fbd43d18b3423fd1c2c1a6b/gnocchi.120464d6-4ddf-46a5-be24-a169b24821ce/1769040000.0_mean_300.0_v3" 201 - "PUT http://172.18.0.2:8080/v1/AUTH_4c69ec2c9fbd43d18b3423fd1c2c1a6b/gnocchi.120464d6-4ddf-46a5-be24-a169b24821ce/1769040000.0_mean_300.0_v3" "tx4958b6c176b341b19b88a-00697b11ae" "proxy-server 20" 0.0091 "-" 22 0
Jan 29 07:52:15 standalone proxy-server[129441]: 172.18.0.2 172.18.0.100 29/Jan/2026/07/52/15 PUT /v1/AUTH_4c69ec2c9fbd43d18b3423fd1c2c1a6b/gnocchi.120464d6-4ddf-46a5-be24-a169b24821ce/1769040000.0_mean_300.0_v3 HTTP/1.0 201 - python-swiftclient-3.11.1 gAAAAABpexEBDc6x... 16 - - tx4958b6c176b341b19b88a-00697b11ae - 0.0135 - - 1769673134.996942282 1769673135.010473728 0
Jan 29 07:52:15 standalone container-server[127507]: 172.20.0.100 - - [29/Jan/2026:07:52:15 +0000] "PUT /d1/687/AUTH_4c69ec2c9fbd43d18b3423fd1c2c1a6b/gnocchi.120464d6-4ddf-46a5-be24-a169b24821ce/none_v3" 201 - "PUT http://172.18.0.2:8080/d1/690/AUTH_4c69ec2c9fbd43d18b3423fd1c2c1a6b/gnocchi.120464d6-4ddf-46a5-be24-a169b24821ce/none_v3" "tx3074c96fdee74d0b8b277-00697b11af" "object-server 25" 0.0005 "-" 22 0
Jan 29 07:52:15 standalone object-server[127637]: 172.20.0.100 - - [29/Jan/2026:07:52:15 +0000] "PUT /d1/690/AUTH_4c69ec2c9fbd43d18b3423fd1c2c1a6b/gnocchi.120464d6-4ddf-46a5-be24-a169b24821ce/none_v3" 201 - "PUT http://172.18.0.2:8080/v1/AUTH_4c69ec2c9fbd43d18b3423fd1c2c1a6b/gnocchi.120464d6-4ddf-46a5-be24-a169b24821ce/none_v3" "tx3074c96fdee74d0b8b277-00697b11af" "proxy-server 20" 0.0077 "-" 25 0
Jan 29 07:52:15 standalone proxy-server[129441]: 172.18.0.2 172.18.0.100 29/Jan/2026/07/52/15 PUT /v1/AUTH_4c69ec2c9fbd43d18b3423fd1c2c1a6b/gnocchi.120464d6-4ddf-46a5-be24-a169b24821ce/none_v3 HTTP/1.0 201 - python-swiftclient-3.11.1 gAAAAABpexEBDc6x... 22 - - tx3074c96fdee74d0b8b277-00697b11af - 0.0127 - - 1769673135.013800383 1769673135.026540279 0
Jan 29 07:52:15 standalone container-server[127497]: 172.20.0.100 - - [29/Jan/2026:07:52:15 +0000] "HEAD /d1/206/AUTH_4c69ec2c9fbd43d18b3423fd1c2c1a6b/gnocchi.e09c1752-98d3-4faa-b689-5c05751f1f4f" 404 - "HEAD http://172.18.0.2:8080/v1/AUTH_4c69ec2c9fbd43d18b3423fd1c2c1a6b/gnocchi.e09c1752-98d3-4faa-b689-5c05751f1f4f?format=json&states=listing" "tx7f1c76d4030c4c28a20b4-00697b11af" "proxy-server 20" 0.0005 "-" 21 0
Jan 29 07:52:15 standalone object-server[127634]: 172.20.0.100 - - [29/Jan/2026:07:52:15 +0000] "GET /d1/55/AUTH_4c69ec2c9fbd43d18b3423fd1c2c1a6b/gnocchi.e09c1752-98d3-4faa-b689-5c05751f1f4f/none_v3" 404 70 "GET http://172.18.0.2:8080/v1/AUTH_4c69ec2c9fbd43d18b3423fd1c2c1a6b/gnocchi.e09c1752-98d3-4faa-b689-5c05751f1f4f/none_v3" "tx7f1c76d4030c4c28a20b4-00697b11af" "proxy-server 20" 0.0004 "-" 22 0
Jan 29 07:52:15 standalone proxy-server[129441]: 172.18.0.2 172.18.0.100 29/Jan/2026/07/52/15 GET /v1/AUTH_4c69ec2c9fbd43d18b3423fd1c2c1a6b/gnocchi.e09c1752-98d3-4faa-b689-5c05751f1f4f/none_v3 HTTP/1.0 404 - python-swiftclient-3.11.1 gAAAAABpexEBDc6x... - 70 - tx7f1c76d4030c4c28a20b4-00697b11af - 0.0122 - - 1769673135.036430836 1769673135.048630714 0
Jan 29 07:52:15 standalone account-server[127305]: 172.20.0.100 - - [29/Jan/2026:07:52:15 +0000] "PUT /d1/672/AUTH_4c69ec2c9fbd43d18b3423fd1c2c1a6b/gnocchi.e09c1752-98d3-4faa-b689-5c05751f1f4f" 201 - "PUT http://172.20.0.100:6001/d1/206/AUTH_4c69ec2c9fbd43d18b3423fd1c2c1a6b/gnocchi.e09c1752-98d3-4faa-b689-5c05751f1f4f" "tx461274e6db304e79af976-00697b11af" "container-server 20" 0.0048 "-" 17 0
Jan 29 07:52:15 standalone container-server[127492]: 172.20.0.100 - - [29/Jan/2026:07:52:15 +0000] "PUT /d1/206/AUTH_4c69ec2c9fbd43d18b3423fd1c2c1a6b/gnocchi.e09c1752-98d3-4faa-b689-5c05751f1f4f" 201 - "PUT http://172.18.0.2:8080/v1/AUTH_4c69ec2c9fbd43d18b3423fd1c2c1a6b/gnocchi.e09c1752-98d3-4faa-b689-5c05751f1f4f" "tx461274e6db304e79af976-00697b11af" "proxy-server 20" 0.0135 "-" 20 0
Jan 29 07:52:15 standalone proxy-server[129441]: 172.18.0.2 172.18.0.100 29/Jan/2026/07/52/15 PUT /v1/AUTH_4c69ec2c9fbd43d18b3423fd1c2c1a6b/gnocchi.e09c1752-98d3-4faa-b689-5c05751f1f4f HTTP/1.0 201 - python-swiftclient-3.11.1 gAAAAABpexEBDc6x... - - - tx461274e6db304e79af976-00697b11af - 0.0195 - - 1769673135.051771164 1769673135.071259737 0
Jan 29 07:52:15 standalone container-server[127492]: 172.20.0.100 - - [29/Jan/2026:07:52:15 +0000] "HEAD /d1/206/AUTH_4c69ec2c9fbd43d18b3423fd1c2c1a6b/gnocchi.e09c1752-98d3-4faa-b689-5c05751f1f4f" 204 - "HEAD http://172.18.0.2:8080/v1/AUTH_4c69ec2c9fbd43d18b3423fd1c2c1a6b/gnocchi.e09c1752-98d3-4faa-b689-5c05751f1f4f?format=json&states=listing" "txb9726a962a8f45558ada3-00697b11af" "proxy-server 20" 0.0012 "-" 20 0
Jan 29 07:52:15 standalone proxy-server[129441]: - - 29/Jan/2026/07/52/15 HEAD /v1/AUTH_4c69ec2c9fbd43d18b3423fd1c2c1a6b/gnocchi.e09c1752-98d3-4faa-b689-5c05751f1f4f%3Fformat%3Djson%26states%3Dlisting HTTP/1.0 204 - Swift - - - - txb9726a962a8f45558ada3-00697b11af - 0.0046 RL - 1769673135.077000141 1769673135.081607580 0
Jan 29 07:52:15 standalone container-server[127507]: 172.20.0.100 - - [29/Jan/2026:07:52:15 +0000] "GET /d1/206/AUTH_4c69ec2c9fbd43d18b3423fd1c2c1a6b/gnocchi.e09c1752-98d3-4faa-b689-5c05751f1f4f" 200 2 "GET http://172.18.0.2:8080/v1/AUTH_4c69ec2c9fbd43d18b3423fd1c2c1a6b/gnocchi.e09c1752-98d3-4faa-b689-5c05751f1f4f?format=json&states=listing" "txb9726a962a8f45558ada3-00697b11af" "proxy-server 20" 0.0034 "-" 22 0
Jan 29 07:52:15 standalone proxy-server[129441]: 172.18.0.2 172.18.0.100 29/Jan/2026/07/52/15 GET /v1/AUTH_4c69ec2c9fbd43d18b3423fd1c2c1a6b/gnocchi.e09c1752-98d3-4faa-b689-5c05751f1f4f%3Fformat%3Djson%26states%3Dlisting HTTP/1.0 200 - python-swiftclient-3.11.1 gAAAAABpexEBDc6x... - 2 - txb9726a962a8f45558ada3-00697b11af - 0.0162 - - 1769673135.075874329 1769673135.092063427 0
Jan 29 07:52:15 standalone object-server[127635]: 172.20.0.100 - - [29/Jan/2026:07:52:15 +0000] "GET /d1/88/AUTH_4c69ec2c9fbd43d18b3423fd1c2c1a6b/gnocchi.e09c1752-98d3-4faa-b689-5c05751f1f4f/1769040000.0_mean_300.0_v3" 404 70 "GET http://172.18.0.2:8080/v1/AUTH_4c69ec2c9fbd43d18b3423fd1c2c1a6b/gnocchi.e09c1752-98d3-4faa-b689-5c05751f1f4f/1769040000.0_mean_300.0_v3" "tx9684017c586b44f4933d9-00697b11af" "proxy-server 20" 0.0003 "-" 23 0
Jan 29 07:52:15 standalone proxy-server[129441]: 172.18.0.2 172.18.0.100 29/Jan/2026/07/52/15 GET /v1/AUTH_4c69ec2c9fbd43d18b3423fd1c2c1a6b/gnocchi.e09c1752-98d3-4faa-b689-5c05751f1f4f/1769040000.0_mean_300.0_v3 HTTP/1.0 404 - python-swiftclient-3.11.1 gAAAAABpexEBDc6x... - 70 - tx9684017c586b44f4933d9-00697b11af - 0.0056 - - 1769673135.096346378 1769673135.101938963 0
Jan 29 07:52:15 standalone container-server[127509]: 172.20.0.100 - - [29/Jan/2026:07:52:15 +0000] "PUT /d1/206/AUTH_4c69ec2c9fbd43d18b3423fd1c2c1a6b/gnocchi.e09c1752-98d3-4faa-b689-5c05751f1f4f/1769040000.0_mean_300.0_v3" 201 - "PUT http://172.18.0.2:8080/d1/88/AUTH_4c69ec2c9fbd43d18b3423fd1c2c1a6b/gnocchi.e09c1752-98d3-4faa-b689-5c05751f1f4f/1769040000.0_mean_300.0_v3" "txe298e297786b496aa2a7d-00697b11af" "object-server 23" 0.0009 "-" 23 0
Jan 29 07:52:15 standalone object-server[127635]: 172.20.0.100 - - [29/Jan/2026:07:52:15 +0000] "PUT /d1/88/AUTH_4c69ec2c9fbd43d18b3423fd1c2c1a6b/gnocchi.e09c1752-98d3-4faa-b689-5c05751f1f4f/1769040000.0_mean_300.0_v3" 201 - "PUT http://172.18.0.2:8080/v1/AUTH_4c69ec2c9fbd43d18b3423fd1c2c1a6b/gnocchi.e09c1752-98d3-4faa-b689-5c05751f1f4f/1769040000.0_mean_300.0_v3" "txe298e297786b496aa2a7d-00697b11af" "proxy-server 20" 0.0090 "-" 23 0
Jan 29 07:52:15 standalone proxy-server[129441]: 172.18.0.2 172.18.0.100 29/Jan/2026/07/52/15 PUT /v1/AUTH_4c69ec2c9fbd43d18b3423fd1c2c1a6b/gnocchi.e09c1752-98d3-4faa-b689-5c05751f1f4f/1769040000.0_mean_300.0_v3 HTTP/1.0 201 - python-swiftclient-3.11.1 gAAAAABpexEBDc6x... 16 - - txe298e297786b496aa2a7d-00697b11af - 0.0140 - - 1769673135.105001450 1769673135.119040489 0
Jan 29 07:52:15 standalone container-server[127509]: 172.20.0.100 - - [29/Jan/2026:07:52:15 +0000] "PUT /d1/206/AUTH_4c69ec2c9fbd43d18b3423fd1c2c1a6b/gnocchi.e09c1752-98d3-4faa-b689-5c05751f1f4f/none_v3" 201 - "PUT http://172.18.0.2:8080/d1/55/AUTH_4c69ec2c9fbd43d18b3423fd1c2c1a6b/gnocchi.e09c1752-98d3-4faa-b689-5c05751f1f4f/none_v3" "tx1181530e058741078b0ac-00697b11af" "object-server 24" 0.0008 "-" 23 0
Jan 29 07:52:15 standalone object-server[127636]: 172.20.0.100 - - [29/Jan/2026:07:52:15 +0000] "PUT /d1/55/AUTH_4c69ec2c9fbd43d18b3423fd1c2c1a6b/gnocchi.e09c1752-98d3-4faa-b689-5c05751f1f4f/none_v3" 201 - "PUT http://172.18.0.2:8080/v1/AUTH_4c69ec2c9fbd43d18b3423fd1c2c1a6b/gnocchi.e09c1752-98d3-4faa-b689-5c05751f1f4f/none_v3" "tx1181530e058741078b0ac-00697b11af" "proxy-server 20" 0.0300 "-" 24 0
Jan 29 07:52:15 standalone proxy-server[129441]: 172.18.0.2 172.18.0.100 29/Jan/2026/07/52/15 PUT /v1/AUTH_4c69ec2c9fbd43d18b3423fd1c2c1a6b/gnocchi.e09c1752-98d3-4faa-b689-5c05751f1f4f/none_v3 HTTP/1.0 201 - python-swiftclient-3.11.1 gAAAAABpexEBDc6x... 22 - - tx1181530e058741078b0ac-00697b11af - 0.0374 - - 1769673135.123266697 1769673135.160658121 0
Jan 29 07:52:15 standalone container-server[127492]: 172.20.0.100 - - [29/Jan/2026:07:52:15 +0000] "HEAD /d1/872/AUTH_4c69ec2c9fbd43d18b3423fd1c2c1a6b/gnocchi.d9e29612-8f9f-4c2b-8552-d099fd6e7cd0" 404 - "HEAD http://172.18.0.2:8080/v1/AUTH_4c69ec2c9fbd43d18b3423fd1c2c1a6b/gnocchi.d9e29612-8f9f-4c2b-8552-d099fd6e7cd0?format=json&states=listing" "txa1707bd371b9447494bd6-00697b11af" "proxy-server 20" 0.0005 "-" 20 0
Jan 29 07:52:15 standalone object-server[127635]: 172.20.0.100 - - [29/Jan/2026:07:52:15 +0000] "GET /d1/952/AUTH_4c69ec2c9fbd43d18b3423fd1c2c1a6b/gnocchi.d9e29612-8f9f-4c2b-8552-d099fd6e7cd0/none_v3" 404 70 "GET http://172.18.0.2:8080/v1/AUTH_4c69ec2c9fbd43d18b3423fd1c2c1a6b/gnocchi.d9e29612-8f9f-4c2b-8552-d099fd6e7cd0/none_v3" "txa1707bd371b9447494bd6-00697b11af" "proxy-server 20" 0.0004 "-" 23 0
Jan 29 07:52:15 standalone proxy-server[129441]: 172.18.0.2 172.18.0.100 29/Jan/2026/07/52/15 GET /v1/AUTH_4c69ec2c9fbd43d18b3423fd1c2c1a6b/gnocchi.d9e29612-8f9f-4c2b-8552-d099fd6e7cd0/none_v3 HTTP/1.0 404 - python-swiftclient-3.11.1 gAAAAABpexEBDc6x... - 70 - txa1707bd371b9447494bd6-00697b11af - 0.0121 - - 1769673135.170404196 1769673135.182530642 0
Jan 29 07:52:15 standalone account-server[127346]: 172.20.0.100 - - [29/Jan/2026:07:52:15 +0000] "PUT /d1/672/AUTH_4c69ec2c9fbd43d18b3423fd1c2c1a6b/gnocchi.d9e29612-8f9f-4c2b-8552-d099fd6e7cd0" 201 - "PUT http://172.20.0.100:6001/d1/872/AUTH_4c69ec2c9fbd43d18b3423fd1c2c1a6b/gnocchi.d9e29612-8f9f-4c2b-8552-d099fd6e7cd0" "txa4374cda63c54217beb8c-00697b11af" "container-server 20" 0.0062 "-" 19 0
Jan 29 07:52:15 standalone container-server[127492]: 172.20.0.100 - - [29/Jan/2026:07:52:15 +0000] "PUT /d1/872/AUTH_4c69ec2c9fbd43d18b3423fd1c2c1a6b/gnocchi.d9e29612-8f9f-4c2b-8552-d099fd6e7cd0" 201 - "PUT http://172.18.0.2:8080/v1/AUTH_4c69ec2c9fbd43d18b3423fd1c2c1a6b/gnocchi.d9e29612-8f9f-4c2b-8552-d099fd6e7cd0" "txa4374cda63c54217beb8c-00697b11af" "proxy-server 20" 0.0188 "-" 20 0
Jan 29 07:52:15 standalone proxy-server[129441]: 172.18.0.2 172.18.0.100 29/Jan/2026/07/52/15 PUT /v1/AUTH_4c69ec2c9fbd43d18b3423fd1c2c1a6b/gnocchi.d9e29612-8f9f-4c2b-8552-d099fd6e7cd0 HTTP/1.0 201 - python-swiftclient-3.11.1 gAAAAABpexEBDc6x... - - - txa4374cda63c54217beb8c-00697b11af - 0.0246 - - 1769673135.185420513 1769673135.209981441 0
Jan 29 07:52:15 standalone container-server[127492]: 172.20.0.100 - - [29/Jan/2026:07:52:15 +0000] "HEAD /d1/872/AUTH_4c69ec2c9fbd43d18b3423fd1c2c1a6b/gnocchi.d9e29612-8f9f-4c2b-8552-d099fd6e7cd0" 204 - "HEAD http://172.18.0.2:8080/v1/AUTH_4c69ec2c9fbd43d18b3423fd1c2c1a6b/gnocchi.d9e29612-8f9f-4c2b-8552-d099fd6e7cd0?format=json&states=listing" "txa9abf6f60d13498b94b1b-00697b11af" "proxy-server 20" 0.0019 "-" 20 0
Jan 29 07:52:15 standalone proxy-server[129441]: - - 29/Jan/2026/07/52/15 HEAD /v1/AUTH_4c69ec2c9fbd43d18b3423fd1c2c1a6b/gnocchi.d9e29612-8f9f-4c2b-8552-d099fd6e7cd0%3Fformat%3Djson%26states%3Dlisting HTTP/1.0 204 - Swift - - - - txa9abf6f60d13498b94b1b-00697b11af - 0.0066 RL - 1769673135.216160297 1769673135.222711086 0
Jan 29 07:52:15 standalone container-server[127492]: 172.20.0.100 - - [29/Jan/2026:07:52:15 +0000] "GET /d1/872/AUTH_4c69ec2c9fbd43d18b3423fd1c2c1a6b/gnocchi.d9e29612-8f9f-4c2b-8552-d099fd6e7cd0" 200 2 "GET http://172.18.0.2:8080/v1/AUTH_4c69ec2c9fbd43d18b3423fd1c2c1a6b/gnocchi.d9e29612-8f9f-4c2b-8552-d099fd6e7cd0?format=json&states=listing" "txa9abf6f60d13498b94b1b-00697b11af" "proxy-server 20" 0.0029 "-" 20 0
Jan 29 07:52:15 standalone proxy-server[129441]: 172.18.0.2 172.18.0.100 29/Jan/2026/07/52/15 GET /v1/AUTH_4c69ec2c9fbd43d18b3423fd1c2c1a6b/gnocchi.d9e29612-8f9f-4c2b-8552-d099fd6e7cd0%3Fformat%3Djson%26states%3Dlisting HTTP/1.0 200 - python-swiftclient-3.11.1 gAAAAABpexEBDc6x... - 2 - txa9abf6f60d13498b94b1b-00697b11af - 0.0185 - - 1769673135.214875460 1769673135.233361959 0
Jan 29 07:52:15 standalone object-server[127636]: 172.20.0.100 - - [29/Jan/2026:07:52:15 +0000] "GET /d1/159/AUTH_4c69ec2c9fbd43d18b3423fd1c2c1a6b/gnocchi.d9e29612-8f9f-4c2b-8552-d099fd6e7cd0/1769040000.0_mean_300.0_v3" 404 70 "GET http://172.18.0.2:8080/v1/AUTH_4c69ec2c9fbd43d18b3423fd1c2c1a6b/gnocchi.d9e29612-8f9f-4c2b-8552-d099fd6e7cd0/1769040000.0_mean_300.0_v3" "tx6e92ef4dfd9b42a39bb24-00697b11af" "proxy-server 20" 0.0005 "-" 24 0
Jan 29 07:52:15 standalone proxy-server[129441]: 172.18.0.2 172.18.0.100 29/Jan/2026/07/52/15 GET /v1/AUTH_4c69ec2c9fbd43d18b3423fd1c2c1a6b/gnocchi.d9e29612-8f9f-4c2b-8552-d099fd6e7cd0/1769040000.0_mean_300.0_v3 HTTP/1.0 404 - python-swiftclient-3.11.1 gAAAAABpexEBDc6x... - 70 - tx6e92ef4dfd9b42a39bb24-00697b11af - 0.0090 - - 1769673135.238735914 1769673135.247759581 0
Jan 29 07:52:15 standalone container-server[127507]: 172.20.0.100 - - [29/Jan/2026:07:52:15 +0000] "PUT /d1/872/AUTH_4c69ec2c9fbd43d18b3423fd1c2c1a6b/gnocchi.d9e29612-8f9f-4c2b-8552-d099fd6e7cd0/1769040000.0_mean_300.0_v3" 201 - "PUT http://172.18.0.2:8080/d1/159/AUTH_4c69ec2c9fbd43d18b3423fd1c2c1a6b/gnocchi.d9e29612-8f9f-4c2b-8552-d099fd6e7cd0/1769040000.0_mean_300.0_v3" "txdb5276f7cd39422fab1c5-00697b11af" "object-server 22" 0.0006 "-" 22 0
Jan 29 07:52:15 standalone object-server[127634]: 172.20.0.100 - - [29/Jan/2026:07:52:15 +0000] "PUT /d1/159/AUTH_4c69ec2c9fbd43d18b3423fd1c2c1a6b/gnocchi.d9e29612-8f9f-4c2b-8552-d099fd6e7cd0/1769040000.0_mean_300.0_v3" 201 - "PUT http://172.18.0.2:8080/v1/AUTH_4c69ec2c9fbd43d18b3423fd1c2c1a6b/gnocchi.d9e29612-8f9f-4c2b-8552-d099fd6e7cd0/1769040000.0_mean_300.0_v3" "txdb5276f7cd39422fab1c5-00697b11af" "proxy-server 20" 0.0095 "-" 22 0
Jan 29 07:52:15 standalone proxy-server[129441]: 172.18.0.2 172.18.0.100 29/Jan/2026/07/52/15 PUT /v1/AUTH_4c69ec2c9fbd43d18b3423fd1c2c1a6b/gnocchi.d9e29612-8f9f-4c2b-8552-d099fd6e7cd0/1769040000.0_mean_300.0_v3 HTTP/1.0 201 - python-swiftclient-3.11.1 gAAAAABpexEBDc6x... 16 - - txdb5276f7cd39422fab1c5-00697b11af - 0.0190 - - 1769673135.251989603 1769673135.271006346 0
Jan 29 07:52:15 standalone container-server[127509]: 172.20.0.100 - - [29/Jan/2026:07:52:15 +0000] "PUT /d1/872/AUTH_4c69ec2c9fbd43d18b3423fd1c2c1a6b/gnocchi.d9e29612-8f9f-4c2b-8552-d099fd6e7cd0/none_v3" 201 - "PUT http://172.18.0.2:8080/d1/952/AUTH_4c69ec2c9fbd43d18b3423fd1c2c1a6b/gnocchi.d9e29612-8f9f-4c2b-8552-d099fd6e7cd0/none_v3" "tx0cd25ff9de76498885794-00697b11af" "object-server 22" 0.0006 "-" 23 0
Jan 29 07:52:15 standalone object-server[127634]: 172.20.0.100 - - [29/Jan/2026:07:52:15 +0000] "PUT /d1/952/AUTH_4c69ec2c9fbd43d18b3423fd1c2c1a6b/gnocchi.d9e29612-8f9f-4c2b-8552-d099fd6e7cd0/none_v3" 201 - "PUT http://172.18.0.2:8080/v1/AUTH_4c69ec2c9fbd43d18b3423fd1c2c1a6b/gnocchi.d9e29612-8f9f-4c2b-8552-d099fd6e7cd0/none_v3" "tx0cd25ff9de76498885794-00697b11af" "proxy-server 20" 0.0120 "-" 22 0
Jan 29 07:52:15 standalone proxy-server[129441]: 172.18.0.2 172.18.0.100 29/Jan/2026/07/52/15 PUT /v1/AUTH_4c69ec2c9fbd43d18b3423fd1c2c1a6b/gnocchi.d9e29612-8f9f-4c2b-8552-d099fd6e7cd0/none_v3 HTTP/1.0 201 - python-swiftclient-3.11.1 gAAAAABpexEBDc6x... 22 - - tx0cd25ff9de76498885794-00697b11af - 0.0231 - - 1769673135.274770260 1769673135.297848225 0
Jan 29 07:52:15 standalone container-server[127507]: 172.20.0.100 - - [29/Jan/2026:07:52:15 +0000] "HEAD /d1/200/AUTH_4c69ec2c9fbd43d18b3423fd1c2c1a6b/gnocchi.bb1c599c-c9e9-475a-aa2e-ad9deedcacd1" 404 - "HEAD http://172.18.0.2:8080/v1/AUTH_4c69ec2c9fbd43d18b3423fd1c2c1a6b/gnocchi.bb1c599c-c9e9-475a-aa2e-ad9deedcacd1?format=json&states=listing" "tx1ef83bbe9a9a45a7b8461-00697b11af" "proxy-server 20" 0.0004 "-" 22 0
Jan 29 07:52:15 standalone object-server[127637]: 172.20.0.100 - - [29/Jan/2026:07:52:15 +0000] "GET /d1/832/AUTH_4c69ec2c9fbd43d18b3423fd1c2c1a6b/gnocchi.bb1c599c-c9e9-475a-aa2e-ad9deedcacd1/none_v3" 404 70 "GET http://172.18.0.2:8080/v1/AUTH_4c69ec2c9fbd43d18b3423fd1c2c1a6b/gnocchi.bb1c599c-c9e9-475a-aa2e-ad9deedcacd1/none_v3" "tx1ef83bbe9a9a45a7b8461-00697b11af" "proxy-server 20" 0.0003 "-" 25 0
Jan 29 07:52:15 standalone proxy-server[129441]: 172.18.0.2 172.18.0.100 29/Jan/2026/07/52/15 GET /v1/AUTH_4c69ec2c9fbd43d18b3423fd1c2c1a6b/gnocchi.bb1c599c-c9e9-475a-aa2e-ad9deedcacd1/none_v3 HTTP/1.0 404 - python-swiftclient-3.11.1 gAAAAABpexEBDc6x... - 70 - tx1ef83bbe9a9a45a7b8461-00697b11af - 0.0093 - - 1769673135.312277317 1769673135.321527958 0
Jan 29 07:52:15 standalone account-server[127305]: 172.20.0.100 - - [29/Jan/2026:07:52:15 +0000] "PUT /d1/672/AUTH_4c69ec2c9fbd43d18b3423fd1c2c1a6b/gnocchi.bb1c599c-c9e9-475a-aa2e-ad9deedcacd1" 201 - "PUT http://172.20.0.100:6001/d1/200/AUTH_4c69ec2c9fbd43d18b3423fd1c2c1a6b/gnocchi.bb1c599c-c9e9-475a-aa2e-ad9deedcacd1" "tx234e52fb0957447f8b00e-00697b11af" "container-server 21" 0.0059 "-" 17 0
Jan 29 07:52:15 standalone container-server[127497]: 172.20.0.100 - - [29/Jan/2026:07:52:15 +0000] "PUT /d1/200/AUTH_4c69ec2c9fbd43d18b3423fd1c2c1a6b/gnocchi.bb1c599c-c9e9-475a-aa2e-ad9deedcacd1" 201 - "PUT http://172.18.0.2:8080/v1/AUTH_4c69ec2c9fbd43d18b3423fd1c2c1a6b/gnocchi.bb1c599c-c9e9-475a-aa2e-ad9deedcacd1" "tx234e52fb0957447f8b00e-00697b11af" "proxy-server 20" 0.0164 "-" 21 0
Jan 29 07:52:15 standalone proxy-server[129441]: 172.18.0.2 172.18.0.100 29/Jan/2026/07/52/15 PUT /v1/AUTH_4c69ec2c9fbd43d18b3423fd1c2c1a6b/gnocchi.bb1c599c-c9e9-475a-aa2e-ad9deedcacd1 HTTP/1.0 201 - python-swiftclient-3.11.1 gAAAAABpexEBDc6x... - - - tx234e52fb0957447f8b00e-00697b11af - 0.0214 - - 1769673135.325150251 1769673135.346557379 0
Jan 29 07:52:15 standalone container-server[127507]: 172.20.0.100 - - [29/Jan/2026:07:52:15 +0000] "HEAD /d1/200/AUTH_4c69ec2c9fbd43d18b3423fd1c2c1a6b/gnocchi.bb1c599c-c9e9-475a-aa2e-ad9deedcacd1" 204 - "HEAD http://172.18.0.2:8080/v1/AUTH_4c69ec2c9fbd43d18b3423fd1c2c1a6b/gnocchi.bb1c599c-c9e9-475a-aa2e-ad9deedcacd1?format=json&states=listing" "tx040c05c5c485456698ae7-00697b11af" "proxy-server 20" 0.0027 "-" 22 0
Jan 29 07:52:15 standalone proxy-server[129441]: - - 29/Jan/2026/07/52/15 HEAD /v1/AUTH_4c69ec2c9fbd43d18b3423fd1c2c1a6b/gnocchi.bb1c599c-c9e9-475a-aa2e-ad9deedcacd1%3Fformat%3Djson%26states%3Dlisting HTTP/1.0 204 - Swift - - - - tx040c05c5c485456698ae7-00697b11af - 0.0066 RL - 1769673135.350419044 1769673135.357050419 0
Jan 29 07:52:15 standalone container-server[127492]: 172.20.0.100 - - [29/Jan/2026:07:52:15 +0000] "GET /d1/200/AUTH_4c69ec2c9fbd43d18b3423fd1c2c1a6b/gnocchi.bb1c599c-c9e9-475a-aa2e-ad9deedcacd1" 200 2 "GET http://172.18.0.2:8080/v1/AUTH_4c69ec2c9fbd43d18b3423fd1c2c1a6b/gnocchi.bb1c599c-c9e9-475a-aa2e-ad9deedcacd1?format=json&states=listing" "tx040c05c5c485456698ae7-00697b11af" "proxy-server 20" 0.0039 "-" 20 0
Jan 29 07:52:15 standalone proxy-server[129441]: 172.18.0.2 172.18.0.100 29/Jan/2026/07/52/15 GET /v1/AUTH_4c69ec2c9fbd43d18b3423fd1c2c1a6b/gnocchi.bb1c599c-c9e9-475a-aa2e-ad9deedcacd1%3Fformat%3Djson%26states%3Dlisting HTTP/1.0 200 - python-swiftclient-3.11.1 gAAAAABpexEBDc6x... - 2 - tx040c05c5c485456698ae7-00697b11af - 0.0173 - - 1769673135.349579811 1769673135.366879463 0
Jan 29 07:52:15 standalone object-server[127637]: 172.20.0.100 - - [29/Jan/2026:07:52:15 +0000] "GET /d1/498/AUTH_4c69ec2c9fbd43d18b3423fd1c2c1a6b/gnocchi.bb1c599c-c9e9-475a-aa2e-ad9deedcacd1/1769040000.0_mean_300.0_v3" 404 70 "GET http://172.18.0.2:8080/v1/AUTH_4c69ec2c9fbd43d18b3423fd1c2c1a6b/gnocchi.bb1c599c-c9e9-475a-aa2e-ad9deedcacd1/1769040000.0_mean_300.0_v3" "txd3d4731177924edd85a97-00697b11af" "proxy-server 20" 0.0007 "-" 25 0
Jan 29 07:52:15 standalone proxy-server[129441]: 172.18.0.2 172.18.0.100 29/Jan/2026/07/52/15 GET /v1/AUTH_4c69ec2c9fbd43d18b3423fd1c2c1a6b/gnocchi.bb1c599c-c9e9-475a-aa2e-ad9deedcacd1/1769040000.0_mean_300.0_v3 HTTP/1.0 404 - python-swiftclient-3.11.1 gAAAAABpexEBDc6x... - 70 - txd3d4731177924edd85a97-00697b11af - 0.0068 - - 1769673135.370001316 1769673135.376791000 0
Jan 29 07:52:15 standalone container-server[127497]: 172.20.0.100 - - [29/Jan/2026:07:52:15 +0000] "PUT /d1/200/AUTH_4c69ec2c9fbd43d18b3423fd1c2c1a6b/gnocchi.bb1c599c-c9e9-475a-aa2e-ad9deedcacd1/1769040000.0_mean_300.0_v3" 201 - "PUT http://172.18.0.2:8080/d1/498/AUTH_4c69ec2c9fbd43d18b3423fd1c2c1a6b/gnocchi.bb1c599c-c9e9-475a-aa2e-ad9deedcacd1/1769040000.0_mean_300.0_v3" "txa588934d3c78417ab093d-00697b11af" "object-server 23" 0.0007 "-" 21 0
Jan 29 07:52:15 standalone object-server[127635]: 172.20.0.100 - - [29/Jan/2026:07:52:15 +0000] "PUT /d1/498/AUTH_4c69ec2c9fbd43d18b3423fd1c2c1a6b/gnocchi.bb1c599c-c9e9-475a-aa2e-ad9deedcacd1/1769040000.0_mean_300.0_v3" 201 - "PUT http://172.18.0.2:8080/v1/AUTH_4c69ec2c9fbd43d18b3423fd1c2c1a6b/gnocchi.bb1c599c-c9e9-475a-aa2e-ad9deedcacd1/1769040000.0_mean_300.0_v3" "txa588934d3c78417ab093d-00697b11af" "proxy-server 20" 0.0113 "-" 23 0
Jan 29 07:52:15 standalone proxy-server[129441]: 172.18.0.2 172.18.0.100 29/Jan/2026/07/52/15 PUT /v1/AUTH_4c69ec2c9fbd43d18b3423fd1c2c1a6b/gnocchi.bb1c599c-c9e9-475a-aa2e-ad9deedcacd1/1769040000.0_mean_300.0_v3 HTTP/1.0 201 - python-swiftclient-3.11.1 gAAAAABpexEBDc6x... 16 - - txa588934d3c78417ab093d-00697b11af - 0.0181 - - 1769673135.381005526 1769673135.399079084 0
Jan 29 07:52:15 standalone container-server[127497]: 172.20.0.100 - - [29/Jan/2026:07:52:15 +0000] "PUT /d1/200/AUTH_4c69ec2c9fbd43d18b3423fd1c2c1a6b/gnocchi.bb1c599c-c9e9-475a-aa2e-ad9deedcacd1/none_v3" 201 - "PUT http://172.18.0.2:8080/d1/832/AUTH_4c69ec2c9fbd43d18b3423fd1c2c1a6b/gnocchi.bb1c599c-c9e9-475a-aa2e-ad9deedcacd1/none_v3" "tx73bfd69bb0464fc9b481b-00697b11af" "object-server 22" 0.0005 "-" 21 0
