Jan 29 07:51:18 standalone account-server[127346]: 172.20.0.100 - - [29/Jan/2026:07:51:18 +0000] "PUT /d1/672/AUTH_4c69ec2c9fbd43d18b3423fd1c2c1a6b/gnocchi.4ce95da7-1c55-4c9f-9ec9-ccfafeadb45e" 201 - "PUT http://172.20.0.100:6001/d1/597/AUTH_4c69ec2c9fbd43d18b3423fd1c2c1a6b/gnocchi.4ce95da7-1c55-4c9f-9ec9-ccfafeadb45e" "tx978992aa1b9c4f369dbed-00697b1176" "container-server 23" 0.0061 "-" 19 0
Jan 29 07:51:18 standalone container-server[127509]: 172.20.0.100 - - [29/Jan/2026:07:51:18 +0000] "PUT /d1/597/AUTH_4c69ec2c9fbd43d18b3423fd1c2c1a6b/gnocchi.4ce95da7-1c55-4c9f-9ec9-ccfafeadb45e" 201 - "PUT http://172.18.0.2:8080/v1/AUTH_4c69ec2c9fbd43d18b3423fd1c2c1a6b/gnocchi.4ce95da7-1c55-4c9f-9ec9-ccfafeadb45e" "tx978992aa1b9c4f369dbed-00697b1176" "proxy-server 20" 0.0235 "-" 23 0
Jan 29 07:51:18 standalone proxy-server[129441]: 172.18.0.2 172.18.0.100 29/Jan/2026/07/51/18 PUT /v1/AUTH_4c69ec2c9fbd43d18b3423fd1c2c1a6b/gnocchi.4ce95da7-1c55-4c9f-9ec9-ccfafeadb45e HTTP/1.0 201 - python-swiftclient-3.11.1 gAAAAABpexEBDc6x... - - - tx978992aa1b9c4f369dbed-00697b1176 - 0.0316 - - 1769673078.178533792 1769673078.210100889 0
Jan 29 07:51:18 standalone container-server[127492]: 172.20.0.100 - - [29/Jan/2026:07:51:18 +0000] "HEAD /d1/597/AUTH_4c69ec2c9fbd43d18b3423fd1c2c1a6b/gnocchi.4ce95da7-1c55-4c9f-9ec9-ccfafeadb45e" 204 - "HEAD http://172.18.0.2:8080/v1/AUTH_4c69ec2c9fbd43d18b3423fd1c2c1a6b/gnocchi.4ce95da7-1c55-4c9f-9ec9-ccfafeadb45e?format=json&states=listing" "txe751df34475e4d0dbd1a8-00697b1176" "proxy-server 20" 0.0026 "-" 20 0
Jan 29 07:51:18 standalone proxy-server[129441]: - - 29/Jan/2026/07/51/18 HEAD /v1/AUTH_4c69ec2c9fbd43d18b3423fd1c2c1a6b/gnocchi.4ce95da7-1c55-4c9f-9ec9-ccfafeadb45e%3Fformat%3Djson%26states%3Dlisting HTTP/1.0 204 - Swift - - - - txe751df34475e4d0dbd1a8-00697b1176 - 0.0091 RL - 1769673078.218504906 1769673078.227649450 0
Jan 29 07:51:18 standalone container-server[127507]: 172.20.0.100 - - [29/Jan/2026:07:51:18 +0000] "GET /d1/597/AUTH_4c69ec2c9fbd43d18b3423fd1c2c1a6b/gnocchi.4ce95da7-1c55-4c9f-9ec9-ccfafeadb45e" 200 2 "GET http://172.18.0.2:8080/v1/AUTH_4c69ec2c9fbd43d18b3423fd1c2c1a6b/gnocchi.4ce95da7-1c55-4c9f-9ec9-ccfafeadb45e?format=json&states=listing" "txe751df34475e4d0dbd1a8-00697b1176" "proxy-server 20" 0.0034 "-" 22 0
Jan 29 07:51:18 standalone proxy-server[129441]: 172.18.0.2 172.18.0.100 29/Jan/2026/07/51/18 GET /v1/AUTH_4c69ec2c9fbd43d18b3423fd1c2c1a6b/gnocchi.4ce95da7-1c55-4c9f-9ec9-ccfafeadb45e%3Fformat%3Djson%26states%3Dlisting HTTP/1.0 200 - python-swiftclient-3.11.1 gAAAAABpexEBDc6x... - 2 - txe751df34475e4d0dbd1a8-00697b1176 - 0.0231 - - 1769673078.216700554 1769673078.239846230 0
Jan 29 07:51:18 standalone object-server[127637]: 172.20.0.100 - - [29/Jan/2026:07:51:18 +0000] "GET /d1/906/AUTH_4c69ec2c9fbd43d18b3423fd1c2c1a6b/gnocchi.4ce95da7-1c55-4c9f-9ec9-ccfafeadb45e/1769040000.0_mean_300.0_v3" 404 70 "GET http://172.18.0.2:8080/v1/AUTH_4c69ec2c9fbd43d18b3423fd1c2c1a6b/gnocchi.4ce95da7-1c55-4c9f-9ec9-ccfafeadb45e/1769040000.0_mean_300.0_v3" "tx0652a14020fe478e9f801-00697b1176" "proxy-server 20" 0.0005 "-" 25 0
Jan 29 07:51:18 standalone proxy-server[129441]: 172.18.0.2 172.18.0.100 29/Jan/2026/07/51/18 GET /v1/AUTH_4c69ec2c9fbd43d18b3423fd1c2c1a6b/gnocchi.4ce95da7-1c55-4c9f-9ec9-ccfafeadb45e/1769040000.0_mean_300.0_v3 HTTP/1.0 404 - python-swiftclient-3.11.1 gAAAAABpexEBDc6x... - 70 - tx0652a14020fe478e9f801-00697b1176 - 0.0078 - - 1769673078.244683266 1769673078.252521992 0
Jan 29 07:51:18 standalone container-server[127497]: 172.20.0.100 - - [29/Jan/2026:07:51:18 +0000] "PUT /d1/597/AUTH_4c69ec2c9fbd43d18b3423fd1c2c1a6b/gnocchi.4ce95da7-1c55-4c9f-9ec9-ccfafeadb45e/1769040000.0_mean_300.0_v3" 201 - "PUT http://172.18.0.2:8080/d1/906/AUTH_4c69ec2c9fbd43d18b3423fd1c2c1a6b/gnocchi.4ce95da7-1c55-4c9f-9ec9-ccfafeadb45e/1769040000.0_mean_300.0_v3" "txe1f393a826994bb6a230a-00697b1176" "object-server 24" 0.0009 "-" 21 0
Jan 29 07:51:18 standalone object-server[127636]: 172.20.0.100 - - [29/Jan/2026:07:51:18 +0000] "PUT /d1/906/AUTH_4c69ec2c9fbd43d18b3423fd1c2c1a6b/gnocchi.4ce95da7-1c55-4c9f-9ec9-ccfafeadb45e/1769040000.0_mean_300.0_v3" 201 - "PUT http://172.18.0.2:8080/v1/AUTH_4c69ec2c9fbd43d18b3423fd1c2c1a6b/gnocchi.4ce95da7-1c55-4c9f-9ec9-ccfafeadb45e/1769040000.0_mean_300.0_v3" "txe1f393a826994bb6a230a-00697b1176" "proxy-server 20" 0.0177 "-" 24 0
Jan 29 07:51:18 standalone proxy-server[129441]: 172.18.0.2 172.18.0.100 29/Jan/2026/07/51/18 PUT /v1/AUTH_4c69ec2c9fbd43d18b3423fd1c2c1a6b/gnocchi.4ce95da7-1c55-4c9f-9ec9-ccfafeadb45e/1769040000.0_mean_300.0_v3 HTTP/1.0 201 - python-swiftclient-3.11.1 gAAAAABpexEBDc6x... 16 - - txe1f393a826994bb6a230a-00697b1176 - 0.0276 - - 1769673078.256701231 1769673078.284276962 0
Jan 29 07:51:18 standalone container-server[127507]: 172.20.0.100 - - [29/Jan/2026:07:51:18 +0000] "PUT /d1/597/AUTH_4c69ec2c9fbd43d18b3423fd1c2c1a6b/gnocchi.4ce95da7-1c55-4c9f-9ec9-ccfafeadb45e/none_v3" 201 - "PUT http://172.18.0.2:8080/d1/269/AUTH_4c69ec2c9fbd43d18b3423fd1c2c1a6b/gnocchi.4ce95da7-1c55-4c9f-9ec9-ccfafeadb45e/none_v3" "txf026646c43c5427bba27a-00697b1176" "object-server 23" 0.0013 "-" 22 0
Jan 29 07:51:18 standalone object-server[127635]: 172.20.0.100 - - [29/Jan/2026:07:51:18 +0000] "PUT /d1/269/AUTH_4c69ec2c9fbd43d18b3423fd1c2c1a6b/gnocchi.4ce95da7-1c55-4c9f-9ec9-ccfafeadb45e/none_v3" 201 - "PUT http://172.18.0.2:8080/v1/AUTH_4c69ec2c9fbd43d18b3423fd1c2c1a6b/gnocchi.4ce95da7-1c55-4c9f-9ec9-ccfafeadb45e/none_v3" "txf026646c43c5427bba27a-00697b1176" "proxy-server 20" 0.0125 "-" 23 0
Jan 29 07:51:18 standalone proxy-server[129441]: 172.18.0.2 172.18.0.100 29/Jan/2026/07/51/18 PUT /v1/AUTH_4c69ec2c9fbd43d18b3423fd1c2c1a6b/gnocchi.4ce95da7-1c55-4c9f-9ec9-ccfafeadb45e/none_v3 HTTP/1.0 201 - python-swiftclient-3.11.1 gAAAAABpexEBDc6x... 22 - - txf026646c43c5427bba27a-00697b1176 - 0.0238 - - 1769673078.290589809 1769673078.314384222 0
Jan 29 07:51:18 standalone object-server[127636]: 172.20.0.100 - - [29/Jan/2026:07:51:18 +0000] "GET /d1/269/AUTH_4c69ec2c9fbd43d18b3423fd1c2c1a6b/gnocchi.4ce95da7-1c55-4c9f-9ec9-ccfafeadb45e/none_v3" 200 22 "GET http://172.18.0.2:8080/v1/AUTH_4c69ec2c9fbd43d18b3423fd1c2c1a6b/gnocchi.4ce95da7-1c55-4c9f-9ec9-ccfafeadb45e/none_v3" "txfbd7b2797c6b4eb3a980e-00697b1176" "proxy-server 20" 0.0009 "-" 24 0
Jan 29 07:51:18 standalone proxy-server[129441]: 172.18.0.2 172.18.0.100 29/Jan/2026/07/51/18 GET /v1/AUTH_4c69ec2c9fbd43d18b3423fd1c2c1a6b/gnocchi.4ce95da7-1c55-4c9f-9ec9-ccfafeadb45e/none_v3 HTTP/1.0 200 - python-swiftclient-3.11.1 gAAAAABpexEBDc6x... - 22 - txfbd7b2797c6b4eb3a980e-00697b1176 - 0.0081 - - 1769673078.896287203 1769673078.904349327 0
Jan 29 07:51:18 standalone container-server[127492]: 172.20.0.100 - - [29/Jan/2026:07:51:18 +0000] "GET /d1/597/AUTH_4c69ec2c9fbd43d18b3423fd1c2c1a6b/gnocchi.4ce95da7-1c55-4c9f-9ec9-ccfafeadb45e" 200 357 "GET http://172.18.0.2:8080/v1/AUTH_4c69ec2c9fbd43d18b3423fd1c2c1a6b/gnocchi.4ce95da7-1c55-4c9f-9ec9-ccfafeadb45e?format=json&states=listing" "tx75d47f5b66aa45359cf75-00697b1176" "proxy-server 20" 0.0251 "-" 20 0
Jan 29 07:51:18 standalone proxy-server[129441]: 172.18.0.2 172.18.0.100 29/Jan/2026/07/51/18 GET /v1/AUTH_4c69ec2c9fbd43d18b3423fd1c2c1a6b/gnocchi.4ce95da7-1c55-4c9f-9ec9-ccfafeadb45e%3Fformat%3Djson%26states%3Dlisting HTTP/1.0 200 - python-swiftclient-3.11.1 gAAAAABpexEBDc6x... - 357 - tx75d47f5b66aa45359cf75-00697b1176 - 0.0349 - - 1769673078.910243988 1769673078.945142984 0
Jan 29 07:51:18 standalone container-server[127497]: 172.20.0.100 - - [29/Jan/2026:07:51:18 +0000] "GET /d1/597/AUTH_4c69ec2c9fbd43d18b3423fd1c2c1a6b/gnocchi.4ce95da7-1c55-4c9f-9ec9-ccfafeadb45e" 200 2 "GET http://172.18.0.2:8080/v1/AUTH_4c69ec2c9fbd43d18b3423fd1c2c1a6b/gnocchi.4ce95da7-1c55-4c9f-9ec9-ccfafeadb45e?format=json&marker=none_v3&states=listing" "tx6d39a2b864274457bd9a6-00697b1176" "proxy-server 20" 0.0025 "-" 21 0
Jan 29 07:51:18 standalone proxy-server[129441]: 172.18.0.2 172.18.0.100 29/Jan/2026/07/51/18 GET /v1/AUTH_4c69ec2c9fbd43d18b3423fd1c2c1a6b/gnocchi.4ce95da7-1c55-4c9f-9ec9-ccfafeadb45e%3Fformat%3Djson%26marker%3Dnone_v3%26states%3Dlisting HTTP/1.0 200 - python-swiftclient-3.11.1 gAAAAABpexEBDc6x... - 2 - tx6d39a2b864274457bd9a6-00697b1176 - 0.0094 - - 1769673078.948773146 1769673078.958138466 0
Jan 29 07:51:18 standalone object-server[127637]: 172.20.0.100 - - [29/Jan/2026:07:51:18 +0000] "GET /d1/906/AUTH_4c69ec2c9fbd43d18b3423fd1c2c1a6b/gnocchi.4ce95da7-1c55-4c9f-9ec9-ccfafeadb45e/1769040000.0_mean_300.0_v3" 200 16 "GET http://172.18.0.2:8080/v1/AUTH_4c69ec2c9fbd43d18b3423fd1c2c1a6b/gnocchi.4ce95da7-1c55-4c9f-9ec9-ccfafeadb45e/1769040000.0_mean_300.0_v3" "txc72c98b450804af5b35e2-00697b1176" "proxy-server 20" 0.0010 "-" 25 0
Jan 29 07:51:18 standalone proxy-server[129441]: 172.18.0.2 172.18.0.100 29/Jan/2026/07/51/18 GET /v1/AUTH_4c69ec2c9fbd43d18b3423fd1c2c1a6b/gnocchi.4ce95da7-1c55-4c9f-9ec9-ccfafeadb45e/1769040000.0_mean_300.0_v3 HTTP/1.0 200 - python-swiftclient-3.11.1 gAAAAABpexEBDc6x... - 16 - txc72c98b450804af5b35e2-00697b1176 - 0.0072 - - 1769673078.961459875 1769673078.968647957 0
Jan 29 07:51:18 standalone container-server[127492]: 172.20.0.100 - - [29/Jan/2026:07:51:18 +0000] "PUT /d1/597/AUTH_4c69ec2c9fbd43d18b3423fd1c2c1a6b/gnocchi.4ce95da7-1c55-4c9f-9ec9-ccfafeadb45e/1769040000.0_mean_300.0_v3" 201 - "PUT http://172.18.0.2:8080/d1/906/AUTH_4c69ec2c9fbd43d18b3423fd1c2c1a6b/gnocchi.4ce95da7-1c55-4c9f-9ec9-ccfafeadb45e/1769040000.0_mean_300.0_v3" "txf9f9710e8a6c4c2b9bbea-00697b1176" "object-server 23" 0.0008 "-" 20 0
Jan 29 07:51:18 standalone object-server[127635]: 172.20.0.100 - - [29/Jan/2026:07:51:18 +0000] "PUT /d1/906/AUTH_4c69ec2c9fbd43d18b3423fd1c2c1a6b/gnocchi.4ce95da7-1c55-4c9f-9ec9-ccfafeadb45e/1769040000.0_mean_300.0_v3" 201 - "PUT http://172.18.0.2:8080/v1/AUTH_4c69ec2c9fbd43d18b3423fd1c2c1a6b/gnocchi.4ce95da7-1c55-4c9f-9ec9-ccfafeadb45e/1769040000.0_mean_300.0_v3" "txf9f9710e8a6c4c2b9bbea-00697b1176" "proxy-server 20" 0.0111 "-" 23 0
Jan 29 07:51:18 standalone proxy-server[129441]: 172.18.0.2 172.18.0.100 29/Jan/2026/07/51/18 PUT /v1/AUTH_4c69ec2c9fbd43d18b3423fd1c2c1a6b/gnocchi.4ce95da7-1c55-4c9f-9ec9-ccfafeadb45e/1769040000.0_mean_300.0_v3 HTTP/1.0 201 - python-swiftclient-3.11.1 gAAAAABpexEBDc6x... 16 - - txf9f9710e8a6c4c2b9bbea-00697b1176 - 0.0164 - - 1769673078.971340895 1769673078.987760067 0
Jan 29 07:51:19 standalone container-server[127509]: 172.20.0.100 - - [29/Jan/2026:07:51:19 +0000] "PUT /d1/597/AUTH_4c69ec2c9fbd43d18b3423fd1c2c1a6b/gnocchi.4ce95da7-1c55-4c9f-9ec9-ccfafeadb45e/none_v3" 201 - "PUT http://172.18.0.2:8080/d1/269/AUTH_4c69ec2c9fbd43d18b3423fd1c2c1a6b/gnocchi.4ce95da7-1c55-4c9f-9ec9-ccfafeadb45e/none_v3" "txd750079176e94abe88ce2-00697b1176" "object-server 22" 0.0012 "-" 23 0
Jan 29 07:51:19 standalone object-server[127634]: 172.20.0.100 - - [29/Jan/2026:07:51:19 +0000] "PUT /d1/269/AUTH_4c69ec2c9fbd43d18b3423fd1c2c1a6b/gnocchi.4ce95da7-1c55-4c9f-9ec9-ccfafeadb45e/none_v3" 201 - "PUT http://172.18.0.2:8080/v1/AUTH_4c69ec2c9fbd43d18b3423fd1c2c1a6b/gnocchi.4ce95da7-1c55-4c9f-9ec9-ccfafeadb45e/none_v3" "txd750079176e94abe88ce2-00697b1176" "proxy-server 20" 0.0140 "-" 22 0
Jan 29 07:51:19 standalone proxy-server[129441]: 172.18.0.2 172.18.0.100 29/Jan/2026/07/51/19 PUT /v1/AUTH_4c69ec2c9fbd43d18b3423fd1c2c1a6b/gnocchi.4ce95da7-1c55-4c9f-9ec9-ccfafeadb45e/none_v3 HTTP/1.0 201 - python-swiftclient-3.11.1 gAAAAABpexEBDc6x... 31 - - txd750079176e94abe88ce2-00697b1176 - 0.0211 - - 1769673078.990010738 1769673079.011097431 0
Jan 29 07:51:27 standalone account-server[127323]: 172.20.0.100 - - [29/Jan/2026:07:51:27 +0000] "HEAD /d1/672/AUTH_4c69ec2c9fbd43d18b3423fd1c2c1a6b" 204 - "HEAD http://172.18.0.2:8080/v1/AUTH_4c69ec2c9fbd43d18b3423fd1c2c1a6b?format=json" "tx7b94260691fc466fa90ab-00697b117f" "proxy-server 20" 0.0079 "-" 18 -
Jan 29 07:51:27 standalone proxy-server[129441]: - - 29/Jan/2026/07/51/27 HEAD /v1/AUTH_4c69ec2c9fbd43d18b3423fd1c2c1a6b%3Fformat%3Djson HTTP/1.0 204 - Swift - - - - tx7b94260691fc466fa90ab-00697b117f - 0.0127 RL - 1769673087.968966722 1769673087.981639385 -
Jan 29 07:51:27 standalone object-server[127637]: 172.20.0.100 - - [29/Jan/2026:07:51:27 +0000] "GET /d1/55/AUTH_4c69ec2c9fbd43d18b3423fd1c2c1a6b/gnocchi.c5ce700f-4f27-4107-890b-15e7eff980ac/none_v3" 200 32 "GET http://172.18.0.2:8080/v1/AUTH_4c69ec2c9fbd43d18b3423fd1c2c1a6b/gnocchi.c5ce700f-4f27-4107-890b-15e7eff980ac/none_v3" "tx7b94260691fc466fa90ab-00697b117f" "proxy-server 20" 0.0016 "-" 25 0
Jan 29 07:51:27 standalone proxy-server[129441]: 172.18.0.2 172.18.0.100 29/Jan/2026/07/51/27 GET /v1/AUTH_4c69ec2c9fbd43d18b3423fd1c2c1a6b/gnocchi.c5ce700f-4f27-4107-890b-15e7eff980ac/none_v3 HTTP/1.0 200 - python-swiftclient-3.11.1 gAAAAABpexEBDc6x... - 32 - tx7b94260691fc466fa90ab-00697b117f - 0.0248 - - 1769673087.967201710 1769673087.991952658 0
Jan 29 07:51:28 standalone container-server[127507]: 172.20.0.100 - - [29/Jan/2026:07:51:28 +0000] "GET /d1/664/AUTH_4c69ec2c9fbd43d18b3423fd1c2c1a6b/gnocchi.c5ce700f-4f27-4107-890b-15e7eff980ac" 200 357 "GET http://172.18.0.2:8080/v1/AUTH_4c69ec2c9fbd43d18b3423fd1c2c1a6b/gnocchi.c5ce700f-4f27-4107-890b-15e7eff980ac?format=json&states=listing" "tx8e226351cc1f4bc58a190-00697b117f" "proxy-server 20" 0.0164 "-" 22 0
Jan 29 07:51:28 standalone proxy-server[129441]: 172.18.0.2 172.18.0.100 29/Jan/2026/07/51/28 GET /v1/AUTH_4c69ec2c9fbd43d18b3423fd1c2c1a6b/gnocchi.c5ce700f-4f27-4107-890b-15e7eff980ac%3Fformat%3Djson%26states%3Dlisting HTTP/1.0 200 - python-swiftclient-3.11.1 gAAAAABpexEBDc6x... - 357 - tx8e226351cc1f4bc58a190-00697b117f - 0.0252 - - 1769673087.997718811 1769673088.022961140 0
Jan 29 07:51:28 standalone container-server[127507]: 172.20.0.100 - - [29/Jan/2026:07:51:28 +0000] "GET /d1/664/AUTH_4c69ec2c9fbd43d18b3423fd1c2c1a6b/gnocchi.c5ce700f-4f27-4107-890b-15e7eff980ac" 200 2 "GET http://172.18.0.2:8080/v1/AUTH_4c69ec2c9fbd43d18b3423fd1c2c1a6b/gnocchi.c5ce700f-4f27-4107-890b-15e7eff980ac?format=json&marker=none_v3&states=listing" "tx1ef70386dc8f4e0998100-00697b1180" "proxy-server 20" 0.0037 "-" 22 0
Jan 29 07:51:28 standalone proxy-server[129441]: 172.18.0.2 172.18.0.100 29/Jan/2026/07/51/28 GET /v1/AUTH_4c69ec2c9fbd43d18b3423fd1c2c1a6b/gnocchi.c5ce700f-4f27-4107-890b-15e7eff980ac%3Fformat%3Djson%26marker%3Dnone_v3%26states%3Dlisting HTTP/1.0 200 - python-swiftclient-3.11.1 gAAAAABpexEBDc6x... - 2 - tx1ef70386dc8f4e0998100-00697b1180 - 0.0100 - - 1769673088.026275396 1769673088.036274672 0
Jan 29 07:51:28 standalone object-server[127636]: 172.20.0.100 - - [29/Jan/2026:07:51:28 +0000] "GET /d1/1007/AUTH_4c69ec2c9fbd43d18b3423fd1c2c1a6b/gnocchi.c5ce700f-4f27-4107-890b-15e7eff980ac/1769040000.0_mean_300.0_v3" 200 16 "GET http://172.18.0.2:8080/v1/AUTH_4c69ec2c9fbd43d18b3423fd1c2c1a6b/gnocchi.c5ce700f-4f27-4107-890b-15e7eff980ac/1769040000.0_mean_300.0_v3" "txa83639ca796443cda0b77-00697b1180" "proxy-server 20" 0.0011 "-" 24 0
Jan 29 07:51:28 standalone proxy-server[129441]: 172.18.0.2 172.18.0.100 29/Jan/2026/07/51/28 GET /v1/AUTH_4c69ec2c9fbd43d18b3423fd1c2c1a6b/gnocchi.c5ce700f-4f27-4107-890b-15e7eff980ac/1769040000.0_mean_300.0_v3 HTTP/1.0 200 - python-swiftclient-3.11.1 gAAAAABpexEBDc6x... - 16 - txa83639ca796443cda0b77-00697b1180 - 0.0070 - - 1769673088.039682150 1769673088.046705484 0
Jan 29 07:51:28 standalone container-server[127497]: 172.20.0.100 - - [29/Jan/2026:07:51:28 +0000] "PUT /d1/664/AUTH_4c69ec2c9fbd43d18b3423fd1c2c1a6b/gnocchi.c5ce700f-4f27-4107-890b-15e7eff980ac/1769040000.0_mean_300.0_v3" 201 - "PUT http://172.18.0.2:8080/d1/1007/AUTH_4c69ec2c9fbd43d18b3423fd1c2c1a6b/gnocchi.c5ce700f-4f27-4107-890b-15e7eff980ac/1769040000.0_mean_300.0_v3" "txdde7b222f4ba436bab78a-00697b1180" "object-server 25" 0.0006 "-" 21 0
Jan 29 07:51:28 standalone object-server[127637]: 172.20.0.100 - - [29/Jan/2026:07:51:28 +0000] "PUT /d1/1007/AUTH_4c69ec2c9fbd43d18b3423fd1c2c1a6b/gnocchi.c5ce700f-4f27-4107-890b-15e7eff980ac/1769040000.0_mean_300.0_v3" 201 - "PUT http://172.18.0.2:8080/v1/AUTH_4c69ec2c9fbd43d18b3423fd1c2c1a6b/gnocchi.c5ce700f-4f27-4107-890b-15e7eff980ac/1769040000.0_mean_300.0_v3" "txdde7b222f4ba436bab78a-00697b1180" "proxy-server 20" 0.0121 "-" 25 0
Jan 29 07:51:28 standalone proxy-server[129441]: 172.18.0.2 172.18.0.100 29/Jan/2026/07/51/28 PUT /v1/AUTH_4c69ec2c9fbd43d18b3423fd1c2c1a6b/gnocchi.c5ce700f-4f27-4107-890b-15e7eff980ac/1769040000.0_mean_300.0_v3 HTTP/1.0 201 - python-swiftclient-3.11.1 gAAAAABpexEBDc6x... 16 - - txdde7b222f4ba436bab78a-00697b1180 - 0.0174 - - 1769673088.051359892 1769673088.068731546 0
Jan 29 07:51:28 standalone container-server[127507]: 172.20.0.100 - - [29/Jan/2026:07:51:28 +0000] "PUT /d1/664/AUTH_4c69ec2c9fbd43d18b3423fd1c2c1a6b/gnocchi.c5ce700f-4f27-4107-890b-15e7eff980ac/none_v3" 201 - "PUT http://172.18.0.2:8080/d1/55/AUTH_4c69ec2c9fbd43d18b3423fd1c2c1a6b/gnocchi.c5ce700f-4f27-4107-890b-15e7eff980ac/none_v3" "tx46497b9782994df499eab-00697b1180" "object-server 24" 0.0008 "-" 22 0
Jan 29 07:51:28 standalone object-server[127636]: 172.20.0.100 - - [29/Jan/2026:07:51:28 +0000] "PUT /d1/55/AUTH_4c69ec2c9fbd43d18b3423fd1c2c1a6b/gnocchi.c5ce700f-4f27-4107-890b-15e7eff980ac/none_v3" 201 - "PUT http://172.18.0.2:8080/v1/AUTH_4c69ec2c9fbd43d18b3423fd1c2c1a6b/gnocchi.c5ce700f-4f27-4107-890b-15e7eff980ac/none_v3" "tx46497b9782994df499eab-00697b1180" "proxy-server 20" 0.0122 "-" 24 0
Jan 29 07:51:28 standalone proxy-server[129441]: 172.18.0.2 172.18.0.100 29/Jan/2026/07/51/28 PUT /v1/AUTH_4c69ec2c9fbd43d18b3423fd1c2c1a6b/gnocchi.c5ce700f-4f27-4107-890b-15e7eff980ac/none_v3 HTTP/1.0 201 - python-swiftclient-3.11.1 gAAAAABpexEBDc6x... 46 - - tx46497b9782994df499eab-00697b1180 - 0.0181 - - 1769673088.072329283 1769673088.090386629 0
Jan 29 07:51:28 standalone object-server[127637]: 172.20.0.100 - - [29/Jan/2026:07:51:28 +0000] "GET /d1/55/AUTH_4c69ec2c9fbd43d18b3423fd1c2c1a6b/gnocchi.c5ce700f-4f27-4107-890b-15e7eff980ac/none_v3" 200 46 "GET http://172.18.0.2:8080/v1/AUTH_4c69ec2c9fbd43d18b3423fd1c2c1a6b/gnocchi.c5ce700f-4f27-4107-890b-15e7eff980ac/none_v3" "tx584f04926ca740589c560-00697b1180" "proxy-server 20" 0.0008 "-" 25 0
Jan 29 07:51:28 standalone proxy-server[129441]: 172.18.0.2 172.18.0.100 29/Jan/2026/07/51/28 GET /v1/AUTH_4c69ec2c9fbd43d18b3423fd1c2c1a6b/gnocchi.c5ce700f-4f27-4107-890b-15e7eff980ac/none_v3 HTTP/1.0 200 - python-swiftclient-3.11.1 gAAAAABpexEBDc6x... - 46 - tx584f04926ca740589c560-00697b1180 - 0.0066 - - 1769673088.928568602 1769673088.935160160 0
Jan 29 07:51:28 standalone container-server[127507]: 172.20.0.100 - - [29/Jan/2026:07:51:28 +0000] "GET /d1/664/AUTH_4c69ec2c9fbd43d18b3423fd1c2c1a6b/gnocchi.c5ce700f-4f27-4107-890b-15e7eff980ac" 200 357 "GET http://172.18.0.2:8080/v1/AUTH_4c69ec2c9fbd43d18b3423fd1c2c1a6b/gnocchi.c5ce700f-4f27-4107-890b-15e7eff980ac?format=json&states=listing" "tx70aa684ce65d4060aee5a-00697b1180" "proxy-server 20" 0.0080 "-" 22 0
Jan 29 07:51:28 standalone proxy-server[129441]: 172.18.0.2 172.18.0.100 29/Jan/2026/07/51/28 GET /v1/AUTH_4c69ec2c9fbd43d18b3423fd1c2c1a6b/gnocchi.c5ce700f-4f27-4107-890b-15e7eff980ac%3Fformat%3Djson%26states%3Dlisting HTTP/1.0 200 - python-swiftclient-3.11.1 gAAAAABpexEBDc6x... - 357 - tx70aa684ce65d4060aee5a-00697b1180 - 0.0152 - - 1769673088.939423323 1769673088.954598904 0
Jan 29 07:51:28 standalone container-server[127497]: 172.20.0.100 - - [29/Jan/2026:07:51:28 +0000] "GET /d1/664/AUTH_4c69ec2c9fbd43d18b3423fd1c2c1a6b/gnocchi.c5ce700f-4f27-4107-890b-15e7eff980ac" 200 2 "GET http://172.18.0.2:8080/v1/AUTH_4c69ec2c9fbd43d18b3423fd1c2c1a6b/gnocchi.c5ce700f-4f27-4107-890b-15e7eff980ac?format=json&marker=none_v3&states=listing" "tx7f036771bfef458ab71f8-00697b1180" "proxy-server 20" 0.0027 "-" 21 0
Jan 29 07:51:28 standalone proxy-server[129441]: 172.18.0.2 172.18.0.100 29/Jan/2026/07/51/28 GET /v1/AUTH_4c69ec2c9fbd43d18b3423fd1c2c1a6b/gnocchi.c5ce700f-4f27-4107-890b-15e7eff980ac%3Fformat%3Djson%26marker%3Dnone_v3%26states%3Dlisting HTTP/1.0 200 - python-swiftclient-3.11.1 gAAAAABpexEBDc6x... - 2 - tx7f036771bfef458ab71f8-00697b1180 - 0.0075 - - 1769673088.957187414 1769673088.964735031 0
Jan 29 07:51:28 standalone object-server[127634]: 172.20.0.100 - - [29/Jan/2026:07:51:28 +0000] "GET /d1/1007/AUTH_4c69ec2c9fbd43d18b3423fd1c2c1a6b/gnocchi.c5ce700f-4f27-4107-890b-15e7eff980ac/1769040000.0_mean_300.0_v3" 200 16 "GET http://172.18.0.2:8080/v1/AUTH_4c69ec2c9fbd43d18b3423fd1c2c1a6b/gnocchi.c5ce700f-4f27-4107-890b-15e7eff980ac/1769040000.0_mean_300.0_v3" "tx489aa743b5164e8aa886f-00697b1180" "proxy-server 20" 0.0013 "-" 22 0
Jan 29 07:51:28 standalone proxy-server[129441]: 172.18.0.2 172.18.0.100 29/Jan/2026/07/51/28 GET /v1/AUTH_4c69ec2c9fbd43d18b3423fd1c2c1a6b/gnocchi.c5ce700f-4f27-4107-890b-15e7eff980ac/1769040000.0_mean_300.0_v3 HTTP/1.0 200 - python-swiftclient-3.11.1 gAAAAABpexEBDc6x... - 16 - tx489aa743b5164e8aa886f-00697b1180 - 0.0070 - - 1769673088.968017340 1769673088.975054741 0
Jan 29 07:51:28 standalone container-server[127497]: 172.20.0.100 - - [29/Jan/2026:07:51:28 +0000] "PUT /d1/664/AUTH_4c69ec2c9fbd43d18b3423fd1c2c1a6b/gnocchi.c5ce700f-4f27-4107-890b-15e7eff980ac/1769040000.0_mean_300.0_v3" 201 - "PUT http://172.18.0.2:8080/d1/1007/AUTH_4c69ec2c9fbd43d18b3423fd1c2c1a6b/gnocchi.c5ce700f-4f27-4107-890b-15e7eff980ac/1769040000.0_mean_300.0_v3" "txe4af24793f47497d8093a-00697b1180" "object-server 25" 0.0006 "-" 21 0
Jan 29 07:51:28 standalone object-server[127637]: 172.20.0.100 - - [29/Jan/2026:07:51:28 +0000] "PUT /d1/1007/AUTH_4c69ec2c9fbd43d18b3423fd1c2c1a6b/gnocchi.c5ce700f-4f27-4107-890b-15e7eff980ac/1769040000.0_mean_300.0_v3" 201 - "PUT http://172.18.0.2:8080/v1/AUTH_4c69ec2c9fbd43d18b3423fd1c2c1a6b/gnocchi.c5ce700f-4f27-4107-890b-15e7eff980ac/1769040000.0_mean_300.0_v3" "txe4af24793f47497d8093a-00697b1180" "proxy-server 20" 0.0085 "-" 25 0
Jan 29 07:51:28 standalone proxy-server[129441]: 172.18.0.2 172.18.0.100 29/Jan/2026/07/51/28 PUT /v1/AUTH_4c69ec2c9fbd43d18b3423fd1c2c1a6b/gnocchi.c5ce700f-4f27-4107-890b-15e7eff980ac/1769040000.0_mean_300.0_v3 HTTP/1.0 201 - python-swiftclient-3.11.1 gAAAAABpexEBDc6x... 16 - - txe4af24793f47497d8093a-00697b1180 - 0.0126 - - 1769673088.978007555 1769673088.990603447 0
Jan 29 07:51:29 standalone container-server[127492]: 172.20.0.100 - - [29/Jan/2026:07:51:29 +0000] "PUT /d1/664/AUTH_4c69ec2c9fbd43d18b3423fd1c2c1a6b/gnocchi.c5ce700f-4f27-4107-890b-15e7eff980ac/none_v3" 201 - "PUT http://172.18.0.2:8080/d1/55/AUTH_4c69ec2c9fbd43d18b3423fd1c2c1a6b/gnocchi.c5ce700f-4f27-4107-890b-15e7eff980ac/none_v3" "tx57971954f5924030aa378-00697b1180" "object-server 22" 0.0009 "-" 20 0
Jan 29 07:51:29 standalone object-server[127634]: 172.20.0.100 - - [29/Jan/2026:07:51:29 +0000] "PUT /d1/55/AUTH_4c69ec2c9fbd43d18b3423fd1c2c1a6b/gnocchi.c5ce700f-4f27-4107-890b-15e7eff980ac/none_v3" 201 - "PUT http://172.18.0.2:8080/v1/AUTH_4c69ec2c9fbd43d18b3423fd1c2c1a6b/gnocchi.c5ce700f-4f27-4107-890b-15e7eff980ac/none_v3" "tx57971954f5924030aa378-00697b1180" "proxy-server 20" 0.0094 "-" 22 0
Jan 29 07:51:29 standalone proxy-server[129441]: 172.18.0.2 172.18.0.100 29/Jan/2026/07/51/29 PUT /v1/AUTH_4c69ec2c9fbd43d18b3423fd1c2c1a6b/gnocchi.c5ce700f-4f27-4107-890b-15e7eff980ac/none_v3 HTTP/1.0 201 - python-swiftclient-3.11.1 gAAAAABpexEBDc6x... 51 - - tx57971954f5924030aa378-00697b1180 - 0.0142 - - 1769673088.993321657 1769673089.007569551 0
Jan 29 07:51:29 standalone object-server[127637]: 172.20.0.100 - - [29/Jan/2026:07:51:29 +0000] "GET /d1/688/AUTH_4c69ec2c9fbd43d18b3423fd1c2c1a6b/gnocchi.ad5712c4-1823-4596-9461-1843a41f1778/none_v3" 200 22 "GET http://172.18.0.2:8080/v1/AUTH_4c69ec2c9fbd43d18b3423fd1c2c1a6b/gnocchi.ad5712c4-1823-4596-9461-1843a41f1778/none_v3" "txa25c1dcbccd243828065f-00697b1181" "proxy-server 20" 0.0007 "-" 25 0
Jan 29 07:51:29 standalone proxy-server[129441]: 172.18.0.2 172.18.0.100 29/Jan/2026/07/51/29 GET /v1/AUTH_4c69ec2c9fbd43d18b3423fd1c2c1a6b/gnocchi.ad5712c4-1823-4596-9461-1843a41f1778/none_v3 HTTP/1.0 200 - python-swiftclient-3.11.1 gAAAAABpexEBDc6x... - 22 - txa25c1dcbccd243828065f-00697b1181 - 0.0074 - - 1769673089.024010897 1769673089.031436443 0
Jan 29 07:51:29 standalone container-server[127509]: 172.20.0.100 - - [29/Jan/2026:07:51:29 +0000] "GET /d1/216/AUTH_4c69ec2c9fbd43d18b3423fd1c2c1a6b/gnocchi.ad5712c4-1823-4596-9461-1843a41f1778" 200 357 "GET http://172.18.0.2:8080/v1/AUTH_4c69ec2c9fbd43d18b3423fd1c2c1a6b/gnocchi.ad5712c4-1823-4596-9461-1843a41f1778?format=json&states=listing" "txaa304c79d9e34904a8f76-00697b1181" "proxy-server 20" 0.0104 "-" 23 0
Jan 29 07:51:29 standalone proxy-server[129441]: 172.18.0.2 172.18.0.100 29/Jan/2026/07/51/29 GET /v1/AUTH_4c69ec2c9fbd43d18b3423fd1c2c1a6b/gnocchi.ad5712c4-1823-4596-9461-1843a41f1778%3Fformat%3Djson%26states%3Dlisting HTTP/1.0 200 - python-swiftclient-3.11.1 gAAAAABpexEBDc6x... - 357 - txaa304c79d9e34904a8f76-00697b1181 - 0.0179 - - 1769673089.035552025 1769673089.053492308 0
Jan 29 07:51:29 standalone container-server[127507]: 172.20.0.100 - - [29/Jan/2026:07:51:29 +0000] "GET /d1/216/AUTH_4c69ec2c9fbd43d18b3423fd1c2c1a6b/gnocchi.ad5712c4-1823-4596-9461-1843a41f1778" 200 2 "GET http://172.18.0.2:8080/v1/AUTH_4c69ec2c9fbd43d18b3423fd1c2c1a6b/gnocchi.ad5712c4-1823-4596-9461-1843a41f1778?format=json&marker=none_v3&states=listing" "tx18edd6d496784ab98247e-00697b1181" "proxy-server 20" 0.0018 "-" 22 0
Jan 29 07:51:29 standalone proxy-server[129441]: 172.18.0.2 172.18.0.100 29/Jan/2026/07/51/29 GET /v1/AUTH_4c69ec2c9fbd43d18b3423fd1c2c1a6b/gnocchi.ad5712c4-1823-4596-9461-1843a41f1778%3Fformat%3Djson%26marker%3Dnone_v3%26states%3Dlisting HTTP/1.0 200 - python-swiftclient-3.11.1 gAAAAABpexEBDc6x... - 2 - tx18edd6d496784ab98247e-00697b1181 - 0.0084 - - 1769673089.056671143 1769673089.065070868 0
Jan 29 07:51:29 standalone object-server[127637]: 172.20.0.100 - - [29/Jan/2026:07:51:29 +0000] "GET /d1/346/AUTH_4c69ec2c9fbd43d18b3423fd1c2c1a6b/gnocchi.ad5712c4-1823-4596-9461-1843a41f1778/1769040000.0_mean_300.0_v3" 200 16 "GET http://172.18.0.2:8080/v1/AUTH_4c69ec2c9fbd43d18b3423fd1c2c1a6b/gnocchi.ad5712c4-1823-4596-9461-1843a41f1778/1769040000.0_mean_300.0_v3" "txe6a7a5483f1949b8b3e48-00697b1181" "proxy-server 20" 0.0006 "-" 25 0
Jan 29 07:51:29 standalone proxy-server[129441]: 172.18.0.2 172.18.0.100 29/Jan/2026/07/51/29 GET /v1/AUTH_4c69ec2c9fbd43d18b3423fd1c2c1a6b/gnocchi.ad5712c4-1823-4596-9461-1843a41f1778/1769040000.0_mean_300.0_v3 HTTP/1.0 200 - python-swiftclient-3.11.1 gAAAAABpexEBDc6x... - 16 - txe6a7a5483f1949b8b3e48-00697b1181 - 0.0063 - - 1769673089.069460154 1769673089.075788021 0
Jan 29 07:51:29 standalone container-server[127509]: 172.20.0.100 - - [29/Jan/2026:07:51:29 +0000] "PUT /d1/216/AUTH_4c69ec2c9fbd43d18b3423fd1c2c1a6b/gnocchi.ad5712c4-1823-4596-9461-1843a41f1778/1769040000.0_mean_300.0_v3" 201 - "PUT http://172.18.0.2:8080/d1/346/AUTH_4c69ec2c9fbd43d18b3423fd1c2c1a6b/gnocchi.ad5712c4-1823-4596-9461-1843a41f1778/1769040000.0_mean_300.0_v3" "txf7c5df6fac444f5791fdf-00697b1181" "object-server 25" 0.0006 "-" 23 0
Jan 29 07:51:29 standalone object-server[127637]: 172.20.0.100 - - [29/Jan/2026:07:51:29 +0000] "PUT /d1/346/AUTH_4c69ec2c9fbd43d18b3423fd1c2c1a6b/gnocchi.ad5712c4-1823-4596-9461-1843a41f1778/1769040000.0_mean_300.0_v3" 201 - "PUT http://172.18.0.2:8080/v1/AUTH_4c69ec2c9fbd43d18b3423fd1c2c1a6b/gnocchi.ad5712c4-1823-4596-9461-1843a41f1778/1769040000.0_mean_300.0_v3" "txf7c5df6fac444f5791fdf-00697b1181" "proxy-server 20" 0.0069 "-" 25 0
Jan 29 07:51:29 standalone proxy-server[129441]: 172.18.0.2 172.18.0.100 29/Jan/2026/07/51/29 PUT /v1/AUTH_4c69ec2c9fbd43d18b3423fd1c2c1a6b/gnocchi.ad5712c4-1823-4596-9461-1843a41f1778/1769040000.0_mean_300.0_v3 HTTP/1.0 201 - python-swiftclient-3.11.1 gAAAAABpexEBDc6x... 16 - - txf7c5df6fac444f5791fdf-00697b1181 - 0.0121 - - 1769673089.079035997 1769673089.091141224 0
Jan 29 07:51:29 standalone container-server[127509]: 172.20.0.100 - - [29/Jan/2026:07:51:29 +0000] "PUT /d1/216/AUTH_4c69ec2c9fbd43d18b3423fd1c2c1a6b/gnocchi.ad5712c4-1823-4596-9461-1843a41f1778/none_v3" 201 - "PUT http://172.18.0.2:8080/d1/688/AUTH_4c69ec2c9fbd43d18b3423fd1c2c1a6b/gnocchi.ad5712c4-1823-4596-9461-1843a41f1778/none_v3" "tx68e97de35bb84270b7c8b-00697b1181" "object-server 23" 0.0008 "-" 23 0
Jan 29 07:51:29 standalone object-server[127635]: 172.20.0.100 - - [29/Jan/2026:07:51:29 +0000] "PUT /d1/688/AUTH_4c69ec2c9fbd43d18b3423fd1c2c1a6b/gnocchi.ad5712c4-1823-4596-9461-1843a41f1778/none_v3" 201 - "PUT http://172.18.0.2:8080/v1/AUTH_4c69ec2c9fbd43d18b3423fd1c2c1a6b/gnocchi.ad5712c4-1823-4596-9461-1843a41f1778/none_v3" "tx68e97de35bb84270b7c8b-00697b1181" "proxy-server 20" 0.0108 "-" 23 0
Jan 29 07:51:29 standalone proxy-server[129441]: 172.18.0.2 172.18.0.100 29/Jan/2026/07/51/29 PUT /v1/AUTH_4c69ec2c9fbd43d18b3423fd1c2c1a6b/gnocchi.ad5712c4-1823-4596-9461-1843a41f1778/none_v3 HTTP/1.0 201 - python-swiftclient-3.11.1 gAAAAABpexEBDc6x... 32 - - tx68e97de35bb84270b7c8b-00697b1181 - 0.0188 - - 1769673089.095097780 1769673089.113866329 0
Jan 29 07:51:29 standalone object-server[127634]: 172.20.0.100 - - [29/Jan/2026:07:51:29 +0000] "GET /d1/544/AUTH_4c69ec2c9fbd43d18b3423fd1c2c1a6b/gnocchi.4e1ce841-a0ff-4200-b0e4-81174c4d87c8/none_v3" 200 22 "GET http://172.18.0.2:8080/v1/AUTH_4c69ec2c9fbd43d18b3423fd1c2c1a6b/gnocchi.4e1ce841-a0ff-4200-b0e4-81174c4d87c8/none_v3" "tx769f272e62024b9d95c9b-00697b1181" "proxy-server 20" 0.0007 "-" 22 0
Jan 29 07:51:29 standalone proxy-server[129441]: 172.18.0.2 172.18.0.100 29/Jan/2026/07/51/29 GET /v1/AUTH_4c69ec2c9fbd43d18b3423fd1c2c1a6b/gnocchi.4e1ce841-a0ff-4200-b0e4-81174c4d87c8/none_v3 HTTP/1.0 200 - python-swiftclient-3.11.1 gAAAAABpexEBDc6x... - 22 - tx769f272e62024b9d95c9b-00697b1181 - 0.0086 - - 1769673089.126704693 1769673089.135281563 0
Jan 29 07:51:29 standalone container-server[127509]: 172.20.0.100 - - [29/Jan/2026:07:51:29 +0000] "GET /d1/796/AUTH_4c69ec2c9fbd43d18b3423fd1c2c1a6b/gnocchi.4e1ce841-a0ff-4200-b0e4-81174c4d87c8" 200 357 "GET http://172.18.0.2:8080/v1/AUTH_4c69ec2c9fbd43d18b3423fd1c2c1a6b/gnocchi.4e1ce841-a0ff-4200-b0e4-81174c4d87c8?format=json&states=listing" "tx6ea82454353a4e7cb0c37-00697b1181" "proxy-server 20" 0.0102 "-" 23 0
Jan 29 07:51:29 standalone proxy-server[129441]: 172.18.0.2 172.18.0.100 29/Jan/2026/07/51/29 GET /v1/AUTH_4c69ec2c9fbd43d18b3423fd1c2c1a6b/gnocchi.4e1ce841-a0ff-4200-b0e4-81174c4d87c8%3Fformat%3Djson%26states%3Dlisting HTTP/1.0 200 - python-swiftclient-3.11.1 gAAAAABpexEBDc6x... - 357 - tx6ea82454353a4e7cb0c37-00697b1181 - 0.0171 - - 1769673089.138546944 1769673089.155656099 0
Jan 29 07:51:29 standalone container-server[127497]: 172.20.0.100 - - [29/Jan/2026:07:51:29 +0000] "GET /d1/796/AUTH_4c69ec2c9fbd43d18b3423fd1c2c1a6b/gnocchi.4e1ce841-a0ff-4200-b0e4-81174c4d87c8" 200 2 "GET http://172.18.0.2:8080/v1/AUTH_4c69ec2c9fbd43d18b3423fd1c2c1a6b/gnocchi.4e1ce841-a0ff-4200-b0e4-81174c4d87c8?format=json&marker=none_v3&states=listing" "tx7187aff26bf74235bc2d7-00697b1181" "proxy-server 20" 0.0035 "-" 21 0
Jan 29 07:51:29 standalone proxy-server[129441]: 172.18.0.2 172.18.0.100 29/Jan/2026/07/51/29 GET /v1/AUTH_4c69ec2c9fbd43d18b3423fd1c2c1a6b/gnocchi.4e1ce841-a0ff-4200-b0e4-81174c4d87c8%3Fformat%3Djson%26marker%3Dnone_v3%26states%3Dlisting HTTP/1.0 200 - python-swiftclient-3.11.1 gAAAAABpexEBDc6x... - 2 - tx7187aff26bf74235bc2d7-00697b1181 - 0.0104 - - 1769673089.159535170 1769673089.169905901 0
Jan 29 07:51:29 standalone object-server[127635]: 172.20.0.100 - - [29/Jan/2026:07:51:29 +0000] "GET /d1/519/AUTH_4c69ec2c9fbd43d18b3423fd1c2c1a6b/gnocchi.4e1ce841-a0ff-4200-b0e4-81174c4d87c8/1769040000.0_mean_300.0_v3" 200 16 "GET http://172.18.0.2:8080/v1/AUTH_4c69ec2c9fbd43d18b3423fd1c2c1a6b/gnocchi.4e1ce841-a0ff-4200-b0e4-81174c4d87c8/1769040000.0_mean_300.0_v3" "tx1cf3916c172644af9f40e-00697b1181" "proxy-server 20" 0.0010 "-" 23 0
Jan 29 07:51:29 standalone proxy-server[129441]: 172.18.0.2 172.18.0.100 29/Jan/2026/07/51/29 GET /v1/AUTH_4c69ec2c9fbd43d18b3423fd1c2c1a6b/gnocchi.4e1ce841-a0ff-4200-b0e4-81174c4d87c8/1769040000.0_mean_300.0_v3 HTTP/1.0 200 - python-swiftclient-3.11.1 gAAAAABpexEBDc6x... - 16 - tx1cf3916c172644af9f40e-00697b1181 - 0.0075 - - 1769673089.175009012 1769673089.182474852 0
Jan 29 07:51:29 standalone container-server[127509]: 172.20.0.100 - - [29/Jan/2026:07:51:29 +0000] "PUT /d1/796/AUTH_4c69ec2c9fbd43d18b3423fd1c2c1a6b/gnocchi.4e1ce841-a0ff-4200-b0e4-81174c4d87c8/1769040000.0_mean_300.0_v3" 201 - "PUT http://172.18.0.2:8080/d1/519/AUTH_4c69ec2c9fbd43d18b3423fd1c2c1a6b/gnocchi.4e1ce841-a0ff-4200-b0e4-81174c4d87c8/1769040000.0_mean_300.0_v3" "tx72bdc168a8a04756b9619-00697b1181" "object-server 23" 0.0008 "-" 23 0
Jan 29 07:51:29 standalone object-server[127635]: 172.20.0.100 - - [29/Jan/2026:07:51:29 +0000] "PUT /d1/519/AUTH_4c69ec2c9fbd43d18b3423fd1c2c1a6b/gnocchi.4e1ce841-a0ff-4200-b0e4-81174c4d87c8/1769040000.0_mean_300.0_v3" 201 - "PUT http://172.18.0.2:8080/v1/AUTH_4c69ec2c9fbd43d18b3423fd1c2c1a6b/gnocchi.4e1ce841-a0ff-4200-b0e4-81174c4d87c8/1769040000.0_mean_300.0_v3" "tx72bdc168a8a04756b9619-00697b1181" "proxy-server 20" 0.0106 "-" 23 0
Jan 29 07:51:29 standalone proxy-server[129441]: 172.18.0.2 172.18.0.100 29/Jan/2026/07/51/29 PUT /v1/AUTH_4c69ec2c9fbd43d18b3423fd1c2c1a6b/gnocchi.4e1ce841-a0ff-4200-b0e4-81174c4d87c8/1769040000.0_mean_300.0_v3 HTTP/1.0 201 - python-swiftclient-3.11.1 gAAAAABpexEBDc6x... 16 - - tx72bdc168a8a04756b9619-00697b1181 - 0.0164 - - 1769673089.186509848 1769673089.202886343 0
Jan 29 07:51:29 standalone container-server[127507]: 172.20.0.100 - - [29/Jan/2026:07:51:29 +0000] "PUT /d1/796/AUTH_4c69ec2c9fbd43d18b3423fd1c2c1a6b/gnocchi.4e1ce841-a0ff-4200-b0e4-81174c4d87c8/none_v3" 201 - "PUT http://172.18.0.2:8080/d1/544/AUTH_4c69ec2c9fbd43d18b3423fd1c2c1a6b/gnocchi.4e1ce841-a0ff-4200-b0e4-81174c4d87c8/none_v3" "tx913ebb16d68148398d34f-00697b1181" "object-server 24" 0.0008 "-" 22 0
Jan 29 07:51:29 standalone object-server[127636]: 172.20.0.100 - - [29/Jan/2026:07:51:29 +0000] "PUT /d1/544/AUTH_4c69ec2c9fbd43d18b3423fd1c2c1a6b/gnocchi.4e1ce841-a0ff-4200-b0e4-81174c4d87c8/none_v3" 201 - "PUT http://172.18.0.2:8080/v1/AUTH_4c69ec2c9fbd43d18b3423fd1c2c1a6b/gnocchi.4e1ce841-a0ff-4200-b0e4-81174c4d87c8/none_v3" "tx913ebb16d68148398d34f-00697b1181" "proxy-server 20" 0.0116 "-" 24 0
Jan 29 07:51:29 standalone proxy-server[129441]: 172.18.0.2 172.18.0.100 29/Jan/2026/07/51/29 PUT /v1/AUTH_4c69ec2c9fbd43d18b3423fd1c2c1a6b/gnocchi.4e1ce841-a0ff-4200-b0e4-81174c4d87c8/none_v3 HTTP/1.0 201 - python-swiftclient-3.11.1 gAAAAABpexEBDc6x... 32 - - tx913ebb16d68148398d34f-00697b1181 - 0.0181 - - 1769673089.206442356 1769673089.224514008 0
Jan 29 07:51:29 standalone object-server[127637]: 172.20.0.100 - - [29/Jan/2026:07:51:29 +0000] "GET /d1/130/AUTH_4c69ec2c9fbd43d18b3423fd1c2c1a6b/gnocchi.d8e58300-0139-482d-a207-556640c3d39b/none_v3" 200 22 "GET http://172.18.0.2:8080/v1/AUTH_4c69ec2c9fbd43d18b3423fd1c2c1a6b/gnocchi.d8e58300-0139-482d-a207-556640c3d39b/none_v3" "tx5dd10df68aea428b889df-00697b1181" "proxy-server 20" 0.0018 "-" 25 0
Jan 29 07:51:29 standalone proxy-server[129441]: 172.18.0.2 172.18.0.100 29/Jan/2026/07/51/29 GET /v1/AUTH_4c69ec2c9fbd43d18b3423fd1c2c1a6b/gnocchi.d8e58300-0139-482d-a207-556640c3d39b/none_v3 HTTP/1.0 200 - python-swiftclient-3.11.1 gAAAAABpexEBDc6x... - 22 - tx5dd10df68aea428b889df-00697b1181 - 0.0089 - - 1769673089.238195181 1769673089.247048616 0
Jan 29 07:51:29 standalone container-server[127507]: 172.20.0.100 - - [29/Jan/2026:07:51:29 +0000] "GET /d1/758/AUTH_4c69ec2c9fbd43d18b3423fd1c2c1a6b/gnocchi.d8e58300-0139-482d-a207-556640c3d39b" 200 357 "GET http://172.18.0.2:8080/v1/AUTH_4c69ec2c9fbd43d18b3423fd1c2c1a6b/gnocchi.d8e58300-0139-482d-a207-556640c3d39b?format=json&states=listing" "txf94ec51e2e99486f8c20c-00697b1181" "proxy-server 20" 0.0106 "-" 22 0
Jan 29 07:51:29 standalone proxy-server[129441]: 172.18.0.2 172.18.0.100 29/Jan/2026/07/51/29 GET /v1/AUTH_4c69ec2c9fbd43d18b3423fd1c2c1a6b/gnocchi.d8e58300-0139-482d-a207-556640c3d39b%3Fformat%3Djson%26states%3Dlisting HTTP/1.0 200 - python-swiftclient-3.11.1 gAAAAABpexEBDc6x... - 357 - txf94ec51e2e99486f8c20c-00697b1181 - 0.0176 - - 1769673089.251785517 1769673089.269385815 0
Jan 29 07:51:29 standalone container-server[127492]: 172.20.0.100 - - [29/Jan/2026:07:51:29 +0000] "GET /d1/758/AUTH_4c69ec2c9fbd43d18b3423fd1c2c1a6b/gnocchi.d8e58300-0139-482d-a207-556640c3d39b" 200 2 "GET http://172.18.0.2:8080/v1/AUTH_4c69ec2c9fbd43d18b3423fd1c2c1a6b/gnocchi.d8e58300-0139-482d-a207-556640c3d39b?format=json&marker=none_v3&states=listing" "tx2dea63990b99411c9acde-00697b1181" "proxy-server 20" 0.0030 "-" 20 0
Jan 29 07:51:29 standalone proxy-server[129441]: 172.18.0.2 172.18.0.100 29/Jan/2026/07/51/29 GET /v1/AUTH_4c69ec2c9fbd43d18b3423fd1c2c1a6b/gnocchi.d8e58300-0139-482d-a207-556640c3d39b%3Fformat%3Djson%26marker%3Dnone_v3%26states%3Dlisting HTTP/1.0 200 - python-swiftclient-3.11.1 gAAAAABpexEBDc6x... - 2 - tx2dea63990b99411c9acde-00697b1181 - 0.0097 - - 1769673089.273083448 1769673089.282742977 0
Jan 29 07:51:29 standalone object-server[127635]: 172.20.0.100 - - [29/Jan/2026:07:51:29 +0000] "GET /d1/448/AUTH_4c69ec2c9fbd43d18b3423fd1c2c1a6b/gnocchi.d8e58300-0139-482d-a207-556640c3d39b/1769040000.0_mean_300.0_v3" 200 16 "GET http://172.18.0.2:8080/v1/AUTH_4c69ec2c9fbd43d18b3423fd1c2c1a6b/gnocchi.d8e58300-0139-482d-a207-556640c3d39b/1769040000.0_mean_300.0_v3" "tx53b067d33f6544779421a-00697b1181" "proxy-server 20" 0.0008 "-" 23 0
Jan 29 07:51:29 standalone proxy-server[129441]: 172.18.0.2 172.18.0.100 29/Jan/2026/07/51/29 GET /v1/AUTH_4c69ec2c9fbd43d18b3423fd1c2c1a6b/gnocchi.d8e58300-0139-482d-a207-556640c3d39b/1769040000.0_mean_300.0_v3 HTTP/1.0 200 - python-swiftclient-3.11.1 gAAAAABpexEBDc6x... - 16 - tx53b067d33f6544779421a-00697b1181 - 0.0671 - - 1769673089.288483381 1769673089.355579615 0
Jan 29 07:51:29 standalone container-server[127509]: 172.20.0.100 - - [29/Jan/2026:07:51:29 +0000] "PUT /d1/758/AUTH_4c69ec2c9fbd43d18b3423fd1c2c1a6b/gnocchi.d8e58300-0139-482d-a207-556640c3d39b/1769040000.0_mean_300.0_v3" 201 - "PUT http://172.18.0.2:8080/d1/448/AUTH_4c69ec2c9fbd43d18b3423fd1c2c1a6b/gnocchi.d8e58300-0139-482d-a207-556640c3d39b/1769040000.0_mean_300.0_v3" "txd1cb7dc578b547d287044-00697b1181" "object-server 23" 0.0012 "-" 23 0
Jan 29 07:51:29 standalone object-server[127635]: 172.20.0.100 - - [29/Jan/2026:07:51:29 +0000] "PUT /d1/448/AUTH_4c69ec2c9fbd43d18b3423fd1c2c1a6b/gnocchi.d8e58300-0139-482d-a207-556640c3d39b/1769040000.0_mean_300.0_v3" 201 - "PUT http://172.18.0.2:8080/v1/AUTH_4c69ec2c9fbd43d18b3423fd1c2c1a6b/gnocchi.d8e58300-0139-482d-a207-556640c3d39b/1769040000.0_mean_300.0_v3" "txd1cb7dc578b547d287044-00697b1181" "proxy-server 20" 0.0125 "-" 23 0
Jan 29 07:51:29 standalone proxy-server[129441]: 172.18.0.2 172.18.0.100 29/Jan/2026/07/51/29 PUT /v1/AUTH_4c69ec2c9fbd43d18b3423fd1c2c1a6b/gnocchi.d8e58300-0139-482d-a207-556640c3d39b/1769040000.0_mean_300.0_v3 HTTP/1.0 201 - python-swiftclient-3.11.1 gAAAAABpexEBDc6x... 16 - - txd1cb7dc578b547d287044-00697b1181 - 0.0211 - - 1769673089.359859705 1769673089.381002903 0
Jan 29 07:51:29 standalone container-server[127497]: 172.20.0.100 - - [29/Jan/2026:07:51:29 +0000] "PUT /d1/758/AUTH_4c69ec2c9fbd43d18b3423fd1c2c1a6b/gnocchi.d8e58300-0139-482d-a207-556640c3d39b/none_v3" 201 - "PUT http://172.18.0.2:8080/d1/130/AUTH_4c69ec2c9fbd43d18b3423fd1c2c1a6b/gnocchi.d8e58300-0139-482d-a207-556640c3d39b/none_v3" "tx3a4497a9084b4fc59fa44-00697b1181" "object-server 23" 0.0008 "-" 21 0
Jan 29 07:51:29 standalone object-server[127635]: 172.20.0.100 - - [29/Jan/2026:07:51:29 +0000] "PUT /d1/130/AUTH_4c69ec2c9fbd43d18b3423fd1c2c1a6b/gnocchi.d8e58300-0139-482d-a207-556640c3d39b/none_v3" 201 - "PUT http://172.18.0.2:8080/v1/AUTH_4c69ec2c9fbd43d18b3423fd1c2c1a6b/gnocchi.d8e58300-0139-482d-a207-556640c3d39b/none_v3" "tx3a4497a9084b4fc59fa44-00697b1181" "proxy-server 20" 0.0107 "-" 23 0
Jan 29 07:51:29 standalone proxy-server[129441]: 172.18.0.2 172.18.0.100 29/Jan/2026/07/51/29 PUT /v1/AUTH_4c69ec2c9fbd43d18b3423fd1c2c1a6b/gnocchi.d8e58300-0139-482d-a207-556640c3d39b/none_v3 HTTP/1.0 201 - python-swiftclient-3.11.1 gAAAAABpexEBDc6x... 32 - - tx3a4497a9084b4fc59fa44-00697b1181 - 0.0192 - - 1769673089.386354446 1769673089.405580997 0
Jan 29 07:51:29 standalone object-server[127635]: 172.20.0.100 - - [29/Jan/2026:07:51:29 +0000] "GET /d1/163/AUTH_4c69ec2c9fbd43d18b3423fd1c2c1a6b/gnocchi.d0d4df3f-5f91-40a5-967d-92c1476cbac6/none_v3" 200 22 "GET http://172.18.0.2:8080/v1/AUTH_4c69ec2c9fbd43d18b3423fd1c2c1a6b/gnocchi.d0d4df3f-5f91-40a5-967d-92c1476cbac6/none_v3" "txaa6977d02d974dfaa3026-00697b1181" "proxy-server 20" 0.0010 "-" 23 0
Jan 29 07:51:29 standalone proxy-server[129441]: 172.18.0.2 172.18.0.100 29/Jan/2026/07/51/29 GET /v1/AUTH_4c69ec2c9fbd43d18b3423fd1c2c1a6b/gnocchi.d0d4df3f-5f91-40a5-967d-92c1476cbac6/none_v3 HTTP/1.0 200 - python-swiftclient-3.11.1 gAAAAABpexEBDc6x... - 22 - txaa6977d02d974dfaa3026-00697b1181 - 0.0099 - - 1769673089.418947220 1769673089.428825140 0
Jan 29 07:51:29 standalone container-server[127507]: 172.20.0.100 - - [29/Jan/2026:07:51:29 +0000] "GET /d1/375/AUTH_4c69ec2c9fbd43d18b3423fd1c2c1a6b/gnocchi.d0d4df3f-5f91-40a5-967d-92c1476cbac6" 200 357 "GET http://172.18.0.2:8080/v1/AUTH_4c69ec2c9fbd43d18b3423fd1c2c1a6b/gnocchi.d0d4df3f-5f91-40a5-967d-92c1476cbac6?format=json&states=listing" "tx855bdc868e59420595ed6-00697b1181" "proxy-server 20" 0.0082 "-" 22 0
Jan 29 07:51:29 standalone proxy-server[129441]: 172.18.0.2 172.18.0.100 29/Jan/2026/07/51/29 GET /v1/AUTH_4c69ec2c9fbd43d18b3423fd1c2c1a6b/gnocchi.d0d4df3f-5f91-40a5-967d-92c1476cbac6%3Fformat%3Djson%26states%3Dlisting HTTP/1.0 200 - python-swiftclient-3.11.1 gAAAAABpexEBDc6x... - 357 - tx855bdc868e59420595ed6-00697b1181 - 0.0186 - - 1769673089.434648514 1769673089.453281879 0
Jan 29 07:51:29 standalone container-server[127507]: 172.20.0.100 - - [29/Jan/2026:07:51:29 +0000] "GET /d1/375/AUTH_4c69ec2c9fbd43d18b3423fd1c2c1a6b/gnocchi.d0d4df3f-5f91-40a5-967d-92c1476cbac6" 200 2 "GET http://172.18.0.2:8080/v1/AUTH_4c69ec2c9fbd43d18b3423fd1c2c1a6b/gnocchi.d0d4df3f-5f91-40a5-967d-92c1476cbac6?format=json&marker=none_v3&states=listing" "tx444814160249417499e3c-00697b1181" "proxy-server 20" 0.0023 "-" 22 0
Jan 29 07:51:29 standalone proxy-server[129441]: 172.18.0.2 172.18.0.100 29/Jan/2026/07/51/29 GET /v1/AUTH_4c69ec2c9fbd43d18b3423fd1c2c1a6b/gnocchi.d0d4df3f-5f91-40a5-967d-92c1476cbac6%3Fformat%3Djson%26marker%3Dnone_v3%26states%3Dlisting HTTP/1.0 200 - python-swiftclient-3.11.1 gAAAAABpexEBDc6x... - 2 - tx444814160249417499e3c-00697b1181 - 0.0150 - - 1769673089.458278418 1769673089.473293304 0
Jan 29 07:51:29 standalone object-server[127636]: 172.20.0.100 - - [29/Jan/2026:07:51:29 +0000] "GET /d1/243/AUTH_4c69ec2c9fbd43d18b3423fd1c2c1a6b/gnocchi.d0d4df3f-5f91-40a5-967d-92c1476cbac6/1769040000.0_mean_300.0_v3" 200 16 "GET http://172.18.0.2:8080/v1/AUTH_4c69ec2c9fbd43d18b3423fd1c2c1a6b/gnocchi.d0d4df3f-5f91-40a5-967d-92c1476cbac6/1769040000.0_mean_300.0_v3" "tx40bc0713e4b4490698f5a-00697b1181" "proxy-server 20" 0.0008 "-" 24 0
Jan 29 07:51:29 standalone proxy-server[129441]: 172.18.0.2 172.18.0.100 29/Jan/2026/07/51/29 GET /v1/AUTH_4c69ec2c9fbd43d18b3423fd1c2c1a6b/gnocchi.d0d4df3f-5f91-40a5-967d-92c1476cbac6/1769040000.0_mean_300.0_v3 HTTP/1.0 200 - python-swiftclient-3.11.1 gAAAAABpexEBDc6x... - 16 - tx40bc0713e4b4490698f5a-00697b1181 - 0.0091 - - 1769673089.479159594 1769673089.488274336 0
Jan 29 07:51:29 standalone container-server[127492]: 172.20.0.100 - - [29/Jan/2026:07:51:29 +0000] "PUT /d1/375/AUTH_4c69ec2c9fbd43d18b3423fd1c2c1a6b/gnocchi.d0d4df3f-5f91-40a5-967d-92c1476cbac6/1769040000.0_mean_300.0_v3" 201 - "PUT http://172.18.0.2:8080/d1/243/AUTH_4c69ec2c9fbd43d18b3423fd1c2c1a6b/gnocchi.d0d4df3f-5f91-40a5-967d-92c1476cbac6/1769040000.0_mean_300.0_v3" "txbd84684617ee4e0ca3f3f-00697b1181" "object-server 25" 0.0006 "-" 20 0
Jan 29 07:51:29 standalone object-server[127637]: 172.20.0.100 - - [29/Jan/2026:07:51:29 +0000] "PUT /d1/243/AUTH_4c69ec2c9fbd43d18b3423fd1c2c1a6b/gnocchi.d0d4df3f-5f91-40a5-967d-92c1476cbac6/1769040000.0_mean_300.0_v3" 201 - "PUT http://172.18.0.2:8080/v1/AUTH_4c69ec2c9fbd43d18b3423fd1c2c1a6b/gnocchi.d0d4df3f-5f91-40a5-967d-92c1476cbac6/1769040000.0_mean_300.0_v3" "txbd84684617ee4e0ca3f3f-00697b1181" "proxy-server 20" 0.0111 "-" 25 0
Jan 29 07:51:29 standalone proxy-server[129441]: 172.18.0.2 172.18.0.100 29/Jan/2026/07/51/29 PUT /v1/AUTH_4c69ec2c9fbd43d18b3423fd1c2c1a6b/gnocchi.d0d4df3f-5f91-40a5-967d-92c1476cbac6/1769040000.0_mean_300.0_v3 HTTP/1.0 201 - python-swiftclient-3.11.1 gAAAAABpexEBDc6x... 16 - - txbd84684617ee4e0ca3f3f-00697b1181 - 0.0205 - - 1769673089.494462729 1769673089.515007973 0
Jan 29 07:51:29 standalone container-server[127507]: 172.20.0.100 - - [29/Jan/2026:07:51:29 +0000] "PUT /d1/375/AUTH_4c69ec2c9fbd43d18b3423fd1c2c1a6b/gnocchi.d0d4df3f-5f91-40a5-967d-92c1476cbac6/none_v3" 201 - "PUT http://172.18.0.2:8080/d1/163/AUTH_4c69ec2c9fbd43d18b3423fd1c2c1a6b/gnocchi.d0d4df3f-5f91-40a5-967d-92c1476cbac6/none_v3" "txd1d627f8e4fd40fbaa868-00697b1181" "object-server 24" 0.0008 "-" 22 0
Jan 29 07:51:29 standalone object-server[127636]: 172.20.0.100 - - [29/Jan/2026:07:51:29 +0000] "PUT /d1/163/AUTH_4c69ec2c9fbd43d18b3423fd1c2c1a6b/gnocchi.d0d4df3f-5f91-40a5-967d-92c1476cbac6/none_v3" 201 - "PUT http://172.18.0.2:8080/v1/AUTH_4c69ec2c9fbd43d18b3423fd1c2c1a6b/gnocchi.d0d4df3f-5f91-40a5-967d-92c1476cbac6/none_v3" "txd1d627f8e4fd40fbaa868-00697b1181" "proxy-server 20" 0.0112 "-" 24 0
Jan 29 07:51:29 standalone proxy-server[129441]: 172.18.0.2 172.18.0.100 29/Jan/2026/07/51/29 PUT /v1/AUTH_4c69ec2c9fbd43d18b3423fd1c2c1a6b/gnocchi.d0d4df3f-5f91-40a5-967d-92c1476cbac6/none_v3 HTTP/1.0 201 - python-swiftclient-3.11.1 gAAAAABpexEBDc6x... 32 - - txd1d627f8e4fd40fbaa868-00697b1181 - 0.0179 - - 1769673089.519002676 1769673089.536918879 0
Jan 29 07:51:32 standalone container-server[127507]: 172.20.0.100 - - [29/Jan/2026:07:51:32 +0000] "HEAD /d1/160/AUTH_4c69ec2c9fbd43d18b3423fd1c2c1a6b/gnocchi.4b5fce9c-f510-4fc0-b582-ec7ea4ccbbbb" 404 - "HEAD http://172.18.0.2:8080/v1/AUTH_4c69ec2c9fbd43d18b3423fd1c2c1a6b/gnocchi.4b5fce9c-f510-4fc0-b582-ec7ea4ccbbbb?format=json&states=listing" "txc830626611a5408cbe6c1-00697b1184" "proxy-server 20" 0.0006 "-" 22 0
Jan 29 07:51:32 standalone object-server[127636]: 172.20.0.100 - - [29/Jan/2026:07:51:32 +0000] "GET /d1/332/AUTH_4c69ec2c9fbd43d18b3423fd1c2c1a6b/gnocchi.4b5fce9c-f510-4fc0-b582-ec7ea4ccbbbb/none_v3" 404 70 "GET http://172.18.0.2:8080/v1/AUTH_4c69ec2c9fbd43d18b3423fd1c2c1a6b/gnocchi.4b5fce9c-f510-4fc0-b582-ec7ea4ccbbbb/none_v3" "txc830626611a5408cbe6c1-00697b1184" "proxy-server 20" 0.0005 "-" 24 0
Jan 29 07:51:32 standalone proxy-server[129441]: 172.18.0.2 172.18.0.100 29/Jan/2026/07/51/32 GET /v1/AUTH_4c69ec2c9fbd43d18b3423fd1c2c1a6b/gnocchi.4b5fce9c-f510-4fc0-b582-ec7ea4ccbbbb/none_v3 HTTP/1.0 404 - python-swiftclient-3.11.1 gAAAAABpexEBDc6x... - 70 - txc830626611a5408cbe6c1-00697b1184 - 0.0145 - - 1769673092.769867420 1769673092.784326553 0
Jan 29 07:51:32 standalone account-server[127305]: 172.20.0.100 - - [29/Jan/2026:07:51:32 +0000] "PUT /d1/672/AUTH_4c69ec2c9fbd43d18b3423fd1c2c1a6b/gnocchi.4b5fce9c-f510-4fc0-b582-ec7ea4ccbbbb" 201 - "PUT http://172.20.0.100:6001/d1/160/AUTH_4c69ec2c9fbd43d18b3423fd1c2c1a6b/gnocchi.4b5fce9c-f510-4fc0-b582-ec7ea4ccbbbb" "tx230da60aca6f45a0b4677-00697b1184" "container-server 21" 0.0025 "-" 17 0
Jan 29 07:51:32 standalone container-server[127497]: 172.20.0.100 - - [29/Jan/2026:07:51:32 +0000] "PUT /d1/160/AUTH_4c69ec2c9fbd43d18b3423fd1c2c1a6b/gnocchi.4b5fce9c-f510-4fc0-b582-ec7ea4ccbbbb" 201 - "PUT http://172.18.0.2:8080/v1/AUTH_4c69ec2c9fbd43d18b3423fd1c2c1a6b/gnocchi.4b5fce9c-f510-4fc0-b582-ec7ea4ccbbbb" "tx230da60aca6f45a0b4677-00697b1184" "proxy-server 20" 0.0144 "-" 21 0
Jan 29 07:51:32 standalone proxy-server[129441]: 172.18.0.2 172.18.0.100 29/Jan/2026/07/51/32 PUT /v1/AUTH_4c69ec2c9fbd43d18b3423fd1c2c1a6b/gnocchi.4b5fce9c-f510-4fc0-b582-ec7ea4ccbbbb HTTP/1.0 201 - python-swiftclient-3.11.1 gAAAAABpexEBDc6x... - - - tx230da60aca6f45a0b4677-00697b1184 - 0.0330 - - 1769673092.787874222 1769673092.820887566 0
Jan 29 07:51:32 standalone container-server[127497]: 172.20.0.100 - - [29/Jan/2026:07:51:32 +0000] "HEAD /d1/160/AUTH_4c69ec2c9fbd43d18b3423fd1c2c1a6b/gnocchi.4b5fce9c-f510-4fc0-b582-ec7ea4ccbbbb" 204 - "HEAD http://172.18.0.2:8080/v1/AUTH_4c69ec2c9fbd43d18b3423fd1c2c1a6b/gnocchi.4b5fce9c-f510-4fc0-b582-ec7ea4ccbbbb?format=json&states=listing" "txfd268af6f2e34130bc83c-00697b1184" "proxy-server 20" 0.0012 "-" 21 0
Jan 29 07:51:32 standalone proxy-server[129441]: - - 29/Jan/2026/07/51/32 HEAD /v1/AUTH_4c69ec2c9fbd43d18b3423fd1c2c1a6b/gnocchi.4b5fce9c-f510-4fc0-b582-ec7ea4ccbbbb%3Fformat%3Djson%26states%3Dlisting HTTP/1.0 204 - Swift - - - - txfd268af6f2e34130bc83c-00697b1184 - 0.0051 RL - 1769673092.829360962 1769673092.834502697 0
Jan 29 07:51:32 standalone container-server[127497]: 172.20.0.100 - - [29/Jan/2026:07:51:32 +0000] "GET /d1/160/AUTH_4c69ec2c9fbd43d18b3423fd1c2c1a6b/gnocchi.4b5fce9c-f510-4fc0-b582-ec7ea4ccbbbb" 200 2 "GET http://172.18.0.2:8080/v1/AUTH_4c69ec2c9fbd43d18b3423fd1c2c1a6b/gnocchi.4b5fce9c-f510-4fc0-b582-ec7ea4ccbbbb?format=json&states=listing" "txfd268af6f2e34130bc83c-00697b1184" "proxy-server 20" 0.0030 "-" 21 0
Jan 29 07:51:32 standalone proxy-server[129441]: 172.18.0.2 172.18.0.100 29/Jan/2026/07/51/32 GET /v1/AUTH_4c69ec2c9fbd43d18b3423fd1c2c1a6b/gnocchi.4b5fce9c-f510-4fc0-b582-ec7ea4ccbbbb%3Fformat%3Djson%26states%3Dlisting HTTP/1.0 200 - python-swiftclient-3.11.1 gAAAAABpexEBDc6x... - 2 - txfd268af6f2e34130bc83c-00697b1184 - 0.0181 - - 1769673092.827800989 1769673092.845882177 0
