Mar 13 14:39:43 np0005646497.novalocal proxy-server[102438]: ::1 ::1 13/Mar/2026/18/39/43 PUT /v1/AUTH_2ba0d2092da448ff8897cf17bc9473fd/gnocchi.38ee3c60-9bf5-45ac-8d42-c38276ee8322/none_v3 HTTP/1.0 201 - python-swiftclient-4.7.0 gAAAAABptFntGpFm... 22 - - txb59bf617293f4523ba9f9-0069b459ee - 0.0339 - - 1773427182.981865406 1773427183.015776873 0
Mar 13 14:39:43 np0005646497.novalocal container-server[100898]: ::1 - - [13/Mar/2026:18:39:43 +0000] "HEAD /2/127826/AUTH_2ba0d2092da448ff8897cf17bc9473fd/gnocchi.3ec09d55-a985-4a4e-bfe7-fd0d5cc183b4" 404 - "HEAD http://[::1]:8080/v1/AUTH_2ba0d2092da448ff8897cf17bc9473fd/gnocchi.3ec09d55-a985-4a4e-bfe7-fd0d5cc183b4" "tx82101303ee114ceea84de-0069b459ef" "proxy-server 102438" 0.0005 "-" 100898 0
Mar 13 14:39:43 np0005646497.novalocal container-server[100899]: ::1 - - [13/Mar/2026:18:39:43 +0000] "HEAD /1/127826/AUTH_2ba0d2092da448ff8897cf17bc9473fd/gnocchi.3ec09d55-a985-4a4e-bfe7-fd0d5cc183b4" 404 - "HEAD http://[::1]:8080/v1/AUTH_2ba0d2092da448ff8897cf17bc9473fd/gnocchi.3ec09d55-a985-4a4e-bfe7-fd0d5cc183b4" "tx82101303ee114ceea84de-0069b459ef" "proxy-server 102438" 0.0004 "-" 100899 0
Mar 13 14:39:43 np0005646497.novalocal container-server[100898]: ::1 - - [13/Mar/2026:18:39:43 +0000] "HEAD /3/127826/AUTH_2ba0d2092da448ff8897cf17bc9473fd/gnocchi.3ec09d55-a985-4a4e-bfe7-fd0d5cc183b4" 404 - "HEAD http://[::1]:8080/v1/AUTH_2ba0d2092da448ff8897cf17bc9473fd/gnocchi.3ec09d55-a985-4a4e-bfe7-fd0d5cc183b4" "tx82101303ee114ceea84de-0069b459ef" "proxy-server 102438" 0.0003 "-" 100898 0
Mar 13 14:39:43 np0005646497.novalocal proxy-server[102438]: - - 13/Mar/2026/18/39/43 HEAD /v1/AUTH_2ba0d2092da448ff8897cf17bc9473fd/gnocchi.3ec09d55-a985-4a4e-bfe7-fd0d5cc183b4 HTTP/1.0 404 - Swift - - - - tx82101303ee114ceea84de-0069b459ef - 0.0136 CS - 1773427183.055336952 1773427183.068901539 0
Mar 13 14:39:43 np0005646497.novalocal object-server[101293]: ::1 - - [13/Mar/2026:18:39:43 +0000] "GET /1/23149/AUTH_2ba0d2092da448ff8897cf17bc9473fd/gnocchi.3ec09d55-a985-4a4e-bfe7-fd0d5cc183b4/none_v3" 404 70 "GET https://[::1]:8080/v1/AUTH_2ba0d2092da448ff8897cf17bc9473fd/gnocchi.3ec09d55-a985-4a4e-bfe7-fd0d5cc183b4/none_v3" "tx82101303ee114ceea84de-0069b459ef" "proxy-server 102438" 0.0005 "-" 101293 0
Mar 13 14:39:43 np0005646497.novalocal object-server[101293]: ::1 - - [13/Mar/2026:18:39:43 +0000] "GET /2/23149/AUTH_2ba0d2092da448ff8897cf17bc9473fd/gnocchi.3ec09d55-a985-4a4e-bfe7-fd0d5cc183b4/none_v3" 404 70 "GET https://[::1]:8080/v1/AUTH_2ba0d2092da448ff8897cf17bc9473fd/gnocchi.3ec09d55-a985-4a4e-bfe7-fd0d5cc183b4/none_v3" "tx82101303ee114ceea84de-0069b459ef" "proxy-server 102438" 0.0003 "-" 101293 0
Mar 13 14:39:43 np0005646497.novalocal object-server[101292]: ::1 - - [13/Mar/2026:18:39:43 +0000] "GET /3/23149/AUTH_2ba0d2092da448ff8897cf17bc9473fd/gnocchi.3ec09d55-a985-4a4e-bfe7-fd0d5cc183b4/none_v3" 404 70 "GET https://[::1]:8080/v1/AUTH_2ba0d2092da448ff8897cf17bc9473fd/gnocchi.3ec09d55-a985-4a4e-bfe7-fd0d5cc183b4/none_v3" "tx82101303ee114ceea84de-0069b459ef" "proxy-server 102438" 0.0005 "-" 101292 0
Mar 13 14:39:43 np0005646497.novalocal proxy-server[102438]: ::1 ::1 13/Mar/2026/18/39/43 GET /v1/AUTH_2ba0d2092da448ff8897cf17bc9473fd/gnocchi.3ec09d55-a985-4a4e-bfe7-fd0d5cc183b4/none_v3 HTTP/1.0 404 - python-swiftclient-4.7.0 gAAAAABptFntGpFm... - 70 - tx82101303ee114ceea84de-0069b459ef - 0.0294 - - 1773427183.054482222 1773427183.083871126 0
Mar 13 14:39:43 np0005646497.novalocal account-server[100513]: ::1 - - [13/Mar/2026:18:39:43 +0000] "PUT /3/102667/AUTH_2ba0d2092da448ff8897cf17bc9473fd/gnocchi.3ec09d55-a985-4a4e-bfe7-fd0d5cc183b4" 201 - "PUT http://[::1]:6001/2/127826/AUTH_2ba0d2092da448ff8897cf17bc9473fd/gnocchi.3ec09d55-a985-4a4e-bfe7-fd0d5cc183b4" "txbde2a2c2984345368b3df-0069b459ef" "container-server 100899" 0.0061 "-" 100513 0
Mar 13 14:39:43 np0005646497.novalocal container-server[100899]: ::1 - - [13/Mar/2026:18:39:43 +0000] "PUT /2/127826/AUTH_2ba0d2092da448ff8897cf17bc9473fd/gnocchi.3ec09d55-a985-4a4e-bfe7-fd0d5cc183b4" 201 - "PUT https://[::1]:8080/v1/AUTH_2ba0d2092da448ff8897cf17bc9473fd/gnocchi.3ec09d55-a985-4a4e-bfe7-fd0d5cc183b4" "txbde2a2c2984345368b3df-0069b459ef" "proxy-server 102438" 0.0239 "-" 100899 0
Mar 13 14:39:43 np0005646497.novalocal account-server[100513]: ::1 - - [13/Mar/2026:18:39:43 +0000] "PUT /2/102667/AUTH_2ba0d2092da448ff8897cf17bc9473fd/gnocchi.3ec09d55-a985-4a4e-bfe7-fd0d5cc183b4" 201 - "PUT http://[::1]:6001/1/127826/AUTH_2ba0d2092da448ff8897cf17bc9473fd/gnocchi.3ec09d55-a985-4a4e-bfe7-fd0d5cc183b4" "txbde2a2c2984345368b3df-0069b459ef" "container-server 100898" 0.0065 "-" 100513 0
Mar 13 14:39:43 np0005646497.novalocal container-server[100898]: ::1 - - [13/Mar/2026:18:39:43 +0000] "PUT /1/127826/AUTH_2ba0d2092da448ff8897cf17bc9473fd/gnocchi.3ec09d55-a985-4a4e-bfe7-fd0d5cc183b4" 201 - "PUT https://[::1]:8080/v1/AUTH_2ba0d2092da448ff8897cf17bc9473fd/gnocchi.3ec09d55-a985-4a4e-bfe7-fd0d5cc183b4" "txbde2a2c2984345368b3df-0069b459ef" "proxy-server 102438" 0.0320 "-" 100898 0
Mar 13 14:39:43 np0005646497.novalocal account-server[100513]: ::1 - - [13/Mar/2026:18:39:43 +0000] "PUT /1/102667/AUTH_2ba0d2092da448ff8897cf17bc9473fd/gnocchi.3ec09d55-a985-4a4e-bfe7-fd0d5cc183b4" 201 - "PUT http://[::1]:6001/3/127826/AUTH_2ba0d2092da448ff8897cf17bc9473fd/gnocchi.3ec09d55-a985-4a4e-bfe7-fd0d5cc183b4" "txbde2a2c2984345368b3df-0069b459ef" "container-server 100898" 0.0068 "-" 100513 0
Mar 13 14:39:43 np0005646497.novalocal container-server[100898]: ::1 - - [13/Mar/2026:18:39:43 +0000] "PUT /3/127826/AUTH_2ba0d2092da448ff8897cf17bc9473fd/gnocchi.3ec09d55-a985-4a4e-bfe7-fd0d5cc183b4" 201 - "PUT https://[::1]:8080/v1/AUTH_2ba0d2092da448ff8897cf17bc9473fd/gnocchi.3ec09d55-a985-4a4e-bfe7-fd0d5cc183b4" "txbde2a2c2984345368b3df-0069b459ef" "proxy-server 102438" 0.0239 "-" 100898 0
Mar 13 14:39:43 np0005646497.novalocal proxy-server[102438]: ::1 ::1 13/Mar/2026/18/39/43 PUT /v1/AUTH_2ba0d2092da448ff8897cf17bc9473fd/gnocchi.3ec09d55-a985-4a4e-bfe7-fd0d5cc183b4 HTTP/1.0 201 - python-swiftclient-4.7.0 gAAAAABptFntGpFm... - - - txbde2a2c2984345368b3df-0069b459ef - 0.0499 - - 1773427183.087341547 1773427183.137224913 0
Mar 13 14:39:43 np0005646497.novalocal container-server[100898]: ::1 - - [13/Mar/2026:18:39:43 +0000] "HEAD /2/127826/AUTH_2ba0d2092da448ff8897cf17bc9473fd/gnocchi.3ec09d55-a985-4a4e-bfe7-fd0d5cc183b4" 204 - "HEAD http://[::1]:8080/v1/AUTH_2ba0d2092da448ff8897cf17bc9473fd/gnocchi.3ec09d55-a985-4a4e-bfe7-fd0d5cc183b4" "txb0e5022681634df6bf20c-0069b459ef" "proxy-server 102438" 0.0024 "-" 100898 0
Mar 13 14:39:43 np0005646497.novalocal proxy-server[102438]: - - 13/Mar/2026/18/39/43 HEAD /v1/AUTH_2ba0d2092da448ff8897cf17bc9473fd/gnocchi.3ec09d55-a985-4a4e-bfe7-fd0d5cc183b4 HTTP/1.0 204 - Swift - - - - txb0e5022681634df6bf20c-0069b459ef - 0.0076 CS - 1773427183.143144846 1773427183.150724649 0
Mar 13 14:39:43 np0005646497.novalocal container-server[100899]: ::1 - - [13/Mar/2026:18:39:43 +0000] "GET /1/127826/AUTH_2ba0d2092da448ff8897cf17bc9473fd/gnocchi.3ec09d55-a985-4a4e-bfe7-fd0d5cc183b4" 200 2 "GET https://[::1]:8080/v1/AUTH_2ba0d2092da448ff8897cf17bc9473fd/gnocchi.3ec09d55-a985-4a4e-bfe7-fd0d5cc183b4?format=json&states=listing" "txb0e5022681634df6bf20c-0069b459ef" "proxy-server 102438" 0.0032 "-" 100899 0
Mar 13 14:39:43 np0005646497.novalocal proxy-server[102438]: ::1 ::1 13/Mar/2026/18/39/43 GET /v1/AUTH_2ba0d2092da448ff8897cf17bc9473fd/gnocchi.3ec09d55-a985-4a4e-bfe7-fd0d5cc183b4%3Fformat%3Djson%26states%3Dlisting HTTP/1.0 200 - python-swiftclient-4.7.0 gAAAAABptFntGpFm... - 2 - txb0e5022681634df6bf20c-0069b459ef - 0.0245 - - 1773427183.142103195 1773427183.166601658 0
Mar 13 14:39:43 np0005646497.novalocal object-server[101292]: ::1 - - [13/Mar/2026:18:39:43 +0000] "GET /1/58116/AUTH_2ba0d2092da448ff8897cf17bc9473fd/gnocchi.3ec09d55-a985-4a4e-bfe7-fd0d5cc183b4/1773360000.0_mean_300.0_v3" 404 70 "GET https://[::1]:8080/v1/AUTH_2ba0d2092da448ff8897cf17bc9473fd/gnocchi.3ec09d55-a985-4a4e-bfe7-fd0d5cc183b4/1773360000.0_mean_300.0_v3" "tx62acb236403c4b4bb3c70-0069b459ef" "proxy-server 102438" 0.0005 "-" 101292 0
Mar 13 14:39:43 np0005646497.novalocal object-server[101292]: ::1 - - [13/Mar/2026:18:39:43 +0000] "GET /3/58116/AUTH_2ba0d2092da448ff8897cf17bc9473fd/gnocchi.3ec09d55-a985-4a4e-bfe7-fd0d5cc183b4/1773360000.0_mean_300.0_v3" 404 70 "GET https://[::1]:8080/v1/AUTH_2ba0d2092da448ff8897cf17bc9473fd/gnocchi.3ec09d55-a985-4a4e-bfe7-fd0d5cc183b4/1773360000.0_mean_300.0_v3" "tx62acb236403c4b4bb3c70-0069b459ef" "proxy-server 102438" 0.0002 "-" 101292 0
Mar 13 14:39:43 np0005646497.novalocal object-server[101292]: ::1 - - [13/Mar/2026:18:39:43 +0000] "GET /2/58116/AUTH_2ba0d2092da448ff8897cf17bc9473fd/gnocchi.3ec09d55-a985-4a4e-bfe7-fd0d5cc183b4/1773360000.0_mean_300.0_v3" 404 70 "GET https://[::1]:8080/v1/AUTH_2ba0d2092da448ff8897cf17bc9473fd/gnocchi.3ec09d55-a985-4a4e-bfe7-fd0d5cc183b4/1773360000.0_mean_300.0_v3" "tx62acb236403c4b4bb3c70-0069b459ef" "proxy-server 102438" 0.0002 "-" 101292 0
Mar 13 14:39:43 np0005646497.novalocal proxy-server[102438]: ::1 ::1 13/Mar/2026/18/39/43 GET /v1/AUTH_2ba0d2092da448ff8897cf17bc9473fd/gnocchi.3ec09d55-a985-4a4e-bfe7-fd0d5cc183b4/1773360000.0_mean_300.0_v3 HTTP/1.0 404 - python-swiftclient-4.7.0 gAAAAABptFntGpFm... - 70 - tx62acb236403c4b4bb3c70-0069b459ef - 0.0146 - - 1773427183.171285868 1773427183.185847044 0
Mar 13 14:39:43 np0005646497.novalocal container-server[100898]: ::1 - - [13/Mar/2026:18:39:43 +0000] "PUT /2/127826/AUTH_2ba0d2092da448ff8897cf17bc9473fd/gnocchi.3ec09d55-a985-4a4e-bfe7-fd0d5cc183b4/1773360000.0_mean_300.0_v3" 201 - "PUT http://[::1]:8080/1/58116/AUTH_2ba0d2092da448ff8897cf17bc9473fd/gnocchi.3ec09d55-a985-4a4e-bfe7-fd0d5cc183b4/1773360000.0_mean_300.0_v3" "tx4e1e9a4e4dce4b38b5fe5-0069b459ef" "object-server 101292" 0.0006 "-" 100898 0
Mar 13 14:39:43 np0005646497.novalocal container-server[100899]: ::1 - - [13/Mar/2026:18:39:43 +0000] "PUT /3/127826/AUTH_2ba0d2092da448ff8897cf17bc9473fd/gnocchi.3ec09d55-a985-4a4e-bfe7-fd0d5cc183b4/1773360000.0_mean_300.0_v3" 201 - "PUT http://[::1]:8080/3/58116/AUTH_2ba0d2092da448ff8897cf17bc9473fd/gnocchi.3ec09d55-a985-4a4e-bfe7-fd0d5cc183b4/1773360000.0_mean_300.0_v3" "tx4e1e9a4e4dce4b38b5fe5-0069b459ef" "object-server 101293" 0.0009 "-" 100899 0
Mar 13 14:39:43 np0005646497.novalocal object-server[101292]: ::1 - - [13/Mar/2026:18:39:43 +0000] "PUT /1/58116/AUTH_2ba0d2092da448ff8897cf17bc9473fd/gnocchi.3ec09d55-a985-4a4e-bfe7-fd0d5cc183b4/1773360000.0_mean_300.0_v3" 201 - "PUT https://[::1]:8080/v1/AUTH_2ba0d2092da448ff8897cf17bc9473fd/gnocchi.3ec09d55-a985-4a4e-bfe7-fd0d5cc183b4/1773360000.0_mean_300.0_v3" "tx4e1e9a4e4dce4b38b5fe5-0069b459ef" "proxy-server 102438" 0.0156 "-" 101292 0
Mar 13 14:39:43 np0005646497.novalocal object-server[101293]: ::1 - - [13/Mar/2026:18:39:43 +0000] "PUT /3/58116/AUTH_2ba0d2092da448ff8897cf17bc9473fd/gnocchi.3ec09d55-a985-4a4e-bfe7-fd0d5cc183b4/1773360000.0_mean_300.0_v3" 201 - "PUT https://[::1]:8080/v1/AUTH_2ba0d2092da448ff8897cf17bc9473fd/gnocchi.3ec09d55-a985-4a4e-bfe7-fd0d5cc183b4/1773360000.0_mean_300.0_v3" "tx4e1e9a4e4dce4b38b5fe5-0069b459ef" "proxy-server 102438" 0.0140 "-" 101293 0
Mar 13 14:39:43 np0005646497.novalocal container-server[100898]: ::1 - - [13/Mar/2026:18:39:43 +0000] "PUT /1/127826/AUTH_2ba0d2092da448ff8897cf17bc9473fd/gnocchi.3ec09d55-a985-4a4e-bfe7-fd0d5cc183b4/1773360000.0_mean_300.0_v3" 201 - "PUT http://[::1]:8080/2/58116/AUTH_2ba0d2092da448ff8897cf17bc9473fd/gnocchi.3ec09d55-a985-4a4e-bfe7-fd0d5cc183b4/1773360000.0_mean_300.0_v3" "tx4e1e9a4e4dce4b38b5fe5-0069b459ef" "object-server 101293" 0.0004 "-" 100898 0
Mar 13 14:39:43 np0005646497.novalocal object-server[101293]: ::1 - - [13/Mar/2026:18:39:43 +0000] "PUT /2/58116/AUTH_2ba0d2092da448ff8897cf17bc9473fd/gnocchi.3ec09d55-a985-4a4e-bfe7-fd0d5cc183b4/1773360000.0_mean_300.0_v3" 201 - "PUT https://[::1]:8080/v1/AUTH_2ba0d2092da448ff8897cf17bc9473fd/gnocchi.3ec09d55-a985-4a4e-bfe7-fd0d5cc183b4/1773360000.0_mean_300.0_v3" "tx4e1e9a4e4dce4b38b5fe5-0069b459ef" "proxy-server 102438" 0.0182 "-" 101293 0
Mar 13 14:39:43 np0005646497.novalocal proxy-server[102438]: ::1 ::1 13/Mar/2026/18/39/43 PUT /v1/AUTH_2ba0d2092da448ff8897cf17bc9473fd/gnocchi.3ec09d55-a985-4a4e-bfe7-fd0d5cc183b4/1773360000.0_mean_300.0_v3 HTTP/1.0 201 - python-swiftclient-4.7.0 gAAAAABptFntGpFm... 16 - - tx4e1e9a4e4dce4b38b5fe5-0069b459ef - 0.0290 - - 1773427183.188310862 1773427183.217334747 0
Mar 13 14:39:43 np0005646497.novalocal container-server[100898]: ::1 - - [13/Mar/2026:18:39:43 +0000] "HEAD /3/2632/AUTH_2ba0d2092da448ff8897cf17bc9473fd/gnocchi.c3450f6b-2e0b-4842-a71d-f97e56392b03" 404 - "HEAD http://[::1]:8080/v1/AUTH_2ba0d2092da448ff8897cf17bc9473fd/gnocchi.c3450f6b-2e0b-4842-a71d-f97e56392b03" "txfb1d5edd34864bac99f1a-0069b459ef" "proxy-server 102438" 0.0002 "-" 100898 0
Mar 13 14:39:43 np0005646497.novalocal container-server[100898]: ::1 - - [13/Mar/2026:18:39:43 +0000] "HEAD /1/2632/AUTH_2ba0d2092da448ff8897cf17bc9473fd/gnocchi.c3450f6b-2e0b-4842-a71d-f97e56392b03" 404 - "HEAD http://[::1]:8080/v1/AUTH_2ba0d2092da448ff8897cf17bc9473fd/gnocchi.c3450f6b-2e0b-4842-a71d-f97e56392b03" "txfb1d5edd34864bac99f1a-0069b459ef" "proxy-server 102438" 0.0001 "-" 100898 0
Mar 13 14:39:43 np0005646497.novalocal container-server[100898]: ::1 - - [13/Mar/2026:18:39:43 +0000] "HEAD /2/2632/AUTH_2ba0d2092da448ff8897cf17bc9473fd/gnocchi.c3450f6b-2e0b-4842-a71d-f97e56392b03" 404 - "HEAD http://[::1]:8080/v1/AUTH_2ba0d2092da448ff8897cf17bc9473fd/gnocchi.c3450f6b-2e0b-4842-a71d-f97e56392b03" "txfb1d5edd34864bac99f1a-0069b459ef" "proxy-server 102438" 0.0002 "-" 100898 0
Mar 13 14:39:43 np0005646497.novalocal proxy-server[102438]: - - 13/Mar/2026/18/39/43 HEAD /v1/AUTH_2ba0d2092da448ff8897cf17bc9473fd/gnocchi.c3450f6b-2e0b-4842-a71d-f97e56392b03 HTTP/1.0 404 - Swift - - - - txfb1d5edd34864bac99f1a-0069b459ef - 0.0165 CS - 1773427183.232497692 1773427183.248990297 0
Mar 13 14:39:43 np0005646497.novalocal container-server[100899]: ::1 - - [13/Mar/2026:18:39:43 +0000] "PUT /3/127826/AUTH_2ba0d2092da448ff8897cf17bc9473fd/gnocchi.3ec09d55-a985-4a4e-bfe7-fd0d5cc183b4/none_v3" 201 - "PUT http://[::1]:8080/1/23149/AUTH_2ba0d2092da448ff8897cf17bc9473fd/gnocchi.3ec09d55-a985-4a4e-bfe7-fd0d5cc183b4/none_v3" "tx5fa60b73b03c455cb3b22-0069b459ef" "object-server 101292" 0.0009 "-" 100899 0
Mar 13 14:39:43 np0005646497.novalocal object-server[101292]: ::1 - - [13/Mar/2026:18:39:43 +0000] "PUT /1/23149/AUTH_2ba0d2092da448ff8897cf17bc9473fd/gnocchi.3ec09d55-a985-4a4e-bfe7-fd0d5cc183b4/none_v3" 201 - "PUT https://[::1]:8080/v1/AUTH_2ba0d2092da448ff8897cf17bc9473fd/gnocchi.3ec09d55-a985-4a4e-bfe7-fd0d5cc183b4/none_v3" "tx5fa60b73b03c455cb3b22-0069b459ef" "proxy-server 102438" 0.0157 "-" 101292 0
Mar 13 14:39:43 np0005646497.novalocal container-server[100898]: ::1 - - [13/Mar/2026:18:39:43 +0000] "PUT /1/127826/AUTH_2ba0d2092da448ff8897cf17bc9473fd/gnocchi.3ec09d55-a985-4a4e-bfe7-fd0d5cc183b4/none_v3" 201 - "PUT http://[::1]:8080/3/23149/AUTH_2ba0d2092da448ff8897cf17bc9473fd/gnocchi.3ec09d55-a985-4a4e-bfe7-fd0d5cc183b4/none_v3" "tx5fa60b73b03c455cb3b22-0069b459ef" "object-server 101293" 0.0003 "-" 100898 0
Mar 13 14:39:43 np0005646497.novalocal container-server[100899]: ::1 - - [13/Mar/2026:18:39:43 +0000] "PUT /2/127826/AUTH_2ba0d2092da448ff8897cf17bc9473fd/gnocchi.3ec09d55-a985-4a4e-bfe7-fd0d5cc183b4/none_v3" 201 - "PUT http://[::1]:8080/2/23149/AUTH_2ba0d2092da448ff8897cf17bc9473fd/gnocchi.3ec09d55-a985-4a4e-bfe7-fd0d5cc183b4/none_v3" "tx5fa60b73b03c455cb3b22-0069b459ef" "object-server 101293" 0.0005 "-" 100899 0
Mar 13 14:39:43 np0005646497.novalocal object-server[101292]: ::1 - - [13/Mar/2026:18:39:43 +0000] "GET /1/140986/AUTH_2ba0d2092da448ff8897cf17bc9473fd/gnocchi.c3450f6b-2e0b-4842-a71d-f97e56392b03/none_v3" 404 70 "GET https://[::1]:8080/v1/AUTH_2ba0d2092da448ff8897cf17bc9473fd/gnocchi.c3450f6b-2e0b-4842-a71d-f97e56392b03/none_v3" "txfb1d5edd34864bac99f1a-0069b459ef" "proxy-server 102438" 0.0002 "-" 101292 0
Mar 13 14:39:43 np0005646497.novalocal object-server[101293]: ::1 - - [13/Mar/2026:18:39:43 +0000] "PUT /3/23149/AUTH_2ba0d2092da448ff8897cf17bc9473fd/gnocchi.3ec09d55-a985-4a4e-bfe7-fd0d5cc183b4/none_v3" 201 - "PUT https://[::1]:8080/v1/AUTH_2ba0d2092da448ff8897cf17bc9473fd/gnocchi.3ec09d55-a985-4a4e-bfe7-fd0d5cc183b4/none_v3" "tx5fa60b73b03c455cb3b22-0069b459ef" "proxy-server 102438" 0.0159 "-" 101293 0
Mar 13 14:39:43 np0005646497.novalocal object-server[101293]: ::1 - - [13/Mar/2026:18:39:43 +0000] "PUT /2/23149/AUTH_2ba0d2092da448ff8897cf17bc9473fd/gnocchi.3ec09d55-a985-4a4e-bfe7-fd0d5cc183b4/none_v3" 201 - "PUT https://[::1]:8080/v1/AUTH_2ba0d2092da448ff8897cf17bc9473fd/gnocchi.3ec09d55-a985-4a4e-bfe7-fd0d5cc183b4/none_v3" "tx5fa60b73b03c455cb3b22-0069b459ef" "proxy-server 102438" 0.0197 "-" 101293 0
Mar 13 14:39:43 np0005646497.novalocal proxy-server[102438]: ::1 ::1 13/Mar/2026/18/39/43 PUT /v1/AUTH_2ba0d2092da448ff8897cf17bc9473fd/gnocchi.3ec09d55-a985-4a4e-bfe7-fd0d5cc183b4/none_v3 HTTP/1.0 201 - python-swiftclient-4.7.0 gAAAAABptFntGpFm... 22 - - tx5fa60b73b03c455cb3b22-0069b459ef - 0.0375 - - 1773427183.221229315 1773427183.258740425 0
Mar 13 14:39:43 np0005646497.novalocal object-server[101293]: ::1 - - [13/Mar/2026:18:39:43 +0000] "GET /3/140986/AUTH_2ba0d2092da448ff8897cf17bc9473fd/gnocchi.c3450f6b-2e0b-4842-a71d-f97e56392b03/none_v3" 404 70 "GET https://[::1]:8080/v1/AUTH_2ba0d2092da448ff8897cf17bc9473fd/gnocchi.c3450f6b-2e0b-4842-a71d-f97e56392b03/none_v3" "txfb1d5edd34864bac99f1a-0069b459ef" "proxy-server 102438" 0.0003 "-" 101293 0
Mar 13 14:39:43 np0005646497.novalocal object-server[101293]: ::1 - - [13/Mar/2026:18:39:43 +0000] "GET /2/140986/AUTH_2ba0d2092da448ff8897cf17bc9473fd/gnocchi.c3450f6b-2e0b-4842-a71d-f97e56392b03/none_v3" 404 70 "GET https://[::1]:8080/v1/AUTH_2ba0d2092da448ff8897cf17bc9473fd/gnocchi.c3450f6b-2e0b-4842-a71d-f97e56392b03/none_v3" "txfb1d5edd34864bac99f1a-0069b459ef" "proxy-server 102438" 0.0004 "-" 101293 0
Mar 13 14:39:43 np0005646497.novalocal proxy-server[102438]: ::1 ::1 13/Mar/2026/18/39/43 GET /v1/AUTH_2ba0d2092da448ff8897cf17bc9473fd/gnocchi.c3450f6b-2e0b-4842-a71d-f97e56392b03/none_v3 HTTP/1.0 404 - python-swiftclient-4.7.0 gAAAAABptFnO45R8... - 70 - txfb1d5edd34864bac99f1a-0069b459ef - 0.0338 - - 1773427183.231780052 1773427183.265603304 0
Mar 13 14:39:43 np0005646497.novalocal container-server[100898]: ::1 - - [13/Mar/2026:18:39:43 +0000] "HEAD /3/245999/AUTH_2ba0d2092da448ff8897cf17bc9473fd/gnocchi.021d11e7-8a5c-4229-bf2e-fb7e6501ebb8" 404 - "HEAD http://[::1]:8080/v1/AUTH_2ba0d2092da448ff8897cf17bc9473fd/gnocchi.021d11e7-8a5c-4229-bf2e-fb7e6501ebb8" "txfb10e46f2f07426f95b67-0069b459ef" "proxy-server 102438" 0.0002 "-" 100898 0
Mar 13 14:39:43 np0005646497.novalocal container-server[100898]: ::1 - - [13/Mar/2026:18:39:43 +0000] "HEAD /1/245999/AUTH_2ba0d2092da448ff8897cf17bc9473fd/gnocchi.021d11e7-8a5c-4229-bf2e-fb7e6501ebb8" 404 - "HEAD http://[::1]:8080/v1/AUTH_2ba0d2092da448ff8897cf17bc9473fd/gnocchi.021d11e7-8a5c-4229-bf2e-fb7e6501ebb8" "txfb10e46f2f07426f95b67-0069b459ef" "proxy-server 102438" 0.0001 "-" 100898 0
Mar 13 14:39:43 np0005646497.novalocal account-server[100514]: ::1 - - [13/Mar/2026:18:39:43 +0000] "PUT /2/102667/AUTH_2ba0d2092da448ff8897cf17bc9473fd/gnocchi.c3450f6b-2e0b-4842-a71d-f97e56392b03" 201 - "PUT http://[::1]:6001/3/2632/AUTH_2ba0d2092da448ff8897cf17bc9473fd/gnocchi.c3450f6b-2e0b-4842-a71d-f97e56392b03" "tx0558c12355f347c4b8aa3-0069b459ef" "container-server 100898" 0.0035 "-" 100514 0
Mar 13 14:39:43 np0005646497.novalocal container-server[100898]: ::1 - - [13/Mar/2026:18:39:43 +0000] "HEAD /2/245999/AUTH_2ba0d2092da448ff8897cf17bc9473fd/gnocchi.021d11e7-8a5c-4229-bf2e-fb7e6501ebb8" 404 - "HEAD http://[::1]:8080/v1/AUTH_2ba0d2092da448ff8897cf17bc9473fd/gnocchi.021d11e7-8a5c-4229-bf2e-fb7e6501ebb8" "txfb10e46f2f07426f95b67-0069b459ef" "proxy-server 102438" 0.0001 "-" 100898 0
Mar 13 14:39:43 np0005646497.novalocal container-server[100898]: ::1 - - [13/Mar/2026:18:39:43 +0000] "PUT /3/2632/AUTH_2ba0d2092da448ff8897cf17bc9473fd/gnocchi.c3450f6b-2e0b-4842-a71d-f97e56392b03" 201 - "PUT https://[::1]:8080/v1/AUTH_2ba0d2092da448ff8897cf17bc9473fd/gnocchi.c3450f6b-2e0b-4842-a71d-f97e56392b03" "tx0558c12355f347c4b8aa3-0069b459ef" "proxy-server 102438" 0.0110 "-" 100898 0
Mar 13 14:39:43 np0005646497.novalocal proxy-server[102438]: - - 13/Mar/2026/18/39/43 HEAD /v1/AUTH_2ba0d2092da448ff8897cf17bc9473fd/gnocchi.021d11e7-8a5c-4229-bf2e-fb7e6501ebb8 HTTP/1.0 404 - Swift - - - - txfb10e46f2f07426f95b67-0069b459ef - 0.0106 CS - 1773427183.276425838 1773427183.287011385 0
Mar 13 14:39:43 np0005646497.novalocal account-server[100514]: ::1 - - [13/Mar/2026:18:39:43 +0000] "PUT /1/102667/AUTH_2ba0d2092da448ff8897cf17bc9473fd/gnocchi.c3450f6b-2e0b-4842-a71d-f97e56392b03" 201 - "PUT http://[::1]:6001/2/2632/AUTH_2ba0d2092da448ff8897cf17bc9473fd/gnocchi.c3450f6b-2e0b-4842-a71d-f97e56392b03" "tx0558c12355f347c4b8aa3-0069b459ef" "container-server 100899" 0.0028 "-" 100514 0
Mar 13 14:39:43 np0005646497.novalocal object-server[101292]: ::1 - - [13/Mar/2026:18:39:43 +0000] "GET /2/113832/AUTH_2ba0d2092da448ff8897cf17bc9473fd/gnocchi.021d11e7-8a5c-4229-bf2e-fb7e6501ebb8/none_v3" 404 70 "GET https://[::1]:8080/v1/AUTH_2ba0d2092da448ff8897cf17bc9473fd/gnocchi.021d11e7-8a5c-4229-bf2e-fb7e6501ebb8/none_v3" "txfb10e46f2f07426f95b67-0069b459ef" "proxy-server 102438" 0.0003 "-" 101292 0
Mar 13 14:39:43 np0005646497.novalocal container-server[100899]: ::1 - - [13/Mar/2026:18:39:43 +0000] "PUT /2/2632/AUTH_2ba0d2092da448ff8897cf17bc9473fd/gnocchi.c3450f6b-2e0b-4842-a71d-f97e56392b03" 201 - "PUT https://[::1]:8080/v1/AUTH_2ba0d2092da448ff8897cf17bc9473fd/gnocchi.c3450f6b-2e0b-4842-a71d-f97e56392b03" "tx0558c12355f347c4b8aa3-0069b459ef" "proxy-server 102438" 0.0207 "-" 100899 0
Mar 13 14:39:43 np0005646497.novalocal object-server[101293]: ::1 - - [13/Mar/2026:18:39:43 +0000] "GET /3/113832/AUTH_2ba0d2092da448ff8897cf17bc9473fd/gnocchi.021d11e7-8a5c-4229-bf2e-fb7e6501ebb8/none_v3" 404 70 "GET https://[::1]:8080/v1/AUTH_2ba0d2092da448ff8897cf17bc9473fd/gnocchi.021d11e7-8a5c-4229-bf2e-fb7e6501ebb8/none_v3" "txfb10e46f2f07426f95b67-0069b459ef" "proxy-server 102438" 0.0007 "-" 101293 0
Mar 13 14:39:43 np0005646497.novalocal account-server[100514]: ::1 - - [13/Mar/2026:18:39:43 +0000] "PUT /3/102667/AUTH_2ba0d2092da448ff8897cf17bc9473fd/gnocchi.c3450f6b-2e0b-4842-a71d-f97e56392b03" 201 - "PUT http://[::1]:6001/1/2632/AUTH_2ba0d2092da448ff8897cf17bc9473fd/gnocchi.c3450f6b-2e0b-4842-a71d-f97e56392b03" "tx0558c12355f347c4b8aa3-0069b459ef" "container-server 100899" 0.0027 "-" 100514 0
Mar 13 14:39:43 np0005646497.novalocal container-server[100899]: ::1 - - [13/Mar/2026:18:39:43 +0000] "PUT /1/2632/AUTH_2ba0d2092da448ff8897cf17bc9473fd/gnocchi.c3450f6b-2e0b-4842-a71d-f97e56392b03" 201 - "PUT https://[::1]:8080/v1/AUTH_2ba0d2092da448ff8897cf17bc9473fd/gnocchi.c3450f6b-2e0b-4842-a71d-f97e56392b03" "tx0558c12355f347c4b8aa3-0069b459ef" "proxy-server 102438" 0.0128 "-" 100899 0
Mar 13 14:39:43 np0005646497.novalocal object-server[101293]: ::1 - - [13/Mar/2026:18:39:43 +0000] "GET /1/113832/AUTH_2ba0d2092da448ff8897cf17bc9473fd/gnocchi.021d11e7-8a5c-4229-bf2e-fb7e6501ebb8/none_v3" 404 70 "GET https://[::1]:8080/v1/AUTH_2ba0d2092da448ff8897cf17bc9473fd/gnocchi.021d11e7-8a5c-4229-bf2e-fb7e6501ebb8/none_v3" "txfb10e46f2f07426f95b67-0069b459ef" "proxy-server 102438" 0.0004 "-" 101293 0
Mar 13 14:39:43 np0005646497.novalocal proxy-server[102438]: ::1 ::1 13/Mar/2026/18/39/43 PUT /v1/AUTH_2ba0d2092da448ff8897cf17bc9473fd/gnocchi.c3450f6b-2e0b-4842-a71d-f97e56392b03 HTTP/1.0 201 - python-swiftclient-4.7.0 gAAAAABptFnO45R8... - - - tx0558c12355f347c4b8aa3-0069b459ef - 0.0321 - - 1773427183.268565655 1773427183.300694227 0
Mar 13 14:39:43 np0005646497.novalocal proxy-server[102438]: ::1 ::1 13/Mar/2026/18/39/43 GET /v1/AUTH_2ba0d2092da448ff8897cf17bc9473fd/gnocchi.021d11e7-8a5c-4229-bf2e-fb7e6501ebb8/none_v3 HTTP/1.0 404 - python-swiftclient-4.7.0 gAAAAABptFntGpFm... - 70 - txfb10e46f2f07426f95b67-0069b459ef - 0.0265 - - 1773427183.275668621 1773427183.302193403 0
Mar 13 14:39:43 np0005646497.novalocal container-server[100899]: ::1 - - [13/Mar/2026:18:39:43 +0000] "HEAD /2/2632/AUTH_2ba0d2092da448ff8897cf17bc9473fd/gnocchi.c3450f6b-2e0b-4842-a71d-f97e56392b03" 204 - "HEAD http://[::1]:8080/v1/AUTH_2ba0d2092da448ff8897cf17bc9473fd/gnocchi.c3450f6b-2e0b-4842-a71d-f97e56392b03" "tx1634e968035f4fb08a7e9-0069b459ef" "proxy-server 102438" 0.0020 "-" 100899 0
Mar 13 14:39:43 np0005646497.novalocal proxy-server[102438]: - - 13/Mar/2026/18/39/43 HEAD /v1/AUTH_2ba0d2092da448ff8897cf17bc9473fd/gnocchi.c3450f6b-2e0b-4842-a71d-f97e56392b03 HTTP/1.0 204 - Swift - - - - tx1634e968035f4fb08a7e9-0069b459ef - 0.0082 CS - 1773427183.304284334 1773427183.312494040 0
Mar 13 14:39:43 np0005646497.novalocal container-server[100898]: ::1 - - [13/Mar/2026:18:39:43 +0000] "GET /3/2632/AUTH_2ba0d2092da448ff8897cf17bc9473fd/gnocchi.c3450f6b-2e0b-4842-a71d-f97e56392b03" 200 2 "GET https://[::1]:8080/v1/AUTH_2ba0d2092da448ff8897cf17bc9473fd/gnocchi.c3450f6b-2e0b-4842-a71d-f97e56392b03?format=json&states=listing" "tx1634e968035f4fb08a7e9-0069b459ef" "proxy-server 102438" 0.0027 "-" 100898 0
Mar 13 14:39:43 np0005646497.novalocal account-server[100514]: ::1 - - [13/Mar/2026:18:39:43 +0000] "PUT /2/102667/AUTH_2ba0d2092da448ff8897cf17bc9473fd/gnocchi.021d11e7-8a5c-4229-bf2e-fb7e6501ebb8" 201 - "PUT http://[::1]:6001/1/245999/AUTH_2ba0d2092da448ff8897cf17bc9473fd/gnocchi.021d11e7-8a5c-4229-bf2e-fb7e6501ebb8" "txe9910830fcd74388a7c4b-0069b459ef" "container-server 100898" 0.0041 "-" 100514 0
Mar 13 14:39:43 np0005646497.novalocal container-server[100898]: ::1 - - [13/Mar/2026:18:39:43 +0000] "PUT /1/245999/AUTH_2ba0d2092da448ff8897cf17bc9473fd/gnocchi.021d11e7-8a5c-4229-bf2e-fb7e6501ebb8" 201 - "PUT https://[::1]:8080/v1/AUTH_2ba0d2092da448ff8897cf17bc9473fd/gnocchi.021d11e7-8a5c-4229-bf2e-fb7e6501ebb8" "txe9910830fcd74388a7c4b-0069b459ef" "proxy-server 102438" 0.0136 "-" 100898 0
Mar 13 14:39:43 np0005646497.novalocal proxy-server[102438]: ::1 ::1 13/Mar/2026/18/39/43 GET /v1/AUTH_2ba0d2092da448ff8897cf17bc9473fd/gnocchi.c3450f6b-2e0b-4842-a71d-f97e56392b03%3Fformat%3Djson%26states%3Dlisting HTTP/1.0 200 - python-swiftclient-4.7.0 gAAAAABptFnO45R8... - 2 - tx1634e968035f4fb08a7e9-0069b459ef - 0.0255 - - 1773427183.303723335 1773427183.329174519 0
Mar 13 14:39:43 np0005646497.novalocal account-server[100514]: ::1 - - [13/Mar/2026:18:39:43 +0000] "PUT /1/102667/AUTH_2ba0d2092da448ff8897cf17bc9473fd/gnocchi.021d11e7-8a5c-4229-bf2e-fb7e6501ebb8" 201 - "PUT http://[::1]:6001/2/245999/AUTH_2ba0d2092da448ff8897cf17bc9473fd/gnocchi.021d11e7-8a5c-4229-bf2e-fb7e6501ebb8" "txe9910830fcd74388a7c4b-0069b459ef" "container-server 100899" 0.0046 "-" 100514 0
Mar 13 14:39:43 np0005646497.novalocal container-server[100899]: ::1 - - [13/Mar/2026:18:39:43 +0000] "PUT /2/245999/AUTH_2ba0d2092da448ff8897cf17bc9473fd/gnocchi.021d11e7-8a5c-4229-bf2e-fb7e6501ebb8" 201 - "PUT https://[::1]:8080/v1/AUTH_2ba0d2092da448ff8897cf17bc9473fd/gnocchi.021d11e7-8a5c-4229-bf2e-fb7e6501ebb8" "txe9910830fcd74388a7c4b-0069b459ef" "proxy-server 102438" 0.0301 "-" 100899 0
Mar 13 14:39:43 np0005646497.novalocal account-server[100513]: ::1 - - [13/Mar/2026:18:39:43 +0000] "PUT /3/102667/AUTH_2ba0d2092da448ff8897cf17bc9473fd/gnocchi.021d11e7-8a5c-4229-bf2e-fb7e6501ebb8" 201 - "PUT http://[::1]:6001/3/245999/AUTH_2ba0d2092da448ff8897cf17bc9473fd/gnocchi.021d11e7-8a5c-4229-bf2e-fb7e6501ebb8" "txe9910830fcd74388a7c4b-0069b459ef" "container-server 100899" 0.0066 "-" 100513 0
Mar 13 14:39:43 np0005646497.novalocal container-server[100899]: ::1 - - [13/Mar/2026:18:39:43 +0000] "PUT /3/245999/AUTH_2ba0d2092da448ff8897cf17bc9473fd/gnocchi.021d11e7-8a5c-4229-bf2e-fb7e6501ebb8" 201 - "PUT https://[::1]:8080/v1/AUTH_2ba0d2092da448ff8897cf17bc9473fd/gnocchi.021d11e7-8a5c-4229-bf2e-fb7e6501ebb8" "txe9910830fcd74388a7c4b-0069b459ef" "proxy-server 102438" 0.0163 "-" 100899 0
Mar 13 14:39:43 np0005646497.novalocal object-server[101293]: ::1 - - [13/Mar/2026:18:39:43 +0000] "GET /3/89971/AUTH_2ba0d2092da448ff8897cf17bc9473fd/gnocchi.c3450f6b-2e0b-4842-a71d-f97e56392b03/1773360000.0_mean_300.0_v3" 404 70 "GET https://[::1]:8080/v1/AUTH_2ba0d2092da448ff8897cf17bc9473fd/gnocchi.c3450f6b-2e0b-4842-a71d-f97e56392b03/1773360000.0_mean_300.0_v3" "tx87d5759697494369be18a-0069b459ef" "proxy-server 102438" 0.0006 "-" 101293 0
Mar 13 14:39:43 np0005646497.novalocal proxy-server[102438]: ::1 ::1 13/Mar/2026/18/39/43 PUT /v1/AUTH_2ba0d2092da448ff8897cf17bc9473fd/gnocchi.021d11e7-8a5c-4229-bf2e-fb7e6501ebb8 HTTP/1.0 201 - python-swiftclient-4.7.0 gAAAAABptFntGpFm... - - - txe9910830fcd74388a7c4b-0069b459ef - 0.0459 - - 1773427183.305667639 1773427183.351519823 0
Mar 13 14:39:43 np0005646497.novalocal object-server[101293]: ::1 - - [13/Mar/2026:18:39:43 +0000] "GET /1/89971/AUTH_2ba0d2092da448ff8897cf17bc9473fd/gnocchi.c3450f6b-2e0b-4842-a71d-f97e56392b03/1773360000.0_mean_300.0_v3" 404 70 "GET https://[::1]:8080/v1/AUTH_2ba0d2092da448ff8897cf17bc9473fd/gnocchi.c3450f6b-2e0b-4842-a71d-f97e56392b03/1773360000.0_mean_300.0_v3" "tx87d5759697494369be18a-0069b459ef" "proxy-server 102438" 0.0003 "-" 101293 0
Mar 13 14:39:43 np0005646497.novalocal container-server[100899]: ::1 - - [13/Mar/2026:18:39:43 +0000] "HEAD /3/170912/AUTH_2ba0d2092da448ff8897cf17bc9473fd/gnocchi.addf91ea-0b6c-458f-9a3c-59325ae61838" 404 - "HEAD http://[::1]:8080/v1/AUTH_2ba0d2092da448ff8897cf17bc9473fd/gnocchi.addf91ea-0b6c-458f-9a3c-59325ae61838" "tx65240524443c496884fcd-0069b459ef" "proxy-server 102438" 0.0003 "-" 100899 0
Mar 13 14:39:43 np0005646497.novalocal object-server[101293]: ::1 - - [13/Mar/2026:18:39:43 +0000] "GET /2/89971/AUTH_2ba0d2092da448ff8897cf17bc9473fd/gnocchi.c3450f6b-2e0b-4842-a71d-f97e56392b03/1773360000.0_mean_300.0_v3" 404 70 "GET https://[::1]:8080/v1/AUTH_2ba0d2092da448ff8897cf17bc9473fd/gnocchi.c3450f6b-2e0b-4842-a71d-f97e56392b03/1773360000.0_mean_300.0_v3" "tx87d5759697494369be18a-0069b459ef" "proxy-server 102438" 0.0003 "-" 101293 0
Mar 13 14:39:43 np0005646497.novalocal container-server[100899]: ::1 - - [13/Mar/2026:18:39:43 +0000] "HEAD /2/170912/AUTH_2ba0d2092da448ff8897cf17bc9473fd/gnocchi.addf91ea-0b6c-458f-9a3c-59325ae61838" 404 - "HEAD http://[::1]:8080/v1/AUTH_2ba0d2092da448ff8897cf17bc9473fd/gnocchi.addf91ea-0b6c-458f-9a3c-59325ae61838" "tx65240524443c496884fcd-0069b459ef" "proxy-server 102438" 0.0002 "-" 100899 0
Mar 13 14:39:43 np0005646497.novalocal proxy-server[102438]: ::1 ::1 13/Mar/2026/18/39/43 GET /v1/AUTH_2ba0d2092da448ff8897cf17bc9473fd/gnocchi.c3450f6b-2e0b-4842-a71d-f97e56392b03/1773360000.0_mean_300.0_v3 HTTP/1.0 404 - python-swiftclient-4.7.0 gAAAAABptFnO45R8... - 70 - tx87d5759697494369be18a-0069b459ef - 0.0261 - - 1773427183.333760977 1773427183.359856129 0
Mar 13 14:39:43 np0005646497.novalocal container-server[100899]: ::1 - - [13/Mar/2026:18:39:43 +0000] "HEAD /1/170912/AUTH_2ba0d2092da448ff8897cf17bc9473fd/gnocchi.addf91ea-0b6c-458f-9a3c-59325ae61838" 404 - "HEAD http://[::1]:8080/v1/AUTH_2ba0d2092da448ff8897cf17bc9473fd/gnocchi.addf91ea-0b6c-458f-9a3c-59325ae61838" "tx65240524443c496884fcd-0069b459ef" "proxy-server 102438" 0.0002 "-" 100899 0
Mar 13 14:39:43 np0005646497.novalocal proxy-server[102438]: - - 13/Mar/2026/18/39/43 HEAD /v1/AUTH_2ba0d2092da448ff8897cf17bc9473fd/gnocchi.addf91ea-0b6c-458f-9a3c-59325ae61838 HTTP/1.0 404 - Swift - - - - tx65240524443c496884fcd-0069b459ef - 0.0084 CS - 1773427183.354573250 1773427183.362983465 0
Mar 13 14:39:43 np0005646497.novalocal object-server[101292]: ::1 - - [13/Mar/2026:18:39:43 +0000] "GET /2/124589/AUTH_2ba0d2092da448ff8897cf17bc9473fd/gnocchi.addf91ea-0b6c-458f-9a3c-59325ae61838/none_v3" 404 70 "GET https://[::1]:8080/v1/AUTH_2ba0d2092da448ff8897cf17bc9473fd/gnocchi.addf91ea-0b6c-458f-9a3c-59325ae61838/none_v3" "tx65240524443c496884fcd-0069b459ef" "proxy-server 102438" 0.0016 "-" 101292 0
Mar 13 14:39:43 np0005646497.novalocal object-server[101292]: ::1 - - [13/Mar/2026:18:39:43 +0000] "GET /3/124589/AUTH_2ba0d2092da448ff8897cf17bc9473fd/gnocchi.addf91ea-0b6c-458f-9a3c-59325ae61838/none_v3" 404 70 "GET https://[::1]:8080/v1/AUTH_2ba0d2092da448ff8897cf17bc9473fd/gnocchi.addf91ea-0b6c-458f-9a3c-59325ae61838/none_v3" "tx65240524443c496884fcd-0069b459ef" "proxy-server 102438" 0.0003 "-" 101292 0
Mar 13 14:39:43 np0005646497.novalocal object-server[101292]: ::1 - - [13/Mar/2026:18:39:43 +0000] "GET /1/124589/AUTH_2ba0d2092da448ff8897cf17bc9473fd/gnocchi.addf91ea-0b6c-458f-9a3c-59325ae61838/none_v3" 404 70 "GET https://[::1]:8080/v1/AUTH_2ba0d2092da448ff8897cf17bc9473fd/gnocchi.addf91ea-0b6c-458f-9a3c-59325ae61838/none_v3" "tx65240524443c496884fcd-0069b459ef" "proxy-server 102438" 0.0003 "-" 101292 0
Mar 13 14:39:43 np0005646497.novalocal proxy-server[102438]: ::1 ::1 13/Mar/2026/18/39/43 GET /v1/AUTH_2ba0d2092da448ff8897cf17bc9473fd/gnocchi.addf91ea-0b6c-458f-9a3c-59325ae61838/none_v3 HTTP/1.0 404 - python-swiftclient-4.7.0 gAAAAABptFntGpFm... - 70 - tx65240524443c496884fcd-0069b459ef - 0.0284 - - 1773427183.353952885 1773427183.382303238 0
Mar 13 14:39:43 np0005646497.novalocal container-server[100898]: ::1 - - [13/Mar/2026:18:39:43 +0000] "PUT /3/2632/AUTH_2ba0d2092da448ff8897cf17bc9473fd/gnocchi.c3450f6b-2e0b-4842-a71d-f97e56392b03/1773360000.0_mean_300.0_v3" 201 - "PUT http://[::1]:8080/3/89971/AUTH_2ba0d2092da448ff8897cf17bc9473fd/gnocchi.c3450f6b-2e0b-4842-a71d-f97e56392b03/1773360000.0_mean_300.0_v3" "tx0efe1d0d7ba54d0782d5d-0069b459ef" "object-server 101293" 0.0005 "-" 100898 0
Mar 13 14:39:43 np0005646497.novalocal object-server[101293]: ::1 - - [13/Mar/2026:18:39:43 +0000] "PUT /3/89971/AUTH_2ba0d2092da448ff8897cf17bc9473fd/gnocchi.c3450f6b-2e0b-4842-a71d-f97e56392b03/1773360000.0_mean_300.0_v3" 201 - "PUT https://[::1]:8080/v1/AUTH_2ba0d2092da448ff8897cf17bc9473fd/gnocchi.c3450f6b-2e0b-4842-a71d-f97e56392b03/1773360000.0_mean_300.0_v3" "tx0efe1d0d7ba54d0782d5d-0069b459ef" "proxy-server 102438" 0.0218 "-" 101293 0
Mar 13 14:39:43 np0005646497.novalocal container-server[100898]: ::1 - - [13/Mar/2026:18:39:43 +0000] "PUT /2/2632/AUTH_2ba0d2092da448ff8897cf17bc9473fd/gnocchi.c3450f6b-2e0b-4842-a71d-f97e56392b03/1773360000.0_mean_300.0_v3" 201 - "PUT http://[::1]:8080/1/89971/AUTH_2ba0d2092da448ff8897cf17bc9473fd/gnocchi.c3450f6b-2e0b-4842-a71d-f97e56392b03/1773360000.0_mean_300.0_v3" "tx0efe1d0d7ba54d0782d5d-0069b459ef" "object-server 101293" 0.0005 "-" 100898 0
Mar 13 14:39:43 np0005646497.novalocal object-server[101293]: ::1 - - [13/Mar/2026:18:39:43 +0000] "PUT /1/89971/AUTH_2ba0d2092da448ff8897cf17bc9473fd/gnocchi.c3450f6b-2e0b-4842-a71d-f97e56392b03/1773360000.0_mean_300.0_v3" 201 - "PUT https://[::1]:8080/v1/AUTH_2ba0d2092da448ff8897cf17bc9473fd/gnocchi.c3450f6b-2e0b-4842-a71d-f97e56392b03/1773360000.0_mean_300.0_v3" "tx0efe1d0d7ba54d0782d5d-0069b459ef" "proxy-server 102438" 0.0250 "-" 101293 0
Mar 13 14:39:43 np0005646497.novalocal container-server[100898]: ::1 - - [13/Mar/2026:18:39:43 +0000] "PUT /1/2632/AUTH_2ba0d2092da448ff8897cf17bc9473fd/gnocchi.c3450f6b-2e0b-4842-a71d-f97e56392b03/1773360000.0_mean_300.0_v3" 201 - "PUT http://[::1]:8080/2/89971/AUTH_2ba0d2092da448ff8897cf17bc9473fd/gnocchi.c3450f6b-2e0b-4842-a71d-f97e56392b03/1773360000.0_mean_300.0_v3" "tx0efe1d0d7ba54d0782d5d-0069b459ef" "object-server 101293" 0.0005 "-" 100898 0
Mar 13 14:39:43 np0005646497.novalocal object-server[101293]: ::1 - - [13/Mar/2026:18:39:43 +0000] "PUT /2/89971/AUTH_2ba0d2092da448ff8897cf17bc9473fd/gnocchi.c3450f6b-2e0b-4842-a71d-f97e56392b03/1773360000.0_mean_300.0_v3" 201 - "PUT https://[::1]:8080/v1/AUTH_2ba0d2092da448ff8897cf17bc9473fd/gnocchi.c3450f6b-2e0b-4842-a71d-f97e56392b03/1773360000.0_mean_300.0_v3" "tx0efe1d0d7ba54d0782d5d-0069b459ef" "proxy-server 102438" 0.0283 "-" 101293 0
Mar 13 14:39:43 np0005646497.novalocal proxy-server[102438]: ::1 ::1 13/Mar/2026/18/39/43 PUT /v1/AUTH_2ba0d2092da448ff8897cf17bc9473fd/gnocchi.c3450f6b-2e0b-4842-a71d-f97e56392b03/1773360000.0_mean_300.0_v3 HTTP/1.0 201 - python-swiftclient-4.7.0 gAAAAABptFnO45R8... 16 - - tx0efe1d0d7ba54d0782d5d-0069b459ef - 0.0472 - - 1773427183.362440586 1773427183.409613132 0
Mar 13 14:39:43 np0005646497.novalocal account-server[100513]: ::1 - - [13/Mar/2026:18:39:43 +0000] "PUT /2/102667/AUTH_2ba0d2092da448ff8897cf17bc9473fd/gnocchi.addf91ea-0b6c-458f-9a3c-59325ae61838" 201 - "PUT http://[::1]:6001/3/170912/AUTH_2ba0d2092da448ff8897cf17bc9473fd/gnocchi.addf91ea-0b6c-458f-9a3c-59325ae61838" "tx77e913f5ed3b4414a9e95-0069b459ef" "container-server 100898" 0.0089 "-" 100513 0
Mar 13 14:39:43 np0005646497.novalocal container-server[100898]: ::1 - - [13/Mar/2026:18:39:43 +0000] "PUT /3/170912/AUTH_2ba0d2092da448ff8897cf17bc9473fd/gnocchi.addf91ea-0b6c-458f-9a3c-59325ae61838" 201 - "PUT https://[::1]:8080/v1/AUTH_2ba0d2092da448ff8897cf17bc9473fd/gnocchi.addf91ea-0b6c-458f-9a3c-59325ae61838" "tx77e913f5ed3b4414a9e95-0069b459ef" "proxy-server 102438" 0.0233 "-" 100898 0
Mar 13 14:39:43 np0005646497.novalocal account-server[100514]: ::1 - - [13/Mar/2026:18:39:43 +0000] "PUT /1/102667/AUTH_2ba0d2092da448ff8897cf17bc9473fd/gnocchi.addf91ea-0b6c-458f-9a3c-59325ae61838" 201 - "PUT http://[::1]:6001/1/170912/AUTH_2ba0d2092da448ff8897cf17bc9473fd/gnocchi.addf91ea-0b6c-458f-9a3c-59325ae61838" "tx77e913f5ed3b4414a9e95-0069b459ef" "container-server 100899" 0.0032 "-" 100514 0
Mar 13 14:39:43 np0005646497.novalocal container-server[100899]: ::1 - - [13/Mar/2026:18:39:43 +0000] "PUT /1/170912/AUTH_2ba0d2092da448ff8897cf17bc9473fd/gnocchi.addf91ea-0b6c-458f-9a3c-59325ae61838" 201 - "PUT https://[::1]:8080/v1/AUTH_2ba0d2092da448ff8897cf17bc9473fd/gnocchi.addf91ea-0b6c-458f-9a3c-59325ae61838" "tx77e913f5ed3b4414a9e95-0069b459ef" "proxy-server 102438" 0.0192 "-" 100899 0
Mar 13 14:39:43 np0005646497.novalocal container-sharder[100077]: Container sharder cycle starting, auto-sharding False
Mar 13 14:39:43 np0005646497.novalocal account-server[100513]: ::1 - - [13/Mar/2026:18:39:43 +0000] "PUT /3/102667/AUTH_2ba0d2092da448ff8897cf17bc9473fd/gnocchi.addf91ea-0b6c-458f-9a3c-59325ae61838" 201 - "PUT http://[::1]:6001/2/170912/AUTH_2ba0d2092da448ff8897cf17bc9473fd/gnocchi.addf91ea-0b6c-458f-9a3c-59325ae61838" "tx77e913f5ed3b4414a9e95-0069b459ef" "container-server 100899" 0.0043 "-" 100513 0
Mar 13 14:39:43 np0005646497.novalocal container-server[100899]: ::1 - - [13/Mar/2026:18:39:43 +0000] "PUT /2/170912/AUTH_2ba0d2092da448ff8897cf17bc9473fd/gnocchi.addf91ea-0b6c-458f-9a3c-59325ae61838" 201 - "PUT https://[::1]:8080/v1/AUTH_2ba0d2092da448ff8897cf17bc9473fd/gnocchi.addf91ea-0b6c-458f-9a3c-59325ae61838" "tx77e913f5ed3b4414a9e95-0069b459ef" "proxy-server 102438" 0.0351 "-" 100899 0
Mar 13 14:39:43 np0005646497.novalocal proxy-server[102438]: ::1 ::1 13/Mar/2026/18/39/43 PUT /v1/AUTH_2ba0d2092da448ff8897cf17bc9473fd/gnocchi.addf91ea-0b6c-458f-9a3c-59325ae61838 HTTP/1.0 201 - python-swiftclient-4.7.0 gAAAAABptFntGpFm... - - - tx77e913f5ed3b4414a9e95-0069b459ef - 0.0434 - - 1773427183.384316921 1773427183.427765131 0
Mar 13 14:39:43 np0005646497.novalocal container-server[100899]: ::1 - - [13/Mar/2026:18:39:43 +0000] "PUT /3/2632/AUTH_2ba0d2092da448ff8897cf17bc9473fd/gnocchi.c3450f6b-2e0b-4842-a71d-f97e56392b03/none_v3" 201 - "PUT http://[::1]:8080/3/140986/AUTH_2ba0d2092da448ff8897cf17bc9473fd/gnocchi.c3450f6b-2e0b-4842-a71d-f97e56392b03/none_v3" "tx9f169d7a529d40e09da71-0069b459ef" "object-server 101293" 0.0004 "-" 100899 0
Mar 13 14:39:43 np0005646497.novalocal object-server[101293]: ::1 - - [13/Mar/2026:18:39:43 +0000] "PUT /3/140986/AUTH_2ba0d2092da448ff8897cf17bc9473fd/gnocchi.c3450f6b-2e0b-4842-a71d-f97e56392b03/none_v3" 201 - "PUT https://[::1]:8080/v1/AUTH_2ba0d2092da448ff8897cf17bc9473fd/gnocchi.c3450f6b-2e0b-4842-a71d-f97e56392b03/none_v3" "tx9f169d7a529d40e09da71-0069b459ef" "proxy-server 102438" 0.0110 "-" 101293 0
Mar 13 14:39:43 np0005646497.novalocal container-server[100899]: ::1 - - [13/Mar/2026:18:39:43 +0000] "PUT /1/2632/AUTH_2ba0d2092da448ff8897cf17bc9473fd/gnocchi.c3450f6b-2e0b-4842-a71d-f97e56392b03/none_v3" 201 - "PUT http://[::1]:8080/1/140986/AUTH_2ba0d2092da448ff8897cf17bc9473fd/gnocchi.c3450f6b-2e0b-4842-a71d-f97e56392b03/none_v3" "tx9f169d7a529d40e09da71-0069b459ef" "object-server 101292" 0.0004 "-" 100899 0
Mar 13 14:39:43 np0005646497.novalocal object-server[101292]: ::1 - - [13/Mar/2026:18:39:43 +0000] "PUT /1/140986/AUTH_2ba0d2092da448ff8897cf17bc9473fd/gnocchi.c3450f6b-2e0b-4842-a71d-f97e56392b03/none_v3" 201 - "PUT https://[::1]:8080/v1/AUTH_2ba0d2092da448ff8897cf17bc9473fd/gnocchi.c3450f6b-2e0b-4842-a71d-f97e56392b03/none_v3" "tx9f169d7a529d40e09da71-0069b459ef" "proxy-server 102438" 0.0109 "-" 101292 0
Mar 13 14:39:43 np0005646497.novalocal container-server[100899]: ::1 - - [13/Mar/2026:18:39:43 +0000] "PUT /2/2632/AUTH_2ba0d2092da448ff8897cf17bc9473fd/gnocchi.c3450f6b-2e0b-4842-a71d-f97e56392b03/none_v3" 201 - "PUT http://[::1]:8080/2/140986/AUTH_2ba0d2092da448ff8897cf17bc9473fd/gnocchi.c3450f6b-2e0b-4842-a71d-f97e56392b03/none_v3" "tx9f169d7a529d40e09da71-0069b459ef" "object-server 101292" 0.0004 "-" 100899 0
Mar 13 14:39:43 np0005646497.novalocal object-server[101292]: ::1 - - [13/Mar/2026:18:39:43 +0000] "PUT /2/140986/AUTH_2ba0d2092da448ff8897cf17bc9473fd/gnocchi.c3450f6b-2e0b-4842-a71d-f97e56392b03/none_v3" 201 - "PUT https://[::1]:8080/v1/AUTH_2ba0d2092da448ff8897cf17bc9473fd/gnocchi.c3450f6b-2e0b-4842-a71d-f97e56392b03/none_v3" "tx9f169d7a529d40e09da71-0069b459ef" "proxy-server 102438" 0.0180 "-" 101292 0
Mar 13 14:39:43 np0005646497.novalocal container-server[100898]: ::1 - - [13/Mar/2026:18:39:43 +0000] "HEAD /1/245999/AUTH_2ba0d2092da448ff8897cf17bc9473fd/gnocchi.021d11e7-8a5c-4229-bf2e-fb7e6501ebb8" 204 - "HEAD http://[::1]:8080/v1/AUTH_2ba0d2092da448ff8897cf17bc9473fd/gnocchi.021d11e7-8a5c-4229-bf2e-fb7e6501ebb8" "tx7cee4b3df741434c9073c-0069b459ef" "proxy-server 102438" 0.0028 "-" 100898 0
Mar 13 14:39:43 np0005646497.novalocal proxy-server[102438]: ::1 ::1 13/Mar/2026/18/39/43 PUT /v1/AUTH_2ba0d2092da448ff8897cf17bc9473fd/gnocchi.c3450f6b-2e0b-4842-a71d-f97e56392b03/none_v3 HTTP/1.0 201 - python-swiftclient-4.7.0 gAAAAABptFnO45R8... 22 - - tx9f169d7a529d40e09da71-0069b459ef - 0.0250 - - 1773427183.411944389 1773427183.436943531 0
Mar 13 14:39:43 np0005646497.novalocal proxy-server[102438]: - - 13/Mar/2026/18/39/43 HEAD /v1/AUTH_2ba0d2092da448ff8897cf17bc9473fd/gnocchi.021d11e7-8a5c-4229-bf2e-fb7e6501ebb8 HTTP/1.0 204 - Swift - - - - tx7cee4b3df741434c9073c-0069b459ef - 0.0063 CS - 1773427183.432162046 1773427183.438446045 0
Mar 13 14:39:43 np0005646497.novalocal container-server[100899]: ::1 - - [13/Mar/2026:18:39:43 +0000] "GET /2/245999/AUTH_2ba0d2092da448ff8897cf17bc9473fd/gnocchi.021d11e7-8a5c-4229-bf2e-fb7e6501ebb8" 200 2 "GET https://[::1]:8080/v1/AUTH_2ba0d2092da448ff8897cf17bc9473fd/gnocchi.021d11e7-8a5c-4229-bf2e-fb7e6501ebb8?format=json&states=listing" "tx7cee4b3df741434c9073c-0069b459ef" "proxy-server 102438" 0.0027 "-" 100899 0
Mar 13 14:39:43 np0005646497.novalocal container-server[100899]: ::1 - - [13/Mar/2026:18:39:43 +0000] "HEAD /2/247933/AUTH_2ba0d2092da448ff8897cf17bc9473fd/gnocchi.c928d152-7275-40c6-b7c3-7881d36c0b04" 404 - "HEAD http://[::1]:8080/v1/AUTH_2ba0d2092da448ff8897cf17bc9473fd/gnocchi.c928d152-7275-40c6-b7c3-7881d36c0b04" "tx9f6dd0728e1e4f228d421-0069b459ef" "proxy-server 102438" 0.0004 "-" 100899 0
Mar 13 14:39:43 np0005646497.novalocal proxy-server[102438]: ::1 ::1 13/Mar/2026/18/39/43 GET /v1/AUTH_2ba0d2092da448ff8897cf17bc9473fd/gnocchi.021d11e7-8a5c-4229-bf2e-fb7e6501ebb8%3Fformat%3Djson%26states%3Dlisting HTTP/1.0 200 - python-swiftclient-4.7.0 gAAAAABptFntGpFm... - 2 - tx7cee4b3df741434c9073c-0069b459ef - 0.0184 - - 1773427183.431165457 1773427183.449582815 0
Mar 13 14:39:43 np0005646497.novalocal container-server[100899]: ::1 - - [13/Mar/2026:18:39:43 +0000] "HEAD /1/247933/AUTH_2ba0d2092da448ff8897cf17bc9473fd/gnocchi.c928d152-7275-40c6-b7c3-7881d36c0b04" 404 - "HEAD http://[::1]:8080/v1/AUTH_2ba0d2092da448ff8897cf17bc9473fd/gnocchi.c928d152-7275-40c6-b7c3-7881d36c0b04" "tx9f6dd0728e1e4f228d421-0069b459ef" "proxy-server 102438" 0.0003 "-" 100899 0
Mar 13 14:39:43 np0005646497.novalocal container-server[100898]: ::1 - - [13/Mar/2026:18:39:43 +0000] "HEAD /3/170912/AUTH_2ba0d2092da448ff8897cf17bc9473fd/gnocchi.addf91ea-0b6c-458f-9a3c-59325ae61838" 204 - "HEAD http://[::1]:8080/v1/AUTH_2ba0d2092da448ff8897cf17bc9473fd/gnocchi.addf91ea-0b6c-458f-9a3c-59325ae61838" "tx62886be99168473f9cb3f-0069b459ef" "proxy-server 102438" 0.0014 "-" 100898 0
Mar 13 14:39:43 np0005646497.novalocal proxy-server[102438]: - - 13/Mar/2026/18/39/43 HEAD /v1/AUTH_2ba0d2092da448ff8897cf17bc9473fd/gnocchi.addf91ea-0b6c-458f-9a3c-59325ae61838 HTTP/1.0 204 - Swift - - - - tx62886be99168473f9cb3f-0069b459ef - 0.0045 CS - 1773427183.455200434 1773427183.459655523 0
Mar 13 14:39:43 np0005646497.novalocal container-server[100898]: ::1 - - [13/Mar/2026:18:39:43 +0000] "HEAD /3/247933/AUTH_2ba0d2092da448ff8897cf17bc9473fd/gnocchi.c928d152-7275-40c6-b7c3-7881d36c0b04" 404 - "HEAD http://[::1]:8080/v1/AUTH_2ba0d2092da448ff8897cf17bc9473fd/gnocchi.c928d152-7275-40c6-b7c3-7881d36c0b04" "tx9f6dd0728e1e4f228d421-0069b459ef" "proxy-server 102438" 0.0003 "-" 100898 0
Mar 13 14:39:43 np0005646497.novalocal proxy-server[102438]: - - 13/Mar/2026/18/39/43 HEAD /v1/AUTH_2ba0d2092da448ff8897cf17bc9473fd/gnocchi.c928d152-7275-40c6-b7c3-7881d36c0b04 HTTP/1.0 404 - Swift - - - - tx9f6dd0728e1e4f228d421-0069b459ef - 0.0176 CS - 1773427183.445605040 1773427183.463214874 0
Mar 13 14:39:43 np0005646497.novalocal container-server[100899]: ::1 - - [13/Mar/2026:18:39:43 +0000] "GET /3/170912/AUTH_2ba0d2092da448ff8897cf17bc9473fd/gnocchi.addf91ea-0b6c-458f-9a3c-59325ae61838" 200 2 "GET https://[::1]:8080/v1/AUTH_2ba0d2092da448ff8897cf17bc9473fd/gnocchi.addf91ea-0b6c-458f-9a3c-59325ae61838?format=json&states=listing" "tx62886be99168473f9cb3f-0069b459ef" "proxy-server 102438" 0.0021 "-" 100899 0
Mar 13 14:39:43 np0005646497.novalocal object-server[101292]: ::1 - - [13/Mar/2026:18:39:43 +0000] "GET /1/108853/AUTH_2ba0d2092da448ff8897cf17bc9473fd/gnocchi.c928d152-7275-40c6-b7c3-7881d36c0b04/none_v3" 404 70 "GET https://[::1]:8080/v1/AUTH_2ba0d2092da448ff8897cf17bc9473fd/gnocchi.c928d152-7275-40c6-b7c3-7881d36c0b04/none_v3" "tx9f6dd0728e1e4f228d421-0069b459ef" "proxy-server 102438" 0.0004 "-" 101292 0
Mar 13 14:39:43 np0005646497.novalocal proxy-server[102438]: ::1 ::1 13/Mar/2026/18/39/43 GET /v1/AUTH_2ba0d2092da448ff8897cf17bc9473fd/gnocchi.addf91ea-0b6c-458f-9a3c-59325ae61838%3Fformat%3Djson%26states%3Dlisting HTTP/1.0 200 - python-swiftclient-4.7.0 gAAAAABptFntGpFm... - 2 - tx62886be99168473f9cb3f-0069b459ef - 0.0189 - - 1773427183.454263926 1773427183.473115921 0
Mar 13 14:39:43 np0005646497.novalocal object-server[101292]: ::1 - - [13/Mar/2026:18:39:43 +0000] "GET /2/108853/AUTH_2ba0d2092da448ff8897cf17bc9473fd/gnocchi.c928d152-7275-40c6-b7c3-7881d36c0b04/none_v3" 404 70 "GET https://[::1]:8080/v1/AUTH_2ba0d2092da448ff8897cf17bc9473fd/gnocchi.c928d152-7275-40c6-b7c3-7881d36c0b04/none_v3" "tx9f6dd0728e1e4f228d421-0069b459ef" "proxy-server 102438" 0.0003 "-" 101292 0
Mar 13 14:39:43 np0005646497.novalocal object-server[101293]: ::1 - - [13/Mar/2026:18:39:43 +0000] "GET /1/212657/AUTH_2ba0d2092da448ff8897cf17bc9473fd/gnocchi.021d11e7-8a5c-4229-bf2e-fb7e6501ebb8/1773360000.0_mean_300.0_v3" 404 70 "GET https://[::1]:8080/v1/AUTH_2ba0d2092da448ff8897cf17bc9473fd/gnocchi.021d11e7-8a5c-4229-bf2e-fb7e6501ebb8/1773360000.0_mean_300.0_v3" "txc18179ffb2044b2f8b8e2-0069b459ef" "proxy-server 102438" 0.0004 "-" 101293 0
Mar 13 14:39:43 np0005646497.novalocal object-server[101292]: ::1 - - [13/Mar/2026:18:39:43 +0000] "GET /3/108853/AUTH_2ba0d2092da448ff8897cf17bc9473fd/gnocchi.c928d152-7275-40c6-b7c3-7881d36c0b04/none_v3" 404 70 "GET https://[::1]:8080/v1/AUTH_2ba0d2092da448ff8897cf17bc9473fd/gnocchi.c928d152-7275-40c6-b7c3-7881d36c0b04/none_v3" "tx9f6dd0728e1e4f228d421-0069b459ef" "proxy-server 102438" 0.0002 "-" 101292 0
Mar 13 14:39:43 np0005646497.novalocal object-server[101292]: ::1 - - [13/Mar/2026:18:39:43 +0000] "GET /2/212657/AUTH_2ba0d2092da448ff8897cf17bc9473fd/gnocchi.021d11e7-8a5c-4229-bf2e-fb7e6501ebb8/1773360000.0_mean_300.0_v3" 404 70 "GET https://[::1]:8080/v1/AUTH_2ba0d2092da448ff8897cf17bc9473fd/gnocchi.021d11e7-8a5c-4229-bf2e-fb7e6501ebb8/1773360000.0_mean_300.0_v3" "txc18179ffb2044b2f8b8e2-0069b459ef" "proxy-server 102438" 0.0002 "-" 101292 0
Mar 13 14:39:43 np0005646497.novalocal proxy-server[102438]: ::1 ::1 13/Mar/2026/18/39/43 GET /v1/AUTH_2ba0d2092da448ff8897cf17bc9473fd/gnocchi.c928d152-7275-40c6-b7c3-7881d36c0b04/none_v3 HTTP/1.0 404 - python-swiftclient-4.7.0 gAAAAABptFnO45R8... - 70 - tx9f6dd0728e1e4f228d421-0069b459ef - 0.0424 - - 1773427183.445011377 1773427183.487365961 0
Mar 13 14:39:43 np0005646497.novalocal object-server[101293]: ::1 - - [13/Mar/2026:18:39:43 +0000] "GET /3/212657/AUTH_2ba0d2092da448ff8897cf17bc9473fd/gnocchi.021d11e7-8a5c-4229-bf2e-fb7e6501ebb8/1773360000.0_mean_300.0_v3" 404 70 "GET https://[::1]:8080/v1/AUTH_2ba0d2092da448ff8897cf17bc9473fd/gnocchi.021d11e7-8a5c-4229-bf2e-fb7e6501ebb8/1773360000.0_mean_300.0_v3" "txc18179ffb2044b2f8b8e2-0069b459ef" "proxy-server 102438" 0.0004 "-" 101293 0
Mar 13 14:39:43 np0005646497.novalocal proxy-server[102438]: ::1 ::1 13/Mar/2026/18/39/43 GET /v1/AUTH_2ba0d2092da448ff8897cf17bc9473fd/gnocchi.021d11e7-8a5c-4229-bf2e-fb7e6501ebb8/1773360000.0_mean_300.0_v3 HTTP/1.0 404 - python-swiftclient-4.7.0 gAAAAABptFntGpFm... - 70 - txc18179ffb2044b2f8b8e2-0069b459ef - 0.0203 - - 1773427183.476748228 1773427183.497087955 0
