Mar 13 14:39:43 np0005646497.novalocal container-server[100899]: ::1 - - [13/Mar/2026:18:39:43 +0000] "PUT /1/108321/AUTH_2ba0d2092da448ff8897cf17bc9473fd/gnocchi.a08b2364-b437-4a79-8c99-24e66314fbbe/none_v3" 201 - "PUT http://[::1]:8080/1/80844/AUTH_2ba0d2092da448ff8897cf17bc9473fd/gnocchi.a08b2364-b437-4a79-8c99-24e66314fbbe/none_v3" "tx0c040ef21ff34c02be541-0069b459ef" "object-server 101293" 0.0004 "-" 100899 0
Mar 13 14:39:43 np0005646497.novalocal object-server[101293]: ::1 - - [13/Mar/2026:18:39:43 +0000] "PUT /1/80844/AUTH_2ba0d2092da448ff8897cf17bc9473fd/gnocchi.a08b2364-b437-4a79-8c99-24e66314fbbe/none_v3" 201 - "PUT https://[::1]:8080/v1/AUTH_2ba0d2092da448ff8897cf17bc9473fd/gnocchi.a08b2364-b437-4a79-8c99-24e66314fbbe/none_v3" "tx0c040ef21ff34c02be541-0069b459ef" "proxy-server 102438" 0.0282 "-" 101293 0
Mar 13 14:39:43 np0005646497.novalocal container-server[100898]: ::1 - - [13/Mar/2026:18:39:43 +0000] "PUT /2/108321/AUTH_2ba0d2092da448ff8897cf17bc9473fd/gnocchi.a08b2364-b437-4a79-8c99-24e66314fbbe/none_v3" 201 - "PUT http://[::1]:8080/3/80844/AUTH_2ba0d2092da448ff8897cf17bc9473fd/gnocchi.a08b2364-b437-4a79-8c99-24e66314fbbe/none_v3" "tx0c040ef21ff34c02be541-0069b459ef" "object-server 101293" 0.0011 "-" 100898 0
Mar 13 14:39:43 np0005646497.novalocal container-server[100898]: ::1 - - [13/Mar/2026:18:39:43 +0000] "PUT /3/108321/AUTH_2ba0d2092da448ff8897cf17bc9473fd/gnocchi.a08b2364-b437-4a79-8c99-24e66314fbbe/none_v3" 201 - "PUT http://[::1]:8080/2/80844/AUTH_2ba0d2092da448ff8897cf17bc9473fd/gnocchi.a08b2364-b437-4a79-8c99-24e66314fbbe/none_v3" "tx0c040ef21ff34c02be541-0069b459ef" "object-server 101292" 0.0004 "-" 100898 0
Mar 13 14:39:43 np0005646497.novalocal object-server[101292]: ::1 - - [13/Mar/2026:18:39:43 +0000] "PUT /2/80844/AUTH_2ba0d2092da448ff8897cf17bc9473fd/gnocchi.a08b2364-b437-4a79-8c99-24e66314fbbe/none_v3" 201 - "PUT https://[::1]:8080/v1/AUTH_2ba0d2092da448ff8897cf17bc9473fd/gnocchi.a08b2364-b437-4a79-8c99-24e66314fbbe/none_v3" "tx0c040ef21ff34c02be541-0069b459ef" "proxy-server 102438" 0.0374 "-" 101292 0
Mar 13 14:39:43 np0005646497.novalocal object-server[101293]: ::1 - - [13/Mar/2026:18:39:43 +0000] "PUT /3/80844/AUTH_2ba0d2092da448ff8897cf17bc9473fd/gnocchi.a08b2364-b437-4a79-8c99-24e66314fbbe/none_v3" 201 - "PUT https://[::1]:8080/v1/AUTH_2ba0d2092da448ff8897cf17bc9473fd/gnocchi.a08b2364-b437-4a79-8c99-24e66314fbbe/none_v3" "tx0c040ef21ff34c02be541-0069b459ef" "proxy-server 102438" 0.0366 "-" 101293 0
Mar 13 14:39:43 np0005646497.novalocal proxy-server[102438]: ::1 ::1 13/Mar/2026/18/39/43 PUT /v1/AUTH_2ba0d2092da448ff8897cf17bc9473fd/gnocchi.a08b2364-b437-4a79-8c99-24e66314fbbe/none_v3 HTTP/1.0 201 - python-swiftclient-4.7.0 gAAAAABptFntGpFm... 22 - - tx0c040ef21ff34c02be541-0069b459ef - 0.0516 - - 1773427183.865934610 1773427183.917518854 0
Mar 13 14:39:43 np0005646497.novalocal container-server[100898]: ::1 - - [13/Mar/2026:18:39:43 +0000] "PUT /2/179823/AUTH_2ba0d2092da448ff8897cf17bc9473fd/gnocchi.fbec2960-82aa-4c04-a1e1-f922e1f36c04/none_v3" 201 - "PUT http://[::1]:8080/3/215887/AUTH_2ba0d2092da448ff8897cf17bc9473fd/gnocchi.fbec2960-82aa-4c04-a1e1-f922e1f36c04/none_v3" "tx17694371ee534f8597afc-0069b459ef" "object-server 101292" 0.0004 "-" 100898 0
Mar 13 14:39:43 np0005646497.novalocal container-server[100899]: ::1 - - [13/Mar/2026:18:39:43 +0000] "PUT /3/179823/AUTH_2ba0d2092da448ff8897cf17bc9473fd/gnocchi.fbec2960-82aa-4c04-a1e1-f922e1f36c04/none_v3" 201 - "PUT http://[::1]:8080/1/215887/AUTH_2ba0d2092da448ff8897cf17bc9473fd/gnocchi.fbec2960-82aa-4c04-a1e1-f922e1f36c04/none_v3" "tx17694371ee534f8597afc-0069b459ef" "object-server 101292" 0.0003 "-" 100899 0
Mar 13 14:39:43 np0005646497.novalocal container-server[100899]: ::1 - - [13/Mar/2026:18:39:43 +0000] "PUT /1/179823/AUTH_2ba0d2092da448ff8897cf17bc9473fd/gnocchi.fbec2960-82aa-4c04-a1e1-f922e1f36c04/none_v3" 201 - "PUT http://[::1]:8080/2/215887/AUTH_2ba0d2092da448ff8897cf17bc9473fd/gnocchi.fbec2960-82aa-4c04-a1e1-f922e1f36c04/none_v3" "tx17694371ee534f8597afc-0069b459ef" "object-server 101293" 0.0002 "-" 100899 0
Mar 13 14:39:43 np0005646497.novalocal object-server[101292]: ::1 - - [13/Mar/2026:18:39:43 +0000] "PUT /3/215887/AUTH_2ba0d2092da448ff8897cf17bc9473fd/gnocchi.fbec2960-82aa-4c04-a1e1-f922e1f36c04/none_v3" 201 - "PUT https://[::1]:8080/v1/AUTH_2ba0d2092da448ff8897cf17bc9473fd/gnocchi.fbec2960-82aa-4c04-a1e1-f922e1f36c04/none_v3" "tx17694371ee534f8597afc-0069b459ef" "proxy-server 102438" 0.0237 "-" 101292 0
Mar 13 14:39:43 np0005646497.novalocal object-server[101293]: ::1 - - [13/Mar/2026:18:39:43 +0000] "PUT /2/215887/AUTH_2ba0d2092da448ff8897cf17bc9473fd/gnocchi.fbec2960-82aa-4c04-a1e1-f922e1f36c04/none_v3" 201 - "PUT https://[::1]:8080/v1/AUTH_2ba0d2092da448ff8897cf17bc9473fd/gnocchi.fbec2960-82aa-4c04-a1e1-f922e1f36c04/none_v3" "tx17694371ee534f8597afc-0069b459ef" "proxy-server 102438" 0.0246 "-" 101293 0
Mar 13 14:39:43 np0005646497.novalocal object-server[101292]: ::1 - - [13/Mar/2026:18:39:43 +0000] "PUT /1/215887/AUTH_2ba0d2092da448ff8897cf17bc9473fd/gnocchi.fbec2960-82aa-4c04-a1e1-f922e1f36c04/none_v3" 201 - "PUT https://[::1]:8080/v1/AUTH_2ba0d2092da448ff8897cf17bc9473fd/gnocchi.fbec2960-82aa-4c04-a1e1-f922e1f36c04/none_v3" "tx17694371ee534f8597afc-0069b459ef" "proxy-server 102438" 0.0251 "-" 101292 0
Mar 13 14:39:43 np0005646497.novalocal proxy-server[102438]: ::1 ::1 13/Mar/2026/18/39/43 PUT /v1/AUTH_2ba0d2092da448ff8897cf17bc9473fd/gnocchi.fbec2960-82aa-4c04-a1e1-f922e1f36c04/none_v3 HTTP/1.0 201 - python-swiftclient-4.7.0 gAAAAABptFnO45R8... 22 - - tx17694371ee534f8597afc-0069b459ef - 0.0433 - - 1773427183.887993813 1773427183.931338787 0
Mar 13 14:39:43 np0005646497.novalocal container-server[100898]: ::1 - - [13/Mar/2026:18:39:43 +0000] "HEAD /2/84415/AUTH_2ba0d2092da448ff8897cf17bc9473fd/gnocchi.36cdcbdd-f04d-4541-8270-b665495f7544" 404 - "HEAD http://[::1]:8080/v1/AUTH_2ba0d2092da448ff8897cf17bc9473fd/gnocchi.36cdcbdd-f04d-4541-8270-b665495f7544" "txc4efdfcd549049768bf3a-0069b459ef" "proxy-server 102438" 0.0004 "-" 100898 0
Mar 13 14:39:43 np0005646497.novalocal container-server[100898]: ::1 - - [13/Mar/2026:18:39:43 +0000] "HEAD /1/84415/AUTH_2ba0d2092da448ff8897cf17bc9473fd/gnocchi.36cdcbdd-f04d-4541-8270-b665495f7544" 404 - "HEAD http://[::1]:8080/v1/AUTH_2ba0d2092da448ff8897cf17bc9473fd/gnocchi.36cdcbdd-f04d-4541-8270-b665495f7544" "txc4efdfcd549049768bf3a-0069b459ef" "proxy-server 102438" 0.0004 "-" 100898 0
Mar 13 14:39:43 np0005646497.novalocal container-server[100899]: ::1 - - [13/Mar/2026:18:39:43 +0000] "HEAD /3/84415/AUTH_2ba0d2092da448ff8897cf17bc9473fd/gnocchi.36cdcbdd-f04d-4541-8270-b665495f7544" 404 - "HEAD http://[::1]:8080/v1/AUTH_2ba0d2092da448ff8897cf17bc9473fd/gnocchi.36cdcbdd-f04d-4541-8270-b665495f7544" "txc4efdfcd549049768bf3a-0069b459ef" "proxy-server 102438" 0.0003 "-" 100899 0
Mar 13 14:39:43 np0005646497.novalocal proxy-server[102438]: - - 13/Mar/2026/18/39/43 HEAD /v1/AUTH_2ba0d2092da448ff8897cf17bc9473fd/gnocchi.36cdcbdd-f04d-4541-8270-b665495f7544 HTTP/1.0 404 - Swift - - - - txc4efdfcd549049768bf3a-0069b459ef - 0.0142 CS - 1773427183.949904919 1773427183.964075089 0
Mar 13 14:39:43 np0005646497.novalocal object-server[101293]: ::1 - - [13/Mar/2026:18:39:43 +0000] "GET /2/204203/AUTH_2ba0d2092da448ff8897cf17bc9473fd/gnocchi.36cdcbdd-f04d-4541-8270-b665495f7544/none_v3" 404 70 "GET https://[::1]:8080/v1/AUTH_2ba0d2092da448ff8897cf17bc9473fd/gnocchi.36cdcbdd-f04d-4541-8270-b665495f7544/none_v3" "txc4efdfcd549049768bf3a-0069b459ef" "proxy-server 102438" 0.0003 "-" 101293 0
Mar 13 14:39:43 np0005646497.novalocal object-server[101292]: ::1 - - [13/Mar/2026:18:39:43 +0000] "GET /3/204203/AUTH_2ba0d2092da448ff8897cf17bc9473fd/gnocchi.36cdcbdd-f04d-4541-8270-b665495f7544/none_v3" 404 70 "GET https://[::1]:8080/v1/AUTH_2ba0d2092da448ff8897cf17bc9473fd/gnocchi.36cdcbdd-f04d-4541-8270-b665495f7544/none_v3" "txc4efdfcd549049768bf3a-0069b459ef" "proxy-server 102438" 0.0005 "-" 101292 0
Mar 13 14:39:43 np0005646497.novalocal object-server[101292]: ::1 - - [13/Mar/2026:18:39:43 +0000] "GET /1/204203/AUTH_2ba0d2092da448ff8897cf17bc9473fd/gnocchi.36cdcbdd-f04d-4541-8270-b665495f7544/none_v3" 404 70 "GET https://[::1]:8080/v1/AUTH_2ba0d2092da448ff8897cf17bc9473fd/gnocchi.36cdcbdd-f04d-4541-8270-b665495f7544/none_v3" "txc4efdfcd549049768bf3a-0069b459ef" "proxy-server 102438" 0.0004 "-" 101292 0
Mar 13 14:39:43 np0005646497.novalocal proxy-server[102438]: ::1 ::1 13/Mar/2026/18/39/43 GET /v1/AUTH_2ba0d2092da448ff8897cf17bc9473fd/gnocchi.36cdcbdd-f04d-4541-8270-b665495f7544/none_v3 HTTP/1.0 404 - python-swiftclient-4.7.0 gAAAAABptFntGpFm... - 70 - txc4efdfcd549049768bf3a-0069b459ef - 0.0307 - - 1773427183.948610067 1773427183.979328871 0
Mar 13 14:39:44 np0005646497.novalocal account-server[100513]: ::1 - - [13/Mar/2026:18:39:44 +0000] "PUT /1/102667/AUTH_2ba0d2092da448ff8897cf17bc9473fd/gnocchi.36cdcbdd-f04d-4541-8270-b665495f7544" 201 - "PUT http://[::1]:6001/3/84415/AUTH_2ba0d2092da448ff8897cf17bc9473fd/gnocchi.36cdcbdd-f04d-4541-8270-b665495f7544" "tx12ab8149f1364777bdca1-0069b459ef" "container-server 100899" 0.0028 "-" 100513 0
Mar 13 14:39:44 np0005646497.novalocal account-server[100514]: ::1 - - [13/Mar/2026:18:39:44 +0000] "PUT /3/102667/AUTH_2ba0d2092da448ff8897cf17bc9473fd/gnocchi.36cdcbdd-f04d-4541-8270-b665495f7544" 201 - "PUT http://[::1]:6001/2/84415/AUTH_2ba0d2092da448ff8897cf17bc9473fd/gnocchi.36cdcbdd-f04d-4541-8270-b665495f7544" "tx12ab8149f1364777bdca1-0069b459ef" "container-server 100899" 0.0039 "-" 100514 0
Mar 13 14:39:44 np0005646497.novalocal container-server[100899]: ::1 - - [13/Mar/2026:18:39:44 +0000] "PUT /3/84415/AUTH_2ba0d2092da448ff8897cf17bc9473fd/gnocchi.36cdcbdd-f04d-4541-8270-b665495f7544" 201 - "PUT https://[::1]:8080/v1/AUTH_2ba0d2092da448ff8897cf17bc9473fd/gnocchi.36cdcbdd-f04d-4541-8270-b665495f7544" "tx12ab8149f1364777bdca1-0069b459ef" "proxy-server 102438" 0.0210 "-" 100899 0
Mar 13 14:39:44 np0005646497.novalocal account-server[100513]: ::1 - - [13/Mar/2026:18:39:44 +0000] "PUT /2/102667/AUTH_2ba0d2092da448ff8897cf17bc9473fd/gnocchi.36cdcbdd-f04d-4541-8270-b665495f7544" 201 - "PUT http://[::1]:6001/1/84415/AUTH_2ba0d2092da448ff8897cf17bc9473fd/gnocchi.36cdcbdd-f04d-4541-8270-b665495f7544" "tx12ab8149f1364777bdca1-0069b459ef" "container-server 100899" 0.0032 "-" 100513 0
Mar 13 14:39:44 np0005646497.novalocal container-server[100899]: ::1 - - [13/Mar/2026:18:39:44 +0000] "PUT /2/84415/AUTH_2ba0d2092da448ff8897cf17bc9473fd/gnocchi.36cdcbdd-f04d-4541-8270-b665495f7544" 201 - "PUT https://[::1]:8080/v1/AUTH_2ba0d2092da448ff8897cf17bc9473fd/gnocchi.36cdcbdd-f04d-4541-8270-b665495f7544" "tx12ab8149f1364777bdca1-0069b459ef" "proxy-server 102438" 0.0320 "-" 100899 0
Mar 13 14:39:44 np0005646497.novalocal container-server[100899]: ::1 - - [13/Mar/2026:18:39:44 +0000] "PUT /1/84415/AUTH_2ba0d2092da448ff8897cf17bc9473fd/gnocchi.36cdcbdd-f04d-4541-8270-b665495f7544" 201 - "PUT https://[::1]:8080/v1/AUTH_2ba0d2092da448ff8897cf17bc9473fd/gnocchi.36cdcbdd-f04d-4541-8270-b665495f7544" "tx12ab8149f1364777bdca1-0069b459ef" "proxy-server 102438" 0.0163 "-" 100899 0
Mar 13 14:39:44 np0005646497.novalocal proxy-server[102438]: ::1 ::1 13/Mar/2026/18/39/44 PUT /v1/AUTH_2ba0d2092da448ff8897cf17bc9473fd/gnocchi.36cdcbdd-f04d-4541-8270-b665495f7544 HTTP/1.0 201 - python-swiftclient-4.7.0 gAAAAABptFntGpFm... - - - tx12ab8149f1364777bdca1-0069b459ef - 0.0426 - - 1773427183.982941866 1773427184.025542974 0
Mar 13 14:39:44 np0005646497.novalocal container-server[100898]: ::1 - - [13/Mar/2026:18:39:44 +0000] "HEAD /3/225570/AUTH_2ba0d2092da448ff8897cf17bc9473fd/gnocchi.33bbd16d-049a-49ce-95dc-26810ffd0a45" 404 - "HEAD http://[::1]:8080/v1/AUTH_2ba0d2092da448ff8897cf17bc9473fd/gnocchi.33bbd16d-049a-49ce-95dc-26810ffd0a45" "txd47b9cd630c24ceb93251-0069b459f0" "proxy-server 102438" 0.0003 "-" 100898 0
Mar 13 14:39:44 np0005646497.novalocal container-server[100899]: ::1 - - [13/Mar/2026:18:39:44 +0000] "HEAD /1/225570/AUTH_2ba0d2092da448ff8897cf17bc9473fd/gnocchi.33bbd16d-049a-49ce-95dc-26810ffd0a45" 404 - "HEAD http://[::1]:8080/v1/AUTH_2ba0d2092da448ff8897cf17bc9473fd/gnocchi.33bbd16d-049a-49ce-95dc-26810ffd0a45" "txd47b9cd630c24ceb93251-0069b459f0" "proxy-server 102438" 0.0002 "-" 100899 0
Mar 13 14:39:44 np0005646497.novalocal container-server[100898]: ::1 - - [13/Mar/2026:18:39:44 +0000] "HEAD /1/84415/AUTH_2ba0d2092da448ff8897cf17bc9473fd/gnocchi.36cdcbdd-f04d-4541-8270-b665495f7544" 204 - "HEAD http://[::1]:8080/v1/AUTH_2ba0d2092da448ff8897cf17bc9473fd/gnocchi.36cdcbdd-f04d-4541-8270-b665495f7544" "tx48c78645b578428f8bc91-0069b459f0" "proxy-server 102438" 0.0019 "-" 100898 0
Mar 13 14:39:44 np0005646497.novalocal container-server[100899]: ::1 - - [13/Mar/2026:18:39:44 +0000] "HEAD /2/225570/AUTH_2ba0d2092da448ff8897cf17bc9473fd/gnocchi.33bbd16d-049a-49ce-95dc-26810ffd0a45" 404 - "HEAD http://[::1]:8080/v1/AUTH_2ba0d2092da448ff8897cf17bc9473fd/gnocchi.33bbd16d-049a-49ce-95dc-26810ffd0a45" "txd47b9cd630c24ceb93251-0069b459f0" "proxy-server 102438" 0.0001 "-" 100899 0
Mar 13 14:39:44 np0005646497.novalocal proxy-server[102438]: - - 13/Mar/2026/18/39/44 HEAD /v1/AUTH_2ba0d2092da448ff8897cf17bc9473fd/gnocchi.36cdcbdd-f04d-4541-8270-b665495f7544 HTTP/1.0 204 - Swift - - - - tx48c78645b578428f8bc91-0069b459f0 - 0.0061 CS - 1773427184.033238888 1773427184.039308071 0
Mar 13 14:39:44 np0005646497.novalocal proxy-server[102438]: - - 13/Mar/2026/18/39/44 HEAD /v1/AUTH_2ba0d2092da448ff8897cf17bc9473fd/gnocchi.33bbd16d-049a-49ce-95dc-26810ffd0a45 HTTP/1.0 404 - Swift - - - - txd47b9cd630c24ceb93251-0069b459f0 - 0.0161 CS - 1773427184.028912306 1773427184.044973135 0
Mar 13 14:39:44 np0005646497.novalocal object-server[101293]: ::1 - - [13/Mar/2026:18:39:44 +0000] "GET /3/6613/AUTH_2ba0d2092da448ff8897cf17bc9473fd/gnocchi.33bbd16d-049a-49ce-95dc-26810ffd0a45/none_v3" 404 70 "GET https://[::1]:8080/v1/AUTH_2ba0d2092da448ff8897cf17bc9473fd/gnocchi.33bbd16d-049a-49ce-95dc-26810ffd0a45/none_v3" "txd47b9cd630c24ceb93251-0069b459f0" "proxy-server 102438" 0.0003 "-" 101293 0
Mar 13 14:39:44 np0005646497.novalocal container-server[100899]: ::1 - - [13/Mar/2026:18:39:44 +0000] "GET /3/84415/AUTH_2ba0d2092da448ff8897cf17bc9473fd/gnocchi.36cdcbdd-f04d-4541-8270-b665495f7544" 200 2 "GET https://[::1]:8080/v1/AUTH_2ba0d2092da448ff8897cf17bc9473fd/gnocchi.36cdcbdd-f04d-4541-8270-b665495f7544?format=json&states=listing" "tx48c78645b578428f8bc91-0069b459f0" "proxy-server 102438" 0.0033 "-" 100899 0
Mar 13 14:39:44 np0005646497.novalocal object-server[101292]: ::1 - - [13/Mar/2026:18:39:44 +0000] "GET /2/6613/AUTH_2ba0d2092da448ff8897cf17bc9473fd/gnocchi.33bbd16d-049a-49ce-95dc-26810ffd0a45/none_v3" 404 70 "GET https://[::1]:8080/v1/AUTH_2ba0d2092da448ff8897cf17bc9473fd/gnocchi.33bbd16d-049a-49ce-95dc-26810ffd0a45/none_v3" "txd47b9cd630c24ceb93251-0069b459f0" "proxy-server 102438" 0.0005 "-" 101292 0
Mar 13 14:39:44 np0005646497.novalocal proxy-server[102438]: ::1 ::1 13/Mar/2026/18/39/44 GET /v1/AUTH_2ba0d2092da448ff8897cf17bc9473fd/gnocchi.36cdcbdd-f04d-4541-8270-b665495f7544%3Fformat%3Djson%26states%3Dlisting HTTP/1.0 200 - python-swiftclient-4.7.0 gAAAAABptFntGpFm... - 2 - tx48c78645b578428f8bc91-0069b459f0 - 0.0241 - - 1773427184.032519102 1773427184.056586504 0
Mar 13 14:39:44 np0005646497.novalocal object-server[101292]: ::1 - - [13/Mar/2026:18:39:44 +0000] "GET /1/6613/AUTH_2ba0d2092da448ff8897cf17bc9473fd/gnocchi.33bbd16d-049a-49ce-95dc-26810ffd0a45/none_v3" 404 70 "GET https://[::1]:8080/v1/AUTH_2ba0d2092da448ff8897cf17bc9473fd/gnocchi.33bbd16d-049a-49ce-95dc-26810ffd0a45/none_v3" "txd47b9cd630c24ceb93251-0069b459f0" "proxy-server 102438" 0.0003 "-" 101292 0
Mar 13 14:39:44 np0005646497.novalocal proxy-server[102438]: ::1 ::1 13/Mar/2026/18/39/44 GET /v1/AUTH_2ba0d2092da448ff8897cf17bc9473fd/gnocchi.33bbd16d-049a-49ce-95dc-26810ffd0a45/none_v3 HTTP/1.0 404 - python-swiftclient-4.7.0 gAAAAABptFnO45R8... - 70 - txd47b9cd630c24ceb93251-0069b459f0 - 0.0346 - - 1773427184.028193951 1773427184.062824011 0
Mar 13 14:39:44 np0005646497.novalocal object-server[101293]: ::1 - - [13/Mar/2026:18:39:44 +0000] "GET /2/141199/AUTH_2ba0d2092da448ff8897cf17bc9473fd/gnocchi.36cdcbdd-f04d-4541-8270-b665495f7544/1773360000.0_mean_300.0_v3" 404 70 "GET https://[::1]:8080/v1/AUTH_2ba0d2092da448ff8897cf17bc9473fd/gnocchi.36cdcbdd-f04d-4541-8270-b665495f7544/1773360000.0_mean_300.0_v3" "txb5ebbacdbfb1469f8ff69-0069b459f0" "proxy-server 102438" 0.0007 "-" 101293 0
Mar 13 14:39:44 np0005646497.novalocal object-server[101292]: ::1 - - [13/Mar/2026:18:39:44 +0000] "GET /1/141199/AUTH_2ba0d2092da448ff8897cf17bc9473fd/gnocchi.36cdcbdd-f04d-4541-8270-b665495f7544/1773360000.0_mean_300.0_v3" 404 70 "GET https://[::1]:8080/v1/AUTH_2ba0d2092da448ff8897cf17bc9473fd/gnocchi.36cdcbdd-f04d-4541-8270-b665495f7544/1773360000.0_mean_300.0_v3" "txb5ebbacdbfb1469f8ff69-0069b459f0" "proxy-server 102438" 0.0004 "-" 101292 0
Mar 13 14:39:44 np0005646497.novalocal object-server[101293]: ::1 - - [13/Mar/2026:18:39:44 +0000] "GET /3/141199/AUTH_2ba0d2092da448ff8897cf17bc9473fd/gnocchi.36cdcbdd-f04d-4541-8270-b665495f7544/1773360000.0_mean_300.0_v3" 404 70 "GET https://[::1]:8080/v1/AUTH_2ba0d2092da448ff8897cf17bc9473fd/gnocchi.36cdcbdd-f04d-4541-8270-b665495f7544/1773360000.0_mean_300.0_v3" "txb5ebbacdbfb1469f8ff69-0069b459f0" "proxy-server 102438" 0.0007 "-" 101293 0
Mar 13 14:39:44 np0005646497.novalocal proxy-server[102438]: ::1 ::1 13/Mar/2026/18/39/44 GET /v1/AUTH_2ba0d2092da448ff8897cf17bc9473fd/gnocchi.36cdcbdd-f04d-4541-8270-b665495f7544/1773360000.0_mean_300.0_v3 HTTP/1.0 404 - python-swiftclient-4.7.0 gAAAAABptFntGpFm... - 70 - txb5ebbacdbfb1469f8ff69-0069b459f0 - 0.0259 - - 1773427184.060685635 1773427184.086564541 0
Mar 13 14:39:44 np0005646497.novalocal account-server[100513]: ::1 - - [13/Mar/2026:18:39:44 +0000] "PUT /2/102667/AUTH_2ba0d2092da448ff8897cf17bc9473fd/gnocchi.33bbd16d-049a-49ce-95dc-26810ffd0a45" 201 - "PUT http://[::1]:6001/3/225570/AUTH_2ba0d2092da448ff8897cf17bc9473fd/gnocchi.33bbd16d-049a-49ce-95dc-26810ffd0a45" "txcb4c0f1b55a64c54946c8-0069b459f0" "container-server 100898" 0.0080 "-" 100513 0
Mar 13 14:39:44 np0005646497.novalocal container-server[100898]: ::1 - - [13/Mar/2026:18:39:44 +0000] "PUT /3/225570/AUTH_2ba0d2092da448ff8897cf17bc9473fd/gnocchi.33bbd16d-049a-49ce-95dc-26810ffd0a45" 201 - "PUT https://[::1]:8080/v1/AUTH_2ba0d2092da448ff8897cf17bc9473fd/gnocchi.33bbd16d-049a-49ce-95dc-26810ffd0a45" "txcb4c0f1b55a64c54946c8-0069b459f0" "proxy-server 102438" 0.0332 "-" 100898 0
Mar 13 14:39:44 np0005646497.novalocal container-server[100899]: ::1 - - [13/Mar/2026:18:39:44 +0000] "PUT /2/84415/AUTH_2ba0d2092da448ff8897cf17bc9473fd/gnocchi.36cdcbdd-f04d-4541-8270-b665495f7544/1773360000.0_mean_300.0_v3" 201 - "PUT http://[::1]:8080/2/141199/AUTH_2ba0d2092da448ff8897cf17bc9473fd/gnocchi.36cdcbdd-f04d-4541-8270-b665495f7544/1773360000.0_mean_300.0_v3" "txaf34c38ad89d4f35b2113-0069b459f0" "object-server 101292" 0.0005 "-" 100899 0
Mar 13 14:39:44 np0005646497.novalocal object-server[101292]: ::1 - - [13/Mar/2026:18:39:44 +0000] "PUT /2/141199/AUTH_2ba0d2092da448ff8897cf17bc9473fd/gnocchi.36cdcbdd-f04d-4541-8270-b665495f7544/1773360000.0_mean_300.0_v3" 201 - "PUT https://[::1]:8080/v1/AUTH_2ba0d2092da448ff8897cf17bc9473fd/gnocchi.36cdcbdd-f04d-4541-8270-b665495f7544/1773360000.0_mean_300.0_v3" "txaf34c38ad89d4f35b2113-0069b459f0" "proxy-server 102438" 0.0187 "-" 101292 0
Mar 13 14:39:44 np0005646497.novalocal container-server[100898]: ::1 - - [13/Mar/2026:18:39:44 +0000] "PUT /1/84415/AUTH_2ba0d2092da448ff8897cf17bc9473fd/gnocchi.36cdcbdd-f04d-4541-8270-b665495f7544/1773360000.0_mean_300.0_v3" 201 - "PUT http://[::1]:8080/1/141199/AUTH_2ba0d2092da448ff8897cf17bc9473fd/gnocchi.36cdcbdd-f04d-4541-8270-b665495f7544/1773360000.0_mean_300.0_v3" "txaf34c38ad89d4f35b2113-0069b459f0" "object-server 101292" 0.0007 "-" 100898 0
Mar 13 14:39:44 np0005646497.novalocal object-server[101292]: ::1 - - [13/Mar/2026:18:39:44 +0000] "PUT /1/141199/AUTH_2ba0d2092da448ff8897cf17bc9473fd/gnocchi.36cdcbdd-f04d-4541-8270-b665495f7544/1773360000.0_mean_300.0_v3" 201 - "PUT https://[::1]:8080/v1/AUTH_2ba0d2092da448ff8897cf17bc9473fd/gnocchi.36cdcbdd-f04d-4541-8270-b665495f7544/1773360000.0_mean_300.0_v3" "txaf34c38ad89d4f35b2113-0069b459f0" "proxy-server 102438" 0.0209 "-" 101292 0
Mar 13 14:39:44 np0005646497.novalocal account-server[100514]: ::1 - - [13/Mar/2026:18:39:44 +0000] "PUT /1/102667/AUTH_2ba0d2092da448ff8897cf17bc9473fd/gnocchi.33bbd16d-049a-49ce-95dc-26810ffd0a45" 201 - "PUT http://[::1]:6001/2/225570/AUTH_2ba0d2092da448ff8897cf17bc9473fd/gnocchi.33bbd16d-049a-49ce-95dc-26810ffd0a45" "txcb4c0f1b55a64c54946c8-0069b459f0" "container-server 100899" 0.0081 "-" 100514 0
Mar 13 14:39:44 np0005646497.novalocal account-server[100513]: ::1 - - [13/Mar/2026:18:39:44 +0000] "PUT /3/102667/AUTH_2ba0d2092da448ff8897cf17bc9473fd/gnocchi.33bbd16d-049a-49ce-95dc-26810ffd0a45" 201 - "PUT http://[::1]:6001/1/225570/AUTH_2ba0d2092da448ff8897cf17bc9473fd/gnocchi.33bbd16d-049a-49ce-95dc-26810ffd0a45" "txcb4c0f1b55a64c54946c8-0069b459f0" "container-server 100899" 0.0117 "-" 100513 0
Mar 13 14:39:44 np0005646497.novalocal container-server[100898]: ::1 - - [13/Mar/2026:18:39:44 +0000] "PUT /3/84415/AUTH_2ba0d2092da448ff8897cf17bc9473fd/gnocchi.36cdcbdd-f04d-4541-8270-b665495f7544/1773360000.0_mean_300.0_v3" 201 - "PUT http://[::1]:8080/3/141199/AUTH_2ba0d2092da448ff8897cf17bc9473fd/gnocchi.36cdcbdd-f04d-4541-8270-b665495f7544/1773360000.0_mean_300.0_v3" "txaf34c38ad89d4f35b2113-0069b459f0" "object-server 101293" 0.0006 "-" 100898 0
Mar 13 14:39:44 np0005646497.novalocal object-server[101293]: ::1 - - [13/Mar/2026:18:39:44 +0000] "PUT /3/141199/AUTH_2ba0d2092da448ff8897cf17bc9473fd/gnocchi.36cdcbdd-f04d-4541-8270-b665495f7544/1773360000.0_mean_300.0_v3" 201 - "PUT https://[::1]:8080/v1/AUTH_2ba0d2092da448ff8897cf17bc9473fd/gnocchi.36cdcbdd-f04d-4541-8270-b665495f7544/1773360000.0_mean_300.0_v3" "txaf34c38ad89d4f35b2113-0069b459f0" "proxy-server 102438" 0.0198 "-" 101293 0
Mar 13 14:39:44 np0005646497.novalocal container-server[100899]: ::1 - - [13/Mar/2026:18:39:44 +0000] "PUT /2/225570/AUTH_2ba0d2092da448ff8897cf17bc9473fd/gnocchi.33bbd16d-049a-49ce-95dc-26810ffd0a45" 201 - "PUT https://[::1]:8080/v1/AUTH_2ba0d2092da448ff8897cf17bc9473fd/gnocchi.33bbd16d-049a-49ce-95dc-26810ffd0a45" "txcb4c0f1b55a64c54946c8-0069b459f0" "proxy-server 102438" 0.0292 "-" 100899 0
Mar 13 14:39:44 np0005646497.novalocal container-server[100899]: ::1 - - [13/Mar/2026:18:39:44 +0000] "PUT /1/225570/AUTH_2ba0d2092da448ff8897cf17bc9473fd/gnocchi.33bbd16d-049a-49ce-95dc-26810ffd0a45" 201 - "PUT https://[::1]:8080/v1/AUTH_2ba0d2092da448ff8897cf17bc9473fd/gnocchi.33bbd16d-049a-49ce-95dc-26810ffd0a45" "txcb4c0f1b55a64c54946c8-0069b459f0" "proxy-server 102438" 0.0499 "-" 100899 0
Mar 13 14:39:44 np0005646497.novalocal proxy-server[102438]: ::1 ::1 13/Mar/2026/18/39/44 PUT /v1/AUTH_2ba0d2092da448ff8897cf17bc9473fd/gnocchi.36cdcbdd-f04d-4541-8270-b665495f7544/1773360000.0_mean_300.0_v3 HTTP/1.0 201 - python-swiftclient-4.7.0 gAAAAABptFntGpFm... 16 - - txaf34c38ad89d4f35b2113-0069b459f0 - 0.0345 - - 1773427184.089858532 1773427184.124348164 0
Mar 13 14:39:44 np0005646497.novalocal proxy-server[102438]: ::1 ::1 13/Mar/2026/18/39/44 PUT /v1/AUTH_2ba0d2092da448ff8897cf17bc9473fd/gnocchi.33bbd16d-049a-49ce-95dc-26810ffd0a45 HTTP/1.0 201 - python-swiftclient-4.7.0 gAAAAABptFnO45R8... - - - txcb4c0f1b55a64c54946c8-0069b459f0 - 0.0591 - - 1773427184.068010807 1773427184.127081871 0
Mar 13 14:39:44 np0005646497.novalocal container-server[100898]: ::1 - - [13/Mar/2026:18:39:44 +0000] "HEAD /2/225570/AUTH_2ba0d2092da448ff8897cf17bc9473fd/gnocchi.33bbd16d-049a-49ce-95dc-26810ffd0a45" 204 - "HEAD http://[::1]:8080/v1/AUTH_2ba0d2092da448ff8897cf17bc9473fd/gnocchi.33bbd16d-049a-49ce-95dc-26810ffd0a45" "txcf7f88e6b5894581836e4-0069b459f0" "proxy-server 102438" 0.0019 "-" 100898 0
Mar 13 14:39:44 np0005646497.novalocal proxy-server[102438]: - - 13/Mar/2026/18/39/44 HEAD /v1/AUTH_2ba0d2092da448ff8897cf17bc9473fd/gnocchi.33bbd16d-049a-49ce-95dc-26810ffd0a45 HTTP/1.0 204 - Swift - - - - txcf7f88e6b5894581836e4-0069b459f0 - 0.0070 CS - 1773427184.138859749 1773427184.145904541 0
Mar 13 14:39:44 np0005646497.novalocal container-server[100898]: ::1 - - [13/Mar/2026:18:39:44 +0000] "PUT /1/84415/AUTH_2ba0d2092da448ff8897cf17bc9473fd/gnocchi.36cdcbdd-f04d-4541-8270-b665495f7544/none_v3" 201 - "PUT http://[::1]:8080/1/204203/AUTH_2ba0d2092da448ff8897cf17bc9473fd/gnocchi.36cdcbdd-f04d-4541-8270-b665495f7544/none_v3" "tx1dd11a68969a43c488567-0069b459f0" "object-server 101292" 0.0008 "-" 100898 0
Mar 13 14:39:44 np0005646497.novalocal object-server[101292]: ::1 - - [13/Mar/2026:18:39:44 +0000] "PUT /1/204203/AUTH_2ba0d2092da448ff8897cf17bc9473fd/gnocchi.36cdcbdd-f04d-4541-8270-b665495f7544/none_v3" 201 - "PUT https://[::1]:8080/v1/AUTH_2ba0d2092da448ff8897cf17bc9473fd/gnocchi.36cdcbdd-f04d-4541-8270-b665495f7544/none_v3" "tx1dd11a68969a43c488567-0069b459f0" "proxy-server 102438" 0.0149 "-" 101292 0
Mar 13 14:39:44 np0005646497.novalocal container-server[100899]: ::1 - - [13/Mar/2026:18:39:44 +0000] "GET /3/225570/AUTH_2ba0d2092da448ff8897cf17bc9473fd/gnocchi.33bbd16d-049a-49ce-95dc-26810ffd0a45" 200 2 "GET https://[::1]:8080/v1/AUTH_2ba0d2092da448ff8897cf17bc9473fd/gnocchi.33bbd16d-049a-49ce-95dc-26810ffd0a45?format=json&states=listing" "txcf7f88e6b5894581836e4-0069b459f0" "proxy-server 102438" 0.0025 "-" 100899 0
Mar 13 14:39:44 np0005646497.novalocal container-server[100898]: ::1 - - [13/Mar/2026:18:39:44 +0000] "PUT /2/84415/AUTH_2ba0d2092da448ff8897cf17bc9473fd/gnocchi.36cdcbdd-f04d-4541-8270-b665495f7544/none_v3" 201 - "PUT http://[::1]:8080/2/204203/AUTH_2ba0d2092da448ff8897cf17bc9473fd/gnocchi.36cdcbdd-f04d-4541-8270-b665495f7544/none_v3" "tx1dd11a68969a43c488567-0069b459f0" "object-server 101292" 0.0005 "-" 100898 0
Mar 13 14:39:44 np0005646497.novalocal object-server[101292]: ::1 - - [13/Mar/2026:18:39:44 +0000] "PUT /2/204203/AUTH_2ba0d2092da448ff8897cf17bc9473fd/gnocchi.36cdcbdd-f04d-4541-8270-b665495f7544/none_v3" 201 - "PUT https://[::1]:8080/v1/AUTH_2ba0d2092da448ff8897cf17bc9473fd/gnocchi.36cdcbdd-f04d-4541-8270-b665495f7544/none_v3" "tx1dd11a68969a43c488567-0069b459f0" "proxy-server 102438" 0.0196 "-" 101292 0
Mar 13 14:39:44 np0005646497.novalocal container-server[100898]: ::1 - - [13/Mar/2026:18:39:44 +0000] "PUT /3/84415/AUTH_2ba0d2092da448ff8897cf17bc9473fd/gnocchi.36cdcbdd-f04d-4541-8270-b665495f7544/none_v3" 201 - "PUT http://[::1]:8080/3/204203/AUTH_2ba0d2092da448ff8897cf17bc9473fd/gnocchi.36cdcbdd-f04d-4541-8270-b665495f7544/none_v3" "tx1dd11a68969a43c488567-0069b459f0" "object-server 101292" 0.0005 "-" 100898 0
Mar 13 14:39:44 np0005646497.novalocal proxy-server[102438]: ::1 ::1 13/Mar/2026/18/39/44 GET /v1/AUTH_2ba0d2092da448ff8897cf17bc9473fd/gnocchi.33bbd16d-049a-49ce-95dc-26810ffd0a45%3Fformat%3Djson%26states%3Dlisting HTTP/1.0 200 - python-swiftclient-4.7.0 gAAAAABptFnO45R8... - 2 - txcf7f88e6b5894581836e4-0069b459f0 - 0.0214 - - 1773427184.137848139 1773427184.159258127 0
Mar 13 14:39:44 np0005646497.novalocal object-server[101292]: ::1 - - [13/Mar/2026:18:39:44 +0000] "PUT /3/204203/AUTH_2ba0d2092da448ff8897cf17bc9473fd/gnocchi.36cdcbdd-f04d-4541-8270-b665495f7544/none_v3" 201 - "PUT https://[::1]:8080/v1/AUTH_2ba0d2092da448ff8897cf17bc9473fd/gnocchi.36cdcbdd-f04d-4541-8270-b665495f7544/none_v3" "tx1dd11a68969a43c488567-0069b459f0" "proxy-server 102438" 0.0225 "-" 101292 0
Mar 13 14:39:44 np0005646497.novalocal proxy-server[102438]: ::1 ::1 13/Mar/2026/18/39/44 PUT /v1/AUTH_2ba0d2092da448ff8897cf17bc9473fd/gnocchi.36cdcbdd-f04d-4541-8270-b665495f7544/none_v3 HTTP/1.0 201 - python-swiftclient-4.7.0 gAAAAABptFntGpFm... 22 - - tx1dd11a68969a43c488567-0069b459f0 - 0.0331 - - 1773427184.128654003 1773427184.161706448 0
Mar 13 14:39:44 np0005646497.novalocal object-server[101293]: ::1 - - [13/Mar/2026:18:39:44 +0000] "GET /1/240263/AUTH_2ba0d2092da448ff8897cf17bc9473fd/gnocchi.33bbd16d-049a-49ce-95dc-26810ffd0a45/1773360000.0_mean_300.0_v3" 404 70 "GET https://[::1]:8080/v1/AUTH_2ba0d2092da448ff8897cf17bc9473fd/gnocchi.33bbd16d-049a-49ce-95dc-26810ffd0a45/1773360000.0_mean_300.0_v3" "txc899300699ba4d9cbb765-0069b459f0" "proxy-server 102438" 0.0003 "-" 101293 0
Mar 13 14:39:44 np0005646497.novalocal object-server[101292]: ::1 - - [13/Mar/2026:18:39:44 +0000] "GET /3/240263/AUTH_2ba0d2092da448ff8897cf17bc9473fd/gnocchi.33bbd16d-049a-49ce-95dc-26810ffd0a45/1773360000.0_mean_300.0_v3" 404 70 "GET https://[::1]:8080/v1/AUTH_2ba0d2092da448ff8897cf17bc9473fd/gnocchi.33bbd16d-049a-49ce-95dc-26810ffd0a45/1773360000.0_mean_300.0_v3" "txc899300699ba4d9cbb765-0069b459f0" "proxy-server 102438" 0.0003 "-" 101292 0
Mar 13 14:39:44 np0005646497.novalocal container-server[100899]: ::1 - - [13/Mar/2026:18:39:44 +0000] "HEAD /2/222800/AUTH_2ba0d2092da448ff8897cf17bc9473fd/gnocchi.f67c41fd-20a0-40a2-82ee-a1a76d3be746" 404 - "HEAD http://[::1]:8080/v1/AUTH_2ba0d2092da448ff8897cf17bc9473fd/gnocchi.f67c41fd-20a0-40a2-82ee-a1a76d3be746" "tx55077f3f3b1b46f998557-0069b459f0" "proxy-server 102438" 0.0004 "-" 100899 0
Mar 13 14:39:44 np0005646497.novalocal object-server[101292]: ::1 - - [13/Mar/2026:18:39:44 +0000] "GET /2/240263/AUTH_2ba0d2092da448ff8897cf17bc9473fd/gnocchi.33bbd16d-049a-49ce-95dc-26810ffd0a45/1773360000.0_mean_300.0_v3" 404 70 "GET https://[::1]:8080/v1/AUTH_2ba0d2092da448ff8897cf17bc9473fd/gnocchi.33bbd16d-049a-49ce-95dc-26810ffd0a45/1773360000.0_mean_300.0_v3" "txc899300699ba4d9cbb765-0069b459f0" "proxy-server 102438" 0.0002 "-" 101292 0
Mar 13 14:39:44 np0005646497.novalocal container-server[100898]: ::1 - - [13/Mar/2026:18:39:44 +0000] "HEAD /3/222800/AUTH_2ba0d2092da448ff8897cf17bc9473fd/gnocchi.f67c41fd-20a0-40a2-82ee-a1a76d3be746" 404 - "HEAD http://[::1]:8080/v1/AUTH_2ba0d2092da448ff8897cf17bc9473fd/gnocchi.f67c41fd-20a0-40a2-82ee-a1a76d3be746" "tx55077f3f3b1b46f998557-0069b459f0" "proxy-server 102438" 0.0005 "-" 100898 0
Mar 13 14:39:44 np0005646497.novalocal proxy-server[102438]: ::1 ::1 13/Mar/2026/18/39/44 GET /v1/AUTH_2ba0d2092da448ff8897cf17bc9473fd/gnocchi.33bbd16d-049a-49ce-95dc-26810ffd0a45/1773360000.0_mean_300.0_v3 HTTP/1.0 404 - python-swiftclient-4.7.0 gAAAAABptFnO45R8... - 70 - txc899300699ba4d9cbb765-0069b459f0 - 0.0175 - - 1773427184.163085461 1773427184.180579901 0
Mar 13 14:39:44 np0005646497.novalocal container-server[100899]: ::1 - - [13/Mar/2026:18:39:44 +0000] "HEAD /1/222800/AUTH_2ba0d2092da448ff8897cf17bc9473fd/gnocchi.f67c41fd-20a0-40a2-82ee-a1a76d3be746" 404 - "HEAD http://[::1]:8080/v1/AUTH_2ba0d2092da448ff8897cf17bc9473fd/gnocchi.f67c41fd-20a0-40a2-82ee-a1a76d3be746" "tx55077f3f3b1b46f998557-0069b459f0" "proxy-server 102438" 0.0002 "-" 100899 0
Mar 13 14:39:44 np0005646497.novalocal proxy-server[102438]: - - 13/Mar/2026/18/39/44 HEAD /v1/AUTH_2ba0d2092da448ff8897cf17bc9473fd/gnocchi.f67c41fd-20a0-40a2-82ee-a1a76d3be746 HTTP/1.0 404 - Swift - - - - tx55077f3f3b1b46f998557-0069b459f0 - 0.0129 CS - 1773427184.173074722 1773427184.185934544 0
Mar 13 14:39:44 np0005646497.novalocal object-server[101292]: ::1 - - [13/Mar/2026:18:39:44 +0000] "GET /3/161005/AUTH_2ba0d2092da448ff8897cf17bc9473fd/gnocchi.f67c41fd-20a0-40a2-82ee-a1a76d3be746/none_v3" 404 70 "GET https://[::1]:8080/v1/AUTH_2ba0d2092da448ff8897cf17bc9473fd/gnocchi.f67c41fd-20a0-40a2-82ee-a1a76d3be746/none_v3" "tx55077f3f3b1b46f998557-0069b459f0" "proxy-server 102438" 0.0004 "-" 101292 0
Mar 13 14:39:44 np0005646497.novalocal object-server[101293]: ::1 - - [13/Mar/2026:18:39:44 +0000] "GET /1/161005/AUTH_2ba0d2092da448ff8897cf17bc9473fd/gnocchi.f67c41fd-20a0-40a2-82ee-a1a76d3be746/none_v3" 404 70 "GET https://[::1]:8080/v1/AUTH_2ba0d2092da448ff8897cf17bc9473fd/gnocchi.f67c41fd-20a0-40a2-82ee-a1a76d3be746/none_v3" "tx55077f3f3b1b46f998557-0069b459f0" "proxy-server 102438" 0.0003 "-" 101293 0
Mar 13 14:39:44 np0005646497.novalocal object-server[101293]: ::1 - - [13/Mar/2026:18:39:44 +0000] "GET /2/161005/AUTH_2ba0d2092da448ff8897cf17bc9473fd/gnocchi.f67c41fd-20a0-40a2-82ee-a1a76d3be746/none_v3" 404 70 "GET https://[::1]:8080/v1/AUTH_2ba0d2092da448ff8897cf17bc9473fd/gnocchi.f67c41fd-20a0-40a2-82ee-a1a76d3be746/none_v3" "tx55077f3f3b1b46f998557-0069b459f0" "proxy-server 102438" 0.0002 "-" 101293 0
Mar 13 14:39:44 np0005646497.novalocal proxy-server[102438]: ::1 ::1 13/Mar/2026/18/39/44 GET /v1/AUTH_2ba0d2092da448ff8897cf17bc9473fd/gnocchi.f67c41fd-20a0-40a2-82ee-a1a76d3be746/none_v3 HTTP/1.0 404 - python-swiftclient-4.7.0 gAAAAABptFntGpFm... - 70 - tx55077f3f3b1b46f998557-0069b459f0 - 0.0428 - - 1773427184.171510220 1773427184.214353323 0
Mar 13 14:39:44 np0005646497.novalocal container-server[100899]: ::1 - - [13/Mar/2026:18:39:44 +0000] "PUT /3/225570/AUTH_2ba0d2092da448ff8897cf17bc9473fd/gnocchi.33bbd16d-049a-49ce-95dc-26810ffd0a45/1773360000.0_mean_300.0_v3" 201 - "PUT http://[::1]:8080/3/240263/AUTH_2ba0d2092da448ff8897cf17bc9473fd/gnocchi.33bbd16d-049a-49ce-95dc-26810ffd0a45/1773360000.0_mean_300.0_v3" "tx446569a613d84f299dc6f-0069b459f0" "object-server 101292" 0.0005 "-" 100899 0
Mar 13 14:39:44 np0005646497.novalocal object-server[101292]: ::1 - - [13/Mar/2026:18:39:44 +0000] "PUT /3/240263/AUTH_2ba0d2092da448ff8897cf17bc9473fd/gnocchi.33bbd16d-049a-49ce-95dc-26810ffd0a45/1773360000.0_mean_300.0_v3" 201 - "PUT https://[::1]:8080/v1/AUTH_2ba0d2092da448ff8897cf17bc9473fd/gnocchi.33bbd16d-049a-49ce-95dc-26810ffd0a45/1773360000.0_mean_300.0_v3" "tx446569a613d84f299dc6f-0069b459f0" "proxy-server 102438" 0.0152 "-" 101292 0
Mar 13 14:39:44 np0005646497.novalocal container-server[100898]: ::1 - - [13/Mar/2026:18:39:44 +0000] "PUT /1/225570/AUTH_2ba0d2092da448ff8897cf17bc9473fd/gnocchi.33bbd16d-049a-49ce-95dc-26810ffd0a45/1773360000.0_mean_300.0_v3" 201 - "PUT http://[::1]:8080/1/240263/AUTH_2ba0d2092da448ff8897cf17bc9473fd/gnocchi.33bbd16d-049a-49ce-95dc-26810ffd0a45/1773360000.0_mean_300.0_v3" "tx446569a613d84f299dc6f-0069b459f0" "object-server 101292" 0.0010 "-" 100898 0
Mar 13 14:39:44 np0005646497.novalocal container-server[100899]: ::1 - - [13/Mar/2026:18:39:44 +0000] "PUT /2/225570/AUTH_2ba0d2092da448ff8897cf17bc9473fd/gnocchi.33bbd16d-049a-49ce-95dc-26810ffd0a45/1773360000.0_mean_300.0_v3" 201 - "PUT http://[::1]:8080/2/240263/AUTH_2ba0d2092da448ff8897cf17bc9473fd/gnocchi.33bbd16d-049a-49ce-95dc-26810ffd0a45/1773360000.0_mean_300.0_v3" "tx446569a613d84f299dc6f-0069b459f0" "object-server 101292" 0.0004 "-" 100899 0
Mar 13 14:39:44 np0005646497.novalocal object-server[101292]: ::1 - - [13/Mar/2026:18:39:44 +0000] "PUT /1/240263/AUTH_2ba0d2092da448ff8897cf17bc9473fd/gnocchi.33bbd16d-049a-49ce-95dc-26810ffd0a45/1773360000.0_mean_300.0_v3" 201 - "PUT https://[::1]:8080/v1/AUTH_2ba0d2092da448ff8897cf17bc9473fd/gnocchi.33bbd16d-049a-49ce-95dc-26810ffd0a45/1773360000.0_mean_300.0_v3" "tx446569a613d84f299dc6f-0069b459f0" "proxy-server 102438" 0.0189 "-" 101292 0
Mar 13 14:39:44 np0005646497.novalocal object-server[101292]: ::1 - - [13/Mar/2026:18:39:44 +0000] "PUT /2/240263/AUTH_2ba0d2092da448ff8897cf17bc9473fd/gnocchi.33bbd16d-049a-49ce-95dc-26810ffd0a45/1773360000.0_mean_300.0_v3" 201 - "PUT https://[::1]:8080/v1/AUTH_2ba0d2092da448ff8897cf17bc9473fd/gnocchi.33bbd16d-049a-49ce-95dc-26810ffd0a45/1773360000.0_mean_300.0_v3" "tx446569a613d84f299dc6f-0069b459f0" "proxy-server 102438" 0.0183 "-" 101292 0
Mar 13 14:39:44 np0005646497.novalocal proxy-server[102438]: ::1 ::1 13/Mar/2026/18/39/44 PUT /v1/AUTH_2ba0d2092da448ff8897cf17bc9473fd/gnocchi.33bbd16d-049a-49ce-95dc-26810ffd0a45/1773360000.0_mean_300.0_v3 HTTP/1.0 201 - python-swiftclient-4.7.0 gAAAAABptFnO45R8... 16 - - tx446569a613d84f299dc6f-0069b459f0 - 0.0388 - - 1773427184.183457136 1773427184.222240448 0
Mar 13 14:39:44 np0005646497.novalocal account-server[100514]: ::1 - - [13/Mar/2026:18:39:44 +0000] "PUT /2/102667/AUTH_2ba0d2092da448ff8897cf17bc9473fd/gnocchi.f67c41fd-20a0-40a2-82ee-a1a76d3be746" 201 - "PUT http://[::1]:6001/2/222800/AUTH_2ba0d2092da448ff8897cf17bc9473fd/gnocchi.f67c41fd-20a0-40a2-82ee-a1a76d3be746" "tx0736b086195b4f8fbee12-0069b459f0" "container-server 100898" 0.0136 "-" 100514 0
Mar 13 14:39:44 np0005646497.novalocal container-server[100898]: ::1 - - [13/Mar/2026:18:39:44 +0000] "PUT /2/222800/AUTH_2ba0d2092da448ff8897cf17bc9473fd/gnocchi.f67c41fd-20a0-40a2-82ee-a1a76d3be746" 201 - "PUT https://[::1]:8080/v1/AUTH_2ba0d2092da448ff8897cf17bc9473fd/gnocchi.f67c41fd-20a0-40a2-82ee-a1a76d3be746" "tx0736b086195b4f8fbee12-0069b459f0" "proxy-server 102438" 0.0747 "-" 100898 0
Mar 13 14:39:44 np0005646497.novalocal account-server[100513]: ::1 - - [13/Mar/2026:18:39:44 +0000] "PUT /1/102667/AUTH_2ba0d2092da448ff8897cf17bc9473fd/gnocchi.f67c41fd-20a0-40a2-82ee-a1a76d3be746" 201 - "PUT http://[::1]:6001/3/222800/AUTH_2ba0d2092da448ff8897cf17bc9473fd/gnocchi.f67c41fd-20a0-40a2-82ee-a1a76d3be746" "tx0736b086195b4f8fbee12-0069b459f0" "container-server 100899" 0.0037 "-" 100513 0
Mar 13 14:39:44 np0005646497.novalocal container-server[100899]: ::1 - - [13/Mar/2026:18:39:44 +0000] "PUT /3/225570/AUTH_2ba0d2092da448ff8897cf17bc9473fd/gnocchi.33bbd16d-049a-49ce-95dc-26810ffd0a45/none_v3" 201 - "PUT http://[::1]:8080/1/6613/AUTH_2ba0d2092da448ff8897cf17bc9473fd/gnocchi.33bbd16d-049a-49ce-95dc-26810ffd0a45/none_v3" "tx7998056929e445609393c-0069b459f0" "object-server 101292" 0.0016 "-" 100899 0
Mar 13 14:39:44 np0005646497.novalocal object-server[101292]: ::1 - - [13/Mar/2026:18:39:44 +0000] "PUT /1/6613/AUTH_2ba0d2092da448ff8897cf17bc9473fd/gnocchi.33bbd16d-049a-49ce-95dc-26810ffd0a45/none_v3" 201 - "PUT https://[::1]:8080/v1/AUTH_2ba0d2092da448ff8897cf17bc9473fd/gnocchi.33bbd16d-049a-49ce-95dc-26810ffd0a45/none_v3" "tx7998056929e445609393c-0069b459f0" "proxy-server 102438" 0.0739 "-" 101292 0
Mar 13 14:39:44 np0005646497.novalocal container-server[100899]: ::1 - - [13/Mar/2026:18:39:44 +0000] "PUT /1/225570/AUTH_2ba0d2092da448ff8897cf17bc9473fd/gnocchi.33bbd16d-049a-49ce-95dc-26810ffd0a45/none_v3" 201 - "PUT http://[::1]:8080/3/6613/AUTH_2ba0d2092da448ff8897cf17bc9473fd/gnocchi.33bbd16d-049a-49ce-95dc-26810ffd0a45/none_v3" "tx7998056929e445609393c-0069b459f0" "object-server 101293" 0.0003 "-" 100899 0
Mar 13 14:39:44 np0005646497.novalocal object-server[101293]: ::1 - - [13/Mar/2026:18:39:44 +0000] "PUT /3/6613/AUTH_2ba0d2092da448ff8897cf17bc9473fd/gnocchi.33bbd16d-049a-49ce-95dc-26810ffd0a45/none_v3" 201 - "PUT https://[::1]:8080/v1/AUTH_2ba0d2092da448ff8897cf17bc9473fd/gnocchi.33bbd16d-049a-49ce-95dc-26810ffd0a45/none_v3" "tx7998056929e445609393c-0069b459f0" "proxy-server 102438" 0.0738 "-" 101293 0
Mar 13 14:39:44 np0005646497.novalocal account-server[100514]: ::1 - - [13/Mar/2026:18:39:44 +0000] "PUT /3/102667/AUTH_2ba0d2092da448ff8897cf17bc9473fd/gnocchi.f67c41fd-20a0-40a2-82ee-a1a76d3be746" 201 - "PUT http://[::1]:6001/1/222800/AUTH_2ba0d2092da448ff8897cf17bc9473fd/gnocchi.f67c41fd-20a0-40a2-82ee-a1a76d3be746" "tx0736b086195b4f8fbee12-0069b459f0" "container-server 100899" 0.0069 "-" 100514 0
Mar 13 14:39:44 np0005646497.novalocal container-server[100899]: ::1 - - [13/Mar/2026:18:39:44 +0000] "PUT /2/225570/AUTH_2ba0d2092da448ff8897cf17bc9473fd/gnocchi.33bbd16d-049a-49ce-95dc-26810ffd0a45/none_v3" 201 - "PUT http://[::1]:8080/2/6613/AUTH_2ba0d2092da448ff8897cf17bc9473fd/gnocchi.33bbd16d-049a-49ce-95dc-26810ffd0a45/none_v3" "tx7998056929e445609393c-0069b459f0" "object-server 101293" 0.0004 "-" 100899 0
Mar 13 14:39:44 np0005646497.novalocal object-server[101293]: ::1 - - [13/Mar/2026:18:39:44 +0000] "PUT /2/6613/AUTH_2ba0d2092da448ff8897cf17bc9473fd/gnocchi.33bbd16d-049a-49ce-95dc-26810ffd0a45/none_v3" 201 - "PUT https://[::1]:8080/v1/AUTH_2ba0d2092da448ff8897cf17bc9473fd/gnocchi.33bbd16d-049a-49ce-95dc-26810ffd0a45/none_v3" "tx7998056929e445609393c-0069b459f0" "proxy-server 102438" 0.0774 "-" 101293 0
Mar 13 14:39:44 np0005646497.novalocal container-server[100899]: ::1 - - [13/Mar/2026:18:39:44 +0000] "PUT /1/222800/AUTH_2ba0d2092da448ff8897cf17bc9473fd/gnocchi.f67c41fd-20a0-40a2-82ee-a1a76d3be746" 201 - "PUT https://[::1]:8080/v1/AUTH_2ba0d2092da448ff8897cf17bc9473fd/gnocchi.f67c41fd-20a0-40a2-82ee-a1a76d3be746" "tx0736b086195b4f8fbee12-0069b459f0" "proxy-server 102438" 0.0861 "-" 100899 0
Mar 13 14:39:44 np0005646497.novalocal container-server[100899]: ::1 - - [13/Mar/2026:18:39:44 +0000] "PUT /3/222800/AUTH_2ba0d2092da448ff8897cf17bc9473fd/gnocchi.f67c41fd-20a0-40a2-82ee-a1a76d3be746" 201 - "PUT https://[::1]:8080/v1/AUTH_2ba0d2092da448ff8897cf17bc9473fd/gnocchi.f67c41fd-20a0-40a2-82ee-a1a76d3be746" "tx0736b086195b4f8fbee12-0069b459f0" "proxy-server 102438" 0.0513 "-" 100899 0
Mar 13 14:39:44 np0005646497.novalocal proxy-server[102438]: ::1 ::1 13/Mar/2026/18/39/44 PUT /v1/AUTH_2ba0d2092da448ff8897cf17bc9473fd/gnocchi.33bbd16d-049a-49ce-95dc-26810ffd0a45/none_v3 HTTP/1.0 201 - python-swiftclient-4.7.0 gAAAAABptFnO45R8... 22 - - tx7998056929e445609393c-0069b459f0 - 0.0843 - - 1773427184.224387646 1773427184.308706284 0
Mar 13 14:39:44 np0005646497.novalocal proxy-server[102438]: ::1 ::1 13/Mar/2026/18/39/44 PUT /v1/AUTH_2ba0d2092da448ff8897cf17bc9473fd/gnocchi.f67c41fd-20a0-40a2-82ee-a1a76d3be746 HTTP/1.0 201 - python-swiftclient-4.7.0 gAAAAABptFntGpFm... - - - tx0736b086195b4f8fbee12-0069b459f0 - 0.0955 - - 1773427184.217139006 1773427184.312591553 0
Mar 13 14:39:44 np0005646497.novalocal container-server[100899]: ::1 - - [13/Mar/2026:18:39:44 +0000] "HEAD /1/158058/AUTH_2ba0d2092da448ff8897cf17bc9473fd/gnocchi.b9aa8093-7a13-4ff6-9f01-b66c170518c8" 404 - "HEAD http://[::1]:8080/v1/AUTH_2ba0d2092da448ff8897cf17bc9473fd/gnocchi.b9aa8093-7a13-4ff6-9f01-b66c170518c8" "txd9819771cf9242ec8a1dc-0069b459f0" "proxy-server 102438" 0.0003 "-" 100899 0
Mar 13 14:39:44 np0005646497.novalocal container-server[100898]: ::1 - - [13/Mar/2026:18:39:44 +0000] "HEAD /2/158058/AUTH_2ba0d2092da448ff8897cf17bc9473fd/gnocchi.b9aa8093-7a13-4ff6-9f01-b66c170518c8" 404 - "HEAD http://[::1]:8080/v1/AUTH_2ba0d2092da448ff8897cf17bc9473fd/gnocchi.b9aa8093-7a13-4ff6-9f01-b66c170518c8" "txd9819771cf9242ec8a1dc-0069b459f0" "proxy-server 102438" 0.0003 "-" 100898 0
Mar 13 14:39:44 np0005646497.novalocal container-server[100899]: ::1 - - [13/Mar/2026:18:39:44 +0000] "HEAD /3/222800/AUTH_2ba0d2092da448ff8897cf17bc9473fd/gnocchi.f67c41fd-20a0-40a2-82ee-a1a76d3be746" 204 - "HEAD http://[::1]:8080/v1/AUTH_2ba0d2092da448ff8897cf17bc9473fd/gnocchi.f67c41fd-20a0-40a2-82ee-a1a76d3be746" "tx07bf4c15f0e44dc198a1a-0069b459f0" "proxy-server 102438" 0.0015 "-" 100899 0
Mar 13 14:39:44 np0005646497.novalocal proxy-server[102438]: - - 13/Mar/2026/18/39/44 HEAD /v1/AUTH_2ba0d2092da448ff8897cf17bc9473fd/gnocchi.f67c41fd-20a0-40a2-82ee-a1a76d3be746 HTTP/1.0 204 - Swift - - - - tx07bf4c15f0e44dc198a1a-0069b459f0 - 0.0069 CS - 1773427184.322986603 1773427184.329921961 0
Mar 13 14:39:44 np0005646497.novalocal container-server[100899]: ::1 - - [13/Mar/2026:18:39:44 +0000] "HEAD /3/158058/AUTH_2ba0d2092da448ff8897cf17bc9473fd/gnocchi.b9aa8093-7a13-4ff6-9f01-b66c170518c8" 404 - "HEAD http://[::1]:8080/v1/AUTH_2ba0d2092da448ff8897cf17bc9473fd/gnocchi.b9aa8093-7a13-4ff6-9f01-b66c170518c8" "txd9819771cf9242ec8a1dc-0069b459f0" "proxy-server 102438" 0.0003 "-" 100899 0
Mar 13 14:39:44 np0005646497.novalocal container-server[100898]: ::1 - - [13/Mar/2026:18:39:44 +0000] "GET /2/222800/AUTH_2ba0d2092da448ff8897cf17bc9473fd/gnocchi.f67c41fd-20a0-40a2-82ee-a1a76d3be746" 200 2 "GET https://[::1]:8080/v1/AUTH_2ba0d2092da448ff8897cf17bc9473fd/gnocchi.f67c41fd-20a0-40a2-82ee-a1a76d3be746?format=json&states=listing" "tx07bf4c15f0e44dc198a1a-0069b459f0" "proxy-server 102438" 0.0021 "-" 100898 0
Mar 13 14:39:44 np0005646497.novalocal proxy-server[102438]: - - 13/Mar/2026/18/39/44 HEAD /v1/AUTH_2ba0d2092da448ff8897cf17bc9473fd/gnocchi.b9aa8093-7a13-4ff6-9f01-b66c170518c8 HTTP/1.0 404 - Swift - - - - txd9819771cf9242ec8a1dc-0069b459f0 - 0.0203 CS - 1773427184.318385124 1773427184.338699818 0
Mar 13 14:39:44 np0005646497.novalocal proxy-server[102438]: ::1 ::1 13/Mar/2026/18/39/44 GET /v1/AUTH_2ba0d2092da448ff8897cf17bc9473fd/gnocchi.f67c41fd-20a0-40a2-82ee-a1a76d3be746%3Fformat%3Djson%26states%3Dlisting HTTP/1.0 200 - python-swiftclient-4.7.0 gAAAAABptFntGpFm... - 2 - tx07bf4c15f0e44dc198a1a-0069b459f0 - 0.0364 - - 1773427184.321901798 1773427184.358345032 0
Mar 13 14:39:44 np0005646497.novalocal object-server[101292]: ::1 - - [13/Mar/2026:18:39:44 +0000] "GET /3/237310/AUTH_2ba0d2092da448ff8897cf17bc9473fd/gnocchi.b9aa8093-7a13-4ff6-9f01-b66c170518c8/none_v3" 404 70 "GET https://[::1]:8080/v1/AUTH_2ba0d2092da448ff8897cf17bc9473fd/gnocchi.b9aa8093-7a13-4ff6-9f01-b66c170518c8/none_v3" "txd9819771cf9242ec8a1dc-0069b459f0" "proxy-server 102438" 0.0006 "-" 101292 0
Mar 13 14:39:44 np0005646497.novalocal object-server[101292]: ::1 - - [13/Mar/2026:18:39:44 +0000] "GET /1/237310/AUTH_2ba0d2092da448ff8897cf17bc9473fd/gnocchi.b9aa8093-7a13-4ff6-9f01-b66c170518c8/none_v3" 404 70 "GET https://[::1]:8080/v1/AUTH_2ba0d2092da448ff8897cf17bc9473fd/gnocchi.b9aa8093-7a13-4ff6-9f01-b66c170518c8/none_v3" "txd9819771cf9242ec8a1dc-0069b459f0" "proxy-server 102438" 0.0005 "-" 101292 0
Mar 13 14:39:44 np0005646497.novalocal object-server[101292]: ::1 - - [13/Mar/2026:18:39:44 +0000] "GET /2/237310/AUTH_2ba0d2092da448ff8897cf17bc9473fd/gnocchi.b9aa8093-7a13-4ff6-9f01-b66c170518c8/none_v3" 404 70 "GET https://[::1]:8080/v1/AUTH_2ba0d2092da448ff8897cf17bc9473fd/gnocchi.b9aa8093-7a13-4ff6-9f01-b66c170518c8/none_v3" "txd9819771cf9242ec8a1dc-0069b459f0" "proxy-server 102438" 0.0005 "-" 101292 0
Mar 13 14:39:44 np0005646497.novalocal proxy-server[102438]: ::1 ::1 13/Mar/2026/18/39/44 GET /v1/AUTH_2ba0d2092da448ff8897cf17bc9473fd/gnocchi.b9aa8093-7a13-4ff6-9f01-b66c170518c8/none_v3 HTTP/1.0 404 - python-swiftclient-4.7.0 gAAAAABptFnO45R8... - 70 - txd9819771cf9242ec8a1dc-0069b459f0 - 0.0584 - - 1773427184.317273617 1773427184.375687361 0
Mar 13 14:39:44 np0005646497.novalocal object-server[101292]: ::1 - - [13/Mar/2026:18:39:44 +0000] "GET /3/213399/AUTH_2ba0d2092da448ff8897cf17bc9473fd/gnocchi.f67c41fd-20a0-40a2-82ee-a1a76d3be746/1773360000.0_mean_300.0_v3" 404 70 "GET https://[::1]:8080/v1/AUTH_2ba0d2092da448ff8897cf17bc9473fd/gnocchi.f67c41fd-20a0-40a2-82ee-a1a76d3be746/1773360000.0_mean_300.0_v3" "txc863ca815b574d41a4848-0069b459f0" "proxy-server 102438" 0.0004 "-" 101292 0
Mar 13 14:39:44 np0005646497.novalocal object-server[101292]: ::1 - - [13/Mar/2026:18:39:44 +0000] "GET /1/213399/AUTH_2ba0d2092da448ff8897cf17bc9473fd/gnocchi.f67c41fd-20a0-40a2-82ee-a1a76d3be746/1773360000.0_mean_300.0_v3" 404 70 "GET https://[::1]:8080/v1/AUTH_2ba0d2092da448ff8897cf17bc9473fd/gnocchi.f67c41fd-20a0-40a2-82ee-a1a76d3be746/1773360000.0_mean_300.0_v3" "txc863ca815b574d41a4848-0069b459f0" "proxy-server 102438" 0.0004 "-" 101292 0
Mar 13 14:39:44 np0005646497.novalocal object-server[101292]: ::1 - - [13/Mar/2026:18:39:44 +0000] "GET /2/213399/AUTH_2ba0d2092da448ff8897cf17bc9473fd/gnocchi.f67c41fd-20a0-40a2-82ee-a1a76d3be746/1773360000.0_mean_300.0_v3" 404 70 "GET https://[::1]:8080/v1/AUTH_2ba0d2092da448ff8897cf17bc9473fd/gnocchi.f67c41fd-20a0-40a2-82ee-a1a76d3be746/1773360000.0_mean_300.0_v3" "txc863ca815b574d41a4848-0069b459f0" "proxy-server 102438" 0.0004 "-" 101292 0
Mar 13 14:39:44 np0005646497.novalocal proxy-server[102438]: ::1 ::1 13/Mar/2026/18/39/44 GET /v1/AUTH_2ba0d2092da448ff8897cf17bc9473fd/gnocchi.f67c41fd-20a0-40a2-82ee-a1a76d3be746/1773360000.0_mean_300.0_v3 HTTP/1.0 404 - python-swiftclient-4.7.0 gAAAAABptFntGpFm... - 70 - txc863ca815b574d41a4848-0069b459f0 - 0.0175 - - 1773427184.369132996 1773427184.386598110 0
Mar 13 14:39:44 np0005646497.novalocal account-server[100513]: ::1 - - [13/Mar/2026:18:39:44 +0000] "PUT /3/102667/AUTH_2ba0d2092da448ff8897cf17bc9473fd/gnocchi.b9aa8093-7a13-4ff6-9f01-b66c170518c8" 201 - "PUT http://[::1]:6001/3/158058/AUTH_2ba0d2092da448ff8897cf17bc9473fd/gnocchi.b9aa8093-7a13-4ff6-9f01-b66c170518c8" "tx278a84972e7249bba65e5-0069b459f0" "container-server 100898" 0.0061 "-" 100513 0
Mar 13 14:39:44 np0005646497.novalocal container-server[100898]: ::1 - - [13/Mar/2026:18:39:44 +0000] "PUT /3/158058/AUTH_2ba0d2092da448ff8897cf17bc9473fd/gnocchi.b9aa8093-7a13-4ff6-9f01-b66c170518c8" 201 - "PUT https://[::1]:8080/v1/AUTH_2ba0d2092da448ff8897cf17bc9473fd/gnocchi.b9aa8093-7a13-4ff6-9f01-b66c170518c8" "tx278a84972e7249bba65e5-0069b459f0" "proxy-server 102438" 0.0227 "-" 100898 0
Mar 13 14:39:44 np0005646497.novalocal account-server[100513]: ::1 - - [13/Mar/2026:18:39:44 +0000] "PUT /1/102667/AUTH_2ba0d2092da448ff8897cf17bc9473fd/gnocchi.b9aa8093-7a13-4ff6-9f01-b66c170518c8" 201 - "PUT http://[::1]:6001/1/158058/AUTH_2ba0d2092da448ff8897cf17bc9473fd/gnocchi.b9aa8093-7a13-4ff6-9f01-b66c170518c8" "tx278a84972e7249bba65e5-0069b459f0" "container-server 100899" 0.0056 "-" 100513 0
Mar 13 14:39:44 np0005646497.novalocal container-server[100899]: ::1 - - [13/Mar/2026:18:39:44 +0000] "PUT /1/158058/AUTH_2ba0d2092da448ff8897cf17bc9473fd/gnocchi.b9aa8093-7a13-4ff6-9f01-b66c170518c8" 201 - "PUT https://[::1]:8080/v1/AUTH_2ba0d2092da448ff8897cf17bc9473fd/gnocchi.b9aa8093-7a13-4ff6-9f01-b66c170518c8" "tx278a84972e7249bba65e5-0069b459f0" "proxy-server 102438" 0.0327 "-" 100899 0
Mar 13 14:39:44 np0005646497.novalocal container-server[100899]: ::1 - - [13/Mar/2026:18:39:44 +0000] "PUT /3/222800/AUTH_2ba0d2092da448ff8897cf17bc9473fd/gnocchi.f67c41fd-20a0-40a2-82ee-a1a76d3be746/1773360000.0_mean_300.0_v3" 201 - "PUT http://[::1]:8080/1/213399/AUTH_2ba0d2092da448ff8897cf17bc9473fd/gnocchi.f67c41fd-20a0-40a2-82ee-a1a76d3be746/1773360000.0_mean_300.0_v3" "tx45bd98ec47d34f4084932-0069b459f0" "object-server 101293" 0.0005 "-" 100899 0
