Mar 13 14:39:44 np0005646497.novalocal proxy-server[102438]: - - 13/Mar/2026/18/39/44 HEAD /v1/AUTH_2ba0d2092da448ff8897cf17bc9473fd/gnocchi.8d3b1c4e-8be5-4ec6-b2b3-1224f923e7da HTTP/1.0 404 - Swift - - - - txcf88cfd03b954cd3a38b9-0069b459f0 - 0.0145 CS - 1773427184.733578205 1773427184.748110771 0
Mar 13 14:39:44 np0005646497.novalocal object-server[101293]: ::1 - - [13/Mar/2026:18:39:44 +0000] "GET /1/48549/AUTH_2ba0d2092da448ff8897cf17bc9473fd/gnocchi.ea810d8e-16a1-4b46-b46d-e1c5feae8356/none_v3" 404 70 "GET https://[::1]:8080/v1/AUTH_2ba0d2092da448ff8897cf17bc9473fd/gnocchi.ea810d8e-16a1-4b46-b46d-e1c5feae8356/none_v3" "tx9089d51820e3411bbabcc-0069b459f0" "proxy-server 102438" 0.0003 "-" 101293 0
Mar 13 14:39:44 np0005646497.novalocal object-server[101293]: ::1 - - [13/Mar/2026:18:39:44 +0000] "GET /1/198999/AUTH_2ba0d2092da448ff8897cf17bc9473fd/gnocchi.8d3b1c4e-8be5-4ec6-b2b3-1224f923e7da/none_v3" 404 70 "GET https://[::1]:8080/v1/AUTH_2ba0d2092da448ff8897cf17bc9473fd/gnocchi.8d3b1c4e-8be5-4ec6-b2b3-1224f923e7da/none_v3" "txcf88cfd03b954cd3a38b9-0069b459f0" "proxy-server 102438" 0.0002 "-" 101293 0
Mar 13 14:39:44 np0005646497.novalocal object-server[101293]: ::1 - - [13/Mar/2026:18:39:44 +0000] "GET /2/48549/AUTH_2ba0d2092da448ff8897cf17bc9473fd/gnocchi.ea810d8e-16a1-4b46-b46d-e1c5feae8356/none_v3" 404 70 "GET https://[::1]:8080/v1/AUTH_2ba0d2092da448ff8897cf17bc9473fd/gnocchi.ea810d8e-16a1-4b46-b46d-e1c5feae8356/none_v3" "tx9089d51820e3411bbabcc-0069b459f0" "proxy-server 102438" 0.0001 "-" 101293 0
Mar 13 14:39:44 np0005646497.novalocal object-server[101293]: ::1 - - [13/Mar/2026:18:39:44 +0000] "GET /2/198999/AUTH_2ba0d2092da448ff8897cf17bc9473fd/gnocchi.8d3b1c4e-8be5-4ec6-b2b3-1224f923e7da/none_v3" 404 70 "GET https://[::1]:8080/v1/AUTH_2ba0d2092da448ff8897cf17bc9473fd/gnocchi.8d3b1c4e-8be5-4ec6-b2b3-1224f923e7da/none_v3" "txcf88cfd03b954cd3a38b9-0069b459f0" "proxy-server 102438" 0.0001 "-" 101293 0
Mar 13 14:39:44 np0005646497.novalocal proxy-server[102438]: ::1 ::1 13/Mar/2026/18/39/44 GET /v1/AUTH_2ba0d2092da448ff8897cf17bc9473fd/gnocchi.ea810d8e-16a1-4b46-b46d-e1c5feae8356/none_v3 HTTP/1.0 404 - python-swiftclient-4.7.0 gAAAAABptFntGpFm... - 70 - tx9089d51820e3411bbabcc-0069b459f0 - 0.0296 - - 1773427184.725047827 1773427184.754657507 0
Mar 13 14:39:44 np0005646497.novalocal object-server[101292]: ::1 - - [13/Mar/2026:18:39:44 +0000] "GET /3/198999/AUTH_2ba0d2092da448ff8897cf17bc9473fd/gnocchi.8d3b1c4e-8be5-4ec6-b2b3-1224f923e7da/none_v3" 404 70 "GET https://[::1]:8080/v1/AUTH_2ba0d2092da448ff8897cf17bc9473fd/gnocchi.8d3b1c4e-8be5-4ec6-b2b3-1224f923e7da/none_v3" "txcf88cfd03b954cd3a38b9-0069b459f0" "proxy-server 102438" 0.0005 "-" 101292 0
Mar 13 14:39:44 np0005646497.novalocal proxy-server[102438]: ::1 ::1 13/Mar/2026/18/39/44 GET /v1/AUTH_2ba0d2092da448ff8897cf17bc9473fd/gnocchi.8d3b1c4e-8be5-4ec6-b2b3-1224f923e7da/none_v3 HTTP/1.0 404 - python-swiftclient-4.7.0 gAAAAABptFnO45R8... - 70 - txcf88cfd03b954cd3a38b9-0069b459f0 - 0.0344 - - 1773427184.731876373 1773427184.766259670 0
Mar 13 14:39:44 np0005646497.novalocal account-server[100514]: ::1 - - [13/Mar/2026:18:39:44 +0000] "PUT /2/102667/AUTH_2ba0d2092da448ff8897cf17bc9473fd/gnocchi.ea810d8e-16a1-4b46-b46d-e1c5feae8356" 201 - "PUT http://[::1]:6001/3/23837/AUTH_2ba0d2092da448ff8897cf17bc9473fd/gnocchi.ea810d8e-16a1-4b46-b46d-e1c5feae8356" "txe3bd5fe792fe468ca2308-0069b459f0" "container-server 100899" 0.0044 "-" 100514 0
Mar 13 14:39:44 np0005646497.novalocal account-server[100513]: ::1 - - [13/Mar/2026:18:39:44 +0000] "PUT /3/102667/AUTH_2ba0d2092da448ff8897cf17bc9473fd/gnocchi.ea810d8e-16a1-4b46-b46d-e1c5feae8356" 201 - "PUT http://[::1]:6001/1/23837/AUTH_2ba0d2092da448ff8897cf17bc9473fd/gnocchi.ea810d8e-16a1-4b46-b46d-e1c5feae8356" "txe3bd5fe792fe468ca2308-0069b459f0" "container-server 100898" 0.0045 "-" 100513 0
Mar 13 14:39:44 np0005646497.novalocal container-server[100898]: ::1 - - [13/Mar/2026:18:39:44 +0000] "PUT /1/23837/AUTH_2ba0d2092da448ff8897cf17bc9473fd/gnocchi.ea810d8e-16a1-4b46-b46d-e1c5feae8356" 201 - "PUT https://[::1]:8080/v1/AUTH_2ba0d2092da448ff8897cf17bc9473fd/gnocchi.ea810d8e-16a1-4b46-b46d-e1c5feae8356" "txe3bd5fe792fe468ca2308-0069b459f0" "proxy-server 102438" 0.0250 "-" 100898 0
Mar 13 14:39:44 np0005646497.novalocal account-server[100514]: ::1 - - [13/Mar/2026:18:39:44 +0000] "PUT /2/102667/AUTH_2ba0d2092da448ff8897cf17bc9473fd/gnocchi.8d3b1c4e-8be5-4ec6-b2b3-1224f923e7da" 201 - "PUT http://[::1]:6001/1/232479/AUTH_2ba0d2092da448ff8897cf17bc9473fd/gnocchi.8d3b1c4e-8be5-4ec6-b2b3-1224f923e7da" "txdade2e4016084f2b8e020-0069b459f0" "container-server 100898" 0.0040 "-" 100514 0
Mar 13 14:39:44 np0005646497.novalocal container-server[100898]: ::1 - - [13/Mar/2026:18:39:44 +0000] "PUT /1/232479/AUTH_2ba0d2092da448ff8897cf17bc9473fd/gnocchi.8d3b1c4e-8be5-4ec6-b2b3-1224f923e7da" 201 - "PUT https://[::1]:8080/v1/AUTH_2ba0d2092da448ff8897cf17bc9473fd/gnocchi.8d3b1c4e-8be5-4ec6-b2b3-1224f923e7da" "txdade2e4016084f2b8e020-0069b459f0" "proxy-server 102438" 0.0185 "-" 100898 0
Mar 13 14:39:44 np0005646497.novalocal container-server[100899]: ::1 - - [13/Mar/2026:18:39:44 +0000] "PUT /3/23837/AUTH_2ba0d2092da448ff8897cf17bc9473fd/gnocchi.ea810d8e-16a1-4b46-b46d-e1c5feae8356" 201 - "PUT https://[::1]:8080/v1/AUTH_2ba0d2092da448ff8897cf17bc9473fd/gnocchi.ea810d8e-16a1-4b46-b46d-e1c5feae8356" "txe3bd5fe792fe468ca2308-0069b459f0" "proxy-server 102438" 0.0480 "-" 100899 0
Mar 13 14:39:44 np0005646497.novalocal account-server[100513]: ::1 - - [13/Mar/2026:18:39:44 +0000] "PUT /3/102667/AUTH_2ba0d2092da448ff8897cf17bc9473fd/gnocchi.8d3b1c4e-8be5-4ec6-b2b3-1224f923e7da" 201 - "PUT http://[::1]:6001/3/232479/AUTH_2ba0d2092da448ff8897cf17bc9473fd/gnocchi.8d3b1c4e-8be5-4ec6-b2b3-1224f923e7da" "txdade2e4016084f2b8e020-0069b459f0" "container-server 100899" 0.0038 "-" 100513 0
Mar 13 14:39:44 np0005646497.novalocal container-server[100899]: ::1 - - [13/Mar/2026:18:39:44 +0000] "PUT /3/232479/AUTH_2ba0d2092da448ff8897cf17bc9473fd/gnocchi.8d3b1c4e-8be5-4ec6-b2b3-1224f923e7da" 201 - "PUT https://[::1]:8080/v1/AUTH_2ba0d2092da448ff8897cf17bc9473fd/gnocchi.8d3b1c4e-8be5-4ec6-b2b3-1224f923e7da" "txdade2e4016084f2b8e020-0069b459f0" "proxy-server 102438" 0.0162 "-" 100899 0
Mar 13 14:39:44 np0005646497.novalocal account-server[100513]: ::1 - - [13/Mar/2026:18:39:44 +0000] "PUT /1/102667/AUTH_2ba0d2092da448ff8897cf17bc9473fd/gnocchi.ea810d8e-16a1-4b46-b46d-e1c5feae8356" 201 - "PUT http://[::1]:6001/2/23837/AUTH_2ba0d2092da448ff8897cf17bc9473fd/gnocchi.ea810d8e-16a1-4b46-b46d-e1c5feae8356" "txe3bd5fe792fe468ca2308-0069b459f0" "container-server 100899" 0.0042 "-" 100513 0
Mar 13 14:39:44 np0005646497.novalocal container-server[100899]: ::1 - - [13/Mar/2026:18:39:44 +0000] "PUT /2/23837/AUTH_2ba0d2092da448ff8897cf17bc9473fd/gnocchi.ea810d8e-16a1-4b46-b46d-e1c5feae8356" 201 - "PUT https://[::1]:8080/v1/AUTH_2ba0d2092da448ff8897cf17bc9473fd/gnocchi.ea810d8e-16a1-4b46-b46d-e1c5feae8356" "txe3bd5fe792fe468ca2308-0069b459f0" "proxy-server 102438" 0.0403 "-" 100899 0
Mar 13 14:39:44 np0005646497.novalocal proxy-server[102438]: ::1 ::1 13/Mar/2026/18/39/44 PUT /v1/AUTH_2ba0d2092da448ff8897cf17bc9473fd/gnocchi.ea810d8e-16a1-4b46-b46d-e1c5feae8356 HTTP/1.0 201 - python-swiftclient-4.7.0 gAAAAABptFntGpFm... - - - txe3bd5fe792fe468ca2308-0069b459f0 - 0.0654 - - 1773427184.758308411 1773427184.823672295 0
Mar 13 14:39:44 np0005646497.novalocal account-server[100513]: ::1 - - [13/Mar/2026:18:39:44 +0000] "PUT /1/102667/AUTH_2ba0d2092da448ff8897cf17bc9473fd/gnocchi.8d3b1c4e-8be5-4ec6-b2b3-1224f923e7da" 201 - "PUT http://[::1]:6001/2/232479/AUTH_2ba0d2092da448ff8897cf17bc9473fd/gnocchi.8d3b1c4e-8be5-4ec6-b2b3-1224f923e7da" "txdade2e4016084f2b8e020-0069b459f0" "container-server 100899" 0.0043 "-" 100513 0
Mar 13 14:39:44 np0005646497.novalocal container-server[100899]: ::1 - - [13/Mar/2026:18:39:44 +0000] "PUT /2/232479/AUTH_2ba0d2092da448ff8897cf17bc9473fd/gnocchi.8d3b1c4e-8be5-4ec6-b2b3-1224f923e7da" 201 - "PUT https://[::1]:8080/v1/AUTH_2ba0d2092da448ff8897cf17bc9473fd/gnocchi.8d3b1c4e-8be5-4ec6-b2b3-1224f923e7da" "txdade2e4016084f2b8e020-0069b459f0" "proxy-server 102438" 0.0318 "-" 100899 0
Mar 13 14:39:44 np0005646497.novalocal proxy-server[102438]: ::1 ::1 13/Mar/2026/18/39/44 PUT /v1/AUTH_2ba0d2092da448ff8897cf17bc9473fd/gnocchi.8d3b1c4e-8be5-4ec6-b2b3-1224f923e7da HTTP/1.0 201 - python-swiftclient-4.7.0 gAAAAABptFnO45R8... - - - txdade2e4016084f2b8e020-0069b459f0 - 0.0569 - - 1773427184.769760609 1773427184.826667547 0
Mar 13 14:39:44 np0005646497.novalocal container-server[100899]: ::1 - - [13/Mar/2026:18:39:44 +0000] "HEAD /2/23837/AUTH_2ba0d2092da448ff8897cf17bc9473fd/gnocchi.ea810d8e-16a1-4b46-b46d-e1c5feae8356" 204 - "HEAD http://[::1]:8080/v1/AUTH_2ba0d2092da448ff8897cf17bc9473fd/gnocchi.ea810d8e-16a1-4b46-b46d-e1c5feae8356" "tx07c996e7633447939197e-0069b459f0" "proxy-server 102438" 0.0017 "-" 100899 0
Mar 13 14:39:44 np0005646497.novalocal container-server[100898]: ::1 - - [13/Mar/2026:18:39:44 +0000] "HEAD /2/232479/AUTH_2ba0d2092da448ff8897cf17bc9473fd/gnocchi.8d3b1c4e-8be5-4ec6-b2b3-1224f923e7da" 204 - "HEAD http://[::1]:8080/v1/AUTH_2ba0d2092da448ff8897cf17bc9473fd/gnocchi.8d3b1c4e-8be5-4ec6-b2b3-1224f923e7da" "tx1ab3c4524bf546f9bb6ba-0069b459f0" "proxy-server 102438" 0.0017 "-" 100898 0
Mar 13 14:39:44 np0005646497.novalocal proxy-server[102438]: - - 13/Mar/2026/18/39/44 HEAD /v1/AUTH_2ba0d2092da448ff8897cf17bc9473fd/gnocchi.ea810d8e-16a1-4b46-b46d-e1c5feae8356 HTTP/1.0 204 - Swift - - - - tx07c996e7633447939197e-0069b459f0 - 0.0073 CS - 1773427184.830901146 1773427184.838212967 0
Mar 13 14:39:44 np0005646497.novalocal proxy-server[102438]: - - 13/Mar/2026/18/39/44 HEAD /v1/AUTH_2ba0d2092da448ff8897cf17bc9473fd/gnocchi.8d3b1c4e-8be5-4ec6-b2b3-1224f923e7da HTTP/1.0 204 - Swift - - - - tx1ab3c4524bf546f9bb6ba-0069b459f0 - 0.0078 CS - 1773427184.832761526 1773427184.840550900 0
Mar 13 14:39:44 np0005646497.novalocal container-server[100899]: ::1 - - [13/Mar/2026:18:39:44 +0000] "GET /2/23837/AUTH_2ba0d2092da448ff8897cf17bc9473fd/gnocchi.ea810d8e-16a1-4b46-b46d-e1c5feae8356" 200 2 "GET https://[::1]:8080/v1/AUTH_2ba0d2092da448ff8897cf17bc9473fd/gnocchi.ea810d8e-16a1-4b46-b46d-e1c5feae8356?format=json&states=listing" "tx07c996e7633447939197e-0069b459f0" "proxy-server 102438" 0.0020 "-" 100899 0
Mar 13 14:39:44 np0005646497.novalocal container-server[100898]: ::1 - - [13/Mar/2026:18:39:44 +0000] "GET /1/232479/AUTH_2ba0d2092da448ff8897cf17bc9473fd/gnocchi.8d3b1c4e-8be5-4ec6-b2b3-1224f923e7da" 200 2 "GET https://[::1]:8080/v1/AUTH_2ba0d2092da448ff8897cf17bc9473fd/gnocchi.8d3b1c4e-8be5-4ec6-b2b3-1224f923e7da?format=json&states=listing" "tx1ab3c4524bf546f9bb6ba-0069b459f0" "proxy-server 102438" 0.0023 "-" 100898 0
Mar 13 14:39:44 np0005646497.novalocal proxy-server[102438]: ::1 ::1 13/Mar/2026/18/39/44 GET /v1/AUTH_2ba0d2092da448ff8897cf17bc9473fd/gnocchi.ea810d8e-16a1-4b46-b46d-e1c5feae8356%3Fformat%3Djson%26states%3Dlisting HTTP/1.0 200 - python-swiftclient-4.7.0 gAAAAABptFntGpFm... - 2 - tx07c996e7633447939197e-0069b459f0 - 0.0251 - - 1773427184.828223467 1773427184.853293419 0
Mar 13 14:39:44 np0005646497.novalocal proxy-server[102438]: ::1 ::1 13/Mar/2026/18/39/44 GET /v1/AUTH_2ba0d2092da448ff8897cf17bc9473fd/gnocchi.8d3b1c4e-8be5-4ec6-b2b3-1224f923e7da%3Fformat%3Djson%26states%3Dlisting HTTP/1.0 200 - python-swiftclient-4.7.0 gAAAAABptFnO45R8... - 2 - tx1ab3c4524bf546f9bb6ba-0069b459f0 - 0.0267 - - 1773427184.830162525 1773427184.856854200 0
Mar 13 14:39:44 np0005646497.novalocal object-server[101293]: ::1 - - [13/Mar/2026:18:39:44 +0000] "GET /3/150244/AUTH_2ba0d2092da448ff8897cf17bc9473fd/gnocchi.ea810d8e-16a1-4b46-b46d-e1c5feae8356/1773360000.0_mean_300.0_v3" 404 70 "GET https://[::1]:8080/v1/AUTH_2ba0d2092da448ff8897cf17bc9473fd/gnocchi.ea810d8e-16a1-4b46-b46d-e1c5feae8356/1773360000.0_mean_300.0_v3" "tx7e4efc00c731492fb4646-0069b459f0" "proxy-server 102438" 0.0005 "-" 101293 0
Mar 13 14:39:44 np0005646497.novalocal object-server[101292]: ::1 - - [13/Mar/2026:18:39:44 +0000] "GET /1/152637/AUTH_2ba0d2092da448ff8897cf17bc9473fd/gnocchi.8d3b1c4e-8be5-4ec6-b2b3-1224f923e7da/1773360000.0_mean_300.0_v3" 404 70 "GET https://[::1]:8080/v1/AUTH_2ba0d2092da448ff8897cf17bc9473fd/gnocchi.8d3b1c4e-8be5-4ec6-b2b3-1224f923e7da/1773360000.0_mean_300.0_v3" "tx634953382c454437aa5e3-0069b459f0" "proxy-server 102438" 0.0004 "-" 101292 0
Mar 13 14:39:44 np0005646497.novalocal object-server[101293]: ::1 - - [13/Mar/2026:18:39:44 +0000] "GET /1/150244/AUTH_2ba0d2092da448ff8897cf17bc9473fd/gnocchi.ea810d8e-16a1-4b46-b46d-e1c5feae8356/1773360000.0_mean_300.0_v3" 404 70 "GET https://[::1]:8080/v1/AUTH_2ba0d2092da448ff8897cf17bc9473fd/gnocchi.ea810d8e-16a1-4b46-b46d-e1c5feae8356/1773360000.0_mean_300.0_v3" "tx7e4efc00c731492fb4646-0069b459f0" "proxy-server 102438" 0.0004 "-" 101293 0
Mar 13 14:39:44 np0005646497.novalocal object-server[101292]: ::1 - - [13/Mar/2026:18:39:44 +0000] "GET /2/152637/AUTH_2ba0d2092da448ff8897cf17bc9473fd/gnocchi.8d3b1c4e-8be5-4ec6-b2b3-1224f923e7da/1773360000.0_mean_300.0_v3" 404 70 "GET https://[::1]:8080/v1/AUTH_2ba0d2092da448ff8897cf17bc9473fd/gnocchi.8d3b1c4e-8be5-4ec6-b2b3-1224f923e7da/1773360000.0_mean_300.0_v3" "tx634953382c454437aa5e3-0069b459f0" "proxy-server 102438" 0.0004 "-" 101292 0
Mar 13 14:39:44 np0005646497.novalocal object-server[101293]: ::1 - - [13/Mar/2026:18:39:44 +0000] "GET /2/150244/AUTH_2ba0d2092da448ff8897cf17bc9473fd/gnocchi.ea810d8e-16a1-4b46-b46d-e1c5feae8356/1773360000.0_mean_300.0_v3" 404 70 "GET https://[::1]:8080/v1/AUTH_2ba0d2092da448ff8897cf17bc9473fd/gnocchi.ea810d8e-16a1-4b46-b46d-e1c5feae8356/1773360000.0_mean_300.0_v3" "tx7e4efc00c731492fb4646-0069b459f0" "proxy-server 102438" 0.0004 "-" 101293 0
Mar 13 14:39:44 np0005646497.novalocal object-server[101293]: ::1 - - [13/Mar/2026:18:39:44 +0000] "GET /3/152637/AUTH_2ba0d2092da448ff8897cf17bc9473fd/gnocchi.8d3b1c4e-8be5-4ec6-b2b3-1224f923e7da/1773360000.0_mean_300.0_v3" 404 70 "GET https://[::1]:8080/v1/AUTH_2ba0d2092da448ff8897cf17bc9473fd/gnocchi.8d3b1c4e-8be5-4ec6-b2b3-1224f923e7da/1773360000.0_mean_300.0_v3" "tx634953382c454437aa5e3-0069b459f0" "proxy-server 102438" 0.0003 "-" 101293 0
Mar 13 14:39:44 np0005646497.novalocal proxy-server[102438]: ::1 ::1 13/Mar/2026/18/39/44 GET /v1/AUTH_2ba0d2092da448ff8897cf17bc9473fd/gnocchi.ea810d8e-16a1-4b46-b46d-e1c5feae8356/1773360000.0_mean_300.0_v3 HTTP/1.0 404 - python-swiftclient-4.7.0 gAAAAABptFntGpFm... - 70 - tx7e4efc00c731492fb4646-0069b459f0 - 0.0237 - - 1773427184.858290195 1773427184.882022381 0
Mar 13 14:39:44 np0005646497.novalocal proxy-server[102438]: ::1 ::1 13/Mar/2026/18/39/44 GET /v1/AUTH_2ba0d2092da448ff8897cf17bc9473fd/gnocchi.8d3b1c4e-8be5-4ec6-b2b3-1224f923e7da/1773360000.0_mean_300.0_v3 HTTP/1.0 404 - python-swiftclient-4.7.0 gAAAAABptFnO45R8... - 70 - tx634953382c454437aa5e3-0069b459f0 - 0.0234 - - 1773427184.860669374 1773427184.884035826 0
Mar 13 14:39:44 np0005646497.novalocal container-server[100898]: ::1 - - [13/Mar/2026:18:39:44 +0000] "PUT /1/232479/AUTH_2ba0d2092da448ff8897cf17bc9473fd/gnocchi.8d3b1c4e-8be5-4ec6-b2b3-1224f923e7da/1773360000.0_mean_300.0_v3" 201 - "PUT http://[::1]:8080/2/152637/AUTH_2ba0d2092da448ff8897cf17bc9473fd/gnocchi.8d3b1c4e-8be5-4ec6-b2b3-1224f923e7da/1773360000.0_mean_300.0_v3" "txae3fa9905e104ffd9f510-0069b459f0" "object-server 101292" 0.0007 "-" 100898 0
Mar 13 14:39:44 np0005646497.novalocal object-server[101292]: ::1 - - [13/Mar/2026:18:39:44 +0000] "PUT /2/152637/AUTH_2ba0d2092da448ff8897cf17bc9473fd/gnocchi.8d3b1c4e-8be5-4ec6-b2b3-1224f923e7da/1773360000.0_mean_300.0_v3" 201 - "PUT https://[::1]:8080/v1/AUTH_2ba0d2092da448ff8897cf17bc9473fd/gnocchi.8d3b1c4e-8be5-4ec6-b2b3-1224f923e7da/1773360000.0_mean_300.0_v3" "txae3fa9905e104ffd9f510-0069b459f0" "proxy-server 102438" 0.0137 "-" 101292 0
Mar 13 14:39:44 np0005646497.novalocal container-server[100899]: ::1 - - [13/Mar/2026:18:39:44 +0000] "PUT /2/232479/AUTH_2ba0d2092da448ff8897cf17bc9473fd/gnocchi.8d3b1c4e-8be5-4ec6-b2b3-1224f923e7da/1773360000.0_mean_300.0_v3" 201 - "PUT http://[::1]:8080/1/152637/AUTH_2ba0d2092da448ff8897cf17bc9473fd/gnocchi.8d3b1c4e-8be5-4ec6-b2b3-1224f923e7da/1773360000.0_mean_300.0_v3" "txae3fa9905e104ffd9f510-0069b459f0" "object-server 101293" 0.0007 "-" 100899 0
Mar 13 14:39:44 np0005646497.novalocal container-server[100898]: ::1 - - [13/Mar/2026:18:39:44 +0000] "PUT /3/232479/AUTH_2ba0d2092da448ff8897cf17bc9473fd/gnocchi.8d3b1c4e-8be5-4ec6-b2b3-1224f923e7da/1773360000.0_mean_300.0_v3" 201 - "PUT http://[::1]:8080/3/152637/AUTH_2ba0d2092da448ff8897cf17bc9473fd/gnocchi.8d3b1c4e-8be5-4ec6-b2b3-1224f923e7da/1773360000.0_mean_300.0_v3" "txae3fa9905e104ffd9f510-0069b459f0" "object-server 101292" 0.0005 "-" 100898 0
Mar 13 14:39:44 np0005646497.novalocal object-server[101293]: ::1 - - [13/Mar/2026:18:39:44 +0000] "PUT /1/152637/AUTH_2ba0d2092da448ff8897cf17bc9473fd/gnocchi.8d3b1c4e-8be5-4ec6-b2b3-1224f923e7da/1773360000.0_mean_300.0_v3" 201 - "PUT https://[::1]:8080/v1/AUTH_2ba0d2092da448ff8897cf17bc9473fd/gnocchi.8d3b1c4e-8be5-4ec6-b2b3-1224f923e7da/1773360000.0_mean_300.0_v3" "txae3fa9905e104ffd9f510-0069b459f0" "proxy-server 102438" 0.0144 "-" 101293 0
Mar 13 14:39:44 np0005646497.novalocal object-server[101292]: ::1 - - [13/Mar/2026:18:39:44 +0000] "PUT /3/152637/AUTH_2ba0d2092da448ff8897cf17bc9473fd/gnocchi.8d3b1c4e-8be5-4ec6-b2b3-1224f923e7da/1773360000.0_mean_300.0_v3" 201 - "PUT https://[::1]:8080/v1/AUTH_2ba0d2092da448ff8897cf17bc9473fd/gnocchi.8d3b1c4e-8be5-4ec6-b2b3-1224f923e7da/1773360000.0_mean_300.0_v3" "txae3fa9905e104ffd9f510-0069b459f0" "proxy-server 102438" 0.0170 "-" 101292 0
Mar 13 14:39:44 np0005646497.novalocal container-server[100899]: ::1 - - [13/Mar/2026:18:39:44 +0000] "PUT /2/23837/AUTH_2ba0d2092da448ff8897cf17bc9473fd/gnocchi.ea810d8e-16a1-4b46-b46d-e1c5feae8356/1773360000.0_mean_300.0_v3" 201 - "PUT http://[::1]:8080/1/150244/AUTH_2ba0d2092da448ff8897cf17bc9473fd/gnocchi.ea810d8e-16a1-4b46-b46d-e1c5feae8356/1773360000.0_mean_300.0_v3" "txb6d77f663b6c4faabfc65-0069b459f0" "object-server 101293" 0.0005 "-" 100899 0
Mar 13 14:39:44 np0005646497.novalocal proxy-server[102438]: ::1 ::1 13/Mar/2026/18/39/44 PUT /v1/AUTH_2ba0d2092da448ff8897cf17bc9473fd/gnocchi.8d3b1c4e-8be5-4ec6-b2b3-1224f923e7da/1773360000.0_mean_300.0_v3 HTTP/1.0 201 - python-swiftclient-4.7.0 gAAAAABptFnO45R8... 16 - - txae3fa9905e104ffd9f510-0069b459f0 - 0.0320 - - 1773427184.886970282 1773427184.918950796 0
Mar 13 14:39:44 np0005646497.novalocal container-server[100898]: ::1 - - [13/Mar/2026:18:39:44 +0000] "PUT /3/23837/AUTH_2ba0d2092da448ff8897cf17bc9473fd/gnocchi.ea810d8e-16a1-4b46-b46d-e1c5feae8356/1773360000.0_mean_300.0_v3" 201 - "PUT http://[::1]:8080/2/150244/AUTH_2ba0d2092da448ff8897cf17bc9473fd/gnocchi.ea810d8e-16a1-4b46-b46d-e1c5feae8356/1773360000.0_mean_300.0_v3" "txb6d77f663b6c4faabfc65-0069b459f0" "object-server 101292" 0.0005 "-" 100898 0
Mar 13 14:39:44 np0005646497.novalocal object-server[101293]: ::1 - - [13/Mar/2026:18:39:44 +0000] "PUT /1/150244/AUTH_2ba0d2092da448ff8897cf17bc9473fd/gnocchi.ea810d8e-16a1-4b46-b46d-e1c5feae8356/1773360000.0_mean_300.0_v3" 201 - "PUT https://[::1]:8080/v1/AUTH_2ba0d2092da448ff8897cf17bc9473fd/gnocchi.ea810d8e-16a1-4b46-b46d-e1c5feae8356/1773360000.0_mean_300.0_v3" "txb6d77f663b6c4faabfc65-0069b459f0" "proxy-server 102438" 0.0181 "-" 101293 0
Mar 13 14:39:44 np0005646497.novalocal container-server[100898]: ::1 - - [13/Mar/2026:18:39:44 +0000] "PUT /1/23837/AUTH_2ba0d2092da448ff8897cf17bc9473fd/gnocchi.ea810d8e-16a1-4b46-b46d-e1c5feae8356/1773360000.0_mean_300.0_v3" 201 - "PUT http://[::1]:8080/3/150244/AUTH_2ba0d2092da448ff8897cf17bc9473fd/gnocchi.ea810d8e-16a1-4b46-b46d-e1c5feae8356/1773360000.0_mean_300.0_v3" "txb6d77f663b6c4faabfc65-0069b459f0" "object-server 101293" 0.0004 "-" 100898 0
Mar 13 14:39:44 np0005646497.novalocal object-server[101293]: ::1 - - [13/Mar/2026:18:39:44 +0000] "PUT /3/150244/AUTH_2ba0d2092da448ff8897cf17bc9473fd/gnocchi.ea810d8e-16a1-4b46-b46d-e1c5feae8356/1773360000.0_mean_300.0_v3" 201 - "PUT https://[::1]:8080/v1/AUTH_2ba0d2092da448ff8897cf17bc9473fd/gnocchi.ea810d8e-16a1-4b46-b46d-e1c5feae8356/1773360000.0_mean_300.0_v3" "txb6d77f663b6c4faabfc65-0069b459f0" "proxy-server 102438" 0.0164 "-" 101293 0
Mar 13 14:39:44 np0005646497.novalocal object-server[101292]: ::1 - - [13/Mar/2026:18:39:44 +0000] "PUT /2/150244/AUTH_2ba0d2092da448ff8897cf17bc9473fd/gnocchi.ea810d8e-16a1-4b46-b46d-e1c5feae8356/1773360000.0_mean_300.0_v3" 201 - "PUT https://[::1]:8080/v1/AUTH_2ba0d2092da448ff8897cf17bc9473fd/gnocchi.ea810d8e-16a1-4b46-b46d-e1c5feae8356/1773360000.0_mean_300.0_v3" "txb6d77f663b6c4faabfc65-0069b459f0" "proxy-server 102438" 0.0181 "-" 101292 0
Mar 13 14:39:44 np0005646497.novalocal proxy-server[102438]: ::1 ::1 13/Mar/2026/18/39/44 PUT /v1/AUTH_2ba0d2092da448ff8897cf17bc9473fd/gnocchi.ea810d8e-16a1-4b46-b46d-e1c5feae8356/1773360000.0_mean_300.0_v3 HTTP/1.0 201 - python-swiftclient-4.7.0 gAAAAABptFntGpFm... 16 - - txb6d77f663b6c4faabfc65-0069b459f0 - 0.0372 - - 1773427184.885467529 1773427184.922711134 0
Mar 13 14:39:44 np0005646497.novalocal container-server[100898]: ::1 - - [13/Mar/2026:18:39:44 +0000] "PUT /3/232479/AUTH_2ba0d2092da448ff8897cf17bc9473fd/gnocchi.8d3b1c4e-8be5-4ec6-b2b3-1224f923e7da/none_v3" 201 - "PUT http://[::1]:8080/2/198999/AUTH_2ba0d2092da448ff8897cf17bc9473fd/gnocchi.8d3b1c4e-8be5-4ec6-b2b3-1224f923e7da/none_v3" "txe5cf7d845ee6456fa5250-0069b459f0" "object-server 101292" 0.0007 "-" 100898 0
Mar 13 14:39:44 np0005646497.novalocal object-server[101292]: ::1 - - [13/Mar/2026:18:39:44 +0000] "PUT /2/198999/AUTH_2ba0d2092da448ff8897cf17bc9473fd/gnocchi.8d3b1c4e-8be5-4ec6-b2b3-1224f923e7da/none_v3" 201 - "PUT https://[::1]:8080/v1/AUTH_2ba0d2092da448ff8897cf17bc9473fd/gnocchi.8d3b1c4e-8be5-4ec6-b2b3-1224f923e7da/none_v3" "txe5cf7d845ee6456fa5250-0069b459f0" "proxy-server 102438" 0.0160 "-" 101292 0
Mar 13 14:39:44 np0005646497.novalocal container-server[100898]: ::1 - - [13/Mar/2026:18:39:44 +0000] "PUT /1/232479/AUTH_2ba0d2092da448ff8897cf17bc9473fd/gnocchi.8d3b1c4e-8be5-4ec6-b2b3-1224f923e7da/none_v3" 201 - "PUT http://[::1]:8080/3/198999/AUTH_2ba0d2092da448ff8897cf17bc9473fd/gnocchi.8d3b1c4e-8be5-4ec6-b2b3-1224f923e7da/none_v3" "txe5cf7d845ee6456fa5250-0069b459f0" "object-server 101292" 0.0006 "-" 100898 0
Mar 13 14:39:44 np0005646497.novalocal object-server[101292]: ::1 - - [13/Mar/2026:18:39:44 +0000] "PUT /3/198999/AUTH_2ba0d2092da448ff8897cf17bc9473fd/gnocchi.8d3b1c4e-8be5-4ec6-b2b3-1224f923e7da/none_v3" 201 - "PUT https://[::1]:8080/v1/AUTH_2ba0d2092da448ff8897cf17bc9473fd/gnocchi.8d3b1c4e-8be5-4ec6-b2b3-1224f923e7da/none_v3" "txe5cf7d845ee6456fa5250-0069b459f0" "proxy-server 102438" 0.0165 "-" 101292 0
Mar 13 14:39:44 np0005646497.novalocal container-server[100899]: ::1 - - [13/Mar/2026:18:39:44 +0000] "PUT /2/23837/AUTH_2ba0d2092da448ff8897cf17bc9473fd/gnocchi.ea810d8e-16a1-4b46-b46d-e1c5feae8356/none_v3" 201 - "PUT http://[::1]:8080/3/48549/AUTH_2ba0d2092da448ff8897cf17bc9473fd/gnocchi.ea810d8e-16a1-4b46-b46d-e1c5feae8356/none_v3" "tx6251fdef8b4c4212b6fc7-0069b459f0" "object-server 101293" 0.0004 "-" 100899 0
Mar 13 14:39:44 np0005646497.novalocal container-server[100899]: ::1 - - [13/Mar/2026:18:39:44 +0000] "PUT /2/232479/AUTH_2ba0d2092da448ff8897cf17bc9473fd/gnocchi.8d3b1c4e-8be5-4ec6-b2b3-1224f923e7da/none_v3" 201 - "PUT http://[::1]:8080/1/198999/AUTH_2ba0d2092da448ff8897cf17bc9473fd/gnocchi.8d3b1c4e-8be5-4ec6-b2b3-1224f923e7da/none_v3" "txe5cf7d845ee6456fa5250-0069b459f0" "object-server 101293" 0.0003 "-" 100899 0
Mar 13 14:39:44 np0005646497.novalocal object-server[101293]: ::1 - - [13/Mar/2026:18:39:44 +0000] "PUT /3/48549/AUTH_2ba0d2092da448ff8897cf17bc9473fd/gnocchi.ea810d8e-16a1-4b46-b46d-e1c5feae8356/none_v3" 201 - "PUT https://[::1]:8080/v1/AUTH_2ba0d2092da448ff8897cf17bc9473fd/gnocchi.ea810d8e-16a1-4b46-b46d-e1c5feae8356/none_v3" "tx6251fdef8b4c4212b6fc7-0069b459f0" "proxy-server 102438" 0.0126 "-" 101293 0
Mar 13 14:39:44 np0005646497.novalocal container-server[100898]: ::1 - - [13/Mar/2026:18:39:44 +0000] "PUT /1/23837/AUTH_2ba0d2092da448ff8897cf17bc9473fd/gnocchi.ea810d8e-16a1-4b46-b46d-e1c5feae8356/none_v3" 201 - "PUT http://[::1]:8080/2/48549/AUTH_2ba0d2092da448ff8897cf17bc9473fd/gnocchi.ea810d8e-16a1-4b46-b46d-e1c5feae8356/none_v3" "tx6251fdef8b4c4212b6fc7-0069b459f0" "object-server 101293" 0.0006 "-" 100898 0
Mar 13 14:39:44 np0005646497.novalocal container-server[100899]: ::1 - - [13/Mar/2026:18:39:44 +0000] "PUT /3/23837/AUTH_2ba0d2092da448ff8897cf17bc9473fd/gnocchi.ea810d8e-16a1-4b46-b46d-e1c5feae8356/none_v3" 201 - "PUT http://[::1]:8080/1/48549/AUTH_2ba0d2092da448ff8897cf17bc9473fd/gnocchi.ea810d8e-16a1-4b46-b46d-e1c5feae8356/none_v3" "tx6251fdef8b4c4212b6fc7-0069b459f0" "object-server 101293" 0.0003 "-" 100899 0
Mar 13 14:39:44 np0005646497.novalocal object-server[101293]: ::1 - - [13/Mar/2026:18:39:44 +0000] "PUT /1/198999/AUTH_2ba0d2092da448ff8897cf17bc9473fd/gnocchi.8d3b1c4e-8be5-4ec6-b2b3-1224f923e7da/none_v3" 201 - "PUT https://[::1]:8080/v1/AUTH_2ba0d2092da448ff8897cf17bc9473fd/gnocchi.8d3b1c4e-8be5-4ec6-b2b3-1224f923e7da/none_v3" "txe5cf7d845ee6456fa5250-0069b459f0" "proxy-server 102438" 0.0227 "-" 101293 0
Mar 13 14:39:44 np0005646497.novalocal proxy-server[102438]: ::1 ::1 13/Mar/2026/18/39/44 PUT /v1/AUTH_2ba0d2092da448ff8897cf17bc9473fd/gnocchi.8d3b1c4e-8be5-4ec6-b2b3-1224f923e7da/none_v3 HTTP/1.0 201 - python-swiftclient-4.7.0 gAAAAABptFnO45R8... 22 - - txe5cf7d845ee6456fa5250-0069b459f0 - 0.0321 - - 1773427184.921687603 1773427184.953774929 0
Mar 13 14:39:44 np0005646497.novalocal object-server[101293]: ::1 - - [13/Mar/2026:18:39:44 +0000] "PUT /2/48549/AUTH_2ba0d2092da448ff8897cf17bc9473fd/gnocchi.ea810d8e-16a1-4b46-b46d-e1c5feae8356/none_v3" 201 - "PUT https://[::1]:8080/v1/AUTH_2ba0d2092da448ff8897cf17bc9473fd/gnocchi.ea810d8e-16a1-4b46-b46d-e1c5feae8356/none_v3" "tx6251fdef8b4c4212b6fc7-0069b459f0" "proxy-server 102438" 0.0169 "-" 101293 0
Mar 13 14:39:44 np0005646497.novalocal object-server[101293]: ::1 - - [13/Mar/2026:18:39:44 +0000] "PUT /1/48549/AUTH_2ba0d2092da448ff8897cf17bc9473fd/gnocchi.ea810d8e-16a1-4b46-b46d-e1c5feae8356/none_v3" 201 - "PUT https://[::1]:8080/v1/AUTH_2ba0d2092da448ff8897cf17bc9473fd/gnocchi.ea810d8e-16a1-4b46-b46d-e1c5feae8356/none_v3" "tx6251fdef8b4c4212b6fc7-0069b459f0" "proxy-server 102438" 0.0201 "-" 101293 0
Mar 13 14:39:44 np0005646497.novalocal proxy-server[102438]: ::1 ::1 13/Mar/2026/18/39/44 PUT /v1/AUTH_2ba0d2092da448ff8897cf17bc9473fd/gnocchi.ea810d8e-16a1-4b46-b46d-e1c5feae8356/none_v3 HTTP/1.0 201 - python-swiftclient-4.7.0 gAAAAABptFntGpFm... 22 - - tx6251fdef8b4c4212b6fc7-0069b459f0 - 0.0268 - - 1773427184.928859472 1773427184.955700636 0
Mar 13 14:39:44 np0005646497.novalocal container-server[100899]: ::1 - - [13/Mar/2026:18:39:44 +0000] "HEAD /3/80199/AUTH_2ba0d2092da448ff8897cf17bc9473fd/gnocchi.63a89702-257e-45b7-bda7-a26518f32663" 404 - "HEAD http://[::1]:8080/v1/AUTH_2ba0d2092da448ff8897cf17bc9473fd/gnocchi.63a89702-257e-45b7-bda7-a26518f32663" "tx0430a1803e6b4bbe8e343-0069b459f0" "proxy-server 102438" 0.0005 "-" 100899 0
Mar 13 14:39:44 np0005646497.novalocal container-server[100899]: ::1 - - [13/Mar/2026:18:39:44 +0000] "HEAD /1/80199/AUTH_2ba0d2092da448ff8897cf17bc9473fd/gnocchi.63a89702-257e-45b7-bda7-a26518f32663" 404 - "HEAD http://[::1]:8080/v1/AUTH_2ba0d2092da448ff8897cf17bc9473fd/gnocchi.63a89702-257e-45b7-bda7-a26518f32663" "tx0430a1803e6b4bbe8e343-0069b459f0" "proxy-server 102438" 0.0004 "-" 100899 0
Mar 13 14:39:44 np0005646497.novalocal container-server[100899]: ::1 - - [13/Mar/2026:18:39:44 +0000] "HEAD /2/80199/AUTH_2ba0d2092da448ff8897cf17bc9473fd/gnocchi.63a89702-257e-45b7-bda7-a26518f32663" 404 - "HEAD http://[::1]:8080/v1/AUTH_2ba0d2092da448ff8897cf17bc9473fd/gnocchi.63a89702-257e-45b7-bda7-a26518f32663" "tx0430a1803e6b4bbe8e343-0069b459f0" "proxy-server 102438" 0.0004 "-" 100899 0
Mar 13 14:39:44 np0005646497.novalocal proxy-server[102438]: - - 13/Mar/2026/18/39/44 HEAD /v1/AUTH_2ba0d2092da448ff8897cf17bc9473fd/gnocchi.63a89702-257e-45b7-bda7-a26518f32663 HTTP/1.0 404 - Swift - - - - tx0430a1803e6b4bbe8e343-0069b459f0 - 0.0114 CS - 1773427184.976252079 1773427184.987654924 0
Mar 13 14:39:44 np0005646497.novalocal object-server[101293]: ::1 - - [13/Mar/2026:18:39:44 +0000] "GET /2/175511/AUTH_2ba0d2092da448ff8897cf17bc9473fd/gnocchi.63a89702-257e-45b7-bda7-a26518f32663/none_v3" 404 70 "GET https://[::1]:8080/v1/AUTH_2ba0d2092da448ff8897cf17bc9473fd/gnocchi.63a89702-257e-45b7-bda7-a26518f32663/none_v3" "tx0430a1803e6b4bbe8e343-0069b459f0" "proxy-server 102438" 0.0005 "-" 101293 0
Mar 13 14:39:44 np0005646497.novalocal container-server[100898]: ::1 - - [13/Mar/2026:18:39:44 +0000] "HEAD /2/218485/AUTH_2ba0d2092da448ff8897cf17bc9473fd/gnocchi.620cbb89-4929-4d57-b818-170d6edfa669" 404 - "HEAD http://[::1]:8080/v1/AUTH_2ba0d2092da448ff8897cf17bc9473fd/gnocchi.620cbb89-4929-4d57-b818-170d6edfa669" "tx32ae31f164794f338afad-0069b459f0" "proxy-server 102438" 0.0004 "-" 100898 0
Mar 13 14:39:44 np0005646497.novalocal object-server[101293]: ::1 - - [13/Mar/2026:18:39:44 +0000] "GET /1/175511/AUTH_2ba0d2092da448ff8897cf17bc9473fd/gnocchi.63a89702-257e-45b7-bda7-a26518f32663/none_v3" 404 70 "GET https://[::1]:8080/v1/AUTH_2ba0d2092da448ff8897cf17bc9473fd/gnocchi.63a89702-257e-45b7-bda7-a26518f32663/none_v3" "tx0430a1803e6b4bbe8e343-0069b459f0" "proxy-server 102438" 0.0003 "-" 101293 0
Mar 13 14:39:44 np0005646497.novalocal container-server[100898]: ::1 - - [13/Mar/2026:18:39:44 +0000] "HEAD /3/218485/AUTH_2ba0d2092da448ff8897cf17bc9473fd/gnocchi.620cbb89-4929-4d57-b818-170d6edfa669" 404 - "HEAD http://[::1]:8080/v1/AUTH_2ba0d2092da448ff8897cf17bc9473fd/gnocchi.620cbb89-4929-4d57-b818-170d6edfa669" "tx32ae31f164794f338afad-0069b459f0" "proxy-server 102438" 0.0003 "-" 100898 0
Mar 13 14:39:45 np0005646497.novalocal object-server[101293]: ::1 - - [13/Mar/2026:18:39:44 +0000] "GET /3/175511/AUTH_2ba0d2092da448ff8897cf17bc9473fd/gnocchi.63a89702-257e-45b7-bda7-a26518f32663/none_v3" 404 70 "GET https://[::1]:8080/v1/AUTH_2ba0d2092da448ff8897cf17bc9473fd/gnocchi.63a89702-257e-45b7-bda7-a26518f32663/none_v3" "tx0430a1803e6b4bbe8e343-0069b459f0" "proxy-server 102438" 0.0003 "-" 101293 0
Mar 13 14:39:45 np0005646497.novalocal proxy-server[102438]: ::1 ::1 13/Mar/2026/18/39/45 GET /v1/AUTH_2ba0d2092da448ff8897cf17bc9473fd/gnocchi.63a89702-257e-45b7-bda7-a26518f32663/none_v3 HTTP/1.0 404 - python-swiftclient-4.7.0 gAAAAABptFnO45R8... - 70 - tx0430a1803e6b4bbe8e343-0069b459f0 - 0.0257 - - 1773427184.975508451 1773427185.001169205 0
Mar 13 14:39:45 np0005646497.novalocal container-server[100899]: ::1 - - [13/Mar/2026:18:39:45 +0000] "HEAD /1/218485/AUTH_2ba0d2092da448ff8897cf17bc9473fd/gnocchi.620cbb89-4929-4d57-b818-170d6edfa669" 404 - "HEAD http://[::1]:8080/v1/AUTH_2ba0d2092da448ff8897cf17bc9473fd/gnocchi.620cbb89-4929-4d57-b818-170d6edfa669" "tx32ae31f164794f338afad-0069b459f0" "proxy-server 102438" 0.0004 "-" 100899 0
Mar 13 14:39:45 np0005646497.novalocal proxy-server[102438]: - - 13/Mar/2026/18/39/45 HEAD /v1/AUTH_2ba0d2092da448ff8897cf17bc9473fd/gnocchi.620cbb89-4929-4d57-b818-170d6edfa669 HTTP/1.0 404 - Swift - - - - tx32ae31f164794f338afad-0069b459f0 - 0.0102 CS - 1773427184.992958069 1773427185.003158092 0
Mar 13 14:39:45 np0005646497.novalocal object-server[101292]: ::1 - - [13/Mar/2026:18:39:45 +0000] "GET /1/85646/AUTH_2ba0d2092da448ff8897cf17bc9473fd/gnocchi.620cbb89-4929-4d57-b818-170d6edfa669/none_v3" 404 70 "GET https://[::1]:8080/v1/AUTH_2ba0d2092da448ff8897cf17bc9473fd/gnocchi.620cbb89-4929-4d57-b818-170d6edfa669/none_v3" "tx32ae31f164794f338afad-0069b459f0" "proxy-server 102438" 0.0003 "-" 101292 0
Mar 13 14:39:45 np0005646497.novalocal object-server[101293]: ::1 - - [13/Mar/2026:18:39:45 +0000] "GET /2/85646/AUTH_2ba0d2092da448ff8897cf17bc9473fd/gnocchi.620cbb89-4929-4d57-b818-170d6edfa669/none_v3" 404 70 "GET https://[::1]:8080/v1/AUTH_2ba0d2092da448ff8897cf17bc9473fd/gnocchi.620cbb89-4929-4d57-b818-170d6edfa669/none_v3" "tx32ae31f164794f338afad-0069b459f0" "proxy-server 102438" 0.0004 "-" 101293 0
Mar 13 14:39:45 np0005646497.novalocal object-server[101293]: ::1 - - [13/Mar/2026:18:39:45 +0000] "GET /3/85646/AUTH_2ba0d2092da448ff8897cf17bc9473fd/gnocchi.620cbb89-4929-4d57-b818-170d6edfa669/none_v3" 404 70 "GET https://[::1]:8080/v1/AUTH_2ba0d2092da448ff8897cf17bc9473fd/gnocchi.620cbb89-4929-4d57-b818-170d6edfa669/none_v3" "tx32ae31f164794f338afad-0069b459f0" "proxy-server 102438" 0.0003 "-" 101293 0
Mar 13 14:39:45 np0005646497.novalocal proxy-server[102438]: ::1 ::1 13/Mar/2026/18/39/45 GET /v1/AUTH_2ba0d2092da448ff8897cf17bc9473fd/gnocchi.620cbb89-4929-4d57-b818-170d6edfa669/none_v3 HTTP/1.0 404 - python-swiftclient-4.7.0 gAAAAABptFntGpFm... - 70 - tx32ae31f164794f338afad-0069b459f0 - 0.0266 - - 1773427184.992247343 1773427185.018869162 0
Mar 13 14:39:45 np0005646497.novalocal account-server[100513]: ::1 - - [13/Mar/2026:18:39:45 +0000] "PUT /2/102667/AUTH_2ba0d2092da448ff8897cf17bc9473fd/gnocchi.620cbb89-4929-4d57-b818-170d6edfa669" 201 - "PUT http://[::1]:6001/3/218485/AUTH_2ba0d2092da448ff8897cf17bc9473fd/gnocchi.620cbb89-4929-4d57-b818-170d6edfa669" "tx2d8accffc23745aa9c046-0069b459f1" "container-server 100898" 0.0052 "-" 100513 0
Mar 13 14:39:45 np0005646497.novalocal container-server[100898]: ::1 - - [13/Mar/2026:18:39:45 +0000] "PUT /3/218485/AUTH_2ba0d2092da448ff8897cf17bc9473fd/gnocchi.620cbb89-4929-4d57-b818-170d6edfa669" 201 - "PUT https://[::1]:8080/v1/AUTH_2ba0d2092da448ff8897cf17bc9473fd/gnocchi.620cbb89-4929-4d57-b818-170d6edfa669" "tx2d8accffc23745aa9c046-0069b459f1" "proxy-server 102438" 0.0210 "-" 100898 0
Mar 13 14:39:45 np0005646497.novalocal account-server[100513]: ::1 - - [13/Mar/2026:18:39:45 +0000] "PUT /2/102667/AUTH_2ba0d2092da448ff8897cf17bc9473fd/gnocchi.63a89702-257e-45b7-bda7-a26518f32663" 201 - "PUT http://[::1]:6001/2/80199/AUTH_2ba0d2092da448ff8897cf17bc9473fd/gnocchi.63a89702-257e-45b7-bda7-a26518f32663" "tx91b0b17f136c49d7bd016-0069b459f1" "container-server 100899" 0.0050 "-" 100513 0
Mar 13 14:39:45 np0005646497.novalocal container-server[100899]: ::1 - - [13/Mar/2026:18:39:45 +0000] "PUT /2/80199/AUTH_2ba0d2092da448ff8897cf17bc9473fd/gnocchi.63a89702-257e-45b7-bda7-a26518f32663" 201 - "PUT https://[::1]:8080/v1/AUTH_2ba0d2092da448ff8897cf17bc9473fd/gnocchi.63a89702-257e-45b7-bda7-a26518f32663" "tx91b0b17f136c49d7bd016-0069b459f1" "proxy-server 102438" 0.0931 "-" 100899 0
Mar 13 14:39:45 np0005646497.novalocal account-server[100513]: ::1 - - [13/Mar/2026:18:39:45 +0000] "PUT /1/102667/AUTH_2ba0d2092da448ff8897cf17bc9473fd/gnocchi.63a89702-257e-45b7-bda7-a26518f32663" 201 - "PUT http://[::1]:6001/3/80199/AUTH_2ba0d2092da448ff8897cf17bc9473fd/gnocchi.63a89702-257e-45b7-bda7-a26518f32663" "tx91b0b17f136c49d7bd016-0069b459f1" "container-server 100899" 0.0097 "-" 100513 0
Mar 13 14:39:45 np0005646497.novalocal account-server[100514]: ::1 - - [13/Mar/2026:18:39:45 +0000] "PUT /3/102667/AUTH_2ba0d2092da448ff8897cf17bc9473fd/gnocchi.63a89702-257e-45b7-bda7-a26518f32663" 201 - "PUT http://[::1]:6001/1/80199/AUTH_2ba0d2092da448ff8897cf17bc9473fd/gnocchi.63a89702-257e-45b7-bda7-a26518f32663" "tx91b0b17f136c49d7bd016-0069b459f1" "container-server 100899" 0.0075 "-" 100514 0
Mar 13 14:39:45 np0005646497.novalocal container-server[100899]: ::1 - - [13/Mar/2026:18:39:45 +0000] "PUT /3/80199/AUTH_2ba0d2092da448ff8897cf17bc9473fd/gnocchi.63a89702-257e-45b7-bda7-a26518f32663" 201 - "PUT https://[::1]:8080/v1/AUTH_2ba0d2092da448ff8897cf17bc9473fd/gnocchi.63a89702-257e-45b7-bda7-a26518f32663" "tx91b0b17f136c49d7bd016-0069b459f1" "proxy-server 102438" 0.0889 "-" 100899 0
Mar 13 14:39:45 np0005646497.novalocal container-server[100899]: ::1 - - [13/Mar/2026:18:39:45 +0000] "PUT /1/80199/AUTH_2ba0d2092da448ff8897cf17bc9473fd/gnocchi.63a89702-257e-45b7-bda7-a26518f32663" 201 - "PUT https://[::1]:8080/v1/AUTH_2ba0d2092da448ff8897cf17bc9473fd/gnocchi.63a89702-257e-45b7-bda7-a26518f32663" "tx91b0b17f136c49d7bd016-0069b459f1" "proxy-server 102438" 0.0688 "-" 100899 0
Mar 13 14:39:45 np0005646497.novalocal account-server[100513]: ::1 - - [13/Mar/2026:18:39:45 +0000] "PUT /3/102667/AUTH_2ba0d2092da448ff8897cf17bc9473fd/gnocchi.620cbb89-4929-4d57-b818-170d6edfa669" 201 - "PUT http://[::1]:6001/1/218485/AUTH_2ba0d2092da448ff8897cf17bc9473fd/gnocchi.620cbb89-4929-4d57-b818-170d6edfa669" "tx2d8accffc23745aa9c046-0069b459f1" "container-server 100899" 0.0078 "-" 100513 0
Mar 13 14:39:45 np0005646497.novalocal proxy-server[102438]: ::1 ::1 13/Mar/2026/18/39/45 PUT /v1/AUTH_2ba0d2092da448ff8897cf17bc9473fd/gnocchi.63a89702-257e-45b7-bda7-a26518f32663 HTTP/1.0 201 - python-swiftclient-4.7.0 gAAAAABptFnO45R8... - - - tx91b0b17f136c49d7bd016-0069b459f1 - 0.1190 - - 1773427185.004570723 1773427185.123602867 0
Mar 13 14:39:45 np0005646497.novalocal container-server[100899]: ::1 - - [13/Mar/2026:18:39:45 +0000] "PUT /1/218485/AUTH_2ba0d2092da448ff8897cf17bc9473fd/gnocchi.620cbb89-4929-4d57-b818-170d6edfa669" 201 - "PUT https://[::1]:8080/v1/AUTH_2ba0d2092da448ff8897cf17bc9473fd/gnocchi.620cbb89-4929-4d57-b818-170d6edfa669" "tx2d8accffc23745aa9c046-0069b459f1" "proxy-server 102438" 0.0443 "-" 100899 0
Mar 13 14:39:45 np0005646497.novalocal account-server[100513]: ::1 - - [13/Mar/2026:18:39:45 +0000] "PUT /1/102667/AUTH_2ba0d2092da448ff8897cf17bc9473fd/gnocchi.620cbb89-4929-4d57-b818-170d6edfa669" 201 - "PUT http://[::1]:6001/2/218485/AUTH_2ba0d2092da448ff8897cf17bc9473fd/gnocchi.620cbb89-4929-4d57-b818-170d6edfa669" "tx2d8accffc23745aa9c046-0069b459f1" "container-server 100899" 0.0062 "-" 100513 0
Mar 13 14:39:45 np0005646497.novalocal container-server[100899]: ::1 - - [13/Mar/2026:18:39:45 +0000] "PUT /2/218485/AUTH_2ba0d2092da448ff8897cf17bc9473fd/gnocchi.620cbb89-4929-4d57-b818-170d6edfa669" 201 - "PUT https://[::1]:8080/v1/AUTH_2ba0d2092da448ff8897cf17bc9473fd/gnocchi.620cbb89-4929-4d57-b818-170d6edfa669" "tx2d8accffc23745aa9c046-0069b459f1" "proxy-server 102438" 0.0635 "-" 100899 0
Mar 13 14:39:45 np0005646497.novalocal proxy-server[102438]: ::1 ::1 13/Mar/2026/18/39/45 PUT /v1/AUTH_2ba0d2092da448ff8897cf17bc9473fd/gnocchi.620cbb89-4929-4d57-b818-170d6edfa669 HTTP/1.0 201 - python-swiftclient-4.7.0 gAAAAABptFntGpFm... - - - tx2d8accffc23745aa9c046-0069b459f1 - 0.1128 - - 1773427185.021904707 1773427185.134672642 0
Mar 13 14:39:45 np0005646497.novalocal container-server[100899]: ::1 - - [13/Mar/2026:18:39:45 +0000] "HEAD /3/80199/AUTH_2ba0d2092da448ff8897cf17bc9473fd/gnocchi.63a89702-257e-45b7-bda7-a26518f32663" 204 - "HEAD http://[::1]:8080/v1/AUTH_2ba0d2092da448ff8897cf17bc9473fd/gnocchi.63a89702-257e-45b7-bda7-a26518f32663" "txb2bdab44dcbb4932bf856-0069b459f1" "proxy-server 102438" 0.0029 "-" 100899 0
Mar 13 14:39:45 np0005646497.novalocal proxy-server[102438]: - - 13/Mar/2026/18/39/45 HEAD /v1/AUTH_2ba0d2092da448ff8897cf17bc9473fd/gnocchi.63a89702-257e-45b7-bda7-a26518f32663 HTTP/1.0 204 - Swift - - - - txb2bdab44dcbb4932bf856-0069b459f1 - 0.0092 CS - 1773427185.129892111 1773427185.139060736 0
Mar 13 14:39:45 np0005646497.novalocal container-server[100899]: ::1 - - [13/Mar/2026:18:39:45 +0000] "GET /3/80199/AUTH_2ba0d2092da448ff8897cf17bc9473fd/gnocchi.63a89702-257e-45b7-bda7-a26518f32663" 200 2 "GET https://[::1]:8080/v1/AUTH_2ba0d2092da448ff8897cf17bc9473fd/gnocchi.63a89702-257e-45b7-bda7-a26518f32663?format=json&states=listing" "txb2bdab44dcbb4932bf856-0069b459f1" "proxy-server 102438" 0.0034 "-" 100899 0
Mar 13 14:39:45 np0005646497.novalocal container-server[100898]: ::1 - - [13/Mar/2026:18:39:45 +0000] "HEAD /2/218485/AUTH_2ba0d2092da448ff8897cf17bc9473fd/gnocchi.620cbb89-4929-4d57-b818-170d6edfa669" 204 - "HEAD http://[::1]:8080/v1/AUTH_2ba0d2092da448ff8897cf17bc9473fd/gnocchi.620cbb89-4929-4d57-b818-170d6edfa669" "txad0e8e71dfad4f0596700-0069b459f1" "proxy-server 102438" 0.0025 "-" 100898 0
Mar 13 14:39:45 np0005646497.novalocal proxy-server[102438]: ::1 ::1 13/Mar/2026/18/39/45 GET /v1/AUTH_2ba0d2092da448ff8897cf17bc9473fd/gnocchi.63a89702-257e-45b7-bda7-a26518f32663%3Fformat%3Djson%26states%3Dlisting HTTP/1.0 200 - python-swiftclient-4.7.0 gAAAAABptFnO45R8... - 2 - txb2bdab44dcbb4932bf856-0069b459f1 - 0.0304 - - 1773427185.128001451 1773427185.158390999 0
Mar 13 14:39:45 np0005646497.novalocal proxy-server[102438]: - - 13/Mar/2026/18/39/45 HEAD /v1/AUTH_2ba0d2092da448ff8897cf17bc9473fd/gnocchi.620cbb89-4929-4d57-b818-170d6edfa669 HTTP/1.0 204 - Swift - - - - txad0e8e71dfad4f0596700-0069b459f1 - 0.0122 CS - 1773427185.147550106 1773427185.159713984 0
Mar 13 14:39:45 np0005646497.novalocal container-server[100898]: ::1 - - [13/Mar/2026:18:39:45 +0000] "GET /1/218485/AUTH_2ba0d2092da448ff8897cf17bc9473fd/gnocchi.620cbb89-4929-4d57-b818-170d6edfa669" 200 2 "GET https://[::1]:8080/v1/AUTH_2ba0d2092da448ff8897cf17bc9473fd/gnocchi.620cbb89-4929-4d57-b818-170d6edfa669?format=json&states=listing" "txad0e8e71dfad4f0596700-0069b459f1" "proxy-server 102438" 0.0037 "-" 100898 0
Mar 13 14:39:45 np0005646497.novalocal object-server[101292]: ::1 - - [13/Mar/2026:18:39:45 +0000] "GET /2/94021/AUTH_2ba0d2092da448ff8897cf17bc9473fd/gnocchi.63a89702-257e-45b7-bda7-a26518f32663/1773360000.0_mean_300.0_v3" 404 70 "GET https://[::1]:8080/v1/AUTH_2ba0d2092da448ff8897cf17bc9473fd/gnocchi.63a89702-257e-45b7-bda7-a26518f32663/1773360000.0_mean_300.0_v3" "tx03f0ea7a6db84b53abcbf-0069b459f1" "proxy-server 102438" 0.0003 "-" 101292 0
Mar 13 14:39:45 np0005646497.novalocal object-server[101292]: ::1 - - [13/Mar/2026:18:39:45 +0000] "GET /1/94021/AUTH_2ba0d2092da448ff8897cf17bc9473fd/gnocchi.63a89702-257e-45b7-bda7-a26518f32663/1773360000.0_mean_300.0_v3" 404 70 "GET https://[::1]:8080/v1/AUTH_2ba0d2092da448ff8897cf17bc9473fd/gnocchi.63a89702-257e-45b7-bda7-a26518f32663/1773360000.0_mean_300.0_v3" "tx03f0ea7a6db84b53abcbf-0069b459f1" "proxy-server 102438" 0.0003 "-" 101292 0
Mar 13 14:39:45 np0005646497.novalocal proxy-server[102438]: ::1 ::1 13/Mar/2026/18/39/45 GET /v1/AUTH_2ba0d2092da448ff8897cf17bc9473fd/gnocchi.620cbb89-4929-4d57-b818-170d6edfa669%3Fformat%3Djson%26states%3Dlisting HTTP/1.0 200 - python-swiftclient-4.7.0 gAAAAABptFntGpFm... - 2 - txad0e8e71dfad4f0596700-0069b459f1 - 0.0359 - - 1773427185.141718626 1773427185.177569628 0
Mar 13 14:39:45 np0005646497.novalocal object-server[101293]: ::1 - - [13/Mar/2026:18:39:45 +0000] "GET /3/94021/AUTH_2ba0d2092da448ff8897cf17bc9473fd/gnocchi.63a89702-257e-45b7-bda7-a26518f32663/1773360000.0_mean_300.0_v3" 404 70 "GET https://[::1]:8080/v1/AUTH_2ba0d2092da448ff8897cf17bc9473fd/gnocchi.63a89702-257e-45b7-bda7-a26518f32663/1773360000.0_mean_300.0_v3" "tx03f0ea7a6db84b53abcbf-0069b459f1" "proxy-server 102438" 0.0004 "-" 101293 0
Mar 13 14:39:45 np0005646497.novalocal proxy-server[102438]: ::1 ::1 13/Mar/2026/18/39/45 GET /v1/AUTH_2ba0d2092da448ff8897cf17bc9473fd/gnocchi.63a89702-257e-45b7-bda7-a26518f32663/1773360000.0_mean_300.0_v3 HTTP/1.0 404 - python-swiftclient-4.7.0 gAAAAABptFnO45R8... - 70 - tx03f0ea7a6db84b53abcbf-0069b459f1 - 0.0151 - - 1773427185.164818287 1773427185.179948092 0
Mar 13 14:39:45 np0005646497.novalocal object-server[101292]: ::1 - - [13/Mar/2026:18:39:45 +0000] "GET /2/36554/AUTH_2ba0d2092da448ff8897cf17bc9473fd/gnocchi.620cbb89-4929-4d57-b818-170d6edfa669/1773360000.0_mean_300.0_v3" 404 70 "GET https://[::1]:8080/v1/AUTH_2ba0d2092da448ff8897cf17bc9473fd/gnocchi.620cbb89-4929-4d57-b818-170d6edfa669/1773360000.0_mean_300.0_v3" "tx7c8f41be0f1c4b03a149a-0069b459f1" "proxy-server 102438" 0.0003 "-" 101292 0
Mar 13 14:39:45 np0005646497.novalocal object-server[101292]: ::1 - - [13/Mar/2026:18:39:45 +0000] "GET /3/36554/AUTH_2ba0d2092da448ff8897cf17bc9473fd/gnocchi.620cbb89-4929-4d57-b818-170d6edfa669/1773360000.0_mean_300.0_v3" 404 70 "GET https://[::1]:8080/v1/AUTH_2ba0d2092da448ff8897cf17bc9473fd/gnocchi.620cbb89-4929-4d57-b818-170d6edfa669/1773360000.0_mean_300.0_v3" "tx7c8f41be0f1c4b03a149a-0069b459f1" "proxy-server 102438" 0.0002 "-" 101292 0
Mar 13 14:39:45 np0005646497.novalocal object-server[101292]: ::1 - - [13/Mar/2026:18:39:45 +0000] "GET /1/36554/AUTH_2ba0d2092da448ff8897cf17bc9473fd/gnocchi.620cbb89-4929-4d57-b818-170d6edfa669/1773360000.0_mean_300.0_v3" 404 70 "GET https://[::1]:8080/v1/AUTH_2ba0d2092da448ff8897cf17bc9473fd/gnocchi.620cbb89-4929-4d57-b818-170d6edfa669/1773360000.0_mean_300.0_v3" "tx7c8f41be0f1c4b03a149a-0069b459f1" "proxy-server 102438" 0.0003 "-" 101292 0
Mar 13 14:39:45 np0005646497.novalocal proxy-server[102438]: ::1 ::1 13/Mar/2026/18/39/45 GET /v1/AUTH_2ba0d2092da448ff8897cf17bc9473fd/gnocchi.620cbb89-4929-4d57-b818-170d6edfa669/1773360000.0_mean_300.0_v3 HTTP/1.0 404 - python-swiftclient-4.7.0 gAAAAABptFntGpFm... - 70 - tx7c8f41be0f1c4b03a149a-0069b459f1 - 0.0224 - - 1773427185.182190895 1773427185.204548836 0
Mar 13 14:39:45 np0005646497.novalocal container-server[100899]: ::1 - - [13/Mar/2026:18:39:45 +0000] "PUT /2/80199/AUTH_2ba0d2092da448ff8897cf17bc9473fd/gnocchi.63a89702-257e-45b7-bda7-a26518f32663/1773360000.0_mean_300.0_v3" 201 - "PUT http://[::1]:8080/1/94021/AUTH_2ba0d2092da448ff8897cf17bc9473fd/gnocchi.63a89702-257e-45b7-bda7-a26518f32663/1773360000.0_mean_300.0_v3" "tx3ec4e86eb0b6444d9e47e-0069b459f1" "object-server 101293" 0.0006 "-" 100899 0
Mar 13 14:39:45 np0005646497.novalocal object-server[101293]: ::1 - - [13/Mar/2026:18:39:45 +0000] "PUT /1/94021/AUTH_2ba0d2092da448ff8897cf17bc9473fd/gnocchi.63a89702-257e-45b7-bda7-a26518f32663/1773360000.0_mean_300.0_v3" 201 - "PUT https://[::1]:8080/v1/AUTH_2ba0d2092da448ff8897cf17bc9473fd/gnocchi.63a89702-257e-45b7-bda7-a26518f32663/1773360000.0_mean_300.0_v3" "tx3ec4e86eb0b6444d9e47e-0069b459f1" "proxy-server 102438" 0.0131 "-" 101293 0
Mar 13 14:39:45 np0005646497.novalocal container-server[100899]: ::1 - - [13/Mar/2026:18:39:45 +0000] "PUT /3/80199/AUTH_2ba0d2092da448ff8897cf17bc9473fd/gnocchi.63a89702-257e-45b7-bda7-a26518f32663/1773360000.0_mean_300.0_v3" 201 - "PUT http://[::1]:8080/3/94021/AUTH_2ba0d2092da448ff8897cf17bc9473fd/gnocchi.63a89702-257e-45b7-bda7-a26518f32663/1773360000.0_mean_300.0_v3" "tx3ec4e86eb0b6444d9e47e-0069b459f1" "object-server 101292" 0.0005 "-" 100899 0
Mar 13 14:39:45 np0005646497.novalocal object-server[101292]: ::1 - - [13/Mar/2026:18:39:45 +0000] "PUT /3/94021/AUTH_2ba0d2092da448ff8897cf17bc9473fd/gnocchi.63a89702-257e-45b7-bda7-a26518f32663/1773360000.0_mean_300.0_v3" 201 - "PUT https://[::1]:8080/v1/AUTH_2ba0d2092da448ff8897cf17bc9473fd/gnocchi.63a89702-257e-45b7-bda7-a26518f32663/1773360000.0_mean_300.0_v3" "tx3ec4e86eb0b6444d9e47e-0069b459f1" "proxy-server 102438" 0.0160 "-" 101292 0
Mar 13 14:39:45 np0005646497.novalocal container-server[100898]: ::1 - - [13/Mar/2026:18:39:45 +0000] "PUT /1/80199/AUTH_2ba0d2092da448ff8897cf17bc9473fd/gnocchi.63a89702-257e-45b7-bda7-a26518f32663/1773360000.0_mean_300.0_v3" 201 - "PUT http://[::1]:8080/2/94021/AUTH_2ba0d2092da448ff8897cf17bc9473fd/gnocchi.63a89702-257e-45b7-bda7-a26518f32663/1773360000.0_mean_300.0_v3" "tx3ec4e86eb0b6444d9e47e-0069b459f1" "object-server 101292" 0.0011 "-" 100898 0
Mar 13 14:39:45 np0005646497.novalocal object-server[101292]: ::1 - - [13/Mar/2026:18:39:45 +0000] "PUT /2/94021/AUTH_2ba0d2092da448ff8897cf17bc9473fd/gnocchi.63a89702-257e-45b7-bda7-a26518f32663/1773360000.0_mean_300.0_v3" 201 - "PUT https://[::1]:8080/v1/AUTH_2ba0d2092da448ff8897cf17bc9473fd/gnocchi.63a89702-257e-45b7-bda7-a26518f32663/1773360000.0_mean_300.0_v3" "tx3ec4e86eb0b6444d9e47e-0069b459f1" "proxy-server 102438" 0.0240 "-" 101292 0
Mar 13 14:39:45 np0005646497.novalocal proxy-server[102438]: ::1 ::1 13/Mar/2026/18/39/45 PUT /v1/AUTH_2ba0d2092da448ff8897cf17bc9473fd/gnocchi.63a89702-257e-45b7-bda7-a26518f32663/1773360000.0_mean_300.0_v3 HTTP/1.0 201 - python-swiftclient-4.7.0 gAAAAABptFnO45R8... 16 - - tx3ec4e86eb0b6444d9e47e-0069b459f1 - 0.0427 - - 1773427185.183389425 1773427185.226134539 0
Mar 13 14:39:45 np0005646497.novalocal container-server[100898]: ::1 - - [13/Mar/2026:18:39:45 +0000] "PUT /2/218485/AUTH_2ba0d2092da448ff8897cf17bc9473fd/gnocchi.620cbb89-4929-4d57-b818-170d6edfa669/1773360000.0_mean_300.0_v3" 201 - "PUT http://[::1]:8080/2/36554/AUTH_2ba0d2092da448ff8897cf17bc9473fd/gnocchi.620cbb89-4929-4d57-b818-170d6edfa669/1773360000.0_mean_300.0_v3" "txdd698250c68e46708f659-0069b459f1" "object-server 101292" 0.0008 "-" 100898 0
Mar 13 14:39:45 np0005646497.novalocal container-server[100899]: ::1 - - [13/Mar/2026:18:39:45 +0000] "PUT /1/218485/AUTH_2ba0d2092da448ff8897cf17bc9473fd/gnocchi.620cbb89-4929-4d57-b818-170d6edfa669/1773360000.0_mean_300.0_v3" 201 - "PUT http://[::1]:8080/3/36554/AUTH_2ba0d2092da448ff8897cf17bc9473fd/gnocchi.620cbb89-4929-4d57-b818-170d6edfa669/1773360000.0_mean_300.0_v3" "txdd698250c68e46708f659-0069b459f1" "object-server 101292" 0.0006 "-" 100899 0
Mar 13 14:39:45 np0005646497.novalocal object-server[101292]: ::1 - - [13/Mar/2026:18:39:45 +0000] "PUT /2/36554/AUTH_2ba0d2092da448ff8897cf17bc9473fd/gnocchi.620cbb89-4929-4d57-b818-170d6edfa669/1773360000.0_mean_300.0_v3" 201 - "PUT https://[::1]:8080/v1/AUTH_2ba0d2092da448ff8897cf17bc9473fd/gnocchi.620cbb89-4929-4d57-b818-170d6edfa669/1773360000.0_mean_300.0_v3" "txdd698250c68e46708f659-0069b459f1" "proxy-server 102438" 0.0477 "-" 101292 0
Mar 13 14:39:45 np0005646497.novalocal object-server[101292]: ::1 - - [13/Mar/2026:18:39:45 +0000] "PUT /3/36554/AUTH_2ba0d2092da448ff8897cf17bc9473fd/gnocchi.620cbb89-4929-4d57-b818-170d6edfa669/1773360000.0_mean_300.0_v3" 201 - "PUT https://[::1]:8080/v1/AUTH_2ba0d2092da448ff8897cf17bc9473fd/gnocchi.620cbb89-4929-4d57-b818-170d6edfa669/1773360000.0_mean_300.0_v3" "txdd698250c68e46708f659-0069b459f1" "proxy-server 102438" 0.0509 "-" 101292 0
