Jan 29 07:56:14 standalone container-server[123888]: 172.20.0.100 - - [29/Jan/2026:07:56:14 +0000] "HEAD /d1/739/AUTH_1c8ebafd86664ddfaf943c5d3d2b2d65/gnocchi.fb5543f5-a971-4a08-b0f4-02af0349a44a" 204 - "HEAD http://localhost:8080/v1/AUTH_1c8ebafd86664ddfaf943c5d3d2b2d65/gnocchi.fb5543f5-a971-4a08-b0f4-02af0349a44a?format=json&states=listing" "tx3aebb533a5d44fbd9c8b5-00697b129e" "proxy-server 21" 0.0029 "-" 21 0
Jan 29 07:56:14 standalone proxy-server[125980]: - - 29/Jan/2026/07/56/14 HEAD /v1/AUTH_1c8ebafd86664ddfaf943c5d3d2b2d65/gnocchi.fb5543f5-a971-4a08-b0f4-02af0349a44a%3Fformat%3Djson%26states%3Dlisting HTTP/1.0 204 - Swift - - - - tx3aebb533a5d44fbd9c8b5-00697b129e - 0.0126 RL - 1769673374.979043245 1769673374.991656780 0
Jan 29 07:56:15 standalone container-server[123909]: 172.20.0.100 - - [29/Jan/2026:07:56:14 +0000] "GET /d1/739/AUTH_1c8ebafd86664ddfaf943c5d3d2b2d65/gnocchi.fb5543f5-a971-4a08-b0f4-02af0349a44a" 200 2 "GET http://localhost:8080/v1/AUTH_1c8ebafd86664ddfaf943c5d3d2b2d65/gnocchi.fb5543f5-a971-4a08-b0f4-02af0349a44a?format=json&states=listing" "tx3aebb533a5d44fbd9c8b5-00697b129e" "proxy-server 21" 0.0036 "-" 23 0
Jan 29 07:56:15 standalone proxy-server[125980]: 172.18.0.2 ::1 29/Jan/2026/07/56/15 GET /v1/AUTH_1c8ebafd86664ddfaf943c5d3d2b2d65/gnocchi.fb5543f5-a971-4a08-b0f4-02af0349a44a%3Fformat%3Djson%26states%3Dlisting HTTP/1.0 200 - python-swiftclient-3.11.1 gAAAAABpexJZJyaj... - 2 - tx3aebb533a5d44fbd9c8b5-00697b129e - 0.0258 - - 1769673374.976027250 1769673375.001870871 0
Jan 29 07:56:15 standalone object-server[124221]: 172.20.0.100 - - [29/Jan/2026:07:56:15 +0000] "GET /d1/163/AUTH_1c8ebafd86664ddfaf943c5d3d2b2d65/gnocchi.fb5543f5-a971-4a08-b0f4-02af0349a44a/1769040000.0_mean_300.0_v3" 404 70 "GET http://localhost:8080/v1/AUTH_1c8ebafd86664ddfaf943c5d3d2b2d65/gnocchi.fb5543f5-a971-4a08-b0f4-02af0349a44a/1769040000.0_mean_300.0_v3" "txb24ed64cf835410e9a097-00697b129f" "proxy-server 21" 0.0004 "-" 23 0
Jan 29 07:56:15 standalone proxy-server[125980]: 172.18.0.2 ::1 29/Jan/2026/07/56/15 GET /v1/AUTH_1c8ebafd86664ddfaf943c5d3d2b2d65/gnocchi.fb5543f5-a971-4a08-b0f4-02af0349a44a/1769040000.0_mean_300.0_v3 HTTP/1.0 404 - python-swiftclient-3.11.1 gAAAAABpexJZJyaj... - 70 - txb24ed64cf835410e9a097-00697b129f - 0.0059 - - 1769673375.006310225 1769673375.012230158 0
Jan 29 07:56:15 standalone container-server[123909]: 172.20.0.100 - - [29/Jan/2026:07:56:15 +0000] "PUT /d1/739/AUTH_1c8ebafd86664ddfaf943c5d3d2b2d65/gnocchi.fb5543f5-a971-4a08-b0f4-02af0349a44a/1769040000.0_mean_300.0_v3" 201 - "PUT http://localhost:8080/d1/163/AUTH_1c8ebafd86664ddfaf943c5d3d2b2d65/gnocchi.fb5543f5-a971-4a08-b0f4-02af0349a44a/1769040000.0_mean_300.0_v3" "txf4c3f07b587a408f8a2f9-00697b129f" "object-server 22" 0.0015 "-" 23 0
Jan 29 07:56:15 standalone object-server[124219]: 172.20.0.100 - - [29/Jan/2026:07:56:15 +0000] "PUT /d1/163/AUTH_1c8ebafd86664ddfaf943c5d3d2b2d65/gnocchi.fb5543f5-a971-4a08-b0f4-02af0349a44a/1769040000.0_mean_300.0_v3" 201 - "PUT http://localhost:8080/v1/AUTH_1c8ebafd86664ddfaf943c5d3d2b2d65/gnocchi.fb5543f5-a971-4a08-b0f4-02af0349a44a/1769040000.0_mean_300.0_v3" "txf4c3f07b587a408f8a2f9-00697b129f" "proxy-server 21" 0.0110 "-" 22 0
Jan 29 07:56:15 standalone proxy-server[125980]: 172.18.0.2 ::1 29/Jan/2026/07/56/15 PUT /v1/AUTH_1c8ebafd86664ddfaf943c5d3d2b2d65/gnocchi.fb5543f5-a971-4a08-b0f4-02af0349a44a/1769040000.0_mean_300.0_v3 HTTP/1.0 201 - python-swiftclient-3.11.1 gAAAAABpexJZJyaj... 16 - - txf4c3f07b587a408f8a2f9-00697b129f - 0.0153 - - 1769673375.015887499 1769673375.031203270 0
Jan 29 07:56:15 standalone container-server[123909]: 172.20.0.100 - - [29/Jan/2026:07:56:15 +0000] "PUT /d1/739/AUTH_1c8ebafd86664ddfaf943c5d3d2b2d65/gnocchi.fb5543f5-a971-4a08-b0f4-02af0349a44a/none_v3" 201 - "PUT http://localhost:8080/d1/120/AUTH_1c8ebafd86664ddfaf943c5d3d2b2d65/gnocchi.fb5543f5-a971-4a08-b0f4-02af0349a44a/none_v3" "tx04d33833cd4a4e35989b3-00697b129f" "object-server 22" 0.0013 "-" 23 0
Jan 29 07:56:15 standalone object-server[124219]: 172.20.0.100 - - [29/Jan/2026:07:56:15 +0000] "PUT /d1/120/AUTH_1c8ebafd86664ddfaf943c5d3d2b2d65/gnocchi.fb5543f5-a971-4a08-b0f4-02af0349a44a/none_v3" 201 - "PUT http://localhost:8080/v1/AUTH_1c8ebafd86664ddfaf943c5d3d2b2d65/gnocchi.fb5543f5-a971-4a08-b0f4-02af0349a44a/none_v3" "tx04d33833cd4a4e35989b3-00697b129f" "proxy-server 21" 0.0144 "-" 22 0
Jan 29 07:56:15 standalone proxy-server[125980]: 172.18.0.2 ::1 29/Jan/2026/07/56/15 PUT /v1/AUTH_1c8ebafd86664ddfaf943c5d3d2b2d65/gnocchi.fb5543f5-a971-4a08-b0f4-02af0349a44a/none_v3 HTTP/1.0 201 - python-swiftclient-3.11.1 gAAAAABpexJZJyaj... 22 - - tx04d33833cd4a4e35989b3-00697b129f - 0.0199 - - 1769673375.037115812 1769673375.057004213 0
Jan 29 07:56:15 standalone container-server[123880]: 172.20.0.100 - - [29/Jan/2026:07:56:15 +0000] "HEAD /d1/930/AUTH_1c8ebafd86664ddfaf943c5d3d2b2d65/gnocchi.f8077719-c2e4-4915-b516-85e4adbb5c7e" 404 - "HEAD http://localhost:8080/v1/AUTH_1c8ebafd86664ddfaf943c5d3d2b2d65/gnocchi.f8077719-c2e4-4915-b516-85e4adbb5c7e?format=json&states=listing" "tx5f3390686f7f4368bee63-00697b129f" "proxy-server 21" 0.0004 "-" 20 0
Jan 29 07:56:15 standalone object-server[124222]: 172.20.0.100 - - [29/Jan/2026:07:56:15 +0000] "GET /d1/1018/AUTH_1c8ebafd86664ddfaf943c5d3d2b2d65/gnocchi.f8077719-c2e4-4915-b516-85e4adbb5c7e/none_v3" 404 70 "GET http://localhost:8080/v1/AUTH_1c8ebafd86664ddfaf943c5d3d2b2d65/gnocchi.f8077719-c2e4-4915-b516-85e4adbb5c7e/none_v3" "tx5f3390686f7f4368bee63-00697b129f" "proxy-server 21" 0.0005 "-" 24 0
Jan 29 07:56:15 standalone proxy-server[125980]: 172.18.0.2 ::1 29/Jan/2026/07/56/15 GET /v1/AUTH_1c8ebafd86664ddfaf943c5d3d2b2d65/gnocchi.f8077719-c2e4-4915-b516-85e4adbb5c7e/none_v3 HTTP/1.0 404 - python-swiftclient-3.11.1 gAAAAABpexJZJyaj... - 70 - tx5f3390686f7f4368bee63-00697b129f - 0.0107 - - 1769673375.075149536 1769673375.085812330 0
Jan 29 07:56:15 standalone account-server[123911]: 172.20.0.100 - - [29/Jan/2026:07:56:15 +0000] "PUT /d1/609/AUTH_1c8ebafd86664ddfaf943c5d3d2b2d65/gnocchi.f8077719-c2e4-4915-b516-85e4adbb5c7e" 201 - "PUT http://172.20.0.100:6001/d1/930/AUTH_1c8ebafd86664ddfaf943c5d3d2b2d65/gnocchi.f8077719-c2e4-4915-b516-85e4adbb5c7e" "txf241f0ebe96b4d21af0d1-00697b129f" "container-server 21" 0.0045 "-" 22 0
Jan 29 07:56:15 standalone container-server[123888]: 172.20.0.100 - - [29/Jan/2026:07:56:15 +0000] "PUT /d1/930/AUTH_1c8ebafd86664ddfaf943c5d3d2b2d65/gnocchi.f8077719-c2e4-4915-b516-85e4adbb5c7e" 201 - "PUT http://localhost:8080/v1/AUTH_1c8ebafd86664ddfaf943c5d3d2b2d65/gnocchi.f8077719-c2e4-4915-b516-85e4adbb5c7e" "txf241f0ebe96b4d21af0d1-00697b129f" "proxy-server 21" 0.0159 "-" 21 0
Jan 29 07:56:15 standalone proxy-server[125980]: 172.18.0.2 ::1 29/Jan/2026/07/56/15 PUT /v1/AUTH_1c8ebafd86664ddfaf943c5d3d2b2d65/gnocchi.f8077719-c2e4-4915-b516-85e4adbb5c7e HTTP/1.0 201 - python-swiftclient-3.11.1 gAAAAABpexJZJyaj... - - - txf241f0ebe96b4d21af0d1-00697b129f - 0.0247 - - 1769673375.090724945 1769673375.115395546 0
Jan 29 07:56:15 standalone container-server[123899]: 172.20.0.100 - - [29/Jan/2026:07:56:15 +0000] "HEAD /d1/930/AUTH_1c8ebafd86664ddfaf943c5d3d2b2d65/gnocchi.f8077719-c2e4-4915-b516-85e4adbb5c7e" 204 - "HEAD http://localhost:8080/v1/AUTH_1c8ebafd86664ddfaf943c5d3d2b2d65/gnocchi.f8077719-c2e4-4915-b516-85e4adbb5c7e?format=json&states=listing" "txe79ec010e224465f8c037-00697b129f" "proxy-server 21" 0.0023 "-" 22 0
Jan 29 07:56:15 standalone proxy-server[125980]: - - 29/Jan/2026/07/56/15 HEAD /v1/AUTH_1c8ebafd86664ddfaf943c5d3d2b2d65/gnocchi.f8077719-c2e4-4915-b516-85e4adbb5c7e%3Fformat%3Djson%26states%3Dlisting HTTP/1.0 204 - Swift - - - - txe79ec010e224465f8c037-00697b129f - 0.0092 RL - 1769673375.125966311 1769673375.135189533 0
Jan 29 07:56:15 standalone container-server[123909]: 172.20.0.100 - - [29/Jan/2026:07:56:15 +0000] "GET /d1/930/AUTH_1c8ebafd86664ddfaf943c5d3d2b2d65/gnocchi.f8077719-c2e4-4915-b516-85e4adbb5c7e" 200 2 "GET http://localhost:8080/v1/AUTH_1c8ebafd86664ddfaf943c5d3d2b2d65/gnocchi.f8077719-c2e4-4915-b516-85e4adbb5c7e?format=json&states=listing" "txe79ec010e224465f8c037-00697b129f" "proxy-server 21" 0.0047 "-" 23 0
Jan 29 07:56:15 standalone proxy-server[125980]: 172.18.0.2 ::1 29/Jan/2026/07/56/15 GET /v1/AUTH_1c8ebafd86664ddfaf943c5d3d2b2d65/gnocchi.f8077719-c2e4-4915-b516-85e4adbb5c7e%3Fformat%3Djson%26states%3Dlisting HTTP/1.0 200 - python-swiftclient-3.11.1 gAAAAABpexJZJyaj... - 2 - txe79ec010e224465f8c037-00697b129f - 0.0242 - - 1769673375.123521090 1769673375.147761583 0
Jan 29 07:56:15 standalone object-server[124222]: 172.20.0.100 - - [29/Jan/2026:07:56:15 +0000] "GET /d1/493/AUTH_1c8ebafd86664ddfaf943c5d3d2b2d65/gnocchi.f8077719-c2e4-4915-b516-85e4adbb5c7e/1769040000.0_mean_300.0_v3" 404 70 "GET http://localhost:8080/v1/AUTH_1c8ebafd86664ddfaf943c5d3d2b2d65/gnocchi.f8077719-c2e4-4915-b516-85e4adbb5c7e/1769040000.0_mean_300.0_v3" "tx052dfdf5f3fa42bbb50fc-00697b129f" "proxy-server 21" 0.0008 "-" 24 0
Jan 29 07:56:15 standalone proxy-server[125980]: 172.18.0.2 ::1 29/Jan/2026/07/56/15 GET /v1/AUTH_1c8ebafd86664ddfaf943c5d3d2b2d65/gnocchi.f8077719-c2e4-4915-b516-85e4adbb5c7e/1769040000.0_mean_300.0_v3 HTTP/1.0 404 - python-swiftclient-3.11.1 gAAAAABpexJZJyaj... - 70 - tx052dfdf5f3fa42bbb50fc-00697b129f - 0.0100 - - 1769673375.155772209 1769673375.165786028 0
Jan 29 07:56:15 standalone container-server[123899]: 172.20.0.100 - - [29/Jan/2026:07:56:15 +0000] "PUT /d1/930/AUTH_1c8ebafd86664ddfaf943c5d3d2b2d65/gnocchi.f8077719-c2e4-4915-b516-85e4adbb5c7e/1769040000.0_mean_300.0_v3" 201 - "PUT http://localhost:8080/d1/493/AUTH_1c8ebafd86664ddfaf943c5d3d2b2d65/gnocchi.f8077719-c2e4-4915-b516-85e4adbb5c7e/1769040000.0_mean_300.0_v3" "tx23f0f18126734f69986f4-00697b129f" "object-server 23" 0.0017 "-" 22 0
Jan 29 07:56:15 standalone object-server[124221]: 172.20.0.100 - - [29/Jan/2026:07:56:15 +0000] "PUT /d1/493/AUTH_1c8ebafd86664ddfaf943c5d3d2b2d65/gnocchi.f8077719-c2e4-4915-b516-85e4adbb5c7e/1769040000.0_mean_300.0_v3" 201 - "PUT http://localhost:8080/v1/AUTH_1c8ebafd86664ddfaf943c5d3d2b2d65/gnocchi.f8077719-c2e4-4915-b516-85e4adbb5c7e/1769040000.0_mean_300.0_v3" "tx23f0f18126734f69986f4-00697b129f" "proxy-server 21" 0.0179 "-" 23 0
Jan 29 07:56:15 standalone proxy-server[125980]: 172.18.0.2 ::1 29/Jan/2026/07/56/15 PUT /v1/AUTH_1c8ebafd86664ddfaf943c5d3d2b2d65/gnocchi.f8077719-c2e4-4915-b516-85e4adbb5c7e/1769040000.0_mean_300.0_v3 HTTP/1.0 201 - python-swiftclient-3.11.1 gAAAAABpexJZJyaj... 16 - - tx23f0f18126734f69986f4-00697b129f - 0.0286 - - 1769673375.172775984 1769673375.201396942 0
Jan 29 07:56:15 standalone container-server[123880]: 172.20.0.100 - - [29/Jan/2026:07:56:15 +0000] "PUT /d1/930/AUTH_1c8ebafd86664ddfaf943c5d3d2b2d65/gnocchi.f8077719-c2e4-4915-b516-85e4adbb5c7e/none_v3" 201 - "PUT http://localhost:8080/d1/1018/AUTH_1c8ebafd86664ddfaf943c5d3d2b2d65/gnocchi.f8077719-c2e4-4915-b516-85e4adbb5c7e/none_v3" "tx3f80e7d6cd2e4eddaeb85-00697b129f" "object-server 23" 0.0005 "-" 20 0
Jan 29 07:56:15 standalone object-server[124221]: 172.20.0.100 - - [29/Jan/2026:07:56:15 +0000] "PUT /d1/1018/AUTH_1c8ebafd86664ddfaf943c5d3d2b2d65/gnocchi.f8077719-c2e4-4915-b516-85e4adbb5c7e/none_v3" 201 - "PUT http://localhost:8080/v1/AUTH_1c8ebafd86664ddfaf943c5d3d2b2d65/gnocchi.f8077719-c2e4-4915-b516-85e4adbb5c7e/none_v3" "tx3f80e7d6cd2e4eddaeb85-00697b129f" "proxy-server 21" 0.0106 "-" 23 0
Jan 29 07:56:15 standalone proxy-server[125980]: 172.18.0.2 ::1 29/Jan/2026/07/56/15 PUT /v1/AUTH_1c8ebafd86664ddfaf943c5d3d2b2d65/gnocchi.f8077719-c2e4-4915-b516-85e4adbb5c7e/none_v3 HTTP/1.0 201 - python-swiftclient-3.11.1 gAAAAABpexJZJyaj... 22 - - tx3f80e7d6cd2e4eddaeb85-00697b129f - 0.0188 - - 1769673375.205958605 1769673375.224804163 0
Jan 29 07:56:15 standalone container-server[123888]: 172.20.0.100 - - [29/Jan/2026:07:56:15 +0000] "HEAD /d1/477/AUTH_1c8ebafd86664ddfaf943c5d3d2b2d65/gnocchi.f199183b-4c5d-4bdd-bcfd-0ea928675878" 404 - "HEAD http://localhost:8080/v1/AUTH_1c8ebafd86664ddfaf943c5d3d2b2d65/gnocchi.f199183b-4c5d-4bdd-bcfd-0ea928675878?format=json&states=listing" "txe3554b138e5b44d381cbf-00697b129f" "proxy-server 21" 0.0003 "-" 21 0
Jan 29 07:56:15 standalone object-server[124219]: 172.20.0.100 - - [29/Jan/2026:07:56:15 +0000] "GET /d1/98/AUTH_1c8ebafd86664ddfaf943c5d3d2b2d65/gnocchi.f199183b-4c5d-4bdd-bcfd-0ea928675878/none_v3" 404 70 "GET http://localhost:8080/v1/AUTH_1c8ebafd86664ddfaf943c5d3d2b2d65/gnocchi.f199183b-4c5d-4bdd-bcfd-0ea928675878/none_v3" "txe3554b138e5b44d381cbf-00697b129f" "proxy-server 21" 0.0003 "-" 22 0
Jan 29 07:56:15 standalone proxy-server[125980]: 172.18.0.2 ::1 29/Jan/2026/07/56/15 GET /v1/AUTH_1c8ebafd86664ddfaf943c5d3d2b2d65/gnocchi.f199183b-4c5d-4bdd-bcfd-0ea928675878/none_v3 HTTP/1.0 404 - python-swiftclient-3.11.1 gAAAAABpexJZJyaj... - 70 - txe3554b138e5b44d381cbf-00697b129f - 0.0086 - - 1769673375.284631491 1769673375.293242216 0
Jan 29 07:56:15 standalone account-server[123879]: 172.20.0.100 - - [29/Jan/2026:07:56:15 +0000] "PUT /d1/609/AUTH_1c8ebafd86664ddfaf943c5d3d2b2d65/gnocchi.f199183b-4c5d-4bdd-bcfd-0ea928675878" 201 - "PUT http://172.20.0.100:6001/d1/477/AUTH_1c8ebafd86664ddfaf943c5d3d2b2d65/gnocchi.f199183b-4c5d-4bdd-bcfd-0ea928675878" "txaf73820b2c4d4dafbdf88-00697b129f" "container-server 20" 0.0067 "-" 20 0
Jan 29 07:56:15 standalone container-server[123880]: 172.20.0.100 - - [29/Jan/2026:07:56:15 +0000] "PUT /d1/477/AUTH_1c8ebafd86664ddfaf943c5d3d2b2d65/gnocchi.f199183b-4c5d-4bdd-bcfd-0ea928675878" 201 - "PUT http://localhost:8080/v1/AUTH_1c8ebafd86664ddfaf943c5d3d2b2d65/gnocchi.f199183b-4c5d-4bdd-bcfd-0ea928675878" "txaf73820b2c4d4dafbdf88-00697b129f" "proxy-server 21" 0.0250 "-" 20 0
Jan 29 07:56:15 standalone proxy-server[125980]: 172.18.0.2 ::1 29/Jan/2026/07/56/15 PUT /v1/AUTH_1c8ebafd86664ddfaf943c5d3d2b2d65/gnocchi.f199183b-4c5d-4bdd-bcfd-0ea928675878 HTTP/1.0 201 - python-swiftclient-3.11.1 gAAAAABpexJZJyaj... - - - txaf73820b2c4d4dafbdf88-00697b129f - 0.0314 - - 1769673375.298894644 1769673375.330331564 0
Jan 29 07:56:15 standalone container-server[123888]: 172.20.0.100 - - [29/Jan/2026:07:56:15 +0000] "HEAD /d1/477/AUTH_1c8ebafd86664ddfaf943c5d3d2b2d65/gnocchi.f199183b-4c5d-4bdd-bcfd-0ea928675878" 204 - "HEAD http://localhost:8080/v1/AUTH_1c8ebafd86664ddfaf943c5d3d2b2d65/gnocchi.f199183b-4c5d-4bdd-bcfd-0ea928675878?format=json&states=listing" "tx266eeb4db3e048aea39b9-00697b129f" "proxy-server 21" 0.0016 "-" 21 0
Jan 29 07:56:15 standalone proxy-server[125980]: - - 29/Jan/2026/07/56/15 HEAD /v1/AUTH_1c8ebafd86664ddfaf943c5d3d2b2d65/gnocchi.f199183b-4c5d-4bdd-bcfd-0ea928675878%3Fformat%3Djson%26states%3Dlisting HTTP/1.0 204 - Swift - - - - tx266eeb4db3e048aea39b9-00697b129f - 0.0048 RL - 1769673375.337882042 1769673375.342688560 0
Jan 29 07:56:15 standalone container-server[123909]: 172.20.0.100 - - [29/Jan/2026:07:56:15 +0000] "GET /d1/477/AUTH_1c8ebafd86664ddfaf943c5d3d2b2d65/gnocchi.f199183b-4c5d-4bdd-bcfd-0ea928675878" 200 2 "GET http://localhost:8080/v1/AUTH_1c8ebafd86664ddfaf943c5d3d2b2d65/gnocchi.f199183b-4c5d-4bdd-bcfd-0ea928675878?format=json&states=listing" "tx266eeb4db3e048aea39b9-00697b129f" "proxy-server 21" 0.0053 "-" 23 0
Jan 29 07:56:15 standalone proxy-server[125980]: 172.18.0.2 ::1 29/Jan/2026/07/56/15 GET /v1/AUTH_1c8ebafd86664ddfaf943c5d3d2b2d65/gnocchi.f199183b-4c5d-4bdd-bcfd-0ea928675878%3Fformat%3Djson%26states%3Dlisting HTTP/1.0 200 - python-swiftclient-3.11.1 gAAAAABpexJZJyaj... - 2 - tx266eeb4db3e048aea39b9-00697b129f - 0.0190 - - 1769673375.336687088 1769673375.355702877 0
Jan 29 07:56:15 standalone object-server[124221]: 172.20.0.100 - - [29/Jan/2026:07:56:15 +0000] "GET /d1/606/AUTH_1c8ebafd86664ddfaf943c5d3d2b2d65/gnocchi.f199183b-4c5d-4bdd-bcfd-0ea928675878/1769040000.0_mean_300.0_v3" 404 70 "GET http://localhost:8080/v1/AUTH_1c8ebafd86664ddfaf943c5d3d2b2d65/gnocchi.f199183b-4c5d-4bdd-bcfd-0ea928675878/1769040000.0_mean_300.0_v3" "tx830961db6d3541daa77d2-00697b129f" "proxy-server 21" 0.0004 "-" 23 0
Jan 29 07:56:15 standalone proxy-server[125980]: 172.18.0.2 ::1 29/Jan/2026/07/56/15 GET /v1/AUTH_1c8ebafd86664ddfaf943c5d3d2b2d65/gnocchi.f199183b-4c5d-4bdd-bcfd-0ea928675878/1769040000.0_mean_300.0_v3 HTTP/1.0 404 - python-swiftclient-3.11.1 gAAAAABpexJZJyaj... - 70 - tx830961db6d3541daa77d2-00697b129f - 0.0055 - - 1769673375.362737656 1769673375.368256569 0
Jan 29 07:56:15 standalone container-server[123909]: 172.20.0.100 - - [29/Jan/2026:07:56:15 +0000] "PUT /d1/477/AUTH_1c8ebafd86664ddfaf943c5d3d2b2d65/gnocchi.f199183b-4c5d-4bdd-bcfd-0ea928675878/1769040000.0_mean_300.0_v3" 201 - "PUT http://localhost:8080/d1/606/AUTH_1c8ebafd86664ddfaf943c5d3d2b2d65/gnocchi.f199183b-4c5d-4bdd-bcfd-0ea928675878/1769040000.0_mean_300.0_v3" "tx975dbfe72d5c4e46a50e7-00697b129f" "object-server 25" 0.0013 "-" 23 0
Jan 29 07:56:15 standalone object-server[124223]: 172.20.0.100 - - [29/Jan/2026:07:56:15 +0000] "PUT /d1/606/AUTH_1c8ebafd86664ddfaf943c5d3d2b2d65/gnocchi.f199183b-4c5d-4bdd-bcfd-0ea928675878/1769040000.0_mean_300.0_v3" 201 - "PUT http://localhost:8080/v1/AUTH_1c8ebafd86664ddfaf943c5d3d2b2d65/gnocchi.f199183b-4c5d-4bdd-bcfd-0ea928675878/1769040000.0_mean_300.0_v3" "tx975dbfe72d5c4e46a50e7-00697b129f" "proxy-server 21" 0.0117 "-" 25 0
Jan 29 07:56:15 standalone proxy-server[125980]: 172.18.0.2 ::1 29/Jan/2026/07/56/15 PUT /v1/AUTH_1c8ebafd86664ddfaf943c5d3d2b2d65/gnocchi.f199183b-4c5d-4bdd-bcfd-0ea928675878/1769040000.0_mean_300.0_v3 HTTP/1.0 201 - python-swiftclient-3.11.1 gAAAAABpexJZJyaj... 16 - - tx975dbfe72d5c4e46a50e7-00697b129f - 0.0173 - - 1769673375.375998497 1769673375.393274546 0
Jan 29 07:56:15 standalone container-server[123899]: 172.20.0.100 - - [29/Jan/2026:07:56:15 +0000] "PUT /d1/477/AUTH_1c8ebafd86664ddfaf943c5d3d2b2d65/gnocchi.f199183b-4c5d-4bdd-bcfd-0ea928675878/none_v3" 201 - "PUT http://localhost:8080/d1/98/AUTH_1c8ebafd86664ddfaf943c5d3d2b2d65/gnocchi.f199183b-4c5d-4bdd-bcfd-0ea928675878/none_v3" "txa0b0fc08b4da41ca9b8a9-00697b129f" "object-server 23" 0.0008 "-" 22 0
Jan 29 07:56:15 standalone object-server[124221]: 172.20.0.100 - - [29/Jan/2026:07:56:15 +0000] "PUT /d1/98/AUTH_1c8ebafd86664ddfaf943c5d3d2b2d65/gnocchi.f199183b-4c5d-4bdd-bcfd-0ea928675878/none_v3" 201 - "PUT http://localhost:8080/v1/AUTH_1c8ebafd86664ddfaf943c5d3d2b2d65/gnocchi.f199183b-4c5d-4bdd-bcfd-0ea928675878/none_v3" "txa0b0fc08b4da41ca9b8a9-00697b129f" "proxy-server 21" 0.0116 "-" 23 0
Jan 29 07:56:15 standalone proxy-server[125980]: 172.18.0.2 ::1 29/Jan/2026/07/56/15 PUT /v1/AUTH_1c8ebafd86664ddfaf943c5d3d2b2d65/gnocchi.f199183b-4c5d-4bdd-bcfd-0ea928675878/none_v3 HTTP/1.0 201 - python-swiftclient-3.11.1 gAAAAABpexJZJyaj... 22 - - txa0b0fc08b4da41ca9b8a9-00697b129f - 0.0178 - - 1769673375.400098324 1769673375.417899609 0
Jan 29 07:56:15 standalone container-server[123909]: 172.20.0.100 - - [29/Jan/2026:07:56:15 +0000] "HEAD /d1/957/AUTH_1c8ebafd86664ddfaf943c5d3d2b2d65/gnocchi.0fccb9bf-4461-4308-b8b0-cdcd52075807" 404 - "HEAD http://localhost:8080/v1/AUTH_1c8ebafd86664ddfaf943c5d3d2b2d65/gnocchi.0fccb9bf-4461-4308-b8b0-cdcd52075807?format=json&states=listing" "txf5882e6e0ff84416ac513-00697b129f" "proxy-server 21" 0.0010 "-" 23 0
Jan 29 07:56:15 standalone object-server[124219]: 172.20.0.100 - - [29/Jan/2026:07:56:15 +0000] "GET /d1/476/AUTH_1c8ebafd86664ddfaf943c5d3d2b2d65/gnocchi.0fccb9bf-4461-4308-b8b0-cdcd52075807/none_v3" 404 70 "GET http://localhost:8080/v1/AUTH_1c8ebafd86664ddfaf943c5d3d2b2d65/gnocchi.0fccb9bf-4461-4308-b8b0-cdcd52075807/none_v3" "txf5882e6e0ff84416ac513-00697b129f" "proxy-server 21" 0.0003 "-" 22 0
Jan 29 07:56:15 standalone proxy-server[125980]: 172.18.0.2 ::1 29/Jan/2026/07/56/15 GET /v1/AUTH_1c8ebafd86664ddfaf943c5d3d2b2d65/gnocchi.0fccb9bf-4461-4308-b8b0-cdcd52075807/none_v3 HTTP/1.0 404 - python-swiftclient-3.11.1 gAAAAABpexJZJyaj... - 70 - txf5882e6e0ff84416ac513-00697b129f - 0.0110 - - 1769673375.438677788 1769673375.449640989 0
Jan 29 07:56:15 standalone account-server[123879]: 172.20.0.100 - - [29/Jan/2026:07:56:15 +0000] "PUT /d1/609/AUTH_1c8ebafd86664ddfaf943c5d3d2b2d65/gnocchi.0fccb9bf-4461-4308-b8b0-cdcd52075807" 201 - "PUT http://172.20.0.100:6001/d1/957/AUTH_1c8ebafd86664ddfaf943c5d3d2b2d65/gnocchi.0fccb9bf-4461-4308-b8b0-cdcd52075807" "tx67dfd2ad7f7b45beb93cd-00697b129f" "container-server 21" 0.0069 "-" 20 0
Jan 29 07:56:15 standalone container-server[123888]: 172.20.0.100 - - [29/Jan/2026:07:56:15 +0000] "PUT /d1/957/AUTH_1c8ebafd86664ddfaf943c5d3d2b2d65/gnocchi.0fccb9bf-4461-4308-b8b0-cdcd52075807" 201 - "PUT http://localhost:8080/v1/AUTH_1c8ebafd86664ddfaf943c5d3d2b2d65/gnocchi.0fccb9bf-4461-4308-b8b0-cdcd52075807" "tx67dfd2ad7f7b45beb93cd-00697b129f" "proxy-server 21" 0.0158 "-" 21 0
Jan 29 07:56:15 standalone proxy-server[125980]: 172.18.0.2 ::1 29/Jan/2026/07/56/15 PUT /v1/AUTH_1c8ebafd86664ddfaf943c5d3d2b2d65/gnocchi.0fccb9bf-4461-4308-b8b0-cdcd52075807 HTTP/1.0 201 - python-swiftclient-3.11.1 gAAAAABpexJZJyaj... - - - tx67dfd2ad7f7b45beb93cd-00697b129f - 0.0213 - - 1769673375.454297066 1769673375.475646496 0
Jan 29 07:56:15 standalone container-server[123880]: 172.20.0.100 - - [29/Jan/2026:07:56:15 +0000] "HEAD /d1/957/AUTH_1c8ebafd86664ddfaf943c5d3d2b2d65/gnocchi.0fccb9bf-4461-4308-b8b0-cdcd52075807" 204 - "HEAD http://localhost:8080/v1/AUTH_1c8ebafd86664ddfaf943c5d3d2b2d65/gnocchi.0fccb9bf-4461-4308-b8b0-cdcd52075807?format=json&states=listing" "tx7681c227ce3f4923abea3-00697b129f" "proxy-server 21" 0.0022 "-" 20 0
Jan 29 07:56:15 standalone proxy-server[125980]: - - 29/Jan/2026/07/56/15 HEAD /v1/AUTH_1c8ebafd86664ddfaf943c5d3d2b2d65/gnocchi.0fccb9bf-4461-4308-b8b0-cdcd52075807%3Fformat%3Djson%26states%3Dlisting HTTP/1.0 204 - Swift - - - - tx7681c227ce3f4923abea3-00697b129f - 0.0059 RL - 1769673375.485121012 1769673375.491031408 0
Jan 29 07:56:15 standalone container-server[123909]: 172.20.0.100 - - [29/Jan/2026:07:56:15 +0000] "GET /d1/957/AUTH_1c8ebafd86664ddfaf943c5d3d2b2d65/gnocchi.0fccb9bf-4461-4308-b8b0-cdcd52075807" 200 2 "GET http://localhost:8080/v1/AUTH_1c8ebafd86664ddfaf943c5d3d2b2d65/gnocchi.0fccb9bf-4461-4308-b8b0-cdcd52075807?format=json&states=listing" "tx7681c227ce3f4923abea3-00697b129f" "proxy-server 21" 0.0062 "-" 23 0
Jan 29 07:56:15 standalone proxy-server[125980]: 172.18.0.2 ::1 29/Jan/2026/07/56/15 GET /v1/AUTH_1c8ebafd86664ddfaf943c5d3d2b2d65/gnocchi.0fccb9bf-4461-4308-b8b0-cdcd52075807%3Fformat%3Djson%26states%3Dlisting HTTP/1.0 200 - python-swiftclient-3.11.1 gAAAAABpexJZJyaj... - 2 - tx7681c227ce3f4923abea3-00697b129f - 0.0211 - - 1769673375.483683348 1769673375.504734278 0
Jan 29 07:56:15 standalone object-server[124222]: 172.20.0.100 - - [29/Jan/2026:07:56:15 +0000] "GET /d1/911/AUTH_1c8ebafd86664ddfaf943c5d3d2b2d65/gnocchi.0fccb9bf-4461-4308-b8b0-cdcd52075807/1769040000.0_mean_300.0_v3" 404 70 "GET http://localhost:8080/v1/AUTH_1c8ebafd86664ddfaf943c5d3d2b2d65/gnocchi.0fccb9bf-4461-4308-b8b0-cdcd52075807/1769040000.0_mean_300.0_v3" "tx50d99bea51bd43a6961d1-00697b129f" "proxy-server 21" 0.0005 "-" 24 0
Jan 29 07:56:15 standalone proxy-server[125980]: 172.18.0.2 ::1 29/Jan/2026/07/56/15 GET /v1/AUTH_1c8ebafd86664ddfaf943c5d3d2b2d65/gnocchi.0fccb9bf-4461-4308-b8b0-cdcd52075807/1769040000.0_mean_300.0_v3 HTTP/1.0 404 - python-swiftclient-3.11.1 gAAAAABpexJZJyaj... - 70 - tx50d99bea51bd43a6961d1-00697b129f - 0.0064 - - 1769673375.511395216 1769673375.517796755 0
Jan 29 07:56:15 standalone container-server[123909]: 172.20.0.100 - - [29/Jan/2026:07:56:15 +0000] "PUT /d1/957/AUTH_1c8ebafd86664ddfaf943c5d3d2b2d65/gnocchi.0fccb9bf-4461-4308-b8b0-cdcd52075807/1769040000.0_mean_300.0_v3" 201 - "PUT http://localhost:8080/d1/911/AUTH_1c8ebafd86664ddfaf943c5d3d2b2d65/gnocchi.0fccb9bf-4461-4308-b8b0-cdcd52075807/1769040000.0_mean_300.0_v3" "txad6c6e1a743b4ee885007-00697b129f" "object-server 24" 0.0009 "-" 23 0
Jan 29 07:56:15 standalone object-server[124222]: 172.20.0.100 - - [29/Jan/2026:07:56:15 +0000] "PUT /d1/911/AUTH_1c8ebafd86664ddfaf943c5d3d2b2d65/gnocchi.0fccb9bf-4461-4308-b8b0-cdcd52075807/1769040000.0_mean_300.0_v3" 201 - "PUT http://localhost:8080/v1/AUTH_1c8ebafd86664ddfaf943c5d3d2b2d65/gnocchi.0fccb9bf-4461-4308-b8b0-cdcd52075807/1769040000.0_mean_300.0_v3" "txad6c6e1a743b4ee885007-00697b129f" "proxy-server 21" 0.0174 "-" 24 0
Jan 29 07:56:15 standalone proxy-server[125980]: 172.18.0.2 ::1 29/Jan/2026/07/56/15 PUT /v1/AUTH_1c8ebafd86664ddfaf943c5d3d2b2d65/gnocchi.0fccb9bf-4461-4308-b8b0-cdcd52075807/1769040000.0_mean_300.0_v3 HTTP/1.0 201 - python-swiftclient-3.11.1 gAAAAABpexJZJyaj... 16 - - txad6c6e1a743b4ee885007-00697b129f - 0.0259 - - 1769673375.524842501 1769673375.550727129 0
Jan 29 07:56:15 standalone container-server[123888]: 172.20.0.100 - - [29/Jan/2026:07:56:15 +0000] "PUT /d1/957/AUTH_1c8ebafd86664ddfaf943c5d3d2b2d65/gnocchi.0fccb9bf-4461-4308-b8b0-cdcd52075807/none_v3" 201 - "PUT http://localhost:8080/d1/476/AUTH_1c8ebafd86664ddfaf943c5d3d2b2d65/gnocchi.0fccb9bf-4461-4308-b8b0-cdcd52075807/none_v3" "tx6d870f8261bf49c691f50-00697b129f" "object-server 25" 0.0011 "-" 21 0
Jan 29 07:56:15 standalone object-server[124223]: 172.20.0.100 - - [29/Jan/2026:07:56:15 +0000] "PUT /d1/476/AUTH_1c8ebafd86664ddfaf943c5d3d2b2d65/gnocchi.0fccb9bf-4461-4308-b8b0-cdcd52075807/none_v3" 201 - "PUT http://localhost:8080/v1/AUTH_1c8ebafd86664ddfaf943c5d3d2b2d65/gnocchi.0fccb9bf-4461-4308-b8b0-cdcd52075807/none_v3" "tx6d870f8261bf49c691f50-00697b129f" "proxy-server 21" 0.0137 "-" 25 0
Jan 29 07:56:15 standalone proxy-server[125980]: 172.18.0.2 ::1 29/Jan/2026/07/56/15 PUT /v1/AUTH_1c8ebafd86664ddfaf943c5d3d2b2d65/gnocchi.0fccb9bf-4461-4308-b8b0-cdcd52075807/none_v3 HTTP/1.0 201 - python-swiftclient-3.11.1 gAAAAABpexJZJyaj... 22 - - tx6d870f8261bf49c691f50-00697b129f - 0.0211 - - 1769673375.556464434 1769673375.577517748 0
Jan 29 07:56:15 standalone container-server[123880]: 172.20.0.100 - - [29/Jan/2026:07:56:15 +0000] "HEAD /d1/651/AUTH_1c8ebafd86664ddfaf943c5d3d2b2d65/gnocchi.9aafeb3d-0048-4471-ac2d-8c1bd3d16e88" 404 - "HEAD http://localhost:8080/v1/AUTH_1c8ebafd86664ddfaf943c5d3d2b2d65/gnocchi.9aafeb3d-0048-4471-ac2d-8c1bd3d16e88?format=json&states=listing" "txa80bdacd5307469ea3a85-00697b129f" "proxy-server 21" 0.0005 "-" 20 0
Jan 29 07:56:15 standalone object-server[124219]: 172.20.0.100 - - [29/Jan/2026:07:56:15 +0000] "GET /d1/491/AUTH_1c8ebafd86664ddfaf943c5d3d2b2d65/gnocchi.9aafeb3d-0048-4471-ac2d-8c1bd3d16e88/none_v3" 404 70 "GET http://localhost:8080/v1/AUTH_1c8ebafd86664ddfaf943c5d3d2b2d65/gnocchi.9aafeb3d-0048-4471-ac2d-8c1bd3d16e88/none_v3" "txa80bdacd5307469ea3a85-00697b129f" "proxy-server 21" 0.0004 "-" 22 0
Jan 29 07:56:15 standalone proxy-server[125980]: 172.18.0.2 ::1 29/Jan/2026/07/56/15 GET /v1/AUTH_1c8ebafd86664ddfaf943c5d3d2b2d65/gnocchi.9aafeb3d-0048-4471-ac2d-8c1bd3d16e88/none_v3 HTTP/1.0 404 - python-swiftclient-3.11.1 gAAAAABpexJZJyaj... - 70 - txa80bdacd5307469ea3a85-00697b129f - 0.0109 - - 1769673375.595585823 1769673375.606493950 0
Jan 29 07:56:15 standalone account-server[123879]: 172.20.0.100 - - [29/Jan/2026:07:56:15 +0000] "PUT /d1/609/AUTH_1c8ebafd86664ddfaf943c5d3d2b2d65/gnocchi.9aafeb3d-0048-4471-ac2d-8c1bd3d16e88" 201 - "PUT http://172.20.0.100:6001/d1/651/AUTH_1c8ebafd86664ddfaf943c5d3d2b2d65/gnocchi.9aafeb3d-0048-4471-ac2d-8c1bd3d16e88" "txbfc968473ef94cb29c574-00697b129f" "container-server 21" 0.0069 "-" 20 0
Jan 29 07:56:15 standalone container-server[123888]: 172.20.0.100 - - [29/Jan/2026:07:56:15 +0000] "PUT /d1/651/AUTH_1c8ebafd86664ddfaf943c5d3d2b2d65/gnocchi.9aafeb3d-0048-4471-ac2d-8c1bd3d16e88" 201 - "PUT http://localhost:8080/v1/AUTH_1c8ebafd86664ddfaf943c5d3d2b2d65/gnocchi.9aafeb3d-0048-4471-ac2d-8c1bd3d16e88" "txbfc968473ef94cb29c574-00697b129f" "proxy-server 21" 0.0304 "-" 21 0
Jan 29 07:56:15 standalone proxy-server[125980]: 172.18.0.2 ::1 29/Jan/2026/07/56/15 PUT /v1/AUTH_1c8ebafd86664ddfaf943c5d3d2b2d65/gnocchi.9aafeb3d-0048-4471-ac2d-8c1bd3d16e88 HTTP/1.0 201 - python-swiftclient-3.11.1 gAAAAABpexJZJyaj... - - - txbfc968473ef94cb29c574-00697b129f - 0.0369 - - 1769673375.611327410 1769673375.648252249 0
Jan 29 07:56:15 standalone container-server[123888]: 172.20.0.100 - - [29/Jan/2026:07:56:15 +0000] "HEAD /d1/651/AUTH_1c8ebafd86664ddfaf943c5d3d2b2d65/gnocchi.9aafeb3d-0048-4471-ac2d-8c1bd3d16e88" 204 - "HEAD http://localhost:8080/v1/AUTH_1c8ebafd86664ddfaf943c5d3d2b2d65/gnocchi.9aafeb3d-0048-4471-ac2d-8c1bd3d16e88?format=json&states=listing" "txc517d35aab96461ea011b-00697b129f" "proxy-server 21" 0.0045 "-" 21 0
Jan 29 07:56:15 standalone proxy-server[125980]: - - 29/Jan/2026/07/56/15 HEAD /v1/AUTH_1c8ebafd86664ddfaf943c5d3d2b2d65/gnocchi.9aafeb3d-0048-4471-ac2d-8c1bd3d16e88%3Fformat%3Djson%26states%3Dlisting HTTP/1.0 204 - Swift - - - - txc517d35aab96461ea011b-00697b129f - 0.0137 RL - 1769673375.653777599 1769673375.667492151 0
Jan 29 07:56:15 standalone container-server[123899]: 172.20.0.100 - - [29/Jan/2026:07:56:15 +0000] "GET /d1/651/AUTH_1c8ebafd86664ddfaf943c5d3d2b2d65/gnocchi.9aafeb3d-0048-4471-ac2d-8c1bd3d16e88" 200 2 "GET http://localhost:8080/v1/AUTH_1c8ebafd86664ddfaf943c5d3d2b2d65/gnocchi.9aafeb3d-0048-4471-ac2d-8c1bd3d16e88?format=json&states=listing" "txc517d35aab96461ea011b-00697b129f" "proxy-server 21" 0.0030 "-" 22 0
Jan 29 07:56:15 standalone proxy-server[125980]: 172.18.0.2 ::1 29/Jan/2026/07/56/15 GET /v1/AUTH_1c8ebafd86664ddfaf943c5d3d2b2d65/gnocchi.9aafeb3d-0048-4471-ac2d-8c1bd3d16e88%3Fformat%3Djson%26states%3Dlisting HTTP/1.0 200 - python-swiftclient-3.11.1 gAAAAABpexJZJyaj... - 2 - txc517d35aab96461ea011b-00697b129f - 0.0418 - - 1769673375.652602434 1769673375.694379091 0
Jan 29 07:56:15 standalone object-server[124219]: 172.20.0.100 - - [29/Jan/2026:07:56:15 +0000] "GET /d1/684/AUTH_1c8ebafd86664ddfaf943c5d3d2b2d65/gnocchi.9aafeb3d-0048-4471-ac2d-8c1bd3d16e88/1769040000.0_mean_300.0_v3" 404 70 "GET http://localhost:8080/v1/AUTH_1c8ebafd86664ddfaf943c5d3d2b2d65/gnocchi.9aafeb3d-0048-4471-ac2d-8c1bd3d16e88/1769040000.0_mean_300.0_v3" "tx097877dd4e454ea1bf321-00697b129f" "proxy-server 21" 0.0004 "-" 22 0
Jan 29 07:56:15 standalone proxy-server[125980]: 172.18.0.2 ::1 29/Jan/2026/07/56/15 GET /v1/AUTH_1c8ebafd86664ddfaf943c5d3d2b2d65/gnocchi.9aafeb3d-0048-4471-ac2d-8c1bd3d16e88/1769040000.0_mean_300.0_v3 HTTP/1.0 404 - python-swiftclient-3.11.1 gAAAAABpexJZJyaj... - 70 - tx097877dd4e454ea1bf321-00697b129f - 0.0072 - - 1769673375.699833393 1769673375.706999779 0
Jan 29 07:56:15 standalone container-server[123888]: 172.20.0.100 - - [29/Jan/2026:07:56:15 +0000] "PUT /d1/651/AUTH_1c8ebafd86664ddfaf943c5d3d2b2d65/gnocchi.9aafeb3d-0048-4471-ac2d-8c1bd3d16e88/1769040000.0_mean_300.0_v3" 201 - "PUT http://localhost:8080/d1/684/AUTH_1c8ebafd86664ddfaf943c5d3d2b2d65/gnocchi.9aafeb3d-0048-4471-ac2d-8c1bd3d16e88/1769040000.0_mean_300.0_v3" "txd303e2931035459fbd397-00697b129f" "object-server 24" 0.0030 "-" 21 0
Jan 29 07:56:15 standalone object-server[124222]: 172.20.0.100 - - [29/Jan/2026:07:56:15 +0000] "PUT /d1/684/AUTH_1c8ebafd86664ddfaf943c5d3d2b2d65/gnocchi.9aafeb3d-0048-4471-ac2d-8c1bd3d16e88/1769040000.0_mean_300.0_v3" 201 - "PUT http://localhost:8080/v1/AUTH_1c8ebafd86664ddfaf943c5d3d2b2d65/gnocchi.9aafeb3d-0048-4471-ac2d-8c1bd3d16e88/1769040000.0_mean_300.0_v3" "txd303e2931035459fbd397-00697b129f" "proxy-server 21" 0.0247 "-" 24 0
Jan 29 07:56:15 standalone proxy-server[125980]: 172.18.0.2 ::1 29/Jan/2026/07/56/15 PUT /v1/AUTH_1c8ebafd86664ddfaf943c5d3d2b2d65/gnocchi.9aafeb3d-0048-4471-ac2d-8c1bd3d16e88/1769040000.0_mean_300.0_v3 HTTP/1.0 201 - python-swiftclient-3.11.1 gAAAAABpexJZJyaj... 16 - - txd303e2931035459fbd397-00697b129f - 0.0367 - - 1769673375.713280678 1769673375.750026703 0
Jan 29 07:56:15 standalone container-server[123899]: 172.20.0.100 - - [29/Jan/2026:07:56:15 +0000] "PUT /d1/651/AUTH_1c8ebafd86664ddfaf943c5d3d2b2d65/gnocchi.9aafeb3d-0048-4471-ac2d-8c1bd3d16e88/none_v3" 201 - "PUT http://localhost:8080/d1/491/AUTH_1c8ebafd86664ddfaf943c5d3d2b2d65/gnocchi.9aafeb3d-0048-4471-ac2d-8c1bd3d16e88/none_v3" "tx553b1727de24452c8c4d0-00697b129f" "object-server 24" 0.0007 "-" 22 0
Jan 29 07:56:15 standalone object-server[124222]: 172.20.0.100 - - [29/Jan/2026:07:56:15 +0000] "PUT /d1/491/AUTH_1c8ebafd86664ddfaf943c5d3d2b2d65/gnocchi.9aafeb3d-0048-4471-ac2d-8c1bd3d16e88/none_v3" 201 - "PUT http://localhost:8080/v1/AUTH_1c8ebafd86664ddfaf943c5d3d2b2d65/gnocchi.9aafeb3d-0048-4471-ac2d-8c1bd3d16e88/none_v3" "tx553b1727de24452c8c4d0-00697b129f" "proxy-server 21" 0.0153 "-" 24 0
Jan 29 07:56:15 standalone proxy-server[125980]: 172.18.0.2 ::1 29/Jan/2026/07/56/15 PUT /v1/AUTH_1c8ebafd86664ddfaf943c5d3d2b2d65/gnocchi.9aafeb3d-0048-4471-ac2d-8c1bd3d16e88/none_v3 HTTP/1.0 201 - python-swiftclient-3.11.1 gAAAAABpexJZJyaj... 22 - - tx553b1727de24452c8c4d0-00697b129f - 0.0236 - - 1769673375.754694939 1769673375.778333664 0
Jan 29 07:56:25 standalone account-server[123911]: 172.20.0.100 - - [29/Jan/2026:07:56:25 +0000] "HEAD /d1/353/.expiring_objects" 404 - "HEAD http://localhost/v1/.expiring_objects?format=json" "tx9ea140dd503d402889f0b-00697b12a9" "proxy-server 2" 0.0007 "-" 22 -
Jan 29 07:56:25 standalone object-expirer[123978]: Pass completed in 0s; 0 objects expired (txn: tx9ea140dd503d402889f0b-00697b12a9)
Jan 29 07:58:16 standalone account-server[123885]: 172.20.0.100 - - [29/Jan/2026:07:58:16 +0000] "HEAD /d1/353/.expiring_objects" 404 - "HEAD http://localhost/v1/.expiring_objects?format=json" "tx89e398145021420c9da05-00697b1318" "proxy-server 2" 0.0006 "-" 21 -
Jan 29 07:58:16 standalone object-expirer[123978]: Pass completed in 0s; 0 objects expired (txn: tx89e398145021420c9da05-00697b1318)
Jan 29 07:58:38 standalone account-server[123879]: 172.20.0.100 - - [29/Jan/2026:07:58:38 +0000] "HEAD /d1/609/AUTH_1c8ebafd86664ddfaf943c5d3d2b2d65" 204 - "HEAD http://localhost:8080/v1/AUTH_1c8ebafd86664ddfaf943c5d3d2b2d65?format=json" "txce52d2d3d2994229a82bb-00697b132e" "proxy-server 21" 0.0059 "-" 20 -
Jan 29 07:58:38 standalone proxy-server[125980]: - - 29/Jan/2026/07/58/38 HEAD /v1/AUTH_1c8ebafd86664ddfaf943c5d3d2b2d65%3Fformat%3Djson HTTP/1.0 204 - Swift - - - - txce52d2d3d2994229a82bb-00697b132e - 0.0098 RL - 1769673518.114004374 1769673518.123755693 -
Jan 29 07:58:38 standalone container-server[123880]: 172.20.0.100 - - [29/Jan/2026:07:58:38 +0000] "HEAD /d1/222/AUTH_1c8ebafd86664ddfaf943c5d3d2b2d65/gnocchi.36646850-6eb6-43c7-9f99-e8a5b905caee" 404 - "HEAD http://localhost:8080/v1/AUTH_1c8ebafd86664ddfaf943c5d3d2b2d65/gnocchi.36646850-6eb6-43c7-9f99-e8a5b905caee?format=json&states=listing" "txce52d2d3d2994229a82bb-00697b132e" "proxy-server 21" 0.0006 "-" 20 0
Jan 29 07:58:38 standalone object-server[124221]: 172.20.0.100 - - [29/Jan/2026:07:58:38 +0000] "GET /d1/810/AUTH_1c8ebafd86664ddfaf943c5d3d2b2d65/gnocchi.36646850-6eb6-43c7-9f99-e8a5b905caee/none_v3" 404 70 "GET http://localhost:8080/v1/AUTH_1c8ebafd86664ddfaf943c5d3d2b2d65/gnocchi.36646850-6eb6-43c7-9f99-e8a5b905caee/none_v3" "txce52d2d3d2994229a82bb-00697b132e" "proxy-server 21" 0.0004 "-" 23 0
Jan 29 07:58:38 standalone proxy-server[125980]: 172.18.0.2 ::1 29/Jan/2026/07/58/38 GET /v1/AUTH_1c8ebafd86664ddfaf943c5d3d2b2d65/gnocchi.36646850-6eb6-43c7-9f99-e8a5b905caee/none_v3 HTTP/1.0 404 - python-swiftclient-3.11.1 gAAAAABpexJZJyaj... - 70 - txce52d2d3d2994229a82bb-00697b132e - 0.0207 - - 1769673518.112277031 1769673518.132935524 0
Jan 29 07:58:38 standalone account-server[123925]: 172.20.0.100 - - [29/Jan/2026:07:58:38 +0000] "PUT /d1/609/AUTH_1c8ebafd86664ddfaf943c5d3d2b2d65/gnocchi.36646850-6eb6-43c7-9f99-e8a5b905caee" 201 - "PUT http://172.20.0.100:6001/d1/222/AUTH_1c8ebafd86664ddfaf943c5d3d2b2d65/gnocchi.36646850-6eb6-43c7-9f99-e8a5b905caee" "tx069d853d71b34145801d3-00697b132e" "container-server 22" 0.0011 "-" 23 0
Jan 29 07:58:38 standalone container-server[123899]: 172.20.0.100 - - [29/Jan/2026:07:58:38 +0000] "PUT /d1/222/AUTH_1c8ebafd86664ddfaf943c5d3d2b2d65/gnocchi.36646850-6eb6-43c7-9f99-e8a5b905caee" 201 - "PUT http://localhost:8080/v1/AUTH_1c8ebafd86664ddfaf943c5d3d2b2d65/gnocchi.36646850-6eb6-43c7-9f99-e8a5b905caee" "tx069d853d71b34145801d3-00697b132e" "proxy-server 21" 0.0199 "-" 22 0
Jan 29 07:58:38 standalone proxy-server[125980]: 172.18.0.2 ::1 29/Jan/2026/07/58/38 PUT /v1/AUTH_1c8ebafd86664ddfaf943c5d3d2b2d65/gnocchi.36646850-6eb6-43c7-9f99-e8a5b905caee HTTP/1.0 201 - python-swiftclient-3.11.1 gAAAAABpexJZJyaj... - - - tx069d853d71b34145801d3-00697b132e - 0.0247 - - 1769673518.136041641 1769673518.160697937 0
Jan 29 07:58:38 standalone container-server[123899]: 172.20.0.100 - - [29/Jan/2026:07:58:38 +0000] "HEAD /d1/222/AUTH_1c8ebafd86664ddfaf943c5d3d2b2d65/gnocchi.36646850-6eb6-43c7-9f99-e8a5b905caee" 204 - "HEAD http://localhost:8080/v1/AUTH_1c8ebafd86664ddfaf943c5d3d2b2d65/gnocchi.36646850-6eb6-43c7-9f99-e8a5b905caee?format=json&states=listing" "tx604c0b0246a449aab5f6c-00697b132e" "proxy-server 21" 0.0013 "-" 22 0
Jan 29 07:58:38 standalone proxy-server[125980]: - - 29/Jan/2026/07/58/38 HEAD /v1/AUTH_1c8ebafd86664ddfaf943c5d3d2b2d65/gnocchi.36646850-6eb6-43c7-9f99-e8a5b905caee%3Fformat%3Djson%26states%3Dlisting HTTP/1.0 204 - Swift - - - - tx604c0b0246a449aab5f6c-00697b132e - 0.0042 RL - 1769673518.165390491 1769673518.169615984 0
Jan 29 07:58:38 standalone container-server[123899]: 172.20.0.100 - - [29/Jan/2026:07:58:38 +0000] "GET /d1/222/AUTH_1c8ebafd86664ddfaf943c5d3d2b2d65/gnocchi.36646850-6eb6-43c7-9f99-e8a5b905caee" 200 2 "GET http://localhost:8080/v1/AUTH_1c8ebafd86664ddfaf943c5d3d2b2d65/gnocchi.36646850-6eb6-43c7-9f99-e8a5b905caee?format=json&states=listing" "tx604c0b0246a449aab5f6c-00697b132e" "proxy-server 21" 0.0015 "-" 22 0
Jan 29 07:58:38 standalone proxy-server[125980]: 172.18.0.2 ::1 29/Jan/2026/07/58/38 GET /v1/AUTH_1c8ebafd86664ddfaf943c5d3d2b2d65/gnocchi.36646850-6eb6-43c7-9f99-e8a5b905caee%3Fformat%3Djson%26states%3Dlisting HTTP/1.0 200 - python-swiftclient-3.11.1 gAAAAABpexJZJyaj... - 2 - tx604c0b0246a449aab5f6c-00697b132e - 0.0124 - - 1769673518.163948298 1769673518.176327229 0
Jan 29 07:58:38 standalone object-server[124221]: 172.20.0.100 - - [29/Jan/2026:07:58:38 +0000] "GET /d1/658/AUTH_1c8ebafd86664ddfaf943c5d3d2b2d65/gnocchi.36646850-6eb6-43c7-9f99-e8a5b905caee/1769040000.0_mean_300.0_v3" 404 70 "GET http://localhost:8080/v1/AUTH_1c8ebafd86664ddfaf943c5d3d2b2d65/gnocchi.36646850-6eb6-43c7-9f99-e8a5b905caee/1769040000.0_mean_300.0_v3" "tx98538e8e3619449693b28-00697b132e" "proxy-server 21" 0.0005 "-" 23 0
Jan 29 07:58:38 standalone proxy-server[125980]: 172.18.0.2 ::1 29/Jan/2026/07/58/38 GET /v1/AUTH_1c8ebafd86664ddfaf943c5d3d2b2d65/gnocchi.36646850-6eb6-43c7-9f99-e8a5b905caee/1769040000.0_mean_300.0_v3 HTTP/1.0 404 - python-swiftclient-3.11.1 gAAAAABpexJZJyaj... - 70 - tx98538e8e3619449693b28-00697b132e - 0.0047 - - 1769673518.180109501 1769673518.184777975 0
Jan 29 07:58:38 standalone container-server[123899]: 172.20.0.100 - - [29/Jan/2026:07:58:38 +0000] "PUT /d1/222/AUTH_1c8ebafd86664ddfaf943c5d3d2b2d65/gnocchi.36646850-6eb6-43c7-9f99-e8a5b905caee/1769040000.0_mean_300.0_v3" 201 - "PUT http://localhost:8080/d1/658/AUTH_1c8ebafd86664ddfaf943c5d3d2b2d65/gnocchi.36646850-6eb6-43c7-9f99-e8a5b905caee/1769040000.0_mean_300.0_v3" "tx2f66ad31ff95420da6748-00697b132e" "object-server 22" 0.0004 "-" 22 0
Jan 29 07:58:38 standalone object-server[124219]: 172.20.0.100 - - [29/Jan/2026:07:58:38 +0000] "PUT /d1/658/AUTH_1c8ebafd86664ddfaf943c5d3d2b2d65/gnocchi.36646850-6eb6-43c7-9f99-e8a5b905caee/1769040000.0_mean_300.0_v3" 201 - "PUT http://localhost:8080/v1/AUTH_1c8ebafd86664ddfaf943c5d3d2b2d65/gnocchi.36646850-6eb6-43c7-9f99-e8a5b905caee/1769040000.0_mean_300.0_v3" "tx2f66ad31ff95420da6748-00697b132e" "proxy-server 21" 0.0089 "-" 22 0
Jan 29 07:58:38 standalone proxy-server[125980]: 172.18.0.2 ::1 29/Jan/2026/07/58/38 PUT /v1/AUTH_1c8ebafd86664ddfaf943c5d3d2b2d65/gnocchi.36646850-6eb6-43c7-9f99-e8a5b905caee/1769040000.0_mean_300.0_v3 HTTP/1.0 201 - python-swiftclient-3.11.1 gAAAAABpexJZJyaj... 16 - - tx2f66ad31ff95420da6748-00697b132e - 0.0129 - - 1769673518.187873840 1769673518.200823784 0
Jan 29 07:58:38 standalone container-server[123888]: 172.20.0.100 - - [29/Jan/2026:07:58:38 +0000] "PUT /d1/222/AUTH_1c8ebafd86664ddfaf943c5d3d2b2d65/gnocchi.36646850-6eb6-43c7-9f99-e8a5b905caee/none_v3" 201 - "PUT http://localhost:8080/d1/810/AUTH_1c8ebafd86664ddfaf943c5d3d2b2d65/gnocchi.36646850-6eb6-43c7-9f99-e8a5b905caee/none_v3" "txd454cdadbd6640efbb3df-00697b132e" "object-server 24" 0.0005 "-" 21 0
Jan 29 07:58:38 standalone object-server[124222]: 172.20.0.100 - - [29/Jan/2026:07:58:38 +0000] "PUT /d1/810/AUTH_1c8ebafd86664ddfaf943c5d3d2b2d65/gnocchi.36646850-6eb6-43c7-9f99-e8a5b905caee/none_v3" 201 - "PUT http://localhost:8080/v1/AUTH_1c8ebafd86664ddfaf943c5d3d2b2d65/gnocchi.36646850-6eb6-43c7-9f99-e8a5b905caee/none_v3" "txd454cdadbd6640efbb3df-00697b132e" "proxy-server 21" 0.0071 "-" 24 0
Jan 29 07:58:38 standalone proxy-server[125980]: 172.18.0.2 ::1 29/Jan/2026/07/58/38 PUT /v1/AUTH_1c8ebafd86664ddfaf943c5d3d2b2d65/gnocchi.36646850-6eb6-43c7-9f99-e8a5b905caee/none_v3 HTTP/1.0 201 - python-swiftclient-3.11.1 gAAAAABpexJZJyaj... 22 - - txd454cdadbd6640efbb3df-00697b132e - 0.0120 - - 1769673518.203723669 1769673518.215747356 0
Jan 29 07:58:38 standalone container-server[123909]: 172.20.0.100 - - [29/Jan/2026:07:58:38 +0000] "HEAD /d1/557/AUTH_1c8ebafd86664ddfaf943c5d3d2b2d65/gnocchi.2bc8f8d3-1ce6-4dcd-8588-76142d3936a0" 404 - "HEAD http://localhost:8080/v1/AUTH_1c8ebafd86664ddfaf943c5d3d2b2d65/gnocchi.2bc8f8d3-1ce6-4dcd-8588-76142d3936a0?format=json&states=listing" "tx96deb78e0e8c40d994a31-00697b132e" "proxy-server 21" 0.0003 "-" 23 0
Jan 29 07:58:38 standalone object-server[124221]: 172.20.0.100 - - [29/Jan/2026:07:58:38 +0000] "GET /d1/841/AUTH_1c8ebafd86664ddfaf943c5d3d2b2d65/gnocchi.2bc8f8d3-1ce6-4dcd-8588-76142d3936a0/none_v3" 404 70 "GET http://localhost:8080/v1/AUTH_1c8ebafd86664ddfaf943c5d3d2b2d65/gnocchi.2bc8f8d3-1ce6-4dcd-8588-76142d3936a0/none_v3" "tx96deb78e0e8c40d994a31-00697b132e" "proxy-server 21" 0.0003 "-" 23 0
Jan 29 07:58:38 standalone proxy-server[125980]: 172.18.0.2 ::1 29/Jan/2026/07/58/38 GET /v1/AUTH_1c8ebafd86664ddfaf943c5d3d2b2d65/gnocchi.2bc8f8d3-1ce6-4dcd-8588-76142d3936a0/none_v3 HTTP/1.0 404 - python-swiftclient-3.11.1 gAAAAABpexJZJyaj... - 70 - tx96deb78e0e8c40d994a31-00697b132e - 0.0078 - - 1769673518.226277590 1769673518.234040022 0
Jan 29 07:58:38 standalone account-server[123925]: 172.20.0.100 - - [29/Jan/2026:07:58:38 +0000] "PUT /d1/609/AUTH_1c8ebafd86664ddfaf943c5d3d2b2d65/gnocchi.2bc8f8d3-1ce6-4dcd-8588-76142d3936a0" 201 - "PUT http://172.20.0.100:6001/d1/557/AUTH_1c8ebafd86664ddfaf943c5d3d2b2d65/gnocchi.2bc8f8d3-1ce6-4dcd-8588-76142d3936a0" "tx26f4a49659914a17bfb7b-00697b132e" "container-server 21" 0.0066 "-" 23 0
Jan 29 07:58:38 standalone container-server[123888]: 172.20.0.100 - - [29/Jan/2026:07:58:38 +0000] "PUT /d1/557/AUTH_1c8ebafd86664ddfaf943c5d3d2b2d65/gnocchi.2bc8f8d3-1ce6-4dcd-8588-76142d3936a0" 201 - "PUT http://localhost:8080/v1/AUTH_1c8ebafd86664ddfaf943c5d3d2b2d65/gnocchi.2bc8f8d3-1ce6-4dcd-8588-76142d3936a0" "tx26f4a49659914a17bfb7b-00697b132e" "proxy-server 21" 0.0160 "-" 21 0
Jan 29 07:58:38 standalone proxy-server[125980]: 172.18.0.2 ::1 29/Jan/2026/07/58/38 PUT /v1/AUTH_1c8ebafd86664ddfaf943c5d3d2b2d65/gnocchi.2bc8f8d3-1ce6-4dcd-8588-76142d3936a0 HTTP/1.0 201 - python-swiftclient-3.11.1 gAAAAABpexJZJyaj... - - - tx26f4a49659914a17bfb7b-00697b132e - 0.0203 - - 1769673518.236601114 1769673518.256876230 0
Jan 29 07:58:38 standalone container-server[123880]: 172.20.0.100 - - [29/Jan/2026:07:58:38 +0000] "HEAD /d1/557/AUTH_1c8ebafd86664ddfaf943c5d3d2b2d65/gnocchi.2bc8f8d3-1ce6-4dcd-8588-76142d3936a0" 204 - "HEAD http://localhost:8080/v1/AUTH_1c8ebafd86664ddfaf943c5d3d2b2d65/gnocchi.2bc8f8d3-1ce6-4dcd-8588-76142d3936a0?format=json&states=listing" "txff41637c3f964ec5b46aa-00697b132e" "proxy-server 21" 0.0011 "-" 20 0
Jan 29 07:58:38 standalone proxy-server[125980]: - - 29/Jan/2026/07/58/38 HEAD /v1/AUTH_1c8ebafd86664ddfaf943c5d3d2b2d65/gnocchi.2bc8f8d3-1ce6-4dcd-8588-76142d3936a0%3Fformat%3Djson%26states%3Dlisting HTTP/1.0 204 - Swift - - - - txff41637c3f964ec5b46aa-00697b132e - 0.0039 RL - 1769673518.261179924 1769673518.265086412 0
Jan 29 07:58:38 standalone container-server[123880]: 172.20.0.100 - - [29/Jan/2026:07:58:38 +0000] "GET /d1/557/AUTH_1c8ebafd86664ddfaf943c5d3d2b2d65/gnocchi.2bc8f8d3-1ce6-4dcd-8588-76142d3936a0" 200 2 "GET http://localhost:8080/v1/AUTH_1c8ebafd86664ddfaf943c5d3d2b2d65/gnocchi.2bc8f8d3-1ce6-4dcd-8588-76142d3936a0?format=json&states=listing" "txff41637c3f964ec5b46aa-00697b132e" "proxy-server 21" 0.0015 "-" 20 0
Jan 29 07:58:38 standalone proxy-server[125980]: 172.18.0.2 ::1 29/Jan/2026/07/58/38 GET /v1/AUTH_1c8ebafd86664ddfaf943c5d3d2b2d65/gnocchi.2bc8f8d3-1ce6-4dcd-8588-76142d3936a0%3Fformat%3Djson%26states%3Dlisting HTTP/1.0 200 - python-swiftclient-3.11.1 gAAAAABpexJZJyaj... - 2 - txff41637c3f964ec5b46aa-00697b132e - 0.0102 - - 1769673518.260263681 1769673518.270446539 0
Jan 29 07:58:38 standalone object-server[124222]: 172.20.0.100 - - [29/Jan/2026:07:58:38 +0000] "GET /d1/890/AUTH_1c8ebafd86664ddfaf943c5d3d2b2d65/gnocchi.2bc8f8d3-1ce6-4dcd-8588-76142d3936a0/1769040000.0_mean_300.0_v3" 404 70 "GET http://localhost:8080/v1/AUTH_1c8ebafd86664ddfaf943c5d3d2b2d65/gnocchi.2bc8f8d3-1ce6-4dcd-8588-76142d3936a0/1769040000.0_mean_300.0_v3" "txf6f8a9213bd741e48f0e8-00697b132e" "proxy-server 21" 0.0003 "-" 24 0
Jan 29 07:58:38 standalone proxy-server[125980]: 172.18.0.2 ::1 29/Jan/2026/07/58/38 GET /v1/AUTH_1c8ebafd86664ddfaf943c5d3d2b2d65/gnocchi.2bc8f8d3-1ce6-4dcd-8588-76142d3936a0/1769040000.0_mean_300.0_v3 HTTP/1.0 404 - python-swiftclient-3.11.1 gAAAAABpexJZJyaj... - 70 - txf6f8a9213bd741e48f0e8-00697b132e - 0.0038 - - 1769673518.273376703 1769673518.277219772 0
Jan 29 07:58:38 standalone container-server[123899]: 172.20.0.100 - - [29/Jan/2026:07:58:38 +0000] "PUT /d1/557/AUTH_1c8ebafd86664ddfaf943c5d3d2b2d65/gnocchi.2bc8f8d3-1ce6-4dcd-8588-76142d3936a0/1769040000.0_mean_300.0_v3" 201 - "PUT http://localhost:8080/d1/890/AUTH_1c8ebafd86664ddfaf943c5d3d2b2d65/gnocchi.2bc8f8d3-1ce6-4dcd-8588-76142d3936a0/1769040000.0_mean_300.0_v3" "tx2a2af82dc3984c748a191-00697b132e" "object-server 23" 0.0005 "-" 22 0
Jan 29 07:58:38 standalone object-server[124221]: 172.20.0.100 - - [29/Jan/2026:07:58:38 +0000] "PUT /d1/890/AUTH_1c8ebafd86664ddfaf943c5d3d2b2d65/gnocchi.2bc8f8d3-1ce6-4dcd-8588-76142d3936a0/1769040000.0_mean_300.0_v3" 201 - "PUT http://localhost:8080/v1/AUTH_1c8ebafd86664ddfaf943c5d3d2b2d65/gnocchi.2bc8f8d3-1ce6-4dcd-8588-76142d3936a0/1769040000.0_mean_300.0_v3" "tx2a2af82dc3984c748a191-00697b132e" "proxy-server 21" 0.0074 "-" 23 0
Jan 29 07:58:38 standalone proxy-server[125980]: 172.18.0.2 ::1 29/Jan/2026/07/58/38 PUT /v1/AUTH_1c8ebafd86664ddfaf943c5d3d2b2d65/gnocchi.2bc8f8d3-1ce6-4dcd-8588-76142d3936a0/1769040000.0_mean_300.0_v3 HTTP/1.0 201 - python-swiftclient-3.11.1 gAAAAABpexJZJyaj... 16 - - tx2a2af82dc3984c748a191-00697b132e - 0.0115 - - 1769673518.279426336 1769673518.290885448 0
Jan 29 07:58:38 standalone container-server[123899]: 172.20.0.100 - - [29/Jan/2026:07:58:38 +0000] "PUT /d1/557/AUTH_1c8ebafd86664ddfaf943c5d3d2b2d65/gnocchi.2bc8f8d3-1ce6-4dcd-8588-76142d3936a0/none_v3" 201 - "PUT http://localhost:8080/d1/841/AUTH_1c8ebafd86664ddfaf943c5d3d2b2d65/gnocchi.2bc8f8d3-1ce6-4dcd-8588-76142d3936a0/none_v3" "tx95b21be37fcd4285858d5-00697b132e" "object-server 24" 0.0003 "-" 22 0
Jan 29 07:58:38 standalone object-server[124222]: 172.20.0.100 - - [29/Jan/2026:07:58:38 +0000] "PUT /d1/841/AUTH_1c8ebafd86664ddfaf943c5d3d2b2d65/gnocchi.2bc8f8d3-1ce6-4dcd-8588-76142d3936a0/none_v3" 201 - "PUT http://localhost:8080/v1/AUTH_1c8ebafd86664ddfaf943c5d3d2b2d65/gnocchi.2bc8f8d3-1ce6-4dcd-8588-76142d3936a0/none_v3" "tx95b21be37fcd4285858d5-00697b132e" "proxy-server 21" 0.0072 "-" 24 0
Jan 29 07:58:38 standalone proxy-server[125980]: 172.18.0.2 ::1 29/Jan/2026/07/58/38 PUT /v1/AUTH_1c8ebafd86664ddfaf943c5d3d2b2d65/gnocchi.2bc8f8d3-1ce6-4dcd-8588-76142d3936a0/none_v3 HTTP/1.0 201 - python-swiftclient-3.11.1 gAAAAABpexJZJyaj... 22 - - tx95b21be37fcd4285858d5-00697b132e - 0.0107 - - 1769673518.293059587 1769673518.303720713 0
Jan 29 07:58:38 standalone container-server[123880]: 172.20.0.100 - - [29/Jan/2026:07:58:38 +0000] "HEAD /d1/930/AUTH_1c8ebafd86664ddfaf943c5d3d2b2d65/gnocchi.ed86a241-ffb5-4dc5-b217-fb59cb9622f2" 404 - "HEAD http://localhost:8080/v1/AUTH_1c8ebafd86664ddfaf943c5d3d2b2d65/gnocchi.ed86a241-ffb5-4dc5-b217-fb59cb9622f2?format=json&states=listing" "txa481887d90ee4f55bc8b1-00697b132e" "proxy-server 21" 0.0003 "-" 20 0
Jan 29 07:58:38 standalone object-server[124221]: 172.20.0.100 - - [29/Jan/2026:07:58:38 +0000] "GET /d1/646/AUTH_1c8ebafd86664ddfaf943c5d3d2b2d65/gnocchi.ed86a241-ffb5-4dc5-b217-fb59cb9622f2/none_v3" 404 70 "GET http://localhost:8080/v1/AUTH_1c8ebafd86664ddfaf943c5d3d2b2d65/gnocchi.ed86a241-ffb5-4dc5-b217-fb59cb9622f2/none_v3" "txa481887d90ee4f55bc8b1-00697b132e" "proxy-server 21" 0.0003 "-" 23 0
Jan 29 07:58:38 standalone proxy-server[125980]: 172.18.0.2 ::1 29/Jan/2026/07/58/38 GET /v1/AUTH_1c8ebafd86664ddfaf943c5d3d2b2d65/gnocchi.ed86a241-ffb5-4dc5-b217-fb59cb9622f2/none_v3 HTTP/1.0 404 - python-swiftclient-3.11.1 gAAAAABpexJZJyaj... - 70 - txa481887d90ee4f55bc8b1-00697b132e - 0.0082 - - 1769673518.315002680 1769673518.323234558 0
Jan 29 07:58:38 standalone account-server[123879]: 172.20.0.100 - - [29/Jan/2026:07:58:38 +0000] "PUT /d1/609/AUTH_1c8ebafd86664ddfaf943c5d3d2b2d65/gnocchi.ed86a241-ffb5-4dc5-b217-fb59cb9622f2" 201 - "PUT http://172.20.0.100:6001/d1/930/AUTH_1c8ebafd86664ddfaf943c5d3d2b2d65/gnocchi.ed86a241-ffb5-4dc5-b217-fb59cb9622f2" "tx9472b17ea0ae40af88fd1-00697b132e" "container-server 23" 0.0042 "-" 20 0
