Jan 29 07:58:39 standalone container-server[123899]: 172.20.0.100 - - [29/Jan/2026:07:58:39 +0000] "HEAD /d1/401/AUTH_1c8ebafd86664ddfaf943c5d3d2b2d65/gnocchi.7ba7e289-d886-4b96-ba77-1a21b3dce3d9" 204 - "HEAD http://localhost:8080/v1/AUTH_1c8ebafd86664ddfaf943c5d3d2b2d65/gnocchi.7ba7e289-d886-4b96-ba77-1a21b3dce3d9?format=json&states=listing" "txf958a7c8f4ee4764b19b0-00697b132f" "proxy-server 21" 0.0022 "-" 22 0
Jan 29 07:58:39 standalone proxy-server[125980]: - - 29/Jan/2026/07/58/39 HEAD /v1/AUTH_1c8ebafd86664ddfaf943c5d3d2b2d65/gnocchi.7ba7e289-d886-4b96-ba77-1a21b3dce3d9%3Fformat%3Djson%26states%3Dlisting HTTP/1.0 204 - Swift - - - - txf958a7c8f4ee4764b19b0-00697b132f - 0.0069 RL - 1769673519.365751743 1769673519.372673035 0
Jan 29 07:58:39 standalone container-server[123888]: 172.20.0.100 - - [29/Jan/2026:07:58:39 +0000] "GET /d1/401/AUTH_1c8ebafd86664ddfaf943c5d3d2b2d65/gnocchi.7ba7e289-d886-4b96-ba77-1a21b3dce3d9" 200 2 "GET http://localhost:8080/v1/AUTH_1c8ebafd86664ddfaf943c5d3d2b2d65/gnocchi.7ba7e289-d886-4b96-ba77-1a21b3dce3d9?format=json&states=listing" "txf958a7c8f4ee4764b19b0-00697b132f" "proxy-server 21" 0.0020 "-" 21 0
Jan 29 07:58:39 standalone proxy-server[125980]: 172.18.0.2 ::1 29/Jan/2026/07/58/39 GET /v1/AUTH_1c8ebafd86664ddfaf943c5d3d2b2d65/gnocchi.7ba7e289-d886-4b96-ba77-1a21b3dce3d9%3Fformat%3Djson%26states%3Dlisting HTTP/1.0 200 - python-swiftclient-3.11.1 gAAAAABpexJZJyaj... - 2 - txf958a7c8f4ee4764b19b0-00697b132f - 0.0194 - - 1769673519.364262819 1769673519.383704424 0
Jan 29 07:58:39 standalone object-server[124222]: 172.20.0.100 - - [29/Jan/2026:07:58:39 +0000] "GET /d1/481/AUTH_1c8ebafd86664ddfaf943c5d3d2b2d65/gnocchi.7ba7e289-d886-4b96-ba77-1a21b3dce3d9/1769040000.0_mean_300.0_v3" 404 70 "GET http://localhost:8080/v1/AUTH_1c8ebafd86664ddfaf943c5d3d2b2d65/gnocchi.7ba7e289-d886-4b96-ba77-1a21b3dce3d9/1769040000.0_mean_300.0_v3" "tx3b4a8b3e005643a69883c-00697b132f" "proxy-server 21" 0.0005 "-" 24 0
Jan 29 07:58:39 standalone proxy-server[125980]: 172.18.0.2 ::1 29/Jan/2026/07/58/39 GET /v1/AUTH_1c8ebafd86664ddfaf943c5d3d2b2d65/gnocchi.7ba7e289-d886-4b96-ba77-1a21b3dce3d9/1769040000.0_mean_300.0_v3 HTTP/1.0 404 - python-swiftclient-3.11.1 gAAAAABpexJZJyaj... - 70 - tx3b4a8b3e005643a69883c-00697b132f - 0.0071 - - 1769673519.388785601 1769673519.395910978 0
Jan 29 07:58:39 standalone container-server[123909]: 172.20.0.100 - - [29/Jan/2026:07:58:39 +0000] "PUT /d1/401/AUTH_1c8ebafd86664ddfaf943c5d3d2b2d65/gnocchi.7ba7e289-d886-4b96-ba77-1a21b3dce3d9/1769040000.0_mean_300.0_v3" 201 - "PUT http://localhost:8080/d1/481/AUTH_1c8ebafd86664ddfaf943c5d3d2b2d65/gnocchi.7ba7e289-d886-4b96-ba77-1a21b3dce3d9/1769040000.0_mean_300.0_v3" "txfe2d5e4bec3f4852b1d68-00697b132f" "object-server 22" 0.0008 "-" 23 0
Jan 29 07:58:39 standalone object-server[124219]: 172.20.0.100 - - [29/Jan/2026:07:58:39 +0000] "PUT /d1/481/AUTH_1c8ebafd86664ddfaf943c5d3d2b2d65/gnocchi.7ba7e289-d886-4b96-ba77-1a21b3dce3d9/1769040000.0_mean_300.0_v3" 201 - "PUT http://localhost:8080/v1/AUTH_1c8ebafd86664ddfaf943c5d3d2b2d65/gnocchi.7ba7e289-d886-4b96-ba77-1a21b3dce3d9/1769040000.0_mean_300.0_v3" "txfe2d5e4bec3f4852b1d68-00697b132f" "proxy-server 21" 0.0098 "-" 22 0
Jan 29 07:58:39 standalone proxy-server[125980]: 172.18.0.2 ::1 29/Jan/2026/07/58/39 PUT /v1/AUTH_1c8ebafd86664ddfaf943c5d3d2b2d65/gnocchi.7ba7e289-d886-4b96-ba77-1a21b3dce3d9/1769040000.0_mean_300.0_v3 HTTP/1.0 201 - python-swiftclient-3.11.1 gAAAAABpexJZJyaj... 16 - - txfe2d5e4bec3f4852b1d68-00697b132f - 0.0164 - - 1769673519.399498463 1769673519.415885210 0
Jan 29 07:58:39 standalone container-server[123880]: 172.20.0.100 - - [29/Jan/2026:07:58:39 +0000] "PUT /d1/401/AUTH_1c8ebafd86664ddfaf943c5d3d2b2d65/gnocchi.7ba7e289-d886-4b96-ba77-1a21b3dce3d9/none_v3" 201 - "PUT http://localhost:8080/d1/478/AUTH_1c8ebafd86664ddfaf943c5d3d2b2d65/gnocchi.7ba7e289-d886-4b96-ba77-1a21b3dce3d9/none_v3" "tx8f5f6e3368044965af75a-00697b132f" "object-server 23" 0.0006 "-" 20 0
Jan 29 07:58:39 standalone object-server[124221]: 172.20.0.100 - - [29/Jan/2026:07:58:39 +0000] "PUT /d1/478/AUTH_1c8ebafd86664ddfaf943c5d3d2b2d65/gnocchi.7ba7e289-d886-4b96-ba77-1a21b3dce3d9/none_v3" 201 - "PUT http://localhost:8080/v1/AUTH_1c8ebafd86664ddfaf943c5d3d2b2d65/gnocchi.7ba7e289-d886-4b96-ba77-1a21b3dce3d9/none_v3" "tx8f5f6e3368044965af75a-00697b132f" "proxy-server 21" 0.0089 "-" 23 0
Jan 29 07:58:39 standalone proxy-server[125980]: 172.18.0.2 ::1 29/Jan/2026/07/58/39 PUT /v1/AUTH_1c8ebafd86664ddfaf943c5d3d2b2d65/gnocchi.7ba7e289-d886-4b96-ba77-1a21b3dce3d9/none_v3 HTTP/1.0 201 - python-swiftclient-3.11.1 gAAAAABpexJZJyaj... 22 - - tx8f5f6e3368044965af75a-00697b132f - 0.0140 - - 1769673519.419075727 1769673519.433103800 0
Jan 29 07:58:39 standalone container-server[123899]: 172.20.0.100 - - [29/Jan/2026:07:58:39 +0000] "HEAD /d1/776/AUTH_1c8ebafd86664ddfaf943c5d3d2b2d65/gnocchi.705b90be-9934-4ee2-b170-0e23b05c7205" 404 - "HEAD http://localhost:8080/v1/AUTH_1c8ebafd86664ddfaf943c5d3d2b2d65/gnocchi.705b90be-9934-4ee2-b170-0e23b05c7205?format=json&states=listing" "tx2d1418cb1594439fb56ff-00697b132f" "proxy-server 21" 0.0004 "-" 22 0
Jan 29 07:58:39 standalone object-server[124223]: 172.20.0.100 - - [29/Jan/2026:07:58:39 +0000] "GET /d1/427/AUTH_1c8ebafd86664ddfaf943c5d3d2b2d65/gnocchi.705b90be-9934-4ee2-b170-0e23b05c7205/none_v3" 404 70 "GET http://localhost:8080/v1/AUTH_1c8ebafd86664ddfaf943c5d3d2b2d65/gnocchi.705b90be-9934-4ee2-b170-0e23b05c7205/none_v3" "tx2d1418cb1594439fb56ff-00697b132f" "proxy-server 21" 0.0005 "-" 25 0
Jan 29 07:58:39 standalone proxy-server[125980]: 172.18.0.2 ::1 29/Jan/2026/07/58/39 GET /v1/AUTH_1c8ebafd86664ddfaf943c5d3d2b2d65/gnocchi.705b90be-9934-4ee2-b170-0e23b05c7205/none_v3 HTTP/1.0 404 - python-swiftclient-3.11.1 gAAAAABpexJZJyaj... - 70 - tx2d1418cb1594439fb56ff-00697b132f - 0.0106 - - 1769673519.443739891 1769673519.454314470 0
Jan 29 07:58:39 standalone account-server[123879]: 172.20.0.100 - - [29/Jan/2026:07:58:39 +0000] "PUT /d1/609/AUTH_1c8ebafd86664ddfaf943c5d3d2b2d65/gnocchi.705b90be-9934-4ee2-b170-0e23b05c7205" 201 - "PUT http://172.20.0.100:6001/d1/776/AUTH_1c8ebafd86664ddfaf943c5d3d2b2d65/gnocchi.705b90be-9934-4ee2-b170-0e23b05c7205" "tx2411d6d6acf6479caac6e-00697b132f" "container-server 23" 0.0056 "-" 20 0
Jan 29 07:58:39 standalone container-server[123909]: 172.20.0.100 - - [29/Jan/2026:07:58:39 +0000] "PUT /d1/776/AUTH_1c8ebafd86664ddfaf943c5d3d2b2d65/gnocchi.705b90be-9934-4ee2-b170-0e23b05c7205" 201 - "PUT http://localhost:8080/v1/AUTH_1c8ebafd86664ddfaf943c5d3d2b2d65/gnocchi.705b90be-9934-4ee2-b170-0e23b05c7205" "tx2411d6d6acf6479caac6e-00697b132f" "proxy-server 21" 0.0147 "-" 23 0
Jan 29 07:58:39 standalone proxy-server[125980]: 172.18.0.2 ::1 29/Jan/2026/07/58/39 PUT /v1/AUTH_1c8ebafd86664ddfaf943c5d3d2b2d65/gnocchi.705b90be-9934-4ee2-b170-0e23b05c7205 HTTP/1.0 201 - python-swiftclient-3.11.1 gAAAAABpexJZJyaj... - - - tx2411d6d6acf6479caac6e-00697b132f - 0.0216 - - 1769673519.460296392 1769673519.481896877 0
Jan 29 07:58:39 standalone container-server[123899]: 172.20.0.100 - - [29/Jan/2026:07:58:39 +0000] "HEAD /d1/776/AUTH_1c8ebafd86664ddfaf943c5d3d2b2d65/gnocchi.705b90be-9934-4ee2-b170-0e23b05c7205" 204 - "HEAD http://localhost:8080/v1/AUTH_1c8ebafd86664ddfaf943c5d3d2b2d65/gnocchi.705b90be-9934-4ee2-b170-0e23b05c7205?format=json&states=listing" "tx8be9eab445354db3a5c0e-00697b132f" "proxy-server 21" 0.0063 "-" 22 0
Jan 29 07:58:39 standalone proxy-server[125980]: - - 29/Jan/2026/07/58/39 HEAD /v1/AUTH_1c8ebafd86664ddfaf943c5d3d2b2d65/gnocchi.705b90be-9934-4ee2-b170-0e23b05c7205%3Fformat%3Djson%26states%3Dlisting HTTP/1.0 204 - Swift - - - - tx8be9eab445354db3a5c0e-00697b132f - 0.0127 RL - 1769673519.487968683 1769673519.500640869 0
Jan 29 07:58:39 standalone container-server[123909]: 172.20.0.100 - - [29/Jan/2026:07:58:39 +0000] "GET /d1/776/AUTH_1c8ebafd86664ddfaf943c5d3d2b2d65/gnocchi.705b90be-9934-4ee2-b170-0e23b05c7205" 200 2 "GET http://localhost:8080/v1/AUTH_1c8ebafd86664ddfaf943c5d3d2b2d65/gnocchi.705b90be-9934-4ee2-b170-0e23b05c7205?format=json&states=listing" "tx8be9eab445354db3a5c0e-00697b132f" "proxy-server 21" 0.0017 "-" 23 0
Jan 29 07:58:39 standalone proxy-server[125980]: 172.18.0.2 ::1 29/Jan/2026/07/58/39 GET /v1/AUTH_1c8ebafd86664ddfaf943c5d3d2b2d65/gnocchi.705b90be-9934-4ee2-b170-0e23b05c7205%3Fformat%3Djson%26states%3Dlisting HTTP/1.0 200 - python-swiftclient-3.11.1 gAAAAABpexJZJyaj... - 2 - tx8be9eab445354db3a5c0e-00697b132f - 0.0237 - - 1769673519.486266851 1769673519.509948969 0
Jan 29 07:58:39 standalone object-server[124222]: 172.20.0.100 - - [29/Jan/2026:07:58:39 +0000] "GET /d1/373/AUTH_1c8ebafd86664ddfaf943c5d3d2b2d65/gnocchi.705b90be-9934-4ee2-b170-0e23b05c7205/1769040000.0_mean_300.0_v3" 404 70 "GET http://localhost:8080/v1/AUTH_1c8ebafd86664ddfaf943c5d3d2b2d65/gnocchi.705b90be-9934-4ee2-b170-0e23b05c7205/1769040000.0_mean_300.0_v3" "tx957ed249edbf4341b1ca6-00697b132f" "proxy-server 21" 0.0004 "-" 24 0
Jan 29 07:58:39 standalone proxy-server[125980]: 172.18.0.2 ::1 29/Jan/2026/07/58/39 GET /v1/AUTH_1c8ebafd86664ddfaf943c5d3d2b2d65/gnocchi.705b90be-9934-4ee2-b170-0e23b05c7205/1769040000.0_mean_300.0_v3 HTTP/1.0 404 - python-swiftclient-3.11.1 gAAAAABpexJZJyaj... - 70 - tx957ed249edbf4341b1ca6-00697b132f - 0.0084 - - 1769673519.518263102 1769673519.526675940 0
Jan 29 07:58:39 standalone container-server[123880]: 172.20.0.100 - - [29/Jan/2026:07:58:39 +0000] "PUT /d1/776/AUTH_1c8ebafd86664ddfaf943c5d3d2b2d65/gnocchi.705b90be-9934-4ee2-b170-0e23b05c7205/1769040000.0_mean_300.0_v3" 201 - "PUT http://localhost:8080/d1/373/AUTH_1c8ebafd86664ddfaf943c5d3d2b2d65/gnocchi.705b90be-9934-4ee2-b170-0e23b05c7205/1769040000.0_mean_300.0_v3" "tx0551c95f9a5747839f2e1-00697b132f" "object-server 24" 0.0009 "-" 20 0
Jan 29 07:58:39 standalone object-server[124222]: 172.20.0.100 - - [29/Jan/2026:07:58:39 +0000] "PUT /d1/373/AUTH_1c8ebafd86664ddfaf943c5d3d2b2d65/gnocchi.705b90be-9934-4ee2-b170-0e23b05c7205/1769040000.0_mean_300.0_v3" 201 - "PUT http://localhost:8080/v1/AUTH_1c8ebafd86664ddfaf943c5d3d2b2d65/gnocchi.705b90be-9934-4ee2-b170-0e23b05c7205/1769040000.0_mean_300.0_v3" "tx0551c95f9a5747839f2e1-00697b132f" "proxy-server 21" 0.0109 "-" 24 0
Jan 29 07:58:39 standalone proxy-server[125980]: 172.18.0.2 ::1 29/Jan/2026/07/58/39 PUT /v1/AUTH_1c8ebafd86664ddfaf943c5d3d2b2d65/gnocchi.705b90be-9934-4ee2-b170-0e23b05c7205/1769040000.0_mean_300.0_v3 HTTP/1.0 201 - python-swiftclient-3.11.1 gAAAAABpexJZJyaj... 16 - - tx0551c95f9a5747839f2e1-00697b132f - 0.0173 - - 1769673519.531695843 1769673519.548979282 0
Jan 29 07:58:39 standalone container-server[123909]: 172.20.0.100 - - [29/Jan/2026:07:58:39 +0000] "PUT /d1/776/AUTH_1c8ebafd86664ddfaf943c5d3d2b2d65/gnocchi.705b90be-9934-4ee2-b170-0e23b05c7205/none_v3" 201 - "PUT http://localhost:8080/d1/427/AUTH_1c8ebafd86664ddfaf943c5d3d2b2d65/gnocchi.705b90be-9934-4ee2-b170-0e23b05c7205/none_v3" "txf9ae8446b1d3476bb13ad-00697b132f" "object-server 22" 0.0005 "-" 23 0
Jan 29 07:58:39 standalone object-server[124219]: 172.20.0.100 - - [29/Jan/2026:07:58:39 +0000] "PUT /d1/427/AUTH_1c8ebafd86664ddfaf943c5d3d2b2d65/gnocchi.705b90be-9934-4ee2-b170-0e23b05c7205/none_v3" 201 - "PUT http://localhost:8080/v1/AUTH_1c8ebafd86664ddfaf943c5d3d2b2d65/gnocchi.705b90be-9934-4ee2-b170-0e23b05c7205/none_v3" "txf9ae8446b1d3476bb13ad-00697b132f" "proxy-server 21" 0.0103 "-" 22 0
Jan 29 07:58:39 standalone proxy-server[125980]: 172.18.0.2 ::1 29/Jan/2026/07/58/39 PUT /v1/AUTH_1c8ebafd86664ddfaf943c5d3d2b2d65/gnocchi.705b90be-9934-4ee2-b170-0e23b05c7205/none_v3 HTTP/1.0 201 - python-swiftclient-3.11.1 gAAAAABpexJZJyaj... 22 - - txf9ae8446b1d3476bb13ad-00697b132f - 0.0168 - - 1769673519.552686453 1769673519.569458008 0
Jan 29 07:58:39 standalone container-server[123899]: 172.20.0.100 - - [29/Jan/2026:07:58:39 +0000] "HEAD /d1/777/AUTH_1c8ebafd86664ddfaf943c5d3d2b2d65/gnocchi.1d82e464-ba4b-46d5-96bf-7fea382fbad0" 404 - "HEAD http://localhost:8080/v1/AUTH_1c8ebafd86664ddfaf943c5d3d2b2d65/gnocchi.1d82e464-ba4b-46d5-96bf-7fea382fbad0?format=json&states=listing" "tx515ef5e9ded949f88f0e4-00697b132f" "proxy-server 21" 0.0005 "-" 22 0
Jan 29 07:58:39 standalone object-server[124221]: 172.20.0.100 - - [29/Jan/2026:07:58:39 +0000] "GET /d1/829/AUTH_1c8ebafd86664ddfaf943c5d3d2b2d65/gnocchi.1d82e464-ba4b-46d5-96bf-7fea382fbad0/none_v3" 404 70 "GET http://localhost:8080/v1/AUTH_1c8ebafd86664ddfaf943c5d3d2b2d65/gnocchi.1d82e464-ba4b-46d5-96bf-7fea382fbad0/none_v3" "tx515ef5e9ded949f88f0e4-00697b132f" "proxy-server 21" 0.0004 "-" 23 0
Jan 29 07:58:39 standalone proxy-server[125980]: 172.18.0.2 ::1 29/Jan/2026/07/58/39 GET /v1/AUTH_1c8ebafd86664ddfaf943c5d3d2b2d65/gnocchi.1d82e464-ba4b-46d5-96bf-7fea382fbad0/none_v3 HTTP/1.0 404 - python-swiftclient-3.11.1 gAAAAABpexJZJyaj... - 70 - tx515ef5e9ded949f88f0e4-00697b132f - 0.0090 - - 1769673519.579607487 1769673519.588562012 0
Jan 29 07:58:39 standalone account-server[123925]: 172.20.0.100 - - [29/Jan/2026:07:58:39 +0000] "PUT /d1/609/AUTH_1c8ebafd86664ddfaf943c5d3d2b2d65/gnocchi.1d82e464-ba4b-46d5-96bf-7fea382fbad0" 201 - "PUT http://172.20.0.100:6001/d1/777/AUTH_1c8ebafd86664ddfaf943c5d3d2b2d65/gnocchi.1d82e464-ba4b-46d5-96bf-7fea382fbad0" "tx652f16b1f5da478e91eac-00697b132f" "container-server 20" 0.0039 "-" 23 0
Jan 29 07:58:39 standalone container-server[123880]: 172.20.0.100 - - [29/Jan/2026:07:58:39 +0000] "PUT /d1/777/AUTH_1c8ebafd86664ddfaf943c5d3d2b2d65/gnocchi.1d82e464-ba4b-46d5-96bf-7fea382fbad0" 201 - "PUT http://localhost:8080/v1/AUTH_1c8ebafd86664ddfaf943c5d3d2b2d65/gnocchi.1d82e464-ba4b-46d5-96bf-7fea382fbad0" "tx652f16b1f5da478e91eac-00697b132f" "proxy-server 21" 0.0148 "-" 20 0
Jan 29 07:58:39 standalone proxy-server[125980]: 172.18.0.2 ::1 29/Jan/2026/07/58/39 PUT /v1/AUTH_1c8ebafd86664ddfaf943c5d3d2b2d65/gnocchi.1d82e464-ba4b-46d5-96bf-7fea382fbad0 HTTP/1.0 201 - python-swiftclient-3.11.1 gAAAAABpexJZJyaj... - - - tx652f16b1f5da478e91eac-00697b132f - 0.0194 - - 1769673519.591622829 1769673519.611064434 0
Jan 29 07:58:39 standalone container-server[123880]: 172.20.0.100 - - [29/Jan/2026:07:58:39 +0000] "HEAD /d1/777/AUTH_1c8ebafd86664ddfaf943c5d3d2b2d65/gnocchi.1d82e464-ba4b-46d5-96bf-7fea382fbad0" 204 - "HEAD http://localhost:8080/v1/AUTH_1c8ebafd86664ddfaf943c5d3d2b2d65/gnocchi.1d82e464-ba4b-46d5-96bf-7fea382fbad0?format=json&states=listing" "txc81b97c7d55d4272b3e32-00697b132f" "proxy-server 21" 0.0023 "-" 20 0
Jan 29 07:58:39 standalone proxy-server[125980]: - - 29/Jan/2026/07/58/39 HEAD /v1/AUTH_1c8ebafd86664ddfaf943c5d3d2b2d65/gnocchi.1d82e464-ba4b-46d5-96bf-7fea382fbad0%3Fformat%3Djson%26states%3Dlisting HTTP/1.0 204 - Swift - - - - txc81b97c7d55d4272b3e32-00697b132f - 0.0056 RL - 1769673519.615390062 1769673519.620952845 0
Jan 29 07:58:39 standalone container-server[123888]: 172.20.0.100 - - [29/Jan/2026:07:58:39 +0000] "GET /d1/777/AUTH_1c8ebafd86664ddfaf943c5d3d2b2d65/gnocchi.1d82e464-ba4b-46d5-96bf-7fea382fbad0" 200 2 "GET http://localhost:8080/v1/AUTH_1c8ebafd86664ddfaf943c5d3d2b2d65/gnocchi.1d82e464-ba4b-46d5-96bf-7fea382fbad0?format=json&states=listing" "txc81b97c7d55d4272b3e32-00697b132f" "proxy-server 21" 0.0024 "-" 21 0
Jan 29 07:58:39 standalone proxy-server[125980]: 172.18.0.2 ::1 29/Jan/2026/07/58/39 GET /v1/AUTH_1c8ebafd86664ddfaf943c5d3d2b2d65/gnocchi.1d82e464-ba4b-46d5-96bf-7fea382fbad0%3Fformat%3Djson%26states%3Dlisting HTTP/1.0 200 - python-swiftclient-3.11.1 gAAAAABpexJZJyaj... - 2 - txc81b97c7d55d4272b3e32-00697b132f - 0.0138 - - 1769673519.614419937 1769673519.628225565 0
Jan 29 07:58:39 standalone object-server[124219]: 172.20.0.100 - - [29/Jan/2026:07:58:39 +0000] "GET /d1/617/AUTH_1c8ebafd86664ddfaf943c5d3d2b2d65/gnocchi.1d82e464-ba4b-46d5-96bf-7fea382fbad0/1769040000.0_mean_300.0_v3" 404 70 "GET http://localhost:8080/v1/AUTH_1c8ebafd86664ddfaf943c5d3d2b2d65/gnocchi.1d82e464-ba4b-46d5-96bf-7fea382fbad0/1769040000.0_mean_300.0_v3" "tx38e8af09e43448de9933e-00697b132f" "proxy-server 21" 0.0004 "-" 22 0
Jan 29 07:58:39 standalone proxy-server[125980]: 172.18.0.2 ::1 29/Jan/2026/07/58/39 GET /v1/AUTH_1c8ebafd86664ddfaf943c5d3d2b2d65/gnocchi.1d82e464-ba4b-46d5-96bf-7fea382fbad0/1769040000.0_mean_300.0_v3 HTTP/1.0 404 - python-swiftclient-3.11.1 gAAAAABpexJZJyaj... - 70 - tx38e8af09e43448de9933e-00697b132f - 0.0055 - - 1769673519.631759644 1769673519.637305260 0
Jan 29 07:58:39 standalone container-server[123880]: 172.20.0.100 - - [29/Jan/2026:07:58:39 +0000] "PUT /d1/777/AUTH_1c8ebafd86664ddfaf943c5d3d2b2d65/gnocchi.1d82e464-ba4b-46d5-96bf-7fea382fbad0/1769040000.0_mean_300.0_v3" 201 - "PUT http://localhost:8080/d1/617/AUTH_1c8ebafd86664ddfaf943c5d3d2b2d65/gnocchi.1d82e464-ba4b-46d5-96bf-7fea382fbad0/1769040000.0_mean_300.0_v3" "tx961bb7dd3ae5435bb67cb-00697b132f" "object-server 25" 0.0008 "-" 20 0
Jan 29 07:58:39 standalone object-server[124223]: 172.20.0.100 - - [29/Jan/2026:07:58:39 +0000] "PUT /d1/617/AUTH_1c8ebafd86664ddfaf943c5d3d2b2d65/gnocchi.1d82e464-ba4b-46d5-96bf-7fea382fbad0/1769040000.0_mean_300.0_v3" 201 - "PUT http://localhost:8080/v1/AUTH_1c8ebafd86664ddfaf943c5d3d2b2d65/gnocchi.1d82e464-ba4b-46d5-96bf-7fea382fbad0/1769040000.0_mean_300.0_v3" "tx961bb7dd3ae5435bb67cb-00697b132f" "proxy-server 21" 0.0103 "-" 25 0
Jan 29 07:58:39 standalone proxy-server[125980]: 172.18.0.2 ::1 29/Jan/2026/07/58/39 PUT /v1/AUTH_1c8ebafd86664ddfaf943c5d3d2b2d65/gnocchi.1d82e464-ba4b-46d5-96bf-7fea382fbad0/1769040000.0_mean_300.0_v3 HTTP/1.0 201 - python-swiftclient-3.11.1 gAAAAABpexJZJyaj... 16 - - tx961bb7dd3ae5435bb67cb-00697b132f - 0.0164 - - 1769673519.639963150 1769673519.656406879 0
Jan 29 07:58:39 standalone container-server[123899]: 172.20.0.100 - - [29/Jan/2026:07:58:39 +0000] "PUT /d1/777/AUTH_1c8ebafd86664ddfaf943c5d3d2b2d65/gnocchi.1d82e464-ba4b-46d5-96bf-7fea382fbad0/none_v3" 201 - "PUT http://localhost:8080/d1/829/AUTH_1c8ebafd86664ddfaf943c5d3d2b2d65/gnocchi.1d82e464-ba4b-46d5-96bf-7fea382fbad0/none_v3" "tx3eba1504ec16429abcc40-00697b132f" "object-server 25" 0.0006 "-" 22 0
Jan 29 07:58:39 standalone object-server[124223]: 172.20.0.100 - - [29/Jan/2026:07:58:39 +0000] "PUT /d1/829/AUTH_1c8ebafd86664ddfaf943c5d3d2b2d65/gnocchi.1d82e464-ba4b-46d5-96bf-7fea382fbad0/none_v3" 201 - "PUT http://localhost:8080/v1/AUTH_1c8ebafd86664ddfaf943c5d3d2b2d65/gnocchi.1d82e464-ba4b-46d5-96bf-7fea382fbad0/none_v3" "tx3eba1504ec16429abcc40-00697b132f" "proxy-server 21" 0.0097 "-" 25 0
Jan 29 07:58:39 standalone proxy-server[125980]: 172.18.0.2 ::1 29/Jan/2026/07/58/39 PUT /v1/AUTH_1c8ebafd86664ddfaf943c5d3d2b2d65/gnocchi.1d82e464-ba4b-46d5-96bf-7fea382fbad0/none_v3 HTTP/1.0 201 - python-swiftclient-3.11.1 gAAAAABpexJZJyaj... 22 - - tx3eba1504ec16429abcc40-00697b132f - 0.0152 - - 1769673519.658795118 1769673519.674044609 0
Jan 29 07:58:39 standalone container-server[123880]: 172.20.0.100 - - [29/Jan/2026:07:58:39 +0000] "HEAD /d1/598/AUTH_1c8ebafd86664ddfaf943c5d3d2b2d65/gnocchi.49932ba7-a94b-481e-89ce-2aa8a2c1e49d" 404 - "HEAD http://localhost:8080/v1/AUTH_1c8ebafd86664ddfaf943c5d3d2b2d65/gnocchi.49932ba7-a94b-481e-89ce-2aa8a2c1e49d?format=json&states=listing" "tx327b692f8d3c477d85b86-00697b132f" "proxy-server 21" 0.0006 "-" 20 0
Jan 29 07:58:39 standalone object-server[124221]: 172.20.0.100 - - [29/Jan/2026:07:58:39 +0000] "GET /d1/85/AUTH_1c8ebafd86664ddfaf943c5d3d2b2d65/gnocchi.49932ba7-a94b-481e-89ce-2aa8a2c1e49d/none_v3" 404 70 "GET http://localhost:8080/v1/AUTH_1c8ebafd86664ddfaf943c5d3d2b2d65/gnocchi.49932ba7-a94b-481e-89ce-2aa8a2c1e49d/none_v3" "tx327b692f8d3c477d85b86-00697b132f" "proxy-server 21" 0.0003 "-" 23 0
Jan 29 07:58:39 standalone proxy-server[125980]: 172.18.0.2 ::1 29/Jan/2026/07/58/39 GET /v1/AUTH_1c8ebafd86664ddfaf943c5d3d2b2d65/gnocchi.49932ba7-a94b-481e-89ce-2aa8a2c1e49d/none_v3 HTTP/1.0 404 - python-swiftclient-3.11.1 gAAAAABpexJZJyaj... - 70 - tx327b692f8d3c477d85b86-00697b132f - 0.0095 - - 1769673519.682165146 1769673519.691686153 0
Jan 29 07:58:39 standalone account-server[123885]: 172.20.0.100 - - [29/Jan/2026:07:58:39 +0000] "PUT /d1/609/AUTH_1c8ebafd86664ddfaf943c5d3d2b2d65/gnocchi.49932ba7-a94b-481e-89ce-2aa8a2c1e49d" 201 - "PUT http://172.20.0.100:6001/d1/598/AUTH_1c8ebafd86664ddfaf943c5d3d2b2d65/gnocchi.49932ba7-a94b-481e-89ce-2aa8a2c1e49d" "txc053620b0594450398427-00697b132f" "container-server 20" 0.0063 "-" 21 0
Jan 29 07:58:39 standalone container-server[123880]: 172.20.0.100 - - [29/Jan/2026:07:58:39 +0000] "PUT /d1/598/AUTH_1c8ebafd86664ddfaf943c5d3d2b2d65/gnocchi.49932ba7-a94b-481e-89ce-2aa8a2c1e49d" 201 - "PUT http://localhost:8080/v1/AUTH_1c8ebafd86664ddfaf943c5d3d2b2d65/gnocchi.49932ba7-a94b-481e-89ce-2aa8a2c1e49d" "txc053620b0594450398427-00697b132f" "proxy-server 21" 0.0205 "-" 20 0
Jan 29 07:58:39 standalone proxy-server[125980]: 172.18.0.2 ::1 29/Jan/2026/07/58/39 PUT /v1/AUTH_1c8ebafd86664ddfaf943c5d3d2b2d65/gnocchi.49932ba7-a94b-481e-89ce-2aa8a2c1e49d HTTP/1.0 201 - python-swiftclient-3.11.1 gAAAAABpexJZJyaj... - - - txc053620b0594450398427-00697b132f - 0.0262 - - 1769673519.694031954 1769673519.720278502 0
Jan 29 07:58:39 standalone container-server[123909]: 172.20.0.100 - - [29/Jan/2026:07:58:39 +0000] "HEAD /d1/598/AUTH_1c8ebafd86664ddfaf943c5d3d2b2d65/gnocchi.49932ba7-a94b-481e-89ce-2aa8a2c1e49d" 204 - "HEAD http://localhost:8080/v1/AUTH_1c8ebafd86664ddfaf943c5d3d2b2d65/gnocchi.49932ba7-a94b-481e-89ce-2aa8a2c1e49d?format=json&states=listing" "tx0d5980be5244427aad1b9-00697b132f" "proxy-server 21" 0.0025 "-" 23 0
Jan 29 07:58:39 standalone proxy-server[125980]: - - 29/Jan/2026/07/58/39 HEAD /v1/AUTH_1c8ebafd86664ddfaf943c5d3d2b2d65/gnocchi.49932ba7-a94b-481e-89ce-2aa8a2c1e49d%3Fformat%3Djson%26states%3Dlisting HTTP/1.0 204 - Swift - - - - tx0d5980be5244427aad1b9-00697b132f - 0.0066 RL - 1769673519.725391150 1769673519.731968880 0
Jan 29 07:58:39 standalone container-server[123888]: 172.20.0.100 - - [29/Jan/2026:07:58:39 +0000] "GET /d1/598/AUTH_1c8ebafd86664ddfaf943c5d3d2b2d65/gnocchi.49932ba7-a94b-481e-89ce-2aa8a2c1e49d" 200 2 "GET http://localhost:8080/v1/AUTH_1c8ebafd86664ddfaf943c5d3d2b2d65/gnocchi.49932ba7-a94b-481e-89ce-2aa8a2c1e49d?format=json&states=listing" "tx0d5980be5244427aad1b9-00697b132f" "proxy-server 21" 0.0033 "-" 21 0
Jan 29 07:58:39 standalone proxy-server[125980]: 172.18.0.2 ::1 29/Jan/2026/07/58/39 GET /v1/AUTH_1c8ebafd86664ddfaf943c5d3d2b2d65/gnocchi.49932ba7-a94b-481e-89ce-2aa8a2c1e49d%3Fformat%3Djson%26states%3Dlisting HTTP/1.0 200 - python-swiftclient-3.11.1 gAAAAABpexJZJyaj... - 2 - tx0d5980be5244427aad1b9-00697b132f - 0.0172 - - 1769673519.723987103 1769673519.741161585 0
Jan 29 07:58:39 standalone object-server[124221]: 172.20.0.100 - - [29/Jan/2026:07:58:39 +0000] "GET /d1/926/AUTH_1c8ebafd86664ddfaf943c5d3d2b2d65/gnocchi.49932ba7-a94b-481e-89ce-2aa8a2c1e49d/1769040000.0_mean_300.0_v3" 404 70 "GET http://localhost:8080/v1/AUTH_1c8ebafd86664ddfaf943c5d3d2b2d65/gnocchi.49932ba7-a94b-481e-89ce-2aa8a2c1e49d/1769040000.0_mean_300.0_v3" "txa82b8e355d1641569aa33-00697b132f" "proxy-server 21" 0.0004 "-" 23 0
Jan 29 07:58:39 standalone proxy-server[125980]: 172.18.0.2 ::1 29/Jan/2026/07/58/39 GET /v1/AUTH_1c8ebafd86664ddfaf943c5d3d2b2d65/gnocchi.49932ba7-a94b-481e-89ce-2aa8a2c1e49d/1769040000.0_mean_300.0_v3 HTTP/1.0 404 - python-swiftclient-3.11.1 gAAAAABpexJZJyaj... - 70 - txa82b8e355d1641569aa33-00697b132f - 0.0063 - - 1769673519.745016336 1769673519.751347780 0
Jan 29 07:58:39 standalone container-server[123899]: 172.20.0.100 - - [29/Jan/2026:07:58:39 +0000] "PUT /d1/598/AUTH_1c8ebafd86664ddfaf943c5d3d2b2d65/gnocchi.49932ba7-a94b-481e-89ce-2aa8a2c1e49d/1769040000.0_mean_300.0_v3" 201 - "PUT http://localhost:8080/d1/926/AUTH_1c8ebafd86664ddfaf943c5d3d2b2d65/gnocchi.49932ba7-a94b-481e-89ce-2aa8a2c1e49d/1769040000.0_mean_300.0_v3" "tx978a2107f32d46fb909b0-00697b132f" "object-server 23" 0.0009 "-" 22 0
Jan 29 07:58:39 standalone object-server[124221]: 172.20.0.100 - - [29/Jan/2026:07:58:39 +0000] "PUT /d1/926/AUTH_1c8ebafd86664ddfaf943c5d3d2b2d65/gnocchi.49932ba7-a94b-481e-89ce-2aa8a2c1e49d/1769040000.0_mean_300.0_v3" 201 - "PUT http://localhost:8080/v1/AUTH_1c8ebafd86664ddfaf943c5d3d2b2d65/gnocchi.49932ba7-a94b-481e-89ce-2aa8a2c1e49d/1769040000.0_mean_300.0_v3" "tx978a2107f32d46fb909b0-00697b132f" "proxy-server 21" 0.0117 "-" 23 0
Jan 29 07:58:39 standalone proxy-server[125980]: 172.18.0.2 ::1 29/Jan/2026/07/58/39 PUT /v1/AUTH_1c8ebafd86664ddfaf943c5d3d2b2d65/gnocchi.49932ba7-a94b-481e-89ce-2aa8a2c1e49d/1769040000.0_mean_300.0_v3 HTTP/1.0 201 - python-swiftclient-3.11.1 gAAAAABpexJZJyaj... 16 - - tx978a2107f32d46fb909b0-00697b132f - 0.0191 - - 1769673519.755001068 1769673519.774108887 0
Jan 29 07:58:39 standalone container-server[123880]: 172.20.0.100 - - [29/Jan/2026:07:58:39 +0000] "PUT /d1/598/AUTH_1c8ebafd86664ddfaf943c5d3d2b2d65/gnocchi.49932ba7-a94b-481e-89ce-2aa8a2c1e49d/none_v3" 201 - "PUT http://localhost:8080/d1/85/AUTH_1c8ebafd86664ddfaf943c5d3d2b2d65/gnocchi.49932ba7-a94b-481e-89ce-2aa8a2c1e49d/none_v3" "txf170c79af5ec47949e05d-00697b132f" "object-server 25" 0.0010 "-" 20 0
Jan 29 07:58:39 standalone object-server[124223]: 172.20.0.100 - - [29/Jan/2026:07:58:39 +0000] "PUT /d1/85/AUTH_1c8ebafd86664ddfaf943c5d3d2b2d65/gnocchi.49932ba7-a94b-481e-89ce-2aa8a2c1e49d/none_v3" 201 - "PUT http://localhost:8080/v1/AUTH_1c8ebafd86664ddfaf943c5d3d2b2d65/gnocchi.49932ba7-a94b-481e-89ce-2aa8a2c1e49d/none_v3" "txf170c79af5ec47949e05d-00697b132f" "proxy-server 21" 0.0129 "-" 25 0
Jan 29 07:58:39 standalone proxy-server[125980]: 172.18.0.2 ::1 29/Jan/2026/07/58/39 PUT /v1/AUTH_1c8ebafd86664ddfaf943c5d3d2b2d65/gnocchi.49932ba7-a94b-481e-89ce-2aa8a2c1e49d/none_v3 HTTP/1.0 201 - python-swiftclient-3.11.1 gAAAAABpexJZJyaj... 22 - - txf170c79af5ec47949e05d-00697b132f - 0.0208 - - 1769673519.777708769 1769673519.798546791 0
Jan 29 07:58:39 standalone container-server[123880]: 172.20.0.100 - - [29/Jan/2026:07:58:39 +0000] "HEAD /d1/366/AUTH_1c8ebafd86664ddfaf943c5d3d2b2d65/gnocchi.0c73f2d4-508e-4406-9228-564730403416" 404 - "HEAD http://localhost:8080/v1/AUTH_1c8ebafd86664ddfaf943c5d3d2b2d65/gnocchi.0c73f2d4-508e-4406-9228-564730403416?format=json&states=listing" "txb4bffe14cf034fd2a0c02-00697b132f" "proxy-server 21" 0.0007 "-" 20 0
Jan 29 07:58:39 standalone object-server[124221]: 172.20.0.100 - - [29/Jan/2026:07:58:39 +0000] "GET /d1/262/AUTH_1c8ebafd86664ddfaf943c5d3d2b2d65/gnocchi.0c73f2d4-508e-4406-9228-564730403416/none_v3" 404 70 "GET http://localhost:8080/v1/AUTH_1c8ebafd86664ddfaf943c5d3d2b2d65/gnocchi.0c73f2d4-508e-4406-9228-564730403416/none_v3" "txb4bffe14cf034fd2a0c02-00697b132f" "proxy-server 21" 0.0005 "-" 23 0
Jan 29 07:58:39 standalone proxy-server[125980]: 172.18.0.2 ::1 29/Jan/2026/07/58/39 GET /v1/AUTH_1c8ebafd86664ddfaf943c5d3d2b2d65/gnocchi.0c73f2d4-508e-4406-9228-564730403416/none_v3 HTTP/1.0 404 - python-swiftclient-3.11.1 gAAAAABpexJZJyaj... - 70 - txb4bffe14cf034fd2a0c02-00697b132f - 0.0147 - - 1769673519.813183546 1769673519.827923059 0
Jan 29 07:58:39 standalone account-server[123879]: 172.20.0.100 - - [29/Jan/2026:07:58:39 +0000] "PUT /d1/609/AUTH_1c8ebafd86664ddfaf943c5d3d2b2d65/gnocchi.0c73f2d4-508e-4406-9228-564730403416" 201 - "PUT http://172.20.0.100:6001/d1/366/AUTH_1c8ebafd86664ddfaf943c5d3d2b2d65/gnocchi.0c73f2d4-508e-4406-9228-564730403416" "tx727a89877ffc41e995662-00697b132f" "container-server 20" 0.0052 "-" 20 0
Jan 29 07:58:39 standalone container-server[123880]: 172.20.0.100 - - [29/Jan/2026:07:58:39 +0000] "PUT /d1/366/AUTH_1c8ebafd86664ddfaf943c5d3d2b2d65/gnocchi.0c73f2d4-508e-4406-9228-564730403416" 201 - "PUT http://localhost:8080/v1/AUTH_1c8ebafd86664ddfaf943c5d3d2b2d65/gnocchi.0c73f2d4-508e-4406-9228-564730403416" "tx727a89877ffc41e995662-00697b132f" "proxy-server 21" 0.0179 "-" 20 0
Jan 29 07:58:39 standalone proxy-server[125980]: 172.18.0.2 ::1 29/Jan/2026/07/58/39 PUT /v1/AUTH_1c8ebafd86664ddfaf943c5d3d2b2d65/gnocchi.0c73f2d4-508e-4406-9228-564730403416 HTTP/1.0 201 - python-swiftclient-3.11.1 gAAAAABpexJZJyaj... - - - tx727a89877ffc41e995662-00697b132f - 0.0248 - - 1769673519.832215309 1769673519.856991768 0
Jan 29 07:58:39 standalone container-server[123880]: 172.20.0.100 - - [29/Jan/2026:07:58:39 +0000] "HEAD /d1/366/AUTH_1c8ebafd86664ddfaf943c5d3d2b2d65/gnocchi.0c73f2d4-508e-4406-9228-564730403416" 204 - "HEAD http://localhost:8080/v1/AUTH_1c8ebafd86664ddfaf943c5d3d2b2d65/gnocchi.0c73f2d4-508e-4406-9228-564730403416?format=json&states=listing" "tx90d808e139cc4d999ec8d-00697b132f" "proxy-server 21" 0.0014 "-" 20 0
Jan 29 07:58:39 standalone proxy-server[125980]: - - 29/Jan/2026/07/58/39 HEAD /v1/AUTH_1c8ebafd86664ddfaf943c5d3d2b2d65/gnocchi.0c73f2d4-508e-4406-9228-564730403416%3Fformat%3Djson%26states%3Dlisting HTTP/1.0 204 - Swift - - - - tx90d808e139cc4d999ec8d-00697b132f - 0.0052 RL - 1769673519.865795135 1769673519.870947123 0
Jan 29 07:58:39 standalone container-server[123888]: 172.20.0.100 - - [29/Jan/2026:07:58:39 +0000] "GET /d1/366/AUTH_1c8ebafd86664ddfaf943c5d3d2b2d65/gnocchi.0c73f2d4-508e-4406-9228-564730403416" 200 2 "GET http://localhost:8080/v1/AUTH_1c8ebafd86664ddfaf943c5d3d2b2d65/gnocchi.0c73f2d4-508e-4406-9228-564730403416?format=json&states=listing" "tx90d808e139cc4d999ec8d-00697b132f" "proxy-server 21" 0.0035 "-" 21 0
Jan 29 07:58:39 standalone proxy-server[125980]: 172.18.0.2 ::1 29/Jan/2026/07/58/39 GET /v1/AUTH_1c8ebafd86664ddfaf943c5d3d2b2d65/gnocchi.0c73f2d4-508e-4406-9228-564730403416%3Fformat%3Djson%26states%3Dlisting HTTP/1.0 200 - python-swiftclient-3.11.1 gAAAAABpexJZJyaj... - 2 - tx90d808e139cc4d999ec8d-00697b132f - 0.0192 - - 1769673519.864037037 1769673519.883208036 0
Jan 29 07:58:39 standalone object-server[124222]: 172.20.0.100 - - [29/Jan/2026:07:58:39 +0000] "GET /d1/682/AUTH_1c8ebafd86664ddfaf943c5d3d2b2d65/gnocchi.0c73f2d4-508e-4406-9228-564730403416/1769040000.0_mean_300.0_v3" 404 70 "GET http://localhost:8080/v1/AUTH_1c8ebafd86664ddfaf943c5d3d2b2d65/gnocchi.0c73f2d4-508e-4406-9228-564730403416/1769040000.0_mean_300.0_v3" "tx7409aeda305a42a19d669-00697b132f" "proxy-server 21" 0.0004 "-" 24 0
Jan 29 07:58:39 standalone proxy-server[125980]: 172.18.0.2 ::1 29/Jan/2026/07/58/39 GET /v1/AUTH_1c8ebafd86664ddfaf943c5d3d2b2d65/gnocchi.0c73f2d4-508e-4406-9228-564730403416/1769040000.0_mean_300.0_v3 HTTP/1.0 404 - python-swiftclient-3.11.1 gAAAAABpexJZJyaj... - 70 - tx7409aeda305a42a19d669-00697b132f - 0.0068 - - 1769673519.889270067 1769673519.896104336 0
Jan 29 07:58:39 standalone container-server[123909]: 172.20.0.100 - - [29/Jan/2026:07:58:39 +0000] "PUT /d1/366/AUTH_1c8ebafd86664ddfaf943c5d3d2b2d65/gnocchi.0c73f2d4-508e-4406-9228-564730403416/1769040000.0_mean_300.0_v3" 201 - "PUT http://localhost:8080/d1/682/AUTH_1c8ebafd86664ddfaf943c5d3d2b2d65/gnocchi.0c73f2d4-508e-4406-9228-564730403416/1769040000.0_mean_300.0_v3" "tx92b74a4796704728a716d-00697b132f" "object-server 24" 0.0006 "-" 23 0
Jan 29 07:58:39 standalone object-server[124222]: 172.20.0.100 - - [29/Jan/2026:07:58:39 +0000] "PUT /d1/682/AUTH_1c8ebafd86664ddfaf943c5d3d2b2d65/gnocchi.0c73f2d4-508e-4406-9228-564730403416/1769040000.0_mean_300.0_v3" 201 - "PUT http://localhost:8080/v1/AUTH_1c8ebafd86664ddfaf943c5d3d2b2d65/gnocchi.0c73f2d4-508e-4406-9228-564730403416/1769040000.0_mean_300.0_v3" "tx92b74a4796704728a716d-00697b132f" "proxy-server 21" 0.0110 "-" 24 0
Jan 29 07:58:39 standalone proxy-server[125980]: 172.18.0.2 ::1 29/Jan/2026/07/58/39 PUT /v1/AUTH_1c8ebafd86664ddfaf943c5d3d2b2d65/gnocchi.0c73f2d4-508e-4406-9228-564730403416/1769040000.0_mean_300.0_v3 HTTP/1.0 201 - python-swiftclient-3.11.1 gAAAAABpexJZJyaj... 16 - - tx92b74a4796704728a716d-00697b132f - 0.0185 - - 1769673519.902709484 1769673519.921212673 0
Jan 29 07:58:39 standalone container-server[123909]: 172.20.0.100 - - [29/Jan/2026:07:58:39 +0000] "PUT /d1/366/AUTH_1c8ebafd86664ddfaf943c5d3d2b2d65/gnocchi.0c73f2d4-508e-4406-9228-564730403416/none_v3" 201 - "PUT http://localhost:8080/d1/262/AUTH_1c8ebafd86664ddfaf943c5d3d2b2d65/gnocchi.0c73f2d4-508e-4406-9228-564730403416/none_v3" "tx6b57f913023d4acdb47d1-00697b132f" "object-server 23" 0.0006 "-" 23 0
Jan 29 07:58:39 standalone object-server[124221]: 172.20.0.100 - - [29/Jan/2026:07:58:39 +0000] "PUT /d1/262/AUTH_1c8ebafd86664ddfaf943c5d3d2b2d65/gnocchi.0c73f2d4-508e-4406-9228-564730403416/none_v3" 201 - "PUT http://localhost:8080/v1/AUTH_1c8ebafd86664ddfaf943c5d3d2b2d65/gnocchi.0c73f2d4-508e-4406-9228-564730403416/none_v3" "tx6b57f913023d4acdb47d1-00697b132f" "proxy-server 21" 0.0111 "-" 23 0
Jan 29 07:58:39 standalone proxy-server[125980]: 172.18.0.2 ::1 29/Jan/2026/07/58/39 PUT /v1/AUTH_1c8ebafd86664ddfaf943c5d3d2b2d65/gnocchi.0c73f2d4-508e-4406-9228-564730403416/none_v3 HTTP/1.0 201 - python-swiftclient-3.11.1 gAAAAABpexJZJyaj... 22 - - tx6b57f913023d4acdb47d1-00697b132f - 0.0194 - - 1769673519.926156521 1769673519.945587158 0
Jan 29 07:59:05 standalone account-server[123879]: 172.20.0.100 - - [29/Jan/2026:07:59:05 +0000] "HEAD /d1/353/.expiring_objects" 404 - "HEAD http://localhost/v1/.expiring_objects?format=json" "tx9d4099b2e1a142148921a-00697b1349" "proxy-server 2" 0.0009 "-" 20 -
Jan 29 07:59:05 standalone object-expirer[123978]: Pass completed in 0s; 0 objects expired (txn: tx9d4099b2e1a142148921a-00697b1349)
Jan 29 07:59:33 standalone container-server[123894]: Begin container update sweep
Jan 29 07:59:33 standalone account-server[123911]: 172.20.0.100 - - [29/Jan/2026:07:59:33 +0000] "PUT /d1/609/AUTH_1c8ebafd86664ddfaf943c5d3d2b2d65/gnocchi.2bc8f8d3-1ce6-4dcd-8588-76142d3936a0" 201 - "-" "-" "container-updater 2" 0.0010 "-" 22 0
Jan 29 07:59:33 standalone account-server[123885]: 172.20.0.100 - - [29/Jan/2026:07:59:33 +0000] "PUT /d1/609/AUTH_1c8ebafd86664ddfaf943c5d3d2b2d65/gnocchi.9aafeb3d-0048-4471-ac2d-8c1bd3d16e88" 201 - "-" "-" "container-updater 2" 0.0007 "-" 21 0
Jan 29 07:59:33 standalone account-server[123885]: 172.20.0.100 - - [29/Jan/2026:07:59:33 +0000] "PUT /d1/609/AUTH_1c8ebafd86664ddfaf943c5d3d2b2d65/gnocchi.fb9ccc40-1d60-4b77-b63b-1a0566037e97" 201 - "-" "-" "container-updater 2" 0.0007 "-" 21 0
Jan 29 07:59:33 standalone account-server[123879]: 172.20.0.100 - - [29/Jan/2026:07:59:33 +0000] "PUT /d1/609/AUTH_1c8ebafd86664ddfaf943c5d3d2b2d65/gnocchi.8e7b3f64-eb83-4d9b-a4e6-862e6e83b33d" 201 - "-" "-" "container-updater 2" 0.0009 "-" 20 0
Jan 29 07:59:33 standalone account-server[123879]: 172.20.0.100 - - [29/Jan/2026:07:59:33 +0000] "PUT /d1/609/AUTH_1c8ebafd86664ddfaf943c5d3d2b2d65/gnocchi.705b90be-9934-4ee2-b170-0e23b05c7205" 201 - "-" "-" "container-updater 2" 0.0010 "-" 20 0
Jan 29 07:59:33 standalone account-server[123879]: 172.20.0.100 - - [29/Jan/2026:07:59:33 +0000] "PUT /d1/609/AUTH_1c8ebafd86664ddfaf943c5d3d2b2d65/gnocchi.aa10acff-dfbf-4193-b441-2729ab59f663" 201 - "-" "-" "container-updater 2" 0.0006 "-" 20 0
Jan 29 07:59:33 standalone account-server[123911]: 172.20.0.100 - - [29/Jan/2026:07:59:33 +0000] "PUT /d1/609/AUTH_1c8ebafd86664ddfaf943c5d3d2b2d65/gnocchi.e84d8fc2-c3cb-4bd4-b154-af47a768fad2" 201 - "-" "-" "container-updater 2" 0.0007 "-" 22 0
Jan 29 07:59:33 standalone account-server[123879]: 172.20.0.100 - - [29/Jan/2026:07:59:33 +0000] "PUT /d1/609/AUTH_1c8ebafd86664ddfaf943c5d3d2b2d65/gnocchi.0724ef63-f86e-4e75-bb1f-60bee89e2663" 201 - "-" "-" "container-updater 2" 0.0010 "-" 20 0
Jan 29 07:59:34 standalone account-server[123925]: 172.20.0.100 - - [29/Jan/2026:07:59:33 +0000] "PUT /d1/609/AUTH_1c8ebafd86664ddfaf943c5d3d2b2d65/gnocchi.f8077719-c2e4-4915-b516-85e4adbb5c7e" 201 - "-" "-" "container-updater 2" 0.0006 "-" 23 0
Jan 29 07:59:34 standalone account-server[123911]: 172.20.0.100 - - [29/Jan/2026:07:59:34 +0000] "PUT /d1/609/AUTH_1c8ebafd86664ddfaf943c5d3d2b2d65/gnocchi.ed86a241-ffb5-4dc5-b217-fb59cb9622f2" 201 - "-" "-" "container-updater 2" 0.0007 "-" 22 0
Jan 29 07:59:34 standalone account-server[123925]: 172.20.0.100 - - [29/Jan/2026:07:59:34 +0000] "PUT /d1/609/AUTH_1c8ebafd86664ddfaf943c5d3d2b2d65/gnocchi.7c25dfe3-58df-46b5-ae7c-26557e8cd5c2" 201 - "-" "-" "container-updater 2" 0.0005 "-" 23 0
Jan 29 07:59:34 standalone account-server[123911]: 172.20.0.100 - - [29/Jan/2026:07:59:34 +0000] "PUT /d1/609/AUTH_1c8ebafd86664ddfaf943c5d3d2b2d65/gnocchi.7ba7e289-d886-4b96-ba77-1a21b3dce3d9" 201 - "-" "-" "container-updater 2" 0.0006 "-" 22 0
Jan 29 07:59:34 standalone account-server[123925]: 172.20.0.100 - - [29/Jan/2026:07:59:34 +0000] "PUT /d1/609/AUTH_1c8ebafd86664ddfaf943c5d3d2b2d65/gnocchi.a5fa1076-51f4-4b15-bffc-f3e2f5de8da8" 201 - "-" "-" "container-updater 2" 0.0004 "-" 23 0
Jan 29 07:59:34 standalone account-server[123925]: 172.20.0.100 - - [29/Jan/2026:07:59:34 +0000] "PUT /d1/609/AUTH_1c8ebafd86664ddfaf943c5d3d2b2d65/gnocchi.f199183b-4c5d-4bdd-bcfd-0ea928675878" 201 - "-" "-" "container-updater 2" 0.0005 "-" 23 0
Jan 29 07:59:34 standalone account-server[123885]: 172.20.0.100 - - [29/Jan/2026:07:59:34 +0000] "PUT /d1/609/AUTH_1c8ebafd86664ddfaf943c5d3d2b2d65/gnocchi.ab6c606b-6417-4717-95ff-3c5bf27c18dd" 201 - "-" "-" "container-updater 2" 0.0008 "-" 21 0
Jan 29 07:59:34 standalone account-server[123911]: 172.20.0.100 - - [29/Jan/2026:07:59:34 +0000] "PUT /d1/609/AUTH_1c8ebafd86664ddfaf943c5d3d2b2d65/gnocchi.36646850-6eb6-43c7-9f99-e8a5b905caee" 201 - "-" "-" "container-updater 2" 0.0006 "-" 22 0
Jan 29 07:59:34 standalone account-server[123885]: 172.20.0.100 - - [29/Jan/2026:07:59:34 +0000] "PUT /d1/609/AUTH_1c8ebafd86664ddfaf943c5d3d2b2d65/gnocchi.0c73f2d4-508e-4406-9228-564730403416" 201 - "-" "-" "container-updater 2" 0.0007 "-" 21 0
Jan 29 07:59:34 standalone account-server[123911]: 172.20.0.100 - - [29/Jan/2026:07:59:34 +0000] "PUT /d1/609/AUTH_1c8ebafd86664ddfaf943c5d3d2b2d65/gnocchi.0fccb9bf-4461-4308-b8b0-cdcd52075807" 201 - "-" "-" "container-updater 2" 0.0006 "-" 22 0
Jan 29 07:59:34 standalone account-server[123885]: 172.20.0.100 - - [29/Jan/2026:07:59:34 +0000] "PUT /d1/609/AUTH_1c8ebafd86664ddfaf943c5d3d2b2d65/gnocchi.49932ba7-a94b-481e-89ce-2aa8a2c1e49d" 201 - "-" "-" "container-updater 2" 0.0008 "-" 21 0
Jan 29 07:59:34 standalone account-server[123925]: 172.20.0.100 - - [29/Jan/2026:07:59:34 +0000] "PUT /d1/609/AUTH_1c8ebafd86664ddfaf943c5d3d2b2d65/glance" 201 - "-" "-" "container-updater 2" 0.0006 "-" 23 0
Jan 29 07:59:34 standalone account-server[123885]: 172.20.0.100 - - [29/Jan/2026:07:59:34 +0000] "PUT /d1/609/AUTH_1c8ebafd86664ddfaf943c5d3d2b2d65/gnocchi.1d82e464-ba4b-46d5-96bf-7fea382fbad0" 201 - "-" "-" "container-updater 2" 0.0005 "-" 21 0
Jan 29 07:59:35 standalone account-server[123925]: 172.20.0.100 - - [29/Jan/2026:07:59:35 +0000] "PUT /d1/609/AUTH_1c8ebafd86664ddfaf943c5d3d2b2d65/gnocchi.fb5543f5-a971-4a08-b0f4-02af0349a44a" 201 - "-" "-" "container-updater 2" 0.0010 "-" 23 0
Jan 29 07:59:35 standalone account-server[123885]: 172.20.0.100 - - [29/Jan/2026:07:59:35 +0000] "PUT /d1/609/AUTH_1c8ebafd86664ddfaf943c5d3d2b2d65/gnocchi.f9c7195f-65b2-4ddc-9453-dca1bd5531a8" 201 - "-" "-" "container-updater 2" 0.0007 "-" 21 0
Jan 29 07:59:35 standalone container-server[123894]: Container update sweep completed: 2.09s
Jan 29 08:00:16 standalone object-server[124078]: Begin object update sweep
Jan 29 08:00:16 standalone object-server[239115]: Object update sweep starting on /srv/node/d1 (pid: 15)
Jan 29 08:00:16 standalone object-server[239115]: Object update sweep completed on /srv/node/d1 in 0.00s seconds:, 0 successes, 0 failures, 0 quarantines, 0 unlinks, 0 errors, 0 redirects (pid: 15)
Jan 29 08:00:16 standalone object-server[239115]: Object update sweep of d1 completed: 0.00s, 0 successes, 0 failures, 0 quarantines, 0 unlinks, 0 errors, 0 redirects
Jan 29 08:00:16 standalone object-server[124078]: Object update sweep completed: 0.08s
Jan 29 08:02:29 standalone account-server[123885]: 172.20.0.100 - - [29/Jan/2026:08:02:29 +0000] "HEAD /d1/353/.expiring_objects" 404 - "HEAD http://localhost/v1/.expiring_objects?format=json" "tx93079de32c44479099822-00697b1415" "proxy-server 2" 0.0006 "-" 21 -
Jan 29 08:02:29 standalone object-expirer[123978]: Pass completed in 0s; 0 objects expired (txn: tx93079de32c44479099822-00697b1415)
Jan 29 08:04:33 standalone container-server[123894]: Begin container update sweep
Jan 29 08:04:34 standalone container-server[123894]: Container update sweep completed: 1.44s
Jan 29 08:05:16 standalone object-server[124078]: Begin object update sweep
Jan 29 08:05:16 standalone object-server[265676]: Object update sweep starting on /srv/node/d1 (pid: 16)
Jan 29 08:05:16 standalone object-server[265676]: Object update sweep completed on /srv/node/d1 in 0.00s seconds:, 0 successes, 0 failures, 0 quarantines, 0 unlinks, 0 errors, 0 redirects (pid: 16)
Jan 29 08:05:16 standalone object-server[265676]: Object update sweep of d1 completed: 0.00s, 0 successes, 0 failures, 0 quarantines, 0 unlinks, 0 errors, 0 redirects
Jan 29 08:05:16 standalone object-server[124078]: Object update sweep completed: 0.08s
Jan 29 08:07:17 standalone account-server[123925]: 172.20.0.100 - - [29/Jan/2026:08:07:17 +0000] "HEAD /d1/353/.expiring_objects" 404 - "HEAD http://localhost/v1/.expiring_objects?format=json" "txf5da08d22d724780be748-00697b1535" "proxy-server 2" 0.0006 "-" 23 -
Jan 29 08:07:17 standalone object-expirer[123978]: Pass completed in 0s; 0 objects expired (txn: txf5da08d22d724780be748-00697b1535)
Jan 29 08:08:51 standalone account-server[123911]: 172.20.0.31 - - [29/Jan/2026:08:08:51 +0000] "HEAD /d1/775/AUTH_c70e970f0b7b4b2199eebfa87ed0033c" 404 - "HEAD http://swift-public-openstack.apps-crc.testing/v1/AUTH_c70e970f0b7b4b2199eebfa87ed0033c?format=json" "tx44db487e0b3b498ea665f-00697b1593" "proxy-server 14" 0.0008 "-" 22 -
Jan 29 08:08:51 standalone account-server[123925]: 172.20.0.31 - - [29/Jan/2026:08:08:51 +0000] "GET /d1/775/AUTH_c70e970f0b7b4b2199eebfa87ed0033c" 404 - "GET http://swift-public-openstack.apps-crc.testing/v1/AUTH_c70e970f0b7b4b2199eebfa87ed0033c?format=json" "tx44db487e0b3b498ea665f-00697b1593" "proxy-server 14" 0.0004 "-" 23 -
Jan 29 08:09:26 standalone account-server[123925]: 172.20.0.100 - - [29/Jan/2026:08:09:26 +0000] "HEAD /d1/353/.expiring_objects" 404 - "HEAD http://localhost/v1/.expiring_objects?format=json" "txca762021d21a495693881-00697b15b6" "proxy-server 2" 0.0008 "-" 23 -
Jan 29 08:09:26 standalone object-expirer[123978]: Pass completed in 0s; 0 objects expired (txn: txca762021d21a495693881-00697b15b6)
Jan 29 08:09:33 standalone container-server[123894]: Begin container update sweep
Jan 29 08:09:34 standalone container-server[123894]: Container update sweep completed: 1.51s
Jan 29 08:09:57 standalone account-server[123925]: 172.20.0.100 - - [29/Jan/2026:08:09:57 +0000] "HEAD /d1/353/.expiring_objects" 404 - "HEAD http://localhost/v1/.expiring_objects?format=json" "txc2c2085768eb424c93698-00697b15d5" "proxy-server 2" 0.0008 "-" 23 -
Jan 29 08:09:57 standalone object-expirer[123978]: Pass completed in 0s; 0 objects expired (txn: txc2c2085768eb424c93698-00697b15d5)
Jan 29 08:10:16 standalone object-server[124078]: Begin object update sweep
Jan 29 08:10:16 standalone object-server[286396]: Object update sweep starting on /srv/node/d1 (pid: 17)
Jan 29 08:10:16 standalone object-server[286396]: Object update sweep completed on /srv/node/d1 in 0.00s seconds:, 0 successes, 0 failures, 0 quarantines, 0 unlinks, 0 errors, 0 redirects (pid: 17)
Jan 29 08:10:16 standalone object-server[286396]: Object update sweep of d1 completed: 0.00s, 0 successes, 0 failures, 0 quarantines, 0 unlinks, 0 errors, 0 redirects
Jan 29 08:10:16 standalone object-server[124078]: Object update sweep completed: 0.09s
Jan 29 08:11:38 standalone account-server[123885]: 172.20.0.100 - - [29/Jan/2026:08:11:38 +0000] "HEAD /d1/353/.expiring_objects" 404 - "HEAD http://localhost/v1/.expiring_objects?format=json" "tx948729c8aacc4f77b9d62-00697b163a" "proxy-server 2" 0.0006 "-" 21 -
Jan 29 08:11:38 standalone object-expirer[123978]: Pass completed in 0s; 0 objects expired (txn: tx948729c8aacc4f77b9d62-00697b163a)
Jan 29 08:11:46 standalone account-server[123885]: 172.20.0.100 - - [29/Jan/2026:08:11:46 +0000] "HEAD /d1/353/.expiring_objects" 404 - "HEAD http://localhost/v1/.expiring_objects?format=json" "txff4abb3332e048598c5c8-00697b1642" "proxy-server 2" 0.0016 "-" 21 -
Jan 29 08:11:46 standalone object-expirer[123978]: Pass completed in 0s; 0 objects expired (txn: txff4abb3332e048598c5c8-00697b1642)
Jan 29 08:12:11 standalone account-server[123879]: 172.20.0.100 - - [29/Jan/2026:08:12:11 +0000] "HEAD /d1/353/.expiring_objects" 404 - "HEAD http://localhost/v1/.expiring_objects?format=json" "tx79f91f5471854a19b5013-00697b165b" "proxy-server 2" 0.0010 "-" 20 -
Jan 29 08:12:11 standalone object-expirer[123978]: Pass completed in 0s; 0 objects expired (txn: tx79f91f5471854a19b5013-00697b165b)
Jan 29 08:13:49 standalone account-server[123885]: 172.20.0.100 - - [29/Jan/2026:08:13:49 +0000] "HEAD /d1/353/.expiring_objects" 404 - "HEAD http://localhost/v1/.expiring_objects?format=json" "tx5e4b0941833744a28a474-00697b16bd" "proxy-server 2" 0.0006 "-" 21 -
Jan 29 08:13:49 standalone object-expirer[123978]: Pass completed in 0s; 0 objects expired (txn: tx5e4b0941833744a28a474-00697b16bd)
Jan 29 08:14:33 standalone container-server[123894]: Begin container update sweep
Jan 29 08:14:34 standalone container-server[123894]: Container update sweep completed: 1.69s
Jan 29 08:15:16 standalone object-server[124078]: Begin object update sweep
Jan 29 08:15:16 standalone object-server[306926]: Object update sweep starting on /srv/node/d1 (pid: 18)
Jan 29 08:15:16 standalone object-server[306926]: Object update sweep completed on /srv/node/d1 in 0.00s seconds:, 0 successes, 0 failures, 0 quarantines, 0 unlinks, 0 errors, 0 redirects (pid: 18)
Jan 29 08:15:16 standalone object-server[306926]: Object update sweep of d1 completed: 0.00s, 0 successes, 0 failures, 0 quarantines, 0 unlinks, 0 errors, 0 redirects
Jan 29 08:15:16 standalone object-server[124078]: Object update sweep completed: 0.08s
Jan 29 08:15:27 standalone account-server[123885]: 172.20.0.31 - - [29/Jan/2026:08:15:27 +0000] "HEAD /d1/609/AUTH_1c8ebafd86664ddfaf943c5d3d2b2d65" 204 - "HEAD http://swift-internal.openstack.svc:8080/v1/AUTH_1c8ebafd86664ddfaf943c5d3d2b2d65?format=json" "txeb22e736bd3640edb47c7-00697b171f" "proxy-server 11" 0.0072 "-" 21 -
Jan 29 08:15:27 standalone container-server[123880]: 172.20.0.31 - - [29/Jan/2026:08:15:27 +0000] "HEAD /d1/964/AUTH_1c8ebafd86664ddfaf943c5d3d2b2d65/glance" 204 - "HEAD http://swift-internal.openstack.svc:8080/v1/AUTH_1c8ebafd86664ddfaf943c5d3d2b2d65/glance?format=json&states=listing" "txeb22e736bd3640edb47c7-00697b171f" "proxy-server 11" 0.0034 "-" 20 0
Jan 29 08:15:29 standalone container-server[123899]: 172.20.0.100 - - [29/Jan/2026:08:15:29 +0000] "PUT /d1/964/AUTH_1c8ebafd86664ddfaf943c5d3d2b2d65/glance/d66554a1-15fe-4f07-bd0d-7f0e1b3b3233-00001" 201 - "PUT http://swift-internal.openstack.svc:8080/d1/84/AUTH_1c8ebafd86664ddfaf943c5d3d2b2d65/glance/d66554a1-15fe-4f07-bd0d-7f0e1b3b3233-00001" "txff1b440c23a2421ab6f3c-00697b171f" "object-server 24" 0.0012 "-" 22 0
Jan 29 08:15:29 standalone object-server[124222]: 172.20.0.31 - - [29/Jan/2026:08:15:29 +0000] "PUT /d1/84/AUTH_1c8ebafd86664ddfaf943c5d3d2b2d65/glance/d66554a1-15fe-4f07-bd0d-7f0e1b3b3233-00001" 201 - "PUT http://swift-internal.openstack.svc:8080/v1/AUTH_1c8ebafd86664ddfaf943c5d3d2b2d65/glance/d66554a1-15fe-4f07-bd0d-7f0e1b3b3233-00001" "txff1b440c23a2421ab6f3c-00697b171f" "proxy-server 11" 2.2314 "-" 24 0
Jan 29 08:15:32 standalone container-server[123909]: 172.20.0.100 - - [29/Jan/2026:08:15:32 +0000] "PUT /d1/964/AUTH_1c8ebafd86664ddfaf943c5d3d2b2d65/glance/d66554a1-15fe-4f07-bd0d-7f0e1b3b3233-00002" 201 - "PUT http://swift-internal.openstack.svc:8080/d1/299/AUTH_1c8ebafd86664ddfaf943c5d3d2b2d65/glance/d66554a1-15fe-4f07-bd0d-7f0e1b3b3233-00002" "tx863ef52df13f41fc873f3-00697b1721" "object-server 25" 0.0012 "-" 23 0
Jan 29 08:15:32 standalone object-server[124223]: 172.20.0.31 - - [29/Jan/2026:08:15:32 +0000] "PUT /d1/299/AUTH_1c8ebafd86664ddfaf943c5d3d2b2d65/glance/d66554a1-15fe-4f07-bd0d-7f0e1b3b3233-00002" 201 - "PUT http://swift-internal.openstack.svc:8080/v1/AUTH_1c8ebafd86664ddfaf943c5d3d2b2d65/glance/d66554a1-15fe-4f07-bd0d-7f0e1b3b3233-00002" "tx863ef52df13f41fc873f3-00697b1721" "proxy-server 11" 2.3458 "-" 25 0
Jan 29 08:15:33 standalone container-server[123880]: 172.20.0.100 - - [29/Jan/2026:08:15:33 +0000] "PUT /d1/964/AUTH_1c8ebafd86664ddfaf943c5d3d2b2d65/glance/d66554a1-15fe-4f07-bd0d-7f0e1b3b3233-00003" 201 - "PUT http://swift-internal.openstack.svc:8080/d1/743/AUTH_1c8ebafd86664ddfaf943c5d3d2b2d65/glance/d66554a1-15fe-4f07-bd0d-7f0e1b3b3233-00003" "txe4690e591b9b4b2b8625e-00697b1724" "object-server 25" 0.0009 "-" 20 0
Jan 29 08:15:33 standalone object-server[124223]: 172.20.0.31 - - [29/Jan/2026:08:15:33 +0000] "PUT /d1/743/AUTH_1c8ebafd86664ddfaf943c5d3d2b2d65/glance/d66554a1-15fe-4f07-bd0d-7f0e1b3b3233-00003" 201 - "PUT http://swift-internal.openstack.svc:8080/v1/AUTH_1c8ebafd86664ddfaf943c5d3d2b2d65/glance/d66554a1-15fe-4f07-bd0d-7f0e1b3b3233-00003" "txe4690e591b9b4b2b8625e-00697b1724" "proxy-server 11" 1.3680 "-" 25 0
Jan 29 08:15:33 standalone container-server[123899]: 172.20.0.100 - - [29/Jan/2026:08:15:33 +0000] "PUT /d1/964/AUTH_1c8ebafd86664ddfaf943c5d3d2b2d65/glance/d66554a1-15fe-4f07-bd0d-7f0e1b3b3233" 201 - "PUT http://swift-internal.openstack.svc:8080/d1/62/AUTH_1c8ebafd86664ddfaf943c5d3d2b2d65/glance/d66554a1-15fe-4f07-bd0d-7f0e1b3b3233" "txdeccb198c7bf4d2784582-00697b1725" "object-server 22" 0.0006 "-" 22 0
Jan 29 08:15:33 standalone object-server[124219]: 172.20.0.31 - - [29/Jan/2026:08:15:33 +0000] "PUT /d1/62/AUTH_1c8ebafd86664ddfaf943c5d3d2b2d65/glance/d66554a1-15fe-4f07-bd0d-7f0e1b3b3233" 201 - "PUT http://swift-internal.openstack.svc:8080/v1/AUTH_1c8ebafd86664ddfaf943c5d3d2b2d65/glance/d66554a1-15fe-4f07-bd0d-7f0e1b3b3233" "txdeccb198c7bf4d2784582-00697b1725" "proxy-server 11" 0.0107 "-" 22 0
