Jan 29 07:58:38 standalone container-server[123909]: 172.20.0.100 - - [29/Jan/2026:07:58:38 +0000] "PUT /d1/930/AUTH_1c8ebafd86664ddfaf943c5d3d2b2d65/gnocchi.ed86a241-ffb5-4dc5-b217-fb59cb9622f2" 201 - "PUT http://localhost:8080/v1/AUTH_1c8ebafd86664ddfaf943c5d3d2b2d65/gnocchi.ed86a241-ffb5-4dc5-b217-fb59cb9622f2" "tx9472b17ea0ae40af88fd1-00697b132e" "proxy-server 21" 0.0130 "-" 23 0
Jan 29 07:58:38 standalone proxy-server[125980]: 172.18.0.2 ::1 29/Jan/2026/07/58/38 PUT /v1/AUTH_1c8ebafd86664ddfaf943c5d3d2b2d65/gnocchi.ed86a241-ffb5-4dc5-b217-fb59cb9622f2 HTTP/1.0 201 - python-swiftclient-3.11.1 gAAAAABpexJZJyaj... - - - tx9472b17ea0ae40af88fd1-00697b132e - 0.0174 - - 1769673518.326085091 1769673518.343495369 0
Jan 29 07:58:38 standalone container-server[123880]: 172.20.0.100 - - [29/Jan/2026:07:58:38 +0000] "HEAD /d1/930/AUTH_1c8ebafd86664ddfaf943c5d3d2b2d65/gnocchi.ed86a241-ffb5-4dc5-b217-fb59cb9622f2" 204 - "HEAD http://localhost:8080/v1/AUTH_1c8ebafd86664ddfaf943c5d3d2b2d65/gnocchi.ed86a241-ffb5-4dc5-b217-fb59cb9622f2?format=json&states=listing" "txceb651e8d3e84acdbbe08-00697b132e" "proxy-server 21" 0.0011 "-" 20 0
Jan 29 07:58:38 standalone proxy-server[125980]: - - 29/Jan/2026/07/58/38 HEAD /v1/AUTH_1c8ebafd86664ddfaf943c5d3d2b2d65/gnocchi.ed86a241-ffb5-4dc5-b217-fb59cb9622f2%3Fformat%3Djson%26states%3Dlisting HTTP/1.0 204 - Swift - - - - txceb651e8d3e84acdbbe08-00697b132e - 0.0042 RL - 1769673518.348115921 1769673518.352351427 0
Jan 29 07:58:38 standalone container-server[123909]: 172.20.0.100 - - [29/Jan/2026:07:58:38 +0000] "GET /d1/930/AUTH_1c8ebafd86664ddfaf943c5d3d2b2d65/gnocchi.ed86a241-ffb5-4dc5-b217-fb59cb9622f2" 200 2 "GET http://localhost:8080/v1/AUTH_1c8ebafd86664ddfaf943c5d3d2b2d65/gnocchi.ed86a241-ffb5-4dc5-b217-fb59cb9622f2?format=json&states=listing" "txceb651e8d3e84acdbbe08-00697b132e" "proxy-server 21" 0.0019 "-" 23 0
Jan 29 07:58:38 standalone proxy-server[125980]: 172.18.0.2 ::1 29/Jan/2026/07/58/38 GET /v1/AUTH_1c8ebafd86664ddfaf943c5d3d2b2d65/gnocchi.ed86a241-ffb5-4dc5-b217-fb59cb9622f2%3Fformat%3Djson%26states%3Dlisting HTTP/1.0 200 - python-swiftclient-3.11.1 gAAAAABpexJZJyaj... - 2 - txceb651e8d3e84acdbbe08-00697b132e - 0.0131 - - 1769673518.347108126 1769673518.360204220 0
Jan 29 07:58:38 standalone object-server[124221]: 172.20.0.100 - - [29/Jan/2026:07:58:38 +0000] "GET /d1/794/AUTH_1c8ebafd86664ddfaf943c5d3d2b2d65/gnocchi.ed86a241-ffb5-4dc5-b217-fb59cb9622f2/1769040000.0_mean_300.0_v3" 404 70 "GET http://localhost:8080/v1/AUTH_1c8ebafd86664ddfaf943c5d3d2b2d65/gnocchi.ed86a241-ffb5-4dc5-b217-fb59cb9622f2/1769040000.0_mean_300.0_v3" "txd3e6ddd8cfe040708314e-00697b132e" "proxy-server 21" 0.0003 "-" 23 0
Jan 29 07:58:38 standalone proxy-server[125980]: 172.18.0.2 ::1 29/Jan/2026/07/58/38 GET /v1/AUTH_1c8ebafd86664ddfaf943c5d3d2b2d65/gnocchi.ed86a241-ffb5-4dc5-b217-fb59cb9622f2/1769040000.0_mean_300.0_v3 HTTP/1.0 404 - python-swiftclient-3.11.1 gAAAAABpexJZJyaj... - 70 - txd3e6ddd8cfe040708314e-00697b132e - 0.0048 - - 1769673518.363600969 1769673518.368433952 0
Jan 29 07:58:38 standalone container-server[123909]: 172.20.0.100 - - [29/Jan/2026:07:58:38 +0000] "PUT /d1/930/AUTH_1c8ebafd86664ddfaf943c5d3d2b2d65/gnocchi.ed86a241-ffb5-4dc5-b217-fb59cb9622f2/1769040000.0_mean_300.0_v3" 201 - "PUT http://localhost:8080/d1/794/AUTH_1c8ebafd86664ddfaf943c5d3d2b2d65/gnocchi.ed86a241-ffb5-4dc5-b217-fb59cb9622f2/1769040000.0_mean_300.0_v3" "txd58cb29c275f47ca9712d-00697b132e" "object-server 24" 0.0004 "-" 23 0
Jan 29 07:58:38 standalone object-server[124222]: 172.20.0.100 - - [29/Jan/2026:07:58:38 +0000] "PUT /d1/794/AUTH_1c8ebafd86664ddfaf943c5d3d2b2d65/gnocchi.ed86a241-ffb5-4dc5-b217-fb59cb9622f2/1769040000.0_mean_300.0_v3" 201 - "PUT http://localhost:8080/v1/AUTH_1c8ebafd86664ddfaf943c5d3d2b2d65/gnocchi.ed86a241-ffb5-4dc5-b217-fb59cb9622f2/1769040000.0_mean_300.0_v3" "txd58cb29c275f47ca9712d-00697b132e" "proxy-server 21" 0.0096 "-" 24 0
Jan 29 07:58:38 standalone proxy-server[125980]: 172.18.0.2 ::1 29/Jan/2026/07/58/38 PUT /v1/AUTH_1c8ebafd86664ddfaf943c5d3d2b2d65/gnocchi.ed86a241-ffb5-4dc5-b217-fb59cb9622f2/1769040000.0_mean_300.0_v3 HTTP/1.0 201 - python-swiftclient-3.11.1 gAAAAABpexJZJyaj... 16 - - txd58cb29c275f47ca9712d-00697b132e - 0.0155 - - 1769673518.371076584 1769673518.386597633 0
Jan 29 07:58:38 standalone container-server[123880]: 172.20.0.100 - - [29/Jan/2026:07:58:38 +0000] "PUT /d1/930/AUTH_1c8ebafd86664ddfaf943c5d3d2b2d65/gnocchi.ed86a241-ffb5-4dc5-b217-fb59cb9622f2/none_v3" 201 - "PUT http://localhost:8080/d1/646/AUTH_1c8ebafd86664ddfaf943c5d3d2b2d65/gnocchi.ed86a241-ffb5-4dc5-b217-fb59cb9622f2/none_v3" "txaaf9ba543d1f479a862d6-00697b132e" "object-server 24" 0.0008 "-" 20 0
Jan 29 07:58:38 standalone object-server[124222]: 172.20.0.100 - - [29/Jan/2026:07:58:38 +0000] "PUT /d1/646/AUTH_1c8ebafd86664ddfaf943c5d3d2b2d65/gnocchi.ed86a241-ffb5-4dc5-b217-fb59cb9622f2/none_v3" 201 - "PUT http://localhost:8080/v1/AUTH_1c8ebafd86664ddfaf943c5d3d2b2d65/gnocchi.ed86a241-ffb5-4dc5-b217-fb59cb9622f2/none_v3" "txaaf9ba543d1f479a862d6-00697b132e" "proxy-server 21" 0.0120 "-" 24 0
Jan 29 07:58:38 standalone proxy-server[125980]: 172.18.0.2 ::1 29/Jan/2026/07/58/38 PUT /v1/AUTH_1c8ebafd86664ddfaf943c5d3d2b2d65/gnocchi.ed86a241-ffb5-4dc5-b217-fb59cb9622f2/none_v3 HTTP/1.0 201 - python-swiftclient-3.11.1 gAAAAABpexJZJyaj... 22 - - txaaf9ba543d1f479a862d6-00697b132e - 0.0176 - - 1769673518.389040232 1769673518.406637430 0
Jan 29 07:58:38 standalone container-server[123909]: 172.20.0.100 - - [29/Jan/2026:07:58:38 +0000] "HEAD /d1/184/AUTH_1c8ebafd86664ddfaf943c5d3d2b2d65/gnocchi.0724ef63-f86e-4e75-bb1f-60bee89e2663" 404 - "HEAD http://localhost:8080/v1/AUTH_1c8ebafd86664ddfaf943c5d3d2b2d65/gnocchi.0724ef63-f86e-4e75-bb1f-60bee89e2663?format=json&states=listing" "txa8f33aec34e74121b5843-00697b132e" "proxy-server 21" 0.0004 "-" 23 0
Jan 29 07:58:38 standalone object-server[124223]: 172.20.0.100 - - [29/Jan/2026:07:58:38 +0000] "GET /d1/24/AUTH_1c8ebafd86664ddfaf943c5d3d2b2d65/gnocchi.0724ef63-f86e-4e75-bb1f-60bee89e2663/none_v3" 404 70 "GET http://localhost:8080/v1/AUTH_1c8ebafd86664ddfaf943c5d3d2b2d65/gnocchi.0724ef63-f86e-4e75-bb1f-60bee89e2663/none_v3" "txa8f33aec34e74121b5843-00697b132e" "proxy-server 21" 0.0006 "-" 25 0
Jan 29 07:58:38 standalone proxy-server[125980]: 172.18.0.2 ::1 29/Jan/2026/07/58/38 GET /v1/AUTH_1c8ebafd86664ddfaf943c5d3d2b2d65/gnocchi.0724ef63-f86e-4e75-bb1f-60bee89e2663/none_v3 HTTP/1.0 404 - python-swiftclient-3.11.1 gAAAAABpexJZJyaj... - 70 - txa8f33aec34e74121b5843-00697b132e - 0.0125 - - 1769673518.425674438 1769673518.438137054 0
Jan 29 07:58:38 standalone account-server[123925]: 172.20.0.100 - - [29/Jan/2026:07:58:38 +0000] "PUT /d1/609/AUTH_1c8ebafd86664ddfaf943c5d3d2b2d65/gnocchi.0724ef63-f86e-4e75-bb1f-60bee89e2663" 201 - "PUT http://172.20.0.100:6001/d1/184/AUTH_1c8ebafd86664ddfaf943c5d3d2b2d65/gnocchi.0724ef63-f86e-4e75-bb1f-60bee89e2663" "txe03d1a34b54b4070a67d7-00697b132e" "container-server 21" 0.0046 "-" 23 0
Jan 29 07:58:38 standalone container-server[123888]: 172.20.0.100 - - [29/Jan/2026:07:58:38 +0000] "PUT /d1/184/AUTH_1c8ebafd86664ddfaf943c5d3d2b2d65/gnocchi.0724ef63-f86e-4e75-bb1f-60bee89e2663" 201 - "PUT http://localhost:8080/v1/AUTH_1c8ebafd86664ddfaf943c5d3d2b2d65/gnocchi.0724ef63-f86e-4e75-bb1f-60bee89e2663" "txe03d1a34b54b4070a67d7-00697b132e" "proxy-server 21" 0.0167 "-" 21 0
Jan 29 07:58:38 standalone proxy-server[125980]: 172.18.0.2 ::1 29/Jan/2026/07/58/38 PUT /v1/AUTH_1c8ebafd86664ddfaf943c5d3d2b2d65/gnocchi.0724ef63-f86e-4e75-bb1f-60bee89e2663 HTTP/1.0 201 - python-swiftclient-3.11.1 gAAAAABpexJZJyaj... - - - txe03d1a34b54b4070a67d7-00697b132e - 0.0245 - - 1769673518.442866087 1769673518.467372894 0
Jan 29 07:58:38 standalone container-server[123888]: 172.20.0.100 - - [29/Jan/2026:07:58:38 +0000] "HEAD /d1/622/AUTH_1c8ebafd86664ddfaf943c5d3d2b2d65/gnocchi.aa10acff-dfbf-4193-b441-2729ab59f663" 404 - "HEAD http://localhost:8080/v1/AUTH_1c8ebafd86664ddfaf943c5d3d2b2d65/gnocchi.aa10acff-dfbf-4193-b441-2729ab59f663?format=json&states=listing" "txb335b361e17a4f3f93a17-00697b132e" "proxy-server 21" 0.0006 "-" 21 0
Jan 29 07:58:38 standalone object-server[124221]: 172.20.0.100 - - [29/Jan/2026:07:58:38 +0000] "GET /d1/638/AUTH_1c8ebafd86664ddfaf943c5d3d2b2d65/gnocchi.aa10acff-dfbf-4193-b441-2729ab59f663/none_v3" 404 70 "GET http://localhost:8080/v1/AUTH_1c8ebafd86664ddfaf943c5d3d2b2d65/gnocchi.aa10acff-dfbf-4193-b441-2729ab59f663/none_v3" "txb335b361e17a4f3f93a17-00697b132e" "proxy-server 21" 0.0003 "-" 23 0
Jan 29 07:58:38 standalone proxy-server[125980]: 172.18.0.2 ::1 29/Jan/2026/07/58/38 GET /v1/AUTH_1c8ebafd86664ddfaf943c5d3d2b2d65/gnocchi.aa10acff-dfbf-4193-b441-2729ab59f663/none_v3 HTTP/1.0 404 - python-swiftclient-3.11.1 gAAAAABpexJZJyaj... - 70 - txb335b361e17a4f3f93a17-00697b132e - 0.0085 - - 1769673518.472411394 1769673518.480947256 0
Jan 29 07:58:38 standalone account-server[123879]: 172.20.0.100 - - [29/Jan/2026:07:58:38 +0000] "PUT /d1/609/AUTH_1c8ebafd86664ddfaf943c5d3d2b2d65/gnocchi.aa10acff-dfbf-4193-b441-2729ab59f663" 201 - "PUT http://172.20.0.100:6001/d1/622/AUTH_1c8ebafd86664ddfaf943c5d3d2b2d65/gnocchi.aa10acff-dfbf-4193-b441-2729ab59f663" "tx777e3465479d425aad042-00697b132e" "container-server 22" 0.0037 "-" 20 0
Jan 29 07:58:38 standalone container-server[123899]: 172.20.0.100 - - [29/Jan/2026:07:58:38 +0000] "PUT /d1/622/AUTH_1c8ebafd86664ddfaf943c5d3d2b2d65/gnocchi.aa10acff-dfbf-4193-b441-2729ab59f663" 201 - "PUT http://localhost:8080/v1/AUTH_1c8ebafd86664ddfaf943c5d3d2b2d65/gnocchi.aa10acff-dfbf-4193-b441-2729ab59f663" "tx777e3465479d425aad042-00697b132e" "proxy-server 21" 0.0181 "-" 22 0
Jan 29 07:58:38 standalone proxy-server[125980]: 172.18.0.2 ::1 29/Jan/2026/07/58/38 PUT /v1/AUTH_1c8ebafd86664ddfaf943c5d3d2b2d65/gnocchi.aa10acff-dfbf-4193-b441-2729ab59f663 HTTP/1.0 201 - python-swiftclient-3.11.1 gAAAAABpexJZJyaj... - - - tx777e3465479d425aad042-00697b132e - 0.0226 - - 1769673518.484528303 1769673518.507095098 0
Jan 29 07:58:38 standalone container-server[123899]: 172.20.0.100 - - [29/Jan/2026:07:58:38 +0000] "HEAD /d1/184/AUTH_1c8ebafd86664ddfaf943c5d3d2b2d65/gnocchi.0724ef63-f86e-4e75-bb1f-60bee89e2663" 204 - "HEAD http://localhost:8080/v1/AUTH_1c8ebafd86664ddfaf943c5d3d2b2d65/gnocchi.0724ef63-f86e-4e75-bb1f-60bee89e2663?format=json&states=listing" "txf7e73d821fb44fea88b3f-00697b132e" "proxy-server 21" 0.0018 "-" 22 0
Jan 29 07:58:38 standalone proxy-server[125980]: - - 29/Jan/2026/07/58/38 HEAD /v1/AUTH_1c8ebafd86664ddfaf943c5d3d2b2d65/gnocchi.0724ef63-f86e-4e75-bb1f-60bee89e2663%3Fformat%3Djson%26states%3Dlisting HTTP/1.0 204 - Swift - - - - txf7e73d821fb44fea88b3f-00697b132e - 0.0048 RL - 1769673518.515842676 1769673518.520683050 0
Jan 29 07:58:38 standalone container-server[123880]: 172.20.0.100 - - [29/Jan/2026:07:58:38 +0000] "GET /d1/184/AUTH_1c8ebafd86664ddfaf943c5d3d2b2d65/gnocchi.0724ef63-f86e-4e75-bb1f-60bee89e2663" 200 2 "GET http://localhost:8080/v1/AUTH_1c8ebafd86664ddfaf943c5d3d2b2d65/gnocchi.0724ef63-f86e-4e75-bb1f-60bee89e2663?format=json&states=listing" "txf7e73d821fb44fea88b3f-00697b132e" "proxy-server 21" 0.0038 "-" 20 0
Jan 29 07:58:38 standalone proxy-server[125980]: 172.18.0.2 ::1 29/Jan/2026/07/58/38 GET /v1/AUTH_1c8ebafd86664ddfaf943c5d3d2b2d65/gnocchi.0724ef63-f86e-4e75-bb1f-60bee89e2663%3Fformat%3Djson%26states%3Dlisting HTTP/1.0 200 - python-swiftclient-3.11.1 gAAAAABpexJZJyaj... - 2 - txf7e73d821fb44fea88b3f-00697b132e - 0.0154 - - 1769673518.514787436 1769673518.530227423 0
Jan 29 07:58:38 standalone container-server[123909]: 172.20.0.100 - - [29/Jan/2026:07:58:38 +0000] "HEAD /d1/622/AUTH_1c8ebafd86664ddfaf943c5d3d2b2d65/gnocchi.aa10acff-dfbf-4193-b441-2729ab59f663" 204 - "HEAD http://localhost:8080/v1/AUTH_1c8ebafd86664ddfaf943c5d3d2b2d65/gnocchi.aa10acff-dfbf-4193-b441-2729ab59f663?format=json&states=listing" "tx80e30e7857f641248d405-00697b132e" "proxy-server 21" 0.0012 "-" 23 0
Jan 29 07:58:38 standalone proxy-server[125980]: - - 29/Jan/2026/07/58/38 HEAD /v1/AUTH_1c8ebafd86664ddfaf943c5d3d2b2d65/gnocchi.aa10acff-dfbf-4193-b441-2729ab59f663%3Fformat%3Djson%26states%3Dlisting HTTP/1.0 204 - Swift - - - - tx80e30e7857f641248d405-00697b132e - 0.0037 RL - 1769673518.538039207 1769673518.541764259 0
Jan 29 07:58:38 standalone container-server[123880]: 172.20.0.100 - - [29/Jan/2026:07:58:38 +0000] "GET /d1/622/AUTH_1c8ebafd86664ddfaf943c5d3d2b2d65/gnocchi.aa10acff-dfbf-4193-b441-2729ab59f663" 200 2 "GET http://localhost:8080/v1/AUTH_1c8ebafd86664ddfaf943c5d3d2b2d65/gnocchi.aa10acff-dfbf-4193-b441-2729ab59f663?format=json&states=listing" "tx80e30e7857f641248d405-00697b132e" "proxy-server 21" 0.0040 "-" 20 0
Jan 29 07:58:38 standalone proxy-server[125980]: 172.18.0.2 ::1 29/Jan/2026/07/58/38 GET /v1/AUTH_1c8ebafd86664ddfaf943c5d3d2b2d65/gnocchi.aa10acff-dfbf-4193-b441-2729ab59f663%3Fformat%3Djson%26states%3Dlisting HTTP/1.0 200 - python-swiftclient-3.11.1 gAAAAABpexJZJyaj... - 2 - tx80e30e7857f641248d405-00697b132e - 0.0146 - - 1769673518.536553383 1769673518.551162481 0
Jan 29 07:58:38 standalone object-server[124219]: 172.20.0.100 - - [29/Jan/2026:07:58:38 +0000] "GET /d1/703/AUTH_1c8ebafd86664ddfaf943c5d3d2b2d65/gnocchi.0724ef63-f86e-4e75-bb1f-60bee89e2663/1769040000.0_mean_300.0_v3" 404 70 "GET http://localhost:8080/v1/AUTH_1c8ebafd86664ddfaf943c5d3d2b2d65/gnocchi.0724ef63-f86e-4e75-bb1f-60bee89e2663/1769040000.0_mean_300.0_v3" "txdd7e530406f24706b6a82-00697b132e" "proxy-server 21" 0.0006 "-" 22 0
Jan 29 07:58:38 standalone proxy-server[125980]: 172.18.0.2 ::1 29/Jan/2026/07/58/38 GET /v1/AUTH_1c8ebafd86664ddfaf943c5d3d2b2d65/gnocchi.0724ef63-f86e-4e75-bb1f-60bee89e2663/1769040000.0_mean_300.0_v3 HTTP/1.0 404 - python-swiftclient-3.11.1 gAAAAABpexJZJyaj... - 70 - txdd7e530406f24706b6a82-00697b132e - 0.0117 - - 1769673518.557426929 1769673518.569137335 0
Jan 29 07:58:38 standalone object-server[124219]: 172.20.0.100 - - [29/Jan/2026:07:58:38 +0000] "GET /d1/44/AUTH_1c8ebafd86664ddfaf943c5d3d2b2d65/gnocchi.aa10acff-dfbf-4193-b441-2729ab59f663/1769040000.0_mean_300.0_v3" 404 70 "GET http://localhost:8080/v1/AUTH_1c8ebafd86664ddfaf943c5d3d2b2d65/gnocchi.aa10acff-dfbf-4193-b441-2729ab59f663/1769040000.0_mean_300.0_v3" "txd28e8361e46e46dcb4806-00697b132e" "proxy-server 21" 0.0005 "-" 22 0
Jan 29 07:58:38 standalone proxy-server[125980]: 172.18.0.2 ::1 29/Jan/2026/07/58/38 GET /v1/AUTH_1c8ebafd86664ddfaf943c5d3d2b2d65/gnocchi.aa10acff-dfbf-4193-b441-2729ab59f663/1769040000.0_mean_300.0_v3 HTTP/1.0 404 - python-swiftclient-3.11.1 gAAAAABpexJZJyaj... - 70 - txd28e8361e46e46dcb4806-00697b132e - 0.0088 - - 1769673518.575731754 1769673518.584498644 0
Jan 29 07:58:38 standalone container-server[123909]: 172.20.0.100 - - [29/Jan/2026:07:58:38 +0000] "PUT /d1/184/AUTH_1c8ebafd86664ddfaf943c5d3d2b2d65/gnocchi.0724ef63-f86e-4e75-bb1f-60bee89e2663/1769040000.0_mean_300.0_v3" 201 - "PUT http://localhost:8080/d1/703/AUTH_1c8ebafd86664ddfaf943c5d3d2b2d65/gnocchi.0724ef63-f86e-4e75-bb1f-60bee89e2663/1769040000.0_mean_300.0_v3" "tx2f1d8dc5519a4007a3246-00697b132e" "object-server 25" 0.0005 "-" 23 0
Jan 29 07:58:38 standalone object-server[124223]: 172.20.0.100 - - [29/Jan/2026:07:58:38 +0000] "PUT /d1/703/AUTH_1c8ebafd86664ddfaf943c5d3d2b2d65/gnocchi.0724ef63-f86e-4e75-bb1f-60bee89e2663/1769040000.0_mean_300.0_v3" 201 - "PUT http://localhost:8080/v1/AUTH_1c8ebafd86664ddfaf943c5d3d2b2d65/gnocchi.0724ef63-f86e-4e75-bb1f-60bee89e2663/1769040000.0_mean_300.0_v3" "tx2f1d8dc5519a4007a3246-00697b132e" "proxy-server 21" 0.0107 "-" 25 0
Jan 29 07:58:38 standalone proxy-server[125980]: 172.18.0.2 ::1 29/Jan/2026/07/58/38 PUT /v1/AUTH_1c8ebafd86664ddfaf943c5d3d2b2d65/gnocchi.0724ef63-f86e-4e75-bb1f-60bee89e2663/1769040000.0_mean_300.0_v3 HTTP/1.0 201 - python-swiftclient-3.11.1 gAAAAABpexJZJyaj... 16 - - tx2f1d8dc5519a4007a3246-00697b132e - 0.0196 - - 1769673518.591136694 1769673518.610723019 0
Jan 29 07:58:38 standalone container-server[123880]: 172.20.0.100 - - [29/Jan/2026:07:58:38 +0000] "PUT /d1/622/AUTH_1c8ebafd86664ddfaf943c5d3d2b2d65/gnocchi.aa10acff-dfbf-4193-b441-2729ab59f663/1769040000.0_mean_300.0_v3" 201 - "PUT http://localhost:8080/d1/44/AUTH_1c8ebafd86664ddfaf943c5d3d2b2d65/gnocchi.aa10acff-dfbf-4193-b441-2729ab59f663/1769040000.0_mean_300.0_v3" "tx51f5fe582f84451db8faf-00697b132e" "object-server 25" 0.0013 "-" 20 0
Jan 29 07:58:38 standalone object-server[124223]: 172.20.0.100 - - [29/Jan/2026:07:58:38 +0000] "PUT /d1/44/AUTH_1c8ebafd86664ddfaf943c5d3d2b2d65/gnocchi.aa10acff-dfbf-4193-b441-2729ab59f663/1769040000.0_mean_300.0_v3" 201 - "PUT http://localhost:8080/v1/AUTH_1c8ebafd86664ddfaf943c5d3d2b2d65/gnocchi.aa10acff-dfbf-4193-b441-2729ab59f663/1769040000.0_mean_300.0_v3" "tx51f5fe582f84451db8faf-00697b132e" "proxy-server 21" 0.0191 "-" 25 0
Jan 29 07:58:38 standalone proxy-server[125980]: 172.18.0.2 ::1 29/Jan/2026/07/58/38 PUT /v1/AUTH_1c8ebafd86664ddfaf943c5d3d2b2d65/gnocchi.aa10acff-dfbf-4193-b441-2729ab59f663/1769040000.0_mean_300.0_v3 HTTP/1.0 201 - python-swiftclient-3.11.1 gAAAAABpexJZJyaj... 16 - - tx51f5fe582f84451db8faf-00697b132e - 0.0280 - - 1769673518.617179155 1769673518.645168543 0
Jan 29 07:58:38 standalone container-server[123880]: 172.20.0.100 - - [29/Jan/2026:07:58:38 +0000] "PUT /d1/184/AUTH_1c8ebafd86664ddfaf943c5d3d2b2d65/gnocchi.0724ef63-f86e-4e75-bb1f-60bee89e2663/none_v3" 201 - "PUT http://localhost:8080/d1/24/AUTH_1c8ebafd86664ddfaf943c5d3d2b2d65/gnocchi.0724ef63-f86e-4e75-bb1f-60bee89e2663/none_v3" "tx77357a0b1212495f98050-00697b132e" "object-server 22" 0.0006 "-" 20 0
Jan 29 07:58:38 standalone object-server[124219]: 172.20.0.100 - - [29/Jan/2026:07:58:38 +0000] "PUT /d1/24/AUTH_1c8ebafd86664ddfaf943c5d3d2b2d65/gnocchi.0724ef63-f86e-4e75-bb1f-60bee89e2663/none_v3" 201 - "PUT http://localhost:8080/v1/AUTH_1c8ebafd86664ddfaf943c5d3d2b2d65/gnocchi.0724ef63-f86e-4e75-bb1f-60bee89e2663/none_v3" "tx77357a0b1212495f98050-00697b132e" "proxy-server 21" 0.0101 "-" 22 0
Jan 29 07:58:38 standalone proxy-server[125980]: 172.18.0.2 ::1 29/Jan/2026/07/58/38 PUT /v1/AUTH_1c8ebafd86664ddfaf943c5d3d2b2d65/gnocchi.0724ef63-f86e-4e75-bb1f-60bee89e2663/none_v3 HTTP/1.0 201 - python-swiftclient-3.11.1 gAAAAABpexJZJyaj... 22 - - tx77357a0b1212495f98050-00697b132e - 0.0189 - - 1769673518.652004957 1769673518.670868874 0
Jan 29 07:58:38 standalone container-server[123888]: 172.20.0.100 - - [29/Jan/2026:07:58:38 +0000] "PUT /d1/622/AUTH_1c8ebafd86664ddfaf943c5d3d2b2d65/gnocchi.aa10acff-dfbf-4193-b441-2729ab59f663/none_v3" 201 - "PUT http://localhost:8080/d1/638/AUTH_1c8ebafd86664ddfaf943c5d3d2b2d65/gnocchi.aa10acff-dfbf-4193-b441-2729ab59f663/none_v3" "txc43366644b314abda6ad9-00697b132e" "object-server 25" 0.0005 "-" 21 0
Jan 29 07:58:38 standalone object-server[124223]: 172.20.0.100 - - [29/Jan/2026:07:58:38 +0000] "PUT /d1/638/AUTH_1c8ebafd86664ddfaf943c5d3d2b2d65/gnocchi.aa10acff-dfbf-4193-b441-2729ab59f663/none_v3" 201 - "PUT http://localhost:8080/v1/AUTH_1c8ebafd86664ddfaf943c5d3d2b2d65/gnocchi.aa10acff-dfbf-4193-b441-2729ab59f663/none_v3" "txc43366644b314abda6ad9-00697b132e" "proxy-server 21" 0.0179 "-" 25 0
Jan 29 07:58:38 standalone proxy-server[125980]: 172.18.0.2 ::1 29/Jan/2026/07/58/38 PUT /v1/AUTH_1c8ebafd86664ddfaf943c5d3d2b2d65/gnocchi.aa10acff-dfbf-4193-b441-2729ab59f663/none_v3 HTTP/1.0 201 - python-swiftclient-3.11.1 gAAAAABpexJZJyaj... 22 - - txc43366644b314abda6ad9-00697b132e - 0.0285 - - 1769673518.677516937 1769673518.706052065 0
Jan 29 07:58:38 standalone container-server[123880]: 172.20.0.100 - - [29/Jan/2026:07:58:38 +0000] "HEAD /d1/325/AUTH_1c8ebafd86664ddfaf943c5d3d2b2d65/gnocchi.a5fa1076-51f4-4b15-bffc-f3e2f5de8da8" 404 - "HEAD http://localhost:8080/v1/AUTH_1c8ebafd86664ddfaf943c5d3d2b2d65/gnocchi.a5fa1076-51f4-4b15-bffc-f3e2f5de8da8?format=json&states=listing" "tx32fcbf277b274fa093165-00697b132e" "proxy-server 21" 0.0004 "-" 20 0
Jan 29 07:58:38 standalone object-server[124223]: 172.20.0.100 - - [29/Jan/2026:07:58:38 +0000] "GET /d1/915/AUTH_1c8ebafd86664ddfaf943c5d3d2b2d65/gnocchi.a5fa1076-51f4-4b15-bffc-f3e2f5de8da8/none_v3" 404 70 "GET http://localhost:8080/v1/AUTH_1c8ebafd86664ddfaf943c5d3d2b2d65/gnocchi.a5fa1076-51f4-4b15-bffc-f3e2f5de8da8/none_v3" "tx32fcbf277b274fa093165-00697b132e" "proxy-server 21" 0.0006 "-" 25 0
Jan 29 07:58:38 standalone proxy-server[125980]: 172.18.0.2 ::1 29/Jan/2026/07/58/38 GET /v1/AUTH_1c8ebafd86664ddfaf943c5d3d2b2d65/gnocchi.a5fa1076-51f4-4b15-bffc-f3e2f5de8da8/none_v3 HTTP/1.0 404 - python-swiftclient-3.11.1 gAAAAABpexJZJyaj... - 70 - tx32fcbf277b274fa093165-00697b132e - 0.0147 - - 1769673518.726419210 1769673518.741142035 0
Jan 29 07:58:38 standalone account-server[123925]: 172.20.0.100 - - [29/Jan/2026:07:58:38 +0000] "PUT /d1/609/AUTH_1c8ebafd86664ddfaf943c5d3d2b2d65/gnocchi.a5fa1076-51f4-4b15-bffc-f3e2f5de8da8" 201 - "PUT http://172.20.0.100:6001/d1/325/AUTH_1c8ebafd86664ddfaf943c5d3d2b2d65/gnocchi.a5fa1076-51f4-4b15-bffc-f3e2f5de8da8" "txc9a38083a7784fc6aef41-00697b132e" "container-server 23" 0.0064 "-" 23 0
Jan 29 07:58:38 standalone container-server[123909]: 172.20.0.100 - - [29/Jan/2026:07:58:38 +0000] "PUT /d1/325/AUTH_1c8ebafd86664ddfaf943c5d3d2b2d65/gnocchi.a5fa1076-51f4-4b15-bffc-f3e2f5de8da8" 201 - "PUT http://localhost:8080/v1/AUTH_1c8ebafd86664ddfaf943c5d3d2b2d65/gnocchi.a5fa1076-51f4-4b15-bffc-f3e2f5de8da8" "txc9a38083a7784fc6aef41-00697b132e" "proxy-server 21" 0.0226 "-" 23 0
Jan 29 07:58:38 standalone proxy-server[125980]: 172.18.0.2 ::1 29/Jan/2026/07/58/38 PUT /v1/AUTH_1c8ebafd86664ddfaf943c5d3d2b2d65/gnocchi.a5fa1076-51f4-4b15-bffc-f3e2f5de8da8 HTTP/1.0 201 - python-swiftclient-3.11.1 gAAAAABpexJZJyaj... - - - txc9a38083a7784fc6aef41-00697b132e - 0.0302 - - 1769673518.746628284 1769673518.776800156 0
Jan 29 07:58:38 standalone container-server[123899]: 172.20.0.100 - - [29/Jan/2026:07:58:38 +0000] "HEAD /d1/482/AUTH_1c8ebafd86664ddfaf943c5d3d2b2d65/gnocchi.f9c7195f-65b2-4ddc-9453-dca1bd5531a8" 404 - "HEAD http://localhost:8080/v1/AUTH_1c8ebafd86664ddfaf943c5d3d2b2d65/gnocchi.f9c7195f-65b2-4ddc-9453-dca1bd5531a8?format=json&states=listing" "txa00b43cb1a6d475094450-00697b132e" "proxy-server 21" 0.0004 "-" 22 0
Jan 29 07:58:38 standalone object-server[124223]: 172.20.0.100 - - [29/Jan/2026:07:58:38 +0000] "GET /d1/188/AUTH_1c8ebafd86664ddfaf943c5d3d2b2d65/gnocchi.f9c7195f-65b2-4ddc-9453-dca1bd5531a8/none_v3" 404 70 "GET http://localhost:8080/v1/AUTH_1c8ebafd86664ddfaf943c5d3d2b2d65/gnocchi.f9c7195f-65b2-4ddc-9453-dca1bd5531a8/none_v3" "txa00b43cb1a6d475094450-00697b132e" "proxy-server 21" 0.0005 "-" 25 0
Jan 29 07:58:38 standalone proxy-server[125980]: 172.18.0.2 ::1 29/Jan/2026/07/58/38 GET /v1/AUTH_1c8ebafd86664ddfaf943c5d3d2b2d65/gnocchi.f9c7195f-65b2-4ddc-9453-dca1bd5531a8/none_v3 HTTP/1.0 404 - python-swiftclient-3.11.1 gAAAAABpexJZJyaj... - 70 - txa00b43cb1a6d475094450-00697b132e - 0.0149 - - 1769673518.780611515 1769673518.795551777 0
Jan 29 07:58:38 standalone account-server[123879]: 172.20.0.100 - - [29/Jan/2026:07:58:38 +0000] "PUT /d1/609/AUTH_1c8ebafd86664ddfaf943c5d3d2b2d65/gnocchi.f9c7195f-65b2-4ddc-9453-dca1bd5531a8" 201 - "PUT http://172.20.0.100:6001/d1/482/AUTH_1c8ebafd86664ddfaf943c5d3d2b2d65/gnocchi.f9c7195f-65b2-4ddc-9453-dca1bd5531a8" "txd08ba8ab5c69447dac274-00697b132e" "container-server 20" 0.0059 "-" 20 0
Jan 29 07:58:38 standalone container-server[123880]: 172.20.0.100 - - [29/Jan/2026:07:58:38 +0000] "PUT /d1/482/AUTH_1c8ebafd86664ddfaf943c5d3d2b2d65/gnocchi.f9c7195f-65b2-4ddc-9453-dca1bd5531a8" 201 - "PUT http://localhost:8080/v1/AUTH_1c8ebafd86664ddfaf943c5d3d2b2d65/gnocchi.f9c7195f-65b2-4ddc-9453-dca1bd5531a8" "txd08ba8ab5c69447dac274-00697b132e" "proxy-server 21" 0.0166 "-" 20 0
Jan 29 07:58:38 standalone proxy-server[125980]: 172.18.0.2 ::1 29/Jan/2026/07/58/38 PUT /v1/AUTH_1c8ebafd86664ddfaf943c5d3d2b2d65/gnocchi.f9c7195f-65b2-4ddc-9453-dca1bd5531a8 HTTP/1.0 201 - python-swiftclient-3.11.1 gAAAAABpexJZJyaj... - - - txd08ba8ab5c69447dac274-00697b132e - 0.0247 - - 1769673518.800648451 1769673518.825309992 0
Jan 29 07:58:38 standalone container-server[123880]: 172.20.0.100 - - [29/Jan/2026:07:58:38 +0000] "HEAD /d1/325/AUTH_1c8ebafd86664ddfaf943c5d3d2b2d65/gnocchi.a5fa1076-51f4-4b15-bffc-f3e2f5de8da8" 204 - "HEAD http://localhost:8080/v1/AUTH_1c8ebafd86664ddfaf943c5d3d2b2d65/gnocchi.a5fa1076-51f4-4b15-bffc-f3e2f5de8da8?format=json&states=listing" "tx2c893eebc8b544c2ae866-00697b132e" "proxy-server 21" 0.0018 "-" 20 0
Jan 29 07:58:38 standalone proxy-server[125980]: - - 29/Jan/2026/07/58/38 HEAD /v1/AUTH_1c8ebafd86664ddfaf943c5d3d2b2d65/gnocchi.a5fa1076-51f4-4b15-bffc-f3e2f5de8da8%3Fformat%3Djson%26states%3Dlisting HTTP/1.0 204 - Swift - - - - tx2c893eebc8b544c2ae866-00697b132e - 0.0065 RL - 1769673518.832169771 1769673518.838710308 0
Jan 29 07:58:38 standalone container-server[123880]: 172.20.0.100 - - [29/Jan/2026:07:58:38 +0000] "GET /d1/325/AUTH_1c8ebafd86664ddfaf943c5d3d2b2d65/gnocchi.a5fa1076-51f4-4b15-bffc-f3e2f5de8da8" 200 2 "GET http://localhost:8080/v1/AUTH_1c8ebafd86664ddfaf943c5d3d2b2d65/gnocchi.a5fa1076-51f4-4b15-bffc-f3e2f5de8da8?format=json&states=listing" "tx2c893eebc8b544c2ae866-00697b132e" "proxy-server 21" 0.0020 "-" 20 0
Jan 29 07:58:38 standalone proxy-server[125980]: 172.18.0.2 ::1 29/Jan/2026/07/58/38 GET /v1/AUTH_1c8ebafd86664ddfaf943c5d3d2b2d65/gnocchi.a5fa1076-51f4-4b15-bffc-f3e2f5de8da8%3Fformat%3Djson%26states%3Dlisting HTTP/1.0 200 - python-swiftclient-3.11.1 gAAAAABpexJZJyaj... - 2 - tx2c893eebc8b544c2ae866-00697b132e - 0.0192 - - 1769673518.830332518 1769673518.849508762 0
Jan 29 07:58:38 standalone container-server[123880]: 172.20.0.100 - - [29/Jan/2026:07:58:38 +0000] "HEAD /d1/482/AUTH_1c8ebafd86664ddfaf943c5d3d2b2d65/gnocchi.f9c7195f-65b2-4ddc-9453-dca1bd5531a8" 204 - "HEAD http://localhost:8080/v1/AUTH_1c8ebafd86664ddfaf943c5d3d2b2d65/gnocchi.f9c7195f-65b2-4ddc-9453-dca1bd5531a8?format=json&states=listing" "txa4e801d6fe3e4f55a1464-00697b132e" "proxy-server 21" 0.0015 "-" 20 0
Jan 29 07:58:38 standalone proxy-server[125980]: - - 29/Jan/2026/07/58/38 HEAD /v1/AUTH_1c8ebafd86664ddfaf943c5d3d2b2d65/gnocchi.f9c7195f-65b2-4ddc-9453-dca1bd5531a8%3Fformat%3Djson%26states%3Dlisting HTTP/1.0 204 - Swift - - - - txa4e801d6fe3e4f55a1464-00697b132e - 0.0055 RL - 1769673518.855983257 1769673518.861526251 0
Jan 29 07:58:38 standalone container-server[123909]: 172.20.0.100 - - [29/Jan/2026:07:58:38 +0000] "GET /d1/482/AUTH_1c8ebafd86664ddfaf943c5d3d2b2d65/gnocchi.f9c7195f-65b2-4ddc-9453-dca1bd5531a8" 200 2 "GET http://localhost:8080/v1/AUTH_1c8ebafd86664ddfaf943c5d3d2b2d65/gnocchi.f9c7195f-65b2-4ddc-9453-dca1bd5531a8?format=json&states=listing" "txa4e801d6fe3e4f55a1464-00697b132e" "proxy-server 21" 0.0043 "-" 23 0
Jan 29 07:58:38 standalone proxy-server[125980]: 172.18.0.2 ::1 29/Jan/2026/07/58/38 GET /v1/AUTH_1c8ebafd86664ddfaf943c5d3d2b2d65/gnocchi.f9c7195f-65b2-4ddc-9453-dca1bd5531a8%3Fformat%3Djson%26states%3Dlisting HTTP/1.0 200 - python-swiftclient-3.11.1 gAAAAABpexJZJyaj... - 2 - txa4e801d6fe3e4f55a1464-00697b132e - 0.0210 - - 1769673518.854507208 1769673518.875530958 0
Jan 29 07:58:38 standalone object-server[124221]: 172.20.0.100 - - [29/Jan/2026:07:58:38 +0000] "GET /d1/782/AUTH_1c8ebafd86664ddfaf943c5d3d2b2d65/gnocchi.a5fa1076-51f4-4b15-bffc-f3e2f5de8da8/1769040000.0_mean_300.0_v3" 404 70 "GET http://localhost:8080/v1/AUTH_1c8ebafd86664ddfaf943c5d3d2b2d65/gnocchi.a5fa1076-51f4-4b15-bffc-f3e2f5de8da8/1769040000.0_mean_300.0_v3" "tx6cea2826ae8147998dfb2-00697b132e" "proxy-server 21" 0.0005 "-" 23 0
Jan 29 07:58:38 standalone proxy-server[125980]: 172.18.0.2 ::1 29/Jan/2026/07/58/38 GET /v1/AUTH_1c8ebafd86664ddfaf943c5d3d2b2d65/gnocchi.a5fa1076-51f4-4b15-bffc-f3e2f5de8da8/1769040000.0_mean_300.0_v3 HTTP/1.0 404 - python-swiftclient-3.11.1 gAAAAABpexJZJyaj... - 70 - tx6cea2826ae8147998dfb2-00697b132e - 0.0096 - - 1769673518.882991314 1769673518.892554998 0
Jan 29 07:58:38 standalone object-server[124222]: 172.20.0.100 - - [29/Jan/2026:07:58:38 +0000] "GET /d1/931/AUTH_1c8ebafd86664ddfaf943c5d3d2b2d65/gnocchi.f9c7195f-65b2-4ddc-9453-dca1bd5531a8/1769040000.0_mean_300.0_v3" 404 70 "GET http://localhost:8080/v1/AUTH_1c8ebafd86664ddfaf943c5d3d2b2d65/gnocchi.f9c7195f-65b2-4ddc-9453-dca1bd5531a8/1769040000.0_mean_300.0_v3" "tx060267b924e446f386171-00697b132e" "proxy-server 21" 0.0004 "-" 24 0
Jan 29 07:58:38 standalone proxy-server[125980]: 172.18.0.2 ::1 29/Jan/2026/07/58/38 GET /v1/AUTH_1c8ebafd86664ddfaf943c5d3d2b2d65/gnocchi.f9c7195f-65b2-4ddc-9453-dca1bd5531a8/1769040000.0_mean_300.0_v3 HTTP/1.0 404 - python-swiftclient-3.11.1 gAAAAABpexJZJyaj... - 70 - tx060267b924e446f386171-00697b132e - 0.0082 - - 1769673518.897606850 1769673518.905768633 0
Jan 29 07:58:38 standalone container-server[123909]: 172.20.0.100 - - [29/Jan/2026:07:58:38 +0000] "PUT /d1/325/AUTH_1c8ebafd86664ddfaf943c5d3d2b2d65/gnocchi.a5fa1076-51f4-4b15-bffc-f3e2f5de8da8/1769040000.0_mean_300.0_v3" 201 - "PUT http://localhost:8080/d1/782/AUTH_1c8ebafd86664ddfaf943c5d3d2b2d65/gnocchi.a5fa1076-51f4-4b15-bffc-f3e2f5de8da8/1769040000.0_mean_300.0_v3" "txf04ca1b824094c6088eb8-00697b132e" "object-server 25" 0.0014 "-" 23 0
Jan 29 07:58:38 standalone object-server[124223]: 172.20.0.100 - - [29/Jan/2026:07:58:38 +0000] "PUT /d1/782/AUTH_1c8ebafd86664ddfaf943c5d3d2b2d65/gnocchi.a5fa1076-51f4-4b15-bffc-f3e2f5de8da8/1769040000.0_mean_300.0_v3" 201 - "PUT http://localhost:8080/v1/AUTH_1c8ebafd86664ddfaf943c5d3d2b2d65/gnocchi.a5fa1076-51f4-4b15-bffc-f3e2f5de8da8/1769040000.0_mean_300.0_v3" "txf04ca1b824094c6088eb8-00697b132e" "proxy-server 21" 0.0130 "-" 25 0
Jan 29 07:58:38 standalone proxy-server[125980]: 172.18.0.2 ::1 29/Jan/2026/07/58/38 PUT /v1/AUTH_1c8ebafd86664ddfaf943c5d3d2b2d65/gnocchi.a5fa1076-51f4-4b15-bffc-f3e2f5de8da8/1769040000.0_mean_300.0_v3 HTTP/1.0 201 - python-swiftclient-3.11.1 gAAAAABpexJZJyaj... 16 - - txf04ca1b824094c6088eb8-00697b132e - 0.0214 - - 1769673518.912341833 1769673518.933702230 0
Jan 29 07:58:38 standalone container-server[123909]: 172.20.0.100 - - [29/Jan/2026:07:58:38 +0000] "PUT /d1/482/AUTH_1c8ebafd86664ddfaf943c5d3d2b2d65/gnocchi.f9c7195f-65b2-4ddc-9453-dca1bd5531a8/1769040000.0_mean_300.0_v3" 201 - "PUT http://localhost:8080/d1/931/AUTH_1c8ebafd86664ddfaf943c5d3d2b2d65/gnocchi.f9c7195f-65b2-4ddc-9453-dca1bd5531a8/1769040000.0_mean_300.0_v3" "tx6a538ba38d5443d5a0a5d-00697b132e" "object-server 25" 0.0010 "-" 23 0
Jan 29 07:58:38 standalone object-server[124223]: 172.20.0.100 - - [29/Jan/2026:07:58:38 +0000] "PUT /d1/931/AUTH_1c8ebafd86664ddfaf943c5d3d2b2d65/gnocchi.f9c7195f-65b2-4ddc-9453-dca1bd5531a8/1769040000.0_mean_300.0_v3" 201 - "PUT http://localhost:8080/v1/AUTH_1c8ebafd86664ddfaf943c5d3d2b2d65/gnocchi.f9c7195f-65b2-4ddc-9453-dca1bd5531a8/1769040000.0_mean_300.0_v3" "tx6a538ba38d5443d5a0a5d-00697b132e" "proxy-server 21" 0.0141 "-" 25 0
Jan 29 07:58:38 standalone proxy-server[125980]: 172.18.0.2 ::1 29/Jan/2026/07/58/38 PUT /v1/AUTH_1c8ebafd86664ddfaf943c5d3d2b2d65/gnocchi.f9c7195f-65b2-4ddc-9453-dca1bd5531a8/1769040000.0_mean_300.0_v3 HTTP/1.0 201 - python-swiftclient-3.11.1 gAAAAABpexJZJyaj... 16 - - tx6a538ba38d5443d5a0a5d-00697b132e - 0.0219 - - 1769673518.942812443 1769673518.964746714 0
Jan 29 07:58:38 standalone container-server[123909]: 172.20.0.100 - - [29/Jan/2026:07:58:38 +0000] "PUT /d1/325/AUTH_1c8ebafd86664ddfaf943c5d3d2b2d65/gnocchi.a5fa1076-51f4-4b15-bffc-f3e2f5de8da8/none_v3" 201 - "PUT http://localhost:8080/d1/915/AUTH_1c8ebafd86664ddfaf943c5d3d2b2d65/gnocchi.a5fa1076-51f4-4b15-bffc-f3e2f5de8da8/none_v3" "tx1d6984e13564441aae7af-00697b132e" "object-server 23" 0.0007 "-" 23 0
Jan 29 07:58:38 standalone object-server[124221]: 172.20.0.100 - - [29/Jan/2026:07:58:38 +0000] "PUT /d1/915/AUTH_1c8ebafd86664ddfaf943c5d3d2b2d65/gnocchi.a5fa1076-51f4-4b15-bffc-f3e2f5de8da8/none_v3" 201 - "PUT http://localhost:8080/v1/AUTH_1c8ebafd86664ddfaf943c5d3d2b2d65/gnocchi.a5fa1076-51f4-4b15-bffc-f3e2f5de8da8/none_v3" "tx1d6984e13564441aae7af-00697b132e" "proxy-server 21" 0.0137 "-" 23 0
Jan 29 07:58:38 standalone proxy-server[125980]: 172.18.0.2 ::1 29/Jan/2026/07/58/38 PUT /v1/AUTH_1c8ebafd86664ddfaf943c5d3d2b2d65/gnocchi.a5fa1076-51f4-4b15-bffc-f3e2f5de8da8/none_v3 HTTP/1.0 201 - python-swiftclient-3.11.1 gAAAAABpexJZJyaj... 22 - - tx1d6984e13564441aae7af-00697b132e - 0.0220 - - 1769673518.970592022 1769673518.992633581 0
Jan 29 07:58:39 standalone container-server[123909]: 172.20.0.100 - - [29/Jan/2026:07:58:39 +0000] "PUT /d1/482/AUTH_1c8ebafd86664ddfaf943c5d3d2b2d65/gnocchi.f9c7195f-65b2-4ddc-9453-dca1bd5531a8/none_v3" 201 - "PUT http://localhost:8080/d1/188/AUTH_1c8ebafd86664ddfaf943c5d3d2b2d65/gnocchi.f9c7195f-65b2-4ddc-9453-dca1bd5531a8/none_v3" "txf7970381ec0d4c0db92b9-00697b132e" "object-server 25" 0.0007 "-" 23 0
Jan 29 07:58:39 standalone object-server[124223]: 172.20.0.100 - - [29/Jan/2026:07:58:39 +0000] "PUT /d1/188/AUTH_1c8ebafd86664ddfaf943c5d3d2b2d65/gnocchi.f9c7195f-65b2-4ddc-9453-dca1bd5531a8/none_v3" 201 - "PUT http://localhost:8080/v1/AUTH_1c8ebafd86664ddfaf943c5d3d2b2d65/gnocchi.f9c7195f-65b2-4ddc-9453-dca1bd5531a8/none_v3" "txf7970381ec0d4c0db92b9-00697b132e" "proxy-server 21" 0.0147 "-" 25 0
Jan 29 07:58:39 standalone proxy-server[125980]: 172.18.0.2 ::1 29/Jan/2026/07/58/39 PUT /v1/AUTH_1c8ebafd86664ddfaf943c5d3d2b2d65/gnocchi.f9c7195f-65b2-4ddc-9453-dca1bd5531a8/none_v3 HTTP/1.0 201 - python-swiftclient-3.11.1 gAAAAABpexJZJyaj... 22 - - txf7970381ec0d4c0db92b9-00697b132e - 0.0239 - - 1769673518.997386694 1769673519.021334410 0
Jan 29 07:58:39 standalone container-server[123899]: 172.20.0.100 - - [29/Jan/2026:07:58:39 +0000] "HEAD /d1/664/AUTH_1c8ebafd86664ddfaf943c5d3d2b2d65/gnocchi.7c25dfe3-58df-46b5-ae7c-26557e8cd5c2" 404 - "HEAD http://localhost:8080/v1/AUTH_1c8ebafd86664ddfaf943c5d3d2b2d65/gnocchi.7c25dfe3-58df-46b5-ae7c-26557e8cd5c2?format=json&states=listing" "txb60830742444441d84d31-00697b132f" "proxy-server 21" 0.0006 "-" 22 0
Jan 29 07:58:39 standalone object-server[124221]: 172.20.0.100 - - [29/Jan/2026:07:58:39 +0000] "GET /d1/610/AUTH_1c8ebafd86664ddfaf943c5d3d2b2d65/gnocchi.7c25dfe3-58df-46b5-ae7c-26557e8cd5c2/none_v3" 404 70 "GET http://localhost:8080/v1/AUTH_1c8ebafd86664ddfaf943c5d3d2b2d65/gnocchi.7c25dfe3-58df-46b5-ae7c-26557e8cd5c2/none_v3" "txb60830742444441d84d31-00697b132f" "proxy-server 21" 0.0004 "-" 23 0
Jan 29 07:58:39 standalone proxy-server[125980]: 172.18.0.2 ::1 29/Jan/2026/07/58/39 GET /v1/AUTH_1c8ebafd86664ddfaf943c5d3d2b2d65/gnocchi.7c25dfe3-58df-46b5-ae7c-26557e8cd5c2/none_v3 HTTP/1.0 404 - python-swiftclient-3.11.1 gAAAAABpexJZJyaj... - 70 - txb60830742444441d84d31-00697b132f - 0.0134 - - 1769673519.038584232 1769673519.051947832 0
Jan 29 07:58:39 standalone account-server[123911]: 172.20.0.100 - - [29/Jan/2026:07:58:39 +0000] "PUT /d1/609/AUTH_1c8ebafd86664ddfaf943c5d3d2b2d65/gnocchi.7c25dfe3-58df-46b5-ae7c-26557e8cd5c2" 201 - "PUT http://172.20.0.100:6001/d1/664/AUTH_1c8ebafd86664ddfaf943c5d3d2b2d65/gnocchi.7c25dfe3-58df-46b5-ae7c-26557e8cd5c2" "tx8830941411b24feab3715-00697b132f" "container-server 23" 0.0061 "-" 22 0
Jan 29 07:58:39 standalone container-server[123909]: 172.20.0.100 - - [29/Jan/2026:07:58:39 +0000] "PUT /d1/664/AUTH_1c8ebafd86664ddfaf943c5d3d2b2d65/gnocchi.7c25dfe3-58df-46b5-ae7c-26557e8cd5c2" 201 - "PUT http://localhost:8080/v1/AUTH_1c8ebafd86664ddfaf943c5d3d2b2d65/gnocchi.7c25dfe3-58df-46b5-ae7c-26557e8cd5c2" "tx8830941411b24feab3715-00697b132f" "proxy-server 21" 0.0203 "-" 23 0
Jan 29 07:58:39 standalone proxy-server[125980]: 172.18.0.2 ::1 29/Jan/2026/07/58/39 PUT /v1/AUTH_1c8ebafd86664ddfaf943c5d3d2b2d65/gnocchi.7c25dfe3-58df-46b5-ae7c-26557e8cd5c2 HTTP/1.0 201 - python-swiftclient-3.11.1 gAAAAABpexJZJyaj... - - - tx8830941411b24feab3715-00697b132f - 0.0265 - - 1769673519.055912733 1769673519.082391739 0
Jan 29 07:58:39 standalone container-server[123899]: 172.20.0.100 - - [29/Jan/2026:07:58:39 +0000] "HEAD /d1/664/AUTH_1c8ebafd86664ddfaf943c5d3d2b2d65/gnocchi.7c25dfe3-58df-46b5-ae7c-26557e8cd5c2" 204 - "HEAD http://localhost:8080/v1/AUTH_1c8ebafd86664ddfaf943c5d3d2b2d65/gnocchi.7c25dfe3-58df-46b5-ae7c-26557e8cd5c2?format=json&states=listing" "txb91a4c7e591a4ce987fa4-00697b132f" "proxy-server 21" 0.0012 "-" 22 0
Jan 29 07:58:39 standalone proxy-server[125980]: - - 29/Jan/2026/07/58/39 HEAD /v1/AUTH_1c8ebafd86664ddfaf943c5d3d2b2d65/gnocchi.7c25dfe3-58df-46b5-ae7c-26557e8cd5c2%3Fformat%3Djson%26states%3Dlisting HTTP/1.0 204 - Swift - - - - txb91a4c7e591a4ce987fa4-00697b132f - 0.0041 RL - 1769673519.091030121 1769673519.095156670 0
Jan 29 07:58:39 standalone container-server[123880]: 172.20.0.100 - - [29/Jan/2026:07:58:39 +0000] "GET /d1/664/AUTH_1c8ebafd86664ddfaf943c5d3d2b2d65/gnocchi.7c25dfe3-58df-46b5-ae7c-26557e8cd5c2" 200 2 "GET http://localhost:8080/v1/AUTH_1c8ebafd86664ddfaf943c5d3d2b2d65/gnocchi.7c25dfe3-58df-46b5-ae7c-26557e8cd5c2?format=json&states=listing" "txb91a4c7e591a4ce987fa4-00697b132f" "proxy-server 21" 0.0020 "-" 20 0
Jan 29 07:58:39 standalone proxy-server[125980]: 172.18.0.2 ::1 29/Jan/2026/07/58/39 GET /v1/AUTH_1c8ebafd86664ddfaf943c5d3d2b2d65/gnocchi.7c25dfe3-58df-46b5-ae7c-26557e8cd5c2%3Fformat%3Djson%26states%3Dlisting HTTP/1.0 200 - python-swiftclient-3.11.1 gAAAAABpexJZJyaj... - 2 - txb91a4c7e591a4ce987fa4-00697b132f - 0.0132 - - 1769673519.089896441 1769673519.103109598 0
Jan 29 07:58:39 standalone object-server[124219]: 172.20.0.100 - - [29/Jan/2026:07:58:39 +0000] "GET /d1/1010/AUTH_1c8ebafd86664ddfaf943c5d3d2b2d65/gnocchi.7c25dfe3-58df-46b5-ae7c-26557e8cd5c2/1769040000.0_mean_300.0_v3" 404 70 "GET http://localhost:8080/v1/AUTH_1c8ebafd86664ddfaf943c5d3d2b2d65/gnocchi.7c25dfe3-58df-46b5-ae7c-26557e8cd5c2/1769040000.0_mean_300.0_v3" "txa1b85373e7dc4b4eb0459-00697b132f" "proxy-server 21" 0.0003 "-" 22 0
Jan 29 07:58:39 standalone proxy-server[125980]: 172.18.0.2 ::1 29/Jan/2026/07/58/39 GET /v1/AUTH_1c8ebafd86664ddfaf943c5d3d2b2d65/gnocchi.7c25dfe3-58df-46b5-ae7c-26557e8cd5c2/1769040000.0_mean_300.0_v3 HTTP/1.0 404 - python-swiftclient-3.11.1 gAAAAABpexJZJyaj... - 70 - txa1b85373e7dc4b4eb0459-00697b132f - 0.0058 - - 1769673519.111665726 1769673519.117468834 0
Jan 29 07:58:39 standalone container-server[123899]: 172.20.0.100 - - [29/Jan/2026:07:58:39 +0000] "PUT /d1/664/AUTH_1c8ebafd86664ddfaf943c5d3d2b2d65/gnocchi.7c25dfe3-58df-46b5-ae7c-26557e8cd5c2/1769040000.0_mean_300.0_v3" 201 - "PUT http://localhost:8080/d1/1010/AUTH_1c8ebafd86664ddfaf943c5d3d2b2d65/gnocchi.7c25dfe3-58df-46b5-ae7c-26557e8cd5c2/1769040000.0_mean_300.0_v3" "txc2684eec79584bc5b8ddb-00697b132f" "object-server 24" 0.0006 "-" 22 0
Jan 29 07:58:39 standalone object-server[124222]: 172.20.0.100 - - [29/Jan/2026:07:58:39 +0000] "PUT /d1/1010/AUTH_1c8ebafd86664ddfaf943c5d3d2b2d65/gnocchi.7c25dfe3-58df-46b5-ae7c-26557e8cd5c2/1769040000.0_mean_300.0_v3" 201 - "PUT http://localhost:8080/v1/AUTH_1c8ebafd86664ddfaf943c5d3d2b2d65/gnocchi.7c25dfe3-58df-46b5-ae7c-26557e8cd5c2/1769040000.0_mean_300.0_v3" "txc2684eec79584bc5b8ddb-00697b132f" "proxy-server 21" 0.0102 "-" 24 0
Jan 29 07:58:39 standalone proxy-server[125980]: 172.18.0.2 ::1 29/Jan/2026/07/58/39 PUT /v1/AUTH_1c8ebafd86664ddfaf943c5d3d2b2d65/gnocchi.7c25dfe3-58df-46b5-ae7c-26557e8cd5c2/1769040000.0_mean_300.0_v3 HTTP/1.0 201 - python-swiftclient-3.11.1 gAAAAABpexJZJyaj... 16 - - txc2684eec79584bc5b8ddb-00697b132f - 0.0169 - - 1769673519.121389151 1769673519.138316393 0
Jan 29 07:58:39 standalone container-server[123880]: 172.20.0.100 - - [29/Jan/2026:07:58:39 +0000] "PUT /d1/664/AUTH_1c8ebafd86664ddfaf943c5d3d2b2d65/gnocchi.7c25dfe3-58df-46b5-ae7c-26557e8cd5c2/none_v3" 201 - "PUT http://localhost:8080/d1/610/AUTH_1c8ebafd86664ddfaf943c5d3d2b2d65/gnocchi.7c25dfe3-58df-46b5-ae7c-26557e8cd5c2/none_v3" "txf51d7c5cf8bc440fa2fab-00697b132f" "object-server 25" 0.0006 "-" 20 0
Jan 29 07:58:39 standalone object-server[124223]: 172.20.0.100 - - [29/Jan/2026:07:58:39 +0000] "PUT /d1/610/AUTH_1c8ebafd86664ddfaf943c5d3d2b2d65/gnocchi.7c25dfe3-58df-46b5-ae7c-26557e8cd5c2/none_v3" 201 - "PUT http://localhost:8080/v1/AUTH_1c8ebafd86664ddfaf943c5d3d2b2d65/gnocchi.7c25dfe3-58df-46b5-ae7c-26557e8cd5c2/none_v3" "txf51d7c5cf8bc440fa2fab-00697b132f" "proxy-server 21" 0.0089 "-" 25 0
Jan 29 07:58:39 standalone proxy-server[125980]: 172.18.0.2 ::1 29/Jan/2026/07/58/39 PUT /v1/AUTH_1c8ebafd86664ddfaf943c5d3d2b2d65/gnocchi.7c25dfe3-58df-46b5-ae7c-26557e8cd5c2/none_v3 HTTP/1.0 201 - python-swiftclient-3.11.1 gAAAAABpexJZJyaj... 22 - - txf51d7c5cf8bc440fa2fab-00697b132f - 0.0174 - - 1769673519.147265911 1769673519.164670944 0
Jan 29 07:58:39 standalone container-server[123909]: 172.20.0.100 - - [29/Jan/2026:07:58:39 +0000] "HEAD /d1/681/AUTH_1c8ebafd86664ddfaf943c5d3d2b2d65/gnocchi.8e7b3f64-eb83-4d9b-a4e6-862e6e83b33d" 404 - "HEAD http://localhost:8080/v1/AUTH_1c8ebafd86664ddfaf943c5d3d2b2d65/gnocchi.8e7b3f64-eb83-4d9b-a4e6-862e6e83b33d?format=json&states=listing" "tx121ffbdd5b1a44c3b8eb0-00697b132f" "proxy-server 21" 0.0006 "-" 23 0
Jan 29 07:58:39 standalone object-server[124222]: 172.20.0.100 - - [29/Jan/2026:07:58:39 +0000] "GET /d1/402/AUTH_1c8ebafd86664ddfaf943c5d3d2b2d65/gnocchi.8e7b3f64-eb83-4d9b-a4e6-862e6e83b33d/none_v3" 404 70 "GET http://localhost:8080/v1/AUTH_1c8ebafd86664ddfaf943c5d3d2b2d65/gnocchi.8e7b3f64-eb83-4d9b-a4e6-862e6e83b33d/none_v3" "tx121ffbdd5b1a44c3b8eb0-00697b132f" "proxy-server 21" 0.0004 "-" 24 0
Jan 29 07:58:39 standalone proxy-server[125980]: 172.18.0.2 ::1 29/Jan/2026/07/58/39 GET /v1/AUTH_1c8ebafd86664ddfaf943c5d3d2b2d65/gnocchi.8e7b3f64-eb83-4d9b-a4e6-862e6e83b33d/none_v3 HTTP/1.0 404 - python-swiftclient-3.11.1 gAAAAABpexJZJyaj... - 70 - tx121ffbdd5b1a44c3b8eb0-00697b132f - 0.0100 - - 1769673519.178865671 1769673519.188864231 0
Jan 29 07:58:39 standalone account-server[123911]: 172.20.0.100 - - [29/Jan/2026:07:58:39 +0000] "PUT /d1/609/AUTH_1c8ebafd86664ddfaf943c5d3d2b2d65/gnocchi.8e7b3f64-eb83-4d9b-a4e6-862e6e83b33d" 201 - "PUT http://172.20.0.100:6001/d1/681/AUTH_1c8ebafd86664ddfaf943c5d3d2b2d65/gnocchi.8e7b3f64-eb83-4d9b-a4e6-862e6e83b33d" "tx2acbbb6357994616b4c26-00697b132f" "container-server 22" 0.0046 "-" 22 0
Jan 29 07:58:39 standalone container-server[123899]: 172.20.0.100 - - [29/Jan/2026:07:58:39 +0000] "PUT /d1/681/AUTH_1c8ebafd86664ddfaf943c5d3d2b2d65/gnocchi.8e7b3f64-eb83-4d9b-a4e6-862e6e83b33d" 201 - "PUT http://localhost:8080/v1/AUTH_1c8ebafd86664ddfaf943c5d3d2b2d65/gnocchi.8e7b3f64-eb83-4d9b-a4e6-862e6e83b33d" "tx2acbbb6357994616b4c26-00697b132f" "proxy-server 21" 0.0151 "-" 22 0
Jan 29 07:58:39 standalone proxy-server[125980]: 172.18.0.2 ::1 29/Jan/2026/07/58/39 PUT /v1/AUTH_1c8ebafd86664ddfaf943c5d3d2b2d65/gnocchi.8e7b3f64-eb83-4d9b-a4e6-862e6e83b33d HTTP/1.0 201 - python-swiftclient-3.11.1 gAAAAABpexJZJyaj... - - - tx2acbbb6357994616b4c26-00697b132f - 0.0212 - - 1769673519.193405867 1769673519.214650154 0
Jan 29 07:58:39 standalone container-server[123909]: 172.20.0.100 - - [29/Jan/2026:07:58:39 +0000] "HEAD /d1/681/AUTH_1c8ebafd86664ddfaf943c5d3d2b2d65/gnocchi.8e7b3f64-eb83-4d9b-a4e6-862e6e83b33d" 204 - "HEAD http://localhost:8080/v1/AUTH_1c8ebafd86664ddfaf943c5d3d2b2d65/gnocchi.8e7b3f64-eb83-4d9b-a4e6-862e6e83b33d?format=json&states=listing" "txe2e3036702ab4e168c760-00697b132f" "proxy-server 21" 0.0025 "-" 23 0
Jan 29 07:58:39 standalone proxy-server[125980]: - - 29/Jan/2026/07/58/39 HEAD /v1/AUTH_1c8ebafd86664ddfaf943c5d3d2b2d65/gnocchi.8e7b3f64-eb83-4d9b-a4e6-862e6e83b33d%3Fformat%3Djson%26states%3Dlisting HTTP/1.0 204 - Swift - - - - txe2e3036702ab4e168c760-00697b132f - 0.0064 RL - 1769673519.221483707 1769673519.227896929 0
Jan 29 07:58:39 standalone container-server[123909]: 172.20.0.100 - - [29/Jan/2026:07:58:39 +0000] "GET /d1/681/AUTH_1c8ebafd86664ddfaf943c5d3d2b2d65/gnocchi.8e7b3f64-eb83-4d9b-a4e6-862e6e83b33d" 200 2 "GET http://localhost:8080/v1/AUTH_1c8ebafd86664ddfaf943c5d3d2b2d65/gnocchi.8e7b3f64-eb83-4d9b-a4e6-862e6e83b33d?format=json&states=listing" "txe2e3036702ab4e168c760-00697b132f" "proxy-server 21" 0.0039 "-" 23 0
Jan 29 07:58:39 standalone proxy-server[125980]: 172.18.0.2 ::1 29/Jan/2026/07/58/39 GET /v1/AUTH_1c8ebafd86664ddfaf943c5d3d2b2d65/gnocchi.8e7b3f64-eb83-4d9b-a4e6-862e6e83b33d%3Fformat%3Djson%26states%3Dlisting HTTP/1.0 200 - python-swiftclient-3.11.1 gAAAAABpexJZJyaj... - 2 - txe2e3036702ab4e168c760-00697b132f - 0.0199 - - 1769673519.220330238 1769673519.240186691 0
Jan 29 07:58:39 standalone object-server[124219]: 172.20.0.100 - - [29/Jan/2026:07:58:39 +0000] "GET /d1/694/AUTH_1c8ebafd86664ddfaf943c5d3d2b2d65/gnocchi.8e7b3f64-eb83-4d9b-a4e6-862e6e83b33d/1769040000.0_mean_300.0_v3" 404 70 "GET http://localhost:8080/v1/AUTH_1c8ebafd86664ddfaf943c5d3d2b2d65/gnocchi.8e7b3f64-eb83-4d9b-a4e6-862e6e83b33d/1769040000.0_mean_300.0_v3" "tx5389b77234af4abeb6a6a-00697b132f" "proxy-server 21" 0.0005 "-" 22 0
Jan 29 07:58:39 standalone proxy-server[125980]: 172.18.0.2 ::1 29/Jan/2026/07/58/39 GET /v1/AUTH_1c8ebafd86664ddfaf943c5d3d2b2d65/gnocchi.8e7b3f64-eb83-4d9b-a4e6-862e6e83b33d/1769040000.0_mean_300.0_v3 HTTP/1.0 404 - python-swiftclient-3.11.1 gAAAAABpexJZJyaj... - 70 - tx5389b77234af4abeb6a6a-00697b132f - 0.0091 - - 1769673519.248582602 1769673519.257713079 0
Jan 29 07:58:39 standalone container-server[123899]: 172.20.0.100 - - [29/Jan/2026:07:58:39 +0000] "PUT /d1/681/AUTH_1c8ebafd86664ddfaf943c5d3d2b2d65/gnocchi.8e7b3f64-eb83-4d9b-a4e6-862e6e83b33d/1769040000.0_mean_300.0_v3" 201 - "PUT http://localhost:8080/d1/694/AUTH_1c8ebafd86664ddfaf943c5d3d2b2d65/gnocchi.8e7b3f64-eb83-4d9b-a4e6-862e6e83b33d/1769040000.0_mean_300.0_v3" "txf456f86359c2406eaaf18-00697b132f" "object-server 25" 0.0005 "-" 22 0
Jan 29 07:58:39 standalone object-server[124223]: 172.20.0.100 - - [29/Jan/2026:07:58:39 +0000] "PUT /d1/694/AUTH_1c8ebafd86664ddfaf943c5d3d2b2d65/gnocchi.8e7b3f64-eb83-4d9b-a4e6-862e6e83b33d/1769040000.0_mean_300.0_v3" 201 - "PUT http://localhost:8080/v1/AUTH_1c8ebafd86664ddfaf943c5d3d2b2d65/gnocchi.8e7b3f64-eb83-4d9b-a4e6-862e6e83b33d/1769040000.0_mean_300.0_v3" "txf456f86359c2406eaaf18-00697b132f" "proxy-server 21" 0.0103 "-" 25 0
Jan 29 07:58:39 standalone proxy-server[125980]: 172.18.0.2 ::1 29/Jan/2026/07/58/39 PUT /v1/AUTH_1c8ebafd86664ddfaf943c5d3d2b2d65/gnocchi.8e7b3f64-eb83-4d9b-a4e6-862e6e83b33d/1769040000.0_mean_300.0_v3 HTTP/1.0 201 - python-swiftclient-3.11.1 gAAAAABpexJZJyaj... 16 - - txf456f86359c2406eaaf18-00697b132f - 0.0193 - - 1769673519.264265299 1769673519.283526659 0
Jan 29 07:58:39 standalone container-server[123888]: 172.20.0.100 - - [29/Jan/2026:07:58:39 +0000] "PUT /d1/681/AUTH_1c8ebafd86664ddfaf943c5d3d2b2d65/gnocchi.8e7b3f64-eb83-4d9b-a4e6-862e6e83b33d/none_v3" 201 - "PUT http://localhost:8080/d1/402/AUTH_1c8ebafd86664ddfaf943c5d3d2b2d65/gnocchi.8e7b3f64-eb83-4d9b-a4e6-862e6e83b33d/none_v3" "tx91e1c1277d9945de85f00-00697b132f" "object-server 24" 0.0006 "-" 21 0
Jan 29 07:58:39 standalone object-server[124222]: 172.20.0.100 - - [29/Jan/2026:07:58:39 +0000] "PUT /d1/402/AUTH_1c8ebafd86664ddfaf943c5d3d2b2d65/gnocchi.8e7b3f64-eb83-4d9b-a4e6-862e6e83b33d/none_v3" 201 - "PUT http://localhost:8080/v1/AUTH_1c8ebafd86664ddfaf943c5d3d2b2d65/gnocchi.8e7b3f64-eb83-4d9b-a4e6-862e6e83b33d/none_v3" "tx91e1c1277d9945de85f00-00697b132f" "proxy-server 21" 0.0099 "-" 24 0
Jan 29 07:58:39 standalone proxy-server[125980]: 172.18.0.2 ::1 29/Jan/2026/07/58/39 PUT /v1/AUTH_1c8ebafd86664ddfaf943c5d3d2b2d65/gnocchi.8e7b3f64-eb83-4d9b-a4e6-862e6e83b33d/none_v3 HTTP/1.0 201 - python-swiftclient-3.11.1 gAAAAABpexJZJyaj... 22 - - tx91e1c1277d9945de85f00-00697b132f - 0.0174 - - 1769673519.292479992 1769673519.309893608 0
Jan 29 07:58:39 standalone container-server[123880]: 172.20.0.100 - - [29/Jan/2026:07:58:39 +0000] "HEAD /d1/401/AUTH_1c8ebafd86664ddfaf943c5d3d2b2d65/gnocchi.7ba7e289-d886-4b96-ba77-1a21b3dce3d9" 404 - "HEAD http://localhost:8080/v1/AUTH_1c8ebafd86664ddfaf943c5d3d2b2d65/gnocchi.7ba7e289-d886-4b96-ba77-1a21b3dce3d9?format=json&states=listing" "txf13a0c139dc44ca4bff10-00697b132f" "proxy-server 21" 0.0003 "-" 20 0
Jan 29 07:58:39 standalone object-server[124221]: 172.20.0.100 - - [29/Jan/2026:07:58:39 +0000] "GET /d1/478/AUTH_1c8ebafd86664ddfaf943c5d3d2b2d65/gnocchi.7ba7e289-d886-4b96-ba77-1a21b3dce3d9/none_v3" 404 70 "GET http://localhost:8080/v1/AUTH_1c8ebafd86664ddfaf943c5d3d2b2d65/gnocchi.7ba7e289-d886-4b96-ba77-1a21b3dce3d9/none_v3" "txf13a0c139dc44ca4bff10-00697b132f" "proxy-server 21" 0.0005 "-" 23 0
Jan 29 07:58:39 standalone proxy-server[125980]: 172.18.0.2 ::1 29/Jan/2026/07/58/39 GET /v1/AUTH_1c8ebafd86664ddfaf943c5d3d2b2d65/gnocchi.7ba7e289-d886-4b96-ba77-1a21b3dce3d9/none_v3 HTTP/1.0 404 - python-swiftclient-3.11.1 gAAAAABpexJZJyaj... - 70 - txf13a0c139dc44ca4bff10-00697b132f - 0.0125 - - 1769673519.322736025 1769673519.335200310 0
Jan 29 07:58:39 standalone account-server[123925]: 172.20.0.100 - - [29/Jan/2026:07:58:39 +0000] "PUT /d1/609/AUTH_1c8ebafd86664ddfaf943c5d3d2b2d65/gnocchi.7ba7e289-d886-4b96-ba77-1a21b3dce3d9" 201 - "PUT http://172.20.0.100:6001/d1/401/AUTH_1c8ebafd86664ddfaf943c5d3d2b2d65/gnocchi.7ba7e289-d886-4b96-ba77-1a21b3dce3d9" "txe7b6a23862014cf980877-00697b132f" "container-server 21" 0.0054 "-" 23 0
Jan 29 07:58:39 standalone container-server[123888]: 172.20.0.100 - - [29/Jan/2026:07:58:39 +0000] "PUT /d1/401/AUTH_1c8ebafd86664ddfaf943c5d3d2b2d65/gnocchi.7ba7e289-d886-4b96-ba77-1a21b3dce3d9" 201 - "PUT http://localhost:8080/v1/AUTH_1c8ebafd86664ddfaf943c5d3d2b2d65/gnocchi.7ba7e289-d886-4b96-ba77-1a21b3dce3d9" "txe7b6a23862014cf980877-00697b132f" "proxy-server 21" 0.0150 "-" 21 0
Jan 29 07:58:39 standalone proxy-server[125980]: 172.18.0.2 ::1 29/Jan/2026/07/58/39 PUT /v1/AUTH_1c8ebafd86664ddfaf943c5d3d2b2d65/gnocchi.7ba7e289-d886-4b96-ba77-1a21b3dce3d9 HTTP/1.0 201 - python-swiftclient-3.11.1 gAAAAABpexJZJyaj... - - - txe7b6a23862014cf980877-00697b132f - 0.0212 - - 1769673519.338934183 1769673519.360091209 0
