Jan 29 07:43:40 standalone account-server[123463]: Starting 2
Jan 29 07:43:41 standalone container-server[123596]: Option allow_versions is deprecated. Configure the versioned_writes middleware in the proxy-server instead. This option will be ignored in a future release.
Jan 29 07:43:41 standalone account-server[123611]: Started child 20 from parent 2
Jan 29 07:43:41 standalone container-server[123880]: Option allow_versions is deprecated. Configure the versioned_writes middleware in the proxy-server instead. This option will be ignored in a future release.
Jan 29 07:43:41 standalone container-server[123596]: Started child 20 from parent 2
Jan 29 07:43:41 standalone container-server[123888]: Option allow_versions is deprecated. Configure the versioned_writes middleware in the proxy-server instead. This option will be ignored in a future release.
Jan 29 07:43:41 standalone container-server[123596]: Started child 21 from parent 2
Jan 29 07:43:41 standalone container-server[123899]: Option allow_versions is deprecated. Configure the versioned_writes middleware in the proxy-server instead. This option will be ignored in a future release.
Jan 29 07:43:41 standalone container-server[123596]: Started child 22 from parent 2
Jan 29 07:43:41 standalone account-server[123611]: Started child 21 from parent 2
Jan 29 07:43:41 standalone account-server[123611]: Started child 22 from parent 2
Jan 29 07:43:41 standalone container-server[123909]: Option allow_versions is deprecated. Configure the versioned_writes middleware in the proxy-server instead. This option will be ignored in a future release.
Jan 29 07:43:41 standalone container-server[123596]: Started child 23 from parent 2
Jan 29 07:43:41 standalone account-server[123611]: Started child 23 from parent 2
Jan 29 07:43:41 standalone container-server[123894]: Starting 2
Jan 29 07:43:41 standalone object-expirer[123978]: Starting 2
Jan 29 07:43:41 standalone object-expirer[123978]: Option auto_create_account_prefix is deprecated. Configure auto_create_account_prefix under the swift-constraints section of swift.conf. This option will be ignored in a future release.
Jan 29 07:43:42 standalone object-server[124078]: Starting 2
Jan 29 07:43:42 standalone object-server[124075]: Started child 22 from parent 2
Jan 29 07:43:42 standalone object-server[124075]: Started child 23 from parent 2
Jan 29 07:43:42 standalone object-server[124075]: Started child 24 from parent 2
Jan 29 07:43:42 standalone object-server[124075]: Started child 25 from parent 2
Jan 29 07:43:48 standalone proxy-server[125706]: Starting Keystone auth_token middleware
Jan 29 07:43:48 standalone proxy-server[125706]: AuthToken middleware is set with keystone_authtoken.service_token_roles_required set to False. This is backwards compatible but deprecated behaviour. Please set this to True.
Jan 29 07:43:48 standalone proxy-server[125980]: Starting Keystone auth_token middleware
Jan 29 07:43:48 standalone proxy-server[125980]: STDERR: The option "bind_port" is not known to keystonemiddleware
Jan 29 07:43:48 standalone proxy-server[125980]: STDERR: The option "workers" is not known to keystonemiddleware
Jan 29 07:43:48 standalone proxy-server[125980]: STDERR: The option "user" is not known to keystonemiddleware
Jan 29 07:43:48 standalone proxy-server[125980]: STDERR: The option "bind_ip" is not known to keystonemiddleware
Jan 29 07:43:48 standalone proxy-server[125980]: STDERR: The option "log_name" is not known to keystonemiddleware
Jan 29 07:43:48 standalone proxy-server[125980]: STDERR: The option "log_facility" is not known to keystonemiddleware
Jan 29 07:43:48 standalone proxy-server[125980]: STDERR: The option "log_level" is not known to keystonemiddleware
Jan 29 07:43:48 standalone proxy-server[125980]: STDERR: The option "log_headers" is not known to keystonemiddleware
Jan 29 07:43:48 standalone proxy-server[125980]: STDERR: The option "log_address" is not known to keystonemiddleware
Jan 29 07:43:48 standalone proxy-server[125980]: STDERR: The option "project_name" is not known to keystonemiddleware
Jan 29 07:43:48 standalone proxy-server[125980]: STDERR: The option "username" is not known to keystonemiddleware
Jan 29 07:43:48 standalone proxy-server[125980]: STDERR: The option "password" is not known to keystonemiddleware
Jan 29 07:43:48 standalone proxy-server[125980]: STDERR: The option "auth_url" is not known to keystonemiddleware
Jan 29 07:43:48 standalone proxy-server[125980]: STDERR: The option "signing_dir" is not known to keystonemiddleware
Jan 29 07:43:48 standalone proxy-server[125980]: STDERR: The option "project_domain_id" is not known to keystonemiddleware
Jan 29 07:43:48 standalone proxy-server[125980]: STDERR: The option "user_domain_id" is not known to keystonemiddleware
Jan 29 07:43:48 standalone proxy-server[125980]: STDERR: The option "__name__" is not known to keystonemiddleware
Jan 29 07:43:48 standalone proxy-server[125980]: AuthToken middleware is set with keystone_authtoken.service_token_roles_required set to False. This is backwards compatible but deprecated behaviour. Please set this to True.
Jan 29 07:43:48 standalone proxy-server[125706]: Started child 21 from parent 2
Jan 29 07:44:32 standalone container-server[123894]: Begin container update sweep
Jan 29 07:44:32 standalone container-server[123894]: Container update sweep completed: 0.00s
Jan 29 07:45:16 standalone object-server[124078]: Begin object update sweep
Jan 29 07:45:16 standalone object-server[136005]: Object update sweep starting on /srv/node/d1 (pid: 11)
Jan 29 07:45:16 standalone object-server[136005]: Object update sweep completed on /srv/node/d1 in 0.00s seconds:, 0 successes, 0 failures, 0 quarantines, 0 unlinks, 0 errors, 0 redirects (pid: 11)
Jan 29 07:45:16 standalone object-server[136005]: Object update sweep of d1 completed: 0.00s, 0 successes, 0 failures, 0 quarantines, 0 unlinks, 0 errors, 0 redirects
Jan 29 07:45:16 standalone object-server[124078]: Object update sweep completed: 0.06s
Jan 29 07:45:50 standalone account-server[123911]: 172.20.0.100 - - [29/Jan/2026:07:45:50 +0000] "HEAD /d1/353/.expiring_objects" 404 - "HEAD http://localhost/v1/.expiring_objects?format=json" "txdad97ff0ac5c47fab096e-00697b102e" "proxy-server 2" 0.0018 "-" 22 -
Jan 29 07:45:50 standalone object-expirer[123978]: Pass completed in 0s; 0 objects expired (txn: txdad97ff0ac5c47fab096e-00697b102e)
Jan 29 07:46:55 standalone account-server[123911]: 172.20.0.100 - - [29/Jan/2026:07:46:55 +0000] "HEAD /d1/353/.expiring_objects" 404 - "HEAD http://localhost/v1/.expiring_objects?format=json" "tx6f366262822d48b5a8ce4-00697b106f" "proxy-server 2" 0.0007 "-" 22 -
Jan 29 07:46:55 standalone object-expirer[123978]: Pass completed in 0s; 0 objects expired (txn: tx6f366262822d48b5a8ce4-00697b106f)
Jan 29 07:49:32 standalone container-server[123894]: Begin container update sweep
Jan 29 07:49:32 standalone container-server[123894]: Container update sweep completed: 0.00s
Jan 29 07:50:09 standalone account-server[123911]: 172.20.0.100 - - [29/Jan/2026:07:50:09 +0000] "HEAD /d1/609/AUTH_1c8ebafd86664ddfaf943c5d3d2b2d65" 404 - "HEAD http://localhost:8080/v1/AUTH_1c8ebafd86664ddfaf943c5d3d2b2d65?format=json" "tx5a71ce9fa11c4af6b8b5f-00697b1131" "proxy-server 21" 0.0004 "-" 22 -
Jan 29 07:50:09 standalone proxy-server[125980]: - - 29/Jan/2026/07/50/09 HEAD /v1/AUTH_1c8ebafd86664ddfaf943c5d3d2b2d65%3Fformat%3Djson HTTP/1.0 200 - Swift - - - - tx5a71ce9fa11c4af6b8b5f-00697b1131 - 0.0059 RL - 1769673009.701930285 1769673009.707793951 -
Jan 29 07:50:10 standalone proxy-server[125980]: 172.18.0.2 ::1 29/Jan/2026/07/50/10 HEAD /v1/AUTH_1c8ebafd86664ddfaf943c5d3d2b2d65/glance%3Fformat%3Djson HTTP/1.0 404 - python-swiftclient-3.11.1 gAAAAABpexExuMZT... - - - tx5a71ce9fa11c4af6b8b5f-00697b1131 - 0.5166 - - 1769673009.694998026 1769673010.211595058 -
Jan 29 07:50:10 standalone account-server[123911]: 172.20.0.100 - - [29/Jan/2026:07:50:10 +0000] "PUT /d1/609/AUTH_1c8ebafd86664ddfaf943c5d3d2b2d65" 201 - "-" "tx9ecfe3a166d54dae9e5bc-00697b1132" "-" 0.0166 "-" 22 -
Jan 29 07:50:10 standalone proxy-server[125980]: autocreate account '/AUTH_1c8ebafd86664ddfaf943c5d3d2b2d65' (txn: tx9ecfe3a166d54dae9e5bc-00697b1132)
Jan 29 07:50:10 standalone account-server[123885]: 172.20.0.100 - - [29/Jan/2026:07:50:10 +0000] "HEAD /d1/609/AUTH_1c8ebafd86664ddfaf943c5d3d2b2d65" 204 - "HEAD http://localhost:8080/v1/AUTH_1c8ebafd86664ddfaf943c5d3d2b2d65?format=json" "tx9ecfe3a166d54dae9e5bc-00697b1132" "proxy-server 21" 0.0026 "-" 21 -
Jan 29 07:50:10 standalone account-server[123885]: 172.20.0.100 - - [29/Jan/2026:07:50:10 +0000] "PUT /d1/609/AUTH_1c8ebafd86664ddfaf943c5d3d2b2d65/glance" 201 - "PUT http://172.20.0.100:6001/d1/964/AUTH_1c8ebafd86664ddfaf943c5d3d2b2d65/glance" "tx9ecfe3a166d54dae9e5bc-00697b1132" "container-server 23" 0.0014 "-" 21 0
Jan 29 07:50:10 standalone container-server[123909]: 172.20.0.100 - - [29/Jan/2026:07:50:10 +0000] "PUT /d1/964/AUTH_1c8ebafd86664ddfaf943c5d3d2b2d65/glance" 201 - "PUT http://localhost:8080/v1/AUTH_1c8ebafd86664ddfaf943c5d3d2b2d65/glance" "tx9ecfe3a166d54dae9e5bc-00697b1132" "proxy-server 21" 0.0132 "-" 23 0
Jan 29 07:50:10 standalone proxy-server[125980]: 172.18.0.2 ::1 29/Jan/2026/07/50/10 PUT /v1/AUTH_1c8ebafd86664ddfaf943c5d3d2b2d65/glance HTTP/1.0 201 - python-swiftclient-3.11.1 gAAAAABpexExuMZT... - - - tx9ecfe3a166d54dae9e5bc-00697b1132 - 0.0479 - - 1769673010.216563463 1769673010.264428616 0
Jan 29 07:50:10 standalone container-server[123888]: 172.20.0.100 - - [29/Jan/2026:07:50:10 +0000] "HEAD /d1/964/AUTH_1c8ebafd86664ddfaf943c5d3d2b2d65/glance" 204 - "HEAD http://localhost:8080/v1/AUTH_1c8ebafd86664ddfaf943c5d3d2b2d65/glance?format=json&states=listing" "tx217f73a999a043c1b3df7-00697b1132" "proxy-server 21" 0.0023 "-" 21 0
Jan 29 07:50:10 standalone proxy-server[125980]: - - 29/Jan/2026/07/50/10 HEAD /v1/AUTH_1c8ebafd86664ddfaf943c5d3d2b2d65/glance%3Fformat%3Djson%26states%3Dlisting HTTP/1.0 204 - Swift - - - - tx217f73a999a043c1b3df7-00697b1132 - 0.0068 RL - 1769673010.271097183 1769673010.277920008 0
Jan 29 07:50:16 standalone object-server[124078]: Begin object update sweep
Jan 29 07:50:16 standalone object-server[172051]: Object update sweep starting on /srv/node/d1 (pid: 13)
Jan 29 07:50:16 standalone object-server[172051]: Object update sweep completed on /srv/node/d1 in 0.00s seconds:, 0 successes, 0 failures, 0 quarantines, 0 unlinks, 0 errors, 0 redirects (pid: 13)
Jan 29 07:50:16 standalone object-server[172051]: Object update sweep of d1 completed: 0.00s, 0 successes, 0 failures, 0 quarantines, 0 unlinks, 0 errors, 0 redirects
Jan 29 07:50:16 standalone object-server[124078]: Object update sweep completed: 0.07s
Jan 29 07:50:26 standalone container-server[123888]: 172.20.0.100 - - [29/Jan/2026:07:50:26 +0000] "PUT /d1/964/AUTH_1c8ebafd86664ddfaf943c5d3d2b2d65/glance/e6aba7d1-dcd6-4fbb-9f2b-626def0e946a" 201 - "PUT http://localhost:8080/d1/119/AUTH_1c8ebafd86664ddfaf943c5d3d2b2d65/glance/e6aba7d1-dcd6-4fbb-9f2b-626def0e946a" "tx217f73a999a043c1b3df7-00697b1132" "object-server 22" 0.0008 "-" 21 0
Jan 29 07:50:26 standalone object-server[124219]: 172.20.0.100 - - [29/Jan/2026:07:50:26 +0000] "PUT /d1/119/AUTH_1c8ebafd86664ddfaf943c5d3d2b2d65/glance/e6aba7d1-dcd6-4fbb-9f2b-626def0e946a" 201 - "PUT http://localhost:8080/v1/AUTH_1c8ebafd86664ddfaf943c5d3d2b2d65/glance/e6aba7d1-dcd6-4fbb-9f2b-626def0e946a" "tx217f73a999a043c1b3df7-00697b1132" "proxy-server 21" 16.6181 "-" 22 0
Jan 29 07:50:26 standalone proxy-server[125980]: 172.18.0.2 ::1 29/Jan/2026/07/50/26 PUT /v1/AUTH_1c8ebafd86664ddfaf943c5d3d2b2d65/glance/e6aba7d1-dcd6-4fbb-9f2b-626def0e946a HTTP/1.0 201 - python-swiftclient-3.11.1 gAAAAABpexExuMZT... 1481900032 - - tx217f73a999a043c1b3df7-00697b1132 - 16.6339 - - 1769673010.270099163 1769673026.904025078 0
Jan 29 07:51:39 standalone account-server[123925]: 172.20.0.100 - - [29/Jan/2026:07:51:39 +0000] "HEAD /d1/353/.expiring_objects" 404 - "HEAD http://localhost/v1/.expiring_objects?format=json" "tx8ae6116444064a5183910-00697b118b" "proxy-server 2" 0.0021 "-" 23 -
Jan 29 07:51:39 standalone object-expirer[123978]: Pass completed in 0s; 0 objects expired (txn: tx8ae6116444064a5183910-00697b118b)
Jan 29 07:54:02 standalone account-server[123925]: 172.20.0.100 - - [29/Jan/2026:07:54:02 +0000] "HEAD /d1/353/.expiring_objects" 404 - "HEAD http://localhost/v1/.expiring_objects?format=json" "tx0026c14091e44401b86a4-00697b121a" "proxy-server 2" 0.0008 "-" 23 -
Jan 29 07:54:02 standalone object-expirer[123978]: Pass completed in 0s; 0 objects expired (txn: tx0026c14091e44401b86a4-00697b121a)
Jan 29 07:54:05 standalone account-server[123911]: 172.20.0.100 - - [29/Jan/2026:07:54:05 +0000] "HEAD /d1/353/.expiring_objects" 404 - "HEAD http://localhost/v1/.expiring_objects?format=json" "tx0d9ccfb1985843ce9f992-00697b121d" "proxy-server 2" 0.0010 "-" 22 -
Jan 29 07:54:05 standalone object-expirer[123978]: Pass completed in 0s; 0 objects expired (txn: tx0d9ccfb1985843ce9f992-00697b121d)
Jan 29 07:54:32 standalone container-server[123894]: Begin container update sweep
Jan 29 07:54:33 standalone account-server[123911]: 172.20.0.100 - - [29/Jan/2026:07:54:33 +0000] "PUT /d1/609/AUTH_1c8ebafd86664ddfaf943c5d3d2b2d65/glance" 201 - "-" "-" "container-updater 2" 0.0009 "-" 22 0
Jan 29 07:54:33 standalone container-server[123894]: Container update sweep completed: 0.10s
Jan 29 07:55:01 standalone account-server[123911]: 172.20.0.100 - - [29/Jan/2026:07:55:01 +0000] "HEAD /d1/609/AUTH_1c8ebafd86664ddfaf943c5d3d2b2d65" 204 - "HEAD http://localhost:8080/v1/AUTH_1c8ebafd86664ddfaf943c5d3d2b2d65?format=json" "tx64a13a1acae9403281f7a-00697b1255" "proxy-server 21" 0.0074 "-" 22 -
Jan 29 07:55:01 standalone proxy-server[125980]: - - 29/Jan/2026/07/55/01 HEAD /v1/AUTH_1c8ebafd86664ddfaf943c5d3d2b2d65%3Fformat%3Djson HTTP/1.0 204 - Swift - - - - tx64a13a1acae9403281f7a-00697b1255 - 0.0114 RL - 1769673301.306905031 1769673301.318333626 -
Jan 29 07:55:01 standalone container-server[123909]: 172.20.0.100 - - [29/Jan/2026:07:55:01 +0000] "HEAD /d1/964/AUTH_1c8ebafd86664ddfaf943c5d3d2b2d65/glance" 204 - "HEAD http://localhost:8080/v1/AUTH_1c8ebafd86664ddfaf943c5d3d2b2d65/glance?format=json&states=listing" "tx64a13a1acae9403281f7a-00697b1255" "proxy-server 21" 0.0021 "-" 23 0
Jan 29 07:55:01 standalone proxy-server[125980]: 172.18.0.2 ::1 29/Jan/2026/07/55/01 HEAD /v1/AUTH_1c8ebafd86664ddfaf943c5d3d2b2d65/glance%3Fformat%3Djson%26states%3Dlisting HTTP/1.0 204 - python-swiftclient-3.11.1 gAAAAABpexJVjV7I... - - - tx64a13a1acae9403281f7a-00697b1255 - 0.1446 - - 1769673301.306051493 1769673301.450661182 0
Jan 29 07:55:04 standalone container-server[123888]: 172.20.0.100 - - [29/Jan/2026:07:55:04 +0000] "PUT /d1/964/AUTH_1c8ebafd86664ddfaf943c5d3d2b2d65/glance/6760bc4d-d45a-4f71-89de-8a3fbac93484-00001" 201 - "PUT http://localhost:8080/d1/758/AUTH_1c8ebafd86664ddfaf943c5d3d2b2d65/glance/6760bc4d-d45a-4f71-89de-8a3fbac93484-00001" "tx9eae144128ef4d178342f-00697b1255" "object-server 24" 0.0008 "-" 21 0
Jan 29 07:55:04 standalone object-server[124222]: 172.20.0.100 - - [29/Jan/2026:07:55:04 +0000] "PUT /d1/758/AUTH_1c8ebafd86664ddfaf943c5d3d2b2d65/glance/6760bc4d-d45a-4f71-89de-8a3fbac93484-00001" 201 - "PUT http://localhost:8080/v1/AUTH_1c8ebafd86664ddfaf943c5d3d2b2d65/glance/6760bc4d-d45a-4f71-89de-8a3fbac93484-00001" "tx9eae144128ef4d178342f-00697b1255" "proxy-server 21" 3.1825 "-" 24 0
Jan 29 07:55:04 standalone proxy-server[125980]: 172.18.0.2 ::1 29/Jan/2026/07/55/04 PUT /v1/AUTH_1c8ebafd86664ddfaf943c5d3d2b2d65/glance/6760bc4d-d45a-4f71-89de-8a3fbac93484-00001 HTTP/1.0 201 - python-swiftclient-3.11.1 gAAAAABpexJVjV7I... 21692416 - - tx9eae144128ef4d178342f-00697b1255 - 3.1975 - - 1769673301.459379196 1769673304.656894207 0
Jan 29 07:55:04 standalone container-server[123888]: 172.20.0.100 - - [29/Jan/2026:07:55:04 +0000] "PUT /d1/964/AUTH_1c8ebafd86664ddfaf943c5d3d2b2d65/glance/6760bc4d-d45a-4f71-89de-8a3fbac93484" 201 - "PUT http://localhost:8080/d1/18/AUTH_1c8ebafd86664ddfaf943c5d3d2b2d65/glance/6760bc4d-d45a-4f71-89de-8a3fbac93484" "tx938ce47edff94a2bad0c6-00697b1258" "object-server 22" 0.0005 "-" 21 0
Jan 29 07:55:04 standalone object-server[124219]: 172.20.0.100 - - [29/Jan/2026:07:55:04 +0000] "PUT /d1/18/AUTH_1c8ebafd86664ddfaf943c5d3d2b2d65/glance/6760bc4d-d45a-4f71-89de-8a3fbac93484" 201 - "PUT http://localhost:8080/v1/AUTH_1c8ebafd86664ddfaf943c5d3d2b2d65/glance/6760bc4d-d45a-4f71-89de-8a3fbac93484" "tx938ce47edff94a2bad0c6-00697b1258" "proxy-server 21" 0.0184 "-" 22 0
Jan 29 07:55:04 standalone proxy-server[125980]: 172.18.0.2 ::1 29/Jan/2026/07/55/04 PUT /v1/AUTH_1c8ebafd86664ddfaf943c5d3d2b2d65/glance/6760bc4d-d45a-4f71-89de-8a3fbac93484 HTTP/1.0 201 - python-swiftclient-3.11.1 gAAAAABpexJVjV7I... - - - tx938ce47edff94a2bad0c6-00697b1258 - 0.0244 - - 1769673304.663057327 1769673304.687444925 0
Jan 29 07:55:05 standalone container-server[123909]: 172.20.0.100 - - [29/Jan/2026:07:55:05 +0000] "HEAD /d1/335/AUTH_1c8ebafd86664ddfaf943c5d3d2b2d65/gnocchi.ab6c606b-6417-4717-95ff-3c5bf27c18dd" 404 - "HEAD http://localhost:8080/v1/AUTH_1c8ebafd86664ddfaf943c5d3d2b2d65/gnocchi.ab6c606b-6417-4717-95ff-3c5bf27c18dd?format=json&states=listing" "txb0c34205e1fe46558c4c8-00697b1259" "proxy-server 21" 0.0006 "-" 23 0
Jan 29 07:55:05 standalone object-server[124222]: 172.20.0.100 - - [29/Jan/2026:07:55:05 +0000] "GET /d1/842/AUTH_1c8ebafd86664ddfaf943c5d3d2b2d65/gnocchi.ab6c606b-6417-4717-95ff-3c5bf27c18dd/none_v3" 404 70 "GET http://localhost:8080/v1/AUTH_1c8ebafd86664ddfaf943c5d3d2b2d65/gnocchi.ab6c606b-6417-4717-95ff-3c5bf27c18dd/none_v3" "txb0c34205e1fe46558c4c8-00697b1259" "proxy-server 21" 0.0008 "-" 24 0
Jan 29 07:55:05 standalone proxy-server[125980]: 172.18.0.2 ::1 29/Jan/2026/07/55/05 GET /v1/AUTH_1c8ebafd86664ddfaf943c5d3d2b2d65/gnocchi.ab6c606b-6417-4717-95ff-3c5bf27c18dd/none_v3 HTTP/1.0 404 - python-swiftclient-3.11.1 gAAAAABpexJZJyaj... - 70 - txb0c34205e1fe46558c4c8-00697b1259 - 0.0447 - - 1769673305.418084621 1769673305.462796211 0
Jan 29 07:55:05 standalone account-server[123925]: 172.20.0.100 - - [29/Jan/2026:07:55:05 +0000] "PUT /d1/609/AUTH_1c8ebafd86664ddfaf943c5d3d2b2d65/gnocchi.ab6c606b-6417-4717-95ff-3c5bf27c18dd" 201 - "PUT http://172.20.0.100:6001/d1/335/AUTH_1c8ebafd86664ddfaf943c5d3d2b2d65/gnocchi.ab6c606b-6417-4717-95ff-3c5bf27c18dd" "txa0c4c06c74364d898a305-00697b1259" "container-server 23" 0.0037 "-" 23 0
Jan 29 07:55:05 standalone container-server[123909]: 172.20.0.100 - - [29/Jan/2026:07:55:05 +0000] "PUT /d1/335/AUTH_1c8ebafd86664ddfaf943c5d3d2b2d65/gnocchi.ab6c606b-6417-4717-95ff-3c5bf27c18dd" 201 - "PUT http://localhost:8080/v1/AUTH_1c8ebafd86664ddfaf943c5d3d2b2d65/gnocchi.ab6c606b-6417-4717-95ff-3c5bf27c18dd" "txa0c4c06c74364d898a305-00697b1259" "proxy-server 21" 0.0138 "-" 23 0
Jan 29 07:55:05 standalone proxy-server[125980]: 172.18.0.2 ::1 29/Jan/2026/07/55/05 PUT /v1/AUTH_1c8ebafd86664ddfaf943c5d3d2b2d65/gnocchi.ab6c606b-6417-4717-95ff-3c5bf27c18dd HTTP/1.0 201 - python-swiftclient-3.11.1 gAAAAABpexJZJyaj... - - - txa0c4c06c74364d898a305-00697b1259 - 0.0184 - - 1769673305.466218233 1769673305.484631300 0
Jan 29 07:55:05 standalone container-server[123909]: 172.20.0.100 - - [29/Jan/2026:07:55:05 +0000] "HEAD /d1/335/AUTH_1c8ebafd86664ddfaf943c5d3d2b2d65/gnocchi.ab6c606b-6417-4717-95ff-3c5bf27c18dd" 204 - "HEAD http://localhost:8080/v1/AUTH_1c8ebafd86664ddfaf943c5d3d2b2d65/gnocchi.ab6c606b-6417-4717-95ff-3c5bf27c18dd?format=json&states=listing" "tx1a6c51a8e3c943209bdf7-00697b1259" "proxy-server 21" 0.0013 "-" 23 0
Jan 29 07:55:05 standalone proxy-server[125980]: - - 29/Jan/2026/07/55/05 HEAD /v1/AUTH_1c8ebafd86664ddfaf943c5d3d2b2d65/gnocchi.ab6c606b-6417-4717-95ff-3c5bf27c18dd%3Fformat%3Djson%26states%3Dlisting HTTP/1.0 204 - Swift - - - - tx1a6c51a8e3c943209bdf7-00697b1259 - 0.0048 RL - 1769673305.492298603 1769673305.497080326 0
Jan 29 07:55:05 standalone container-server[123888]: 172.20.0.100 - - [29/Jan/2026:07:55:05 +0000] "GET /d1/335/AUTH_1c8ebafd86664ddfaf943c5d3d2b2d65/gnocchi.ab6c606b-6417-4717-95ff-3c5bf27c18dd" 200 2 "GET http://localhost:8080/v1/AUTH_1c8ebafd86664ddfaf943c5d3d2b2d65/gnocchi.ab6c606b-6417-4717-95ff-3c5bf27c18dd?format=json&states=listing" "tx1a6c51a8e3c943209bdf7-00697b1259" "proxy-server 21" 0.0020 "-" 21 0
Jan 29 07:55:05 standalone proxy-server[125980]: 172.18.0.2 ::1 29/Jan/2026/07/55/05 GET /v1/AUTH_1c8ebafd86664ddfaf943c5d3d2b2d65/gnocchi.ab6c606b-6417-4717-95ff-3c5bf27c18dd%3Fformat%3Djson%26states%3Dlisting HTTP/1.0 200 - python-swiftclient-3.11.1 gAAAAABpexJZJyaj... - 2 - tx1a6c51a8e3c943209bdf7-00697b1259 - 0.0157 - - 1769673305.488973856 1769673305.504629135 0
Jan 29 07:55:05 standalone object-server[124219]: 172.20.0.100 - - [29/Jan/2026:07:55:05 +0000] "GET /d1/119/AUTH_1c8ebafd86664ddfaf943c5d3d2b2d65/gnocchi.ab6c606b-6417-4717-95ff-3c5bf27c18dd/1769040000.0_mean_300.0_v3" 404 70 "GET http://localhost:8080/v1/AUTH_1c8ebafd86664ddfaf943c5d3d2b2d65/gnocchi.ab6c606b-6417-4717-95ff-3c5bf27c18dd/1769040000.0_mean_300.0_v3" "txb854d5020a1d4b638e4d6-00697b1259" "proxy-server 21" 0.0007 "-" 22 0
Jan 29 07:55:05 standalone proxy-server[125980]: 172.18.0.2 ::1 29/Jan/2026/07/55/05 GET /v1/AUTH_1c8ebafd86664ddfaf943c5d3d2b2d65/gnocchi.ab6c606b-6417-4717-95ff-3c5bf27c18dd/1769040000.0_mean_300.0_v3 HTTP/1.0 404 - python-swiftclient-3.11.1 gAAAAABpexJZJyaj... - 70 - txb854d5020a1d4b638e4d6-00697b1259 - 0.0066 - - 1769673305.508425951 1769673305.514976501 0
Jan 29 07:55:05 standalone container-server[123880]: 172.20.0.100 - - [29/Jan/2026:07:55:05 +0000] "PUT /d1/335/AUTH_1c8ebafd86664ddfaf943c5d3d2b2d65/gnocchi.ab6c606b-6417-4717-95ff-3c5bf27c18dd/1769040000.0_mean_300.0_v3" 201 - "PUT http://localhost:8080/d1/119/AUTH_1c8ebafd86664ddfaf943c5d3d2b2d65/gnocchi.ab6c606b-6417-4717-95ff-3c5bf27c18dd/1769040000.0_mean_300.0_v3" "txf41cff25ef8a4497a3aaa-00697b1259" "object-server 22" 0.0010 "-" 20 0
Jan 29 07:55:05 standalone object-server[124219]: 172.20.0.100 - - [29/Jan/2026:07:55:05 +0000] "PUT /d1/119/AUTH_1c8ebafd86664ddfaf943c5d3d2b2d65/gnocchi.ab6c606b-6417-4717-95ff-3c5bf27c18dd/1769040000.0_mean_300.0_v3" 201 - "PUT http://localhost:8080/v1/AUTH_1c8ebafd86664ddfaf943c5d3d2b2d65/gnocchi.ab6c606b-6417-4717-95ff-3c5bf27c18dd/1769040000.0_mean_300.0_v3" "txf41cff25ef8a4497a3aaa-00697b1259" "proxy-server 21" 0.0118 "-" 22 0
Jan 29 07:55:05 standalone proxy-server[125980]: 172.18.0.2 ::1 29/Jan/2026/07/55/05 PUT /v1/AUTH_1c8ebafd86664ddfaf943c5d3d2b2d65/gnocchi.ab6c606b-6417-4717-95ff-3c5bf27c18dd/1769040000.0_mean_300.0_v3 HTTP/1.0 201 - python-swiftclient-3.11.1 gAAAAABpexJZJyaj... 16 - - txf41cff25ef8a4497a3aaa-00697b1259 - 0.0169 - - 1769673305.517943144 1769673305.534877539 0
Jan 29 07:55:05 standalone container-server[123899]: 172.20.0.100 - - [29/Jan/2026:07:55:05 +0000] "PUT /d1/335/AUTH_1c8ebafd86664ddfaf943c5d3d2b2d65/gnocchi.ab6c606b-6417-4717-95ff-3c5bf27c18dd/none_v3" 201 - "PUT http://localhost:8080/d1/842/AUTH_1c8ebafd86664ddfaf943c5d3d2b2d65/gnocchi.ab6c606b-6417-4717-95ff-3c5bf27c18dd/none_v3" "tx1980f17a1e2e4d14aabd3-00697b1259" "object-server 25" 0.0009 "-" 22 0
Jan 29 07:55:05 standalone object-server[124223]: 172.20.0.100 - - [29/Jan/2026:07:55:05 +0000] "PUT /d1/842/AUTH_1c8ebafd86664ddfaf943c5d3d2b2d65/gnocchi.ab6c606b-6417-4717-95ff-3c5bf27c18dd/none_v3" 201 - "PUT http://localhost:8080/v1/AUTH_1c8ebafd86664ddfaf943c5d3d2b2d65/gnocchi.ab6c606b-6417-4717-95ff-3c5bf27c18dd/none_v3" "tx1980f17a1e2e4d14aabd3-00697b1259" "proxy-server 21" 0.0329 "-" 25 0
Jan 29 07:55:05 standalone proxy-server[125980]: 172.18.0.2 ::1 29/Jan/2026/07/55/05 PUT /v1/AUTH_1c8ebafd86664ddfaf943c5d3d2b2d65/gnocchi.ab6c606b-6417-4717-95ff-3c5bf27c18dd/none_v3 HTTP/1.0 201 - python-swiftclient-3.11.1 gAAAAABpexJZJyaj... 22 - - tx1980f17a1e2e4d14aabd3-00697b1259 - 0.0391 - - 1769673305.538119316 1769673305.577268839 0
Jan 29 07:55:16 standalone object-server[124078]: Begin object update sweep
Jan 29 07:55:16 standalone object-server[208223]: Object update sweep starting on /srv/node/d1 (pid: 14)
Jan 29 07:55:16 standalone object-server[208223]: Object update sweep completed on /srv/node/d1 in 0.00s seconds:, 0 successes, 0 failures, 0 quarantines, 0 unlinks, 0 errors, 0 redirects (pid: 14)
Jan 29 07:55:16 standalone object-server[208223]: Object update sweep of d1 completed: 0.00s, 0 successes, 0 failures, 0 quarantines, 0 unlinks, 0 errors, 0 redirects
Jan 29 07:55:16 standalone object-server[124078]: Object update sweep completed: 0.05s
Jan 29 07:55:35 standalone object-server[124223]: 172.20.0.100 - - [29/Jan/2026:07:55:35 +0000] "GET /d1/842/AUTH_1c8ebafd86664ddfaf943c5d3d2b2d65/gnocchi.ab6c606b-6417-4717-95ff-3c5bf27c18dd/none_v3" 200 22 "GET http://localhost:8080/v1/AUTH_1c8ebafd86664ddfaf943c5d3d2b2d65/gnocchi.ab6c606b-6417-4717-95ff-3c5bf27c18dd/none_v3" "txc4e3a58a31ae434395ebf-00697b1277" "proxy-server 21" 0.0012 "-" 25 0
Jan 29 07:55:35 standalone proxy-server[125980]: 172.18.0.2 ::1 29/Jan/2026/07/55/35 GET /v1/AUTH_1c8ebafd86664ddfaf943c5d3d2b2d65/gnocchi.ab6c606b-6417-4717-95ff-3c5bf27c18dd/none_v3 HTTP/1.0 200 - python-swiftclient-3.11.1 gAAAAABpexJZJyaj... - 22 - txc4e3a58a31ae434395ebf-00697b1277 - 0.0077 - - 1769673335.160478354 1769673335.168217182 0
Jan 29 07:55:35 standalone container-server[123909]: 172.20.0.100 - - [29/Jan/2026:07:55:35 +0000] "GET /d1/335/AUTH_1c8ebafd86664ddfaf943c5d3d2b2d65/gnocchi.ab6c606b-6417-4717-95ff-3c5bf27c18dd" 200 357 "GET http://localhost:8080/v1/AUTH_1c8ebafd86664ddfaf943c5d3d2b2d65/gnocchi.ab6c606b-6417-4717-95ff-3c5bf27c18dd?format=json&states=listing" "tx690e7510402645c18bb46-00697b1277" "proxy-server 21" 0.0155 "-" 23 0
Jan 29 07:55:35 standalone proxy-server[125980]: 172.18.0.2 ::1 29/Jan/2026/07/55/35 GET /v1/AUTH_1c8ebafd86664ddfaf943c5d3d2b2d65/gnocchi.ab6c606b-6417-4717-95ff-3c5bf27c18dd%3Fformat%3Djson%26states%3Dlisting HTTP/1.0 200 - python-swiftclient-3.11.1 gAAAAABpexJZJyaj... - 357 - tx690e7510402645c18bb46-00697b1277 - 0.0224 - - 1769673335.172504425 1769673335.194891691 0
Jan 29 07:55:35 standalone container-server[123880]: 172.20.0.100 - - [29/Jan/2026:07:55:35 +0000] "GET /d1/335/AUTH_1c8ebafd86664ddfaf943c5d3d2b2d65/gnocchi.ab6c606b-6417-4717-95ff-3c5bf27c18dd" 200 2 "GET http://localhost:8080/v1/AUTH_1c8ebafd86664ddfaf943c5d3d2b2d65/gnocchi.ab6c606b-6417-4717-95ff-3c5bf27c18dd?format=json&marker=none_v3&states=listing" "tx0f59a8899bae4e139b01b-00697b1277" "proxy-server 21" 0.0143 "-" 20 0
Jan 29 07:55:35 standalone proxy-server[125980]: 172.18.0.2 ::1 29/Jan/2026/07/55/35 GET /v1/AUTH_1c8ebafd86664ddfaf943c5d3d2b2d65/gnocchi.ab6c606b-6417-4717-95ff-3c5bf27c18dd%3Fformat%3Djson%26marker%3Dnone_v3%26states%3Dlisting HTTP/1.0 200 - python-swiftclient-3.11.1 gAAAAABpexJZJyaj... - 2 - tx0f59a8899bae4e139b01b-00697b1277 - 0.0190 - - 1769673335.197062254 1769673335.216059685 0
Jan 29 07:55:35 standalone object-server[124219]: 172.20.0.100 - - [29/Jan/2026:07:55:35 +0000] "GET /d1/119/AUTH_1c8ebafd86664ddfaf943c5d3d2b2d65/gnocchi.ab6c606b-6417-4717-95ff-3c5bf27c18dd/1769040000.0_mean_300.0_v3" 200 16 "GET http://localhost:8080/v1/AUTH_1c8ebafd86664ddfaf943c5d3d2b2d65/gnocchi.ab6c606b-6417-4717-95ff-3c5bf27c18dd/1769040000.0_mean_300.0_v3" "tx49bbeee9386e40ffabb29-00697b1277" "proxy-server 21" 0.0014 "-" 22 0
Jan 29 07:55:35 standalone proxy-server[125980]: 172.18.0.2 ::1 29/Jan/2026/07/55/35 GET /v1/AUTH_1c8ebafd86664ddfaf943c5d3d2b2d65/gnocchi.ab6c606b-6417-4717-95ff-3c5bf27c18dd/1769040000.0_mean_300.0_v3 HTTP/1.0 200 - python-swiftclient-3.11.1 gAAAAABpexJZJyaj... - 16 - tx49bbeee9386e40ffabb29-00697b1277 - 0.0071 - - 1769673335.218773365 1769673335.225900650 0
Jan 29 07:55:35 standalone container-server[123880]: 172.20.0.100 - - [29/Jan/2026:07:55:35 +0000] "PUT /d1/335/AUTH_1c8ebafd86664ddfaf943c5d3d2b2d65/gnocchi.ab6c606b-6417-4717-95ff-3c5bf27c18dd/1769040000.0_mean_300.0_v3" 201 - "PUT http://localhost:8080/d1/119/AUTH_1c8ebafd86664ddfaf943c5d3d2b2d65/gnocchi.ab6c606b-6417-4717-95ff-3c5bf27c18dd/1769040000.0_mean_300.0_v3" "tx044f595c526040ba9f53f-00697b1277" "object-server 22" 0.0007 "-" 20 0
Jan 29 07:55:35 standalone object-server[124219]: 172.20.0.100 - - [29/Jan/2026:07:55:35 +0000] "PUT /d1/119/AUTH_1c8ebafd86664ddfaf943c5d3d2b2d65/gnocchi.ab6c606b-6417-4717-95ff-3c5bf27c18dd/1769040000.0_mean_300.0_v3" 201 - "PUT http://localhost:8080/v1/AUTH_1c8ebafd86664ddfaf943c5d3d2b2d65/gnocchi.ab6c606b-6417-4717-95ff-3c5bf27c18dd/1769040000.0_mean_300.0_v3" "tx044f595c526040ba9f53f-00697b1277" "proxy-server 21" 0.0109 "-" 22 0
Jan 29 07:55:35 standalone proxy-server[125980]: 172.18.0.2 ::1 29/Jan/2026/07/55/35 PUT /v1/AUTH_1c8ebafd86664ddfaf943c5d3d2b2d65/gnocchi.ab6c606b-6417-4717-95ff-3c5bf27c18dd/1769040000.0_mean_300.0_v3 HTTP/1.0 201 - python-swiftclient-3.11.1 gAAAAABpexJZJyaj... 16 - - tx044f595c526040ba9f53f-00697b1277 - 0.0161 - - 1769673335.228097200 1769673335.244246006 0
Jan 29 07:55:35 standalone container-server[123888]: 172.20.0.100 - - [29/Jan/2026:07:55:35 +0000] "PUT /d1/335/AUTH_1c8ebafd86664ddfaf943c5d3d2b2d65/gnocchi.ab6c606b-6417-4717-95ff-3c5bf27c18dd/none_v3" 201 - "PUT http://localhost:8080/d1/842/AUTH_1c8ebafd86664ddfaf943c5d3d2b2d65/gnocchi.ab6c606b-6417-4717-95ff-3c5bf27c18dd/none_v3" "tx3455874190914e9f8804c-00697b1277" "object-server 23" 0.0010 "-" 21 0
Jan 29 07:55:35 standalone object-server[124221]: 172.20.0.100 - - [29/Jan/2026:07:55:35 +0000] "PUT /d1/842/AUTH_1c8ebafd86664ddfaf943c5d3d2b2d65/gnocchi.ab6c606b-6417-4717-95ff-3c5bf27c18dd/none_v3" 201 - "PUT http://localhost:8080/v1/AUTH_1c8ebafd86664ddfaf943c5d3d2b2d65/gnocchi.ab6c606b-6417-4717-95ff-3c5bf27c18dd/none_v3" "tx3455874190914e9f8804c-00697b1277" "proxy-server 21" 0.0268 "-" 23 0
Jan 29 07:55:35 standalone proxy-server[125980]: 172.18.0.2 ::1 29/Jan/2026/07/55/35 PUT /v1/AUTH_1c8ebafd86664ddfaf943c5d3d2b2d65/gnocchi.ab6c606b-6417-4717-95ff-3c5bf27c18dd/none_v3 HTTP/1.0 201 - python-swiftclient-3.11.1 gAAAAABpexJZJyaj... 32 - - tx3455874190914e9f8804c-00697b1277 - 0.0311 - - 1769673335.247600079 1769673335.278670073 0
Jan 29 07:56:09 standalone account-server[123885]: 172.20.0.100 - - [29/Jan/2026:07:56:09 +0000] "HEAD /d1/609/AUTH_1c8ebafd86664ddfaf943c5d3d2b2d65" 204 - "HEAD http://localhost:8080/v1/AUTH_1c8ebafd86664ddfaf943c5d3d2b2d65?format=json" "tx6f35946b2ace426e99e3f-00697b1299" "proxy-server 21" 0.0072 "-" 21 -
Jan 29 07:56:09 standalone proxy-server[125980]: - - 29/Jan/2026/07/56/09 HEAD /v1/AUTH_1c8ebafd86664ddfaf943c5d3d2b2d65%3Fformat%3Djson HTTP/1.0 204 - Swift - - - - tx6f35946b2ace426e99e3f-00697b1299 - 0.0122 RL - 1769673369.712129354 1769673369.724330902 -
Jan 29 07:56:09 standalone container-server[123909]: 172.20.0.100 - - [29/Jan/2026:07:56:09 +0000] "HEAD /d1/964/AUTH_1c8ebafd86664ddfaf943c5d3d2b2d65/glance" 204 - "HEAD http://localhost:8080/v1/AUTH_1c8ebafd86664ddfaf943c5d3d2b2d65/glance?format=json&states=listing" "tx6f35946b2ace426e99e3f-00697b1299" "proxy-server 21" 0.0075 "-" 23 0
Jan 29 07:56:09 standalone object-server[124223]: 172.20.0.100 - - [29/Jan/2026:07:56:09 +0000] "GET /d1/18/AUTH_1c8ebafd86664ddfaf943c5d3d2b2d65/glance/6760bc4d-d45a-4f71-89de-8a3fbac93484" 200 - "GET http://localhost:8080/v1/AUTH_1c8ebafd86664ddfaf943c5d3d2b2d65/glance/6760bc4d-d45a-4f71-89de-8a3fbac93484" "tx6f35946b2ace426e99e3f-00697b1299" "proxy-server 21" 0.0015 "-" 25 0
Jan 29 07:56:09 standalone container-server[123909]: 172.20.0.100 - - [29/Jan/2026:07:56:09 +0000] "GET /d1/964/AUTH_1c8ebafd86664ddfaf943c5d3d2b2d65/glance" 200 210 "GET http://localhost:8080/v1/AUTH_1c8ebafd86664ddfaf943c5d3d2b2d65/glance?prefix=6760bc4d-d45a-4f71-89de-8a3fbac93484-&format=json&states=listing" "tx6f35946b2ace426e99e3f-00697b1299" "proxy-server 21" 0.0037 "-" 23 0
Jan 29 07:56:09 standalone proxy-server[125980]: - - 29/Jan/2026/07/56/09 GET /v1/AUTH_1c8ebafd86664ddfaf943c5d3d2b2d65/glance%3Fprefix%3D6760bc4d-d45a-4f71-89de-8a3fbac93484-%26format%3Djson%26states%3Dlisting HTTP/1.0 200 - python-swiftclient-3.11.1%20DLO%20MultipartGET gAAAAABpexKZ8wKj... - 210 - tx6f35946b2ace426e99e3f-00697b1299 - 0.0085 DLO - 1769673369.843826532 1769673369.852338314 0
Jan 29 07:56:09 standalone object-server[124219]: 172.20.0.100 - - [29/Jan/2026:07:56:09 +0000] "GET /d1/758/AUTH_1c8ebafd86664ddfaf943c5d3d2b2d65/glance/6760bc4d-d45a-4f71-89de-8a3fbac93484-00001" 200 21692416 "GET http://localhost:8080/v1/AUTH_1c8ebafd86664ddfaf943c5d3d2b2d65/glance/6760bc4d-d45a-4f71-89de-8a3fbac93484-00001?multipart-manifest=get" "tx6f35946b2ace426e99e3f-00697b1299" "proxy-server 21" 0.0011 "-" 22 0
Jan 29 07:56:09 standalone proxy-server[125980]: - - 29/Jan/2026/07/56/09 GET /v1/AUTH_1c8ebafd86664ddfaf943c5d3d2b2d65/glance/6760bc4d-d45a-4f71-89de-8a3fbac93484-00001%3Fmultipart-manifest%3Dget HTTP/1.0 200 - python-swiftclient-3.11.1%20%20DLO%20MultipartGET gAAAAABpexKZ8wKj... - 21692416 - tx6f35946b2ace426e99e3f-00697b1299 - 0.1166 DLO - 1769673369.853142738 1769673369.969757080 0
Jan 29 07:56:09 standalone proxy-server[125980]: 172.18.0.2 ::1 29/Jan/2026/07/56/09 GET /v1/AUTH_1c8ebafd86664ddfaf943c5d3d2b2d65/glance/6760bc4d-d45a-4f71-89de-8a3fbac93484 HTTP/1.0 200 - python-swiftclient-3.11.1 gAAAAABpexKZ8wKj... - 21692416 - tx6f35946b2ace426e99e3f-00697b1299 - 0.2593 - - 1769673369.711001873 1769673369.970295906 0
Jan 29 07:56:10 standalone container-server[123899]: 172.20.0.100 - - [29/Jan/2026:07:56:10 +0000] "HEAD /d1/515/AUTH_1c8ebafd86664ddfaf943c5d3d2b2d65/gnocchi.e84d8fc2-c3cb-4bd4-b154-af47a768fad2" 404 - "HEAD http://localhost:8080/v1/AUTH_1c8ebafd86664ddfaf943c5d3d2b2d65/gnocchi.e84d8fc2-c3cb-4bd4-b154-af47a768fad2?format=json&states=listing" "tx33fe307269344ba4a2c4d-00697b129a" "proxy-server 21" 0.0015 "-" 22 0
Jan 29 07:56:10 standalone object-server[124223]: 172.20.0.100 - - [29/Jan/2026:07:56:10 +0000] "GET /d1/859/AUTH_1c8ebafd86664ddfaf943c5d3d2b2d65/gnocchi.e84d8fc2-c3cb-4bd4-b154-af47a768fad2/none_v3" 404 70 "GET http://localhost:8080/v1/AUTH_1c8ebafd86664ddfaf943c5d3d2b2d65/gnocchi.e84d8fc2-c3cb-4bd4-b154-af47a768fad2/none_v3" "tx33fe307269344ba4a2c4d-00697b129a" "proxy-server 21" 0.0006 "-" 25 0
Jan 29 07:56:10 standalone proxy-server[125980]: 172.18.0.2 ::1 29/Jan/2026/07/56/10 GET /v1/AUTH_1c8ebafd86664ddfaf943c5d3d2b2d65/gnocchi.e84d8fc2-c3cb-4bd4-b154-af47a768fad2/none_v3 HTTP/1.0 404 - python-swiftclient-3.11.1 gAAAAABpexJZJyaj... - 70 - tx33fe307269344ba4a2c4d-00697b129a - 0.0116 - - 1769673370.290057898 1769673370.301687717 0
Jan 29 07:56:10 standalone account-server[123885]: 172.20.0.100 - - [29/Jan/2026:07:56:10 +0000] "PUT /d1/609/AUTH_1c8ebafd86664ddfaf943c5d3d2b2d65/gnocchi.e84d8fc2-c3cb-4bd4-b154-af47a768fad2" 201 - "PUT http://172.20.0.100:6001/d1/515/AUTH_1c8ebafd86664ddfaf943c5d3d2b2d65/gnocchi.e84d8fc2-c3cb-4bd4-b154-af47a768fad2" "txa0585839413d4688b3994-00697b129a" "container-server 22" 0.0011 "-" 21 0
Jan 29 07:56:10 standalone container-server[123899]: 172.20.0.100 - - [29/Jan/2026:07:56:10 +0000] "PUT /d1/515/AUTH_1c8ebafd86664ddfaf943c5d3d2b2d65/gnocchi.e84d8fc2-c3cb-4bd4-b154-af47a768fad2" 201 - "PUT http://localhost:8080/v1/AUTH_1c8ebafd86664ddfaf943c5d3d2b2d65/gnocchi.e84d8fc2-c3cb-4bd4-b154-af47a768fad2" "txa0585839413d4688b3994-00697b129a" "proxy-server 21" 0.0251 "-" 22 0
Jan 29 07:56:10 standalone proxy-server[125980]: 172.18.0.2 ::1 29/Jan/2026/07/56/10 PUT /v1/AUTH_1c8ebafd86664ddfaf943c5d3d2b2d65/gnocchi.e84d8fc2-c3cb-4bd4-b154-af47a768fad2 HTTP/1.0 201 - python-swiftclient-3.11.1 gAAAAABpexJZJyaj... - - - txa0585839413d4688b3994-00697b129a - 0.0295 - - 1769673370.305100918 1769673370.334604263 0
Jan 29 07:56:10 standalone container-server[123880]: 172.20.0.100 - - [29/Jan/2026:07:56:10 +0000] "HEAD /d1/515/AUTH_1c8ebafd86664ddfaf943c5d3d2b2d65/gnocchi.e84d8fc2-c3cb-4bd4-b154-af47a768fad2" 204 - "HEAD http://localhost:8080/v1/AUTH_1c8ebafd86664ddfaf943c5d3d2b2d65/gnocchi.e84d8fc2-c3cb-4bd4-b154-af47a768fad2?format=json&states=listing" "tx191c490ba9a24682bd431-00697b129a" "proxy-server 21" 0.0023 "-" 20 0
Jan 29 07:56:10 standalone proxy-server[125980]: - - 29/Jan/2026/07/56/10 HEAD /v1/AUTH_1c8ebafd86664ddfaf943c5d3d2b2d65/gnocchi.e84d8fc2-c3cb-4bd4-b154-af47a768fad2%3Fformat%3Djson%26states%3Dlisting HTTP/1.0 204 - Swift - - - - tx191c490ba9a24682bd431-00697b129a - 0.0058 RL - 1769673370.339734316 1769673370.345558643 0
Jan 29 07:56:10 standalone container-server[123909]: 172.20.0.100 - - [29/Jan/2026:07:56:10 +0000] "GET /d1/515/AUTH_1c8ebafd86664ddfaf943c5d3d2b2d65/gnocchi.e84d8fc2-c3cb-4bd4-b154-af47a768fad2" 200 2 "GET http://localhost:8080/v1/AUTH_1c8ebafd86664ddfaf943c5d3d2b2d65/gnocchi.e84d8fc2-c3cb-4bd4-b154-af47a768fad2?format=json&states=listing" "tx191c490ba9a24682bd431-00697b129a" "proxy-server 21" 0.0022 "-" 23 0
Jan 29 07:56:10 standalone proxy-server[125980]: 172.18.0.2 ::1 29/Jan/2026/07/56/10 GET /v1/AUTH_1c8ebafd86664ddfaf943c5d3d2b2d65/gnocchi.e84d8fc2-c3cb-4bd4-b154-af47a768fad2%3Fformat%3Djson%26states%3Dlisting HTTP/1.0 200 - python-swiftclient-3.11.1 gAAAAABpexJZJyaj... - 2 - tx191c490ba9a24682bd431-00697b129a - 0.0138 - - 1769673370.338823080 1769673370.352588654 0
Jan 29 07:56:10 standalone object-server[124223]: 172.20.0.100 - - [29/Jan/2026:07:56:10 +0000] "GET /d1/246/AUTH_1c8ebafd86664ddfaf943c5d3d2b2d65/gnocchi.e84d8fc2-c3cb-4bd4-b154-af47a768fad2/1769040000.0_mean_300.0_v3" 404 70 "GET http://localhost:8080/v1/AUTH_1c8ebafd86664ddfaf943c5d3d2b2d65/gnocchi.e84d8fc2-c3cb-4bd4-b154-af47a768fad2/1769040000.0_mean_300.0_v3" "txcb5fe0e601e64b47a7c69-00697b129a" "proxy-server 21" 0.0005 "-" 25 0
Jan 29 07:56:10 standalone proxy-server[125980]: 172.18.0.2 ::1 29/Jan/2026/07/56/10 GET /v1/AUTH_1c8ebafd86664ddfaf943c5d3d2b2d65/gnocchi.e84d8fc2-c3cb-4bd4-b154-af47a768fad2/1769040000.0_mean_300.0_v3 HTTP/1.0 404 - python-swiftclient-3.11.1 gAAAAABpexJZJyaj... - 70 - txcb5fe0e601e64b47a7c69-00697b129a - 0.0051 - - 1769673370.356604338 1769673370.361666203 0
Jan 29 07:56:10 standalone container-server[123909]: 172.20.0.100 - - [29/Jan/2026:07:56:10 +0000] "PUT /d1/515/AUTH_1c8ebafd86664ddfaf943c5d3d2b2d65/gnocchi.e84d8fc2-c3cb-4bd4-b154-af47a768fad2/1769040000.0_mean_300.0_v3" 201 - "PUT http://localhost:8080/d1/246/AUTH_1c8ebafd86664ddfaf943c5d3d2b2d65/gnocchi.e84d8fc2-c3cb-4bd4-b154-af47a768fad2/1769040000.0_mean_300.0_v3" "tx6fea2eadf3f7422ab008a-00697b129a" "object-server 23" 0.0006 "-" 23 0
Jan 29 07:56:10 standalone object-server[124221]: 172.20.0.100 - - [29/Jan/2026:07:56:10 +0000] "PUT /d1/246/AUTH_1c8ebafd86664ddfaf943c5d3d2b2d65/gnocchi.e84d8fc2-c3cb-4bd4-b154-af47a768fad2/1769040000.0_mean_300.0_v3" 201 - "PUT http://localhost:8080/v1/AUTH_1c8ebafd86664ddfaf943c5d3d2b2d65/gnocchi.e84d8fc2-c3cb-4bd4-b154-af47a768fad2/1769040000.0_mean_300.0_v3" "tx6fea2eadf3f7422ab008a-00697b129a" "proxy-server 21" 0.0195 "-" 23 0
Jan 29 07:56:10 standalone proxy-server[125980]: 172.18.0.2 ::1 29/Jan/2026/07/56/10 PUT /v1/AUTH_1c8ebafd86664ddfaf943c5d3d2b2d65/gnocchi.e84d8fc2-c3cb-4bd4-b154-af47a768fad2/1769040000.0_mean_300.0_v3 HTTP/1.0 201 - python-swiftclient-3.11.1 gAAAAABpexJZJyaj... 16 - - tx6fea2eadf3f7422ab008a-00697b129a - 0.0250 - - 1769673370.364711761 1769673370.389695168 0
Jan 29 07:56:10 standalone container-server[123899]: 172.20.0.100 - - [29/Jan/2026:07:56:10 +0000] "PUT /d1/515/AUTH_1c8ebafd86664ddfaf943c5d3d2b2d65/gnocchi.e84d8fc2-c3cb-4bd4-b154-af47a768fad2/none_v3" 201 - "PUT http://localhost:8080/d1/859/AUTH_1c8ebafd86664ddfaf943c5d3d2b2d65/gnocchi.e84d8fc2-c3cb-4bd4-b154-af47a768fad2/none_v3" "tx79a6f6e883074560b9450-00697b129a" "object-server 22" 0.0008 "-" 22 0
Jan 29 07:56:10 standalone object-server[124219]: 172.20.0.100 - - [29/Jan/2026:07:56:10 +0000] "PUT /d1/859/AUTH_1c8ebafd86664ddfaf943c5d3d2b2d65/gnocchi.e84d8fc2-c3cb-4bd4-b154-af47a768fad2/none_v3" 201 - "PUT http://localhost:8080/v1/AUTH_1c8ebafd86664ddfaf943c5d3d2b2d65/gnocchi.e84d8fc2-c3cb-4bd4-b154-af47a768fad2/none_v3" "tx79a6f6e883074560b9450-00697b129a" "proxy-server 21" 0.0188 "-" 22 0
Jan 29 07:56:10 standalone proxy-server[125980]: 172.18.0.2 ::1 29/Jan/2026/07/56/10 PUT /v1/AUTH_1c8ebafd86664ddfaf943c5d3d2b2d65/gnocchi.e84d8fc2-c3cb-4bd4-b154-af47a768fad2/none_v3 HTTP/1.0 201 - python-swiftclient-3.11.1 gAAAAABpexJZJyaj... 22 - - tx79a6f6e883074560b9450-00697b129a - 0.0242 - - 1769673370.392961502 1769673370.417172194 0
Jan 29 07:56:10 standalone container-server[123888]: 172.20.0.100 - - [29/Jan/2026:07:56:10 +0000] "HEAD /d1/560/AUTH_1c8ebafd86664ddfaf943c5d3d2b2d65/gnocchi.fb9ccc40-1d60-4b77-b63b-1a0566037e97" 404 - "HEAD http://localhost:8080/v1/AUTH_1c8ebafd86664ddfaf943c5d3d2b2d65/gnocchi.fb9ccc40-1d60-4b77-b63b-1a0566037e97?format=json&states=listing" "tx994781983fd2463b9a7ba-00697b129a" "proxy-server 21" 0.0006 "-" 21 0
Jan 29 07:56:10 standalone object-server[124223]: 172.20.0.100 - - [29/Jan/2026:07:56:10 +0000] "GET /d1/448/AUTH_1c8ebafd86664ddfaf943c5d3d2b2d65/gnocchi.fb9ccc40-1d60-4b77-b63b-1a0566037e97/none_v3" 404 70 "GET http://localhost:8080/v1/AUTH_1c8ebafd86664ddfaf943c5d3d2b2d65/gnocchi.fb9ccc40-1d60-4b77-b63b-1a0566037e97/none_v3" "tx994781983fd2463b9a7ba-00697b129a" "proxy-server 21" 0.0005 "-" 25 0
Jan 29 07:56:10 standalone proxy-server[125980]: 172.18.0.2 ::1 29/Jan/2026/07/56/10 GET /v1/AUTH_1c8ebafd86664ddfaf943c5d3d2b2d65/gnocchi.fb9ccc40-1d60-4b77-b63b-1a0566037e97/none_v3 HTTP/1.0 404 - python-swiftclient-3.11.1 gAAAAABpexJZJyaj... - 70 - tx994781983fd2463b9a7ba-00697b129a - 0.0156 - - 1769673370.432980776 1769673370.448571920 0
Jan 29 07:56:10 standalone account-server[123925]: 172.20.0.100 - - [29/Jan/2026:07:56:10 +0000] "PUT /d1/609/AUTH_1c8ebafd86664ddfaf943c5d3d2b2d65/gnocchi.fb9ccc40-1d60-4b77-b63b-1a0566037e97" 201 - "PUT http://172.20.0.100:6001/d1/560/AUTH_1c8ebafd86664ddfaf943c5d3d2b2d65/gnocchi.fb9ccc40-1d60-4b77-b63b-1a0566037e97" "tx38d56448ca35429a960f5-00697b129a" "container-server 23" 0.0065 "-" 23 0
Jan 29 07:56:10 standalone container-server[123909]: 172.20.0.100 - - [29/Jan/2026:07:56:10 +0000] "PUT /d1/560/AUTH_1c8ebafd86664ddfaf943c5d3d2b2d65/gnocchi.fb9ccc40-1d60-4b77-b63b-1a0566037e97" 201 - "PUT http://localhost:8080/v1/AUTH_1c8ebafd86664ddfaf943c5d3d2b2d65/gnocchi.fb9ccc40-1d60-4b77-b63b-1a0566037e97" "tx38d56448ca35429a960f5-00697b129a" "proxy-server 21" 0.0209 "-" 23 0
Jan 29 07:56:10 standalone proxy-server[125980]: 172.18.0.2 ::1 29/Jan/2026/07/56/10 PUT /v1/AUTH_1c8ebafd86664ddfaf943c5d3d2b2d65/gnocchi.fb9ccc40-1d60-4b77-b63b-1a0566037e97 HTTP/1.0 201 - python-swiftclient-3.11.1 gAAAAABpexJZJyaj... - - - tx38d56448ca35429a960f5-00697b129a - 0.0279 - - 1769673370.453511715 1769673370.481423140 0
Jan 29 07:56:10 standalone container-server[123880]: 172.20.0.100 - - [29/Jan/2026:07:56:10 +0000] "HEAD /d1/560/AUTH_1c8ebafd86664ddfaf943c5d3d2b2d65/gnocchi.fb9ccc40-1d60-4b77-b63b-1a0566037e97" 204 - "HEAD http://localhost:8080/v1/AUTH_1c8ebafd86664ddfaf943c5d3d2b2d65/gnocchi.fb9ccc40-1d60-4b77-b63b-1a0566037e97?format=json&states=listing" "tx61ad4244bcdf43a59eff8-00697b129a" "proxy-server 21" 0.0020 "-" 20 0
Jan 29 07:56:10 standalone proxy-server[125980]: - - 29/Jan/2026/07/56/10 HEAD /v1/AUTH_1c8ebafd86664ddfaf943c5d3d2b2d65/gnocchi.fb9ccc40-1d60-4b77-b63b-1a0566037e97%3Fformat%3Djson%26states%3Dlisting HTTP/1.0 204 - Swift - - - - tx61ad4244bcdf43a59eff8-00697b129a - 0.0081 RL - 1769673370.489238262 1769673370.497289419 0
Jan 29 07:56:10 standalone container-server[123899]: 172.20.0.100 - - [29/Jan/2026:07:56:10 +0000] "GET /d1/560/AUTH_1c8ebafd86664ddfaf943c5d3d2b2d65/gnocchi.fb9ccc40-1d60-4b77-b63b-1a0566037e97" 200 2 "GET http://localhost:8080/v1/AUTH_1c8ebafd86664ddfaf943c5d3d2b2d65/gnocchi.fb9ccc40-1d60-4b77-b63b-1a0566037e97?format=json&states=listing" "tx61ad4244bcdf43a59eff8-00697b129a" "proxy-server 21" 0.0035 "-" 22 0
Jan 29 07:56:10 standalone proxy-server[125980]: 172.18.0.2 ::1 29/Jan/2026/07/56/10 GET /v1/AUTH_1c8ebafd86664ddfaf943c5d3d2b2d65/gnocchi.fb9ccc40-1d60-4b77-b63b-1a0566037e97%3Fformat%3Djson%26states%3Dlisting HTTP/1.0 200 - python-swiftclient-3.11.1 gAAAAABpexJZJyaj... - 2 - tx61ad4244bcdf43a59eff8-00697b129a - 0.0248 - - 1769673370.487577438 1769673370.512396574 0
Jan 29 07:56:10 standalone object-server[124221]: 172.20.0.100 - - [29/Jan/2026:07:56:10 +0000] "GET /d1/203/AUTH_1c8ebafd86664ddfaf943c5d3d2b2d65/gnocchi.fb9ccc40-1d60-4b77-b63b-1a0566037e97/1769040000.0_mean_300.0_v3" 404 70 "GET http://localhost:8080/v1/AUTH_1c8ebafd86664ddfaf943c5d3d2b2d65/gnocchi.fb9ccc40-1d60-4b77-b63b-1a0566037e97/1769040000.0_mean_300.0_v3" "tx78263ea91b094bb783b42-00697b129a" "proxy-server 21" 0.0007 "-" 23 0
Jan 29 07:56:10 standalone proxy-server[125980]: 172.18.0.2 ::1 29/Jan/2026/07/56/10 GET /v1/AUTH_1c8ebafd86664ddfaf943c5d3d2b2d65/gnocchi.fb9ccc40-1d60-4b77-b63b-1a0566037e97/1769040000.0_mean_300.0_v3 HTTP/1.0 404 - python-swiftclient-3.11.1 gAAAAABpexJZJyaj... - 70 - tx78263ea91b094bb783b42-00697b129a - 0.0108 - - 1769673370.519330263 1769673370.530140162 0
Jan 29 07:56:10 standalone container-server[123899]: 172.20.0.100 - - [29/Jan/2026:07:56:10 +0000] "PUT /d1/560/AUTH_1c8ebafd86664ddfaf943c5d3d2b2d65/gnocchi.fb9ccc40-1d60-4b77-b63b-1a0566037e97/1769040000.0_mean_300.0_v3" 201 - "PUT http://localhost:8080/d1/203/AUTH_1c8ebafd86664ddfaf943c5d3d2b2d65/gnocchi.fb9ccc40-1d60-4b77-b63b-1a0566037e97/1769040000.0_mean_300.0_v3" "tx9024f2bbe0a44d27b1ada-00697b129a" "object-server 24" 0.0009 "-" 22 0
Jan 29 07:56:10 standalone object-server[124222]: 172.20.0.100 - - [29/Jan/2026:07:56:10 +0000] "PUT /d1/203/AUTH_1c8ebafd86664ddfaf943c5d3d2b2d65/gnocchi.fb9ccc40-1d60-4b77-b63b-1a0566037e97/1769040000.0_mean_300.0_v3" 201 - "PUT http://localhost:8080/v1/AUTH_1c8ebafd86664ddfaf943c5d3d2b2d65/gnocchi.fb9ccc40-1d60-4b77-b63b-1a0566037e97/1769040000.0_mean_300.0_v3" "tx9024f2bbe0a44d27b1ada-00697b129a" "proxy-server 21" 0.0285 "-" 24 0
Jan 29 07:56:10 standalone proxy-server[125980]: 172.18.0.2 ::1 29/Jan/2026/07/56/10 PUT /v1/AUTH_1c8ebafd86664ddfaf943c5d3d2b2d65/gnocchi.fb9ccc40-1d60-4b77-b63b-1a0566037e97/1769040000.0_mean_300.0_v3 HTTP/1.0 201 - python-swiftclient-3.11.1 gAAAAABpexJZJyaj... 16 - - tx9024f2bbe0a44d27b1ada-00697b129a - 0.0371 - - 1769673370.537923098 1769673370.574977398 0
Jan 29 07:56:10 standalone container-server[123909]: 172.20.0.100 - - [29/Jan/2026:07:56:10 +0000] "PUT /d1/560/AUTH_1c8ebafd86664ddfaf943c5d3d2b2d65/gnocchi.fb9ccc40-1d60-4b77-b63b-1a0566037e97/none_v3" 201 - "PUT http://localhost:8080/d1/448/AUTH_1c8ebafd86664ddfaf943c5d3d2b2d65/gnocchi.fb9ccc40-1d60-4b77-b63b-1a0566037e97/none_v3" "txb61b5e35168547918b272-00697b129a" "object-server 25" 0.0008 "-" 23 0
Jan 29 07:56:10 standalone object-server[124223]: 172.20.0.100 - - [29/Jan/2026:07:56:10 +0000] "PUT /d1/448/AUTH_1c8ebafd86664ddfaf943c5d3d2b2d65/gnocchi.fb9ccc40-1d60-4b77-b63b-1a0566037e97/none_v3" 201 - "PUT http://localhost:8080/v1/AUTH_1c8ebafd86664ddfaf943c5d3d2b2d65/gnocchi.fb9ccc40-1d60-4b77-b63b-1a0566037e97/none_v3" "txb61b5e35168547918b272-00697b129a" "proxy-server 21" 0.0160 "-" 25 0
Jan 29 07:56:10 standalone proxy-server[125980]: 172.18.0.2 ::1 29/Jan/2026/07/56/10 PUT /v1/AUTH_1c8ebafd86664ddfaf943c5d3d2b2d65/gnocchi.fb9ccc40-1d60-4b77-b63b-1a0566037e97/none_v3 HTTP/1.0 201 - python-swiftclient-3.11.1 gAAAAABpexJZJyaj... 22 - - txb61b5e35168547918b272-00697b129a - 0.0261 - - 1769673370.581243277 1769673370.607294798 0
Jan 29 07:56:14 standalone container-server[123909]: 172.20.0.100 - - [29/Jan/2026:07:56:14 +0000] "HEAD /d1/739/AUTH_1c8ebafd86664ddfaf943c5d3d2b2d65/gnocchi.fb5543f5-a971-4a08-b0f4-02af0349a44a" 404 - "HEAD http://localhost:8080/v1/AUTH_1c8ebafd86664ddfaf943c5d3d2b2d65/gnocchi.fb5543f5-a971-4a08-b0f4-02af0349a44a?format=json&states=listing" "txb9e0364f40e047c291278-00697b129e" "proxy-server 21" 0.0010 "-" 23 0
Jan 29 07:56:14 standalone object-server[124221]: 172.20.0.100 - - [29/Jan/2026:07:56:14 +0000] "GET /d1/120/AUTH_1c8ebafd86664ddfaf943c5d3d2b2d65/gnocchi.fb5543f5-a971-4a08-b0f4-02af0349a44a/none_v3" 404 70 "GET http://localhost:8080/v1/AUTH_1c8ebafd86664ddfaf943c5d3d2b2d65/gnocchi.fb5543f5-a971-4a08-b0f4-02af0349a44a/none_v3" "txb9e0364f40e047c291278-00697b129e" "proxy-server 21" 0.0006 "-" 23 0
Jan 29 07:56:14 standalone proxy-server[125980]: 172.18.0.2 ::1 29/Jan/2026/07/56/14 GET /v1/AUTH_1c8ebafd86664ddfaf943c5d3d2b2d65/gnocchi.fb5543f5-a971-4a08-b0f4-02af0349a44a/none_v3 HTTP/1.0 404 - python-swiftclient-3.11.1 gAAAAABpexJZJyaj... - 70 - txb9e0364f40e047c291278-00697b129e - 0.0208 - - 1769673374.908111572 1769673374.928924561 0
Jan 29 07:56:14 standalone account-server[123911]: 172.20.0.100 - - [29/Jan/2026:07:56:14 +0000] "PUT /d1/609/AUTH_1c8ebafd86664ddfaf943c5d3d2b2d65/gnocchi.fb5543f5-a971-4a08-b0f4-02af0349a44a" 201 - "PUT http://172.20.0.100:6001/d1/739/AUTH_1c8ebafd86664ddfaf943c5d3d2b2d65/gnocchi.fb5543f5-a971-4a08-b0f4-02af0349a44a" "tx85e8fba6a14b422fa0dd8-00697b129e" "container-server 23" 0.0076 "-" 22 0
Jan 29 07:56:14 standalone container-server[123909]: 172.20.0.100 - - [29/Jan/2026:07:56:14 +0000] "PUT /d1/739/AUTH_1c8ebafd86664ddfaf943c5d3d2b2d65/gnocchi.fb5543f5-a971-4a08-b0f4-02af0349a44a" 201 - "PUT http://localhost:8080/v1/AUTH_1c8ebafd86664ddfaf943c5d3d2b2d65/gnocchi.fb5543f5-a971-4a08-b0f4-02af0349a44a" "tx85e8fba6a14b422fa0dd8-00697b129e" "proxy-server 21" 0.0245 "-" 23 0
Jan 29 07:56:14 standalone proxy-server[125980]: 172.18.0.2 ::1 29/Jan/2026/07/56/14 PUT /v1/AUTH_1c8ebafd86664ddfaf943c5d3d2b2d65/gnocchi.fb5543f5-a971-4a08-b0f4-02af0349a44a HTTP/1.0 201 - python-swiftclient-3.11.1 gAAAAABpexJZJyaj... - - - tx85e8fba6a14b422fa0dd8-00697b129e - 0.0326 - - 1769673374.936527967 1769673374.969141006 0
