Jan 27 08:50:23 standalone account-server[127017]: Starting 2
Jan 27 08:50:23 standalone account-server[127159]: Started child 17 from parent 2
Jan 27 08:50:23 standalone account-server[127159]: Started child 18 from parent 2
Jan 27 08:50:23 standalone account-server[127159]: Started child 19 from parent 2
Jan 27 08:50:23 standalone account-server[127159]: Started child 20 from parent 2
Jan 27 08:50:24 standalone container-server[127296]: Starting 2
Jan 27 08:50:24 standalone container-server[127292]: Option allow_versions is deprecated. Configure the versioned_writes middleware in the proxy-server instead. This option will be ignored in a future release.
Jan 27 08:50:24 standalone container-server[127680]: Option allow_versions is deprecated. Configure the versioned_writes middleware in the proxy-server instead. This option will be ignored in a future release.
Jan 27 08:50:24 standalone container-server[127292]: Started child 20 from parent 2
Jan 27 08:50:24 standalone container-server[127683]: Option allow_versions is deprecated. Configure the versioned_writes middleware in the proxy-server instead. This option will be ignored in a future release.
Jan 27 08:50:24 standalone container-server[127292]: Started child 21 from parent 2
Jan 27 08:50:24 standalone container-server[127686]: Option allow_versions is deprecated. Configure the versioned_writes middleware in the proxy-server instead. This option will be ignored in a future release.
Jan 27 08:50:24 standalone container-server[127292]: Started child 22 from parent 2
Jan 27 08:50:24 standalone container-server[127690]: Option allow_versions is deprecated. Configure the versioned_writes middleware in the proxy-server instead. This option will be ignored in a future release.
Jan 27 08:50:24 standalone container-server[127292]: Started child 23 from parent 2
Jan 27 08:50:25 standalone object-expirer[127540]: Starting 2
Jan 27 08:50:25 standalone object-expirer[127540]: Option auto_create_account_prefix is deprecated. Configure auto_create_account_prefix under the swift-constraints section of swift.conf. This option will be ignored in a future release.
Jan 27 08:50:25 standalone object-server[127700]: Starting 2
Jan 27 08:50:25 standalone object-server[127654]: Started child 22 from parent 2
Jan 27 08:50:25 standalone object-server[127654]: Started child 23 from parent 2
Jan 27 08:50:25 standalone object-server[127654]: Started child 24 from parent 2
Jan 27 08:50:25 standalone object-server[127654]: Started child 25 from parent 2
Jan 27 08:50:31 standalone proxy-server[129348]: Starting Keystone auth_token middleware
Jan 27 08:50:31 standalone proxy-server[129348]: AuthToken middleware is set with keystone_authtoken.service_token_roles_required set to False. This is backwards compatible but deprecated behaviour. Please set this to True.
Jan 27 08:50:31 standalone proxy-server[129701]: Starting Keystone auth_token middleware
Jan 27 08:50:31 standalone proxy-server[129701]: STDERR: The option "bind_port" is not known to keystonemiddleware
Jan 27 08:50:31 standalone proxy-server[129701]: STDERR: The option "workers" is not known to keystonemiddleware
Jan 27 08:50:31 standalone proxy-server[129701]: STDERR: The option "user" is not known to keystonemiddleware
Jan 27 08:50:31 standalone proxy-server[129701]: STDERR: The option "bind_ip" is not known to keystonemiddleware
Jan 27 08:50:31 standalone proxy-server[129701]: STDERR: The option "log_name" is not known to keystonemiddleware
Jan 27 08:50:31 standalone proxy-server[129701]: STDERR: The option "log_facility" is not known to keystonemiddleware
Jan 27 08:50:31 standalone proxy-server[129701]: STDERR: The option "log_level" is not known to keystonemiddleware
Jan 27 08:50:31 standalone proxy-server[129701]: STDERR: The option "log_headers" is not known to keystonemiddleware
Jan 27 08:50:31 standalone proxy-server[129701]: STDERR: The option "log_address" is not known to keystonemiddleware
Jan 27 08:50:31 standalone proxy-server[129701]: STDERR: The option "project_name" is not known to keystonemiddleware
Jan 27 08:50:31 standalone proxy-server[129701]: STDERR: The option "username" is not known to keystonemiddleware
Jan 27 08:50:31 standalone proxy-server[129701]: STDERR: The option "password" is not known to keystonemiddleware
Jan 27 08:50:31 standalone proxy-server[129701]: STDERR: The option "auth_url" is not known to keystonemiddleware
Jan 27 08:50:31 standalone proxy-server[129701]: STDERR: The option "signing_dir" is not known to keystonemiddleware
Jan 27 08:50:31 standalone proxy-server[129701]: STDERR: The option "project_domain_id" is not known to keystonemiddleware
Jan 27 08:50:31 standalone proxy-server[129701]: STDERR: The option "user_domain_id" is not known to keystonemiddleware
Jan 27 08:50:31 standalone proxy-server[129701]: STDERR: The option "__name__" is not known to keystonemiddleware
Jan 27 08:50:31 standalone proxy-server[129701]: AuthToken middleware is set with keystone_authtoken.service_token_roles_required set to False. This is backwards compatible but deprecated behaviour. Please set this to True.
Jan 27 08:50:31 standalone proxy-server[129348]: Started child 20 from parent 2
Jan 27 08:50:38 standalone object-server[127700]: Begin object update sweep
Jan 27 08:50:38 standalone object-server[130042]: Object update sweep starting on /srv/node/d1 (pid: 11)
Jan 27 08:50:38 standalone object-server[130042]: Object update sweep completed on /srv/node/d1 in 0.00s seconds:, 0 successes, 0 failures, 0 quarantines, 0 unlinks, 0 errors, 0 redirects (pid: 11)
Jan 27 08:50:38 standalone object-server[130042]: Object update sweep of d1 completed: 0.00s, 0 successes, 0 failures, 0 quarantines, 0 unlinks, 0 errors, 0 redirects
Jan 27 08:50:38 standalone object-server[127700]: Object update sweep completed: 0.08s
Jan 27 08:52:04 standalone container-server[127296]: Begin container update sweep
Jan 27 08:52:04 standalone container-server[127296]: Container update sweep completed: 0.00s
Jan 27 08:54:57 standalone account-server[127374]: 172.20.0.100 - - [27/Jan/2026:08:54:57 +0000] "HEAD /d1/680/.expiring_objects" 404 - "HEAD http://localhost/v1/.expiring_objects?format=json" "txf492bd8d4f5242e485d2e-0069787d61" "proxy-server 2" 0.0016 "-" 19 -
Jan 27 08:54:57 standalone object-expirer[127540]: Pass completed in 0s; 0 objects expired (txn: txf492bd8d4f5242e485d2e-0069787d61)
Jan 27 08:55:38 standalone object-server[127700]: Begin object update sweep
Jan 27 08:55:38 standalone object-server[165999]: Object update sweep starting on /srv/node/d1 (pid: 13)
Jan 27 08:55:38 standalone object-server[165999]: Object update sweep completed on /srv/node/d1 in 0.00s seconds:, 0 successes, 0 failures, 0 quarantines, 0 unlinks, 0 errors, 0 redirects (pid: 13)
Jan 27 08:55:38 standalone object-server[165999]: Object update sweep of d1 completed: 0.00s, 0 successes, 0 failures, 0 quarantines, 0 unlinks, 0 errors, 0 redirects
Jan 27 08:55:38 standalone object-server[127700]: Object update sweep completed: 0.08s
Jan 27 08:55:43 standalone account-server[127343]: 172.20.0.100 - - [27/Jan/2026:08:55:43 +0000] "HEAD /d1/680/.expiring_objects" 404 - "HEAD http://localhost/v1/.expiring_objects?format=json" "tx6840027762924058aed72-0069787d8f" "proxy-server 2" 0.0017 "-" 17 -
Jan 27 08:55:43 standalone object-expirer[127540]: Pass completed in 0s; 0 objects expired (txn: tx6840027762924058aed72-0069787d8f)
Jan 27 08:57:05 standalone container-server[127296]: Begin container update sweep
Jan 27 08:57:05 standalone container-server[127296]: Container update sweep completed: 0.00s
Jan 27 08:58:30 standalone account-server[127348]: 172.20.0.100 - - [27/Jan/2026:08:58:30 +0000] "HEAD /d1/680/.expiring_objects" 404 - "HEAD http://localhost/v1/.expiring_objects?format=json" "tx73b01549a061444b91b27-0069787e36" "proxy-server 2" 0.0010 "-" 18 -
Jan 27 08:58:30 standalone object-expirer[127540]: Pass completed in 0s; 0 objects expired (txn: tx73b01549a061444b91b27-0069787e36)
Jan 27 08:59:12 standalone account-server[127396]: 172.20.0.100 - - [27/Jan/2026:08:59:12 +0000] "HEAD /d1/680/.expiring_objects" 404 - "HEAD http://localhost/v1/.expiring_objects?format=json" "tx57f3445aeac444faad88e-0069787e60" "proxy-server 2" 0.0009 "-" 20 -
Jan 27 08:59:12 standalone object-expirer[127540]: Pass completed in 0s; 0 objects expired (txn: tx57f3445aeac444faad88e-0069787e60)
Jan 27 09:00:38 standalone object-server[127700]: Begin object update sweep
Jan 27 09:00:38 standalone object-server[207871]: Object update sweep starting on /srv/node/d1 (pid: 14)
Jan 27 09:00:38 standalone object-server[207871]: Object update sweep completed on /srv/node/d1 in 0.00s seconds:, 0 successes, 0 failures, 0 quarantines, 0 unlinks, 0 errors, 0 redirects (pid: 14)
Jan 27 09:00:38 standalone object-server[207871]: Object update sweep of d1 completed: 0.00s, 0 successes, 0 failures, 0 quarantines, 0 unlinks, 0 errors, 0 redirects
Jan 27 09:00:38 standalone object-server[127700]: Object update sweep completed: 0.09s
Jan 27 09:02:05 standalone container-server[127296]: Begin container update sweep
Jan 27 09:02:05 standalone container-server[127296]: Container update sweep completed: 0.00s
Jan 27 09:02:24 standalone account-server[127348]: 172.20.0.100 - - [27/Jan/2026:09:02:24 +0000] "HEAD /d1/168/AUTH_bfaa595c6d824ce5a5015e1de8f5a4c4" 404 - "HEAD http://172.18.0.2:8080/v1/AUTH_bfaa595c6d824ce5a5015e1de8f5a4c4?format=json" "txb9ad3ba499db4bcb82768-0069787f20" "proxy-server 20" 0.0009 "-" 18 -
Jan 27 09:02:24 standalone proxy-server[129701]: - - 27/Jan/2026/09/02/24 HEAD /v1/AUTH_bfaa595c6d824ce5a5015e1de8f5a4c4%3Fformat%3Djson HTTP/1.0 200 - Swift - - - - txb9ad3ba499db4bcb82768-0069787f20 - 0.0067 RL - 1769504544.810412884 1769504544.817103624 -
Jan 27 09:02:25 standalone object-server[127760]: 172.20.0.100 - - [27/Jan/2026:09:02:25 +0000] "GET /d1/113/AUTH_bfaa595c6d824ce5a5015e1de8f5a4c4/gnocchi.8d9a9ba9-4548-4388-babf-f18832ec94c6/none_v3" 404 70 "GET http://172.18.0.2:8080/v1/AUTH_bfaa595c6d824ce5a5015e1de8f5a4c4/gnocchi.8d9a9ba9-4548-4388-babf-f18832ec94c6/none_v3" "txb9ad3ba499db4bcb82768-0069787f20" "proxy-server 20" 0.0010 "-" 22 0
Jan 27 09:02:25 standalone proxy-server[129701]: 172.18.0.2 172.18.0.100 27/Jan/2026/09/02/25 GET /v1/AUTH_bfaa595c6d824ce5a5015e1de8f5a4c4/gnocchi.8d9a9ba9-4548-4388-babf-f18832ec94c6/none_v3 HTTP/1.0 404 - python-swiftclient-3.11.1 gAAAAABpeH8gAKX6... - 70 - txb9ad3ba499db4bcb82768-0069787f20 - 0.3979 - - 1769504544.803543091 1769504545.201395035 0
Jan 27 09:02:25 standalone account-server[127343]: 172.20.0.100 - - [27/Jan/2026:09:02:25 +0000] "PUT /d1/168/AUTH_bfaa595c6d824ce5a5015e1de8f5a4c4" 201 - "-" "tx18a5267b3b4e4a149d555-0069787f21" "-" 0.0136 "-" 17 -
Jan 27 09:02:25 standalone proxy-server[129701]: autocreate account '/AUTH_bfaa595c6d824ce5a5015e1de8f5a4c4' (txn: tx18a5267b3b4e4a149d555-0069787f21)
Jan 27 09:02:25 standalone account-server[127396]: 172.20.0.100 - - [27/Jan/2026:09:02:25 +0000] "HEAD /d1/168/AUTH_bfaa595c6d824ce5a5015e1de8f5a4c4" 204 - "HEAD http://172.18.0.2:8080/v1/AUTH_bfaa595c6d824ce5a5015e1de8f5a4c4?format=json" "tx18a5267b3b4e4a149d555-0069787f21" "proxy-server 20" 0.0020 "-" 20 -
Jan 27 09:02:25 standalone account-server[127343]: 172.20.0.100 - - [27/Jan/2026:09:02:25 +0000] "PUT /d1/168/AUTH_bfaa595c6d824ce5a5015e1de8f5a4c4/gnocchi.8d9a9ba9-4548-4388-babf-f18832ec94c6" 201 - "PUT http://172.20.0.100:6001/d1/702/AUTH_bfaa595c6d824ce5a5015e1de8f5a4c4/gnocchi.8d9a9ba9-4548-4388-babf-f18832ec94c6" "tx18a5267b3b4e4a149d555-0069787f21" "container-server 23" 0.0011 "-" 17 0
Jan 27 09:02:25 standalone container-server[127690]: 172.20.0.100 - - [27/Jan/2026:09:02:25 +0000] "PUT /d1/702/AUTH_bfaa595c6d824ce5a5015e1de8f5a4c4/gnocchi.8d9a9ba9-4548-4388-babf-f18832ec94c6" 201 - "PUT http://172.18.0.2:8080/v1/AUTH_bfaa595c6d824ce5a5015e1de8f5a4c4/gnocchi.8d9a9ba9-4548-4388-babf-f18832ec94c6" "tx18a5267b3b4e4a149d555-0069787f21" "proxy-server 20" 0.0149 "-" 23 0
Jan 27 09:02:25 standalone proxy-server[129701]: 172.18.0.2 172.18.0.100 27/Jan/2026/09/02/25 PUT /v1/AUTH_bfaa595c6d824ce5a5015e1de8f5a4c4/gnocchi.8d9a9ba9-4548-4388-babf-f18832ec94c6 HTTP/1.0 201 - python-swiftclient-3.11.1 gAAAAABpeH8gAKX6... - - - tx18a5267b3b4e4a149d555-0069787f21 - 0.0410 - - 1769504545.204509258 1769504545.245459557 0
Jan 27 09:02:25 standalone container-server[127690]: 172.20.0.100 - - [27/Jan/2026:09:02:25 +0000] "HEAD /d1/702/AUTH_bfaa595c6d824ce5a5015e1de8f5a4c4/gnocchi.8d9a9ba9-4548-4388-babf-f18832ec94c6" 204 - "HEAD http://172.18.0.2:8080/v1/AUTH_bfaa595c6d824ce5a5015e1de8f5a4c4/gnocchi.8d9a9ba9-4548-4388-babf-f18832ec94c6?format=json&states=listing" "tx7ee9dbf22dd747788aad0-0069787f21" "proxy-server 20" 0.0027 "-" 23 0
Jan 27 09:02:25 standalone proxy-server[129701]: - - 27/Jan/2026/09/02/25 HEAD /v1/AUTH_bfaa595c6d824ce5a5015e1de8f5a4c4/gnocchi.8d9a9ba9-4548-4388-babf-f18832ec94c6%3Fformat%3Djson%26states%3Dlisting HTTP/1.0 204 - Swift - - - - tx7ee9dbf22dd747788aad0-0069787f21 - 0.0098 RL - 1769504545.252945185 1769504545.262748718 0
Jan 27 09:02:25 standalone container-server[127686]: 172.20.0.100 - - [27/Jan/2026:09:02:25 +0000] "GET /d1/702/AUTH_bfaa595c6d824ce5a5015e1de8f5a4c4/gnocchi.8d9a9ba9-4548-4388-babf-f18832ec94c6" 200 2 "GET http://172.18.0.2:8080/v1/AUTH_bfaa595c6d824ce5a5015e1de8f5a4c4/gnocchi.8d9a9ba9-4548-4388-babf-f18832ec94c6?format=json&states=listing" "tx7ee9dbf22dd747788aad0-0069787f21" "proxy-server 20" 0.0064 "-" 22 0
Jan 27 09:02:25 standalone proxy-server[129701]: 172.18.0.2 172.18.0.100 27/Jan/2026/09/02/25 GET /v1/AUTH_bfaa595c6d824ce5a5015e1de8f5a4c4/gnocchi.8d9a9ba9-4548-4388-babf-f18832ec94c6%3Fformat%3Djson%26states%3Dlisting HTTP/1.0 200 - python-swiftclient-3.11.1 gAAAAABpeH8gAKX6... - 2 - tx7ee9dbf22dd747788aad0-0069787f21 - 0.0258 - - 1769504545.250952005 1769504545.276794434 0
Jan 27 09:02:25 standalone object-server[127765]: 172.20.0.100 - - [27/Jan/2026:09:02:25 +0000] "GET /d1/969/AUTH_bfaa595c6d824ce5a5015e1de8f5a4c4/gnocchi.8d9a9ba9-4548-4388-babf-f18832ec94c6/1769040000.0_mean_300.0_v3" 404 70 "GET http://172.18.0.2:8080/v1/AUTH_bfaa595c6d824ce5a5015e1de8f5a4c4/gnocchi.8d9a9ba9-4548-4388-babf-f18832ec94c6/1769040000.0_mean_300.0_v3" "txc6f44aa193d648b2b18a3-0069787f21" "proxy-server 20" 0.0010 "-" 24 0
Jan 27 09:02:25 standalone proxy-server[129701]: 172.18.0.2 172.18.0.100 27/Jan/2026/09/02/25 GET /v1/AUTH_bfaa595c6d824ce5a5015e1de8f5a4c4/gnocchi.8d9a9ba9-4548-4388-babf-f18832ec94c6/1769040000.0_mean_300.0_v3 HTTP/1.0 404 - python-swiftclient-3.11.1 gAAAAABpeH8gAKX6... - 70 - txc6f44aa193d648b2b18a3-0069787f21 - 0.0062 - - 1769504545.281506300 1769504545.287663937 0
Jan 27 09:02:25 standalone container-server[127680]: 172.20.0.100 - - [27/Jan/2026:09:02:25 +0000] "PUT /d1/702/AUTH_bfaa595c6d824ce5a5015e1de8f5a4c4/gnocchi.8d9a9ba9-4548-4388-babf-f18832ec94c6/1769040000.0_mean_300.0_v3" 201 - "PUT http://172.18.0.2:8080/d1/969/AUTH_bfaa595c6d824ce5a5015e1de8f5a4c4/gnocchi.8d9a9ba9-4548-4388-babf-f18832ec94c6/1769040000.0_mean_300.0_v3" "tx7a677eed7d56433bb05b6-0069787f21" "object-server 24" 0.0013 "-" 20 0
Jan 27 09:02:25 standalone object-server[127765]: 172.20.0.100 - - [27/Jan/2026:09:02:25 +0000] "PUT /d1/969/AUTH_bfaa595c6d824ce5a5015e1de8f5a4c4/gnocchi.8d9a9ba9-4548-4388-babf-f18832ec94c6/1769040000.0_mean_300.0_v3" 201 - "PUT http://172.18.0.2:8080/v1/AUTH_bfaa595c6d824ce5a5015e1de8f5a4c4/gnocchi.8d9a9ba9-4548-4388-babf-f18832ec94c6/1769040000.0_mean_300.0_v3" "tx7a677eed7d56433bb05b6-0069787f21" "proxy-server 20" 0.0283 "-" 24 0
Jan 27 09:02:25 standalone proxy-server[129701]: 172.18.0.2 172.18.0.100 27/Jan/2026/09/02/25 PUT /v1/AUTH_bfaa595c6d824ce5a5015e1de8f5a4c4/gnocchi.8d9a9ba9-4548-4388-babf-f18832ec94c6/1769040000.0_mean_300.0_v3 HTTP/1.0 201 - python-swiftclient-3.11.1 gAAAAABpeH8gAKX6... 16 - - tx7a677eed7d56433bb05b6-0069787f21 - 0.0342 - - 1769504545.290644407 1769504545.324881554 0
Jan 27 09:02:25 standalone container-server[127683]: 172.20.0.100 - - [27/Jan/2026:09:02:25 +0000] "PUT /d1/702/AUTH_bfaa595c6d824ce5a5015e1de8f5a4c4/gnocchi.8d9a9ba9-4548-4388-babf-f18832ec94c6/none_v3" 201 - "PUT http://172.18.0.2:8080/d1/113/AUTH_bfaa595c6d824ce5a5015e1de8f5a4c4/gnocchi.8d9a9ba9-4548-4388-babf-f18832ec94c6/none_v3" "tx50d0242b09544f4cb6718-0069787f21" "object-server 24" 0.0011 "-" 21 0
Jan 27 09:02:25 standalone object-server[127765]: 172.20.0.100 - - [27/Jan/2026:09:02:25 +0000] "PUT /d1/113/AUTH_bfaa595c6d824ce5a5015e1de8f5a4c4/gnocchi.8d9a9ba9-4548-4388-babf-f18832ec94c6/none_v3" 201 - "PUT http://172.18.0.2:8080/v1/AUTH_bfaa595c6d824ce5a5015e1de8f5a4c4/gnocchi.8d9a9ba9-4548-4388-babf-f18832ec94c6/none_v3" "tx50d0242b09544f4cb6718-0069787f21" "proxy-server 20" 0.0104 "-" 24 0
Jan 27 09:02:25 standalone proxy-server[129701]: 172.18.0.2 172.18.0.100 27/Jan/2026/09/02/25 PUT /v1/AUTH_bfaa595c6d824ce5a5015e1de8f5a4c4/gnocchi.8d9a9ba9-4548-4388-babf-f18832ec94c6/none_v3 HTTP/1.0 201 - python-swiftclient-3.11.1 gAAAAABpeH8gAKX6... 22 - - tx50d0242b09544f4cb6718-0069787f21 - 0.0160 - - 1769504545.328065634 1769504545.344050169 0
Jan 27 09:02:30 standalone account-server[127343]: 172.20.0.100 - - [27/Jan/2026:09:02:30 +0000] "HEAD /d1/680/.expiring_objects" 404 - "HEAD http://localhost/v1/.expiring_objects?format=json" "txde43b49da7b54f6fbb3e3-0069787f26" "proxy-server 2" 0.0007 "-" 17 -
Jan 27 09:02:30 standalone object-expirer[127540]: Pass completed in 0s; 0 objects expired (txn: txde43b49da7b54f6fbb3e3-0069787f26)
Jan 27 09:02:54 standalone object-server[127760]: 172.20.0.100 - - [27/Jan/2026:09:02:54 +0000] "GET /d1/113/AUTH_bfaa595c6d824ce5a5015e1de8f5a4c4/gnocchi.8d9a9ba9-4548-4388-babf-f18832ec94c6/none_v3" 200 22 "GET http://172.18.0.2:8080/v1/AUTH_bfaa595c6d824ce5a5015e1de8f5a4c4/gnocchi.8d9a9ba9-4548-4388-babf-f18832ec94c6/none_v3" "txea974fe840274c37a2d28-0069787f3e" "proxy-server 20" 0.0010 "-" 22 0
Jan 27 09:02:54 standalone proxy-server[129701]: 172.18.0.2 172.18.0.100 27/Jan/2026/09/02/54 GET /v1/AUTH_bfaa595c6d824ce5a5015e1de8f5a4c4/gnocchi.8d9a9ba9-4548-4388-babf-f18832ec94c6/none_v3 HTTP/1.0 200 - python-swiftclient-3.11.1 gAAAAABpeH8gAKX6... - 22 - txea974fe840274c37a2d28-0069787f3e - 0.0169 - - 1769504574.554150343 1769504574.571005344 0
Jan 27 09:02:54 standalone container-server[127690]: 172.20.0.100 - - [27/Jan/2026:09:02:54 +0000] "GET /d1/702/AUTH_bfaa595c6d824ce5a5015e1de8f5a4c4/gnocchi.8d9a9ba9-4548-4388-babf-f18832ec94c6" 200 357 "GET http://172.18.0.2:8080/v1/AUTH_bfaa595c6d824ce5a5015e1de8f5a4c4/gnocchi.8d9a9ba9-4548-4388-babf-f18832ec94c6?format=json&states=listing" "tx8a3e07fa83a74346b87e9-0069787f3e" "proxy-server 20" 0.0167 "-" 23 0
Jan 27 09:02:54 standalone proxy-server[129701]: 172.18.0.2 172.18.0.100 27/Jan/2026/09/02/54 GET /v1/AUTH_bfaa595c6d824ce5a5015e1de8f5a4c4/gnocchi.8d9a9ba9-4548-4388-babf-f18832ec94c6%3Fformat%3Djson%26states%3Dlisting HTTP/1.0 200 - python-swiftclient-3.11.1 gAAAAABpeH8gAKX6... - 357 - tx8a3e07fa83a74346b87e9-0069787f3e - 0.0255 - - 1769504574.574185133 1769504574.599687099 0
Jan 27 09:02:54 standalone container-server[127690]: 172.20.0.100 - - [27/Jan/2026:09:02:54 +0000] "GET /d1/702/AUTH_bfaa595c6d824ce5a5015e1de8f5a4c4/gnocchi.8d9a9ba9-4548-4388-babf-f18832ec94c6" 200 2 "GET http://172.18.0.2:8080/v1/AUTH_bfaa595c6d824ce5a5015e1de8f5a4c4/gnocchi.8d9a9ba9-4548-4388-babf-f18832ec94c6?format=json&marker=none_v3&states=listing" "tx6e5431bcafd34cf39b6de-0069787f3e" "proxy-server 20" 0.0046 "-" 23 0
Jan 27 09:02:54 standalone proxy-server[129701]: 172.18.0.2 172.18.0.100 27/Jan/2026/09/02/54 GET /v1/AUTH_bfaa595c6d824ce5a5015e1de8f5a4c4/gnocchi.8d9a9ba9-4548-4388-babf-f18832ec94c6%3Fformat%3Djson%26marker%3Dnone_v3%26states%3Dlisting HTTP/1.0 200 - python-swiftclient-3.11.1 gAAAAABpeH8gAKX6... - 2 - tx6e5431bcafd34cf39b6de-0069787f3e - 0.0206 - - 1769504574.602907419 1769504574.623470783 0
Jan 27 09:02:54 standalone object-server[127765]: 172.20.0.100 - - [27/Jan/2026:09:02:54 +0000] "GET /d1/969/AUTH_bfaa595c6d824ce5a5015e1de8f5a4c4/gnocchi.8d9a9ba9-4548-4388-babf-f18832ec94c6/1769040000.0_mean_300.0_v3" 200 16 "GET http://172.18.0.2:8080/v1/AUTH_bfaa595c6d824ce5a5015e1de8f5a4c4/gnocchi.8d9a9ba9-4548-4388-babf-f18832ec94c6/1769040000.0_mean_300.0_v3" "txf26119ee24be4b9b885ae-0069787f3e" "proxy-server 20" 0.0011 "-" 24 0
Jan 27 09:02:54 standalone proxy-server[129701]: 172.18.0.2 172.18.0.100 27/Jan/2026/09/02/54 GET /v1/AUTH_bfaa595c6d824ce5a5015e1de8f5a4c4/gnocchi.8d9a9ba9-4548-4388-babf-f18832ec94c6/1769040000.0_mean_300.0_v3 HTTP/1.0 200 - python-swiftclient-3.11.1 gAAAAABpeH8gAKX6... - 16 - txf26119ee24be4b9b885ae-0069787f3e - 0.0115 - - 1769504574.627048254 1769504574.638529301 0
Jan 27 09:02:54 standalone container-server[127686]: 172.20.0.100 - - [27/Jan/2026:09:02:54 +0000] "PUT /d1/702/AUTH_bfaa595c6d824ce5a5015e1de8f5a4c4/gnocchi.8d9a9ba9-4548-4388-babf-f18832ec94c6/1769040000.0_mean_300.0_v3" 201 - "PUT http://172.18.0.2:8080/d1/969/AUTH_bfaa595c6d824ce5a5015e1de8f5a4c4/gnocchi.8d9a9ba9-4548-4388-babf-f18832ec94c6/1769040000.0_mean_300.0_v3" "txe9cea4ec36e343a0afec8-0069787f3e" "object-server 24" 0.0010 "-" 22 0
Jan 27 09:02:54 standalone object-server[127765]: 172.20.0.100 - - [27/Jan/2026:09:02:54 +0000] "PUT /d1/969/AUTH_bfaa595c6d824ce5a5015e1de8f5a4c4/gnocchi.8d9a9ba9-4548-4388-babf-f18832ec94c6/1769040000.0_mean_300.0_v3" 201 - "PUT http://172.18.0.2:8080/v1/AUTH_bfaa595c6d824ce5a5015e1de8f5a4c4/gnocchi.8d9a9ba9-4548-4388-babf-f18832ec94c6/1769040000.0_mean_300.0_v3" "txe9cea4ec36e343a0afec8-0069787f3e" "proxy-server 20" 0.0144 "-" 24 0
Jan 27 09:02:54 standalone proxy-server[129701]: 172.18.0.2 172.18.0.100 27/Jan/2026/09/02/54 PUT /v1/AUTH_bfaa595c6d824ce5a5015e1de8f5a4c4/gnocchi.8d9a9ba9-4548-4388-babf-f18832ec94c6/1769040000.0_mean_300.0_v3 HTTP/1.0 201 - python-swiftclient-3.11.1 gAAAAABpeH8gAKX6... 16 - - txe9cea4ec36e343a0afec8-0069787f3e - 0.0217 - - 1769504574.641672611 1769504574.663407326 0
Jan 27 09:02:54 standalone container-server[127680]: 172.20.0.100 - - [27/Jan/2026:09:02:54 +0000] "PUT /d1/702/AUTH_bfaa595c6d824ce5a5015e1de8f5a4c4/gnocchi.8d9a9ba9-4548-4388-babf-f18832ec94c6/none_v3" 201 - "PUT http://172.18.0.2:8080/d1/113/AUTH_bfaa595c6d824ce5a5015e1de8f5a4c4/gnocchi.8d9a9ba9-4548-4388-babf-f18832ec94c6/none_v3" "txdaa38a00aebf42d69c190-0069787f3e" "object-server 23" 0.0013 "-" 20 0
Jan 27 09:02:54 standalone object-server[127764]: 172.20.0.100 - - [27/Jan/2026:09:02:54 +0000] "PUT /d1/113/AUTH_bfaa595c6d824ce5a5015e1de8f5a4c4/gnocchi.8d9a9ba9-4548-4388-babf-f18832ec94c6/none_v3" 201 - "PUT http://172.18.0.2:8080/v1/AUTH_bfaa595c6d824ce5a5015e1de8f5a4c4/gnocchi.8d9a9ba9-4548-4388-babf-f18832ec94c6/none_v3" "txdaa38a00aebf42d69c190-0069787f3e" "proxy-server 20" 0.0471 "-" 23 0
Jan 27 09:02:54 standalone proxy-server[129701]: 172.18.0.2 172.18.0.100 27/Jan/2026/09/02/54 PUT /v1/AUTH_bfaa595c6d824ce5a5015e1de8f5a4c4/gnocchi.8d9a9ba9-4548-4388-babf-f18832ec94c6/none_v3 HTTP/1.0 201 - python-swiftclient-3.11.1 gAAAAABpeH8gAKX6... 32 - - txdaa38a00aebf42d69c190-0069787f3e - 0.0554 - - 1769504574.666184902 1769504574.721596241 0
Jan 27 09:03:25 standalone account-server[127348]: 172.20.0.100 - - [27/Jan/2026:09:03:25 +0000] "HEAD /d1/168/AUTH_bfaa595c6d824ce5a5015e1de8f5a4c4" 204 - "HEAD http://172.18.0.2:8080/v1/AUTH_bfaa595c6d824ce5a5015e1de8f5a4c4?format=json" "txcfd084ae3b9a42f893d3c-0069787f5d" "proxy-server 20" 0.0074 "-" 18 -
Jan 27 09:03:25 standalone proxy-server[129701]: - - 27/Jan/2026/09/03/25 HEAD /v1/AUTH_bfaa595c6d824ce5a5015e1de8f5a4c4%3Fformat%3Djson HTTP/1.0 204 - Swift - - - - txcfd084ae3b9a42f893d3c-0069787f5d - 0.0135 RL - 1769504605.079455376 1769504605.092929840 -
Jan 27 09:03:25 standalone container-server[127680]: 172.20.0.100 - - [27/Jan/2026:09:03:25 +0000] "HEAD /d1/968/AUTH_bfaa595c6d824ce5a5015e1de8f5a4c4/gnocchi.3111936f-694e-4539-8a36-ed7c858ca1b6" 404 - "HEAD http://172.18.0.2:8080/v1/AUTH_bfaa595c6d824ce5a5015e1de8f5a4c4/gnocchi.3111936f-694e-4539-8a36-ed7c858ca1b6?format=json&states=listing" "txcfd084ae3b9a42f893d3c-0069787f5d" "proxy-server 20" 0.0009 "-" 20 0
Jan 27 09:03:25 standalone object-server[127765]: 172.20.0.100 - - [27/Jan/2026:09:03:25 +0000] "GET /d1/327/AUTH_bfaa595c6d824ce5a5015e1de8f5a4c4/gnocchi.3111936f-694e-4539-8a36-ed7c858ca1b6/none_v3" 404 70 "GET http://172.18.0.2:8080/v1/AUTH_bfaa595c6d824ce5a5015e1de8f5a4c4/gnocchi.3111936f-694e-4539-8a36-ed7c858ca1b6/none_v3" "txcfd084ae3b9a42f893d3c-0069787f5d" "proxy-server 20" 0.0006 "-" 24 0
Jan 27 09:03:25 standalone proxy-server[129701]: 172.18.0.2 172.18.0.100 27/Jan/2026/09/03/25 GET /v1/AUTH_bfaa595c6d824ce5a5015e1de8f5a4c4/gnocchi.3111936f-694e-4539-8a36-ed7c858ca1b6/none_v3 HTTP/1.0 404 - python-swiftclient-3.11.1 gAAAAABpeH8gAKX6... - 70 - txcfd084ae3b9a42f893d3c-0069787f5d - 0.0276 - - 1769504605.078300238 1769504605.105920553 0
Jan 27 09:03:25 standalone account-server[127343]: 172.20.0.100 - - [27/Jan/2026:09:03:25 +0000] "PUT /d1/168/AUTH_bfaa595c6d824ce5a5015e1de8f5a4c4/gnocchi.3111936f-694e-4539-8a36-ed7c858ca1b6" 201 - "PUT http://172.20.0.100:6001/d1/968/AUTH_bfaa595c6d824ce5a5015e1de8f5a4c4/gnocchi.3111936f-694e-4539-8a36-ed7c858ca1b6" "txada01394f6ed4b4d82781-0069787f5d" "container-server 21" 0.0012 "-" 17 0
Jan 27 09:03:25 standalone container-server[127683]: 172.20.0.100 - - [27/Jan/2026:09:03:25 +0000] "PUT /d1/968/AUTH_bfaa595c6d824ce5a5015e1de8f5a4c4/gnocchi.3111936f-694e-4539-8a36-ed7c858ca1b6" 201 - "PUT http://172.18.0.2:8080/v1/AUTH_bfaa595c6d824ce5a5015e1de8f5a4c4/gnocchi.3111936f-694e-4539-8a36-ed7c858ca1b6" "txada01394f6ed4b4d82781-0069787f5d" "proxy-server 20" 0.0102 "-" 21 0
Jan 27 09:03:25 standalone proxy-server[129701]: 172.18.0.2 172.18.0.100 27/Jan/2026/09/03/25 PUT /v1/AUTH_bfaa595c6d824ce5a5015e1de8f5a4c4/gnocchi.3111936f-694e-4539-8a36-ed7c858ca1b6 HTTP/1.0 201 - python-swiftclient-3.11.1 gAAAAABpeH8gAKX6... - - - txada01394f6ed4b4d82781-0069787f5d - 0.0150 - - 1769504605.109036207 1769504605.124011278 0
Jan 27 09:03:25 standalone container-server[127690]: 172.20.0.100 - - [27/Jan/2026:09:03:25 +0000] "HEAD /d1/968/AUTH_bfaa595c6d824ce5a5015e1de8f5a4c4/gnocchi.3111936f-694e-4539-8a36-ed7c858ca1b6" 204 - "HEAD http://172.18.0.2:8080/v1/AUTH_bfaa595c6d824ce5a5015e1de8f5a4c4/gnocchi.3111936f-694e-4539-8a36-ed7c858ca1b6?format=json&states=listing" "tx6953028e174f40d687e93-0069787f5d" "proxy-server 20" 0.0016 "-" 23 0
Jan 27 09:03:25 standalone proxy-server[129701]: - - 27/Jan/2026/09/03/25 HEAD /v1/AUTH_bfaa595c6d824ce5a5015e1de8f5a4c4/gnocchi.3111936f-694e-4539-8a36-ed7c858ca1b6%3Fformat%3Djson%26states%3Dlisting HTTP/1.0 204 - Swift - - - - tx6953028e174f40d687e93-0069787f5d - 0.0055 RL - 1769504605.128957272 1769504605.134409904 0
Jan 27 09:03:25 standalone container-server[127680]: 172.20.0.100 - - [27/Jan/2026:09:03:25 +0000] "GET /d1/968/AUTH_bfaa595c6d824ce5a5015e1de8f5a4c4/gnocchi.3111936f-694e-4539-8a36-ed7c858ca1b6" 200 2 "GET http://172.18.0.2:8080/v1/AUTH_bfaa595c6d824ce5a5015e1de8f5a4c4/gnocchi.3111936f-694e-4539-8a36-ed7c858ca1b6?format=json&states=listing" "tx6953028e174f40d687e93-0069787f5d" "proxy-server 20" 0.0030 "-" 20 0
Jan 27 09:03:25 standalone proxy-server[129701]: 172.18.0.2 172.18.0.100 27/Jan/2026/09/03/25 GET /v1/AUTH_bfaa595c6d824ce5a5015e1de8f5a4c4/gnocchi.3111936f-694e-4539-8a36-ed7c858ca1b6%3Fformat%3Djson%26states%3Dlisting HTTP/1.0 200 - python-swiftclient-3.11.1 gAAAAABpeH8gAKX6... - 2 - tx6953028e174f40d687e93-0069787f5d - 0.0158 - - 1769504605.127872944 1769504605.143627167 0
Jan 27 09:03:25 standalone object-server[127766]: 172.20.0.100 - - [27/Jan/2026:09:03:25 +0000] "GET /d1/760/AUTH_bfaa595c6d824ce5a5015e1de8f5a4c4/gnocchi.3111936f-694e-4539-8a36-ed7c858ca1b6/1769040000.0_mean_300.0_v3" 404 70 "GET http://172.18.0.2:8080/v1/AUTH_bfaa595c6d824ce5a5015e1de8f5a4c4/gnocchi.3111936f-694e-4539-8a36-ed7c858ca1b6/1769040000.0_mean_300.0_v3" "txe66a662d0ea2428d80fa7-0069787f5d" "proxy-server 20" 0.0008 "-" 25 0
Jan 27 09:03:25 standalone proxy-server[129701]: 172.18.0.2 172.18.0.100 27/Jan/2026/09/03/25 GET /v1/AUTH_bfaa595c6d824ce5a5015e1de8f5a4c4/gnocchi.3111936f-694e-4539-8a36-ed7c858ca1b6/1769040000.0_mean_300.0_v3 HTTP/1.0 404 - python-swiftclient-3.11.1 gAAAAABpeH8gAKX6... - 70 - txe66a662d0ea2428d80fa7-0069787f5d - 0.0059 - - 1769504605.148225546 1769504605.154158592 0
Jan 27 09:03:25 standalone container-server[127690]: 172.20.0.100 - - [27/Jan/2026:09:03:25 +0000] "PUT /d1/968/AUTH_bfaa595c6d824ce5a5015e1de8f5a4c4/gnocchi.3111936f-694e-4539-8a36-ed7c858ca1b6/1769040000.0_mean_300.0_v3" 201 - "PUT http://172.18.0.2:8080/d1/760/AUTH_bfaa595c6d824ce5a5015e1de8f5a4c4/gnocchi.3111936f-694e-4539-8a36-ed7c858ca1b6/1769040000.0_mean_300.0_v3" "tx9fc5dfe2f30043a3907c2-0069787f5d" "object-server 22" 0.0009 "-" 23 0
Jan 27 09:03:25 standalone object-server[127760]: 172.20.0.100 - - [27/Jan/2026:09:03:25 +0000] "PUT /d1/760/AUTH_bfaa595c6d824ce5a5015e1de8f5a4c4/gnocchi.3111936f-694e-4539-8a36-ed7c858ca1b6/1769040000.0_mean_300.0_v3" 201 - "PUT http://172.18.0.2:8080/v1/AUTH_bfaa595c6d824ce5a5015e1de8f5a4c4/gnocchi.3111936f-694e-4539-8a36-ed7c858ca1b6/1769040000.0_mean_300.0_v3" "tx9fc5dfe2f30043a3907c2-0069787f5d" "proxy-server 20" 0.0232 "-" 22 0
Jan 27 09:03:25 standalone proxy-server[129701]: 172.18.0.2 172.18.0.100 27/Jan/2026/09/03/25 PUT /v1/AUTH_bfaa595c6d824ce5a5015e1de8f5a4c4/gnocchi.3111936f-694e-4539-8a36-ed7c858ca1b6/1769040000.0_mean_300.0_v3 HTTP/1.0 201 - python-swiftclient-3.11.1 gAAAAABpeH8gAKX6... 16 - - tx9fc5dfe2f30043a3907c2-0069787f5d - 0.0292 - - 1769504605.164620876 1769504605.193858624 0
Jan 27 09:03:25 standalone container-server[127686]: 172.20.0.100 - - [27/Jan/2026:09:03:25 +0000] "PUT /d1/968/AUTH_bfaa595c6d824ce5a5015e1de8f5a4c4/gnocchi.3111936f-694e-4539-8a36-ed7c858ca1b6/none_v3" 201 - "PUT http://172.18.0.2:8080/d1/327/AUTH_bfaa595c6d824ce5a5015e1de8f5a4c4/gnocchi.3111936f-694e-4539-8a36-ed7c858ca1b6/none_v3" "txd659c98ee8194a8ea0abc-0069787f5d" "object-server 22" 0.0005 "-" 22 0
Jan 27 09:03:25 standalone object-server[127760]: 172.20.0.100 - - [27/Jan/2026:09:03:25 +0000] "PUT /d1/327/AUTH_bfaa595c6d824ce5a5015e1de8f5a4c4/gnocchi.3111936f-694e-4539-8a36-ed7c858ca1b6/none_v3" 201 - "PUT http://172.18.0.2:8080/v1/AUTH_bfaa595c6d824ce5a5015e1de8f5a4c4/gnocchi.3111936f-694e-4539-8a36-ed7c858ca1b6/none_v3" "txd659c98ee8194a8ea0abc-0069787f5d" "proxy-server 20" 0.0207 "-" 22 0
Jan 27 09:03:25 standalone proxy-server[129701]: 172.18.0.2 172.18.0.100 27/Jan/2026/09/03/25 PUT /v1/AUTH_bfaa595c6d824ce5a5015e1de8f5a4c4/gnocchi.3111936f-694e-4539-8a36-ed7c858ca1b6/none_v3 HTTP/1.0 201 - python-swiftclient-3.11.1 gAAAAABpeH8gAKX6... 22 - - txd659c98ee8194a8ea0abc-0069787f5d - 0.0299 - - 1769504605.198774099 1769504605.228631496 0
Jan 27 09:03:25 standalone container-server[127683]: 172.20.0.100 - - [27/Jan/2026:09:03:25 +0000] "HEAD /d1/579/AUTH_bfaa595c6d824ce5a5015e1de8f5a4c4/gnocchi.a8e7d714-4817-46c3-ba3b-dcf58c503c50" 404 - "HEAD http://172.18.0.2:8080/v1/AUTH_bfaa595c6d824ce5a5015e1de8f5a4c4/gnocchi.a8e7d714-4817-46c3-ba3b-dcf58c503c50?format=json&states=listing" "txb4950207f555419aa55f2-0069787f5d" "proxy-server 20" 0.0005 "-" 21 0
Jan 27 09:03:25 standalone object-server[127764]: 172.20.0.100 - - [27/Jan/2026:09:03:25 +0000] "GET /d1/474/AUTH_bfaa595c6d824ce5a5015e1de8f5a4c4/gnocchi.a8e7d714-4817-46c3-ba3b-dcf58c503c50/none_v3" 404 70 "GET http://172.18.0.2:8080/v1/AUTH_bfaa595c6d824ce5a5015e1de8f5a4c4/gnocchi.a8e7d714-4817-46c3-ba3b-dcf58c503c50/none_v3" "txb4950207f555419aa55f2-0069787f5d" "proxy-server 20" 0.0004 "-" 23 0
Jan 27 09:03:25 standalone proxy-server[129701]: 172.18.0.2 172.18.0.100 27/Jan/2026/09/03/25 GET /v1/AUTH_bfaa595c6d824ce5a5015e1de8f5a4c4/gnocchi.a8e7d714-4817-46c3-ba3b-dcf58c503c50/none_v3 HTTP/1.0 404 - python-swiftclient-3.11.1 gAAAAABpeH8gAKX6... - 70 - txb4950207f555419aa55f2-0069787f5d - 0.0098 - - 1769504605.245195627 1769504605.254946232 0
Jan 27 09:03:25 standalone account-server[127348]: 172.20.0.100 - - [27/Jan/2026:09:03:25 +0000] "PUT /d1/168/AUTH_bfaa595c6d824ce5a5015e1de8f5a4c4/gnocchi.a8e7d714-4817-46c3-ba3b-dcf58c503c50" 201 - "PUT http://172.20.0.100:6001/d1/579/AUTH_bfaa595c6d824ce5a5015e1de8f5a4c4/gnocchi.a8e7d714-4817-46c3-ba3b-dcf58c503c50" "txeac555f04669431983d14-0069787f5d" "container-server 20" 0.0138 "-" 18 0
Jan 27 09:03:25 standalone container-server[127680]: 172.20.0.100 - - [27/Jan/2026:09:03:25 +0000] "PUT /d1/579/AUTH_bfaa595c6d824ce5a5015e1de8f5a4c4/gnocchi.a8e7d714-4817-46c3-ba3b-dcf58c503c50" 201 - "PUT http://172.18.0.2:8080/v1/AUTH_bfaa595c6d824ce5a5015e1de8f5a4c4/gnocchi.a8e7d714-4817-46c3-ba3b-dcf58c503c50" "txeac555f04669431983d14-0069787f5d" "proxy-server 20" 0.0325 "-" 20 0
Jan 27 09:03:25 standalone proxy-server[129701]: 172.18.0.2 172.18.0.100 27/Jan/2026/09/03/25 PUT /v1/AUTH_bfaa595c6d824ce5a5015e1de8f5a4c4/gnocchi.a8e7d714-4817-46c3-ba3b-dcf58c503c50 HTTP/1.0 201 - python-swiftclient-3.11.1 gAAAAABpeH8gAKX6... - - - txeac555f04669431983d14-0069787f5d - 0.0380 - - 1769504605.258301497 1769504605.296258211 0
Jan 27 09:03:25 standalone container-server[127686]: 172.20.0.100 - - [27/Jan/2026:09:03:25 +0000] "HEAD /d1/579/AUTH_bfaa595c6d824ce5a5015e1de8f5a4c4/gnocchi.a8e7d714-4817-46c3-ba3b-dcf58c503c50" 204 - "HEAD http://172.18.0.2:8080/v1/AUTH_bfaa595c6d824ce5a5015e1de8f5a4c4/gnocchi.a8e7d714-4817-46c3-ba3b-dcf58c503c50?format=json&states=listing" "txa408d647e78242eca17ac-0069787f5d" "proxy-server 20" 0.0012 "-" 22 0
Jan 27 09:03:25 standalone proxy-server[129701]: - - 27/Jan/2026/09/03/25 HEAD /v1/AUTH_bfaa595c6d824ce5a5015e1de8f5a4c4/gnocchi.a8e7d714-4817-46c3-ba3b-dcf58c503c50%3Fformat%3Djson%26states%3Dlisting HTTP/1.0 204 - Swift - - - - txa408d647e78242eca17ac-0069787f5d - 0.0120 RL - 1769504605.301885605 1769504605.313910007 0
Jan 27 09:03:25 standalone container-server[127680]: 172.20.0.100 - - [27/Jan/2026:09:03:25 +0000] "GET /d1/579/AUTH_bfaa595c6d824ce5a5015e1de8f5a4c4/gnocchi.a8e7d714-4817-46c3-ba3b-dcf58c503c50" 200 2 "GET http://172.18.0.2:8080/v1/AUTH_bfaa595c6d824ce5a5015e1de8f5a4c4/gnocchi.a8e7d714-4817-46c3-ba3b-dcf58c503c50?format=json&states=listing" "txa408d647e78242eca17ac-0069787f5d" "proxy-server 20" 0.0024 "-" 20 0
Jan 27 09:03:25 standalone proxy-server[129701]: 172.18.0.2 172.18.0.100 27/Jan/2026/09/03/25 GET /v1/AUTH_bfaa595c6d824ce5a5015e1de8f5a4c4/gnocchi.a8e7d714-4817-46c3-ba3b-dcf58c503c50%3Fformat%3Djson%26states%3Dlisting HTTP/1.0 200 - python-swiftclient-3.11.1 gAAAAABpeH8gAKX6... - 2 - txa408d647e78242eca17ac-0069787f5d - 0.0208 - - 1769504605.300857782 1769504605.321694613 0
Jan 27 09:03:25 standalone object-server[127764]: 172.20.0.100 - - [27/Jan/2026:09:03:25 +0000] "GET /d1/35/AUTH_bfaa595c6d824ce5a5015e1de8f5a4c4/gnocchi.a8e7d714-4817-46c3-ba3b-dcf58c503c50/1769040000.0_mean_300.0_v3" 404 70 "GET http://172.18.0.2:8080/v1/AUTH_bfaa595c6d824ce5a5015e1de8f5a4c4/gnocchi.a8e7d714-4817-46c3-ba3b-dcf58c503c50/1769040000.0_mean_300.0_v3" "tx51bbae88d0644e849c3cb-0069787f5d" "proxy-server 20" 0.0003 "-" 23 0
Jan 27 09:03:25 standalone proxy-server[129701]: 172.18.0.2 172.18.0.100 27/Jan/2026/09/03/25 GET /v1/AUTH_bfaa595c6d824ce5a5015e1de8f5a4c4/gnocchi.a8e7d714-4817-46c3-ba3b-dcf58c503c50/1769040000.0_mean_300.0_v3 HTTP/1.0 404 - python-swiftclient-3.11.1 gAAAAABpeH8gAKX6... - 70 - tx51bbae88d0644e849c3cb-0069787f5d - 0.0046 - - 1769504605.326724052 1769504605.331282854 0
Jan 27 09:03:25 standalone container-server[127686]: 172.20.0.100 - - [27/Jan/2026:09:03:25 +0000] "PUT /d1/579/AUTH_bfaa595c6d824ce5a5015e1de8f5a4c4/gnocchi.a8e7d714-4817-46c3-ba3b-dcf58c503c50/1769040000.0_mean_300.0_v3" 201 - "PUT http://172.18.0.2:8080/d1/35/AUTH_bfaa595c6d824ce5a5015e1de8f5a4c4/gnocchi.a8e7d714-4817-46c3-ba3b-dcf58c503c50/1769040000.0_mean_300.0_v3" "tx1c5f5a76c73944bb98f93-0069787f5d" "object-server 23" 0.0005 "-" 22 0
Jan 27 09:03:25 standalone object-server[127764]: 172.20.0.100 - - [27/Jan/2026:09:03:25 +0000] "PUT /d1/35/AUTH_bfaa595c6d824ce5a5015e1de8f5a4c4/gnocchi.a8e7d714-4817-46c3-ba3b-dcf58c503c50/1769040000.0_mean_300.0_v3" 201 - "PUT http://172.18.0.2:8080/v1/AUTH_bfaa595c6d824ce5a5015e1de8f5a4c4/gnocchi.a8e7d714-4817-46c3-ba3b-dcf58c503c50/1769040000.0_mean_300.0_v3" "tx1c5f5a76c73944bb98f93-0069787f5d" "proxy-server 20" 0.0195 "-" 23 0
Jan 27 09:03:25 standalone proxy-server[129701]: 172.18.0.2 172.18.0.100 27/Jan/2026/09/03/25 PUT /v1/AUTH_bfaa595c6d824ce5a5015e1de8f5a4c4/gnocchi.a8e7d714-4817-46c3-ba3b-dcf58c503c50/1769040000.0_mean_300.0_v3 HTTP/1.0 201 - python-swiftclient-3.11.1 gAAAAABpeH8gAKX6... 16 - - tx1c5f5a76c73944bb98f93-0069787f5d - 0.0265 - - 1769504605.335724592 1769504605.362245798 0
Jan 27 09:03:25 standalone container-server[127686]: 172.20.0.100 - - [27/Jan/2026:09:03:25 +0000] "PUT /d1/579/AUTH_bfaa595c6d824ce5a5015e1de8f5a4c4/gnocchi.a8e7d714-4817-46c3-ba3b-dcf58c503c50/none_v3" 201 - "PUT http://172.18.0.2:8080/d1/474/AUTH_bfaa595c6d824ce5a5015e1de8f5a4c4/gnocchi.a8e7d714-4817-46c3-ba3b-dcf58c503c50/none_v3" "txf28579f04f454cab86e6c-0069787f5d" "object-server 24" 0.0005 "-" 22 0
Jan 27 09:03:25 standalone object-server[127765]: 172.20.0.100 - - [27/Jan/2026:09:03:25 +0000] "PUT /d1/474/AUTH_bfaa595c6d824ce5a5015e1de8f5a4c4/gnocchi.a8e7d714-4817-46c3-ba3b-dcf58c503c50/none_v3" 201 - "PUT http://172.18.0.2:8080/v1/AUTH_bfaa595c6d824ce5a5015e1de8f5a4c4/gnocchi.a8e7d714-4817-46c3-ba3b-dcf58c503c50/none_v3" "txf28579f04f454cab86e6c-0069787f5d" "proxy-server 20" 0.0106 "-" 24 0
Jan 27 09:03:25 standalone proxy-server[129701]: 172.18.0.2 172.18.0.100 27/Jan/2026/09/03/25 PUT /v1/AUTH_bfaa595c6d824ce5a5015e1de8f5a4c4/gnocchi.a8e7d714-4817-46c3-ba3b-dcf58c503c50/none_v3 HTTP/1.0 201 - python-swiftclient-3.11.1 gAAAAABpeH8gAKX6... 22 - - txf28579f04f454cab86e6c-0069787f5d - 0.0216 - - 1769504605.366009951 1769504605.387579203 0
Jan 27 09:03:33 standalone container-server[127690]: 172.20.0.100 - - [27/Jan/2026:09:03:33 +0000] "HEAD /d1/755/AUTH_bfaa595c6d824ce5a5015e1de8f5a4c4/gnocchi.aed8d663-16dc-44c0-8087-d6c1e2361e06" 404 - "HEAD http://172.18.0.2:8080/v1/AUTH_bfaa595c6d824ce5a5015e1de8f5a4c4/gnocchi.aed8d663-16dc-44c0-8087-d6c1e2361e06?format=json&states=listing" "tx1519d1ec6b55461c86281-0069787f65" "proxy-server 20" 0.0004 "-" 23 0
Jan 27 09:03:33 standalone object-server[127765]: 172.20.0.100 - - [27/Jan/2026:09:03:33 +0000] "GET /d1/772/AUTH_bfaa595c6d824ce5a5015e1de8f5a4c4/gnocchi.aed8d663-16dc-44c0-8087-d6c1e2361e06/none_v3" 404 70 "GET http://172.18.0.2:8080/v1/AUTH_bfaa595c6d824ce5a5015e1de8f5a4c4/gnocchi.aed8d663-16dc-44c0-8087-d6c1e2361e06/none_v3" "tx1519d1ec6b55461c86281-0069787f65" "proxy-server 20" 0.0005 "-" 24 0
Jan 27 09:03:33 standalone proxy-server[129701]: 172.18.0.2 172.18.0.100 27/Jan/2026/09/03/33 GET /v1/AUTH_bfaa595c6d824ce5a5015e1de8f5a4c4/gnocchi.aed8d663-16dc-44c0-8087-d6c1e2361e06/none_v3 HTTP/1.0 404 - python-swiftclient-3.11.1 gAAAAABpeH8gAKX6... - 70 - tx1519d1ec6b55461c86281-0069787f65 - 0.0087 - - 1769504613.049499273 1769504613.058214664 0
Jan 27 09:03:33 standalone account-server[127374]: 172.20.0.100 - - [27/Jan/2026:09:03:33 +0000] "PUT /d1/168/AUTH_bfaa595c6d824ce5a5015e1de8f5a4c4/gnocchi.aed8d663-16dc-44c0-8087-d6c1e2361e06" 201 - "PUT http://172.20.0.100:6001/d1/755/AUTH_bfaa595c6d824ce5a5015e1de8f5a4c4/gnocchi.aed8d663-16dc-44c0-8087-d6c1e2361e06" "tx1e66c7e66ffb491186d60-0069787f65" "container-server 20" 0.0055 "-" 19 0
Jan 27 09:03:33 standalone container-server[127680]: 172.20.0.100 - - [27/Jan/2026:09:03:33 +0000] "PUT /d1/755/AUTH_bfaa595c6d824ce5a5015e1de8f5a4c4/gnocchi.aed8d663-16dc-44c0-8087-d6c1e2361e06" 201 - "PUT http://172.18.0.2:8080/v1/AUTH_bfaa595c6d824ce5a5015e1de8f5a4c4/gnocchi.aed8d663-16dc-44c0-8087-d6c1e2361e06" "tx1e66c7e66ffb491186d60-0069787f65" "proxy-server 20" 0.0164 "-" 20 0
Jan 27 09:03:33 standalone proxy-server[129701]: 172.18.0.2 172.18.0.100 27/Jan/2026/09/03/33 PUT /v1/AUTH_bfaa595c6d824ce5a5015e1de8f5a4c4/gnocchi.aed8d663-16dc-44c0-8087-d6c1e2361e06 HTTP/1.0 201 - python-swiftclient-3.11.1 gAAAAABpeH8gAKX6... - - - tx1e66c7e66ffb491186d60-0069787f65 - 0.0203 - - 1769504613.061113358 1769504613.081439734 0
Jan 27 09:03:33 standalone container-server[127683]: 172.20.0.100 - - [27/Jan/2026:09:03:33 +0000] "HEAD /d1/755/AUTH_bfaa595c6d824ce5a5015e1de8f5a4c4/gnocchi.aed8d663-16dc-44c0-8087-d6c1e2361e06" 204 - "HEAD http://172.18.0.2:8080/v1/AUTH_bfaa595c6d824ce5a5015e1de8f5a4c4/gnocchi.aed8d663-16dc-44c0-8087-d6c1e2361e06?format=json&states=listing" "txa3cce2ecf03d40698c501-0069787f65" "proxy-server 20" 0.0021 "-" 21 0
Jan 27 09:03:33 standalone proxy-server[129701]: - - 27/Jan/2026/09/03/33 HEAD /v1/AUTH_bfaa595c6d824ce5a5015e1de8f5a4c4/gnocchi.aed8d663-16dc-44c0-8087-d6c1e2361e06%3Fformat%3Djson%26states%3Dlisting HTTP/1.0 204 - Swift - - - - txa3cce2ecf03d40698c501-0069787f65 - 0.0054 RL - 1769504613.090538979 1769504613.095927000 0
Jan 27 09:03:33 standalone container-server[127690]: 172.20.0.100 - - [27/Jan/2026:09:03:33 +0000] "GET /d1/755/AUTH_bfaa595c6d824ce5a5015e1de8f5a4c4/gnocchi.aed8d663-16dc-44c0-8087-d6c1e2361e06" 200 2 "GET http://172.18.0.2:8080/v1/AUTH_bfaa595c6d824ce5a5015e1de8f5a4c4/gnocchi.aed8d663-16dc-44c0-8087-d6c1e2361e06?format=json&states=listing" "txa3cce2ecf03d40698c501-0069787f65" "proxy-server 20" 0.0017 "-" 23 0
Jan 27 09:03:33 standalone proxy-server[129701]: 172.18.0.2 172.18.0.100 27/Jan/2026/09/03/33 GET /v1/AUTH_bfaa595c6d824ce5a5015e1de8f5a4c4/gnocchi.aed8d663-16dc-44c0-8087-d6c1e2361e06%3Fformat%3Djson%26states%3Dlisting HTTP/1.0 200 - python-swiftclient-3.11.1 gAAAAABpeH8gAKX6... - 2 - txa3cce2ecf03d40698c501-0069787f65 - 0.0134 - - 1769504613.089769363 1769504613.103132963 0
Jan 27 09:03:33 standalone object-server[127766]: 172.20.0.100 - - [27/Jan/2026:09:03:33 +0000] "GET /d1/346/AUTH_bfaa595c6d824ce5a5015e1de8f5a4c4/gnocchi.aed8d663-16dc-44c0-8087-d6c1e2361e06/1769040000.0_mean_300.0_v3" 404 70 "GET http://172.18.0.2:8080/v1/AUTH_bfaa595c6d824ce5a5015e1de8f5a4c4/gnocchi.aed8d663-16dc-44c0-8087-d6c1e2361e06/1769040000.0_mean_300.0_v3" "txe1de6fcde0984d048f8d2-0069787f65" "proxy-server 20" 0.0004 "-" 25 0
Jan 27 09:03:33 standalone proxy-server[129701]: 172.18.0.2 172.18.0.100 27/Jan/2026/09/03/33 GET /v1/AUTH_bfaa595c6d824ce5a5015e1de8f5a4c4/gnocchi.aed8d663-16dc-44c0-8087-d6c1e2361e06/1769040000.0_mean_300.0_v3 HTTP/1.0 404 - python-swiftclient-3.11.1 gAAAAABpeH8gAKX6... - 70 - txe1de6fcde0984d048f8d2-0069787f65 - 0.0061 - - 1769504613.108922958 1769504613.114989996 0
Jan 27 09:03:33 standalone container-server[127680]: 172.20.0.100 - - [27/Jan/2026:09:03:33 +0000] "PUT /d1/755/AUTH_bfaa595c6d824ce5a5015e1de8f5a4c4/gnocchi.aed8d663-16dc-44c0-8087-d6c1e2361e06/1769040000.0_mean_300.0_v3" 201 - "PUT http://172.18.0.2:8080/d1/346/AUTH_bfaa595c6d824ce5a5015e1de8f5a4c4/gnocchi.aed8d663-16dc-44c0-8087-d6c1e2361e06/1769040000.0_mean_300.0_v3" "tx2093e8e0f750444992831-0069787f65" "object-server 25" 0.0009 "-" 20 0
Jan 27 09:03:33 standalone object-server[127766]: 172.20.0.100 - - [27/Jan/2026:09:03:33 +0000] "PUT /d1/346/AUTH_bfaa595c6d824ce5a5015e1de8f5a4c4/gnocchi.aed8d663-16dc-44c0-8087-d6c1e2361e06/1769040000.0_mean_300.0_v3" 201 - "PUT http://172.18.0.2:8080/v1/AUTH_bfaa595c6d824ce5a5015e1de8f5a4c4/gnocchi.aed8d663-16dc-44c0-8087-d6c1e2361e06/1769040000.0_mean_300.0_v3" "tx2093e8e0f750444992831-0069787f65" "proxy-server 20" 0.0360 "-" 25 0
Jan 27 09:03:33 standalone proxy-server[129701]: 172.18.0.2 172.18.0.100 27/Jan/2026/09/03/33 PUT /v1/AUTH_bfaa595c6d824ce5a5015e1de8f5a4c4/gnocchi.aed8d663-16dc-44c0-8087-d6c1e2361e06/1769040000.0_mean_300.0_v3 HTTP/1.0 201 - python-swiftclient-3.11.1 gAAAAABpeH8gAKX6... 16 - - tx2093e8e0f750444992831-0069787f65 - 0.0426 - - 1769504613.118336678 1769504613.160962343 0
Jan 27 09:03:33 standalone container-server[127690]: 172.20.0.100 - - [27/Jan/2026:09:03:33 +0000] "PUT /d1/755/AUTH_bfaa595c6d824ce5a5015e1de8f5a4c4/gnocchi.aed8d663-16dc-44c0-8087-d6c1e2361e06/none_v3" 201 - "PUT http://172.18.0.2:8080/d1/772/AUTH_bfaa595c6d824ce5a5015e1de8f5a4c4/gnocchi.aed8d663-16dc-44c0-8087-d6c1e2361e06/none_v3" "txeffaf21f03954edbb78c8-0069787f65" "object-server 22" 0.0005 "-" 23 0
Jan 27 09:03:33 standalone object-server[127760]: 172.20.0.100 - - [27/Jan/2026:09:03:33 +0000] "PUT /d1/772/AUTH_bfaa595c6d824ce5a5015e1de8f5a4c4/gnocchi.aed8d663-16dc-44c0-8087-d6c1e2361e06/none_v3" 201 - "PUT http://172.18.0.2:8080/v1/AUTH_bfaa595c6d824ce5a5015e1de8f5a4c4/gnocchi.aed8d663-16dc-44c0-8087-d6c1e2361e06/none_v3" "txeffaf21f03954edbb78c8-0069787f65" "proxy-server 20" 0.0092 "-" 22 0
Jan 27 09:03:33 standalone proxy-server[129701]: 172.18.0.2 172.18.0.100 27/Jan/2026/09/03/33 PUT /v1/AUTH_bfaa595c6d824ce5a5015e1de8f5a4c4/gnocchi.aed8d663-16dc-44c0-8087-d6c1e2361e06/none_v3 HTTP/1.0 201 - python-swiftclient-3.11.1 gAAAAABpeH8gAKX6... 22 - - txeffaf21f03954edbb78c8-0069787f65 - 0.0165 - - 1769504613.165680408 1769504613.182213068 0
Jan 27 09:03:33 standalone container-server[127680]: 172.20.0.100 - - [27/Jan/2026:09:03:33 +0000] "HEAD /d1/391/AUTH_bfaa595c6d824ce5a5015e1de8f5a4c4/gnocchi.e6677a70-05ca-401a-a9a2-8b22fda7df00" 404 - "HEAD http://172.18.0.2:8080/v1/AUTH_bfaa595c6d824ce5a5015e1de8f5a4c4/gnocchi.e6677a70-05ca-401a-a9a2-8b22fda7df00?format=json&states=listing" "txc877bf643e944781bea3a-0069787f65" "proxy-server 20" 0.0005 "-" 20 0
Jan 27 09:03:33 standalone object-server[127765]: 172.20.0.100 - - [27/Jan/2026:09:03:33 +0000] "GET /d1/51/AUTH_bfaa595c6d824ce5a5015e1de8f5a4c4/gnocchi.e6677a70-05ca-401a-a9a2-8b22fda7df00/none_v3" 404 70 "GET http://172.18.0.2:8080/v1/AUTH_bfaa595c6d824ce5a5015e1de8f5a4c4/gnocchi.e6677a70-05ca-401a-a9a2-8b22fda7df00/none_v3" "txc877bf643e944781bea3a-0069787f65" "proxy-server 20" 0.0003 "-" 24 0
Jan 27 09:03:33 standalone proxy-server[129701]: 172.18.0.2 172.18.0.100 27/Jan/2026/09/03/33 GET /v1/AUTH_bfaa595c6d824ce5a5015e1de8f5a4c4/gnocchi.e6677a70-05ca-401a-a9a2-8b22fda7df00/none_v3 HTTP/1.0 404 - python-swiftclient-3.11.1 gAAAAABpeH8gAKX6... - 70 - txc877bf643e944781bea3a-0069787f65 - 0.0142 - - 1769504613.200525522 1769504613.214688778 0
Jan 27 09:03:33 standalone account-server[127374]: 172.20.0.100 - - [27/Jan/2026:09:03:33 +0000] "PUT /d1/168/AUTH_bfaa595c6d824ce5a5015e1de8f5a4c4/gnocchi.e6677a70-05ca-401a-a9a2-8b22fda7df00" 201 - "PUT http://172.20.0.100:6001/d1/391/AUTH_bfaa595c6d824ce5a5015e1de8f5a4c4/gnocchi.e6677a70-05ca-401a-a9a2-8b22fda7df00" "tx0db28bf9da904bf5880f8-0069787f65" "container-server 22" 0.0056 "-" 19 0
Jan 27 09:03:33 standalone container-server[127686]: 172.20.0.100 - - [27/Jan/2026:09:03:33 +0000] "PUT /d1/391/AUTH_bfaa595c6d824ce5a5015e1de8f5a4c4/gnocchi.e6677a70-05ca-401a-a9a2-8b22fda7df00" 201 - "PUT http://172.18.0.2:8080/v1/AUTH_bfaa595c6d824ce5a5015e1de8f5a4c4/gnocchi.e6677a70-05ca-401a-a9a2-8b22fda7df00" "tx0db28bf9da904bf5880f8-0069787f65" "proxy-server 20" 0.0222 "-" 22 0
Jan 27 09:03:33 standalone proxy-server[129701]: 172.18.0.2 172.18.0.100 27/Jan/2026/09/03/33 PUT /v1/AUTH_bfaa595c6d824ce5a5015e1de8f5a4c4/gnocchi.e6677a70-05ca-401a-a9a2-8b22fda7df00 HTTP/1.0 201 - python-swiftclient-3.11.1 gAAAAABpeH8gAKX6... - - - tx0db28bf9da904bf5880f8-0069787f65 - 0.0300 - - 1769504613.224946022 1769504613.254906893 0
Jan 27 09:03:33 standalone container-server[127680]: 172.20.0.100 - - [27/Jan/2026:09:03:33 +0000] "HEAD /d1/391/AUTH_bfaa595c6d824ce5a5015e1de8f5a4c4/gnocchi.e6677a70-05ca-401a-a9a2-8b22fda7df00" 204 - "HEAD http://172.18.0.2:8080/v1/AUTH_bfaa595c6d824ce5a5015e1de8f5a4c4/gnocchi.e6677a70-05ca-401a-a9a2-8b22fda7df00?format=json&states=listing" "tx6757dbb2dc8648a9bf64a-0069787f65" "proxy-server 20" 0.0021 "-" 20 0
Jan 27 09:03:33 standalone proxy-server[129701]: - - 27/Jan/2026/09/03/33 HEAD /v1/AUTH_bfaa595c6d824ce5a5015e1de8f5a4c4/gnocchi.e6677a70-05ca-401a-a9a2-8b22fda7df00%3Fformat%3Djson%26states%3Dlisting HTTP/1.0 204 - Swift - - - - tx6757dbb2dc8648a9bf64a-0069787f65 - 0.0077 RL - 1769504613.259363890 1769504613.267037630 0
Jan 27 09:03:33 standalone container-server[127690]: 172.20.0.100 - - [27/Jan/2026:09:03:33 +0000] "GET /d1/391/AUTH_bfaa595c6d824ce5a5015e1de8f5a4c4/gnocchi.e6677a70-05ca-401a-a9a2-8b22fda7df00" 200 2 "GET http://172.18.0.2:8080/v1/AUTH_bfaa595c6d824ce5a5015e1de8f5a4c4/gnocchi.e6677a70-05ca-401a-a9a2-8b22fda7df00?format=json&states=listing" "tx6757dbb2dc8648a9bf64a-0069787f65" "proxy-server 20" 0.0020 "-" 23 0
Jan 27 09:03:33 standalone proxy-server[129701]: 172.18.0.2 172.18.0.100 27/Jan/2026/09/03/33 GET /v1/AUTH_bfaa595c6d824ce5a5015e1de8f5a4c4/gnocchi.e6677a70-05ca-401a-a9a2-8b22fda7df00%3Fformat%3Djson%26states%3Dlisting HTTP/1.0 200 - python-swiftclient-3.11.1 gAAAAABpeH8gAKX6... - 2 - tx6757dbb2dc8648a9bf64a-0069787f65 - 0.0200 - - 1769504613.258219957 1769504613.278204203 0
Jan 27 09:03:33 standalone object-server[127765]: 172.20.0.100 - - [27/Jan/2026:09:03:33 +0000] "GET /d1/719/AUTH_bfaa595c6d824ce5a5015e1de8f5a4c4/gnocchi.e6677a70-05ca-401a-a9a2-8b22fda7df00/1769040000.0_mean_300.0_v3" 404 70 "GET http://172.18.0.2:8080/v1/AUTH_bfaa595c6d824ce5a5015e1de8f5a4c4/gnocchi.e6677a70-05ca-401a-a9a2-8b22fda7df00/1769040000.0_mean_300.0_v3" "tx71a9510ffe1b4af39f29c-0069787f65" "proxy-server 20" 0.0003 "-" 24 0
Jan 27 09:03:33 standalone proxy-server[129701]: 172.18.0.2 172.18.0.100 27/Jan/2026/09/03/33 GET /v1/AUTH_bfaa595c6d824ce5a5015e1de8f5a4c4/gnocchi.e6677a70-05ca-401a-a9a2-8b22fda7df00/1769040000.0_mean_300.0_v3 HTTP/1.0 404 - python-swiftclient-3.11.1 gAAAAABpeH8gAKX6... - 70 - tx71a9510ffe1b4af39f29c-0069787f65 - 0.0499 - - 1769504613.286014795 1769504613.335947990 0
Jan 27 09:03:33 standalone container-server[127683]: 172.20.0.100 - - [27/Jan/2026:09:03:33 +0000] "PUT /d1/391/AUTH_bfaa595c6d824ce5a5015e1de8f5a4c4/gnocchi.e6677a70-05ca-401a-a9a2-8b22fda7df00/1769040000.0_mean_300.0_v3" 201 - "PUT http://172.18.0.2:8080/d1/719/AUTH_bfaa595c6d824ce5a5015e1de8f5a4c4/gnocchi.e6677a70-05ca-401a-a9a2-8b22fda7df00/1769040000.0_mean_300.0_v3" "tx870b3a7a89d64251bb00e-0069787f65" "object-server 25" 0.0005 "-" 21 0
