Jan 27 09:05:24 standalone container-server[127680]: 172.20.0.100 - - [27/Jan/2026:09:05:24 +0000] "PUT /d1/604/AUTH_bfaa595c6d824ce5a5015e1de8f5a4c4/gnocchi.1802a938-b649-40cd-974a-fa5b6fe2c10a" 201 - "PUT http://172.18.0.2:8080/v1/AUTH_bfaa595c6d824ce5a5015e1de8f5a4c4/gnocchi.1802a938-b649-40cd-974a-fa5b6fe2c10a" "txc970e9ce1c11472aa9f56-0069787fd4" "proxy-server 20" 0.0195 "-" 20 0
Jan 27 09:05:24 standalone proxy-server[129701]: 172.18.0.2 172.18.0.100 27/Jan/2026/09/05/24 PUT /v1/AUTH_bfaa595c6d824ce5a5015e1de8f5a4c4/gnocchi.1802a938-b649-40cd-974a-fa5b6fe2c10a HTTP/1.0 201 - python-swiftclient-3.11.1 gAAAAABpeH8gAKX6... - - - txc970e9ce1c11472aa9f56-0069787fd4 - 0.0264 - - 1769504724.335505724 1769504724.361870527 0
Jan 27 09:05:24 standalone container-server[127690]: 172.20.0.100 - - [27/Jan/2026:09:05:24 +0000] "HEAD /d1/604/AUTH_bfaa595c6d824ce5a5015e1de8f5a4c4/gnocchi.1802a938-b649-40cd-974a-fa5b6fe2c10a" 204 - "HEAD http://172.18.0.2:8080/v1/AUTH_bfaa595c6d824ce5a5015e1de8f5a4c4/gnocchi.1802a938-b649-40cd-974a-fa5b6fe2c10a?format=json&states=listing" "txf535fed84fa54cc8ad1eb-0069787fd4" "proxy-server 20" 0.0020 "-" 23 0
Jan 27 09:05:24 standalone proxy-server[129701]: - - 27/Jan/2026/09/05/24 HEAD /v1/AUTH_bfaa595c6d824ce5a5015e1de8f5a4c4/gnocchi.1802a938-b649-40cd-974a-fa5b6fe2c10a%3Fformat%3Djson%26states%3Dlisting HTTP/1.0 204 - Swift - - - - txf535fed84fa54cc8ad1eb-0069787fd4 - 0.0067 RL - 1769504724.367934704 1769504724.374590397 0
Jan 27 09:05:24 standalone container-server[127690]: 172.20.0.100 - - [27/Jan/2026:09:05:24 +0000] "GET /d1/604/AUTH_bfaa595c6d824ce5a5015e1de8f5a4c4/gnocchi.1802a938-b649-40cd-974a-fa5b6fe2c10a" 200 2 "GET http://172.18.0.2:8080/v1/AUTH_bfaa595c6d824ce5a5015e1de8f5a4c4/gnocchi.1802a938-b649-40cd-974a-fa5b6fe2c10a?format=json&states=listing" "txf535fed84fa54cc8ad1eb-0069787fd4" "proxy-server 20" 0.0031 "-" 23 0
Jan 27 09:05:24 standalone proxy-server[129701]: 172.18.0.2 172.18.0.100 27/Jan/2026/09/05/24 GET /v1/AUTH_bfaa595c6d824ce5a5015e1de8f5a4c4/gnocchi.1802a938-b649-40cd-974a-fa5b6fe2c10a%3Fformat%3Djson%26states%3Dlisting HTTP/1.0 200 - python-swiftclient-3.11.1 gAAAAABpeH8gAKX6... - 2 - txf535fed84fa54cc8ad1eb-0069787fd4 - 0.0190 - - 1769504724.366494179 1769504724.385500908 0
Jan 27 09:05:24 standalone object-server[127766]: 172.20.0.100 - - [27/Jan/2026:09:05:24 +0000] "GET /d1/700/AUTH_bfaa595c6d824ce5a5015e1de8f5a4c4/gnocchi.1802a938-b649-40cd-974a-fa5b6fe2c10a/1769040000.0_mean_300.0_v3" 404 70 "GET http://172.18.0.2:8080/v1/AUTH_bfaa595c6d824ce5a5015e1de8f5a4c4/gnocchi.1802a938-b649-40cd-974a-fa5b6fe2c10a/1769040000.0_mean_300.0_v3" "txc8034b011de64be3884e9-0069787fd4" "proxy-server 20" 0.0005 "-" 25 0
Jan 27 09:05:24 standalone proxy-server[129701]: 172.18.0.2 172.18.0.100 27/Jan/2026/09/05/24 GET /v1/AUTH_bfaa595c6d824ce5a5015e1de8f5a4c4/gnocchi.1802a938-b649-40cd-974a-fa5b6fe2c10a/1769040000.0_mean_300.0_v3 HTTP/1.0 404 - python-swiftclient-3.11.1 gAAAAABpeH8gAKX6... - 70 - txc8034b011de64be3884e9-0069787fd4 - 0.0067 - - 1769504724.390082359 1769504724.396766424 0
Jan 27 09:05:24 standalone container-server[127690]: 172.20.0.100 - - [27/Jan/2026:09:05:24 +0000] "PUT /d1/604/AUTH_bfaa595c6d824ce5a5015e1de8f5a4c4/gnocchi.1802a938-b649-40cd-974a-fa5b6fe2c10a/1769040000.0_mean_300.0_v3" 201 - "PUT http://172.18.0.2:8080/d1/700/AUTH_bfaa595c6d824ce5a5015e1de8f5a4c4/gnocchi.1802a938-b649-40cd-974a-fa5b6fe2c10a/1769040000.0_mean_300.0_v3" "tx11515d2196f947128faa3-0069787fd4" "object-server 25" 0.0007 "-" 23 0
Jan 27 09:05:24 standalone object-server[127766]: 172.20.0.100 - - [27/Jan/2026:09:05:24 +0000] "PUT /d1/700/AUTH_bfaa595c6d824ce5a5015e1de8f5a4c4/gnocchi.1802a938-b649-40cd-974a-fa5b6fe2c10a/1769040000.0_mean_300.0_v3" 201 - "PUT http://172.18.0.2:8080/v1/AUTH_bfaa595c6d824ce5a5015e1de8f5a4c4/gnocchi.1802a938-b649-40cd-974a-fa5b6fe2c10a/1769040000.0_mean_300.0_v3" "tx11515d2196f947128faa3-0069787fd4" "proxy-server 20" 0.0133 "-" 25 0
Jan 27 09:05:24 standalone proxy-server[129701]: 172.18.0.2 172.18.0.100 27/Jan/2026/09/05/24 PUT /v1/AUTH_bfaa595c6d824ce5a5015e1de8f5a4c4/gnocchi.1802a938-b649-40cd-974a-fa5b6fe2c10a/1769040000.0_mean_300.0_v3 HTTP/1.0 201 - python-swiftclient-3.11.1 gAAAAABpeH8gAKX6... 16 - - tx11515d2196f947128faa3-0069787fd4 - 0.0187 - - 1769504724.401184797 1769504724.419913530 0
Jan 27 09:05:24 standalone container-server[127680]: 172.20.0.100 - - [27/Jan/2026:09:05:24 +0000] "PUT /d1/604/AUTH_bfaa595c6d824ce5a5015e1de8f5a4c4/gnocchi.1802a938-b649-40cd-974a-fa5b6fe2c10a/none_v3" 201 - "PUT http://172.18.0.2:8080/d1/410/AUTH_bfaa595c6d824ce5a5015e1de8f5a4c4/gnocchi.1802a938-b649-40cd-974a-fa5b6fe2c10a/none_v3" "txbc70ae7a03ec4ce4981cf-0069787fd4" "object-server 25" 0.0008 "-" 20 0
Jan 27 09:05:24 standalone object-server[127766]: 172.20.0.100 - - [27/Jan/2026:09:05:24 +0000] "PUT /d1/410/AUTH_bfaa595c6d824ce5a5015e1de8f5a4c4/gnocchi.1802a938-b649-40cd-974a-fa5b6fe2c10a/none_v3" 201 - "PUT http://172.18.0.2:8080/v1/AUTH_bfaa595c6d824ce5a5015e1de8f5a4c4/gnocchi.1802a938-b649-40cd-974a-fa5b6fe2c10a/none_v3" "txbc70ae7a03ec4ce4981cf-0069787fd4" "proxy-server 20" 0.0109 "-" 25 0
Jan 27 09:05:24 standalone proxy-server[129701]: 172.18.0.2 172.18.0.100 27/Jan/2026/09/05/24 PUT /v1/AUTH_bfaa595c6d824ce5a5015e1de8f5a4c4/gnocchi.1802a938-b649-40cd-974a-fa5b6fe2c10a/none_v3 HTTP/1.0 201 - python-swiftclient-3.11.1 gAAAAABpeH8gAKX6... 22 - - txbc70ae7a03ec4ce4981cf-0069787fd4 - 0.0162 - - 1769504724.422996044 1769504724.439200401 0
Jan 27 09:05:24 standalone container-server[127686]: 172.20.0.100 - - [27/Jan/2026:09:05:24 +0000] "HEAD /d1/86/AUTH_bfaa595c6d824ce5a5015e1de8f5a4c4/gnocchi.5c76b4e6-1c56-4c95-8454-4bb60fbc0e86" 404 - "HEAD http://172.18.0.2:8080/v1/AUTH_bfaa595c6d824ce5a5015e1de8f5a4c4/gnocchi.5c76b4e6-1c56-4c95-8454-4bb60fbc0e86?format=json&states=listing" "tx3d86560b79a14938bc7f1-0069787fd4" "proxy-server 20" 0.0005 "-" 22 0
Jan 27 09:05:24 standalone object-server[127765]: 172.20.0.100 - - [27/Jan/2026:09:05:24 +0000] "GET /d1/220/AUTH_bfaa595c6d824ce5a5015e1de8f5a4c4/gnocchi.5c76b4e6-1c56-4c95-8454-4bb60fbc0e86/none_v3" 404 70 "GET http://172.18.0.2:8080/v1/AUTH_bfaa595c6d824ce5a5015e1de8f5a4c4/gnocchi.5c76b4e6-1c56-4c95-8454-4bb60fbc0e86/none_v3" "tx3d86560b79a14938bc7f1-0069787fd4" "proxy-server 20" 0.0004 "-" 24 0
Jan 27 09:05:24 standalone proxy-server[129701]: 172.18.0.2 172.18.0.100 27/Jan/2026/09/05/24 GET /v1/AUTH_bfaa595c6d824ce5a5015e1de8f5a4c4/gnocchi.5c76b4e6-1c56-4c95-8454-4bb60fbc0e86/none_v3 HTTP/1.0 404 - python-swiftclient-3.11.1 gAAAAABpeH8gAKX6... - 70 - tx3d86560b79a14938bc7f1-0069787fd4 - 0.0157 - - 1769504724.454802275 1769504724.470477343 0
Jan 27 09:05:24 standalone account-server[127396]: 172.20.0.100 - - [27/Jan/2026:09:05:24 +0000] "PUT /d1/168/AUTH_bfaa595c6d824ce5a5015e1de8f5a4c4/gnocchi.5c76b4e6-1c56-4c95-8454-4bb60fbc0e86" 201 - "PUT http://172.20.0.100:6001/d1/86/AUTH_bfaa595c6d824ce5a5015e1de8f5a4c4/gnocchi.5c76b4e6-1c56-4c95-8454-4bb60fbc0e86" "tx4c219964680646b7900de-0069787fd4" "container-server 22" 0.0054 "-" 20 0
Jan 27 09:05:24 standalone container-server[127686]: 172.20.0.100 - - [27/Jan/2026:09:05:24 +0000] "PUT /d1/86/AUTH_bfaa595c6d824ce5a5015e1de8f5a4c4/gnocchi.5c76b4e6-1c56-4c95-8454-4bb60fbc0e86" 201 - "PUT http://172.18.0.2:8080/v1/AUTH_bfaa595c6d824ce5a5015e1de8f5a4c4/gnocchi.5c76b4e6-1c56-4c95-8454-4bb60fbc0e86" "tx4c219964680646b7900de-0069787fd4" "proxy-server 20" 0.0234 "-" 22 0
Jan 27 09:05:24 standalone proxy-server[129701]: 172.18.0.2 172.18.0.100 27/Jan/2026/09/05/24 PUT /v1/AUTH_bfaa595c6d824ce5a5015e1de8f5a4c4/gnocchi.5c76b4e6-1c56-4c95-8454-4bb60fbc0e86 HTTP/1.0 201 - python-swiftclient-3.11.1 gAAAAABpeH8gAKX6... - - - tx4c219964680646b7900de-0069787fd4 - 0.0339 - - 1769504724.474841595 1769504724.508779287 0
Jan 27 09:05:24 standalone container-server[127686]: 172.20.0.100 - - [27/Jan/2026:09:05:24 +0000] "HEAD /d1/86/AUTH_bfaa595c6d824ce5a5015e1de8f5a4c4/gnocchi.5c76b4e6-1c56-4c95-8454-4bb60fbc0e86" 204 - "HEAD http://172.18.0.2:8080/v1/AUTH_bfaa595c6d824ce5a5015e1de8f5a4c4/gnocchi.5c76b4e6-1c56-4c95-8454-4bb60fbc0e86?format=json&states=listing" "tx0753e4f78e604fc599028-0069787fd4" "proxy-server 20" 0.0020 "-" 22 0
Jan 27 09:05:24 standalone proxy-server[129701]: - - 27/Jan/2026/09/05/24 HEAD /v1/AUTH_bfaa595c6d824ce5a5015e1de8f5a4c4/gnocchi.5c76b4e6-1c56-4c95-8454-4bb60fbc0e86%3Fformat%3Djson%26states%3Dlisting HTTP/1.0 204 - Swift - - - - tx0753e4f78e604fc599028-0069787fd4 - 0.0070 RL - 1769504724.515114546 1769504724.522161007 0
Jan 27 09:05:24 standalone container-server[127690]: 172.20.0.100 - - [27/Jan/2026:09:05:24 +0000] "GET /d1/86/AUTH_bfaa595c6d824ce5a5015e1de8f5a4c4/gnocchi.5c76b4e6-1c56-4c95-8454-4bb60fbc0e86" 200 2 "GET http://172.18.0.2:8080/v1/AUTH_bfaa595c6d824ce5a5015e1de8f5a4c4/gnocchi.5c76b4e6-1c56-4c95-8454-4bb60fbc0e86?format=json&states=listing" "tx0753e4f78e604fc599028-0069787fd4" "proxy-server 20" 0.0039 "-" 23 0
Jan 27 09:05:24 standalone proxy-server[129701]: 172.18.0.2 172.18.0.100 27/Jan/2026/09/05/24 GET /v1/AUTH_bfaa595c6d824ce5a5015e1de8f5a4c4/gnocchi.5c76b4e6-1c56-4c95-8454-4bb60fbc0e86%3Fformat%3Djson%26states%3Dlisting HTTP/1.0 200 - python-swiftclient-3.11.1 gAAAAABpeH8gAKX6... - 2 - tx0753e4f78e604fc599028-0069787fd4 - 0.0250 - - 1769504724.513666153 1769504724.538694859 0
Jan 27 09:05:24 standalone object-server[127766]: 172.20.0.100 - - [27/Jan/2026:09:05:24 +0000] "GET /d1/373/AUTH_bfaa595c6d824ce5a5015e1de8f5a4c4/gnocchi.5c76b4e6-1c56-4c95-8454-4bb60fbc0e86/1769040000.0_mean_300.0_v3" 404 70 "GET http://172.18.0.2:8080/v1/AUTH_bfaa595c6d824ce5a5015e1de8f5a4c4/gnocchi.5c76b4e6-1c56-4c95-8454-4bb60fbc0e86/1769040000.0_mean_300.0_v3" "tx4e81029c6d1340589349d-0069787fd4" "proxy-server 20" 0.0005 "-" 25 0
Jan 27 09:05:24 standalone proxy-server[129701]: 172.18.0.2 172.18.0.100 27/Jan/2026/09/05/24 GET /v1/AUTH_bfaa595c6d824ce5a5015e1de8f5a4c4/gnocchi.5c76b4e6-1c56-4c95-8454-4bb60fbc0e86/1769040000.0_mean_300.0_v3 HTTP/1.0 404 - python-swiftclient-3.11.1 gAAAAABpeH8gAKX6... - 70 - tx4e81029c6d1340589349d-0069787fd4 - 0.0079 - - 1769504724.543966532 1769504724.551900387 0
Jan 27 09:05:24 standalone container-server[127690]: 172.20.0.100 - - [27/Jan/2026:09:05:24 +0000] "PUT /d1/86/AUTH_bfaa595c6d824ce5a5015e1de8f5a4c4/gnocchi.5c76b4e6-1c56-4c95-8454-4bb60fbc0e86/1769040000.0_mean_300.0_v3" 201 - "PUT http://172.18.0.2:8080/d1/373/AUTH_bfaa595c6d824ce5a5015e1de8f5a4c4/gnocchi.5c76b4e6-1c56-4c95-8454-4bb60fbc0e86/1769040000.0_mean_300.0_v3" "tx54c69506e7784ba6b5b97-0069787fd4" "object-server 22" 0.0008 "-" 23 0
Jan 27 09:05:24 standalone object-server[127760]: 172.20.0.100 - - [27/Jan/2026:09:05:24 +0000] "PUT /d1/373/AUTH_bfaa595c6d824ce5a5015e1de8f5a4c4/gnocchi.5c76b4e6-1c56-4c95-8454-4bb60fbc0e86/1769040000.0_mean_300.0_v3" 201 - "PUT http://172.18.0.2:8080/v1/AUTH_bfaa595c6d824ce5a5015e1de8f5a4c4/gnocchi.5c76b4e6-1c56-4c95-8454-4bb60fbc0e86/1769040000.0_mean_300.0_v3" "tx54c69506e7784ba6b5b97-0069787fd4" "proxy-server 20" 0.0120 "-" 22 0
Jan 27 09:05:24 standalone proxy-server[129701]: 172.18.0.2 172.18.0.100 27/Jan/2026/09/05/24 PUT /v1/AUTH_bfaa595c6d824ce5a5015e1de8f5a4c4/gnocchi.5c76b4e6-1c56-4c95-8454-4bb60fbc0e86/1769040000.0_mean_300.0_v3 HTTP/1.0 201 - python-swiftclient-3.11.1 gAAAAABpeH8gAKX6... 16 - - tx54c69506e7784ba6b5b97-0069787fd4 - 0.0205 - - 1769504724.555903912 1769504724.576414108 0
Jan 27 09:05:24 standalone container-server[127690]: 172.20.0.100 - - [27/Jan/2026:09:05:24 +0000] "PUT /d1/86/AUTH_bfaa595c6d824ce5a5015e1de8f5a4c4/gnocchi.5c76b4e6-1c56-4c95-8454-4bb60fbc0e86/none_v3" 201 - "PUT http://172.18.0.2:8080/d1/220/AUTH_bfaa595c6d824ce5a5015e1de8f5a4c4/gnocchi.5c76b4e6-1c56-4c95-8454-4bb60fbc0e86/none_v3" "tx8f05edd19ca94546b9882-0069787fd4" "object-server 22" 0.0008 "-" 23 0
Jan 27 09:05:24 standalone object-server[127760]: 172.20.0.100 - - [27/Jan/2026:09:05:24 +0000] "PUT /d1/220/AUTH_bfaa595c6d824ce5a5015e1de8f5a4c4/gnocchi.5c76b4e6-1c56-4c95-8454-4bb60fbc0e86/none_v3" 201 - "PUT http://172.18.0.2:8080/v1/AUTH_bfaa595c6d824ce5a5015e1de8f5a4c4/gnocchi.5c76b4e6-1c56-4c95-8454-4bb60fbc0e86/none_v3" "tx8f05edd19ca94546b9882-0069787fd4" "proxy-server 20" 0.0120 "-" 22 0
Jan 27 09:05:24 standalone proxy-server[129701]: 172.18.0.2 172.18.0.100 27/Jan/2026/09/05/24 PUT /v1/AUTH_bfaa595c6d824ce5a5015e1de8f5a4c4/gnocchi.5c76b4e6-1c56-4c95-8454-4bb60fbc0e86/none_v3 HTTP/1.0 201 - python-swiftclient-3.11.1 gAAAAABpeH8gAKX6... 22 - - tx8f05edd19ca94546b9882-0069787fd4 - 0.0217 - - 1769504724.627042532 1769504724.648724079 0
Jan 27 09:05:24 standalone container-server[127680]: 172.20.0.100 - - [27/Jan/2026:09:05:24 +0000] "HEAD /d1/530/AUTH_bfaa595c6d824ce5a5015e1de8f5a4c4/gnocchi.6403c542-44ab-4f3a-845a-28cae6cd1011" 404 - "HEAD http://172.18.0.2:8080/v1/AUTH_bfaa595c6d824ce5a5015e1de8f5a4c4/gnocchi.6403c542-44ab-4f3a-845a-28cae6cd1011?format=json&states=listing" "txffb8fc86c9a942aa9a100-0069787fd4" "proxy-server 20" 0.0007 "-" 20 0
Jan 27 09:05:24 standalone object-server[127764]: 172.20.0.100 - - [27/Jan/2026:09:05:24 +0000] "GET /d1/117/AUTH_bfaa595c6d824ce5a5015e1de8f5a4c4/gnocchi.6403c542-44ab-4f3a-845a-28cae6cd1011/none_v3" 404 70 "GET http://172.18.0.2:8080/v1/AUTH_bfaa595c6d824ce5a5015e1de8f5a4c4/gnocchi.6403c542-44ab-4f3a-845a-28cae6cd1011/none_v3" "txffb8fc86c9a942aa9a100-0069787fd4" "proxy-server 20" 0.0005 "-" 23 0
Jan 27 09:05:24 standalone proxy-server[129701]: 172.18.0.2 172.18.0.100 27/Jan/2026/09/05/24 GET /v1/AUTH_bfaa595c6d824ce5a5015e1de8f5a4c4/gnocchi.6403c542-44ab-4f3a-845a-28cae6cd1011/none_v3 HTTP/1.0 404 - python-swiftclient-3.11.1 gAAAAABpeH8gAKX6... - 70 - txffb8fc86c9a942aa9a100-0069787fd4 - 0.0144 - - 1769504724.664792776 1769504724.679163218 0
Jan 27 09:05:24 standalone account-server[127348]: 172.20.0.100 - - [27/Jan/2026:09:05:24 +0000] "PUT /d1/168/AUTH_bfaa595c6d824ce5a5015e1de8f5a4c4/gnocchi.6403c542-44ab-4f3a-845a-28cae6cd1011" 201 - "PUT http://172.20.0.100:6001/d1/530/AUTH_bfaa595c6d824ce5a5015e1de8f5a4c4/gnocchi.6403c542-44ab-4f3a-845a-28cae6cd1011" "txbf01a888d8a74108ab911-0069787fd4" "container-server 22" 0.0064 "-" 18 0
Jan 27 09:05:24 standalone container-server[127686]: 172.20.0.100 - - [27/Jan/2026:09:05:24 +0000] "PUT /d1/530/AUTH_bfaa595c6d824ce5a5015e1de8f5a4c4/gnocchi.6403c542-44ab-4f3a-845a-28cae6cd1011" 201 - "PUT http://172.18.0.2:8080/v1/AUTH_bfaa595c6d824ce5a5015e1de8f5a4c4/gnocchi.6403c542-44ab-4f3a-845a-28cae6cd1011" "txbf01a888d8a74108ab911-0069787fd4" "proxy-server 20" 0.0215 "-" 22 0
Jan 27 09:05:24 standalone proxy-server[129701]: 172.18.0.2 172.18.0.100 27/Jan/2026/09/05/24 PUT /v1/AUTH_bfaa595c6d824ce5a5015e1de8f5a4c4/gnocchi.6403c542-44ab-4f3a-845a-28cae6cd1011 HTTP/1.0 201 - python-swiftclient-3.11.1 gAAAAABpeH8gAKX6... - - - txbf01a888d8a74108ab911-0069787fd4 - 0.0297 - - 1769504724.684473038 1769504724.714196682 0
Jan 27 09:05:24 standalone container-server[127686]: 172.20.0.100 - - [27/Jan/2026:09:05:24 +0000] "HEAD /d1/530/AUTH_bfaa595c6d824ce5a5015e1de8f5a4c4/gnocchi.6403c542-44ab-4f3a-845a-28cae6cd1011" 204 - "HEAD http://172.18.0.2:8080/v1/AUTH_bfaa595c6d824ce5a5015e1de8f5a4c4/gnocchi.6403c542-44ab-4f3a-845a-28cae6cd1011?format=json&states=listing" "tx5c209d6b899849a186b96-0069787fd4" "proxy-server 20" 0.0020 "-" 22 0
Jan 27 09:05:24 standalone proxy-server[129701]: - - 27/Jan/2026/09/05/24 HEAD /v1/AUTH_bfaa595c6d824ce5a5015e1de8f5a4c4/gnocchi.6403c542-44ab-4f3a-845a-28cae6cd1011%3Fformat%3Djson%26states%3Dlisting HTTP/1.0 204 - Swift - - - - tx5c209d6b899849a186b96-0069787fd4 - 0.0075 RL - 1769504724.722536802 1769504724.730054140 0
Jan 27 09:05:24 standalone container-server[127683]: 172.20.0.100 - - [27/Jan/2026:09:05:24 +0000] "GET /d1/530/AUTH_bfaa595c6d824ce5a5015e1de8f5a4c4/gnocchi.6403c542-44ab-4f3a-845a-28cae6cd1011" 200 2 "GET http://172.18.0.2:8080/v1/AUTH_bfaa595c6d824ce5a5015e1de8f5a4c4/gnocchi.6403c542-44ab-4f3a-845a-28cae6cd1011?format=json&states=listing" "tx5c209d6b899849a186b96-0069787fd4" "proxy-server 20" 0.0039 "-" 21 0
Jan 27 09:05:24 standalone proxy-server[129701]: 172.18.0.2 172.18.0.100 27/Jan/2026/09/05/24 GET /v1/AUTH_bfaa595c6d824ce5a5015e1de8f5a4c4/gnocchi.6403c542-44ab-4f3a-845a-28cae6cd1011%3Fformat%3Djson%26states%3Dlisting HTTP/1.0 200 - python-swiftclient-3.11.1 gAAAAABpeH8gAKX6... - 2 - tx5c209d6b899849a186b96-0069787fd4 - 0.0240 - - 1769504724.720428228 1769504724.744411230 0
Jan 27 09:05:24 standalone object-server[127760]: 172.20.0.100 - - [27/Jan/2026:09:05:24 +0000] "GET /d1/735/AUTH_bfaa595c6d824ce5a5015e1de8f5a4c4/gnocchi.6403c542-44ab-4f3a-845a-28cae6cd1011/1769040000.0_mean_300.0_v3" 404 70 "GET http://172.18.0.2:8080/v1/AUTH_bfaa595c6d824ce5a5015e1de8f5a4c4/gnocchi.6403c542-44ab-4f3a-845a-28cae6cd1011/1769040000.0_mean_300.0_v3" "tx0d76cd291bdc44b4b0e8d-0069787fd4" "proxy-server 20" 0.0006 "-" 22 0
Jan 27 09:05:24 standalone proxy-server[129701]: 172.18.0.2 172.18.0.100 27/Jan/2026/09/05/24 GET /v1/AUTH_bfaa595c6d824ce5a5015e1de8f5a4c4/gnocchi.6403c542-44ab-4f3a-845a-28cae6cd1011/1769040000.0_mean_300.0_v3 HTTP/1.0 404 - python-swiftclient-3.11.1 gAAAAABpeH8gAKX6... - 70 - tx0d76cd291bdc44b4b0e8d-0069787fd4 - 0.0091 - - 1769504724.750928164 1769504724.760055780 0
Jan 27 09:05:24 standalone container-server[127680]: 172.20.0.100 - - [27/Jan/2026:09:05:24 +0000] "PUT /d1/530/AUTH_bfaa595c6d824ce5a5015e1de8f5a4c4/gnocchi.6403c542-44ab-4f3a-845a-28cae6cd1011/1769040000.0_mean_300.0_v3" 201 - "PUT http://172.18.0.2:8080/d1/735/AUTH_bfaa595c6d824ce5a5015e1de8f5a4c4/gnocchi.6403c542-44ab-4f3a-845a-28cae6cd1011/1769040000.0_mean_300.0_v3" "txb19decbc945249e3ab7b7-0069787fd4" "object-server 25" 0.0008 "-" 20 0
Jan 27 09:05:24 standalone object-server[127766]: 172.20.0.100 - - [27/Jan/2026:09:05:24 +0000] "PUT /d1/735/AUTH_bfaa595c6d824ce5a5015e1de8f5a4c4/gnocchi.6403c542-44ab-4f3a-845a-28cae6cd1011/1769040000.0_mean_300.0_v3" 201 - "PUT http://172.18.0.2:8080/v1/AUTH_bfaa595c6d824ce5a5015e1de8f5a4c4/gnocchi.6403c542-44ab-4f3a-845a-28cae6cd1011/1769040000.0_mean_300.0_v3" "txb19decbc945249e3ab7b7-0069787fd4" "proxy-server 20" 0.0118 "-" 25 0
Jan 27 09:05:24 standalone proxy-server[129701]: 172.18.0.2 172.18.0.100 27/Jan/2026/09/05/24 PUT /v1/AUTH_bfaa595c6d824ce5a5015e1de8f5a4c4/gnocchi.6403c542-44ab-4f3a-845a-28cae6cd1011/1769040000.0_mean_300.0_v3 HTTP/1.0 201 - python-swiftclient-3.11.1 gAAAAABpeH8gAKX6... 16 - - txb19decbc945249e3ab7b7-0069787fd4 - 0.0207 - - 1769504724.766290426 1769504724.787019730 0
Jan 27 09:05:24 standalone container-server[127690]: 172.20.0.100 - - [27/Jan/2026:09:05:24 +0000] "PUT /d1/530/AUTH_bfaa595c6d824ce5a5015e1de8f5a4c4/gnocchi.6403c542-44ab-4f3a-845a-28cae6cd1011/none_v3" 201 - "PUT http://172.18.0.2:8080/d1/117/AUTH_bfaa595c6d824ce5a5015e1de8f5a4c4/gnocchi.6403c542-44ab-4f3a-845a-28cae6cd1011/none_v3" "txb819bbe5a26145e5908d8-0069787fd4" "object-server 23" 0.0009 "-" 23 0
Jan 27 09:05:24 standalone object-server[127764]: 172.20.0.100 - - [27/Jan/2026:09:05:24 +0000] "PUT /d1/117/AUTH_bfaa595c6d824ce5a5015e1de8f5a4c4/gnocchi.6403c542-44ab-4f3a-845a-28cae6cd1011/none_v3" 201 - "PUT http://172.18.0.2:8080/v1/AUTH_bfaa595c6d824ce5a5015e1de8f5a4c4/gnocchi.6403c542-44ab-4f3a-845a-28cae6cd1011/none_v3" "txb819bbe5a26145e5908d8-0069787fd4" "proxy-server 20" 0.0132 "-" 23 0
Jan 27 09:05:24 standalone proxy-server[129701]: 172.18.0.2 172.18.0.100 27/Jan/2026/09/05/24 PUT /v1/AUTH_bfaa595c6d824ce5a5015e1de8f5a4c4/gnocchi.6403c542-44ab-4f3a-845a-28cae6cd1011/none_v3 HTTP/1.0 201 - python-swiftclient-3.11.1 gAAAAABpeH8gAKX6... 22 - - txb819bbe5a26145e5908d8-0069787fd4 - 0.0212 - - 1769504724.791338682 1769504724.812496185 0
Jan 27 09:05:24 standalone container-server[127686]: 172.20.0.100 - - [27/Jan/2026:09:05:24 +0000] "HEAD /d1/354/AUTH_bfaa595c6d824ce5a5015e1de8f5a4c4/gnocchi.4d2d451e-b4cd-4801-9c38-4b024f423f1f" 404 - "HEAD http://172.18.0.2:8080/v1/AUTH_bfaa595c6d824ce5a5015e1de8f5a4c4/gnocchi.4d2d451e-b4cd-4801-9c38-4b024f423f1f?format=json&states=listing" "txb57c93467e2e4096baf3b-0069787fd4" "proxy-server 20" 0.0006 "-" 22 0
Jan 27 09:05:24 standalone object-server[127765]: 172.20.0.100 - - [27/Jan/2026:09:05:24 +0000] "GET /d1/403/AUTH_bfaa595c6d824ce5a5015e1de8f5a4c4/gnocchi.4d2d451e-b4cd-4801-9c38-4b024f423f1f/none_v3" 404 70 "GET http://172.18.0.2:8080/v1/AUTH_bfaa595c6d824ce5a5015e1de8f5a4c4/gnocchi.4d2d451e-b4cd-4801-9c38-4b024f423f1f/none_v3" "txb57c93467e2e4096baf3b-0069787fd4" "proxy-server 20" 0.0005 "-" 24 0
Jan 27 09:05:24 standalone proxy-server[129701]: 172.18.0.2 172.18.0.100 27/Jan/2026/09/05/24 GET /v1/AUTH_bfaa595c6d824ce5a5015e1de8f5a4c4/gnocchi.4d2d451e-b4cd-4801-9c38-4b024f423f1f/none_v3 HTTP/1.0 404 - python-swiftclient-3.11.1 gAAAAABpeH8gAKX6... - 70 - txb57c93467e2e4096baf3b-0069787fd4 - 0.0145 - - 1769504724.826753616 1769504724.841244936 0
Jan 27 09:05:24 standalone account-server[127348]: 172.20.0.100 - - [27/Jan/2026:09:05:24 +0000] "PUT /d1/168/AUTH_bfaa595c6d824ce5a5015e1de8f5a4c4/gnocchi.4d2d451e-b4cd-4801-9c38-4b024f423f1f" 201 - "PUT http://172.20.0.100:6001/d1/354/AUTH_bfaa595c6d824ce5a5015e1de8f5a4c4/gnocchi.4d2d451e-b4cd-4801-9c38-4b024f423f1f" "txf66779d46ec144f79211a-0069787fd4" "container-server 22" 0.0059 "-" 18 0
Jan 27 09:05:24 standalone container-server[127686]: 172.20.0.100 - - [27/Jan/2026:09:05:24 +0000] "PUT /d1/354/AUTH_bfaa595c6d824ce5a5015e1de8f5a4c4/gnocchi.4d2d451e-b4cd-4801-9c38-4b024f423f1f" 201 - "PUT http://172.18.0.2:8080/v1/AUTH_bfaa595c6d824ce5a5015e1de8f5a4c4/gnocchi.4d2d451e-b4cd-4801-9c38-4b024f423f1f" "txf66779d46ec144f79211a-0069787fd4" "proxy-server 20" 0.0189 "-" 22 0
Jan 27 09:05:24 standalone proxy-server[129701]: 172.18.0.2 172.18.0.100 27/Jan/2026/09/05/24 PUT /v1/AUTH_bfaa595c6d824ce5a5015e1de8f5a4c4/gnocchi.4d2d451e-b4cd-4801-9c38-4b024f423f1f HTTP/1.0 201 - python-swiftclient-3.11.1 gAAAAABpeH8gAKX6... - - - txf66779d46ec144f79211a-0069787fd4 - 0.0262 - - 1769504724.845693588 1769504724.871939421 0
Jan 27 09:05:24 standalone container-server[127680]: 172.20.0.100 - - [27/Jan/2026:09:05:24 +0000] "HEAD /d1/354/AUTH_bfaa595c6d824ce5a5015e1de8f5a4c4/gnocchi.4d2d451e-b4cd-4801-9c38-4b024f423f1f" 204 - "HEAD http://172.18.0.2:8080/v1/AUTH_bfaa595c6d824ce5a5015e1de8f5a4c4/gnocchi.4d2d451e-b4cd-4801-9c38-4b024f423f1f?format=json&states=listing" "txf8e67a29a8e24801b2b55-0069787fd4" "proxy-server 20" 0.0025 "-" 20 0
Jan 27 09:05:24 standalone proxy-server[129701]: - - 27/Jan/2026/09/05/24 HEAD /v1/AUTH_bfaa595c6d824ce5a5015e1de8f5a4c4/gnocchi.4d2d451e-b4cd-4801-9c38-4b024f423f1f%3Fformat%3Djson%26states%3Dlisting HTTP/1.0 204 - Swift - - - - txf8e67a29a8e24801b2b55-0069787fd4 - 0.0077 RL - 1769504724.879345655 1769504724.887075901 0
Jan 27 09:05:24 standalone container-server[127686]: 172.20.0.100 - - [27/Jan/2026:09:05:24 +0000] "GET /d1/354/AUTH_bfaa595c6d824ce5a5015e1de8f5a4c4/gnocchi.4d2d451e-b4cd-4801-9c38-4b024f423f1f" 200 2 "GET http://172.18.0.2:8080/v1/AUTH_bfaa595c6d824ce5a5015e1de8f5a4c4/gnocchi.4d2d451e-b4cd-4801-9c38-4b024f423f1f?format=json&states=listing" "txf8e67a29a8e24801b2b55-0069787fd4" "proxy-server 20" 0.0031 "-" 22 0
Jan 27 09:05:24 standalone proxy-server[129701]: 172.18.0.2 172.18.0.100 27/Jan/2026/09/05/24 GET /v1/AUTH_bfaa595c6d824ce5a5015e1de8f5a4c4/gnocchi.4d2d451e-b4cd-4801-9c38-4b024f423f1f%3Fformat%3Djson%26states%3Dlisting HTTP/1.0 200 - python-swiftclient-3.11.1 gAAAAABpeH8gAKX6... - 2 - txf8e67a29a8e24801b2b55-0069787fd4 - 0.0230 - - 1769504724.877382755 1769504724.900371313 0
Jan 27 09:05:24 standalone object-server[127760]: 172.20.0.100 - - [27/Jan/2026:09:05:24 +0000] "GET /d1/995/AUTH_bfaa595c6d824ce5a5015e1de8f5a4c4/gnocchi.4d2d451e-b4cd-4801-9c38-4b024f423f1f/1769040000.0_mean_300.0_v3" 404 70 "GET http://172.18.0.2:8080/v1/AUTH_bfaa595c6d824ce5a5015e1de8f5a4c4/gnocchi.4d2d451e-b4cd-4801-9c38-4b024f423f1f/1769040000.0_mean_300.0_v3" "tx82cd352e9a8e404ea3133-0069787fd4" "proxy-server 20" 0.0004 "-" 22 0
Jan 27 09:05:24 standalone proxy-server[129701]: 172.18.0.2 172.18.0.100 27/Jan/2026/09/05/24 GET /v1/AUTH_bfaa595c6d824ce5a5015e1de8f5a4c4/gnocchi.4d2d451e-b4cd-4801-9c38-4b024f423f1f/1769040000.0_mean_300.0_v3 HTTP/1.0 404 - python-swiftclient-3.11.1 gAAAAABpeH8gAKX6... - 70 - tx82cd352e9a8e404ea3133-0069787fd4 - 0.0095 - - 1769504724.906924725 1769504724.916384220 0
Jan 27 09:05:24 standalone container-server[127683]: 172.20.0.100 - - [27/Jan/2026:09:05:24 +0000] "PUT /d1/354/AUTH_bfaa595c6d824ce5a5015e1de8f5a4c4/gnocchi.4d2d451e-b4cd-4801-9c38-4b024f423f1f/1769040000.0_mean_300.0_v3" 201 - "PUT http://172.18.0.2:8080/d1/995/AUTH_bfaa595c6d824ce5a5015e1de8f5a4c4/gnocchi.4d2d451e-b4cd-4801-9c38-4b024f423f1f/1769040000.0_mean_300.0_v3" "txf2a917d530eb467d82327-0069787fd4" "object-server 25" 0.0010 "-" 21 0
Jan 27 09:05:24 standalone object-server[127766]: 172.20.0.100 - - [27/Jan/2026:09:05:24 +0000] "PUT /d1/995/AUTH_bfaa595c6d824ce5a5015e1de8f5a4c4/gnocchi.4d2d451e-b4cd-4801-9c38-4b024f423f1f/1769040000.0_mean_300.0_v3" 201 - "PUT http://172.18.0.2:8080/v1/AUTH_bfaa595c6d824ce5a5015e1de8f5a4c4/gnocchi.4d2d451e-b4cd-4801-9c38-4b024f423f1f/1769040000.0_mean_300.0_v3" "txf2a917d530eb467d82327-0069787fd4" "proxy-server 20" 0.0135 "-" 25 0
Jan 27 09:05:24 standalone proxy-server[129701]: 172.18.0.2 172.18.0.100 27/Jan/2026/09/05/24 PUT /v1/AUTH_bfaa595c6d824ce5a5015e1de8f5a4c4/gnocchi.4d2d451e-b4cd-4801-9c38-4b024f423f1f/1769040000.0_mean_300.0_v3 HTTP/1.0 201 - python-swiftclient-3.11.1 gAAAAABpeH8gAKX6... 16 - - txf2a917d530eb467d82327-0069787fd4 - 0.0249 - - 1769504724.921253204 1769504724.946161509 0
Jan 27 09:05:24 standalone container-server[127683]: 172.20.0.100 - - [27/Jan/2026:09:05:24 +0000] "PUT /d1/354/AUTH_bfaa595c6d824ce5a5015e1de8f5a4c4/gnocchi.4d2d451e-b4cd-4801-9c38-4b024f423f1f/none_v3" 201 - "PUT http://172.18.0.2:8080/d1/403/AUTH_bfaa595c6d824ce5a5015e1de8f5a4c4/gnocchi.4d2d451e-b4cd-4801-9c38-4b024f423f1f/none_v3" "tx252c5d534f944c4daad62-0069787fd4" "object-server 22" 0.0008 "-" 21 0
Jan 27 09:05:24 standalone object-server[127760]: 172.20.0.100 - - [27/Jan/2026:09:05:24 +0000] "PUT /d1/403/AUTH_bfaa595c6d824ce5a5015e1de8f5a4c4/gnocchi.4d2d451e-b4cd-4801-9c38-4b024f423f1f/none_v3" 201 - "PUT http://172.18.0.2:8080/v1/AUTH_bfaa595c6d824ce5a5015e1de8f5a4c4/gnocchi.4d2d451e-b4cd-4801-9c38-4b024f423f1f/none_v3" "tx252c5d534f944c4daad62-0069787fd4" "proxy-server 20" 0.0124 "-" 22 0
Jan 27 09:05:24 standalone proxy-server[129701]: 172.18.0.2 172.18.0.100 27/Jan/2026/09/05/24 PUT /v1/AUTH_bfaa595c6d824ce5a5015e1de8f5a4c4/gnocchi.4d2d451e-b4cd-4801-9c38-4b024f423f1f/none_v3 HTTP/1.0 201 - python-swiftclient-3.11.1 gAAAAABpeH8gAKX6... 22 - - tx252c5d534f944c4daad62-0069787fd4 - 0.0216 - - 1769504724.950703382 1769504724.972327948 0
Jan 27 09:05:25 standalone container-server[127683]: 172.20.0.100 - - [27/Jan/2026:09:05:25 +0000] "HEAD /d1/80/AUTH_bfaa595c6d824ce5a5015e1de8f5a4c4/gnocchi.0ba683c6-c0f7-47af-ab27-dc0208660d2d" 404 - "HEAD http://172.18.0.2:8080/v1/AUTH_bfaa595c6d824ce5a5015e1de8f5a4c4/gnocchi.0ba683c6-c0f7-47af-ab27-dc0208660d2d?format=json&states=listing" "tx9013a3398a6a4b5db17f2-0069787fd4" "proxy-server 20" 0.0006 "-" 21 0
Jan 27 09:05:25 standalone object-server[127760]: 172.20.0.100 - - [27/Jan/2026:09:05:25 +0000] "GET /d1/684/AUTH_bfaa595c6d824ce5a5015e1de8f5a4c4/gnocchi.0ba683c6-c0f7-47af-ab27-dc0208660d2d/none_v3" 404 70 "GET http://172.18.0.2:8080/v1/AUTH_bfaa595c6d824ce5a5015e1de8f5a4c4/gnocchi.0ba683c6-c0f7-47af-ab27-dc0208660d2d/none_v3" "tx9013a3398a6a4b5db17f2-0069787fd4" "proxy-server 20" 0.0003 "-" 22 0
Jan 27 09:05:25 standalone proxy-server[129701]: 172.18.0.2 172.18.0.100 27/Jan/2026/09/05/25 GET /v1/AUTH_bfaa595c6d824ce5a5015e1de8f5a4c4/gnocchi.0ba683c6-c0f7-47af-ab27-dc0208660d2d/none_v3 HTTP/1.0 404 - python-swiftclient-3.11.1 gAAAAABpeH8gAKX6... - 70 - tx9013a3398a6a4b5db17f2-0069787fd4 - 0.0142 - - 1769504724.994112253 1769504725.008319378 0
Jan 27 09:05:25 standalone account-server[127374]: 172.20.0.100 - - [27/Jan/2026:09:05:25 +0000] "PUT /d1/168/AUTH_bfaa595c6d824ce5a5015e1de8f5a4c4/gnocchi.0ba683c6-c0f7-47af-ab27-dc0208660d2d" 201 - "PUT http://172.20.0.100:6001/d1/80/AUTH_bfaa595c6d824ce5a5015e1de8f5a4c4/gnocchi.0ba683c6-c0f7-47af-ab27-dc0208660d2d" "tx6088b56c12554b63b425f-0069787fd5" "container-server 22" 0.0056 "-" 19 0
Jan 27 09:05:25 standalone container-server[127686]: 172.20.0.100 - - [27/Jan/2026:09:05:25 +0000] "PUT /d1/80/AUTH_bfaa595c6d824ce5a5015e1de8f5a4c4/gnocchi.0ba683c6-c0f7-47af-ab27-dc0208660d2d" 201 - "PUT http://172.18.0.2:8080/v1/AUTH_bfaa595c6d824ce5a5015e1de8f5a4c4/gnocchi.0ba683c6-c0f7-47af-ab27-dc0208660d2d" "tx6088b56c12554b63b425f-0069787fd5" "proxy-server 20" 0.0164 "-" 22 0
Jan 27 09:05:25 standalone proxy-server[129701]: 172.18.0.2 172.18.0.100 27/Jan/2026/09/05/25 PUT /v1/AUTH_bfaa595c6d824ce5a5015e1de8f5a4c4/gnocchi.0ba683c6-c0f7-47af-ab27-dc0208660d2d HTTP/1.0 201 - python-swiftclient-3.11.1 gAAAAABpeH8gAKX6... - - - tx6088b56c12554b63b425f-0069787fd5 - 0.0252 - - 1769504725.012674809 1769504725.037883997 0
Jan 27 09:05:25 standalone container-server[127683]: 172.20.0.100 - - [27/Jan/2026:09:05:25 +0000] "HEAD /d1/80/AUTH_bfaa595c6d824ce5a5015e1de8f5a4c4/gnocchi.0ba683c6-c0f7-47af-ab27-dc0208660d2d" 204 - "HEAD http://172.18.0.2:8080/v1/AUTH_bfaa595c6d824ce5a5015e1de8f5a4c4/gnocchi.0ba683c6-c0f7-47af-ab27-dc0208660d2d?format=json&states=listing" "tx12911b565d814e638ce6d-0069787fd5" "proxy-server 20" 0.0025 "-" 21 0
Jan 27 09:05:25 standalone proxy-server[129701]: - - 27/Jan/2026/09/05/25 HEAD /v1/AUTH_bfaa595c6d824ce5a5015e1de8f5a4c4/gnocchi.0ba683c6-c0f7-47af-ab27-dc0208660d2d%3Fformat%3Djson%26states%3Dlisting HTTP/1.0 204 - Swift - - - - tx12911b565d814e638ce6d-0069787fd5 - 0.0092 RL - 1769504725.045030355 1769504725.054229975 0
Jan 27 09:05:25 standalone container-server[127690]: 172.20.0.100 - - [27/Jan/2026:09:05:25 +0000] "GET /d1/80/AUTH_bfaa595c6d824ce5a5015e1de8f5a4c4/gnocchi.0ba683c6-c0f7-47af-ab27-dc0208660d2d" 200 2 "GET http://172.18.0.2:8080/v1/AUTH_bfaa595c6d824ce5a5015e1de8f5a4c4/gnocchi.0ba683c6-c0f7-47af-ab27-dc0208660d2d?format=json&states=listing" "tx12911b565d814e638ce6d-0069787fd5" "proxy-server 20" 0.0032 "-" 23 0
Jan 27 09:05:25 standalone proxy-server[129701]: 172.18.0.2 172.18.0.100 27/Jan/2026/09/05/25 GET /v1/AUTH_bfaa595c6d824ce5a5015e1de8f5a4c4/gnocchi.0ba683c6-c0f7-47af-ab27-dc0208660d2d%3Fformat%3Djson%26states%3Dlisting HTTP/1.0 200 - python-swiftclient-3.11.1 gAAAAABpeH8gAKX6... - 2 - tx12911b565d814e638ce6d-0069787fd5 - 0.0238 - - 1769504725.043292999 1769504725.067137241 0
Jan 27 09:05:25 standalone object-server[127760]: 172.20.0.100 - - [27/Jan/2026:09:05:25 +0000] "GET /d1/1005/AUTH_bfaa595c6d824ce5a5015e1de8f5a4c4/gnocchi.0ba683c6-c0f7-47af-ab27-dc0208660d2d/1769040000.0_mean_300.0_v3" 404 70 "GET http://172.18.0.2:8080/v1/AUTH_bfaa595c6d824ce5a5015e1de8f5a4c4/gnocchi.0ba683c6-c0f7-47af-ab27-dc0208660d2d/1769040000.0_mean_300.0_v3" "txb9b1edf05604488b881b7-0069787fd5" "proxy-server 20" 0.0004 "-" 22 0
Jan 27 09:05:25 standalone proxy-server[129701]: 172.18.0.2 172.18.0.100 27/Jan/2026/09/05/25 GET /v1/AUTH_bfaa595c6d824ce5a5015e1de8f5a4c4/gnocchi.0ba683c6-c0f7-47af-ab27-dc0208660d2d/1769040000.0_mean_300.0_v3 HTTP/1.0 404 - python-swiftclient-3.11.1 gAAAAABpeH8gAKX6... - 70 - txb9b1edf05604488b881b7-0069787fd5 - 0.0059 - - 1769504725.072349072 1769504725.078201056 0
Jan 27 09:05:25 standalone container-server[127686]: 172.20.0.100 - - [27/Jan/2026:09:05:25 +0000] "PUT /d1/80/AUTH_bfaa595c6d824ce5a5015e1de8f5a4c4/gnocchi.0ba683c6-c0f7-47af-ab27-dc0208660d2d/1769040000.0_mean_300.0_v3" 201 - "PUT http://172.18.0.2:8080/d1/1005/AUTH_bfaa595c6d824ce5a5015e1de8f5a4c4/gnocchi.0ba683c6-c0f7-47af-ab27-dc0208660d2d/1769040000.0_mean_300.0_v3" "tx34743d450cf64fd7b88f5-0069787fd5" "object-server 25" 0.0007 "-" 22 0
Jan 27 09:05:25 standalone object-server[127766]: 172.20.0.100 - - [27/Jan/2026:09:05:25 +0000] "PUT /d1/1005/AUTH_bfaa595c6d824ce5a5015e1de8f5a4c4/gnocchi.0ba683c6-c0f7-47af-ab27-dc0208660d2d/1769040000.0_mean_300.0_v3" 201 - "PUT http://172.18.0.2:8080/v1/AUTH_bfaa595c6d824ce5a5015e1de8f5a4c4/gnocchi.0ba683c6-c0f7-47af-ab27-dc0208660d2d/1769040000.0_mean_300.0_v3" "tx34743d450cf64fd7b88f5-0069787fd5" "proxy-server 20" 0.0177 "-" 25 0
Jan 27 09:05:25 standalone proxy-server[129701]: 172.18.0.2 172.18.0.100 27/Jan/2026/09/05/25 PUT /v1/AUTH_bfaa595c6d824ce5a5015e1de8f5a4c4/gnocchi.0ba683c6-c0f7-47af-ab27-dc0208660d2d/1769040000.0_mean_300.0_v3 HTTP/1.0 201 - python-swiftclient-3.11.1 gAAAAABpeH8gAKX6... 16 - - tx34743d450cf64fd7b88f5-0069787fd5 - 0.0246 - - 1769504725.081595898 1769504725.106194973 0
Jan 27 09:05:25 standalone container-server[127680]: 172.20.0.100 - - [27/Jan/2026:09:05:25 +0000] "PUT /d1/80/AUTH_bfaa595c6d824ce5a5015e1de8f5a4c4/gnocchi.0ba683c6-c0f7-47af-ab27-dc0208660d2d/none_v3" 201 - "PUT http://172.18.0.2:8080/d1/684/AUTH_bfaa595c6d824ce5a5015e1de8f5a4c4/gnocchi.0ba683c6-c0f7-47af-ab27-dc0208660d2d/none_v3" "tx12e232156161429a8980c-0069787fd5" "object-server 23" 0.0006 "-" 20 0
Jan 27 09:05:25 standalone object-server[127764]: 172.20.0.100 - - [27/Jan/2026:09:05:25 +0000] "PUT /d1/684/AUTH_bfaa595c6d824ce5a5015e1de8f5a4c4/gnocchi.0ba683c6-c0f7-47af-ab27-dc0208660d2d/none_v3" 201 - "PUT http://172.18.0.2:8080/v1/AUTH_bfaa595c6d824ce5a5015e1de8f5a4c4/gnocchi.0ba683c6-c0f7-47af-ab27-dc0208660d2d/none_v3" "tx12e232156161429a8980c-0069787fd5" "proxy-server 20" 0.0131 "-" 23 0
Jan 27 09:05:25 standalone proxy-server[129701]: 172.18.0.2 172.18.0.100 27/Jan/2026/09/05/25 PUT /v1/AUTH_bfaa595c6d824ce5a5015e1de8f5a4c4/gnocchi.0ba683c6-c0f7-47af-ab27-dc0208660d2d/none_v3 HTTP/1.0 201 - python-swiftclient-3.11.1 gAAAAABpeH8gAKX6... 22 - - tx12e232156161429a8980c-0069787fd5 - 0.0190 - - 1769504725.109395504 1769504725.128415823 0
Jan 27 09:05:25 standalone container-server[127680]: 172.20.0.100 - - [27/Jan/2026:09:05:25 +0000] "HEAD /d1/237/AUTH_bfaa595c6d824ce5a5015e1de8f5a4c4/gnocchi.5c100dfa-17d1-4972-aece-3fbacb9e1e05" 404 - "HEAD http://172.18.0.2:8080/v1/AUTH_bfaa595c6d824ce5a5015e1de8f5a4c4/gnocchi.5c100dfa-17d1-4972-aece-3fbacb9e1e05?format=json&states=listing" "txe95efccc0c6e40d389852-0069787fd5" "proxy-server 20" 0.0007 "-" 20 0
Jan 27 09:05:25 standalone object-server[127765]: 172.20.0.100 - - [27/Jan/2026:09:05:25 +0000] "GET /d1/545/AUTH_bfaa595c6d824ce5a5015e1de8f5a4c4/gnocchi.5c100dfa-17d1-4972-aece-3fbacb9e1e05/none_v3" 404 70 "GET http://172.18.0.2:8080/v1/AUTH_bfaa595c6d824ce5a5015e1de8f5a4c4/gnocchi.5c100dfa-17d1-4972-aece-3fbacb9e1e05/none_v3" "txe95efccc0c6e40d389852-0069787fd5" "proxy-server 20" 0.0003 "-" 24 0
Jan 27 09:05:25 standalone proxy-server[129701]: 172.18.0.2 172.18.0.100 27/Jan/2026/09/05/25 GET /v1/AUTH_bfaa595c6d824ce5a5015e1de8f5a4c4/gnocchi.5c100dfa-17d1-4972-aece-3fbacb9e1e05/none_v3 HTTP/1.0 404 - python-swiftclient-3.11.1 gAAAAABpeH8gAKX6... - 70 - txe95efccc0c6e40d389852-0069787fd5 - 0.0102 - - 1769504725.147131205 1769504725.157358408 0
Jan 27 09:05:25 standalone account-server[127396]: 172.20.0.100 - - [27/Jan/2026:09:05:25 +0000] "PUT /d1/168/AUTH_bfaa595c6d824ce5a5015e1de8f5a4c4/gnocchi.5c100dfa-17d1-4972-aece-3fbacb9e1e05" 201 - "PUT http://172.20.0.100:6001/d1/237/AUTH_bfaa595c6d824ce5a5015e1de8f5a4c4/gnocchi.5c100dfa-17d1-4972-aece-3fbacb9e1e05" "tx50e6cc9881b14badae179-0069787fd5" "container-server 21" 0.0039 "-" 20 0
Jan 27 09:05:25 standalone container-server[127683]: 172.20.0.100 - - [27/Jan/2026:09:05:25 +0000] "PUT /d1/237/AUTH_bfaa595c6d824ce5a5015e1de8f5a4c4/gnocchi.5c100dfa-17d1-4972-aece-3fbacb9e1e05" 201 - "PUT http://172.18.0.2:8080/v1/AUTH_bfaa595c6d824ce5a5015e1de8f5a4c4/gnocchi.5c100dfa-17d1-4972-aece-3fbacb9e1e05" "tx50e6cc9881b14badae179-0069787fd5" "proxy-server 20" 0.0246 "-" 21 0
Jan 27 09:05:25 standalone proxy-server[129701]: 172.18.0.2 172.18.0.100 27/Jan/2026/09/05/25 PUT /v1/AUTH_bfaa595c6d824ce5a5015e1de8f5a4c4/gnocchi.5c100dfa-17d1-4972-aece-3fbacb9e1e05 HTTP/1.0 201 - python-swiftclient-3.11.1 gAAAAABpeH8gAKX6... - - - tx50e6cc9881b14badae179-0069787fd5 - 0.0296 - - 1769504725.160256624 1769504725.189855814 0
Jan 27 09:05:25 standalone container-server[127690]: 172.20.0.100 - - [27/Jan/2026:09:05:25 +0000] "HEAD /d1/718/AUTH_bfaa595c6d824ce5a5015e1de8f5a4c4/gnocchi.bd03ec62-efa7-4b59-89cd-b189c7ca4085" 404 - "HEAD http://172.18.0.2:8080/v1/AUTH_bfaa595c6d824ce5a5015e1de8f5a4c4/gnocchi.bd03ec62-efa7-4b59-89cd-b189c7ca4085?format=json&states=listing" "txa340af6e236c482bb7b7e-0069787fd5" "proxy-server 20" 0.0003 "-" 23 0
Jan 27 09:05:25 standalone object-server[127760]: 172.20.0.100 - - [27/Jan/2026:09:05:25 +0000] "GET /d1/892/AUTH_bfaa595c6d824ce5a5015e1de8f5a4c4/gnocchi.bd03ec62-efa7-4b59-89cd-b189c7ca4085/none_v3" 404 70 "GET http://172.18.0.2:8080/v1/AUTH_bfaa595c6d824ce5a5015e1de8f5a4c4/gnocchi.bd03ec62-efa7-4b59-89cd-b189c7ca4085/none_v3" "txa340af6e236c482bb7b7e-0069787fd5" "proxy-server 20" 0.0004 "-" 22 0
Jan 27 09:05:25 standalone proxy-server[129701]: 172.18.0.2 172.18.0.100 27/Jan/2026/09/05/25 GET /v1/AUTH_bfaa595c6d824ce5a5015e1de8f5a4c4/gnocchi.bd03ec62-efa7-4b59-89cd-b189c7ca4085/none_v3 HTTP/1.0 404 - python-swiftclient-3.11.1 gAAAAABpeH8gAKX6... - 70 - txa340af6e236c482bb7b7e-0069787fd5 - 0.0151 - - 1769504725.192735195 1769504725.207829952 0
Jan 27 09:05:25 standalone account-server[127396]: 172.20.0.100 - - [27/Jan/2026:09:05:25 +0000] "PUT /d1/168/AUTH_bfaa595c6d824ce5a5015e1de8f5a4c4/gnocchi.bd03ec62-efa7-4b59-89cd-b189c7ca4085" 201 - "PUT http://172.20.0.100:6001/d1/718/AUTH_bfaa595c6d824ce5a5015e1de8f5a4c4/gnocchi.bd03ec62-efa7-4b59-89cd-b189c7ca4085" "tx300b535e0872423cb5f6b-0069787fd5" "container-server 23" 0.0050 "-" 20 0
Jan 27 09:05:25 standalone container-server[127690]: 172.20.0.100 - - [27/Jan/2026:09:05:25 +0000] "PUT /d1/718/AUTH_bfaa595c6d824ce5a5015e1de8f5a4c4/gnocchi.bd03ec62-efa7-4b59-89cd-b189c7ca4085" 201 - "PUT http://172.18.0.2:8080/v1/AUTH_bfaa595c6d824ce5a5015e1de8f5a4c4/gnocchi.bd03ec62-efa7-4b59-89cd-b189c7ca4085" "tx300b535e0872423cb5f6b-0069787fd5" "proxy-server 20" 0.0153 "-" 23 0
Jan 27 09:05:25 standalone proxy-server[129701]: 172.18.0.2 172.18.0.100 27/Jan/2026/09/05/25 PUT /v1/AUTH_bfaa595c6d824ce5a5015e1de8f5a4c4/gnocchi.bd03ec62-efa7-4b59-89cd-b189c7ca4085 HTTP/1.0 201 - python-swiftclient-3.11.1 gAAAAABpeH8gAKX6... - - - tx300b535e0872423cb5f6b-0069787fd5 - 0.0222 - - 1769504725.210600615 1769504725.232794285 0
Jan 27 09:05:25 standalone container-server[127686]: 172.20.0.100 - - [27/Jan/2026:09:05:25 +0000] "HEAD /d1/237/AUTH_bfaa595c6d824ce5a5015e1de8f5a4c4/gnocchi.5c100dfa-17d1-4972-aece-3fbacb9e1e05" 204 - "HEAD http://172.18.0.2:8080/v1/AUTH_bfaa595c6d824ce5a5015e1de8f5a4c4/gnocchi.5c100dfa-17d1-4972-aece-3fbacb9e1e05?format=json&states=listing" "tx8b00960a322c457fac42c-0069787fd5" "proxy-server 20" 0.0012 "-" 22 0
Jan 27 09:05:25 standalone proxy-server[129701]: - - 27/Jan/2026/09/05/25 HEAD /v1/AUTH_bfaa595c6d824ce5a5015e1de8f5a4c4/gnocchi.5c100dfa-17d1-4972-aece-3fbacb9e1e05%3Fformat%3Djson%26states%3Dlisting HTTP/1.0 204 - Swift - - - - tx8b00960a322c457fac42c-0069787fd5 - 0.0038 RL - 1769504725.236511946 1769504725.240264416 0
Jan 27 09:05:25 standalone container-server[127690]: 172.20.0.100 - - [27/Jan/2026:09:05:25 +0000] "GET /d1/237/AUTH_bfaa595c6d824ce5a5015e1de8f5a4c4/gnocchi.5c100dfa-17d1-4972-aece-3fbacb9e1e05" 200 2 "GET http://172.18.0.2:8080/v1/AUTH_bfaa595c6d824ce5a5015e1de8f5a4c4/gnocchi.5c100dfa-17d1-4972-aece-3fbacb9e1e05?format=json&states=listing" "tx8b00960a322c457fac42c-0069787fd5" "proxy-server 20" 0.0024 "-" 23 0
Jan 27 09:05:25 standalone proxy-server[129701]: 172.18.0.2 172.18.0.100 27/Jan/2026/09/05/25 GET /v1/AUTH_bfaa595c6d824ce5a5015e1de8f5a4c4/gnocchi.5c100dfa-17d1-4972-aece-3fbacb9e1e05%3Fformat%3Djson%26states%3Dlisting HTTP/1.0 200 - python-swiftclient-3.11.1 gAAAAABpeH8gAKX6... - 2 - tx8b00960a322c457fac42c-0069787fd5 - 0.0124 - - 1769504725.235691786 1769504725.248063087 0
Jan 27 09:05:25 standalone container-server[127690]: 172.20.0.100 - - [27/Jan/2026:09:05:25 +0000] "HEAD /d1/718/AUTH_bfaa595c6d824ce5a5015e1de8f5a4c4/gnocchi.bd03ec62-efa7-4b59-89cd-b189c7ca4085" 204 - "HEAD http://172.18.0.2:8080/v1/AUTH_bfaa595c6d824ce5a5015e1de8f5a4c4/gnocchi.bd03ec62-efa7-4b59-89cd-b189c7ca4085?format=json&states=listing" "tx16112ccd6e8e4316a052f-0069787fd5" "proxy-server 20" 0.0012 "-" 23 0
Jan 27 09:05:25 standalone proxy-server[129701]: - - 27/Jan/2026/09/05/25 HEAD /v1/AUTH_bfaa595c6d824ce5a5015e1de8f5a4c4/gnocchi.bd03ec62-efa7-4b59-89cd-b189c7ca4085%3Fformat%3Djson%26states%3Dlisting HTTP/1.0 204 - Swift - - - - tx16112ccd6e8e4316a052f-0069787fd5 - 0.0036 RL - 1769504725.251468658 1769504725.255049706 0
Jan 27 09:05:25 standalone container-server[127686]: 172.20.0.100 - - [27/Jan/2026:09:05:25 +0000] "GET /d1/718/AUTH_bfaa595c6d824ce5a5015e1de8f5a4c4/gnocchi.bd03ec62-efa7-4b59-89cd-b189c7ca4085" 200 2 "GET http://172.18.0.2:8080/v1/AUTH_bfaa595c6d824ce5a5015e1de8f5a4c4/gnocchi.bd03ec62-efa7-4b59-89cd-b189c7ca4085?format=json&states=listing" "tx16112ccd6e8e4316a052f-0069787fd5" "proxy-server 20" 0.0014 "-" 22 0
Jan 27 09:05:25 standalone proxy-server[129701]: 172.18.0.2 172.18.0.100 27/Jan/2026/09/05/25 GET /v1/AUTH_bfaa595c6d824ce5a5015e1de8f5a4c4/gnocchi.bd03ec62-efa7-4b59-89cd-b189c7ca4085%3Fformat%3Djson%26states%3Dlisting HTTP/1.0 200 - python-swiftclient-3.11.1 gAAAAABpeH8gAKX6... - 2 - tx16112ccd6e8e4316a052f-0069787fd5 - 0.0140 - - 1769504725.250849485 1769504725.264844656 0
Jan 27 09:05:25 standalone object-server[127760]: 172.20.0.100 - - [27/Jan/2026:09:05:25 +0000] "GET /d1/190/AUTH_bfaa595c6d824ce5a5015e1de8f5a4c4/gnocchi.5c100dfa-17d1-4972-aece-3fbacb9e1e05/1769040000.0_mean_300.0_v3" 404 70 "GET http://172.18.0.2:8080/v1/AUTH_bfaa595c6d824ce5a5015e1de8f5a4c4/gnocchi.5c100dfa-17d1-4972-aece-3fbacb9e1e05/1769040000.0_mean_300.0_v3" "tx94550b536f64459489b97-0069787fd5" "proxy-server 20" 0.0003 "-" 22 0
Jan 27 09:05:25 standalone proxy-server[129701]: 172.18.0.2 172.18.0.100 27/Jan/2026/09/05/25 GET /v1/AUTH_bfaa595c6d824ce5a5015e1de8f5a4c4/gnocchi.5c100dfa-17d1-4972-aece-3fbacb9e1e05/1769040000.0_mean_300.0_v3 HTTP/1.0 404 - python-swiftclient-3.11.1 gAAAAABpeH8gAKX6... - 70 - tx94550b536f64459489b97-0069787fd5 - 0.0040 - - 1769504725.267618418 1769504725.271602392 0
Jan 27 09:05:25 standalone object-server[127766]: 172.20.0.100 - - [27/Jan/2026:09:05:25 +0000] "GET /d1/974/AUTH_bfaa595c6d824ce5a5015e1de8f5a4c4/gnocchi.bd03ec62-efa7-4b59-89cd-b189c7ca4085/1769040000.0_mean_300.0_v3" 404 70 "GET http://172.18.0.2:8080/v1/AUTH_bfaa595c6d824ce5a5015e1de8f5a4c4/gnocchi.bd03ec62-efa7-4b59-89cd-b189c7ca4085/1769040000.0_mean_300.0_v3" "tx6fb8cfee2cf84232b68a4-0069787fd5" "proxy-server 20" 0.0005 "-" 25 0
Jan 27 09:05:25 standalone proxy-server[129701]: 172.18.0.2 172.18.0.100 27/Jan/2026/09/05/25 GET /v1/AUTH_bfaa595c6d824ce5a5015e1de8f5a4c4/gnocchi.bd03ec62-efa7-4b59-89cd-b189c7ca4085/1769040000.0_mean_300.0_v3 HTTP/1.0 404 - python-swiftclient-3.11.1 gAAAAABpeH8gAKX6... - 70 - tx6fb8cfee2cf84232b68a4-0069787fd5 - 0.0043 - - 1769504725.277653694 1769504725.281928301 0
Jan 27 09:05:25 standalone container-server[127683]: 172.20.0.100 - - [27/Jan/2026:09:05:25 +0000] "PUT /d1/237/AUTH_bfaa595c6d824ce5a5015e1de8f5a4c4/gnocchi.5c100dfa-17d1-4972-aece-3fbacb9e1e05/1769040000.0_mean_300.0_v3" 201 - "PUT http://172.18.0.2:8080/d1/190/AUTH_bfaa595c6d824ce5a5015e1de8f5a4c4/gnocchi.5c100dfa-17d1-4972-aece-3fbacb9e1e05/1769040000.0_mean_300.0_v3" "tx2b88151421864b21a0766-0069787fd5" "object-server 23" 0.0006 "-" 21 0
Jan 27 09:05:25 standalone object-server[127764]: 172.20.0.100 - - [27/Jan/2026:09:05:25 +0000] "PUT /d1/190/AUTH_bfaa595c6d824ce5a5015e1de8f5a4c4/gnocchi.5c100dfa-17d1-4972-aece-3fbacb9e1e05/1769040000.0_mean_300.0_v3" 201 - "PUT http://172.18.0.2:8080/v1/AUTH_bfaa595c6d824ce5a5015e1de8f5a4c4/gnocchi.5c100dfa-17d1-4972-aece-3fbacb9e1e05/1769040000.0_mean_300.0_v3" "tx2b88151421864b21a0766-0069787fd5" "proxy-server 20" 0.0090 "-" 23 0
Jan 27 09:05:25 standalone proxy-server[129701]: 172.18.0.2 172.18.0.100 27/Jan/2026/09/05/25 PUT /v1/AUTH_bfaa595c6d824ce5a5015e1de8f5a4c4/gnocchi.5c100dfa-17d1-4972-aece-3fbacb9e1e05/1769040000.0_mean_300.0_v3 HTTP/1.0 201 - python-swiftclient-3.11.1 gAAAAABpeH8gAKX6... 16 - - tx2b88151421864b21a0766-0069787fd5 - 0.0127 - - 1769504725.284017324 1769504725.296749592 0
Jan 27 09:05:25 standalone container-server[127690]: 172.20.0.100 - - [27/Jan/2026:09:05:25 +0000] "PUT /d1/718/AUTH_bfaa595c6d824ce5a5015e1de8f5a4c4/gnocchi.bd03ec62-efa7-4b59-89cd-b189c7ca4085/1769040000.0_mean_300.0_v3" 201 - "PUT http://172.18.0.2:8080/d1/974/AUTH_bfaa595c6d824ce5a5015e1de8f5a4c4/gnocchi.bd03ec62-efa7-4b59-89cd-b189c7ca4085/1769040000.0_mean_300.0_v3" "tx6a86c2ea7b8945f093526-0069787fd5" "object-server 23" 0.0006 "-" 23 0
Jan 27 09:05:25 standalone object-server[127764]: 172.20.0.100 - - [27/Jan/2026:09:05:25 +0000] "PUT /d1/974/AUTH_bfaa595c6d824ce5a5015e1de8f5a4c4/gnocchi.bd03ec62-efa7-4b59-89cd-b189c7ca4085/1769040000.0_mean_300.0_v3" 201 - "PUT http://172.18.0.2:8080/v1/AUTH_bfaa595c6d824ce5a5015e1de8f5a4c4/gnocchi.bd03ec62-efa7-4b59-89cd-b189c7ca4085/1769040000.0_mean_300.0_v3" "tx6a86c2ea7b8945f093526-0069787fd5" "proxy-server 20" 0.0099 "-" 23 0
Jan 27 09:05:25 standalone proxy-server[129701]: 172.18.0.2 172.18.0.100 27/Jan/2026/09/05/25 PUT /v1/AUTH_bfaa595c6d824ce5a5015e1de8f5a4c4/gnocchi.bd03ec62-efa7-4b59-89cd-b189c7ca4085/1769040000.0_mean_300.0_v3 HTTP/1.0 201 - python-swiftclient-3.11.1 gAAAAABpeH8gAKX6... 16 - - tx6a86c2ea7b8945f093526-0069787fd5 - 0.0144 - - 1769504725.298530102 1769504725.312902212 0
Jan 27 09:05:25 standalone container-server[127683]: 172.20.0.100 - - [27/Jan/2026:09:05:25 +0000] "PUT /d1/237/AUTH_bfaa595c6d824ce5a5015e1de8f5a4c4/gnocchi.5c100dfa-17d1-4972-aece-3fbacb9e1e05/none_v3" 201 - "PUT http://172.18.0.2:8080/d1/545/AUTH_bfaa595c6d824ce5a5015e1de8f5a4c4/gnocchi.5c100dfa-17d1-4972-aece-3fbacb9e1e05/none_v3" "txb509dbe590374033aab25-0069787fd5" "object-server 23" 0.0005 "-" 21 0
Jan 27 09:05:25 standalone object-server[127764]: 172.20.0.100 - - [27/Jan/2026:09:05:25 +0000] "PUT /d1/545/AUTH_bfaa595c6d824ce5a5015e1de8f5a4c4/gnocchi.5c100dfa-17d1-4972-aece-3fbacb9e1e05/none_v3" 201 - "PUT http://172.18.0.2:8080/v1/AUTH_bfaa595c6d824ce5a5015e1de8f5a4c4/gnocchi.5c100dfa-17d1-4972-aece-3fbacb9e1e05/none_v3" "txb509dbe590374033aab25-0069787fd5" "proxy-server 20" 0.0097 "-" 23 0
Jan 27 09:05:25 standalone proxy-server[129701]: 172.18.0.2 172.18.0.100 27/Jan/2026/09/05/25 PUT /v1/AUTH_bfaa595c6d824ce5a5015e1de8f5a4c4/gnocchi.5c100dfa-17d1-4972-aece-3fbacb9e1e05/none_v3 HTTP/1.0 201 - python-swiftclient-3.11.1 gAAAAABpeH8gAKX6... 22 - - txb509dbe590374033aab25-0069787fd5 - 0.0136 - - 1769504725.314785719 1769504725.328347206 0
Jan 27 09:05:25 standalone container-server[127680]: 172.20.0.100 - - [27/Jan/2026:09:05:25 +0000] "PUT /d1/718/AUTH_bfaa595c6d824ce5a5015e1de8f5a4c4/gnocchi.bd03ec62-efa7-4b59-89cd-b189c7ca4085/none_v3" 201 - "PUT http://172.18.0.2:8080/d1/892/AUTH_bfaa595c6d824ce5a5015e1de8f5a4c4/gnocchi.bd03ec62-efa7-4b59-89cd-b189c7ca4085/none_v3" "txd0ef1fc7331d4e58b18b6-0069787fd5" "object-server 22" 0.0005 "-" 20 0
Jan 27 09:05:25 standalone object-server[127760]: 172.20.0.100 - - [27/Jan/2026:09:05:25 +0000] "PUT /d1/892/AUTH_bfaa595c6d824ce5a5015e1de8f5a4c4/gnocchi.bd03ec62-efa7-4b59-89cd-b189c7ca4085/none_v3" 201 - "PUT http://172.18.0.2:8080/v1/AUTH_bfaa595c6d824ce5a5015e1de8f5a4c4/gnocchi.bd03ec62-efa7-4b59-89cd-b189c7ca4085/none_v3" "txd0ef1fc7331d4e58b18b6-0069787fd5" "proxy-server 20" 0.0081 "-" 22 0
Jan 27 09:05:25 standalone proxy-server[129701]: 172.18.0.2 172.18.0.100 27/Jan/2026/09/05/25 PUT /v1/AUTH_bfaa595c6d824ce5a5015e1de8f5a4c4/gnocchi.bd03ec62-efa7-4b59-89cd-b189c7ca4085/none_v3 HTTP/1.0 201 - python-swiftclient-3.11.1 gAAAAABpeH8gAKX6... 22 - - txd0ef1fc7331d4e58b18b6-0069787fd5 - 0.0120 - - 1769504725.330183029 1769504725.342174292 0
Jan 27 09:05:25 standalone container-server[127680]: 172.20.0.100 - - [27/Jan/2026:09:05:25 +0000] "HEAD /d1/895/AUTH_bfaa595c6d824ce5a5015e1de8f5a4c4/gnocchi.19a2934a-8715-4cc0-9470-793ddc3afb52" 404 - "HEAD http://172.18.0.2:8080/v1/AUTH_bfaa595c6d824ce5a5015e1de8f5a4c4/gnocchi.19a2934a-8715-4cc0-9470-793ddc3afb52?format=json&states=listing" "tx3602859eed3e42ebb11c8-0069787fd5" "proxy-server 20" 0.0004 "-" 20 0
Jan 27 09:05:25 standalone object-server[127765]: 172.20.0.100 - - [27/Jan/2026:09:05:25 +0000] "GET /d1/820/AUTH_bfaa595c6d824ce5a5015e1de8f5a4c4/gnocchi.19a2934a-8715-4cc0-9470-793ddc3afb52/none_v3" 404 70 "GET http://172.18.0.2:8080/v1/AUTH_bfaa595c6d824ce5a5015e1de8f5a4c4/gnocchi.19a2934a-8715-4cc0-9470-793ddc3afb52/none_v3" "tx3602859eed3e42ebb11c8-0069787fd5" "proxy-server 20" 0.0004 "-" 24 0
Jan 27 09:05:25 standalone proxy-server[129701]: 172.18.0.2 172.18.0.100 27/Jan/2026/09/05/25 GET /v1/AUTH_bfaa595c6d824ce5a5015e1de8f5a4c4/gnocchi.19a2934a-8715-4cc0-9470-793ddc3afb52/none_v3 HTTP/1.0 404 - python-swiftclient-3.11.1 gAAAAABpeH8gAKX6... - 70 - tx3602859eed3e42ebb11c8-0069787fd5 - 0.0080 - - 1769504725.349686623 1769504725.357723713 0
Jan 27 09:05:25 standalone account-server[127374]: 172.20.0.100 - - [27/Jan/2026:09:05:25 +0000] "PUT /d1/168/AUTH_bfaa595c6d824ce5a5015e1de8f5a4c4/gnocchi.19a2934a-8715-4cc0-9470-793ddc3afb52" 201 - "PUT http://172.20.0.100:6001/d1/895/AUTH_bfaa595c6d824ce5a5015e1de8f5a4c4/gnocchi.19a2934a-8715-4cc0-9470-793ddc3afb52" "tx9f1aac7b8447478b9812c-0069787fd5" "container-server 22" 0.0038 "-" 19 0
Jan 27 09:05:25 standalone container-server[127686]: 172.20.0.100 - - [27/Jan/2026:09:05:25 +0000] "PUT /d1/895/AUTH_bfaa595c6d824ce5a5015e1de8f5a4c4/gnocchi.19a2934a-8715-4cc0-9470-793ddc3afb52" 201 - "PUT http://172.18.0.2:8080/v1/AUTH_bfaa595c6d824ce5a5015e1de8f5a4c4/gnocchi.19a2934a-8715-4cc0-9470-793ddc3afb52" "tx9f1aac7b8447478b9812c-0069787fd5" "proxy-server 20" 0.0139 "-" 22 0
