Jan 27 09:04:45 standalone container-server[127680]: 172.20.0.100 - - [27/Jan/2026:09:04:45 +0000] "PUT /d1/926/AUTH_bfaa595c6d824ce5a5015e1de8f5a4c4/gnocchi.e5019050-3a82-4785-9023-e6deb1ae1ffc/none_v3" 201 - "PUT http://172.18.0.2:8080/d1/117/AUTH_bfaa595c6d824ce5a5015e1de8f5a4c4/gnocchi.e5019050-3a82-4785-9023-e6deb1ae1ffc/none_v3" "tx33ea000feff44bae88ea5-0069787fad" "object-server 24" 0.0007 "-" 20 0
Jan 27 09:04:45 standalone object-server[127765]: 172.20.0.100 - - [27/Jan/2026:09:04:45 +0000] "PUT /d1/117/AUTH_bfaa595c6d824ce5a5015e1de8f5a4c4/gnocchi.e5019050-3a82-4785-9023-e6deb1ae1ffc/none_v3" 201 - "PUT http://172.18.0.2:8080/v1/AUTH_bfaa595c6d824ce5a5015e1de8f5a4c4/gnocchi.e5019050-3a82-4785-9023-e6deb1ae1ffc/none_v3" "tx33ea000feff44bae88ea5-0069787fad" "proxy-server 20" 0.0175 "-" 24 0
Jan 27 09:04:45 standalone proxy-server[129701]: 172.18.0.2 172.18.0.100 27/Jan/2026/09/04/45 PUT /v1/AUTH_bfaa595c6d824ce5a5015e1de8f5a4c4/gnocchi.e5019050-3a82-4785-9023-e6deb1ae1ffc/none_v3 HTTP/1.0 201 - python-swiftclient-3.11.1 gAAAAABpeH8gAKX6... 22 - - tx33ea000feff44bae88ea5-0069787fad - 0.0302 - - 1769504685.010044336 1769504685.040244579 0
Jan 27 09:04:45 standalone container-server[127680]: 172.20.0.100 - - [27/Jan/2026:09:04:45 +0000] "HEAD /d1/27/AUTH_bfaa595c6d824ce5a5015e1de8f5a4c4/gnocchi.257e689d-d6d4-4da7-95bb-c8bf0498f22a" 404 - "HEAD http://172.18.0.2:8080/v1/AUTH_bfaa595c6d824ce5a5015e1de8f5a4c4/gnocchi.257e689d-d6d4-4da7-95bb-c8bf0498f22a?format=json&states=listing" "txe1e457e83bdd494d9afcd-0069787fad" "proxy-server 20" 0.0008 "-" 20 0
Jan 27 09:04:45 standalone object-server[127760]: 172.20.0.100 - - [27/Jan/2026:09:04:45 +0000] "GET /d1/55/AUTH_bfaa595c6d824ce5a5015e1de8f5a4c4/gnocchi.257e689d-d6d4-4da7-95bb-c8bf0498f22a/none_v3" 404 70 "GET http://172.18.0.2:8080/v1/AUTH_bfaa595c6d824ce5a5015e1de8f5a4c4/gnocchi.257e689d-d6d4-4da7-95bb-c8bf0498f22a/none_v3" "txe1e457e83bdd494d9afcd-0069787fad" "proxy-server 20" 0.0005 "-" 22 0
Jan 27 09:04:45 standalone proxy-server[129701]: 172.18.0.2 172.18.0.100 27/Jan/2026/09/04/45 GET /v1/AUTH_bfaa595c6d824ce5a5015e1de8f5a4c4/gnocchi.257e689d-d6d4-4da7-95bb-c8bf0498f22a/none_v3 HTTP/1.0 404 - python-swiftclient-3.11.1 gAAAAABpeH8gAKX6... - 70 - txe1e457e83bdd494d9afcd-0069787fad - 0.0223 - - 1769504685.057012081 1769504685.079293013 0
Jan 27 09:04:45 standalone account-server[127374]: 172.20.0.100 - - [27/Jan/2026:09:04:45 +0000] "PUT /d1/168/AUTH_bfaa595c6d824ce5a5015e1de8f5a4c4/gnocchi.257e689d-d6d4-4da7-95bb-c8bf0498f22a" 201 - "PUT http://172.20.0.100:6001/d1/27/AUTH_bfaa595c6d824ce5a5015e1de8f5a4c4/gnocchi.257e689d-d6d4-4da7-95bb-c8bf0498f22a" "tx2034655c5ec245928cb5c-0069787fad" "container-server 22" 0.0046 "-" 19 0
Jan 27 09:04:45 standalone container-server[127686]: 172.20.0.100 - - [27/Jan/2026:09:04:45 +0000] "PUT /d1/27/AUTH_bfaa595c6d824ce5a5015e1de8f5a4c4/gnocchi.257e689d-d6d4-4da7-95bb-c8bf0498f22a" 201 - "PUT http://172.18.0.2:8080/v1/AUTH_bfaa595c6d824ce5a5015e1de8f5a4c4/gnocchi.257e689d-d6d4-4da7-95bb-c8bf0498f22a" "tx2034655c5ec245928cb5c-0069787fad" "proxy-server 20" 0.0182 "-" 22 0
Jan 27 09:04:45 standalone proxy-server[129701]: 172.18.0.2 172.18.0.100 27/Jan/2026/09/04/45 PUT /v1/AUTH_bfaa595c6d824ce5a5015e1de8f5a4c4/gnocchi.257e689d-d6d4-4da7-95bb-c8bf0498f22a HTTP/1.0 201 - python-swiftclient-3.11.1 gAAAAABpeH8gAKX6... - - - tx2034655c5ec245928cb5c-0069787fad - 0.0286 - - 1769504685.082281590 1769504685.110891342 0
Jan 27 09:04:45 standalone container-server[127690]: 172.20.0.100 - - [27/Jan/2026:09:04:45 +0000] "HEAD /d1/27/AUTH_bfaa595c6d824ce5a5015e1de8f5a4c4/gnocchi.257e689d-d6d4-4da7-95bb-c8bf0498f22a" 204 - "HEAD http://172.18.0.2:8080/v1/AUTH_bfaa595c6d824ce5a5015e1de8f5a4c4/gnocchi.257e689d-d6d4-4da7-95bb-c8bf0498f22a?format=json&states=listing" "txad687474c45b4a15b8258-0069787fad" "proxy-server 20" 0.0013 "-" 23 0
Jan 27 09:04:45 standalone proxy-server[129701]: - - 27/Jan/2026/09/04/45 HEAD /v1/AUTH_bfaa595c6d824ce5a5015e1de8f5a4c4/gnocchi.257e689d-d6d4-4da7-95bb-c8bf0498f22a%3Fformat%3Djson%26states%3Dlisting HTTP/1.0 204 - Swift - - - - txad687474c45b4a15b8258-0069787fad - 0.0146 RL - 1769504685.117975235 1769504685.132615328 0
Jan 27 09:04:45 standalone container-server[127680]: 172.20.0.100 - - [27/Jan/2026:09:04:45 +0000] "GET /d1/27/AUTH_bfaa595c6d824ce5a5015e1de8f5a4c4/gnocchi.257e689d-d6d4-4da7-95bb-c8bf0498f22a" 200 2 "GET http://172.18.0.2:8080/v1/AUTH_bfaa595c6d824ce5a5015e1de8f5a4c4/gnocchi.257e689d-d6d4-4da7-95bb-c8bf0498f22a?format=json&states=listing" "txad687474c45b4a15b8258-0069787fad" "proxy-server 20" 0.0048 "-" 20 0
Jan 27 09:04:45 standalone proxy-server[129701]: 172.18.0.2 172.18.0.100 27/Jan/2026/09/04/45 GET /v1/AUTH_bfaa595c6d824ce5a5015e1de8f5a4c4/gnocchi.257e689d-d6d4-4da7-95bb-c8bf0498f22a%3Fformat%3Djson%26states%3Dlisting HTTP/1.0 200 - python-swiftclient-3.11.1 gAAAAABpeH8gAKX6... - 2 - txad687474c45b4a15b8258-0069787fad - 0.0375 - - 1769504685.116159916 1769504685.153680563 0
Jan 27 09:04:45 standalone object-server[127766]: 172.20.0.100 - - [27/Jan/2026:09:04:45 +0000] "GET /d1/61/AUTH_bfaa595c6d824ce5a5015e1de8f5a4c4/gnocchi.257e689d-d6d4-4da7-95bb-c8bf0498f22a/1769040000.0_mean_300.0_v3" 404 70 "GET http://172.18.0.2:8080/v1/AUTH_bfaa595c6d824ce5a5015e1de8f5a4c4/gnocchi.257e689d-d6d4-4da7-95bb-c8bf0498f22a/1769040000.0_mean_300.0_v3" "tx79c87df6b9f841cc98593-0069787fad" "proxy-server 20" 0.0004 "-" 25 0
Jan 27 09:04:45 standalone proxy-server[129701]: 172.18.0.2 172.18.0.100 27/Jan/2026/09/04/45 GET /v1/AUTH_bfaa595c6d824ce5a5015e1de8f5a4c4/gnocchi.257e689d-d6d4-4da7-95bb-c8bf0498f22a/1769040000.0_mean_300.0_v3 HTTP/1.0 404 - python-swiftclient-3.11.1 gAAAAABpeH8gAKX6... - 70 - tx79c87df6b9f841cc98593-0069787fad - 0.0118 - - 1769504685.162505627 1769504685.174279451 0
Jan 27 09:04:45 standalone container-server[127686]: 172.20.0.100 - - [27/Jan/2026:09:04:45 +0000] "PUT /d1/27/AUTH_bfaa595c6d824ce5a5015e1de8f5a4c4/gnocchi.257e689d-d6d4-4da7-95bb-c8bf0498f22a/1769040000.0_mean_300.0_v3" 201 - "PUT http://172.18.0.2:8080/d1/61/AUTH_bfaa595c6d824ce5a5015e1de8f5a4c4/gnocchi.257e689d-d6d4-4da7-95bb-c8bf0498f22a/1769040000.0_mean_300.0_v3" "txda5cb434508f42279811a-0069787fad" "object-server 22" 0.0010 "-" 22 0
Jan 27 09:04:45 standalone object-server[127760]: 172.20.0.100 - - [27/Jan/2026:09:04:45 +0000] "PUT /d1/61/AUTH_bfaa595c6d824ce5a5015e1de8f5a4c4/gnocchi.257e689d-d6d4-4da7-95bb-c8bf0498f22a/1769040000.0_mean_300.0_v3" 201 - "PUT http://172.18.0.2:8080/v1/AUTH_bfaa595c6d824ce5a5015e1de8f5a4c4/gnocchi.257e689d-d6d4-4da7-95bb-c8bf0498f22a/1769040000.0_mean_300.0_v3" "txda5cb434508f42279811a-0069787fad" "proxy-server 20" 0.0147 "-" 22 0
Jan 27 09:04:45 standalone proxy-server[129701]: 172.18.0.2 172.18.0.100 27/Jan/2026/09/04/45 PUT /v1/AUTH_bfaa595c6d824ce5a5015e1de8f5a4c4/gnocchi.257e689d-d6d4-4da7-95bb-c8bf0498f22a/1769040000.0_mean_300.0_v3 HTTP/1.0 201 - python-swiftclient-3.11.1 gAAAAABpeH8gAKX6... 16 - - txda5cb434508f42279811a-0069787fad - 0.0258 - - 1769504685.178051472 1769504685.203892708 0
Jan 27 09:04:45 standalone container-server[127686]: 172.20.0.100 - - [27/Jan/2026:09:04:45 +0000] "PUT /d1/27/AUTH_bfaa595c6d824ce5a5015e1de8f5a4c4/gnocchi.257e689d-d6d4-4da7-95bb-c8bf0498f22a/none_v3" 201 - "PUT http://172.18.0.2:8080/d1/55/AUTH_bfaa595c6d824ce5a5015e1de8f5a4c4/gnocchi.257e689d-d6d4-4da7-95bb-c8bf0498f22a/none_v3" "txee7278f15db1420e94034-0069787fad" "object-server 25" 0.0007 "-" 22 0
Jan 27 09:04:45 standalone object-server[127766]: 172.20.0.100 - - [27/Jan/2026:09:04:45 +0000] "PUT /d1/55/AUTH_bfaa595c6d824ce5a5015e1de8f5a4c4/gnocchi.257e689d-d6d4-4da7-95bb-c8bf0498f22a/none_v3" 201 - "PUT http://172.18.0.2:8080/v1/AUTH_bfaa595c6d824ce5a5015e1de8f5a4c4/gnocchi.257e689d-d6d4-4da7-95bb-c8bf0498f22a/none_v3" "txee7278f15db1420e94034-0069787fad" "proxy-server 20" 0.0150 "-" 25 0
Jan 27 09:04:45 standalone proxy-server[129701]: 172.18.0.2 172.18.0.100 27/Jan/2026/09/04/45 PUT /v1/AUTH_bfaa595c6d824ce5a5015e1de8f5a4c4/gnocchi.257e689d-d6d4-4da7-95bb-c8bf0498f22a/none_v3 HTTP/1.0 201 - python-swiftclient-3.11.1 gAAAAABpeH8gAKX6... 22 - - txee7278f15db1420e94034-0069787fad - 0.0287 - - 1769504685.208694935 1769504685.237440109 0
Jan 27 09:04:45 standalone container-server[127686]: 172.20.0.100 - - [27/Jan/2026:09:04:45 +0000] "HEAD /d1/309/AUTH_bfaa595c6d824ce5a5015e1de8f5a4c4/gnocchi.beadb438-6f1b-4a31-b88a-c56261bc708c" 404 - "HEAD http://172.18.0.2:8080/v1/AUTH_bfaa595c6d824ce5a5015e1de8f5a4c4/gnocchi.beadb438-6f1b-4a31-b88a-c56261bc708c?format=json&states=listing" "tx543c9cbd3ee24f01a9b08-0069787fad" "proxy-server 20" 0.0005 "-" 22 0
Jan 27 09:04:45 standalone object-server[127760]: 172.20.0.100 - - [27/Jan/2026:09:04:45 +0000] "GET /d1/191/AUTH_bfaa595c6d824ce5a5015e1de8f5a4c4/gnocchi.beadb438-6f1b-4a31-b88a-c56261bc708c/none_v3" 404 70 "GET http://172.18.0.2:8080/v1/AUTH_bfaa595c6d824ce5a5015e1de8f5a4c4/gnocchi.beadb438-6f1b-4a31-b88a-c56261bc708c/none_v3" "tx543c9cbd3ee24f01a9b08-0069787fad" "proxy-server 20" 0.0005 "-" 22 0
Jan 27 09:04:45 standalone proxy-server[129701]: 172.18.0.2 172.18.0.100 27/Jan/2026/09/04/45 GET /v1/AUTH_bfaa595c6d824ce5a5015e1de8f5a4c4/gnocchi.beadb438-6f1b-4a31-b88a-c56261bc708c/none_v3 HTTP/1.0 404 - python-swiftclient-3.11.1 gAAAAABpeH8gAKX6... - 70 - tx543c9cbd3ee24f01a9b08-0069787fad - 0.0092 - - 1769504685.251731634 1769504685.260915518 0
Jan 27 09:04:45 standalone account-server[127343]: 172.20.0.100 - - [27/Jan/2026:09:04:45 +0000] "PUT /d1/168/AUTH_bfaa595c6d824ce5a5015e1de8f5a4c4/gnocchi.beadb438-6f1b-4a31-b88a-c56261bc708c" 201 - "PUT http://172.20.0.100:6001/d1/309/AUTH_bfaa595c6d824ce5a5015e1de8f5a4c4/gnocchi.beadb438-6f1b-4a31-b88a-c56261bc708c" "txe5c22914834f4da2b39b7-0069787fad" "container-server 22" 0.0052 "-" 17 0
Jan 27 09:04:45 standalone container-server[127686]: 172.20.0.100 - - [27/Jan/2026:09:04:45 +0000] "PUT /d1/309/AUTH_bfaa595c6d824ce5a5015e1de8f5a4c4/gnocchi.beadb438-6f1b-4a31-b88a-c56261bc708c" 201 - "PUT http://172.18.0.2:8080/v1/AUTH_bfaa595c6d824ce5a5015e1de8f5a4c4/gnocchi.beadb438-6f1b-4a31-b88a-c56261bc708c" "txe5c22914834f4da2b39b7-0069787fad" "proxy-server 20" 0.0207 "-" 22 0
Jan 27 09:04:45 standalone proxy-server[129701]: 172.18.0.2 172.18.0.100 27/Jan/2026/09/04/45 PUT /v1/AUTH_bfaa595c6d824ce5a5015e1de8f5a4c4/gnocchi.beadb438-6f1b-4a31-b88a-c56261bc708c HTTP/1.0 201 - python-swiftclient-3.11.1 gAAAAABpeH8gAKX6... - - - txe5c22914834f4da2b39b7-0069787fad - 0.0247 - - 1769504685.265064478 1769504685.289746284 0
Jan 27 09:04:45 standalone container-server[127680]: 172.20.0.100 - - [27/Jan/2026:09:04:45 +0000] "HEAD /d1/309/AUTH_bfaa595c6d824ce5a5015e1de8f5a4c4/gnocchi.beadb438-6f1b-4a31-b88a-c56261bc708c" 204 - "HEAD http://172.18.0.2:8080/v1/AUTH_bfaa595c6d824ce5a5015e1de8f5a4c4/gnocchi.beadb438-6f1b-4a31-b88a-c56261bc708c?format=json&states=listing" "tx8c414a5bed9346fc8a65c-0069787fad" "proxy-server 20" 0.0026 "-" 20 0
Jan 27 09:04:45 standalone proxy-server[129701]: - - 27/Jan/2026/09/04/45 HEAD /v1/AUTH_bfaa595c6d824ce5a5015e1de8f5a4c4/gnocchi.beadb438-6f1b-4a31-b88a-c56261bc708c%3Fformat%3Djson%26states%3Dlisting HTTP/1.0 204 - Swift - - - - tx8c414a5bed9346fc8a65c-0069787fad - 0.0065 RL - 1769504685.295571089 1769504685.302075386 0
Jan 27 09:04:45 standalone container-server[127686]: 172.20.0.100 - - [27/Jan/2026:09:04:45 +0000] "GET /d1/309/AUTH_bfaa595c6d824ce5a5015e1de8f5a4c4/gnocchi.beadb438-6f1b-4a31-b88a-c56261bc708c" 200 2 "GET http://172.18.0.2:8080/v1/AUTH_bfaa595c6d824ce5a5015e1de8f5a4c4/gnocchi.beadb438-6f1b-4a31-b88a-c56261bc708c?format=json&states=listing" "tx8c414a5bed9346fc8a65c-0069787fad" "proxy-server 20" 0.0024 "-" 22 0
Jan 27 09:04:45 standalone proxy-server[129701]: 172.18.0.2 172.18.0.100 27/Jan/2026/09/04/45 GET /v1/AUTH_bfaa595c6d824ce5a5015e1de8f5a4c4/gnocchi.beadb438-6f1b-4a31-b88a-c56261bc708c%3Fformat%3Djson%26states%3Dlisting HTTP/1.0 200 - python-swiftclient-3.11.1 gAAAAABpeH8gAKX6... - 2 - tx8c414a5bed9346fc8a65c-0069787fad - 0.0149 - - 1769504685.294573069 1769504685.309478045 0
Jan 27 09:04:45 standalone object-server[127765]: 172.20.0.100 - - [27/Jan/2026:09:04:45 +0000] "GET /d1/66/AUTH_bfaa595c6d824ce5a5015e1de8f5a4c4/gnocchi.beadb438-6f1b-4a31-b88a-c56261bc708c/1769040000.0_mean_300.0_v3" 404 70 "GET http://172.18.0.2:8080/v1/AUTH_bfaa595c6d824ce5a5015e1de8f5a4c4/gnocchi.beadb438-6f1b-4a31-b88a-c56261bc708c/1769040000.0_mean_300.0_v3" "txdaf3d9183de54e6b86e6c-0069787fad" "proxy-server 20" 0.0003 "-" 24 0
Jan 27 09:04:45 standalone proxy-server[129701]: 172.18.0.2 172.18.0.100 27/Jan/2026/09/04/45 GET /v1/AUTH_bfaa595c6d824ce5a5015e1de8f5a4c4/gnocchi.beadb438-6f1b-4a31-b88a-c56261bc708c/1769040000.0_mean_300.0_v3 HTTP/1.0 404 - python-swiftclient-3.11.1 gAAAAABpeH8gAKX6... - 70 - txdaf3d9183de54e6b86e6c-0069787fad - 0.0044 - - 1769504685.318737984 1769504685.323103189 0
Jan 27 09:04:45 standalone container-server[127686]: 172.20.0.100 - - [27/Jan/2026:09:04:45 +0000] "PUT /d1/309/AUTH_bfaa595c6d824ce5a5015e1de8f5a4c4/gnocchi.beadb438-6f1b-4a31-b88a-c56261bc708c/1769040000.0_mean_300.0_v3" 201 - "PUT http://172.18.0.2:8080/d1/66/AUTH_bfaa595c6d824ce5a5015e1de8f5a4c4/gnocchi.beadb438-6f1b-4a31-b88a-c56261bc708c/1769040000.0_mean_300.0_v3" "tx5e46ce5ec2aa47b18b043-0069787fad" "object-server 25" 0.0011 "-" 22 0
Jan 27 09:04:45 standalone object-server[127766]: 172.20.0.100 - - [27/Jan/2026:09:04:45 +0000] "PUT /d1/66/AUTH_bfaa595c6d824ce5a5015e1de8f5a4c4/gnocchi.beadb438-6f1b-4a31-b88a-c56261bc708c/1769040000.0_mean_300.0_v3" 201 - "PUT http://172.18.0.2:8080/v1/AUTH_bfaa595c6d824ce5a5015e1de8f5a4c4/gnocchi.beadb438-6f1b-4a31-b88a-c56261bc708c/1769040000.0_mean_300.0_v3" "tx5e46ce5ec2aa47b18b043-0069787fad" "proxy-server 20" 0.0254 "-" 25 0
Jan 27 09:04:45 standalone proxy-server[129701]: 172.18.0.2 172.18.0.100 27/Jan/2026/09/04/45 PUT /v1/AUTH_bfaa595c6d824ce5a5015e1de8f5a4c4/gnocchi.beadb438-6f1b-4a31-b88a-c56261bc708c/1769040000.0_mean_300.0_v3 HTTP/1.0 201 - python-swiftclient-3.11.1 gAAAAABpeH8gAKX6... 16 - - tx5e46ce5ec2aa47b18b043-0069787fad - 0.0306 - - 1769504685.327976465 1769504685.358596802 0
Jan 27 09:04:45 standalone container-server[127683]: 172.20.0.100 - - [27/Jan/2026:09:04:45 +0000] "PUT /d1/309/AUTH_bfaa595c6d824ce5a5015e1de8f5a4c4/gnocchi.beadb438-6f1b-4a31-b88a-c56261bc708c/none_v3" 201 - "PUT http://172.18.0.2:8080/d1/191/AUTH_bfaa595c6d824ce5a5015e1de8f5a4c4/gnocchi.beadb438-6f1b-4a31-b88a-c56261bc708c/none_v3" "txe3395b91faca4f0cb785e-0069787fad" "object-server 22" 0.0007 "-" 21 0
Jan 27 09:04:45 standalone object-server[127760]: 172.20.0.100 - - [27/Jan/2026:09:04:45 +0000] "PUT /d1/191/AUTH_bfaa595c6d824ce5a5015e1de8f5a4c4/gnocchi.beadb438-6f1b-4a31-b88a-c56261bc708c/none_v3" 201 - "PUT http://172.18.0.2:8080/v1/AUTH_bfaa595c6d824ce5a5015e1de8f5a4c4/gnocchi.beadb438-6f1b-4a31-b88a-c56261bc708c/none_v3" "txe3395b91faca4f0cb785e-0069787fad" "proxy-server 20" 0.0166 "-" 22 0
Jan 27 09:04:45 standalone proxy-server[129701]: 172.18.0.2 172.18.0.100 27/Jan/2026/09/04/45 PUT /v1/AUTH_bfaa595c6d824ce5a5015e1de8f5a4c4/gnocchi.beadb438-6f1b-4a31-b88a-c56261bc708c/none_v3 HTTP/1.0 201 - python-swiftclient-3.11.1 gAAAAABpeH8gAKX6... 22 - - txe3395b91faca4f0cb785e-0069787fad - 0.0228 - - 1769504685.361464977 1769504685.384310722 0
Jan 27 09:04:51 standalone container-server[127680]: 172.20.0.100 - - [27/Jan/2026:09:04:51 +0000] "HEAD /d1/608/AUTH_bfaa595c6d824ce5a5015e1de8f5a4c4/gnocchi.cab5a5f8-ebaf-4eae-8414-6a0dc2e52668" 404 - "HEAD http://172.18.0.2:8080/v1/AUTH_bfaa595c6d824ce5a5015e1de8f5a4c4/gnocchi.cab5a5f8-ebaf-4eae-8414-6a0dc2e52668?format=json&states=listing" "txf74486eced1543d993157-0069787fb3" "proxy-server 20" 0.0008 "-" 20 0
Jan 27 09:04:51 standalone object-server[127765]: 172.20.0.100 - - [27/Jan/2026:09:04:51 +0000] "GET /d1/331/AUTH_bfaa595c6d824ce5a5015e1de8f5a4c4/gnocchi.cab5a5f8-ebaf-4eae-8414-6a0dc2e52668/none_v3" 404 70 "GET http://172.18.0.2:8080/v1/AUTH_bfaa595c6d824ce5a5015e1de8f5a4c4/gnocchi.cab5a5f8-ebaf-4eae-8414-6a0dc2e52668/none_v3" "txf74486eced1543d993157-0069787fb3" "proxy-server 20" 0.0005 "-" 24 0
Jan 27 09:04:51 standalone proxy-server[129701]: 172.18.0.2 172.18.0.100 27/Jan/2026/09/04/51 GET /v1/AUTH_bfaa595c6d824ce5a5015e1de8f5a4c4/gnocchi.cab5a5f8-ebaf-4eae-8414-6a0dc2e52668/none_v3 HTTP/1.0 404 - python-swiftclient-3.11.1 gAAAAABpeH8gAKX6... - 70 - txf74486eced1543d993157-0069787fb3 - 0.0137 - - 1769504691.075687885 1769504691.089436531 0
Jan 27 09:04:51 standalone account-server[127348]: 172.20.0.100 - - [27/Jan/2026:09:04:51 +0000] "PUT /d1/168/AUTH_bfaa595c6d824ce5a5015e1de8f5a4c4/gnocchi.cab5a5f8-ebaf-4eae-8414-6a0dc2e52668" 201 - "PUT http://172.20.0.100:6001/d1/608/AUTH_bfaa595c6d824ce5a5015e1de8f5a4c4/gnocchi.cab5a5f8-ebaf-4eae-8414-6a0dc2e52668" "tx877e0eb2f2a04bcd951b5-0069787fb3" "container-server 23" 0.0060 "-" 18 0
Jan 27 09:04:51 standalone container-server[127690]: 172.20.0.100 - - [27/Jan/2026:09:04:51 +0000] "PUT /d1/608/AUTH_bfaa595c6d824ce5a5015e1de8f5a4c4/gnocchi.cab5a5f8-ebaf-4eae-8414-6a0dc2e52668" 201 - "PUT http://172.18.0.2:8080/v1/AUTH_bfaa595c6d824ce5a5015e1de8f5a4c4/gnocchi.cab5a5f8-ebaf-4eae-8414-6a0dc2e52668" "tx877e0eb2f2a04bcd951b5-0069787fb3" "proxy-server 20" 0.0190 "-" 23 0
Jan 27 09:04:51 standalone proxy-server[129701]: 172.18.0.2 172.18.0.100 27/Jan/2026/09/04/51 PUT /v1/AUTH_bfaa595c6d824ce5a5015e1de8f5a4c4/gnocchi.cab5a5f8-ebaf-4eae-8414-6a0dc2e52668 HTTP/1.0 201 - python-swiftclient-3.11.1 gAAAAABpeH8gAKX6... - - - tx877e0eb2f2a04bcd951b5-0069787fb3 - 0.0234 - - 1769504691.092854500 1769504691.116211653 0
Jan 27 09:04:51 standalone container-server[127686]: 172.20.0.100 - - [27/Jan/2026:09:04:51 +0000] "HEAD /d1/608/AUTH_bfaa595c6d824ce5a5015e1de8f5a4c4/gnocchi.cab5a5f8-ebaf-4eae-8414-6a0dc2e52668" 204 - "HEAD http://172.18.0.2:8080/v1/AUTH_bfaa595c6d824ce5a5015e1de8f5a4c4/gnocchi.cab5a5f8-ebaf-4eae-8414-6a0dc2e52668?format=json&states=listing" "txef7696715eee4ed79bea2-0069787fb3" "proxy-server 20" 0.0011 "-" 22 0
Jan 27 09:04:51 standalone proxy-server[129701]: - - 27/Jan/2026/09/04/51 HEAD /v1/AUTH_bfaa595c6d824ce5a5015e1de8f5a4c4/gnocchi.cab5a5f8-ebaf-4eae-8414-6a0dc2e52668%3Fformat%3Djson%26states%3Dlisting HTTP/1.0 204 - Swift - - - - txef7696715eee4ed79bea2-0069787fb3 - 0.0036 RL - 1769504691.121326685 1769504691.124945879 0
Jan 27 09:04:51 standalone container-server[127680]: 172.20.0.100 - - [27/Jan/2026:09:04:51 +0000] "GET /d1/608/AUTH_bfaa595c6d824ce5a5015e1de8f5a4c4/gnocchi.cab5a5f8-ebaf-4eae-8414-6a0dc2e52668" 200 2 "GET http://172.18.0.2:8080/v1/AUTH_bfaa595c6d824ce5a5015e1de8f5a4c4/gnocchi.cab5a5f8-ebaf-4eae-8414-6a0dc2e52668?format=json&states=listing" "txef7696715eee4ed79bea2-0069787fb3" "proxy-server 20" 0.0033 "-" 20 0
Jan 27 09:04:51 standalone proxy-server[129701]: 172.18.0.2 172.18.0.100 27/Jan/2026/09/04/51 GET /v1/AUTH_bfaa595c6d824ce5a5015e1de8f5a4c4/gnocchi.cab5a5f8-ebaf-4eae-8414-6a0dc2e52668%3Fformat%3Djson%26states%3Dlisting HTTP/1.0 200 - python-swiftclient-3.11.1 gAAAAABpeH8gAKX6... - 2 - txef7696715eee4ed79bea2-0069787fb3 - 0.0127 - - 1769504691.120483160 1769504691.133180618 0
Jan 27 09:04:51 standalone object-server[127766]: 172.20.0.100 - - [27/Jan/2026:09:04:51 +0000] "GET /d1/968/AUTH_bfaa595c6d824ce5a5015e1de8f5a4c4/gnocchi.cab5a5f8-ebaf-4eae-8414-6a0dc2e52668/1769040000.0_mean_300.0_v3" 404 70 "GET http://172.18.0.2:8080/v1/AUTH_bfaa595c6d824ce5a5015e1de8f5a4c4/gnocchi.cab5a5f8-ebaf-4eae-8414-6a0dc2e52668/1769040000.0_mean_300.0_v3" "txaba0584baee540bfbc9a7-0069787fb3" "proxy-server 20" 0.0005 "-" 25 0
Jan 27 09:04:51 standalone proxy-server[129701]: 172.18.0.2 172.18.0.100 27/Jan/2026/09/04/51 GET /v1/AUTH_bfaa595c6d824ce5a5015e1de8f5a4c4/gnocchi.cab5a5f8-ebaf-4eae-8414-6a0dc2e52668/1769040000.0_mean_300.0_v3 HTTP/1.0 404 - python-swiftclient-3.11.1 gAAAAABpeH8gAKX6... - 70 - txaba0584baee540bfbc9a7-0069787fb3 - 0.0051 - - 1769504691.138253450 1769504691.143344164 0
Jan 27 09:04:51 standalone container-server[127690]: 172.20.0.100 - - [27/Jan/2026:09:04:51 +0000] "PUT /d1/608/AUTH_bfaa595c6d824ce5a5015e1de8f5a4c4/gnocchi.cab5a5f8-ebaf-4eae-8414-6a0dc2e52668/1769040000.0_mean_300.0_v3" 201 - "PUT http://172.18.0.2:8080/d1/968/AUTH_bfaa595c6d824ce5a5015e1de8f5a4c4/gnocchi.cab5a5f8-ebaf-4eae-8414-6a0dc2e52668/1769040000.0_mean_300.0_v3" "txd2ed71214dec4c8cb1244-0069787fb3" "object-server 25" 0.0007 "-" 23 0
Jan 27 09:04:51 standalone object-server[127766]: 172.20.0.100 - - [27/Jan/2026:09:04:51 +0000] "PUT /d1/968/AUTH_bfaa595c6d824ce5a5015e1de8f5a4c4/gnocchi.cab5a5f8-ebaf-4eae-8414-6a0dc2e52668/1769040000.0_mean_300.0_v3" 201 - "PUT http://172.18.0.2:8080/v1/AUTH_bfaa595c6d824ce5a5015e1de8f5a4c4/gnocchi.cab5a5f8-ebaf-4eae-8414-6a0dc2e52668/1769040000.0_mean_300.0_v3" "txd2ed71214dec4c8cb1244-0069787fb3" "proxy-server 20" 0.0160 "-" 25 0
Jan 27 09:04:51 standalone proxy-server[129701]: 172.18.0.2 172.18.0.100 27/Jan/2026/09/04/51 PUT /v1/AUTH_bfaa595c6d824ce5a5015e1de8f5a4c4/gnocchi.cab5a5f8-ebaf-4eae-8414-6a0dc2e52668/1769040000.0_mean_300.0_v3 HTTP/1.0 201 - python-swiftclient-3.11.1 gAAAAABpeH8gAKX6... 16 - - txd2ed71214dec4c8cb1244-0069787fb3 - 0.0205 - - 1769504691.147326469 1769504691.167798281 0
Jan 27 09:04:51 standalone container-server[127686]: 172.20.0.100 - - [27/Jan/2026:09:04:51 +0000] "PUT /d1/608/AUTH_bfaa595c6d824ce5a5015e1de8f5a4c4/gnocchi.cab5a5f8-ebaf-4eae-8414-6a0dc2e52668/none_v3" 201 - "PUT http://172.18.0.2:8080/d1/331/AUTH_bfaa595c6d824ce5a5015e1de8f5a4c4/gnocchi.cab5a5f8-ebaf-4eae-8414-6a0dc2e52668/none_v3" "tx812db784b4634a8abb0a5-0069787fb3" "object-server 24" 0.0004 "-" 22 0
Jan 27 09:04:51 standalone object-server[127765]: 172.20.0.100 - - [27/Jan/2026:09:04:51 +0000] "PUT /d1/331/AUTH_bfaa595c6d824ce5a5015e1de8f5a4c4/gnocchi.cab5a5f8-ebaf-4eae-8414-6a0dc2e52668/none_v3" 201 - "PUT http://172.18.0.2:8080/v1/AUTH_bfaa595c6d824ce5a5015e1de8f5a4c4/gnocchi.cab5a5f8-ebaf-4eae-8414-6a0dc2e52668/none_v3" "tx812db784b4634a8abb0a5-0069787fb3" "proxy-server 20" 0.0223 "-" 24 0
Jan 27 09:04:51 standalone proxy-server[129701]: 172.18.0.2 172.18.0.100 27/Jan/2026/09/04/51 PUT /v1/AUTH_bfaa595c6d824ce5a5015e1de8f5a4c4/gnocchi.cab5a5f8-ebaf-4eae-8414-6a0dc2e52668/none_v3 HTTP/1.0 201 - python-swiftclient-3.11.1 gAAAAABpeH8gAKX6... 22 - - tx812db784b4634a8abb0a5-0069787fb3 - 0.0322 - - 1769504691.171697140 1769504691.203864574 0
Jan 27 09:04:56 standalone object-server[127765]: 172.20.0.100 - - [27/Jan/2026:09:04:56 +0000] "GET /d1/331/AUTH_bfaa595c6d824ce5a5015e1de8f5a4c4/gnocchi.cab5a5f8-ebaf-4eae-8414-6a0dc2e52668/none_v3" 200 22 "GET http://172.18.0.2:8080/v1/AUTH_bfaa595c6d824ce5a5015e1de8f5a4c4/gnocchi.cab5a5f8-ebaf-4eae-8414-6a0dc2e52668/none_v3" "tx8ab70dadb76d482e86ca9-0069787fb8" "proxy-server 20" 0.0016 "-" 24 0
Jan 27 09:04:56 standalone proxy-server[129701]: 172.18.0.2 172.18.0.100 27/Jan/2026/09/04/56 GET /v1/AUTH_bfaa595c6d824ce5a5015e1de8f5a4c4/gnocchi.cab5a5f8-ebaf-4eae-8414-6a0dc2e52668/none_v3 HTTP/1.0 200 - python-swiftclient-3.11.1 gAAAAABpeH8gAKX6... - 22 - tx8ab70dadb76d482e86ca9-0069787fb8 - 0.0111 - - 1769504696.831595421 1769504696.842679262 0
Jan 27 09:04:56 standalone container-server[127680]: 172.20.0.100 - - [27/Jan/2026:09:04:56 +0000] "GET /d1/608/AUTH_bfaa595c6d824ce5a5015e1de8f5a4c4/gnocchi.cab5a5f8-ebaf-4eae-8414-6a0dc2e52668" 200 357 "GET http://172.18.0.2:8080/v1/AUTH_bfaa595c6d824ce5a5015e1de8f5a4c4/gnocchi.cab5a5f8-ebaf-4eae-8414-6a0dc2e52668?format=json&states=listing" "txdbcc5b066d5e4032b4dca-0069787fb8" "proxy-server 20" 0.0125 "-" 20 0
Jan 27 09:04:56 standalone proxy-server[129701]: 172.18.0.2 172.18.0.100 27/Jan/2026/09/04/56 GET /v1/AUTH_bfaa595c6d824ce5a5015e1de8f5a4c4/gnocchi.cab5a5f8-ebaf-4eae-8414-6a0dc2e52668%3Fformat%3Djson%26states%3Dlisting HTTP/1.0 200 - python-swiftclient-3.11.1 gAAAAABpeH8gAKX6... - 357 - txdbcc5b066d5e4032b4dca-0069787fb8 - 0.0215 - - 1769504696.848307371 1769504696.869832516 0
Jan 27 09:04:56 standalone container-server[127680]: 172.20.0.100 - - [27/Jan/2026:09:04:56 +0000] "GET /d1/608/AUTH_bfaa595c6d824ce5a5015e1de8f5a4c4/gnocchi.cab5a5f8-ebaf-4eae-8414-6a0dc2e52668" 200 2 "GET http://172.18.0.2:8080/v1/AUTH_bfaa595c6d824ce5a5015e1de8f5a4c4/gnocchi.cab5a5f8-ebaf-4eae-8414-6a0dc2e52668?format=json&marker=none_v3&states=listing" "tx47f65a6e3fe140fb9de84-0069787fb8" "proxy-server 20" 0.0049 "-" 20 0
Jan 27 09:04:56 standalone proxy-server[129701]: 172.18.0.2 172.18.0.100 27/Jan/2026/09/04/56 GET /v1/AUTH_bfaa595c6d824ce5a5015e1de8f5a4c4/gnocchi.cab5a5f8-ebaf-4eae-8414-6a0dc2e52668%3Fformat%3Djson%26marker%3Dnone_v3%26states%3Dlisting HTTP/1.0 200 - python-swiftclient-3.11.1 gAAAAABpeH8gAKX6... - 2 - tx47f65a6e3fe140fb9de84-0069787fb8 - 0.0243 - - 1769504696.874340534 1769504696.898679018 0
Jan 27 09:04:56 standalone object-server[127765]: 172.20.0.100 - - [27/Jan/2026:09:04:56 +0000] "GET /d1/968/AUTH_bfaa595c6d824ce5a5015e1de8f5a4c4/gnocchi.cab5a5f8-ebaf-4eae-8414-6a0dc2e52668/1769040000.0_mean_300.0_v3" 200 16 "GET http://172.18.0.2:8080/v1/AUTH_bfaa595c6d824ce5a5015e1de8f5a4c4/gnocchi.cab5a5f8-ebaf-4eae-8414-6a0dc2e52668/1769040000.0_mean_300.0_v3" "tx5086998fd04e4ad6a8bd0-0069787fb8" "proxy-server 20" 0.0011 "-" 24 0
Jan 27 09:04:56 standalone proxy-server[129701]: 172.18.0.2 172.18.0.100 27/Jan/2026/09/04/56 GET /v1/AUTH_bfaa595c6d824ce5a5015e1de8f5a4c4/gnocchi.cab5a5f8-ebaf-4eae-8414-6a0dc2e52668/1769040000.0_mean_300.0_v3 HTTP/1.0 200 - python-swiftclient-3.11.1 gAAAAABpeH8gAKX6... - 16 - tx5086998fd04e4ad6a8bd0-0069787fb8 - 0.0132 - - 1769504696.905251980 1769504696.918432236 0
Jan 27 09:04:56 standalone container-server[127683]: 172.20.0.100 - - [27/Jan/2026:09:04:56 +0000] "PUT /d1/608/AUTH_bfaa595c6d824ce5a5015e1de8f5a4c4/gnocchi.cab5a5f8-ebaf-4eae-8414-6a0dc2e52668/1769040000.0_mean_300.0_v3" 201 - "PUT http://172.18.0.2:8080/d1/968/AUTH_bfaa595c6d824ce5a5015e1de8f5a4c4/gnocchi.cab5a5f8-ebaf-4eae-8414-6a0dc2e52668/1769040000.0_mean_300.0_v3" "tx1e03c76676224fbeb4e81-0069787fb8" "object-server 24" 0.0005 "-" 21 0
Jan 27 09:04:56 standalone object-server[127765]: 172.20.0.100 - - [27/Jan/2026:09:04:56 +0000] "PUT /d1/968/AUTH_bfaa595c6d824ce5a5015e1de8f5a4c4/gnocchi.cab5a5f8-ebaf-4eae-8414-6a0dc2e52668/1769040000.0_mean_300.0_v3" 201 - "PUT http://172.18.0.2:8080/v1/AUTH_bfaa595c6d824ce5a5015e1de8f5a4c4/gnocchi.cab5a5f8-ebaf-4eae-8414-6a0dc2e52668/1769040000.0_mean_300.0_v3" "tx1e03c76676224fbeb4e81-0069787fb8" "proxy-server 20" 0.0095 "-" 24 0
Jan 27 09:04:56 standalone proxy-server[129701]: 172.18.0.2 172.18.0.100 27/Jan/2026/09/04/56 PUT /v1/AUTH_bfaa595c6d824ce5a5015e1de8f5a4c4/gnocchi.cab5a5f8-ebaf-4eae-8414-6a0dc2e52668/1769040000.0_mean_300.0_v3 HTTP/1.0 201 - python-swiftclient-3.11.1 gAAAAABpeH8gAKX6... 16 - - tx1e03c76676224fbeb4e81-0069787fb8 - 0.0171 - - 1769504696.925686359 1769504696.942790747 0
Jan 27 09:04:56 standalone container-server[127683]: 172.20.0.100 - - [27/Jan/2026:09:04:56 +0000] "PUT /d1/608/AUTH_bfaa595c6d824ce5a5015e1de8f5a4c4/gnocchi.cab5a5f8-ebaf-4eae-8414-6a0dc2e52668/none_v3" 201 - "PUT http://172.18.0.2:8080/d1/331/AUTH_bfaa595c6d824ce5a5015e1de8f5a4c4/gnocchi.cab5a5f8-ebaf-4eae-8414-6a0dc2e52668/none_v3" "txec692eaa12724e378baf4-0069787fb8" "object-server 22" 0.0004 "-" 21 0
Jan 27 09:04:56 standalone object-server[127760]: 172.20.0.100 - - [27/Jan/2026:09:04:56 +0000] "PUT /d1/331/AUTH_bfaa595c6d824ce5a5015e1de8f5a4c4/gnocchi.cab5a5f8-ebaf-4eae-8414-6a0dc2e52668/none_v3" 201 - "PUT http://172.18.0.2:8080/v1/AUTH_bfaa595c6d824ce5a5015e1de8f5a4c4/gnocchi.cab5a5f8-ebaf-4eae-8414-6a0dc2e52668/none_v3" "txec692eaa12724e378baf4-0069787fb8" "proxy-server 20" 0.0113 "-" 22 0
Jan 27 09:04:56 standalone proxy-server[129701]: 172.18.0.2 172.18.0.100 27/Jan/2026/09/04/56 PUT /v1/AUTH_bfaa595c6d824ce5a5015e1de8f5a4c4/gnocchi.cab5a5f8-ebaf-4eae-8414-6a0dc2e52668/none_v3 HTTP/1.0 201 - python-swiftclient-3.11.1 gAAAAABpeH8gAKX6... 32 - - txec692eaa12724e378baf4-0069787fb8 - 0.0193 - - 1769504696.946738720 1769504696.966052055 0
Jan 27 09:05:13 standalone account-server[127374]: 172.20.0.100 - - [27/Jan/2026:09:05:13 +0000] "HEAD /d1/680/.expiring_objects" 404 - "HEAD http://localhost/v1/.expiring_objects?format=json" "txd3aa446f989d4f4190f90-0069787fc9" "proxy-server 2" 0.0008 "-" 19 -
Jan 27 09:05:13 standalone object-expirer[127540]: Pass completed in 0s; 0 objects expired (txn: txd3aa446f989d4f4190f90-0069787fc9)
Jan 27 09:05:20 standalone container-server[127683]: 172.20.0.100 - - [27/Jan/2026:09:05:20 +0000] "HEAD /d1/268/AUTH_bfaa595c6d824ce5a5015e1de8f5a4c4/gnocchi.23a9e287-f9da-46df-87b0-f9907fffd916" 404 - "HEAD http://172.18.0.2:8080/v1/AUTH_bfaa595c6d824ce5a5015e1de8f5a4c4/gnocchi.23a9e287-f9da-46df-87b0-f9907fffd916?format=json&states=listing" "txb69c20b560844b1f8e45c-0069787fd0" "proxy-server 20" 0.0009 "-" 21 0
Jan 27 09:05:20 standalone object-server[127765]: 172.20.0.100 - - [27/Jan/2026:09:05:20 +0000] "GET /d1/489/AUTH_bfaa595c6d824ce5a5015e1de8f5a4c4/gnocchi.23a9e287-f9da-46df-87b0-f9907fffd916/none_v3" 404 70 "GET http://172.18.0.2:8080/v1/AUTH_bfaa595c6d824ce5a5015e1de8f5a4c4/gnocchi.23a9e287-f9da-46df-87b0-f9907fffd916/none_v3" "txb69c20b560844b1f8e45c-0069787fd0" "proxy-server 20" 0.0009 "-" 24 0
Jan 27 09:05:20 standalone proxy-server[129701]: 172.18.0.2 172.18.0.100 27/Jan/2026/09/05/20 GET /v1/AUTH_bfaa595c6d824ce5a5015e1de8f5a4c4/gnocchi.23a9e287-f9da-46df-87b0-f9907fffd916/none_v3 HTTP/1.0 404 - python-swiftclient-3.11.1 gAAAAABpeH8gAKX6... - 70 - txb69c20b560844b1f8e45c-0069787fd0 - 0.0214 - - 1769504720.787772179 1769504720.809185028 0
Jan 27 09:05:20 standalone account-server[127343]: 172.20.0.100 - - [27/Jan/2026:09:05:20 +0000] "PUT /d1/168/AUTH_bfaa595c6d824ce5a5015e1de8f5a4c4/gnocchi.23a9e287-f9da-46df-87b0-f9907fffd916" 201 - "PUT http://172.20.0.100:6001/d1/268/AUTH_bfaa595c6d824ce5a5015e1de8f5a4c4/gnocchi.23a9e287-f9da-46df-87b0-f9907fffd916" "tx81a4ef001f6446d9ba583-0069787fd0" "container-server 20" 0.0055 "-" 17 0
Jan 27 09:05:20 standalone container-server[127680]: 172.20.0.100 - - [27/Jan/2026:09:05:20 +0000] "PUT /d1/268/AUTH_bfaa595c6d824ce5a5015e1de8f5a4c4/gnocchi.23a9e287-f9da-46df-87b0-f9907fffd916" 201 - "PUT http://172.18.0.2:8080/v1/AUTH_bfaa595c6d824ce5a5015e1de8f5a4c4/gnocchi.23a9e287-f9da-46df-87b0-f9907fffd916" "tx81a4ef001f6446d9ba583-0069787fd0" "proxy-server 20" 0.0202 "-" 20 0
Jan 27 09:05:20 standalone proxy-server[129701]: 172.18.0.2 172.18.0.100 27/Jan/2026/09/05/20 PUT /v1/AUTH_bfaa595c6d824ce5a5015e1de8f5a4c4/gnocchi.23a9e287-f9da-46df-87b0-f9907fffd916 HTTP/1.0 201 - python-swiftclient-3.11.1 gAAAAABpeH8gAKX6... - - - tx81a4ef001f6446d9ba583-0069787fd0 - 0.0290 - - 1769504720.813473940 1769504720.842460155 0
Jan 27 09:05:20 standalone container-server[127683]: 172.20.0.100 - - [27/Jan/2026:09:05:20 +0000] "HEAD /d1/268/AUTH_bfaa595c6d824ce5a5015e1de8f5a4c4/gnocchi.23a9e287-f9da-46df-87b0-f9907fffd916" 204 - "HEAD http://172.18.0.2:8080/v1/AUTH_bfaa595c6d824ce5a5015e1de8f5a4c4/gnocchi.23a9e287-f9da-46df-87b0-f9907fffd916?format=json&states=listing" "tx2447277226004477ad6ec-0069787fd0" "proxy-server 20" 0.0032 "-" 21 0
Jan 27 09:05:20 standalone proxy-server[129701]: - - 27/Jan/2026/09/05/20 HEAD /v1/AUTH_bfaa595c6d824ce5a5015e1de8f5a4c4/gnocchi.23a9e287-f9da-46df-87b0-f9907fffd916%3Fformat%3Djson%26states%3Dlisting HTTP/1.0 204 - Swift - - - - tx2447277226004477ad6ec-0069787fd0 - 0.0090 RL - 1769504720.850739479 1769504720.859757423 0
Jan 27 09:05:20 standalone container-server[127690]: 172.20.0.100 - - [27/Jan/2026:09:05:20 +0000] "GET /d1/268/AUTH_bfaa595c6d824ce5a5015e1de8f5a4c4/gnocchi.23a9e287-f9da-46df-87b0-f9907fffd916" 200 2 "GET http://172.18.0.2:8080/v1/AUTH_bfaa595c6d824ce5a5015e1de8f5a4c4/gnocchi.23a9e287-f9da-46df-87b0-f9907fffd916?format=json&states=listing" "tx2447277226004477ad6ec-0069787fd0" "proxy-server 20" 0.0022 "-" 23 0
Jan 27 09:05:20 standalone proxy-server[129701]: 172.18.0.2 172.18.0.100 27/Jan/2026/09/05/20 GET /v1/AUTH_bfaa595c6d824ce5a5015e1de8f5a4c4/gnocchi.23a9e287-f9da-46df-87b0-f9907fffd916%3Fformat%3Djson%26states%3Dlisting HTTP/1.0 200 - python-swiftclient-3.11.1 gAAAAABpeH8gAKX6... - 2 - tx2447277226004477ad6ec-0069787fd0 - 0.0228 - - 1769504720.848653793 1769504720.871490002 0
Jan 27 09:05:20 standalone object-server[127765]: 172.20.0.100 - - [27/Jan/2026:09:05:20 +0000] "GET /d1/191/AUTH_bfaa595c6d824ce5a5015e1de8f5a4c4/gnocchi.23a9e287-f9da-46df-87b0-f9907fffd916/1769040000.0_mean_300.0_v3" 404 70 "GET http://172.18.0.2:8080/v1/AUTH_bfaa595c6d824ce5a5015e1de8f5a4c4/gnocchi.23a9e287-f9da-46df-87b0-f9907fffd916/1769040000.0_mean_300.0_v3" "txfa9163d8b060470e84abf-0069787fd0" "proxy-server 20" 0.0004 "-" 24 0
Jan 27 09:05:20 standalone proxy-server[129701]: 172.18.0.2 172.18.0.100 27/Jan/2026/09/05/20 GET /v1/AUTH_bfaa595c6d824ce5a5015e1de8f5a4c4/gnocchi.23a9e287-f9da-46df-87b0-f9907fffd916/1769040000.0_mean_300.0_v3 HTTP/1.0 404 - python-swiftclient-3.11.1 gAAAAABpeH8gAKX6... - 70 - txfa9163d8b060470e84abf-0069787fd0 - 0.0069 - - 1769504720.875508308 1769504720.882401228 0
Jan 27 09:05:20 standalone container-server[127690]: 172.20.0.100 - - [27/Jan/2026:09:05:20 +0000] "PUT /d1/268/AUTH_bfaa595c6d824ce5a5015e1de8f5a4c4/gnocchi.23a9e287-f9da-46df-87b0-f9907fffd916/1769040000.0_mean_300.0_v3" 201 - "PUT http://172.18.0.2:8080/d1/191/AUTH_bfaa595c6d824ce5a5015e1de8f5a4c4/gnocchi.23a9e287-f9da-46df-87b0-f9907fffd916/1769040000.0_mean_300.0_v3" "tx34d7f521c2854ec59c98a-0069787fd0" "object-server 23" 0.0009 "-" 23 0
Jan 27 09:05:20 standalone object-server[127764]: 172.20.0.100 - - [27/Jan/2026:09:05:20 +0000] "PUT /d1/191/AUTH_bfaa595c6d824ce5a5015e1de8f5a4c4/gnocchi.23a9e287-f9da-46df-87b0-f9907fffd916/1769040000.0_mean_300.0_v3" 201 - "PUT http://172.18.0.2:8080/v1/AUTH_bfaa595c6d824ce5a5015e1de8f5a4c4/gnocchi.23a9e287-f9da-46df-87b0-f9907fffd916/1769040000.0_mean_300.0_v3" "tx34d7f521c2854ec59c98a-0069787fd0" "proxy-server 20" 0.0145 "-" 23 0
Jan 27 09:05:20 standalone proxy-server[129701]: 172.18.0.2 172.18.0.100 27/Jan/2026/09/05/20 PUT /v1/AUTH_bfaa595c6d824ce5a5015e1de8f5a4c4/gnocchi.23a9e287-f9da-46df-87b0-f9907fffd916/1769040000.0_mean_300.0_v3 HTTP/1.0 201 - python-swiftclient-3.11.1 gAAAAABpeH8gAKX6... 16 - - tx34d7f521c2854ec59c98a-0069787fd0 - 0.0235 - - 1769504720.885684490 1769504720.909218550 0
Jan 27 09:05:20 standalone container-server[127680]: 172.20.0.100 - - [27/Jan/2026:09:05:20 +0000] "PUT /d1/268/AUTH_bfaa595c6d824ce5a5015e1de8f5a4c4/gnocchi.23a9e287-f9da-46df-87b0-f9907fffd916/none_v3" 201 - "PUT http://172.18.0.2:8080/d1/489/AUTH_bfaa595c6d824ce5a5015e1de8f5a4c4/gnocchi.23a9e287-f9da-46df-87b0-f9907fffd916/none_v3" "tx399af5cbf1c446fc83cff-0069787fd0" "object-server 22" 0.0009 "-" 20 0
Jan 27 09:05:20 standalone object-server[127760]: 172.20.0.100 - - [27/Jan/2026:09:05:20 +0000] "PUT /d1/489/AUTH_bfaa595c6d824ce5a5015e1de8f5a4c4/gnocchi.23a9e287-f9da-46df-87b0-f9907fffd916/none_v3" 201 - "PUT http://172.18.0.2:8080/v1/AUTH_bfaa595c6d824ce5a5015e1de8f5a4c4/gnocchi.23a9e287-f9da-46df-87b0-f9907fffd916/none_v3" "tx399af5cbf1c446fc83cff-0069787fd0" "proxy-server 20" 0.0195 "-" 22 0
Jan 27 09:05:20 standalone proxy-server[129701]: 172.18.0.2 172.18.0.100 27/Jan/2026/09/05/20 PUT /v1/AUTH_bfaa595c6d824ce5a5015e1de8f5a4c4/gnocchi.23a9e287-f9da-46df-87b0-f9907fffd916/none_v3 HTTP/1.0 201 - python-swiftclient-3.11.1 gAAAAABpeH8gAKX6... 22 - - tx399af5cbf1c446fc83cff-0069787fd0 - 0.0286 - - 1769504720.912831783 1769504720.941426516 0
Jan 27 09:05:20 standalone container-server[127690]: 172.20.0.100 - - [27/Jan/2026:09:05:20 +0000] "HEAD /d1/939/AUTH_bfaa595c6d824ce5a5015e1de8f5a4c4/gnocchi.6d87ec08-c6e8-4d85-b770-af54acdee122" 404 - "HEAD http://172.18.0.2:8080/v1/AUTH_bfaa595c6d824ce5a5015e1de8f5a4c4/gnocchi.6d87ec08-c6e8-4d85-b770-af54acdee122?format=json&states=listing" "txea0b93e4ae9e474d99c68-0069787fd0" "proxy-server 20" 0.0005 "-" 23 0
Jan 27 09:05:20 standalone object-server[127765]: 172.20.0.100 - - [27/Jan/2026:09:05:20 +0000] "GET /d1/61/AUTH_bfaa595c6d824ce5a5015e1de8f5a4c4/gnocchi.6d87ec08-c6e8-4d85-b770-af54acdee122/none_v3" 404 70 "GET http://172.18.0.2:8080/v1/AUTH_bfaa595c6d824ce5a5015e1de8f5a4c4/gnocchi.6d87ec08-c6e8-4d85-b770-af54acdee122/none_v3" "txea0b93e4ae9e474d99c68-0069787fd0" "proxy-server 20" 0.0005 "-" 24 0
Jan 27 09:05:20 standalone proxy-server[129701]: 172.18.0.2 172.18.0.100 27/Jan/2026/09/05/20 GET /v1/AUTH_bfaa595c6d824ce5a5015e1de8f5a4c4/gnocchi.6d87ec08-c6e8-4d85-b770-af54acdee122/none_v3 HTTP/1.0 404 - python-swiftclient-3.11.1 gAAAAABpeH8gAKX6... - 70 - txea0b93e4ae9e474d99c68-0069787fd0 - 0.0112 - - 1769504720.987079382 1769504720.998284340 0
Jan 27 09:05:21 standalone account-server[127343]: 172.20.0.100 - - [27/Jan/2026:09:05:21 +0000] "PUT /d1/168/AUTH_bfaa595c6d824ce5a5015e1de8f5a4c4/gnocchi.6d87ec08-c6e8-4d85-b770-af54acdee122" 201 - "PUT http://172.20.0.100:6001/d1/939/AUTH_bfaa595c6d824ce5a5015e1de8f5a4c4/gnocchi.6d87ec08-c6e8-4d85-b770-af54acdee122" "txd1257247500646e780dff-0069787fd1" "container-server 21" 0.0045 "-" 17 0
Jan 27 09:05:21 standalone container-server[127683]: 172.20.0.100 - - [27/Jan/2026:09:05:21 +0000] "PUT /d1/939/AUTH_bfaa595c6d824ce5a5015e1de8f5a4c4/gnocchi.6d87ec08-c6e8-4d85-b770-af54acdee122" 201 - "PUT http://172.18.0.2:8080/v1/AUTH_bfaa595c6d824ce5a5015e1de8f5a4c4/gnocchi.6d87ec08-c6e8-4d85-b770-af54acdee122" "txd1257247500646e780dff-0069787fd1" "proxy-server 20" 0.0203 "-" 21 0
Jan 27 09:05:21 standalone proxy-server[129701]: 172.18.0.2 172.18.0.100 27/Jan/2026/09/05/21 PUT /v1/AUTH_bfaa595c6d824ce5a5015e1de8f5a4c4/gnocchi.6d87ec08-c6e8-4d85-b770-af54acdee122 HTTP/1.0 201 - python-swiftclient-3.11.1 gAAAAABpeH8gAKX6... - - - txd1257247500646e780dff-0069787fd1 - 0.0292 - - 1769504721.000854969 1769504721.030056953 0
Jan 27 09:05:21 standalone container-server[127680]: 172.20.0.100 - - [27/Jan/2026:09:05:21 +0000] "HEAD /d1/939/AUTH_bfaa595c6d824ce5a5015e1de8f5a4c4/gnocchi.6d87ec08-c6e8-4d85-b770-af54acdee122" 204 - "HEAD http://172.18.0.2:8080/v1/AUTH_bfaa595c6d824ce5a5015e1de8f5a4c4/gnocchi.6d87ec08-c6e8-4d85-b770-af54acdee122?format=json&states=listing" "txe4782bd5cd9249e0867b0-0069787fd1" "proxy-server 20" 0.0015 "-" 20 0
Jan 27 09:05:21 standalone proxy-server[129701]: - - 27/Jan/2026/09/05/21 HEAD /v1/AUTH_bfaa595c6d824ce5a5015e1de8f5a4c4/gnocchi.6d87ec08-c6e8-4d85-b770-af54acdee122%3Fformat%3Djson%26states%3Dlisting HTTP/1.0 204 - Swift - - - - txe4782bd5cd9249e0867b0-0069787fd1 - 0.0055 RL - 1769504721.036155701 1769504721.041645050 0
Jan 27 09:05:21 standalone container-server[127686]: 172.20.0.100 - - [27/Jan/2026:09:05:21 +0000] "GET /d1/939/AUTH_bfaa595c6d824ce5a5015e1de8f5a4c4/gnocchi.6d87ec08-c6e8-4d85-b770-af54acdee122" 200 2 "GET http://172.18.0.2:8080/v1/AUTH_bfaa595c6d824ce5a5015e1de8f5a4c4/gnocchi.6d87ec08-c6e8-4d85-b770-af54acdee122?format=json&states=listing" "txe4782bd5cd9249e0867b0-0069787fd1" "proxy-server 20" 0.0023 "-" 22 0
Jan 27 09:05:21 standalone proxy-server[129701]: 172.18.0.2 172.18.0.100 27/Jan/2026/09/05/21 GET /v1/AUTH_bfaa595c6d824ce5a5015e1de8f5a4c4/gnocchi.6d87ec08-c6e8-4d85-b770-af54acdee122%3Fformat%3Djson%26states%3Dlisting HTTP/1.0 200 - python-swiftclient-3.11.1 gAAAAABpeH8gAKX6... - 2 - txe4782bd5cd9249e0867b0-0069787fd1 - 0.0338 - - 1769504721.034904242 1769504721.068658829 0
Jan 27 09:05:21 standalone object-server[127766]: 172.20.0.100 - - [27/Jan/2026:09:05:21 +0000] "GET /d1/746/AUTH_bfaa595c6d824ce5a5015e1de8f5a4c4/gnocchi.6d87ec08-c6e8-4d85-b770-af54acdee122/1769040000.0_mean_300.0_v3" 404 70 "GET http://172.18.0.2:8080/v1/AUTH_bfaa595c6d824ce5a5015e1de8f5a4c4/gnocchi.6d87ec08-c6e8-4d85-b770-af54acdee122/1769040000.0_mean_300.0_v3" "txacbeff1c4a9948f289b9f-0069787fd1" "proxy-server 20" 0.0007 "-" 25 0
Jan 27 09:05:21 standalone proxy-server[129701]: 172.18.0.2 172.18.0.100 27/Jan/2026/09/05/21 GET /v1/AUTH_bfaa595c6d824ce5a5015e1de8f5a4c4/gnocchi.6d87ec08-c6e8-4d85-b770-af54acdee122/1769040000.0_mean_300.0_v3 HTTP/1.0 404 - python-swiftclient-3.11.1 gAAAAABpeH8gAKX6... - 70 - txacbeff1c4a9948f289b9f-0069787fd1 - 0.0064 - - 1769504721.071999073 1769504721.078429937 0
Jan 27 09:05:21 standalone container-server[127680]: 172.20.0.100 - - [27/Jan/2026:09:05:21 +0000] "PUT /d1/939/AUTH_bfaa595c6d824ce5a5015e1de8f5a4c4/gnocchi.6d87ec08-c6e8-4d85-b770-af54acdee122/1769040000.0_mean_300.0_v3" 201 - "PUT http://172.18.0.2:8080/d1/746/AUTH_bfaa595c6d824ce5a5015e1de8f5a4c4/gnocchi.6d87ec08-c6e8-4d85-b770-af54acdee122/1769040000.0_mean_300.0_v3" "txcf89face2ec44f589e703-0069787fd1" "object-server 24" 0.0006 "-" 20 0
Jan 27 09:05:21 standalone object-server[127765]: 172.20.0.100 - - [27/Jan/2026:09:05:21 +0000] "PUT /d1/746/AUTH_bfaa595c6d824ce5a5015e1de8f5a4c4/gnocchi.6d87ec08-c6e8-4d85-b770-af54acdee122/1769040000.0_mean_300.0_v3" 201 - "PUT http://172.18.0.2:8080/v1/AUTH_bfaa595c6d824ce5a5015e1de8f5a4c4/gnocchi.6d87ec08-c6e8-4d85-b770-af54acdee122/1769040000.0_mean_300.0_v3" "txcf89face2ec44f589e703-0069787fd1" "proxy-server 20" 0.0081 "-" 24 0
Jan 27 09:05:21 standalone proxy-server[129701]: 172.18.0.2 172.18.0.100 27/Jan/2026/09/05/21 PUT /v1/AUTH_bfaa595c6d824ce5a5015e1de8f5a4c4/gnocchi.6d87ec08-c6e8-4d85-b770-af54acdee122/1769040000.0_mean_300.0_v3 HTTP/1.0 201 - python-swiftclient-3.11.1 gAAAAABpeH8gAKX6... 16 - - txcf89face2ec44f589e703-0069787fd1 - 0.0202 - - 1769504721.081736565 1769504721.101936817 0
Jan 27 09:05:21 standalone container-server[127680]: 172.20.0.100 - - [27/Jan/2026:09:05:21 +0000] "PUT /d1/939/AUTH_bfaa595c6d824ce5a5015e1de8f5a4c4/gnocchi.6d87ec08-c6e8-4d85-b770-af54acdee122/none_v3" 201 - "PUT http://172.18.0.2:8080/d1/61/AUTH_bfaa595c6d824ce5a5015e1de8f5a4c4/gnocchi.6d87ec08-c6e8-4d85-b770-af54acdee122/none_v3" "tx0996bd4f9afd439c94af9-0069787fd1" "object-server 22" 0.0005 "-" 20 0
Jan 27 09:05:21 standalone object-server[127760]: 172.20.0.100 - - [27/Jan/2026:09:05:21 +0000] "PUT /d1/61/AUTH_bfaa595c6d824ce5a5015e1de8f5a4c4/gnocchi.6d87ec08-c6e8-4d85-b770-af54acdee122/none_v3" 201 - "PUT http://172.18.0.2:8080/v1/AUTH_bfaa595c6d824ce5a5015e1de8f5a4c4/gnocchi.6d87ec08-c6e8-4d85-b770-af54acdee122/none_v3" "tx0996bd4f9afd439c94af9-0069787fd1" "proxy-server 20" 0.0119 "-" 22 0
Jan 27 09:05:21 standalone proxy-server[129701]: 172.18.0.2 172.18.0.100 27/Jan/2026/09/05/21 PUT /v1/AUTH_bfaa595c6d824ce5a5015e1de8f5a4c4/gnocchi.6d87ec08-c6e8-4d85-b770-af54acdee122/none_v3 HTTP/1.0 201 - python-swiftclient-3.11.1 gAAAAABpeH8gAKX6... 22 - - tx0996bd4f9afd439c94af9-0069787fd1 - 0.0191 - - 1769504721.105562687 1769504721.124639750 0
Jan 27 09:05:21 standalone container-server[127686]: 172.20.0.100 - - [27/Jan/2026:09:05:21 +0000] "HEAD /d1/952/AUTH_bfaa595c6d824ce5a5015e1de8f5a4c4/gnocchi.2566681f-e4f6-48bb-a4c0-26faead93625" 404 - "HEAD http://172.18.0.2:8080/v1/AUTH_bfaa595c6d824ce5a5015e1de8f5a4c4/gnocchi.2566681f-e4f6-48bb-a4c0-26faead93625?format=json&states=listing" "txd88f5a6658d044bf9e1bd-0069787fd1" "proxy-server 20" 0.0004 "-" 22 0
Jan 27 09:05:21 standalone object-server[127766]: 172.20.0.100 - - [27/Jan/2026:09:05:21 +0000] "GET /d1/748/AUTH_bfaa595c6d824ce5a5015e1de8f5a4c4/gnocchi.2566681f-e4f6-48bb-a4c0-26faead93625/none_v3" 404 70 "GET http://172.18.0.2:8080/v1/AUTH_bfaa595c6d824ce5a5015e1de8f5a4c4/gnocchi.2566681f-e4f6-48bb-a4c0-26faead93625/none_v3" "txd88f5a6658d044bf9e1bd-0069787fd1" "proxy-server 20" 0.0005 "-" 25 0
Jan 27 09:05:21 standalone proxy-server[129701]: 172.18.0.2 172.18.0.100 27/Jan/2026/09/05/21 GET /v1/AUTH_bfaa595c6d824ce5a5015e1de8f5a4c4/gnocchi.2566681f-e4f6-48bb-a4c0-26faead93625/none_v3 HTTP/1.0 404 - python-swiftclient-3.11.1 gAAAAABpeH8gAKX6... - 70 - txd88f5a6658d044bf9e1bd-0069787fd1 - 0.0089 - - 1769504721.134477615 1769504721.143348217 0
Jan 27 09:05:21 standalone account-server[127348]: 172.20.0.100 - - [27/Jan/2026:09:05:21 +0000] "PUT /d1/168/AUTH_bfaa595c6d824ce5a5015e1de8f5a4c4/gnocchi.2566681f-e4f6-48bb-a4c0-26faead93625" 201 - "PUT http://172.20.0.100:6001/d1/952/AUTH_bfaa595c6d824ce5a5015e1de8f5a4c4/gnocchi.2566681f-e4f6-48bb-a4c0-26faead93625" "txb9097321efce471fb99ff-0069787fd1" "container-server 20" 0.0043 "-" 18 0
Jan 27 09:05:21 standalone container-server[127680]: 172.20.0.100 - - [27/Jan/2026:09:05:21 +0000] "PUT /d1/952/AUTH_bfaa595c6d824ce5a5015e1de8f5a4c4/gnocchi.2566681f-e4f6-48bb-a4c0-26faead93625" 201 - "PUT http://172.18.0.2:8080/v1/AUTH_bfaa595c6d824ce5a5015e1de8f5a4c4/gnocchi.2566681f-e4f6-48bb-a4c0-26faead93625" "txb9097321efce471fb99ff-0069787fd1" "proxy-server 20" 0.0137 "-" 20 0
Jan 27 09:05:21 standalone proxy-server[129701]: 172.18.0.2 172.18.0.100 27/Jan/2026/09/05/21 PUT /v1/AUTH_bfaa595c6d824ce5a5015e1de8f5a4c4/gnocchi.2566681f-e4f6-48bb-a4c0-26faead93625 HTTP/1.0 201 - python-swiftclient-3.11.1 gAAAAABpeH8gAKX6... - - - txb9097321efce471fb99ff-0069787fd1 - 0.0200 - - 1769504721.147780895 1769504721.167733192 0
Jan 27 09:05:21 standalone container-server[127683]: 172.20.0.100 - - [27/Jan/2026:09:05:21 +0000] "HEAD /d1/952/AUTH_bfaa595c6d824ce5a5015e1de8f5a4c4/gnocchi.2566681f-e4f6-48bb-a4c0-26faead93625" 204 - "HEAD http://172.18.0.2:8080/v1/AUTH_bfaa595c6d824ce5a5015e1de8f5a4c4/gnocchi.2566681f-e4f6-48bb-a4c0-26faead93625?format=json&states=listing" "tx22f8d53816aa4e80ab059-0069787fd1" "proxy-server 20" 0.0014 "-" 21 0
Jan 27 09:05:21 standalone proxy-server[129701]: - - 27/Jan/2026/09/05/21 HEAD /v1/AUTH_bfaa595c6d824ce5a5015e1de8f5a4c4/gnocchi.2566681f-e4f6-48bb-a4c0-26faead93625%3Fformat%3Djson%26states%3Dlisting HTTP/1.0 204 - Swift - - - - tx22f8d53816aa4e80ab059-0069787fd1 - 0.0041 RL - 1769504721.171939850 1769504721.176018715 0
Jan 27 09:05:21 standalone container-server[127686]: 172.20.0.100 - - [27/Jan/2026:09:05:21 +0000] "GET /d1/952/AUTH_bfaa595c6d824ce5a5015e1de8f5a4c4/gnocchi.2566681f-e4f6-48bb-a4c0-26faead93625" 200 2 "GET http://172.18.0.2:8080/v1/AUTH_bfaa595c6d824ce5a5015e1de8f5a4c4/gnocchi.2566681f-e4f6-48bb-a4c0-26faead93625?format=json&states=listing" "tx22f8d53816aa4e80ab059-0069787fd1" "proxy-server 20" 0.0032 "-" 22 0
Jan 27 09:05:21 standalone proxy-server[129701]: 172.18.0.2 172.18.0.100 27/Jan/2026/09/05/21 GET /v1/AUTH_bfaa595c6d824ce5a5015e1de8f5a4c4/gnocchi.2566681f-e4f6-48bb-a4c0-26faead93625%3Fformat%3Djson%26states%3Dlisting HTTP/1.0 200 - python-swiftclient-3.11.1 gAAAAABpeH8gAKX6... - 2 - tx22f8d53816aa4e80ab059-0069787fd1 - 0.0132 - - 1769504721.171029568 1769504721.184248686 0
Jan 27 09:05:21 standalone object-server[127766]: 172.20.0.100 - - [27/Jan/2026:09:05:21 +0000] "GET /d1/682/AUTH_bfaa595c6d824ce5a5015e1de8f5a4c4/gnocchi.2566681f-e4f6-48bb-a4c0-26faead93625/1769040000.0_mean_300.0_v3" 404 70 "GET http://172.18.0.2:8080/v1/AUTH_bfaa595c6d824ce5a5015e1de8f5a4c4/gnocchi.2566681f-e4f6-48bb-a4c0-26faead93625/1769040000.0_mean_300.0_v3" "tx26b4874b5f0e400a84991-0069787fd1" "proxy-server 20" 0.0003 "-" 25 0
Jan 27 09:05:21 standalone proxy-server[129701]: 172.18.0.2 172.18.0.100 27/Jan/2026/09/05/21 GET /v1/AUTH_bfaa595c6d824ce5a5015e1de8f5a4c4/gnocchi.2566681f-e4f6-48bb-a4c0-26faead93625/1769040000.0_mean_300.0_v3 HTTP/1.0 404 - python-swiftclient-3.11.1 gAAAAABpeH8gAKX6... - 70 - tx26b4874b5f0e400a84991-0069787fd1 - 0.0045 - - 1769504721.187054157 1769504721.191517591 0
Jan 27 09:05:21 standalone container-server[127690]: 172.20.0.100 - - [27/Jan/2026:09:05:21 +0000] "PUT /d1/952/AUTH_bfaa595c6d824ce5a5015e1de8f5a4c4/gnocchi.2566681f-e4f6-48bb-a4c0-26faead93625/1769040000.0_mean_300.0_v3" 201 - "PUT http://172.18.0.2:8080/d1/682/AUTH_bfaa595c6d824ce5a5015e1de8f5a4c4/gnocchi.2566681f-e4f6-48bb-a4c0-26faead93625/1769040000.0_mean_300.0_v3" "txe5007aecca8541ab8932b-0069787fd1" "object-server 24" 0.0010 "-" 23 0
Jan 27 09:05:21 standalone object-server[127765]: 172.20.0.100 - - [27/Jan/2026:09:05:21 +0000] "PUT /d1/682/AUTH_bfaa595c6d824ce5a5015e1de8f5a4c4/gnocchi.2566681f-e4f6-48bb-a4c0-26faead93625/1769040000.0_mean_300.0_v3" 201 - "PUT http://172.18.0.2:8080/v1/AUTH_bfaa595c6d824ce5a5015e1de8f5a4c4/gnocchi.2566681f-e4f6-48bb-a4c0-26faead93625/1769040000.0_mean_300.0_v3" "txe5007aecca8541ab8932b-0069787fd1" "proxy-server 20" 0.0088 "-" 24 0
Jan 27 09:05:21 standalone proxy-server[129701]: 172.18.0.2 172.18.0.100 27/Jan/2026/09/05/21 PUT /v1/AUTH_bfaa595c6d824ce5a5015e1de8f5a4c4/gnocchi.2566681f-e4f6-48bb-a4c0-26faead93625/1769040000.0_mean_300.0_v3 HTTP/1.0 201 - python-swiftclient-3.11.1 gAAAAABpeH8gAKX6... 16 - - txe5007aecca8541ab8932b-0069787fd1 - 0.0139 - - 1769504721.193805933 1769504721.207713604 0
Jan 27 09:05:21 standalone container-server[127686]: 172.20.0.100 - - [27/Jan/2026:09:05:21 +0000] "PUT /d1/952/AUTH_bfaa595c6d824ce5a5015e1de8f5a4c4/gnocchi.2566681f-e4f6-48bb-a4c0-26faead93625/none_v3" 201 - "PUT http://172.18.0.2:8080/d1/748/AUTH_bfaa595c6d824ce5a5015e1de8f5a4c4/gnocchi.2566681f-e4f6-48bb-a4c0-26faead93625/none_v3" "txd0641317cca54edaa1015-0069787fd1" "object-server 22" 0.0006 "-" 22 0
Jan 27 09:05:21 standalone object-server[127760]: 172.20.0.100 - - [27/Jan/2026:09:05:21 +0000] "PUT /d1/748/AUTH_bfaa595c6d824ce5a5015e1de8f5a4c4/gnocchi.2566681f-e4f6-48bb-a4c0-26faead93625/none_v3" 201 - "PUT http://172.18.0.2:8080/v1/AUTH_bfaa595c6d824ce5a5015e1de8f5a4c4/gnocchi.2566681f-e4f6-48bb-a4c0-26faead93625/none_v3" "txd0641317cca54edaa1015-0069787fd1" "proxy-server 20" 0.0091 "-" 22 0
Jan 27 09:05:21 standalone proxy-server[129701]: 172.18.0.2 172.18.0.100 27/Jan/2026/09/05/21 PUT /v1/AUTH_bfaa595c6d824ce5a5015e1de8f5a4c4/gnocchi.2566681f-e4f6-48bb-a4c0-26faead93625/none_v3 HTTP/1.0 201 - python-swiftclient-3.11.1 gAAAAABpeH8gAKX6... 22 - - txd0641317cca54edaa1015-0069787fd1 - 0.0137 - - 1769504721.210089922 1769504721.223741293 0
Jan 27 09:05:21 standalone container-server[127690]: 172.20.0.100 - - [27/Jan/2026:09:05:21 +0000] "HEAD /d1/804/AUTH_bfaa595c6d824ce5a5015e1de8f5a4c4/gnocchi.085327ae-fb40-4d64-9924-3fe2415e99ac" 404 - "HEAD http://172.18.0.2:8080/v1/AUTH_bfaa595c6d824ce5a5015e1de8f5a4c4/gnocchi.085327ae-fb40-4d64-9924-3fe2415e99ac?format=json&states=listing" "tx1d647f15c4e848c898cfc-0069787fd1" "proxy-server 20" 0.0006 "-" 23 0
