Jan 27 09:04:16 standalone proxy-server[129701]: - - 27/Jan/2026/09/04/16 HEAD /v1/AUTH_bfaa595c6d824ce5a5015e1de8f5a4c4/gnocchi.22ff4735-ad07-413f-b677-aa75b005d479%3Fformat%3Djson%26states%3Dlisting HTTP/1.0 204 - Swift - - - - txfa48c6a5655b41999d8fb-0069787f90 - 0.0049 RL - 1769504656.716949940 1769504656.721877337 0
Jan 27 09:04:16 standalone container-server[127680]: 172.20.0.100 - - [27/Jan/2026:09:04:16 +0000] "GET /d1/611/AUTH_bfaa595c6d824ce5a5015e1de8f5a4c4/gnocchi.22ff4735-ad07-413f-b677-aa75b005d479" 200 2 "GET http://172.18.0.2:8080/v1/AUTH_bfaa595c6d824ce5a5015e1de8f5a4c4/gnocchi.22ff4735-ad07-413f-b677-aa75b005d479?format=json&states=listing" "txfa48c6a5655b41999d8fb-0069787f90" "proxy-server 20" 0.0035 "-" 20 0
Jan 27 09:04:16 standalone proxy-server[129701]: 172.18.0.2 172.18.0.100 27/Jan/2026/09/04/16 GET /v1/AUTH_bfaa595c6d824ce5a5015e1de8f5a4c4/gnocchi.22ff4735-ad07-413f-b677-aa75b005d479%3Fformat%3Djson%26states%3Dlisting HTTP/1.0 200 - python-swiftclient-3.11.1 gAAAAABpeH8gAKX6... - 2 - txfa48c6a5655b41999d8fb-0069787f90 - 0.0155 - - 1769504656.715863228 1769504656.731335640 0
Jan 27 09:04:16 standalone object-server[127764]: 172.20.0.100 - - [27/Jan/2026:09:04:16 +0000] "GET /d1/149/AUTH_bfaa595c6d824ce5a5015e1de8f5a4c4/gnocchi.22ff4735-ad07-413f-b677-aa75b005d479/1769040000.0_mean_300.0_v3" 404 70 "GET http://172.18.0.2:8080/v1/AUTH_bfaa595c6d824ce5a5015e1de8f5a4c4/gnocchi.22ff4735-ad07-413f-b677-aa75b005d479/1769040000.0_mean_300.0_v3" "tx112345d1db7c4f3c85e36-0069787f90" "proxy-server 20" 0.0004 "-" 23 0
Jan 27 09:04:16 standalone proxy-server[129701]: 172.18.0.2 172.18.0.100 27/Jan/2026/09/04/16 GET /v1/AUTH_bfaa595c6d824ce5a5015e1de8f5a4c4/gnocchi.22ff4735-ad07-413f-b677-aa75b005d479/1769040000.0_mean_300.0_v3 HTTP/1.0 404 - python-swiftclient-3.11.1 gAAAAABpeH8gAKX6... - 70 - tx112345d1db7c4f3c85e36-0069787f90 - 0.0077 - - 1769504656.736121178 1769504656.743821621 0
Jan 27 09:04:16 standalone container-server[127680]: 172.20.0.100 - - [27/Jan/2026:09:04:16 +0000] "PUT /d1/611/AUTH_bfaa595c6d824ce5a5015e1de8f5a4c4/gnocchi.22ff4735-ad07-413f-b677-aa75b005d479/1769040000.0_mean_300.0_v3" 201 - "PUT http://172.18.0.2:8080/d1/149/AUTH_bfaa595c6d824ce5a5015e1de8f5a4c4/gnocchi.22ff4735-ad07-413f-b677-aa75b005d479/1769040000.0_mean_300.0_v3" "txaec712148b934a27b5a86-0069787f90" "object-server 25" 0.0009 "-" 20 0
Jan 27 09:04:16 standalone object-server[127766]: 172.20.0.100 - - [27/Jan/2026:09:04:16 +0000] "PUT /d1/149/AUTH_bfaa595c6d824ce5a5015e1de8f5a4c4/gnocchi.22ff4735-ad07-413f-b677-aa75b005d479/1769040000.0_mean_300.0_v3" 201 - "PUT http://172.18.0.2:8080/v1/AUTH_bfaa595c6d824ce5a5015e1de8f5a4c4/gnocchi.22ff4735-ad07-413f-b677-aa75b005d479/1769040000.0_mean_300.0_v3" "txaec712148b934a27b5a86-0069787f90" "proxy-server 20" 0.0137 "-" 25 0
Jan 27 09:04:16 standalone proxy-server[129701]: 172.18.0.2 172.18.0.100 27/Jan/2026/09/04/16 PUT /v1/AUTH_bfaa595c6d824ce5a5015e1de8f5a4c4/gnocchi.22ff4735-ad07-413f-b677-aa75b005d479/1769040000.0_mean_300.0_v3 HTTP/1.0 201 - python-swiftclient-3.11.1 gAAAAABpeH8gAKX6... 16 - - txaec712148b934a27b5a86-0069787f90 - 0.0213 - - 1769504656.748079062 1769504656.769400358 0
Jan 27 09:04:16 standalone container-server[127683]: 172.20.0.100 - - [27/Jan/2026:09:04:16 +0000] "PUT /d1/611/AUTH_bfaa595c6d824ce5a5015e1de8f5a4c4/gnocchi.22ff4735-ad07-413f-b677-aa75b005d479/none_v3" 201 - "PUT http://172.18.0.2:8080/d1/899/AUTH_bfaa595c6d824ce5a5015e1de8f5a4c4/gnocchi.22ff4735-ad07-413f-b677-aa75b005d479/none_v3" "tx251f6d2ecac647d98f2c8-0069787f90" "object-server 23" 0.0011 "-" 21 0
Jan 27 09:04:16 standalone object-server[127764]: 172.20.0.100 - - [27/Jan/2026:09:04:16 +0000] "PUT /d1/899/AUTH_bfaa595c6d824ce5a5015e1de8f5a4c4/gnocchi.22ff4735-ad07-413f-b677-aa75b005d479/none_v3" 201 - "PUT http://172.18.0.2:8080/v1/AUTH_bfaa595c6d824ce5a5015e1de8f5a4c4/gnocchi.22ff4735-ad07-413f-b677-aa75b005d479/none_v3" "tx251f6d2ecac647d98f2c8-0069787f90" "proxy-server 20" 0.0113 "-" 23 0
Jan 27 09:04:16 standalone proxy-server[129701]: 172.18.0.2 172.18.0.100 27/Jan/2026/09/04/16 PUT /v1/AUTH_bfaa595c6d824ce5a5015e1de8f5a4c4/gnocchi.22ff4735-ad07-413f-b677-aa75b005d479/none_v3 HTTP/1.0 201 - python-swiftclient-3.11.1 gAAAAABpeH8gAKX6... 22 - - tx251f6d2ecac647d98f2c8-0069787f90 - 0.0181 - - 1769504656.773772478 1769504656.791842699 0
Jan 27 09:04:17 standalone object-server[127765]: 172.20.0.100 - - [27/Jan/2026:09:04:17 +0000] "GET /d1/899/AUTH_bfaa595c6d824ce5a5015e1de8f5a4c4/gnocchi.22ff4735-ad07-413f-b677-aa75b005d479/none_v3" 200 22 "GET http://172.18.0.2:8080/v1/AUTH_bfaa595c6d824ce5a5015e1de8f5a4c4/gnocchi.22ff4735-ad07-413f-b677-aa75b005d479/none_v3" "tx2713a120d7df4d2cb24d1-0069787f91" "proxy-server 20" 0.0009 "-" 24 0
Jan 27 09:04:17 standalone proxy-server[129701]: 172.18.0.2 172.18.0.100 27/Jan/2026/09/04/17 GET /v1/AUTH_bfaa595c6d824ce5a5015e1de8f5a4c4/gnocchi.22ff4735-ad07-413f-b677-aa75b005d479/none_v3 HTTP/1.0 200 - python-swiftclient-3.11.1 gAAAAABpeH8gAKX6... - 22 - tx2713a120d7df4d2cb24d1-0069787f91 - 0.0107 - - 1769504657.709712029 1769504657.720364571 0
Jan 27 09:04:17 standalone container-server[127690]: 172.20.0.100 - - [27/Jan/2026:09:04:17 +0000] "GET /d1/611/AUTH_bfaa595c6d824ce5a5015e1de8f5a4c4/gnocchi.22ff4735-ad07-413f-b677-aa75b005d479" 200 357 "GET http://172.18.0.2:8080/v1/AUTH_bfaa595c6d824ce5a5015e1de8f5a4c4/gnocchi.22ff4735-ad07-413f-b677-aa75b005d479?format=json&states=listing" "txe23fad4dc2234d98be655-0069787f91" "proxy-server 20" 0.0117 "-" 23 0
Jan 27 09:04:17 standalone proxy-server[129701]: 172.18.0.2 172.18.0.100 27/Jan/2026/09/04/17 GET /v1/AUTH_bfaa595c6d824ce5a5015e1de8f5a4c4/gnocchi.22ff4735-ad07-413f-b677-aa75b005d479%3Fformat%3Djson%26states%3Dlisting HTTP/1.0 200 - python-swiftclient-3.11.1 gAAAAABpeH8gAKX6... - 357 - txe23fad4dc2234d98be655-0069787f91 - 0.0230 - - 1769504657.726258993 1769504657.749233246 0
Jan 27 09:04:17 standalone container-server[127680]: 172.20.0.100 - - [27/Jan/2026:09:04:17 +0000] "GET /d1/611/AUTH_bfaa595c6d824ce5a5015e1de8f5a4c4/gnocchi.22ff4735-ad07-413f-b677-aa75b005d479" 200 2 "GET http://172.18.0.2:8080/v1/AUTH_bfaa595c6d824ce5a5015e1de8f5a4c4/gnocchi.22ff4735-ad07-413f-b677-aa75b005d479?format=json&marker=none_v3&states=listing" "txcd2e409feebf44cebb3b3-0069787f91" "proxy-server 20" 0.0036 "-" 20 0
Jan 27 09:04:17 standalone proxy-server[129701]: 172.18.0.2 172.18.0.100 27/Jan/2026/09/04/17 GET /v1/AUTH_bfaa595c6d824ce5a5015e1de8f5a4c4/gnocchi.22ff4735-ad07-413f-b677-aa75b005d479%3Fformat%3Djson%26marker%3Dnone_v3%26states%3Dlisting HTTP/1.0 200 - python-swiftclient-3.11.1 gAAAAABpeH8gAKX6... - 2 - txcd2e409feebf44cebb3b3-0069787f91 - 0.0136 - - 1769504657.753806591 1769504657.767390013 0
Jan 27 09:04:17 standalone object-server[127766]: 172.20.0.100 - - [27/Jan/2026:09:04:17 +0000] "GET /d1/149/AUTH_bfaa595c6d824ce5a5015e1de8f5a4c4/gnocchi.22ff4735-ad07-413f-b677-aa75b005d479/1769040000.0_mean_300.0_v3" 200 16 "GET http://172.18.0.2:8080/v1/AUTH_bfaa595c6d824ce5a5015e1de8f5a4c4/gnocchi.22ff4735-ad07-413f-b677-aa75b005d479/1769040000.0_mean_300.0_v3" "tx7890e79ca9d5423cbef4c-0069787f91" "proxy-server 20" 0.0012 "-" 25 0
Jan 27 09:04:17 standalone proxy-server[129701]: 172.18.0.2 172.18.0.100 27/Jan/2026/09/04/17 GET /v1/AUTH_bfaa595c6d824ce5a5015e1de8f5a4c4/gnocchi.22ff4735-ad07-413f-b677-aa75b005d479/1769040000.0_mean_300.0_v3 HTTP/1.0 200 - python-swiftclient-3.11.1 gAAAAABpeH8gAKX6... - 16 - tx7890e79ca9d5423cbef4c-0069787f91 - 0.0098 - - 1769504657.772610664 1769504657.782399178 0
Jan 27 09:04:17 standalone container-server[127686]: 172.20.0.100 - - [27/Jan/2026:09:04:17 +0000] "PUT /d1/611/AUTH_bfaa595c6d824ce5a5015e1de8f5a4c4/gnocchi.22ff4735-ad07-413f-b677-aa75b005d479/1769040000.0_mean_300.0_v3" 201 - "PUT http://172.18.0.2:8080/d1/149/AUTH_bfaa595c6d824ce5a5015e1de8f5a4c4/gnocchi.22ff4735-ad07-413f-b677-aa75b005d479/1769040000.0_mean_300.0_v3" "tx961f92ce3ef345129a6f4-0069787f91" "object-server 24" 0.0010 "-" 22 0
Jan 27 09:04:17 standalone object-server[127765]: 172.20.0.100 - - [27/Jan/2026:09:04:17 +0000] "PUT /d1/149/AUTH_bfaa595c6d824ce5a5015e1de8f5a4c4/gnocchi.22ff4735-ad07-413f-b677-aa75b005d479/1769040000.0_mean_300.0_v3" 201 - "PUT http://172.18.0.2:8080/v1/AUTH_bfaa595c6d824ce5a5015e1de8f5a4c4/gnocchi.22ff4735-ad07-413f-b677-aa75b005d479/1769040000.0_mean_300.0_v3" "tx961f92ce3ef345129a6f4-0069787f91" "proxy-server 20" 0.0126 "-" 24 0
Jan 27 09:04:17 standalone proxy-server[129701]: 172.18.0.2 172.18.0.100 27/Jan/2026/09/04/17 PUT /v1/AUTH_bfaa595c6d824ce5a5015e1de8f5a4c4/gnocchi.22ff4735-ad07-413f-b677-aa75b005d479/1769040000.0_mean_300.0_v3 HTTP/1.0 201 - python-swiftclient-3.11.1 gAAAAABpeH8gAKX6... 16 - - tx961f92ce3ef345129a6f4-0069787f91 - 0.0205 - - 1769504657.787382126 1769504657.807903051 0
Jan 27 09:04:17 standalone container-server[127690]: 172.20.0.100 - - [27/Jan/2026:09:04:17 +0000] "PUT /d1/611/AUTH_bfaa595c6d824ce5a5015e1de8f5a4c4/gnocchi.22ff4735-ad07-413f-b677-aa75b005d479/none_v3" 201 - "PUT http://172.18.0.2:8080/d1/899/AUTH_bfaa595c6d824ce5a5015e1de8f5a4c4/gnocchi.22ff4735-ad07-413f-b677-aa75b005d479/none_v3" "txff0cc2ab6c7548c4ba5a5-0069787f91" "object-server 25" 0.0007 "-" 23 0
Jan 27 09:04:17 standalone object-server[127766]: 172.20.0.100 - - [27/Jan/2026:09:04:17 +0000] "PUT /d1/899/AUTH_bfaa595c6d824ce5a5015e1de8f5a4c4/gnocchi.22ff4735-ad07-413f-b677-aa75b005d479/none_v3" 201 - "PUT http://172.18.0.2:8080/v1/AUTH_bfaa595c6d824ce5a5015e1de8f5a4c4/gnocchi.22ff4735-ad07-413f-b677-aa75b005d479/none_v3" "txff0cc2ab6c7548c4ba5a5-0069787f91" "proxy-server 20" 0.0111 "-" 25 0
Jan 27 09:04:17 standalone proxy-server[129701]: 172.18.0.2 172.18.0.100 27/Jan/2026/09/04/17 PUT /v1/AUTH_bfaa595c6d824ce5a5015e1de8f5a4c4/gnocchi.22ff4735-ad07-413f-b677-aa75b005d479/none_v3 HTTP/1.0 201 - python-swiftclient-3.11.1 gAAAAABpeH8gAKX6... 31 - - txff0cc2ab6c7548c4ba5a5-0069787f91 - 0.0193 - - 1769504657.812140226 1769504657.831425905 0
Jan 27 09:04:26 standalone account-server[127374]: 172.20.0.100 - - [27/Jan/2026:09:04:26 +0000] "HEAD /d1/168/AUTH_bfaa595c6d824ce5a5015e1de8f5a4c4" 204 - "HEAD http://172.18.0.2:8080/v1/AUTH_bfaa595c6d824ce5a5015e1de8f5a4c4?format=json" "tx2e46c41fccab495981c13-0069787f9a" "proxy-server 20" 0.0067 "-" 19 -
Jan 27 09:04:26 standalone proxy-server[129701]: - - 27/Jan/2026/09/04/26 HEAD /v1/AUTH_bfaa595c6d824ce5a5015e1de8f5a4c4%3Fformat%3Djson HTTP/1.0 204 - Swift - - - - tx2e46c41fccab495981c13-0069787f9a - 0.0117 RL - 1769504666.104880333 1769504666.116609097 -
Jan 27 09:04:26 standalone object-server[127765]: 172.20.0.100 - - [27/Jan/2026:09:04:26 +0000] "GET /d1/1002/AUTH_bfaa595c6d824ce5a5015e1de8f5a4c4/gnocchi.001d8338-3f95-45d7-ac93-ade201c7bec7/none_v3" 200 31 "GET http://172.18.0.2:8080/v1/AUTH_bfaa595c6d824ce5a5015e1de8f5a4c4/gnocchi.001d8338-3f95-45d7-ac93-ade201c7bec7/none_v3" "tx2e46c41fccab495981c13-0069787f9a" "proxy-server 20" 0.0014 "-" 24 0
Jan 27 09:04:26 standalone proxy-server[129701]: 172.18.0.2 172.18.0.100 27/Jan/2026/09/04/26 GET /v1/AUTH_bfaa595c6d824ce5a5015e1de8f5a4c4/gnocchi.001d8338-3f95-45d7-ac93-ade201c7bec7/none_v3 HTTP/1.0 200 - python-swiftclient-3.11.1 gAAAAABpeH8gAKX6... - 31 - tx2e46c41fccab495981c13-0069787f9a - 0.0234 - - 1769504666.103700876 1769504666.127126932 0
Jan 27 09:04:26 standalone container-server[127683]: 172.20.0.100 - - [27/Jan/2026:09:04:26 +0000] "GET /d1/909/AUTH_bfaa595c6d824ce5a5015e1de8f5a4c4/gnocchi.001d8338-3f95-45d7-ac93-ade201c7bec7" 200 357 "GET http://172.18.0.2:8080/v1/AUTH_bfaa595c6d824ce5a5015e1de8f5a4c4/gnocchi.001d8338-3f95-45d7-ac93-ade201c7bec7?format=json&states=listing" "tx63a9cb0bb90f4e8c908e3-0069787f9a" "proxy-server 20" 0.0095 "-" 21 0
Jan 27 09:04:26 standalone proxy-server[129701]: 172.18.0.2 172.18.0.100 27/Jan/2026/09/04/26 GET /v1/AUTH_bfaa595c6d824ce5a5015e1de8f5a4c4/gnocchi.001d8338-3f95-45d7-ac93-ade201c7bec7%3Fformat%3Djson%26states%3Dlisting HTTP/1.0 200 - python-swiftclient-3.11.1 gAAAAABpeH8gAKX6... - 357 - tx63a9cb0bb90f4e8c908e3-0069787f9a - 0.0192 - - 1769504666.132023573 1769504666.151243687 0
Jan 27 09:04:26 standalone container-server[127680]: 172.20.0.100 - - [27/Jan/2026:09:04:26 +0000] "GET /d1/909/AUTH_bfaa595c6d824ce5a5015e1de8f5a4c4/gnocchi.001d8338-3f95-45d7-ac93-ade201c7bec7" 200 2 "GET http://172.18.0.2:8080/v1/AUTH_bfaa595c6d824ce5a5015e1de8f5a4c4/gnocchi.001d8338-3f95-45d7-ac93-ade201c7bec7?format=json&marker=none_v3&states=listing" "tx9811809bcc774fc99a733-0069787f9a" "proxy-server 20" 0.0039 "-" 20 0
Jan 27 09:04:26 standalone proxy-server[129701]: 172.18.0.2 172.18.0.100 27/Jan/2026/09/04/26 GET /v1/AUTH_bfaa595c6d824ce5a5015e1de8f5a4c4/gnocchi.001d8338-3f95-45d7-ac93-ade201c7bec7%3Fformat%3Djson%26marker%3Dnone_v3%26states%3Dlisting HTTP/1.0 200 - python-swiftclient-3.11.1 gAAAAABpeH8gAKX6... - 2 - tx9811809bcc774fc99a733-0069787f9a - 0.0129 - - 1769504666.155112267 1769504666.168047190 0
Jan 27 09:04:26 standalone object-server[127766]: 172.20.0.100 - - [27/Jan/2026:09:04:26 +0000] "GET /d1/794/AUTH_bfaa595c6d824ce5a5015e1de8f5a4c4/gnocchi.001d8338-3f95-45d7-ac93-ade201c7bec7/1769040000.0_mean_300.0_v3" 200 16 "GET http://172.18.0.2:8080/v1/AUTH_bfaa595c6d824ce5a5015e1de8f5a4c4/gnocchi.001d8338-3f95-45d7-ac93-ade201c7bec7/1769040000.0_mean_300.0_v3" "txbb76007609c548fabc8dd-0069787f9a" "proxy-server 20" 0.0011 "-" 25 0
Jan 27 09:04:26 standalone proxy-server[129701]: 172.18.0.2 172.18.0.100 27/Jan/2026/09/04/26 GET /v1/AUTH_bfaa595c6d824ce5a5015e1de8f5a4c4/gnocchi.001d8338-3f95-45d7-ac93-ade201c7bec7/1769040000.0_mean_300.0_v3 HTTP/1.0 200 - python-swiftclient-3.11.1 gAAAAABpeH8gAKX6... - 16 - txbb76007609c548fabc8dd-0069787f9a - 0.0100 - - 1769504666.173615694 1769504666.183586597 0
Jan 27 09:04:26 standalone container-server[127680]: 172.20.0.100 - - [27/Jan/2026:09:04:26 +0000] "PUT /d1/909/AUTH_bfaa595c6d824ce5a5015e1de8f5a4c4/gnocchi.001d8338-3f95-45d7-ac93-ade201c7bec7/1769040000.0_mean_300.0_v3" 201 - "PUT http://172.18.0.2:8080/d1/794/AUTH_bfaa595c6d824ce5a5015e1de8f5a4c4/gnocchi.001d8338-3f95-45d7-ac93-ade201c7bec7/1769040000.0_mean_300.0_v3" "tx96313c001a36423082d38-0069787f9a" "object-server 23" 0.0009 "-" 20 0
Jan 27 09:04:26 standalone object-server[127764]: 172.20.0.100 - - [27/Jan/2026:09:04:26 +0000] "PUT /d1/794/AUTH_bfaa595c6d824ce5a5015e1de8f5a4c4/gnocchi.001d8338-3f95-45d7-ac93-ade201c7bec7/1769040000.0_mean_300.0_v3" 201 - "PUT http://172.18.0.2:8080/v1/AUTH_bfaa595c6d824ce5a5015e1de8f5a4c4/gnocchi.001d8338-3f95-45d7-ac93-ade201c7bec7/1769040000.0_mean_300.0_v3" "tx96313c001a36423082d38-0069787f9a" "proxy-server 20" 0.0146 "-" 23 0
Jan 27 09:04:26 standalone proxy-server[129701]: 172.18.0.2 172.18.0.100 27/Jan/2026/09/04/26 PUT /v1/AUTH_bfaa595c6d824ce5a5015e1de8f5a4c4/gnocchi.001d8338-3f95-45d7-ac93-ade201c7bec7/1769040000.0_mean_300.0_v3 HTTP/1.0 201 - python-swiftclient-3.11.1 gAAAAABpeH8gAKX6... 16 - - tx96313c001a36423082d38-0069787f9a - 0.0235 - - 1769504666.188441277 1769504666.211927891 0
Jan 27 09:04:26 standalone container-server[127686]: 172.20.0.100 - - [27/Jan/2026:09:04:26 +0000] "PUT /d1/909/AUTH_bfaa595c6d824ce5a5015e1de8f5a4c4/gnocchi.001d8338-3f95-45d7-ac93-ade201c7bec7/none_v3" 201 - "PUT http://172.18.0.2:8080/d1/1002/AUTH_bfaa595c6d824ce5a5015e1de8f5a4c4/gnocchi.001d8338-3f95-45d7-ac93-ade201c7bec7/none_v3" "txebe0a6a3760345d9bbd98-0069787f9a" "object-server 25" 0.0011 "-" 22 0
Jan 27 09:04:26 standalone object-server[127766]: 172.20.0.100 - - [27/Jan/2026:09:04:26 +0000] "PUT /d1/1002/AUTH_bfaa595c6d824ce5a5015e1de8f5a4c4/gnocchi.001d8338-3f95-45d7-ac93-ade201c7bec7/none_v3" 201 - "PUT http://172.18.0.2:8080/v1/AUTH_bfaa595c6d824ce5a5015e1de8f5a4c4/gnocchi.001d8338-3f95-45d7-ac93-ade201c7bec7/none_v3" "txebe0a6a3760345d9bbd98-0069787f9a" "proxy-server 20" 0.0180 "-" 25 0
Jan 27 09:04:26 standalone proxy-server[129701]: 172.18.0.2 172.18.0.100 27/Jan/2026/09/04/26 PUT /v1/AUTH_bfaa595c6d824ce5a5015e1de8f5a4c4/gnocchi.001d8338-3f95-45d7-ac93-ade201c7bec7/none_v3 HTTP/1.0 201 - python-swiftclient-3.11.1 gAAAAABpeH8gAKX6... 46 - - txebe0a6a3760345d9bbd98-0069787f9a - 0.0288 - - 1769504666.217525482 1769504666.246350765 0
Jan 27 09:04:27 standalone object-server[127764]: 172.20.0.100 - - [27/Jan/2026:09:04:27 +0000] "GET /d1/1002/AUTH_bfaa595c6d824ce5a5015e1de8f5a4c4/gnocchi.001d8338-3f95-45d7-ac93-ade201c7bec7/none_v3" 200 46 "GET http://172.18.0.2:8080/v1/AUTH_bfaa595c6d824ce5a5015e1de8f5a4c4/gnocchi.001d8338-3f95-45d7-ac93-ade201c7bec7/none_v3" "txf91c8f62555d4b5d815ad-0069787f9b" "proxy-server 20" 0.0010 "-" 23 0
Jan 27 09:04:27 standalone proxy-server[129701]: 172.18.0.2 172.18.0.100 27/Jan/2026/09/04/27 GET /v1/AUTH_bfaa595c6d824ce5a5015e1de8f5a4c4/gnocchi.001d8338-3f95-45d7-ac93-ade201c7bec7/none_v3 HTTP/1.0 200 - python-swiftclient-3.11.1 gAAAAABpeH8gAKX6... - 46 - txf91c8f62555d4b5d815ad-0069787f9b - 0.0088 - - 1769504667.493481874 1769504667.502331018 0
Jan 27 09:04:27 standalone container-server[127683]: 172.20.0.100 - - [27/Jan/2026:09:04:27 +0000] "GET /d1/909/AUTH_bfaa595c6d824ce5a5015e1de8f5a4c4/gnocchi.001d8338-3f95-45d7-ac93-ade201c7bec7" 200 357 "GET http://172.18.0.2:8080/v1/AUTH_bfaa595c6d824ce5a5015e1de8f5a4c4/gnocchi.001d8338-3f95-45d7-ac93-ade201c7bec7?format=json&states=listing" "txf90cf5efc08746df85890-0069787f9b" "proxy-server 20" 0.0116 "-" 21 0
Jan 27 09:04:27 standalone proxy-server[129701]: 172.18.0.2 172.18.0.100 27/Jan/2026/09/04/27 GET /v1/AUTH_bfaa595c6d824ce5a5015e1de8f5a4c4/gnocchi.001d8338-3f95-45d7-ac93-ade201c7bec7%3Fformat%3Djson%26states%3Dlisting HTTP/1.0 200 - python-swiftclient-3.11.1 gAAAAABpeH8gAKX6... - 357 - txf90cf5efc08746df85890-0069787f9b - 0.0198 - - 1769504667.506715059 1769504667.526526213 0
Jan 27 09:04:27 standalone container-server[127686]: 172.20.0.100 - - [27/Jan/2026:09:04:27 +0000] "GET /d1/909/AUTH_bfaa595c6d824ce5a5015e1de8f5a4c4/gnocchi.001d8338-3f95-45d7-ac93-ade201c7bec7" 200 2 "GET http://172.18.0.2:8080/v1/AUTH_bfaa595c6d824ce5a5015e1de8f5a4c4/gnocchi.001d8338-3f95-45d7-ac93-ade201c7bec7?format=json&marker=none_v3&states=listing" "txd225f226abc045018e08d-0069787f9b" "proxy-server 20" 0.0024 "-" 22 0
Jan 27 09:04:27 standalone proxy-server[129701]: 172.18.0.2 172.18.0.100 27/Jan/2026/09/04/27 GET /v1/AUTH_bfaa595c6d824ce5a5015e1de8f5a4c4/gnocchi.001d8338-3f95-45d7-ac93-ade201c7bec7%3Fformat%3Djson%26marker%3Dnone_v3%26states%3Dlisting HTTP/1.0 200 - python-swiftclient-3.11.1 gAAAAABpeH8gAKX6... - 2 - txd225f226abc045018e08d-0069787f9b - 0.0083 - - 1769504667.529511929 1769504667.537816286 0
Jan 27 09:04:27 standalone object-server[127765]: 172.20.0.100 - - [27/Jan/2026:09:04:27 +0000] "GET /d1/794/AUTH_bfaa595c6d824ce5a5015e1de8f5a4c4/gnocchi.001d8338-3f95-45d7-ac93-ade201c7bec7/1769040000.0_mean_300.0_v3" 200 16 "GET http://172.18.0.2:8080/v1/AUTH_bfaa595c6d824ce5a5015e1de8f5a4c4/gnocchi.001d8338-3f95-45d7-ac93-ade201c7bec7/1769040000.0_mean_300.0_v3" "txd1d960348dd64b10848f9-0069787f9b" "proxy-server 20" 0.0010 "-" 24 0
Jan 27 09:04:27 standalone proxy-server[129701]: 172.18.0.2 172.18.0.100 27/Jan/2026/09/04/27 GET /v1/AUTH_bfaa595c6d824ce5a5015e1de8f5a4c4/gnocchi.001d8338-3f95-45d7-ac93-ade201c7bec7/1769040000.0_mean_300.0_v3 HTTP/1.0 200 - python-swiftclient-3.11.1 gAAAAABpeH8gAKX6... - 16 - txd1d960348dd64b10848f9-0069787f9b - 0.0077 - - 1769504667.542170286 1769504667.549896240 0
Jan 27 09:04:27 standalone container-server[127686]: 172.20.0.100 - - [27/Jan/2026:09:04:27 +0000] "PUT /d1/909/AUTH_bfaa595c6d824ce5a5015e1de8f5a4c4/gnocchi.001d8338-3f95-45d7-ac93-ade201c7bec7/1769040000.0_mean_300.0_v3" 201 - "PUT http://172.18.0.2:8080/d1/794/AUTH_bfaa595c6d824ce5a5015e1de8f5a4c4/gnocchi.001d8338-3f95-45d7-ac93-ade201c7bec7/1769040000.0_mean_300.0_v3" "tx9725262e28ab437b9615a-0069787f9b" "object-server 22" 0.0008 "-" 22 0
Jan 27 09:04:27 standalone object-server[127760]: 172.20.0.100 - - [27/Jan/2026:09:04:27 +0000] "PUT /d1/794/AUTH_bfaa595c6d824ce5a5015e1de8f5a4c4/gnocchi.001d8338-3f95-45d7-ac93-ade201c7bec7/1769040000.0_mean_300.0_v3" 201 - "PUT http://172.18.0.2:8080/v1/AUTH_bfaa595c6d824ce5a5015e1de8f5a4c4/gnocchi.001d8338-3f95-45d7-ac93-ade201c7bec7/1769040000.0_mean_300.0_v3" "tx9725262e28ab437b9615a-0069787f9b" "proxy-server 20" 0.0116 "-" 22 0
Jan 27 09:04:27 standalone proxy-server[129701]: 172.18.0.2 172.18.0.100 27/Jan/2026/09/04/27 PUT /v1/AUTH_bfaa595c6d824ce5a5015e1de8f5a4c4/gnocchi.001d8338-3f95-45d7-ac93-ade201c7bec7/1769040000.0_mean_300.0_v3 HTTP/1.0 201 - python-swiftclient-3.11.1 gAAAAABpeH8gAKX6... 16 - - tx9725262e28ab437b9615a-0069787f9b - 0.0183 - - 1769504667.552856207 1769504667.571165800 0
Jan 27 09:04:27 standalone container-server[127690]: 172.20.0.100 - - [27/Jan/2026:09:04:27 +0000] "PUT /d1/909/AUTH_bfaa595c6d824ce5a5015e1de8f5a4c4/gnocchi.001d8338-3f95-45d7-ac93-ade201c7bec7/none_v3" 201 - "PUT http://172.18.0.2:8080/d1/1002/AUTH_bfaa595c6d824ce5a5015e1de8f5a4c4/gnocchi.001d8338-3f95-45d7-ac93-ade201c7bec7/none_v3" "tx0ec1f0e3bfe2401999c56-0069787f9b" "object-server 22" 0.0006 "-" 23 0
Jan 27 09:04:27 standalone object-server[127760]: 172.20.0.100 - - [27/Jan/2026:09:04:27 +0000] "PUT /d1/1002/AUTH_bfaa595c6d824ce5a5015e1de8f5a4c4/gnocchi.001d8338-3f95-45d7-ac93-ade201c7bec7/none_v3" 201 - "PUT http://172.18.0.2:8080/v1/AUTH_bfaa595c6d824ce5a5015e1de8f5a4c4/gnocchi.001d8338-3f95-45d7-ac93-ade201c7bec7/none_v3" "tx0ec1f0e3bfe2401999c56-0069787f9b" "proxy-server 20" 0.0111 "-" 22 0
Jan 27 09:04:27 standalone proxy-server[129701]: 172.18.0.2 172.18.0.100 27/Jan/2026/09/04/27 PUT /v1/AUTH_bfaa595c6d824ce5a5015e1de8f5a4c4/gnocchi.001d8338-3f95-45d7-ac93-ade201c7bec7/none_v3 HTTP/1.0 201 - python-swiftclient-3.11.1 gAAAAABpeH8gAKX6... 51 - - tx0ec1f0e3bfe2401999c56-0069787f9b - 0.0214 - - 1769504667.575343609 1769504667.596782446 0
Jan 27 09:04:27 standalone object-server[127760]: 172.20.0.100 - - [27/Jan/2026:09:04:27 +0000] "GET /d1/941/AUTH_bfaa595c6d824ce5a5015e1de8f5a4c4/gnocchi.36a72349-bf69-4467-854e-bea8428fa6d7/none_v3" 200 22 "GET http://172.18.0.2:8080/v1/AUTH_bfaa595c6d824ce5a5015e1de8f5a4c4/gnocchi.36a72349-bf69-4467-854e-bea8428fa6d7/none_v3" "txb02f114f33794c098964c-0069787f9b" "proxy-server 20" 0.0012 "-" 22 0
Jan 27 09:04:27 standalone proxy-server[129701]: 172.18.0.2 172.18.0.100 27/Jan/2026/09/04/27 GET /v1/AUTH_bfaa595c6d824ce5a5015e1de8f5a4c4/gnocchi.36a72349-bf69-4467-854e-bea8428fa6d7/none_v3 HTTP/1.0 200 - python-swiftclient-3.11.1 gAAAAABpeH8gAKX6... - 22 - txb02f114f33794c098964c-0069787f9b - 0.0167 - - 1769504667.609757185 1769504667.626493692 0
Jan 27 09:04:27 standalone container-server[127690]: 172.20.0.100 - - [27/Jan/2026:09:04:27 +0000] "GET /d1/994/AUTH_bfaa595c6d824ce5a5015e1de8f5a4c4/gnocchi.36a72349-bf69-4467-854e-bea8428fa6d7" 200 357 "GET http://172.18.0.2:8080/v1/AUTH_bfaa595c6d824ce5a5015e1de8f5a4c4/gnocchi.36a72349-bf69-4467-854e-bea8428fa6d7?format=json&states=listing" "txee12b7ae0b2648eeb545e-0069787f9b" "proxy-server 20" 0.0072 "-" 23 0
Jan 27 09:04:27 standalone proxy-server[129701]: 172.18.0.2 172.18.0.100 27/Jan/2026/09/04/27 GET /v1/AUTH_bfaa595c6d824ce5a5015e1de8f5a4c4/gnocchi.36a72349-bf69-4467-854e-bea8428fa6d7%3Fformat%3Djson%26states%3Dlisting HTTP/1.0 200 - python-swiftclient-3.11.1 gAAAAABpeH8gAKX6... - 357 - txee12b7ae0b2648eeb545e-0069787f9b - 0.0158 - - 1769504667.630578756 1769504667.646343708 0
Jan 27 09:04:27 standalone container-server[127680]: 172.20.0.100 - - [27/Jan/2026:09:04:27 +0000] "GET /d1/994/AUTH_bfaa595c6d824ce5a5015e1de8f5a4c4/gnocchi.36a72349-bf69-4467-854e-bea8428fa6d7" 200 2 "GET http://172.18.0.2:8080/v1/AUTH_bfaa595c6d824ce5a5015e1de8f5a4c4/gnocchi.36a72349-bf69-4467-854e-bea8428fa6d7?format=json&marker=none_v3&states=listing" "tx78f02cf9fcd4456fb8947-0069787f9b" "proxy-server 20" 0.0043 "-" 20 0
Jan 27 09:04:27 standalone proxy-server[129701]: 172.18.0.2 172.18.0.100 27/Jan/2026/09/04/27 GET /v1/AUTH_bfaa595c6d824ce5a5015e1de8f5a4c4/gnocchi.36a72349-bf69-4467-854e-bea8428fa6d7%3Fformat%3Djson%26marker%3Dnone_v3%26states%3Dlisting HTTP/1.0 200 - python-swiftclient-3.11.1 gAAAAABpeH8gAKX6... - 2 - tx78f02cf9fcd4456fb8947-0069787f9b - 0.0129 - - 1769504667.649189234 1769504667.662121058 0
Jan 27 09:04:27 standalone object-server[127764]: 172.20.0.100 - - [27/Jan/2026:09:04:27 +0000] "GET /d1/418/AUTH_bfaa595c6d824ce5a5015e1de8f5a4c4/gnocchi.36a72349-bf69-4467-854e-bea8428fa6d7/1769040000.0_mean_300.0_v3" 200 16 "GET http://172.18.0.2:8080/v1/AUTH_bfaa595c6d824ce5a5015e1de8f5a4c4/gnocchi.36a72349-bf69-4467-854e-bea8428fa6d7/1769040000.0_mean_300.0_v3" "txd96d189e8f6c4582adf7c-0069787f9b" "proxy-server 20" 0.0011 "-" 23 0
Jan 27 09:04:27 standalone proxy-server[129701]: 172.18.0.2 172.18.0.100 27/Jan/2026/09/04/27 GET /v1/AUTH_bfaa595c6d824ce5a5015e1de8f5a4c4/gnocchi.36a72349-bf69-4467-854e-bea8428fa6d7/1769040000.0_mean_300.0_v3 HTTP/1.0 200 - python-swiftclient-3.11.1 gAAAAABpeH8gAKX6... - 16 - txd96d189e8f6c4582adf7c-0069787f9b - 0.0097 - - 1769504667.665499210 1769504667.675220013 0
Jan 27 09:04:27 standalone container-server[127690]: 172.20.0.100 - - [27/Jan/2026:09:04:27 +0000] "PUT /d1/994/AUTH_bfaa595c6d824ce5a5015e1de8f5a4c4/gnocchi.36a72349-bf69-4467-854e-bea8428fa6d7/1769040000.0_mean_300.0_v3" 201 - "PUT http://172.18.0.2:8080/d1/418/AUTH_bfaa595c6d824ce5a5015e1de8f5a4c4/gnocchi.36a72349-bf69-4467-854e-bea8428fa6d7/1769040000.0_mean_300.0_v3" "tx6dc47b60075d4c0da1a50-0069787f9b" "object-server 25" 0.0005 "-" 23 0
Jan 27 09:04:27 standalone object-server[127766]: 172.20.0.100 - - [27/Jan/2026:09:04:27 +0000] "PUT /d1/418/AUTH_bfaa595c6d824ce5a5015e1de8f5a4c4/gnocchi.36a72349-bf69-4467-854e-bea8428fa6d7/1769040000.0_mean_300.0_v3" 201 - "PUT http://172.18.0.2:8080/v1/AUTH_bfaa595c6d824ce5a5015e1de8f5a4c4/gnocchi.36a72349-bf69-4467-854e-bea8428fa6d7/1769040000.0_mean_300.0_v3" "tx6dc47b60075d4c0da1a50-0069787f9b" "proxy-server 20" 0.0100 "-" 25 0
Jan 27 09:04:27 standalone proxy-server[129701]: 172.18.0.2 172.18.0.100 27/Jan/2026/09/04/27 PUT /v1/AUTH_bfaa595c6d824ce5a5015e1de8f5a4c4/gnocchi.36a72349-bf69-4467-854e-bea8428fa6d7/1769040000.0_mean_300.0_v3 HTTP/1.0 201 - python-swiftclient-3.11.1 gAAAAABpeH8gAKX6... 16 - - tx6dc47b60075d4c0da1a50-0069787f9b - 0.0176 - - 1769504667.678158283 1769504667.695793152 0
Jan 27 09:04:27 standalone container-server[127686]: 172.20.0.100 - - [27/Jan/2026:09:04:27 +0000] "PUT /d1/994/AUTH_bfaa595c6d824ce5a5015e1de8f5a4c4/gnocchi.36a72349-bf69-4467-854e-bea8428fa6d7/none_v3" 201 - "PUT http://172.18.0.2:8080/d1/941/AUTH_bfaa595c6d824ce5a5015e1de8f5a4c4/gnocchi.36a72349-bf69-4467-854e-bea8428fa6d7/none_v3" "tx21f6a8a97101401e86500-0069787f9b" "object-server 25" 0.0008 "-" 22 0
Jan 27 09:04:27 standalone object-server[127766]: 172.20.0.100 - - [27/Jan/2026:09:04:27 +0000] "PUT /d1/941/AUTH_bfaa595c6d824ce5a5015e1de8f5a4c4/gnocchi.36a72349-bf69-4467-854e-bea8428fa6d7/none_v3" 201 - "PUT http://172.18.0.2:8080/v1/AUTH_bfaa595c6d824ce5a5015e1de8f5a4c4/gnocchi.36a72349-bf69-4467-854e-bea8428fa6d7/none_v3" "tx21f6a8a97101401e86500-0069787f9b" "proxy-server 20" 0.0119 "-" 25 0
Jan 27 09:04:27 standalone proxy-server[129701]: 172.18.0.2 172.18.0.100 27/Jan/2026/09/04/27 PUT /v1/AUTH_bfaa595c6d824ce5a5015e1de8f5a4c4/gnocchi.36a72349-bf69-4467-854e-bea8428fa6d7/none_v3 HTTP/1.0 201 - python-swiftclient-3.11.1 gAAAAABpeH8gAKX6... 32 - - tx21f6a8a97101401e86500-0069787f9b - 0.0189 - - 1769504667.699383020 1769504667.718309164 0
Jan 27 09:04:27 standalone object-server[127760]: 172.20.0.100 - - [27/Jan/2026:09:04:27 +0000] "GET /d1/772/AUTH_bfaa595c6d824ce5a5015e1de8f5a4c4/gnocchi.aed8d663-16dc-44c0-8087-d6c1e2361e06/none_v3" 200 22 "GET http://172.18.0.2:8080/v1/AUTH_bfaa595c6d824ce5a5015e1de8f5a4c4/gnocchi.aed8d663-16dc-44c0-8087-d6c1e2361e06/none_v3" "txe60d4f1f77bb4ac7b15ea-0069787f9b" "proxy-server 20" 0.0010 "-" 22 0
Jan 27 09:04:27 standalone proxy-server[129701]: 172.18.0.2 172.18.0.100 27/Jan/2026/09/04/27 GET /v1/AUTH_bfaa595c6d824ce5a5015e1de8f5a4c4/gnocchi.aed8d663-16dc-44c0-8087-d6c1e2361e06/none_v3 HTTP/1.0 200 - python-swiftclient-3.11.1 gAAAAABpeH8gAKX6... - 22 - txe60d4f1f77bb4ac7b15ea-0069787f9b - 0.0084 - - 1769504667.727177143 1769504667.735608816 0
Jan 27 09:04:27 standalone container-server[127683]: 172.20.0.100 - - [27/Jan/2026:09:04:27 +0000] "GET /d1/755/AUTH_bfaa595c6d824ce5a5015e1de8f5a4c4/gnocchi.aed8d663-16dc-44c0-8087-d6c1e2361e06" 200 357 "GET http://172.18.0.2:8080/v1/AUTH_bfaa595c6d824ce5a5015e1de8f5a4c4/gnocchi.aed8d663-16dc-44c0-8087-d6c1e2361e06?format=json&states=listing" "tx4136f22e9bd448d794f65-0069787f9b" "proxy-server 20" 0.0087 "-" 21 0
Jan 27 09:04:27 standalone proxy-server[129701]: 172.18.0.2 172.18.0.100 27/Jan/2026/09/04/27 GET /v1/AUTH_bfaa595c6d824ce5a5015e1de8f5a4c4/gnocchi.aed8d663-16dc-44c0-8087-d6c1e2361e06%3Fformat%3Djson%26states%3Dlisting HTTP/1.0 200 - python-swiftclient-3.11.1 gAAAAABpeH8gAKX6... - 357 - tx4136f22e9bd448d794f65-0069787f9b - 0.0162 - - 1769504667.738770723 1769504667.754924059 0
Jan 27 09:04:27 standalone container-server[127680]: 172.20.0.100 - - [27/Jan/2026:09:04:27 +0000] "GET /d1/755/AUTH_bfaa595c6d824ce5a5015e1de8f5a4c4/gnocchi.aed8d663-16dc-44c0-8087-d6c1e2361e06" 200 2 "GET http://172.18.0.2:8080/v1/AUTH_bfaa595c6d824ce5a5015e1de8f5a4c4/gnocchi.aed8d663-16dc-44c0-8087-d6c1e2361e06?format=json&marker=none_v3&states=listing" "txe2889284444b47ac82c0e-0069787f9b" "proxy-server 20" 0.0024 "-" 20 0
Jan 27 09:04:27 standalone proxy-server[129701]: 172.18.0.2 172.18.0.100 27/Jan/2026/09/04/27 GET /v1/AUTH_bfaa595c6d824ce5a5015e1de8f5a4c4/gnocchi.aed8d663-16dc-44c0-8087-d6c1e2361e06%3Fformat%3Djson%26marker%3Dnone_v3%26states%3Dlisting HTTP/1.0 200 - python-swiftclient-3.11.1 gAAAAABpeH8gAKX6... - 2 - txe2889284444b47ac82c0e-0069787f9b - 0.0147 - - 1769504667.759380341 1769504667.774098635 0
Jan 27 09:04:27 standalone object-server[127766]: 172.20.0.100 - - [27/Jan/2026:09:04:27 +0000] "GET /d1/346/AUTH_bfaa595c6d824ce5a5015e1de8f5a4c4/gnocchi.aed8d663-16dc-44c0-8087-d6c1e2361e06/1769040000.0_mean_300.0_v3" 200 16 "GET http://172.18.0.2:8080/v1/AUTH_bfaa595c6d824ce5a5015e1de8f5a4c4/gnocchi.aed8d663-16dc-44c0-8087-d6c1e2361e06/1769040000.0_mean_300.0_v3" "txd65b3cf171084efb8fce2-0069787f9b" "proxy-server 20" 0.0011 "-" 25 0
Jan 27 09:04:27 standalone proxy-server[129701]: 172.18.0.2 172.18.0.100 27/Jan/2026/09/04/27 GET /v1/AUTH_bfaa595c6d824ce5a5015e1de8f5a4c4/gnocchi.aed8d663-16dc-44c0-8087-d6c1e2361e06/1769040000.0_mean_300.0_v3 HTTP/1.0 200 - python-swiftclient-3.11.1 gAAAAABpeH8gAKX6... - 16 - txd65b3cf171084efb8fce2-0069787f9b - 0.0090 - - 1769504667.778417587 1769504667.787418127 0
Jan 27 09:04:27 standalone container-server[127690]: 172.20.0.100 - - [27/Jan/2026:09:04:27 +0000] "PUT /d1/755/AUTH_bfaa595c6d824ce5a5015e1de8f5a4c4/gnocchi.aed8d663-16dc-44c0-8087-d6c1e2361e06/1769040000.0_mean_300.0_v3" 201 - "PUT http://172.18.0.2:8080/d1/346/AUTH_bfaa595c6d824ce5a5015e1de8f5a4c4/gnocchi.aed8d663-16dc-44c0-8087-d6c1e2361e06/1769040000.0_mean_300.0_v3" "tx1f27a0c772684392a3348-0069787f9b" "object-server 25" 0.0007 "-" 23 0
Jan 27 09:04:27 standalone object-server[127766]: 172.20.0.100 - - [27/Jan/2026:09:04:27 +0000] "PUT /d1/346/AUTH_bfaa595c6d824ce5a5015e1de8f5a4c4/gnocchi.aed8d663-16dc-44c0-8087-d6c1e2361e06/1769040000.0_mean_300.0_v3" 201 - "PUT http://172.18.0.2:8080/v1/AUTH_bfaa595c6d824ce5a5015e1de8f5a4c4/gnocchi.aed8d663-16dc-44c0-8087-d6c1e2361e06/1769040000.0_mean_300.0_v3" "tx1f27a0c772684392a3348-0069787f9b" "proxy-server 20" 0.0116 "-" 25 0
Jan 27 09:04:27 standalone proxy-server[129701]: 172.18.0.2 172.18.0.100 27/Jan/2026/09/04/27 PUT /v1/AUTH_bfaa595c6d824ce5a5015e1de8f5a4c4/gnocchi.aed8d663-16dc-44c0-8087-d6c1e2361e06/1769040000.0_mean_300.0_v3 HTTP/1.0 201 - python-swiftclient-3.11.1 gAAAAABpeH8gAKX6... 16 - - tx1f27a0c772684392a3348-0069787f9b - 0.0191 - - 1769504667.792009354 1769504667.811118126 0
Jan 27 09:04:27 standalone container-server[127680]: 172.20.0.100 - - [27/Jan/2026:09:04:27 +0000] "PUT /d1/755/AUTH_bfaa595c6d824ce5a5015e1de8f5a4c4/gnocchi.aed8d663-16dc-44c0-8087-d6c1e2361e06/none_v3" 201 - "PUT http://172.18.0.2:8080/d1/772/AUTH_bfaa595c6d824ce5a5015e1de8f5a4c4/gnocchi.aed8d663-16dc-44c0-8087-d6c1e2361e06/none_v3" "tx6809f60763554d3a865f8-0069787f9b" "object-server 25" 0.0005 "-" 20 0
Jan 27 09:04:27 standalone object-server[127766]: 172.20.0.100 - - [27/Jan/2026:09:04:27 +0000] "PUT /d1/772/AUTH_bfaa595c6d824ce5a5015e1de8f5a4c4/gnocchi.aed8d663-16dc-44c0-8087-d6c1e2361e06/none_v3" 201 - "PUT http://172.18.0.2:8080/v1/AUTH_bfaa595c6d824ce5a5015e1de8f5a4c4/gnocchi.aed8d663-16dc-44c0-8087-d6c1e2361e06/none_v3" "tx6809f60763554d3a865f8-0069787f9b" "proxy-server 20" 0.0097 "-" 25 0
Jan 27 09:04:27 standalone proxy-server[129701]: 172.18.0.2 172.18.0.100 27/Jan/2026/09/04/27 PUT /v1/AUTH_bfaa595c6d824ce5a5015e1de8f5a4c4/gnocchi.aed8d663-16dc-44c0-8087-d6c1e2361e06/none_v3 HTTP/1.0 201 - python-swiftclient-3.11.1 gAAAAABpeH8gAKX6... 32 - - tx6809f60763554d3a865f8-0069787f9b - 0.0170 - - 1769504667.814104080 1769504667.831096411 0
Jan 27 09:04:27 standalone object-server[127760]: 172.20.0.100 - - [27/Jan/2026:09:04:27 +0000] "GET /d1/51/AUTH_bfaa595c6d824ce5a5015e1de8f5a4c4/gnocchi.e6677a70-05ca-401a-a9a2-8b22fda7df00/none_v3" 200 22 "GET http://172.18.0.2:8080/v1/AUTH_bfaa595c6d824ce5a5015e1de8f5a4c4/gnocchi.e6677a70-05ca-401a-a9a2-8b22fda7df00/none_v3" "tx055ca1b930284509a5fc2-0069787f9b" "proxy-server 20" 0.0011 "-" 22 0
Jan 27 09:04:27 standalone proxy-server[129701]: 172.18.0.2 172.18.0.100 27/Jan/2026/09/04/27 GET /v1/AUTH_bfaa595c6d824ce5a5015e1de8f5a4c4/gnocchi.e6677a70-05ca-401a-a9a2-8b22fda7df00/none_v3 HTTP/1.0 200 - python-swiftclient-3.11.1 gAAAAABpeH8gAKX6... - 22 - tx055ca1b930284509a5fc2-0069787f9b - 0.0089 - - 1769504667.840475559 1769504667.849412441 0
Jan 27 09:04:27 standalone container-server[127686]: 172.20.0.100 - - [27/Jan/2026:09:04:27 +0000] "GET /d1/391/AUTH_bfaa595c6d824ce5a5015e1de8f5a4c4/gnocchi.e6677a70-05ca-401a-a9a2-8b22fda7df00" 200 357 "GET http://172.18.0.2:8080/v1/AUTH_bfaa595c6d824ce5a5015e1de8f5a4c4/gnocchi.e6677a70-05ca-401a-a9a2-8b22fda7df00?format=json&states=listing" "txcadf56ccfe2f42eea16d0-0069787f9b" "proxy-server 20" 0.0168 "-" 22 0
Jan 27 09:04:27 standalone proxy-server[129701]: 172.18.0.2 172.18.0.100 27/Jan/2026/09/04/27 GET /v1/AUTH_bfaa595c6d824ce5a5015e1de8f5a4c4/gnocchi.e6677a70-05ca-401a-a9a2-8b22fda7df00%3Fformat%3Djson%26states%3Dlisting HTTP/1.0 200 - python-swiftclient-3.11.1 gAAAAABpeH8gAKX6... - 357 - txcadf56ccfe2f42eea16d0-0069787f9b - 0.0254 - - 1769504667.852600813 1769504667.878046274 0
Jan 27 09:04:27 standalone container-server[127686]: 172.20.0.100 - - [27/Jan/2026:09:04:27 +0000] "GET /d1/391/AUTH_bfaa595c6d824ce5a5015e1de8f5a4c4/gnocchi.e6677a70-05ca-401a-a9a2-8b22fda7df00" 200 2 "GET http://172.18.0.2:8080/v1/AUTH_bfaa595c6d824ce5a5015e1de8f5a4c4/gnocchi.e6677a70-05ca-401a-a9a2-8b22fda7df00?format=json&marker=none_v3&states=listing" "tx89c19c71a39e49a6b5d75-0069787f9b" "proxy-server 20" 0.0035 "-" 22 0
Jan 27 09:04:27 standalone proxy-server[129701]: 172.18.0.2 172.18.0.100 27/Jan/2026/09/04/27 GET /v1/AUTH_bfaa595c6d824ce5a5015e1de8f5a4c4/gnocchi.e6677a70-05ca-401a-a9a2-8b22fda7df00%3Fformat%3Djson%26marker%3Dnone_v3%26states%3Dlisting HTTP/1.0 200 - python-swiftclient-3.11.1 gAAAAABpeH8gAKX6... - 2 - tx89c19c71a39e49a6b5d75-0069787f9b - 0.0113 - - 1769504667.882194996 1769504667.893517971 0
Jan 27 09:04:27 standalone object-server[127766]: 172.20.0.100 - - [27/Jan/2026:09:04:27 +0000] "GET /d1/719/AUTH_bfaa595c6d824ce5a5015e1de8f5a4c4/gnocchi.e6677a70-05ca-401a-a9a2-8b22fda7df00/1769040000.0_mean_300.0_v3" 200 16 "GET http://172.18.0.2:8080/v1/AUTH_bfaa595c6d824ce5a5015e1de8f5a4c4/gnocchi.e6677a70-05ca-401a-a9a2-8b22fda7df00/1769040000.0_mean_300.0_v3" "tx8aa69b11766343a69fa61-0069787f9b" "proxy-server 20" 0.0010 "-" 25 0
Jan 27 09:04:27 standalone proxy-server[129701]: 172.18.0.2 172.18.0.100 27/Jan/2026/09/04/27 GET /v1/AUTH_bfaa595c6d824ce5a5015e1de8f5a4c4/gnocchi.e6677a70-05ca-401a-a9a2-8b22fda7df00/1769040000.0_mean_300.0_v3 HTTP/1.0 200 - python-swiftclient-3.11.1 gAAAAABpeH8gAKX6... - 16 - tx8aa69b11766343a69fa61-0069787f9b - 0.0088 - - 1769504667.898095369 1769504667.906896591 0
Jan 27 09:04:27 standalone container-server[127686]: 172.20.0.100 - - [27/Jan/2026:09:04:27 +0000] "PUT /d1/391/AUTH_bfaa595c6d824ce5a5015e1de8f5a4c4/gnocchi.e6677a70-05ca-401a-a9a2-8b22fda7df00/1769040000.0_mean_300.0_v3" 201 - "PUT http://172.18.0.2:8080/d1/719/AUTH_bfaa595c6d824ce5a5015e1de8f5a4c4/gnocchi.e6677a70-05ca-401a-a9a2-8b22fda7df00/1769040000.0_mean_300.0_v3" "txe6304b20ff2247b2bfc4c-0069787f9b" "object-server 23" 0.0014 "-" 22 0
Jan 27 09:04:27 standalone object-server[127764]: 172.20.0.100 - - [27/Jan/2026:09:04:27 +0000] "PUT /d1/719/AUTH_bfaa595c6d824ce5a5015e1de8f5a4c4/gnocchi.e6677a70-05ca-401a-a9a2-8b22fda7df00/1769040000.0_mean_300.0_v3" 201 - "PUT http://172.18.0.2:8080/v1/AUTH_bfaa595c6d824ce5a5015e1de8f5a4c4/gnocchi.e6677a70-05ca-401a-a9a2-8b22fda7df00/1769040000.0_mean_300.0_v3" "txe6304b20ff2247b2bfc4c-0069787f9b" "proxy-server 20" 0.0150 "-" 23 0
Jan 27 09:04:27 standalone proxy-server[129701]: 172.18.0.2 172.18.0.100 27/Jan/2026/09/04/27 PUT /v1/AUTH_bfaa595c6d824ce5a5015e1de8f5a4c4/gnocchi.e6677a70-05ca-401a-a9a2-8b22fda7df00/1769040000.0_mean_300.0_v3 HTTP/1.0 201 - python-swiftclient-3.11.1 gAAAAABpeH8gAKX6... 16 - - txe6304b20ff2247b2bfc4c-0069787f9b - 0.0225 - - 1769504667.910922527 1769504667.933435202 0
Jan 27 09:04:27 standalone container-server[127690]: 172.20.0.100 - - [27/Jan/2026:09:04:27 +0000] "PUT /d1/391/AUTH_bfaa595c6d824ce5a5015e1de8f5a4c4/gnocchi.e6677a70-05ca-401a-a9a2-8b22fda7df00/none_v3" 201 - "PUT http://172.18.0.2:8080/d1/51/AUTH_bfaa595c6d824ce5a5015e1de8f5a4c4/gnocchi.e6677a70-05ca-401a-a9a2-8b22fda7df00/none_v3" "tx565db58aac314506a685a-0069787f9b" "object-server 25" 0.0011 "-" 23 0
Jan 27 09:04:27 standalone object-server[127766]: 172.20.0.100 - - [27/Jan/2026:09:04:27 +0000] "PUT /d1/51/AUTH_bfaa595c6d824ce5a5015e1de8f5a4c4/gnocchi.e6677a70-05ca-401a-a9a2-8b22fda7df00/none_v3" 201 - "PUT http://172.18.0.2:8080/v1/AUTH_bfaa595c6d824ce5a5015e1de8f5a4c4/gnocchi.e6677a70-05ca-401a-a9a2-8b22fda7df00/none_v3" "tx565db58aac314506a685a-0069787f9b" "proxy-server 20" 0.0149 "-" 25 0
Jan 27 09:04:27 standalone proxy-server[129701]: 172.18.0.2 172.18.0.100 27/Jan/2026/09/04/27 PUT /v1/AUTH_bfaa595c6d824ce5a5015e1de8f5a4c4/gnocchi.e6677a70-05ca-401a-a9a2-8b22fda7df00/none_v3 HTTP/1.0 201 - python-swiftclient-3.11.1 gAAAAABpeH8gAKX6... 32 - - tx565db58aac314506a685a-0069787f9b - 0.0238 - - 1769504667.937468052 1769504667.961301565 0
Jan 27 09:04:27 standalone object-server[127764]: 172.20.0.100 - - [27/Jan/2026:09:04:27 +0000] "GET /d1/652/AUTH_bfaa595c6d824ce5a5015e1de8f5a4c4/gnocchi.a8327dfd-b080-436c-8b7d-e55e053ede39/none_v3" 200 22 "GET http://172.18.0.2:8080/v1/AUTH_bfaa595c6d824ce5a5015e1de8f5a4c4/gnocchi.a8327dfd-b080-436c-8b7d-e55e053ede39/none_v3" "txb26ddd2b551548b39a6d2-0069787f9b" "proxy-server 20" 0.0011 "-" 23 0
Jan 27 09:04:27 standalone proxy-server[129701]: 172.18.0.2 172.18.0.100 27/Jan/2026/09/04/27 GET /v1/AUTH_bfaa595c6d824ce5a5015e1de8f5a4c4/gnocchi.a8327dfd-b080-436c-8b7d-e55e053ede39/none_v3 HTTP/1.0 200 - python-swiftclient-3.11.1 gAAAAABpeH8gAKX6... - 22 - txb26ddd2b551548b39a6d2-0069787f9b - 0.0100 - - 1769504667.975637674 1769504667.985679865 0
Jan 27 09:04:28 standalone container-server[127686]: 172.20.0.100 - - [27/Jan/2026:09:04:28 +0000] "GET /d1/867/AUTH_bfaa595c6d824ce5a5015e1de8f5a4c4/gnocchi.a8327dfd-b080-436c-8b7d-e55e053ede39" 200 357 "GET http://172.18.0.2:8080/v1/AUTH_bfaa595c6d824ce5a5015e1de8f5a4c4/gnocchi.a8327dfd-b080-436c-8b7d-e55e053ede39?format=json&states=listing" "tx0aa06abe1c4d4503a2b0e-0069787f9b" "proxy-server 20" 0.0091 "-" 22 0
Jan 27 09:04:28 standalone proxy-server[129701]: 172.18.0.2 172.18.0.100 27/Jan/2026/09/04/28 GET /v1/AUTH_bfaa595c6d824ce5a5015e1de8f5a4c4/gnocchi.a8327dfd-b080-436c-8b7d-e55e053ede39%3Fformat%3Djson%26states%3Dlisting HTTP/1.0 200 - python-swiftclient-3.11.1 gAAAAABpeH8gAKX6... - 357 - tx0aa06abe1c4d4503a2b0e-0069787f9b - 0.0187 - - 1769504667.991157293 1769504668.009855986 0
Jan 27 09:04:28 standalone container-server[127680]: 172.20.0.100 - - [27/Jan/2026:09:04:28 +0000] "GET /d1/867/AUTH_bfaa595c6d824ce5a5015e1de8f5a4c4/gnocchi.a8327dfd-b080-436c-8b7d-e55e053ede39" 200 2 "GET http://172.18.0.2:8080/v1/AUTH_bfaa595c6d824ce5a5015e1de8f5a4c4/gnocchi.a8327dfd-b080-436c-8b7d-e55e053ede39?format=json&marker=none_v3&states=listing" "tx0b0dad280996461db13a2-0069787f9c" "proxy-server 20" 0.0040 "-" 20 0
Jan 27 09:04:28 standalone proxy-server[129701]: 172.18.0.2 172.18.0.100 27/Jan/2026/09/04/28 GET /v1/AUTH_bfaa595c6d824ce5a5015e1de8f5a4c4/gnocchi.a8327dfd-b080-436c-8b7d-e55e053ede39%3Fformat%3Djson%26marker%3Dnone_v3%26states%3Dlisting HTTP/1.0 200 - python-swiftclient-3.11.1 gAAAAABpeH8gAKX6... - 2 - tx0b0dad280996461db13a2-0069787f9c - 0.0135 - - 1769504668.017378092 1769504668.030829906 0
Jan 27 09:04:28 standalone object-server[127760]: 172.20.0.100 - - [27/Jan/2026:09:04:28 +0000] "GET /d1/662/AUTH_bfaa595c6d824ce5a5015e1de8f5a4c4/gnocchi.a8327dfd-b080-436c-8b7d-e55e053ede39/1769040000.0_mean_300.0_v3" 200 16 "GET http://172.18.0.2:8080/v1/AUTH_bfaa595c6d824ce5a5015e1de8f5a4c4/gnocchi.a8327dfd-b080-436c-8b7d-e55e053ede39/1769040000.0_mean_300.0_v3" "tx30bb8e72dc2c4fb29a37f-0069787f9c" "proxy-server 20" 0.0013 "-" 22 0
Jan 27 09:04:28 standalone proxy-server[129701]: 172.18.0.2 172.18.0.100 27/Jan/2026/09/04/28 GET /v1/AUTH_bfaa595c6d824ce5a5015e1de8f5a4c4/gnocchi.a8327dfd-b080-436c-8b7d-e55e053ede39/1769040000.0_mean_300.0_v3 HTTP/1.0 200 - python-swiftclient-3.11.1 gAAAAABpeH8gAKX6... - 16 - tx30bb8e72dc2c4fb29a37f-0069787f9c - 0.0107 - - 1769504668.036081553 1769504668.046780348 0
Jan 27 09:04:28 standalone container-server[127680]: 172.20.0.100 - - [27/Jan/2026:09:04:28 +0000] "PUT /d1/867/AUTH_bfaa595c6d824ce5a5015e1de8f5a4c4/gnocchi.a8327dfd-b080-436c-8b7d-e55e053ede39/1769040000.0_mean_300.0_v3" 201 - "PUT http://172.18.0.2:8080/d1/662/AUTH_bfaa595c6d824ce5a5015e1de8f5a4c4/gnocchi.a8327dfd-b080-436c-8b7d-e55e053ede39/1769040000.0_mean_300.0_v3" "tx02a7bbfe9eed4884a5f04-0069787f9c" "object-server 24" 0.0008 "-" 20 0
Jan 27 09:04:28 standalone object-server[127765]: 172.20.0.100 - - [27/Jan/2026:09:04:28 +0000] "PUT /d1/662/AUTH_bfaa595c6d824ce5a5015e1de8f5a4c4/gnocchi.a8327dfd-b080-436c-8b7d-e55e053ede39/1769040000.0_mean_300.0_v3" 201 - "PUT http://172.18.0.2:8080/v1/AUTH_bfaa595c6d824ce5a5015e1de8f5a4c4/gnocchi.a8327dfd-b080-436c-8b7d-e55e053ede39/1769040000.0_mean_300.0_v3" "tx02a7bbfe9eed4884a5f04-0069787f9c" "proxy-server 20" 0.0118 "-" 24 0
Jan 27 09:04:28 standalone proxy-server[129701]: 172.18.0.2 172.18.0.100 27/Jan/2026/09/04/28 PUT /v1/AUTH_bfaa595c6d824ce5a5015e1de8f5a4c4/gnocchi.a8327dfd-b080-436c-8b7d-e55e053ede39/1769040000.0_mean_300.0_v3 HTTP/1.0 201 - python-swiftclient-3.11.1 gAAAAABpeH8gAKX6... 16 - - tx02a7bbfe9eed4884a5f04-0069787f9c - 0.0210 - - 1769504668.051277876 1769504668.072284460 0
Jan 27 09:04:28 standalone container-server[127690]: 172.20.0.100 - - [27/Jan/2026:09:04:28 +0000] "PUT /d1/867/AUTH_bfaa595c6d824ce5a5015e1de8f5a4c4/gnocchi.a8327dfd-b080-436c-8b7d-e55e053ede39/none_v3" 201 - "PUT http://172.18.0.2:8080/d1/652/AUTH_bfaa595c6d824ce5a5015e1de8f5a4c4/gnocchi.a8327dfd-b080-436c-8b7d-e55e053ede39/none_v3" "tx97bc533b2eaa441b9f9cd-0069787f9c" "object-server 25" 0.0007 "-" 23 0
Jan 27 09:04:28 standalone object-server[127766]: 172.20.0.100 - - [27/Jan/2026:09:04:28 +0000] "PUT /d1/652/AUTH_bfaa595c6d824ce5a5015e1de8f5a4c4/gnocchi.a8327dfd-b080-436c-8b7d-e55e053ede39/none_v3" 201 - "PUT http://172.18.0.2:8080/v1/AUTH_bfaa595c6d824ce5a5015e1de8f5a4c4/gnocchi.a8327dfd-b080-436c-8b7d-e55e053ede39/none_v3" "tx97bc533b2eaa441b9f9cd-0069787f9c" "proxy-server 20" 0.0119 "-" 25 0
Jan 27 09:04:28 standalone proxy-server[129701]: 172.18.0.2 172.18.0.100 27/Jan/2026/09/04/28 PUT /v1/AUTH_bfaa595c6d824ce5a5015e1de8f5a4c4/gnocchi.a8327dfd-b080-436c-8b7d-e55e053ede39/none_v3 HTTP/1.0 201 - python-swiftclient-3.11.1 gAAAAABpeH8gAKX6... 32 - - tx97bc533b2eaa441b9f9cd-0069787f9c - 0.0193 - - 1769504668.076217651 1769504668.095538616 0
Jan 27 09:04:31 standalone container-server[127683]: 172.20.0.100 - - [27/Jan/2026:09:04:31 +0000] "HEAD /d1/83/AUTH_bfaa595c6d824ce5a5015e1de8f5a4c4/gnocchi.16f0268e-d061-4b7c-be87-d3191f24b882" 404 - "HEAD http://172.18.0.2:8080/v1/AUTH_bfaa595c6d824ce5a5015e1de8f5a4c4/gnocchi.16f0268e-d061-4b7c-be87-d3191f24b882?format=json&states=listing" "txaa7b24154d8747a3bf847-0069787f9f" "proxy-server 20" 0.0005 "-" 21 0
Jan 27 09:04:31 standalone object-server[127766]: 172.20.0.100 - - [27/Jan/2026:09:04:31 +0000] "GET /d1/907/AUTH_bfaa595c6d824ce5a5015e1de8f5a4c4/gnocchi.16f0268e-d061-4b7c-be87-d3191f24b882/none_v3" 404 70 "GET http://172.18.0.2:8080/v1/AUTH_bfaa595c6d824ce5a5015e1de8f5a4c4/gnocchi.16f0268e-d061-4b7c-be87-d3191f24b882/none_v3" "txaa7b24154d8747a3bf847-0069787f9f" "proxy-server 20" 0.0007 "-" 25 0
Jan 27 09:04:31 standalone proxy-server[129701]: 172.18.0.2 172.18.0.100 27/Jan/2026/09/04/31 GET /v1/AUTH_bfaa595c6d824ce5a5015e1de8f5a4c4/gnocchi.16f0268e-d061-4b7c-be87-d3191f24b882/none_v3 HTTP/1.0 404 - python-swiftclient-3.11.1 gAAAAABpeH8gAKX6... - 70 - txaa7b24154d8747a3bf847-0069787f9f - 0.0127 - - 1769504671.052917242 1769504671.065644979 0
Jan 27 09:04:31 standalone account-server[127396]: 172.20.0.100 - - [27/Jan/2026:09:04:31 +0000] "PUT /d1/168/AUTH_bfaa595c6d824ce5a5015e1de8f5a4c4/gnocchi.16f0268e-d061-4b7c-be87-d3191f24b882" 201 - "PUT http://172.20.0.100:6001/d1/83/AUTH_bfaa595c6d824ce5a5015e1de8f5a4c4/gnocchi.16f0268e-d061-4b7c-be87-d3191f24b882" "tx391fc12b0e014b3ba4c91-0069787f9f" "container-server 21" 0.0015 "-" 20 0
Jan 27 09:04:31 standalone container-server[127683]: 172.20.0.100 - - [27/Jan/2026:09:04:31 +0000] "PUT /d1/83/AUTH_bfaa595c6d824ce5a5015e1de8f5a4c4/gnocchi.16f0268e-d061-4b7c-be87-d3191f24b882" 201 - "PUT http://172.18.0.2:8080/v1/AUTH_bfaa595c6d824ce5a5015e1de8f5a4c4/gnocchi.16f0268e-d061-4b7c-be87-d3191f24b882" "tx391fc12b0e014b3ba4c91-0069787f9f" "proxy-server 20" 0.0172 "-" 21 0
Jan 27 09:04:31 standalone proxy-server[129701]: 172.18.0.2 172.18.0.100 27/Jan/2026/09/04/31 PUT /v1/AUTH_bfaa595c6d824ce5a5015e1de8f5a4c4/gnocchi.16f0268e-d061-4b7c-be87-d3191f24b882 HTTP/1.0 201 - python-swiftclient-3.11.1 gAAAAABpeH8gAKX6... - - - tx391fc12b0e014b3ba4c91-0069787f9f - 0.0222 - - 1769504671.068524122 1769504671.090738535 0
Jan 27 09:04:31 standalone container-server[127683]: 172.20.0.100 - - [27/Jan/2026:09:04:31 +0000] "HEAD /d1/83/AUTH_bfaa595c6d824ce5a5015e1de8f5a4c4/gnocchi.16f0268e-d061-4b7c-be87-d3191f24b882" 204 - "HEAD http://172.18.0.2:8080/v1/AUTH_bfaa595c6d824ce5a5015e1de8f5a4c4/gnocchi.16f0268e-d061-4b7c-be87-d3191f24b882?format=json&states=listing" "tx807320c7228745c296125-0069787f9f" "proxy-server 20" 0.0023 "-" 21 0
Jan 27 09:04:31 standalone proxy-server[129701]: - - 27/Jan/2026/09/04/31 HEAD /v1/AUTH_bfaa595c6d824ce5a5015e1de8f5a4c4/gnocchi.16f0268e-d061-4b7c-be87-d3191f24b882%3Fformat%3Djson%26states%3Dlisting HTTP/1.0 204 - Swift - - - - tx807320c7228745c296125-0069787f9f - 0.0073 RL - 1769504671.096713781 1769504671.104047775 0
Jan 27 09:04:31 standalone container-server[127690]: 172.20.0.100 - - [27/Jan/2026:09:04:31 +0000] "GET /d1/83/AUTH_bfaa595c6d824ce5a5015e1de8f5a4c4/gnocchi.16f0268e-d061-4b7c-be87-d3191f24b882" 200 2 "GET http://172.18.0.2:8080/v1/AUTH_bfaa595c6d824ce5a5015e1de8f5a4c4/gnocchi.16f0268e-d061-4b7c-be87-d3191f24b882?format=json&states=listing" "tx807320c7228745c296125-0069787f9f" "proxy-server 20" 0.0024 "-" 23 0
Jan 27 09:04:31 standalone proxy-server[129701]: 172.18.0.2 172.18.0.100 27/Jan/2026/09/04/31 GET /v1/AUTH_bfaa595c6d824ce5a5015e1de8f5a4c4/gnocchi.16f0268e-d061-4b7c-be87-d3191f24b882%3Fformat%3Djson%26states%3Dlisting HTTP/1.0 200 - python-swiftclient-3.11.1 gAAAAABpeH8gAKX6... - 2 - tx807320c7228745c296125-0069787f9f - 0.0186 - - 1769504671.094859600 1769504671.113412619 0
Jan 27 09:04:31 standalone object-server[127764]: 172.20.0.100 - - [27/Jan/2026:09:04:31 +0000] "GET /d1/721/AUTH_bfaa595c6d824ce5a5015e1de8f5a4c4/gnocchi.16f0268e-d061-4b7c-be87-d3191f24b882/1769040000.0_mean_300.0_v3" 404 70 "GET http://172.18.0.2:8080/v1/AUTH_bfaa595c6d824ce5a5015e1de8f5a4c4/gnocchi.16f0268e-d061-4b7c-be87-d3191f24b882/1769040000.0_mean_300.0_v3" "tx68a1ab9f199846bd9f87d-0069787f9f" "proxy-server 20" 0.0005 "-" 23 0
Jan 27 09:04:31 standalone proxy-server[129701]: 172.18.0.2 172.18.0.100 27/Jan/2026/09/04/31 GET /v1/AUTH_bfaa595c6d824ce5a5015e1de8f5a4c4/gnocchi.16f0268e-d061-4b7c-be87-d3191f24b882/1769040000.0_mean_300.0_v3 HTTP/1.0 404 - python-swiftclient-3.11.1 gAAAAABpeH8gAKX6... - 70 - tx68a1ab9f199846bd9f87d-0069787f9f - 0.0096 - - 1769504671.117442131 1769504671.126999378 0
Jan 27 09:04:31 standalone container-server[127683]: 172.20.0.100 - - [27/Jan/2026:09:04:31 +0000] "PUT /d1/83/AUTH_bfaa595c6d824ce5a5015e1de8f5a4c4/gnocchi.16f0268e-d061-4b7c-be87-d3191f24b882/1769040000.0_mean_300.0_v3" 201 - "PUT http://172.18.0.2:8080/d1/721/AUTH_bfaa595c6d824ce5a5015e1de8f5a4c4/gnocchi.16f0268e-d061-4b7c-be87-d3191f24b882/1769040000.0_mean_300.0_v3" "tx67908deddd1d49cd97680-0069787f9f" "object-server 24" 0.0009 "-" 21 0
Jan 27 09:04:31 standalone object-server[127765]: 172.20.0.100 - - [27/Jan/2026:09:04:31 +0000] "PUT /d1/721/AUTH_bfaa595c6d824ce5a5015e1de8f5a4c4/gnocchi.16f0268e-d061-4b7c-be87-d3191f24b882/1769040000.0_mean_300.0_v3" 201 - "PUT http://172.18.0.2:8080/v1/AUTH_bfaa595c6d824ce5a5015e1de8f5a4c4/gnocchi.16f0268e-d061-4b7c-be87-d3191f24b882/1769040000.0_mean_300.0_v3" "tx67908deddd1d49cd97680-0069787f9f" "proxy-server 20" 0.0122 "-" 24 0
