Dec 12 19:43:09 np0005557753.novalocal object-server[97402]: ::1 - - [13/Dec/2025:00:43:09 +0000] "PUT /1/95128/AUTH_afe588ce5e36492b94129e0538b6bb45/gnocchi.e611e1e0-3ae2-4e9e-8051-625d0fb25d30/1764720000.0_mean_300.0_v3" 201 - "PUT http://[::1]:8080/v1/AUTH_afe588ce5e36492b94129e0538b6bb45/gnocchi.e611e1e0-3ae2-4e9e-8051-625d0fb25d30/1764720000.0_mean_300.0_v3" "txd098b09d451d4d8bba2f2-00693cb69d" "proxy-server 90180" 0.0156 "-" 97402 0
Dec 12 19:43:09 np0005557753.novalocal container-server[97096]: ::1 - - [13/Dec/2025:00:43:09 +0000] "HEAD /2/161366/AUTH_afe588ce5e36492b94129e0538b6bb45/gnocchi.8533c657-7945-4ae7-8692-b08694a3b8d9" 404 - "HEAD http://[::1]:8080/v1/AUTH_afe588ce5e36492b94129e0538b6bb45/gnocchi.8533c657-7945-4ae7-8692-b08694a3b8d9?format=json&states=listing" "txc069d8c7522646929726a-00693cb69d" "proxy-server 90180" 0.0005 "-" 97096 0
Dec 12 19:43:09 np0005557753.novalocal object-server[97402]: ::1 - - [13/Dec/2025:00:43:09 +0000] "PUT /3/95128/AUTH_afe588ce5e36492b94129e0538b6bb45/gnocchi.e611e1e0-3ae2-4e9e-8051-625d0fb25d30/1764720000.0_mean_300.0_v3" 201 - "PUT http://[::1]:8080/v1/AUTH_afe588ce5e36492b94129e0538b6bb45/gnocchi.e611e1e0-3ae2-4e9e-8051-625d0fb25d30/1764720000.0_mean_300.0_v3" "txd098b09d451d4d8bba2f2-00693cb69d" "proxy-server 90180" 0.0186 "-" 97402 0
Dec 12 19:43:09 np0005557753.novalocal proxy-server[90180]: ::1 ::1 13/Dec/2025/00/43/09 PUT /v1/AUTH_afe588ce5e36492b94129e0538b6bb45/gnocchi.e611e1e0-3ae2-4e9e-8051-625d0fb25d30/1764720000.0_mean_300.0_v3 HTTP/1.0 201 - python-swiftclient-4.2.0 gAAAAABpPLaCrEYT... 16 - - txd098b09d451d4d8bba2f2-00693cb69d - 0.0274 - - 1765586589.956116915 1765586589.983514071 0
Dec 12 19:43:09 np0005557753.novalocal object-server[97402]: ::1 - - [13/Dec/2025:00:43:09 +0000] "GET /2/198309/AUTH_afe588ce5e36492b94129e0538b6bb45/gnocchi.8533c657-7945-4ae7-8692-b08694a3b8d9/none_v3" 404 70 "GET http://[::1]:8080/v1/AUTH_afe588ce5e36492b94129e0538b6bb45/gnocchi.8533c657-7945-4ae7-8692-b08694a3b8d9/none_v3" "txc069d8c7522646929726a-00693cb69d" "proxy-server 90180" 0.0005 "-" 97402 0
Dec 12 19:43:09 np0005557753.novalocal object-server[97399]: ::1 - - [13/Dec/2025:00:43:09 +0000] "GET /1/198309/AUTH_afe588ce5e36492b94129e0538b6bb45/gnocchi.8533c657-7945-4ae7-8692-b08694a3b8d9/none_v3" 404 70 "GET http://[::1]:8080/v1/AUTH_afe588ce5e36492b94129e0538b6bb45/gnocchi.8533c657-7945-4ae7-8692-b08694a3b8d9/none_v3" "txc069d8c7522646929726a-00693cb69d" "proxy-server 90180" 0.0002 "-" 97399 0
Dec 12 19:43:09 np0005557753.novalocal object-server[97400]: ::1 - - [13/Dec/2025:00:43:09 +0000] "GET /3/198309/AUTH_afe588ce5e36492b94129e0538b6bb45/gnocchi.8533c657-7945-4ae7-8692-b08694a3b8d9/none_v3" 404 70 "GET http://[::1]:8080/v1/AUTH_afe588ce5e36492b94129e0538b6bb45/gnocchi.8533c657-7945-4ae7-8692-b08694a3b8d9/none_v3" "txc069d8c7522646929726a-00693cb69d" "proxy-server 90180" 0.0006 "-" 97400 0
Dec 12 19:43:09 np0005557753.novalocal proxy-server[90180]: ::1 ::1 13/Dec/2025/00/43/09 GET /v1/AUTH_afe588ce5e36492b94129e0538b6bb45/gnocchi.8533c657-7945-4ae7-8692-b08694a3b8d9/none_v3 HTTP/1.0 404 - python-swiftclient-4.2.0 gAAAAABpPLaCpY4p... - 70 - txc069d8c7522646929726a-00693cb69d - 0.0274 - - 1765586589.972214460 1765586589.999612331 0
Dec 12 19:43:10 np0005557753.novalocal container-server[97099]: ::1 - - [13/Dec/2025:00:43:10 +0000] "PUT /1/140961/AUTH_afe588ce5e36492b94129e0538b6bb45/gnocchi.e611e1e0-3ae2-4e9e-8051-625d0fb25d30/none_v3" 201 - "PUT http://[::1]:8080/3/167287/AUTH_afe588ce5e36492b94129e0538b6bb45/gnocchi.e611e1e0-3ae2-4e9e-8051-625d0fb25d30/none_v3" "txa58b67bf4cd841c191a4f-00693cb69d" "object-server 97402" 0.0006 "-" 97099 0
Dec 12 19:43:10 np0005557753.novalocal object-server[97402]: ::1 - - [13/Dec/2025:00:43:10 +0000] "PUT /3/167287/AUTH_afe588ce5e36492b94129e0538b6bb45/gnocchi.e611e1e0-3ae2-4e9e-8051-625d0fb25d30/none_v3" 201 - "PUT http://[::1]:8080/v1/AUTH_afe588ce5e36492b94129e0538b6bb45/gnocchi.e611e1e0-3ae2-4e9e-8051-625d0fb25d30/none_v3" "txa58b67bf4cd841c191a4f-00693cb69d" "proxy-server 90180" 0.0126 "-" 97402 0
Dec 12 19:43:10 np0005557753.novalocal container-server[97099]: ::1 - - [13/Dec/2025:00:43:10 +0000] "PUT /3/140961/AUTH_afe588ce5e36492b94129e0538b6bb45/gnocchi.e611e1e0-3ae2-4e9e-8051-625d0fb25d30/none_v3" 201 - "PUT http://[::1]:8080/1/167287/AUTH_afe588ce5e36492b94129e0538b6bb45/gnocchi.e611e1e0-3ae2-4e9e-8051-625d0fb25d30/none_v3" "txa58b67bf4cd841c191a4f-00693cb69d" "object-server 97399" 0.0005 "-" 97099 0
Dec 12 19:43:10 np0005557753.novalocal object-server[97399]: ::1 - - [13/Dec/2025:00:43:10 +0000] "PUT /1/167287/AUTH_afe588ce5e36492b94129e0538b6bb45/gnocchi.e611e1e0-3ae2-4e9e-8051-625d0fb25d30/none_v3" 201 - "PUT http://[::1]:8080/v1/AUTH_afe588ce5e36492b94129e0538b6bb45/gnocchi.e611e1e0-3ae2-4e9e-8051-625d0fb25d30/none_v3" "txa58b67bf4cd841c191a4f-00693cb69d" "proxy-server 90180" 0.0139 "-" 97399 0
Dec 12 19:43:10 np0005557753.novalocal container-server[97099]: ::1 - - [13/Dec/2025:00:43:10 +0000] "PUT /2/140961/AUTH_afe588ce5e36492b94129e0538b6bb45/gnocchi.e611e1e0-3ae2-4e9e-8051-625d0fb25d30/none_v3" 201 - "PUT http://[::1]:8080/2/167287/AUTH_afe588ce5e36492b94129e0538b6bb45/gnocchi.e611e1e0-3ae2-4e9e-8051-625d0fb25d30/none_v3" "txa58b67bf4cd841c191a4f-00693cb69d" "object-server 97401" 0.0005 "-" 97099 0
Dec 12 19:43:10 np0005557753.novalocal object-server[97401]: ::1 - - [13/Dec/2025:00:43:10 +0000] "PUT /2/167287/AUTH_afe588ce5e36492b94129e0538b6bb45/gnocchi.e611e1e0-3ae2-4e9e-8051-625d0fb25d30/none_v3" 201 - "PUT http://[::1]:8080/v1/AUTH_afe588ce5e36492b94129e0538b6bb45/gnocchi.e611e1e0-3ae2-4e9e-8051-625d0fb25d30/none_v3" "txa58b67bf4cd841c191a4f-00693cb69d" "proxy-server 90180" 0.0205 "-" 97401 0
Dec 12 19:43:10 np0005557753.novalocal proxy-server[90180]: ::1 ::1 13/Dec/2025/00/43/10 PUT /v1/AUTH_afe588ce5e36492b94129e0538b6bb45/gnocchi.e611e1e0-3ae2-4e9e-8051-625d0fb25d30/none_v3 HTTP/1.0 201 - python-swiftclient-4.2.0 gAAAAABpPLaCrEYT... 22 - - txa58b67bf4cd841c191a4f-00693cb69d - 0.0277 - - 1765586589.986267567 1765586590.013956308 0
Dec 12 19:43:10 np0005557753.novalocal account-server[96802]: ::1 - - [13/Dec/2025:00:43:10 +0000] "PUT /1/105149/AUTH_afe588ce5e36492b94129e0538b6bb45/gnocchi.8533c657-7945-4ae7-8692-b08694a3b8d9" 201 - "PUT http://[::1]:6001/1/161366/AUTH_afe588ce5e36492b94129e0538b6bb45/gnocchi.8533c657-7945-4ae7-8692-b08694a3b8d9" "tx769aa13015984a078dab1-00693cb69e" "container-server 97096" 0.0038 "-" 96802 0
Dec 12 19:43:10 np0005557753.novalocal container-server[97096]: ::1 - - [13/Dec/2025:00:43:10 +0000] "PUT /1/161366/AUTH_afe588ce5e36492b94129e0538b6bb45/gnocchi.8533c657-7945-4ae7-8692-b08694a3b8d9" 201 - "PUT http://[::1]:8080/v1/AUTH_afe588ce5e36492b94129e0538b6bb45/gnocchi.8533c657-7945-4ae7-8692-b08694a3b8d9" "tx769aa13015984a078dab1-00693cb69e" "proxy-server 90180" 0.0180 "-" 97096 0
Dec 12 19:43:10 np0005557753.novalocal account-server[96804]: ::1 - - [13/Dec/2025:00:43:10 +0000] "PUT /2/105149/AUTH_afe588ce5e36492b94129e0538b6bb45/gnocchi.8533c657-7945-4ae7-8692-b08694a3b8d9" 201 - "PUT http://[::1]:6001/2/161366/AUTH_afe588ce5e36492b94129e0538b6bb45/gnocchi.8533c657-7945-4ae7-8692-b08694a3b8d9" "tx769aa13015984a078dab1-00693cb69e" "container-server 97097" 0.0037 "-" 96804 0
Dec 12 19:43:10 np0005557753.novalocal container-server[97097]: ::1 - - [13/Dec/2025:00:43:10 +0000] "HEAD /3/121636/AUTH_afe588ce5e36492b94129e0538b6bb45/gnocchi.55b26d6e-39c4-41ce-a866-28fb1962e1e8" 404 - "HEAD http://[::1]:8080/v1/AUTH_afe588ce5e36492b94129e0538b6bb45/gnocchi.55b26d6e-39c4-41ce-a866-28fb1962e1e8?format=json&states=listing" "tx6be8e606142a4a6380125-00693cb69e" "proxy-server 90180" 0.0017 "-" 97097 0
Dec 12 19:43:10 np0005557753.novalocal container-server[97097]: ::1 - - [13/Dec/2025:00:43:10 +0000] "PUT /2/161366/AUTH_afe588ce5e36492b94129e0538b6bb45/gnocchi.8533c657-7945-4ae7-8692-b08694a3b8d9" 201 - "PUT http://[::1]:8080/v1/AUTH_afe588ce5e36492b94129e0538b6bb45/gnocchi.8533c657-7945-4ae7-8692-b08694a3b8d9" "tx769aa13015984a078dab1-00693cb69e" "proxy-server 90180" 0.0163 "-" 97097 0
Dec 12 19:43:10 np0005557753.novalocal container-server[97097]: ::1 - - [13/Dec/2025:00:43:10 +0000] "HEAD /2/121636/AUTH_afe588ce5e36492b94129e0538b6bb45/gnocchi.55b26d6e-39c4-41ce-a866-28fb1962e1e8" 404 - "HEAD http://[::1]:8080/v1/AUTH_afe588ce5e36492b94129e0538b6bb45/gnocchi.55b26d6e-39c4-41ce-a866-28fb1962e1e8?format=json&states=listing" "tx6be8e606142a4a6380125-00693cb69e" "proxy-server 90180" 0.0003 "-" 97097 0
Dec 12 19:43:10 np0005557753.novalocal account-server[96805]: ::1 - - [13/Dec/2025:00:43:10 +0000] "PUT /3/105149/AUTH_afe588ce5e36492b94129e0538b6bb45/gnocchi.8533c657-7945-4ae7-8692-b08694a3b8d9" 201 - "PUT http://[::1]:6001/3/161366/AUTH_afe588ce5e36492b94129e0538b6bb45/gnocchi.8533c657-7945-4ae7-8692-b08694a3b8d9" "tx769aa13015984a078dab1-00693cb69e" "container-server 97097" 0.0068 "-" 96805 0
Dec 12 19:43:10 np0005557753.novalocal container-server[97096]: ::1 - - [13/Dec/2025:00:43:10 +0000] "HEAD /1/121636/AUTH_afe588ce5e36492b94129e0538b6bb45/gnocchi.55b26d6e-39c4-41ce-a866-28fb1962e1e8" 404 - "HEAD http://[::1]:8080/v1/AUTH_afe588ce5e36492b94129e0538b6bb45/gnocchi.55b26d6e-39c4-41ce-a866-28fb1962e1e8?format=json&states=listing" "tx6be8e606142a4a6380125-00693cb69e" "proxy-server 90180" 0.0008 "-" 97096 0
Dec 12 19:43:10 np0005557753.novalocal container-server[97097]: ::1 - - [13/Dec/2025:00:43:10 +0000] "PUT /3/161366/AUTH_afe588ce5e36492b94129e0538b6bb45/gnocchi.8533c657-7945-4ae7-8692-b08694a3b8d9" 201 - "PUT http://[::1]:8080/v1/AUTH_afe588ce5e36492b94129e0538b6bb45/gnocchi.8533c657-7945-4ae7-8692-b08694a3b8d9" "tx769aa13015984a078dab1-00693cb69e" "proxy-server 90180" 0.0330 "-" 97097 0
Dec 12 19:43:10 np0005557753.novalocal proxy-server[90180]: ::1 ::1 13/Dec/2025/00/43/10 PUT /v1/AUTH_afe588ce5e36492b94129e0538b6bb45/gnocchi.8533c657-7945-4ae7-8692-b08694a3b8d9 HTTP/1.0 201 - python-swiftclient-4.2.0 gAAAAABpPLaCpY4p... - - - tx769aa13015984a078dab1-00693cb69e - 0.0405 - - 1765586590.002053261 1765586590.042508602 0
Dec 12 19:43:10 np0005557753.novalocal object-server[97400]: ::1 - - [13/Dec/2025:00:43:10 +0000] "GET /1/171891/AUTH_afe588ce5e36492b94129e0538b6bb45/gnocchi.55b26d6e-39c4-41ce-a866-28fb1962e1e8/none_v3" 404 70 "GET http://[::1]:8080/v1/AUTH_afe588ce5e36492b94129e0538b6bb45/gnocchi.55b26d6e-39c4-41ce-a866-28fb1962e1e8/none_v3" "tx6be8e606142a4a6380125-00693cb69e" "proxy-server 90180" 0.0005 "-" 97400 0
Dec 12 19:43:10 np0005557753.novalocal container-server[97099]: ::1 - - [13/Dec/2025:00:43:10 +0000] "HEAD /3/161366/AUTH_afe588ce5e36492b94129e0538b6bb45/gnocchi.8533c657-7945-4ae7-8692-b08694a3b8d9" 204 - "HEAD http://[::1]:8080/v1/AUTH_afe588ce5e36492b94129e0538b6bb45/gnocchi.8533c657-7945-4ae7-8692-b08694a3b8d9?format=json&states=listing" "tx32c0ab785e634a66b9cf0-00693cb69e" "proxy-server 90180" 0.0015 "-" 97099 0
Dec 12 19:43:10 np0005557753.novalocal object-server[97402]: ::1 - - [13/Dec/2025:00:43:10 +0000] "GET /3/171891/AUTH_afe588ce5e36492b94129e0538b6bb45/gnocchi.55b26d6e-39c4-41ce-a866-28fb1962e1e8/none_v3" 404 70 "GET http://[::1]:8080/v1/AUTH_afe588ce5e36492b94129e0538b6bb45/gnocchi.55b26d6e-39c4-41ce-a866-28fb1962e1e8/none_v3" "tx6be8e606142a4a6380125-00693cb69e" "proxy-server 90180" 0.0005 "-" 97402 0
Dec 12 19:43:10 np0005557753.novalocal object-server[97401]: ::1 - - [13/Dec/2025:00:43:10 +0000] "GET /2/171891/AUTH_afe588ce5e36492b94129e0538b6bb45/gnocchi.55b26d6e-39c4-41ce-a866-28fb1962e1e8/none_v3" 404 70 "GET http://[::1]:8080/v1/AUTH_afe588ce5e36492b94129e0538b6bb45/gnocchi.55b26d6e-39c4-41ce-a866-28fb1962e1e8/none_v3" "tx6be8e606142a4a6380125-00693cb69e" "proxy-server 90180" 0.0005 "-" 97401 0
Dec 12 19:43:10 np0005557753.novalocal proxy-server[90180]: ::1 ::1 13/Dec/2025/00/43/10 GET /v1/AUTH_afe588ce5e36492b94129e0538b6bb45/gnocchi.55b26d6e-39c4-41ce-a866-28fb1962e1e8/none_v3 HTTP/1.0 404 - python-swiftclient-4.2.0 gAAAAABpPLaCrEYT... - 70 - tx6be8e606142a4a6380125-00693cb69e - 0.0339 - - 1765586590.025410652 1765586590.059326172 0
Dec 12 19:43:10 np0005557753.novalocal container-server[97096]: ::1 - - [13/Dec/2025:00:43:10 +0000] "GET /3/161366/AUTH_afe588ce5e36492b94129e0538b6bb45/gnocchi.8533c657-7945-4ae7-8692-b08694a3b8d9" 200 2 "GET http://[::1]:8080/v1/AUTH_afe588ce5e36492b94129e0538b6bb45/gnocchi.8533c657-7945-4ae7-8692-b08694a3b8d9?format=json&states=listing" "tx32c0ab785e634a66b9cf0-00693cb69e" "proxy-server 90180" 0.0043 "-" 97096 0
Dec 12 19:43:10 np0005557753.novalocal proxy-server[90180]: ::1 ::1 13/Dec/2025/00/43/10 GET /v1/AUTH_afe588ce5e36492b94129e0538b6bb45/gnocchi.8533c657-7945-4ae7-8692-b08694a3b8d9%3Fformat%3Djson%26states%3Dlisting HTTP/1.0 200 - python-swiftclient-4.2.0 gAAAAABpPLaCpY4p... - 2 - tx32c0ab785e634a66b9cf0-00693cb69e - 0.0158 - - 1765586590.045766592 1765586590.061606646 0
Dec 12 19:43:10 np0005557753.novalocal object-server[97402]: ::1 - - [13/Dec/2025:00:43:10 +0000] "GET /3/104455/AUTH_afe588ce5e36492b94129e0538b6bb45/gnocchi.8533c657-7945-4ae7-8692-b08694a3b8d9/1764720000.0_mean_300.0_v3" 404 70 "GET http://[::1]:8080/v1/AUTH_afe588ce5e36492b94129e0538b6bb45/gnocchi.8533c657-7945-4ae7-8692-b08694a3b8d9/1764720000.0_mean_300.0_v3" "tx05c1d6fb95124d579bf7f-00693cb69e" "proxy-server 90180" 0.0003 "-" 97402 0
Dec 12 19:43:10 np0005557753.novalocal object-server[97401]: ::1 - - [13/Dec/2025:00:43:10 +0000] "GET /2/104455/AUTH_afe588ce5e36492b94129e0538b6bb45/gnocchi.8533c657-7945-4ae7-8692-b08694a3b8d9/1764720000.0_mean_300.0_v3" 404 70 "GET http://[::1]:8080/v1/AUTH_afe588ce5e36492b94129e0538b6bb45/gnocchi.8533c657-7945-4ae7-8692-b08694a3b8d9/1764720000.0_mean_300.0_v3" "tx05c1d6fb95124d579bf7f-00693cb69e" "proxy-server 90180" 0.0003 "-" 97401 0
Dec 12 19:43:10 np0005557753.novalocal object-server[97400]: ::1 - - [13/Dec/2025:00:43:10 +0000] "GET /1/104455/AUTH_afe588ce5e36492b94129e0538b6bb45/gnocchi.8533c657-7945-4ae7-8692-b08694a3b8d9/1764720000.0_mean_300.0_v3" 404 70 "GET http://[::1]:8080/v1/AUTH_afe588ce5e36492b94129e0538b6bb45/gnocchi.8533c657-7945-4ae7-8692-b08694a3b8d9/1764720000.0_mean_300.0_v3" "tx05c1d6fb95124d579bf7f-00693cb69e" "proxy-server 90180" 0.0004 "-" 97400 0
Dec 12 19:43:10 np0005557753.novalocal proxy-server[90180]: ::1 ::1 13/Dec/2025/00/43/10 GET /v1/AUTH_afe588ce5e36492b94129e0538b6bb45/gnocchi.8533c657-7945-4ae7-8692-b08694a3b8d9/1764720000.0_mean_300.0_v3 HTTP/1.0 404 - python-swiftclient-4.2.0 gAAAAABpPLaCpY4p... - 70 - tx05c1d6fb95124d579bf7f-00693cb69e - 0.0092 - - 1765586590.065854549 1765586590.075039148 0
Dec 12 19:43:10 np0005557753.novalocal account-server[96804]: ::1 - - [13/Dec/2025:00:43:10 +0000] "PUT /3/105149/AUTH_afe588ce5e36492b94129e0538b6bb45/gnocchi.55b26d6e-39c4-41ce-a866-28fb1962e1e8" 201 - "PUT http://[::1]:6001/2/121636/AUTH_afe588ce5e36492b94129e0538b6bb45/gnocchi.55b26d6e-39c4-41ce-a866-28fb1962e1e8" "tx44429f69d3514a4f9775e-00693cb69e" "container-server 97096" 0.0042 "-" 96804 0
Dec 12 19:43:10 np0005557753.novalocal container-server[97096]: ::1 - - [13/Dec/2025:00:43:10 +0000] "PUT /2/121636/AUTH_afe588ce5e36492b94129e0538b6bb45/gnocchi.55b26d6e-39c4-41ce-a866-28fb1962e1e8" 201 - "PUT http://[::1]:8080/v1/AUTH_afe588ce5e36492b94129e0538b6bb45/gnocchi.55b26d6e-39c4-41ce-a866-28fb1962e1e8" "tx44429f69d3514a4f9775e-00693cb69e" "proxy-server 90180" 0.0176 "-" 97096 0
Dec 12 19:43:10 np0005557753.novalocal account-server[96803]: ::1 - - [13/Dec/2025:00:43:10 +0000] "PUT /2/105149/AUTH_afe588ce5e36492b94129e0538b6bb45/gnocchi.55b26d6e-39c4-41ce-a866-28fb1962e1e8" 201 - "PUT http://[::1]:6001/3/121636/AUTH_afe588ce5e36492b94129e0538b6bb45/gnocchi.55b26d6e-39c4-41ce-a866-28fb1962e1e8" "tx44429f69d3514a4f9775e-00693cb69e" "container-server 97097" 0.0055 "-" 96803 0
Dec 12 19:43:10 np0005557753.novalocal container-server[97099]: ::1 - - [13/Dec/2025:00:43:10 +0000] "PUT /3/161366/AUTH_afe588ce5e36492b94129e0538b6bb45/gnocchi.8533c657-7945-4ae7-8692-b08694a3b8d9/1764720000.0_mean_300.0_v3" 201 - "PUT http://[::1]:8080/2/104455/AUTH_afe588ce5e36492b94129e0538b6bb45/gnocchi.8533c657-7945-4ae7-8692-b08694a3b8d9/1764720000.0_mean_300.0_v3" "tx57c245c316874710a463b-00693cb69e" "object-server 97401" 0.0007 "-" 97099 0
Dec 12 19:43:10 np0005557753.novalocal container-server[97096]: ::1 - - [13/Dec/2025:00:43:10 +0000] "PUT /2/161366/AUTH_afe588ce5e36492b94129e0538b6bb45/gnocchi.8533c657-7945-4ae7-8692-b08694a3b8d9/1764720000.0_mean_300.0_v3" 201 - "PUT http://[::1]:8080/1/104455/AUTH_afe588ce5e36492b94129e0538b6bb45/gnocchi.8533c657-7945-4ae7-8692-b08694a3b8d9/1764720000.0_mean_300.0_v3" "tx57c245c316874710a463b-00693cb69e" "object-server 97399" 0.0011 "-" 97096 0
Dec 12 19:43:10 np0005557753.novalocal object-server[97401]: ::1 - - [13/Dec/2025:00:43:10 +0000] "PUT /2/104455/AUTH_afe588ce5e36492b94129e0538b6bb45/gnocchi.8533c657-7945-4ae7-8692-b08694a3b8d9/1764720000.0_mean_300.0_v3" 201 - "PUT http://[::1]:8080/v1/AUTH_afe588ce5e36492b94129e0538b6bb45/gnocchi.8533c657-7945-4ae7-8692-b08694a3b8d9/1764720000.0_mean_300.0_v3" "tx57c245c316874710a463b-00693cb69e" "proxy-server 90180" 0.0117 "-" 97401 0
Dec 12 19:43:10 np0005557753.novalocal container-server[97098]: ::1 - - [13/Dec/2025:00:43:10 +0000] "PUT /1/161366/AUTH_afe588ce5e36492b94129e0538b6bb45/gnocchi.8533c657-7945-4ae7-8692-b08694a3b8d9/1764720000.0_mean_300.0_v3" 201 - "PUT http://[::1]:8080/3/104455/AUTH_afe588ce5e36492b94129e0538b6bb45/gnocchi.8533c657-7945-4ae7-8692-b08694a3b8d9/1764720000.0_mean_300.0_v3" "tx57c245c316874710a463b-00693cb69e" "object-server 97401" 0.0007 "-" 97098 0
Dec 12 19:43:10 np0005557753.novalocal object-server[97401]: ::1 - - [13/Dec/2025:00:43:10 +0000] "PUT /3/104455/AUTH_afe588ce5e36492b94129e0538b6bb45/gnocchi.8533c657-7945-4ae7-8692-b08694a3b8d9/1764720000.0_mean_300.0_v3" 201 - "PUT http://[::1]:8080/v1/AUTH_afe588ce5e36492b94129e0538b6bb45/gnocchi.8533c657-7945-4ae7-8692-b08694a3b8d9/1764720000.0_mean_300.0_v3" "tx57c245c316874710a463b-00693cb69e" "proxy-server 90180" 0.0161 "-" 97401 0
Dec 12 19:43:10 np0005557753.novalocal account-server[96805]: ::1 - - [13/Dec/2025:00:43:10 +0000] "PUT /1/105149/AUTH_afe588ce5e36492b94129e0538b6bb45/gnocchi.55b26d6e-39c4-41ce-a866-28fb1962e1e8" 201 - "PUT http://[::1]:6001/1/121636/AUTH_afe588ce5e36492b94129e0538b6bb45/gnocchi.55b26d6e-39c4-41ce-a866-28fb1962e1e8" "tx44429f69d3514a4f9775e-00693cb69e" "container-server 97097" 0.0053 "-" 96805 0
Dec 12 19:43:10 np0005557753.novalocal object-server[97399]: ::1 - - [13/Dec/2025:00:43:10 +0000] "PUT /1/104455/AUTH_afe588ce5e36492b94129e0538b6bb45/gnocchi.8533c657-7945-4ae7-8692-b08694a3b8d9/1764720000.0_mean_300.0_v3" 201 - "PUT http://[::1]:8080/v1/AUTH_afe588ce5e36492b94129e0538b6bb45/gnocchi.8533c657-7945-4ae7-8692-b08694a3b8d9/1764720000.0_mean_300.0_v3" "tx57c245c316874710a463b-00693cb69e" "proxy-server 90180" 0.0162 "-" 97399 0
Dec 12 19:43:10 np0005557753.novalocal container-server[97097]: ::1 - - [13/Dec/2025:00:43:10 +0000] "PUT /3/121636/AUTH_afe588ce5e36492b94129e0538b6bb45/gnocchi.55b26d6e-39c4-41ce-a866-28fb1962e1e8" 201 - "PUT http://[::1]:8080/v1/AUTH_afe588ce5e36492b94129e0538b6bb45/gnocchi.55b26d6e-39c4-41ce-a866-28fb1962e1e8" "tx44429f69d3514a4f9775e-00693cb69e" "proxy-server 90180" 0.0293 "-" 97097 0
Dec 12 19:43:10 np0005557753.novalocal proxy-server[90180]: ::1 ::1 13/Dec/2025/00/43/10 PUT /v1/AUTH_afe588ce5e36492b94129e0538b6bb45/gnocchi.8533c657-7945-4ae7-8692-b08694a3b8d9/1764720000.0_mean_300.0_v3 HTTP/1.0 201 - python-swiftclient-4.2.0 gAAAAABpPLaCpY4p... 16 - - tx57c245c316874710a463b-00693cb69e - 0.0225 - - 1765586590.076851130 1765586590.099325418 0
Dec 12 19:43:10 np0005557753.novalocal container-server[97097]: ::1 - - [13/Dec/2025:00:43:10 +0000] "PUT /1/121636/AUTH_afe588ce5e36492b94129e0538b6bb45/gnocchi.55b26d6e-39c4-41ce-a866-28fb1962e1e8" 201 - "PUT http://[::1]:8080/v1/AUTH_afe588ce5e36492b94129e0538b6bb45/gnocchi.55b26d6e-39c4-41ce-a866-28fb1962e1e8" "tx44429f69d3514a4f9775e-00693cb69e" "proxy-server 90180" 0.0226 "-" 97097 0
Dec 12 19:43:10 np0005557753.novalocal proxy-server[90180]: ::1 ::1 13/Dec/2025/00/43/10 PUT /v1/AUTH_afe588ce5e36492b94129e0538b6bb45/gnocchi.55b26d6e-39c4-41ce-a866-28fb1962e1e8 HTTP/1.0 201 - python-swiftclient-4.2.0 gAAAAABpPLaCrEYT... - - - tx44429f69d3514a4f9775e-00693cb69e - 0.0394 - - 1765586590.062345505 1765586590.101789951 0
Dec 12 19:43:10 np0005557753.novalocal container-server[97099]: ::1 - - [13/Dec/2025:00:43:10 +0000] "HEAD /1/121636/AUTH_afe588ce5e36492b94129e0538b6bb45/gnocchi.55b26d6e-39c4-41ce-a866-28fb1962e1e8" 204 - "HEAD http://[::1]:8080/v1/AUTH_afe588ce5e36492b94129e0538b6bb45/gnocchi.55b26d6e-39c4-41ce-a866-28fb1962e1e8?format=json&states=listing" "tx41be439ef4a54f1db5cf1-00693cb69e" "proxy-server 90180" 0.0016 "-" 97099 0
Dec 12 19:43:10 np0005557753.novalocal container-server[97099]: ::1 - - [13/Dec/2025:00:43:10 +0000] "PUT /2/161366/AUTH_afe588ce5e36492b94129e0538b6bb45/gnocchi.8533c657-7945-4ae7-8692-b08694a3b8d9/none_v3" 201 - "PUT http://[::1]:8080/2/198309/AUTH_afe588ce5e36492b94129e0538b6bb45/gnocchi.8533c657-7945-4ae7-8692-b08694a3b8d9/none_v3" "tx53ee419af18d46b1ae241-00693cb69e" "object-server 97402" 0.0004 "-" 97099 0
Dec 12 19:43:10 np0005557753.novalocal container-server[97097]: ::1 - - [13/Dec/2025:00:43:10 +0000] "GET /3/121636/AUTH_afe588ce5e36492b94129e0538b6bb45/gnocchi.55b26d6e-39c4-41ce-a866-28fb1962e1e8" 200 2 "GET http://[::1]:8080/v1/AUTH_afe588ce5e36492b94129e0538b6bb45/gnocchi.55b26d6e-39c4-41ce-a866-28fb1962e1e8?format=json&states=listing" "tx41be439ef4a54f1db5cf1-00693cb69e" "proxy-server 90180" 0.0031 "-" 97097 0
Dec 12 19:43:10 np0005557753.novalocal object-server[97402]: ::1 - - [13/Dec/2025:00:43:10 +0000] "PUT /2/198309/AUTH_afe588ce5e36492b94129e0538b6bb45/gnocchi.8533c657-7945-4ae7-8692-b08694a3b8d9/none_v3" 201 - "PUT http://[::1]:8080/v1/AUTH_afe588ce5e36492b94129e0538b6bb45/gnocchi.8533c657-7945-4ae7-8692-b08694a3b8d9/none_v3" "tx53ee419af18d46b1ae241-00693cb69e" "proxy-server 90180" 0.0120 "-" 97402 0
Dec 12 19:43:10 np0005557753.novalocal container-server[97097]: ::1 - - [13/Dec/2025:00:43:10 +0000] "PUT /1/161366/AUTH_afe588ce5e36492b94129e0538b6bb45/gnocchi.8533c657-7945-4ae7-8692-b08694a3b8d9/none_v3" 201 - "PUT http://[::1]:8080/3/198309/AUTH_afe588ce5e36492b94129e0538b6bb45/gnocchi.8533c657-7945-4ae7-8692-b08694a3b8d9/none_v3" "tx53ee419af18d46b1ae241-00693cb69e" "object-server 97401" 0.0005 "-" 97097 0
Dec 12 19:43:10 np0005557753.novalocal proxy-server[90180]: ::1 ::1 13/Dec/2025/00/43/10 GET /v1/AUTH_afe588ce5e36492b94129e0538b6bb45/gnocchi.55b26d6e-39c4-41ce-a866-28fb1962e1e8%3Fformat%3Djson%26states%3Dlisting HTTP/1.0 200 - python-swiftclient-4.2.0 gAAAAABpPLaCrEYT... - 2 - tx41be439ef4a54f1db5cf1-00693cb69e - 0.0187 - - 1765586590.105271339 1765586590.123987675 0
Dec 12 19:43:10 np0005557753.novalocal object-server[97401]: ::1 - - [13/Dec/2025:00:43:10 +0000] "PUT /3/198309/AUTH_afe588ce5e36492b94129e0538b6bb45/gnocchi.8533c657-7945-4ae7-8692-b08694a3b8d9/none_v3" 201 - "PUT http://[::1]:8080/v1/AUTH_afe588ce5e36492b94129e0538b6bb45/gnocchi.8533c657-7945-4ae7-8692-b08694a3b8d9/none_v3" "tx53ee419af18d46b1ae241-00693cb69e" "proxy-server 90180" 0.0134 "-" 97401 0
Dec 12 19:43:10 np0005557753.novalocal container-server[97096]: ::1 - - [13/Dec/2025:00:43:10 +0000] "PUT /3/161366/AUTH_afe588ce5e36492b94129e0538b6bb45/gnocchi.8533c657-7945-4ae7-8692-b08694a3b8d9/none_v3" 201 - "PUT http://[::1]:8080/1/198309/AUTH_afe588ce5e36492b94129e0538b6bb45/gnocchi.8533c657-7945-4ae7-8692-b08694a3b8d9/none_v3" "tx53ee419af18d46b1ae241-00693cb69e" "object-server 97401" 0.0010 "-" 97096 0
Dec 12 19:43:10 np0005557753.novalocal object-server[97401]: ::1 - - [13/Dec/2025:00:43:10 +0000] "PUT /1/198309/AUTH_afe588ce5e36492b94129e0538b6bb45/gnocchi.8533c657-7945-4ae7-8692-b08694a3b8d9/none_v3" 201 - "PUT http://[::1]:8080/v1/AUTH_afe588ce5e36492b94129e0538b6bb45/gnocchi.8533c657-7945-4ae7-8692-b08694a3b8d9/none_v3" "tx53ee419af18d46b1ae241-00693cb69e" "proxy-server 90180" 0.0136 "-" 97401 0
Dec 12 19:43:10 np0005557753.novalocal proxy-server[90180]: ::1 ::1 13/Dec/2025/00/43/10 PUT /v1/AUTH_afe588ce5e36492b94129e0538b6bb45/gnocchi.8533c657-7945-4ae7-8692-b08694a3b8d9/none_v3 HTTP/1.0 201 - python-swiftclient-4.2.0 gAAAAABpPLaCpY4p... 22 - - tx53ee419af18d46b1ae241-00693cb69e - 0.0249 - - 1765586590.101471424 1765586590.126336336 0
Dec 12 19:43:10 np0005557753.novalocal object-server[97402]: ::1 - - [13/Dec/2025:00:43:10 +0000] "GET /2/224066/AUTH_afe588ce5e36492b94129e0538b6bb45/gnocchi.55b26d6e-39c4-41ce-a866-28fb1962e1e8/1764720000.0_mean_300.0_v3" 404 70 "GET http://[::1]:8080/v1/AUTH_afe588ce5e36492b94129e0538b6bb45/gnocchi.55b26d6e-39c4-41ce-a866-28fb1962e1e8/1764720000.0_mean_300.0_v3" "tx1c668e0c4beb4c77889d3-00693cb69e" "proxy-server 90180" 0.0003 "-" 97402 0
Dec 12 19:43:10 np0005557753.novalocal object-server[97400]: ::1 - - [13/Dec/2025:00:43:10 +0000] "GET /3/224066/AUTH_afe588ce5e36492b94129e0538b6bb45/gnocchi.55b26d6e-39c4-41ce-a866-28fb1962e1e8/1764720000.0_mean_300.0_v3" 404 70 "GET http://[::1]:8080/v1/AUTH_afe588ce5e36492b94129e0538b6bb45/gnocchi.55b26d6e-39c4-41ce-a866-28fb1962e1e8/1764720000.0_mean_300.0_v3" "tx1c668e0c4beb4c77889d3-00693cb69e" "proxy-server 90180" 0.0004 "-" 97400 0
Dec 12 19:43:10 np0005557753.novalocal object-server[97402]: ::1 - - [13/Dec/2025:00:43:10 +0000] "GET /1/224066/AUTH_afe588ce5e36492b94129e0538b6bb45/gnocchi.55b26d6e-39c4-41ce-a866-28fb1962e1e8/1764720000.0_mean_300.0_v3" 404 70 "GET http://[::1]:8080/v1/AUTH_afe588ce5e36492b94129e0538b6bb45/gnocchi.55b26d6e-39c4-41ce-a866-28fb1962e1e8/1764720000.0_mean_300.0_v3" "tx1c668e0c4beb4c77889d3-00693cb69e" "proxy-server 90180" 0.0003 "-" 97402 0
Dec 12 19:43:10 np0005557753.novalocal proxy-server[90180]: ::1 ::1 13/Dec/2025/00/43/10 GET /v1/AUTH_afe588ce5e36492b94129e0538b6bb45/gnocchi.55b26d6e-39c4-41ce-a866-28fb1962e1e8/1764720000.0_mean_300.0_v3 HTTP/1.0 404 - python-swiftclient-4.2.0 gAAAAABpPLaCrEYT... - 70 - tx1c668e0c4beb4c77889d3-00693cb69e - 0.0096 - - 1765586590.127161503 1765586590.136740446 0
Dec 12 19:43:10 np0005557753.novalocal container-server[97098]: ::1 - - [13/Dec/2025:00:43:10 +0000] "PUT /2/121636/AUTH_afe588ce5e36492b94129e0538b6bb45/gnocchi.55b26d6e-39c4-41ce-a866-28fb1962e1e8/1764720000.0_mean_300.0_v3" 201 - "PUT http://[::1]:8080/3/224066/AUTH_afe588ce5e36492b94129e0538b6bb45/gnocchi.55b26d6e-39c4-41ce-a866-28fb1962e1e8/1764720000.0_mean_300.0_v3" "tx2ec58e92358c475480f2c-00693cb69e" "object-server 97400" 0.0005 "-" 97098 0
Dec 12 19:43:10 np0005557753.novalocal object-server[97400]: ::1 - - [13/Dec/2025:00:43:10 +0000] "PUT /3/224066/AUTH_afe588ce5e36492b94129e0538b6bb45/gnocchi.55b26d6e-39c4-41ce-a866-28fb1962e1e8/1764720000.0_mean_300.0_v3" 201 - "PUT http://[::1]:8080/v1/AUTH_afe588ce5e36492b94129e0538b6bb45/gnocchi.55b26d6e-39c4-41ce-a866-28fb1962e1e8/1764720000.0_mean_300.0_v3" "tx2ec58e92358c475480f2c-00693cb69e" "proxy-server 90180" 0.0078 "-" 97400 0
Dec 12 19:43:10 np0005557753.novalocal container-server[97099]: ::1 - - [13/Dec/2025:00:43:10 +0000] "PUT /3/121636/AUTH_afe588ce5e36492b94129e0538b6bb45/gnocchi.55b26d6e-39c4-41ce-a866-28fb1962e1e8/1764720000.0_mean_300.0_v3" 201 - "PUT http://[::1]:8080/2/224066/AUTH_afe588ce5e36492b94129e0538b6bb45/gnocchi.55b26d6e-39c4-41ce-a866-28fb1962e1e8/1764720000.0_mean_300.0_v3" "tx2ec58e92358c475480f2c-00693cb69e" "object-server 97401" 0.0005 "-" 97099 0
Dec 12 19:43:10 np0005557753.novalocal object-server[97401]: ::1 - - [13/Dec/2025:00:43:10 +0000] "PUT /2/224066/AUTH_afe588ce5e36492b94129e0538b6bb45/gnocchi.55b26d6e-39c4-41ce-a866-28fb1962e1e8/1764720000.0_mean_300.0_v3" 201 - "PUT http://[::1]:8080/v1/AUTH_afe588ce5e36492b94129e0538b6bb45/gnocchi.55b26d6e-39c4-41ce-a866-28fb1962e1e8/1764720000.0_mean_300.0_v3" "tx2ec58e92358c475480f2c-00693cb69e" "proxy-server 90180" 0.0085 "-" 97401 0
Dec 12 19:43:10 np0005557753.novalocal container-server[97099]: ::1 - - [13/Dec/2025:00:43:10 +0000] "PUT /1/121636/AUTH_afe588ce5e36492b94129e0538b6bb45/gnocchi.55b26d6e-39c4-41ce-a866-28fb1962e1e8/1764720000.0_mean_300.0_v3" 201 - "PUT http://[::1]:8080/1/224066/AUTH_afe588ce5e36492b94129e0538b6bb45/gnocchi.55b26d6e-39c4-41ce-a866-28fb1962e1e8/1764720000.0_mean_300.0_v3" "tx2ec58e92358c475480f2c-00693cb69e" "object-server 97399" 0.0005 "-" 97099 0
Dec 12 19:43:10 np0005557753.novalocal object-server[97399]: ::1 - - [13/Dec/2025:00:43:10 +0000] "PUT /1/224066/AUTH_afe588ce5e36492b94129e0538b6bb45/gnocchi.55b26d6e-39c4-41ce-a866-28fb1962e1e8/1764720000.0_mean_300.0_v3" 201 - "PUT http://[::1]:8080/v1/AUTH_afe588ce5e36492b94129e0538b6bb45/gnocchi.55b26d6e-39c4-41ce-a866-28fb1962e1e8/1764720000.0_mean_300.0_v3" "tx2ec58e92358c475480f2c-00693cb69e" "proxy-server 90180" 0.0099 "-" 97399 0
Dec 12 19:43:10 np0005557753.novalocal proxy-server[90180]: ::1 ::1 13/Dec/2025/00/43/10 PUT /v1/AUTH_afe588ce5e36492b94129e0538b6bb45/gnocchi.55b26d6e-39c4-41ce-a866-28fb1962e1e8/1764720000.0_mean_300.0_v3 HTTP/1.0 201 - python-swiftclient-4.2.0 gAAAAABpPLaCrEYT... 16 - - tx2ec58e92358c475480f2c-00693cb69e - 0.0159 - - 1765586590.138535738 1765586590.154425859 0
Dec 12 19:43:10 np0005557753.novalocal container-server[97098]: ::1 - - [13/Dec/2025:00:43:10 +0000] "PUT /2/121636/AUTH_afe588ce5e36492b94129e0538b6bb45/gnocchi.55b26d6e-39c4-41ce-a866-28fb1962e1e8/none_v3" 201 - "PUT http://[::1]:8080/2/171891/AUTH_afe588ce5e36492b94129e0538b6bb45/gnocchi.55b26d6e-39c4-41ce-a866-28fb1962e1e8/none_v3" "tx497c40fd85b246f19abef-00693cb69e" "object-server 97400" 0.0012 "-" 97098 0
Dec 12 19:43:10 np0005557753.novalocal container-server[97097]: ::1 - - [13/Dec/2025:00:43:10 +0000] "PUT /1/121636/AUTH_afe588ce5e36492b94129e0538b6bb45/gnocchi.55b26d6e-39c4-41ce-a866-28fb1962e1e8/none_v3" 201 - "PUT http://[::1]:8080/1/171891/AUTH_afe588ce5e36492b94129e0538b6bb45/gnocchi.55b26d6e-39c4-41ce-a866-28fb1962e1e8/none_v3" "tx497c40fd85b246f19abef-00693cb69e" "object-server 97401" 0.0007 "-" 97097 0
Dec 12 19:43:10 np0005557753.novalocal object-server[97400]: ::1 - - [13/Dec/2025:00:43:10 +0000] "PUT /2/171891/AUTH_afe588ce5e36492b94129e0538b6bb45/gnocchi.55b26d6e-39c4-41ce-a866-28fb1962e1e8/none_v3" 201 - "PUT http://[::1]:8080/v1/AUTH_afe588ce5e36492b94129e0538b6bb45/gnocchi.55b26d6e-39c4-41ce-a866-28fb1962e1e8/none_v3" "tx497c40fd85b246f19abef-00693cb69e" "proxy-server 90180" 0.0129 "-" 97400 0
Dec 12 19:43:10 np0005557753.novalocal object-server[97401]: ::1 - - [13/Dec/2025:00:43:10 +0000] "PUT /1/171891/AUTH_afe588ce5e36492b94129e0538b6bb45/gnocchi.55b26d6e-39c4-41ce-a866-28fb1962e1e8/none_v3" 201 - "PUT http://[::1]:8080/v1/AUTH_afe588ce5e36492b94129e0538b6bb45/gnocchi.55b26d6e-39c4-41ce-a866-28fb1962e1e8/none_v3" "tx497c40fd85b246f19abef-00693cb69e" "proxy-server 90180" 0.0113 "-" 97401 0
Dec 12 19:43:10 np0005557753.novalocal container-server[97096]: ::1 - - [13/Dec/2025:00:43:10 +0000] "PUT /3/121636/AUTH_afe588ce5e36492b94129e0538b6bb45/gnocchi.55b26d6e-39c4-41ce-a866-28fb1962e1e8/none_v3" 201 - "PUT http://[::1]:8080/3/171891/AUTH_afe588ce5e36492b94129e0538b6bb45/gnocchi.55b26d6e-39c4-41ce-a866-28fb1962e1e8/none_v3" "tx497c40fd85b246f19abef-00693cb69e" "object-server 97402" 0.0010 "-" 97096 0
Dec 12 19:43:10 np0005557753.novalocal object-server[97402]: ::1 - - [13/Dec/2025:00:43:10 +0000] "PUT /3/171891/AUTH_afe588ce5e36492b94129e0538b6bb45/gnocchi.55b26d6e-39c4-41ce-a866-28fb1962e1e8/none_v3" 201 - "PUT http://[::1]:8080/v1/AUTH_afe588ce5e36492b94129e0538b6bb45/gnocchi.55b26d6e-39c4-41ce-a866-28fb1962e1e8/none_v3" "tx497c40fd85b246f19abef-00693cb69e" "proxy-server 90180" 0.0160 "-" 97402 0
Dec 12 19:43:10 np0005557753.novalocal proxy-server[90180]: ::1 ::1 13/Dec/2025/00/43/10 PUT /v1/AUTH_afe588ce5e36492b94129e0538b6bb45/gnocchi.55b26d6e-39c4-41ce-a866-28fb1962e1e8/none_v3 HTTP/1.0 201 - python-swiftclient-4.2.0 gAAAAABpPLaCrEYT... 22 - - tx497c40fd85b246f19abef-00693cb69e - 0.0259 - - 1765586590.157736301 1765586590.183597326 0
Dec 12 19:43:10 np0005557753.novalocal dnsmasq-dhcp[103626]: DHCPDISCOVER(tap78eb6cce-78) fa:16:3e:7e:bf:ef
Dec 12 19:43:10 np0005557753.novalocal dnsmasq-dhcp[103626]: DHCPOFFER(tap78eb6cce-78) 10.100.0.3 fa:16:3e:7e:bf:ef
Dec 12 19:43:10 np0005557753.novalocal dnsmasq-dhcp[103626]: DHCPREQUEST(tap78eb6cce-78) 10.100.0.3 fa:16:3e:7e:bf:ef
Dec 12 19:43:10 np0005557753.novalocal dnsmasq-dhcp[103626]: DHCPACK(tap78eb6cce-78) 10.100.0.3 fa:16:3e:7e:bf:ef host-10-100-0-3
Dec 12 19:43:11 np0005557753.novalocal haproxy-metadata-proxy-8ede0300-79d1-4dd8-8b4c-554a100a2900[103819]: ::ffff:10.100.0.3:41996 [12/Dec/2025:19:43:11.115] listener listener/metadata 0/0/0/192/192 200 130 - - ---- 1/1/0/0/0 0/0 "GET /2009-04-04/meta-data/instance-id HTTP/1.1"
Dec 12 19:43:11 np0005557753.novalocal haproxy-metadata-proxy-8ede0300-79d1-4dd8-8b4c-554a100a2900[103819]: ::ffff:10.100.0.3:41998 [12/Dec/2025:19:43:11.406] listener listener/metadata 0/0/0/256/256 200 147 - - ---- 1/1/0/0/0 0/0 "GET /2009-04-04/meta-data/public-keys HTTP/1.1"
Dec 12 19:43:11 np0005557753.novalocal haproxy-metadata-proxy-8ede0300-79d1-4dd8-8b4c-554a100a2900[103819]: ::ffff:10.100.0.3:42000 [12/Dec/2025:19:43:11.701] listener listener/metadata 0/0/0/228/228 200 325 - - ---- 1/1/0/0/0 0/0 "GET /2009-04-04/meta-data/public-keys/0/openssh-key HTTP/1.1"
Dec 12 19:43:12 np0005557753.novalocal haproxy-metadata-proxy-8ede0300-79d1-4dd8-8b4c-554a100a2900[103819]: ::ffff:10.100.0.3:42002 [12/Dec/2025:19:43:11.978] listener listener/metadata 0/0/0/103/103 200 130 - - ---- 1/1/0/0/0 0/0 "GET /2009-04-04/meta-data/instance-id HTTP/1.1"
Dec 12 19:43:12 np0005557753.novalocal haproxy-metadata-proxy-8ede0300-79d1-4dd8-8b4c-554a100a2900[103819]: ::ffff:10.100.0.3:42004 [12/Dec/2025:19:43:12.138] listener listener/metadata 0/0/0/59/59 200 120 - - ---- 1/1/0/0/0 0/0 "GET /2009-04-04/meta-data/ami-launch-index HTTP/1.1"
Dec 12 19:43:12 np0005557753.novalocal haproxy-metadata-proxy-8ede0300-79d1-4dd8-8b4c-554a100a2900[103819]: ::ffff:10.100.0.3:42006 [12/Dec/2025:19:43:12.262] listener listener/metadata 0/0/0/104/104 200 126 - - ---- 1/1/0/0/0 0/0 "GET /2009-04-04/meta-data/instance-type HTTP/1.1"
Dec 12 19:43:12 np0005557753.novalocal haproxy-metadata-proxy-8ede0300-79d1-4dd8-8b4c-554a100a2900[103819]: ::ffff:10.100.0.3:42008 [12/Dec/2025:19:43:12.405] listener listener/metadata 0/0/0/76/76 200 130 - - ---- 1/1/0/0/0 0/0 "GET /2009-04-04/meta-data/local-ipv4 HTTP/1.1"
Dec 12 19:43:12 np0005557753.novalocal haproxy-metadata-proxy-8ede0300-79d1-4dd8-8b4c-554a100a2900[103819]: ::ffff:10.100.0.3:42010 [12/Dec/2025:19:43:12.531] listener listener/metadata 0/0/0/102/102 200 131 - - ---- 1/1/0/0/0 0/0 "GET /2009-04-04/meta-data/public-ipv4 HTTP/1.1"
Dec 12 19:43:12 np0005557753.novalocal haproxy-metadata-proxy-8ede0300-79d1-4dd8-8b4c-554a100a2900[103819]: ::ffff:10.100.0.3:42012 [12/Dec/2025:19:43:12.708] listener listener/metadata 0/0/0/107/107 200 176 - - ---- 1/1/0/0/0 0/0 "GET /2009-04-04/meta-data/hostname HTTP/1.1"
Dec 12 19:43:13 np0005557753.novalocal haproxy-metadata-proxy-8ede0300-79d1-4dd8-8b4c-554a100a2900[103819]: ::ffff:10.100.0.3:42014 [12/Dec/2025:19:43:12.882] listener listener/metadata 0/0/0/121/121 200 176 - - ---- 1/1/0/0/0 0/0 "GET /2009-04-04/meta-data/local-hostname HTTP/1.1"
Dec 12 19:43:13 np0005557753.novalocal systemd[1]: NetworkManager-dispatcher.service: Deactivated successfully.
Dec 12 19:43:13 np0005557753.novalocal haproxy-metadata-proxy-8ede0300-79d1-4dd8-8b4c-554a100a2900[103819]: ::ffff:10.100.0.3:42016 [12/Dec/2025:19:43:13.075] listener listener/metadata 0/0/0/90/90 200 215 - - ---- 1/1/0/0/0 0/0 "GET /2009-04-04/user-data HTTP/1.1"
Dec 12 19:43:13 np0005557753.novalocal dnsmasq[103427]: read /var/lib/neutron/dhcp/05b597d9-8d97-4897-b47c-4ea379aef24f/addn_hosts - 2 addresses
Dec 12 19:43:13 np0005557753.novalocal dnsmasq-dhcp[103427]: read /var/lib/neutron/dhcp/05b597d9-8d97-4897-b47c-4ea379aef24f/host
Dec 12 19:43:13 np0005557753.novalocal dnsmasq-dhcp[103427]: read /var/lib/neutron/dhcp/05b597d9-8d97-4897-b47c-4ea379aef24f/opts
Dec 12 19:43:13 np0005557753.novalocal haproxy-metadata-proxy-8ede0300-79d1-4dd8-8b4c-554a100a2900[103819]: ::ffff:10.100.0.3:42018 [12/Dec/2025:19:43:13.208] listener listener/metadata 0/0/0/78/78 200 127 - - ---- 1/1/0/0/0 0/0 "GET /2009-04-04/meta-data/block-device-mapping HTTP/1.1"
Dec 12 19:43:13 np0005557753.novalocal haproxy-metadata-proxy-8ede0300-79d1-4dd8-8b4c-554a100a2900[103819]: ::ffff:10.100.0.3:42020 [12/Dec/2025:19:43:13.326] listener listener/metadata 0/0/0/86/86 200 122 - - ---- 1/1/0/0/0 0/0 "GET /2009-04-04/meta-data/block-device-mapping/ami HTTP/1.1"
Dec 12 19:43:13 np0005557753.novalocal haproxy-metadata-proxy-8ede0300-79d1-4dd8-8b4c-554a100a2900[103819]: ::ffff:10.100.0.3:42022 [12/Dec/2025:19:43:13.468] listener listener/metadata 0/0/0/87/87 200 127 - - ---- 1/1/0/0/0 0/0 "GET /2009-04-04/meta-data/block-device-mapping/root HTTP/1.1"
Dec 12 19:43:13 np0005557753.novalocal haproxy-metadata-proxy-8ede0300-79d1-4dd8-8b4c-554a100a2900[103819]: ::ffff:10.100.0.3:42024 [12/Dec/2025:19:43:13.621] listener listener/metadata 0/0/0/95/95 200 176 - - ---- 1/1/0/0/0 0/0 "GET /2009-04-04/meta-data/public-hostname HTTP/1.1"
Dec 12 19:43:13 np0005557753.novalocal object-server[97401]: ::1 - - [13/Dec/2025:00:43:13 +0000] "GET /3/202858/AUTH_afe588ce5e36492b94129e0538b6bb45/gnocchi.934f7b60-908c-4f18-8ec8-b1a768867b39/none_v3" 200 32 "GET http://[::1]:8080/v1/AUTH_afe588ce5e36492b94129e0538b6bb45/gnocchi.934f7b60-908c-4f18-8ec8-b1a768867b39/none_v3" "tx5ae178355dd849c18303e-00693cb6a1" "proxy-server 90180" 0.0012 "-" 97401 0
Dec 12 19:43:13 np0005557753.novalocal proxy-server[90180]: ::1 ::1 13/Dec/2025/00/43/13 GET /v1/AUTH_afe588ce5e36492b94129e0538b6bb45/gnocchi.934f7b60-908c-4f18-8ec8-b1a768867b39/none_v3 HTTP/1.0 200 - python-swiftclient-4.2.0 gAAAAABpPLaCrEYT... - 32 - tx5ae178355dd849c18303e-00693cb6a1 - 0.0091 - - 1765586593.804972887 1765586593.814025402 0
Dec 12 19:43:13 np0005557753.novalocal container-server[97096]: ::1 - - [13/Dec/2025:00:43:13 +0000] "GET /1/94652/AUTH_afe588ce5e36492b94129e0538b6bb45/gnocchi.934f7b60-908c-4f18-8ec8-b1a768867b39" 200 357 "GET http://[::1]:8080/v1/AUTH_afe588ce5e36492b94129e0538b6bb45/gnocchi.934f7b60-908c-4f18-8ec8-b1a768867b39?format=json&states=listing" "tx97f36a02df934ade9261f-00693cb6a1" "proxy-server 90180" 0.0209 "-" 97096 0
Dec 12 19:43:13 np0005557753.novalocal object-server[97400]: ::1 - - [13/Dec/2025:00:43:13 +0000] "GET /1/125356/AUTH_afe588ce5e36492b94129e0538b6bb45/gnocchi.99a4ece2-ec13-4555-98af-d98d6b412d46/none_v3" 200 27 "GET http://[::1]:8080/v1/AUTH_afe588ce5e36492b94129e0538b6bb45/gnocchi.99a4ece2-ec13-4555-98af-d98d6b412d46/none_v3" "txf5526ba4b9f2497490dbe-00693cb6a1" "proxy-server 90180" 0.0009 "-" 97400 0
Dec 12 19:43:13 np0005557753.novalocal proxy-server[90180]: ::1 ::1 13/Dec/2025/00/43/13 GET /v1/AUTH_afe588ce5e36492b94129e0538b6bb45/gnocchi.934f7b60-908c-4f18-8ec8-b1a768867b39%3Fformat%3Djson%26states%3Dlisting HTTP/1.0 200 - python-swiftclient-4.2.0 gAAAAABpPLaCrEYT... - 357 - tx97f36a02df934ade9261f-00693cb6a1 - 0.0385 - - 1765586593.816858053 1765586593.855345249 0
Dec 12 19:43:13 np0005557753.novalocal proxy-server[90180]: ::1 ::1 13/Dec/2025/00/43/13 GET /v1/AUTH_afe588ce5e36492b94129e0538b6bb45/gnocchi.99a4ece2-ec13-4555-98af-d98d6b412d46/none_v3 HTTP/1.0 200 - python-swiftclient-4.2.0 gAAAAABpPLaCpY4p... - 27 - txf5526ba4b9f2497490dbe-00693cb6a1 - 0.0124 - - 1765586593.845497131 1765586593.857904196 0
Dec 12 19:43:13 np0005557753.novalocal haproxy-metadata-proxy-8ede0300-79d1-4dd8-8b4c-554a100a2900[103819]: ::ffff:10.100.0.3:42026 [12/Dec/2025:19:43:13.790] listener listener/metadata 0/0/0/70/70 200 123 - - ---- 1/1/0/0/0 0/0 "GET /2009-04-04/meta-data/placement/availability-zone HTTP/1.1"
Dec 12 19:43:13 np0005557753.novalocal container-server[97096]: ::1 - - [13/Dec/2025:00:43:13 +0000] "GET /1/94652/AUTH_afe588ce5e36492b94129e0538b6bb45/gnocchi.934f7b60-908c-4f18-8ec8-b1a768867b39" 200 2 "GET http://[::1]:8080/v1/AUTH_afe588ce5e36492b94129e0538b6bb45/gnocchi.934f7b60-908c-4f18-8ec8-b1a768867b39?format=json&marker=none_v3&states=listing" "tx30c33c8f5434443e9bea9-00693cb6a1" "proxy-server 90180" 0.0019 "-" 97096 0
Dec 12 19:43:13 np0005557753.novalocal proxy-server[90180]: ::1 ::1 13/Dec/2025/00/43/13 GET /v1/AUTH_afe588ce5e36492b94129e0538b6bb45/gnocchi.934f7b60-908c-4f18-8ec8-b1a768867b39%3Fformat%3Djson%26marker%3Dnone_v3%26states%3Dlisting HTTP/1.0 200 - python-swiftclient-4.2.0 gAAAAABpPLaCrEYT... - 2 - tx30c33c8f5434443e9bea9-00693cb6a1 - 0.0130 - - 1765586593.859082937 1765586593.872088432 0
Dec 12 19:43:13 np0005557753.novalocal container-server[97096]: ::1 - - [13/Dec/2025:00:43:13 +0000] "GET /3/180273/AUTH_afe588ce5e36492b94129e0538b6bb45/gnocchi.99a4ece2-ec13-4555-98af-d98d6b412d46" 200 357 "GET http://[::1]:8080/v1/AUTH_afe588ce5e36492b94129e0538b6bb45/gnocchi.99a4ece2-ec13-4555-98af-d98d6b412d46?format=json&states=listing" "txb7f920d9fc16434b9acb7-00693cb6a1" "proxy-server 90180" 0.0081 "-" 97096 0
Dec 12 19:43:13 np0005557753.novalocal proxy-server[90180]: ::1 ::1 13/Dec/2025/00/43/13 GET /v1/AUTH_afe588ce5e36492b94129e0538b6bb45/gnocchi.99a4ece2-ec13-4555-98af-d98d6b412d46%3Fformat%3Djson%26states%3Dlisting HTTP/1.0 200 - python-swiftclient-4.2.0 gAAAAABpPLaCpY4p... - 357 - txb7f920d9fc16434b9acb7-00693cb6a1 - 0.0147 - - 1765586593.866576433 1765586593.881316662 0
Dec 12 19:43:13 np0005557753.novalocal object-server[97399]: ::1 - - [13/Dec/2025:00:43:13 +0000] "GET /2/137539/AUTH_afe588ce5e36492b94129e0538b6bb45/gnocchi.934f7b60-908c-4f18-8ec8-b1a768867b39/1764720000.0_mean_300.0_v3" 200 16 "GET http://[::1]:8080/v1/AUTH_afe588ce5e36492b94129e0538b6bb45/gnocchi.934f7b60-908c-4f18-8ec8-b1a768867b39/1764720000.0_mean_300.0_v3" "tx0338d6f41a394eca8a7a4-00693cb6a1" "proxy-server 90180" 0.0008 "-" 97399 0
Dec 12 19:43:13 np0005557753.novalocal proxy-server[90180]: ::1 ::1 13/Dec/2025/00/43/13 GET /v1/AUTH_afe588ce5e36492b94129e0538b6bb45/gnocchi.934f7b60-908c-4f18-8ec8-b1a768867b39/1764720000.0_mean_300.0_v3 HTTP/1.0 200 - python-swiftclient-4.2.0 gAAAAABpPLaCrEYT... - 16 - tx0338d6f41a394eca8a7a4-00693cb6a1 - 0.0068 - - 1765586593.876392841 1765586593.883188248 0
Dec 12 19:43:13 np0005557753.novalocal container-server[97099]: ::1 - - [13/Dec/2025:00:43:13 +0000] "GET /3/180273/AUTH_afe588ce5e36492b94129e0538b6bb45/gnocchi.99a4ece2-ec13-4555-98af-d98d6b412d46" 200 2 "GET http://[::1]:8080/v1/AUTH_afe588ce5e36492b94129e0538b6bb45/gnocchi.99a4ece2-ec13-4555-98af-d98d6b412d46?format=json&marker=none_v3&states=listing" "txaa7e016fc67145bcbaee4-00693cb6a1" "proxy-server 90180" 0.0028 "-" 97099 0
Dec 12 19:43:13 np0005557753.novalocal proxy-server[90180]: ::1 ::1 13/Dec/2025/00/43/13 GET /v1/AUTH_afe588ce5e36492b94129e0538b6bb45/gnocchi.99a4ece2-ec13-4555-98af-d98d6b412d46%3Fformat%3Djson%26marker%3Dnone_v3%26states%3Dlisting HTTP/1.0 200 - python-swiftclient-4.2.0 gAAAAABpPLaCpY4p... - 2 - txaa7e016fc67145bcbaee4-00693cb6a1 - 0.0074 - - 1765586593.887168884 1765586593.894608498 0
Dec 12 19:43:13 np0005557753.novalocal object-server[97400]: ::1 - - [13/Dec/2025:00:43:13 +0000] "GET /3/101205/AUTH_afe588ce5e36492b94129e0538b6bb45/gnocchi.99a4ece2-ec13-4555-98af-d98d6b412d46/1764720000.0_mean_300.0_v3" 200 16 "GET http://[::1]:8080/v1/AUTH_afe588ce5e36492b94129e0538b6bb45/gnocchi.99a4ece2-ec13-4555-98af-d98d6b412d46/1764720000.0_mean_300.0_v3" "tx0ade23bed8dd49c698d18-00693cb6a1" "proxy-server 90180" 0.0010 "-" 97400 0
Dec 12 19:43:13 np0005557753.novalocal container-server[97099]: ::1 - - [13/Dec/2025:00:43:13 +0000] "PUT /2/94652/AUTH_afe588ce5e36492b94129e0538b6bb45/gnocchi.934f7b60-908c-4f18-8ec8-b1a768867b39/1764720000.0_mean_300.0_v3" 201 - "PUT http://[::1]:8080/3/137539/AUTH_afe588ce5e36492b94129e0538b6bb45/gnocchi.934f7b60-908c-4f18-8ec8-b1a768867b39/1764720000.0_mean_300.0_v3" "tx693b0d8ea90d4036acca5-00693cb6a1" "object-server 97402" 0.0008 "-" 97099 0
Dec 12 19:43:13 np0005557753.novalocal object-server[97402]: ::1 - - [13/Dec/2025:00:43:13 +0000] "PUT /3/137539/AUTH_afe588ce5e36492b94129e0538b6bb45/gnocchi.934f7b60-908c-4f18-8ec8-b1a768867b39/1764720000.0_mean_300.0_v3" 201 - "PUT http://[::1]:8080/v1/AUTH_afe588ce5e36492b94129e0538b6bb45/gnocchi.934f7b60-908c-4f18-8ec8-b1a768867b39/1764720000.0_mean_300.0_v3" "tx693b0d8ea90d4036acca5-00693cb6a1" "proxy-server 90180" 0.0105 "-" 97402 0
Dec 12 19:43:13 np0005557753.novalocal container-server[97097]: ::1 - - [13/Dec/2025:00:43:13 +0000] "PUT /1/94652/AUTH_afe588ce5e36492b94129e0538b6bb45/gnocchi.934f7b60-908c-4f18-8ec8-b1a768867b39/1764720000.0_mean_300.0_v3" 201 - "PUT http://[::1]:8080/2/137539/AUTH_afe588ce5e36492b94129e0538b6bb45/gnocchi.934f7b60-908c-4f18-8ec8-b1a768867b39/1764720000.0_mean_300.0_v3" "tx693b0d8ea90d4036acca5-00693cb6a1" "object-server 97401" 0.0006 "-" 97097 0
Dec 12 19:43:13 np0005557753.novalocal object-server[97401]: ::1 - - [13/Dec/2025:00:43:13 +0000] "PUT /2/137539/AUTH_afe588ce5e36492b94129e0538b6bb45/gnocchi.934f7b60-908c-4f18-8ec8-b1a768867b39/1764720000.0_mean_300.0_v3" 201 - "PUT http://[::1]:8080/v1/AUTH_afe588ce5e36492b94129e0538b6bb45/gnocchi.934f7b60-908c-4f18-8ec8-b1a768867b39/1764720000.0_mean_300.0_v3" "tx693b0d8ea90d4036acca5-00693cb6a1" "proxy-server 90180" 0.0117 "-" 97401 0
Dec 12 19:43:13 np0005557753.novalocal container-server[97099]: ::1 - - [13/Dec/2025:00:43:13 +0000] "PUT /3/94652/AUTH_afe588ce5e36492b94129e0538b6bb45/gnocchi.934f7b60-908c-4f18-8ec8-b1a768867b39/1764720000.0_mean_300.0_v3" 201 - "PUT http://[::1]:8080/1/137539/AUTH_afe588ce5e36492b94129e0538b6bb45/gnocchi.934f7b60-908c-4f18-8ec8-b1a768867b39/1764720000.0_mean_300.0_v3" "tx693b0d8ea90d4036acca5-00693cb6a1" "object-server 97400" 0.0005 "-" 97099 0
Dec 12 19:43:13 np0005557753.novalocal object-server[97400]: ::1 - - [13/Dec/2025:00:43:13 +0000] "PUT /1/137539/AUTH_afe588ce5e36492b94129e0538b6bb45/gnocchi.934f7b60-908c-4f18-8ec8-b1a768867b39/1764720000.0_mean_300.0_v3" 201 - "PUT http://[::1]:8080/v1/AUTH_afe588ce5e36492b94129e0538b6bb45/gnocchi.934f7b60-908c-4f18-8ec8-b1a768867b39/1764720000.0_mean_300.0_v3" "tx693b0d8ea90d4036acca5-00693cb6a1" "proxy-server 90180" 0.0146 "-" 97400 0
Dec 12 19:43:13 np0005557753.novalocal proxy-server[90180]: ::1 ::1 13/Dec/2025/00/43/13 GET /v1/AUTH_afe588ce5e36492b94129e0538b6bb45/gnocchi.99a4ece2-ec13-4555-98af-d98d6b412d46/1764720000.0_mean_300.0_v3 HTTP/1.0 200 - python-swiftclient-4.2.0 gAAAAABpPLaCpY4p... - 16 - tx0ade23bed8dd49c698d18-00693cb6a1 - 0.0119 - - 1765586593.898061275 1765586593.909995794 0
Dec 12 19:43:13 np0005557753.novalocal proxy-server[90180]: ::1 ::1 13/Dec/2025/00/43/13 PUT /v1/AUTH_afe588ce5e36492b94129e0538b6bb45/gnocchi.934f7b60-908c-4f18-8ec8-b1a768867b39/1764720000.0_mean_300.0_v3 HTTP/1.0 201 - python-swiftclient-4.2.0 gAAAAABpPLaCrEYT... 16 - - tx693b0d8ea90d4036acca5-00693cb6a1 - 0.0262 - - 1765586593.885370255 1765586593.911609411 0
Dec 12 19:43:13 np0005557753.novalocal container-server[97097]: ::1 - - [13/Dec/2025:00:43:13 +0000] "PUT /2/180273/AUTH_afe588ce5e36492b94129e0538b6bb45/gnocchi.99a4ece2-ec13-4555-98af-d98d6b412d46/1764720000.0_mean_300.0_v3" 201 - "PUT http://[::1]:8080/3/101205/AUTH_afe588ce5e36492b94129e0538b6bb45/gnocchi.99a4ece2-ec13-4555-98af-d98d6b412d46/1764720000.0_mean_300.0_v3" "tx25cde484f3684e82808f1-00693cb6a1" "object-server 97399" 0.0005 "-" 97097 0
Dec 12 19:43:13 np0005557753.novalocal container-server[97098]: ::1 - - [13/Dec/2025:00:43:13 +0000] "PUT /3/94652/AUTH_afe588ce5e36492b94129e0538b6bb45/gnocchi.934f7b60-908c-4f18-8ec8-b1a768867b39/none_v3" 201 - "PUT http://[::1]:8080/2/202858/AUTH_afe588ce5e36492b94129e0538b6bb45/gnocchi.934f7b60-908c-4f18-8ec8-b1a768867b39/none_v3" "tx2b36991b8f014cafb4a71-00693cb6a1" "object-server 97399" 0.0006 "-" 97098 0
Dec 12 19:43:13 np0005557753.novalocal object-server[97399]: ::1 - - [13/Dec/2025:00:43:13 +0000] "PUT /3/101205/AUTH_afe588ce5e36492b94129e0538b6bb45/gnocchi.99a4ece2-ec13-4555-98af-d98d6b412d46/1764720000.0_mean_300.0_v3" 201 - "PUT http://[::1]:8080/v1/AUTH_afe588ce5e36492b94129e0538b6bb45/gnocchi.99a4ece2-ec13-4555-98af-d98d6b412d46/1764720000.0_mean_300.0_v3" "tx25cde484f3684e82808f1-00693cb6a1" "proxy-server 90180" 0.0142 "-" 97399 0
Dec 12 19:43:13 np0005557753.novalocal container-server[97099]: ::1 - - [13/Dec/2025:00:43:13 +0000] "PUT /2/94652/AUTH_afe588ce5e36492b94129e0538b6bb45/gnocchi.934f7b60-908c-4f18-8ec8-b1a768867b39/none_v3" 201 - "PUT http://[::1]:8080/1/202858/AUTH_afe588ce5e36492b94129e0538b6bb45/gnocchi.934f7b60-908c-4f18-8ec8-b1a768867b39/none_v3" "tx2b36991b8f014cafb4a71-00693cb6a1" "object-server 97402" 0.0021 "-" 97099 0
Dec 12 19:43:13 np0005557753.novalocal object-server[97399]: ::1 - - [13/Dec/2025:00:43:13 +0000] "PUT /2/202858/AUTH_afe588ce5e36492b94129e0538b6bb45/gnocchi.934f7b60-908c-4f18-8ec8-b1a768867b39/none_v3" 201 - "PUT http://[::1]:8080/v1/AUTH_afe588ce5e36492b94129e0538b6bb45/gnocchi.934f7b60-908c-4f18-8ec8-b1a768867b39/none_v3" "tx2b36991b8f014cafb4a71-00693cb6a1" "proxy-server 90180" 0.0127 "-" 97399 0
Dec 12 19:43:13 np0005557753.novalocal container-server[97098]: ::1 - - [13/Dec/2025:00:43:13 +0000] "PUT /1/94652/AUTH_afe588ce5e36492b94129e0538b6bb45/gnocchi.934f7b60-908c-4f18-8ec8-b1a768867b39/none_v3" 201 - "PUT http://[::1]:8080/3/202858/AUTH_afe588ce5e36492b94129e0538b6bb45/gnocchi.934f7b60-908c-4f18-8ec8-b1a768867b39/none_v3" "tx2b36991b8f014cafb4a71-00693cb6a1" "object-server 97399" 0.0004 "-" 97098 0
Dec 12 19:43:13 np0005557753.novalocal object-server[97402]: ::1 - - [13/Dec/2025:00:43:13 +0000] "PUT /1/202858/AUTH_afe588ce5e36492b94129e0538b6bb45/gnocchi.934f7b60-908c-4f18-8ec8-b1a768867b39/none_v3" 201 - "PUT http://[::1]:8080/v1/AUTH_afe588ce5e36492b94129e0538b6bb45/gnocchi.934f7b60-908c-4f18-8ec8-b1a768867b39/none_v3" "tx2b36991b8f014cafb4a71-00693cb6a1" "proxy-server 90180" 0.0148 "-" 97402 0
