Dec 12 19:43:08 np0005557753.novalocal account-server[96805]: ::1 - - [13/Dec/2025:00:43:08 +0000] "PUT /2/105149/AUTH_afe588ce5e36492b94129e0538b6bb45/gnocchi.db5877c1-694c-4bc3-b20a-444916569567" 201 - "PUT http://[::1]:6001/2/46605/AUTH_afe588ce5e36492b94129e0538b6bb45/gnocchi.db5877c1-694c-4bc3-b20a-444916569567" "txb662bbedc49740d9baa9a-00693cb69c" "container-server 97096" 0.0088 "-" 96805 0
Dec 12 19:43:08 np0005557753.novalocal account-server[96805]: ::1 - - [13/Dec/2025:00:43:08 +0000] "PUT /3/105149/AUTH_afe588ce5e36492b94129e0538b6bb45/gnocchi.c7fe157f-bc1f-4787-860b-e594a700975c" 201 - "PUT http://[::1]:6001/1/121226/AUTH_afe588ce5e36492b94129e0538b6bb45/gnocchi.c7fe157f-bc1f-4787-860b-e594a700975c" "tx863cbe083fa94e4cbc4f0-00693cb69b" "container-server 97098" 0.0010 "-" 96805 0
Dec 12 19:43:08 np0005557753.novalocal container-server[97098]: ::1 - - [13/Dec/2025:00:43:08 +0000] "PUT /1/121226/AUTH_afe588ce5e36492b94129e0538b6bb45/gnocchi.c7fe157f-bc1f-4787-860b-e594a700975c" 201 - "PUT http://[::1]:8080/v1/AUTH_afe588ce5e36492b94129e0538b6bb45/gnocchi.c7fe157f-bc1f-4787-860b-e594a700975c" "tx863cbe083fa94e4cbc4f0-00693cb69b" "proxy-server 90180" 0.0218 "-" 97098 0
Dec 12 19:43:08 np0005557753.novalocal account-server[96805]: ::1 - - [13/Dec/2025:00:43:08 +0000] "PUT /1/105149/AUTH_afe588ce5e36492b94129e0538b6bb45/gnocchi.c7fe157f-bc1f-4787-860b-e594a700975c" 201 - "PUT http://[::1]:6001/3/121226/AUTH_afe588ce5e36492b94129e0538b6bb45/gnocchi.c7fe157f-bc1f-4787-860b-e594a700975c" "tx863cbe083fa94e4cbc4f0-00693cb69b" "container-server 97098" 0.0011 "-" 96805 0
Dec 12 19:43:08 np0005557753.novalocal container-server[97098]: ::1 - - [13/Dec/2025:00:43:08 +0000] "PUT /3/121226/AUTH_afe588ce5e36492b94129e0538b6bb45/gnocchi.c7fe157f-bc1f-4787-860b-e594a700975c" 201 - "PUT http://[::1]:8080/v1/AUTH_afe588ce5e36492b94129e0538b6bb45/gnocchi.c7fe157f-bc1f-4787-860b-e594a700975c" "tx863cbe083fa94e4cbc4f0-00693cb69b" "proxy-server 90180" 0.0322 "-" 97098 0
Dec 12 19:43:08 np0005557753.novalocal proxy-server[90180]: ::1 ::1 13/Dec/2025/00/43/08 PUT /v1/AUTH_afe588ce5e36492b94129e0538b6bb45/gnocchi.c7fe157f-bc1f-4787-860b-e594a700975c HTTP/1.0 201 - python-swiftclient-4.2.0 gAAAAABpPLaCpY4p... - - - tx863cbe083fa94e4cbc4f0-00693cb69b - 0.0567 - - 1765586587.990618706 1765586588.047278404 0
Dec 12 19:43:08 np0005557753.novalocal account-server[96804]: ::1 - - [13/Dec/2025:00:43:08 +0000] "PUT /1/105149/AUTH_afe588ce5e36492b94129e0538b6bb45/gnocchi.db5877c1-694c-4bc3-b20a-444916569567" 201 - "PUT http://[::1]:6001/3/46605/AUTH_afe588ce5e36492b94129e0538b6bb45/gnocchi.db5877c1-694c-4bc3-b20a-444916569567" "txb662bbedc49740d9baa9a-00693cb69c" "container-server 97098" 0.0034 "-" 96804 0
Dec 12 19:43:08 np0005557753.novalocal container-server[97098]: ::1 - - [13/Dec/2025:00:43:08 +0000] "PUT /3/46605/AUTH_afe588ce5e36492b94129e0538b6bb45/gnocchi.db5877c1-694c-4bc3-b20a-444916569567" 201 - "PUT http://[::1]:8080/v1/AUTH_afe588ce5e36492b94129e0538b6bb45/gnocchi.db5877c1-694c-4bc3-b20a-444916569567" "txb662bbedc49740d9baa9a-00693cb69c" "proxy-server 90180" 0.0157 "-" 97098 0
Dec 12 19:43:08 np0005557753.novalocal container-server[97096]: ::1 - - [13/Dec/2025:00:43:08 +0000] "PUT /2/46605/AUTH_afe588ce5e36492b94129e0538b6bb45/gnocchi.db5877c1-694c-4bc3-b20a-444916569567" 201 - "PUT http://[::1]:8080/v1/AUTH_afe588ce5e36492b94129e0538b6bb45/gnocchi.db5877c1-694c-4bc3-b20a-444916569567" "txb662bbedc49740d9baa9a-00693cb69c" "proxy-server 90180" 0.0286 "-" 97096 0
Dec 12 19:43:08 np0005557753.novalocal account-server[96804]: ::1 - - [13/Dec/2025:00:43:08 +0000] "PUT /3/105149/AUTH_afe588ce5e36492b94129e0538b6bb45/gnocchi.db5877c1-694c-4bc3-b20a-444916569567" 201 - "PUT http://[::1]:6001/1/46605/AUTH_afe588ce5e36492b94129e0538b6bb45/gnocchi.db5877c1-694c-4bc3-b20a-444916569567" "txb662bbedc49740d9baa9a-00693cb69c" "container-server 97096" 0.0035 "-" 96804 0
Dec 12 19:43:08 np0005557753.novalocal container-server[97096]: ::1 - - [13/Dec/2025:00:43:08 +0000] "PUT /1/46605/AUTH_afe588ce5e36492b94129e0538b6bb45/gnocchi.db5877c1-694c-4bc3-b20a-444916569567" 201 - "PUT http://[::1]:8080/v1/AUTH_afe588ce5e36492b94129e0538b6bb45/gnocchi.db5877c1-694c-4bc3-b20a-444916569567" "txb662bbedc49740d9baa9a-00693cb69c" "proxy-server 90180" 0.0224 "-" 97096 0
Dec 12 19:43:08 np0005557753.novalocal proxy-server[90180]: ::1 ::1 13/Dec/2025/00/43/08 PUT /v1/AUTH_afe588ce5e36492b94129e0538b6bb45/gnocchi.db5877c1-694c-4bc3-b20a-444916569567 HTTP/1.0 201 - python-swiftclient-4.2.0 gAAAAABpPLaCrEYT... - - - txb662bbedc49740d9baa9a-00693cb69c - 0.0391 - - 1765586588.019982100 1765586588.059057951 0
Dec 12 19:43:08 np0005557753.novalocal container-server[97096]: ::1 - - [13/Dec/2025:00:43:08 +0000] "HEAD /1/121226/AUTH_afe588ce5e36492b94129e0538b6bb45/gnocchi.c7fe157f-bc1f-4787-860b-e594a700975c" 204 - "HEAD http://[::1]:8080/v1/AUTH_afe588ce5e36492b94129e0538b6bb45/gnocchi.c7fe157f-bc1f-4787-860b-e594a700975c?format=json&states=listing" "tx1f6504d58632455f989d4-00693cb69c" "proxy-server 90180" 0.0010 "-" 97096 0
Dec 12 19:43:08 np0005557753.novalocal container-server[97098]: ::1 - - [13/Dec/2025:00:43:08 +0000] "HEAD /3/46605/AUTH_afe588ce5e36492b94129e0538b6bb45/gnocchi.db5877c1-694c-4bc3-b20a-444916569567" 204 - "HEAD http://[::1]:8080/v1/AUTH_afe588ce5e36492b94129e0538b6bb45/gnocchi.db5877c1-694c-4bc3-b20a-444916569567?format=json&states=listing" "tx190058312836499e8ac5b-00693cb69c" "proxy-server 90180" 0.0013 "-" 97098 0
Dec 12 19:43:08 np0005557753.novalocal container-server[97099]: ::1 - - [13/Dec/2025:00:43:08 +0000] "GET /3/121226/AUTH_afe588ce5e36492b94129e0538b6bb45/gnocchi.c7fe157f-bc1f-4787-860b-e594a700975c" 200 2 "GET http://[::1]:8080/v1/AUTH_afe588ce5e36492b94129e0538b6bb45/gnocchi.c7fe157f-bc1f-4787-860b-e594a700975c?format=json&states=listing" "tx1f6504d58632455f989d4-00693cb69c" "proxy-server 90180" 0.0028 "-" 97099 0
Dec 12 19:43:08 np0005557753.novalocal proxy-server[90180]: ::1 ::1 13/Dec/2025/00/43/08 GET /v1/AUTH_afe588ce5e36492b94129e0538b6bb45/gnocchi.c7fe157f-bc1f-4787-860b-e594a700975c%3Fformat%3Djson%26states%3Dlisting HTTP/1.0 200 - python-swiftclient-4.2.0 gAAAAABpPLaCpY4p... - 2 - tx1f6504d58632455f989d4-00693cb69c - 0.0191 - - 1765586588.053047180 1765586588.072118044 0
Dec 12 19:43:08 np0005557753.novalocal container-server[97098]: ::1 - - [13/Dec/2025:00:43:08 +0000] "GET /3/46605/AUTH_afe588ce5e36492b94129e0538b6bb45/gnocchi.db5877c1-694c-4bc3-b20a-444916569567" 200 2 "GET http://[::1]:8080/v1/AUTH_afe588ce5e36492b94129e0538b6bb45/gnocchi.db5877c1-694c-4bc3-b20a-444916569567?format=json&states=listing" "tx190058312836499e8ac5b-00693cb69c" "proxy-server 90180" 0.0016 "-" 97098 0
Dec 12 19:43:08 np0005557753.novalocal proxy-server[90180]: ::1 ::1 13/Dec/2025/00/43/08 GET /v1/AUTH_afe588ce5e36492b94129e0538b6bb45/gnocchi.db5877c1-694c-4bc3-b20a-444916569567%3Fformat%3Djson%26states%3Dlisting HTTP/1.0 200 - python-swiftclient-4.2.0 gAAAAABpPLaCrEYT... - 2 - tx190058312836499e8ac5b-00693cb69c - 0.0095 - - 1765586588.065063000 1765586588.074529648 0
Dec 12 19:43:08 np0005557753.novalocal object-server[97400]: ::1 - - [13/Dec/2025:00:43:08 +0000] "GET /2/104612/AUTH_afe588ce5e36492b94129e0538b6bb45/gnocchi.c7fe157f-bc1f-4787-860b-e594a700975c/1764720000.0_mean_300.0_v3" 404 70 "GET http://[::1]:8080/v1/AUTH_afe588ce5e36492b94129e0538b6bb45/gnocchi.c7fe157f-bc1f-4787-860b-e594a700975c/1764720000.0_mean_300.0_v3" "tx211b4d8109b142038d83e-00693cb69c" "proxy-server 90180" 0.0005 "-" 97400 0
Dec 12 19:43:08 np0005557753.novalocal object-server[97399]: ::1 - - [13/Dec/2025:00:43:08 +0000] "GET /3/103691/AUTH_afe588ce5e36492b94129e0538b6bb45/gnocchi.db5877c1-694c-4bc3-b20a-444916569567/1764720000.0_mean_300.0_v3" 404 70 "GET http://[::1]:8080/v1/AUTH_afe588ce5e36492b94129e0538b6bb45/gnocchi.db5877c1-694c-4bc3-b20a-444916569567/1764720000.0_mean_300.0_v3" "tx66b11facb91042c7838da-00693cb69c" "proxy-server 90180" 0.0004 "-" 97399 0
Dec 12 19:43:08 np0005557753.novalocal object-server[97402]: ::1 - - [13/Dec/2025:00:43:08 +0000] "GET /1/104612/AUTH_afe588ce5e36492b94129e0538b6bb45/gnocchi.c7fe157f-bc1f-4787-860b-e594a700975c/1764720000.0_mean_300.0_v3" 404 70 "GET http://[::1]:8080/v1/AUTH_afe588ce5e36492b94129e0538b6bb45/gnocchi.c7fe157f-bc1f-4787-860b-e594a700975c/1764720000.0_mean_300.0_v3" "tx211b4d8109b142038d83e-00693cb69c" "proxy-server 90180" 0.0004 "-" 97402 0
Dec 12 19:43:08 np0005557753.novalocal object-server[97402]: ::1 - - [13/Dec/2025:00:43:08 +0000] "GET /3/104612/AUTH_afe588ce5e36492b94129e0538b6bb45/gnocchi.c7fe157f-bc1f-4787-860b-e594a700975c/1764720000.0_mean_300.0_v3" 404 70 "GET http://[::1]:8080/v1/AUTH_afe588ce5e36492b94129e0538b6bb45/gnocchi.c7fe157f-bc1f-4787-860b-e594a700975c/1764720000.0_mean_300.0_v3" "tx211b4d8109b142038d83e-00693cb69c" "proxy-server 90180" 0.0001 "-" 97402 0
Dec 12 19:43:08 np0005557753.novalocal proxy-server[90180]: ::1 ::1 13/Dec/2025/00/43/08 GET /v1/AUTH_afe588ce5e36492b94129e0538b6bb45/gnocchi.c7fe157f-bc1f-4787-860b-e594a700975c/1764720000.0_mean_300.0_v3 HTTP/1.0 404 - python-swiftclient-4.2.0 gAAAAABpPLaCpY4p... - 70 - tx211b4d8109b142038d83e-00693cb69c - 0.0102 - - 1765586588.075127840 1765586588.085353613 0
Dec 12 19:43:08 np0005557753.novalocal object-server[97402]: ::1 - - [13/Dec/2025:00:43:08 +0000] "GET /1/103691/AUTH_afe588ce5e36492b94129e0538b6bb45/gnocchi.db5877c1-694c-4bc3-b20a-444916569567/1764720000.0_mean_300.0_v3" 404 70 "GET http://[::1]:8080/v1/AUTH_afe588ce5e36492b94129e0538b6bb45/gnocchi.db5877c1-694c-4bc3-b20a-444916569567/1764720000.0_mean_300.0_v3" "tx66b11facb91042c7838da-00693cb69c" "proxy-server 90180" 0.0002 "-" 97402 0
Dec 12 19:43:08 np0005557753.novalocal object-server[97400]: ::1 - - [13/Dec/2025:00:43:08 +0000] "GET /2/103691/AUTH_afe588ce5e36492b94129e0538b6bb45/gnocchi.db5877c1-694c-4bc3-b20a-444916569567/1764720000.0_mean_300.0_v3" 404 70 "GET http://[::1]:8080/v1/AUTH_afe588ce5e36492b94129e0538b6bb45/gnocchi.db5877c1-694c-4bc3-b20a-444916569567/1764720000.0_mean_300.0_v3" "tx66b11facb91042c7838da-00693cb69c" "proxy-server 90180" 0.0005 "-" 97400 0
Dec 12 19:43:08 np0005557753.novalocal proxy-server[90180]: ::1 ::1 13/Dec/2025/00/43/08 GET /v1/AUTH_afe588ce5e36492b94129e0538b6bb45/gnocchi.db5877c1-694c-4bc3-b20a-444916569567/1764720000.0_mean_300.0_v3 HTTP/1.0 404 - python-swiftclient-4.2.0 gAAAAABpPLaCrEYT... - 70 - tx66b11facb91042c7838da-00693cb69c - 0.0198 - - 1765586588.077593088 1765586588.097377062 0
Dec 12 19:43:08 np0005557753.novalocal container-server[97099]: ::1 - - [13/Dec/2025:00:43:08 +0000] "PUT /1/121226/AUTH_afe588ce5e36492b94129e0538b6bb45/gnocchi.c7fe157f-bc1f-4787-860b-e594a700975c/1764720000.0_mean_300.0_v3" 201 - "PUT http://[::1]:8080/1/104612/AUTH_afe588ce5e36492b94129e0538b6bb45/gnocchi.c7fe157f-bc1f-4787-860b-e594a700975c/1764720000.0_mean_300.0_v3" "tx8eb687dfb79f4be78bedc-00693cb69c" "object-server 97402" 0.0008 "-" 97099 0
Dec 12 19:43:08 np0005557753.novalocal container-server[97099]: ::1 - - [13/Dec/2025:00:43:08 +0000] "PUT /3/121226/AUTH_afe588ce5e36492b94129e0538b6bb45/gnocchi.c7fe157f-bc1f-4787-860b-e594a700975c/1764720000.0_mean_300.0_v3" 201 - "PUT http://[::1]:8080/2/104612/AUTH_afe588ce5e36492b94129e0538b6bb45/gnocchi.c7fe157f-bc1f-4787-860b-e594a700975c/1764720000.0_mean_300.0_v3" "tx8eb687dfb79f4be78bedc-00693cb69c" "object-server 97399" 0.0003 "-" 97099 0
Dec 12 19:43:08 np0005557753.novalocal object-server[97402]: ::1 - - [13/Dec/2025:00:43:08 +0000] "PUT /1/104612/AUTH_afe588ce5e36492b94129e0538b6bb45/gnocchi.c7fe157f-bc1f-4787-860b-e594a700975c/1764720000.0_mean_300.0_v3" 201 - "PUT http://[::1]:8080/v1/AUTH_afe588ce5e36492b94129e0538b6bb45/gnocchi.c7fe157f-bc1f-4787-860b-e594a700975c/1764720000.0_mean_300.0_v3" "tx8eb687dfb79f4be78bedc-00693cb69c" "proxy-server 90180" 0.0126 "-" 97402 0
Dec 12 19:43:08 np0005557753.novalocal object-server[97399]: ::1 - - [13/Dec/2025:00:43:08 +0000] "PUT /2/104612/AUTH_afe588ce5e36492b94129e0538b6bb45/gnocchi.c7fe157f-bc1f-4787-860b-e594a700975c/1764720000.0_mean_300.0_v3" 201 - "PUT http://[::1]:8080/v1/AUTH_afe588ce5e36492b94129e0538b6bb45/gnocchi.c7fe157f-bc1f-4787-860b-e594a700975c/1764720000.0_mean_300.0_v3" "tx8eb687dfb79f4be78bedc-00693cb69c" "proxy-server 90180" 0.0136 "-" 97399 0
Dec 12 19:43:08 np0005557753.novalocal container-server[97099]: ::1 - - [13/Dec/2025:00:43:08 +0000] "PUT /2/121226/AUTH_afe588ce5e36492b94129e0538b6bb45/gnocchi.c7fe157f-bc1f-4787-860b-e594a700975c/1764720000.0_mean_300.0_v3" 201 - "PUT http://[::1]:8080/3/104612/AUTH_afe588ce5e36492b94129e0538b6bb45/gnocchi.c7fe157f-bc1f-4787-860b-e594a700975c/1764720000.0_mean_300.0_v3" "tx8eb687dfb79f4be78bedc-00693cb69c" "object-server 97402" 0.0003 "-" 97099 0
Dec 12 19:43:08 np0005557753.novalocal object-server[97402]: ::1 - - [13/Dec/2025:00:43:08 +0000] "PUT /3/104612/AUTH_afe588ce5e36492b94129e0538b6bb45/gnocchi.c7fe157f-bc1f-4787-860b-e594a700975c/1764720000.0_mean_300.0_v3" 201 - "PUT http://[::1]:8080/v1/AUTH_afe588ce5e36492b94129e0538b6bb45/gnocchi.c7fe157f-bc1f-4787-860b-e594a700975c/1764720000.0_mean_300.0_v3" "tx8eb687dfb79f4be78bedc-00693cb69c" "proxy-server 90180" 0.0167 "-" 97402 0
Dec 12 19:43:08 np0005557753.novalocal proxy-server[90180]: ::1 ::1 13/Dec/2025/00/43/08 PUT /v1/AUTH_afe588ce5e36492b94129e0538b6bb45/gnocchi.c7fe157f-bc1f-4787-860b-e594a700975c/1764720000.0_mean_300.0_v3 HTTP/1.0 201 - python-swiftclient-4.2.0 gAAAAABpPLaCpY4p... 16 - - tx8eb687dfb79f4be78bedc-00693cb69c - 0.0223 - - 1765586588.088464499 1765586588.110772848 0
Dec 12 19:43:08 np0005557753.novalocal container-server[97098]: ::1 - - [13/Dec/2025:00:43:08 +0000] "PUT /3/46605/AUTH_afe588ce5e36492b94129e0538b6bb45/gnocchi.db5877c1-694c-4bc3-b20a-444916569567/1764720000.0_mean_300.0_v3" 201 - "PUT http://[::1]:8080/3/103691/AUTH_afe588ce5e36492b94129e0538b6bb45/gnocchi.db5877c1-694c-4bc3-b20a-444916569567/1764720000.0_mean_300.0_v3" "tx38bb8bcb698445a38541d-00693cb69c" "object-server 97399" 0.0007 "-" 97098 0
Dec 12 19:43:08 np0005557753.novalocal container-server[97097]: ::1 - - [13/Dec/2025:00:43:08 +0000] "PUT /2/46605/AUTH_afe588ce5e36492b94129e0538b6bb45/gnocchi.db5877c1-694c-4bc3-b20a-444916569567/1764720000.0_mean_300.0_v3" 201 - "PUT http://[::1]:8080/2/103691/AUTH_afe588ce5e36492b94129e0538b6bb45/gnocchi.db5877c1-694c-4bc3-b20a-444916569567/1764720000.0_mean_300.0_v3" "tx38bb8bcb698445a38541d-00693cb69c" "object-server 97400" 0.0006 "-" 97097 0
Dec 12 19:43:08 np0005557753.novalocal object-server[97399]: ::1 - - [13/Dec/2025:00:43:08 +0000] "PUT /3/103691/AUTH_afe588ce5e36492b94129e0538b6bb45/gnocchi.db5877c1-694c-4bc3-b20a-444916569567/1764720000.0_mean_300.0_v3" 201 - "PUT http://[::1]:8080/v1/AUTH_afe588ce5e36492b94129e0538b6bb45/gnocchi.db5877c1-694c-4bc3-b20a-444916569567/1764720000.0_mean_300.0_v3" "tx38bb8bcb698445a38541d-00693cb69c" "proxy-server 90180" 0.0139 "-" 97399 0
Dec 12 19:43:08 np0005557753.novalocal object-server[97400]: ::1 - - [13/Dec/2025:00:43:08 +0000] "PUT /2/103691/AUTH_afe588ce5e36492b94129e0538b6bb45/gnocchi.db5877c1-694c-4bc3-b20a-444916569567/1764720000.0_mean_300.0_v3" 201 - "PUT http://[::1]:8080/v1/AUTH_afe588ce5e36492b94129e0538b6bb45/gnocchi.db5877c1-694c-4bc3-b20a-444916569567/1764720000.0_mean_300.0_v3" "tx38bb8bcb698445a38541d-00693cb69c" "proxy-server 90180" 0.0113 "-" 97400 0
Dec 12 19:43:08 np0005557753.novalocal container-server[97099]: ::1 - - [13/Dec/2025:00:43:08 +0000] "PUT /1/46605/AUTH_afe588ce5e36492b94129e0538b6bb45/gnocchi.db5877c1-694c-4bc3-b20a-444916569567/1764720000.0_mean_300.0_v3" 201 - "PUT http://[::1]:8080/1/103691/AUTH_afe588ce5e36492b94129e0538b6bb45/gnocchi.db5877c1-694c-4bc3-b20a-444916569567/1764720000.0_mean_300.0_v3" "tx38bb8bcb698445a38541d-00693cb69c" "object-server 97400" 0.0009 "-" 97099 0
Dec 12 19:43:08 np0005557753.novalocal object-server[97400]: ::1 - - [13/Dec/2025:00:43:08 +0000] "PUT /1/103691/AUTH_afe588ce5e36492b94129e0538b6bb45/gnocchi.db5877c1-694c-4bc3-b20a-444916569567/1764720000.0_mean_300.0_v3" 201 - "PUT http://[::1]:8080/v1/AUTH_afe588ce5e36492b94129e0538b6bb45/gnocchi.db5877c1-694c-4bc3-b20a-444916569567/1764720000.0_mean_300.0_v3" "tx38bb8bcb698445a38541d-00693cb69c" "proxy-server 90180" 0.0150 "-" 97400 0
Dec 12 19:43:08 np0005557753.novalocal proxy-server[90180]: ::1 ::1 13/Dec/2025/00/43/08 PUT /v1/AUTH_afe588ce5e36492b94129e0538b6bb45/gnocchi.db5877c1-694c-4bc3-b20a-444916569567/1764720000.0_mean_300.0_v3 HTTP/1.0 201 - python-swiftclient-4.2.0 gAAAAABpPLaCrEYT... 16 - - tx38bb8bcb698445a38541d-00693cb69c - 0.0255 - - 1765586588.101018190 1765586588.126512527 0
Dec 12 19:43:08 np0005557753.novalocal container-server[97099]: ::1 - - [13/Dec/2025:00:43:08 +0000] "PUT /2/121226/AUTH_afe588ce5e36492b94129e0538b6bb45/gnocchi.c7fe157f-bc1f-4787-860b-e594a700975c/none_v3" 201 - "PUT http://[::1]:8080/3/226385/AUTH_afe588ce5e36492b94129e0538b6bb45/gnocchi.c7fe157f-bc1f-4787-860b-e594a700975c/none_v3" "txfe99c933b62b4332ba446-00693cb69c" "object-server 97399" 0.0005 "-" 97099 0
Dec 12 19:43:08 np0005557753.novalocal container-server[97099]: ::1 - - [13/Dec/2025:00:43:08 +0000] "PUT /1/121226/AUTH_afe588ce5e36492b94129e0538b6bb45/gnocchi.c7fe157f-bc1f-4787-860b-e594a700975c/none_v3" 201 - "PUT http://[::1]:8080/2/226385/AUTH_afe588ce5e36492b94129e0538b6bb45/gnocchi.c7fe157f-bc1f-4787-860b-e594a700975c/none_v3" "txfe99c933b62b4332ba446-00693cb69c" "object-server 97399" 0.0003 "-" 97099 0
Dec 12 19:43:08 np0005557753.novalocal object-server[97399]: ::1 - - [13/Dec/2025:00:43:08 +0000] "PUT /3/226385/AUTH_afe588ce5e36492b94129e0538b6bb45/gnocchi.c7fe157f-bc1f-4787-860b-e594a700975c/none_v3" 201 - "PUT http://[::1]:8080/v1/AUTH_afe588ce5e36492b94129e0538b6bb45/gnocchi.c7fe157f-bc1f-4787-860b-e594a700975c/none_v3" "txfe99c933b62b4332ba446-00693cb69c" "proxy-server 90180" 0.0137 "-" 97399 0
Dec 12 19:43:08 np0005557753.novalocal container-server[97099]: ::1 - - [13/Dec/2025:00:43:08 +0000] "PUT /2/46605/AUTH_afe588ce5e36492b94129e0538b6bb45/gnocchi.db5877c1-694c-4bc3-b20a-444916569567/none_v3" 201 - "PUT http://[::1]:8080/3/88143/AUTH_afe588ce5e36492b94129e0538b6bb45/gnocchi.db5877c1-694c-4bc3-b20a-444916569567/none_v3" "tx93af4f10c9b64cdf89834-00693cb69c" "object-server 97401" 0.0003 "-" 97099 0
Dec 12 19:43:08 np0005557753.novalocal container-server[97098]: ::1 - - [13/Dec/2025:00:43:08 +0000] "PUT /3/121226/AUTH_afe588ce5e36492b94129e0538b6bb45/gnocchi.c7fe157f-bc1f-4787-860b-e594a700975c/none_v3" 201 - "PUT http://[::1]:8080/1/226385/AUTH_afe588ce5e36492b94129e0538b6bb45/gnocchi.c7fe157f-bc1f-4787-860b-e594a700975c/none_v3" "txfe99c933b62b4332ba446-00693cb69c" "object-server 97400" 0.0006 "-" 97098 0
Dec 12 19:43:08 np0005557753.novalocal container-server[97099]: ::1 - - [13/Dec/2025:00:43:08 +0000] "PUT /3/46605/AUTH_afe588ce5e36492b94129e0538b6bb45/gnocchi.db5877c1-694c-4bc3-b20a-444916569567/none_v3" 201 - "PUT http://[::1]:8080/2/88143/AUTH_afe588ce5e36492b94129e0538b6bb45/gnocchi.db5877c1-694c-4bc3-b20a-444916569567/none_v3" "tx93af4f10c9b64cdf89834-00693cb69c" "object-server 97400" 0.0003 "-" 97099 0
Dec 12 19:43:08 np0005557753.novalocal object-server[97401]: ::1 - - [13/Dec/2025:00:43:08 +0000] "PUT /3/88143/AUTH_afe588ce5e36492b94129e0538b6bb45/gnocchi.db5877c1-694c-4bc3-b20a-444916569567/none_v3" 201 - "PUT http://[::1]:8080/v1/AUTH_afe588ce5e36492b94129e0538b6bb45/gnocchi.db5877c1-694c-4bc3-b20a-444916569567/none_v3" "tx93af4f10c9b64cdf89834-00693cb69c" "proxy-server 90180" 0.0130 "-" 97401 0
Dec 12 19:43:08 np0005557753.novalocal object-server[97400]: ::1 - - [13/Dec/2025:00:43:08 +0000] "PUT /1/226385/AUTH_afe588ce5e36492b94129e0538b6bb45/gnocchi.c7fe157f-bc1f-4787-860b-e594a700975c/none_v3" 201 - "PUT http://[::1]:8080/v1/AUTH_afe588ce5e36492b94129e0538b6bb45/gnocchi.c7fe157f-bc1f-4787-860b-e594a700975c/none_v3" "txfe99c933b62b4332ba446-00693cb69c" "proxy-server 90180" 0.0229 "-" 97400 0
Dec 12 19:43:08 np0005557753.novalocal object-server[97399]: ::1 - - [13/Dec/2025:00:43:08 +0000] "PUT /2/226385/AUTH_afe588ce5e36492b94129e0538b6bb45/gnocchi.c7fe157f-bc1f-4787-860b-e594a700975c/none_v3" 201 - "PUT http://[::1]:8080/v1/AUTH_afe588ce5e36492b94129e0538b6bb45/gnocchi.c7fe157f-bc1f-4787-860b-e594a700975c/none_v3" "txfe99c933b62b4332ba446-00693cb69c" "proxy-server 90180" 0.0198 "-" 97399 0
Dec 12 19:43:08 np0005557753.novalocal object-server[97400]: ::1 - - [13/Dec/2025:00:43:08 +0000] "PUT /2/88143/AUTH_afe588ce5e36492b94129e0538b6bb45/gnocchi.db5877c1-694c-4bc3-b20a-444916569567/none_v3" 201 - "PUT http://[::1]:8080/v1/AUTH_afe588ce5e36492b94129e0538b6bb45/gnocchi.db5877c1-694c-4bc3-b20a-444916569567/none_v3" "tx93af4f10c9b64cdf89834-00693cb69c" "proxy-server 90180" 0.0142 "-" 97400 0
Dec 12 19:43:08 np0005557753.novalocal proxy-server[90180]: ::1 ::1 13/Dec/2025/00/43/08 PUT /v1/AUTH_afe588ce5e36492b94129e0538b6bb45/gnocchi.c7fe157f-bc1f-4787-860b-e594a700975c/none_v3 HTTP/1.0 201 - python-swiftclient-4.2.0 gAAAAABpPLaCpY4p... 22 - - txfe99c933b62b4332ba446-00693cb69c - 0.0371 - - 1765586588.113722324 1765586588.150803566 0
Dec 12 19:43:08 np0005557753.novalocal container-server[97099]: ::1 - - [13/Dec/2025:00:43:08 +0000] "PUT /1/46605/AUTH_afe588ce5e36492b94129e0538b6bb45/gnocchi.db5877c1-694c-4bc3-b20a-444916569567/none_v3" 201 - "PUT http://[::1]:8080/1/88143/AUTH_afe588ce5e36492b94129e0538b6bb45/gnocchi.db5877c1-694c-4bc3-b20a-444916569567/none_v3" "tx93af4f10c9b64cdf89834-00693cb69c" "object-server 97400" 0.0005 "-" 97099 0
Dec 12 19:43:08 np0005557753.novalocal object-server[97400]: ::1 - - [13/Dec/2025:00:43:08 +0000] "PUT /1/88143/AUTH_afe588ce5e36492b94129e0538b6bb45/gnocchi.db5877c1-694c-4bc3-b20a-444916569567/none_v3" 201 - "PUT http://[::1]:8080/v1/AUTH_afe588ce5e36492b94129e0538b6bb45/gnocchi.db5877c1-694c-4bc3-b20a-444916569567/none_v3" "tx93af4f10c9b64cdf89834-00693cb69c" "proxy-server 90180" 0.0149 "-" 97400 0
Dec 12 19:43:08 np0005557753.novalocal proxy-server[90180]: ::1 ::1 13/Dec/2025/00/43/08 PUT /v1/AUTH_afe588ce5e36492b94129e0538b6bb45/gnocchi.db5877c1-694c-4bc3-b20a-444916569567/none_v3 HTTP/1.0 201 - python-swiftclient-4.2.0 gAAAAABpPLaCrEYT... 22 - - tx93af4f10c9b64cdf89834-00693cb69c - 0.0249 - - 1765586588.129184246 1765586588.154116869 0
Dec 12 19:43:08 np0005557753.novalocal container-server[97098]: ::1 - - [13/Dec/2025:00:43:08 +0000] "HEAD /2/183995/AUTH_afe588ce5e36492b94129e0538b6bb45/gnocchi.f2f14138-222a-4c28-9793-d07e1731e04c" 404 - "HEAD http://[::1]:8080/v1/AUTH_afe588ce5e36492b94129e0538b6bb45/gnocchi.f2f14138-222a-4c28-9793-d07e1731e04c?format=json&states=listing" "txb5151bac9c4d4d1e90207-00693cb69c" "proxy-server 90180" 0.0004 "-" 97098 0
Dec 12 19:43:08 np0005557753.novalocal container-server[97099]: ::1 - - [13/Dec/2025:00:43:08 +0000] "HEAD /1/177341/AUTH_afe588ce5e36492b94129e0538b6bb45/gnocchi.69435e69-7448-4dcb-9ff7-5044d8dec925" 404 - "HEAD http://[::1]:8080/v1/AUTH_afe588ce5e36492b94129e0538b6bb45/gnocchi.69435e69-7448-4dcb-9ff7-5044d8dec925?format=json&states=listing" "txf523ee0793684634ba117-00693cb69c" "proxy-server 90180" 0.0004 "-" 97099 0
Dec 12 19:43:08 np0005557753.novalocal container-server[97097]: ::1 - - [13/Dec/2025:00:43:08 +0000] "HEAD /1/183995/AUTH_afe588ce5e36492b94129e0538b6bb45/gnocchi.f2f14138-222a-4c28-9793-d07e1731e04c" 404 - "HEAD http://[::1]:8080/v1/AUTH_afe588ce5e36492b94129e0538b6bb45/gnocchi.f2f14138-222a-4c28-9793-d07e1731e04c?format=json&states=listing" "txb5151bac9c4d4d1e90207-00693cb69c" "proxy-server 90180" 0.0004 "-" 97097 0
Dec 12 19:43:08 np0005557753.novalocal container-server[97098]: ::1 - - [13/Dec/2025:00:43:08 +0000] "HEAD /3/183995/AUTH_afe588ce5e36492b94129e0538b6bb45/gnocchi.f2f14138-222a-4c28-9793-d07e1731e04c" 404 - "HEAD http://[::1]:8080/v1/AUTH_afe588ce5e36492b94129e0538b6bb45/gnocchi.f2f14138-222a-4c28-9793-d07e1731e04c?format=json&states=listing" "txb5151bac9c4d4d1e90207-00693cb69c" "proxy-server 90180" 0.0003 "-" 97098 0
Dec 12 19:43:08 np0005557753.novalocal container-server[97096]: ::1 - - [13/Dec/2025:00:43:08 +0000] "HEAD /3/177341/AUTH_afe588ce5e36492b94129e0538b6bb45/gnocchi.69435e69-7448-4dcb-9ff7-5044d8dec925" 404 - "HEAD http://[::1]:8080/v1/AUTH_afe588ce5e36492b94129e0538b6bb45/gnocchi.69435e69-7448-4dcb-9ff7-5044d8dec925?format=json&states=listing" "txf523ee0793684634ba117-00693cb69c" "proxy-server 90180" 0.0004 "-" 97096 0
Dec 12 19:43:08 np0005557753.novalocal container-server[97099]: ::1 - - [13/Dec/2025:00:43:08 +0000] "HEAD /2/177341/AUTH_afe588ce5e36492b94129e0538b6bb45/gnocchi.69435e69-7448-4dcb-9ff7-5044d8dec925" 404 - "HEAD http://[::1]:8080/v1/AUTH_afe588ce5e36492b94129e0538b6bb45/gnocchi.69435e69-7448-4dcb-9ff7-5044d8dec925?format=json&states=listing" "txf523ee0793684634ba117-00693cb69c" "proxy-server 90180" 0.0004 "-" 97099 0
Dec 12 19:43:08 np0005557753.novalocal object-server[97400]: ::1 - - [13/Dec/2025:00:43:08 +0000] "GET /2/251012/AUTH_afe588ce5e36492b94129e0538b6bb45/gnocchi.f2f14138-222a-4c28-9793-d07e1731e04c/none_v3" 404 70 "GET http://[::1]:8080/v1/AUTH_afe588ce5e36492b94129e0538b6bb45/gnocchi.f2f14138-222a-4c28-9793-d07e1731e04c/none_v3" "txb5151bac9c4d4d1e90207-00693cb69c" "proxy-server 90180" 0.0008 "-" 97400 0
Dec 12 19:43:08 np0005557753.novalocal object-server[97401]: ::1 - - [13/Dec/2025:00:43:08 +0000] "GET /3/9942/AUTH_afe588ce5e36492b94129e0538b6bb45/gnocchi.69435e69-7448-4dcb-9ff7-5044d8dec925/none_v3" 404 70 "GET http://[::1]:8080/v1/AUTH_afe588ce5e36492b94129e0538b6bb45/gnocchi.69435e69-7448-4dcb-9ff7-5044d8dec925/none_v3" "txf523ee0793684634ba117-00693cb69c" "proxy-server 90180" 0.0003 "-" 97401 0
Dec 12 19:43:08 np0005557753.novalocal object-server[97400]: ::1 - - [13/Dec/2025:00:43:08 +0000] "GET /1/251012/AUTH_afe588ce5e36492b94129e0538b6bb45/gnocchi.f2f14138-222a-4c28-9793-d07e1731e04c/none_v3" 404 70 "GET http://[::1]:8080/v1/AUTH_afe588ce5e36492b94129e0538b6bb45/gnocchi.f2f14138-222a-4c28-9793-d07e1731e04c/none_v3" "txb5151bac9c4d4d1e90207-00693cb69c" "proxy-server 90180" 0.0006 "-" 97400 0
Dec 12 19:43:08 np0005557753.novalocal object-server[97399]: ::1 - - [13/Dec/2025:00:43:08 +0000] "GET /3/251012/AUTH_afe588ce5e36492b94129e0538b6bb45/gnocchi.f2f14138-222a-4c28-9793-d07e1731e04c/none_v3" 404 70 "GET http://[::1]:8080/v1/AUTH_afe588ce5e36492b94129e0538b6bb45/gnocchi.f2f14138-222a-4c28-9793-d07e1731e04c/none_v3" "txb5151bac9c4d4d1e90207-00693cb69c" "proxy-server 90180" 0.0010 "-" 97399 0
Dec 12 19:43:08 np0005557753.novalocal object-server[97400]: ::1 - - [13/Dec/2025:00:43:08 +0000] "GET /1/9942/AUTH_afe588ce5e36492b94129e0538b6bb45/gnocchi.69435e69-7448-4dcb-9ff7-5044d8dec925/none_v3" 404 70 "GET http://[::1]:8080/v1/AUTH_afe588ce5e36492b94129e0538b6bb45/gnocchi.69435e69-7448-4dcb-9ff7-5044d8dec925/none_v3" "txf523ee0793684634ba117-00693cb69c" "proxy-server 90180" 0.0004 "-" 97400 0
Dec 12 19:43:08 np0005557753.novalocal proxy-server[90180]: ::1 ::1 13/Dec/2025/00/43/08 GET /v1/AUTH_afe588ce5e36492b94129e0538b6bb45/gnocchi.f2f14138-222a-4c28-9793-d07e1731e04c/none_v3 HTTP/1.0 404 - python-swiftclient-4.2.0 gAAAAABpPLaCpY4p... - 70 - txb5151bac9c4d4d1e90207-00693cb69c - 0.0307 - - 1765586588.382664680 1765586588.413406610 0
Dec 12 19:43:08 np0005557753.novalocal object-server[97400]: ::1 - - [13/Dec/2025:00:43:08 +0000] "GET /2/9942/AUTH_afe588ce5e36492b94129e0538b6bb45/gnocchi.69435e69-7448-4dcb-9ff7-5044d8dec925/none_v3" 404 70 "GET http://[::1]:8080/v1/AUTH_afe588ce5e36492b94129e0538b6bb45/gnocchi.69435e69-7448-4dcb-9ff7-5044d8dec925/none_v3" "txf523ee0793684634ba117-00693cb69c" "proxy-server 90180" 0.0006 "-" 97400 0
Dec 12 19:43:08 np0005557753.novalocal proxy-server[90180]: ::1 ::1 13/Dec/2025/00/43/08 GET /v1/AUTH_afe588ce5e36492b94129e0538b6bb45/gnocchi.69435e69-7448-4dcb-9ff7-5044d8dec925/none_v3 HTTP/1.0 404 - python-swiftclient-4.2.0 gAAAAABpPLaCrEYT... - 70 - txf523ee0793684634ba117-00693cb69c - 0.0414 - - 1765586588.386165142 1765586588.427561760 0
Dec 12 19:43:08 np0005557753.novalocal account-server[96804]: ::1 - - [13/Dec/2025:00:43:08 +0000] "PUT /1/105149/AUTH_afe588ce5e36492b94129e0538b6bb45/gnocchi.f2f14138-222a-4c28-9793-d07e1731e04c" 201 - "PUT http://[::1]:6001/1/183995/AUTH_afe588ce5e36492b94129e0538b6bb45/gnocchi.f2f14138-222a-4c28-9793-d07e1731e04c" "tx1e91a7c496dd4456aa665-00693cb69c" "container-server 97098" 0.0061 "-" 96804 0
Dec 12 19:43:08 np0005557753.novalocal container-server[97098]: ::1 - - [13/Dec/2025:00:43:08 +0000] "PUT /1/183995/AUTH_afe588ce5e36492b94129e0538b6bb45/gnocchi.f2f14138-222a-4c28-9793-d07e1731e04c" 201 - "PUT http://[::1]:8080/v1/AUTH_afe588ce5e36492b94129e0538b6bb45/gnocchi.f2f14138-222a-4c28-9793-d07e1731e04c" "tx1e91a7c496dd4456aa665-00693cb69c" "proxy-server 90180" 0.0170 "-" 97098 0
Dec 12 19:43:08 np0005557753.novalocal account-server[96802]: ::1 - - [13/Dec/2025:00:43:08 +0000] "PUT /3/105149/AUTH_afe588ce5e36492b94129e0538b6bb45/gnocchi.f2f14138-222a-4c28-9793-d07e1731e04c" 201 - "PUT http://[::1]:6001/3/183995/AUTH_afe588ce5e36492b94129e0538b6bb45/gnocchi.f2f14138-222a-4c28-9793-d07e1731e04c" "tx1e91a7c496dd4456aa665-00693cb69c" "container-server 97096" 0.0092 "-" 96802 0
Dec 12 19:43:08 np0005557753.novalocal container-server[97096]: ::1 - - [13/Dec/2025:00:43:08 +0000] "PUT /3/183995/AUTH_afe588ce5e36492b94129e0538b6bb45/gnocchi.f2f14138-222a-4c28-9793-d07e1731e04c" 201 - "PUT http://[::1]:8080/v1/AUTH_afe588ce5e36492b94129e0538b6bb45/gnocchi.f2f14138-222a-4c28-9793-d07e1731e04c" "tx1e91a7c496dd4456aa665-00693cb69c" "proxy-server 90180" 0.0190 "-" 97096 0
Dec 12 19:43:08 np0005557753.novalocal account-server[96804]: ::1 - - [13/Dec/2025:00:43:08 +0000] "PUT /2/105149/AUTH_afe588ce5e36492b94129e0538b6bb45/gnocchi.f2f14138-222a-4c28-9793-d07e1731e04c" 201 - "PUT http://[::1]:6001/2/183995/AUTH_afe588ce5e36492b94129e0538b6bb45/gnocchi.f2f14138-222a-4c28-9793-d07e1731e04c" "tx1e91a7c496dd4456aa665-00693cb69c" "container-server 97096" 0.0054 "-" 96804 0
Dec 12 19:43:08 np0005557753.novalocal container-server[97096]: ::1 - - [13/Dec/2025:00:43:08 +0000] "PUT /2/183995/AUTH_afe588ce5e36492b94129e0538b6bb45/gnocchi.f2f14138-222a-4c28-9793-d07e1731e04c" 201 - "PUT http://[::1]:8080/v1/AUTH_afe588ce5e36492b94129e0538b6bb45/gnocchi.f2f14138-222a-4c28-9793-d07e1731e04c" "tx1e91a7c496dd4456aa665-00693cb69c" "proxy-server 90180" 0.0276 "-" 97096 0
Dec 12 19:43:08 np0005557753.novalocal proxy-server[90180]: ::1 ::1 13/Dec/2025/00/43/08 PUT /v1/AUTH_afe588ce5e36492b94129e0538b6bb45/gnocchi.f2f14138-222a-4c28-9793-d07e1731e04c HTTP/1.0 201 - python-swiftclient-4.2.0 gAAAAABpPLaCpY4p... - - - tx1e91a7c496dd4456aa665-00693cb69c - 0.0354 - - 1765586588.415869713 1765586588.451256752 0
Dec 12 19:43:08 np0005557753.novalocal container-server[97097]: ::1 - - [13/Dec/2025:00:43:08 +0000] "HEAD /2/183995/AUTH_afe588ce5e36492b94129e0538b6bb45/gnocchi.f2f14138-222a-4c28-9793-d07e1731e04c" 204 - "HEAD http://[::1]:8080/v1/AUTH_afe588ce5e36492b94129e0538b6bb45/gnocchi.f2f14138-222a-4c28-9793-d07e1731e04c?format=json&states=listing" "tx8c4458f0b48b41af85bc6-00693cb69c" "proxy-server 90180" 0.0014 "-" 97097 0
Dec 12 19:43:08 np0005557753.novalocal account-server[96804]: ::1 - - [13/Dec/2025:00:43:08 +0000] "PUT /3/105149/AUTH_afe588ce5e36492b94129e0538b6bb45/gnocchi.69435e69-7448-4dcb-9ff7-5044d8dec925" 201 - "PUT http://[::1]:6001/3/177341/AUTH_afe588ce5e36492b94129e0538b6bb45/gnocchi.69435e69-7448-4dcb-9ff7-5044d8dec925" "txe73975e7cb364667b47cf-00693cb69c" "container-server 97096" 0.0071 "-" 96804 0
Dec 12 19:43:08 np0005557753.novalocal container-server[97096]: ::1 - - [13/Dec/2025:00:43:08 +0000] "PUT /3/177341/AUTH_afe588ce5e36492b94129e0538b6bb45/gnocchi.69435e69-7448-4dcb-9ff7-5044d8dec925" 201 - "PUT http://[::1]:8080/v1/AUTH_afe588ce5e36492b94129e0538b6bb45/gnocchi.69435e69-7448-4dcb-9ff7-5044d8dec925" "txe73975e7cb364667b47cf-00693cb69c" "proxy-server 90180" 0.0218 "-" 97096 0
Dec 12 19:43:08 np0005557753.novalocal container-server[97098]: ::1 - - [13/Dec/2025:00:43:08 +0000] "GET /2/183995/AUTH_afe588ce5e36492b94129e0538b6bb45/gnocchi.f2f14138-222a-4c28-9793-d07e1731e04c" 200 2 "GET http://[::1]:8080/v1/AUTH_afe588ce5e36492b94129e0538b6bb45/gnocchi.f2f14138-222a-4c28-9793-d07e1731e04c?format=json&states=listing" "tx8c4458f0b48b41af85bc6-00693cb69c" "proxy-server 90180" 0.0021 "-" 97098 0
Dec 12 19:43:08 np0005557753.novalocal proxy-server[90180]: ::1 ::1 13/Dec/2025/00/43/08 GET /v1/AUTH_afe588ce5e36492b94129e0538b6bb45/gnocchi.f2f14138-222a-4c28-9793-d07e1731e04c%3Fformat%3Djson%26states%3Dlisting HTTP/1.0 200 - python-swiftclient-4.2.0 gAAAAABpPLaCpY4p... - 2 - tx8c4458f0b48b41af85bc6-00693cb69c - 0.0272 - - 1765586588.454224586 1765586588.481402159 0
Dec 12 19:43:08 np0005557753.novalocal account-server[96804]: ::1 - - [13/Dec/2025:00:43:08 +0000] "PUT /1/105149/AUTH_afe588ce5e36492b94129e0538b6bb45/gnocchi.69435e69-7448-4dcb-9ff7-5044d8dec925" 201 - "PUT http://[::1]:6001/2/177341/AUTH_afe588ce5e36492b94129e0538b6bb45/gnocchi.69435e69-7448-4dcb-9ff7-5044d8dec925" "txe73975e7cb364667b47cf-00693cb69c" "container-server 97099" 0.0168 "-" 96804 0
Dec 12 19:43:08 np0005557753.novalocal account-server[96803]: ::1 - - [13/Dec/2025:00:43:08 +0000] "PUT /2/105149/AUTH_afe588ce5e36492b94129e0538b6bb45/gnocchi.69435e69-7448-4dcb-9ff7-5044d8dec925" 201 - "PUT http://[::1]:6001/1/177341/AUTH_afe588ce5e36492b94129e0538b6bb45/gnocchi.69435e69-7448-4dcb-9ff7-5044d8dec925" "txe73975e7cb364667b47cf-00693cb69c" "container-server 97099" 0.0207 "-" 96803 0
Dec 12 19:43:08 np0005557753.novalocal container-server[97099]: ::1 - - [13/Dec/2025:00:43:08 +0000] "PUT /2/177341/AUTH_afe588ce5e36492b94129e0538b6bb45/gnocchi.69435e69-7448-4dcb-9ff7-5044d8dec925" 201 - "PUT http://[::1]:8080/v1/AUTH_afe588ce5e36492b94129e0538b6bb45/gnocchi.69435e69-7448-4dcb-9ff7-5044d8dec925" "txe73975e7cb364667b47cf-00693cb69c" "proxy-server 90180" 0.0293 "-" 97099 0
Dec 12 19:43:08 np0005557753.novalocal container-server[97099]: ::1 - - [13/Dec/2025:00:43:08 +0000] "PUT /1/177341/AUTH_afe588ce5e36492b94129e0538b6bb45/gnocchi.69435e69-7448-4dcb-9ff7-5044d8dec925" 201 - "PUT http://[::1]:8080/v1/AUTH_afe588ce5e36492b94129e0538b6bb45/gnocchi.69435e69-7448-4dcb-9ff7-5044d8dec925" "txe73975e7cb364667b47cf-00693cb69c" "proxy-server 90180" 0.0468 "-" 97099 0
Dec 12 19:43:08 np0005557753.novalocal proxy-server[90180]: ::1 ::1 13/Dec/2025/00/43/08 PUT /v1/AUTH_afe588ce5e36492b94129e0538b6bb45/gnocchi.69435e69-7448-4dcb-9ff7-5044d8dec925 HTTP/1.0 201 - python-swiftclient-4.2.0 gAAAAABpPLaCrEYT... - - - txe73975e7cb364667b47cf-00693cb69c - 0.0552 - - 1765586588.432403088 1765586588.487598658 0
Dec 12 19:43:08 np0005557753.novalocal object-server[97402]: ::1 - - [13/Dec/2025:00:43:08 +0000] "GET /1/188626/AUTH_afe588ce5e36492b94129e0538b6bb45/gnocchi.f2f14138-222a-4c28-9793-d07e1731e04c/1764720000.0_mean_300.0_v3" 404 70 "GET http://[::1]:8080/v1/AUTH_afe588ce5e36492b94129e0538b6bb45/gnocchi.f2f14138-222a-4c28-9793-d07e1731e04c/1764720000.0_mean_300.0_v3" "txcf51ba4992e3441db9a33-00693cb69c" "proxy-server 90180" 0.0003 "-" 97402 0
Dec 12 19:43:08 np0005557753.novalocal object-server[97402]: ::1 - - [13/Dec/2025:00:43:08 +0000] "GET /2/188626/AUTH_afe588ce5e36492b94129e0538b6bb45/gnocchi.f2f14138-222a-4c28-9793-d07e1731e04c/1764720000.0_mean_300.0_v3" 404 70 "GET http://[::1]:8080/v1/AUTH_afe588ce5e36492b94129e0538b6bb45/gnocchi.f2f14138-222a-4c28-9793-d07e1731e04c/1764720000.0_mean_300.0_v3" "txcf51ba4992e3441db9a33-00693cb69c" "proxy-server 90180" 0.0003 "-" 97402 0
Dec 12 19:43:08 np0005557753.novalocal object-server[97402]: ::1 - - [13/Dec/2025:00:43:08 +0000] "GET /3/188626/AUTH_afe588ce5e36492b94129e0538b6bb45/gnocchi.f2f14138-222a-4c28-9793-d07e1731e04c/1764720000.0_mean_300.0_v3" 404 70 "GET http://[::1]:8080/v1/AUTH_afe588ce5e36492b94129e0538b6bb45/gnocchi.f2f14138-222a-4c28-9793-d07e1731e04c/1764720000.0_mean_300.0_v3" "txcf51ba4992e3441db9a33-00693cb69c" "proxy-server 90180" 0.0003 "-" 97402 0
Dec 12 19:43:08 np0005557753.novalocal proxy-server[90180]: ::1 ::1 13/Dec/2025/00/43/08 GET /v1/AUTH_afe588ce5e36492b94129e0538b6bb45/gnocchi.f2f14138-222a-4c28-9793-d07e1731e04c/1764720000.0_mean_300.0_v3 HTTP/1.0 404 - python-swiftclient-4.2.0 gAAAAABpPLaCpY4p... - 70 - txcf51ba4992e3441db9a33-00693cb69c - 0.0143 - - 1765586588.486104012 1765586588.500387430 0
Dec 12 19:43:08 np0005557753.novalocal container-server[97096]: ::1 - - [13/Dec/2025:00:43:08 +0000] "HEAD /1/177341/AUTH_afe588ce5e36492b94129e0538b6bb45/gnocchi.69435e69-7448-4dcb-9ff7-5044d8dec925" 204 - "HEAD http://[::1]:8080/v1/AUTH_afe588ce5e36492b94129e0538b6bb45/gnocchi.69435e69-7448-4dcb-9ff7-5044d8dec925?format=json&states=listing" "tx9753d01b71a84ca09db09-00693cb69c" "proxy-server 90180" 0.0051 "-" 97096 0
Dec 12 19:43:08 np0005557753.novalocal container-server[97097]: ::1 - - [13/Dec/2025:00:43:08 +0000] "PUT /3/183995/AUTH_afe588ce5e36492b94129e0538b6bb45/gnocchi.f2f14138-222a-4c28-9793-d07e1731e04c/1764720000.0_mean_300.0_v3" 201 - "PUT http://[::1]:8080/1/188626/AUTH_afe588ce5e36492b94129e0538b6bb45/gnocchi.f2f14138-222a-4c28-9793-d07e1731e04c/1764720000.0_mean_300.0_v3" "tx342f179d255548b483fd5-00693cb69c" "object-server 97400" 0.0006 "-" 97097 0
Dec 12 19:43:08 np0005557753.novalocal container-server[97099]: ::1 - - [13/Dec/2025:00:43:08 +0000] "PUT /1/183995/AUTH_afe588ce5e36492b94129e0538b6bb45/gnocchi.f2f14138-222a-4c28-9793-d07e1731e04c/1764720000.0_mean_300.0_v3" 201 - "PUT http://[::1]:8080/2/188626/AUTH_afe588ce5e36492b94129e0538b6bb45/gnocchi.f2f14138-222a-4c28-9793-d07e1731e04c/1764720000.0_mean_300.0_v3" "tx342f179d255548b483fd5-00693cb69c" "object-server 97399" 0.0006 "-" 97099 0
Dec 12 19:43:08 np0005557753.novalocal object-server[97400]: ::1 - - [13/Dec/2025:00:43:08 +0000] "PUT /1/188626/AUTH_afe588ce5e36492b94129e0538b6bb45/gnocchi.f2f14138-222a-4c28-9793-d07e1731e04c/1764720000.0_mean_300.0_v3" 201 - "PUT http://[::1]:8080/v1/AUTH_afe588ce5e36492b94129e0538b6bb45/gnocchi.f2f14138-222a-4c28-9793-d07e1731e04c/1764720000.0_mean_300.0_v3" "tx342f179d255548b483fd5-00693cb69c" "proxy-server 90180" 0.0092 "-" 97400 0
Dec 12 19:43:08 np0005557753.novalocal object-server[97399]: ::1 - - [13/Dec/2025:00:43:08 +0000] "PUT /2/188626/AUTH_afe588ce5e36492b94129e0538b6bb45/gnocchi.f2f14138-222a-4c28-9793-d07e1731e04c/1764720000.0_mean_300.0_v3" 201 - "PUT http://[::1]:8080/v1/AUTH_afe588ce5e36492b94129e0538b6bb45/gnocchi.f2f14138-222a-4c28-9793-d07e1731e04c/1764720000.0_mean_300.0_v3" "tx342f179d255548b483fd5-00693cb69c" "proxy-server 90180" 0.0100 "-" 97399 0
Dec 12 19:43:08 np0005557753.novalocal container-server[97098]: ::1 - - [13/Dec/2025:00:43:08 +0000] "GET /3/177341/AUTH_afe588ce5e36492b94129e0538b6bb45/gnocchi.69435e69-7448-4dcb-9ff7-5044d8dec925" 200 2 "GET http://[::1]:8080/v1/AUTH_afe588ce5e36492b94129e0538b6bb45/gnocchi.69435e69-7448-4dcb-9ff7-5044d8dec925?format=json&states=listing" "tx9753d01b71a84ca09db09-00693cb69c" "proxy-server 90180" 0.0031 "-" 97098 0
Dec 12 19:43:08 np0005557753.novalocal container-server[97098]: ::1 - - [13/Dec/2025:00:43:08 +0000] "PUT /2/183995/AUTH_afe588ce5e36492b94129e0538b6bb45/gnocchi.f2f14138-222a-4c28-9793-d07e1731e04c/1764720000.0_mean_300.0_v3" 201 - "PUT http://[::1]:8080/3/188626/AUTH_afe588ce5e36492b94129e0538b6bb45/gnocchi.f2f14138-222a-4c28-9793-d07e1731e04c/1764720000.0_mean_300.0_v3" "tx342f179d255548b483fd5-00693cb69c" "object-server 97401" 0.0006 "-" 97098 0
Dec 12 19:43:08 np0005557753.novalocal proxy-server[90180]: ::1 ::1 13/Dec/2025/00/43/08 GET /v1/AUTH_afe588ce5e36492b94129e0538b6bb45/gnocchi.69435e69-7448-4dcb-9ff7-5044d8dec925%3Fformat%3Djson%26states%3Dlisting HTTP/1.0 200 - python-swiftclient-4.2.0 gAAAAABpPLaCrEYT... - 2 - tx9753d01b71a84ca09db09-00693cb69c - 0.0288 - - 1765586588.493274450 1765586588.522043467 0
Dec 12 19:43:08 np0005557753.novalocal object-server[97401]: ::1 - - [13/Dec/2025:00:43:08 +0000] "PUT /3/188626/AUTH_afe588ce5e36492b94129e0538b6bb45/gnocchi.f2f14138-222a-4c28-9793-d07e1731e04c/1764720000.0_mean_300.0_v3" 201 - "PUT http://[::1]:8080/v1/AUTH_afe588ce5e36492b94129e0538b6bb45/gnocchi.f2f14138-222a-4c28-9793-d07e1731e04c/1764720000.0_mean_300.0_v3" "tx342f179d255548b483fd5-00693cb69c" "proxy-server 90180" 0.0134 "-" 97401 0
Dec 12 19:43:08 np0005557753.novalocal proxy-server[90180]: ::1 ::1 13/Dec/2025/00/43/08 PUT /v1/AUTH_afe588ce5e36492b94129e0538b6bb45/gnocchi.f2f14138-222a-4c28-9793-d07e1731e04c/1764720000.0_mean_300.0_v3 HTTP/1.0 201 - python-swiftclient-4.2.0 gAAAAABpPLaCpY4p... 16 - - tx342f179d255548b483fd5-00693cb69c - 0.0201 - - 1765586588.503499508 1765586588.523624659 0
Dec 12 19:43:08 np0005557753.novalocal object-server[97402]: ::1 - - [13/Dec/2025:00:43:08 +0000] "GET /3/206026/AUTH_afe588ce5e36492b94129e0538b6bb45/gnocchi.69435e69-7448-4dcb-9ff7-5044d8dec925/1764720000.0_mean_300.0_v3" 404 70 "GET http://[::1]:8080/v1/AUTH_afe588ce5e36492b94129e0538b6bb45/gnocchi.69435e69-7448-4dcb-9ff7-5044d8dec925/1764720000.0_mean_300.0_v3" "tx7495b6426ac04f7d87d2f-00693cb69c" "proxy-server 90180" 0.0003 "-" 97402 0
Dec 12 19:43:08 np0005557753.novalocal object-server[97402]: ::1 - - [13/Dec/2025:00:43:08 +0000] "GET /1/206026/AUTH_afe588ce5e36492b94129e0538b6bb45/gnocchi.69435e69-7448-4dcb-9ff7-5044d8dec925/1764720000.0_mean_300.0_v3" 404 70 "GET http://[::1]:8080/v1/AUTH_afe588ce5e36492b94129e0538b6bb45/gnocchi.69435e69-7448-4dcb-9ff7-5044d8dec925/1764720000.0_mean_300.0_v3" "tx7495b6426ac04f7d87d2f-00693cb69c" "proxy-server 90180" 0.0003 "-" 97402 0
Dec 12 19:43:08 np0005557753.novalocal object-server[97401]: ::1 - - [13/Dec/2025:00:43:08 +0000] "GET /2/206026/AUTH_afe588ce5e36492b94129e0538b6bb45/gnocchi.69435e69-7448-4dcb-9ff7-5044d8dec925/1764720000.0_mean_300.0_v3" 404 70 "GET http://[::1]:8080/v1/AUTH_afe588ce5e36492b94129e0538b6bb45/gnocchi.69435e69-7448-4dcb-9ff7-5044d8dec925/1764720000.0_mean_300.0_v3" "tx7495b6426ac04f7d87d2f-00693cb69c" "proxy-server 90180" 0.0003 "-" 97401 0
Dec 12 19:43:08 np0005557753.novalocal proxy-server[90180]: ::1 ::1 13/Dec/2025/00/43/08 GET /v1/AUTH_afe588ce5e36492b94129e0538b6bb45/gnocchi.69435e69-7448-4dcb-9ff7-5044d8dec925/1764720000.0_mean_300.0_v3 HTTP/1.0 404 - python-swiftclient-4.2.0 gAAAAABpPLaCrEYT... - 70 - tx7495b6426ac04f7d87d2f-00693cb69c - 0.0216 - - 1765586588.524569511 1765586588.546171665 0
Dec 12 19:43:08 np0005557753.novalocal container-server[97096]: ::1 - - [13/Dec/2025:00:43:08 +0000] "PUT /2/183995/AUTH_afe588ce5e36492b94129e0538b6bb45/gnocchi.f2f14138-222a-4c28-9793-d07e1731e04c/none_v3" 201 - "PUT http://[::1]:8080/2/251012/AUTH_afe588ce5e36492b94129e0538b6bb45/gnocchi.f2f14138-222a-4c28-9793-d07e1731e04c/none_v3" "tx52a3ae1d914d4c4b83055-00693cb69c" "object-server 97400" 0.0019 "-" 97096 0
Dec 12 19:43:08 np0005557753.novalocal object-server[97400]: ::1 - - [13/Dec/2025:00:43:08 +0000] "PUT /2/251012/AUTH_afe588ce5e36492b94129e0538b6bb45/gnocchi.f2f14138-222a-4c28-9793-d07e1731e04c/none_v3" 201 - "PUT http://[::1]:8080/v1/AUTH_afe588ce5e36492b94129e0538b6bb45/gnocchi.f2f14138-222a-4c28-9793-d07e1731e04c/none_v3" "tx52a3ae1d914d4c4b83055-00693cb69c" "proxy-server 90180" 0.0160 "-" 97400 0
Dec 12 19:43:08 np0005557753.novalocal container-server[97098]: ::1 - - [13/Dec/2025:00:43:08 +0000] "PUT /3/183995/AUTH_afe588ce5e36492b94129e0538b6bb45/gnocchi.f2f14138-222a-4c28-9793-d07e1731e04c/none_v3" 201 - "PUT http://[::1]:8080/3/251012/AUTH_afe588ce5e36492b94129e0538b6bb45/gnocchi.f2f14138-222a-4c28-9793-d07e1731e04c/none_v3" "tx52a3ae1d914d4c4b83055-00693cb69c" "object-server 97401" 0.0004 "-" 97098 0
Dec 12 19:43:08 np0005557753.novalocal container-server[97099]: ::1 - - [13/Dec/2025:00:43:08 +0000] "PUT /1/183995/AUTH_afe588ce5e36492b94129e0538b6bb45/gnocchi.f2f14138-222a-4c28-9793-d07e1731e04c/none_v3" 201 - "PUT http://[::1]:8080/1/251012/AUTH_afe588ce5e36492b94129e0538b6bb45/gnocchi.f2f14138-222a-4c28-9793-d07e1731e04c/none_v3" "tx52a3ae1d914d4c4b83055-00693cb69c" "object-server 97401" 0.0004 "-" 97099 0
Dec 12 19:43:08 np0005557753.novalocal object-server[97401]: ::1 - - [13/Dec/2025:00:43:08 +0000] "PUT /3/251012/AUTH_afe588ce5e36492b94129e0538b6bb45/gnocchi.f2f14138-222a-4c28-9793-d07e1731e04c/none_v3" 201 - "PUT http://[::1]:8080/v1/AUTH_afe588ce5e36492b94129e0538b6bb45/gnocchi.f2f14138-222a-4c28-9793-d07e1731e04c/none_v3" "tx52a3ae1d914d4c4b83055-00693cb69c" "proxy-server 90180" 0.0171 "-" 97401 0
Dec 12 19:43:08 np0005557753.novalocal object-server[97401]: ::1 - - [13/Dec/2025:00:43:08 +0000] "PUT /1/251012/AUTH_afe588ce5e36492b94129e0538b6bb45/gnocchi.f2f14138-222a-4c28-9793-d07e1731e04c/none_v3" 201 - "PUT http://[::1]:8080/v1/AUTH_afe588ce5e36492b94129e0538b6bb45/gnocchi.f2f14138-222a-4c28-9793-d07e1731e04c/none_v3" "tx52a3ae1d914d4c4b83055-00693cb69c" "proxy-server 90180" 0.0213 "-" 97401 0
Dec 12 19:43:08 np0005557753.novalocal proxy-server[90180]: ::1 ::1 13/Dec/2025/00/43/08 PUT /v1/AUTH_afe588ce5e36492b94129e0538b6bb45/gnocchi.f2f14138-222a-4c28-9793-d07e1731e04c/none_v3 HTTP/1.0 201 - python-swiftclient-4.2.0 gAAAAABpPLaCpY4p... 22 - - tx52a3ae1d914d4c4b83055-00693cb69c - 0.0304 - - 1765586588.529840469 1765586588.560191393 0
Dec 12 19:43:08 np0005557753.novalocal container-server[97097]: ::1 - - [13/Dec/2025:00:43:08 +0000] "PUT /2/177341/AUTH_afe588ce5e36492b94129e0538b6bb45/gnocchi.69435e69-7448-4dcb-9ff7-5044d8dec925/1764720000.0_mean_300.0_v3" 201 - "PUT http://[::1]:8080/2/206026/AUTH_afe588ce5e36492b94129e0538b6bb45/gnocchi.69435e69-7448-4dcb-9ff7-5044d8dec925/1764720000.0_mean_300.0_v3" "txd0b2a6d5e85e4fdeba34a-00693cb69c" "object-server 97402" 0.0005 "-" 97097 0
Dec 12 19:43:08 np0005557753.novalocal object-server[97402]: ::1 - - [13/Dec/2025:00:43:08 +0000] "PUT /2/206026/AUTH_afe588ce5e36492b94129e0538b6bb45/gnocchi.69435e69-7448-4dcb-9ff7-5044d8dec925/1764720000.0_mean_300.0_v3" 201 - "PUT http://[::1]:8080/v1/AUTH_afe588ce5e36492b94129e0538b6bb45/gnocchi.69435e69-7448-4dcb-9ff7-5044d8dec925/1764720000.0_mean_300.0_v3" "txd0b2a6d5e85e4fdeba34a-00693cb69c" "proxy-server 90180" 0.0113 "-" 97402 0
Dec 12 19:43:08 np0005557753.novalocal container-server[97097]: ::1 - - [13/Dec/2025:00:43:08 +0000] "PUT /3/177341/AUTH_afe588ce5e36492b94129e0538b6bb45/gnocchi.69435e69-7448-4dcb-9ff7-5044d8dec925/1764720000.0_mean_300.0_v3" 201 - "PUT http://[::1]:8080/3/206026/AUTH_afe588ce5e36492b94129e0538b6bb45/gnocchi.69435e69-7448-4dcb-9ff7-5044d8dec925/1764720000.0_mean_300.0_v3" "txd0b2a6d5e85e4fdeba34a-00693cb69c" "object-server 97402" 0.0003 "-" 97097 0
Dec 12 19:43:08 np0005557753.novalocal object-server[97402]: ::1 - - [13/Dec/2025:00:43:08 +0000] "PUT /3/206026/AUTH_afe588ce5e36492b94129e0538b6bb45/gnocchi.69435e69-7448-4dcb-9ff7-5044d8dec925/1764720000.0_mean_300.0_v3" 201 - "PUT http://[::1]:8080/v1/AUTH_afe588ce5e36492b94129e0538b6bb45/gnocchi.69435e69-7448-4dcb-9ff7-5044d8dec925/1764720000.0_mean_300.0_v3" "txd0b2a6d5e85e4fdeba34a-00693cb69c" "proxy-server 90180" 0.0155 "-" 97402 0
Dec 12 19:43:08 np0005557753.novalocal container-server[97096]: ::1 - - [13/Dec/2025:00:43:08 +0000] "PUT /1/177341/AUTH_afe588ce5e36492b94129e0538b6bb45/gnocchi.69435e69-7448-4dcb-9ff7-5044d8dec925/1764720000.0_mean_300.0_v3" 201 - "PUT http://[::1]:8080/1/206026/AUTH_afe588ce5e36492b94129e0538b6bb45/gnocchi.69435e69-7448-4dcb-9ff7-5044d8dec925/1764720000.0_mean_300.0_v3" "txd0b2a6d5e85e4fdeba34a-00693cb69c" "object-server 97402" 0.0034 "-" 97096 0
Dec 12 19:43:08 np0005557753.novalocal object-server[97402]: ::1 - - [13/Dec/2025:00:43:08 +0000] "PUT /1/206026/AUTH_afe588ce5e36492b94129e0538b6bb45/gnocchi.69435e69-7448-4dcb-9ff7-5044d8dec925/1764720000.0_mean_300.0_v3" 201 - "PUT http://[::1]:8080/v1/AUTH_afe588ce5e36492b94129e0538b6bb45/gnocchi.69435e69-7448-4dcb-9ff7-5044d8dec925/1764720000.0_mean_300.0_v3" "txd0b2a6d5e85e4fdeba34a-00693cb69c" "proxy-server 90180" 0.0146 "-" 97402 0
Dec 12 19:43:08 np0005557753.novalocal proxy-server[90180]: ::1 ::1 13/Dec/2025/00/43/08 PUT /v1/AUTH_afe588ce5e36492b94129e0538b6bb45/gnocchi.69435e69-7448-4dcb-9ff7-5044d8dec925/1764720000.0_mean_300.0_v3 HTTP/1.0 201 - python-swiftclient-4.2.0 gAAAAABpPLaCrEYT... 16 - - txd0b2a6d5e85e4fdeba34a-00693cb69c - 0.0236 - - 1765586588.548484564 1765586588.572116375 0
Dec 12 19:43:08 np0005557753.novalocal container-server[97099]: ::1 - - [13/Dec/2025:00:43:08 +0000] "HEAD /3/92230/AUTH_afe588ce5e36492b94129e0538b6bb45/gnocchi.f07add7a-1e9f-475b-95f9-9d77d0fd4748" 404 - "HEAD http://[::1]:8080/v1/AUTH_afe588ce5e36492b94129e0538b6bb45/gnocchi.f07add7a-1e9f-475b-95f9-9d77d0fd4748?format=json&states=listing" "txa8b0499e02174fd58cda1-00693cb69c" "proxy-server 90180" 0.0007 "-" 97099 0
Dec 12 19:43:08 np0005557753.novalocal container-server[97097]: ::1 - - [13/Dec/2025:00:43:08 +0000] "HEAD /2/92230/AUTH_afe588ce5e36492b94129e0538b6bb45/gnocchi.f07add7a-1e9f-475b-95f9-9d77d0fd4748" 404 - "HEAD http://[::1]:8080/v1/AUTH_afe588ce5e36492b94129e0538b6bb45/gnocchi.f07add7a-1e9f-475b-95f9-9d77d0fd4748?format=json&states=listing" "txa8b0499e02174fd58cda1-00693cb69c" "proxy-server 90180" 0.0003 "-" 97097 0
Dec 12 19:43:08 np0005557753.novalocal container-server[97097]: ::1 - - [13/Dec/2025:00:43:08 +0000] "HEAD /1/92230/AUTH_afe588ce5e36492b94129e0538b6bb45/gnocchi.f07add7a-1e9f-475b-95f9-9d77d0fd4748" 404 - "HEAD http://[::1]:8080/v1/AUTH_afe588ce5e36492b94129e0538b6bb45/gnocchi.f07add7a-1e9f-475b-95f9-9d77d0fd4748?format=json&states=listing" "txa8b0499e02174fd58cda1-00693cb69c" "proxy-server 90180" 0.0002 "-" 97097 0
Dec 12 19:43:08 np0005557753.novalocal container-server[97096]: ::1 - - [13/Dec/2025:00:43:08 +0000] "PUT /1/177341/AUTH_afe588ce5e36492b94129e0538b6bb45/gnocchi.69435e69-7448-4dcb-9ff7-5044d8dec925/none_v3" 201 - "PUT http://[::1]:8080/3/9942/AUTH_afe588ce5e36492b94129e0538b6bb45/gnocchi.69435e69-7448-4dcb-9ff7-5044d8dec925/none_v3" "tx283cb7e8b7bb49898954c-00693cb69c" "object-server 97402" 0.0004 "-" 97096 0
