Dec 12 19:43:09 np0005557753.novalocal proxy-server[90180]: ::1 ::1 13/Dec/2025/00/43/09 GET /v1/AUTH_afe588ce5e36492b94129e0538b6bb45/gnocchi.ccdab2bb-4428-4864-93b0-e8ee8bdea5f8/1764720000.0_mean_300.0_v3 HTTP/1.0 404 - python-swiftclient-4.2.0 gAAAAABpPLaCpY4p... - 70 - tx7675a8e317ec4d47bea16-00693cb69d - 0.0192 - - 1765586589.272383928 1765586589.291578293 0
Dec 12 19:43:09 np0005557753.novalocal account-server[96803]: ::1 - - [13/Dec/2025:00:43:09 +0000] "PUT /3/105149/AUTH_afe588ce5e36492b94129e0538b6bb45/gnocchi.f8a7528e-dce4-4a6b-8afb-39b154905960" 201 - "PUT http://[::1]:6001/1/135915/AUTH_afe588ce5e36492b94129e0538b6bb45/gnocchi.f8a7528e-dce4-4a6b-8afb-39b154905960" "txcf81a7a8b69e425a8309f-00693cb69d" "container-server 97097" 0.0042 "-" 96803 0
Dec 12 19:43:09 np0005557753.novalocal container-server[97097]: ::1 - - [13/Dec/2025:00:43:09 +0000] "PUT /1/135915/AUTH_afe588ce5e36492b94129e0538b6bb45/gnocchi.f8a7528e-dce4-4a6b-8afb-39b154905960" 201 - "PUT http://[::1]:8080/v1/AUTH_afe588ce5e36492b94129e0538b6bb45/gnocchi.f8a7528e-dce4-4a6b-8afb-39b154905960" "txcf81a7a8b69e425a8309f-00693cb69d" "proxy-server 90180" 0.0243 "-" 97097 0
Dec 12 19:43:09 np0005557753.novalocal proxy-server[90180]: ::1 ::1 13/Dec/2025/00/43/09 PUT /v1/AUTH_afe588ce5e36492b94129e0538b6bb45/gnocchi.f8a7528e-dce4-4a6b-8afb-39b154905960 HTTP/1.0 201 - python-swiftclient-4.2.0 gAAAAABpPLaCrEYT... - - - txcf81a7a8b69e425a8309f-00693cb69d - 0.0333 - - 1765586589.262472630 1765586589.295794964 0
Dec 12 19:43:09 np0005557753.novalocal container-server[97097]: ::1 - - [13/Dec/2025:00:43:09 +0000] "HEAD /2/135915/AUTH_afe588ce5e36492b94129e0538b6bb45/gnocchi.f8a7528e-dce4-4a6b-8afb-39b154905960" 204 - "HEAD http://[::1]:8080/v1/AUTH_afe588ce5e36492b94129e0538b6bb45/gnocchi.f8a7528e-dce4-4a6b-8afb-39b154905960?format=json&states=listing" "txd6523c90a4e443fb8a251-00693cb69d" "proxy-server 90180" 0.0014 "-" 97097 0
Dec 12 19:43:09 np0005557753.novalocal container-server[97099]: ::1 - - [13/Dec/2025:00:43:09 +0000] "PUT /3/63613/AUTH_afe588ce5e36492b94129e0538b6bb45/gnocchi.ccdab2bb-4428-4864-93b0-e8ee8bdea5f8/1764720000.0_mean_300.0_v3" 201 - "PUT http://[::1]:8080/1/48265/AUTH_afe588ce5e36492b94129e0538b6bb45/gnocchi.ccdab2bb-4428-4864-93b0-e8ee8bdea5f8/1764720000.0_mean_300.0_v3" "tx54114f15c2c54c2c9cffa-00693cb69d" "object-server 97401" 0.0011 "-" 97099 0
Dec 12 19:43:09 np0005557753.novalocal object-server[97401]: ::1 - - [13/Dec/2025:00:43:09 +0000] "PUT /1/48265/AUTH_afe588ce5e36492b94129e0538b6bb45/gnocchi.ccdab2bb-4428-4864-93b0-e8ee8bdea5f8/1764720000.0_mean_300.0_v3" 201 - "PUT http://[::1]:8080/v1/AUTH_afe588ce5e36492b94129e0538b6bb45/gnocchi.ccdab2bb-4428-4864-93b0-e8ee8bdea5f8/1764720000.0_mean_300.0_v3" "tx54114f15c2c54c2c9cffa-00693cb69d" "proxy-server 90180" 0.0121 "-" 97401 0
Dec 12 19:43:09 np0005557753.novalocal container-server[97098]: ::1 - - [13/Dec/2025:00:43:09 +0000] "PUT /1/63613/AUTH_afe588ce5e36492b94129e0538b6bb45/gnocchi.ccdab2bb-4428-4864-93b0-e8ee8bdea5f8/1764720000.0_mean_300.0_v3" 201 - "PUT http://[::1]:8080/3/48265/AUTH_afe588ce5e36492b94129e0538b6bb45/gnocchi.ccdab2bb-4428-4864-93b0-e8ee8bdea5f8/1764720000.0_mean_300.0_v3" "tx54114f15c2c54c2c9cffa-00693cb69d" "object-server 97402" 0.0009 "-" 97098 0
Dec 12 19:43:09 np0005557753.novalocal object-server[97402]: ::1 - - [13/Dec/2025:00:43:09 +0000] "PUT /3/48265/AUTH_afe588ce5e36492b94129e0538b6bb45/gnocchi.ccdab2bb-4428-4864-93b0-e8ee8bdea5f8/1764720000.0_mean_300.0_v3" 201 - "PUT http://[::1]:8080/v1/AUTH_afe588ce5e36492b94129e0538b6bb45/gnocchi.ccdab2bb-4428-4864-93b0-e8ee8bdea5f8/1764720000.0_mean_300.0_v3" "tx54114f15c2c54c2c9cffa-00693cb69d" "proxy-server 90180" 0.0111 "-" 97402 0
Dec 12 19:43:09 np0005557753.novalocal container-server[97097]: ::1 - - [13/Dec/2025:00:43:09 +0000] "PUT /2/63613/AUTH_afe588ce5e36492b94129e0538b6bb45/gnocchi.ccdab2bb-4428-4864-93b0-e8ee8bdea5f8/1764720000.0_mean_300.0_v3" 201 - "PUT http://[::1]:8080/2/48265/AUTH_afe588ce5e36492b94129e0538b6bb45/gnocchi.ccdab2bb-4428-4864-93b0-e8ee8bdea5f8/1764720000.0_mean_300.0_v3" "tx54114f15c2c54c2c9cffa-00693cb69d" "object-server 97402" 0.0006 "-" 97097 0
Dec 12 19:43:09 np0005557753.novalocal object-server[97402]: ::1 - - [13/Dec/2025:00:43:09 +0000] "PUT /2/48265/AUTH_afe588ce5e36492b94129e0538b6bb45/gnocchi.ccdab2bb-4428-4864-93b0-e8ee8bdea5f8/1764720000.0_mean_300.0_v3" 201 - "PUT http://[::1]:8080/v1/AUTH_afe588ce5e36492b94129e0538b6bb45/gnocchi.ccdab2bb-4428-4864-93b0-e8ee8bdea5f8/1764720000.0_mean_300.0_v3" "tx54114f15c2c54c2c9cffa-00693cb69d" "proxy-server 90180" 0.0138 "-" 97402 0
Dec 12 19:43:09 np0005557753.novalocal proxy-server[90180]: ::1 ::1 13/Dec/2025/00/43/09 PUT /v1/AUTH_afe588ce5e36492b94129e0538b6bb45/gnocchi.ccdab2bb-4428-4864-93b0-e8ee8bdea5f8/1764720000.0_mean_300.0_v3 HTTP/1.0 201 - python-swiftclient-4.2.0 gAAAAABpPLaCpY4p... 16 - - tx54114f15c2c54c2c9cffa-00693cb69d - 0.0220 - - 1765586589.294195175 1765586589.316201687 0
Dec 12 19:43:09 np0005557753.novalocal container-server[97099]: ::1 - - [13/Dec/2025:00:43:09 +0000] "GET /3/135915/AUTH_afe588ce5e36492b94129e0538b6bb45/gnocchi.f8a7528e-dce4-4a6b-8afb-39b154905960" 200 2 "GET http://[::1]:8080/v1/AUTH_afe588ce5e36492b94129e0538b6bb45/gnocchi.f8a7528e-dce4-4a6b-8afb-39b154905960?format=json&states=listing" "txd6523c90a4e443fb8a251-00693cb69d" "proxy-server 90180" 0.0043 "-" 97099 0
Dec 12 19:43:09 np0005557753.novalocal proxy-server[90180]: ::1 ::1 13/Dec/2025/00/43/09 GET /v1/AUTH_afe588ce5e36492b94129e0538b6bb45/gnocchi.f8a7528e-dce4-4a6b-8afb-39b154905960%3Fformat%3Djson%26states%3Dlisting HTTP/1.0 200 - python-swiftclient-4.2.0 gAAAAABpPLaCrEYT... - 2 - txd6523c90a4e443fb8a251-00693cb69d - 0.0203 - - 1765586589.300556898 1765586589.320807934 0
Dec 12 19:43:09 np0005557753.novalocal object-server[97401]: ::1 - - [13/Dec/2025:00:43:09 +0000] "GET /1/111640/AUTH_afe588ce5e36492b94129e0538b6bb45/gnocchi.f8a7528e-dce4-4a6b-8afb-39b154905960/1764720000.0_mean_300.0_v3" 404 70 "GET http://[::1]:8080/v1/AUTH_afe588ce5e36492b94129e0538b6bb45/gnocchi.f8a7528e-dce4-4a6b-8afb-39b154905960/1764720000.0_mean_300.0_v3" "tx5a60c505de5b4c6485eb6-00693cb69d" "proxy-server 90180" 0.0002 "-" 97401 0
Dec 12 19:43:09 np0005557753.novalocal object-server[97399]: ::1 - - [13/Dec/2025:00:43:09 +0000] "GET /3/111640/AUTH_afe588ce5e36492b94129e0538b6bb45/gnocchi.f8a7528e-dce4-4a6b-8afb-39b154905960/1764720000.0_mean_300.0_v3" 404 70 "GET http://[::1]:8080/v1/AUTH_afe588ce5e36492b94129e0538b6bb45/gnocchi.f8a7528e-dce4-4a6b-8afb-39b154905960/1764720000.0_mean_300.0_v3" "tx5a60c505de5b4c6485eb6-00693cb69d" "proxy-server 90180" 0.0009 "-" 97399 0
Dec 12 19:43:09 np0005557753.novalocal object-server[97400]: ::1 - - [13/Dec/2025:00:43:09 +0000] "GET /2/111640/AUTH_afe588ce5e36492b94129e0538b6bb45/gnocchi.f8a7528e-dce4-4a6b-8afb-39b154905960/1764720000.0_mean_300.0_v3" 404 70 "GET http://[::1]:8080/v1/AUTH_afe588ce5e36492b94129e0538b6bb45/gnocchi.f8a7528e-dce4-4a6b-8afb-39b154905960/1764720000.0_mean_300.0_v3" "tx5a60c505de5b4c6485eb6-00693cb69d" "proxy-server 90180" 0.0005 "-" 97400 0
Dec 12 19:43:09 np0005557753.novalocal proxy-server[90180]: ::1 ::1 13/Dec/2025/00/43/09 GET /v1/AUTH_afe588ce5e36492b94129e0538b6bb45/gnocchi.f8a7528e-dce4-4a6b-8afb-39b154905960/1764720000.0_mean_300.0_v3 HTTP/1.0 404 - python-swiftclient-4.2.0 gAAAAABpPLaCrEYT... - 70 - tx5a60c505de5b4c6485eb6-00693cb69d - 0.0153 - - 1765586589.326242924 1765586589.341552019 0
Dec 12 19:43:09 np0005557753.novalocal container-server[97096]: ::1 - - [13/Dec/2025:00:43:09 +0000] "PUT /3/63613/AUTH_afe588ce5e36492b94129e0538b6bb45/gnocchi.ccdab2bb-4428-4864-93b0-e8ee8bdea5f8/none_v3" 201 - "PUT http://[::1]:8080/1/128190/AUTH_afe588ce5e36492b94129e0538b6bb45/gnocchi.ccdab2bb-4428-4864-93b0-e8ee8bdea5f8/none_v3" "tx32c3a54a69bb42398bd5d-00693cb69d" "object-server 97399" 0.0007 "-" 97096 0
Dec 12 19:43:09 np0005557753.novalocal container-server[97097]: ::1 - - [13/Dec/2025:00:43:09 +0000] "PUT /2/63613/AUTH_afe588ce5e36492b94129e0538b6bb45/gnocchi.ccdab2bb-4428-4864-93b0-e8ee8bdea5f8/none_v3" 201 - "PUT http://[::1]:8080/3/128190/AUTH_afe588ce5e36492b94129e0538b6bb45/gnocchi.ccdab2bb-4428-4864-93b0-e8ee8bdea5f8/none_v3" "tx32c3a54a69bb42398bd5d-00693cb69d" "object-server 97401" 0.0009 "-" 97097 0
Dec 12 19:43:09 np0005557753.novalocal object-server[97401]: ::1 - - [13/Dec/2025:00:43:09 +0000] "PUT /3/128190/AUTH_afe588ce5e36492b94129e0538b6bb45/gnocchi.ccdab2bb-4428-4864-93b0-e8ee8bdea5f8/none_v3" 201 - "PUT http://[::1]:8080/v1/AUTH_afe588ce5e36492b94129e0538b6bb45/gnocchi.ccdab2bb-4428-4864-93b0-e8ee8bdea5f8/none_v3" "tx32c3a54a69bb42398bd5d-00693cb69d" "proxy-server 90180" 0.0194 "-" 97401 0
Dec 12 19:43:09 np0005557753.novalocal object-server[97399]: ::1 - - [13/Dec/2025:00:43:09 +0000] "PUT /1/128190/AUTH_afe588ce5e36492b94129e0538b6bb45/gnocchi.ccdab2bb-4428-4864-93b0-e8ee8bdea5f8/none_v3" 201 - "PUT http://[::1]:8080/v1/AUTH_afe588ce5e36492b94129e0538b6bb45/gnocchi.ccdab2bb-4428-4864-93b0-e8ee8bdea5f8/none_v3" "tx32c3a54a69bb42398bd5d-00693cb69d" "proxy-server 90180" 0.0191 "-" 97399 0
Dec 12 19:43:09 np0005557753.novalocal container-server[97099]: ::1 - - [13/Dec/2025:00:43:09 +0000] "PUT /1/63613/AUTH_afe588ce5e36492b94129e0538b6bb45/gnocchi.ccdab2bb-4428-4864-93b0-e8ee8bdea5f8/none_v3" 201 - "PUT http://[::1]:8080/2/128190/AUTH_afe588ce5e36492b94129e0538b6bb45/gnocchi.ccdab2bb-4428-4864-93b0-e8ee8bdea5f8/none_v3" "tx32c3a54a69bb42398bd5d-00693cb69d" "object-server 97399" 0.0011 "-" 97099 0
Dec 12 19:43:09 np0005557753.novalocal object-server[97399]: ::1 - - [13/Dec/2025:00:43:09 +0000] "PUT /2/128190/AUTH_afe588ce5e36492b94129e0538b6bb45/gnocchi.ccdab2bb-4428-4864-93b0-e8ee8bdea5f8/none_v3" 201 - "PUT http://[::1]:8080/v1/AUTH_afe588ce5e36492b94129e0538b6bb45/gnocchi.ccdab2bb-4428-4864-93b0-e8ee8bdea5f8/none_v3" "tx32c3a54a69bb42398bd5d-00693cb69d" "proxy-server 90180" 0.0187 "-" 97399 0
Dec 12 19:43:09 np0005557753.novalocal proxy-server[90180]: ::1 ::1 13/Dec/2025/00/43/09 PUT /v1/AUTH_afe588ce5e36492b94129e0538b6bb45/gnocchi.ccdab2bb-4428-4864-93b0-e8ee8bdea5f8/none_v3 HTTP/1.0 201 - python-swiftclient-4.2.0 gAAAAABpPLaCpY4p... 22 - - tx32c3a54a69bb42398bd5d-00693cb69d - 0.0275 - - 1765586589.322091818 1765586589.349625826 0
Dec 12 19:43:09 np0005557753.novalocal container-server[97097]: ::1 - - [13/Dec/2025:00:43:09 +0000] "PUT /1/135915/AUTH_afe588ce5e36492b94129e0538b6bb45/gnocchi.f8a7528e-dce4-4a6b-8afb-39b154905960/1764720000.0_mean_300.0_v3" 201 - "PUT http://[::1]:8080/1/111640/AUTH_afe588ce5e36492b94129e0538b6bb45/gnocchi.f8a7528e-dce4-4a6b-8afb-39b154905960/1764720000.0_mean_300.0_v3" "txe815c7334fd448dea6968-00693cb69d" "object-server 97402" 0.0005 "-" 97097 0
Dec 12 19:43:09 np0005557753.novalocal object-server[97402]: ::1 - - [13/Dec/2025:00:43:09 +0000] "PUT /1/111640/AUTH_afe588ce5e36492b94129e0538b6bb45/gnocchi.f8a7528e-dce4-4a6b-8afb-39b154905960/1764720000.0_mean_300.0_v3" 201 - "PUT http://[::1]:8080/v1/AUTH_afe588ce5e36492b94129e0538b6bb45/gnocchi.f8a7528e-dce4-4a6b-8afb-39b154905960/1764720000.0_mean_300.0_v3" "txe815c7334fd448dea6968-00693cb69d" "proxy-server 90180" 0.0106 "-" 97402 0
Dec 12 19:43:09 np0005557753.novalocal container-server[97098]: ::1 - - [13/Dec/2025:00:43:09 +0000] "PUT /2/135915/AUTH_afe588ce5e36492b94129e0538b6bb45/gnocchi.f8a7528e-dce4-4a6b-8afb-39b154905960/1764720000.0_mean_300.0_v3" 201 - "PUT http://[::1]:8080/3/111640/AUTH_afe588ce5e36492b94129e0538b6bb45/gnocchi.f8a7528e-dce4-4a6b-8afb-39b154905960/1764720000.0_mean_300.0_v3" "txe815c7334fd448dea6968-00693cb69d" "object-server 97400" 0.0008 "-" 97098 0
Dec 12 19:43:09 np0005557753.novalocal object-server[97400]: ::1 - - [13/Dec/2025:00:43:09 +0000] "PUT /3/111640/AUTH_afe588ce5e36492b94129e0538b6bb45/gnocchi.f8a7528e-dce4-4a6b-8afb-39b154905960/1764720000.0_mean_300.0_v3" 201 - "PUT http://[::1]:8080/v1/AUTH_afe588ce5e36492b94129e0538b6bb45/gnocchi.f8a7528e-dce4-4a6b-8afb-39b154905960/1764720000.0_mean_300.0_v3" "txe815c7334fd448dea6968-00693cb69d" "proxy-server 90180" 0.0141 "-" 97400 0
Dec 12 19:43:09 np0005557753.novalocal container-server[97098]: ::1 - - [13/Dec/2025:00:43:09 +0000] "PUT /3/135915/AUTH_afe588ce5e36492b94129e0538b6bb45/gnocchi.f8a7528e-dce4-4a6b-8afb-39b154905960/1764720000.0_mean_300.0_v3" 201 - "PUT http://[::1]:8080/2/111640/AUTH_afe588ce5e36492b94129e0538b6bb45/gnocchi.f8a7528e-dce4-4a6b-8afb-39b154905960/1764720000.0_mean_300.0_v3" "txe815c7334fd448dea6968-00693cb69d" "object-server 97399" 0.0005 "-" 97098 0
Dec 12 19:43:09 np0005557753.novalocal container-server[97099]: ::1 - - [13/Dec/2025:00:43:09 +0000] "HEAD /3/54529/AUTH_afe588ce5e36492b94129e0538b6bb45/gnocchi.0c458f48-4f22-446a-a54b-37ff0d6ebeda" 404 - "HEAD http://[::1]:8080/v1/AUTH_afe588ce5e36492b94129e0538b6bb45/gnocchi.0c458f48-4f22-446a-a54b-37ff0d6ebeda?format=json&states=listing" "txad4e7393d4c24c9bbc741-00693cb69d" "proxy-server 90180" 0.0005 "-" 97099 0
Dec 12 19:43:09 np0005557753.novalocal object-server[97399]: ::1 - - [13/Dec/2025:00:43:09 +0000] "PUT /2/111640/AUTH_afe588ce5e36492b94129e0538b6bb45/gnocchi.f8a7528e-dce4-4a6b-8afb-39b154905960/1764720000.0_mean_300.0_v3" 201 - "PUT http://[::1]:8080/v1/AUTH_afe588ce5e36492b94129e0538b6bb45/gnocchi.f8a7528e-dce4-4a6b-8afb-39b154905960/1764720000.0_mean_300.0_v3" "txe815c7334fd448dea6968-00693cb69d" "proxy-server 90180" 0.0156 "-" 97399 0
Dec 12 19:43:09 np0005557753.novalocal proxy-server[90180]: ::1 ::1 13/Dec/2025/00/43/09 PUT /v1/AUTH_afe588ce5e36492b94129e0538b6bb45/gnocchi.f8a7528e-dce4-4a6b-8afb-39b154905960/1764720000.0_mean_300.0_v3 HTTP/1.0 201 - python-swiftclient-4.2.0 gAAAAABpPLaCrEYT... 16 - - txe815c7334fd448dea6968-00693cb69d - 0.0220 - - 1765586589.344415903 1765586589.366428375 0
Dec 12 19:43:09 np0005557753.novalocal container-server[97099]: ::1 - - [13/Dec/2025:00:43:09 +0000] "HEAD /1/54529/AUTH_afe588ce5e36492b94129e0538b6bb45/gnocchi.0c458f48-4f22-446a-a54b-37ff0d6ebeda" 404 - "HEAD http://[::1]:8080/v1/AUTH_afe588ce5e36492b94129e0538b6bb45/gnocchi.0c458f48-4f22-446a-a54b-37ff0d6ebeda?format=json&states=listing" "txad4e7393d4c24c9bbc741-00693cb69d" "proxy-server 90180" 0.0004 "-" 97099 0
Dec 12 19:43:09 np0005557753.novalocal container-server[97099]: ::1 - - [13/Dec/2025:00:43:09 +0000] "HEAD /2/54529/AUTH_afe588ce5e36492b94129e0538b6bb45/gnocchi.0c458f48-4f22-446a-a54b-37ff0d6ebeda" 404 - "HEAD http://[::1]:8080/v1/AUTH_afe588ce5e36492b94129e0538b6bb45/gnocchi.0c458f48-4f22-446a-a54b-37ff0d6ebeda?format=json&states=listing" "txad4e7393d4c24c9bbc741-00693cb69d" "proxy-server 90180" 0.0004 "-" 97099 0
Dec 12 19:43:09 np0005557753.novalocal object-server[97400]: ::1 - - [13/Dec/2025:00:43:09 +0000] "GET /1/53528/AUTH_afe588ce5e36492b94129e0538b6bb45/gnocchi.0c458f48-4f22-446a-a54b-37ff0d6ebeda/none_v3" 404 70 "GET http://[::1]:8080/v1/AUTH_afe588ce5e36492b94129e0538b6bb45/gnocchi.0c458f48-4f22-446a-a54b-37ff0d6ebeda/none_v3" "txad4e7393d4c24c9bbc741-00693cb69d" "proxy-server 90180" 0.0003 "-" 97400 0
Dec 12 19:43:09 np0005557753.novalocal object-server[97401]: ::1 - - [13/Dec/2025:00:43:09 +0000] "GET /2/53528/AUTH_afe588ce5e36492b94129e0538b6bb45/gnocchi.0c458f48-4f22-446a-a54b-37ff0d6ebeda/none_v3" 404 70 "GET http://[::1]:8080/v1/AUTH_afe588ce5e36492b94129e0538b6bb45/gnocchi.0c458f48-4f22-446a-a54b-37ff0d6ebeda/none_v3" "txad4e7393d4c24c9bbc741-00693cb69d" "proxy-server 90180" 0.0003 "-" 97401 0
Dec 12 19:43:09 np0005557753.novalocal object-server[97400]: ::1 - - [13/Dec/2025:00:43:09 +0000] "GET /3/53528/AUTH_afe588ce5e36492b94129e0538b6bb45/gnocchi.0c458f48-4f22-446a-a54b-37ff0d6ebeda/none_v3" 404 70 "GET http://[::1]:8080/v1/AUTH_afe588ce5e36492b94129e0538b6bb45/gnocchi.0c458f48-4f22-446a-a54b-37ff0d6ebeda/none_v3" "txad4e7393d4c24c9bbc741-00693cb69d" "proxy-server 90180" 0.0003 "-" 97400 0
Dec 12 19:43:09 np0005557753.novalocal proxy-server[90180]: ::1 ::1 13/Dec/2025/00/43/09 GET /v1/AUTH_afe588ce5e36492b94129e0538b6bb45/gnocchi.0c458f48-4f22-446a-a54b-37ff0d6ebeda/none_v3 HTTP/1.0 404 - python-swiftclient-4.2.0 gAAAAABpPLaCpY4p... - 70 - txad4e7393d4c24c9bbc741-00693cb69d - 0.0199 - - 1765586589.361228466 1765586589.381120920 0
Dec 12 19:43:09 np0005557753.novalocal container-server[97097]: ::1 - - [13/Dec/2025:00:43:09 +0000] "PUT /3/135915/AUTH_afe588ce5e36492b94129e0538b6bb45/gnocchi.f8a7528e-dce4-4a6b-8afb-39b154905960/none_v3" 201 - "PUT http://[::1]:8080/1/114665/AUTH_afe588ce5e36492b94129e0538b6bb45/gnocchi.f8a7528e-dce4-4a6b-8afb-39b154905960/none_v3" "tx0bbc2ed0c1ee4838ac14d-00693cb69d" "object-server 97402" 0.0005 "-" 97097 0
Dec 12 19:43:09 np0005557753.novalocal container-server[97097]: ::1 - - [13/Dec/2025:00:43:09 +0000] "PUT /2/135915/AUTH_afe588ce5e36492b94129e0538b6bb45/gnocchi.f8a7528e-dce4-4a6b-8afb-39b154905960/none_v3" 201 - "PUT http://[::1]:8080/2/114665/AUTH_afe588ce5e36492b94129e0538b6bb45/gnocchi.f8a7528e-dce4-4a6b-8afb-39b154905960/none_v3" "tx0bbc2ed0c1ee4838ac14d-00693cb69d" "object-server 97402" 0.0004 "-" 97097 0
Dec 12 19:43:09 np0005557753.novalocal object-server[97402]: ::1 - - [13/Dec/2025:00:43:09 +0000] "PUT /2/114665/AUTH_afe588ce5e36492b94129e0538b6bb45/gnocchi.f8a7528e-dce4-4a6b-8afb-39b154905960/none_v3" 201 - "PUT http://[::1]:8080/v1/AUTH_afe588ce5e36492b94129e0538b6bb45/gnocchi.f8a7528e-dce4-4a6b-8afb-39b154905960/none_v3" "tx0bbc2ed0c1ee4838ac14d-00693cb69d" "proxy-server 90180" 0.0260 "-" 97402 0
Dec 12 19:43:09 np0005557753.novalocal account-server[96805]: ::1 - - [13/Dec/2025:00:43:09 +0000] "PUT /1/105149/AUTH_afe588ce5e36492b94129e0538b6bb45/gnocchi.0c458f48-4f22-446a-a54b-37ff0d6ebeda" 201 - "PUT http://[::1]:6001/1/54529/AUTH_afe588ce5e36492b94129e0538b6bb45/gnocchi.0c458f48-4f22-446a-a54b-37ff0d6ebeda" "txb8745e35e3fc44b6be3ca-00693cb69d" "container-server 97097" 0.0062 "-" 96805 0
Dec 12 19:43:09 np0005557753.novalocal container-server[97097]: ::1 - - [13/Dec/2025:00:43:09 +0000] "PUT /1/54529/AUTH_afe588ce5e36492b94129e0538b6bb45/gnocchi.0c458f48-4f22-446a-a54b-37ff0d6ebeda" 201 - "PUT http://[::1]:8080/v1/AUTH_afe588ce5e36492b94129e0538b6bb45/gnocchi.0c458f48-4f22-446a-a54b-37ff0d6ebeda" "txb8745e35e3fc44b6be3ca-00693cb69d" "proxy-server 90180" 0.0184 "-" 97097 0
Dec 12 19:43:09 np0005557753.novalocal account-server[96803]: ::1 - - [13/Dec/2025:00:43:09 +0000] "PUT /3/105149/AUTH_afe588ce5e36492b94129e0538b6bb45/gnocchi.0c458f48-4f22-446a-a54b-37ff0d6ebeda" 201 - "PUT http://[::1]:6001/3/54529/AUTH_afe588ce5e36492b94129e0538b6bb45/gnocchi.0c458f48-4f22-446a-a54b-37ff0d6ebeda" "txb8745e35e3fc44b6be3ca-00693cb69d" "container-server 97096" 0.0052 "-" 96803 0
Dec 12 19:43:09 np0005557753.novalocal object-server[97402]: ::1 - - [13/Dec/2025:00:43:09 +0000] "PUT /1/114665/AUTH_afe588ce5e36492b94129e0538b6bb45/gnocchi.f8a7528e-dce4-4a6b-8afb-39b154905960/none_v3" 201 - "PUT http://[::1]:8080/v1/AUTH_afe588ce5e36492b94129e0538b6bb45/gnocchi.f8a7528e-dce4-4a6b-8afb-39b154905960/none_v3" "tx0bbc2ed0c1ee4838ac14d-00693cb69d" "proxy-server 90180" 0.0254 "-" 97402 0
Dec 12 19:43:09 np0005557753.novalocal container-server[97096]: ::1 - - [13/Dec/2025:00:43:09 +0000] "PUT /3/54529/AUTH_afe588ce5e36492b94129e0538b6bb45/gnocchi.0c458f48-4f22-446a-a54b-37ff0d6ebeda" 201 - "PUT http://[::1]:8080/v1/AUTH_afe588ce5e36492b94129e0538b6bb45/gnocchi.0c458f48-4f22-446a-a54b-37ff0d6ebeda" "txb8745e35e3fc44b6be3ca-00693cb69d" "proxy-server 90180" 0.0218 "-" 97096 0
Dec 12 19:43:09 np0005557753.novalocal container-server[97098]: ::1 - - [13/Dec/2025:00:43:09 +0000] "PUT /1/135915/AUTH_afe588ce5e36492b94129e0538b6bb45/gnocchi.f8a7528e-dce4-4a6b-8afb-39b154905960/none_v3" 201 - "PUT http://[::1]:8080/3/114665/AUTH_afe588ce5e36492b94129e0538b6bb45/gnocchi.f8a7528e-dce4-4a6b-8afb-39b154905960/none_v3" "tx0bbc2ed0c1ee4838ac14d-00693cb69d" "object-server 97402" 0.0006 "-" 97098 0
Dec 12 19:43:09 np0005557753.novalocal object-server[97402]: ::1 - - [13/Dec/2025:00:43:09 +0000] "PUT /3/114665/AUTH_afe588ce5e36492b94129e0538b6bb45/gnocchi.f8a7528e-dce4-4a6b-8afb-39b154905960/none_v3" 201 - "PUT http://[::1]:8080/v1/AUTH_afe588ce5e36492b94129e0538b6bb45/gnocchi.f8a7528e-dce4-4a6b-8afb-39b154905960/none_v3" "tx0bbc2ed0c1ee4838ac14d-00693cb69d" "proxy-server 90180" 0.0375 "-" 97402 0
Dec 12 19:43:09 np0005557753.novalocal proxy-server[90180]: ::1 ::1 13/Dec/2025/00/43/09 PUT /v1/AUTH_afe588ce5e36492b94129e0538b6bb45/gnocchi.f8a7528e-dce4-4a6b-8afb-39b154905960/none_v3 HTTP/1.0 201 - python-swiftclient-4.2.0 gAAAAABpPLaCrEYT... 22 - - tx0bbc2ed0c1ee4838ac14d-00693cb69d - 0.0494 - - 1765586589.369513988 1765586589.418876410 0
Dec 12 19:43:09 np0005557753.novalocal account-server[96803]: ::1 - - [13/Dec/2025:00:43:09 +0000] "PUT /2/105149/AUTH_afe588ce5e36492b94129e0538b6bb45/gnocchi.0c458f48-4f22-446a-a54b-37ff0d6ebeda" 201 - "PUT http://[::1]:6001/2/54529/AUTH_afe588ce5e36492b94129e0538b6bb45/gnocchi.0c458f48-4f22-446a-a54b-37ff0d6ebeda" "txb8745e35e3fc44b6be3ca-00693cb69d" "container-server 97098" 0.0048 "-" 96803 0
Dec 12 19:43:09 np0005557753.novalocal container-server[97098]: ::1 - - [13/Dec/2025:00:43:09 +0000] "PUT /2/54529/AUTH_afe588ce5e36492b94129e0538b6bb45/gnocchi.0c458f48-4f22-446a-a54b-37ff0d6ebeda" 201 - "PUT http://[::1]:8080/v1/AUTH_afe588ce5e36492b94129e0538b6bb45/gnocchi.0c458f48-4f22-446a-a54b-37ff0d6ebeda" "txb8745e35e3fc44b6be3ca-00693cb69d" "proxy-server 90180" 0.0309 "-" 97098 0
Dec 12 19:43:09 np0005557753.novalocal proxy-server[90180]: ::1 ::1 13/Dec/2025/00/43/09 PUT /v1/AUTH_afe588ce5e36492b94129e0538b6bb45/gnocchi.0c458f48-4f22-446a-a54b-37ff0d6ebeda HTTP/1.0 201 - python-swiftclient-4.2.0 gAAAAABpPLaCpY4p... - - - txb8745e35e3fc44b6be3ca-00693cb69d - 0.0410 - - 1765586589.383098125 1765586589.424092770 0
Dec 12 19:43:09 np0005557753.novalocal container-server[97097]: ::1 - - [13/Dec/2025:00:43:09 +0000] "HEAD /1/54529/AUTH_afe588ce5e36492b94129e0538b6bb45/gnocchi.0c458f48-4f22-446a-a54b-37ff0d6ebeda" 204 - "HEAD http://[::1]:8080/v1/AUTH_afe588ce5e36492b94129e0538b6bb45/gnocchi.0c458f48-4f22-446a-a54b-37ff0d6ebeda?format=json&states=listing" "txde588781defc4f5d83b2e-00693cb69d" "proxy-server 90180" 0.0016 "-" 97097 0
Dec 12 19:43:09 np0005557753.novalocal container-server[97097]: ::1 - - [13/Dec/2025:00:43:09 +0000] "GET /3/54529/AUTH_afe588ce5e36492b94129e0538b6bb45/gnocchi.0c458f48-4f22-446a-a54b-37ff0d6ebeda" 200 2 "GET http://[::1]:8080/v1/AUTH_afe588ce5e36492b94129e0538b6bb45/gnocchi.0c458f48-4f22-446a-a54b-37ff0d6ebeda?format=json&states=listing" "txde588781defc4f5d83b2e-00693cb69d" "proxy-server 90180" 0.0024 "-" 97097 0
Dec 12 19:43:09 np0005557753.novalocal container-server[97099]: ::1 - - [13/Dec/2025:00:43:09 +0000] "HEAD /3/222563/AUTH_afe588ce5e36492b94129e0538b6bb45/gnocchi.be7f341b-d249-4b0d-9c7a-7c12f6bd8bc7" 404 - "HEAD http://[::1]:8080/v1/AUTH_afe588ce5e36492b94129e0538b6bb45/gnocchi.be7f341b-d249-4b0d-9c7a-7c12f6bd8bc7?format=json&states=listing" "txb5cd5afafcc44d7c81fba-00693cb69d" "proxy-server 90180" 0.0007 "-" 97099 0
Dec 12 19:43:09 np0005557753.novalocal proxy-server[90180]: ::1 ::1 13/Dec/2025/00/43/09 GET /v1/AUTH_afe588ce5e36492b94129e0538b6bb45/gnocchi.0c458f48-4f22-446a-a54b-37ff0d6ebeda%3Fformat%3Djson%26states%3Dlisting HTTP/1.0 200 - python-swiftclient-4.2.0 gAAAAABpPLaCpY4p... - 2 - txde588781defc4f5d83b2e-00693cb69d - 0.0132 - - 1765586589.426776648 1765586589.439934254 0
Dec 12 19:43:09 np0005557753.novalocal container-server[97099]: ::1 - - [13/Dec/2025:00:43:09 +0000] "HEAD /1/222563/AUTH_afe588ce5e36492b94129e0538b6bb45/gnocchi.be7f341b-d249-4b0d-9c7a-7c12f6bd8bc7" 404 - "HEAD http://[::1]:8080/v1/AUTH_afe588ce5e36492b94129e0538b6bb45/gnocchi.be7f341b-d249-4b0d-9c7a-7c12f6bd8bc7?format=json&states=listing" "txb5cd5afafcc44d7c81fba-00693cb69d" "proxy-server 90180" 0.0004 "-" 97099 0
Dec 12 19:43:09 np0005557753.novalocal container-server[97096]: ::1 - - [13/Dec/2025:00:43:09 +0000] "HEAD /2/222563/AUTH_afe588ce5e36492b94129e0538b6bb45/gnocchi.be7f341b-d249-4b0d-9c7a-7c12f6bd8bc7" 404 - "HEAD http://[::1]:8080/v1/AUTH_afe588ce5e36492b94129e0538b6bb45/gnocchi.be7f341b-d249-4b0d-9c7a-7c12f6bd8bc7?format=json&states=listing" "txb5cd5afafcc44d7c81fba-00693cb69d" "proxy-server 90180" 0.0004 "-" 97096 0
Dec 12 19:43:09 np0005557753.novalocal object-server[97400]: ::1 - - [13/Dec/2025:00:43:09 +0000] "GET /1/159937/AUTH_afe588ce5e36492b94129e0538b6bb45/gnocchi.0c458f48-4f22-446a-a54b-37ff0d6ebeda/1764720000.0_mean_300.0_v3" 404 70 "GET http://[::1]:8080/v1/AUTH_afe588ce5e36492b94129e0538b6bb45/gnocchi.0c458f48-4f22-446a-a54b-37ff0d6ebeda/1764720000.0_mean_300.0_v3" "tx09ae5e9d3a7b4deea8bb9-00693cb69d" "proxy-server 90180" 0.0006 "-" 97400 0
Dec 12 19:43:09 np0005557753.novalocal object-server[97400]: ::1 - - [13/Dec/2025:00:43:09 +0000] "GET /3/197224/AUTH_afe588ce5e36492b94129e0538b6bb45/gnocchi.be7f341b-d249-4b0d-9c7a-7c12f6bd8bc7/none_v3" 404 70 "GET http://[::1]:8080/v1/AUTH_afe588ce5e36492b94129e0538b6bb45/gnocchi.be7f341b-d249-4b0d-9c7a-7c12f6bd8bc7/none_v3" "txb5cd5afafcc44d7c81fba-00693cb69d" "proxy-server 90180" 0.0002 "-" 97400 0
Dec 12 19:43:09 np0005557753.novalocal object-server[97401]: ::1 - - [13/Dec/2025:00:43:09 +0000] "GET /2/159937/AUTH_afe588ce5e36492b94129e0538b6bb45/gnocchi.0c458f48-4f22-446a-a54b-37ff0d6ebeda/1764720000.0_mean_300.0_v3" 404 70 "GET http://[::1]:8080/v1/AUTH_afe588ce5e36492b94129e0538b6bb45/gnocchi.0c458f48-4f22-446a-a54b-37ff0d6ebeda/1764720000.0_mean_300.0_v3" "tx09ae5e9d3a7b4deea8bb9-00693cb69d" "proxy-server 90180" 0.0004 "-" 97401 0
Dec 12 19:43:09 np0005557753.novalocal object-server[97400]: ::1 - - [13/Dec/2025:00:43:09 +0000] "GET /1/197224/AUTH_afe588ce5e36492b94129e0538b6bb45/gnocchi.be7f341b-d249-4b0d-9c7a-7c12f6bd8bc7/none_v3" 404 70 "GET http://[::1]:8080/v1/AUTH_afe588ce5e36492b94129e0538b6bb45/gnocchi.be7f341b-d249-4b0d-9c7a-7c12f6bd8bc7/none_v3" "txb5cd5afafcc44d7c81fba-00693cb69d" "proxy-server 90180" 0.0002 "-" 97400 0
Dec 12 19:43:09 np0005557753.novalocal object-server[97399]: ::1 - - [13/Dec/2025:00:43:09 +0000] "GET /3/159937/AUTH_afe588ce5e36492b94129e0538b6bb45/gnocchi.0c458f48-4f22-446a-a54b-37ff0d6ebeda/1764720000.0_mean_300.0_v3" 404 70 "GET http://[::1]:8080/v1/AUTH_afe588ce5e36492b94129e0538b6bb45/gnocchi.0c458f48-4f22-446a-a54b-37ff0d6ebeda/1764720000.0_mean_300.0_v3" "tx09ae5e9d3a7b4deea8bb9-00693cb69d" "proxy-server 90180" 0.0006 "-" 97399 0
Dec 12 19:43:09 np0005557753.novalocal object-server[97401]: ::1 - - [13/Dec/2025:00:43:09 +0000] "GET /2/197224/AUTH_afe588ce5e36492b94129e0538b6bb45/gnocchi.be7f341b-d249-4b0d-9c7a-7c12f6bd8bc7/none_v3" 404 70 "GET http://[::1]:8080/v1/AUTH_afe588ce5e36492b94129e0538b6bb45/gnocchi.be7f341b-d249-4b0d-9c7a-7c12f6bd8bc7/none_v3" "txb5cd5afafcc44d7c81fba-00693cb69d" "proxy-server 90180" 0.0005 "-" 97401 0
Dec 12 19:43:09 np0005557753.novalocal proxy-server[90180]: ::1 ::1 13/Dec/2025/00/43/09 GET /v1/AUTH_afe588ce5e36492b94129e0538b6bb45/gnocchi.0c458f48-4f22-446a-a54b-37ff0d6ebeda/1764720000.0_mean_300.0_v3 HTTP/1.0 404 - python-swiftclient-4.2.0 gAAAAABpPLaCpY4p... - 70 - tx09ae5e9d3a7b4deea8bb9-00693cb69d - 0.0174 - - 1765586589.442438602 1765586589.459850311 0
Dec 12 19:43:09 np0005557753.novalocal proxy-server[90180]: ::1 ::1 13/Dec/2025/00/43/09 GET /v1/AUTH_afe588ce5e36492b94129e0538b6bb45/gnocchi.be7f341b-d249-4b0d-9c7a-7c12f6bd8bc7/none_v3 HTTP/1.0 404 - python-swiftclient-4.2.0 gAAAAABpPLaCrEYT... - 70 - txb5cd5afafcc44d7c81fba-00693cb69d - 0.0265 - - 1765586589.435305119 1765586589.461774111 0
Dec 12 19:43:09 np0005557753.novalocal container-server[97096]: ::1 - - [13/Dec/2025:00:43:09 +0000] "PUT /2/54529/AUTH_afe588ce5e36492b94129e0538b6bb45/gnocchi.0c458f48-4f22-446a-a54b-37ff0d6ebeda/1764720000.0_mean_300.0_v3" 201 - "PUT http://[::1]:8080/1/159937/AUTH_afe588ce5e36492b94129e0538b6bb45/gnocchi.0c458f48-4f22-446a-a54b-37ff0d6ebeda/1764720000.0_mean_300.0_v3" "txd0cdd9ab8aca4e77947bf-00693cb69d" "object-server 97400" 0.0011 "-" 97096 0
Dec 12 19:43:09 np0005557753.novalocal object-server[97400]: ::1 - - [13/Dec/2025:00:43:09 +0000] "PUT /1/159937/AUTH_afe588ce5e36492b94129e0538b6bb45/gnocchi.0c458f48-4f22-446a-a54b-37ff0d6ebeda/1764720000.0_mean_300.0_v3" 201 - "PUT http://[::1]:8080/v1/AUTH_afe588ce5e36492b94129e0538b6bb45/gnocchi.0c458f48-4f22-446a-a54b-37ff0d6ebeda/1764720000.0_mean_300.0_v3" "txd0cdd9ab8aca4e77947bf-00693cb69d" "proxy-server 90180" 0.0168 "-" 97400 0
Dec 12 19:43:09 np0005557753.novalocal container-server[97096]: ::1 - - [13/Dec/2025:00:43:09 +0000] "PUT /1/54529/AUTH_afe588ce5e36492b94129e0538b6bb45/gnocchi.0c458f48-4f22-446a-a54b-37ff0d6ebeda/1764720000.0_mean_300.0_v3" 201 - "PUT http://[::1]:8080/3/159937/AUTH_afe588ce5e36492b94129e0538b6bb45/gnocchi.0c458f48-4f22-446a-a54b-37ff0d6ebeda/1764720000.0_mean_300.0_v3" "txd0cdd9ab8aca4e77947bf-00693cb69d" "object-server 97400" 0.0007 "-" 97096 0
Dec 12 19:43:09 np0005557753.novalocal object-server[97400]: ::1 - - [13/Dec/2025:00:43:09 +0000] "PUT /3/159937/AUTH_afe588ce5e36492b94129e0538b6bb45/gnocchi.0c458f48-4f22-446a-a54b-37ff0d6ebeda/1764720000.0_mean_300.0_v3" 201 - "PUT http://[::1]:8080/v1/AUTH_afe588ce5e36492b94129e0538b6bb45/gnocchi.0c458f48-4f22-446a-a54b-37ff0d6ebeda/1764720000.0_mean_300.0_v3" "txd0cdd9ab8aca4e77947bf-00693cb69d" "proxy-server 90180" 0.0201 "-" 97400 0
Dec 12 19:43:09 np0005557753.novalocal account-server[96803]: ::1 - - [13/Dec/2025:00:43:09 +0000] "PUT /1/105149/AUTH_afe588ce5e36492b94129e0538b6bb45/gnocchi.be7f341b-d249-4b0d-9c7a-7c12f6bd8bc7" 201 - "PUT http://[::1]:6001/1/222563/AUTH_afe588ce5e36492b94129e0538b6bb45/gnocchi.be7f341b-d249-4b0d-9c7a-7c12f6bd8bc7" "tx8e4b6e5049f2448486de2-00693cb69d" "container-server 97099" 0.0047 "-" 96803 0
Dec 12 19:43:09 np0005557753.novalocal account-server[96805]: ::1 - - [13/Dec/2025:00:43:09 +0000] "PUT /2/105149/AUTH_afe588ce5e36492b94129e0538b6bb45/gnocchi.be7f341b-d249-4b0d-9c7a-7c12f6bd8bc7" 201 - "PUT http://[::1]:6001/3/222563/AUTH_afe588ce5e36492b94129e0538b6bb45/gnocchi.be7f341b-d249-4b0d-9c7a-7c12f6bd8bc7" "tx8e4b6e5049f2448486de2-00693cb69d" "container-server 97098" 0.0054 "-" 96805 0
Dec 12 19:43:09 np0005557753.novalocal container-server[97099]: ::1 - - [13/Dec/2025:00:43:09 +0000] "PUT /1/222563/AUTH_afe588ce5e36492b94129e0538b6bb45/gnocchi.be7f341b-d249-4b0d-9c7a-7c12f6bd8bc7" 201 - "PUT http://[::1]:8080/v1/AUTH_afe588ce5e36492b94129e0538b6bb45/gnocchi.be7f341b-d249-4b0d-9c7a-7c12f6bd8bc7" "tx8e4b6e5049f2448486de2-00693cb69d" "proxy-server 90180" 0.0209 "-" 97099 0
Dec 12 19:43:09 np0005557753.novalocal container-server[97098]: ::1 - - [13/Dec/2025:00:43:09 +0000] "PUT /3/54529/AUTH_afe588ce5e36492b94129e0538b6bb45/gnocchi.0c458f48-4f22-446a-a54b-37ff0d6ebeda/1764720000.0_mean_300.0_v3" 201 - "PUT http://[::1]:8080/2/159937/AUTH_afe588ce5e36492b94129e0538b6bb45/gnocchi.0c458f48-4f22-446a-a54b-37ff0d6ebeda/1764720000.0_mean_300.0_v3" "txd0cdd9ab8aca4e77947bf-00693cb69d" "object-server 97399" 0.0005 "-" 97098 0
Dec 12 19:43:09 np0005557753.novalocal container-server[97098]: ::1 - - [13/Dec/2025:00:43:09 +0000] "PUT /3/222563/AUTH_afe588ce5e36492b94129e0538b6bb45/gnocchi.be7f341b-d249-4b0d-9c7a-7c12f6bd8bc7" 201 - "PUT http://[::1]:8080/v1/AUTH_afe588ce5e36492b94129e0538b6bb45/gnocchi.be7f341b-d249-4b0d-9c7a-7c12f6bd8bc7" "tx8e4b6e5049f2448486de2-00693cb69d" "proxy-server 90180" 0.0259 "-" 97098 0
Dec 12 19:43:09 np0005557753.novalocal object-server[97399]: ::1 - - [13/Dec/2025:00:43:09 +0000] "PUT /2/159937/AUTH_afe588ce5e36492b94129e0538b6bb45/gnocchi.0c458f48-4f22-446a-a54b-37ff0d6ebeda/1764720000.0_mean_300.0_v3" 201 - "PUT http://[::1]:8080/v1/AUTH_afe588ce5e36492b94129e0538b6bb45/gnocchi.0c458f48-4f22-446a-a54b-37ff0d6ebeda/1764720000.0_mean_300.0_v3" "txd0cdd9ab8aca4e77947bf-00693cb69d" "proxy-server 90180" 0.0301 "-" 97399 0
Dec 12 19:43:09 np0005557753.novalocal proxy-server[90180]: ::1 ::1 13/Dec/2025/00/43/09 PUT /v1/AUTH_afe588ce5e36492b94129e0538b6bb45/gnocchi.0c458f48-4f22-446a-a54b-37ff0d6ebeda/1764720000.0_mean_300.0_v3 HTTP/1.0 201 - python-swiftclient-4.2.0 gAAAAABpPLaCpY4p... 16 - - txd0cdd9ab8aca4e77947bf-00693cb69d - 0.0381 - - 1765586589.462811470 1765586589.500930071 0
Dec 12 19:43:09 np0005557753.novalocal account-server[96805]: ::1 - - [13/Dec/2025:00:43:09 +0000] "PUT /3/105149/AUTH_afe588ce5e36492b94129e0538b6bb45/gnocchi.be7f341b-d249-4b0d-9c7a-7c12f6bd8bc7" 201 - "PUT http://[::1]:6001/2/222563/AUTH_afe588ce5e36492b94129e0538b6bb45/gnocchi.be7f341b-d249-4b0d-9c7a-7c12f6bd8bc7" "tx8e4b6e5049f2448486de2-00693cb69d" "container-server 97098" 0.0056 "-" 96805 0
Dec 12 19:43:09 np0005557753.novalocal container-server[97098]: ::1 - - [13/Dec/2025:00:43:09 +0000] "PUT /2/222563/AUTH_afe588ce5e36492b94129e0538b6bb45/gnocchi.be7f341b-d249-4b0d-9c7a-7c12f6bd8bc7" 201 - "PUT http://[::1]:8080/v1/AUTH_afe588ce5e36492b94129e0538b6bb45/gnocchi.be7f341b-d249-4b0d-9c7a-7c12f6bd8bc7" "tx8e4b6e5049f2448486de2-00693cb69d" "proxy-server 90180" 0.0179 "-" 97098 0
Dec 12 19:43:09 np0005557753.novalocal proxy-server[90180]: ::1 ::1 13/Dec/2025/00/43/09 PUT /v1/AUTH_afe588ce5e36492b94129e0538b6bb45/gnocchi.be7f341b-d249-4b0d-9c7a-7c12f6bd8bc7 HTTP/1.0 201 - python-swiftclient-4.2.0 gAAAAABpPLaCrEYT... - - - tx8e4b6e5049f2448486de2-00693cb69d - 0.0441 - - 1765586589.464458942 1765586589.508532047 0
Dec 12 19:43:09 np0005557753.novalocal container-server[97098]: ::1 - - [13/Dec/2025:00:43:09 +0000] "PUT /3/54529/AUTH_afe588ce5e36492b94129e0538b6bb45/gnocchi.0c458f48-4f22-446a-a54b-37ff0d6ebeda/none_v3" 201 - "PUT http://[::1]:8080/1/53528/AUTH_afe588ce5e36492b94129e0538b6bb45/gnocchi.0c458f48-4f22-446a-a54b-37ff0d6ebeda/none_v3" "tx720d3ca1f98340beb50eb-00693cb69d" "object-server 97400" 0.0005 "-" 97098 0
Dec 12 19:43:09 np0005557753.novalocal container-server[97099]: ::1 - - [13/Dec/2025:00:43:09 +0000] "HEAD /3/222563/AUTH_afe588ce5e36492b94129e0538b6bb45/gnocchi.be7f341b-d249-4b0d-9c7a-7c12f6bd8bc7" 204 - "HEAD http://[::1]:8080/v1/AUTH_afe588ce5e36492b94129e0538b6bb45/gnocchi.be7f341b-d249-4b0d-9c7a-7c12f6bd8bc7?format=json&states=listing" "txa9c8ecf4456042e4b041f-00693cb69d" "proxy-server 90180" 0.0029 "-" 97099 0
Dec 12 19:43:09 np0005557753.novalocal container-server[97098]: ::1 - - [13/Dec/2025:00:43:09 +0000] "PUT /2/54529/AUTH_afe588ce5e36492b94129e0538b6bb45/gnocchi.0c458f48-4f22-446a-a54b-37ff0d6ebeda/none_v3" 201 - "PUT http://[::1]:8080/3/53528/AUTH_afe588ce5e36492b94129e0538b6bb45/gnocchi.0c458f48-4f22-446a-a54b-37ff0d6ebeda/none_v3" "tx720d3ca1f98340beb50eb-00693cb69d" "object-server 97399" 0.0004 "-" 97098 0
Dec 12 19:43:09 np0005557753.novalocal object-server[97400]: ::1 - - [13/Dec/2025:00:43:09 +0000] "PUT /1/53528/AUTH_afe588ce5e36492b94129e0538b6bb45/gnocchi.0c458f48-4f22-446a-a54b-37ff0d6ebeda/none_v3" 201 - "PUT http://[::1]:8080/v1/AUTH_afe588ce5e36492b94129e0538b6bb45/gnocchi.0c458f48-4f22-446a-a54b-37ff0d6ebeda/none_v3" "tx720d3ca1f98340beb50eb-00693cb69d" "proxy-server 90180" 0.0105 "-" 97400 0
Dec 12 19:43:09 np0005557753.novalocal object-server[97399]: ::1 - - [13/Dec/2025:00:43:09 +0000] "PUT /3/53528/AUTH_afe588ce5e36492b94129e0538b6bb45/gnocchi.0c458f48-4f22-446a-a54b-37ff0d6ebeda/none_v3" 201 - "PUT http://[::1]:8080/v1/AUTH_afe588ce5e36492b94129e0538b6bb45/gnocchi.0c458f48-4f22-446a-a54b-37ff0d6ebeda/none_v3" "tx720d3ca1f98340beb50eb-00693cb69d" "proxy-server 90180" 0.0136 "-" 97399 0
Dec 12 19:43:09 np0005557753.novalocal container-server[97099]: ::1 - - [13/Dec/2025:00:43:09 +0000] "PUT /1/54529/AUTH_afe588ce5e36492b94129e0538b6bb45/gnocchi.0c458f48-4f22-446a-a54b-37ff0d6ebeda/none_v3" 201 - "PUT http://[::1]:8080/2/53528/AUTH_afe588ce5e36492b94129e0538b6bb45/gnocchi.0c458f48-4f22-446a-a54b-37ff0d6ebeda/none_v3" "tx720d3ca1f98340beb50eb-00693cb69d" "object-server 97400" 0.0006 "-" 97099 0
Dec 12 19:43:09 np0005557753.novalocal object-server[97400]: ::1 - - [13/Dec/2025:00:43:09 +0000] "PUT /2/53528/AUTH_afe588ce5e36492b94129e0538b6bb45/gnocchi.0c458f48-4f22-446a-a54b-37ff0d6ebeda/none_v3" 201 - "PUT http://[::1]:8080/v1/AUTH_afe588ce5e36492b94129e0538b6bb45/gnocchi.0c458f48-4f22-446a-a54b-37ff0d6ebeda/none_v3" "tx720d3ca1f98340beb50eb-00693cb69d" "proxy-server 90180" 0.0170 "-" 97400 0
Dec 12 19:43:09 np0005557753.novalocal proxy-server[90180]: ::1 ::1 13/Dec/2025/00/43/09 PUT /v1/AUTH_afe588ce5e36492b94129e0538b6bb45/gnocchi.0c458f48-4f22-446a-a54b-37ff0d6ebeda/none_v3 HTTP/1.0 201 - python-swiftclient-4.2.0 gAAAAABpPLaCpY4p... 22 - - tx720d3ca1f98340beb50eb-00693cb69d - 0.0226 - - 1765586589.503444195 1765586589.526055336 0
Dec 12 19:43:09 np0005557753.novalocal container-server[97097]: ::1 - - [13/Dec/2025:00:43:09 +0000] "GET /3/222563/AUTH_afe588ce5e36492b94129e0538b6bb45/gnocchi.be7f341b-d249-4b0d-9c7a-7c12f6bd8bc7" 200 2 "GET http://[::1]:8080/v1/AUTH_afe588ce5e36492b94129e0538b6bb45/gnocchi.be7f341b-d249-4b0d-9c7a-7c12f6bd8bc7?format=json&states=listing" "txa9c8ecf4456042e4b041f-00693cb69d" "proxy-server 90180" 0.0055 "-" 97097 0
Dec 12 19:43:09 np0005557753.novalocal proxy-server[90180]: ::1 ::1 13/Dec/2025/00/43/09 GET /v1/AUTH_afe588ce5e36492b94129e0538b6bb45/gnocchi.be7f341b-d249-4b0d-9c7a-7c12f6bd8bc7%3Fformat%3Djson%26states%3Dlisting HTTP/1.0 200 - python-swiftclient-4.2.0 gAAAAABpPLaCrEYT... - 2 - txa9c8ecf4456042e4b041f-00693cb69d - 0.0206 - - 1765586589.512055874 1765586589.532688379 0
Dec 12 19:43:09 np0005557753.novalocal object-server[97402]: ::1 - - [13/Dec/2025:00:43:09 +0000] "GET /1/157837/AUTH_afe588ce5e36492b94129e0538b6bb45/gnocchi.be7f341b-d249-4b0d-9c7a-7c12f6bd8bc7/1764720000.0_mean_300.0_v3" 404 70 "GET http://[::1]:8080/v1/AUTH_afe588ce5e36492b94129e0538b6bb45/gnocchi.be7f341b-d249-4b0d-9c7a-7c12f6bd8bc7/1764720000.0_mean_300.0_v3" "tx6d941876602d4a0c8b4d5-00693cb69d" "proxy-server 90180" 0.0007 "-" 97402 0
Dec 12 19:43:09 np0005557753.novalocal object-server[97401]: ::1 - - [13/Dec/2025:00:43:09 +0000] "GET /2/157837/AUTH_afe588ce5e36492b94129e0538b6bb45/gnocchi.be7f341b-d249-4b0d-9c7a-7c12f6bd8bc7/1764720000.0_mean_300.0_v3" 404 70 "GET http://[::1]:8080/v1/AUTH_afe588ce5e36492b94129e0538b6bb45/gnocchi.be7f341b-d249-4b0d-9c7a-7c12f6bd8bc7/1764720000.0_mean_300.0_v3" "tx6d941876602d4a0c8b4d5-00693cb69d" "proxy-server 90180" 0.0005 "-" 97401 0
Dec 12 19:43:09 np0005557753.novalocal container-server[97097]: ::1 - - [13/Dec/2025:00:43:09 +0000] "HEAD /2/155101/AUTH_afe588ce5e36492b94129e0538b6bb45/gnocchi.466a27f0-71cc-4a8e-a6c1-f9073aeffa22" 404 - "HEAD http://[::1]:8080/v1/AUTH_afe588ce5e36492b94129e0538b6bb45/gnocchi.466a27f0-71cc-4a8e-a6c1-f9073aeffa22?format=json&states=listing" "tx65a9e7d4afc94335ba100-00693cb69d" "proxy-server 90180" 0.0006 "-" 97097 0
Dec 12 19:43:09 np0005557753.novalocal object-server[97401]: ::1 - - [13/Dec/2025:00:43:09 +0000] "GET /3/157837/AUTH_afe588ce5e36492b94129e0538b6bb45/gnocchi.be7f341b-d249-4b0d-9c7a-7c12f6bd8bc7/1764720000.0_mean_300.0_v3" 404 70 "GET http://[::1]:8080/v1/AUTH_afe588ce5e36492b94129e0538b6bb45/gnocchi.be7f341b-d249-4b0d-9c7a-7c12f6bd8bc7/1764720000.0_mean_300.0_v3" "tx6d941876602d4a0c8b4d5-00693cb69d" "proxy-server 90180" 0.0003 "-" 97401 0
Dec 12 19:43:09 np0005557753.novalocal container-server[97096]: ::1 - - [13/Dec/2025:00:43:09 +0000] "HEAD /1/155101/AUTH_afe588ce5e36492b94129e0538b6bb45/gnocchi.466a27f0-71cc-4a8e-a6c1-f9073aeffa22" 404 - "HEAD http://[::1]:8080/v1/AUTH_afe588ce5e36492b94129e0538b6bb45/gnocchi.466a27f0-71cc-4a8e-a6c1-f9073aeffa22?format=json&states=listing" "tx65a9e7d4afc94335ba100-00693cb69d" "proxy-server 90180" 0.0007 "-" 97096 0
Dec 12 19:43:09 np0005557753.novalocal proxy-server[90180]: ::1 ::1 13/Dec/2025/00/43/09 GET /v1/AUTH_afe588ce5e36492b94129e0538b6bb45/gnocchi.be7f341b-d249-4b0d-9c7a-7c12f6bd8bc7/1764720000.0_mean_300.0_v3 HTTP/1.0 404 - python-swiftclient-4.2.0 gAAAAABpPLaCrEYT... - 70 - tx6d941876602d4a0c8b4d5-00693cb69d - 0.0191 - - 1765586589.536493778 1765586589.555571556 0
Dec 12 19:43:09 np0005557753.novalocal container-server[97098]: ::1 - - [13/Dec/2025:00:43:09 +0000] "HEAD /3/155101/AUTH_afe588ce5e36492b94129e0538b6bb45/gnocchi.466a27f0-71cc-4a8e-a6c1-f9073aeffa22" 404 - "HEAD http://[::1]:8080/v1/AUTH_afe588ce5e36492b94129e0538b6bb45/gnocchi.466a27f0-71cc-4a8e-a6c1-f9073aeffa22?format=json&states=listing" "tx65a9e7d4afc94335ba100-00693cb69d" "proxy-server 90180" 0.0005 "-" 97098 0
Dec 12 19:43:09 np0005557753.novalocal object-server[97402]: ::1 - - [13/Dec/2025:00:43:09 +0000] "GET /3/159669/AUTH_afe588ce5e36492b94129e0538b6bb45/gnocchi.466a27f0-71cc-4a8e-a6c1-f9073aeffa22/none_v3" 404 70 "GET http://[::1]:8080/v1/AUTH_afe588ce5e36492b94129e0538b6bb45/gnocchi.466a27f0-71cc-4a8e-a6c1-f9073aeffa22/none_v3" "tx65a9e7d4afc94335ba100-00693cb69d" "proxy-server 90180" 0.0003 "-" 97402 0
Dec 12 19:43:09 np0005557753.novalocal object-server[97400]: ::1 - - [13/Dec/2025:00:43:09 +0000] "GET /1/159669/AUTH_afe588ce5e36492b94129e0538b6bb45/gnocchi.466a27f0-71cc-4a8e-a6c1-f9073aeffa22/none_v3" 404 70 "GET http://[::1]:8080/v1/AUTH_afe588ce5e36492b94129e0538b6bb45/gnocchi.466a27f0-71cc-4a8e-a6c1-f9073aeffa22/none_v3" "tx65a9e7d4afc94335ba100-00693cb69d" "proxy-server 90180" 0.0004 "-" 97400 0
Dec 12 19:43:09 np0005557753.novalocal container-server[97099]: ::1 - - [13/Dec/2025:00:43:09 +0000] "PUT /2/222563/AUTH_afe588ce5e36492b94129e0538b6bb45/gnocchi.be7f341b-d249-4b0d-9c7a-7c12f6bd8bc7/1764720000.0_mean_300.0_v3" 201 - "PUT http://[::1]:8080/3/157837/AUTH_afe588ce5e36492b94129e0538b6bb45/gnocchi.be7f341b-d249-4b0d-9c7a-7c12f6bd8bc7/1764720000.0_mean_300.0_v3" "txb375da64bce6462c8d140-00693cb69d" "object-server 97399" 0.0011 "-" 97099 0
Dec 12 19:43:09 np0005557753.novalocal object-server[97399]: ::1 - - [13/Dec/2025:00:43:09 +0000] "PUT /3/157837/AUTH_afe588ce5e36492b94129e0538b6bb45/gnocchi.be7f341b-d249-4b0d-9c7a-7c12f6bd8bc7/1764720000.0_mean_300.0_v3" 201 - "PUT http://[::1]:8080/v1/AUTH_afe588ce5e36492b94129e0538b6bb45/gnocchi.be7f341b-d249-4b0d-9c7a-7c12f6bd8bc7/1764720000.0_mean_300.0_v3" "txb375da64bce6462c8d140-00693cb69d" "proxy-server 90180" 0.0147 "-" 97399 0
Dec 12 19:43:09 np0005557753.novalocal container-server[97096]: ::1 - - [13/Dec/2025:00:43:09 +0000] "PUT /1/222563/AUTH_afe588ce5e36492b94129e0538b6bb45/gnocchi.be7f341b-d249-4b0d-9c7a-7c12f6bd8bc7/1764720000.0_mean_300.0_v3" 201 - "PUT http://[::1]:8080/2/157837/AUTH_afe588ce5e36492b94129e0538b6bb45/gnocchi.be7f341b-d249-4b0d-9c7a-7c12f6bd8bc7/1764720000.0_mean_300.0_v3" "txb375da64bce6462c8d140-00693cb69d" "object-server 97402" 0.0011 "-" 97096 0
Dec 12 19:43:09 np0005557753.novalocal object-server[97399]: ::1 - - [13/Dec/2025:00:43:09 +0000] "GET /2/159669/AUTH_afe588ce5e36492b94129e0538b6bb45/gnocchi.466a27f0-71cc-4a8e-a6c1-f9073aeffa22/none_v3" 404 70 "GET http://[::1]:8080/v1/AUTH_afe588ce5e36492b94129e0538b6bb45/gnocchi.466a27f0-71cc-4a8e-a6c1-f9073aeffa22/none_v3" "tx65a9e7d4afc94335ba100-00693cb69d" "proxy-server 90180" 0.0002 "-" 97399 0
Dec 12 19:43:09 np0005557753.novalocal proxy-server[90180]: ::1 ::1 13/Dec/2025/00/43/09 GET /v1/AUTH_afe588ce5e36492b94129e0538b6bb45/gnocchi.466a27f0-71cc-4a8e-a6c1-f9073aeffa22/none_v3 HTTP/1.0 404 - python-swiftclient-4.2.0 gAAAAABpPLaCpY4p... - 70 - tx65a9e7d4afc94335ba100-00693cb69d - 0.0422 - - 1765586589.545159578 1765586589.587382078 0
Dec 12 19:43:09 np0005557753.novalocal object-server[97402]: ::1 - - [13/Dec/2025:00:43:09 +0000] "PUT /2/157837/AUTH_afe588ce5e36492b94129e0538b6bb45/gnocchi.be7f341b-d249-4b0d-9c7a-7c12f6bd8bc7/1764720000.0_mean_300.0_v3" 201 - "PUT http://[::1]:8080/v1/AUTH_afe588ce5e36492b94129e0538b6bb45/gnocchi.be7f341b-d249-4b0d-9c7a-7c12f6bd8bc7/1764720000.0_mean_300.0_v3" "txb375da64bce6462c8d140-00693cb69d" "proxy-server 90180" 0.0187 "-" 97402 0
Dec 12 19:43:09 np0005557753.novalocal container-server[97098]: ::1 - - [13/Dec/2025:00:43:09 +0000] "PUT /3/222563/AUTH_afe588ce5e36492b94129e0538b6bb45/gnocchi.be7f341b-d249-4b0d-9c7a-7c12f6bd8bc7/1764720000.0_mean_300.0_v3" 201 - "PUT http://[::1]:8080/1/157837/AUTH_afe588ce5e36492b94129e0538b6bb45/gnocchi.be7f341b-d249-4b0d-9c7a-7c12f6bd8bc7/1764720000.0_mean_300.0_v3" "txb375da64bce6462c8d140-00693cb69d" "object-server 97400" 0.0006 "-" 97098 0
Dec 12 19:43:09 np0005557753.novalocal object-server[97400]: ::1 - - [13/Dec/2025:00:43:09 +0000] "PUT /1/157837/AUTH_afe588ce5e36492b94129e0538b6bb45/gnocchi.be7f341b-d249-4b0d-9c7a-7c12f6bd8bc7/1764720000.0_mean_300.0_v3" 201 - "PUT http://[::1]:8080/v1/AUTH_afe588ce5e36492b94129e0538b6bb45/gnocchi.be7f341b-d249-4b0d-9c7a-7c12f6bd8bc7/1764720000.0_mean_300.0_v3" "txb375da64bce6462c8d140-00693cb69d" "proxy-server 90180" 0.0235 "-" 97400 0
Dec 12 19:43:09 np0005557753.novalocal proxy-server[90180]: ::1 ::1 13/Dec/2025/00/43/09 PUT /v1/AUTH_afe588ce5e36492b94129e0538b6bb45/gnocchi.be7f341b-d249-4b0d-9c7a-7c12f6bd8bc7/1764720000.0_mean_300.0_v3 HTTP/1.0 201 - python-swiftclient-4.2.0 gAAAAABpPLaCrEYT... 16 - - txb375da64bce6462c8d140-00693cb69d - 0.0364 - - 1765586589.558885098 1765586589.595245123 0
Dec 12 19:43:09 np0005557753.novalocal container-server[97099]: ::1 - - [13/Dec/2025:00:43:09 +0000] "PUT /1/222563/AUTH_afe588ce5e36492b94129e0538b6bb45/gnocchi.be7f341b-d249-4b0d-9c7a-7c12f6bd8bc7/none_v3" 201 - "PUT http://[::1]:8080/1/197224/AUTH_afe588ce5e36492b94129e0538b6bb45/gnocchi.be7f341b-d249-4b0d-9c7a-7c12f6bd8bc7/none_v3" "txeff633a356cb4dc4be4ba-00693cb69d" "object-server 97399" 0.0009 "-" 97099 0
Dec 12 19:43:09 np0005557753.novalocal container-server[97096]: ::1 - - [13/Dec/2025:00:43:09 +0000] "PUT /2/222563/AUTH_afe588ce5e36492b94129e0538b6bb45/gnocchi.be7f341b-d249-4b0d-9c7a-7c12f6bd8bc7/none_v3" 201 - "PUT http://[::1]:8080/3/197224/AUTH_afe588ce5e36492b94129e0538b6bb45/gnocchi.be7f341b-d249-4b0d-9c7a-7c12f6bd8bc7/none_v3" "txeff633a356cb4dc4be4ba-00693cb69d" "object-server 97401" 0.0007 "-" 97096 0
Dec 12 19:43:09 np0005557753.novalocal account-server[96805]: ::1 - - [13/Dec/2025:00:43:09 +0000] "PUT /1/105149/AUTH_afe588ce5e36492b94129e0538b6bb45/gnocchi.466a27f0-71cc-4a8e-a6c1-f9073aeffa22" 201 - "PUT http://[::1]:6001/1/155101/AUTH_afe588ce5e36492b94129e0538b6bb45/gnocchi.466a27f0-71cc-4a8e-a6c1-f9073aeffa22" "txdbef73ef390b487d902f9-00693cb69d" "container-server 97099" 0.0064 "-" 96805 0
Dec 12 19:43:09 np0005557753.novalocal object-server[97401]: ::1 - - [13/Dec/2025:00:43:09 +0000] "PUT /3/197224/AUTH_afe588ce5e36492b94129e0538b6bb45/gnocchi.be7f341b-d249-4b0d-9c7a-7c12f6bd8bc7/none_v3" 201 - "PUT http://[::1]:8080/v1/AUTH_afe588ce5e36492b94129e0538b6bb45/gnocchi.be7f341b-d249-4b0d-9c7a-7c12f6bd8bc7/none_v3" "txeff633a356cb4dc4be4ba-00693cb69d" "proxy-server 90180" 0.0126 "-" 97401 0
Dec 12 19:43:09 np0005557753.novalocal object-server[97399]: ::1 - - [13/Dec/2025:00:43:09 +0000] "PUT /1/197224/AUTH_afe588ce5e36492b94129e0538b6bb45/gnocchi.be7f341b-d249-4b0d-9c7a-7c12f6bd8bc7/none_v3" 201 - "PUT http://[::1]:8080/v1/AUTH_afe588ce5e36492b94129e0538b6bb45/gnocchi.be7f341b-d249-4b0d-9c7a-7c12f6bd8bc7/none_v3" "txeff633a356cb4dc4be4ba-00693cb69d" "proxy-server 90180" 0.0136 "-" 97399 0
Dec 12 19:43:09 np0005557753.novalocal container-server[97096]: ::1 - - [13/Dec/2025:00:43:09 +0000] "PUT /3/222563/AUTH_afe588ce5e36492b94129e0538b6bb45/gnocchi.be7f341b-d249-4b0d-9c7a-7c12f6bd8bc7/none_v3" 201 - "PUT http://[::1]:8080/2/197224/AUTH_afe588ce5e36492b94129e0538b6bb45/gnocchi.be7f341b-d249-4b0d-9c7a-7c12f6bd8bc7/none_v3" "txeff633a356cb4dc4be4ba-00693cb69d" "object-server 97400" 0.0007 "-" 97096 0
Dec 12 19:43:09 np0005557753.novalocal container-server[97099]: ::1 - - [13/Dec/2025:00:43:09 +0000] "PUT /1/155101/AUTH_afe588ce5e36492b94129e0538b6bb45/gnocchi.466a27f0-71cc-4a8e-a6c1-f9073aeffa22" 201 - "PUT http://[::1]:8080/v1/AUTH_afe588ce5e36492b94129e0538b6bb45/gnocchi.466a27f0-71cc-4a8e-a6c1-f9073aeffa22" "txdbef73ef390b487d902f9-00693cb69d" "proxy-server 90180" 0.0214 "-" 97099 0
Dec 12 19:43:09 np0005557753.novalocal object-server[97400]: ::1 - - [13/Dec/2025:00:43:09 +0000] "PUT /2/197224/AUTH_afe588ce5e36492b94129e0538b6bb45/gnocchi.be7f341b-d249-4b0d-9c7a-7c12f6bd8bc7/none_v3" 201 - "PUT http://[::1]:8080/v1/AUTH_afe588ce5e36492b94129e0538b6bb45/gnocchi.be7f341b-d249-4b0d-9c7a-7c12f6bd8bc7/none_v3" "txeff633a356cb4dc4be4ba-00693cb69d" "proxy-server 90180" 0.0150 "-" 97400 0
Dec 12 19:43:09 np0005557753.novalocal proxy-server[90180]: ::1 ::1 13/Dec/2025/00/43/09 PUT /v1/AUTH_afe588ce5e36492b94129e0538b6bb45/gnocchi.be7f341b-d249-4b0d-9c7a-7c12f6bd8bc7/none_v3 HTTP/1.0 201 - python-swiftclient-4.2.0 gAAAAABpPLaCrEYT... 22 - - txeff633a356cb4dc4be4ba-00693cb69d - 0.0213 - - 1765586589.597545147 1765586589.618856430 0
Dec 12 19:43:09 np0005557753.novalocal account-server[96803]: ::1 - - [13/Dec/2025:00:43:09 +0000] "PUT /3/105149/AUTH_afe588ce5e36492b94129e0538b6bb45/gnocchi.466a27f0-71cc-4a8e-a6c1-f9073aeffa22" 201 - "PUT http://[::1]:6001/2/155101/AUTH_afe588ce5e36492b94129e0538b6bb45/gnocchi.466a27f0-71cc-4a8e-a6c1-f9073aeffa22" "txdbef73ef390b487d902f9-00693cb69d" "container-server 97097" 0.0078 "-" 96803 0
Dec 12 19:43:09 np0005557753.novalocal account-server[96805]: ::1 - - [13/Dec/2025:00:43:09 +0000] "PUT /2/105149/AUTH_afe588ce5e36492b94129e0538b6bb45/gnocchi.466a27f0-71cc-4a8e-a6c1-f9073aeffa22" 201 - "PUT http://[::1]:6001/3/155101/AUTH_afe588ce5e36492b94129e0538b6bb45/gnocchi.466a27f0-71cc-4a8e-a6c1-f9073aeffa22" "txdbef73ef390b487d902f9-00693cb69d" "container-server 97097" 0.0091 "-" 96805 0
Dec 12 19:43:09 np0005557753.novalocal container-server[97097]: ::1 - - [13/Dec/2025:00:43:09 +0000] "PUT /2/155101/AUTH_afe588ce5e36492b94129e0538b6bb45/gnocchi.466a27f0-71cc-4a8e-a6c1-f9073aeffa22" 201 - "PUT http://[::1]:8080/v1/AUTH_afe588ce5e36492b94129e0538b6bb45/gnocchi.466a27f0-71cc-4a8e-a6c1-f9073aeffa22" "txdbef73ef390b487d902f9-00693cb69d" "proxy-server 90180" 0.0344 "-" 97097 0
