Dec 12 19:43:48 np0005557753.novalocal proxy-server[90180]: ::1 ::1 13/Dec/2025/00/43/48 GET /v1/AUTH_afe588ce5e36492b94129e0538b6bb45/gnocchi.79957659-2de1-457f-96f7-ca5a0be1f57d%3Fformat%3Djson%26marker%3Dnone_v3%26states%3Dlisting HTTP/1.0 200 - python-swiftclient-4.2.0 gAAAAABpPLaCrEYT... - 2 - txe0635a4ab9f14555bdf91-00693cb6c4 - 0.0267 - - 1765586628.841650248 1765586628.868347168 0
Dec 12 19:43:48 np0005557753.novalocal container-server[97097]: ::1 - - [13/Dec/2025:00:43:48 +0000] "GET /1/163018/AUTH_afe588ce5e36492b94129e0538b6bb45/gnocchi.7d2a9191-781f-4c9e-af41-6763c32f2009" 200 357 "GET http://[::1]:8080/v1/AUTH_afe588ce5e36492b94129e0538b6bb45/gnocchi.7d2a9191-781f-4c9e-af41-6763c32f2009?format=json&states=listing" "txf540928a8451401885861-00693cb6c4" "proxy-server 90180" 0.0104 "-" 97097 0
Dec 12 19:43:48 np0005557753.novalocal object-server[97399]: ::1 - - [13/Dec/2025:00:43:48 +0000] "GET /1/119605/AUTH_afe588ce5e36492b94129e0538b6bb45/gnocchi.79957659-2de1-457f-96f7-ca5a0be1f57d/1764720000.0_mean_300.0_v3" 200 16 "GET http://[::1]:8080/v1/AUTH_afe588ce5e36492b94129e0538b6bb45/gnocchi.79957659-2de1-457f-96f7-ca5a0be1f57d/1764720000.0_mean_300.0_v3" "txcdf750d07fc24613a9b23-00693cb6c4" "proxy-server 90180" 0.0011 "-" 97399 0
Dec 12 19:43:48 np0005557753.novalocal proxy-server[90180]: ::1 ::1 13/Dec/2025/00/43/48 GET /v1/AUTH_afe588ce5e36492b94129e0538b6bb45/gnocchi.7d2a9191-781f-4c9e-af41-6763c32f2009%3Fformat%3Djson%26states%3Dlisting HTTP/1.0 200 - python-swiftclient-4.2.0 gAAAAABpPLaCpY4p... - 357 - txf540928a8451401885861-00693cb6c4 - 0.0240 - - 1765586628.859001637 1765586628.882951975 0
Dec 12 19:43:48 np0005557753.novalocal proxy-server[90180]: ::1 ::1 13/Dec/2025/00/43/48 GET /v1/AUTH_afe588ce5e36492b94129e0538b6bb45/gnocchi.79957659-2de1-457f-96f7-ca5a0be1f57d/1764720000.0_mean_300.0_v3 HTTP/1.0 200 - python-swiftclient-4.2.0 gAAAAABpPLaCrEYT... - 16 - txcdf750d07fc24613a9b23-00693cb6c4 - 0.0116 - - 1765586628.873149157 1765586628.884744883 0
Dec 12 19:43:48 np0005557753.novalocal container-server[97097]: ::1 - - [13/Dec/2025:00:43:48 +0000] "GET /2/163018/AUTH_afe588ce5e36492b94129e0538b6bb45/gnocchi.7d2a9191-781f-4c9e-af41-6763c32f2009" 200 2 "GET http://[::1]:8080/v1/AUTH_afe588ce5e36492b94129e0538b6bb45/gnocchi.7d2a9191-781f-4c9e-af41-6763c32f2009?format=json&marker=none_v3&states=listing" "txf98221ef00df4fe390b3f-00693cb6c4" "proxy-server 90180" 0.0077 "-" 97097 0
Dec 12 19:43:48 np0005557753.novalocal proxy-server[90180]: ::1 ::1 13/Dec/2025/00/43/48 GET /v1/AUTH_afe588ce5e36492b94129e0538b6bb45/gnocchi.7d2a9191-781f-4c9e-af41-6763c32f2009%3Fformat%3Djson%26marker%3Dnone_v3%26states%3Dlisting HTTP/1.0 200 - python-swiftclient-4.2.0 gAAAAABpPLaCpY4p... - 2 - txf98221ef00df4fe390b3f-00693cb6c4 - 0.0162 - - 1765586628.886448383 1765586628.902653933 0
Dec 12 19:43:48 np0005557753.novalocal container-server[97096]: ::1 - - [13/Dec/2025:00:43:48 +0000] "PUT /1/230223/AUTH_afe588ce5e36492b94129e0538b6bb45/gnocchi.79957659-2de1-457f-96f7-ca5a0be1f57d/1764720000.0_mean_300.0_v3" 201 - "PUT http://[::1]:8080/2/119605/AUTH_afe588ce5e36492b94129e0538b6bb45/gnocchi.79957659-2de1-457f-96f7-ca5a0be1f57d/1764720000.0_mean_300.0_v3" "tx2d4bd1b85c2541e8ba426-00693cb6c4" "object-server 97401" 0.0006 "-" 97096 0
Dec 12 19:43:48 np0005557753.novalocal object-server[97401]: ::1 - - [13/Dec/2025:00:43:48 +0000] "PUT /2/119605/AUTH_afe588ce5e36492b94129e0538b6bb45/gnocchi.79957659-2de1-457f-96f7-ca5a0be1f57d/1764720000.0_mean_300.0_v3" 201 - "PUT http://[::1]:8080/v1/AUTH_afe588ce5e36492b94129e0538b6bb45/gnocchi.79957659-2de1-457f-96f7-ca5a0be1f57d/1764720000.0_mean_300.0_v3" "tx2d4bd1b85c2541e8ba426-00693cb6c4" "proxy-server 90180" 0.0095 "-" 97401 0
Dec 12 19:43:48 np0005557753.novalocal container-server[97099]: ::1 - - [13/Dec/2025:00:43:48 +0000] "PUT /2/230223/AUTH_afe588ce5e36492b94129e0538b6bb45/gnocchi.79957659-2de1-457f-96f7-ca5a0be1f57d/1764720000.0_mean_300.0_v3" 201 - "PUT http://[::1]:8080/3/119605/AUTH_afe588ce5e36492b94129e0538b6bb45/gnocchi.79957659-2de1-457f-96f7-ca5a0be1f57d/1764720000.0_mean_300.0_v3" "tx2d4bd1b85c2541e8ba426-00693cb6c4" "object-server 97402" 0.0007 "-" 97099 0
Dec 12 19:43:48 np0005557753.novalocal container-server[97097]: ::1 - - [13/Dec/2025:00:43:48 +0000] "PUT /3/230223/AUTH_afe588ce5e36492b94129e0538b6bb45/gnocchi.79957659-2de1-457f-96f7-ca5a0be1f57d/1764720000.0_mean_300.0_v3" 201 - "PUT http://[::1]:8080/1/119605/AUTH_afe588ce5e36492b94129e0538b6bb45/gnocchi.79957659-2de1-457f-96f7-ca5a0be1f57d/1764720000.0_mean_300.0_v3" "tx2d4bd1b85c2541e8ba426-00693cb6c4" "object-server 97399" 0.0007 "-" 97097 0
Dec 12 19:43:48 np0005557753.novalocal object-server[97402]: ::1 - - [13/Dec/2025:00:43:48 +0000] "PUT /3/119605/AUTH_afe588ce5e36492b94129e0538b6bb45/gnocchi.79957659-2de1-457f-96f7-ca5a0be1f57d/1764720000.0_mean_300.0_v3" 201 - "PUT http://[::1]:8080/v1/AUTH_afe588ce5e36492b94129e0538b6bb45/gnocchi.79957659-2de1-457f-96f7-ca5a0be1f57d/1764720000.0_mean_300.0_v3" "tx2d4bd1b85c2541e8ba426-00693cb6c4" "proxy-server 90180" 0.0129 "-" 97402 0
Dec 12 19:43:48 np0005557753.novalocal object-server[97399]: ::1 - - [13/Dec/2025:00:43:48 +0000] "PUT /1/119605/AUTH_afe588ce5e36492b94129e0538b6bb45/gnocchi.79957659-2de1-457f-96f7-ca5a0be1f57d/1764720000.0_mean_300.0_v3" 201 - "PUT http://[::1]:8080/v1/AUTH_afe588ce5e36492b94129e0538b6bb45/gnocchi.79957659-2de1-457f-96f7-ca5a0be1f57d/1764720000.0_mean_300.0_v3" "tx2d4bd1b85c2541e8ba426-00693cb6c4" "proxy-server 90180" 0.0123 "-" 97399 0
Dec 12 19:43:48 np0005557753.novalocal proxy-server[90180]: ::1 ::1 13/Dec/2025/00/43/48 PUT /v1/AUTH_afe588ce5e36492b94129e0538b6bb45/gnocchi.79957659-2de1-457f-96f7-ca5a0be1f57d/1764720000.0_mean_300.0_v3 HTTP/1.0 201 - python-swiftclient-4.2.0 gAAAAABpPLaCrEYT... 16 - - tx2d4bd1b85c2541e8ba426-00693cb6c4 - 0.0190 - - 1765586628.891961098 1765586628.911006689 0
Dec 12 19:43:48 np0005557753.novalocal container-server[97098]: ::1 - - [13/Dec/2025:00:43:48 +0000] "GET /3/70634/AUTH_afe588ce5e36492b94129e0538b6bb45/gnocchi.f067af33-9a55-4348-aa21-644e92620e09" 200 357 "GET http://[::1]:8080/v1/AUTH_afe588ce5e36492b94129e0538b6bb45/gnocchi.f067af33-9a55-4348-aa21-644e92620e09?format=json&states=listing" "tx169b9c2d50d5417f8ac12-00693cb6c4" "proxy-server 90180" 0.0113 "-" 97098 0
Dec 12 19:43:48 np0005557753.novalocal proxy-server[90180]: ::1 ::1 13/Dec/2025/00/43/48 GET /v1/AUTH_afe588ce5e36492b94129e0538b6bb45/gnocchi.f067af33-9a55-4348-aa21-644e92620e09%3Fformat%3Djson%26states%3Dlisting HTTP/1.0 200 - python-swiftclient-4.2.0 gAAAAABpPLaCpY4p... - 357 - tx169b9c2d50d5417f8ac12-00693cb6c4 - 0.0171 - - 1765586628.907731771 1765586628.924789190 0
Dec 12 19:43:48 np0005557753.novalocal container-server[97097]: ::1 - - [13/Dec/2025:00:43:48 +0000] "PUT /2/230223/AUTH_afe588ce5e36492b94129e0538b6bb45/gnocchi.79957659-2de1-457f-96f7-ca5a0be1f57d/none_v3" 201 - "PUT http://[::1]:8080/2/241799/AUTH_afe588ce5e36492b94129e0538b6bb45/gnocchi.79957659-2de1-457f-96f7-ca5a0be1f57d/none_v3" "tx9289b9f54db3485f8b5d5-00693cb6c4" "object-server 97402" 0.0008 "-" 97097 0
Dec 12 19:43:48 np0005557753.novalocal object-server[97402]: ::1 - - [13/Dec/2025:00:43:48 +0000] "PUT /2/241799/AUTH_afe588ce5e36492b94129e0538b6bb45/gnocchi.79957659-2de1-457f-96f7-ca5a0be1f57d/none_v3" 201 - "PUT http://[::1]:8080/v1/AUTH_afe588ce5e36492b94129e0538b6bb45/gnocchi.79957659-2de1-457f-96f7-ca5a0be1f57d/none_v3" "tx9289b9f54db3485f8b5d5-00693cb6c4" "proxy-server 90180" 0.0147 "-" 97402 0
Dec 12 19:43:48 np0005557753.novalocal container-server[97098]: ::1 - - [13/Dec/2025:00:43:48 +0000] "GET /3/70634/AUTH_afe588ce5e36492b94129e0538b6bb45/gnocchi.f067af33-9a55-4348-aa21-644e92620e09" 200 2 "GET http://[::1]:8080/v1/AUTH_afe588ce5e36492b94129e0538b6bb45/gnocchi.f067af33-9a55-4348-aa21-644e92620e09?format=json&marker=none_v3&states=listing" "tx78b24d7d88ae447096ba9-00693cb6c4" "proxy-server 90180" 0.0046 "-" 97098 0
Dec 12 19:43:48 np0005557753.novalocal proxy-server[90180]: ::1 ::1 13/Dec/2025/00/43/48 GET /v1/AUTH_afe588ce5e36492b94129e0538b6bb45/gnocchi.f067af33-9a55-4348-aa21-644e92620e09%3Fformat%3Djson%26marker%3Dnone_v3%26states%3Dlisting HTTP/1.0 200 - python-swiftclient-4.2.0 gAAAAABpPLaCpY4p... - 2 - tx78b24d7d88ae447096ba9-00693cb6c4 - 0.0121 - - 1765586628.927088976 1765586628.939159155 0
Dec 12 19:43:48 np0005557753.novalocal container-server[97098]: ::1 - - [13/Dec/2025:00:43:48 +0000] "PUT /3/230223/AUTH_afe588ce5e36492b94129e0538b6bb45/gnocchi.79957659-2de1-457f-96f7-ca5a0be1f57d/none_v3" 201 - "PUT http://[::1]:8080/3/241799/AUTH_afe588ce5e36492b94129e0538b6bb45/gnocchi.79957659-2de1-457f-96f7-ca5a0be1f57d/none_v3" "tx9289b9f54db3485f8b5d5-00693cb6c4" "object-server 97402" 0.0008 "-" 97098 0
Dec 12 19:43:48 np0005557753.novalocal object-server[97402]: ::1 - - [13/Dec/2025:00:43:48 +0000] "PUT /3/241799/AUTH_afe588ce5e36492b94129e0538b6bb45/gnocchi.79957659-2de1-457f-96f7-ca5a0be1f57d/none_v3" 201 - "PUT http://[::1]:8080/v1/AUTH_afe588ce5e36492b94129e0538b6bb45/gnocchi.79957659-2de1-457f-96f7-ca5a0be1f57d/none_v3" "tx9289b9f54db3485f8b5d5-00693cb6c4" "proxy-server 90180" 0.0203 "-" 97402 0
Dec 12 19:43:48 np0005557753.novalocal container-server[97098]: ::1 - - [13/Dec/2025:00:43:48 +0000] "PUT /1/230223/AUTH_afe588ce5e36492b94129e0538b6bb45/gnocchi.79957659-2de1-457f-96f7-ca5a0be1f57d/none_v3" 201 - "PUT http://[::1]:8080/1/241799/AUTH_afe588ce5e36492b94129e0538b6bb45/gnocchi.79957659-2de1-457f-96f7-ca5a0be1f57d/none_v3" "tx9289b9f54db3485f8b5d5-00693cb6c4" "object-server 97399" 0.0004 "-" 97098 0
Dec 12 19:43:48 np0005557753.novalocal object-server[97399]: ::1 - - [13/Dec/2025:00:43:48 +0000] "PUT /1/241799/AUTH_afe588ce5e36492b94129e0538b6bb45/gnocchi.79957659-2de1-457f-96f7-ca5a0be1f57d/none_v3" 201 - "PUT http://[::1]:8080/v1/AUTH_afe588ce5e36492b94129e0538b6bb45/gnocchi.79957659-2de1-457f-96f7-ca5a0be1f57d/none_v3" "tx9289b9f54db3485f8b5d5-00693cb6c4" "proxy-server 90180" 0.0211 "-" 97399 0
Dec 12 19:43:48 np0005557753.novalocal proxy-server[90180]: ::1 ::1 13/Dec/2025/00/43/48 PUT /v1/AUTH_afe588ce5e36492b94129e0538b6bb45/gnocchi.79957659-2de1-457f-96f7-ca5a0be1f57d/none_v3 HTTP/1.0 201 - python-swiftclient-4.2.0 gAAAAABpPLaCrEYT... 26 - - tx9289b9f54db3485f8b5d5-00693cb6c4 - 0.0293 - - 1765586628.914862156 1765586628.944209576 0
Dec 12 19:43:48 np0005557753.novalocal object-server[97401]: ::1 - - [13/Dec/2025:00:43:48 +0000] "GET /2/204113/AUTH_afe588ce5e36492b94129e0538b6bb45/gnocchi.7d2a9191-781f-4c9e-af41-6763c32f2009/1764720000.0_mean_300.0_v3" 200 16 "GET http://[::1]:8080/v1/AUTH_afe588ce5e36492b94129e0538b6bb45/gnocchi.7d2a9191-781f-4c9e-af41-6763c32f2009/1764720000.0_mean_300.0_v3" "tx60bb2dda96ef41dbb7076-00693cb6c4" "proxy-server 90180" 0.0009 "-" 97401 0
Dec 12 19:43:48 np0005557753.novalocal proxy-server[90180]: ::1 ::1 13/Dec/2025/00/43/48 GET /v1/AUTH_afe588ce5e36492b94129e0538b6bb45/gnocchi.7d2a9191-781f-4c9e-af41-6763c32f2009/1764720000.0_mean_300.0_v3 HTTP/1.0 200 - python-swiftclient-4.2.0 gAAAAABpPLaCpY4p... - 16 - tx60bb2dda96ef41dbb7076-00693cb6c4 - 0.0093 - - 1765586628.942229271 1765586628.951572895 0
Dec 12 19:43:48 np0005557753.novalocal object-server[97399]: ::1 - - [13/Dec/2025:00:43:48 +0000] "GET /1/186346/AUTH_afe588ce5e36492b94129e0538b6bb45/gnocchi.f067af33-9a55-4348-aa21-644e92620e09/1764720000.0_mean_300.0_v3" 200 16 "GET http://[::1]:8080/v1/AUTH_afe588ce5e36492b94129e0538b6bb45/gnocchi.f067af33-9a55-4348-aa21-644e92620e09/1764720000.0_mean_300.0_v3" "tx1ffc52bbf7ea4b3c9ccf9-00693cb6c4" "proxy-server 90180" 0.0007 "-" 97399 0
Dec 12 19:43:48 np0005557753.novalocal object-server[97399]: ::1 - - [13/Dec/2025:00:43:48 +0000] "GET /2/234388/AUTH_afe588ce5e36492b94129e0538b6bb45/gnocchi.1ff2aabe-ba52-4c9d-ae58-d90bd653919b/none_v3" 200 22 "GET http://[::1]:8080/v1/AUTH_afe588ce5e36492b94129e0538b6bb45/gnocchi.1ff2aabe-ba52-4c9d-ae58-d90bd653919b/none_v3" "tx7a6755da47264deb8b92d-00693cb6c4" "proxy-server 90180" 0.0003 "-" 97399 0
Dec 12 19:43:48 np0005557753.novalocal proxy-server[90180]: ::1 ::1 13/Dec/2025/00/43/48 GET /v1/AUTH_afe588ce5e36492b94129e0538b6bb45/gnocchi.f067af33-9a55-4348-aa21-644e92620e09/1764720000.0_mean_300.0_v3 HTTP/1.0 200 - python-swiftclient-4.2.0 gAAAAABpPLaCpY4p... - 16 - tx1ffc52bbf7ea4b3c9ccf9-00693cb6c4 - 0.0075 - - 1765586628.953959465 1765586628.961481333 0
Dec 12 19:43:48 np0005557753.novalocal proxy-server[90180]: ::1 ::1 13/Dec/2025/00/43/48 GET /v1/AUTH_afe588ce5e36492b94129e0538b6bb45/gnocchi.1ff2aabe-ba52-4c9d-ae58-d90bd653919b/none_v3 HTTP/1.0 200 - python-swiftclient-4.2.0 gAAAAABpPLaCrEYT... - 22 - tx7a6755da47264deb8b92d-00693cb6c4 - 0.0054 - - 1765586628.957536221 1765586628.962931871 0
Dec 12 19:43:48 np0005557753.novalocal container-server[97097]: ::1 - - [13/Dec/2025:00:43:48 +0000] "PUT /1/163018/AUTH_afe588ce5e36492b94129e0538b6bb45/gnocchi.7d2a9191-781f-4c9e-af41-6763c32f2009/1764720000.0_mean_300.0_v3" 201 - "PUT http://[::1]:8080/3/204113/AUTH_afe588ce5e36492b94129e0538b6bb45/gnocchi.7d2a9191-781f-4c9e-af41-6763c32f2009/1764720000.0_mean_300.0_v3" "txcdbefa128ac14a4496c0f-00693cb6c4" "object-server 97402" 0.0009 "-" 97097 0
Dec 12 19:43:48 np0005557753.novalocal object-server[97402]: ::1 - - [13/Dec/2025:00:43:48 +0000] "PUT /3/204113/AUTH_afe588ce5e36492b94129e0538b6bb45/gnocchi.7d2a9191-781f-4c9e-af41-6763c32f2009/1764720000.0_mean_300.0_v3" 201 - "PUT http://[::1]:8080/v1/AUTH_afe588ce5e36492b94129e0538b6bb45/gnocchi.7d2a9191-781f-4c9e-af41-6763c32f2009/1764720000.0_mean_300.0_v3" "txcdbefa128ac14a4496c0f-00693cb6c4" "proxy-server 90180" 0.0139 "-" 97402 0
Dec 12 19:43:48 np0005557753.novalocal container-server[97097]: ::1 - - [13/Dec/2025:00:43:48 +0000] "GET /2/257772/AUTH_afe588ce5e36492b94129e0538b6bb45/gnocchi.1ff2aabe-ba52-4c9d-ae58-d90bd653919b" 200 357 "GET http://[::1]:8080/v1/AUTH_afe588ce5e36492b94129e0538b6bb45/gnocchi.1ff2aabe-ba52-4c9d-ae58-d90bd653919b?format=json&states=listing" "tx516a5a6ef0a640d09b2f1-00693cb6c4" "proxy-server 90180" 0.0095 "-" 97097 0
Dec 12 19:43:48 np0005557753.novalocal container-server[97097]: ::1 - - [13/Dec/2025:00:43:48 +0000] "PUT /2/163018/AUTH_afe588ce5e36492b94129e0538b6bb45/gnocchi.7d2a9191-781f-4c9e-af41-6763c32f2009/1764720000.0_mean_300.0_v3" 201 - "PUT http://[::1]:8080/1/204113/AUTH_afe588ce5e36492b94129e0538b6bb45/gnocchi.7d2a9191-781f-4c9e-af41-6763c32f2009/1764720000.0_mean_300.0_v3" "txcdbefa128ac14a4496c0f-00693cb6c4" "object-server 97400" 0.0003 "-" 97097 0
Dec 12 19:43:48 np0005557753.novalocal container-server[97099]: ::1 - - [13/Dec/2025:00:43:48 +0000] "PUT /3/163018/AUTH_afe588ce5e36492b94129e0538b6bb45/gnocchi.7d2a9191-781f-4c9e-af41-6763c32f2009/1764720000.0_mean_300.0_v3" 201 - "PUT http://[::1]:8080/2/204113/AUTH_afe588ce5e36492b94129e0538b6bb45/gnocchi.7d2a9191-781f-4c9e-af41-6763c32f2009/1764720000.0_mean_300.0_v3" "txcdbefa128ac14a4496c0f-00693cb6c4" "object-server 97400" 0.0007 "-" 97099 0
Dec 12 19:43:48 np0005557753.novalocal object-server[97400]: ::1 - - [13/Dec/2025:00:43:48 +0000] "PUT /1/204113/AUTH_afe588ce5e36492b94129e0538b6bb45/gnocchi.7d2a9191-781f-4c9e-af41-6763c32f2009/1764720000.0_mean_300.0_v3" 201 - "PUT http://[::1]:8080/v1/AUTH_afe588ce5e36492b94129e0538b6bb45/gnocchi.7d2a9191-781f-4c9e-af41-6763c32f2009/1764720000.0_mean_300.0_v3" "txcdbefa128ac14a4496c0f-00693cb6c4" "proxy-server 90180" 0.0172 "-" 97400 0
Dec 12 19:43:48 np0005557753.novalocal proxy-server[90180]: ::1 ::1 13/Dec/2025/00/43/48 GET /v1/AUTH_afe588ce5e36492b94129e0538b6bb45/gnocchi.1ff2aabe-ba52-4c9d-ae58-d90bd653919b%3Fformat%3Djson%26states%3Dlisting HTTP/1.0 200 - python-swiftclient-4.2.0 gAAAAABpPLaCrEYT... - 357 - tx516a5a6ef0a640d09b2f1-00693cb6c4 - 0.0175 - - 1765586628.969923735 1765586628.987448215 0
Dec 12 19:43:48 np0005557753.novalocal object-server[97400]: ::1 - - [13/Dec/2025:00:43:48 +0000] "PUT /2/204113/AUTH_afe588ce5e36492b94129e0538b6bb45/gnocchi.7d2a9191-781f-4c9e-af41-6763c32f2009/1764720000.0_mean_300.0_v3" 201 - "PUT http://[::1]:8080/v1/AUTH_afe588ce5e36492b94129e0538b6bb45/gnocchi.7d2a9191-781f-4c9e-af41-6763c32f2009/1764720000.0_mean_300.0_v3" "txcdbefa128ac14a4496c0f-00693cb6c4" "proxy-server 90180" 0.0175 "-" 97400 0
Dec 12 19:43:48 np0005557753.novalocal proxy-server[90180]: ::1 ::1 13/Dec/2025/00/43/48 PUT /v1/AUTH_afe588ce5e36492b94129e0538b6bb45/gnocchi.7d2a9191-781f-4c9e-af41-6763c32f2009/1764720000.0_mean_300.0_v3 HTTP/1.0 201 - python-swiftclient-4.2.0 gAAAAABpPLaCpY4p... 16 - - txcdbefa128ac14a4496c0f-00693cb6c4 - 0.0271 - - 1765586628.963892221 1765586628.990998268 0
Dec 12 19:43:49 np0005557753.novalocal container-server[97098]: ::1 - - [13/Dec/2025:00:43:49 +0000] "GET /1/257772/AUTH_afe588ce5e36492b94129e0538b6bb45/gnocchi.1ff2aabe-ba52-4c9d-ae58-d90bd653919b" 200 2 "GET http://[::1]:8080/v1/AUTH_afe588ce5e36492b94129e0538b6bb45/gnocchi.1ff2aabe-ba52-4c9d-ae58-d90bd653919b?format=json&marker=none_v3&states=listing" "txa96ed629ee474d35baf0e-00693cb6c4" "proxy-server 90180" 0.0108 "-" 97098 0
Dec 12 19:43:49 np0005557753.novalocal proxy-server[90180]: ::1 ::1 13/Dec/2025/00/43/49 GET /v1/AUTH_afe588ce5e36492b94129e0538b6bb45/gnocchi.1ff2aabe-ba52-4c9d-ae58-d90bd653919b%3Fformat%3Djson%26marker%3Dnone_v3%26states%3Dlisting HTTP/1.0 200 - python-swiftclient-4.2.0 gAAAAABpPLaCrEYT... - 2 - txa96ed629ee474d35baf0e-00693cb6c4 - 0.0216 - - 1765586628.990066767 1765586629.011696815 0
Dec 12 19:43:49 np0005557753.novalocal container-server[97097]: ::1 - - [13/Dec/2025:00:43:49 +0000] "PUT /1/70634/AUTH_afe588ce5e36492b94129e0538b6bb45/gnocchi.f067af33-9a55-4348-aa21-644e92620e09/1764720000.0_mean_300.0_v3" 201 - "PUT http://[::1]:8080/2/186346/AUTH_afe588ce5e36492b94129e0538b6bb45/gnocchi.f067af33-9a55-4348-aa21-644e92620e09/1764720000.0_mean_300.0_v3" "tx9780dce6035a4dbba1aef-00693cb6c4" "object-server 97400" 0.0004 "-" 97097 0
Dec 12 19:43:49 np0005557753.novalocal container-server[97098]: ::1 - - [13/Dec/2025:00:43:49 +0000] "PUT /3/70634/AUTH_afe588ce5e36492b94129e0538b6bb45/gnocchi.f067af33-9a55-4348-aa21-644e92620e09/1764720000.0_mean_300.0_v3" 201 - "PUT http://[::1]:8080/3/186346/AUTH_afe588ce5e36492b94129e0538b6bb45/gnocchi.f067af33-9a55-4348-aa21-644e92620e09/1764720000.0_mean_300.0_v3" "tx9780dce6035a4dbba1aef-00693cb6c4" "object-server 97401" 0.0006 "-" 97098 0
Dec 12 19:43:49 np0005557753.novalocal container-server[97099]: ::1 - - [13/Dec/2025:00:43:49 +0000] "PUT /2/70634/AUTH_afe588ce5e36492b94129e0538b6bb45/gnocchi.f067af33-9a55-4348-aa21-644e92620e09/1764720000.0_mean_300.0_v3" 201 - "PUT http://[::1]:8080/1/186346/AUTH_afe588ce5e36492b94129e0538b6bb45/gnocchi.f067af33-9a55-4348-aa21-644e92620e09/1764720000.0_mean_300.0_v3" "tx9780dce6035a4dbba1aef-00693cb6c4" "object-server 97399" 0.0008 "-" 97099 0
Dec 12 19:43:49 np0005557753.novalocal object-server[97400]: ::1 - - [13/Dec/2025:00:43:49 +0000] "PUT /2/186346/AUTH_afe588ce5e36492b94129e0538b6bb45/gnocchi.f067af33-9a55-4348-aa21-644e92620e09/1764720000.0_mean_300.0_v3" 201 - "PUT http://[::1]:8080/v1/AUTH_afe588ce5e36492b94129e0538b6bb45/gnocchi.f067af33-9a55-4348-aa21-644e92620e09/1764720000.0_mean_300.0_v3" "tx9780dce6035a4dbba1aef-00693cb6c4" "proxy-server 90180" 0.0126 "-" 97400 0
Dec 12 19:43:49 np0005557753.novalocal object-server[97401]: ::1 - - [13/Dec/2025:00:43:49 +0000] "PUT /3/186346/AUTH_afe588ce5e36492b94129e0538b6bb45/gnocchi.f067af33-9a55-4348-aa21-644e92620e09/1764720000.0_mean_300.0_v3" 201 - "PUT http://[::1]:8080/v1/AUTH_afe588ce5e36492b94129e0538b6bb45/gnocchi.f067af33-9a55-4348-aa21-644e92620e09/1764720000.0_mean_300.0_v3" "tx9780dce6035a4dbba1aef-00693cb6c4" "proxy-server 90180" 0.0126 "-" 97401 0
Dec 12 19:43:49 np0005557753.novalocal object-server[97399]: ::1 - - [13/Dec/2025:00:43:49 +0000] "PUT /1/186346/AUTH_afe588ce5e36492b94129e0538b6bb45/gnocchi.f067af33-9a55-4348-aa21-644e92620e09/1764720000.0_mean_300.0_v3" 201 - "PUT http://[::1]:8080/v1/AUTH_afe588ce5e36492b94129e0538b6bb45/gnocchi.f067af33-9a55-4348-aa21-644e92620e09/1764720000.0_mean_300.0_v3" "tx9780dce6035a4dbba1aef-00693cb6c4" "proxy-server 90180" 0.0142 "-" 97399 0
Dec 12 19:43:49 np0005557753.novalocal proxy-server[90180]: ::1 ::1 13/Dec/2025/00/43/49 PUT /v1/AUTH_afe588ce5e36492b94129e0538b6bb45/gnocchi.f067af33-9a55-4348-aa21-644e92620e09/1764720000.0_mean_300.0_v3 HTTP/1.0 201 - python-swiftclient-4.2.0 gAAAAABpPLaCpY4p... 16 - - tx9780dce6035a4dbba1aef-00693cb6c4 - 0.0236 - - 1765586628.995313168 1765586629.018949986 0
Dec 12 19:43:49 np0005557753.novalocal object-server[97402]: ::1 - - [13/Dec/2025:00:43:49 +0000] "GET /1/253386/AUTH_afe588ce5e36492b94129e0538b6bb45/gnocchi.1ff2aabe-ba52-4c9d-ae58-d90bd653919b/1764720000.0_mean_300.0_v3" 200 16 "GET http://[::1]:8080/v1/AUTH_afe588ce5e36492b94129e0538b6bb45/gnocchi.1ff2aabe-ba52-4c9d-ae58-d90bd653919b/1764720000.0_mean_300.0_v3" "tx4ab70810452c44298ff79-00693cb6c5" "proxy-server 90180" 0.0005 "-" 97402 0
Dec 12 19:43:49 np0005557753.novalocal proxy-server[90180]: ::1 ::1 13/Dec/2025/00/43/49 GET /v1/AUTH_afe588ce5e36492b94129e0538b6bb45/gnocchi.1ff2aabe-ba52-4c9d-ae58-d90bd653919b/1764720000.0_mean_300.0_v3 HTTP/1.0 200 - python-swiftclient-4.2.0 gAAAAABpPLaCrEYT... - 16 - tx4ab70810452c44298ff79-00693cb6c5 - 0.0120 - - 1765586629.016442060 1765586629.028478384 0
Dec 12 19:43:49 np0005557753.novalocal container-server[97098]: ::1 - - [13/Dec/2025:00:43:49 +0000] "PUT /3/163018/AUTH_afe588ce5e36492b94129e0538b6bb45/gnocchi.7d2a9191-781f-4c9e-af41-6763c32f2009/none_v3" 201 - "PUT http://[::1]:8080/1/221194/AUTH_afe588ce5e36492b94129e0538b6bb45/gnocchi.7d2a9191-781f-4c9e-af41-6763c32f2009/none_v3" "txe605a7fce13d4827a9556-00693cb6c5" "object-server 97399" 0.0010 "-" 97098 0
Dec 12 19:43:49 np0005557753.novalocal object-server[97399]: ::1 - - [13/Dec/2025:00:43:49 +0000] "PUT /1/221194/AUTH_afe588ce5e36492b94129e0538b6bb45/gnocchi.7d2a9191-781f-4c9e-af41-6763c32f2009/none_v3" 201 - "PUT http://[::1]:8080/v1/AUTH_afe588ce5e36492b94129e0538b6bb45/gnocchi.7d2a9191-781f-4c9e-af41-6763c32f2009/none_v3" "txe605a7fce13d4827a9556-00693cb6c5" "proxy-server 90180" 0.0187 "-" 97399 0
Dec 12 19:43:49 np0005557753.novalocal container-server[97096]: ::1 - - [13/Dec/2025:00:43:49 +0000] "PUT /2/163018/AUTH_afe588ce5e36492b94129e0538b6bb45/gnocchi.7d2a9191-781f-4c9e-af41-6763c32f2009/none_v3" 201 - "PUT http://[::1]:8080/2/221194/AUTH_afe588ce5e36492b94129e0538b6bb45/gnocchi.7d2a9191-781f-4c9e-af41-6763c32f2009/none_v3" "txe605a7fce13d4827a9556-00693cb6c5" "object-server 97402" 0.0010 "-" 97096 0
Dec 12 19:43:49 np0005557753.novalocal object-server[97402]: ::1 - - [13/Dec/2025:00:43:49 +0000] "PUT /2/221194/AUTH_afe588ce5e36492b94129e0538b6bb45/gnocchi.7d2a9191-781f-4c9e-af41-6763c32f2009/none_v3" 201 - "PUT http://[::1]:8080/v1/AUTH_afe588ce5e36492b94129e0538b6bb45/gnocchi.7d2a9191-781f-4c9e-af41-6763c32f2009/none_v3" "txe605a7fce13d4827a9556-00693cb6c5" "proxy-server 90180" 0.0196 "-" 97402 0
Dec 12 19:43:49 np0005557753.novalocal container-server[97096]: ::1 - - [13/Dec/2025:00:43:49 +0000] "PUT /1/163018/AUTH_afe588ce5e36492b94129e0538b6bb45/gnocchi.7d2a9191-781f-4c9e-af41-6763c32f2009/none_v3" 201 - "PUT http://[::1]:8080/3/221194/AUTH_afe588ce5e36492b94129e0538b6bb45/gnocchi.7d2a9191-781f-4c9e-af41-6763c32f2009/none_v3" "txe605a7fce13d4827a9556-00693cb6c5" "object-server 97401" 0.0007 "-" 97096 0
Dec 12 19:43:49 np0005557753.novalocal container-server[97097]: ::1 - - [13/Dec/2025:00:43:49 +0000] "PUT /3/257772/AUTH_afe588ce5e36492b94129e0538b6bb45/gnocchi.1ff2aabe-ba52-4c9d-ae58-d90bd653919b/1764720000.0_mean_300.0_v3" 201 - "PUT http://[::1]:8080/2/253386/AUTH_afe588ce5e36492b94129e0538b6bb45/gnocchi.1ff2aabe-ba52-4c9d-ae58-d90bd653919b/1764720000.0_mean_300.0_v3" "tx3e5b5f2f3cbf42aa9d881-00693cb6c5" "object-server 97400" 0.0011 "-" 97097 0
Dec 12 19:43:49 np0005557753.novalocal object-server[97401]: ::1 - - [13/Dec/2025:00:43:49 +0000] "PUT /3/221194/AUTH_afe588ce5e36492b94129e0538b6bb45/gnocchi.7d2a9191-781f-4c9e-af41-6763c32f2009/none_v3" 201 - "PUT http://[::1]:8080/v1/AUTH_afe588ce5e36492b94129e0538b6bb45/gnocchi.7d2a9191-781f-4c9e-af41-6763c32f2009/none_v3" "txe605a7fce13d4827a9556-00693cb6c5" "proxy-server 90180" 0.0220 "-" 97401 0
Dec 12 19:43:49 np0005557753.novalocal container-server[97096]: ::1 - - [13/Dec/2025:00:43:49 +0000] "PUT /1/257772/AUTH_afe588ce5e36492b94129e0538b6bb45/gnocchi.1ff2aabe-ba52-4c9d-ae58-d90bd653919b/1764720000.0_mean_300.0_v3" 201 - "PUT http://[::1]:8080/1/253386/AUTH_afe588ce5e36492b94129e0538b6bb45/gnocchi.1ff2aabe-ba52-4c9d-ae58-d90bd653919b/1764720000.0_mean_300.0_v3" "tx3e5b5f2f3cbf42aa9d881-00693cb6c5" "object-server 97400" 0.0006 "-" 97096 0
Dec 12 19:43:49 np0005557753.novalocal proxy-server[90180]: ::1 ::1 13/Dec/2025/00/43/49 PUT /v1/AUTH_afe588ce5e36492b94129e0538b6bb45/gnocchi.7d2a9191-781f-4c9e-af41-6763c32f2009/none_v3 HTTP/1.0 201 - python-swiftclient-4.2.0 gAAAAABpPLaCpY4p... 30 - - txe605a7fce13d4827a9556-00693cb6c5 - 0.0363 - - 1765586629.025365591 1765586629.061653852 0
Dec 12 19:43:49 np0005557753.novalocal object-server[97400]: ::1 - - [13/Dec/2025:00:43:49 +0000] "PUT /2/253386/AUTH_afe588ce5e36492b94129e0538b6bb45/gnocchi.1ff2aabe-ba52-4c9d-ae58-d90bd653919b/1764720000.0_mean_300.0_v3" 201 - "PUT http://[::1]:8080/v1/AUTH_afe588ce5e36492b94129e0538b6bb45/gnocchi.1ff2aabe-ba52-4c9d-ae58-d90bd653919b/1764720000.0_mean_300.0_v3" "tx3e5b5f2f3cbf42aa9d881-00693cb6c5" "proxy-server 90180" 0.0161 "-" 97400 0
Dec 12 19:43:49 np0005557753.novalocal object-server[97400]: ::1 - - [13/Dec/2025:00:43:49 +0000] "PUT /1/253386/AUTH_afe588ce5e36492b94129e0538b6bb45/gnocchi.1ff2aabe-ba52-4c9d-ae58-d90bd653919b/1764720000.0_mean_300.0_v3" 201 - "PUT http://[::1]:8080/v1/AUTH_afe588ce5e36492b94129e0538b6bb45/gnocchi.1ff2aabe-ba52-4c9d-ae58-d90bd653919b/1764720000.0_mean_300.0_v3" "tx3e5b5f2f3cbf42aa9d881-00693cb6c5" "proxy-server 90180" 0.0146 "-" 97400 0
Dec 12 19:43:49 np0005557753.novalocal container-server[97099]: ::1 - - [13/Dec/2025:00:43:49 +0000] "PUT /2/257772/AUTH_afe588ce5e36492b94129e0538b6bb45/gnocchi.1ff2aabe-ba52-4c9d-ae58-d90bd653919b/1764720000.0_mean_300.0_v3" 201 - "PUT http://[::1]:8080/3/253386/AUTH_afe588ce5e36492b94129e0538b6bb45/gnocchi.1ff2aabe-ba52-4c9d-ae58-d90bd653919b/1764720000.0_mean_300.0_v3" "tx3e5b5f2f3cbf42aa9d881-00693cb6c5" "object-server 97400" 0.0020 "-" 97099 0
Dec 12 19:43:49 np0005557753.novalocal object-server[97400]: ::1 - - [13/Dec/2025:00:43:49 +0000] "PUT /3/253386/AUTH_afe588ce5e36492b94129e0538b6bb45/gnocchi.1ff2aabe-ba52-4c9d-ae58-d90bd653919b/1764720000.0_mean_300.0_v3" 201 - "PUT http://[::1]:8080/v1/AUTH_afe588ce5e36492b94129e0538b6bb45/gnocchi.1ff2aabe-ba52-4c9d-ae58-d90bd653919b/1764720000.0_mean_300.0_v3" "tx3e5b5f2f3cbf42aa9d881-00693cb6c5" "proxy-server 90180" 0.0181 "-" 97400 0
Dec 12 19:43:49 np0005557753.novalocal proxy-server[90180]: ::1 ::1 13/Dec/2025/00/43/49 PUT /v1/AUTH_afe588ce5e36492b94129e0538b6bb45/gnocchi.1ff2aabe-ba52-4c9d-ae58-d90bd653919b/1764720000.0_mean_300.0_v3 HTTP/1.0 201 - python-swiftclient-4.2.0 gAAAAABpPLaCrEYT... 16 - - tx3e5b5f2f3cbf42aa9d881-00693cb6c5 - 0.0316 - - 1765586629.035861969 1765586629.067414284 0
Dec 12 19:43:49 np0005557753.novalocal container-server[97099]: ::1 - - [13/Dec/2025:00:43:49 +0000] "PUT /3/70634/AUTH_afe588ce5e36492b94129e0538b6bb45/gnocchi.f067af33-9a55-4348-aa21-644e92620e09/none_v3" 201 - "PUT http://[::1]:8080/1/195148/AUTH_afe588ce5e36492b94129e0538b6bb45/gnocchi.f067af33-9a55-4348-aa21-644e92620e09/none_v3" "txd4c394236db4459e97ca9-00693cb6c5" "object-server 97400" 0.0008 "-" 97099 0
Dec 12 19:43:49 np0005557753.novalocal container-server[97098]: ::1 - - [13/Dec/2025:00:43:49 +0000] "PUT /3/257772/AUTH_afe588ce5e36492b94129e0538b6bb45/gnocchi.1ff2aabe-ba52-4c9d-ae58-d90bd653919b/none_v3" 201 - "PUT http://[::1]:8080/3/234388/AUTH_afe588ce5e36492b94129e0538b6bb45/gnocchi.1ff2aabe-ba52-4c9d-ae58-d90bd653919b/none_v3" "txcd8d3225f16042eca414d-00693cb6c5" "object-server 97402" 0.0009 "-" 97098 0
Dec 12 19:43:49 np0005557753.novalocal object-server[97402]: ::1 - - [13/Dec/2025:00:43:49 +0000] "PUT /3/234388/AUTH_afe588ce5e36492b94129e0538b6bb45/gnocchi.1ff2aabe-ba52-4c9d-ae58-d90bd653919b/none_v3" 201 - "PUT http://[::1]:8080/v1/AUTH_afe588ce5e36492b94129e0538b6bb45/gnocchi.1ff2aabe-ba52-4c9d-ae58-d90bd653919b/none_v3" "txcd8d3225f16042eca414d-00693cb6c5" "proxy-server 90180" 0.0140 "-" 97402 0
Dec 12 19:43:49 np0005557753.novalocal object-server[97400]: ::1 - - [13/Dec/2025:00:43:49 +0000] "PUT /1/195148/AUTH_afe588ce5e36492b94129e0538b6bb45/gnocchi.f067af33-9a55-4348-aa21-644e92620e09/none_v3" 201 - "PUT http://[::1]:8080/v1/AUTH_afe588ce5e36492b94129e0538b6bb45/gnocchi.f067af33-9a55-4348-aa21-644e92620e09/none_v3" "txd4c394236db4459e97ca9-00693cb6c5" "proxy-server 90180" 0.0179 "-" 97400 0
Dec 12 19:43:49 np0005557753.novalocal container-server[97099]: ::1 - - [13/Dec/2025:00:43:49 +0000] "PUT /1/70634/AUTH_afe588ce5e36492b94129e0538b6bb45/gnocchi.f067af33-9a55-4348-aa21-644e92620e09/none_v3" 201 - "PUT http://[::1]:8080/2/195148/AUTH_afe588ce5e36492b94129e0538b6bb45/gnocchi.f067af33-9a55-4348-aa21-644e92620e09/none_v3" "txd4c394236db4459e97ca9-00693cb6c5" "object-server 97400" 0.0006 "-" 97099 0
Dec 12 19:43:49 np0005557753.novalocal container-server[97098]: ::1 - - [13/Dec/2025:00:43:49 +0000] "PUT /1/257772/AUTH_afe588ce5e36492b94129e0538b6bb45/gnocchi.1ff2aabe-ba52-4c9d-ae58-d90bd653919b/none_v3" 201 - "PUT http://[::1]:8080/1/234388/AUTH_afe588ce5e36492b94129e0538b6bb45/gnocchi.1ff2aabe-ba52-4c9d-ae58-d90bd653919b/none_v3" "txcd8d3225f16042eca414d-00693cb6c5" "object-server 97400" 0.0007 "-" 97098 0
Dec 12 19:43:49 np0005557753.novalocal object-server[97400]: ::1 - - [13/Dec/2025:00:43:49 +0000] "PUT /2/195148/AUTH_afe588ce5e36492b94129e0538b6bb45/gnocchi.f067af33-9a55-4348-aa21-644e92620e09/none_v3" 201 - "PUT http://[::1]:8080/v1/AUTH_afe588ce5e36492b94129e0538b6bb45/gnocchi.f067af33-9a55-4348-aa21-644e92620e09/none_v3" "txd4c394236db4459e97ca9-00693cb6c5" "proxy-server 90180" 0.0174 "-" 97400 0
Dec 12 19:43:49 np0005557753.novalocal container-server[97099]: ::1 - - [13/Dec/2025:00:43:49 +0000] "PUT /2/70634/AUTH_afe588ce5e36492b94129e0538b6bb45/gnocchi.f067af33-9a55-4348-aa21-644e92620e09/none_v3" 201 - "PUT http://[::1]:8080/3/195148/AUTH_afe588ce5e36492b94129e0538b6bb45/gnocchi.f067af33-9a55-4348-aa21-644e92620e09/none_v3" "txd4c394236db4459e97ca9-00693cb6c5" "object-server 97401" 0.0005 "-" 97099 0
Dec 12 19:43:49 np0005557753.novalocal container-server[97096]: ::1 - - [13/Dec/2025:00:43:49 +0000] "PUT /2/257772/AUTH_afe588ce5e36492b94129e0538b6bb45/gnocchi.1ff2aabe-ba52-4c9d-ae58-d90bd653919b/none_v3" 201 - "PUT http://[::1]:8080/2/234388/AUTH_afe588ce5e36492b94129e0538b6bb45/gnocchi.1ff2aabe-ba52-4c9d-ae58-d90bd653919b/none_v3" "txcd8d3225f16042eca414d-00693cb6c5" "object-server 97401" 0.0008 "-" 97096 0
Dec 12 19:43:49 np0005557753.novalocal object-server[97400]: ::1 - - [13/Dec/2025:00:43:49 +0000] "PUT /1/234388/AUTH_afe588ce5e36492b94129e0538b6bb45/gnocchi.1ff2aabe-ba52-4c9d-ae58-d90bd653919b/none_v3" 201 - "PUT http://[::1]:8080/v1/AUTH_afe588ce5e36492b94129e0538b6bb45/gnocchi.1ff2aabe-ba52-4c9d-ae58-d90bd653919b/none_v3" "txcd8d3225f16042eca414d-00693cb6c5" "proxy-server 90180" 0.0165 "-" 97400 0
Dec 12 19:43:49 np0005557753.novalocal object-server[97401]: ::1 - - [13/Dec/2025:00:43:49 +0000] "PUT /3/195148/AUTH_afe588ce5e36492b94129e0538b6bb45/gnocchi.f067af33-9a55-4348-aa21-644e92620e09/none_v3" 201 - "PUT http://[::1]:8080/v1/AUTH_afe588ce5e36492b94129e0538b6bb45/gnocchi.f067af33-9a55-4348-aa21-644e92620e09/none_v3" "txd4c394236db4459e97ca9-00693cb6c5" "proxy-server 90180" 0.0213 "-" 97401 0
Dec 12 19:43:49 np0005557753.novalocal object-server[97401]: ::1 - - [13/Dec/2025:00:43:49 +0000] "PUT /2/234388/AUTH_afe588ce5e36492b94129e0538b6bb45/gnocchi.1ff2aabe-ba52-4c9d-ae58-d90bd653919b/none_v3" 201 - "PUT http://[::1]:8080/v1/AUTH_afe588ce5e36492b94129e0538b6bb45/gnocchi.1ff2aabe-ba52-4c9d-ae58-d90bd653919b/none_v3" "txcd8d3225f16042eca414d-00693cb6c5" "proxy-server 90180" 0.0169 "-" 97401 0
Dec 12 19:43:49 np0005557753.novalocal proxy-server[90180]: ::1 ::1 13/Dec/2025/00/43/49 PUT /v1/AUTH_afe588ce5e36492b94129e0538b6bb45/gnocchi.f067af33-9a55-4348-aa21-644e92620e09/none_v3 HTTP/1.0 201 - python-swiftclient-4.2.0 gAAAAABpPLaCpY4p... 31 - - txd4c394236db4459e97ca9-00693cb6c5 - 0.0307 - - 1765586629.066000700 1765586629.096722603 0
Dec 12 19:43:49 np0005557753.novalocal proxy-server[90180]: ::1 ::1 13/Dec/2025/00/43/49 PUT /v1/AUTH_afe588ce5e36492b94129e0538b6bb45/gnocchi.1ff2aabe-ba52-4c9d-ae58-d90bd653919b/none_v3 HTTP/1.0 201 - python-swiftclient-4.2.0 gAAAAABpPLaCrEYT... 45 - - txcd8d3225f16042eca414d-00693cb6c5 - 0.0261 - - 1765586629.072761059 1765586629.098871469 0
Dec 12 19:43:49 np0005557753.novalocal object-server[97401]: ::1 - - [13/Dec/2025:00:43:49 +0000] "GET /3/241799/AUTH_afe588ce5e36492b94129e0538b6bb45/gnocchi.79957659-2de1-457f-96f7-ca5a0be1f57d/none_v3" 200 26 "GET http://[::1]:8080/v1/AUTH_afe588ce5e36492b94129e0538b6bb45/gnocchi.79957659-2de1-457f-96f7-ca5a0be1f57d/none_v3" "txee60ac3e370c4a2f8ab27-00693cb6c5" "proxy-server 90180" 0.0010 "-" 97401 0
Dec 12 19:43:49 np0005557753.novalocal object-server[97401]: ::1 - - [13/Dec/2025:00:43:49 +0000] "GET /1/221194/AUTH_afe588ce5e36492b94129e0538b6bb45/gnocchi.7d2a9191-781f-4c9e-af41-6763c32f2009/none_v3" 200 30 "GET http://[::1]:8080/v1/AUTH_afe588ce5e36492b94129e0538b6bb45/gnocchi.7d2a9191-781f-4c9e-af41-6763c32f2009/none_v3" "txc798a1f689fe446b96a34-00693cb6c5" "proxy-server 90180" 0.0005 "-" 97401 0
Dec 12 19:43:49 np0005557753.novalocal proxy-server[90180]: ::1 ::1 13/Dec/2025/00/43/49 GET /v1/AUTH_afe588ce5e36492b94129e0538b6bb45/gnocchi.79957659-2de1-457f-96f7-ca5a0be1f57d/none_v3 HTTP/1.0 200 - python-swiftclient-4.2.0 gAAAAABpPLaCpY4p... - 26 - txee60ac3e370c4a2f8ab27-00693cb6c5 - 0.0085 - - 1765586629.110840321 1765586629.119339705 0
Dec 12 19:43:49 np0005557753.novalocal proxy-server[90180]: ::1 ::1 13/Dec/2025/00/43/49 GET /v1/AUTH_afe588ce5e36492b94129e0538b6bb45/gnocchi.7d2a9191-781f-4c9e-af41-6763c32f2009/none_v3 HTTP/1.0 200 - python-swiftclient-4.2.0 gAAAAABpPLaCrEYT... - 30 - txc798a1f689fe446b96a34-00693cb6c5 - 0.0055 - - 1765586629.115378857 1765586629.120836258 0
Dec 12 19:43:49 np0005557753.novalocal object-server[97401]: ::1 - - [13/Dec/2025:00:43:49 +0000] "GET /2/195148/AUTH_afe588ce5e36492b94129e0538b6bb45/gnocchi.f067af33-9a55-4348-aa21-644e92620e09/none_v3" 200 31 "GET http://[::1]:8080/v1/AUTH_afe588ce5e36492b94129e0538b6bb45/gnocchi.f067af33-9a55-4348-aa21-644e92620e09/none_v3" "txa227701b1314483fb1352-00693cb6c5" "proxy-server 90180" 0.0006 "-" 97401 0
Dec 12 19:43:49 np0005557753.novalocal proxy-server[90180]: ::1 ::1 13/Dec/2025/00/43/49 GET /v1/AUTH_afe588ce5e36492b94129e0538b6bb45/gnocchi.f067af33-9a55-4348-aa21-644e92620e09/none_v3 HTTP/1.0 200 - python-swiftclient-4.2.0 gAAAAABpPLaCrEYT... - 31 - txa227701b1314483fb1352-00693cb6c5 - 0.0067 - - 1765586629.122647047 1765586629.129395962 0
Dec 12 19:43:49 np0005557753.novalocal container-server[97099]: ::1 - - [13/Dec/2025:00:43:49 +0000] "GET /3/230223/AUTH_afe588ce5e36492b94129e0538b6bb45/gnocchi.79957659-2de1-457f-96f7-ca5a0be1f57d" 200 357 "GET http://[::1]:8080/v1/AUTH_afe588ce5e36492b94129e0538b6bb45/gnocchi.79957659-2de1-457f-96f7-ca5a0be1f57d?format=json&states=listing" "tx2c74758cb7fe4760908d4-00693cb6c5" "proxy-server 90180" 0.0101 "-" 97099 0
Dec 12 19:43:49 np0005557753.novalocal proxy-server[90180]: ::1 ::1 13/Dec/2025/00/43/49 GET /v1/AUTH_afe588ce5e36492b94129e0538b6bb45/gnocchi.79957659-2de1-457f-96f7-ca5a0be1f57d%3Fformat%3Djson%26states%3Dlisting HTTP/1.0 200 - python-swiftclient-4.2.0 gAAAAABpPLaCpY4p... - 357 - tx2c74758cb7fe4760908d4-00693cb6c5 - 0.0167 - - 1765586629.125519276 1765586629.142172337 0
Dec 12 19:43:49 np0005557753.novalocal container-server[97099]: ::1 - - [13/Dec/2025:00:43:49 +0000] "GET /1/163018/AUTH_afe588ce5e36492b94129e0538b6bb45/gnocchi.7d2a9191-781f-4c9e-af41-6763c32f2009" 200 357 "GET http://[::1]:8080/v1/AUTH_afe588ce5e36492b94129e0538b6bb45/gnocchi.7d2a9191-781f-4c9e-af41-6763c32f2009?format=json&states=listing" "tx7c2ac6ce86424079b2498-00693cb6c5" "proxy-server 90180" 0.0100 "-" 97099 0
Dec 12 19:43:49 np0005557753.novalocal proxy-server[90180]: ::1 ::1 13/Dec/2025/00/43/49 GET /v1/AUTH_afe588ce5e36492b94129e0538b6bb45/gnocchi.7d2a9191-781f-4c9e-af41-6763c32f2009%3Fformat%3Djson%26states%3Dlisting HTTP/1.0 200 - python-swiftclient-4.2.0 gAAAAABpPLaCrEYT... - 357 - tx7c2ac6ce86424079b2498-00693cb6c5 - 0.0187 - - 1765586629.135039330 1765586629.153698206 0
Dec 12 19:43:49 np0005557753.novalocal container-server[97099]: ::1 - - [13/Dec/2025:00:43:49 +0000] "GET /3/230223/AUTH_afe588ce5e36492b94129e0538b6bb45/gnocchi.79957659-2de1-457f-96f7-ca5a0be1f57d" 200 2 "GET http://[::1]:8080/v1/AUTH_afe588ce5e36492b94129e0538b6bb45/gnocchi.79957659-2de1-457f-96f7-ca5a0be1f57d?format=json&marker=none_v3&states=listing" "tx1fce8368ece04d2381cd9-00693cb6c5" "proxy-server 90180" 0.0053 "-" 97099 0
Dec 12 19:43:49 np0005557753.novalocal proxy-server[90180]: ::1 ::1 13/Dec/2025/00/43/49 GET /v1/AUTH_afe588ce5e36492b94129e0538b6bb45/gnocchi.79957659-2de1-457f-96f7-ca5a0be1f57d%3Fformat%3Djson%26marker%3Dnone_v3%26states%3Dlisting HTTP/1.0 200 - python-swiftclient-4.2.0 gAAAAABpPLaCpY4p... - 2 - tx1fce8368ece04d2381cd9-00693cb6c5 - 0.0146 - - 1765586629.146492004 1765586629.161105156 0
Dec 12 19:43:49 np0005557753.novalocal container-server[97099]: ::1 - - [13/Dec/2025:00:43:49 +0000] "GET /3/163018/AUTH_afe588ce5e36492b94129e0538b6bb45/gnocchi.7d2a9191-781f-4c9e-af41-6763c32f2009" 200 2 "GET http://[::1]:8080/v1/AUTH_afe588ce5e36492b94129e0538b6bb45/gnocchi.7d2a9191-781f-4c9e-af41-6763c32f2009?format=json&marker=none_v3&states=listing" "tx86ab7f0a7be6416e8999f-00693cb6c5" "proxy-server 90180" 0.0108 "-" 97099 0
Dec 12 19:43:49 np0005557753.novalocal object-server[97401]: ::1 - - [13/Dec/2025:00:43:49 +0000] "GET /2/119605/AUTH_afe588ce5e36492b94129e0538b6bb45/gnocchi.79957659-2de1-457f-96f7-ca5a0be1f57d/1764720000.0_mean_300.0_v3" 200 16 "GET http://[::1]:8080/v1/AUTH_afe588ce5e36492b94129e0538b6bb45/gnocchi.79957659-2de1-457f-96f7-ca5a0be1f57d/1764720000.0_mean_300.0_v3" "tx02640a76768f4a7fbef7a-00693cb6c5" "proxy-server 90180" 0.0006 "-" 97401 0
Dec 12 19:43:49 np0005557753.novalocal proxy-server[90180]: ::1 ::1 13/Dec/2025/00/43/49 GET /v1/AUTH_afe588ce5e36492b94129e0538b6bb45/gnocchi.7d2a9191-781f-4c9e-af41-6763c32f2009%3Fformat%3Djson%26marker%3Dnone_v3%26states%3Dlisting HTTP/1.0 200 - python-swiftclient-4.2.0 gAAAAABpPLaCrEYT... - 2 - tx86ab7f0a7be6416e8999f-00693cb6c5 - 0.0199 - - 1765586629.156568289 1765586629.176448822 0
Dec 12 19:43:49 np0005557753.novalocal proxy-server[90180]: ::1 ::1 13/Dec/2025/00/43/49 GET /v1/AUTH_afe588ce5e36492b94129e0538b6bb45/gnocchi.79957659-2de1-457f-96f7-ca5a0be1f57d/1764720000.0_mean_300.0_v3 HTTP/1.0 200 - python-swiftclient-4.2.0 gAAAAABpPLaCpY4p... - 16 - tx02640a76768f4a7fbef7a-00693cb6c5 - 0.0136 - - 1765586629.165568113 1765586629.179178476 0
Dec 12 19:43:49 np0005557753.novalocal container-server[90620]: Since Sat Dec 13 00:43:47 2025 visited - attempted:0 success:0 failure:0 skipped:93 completed:0
Dec 12 19:43:49 np0005557753.novalocal container-server[90620]: Since Sat Dec 13 00:43:47 2025 scanned - attempted:0 success:0 failure:0 found:0 min_time:0 max_time:0
Dec 12 19:43:49 np0005557753.novalocal container-server[90620]: Since Sat Dec 13 00:43:47 2025 created - attempted:0 success:0 failure:0
Dec 12 19:43:49 np0005557753.novalocal container-server[90620]: Since Sat Dec 13 00:43:47 2025 cleaved - attempted:0 success:0 failure:0 min_time:0 max_time:0
Dec 12 19:43:49 np0005557753.novalocal container-server[90620]: Since Sat Dec 13 00:43:47 2025 misplaced - attempted:0 success:0 failure:0 found:0 placed:0 unplaced:0
Dec 12 19:43:49 np0005557753.novalocal container-server[90620]: Since Sat Dec 13 00:43:47 2025 audit_root - attempted:0 success:0 failure:0 has_overlap:0 num_overlap:0
Dec 12 19:43:49 np0005557753.novalocal container-server[90620]: Since Sat Dec 13 00:43:47 2025 audit_shard - attempted:0 success:0 failure:0
Dec 12 19:43:49 np0005557753.novalocal container-server[90620]: Container sharder cycle completed: 1.85s
Dec 12 19:43:49 np0005557753.novalocal container-server[97099]: ::1 - - [13/Dec/2025:00:43:49 +0000] "GET /3/70634/AUTH_afe588ce5e36492b94129e0538b6bb45/gnocchi.f067af33-9a55-4348-aa21-644e92620e09" 200 357 "GET http://[::1]:8080/v1/AUTH_afe588ce5e36492b94129e0538b6bb45/gnocchi.f067af33-9a55-4348-aa21-644e92620e09?format=json&states=listing" "tx58edff79609748e1acf7a-00693cb6c5" "proxy-server 90180" 0.0112 "-" 97099 0
Dec 12 19:43:49 np0005557753.novalocal container-server[97097]: ::1 - - [13/Dec/2025:00:43:49 +0000] "PUT /3/230223/AUTH_afe588ce5e36492b94129e0538b6bb45/gnocchi.79957659-2de1-457f-96f7-ca5a0be1f57d/1764720000.0_mean_300.0_v3" 201 - "PUT http://[::1]:8080/3/119605/AUTH_afe588ce5e36492b94129e0538b6bb45/gnocchi.79957659-2de1-457f-96f7-ca5a0be1f57d/1764720000.0_mean_300.0_v3" "tx687a3b7d732144559ab94-00693cb6c5" "object-server 97400" 0.0010 "-" 97097 0
Dec 12 19:43:49 np0005557753.novalocal container-server[97099]: ::1 - - [13/Dec/2025:00:43:49 +0000] "PUT /1/230223/AUTH_afe588ce5e36492b94129e0538b6bb45/gnocchi.79957659-2de1-457f-96f7-ca5a0be1f57d/1764720000.0_mean_300.0_v3" 201 - "PUT http://[::1]:8080/2/119605/AUTH_afe588ce5e36492b94129e0538b6bb45/gnocchi.79957659-2de1-457f-96f7-ca5a0be1f57d/1764720000.0_mean_300.0_v3" "tx687a3b7d732144559ab94-00693cb6c5" "object-server 97401" 0.0007 "-" 97099 0
Dec 12 19:43:49 np0005557753.novalocal object-server[97401]: ::1 - - [13/Dec/2025:00:43:49 +0000] "PUT /2/119605/AUTH_afe588ce5e36492b94129e0538b6bb45/gnocchi.79957659-2de1-457f-96f7-ca5a0be1f57d/1764720000.0_mean_300.0_v3" 201 - "PUT http://[::1]:8080/v1/AUTH_afe588ce5e36492b94129e0538b6bb45/gnocchi.79957659-2de1-457f-96f7-ca5a0be1f57d/1764720000.0_mean_300.0_v3" "tx687a3b7d732144559ab94-00693cb6c5" "proxy-server 90180" 0.0161 "-" 97401 0
Dec 12 19:43:49 np0005557753.novalocal container-server[97099]: ::1 - - [13/Dec/2025:00:43:49 +0000] "PUT /2/230223/AUTH_afe588ce5e36492b94129e0538b6bb45/gnocchi.79957659-2de1-457f-96f7-ca5a0be1f57d/1764720000.0_mean_300.0_v3" 201 - "PUT http://[::1]:8080/1/119605/AUTH_afe588ce5e36492b94129e0538b6bb45/gnocchi.79957659-2de1-457f-96f7-ca5a0be1f57d/1764720000.0_mean_300.0_v3" "tx687a3b7d732144559ab94-00693cb6c5" "object-server 97399" 0.0006 "-" 97099 0
Dec 12 19:43:49 np0005557753.novalocal object-server[97400]: ::1 - - [13/Dec/2025:00:43:49 +0000] "PUT /3/119605/AUTH_afe588ce5e36492b94129e0538b6bb45/gnocchi.79957659-2de1-457f-96f7-ca5a0be1f57d/1764720000.0_mean_300.0_v3" 201 - "PUT http://[::1]:8080/v1/AUTH_afe588ce5e36492b94129e0538b6bb45/gnocchi.79957659-2de1-457f-96f7-ca5a0be1f57d/1764720000.0_mean_300.0_v3" "tx687a3b7d732144559ab94-00693cb6c5" "proxy-server 90180" 0.0156 "-" 97400 0
Dec 12 19:43:49 np0005557753.novalocal proxy-server[90180]: ::1 ::1 13/Dec/2025/00/43/49 GET /v1/AUTH_afe588ce5e36492b94129e0538b6bb45/gnocchi.f067af33-9a55-4348-aa21-644e92620e09%3Fformat%3Djson%26states%3Dlisting HTTP/1.0 200 - python-swiftclient-4.2.0 gAAAAABpPLaCrEYT... - 357 - tx58edff79609748e1acf7a-00693cb6c5 - 0.0340 - - 1765586629.181589603 1765586629.215580225 0
Dec 12 19:43:49 np0005557753.novalocal object-server[97399]: ::1 - - [13/Dec/2025:00:43:49 +0000] "PUT /1/119605/AUTH_afe588ce5e36492b94129e0538b6bb45/gnocchi.79957659-2de1-457f-96f7-ca5a0be1f57d/1764720000.0_mean_300.0_v3" 201 - "PUT http://[::1]:8080/v1/AUTH_afe588ce5e36492b94129e0538b6bb45/gnocchi.79957659-2de1-457f-96f7-ca5a0be1f57d/1764720000.0_mean_300.0_v3" "tx687a3b7d732144559ab94-00693cb6c5" "proxy-server 90180" 0.0166 "-" 97399 0
Dec 12 19:43:49 np0005557753.novalocal proxy-server[90180]: ::1 ::1 13/Dec/2025/00/43/49 PUT /v1/AUTH_afe588ce5e36492b94129e0538b6bb45/gnocchi.79957659-2de1-457f-96f7-ca5a0be1f57d/1764720000.0_mean_300.0_v3 HTTP/1.0 201 - python-swiftclient-4.2.0 gAAAAABpPLaCpY4p... 16 - - tx687a3b7d732144559ab94-00693cb6c5 - 0.0373 - - 1765586629.182461262 1765586629.219730854 0
Dec 12 19:43:49 np0005557753.novalocal container-server[97096]: ::1 - - [13/Dec/2025:00:43:49 +0000] "GET /3/70634/AUTH_afe588ce5e36492b94129e0538b6bb45/gnocchi.f067af33-9a55-4348-aa21-644e92620e09" 200 2 "GET http://[::1]:8080/v1/AUTH_afe588ce5e36492b94129e0538b6bb45/gnocchi.f067af33-9a55-4348-aa21-644e92620e09?format=json&marker=none_v3&states=listing" "tx4504d07ab7b343ccb5daf-00693cb6c5" "proxy-server 90180" 0.0027 "-" 97096 0
Dec 12 19:43:49 np0005557753.novalocal proxy-server[90180]: ::1 ::1 13/Dec/2025/00/43/49 GET /v1/AUTH_afe588ce5e36492b94129e0538b6bb45/gnocchi.f067af33-9a55-4348-aa21-644e92620e09%3Fformat%3Djson%26marker%3Dnone_v3%26states%3Dlisting HTTP/1.0 200 - python-swiftclient-4.2.0 gAAAAABpPLaCrEYT... - 2 - tx4504d07ab7b343ccb5daf-00693cb6c5 - 0.0224 - - 1765586629.222257376 1765586629.244678974 0
Dec 12 19:43:49 np0005557753.novalocal container-server[97099]: ::1 - - [13/Dec/2025:00:43:49 +0000] "PUT /2/230223/AUTH_afe588ce5e36492b94129e0538b6bb45/gnocchi.79957659-2de1-457f-96f7-ca5a0be1f57d/none_v3" 201 - "PUT http://[::1]:8080/3/241799/AUTH_afe588ce5e36492b94129e0538b6bb45/gnocchi.79957659-2de1-457f-96f7-ca5a0be1f57d/none_v3" "txc740e53136fd4f608a4e1-00693cb6c5" "object-server 97402" 0.0008 "-" 97099 0
Dec 12 19:43:49 np0005557753.novalocal container-server[97098]: ::1 - - [13/Dec/2025:00:43:49 +0000] "PUT /3/230223/AUTH_afe588ce5e36492b94129e0538b6bb45/gnocchi.79957659-2de1-457f-96f7-ca5a0be1f57d/none_v3" 201 - "PUT http://[::1]:8080/2/241799/AUTH_afe588ce5e36492b94129e0538b6bb45/gnocchi.79957659-2de1-457f-96f7-ca5a0be1f57d/none_v3" "txc740e53136fd4f608a4e1-00693cb6c5" "object-server 97401" 0.0012 "-" 97098 0
Dec 12 19:43:49 np0005557753.novalocal container-server[97099]: ::1 - - [13/Dec/2025:00:43:49 +0000] "PUT /1/230223/AUTH_afe588ce5e36492b94129e0538b6bb45/gnocchi.79957659-2de1-457f-96f7-ca5a0be1f57d/none_v3" 201 - "PUT http://[::1]:8080/1/241799/AUTH_afe588ce5e36492b94129e0538b6bb45/gnocchi.79957659-2de1-457f-96f7-ca5a0be1f57d/none_v3" "txc740e53136fd4f608a4e1-00693cb6c5" "object-server 97400" 0.0004 "-" 97099 0
Dec 12 19:43:49 np0005557753.novalocal object-server[97401]: ::1 - - [13/Dec/2025:00:43:49 +0000] "PUT /2/241799/AUTH_afe588ce5e36492b94129e0538b6bb45/gnocchi.79957659-2de1-457f-96f7-ca5a0be1f57d/none_v3" 201 - "PUT http://[::1]:8080/v1/AUTH_afe588ce5e36492b94129e0538b6bb45/gnocchi.79957659-2de1-457f-96f7-ca5a0be1f57d/none_v3" "txc740e53136fd4f608a4e1-00693cb6c5" "proxy-server 90180" 0.0154 "-" 97401 0
Dec 12 19:43:49 np0005557753.novalocal object-server[97400]: ::1 - - [13/Dec/2025:00:43:49 +0000] "PUT /1/241799/AUTH_afe588ce5e36492b94129e0538b6bb45/gnocchi.79957659-2de1-457f-96f7-ca5a0be1f57d/none_v3" 201 - "PUT http://[::1]:8080/v1/AUTH_afe588ce5e36492b94129e0538b6bb45/gnocchi.79957659-2de1-457f-96f7-ca5a0be1f57d/none_v3" "txc740e53136fd4f608a4e1-00693cb6c5" "proxy-server 90180" 0.0174 "-" 97400 0
Dec 12 19:43:49 np0005557753.novalocal object-server[97402]: ::1 - - [13/Dec/2025:00:43:49 +0000] "GET /3/204113/AUTH_afe588ce5e36492b94129e0538b6bb45/gnocchi.7d2a9191-781f-4c9e-af41-6763c32f2009/1764720000.0_mean_300.0_v3" 200 16 "GET http://[::1]:8080/v1/AUTH_afe588ce5e36492b94129e0538b6bb45/gnocchi.7d2a9191-781f-4c9e-af41-6763c32f2009/1764720000.0_mean_300.0_v3" "tx94f4c4b2e1334d758d3bf-00693cb6c5" "proxy-server 90180" 0.0014 "-" 97402 0
Dec 12 19:43:49 np0005557753.novalocal object-server[97402]: ::1 - - [13/Dec/2025:00:43:49 +0000] "PUT /3/241799/AUTH_afe588ce5e36492b94129e0538b6bb45/gnocchi.79957659-2de1-457f-96f7-ca5a0be1f57d/none_v3" 201 - "PUT http://[::1]:8080/v1/AUTH_afe588ce5e36492b94129e0538b6bb45/gnocchi.79957659-2de1-457f-96f7-ca5a0be1f57d/none_v3" "txc740e53136fd4f608a4e1-00693cb6c5" "proxy-server 90180" 0.0202 "-" 97402 0
Dec 12 19:43:49 np0005557753.novalocal proxy-server[90180]: ::1 ::1 13/Dec/2025/00/43/49 GET /v1/AUTH_afe588ce5e36492b94129e0538b6bb45/gnocchi.7d2a9191-781f-4c9e-af41-6763c32f2009/1764720000.0_mean_300.0_v3 HTTP/1.0 200 - python-swiftclient-4.2.0 gAAAAABpPLaCrEYT... - 16 - tx94f4c4b2e1334d758d3bf-00693cb6c5 - 0.0133 - - 1765586629.249211788 1765586629.262464046 0
Dec 12 19:43:49 np0005557753.novalocal proxy-server[90180]: ::1 ::1 13/Dec/2025/00/43/49 PUT /v1/AUTH_afe588ce5e36492b94129e0538b6bb45/gnocchi.79957659-2de1-457f-96f7-ca5a0be1f57d/none_v3 HTTP/1.0 201 - python-swiftclient-4.2.0 gAAAAABpPLaCpY4p... 36 - - txc740e53136fd4f608a4e1-00693cb6c5 - 0.0402 - - 1765586629.224619150 1765586629.264778852 0
Dec 12 19:43:49 np0005557753.novalocal object-server[97399]: ::1 - - [13/Dec/2025:00:43:49 +0000] "GET /3/186346/AUTH_afe588ce5e36492b94129e0538b6bb45/gnocchi.f067af33-9a55-4348-aa21-644e92620e09/1764720000.0_mean_300.0_v3" 200 16 "GET http://[::1]:8080/v1/AUTH_afe588ce5e36492b94129e0538b6bb45/gnocchi.f067af33-9a55-4348-aa21-644e92620e09/1764720000.0_mean_300.0_v3" "tx830f46681b0b41c997ad0-00693cb6c5" "proxy-server 90180" 0.0015 "-" 97399 0
Dec 12 19:43:49 np0005557753.novalocal proxy-server[90180]: ::1 ::1 13/Dec/2025/00/43/49 GET /v1/AUTH_afe588ce5e36492b94129e0538b6bb45/gnocchi.f067af33-9a55-4348-aa21-644e92620e09/1764720000.0_mean_300.0_v3 HTTP/1.0 200 - python-swiftclient-4.2.0 gAAAAABpPLaCrEYT... - 16 - tx830f46681b0b41c997ad0-00693cb6c5 - 0.0151 - - 1765586629.266218662 1765586629.281306028 0
Dec 12 19:43:49 np0005557753.novalocal container-server[97099]: ::1 - - [13/Dec/2025:00:43:49 +0000] "PUT /1/163018/AUTH_afe588ce5e36492b94129e0538b6bb45/gnocchi.7d2a9191-781f-4c9e-af41-6763c32f2009/1764720000.0_mean_300.0_v3" 201 - "PUT http://[::1]:8080/2/204113/AUTH_afe588ce5e36492b94129e0538b6bb45/gnocchi.7d2a9191-781f-4c9e-af41-6763c32f2009/1764720000.0_mean_300.0_v3" "tx330f893c274b4e49b25c7-00693cb6c5" "object-server 97399" 0.0006 "-" 97099 0
