Dec 12 19:43:09 np0005557753.novalocal container-server[97097]: ::1 - - [13/Dec/2025:00:43:09 +0000] "PUT /3/155101/AUTH_afe588ce5e36492b94129e0538b6bb45/gnocchi.466a27f0-71cc-4a8e-a6c1-f9073aeffa22" 201 - "PUT http://[::1]:8080/v1/AUTH_afe588ce5e36492b94129e0538b6bb45/gnocchi.466a27f0-71cc-4a8e-a6c1-f9073aeffa22" "txdbef73ef390b487d902f9-00693cb69d" "proxy-server 90180" 0.0254 "-" 97097 0
Dec 12 19:43:09 np0005557753.novalocal proxy-server[90180]: ::1 ::1 13/Dec/2025/00/43/09 PUT /v1/AUTH_afe588ce5e36492b94129e0538b6bb45/gnocchi.466a27f0-71cc-4a8e-a6c1-f9073aeffa22 HTTP/1.0 201 - python-swiftclient-4.2.0 gAAAAABpPLaCpY4p... - - - txdbef73ef390b487d902f9-00693cb69d - 0.0430 - - 1765586589.590541363 1765586589.633565426 0
Dec 12 19:43:09 np0005557753.novalocal container-server[97097]: ::1 - - [13/Dec/2025:00:43:09 +0000] "HEAD /2/241501/AUTH_afe588ce5e36492b94129e0538b6bb45/gnocchi.b1e20d1d-5d4e-4323-9cc8-62d2a97f78ba" 404 - "HEAD http://[::1]:8080/v1/AUTH_afe588ce5e36492b94129e0538b6bb45/gnocchi.b1e20d1d-5d4e-4323-9cc8-62d2a97f78ba?format=json&states=listing" "tx38b7b24f2eb546d18be0f-00693cb69d" "proxy-server 90180" 0.0004 "-" 97097 0
Dec 12 19:43:09 np0005557753.novalocal container-server[97096]: ::1 - - [13/Dec/2025:00:43:09 +0000] "HEAD /3/241501/AUTH_afe588ce5e36492b94129e0538b6bb45/gnocchi.b1e20d1d-5d4e-4323-9cc8-62d2a97f78ba" 404 - "HEAD http://[::1]:8080/v1/AUTH_afe588ce5e36492b94129e0538b6bb45/gnocchi.b1e20d1d-5d4e-4323-9cc8-62d2a97f78ba?format=json&states=listing" "tx38b7b24f2eb546d18be0f-00693cb69d" "proxy-server 90180" 0.0006 "-" 97096 0
Dec 12 19:43:09 np0005557753.novalocal container-server[97097]: ::1 - - [13/Dec/2025:00:43:09 +0000] "HEAD /1/241501/AUTH_afe588ce5e36492b94129e0538b6bb45/gnocchi.b1e20d1d-5d4e-4323-9cc8-62d2a97f78ba" 404 - "HEAD http://[::1]:8080/v1/AUTH_afe588ce5e36492b94129e0538b6bb45/gnocchi.b1e20d1d-5d4e-4323-9cc8-62d2a97f78ba?format=json&states=listing" "tx38b7b24f2eb546d18be0f-00693cb69d" "proxy-server 90180" 0.0005 "-" 97097 0
Dec 12 19:43:09 np0005557753.novalocal container-server[97096]: ::1 - - [13/Dec/2025:00:43:09 +0000] "HEAD /1/155101/AUTH_afe588ce5e36492b94129e0538b6bb45/gnocchi.466a27f0-71cc-4a8e-a6c1-f9073aeffa22" 204 - "HEAD http://[::1]:8080/v1/AUTH_afe588ce5e36492b94129e0538b6bb45/gnocchi.466a27f0-71cc-4a8e-a6c1-f9073aeffa22?format=json&states=listing" "txc9ad47910c6d48bb9179f-00693cb69d" "proxy-server 90180" 0.0021 "-" 97096 0
Dec 12 19:43:09 np0005557753.novalocal object-server[97399]: ::1 - - [13/Dec/2025:00:43:09 +0000] "GET /1/209052/AUTH_afe588ce5e36492b94129e0538b6bb45/gnocchi.b1e20d1d-5d4e-4323-9cc8-62d2a97f78ba/none_v3" 404 70 "GET http://[::1]:8080/v1/AUTH_afe588ce5e36492b94129e0538b6bb45/gnocchi.b1e20d1d-5d4e-4323-9cc8-62d2a97f78ba/none_v3" "tx38b7b24f2eb546d18be0f-00693cb69d" "proxy-server 90180" 0.0003 "-" 97399 0
Dec 12 19:43:09 np0005557753.novalocal object-server[97402]: ::1 - - [13/Dec/2025:00:43:09 +0000] "GET /2/209052/AUTH_afe588ce5e36492b94129e0538b6bb45/gnocchi.b1e20d1d-5d4e-4323-9cc8-62d2a97f78ba/none_v3" 404 70 "GET http://[::1]:8080/v1/AUTH_afe588ce5e36492b94129e0538b6bb45/gnocchi.b1e20d1d-5d4e-4323-9cc8-62d2a97f78ba/none_v3" "tx38b7b24f2eb546d18be0f-00693cb69d" "proxy-server 90180" 0.0004 "-" 97402 0
Dec 12 19:43:09 np0005557753.novalocal object-server[97402]: ::1 - - [13/Dec/2025:00:43:09 +0000] "GET /3/209052/AUTH_afe588ce5e36492b94129e0538b6bb45/gnocchi.b1e20d1d-5d4e-4323-9cc8-62d2a97f78ba/none_v3" 404 70 "GET http://[::1]:8080/v1/AUTH_afe588ce5e36492b94129e0538b6bb45/gnocchi.b1e20d1d-5d4e-4323-9cc8-62d2a97f78ba/none_v3" "tx38b7b24f2eb546d18be0f-00693cb69d" "proxy-server 90180" 0.0002 "-" 97402 0
Dec 12 19:43:09 np0005557753.novalocal proxy-server[90180]: ::1 ::1 13/Dec/2025/00/43/09 GET /v1/AUTH_afe588ce5e36492b94129e0538b6bb45/gnocchi.b1e20d1d-5d4e-4323-9cc8-62d2a97f78ba/none_v3 HTTP/1.0 404 - python-swiftclient-4.2.0 gAAAAABpPLaCrEYT... - 70 - tx38b7b24f2eb546d18be0f-00693cb69d - 0.0229 - - 1765586589.632811546 1765586589.655741215 0
Dec 12 19:43:09 np0005557753.novalocal container-server[97099]: ::1 - - [13/Dec/2025:00:43:09 +0000] "GET /3/155101/AUTH_afe588ce5e36492b94129e0538b6bb45/gnocchi.466a27f0-71cc-4a8e-a6c1-f9073aeffa22" 200 2 "GET http://[::1]:8080/v1/AUTH_afe588ce5e36492b94129e0538b6bb45/gnocchi.466a27f0-71cc-4a8e-a6c1-f9073aeffa22?format=json&states=listing" "txc9ad47910c6d48bb9179f-00693cb69d" "proxy-server 90180" 0.0062 "-" 97099 0
Dec 12 19:43:09 np0005557753.novalocal proxy-server[90180]: ::1 ::1 13/Dec/2025/00/43/09 GET /v1/AUTH_afe588ce5e36492b94129e0538b6bb45/gnocchi.466a27f0-71cc-4a8e-a6c1-f9073aeffa22%3Fformat%3Djson%26states%3Dlisting HTTP/1.0 200 - python-swiftclient-4.2.0 gAAAAABpPLaCpY4p... - 2 - txc9ad47910c6d48bb9179f-00693cb69d - 0.0281 - - 1765586589.637216330 1765586589.665331125 0
Dec 12 19:43:09 np0005557753.novalocal object-server[97399]: ::1 - - [13/Dec/2025:00:43:09 +0000] "GET /2/176609/AUTH_afe588ce5e36492b94129e0538b6bb45/gnocchi.466a27f0-71cc-4a8e-a6c1-f9073aeffa22/1764720000.0_mean_300.0_v3" 404 70 "GET http://[::1]:8080/v1/AUTH_afe588ce5e36492b94129e0538b6bb45/gnocchi.466a27f0-71cc-4a8e-a6c1-f9073aeffa22/1764720000.0_mean_300.0_v3" "txd43199c6ef3745989c29c-00693cb69d" "proxy-server 90180" 0.0004 "-" 97399 0
Dec 12 19:43:09 np0005557753.novalocal account-server[96803]: ::1 - - [13/Dec/2025:00:43:09 +0000] "PUT /2/105149/AUTH_afe588ce5e36492b94129e0538b6bb45/gnocchi.b1e20d1d-5d4e-4323-9cc8-62d2a97f78ba" 201 - "PUT http://[::1]:6001/3/241501/AUTH_afe588ce5e36492b94129e0538b6bb45/gnocchi.b1e20d1d-5d4e-4323-9cc8-62d2a97f78ba" "tx8a901649685744ca9c2e5-00693cb69d" "container-server 97097" 0.0050 "-" 96803 0
Dec 12 19:43:09 np0005557753.novalocal account-server[96805]: ::1 - - [13/Dec/2025:00:43:09 +0000] "PUT /3/105149/AUTH_afe588ce5e36492b94129e0538b6bb45/gnocchi.b1e20d1d-5d4e-4323-9cc8-62d2a97f78ba" 201 - "PUT http://[::1]:6001/1/241501/AUTH_afe588ce5e36492b94129e0538b6bb45/gnocchi.b1e20d1d-5d4e-4323-9cc8-62d2a97f78ba" "tx8a901649685744ca9c2e5-00693cb69d" "container-server 97098" 0.0077 "-" 96805 0
Dec 12 19:43:09 np0005557753.novalocal object-server[97399]: ::1 - - [13/Dec/2025:00:43:09 +0000] "GET /1/176609/AUTH_afe588ce5e36492b94129e0538b6bb45/gnocchi.466a27f0-71cc-4a8e-a6c1-f9073aeffa22/1764720000.0_mean_300.0_v3" 404 70 "GET http://[::1]:8080/v1/AUTH_afe588ce5e36492b94129e0538b6bb45/gnocchi.466a27f0-71cc-4a8e-a6c1-f9073aeffa22/1764720000.0_mean_300.0_v3" "txd43199c6ef3745989c29c-00693cb69d" "proxy-server 90180" 0.0002 "-" 97399 0
Dec 12 19:43:09 np0005557753.novalocal container-server[97097]: ::1 - - [13/Dec/2025:00:43:09 +0000] "PUT /3/241501/AUTH_afe588ce5e36492b94129e0538b6bb45/gnocchi.b1e20d1d-5d4e-4323-9cc8-62d2a97f78ba" 201 - "PUT http://[::1]:8080/v1/AUTH_afe588ce5e36492b94129e0538b6bb45/gnocchi.b1e20d1d-5d4e-4323-9cc8-62d2a97f78ba" "tx8a901649685744ca9c2e5-00693cb69d" "proxy-server 90180" 0.0179 "-" 97097 0
Dec 12 19:43:09 np0005557753.novalocal container-server[97098]: ::1 - - [13/Dec/2025:00:43:09 +0000] "PUT /1/241501/AUTH_afe588ce5e36492b94129e0538b6bb45/gnocchi.b1e20d1d-5d4e-4323-9cc8-62d2a97f78ba" 201 - "PUT http://[::1]:8080/v1/AUTH_afe588ce5e36492b94129e0538b6bb45/gnocchi.b1e20d1d-5d4e-4323-9cc8-62d2a97f78ba" "tx8a901649685744ca9c2e5-00693cb69d" "proxy-server 90180" 0.0189 "-" 97098 0
Dec 12 19:43:09 np0005557753.novalocal account-server[96802]: ::1 - - [13/Dec/2025:00:43:09 +0000] "PUT /1/105149/AUTH_afe588ce5e36492b94129e0538b6bb45/gnocchi.b1e20d1d-5d4e-4323-9cc8-62d2a97f78ba" 201 - "PUT http://[::1]:6001/2/241501/AUTH_afe588ce5e36492b94129e0538b6bb45/gnocchi.b1e20d1d-5d4e-4323-9cc8-62d2a97f78ba" "tx8a901649685744ca9c2e5-00693cb69d" "container-server 97099" 0.0048 "-" 96802 0
Dec 12 19:43:09 np0005557753.novalocal container-server[97099]: ::1 - - [13/Dec/2025:00:43:09 +0000] "PUT /2/241501/AUTH_afe588ce5e36492b94129e0538b6bb45/gnocchi.b1e20d1d-5d4e-4323-9cc8-62d2a97f78ba" 201 - "PUT http://[::1]:8080/v1/AUTH_afe588ce5e36492b94129e0538b6bb45/gnocchi.b1e20d1d-5d4e-4323-9cc8-62d2a97f78ba" "tx8a901649685744ca9c2e5-00693cb69d" "proxy-server 90180" 0.0163 "-" 97099 0
Dec 12 19:43:09 np0005557753.novalocal proxy-server[90180]: ::1 ::1 13/Dec/2025/00/43/09 PUT /v1/AUTH_afe588ce5e36492b94129e0538b6bb45/gnocchi.b1e20d1d-5d4e-4323-9cc8-62d2a97f78ba HTTP/1.0 201 - python-swiftclient-4.2.0 gAAAAABpPLaCrEYT... - - - tx8a901649685744ca9c2e5-00693cb69d - 0.0268 - - 1765586589.657757759 1765586589.684563398 0
Dec 12 19:43:09 np0005557753.novalocal object-server[97402]: ::1 - - [13/Dec/2025:00:43:09 +0000] "GET /3/176609/AUTH_afe588ce5e36492b94129e0538b6bb45/gnocchi.466a27f0-71cc-4a8e-a6c1-f9073aeffa22/1764720000.0_mean_300.0_v3" 404 70 "GET http://[::1]:8080/v1/AUTH_afe588ce5e36492b94129e0538b6bb45/gnocchi.466a27f0-71cc-4a8e-a6c1-f9073aeffa22/1764720000.0_mean_300.0_v3" "txd43199c6ef3745989c29c-00693cb69d" "proxy-server 90180" 0.0004 "-" 97402 0
Dec 12 19:43:09 np0005557753.novalocal proxy-server[90180]: ::1 ::1 13/Dec/2025/00/43/09 GET /v1/AUTH_afe588ce5e36492b94129e0538b6bb45/gnocchi.466a27f0-71cc-4a8e-a6c1-f9073aeffa22/1764720000.0_mean_300.0_v3 HTTP/1.0 404 - python-swiftclient-4.2.0 gAAAAABpPLaCpY4p... - 70 - txd43199c6ef3745989c29c-00693cb69d - 0.0165 - - 1765586589.669982433 1765586589.686455727 0
Dec 12 19:43:09 np0005557753.novalocal container-server[97097]: ::1 - - [13/Dec/2025:00:43:09 +0000] "HEAD /3/241501/AUTH_afe588ce5e36492b94129e0538b6bb45/gnocchi.b1e20d1d-5d4e-4323-9cc8-62d2a97f78ba" 204 - "HEAD http://[::1]:8080/v1/AUTH_afe588ce5e36492b94129e0538b6bb45/gnocchi.b1e20d1d-5d4e-4323-9cc8-62d2a97f78ba?format=json&states=listing" "txcc07704724f74dba98f9d-00693cb69d" "proxy-server 90180" 0.0015 "-" 97097 0
Dec 12 19:43:09 np0005557753.novalocal container-server[97099]: ::1 - - [13/Dec/2025:00:43:09 +0000] "GET /1/241501/AUTH_afe588ce5e36492b94129e0538b6bb45/gnocchi.b1e20d1d-5d4e-4323-9cc8-62d2a97f78ba" 200 2 "GET http://[::1]:8080/v1/AUTH_afe588ce5e36492b94129e0538b6bb45/gnocchi.b1e20d1d-5d4e-4323-9cc8-62d2a97f78ba?format=json&states=listing" "txcc07704724f74dba98f9d-00693cb69d" "proxy-server 90180" 0.0018 "-" 97099 0
Dec 12 19:43:09 np0005557753.novalocal proxy-server[90180]: ::1 ::1 13/Dec/2025/00/43/09 GET /v1/AUTH_afe588ce5e36492b94129e0538b6bb45/gnocchi.b1e20d1d-5d4e-4323-9cc8-62d2a97f78ba%3Fformat%3Djson%26states%3Dlisting HTTP/1.0 200 - python-swiftclient-4.2.0 gAAAAABpPLaCrEYT... - 2 - txcc07704724f74dba98f9d-00693cb69d - 0.0132 - - 1765586589.688213348 1765586589.701405287 0
Dec 12 19:43:09 np0005557753.novalocal container-server[97099]: ::1 - - [13/Dec/2025:00:43:09 +0000] "PUT /1/155101/AUTH_afe588ce5e36492b94129e0538b6bb45/gnocchi.466a27f0-71cc-4a8e-a6c1-f9073aeffa22/1764720000.0_mean_300.0_v3" 201 - "PUT http://[::1]:8080/2/176609/AUTH_afe588ce5e36492b94129e0538b6bb45/gnocchi.466a27f0-71cc-4a8e-a6c1-f9073aeffa22/1764720000.0_mean_300.0_v3" "txd3ce51ee67524eb8804b3-00693cb69d" "object-server 97399" 0.0005 "-" 97099 0
Dec 12 19:43:09 np0005557753.novalocal container-server[97098]: ::1 - - [13/Dec/2025:00:43:09 +0000] "PUT /2/155101/AUTH_afe588ce5e36492b94129e0538b6bb45/gnocchi.466a27f0-71cc-4a8e-a6c1-f9073aeffa22/1764720000.0_mean_300.0_v3" 201 - "PUT http://[::1]:8080/1/176609/AUTH_afe588ce5e36492b94129e0538b6bb45/gnocchi.466a27f0-71cc-4a8e-a6c1-f9073aeffa22/1764720000.0_mean_300.0_v3" "txd3ce51ee67524eb8804b3-00693cb69d" "object-server 97400" 0.0008 "-" 97098 0
Dec 12 19:43:09 np0005557753.novalocal container-server[97099]: ::1 - - [13/Dec/2025:00:43:09 +0000] "PUT /3/155101/AUTH_afe588ce5e36492b94129e0538b6bb45/gnocchi.466a27f0-71cc-4a8e-a6c1-f9073aeffa22/1764720000.0_mean_300.0_v3" 201 - "PUT http://[::1]:8080/3/176609/AUTH_afe588ce5e36492b94129e0538b6bb45/gnocchi.466a27f0-71cc-4a8e-a6c1-f9073aeffa22/1764720000.0_mean_300.0_v3" "txd3ce51ee67524eb8804b3-00693cb69d" "object-server 97400" 0.0003 "-" 97099 0
Dec 12 19:43:09 np0005557753.novalocal object-server[97399]: ::1 - - [13/Dec/2025:00:43:09 +0000] "PUT /2/176609/AUTH_afe588ce5e36492b94129e0538b6bb45/gnocchi.466a27f0-71cc-4a8e-a6c1-f9073aeffa22/1764720000.0_mean_300.0_v3" 201 - "PUT http://[::1]:8080/v1/AUTH_afe588ce5e36492b94129e0538b6bb45/gnocchi.466a27f0-71cc-4a8e-a6c1-f9073aeffa22/1764720000.0_mean_300.0_v3" "txd3ce51ee67524eb8804b3-00693cb69d" "proxy-server 90180" 0.0140 "-" 97399 0
Dec 12 19:43:09 np0005557753.novalocal object-server[97400]: ::1 - - [13/Dec/2025:00:43:09 +0000] "PUT /1/176609/AUTH_afe588ce5e36492b94129e0538b6bb45/gnocchi.466a27f0-71cc-4a8e-a6c1-f9073aeffa22/1764720000.0_mean_300.0_v3" 201 - "PUT http://[::1]:8080/v1/AUTH_afe588ce5e36492b94129e0538b6bb45/gnocchi.466a27f0-71cc-4a8e-a6c1-f9073aeffa22/1764720000.0_mean_300.0_v3" "txd3ce51ee67524eb8804b3-00693cb69d" "proxy-server 90180" 0.0121 "-" 97400 0
Dec 12 19:43:09 np0005557753.novalocal object-server[97401]: ::1 - - [13/Dec/2025:00:43:09 +0000] "GET /3/141005/AUTH_afe588ce5e36492b94129e0538b6bb45/gnocchi.b1e20d1d-5d4e-4323-9cc8-62d2a97f78ba/1764720000.0_mean_300.0_v3" 404 70 "GET http://[::1]:8080/v1/AUTH_afe588ce5e36492b94129e0538b6bb45/gnocchi.b1e20d1d-5d4e-4323-9cc8-62d2a97f78ba/1764720000.0_mean_300.0_v3" "tx47bd36d444c74fa595945-00693cb69d" "proxy-server 90180" 0.0005 "-" 97401 0
Dec 12 19:43:09 np0005557753.novalocal object-server[97400]: ::1 - - [13/Dec/2025:00:43:09 +0000] "PUT /3/176609/AUTH_afe588ce5e36492b94129e0538b6bb45/gnocchi.466a27f0-71cc-4a8e-a6c1-f9073aeffa22/1764720000.0_mean_300.0_v3" 201 - "PUT http://[::1]:8080/v1/AUTH_afe588ce5e36492b94129e0538b6bb45/gnocchi.466a27f0-71cc-4a8e-a6c1-f9073aeffa22/1764720000.0_mean_300.0_v3" "txd3ce51ee67524eb8804b3-00693cb69d" "proxy-server 90180" 0.0149 "-" 97400 0
Dec 12 19:43:09 np0005557753.novalocal proxy-server[90180]: ::1 ::1 13/Dec/2025/00/43/09 PUT /v1/AUTH_afe588ce5e36492b94129e0538b6bb45/gnocchi.466a27f0-71cc-4a8e-a6c1-f9073aeffa22/1764720000.0_mean_300.0_v3 HTTP/1.0 201 - python-swiftclient-4.2.0 gAAAAABpPLaCpY4p... 16 - - txd3ce51ee67524eb8804b3-00693cb69d - 0.0215 - - 1765586589.690169811 1765586589.711716890 0
Dec 12 19:43:09 np0005557753.novalocal object-server[97401]: ::1 - - [13/Dec/2025:00:43:09 +0000] "GET /1/141005/AUTH_afe588ce5e36492b94129e0538b6bb45/gnocchi.b1e20d1d-5d4e-4323-9cc8-62d2a97f78ba/1764720000.0_mean_300.0_v3" 404 70 "GET http://[::1]:8080/v1/AUTH_afe588ce5e36492b94129e0538b6bb45/gnocchi.b1e20d1d-5d4e-4323-9cc8-62d2a97f78ba/1764720000.0_mean_300.0_v3" "tx47bd36d444c74fa595945-00693cb69d" "proxy-server 90180" 0.0005 "-" 97401 0
Dec 12 19:43:09 np0005557753.novalocal object-server[97399]: ::1 - - [13/Dec/2025:00:43:09 +0000] "GET /2/141005/AUTH_afe588ce5e36492b94129e0538b6bb45/gnocchi.b1e20d1d-5d4e-4323-9cc8-62d2a97f78ba/1764720000.0_mean_300.0_v3" 404 70 "GET http://[::1]:8080/v1/AUTH_afe588ce5e36492b94129e0538b6bb45/gnocchi.b1e20d1d-5d4e-4323-9cc8-62d2a97f78ba/1764720000.0_mean_300.0_v3" "tx47bd36d444c74fa595945-00693cb69d" "proxy-server 90180" 0.0002 "-" 97399 0
Dec 12 19:43:09 np0005557753.novalocal proxy-server[90180]: ::1 ::1 13/Dec/2025/00/43/09 GET /v1/AUTH_afe588ce5e36492b94129e0538b6bb45/gnocchi.b1e20d1d-5d4e-4323-9cc8-62d2a97f78ba/1764720000.0_mean_300.0_v3 HTTP/1.0 404 - python-swiftclient-4.2.0 gAAAAABpPLaCrEYT... - 70 - tx47bd36d444c74fa595945-00693cb69d - 0.0169 - - 1765586589.704599619 1765586589.721533537 0
Dec 12 19:43:09 np0005557753.novalocal container-server[97096]: ::1 - - [13/Dec/2025:00:43:09 +0000] "PUT /2/155101/AUTH_afe588ce5e36492b94129e0538b6bb45/gnocchi.466a27f0-71cc-4a8e-a6c1-f9073aeffa22/none_v3" 201 - "PUT http://[::1]:8080/1/159669/AUTH_afe588ce5e36492b94129e0538b6bb45/gnocchi.466a27f0-71cc-4a8e-a6c1-f9073aeffa22/none_v3" "txe1f93ac979504ee896d10-00693cb69d" "object-server 97401" 0.0008 "-" 97096 0
Dec 12 19:43:09 np0005557753.novalocal container-server[97096]: ::1 - - [13/Dec/2025:00:43:09 +0000] "PUT /1/155101/AUTH_afe588ce5e36492b94129e0538b6bb45/gnocchi.466a27f0-71cc-4a8e-a6c1-f9073aeffa22/none_v3" 201 - "PUT http://[::1]:8080/2/159669/AUTH_afe588ce5e36492b94129e0538b6bb45/gnocchi.466a27f0-71cc-4a8e-a6c1-f9073aeffa22/none_v3" "txe1f93ac979504ee896d10-00693cb69d" "object-server 97400" 0.0004 "-" 97096 0
Dec 12 19:43:09 np0005557753.novalocal container-server[97097]: ::1 - - [13/Dec/2025:00:43:09 +0000] "PUT /3/155101/AUTH_afe588ce5e36492b94129e0538b6bb45/gnocchi.466a27f0-71cc-4a8e-a6c1-f9073aeffa22/none_v3" 201 - "PUT http://[::1]:8080/3/159669/AUTH_afe588ce5e36492b94129e0538b6bb45/gnocchi.466a27f0-71cc-4a8e-a6c1-f9073aeffa22/none_v3" "txe1f93ac979504ee896d10-00693cb69d" "object-server 97399" 0.0005 "-" 97097 0
Dec 12 19:43:09 np0005557753.novalocal object-server[97400]: ::1 - - [13/Dec/2025:00:43:09 +0000] "PUT /2/159669/AUTH_afe588ce5e36492b94129e0538b6bb45/gnocchi.466a27f0-71cc-4a8e-a6c1-f9073aeffa22/none_v3" 201 - "PUT http://[::1]:8080/v1/AUTH_afe588ce5e36492b94129e0538b6bb45/gnocchi.466a27f0-71cc-4a8e-a6c1-f9073aeffa22/none_v3" "txe1f93ac979504ee896d10-00693cb69d" "proxy-server 90180" 0.0133 "-" 97400 0
Dec 12 19:43:09 np0005557753.novalocal object-server[97399]: ::1 - - [13/Dec/2025:00:43:09 +0000] "PUT /3/159669/AUTH_afe588ce5e36492b94129e0538b6bb45/gnocchi.466a27f0-71cc-4a8e-a6c1-f9073aeffa22/none_v3" 201 - "PUT http://[::1]:8080/v1/AUTH_afe588ce5e36492b94129e0538b6bb45/gnocchi.466a27f0-71cc-4a8e-a6c1-f9073aeffa22/none_v3" "txe1f93ac979504ee896d10-00693cb69d" "proxy-server 90180" 0.0149 "-" 97399 0
Dec 12 19:43:09 np0005557753.novalocal object-server[97401]: ::1 - - [13/Dec/2025:00:43:09 +0000] "PUT /1/159669/AUTH_afe588ce5e36492b94129e0538b6bb45/gnocchi.466a27f0-71cc-4a8e-a6c1-f9073aeffa22/none_v3" 201 - "PUT http://[::1]:8080/v1/AUTH_afe588ce5e36492b94129e0538b6bb45/gnocchi.466a27f0-71cc-4a8e-a6c1-f9073aeffa22/none_v3" "txe1f93ac979504ee896d10-00693cb69d" "proxy-server 90180" 0.0166 "-" 97401 0
Dec 12 19:43:09 np0005557753.novalocal proxy-server[90180]: ::1 ::1 13/Dec/2025/00/43/09 PUT /v1/AUTH_afe588ce5e36492b94129e0538b6bb45/gnocchi.466a27f0-71cc-4a8e-a6c1-f9073aeffa22/none_v3 HTTP/1.0 201 - python-swiftclient-4.2.0 gAAAAABpPLaCpY4p... 22 - - txe1f93ac979504ee896d10-00693cb69d - 0.0230 - - 1765586589.714097977 1765586589.737146854 0
Dec 12 19:43:09 np0005557753.novalocal container-server[97096]: ::1 - - [13/Dec/2025:00:43:09 +0000] "PUT /2/241501/AUTH_afe588ce5e36492b94129e0538b6bb45/gnocchi.b1e20d1d-5d4e-4323-9cc8-62d2a97f78ba/1764720000.0_mean_300.0_v3" 201 - "PUT http://[::1]:8080/3/141005/AUTH_afe588ce5e36492b94129e0538b6bb45/gnocchi.b1e20d1d-5d4e-4323-9cc8-62d2a97f78ba/1764720000.0_mean_300.0_v3" "tx0cb76d6f6bcc41dc96c1b-00693cb69d" "object-server 97402" 0.0009 "-" 97096 0
Dec 12 19:43:09 np0005557753.novalocal object-server[97402]: ::1 - - [13/Dec/2025:00:43:09 +0000] "PUT /3/141005/AUTH_afe588ce5e36492b94129e0538b6bb45/gnocchi.b1e20d1d-5d4e-4323-9cc8-62d2a97f78ba/1764720000.0_mean_300.0_v3" 201 - "PUT http://[::1]:8080/v1/AUTH_afe588ce5e36492b94129e0538b6bb45/gnocchi.b1e20d1d-5d4e-4323-9cc8-62d2a97f78ba/1764720000.0_mean_300.0_v3" "tx0cb76d6f6bcc41dc96c1b-00693cb69d" "proxy-server 90180" 0.0180 "-" 97402 0
Dec 12 19:43:09 np0005557753.novalocal container-server[97096]: ::1 - - [13/Dec/2025:00:43:09 +0000] "PUT /1/241501/AUTH_afe588ce5e36492b94129e0538b6bb45/gnocchi.b1e20d1d-5d4e-4323-9cc8-62d2a97f78ba/1764720000.0_mean_300.0_v3" 201 - "PUT http://[::1]:8080/2/141005/AUTH_afe588ce5e36492b94129e0538b6bb45/gnocchi.b1e20d1d-5d4e-4323-9cc8-62d2a97f78ba/1764720000.0_mean_300.0_v3" "tx0cb76d6f6bcc41dc96c1b-00693cb69d" "object-server 97401" 0.0007 "-" 97096 0
Dec 12 19:43:09 np0005557753.novalocal container-server[97097]: ::1 - - [13/Dec/2025:00:43:09 +0000] "PUT /3/241501/AUTH_afe588ce5e36492b94129e0538b6bb45/gnocchi.b1e20d1d-5d4e-4323-9cc8-62d2a97f78ba/1764720000.0_mean_300.0_v3" 201 - "PUT http://[::1]:8080/1/141005/AUTH_afe588ce5e36492b94129e0538b6bb45/gnocchi.b1e20d1d-5d4e-4323-9cc8-62d2a97f78ba/1764720000.0_mean_300.0_v3" "tx0cb76d6f6bcc41dc96c1b-00693cb69d" "object-server 97401" 0.0004 "-" 97097 0
Dec 12 19:43:09 np0005557753.novalocal object-server[97401]: ::1 - - [13/Dec/2025:00:43:09 +0000] "PUT /2/141005/AUTH_afe588ce5e36492b94129e0538b6bb45/gnocchi.b1e20d1d-5d4e-4323-9cc8-62d2a97f78ba/1764720000.0_mean_300.0_v3" 201 - "PUT http://[::1]:8080/v1/AUTH_afe588ce5e36492b94129e0538b6bb45/gnocchi.b1e20d1d-5d4e-4323-9cc8-62d2a97f78ba/1764720000.0_mean_300.0_v3" "tx0cb76d6f6bcc41dc96c1b-00693cb69d" "proxy-server 90180" 0.0169 "-" 97401 0
Dec 12 19:43:09 np0005557753.novalocal object-server[97401]: ::1 - - [13/Dec/2025:00:43:09 +0000] "PUT /1/141005/AUTH_afe588ce5e36492b94129e0538b6bb45/gnocchi.b1e20d1d-5d4e-4323-9cc8-62d2a97f78ba/1764720000.0_mean_300.0_v3" 201 - "PUT http://[::1]:8080/v1/AUTH_afe588ce5e36492b94129e0538b6bb45/gnocchi.b1e20d1d-5d4e-4323-9cc8-62d2a97f78ba/1764720000.0_mean_300.0_v3" "tx0cb76d6f6bcc41dc96c1b-00693cb69d" "proxy-server 90180" 0.0215 "-" 97401 0
Dec 12 19:43:09 np0005557753.novalocal proxy-server[90180]: ::1 ::1 13/Dec/2025/00/43/09 PUT /v1/AUTH_afe588ce5e36492b94129e0538b6bb45/gnocchi.b1e20d1d-5d4e-4323-9cc8-62d2a97f78ba/1764720000.0_mean_300.0_v3 HTTP/1.0 201 - python-swiftclient-4.2.0 gAAAAABpPLaCrEYT... 16 - - tx0cb76d6f6bcc41dc96c1b-00693cb69d - 0.0327 - - 1765586589.724458456 1765586589.757122278 0
Dec 12 19:43:09 np0005557753.novalocal container-server[97096]: ::1 - - [13/Dec/2025:00:43:09 +0000] "HEAD /3/9227/AUTH_afe588ce5e36492b94129e0538b6bb45/gnocchi.415fde57-0a7f-4e6a-8cc3-0a37c346f3df" 404 - "HEAD http://[::1]:8080/v1/AUTH_afe588ce5e36492b94129e0538b6bb45/gnocchi.415fde57-0a7f-4e6a-8cc3-0a37c346f3df?format=json&states=listing" "txfca8cfa286a3471181427-00693cb69d" "proxy-server 90180" 0.0004 "-" 97096 0
Dec 12 19:43:09 np0005557753.novalocal object-server[90814]: Starting object reconstruction pass.
Dec 12 19:43:09 np0005557753.novalocal object-server[90814]: Nothing reconstructed for 0.00031638145446777344 seconds.
Dec 12 19:43:09 np0005557753.novalocal object-server[90814]: Object reconstruction complete. (0.00 minutes)
Dec 12 19:43:09 np0005557753.novalocal container-server[97098]: ::1 - - [13/Dec/2025:00:43:09 +0000] "HEAD /2/9227/AUTH_afe588ce5e36492b94129e0538b6bb45/gnocchi.415fde57-0a7f-4e6a-8cc3-0a37c346f3df" 404 - "HEAD http://[::1]:8080/v1/AUTH_afe588ce5e36492b94129e0538b6bb45/gnocchi.415fde57-0a7f-4e6a-8cc3-0a37c346f3df?format=json&states=listing" "txfca8cfa286a3471181427-00693cb69d" "proxy-server 90180" 0.0005 "-" 97098 0
Dec 12 19:43:09 np0005557753.novalocal container-server[97099]: ::1 - - [13/Dec/2025:00:43:09 +0000] "HEAD /1/9227/AUTH_afe588ce5e36492b94129e0538b6bb45/gnocchi.415fde57-0a7f-4e6a-8cc3-0a37c346f3df" 404 - "HEAD http://[::1]:8080/v1/AUTH_afe588ce5e36492b94129e0538b6bb45/gnocchi.415fde57-0a7f-4e6a-8cc3-0a37c346f3df?format=json&states=listing" "txfca8cfa286a3471181427-00693cb69d" "proxy-server 90180" 0.0006 "-" 97099 0
Dec 12 19:43:09 np0005557753.novalocal container-server[97099]: ::1 - - [13/Dec/2025:00:43:09 +0000] "PUT /3/241501/AUTH_afe588ce5e36492b94129e0538b6bb45/gnocchi.b1e20d1d-5d4e-4323-9cc8-62d2a97f78ba/none_v3" 201 - "PUT http://[::1]:8080/3/209052/AUTH_afe588ce5e36492b94129e0538b6bb45/gnocchi.b1e20d1d-5d4e-4323-9cc8-62d2a97f78ba/none_v3" "txb66b8318f7db459d95f72-00693cb69d" "object-server 97399" 0.0008 "-" 97099 0
Dec 12 19:43:09 np0005557753.novalocal container-server[97098]: ::1 - - [13/Dec/2025:00:43:09 +0000] "PUT /1/241501/AUTH_afe588ce5e36492b94129e0538b6bb45/gnocchi.b1e20d1d-5d4e-4323-9cc8-62d2a97f78ba/none_v3" 201 - "PUT http://[::1]:8080/1/209052/AUTH_afe588ce5e36492b94129e0538b6bb45/gnocchi.b1e20d1d-5d4e-4323-9cc8-62d2a97f78ba/none_v3" "txb66b8318f7db459d95f72-00693cb69d" "object-server 97402" 0.0005 "-" 97098 0
Dec 12 19:43:09 np0005557753.novalocal container-server[97096]: ::1 - - [13/Dec/2025:00:43:09 +0000] "PUT /2/241501/AUTH_afe588ce5e36492b94129e0538b6bb45/gnocchi.b1e20d1d-5d4e-4323-9cc8-62d2a97f78ba/none_v3" 201 - "PUT http://[::1]:8080/2/209052/AUTH_afe588ce5e36492b94129e0538b6bb45/gnocchi.b1e20d1d-5d4e-4323-9cc8-62d2a97f78ba/none_v3" "txb66b8318f7db459d95f72-00693cb69d" "object-server 97400" 0.0008 "-" 97096 0
Dec 12 19:43:09 np0005557753.novalocal object-server[97399]: ::1 - - [13/Dec/2025:00:43:09 +0000] "PUT /3/209052/AUTH_afe588ce5e36492b94129e0538b6bb45/gnocchi.b1e20d1d-5d4e-4323-9cc8-62d2a97f78ba/none_v3" 201 - "PUT http://[::1]:8080/v1/AUTH_afe588ce5e36492b94129e0538b6bb45/gnocchi.b1e20d1d-5d4e-4323-9cc8-62d2a97f78ba/none_v3" "txb66b8318f7db459d95f72-00693cb69d" "proxy-server 90180" 0.0122 "-" 97399 0
Dec 12 19:43:09 np0005557753.novalocal object-server[97402]: ::1 - - [13/Dec/2025:00:43:09 +0000] "PUT /1/209052/AUTH_afe588ce5e36492b94129e0538b6bb45/gnocchi.b1e20d1d-5d4e-4323-9cc8-62d2a97f78ba/none_v3" 201 - "PUT http://[::1]:8080/v1/AUTH_afe588ce5e36492b94129e0538b6bb45/gnocchi.b1e20d1d-5d4e-4323-9cc8-62d2a97f78ba/none_v3" "txb66b8318f7db459d95f72-00693cb69d" "proxy-server 90180" 0.0155 "-" 97402 0
Dec 12 19:43:09 np0005557753.novalocal object-server[97400]: ::1 - - [13/Dec/2025:00:43:09 +0000] "PUT /2/209052/AUTH_afe588ce5e36492b94129e0538b6bb45/gnocchi.b1e20d1d-5d4e-4323-9cc8-62d2a97f78ba/none_v3" 201 - "PUT http://[::1]:8080/v1/AUTH_afe588ce5e36492b94129e0538b6bb45/gnocchi.b1e20d1d-5d4e-4323-9cc8-62d2a97f78ba/none_v3" "txb66b8318f7db459d95f72-00693cb69d" "proxy-server 90180" 0.0157 "-" 97400 0
Dec 12 19:43:09 np0005557753.novalocal proxy-server[90180]: ::1 ::1 13/Dec/2025/00/43/09 PUT /v1/AUTH_afe588ce5e36492b94129e0538b6bb45/gnocchi.b1e20d1d-5d4e-4323-9cc8-62d2a97f78ba/none_v3 HTTP/1.0 201 - python-swiftclient-4.2.0 gAAAAABpPLaCrEYT... 22 - - txb66b8318f7db459d95f72-00693cb69d - 0.0229 - - 1765586589.762167454 1765586589.785064220 0
Dec 12 19:43:09 np0005557753.novalocal object-server[97401]: ::1 - - [13/Dec/2025:00:43:09 +0000] "GET /2/220200/AUTH_afe588ce5e36492b94129e0538b6bb45/gnocchi.415fde57-0a7f-4e6a-8cc3-0a37c346f3df/none_v3" 404 70 "GET http://[::1]:8080/v1/AUTH_afe588ce5e36492b94129e0538b6bb45/gnocchi.415fde57-0a7f-4e6a-8cc3-0a37c346f3df/none_v3" "txfca8cfa286a3471181427-00693cb69d" "proxy-server 90180" 0.0006 "-" 97401 0
Dec 12 19:43:09 np0005557753.novalocal object-server[97400]: ::1 - - [13/Dec/2025:00:43:09 +0000] "GET /3/220200/AUTH_afe588ce5e36492b94129e0538b6bb45/gnocchi.415fde57-0a7f-4e6a-8cc3-0a37c346f3df/none_v3" 404 70 "GET http://[::1]:8080/v1/AUTH_afe588ce5e36492b94129e0538b6bb45/gnocchi.415fde57-0a7f-4e6a-8cc3-0a37c346f3df/none_v3" "txfca8cfa286a3471181427-00693cb69d" "proxy-server 90180" 0.0006 "-" 97400 0
Dec 12 19:43:09 np0005557753.novalocal object-server[97399]: ::1 - - [13/Dec/2025:00:43:09 +0000] "GET /1/220200/AUTH_afe588ce5e36492b94129e0538b6bb45/gnocchi.415fde57-0a7f-4e6a-8cc3-0a37c346f3df/none_v3" 404 70 "GET http://[::1]:8080/v1/AUTH_afe588ce5e36492b94129e0538b6bb45/gnocchi.415fde57-0a7f-4e6a-8cc3-0a37c346f3df/none_v3" "txfca8cfa286a3471181427-00693cb69d" "proxy-server 90180" 0.0004 "-" 97399 0
Dec 12 19:43:09 np0005557753.novalocal proxy-server[90180]: ::1 ::1 13/Dec/2025/00/43/09 GET /v1/AUTH_afe588ce5e36492b94129e0538b6bb45/gnocchi.415fde57-0a7f-4e6a-8cc3-0a37c346f3df/none_v3 HTTP/1.0 404 - python-swiftclient-4.2.0 gAAAAABpPLaCpY4p... - 70 - txfca8cfa286a3471181427-00693cb69d - 0.0378 - - 1765586589.758704662 1765586589.796470165 0
Dec 12 19:43:09 np0005557753.novalocal container-server[97097]: ::1 - - [13/Dec/2025:00:43:09 +0000] "HEAD /3/140961/AUTH_afe588ce5e36492b94129e0538b6bb45/gnocchi.e611e1e0-3ae2-4e9e-8051-625d0fb25d30" 404 - "HEAD http://[::1]:8080/v1/AUTH_afe588ce5e36492b94129e0538b6bb45/gnocchi.e611e1e0-3ae2-4e9e-8051-625d0fb25d30?format=json&states=listing" "txbca8eddd16b0418b8ea35-00693cb69d" "proxy-server 90180" 0.0006 "-" 97097 0
Dec 12 19:43:09 np0005557753.novalocal account-server[96803]: ::1 - - [13/Dec/2025:00:43:09 +0000] "PUT /1/105149/AUTH_afe588ce5e36492b94129e0538b6bb45/gnocchi.415fde57-0a7f-4e6a-8cc3-0a37c346f3df" 201 - "PUT http://[::1]:6001/1/9227/AUTH_afe588ce5e36492b94129e0538b6bb45/gnocchi.415fde57-0a7f-4e6a-8cc3-0a37c346f3df" "tx79116c6ea513417dbb9b7-00693cb69d" "container-server 97099" 0.0049 "-" 96803 0
Dec 12 19:43:09 np0005557753.novalocal container-server[97099]: ::1 - - [13/Dec/2025:00:43:09 +0000] "PUT /1/9227/AUTH_afe588ce5e36492b94129e0538b6bb45/gnocchi.415fde57-0a7f-4e6a-8cc3-0a37c346f3df" 201 - "PUT http://[::1]:8080/v1/AUTH_afe588ce5e36492b94129e0538b6bb45/gnocchi.415fde57-0a7f-4e6a-8cc3-0a37c346f3df" "tx79116c6ea513417dbb9b7-00693cb69d" "proxy-server 90180" 0.0190 "-" 97099 0
Dec 12 19:43:09 np0005557753.novalocal container-server[97097]: ::1 - - [13/Dec/2025:00:43:09 +0000] "HEAD /2/140961/AUTH_afe588ce5e36492b94129e0538b6bb45/gnocchi.e611e1e0-3ae2-4e9e-8051-625d0fb25d30" 404 - "HEAD http://[::1]:8080/v1/AUTH_afe588ce5e36492b94129e0538b6bb45/gnocchi.e611e1e0-3ae2-4e9e-8051-625d0fb25d30?format=json&states=listing" "txbca8eddd16b0418b8ea35-00693cb69d" "proxy-server 90180" 0.0005 "-" 97097 0
Dec 12 19:43:09 np0005557753.novalocal container-server[97097]: ::1 - - [13/Dec/2025:00:43:09 +0000] "HEAD /1/140961/AUTH_afe588ce5e36492b94129e0538b6bb45/gnocchi.e611e1e0-3ae2-4e9e-8051-625d0fb25d30" 404 - "HEAD http://[::1]:8080/v1/AUTH_afe588ce5e36492b94129e0538b6bb45/gnocchi.e611e1e0-3ae2-4e9e-8051-625d0fb25d30?format=json&states=listing" "txbca8eddd16b0418b8ea35-00693cb69d" "proxy-server 90180" 0.0005 "-" 97097 0
Dec 12 19:43:09 np0005557753.novalocal account-server[96802]: ::1 - - [13/Dec/2025:00:43:09 +0000] "PUT /3/105149/AUTH_afe588ce5e36492b94129e0538b6bb45/gnocchi.415fde57-0a7f-4e6a-8cc3-0a37c346f3df" 201 - "PUT http://[::1]:6001/3/9227/AUTH_afe588ce5e36492b94129e0538b6bb45/gnocchi.415fde57-0a7f-4e6a-8cc3-0a37c346f3df" "tx79116c6ea513417dbb9b7-00693cb69d" "container-server 97097" 0.0044 "-" 96802 0
Dec 12 19:43:09 np0005557753.novalocal container-server[97097]: ::1 - - [13/Dec/2025:00:43:09 +0000] "PUT /3/9227/AUTH_afe588ce5e36492b94129e0538b6bb45/gnocchi.415fde57-0a7f-4e6a-8cc3-0a37c346f3df" 201 - "PUT http://[::1]:8080/v1/AUTH_afe588ce5e36492b94129e0538b6bb45/gnocchi.415fde57-0a7f-4e6a-8cc3-0a37c346f3df" "tx79116c6ea513417dbb9b7-00693cb69d" "proxy-server 90180" 0.0309 "-" 97097 0
Dec 12 19:43:09 np0005557753.novalocal account-server[96805]: ::1 - - [13/Dec/2025:00:43:09 +0000] "PUT /2/105149/AUTH_afe588ce5e36492b94129e0538b6bb45/gnocchi.415fde57-0a7f-4e6a-8cc3-0a37c346f3df" 201 - "PUT http://[::1]:6001/2/9227/AUTH_afe588ce5e36492b94129e0538b6bb45/gnocchi.415fde57-0a7f-4e6a-8cc3-0a37c346f3df" "tx79116c6ea513417dbb9b7-00693cb69d" "container-server 97097" 0.0063 "-" 96805 0
Dec 12 19:43:09 np0005557753.novalocal container-server[97097]: ::1 - - [13/Dec/2025:00:43:09 +0000] "PUT /2/9227/AUTH_afe588ce5e36492b94129e0538b6bb45/gnocchi.415fde57-0a7f-4e6a-8cc3-0a37c346f3df" 201 - "PUT http://[::1]:8080/v1/AUTH_afe588ce5e36492b94129e0538b6bb45/gnocchi.415fde57-0a7f-4e6a-8cc3-0a37c346f3df" "tx79116c6ea513417dbb9b7-00693cb69d" "proxy-server 90180" 0.0213 "-" 97097 0
Dec 12 19:43:09 np0005557753.novalocal object-server[97399]: ::1 - - [13/Dec/2025:00:43:09 +0000] "GET /3/167287/AUTH_afe588ce5e36492b94129e0538b6bb45/gnocchi.e611e1e0-3ae2-4e9e-8051-625d0fb25d30/none_v3" 404 70 "GET http://[::1]:8080/v1/AUTH_afe588ce5e36492b94129e0538b6bb45/gnocchi.e611e1e0-3ae2-4e9e-8051-625d0fb25d30/none_v3" "txbca8eddd16b0418b8ea35-00693cb69d" "proxy-server 90180" 0.0004 "-" 97399 0
Dec 12 19:43:09 np0005557753.novalocal proxy-server[90180]: ::1 ::1 13/Dec/2025/00/43/09 PUT /v1/AUTH_afe588ce5e36492b94129e0538b6bb45/gnocchi.415fde57-0a7f-4e6a-8cc3-0a37c346f3df HTTP/1.0 201 - python-swiftclient-4.2.0 gAAAAABpPLaCpY4p... - - - tx79116c6ea513417dbb9b7-00693cb69d - 0.0400 - - 1765586589.799905300 1765586589.839858294 0
Dec 12 19:43:09 np0005557753.novalocal object-server[97399]: ::1 - - [13/Dec/2025:00:43:09 +0000] "GET /1/167287/AUTH_afe588ce5e36492b94129e0538b6bb45/gnocchi.e611e1e0-3ae2-4e9e-8051-625d0fb25d30/none_v3" 404 70 "GET http://[::1]:8080/v1/AUTH_afe588ce5e36492b94129e0538b6bb45/gnocchi.e611e1e0-3ae2-4e9e-8051-625d0fb25d30/none_v3" "txbca8eddd16b0418b8ea35-00693cb69d" "proxy-server 90180" 0.0002 "-" 97399 0
Dec 12 19:43:09 np0005557753.novalocal object-server[97401]: ::1 - - [13/Dec/2025:00:43:09 +0000] "GET /2/167287/AUTH_afe588ce5e36492b94129e0538b6bb45/gnocchi.e611e1e0-3ae2-4e9e-8051-625d0fb25d30/none_v3" 404 70 "GET http://[::1]:8080/v1/AUTH_afe588ce5e36492b94129e0538b6bb45/gnocchi.e611e1e0-3ae2-4e9e-8051-625d0fb25d30/none_v3" "txbca8eddd16b0418b8ea35-00693cb69d" "proxy-server 90180" 0.0005 "-" 97401 0
Dec 12 19:43:09 np0005557753.novalocal proxy-server[90180]: ::1 ::1 13/Dec/2025/00/43/09 GET /v1/AUTH_afe588ce5e36492b94129e0538b6bb45/gnocchi.e611e1e0-3ae2-4e9e-8051-625d0fb25d30/none_v3 HTTP/1.0 404 - python-swiftclient-4.2.0 gAAAAABpPLaCrEYT... - 70 - txbca8eddd16b0418b8ea35-00693cb69d - 0.0486 - - 1765586589.797926426 1765586589.846491575 0
Dec 12 19:43:09 np0005557753.novalocal container-server[97099]: ::1 - - [13/Dec/2025:00:43:09 +0000] "HEAD /1/9227/AUTH_afe588ce5e36492b94129e0538b6bb45/gnocchi.415fde57-0a7f-4e6a-8cc3-0a37c346f3df" 204 - "HEAD http://[::1]:8080/v1/AUTH_afe588ce5e36492b94129e0538b6bb45/gnocchi.415fde57-0a7f-4e6a-8cc3-0a37c346f3df?format=json&states=listing" "tx92f40ff22d8c4b14b7fb1-00693cb69d" "proxy-server 90180" 0.0022 "-" 97099 0
Dec 12 19:43:09 np0005557753.novalocal container-server[97099]: ::1 - - [13/Dec/2025:00:43:09 +0000] "GET /3/9227/AUTH_afe588ce5e36492b94129e0538b6bb45/gnocchi.415fde57-0a7f-4e6a-8cc3-0a37c346f3df" 200 2 "GET http://[::1]:8080/v1/AUTH_afe588ce5e36492b94129e0538b6bb45/gnocchi.415fde57-0a7f-4e6a-8cc3-0a37c346f3df?format=json&states=listing" "tx92f40ff22d8c4b14b7fb1-00693cb69d" "proxy-server 90180" 0.0034 "-" 97099 0
Dec 12 19:43:09 np0005557753.novalocal proxy-server[90180]: ::1 ::1 13/Dec/2025/00/43/09 GET /v1/AUTH_afe588ce5e36492b94129e0538b6bb45/gnocchi.415fde57-0a7f-4e6a-8cc3-0a37c346f3df%3Fformat%3Djson%26states%3Dlisting HTTP/1.0 200 - python-swiftclient-4.2.0 gAAAAABpPLaCpY4p... - 2 - tx92f40ff22d8c4b14b7fb1-00693cb69d - 0.0201 - - 1765586589.843693495 1765586589.863803625 0
Dec 12 19:43:09 np0005557753.novalocal object-server[97402]: ::1 - - [13/Dec/2025:00:43:09 +0000] "GET /3/64370/AUTH_afe588ce5e36492b94129e0538b6bb45/gnocchi.415fde57-0a7f-4e6a-8cc3-0a37c346f3df/1764720000.0_mean_300.0_v3" 404 70 "GET http://[::1]:8080/v1/AUTH_afe588ce5e36492b94129e0538b6bb45/gnocchi.415fde57-0a7f-4e6a-8cc3-0a37c346f3df/1764720000.0_mean_300.0_v3" "tx5c8f842569ea4230a2853-00693cb69d" "proxy-server 90180" 0.0006 "-" 97402 0
Dec 12 19:43:09 np0005557753.novalocal object-server[97401]: ::1 - - [13/Dec/2025:00:43:09 +0000] "GET /2/64370/AUTH_afe588ce5e36492b94129e0538b6bb45/gnocchi.415fde57-0a7f-4e6a-8cc3-0a37c346f3df/1764720000.0_mean_300.0_v3" 404 70 "GET http://[::1]:8080/v1/AUTH_afe588ce5e36492b94129e0538b6bb45/gnocchi.415fde57-0a7f-4e6a-8cc3-0a37c346f3df/1764720000.0_mean_300.0_v3" "tx5c8f842569ea4230a2853-00693cb69d" "proxy-server 90180" 0.0004 "-" 97401 0
Dec 12 19:43:09 np0005557753.novalocal account-server[96802]: ::1 - - [13/Dec/2025:00:43:09 +0000] "PUT /1/105149/AUTH_afe588ce5e36492b94129e0538b6bb45/gnocchi.e611e1e0-3ae2-4e9e-8051-625d0fb25d30" 201 - "PUT http://[::1]:6001/1/140961/AUTH_afe588ce5e36492b94129e0538b6bb45/gnocchi.e611e1e0-3ae2-4e9e-8051-625d0fb25d30" "tx8b12b47f79224e9b9fcd1-00693cb69d" "container-server 97096" 0.0053 "-" 96802 0
Dec 12 19:43:09 np0005557753.novalocal container-server[97096]: ::1 - - [13/Dec/2025:00:43:09 +0000] "PUT /1/140961/AUTH_afe588ce5e36492b94129e0538b6bb45/gnocchi.e611e1e0-3ae2-4e9e-8051-625d0fb25d30" 201 - "PUT http://[::1]:8080/v1/AUTH_afe588ce5e36492b94129e0538b6bb45/gnocchi.e611e1e0-3ae2-4e9e-8051-625d0fb25d30" "tx8b12b47f79224e9b9fcd1-00693cb69d" "proxy-server 90180" 0.0209 "-" 97096 0
Dec 12 19:43:09 np0005557753.novalocal object-server[97402]: ::1 - - [13/Dec/2025:00:43:09 +0000] "GET /1/64370/AUTH_afe588ce5e36492b94129e0538b6bb45/gnocchi.415fde57-0a7f-4e6a-8cc3-0a37c346f3df/1764720000.0_mean_300.0_v3" 404 70 "GET http://[::1]:8080/v1/AUTH_afe588ce5e36492b94129e0538b6bb45/gnocchi.415fde57-0a7f-4e6a-8cc3-0a37c346f3df/1764720000.0_mean_300.0_v3" "tx5c8f842569ea4230a2853-00693cb69d" "proxy-server 90180" 0.0005 "-" 97402 0
Dec 12 19:43:09 np0005557753.novalocal proxy-server[90180]: ::1 ::1 13/Dec/2025/00/43/09 GET /v1/AUTH_afe588ce5e36492b94129e0538b6bb45/gnocchi.415fde57-0a7f-4e6a-8cc3-0a37c346f3df/1764720000.0_mean_300.0_v3 HTTP/1.0 404 - python-swiftclient-4.2.0 gAAAAABpPLaCpY4p... - 70 - tx5c8f842569ea4230a2853-00693cb69d - 0.0152 - - 1765586589.868648291 1765586589.883840799 0
Dec 12 19:43:09 np0005557753.novalocal account-server[96805]: ::1 - - [13/Dec/2025:00:43:09 +0000] "PUT /3/105149/AUTH_afe588ce5e36492b94129e0538b6bb45/gnocchi.e611e1e0-3ae2-4e9e-8051-625d0fb25d30" 201 - "PUT http://[::1]:6001/3/140961/AUTH_afe588ce5e36492b94129e0538b6bb45/gnocchi.e611e1e0-3ae2-4e9e-8051-625d0fb25d30" "tx8b12b47f79224e9b9fcd1-00693cb69d" "container-server 97099" 0.0055 "-" 96805 0
Dec 12 19:43:09 np0005557753.novalocal account-server[96803]: ::1 - - [13/Dec/2025:00:43:09 +0000] "PUT /2/105149/AUTH_afe588ce5e36492b94129e0538b6bb45/gnocchi.e611e1e0-3ae2-4e9e-8051-625d0fb25d30" 201 - "PUT http://[::1]:6001/2/140961/AUTH_afe588ce5e36492b94129e0538b6bb45/gnocchi.e611e1e0-3ae2-4e9e-8051-625d0fb25d30" "tx8b12b47f79224e9b9fcd1-00693cb69d" "container-server 97099" 0.0066 "-" 96803 0
Dec 12 19:43:09 np0005557753.novalocal container-server[97099]: ::1 - - [13/Dec/2025:00:43:09 +0000] "PUT /3/140961/AUTH_afe588ce5e36492b94129e0538b6bb45/gnocchi.e611e1e0-3ae2-4e9e-8051-625d0fb25d30" 201 - "PUT http://[::1]:8080/v1/AUTH_afe588ce5e36492b94129e0538b6bb45/gnocchi.e611e1e0-3ae2-4e9e-8051-625d0fb25d30" "tx8b12b47f79224e9b9fcd1-00693cb69d" "proxy-server 90180" 0.0385 "-" 97099 0
Dec 12 19:43:09 np0005557753.novalocal container-server[97099]: ::1 - - [13/Dec/2025:00:43:09 +0000] "PUT /2/140961/AUTH_afe588ce5e36492b94129e0538b6bb45/gnocchi.e611e1e0-3ae2-4e9e-8051-625d0fb25d30" 201 - "PUT http://[::1]:8080/v1/AUTH_afe588ce5e36492b94129e0538b6bb45/gnocchi.e611e1e0-3ae2-4e9e-8051-625d0fb25d30" "tx8b12b47f79224e9b9fcd1-00693cb69d" "proxy-server 90180" 0.0267 "-" 97099 0
Dec 12 19:43:09 np0005557753.novalocal container-server[97099]: ::1 - - [13/Dec/2025:00:43:09 +0000] "PUT /2/9227/AUTH_afe588ce5e36492b94129e0538b6bb45/gnocchi.415fde57-0a7f-4e6a-8cc3-0a37c346f3df/1764720000.0_mean_300.0_v3" 201 - "PUT http://[::1]:8080/1/64370/AUTH_afe588ce5e36492b94129e0538b6bb45/gnocchi.415fde57-0a7f-4e6a-8cc3-0a37c346f3df/1764720000.0_mean_300.0_v3" "tx760859078c6d4a6aa6c35-00693cb69d" "object-server 97399" 0.0008 "-" 97099 0
Dec 12 19:43:09 np0005557753.novalocal object-server[97399]: ::1 - - [13/Dec/2025:00:43:09 +0000] "PUT /1/64370/AUTH_afe588ce5e36492b94129e0538b6bb45/gnocchi.415fde57-0a7f-4e6a-8cc3-0a37c346f3df/1764720000.0_mean_300.0_v3" 201 - "PUT http://[::1]:8080/v1/AUTH_afe588ce5e36492b94129e0538b6bb45/gnocchi.415fde57-0a7f-4e6a-8cc3-0a37c346f3df/1764720000.0_mean_300.0_v3" "tx760859078c6d4a6aa6c35-00693cb69d" "proxy-server 90180" 0.0105 "-" 97399 0
Dec 12 19:43:09 np0005557753.novalocal proxy-server[90180]: ::1 ::1 13/Dec/2025/00/43/09 PUT /v1/AUTH_afe588ce5e36492b94129e0538b6bb45/gnocchi.e611e1e0-3ae2-4e9e-8051-625d0fb25d30 HTTP/1.0 201 - python-swiftclient-4.2.0 gAAAAABpPLaCrEYT... - - - tx8b12b47f79224e9b9fcd1-00693cb69d - 0.0550 - - 1765586589.851961613 1765586589.906967878 0
Dec 12 19:43:09 np0005557753.novalocal container-server[97097]: ::1 - - [13/Dec/2025:00:43:09 +0000] "PUT /1/9227/AUTH_afe588ce5e36492b94129e0538b6bb45/gnocchi.415fde57-0a7f-4e6a-8cc3-0a37c346f3df/1764720000.0_mean_300.0_v3" 201 - "PUT http://[::1]:8080/3/64370/AUTH_afe588ce5e36492b94129e0538b6bb45/gnocchi.415fde57-0a7f-4e6a-8cc3-0a37c346f3df/1764720000.0_mean_300.0_v3" "tx760859078c6d4a6aa6c35-00693cb69d" "object-server 97401" 0.0008 "-" 97097 0
Dec 12 19:43:09 np0005557753.novalocal object-server[97401]: ::1 - - [13/Dec/2025:00:43:09 +0000] "PUT /3/64370/AUTH_afe588ce5e36492b94129e0538b6bb45/gnocchi.415fde57-0a7f-4e6a-8cc3-0a37c346f3df/1764720000.0_mean_300.0_v3" 201 - "PUT http://[::1]:8080/v1/AUTH_afe588ce5e36492b94129e0538b6bb45/gnocchi.415fde57-0a7f-4e6a-8cc3-0a37c346f3df/1764720000.0_mean_300.0_v3" "tx760859078c6d4a6aa6c35-00693cb69d" "proxy-server 90180" 0.0173 "-" 97401 0
Dec 12 19:43:09 np0005557753.novalocal container-server[97098]: ::1 - - [13/Dec/2025:00:43:09 +0000] "PUT /3/9227/AUTH_afe588ce5e36492b94129e0538b6bb45/gnocchi.415fde57-0a7f-4e6a-8cc3-0a37c346f3df/1764720000.0_mean_300.0_v3" 201 - "PUT http://[::1]:8080/2/64370/AUTH_afe588ce5e36492b94129e0538b6bb45/gnocchi.415fde57-0a7f-4e6a-8cc3-0a37c346f3df/1764720000.0_mean_300.0_v3" "tx760859078c6d4a6aa6c35-00693cb69d" "object-server 97401" 0.0008 "-" 97098 0
Dec 12 19:43:09 np0005557753.novalocal container-server[97096]: ::1 - - [13/Dec/2025:00:43:09 +0000] "HEAD /1/140961/AUTH_afe588ce5e36492b94129e0538b6bb45/gnocchi.e611e1e0-3ae2-4e9e-8051-625d0fb25d30" 204 - "HEAD http://[::1]:8080/v1/AUTH_afe588ce5e36492b94129e0538b6bb45/gnocchi.e611e1e0-3ae2-4e9e-8051-625d0fb25d30?format=json&states=listing" "tx3ba39c94ad5d48ea8aebf-00693cb69d" "proxy-server 90180" 0.0019 "-" 97096 0
Dec 12 19:43:09 np0005557753.novalocal object-server[97401]: ::1 - - [13/Dec/2025:00:43:09 +0000] "PUT /2/64370/AUTH_afe588ce5e36492b94129e0538b6bb45/gnocchi.415fde57-0a7f-4e6a-8cc3-0a37c346f3df/1764720000.0_mean_300.0_v3" 201 - "PUT http://[::1]:8080/v1/AUTH_afe588ce5e36492b94129e0538b6bb45/gnocchi.415fde57-0a7f-4e6a-8cc3-0a37c346f3df/1764720000.0_mean_300.0_v3" "tx760859078c6d4a6aa6c35-00693cb69d" "proxy-server 90180" 0.0246 "-" 97401 0
Dec 12 19:43:09 np0005557753.novalocal proxy-server[90180]: ::1 ::1 13/Dec/2025/00/43/09 PUT /v1/AUTH_afe588ce5e36492b94129e0538b6bb45/gnocchi.415fde57-0a7f-4e6a-8cc3-0a37c346f3df/1764720000.0_mean_300.0_v3 HTTP/1.0 201 - python-swiftclient-4.2.0 gAAAAABpPLaCpY4p... 16 - - tx760859078c6d4a6aa6c35-00693cb69d - 0.0335 - - 1765586589.888570547 1765586589.922097683 0
Dec 12 19:43:09 np0005557753.novalocal container-server[97098]: ::1 - - [13/Dec/2025:00:43:09 +0000] "GET /2/140961/AUTH_afe588ce5e36492b94129e0538b6bb45/gnocchi.e611e1e0-3ae2-4e9e-8051-625d0fb25d30" 200 2 "GET http://[::1]:8080/v1/AUTH_afe588ce5e36492b94129e0538b6bb45/gnocchi.e611e1e0-3ae2-4e9e-8051-625d0fb25d30?format=json&states=listing" "tx3ba39c94ad5d48ea8aebf-00693cb69d" "proxy-server 90180" 0.0026 "-" 97098 0
Dec 12 19:43:09 np0005557753.novalocal proxy-server[90180]: ::1 ::1 13/Dec/2025/00/43/09 GET /v1/AUTH_afe588ce5e36492b94129e0538b6bb45/gnocchi.e611e1e0-3ae2-4e9e-8051-625d0fb25d30%3Fformat%3Djson%26states%3Dlisting HTTP/1.0 200 - python-swiftclient-4.2.0 gAAAAABpPLaCrEYT... - 2 - tx3ba39c94ad5d48ea8aebf-00693cb69d - 0.0148 - - 1765586589.912686110 1765586589.927496672 0
Dec 12 19:43:09 np0005557753.novalocal object-server[97400]: ::1 - - [13/Dec/2025:00:43:09 +0000] "GET /2/95128/AUTH_afe588ce5e36492b94129e0538b6bb45/gnocchi.e611e1e0-3ae2-4e9e-8051-625d0fb25d30/1764720000.0_mean_300.0_v3" 404 70 "GET http://[::1]:8080/v1/AUTH_afe588ce5e36492b94129e0538b6bb45/gnocchi.e611e1e0-3ae2-4e9e-8051-625d0fb25d30/1764720000.0_mean_300.0_v3" "txaa2919555b284482bb592-00693cb69d" "proxy-server 90180" 0.0007 "-" 97400 0
Dec 12 19:43:09 np0005557753.novalocal object-server[97400]: ::1 - - [13/Dec/2025:00:43:09 +0000] "GET /1/95128/AUTH_afe588ce5e36492b94129e0538b6bb45/gnocchi.e611e1e0-3ae2-4e9e-8051-625d0fb25d30/1764720000.0_mean_300.0_v3" 404 70 "GET http://[::1]:8080/v1/AUTH_afe588ce5e36492b94129e0538b6bb45/gnocchi.e611e1e0-3ae2-4e9e-8051-625d0fb25d30/1764720000.0_mean_300.0_v3" "txaa2919555b284482bb592-00693cb69d" "proxy-server 90180" 0.0004 "-" 97400 0
Dec 12 19:43:09 np0005557753.novalocal container-server[97098]: ::1 - - [13/Dec/2025:00:43:09 +0000] "PUT /3/9227/AUTH_afe588ce5e36492b94129e0538b6bb45/gnocchi.415fde57-0a7f-4e6a-8cc3-0a37c346f3df/none_v3" 201 - "PUT http://[::1]:8080/1/220200/AUTH_afe588ce5e36492b94129e0538b6bb45/gnocchi.415fde57-0a7f-4e6a-8cc3-0a37c346f3df/none_v3" "tx93918b67e9c5465eb233f-00693cb69d" "object-server 97401" 0.0007 "-" 97098 0
Dec 12 19:43:09 np0005557753.novalocal object-server[97402]: ::1 - - [13/Dec/2025:00:43:09 +0000] "GET /3/95128/AUTH_afe588ce5e36492b94129e0538b6bb45/gnocchi.e611e1e0-3ae2-4e9e-8051-625d0fb25d30/1764720000.0_mean_300.0_v3" 404 70 "GET http://[::1]:8080/v1/AUTH_afe588ce5e36492b94129e0538b6bb45/gnocchi.e611e1e0-3ae2-4e9e-8051-625d0fb25d30/1764720000.0_mean_300.0_v3" "txaa2919555b284482bb592-00693cb69d" "proxy-server 90180" 0.0009 "-" 97402 0
Dec 12 19:43:09 np0005557753.novalocal object-server[97401]: ::1 - - [13/Dec/2025:00:43:09 +0000] "PUT /1/220200/AUTH_afe588ce5e36492b94129e0538b6bb45/gnocchi.415fde57-0a7f-4e6a-8cc3-0a37c346f3df/none_v3" 201 - "PUT http://[::1]:8080/v1/AUTH_afe588ce5e36492b94129e0538b6bb45/gnocchi.415fde57-0a7f-4e6a-8cc3-0a37c346f3df/none_v3" "tx93918b67e9c5465eb233f-00693cb69d" "proxy-server 90180" 0.0157 "-" 97401 0
Dec 12 19:43:09 np0005557753.novalocal container-server[97098]: ::1 - - [13/Dec/2025:00:43:09 +0000] "PUT /2/9227/AUTH_afe588ce5e36492b94129e0538b6bb45/gnocchi.415fde57-0a7f-4e6a-8cc3-0a37c346f3df/none_v3" 201 - "PUT http://[::1]:8080/2/220200/AUTH_afe588ce5e36492b94129e0538b6bb45/gnocchi.415fde57-0a7f-4e6a-8cc3-0a37c346f3df/none_v3" "tx93918b67e9c5465eb233f-00693cb69d" "object-server 97400" 0.0005 "-" 97098 0
Dec 12 19:43:09 np0005557753.novalocal container-server[97097]: ::1 - - [13/Dec/2025:00:43:09 +0000] "PUT /1/9227/AUTH_afe588ce5e36492b94129e0538b6bb45/gnocchi.415fde57-0a7f-4e6a-8cc3-0a37c346f3df/none_v3" 201 - "PUT http://[::1]:8080/3/220200/AUTH_afe588ce5e36492b94129e0538b6bb45/gnocchi.415fde57-0a7f-4e6a-8cc3-0a37c346f3df/none_v3" "tx93918b67e9c5465eb233f-00693cb69d" "object-server 97399" 0.0034 "-" 97097 0
Dec 12 19:43:09 np0005557753.novalocal proxy-server[90180]: ::1 ::1 13/Dec/2025/00/43/09 GET /v1/AUTH_afe588ce5e36492b94129e0538b6bb45/gnocchi.e611e1e0-3ae2-4e9e-8051-625d0fb25d30/1764720000.0_mean_300.0_v3 HTTP/1.0 404 - python-swiftclient-4.2.0 gAAAAABpPLaCrEYT... - 70 - txaa2919555b284482bb592-00693cb69d - 0.0177 - - 1765586589.934225559 1765586589.951957226 0
Dec 12 19:43:09 np0005557753.novalocal object-server[97400]: ::1 - - [13/Dec/2025:00:43:09 +0000] "PUT /2/220200/AUTH_afe588ce5e36492b94129e0538b6bb45/gnocchi.415fde57-0a7f-4e6a-8cc3-0a37c346f3df/none_v3" 201 - "PUT http://[::1]:8080/v1/AUTH_afe588ce5e36492b94129e0538b6bb45/gnocchi.415fde57-0a7f-4e6a-8cc3-0a37c346f3df/none_v3" "tx93918b67e9c5465eb233f-00693cb69d" "proxy-server 90180" 0.0187 "-" 97400 0
Dec 12 19:43:09 np0005557753.novalocal object-server[97399]: ::1 - - [13/Dec/2025:00:43:09 +0000] "PUT /3/220200/AUTH_afe588ce5e36492b94129e0538b6bb45/gnocchi.415fde57-0a7f-4e6a-8cc3-0a37c346f3df/none_v3" 201 - "PUT http://[::1]:8080/v1/AUTH_afe588ce5e36492b94129e0538b6bb45/gnocchi.415fde57-0a7f-4e6a-8cc3-0a37c346f3df/none_v3" "tx93918b67e9c5465eb233f-00693cb69d" "proxy-server 90180" 0.0206 "-" 97399 0
Dec 12 19:43:09 np0005557753.novalocal proxy-server[90180]: ::1 ::1 13/Dec/2025/00/43/09 PUT /v1/AUTH_afe588ce5e36492b94129e0538b6bb45/gnocchi.415fde57-0a7f-4e6a-8cc3-0a37c346f3df/none_v3 HTTP/1.0 201 - python-swiftclient-4.2.0 gAAAAABpPLaCpY4p... 22 - - tx93918b67e9c5465eb233f-00693cb69d - 0.0312 - - 1765586589.926573038 1765586589.957786083 0
Dec 12 19:43:09 np0005557753.novalocal container-server[97099]: ::1 - - [13/Dec/2025:00:43:09 +0000] "HEAD /1/161366/AUTH_afe588ce5e36492b94129e0538b6bb45/gnocchi.8533c657-7945-4ae7-8692-b08694a3b8d9" 404 - "HEAD http://[::1]:8080/v1/AUTH_afe588ce5e36492b94129e0538b6bb45/gnocchi.8533c657-7945-4ae7-8692-b08694a3b8d9?format=json&states=listing" "txc069d8c7522646929726a-00693cb69d" "proxy-server 90180" 0.0005 "-" 97099 0
Dec 12 19:43:09 np0005557753.novalocal container-server[97097]: ::1 - - [13/Dec/2025:00:43:09 +0000] "PUT /1/140961/AUTH_afe588ce5e36492b94129e0538b6bb45/gnocchi.e611e1e0-3ae2-4e9e-8051-625d0fb25d30/1764720000.0_mean_300.0_v3" 201 - "PUT http://[::1]:8080/2/95128/AUTH_afe588ce5e36492b94129e0538b6bb45/gnocchi.e611e1e0-3ae2-4e9e-8051-625d0fb25d30/1764720000.0_mean_300.0_v3" "txd098b09d451d4d8bba2f2-00693cb69d" "object-server 97401" 0.0008 "-" 97097 0
Dec 12 19:43:09 np0005557753.novalocal container-server[97099]: ::1 - - [13/Dec/2025:00:43:09 +0000] "PUT /3/140961/AUTH_afe588ce5e36492b94129e0538b6bb45/gnocchi.e611e1e0-3ae2-4e9e-8051-625d0fb25d30/1764720000.0_mean_300.0_v3" 201 - "PUT http://[::1]:8080/1/95128/AUTH_afe588ce5e36492b94129e0538b6bb45/gnocchi.e611e1e0-3ae2-4e9e-8051-625d0fb25d30/1764720000.0_mean_300.0_v3" "txd098b09d451d4d8bba2f2-00693cb69d" "object-server 97402" 0.0007 "-" 97099 0
Dec 12 19:43:09 np0005557753.novalocal container-server[97098]: ::1 - - [13/Dec/2025:00:43:09 +0000] "PUT /2/140961/AUTH_afe588ce5e36492b94129e0538b6bb45/gnocchi.e611e1e0-3ae2-4e9e-8051-625d0fb25d30/1764720000.0_mean_300.0_v3" 201 - "PUT http://[::1]:8080/3/95128/AUTH_afe588ce5e36492b94129e0538b6bb45/gnocchi.e611e1e0-3ae2-4e9e-8051-625d0fb25d30/1764720000.0_mean_300.0_v3" "txd098b09d451d4d8bba2f2-00693cb69d" "object-server 97402" 0.0006 "-" 97098 0
Dec 12 19:43:09 np0005557753.novalocal object-server[97401]: ::1 - - [13/Dec/2025:00:43:09 +0000] "PUT /2/95128/AUTH_afe588ce5e36492b94129e0538b6bb45/gnocchi.e611e1e0-3ae2-4e9e-8051-625d0fb25d30/1764720000.0_mean_300.0_v3" 201 - "PUT http://[::1]:8080/v1/AUTH_afe588ce5e36492b94129e0538b6bb45/gnocchi.e611e1e0-3ae2-4e9e-8051-625d0fb25d30/1764720000.0_mean_300.0_v3" "txd098b09d451d4d8bba2f2-00693cb69d" "proxy-server 90180" 0.0144 "-" 97401 0
Dec 12 19:43:09 np0005557753.novalocal container-server[97097]: ::1 - - [13/Dec/2025:00:43:09 +0000] "HEAD /3/161366/AUTH_afe588ce5e36492b94129e0538b6bb45/gnocchi.8533c657-7945-4ae7-8692-b08694a3b8d9" 404 - "HEAD http://[::1]:8080/v1/AUTH_afe588ce5e36492b94129e0538b6bb45/gnocchi.8533c657-7945-4ae7-8692-b08694a3b8d9?format=json&states=listing" "txc069d8c7522646929726a-00693cb69d" "proxy-server 90180" 0.0003 "-" 97097 0
