Dec 12 19:44:04 np0005557753.novalocal container-server[97096]: ::1 - - [13/Dec/2025:00:44:04 +0000] "HEAD /1/31349/AUTH_afe588ce5e36492b94129e0538b6bb45/gnocchi.42aa3203-b5c7-4784-a986-fa408eb62b29" 404 - "HEAD http://[::1]:8080/v1/AUTH_afe588ce5e36492b94129e0538b6bb45/gnocchi.42aa3203-b5c7-4784-a986-fa408eb62b29?format=json&states=listing" "tx3c36ce817365461ab92e2-00693cb6d4" "proxy-server 90180" 0.0003 "-" 97096 0
Dec 12 19:44:04 np0005557753.novalocal container-server[97098]: ::1 - - [13/Dec/2025:00:44:04 +0000] "HEAD /3/31349/AUTH_afe588ce5e36492b94129e0538b6bb45/gnocchi.42aa3203-b5c7-4784-a986-fa408eb62b29" 404 - "HEAD http://[::1]:8080/v1/AUTH_afe588ce5e36492b94129e0538b6bb45/gnocchi.42aa3203-b5c7-4784-a986-fa408eb62b29?format=json&states=listing" "tx3c36ce817365461ab92e2-00693cb6d4" "proxy-server 90180" 0.0004 "-" 97098 0
Dec 12 19:44:04 np0005557753.novalocal container-server[97099]: ::1 - - [13/Dec/2025:00:44:04 +0000] "HEAD /2/31349/AUTH_afe588ce5e36492b94129e0538b6bb45/gnocchi.42aa3203-b5c7-4784-a986-fa408eb62b29" 404 - "HEAD http://[::1]:8080/v1/AUTH_afe588ce5e36492b94129e0538b6bb45/gnocchi.42aa3203-b5c7-4784-a986-fa408eb62b29?format=json&states=listing" "tx3c36ce817365461ab92e2-00693cb6d4" "proxy-server 90180" 0.0003 "-" 97099 0
Dec 12 19:44:04 np0005557753.novalocal account-server[96802]: ::1 - - [13/Dec/2025:00:44:04 +0000] "PUT /2/105149/AUTH_afe588ce5e36492b94129e0538b6bb45/gnocchi.505cd13b-45a0-48ce-ac73-033fc4c95b94" 201 - "PUT http://[::1]:6001/3/200684/AUTH_afe588ce5e36492b94129e0538b6bb45/gnocchi.505cd13b-45a0-48ce-ac73-033fc4c95b94" "txcfb029cd4ed545d793e94-00693cb6d4" "container-server 97096" 0.0082 "-" 96802 0
Dec 12 19:44:04 np0005557753.novalocal container-server[97096]: ::1 - - [13/Dec/2025:00:44:04 +0000] "PUT /3/200684/AUTH_afe588ce5e36492b94129e0538b6bb45/gnocchi.505cd13b-45a0-48ce-ac73-033fc4c95b94" 201 - "PUT http://[::1]:8080/v1/AUTH_afe588ce5e36492b94129e0538b6bb45/gnocchi.505cd13b-45a0-48ce-ac73-033fc4c95b94" "txcfb029cd4ed545d793e94-00693cb6d4" "proxy-server 90180" 0.0195 "-" 97096 0
Dec 12 19:44:04 np0005557753.novalocal object-server[97401]: ::1 - - [13/Dec/2025:00:44:04 +0000] "GET /3/201352/AUTH_afe588ce5e36492b94129e0538b6bb45/gnocchi.42aa3203-b5c7-4784-a986-fa408eb62b29/none_v3" 404 70 "GET http://[::1]:8080/v1/AUTH_afe588ce5e36492b94129e0538b6bb45/gnocchi.42aa3203-b5c7-4784-a986-fa408eb62b29/none_v3" "tx3c36ce817365461ab92e2-00693cb6d4" "proxy-server 90180" 0.0004 "-" 97401 0
Dec 12 19:44:04 np0005557753.novalocal object-server[97402]: ::1 - - [13/Dec/2025:00:44:04 +0000] "GET /1/201352/AUTH_afe588ce5e36492b94129e0538b6bb45/gnocchi.42aa3203-b5c7-4784-a986-fa408eb62b29/none_v3" 404 70 "GET http://[::1]:8080/v1/AUTH_afe588ce5e36492b94129e0538b6bb45/gnocchi.42aa3203-b5c7-4784-a986-fa408eb62b29/none_v3" "tx3c36ce817365461ab92e2-00693cb6d4" "proxy-server 90180" 0.0003 "-" 97402 0
Dec 12 19:44:04 np0005557753.novalocal object-server[97400]: ::1 - - [13/Dec/2025:00:44:04 +0000] "GET /2/201352/AUTH_afe588ce5e36492b94129e0538b6bb45/gnocchi.42aa3203-b5c7-4784-a986-fa408eb62b29/none_v3" 404 70 "GET http://[::1]:8080/v1/AUTH_afe588ce5e36492b94129e0538b6bb45/gnocchi.42aa3203-b5c7-4784-a986-fa408eb62b29/none_v3" "tx3c36ce817365461ab92e2-00693cb6d4" "proxy-server 90180" 0.0004 "-" 97400 0
Dec 12 19:44:04 np0005557753.novalocal proxy-server[90180]: ::1 ::1 13/Dec/2025/00/44/04 GET /v1/AUTH_afe588ce5e36492b94129e0538b6bb45/gnocchi.42aa3203-b5c7-4784-a986-fa408eb62b29/none_v3 HTTP/1.0 404 - python-swiftclient-4.2.0 gAAAAABpPLaCrEYT... - 70 - tx3c36ce817365461ab92e2-00693cb6d4 - 0.0198 - - 1765586644.677783966 1765586644.697559118 0
Dec 12 19:44:04 np0005557753.novalocal account-server[96804]: ::1 - - [13/Dec/2025:00:44:04 +0000] "PUT /1/105149/AUTH_afe588ce5e36492b94129e0538b6bb45/gnocchi.505cd13b-45a0-48ce-ac73-033fc4c95b94" 201 - "PUT http://[::1]:6001/1/200684/AUTH_afe588ce5e36492b94129e0538b6bb45/gnocchi.505cd13b-45a0-48ce-ac73-033fc4c95b94" "txcfb029cd4ed545d793e94-00693cb6d4" "container-server 97097" 0.0117 "-" 96804 0
Dec 12 19:44:04 np0005557753.novalocal container-server[97097]: ::1 - - [13/Dec/2025:00:44:04 +0000] "PUT /1/200684/AUTH_afe588ce5e36492b94129e0538b6bb45/gnocchi.505cd13b-45a0-48ce-ac73-033fc4c95b94" 201 - "PUT http://[::1]:8080/v1/AUTH_afe588ce5e36492b94129e0538b6bb45/gnocchi.505cd13b-45a0-48ce-ac73-033fc4c95b94" "txcfb029cd4ed545d793e94-00693cb6d4" "proxy-server 90180" 0.0334 "-" 97097 0
Dec 12 19:44:04 np0005557753.novalocal account-server[96802]: ::1 - - [13/Dec/2025:00:44:04 +0000] "PUT /3/105149/AUTH_afe588ce5e36492b94129e0538b6bb45/gnocchi.505cd13b-45a0-48ce-ac73-033fc4c95b94" 201 - "PUT http://[::1]:6001/2/200684/AUTH_afe588ce5e36492b94129e0538b6bb45/gnocchi.505cd13b-45a0-48ce-ac73-033fc4c95b94" "txcfb029cd4ed545d793e94-00693cb6d4" "container-server 97097" 0.0284 "-" 96802 0
Dec 12 19:44:04 np0005557753.novalocal container-server[97097]: ::1 - - [13/Dec/2025:00:44:04 +0000] "PUT /2/200684/AUTH_afe588ce5e36492b94129e0538b6bb45/gnocchi.505cd13b-45a0-48ce-ac73-033fc4c95b94" 201 - "PUT http://[::1]:8080/v1/AUTH_afe588ce5e36492b94129e0538b6bb45/gnocchi.505cd13b-45a0-48ce-ac73-033fc4c95b94" "txcfb029cd4ed545d793e94-00693cb6d4" "proxy-server 90180" 0.0531 "-" 97097 0
Dec 12 19:44:04 np0005557753.novalocal proxy-server[90180]: ::1 ::1 13/Dec/2025/00/44/04 PUT /v1/AUTH_afe588ce5e36492b94129e0538b6bb45/gnocchi.505cd13b-45a0-48ce-ac73-033fc4c95b94 HTTP/1.0 201 - python-swiftclient-4.2.0 gAAAAABpPLaCpY4p... - - - txcfb029cd4ed545d793e94-00693cb6d4 - 0.0744 - - 1765586644.661401272 1765586644.735768795 0
Dec 12 19:44:04 np0005557753.novalocal account-server[96804]: ::1 - - [13/Dec/2025:00:44:04 +0000] "PUT /1/105149/AUTH_afe588ce5e36492b94129e0538b6bb45/gnocchi.42aa3203-b5c7-4784-a986-fa408eb62b29" 201 - "PUT http://[::1]:6001/3/31349/AUTH_afe588ce5e36492b94129e0538b6bb45/gnocchi.42aa3203-b5c7-4784-a986-fa408eb62b29" "txa6ef7ff18dfb48a2b65c5-00693cb6d4" "container-server 97097" 0.0078 "-" 96804 0
Dec 12 19:44:04 np0005557753.novalocal container-server[97097]: ::1 - - [13/Dec/2025:00:44:04 +0000] "PUT /3/31349/AUTH_afe588ce5e36492b94129e0538b6bb45/gnocchi.42aa3203-b5c7-4784-a986-fa408eb62b29" 201 - "PUT http://[::1]:8080/v1/AUTH_afe588ce5e36492b94129e0538b6bb45/gnocchi.42aa3203-b5c7-4784-a986-fa408eb62b29" "txa6ef7ff18dfb48a2b65c5-00693cb6d4" "proxy-server 90180" 0.0330 "-" 97097 0
Dec 12 19:44:04 np0005557753.novalocal account-server[96804]: ::1 - - [13/Dec/2025:00:44:04 +0000] "PUT /3/105149/AUTH_afe588ce5e36492b94129e0538b6bb45/gnocchi.42aa3203-b5c7-4784-a986-fa408eb62b29" 201 - "PUT http://[::1]:6001/2/31349/AUTH_afe588ce5e36492b94129e0538b6bb45/gnocchi.42aa3203-b5c7-4784-a986-fa408eb62b29" "txa6ef7ff18dfb48a2b65c5-00693cb6d4" "container-server 97099" 0.0041 "-" 96804 0
Dec 12 19:44:04 np0005557753.novalocal container-server[97099]: ::1 - - [13/Dec/2025:00:44:04 +0000] "PUT /2/31349/AUTH_afe588ce5e36492b94129e0538b6bb45/gnocchi.42aa3203-b5c7-4784-a986-fa408eb62b29" 201 - "PUT http://[::1]:8080/v1/AUTH_afe588ce5e36492b94129e0538b6bb45/gnocchi.42aa3203-b5c7-4784-a986-fa408eb62b29" "txa6ef7ff18dfb48a2b65c5-00693cb6d4" "proxy-server 90180" 0.0377 "-" 97099 0
Dec 12 19:44:04 np0005557753.novalocal container-server[97098]: ::1 - - [13/Dec/2025:00:44:04 +0000] "HEAD /3/200684/AUTH_afe588ce5e36492b94129e0538b6bb45/gnocchi.505cd13b-45a0-48ce-ac73-033fc4c95b94" 204 - "HEAD http://[::1]:8080/v1/AUTH_afe588ce5e36492b94129e0538b6bb45/gnocchi.505cd13b-45a0-48ce-ac73-033fc4c95b94?format=json&states=listing" "tx564977e641c645edb60ae-00693cb6d4" "proxy-server 90180" 0.0043 "-" 97098 0
Dec 12 19:44:04 np0005557753.novalocal account-server[96804]: ::1 - - [13/Dec/2025:00:44:04 +0000] "PUT /2/105149/AUTH_afe588ce5e36492b94129e0538b6bb45/gnocchi.42aa3203-b5c7-4784-a986-fa408eb62b29" 201 - "PUT http://[::1]:6001/1/31349/AUTH_afe588ce5e36492b94129e0538b6bb45/gnocchi.42aa3203-b5c7-4784-a986-fa408eb62b29" "txa6ef7ff18dfb48a2b65c5-00693cb6d4" "container-server 97099" 0.0101 "-" 96804 0
Dec 12 19:44:04 np0005557753.novalocal container-server[97099]: ::1 - - [13/Dec/2025:00:44:04 +0000] "PUT /1/31349/AUTH_afe588ce5e36492b94129e0538b6bb45/gnocchi.42aa3203-b5c7-4784-a986-fa408eb62b29" 201 - "PUT http://[::1]:8080/v1/AUTH_afe588ce5e36492b94129e0538b6bb45/gnocchi.42aa3203-b5c7-4784-a986-fa408eb62b29" "txa6ef7ff18dfb48a2b65c5-00693cb6d4" "proxy-server 90180" 0.0278 "-" 97099 0
Dec 12 19:44:04 np0005557753.novalocal proxy-server[90180]: ::1 ::1 13/Dec/2025/00/44/04 PUT /v1/AUTH_afe588ce5e36492b94129e0538b6bb45/gnocchi.42aa3203-b5c7-4784-a986-fa408eb62b29 HTTP/1.0 201 - python-swiftclient-4.2.0 gAAAAABpPLaCrEYT... - - - txa6ef7ff18dfb48a2b65c5-00693cb6d4 - 0.0615 - - 1765586644.699637651 1765586644.761145353 0
Dec 12 19:44:04 np0005557753.novalocal container-server[97098]: ::1 - - [13/Dec/2025:00:44:04 +0000] "GET /3/200684/AUTH_afe588ce5e36492b94129e0538b6bb45/gnocchi.505cd13b-45a0-48ce-ac73-033fc4c95b94" 200 2 "GET http://[::1]:8080/v1/AUTH_afe588ce5e36492b94129e0538b6bb45/gnocchi.505cd13b-45a0-48ce-ac73-033fc4c95b94?format=json&states=listing" "tx564977e641c645edb60ae-00693cb6d4" "proxy-server 90180" 0.0060 "-" 97098 0
Dec 12 19:44:04 np0005557753.novalocal proxy-server[90180]: ::1 ::1 13/Dec/2025/00/44/04 GET /v1/AUTH_afe588ce5e36492b94129e0538b6bb45/gnocchi.505cd13b-45a0-48ce-ac73-033fc4c95b94%3Fformat%3Djson%26states%3Dlisting HTTP/1.0 200 - python-swiftclient-4.2.0 gAAAAABpPLaCpY4p... - 2 - tx564977e641c645edb60ae-00693cb6d4 - 0.0261 - - 1765586644.740902901 1765586644.767005682 0
Dec 12 19:44:04 np0005557753.novalocal container-server[97096]: ::1 - - [13/Dec/2025:00:44:04 +0000] "HEAD /3/31349/AUTH_afe588ce5e36492b94129e0538b6bb45/gnocchi.42aa3203-b5c7-4784-a986-fa408eb62b29" 204 - "HEAD http://[::1]:8080/v1/AUTH_afe588ce5e36492b94129e0538b6bb45/gnocchi.42aa3203-b5c7-4784-a986-fa408eb62b29?format=json&states=listing" "txd54d8b0c95a041bf8fb92-00693cb6d4" "proxy-server 90180" 0.0013 "-" 97096 0
Dec 12 19:44:04 np0005557753.novalocal object-server[97401]: ::1 - - [13/Dec/2025:00:44:04 +0000] "GET /2/122830/AUTH_afe588ce5e36492b94129e0538b6bb45/gnocchi.505cd13b-45a0-48ce-ac73-033fc4c95b94/1764720000.0_mean_300.0_v3" 404 70 "GET http://[::1]:8080/v1/AUTH_afe588ce5e36492b94129e0538b6bb45/gnocchi.505cd13b-45a0-48ce-ac73-033fc4c95b94/1764720000.0_mean_300.0_v3" "txd8360d5d947c4489b8152-00693cb6d4" "proxy-server 90180" 0.0006 "-" 97401 0
Dec 12 19:44:04 np0005557753.novalocal container-server[97096]: ::1 - - [13/Dec/2025:00:44:04 +0000] "GET /3/31349/AUTH_afe588ce5e36492b94129e0538b6bb45/gnocchi.42aa3203-b5c7-4784-a986-fa408eb62b29" 200 2 "GET http://[::1]:8080/v1/AUTH_afe588ce5e36492b94129e0538b6bb45/gnocchi.42aa3203-b5c7-4784-a986-fa408eb62b29?format=json&states=listing" "txd54d8b0c95a041bf8fb92-00693cb6d4" "proxy-server 90180" 0.0015 "-" 97096 0
Dec 12 19:44:04 np0005557753.novalocal object-server[97400]: ::1 - - [13/Dec/2025:00:44:04 +0000] "GET /3/122830/AUTH_afe588ce5e36492b94129e0538b6bb45/gnocchi.505cd13b-45a0-48ce-ac73-033fc4c95b94/1764720000.0_mean_300.0_v3" 404 70 "GET http://[::1]:8080/v1/AUTH_afe588ce5e36492b94129e0538b6bb45/gnocchi.505cd13b-45a0-48ce-ac73-033fc4c95b94/1764720000.0_mean_300.0_v3" "txd8360d5d947c4489b8152-00693cb6d4" "proxy-server 90180" 0.0005 "-" 97400 0
Dec 12 19:44:04 np0005557753.novalocal proxy-server[90180]: ::1 ::1 13/Dec/2025/00/44/04 GET /v1/AUTH_afe588ce5e36492b94129e0538b6bb45/gnocchi.42aa3203-b5c7-4784-a986-fa408eb62b29%3Fformat%3Djson%26states%3Dlisting HTTP/1.0 200 - python-swiftclient-4.2.0 gAAAAABpPLaCrEYT... - 2 - txd54d8b0c95a041bf8fb92-00693cb6d4 - 0.0167 - - 1765586644.764651060 1765586644.781309128 0
Dec 12 19:44:04 np0005557753.novalocal object-server[97399]: ::1 - - [13/Dec/2025:00:44:04 +0000] "GET /1/122830/AUTH_afe588ce5e36492b94129e0538b6bb45/gnocchi.505cd13b-45a0-48ce-ac73-033fc4c95b94/1764720000.0_mean_300.0_v3" 404 70 "GET http://[::1]:8080/v1/AUTH_afe588ce5e36492b94129e0538b6bb45/gnocchi.505cd13b-45a0-48ce-ac73-033fc4c95b94/1764720000.0_mean_300.0_v3" "txd8360d5d947c4489b8152-00693cb6d4" "proxy-server 90180" 0.0007 "-" 97399 0
Dec 12 19:44:04 np0005557753.novalocal proxy-server[90180]: ::1 ::1 13/Dec/2025/00/44/04 GET /v1/AUTH_afe588ce5e36492b94129e0538b6bb45/gnocchi.505cd13b-45a0-48ce-ac73-033fc4c95b94/1764720000.0_mean_300.0_v3 HTTP/1.0 404 - python-swiftclient-4.2.0 gAAAAABpPLaCpY4p... - 70 - txd8360d5d947c4489b8152-00693cb6d4 - 0.0158 - - 1765586644.771157503 1765586644.786914349 0
Dec 12 19:44:04 np0005557753.novalocal object-server[97399]: ::1 - - [13/Dec/2025:00:44:04 +0000] "GET /1/52558/AUTH_afe588ce5e36492b94129e0538b6bb45/gnocchi.42aa3203-b5c7-4784-a986-fa408eb62b29/1764720000.0_mean_300.0_v3" 404 70 "GET http://[::1]:8080/v1/AUTH_afe588ce5e36492b94129e0538b6bb45/gnocchi.42aa3203-b5c7-4784-a986-fa408eb62b29/1764720000.0_mean_300.0_v3" "txa8caeff88f7940a7b170c-00693cb6d4" "proxy-server 90180" 0.0004 "-" 97399 0
Dec 12 19:44:04 np0005557753.novalocal container-server[97096]: ::1 - - [13/Dec/2025:00:44:04 +0000] "PUT /1/200684/AUTH_afe588ce5e36492b94129e0538b6bb45/gnocchi.505cd13b-45a0-48ce-ac73-033fc4c95b94/1764720000.0_mean_300.0_v3" 201 - "PUT http://[::1]:8080/1/122830/AUTH_afe588ce5e36492b94129e0538b6bb45/gnocchi.505cd13b-45a0-48ce-ac73-033fc4c95b94/1764720000.0_mean_300.0_v3" "tx74f5e5bc82484d68b3e7c-00693cb6d4" "object-server 97401" 0.0009 "-" 97096 0
Dec 12 19:44:04 np0005557753.novalocal object-server[97400]: ::1 - - [13/Dec/2025:00:44:04 +0000] "GET /3/52558/AUTH_afe588ce5e36492b94129e0538b6bb45/gnocchi.42aa3203-b5c7-4784-a986-fa408eb62b29/1764720000.0_mean_300.0_v3" 404 70 "GET http://[::1]:8080/v1/AUTH_afe588ce5e36492b94129e0538b6bb45/gnocchi.42aa3203-b5c7-4784-a986-fa408eb62b29/1764720000.0_mean_300.0_v3" "txa8caeff88f7940a7b170c-00693cb6d4" "proxy-server 90180" 0.0005 "-" 97400 0
Dec 12 19:44:04 np0005557753.novalocal object-server[97401]: ::1 - - [13/Dec/2025:00:44:04 +0000] "PUT /1/122830/AUTH_afe588ce5e36492b94129e0538b6bb45/gnocchi.505cd13b-45a0-48ce-ac73-033fc4c95b94/1764720000.0_mean_300.0_v3" 201 - "PUT http://[::1]:8080/v1/AUTH_afe588ce5e36492b94129e0538b6bb45/gnocchi.505cd13b-45a0-48ce-ac73-033fc4c95b94/1764720000.0_mean_300.0_v3" "tx74f5e5bc82484d68b3e7c-00693cb6d4" "proxy-server 90180" 0.0158 "-" 97401 0
Dec 12 19:44:04 np0005557753.novalocal object-server[97400]: ::1 - - [13/Dec/2025:00:44:04 +0000] "GET /2/52558/AUTH_afe588ce5e36492b94129e0538b6bb45/gnocchi.42aa3203-b5c7-4784-a986-fa408eb62b29/1764720000.0_mean_300.0_v3" 404 70 "GET http://[::1]:8080/v1/AUTH_afe588ce5e36492b94129e0538b6bb45/gnocchi.42aa3203-b5c7-4784-a986-fa408eb62b29/1764720000.0_mean_300.0_v3" "txa8caeff88f7940a7b170c-00693cb6d4" "proxy-server 90180" 0.0016 "-" 97400 0
Dec 12 19:44:04 np0005557753.novalocal proxy-server[90180]: ::1 ::1 13/Dec/2025/00/44/04 GET /v1/AUTH_afe588ce5e36492b94129e0538b6bb45/gnocchi.42aa3203-b5c7-4784-a986-fa408eb62b29/1764720000.0_mean_300.0_v3 HTTP/1.0 404 - python-swiftclient-4.2.0 gAAAAABpPLaCrEYT... - 70 - txa8caeff88f7940a7b170c-00693cb6d4 - 0.0260 - - 1765586644.796394348 1765586644.822394609 0
Dec 12 19:44:04 np0005557753.novalocal container-server[97096]: ::1 - - [13/Dec/2025:00:44:04 +0000] "PUT /2/200684/AUTH_afe588ce5e36492b94129e0538b6bb45/gnocchi.505cd13b-45a0-48ce-ac73-033fc4c95b94/1764720000.0_mean_300.0_v3" 201 - "PUT http://[::1]:8080/3/122830/AUTH_afe588ce5e36492b94129e0538b6bb45/gnocchi.505cd13b-45a0-48ce-ac73-033fc4c95b94/1764720000.0_mean_300.0_v3" "tx74f5e5bc82484d68b3e7c-00693cb6d4" "object-server 97399" 0.0005 "-" 97096 0
Dec 12 19:44:04 np0005557753.novalocal container-server[97097]: ::1 - - [13/Dec/2025:00:44:04 +0000] "PUT /3/200684/AUTH_afe588ce5e36492b94129e0538b6bb45/gnocchi.505cd13b-45a0-48ce-ac73-033fc4c95b94/1764720000.0_mean_300.0_v3" 201 - "PUT http://[::1]:8080/2/122830/AUTH_afe588ce5e36492b94129e0538b6bb45/gnocchi.505cd13b-45a0-48ce-ac73-033fc4c95b94/1764720000.0_mean_300.0_v3" "tx74f5e5bc82484d68b3e7c-00693cb6d4" "object-server 97399" 0.0008 "-" 97097 0
Dec 12 19:44:04 np0005557753.novalocal object-server[97399]: ::1 - - [13/Dec/2025:00:44:04 +0000] "PUT /3/122830/AUTH_afe588ce5e36492b94129e0538b6bb45/gnocchi.505cd13b-45a0-48ce-ac73-033fc4c95b94/1764720000.0_mean_300.0_v3" 201 - "PUT http://[::1]:8080/v1/AUTH_afe588ce5e36492b94129e0538b6bb45/gnocchi.505cd13b-45a0-48ce-ac73-033fc4c95b94/1764720000.0_mean_300.0_v3" "tx74f5e5bc82484d68b3e7c-00693cb6d4" "proxy-server 90180" 0.0225 "-" 97399 0
Dec 12 19:44:04 np0005557753.novalocal object-server[97399]: ::1 - - [13/Dec/2025:00:44:04 +0000] "PUT /2/122830/AUTH_afe588ce5e36492b94129e0538b6bb45/gnocchi.505cd13b-45a0-48ce-ac73-033fc4c95b94/1764720000.0_mean_300.0_v3" 201 - "PUT http://[::1]:8080/v1/AUTH_afe588ce5e36492b94129e0538b6bb45/gnocchi.505cd13b-45a0-48ce-ac73-033fc4c95b94/1764720000.0_mean_300.0_v3" "tx74f5e5bc82484d68b3e7c-00693cb6d4" "proxy-server 90180" 0.0262 "-" 97399 0
Dec 12 19:44:04 np0005557753.novalocal proxy-server[90180]: ::1 ::1 13/Dec/2025/00/44/04 PUT /v1/AUTH_afe588ce5e36492b94129e0538b6bb45/gnocchi.505cd13b-45a0-48ce-ac73-033fc4c95b94/1764720000.0_mean_300.0_v3 HTTP/1.0 201 - python-swiftclient-4.2.0 gAAAAABpPLaCpY4p... 16 - - tx74f5e5bc82484d68b3e7c-00693cb6d4 - 0.0363 - - 1765586644.789753437 1765586644.826032400 0
Dec 12 19:44:04 np0005557753.novalocal container-server[97099]: ::1 - - [13/Dec/2025:00:44:04 +0000] "PUT /1/31349/AUTH_afe588ce5e36492b94129e0538b6bb45/gnocchi.42aa3203-b5c7-4784-a986-fa408eb62b29/1764720000.0_mean_300.0_v3" 201 - "PUT http://[::1]:8080/3/52558/AUTH_afe588ce5e36492b94129e0538b6bb45/gnocchi.42aa3203-b5c7-4784-a986-fa408eb62b29/1764720000.0_mean_300.0_v3" "tx4968353f367647c389a6d-00693cb6d4" "object-server 97402" 0.0008 "-" 97099 0
Dec 12 19:44:04 np0005557753.novalocal object-server[97402]: ::1 - - [13/Dec/2025:00:44:04 +0000] "PUT /3/52558/AUTH_afe588ce5e36492b94129e0538b6bb45/gnocchi.42aa3203-b5c7-4784-a986-fa408eb62b29/1764720000.0_mean_300.0_v3" 201 - "PUT http://[::1]:8080/v1/AUTH_afe588ce5e36492b94129e0538b6bb45/gnocchi.42aa3203-b5c7-4784-a986-fa408eb62b29/1764720000.0_mean_300.0_v3" "tx4968353f367647c389a6d-00693cb6d4" "proxy-server 90180" 0.0152 "-" 97402 0
Dec 12 19:44:04 np0005557753.novalocal container-server[97099]: ::1 - - [13/Dec/2025:00:44:04 +0000] "PUT /3/31349/AUTH_afe588ce5e36492b94129e0538b6bb45/gnocchi.42aa3203-b5c7-4784-a986-fa408eb62b29/1764720000.0_mean_300.0_v3" 201 - "PUT http://[::1]:8080/2/52558/AUTH_afe588ce5e36492b94129e0538b6bb45/gnocchi.42aa3203-b5c7-4784-a986-fa408eb62b29/1764720000.0_mean_300.0_v3" "tx4968353f367647c389a6d-00693cb6d4" "object-server 97402" 0.0006 "-" 97099 0
Dec 12 19:44:04 np0005557753.novalocal object-server[97402]: ::1 - - [13/Dec/2025:00:44:04 +0000] "PUT /2/52558/AUTH_afe588ce5e36492b94129e0538b6bb45/gnocchi.42aa3203-b5c7-4784-a986-fa408eb62b29/1764720000.0_mean_300.0_v3" 201 - "PUT http://[::1]:8080/v1/AUTH_afe588ce5e36492b94129e0538b6bb45/gnocchi.42aa3203-b5c7-4784-a986-fa408eb62b29/1764720000.0_mean_300.0_v3" "tx4968353f367647c389a6d-00693cb6d4" "proxy-server 90180" 0.0153 "-" 97402 0
Dec 12 19:44:04 np0005557753.novalocal container-server[97096]: ::1 - - [13/Dec/2025:00:44:04 +0000] "PUT /2/200684/AUTH_afe588ce5e36492b94129e0538b6bb45/gnocchi.505cd13b-45a0-48ce-ac73-033fc4c95b94/none_v3" 201 - "PUT http://[::1]:8080/2/194120/AUTH_afe588ce5e36492b94129e0538b6bb45/gnocchi.505cd13b-45a0-48ce-ac73-033fc4c95b94/none_v3" "tx4e3cd9bb5a794ef3b97b4-00693cb6d4" "object-server 97401" 0.0006 "-" 97096 0
Dec 12 19:44:04 np0005557753.novalocal object-server[97401]: ::1 - - [13/Dec/2025:00:44:04 +0000] "PUT /2/194120/AUTH_afe588ce5e36492b94129e0538b6bb45/gnocchi.505cd13b-45a0-48ce-ac73-033fc4c95b94/none_v3" 201 - "PUT http://[::1]:8080/v1/AUTH_afe588ce5e36492b94129e0538b6bb45/gnocchi.505cd13b-45a0-48ce-ac73-033fc4c95b94/none_v3" "tx4e3cd9bb5a794ef3b97b4-00693cb6d4" "proxy-server 90180" 0.0238 "-" 97401 0
Dec 12 19:44:04 np0005557753.novalocal container-server[97099]: ::1 - - [13/Dec/2025:00:44:04 +0000] "PUT /3/200684/AUTH_afe588ce5e36492b94129e0538b6bb45/gnocchi.505cd13b-45a0-48ce-ac73-033fc4c95b94/none_v3" 201 - "PUT http://[::1]:8080/3/194120/AUTH_afe588ce5e36492b94129e0538b6bb45/gnocchi.505cd13b-45a0-48ce-ac73-033fc4c95b94/none_v3" "tx4e3cd9bb5a794ef3b97b4-00693cb6d4" "object-server 97400" 0.0004 "-" 97099 0
Dec 12 19:44:04 np0005557753.novalocal object-server[97400]: ::1 - - [13/Dec/2025:00:44:04 +0000] "PUT /3/194120/AUTH_afe588ce5e36492b94129e0538b6bb45/gnocchi.505cd13b-45a0-48ce-ac73-033fc4c95b94/none_v3" 201 - "PUT http://[::1]:8080/v1/AUTH_afe588ce5e36492b94129e0538b6bb45/gnocchi.505cd13b-45a0-48ce-ac73-033fc4c95b94/none_v3" "tx4e3cd9bb5a794ef3b97b4-00693cb6d4" "proxy-server 90180" 0.0222 "-" 97400 0
Dec 12 19:44:04 np0005557753.novalocal container-server[97099]: ::1 - - [13/Dec/2025:00:44:04 +0000] "PUT /1/200684/AUTH_afe588ce5e36492b94129e0538b6bb45/gnocchi.505cd13b-45a0-48ce-ac73-033fc4c95b94/none_v3" 201 - "PUT http://[::1]:8080/1/194120/AUTH_afe588ce5e36492b94129e0538b6bb45/gnocchi.505cd13b-45a0-48ce-ac73-033fc4c95b94/none_v3" "tx4e3cd9bb5a794ef3b97b4-00693cb6d4" "object-server 97399" 0.0005 "-" 97099 0
Dec 12 19:44:04 np0005557753.novalocal container-server[97097]: ::1 - - [13/Dec/2025:00:44:04 +0000] "PUT /2/31349/AUTH_afe588ce5e36492b94129e0538b6bb45/gnocchi.42aa3203-b5c7-4784-a986-fa408eb62b29/1764720000.0_mean_300.0_v3" 201 - "PUT http://[::1]:8080/1/52558/AUTH_afe588ce5e36492b94129e0538b6bb45/gnocchi.42aa3203-b5c7-4784-a986-fa408eb62b29/1764720000.0_mean_300.0_v3" "tx4968353f367647c389a6d-00693cb6d4" "object-server 97399" 0.0008 "-" 97097 0
Dec 12 19:44:04 np0005557753.novalocal object-server[97399]: ::1 - - [13/Dec/2025:00:44:04 +0000] "PUT /1/194120/AUTH_afe588ce5e36492b94129e0538b6bb45/gnocchi.505cd13b-45a0-48ce-ac73-033fc4c95b94/none_v3" 201 - "PUT http://[::1]:8080/v1/AUTH_afe588ce5e36492b94129e0538b6bb45/gnocchi.505cd13b-45a0-48ce-ac73-033fc4c95b94/none_v3" "tx4e3cd9bb5a794ef3b97b4-00693cb6d4" "proxy-server 90180" 0.0206 "-" 97399 0
Dec 12 19:44:04 np0005557753.novalocal object-server[97399]: ::1 - - [13/Dec/2025:00:44:04 +0000] "PUT /1/52558/AUTH_afe588ce5e36492b94129e0538b6bb45/gnocchi.42aa3203-b5c7-4784-a986-fa408eb62b29/1764720000.0_mean_300.0_v3" 201 - "PUT http://[::1]:8080/v1/AUTH_afe588ce5e36492b94129e0538b6bb45/gnocchi.42aa3203-b5c7-4784-a986-fa408eb62b29/1764720000.0_mean_300.0_v3" "tx4968353f367647c389a6d-00693cb6d4" "proxy-server 90180" 0.0372 "-" 97399 0
Dec 12 19:44:04 np0005557753.novalocal proxy-server[90180]: ::1 ::1 13/Dec/2025/00/44/04 PUT /v1/AUTH_afe588ce5e36492b94129e0538b6bb45/gnocchi.505cd13b-45a0-48ce-ac73-033fc4c95b94/none_v3 HTTP/1.0 201 - python-swiftclient-4.2.0 gAAAAABpPLaCpY4p... 22 - - tx4e3cd9bb5a794ef3b97b4-00693cb6d4 - 0.0375 - - 1765586644.833979607 1765586644.871477604 0
Dec 12 19:44:04 np0005557753.novalocal proxy-server[90180]: ::1 ::1 13/Dec/2025/00/44/04 PUT /v1/AUTH_afe588ce5e36492b94129e0538b6bb45/gnocchi.42aa3203-b5c7-4784-a986-fa408eb62b29/1764720000.0_mean_300.0_v3 HTTP/1.0 201 - python-swiftclient-4.2.0 gAAAAABpPLaCrEYT... 16 - - tx4968353f367647c389a6d-00693cb6d4 - 0.0447 - - 1765586644.828172684 1765586644.872826815 0
Dec 12 19:44:04 np0005557753.novalocal container-server[97096]: ::1 - - [13/Dec/2025:00:44:04 +0000] "PUT /1/31349/AUTH_afe588ce5e36492b94129e0538b6bb45/gnocchi.42aa3203-b5c7-4784-a986-fa408eb62b29/none_v3" 201 - "PUT http://[::1]:8080/3/201352/AUTH_afe588ce5e36492b94129e0538b6bb45/gnocchi.42aa3203-b5c7-4784-a986-fa408eb62b29/none_v3" "tx7c82f630907649049a98e-00693cb6d4" "object-server 97402" 0.0005 "-" 97096 0
Dec 12 19:44:04 np0005557753.novalocal object-server[97402]: ::1 - - [13/Dec/2025:00:44:04 +0000] "PUT /3/201352/AUTH_afe588ce5e36492b94129e0538b6bb45/gnocchi.42aa3203-b5c7-4784-a986-fa408eb62b29/none_v3" 201 - "PUT http://[::1]:8080/v1/AUTH_afe588ce5e36492b94129e0538b6bb45/gnocchi.42aa3203-b5c7-4784-a986-fa408eb62b29/none_v3" "tx7c82f630907649049a98e-00693cb6d4" "proxy-server 90180" 0.0108 "-" 97402 0
Dec 12 19:44:04 np0005557753.novalocal container-server[97098]: ::1 - - [13/Dec/2025:00:44:04 +0000] "PUT /3/31349/AUTH_afe588ce5e36492b94129e0538b6bb45/gnocchi.42aa3203-b5c7-4784-a986-fa408eb62b29/none_v3" 201 - "PUT http://[::1]:8080/1/201352/AUTH_afe588ce5e36492b94129e0538b6bb45/gnocchi.42aa3203-b5c7-4784-a986-fa408eb62b29/none_v3" "tx7c82f630907649049a98e-00693cb6d4" "object-server 97400" 0.0005 "-" 97098 0
Dec 12 19:44:04 np0005557753.novalocal container-server[97096]: ::1 - - [13/Dec/2025:00:44:04 +0000] "PUT /2/31349/AUTH_afe588ce5e36492b94129e0538b6bb45/gnocchi.42aa3203-b5c7-4784-a986-fa408eb62b29/none_v3" 201 - "PUT http://[::1]:8080/2/201352/AUTH_afe588ce5e36492b94129e0538b6bb45/gnocchi.42aa3203-b5c7-4784-a986-fa408eb62b29/none_v3" "tx7c82f630907649049a98e-00693cb6d4" "object-server 97400" 0.0004 "-" 97096 0
Dec 12 19:44:04 np0005557753.novalocal object-server[97400]: ::1 - - [13/Dec/2025:00:44:04 +0000] "PUT /1/201352/AUTH_afe588ce5e36492b94129e0538b6bb45/gnocchi.42aa3203-b5c7-4784-a986-fa408eb62b29/none_v3" 201 - "PUT http://[::1]:8080/v1/AUTH_afe588ce5e36492b94129e0538b6bb45/gnocchi.42aa3203-b5c7-4784-a986-fa408eb62b29/none_v3" "tx7c82f630907649049a98e-00693cb6d4" "proxy-server 90180" 0.0127 "-" 97400 0
Dec 12 19:44:04 np0005557753.novalocal object-server[97400]: ::1 - - [13/Dec/2025:00:44:04 +0000] "PUT /2/201352/AUTH_afe588ce5e36492b94129e0538b6bb45/gnocchi.42aa3203-b5c7-4784-a986-fa408eb62b29/none_v3" 201 - "PUT http://[::1]:8080/v1/AUTH_afe588ce5e36492b94129e0538b6bb45/gnocchi.42aa3203-b5c7-4784-a986-fa408eb62b29/none_v3" "tx7c82f630907649049a98e-00693cb6d4" "proxy-server 90180" 0.0115 "-" 97400 0
Dec 12 19:44:04 np0005557753.novalocal proxy-server[90180]: ::1 ::1 13/Dec/2025/00/44/04 PUT /v1/AUTH_afe588ce5e36492b94129e0538b6bb45/gnocchi.42aa3203-b5c7-4784-a986-fa408eb62b29/none_v3 HTTP/1.0 201 - python-swiftclient-4.2.0 gAAAAABpPLaCrEYT... 22 - - tx7c82f630907649049a98e-00693cb6d4 - 0.0243 - - 1765586644.876235962 1765586644.900522232 0
Dec 12 19:44:04 np0005557753.novalocal container-server[97097]: ::1 - - [13/Dec/2025:00:44:04 +0000] "HEAD /3/120203/AUTH_afe588ce5e36492b94129e0538b6bb45/gnocchi.df1ade65-b8e1-4cf2-8f4c-8cbe6ace1b7c" 404 - "HEAD http://[::1]:8080/v1/AUTH_afe588ce5e36492b94129e0538b6bb45/gnocchi.df1ade65-b8e1-4cf2-8f4c-8cbe6ace1b7c?format=json&states=listing" "tx3fcc3c3958f74fbaab97d-00693cb6d4" "proxy-server 90180" 0.0004 "-" 97097 0
Dec 12 19:44:04 np0005557753.novalocal container-server[97096]: ::1 - - [13/Dec/2025:00:44:04 +0000] "HEAD /1/120203/AUTH_afe588ce5e36492b94129e0538b6bb45/gnocchi.df1ade65-b8e1-4cf2-8f4c-8cbe6ace1b7c" 404 - "HEAD http://[::1]:8080/v1/AUTH_afe588ce5e36492b94129e0538b6bb45/gnocchi.df1ade65-b8e1-4cf2-8f4c-8cbe6ace1b7c?format=json&states=listing" "tx3fcc3c3958f74fbaab97d-00693cb6d4" "proxy-server 90180" 0.0006 "-" 97096 0
Dec 12 19:44:04 np0005557753.novalocal container-server[97098]: ::1 - - [13/Dec/2025:00:44:04 +0000] "HEAD /2/120203/AUTH_afe588ce5e36492b94129e0538b6bb45/gnocchi.df1ade65-b8e1-4cf2-8f4c-8cbe6ace1b7c" 404 - "HEAD http://[::1]:8080/v1/AUTH_afe588ce5e36492b94129e0538b6bb45/gnocchi.df1ade65-b8e1-4cf2-8f4c-8cbe6ace1b7c?format=json&states=listing" "tx3fcc3c3958f74fbaab97d-00693cb6d4" "proxy-server 90180" 0.0003 "-" 97098 0
Dec 12 19:44:04 np0005557753.novalocal object-server[97401]: ::1 - - [13/Dec/2025:00:44:04 +0000] "GET /3/34130/AUTH_afe588ce5e36492b94129e0538b6bb45/gnocchi.df1ade65-b8e1-4cf2-8f4c-8cbe6ace1b7c/none_v3" 404 70 "GET http://[::1]:8080/v1/AUTH_afe588ce5e36492b94129e0538b6bb45/gnocchi.df1ade65-b8e1-4cf2-8f4c-8cbe6ace1b7c/none_v3" "tx3fcc3c3958f74fbaab97d-00693cb6d4" "proxy-server 90180" 0.0004 "-" 97401 0
Dec 12 19:44:04 np0005557753.novalocal object-server[97401]: ::1 - - [13/Dec/2025:00:44:04 +0000] "GET /2/34130/AUTH_afe588ce5e36492b94129e0538b6bb45/gnocchi.df1ade65-b8e1-4cf2-8f4c-8cbe6ace1b7c/none_v3" 404 70 "GET http://[::1]:8080/v1/AUTH_afe588ce5e36492b94129e0538b6bb45/gnocchi.df1ade65-b8e1-4cf2-8f4c-8cbe6ace1b7c/none_v3" "tx3fcc3c3958f74fbaab97d-00693cb6d4" "proxy-server 90180" 0.0003 "-" 97401 0
Dec 12 19:44:04 np0005557753.novalocal object-server[97401]: ::1 - - [13/Dec/2025:00:44:04 +0000] "GET /1/34130/AUTH_afe588ce5e36492b94129e0538b6bb45/gnocchi.df1ade65-b8e1-4cf2-8f4c-8cbe6ace1b7c/none_v3" 404 70 "GET http://[::1]:8080/v1/AUTH_afe588ce5e36492b94129e0538b6bb45/gnocchi.df1ade65-b8e1-4cf2-8f4c-8cbe6ace1b7c/none_v3" "tx3fcc3c3958f74fbaab97d-00693cb6d4" "proxy-server 90180" 0.0003 "-" 97401 0
Dec 12 19:44:04 np0005557753.novalocal proxy-server[90180]: ::1 ::1 13/Dec/2025/00/44/04 GET /v1/AUTH_afe588ce5e36492b94129e0538b6bb45/gnocchi.df1ade65-b8e1-4cf2-8f4c-8cbe6ace1b7c/none_v3 HTTP/1.0 404 - python-swiftclient-4.2.0 gAAAAABpPLaCpY4p... - 70 - tx3fcc3c3958f74fbaab97d-00693cb6d4 - 0.0286 - - 1765586644.899974108 1765586644.928532839 0
Dec 12 19:44:04 np0005557753.novalocal account-server[96802]: ::1 - - [13/Dec/2025:00:44:04 +0000] "PUT /1/105149/AUTH_afe588ce5e36492b94129e0538b6bb45/gnocchi.df1ade65-b8e1-4cf2-8f4c-8cbe6ace1b7c" 201 - "PUT http://[::1]:6001/1/120203/AUTH_afe588ce5e36492b94129e0538b6bb45/gnocchi.df1ade65-b8e1-4cf2-8f4c-8cbe6ace1b7c" "tx8096ed7d4edc4c438dccd-00693cb6d4" "container-server 97096" 0.0114 "-" 96802 0
Dec 12 19:44:05 np0005557753.novalocal container-server[97096]: ::1 - - [13/Dec/2025:00:44:05 +0000] "PUT /1/120203/AUTH_afe588ce5e36492b94129e0538b6bb45/gnocchi.df1ade65-b8e1-4cf2-8f4c-8cbe6ace1b7c" 201 - "PUT http://[::1]:8080/v1/AUTH_afe588ce5e36492b94129e0538b6bb45/gnocchi.df1ade65-b8e1-4cf2-8f4c-8cbe6ace1b7c" "tx8096ed7d4edc4c438dccd-00693cb6d4" "proxy-server 90180" 0.0711 "-" 97096 0
Dec 12 19:44:05 np0005557753.novalocal account-server[96803]: ::1 - - [13/Dec/2025:00:44:05 +0000] "PUT /3/105149/AUTH_afe588ce5e36492b94129e0538b6bb45/gnocchi.df1ade65-b8e1-4cf2-8f4c-8cbe6ace1b7c" 201 - "PUT http://[::1]:6001/3/120203/AUTH_afe588ce5e36492b94129e0538b6bb45/gnocchi.df1ade65-b8e1-4cf2-8f4c-8cbe6ace1b7c" "tx8096ed7d4edc4c438dccd-00693cb6d4" "container-server 97096" 0.0090 "-" 96803 0
Dec 12 19:44:05 np0005557753.novalocal account-server[96804]: ::1 - - [13/Dec/2025:00:44:05 +0000] "PUT /2/105149/AUTH_afe588ce5e36492b94129e0538b6bb45/gnocchi.df1ade65-b8e1-4cf2-8f4c-8cbe6ace1b7c" 201 - "PUT http://[::1]:6001/2/120203/AUTH_afe588ce5e36492b94129e0538b6bb45/gnocchi.df1ade65-b8e1-4cf2-8f4c-8cbe6ace1b7c" "tx8096ed7d4edc4c438dccd-00693cb6d4" "container-server 97096" 0.0100 "-" 96804 0
Dec 12 19:44:05 np0005557753.novalocal container-server[97096]: ::1 - - [13/Dec/2025:00:44:05 +0000] "PUT /3/120203/AUTH_afe588ce5e36492b94129e0538b6bb45/gnocchi.df1ade65-b8e1-4cf2-8f4c-8cbe6ace1b7c" 201 - "PUT http://[::1]:8080/v1/AUTH_afe588ce5e36492b94129e0538b6bb45/gnocchi.df1ade65-b8e1-4cf2-8f4c-8cbe6ace1b7c" "tx8096ed7d4edc4c438dccd-00693cb6d4" "proxy-server 90180" 0.0668 "-" 97096 0
Dec 12 19:44:05 np0005557753.novalocal container-server[97096]: ::1 - - [13/Dec/2025:00:44:05 +0000] "PUT /2/120203/AUTH_afe588ce5e36492b94129e0538b6bb45/gnocchi.df1ade65-b8e1-4cf2-8f4c-8cbe6ace1b7c" 201 - "PUT http://[::1]:8080/v1/AUTH_afe588ce5e36492b94129e0538b6bb45/gnocchi.df1ade65-b8e1-4cf2-8f4c-8cbe6ace1b7c" "tx8096ed7d4edc4c438dccd-00693cb6d4" "proxy-server 90180" 0.0411 "-" 97096 0
Dec 12 19:44:05 np0005557753.novalocal proxy-server[90180]: ::1 ::1 13/Dec/2025/00/44/05 PUT /v1/AUTH_afe588ce5e36492b94129e0538b6bb45/gnocchi.df1ade65-b8e1-4cf2-8f4c-8cbe6ace1b7c HTTP/1.0 201 - python-swiftclient-4.2.0 gAAAAABpPLaCpY4p... - - - tx8096ed7d4edc4c438dccd-00693cb6d4 - 0.0977 - - 1765586644.932272434 1765586645.029981613 0
Dec 12 19:44:05 np0005557753.novalocal container-server[97098]: ::1 - - [13/Dec/2025:00:44:05 +0000] "HEAD /3/120203/AUTH_afe588ce5e36492b94129e0538b6bb45/gnocchi.df1ade65-b8e1-4cf2-8f4c-8cbe6ace1b7c" 204 - "HEAD http://[::1]:8080/v1/AUTH_afe588ce5e36492b94129e0538b6bb45/gnocchi.df1ade65-b8e1-4cf2-8f4c-8cbe6ace1b7c?format=json&states=listing" "tx49f407e84b584ea6b5a24-00693cb6d5" "proxy-server 90180" 0.0013 "-" 97098 0
Dec 12 19:44:05 np0005557753.novalocal container-server[97096]: ::1 - - [13/Dec/2025:00:44:05 +0000] "GET /2/120203/AUTH_afe588ce5e36492b94129e0538b6bb45/gnocchi.df1ade65-b8e1-4cf2-8f4c-8cbe6ace1b7c" 200 2 "GET http://[::1]:8080/v1/AUTH_afe588ce5e36492b94129e0538b6bb45/gnocchi.df1ade65-b8e1-4cf2-8f4c-8cbe6ace1b7c?format=json&states=listing" "tx49f407e84b584ea6b5a24-00693cb6d5" "proxy-server 90180" 0.0091 "-" 97096 0
Dec 12 19:44:05 np0005557753.novalocal proxy-server[90180]: ::1 ::1 13/Dec/2025/00/44/05 GET /v1/AUTH_afe588ce5e36492b94129e0538b6bb45/gnocchi.df1ade65-b8e1-4cf2-8f4c-8cbe6ace1b7c%3Fformat%3Djson%26states%3Dlisting HTTP/1.0 200 - python-swiftclient-4.2.0 gAAAAABpPLaCpY4p... - 2 - tx49f407e84b584ea6b5a24-00693cb6d5 - 0.0229 - - 1765586645.036030054 1765586645.058915377 0
Dec 12 19:44:05 np0005557753.novalocal object-server[97399]: ::1 - - [13/Dec/2025:00:44:05 +0000] "GET /3/139678/AUTH_afe588ce5e36492b94129e0538b6bb45/gnocchi.df1ade65-b8e1-4cf2-8f4c-8cbe6ace1b7c/1764720000.0_mean_300.0_v3" 404 70 "GET http://[::1]:8080/v1/AUTH_afe588ce5e36492b94129e0538b6bb45/gnocchi.df1ade65-b8e1-4cf2-8f4c-8cbe6ace1b7c/1764720000.0_mean_300.0_v3" "txb849a689e9d04d0aabcbe-00693cb6d5" "proxy-server 90180" 0.0005 "-" 97399 0
Dec 12 19:44:05 np0005557753.novalocal object-server[97402]: ::1 - - [13/Dec/2025:00:44:05 +0000] "GET /1/139678/AUTH_afe588ce5e36492b94129e0538b6bb45/gnocchi.df1ade65-b8e1-4cf2-8f4c-8cbe6ace1b7c/1764720000.0_mean_300.0_v3" 404 70 "GET http://[::1]:8080/v1/AUTH_afe588ce5e36492b94129e0538b6bb45/gnocchi.df1ade65-b8e1-4cf2-8f4c-8cbe6ace1b7c/1764720000.0_mean_300.0_v3" "txb849a689e9d04d0aabcbe-00693cb6d5" "proxy-server 90180" 0.0006 "-" 97402 0
Dec 12 19:44:05 np0005557753.novalocal object-server[97401]: ::1 - - [13/Dec/2025:00:44:05 +0000] "GET /2/139678/AUTH_afe588ce5e36492b94129e0538b6bb45/gnocchi.df1ade65-b8e1-4cf2-8f4c-8cbe6ace1b7c/1764720000.0_mean_300.0_v3" 404 70 "GET http://[::1]:8080/v1/AUTH_afe588ce5e36492b94129e0538b6bb45/gnocchi.df1ade65-b8e1-4cf2-8f4c-8cbe6ace1b7c/1764720000.0_mean_300.0_v3" "txb849a689e9d04d0aabcbe-00693cb6d5" "proxy-server 90180" 0.0005 "-" 97401 0
Dec 12 19:44:05 np0005557753.novalocal proxy-server[90180]: ::1 ::1 13/Dec/2025/00/44/05 GET /v1/AUTH_afe588ce5e36492b94129e0538b6bb45/gnocchi.df1ade65-b8e1-4cf2-8f4c-8cbe6ace1b7c/1764720000.0_mean_300.0_v3 HTTP/1.0 404 - python-swiftclient-4.2.0 gAAAAABpPLaCpY4p... - 70 - txb849a689e9d04d0aabcbe-00693cb6d5 - 0.0187 - - 1765586645.062501907 1765586645.081170082 0
Dec 12 19:44:05 np0005557753.novalocal container-server[97097]: ::1 - - [13/Dec/2025:00:44:05 +0000] "PUT /3/120203/AUTH_afe588ce5e36492b94129e0538b6bb45/gnocchi.df1ade65-b8e1-4cf2-8f4c-8cbe6ace1b7c/1764720000.0_mean_300.0_v3" 201 - "PUT http://[::1]:8080/2/139678/AUTH_afe588ce5e36492b94129e0538b6bb45/gnocchi.df1ade65-b8e1-4cf2-8f4c-8cbe6ace1b7c/1764720000.0_mean_300.0_v3" "txd754242bb26c4e3b868ca-00693cb6d5" "object-server 97402" 0.0007 "-" 97097 0
Dec 12 19:44:05 np0005557753.novalocal object-server[97402]: ::1 - - [13/Dec/2025:00:44:05 +0000] "PUT /2/139678/AUTH_afe588ce5e36492b94129e0538b6bb45/gnocchi.df1ade65-b8e1-4cf2-8f4c-8cbe6ace1b7c/1764720000.0_mean_300.0_v3" 201 - "PUT http://[::1]:8080/v1/AUTH_afe588ce5e36492b94129e0538b6bb45/gnocchi.df1ade65-b8e1-4cf2-8f4c-8cbe6ace1b7c/1764720000.0_mean_300.0_v3" "txd754242bb26c4e3b868ca-00693cb6d5" "proxy-server 90180" 0.0157 "-" 97402 0
Dec 12 19:44:05 np0005557753.novalocal container-server[97097]: ::1 - - [13/Dec/2025:00:44:05 +0000] "PUT /2/120203/AUTH_afe588ce5e36492b94129e0538b6bb45/gnocchi.df1ade65-b8e1-4cf2-8f4c-8cbe6ace1b7c/1764720000.0_mean_300.0_v3" 201 - "PUT http://[::1]:8080/3/139678/AUTH_afe588ce5e36492b94129e0538b6bb45/gnocchi.df1ade65-b8e1-4cf2-8f4c-8cbe6ace1b7c/1764720000.0_mean_300.0_v3" "txd754242bb26c4e3b868ca-00693cb6d5" "object-server 97401" 0.0005 "-" 97097 0
Dec 12 19:44:05 np0005557753.novalocal object-server[97401]: ::1 - - [13/Dec/2025:00:44:05 +0000] "PUT /3/139678/AUTH_afe588ce5e36492b94129e0538b6bb45/gnocchi.df1ade65-b8e1-4cf2-8f4c-8cbe6ace1b7c/1764720000.0_mean_300.0_v3" 201 - "PUT http://[::1]:8080/v1/AUTH_afe588ce5e36492b94129e0538b6bb45/gnocchi.df1ade65-b8e1-4cf2-8f4c-8cbe6ace1b7c/1764720000.0_mean_300.0_v3" "txd754242bb26c4e3b868ca-00693cb6d5" "proxy-server 90180" 0.0140 "-" 97401 0
Dec 12 19:44:05 np0005557753.novalocal container-server[97097]: ::1 - - [13/Dec/2025:00:44:05 +0000] "PUT /1/120203/AUTH_afe588ce5e36492b94129e0538b6bb45/gnocchi.df1ade65-b8e1-4cf2-8f4c-8cbe6ace1b7c/1764720000.0_mean_300.0_v3" 201 - "PUT http://[::1]:8080/1/139678/AUTH_afe588ce5e36492b94129e0538b6bb45/gnocchi.df1ade65-b8e1-4cf2-8f4c-8cbe6ace1b7c/1764720000.0_mean_300.0_v3" "txd754242bb26c4e3b868ca-00693cb6d5" "object-server 97400" 0.0005 "-" 97097 0
Dec 12 19:44:05 np0005557753.novalocal object-server[97400]: ::1 - - [13/Dec/2025:00:44:05 +0000] "PUT /1/139678/AUTH_afe588ce5e36492b94129e0538b6bb45/gnocchi.df1ade65-b8e1-4cf2-8f4c-8cbe6ace1b7c/1764720000.0_mean_300.0_v3" 201 - "PUT http://[::1]:8080/v1/AUTH_afe588ce5e36492b94129e0538b6bb45/gnocchi.df1ade65-b8e1-4cf2-8f4c-8cbe6ace1b7c/1764720000.0_mean_300.0_v3" "txd754242bb26c4e3b868ca-00693cb6d5" "proxy-server 90180" 0.0149 "-" 97400 0
Dec 12 19:44:05 np0005557753.novalocal proxy-server[90180]: ::1 ::1 13/Dec/2025/00/44/05 PUT /v1/AUTH_afe588ce5e36492b94129e0538b6bb45/gnocchi.df1ade65-b8e1-4cf2-8f4c-8cbe6ace1b7c/1764720000.0_mean_300.0_v3 HTTP/1.0 201 - python-swiftclient-4.2.0 gAAAAABpPLaCpY4p... 16 - - txd754242bb26c4e3b868ca-00693cb6d5 - 0.0310 - - 1765586645.084882498 1765586645.115855217 0
Dec 12 19:44:05 np0005557753.novalocal container-server[97096]: ::1 - - [13/Dec/2025:00:44:05 +0000] "PUT /3/120203/AUTH_afe588ce5e36492b94129e0538b6bb45/gnocchi.df1ade65-b8e1-4cf2-8f4c-8cbe6ace1b7c/none_v3" 201 - "PUT http://[::1]:8080/1/34130/AUTH_afe588ce5e36492b94129e0538b6bb45/gnocchi.df1ade65-b8e1-4cf2-8f4c-8cbe6ace1b7c/none_v3" "txad492c4b731a47fa8c5f7-00693cb6d5" "object-server 97402" 0.0006 "-" 97096 0
Dec 12 19:44:05 np0005557753.novalocal container-server[97098]: ::1 - - [13/Dec/2025:00:44:05 +0000] "PUT /2/120203/AUTH_afe588ce5e36492b94129e0538b6bb45/gnocchi.df1ade65-b8e1-4cf2-8f4c-8cbe6ace1b7c/none_v3" 201 - "PUT http://[::1]:8080/3/34130/AUTH_afe588ce5e36492b94129e0538b6bb45/gnocchi.df1ade65-b8e1-4cf2-8f4c-8cbe6ace1b7c/none_v3" "txad492c4b731a47fa8c5f7-00693cb6d5" "object-server 97401" 0.0005 "-" 97098 0
Dec 12 19:44:05 np0005557753.novalocal object-server[97401]: ::1 - - [13/Dec/2025:00:44:05 +0000] "PUT /3/34130/AUTH_afe588ce5e36492b94129e0538b6bb45/gnocchi.df1ade65-b8e1-4cf2-8f4c-8cbe6ace1b7c/none_v3" 201 - "PUT http://[::1]:8080/v1/AUTH_afe588ce5e36492b94129e0538b6bb45/gnocchi.df1ade65-b8e1-4cf2-8f4c-8cbe6ace1b7c/none_v3" "txad492c4b731a47fa8c5f7-00693cb6d5" "proxy-server 90180" 0.0099 "-" 97401 0
Dec 12 19:44:05 np0005557753.novalocal container-server[97098]: ::1 - - [13/Dec/2025:00:44:05 +0000] "PUT /1/120203/AUTH_afe588ce5e36492b94129e0538b6bb45/gnocchi.df1ade65-b8e1-4cf2-8f4c-8cbe6ace1b7c/none_v3" 201 - "PUT http://[::1]:8080/2/34130/AUTH_afe588ce5e36492b94129e0538b6bb45/gnocchi.df1ade65-b8e1-4cf2-8f4c-8cbe6ace1b7c/none_v3" "txad492c4b731a47fa8c5f7-00693cb6d5" "object-server 97401" 0.0004 "-" 97098 0
Dec 12 19:44:05 np0005557753.novalocal object-server[97402]: ::1 - - [13/Dec/2025:00:44:05 +0000] "PUT /1/34130/AUTH_afe588ce5e36492b94129e0538b6bb45/gnocchi.df1ade65-b8e1-4cf2-8f4c-8cbe6ace1b7c/none_v3" 201 - "PUT http://[::1]:8080/v1/AUTH_afe588ce5e36492b94129e0538b6bb45/gnocchi.df1ade65-b8e1-4cf2-8f4c-8cbe6ace1b7c/none_v3" "txad492c4b731a47fa8c5f7-00693cb6d5" "proxy-server 90180" 0.0132 "-" 97402 0
Dec 12 19:44:05 np0005557753.novalocal object-server[97401]: ::1 - - [13/Dec/2025:00:44:05 +0000] "PUT /2/34130/AUTH_afe588ce5e36492b94129e0538b6bb45/gnocchi.df1ade65-b8e1-4cf2-8f4c-8cbe6ace1b7c/none_v3" 201 - "PUT http://[::1]:8080/v1/AUTH_afe588ce5e36492b94129e0538b6bb45/gnocchi.df1ade65-b8e1-4cf2-8f4c-8cbe6ace1b7c/none_v3" "txad492c4b731a47fa8c5f7-00693cb6d5" "proxy-server 90180" 0.0124 "-" 97401 0
Dec 12 19:44:05 np0005557753.novalocal proxy-server[90180]: ::1 ::1 13/Dec/2025/00/44/05 PUT /v1/AUTH_afe588ce5e36492b94129e0538b6bb45/gnocchi.df1ade65-b8e1-4cf2-8f4c-8cbe6ace1b7c/none_v3 HTTP/1.0 201 - python-swiftclient-4.2.0 gAAAAABpPLaCpY4p... 22 - - txad492c4b731a47fa8c5f7-00693cb6d5 - 0.0249 - - 1765586645.119322538 1765586645.144261837 0
Dec 12 19:44:06 np0005557753.novalocal kernel: qbr83a26779-f4: port 2(tap83a26779-f4) entered disabled state
Dec 12 19:44:06 np0005557753.novalocal kernel: tap83a26779-f4 (unregistering): left allmulticast mode
Dec 12 19:44:06 np0005557753.novalocal kernel: tap83a26779-f4 (unregistering): left promiscuous mode
Dec 12 19:44:06 np0005557753.novalocal kernel: qbr83a26779-f4: port 2(tap83a26779-f4) entered disabled state
Dec 12 19:44:06 np0005557753.novalocal NetworkManager[855]: [1765586646.5772] device (tap83a26779-f4): state change: activated -> unmanaged (reason 'unmanaged', managed-type: 'removed')
Dec 12 19:44:06 np0005557753.novalocal NetworkManager[855]: [1765586646.5779] device (tap83a26779-f4): released from controller device qbr83a26779-f4
Dec 12 19:44:06 np0005557753.novalocal systemd[1]: machine-qemu\x2d5\x2dinstance\x2d00000004.scope: Deactivated successfully.
Dec 12 19:44:06 np0005557753.novalocal systemd[1]: machine-qemu\x2d5\x2dinstance\x2d00000004.scope: Consumed 2.629s CPU time.
Dec 12 19:44:06 np0005557753.novalocal systemd-machined[94225]: Machine qemu-5-instance-00000004 terminated.
Dec 12 19:44:06 np0005557753.novalocal object-server[97400]: ::1 - - [13/Dec/2025:00:44:06 +0000] "GET /3/126201/AUTH_afe588ce5e36492b94129e0538b6bb45/gnocchi.812b20cf-9ab9-4cb1-8109-babded063263/none_v3" 200 22 "GET http://[::1]:8080/v1/AUTH_afe588ce5e36492b94129e0538b6bb45/gnocchi.812b20cf-9ab9-4cb1-8109-babded063263/none_v3" "txd37cfa92e072438086963-00693cb6d6" "proxy-server 90180" 0.0006 "-" 97400 0
Dec 12 19:44:06 np0005557753.novalocal proxy-server[90180]: ::1 ::1 13/Dec/2025/00/44/06 GET /v1/AUTH_afe588ce5e36492b94129e0538b6bb45/gnocchi.812b20cf-9ab9-4cb1-8109-babded063263/none_v3 HTTP/1.0 200 - python-swiftclient-4.2.0 gAAAAABpPLaCpY4p... - 22 - txd37cfa92e072438086963-00693cb6d6 - 0.0077 - - 1765586646.732925892 1765586646.740585566 0
Dec 12 19:44:06 np0005557753.novalocal container-server[97099]: ::1 - - [13/Dec/2025:00:44:06 +0000] "GET /3/7494/AUTH_afe588ce5e36492b94129e0538b6bb45/gnocchi.812b20cf-9ab9-4cb1-8109-babded063263" 200 357 "GET http://[::1]:8080/v1/AUTH_afe588ce5e36492b94129e0538b6bb45/gnocchi.812b20cf-9ab9-4cb1-8109-babded063263?format=json&states=listing" "tx973e6850577449aaadc68-00693cb6d6" "proxy-server 90180" 0.0101 "-" 97099 0
Dec 12 19:44:06 np0005557753.novalocal proxy-server[90180]: ::1 ::1 13/Dec/2025/00/44/06 GET /v1/AUTH_afe588ce5e36492b94129e0538b6bb45/gnocchi.812b20cf-9ab9-4cb1-8109-babded063263%3Fformat%3Djson%26states%3Dlisting HTTP/1.0 200 - python-swiftclient-4.2.0 gAAAAABpPLaCpY4p... - 357 - tx973e6850577449aaadc68-00693cb6d6 - 0.0163 - - 1765586646.744174004 1765586646.760478735 0
Dec 12 19:44:06 np0005557753.novalocal container-server[97099]: ::1 - - [13/Dec/2025:00:44:06 +0000] "GET /2/7494/AUTH_afe588ce5e36492b94129e0538b6bb45/gnocchi.812b20cf-9ab9-4cb1-8109-babded063263" 200 2 "GET http://[::1]:8080/v1/AUTH_afe588ce5e36492b94129e0538b6bb45/gnocchi.812b20cf-9ab9-4cb1-8109-babded063263?format=json&marker=none_v3&states=listing" "tx9da85273798f4aa38f54d-00693cb6d6" "proxy-server 90180" 0.0103 "-" 97099 0
Dec 12 19:44:06 np0005557753.novalocal proxy-server[90180]: ::1 ::1 13/Dec/2025/00/44/06 GET /v1/AUTH_afe588ce5e36492b94129e0538b6bb45/gnocchi.812b20cf-9ab9-4cb1-8109-babded063263%3Fformat%3Djson%26marker%3Dnone_v3%26states%3Dlisting HTTP/1.0 200 - python-swiftclient-4.2.0 gAAAAABpPLaCpY4p... - 2 - tx9da85273798f4aa38f54d-00693cb6d6 - 0.0168 - - 1765586646.762719393 1765586646.779491425 0
Dec 12 19:44:06 np0005557753.novalocal kernel: MODE SENSE: unimplemented page/subpage: 0x0a/0x05
Dec 12 19:44:06 np0005557753.novalocal object-server[97400]: ::1 - - [13/Dec/2025:00:44:06 +0000] "GET /3/121284/AUTH_afe588ce5e36492b94129e0538b6bb45/gnocchi.812b20cf-9ab9-4cb1-8109-babded063263/1764720000.0_mean_300.0_v3" 200 16 "GET http://[::1]:8080/v1/AUTH_afe588ce5e36492b94129e0538b6bb45/gnocchi.812b20cf-9ab9-4cb1-8109-babded063263/1764720000.0_mean_300.0_v3" "txac3422c5a92044d68e3af-00693cb6d6" "proxy-server 90180" 0.0007 "-" 97400 0
Dec 12 19:44:06 np0005557753.novalocal proxy-server[90180]: ::1 ::1 13/Dec/2025/00/44/06 GET /v1/AUTH_afe588ce5e36492b94129e0538b6bb45/gnocchi.812b20cf-9ab9-4cb1-8109-babded063263/1764720000.0_mean_300.0_v3 HTTP/1.0 200 - python-swiftclient-4.2.0 gAAAAABpPLaCpY4p... - 16 - txac3422c5a92044d68e3af-00693cb6d6 - 0.0059 - - 1765586646.782960176 1765586646.788851023 0
Dec 12 19:44:06 np0005557753.novalocal kernel: GPT:Primary header thinks Alt. header is not at the end of the disk.
Dec 12 19:44:06 np0005557753.novalocal kernel: GPT:229375 != 2097151
Dec 12 19:44:06 np0005557753.novalocal kernel: GPT:Alternate GPT header not at the end of the disk.
Dec 12 19:44:06 np0005557753.novalocal kernel: GPT:229375 != 2097151
Dec 12 19:44:06 np0005557753.novalocal kernel: GPT: Use GNU Parted to correct GPT errors.
Dec 12 19:44:06 np0005557753.novalocal kernel: sda: sda1 sda15
Dec 12 19:44:06 np0005557753.novalocal container-server[90428]: Begin container update sweep
Dec 12 19:44:06 np0005557753.novalocal kernel: MODE SENSE: unimplemented page/subpage: 0x0a/0x05
Dec 12 19:44:06 np0005557753.novalocal object-server[97402]: ::1 - - [13/Dec/2025:00:44:06 +0000] "GET /1/201352/AUTH_afe588ce5e36492b94129e0538b6bb45/gnocchi.42aa3203-b5c7-4784-a986-fa408eb62b29/none_v3" 200 22 "GET http://[::1]:8080/v1/AUTH_afe588ce5e36492b94129e0538b6bb45/gnocchi.42aa3203-b5c7-4784-a986-fa408eb62b29/none_v3" "tx764f5dfb03ff49e4acdcb-00693cb6d6" "proxy-server 90180" 0.0007 "-" 97402 0
Dec 12 19:44:06 np0005557753.novalocal proxy-server[90180]: ::1 ::1 13/Dec/2025/00/44/06 GET /v1/AUTH_afe588ce5e36492b94129e0538b6bb45/gnocchi.42aa3203-b5c7-4784-a986-fa408eb62b29/none_v3 HTTP/1.0 200 - python-swiftclient-4.2.0 gAAAAABpPLaCrEYT... - 22 - tx764f5dfb03ff49e4acdcb-00693cb6d6 - 0.0102 - - 1765586646.796640158 1765586646.806863785 0
Dec 12 19:44:06 np0005557753.novalocal container-server[97096]: ::1 - - [13/Dec/2025:00:44:06 +0000] "PUT /1/7494/AUTH_afe588ce5e36492b94129e0538b6bb45/gnocchi.812b20cf-9ab9-4cb1-8109-babded063263/1764720000.0_mean_300.0_v3" 201 - "PUT http://[::1]:8080/2/121284/AUTH_afe588ce5e36492b94129e0538b6bb45/gnocchi.812b20cf-9ab9-4cb1-8109-babded063263/1764720000.0_mean_300.0_v3" "txa841947cd8244e0b8fb26-00693cb6d6" "object-server 97400" 0.0005 "-" 97096 0
Dec 12 19:44:06 np0005557753.novalocal container-server[97096]: ::1 - - [13/Dec/2025:00:44:06 +0000] "PUT /2/7494/AUTH_afe588ce5e36492b94129e0538b6bb45/gnocchi.812b20cf-9ab9-4cb1-8109-babded063263/1764720000.0_mean_300.0_v3" 201 - "PUT http://[::1]:8080/3/121284/AUTH_afe588ce5e36492b94129e0538b6bb45/gnocchi.812b20cf-9ab9-4cb1-8109-babded063263/1764720000.0_mean_300.0_v3" "txa841947cd8244e0b8fb26-00693cb6d6" "object-server 97399" 0.0003 "-" 97096 0
Dec 12 19:44:06 np0005557753.novalocal kernel: GPT:Primary header thinks Alt. header is not at the end of the disk.
Dec 12 19:44:06 np0005557753.novalocal kernel: GPT:229375 != 2097151
Dec 12 19:44:06 np0005557753.novalocal kernel: GPT:Alternate GPT header not at the end of the disk.
Dec 12 19:44:06 np0005557753.novalocal kernel: GPT:229375 != 2097151
Dec 12 19:44:06 np0005557753.novalocal kernel: GPT: Use GNU Parted to correct GPT errors.
Dec 12 19:44:06 np0005557753.novalocal kernel: sda: sda1 sda15
Dec 12 19:44:06 np0005557753.novalocal object-server[97399]: ::1 - - [13/Dec/2025:00:44:06 +0000] "PUT /3/121284/AUTH_afe588ce5e36492b94129e0538b6bb45/gnocchi.812b20cf-9ab9-4cb1-8109-babded063263/1764720000.0_mean_300.0_v3" 201 - "PUT http://[::1]:8080/v1/AUTH_afe588ce5e36492b94129e0538b6bb45/gnocchi.812b20cf-9ab9-4cb1-8109-babded063263/1764720000.0_mean_300.0_v3" "txa841947cd8244e0b8fb26-00693cb6d6" "proxy-server 90180" 0.0108 "-" 97399 0
Dec 12 19:44:06 np0005557753.novalocal container-server[97096]: ::1 - - [13/Dec/2025:00:44:06 +0000] "PUT /3/7494/AUTH_afe588ce5e36492b94129e0538b6bb45/gnocchi.812b20cf-9ab9-4cb1-8109-babded063263/1764720000.0_mean_300.0_v3" 201 - "PUT http://[::1]:8080/1/121284/AUTH_afe588ce5e36492b94129e0538b6bb45/gnocchi.812b20cf-9ab9-4cb1-8109-babded063263/1764720000.0_mean_300.0_v3" "txa841947cd8244e0b8fb26-00693cb6d6" "object-server 97399" 0.0003 "-" 97096 0
Dec 12 19:44:06 np0005557753.novalocal object-server[97399]: ::1 - - [13/Dec/2025:00:44:06 +0000] "PUT /1/121284/AUTH_afe588ce5e36492b94129e0538b6bb45/gnocchi.812b20cf-9ab9-4cb1-8109-babded063263/1764720000.0_mean_300.0_v3" 201 - "PUT http://[::1]:8080/v1/AUTH_afe588ce5e36492b94129e0538b6bb45/gnocchi.812b20cf-9ab9-4cb1-8109-babded063263/1764720000.0_mean_300.0_v3" "txa841947cd8244e0b8fb26-00693cb6d6" "proxy-server 90180" 0.0106 "-" 97399 0
Dec 12 19:44:06 np0005557753.novalocal object-server[97400]: ::1 - - [13/Dec/2025:00:44:06 +0000] "PUT /2/121284/AUTH_afe588ce5e36492b94129e0538b6bb45/gnocchi.812b20cf-9ab9-4cb1-8109-babded063263/1764720000.0_mean_300.0_v3" 201 - "PUT http://[::1]:8080/v1/AUTH_afe588ce5e36492b94129e0538b6bb45/gnocchi.812b20cf-9ab9-4cb1-8109-babded063263/1764720000.0_mean_300.0_v3" "txa841947cd8244e0b8fb26-00693cb6d6" "proxy-server 90180" 0.0118 "-" 97400 0
Dec 12 19:44:06 np0005557753.novalocal proxy-server[90180]: ::1 ::1 13/Dec/2025/00/44/06 PUT /v1/AUTH_afe588ce5e36492b94129e0538b6bb45/gnocchi.812b20cf-9ab9-4cb1-8109-babded063263/1764720000.0_mean_300.0_v3 HTTP/1.0 201 - python-swiftclient-4.2.0 gAAAAABpPLaCpY4p... 16 - - txa841947cd8244e0b8fb26-00693cb6d6 - 0.0219 - - 1765586646.798145533 1765586646.820032835 0
Dec 12 19:44:06 np0005557753.novalocal container-server[97097]: ::1 - - [13/Dec/2025:00:44:06 +0000] "GET /2/31349/AUTH_afe588ce5e36492b94129e0538b6bb45/gnocchi.42aa3203-b5c7-4784-a986-fa408eb62b29" 200 357 "GET http://[::1]:8080/v1/AUTH_afe588ce5e36492b94129e0538b6bb45/gnocchi.42aa3203-b5c7-4784-a986-fa408eb62b29?format=json&states=listing" "tx551908e72fc5427dbb417-00693cb6d6" "proxy-server 90180" 0.0090 "-" 97097 0
