Dec 12 19:43:02 np0005557753.novalocal container-server[97099]: ::1 - - [13/Dec/2025:00:43:02 +0000] "PUT /2/169318/AUTH_afe588ce5e36492b94129e0538b6bb45/gnocchi.ca01aa5f-1f98-4c56-968a-3ba77ece5fba/1764720000.0_mean_300.0_v3" 201 - "PUT http://[::1]:8080/1/245034/AUTH_afe588ce5e36492b94129e0538b6bb45/gnocchi.ca01aa5f-1f98-4c56-968a-3ba77ece5fba/1764720000.0_mean_300.0_v3" "tx5594cd30efd743ca869ce-00693cb696" "object-server 97401" 0.0005 "-" 97099 0
Dec 12 19:43:02 np0005557753.novalocal object-server[97400]: ::1 - - [13/Dec/2025:00:43:02 +0000] "PUT /2/245034/AUTH_afe588ce5e36492b94129e0538b6bb45/gnocchi.ca01aa5f-1f98-4c56-968a-3ba77ece5fba/1764720000.0_mean_300.0_v3" 201 - "PUT http://[::1]:8080/v1/AUTH_afe588ce5e36492b94129e0538b6bb45/gnocchi.ca01aa5f-1f98-4c56-968a-3ba77ece5fba/1764720000.0_mean_300.0_v3" "tx5594cd30efd743ca869ce-00693cb696" "proxy-server 90180" 0.0407 "-" 97400 0
Dec 12 19:43:02 np0005557753.novalocal container-server[97097]: ::1 - - [13/Dec/2025:00:43:02 +0000] "PUT /1/164275/AUTH_afe588ce5e36492b94129e0538b6bb45/gnocchi.f2306df3-c228-4a0e-96f0-fa61d8fadd48/1764720000.0_mean_300.0_v3" 201 - "PUT http://[::1]:8080/2/160831/AUTH_afe588ce5e36492b94129e0538b6bb45/gnocchi.f2306df3-c228-4a0e-96f0-fa61d8fadd48/1764720000.0_mean_300.0_v3" "tx57627445d9344b1fac6be-00693cb696" "object-server 97402" 0.0019 "-" 97097 0
Dec 12 19:43:02 np0005557753.novalocal object-server[97401]: ::1 - - [13/Dec/2025:00:43:02 +0000] "PUT /1/245034/AUTH_afe588ce5e36492b94129e0538b6bb45/gnocchi.ca01aa5f-1f98-4c56-968a-3ba77ece5fba/1764720000.0_mean_300.0_v3" 201 - "PUT http://[::1]:8080/v1/AUTH_afe588ce5e36492b94129e0538b6bb45/gnocchi.ca01aa5f-1f98-4c56-968a-3ba77ece5fba/1764720000.0_mean_300.0_v3" "tx5594cd30efd743ca869ce-00693cb696" "proxy-server 90180" 0.0372 "-" 97401 0
Dec 12 19:43:02 np0005557753.novalocal container-server[97099]: ::1 - - [13/Dec/2025:00:43:02 +0000] "PUT /3/164275/AUTH_afe588ce5e36492b94129e0538b6bb45/gnocchi.f2306df3-c228-4a0e-96f0-fa61d8fadd48/1764720000.0_mean_300.0_v3" 201 - "PUT http://[::1]:8080/3/160831/AUTH_afe588ce5e36492b94129e0538b6bb45/gnocchi.f2306df3-c228-4a0e-96f0-fa61d8fadd48/1764720000.0_mean_300.0_v3" "tx57627445d9344b1fac6be-00693cb696" "object-server 97401" 0.0003 "-" 97099 0
Dec 12 19:43:02 np0005557753.novalocal object-server[97401]: ::1 - - [13/Dec/2025:00:43:02 +0000] "PUT /3/160831/AUTH_afe588ce5e36492b94129e0538b6bb45/gnocchi.f2306df3-c228-4a0e-96f0-fa61d8fadd48/1764720000.0_mean_300.0_v3" 201 - "PUT http://[::1]:8080/v1/AUTH_afe588ce5e36492b94129e0538b6bb45/gnocchi.f2306df3-c228-4a0e-96f0-fa61d8fadd48/1764720000.0_mean_300.0_v3" "tx57627445d9344b1fac6be-00693cb696" "proxy-server 90180" 0.0289 "-" 97401 0
Dec 12 19:43:02 np0005557753.novalocal container-server[97098]: ::1 - - [13/Dec/2025:00:43:02 +0000] "PUT /1/169318/AUTH_afe588ce5e36492b94129e0538b6bb45/gnocchi.ca01aa5f-1f98-4c56-968a-3ba77ece5fba/1764720000.0_mean_300.0_v3" 201 - "PUT http://[::1]:8080/3/245034/AUTH_afe588ce5e36492b94129e0538b6bb45/gnocchi.ca01aa5f-1f98-4c56-968a-3ba77ece5fba/1764720000.0_mean_300.0_v3" "tx5594cd30efd743ca869ce-00693cb696" "object-server 97399" 0.0017 "-" 97098 0
Dec 12 19:43:02 np0005557753.novalocal object-server[97402]: ::1 - - [13/Dec/2025:00:43:02 +0000] "PUT /2/160831/AUTH_afe588ce5e36492b94129e0538b6bb45/gnocchi.f2306df3-c228-4a0e-96f0-fa61d8fadd48/1764720000.0_mean_300.0_v3" 201 - "PUT http://[::1]:8080/v1/AUTH_afe588ce5e36492b94129e0538b6bb45/gnocchi.f2306df3-c228-4a0e-96f0-fa61d8fadd48/1764720000.0_mean_300.0_v3" "tx57627445d9344b1fac6be-00693cb696" "proxy-server 90180" 0.0289 "-" 97402 0
Dec 12 19:43:02 np0005557753.novalocal object-server[97399]: ::1 - - [13/Dec/2025:00:43:02 +0000] "PUT /3/245034/AUTH_afe588ce5e36492b94129e0538b6bb45/gnocchi.ca01aa5f-1f98-4c56-968a-3ba77ece5fba/1764720000.0_mean_300.0_v3" 201 - "PUT http://[::1]:8080/v1/AUTH_afe588ce5e36492b94129e0538b6bb45/gnocchi.ca01aa5f-1f98-4c56-968a-3ba77ece5fba/1764720000.0_mean_300.0_v3" "tx5594cd30efd743ca869ce-00693cb696" "proxy-server 90180" 0.0416 "-" 97399 0
Dec 12 19:43:02 np0005557753.novalocal container-server[97097]: ::1 - - [13/Dec/2025:00:43:02 +0000] "PUT /2/164275/AUTH_afe588ce5e36492b94129e0538b6bb45/gnocchi.f2306df3-c228-4a0e-96f0-fa61d8fadd48/1764720000.0_mean_300.0_v3" 201 - "PUT http://[::1]:8080/1/160831/AUTH_afe588ce5e36492b94129e0538b6bb45/gnocchi.f2306df3-c228-4a0e-96f0-fa61d8fadd48/1764720000.0_mean_300.0_v3" "tx57627445d9344b1fac6be-00693cb696" "object-server 97400" 0.0004 "-" 97097 0
Dec 12 19:43:02 np0005557753.novalocal object-server[97400]: ::1 - - [13/Dec/2025:00:43:02 +0000] "PUT /1/160831/AUTH_afe588ce5e36492b94129e0538b6bb45/gnocchi.f2306df3-c228-4a0e-96f0-fa61d8fadd48/1764720000.0_mean_300.0_v3" 201 - "PUT http://[::1]:8080/v1/AUTH_afe588ce5e36492b94129e0538b6bb45/gnocchi.f2306df3-c228-4a0e-96f0-fa61d8fadd48/1764720000.0_mean_300.0_v3" "tx57627445d9344b1fac6be-00693cb696" "proxy-server 90180" 0.0310 "-" 97400 0
Dec 12 19:43:02 np0005557753.novalocal proxy-server[90180]: ::1 ::1 13/Dec/2025/00/43/02 PUT /v1/AUTH_afe588ce5e36492b94129e0538b6bb45/gnocchi.ca01aa5f-1f98-4c56-968a-3ba77ece5fba/1764720000.0_mean_300.0_v3 HTTP/1.0 201 - python-swiftclient-4.2.0 gAAAAABpPLaCpY4p... 16 - - tx5594cd30efd743ca869ce-00693cb696 - 0.0544 - - 1765586582.261678696 1765586582.316076040 0
Dec 12 19:43:02 np0005557753.novalocal proxy-server[90180]: ::1 ::1 13/Dec/2025/00/43/02 PUT /v1/AUTH_afe588ce5e36492b94129e0538b6bb45/gnocchi.f2306df3-c228-4a0e-96f0-fa61d8fadd48/1764720000.0_mean_300.0_v3 HTTP/1.0 201 - python-swiftclient-4.2.0 gAAAAABpPLaCrEYT... 16 - - tx57627445d9344b1fac6be-00693cb696 - 0.0479 - - 1765586582.272246122 1765586582.320101023 0
Dec 12 19:43:02 np0005557753.novalocal container-server[97099]: ::1 - - [13/Dec/2025:00:43:02 +0000] "PUT /2/169318/AUTH_afe588ce5e36492b94129e0538b6bb45/gnocchi.ca01aa5f-1f98-4c56-968a-3ba77ece5fba/none_v3" 201 - "PUT http://[::1]:8080/1/184164/AUTH_afe588ce5e36492b94129e0538b6bb45/gnocchi.ca01aa5f-1f98-4c56-968a-3ba77ece5fba/none_v3" "tx5798ddc7512a491f8dfaa-00693cb696" "object-server 97402" 0.0008 "-" 97099 0
Dec 12 19:43:02 np0005557753.novalocal container-server[97097]: ::1 - - [13/Dec/2025:00:43:02 +0000] "PUT /1/169318/AUTH_afe588ce5e36492b94129e0538b6bb45/gnocchi.ca01aa5f-1f98-4c56-968a-3ba77ece5fba/none_v3" 201 - "PUT http://[::1]:8080/3/184164/AUTH_afe588ce5e36492b94129e0538b6bb45/gnocchi.ca01aa5f-1f98-4c56-968a-3ba77ece5fba/none_v3" "tx5798ddc7512a491f8dfaa-00693cb696" "object-server 97400" 0.0009 "-" 97097 0
Dec 12 19:43:02 np0005557753.novalocal object-server[97402]: ::1 - - [13/Dec/2025:00:43:02 +0000] "PUT /1/184164/AUTH_afe588ce5e36492b94129e0538b6bb45/gnocchi.ca01aa5f-1f98-4c56-968a-3ba77ece5fba/none_v3" 201 - "PUT http://[::1]:8080/v1/AUTH_afe588ce5e36492b94129e0538b6bb45/gnocchi.ca01aa5f-1f98-4c56-968a-3ba77ece5fba/none_v3" "tx5798ddc7512a491f8dfaa-00693cb696" "proxy-server 90180" 0.0405 "-" 97402 0
Dec 12 19:43:02 np0005557753.novalocal container-server[97096]: ::1 - - [13/Dec/2025:00:43:02 +0000] "PUT /2/164275/AUTH_afe588ce5e36492b94129e0538b6bb45/gnocchi.f2306df3-c228-4a0e-96f0-fa61d8fadd48/none_v3" 201 - "PUT http://[::1]:8080/2/9248/AUTH_afe588ce5e36492b94129e0538b6bb45/gnocchi.f2306df3-c228-4a0e-96f0-fa61d8fadd48/none_v3" "txd52f3add73c84dc1a7eef-00693cb696" "object-server 97399" 0.0008 "-" 97096 0
Dec 12 19:43:02 np0005557753.novalocal container-server[97096]: ::1 - - [13/Dec/2025:00:43:02 +0000] "PUT /3/169318/AUTH_afe588ce5e36492b94129e0538b6bb45/gnocchi.ca01aa5f-1f98-4c56-968a-3ba77ece5fba/none_v3" 201 - "PUT http://[::1]:8080/2/184164/AUTH_afe588ce5e36492b94129e0538b6bb45/gnocchi.ca01aa5f-1f98-4c56-968a-3ba77ece5fba/none_v3" "tx5798ddc7512a491f8dfaa-00693cb696" "object-server 97401" 0.0006 "-" 97096 0
Dec 12 19:43:02 np0005557753.novalocal object-server[97400]: ::1 - - [13/Dec/2025:00:43:02 +0000] "PUT /3/184164/AUTH_afe588ce5e36492b94129e0538b6bb45/gnocchi.ca01aa5f-1f98-4c56-968a-3ba77ece5fba/none_v3" 201 - "PUT http://[::1]:8080/v1/AUTH_afe588ce5e36492b94129e0538b6bb45/gnocchi.ca01aa5f-1f98-4c56-968a-3ba77ece5fba/none_v3" "tx5798ddc7512a491f8dfaa-00693cb696" "proxy-server 90180" 0.0438 "-" 97400 0
Dec 12 19:43:02 np0005557753.novalocal object-server[97401]: ::1 - - [13/Dec/2025:00:43:02 +0000] "PUT /2/184164/AUTH_afe588ce5e36492b94129e0538b6bb45/gnocchi.ca01aa5f-1f98-4c56-968a-3ba77ece5fba/none_v3" 201 - "PUT http://[::1]:8080/v1/AUTH_afe588ce5e36492b94129e0538b6bb45/gnocchi.ca01aa5f-1f98-4c56-968a-3ba77ece5fba/none_v3" "tx5798ddc7512a491f8dfaa-00693cb696" "proxy-server 90180" 0.0421 "-" 97401 0
Dec 12 19:43:02 np0005557753.novalocal container-server[97099]: ::1 - - [13/Dec/2025:00:43:02 +0000] "PUT /3/164275/AUTH_afe588ce5e36492b94129e0538b6bb45/gnocchi.f2306df3-c228-4a0e-96f0-fa61d8fadd48/none_v3" 201 - "PUT http://[::1]:8080/3/9248/AUTH_afe588ce5e36492b94129e0538b6bb45/gnocchi.f2306df3-c228-4a0e-96f0-fa61d8fadd48/none_v3" "txd52f3add73c84dc1a7eef-00693cb696" "object-server 97401" 0.0005 "-" 97099 0
Dec 12 19:43:02 np0005557753.novalocal object-server[97399]: ::1 - - [13/Dec/2025:00:43:02 +0000] "PUT /2/9248/AUTH_afe588ce5e36492b94129e0538b6bb45/gnocchi.f2306df3-c228-4a0e-96f0-fa61d8fadd48/none_v3" 201 - "PUT http://[::1]:8080/v1/AUTH_afe588ce5e36492b94129e0538b6bb45/gnocchi.f2306df3-c228-4a0e-96f0-fa61d8fadd48/none_v3" "txd52f3add73c84dc1a7eef-00693cb696" "proxy-server 90180" 0.0406 "-" 97399 0
Dec 12 19:43:02 np0005557753.novalocal object-server[97401]: ::1 - - [13/Dec/2025:00:43:02 +0000] "PUT /3/9248/AUTH_afe588ce5e36492b94129e0538b6bb45/gnocchi.f2306df3-c228-4a0e-96f0-fa61d8fadd48/none_v3" 201 - "PUT http://[::1]:8080/v1/AUTH_afe588ce5e36492b94129e0538b6bb45/gnocchi.f2306df3-c228-4a0e-96f0-fa61d8fadd48/none_v3" "txd52f3add73c84dc1a7eef-00693cb696" "proxy-server 90180" 0.0392 "-" 97401 0
Dec 12 19:43:02 np0005557753.novalocal container-server[97096]: ::1 - - [13/Dec/2025:00:43:02 +0000] "PUT /1/164275/AUTH_afe588ce5e36492b94129e0538b6bb45/gnocchi.f2306df3-c228-4a0e-96f0-fa61d8fadd48/none_v3" 201 - "PUT http://[::1]:8080/1/9248/AUTH_afe588ce5e36492b94129e0538b6bb45/gnocchi.f2306df3-c228-4a0e-96f0-fa61d8fadd48/none_v3" "txd52f3add73c84dc1a7eef-00693cb696" "object-server 97399" 0.0007 "-" 97096 0
Dec 12 19:43:02 np0005557753.novalocal object-server[97399]: ::1 - - [13/Dec/2025:00:43:02 +0000] "PUT /1/9248/AUTH_afe588ce5e36492b94129e0538b6bb45/gnocchi.f2306df3-c228-4a0e-96f0-fa61d8fadd48/none_v3" 201 - "PUT http://[::1]:8080/v1/AUTH_afe588ce5e36492b94129e0538b6bb45/gnocchi.f2306df3-c228-4a0e-96f0-fa61d8fadd48/none_v3" "txd52f3add73c84dc1a7eef-00693cb696" "proxy-server 90180" 0.0474 "-" 97399 0
Dec 12 19:43:02 np0005557753.novalocal proxy-server[90180]: ::1 ::1 13/Dec/2025/00/43/02 PUT /v1/AUTH_afe588ce5e36492b94129e0538b6bb45/gnocchi.f2306df3-c228-4a0e-96f0-fa61d8fadd48/none_v3 HTTP/1.0 201 - python-swiftclient-4.2.0 gAAAAABpPLaCrEYT... 31 - - txd52f3add73c84dc1a7eef-00693cb696 - 0.0581 - - 1765586582.324672699 1765586582.382781744 0
Dec 12 19:43:02 np0005557753.novalocal proxy-server[90180]: ::1 ::1 13/Dec/2025/00/43/02 PUT /v1/AUTH_afe588ce5e36492b94129e0538b6bb45/gnocchi.ca01aa5f-1f98-4c56-968a-3ba77ece5fba/none_v3 HTTP/1.0 201 - python-swiftclient-4.2.0 gAAAAABpPLaCpY4p... 32 - - tx5798ddc7512a491f8dfaa-00693cb696 - 0.0650 - - 1765586582.318991423 1765586582.384023905 0
Dec 12 19:43:02 np0005557753.novalocal kernel: qvb38f881fc-da: left allmulticast mode
Dec 12 19:43:02 np0005557753.novalocal kernel: qvb38f881fc-da: left promiscuous mode
Dec 12 19:43:02 np0005557753.novalocal kernel: qbr38f881fc-da: port 1(qvb38f881fc-da) entered disabled state
Dec 12 19:43:02 np0005557753.novalocal object-server[97401]: ::1 - - [13/Dec/2025:00:43:02 +0000] "GET /1/61336/AUTH_afe588ce5e36492b94129e0538b6bb45/gnocchi.1fe5b2c2-a804-47b4-9128-d3ea69008c69/none_v3" 200 22 "GET http://[::1]:8080/v1/AUTH_afe588ce5e36492b94129e0538b6bb45/gnocchi.1fe5b2c2-a804-47b4-9128-d3ea69008c69/none_v3" "txdad7afa9b727495898263-00693cb696" "proxy-server 90180" 0.0018 "-" 97401 0
Dec 12 19:43:02 np0005557753.novalocal object-server[97401]: ::1 - - [13/Dec/2025:00:43:02 +0000] "GET /1/204327/AUTH_afe588ce5e36492b94129e0538b6bb45/gnocchi.1e4918c7-ad24-4838-a2df-59c6d515b970/none_v3" 200 22 "GET http://[::1]:8080/v1/AUTH_afe588ce5e36492b94129e0538b6bb45/gnocchi.1e4918c7-ad24-4838-a2df-59c6d515b970/none_v3" "txf1c0b46c384c4763a2e82-00693cb696" "proxy-server 90180" 0.0005 "-" 97401 0
Dec 12 19:43:02 np0005557753.novalocal proxy-server[90180]: ::1 ::1 13/Dec/2025/00/43/02 GET /v1/AUTH_afe588ce5e36492b94129e0538b6bb45/gnocchi.1fe5b2c2-a804-47b4-9128-d3ea69008c69/none_v3 HTTP/1.0 200 - python-swiftclient-4.2.0 gAAAAABpPLaCrEYT... - 22 - txdad7afa9b727495898263-00693cb696 - 0.0100 - - 1765586582.396873951 1765586582.406862020 0
Dec 12 19:43:02 np0005557753.novalocal NetworkManager[855]: [1765586582.4142] device (qbr38f881fc-da): bridge port qvb38f881fc-da was detached
Dec 12 19:43:02 np0005557753.novalocal proxy-server[90180]: ::1 ::1 13/Dec/2025/00/43/02 GET /v1/AUTH_afe588ce5e36492b94129e0538b6bb45/gnocchi.1e4918c7-ad24-4838-a2df-59c6d515b970/none_v3 HTTP/1.0 200 - python-swiftclient-4.2.0 gAAAAABpPLaCpY4p... - 22 - txf1c0b46c384c4763a2e82-00693cb696 - 0.0181 - - 1765586582.397475004 1765586582.415610075 0
Dec 12 19:43:02 np0005557753.novalocal NetworkManager[855]: [1765586582.4149] device (qbr38f881fc-da): state change: activated -> unmanaged (reason 'unmanaged', managed-type: 'removed')
Dec 12 19:43:02 np0005557753.novalocal container-server[97097]: ::1 - - [13/Dec/2025:00:43:02 +0000] "GET /1/42614/AUTH_afe588ce5e36492b94129e0538b6bb45/gnocchi.1fe5b2c2-a804-47b4-9128-d3ea69008c69" 200 357 "GET http://[::1]:8080/v1/AUTH_afe588ce5e36492b94129e0538b6bb45/gnocchi.1fe5b2c2-a804-47b4-9128-d3ea69008c69?format=json&states=listing" "tx9236e35ea5964839ae0d1-00693cb696" "proxy-server 90180" 0.0080 "-" 97097 0
Dec 12 19:43:02 np0005557753.novalocal kernel: qvo38f881fc-da: left promiscuous mode
Dec 12 19:43:02 np0005557753.novalocal proxy-server[90180]: ::1 ::1 13/Dec/2025/00/43/02 GET /v1/AUTH_afe588ce5e36492b94129e0538b6bb45/gnocchi.1fe5b2c2-a804-47b4-9128-d3ea69008c69%3Fformat%3Djson%26states%3Dlisting HTTP/1.0 200 - python-swiftclient-4.2.0 gAAAAABpPLaCrEYT... - 357 - tx9236e35ea5964839ae0d1-00693cb696 - 0.0161 - - 1765586582.410836935 1765586582.426907301 0
Dec 12 19:43:02 np0005557753.novalocal container-server[97098]: ::1 - - [13/Dec/2025:00:43:02 +0000] "GET /2/131670/AUTH_afe588ce5e36492b94129e0538b6bb45/gnocchi.1e4918c7-ad24-4838-a2df-59c6d515b970" 200 357 "GET http://[::1]:8080/v1/AUTH_afe588ce5e36492b94129e0538b6bb45/gnocchi.1e4918c7-ad24-4838-a2df-59c6d515b970?format=json&states=listing" "tx8ad3391834c448daae47d-00693cb696" "proxy-server 90180" 0.0088 "-" 97098 0
Dec 12 19:43:02 np0005557753.novalocal proxy-server[90180]: ::1 ::1 13/Dec/2025/00/43/02 GET /v1/AUTH_afe588ce5e36492b94129e0538b6bb45/gnocchi.1e4918c7-ad24-4838-a2df-59c6d515b970%3Fformat%3Djson%26states%3Dlisting HTTP/1.0 200 - python-swiftclient-4.2.0 gAAAAABpPLaCpY4p... - 357 - tx8ad3391834c448daae47d-00693cb696 - 0.0206 - - 1765586582.419462442 1765586582.440042019 0
Dec 12 19:43:02 np0005557753.novalocal container-server[97098]: ::1 - - [13/Dec/2025:00:43:02 +0000] "GET /2/42614/AUTH_afe588ce5e36492b94129e0538b6bb45/gnocchi.1fe5b2c2-a804-47b4-9128-d3ea69008c69" 200 2 "GET http://[::1]:8080/v1/AUTH_afe588ce5e36492b94129e0538b6bb45/gnocchi.1fe5b2c2-a804-47b4-9128-d3ea69008c69?format=json&marker=none_v3&states=listing" "tx9f9a4167ef3240eb9b99e-00693cb696" "proxy-server 90180" 0.0040 "-" 97098 0
Dec 12 19:43:02 np0005557753.novalocal container-server[97097]: ::1 - - [13/Dec/2025:00:43:02 +0000] "GET /2/131670/AUTH_afe588ce5e36492b94129e0538b6bb45/gnocchi.1e4918c7-ad24-4838-a2df-59c6d515b970" 200 2 "GET http://[::1]:8080/v1/AUTH_afe588ce5e36492b94129e0538b6bb45/gnocchi.1e4918c7-ad24-4838-a2df-59c6d515b970?format=json&marker=none_v3&states=listing" "tx02485eacb38946b0ba5d1-00693cb696" "proxy-server 90180" 0.0026 "-" 97097 0
Dec 12 19:43:02 np0005557753.novalocal proxy-server[90180]: ::1 ::1 13/Dec/2025/00/43/02 GET /v1/AUTH_afe588ce5e36492b94129e0538b6bb45/gnocchi.1fe5b2c2-a804-47b4-9128-d3ea69008c69%3Fformat%3Djson%26marker%3Dnone_v3%26states%3Dlisting HTTP/1.0 200 - python-swiftclient-4.2.0 gAAAAABpPLaCrEYT... - 2 - tx9f9a4167ef3240eb9b99e-00693cb696 - 0.0233 - - 1765586582.430363655 1765586582.453685045 0
Dec 12 19:43:02 np0005557753.novalocal proxy-server[90180]: ::1 ::1 13/Dec/2025/00/43/02 GET /v1/AUTH_afe588ce5e36492b94129e0538b6bb45/gnocchi.1e4918c7-ad24-4838-a2df-59c6d515b970%3Fformat%3Djson%26marker%3Dnone_v3%26states%3Dlisting HTTP/1.0 200 - python-swiftclient-4.2.0 gAAAAABpPLaCpY4p... - 2 - tx02485eacb38946b0ba5d1-00693cb696 - 0.0168 - - 1765586582.442654371 1765586582.459498644 0
Dec 12 19:43:02 np0005557753.novalocal object-server[97400]: ::1 - - [13/Dec/2025:00:43:02 +0000] "GET /2/155606/AUTH_afe588ce5e36492b94129e0538b6bb45/gnocchi.1e4918c7-ad24-4838-a2df-59c6d515b970/1764720000.0_mean_300.0_v3" 200 16 "GET http://[::1]:8080/v1/AUTH_afe588ce5e36492b94129e0538b6bb45/gnocchi.1e4918c7-ad24-4838-a2df-59c6d515b970/1764720000.0_mean_300.0_v3" "txdcef4bc935044ce5835ab-00693cb696" "proxy-server 90180" 0.0008 "-" 97400 0
Dec 12 19:43:02 np0005557753.novalocal object-server[97400]: ::1 - - [13/Dec/2025:00:43:02 +0000] "GET /2/44558/AUTH_afe588ce5e36492b94129e0538b6bb45/gnocchi.1fe5b2c2-a804-47b4-9128-d3ea69008c69/1764720000.0_mean_300.0_v3" 200 16 "GET http://[::1]:8080/v1/AUTH_afe588ce5e36492b94129e0538b6bb45/gnocchi.1fe5b2c2-a804-47b4-9128-d3ea69008c69/1764720000.0_mean_300.0_v3" "tx2fa9588a8ab045d98c023-00693cb696" "proxy-server 90180" 0.0008 "-" 97400 0
Dec 12 19:43:02 np0005557753.novalocal proxy-server[90180]: ::1 ::1 13/Dec/2025/00/43/02 GET /v1/AUTH_afe588ce5e36492b94129e0538b6bb45/gnocchi.1e4918c7-ad24-4838-a2df-59c6d515b970/1764720000.0_mean_300.0_v3 HTTP/1.0 200 - python-swiftclient-4.2.0 gAAAAABpPLaCpY4p... - 16 - txdcef4bc935044ce5835ab-00693cb696 - 0.0138 - - 1765586582.465351582 1765586582.479142666 0
Dec 12 19:43:02 np0005557753.novalocal proxy-server[90180]: ::1 ::1 13/Dec/2025/00/43/02 GET /v1/AUTH_afe588ce5e36492b94129e0538b6bb45/gnocchi.1fe5b2c2-a804-47b4-9128-d3ea69008c69/1764720000.0_mean_300.0_v3 HTTP/1.0 200 - python-swiftclient-4.2.0 gAAAAABpPLaCrEYT... - 16 - tx2fa9588a8ab045d98c023-00693cb696 - 0.0237 - - 1765586582.457401037 1765586582.481148243 0
Dec 12 19:43:02 np0005557753.novalocal container-server[97098]: ::1 - - [13/Dec/2025:00:43:02 +0000] "PUT /2/42614/AUTH_afe588ce5e36492b94129e0538b6bb45/gnocchi.1fe5b2c2-a804-47b4-9128-d3ea69008c69/1764720000.0_mean_300.0_v3" 201 - "PUT http://[::1]:8080/3/44558/AUTH_afe588ce5e36492b94129e0538b6bb45/gnocchi.1fe5b2c2-a804-47b4-9128-d3ea69008c69/1764720000.0_mean_300.0_v3" "tx85b3d985fc8a46e8bf9d3-00693cb696" "object-server 97400" 0.0007 "-" 97098 0
Dec 12 19:43:02 np0005557753.novalocal container-server[97096]: ::1 - - [13/Dec/2025:00:43:02 +0000] "PUT /2/131670/AUTH_afe588ce5e36492b94129e0538b6bb45/gnocchi.1e4918c7-ad24-4838-a2df-59c6d515b970/1764720000.0_mean_300.0_v3" 201 - "PUT http://[::1]:8080/3/155606/AUTH_afe588ce5e36492b94129e0538b6bb45/gnocchi.1e4918c7-ad24-4838-a2df-59c6d515b970/1764720000.0_mean_300.0_v3" "tx97f889822ba546ad94ddd-00693cb696" "object-server 97399" 0.0006 "-" 97096 0
Dec 12 19:43:02 np0005557753.novalocal container-server[97097]: ::1 - - [13/Dec/2025:00:43:02 +0000] "PUT /1/42614/AUTH_afe588ce5e36492b94129e0538b6bb45/gnocchi.1fe5b2c2-a804-47b4-9128-d3ea69008c69/1764720000.0_mean_300.0_v3" 201 - "PUT http://[::1]:8080/1/44558/AUTH_afe588ce5e36492b94129e0538b6bb45/gnocchi.1fe5b2c2-a804-47b4-9128-d3ea69008c69/1764720000.0_mean_300.0_v3" "tx85b3d985fc8a46e8bf9d3-00693cb696" "object-server 97401" 0.0005 "-" 97097 0
Dec 12 19:43:02 np0005557753.novalocal object-server[97400]: ::1 - - [13/Dec/2025:00:43:02 +0000] "PUT /3/44558/AUTH_afe588ce5e36492b94129e0538b6bb45/gnocchi.1fe5b2c2-a804-47b4-9128-d3ea69008c69/1764720000.0_mean_300.0_v3" 201 - "PUT http://[::1]:8080/v1/AUTH_afe588ce5e36492b94129e0538b6bb45/gnocchi.1fe5b2c2-a804-47b4-9128-d3ea69008c69/1764720000.0_mean_300.0_v3" "tx85b3d985fc8a46e8bf9d3-00693cb696" "proxy-server 90180" 0.0392 "-" 97400 0
Dec 12 19:43:02 np0005557753.novalocal object-server[97399]: ::1 - - [13/Dec/2025:00:43:02 +0000] "PUT /3/155606/AUTH_afe588ce5e36492b94129e0538b6bb45/gnocchi.1e4918c7-ad24-4838-a2df-59c6d515b970/1764720000.0_mean_300.0_v3" 201 - "PUT http://[::1]:8080/v1/AUTH_afe588ce5e36492b94129e0538b6bb45/gnocchi.1e4918c7-ad24-4838-a2df-59c6d515b970/1764720000.0_mean_300.0_v3" "tx97f889822ba546ad94ddd-00693cb696" "proxy-server 90180" 0.0434 "-" 97399 0
Dec 12 19:43:02 np0005557753.novalocal container-server[97096]: ::1 - - [13/Dec/2025:00:43:02 +0000] "PUT /1/131670/AUTH_afe588ce5e36492b94129e0538b6bb45/gnocchi.1e4918c7-ad24-4838-a2df-59c6d515b970/1764720000.0_mean_300.0_v3" 201 - "PUT http://[::1]:8080/1/155606/AUTH_afe588ce5e36492b94129e0538b6bb45/gnocchi.1e4918c7-ad24-4838-a2df-59c6d515b970/1764720000.0_mean_300.0_v3" "tx97f889822ba546ad94ddd-00693cb696" "object-server 97401" 0.0005 "-" 97096 0
Dec 12 19:43:02 np0005557753.novalocal object-server[97401]: ::1 - - [13/Dec/2025:00:43:02 +0000] "PUT /1/44558/AUTH_afe588ce5e36492b94129e0538b6bb45/gnocchi.1fe5b2c2-a804-47b4-9128-d3ea69008c69/1764720000.0_mean_300.0_v3" 201 - "PUT http://[::1]:8080/v1/AUTH_afe588ce5e36492b94129e0538b6bb45/gnocchi.1fe5b2c2-a804-47b4-9128-d3ea69008c69/1764720000.0_mean_300.0_v3" "tx85b3d985fc8a46e8bf9d3-00693cb696" "proxy-server 90180" 0.0398 "-" 97401 0
Dec 12 19:43:02 np0005557753.novalocal object-server[97401]: ::1 - - [13/Dec/2025:00:43:02 +0000] "PUT /1/155606/AUTH_afe588ce5e36492b94129e0538b6bb45/gnocchi.1e4918c7-ad24-4838-a2df-59c6d515b970/1764720000.0_mean_300.0_v3" 201 - "PUT http://[::1]:8080/v1/AUTH_afe588ce5e36492b94129e0538b6bb45/gnocchi.1e4918c7-ad24-4838-a2df-59c6d515b970/1764720000.0_mean_300.0_v3" "tx97f889822ba546ad94ddd-00693cb696" "proxy-server 90180" 0.0449 "-" 97401 0
Dec 12 19:43:02 np0005557753.novalocal container-server[97096]: ::1 - - [13/Dec/2025:00:43:02 +0000] "PUT /3/42614/AUTH_afe588ce5e36492b94129e0538b6bb45/gnocchi.1fe5b2c2-a804-47b4-9128-d3ea69008c69/1764720000.0_mean_300.0_v3" 201 - "PUT http://[::1]:8080/2/44558/AUTH_afe588ce5e36492b94129e0538b6bb45/gnocchi.1fe5b2c2-a804-47b4-9128-d3ea69008c69/1764720000.0_mean_300.0_v3" "tx85b3d985fc8a46e8bf9d3-00693cb696" "object-server 97402" 0.0004 "-" 97096 0
Dec 12 19:43:02 np0005557753.novalocal object-server[97402]: ::1 - - [13/Dec/2025:00:43:02 +0000] "PUT /2/44558/AUTH_afe588ce5e36492b94129e0538b6bb45/gnocchi.1fe5b2c2-a804-47b4-9128-d3ea69008c69/1764720000.0_mean_300.0_v3" 201 - "PUT http://[::1]:8080/v1/AUTH_afe588ce5e36492b94129e0538b6bb45/gnocchi.1fe5b2c2-a804-47b4-9128-d3ea69008c69/1764720000.0_mean_300.0_v3" "tx85b3d985fc8a46e8bf9d3-00693cb696" "proxy-server 90180" 0.0417 "-" 97402 0
Dec 12 19:43:02 np0005557753.novalocal container-server[97098]: ::1 - - [13/Dec/2025:00:43:02 +0000] "PUT /3/131670/AUTH_afe588ce5e36492b94129e0538b6bb45/gnocchi.1e4918c7-ad24-4838-a2df-59c6d515b970/1764720000.0_mean_300.0_v3" 201 - "PUT http://[::1]:8080/2/155606/AUTH_afe588ce5e36492b94129e0538b6bb45/gnocchi.1e4918c7-ad24-4838-a2df-59c6d515b970/1764720000.0_mean_300.0_v3" "tx97f889822ba546ad94ddd-00693cb696" "object-server 97402" 0.0005 "-" 97098 0
Dec 12 19:43:02 np0005557753.novalocal object-server[97402]: ::1 - - [13/Dec/2025:00:43:02 +0000] "PUT /2/155606/AUTH_afe588ce5e36492b94129e0538b6bb45/gnocchi.1e4918c7-ad24-4838-a2df-59c6d515b970/1764720000.0_mean_300.0_v3" 201 - "PUT http://[::1]:8080/v1/AUTH_afe588ce5e36492b94129e0538b6bb45/gnocchi.1e4918c7-ad24-4838-a2df-59c6d515b970/1764720000.0_mean_300.0_v3" "tx97f889822ba546ad94ddd-00693cb696" "proxy-server 90180" 0.0463 "-" 97402 0
Dec 12 19:43:02 np0005557753.novalocal proxy-server[90180]: ::1 ::1 13/Dec/2025/00/43/02 PUT /v1/AUTH_afe588ce5e36492b94129e0538b6bb45/gnocchi.1fe5b2c2-a804-47b4-9128-d3ea69008c69/1764720000.0_mean_300.0_v3 HTTP/1.0 201 - python-swiftclient-4.2.0 gAAAAABpPLaCrEYT... 16 - - tx85b3d985fc8a46e8bf9d3-00693cb696 - 0.0560 - - 1765586582.483738899 1765586582.539775133 0
Dec 12 19:43:02 np0005557753.novalocal proxy-server[90180]: ::1 ::1 13/Dec/2025/00/43/02 PUT /v1/AUTH_afe588ce5e36492b94129e0538b6bb45/gnocchi.1e4918c7-ad24-4838-a2df-59c6d515b970/1764720000.0_mean_300.0_v3 HTTP/1.0 201 - python-swiftclient-4.2.0 gAAAAABpPLaCpY4p... 16 - - tx97f889822ba546ad94ddd-00693cb696 - 0.0590 - - 1765586582.482271671 1765586582.541254282 0
Dec 12 19:43:02 np0005557753.novalocal container-server[97098]: ::1 - - [13/Dec/2025:00:43:02 +0000] "PUT /3/42614/AUTH_afe588ce5e36492b94129e0538b6bb45/gnocchi.1fe5b2c2-a804-47b4-9128-d3ea69008c69/none_v3" 201 - "PUT http://[::1]:8080/2/61336/AUTH_afe588ce5e36492b94129e0538b6bb45/gnocchi.1fe5b2c2-a804-47b4-9128-d3ea69008c69/none_v3" "txead5b30a544942e8b8cb0-00693cb696" "object-server 97399" 0.0006 "-" 97098 0
Dec 12 19:43:02 np0005557753.novalocal container-server[97096]: ::1 - - [13/Dec/2025:00:43:02 +0000] "PUT /2/42614/AUTH_afe588ce5e36492b94129e0538b6bb45/gnocchi.1fe5b2c2-a804-47b4-9128-d3ea69008c69/none_v3" 201 - "PUT http://[::1]:8080/1/61336/AUTH_afe588ce5e36492b94129e0538b6bb45/gnocchi.1fe5b2c2-a804-47b4-9128-d3ea69008c69/none_v3" "txead5b30a544942e8b8cb0-00693cb696" "object-server 97400" 0.0017 "-" 97096 0
Dec 12 19:43:02 np0005557753.novalocal object-server[97399]: ::1 - - [13/Dec/2025:00:43:02 +0000] "PUT /2/61336/AUTH_afe588ce5e36492b94129e0538b6bb45/gnocchi.1fe5b2c2-a804-47b4-9128-d3ea69008c69/none_v3" 201 - "PUT http://[::1]:8080/v1/AUTH_afe588ce5e36492b94129e0538b6bb45/gnocchi.1fe5b2c2-a804-47b4-9128-d3ea69008c69/none_v3" "txead5b30a544942e8b8cb0-00693cb696" "proxy-server 90180" 0.0262 "-" 97399 0
Dec 12 19:43:02 np0005557753.novalocal container-server[97099]: ::1 - - [13/Dec/2025:00:43:02 +0000] "PUT /2/131670/AUTH_afe588ce5e36492b94129e0538b6bb45/gnocchi.1e4918c7-ad24-4838-a2df-59c6d515b970/none_v3" 201 - "PUT http://[::1]:8080/3/204327/AUTH_afe588ce5e36492b94129e0538b6bb45/gnocchi.1e4918c7-ad24-4838-a2df-59c6d515b970/none_v3" "txfd56f48d527b404f91661-00693cb696" "object-server 97399" 0.0006 "-" 97099 0
Dec 12 19:43:02 np0005557753.novalocal object-server[97399]: ::1 - - [13/Dec/2025:00:43:02 +0000] "PUT /3/204327/AUTH_afe588ce5e36492b94129e0538b6bb45/gnocchi.1e4918c7-ad24-4838-a2df-59c6d515b970/none_v3" 201 - "PUT http://[::1]:8080/v1/AUTH_afe588ce5e36492b94129e0538b6bb45/gnocchi.1e4918c7-ad24-4838-a2df-59c6d515b970/none_v3" "txfd56f48d527b404f91661-00693cb696" "proxy-server 90180" 0.0227 "-" 97399 0
Dec 12 19:43:02 np0005557753.novalocal object-server[97400]: ::1 - - [13/Dec/2025:00:43:02 +0000] "PUT /1/61336/AUTH_afe588ce5e36492b94129e0538b6bb45/gnocchi.1fe5b2c2-a804-47b4-9128-d3ea69008c69/none_v3" 201 - "PUT http://[::1]:8080/v1/AUTH_afe588ce5e36492b94129e0538b6bb45/gnocchi.1fe5b2c2-a804-47b4-9128-d3ea69008c69/none_v3" "txead5b30a544942e8b8cb0-00693cb696" "proxy-server 90180" 0.0271 "-" 97400 0
Dec 12 19:43:02 np0005557753.novalocal container-server[97096]: ::1 - - [13/Dec/2025:00:43:02 +0000] "PUT /1/131670/AUTH_afe588ce5e36492b94129e0538b6bb45/gnocchi.1e4918c7-ad24-4838-a2df-59c6d515b970/none_v3" 201 - "PUT http://[::1]:8080/1/204327/AUTH_afe588ce5e36492b94129e0538b6bb45/gnocchi.1e4918c7-ad24-4838-a2df-59c6d515b970/none_v3" "txfd56f48d527b404f91661-00693cb696" "object-server 97402" 0.0005 "-" 97096 0
Dec 12 19:43:02 np0005557753.novalocal container-server[97099]: ::1 - - [13/Dec/2025:00:43:02 +0000] "PUT /3/131670/AUTH_afe588ce5e36492b94129e0538b6bb45/gnocchi.1e4918c7-ad24-4838-a2df-59c6d515b970/none_v3" 201 - "PUT http://[::1]:8080/2/204327/AUTH_afe588ce5e36492b94129e0538b6bb45/gnocchi.1e4918c7-ad24-4838-a2df-59c6d515b970/none_v3" "txfd56f48d527b404f91661-00693cb696" "object-server 97401" 0.0004 "-" 97099 0
Dec 12 19:43:02 np0005557753.novalocal object-server[97401]: ::1 - - [13/Dec/2025:00:43:02 +0000] "PUT /2/204327/AUTH_afe588ce5e36492b94129e0538b6bb45/gnocchi.1e4918c7-ad24-4838-a2df-59c6d515b970/none_v3" 201 - "PUT http://[::1]:8080/v1/AUTH_afe588ce5e36492b94129e0538b6bb45/gnocchi.1e4918c7-ad24-4838-a2df-59c6d515b970/none_v3" "txfd56f48d527b404f91661-00693cb696" "proxy-server 90180" 0.0236 "-" 97401 0
Dec 12 19:43:02 np0005557753.novalocal container-server[97098]: ::1 - - [13/Dec/2025:00:43:02 +0000] "PUT /1/42614/AUTH_afe588ce5e36492b94129e0538b6bb45/gnocchi.1fe5b2c2-a804-47b4-9128-d3ea69008c69/none_v3" 201 - "PUT http://[::1]:8080/3/61336/AUTH_afe588ce5e36492b94129e0538b6bb45/gnocchi.1fe5b2c2-a804-47b4-9128-d3ea69008c69/none_v3" "txead5b30a544942e8b8cb0-00693cb696" "object-server 97402" 0.0004 "-" 97098 0
Dec 12 19:43:02 np0005557753.novalocal object-server[97402]: ::1 - - [13/Dec/2025:00:43:02 +0000] "PUT /3/61336/AUTH_afe588ce5e36492b94129e0538b6bb45/gnocchi.1fe5b2c2-a804-47b4-9128-d3ea69008c69/none_v3" 201 - "PUT http://[::1]:8080/v1/AUTH_afe588ce5e36492b94129e0538b6bb45/gnocchi.1fe5b2c2-a804-47b4-9128-d3ea69008c69/none_v3" "txead5b30a544942e8b8cb0-00693cb696" "proxy-server 90180" 0.0298 "-" 97402 0
Dec 12 19:43:02 np0005557753.novalocal object-server[97402]: ::1 - - [13/Dec/2025:00:43:02 +0000] "PUT /1/204327/AUTH_afe588ce5e36492b94129e0538b6bb45/gnocchi.1e4918c7-ad24-4838-a2df-59c6d515b970/none_v3" 201 - "PUT http://[::1]:8080/v1/AUTH_afe588ce5e36492b94129e0538b6bb45/gnocchi.1e4918c7-ad24-4838-a2df-59c6d515b970/none_v3" "txfd56f48d527b404f91661-00693cb696" "proxy-server 90180" 0.0268 "-" 97402 0
Dec 12 19:43:02 np0005557753.novalocal proxy-server[90180]: ::1 ::1 13/Dec/2025/00/43/02 PUT /v1/AUTH_afe588ce5e36492b94129e0538b6bb45/gnocchi.1fe5b2c2-a804-47b4-9128-d3ea69008c69/none_v3 HTTP/1.0 201 - python-swiftclient-4.2.0 gAAAAABpPLaCrEYT... 32 - - txead5b30a544942e8b8cb0-00693cb696 - 0.0389 - - 1765586582.542352915 1765586582.581236124 0
Dec 12 19:43:02 np0005557753.novalocal proxy-server[90180]: ::1 ::1 13/Dec/2025/00/43/02 PUT /v1/AUTH_afe588ce5e36492b94129e0538b6bb45/gnocchi.1e4918c7-ad24-4838-a2df-59c6d515b970/none_v3 HTTP/1.0 201 - python-swiftclient-4.2.0 gAAAAABpPLaCpY4p... 31 - - txfd56f48d527b404f91661-00693cb696 - 0.0389 - - 1765586582.543656349 1765586582.582576990 0
Dec 12 19:43:02 np0005557753.novalocal object-server[97401]: ::1 - - [13/Dec/2025:00:43:02 +0000] "GET /3/202858/AUTH_afe588ce5e36492b94129e0538b6bb45/gnocchi.934f7b60-908c-4f18-8ec8-b1a768867b39/none_v3" 200 22 "GET http://[::1]:8080/v1/AUTH_afe588ce5e36492b94129e0538b6bb45/gnocchi.934f7b60-908c-4f18-8ec8-b1a768867b39/none_v3" "txd1be88660899404485e65-00693cb696" "proxy-server 90180" 0.0008 "-" 97401 0
Dec 12 19:43:02 np0005557753.novalocal proxy-server[90180]: ::1 ::1 13/Dec/2025/00/43/02 GET /v1/AUTH_afe588ce5e36492b94129e0538b6bb45/gnocchi.934f7b60-908c-4f18-8ec8-b1a768867b39/none_v3 HTTP/1.0 200 - python-swiftclient-4.2.0 gAAAAABpPLaCpY4p... - 22 - txd1be88660899404485e65-00693cb696 - 0.0087 - - 1765586582.598237514 1765586582.606944084 0
Dec 12 19:43:02 np0005557753.novalocal object-server[97400]: ::1 - - [13/Dec/2025:00:43:02 +0000] "GET /2/125356/AUTH_afe588ce5e36492b94129e0538b6bb45/gnocchi.99a4ece2-ec13-4555-98af-d98d6b412d46/none_v3" 200 22 "GET http://[::1]:8080/v1/AUTH_afe588ce5e36492b94129e0538b6bb45/gnocchi.99a4ece2-ec13-4555-98af-d98d6b412d46/none_v3" "tx5c3e6784ba924deb85f56-00693cb696" "proxy-server 90180" 0.0007 "-" 97400 0
Dec 12 19:43:02 np0005557753.novalocal proxy-server[90180]: ::1 ::1 13/Dec/2025/00/43/02 GET /v1/AUTH_afe588ce5e36492b94129e0538b6bb45/gnocchi.99a4ece2-ec13-4555-98af-d98d6b412d46/none_v3 HTTP/1.0 200 - python-swiftclient-4.2.0 gAAAAABpPLaCrEYT... - 22 - tx5c3e6784ba924deb85f56-00693cb696 - 0.0096 - - 1765586582.599109411 1765586582.608671665 0
Dec 12 19:43:02 np0005557753.novalocal container-server[97097]: ::1 - - [13/Dec/2025:00:43:02 +0000] "GET /3/94652/AUTH_afe588ce5e36492b94129e0538b6bb45/gnocchi.934f7b60-908c-4f18-8ec8-b1a768867b39" 200 357 "GET http://[::1]:8080/v1/AUTH_afe588ce5e36492b94129e0538b6bb45/gnocchi.934f7b60-908c-4f18-8ec8-b1a768867b39?format=json&states=listing" "tx9b532b00d1734963b5d13-00693cb696" "proxy-server 90180" 0.0028 "-" 97097 0
Dec 12 19:43:02 np0005557753.novalocal proxy-server[90180]: ::1 ::1 13/Dec/2025/00/43/02 GET /v1/AUTH_afe588ce5e36492b94129e0538b6bb45/gnocchi.934f7b60-908c-4f18-8ec8-b1a768867b39%3Fformat%3Djson%26states%3Dlisting HTTP/1.0 200 - python-swiftclient-4.2.0 gAAAAABpPLaCpY4p... - 357 - tx9b532b00d1734963b5d13-00693cb696 - 0.0144 - - 1765586582.610222101 1765586582.624625444 0
Dec 12 19:43:02 np0005557753.novalocal container-server[97098]: ::1 - - [13/Dec/2025:00:43:02 +0000] "GET /3/180273/AUTH_afe588ce5e36492b94129e0538b6bb45/gnocchi.99a4ece2-ec13-4555-98af-d98d6b412d46" 200 357 "GET http://[::1]:8080/v1/AUTH_afe588ce5e36492b94129e0538b6bb45/gnocchi.99a4ece2-ec13-4555-98af-d98d6b412d46?format=json&states=listing" "txa9ae1e24ad8f4311b2382-00693cb696" "proxy-server 90180" 0.0040 "-" 97098 0
Dec 12 19:43:02 np0005557753.novalocal proxy-server[90180]: ::1 ::1 13/Dec/2025/00/43/02 GET /v1/AUTH_afe588ce5e36492b94129e0538b6bb45/gnocchi.99a4ece2-ec13-4555-98af-d98d6b412d46%3Fformat%3Djson%26states%3Dlisting HTTP/1.0 200 - python-swiftclient-4.2.0 gAAAAABpPLaCrEYT... - 357 - txa9ae1e24ad8f4311b2382-00693cb696 - 0.0117 - - 1765586582.622222900 1765586582.633971214 0
Dec 12 19:43:02 np0005557753.novalocal container-server[97097]: ::1 - - [13/Dec/2025:00:43:02 +0000] "GET /2/94652/AUTH_afe588ce5e36492b94129e0538b6bb45/gnocchi.934f7b60-908c-4f18-8ec8-b1a768867b39" 200 2 "GET http://[::1]:8080/v1/AUTH_afe588ce5e36492b94129e0538b6bb45/gnocchi.934f7b60-908c-4f18-8ec8-b1a768867b39?format=json&marker=none_v3&states=listing" "txb6232e9dc4974bdabc0b5-00693cb696" "proxy-server 90180" 0.0033 "-" 97097 0
Dec 12 19:43:02 np0005557753.novalocal proxy-server[90180]: ::1 ::1 13/Dec/2025/00/43/02 GET /v1/AUTH_afe588ce5e36492b94129e0538b6bb45/gnocchi.934f7b60-908c-4f18-8ec8-b1a768867b39%3Fformat%3Djson%26marker%3Dnone_v3%26states%3Dlisting HTTP/1.0 200 - python-swiftclient-4.2.0 gAAAAABpPLaCpY4p... - 2 - txb6232e9dc4974bdabc0b5-00693cb696 - 0.0085 - - 1765586582.627183437 1765586582.635664225 0
Dec 12 19:43:02 np0005557753.novalocal object-server[97402]: ::1 - - [13/Dec/2025:00:43:02 +0000] "GET /3/137539/AUTH_afe588ce5e36492b94129e0538b6bb45/gnocchi.934f7b60-908c-4f18-8ec8-b1a768867b39/1764720000.0_mean_300.0_v3" 200 16 "GET http://[::1]:8080/v1/AUTH_afe588ce5e36492b94129e0538b6bb45/gnocchi.934f7b60-908c-4f18-8ec8-b1a768867b39/1764720000.0_mean_300.0_v3" "tx6580721e084e4a4594c81-00693cb696" "proxy-server 90180" 0.0011 "-" 97402 0
Dec 12 19:43:02 np0005557753.novalocal proxy-server[90180]: ::1 ::1 13/Dec/2025/00/43/02 GET /v1/AUTH_afe588ce5e36492b94129e0538b6bb45/gnocchi.934f7b60-908c-4f18-8ec8-b1a768867b39/1764720000.0_mean_300.0_v3 HTTP/1.0 200 - python-swiftclient-4.2.0 gAAAAABpPLaCpY4p... - 16 - tx6580721e084e4a4594c81-00693cb696 - 0.0058 - - 1765586582.638994694 1765586582.644790888 0
Dec 12 19:43:02 np0005557753.novalocal container-server[97099]: ::1 - - [13/Dec/2025:00:43:02 +0000] "GET /2/180273/AUTH_afe588ce5e36492b94129e0538b6bb45/gnocchi.99a4ece2-ec13-4555-98af-d98d6b412d46" 200 2 "GET http://[::1]:8080/v1/AUTH_afe588ce5e36492b94129e0538b6bb45/gnocchi.99a4ece2-ec13-4555-98af-d98d6b412d46?format=json&marker=none_v3&states=listing" "tx570ef2d316ab4805a3414-00693cb696" "proxy-server 90180" 0.0060 "-" 97099 0
Dec 12 19:43:02 np0005557753.novalocal proxy-server[90180]: ::1 ::1 13/Dec/2025/00/43/02 GET /v1/AUTH_afe588ce5e36492b94129e0538b6bb45/gnocchi.99a4ece2-ec13-4555-98af-d98d6b412d46%3Fformat%3Djson%26marker%3Dnone_v3%26states%3Dlisting HTTP/1.0 200 - python-swiftclient-4.2.0 gAAAAABpPLaCrEYT... - 2 - tx570ef2d316ab4805a3414-00693cb696 - 0.0121 - - 1765586582.636303902 1765586582.648408175 0
Dec 12 19:43:02 np0005557753.novalocal object-server[97399]: ::1 - - [13/Dec/2025:00:43:02 +0000] "GET /2/101205/AUTH_afe588ce5e36492b94129e0538b6bb45/gnocchi.99a4ece2-ec13-4555-98af-d98d6b412d46/1764720000.0_mean_300.0_v3" 200 16 "GET http://[::1]:8080/v1/AUTH_afe588ce5e36492b94129e0538b6bb45/gnocchi.99a4ece2-ec13-4555-98af-d98d6b412d46/1764720000.0_mean_300.0_v3" "tx738935dd8bac4e1b91d35-00693cb696" "proxy-server 90180" 0.0007 "-" 97399 0
Dec 12 19:43:02 np0005557753.novalocal proxy-server[90180]: ::1 ::1 13/Dec/2025/00/43/02 GET /v1/AUTH_afe588ce5e36492b94129e0538b6bb45/gnocchi.99a4ece2-ec13-4555-98af-d98d6b412d46/1764720000.0_mean_300.0_v3 HTTP/1.0 200 - python-swiftclient-4.2.0 gAAAAABpPLaCrEYT... - 16 - tx738935dd8bac4e1b91d35-00693cb696 - 0.0237 - - 1765586582.652533770 1765586582.676231623 0
Dec 12 19:43:02 np0005557753.novalocal container-server[97097]: ::1 - - [13/Dec/2025:00:43:02 +0000] "PUT /3/94652/AUTH_afe588ce5e36492b94129e0538b6bb45/gnocchi.934f7b60-908c-4f18-8ec8-b1a768867b39/1764720000.0_mean_300.0_v3" 201 - "PUT http://[::1]:8080/2/137539/AUTH_afe588ce5e36492b94129e0538b6bb45/gnocchi.934f7b60-908c-4f18-8ec8-b1a768867b39/1764720000.0_mean_300.0_v3" "tx419966052bae466999c79-00693cb696" "object-server 97402" 0.0017 "-" 97097 0
Dec 12 19:43:02 np0005557753.novalocal container-server[97097]: ::1 - - [13/Dec/2025:00:43:02 +0000] "PUT /1/94652/AUTH_afe588ce5e36492b94129e0538b6bb45/gnocchi.934f7b60-908c-4f18-8ec8-b1a768867b39/1764720000.0_mean_300.0_v3" 201 - "PUT http://[::1]:8080/3/137539/AUTH_afe588ce5e36492b94129e0538b6bb45/gnocchi.934f7b60-908c-4f18-8ec8-b1a768867b39/1764720000.0_mean_300.0_v3" "tx419966052bae466999c79-00693cb696" "object-server 97400" 0.0005 "-" 97097 0
Dec 12 19:43:02 np0005557753.novalocal container-server[97096]: ::1 - - [13/Dec/2025:00:43:02 +0000] "PUT /2/94652/AUTH_afe588ce5e36492b94129e0538b6bb45/gnocchi.934f7b60-908c-4f18-8ec8-b1a768867b39/1764720000.0_mean_300.0_v3" 201 - "PUT http://[::1]:8080/1/137539/AUTH_afe588ce5e36492b94129e0538b6bb45/gnocchi.934f7b60-908c-4f18-8ec8-b1a768867b39/1764720000.0_mean_300.0_v3" "tx419966052bae466999c79-00693cb696" "object-server 97401" 0.0006 "-" 97096 0
Dec 12 19:43:02 np0005557753.novalocal object-server[97400]: ::1 - - [13/Dec/2025:00:43:02 +0000] "PUT /3/137539/AUTH_afe588ce5e36492b94129e0538b6bb45/gnocchi.934f7b60-908c-4f18-8ec8-b1a768867b39/1764720000.0_mean_300.0_v3" 201 - "PUT http://[::1]:8080/v1/AUTH_afe588ce5e36492b94129e0538b6bb45/gnocchi.934f7b60-908c-4f18-8ec8-b1a768867b39/1764720000.0_mean_300.0_v3" "tx419966052bae466999c79-00693cb696" "proxy-server 90180" 0.0529 "-" 97400 0
Dec 12 19:43:02 np0005557753.novalocal object-server[97401]: ::1 - - [13/Dec/2025:00:43:02 +0000] "PUT /1/137539/AUTH_afe588ce5e36492b94129e0538b6bb45/gnocchi.934f7b60-908c-4f18-8ec8-b1a768867b39/1764720000.0_mean_300.0_v3" 201 - "PUT http://[::1]:8080/v1/AUTH_afe588ce5e36492b94129e0538b6bb45/gnocchi.934f7b60-908c-4f18-8ec8-b1a768867b39/1764720000.0_mean_300.0_v3" "tx419966052bae466999c79-00693cb696" "proxy-server 90180" 0.0538 "-" 97401 0
Dec 12 19:43:02 np0005557753.novalocal object-server[97402]: ::1 - - [13/Dec/2025:00:43:02 +0000] "PUT /2/137539/AUTH_afe588ce5e36492b94129e0538b6bb45/gnocchi.934f7b60-908c-4f18-8ec8-b1a768867b39/1764720000.0_mean_300.0_v3" 201 - "PUT http://[::1]:8080/v1/AUTH_afe588ce5e36492b94129e0538b6bb45/gnocchi.934f7b60-908c-4f18-8ec8-b1a768867b39/1764720000.0_mean_300.0_v3" "tx419966052bae466999c79-00693cb696" "proxy-server 90180" 0.0541 "-" 97402 0
Dec 12 19:43:02 np0005557753.novalocal container-server[97098]: ::1 - - [13/Dec/2025:00:43:02 +0000] "PUT /3/180273/AUTH_afe588ce5e36492b94129e0538b6bb45/gnocchi.99a4ece2-ec13-4555-98af-d98d6b412d46/1764720000.0_mean_300.0_v3" 201 - "PUT http://[::1]:8080/3/101205/AUTH_afe588ce5e36492b94129e0538b6bb45/gnocchi.99a4ece2-ec13-4555-98af-d98d6b412d46/1764720000.0_mean_300.0_v3" "tx4aa55c0f1d9242879143b-00693cb696" "object-server 97400" 0.0006 "-" 97098 0
Dec 12 19:43:02 np0005557753.novalocal object-server[97400]: ::1 - - [13/Dec/2025:00:43:02 +0000] "PUT /3/101205/AUTH_afe588ce5e36492b94129e0538b6bb45/gnocchi.99a4ece2-ec13-4555-98af-d98d6b412d46/1764720000.0_mean_300.0_v3" 201 - "PUT http://[::1]:8080/v1/AUTH_afe588ce5e36492b94129e0538b6bb45/gnocchi.99a4ece2-ec13-4555-98af-d98d6b412d46/1764720000.0_mean_300.0_v3" "tx4aa55c0f1d9242879143b-00693cb696" "proxy-server 90180" 0.0225 "-" 97400 0
Dec 12 19:43:02 np0005557753.novalocal proxy-server[90180]: ::1 ::1 13/Dec/2025/00/43/02 PUT /v1/AUTH_afe588ce5e36492b94129e0538b6bb45/gnocchi.934f7b60-908c-4f18-8ec8-b1a768867b39/1764720000.0_mean_300.0_v3 HTTP/1.0 201 - python-swiftclient-4.2.0 gAAAAABpPLaCpY4p... 16 - - tx419966052bae466999c79-00693cb696 - 0.0618 - - 1765586582.647763491 1765586582.709562778 0
Dec 12 19:43:02 np0005557753.novalocal container-server[97096]: ::1 - - [13/Dec/2025:00:43:02 +0000] "PUT /1/180273/AUTH_afe588ce5e36492b94129e0538b6bb45/gnocchi.99a4ece2-ec13-4555-98af-d98d6b412d46/1764720000.0_mean_300.0_v3" 201 - "PUT http://[::1]:8080/1/101205/AUTH_afe588ce5e36492b94129e0538b6bb45/gnocchi.99a4ece2-ec13-4555-98af-d98d6b412d46/1764720000.0_mean_300.0_v3" "tx4aa55c0f1d9242879143b-00693cb696" "object-server 97401" 0.0009 "-" 97096 0
Dec 12 19:43:02 np0005557753.novalocal object-server[97401]: ::1 - - [13/Dec/2025:00:43:02 +0000] "PUT /1/101205/AUTH_afe588ce5e36492b94129e0538b6bb45/gnocchi.99a4ece2-ec13-4555-98af-d98d6b412d46/1764720000.0_mean_300.0_v3" 201 - "PUT http://[::1]:8080/v1/AUTH_afe588ce5e36492b94129e0538b6bb45/gnocchi.99a4ece2-ec13-4555-98af-d98d6b412d46/1764720000.0_mean_300.0_v3" "tx4aa55c0f1d9242879143b-00693cb696" "proxy-server 90180" 0.0269 "-" 97401 0
Dec 12 19:43:02 np0005557753.novalocal container-server[97099]: ::1 - - [13/Dec/2025:00:43:02 +0000] "PUT /2/180273/AUTH_afe588ce5e36492b94129e0538b6bb45/gnocchi.99a4ece2-ec13-4555-98af-d98d6b412d46/1764720000.0_mean_300.0_v3" 201 - "PUT http://[::1]:8080/2/101205/AUTH_afe588ce5e36492b94129e0538b6bb45/gnocchi.99a4ece2-ec13-4555-98af-d98d6b412d46/1764720000.0_mean_300.0_v3" "tx4aa55c0f1d9242879143b-00693cb696" "object-server 97402" 0.0009 "-" 97099 0
Dec 12 19:43:02 np0005557753.novalocal object-server[97402]: ::1 - - [13/Dec/2025:00:43:02 +0000] "PUT /2/101205/AUTH_afe588ce5e36492b94129e0538b6bb45/gnocchi.99a4ece2-ec13-4555-98af-d98d6b412d46/1764720000.0_mean_300.0_v3" 201 - "PUT http://[::1]:8080/v1/AUTH_afe588ce5e36492b94129e0538b6bb45/gnocchi.99a4ece2-ec13-4555-98af-d98d6b412d46/1764720000.0_mean_300.0_v3" "tx4aa55c0f1d9242879143b-00693cb696" "proxy-server 90180" 0.0275 "-" 97402 0
Dec 12 19:43:02 np0005557753.novalocal proxy-server[90180]: ::1 ::1 13/Dec/2025/00/43/02 PUT /v1/AUTH_afe588ce5e36492b94129e0538b6bb45/gnocchi.99a4ece2-ec13-4555-98af-d98d6b412d46/1764720000.0_mean_300.0_v3 HTTP/1.0 201 - python-swiftclient-4.2.0 gAAAAABpPLaCrEYT... 16 - - tx4aa55c0f1d9242879143b-00693cb696 - 0.0432 - - 1765586582.679879665 1765586582.723037958 0
Dec 12 19:43:02 np0005557753.novalocal container-server[97096]: ::1 - - [13/Dec/2025:00:43:02 +0000] "PUT /3/94652/AUTH_afe588ce5e36492b94129e0538b6bb45/gnocchi.934f7b60-908c-4f18-8ec8-b1a768867b39/none_v3" 201 - "PUT http://[::1]:8080/2/202858/AUTH_afe588ce5e36492b94129e0538b6bb45/gnocchi.934f7b60-908c-4f18-8ec8-b1a768867b39/none_v3" "txece408f10a61448fa3a6e-00693cb696" "object-server 97401" 0.0007 "-" 97096 0
Dec 12 19:43:02 np0005557753.novalocal container-server[97096]: ::1 - - [13/Dec/2025:00:43:02 +0000] "PUT /1/94652/AUTH_afe588ce5e36492b94129e0538b6bb45/gnocchi.934f7b60-908c-4f18-8ec8-b1a768867b39/none_v3" 201 - "PUT http://[::1]:8080/3/202858/AUTH_afe588ce5e36492b94129e0538b6bb45/gnocchi.934f7b60-908c-4f18-8ec8-b1a768867b39/none_v3" "txece408f10a61448fa3a6e-00693cb696" "object-server 97400" 0.0004 "-" 97096 0
Dec 12 19:43:02 np0005557753.novalocal container-server[97097]: ::1 - - [13/Dec/2025:00:43:02 +0000] "PUT /2/94652/AUTH_afe588ce5e36492b94129e0538b6bb45/gnocchi.934f7b60-908c-4f18-8ec8-b1a768867b39/none_v3" 201 - "PUT http://[::1]:8080/1/202858/AUTH_afe588ce5e36492b94129e0538b6bb45/gnocchi.934f7b60-908c-4f18-8ec8-b1a768867b39/none_v3" "txece408f10a61448fa3a6e-00693cb696" "object-server 97399" 0.0006 "-" 97097 0
Dec 12 19:43:02 np0005557753.novalocal container-server[97097]: ::1 - - [13/Dec/2025:00:43:02 +0000] "PUT /2/180273/AUTH_afe588ce5e36492b94129e0538b6bb45/gnocchi.99a4ece2-ec13-4555-98af-d98d6b412d46/none_v3" 201 - "PUT http://[::1]:8080/3/125356/AUTH_afe588ce5e36492b94129e0538b6bb45/gnocchi.99a4ece2-ec13-4555-98af-d98d6b412d46/none_v3" "txbf4eed53286144259b1d9-00693cb696" "object-server 97400" 0.0003 "-" 97097 0
Dec 12 19:43:02 np0005557753.novalocal object-server[97400]: ::1 - - [13/Dec/2025:00:43:02 +0000] "PUT /3/202858/AUTH_afe588ce5e36492b94129e0538b6bb45/gnocchi.934f7b60-908c-4f18-8ec8-b1a768867b39/none_v3" 201 - "PUT http://[::1]:8080/v1/AUTH_afe588ce5e36492b94129e0538b6bb45/gnocchi.934f7b60-908c-4f18-8ec8-b1a768867b39/none_v3" "txece408f10a61448fa3a6e-00693cb696" "proxy-server 90180" 0.0254 "-" 97400 0
Dec 12 19:43:02 np0005557753.novalocal object-server[97399]: ::1 - - [13/Dec/2025:00:43:02 +0000] "PUT /1/202858/AUTH_afe588ce5e36492b94129e0538b6bb45/gnocchi.934f7b60-908c-4f18-8ec8-b1a768867b39/none_v3" 201 - "PUT http://[::1]:8080/v1/AUTH_afe588ce5e36492b94129e0538b6bb45/gnocchi.934f7b60-908c-4f18-8ec8-b1a768867b39/none_v3" "txece408f10a61448fa3a6e-00693cb696" "proxy-server 90180" 0.0281 "-" 97399 0
Dec 12 19:43:02 np0005557753.novalocal object-server[97401]: ::1 - - [13/Dec/2025:00:43:02 +0000] "PUT /2/202858/AUTH_afe588ce5e36492b94129e0538b6bb45/gnocchi.934f7b60-908c-4f18-8ec8-b1a768867b39/none_v3" 201 - "PUT http://[::1]:8080/v1/AUTH_afe588ce5e36492b94129e0538b6bb45/gnocchi.934f7b60-908c-4f18-8ec8-b1a768867b39/none_v3" "txece408f10a61448fa3a6e-00693cb696" "proxy-server 90180" 0.0264 "-" 97401 0
Dec 12 19:43:02 np0005557753.novalocal object-server[97400]: ::1 - - [13/Dec/2025:00:43:02 +0000] "PUT /3/125356/AUTH_afe588ce5e36492b94129e0538b6bb45/gnocchi.99a4ece2-ec13-4555-98af-d98d6b412d46/none_v3" 201 - "PUT http://[::1]:8080/v1/AUTH_afe588ce5e36492b94129e0538b6bb45/gnocchi.99a4ece2-ec13-4555-98af-d98d6b412d46/none_v3" "txbf4eed53286144259b1d9-00693cb696" "proxy-server 90180" 0.0136 "-" 97400 0
Dec 12 19:43:02 np0005557753.novalocal container-server[97099]: ::1 - - [13/Dec/2025:00:43:02 +0000] "PUT /1/180273/AUTH_afe588ce5e36492b94129e0538b6bb45/gnocchi.99a4ece2-ec13-4555-98af-d98d6b412d46/none_v3" 201 - "PUT http://[::1]:8080/2/125356/AUTH_afe588ce5e36492b94129e0538b6bb45/gnocchi.99a4ece2-ec13-4555-98af-d98d6b412d46/none_v3" "txbf4eed53286144259b1d9-00693cb696" "object-server 97399" 0.0016 "-" 97099 0
Dec 12 19:43:02 np0005557753.novalocal object-server[97399]: ::1 - - [13/Dec/2025:00:43:02 +0000] "PUT /2/125356/AUTH_afe588ce5e36492b94129e0538b6bb45/gnocchi.99a4ece2-ec13-4555-98af-d98d6b412d46/none_v3" 201 - "PUT http://[::1]:8080/v1/AUTH_afe588ce5e36492b94129e0538b6bb45/gnocchi.99a4ece2-ec13-4555-98af-d98d6b412d46/none_v3" "txbf4eed53286144259b1d9-00693cb696" "proxy-server 90180" 0.0185 "-" 97399 0
Dec 12 19:43:02 np0005557753.novalocal proxy-server[90180]: ::1 ::1 13/Dec/2025/00/43/02 PUT /v1/AUTH_afe588ce5e36492b94129e0538b6bb45/gnocchi.934f7b60-908c-4f18-8ec8-b1a768867b39/none_v3 HTTP/1.0 201 - python-swiftclient-4.2.0 gAAAAABpPLaCpY4p... 32 - - txece408f10a61448fa3a6e-00693cb696 - 0.0384 - - 1765586582.713414907 1765586582.751829386 0
Dec 12 19:43:02 np0005557753.novalocal container-server[97099]: ::1 - - [13/Dec/2025:00:43:02 +0000] "PUT /3/180273/AUTH_afe588ce5e36492b94129e0538b6bb45/gnocchi.99a4ece2-ec13-4555-98af-d98d6b412d46/none_v3" 201 - "PUT http://[::1]:8080/1/125356/AUTH_afe588ce5e36492b94129e0538b6bb45/gnocchi.99a4ece2-ec13-4555-98af-d98d6b412d46/none_v3" "txbf4eed53286144259b1d9-00693cb696" "object-server 97401" 0.0011 "-" 97099 0
Dec 12 19:43:02 np0005557753.novalocal object-server[97401]: ::1 - - [13/Dec/2025:00:43:02 +0000] "PUT /1/125356/AUTH_afe588ce5e36492b94129e0538b6bb45/gnocchi.99a4ece2-ec13-4555-98af-d98d6b412d46/none_v3" 201 - "PUT http://[::1]:8080/v1/AUTH_afe588ce5e36492b94129e0538b6bb45/gnocchi.99a4ece2-ec13-4555-98af-d98d6b412d46/none_v3" "txbf4eed53286144259b1d9-00693cb696" "proxy-server 90180" 0.0194 "-" 97401 0
Dec 12 19:43:02 np0005557753.novalocal proxy-server[90180]: ::1 ::1 13/Dec/2025/00/43/02 PUT /v1/AUTH_afe588ce5e36492b94129e0538b6bb45/gnocchi.99a4ece2-ec13-4555-98af-d98d6b412d46/none_v3 HTTP/1.0 201 - python-swiftclient-4.2.0 gAAAAABpPLaCrEYT... 27 - - txbf4eed53286144259b1d9-00693cb696 - 0.0296 - - 1765586582.727310658 1765586582.756868839 0
Dec 12 19:43:02 np0005557753.novalocal NetworkManager[855]: [1765586582.8631] manager: (qbr38f881fc-da): new Bridge device (/org/freedesktop/NetworkManager/Devices/31)
Dec 12 19:43:02 np0005557753.novalocal systemd-udevd[104331]: Network interface NamePolicy= disabled on kernel command line.
Dec 12 19:43:02 np0005557753.novalocal systemd-udevd[104347]: Network interface NamePolicy= disabled on kernel command line.
Dec 12 19:43:02 np0005557753.novalocal dnsmasq[103427]: read /var/lib/neutron/dhcp/05b597d9-8d97-4897-b47c-4ea379aef24f/addn_hosts - 3 addresses
Dec 12 19:43:02 np0005557753.novalocal NetworkManager[855]: [1765586582.8750] manager: (qvo38f881fc-da): new Veth device (/org/freedesktop/NetworkManager/Devices/32)
Dec 12 19:43:02 np0005557753.novalocal dnsmasq-dhcp[103427]: read /var/lib/neutron/dhcp/05b597d9-8d97-4897-b47c-4ea379aef24f/host
Dec 12 19:43:02 np0005557753.novalocal NetworkManager[855]: [1765586582.8757] manager: (qvb38f881fc-da): new Veth device (/org/freedesktop/NetworkManager/Devices/33)
Dec 12 19:43:02 np0005557753.novalocal dnsmasq-dhcp[103427]: read /var/lib/neutron/dhcp/05b597d9-8d97-4897-b47c-4ea379aef24f/opts
Dec 12 19:43:02 np0005557753.novalocal NetworkManager[855]: [1765586582.8801] device (qvo38f881fc-da): carrier: link connected
Dec 12 19:43:02 np0005557753.novalocal NetworkManager[855]: [1765586582.8804] device (qvb38f881fc-da): carrier: link connected
Dec 12 19:43:02 np0005557753.novalocal systemd-udevd[104332]: Network interface NamePolicy= disabled on kernel command line.
Dec 12 19:43:02 np0005557753.novalocal kernel: qbr38f881fc-da: port 1(qvb38f881fc-da) entered blocking state
Dec 12 19:43:02 np0005557753.novalocal kernel: qbr38f881fc-da: port 1(qvb38f881fc-da) entered disabled state
