Dec 12 19:43:23 np0005557753.novalocal object-server[97399]: ::1 - - [13/Dec/2025:00:43:23 +0000] "PUT /2/101205/AUTH_afe588ce5e36492b94129e0538b6bb45/gnocchi.99a4ece2-ec13-4555-98af-d98d6b412d46/1764720000.0_mean_300.0_v3" 201 - "PUT http://[::1]:8080/v1/AUTH_afe588ce5e36492b94129e0538b6bb45/gnocchi.99a4ece2-ec13-4555-98af-d98d6b412d46/1764720000.0_mean_300.0_v3" "tx2d399b5d1bcb4485b0944-00693cb6ab" "proxy-server 90180" 0.0194 "-" 97399 0
Dec 12 19:43:23 np0005557753.novalocal container-server[97097]: ::1 - - [13/Dec/2025:00:43:23 +0000] "PUT /3/180273/AUTH_afe588ce5e36492b94129e0538b6bb45/gnocchi.99a4ece2-ec13-4555-98af-d98d6b412d46/1764720000.0_mean_300.0_v3" 201 - "PUT http://[::1]:8080/1/101205/AUTH_afe588ce5e36492b94129e0538b6bb45/gnocchi.99a4ece2-ec13-4555-98af-d98d6b412d46/1764720000.0_mean_300.0_v3" "tx2d399b5d1bcb4485b0944-00693cb6ab" "object-server 97400" 0.0009 "-" 97097 0
Dec 12 19:43:23 np0005557753.novalocal object-server[97400]: ::1 - - [13/Dec/2025:00:43:23 +0000] "PUT /1/101205/AUTH_afe588ce5e36492b94129e0538b6bb45/gnocchi.99a4ece2-ec13-4555-98af-d98d6b412d46/1764720000.0_mean_300.0_v3" 201 - "PUT http://[::1]:8080/v1/AUTH_afe588ce5e36492b94129e0538b6bb45/gnocchi.99a4ece2-ec13-4555-98af-d98d6b412d46/1764720000.0_mean_300.0_v3" "tx2d399b5d1bcb4485b0944-00693cb6ab" "proxy-server 90180" 0.0195 "-" 97400 0
Dec 12 19:43:23 np0005557753.novalocal proxy-server[90180]: ::1 ::1 13/Dec/2025/00/43/23 PUT /v1/AUTH_afe588ce5e36492b94129e0538b6bb45/gnocchi.1e4918c7-ad24-4838-a2df-59c6d515b970/1764720000.0_mean_300.0_v3 HTTP/1.0 201 - python-swiftclient-4.2.0 gAAAAABpPLaCpY4p... 16 - - tx485101c5324a42fc999cb-00693cb6ab - 0.0364 - - 1765586603.095873356 1765586603.132281780 0
Dec 12 19:43:23 np0005557753.novalocal proxy-server[90180]: ::1 ::1 13/Dec/2025/00/43/23 PUT /v1/AUTH_afe588ce5e36492b94129e0538b6bb45/gnocchi.99a4ece2-ec13-4555-98af-d98d6b412d46/1764720000.0_mean_300.0_v3 HTTP/1.0 201 - python-swiftclient-4.2.0 gAAAAABpPLaCrEYT... 16 - - tx2d399b5d1bcb4485b0944-00693cb6ab - 0.0403 - - 1765586603.096737862 1765586603.137038231 0
Dec 12 19:43:23 np0005557753.novalocal container-server[97097]: ::1 - - [13/Dec/2025:00:43:23 +0000] "PUT /2/131670/AUTH_afe588ce5e36492b94129e0538b6bb45/gnocchi.1e4918c7-ad24-4838-a2df-59c6d515b970/none_v3" 201 - "PUT http://[::1]:8080/2/204327/AUTH_afe588ce5e36492b94129e0538b6bb45/gnocchi.1e4918c7-ad24-4838-a2df-59c6d515b970/none_v3" "txabde569bfa3e45ef9e05a-00693cb6ab" "object-server 97401" 0.0009 "-" 97097 0
Dec 12 19:43:23 np0005557753.novalocal object-server[97401]: ::1 - - [13/Dec/2025:00:43:23 +0000] "PUT /2/204327/AUTH_afe588ce5e36492b94129e0538b6bb45/gnocchi.1e4918c7-ad24-4838-a2df-59c6d515b970/none_v3" 201 - "PUT http://[::1]:8080/v1/AUTH_afe588ce5e36492b94129e0538b6bb45/gnocchi.1e4918c7-ad24-4838-a2df-59c6d515b970/none_v3" "txabde569bfa3e45ef9e05a-00693cb6ab" "proxy-server 90180" 0.0216 "-" 97401 0
Dec 12 19:43:23 np0005557753.novalocal container-server[97097]: ::1 - - [13/Dec/2025:00:43:23 +0000] "PUT /1/180273/AUTH_afe588ce5e36492b94129e0538b6bb45/gnocchi.99a4ece2-ec13-4555-98af-d98d6b412d46/none_v3" 201 - "PUT http://[::1]:8080/3/125356/AUTH_afe588ce5e36492b94129e0538b6bb45/gnocchi.99a4ece2-ec13-4555-98af-d98d6b412d46/none_v3" "tx0752ad466f0e4da48e0f7-00693cb6ab" "object-server 97401" 0.0006 "-" 97097 0
Dec 12 19:43:23 np0005557753.novalocal container-server[97098]: ::1 - - [13/Dec/2025:00:43:23 +0000] "PUT /1/131670/AUTH_afe588ce5e36492b94129e0538b6bb45/gnocchi.1e4918c7-ad24-4838-a2df-59c6d515b970/none_v3" 201 - "PUT http://[::1]:8080/1/204327/AUTH_afe588ce5e36492b94129e0538b6bb45/gnocchi.1e4918c7-ad24-4838-a2df-59c6d515b970/none_v3" "txabde569bfa3e45ef9e05a-00693cb6ab" "object-server 97402" 0.0007 "-" 97098 0
Dec 12 19:43:23 np0005557753.novalocal container-server[97097]: ::1 - - [13/Dec/2025:00:43:23 +0000] "PUT /3/180273/AUTH_afe588ce5e36492b94129e0538b6bb45/gnocchi.99a4ece2-ec13-4555-98af-d98d6b412d46/none_v3" 201 - "PUT http://[::1]:8080/2/125356/AUTH_afe588ce5e36492b94129e0538b6bb45/gnocchi.99a4ece2-ec13-4555-98af-d98d6b412d46/none_v3" "tx0752ad466f0e4da48e0f7-00693cb6ab" "object-server 97399" 0.0006 "-" 97097 0
Dec 12 19:43:23 np0005557753.novalocal object-server[97399]: ::1 - - [13/Dec/2025:00:43:23 +0000] "PUT /2/125356/AUTH_afe588ce5e36492b94129e0538b6bb45/gnocchi.99a4ece2-ec13-4555-98af-d98d6b412d46/none_v3" 201 - "PUT http://[::1]:8080/v1/AUTH_afe588ce5e36492b94129e0538b6bb45/gnocchi.99a4ece2-ec13-4555-98af-d98d6b412d46/none_v3" "tx0752ad466f0e4da48e0f7-00693cb6ab" "proxy-server 90180" 0.0169 "-" 97399 0
Dec 12 19:43:23 np0005557753.novalocal object-server[97402]: ::1 - - [13/Dec/2025:00:43:23 +0000] "PUT /1/204327/AUTH_afe588ce5e36492b94129e0538b6bb45/gnocchi.1e4918c7-ad24-4838-a2df-59c6d515b970/none_v3" 201 - "PUT http://[::1]:8080/v1/AUTH_afe588ce5e36492b94129e0538b6bb45/gnocchi.1e4918c7-ad24-4838-a2df-59c6d515b970/none_v3" "txabde569bfa3e45ef9e05a-00693cb6ab" "proxy-server 90180" 0.0269 "-" 97402 0
Dec 12 19:43:23 np0005557753.novalocal container-server[97098]: ::1 - - [13/Dec/2025:00:43:23 +0000] "PUT /3/131670/AUTH_afe588ce5e36492b94129e0538b6bb45/gnocchi.1e4918c7-ad24-4838-a2df-59c6d515b970/none_v3" 201 - "PUT http://[::1]:8080/3/204327/AUTH_afe588ce5e36492b94129e0538b6bb45/gnocchi.1e4918c7-ad24-4838-a2df-59c6d515b970/none_v3" "txabde569bfa3e45ef9e05a-00693cb6ab" "object-server 97402" 0.0010 "-" 97098 0
Dec 12 19:43:23 np0005557753.novalocal container-server[97099]: ::1 - - [13/Dec/2025:00:43:23 +0000] "PUT /2/180273/AUTH_afe588ce5e36492b94129e0538b6bb45/gnocchi.99a4ece2-ec13-4555-98af-d98d6b412d46/none_v3" 201 - "PUT http://[::1]:8080/1/125356/AUTH_afe588ce5e36492b94129e0538b6bb45/gnocchi.99a4ece2-ec13-4555-98af-d98d6b412d46/none_v3" "tx0752ad466f0e4da48e0f7-00693cb6ab" "object-server 97399" 0.0010 "-" 97099 0
Dec 12 19:43:23 np0005557753.novalocal object-server[97401]: ::1 - - [13/Dec/2025:00:43:23 +0000] "PUT /3/125356/AUTH_afe588ce5e36492b94129e0538b6bb45/gnocchi.99a4ece2-ec13-4555-98af-d98d6b412d46/none_v3" 201 - "PUT http://[::1]:8080/v1/AUTH_afe588ce5e36492b94129e0538b6bb45/gnocchi.99a4ece2-ec13-4555-98af-d98d6b412d46/none_v3" "tx0752ad466f0e4da48e0f7-00693cb6ab" "proxy-server 90180" 0.0189 "-" 97401 0
Dec 12 19:43:23 np0005557753.novalocal object-server[97399]: ::1 - - [13/Dec/2025:00:43:23 +0000] "PUT /1/125356/AUTH_afe588ce5e36492b94129e0538b6bb45/gnocchi.99a4ece2-ec13-4555-98af-d98d6b412d46/none_v3" 201 - "PUT http://[::1]:8080/v1/AUTH_afe588ce5e36492b94129e0538b6bb45/gnocchi.99a4ece2-ec13-4555-98af-d98d6b412d46/none_v3" "tx0752ad466f0e4da48e0f7-00693cb6ab" "proxy-server 90180" 0.0205 "-" 97399 0
Dec 12 19:43:23 np0005557753.novalocal object-server[97402]: ::1 - - [13/Dec/2025:00:43:23 +0000] "PUT /3/204327/AUTH_afe588ce5e36492b94129e0538b6bb45/gnocchi.1e4918c7-ad24-4838-a2df-59c6d515b970/none_v3" 201 - "PUT http://[::1]:8080/v1/AUTH_afe588ce5e36492b94129e0538b6bb45/gnocchi.1e4918c7-ad24-4838-a2df-59c6d515b970/none_v3" "txabde569bfa3e45ef9e05a-00693cb6ab" "proxy-server 90180" 0.0302 "-" 97402 0
Dec 12 19:43:23 np0005557753.novalocal proxy-server[90180]: ::1 ::1 13/Dec/2025/00/43/23 PUT /v1/AUTH_afe588ce5e36492b94129e0538b6bb45/gnocchi.99a4ece2-ec13-4555-98af-d98d6b412d46/none_v3 HTTP/1.0 201 - python-swiftclient-4.2.0 gAAAAABpPLaCrEYT... 45 - - tx0752ad466f0e4da48e0f7-00693cb6ab - 0.0333 - - 1765586603.145457745 1765586603.178803682 0
Dec 12 19:43:23 np0005557753.novalocal proxy-server[90180]: ::1 ::1 13/Dec/2025/00/43/23 PUT /v1/AUTH_afe588ce5e36492b94129e0538b6bb45/gnocchi.1e4918c7-ad24-4838-a2df-59c6d515b970/none_v3 HTTP/1.0 201 - python-swiftclient-4.2.0 gAAAAABpPLaCpY4p... 51 - - txabde569bfa3e45ef9e05a-00693cb6ab - 0.0416 - - 1765586603.138481379 1765586603.180058002 0
Dec 12 19:43:23 np0005557753.novalocal object-server[97401]: ::1 - - [13/Dec/2025:00:43:23 +0000] "GET /3/202858/AUTH_afe588ce5e36492b94129e0538b6bb45/gnocchi.934f7b60-908c-4f18-8ec8-b1a768867b39/none_v3" 200 46 "GET http://[::1]:8080/v1/AUTH_afe588ce5e36492b94129e0538b6bb45/gnocchi.934f7b60-908c-4f18-8ec8-b1a768867b39/none_v3" "txb2902089c27041d4a2ca2-00693cb6ab" "proxy-server 90180" 0.0008 "-" 97401 0
Dec 12 19:43:23 np0005557753.novalocal object-server[97399]: ::1 - - [13/Dec/2025:00:43:23 +0000] "GET /2/61336/AUTH_afe588ce5e36492b94129e0538b6bb45/gnocchi.1fe5b2c2-a804-47b4-9128-d3ea69008c69/none_v3" 200 46 "GET http://[::1]:8080/v1/AUTH_afe588ce5e36492b94129e0538b6bb45/gnocchi.1fe5b2c2-a804-47b4-9128-d3ea69008c69/none_v3" "txeef54237ade04b81bd29a-00693cb6ab" "proxy-server 90180" 0.0008 "-" 97399 0
Dec 12 19:43:23 np0005557753.novalocal proxy-server[90180]: ::1 ::1 13/Dec/2025/00/43/23 GET /v1/AUTH_afe588ce5e36492b94129e0538b6bb45/gnocchi.934f7b60-908c-4f18-8ec8-b1a768867b39/none_v3 HTTP/1.0 200 - python-swiftclient-4.2.0 gAAAAABpPLaCpY4p... - 46 - txb2902089c27041d4a2ca2-00693cb6ab - 0.0086 - - 1765586603.194416046 1765586603.203033447 0
Dec 12 19:43:23 np0005557753.novalocal proxy-server[90180]: ::1 ::1 13/Dec/2025/00/43/23 GET /v1/AUTH_afe588ce5e36492b94129e0538b6bb45/gnocchi.1fe5b2c2-a804-47b4-9128-d3ea69008c69/none_v3 HTTP/1.0 200 - python-swiftclient-4.2.0 gAAAAABpPLaCrEYT... - 46 - txeef54237ade04b81bd29a-00693cb6ab - 0.0093 - - 1765586603.194854498 1765586603.204153061 0
Dec 12 19:43:23 np0005557753.novalocal container-server[97099]: ::1 - - [13/Dec/2025:00:43:23 +0000] "GET /2/42614/AUTH_afe588ce5e36492b94129e0538b6bb45/gnocchi.1fe5b2c2-a804-47b4-9128-d3ea69008c69" 200 357 "GET http://[::1]:8080/v1/AUTH_afe588ce5e36492b94129e0538b6bb45/gnocchi.1fe5b2c2-a804-47b4-9128-d3ea69008c69?format=json&states=listing" "txe2f2a2b1f22841659ac3a-00693cb6ab" "proxy-server 90180" 0.0027 "-" 97099 0
Dec 12 19:43:23 np0005557753.novalocal container-server[97096]: ::1 - - [13/Dec/2025:00:43:23 +0000] "GET /2/94652/AUTH_afe588ce5e36492b94129e0538b6bb45/gnocchi.934f7b60-908c-4f18-8ec8-b1a768867b39" 200 357 "GET http://[::1]:8080/v1/AUTH_afe588ce5e36492b94129e0538b6bb45/gnocchi.934f7b60-908c-4f18-8ec8-b1a768867b39?format=json&states=listing" "txd56f3a71aa0e4314bfbcc-00693cb6ab" "proxy-server 90180" 0.0046 "-" 97096 0
Dec 12 19:43:23 np0005557753.novalocal proxy-server[90180]: ::1 ::1 13/Dec/2025/00/43/23 GET /v1/AUTH_afe588ce5e36492b94129e0538b6bb45/gnocchi.1fe5b2c2-a804-47b4-9128-d3ea69008c69%3Fformat%3Djson%26states%3Dlisting HTTP/1.0 200 - python-swiftclient-4.2.0 gAAAAABpPLaCrEYT... - 357 - txe2f2a2b1f22841659ac3a-00693cb6ab - 0.0095 - - 1765586603.206939459 1765586603.216474056 0
Dec 12 19:43:23 np0005557753.novalocal proxy-server[90180]: ::1 ::1 13/Dec/2025/00/43/23 GET /v1/AUTH_afe588ce5e36492b94129e0538b6bb45/gnocchi.934f7b60-908c-4f18-8ec8-b1a768867b39%3Fformat%3Djson%26states%3Dlisting HTTP/1.0 200 - python-swiftclient-4.2.0 gAAAAABpPLaCpY4p... - 357 - txd56f3a71aa0e4314bfbcc-00693cb6ab - 0.0117 - - 1765586603.206570864 1765586603.218282461 0
Dec 12 19:43:23 np0005557753.novalocal container-server[97099]: ::1 - - [13/Dec/2025:00:43:23 +0000] "GET /3/42614/AUTH_afe588ce5e36492b94129e0538b6bb45/gnocchi.1fe5b2c2-a804-47b4-9128-d3ea69008c69" 200 2 "GET http://[::1]:8080/v1/AUTH_afe588ce5e36492b94129e0538b6bb45/gnocchi.1fe5b2c2-a804-47b4-9128-d3ea69008c69?format=json&marker=none_v3&states=listing" "tx7a7d55eef888412cb476b-00693cb6ab" "proxy-server 90180" 0.0021 "-" 97099 0
Dec 12 19:43:23 np0005557753.novalocal proxy-server[90180]: ::1 ::1 13/Dec/2025/00/43/23 GET /v1/AUTH_afe588ce5e36492b94129e0538b6bb45/gnocchi.1fe5b2c2-a804-47b4-9128-d3ea69008c69%3Fformat%3Djson%26marker%3Dnone_v3%26states%3Dlisting HTTP/1.0 200 - python-swiftclient-4.2.0 gAAAAABpPLaCrEYT... - 2 - tx7a7d55eef888412cb476b-00693cb6ab - 0.0092 - - 1765586603.218941689 1765586603.228158712 0
Dec 12 19:43:23 np0005557753.novalocal container-server[97097]: ::1 - - [13/Dec/2025:00:43:23 +0000] "GET /1/94652/AUTH_afe588ce5e36492b94129e0538b6bb45/gnocchi.934f7b60-908c-4f18-8ec8-b1a768867b39" 200 2 "GET http://[::1]:8080/v1/AUTH_afe588ce5e36492b94129e0538b6bb45/gnocchi.934f7b60-908c-4f18-8ec8-b1a768867b39?format=json&marker=none_v3&states=listing" "txeddb0e19bcde45d78f8aa-00693cb6ab" "proxy-server 90180" 0.0038 "-" 97097 0
Dec 12 19:43:23 np0005557753.novalocal proxy-server[90180]: ::1 ::1 13/Dec/2025/00/43/23 GET /v1/AUTH_afe588ce5e36492b94129e0538b6bb45/gnocchi.934f7b60-908c-4f18-8ec8-b1a768867b39%3Fformat%3Djson%26marker%3Dnone_v3%26states%3Dlisting HTTP/1.0 200 - python-swiftclient-4.2.0 gAAAAABpPLaCpY4p... - 2 - txeddb0e19bcde45d78f8aa-00693cb6ab - 0.0106 - - 1765586603.221342325 1765586603.231947184 0
Dec 12 19:43:23 np0005557753.novalocal object-server[97402]: ::1 - - [13/Dec/2025:00:43:23 +0000] "GET /1/44558/AUTH_afe588ce5e36492b94129e0538b6bb45/gnocchi.1fe5b2c2-a804-47b4-9128-d3ea69008c69/1764720000.0_mean_300.0_v3" 200 16 "GET http://[::1]:8080/v1/AUTH_afe588ce5e36492b94129e0538b6bb45/gnocchi.1fe5b2c2-a804-47b4-9128-d3ea69008c69/1764720000.0_mean_300.0_v3" "txf1f8fe8f9afe446180405-00693cb6ab" "proxy-server 90180" 0.0013 "-" 97402 0
Dec 12 19:43:23 np0005557753.novalocal proxy-server[90180]: ::1 ::1 13/Dec/2025/00/43/23 GET /v1/AUTH_afe588ce5e36492b94129e0538b6bb45/gnocchi.1fe5b2c2-a804-47b4-9128-d3ea69008c69/1764720000.0_mean_300.0_v3 HTTP/1.0 200 - python-swiftclient-4.2.0 gAAAAABpPLaCrEYT... - 16 - txf1f8fe8f9afe446180405-00693cb6ab - 0.0196 - - 1765586603.230868340 1765586603.250421286 0
Dec 12 19:43:23 np0005557753.novalocal object-server[97402]: ::1 - - [13/Dec/2025:00:43:23 +0000] "GET /1/137539/AUTH_afe588ce5e36492b94129e0538b6bb45/gnocchi.934f7b60-908c-4f18-8ec8-b1a768867b39/1764720000.0_mean_300.0_v3" 200 16 "GET http://[::1]:8080/v1/AUTH_afe588ce5e36492b94129e0538b6bb45/gnocchi.934f7b60-908c-4f18-8ec8-b1a768867b39/1764720000.0_mean_300.0_v3" "txb0bcfd11ea864c1ca6e7c-00693cb6ab" "proxy-server 90180" 0.0008 "-" 97402 0
Dec 12 19:43:23 np0005557753.novalocal proxy-server[90180]: ::1 ::1 13/Dec/2025/00/43/23 GET /v1/AUTH_afe588ce5e36492b94129e0538b6bb45/gnocchi.934f7b60-908c-4f18-8ec8-b1a768867b39/1764720000.0_mean_300.0_v3 HTTP/1.0 200 - python-swiftclient-4.2.0 gAAAAABpPLaCpY4p... - 16 - txb0bcfd11ea864c1ca6e7c-00693cb6ab - 0.0169 - - 1765586603.236164331 1765586603.253018141 0
Dec 12 19:43:23 np0005557753.novalocal kernel: qvbe268517d-6f: left allmulticast mode
Dec 12 19:43:23 np0005557753.novalocal kernel: qvbe268517d-6f: left promiscuous mode
Dec 12 19:43:23 np0005557753.novalocal kernel: qbre268517d-6f: port 1(qvbe268517d-6f) entered disabled state
Dec 12 19:43:23 np0005557753.novalocal container-server[97099]: ::1 - - [13/Dec/2025:00:43:23 +0000] "PUT /2/42614/AUTH_afe588ce5e36492b94129e0538b6bb45/gnocchi.1fe5b2c2-a804-47b4-9128-d3ea69008c69/1764720000.0_mean_300.0_v3" 201 - "PUT http://[::1]:8080/3/44558/AUTH_afe588ce5e36492b94129e0538b6bb45/gnocchi.1fe5b2c2-a804-47b4-9128-d3ea69008c69/1764720000.0_mean_300.0_v3" "tx7a89a40839234852a020a-00693cb6ab" "object-server 97401" 0.0008 "-" 97099 0
Dec 12 19:43:23 np0005557753.novalocal container-server[97099]: ::1 - - [13/Dec/2025:00:43:23 +0000] "PUT /3/42614/AUTH_afe588ce5e36492b94129e0538b6bb45/gnocchi.1fe5b2c2-a804-47b4-9128-d3ea69008c69/1764720000.0_mean_300.0_v3" 201 - "PUT http://[::1]:8080/1/44558/AUTH_afe588ce5e36492b94129e0538b6bb45/gnocchi.1fe5b2c2-a804-47b4-9128-d3ea69008c69/1764720000.0_mean_300.0_v3" "tx7a89a40839234852a020a-00693cb6ab" "object-server 97402" 0.0004 "-" 97099 0
Dec 12 19:43:23 np0005557753.novalocal container-server[97099]: ::1 - - [13/Dec/2025:00:43:23 +0000] "PUT /1/42614/AUTH_afe588ce5e36492b94129e0538b6bb45/gnocchi.1fe5b2c2-a804-47b4-9128-d3ea69008c69/1764720000.0_mean_300.0_v3" 201 - "PUT http://[::1]:8080/2/44558/AUTH_afe588ce5e36492b94129e0538b6bb45/gnocchi.1fe5b2c2-a804-47b4-9128-d3ea69008c69/1764720000.0_mean_300.0_v3" "tx7a89a40839234852a020a-00693cb6ab" "object-server 97400" 0.0007 "-" 97099 0
Dec 12 19:43:23 np0005557753.novalocal object-server[97401]: ::1 - - [13/Dec/2025:00:43:23 +0000] "PUT /3/44558/AUTH_afe588ce5e36492b94129e0538b6bb45/gnocchi.1fe5b2c2-a804-47b4-9128-d3ea69008c69/1764720000.0_mean_300.0_v3" 201 - "PUT http://[::1]:8080/v1/AUTH_afe588ce5e36492b94129e0538b6bb45/gnocchi.1fe5b2c2-a804-47b4-9128-d3ea69008c69/1764720000.0_mean_300.0_v3" "tx7a89a40839234852a020a-00693cb6ab" "proxy-server 90180" 0.0171 "-" 97401 0
Dec 12 19:43:23 np0005557753.novalocal container-server[97098]: ::1 - - [13/Dec/2025:00:43:23 +0000] "PUT /2/94652/AUTH_afe588ce5e36492b94129e0538b6bb45/gnocchi.934f7b60-908c-4f18-8ec8-b1a768867b39/1764720000.0_mean_300.0_v3" 201 - "PUT http://[::1]:8080/1/137539/AUTH_afe588ce5e36492b94129e0538b6bb45/gnocchi.934f7b60-908c-4f18-8ec8-b1a768867b39/1764720000.0_mean_300.0_v3" "tx2bde33dfa96c4a81b9e17-00693cb6ab" "object-server 97399" 0.0010 "-" 97098 0
Dec 12 19:43:23 np0005557753.novalocal object-server[97399]: ::1 - - [13/Dec/2025:00:43:23 +0000] "PUT /1/137539/AUTH_afe588ce5e36492b94129e0538b6bb45/gnocchi.934f7b60-908c-4f18-8ec8-b1a768867b39/1764720000.0_mean_300.0_v3" 201 - "PUT http://[::1]:8080/v1/AUTH_afe588ce5e36492b94129e0538b6bb45/gnocchi.934f7b60-908c-4f18-8ec8-b1a768867b39/1764720000.0_mean_300.0_v3" "tx2bde33dfa96c4a81b9e17-00693cb6ab" "proxy-server 90180" 0.0120 "-" 97399 0
Dec 12 19:43:23 np0005557753.novalocal object-server[97400]: ::1 - - [13/Dec/2025:00:43:23 +0000] "PUT /2/44558/AUTH_afe588ce5e36492b94129e0538b6bb45/gnocchi.1fe5b2c2-a804-47b4-9128-d3ea69008c69/1764720000.0_mean_300.0_v3" 201 - "PUT http://[::1]:8080/v1/AUTH_afe588ce5e36492b94129e0538b6bb45/gnocchi.1fe5b2c2-a804-47b4-9128-d3ea69008c69/1764720000.0_mean_300.0_v3" "tx7a89a40839234852a020a-00693cb6ab" "proxy-server 90180" 0.0207 "-" 97400 0
Dec 12 19:43:23 np0005557753.novalocal container-server[97096]: ::1 - - [13/Dec/2025:00:43:23 +0000] "PUT /3/94652/AUTH_afe588ce5e36492b94129e0538b6bb45/gnocchi.934f7b60-908c-4f18-8ec8-b1a768867b39/1764720000.0_mean_300.0_v3" 201 - "PUT http://[::1]:8080/3/137539/AUTH_afe588ce5e36492b94129e0538b6bb45/gnocchi.934f7b60-908c-4f18-8ec8-b1a768867b39/1764720000.0_mean_300.0_v3" "tx2bde33dfa96c4a81b9e17-00693cb6ab" "object-server 97401" 0.0008 "-" 97096 0
Dec 12 19:43:23 np0005557753.novalocal object-server[97402]: ::1 - - [13/Dec/2025:00:43:23 +0000] "PUT /1/44558/AUTH_afe588ce5e36492b94129e0538b6bb45/gnocchi.1fe5b2c2-a804-47b4-9128-d3ea69008c69/1764720000.0_mean_300.0_v3" 201 - "PUT http://[::1]:8080/v1/AUTH_afe588ce5e36492b94129e0538b6bb45/gnocchi.1fe5b2c2-a804-47b4-9128-d3ea69008c69/1764720000.0_mean_300.0_v3" "tx7a89a40839234852a020a-00693cb6ab" "proxy-server 90180" 0.0194 "-" 97402 0
Dec 12 19:43:23 np0005557753.novalocal object-server[97401]: ::1 - - [13/Dec/2025:00:43:23 +0000] "PUT /3/137539/AUTH_afe588ce5e36492b94129e0538b6bb45/gnocchi.934f7b60-908c-4f18-8ec8-b1a768867b39/1764720000.0_mean_300.0_v3" 201 - "PUT http://[::1]:8080/v1/AUTH_afe588ce5e36492b94129e0538b6bb45/gnocchi.934f7b60-908c-4f18-8ec8-b1a768867b39/1764720000.0_mean_300.0_v3" "tx2bde33dfa96c4a81b9e17-00693cb6ab" "proxy-server 90180" 0.0159 "-" 97401 0
Dec 12 19:43:23 np0005557753.novalocal NetworkManager[855]: [1765586603.2859] device (qbre268517d-6f): bridge port qvbe268517d-6f was detached
Dec 12 19:43:23 np0005557753.novalocal NetworkManager[855]: [1765586603.2868] device (qbre268517d-6f): state change: activated -> unmanaged (reason 'unmanaged', managed-type: 'removed')
Dec 12 19:43:23 np0005557753.novalocal proxy-server[90180]: ::1 ::1 13/Dec/2025/00/43/23 PUT /v1/AUTH_afe588ce5e36492b94129e0538b6bb45/gnocchi.1fe5b2c2-a804-47b4-9128-d3ea69008c69/1764720000.0_mean_300.0_v3 HTTP/1.0 201 - python-swiftclient-4.2.0 gAAAAABpPLaCrEYT... 16 - - tx7a89a40839234852a020a-00693cb6ab - 0.0345 - - 1765586603.254397869 1765586603.288944483 0
Dec 12 19:43:23 np0005557753.novalocal container-server[97099]: ::1 - - [13/Dec/2025:00:43:23 +0000] "PUT /1/94652/AUTH_afe588ce5e36492b94129e0538b6bb45/gnocchi.934f7b60-908c-4f18-8ec8-b1a768867b39/1764720000.0_mean_300.0_v3" 201 - "PUT http://[::1]:8080/2/137539/AUTH_afe588ce5e36492b94129e0538b6bb45/gnocchi.934f7b60-908c-4f18-8ec8-b1a768867b39/1764720000.0_mean_300.0_v3" "tx2bde33dfa96c4a81b9e17-00693cb6ab" "object-server 97400" 0.0018 "-" 97099 0
Dec 12 19:43:23 np0005557753.novalocal kernel: qvoe268517d-6f: left promiscuous mode
Dec 12 19:43:23 np0005557753.novalocal object-server[97400]: ::1 - - [13/Dec/2025:00:43:23 +0000] "PUT /2/137539/AUTH_afe588ce5e36492b94129e0538b6bb45/gnocchi.934f7b60-908c-4f18-8ec8-b1a768867b39/1764720000.0_mean_300.0_v3" 201 - "PUT http://[::1]:8080/v1/AUTH_afe588ce5e36492b94129e0538b6bb45/gnocchi.934f7b60-908c-4f18-8ec8-b1a768867b39/1764720000.0_mean_300.0_v3" "tx2bde33dfa96c4a81b9e17-00693cb6ab" "proxy-server 90180" 0.0319 "-" 97400 0
Dec 12 19:43:23 np0005557753.novalocal proxy-server[90180]: ::1 ::1 13/Dec/2025/00/43/23 PUT /v1/AUTH_afe588ce5e36492b94129e0538b6bb45/gnocchi.934f7b60-908c-4f18-8ec8-b1a768867b39/1764720000.0_mean_300.0_v3 HTTP/1.0 201 - python-swiftclient-4.2.0 gAAAAABpPLaCpY4p... 16 - - tx2bde33dfa96c4a81b9e17-00693cb6ab - 0.0475 - - 1765586603.256175518 1765586603.303664207 0
Dec 12 19:43:23 np0005557753.novalocal container-server[97099]: ::1 - - [13/Dec/2025:00:43:23 +0000] "PUT /1/42614/AUTH_afe588ce5e36492b94129e0538b6bb45/gnocchi.1fe5b2c2-a804-47b4-9128-d3ea69008c69/none_v3" 201 - "PUT http://[::1]:8080/3/61336/AUTH_afe588ce5e36492b94129e0538b6bb45/gnocchi.1fe5b2c2-a804-47b4-9128-d3ea69008c69/none_v3" "tx3c2347171d904bb5b77b6-00693cb6ab" "object-server 97400" 0.0006 "-" 97099 0
Dec 12 19:43:23 np0005557753.novalocal object-server[97400]: ::1 - - [13/Dec/2025:00:43:23 +0000] "PUT /3/61336/AUTH_afe588ce5e36492b94129e0538b6bb45/gnocchi.1fe5b2c2-a804-47b4-9128-d3ea69008c69/none_v3" 201 - "PUT http://[::1]:8080/v1/AUTH_afe588ce5e36492b94129e0538b6bb45/gnocchi.1fe5b2c2-a804-47b4-9128-d3ea69008c69/none_v3" "tx3c2347171d904bb5b77b6-00693cb6ab" "proxy-server 90180" 0.0103 "-" 97400 0
Dec 12 19:43:23 np0005557753.novalocal container-server[97097]: ::1 - - [13/Dec/2025:00:43:23 +0000] "PUT /3/42614/AUTH_afe588ce5e36492b94129e0538b6bb45/gnocchi.1fe5b2c2-a804-47b4-9128-d3ea69008c69/none_v3" 201 - "PUT http://[::1]:8080/2/61336/AUTH_afe588ce5e36492b94129e0538b6bb45/gnocchi.1fe5b2c2-a804-47b4-9128-d3ea69008c69/none_v3" "tx3c2347171d904bb5b77b6-00693cb6ab" "object-server 97401" 0.0023 "-" 97097 0
Dec 12 19:43:23 np0005557753.novalocal object-server[97401]: ::1 - - [13/Dec/2025:00:43:23 +0000] "PUT /2/61336/AUTH_afe588ce5e36492b94129e0538b6bb45/gnocchi.1fe5b2c2-a804-47b4-9128-d3ea69008c69/none_v3" 201 - "PUT http://[::1]:8080/v1/AUTH_afe588ce5e36492b94129e0538b6bb45/gnocchi.1fe5b2c2-a804-47b4-9128-d3ea69008c69/none_v3" "tx3c2347171d904bb5b77b6-00693cb6ab" "proxy-server 90180" 0.0148 "-" 97401 0
Dec 12 19:43:23 np0005557753.novalocal container-server[97098]: ::1 - - [13/Dec/2025:00:43:23 +0000] "PUT /2/42614/AUTH_afe588ce5e36492b94129e0538b6bb45/gnocchi.1fe5b2c2-a804-47b4-9128-d3ea69008c69/none_v3" 201 - "PUT http://[::1]:8080/1/61336/AUTH_afe588ce5e36492b94129e0538b6bb45/gnocchi.1fe5b2c2-a804-47b4-9128-d3ea69008c69/none_v3" "tx3c2347171d904bb5b77b6-00693cb6ab" "object-server 97399" 0.0010 "-" 97098 0
Dec 12 19:43:23 np0005557753.novalocal object-server[97399]: ::1 - - [13/Dec/2025:00:43:23 +0000] "PUT /1/61336/AUTH_afe588ce5e36492b94129e0538b6bb45/gnocchi.1fe5b2c2-a804-47b4-9128-d3ea69008c69/none_v3" 201 - "PUT http://[::1]:8080/v1/AUTH_afe588ce5e36492b94129e0538b6bb45/gnocchi.1fe5b2c2-a804-47b4-9128-d3ea69008c69/none_v3" "tx3c2347171d904bb5b77b6-00693cb6ab" "proxy-server 90180" 0.1508 "-" 97399 0
Dec 12 19:43:23 np0005557753.novalocal container-server[97098]: ::1 - - [13/Dec/2025:00:43:23 +0000] "PUT /1/94652/AUTH_afe588ce5e36492b94129e0538b6bb45/gnocchi.934f7b60-908c-4f18-8ec8-b1a768867b39/none_v3" 201 - "PUT http://[::1]:8080/2/202858/AUTH_afe588ce5e36492b94129e0538b6bb45/gnocchi.934f7b60-908c-4f18-8ec8-b1a768867b39/none_v3" "tx27e44fd07f08477787603-00693cb6ab" "object-server 97401" 0.0006 "-" 97098 0
Dec 12 19:43:23 np0005557753.novalocal object-server[97401]: ::1 - - [13/Dec/2025:00:43:23 +0000] "PUT /2/202858/AUTH_afe588ce5e36492b94129e0538b6bb45/gnocchi.934f7b60-908c-4f18-8ec8-b1a768867b39/none_v3" 201 - "PUT http://[::1]:8080/v1/AUTH_afe588ce5e36492b94129e0538b6bb45/gnocchi.934f7b60-908c-4f18-8ec8-b1a768867b39/none_v3" "tx27e44fd07f08477787603-00693cb6ab" "proxy-server 90180" 0.1404 "-" 97401 0
Dec 12 19:43:23 np0005557753.novalocal container-server[97099]: ::1 - - [13/Dec/2025:00:43:23 +0000] "PUT /3/94652/AUTH_afe588ce5e36492b94129e0538b6bb45/gnocchi.934f7b60-908c-4f18-8ec8-b1a768867b39/none_v3" 201 - "PUT http://[::1]:8080/3/202858/AUTH_afe588ce5e36492b94129e0538b6bb45/gnocchi.934f7b60-908c-4f18-8ec8-b1a768867b39/none_v3" "tx27e44fd07f08477787603-00693cb6ab" "object-server 97400" 0.0008 "-" 97099 0
Dec 12 19:43:23 np0005557753.novalocal proxy-server[90180]: ::1 ::1 13/Dec/2025/00/43/23 PUT /v1/AUTH_afe588ce5e36492b94129e0538b6bb45/gnocchi.1fe5b2c2-a804-47b4-9128-d3ea69008c69/none_v3 HTTP/1.0 201 - python-swiftclient-4.2.0 gAAAAABpPLaCrEYT... 52 - - tx3c2347171d904bb5b77b6-00693cb6ab - 0.1616 - - 1765586603.292723179 1765586603.454296350 0
Dec 12 19:43:23 np0005557753.novalocal object-server[97400]: ::1 - - [13/Dec/2025:00:43:23 +0000] "PUT /3/202858/AUTH_afe588ce5e36492b94129e0538b6bb45/gnocchi.934f7b60-908c-4f18-8ec8-b1a768867b39/none_v3" 201 - "PUT http://[::1]:8080/v1/AUTH_afe588ce5e36492b94129e0538b6bb45/gnocchi.934f7b60-908c-4f18-8ec8-b1a768867b39/none_v3" "tx27e44fd07f08477787603-00693cb6ab" "proxy-server 90180" 0.1378 "-" 97400 0
Dec 12 19:43:23 np0005557753.novalocal container-server[97098]: ::1 - - [13/Dec/2025:00:43:23 +0000] "PUT /2/94652/AUTH_afe588ce5e36492b94129e0538b6bb45/gnocchi.934f7b60-908c-4f18-8ec8-b1a768867b39/none_v3" 201 - "PUT http://[::1]:8080/1/202858/AUTH_afe588ce5e36492b94129e0538b6bb45/gnocchi.934f7b60-908c-4f18-8ec8-b1a768867b39/none_v3" "tx27e44fd07f08477787603-00693cb6ab" "object-server 97400" 0.0006 "-" 97098 0
Dec 12 19:43:23 np0005557753.novalocal object-server[97400]: ::1 - - [13/Dec/2025:00:43:23 +0000] "PUT /1/202858/AUTH_afe588ce5e36492b94129e0538b6bb45/gnocchi.934f7b60-908c-4f18-8ec8-b1a768867b39/none_v3" 201 - "PUT http://[::1]:8080/v1/AUTH_afe588ce5e36492b94129e0538b6bb45/gnocchi.934f7b60-908c-4f18-8ec8-b1a768867b39/none_v3" "tx27e44fd07f08477787603-00693cb6ab" "proxy-server 90180" 0.1469 "-" 97400 0
Dec 12 19:43:23 np0005557753.novalocal proxy-server[90180]: ::1 ::1 13/Dec/2025/00/43/23 PUT /v1/AUTH_afe588ce5e36492b94129e0538b6bb45/gnocchi.934f7b60-908c-4f18-8ec8-b1a768867b39/none_v3 HTTP/1.0 201 - python-swiftclient-4.2.0 gAAAAABpPLaCpY4p... 52 - - tx27e44fd07f08477787603-00693cb6ab - 0.1630 - - 1765586603.306393862 1765586603.469380140 0
Dec 12 19:43:24 np0005557753.novalocal dnsmasq-dhcp[103427]: DHCPRELEASE(tap22dc85c7-ad) 10.100.0.7 fa:16:3e:fb:55:e4
Dec 12 19:43:24 np0005557753.novalocal dnsmasq-dhcp[103427]: DHCPRELEASE(tap22dc85c7-ad) 10.100.0.7 fa:16:3e:fb:55:e4 unknown lease
Dec 12 19:43:24 np0005557753.novalocal dnsmasq[103427]: read /var/lib/neutron/dhcp/05b597d9-8d97-4897-b47c-4ea379aef24f/addn_hosts - 1 addresses
Dec 12 19:43:24 np0005557753.novalocal dnsmasq-dhcp[103427]: read /var/lib/neutron/dhcp/05b597d9-8d97-4897-b47c-4ea379aef24f/host
Dec 12 19:43:24 np0005557753.novalocal dnsmasq-dhcp[103427]: read /var/lib/neutron/dhcp/05b597d9-8d97-4897-b47c-4ea379aef24f/opts
Dec 12 19:43:24 np0005557753.novalocal object-server[97401]: ::1 - - [13/Dec/2025:00:43:24 +0000] "GET /2/125356/AUTH_afe588ce5e36492b94129e0538b6bb45/gnocchi.99a4ece2-ec13-4555-98af-d98d6b412d46/none_v3" 200 45 "GET http://[::1]:8080/v1/AUTH_afe588ce5e36492b94129e0538b6bb45/gnocchi.99a4ece2-ec13-4555-98af-d98d6b412d46/none_v3" "txc35bae4efe5b40da83176-00693cb6ac" "proxy-server 90180" 0.0007 "-" 97401 0
Dec 12 19:43:24 np0005557753.novalocal proxy-server[90180]: ::1 ::1 13/Dec/2025/00/43/24 GET /v1/AUTH_afe588ce5e36492b94129e0538b6bb45/gnocchi.99a4ece2-ec13-4555-98af-d98d6b412d46/none_v3 HTTP/1.0 200 - python-swiftclient-4.2.0 gAAAAABpPLaCpY4p... - 45 - txc35bae4efe5b40da83176-00693cb6ac - 0.0096 - - 1765586604.467439175 1765586604.477030039 0
Dec 12 19:43:24 np0005557753.novalocal object-server[97402]: ::1 - - [13/Dec/2025:00:43:24 +0000] "GET /3/204327/AUTH_afe588ce5e36492b94129e0538b6bb45/gnocchi.1e4918c7-ad24-4838-a2df-59c6d515b970/none_v3" 200 51 "GET http://[::1]:8080/v1/AUTH_afe588ce5e36492b94129e0538b6bb45/gnocchi.1e4918c7-ad24-4838-a2df-59c6d515b970/none_v3" "txc6c877b57cae491eac970-00693cb6ac" "proxy-server 90180" 0.0014 "-" 97402 0
Dec 12 19:43:24 np0005557753.novalocal proxy-server[90180]: ::1 ::1 13/Dec/2025/00/43/24 GET /v1/AUTH_afe588ce5e36492b94129e0538b6bb45/gnocchi.1e4918c7-ad24-4838-a2df-59c6d515b970/none_v3 HTTP/1.0 200 - python-swiftclient-4.2.0 gAAAAABpPLaCrEYT... - 51 - txc6c877b57cae491eac970-00693cb6ac - 0.0100 - - 1765586604.468912601 1765586604.478933334 0
Dec 12 19:43:24 np0005557753.novalocal container-server[97099]: ::1 - - [13/Dec/2025:00:43:24 +0000] "GET /1/180273/AUTH_afe588ce5e36492b94129e0538b6bb45/gnocchi.99a4ece2-ec13-4555-98af-d98d6b412d46" 200 357 "GET http://[::1]:8080/v1/AUTH_afe588ce5e36492b94129e0538b6bb45/gnocchi.99a4ece2-ec13-4555-98af-d98d6b412d46?format=json&states=listing" "tx9c429f1288de4622bfdfc-00693cb6ac" "proxy-server 90180" 0.0029 "-" 97099 0
Dec 12 19:43:24 np0005557753.novalocal container-server[97097]: ::1 - - [13/Dec/2025:00:43:24 +0000] "GET /1/131670/AUTH_afe588ce5e36492b94129e0538b6bb45/gnocchi.1e4918c7-ad24-4838-a2df-59c6d515b970" 200 357 "GET http://[::1]:8080/v1/AUTH_afe588ce5e36492b94129e0538b6bb45/gnocchi.1e4918c7-ad24-4838-a2df-59c6d515b970?format=json&states=listing" "tx8c62db387106418c8b871-00693cb6ac" "proxy-server 90180" 0.0035 "-" 97097 0
Dec 12 19:43:24 np0005557753.novalocal proxy-server[90180]: ::1 ::1 13/Dec/2025/00/43/24 GET /v1/AUTH_afe588ce5e36492b94129e0538b6bb45/gnocchi.99a4ece2-ec13-4555-98af-d98d6b412d46%3Fformat%3Djson%26states%3Dlisting HTTP/1.0 200 - python-swiftclient-4.2.0 gAAAAABpPLaCpY4p... - 357 - tx9c429f1288de4622bfdfc-00693cb6ac - 0.0124 - - 1765586604.482610464 1765586604.495022535 0
Dec 12 19:43:24 np0005557753.novalocal proxy-server[90180]: ::1 ::1 13/Dec/2025/00/43/24 GET /v1/AUTH_afe588ce5e36492b94129e0538b6bb45/gnocchi.1e4918c7-ad24-4838-a2df-59c6d515b970%3Fformat%3Djson%26states%3Dlisting HTTP/1.0 200 - python-swiftclient-4.2.0 gAAAAABpPLaCrEYT... - 357 - tx8c62db387106418c8b871-00693cb6ac - 0.0187 - - 1765586604.483959436 1765586604.502659082 0
Dec 12 19:43:24 np0005557753.novalocal container-server[97096]: ::1 - - [13/Dec/2025:00:43:24 +0000] "GET /2/131670/AUTH_afe588ce5e36492b94129e0538b6bb45/gnocchi.1e4918c7-ad24-4838-a2df-59c6d515b970" 200 2 "GET http://[::1]:8080/v1/AUTH_afe588ce5e36492b94129e0538b6bb45/gnocchi.1e4918c7-ad24-4838-a2df-59c6d515b970?format=json&marker=none_v3&states=listing" "txbf10f553d1484a79996c0-00693cb6ac" "proxy-server 90180" 0.0020 "-" 97096 0
Dec 12 19:43:24 np0005557753.novalocal container-server[97097]: ::1 - - [13/Dec/2025:00:43:24 +0000] "GET /2/180273/AUTH_afe588ce5e36492b94129e0538b6bb45/gnocchi.99a4ece2-ec13-4555-98af-d98d6b412d46" 200 2 "GET http://[::1]:8080/v1/AUTH_afe588ce5e36492b94129e0538b6bb45/gnocchi.99a4ece2-ec13-4555-98af-d98d6b412d46?format=json&marker=none_v3&states=listing" "txce4a8c6d4e3840b5a0e87-00693cb6ac" "proxy-server 90180" 0.0020 "-" 97097 0
Dec 12 19:43:24 np0005557753.novalocal proxy-server[90180]: ::1 ::1 13/Dec/2025/00/43/24 GET /v1/AUTH_afe588ce5e36492b94129e0538b6bb45/gnocchi.1e4918c7-ad24-4838-a2df-59c6d515b970%3Fformat%3Djson%26marker%3Dnone_v3%26states%3Dlisting HTTP/1.0 200 - python-swiftclient-4.2.0 gAAAAABpPLaCrEYT... - 2 - txbf10f553d1484a79996c0-00693cb6ac - 0.0092 - - 1765586604.506816626 1765586604.516045332 0
Dec 12 19:43:24 np0005557753.novalocal proxy-server[90180]: ::1 ::1 13/Dec/2025/00/43/24 GET /v1/AUTH_afe588ce5e36492b94129e0538b6bb45/gnocchi.99a4ece2-ec13-4555-98af-d98d6b412d46%3Fformat%3Djson%26marker%3Dnone_v3%26states%3Dlisting HTTP/1.0 200 - python-swiftclient-4.2.0 gAAAAABpPLaCpY4p... - 2 - txce4a8c6d4e3840b5a0e87-00693cb6ac - 0.0161 - - 1765586604.501308680 1765586604.517452717 0
Dec 12 19:43:24 np0005557753.novalocal object-server[97402]: ::1 - - [13/Dec/2025:00:43:24 +0000] "GET /3/155606/AUTH_afe588ce5e36492b94129e0538b6bb45/gnocchi.1e4918c7-ad24-4838-a2df-59c6d515b970/1764720000.0_mean_300.0_v3" 200 16 "GET http://[::1]:8080/v1/AUTH_afe588ce5e36492b94129e0538b6bb45/gnocchi.1e4918c7-ad24-4838-a2df-59c6d515b970/1764720000.0_mean_300.0_v3" "txefe65bdfdb204a2c80d55-00693cb6ac" "proxy-server 90180" 0.0011 "-" 97402 0
Dec 12 19:43:24 np0005557753.novalocal object-server[97399]: ::1 - - [13/Dec/2025:00:43:24 +0000] "GET /2/101205/AUTH_afe588ce5e36492b94129e0538b6bb45/gnocchi.99a4ece2-ec13-4555-98af-d98d6b412d46/1764720000.0_mean_300.0_v3" 200 16 "GET http://[::1]:8080/v1/AUTH_afe588ce5e36492b94129e0538b6bb45/gnocchi.99a4ece2-ec13-4555-98af-d98d6b412d46/1764720000.0_mean_300.0_v3" "tx721c00e9da0645a18fcdf-00693cb6ac" "proxy-server 90180" 0.0009 "-" 97399 0
Dec 12 19:43:24 np0005557753.novalocal proxy-server[90180]: ::1 ::1 13/Dec/2025/00/43/24 GET /v1/AUTH_afe588ce5e36492b94129e0538b6bb45/gnocchi.1e4918c7-ad24-4838-a2df-59c6d515b970/1764720000.0_mean_300.0_v3 HTTP/1.0 200 - python-swiftclient-4.2.0 gAAAAABpPLaCrEYT... - 16 - txefe65bdfdb204a2c80d55-00693cb6ac - 0.0176 - - 1765586604.521683216 1765586604.539279461 0
Dec 12 19:43:24 np0005557753.novalocal proxy-server[90180]: ::1 ::1 13/Dec/2025/00/43/24 GET /v1/AUTH_afe588ce5e36492b94129e0538b6bb45/gnocchi.99a4ece2-ec13-4555-98af-d98d6b412d46/1764720000.0_mean_300.0_v3 HTTP/1.0 200 - python-swiftclient-4.2.0 gAAAAABpPLaCpY4p... - 16 - tx721c00e9da0645a18fcdf-00693cb6ac - 0.0190 - - 1765586604.522099972 1765586604.541107178 0
Dec 12 19:43:24 np0005557753.novalocal container-server[97098]: ::1 - - [13/Dec/2025:00:43:24 +0000] "PUT /3/131670/AUTH_afe588ce5e36492b94129e0538b6bb45/gnocchi.1e4918c7-ad24-4838-a2df-59c6d515b970/1764720000.0_mean_300.0_v3" 201 - "PUT http://[::1]:8080/2/155606/AUTH_afe588ce5e36492b94129e0538b6bb45/gnocchi.1e4918c7-ad24-4838-a2df-59c6d515b970/1764720000.0_mean_300.0_v3" "tx5b3d844efe0b447e8e6a9-00693cb6ac" "object-server 97400" 0.0006 "-" 97098 0
Dec 12 19:43:24 np0005557753.novalocal container-server[97096]: ::1 - - [13/Dec/2025:00:43:24 +0000] "PUT /2/131670/AUTH_afe588ce5e36492b94129e0538b6bb45/gnocchi.1e4918c7-ad24-4838-a2df-59c6d515b970/1764720000.0_mean_300.0_v3" 201 - "PUT http://[::1]:8080/1/155606/AUTH_afe588ce5e36492b94129e0538b6bb45/gnocchi.1e4918c7-ad24-4838-a2df-59c6d515b970/1764720000.0_mean_300.0_v3" "tx5b3d844efe0b447e8e6a9-00693cb6ac" "object-server 97401" 0.0006 "-" 97096 0
Dec 12 19:43:24 np0005557753.novalocal object-server[97400]: ::1 - - [13/Dec/2025:00:43:24 +0000] "PUT /2/155606/AUTH_afe588ce5e36492b94129e0538b6bb45/gnocchi.1e4918c7-ad24-4838-a2df-59c6d515b970/1764720000.0_mean_300.0_v3" 201 - "PUT http://[::1]:8080/v1/AUTH_afe588ce5e36492b94129e0538b6bb45/gnocchi.1e4918c7-ad24-4838-a2df-59c6d515b970/1764720000.0_mean_300.0_v3" "tx5b3d844efe0b447e8e6a9-00693cb6ac" "proxy-server 90180" 0.0155 "-" 97400 0
Dec 12 19:43:24 np0005557753.novalocal object-server[97401]: ::1 - - [13/Dec/2025:00:43:24 +0000] "PUT /1/155606/AUTH_afe588ce5e36492b94129e0538b6bb45/gnocchi.1e4918c7-ad24-4838-a2df-59c6d515b970/1764720000.0_mean_300.0_v3" 201 - "PUT http://[::1]:8080/v1/AUTH_afe588ce5e36492b94129e0538b6bb45/gnocchi.1e4918c7-ad24-4838-a2df-59c6d515b970/1764720000.0_mean_300.0_v3" "tx5b3d844efe0b447e8e6a9-00693cb6ac" "proxy-server 90180" 0.0162 "-" 97401 0
Dec 12 19:43:24 np0005557753.novalocal container-server[97099]: ::1 - - [13/Dec/2025:00:43:24 +0000] "PUT /1/131670/AUTH_afe588ce5e36492b94129e0538b6bb45/gnocchi.1e4918c7-ad24-4838-a2df-59c6d515b970/1764720000.0_mean_300.0_v3" 201 - "PUT http://[::1]:8080/3/155606/AUTH_afe588ce5e36492b94129e0538b6bb45/gnocchi.1e4918c7-ad24-4838-a2df-59c6d515b970/1764720000.0_mean_300.0_v3" "tx5b3d844efe0b447e8e6a9-00693cb6ac" "object-server 97399" 0.0006 "-" 97099 0
Dec 12 19:43:24 np0005557753.novalocal object-server[97399]: ::1 - - [13/Dec/2025:00:43:24 +0000] "PUT /3/155606/AUTH_afe588ce5e36492b94129e0538b6bb45/gnocchi.1e4918c7-ad24-4838-a2df-59c6d515b970/1764720000.0_mean_300.0_v3" 201 - "PUT http://[::1]:8080/v1/AUTH_afe588ce5e36492b94129e0538b6bb45/gnocchi.1e4918c7-ad24-4838-a2df-59c6d515b970/1764720000.0_mean_300.0_v3" "tx5b3d844efe0b447e8e6a9-00693cb6ac" "proxy-server 90180" 0.0202 "-" 97399 0
Dec 12 19:43:24 np0005557753.novalocal proxy-server[90180]: ::1 ::1 13/Dec/2025/00/43/24 PUT /v1/AUTH_afe588ce5e36492b94129e0538b6bb45/gnocchi.1e4918c7-ad24-4838-a2df-59c6d515b970/1764720000.0_mean_300.0_v3 HTTP/1.0 201 - python-swiftclient-4.2.0 gAAAAABpPLaCrEYT... 16 - - tx5b3d844efe0b447e8e6a9-00693cb6ac - 0.0309 - - 1765586604.542891741 1765586604.573774815 0
Dec 12 19:43:24 np0005557753.novalocal container-server[97098]: ::1 - - [13/Dec/2025:00:43:24 +0000] "PUT /3/180273/AUTH_afe588ce5e36492b94129e0538b6bb45/gnocchi.99a4ece2-ec13-4555-98af-d98d6b412d46/1764720000.0_mean_300.0_v3" 201 - "PUT http://[::1]:8080/3/101205/AUTH_afe588ce5e36492b94129e0538b6bb45/gnocchi.99a4ece2-ec13-4555-98af-d98d6b412d46/1764720000.0_mean_300.0_v3" "tx3e5a3f4841a945639bd84-00693cb6ac" "object-server 97402" 0.0005 "-" 97098 0
Dec 12 19:43:24 np0005557753.novalocal object-server[97402]: ::1 - - [13/Dec/2025:00:43:24 +0000] "PUT /3/101205/AUTH_afe588ce5e36492b94129e0538b6bb45/gnocchi.99a4ece2-ec13-4555-98af-d98d6b412d46/1764720000.0_mean_300.0_v3" 201 - "PUT http://[::1]:8080/v1/AUTH_afe588ce5e36492b94129e0538b6bb45/gnocchi.99a4ece2-ec13-4555-98af-d98d6b412d46/1764720000.0_mean_300.0_v3" "tx3e5a3f4841a945639bd84-00693cb6ac" "proxy-server 90180" 0.0153 "-" 97402 0
Dec 12 19:43:24 np0005557753.novalocal container-server[97097]: ::1 - - [13/Dec/2025:00:43:24 +0000] "PUT /1/180273/AUTH_afe588ce5e36492b94129e0538b6bb45/gnocchi.99a4ece2-ec13-4555-98af-d98d6b412d46/1764720000.0_mean_300.0_v3" 201 - "PUT http://[::1]:8080/2/101205/AUTH_afe588ce5e36492b94129e0538b6bb45/gnocchi.99a4ece2-ec13-4555-98af-d98d6b412d46/1764720000.0_mean_300.0_v3" "tx3e5a3f4841a945639bd84-00693cb6ac" "object-server 97400" 0.0007 "-" 97097 0
Dec 12 19:43:24 np0005557753.novalocal object-server[97400]: ::1 - - [13/Dec/2025:00:43:24 +0000] "PUT /2/101205/AUTH_afe588ce5e36492b94129e0538b6bb45/gnocchi.99a4ece2-ec13-4555-98af-d98d6b412d46/1764720000.0_mean_300.0_v3" 201 - "PUT http://[::1]:8080/v1/AUTH_afe588ce5e36492b94129e0538b6bb45/gnocchi.99a4ece2-ec13-4555-98af-d98d6b412d46/1764720000.0_mean_300.0_v3" "tx3e5a3f4841a945639bd84-00693cb6ac" "proxy-server 90180" 0.0215 "-" 97400 0
Dec 12 19:43:24 np0005557753.novalocal container-server[97097]: ::1 - - [13/Dec/2025:00:43:24 +0000] "PUT /2/180273/AUTH_afe588ce5e36492b94129e0538b6bb45/gnocchi.99a4ece2-ec13-4555-98af-d98d6b412d46/1764720000.0_mean_300.0_v3" 201 - "PUT http://[::1]:8080/1/101205/AUTH_afe588ce5e36492b94129e0538b6bb45/gnocchi.99a4ece2-ec13-4555-98af-d98d6b412d46/1764720000.0_mean_300.0_v3" "tx3e5a3f4841a945639bd84-00693cb6ac" "object-server 97402" 0.0006 "-" 97097 0
Dec 12 19:43:24 np0005557753.novalocal object-server[97402]: ::1 - - [13/Dec/2025:00:43:24 +0000] "PUT /1/101205/AUTH_afe588ce5e36492b94129e0538b6bb45/gnocchi.99a4ece2-ec13-4555-98af-d98d6b412d46/1764720000.0_mean_300.0_v3" 201 - "PUT http://[::1]:8080/v1/AUTH_afe588ce5e36492b94129e0538b6bb45/gnocchi.99a4ece2-ec13-4555-98af-d98d6b412d46/1764720000.0_mean_300.0_v3" "tx3e5a3f4841a945639bd84-00693cb6ac" "proxy-server 90180" 0.0231 "-" 97402 0
Dec 12 19:43:24 np0005557753.novalocal proxy-server[90180]: ::1 ::1 13/Dec/2025/00/43/24 PUT /v1/AUTH_afe588ce5e36492b94129e0538b6bb45/gnocchi.99a4ece2-ec13-4555-98af-d98d6b412d46/1764720000.0_mean_300.0_v3 HTTP/1.0 201 - python-swiftclient-4.2.0 gAAAAABpPLaCpY4p... 16 - - tx3e5a3f4841a945639bd84-00693cb6ac - 0.0416 - - 1765586604.548248053 1765586604.589799166 0
Dec 12 19:43:24 np0005557753.novalocal container-server[97098]: ::1 - - [13/Dec/2025:00:43:24 +0000] "PUT /1/131670/AUTH_afe588ce5e36492b94129e0538b6bb45/gnocchi.1e4918c7-ad24-4838-a2df-59c6d515b970/none_v3" 201 - "PUT http://[::1]:8080/2/204327/AUTH_afe588ce5e36492b94129e0538b6bb45/gnocchi.1e4918c7-ad24-4838-a2df-59c6d515b970/none_v3" "tx0927484c799a42f5a4b13-00693cb6ac" "object-server 97402" 0.0006 "-" 97098 0
Dec 12 19:43:24 np0005557753.novalocal container-server[97099]: ::1 - - [13/Dec/2025:00:43:24 +0000] "PUT /2/131670/AUTH_afe588ce5e36492b94129e0538b6bb45/gnocchi.1e4918c7-ad24-4838-a2df-59c6d515b970/none_v3" 201 - "PUT http://[::1]:8080/3/204327/AUTH_afe588ce5e36492b94129e0538b6bb45/gnocchi.1e4918c7-ad24-4838-a2df-59c6d515b970/none_v3" "tx0927484c799a42f5a4b13-00693cb6ac" "object-server 97400" 0.0007 "-" 97099 0
Dec 12 19:43:24 np0005557753.novalocal container-server[97097]: ::1 - - [13/Dec/2025:00:43:24 +0000] "PUT /3/131670/AUTH_afe588ce5e36492b94129e0538b6bb45/gnocchi.1e4918c7-ad24-4838-a2df-59c6d515b970/none_v3" 201 - "PUT http://[::1]:8080/1/204327/AUTH_afe588ce5e36492b94129e0538b6bb45/gnocchi.1e4918c7-ad24-4838-a2df-59c6d515b970/none_v3" "tx0927484c799a42f5a4b13-00693cb6ac" "object-server 97402" 0.0030 "-" 97097 0
Dec 12 19:43:24 np0005557753.novalocal object-server[97402]: ::1 - - [13/Dec/2025:00:43:24 +0000] "PUT /2/204327/AUTH_afe588ce5e36492b94129e0538b6bb45/gnocchi.1e4918c7-ad24-4838-a2df-59c6d515b970/none_v3" 201 - "PUT http://[::1]:8080/v1/AUTH_afe588ce5e36492b94129e0538b6bb45/gnocchi.1e4918c7-ad24-4838-a2df-59c6d515b970/none_v3" "tx0927484c799a42f5a4b13-00693cb6ac" "proxy-server 90180" 0.0126 "-" 97402 0
Dec 12 19:43:24 np0005557753.novalocal object-server[97402]: ::1 - - [13/Dec/2025:00:43:24 +0000] "PUT /1/204327/AUTH_afe588ce5e36492b94129e0538b6bb45/gnocchi.1e4918c7-ad24-4838-a2df-59c6d515b970/none_v3" 201 - "PUT http://[::1]:8080/v1/AUTH_afe588ce5e36492b94129e0538b6bb45/gnocchi.1e4918c7-ad24-4838-a2df-59c6d515b970/none_v3" "tx0927484c799a42f5a4b13-00693cb6ac" "proxy-server 90180" 0.0154 "-" 97402 0
Dec 12 19:43:24 np0005557753.novalocal object-server[97400]: ::1 - - [13/Dec/2025:00:43:24 +0000] "PUT /3/204327/AUTH_afe588ce5e36492b94129e0538b6bb45/gnocchi.1e4918c7-ad24-4838-a2df-59c6d515b970/none_v3" 201 - "PUT http://[::1]:8080/v1/AUTH_afe588ce5e36492b94129e0538b6bb45/gnocchi.1e4918c7-ad24-4838-a2df-59c6d515b970/none_v3" "tx0927484c799a42f5a4b13-00693cb6ac" "proxy-server 90180" 0.0161 "-" 97400 0
Dec 12 19:43:24 np0005557753.novalocal proxy-server[90180]: ::1 ::1 13/Dec/2025/00/43/24 PUT /v1/AUTH_afe588ce5e36492b94129e0538b6bb45/gnocchi.1e4918c7-ad24-4838-a2df-59c6d515b970/none_v3 HTTP/1.0 201 - python-swiftclient-4.2.0 gAAAAABpPLaCrEYT... 59 - - tx0927484c799a42f5a4b13-00693cb6ac - 0.0312 - - 1765586604.578057051 1765586604.609250307 0
Dec 12 19:43:24 np0005557753.novalocal container-server[97096]: ::1 - - [13/Dec/2025:00:43:24 +0000] "PUT /2/180273/AUTH_afe588ce5e36492b94129e0538b6bb45/gnocchi.99a4ece2-ec13-4555-98af-d98d6b412d46/none_v3" 201 - "PUT http://[::1]:8080/1/125356/AUTH_afe588ce5e36492b94129e0538b6bb45/gnocchi.99a4ece2-ec13-4555-98af-d98d6b412d46/none_v3" "tx1d994791cfdc4f40ab499-00693cb6ac" "object-server 97401" 0.0007 "-" 97096 0
Dec 12 19:43:24 np0005557753.novalocal object-server[97401]: ::1 - - [13/Dec/2025:00:43:24 +0000] "PUT /1/125356/AUTH_afe588ce5e36492b94129e0538b6bb45/gnocchi.99a4ece2-ec13-4555-98af-d98d6b412d46/none_v3" 201 - "PUT http://[::1]:8080/v1/AUTH_afe588ce5e36492b94129e0538b6bb45/gnocchi.99a4ece2-ec13-4555-98af-d98d6b412d46/none_v3" "tx1d994791cfdc4f40ab499-00693cb6ac" "proxy-server 90180" 0.0138 "-" 97401 0
Dec 12 19:43:24 np0005557753.novalocal container-server[97096]: ::1 - - [13/Dec/2025:00:43:24 +0000] "PUT /3/180273/AUTH_afe588ce5e36492b94129e0538b6bb45/gnocchi.99a4ece2-ec13-4555-98af-d98d6b412d46/none_v3" 201 - "PUT http://[::1]:8080/3/125356/AUTH_afe588ce5e36492b94129e0538b6bb45/gnocchi.99a4ece2-ec13-4555-98af-d98d6b412d46/none_v3" "tx1d994791cfdc4f40ab499-00693cb6ac" "object-server 97399" 0.0005 "-" 97096 0
Dec 12 19:43:24 np0005557753.novalocal container-server[97097]: ::1 - - [13/Dec/2025:00:43:24 +0000] "PUT /1/180273/AUTH_afe588ce5e36492b94129e0538b6bb45/gnocchi.99a4ece2-ec13-4555-98af-d98d6b412d46/none_v3" 201 - "PUT http://[::1]:8080/2/125356/AUTH_afe588ce5e36492b94129e0538b6bb45/gnocchi.99a4ece2-ec13-4555-98af-d98d6b412d46/none_v3" "tx1d994791cfdc4f40ab499-00693cb6ac" "object-server 97399" 0.0018 "-" 97097 0
Dec 12 19:43:24 np0005557753.novalocal object-server[97399]: ::1 - - [13/Dec/2025:00:43:24 +0000] "PUT /3/125356/AUTH_afe588ce5e36492b94129e0538b6bb45/gnocchi.99a4ece2-ec13-4555-98af-d98d6b412d46/none_v3" 201 - "PUT http://[::1]:8080/v1/AUTH_afe588ce5e36492b94129e0538b6bb45/gnocchi.99a4ece2-ec13-4555-98af-d98d6b412d46/none_v3" "tx1d994791cfdc4f40ab499-00693cb6ac" "proxy-server 90180" 0.0176 "-" 97399 0
Dec 12 19:43:24 np0005557753.novalocal object-server[97399]: ::1 - - [13/Dec/2025:00:43:24 +0000] "PUT /2/125356/AUTH_afe588ce5e36492b94129e0538b6bb45/gnocchi.99a4ece2-ec13-4555-98af-d98d6b412d46/none_v3" 201 - "PUT http://[::1]:8080/v1/AUTH_afe588ce5e36492b94129e0538b6bb45/gnocchi.99a4ece2-ec13-4555-98af-d98d6b412d46/none_v3" "tx1d994791cfdc4f40ab499-00693cb6ac" "proxy-server 90180" 0.0178 "-" 97399 0
Dec 12 19:43:24 np0005557753.novalocal proxy-server[90180]: ::1 ::1 13/Dec/2025/00/43/24 PUT /v1/AUTH_afe588ce5e36492b94129e0538b6bb45/gnocchi.99a4ece2-ec13-4555-98af-d98d6b412d46/none_v3 HTTP/1.0 201 - python-swiftclient-4.2.0 gAAAAABpPLaCpY4p... 52 - - tx1d994791cfdc4f40ab499-00693cb6ac - 0.0350 - - 1765586604.595709324 1765586604.630698204 0
Dec 12 19:43:24 np0005557753.novalocal object-server[97400]: ::1 - - [13/Dec/2025:00:43:24 +0000] "GET /2/61336/AUTH_afe588ce5e36492b94129e0538b6bb45/gnocchi.1fe5b2c2-a804-47b4-9128-d3ea69008c69/none_v3" 200 52 "GET http://[::1]:8080/v1/AUTH_afe588ce5e36492b94129e0538b6bb45/gnocchi.1fe5b2c2-a804-47b4-9128-d3ea69008c69/none_v3" "txa83185114af4474f84585-00693cb6ac" "proxy-server 90180" 0.0008 "-" 97400 0
Dec 12 19:43:24 np0005557753.novalocal proxy-server[90180]: ::1 ::1 13/Dec/2025/00/43/24 GET /v1/AUTH_afe588ce5e36492b94129e0538b6bb45/gnocchi.1fe5b2c2-a804-47b4-9128-d3ea69008c69/none_v3 HTTP/1.0 200 - python-swiftclient-4.2.0 gAAAAABpPLaCrEYT... - 52 - txa83185114af4474f84585-00693cb6ac - 0.0098 - - 1765586604.628665924 1765586604.638474941 0
Dec 12 19:43:24 np0005557753.novalocal container-server[97099]: ::1 - - [13/Dec/2025:00:43:24 +0000] "GET /3/42614/AUTH_afe588ce5e36492b94129e0538b6bb45/gnocchi.1fe5b2c2-a804-47b4-9128-d3ea69008c69" 200 357 "GET http://[::1]:8080/v1/AUTH_afe588ce5e36492b94129e0538b6bb45/gnocchi.1fe5b2c2-a804-47b4-9128-d3ea69008c69?format=json&states=listing" "tx8ae88ac9a71a494994562-00693cb6ac" "proxy-server 90180" 0.0045 "-" 97099 0
Dec 12 19:43:24 np0005557753.novalocal object-server[97402]: ::1 - - [13/Dec/2025:00:43:24 +0000] "GET /2/202858/AUTH_afe588ce5e36492b94129e0538b6bb45/gnocchi.934f7b60-908c-4f18-8ec8-b1a768867b39/none_v3" 200 52 "GET http://[::1]:8080/v1/AUTH_afe588ce5e36492b94129e0538b6bb45/gnocchi.934f7b60-908c-4f18-8ec8-b1a768867b39/none_v3" "txa451a786e6b6479490e66-00693cb6ac" "proxy-server 90180" 0.0008 "-" 97402 0
Dec 12 19:43:24 np0005557753.novalocal proxy-server[90180]: ::1 ::1 13/Dec/2025/00/43/24 GET /v1/AUTH_afe588ce5e36492b94129e0538b6bb45/gnocchi.1fe5b2c2-a804-47b4-9128-d3ea69008c69%3Fformat%3Djson%26states%3Dlisting HTTP/1.0 200 - python-swiftclient-4.2.0 gAAAAABpPLaCrEYT... - 357 - tx8ae88ac9a71a494994562-00693cb6ac - 0.0116 - - 1765586604.641330481 1765586604.652960300 0
Dec 12 19:43:24 np0005557753.novalocal proxy-server[90180]: ::1 ::1 13/Dec/2025/00/43/24 GET /v1/AUTH_afe588ce5e36492b94129e0538b6bb45/gnocchi.934f7b60-908c-4f18-8ec8-b1a768867b39/none_v3 HTTP/1.0 200 - python-swiftclient-4.2.0 gAAAAABpPLaCpY4p... - 52 - txa451a786e6b6479490e66-00693cb6ac - 0.0089 - - 1765586604.645396709 1765586604.654344559 0
Dec 12 19:43:24 np0005557753.novalocal container-server[97098]: ::1 - - [13/Dec/2025:00:43:24 +0000] "GET /1/42614/AUTH_afe588ce5e36492b94129e0538b6bb45/gnocchi.1fe5b2c2-a804-47b4-9128-d3ea69008c69" 200 2 "GET http://[::1]:8080/v1/AUTH_afe588ce5e36492b94129e0538b6bb45/gnocchi.1fe5b2c2-a804-47b4-9128-d3ea69008c69?format=json&marker=none_v3&states=listing" "tx7cd9d7261daa4f49bc38e-00693cb6ac" "proxy-server 90180" 0.0027 "-" 97098 0
Dec 12 19:43:24 np0005557753.novalocal proxy-server[90180]: ::1 ::1 13/Dec/2025/00/43/24 GET /v1/AUTH_afe588ce5e36492b94129e0538b6bb45/gnocchi.1fe5b2c2-a804-47b4-9128-d3ea69008c69%3Fformat%3Djson%26marker%3Dnone_v3%26states%3Dlisting HTTP/1.0 200 - python-swiftclient-4.2.0 gAAAAABpPLaCrEYT... - 2 - tx7cd9d7261daa4f49bc38e-00693cb6ac - 0.0147 - - 1765586604.656037331 1765586604.670761824 0
Dec 12 19:43:24 np0005557753.novalocal container-server[97096]: ::1 - - [13/Dec/2025:00:43:24 +0000] "GET /1/94652/AUTH_afe588ce5e36492b94129e0538b6bb45/gnocchi.934f7b60-908c-4f18-8ec8-b1a768867b39" 200 357 "GET http://[::1]:8080/v1/AUTH_afe588ce5e36492b94129e0538b6bb45/gnocchi.934f7b60-908c-4f18-8ec8-b1a768867b39?format=json&states=listing" "tx0737172e67634997b6a6c-00693cb6ac" "proxy-server 90180" 0.0114 "-" 97096 0
Dec 12 19:43:24 np0005557753.novalocal object-server[97402]: ::1 - - [13/Dec/2025:00:43:24 +0000] "GET /1/44558/AUTH_afe588ce5e36492b94129e0538b6bb45/gnocchi.1fe5b2c2-a804-47b4-9128-d3ea69008c69/1764720000.0_mean_300.0_v3" 200 16 "GET http://[::1]:8080/v1/AUTH_afe588ce5e36492b94129e0538b6bb45/gnocchi.1fe5b2c2-a804-47b4-9128-d3ea69008c69/1764720000.0_mean_300.0_v3" "txc115c271fb9542608852b-00693cb6ac" "proxy-server 90180" 0.0010 "-" 97402 0
Dec 12 19:43:24 np0005557753.novalocal proxy-server[90180]: ::1 ::1 13/Dec/2025/00/43/24 GET /v1/AUTH_afe588ce5e36492b94129e0538b6bb45/gnocchi.934f7b60-908c-4f18-8ec8-b1a768867b39%3Fformat%3Djson%26states%3Dlisting HTTP/1.0 200 - python-swiftclient-4.2.0 gAAAAABpPLaCpY4p... - 357 - tx0737172e67634997b6a6c-00693cb6ac - 0.0218 - - 1765586604.664337873 1765586604.686184168 0
