Dec 12 19:43:02 np0005557753.novalocal kernel: qvb38f881fc-da: entered allmulticast mode
Dec 12 19:43:02 np0005557753.novalocal kernel: qvb38f881fc-da: entered promiscuous mode
Dec 12 19:43:02 np0005557753.novalocal kernel: qbr38f881fc-da: port 1(qvb38f881fc-da) entered blocking state
Dec 12 19:43:02 np0005557753.novalocal kernel: qbr38f881fc-da: port 1(qvb38f881fc-da) entered forwarding state
Dec 12 19:43:02 np0005557753.novalocal NetworkManager[855]: [1765586582.8946] device (qbr38f881fc-da): carrier: link connected
Dec 12 19:43:02 np0005557753.novalocal NetworkManager[855]: [1765586582.8971] device (qbr38f881fc-da): state change: unmanaged -> unavailable (reason 'connection-assumed', managed-type: 'external')
Dec 12 19:43:02 np0005557753.novalocal NetworkManager[855]: [1765586582.8978] device (qbr38f881fc-da): state change: unavailable -> disconnected (reason 'connection-assumed', managed-type: 'external')
Dec 12 19:43:02 np0005557753.novalocal NetworkManager[855]: [1765586582.9052] device (qbr38f881fc-da): Activation: starting connection 'qbr38f881fc-da' (a8450a0a-91f7-4df1-b0ed-b306e44b9f2f)
Dec 12 19:43:02 np0005557753.novalocal NetworkManager[855]: [1765586582.9055] device (qbr38f881fc-da): state change: disconnected -> prepare (reason 'none', managed-type: 'external')
Dec 12 19:43:02 np0005557753.novalocal NetworkManager[855]: [1765586582.9057] device (qbr38f881fc-da): state change: prepare -> config (reason 'none', managed-type: 'external')
Dec 12 19:43:02 np0005557753.novalocal NetworkManager[855]: [1765586582.9059] device (qbr38f881fc-da): state change: config -> ip-config (reason 'none', managed-type: 'external')
Dec 12 19:43:02 np0005557753.novalocal NetworkManager[855]: [1765586582.9062] device (qbr38f881fc-da): state change: ip-config -> ip-check (reason 'none', managed-type: 'external')
Dec 12 19:43:02 np0005557753.novalocal kernel: qvo38f881fc-da: entered promiscuous mode
Dec 12 19:43:02 np0005557753.novalocal NetworkManager[855]: [1765586582.9117] device (qbr38f881fc-da): state change: ip-check -> secondaries (reason 'none', managed-type: 'external')
Dec 12 19:43:02 np0005557753.novalocal NetworkManager[855]: [1765586582.9118] device (qbr38f881fc-da): state change: secondaries -> activated (reason 'none', managed-type: 'external')
Dec 12 19:43:02 np0005557753.novalocal NetworkManager[855]: [1765586582.9124] device (qbr38f881fc-da): Activation: successful, device activated.
Dec 12 19:43:02 np0005557753.novalocal systemd[1]: iscsi.service: Unit cannot be reloaded because it is inactive.
Dec 12 19:43:03 np0005557753.novalocal NetworkManager[855]: [1765586583.0179] manager: (tap38f881fc-da): new Tun device (/org/freedesktop/NetworkManager/Devices/34)
Dec 12 19:43:03 np0005557753.novalocal systemd-udevd[104381]: Network interface NamePolicy= disabled on kernel command line.
Dec 12 19:43:03 np0005557753.novalocal kernel: qbr38f881fc-da: port 2(tap38f881fc-da) entered blocking state
Dec 12 19:43:03 np0005557753.novalocal kernel: qbr38f881fc-da: port 2(tap38f881fc-da) entered disabled state
Dec 12 19:43:03 np0005557753.novalocal kernel: tap38f881fc-da: entered allmulticast mode
Dec 12 19:43:03 np0005557753.novalocal kernel: tap38f881fc-da: entered promiscuous mode
Dec 12 19:43:03 np0005557753.novalocal kernel: qbr38f881fc-da: port 2(tap38f881fc-da) entered blocking state
Dec 12 19:43:03 np0005557753.novalocal kernel: qbr38f881fc-da: port 2(tap38f881fc-da) entered forwarding state
Dec 12 19:43:03 np0005557753.novalocal NetworkManager[855]: [1765586583.0395] device (tap38f881fc-da): state change: unmanaged -> unavailable (reason 'connection-assumed', managed-type: 'external')
Dec 12 19:43:03 np0005557753.novalocal NetworkManager[855]: [1765586583.0404] device (tap38f881fc-da): state change: unavailable -> disconnected (reason 'connection-assumed', managed-type: 'external')
Dec 12 19:43:03 np0005557753.novalocal NetworkManager[855]: [1765586583.0412] device (tap38f881fc-da): Activation: starting connection 'tap38f881fc-da' (26b19ec4-2dad-4b32-b4b2-81b14e075751)
Dec 12 19:43:03 np0005557753.novalocal NetworkManager[855]: [1765586583.0413] device (tap38f881fc-da): state change: disconnected -> prepare (reason 'none', managed-type: 'external')
Dec 12 19:43:03 np0005557753.novalocal NetworkManager[855]: [1765586583.0417] device (tap38f881fc-da): state change: prepare -> config (reason 'none', managed-type: 'external')
Dec 12 19:43:03 np0005557753.novalocal NetworkManager[855]: [1765586583.0419] device (tap38f881fc-da): state change: config -> ip-config (reason 'none', managed-type: 'external')
Dec 12 19:43:03 np0005557753.novalocal NetworkManager[855]: [1765586583.0421] device (qbr38f881fc-da): bridge port tap38f881fc-da was attached
Dec 12 19:43:03 np0005557753.novalocal NetworkManager[855]: [1765586583.0422] device (tap38f881fc-da): Activation: connection 'tap38f881fc-da' attached as port, continuing activation
Dec 12 19:43:03 np0005557753.novalocal NetworkManager[855]: [1765586583.0424] device (tap38f881fc-da): state change: ip-config -> ip-check (reason 'none', managed-type: 'external')
Dec 12 19:43:03 np0005557753.novalocal libvirtd[99468]: Domain id=3 name='instance-00000002' uuid=37d4a6b3-9021-4184-ab29-41005496e756 is tainted: deprecated-config (machine type 'pc-i440fx-rhel7.6.0')
Dec 12 19:43:03 np0005557753.novalocal libvirtd[99468]: Domain id=3 name='instance-00000002' uuid=37d4a6b3-9021-4184-ab29-41005496e756 is tainted: deprecated-config (CPU model 'qemu64')
Dec 12 19:43:03 np0005557753.novalocal NetworkManager[855]: [1765586583.0483] device (tap38f881fc-da): state change: ip-check -> secondaries (reason 'none', managed-type: 'external')
Dec 12 19:43:03 np0005557753.novalocal NetworkManager[855]: [1765586583.0485] device (tap38f881fc-da): state change: secondaries -> activated (reason 'none', managed-type: 'external')
Dec 12 19:43:03 np0005557753.novalocal NetworkManager[855]: [1765586583.0490] device (tap38f881fc-da): Activation: successful, device activated.
Dec 12 19:43:03 np0005557753.novalocal systemd[1]: iscsi.service: Unit cannot be reloaded because it is inactive.
Dec 12 19:43:03 np0005557753.novalocal systemd-machined[94225]: New machine qemu-3-instance-00000002.
Dec 12 19:43:03 np0005557753.novalocal systemd[1]: Started Virtual Machine qemu-3-instance-00000002.
Dec 12 19:43:03 np0005557753.novalocal object-server[97402]: ::1 - - [13/Dec/2025:00:43:03 +0000] "GET /1/38353/AUTH_afe588ce5e36492b94129e0538b6bb45/gnocchi.33c9b36a-43e4-4b59-b843-8db94515d969/none_v3" 200 27 "GET http://[::1]:8080/v1/AUTH_afe588ce5e36492b94129e0538b6bb45/gnocchi.33c9b36a-43e4-4b59-b843-8db94515d969/none_v3" "txd98504adc2a549e591ecd-00693cb697" "proxy-server 90180" 0.0009 "-" 97402 0
Dec 12 19:43:03 np0005557753.novalocal object-server[97401]: ::1 - - [13/Dec/2025:00:43:03 +0000] "GET /2/160655/AUTH_afe588ce5e36492b94129e0538b6bb45/gnocchi.ee7cc283-21e0-4b9a-8e3d-92b2d633b517/none_v3" 200 32 "GET http://[::1]:8080/v1/AUTH_afe588ce5e36492b94129e0538b6bb45/gnocchi.ee7cc283-21e0-4b9a-8e3d-92b2d633b517/none_v3" "tx487cc7156e3a4f4ab9db4-00693cb697" "proxy-server 90180" 0.0019 "-" 97401 0
Dec 12 19:43:03 np0005557753.novalocal proxy-server[90180]: ::1 ::1 13/Dec/2025/00/43/03 GET /v1/AUTH_afe588ce5e36492b94129e0538b6bb45/gnocchi.33c9b36a-43e4-4b59-b843-8db94515d969/none_v3 HTTP/1.0 200 - python-swiftclient-4.2.0 gAAAAABpPLaCrEYT... - 27 - txd98504adc2a549e591ecd-00693cb697 - 0.0182 - - 1765586583.771114349 1765586583.789344311 0
Dec 12 19:43:03 np0005557753.novalocal proxy-server[90180]: ::1 ::1 13/Dec/2025/00/43/03 GET /v1/AUTH_afe588ce5e36492b94129e0538b6bb45/gnocchi.ee7cc283-21e0-4b9a-8e3d-92b2d633b517/none_v3 HTTP/1.0 200 - python-swiftclient-4.2.0 gAAAAABpPLaCpY4p... - 32 - tx487cc7156e3a4f4ab9db4-00693cb697 - 0.0192 - - 1765586583.772110224 1765586583.791281700 0
Dec 12 19:43:03 np0005557753.novalocal container-server[97097]: ::1 - - [13/Dec/2025:00:43:03 +0000] "GET /3/233251/AUTH_afe588ce5e36492b94129e0538b6bb45/gnocchi.ee7cc283-21e0-4b9a-8e3d-92b2d633b517" 200 357 "GET http://[::1]:8080/v1/AUTH_afe588ce5e36492b94129e0538b6bb45/gnocchi.ee7cc283-21e0-4b9a-8e3d-92b2d633b517?format=json&states=listing" "txc49430c32d7b46a9af6d5-00693cb697" "proxy-server 90180" 0.1365 "-" 97097 0
Dec 12 19:43:03 np0005557753.novalocal proxy-server[90180]: ::1 ::1 13/Dec/2025/00/43/03 GET /v1/AUTH_afe588ce5e36492b94129e0538b6bb45/gnocchi.ee7cc283-21e0-4b9a-8e3d-92b2d633b517%3Fformat%3Djson%26states%3Dlisting HTTP/1.0 200 - python-swiftclient-4.2.0 gAAAAABpPLaCpY4p... - 357 - txc49430c32d7b46a9af6d5-00693cb697 - 0.1569 - - 1765586583.795436382 1765586583.952342272 0
Dec 12 19:43:03 np0005557753.novalocal container-server[97098]: ::1 - - [13/Dec/2025:00:43:03 +0000] "GET /3/251423/AUTH_afe588ce5e36492b94129e0538b6bb45/gnocchi.33c9b36a-43e4-4b59-b843-8db94515d969" 200 357 "GET http://[::1]:8080/v1/AUTH_afe588ce5e36492b94129e0538b6bb45/gnocchi.33c9b36a-43e4-4b59-b843-8db94515d969?format=json&states=listing" "tx8916bf9d11ad47d88ff56-00693cb697" "proxy-server 90180" 0.1670 "-" 97098 0
Dec 12 19:43:03 np0005557753.novalocal proxy-server[90180]: ::1 ::1 13/Dec/2025/00/43/03 GET /v1/AUTH_afe588ce5e36492b94129e0538b6bb45/gnocchi.33c9b36a-43e4-4b59-b843-8db94515d969%3Fformat%3Djson%26states%3Dlisting HTTP/1.0 200 - python-swiftclient-4.2.0 gAAAAABpPLaCrEYT... - 357 - tx8916bf9d11ad47d88ff56-00693cb697 - 0.1775 - - 1765586583.794212103 1765586583.971686363 0
Dec 12 19:43:03 np0005557753.novalocal container-server[97097]: ::1 - - [13/Dec/2025:00:43:03 +0000] "GET /2/233251/AUTH_afe588ce5e36492b94129e0538b6bb45/gnocchi.ee7cc283-21e0-4b9a-8e3d-92b2d633b517" 200 2 "GET http://[::1]:8080/v1/AUTH_afe588ce5e36492b94129e0538b6bb45/gnocchi.ee7cc283-21e0-4b9a-8e3d-92b2d633b517?format=json&marker=none_v3&states=listing" "tx8abb1c07b30d4eb39ec6a-00693cb697" "proxy-server 90180" 0.0197 "-" 97097 0
Dec 12 19:43:03 np0005557753.novalocal container-server[97097]: ::1 - - [13/Dec/2025:00:43:03 +0000] "GET /3/251423/AUTH_afe588ce5e36492b94129e0538b6bb45/gnocchi.33c9b36a-43e4-4b59-b843-8db94515d969" 200 2 "GET http://[::1]:8080/v1/AUTH_afe588ce5e36492b94129e0538b6bb45/gnocchi.33c9b36a-43e4-4b59-b843-8db94515d969?format=json&marker=none_v3&states=listing" "tx8c77073bf81d45de90225-00693cb697" "proxy-server 90180" 0.0022 "-" 97097 0
Dec 12 19:43:03 np0005557753.novalocal proxy-server[90180]: ::1 ::1 13/Dec/2025/00/43/03 GET /v1/AUTH_afe588ce5e36492b94129e0538b6bb45/gnocchi.ee7cc283-21e0-4b9a-8e3d-92b2d633b517%3Fformat%3Djson%26marker%3Dnone_v3%26states%3Dlisting HTTP/1.0 200 - python-swiftclient-4.2.0 gAAAAABpPLaCpY4p... - 2 - tx8abb1c07b30d4eb39ec6a-00693cb697 - 0.0274 - - 1765586583.956172705 1765586583.983613491 0
Dec 12 19:43:03 np0005557753.novalocal proxy-server[90180]: ::1 ::1 13/Dec/2025/00/43/03 GET /v1/AUTH_afe588ce5e36492b94129e0538b6bb45/gnocchi.33c9b36a-43e4-4b59-b843-8db94515d969%3Fformat%3Djson%26marker%3Dnone_v3%26states%3Dlisting HTTP/1.0 200 - python-swiftclient-4.2.0 gAAAAABpPLaCrEYT... - 2 - tx8c77073bf81d45de90225-00693cb697 - 0.0142 - - 1765586583.975040913 1765586583.989238501 0
Dec 12 19:43:03 np0005557753.novalocal object-server[97400]: ::1 - - [13/Dec/2025:00:43:03 +0000] "GET /2/216955/AUTH_afe588ce5e36492b94129e0538b6bb45/gnocchi.ee7cc283-21e0-4b9a-8e3d-92b2d633b517/1764720000.0_mean_300.0_v3" 200 16 "GET http://[::1]:8080/v1/AUTH_afe588ce5e36492b94129e0538b6bb45/gnocchi.ee7cc283-21e0-4b9a-8e3d-92b2d633b517/1764720000.0_mean_300.0_v3" "tx86db6ac4c3e142feb6387-00693cb697" "proxy-server 90180" 0.0009 "-" 97400 0
Dec 12 19:43:04 np0005557753.novalocal object-server[97402]: ::1 - - [13/Dec/2025:00:43:04 +0000] "GET /1/149702/AUTH_afe588ce5e36492b94129e0538b6bb45/gnocchi.33c9b36a-43e4-4b59-b843-8db94515d969/1764720000.0_mean_300.0_v3" 200 16 "GET http://[::1]:8080/v1/AUTH_afe588ce5e36492b94129e0538b6bb45/gnocchi.33c9b36a-43e4-4b59-b843-8db94515d969/1764720000.0_mean_300.0_v3" "txcb71ab41e38f40bb99125-00693cb697" "proxy-server 90180" 0.0007 "-" 97402 0
Dec 12 19:43:04 np0005557753.novalocal proxy-server[90180]: ::1 ::1 13/Dec/2025/00/43/04 GET /v1/AUTH_afe588ce5e36492b94129e0538b6bb45/gnocchi.ee7cc283-21e0-4b9a-8e3d-92b2d633b517/1764720000.0_mean_300.0_v3 HTTP/1.0 200 - python-swiftclient-4.2.0 gAAAAABpPLaCpY4p... - 16 - tx86db6ac4c3e142feb6387-00693cb697 - 0.0149 - - 1765586583.987868786 1765586584.002772808 0
Dec 12 19:43:04 np0005557753.novalocal proxy-server[90180]: ::1 ::1 13/Dec/2025/00/43/04 GET /v1/AUTH_afe588ce5e36492b94129e0538b6bb45/gnocchi.33c9b36a-43e4-4b59-b843-8db94515d969/1764720000.0_mean_300.0_v3 HTTP/1.0 200 - python-swiftclient-4.2.0 gAAAAABpPLaCrEYT... - 16 - txcb71ab41e38f40bb99125-00693cb697 - 0.0120 - - 1765586583.992321014 1765586584.004333258 0
Dec 12 19:43:04 np0005557753.novalocal container-server[97099]: ::1 - - [13/Dec/2025:00:43:04 +0000] "PUT /3/251423/AUTH_afe588ce5e36492b94129e0538b6bb45/gnocchi.33c9b36a-43e4-4b59-b843-8db94515d969/1764720000.0_mean_300.0_v3" 201 - "PUT http://[::1]:8080/2/149702/AUTH_afe588ce5e36492b94129e0538b6bb45/gnocchi.33c9b36a-43e4-4b59-b843-8db94515d969/1764720000.0_mean_300.0_v3" "tx360175a097744b089217f-00693cb698" "object-server 97401" 0.0006 "-" 97099 0
Dec 12 19:43:04 np0005557753.novalocal object-server[97401]: ::1 - - [13/Dec/2025:00:43:04 +0000] "PUT /2/149702/AUTH_afe588ce5e36492b94129e0538b6bb45/gnocchi.33c9b36a-43e4-4b59-b843-8db94515d969/1764720000.0_mean_300.0_v3" 201 - "PUT http://[::1]:8080/v1/AUTH_afe588ce5e36492b94129e0538b6bb45/gnocchi.33c9b36a-43e4-4b59-b843-8db94515d969/1764720000.0_mean_300.0_v3" "tx360175a097744b089217f-00693cb698" "proxy-server 90180" 0.0690 "-" 97401 0
Dec 12 19:43:04 np0005557753.novalocal container-server[97097]: ::1 - - [13/Dec/2025:00:43:04 +0000] "PUT /1/233251/AUTH_afe588ce5e36492b94129e0538b6bb45/gnocchi.ee7cc283-21e0-4b9a-8e3d-92b2d633b517/1764720000.0_mean_300.0_v3" 201 - "PUT http://[::1]:8080/2/216955/AUTH_afe588ce5e36492b94129e0538b6bb45/gnocchi.ee7cc283-21e0-4b9a-8e3d-92b2d633b517/1764720000.0_mean_300.0_v3" "tx873063cf8c9d4d6e8e197-00693cb698" "object-server 97401" 0.0015 "-" 97097 0
Dec 12 19:43:04 np0005557753.novalocal container-server[97096]: ::1 - - [13/Dec/2025:00:43:04 +0000] "PUT /3/233251/AUTH_afe588ce5e36492b94129e0538b6bb45/gnocchi.ee7cc283-21e0-4b9a-8e3d-92b2d633b517/1764720000.0_mean_300.0_v3" 201 - "PUT http://[::1]:8080/3/216955/AUTH_afe588ce5e36492b94129e0538b6bb45/gnocchi.ee7cc283-21e0-4b9a-8e3d-92b2d633b517/1764720000.0_mean_300.0_v3" "tx873063cf8c9d4d6e8e197-00693cb698" "object-server 97400" 0.0007 "-" 97096 0
Dec 12 19:43:04 np0005557753.novalocal object-server[97400]: ::1 - - [13/Dec/2025:00:43:04 +0000] "PUT /3/216955/AUTH_afe588ce5e36492b94129e0538b6bb45/gnocchi.ee7cc283-21e0-4b9a-8e3d-92b2d633b517/1764720000.0_mean_300.0_v3" 201 - "PUT http://[::1]:8080/v1/AUTH_afe588ce5e36492b94129e0538b6bb45/gnocchi.ee7cc283-21e0-4b9a-8e3d-92b2d633b517/1764720000.0_mean_300.0_v3" "tx873063cf8c9d4d6e8e197-00693cb698" "proxy-server 90180" 0.0818 "-" 97400 0
Dec 12 19:43:04 np0005557753.novalocal container-server[97096]: ::1 - - [13/Dec/2025:00:43:04 +0000] "PUT /1/251423/AUTH_afe588ce5e36492b94129e0538b6bb45/gnocchi.33c9b36a-43e4-4b59-b843-8db94515d969/1764720000.0_mean_300.0_v3" 201 - "PUT http://[::1]:8080/3/149702/AUTH_afe588ce5e36492b94129e0538b6bb45/gnocchi.33c9b36a-43e4-4b59-b843-8db94515d969/1764720000.0_mean_300.0_v3" "tx360175a097744b089217f-00693cb698" "object-server 97399" 0.0004 "-" 97096 0
Dec 12 19:43:04 np0005557753.novalocal object-server[97401]: ::1 - - [13/Dec/2025:00:43:04 +0000] "PUT /2/216955/AUTH_afe588ce5e36492b94129e0538b6bb45/gnocchi.ee7cc283-21e0-4b9a-8e3d-92b2d633b517/1764720000.0_mean_300.0_v3" 201 - "PUT http://[::1]:8080/v1/AUTH_afe588ce5e36492b94129e0538b6bb45/gnocchi.ee7cc283-21e0-4b9a-8e3d-92b2d633b517/1764720000.0_mean_300.0_v3" "tx873063cf8c9d4d6e8e197-00693cb698" "proxy-server 90180" 0.0823 "-" 97401 0
Dec 12 19:43:04 np0005557753.novalocal object-server[97399]: ::1 - - [13/Dec/2025:00:43:04 +0000] "PUT /3/149702/AUTH_afe588ce5e36492b94129e0538b6bb45/gnocchi.33c9b36a-43e4-4b59-b843-8db94515d969/1764720000.0_mean_300.0_v3" 201 - "PUT http://[::1]:8080/v1/AUTH_afe588ce5e36492b94129e0538b6bb45/gnocchi.33c9b36a-43e4-4b59-b843-8db94515d969/1764720000.0_mean_300.0_v3" "tx360175a097744b089217f-00693cb698" "proxy-server 90180" 0.0776 "-" 97399 0
Dec 12 19:43:04 np0005557753.novalocal container-server[97097]: ::1 - - [13/Dec/2025:00:43:04 +0000] "PUT /2/251423/AUTH_afe588ce5e36492b94129e0538b6bb45/gnocchi.33c9b36a-43e4-4b59-b843-8db94515d969/1764720000.0_mean_300.0_v3" 201 - "PUT http://[::1]:8080/1/149702/AUTH_afe588ce5e36492b94129e0538b6bb45/gnocchi.33c9b36a-43e4-4b59-b843-8db94515d969/1764720000.0_mean_300.0_v3" "tx360175a097744b089217f-00693cb698" "object-server 97399" 0.0019 "-" 97097 0
Dec 12 19:43:04 np0005557753.novalocal container-server[97097]: ::1 - - [13/Dec/2025:00:43:04 +0000] "PUT /2/233251/AUTH_afe588ce5e36492b94129e0538b6bb45/gnocchi.ee7cc283-21e0-4b9a-8e3d-92b2d633b517/1764720000.0_mean_300.0_v3" 201 - "PUT http://[::1]:8080/1/216955/AUTH_afe588ce5e36492b94129e0538b6bb45/gnocchi.ee7cc283-21e0-4b9a-8e3d-92b2d633b517/1764720000.0_mean_300.0_v3" "tx873063cf8c9d4d6e8e197-00693cb698" "object-server 97401" 0.0006 "-" 97097 0
Dec 12 19:43:04 np0005557753.novalocal systemd[1]: dbus-:1.1-org.fedoraproject.SetroubleshootPrivileged@8.service: Deactivated successfully.
Dec 12 19:43:04 np0005557753.novalocal systemd[1]: dbus-:1.1-org.fedoraproject.SetroubleshootPrivileged@8.service: Consumed 1.302s CPU time.
Dec 12 19:43:04 np0005557753.novalocal object-server[97399]: ::1 - - [13/Dec/2025:00:43:04 +0000] "PUT /1/149702/AUTH_afe588ce5e36492b94129e0538b6bb45/gnocchi.33c9b36a-43e4-4b59-b843-8db94515d969/1764720000.0_mean_300.0_v3" 201 - "PUT http://[::1]:8080/v1/AUTH_afe588ce5e36492b94129e0538b6bb45/gnocchi.33c9b36a-43e4-4b59-b843-8db94515d969/1764720000.0_mean_300.0_v3" "tx360175a097744b089217f-00693cb698" "proxy-server 90180" 0.0804 "-" 97399 0
Dec 12 19:43:04 np0005557753.novalocal object-server[97401]: ::1 - - [13/Dec/2025:00:43:04 +0000] "PUT /1/216955/AUTH_afe588ce5e36492b94129e0538b6bb45/gnocchi.ee7cc283-21e0-4b9a-8e3d-92b2d633b517/1764720000.0_mean_300.0_v3" 201 - "PUT http://[::1]:8080/v1/AUTH_afe588ce5e36492b94129e0538b6bb45/gnocchi.ee7cc283-21e0-4b9a-8e3d-92b2d633b517/1764720000.0_mean_300.0_v3" "tx873063cf8c9d4d6e8e197-00693cb698" "proxy-server 90180" 0.0889 "-" 97401 0
Dec 12 19:43:04 np0005557753.novalocal proxy-server[90180]: ::1 ::1 13/Dec/2025/00/43/04 PUT /v1/AUTH_afe588ce5e36492b94129e0538b6bb45/gnocchi.33c9b36a-43e4-4b59-b843-8db94515d969/1764720000.0_mean_300.0_v3 HTTP/1.0 201 - python-swiftclient-4.2.0 gAAAAABpPLaCrEYT... 16 - - tx360175a097744b089217f-00693cb698 - 0.0934 - - 1765586584.011496782 1765586584.104926109 0
Dec 12 19:43:04 np0005557753.novalocal proxy-server[90180]: ::1 ::1 13/Dec/2025/00/43/04 PUT /v1/AUTH_afe588ce5e36492b94129e0538b6bb45/gnocchi.ee7cc283-21e0-4b9a-8e3d-92b2d633b517/1764720000.0_mean_300.0_v3 HTTP/1.0 201 - python-swiftclient-4.2.0 gAAAAABpPLaCpY4p... 16 - - tx873063cf8c9d4d6e8e197-00693cb698 - 0.1013 - - 1765586584.005768538 1765586584.107113361 0
Dec 12 19:43:04 np0005557753.novalocal container-server[97099]: ::1 - - [13/Dec/2025:00:43:04 +0000] "PUT /1/251423/AUTH_afe588ce5e36492b94129e0538b6bb45/gnocchi.33c9b36a-43e4-4b59-b843-8db94515d969/none_v3" 201 - "PUT http://[::1]:8080/3/38353/AUTH_afe588ce5e36492b94129e0538b6bb45/gnocchi.33c9b36a-43e4-4b59-b843-8db94515d969/none_v3" "tx32da7ae2508d4eaf871af-00693cb698" "object-server 97402" 0.0005 "-" 97099 0
Dec 12 19:43:04 np0005557753.novalocal object-server[97402]: ::1 - - [13/Dec/2025:00:43:04 +0000] "PUT /3/38353/AUTH_afe588ce5e36492b94129e0538b6bb45/gnocchi.33c9b36a-43e4-4b59-b843-8db94515d969/none_v3" 201 - "PUT http://[::1]:8080/v1/AUTH_afe588ce5e36492b94129e0538b6bb45/gnocchi.33c9b36a-43e4-4b59-b843-8db94515d969/none_v3" "tx32da7ae2508d4eaf871af-00693cb698" "proxy-server 90180" 0.0203 "-" 97402 0
Dec 12 19:43:04 np0005557753.novalocal container-server[97096]: ::1 - - [13/Dec/2025:00:43:04 +0000] "PUT /3/251423/AUTH_afe588ce5e36492b94129e0538b6bb45/gnocchi.33c9b36a-43e4-4b59-b843-8db94515d969/none_v3" 201 - "PUT http://[::1]:8080/1/38353/AUTH_afe588ce5e36492b94129e0538b6bb45/gnocchi.33c9b36a-43e4-4b59-b843-8db94515d969/none_v3" "tx32da7ae2508d4eaf871af-00693cb698" "object-server 97399" 0.0006 "-" 97096 0
Dec 12 19:43:04 np0005557753.novalocal container-server[97097]: ::1 - - [13/Dec/2025:00:43:04 +0000] "PUT /1/233251/AUTH_afe588ce5e36492b94129e0538b6bb45/gnocchi.ee7cc283-21e0-4b9a-8e3d-92b2d633b517/none_v3" 201 - "PUT http://[::1]:8080/1/160655/AUTH_afe588ce5e36492b94129e0538b6bb45/gnocchi.ee7cc283-21e0-4b9a-8e3d-92b2d633b517/none_v3" "tx42ee43430b684b93b4867-00693cb698" "object-server 97400" 0.0006 "-" 97097 0
Dec 12 19:43:04 np0005557753.novalocal object-server[97400]: ::1 - - [13/Dec/2025:00:43:04 +0000] "PUT /1/160655/AUTH_afe588ce5e36492b94129e0538b6bb45/gnocchi.ee7cc283-21e0-4b9a-8e3d-92b2d633b517/none_v3" 201 - "PUT http://[::1]:8080/v1/AUTH_afe588ce5e36492b94129e0538b6bb45/gnocchi.ee7cc283-21e0-4b9a-8e3d-92b2d633b517/none_v3" "tx42ee43430b684b93b4867-00693cb698" "proxy-server 90180" 0.0202 "-" 97400 0
Dec 12 19:43:04 np0005557753.novalocal container-server[97096]: ::1 - - [13/Dec/2025:00:43:04 +0000] "PUT /2/251423/AUTH_afe588ce5e36492b94129e0538b6bb45/gnocchi.33c9b36a-43e4-4b59-b843-8db94515d969/none_v3" 201 - "PUT http://[::1]:8080/2/38353/AUTH_afe588ce5e36492b94129e0538b6bb45/gnocchi.33c9b36a-43e4-4b59-b843-8db94515d969/none_v3" "tx32da7ae2508d4eaf871af-00693cb698" "object-server 97399" 0.0004 "-" 97096 0
Dec 12 19:43:04 np0005557753.novalocal object-server[97399]: ::1 - - [13/Dec/2025:00:43:04 +0000] "PUT /1/38353/AUTH_afe588ce5e36492b94129e0538b6bb45/gnocchi.33c9b36a-43e4-4b59-b843-8db94515d969/none_v3" 201 - "PUT http://[::1]:8080/v1/AUTH_afe588ce5e36492b94129e0538b6bb45/gnocchi.33c9b36a-43e4-4b59-b843-8db94515d969/none_v3" "tx32da7ae2508d4eaf871af-00693cb698" "proxy-server 90180" 0.0290 "-" 97399 0
Dec 12 19:43:04 np0005557753.novalocal container-server[97099]: ::1 - - [13/Dec/2025:00:43:04 +0000] "PUT /3/233251/AUTH_afe588ce5e36492b94129e0538b6bb45/gnocchi.ee7cc283-21e0-4b9a-8e3d-92b2d633b517/none_v3" 201 - "PUT http://[::1]:8080/3/160655/AUTH_afe588ce5e36492b94129e0538b6bb45/gnocchi.ee7cc283-21e0-4b9a-8e3d-92b2d633b517/none_v3" "tx42ee43430b684b93b4867-00693cb698" "object-server 97399" 0.0005 "-" 97099 0
Dec 12 19:43:04 np0005557753.novalocal object-server[97399]: ::1 - - [13/Dec/2025:00:43:04 +0000] "PUT /2/38353/AUTH_afe588ce5e36492b94129e0538b6bb45/gnocchi.33c9b36a-43e4-4b59-b843-8db94515d969/none_v3" 201 - "PUT http://[::1]:8080/v1/AUTH_afe588ce5e36492b94129e0538b6bb45/gnocchi.33c9b36a-43e4-4b59-b843-8db94515d969/none_v3" "tx32da7ae2508d4eaf871af-00693cb698" "proxy-server 90180" 0.0298 "-" 97399 0
Dec 12 19:43:04 np0005557753.novalocal proxy-server[90180]: ::1 ::1 13/Dec/2025/00/43/04 PUT /v1/AUTH_afe588ce5e36492b94129e0538b6bb45/gnocchi.33c9b36a-43e4-4b59-b843-8db94515d969/none_v3 HTTP/1.0 201 - python-swiftclient-4.2.0 gAAAAABpPLaCrEYT... 36 - - tx32da7ae2508d4eaf871af-00693cb698 - 0.0443 - - 1765586584.108959913 1765586584.153275490 0
Dec 12 19:43:04 np0005557753.novalocal object-server[97399]: ::1 - - [13/Dec/2025:00:43:04 +0000] "PUT /3/160655/AUTH_afe588ce5e36492b94129e0538b6bb45/gnocchi.ee7cc283-21e0-4b9a-8e3d-92b2d633b517/none_v3" 201 - "PUT http://[::1]:8080/v1/AUTH_afe588ce5e36492b94129e0538b6bb45/gnocchi.ee7cc283-21e0-4b9a-8e3d-92b2d633b517/none_v3" "tx42ee43430b684b93b4867-00693cb698" "proxy-server 90180" 0.0206 "-" 97399 0
Dec 12 19:43:04 np0005557753.novalocal container-server[97096]: ::1 - - [13/Dec/2025:00:43:04 +0000] "PUT /2/233251/AUTH_afe588ce5e36492b94129e0538b6bb45/gnocchi.ee7cc283-21e0-4b9a-8e3d-92b2d633b517/none_v3" 201 - "PUT http://[::1]:8080/2/160655/AUTH_afe588ce5e36492b94129e0538b6bb45/gnocchi.ee7cc283-21e0-4b9a-8e3d-92b2d633b517/none_v3" "tx42ee43430b684b93b4867-00693cb698" "object-server 97399" 0.0033 "-" 97096 0
Dec 12 19:43:04 np0005557753.novalocal object-server[97399]: ::1 - - [13/Dec/2025:00:43:04 +0000] "PUT /2/160655/AUTH_afe588ce5e36492b94129e0538b6bb45/gnocchi.ee7cc283-21e0-4b9a-8e3d-92b2d633b517/none_v3" 201 - "PUT http://[::1]:8080/v1/AUTH_afe588ce5e36492b94129e0538b6bb45/gnocchi.ee7cc283-21e0-4b9a-8e3d-92b2d633b517/none_v3" "tx42ee43430b684b93b4867-00693cb698" "proxy-server 90180" 0.0330 "-" 97399 0
Dec 12 19:43:04 np0005557753.novalocal proxy-server[90180]: ::1 ::1 13/Dec/2025/00/43/04 PUT /v1/AUTH_afe588ce5e36492b94129e0538b6bb45/gnocchi.ee7cc283-21e0-4b9a-8e3d-92b2d633b517/none_v3 HTTP/1.0 201 - python-swiftclient-4.2.0 gAAAAABpPLaCpY4p... 45 - - tx42ee43430b684b93b4867-00693cb698 - 0.0548 - - 1765586584.110878229 1765586584.165714025 0
Dec 12 19:43:04 np0005557753.novalocal object-server[97402]: ::1 - - [13/Dec/2025:00:43:04 +0000] "GET /3/9248/AUTH_afe588ce5e36492b94129e0538b6bb45/gnocchi.f2306df3-c228-4a0e-96f0-fa61d8fadd48/none_v3" 200 31 "GET http://[::1]:8080/v1/AUTH_afe588ce5e36492b94129e0538b6bb45/gnocchi.f2306df3-c228-4a0e-96f0-fa61d8fadd48/none_v3" "txa9b6c9e896da4f3c8f0b0-00693cb698" "proxy-server 90180" 0.0008 "-" 97402 0
Dec 12 19:43:04 np0005557753.novalocal proxy-server[90180]: ::1 ::1 13/Dec/2025/00/43/04 GET /v1/AUTH_afe588ce5e36492b94129e0538b6bb45/gnocchi.f2306df3-c228-4a0e-96f0-fa61d8fadd48/none_v3 HTTP/1.0 200 - python-swiftclient-4.2.0 gAAAAABpPLaCrEYT... - 31 - txa9b6c9e896da4f3c8f0b0-00693cb698 - 0.0115 - - 1765586584.168752432 1765586584.180258512 0
Dec 12 19:43:04 np0005557753.novalocal object-server[97401]: ::1 - - [13/Dec/2025:00:43:04 +0000] "GET /3/184164/AUTH_afe588ce5e36492b94129e0538b6bb45/gnocchi.ca01aa5f-1f98-4c56-968a-3ba77ece5fba/none_v3" 200 32 "GET http://[::1]:8080/v1/AUTH_afe588ce5e36492b94129e0538b6bb45/gnocchi.ca01aa5f-1f98-4c56-968a-3ba77ece5fba/none_v3" "txac166e49ec59469fa74af-00693cb698" "proxy-server 90180" 0.0007 "-" 97401 0
Dec 12 19:43:04 np0005557753.novalocal proxy-server[90180]: ::1 ::1 13/Dec/2025/00/43/04 GET /v1/AUTH_afe588ce5e36492b94129e0538b6bb45/gnocchi.ca01aa5f-1f98-4c56-968a-3ba77ece5fba/none_v3 HTTP/1.0 200 - python-swiftclient-4.2.0 gAAAAABpPLaCpY4p... - 32 - txac166e49ec59469fa74af-00693cb698 - 0.0092 - - 1765586584.184778929 1765586584.194026947 0
Dec 12 19:43:04 np0005557753.novalocal systemd[1]: setroubleshootd.service: Deactivated successfully.
Dec 12 19:43:04 np0005557753.novalocal systemd[1]: setroubleshootd.service: Consumed 1.509s CPU time.
Dec 12 19:43:04 np0005557753.novalocal container-server[97099]: ::1 - - [13/Dec/2025:00:43:04 +0000] "GET /1/164275/AUTH_afe588ce5e36492b94129e0538b6bb45/gnocchi.f2306df3-c228-4a0e-96f0-fa61d8fadd48" 200 357 "GET http://[::1]:8080/v1/AUTH_afe588ce5e36492b94129e0538b6bb45/gnocchi.f2306df3-c228-4a0e-96f0-fa61d8fadd48?format=json&states=listing" "tx5a4cac45743b4238b7a58-00693cb698" "proxy-server 90180" 0.0153 "-" 97099 0
Dec 12 19:43:04 np0005557753.novalocal proxy-server[90180]: ::1 ::1 13/Dec/2025/00/43/04 GET /v1/AUTH_afe588ce5e36492b94129e0538b6bb45/gnocchi.f2306df3-c228-4a0e-96f0-fa61d8fadd48%3Fformat%3Djson%26states%3Dlisting HTTP/1.0 200 - python-swiftclient-4.2.0 gAAAAABpPLaCrEYT... - 357 - tx5a4cac45743b4238b7a58-00693cb698 - 0.0254 - - 1765586584.185414553 1765586584.210796595 0
Dec 12 19:43:04 np0005557753.novalocal container-server[97099]: ::1 - - [13/Dec/2025:00:43:04 +0000] "GET /3/169318/AUTH_afe588ce5e36492b94129e0538b6bb45/gnocchi.ca01aa5f-1f98-4c56-968a-3ba77ece5fba" 200 357 "GET http://[::1]:8080/v1/AUTH_afe588ce5e36492b94129e0538b6bb45/gnocchi.ca01aa5f-1f98-4c56-968a-3ba77ece5fba?format=json&states=listing" "txb33f862491d7401ebef28-00693cb698" "proxy-server 90180" 0.0083 "-" 97099 0
Dec 12 19:43:04 np0005557753.novalocal proxy-server[90180]: ::1 ::1 13/Dec/2025/00/43/04 GET /v1/AUTH_afe588ce5e36492b94129e0538b6bb45/gnocchi.ca01aa5f-1f98-4c56-968a-3ba77ece5fba%3Fformat%3Djson%26states%3Dlisting HTTP/1.0 200 - python-swiftclient-4.2.0 gAAAAABpPLaCpY4p... - 357 - txb33f862491d7401ebef28-00693cb698 - 0.0237 - - 1765586584.198429346 1765586584.222148657 0
Dec 12 19:43:04 np0005557753.novalocal container-server[97097]: ::1 - - [13/Dec/2025:00:43:04 +0000] "GET /2/164275/AUTH_afe588ce5e36492b94129e0538b6bb45/gnocchi.f2306df3-c228-4a0e-96f0-fa61d8fadd48" 200 2 "GET http://[::1]:8080/v1/AUTH_afe588ce5e36492b94129e0538b6bb45/gnocchi.f2306df3-c228-4a0e-96f0-fa61d8fadd48?format=json&marker=none_v3&states=listing" "tx33a6d439d3464aa7a2106-00693cb698" "proxy-server 90180" 0.0063 "-" 97097 0
Dec 12 19:43:04 np0005557753.novalocal proxy-server[90180]: ::1 ::1 13/Dec/2025/00/43/04 GET /v1/AUTH_afe588ce5e36492b94129e0538b6bb45/gnocchi.f2306df3-c228-4a0e-96f0-fa61d8fadd48%3Fformat%3Djson%26marker%3Dnone_v3%26states%3Dlisting HTTP/1.0 200 - python-swiftclient-4.2.0 gAAAAABpPLaCrEYT... - 2 - tx33a6d439d3464aa7a2106-00693cb698 - 0.0173 - - 1765586584.213619471 1765586584.230931044 0
Dec 12 19:43:04 np0005557753.novalocal container-server[97097]: ::1 - - [13/Dec/2025:00:43:04 +0000] "GET /2/169318/AUTH_afe588ce5e36492b94129e0538b6bb45/gnocchi.ca01aa5f-1f98-4c56-968a-3ba77ece5fba" 200 2 "GET http://[::1]:8080/v1/AUTH_afe588ce5e36492b94129e0538b6bb45/gnocchi.ca01aa5f-1f98-4c56-968a-3ba77ece5fba?format=json&marker=none_v3&states=listing" "tx1d0df13b754d4c3a86a04-00693cb698" "proxy-server 90180" 0.0095 "-" 97097 0
Dec 12 19:43:04 np0005557753.novalocal proxy-server[90180]: ::1 ::1 13/Dec/2025/00/43/04 GET /v1/AUTH_afe588ce5e36492b94129e0538b6bb45/gnocchi.ca01aa5f-1f98-4c56-968a-3ba77ece5fba%3Fformat%3Djson%26marker%3Dnone_v3%26states%3Dlisting HTTP/1.0 200 - python-swiftclient-4.2.0 gAAAAABpPLaCpY4p... - 2 - tx1d0df13b754d4c3a86a04-00693cb698 - 0.0175 - - 1765586584.229787111 1765586584.247244358 0
Dec 12 19:43:04 np0005557753.novalocal object-server[97399]: ::1 - - [13/Dec/2025:00:43:04 +0000] "GET /3/160831/AUTH_afe588ce5e36492b94129e0538b6bb45/gnocchi.f2306df3-c228-4a0e-96f0-fa61d8fadd48/1764720000.0_mean_300.0_v3" 200 16 "GET http://[::1]:8080/v1/AUTH_afe588ce5e36492b94129e0538b6bb45/gnocchi.f2306df3-c228-4a0e-96f0-fa61d8fadd48/1764720000.0_mean_300.0_v3" "txf9cb500f28ab4e60baef4-00693cb698" "proxy-server 90180" 0.0007 "-" 97399 0
Dec 12 19:43:04 np0005557753.novalocal proxy-server[90180]: ::1 ::1 13/Dec/2025/00/43/04 GET /v1/AUTH_afe588ce5e36492b94129e0538b6bb45/gnocchi.f2306df3-c228-4a0e-96f0-fa61d8fadd48/1764720000.0_mean_300.0_v3 HTTP/1.0 200 - python-swiftclient-4.2.0 gAAAAABpPLaCrEYT... - 16 - txf9cb500f28ab4e60baef4-00693cb698 - 0.0145 - - 1765586584.234495640 1765586584.249017715 0
Dec 12 19:43:04 np0005557753.novalocal object-server[97401]: ::1 - - [13/Dec/2025:00:43:04 +0000] "GET /1/245034/AUTH_afe588ce5e36492b94129e0538b6bb45/gnocchi.ca01aa5f-1f98-4c56-968a-3ba77ece5fba/1764720000.0_mean_300.0_v3" 200 16 "GET http://[::1]:8080/v1/AUTH_afe588ce5e36492b94129e0538b6bb45/gnocchi.ca01aa5f-1f98-4c56-968a-3ba77ece5fba/1764720000.0_mean_300.0_v3" "tx39f8658284bd4895b639d-00693cb698" "proxy-server 90180" 0.0011 "-" 97401 0
Dec 12 19:43:04 np0005557753.novalocal proxy-server[90180]: ::1 ::1 13/Dec/2025/00/43/04 GET /v1/AUTH_afe588ce5e36492b94129e0538b6bb45/gnocchi.ca01aa5f-1f98-4c56-968a-3ba77ece5fba/1764720000.0_mean_300.0_v3 HTTP/1.0 200 - python-swiftclient-4.2.0 gAAAAABpPLaCpY4p... - 16 - tx39f8658284bd4895b639d-00693cb698 - 0.0118 - - 1765586584.251275063 1765586584.263058662 0
Dec 12 19:43:04 np0005557753.novalocal container-server[97098]: ::1 - - [13/Dec/2025:00:43:04 +0000] "PUT /1/164275/AUTH_afe588ce5e36492b94129e0538b6bb45/gnocchi.f2306df3-c228-4a0e-96f0-fa61d8fadd48/1764720000.0_mean_300.0_v3" 201 - "PUT http://[::1]:8080/2/160831/AUTH_afe588ce5e36492b94129e0538b6bb45/gnocchi.f2306df3-c228-4a0e-96f0-fa61d8fadd48/1764720000.0_mean_300.0_v3" "tx50cca88b14ec44bd9ff75-00693cb698" "object-server 97399" 0.0008 "-" 97098 0
Dec 12 19:43:04 np0005557753.novalocal container-server[97097]: ::1 - - [13/Dec/2025:00:43:04 +0000] "PUT /2/164275/AUTH_afe588ce5e36492b94129e0538b6bb45/gnocchi.f2306df3-c228-4a0e-96f0-fa61d8fadd48/1764720000.0_mean_300.0_v3" 201 - "PUT http://[::1]:8080/1/160831/AUTH_afe588ce5e36492b94129e0538b6bb45/gnocchi.f2306df3-c228-4a0e-96f0-fa61d8fadd48/1764720000.0_mean_300.0_v3" "tx50cca88b14ec44bd9ff75-00693cb698" "object-server 97401" 0.0005 "-" 97097 0
Dec 12 19:43:04 np0005557753.novalocal object-server[97399]: ::1 - - [13/Dec/2025:00:43:04 +0000] "PUT /2/160831/AUTH_afe588ce5e36492b94129e0538b6bb45/gnocchi.f2306df3-c228-4a0e-96f0-fa61d8fadd48/1764720000.0_mean_300.0_v3" 201 - "PUT http://[::1]:8080/v1/AUTH_afe588ce5e36492b94129e0538b6bb45/gnocchi.f2306df3-c228-4a0e-96f0-fa61d8fadd48/1764720000.0_mean_300.0_v3" "tx50cca88b14ec44bd9ff75-00693cb698" "proxy-server 90180" 0.0141 "-" 97399 0
Dec 12 19:43:04 np0005557753.novalocal object-server[97401]: ::1 - - [13/Dec/2025:00:43:04 +0000] "PUT /1/160831/AUTH_afe588ce5e36492b94129e0538b6bb45/gnocchi.f2306df3-c228-4a0e-96f0-fa61d8fadd48/1764720000.0_mean_300.0_v3" 201 - "PUT http://[::1]:8080/v1/AUTH_afe588ce5e36492b94129e0538b6bb45/gnocchi.f2306df3-c228-4a0e-96f0-fa61d8fadd48/1764720000.0_mean_300.0_v3" "tx50cca88b14ec44bd9ff75-00693cb698" "proxy-server 90180" 0.0173 "-" 97401 0
Dec 12 19:43:04 np0005557753.novalocal container-server[97099]: ::1 - - [13/Dec/2025:00:43:04 +0000] "PUT /3/164275/AUTH_afe588ce5e36492b94129e0538b6bb45/gnocchi.f2306df3-c228-4a0e-96f0-fa61d8fadd48/1764720000.0_mean_300.0_v3" 201 - "PUT http://[::1]:8080/3/160831/AUTH_afe588ce5e36492b94129e0538b6bb45/gnocchi.f2306df3-c228-4a0e-96f0-fa61d8fadd48/1764720000.0_mean_300.0_v3" "tx50cca88b14ec44bd9ff75-00693cb698" "object-server 97402" 0.0011 "-" 97099 0
Dec 12 19:43:04 np0005557753.novalocal object-server[97402]: ::1 - - [13/Dec/2025:00:43:04 +0000] "PUT /3/160831/AUTH_afe588ce5e36492b94129e0538b6bb45/gnocchi.f2306df3-c228-4a0e-96f0-fa61d8fadd48/1764720000.0_mean_300.0_v3" 201 - "PUT http://[::1]:8080/v1/AUTH_afe588ce5e36492b94129e0538b6bb45/gnocchi.f2306df3-c228-4a0e-96f0-fa61d8fadd48/1764720000.0_mean_300.0_v3" "tx50cca88b14ec44bd9ff75-00693cb698" "proxy-server 90180" 0.0189 "-" 97402 0
Dec 12 19:43:04 np0005557753.novalocal proxy-server[90180]: ::1 ::1 13/Dec/2025/00/43/04 PUT /v1/AUTH_afe588ce5e36492b94129e0538b6bb45/gnocchi.f2306df3-c228-4a0e-96f0-fa61d8fadd48/1764720000.0_mean_300.0_v3 HTTP/1.0 201 - python-swiftclient-4.2.0 gAAAAABpPLaCrEYT... 16 - - tx50cca88b14ec44bd9ff75-00693cb698 - 0.0290 - - 1765586584.251842737 1765586584.280838728 0
Dec 12 19:43:04 np0005557753.novalocal container-server[97096]: ::1 - - [13/Dec/2025:00:43:04 +0000] "PUT /3/169318/AUTH_afe588ce5e36492b94129e0538b6bb45/gnocchi.ca01aa5f-1f98-4c56-968a-3ba77ece5fba/1764720000.0_mean_300.0_v3" 201 - "PUT http://[::1]:8080/1/245034/AUTH_afe588ce5e36492b94129e0538b6bb45/gnocchi.ca01aa5f-1f98-4c56-968a-3ba77ece5fba/1764720000.0_mean_300.0_v3" "tx7d5dcf83bc9c4dcb83ebb-00693cb698" "object-server 97400" 0.0007 "-" 97096 0
Dec 12 19:43:04 np0005557753.novalocal container-server[97099]: ::1 - - [13/Dec/2025:00:43:04 +0000] "PUT /2/169318/AUTH_afe588ce5e36492b94129e0538b6bb45/gnocchi.ca01aa5f-1f98-4c56-968a-3ba77ece5fba/1764720000.0_mean_300.0_v3" 201 - "PUT http://[::1]:8080/3/245034/AUTH_afe588ce5e36492b94129e0538b6bb45/gnocchi.ca01aa5f-1f98-4c56-968a-3ba77ece5fba/1764720000.0_mean_300.0_v3" "tx7d5dcf83bc9c4dcb83ebb-00693cb698" "object-server 97401" 0.0006 "-" 97099 0
Dec 12 19:43:04 np0005557753.novalocal object-server[97400]: ::1 - - [13/Dec/2025:00:43:04 +0000] "PUT /1/245034/AUTH_afe588ce5e36492b94129e0538b6bb45/gnocchi.ca01aa5f-1f98-4c56-968a-3ba77ece5fba/1764720000.0_mean_300.0_v3" 201 - "PUT http://[::1]:8080/v1/AUTH_afe588ce5e36492b94129e0538b6bb45/gnocchi.ca01aa5f-1f98-4c56-968a-3ba77ece5fba/1764720000.0_mean_300.0_v3" "tx7d5dcf83bc9c4dcb83ebb-00693cb698" "proxy-server 90180" 0.0087 "-" 97400 0
Dec 12 19:43:04 np0005557753.novalocal container-server[97098]: ::1 - - [13/Dec/2025:00:43:04 +0000] "PUT /1/169318/AUTH_afe588ce5e36492b94129e0538b6bb45/gnocchi.ca01aa5f-1f98-4c56-968a-3ba77ece5fba/1764720000.0_mean_300.0_v3" 201 - "PUT http://[::1]:8080/2/245034/AUTH_afe588ce5e36492b94129e0538b6bb45/gnocchi.ca01aa5f-1f98-4c56-968a-3ba77ece5fba/1764720000.0_mean_300.0_v3" "tx7d5dcf83bc9c4dcb83ebb-00693cb698" "object-server 97401" 0.0006 "-" 97098 0
Dec 12 19:43:04 np0005557753.novalocal object-server[97401]: ::1 - - [13/Dec/2025:00:43:04 +0000] "PUT /3/245034/AUTH_afe588ce5e36492b94129e0538b6bb45/gnocchi.ca01aa5f-1f98-4c56-968a-3ba77ece5fba/1764720000.0_mean_300.0_v3" 201 - "PUT http://[::1]:8080/v1/AUTH_afe588ce5e36492b94129e0538b6bb45/gnocchi.ca01aa5f-1f98-4c56-968a-3ba77ece5fba/1764720000.0_mean_300.0_v3" "tx7d5dcf83bc9c4dcb83ebb-00693cb698" "proxy-server 90180" 0.0123 "-" 97401 0
Dec 12 19:43:04 np0005557753.novalocal object-server[97401]: ::1 - - [13/Dec/2025:00:43:04 +0000] "PUT /2/245034/AUTH_afe588ce5e36492b94129e0538b6bb45/gnocchi.ca01aa5f-1f98-4c56-968a-3ba77ece5fba/1764720000.0_mean_300.0_v3" 201 - "PUT http://[::1]:8080/v1/AUTH_afe588ce5e36492b94129e0538b6bb45/gnocchi.ca01aa5f-1f98-4c56-968a-3ba77ece5fba/1764720000.0_mean_300.0_v3" "tx7d5dcf83bc9c4dcb83ebb-00693cb698" "proxy-server 90180" 0.0154 "-" 97401 0
Dec 12 19:43:04 np0005557753.novalocal proxy-server[90180]: ::1 ::1 13/Dec/2025/00/43/04 PUT /v1/AUTH_afe588ce5e36492b94129e0538b6bb45/gnocchi.ca01aa5f-1f98-4c56-968a-3ba77ece5fba/1764720000.0_mean_300.0_v3 HTTP/1.0 201 - python-swiftclient-4.2.0 gAAAAABpPLaCpY4p... 16 - - tx7d5dcf83bc9c4dcb83ebb-00693cb698 - 0.0234 - - 1765586584.266408920 1765586584.289809465 0
Dec 12 19:43:04 np0005557753.novalocal container-server[97098]: ::1 - - [13/Dec/2025:00:43:04 +0000] "PUT /1/164275/AUTH_afe588ce5e36492b94129e0538b6bb45/gnocchi.f2306df3-c228-4a0e-96f0-fa61d8fadd48/none_v3" 201 - "PUT http://[::1]:8080/2/9248/AUTH_afe588ce5e36492b94129e0538b6bb45/gnocchi.f2306df3-c228-4a0e-96f0-fa61d8fadd48/none_v3" "txed3b850dc5d542fea93c6-00693cb698" "object-server 97399" 0.0011 "-" 97098 0
Dec 12 19:43:04 np0005557753.novalocal object-server[97399]: ::1 - - [13/Dec/2025:00:43:04 +0000] "PUT /2/9248/AUTH_afe588ce5e36492b94129e0538b6bb45/gnocchi.f2306df3-c228-4a0e-96f0-fa61d8fadd48/none_v3" 201 - "PUT http://[::1]:8080/v1/AUTH_afe588ce5e36492b94129e0538b6bb45/gnocchi.f2306df3-c228-4a0e-96f0-fa61d8fadd48/none_v3" "txed3b850dc5d542fea93c6-00693cb698" "proxy-server 90180" 0.0134 "-" 97399 0
Dec 12 19:43:04 np0005557753.novalocal container-server[97099]: ::1 - - [13/Dec/2025:00:43:04 +0000] "PUT /3/164275/AUTH_afe588ce5e36492b94129e0538b6bb45/gnocchi.f2306df3-c228-4a0e-96f0-fa61d8fadd48/none_v3" 201 - "PUT http://[::1]:8080/3/9248/AUTH_afe588ce5e36492b94129e0538b6bb45/gnocchi.f2306df3-c228-4a0e-96f0-fa61d8fadd48/none_v3" "txed3b850dc5d542fea93c6-00693cb698" "object-server 97400" 0.0006 "-" 97099 0
Dec 12 19:43:04 np0005557753.novalocal container-server[97097]: ::1 - - [13/Dec/2025:00:43:04 +0000] "PUT /2/164275/AUTH_afe588ce5e36492b94129e0538b6bb45/gnocchi.f2306df3-c228-4a0e-96f0-fa61d8fadd48/none_v3" 201 - "PUT http://[::1]:8080/1/9248/AUTH_afe588ce5e36492b94129e0538b6bb45/gnocchi.f2306df3-c228-4a0e-96f0-fa61d8fadd48/none_v3" "txed3b850dc5d542fea93c6-00693cb698" "object-server 97400" 0.0005 "-" 97097 0
Dec 12 19:43:04 np0005557753.novalocal object-server[97400]: ::1 - - [13/Dec/2025:00:43:04 +0000] "PUT /3/9248/AUTH_afe588ce5e36492b94129e0538b6bb45/gnocchi.f2306df3-c228-4a0e-96f0-fa61d8fadd48/none_v3" 201 - "PUT http://[::1]:8080/v1/AUTH_afe588ce5e36492b94129e0538b6bb45/gnocchi.f2306df3-c228-4a0e-96f0-fa61d8fadd48/none_v3" "txed3b850dc5d542fea93c6-00693cb698" "proxy-server 90180" 0.0164 "-" 97400 0
Dec 12 19:43:04 np0005557753.novalocal object-server[97400]: ::1 - - [13/Dec/2025:00:43:04 +0000] "PUT /1/9248/AUTH_afe588ce5e36492b94129e0538b6bb45/gnocchi.f2306df3-c228-4a0e-96f0-fa61d8fadd48/none_v3" 201 - "PUT http://[::1]:8080/v1/AUTH_afe588ce5e36492b94129e0538b6bb45/gnocchi.f2306df3-c228-4a0e-96f0-fa61d8fadd48/none_v3" "txed3b850dc5d542fea93c6-00693cb698" "proxy-server 90180" 0.0161 "-" 97400 0
Dec 12 19:43:04 np0005557753.novalocal proxy-server[90180]: ::1 ::1 13/Dec/2025/00/43/04 PUT /v1/AUTH_afe588ce5e36492b94129e0538b6bb45/gnocchi.f2306df3-c228-4a0e-96f0-fa61d8fadd48/none_v3 HTTP/1.0 201 - python-swiftclient-4.2.0 gAAAAABpPLaCrEYT... 43 - - txed3b850dc5d542fea93c6-00693cb698 - 0.0245 - - 1765586584.283198357 1765586584.307671547 0
Dec 12 19:43:04 np0005557753.novalocal container-server[97096]: ::1 - - [13/Dec/2025:00:43:04 +0000] "PUT /1/169318/AUTH_afe588ce5e36492b94129e0538b6bb45/gnocchi.ca01aa5f-1f98-4c56-968a-3ba77ece5fba/none_v3" 201 - "PUT http://[::1]:8080/1/184164/AUTH_afe588ce5e36492b94129e0538b6bb45/gnocchi.ca01aa5f-1f98-4c56-968a-3ba77ece5fba/none_v3" "tx56962ed13fc94efb99f1f-00693cb698" "object-server 97402" 0.0007 "-" 97096 0
Dec 12 19:43:04 np0005557753.novalocal object-server[97402]: ::1 - - [13/Dec/2025:00:43:04 +0000] "PUT /1/184164/AUTH_afe588ce5e36492b94129e0538b6bb45/gnocchi.ca01aa5f-1f98-4c56-968a-3ba77ece5fba/none_v3" 201 - "PUT http://[::1]:8080/v1/AUTH_afe588ce5e36492b94129e0538b6bb45/gnocchi.ca01aa5f-1f98-4c56-968a-3ba77ece5fba/none_v3" "tx56962ed13fc94efb99f1f-00693cb698" "proxy-server 90180" 0.0112 "-" 97402 0
Dec 12 19:43:04 np0005557753.novalocal container-server[97098]: ::1 - - [13/Dec/2025:00:43:04 +0000] "PUT /2/169318/AUTH_afe588ce5e36492b94129e0538b6bb45/gnocchi.ca01aa5f-1f98-4c56-968a-3ba77ece5fba/none_v3" 201 - "PUT http://[::1]:8080/3/184164/AUTH_afe588ce5e36492b94129e0538b6bb45/gnocchi.ca01aa5f-1f98-4c56-968a-3ba77ece5fba/none_v3" "tx56962ed13fc94efb99f1f-00693cb698" "object-server 97401" 0.0009 "-" 97098 0
Dec 12 19:43:04 np0005557753.novalocal object-server[97401]: ::1 - - [13/Dec/2025:00:43:04 +0000] "PUT /3/184164/AUTH_afe588ce5e36492b94129e0538b6bb45/gnocchi.ca01aa5f-1f98-4c56-968a-3ba77ece5fba/none_v3" 201 - "PUT http://[::1]:8080/v1/AUTH_afe588ce5e36492b94129e0538b6bb45/gnocchi.ca01aa5f-1f98-4c56-968a-3ba77ece5fba/none_v3" "tx56962ed13fc94efb99f1f-00693cb698" "proxy-server 90180" 0.0118 "-" 97401 0
Dec 12 19:43:04 np0005557753.novalocal container-server[97098]: ::1 - - [13/Dec/2025:00:43:04 +0000] "PUT /3/169318/AUTH_afe588ce5e36492b94129e0538b6bb45/gnocchi.ca01aa5f-1f98-4c56-968a-3ba77ece5fba/none_v3" 201 - "PUT http://[::1]:8080/2/184164/AUTH_afe588ce5e36492b94129e0538b6bb45/gnocchi.ca01aa5f-1f98-4c56-968a-3ba77ece5fba/none_v3" "tx56962ed13fc94efb99f1f-00693cb698" "object-server 97400" 0.0005 "-" 97098 0
Dec 12 19:43:04 np0005557753.novalocal object-server[97400]: ::1 - - [13/Dec/2025:00:43:04 +0000] "PUT /2/184164/AUTH_afe588ce5e36492b94129e0538b6bb45/gnocchi.ca01aa5f-1f98-4c56-968a-3ba77ece5fba/none_v3" 201 - "PUT http://[::1]:8080/v1/AUTH_afe588ce5e36492b94129e0538b6bb45/gnocchi.ca01aa5f-1f98-4c56-968a-3ba77ece5fba/none_v3" "tx56962ed13fc94efb99f1f-00693cb698" "proxy-server 90180" 0.0147 "-" 97400 0
Dec 12 19:43:04 np0005557753.novalocal proxy-server[90180]: ::1 ::1 13/Dec/2025/00/43/04 PUT /v1/AUTH_afe588ce5e36492b94129e0538b6bb45/gnocchi.ca01aa5f-1f98-4c56-968a-3ba77ece5fba/none_v3 HTTP/1.0 201 - python-swiftclient-4.2.0 gAAAAABpPLaCpY4p... 45 - - tx56962ed13fc94efb99f1f-00693cb698 - 0.0220 - - 1765586584.294726133 1765586584.316694975 0
Dec 12 19:43:07 np0005557753.novalocal object-server[104284]: Object audit (ALL) "forever" mode completed: 10.82s. Total quarantined: 0, Total errors: 0, Total files/sec: 6.10, Total bytes/sec: 9063738.40, Auditing time: 10.80, Rate: 1.00
Dec 12 19:43:07 np0005557753.novalocal container-server[97099]: ::1 - - [13/Dec/2025:00:43:07 +0000] "HEAD /2/121226/AUTH_afe588ce5e36492b94129e0538b6bb45/gnocchi.c7fe157f-bc1f-4787-860b-e594a700975c" 404 - "HEAD http://[::1]:8080/v1/AUTH_afe588ce5e36492b94129e0538b6bb45/gnocchi.c7fe157f-bc1f-4787-860b-e594a700975c?format=json&states=listing" "tx2ef928ab07344c27849e7-00693cb69b" "proxy-server 90180" 0.0004 "-" 97099 0
Dec 12 19:43:07 np0005557753.novalocal container-server[97097]: ::1 - - [13/Dec/2025:00:43:07 +0000] "HEAD /1/121226/AUTH_afe588ce5e36492b94129e0538b6bb45/gnocchi.c7fe157f-bc1f-4787-860b-e594a700975c" 404 - "HEAD http://[::1]:8080/v1/AUTH_afe588ce5e36492b94129e0538b6bb45/gnocchi.c7fe157f-bc1f-4787-860b-e594a700975c?format=json&states=listing" "tx2ef928ab07344c27849e7-00693cb69b" "proxy-server 90180" 0.0004 "-" 97097 0
Dec 12 19:43:07 np0005557753.novalocal container-server[97098]: ::1 - - [13/Dec/2025:00:43:07 +0000] "HEAD /3/121226/AUTH_afe588ce5e36492b94129e0538b6bb45/gnocchi.c7fe157f-bc1f-4787-860b-e594a700975c" 404 - "HEAD http://[::1]:8080/v1/AUTH_afe588ce5e36492b94129e0538b6bb45/gnocchi.c7fe157f-bc1f-4787-860b-e594a700975c?format=json&states=listing" "tx2ef928ab07344c27849e7-00693cb69b" "proxy-server 90180" 0.0004 "-" 97098 0
Dec 12 19:43:07 np0005557753.novalocal object-server[97400]: ::1 - - [13/Dec/2025:00:43:07 +0000] "GET /2/226385/AUTH_afe588ce5e36492b94129e0538b6bb45/gnocchi.c7fe157f-bc1f-4787-860b-e594a700975c/none_v3" 404 70 "GET http://[::1]:8080/v1/AUTH_afe588ce5e36492b94129e0538b6bb45/gnocchi.c7fe157f-bc1f-4787-860b-e594a700975c/none_v3" "tx2ef928ab07344c27849e7-00693cb69b" "proxy-server 90180" 0.0005 "-" 97400 0
Dec 12 19:43:07 np0005557753.novalocal object-server[97402]: ::1 - - [13/Dec/2025:00:43:07 +0000] "GET /1/226385/AUTH_afe588ce5e36492b94129e0538b6bb45/gnocchi.c7fe157f-bc1f-4787-860b-e594a700975c/none_v3" 404 70 "GET http://[::1]:8080/v1/AUTH_afe588ce5e36492b94129e0538b6bb45/gnocchi.c7fe157f-bc1f-4787-860b-e594a700975c/none_v3" "tx2ef928ab07344c27849e7-00693cb69b" "proxy-server 90180" 0.0003 "-" 97402 0
Dec 12 19:43:07 np0005557753.novalocal object-server[97400]: ::1 - - [13/Dec/2025:00:43:07 +0000] "GET /3/226385/AUTH_afe588ce5e36492b94129e0538b6bb45/gnocchi.c7fe157f-bc1f-4787-860b-e594a700975c/none_v3" 404 70 "GET http://[::1]:8080/v1/AUTH_afe588ce5e36492b94129e0538b6bb45/gnocchi.c7fe157f-bc1f-4787-860b-e594a700975c/none_v3" "tx2ef928ab07344c27849e7-00693cb69b" "proxy-server 90180" 0.0003 "-" 97400 0
Dec 12 19:43:07 np0005557753.novalocal proxy-server[90180]: ::1 ::1 13/Dec/2025/00/43/07 GET /v1/AUTH_afe588ce5e36492b94129e0538b6bb45/gnocchi.c7fe157f-bc1f-4787-860b-e594a700975c/none_v3 HTTP/1.0 404 - python-swiftclient-4.2.0 gAAAAABpPLaCpY4p... - 70 - tx2ef928ab07344c27849e7-00693cb69b - 0.0203 - - 1765586587.968023300 1765586587.988308668 0
Dec 12 19:43:07 np0005557753.novalocal container-server[97096]: ::1 - - [13/Dec/2025:00:43:07 +0000] "HEAD /1/46605/AUTH_afe588ce5e36492b94129e0538b6bb45/gnocchi.db5877c1-694c-4bc3-b20a-444916569567" 404 - "HEAD http://[::1]:8080/v1/AUTH_afe588ce5e36492b94129e0538b6bb45/gnocchi.db5877c1-694c-4bc3-b20a-444916569567?format=json&states=listing" "tx7df81064a8fd4d52a43b3-00693cb69b" "proxy-server 90180" 0.0006 "-" 97096 0
Dec 12 19:43:07 np0005557753.novalocal container-server[97096]: ::1 - - [13/Dec/2025:00:43:07 +0000] "HEAD /3/46605/AUTH_afe588ce5e36492b94129e0538b6bb45/gnocchi.db5877c1-694c-4bc3-b20a-444916569567" 404 - "HEAD http://[::1]:8080/v1/AUTH_afe588ce5e36492b94129e0538b6bb45/gnocchi.db5877c1-694c-4bc3-b20a-444916569567?format=json&states=listing" "tx7df81064a8fd4d52a43b3-00693cb69b" "proxy-server 90180" 0.0002 "-" 97096 0
Dec 12 19:43:07 np0005557753.novalocal container-server[97099]: ::1 - - [13/Dec/2025:00:43:07 +0000] "HEAD /2/46605/AUTH_afe588ce5e36492b94129e0538b6bb45/gnocchi.db5877c1-694c-4bc3-b20a-444916569567" 404 - "HEAD http://[::1]:8080/v1/AUTH_afe588ce5e36492b94129e0538b6bb45/gnocchi.db5877c1-694c-4bc3-b20a-444916569567?format=json&states=listing" "tx7df81064a8fd4d52a43b3-00693cb69b" "proxy-server 90180" 0.0006 "-" 97099 0
Dec 12 19:43:08 np0005557753.novalocal object-server[97399]: ::1 - - [13/Dec/2025:00:43:08 +0000] "GET /3/88143/AUTH_afe588ce5e36492b94129e0538b6bb45/gnocchi.db5877c1-694c-4bc3-b20a-444916569567/none_v3" 404 70 "GET http://[::1]:8080/v1/AUTH_afe588ce5e36492b94129e0538b6bb45/gnocchi.db5877c1-694c-4bc3-b20a-444916569567/none_v3" "tx7df81064a8fd4d52a43b3-00693cb69b" "proxy-server 90180" 0.0003 "-" 97399 0
Dec 12 19:43:08 np0005557753.novalocal object-server[97399]: ::1 - - [13/Dec/2025:00:43:08 +0000] "GET /1/88143/AUTH_afe588ce5e36492b94129e0538b6bb45/gnocchi.db5877c1-694c-4bc3-b20a-444916569567/none_v3" 404 70 "GET http://[::1]:8080/v1/AUTH_afe588ce5e36492b94129e0538b6bb45/gnocchi.db5877c1-694c-4bc3-b20a-444916569567/none_v3" "tx7df81064a8fd4d52a43b3-00693cb69b" "proxy-server 90180" 0.0002 "-" 97399 0
Dec 12 19:43:08 np0005557753.novalocal object-server[97401]: ::1 - - [13/Dec/2025:00:43:08 +0000] "GET /2/88143/AUTH_afe588ce5e36492b94129e0538b6bb45/gnocchi.db5877c1-694c-4bc3-b20a-444916569567/none_v3" 404 70 "GET http://[::1]:8080/v1/AUTH_afe588ce5e36492b94129e0538b6bb45/gnocchi.db5877c1-694c-4bc3-b20a-444916569567/none_v3" "tx7df81064a8fd4d52a43b3-00693cb69b" "proxy-server 90180" 0.0003 "-" 97401 0
Dec 12 19:43:08 np0005557753.novalocal proxy-server[90180]: ::1 ::1 13/Dec/2025/00/43/08 GET /v1/AUTH_afe588ce5e36492b94129e0538b6bb45/gnocchi.db5877c1-694c-4bc3-b20a-444916569567/none_v3 HTTP/1.0 404 - python-swiftclient-4.2.0 gAAAAABpPLaCrEYT... - 70 - tx7df81064a8fd4d52a43b3-00693cb69b - 0.0243 - - 1765586587.989603043 1765586588.013883829 0
Dec 12 19:43:08 np0005557753.novalocal account-server[96804]: ::1 - - [13/Dec/2025:00:43:08 +0000] "PUT /2/105149/AUTH_afe588ce5e36492b94129e0538b6bb45/gnocchi.c7fe157f-bc1f-4787-860b-e594a700975c" 201 - "PUT http://[::1]:6001/2/121226/AUTH_afe588ce5e36492b94129e0538b6bb45/gnocchi.c7fe157f-bc1f-4787-860b-e594a700975c" "tx863cbe083fa94e4cbc4f0-00693cb69b" "container-server 97098" 0.0010 "-" 96804 0
Dec 12 19:43:08 np0005557753.novalocal container-server[97098]: ::1 - - [13/Dec/2025:00:43:08 +0000] "PUT /2/121226/AUTH_afe588ce5e36492b94129e0538b6bb45/gnocchi.c7fe157f-bc1f-4787-860b-e594a700975c" 201 - "PUT http://[::1]:8080/v1/AUTH_afe588ce5e36492b94129e0538b6bb45/gnocchi.c7fe157f-bc1f-4787-860b-e594a700975c" "tx863cbe083fa94e4cbc4f0-00693cb69b" "proxy-server 90180" 0.0362 "-" 97098 0
