Dec 12 19:42:45 np0005557753.novalocal container-server[97097]: ::1 - - [13/Dec/2025:00:42:45 +0000] "HEAD /2/169318/AUTH_afe588ce5e36492b94129e0538b6bb45/gnocchi.ca01aa5f-1f98-4c56-968a-3ba77ece5fba" 404 - "HEAD http://[::1]:8080/v1/AUTH_afe588ce5e36492b94129e0538b6bb45/gnocchi.ca01aa5f-1f98-4c56-968a-3ba77ece5fba?format=json&states=listing" "txd5bd506a84f7410ebf164-00693cb685" "proxy-server 90180" 0.0005 "-" 97097 0
Dec 12 19:42:45 np0005557753.novalocal account-server[96803]: ::1 - - [13/Dec/2025:00:42:45 +0000] "PUT /1/105149/AUTH_afe588ce5e36492b94129e0538b6bb45/gnocchi.934f7b60-908c-4f18-8ec8-b1a768867b39" 201 - "PUT http://[::1]:6001/3/94652/AUTH_afe588ce5e36492b94129e0538b6bb45/gnocchi.934f7b60-908c-4f18-8ec8-b1a768867b39" "tx4124043a627a4fed8d910-00693cb685" "container-server 97096" 0.0549 "-" 96803 0
Dec 12 19:42:45 np0005557753.novalocal account-server[96805]: ::1 - - [13/Dec/2025:00:42:45 +0000] "PUT /2/105149/AUTH_afe588ce5e36492b94129e0538b6bb45/gnocchi.934f7b60-908c-4f18-8ec8-b1a768867b39" 201 - "PUT http://[::1]:6001/1/94652/AUTH_afe588ce5e36492b94129e0538b6bb45/gnocchi.934f7b60-908c-4f18-8ec8-b1a768867b39" "tx4124043a627a4fed8d910-00693cb685" "container-server 97099" 0.0511 "-" 96805 0
Dec 12 19:42:45 np0005557753.novalocal container-server[97096]: ::1 - - [13/Dec/2025:00:42:45 +0000] "PUT /3/94652/AUTH_afe588ce5e36492b94129e0538b6bb45/gnocchi.934f7b60-908c-4f18-8ec8-b1a768867b39" 201 - "PUT http://[::1]:8080/v1/AUTH_afe588ce5e36492b94129e0538b6bb45/gnocchi.934f7b60-908c-4f18-8ec8-b1a768867b39" "tx4124043a627a4fed8d910-00693cb685" "proxy-server 90180" 0.0724 "-" 97096 0
Dec 12 19:42:45 np0005557753.novalocal container-server[97099]: ::1 - - [13/Dec/2025:00:42:45 +0000] "HEAD /1/169318/AUTH_afe588ce5e36492b94129e0538b6bb45/gnocchi.ca01aa5f-1f98-4c56-968a-3ba77ece5fba" 404 - "HEAD http://[::1]:8080/v1/AUTH_afe588ce5e36492b94129e0538b6bb45/gnocchi.ca01aa5f-1f98-4c56-968a-3ba77ece5fba?format=json&states=listing" "txd5bd506a84f7410ebf164-00693cb685" "proxy-server 90180" 0.0004 "-" 97099 0
Dec 12 19:42:45 np0005557753.novalocal container-server[97099]: ::1 - - [13/Dec/2025:00:42:45 +0000] "PUT /1/94652/AUTH_afe588ce5e36492b94129e0538b6bb45/gnocchi.934f7b60-908c-4f18-8ec8-b1a768867b39" 201 - "PUT http://[::1]:8080/v1/AUTH_afe588ce5e36492b94129e0538b6bb45/gnocchi.934f7b60-908c-4f18-8ec8-b1a768867b39" "tx4124043a627a4fed8d910-00693cb685" "proxy-server 90180" 0.0780 "-" 97099 0
Dec 12 19:42:45 np0005557753.novalocal container-server[97097]: ::1 - - [13/Dec/2025:00:42:45 +0000] "HEAD /3/169318/AUTH_afe588ce5e36492b94129e0538b6bb45/gnocchi.ca01aa5f-1f98-4c56-968a-3ba77ece5fba" 404 - "HEAD http://[::1]:8080/v1/AUTH_afe588ce5e36492b94129e0538b6bb45/gnocchi.ca01aa5f-1f98-4c56-968a-3ba77ece5fba?format=json&states=listing" "txd5bd506a84f7410ebf164-00693cb685" "proxy-server 90180" 0.0016 "-" 97097 0
Dec 12 19:42:45 np0005557753.novalocal account-server[96802]: ::1 - - [13/Dec/2025:00:42:45 +0000] "PUT /3/105149/AUTH_afe588ce5e36492b94129e0538b6bb45/gnocchi.934f7b60-908c-4f18-8ec8-b1a768867b39" 201 - "PUT http://[::1]:6001/2/94652/AUTH_afe588ce5e36492b94129e0538b6bb45/gnocchi.934f7b60-908c-4f18-8ec8-b1a768867b39" "tx4124043a627a4fed8d910-00693cb685" "container-server 97099" 0.0047 "-" 96802 0
Dec 12 19:42:45 np0005557753.novalocal container-server[97099]: ::1 - - [13/Dec/2025:00:42:45 +0000] "PUT /2/94652/AUTH_afe588ce5e36492b94129e0538b6bb45/gnocchi.934f7b60-908c-4f18-8ec8-b1a768867b39" 201 - "PUT http://[::1]:8080/v1/AUTH_afe588ce5e36492b94129e0538b6bb45/gnocchi.934f7b60-908c-4f18-8ec8-b1a768867b39" "tx4124043a627a4fed8d910-00693cb685" "proxy-server 90180" 0.0673 "-" 97099 0
Dec 12 19:42:45 np0005557753.novalocal object-server[97400]: ::1 - - [13/Dec/2025:00:42:45 +0000] "GET /1/184164/AUTH_afe588ce5e36492b94129e0538b6bb45/gnocchi.ca01aa5f-1f98-4c56-968a-3ba77ece5fba/none_v3" 404 70 "GET http://[::1]:8080/v1/AUTH_afe588ce5e36492b94129e0538b6bb45/gnocchi.ca01aa5f-1f98-4c56-968a-3ba77ece5fba/none_v3" "txd5bd506a84f7410ebf164-00693cb685" "proxy-server 90180" 0.0005 "-" 97400 0
Dec 12 19:42:45 np0005557753.novalocal proxy-server[90180]: ::1 ::1 13/Dec/2025/00/42/45 PUT /v1/AUTH_afe588ce5e36492b94129e0538b6bb45/gnocchi.934f7b60-908c-4f18-8ec8-b1a768867b39 HTTP/1.0 201 - python-swiftclient-4.2.0 gAAAAABpPLaCpY4p... - - - tx4124043a627a4fed8d910-00693cb685 - 0.0934 - - 1765586565.090302467 1765586565.183657408 0
Dec 12 19:42:45 np0005557753.novalocal object-server[97401]: ::1 - - [13/Dec/2025:00:42:45 +0000] "GET /2/184164/AUTH_afe588ce5e36492b94129e0538b6bb45/gnocchi.ca01aa5f-1f98-4c56-968a-3ba77ece5fba/none_v3" 404 70 "GET http://[::1]:8080/v1/AUTH_afe588ce5e36492b94129e0538b6bb45/gnocchi.ca01aa5f-1f98-4c56-968a-3ba77ece5fba/none_v3" "txd5bd506a84f7410ebf164-00693cb685" "proxy-server 90180" 0.0006 "-" 97401 0
Dec 12 19:42:45 np0005557753.novalocal object-server[97402]: ::1 - - [13/Dec/2025:00:42:45 +0000] "GET /3/184164/AUTH_afe588ce5e36492b94129e0538b6bb45/gnocchi.ca01aa5f-1f98-4c56-968a-3ba77ece5fba/none_v3" 404 70 "GET http://[::1]:8080/v1/AUTH_afe588ce5e36492b94129e0538b6bb45/gnocchi.ca01aa5f-1f98-4c56-968a-3ba77ece5fba/none_v3" "txd5bd506a84f7410ebf164-00693cb685" "proxy-server 90180" 0.0004 "-" 97402 0
Dec 12 19:42:45 np0005557753.novalocal container-server[97099]: ::1 - - [13/Dec/2025:00:42:45 +0000] "HEAD /3/94652/AUTH_afe588ce5e36492b94129e0538b6bb45/gnocchi.934f7b60-908c-4f18-8ec8-b1a768867b39" 204 - "HEAD http://[::1]:8080/v1/AUTH_afe588ce5e36492b94129e0538b6bb45/gnocchi.934f7b60-908c-4f18-8ec8-b1a768867b39?format=json&states=listing" "tx0ea65efe4a45415c950c6-00693cb685" "proxy-server 90180" 0.0020 "-" 97099 0
Dec 12 19:42:45 np0005557753.novalocal proxy-server[90180]: ::1 ::1 13/Dec/2025/00/42/45 GET /v1/AUTH_afe588ce5e36492b94129e0538b6bb45/gnocchi.ca01aa5f-1f98-4c56-968a-3ba77ece5fba/none_v3 HTTP/1.0 404 - python-swiftclient-4.2.0 gAAAAABpPLaCrEYT... - 70 - txd5bd506a84f7410ebf164-00693cb685 - 0.1056 - - 1765586565.090711355 1765586565.196321011 0
Dec 12 19:42:45 np0005557753.novalocal container-server[97097]: ::1 - - [13/Dec/2025:00:42:45 +0000] "GET /3/94652/AUTH_afe588ce5e36492b94129e0538b6bb45/gnocchi.934f7b60-908c-4f18-8ec8-b1a768867b39" 200 2 "GET http://[::1]:8080/v1/AUTH_afe588ce5e36492b94129e0538b6bb45/gnocchi.934f7b60-908c-4f18-8ec8-b1a768867b39?format=json&states=listing" "tx0ea65efe4a45415c950c6-00693cb685" "proxy-server 90180" 0.0036 "-" 97097 0
Dec 12 19:42:45 np0005557753.novalocal proxy-server[90180]: ::1 ::1 13/Dec/2025/00/42/45 GET /v1/AUTH_afe588ce5e36492b94129e0538b6bb45/gnocchi.934f7b60-908c-4f18-8ec8-b1a768867b39%3Fformat%3Djson%26states%3Dlisting HTTP/1.0 200 - python-swiftclient-4.2.0 gAAAAABpPLaCpY4p... - 2 - tx0ea65efe4a45415c950c6-00693cb685 - 0.0254 - - 1765586565.187708378 1765586565.213102579 0
Dec 12 19:42:45 np0005557753.novalocal account-server[96805]: ::1 - - [13/Dec/2025:00:42:45 +0000] "PUT /1/105149/AUTH_afe588ce5e36492b94129e0538b6bb45/gnocchi.ca01aa5f-1f98-4c56-968a-3ba77ece5fba" 201 - "PUT http://[::1]:6001/2/169318/AUTH_afe588ce5e36492b94129e0538b6bb45/gnocchi.ca01aa5f-1f98-4c56-968a-3ba77ece5fba" "txa628d86bc3334e5a91074-00693cb685" "container-server 97098" 0.0086 "-" 96805 0
Dec 12 19:42:45 np0005557753.novalocal object-server[97402]: ::1 - - [13/Dec/2025:00:42:45 +0000] "GET /2/137539/AUTH_afe588ce5e36492b94129e0538b6bb45/gnocchi.934f7b60-908c-4f18-8ec8-b1a768867b39/1764720000.0_mean_300.0_v3" 404 70 "GET http://[::1]:8080/v1/AUTH_afe588ce5e36492b94129e0538b6bb45/gnocchi.934f7b60-908c-4f18-8ec8-b1a768867b39/1764720000.0_mean_300.0_v3" "tx062b07ab1d0f46649a5df-00693cb685" "proxy-server 90180" 0.0004 "-" 97402 0
Dec 12 19:42:45 np0005557753.novalocal account-server[96802]: ::1 - - [13/Dec/2025:00:42:45 +0000] "PUT /3/105149/AUTH_afe588ce5e36492b94129e0538b6bb45/gnocchi.ca01aa5f-1f98-4c56-968a-3ba77ece5fba" 201 - "PUT http://[::1]:6001/3/169318/AUTH_afe588ce5e36492b94129e0538b6bb45/gnocchi.ca01aa5f-1f98-4c56-968a-3ba77ece5fba" "txa628d86bc3334e5a91074-00693cb685" "container-server 97096" 0.0080 "-" 96802 0
Dec 12 19:42:45 np0005557753.novalocal container-server[97098]: ::1 - - [13/Dec/2025:00:42:45 +0000] "PUT /2/169318/AUTH_afe588ce5e36492b94129e0538b6bb45/gnocchi.ca01aa5f-1f98-4c56-968a-3ba77ece5fba" 201 - "PUT http://[::1]:8080/v1/AUTH_afe588ce5e36492b94129e0538b6bb45/gnocchi.ca01aa5f-1f98-4c56-968a-3ba77ece5fba" "txa628d86bc3334e5a91074-00693cb685" "proxy-server 90180" 0.0262 "-" 97098 0
Dec 12 19:42:45 np0005557753.novalocal container-server[97096]: ::1 - - [13/Dec/2025:00:42:45 +0000] "PUT /3/169318/AUTH_afe588ce5e36492b94129e0538b6bb45/gnocchi.ca01aa5f-1f98-4c56-968a-3ba77ece5fba" 201 - "PUT http://[::1]:8080/v1/AUTH_afe588ce5e36492b94129e0538b6bb45/gnocchi.ca01aa5f-1f98-4c56-968a-3ba77ece5fba" "txa628d86bc3334e5a91074-00693cb685" "proxy-server 90180" 0.0271 "-" 97096 0
Dec 12 19:42:45 np0005557753.novalocal object-server[97401]: ::1 - - [13/Dec/2025:00:42:45 +0000] "GET /3/137539/AUTH_afe588ce5e36492b94129e0538b6bb45/gnocchi.934f7b60-908c-4f18-8ec8-b1a768867b39/1764720000.0_mean_300.0_v3" 404 70 "GET http://[::1]:8080/v1/AUTH_afe588ce5e36492b94129e0538b6bb45/gnocchi.934f7b60-908c-4f18-8ec8-b1a768867b39/1764720000.0_mean_300.0_v3" "tx062b07ab1d0f46649a5df-00693cb685" "proxy-server 90180" 0.0005 "-" 97401 0
Dec 12 19:42:45 np0005557753.novalocal object-server[97401]: ::1 - - [13/Dec/2025:00:42:45 +0000] "GET /1/137539/AUTH_afe588ce5e36492b94129e0538b6bb45/gnocchi.934f7b60-908c-4f18-8ec8-b1a768867b39/1764720000.0_mean_300.0_v3" 404 70 "GET http://[::1]:8080/v1/AUTH_afe588ce5e36492b94129e0538b6bb45/gnocchi.934f7b60-908c-4f18-8ec8-b1a768867b39/1764720000.0_mean_300.0_v3" "tx062b07ab1d0f46649a5df-00693cb685" "proxy-server 90180" 0.0003 "-" 97401 0
Dec 12 19:42:45 np0005557753.novalocal account-server[96805]: ::1 - - [13/Dec/2025:00:42:45 +0000] "PUT /2/105149/AUTH_afe588ce5e36492b94129e0538b6bb45/gnocchi.ca01aa5f-1f98-4c56-968a-3ba77ece5fba" 201 - "PUT http://[::1]:6001/1/169318/AUTH_afe588ce5e36492b94129e0538b6bb45/gnocchi.ca01aa5f-1f98-4c56-968a-3ba77ece5fba" "txa628d86bc3334e5a91074-00693cb685" "container-server 97097" 0.0043 "-" 96805 0
Dec 12 19:42:45 np0005557753.novalocal proxy-server[90180]: ::1 ::1 13/Dec/2025/00/42/45 GET /v1/AUTH_afe588ce5e36492b94129e0538b6bb45/gnocchi.934f7b60-908c-4f18-8ec8-b1a768867b39/1764720000.0_mean_300.0_v3 HTTP/1.0 404 - python-swiftclient-4.2.0 gAAAAABpPLaCpY4p... - 70 - tx062b07ab1d0f46649a5df-00693cb685 - 0.0140 - - 1765586565.225304365 1765586565.239275932 0
Dec 12 19:42:45 np0005557753.novalocal container-server[97097]: ::1 - - [13/Dec/2025:00:42:45 +0000] "PUT /1/169318/AUTH_afe588ce5e36492b94129e0538b6bb45/gnocchi.ca01aa5f-1f98-4c56-968a-3ba77ece5fba" 201 - "PUT http://[::1]:8080/v1/AUTH_afe588ce5e36492b94129e0538b6bb45/gnocchi.ca01aa5f-1f98-4c56-968a-3ba77ece5fba" "txa628d86bc3334e5a91074-00693cb685" "proxy-server 90180" 0.0283 "-" 97097 0
Dec 12 19:42:45 np0005557753.novalocal proxy-server[90180]: ::1 ::1 13/Dec/2025/00/42/45 PUT /v1/AUTH_afe588ce5e36492b94129e0538b6bb45/gnocchi.ca01aa5f-1f98-4c56-968a-3ba77ece5fba HTTP/1.0 201 - python-swiftclient-4.2.0 gAAAAABpPLaCrEYT... - - - txa628d86bc3334e5a91074-00693cb685 - 0.0418 - - 1765586565.200362206 1765586565.242130280 0
Dec 12 19:42:45 np0005557753.novalocal container-server[97097]: ::1 - - [13/Dec/2025:00:42:45 +0000] "HEAD /1/169318/AUTH_afe588ce5e36492b94129e0538b6bb45/gnocchi.ca01aa5f-1f98-4c56-968a-3ba77ece5fba" 204 - "HEAD http://[::1]:8080/v1/AUTH_afe588ce5e36492b94129e0538b6bb45/gnocchi.ca01aa5f-1f98-4c56-968a-3ba77ece5fba?format=json&states=listing" "txd4154e312ab44efda093b-00693cb685" "proxy-server 90180" 0.0020 "-" 97097 0
Dec 12 19:42:45 np0005557753.novalocal container-server[97099]: ::1 - - [13/Dec/2025:00:42:45 +0000] "PUT /1/94652/AUTH_afe588ce5e36492b94129e0538b6bb45/gnocchi.934f7b60-908c-4f18-8ec8-b1a768867b39/1764720000.0_mean_300.0_v3" 201 - "PUT http://[::1]:8080/3/137539/AUTH_afe588ce5e36492b94129e0538b6bb45/gnocchi.934f7b60-908c-4f18-8ec8-b1a768867b39/1764720000.0_mean_300.0_v3" "txb0a22b6018b3412b9c05f-00693cb685" "object-server 97402" 0.0007 "-" 97099 0
Dec 12 19:42:45 np0005557753.novalocal object-server[97402]: ::1 - - [13/Dec/2025:00:42:45 +0000] "PUT /3/137539/AUTH_afe588ce5e36492b94129e0538b6bb45/gnocchi.934f7b60-908c-4f18-8ec8-b1a768867b39/1764720000.0_mean_300.0_v3" 201 - "PUT http://[::1]:8080/v1/AUTH_afe588ce5e36492b94129e0538b6bb45/gnocchi.934f7b60-908c-4f18-8ec8-b1a768867b39/1764720000.0_mean_300.0_v3" "txb0a22b6018b3412b9c05f-00693cb685" "proxy-server 90180" 0.0121 "-" 97402 0
Dec 12 19:42:45 np0005557753.novalocal container-server[97099]: ::1 - - [13/Dec/2025:00:42:45 +0000] "PUT /3/94652/AUTH_afe588ce5e36492b94129e0538b6bb45/gnocchi.934f7b60-908c-4f18-8ec8-b1a768867b39/1764720000.0_mean_300.0_v3" 201 - "PUT http://[::1]:8080/2/137539/AUTH_afe588ce5e36492b94129e0538b6bb45/gnocchi.934f7b60-908c-4f18-8ec8-b1a768867b39/1764720000.0_mean_300.0_v3" "txb0a22b6018b3412b9c05f-00693cb685" "object-server 97399" 0.0004 "-" 97099 0
Dec 12 19:42:45 np0005557753.novalocal container-server[97099]: ::1 - - [13/Dec/2025:00:42:45 +0000] "PUT /2/94652/AUTH_afe588ce5e36492b94129e0538b6bb45/gnocchi.934f7b60-908c-4f18-8ec8-b1a768867b39/1764720000.0_mean_300.0_v3" 201 - "PUT http://[::1]:8080/1/137539/AUTH_afe588ce5e36492b94129e0538b6bb45/gnocchi.934f7b60-908c-4f18-8ec8-b1a768867b39/1764720000.0_mean_300.0_v3" "txb0a22b6018b3412b9c05f-00693cb685" "object-server 97401" 0.0004 "-" 97099 0
Dec 12 19:42:45 np0005557753.novalocal object-server[97399]: ::1 - - [13/Dec/2025:00:42:45 +0000] "PUT /2/137539/AUTH_afe588ce5e36492b94129e0538b6bb45/gnocchi.934f7b60-908c-4f18-8ec8-b1a768867b39/1764720000.0_mean_300.0_v3" 201 - "PUT http://[::1]:8080/v1/AUTH_afe588ce5e36492b94129e0538b6bb45/gnocchi.934f7b60-908c-4f18-8ec8-b1a768867b39/1764720000.0_mean_300.0_v3" "txb0a22b6018b3412b9c05f-00693cb685" "proxy-server 90180" 0.0132 "-" 97399 0
Dec 12 19:42:45 np0005557753.novalocal object-server[97401]: ::1 - - [13/Dec/2025:00:42:45 +0000] "PUT /1/137539/AUTH_afe588ce5e36492b94129e0538b6bb45/gnocchi.934f7b60-908c-4f18-8ec8-b1a768867b39/1764720000.0_mean_300.0_v3" 201 - "PUT http://[::1]:8080/v1/AUTH_afe588ce5e36492b94129e0538b6bb45/gnocchi.934f7b60-908c-4f18-8ec8-b1a768867b39/1764720000.0_mean_300.0_v3" "txb0a22b6018b3412b9c05f-00693cb685" "proxy-server 90180" 0.0138 "-" 97401 0
Dec 12 19:42:45 np0005557753.novalocal container-server[97099]: ::1 - - [13/Dec/2025:00:42:45 +0000] "GET /3/169318/AUTH_afe588ce5e36492b94129e0538b6bb45/gnocchi.ca01aa5f-1f98-4c56-968a-3ba77ece5fba" 200 2 "GET http://[::1]:8080/v1/AUTH_afe588ce5e36492b94129e0538b6bb45/gnocchi.ca01aa5f-1f98-4c56-968a-3ba77ece5fba?format=json&states=listing" "txd4154e312ab44efda093b-00693cb685" "proxy-server 90180" 0.0026 "-" 97099 0
Dec 12 19:42:45 np0005557753.novalocal proxy-server[90180]: ::1 ::1 13/Dec/2025/00/42/45 PUT /v1/AUTH_afe588ce5e36492b94129e0538b6bb45/gnocchi.934f7b60-908c-4f18-8ec8-b1a768867b39/1764720000.0_mean_300.0_v3 HTTP/1.0 201 - python-swiftclient-4.2.0 gAAAAABpPLaCpY4p... 16 - - txb0a22b6018b3412b9c05f-00693cb685 - 0.0264 - - 1765586565.243846178 1765586565.270198822 0
Dec 12 19:42:45 np0005557753.novalocal proxy-server[90180]: ::1 ::1 13/Dec/2025/00/42/45 GET /v1/AUTH_afe588ce5e36492b94129e0538b6bb45/gnocchi.ca01aa5f-1f98-4c56-968a-3ba77ece5fba%3Fformat%3Djson%26states%3Dlisting HTTP/1.0 200 - python-swiftclient-4.2.0 gAAAAABpPLaCrEYT... - 2 - txd4154e312ab44efda093b-00693cb685 - 0.0224 - - 1765586565.249237776 1765586565.271627665 0
Dec 12 19:42:45 np0005557753.novalocal object-server[97400]: ::1 - - [13/Dec/2025:00:42:45 +0000] "GET /1/245034/AUTH_afe588ce5e36492b94129e0538b6bb45/gnocchi.ca01aa5f-1f98-4c56-968a-3ba77ece5fba/1764720000.0_mean_300.0_v3" 404 70 "GET http://[::1]:8080/v1/AUTH_afe588ce5e36492b94129e0538b6bb45/gnocchi.ca01aa5f-1f98-4c56-968a-3ba77ece5fba/1764720000.0_mean_300.0_v3" "tx29b37f455c93472cb37b0-00693cb685" "proxy-server 90180" 0.0007 "-" 97400 0
Dec 12 19:42:45 np0005557753.novalocal object-server[97400]: ::1 - - [13/Dec/2025:00:42:45 +0000] "GET /3/245034/AUTH_afe588ce5e36492b94129e0538b6bb45/gnocchi.ca01aa5f-1f98-4c56-968a-3ba77ece5fba/1764720000.0_mean_300.0_v3" 404 70 "GET http://[::1]:8080/v1/AUTH_afe588ce5e36492b94129e0538b6bb45/gnocchi.ca01aa5f-1f98-4c56-968a-3ba77ece5fba/1764720000.0_mean_300.0_v3" "tx29b37f455c93472cb37b0-00693cb685" "proxy-server 90180" 0.0003 "-" 97400 0
Dec 12 19:42:45 np0005557753.novalocal object-server[97401]: ::1 - - [13/Dec/2025:00:42:45 +0000] "GET /2/245034/AUTH_afe588ce5e36492b94129e0538b6bb45/gnocchi.ca01aa5f-1f98-4c56-968a-3ba77ece5fba/1764720000.0_mean_300.0_v3" 404 70 "GET http://[::1]:8080/v1/AUTH_afe588ce5e36492b94129e0538b6bb45/gnocchi.ca01aa5f-1f98-4c56-968a-3ba77ece5fba/1764720000.0_mean_300.0_v3" "tx29b37f455c93472cb37b0-00693cb685" "proxy-server 90180" 0.0004 "-" 97401 0
Dec 12 19:42:45 np0005557753.novalocal container-server[97096]: ::1 - - [13/Dec/2025:00:42:45 +0000] "PUT /2/94652/AUTH_afe588ce5e36492b94129e0538b6bb45/gnocchi.934f7b60-908c-4f18-8ec8-b1a768867b39/none_v3" 201 - "PUT http://[::1]:8080/2/202858/AUTH_afe588ce5e36492b94129e0538b6bb45/gnocchi.934f7b60-908c-4f18-8ec8-b1a768867b39/none_v3" "txc6134df3ba614ebc84e25-00693cb685" "object-server 97400" 0.0008 "-" 97096 0
Dec 12 19:42:45 np0005557753.novalocal proxy-server[90180]: ::1 ::1 13/Dec/2025/00/42/45 GET /v1/AUTH_afe588ce5e36492b94129e0538b6bb45/gnocchi.ca01aa5f-1f98-4c56-968a-3ba77ece5fba/1764720000.0_mean_300.0_v3 HTTP/1.0 404 - python-swiftclient-4.2.0 gAAAAABpPLaCrEYT... - 70 - tx29b37f455c93472cb37b0-00693cb685 - 0.0190 - - 1765586565.279131651 1765586565.298097610 0
Dec 12 19:42:45 np0005557753.novalocal object-server[97400]: ::1 - - [13/Dec/2025:00:42:45 +0000] "PUT /2/202858/AUTH_afe588ce5e36492b94129e0538b6bb45/gnocchi.934f7b60-908c-4f18-8ec8-b1a768867b39/none_v3" 201 - "PUT http://[::1]:8080/v1/AUTH_afe588ce5e36492b94129e0538b6bb45/gnocchi.934f7b60-908c-4f18-8ec8-b1a768867b39/none_v3" "txc6134df3ba614ebc84e25-00693cb685" "proxy-server 90180" 0.0190 "-" 97400 0
Dec 12 19:42:45 np0005557753.novalocal container-server[97096]: ::1 - - [13/Dec/2025:00:42:45 +0000] "PUT /3/94652/AUTH_afe588ce5e36492b94129e0538b6bb45/gnocchi.934f7b60-908c-4f18-8ec8-b1a768867b39/none_v3" 201 - "PUT http://[::1]:8080/1/202858/AUTH_afe588ce5e36492b94129e0538b6bb45/gnocchi.934f7b60-908c-4f18-8ec8-b1a768867b39/none_v3" "txc6134df3ba614ebc84e25-00693cb685" "object-server 97401" 0.0004 "-" 97096 0
Dec 12 19:42:45 np0005557753.novalocal object-server[97401]: ::1 - - [13/Dec/2025:00:42:45 +0000] "PUT /1/202858/AUTH_afe588ce5e36492b94129e0538b6bb45/gnocchi.934f7b60-908c-4f18-8ec8-b1a768867b39/none_v3" 201 - "PUT http://[::1]:8080/v1/AUTH_afe588ce5e36492b94129e0538b6bb45/gnocchi.934f7b60-908c-4f18-8ec8-b1a768867b39/none_v3" "txc6134df3ba614ebc84e25-00693cb685" "proxy-server 90180" 0.0193 "-" 97401 0
Dec 12 19:42:45 np0005557753.novalocal container-server[97096]: ::1 - - [13/Dec/2025:00:42:45 +0000] "PUT /1/94652/AUTH_afe588ce5e36492b94129e0538b6bb45/gnocchi.934f7b60-908c-4f18-8ec8-b1a768867b39/none_v3" 201 - "PUT http://[::1]:8080/3/202858/AUTH_afe588ce5e36492b94129e0538b6bb45/gnocchi.934f7b60-908c-4f18-8ec8-b1a768867b39/none_v3" "txc6134df3ba614ebc84e25-00693cb685" "object-server 97401" 0.0005 "-" 97096 0
Dec 12 19:42:45 np0005557753.novalocal object-server[97401]: ::1 - - [13/Dec/2025:00:42:45 +0000] "PUT /3/202858/AUTH_afe588ce5e36492b94129e0538b6bb45/gnocchi.934f7b60-908c-4f18-8ec8-b1a768867b39/none_v3" 201 - "PUT http://[::1]:8080/v1/AUTH_afe588ce5e36492b94129e0538b6bb45/gnocchi.934f7b60-908c-4f18-8ec8-b1a768867b39/none_v3" "txc6134df3ba614ebc84e25-00693cb685" "proxy-server 90180" 0.0233 "-" 97401 0
Dec 12 19:42:45 np0005557753.novalocal proxy-server[90180]: ::1 ::1 13/Dec/2025/00/42/45 PUT /v1/AUTH_afe588ce5e36492b94129e0538b6bb45/gnocchi.934f7b60-908c-4f18-8ec8-b1a768867b39/none_v3 HTTP/1.0 201 - python-swiftclient-4.2.0 gAAAAABpPLaCpY4p... 22 - - txc6134df3ba614ebc84e25-00693cb685 - 0.0326 - - 1765586565.274300814 1765586565.306886673 0
Dec 12 19:42:45 np0005557753.novalocal container-server[97096]: ::1 - - [13/Dec/2025:00:42:45 +0000] "HEAD /2/203182/AUTH_afe588ce5e36492b94129e0538b6bb45/gnocchi.4cc0c2c6-573c-4f78-961f-74c071207aed" 404 - "HEAD http://[::1]:8080/v1/AUTH_afe588ce5e36492b94129e0538b6bb45/gnocchi.4cc0c2c6-573c-4f78-961f-74c071207aed?format=json&states=listing" "txbd12f52839d9446b8b90d-00693cb685" "proxy-server 90180" 0.0003 "-" 97096 0
Dec 12 19:42:45 np0005557753.novalocal container-server[97097]: ::1 - - [13/Dec/2025:00:42:45 +0000] "HEAD /1/203182/AUTH_afe588ce5e36492b94129e0538b6bb45/gnocchi.4cc0c2c6-573c-4f78-961f-74c071207aed" 404 - "HEAD http://[::1]:8080/v1/AUTH_afe588ce5e36492b94129e0538b6bb45/gnocchi.4cc0c2c6-573c-4f78-961f-74c071207aed?format=json&states=listing" "txbd12f52839d9446b8b90d-00693cb685" "proxy-server 90180" 0.0006 "-" 97097 0
Dec 12 19:42:45 np0005557753.novalocal container-server[97096]: ::1 - - [13/Dec/2025:00:42:45 +0000] "PUT /1/169318/AUTH_afe588ce5e36492b94129e0538b6bb45/gnocchi.ca01aa5f-1f98-4c56-968a-3ba77ece5fba/1764720000.0_mean_300.0_v3" 201 - "PUT http://[::1]:8080/1/245034/AUTH_afe588ce5e36492b94129e0538b6bb45/gnocchi.ca01aa5f-1f98-4c56-968a-3ba77ece5fba/1764720000.0_mean_300.0_v3" "tx57476ced6c6f4093973d2-00693cb685" "object-server 97400" 0.0005 "-" 97096 0
Dec 12 19:42:45 np0005557753.novalocal container-server[97099]: ::1 - - [13/Dec/2025:00:42:45 +0000] "PUT /3/169318/AUTH_afe588ce5e36492b94129e0538b6bb45/gnocchi.ca01aa5f-1f98-4c56-968a-3ba77ece5fba/1764720000.0_mean_300.0_v3" 201 - "PUT http://[::1]:8080/3/245034/AUTH_afe588ce5e36492b94129e0538b6bb45/gnocchi.ca01aa5f-1f98-4c56-968a-3ba77ece5fba/1764720000.0_mean_300.0_v3" "tx57476ced6c6f4093973d2-00693cb685" "object-server 97401" 0.0008 "-" 97099 0
Dec 12 19:42:45 np0005557753.novalocal object-server[97400]: ::1 - - [13/Dec/2025:00:42:45 +0000] "PUT /1/245034/AUTH_afe588ce5e36492b94129e0538b6bb45/gnocchi.ca01aa5f-1f98-4c56-968a-3ba77ece5fba/1764720000.0_mean_300.0_v3" 201 - "PUT http://[::1]:8080/v1/AUTH_afe588ce5e36492b94129e0538b6bb45/gnocchi.ca01aa5f-1f98-4c56-968a-3ba77ece5fba/1764720000.0_mean_300.0_v3" "tx57476ced6c6f4093973d2-00693cb685" "proxy-server 90180" 0.0242 "-" 97400 0
Dec 12 19:42:45 np0005557753.novalocal container-server[97098]: ::1 - - [13/Dec/2025:00:42:45 +0000] "PUT /2/169318/AUTH_afe588ce5e36492b94129e0538b6bb45/gnocchi.ca01aa5f-1f98-4c56-968a-3ba77ece5fba/1764720000.0_mean_300.0_v3" 201 - "PUT http://[::1]:8080/2/245034/AUTH_afe588ce5e36492b94129e0538b6bb45/gnocchi.ca01aa5f-1f98-4c56-968a-3ba77ece5fba/1764720000.0_mean_300.0_v3" "tx57476ced6c6f4093973d2-00693cb685" "object-server 97399" 0.0007 "-" 97098 0
Dec 12 19:42:45 np0005557753.novalocal object-server[97401]: ::1 - - [13/Dec/2025:00:42:45 +0000] "PUT /3/245034/AUTH_afe588ce5e36492b94129e0538b6bb45/gnocchi.ca01aa5f-1f98-4c56-968a-3ba77ece5fba/1764720000.0_mean_300.0_v3" 201 - "PUT http://[::1]:8080/v1/AUTH_afe588ce5e36492b94129e0538b6bb45/gnocchi.ca01aa5f-1f98-4c56-968a-3ba77ece5fba/1764720000.0_mean_300.0_v3" "tx57476ced6c6f4093973d2-00693cb685" "proxy-server 90180" 0.0286 "-" 97401 0
Dec 12 19:42:45 np0005557753.novalocal object-server[97399]: ::1 - - [13/Dec/2025:00:42:45 +0000] "PUT /2/245034/AUTH_afe588ce5e36492b94129e0538b6bb45/gnocchi.ca01aa5f-1f98-4c56-968a-3ba77ece5fba/1764720000.0_mean_300.0_v3" 201 - "PUT http://[::1]:8080/v1/AUTH_afe588ce5e36492b94129e0538b6bb45/gnocchi.ca01aa5f-1f98-4c56-968a-3ba77ece5fba/1764720000.0_mean_300.0_v3" "tx57476ced6c6f4093973d2-00693cb685" "proxy-server 90180" 0.0295 "-" 97399 0
Dec 12 19:42:45 np0005557753.novalocal container-server[97097]: ::1 - - [13/Dec/2025:00:42:45 +0000] "HEAD /3/203182/AUTH_afe588ce5e36492b94129e0538b6bb45/gnocchi.4cc0c2c6-573c-4f78-961f-74c071207aed" 404 - "HEAD http://[::1]:8080/v1/AUTH_afe588ce5e36492b94129e0538b6bb45/gnocchi.4cc0c2c6-573c-4f78-961f-74c071207aed?format=json&states=listing" "txbd12f52839d9446b8b90d-00693cb685" "proxy-server 90180" 0.0003 "-" 97097 0
Dec 12 19:42:45 np0005557753.novalocal proxy-server[90180]: ::1 ::1 13/Dec/2025/00/42/45 PUT /v1/AUTH_afe588ce5e36492b94129e0538b6bb45/gnocchi.ca01aa5f-1f98-4c56-968a-3ba77ece5fba/1764720000.0_mean_300.0_v3 HTTP/1.0 201 - python-swiftclient-4.2.0 gAAAAABpPLaCrEYT... 16 - - tx57476ced6c6f4093973d2-00693cb685 - 0.0368 - - 1765586565.301149607 1765586565.337973595 0
Dec 12 19:42:45 np0005557753.novalocal object-server[97399]: ::1 - - [13/Dec/2025:00:42:45 +0000] "GET /3/94326/AUTH_afe588ce5e36492b94129e0538b6bb45/gnocchi.4cc0c2c6-573c-4f78-961f-74c071207aed/none_v3" 404 70 "GET http://[::1]:8080/v1/AUTH_afe588ce5e36492b94129e0538b6bb45/gnocchi.4cc0c2c6-573c-4f78-961f-74c071207aed/none_v3" "txbd12f52839d9446b8b90d-00693cb685" "proxy-server 90180" 0.0006 "-" 97399 0
Dec 12 19:42:45 np0005557753.novalocal object-server[97401]: ::1 - - [13/Dec/2025:00:42:45 +0000] "GET /2/94326/AUTH_afe588ce5e36492b94129e0538b6bb45/gnocchi.4cc0c2c6-573c-4f78-961f-74c071207aed/none_v3" 404 70 "GET http://[::1]:8080/v1/AUTH_afe588ce5e36492b94129e0538b6bb45/gnocchi.4cc0c2c6-573c-4f78-961f-74c071207aed/none_v3" "txbd12f52839d9446b8b90d-00693cb685" "proxy-server 90180" 0.0007 "-" 97401 0
Dec 12 19:42:45 np0005557753.novalocal object-server[97402]: ::1 - - [13/Dec/2025:00:42:45 +0000] "GET /1/94326/AUTH_afe588ce5e36492b94129e0538b6bb45/gnocchi.4cc0c2c6-573c-4f78-961f-74c071207aed/none_v3" 404 70 "GET http://[::1]:8080/v1/AUTH_afe588ce5e36492b94129e0538b6bb45/gnocchi.4cc0c2c6-573c-4f78-961f-74c071207aed/none_v3" "txbd12f52839d9446b8b90d-00693cb685" "proxy-server 90180" 0.0007 "-" 97402 0
Dec 12 19:42:45 np0005557753.novalocal proxy-server[90180]: ::1 ::1 13/Dec/2025/00/42/45 GET /v1/AUTH_afe588ce5e36492b94129e0538b6bb45/gnocchi.4cc0c2c6-573c-4f78-961f-74c071207aed/none_v3 HTTP/1.0 404 - python-swiftclient-4.2.0 gAAAAABpPLaCpY4p... - 70 - txbd12f52839d9446b8b90d-00693cb685 - 0.0312 - - 1765586565.324817657 1765586565.356004238 0
Dec 12 19:42:45 np0005557753.novalocal container-server[97097]: ::1 - - [13/Dec/2025:00:42:45 +0000] "PUT /1/169318/AUTH_afe588ce5e36492b94129e0538b6bb45/gnocchi.ca01aa5f-1f98-4c56-968a-3ba77ece5fba/none_v3" 201 - "PUT http://[::1]:8080/2/184164/AUTH_afe588ce5e36492b94129e0538b6bb45/gnocchi.ca01aa5f-1f98-4c56-968a-3ba77ece5fba/none_v3" "txdaf03f1fdb684722aa4cb-00693cb685" "object-server 97402" 0.0008 "-" 97097 0
Dec 12 19:42:45 np0005557753.novalocal object-server[97402]: ::1 - - [13/Dec/2025:00:42:45 +0000] "PUT /2/184164/AUTH_afe588ce5e36492b94129e0538b6bb45/gnocchi.ca01aa5f-1f98-4c56-968a-3ba77ece5fba/none_v3" 201 - "PUT http://[::1]:8080/v1/AUTH_afe588ce5e36492b94129e0538b6bb45/gnocchi.ca01aa5f-1f98-4c56-968a-3ba77ece5fba/none_v3" "txdaf03f1fdb684722aa4cb-00693cb685" "proxy-server 90180" 0.0161 "-" 97402 0
Dec 12 19:42:45 np0005557753.novalocal container-server[97096]: ::1 - - [13/Dec/2025:00:42:45 +0000] "PUT /3/169318/AUTH_afe588ce5e36492b94129e0538b6bb45/gnocchi.ca01aa5f-1f98-4c56-968a-3ba77ece5fba/none_v3" 201 - "PUT http://[::1]:8080/1/184164/AUTH_afe588ce5e36492b94129e0538b6bb45/gnocchi.ca01aa5f-1f98-4c56-968a-3ba77ece5fba/none_v3" "txdaf03f1fdb684722aa4cb-00693cb685" "object-server 97399" 0.0009 "-" 97096 0
Dec 12 19:42:45 np0005557753.novalocal container-server[97098]: ::1 - - [13/Dec/2025:00:42:45 +0000] "PUT /2/169318/AUTH_afe588ce5e36492b94129e0538b6bb45/gnocchi.ca01aa5f-1f98-4c56-968a-3ba77ece5fba/none_v3" 201 - "PUT http://[::1]:8080/3/184164/AUTH_afe588ce5e36492b94129e0538b6bb45/gnocchi.ca01aa5f-1f98-4c56-968a-3ba77ece5fba/none_v3" "txdaf03f1fdb684722aa4cb-00693cb685" "object-server 97399" 0.0006 "-" 97098 0
Dec 12 19:42:45 np0005557753.novalocal object-server[97399]: ::1 - - [13/Dec/2025:00:42:45 +0000] "PUT /1/184164/AUTH_afe588ce5e36492b94129e0538b6bb45/gnocchi.ca01aa5f-1f98-4c56-968a-3ba77ece5fba/none_v3" 201 - "PUT http://[::1]:8080/v1/AUTH_afe588ce5e36492b94129e0538b6bb45/gnocchi.ca01aa5f-1f98-4c56-968a-3ba77ece5fba/none_v3" "txdaf03f1fdb684722aa4cb-00693cb685" "proxy-server 90180" 0.0205 "-" 97399 0
Dec 12 19:42:45 np0005557753.novalocal object-server[97399]: ::1 - - [13/Dec/2025:00:42:45 +0000] "PUT /3/184164/AUTH_afe588ce5e36492b94129e0538b6bb45/gnocchi.ca01aa5f-1f98-4c56-968a-3ba77ece5fba/none_v3" 201 - "PUT http://[::1]:8080/v1/AUTH_afe588ce5e36492b94129e0538b6bb45/gnocchi.ca01aa5f-1f98-4c56-968a-3ba77ece5fba/none_v3" "txdaf03f1fdb684722aa4cb-00693cb685" "proxy-server 90180" 0.0196 "-" 97399 0
Dec 12 19:42:45 np0005557753.novalocal proxy-server[90180]: ::1 ::1 13/Dec/2025/00/42/45 PUT /v1/AUTH_afe588ce5e36492b94129e0538b6bb45/gnocchi.ca01aa5f-1f98-4c56-968a-3ba77ece5fba/none_v3 HTTP/1.0 201 - python-swiftclient-4.2.0 gAAAAABpPLaCrEYT... 22 - - txdaf03f1fdb684722aa4cb-00693cb685 - 0.0350 - - 1765586565.342321634 1765586565.377292871 0
Dec 12 19:42:45 np0005557753.novalocal account-server[96803]: ::1 - - [13/Dec/2025:00:42:45 +0000] "PUT /2/105149/AUTH_afe588ce5e36492b94129e0538b6bb45/gnocchi.4cc0c2c6-573c-4f78-961f-74c071207aed" 201 - "PUT http://[::1]:6001/2/203182/AUTH_afe588ce5e36492b94129e0538b6bb45/gnocchi.4cc0c2c6-573c-4f78-961f-74c071207aed" "txf9b64aede8684360b450a-00693cb685" "container-server 97098" 0.0067 "-" 96803 0
Dec 12 19:42:45 np0005557753.novalocal account-server[96805]: ::1 - - [13/Dec/2025:00:42:45 +0000] "PUT /3/105149/AUTH_afe588ce5e36492b94129e0538b6bb45/gnocchi.4cc0c2c6-573c-4f78-961f-74c071207aed" 201 - "PUT http://[::1]:6001/3/203182/AUTH_afe588ce5e36492b94129e0538b6bb45/gnocchi.4cc0c2c6-573c-4f78-961f-74c071207aed" "txf9b64aede8684360b450a-00693cb685" "container-server 97099" 0.0110 "-" 96805 0
Dec 12 19:42:45 np0005557753.novalocal container-server[97098]: ::1 - - [13/Dec/2025:00:42:45 +0000] "PUT /2/203182/AUTH_afe588ce5e36492b94129e0538b6bb45/gnocchi.4cc0c2c6-573c-4f78-961f-74c071207aed" 201 - "PUT http://[::1]:8080/v1/AUTH_afe588ce5e36492b94129e0538b6bb45/gnocchi.4cc0c2c6-573c-4f78-961f-74c071207aed" "txf9b64aede8684360b450a-00693cb685" "proxy-server 90180" 0.0242 "-" 97098 0
Dec 12 19:42:45 np0005557753.novalocal container-server[97099]: ::1 - - [13/Dec/2025:00:42:45 +0000] "PUT /3/203182/AUTH_afe588ce5e36492b94129e0538b6bb45/gnocchi.4cc0c2c6-573c-4f78-961f-74c071207aed" 201 - "PUT http://[::1]:8080/v1/AUTH_afe588ce5e36492b94129e0538b6bb45/gnocchi.4cc0c2c6-573c-4f78-961f-74c071207aed" "txf9b64aede8684360b450a-00693cb685" "proxy-server 90180" 0.0254 "-" 97099 0
Dec 12 19:42:45 np0005557753.novalocal account-server[96805]: ::1 - - [13/Dec/2025:00:42:45 +0000] "PUT /1/105149/AUTH_afe588ce5e36492b94129e0538b6bb45/gnocchi.4cc0c2c6-573c-4f78-961f-74c071207aed" 201 - "PUT http://[::1]:6001/1/203182/AUTH_afe588ce5e36492b94129e0538b6bb45/gnocchi.4cc0c2c6-573c-4f78-961f-74c071207aed" "txf9b64aede8684360b450a-00693cb685" "container-server 97097" 0.0075 "-" 96805 0
Dec 12 19:42:45 np0005557753.novalocal container-server[97097]: ::1 - - [13/Dec/2025:00:42:45 +0000] "PUT /1/203182/AUTH_afe588ce5e36492b94129e0538b6bb45/gnocchi.4cc0c2c6-573c-4f78-961f-74c071207aed" 201 - "PUT http://[::1]:8080/v1/AUTH_afe588ce5e36492b94129e0538b6bb45/gnocchi.4cc0c2c6-573c-4f78-961f-74c071207aed" "txf9b64aede8684360b450a-00693cb685" "proxy-server 90180" 0.0382 "-" 97097 0
Dec 12 19:42:45 np0005557753.novalocal container-server[97096]: ::1 - - [13/Dec/2025:00:42:45 +0000] "HEAD /3/180273/AUTH_afe588ce5e36492b94129e0538b6bb45/gnocchi.99a4ece2-ec13-4555-98af-d98d6b412d46" 404 - "HEAD http://[::1]:8080/v1/AUTH_afe588ce5e36492b94129e0538b6bb45/gnocchi.99a4ece2-ec13-4555-98af-d98d6b412d46?format=json&states=listing" "tx66ec3a0f79d14173a3c7e-00693cb685" "proxy-server 90180" 0.0005 "-" 97096 0
Dec 12 19:42:45 np0005557753.novalocal container-server[97096]: ::1 - - [13/Dec/2025:00:42:45 +0000] "HEAD /2/180273/AUTH_afe588ce5e36492b94129e0538b6bb45/gnocchi.99a4ece2-ec13-4555-98af-d98d6b412d46" 404 - "HEAD http://[::1]:8080/v1/AUTH_afe588ce5e36492b94129e0538b6bb45/gnocchi.99a4ece2-ec13-4555-98af-d98d6b412d46?format=json&states=listing" "tx66ec3a0f79d14173a3c7e-00693cb685" "proxy-server 90180" 0.0002 "-" 97096 0
Dec 12 19:42:45 np0005557753.novalocal proxy-server[90180]: ::1 ::1 13/Dec/2025/00/42/45 PUT /v1/AUTH_afe588ce5e36492b94129e0538b6bb45/gnocchi.4cc0c2c6-573c-4f78-961f-74c071207aed HTTP/1.0 201 - python-swiftclient-4.2.0 gAAAAABpPLaCpY4p... - - - txf9b64aede8684360b450a-00693cb685 - 0.0645 - - 1765586565.360949993 1765586565.425444126 0
Dec 12 19:42:45 np0005557753.novalocal container-server[97099]: ::1 - - [13/Dec/2025:00:42:45 +0000] "HEAD /1/180273/AUTH_afe588ce5e36492b94129e0538b6bb45/gnocchi.99a4ece2-ec13-4555-98af-d98d6b412d46" 404 - "HEAD http://[::1]:8080/v1/AUTH_afe588ce5e36492b94129e0538b6bb45/gnocchi.99a4ece2-ec13-4555-98af-d98d6b412d46?format=json&states=listing" "tx66ec3a0f79d14173a3c7e-00693cb685" "proxy-server 90180" 0.0004 "-" 97099 0
Dec 12 19:42:45 np0005557753.novalocal object-server[97399]: ::1 - - [13/Dec/2025:00:42:45 +0000] "GET /2/125356/AUTH_afe588ce5e36492b94129e0538b6bb45/gnocchi.99a4ece2-ec13-4555-98af-d98d6b412d46/none_v3" 404 70 "GET http://[::1]:8080/v1/AUTH_afe588ce5e36492b94129e0538b6bb45/gnocchi.99a4ece2-ec13-4555-98af-d98d6b412d46/none_v3" "tx66ec3a0f79d14173a3c7e-00693cb685" "proxy-server 90180" 0.0006 "-" 97399 0
Dec 12 19:42:45 np0005557753.novalocal container-server[97098]: ::1 - - [13/Dec/2025:00:42:45 +0000] "HEAD /2/203182/AUTH_afe588ce5e36492b94129e0538b6bb45/gnocchi.4cc0c2c6-573c-4f78-961f-74c071207aed" 204 - "HEAD http://[::1]:8080/v1/AUTH_afe588ce5e36492b94129e0538b6bb45/gnocchi.4cc0c2c6-573c-4f78-961f-74c071207aed?format=json&states=listing" "txf4d9e890da7546b0a0b18-00693cb685" "proxy-server 90180" 0.0019 "-" 97098 0
Dec 12 19:42:45 np0005557753.novalocal object-server[97401]: ::1 - - [13/Dec/2025:00:42:45 +0000] "GET /3/125356/AUTH_afe588ce5e36492b94129e0538b6bb45/gnocchi.99a4ece2-ec13-4555-98af-d98d6b412d46/none_v3" 404 70 "GET http://[::1]:8080/v1/AUTH_afe588ce5e36492b94129e0538b6bb45/gnocchi.99a4ece2-ec13-4555-98af-d98d6b412d46/none_v3" "tx66ec3a0f79d14173a3c7e-00693cb685" "proxy-server 90180" 0.0008 "-" 97401 0
Dec 12 19:42:45 np0005557753.novalocal object-server[97399]: ::1 - - [13/Dec/2025:00:42:45 +0000] "GET /1/125356/AUTH_afe588ce5e36492b94129e0538b6bb45/gnocchi.99a4ece2-ec13-4555-98af-d98d6b412d46/none_v3" 404 70 "GET http://[::1]:8080/v1/AUTH_afe588ce5e36492b94129e0538b6bb45/gnocchi.99a4ece2-ec13-4555-98af-d98d6b412d46/none_v3" "tx66ec3a0f79d14173a3c7e-00693cb685" "proxy-server 90180" 0.0011 "-" 97399 0
Dec 12 19:42:45 np0005557753.novalocal proxy-server[90180]: ::1 ::1 13/Dec/2025/00/42/45 GET /v1/AUTH_afe588ce5e36492b94129e0538b6bb45/gnocchi.99a4ece2-ec13-4555-98af-d98d6b412d46/none_v3 HTTP/1.0 404 - python-swiftclient-4.2.0 gAAAAABpPLaCrEYT... - 70 - tx66ec3a0f79d14173a3c7e-00693cb685 - 0.0352 - - 1765586565.415630102 1765586565.450805664 0
Dec 12 19:42:45 np0005557753.novalocal container-server[97098]: ::1 - - [13/Dec/2025:00:42:45 +0000] "GET /3/203182/AUTH_afe588ce5e36492b94129e0538b6bb45/gnocchi.4cc0c2c6-573c-4f78-961f-74c071207aed" 200 2 "GET http://[::1]:8080/v1/AUTH_afe588ce5e36492b94129e0538b6bb45/gnocchi.4cc0c2c6-573c-4f78-961f-74c071207aed?format=json&states=listing" "txf4d9e890da7546b0a0b18-00693cb685" "proxy-server 90180" 0.0034 "-" 97098 0
Dec 12 19:42:45 np0005557753.novalocal proxy-server[90180]: ::1 ::1 13/Dec/2025/00/42/45 GET /v1/AUTH_afe588ce5e36492b94129e0538b6bb45/gnocchi.4cc0c2c6-573c-4f78-961f-74c071207aed%3Fformat%3Djson%26states%3Dlisting HTTP/1.0 200 - python-swiftclient-4.2.0 gAAAAABpPLaCpY4p... - 2 - txf4d9e890da7546b0a0b18-00693cb685 - 0.0233 - - 1765586565.431158066 1765586565.454500914 0
Dec 12 19:42:45 np0005557753.novalocal object-server[97399]: ::1 - - [13/Dec/2025:00:42:45 +0000] "GET /3/239199/AUTH_afe588ce5e36492b94129e0538b6bb45/gnocchi.4cc0c2c6-573c-4f78-961f-74c071207aed/1764720000.0_mean_300.0_v3" 404 70 "GET http://[::1]:8080/v1/AUTH_afe588ce5e36492b94129e0538b6bb45/gnocchi.4cc0c2c6-573c-4f78-961f-74c071207aed/1764720000.0_mean_300.0_v3" "tx1403983896bb43c9a0518-00693cb685" "proxy-server 90180" 0.0006 "-" 97399 0
Dec 12 19:42:45 np0005557753.novalocal object-server[97401]: ::1 - - [13/Dec/2025:00:42:45 +0000] "GET /2/239199/AUTH_afe588ce5e36492b94129e0538b6bb45/gnocchi.4cc0c2c6-573c-4f78-961f-74c071207aed/1764720000.0_mean_300.0_v3" 404 70 "GET http://[::1]:8080/v1/AUTH_afe588ce5e36492b94129e0538b6bb45/gnocchi.4cc0c2c6-573c-4f78-961f-74c071207aed/1764720000.0_mean_300.0_v3" "tx1403983896bb43c9a0518-00693cb685" "proxy-server 90180" 0.0006 "-" 97401 0
Dec 12 19:42:45 np0005557753.novalocal object-server[97400]: ::1 - - [13/Dec/2025:00:42:45 +0000] "GET /1/239199/AUTH_afe588ce5e36492b94129e0538b6bb45/gnocchi.4cc0c2c6-573c-4f78-961f-74c071207aed/1764720000.0_mean_300.0_v3" 404 70 "GET http://[::1]:8080/v1/AUTH_afe588ce5e36492b94129e0538b6bb45/gnocchi.4cc0c2c6-573c-4f78-961f-74c071207aed/1764720000.0_mean_300.0_v3" "tx1403983896bb43c9a0518-00693cb685" "proxy-server 90180" 0.0006 "-" 97400 0
Dec 12 19:42:45 np0005557753.novalocal proxy-server[90180]: ::1 ::1 13/Dec/2025/00/42/45 GET /v1/AUTH_afe588ce5e36492b94129e0538b6bb45/gnocchi.4cc0c2c6-573c-4f78-961f-74c071207aed/1764720000.0_mean_300.0_v3 HTTP/1.0 404 - python-swiftclient-4.2.0 gAAAAABpPLaCpY4p... - 70 - tx1403983896bb43c9a0518-00693cb685 - 0.0183 - - 1765586565.462416649 1765586565.480715752 0
Dec 12 19:42:45 np0005557753.novalocal account-server[96803]: ::1 - - [13/Dec/2025:00:42:45 +0000] "PUT /2/105149/AUTH_afe588ce5e36492b94129e0538b6bb45/gnocchi.99a4ece2-ec13-4555-98af-d98d6b412d46" 201 - "PUT http://[::1]:6001/2/180273/AUTH_afe588ce5e36492b94129e0538b6bb45/gnocchi.99a4ece2-ec13-4555-98af-d98d6b412d46" "txb08e1a6e80274a0580df4-00693cb685" "container-server 97099" 0.0092 "-" 96803 0
Dec 12 19:42:45 np0005557753.novalocal container-server[97099]: ::1 - - [13/Dec/2025:00:42:45 +0000] "PUT /2/180273/AUTH_afe588ce5e36492b94129e0538b6bb45/gnocchi.99a4ece2-ec13-4555-98af-d98d6b412d46" 201 - "PUT http://[::1]:8080/v1/AUTH_afe588ce5e36492b94129e0538b6bb45/gnocchi.99a4ece2-ec13-4555-98af-d98d6b412d46" "txb08e1a6e80274a0580df4-00693cb685" "proxy-server 90180" 0.0209 "-" 97099 0
Dec 12 19:42:45 np0005557753.novalocal container-server[97096]: ::1 - - [13/Dec/2025:00:42:45 +0000] "PUT /2/203182/AUTH_afe588ce5e36492b94129e0538b6bb45/gnocchi.4cc0c2c6-573c-4f78-961f-74c071207aed/1764720000.0_mean_300.0_v3" 201 - "PUT http://[::1]:8080/1/239199/AUTH_afe588ce5e36492b94129e0538b6bb45/gnocchi.4cc0c2c6-573c-4f78-961f-74c071207aed/1764720000.0_mean_300.0_v3" "txfc0a9020fd9e4b3393df1-00693cb685" "object-server 97402" 0.0008 "-" 97096 0
Dec 12 19:42:45 np0005557753.novalocal container-server[97096]: ::1 - - [13/Dec/2025:00:42:45 +0000] "PUT /1/203182/AUTH_afe588ce5e36492b94129e0538b6bb45/gnocchi.4cc0c2c6-573c-4f78-961f-74c071207aed/1764720000.0_mean_300.0_v3" 201 - "PUT http://[::1]:8080/3/239199/AUTH_afe588ce5e36492b94129e0538b6bb45/gnocchi.4cc0c2c6-573c-4f78-961f-74c071207aed/1764720000.0_mean_300.0_v3" "txfc0a9020fd9e4b3393df1-00693cb685" "object-server 97400" 0.0003 "-" 97096 0
Dec 12 19:42:45 np0005557753.novalocal account-server[96803]: ::1 - - [13/Dec/2025:00:42:45 +0000] "PUT /3/105149/AUTH_afe588ce5e36492b94129e0538b6bb45/gnocchi.99a4ece2-ec13-4555-98af-d98d6b412d46" 201 - "PUT http://[::1]:6001/3/180273/AUTH_afe588ce5e36492b94129e0538b6bb45/gnocchi.99a4ece2-ec13-4555-98af-d98d6b412d46" "txb08e1a6e80274a0580df4-00693cb685" "container-server 97098" 0.0102 "-" 96803 0
Dec 12 19:42:45 np0005557753.novalocal object-server[97402]: ::1 - - [13/Dec/2025:00:42:45 +0000] "PUT /1/239199/AUTH_afe588ce5e36492b94129e0538b6bb45/gnocchi.4cc0c2c6-573c-4f78-961f-74c071207aed/1764720000.0_mean_300.0_v3" 201 - "PUT http://[::1]:8080/v1/AUTH_afe588ce5e36492b94129e0538b6bb45/gnocchi.4cc0c2c6-573c-4f78-961f-74c071207aed/1764720000.0_mean_300.0_v3" "txfc0a9020fd9e4b3393df1-00693cb685" "proxy-server 90180" 0.0146 "-" 97402 0
Dec 12 19:42:45 np0005557753.novalocal container-server[97098]: ::1 - - [13/Dec/2025:00:42:45 +0000] "PUT /3/180273/AUTH_afe588ce5e36492b94129e0538b6bb45/gnocchi.99a4ece2-ec13-4555-98af-d98d6b412d46" 201 - "PUT http://[::1]:8080/v1/AUTH_afe588ce5e36492b94129e0538b6bb45/gnocchi.99a4ece2-ec13-4555-98af-d98d6b412d46" "txb08e1a6e80274a0580df4-00693cb685" "proxy-server 90180" 0.0382 "-" 97098 0
Dec 12 19:42:45 np0005557753.novalocal object-server[97400]: ::1 - - [13/Dec/2025:00:42:45 +0000] "PUT /3/239199/AUTH_afe588ce5e36492b94129e0538b6bb45/gnocchi.4cc0c2c6-573c-4f78-961f-74c071207aed/1764720000.0_mean_300.0_v3" 201 - "PUT http://[::1]:8080/v1/AUTH_afe588ce5e36492b94129e0538b6bb45/gnocchi.4cc0c2c6-573c-4f78-961f-74c071207aed/1764720000.0_mean_300.0_v3" "txfc0a9020fd9e4b3393df1-00693cb685" "proxy-server 90180" 0.0155 "-" 97400 0
Dec 12 19:42:45 np0005557753.novalocal container-server[97099]: ::1 - - [13/Dec/2025:00:42:45 +0000] "PUT /3/203182/AUTH_afe588ce5e36492b94129e0538b6bb45/gnocchi.4cc0c2c6-573c-4f78-961f-74c071207aed/1764720000.0_mean_300.0_v3" 201 - "PUT http://[::1]:8080/2/239199/AUTH_afe588ce5e36492b94129e0538b6bb45/gnocchi.4cc0c2c6-573c-4f78-961f-74c071207aed/1764720000.0_mean_300.0_v3" "txfc0a9020fd9e4b3393df1-00693cb685" "object-server 97399" 0.0010 "-" 97099 0
Dec 12 19:42:45 np0005557753.novalocal account-server[96805]: ::1 - - [13/Dec/2025:00:42:45 +0000] "PUT /1/105149/AUTH_afe588ce5e36492b94129e0538b6bb45/gnocchi.99a4ece2-ec13-4555-98af-d98d6b412d46" 201 - "PUT http://[::1]:6001/1/180273/AUTH_afe588ce5e36492b94129e0538b6bb45/gnocchi.99a4ece2-ec13-4555-98af-d98d6b412d46" "txb08e1a6e80274a0580df4-00693cb685" "container-server 97098" 0.0091 "-" 96805 0
Dec 12 19:42:45 np0005557753.novalocal container-server[97098]: ::1 - - [13/Dec/2025:00:42:45 +0000] "PUT /1/180273/AUTH_afe588ce5e36492b94129e0538b6bb45/gnocchi.99a4ece2-ec13-4555-98af-d98d6b412d46" 201 - "PUT http://[::1]:8080/v1/AUTH_afe588ce5e36492b94129e0538b6bb45/gnocchi.99a4ece2-ec13-4555-98af-d98d6b412d46" "txb08e1a6e80274a0580df4-00693cb685" "proxy-server 90180" 0.0278 "-" 97098 0
Dec 12 19:42:45 np0005557753.novalocal object-server[97399]: ::1 - - [13/Dec/2025:00:42:45 +0000] "PUT /2/239199/AUTH_afe588ce5e36492b94129e0538b6bb45/gnocchi.4cc0c2c6-573c-4f78-961f-74c071207aed/1764720000.0_mean_300.0_v3" 201 - "PUT http://[::1]:8080/v1/AUTH_afe588ce5e36492b94129e0538b6bb45/gnocchi.4cc0c2c6-573c-4f78-961f-74c071207aed/1764720000.0_mean_300.0_v3" "txfc0a9020fd9e4b3393df1-00693cb685" "proxy-server 90180" 0.0176 "-" 97399 0
Dec 12 19:42:45 np0005557753.novalocal proxy-server[90180]: ::1 ::1 13/Dec/2025/00/42/45 PUT /v1/AUTH_afe588ce5e36492b94129e0538b6bb45/gnocchi.4cc0c2c6-573c-4f78-961f-74c071207aed/1764720000.0_mean_300.0_v3 HTTP/1.0 201 - python-swiftclient-4.2.0 gAAAAABpPLaCpY4p... 16 - - txfc0a9020fd9e4b3393df1-00693cb685 - 0.0281 - - 1765586565.485774517 1765586565.513832808 0
Dec 12 19:42:45 np0005557753.novalocal proxy-server[90180]: ::1 ::1 13/Dec/2025/00/42/45 PUT /v1/AUTH_afe588ce5e36492b94129e0538b6bb45/gnocchi.99a4ece2-ec13-4555-98af-d98d6b412d46 HTTP/1.0 201 - python-swiftclient-4.2.0 gAAAAABpPLaCrEYT... - - - txb08e1a6e80274a0580df4-00693cb685 - 0.0593 - - 1765586565.455429316 1765586565.514691353 0
Dec 12 19:42:45 np0005557753.novalocal container-server[97096]: ::1 - - [13/Dec/2025:00:42:45 +0000] "HEAD /1/180273/AUTH_afe588ce5e36492b94129e0538b6bb45/gnocchi.99a4ece2-ec13-4555-98af-d98d6b412d46" 204 - "HEAD http://[::1]:8080/v1/AUTH_afe588ce5e36492b94129e0538b6bb45/gnocchi.99a4ece2-ec13-4555-98af-d98d6b412d46?format=json&states=listing" "txe53a8f1e009a45ba81e28-00693cb685" "proxy-server 90180" 0.0015 "-" 97096 0
Dec 12 19:42:45 np0005557753.novalocal container-server[97096]: ::1 - - [13/Dec/2025:00:42:45 +0000] "GET /3/180273/AUTH_afe588ce5e36492b94129e0538b6bb45/gnocchi.99a4ece2-ec13-4555-98af-d98d6b412d46" 200 2 "GET http://[::1]:8080/v1/AUTH_afe588ce5e36492b94129e0538b6bb45/gnocchi.99a4ece2-ec13-4555-98af-d98d6b412d46?format=json&states=listing" "txe53a8f1e009a45ba81e28-00693cb685" "proxy-server 90180" 0.0017 "-" 97096 0
Dec 12 19:42:45 np0005557753.novalocal proxy-server[90180]: ::1 ::1 13/Dec/2025/00/42/45 GET /v1/AUTH_afe588ce5e36492b94129e0538b6bb45/gnocchi.99a4ece2-ec13-4555-98af-d98d6b412d46%3Fformat%3Djson%26states%3Dlisting HTTP/1.0 200 - python-swiftclient-4.2.0 gAAAAABpPLaCrEYT... - 2 - txe53a8f1e009a45ba81e28-00693cb685 - 0.0121 - - 1765586565.522094965 1765586565.534184456 0
Dec 12 19:42:45 np0005557753.novalocal container-server[97099]: ::1 - - [13/Dec/2025:00:42:45 +0000] "PUT /2/203182/AUTH_afe588ce5e36492b94129e0538b6bb45/gnocchi.4cc0c2c6-573c-4f78-961f-74c071207aed/none_v3" 201 - "PUT http://[::1]:8080/2/94326/AUTH_afe588ce5e36492b94129e0538b6bb45/gnocchi.4cc0c2c6-573c-4f78-961f-74c071207aed/none_v3" "tx3ef217f758b04c3e94a66-00693cb685" "object-server 97400" 0.0008 "-" 97099 0
Dec 12 19:42:45 np0005557753.novalocal object-server[97400]: ::1 - - [13/Dec/2025:00:42:45 +0000] "PUT /2/94326/AUTH_afe588ce5e36492b94129e0538b6bb45/gnocchi.4cc0c2c6-573c-4f78-961f-74c071207aed/none_v3" 201 - "PUT http://[::1]:8080/v1/AUTH_afe588ce5e36492b94129e0538b6bb45/gnocchi.4cc0c2c6-573c-4f78-961f-74c071207aed/none_v3" "tx3ef217f758b04c3e94a66-00693cb685" "proxy-server 90180" 0.0144 "-" 97400 0
Dec 12 19:42:45 np0005557753.novalocal container-server[97097]: ::1 - - [13/Dec/2025:00:42:45 +0000] "PUT /3/203182/AUTH_afe588ce5e36492b94129e0538b6bb45/gnocchi.4cc0c2c6-573c-4f78-961f-74c071207aed/none_v3" 201 - "PUT http://[::1]:8080/1/94326/AUTH_afe588ce5e36492b94129e0538b6bb45/gnocchi.4cc0c2c6-573c-4f78-961f-74c071207aed/none_v3" "tx3ef217f758b04c3e94a66-00693cb685" "object-server 97401" 0.0009 "-" 97097 0
Dec 12 19:42:45 np0005557753.novalocal container-server[97097]: ::1 - - [13/Dec/2025:00:42:45 +0000] "PUT /1/203182/AUTH_afe588ce5e36492b94129e0538b6bb45/gnocchi.4cc0c2c6-573c-4f78-961f-74c071207aed/none_v3" 201 - "PUT http://[::1]:8080/3/94326/AUTH_afe588ce5e36492b94129e0538b6bb45/gnocchi.4cc0c2c6-573c-4f78-961f-74c071207aed/none_v3" "tx3ef217f758b04c3e94a66-00693cb685" "object-server 97401" 0.0007 "-" 97097 0
Dec 12 19:42:45 np0005557753.novalocal object-server[97401]: ::1 - - [13/Dec/2025:00:42:45 +0000] "PUT /1/94326/AUTH_afe588ce5e36492b94129e0538b6bb45/gnocchi.4cc0c2c6-573c-4f78-961f-74c071207aed/none_v3" 201 - "PUT http://[::1]:8080/v1/AUTH_afe588ce5e36492b94129e0538b6bb45/gnocchi.4cc0c2c6-573c-4f78-961f-74c071207aed/none_v3" "tx3ef217f758b04c3e94a66-00693cb685" "proxy-server 90180" 0.0196 "-" 97401 0
Dec 12 19:42:45 np0005557753.novalocal object-server[97401]: ::1 - - [13/Dec/2025:00:42:45 +0000] "PUT /3/94326/AUTH_afe588ce5e36492b94129e0538b6bb45/gnocchi.4cc0c2c6-573c-4f78-961f-74c071207aed/none_v3" 201 - "PUT http://[::1]:8080/v1/AUTH_afe588ce5e36492b94129e0538b6bb45/gnocchi.4cc0c2c6-573c-4f78-961f-74c071207aed/none_v3" "tx3ef217f758b04c3e94a66-00693cb685" "proxy-server 90180" 0.0234 "-" 97401 0
Dec 12 19:42:45 np0005557753.novalocal proxy-server[90180]: ::1 ::1 13/Dec/2025/00/42/45 PUT /v1/AUTH_afe588ce5e36492b94129e0538b6bb45/gnocchi.4cc0c2c6-573c-4f78-961f-74c071207aed/none_v3 HTTP/1.0 201 - python-swiftclient-4.2.0 gAAAAABpPLaCpY4p... 22 - - tx3ef217f758b04c3e94a66-00693cb685 - 0.0303 - - 1765586565.517814636 1765586565.548158646 0
Dec 12 19:42:45 np0005557753.novalocal object-server[97401]: ::1 - - [13/Dec/2025:00:42:45 +0000] "GET /2/101205/AUTH_afe588ce5e36492b94129e0538b6bb45/gnocchi.99a4ece2-ec13-4555-98af-d98d6b412d46/1764720000.0_mean_300.0_v3" 404 70 "GET http://[::1]:8080/v1/AUTH_afe588ce5e36492b94129e0538b6bb45/gnocchi.99a4ece2-ec13-4555-98af-d98d6b412d46/1764720000.0_mean_300.0_v3" "tx0e1125efec514cd6a822c-00693cb685" "proxy-server 90180" 0.0005 "-" 97401 0
Dec 12 19:42:45 np0005557753.novalocal object-server[97402]: ::1 - - [13/Dec/2025:00:42:45 +0000] "GET /1/101205/AUTH_afe588ce5e36492b94129e0538b6bb45/gnocchi.99a4ece2-ec13-4555-98af-d98d6b412d46/1764720000.0_mean_300.0_v3" 404 70 "GET http://[::1]:8080/v1/AUTH_afe588ce5e36492b94129e0538b6bb45/gnocchi.99a4ece2-ec13-4555-98af-d98d6b412d46/1764720000.0_mean_300.0_v3" "tx0e1125efec514cd6a822c-00693cb685" "proxy-server 90180" 0.0004 "-" 97402 0
Dec 12 19:42:45 np0005557753.novalocal object-server[97399]: ::1 - - [13/Dec/2025:00:42:45 +0000] "GET /3/101205/AUTH_afe588ce5e36492b94129e0538b6bb45/gnocchi.99a4ece2-ec13-4555-98af-d98d6b412d46/1764720000.0_mean_300.0_v3" 404 70 "GET http://[::1]:8080/v1/AUTH_afe588ce5e36492b94129e0538b6bb45/gnocchi.99a4ece2-ec13-4555-98af-d98d6b412d46/1764720000.0_mean_300.0_v3" "tx0e1125efec514cd6a822c-00693cb685" "proxy-server 90180" 0.0006 "-" 97399 0
Dec 12 19:42:45 np0005557753.novalocal proxy-server[90180]: ::1 ::1 13/Dec/2025/00/42/45 GET /v1/AUTH_afe588ce5e36492b94129e0538b6bb45/gnocchi.99a4ece2-ec13-4555-98af-d98d6b412d46/1764720000.0_mean_300.0_v3 HTTP/1.0 404 - python-swiftclient-4.2.0 gAAAAABpPLaCrEYT... - 70 - tx0e1125efec514cd6a822c-00693cb685 - 0.0262 - - 1765586565.538610458 1765586565.564797640 0
Dec 12 19:42:45 np0005557753.novalocal container-server[97097]: ::1 - - [13/Dec/2025:00:42:45 +0000] "PUT /3/180273/AUTH_afe588ce5e36492b94129e0538b6bb45/gnocchi.99a4ece2-ec13-4555-98af-d98d6b412d46/1764720000.0_mean_300.0_v3" 201 - "PUT http://[::1]:8080/3/101205/AUTH_afe588ce5e36492b94129e0538b6bb45/gnocchi.99a4ece2-ec13-4555-98af-d98d6b412d46/1764720000.0_mean_300.0_v3" "tx512a3a732a7442b382963-00693cb685" "object-server 97401" 0.0012 "-" 97097 0
Dec 12 19:42:45 np0005557753.novalocal container-server[97099]: ::1 - - [13/Dec/2025:00:42:45 +0000] "PUT /2/180273/AUTH_afe588ce5e36492b94129e0538b6bb45/gnocchi.99a4ece2-ec13-4555-98af-d98d6b412d46/1764720000.0_mean_300.0_v3" 201 - "PUT http://[::1]:8080/2/101205/AUTH_afe588ce5e36492b94129e0538b6bb45/gnocchi.99a4ece2-ec13-4555-98af-d98d6b412d46/1764720000.0_mean_300.0_v3" "tx512a3a732a7442b382963-00693cb685" "object-server 97399" 0.0010 "-" 97099 0
Dec 12 19:42:45 np0005557753.novalocal object-server[97401]: ::1 - - [13/Dec/2025:00:42:45 +0000] "PUT /3/101205/AUTH_afe588ce5e36492b94129e0538b6bb45/gnocchi.99a4ece2-ec13-4555-98af-d98d6b412d46/1764720000.0_mean_300.0_v3" 201 - "PUT http://[::1]:8080/v1/AUTH_afe588ce5e36492b94129e0538b6bb45/gnocchi.99a4ece2-ec13-4555-98af-d98d6b412d46/1764720000.0_mean_300.0_v3" "tx512a3a732a7442b382963-00693cb685" "proxy-server 90180" 0.0170 "-" 97401 0
