Dec 12 19:43:08 np0005557753.novalocal object-server[97402]: ::1 - - [13/Dec/2025:00:43:08 +0000] "PUT /3/9942/AUTH_afe588ce5e36492b94129e0538b6bb45/gnocchi.69435e69-7448-4dcb-9ff7-5044d8dec925/none_v3" 201 - "PUT http://[::1]:8080/v1/AUTH_afe588ce5e36492b94129e0538b6bb45/gnocchi.69435e69-7448-4dcb-9ff7-5044d8dec925/none_v3" "tx283cb7e8b7bb49898954c-00693cb69c" "proxy-server 90180" 0.0140 "-" 97402 0
Dec 12 19:43:08 np0005557753.novalocal container-server[97096]: ::1 - - [13/Dec/2025:00:43:08 +0000] "PUT /2/177341/AUTH_afe588ce5e36492b94129e0538b6bb45/gnocchi.69435e69-7448-4dcb-9ff7-5044d8dec925/none_v3" 201 - "PUT http://[::1]:8080/2/9942/AUTH_afe588ce5e36492b94129e0538b6bb45/gnocchi.69435e69-7448-4dcb-9ff7-5044d8dec925/none_v3" "tx283cb7e8b7bb49898954c-00693cb69c" "object-server 97399" 0.0004 "-" 97096 0
Dec 12 19:43:08 np0005557753.novalocal container-server[97098]: ::1 - - [13/Dec/2025:00:43:08 +0000] "PUT /3/177341/AUTH_afe588ce5e36492b94129e0538b6bb45/gnocchi.69435e69-7448-4dcb-9ff7-5044d8dec925/none_v3" 201 - "PUT http://[::1]:8080/1/9942/AUTH_afe588ce5e36492b94129e0538b6bb45/gnocchi.69435e69-7448-4dcb-9ff7-5044d8dec925/none_v3" "tx283cb7e8b7bb49898954c-00693cb69c" "object-server 97402" 0.0006 "-" 97098 0
Dec 12 19:43:08 np0005557753.novalocal object-server[97402]: ::1 - - [13/Dec/2025:00:43:08 +0000] "PUT /1/9942/AUTH_afe588ce5e36492b94129e0538b6bb45/gnocchi.69435e69-7448-4dcb-9ff7-5044d8dec925/none_v3" 201 - "PUT http://[::1]:8080/v1/AUTH_afe588ce5e36492b94129e0538b6bb45/gnocchi.69435e69-7448-4dcb-9ff7-5044d8dec925/none_v3" "tx283cb7e8b7bb49898954c-00693cb69c" "proxy-server 90180" 0.0138 "-" 97402 0
Dec 12 19:43:08 np0005557753.novalocal object-server[97399]: ::1 - - [13/Dec/2025:00:43:08 +0000] "PUT /2/9942/AUTH_afe588ce5e36492b94129e0538b6bb45/gnocchi.69435e69-7448-4dcb-9ff7-5044d8dec925/none_v3" 201 - "PUT http://[::1]:8080/v1/AUTH_afe588ce5e36492b94129e0538b6bb45/gnocchi.69435e69-7448-4dcb-9ff7-5044d8dec925/none_v3" "tx283cb7e8b7bb49898954c-00693cb69c" "proxy-server 90180" 0.0129 "-" 97399 0
Dec 12 19:43:08 np0005557753.novalocal proxy-server[90180]: ::1 ::1 13/Dec/2025/00/43/08 PUT /v1/AUTH_afe588ce5e36492b94129e0538b6bb45/gnocchi.69435e69-7448-4dcb-9ff7-5044d8dec925/none_v3 HTTP/1.0 201 - python-swiftclient-4.2.0 gAAAAABpPLaCrEYT... 22 - - tx283cb7e8b7bb49898954c-00693cb69c - 0.0222 - - 1765586588.574384689 1765586588.596605778 0
Dec 12 19:43:08 np0005557753.novalocal object-server[97399]: ::1 - - [13/Dec/2025:00:43:08 +0000] "GET /1/43262/AUTH_afe588ce5e36492b94129e0538b6bb45/gnocchi.f07add7a-1e9f-475b-95f9-9d77d0fd4748/none_v3" 404 70 "GET http://[::1]:8080/v1/AUTH_afe588ce5e36492b94129e0538b6bb45/gnocchi.f07add7a-1e9f-475b-95f9-9d77d0fd4748/none_v3" "txa8b0499e02174fd58cda1-00693cb69c" "proxy-server 90180" 0.0004 "-" 97399 0
Dec 12 19:43:08 np0005557753.novalocal object-server[97402]: ::1 - - [13/Dec/2025:00:43:08 +0000] "GET /3/43262/AUTH_afe588ce5e36492b94129e0538b6bb45/gnocchi.f07add7a-1e9f-475b-95f9-9d77d0fd4748/none_v3" 404 70 "GET http://[::1]:8080/v1/AUTH_afe588ce5e36492b94129e0538b6bb45/gnocchi.f07add7a-1e9f-475b-95f9-9d77d0fd4748/none_v3" "txa8b0499e02174fd58cda1-00693cb69c" "proxy-server 90180" 0.0004 "-" 97402 0
Dec 12 19:43:08 np0005557753.novalocal object-server[97399]: ::1 - - [13/Dec/2025:00:43:08 +0000] "GET /2/43262/AUTH_afe588ce5e36492b94129e0538b6bb45/gnocchi.f07add7a-1e9f-475b-95f9-9d77d0fd4748/none_v3" 404 70 "GET http://[::1]:8080/v1/AUTH_afe588ce5e36492b94129e0538b6bb45/gnocchi.f07add7a-1e9f-475b-95f9-9d77d0fd4748/none_v3" "txa8b0499e02174fd58cda1-00693cb69c" "proxy-server 90180" 0.0003 "-" 97399 0
Dec 12 19:43:08 np0005557753.novalocal proxy-server[90180]: ::1 ::1 13/Dec/2025/00/43/08 GET /v1/AUTH_afe588ce5e36492b94129e0538b6bb45/gnocchi.f07add7a-1e9f-475b-95f9-9d77d0fd4748/none_v3 HTTP/1.0 404 - python-swiftclient-4.2.0 gAAAAABpPLaCpY4p... - 70 - txa8b0499e02174fd58cda1-00693cb69c - 0.0332 - - 1765586588.573847294 1765586588.607000589 0
Dec 12 19:43:08 np0005557753.novalocal container-server[97097]: ::1 - - [13/Dec/2025:00:43:08 +0000] "HEAD /1/175760/AUTH_afe588ce5e36492b94129e0538b6bb45/gnocchi.2c51bf27-709d-4ad2-8bfb-35a518398f8b" 404 - "HEAD http://[::1]:8080/v1/AUTH_afe588ce5e36492b94129e0538b6bb45/gnocchi.2c51bf27-709d-4ad2-8bfb-35a518398f8b?format=json&states=listing" "txf72b84fac4ef4e89a8eb2-00693cb69c" "proxy-server 90180" 0.0004 "-" 97097 0
Dec 12 19:43:08 np0005557753.novalocal container-server[97098]: ::1 - - [13/Dec/2025:00:43:08 +0000] "HEAD /2/175760/AUTH_afe588ce5e36492b94129e0538b6bb45/gnocchi.2c51bf27-709d-4ad2-8bfb-35a518398f8b" 404 - "HEAD http://[::1]:8080/v1/AUTH_afe588ce5e36492b94129e0538b6bb45/gnocchi.2c51bf27-709d-4ad2-8bfb-35a518398f8b?format=json&states=listing" "txf72b84fac4ef4e89a8eb2-00693cb69c" "proxy-server 90180" 0.0010 "-" 97098 0
Dec 12 19:43:08 np0005557753.novalocal container-server[97097]: ::1 - - [13/Dec/2025:00:43:08 +0000] "HEAD /3/175760/AUTH_afe588ce5e36492b94129e0538b6bb45/gnocchi.2c51bf27-709d-4ad2-8bfb-35a518398f8b" 404 - "HEAD http://[::1]:8080/v1/AUTH_afe588ce5e36492b94129e0538b6bb45/gnocchi.2c51bf27-709d-4ad2-8bfb-35a518398f8b?format=json&states=listing" "txf72b84fac4ef4e89a8eb2-00693cb69c" "proxy-server 90180" 0.0003 "-" 97097 0
Dec 12 19:43:08 np0005557753.novalocal object-server[97402]: ::1 - - [13/Dec/2025:00:43:08 +0000] "GET /2/89495/AUTH_afe588ce5e36492b94129e0538b6bb45/gnocchi.2c51bf27-709d-4ad2-8bfb-35a518398f8b/none_v3" 404 70 "GET http://[::1]:8080/v1/AUTH_afe588ce5e36492b94129e0538b6bb45/gnocchi.2c51bf27-709d-4ad2-8bfb-35a518398f8b/none_v3" "txf72b84fac4ef4e89a8eb2-00693cb69c" "proxy-server 90180" 0.0004 "-" 97402 0
Dec 12 19:43:08 np0005557753.novalocal object-server[97400]: ::1 - - [13/Dec/2025:00:43:08 +0000] "GET /1/89495/AUTH_afe588ce5e36492b94129e0538b6bb45/gnocchi.2c51bf27-709d-4ad2-8bfb-35a518398f8b/none_v3" 404 70 "GET http://[::1]:8080/v1/AUTH_afe588ce5e36492b94129e0538b6bb45/gnocchi.2c51bf27-709d-4ad2-8bfb-35a518398f8b/none_v3" "txf72b84fac4ef4e89a8eb2-00693cb69c" "proxy-server 90180" 0.0004 "-" 97400 0
Dec 12 19:43:08 np0005557753.novalocal object-server[97400]: ::1 - - [13/Dec/2025:00:43:08 +0000] "GET /3/89495/AUTH_afe588ce5e36492b94129e0538b6bb45/gnocchi.2c51bf27-709d-4ad2-8bfb-35a518398f8b/none_v3" 404 70 "GET http://[::1]:8080/v1/AUTH_afe588ce5e36492b94129e0538b6bb45/gnocchi.2c51bf27-709d-4ad2-8bfb-35a518398f8b/none_v3" "txf72b84fac4ef4e89a8eb2-00693cb69c" "proxy-server 90180" 0.0001 "-" 97400 0
Dec 12 19:43:08 np0005557753.novalocal proxy-server[90180]: ::1 ::1 13/Dec/2025/00/43/08 GET /v1/AUTH_afe588ce5e36492b94129e0538b6bb45/gnocchi.2c51bf27-709d-4ad2-8bfb-35a518398f8b/none_v3 HTTP/1.0 404 - python-swiftclient-4.2.0 gAAAAABpPLaCrEYT... - 70 - txf72b84fac4ef4e89a8eb2-00693cb69c - 0.0235 - - 1765586588.608186007 1765586588.631685734 0
Dec 12 19:43:08 np0005557753.novalocal account-server[96804]: ::1 - - [13/Dec/2025:00:43:08 +0000] "PUT /2/105149/AUTH_afe588ce5e36492b94129e0538b6bb45/gnocchi.f07add7a-1e9f-475b-95f9-9d77d0fd4748" 201 - "PUT http://[::1]:6001/2/92230/AUTH_afe588ce5e36492b94129e0538b6bb45/gnocchi.f07add7a-1e9f-475b-95f9-9d77d0fd4748" "tx467580e039e540e28f162-00693cb69c" "container-server 97096" 0.0069 "-" 96804 0
Dec 12 19:43:08 np0005557753.novalocal account-server[96804]: ::1 - - [13/Dec/2025:00:43:08 +0000] "PUT /1/105149/AUTH_afe588ce5e36492b94129e0538b6bb45/gnocchi.f07add7a-1e9f-475b-95f9-9d77d0fd4748" 201 - "PUT http://[::1]:6001/1/92230/AUTH_afe588ce5e36492b94129e0538b6bb45/gnocchi.f07add7a-1e9f-475b-95f9-9d77d0fd4748" "tx467580e039e540e28f162-00693cb69c" "container-server 97099" 0.0082 "-" 96804 0
Dec 12 19:43:08 np0005557753.novalocal container-server[97096]: ::1 - - [13/Dec/2025:00:43:08 +0000] "PUT /2/92230/AUTH_afe588ce5e36492b94129e0538b6bb45/gnocchi.f07add7a-1e9f-475b-95f9-9d77d0fd4748" 201 - "PUT http://[::1]:8080/v1/AUTH_afe588ce5e36492b94129e0538b6bb45/gnocchi.f07add7a-1e9f-475b-95f9-9d77d0fd4748" "tx467580e039e540e28f162-00693cb69c" "proxy-server 90180" 0.0353 "-" 97096 0
Dec 12 19:43:08 np0005557753.novalocal container-server[97099]: ::1 - - [13/Dec/2025:00:43:08 +0000] "PUT /1/92230/AUTH_afe588ce5e36492b94129e0538b6bb45/gnocchi.f07add7a-1e9f-475b-95f9-9d77d0fd4748" 201 - "PUT http://[::1]:8080/v1/AUTH_afe588ce5e36492b94129e0538b6bb45/gnocchi.f07add7a-1e9f-475b-95f9-9d77d0fd4748" "tx467580e039e540e28f162-00693cb69c" "proxy-server 90180" 0.0361 "-" 97099 0
Dec 12 19:43:08 np0005557753.novalocal account-server[96805]: ::1 - - [13/Dec/2025:00:43:08 +0000] "PUT /3/105149/AUTH_afe588ce5e36492b94129e0538b6bb45/gnocchi.f07add7a-1e9f-475b-95f9-9d77d0fd4748" 201 - "PUT http://[::1]:6001/3/92230/AUTH_afe588ce5e36492b94129e0538b6bb45/gnocchi.f07add7a-1e9f-475b-95f9-9d77d0fd4748" "tx467580e039e540e28f162-00693cb69c" "container-server 97098" 0.0047 "-" 96805 0
Dec 12 19:43:08 np0005557753.novalocal container-server[97098]: ::1 - - [13/Dec/2025:00:43:08 +0000] "PUT /3/92230/AUTH_afe588ce5e36492b94129e0538b6bb45/gnocchi.f07add7a-1e9f-475b-95f9-9d77d0fd4748" 201 - "PUT http://[::1]:8080/v1/AUTH_afe588ce5e36492b94129e0538b6bb45/gnocchi.f07add7a-1e9f-475b-95f9-9d77d0fd4748" "tx467580e039e540e28f162-00693cb69c" "proxy-server 90180" 0.0507 "-" 97098 0
Dec 12 19:43:08 np0005557753.novalocal account-server[96804]: ::1 - - [13/Dec/2025:00:43:08 +0000] "PUT /3/105149/AUTH_afe588ce5e36492b94129e0538b6bb45/gnocchi.2c51bf27-709d-4ad2-8bfb-35a518398f8b" 201 - "PUT http://[::1]:6001/3/175760/AUTH_afe588ce5e36492b94129e0538b6bb45/gnocchi.2c51bf27-709d-4ad2-8bfb-35a518398f8b" "tx129c0acde1fe4f79aafe7-00693cb69c" "container-server 97096" 0.0187 "-" 96804 0
Dec 12 19:43:08 np0005557753.novalocal container-server[97096]: ::1 - - [13/Dec/2025:00:43:08 +0000] "PUT /3/175760/AUTH_afe588ce5e36492b94129e0538b6bb45/gnocchi.2c51bf27-709d-4ad2-8bfb-35a518398f8b" 201 - "PUT http://[::1]:8080/v1/AUTH_afe588ce5e36492b94129e0538b6bb45/gnocchi.2c51bf27-709d-4ad2-8bfb-35a518398f8b" "tx129c0acde1fe4f79aafe7-00693cb69c" "proxy-server 90180" 0.0347 "-" 97096 0
Dec 12 19:43:08 np0005557753.novalocal proxy-server[90180]: ::1 ::1 13/Dec/2025/00/43/08 PUT /v1/AUTH_afe588ce5e36492b94129e0538b6bb45/gnocchi.f07add7a-1e9f-475b-95f9-9d77d0fd4748 HTTP/1.0 201 - python-swiftclient-4.2.0 gAAAAABpPLaCpY4p... - - - tx467580e039e540e28f162-00693cb69c - 0.0617 - - 1765586588.611737967 1765586588.673445225 0
Dec 12 19:43:08 np0005557753.novalocal account-server[96805]: ::1 - - [13/Dec/2025:00:43:08 +0000] "PUT /2/105149/AUTH_afe588ce5e36492b94129e0538b6bb45/gnocchi.2c51bf27-709d-4ad2-8bfb-35a518398f8b" 201 - "PUT http://[::1]:6001/2/175760/AUTH_afe588ce5e36492b94129e0538b6bb45/gnocchi.2c51bf27-709d-4ad2-8bfb-35a518398f8b" "tx129c0acde1fe4f79aafe7-00693cb69c" "container-server 97098" 0.0039 "-" 96805 0
Dec 12 19:43:08 np0005557753.novalocal account-server[96803]: ::1 - - [13/Dec/2025:00:43:08 +0000] "PUT /1/105149/AUTH_afe588ce5e36492b94129e0538b6bb45/gnocchi.2c51bf27-709d-4ad2-8bfb-35a518398f8b" 201 - "PUT http://[::1]:6001/1/175760/AUTH_afe588ce5e36492b94129e0538b6bb45/gnocchi.2c51bf27-709d-4ad2-8bfb-35a518398f8b" "tx129c0acde1fe4f79aafe7-00693cb69c" "container-server 97098" 0.0043 "-" 96803 0
Dec 12 19:43:08 np0005557753.novalocal container-server[97098]: ::1 - - [13/Dec/2025:00:43:08 +0000] "PUT /2/175760/AUTH_afe588ce5e36492b94129e0538b6bb45/gnocchi.2c51bf27-709d-4ad2-8bfb-35a518398f8b" 201 - "PUT http://[::1]:8080/v1/AUTH_afe588ce5e36492b94129e0538b6bb45/gnocchi.2c51bf27-709d-4ad2-8bfb-35a518398f8b" "tx129c0acde1fe4f79aafe7-00693cb69c" "proxy-server 90180" 0.0125 "-" 97098 0
Dec 12 19:43:08 np0005557753.novalocal container-server[97098]: ::1 - - [13/Dec/2025:00:43:08 +0000] "PUT /1/175760/AUTH_afe588ce5e36492b94129e0538b6bb45/gnocchi.2c51bf27-709d-4ad2-8bfb-35a518398f8b" 201 - "PUT http://[::1]:8080/v1/AUTH_afe588ce5e36492b94129e0538b6bb45/gnocchi.2c51bf27-709d-4ad2-8bfb-35a518398f8b" "tx129c0acde1fe4f79aafe7-00693cb69c" "proxy-server 90180" 0.0257 "-" 97098 0
Dec 12 19:43:08 np0005557753.novalocal proxy-server[90180]: ::1 ::1 13/Dec/2025/00/43/08 PUT /v1/AUTH_afe588ce5e36492b94129e0538b6bb45/gnocchi.2c51bf27-709d-4ad2-8bfb-35a518398f8b HTTP/1.0 201 - python-swiftclient-4.2.0 gAAAAABpPLaCrEYT... - - - tx129c0acde1fe4f79aafe7-00693cb69c - 0.0449 - - 1765586588.633317471 1765586588.678201914 0
Dec 12 19:43:08 np0005557753.novalocal container-server[97099]: ::1 - - [13/Dec/2025:00:43:08 +0000] "HEAD /1/92230/AUTH_afe588ce5e36492b94129e0538b6bb45/gnocchi.f07add7a-1e9f-475b-95f9-9d77d0fd4748" 204 - "HEAD http://[::1]:8080/v1/AUTH_afe588ce5e36492b94129e0538b6bb45/gnocchi.f07add7a-1e9f-475b-95f9-9d77d0fd4748?format=json&states=listing" "txb1ed00aee807473798bb9-00693cb69c" "proxy-server 90180" 0.0013 "-" 97099 0
Dec 12 19:43:08 np0005557753.novalocal container-server[97099]: ::1 - - [13/Dec/2025:00:43:08 +0000] "GET /3/92230/AUTH_afe588ce5e36492b94129e0538b6bb45/gnocchi.f07add7a-1e9f-475b-95f9-9d77d0fd4748" 200 2 "GET http://[::1]:8080/v1/AUTH_afe588ce5e36492b94129e0538b6bb45/gnocchi.f07add7a-1e9f-475b-95f9-9d77d0fd4748?format=json&states=listing" "txb1ed00aee807473798bb9-00693cb69c" "proxy-server 90180" 0.0016 "-" 97099 0
Dec 12 19:43:08 np0005557753.novalocal proxy-server[90180]: ::1 ::1 13/Dec/2025/00/43/08 GET /v1/AUTH_afe588ce5e36492b94129e0538b6bb45/gnocchi.f07add7a-1e9f-475b-95f9-9d77d0fd4748%3Fformat%3Djson%26states%3Dlisting HTTP/1.0 200 - python-swiftclient-4.2.0 gAAAAABpPLaCpY4p... - 2 - txb1ed00aee807473798bb9-00693cb69c - 0.0113 - - 1765586588.677277327 1765586588.688575983 0
Dec 12 19:43:08 np0005557753.novalocal container-server[97099]: ::1 - - [13/Dec/2025:00:43:08 +0000] "HEAD /2/175760/AUTH_afe588ce5e36492b94129e0538b6bb45/gnocchi.2c51bf27-709d-4ad2-8bfb-35a518398f8b" 204 - "HEAD http://[::1]:8080/v1/AUTH_afe588ce5e36492b94129e0538b6bb45/gnocchi.2c51bf27-709d-4ad2-8bfb-35a518398f8b?format=json&states=listing" "tx5caf907da5a5449b8f413-00693cb69c" "proxy-server 90180" 0.0008 "-" 97099 0
Dec 12 19:43:08 np0005557753.novalocal container-server[97096]: ::1 - - [13/Dec/2025:00:43:08 +0000] "GET /1/175760/AUTH_afe588ce5e36492b94129e0538b6bb45/gnocchi.2c51bf27-709d-4ad2-8bfb-35a518398f8b" 200 2 "GET http://[::1]:8080/v1/AUTH_afe588ce5e36492b94129e0538b6bb45/gnocchi.2c51bf27-709d-4ad2-8bfb-35a518398f8b?format=json&states=listing" "tx5caf907da5a5449b8f413-00693cb69c" "proxy-server 90180" 0.0032 "-" 97096 0
Dec 12 19:43:08 np0005557753.novalocal object-server[97399]: ::1 - - [13/Dec/2025:00:43:08 +0000] "GET /1/200495/AUTH_afe588ce5e36492b94129e0538b6bb45/gnocchi.f07add7a-1e9f-475b-95f9-9d77d0fd4748/1764720000.0_mean_300.0_v3" 404 70 "GET http://[::1]:8080/v1/AUTH_afe588ce5e36492b94129e0538b6bb45/gnocchi.f07add7a-1e9f-475b-95f9-9d77d0fd4748/1764720000.0_mean_300.0_v3" "txf580c94de15f4d27b95fd-00693cb69c" "proxy-server 90180" 0.0006 "-" 97399 0
Dec 12 19:43:08 np0005557753.novalocal proxy-server[90180]: ::1 ::1 13/Dec/2025/00/43/08 GET /v1/AUTH_afe588ce5e36492b94129e0538b6bb45/gnocchi.2c51bf27-709d-4ad2-8bfb-35a518398f8b%3Fformat%3Djson%26states%3Dlisting HTTP/1.0 200 - python-swiftclient-4.2.0 gAAAAABpPLaCrEYT... - 2 - tx5caf907da5a5449b8f413-00693cb69c - 0.0128 - - 1765586588.684971809 1765586588.697769880 0
Dec 12 19:43:08 np0005557753.novalocal object-server[97402]: ::1 - - [13/Dec/2025:00:43:08 +0000] "GET /2/200495/AUTH_afe588ce5e36492b94129e0538b6bb45/gnocchi.f07add7a-1e9f-475b-95f9-9d77d0fd4748/1764720000.0_mean_300.0_v3" 404 70 "GET http://[::1]:8080/v1/AUTH_afe588ce5e36492b94129e0538b6bb45/gnocchi.f07add7a-1e9f-475b-95f9-9d77d0fd4748/1764720000.0_mean_300.0_v3" "txf580c94de15f4d27b95fd-00693cb69c" "proxy-server 90180" 0.0003 "-" 97402 0
Dec 12 19:43:08 np0005557753.novalocal object-server[97402]: ::1 - - [13/Dec/2025:00:43:08 +0000] "GET /3/200495/AUTH_afe588ce5e36492b94129e0538b6bb45/gnocchi.f07add7a-1e9f-475b-95f9-9d77d0fd4748/1764720000.0_mean_300.0_v3" 404 70 "GET http://[::1]:8080/v1/AUTH_afe588ce5e36492b94129e0538b6bb45/gnocchi.f07add7a-1e9f-475b-95f9-9d77d0fd4748/1764720000.0_mean_300.0_v3" "txf580c94de15f4d27b95fd-00693cb69c" "proxy-server 90180" 0.0002 "-" 97402 0
Dec 12 19:43:08 np0005557753.novalocal proxy-server[90180]: ::1 ::1 13/Dec/2025/00/43/08 GET /v1/AUTH_afe588ce5e36492b94129e0538b6bb45/gnocchi.f07add7a-1e9f-475b-95f9-9d77d0fd4748/1764720000.0_mean_300.0_v3 HTTP/1.0 404 - python-swiftclient-4.2.0 gAAAAABpPLaCpY4p... - 70 - txf580c94de15f4d27b95fd-00693cb69c - 0.0114 - - 1765586588.692303181 1765586588.703745842 0
Dec 12 19:43:08 np0005557753.novalocal object-server[97400]: ::1 - - [13/Dec/2025:00:43:08 +0000] "GET /1/122452/AUTH_afe588ce5e36492b94129e0538b6bb45/gnocchi.2c51bf27-709d-4ad2-8bfb-35a518398f8b/1764720000.0_mean_300.0_v3" 404 70 "GET http://[::1]:8080/v1/AUTH_afe588ce5e36492b94129e0538b6bb45/gnocchi.2c51bf27-709d-4ad2-8bfb-35a518398f8b/1764720000.0_mean_300.0_v3" "txb0cb04056966433ab83d4-00693cb69c" "proxy-server 90180" 0.0004 "-" 97400 0
Dec 12 19:43:08 np0005557753.novalocal object-server[97400]: ::1 - - [13/Dec/2025:00:43:08 +0000] "GET /2/122452/AUTH_afe588ce5e36492b94129e0538b6bb45/gnocchi.2c51bf27-709d-4ad2-8bfb-35a518398f8b/1764720000.0_mean_300.0_v3" 404 70 "GET http://[::1]:8080/v1/AUTH_afe588ce5e36492b94129e0538b6bb45/gnocchi.2c51bf27-709d-4ad2-8bfb-35a518398f8b/1764720000.0_mean_300.0_v3" "txb0cb04056966433ab83d4-00693cb69c" "proxy-server 90180" 0.0002 "-" 97400 0
Dec 12 19:43:08 np0005557753.novalocal object-server[97402]: ::1 - - [13/Dec/2025:00:43:08 +0000] "GET /3/122452/AUTH_afe588ce5e36492b94129e0538b6bb45/gnocchi.2c51bf27-709d-4ad2-8bfb-35a518398f8b/1764720000.0_mean_300.0_v3" 404 70 "GET http://[::1]:8080/v1/AUTH_afe588ce5e36492b94129e0538b6bb45/gnocchi.2c51bf27-709d-4ad2-8bfb-35a518398f8b/1764720000.0_mean_300.0_v3" "txb0cb04056966433ab83d4-00693cb69c" "proxy-server 90180" 0.0002 "-" 97402 0
Dec 12 19:43:08 np0005557753.novalocal proxy-server[90180]: ::1 ::1 13/Dec/2025/00/43/08 GET /v1/AUTH_afe588ce5e36492b94129e0538b6bb45/gnocchi.2c51bf27-709d-4ad2-8bfb-35a518398f8b/1764720000.0_mean_300.0_v3 HTTP/1.0 404 - python-swiftclient-4.2.0 gAAAAABpPLaCrEYT... - 70 - txb0cb04056966433ab83d4-00693cb69c - 0.0178 - - 1765586588.701319456 1765586588.719103813 0
Dec 12 19:43:08 np0005557753.novalocal container-server[97099]: ::1 - - [13/Dec/2025:00:43:08 +0000] "PUT /3/92230/AUTH_afe588ce5e36492b94129e0538b6bb45/gnocchi.f07add7a-1e9f-475b-95f9-9d77d0fd4748/1764720000.0_mean_300.0_v3" 201 - "PUT http://[::1]:8080/2/200495/AUTH_afe588ce5e36492b94129e0538b6bb45/gnocchi.f07add7a-1e9f-475b-95f9-9d77d0fd4748/1764720000.0_mean_300.0_v3" "tx3af0c5356e3a48f897074-00693cb69c" "object-server 97402" 0.0006 "-" 97099 0
Dec 12 19:43:08 np0005557753.novalocal object-server[97402]: ::1 - - [13/Dec/2025:00:43:08 +0000] "PUT /2/200495/AUTH_afe588ce5e36492b94129e0538b6bb45/gnocchi.f07add7a-1e9f-475b-95f9-9d77d0fd4748/1764720000.0_mean_300.0_v3" 201 - "PUT http://[::1]:8080/v1/AUTH_afe588ce5e36492b94129e0538b6bb45/gnocchi.f07add7a-1e9f-475b-95f9-9d77d0fd4748/1764720000.0_mean_300.0_v3" "tx3af0c5356e3a48f897074-00693cb69c" "proxy-server 90180" 0.0118 "-" 97402 0
Dec 12 19:43:08 np0005557753.novalocal container-server[97099]: ::1 - - [13/Dec/2025:00:43:08 +0000] "PUT /2/92230/AUTH_afe588ce5e36492b94129e0538b6bb45/gnocchi.f07add7a-1e9f-475b-95f9-9d77d0fd4748/1764720000.0_mean_300.0_v3" 201 - "PUT http://[::1]:8080/1/200495/AUTH_afe588ce5e36492b94129e0538b6bb45/gnocchi.f07add7a-1e9f-475b-95f9-9d77d0fd4748/1764720000.0_mean_300.0_v3" "tx3af0c5356e3a48f897074-00693cb69c" "object-server 97402" 0.0003 "-" 97099 0
Dec 12 19:43:08 np0005557753.novalocal container-server[97097]: ::1 - - [13/Dec/2025:00:43:08 +0000] "PUT /1/92230/AUTH_afe588ce5e36492b94129e0538b6bb45/gnocchi.f07add7a-1e9f-475b-95f9-9d77d0fd4748/1764720000.0_mean_300.0_v3" 201 - "PUT http://[::1]:8080/3/200495/AUTH_afe588ce5e36492b94129e0538b6bb45/gnocchi.f07add7a-1e9f-475b-95f9-9d77d0fd4748/1764720000.0_mean_300.0_v3" "tx3af0c5356e3a48f897074-00693cb69c" "object-server 97402" 0.0005 "-" 97097 0
Dec 12 19:43:08 np0005557753.novalocal object-server[97402]: ::1 - - [13/Dec/2025:00:43:08 +0000] "PUT /3/200495/AUTH_afe588ce5e36492b94129e0538b6bb45/gnocchi.f07add7a-1e9f-475b-95f9-9d77d0fd4748/1764720000.0_mean_300.0_v3" 201 - "PUT http://[::1]:8080/v1/AUTH_afe588ce5e36492b94129e0538b6bb45/gnocchi.f07add7a-1e9f-475b-95f9-9d77d0fd4748/1764720000.0_mean_300.0_v3" "tx3af0c5356e3a48f897074-00693cb69c" "proxy-server 90180" 0.0127 "-" 97402 0
Dec 12 19:43:08 np0005557753.novalocal object-server[97402]: ::1 - - [13/Dec/2025:00:43:08 +0000] "PUT /1/200495/AUTH_afe588ce5e36492b94129e0538b6bb45/gnocchi.f07add7a-1e9f-475b-95f9-9d77d0fd4748/1764720000.0_mean_300.0_v3" 201 - "PUT http://[::1]:8080/v1/AUTH_afe588ce5e36492b94129e0538b6bb45/gnocchi.f07add7a-1e9f-475b-95f9-9d77d0fd4748/1764720000.0_mean_300.0_v3" "tx3af0c5356e3a48f897074-00693cb69c" "proxy-server 90180" 0.0157 "-" 97402 0
Dec 12 19:43:08 np0005557753.novalocal proxy-server[90180]: ::1 ::1 13/Dec/2025/00/43/08 PUT /v1/AUTH_afe588ce5e36492b94129e0538b6bb45/gnocchi.f07add7a-1e9f-475b-95f9-9d77d0fd4748/1764720000.0_mean_300.0_v3 HTTP/1.0 201 - python-swiftclient-4.2.0 gAAAAABpPLaCpY4p... 16 - - tx3af0c5356e3a48f897074-00693cb69c - 0.0220 - - 1765586588.706087351 1765586588.728120327 0
Dec 12 19:43:08 np0005557753.novalocal container-server[97099]: ::1 - - [13/Dec/2025:00:43:08 +0000] "PUT /1/175760/AUTH_afe588ce5e36492b94129e0538b6bb45/gnocchi.2c51bf27-709d-4ad2-8bfb-35a518398f8b/1764720000.0_mean_300.0_v3" 201 - "PUT http://[::1]:8080/2/122452/AUTH_afe588ce5e36492b94129e0538b6bb45/gnocchi.2c51bf27-709d-4ad2-8bfb-35a518398f8b/1764720000.0_mean_300.0_v3" "tx3b76d2949ec54b2096fc1-00693cb69c" "object-server 97400" 0.0007 "-" 97099 0
Dec 12 19:43:08 np0005557753.novalocal object-server[97400]: ::1 - - [13/Dec/2025:00:43:08 +0000] "PUT /2/122452/AUTH_afe588ce5e36492b94129e0538b6bb45/gnocchi.2c51bf27-709d-4ad2-8bfb-35a518398f8b/1764720000.0_mean_300.0_v3" 201 - "PUT http://[::1]:8080/v1/AUTH_afe588ce5e36492b94129e0538b6bb45/gnocchi.2c51bf27-709d-4ad2-8bfb-35a518398f8b/1764720000.0_mean_300.0_v3" "tx3b76d2949ec54b2096fc1-00693cb69c" "proxy-server 90180" 0.0149 "-" 97400 0
Dec 12 19:43:08 np0005557753.novalocal container-server[97098]: ::1 - - [13/Dec/2025:00:43:08 +0000] "PUT /3/92230/AUTH_afe588ce5e36492b94129e0538b6bb45/gnocchi.f07add7a-1e9f-475b-95f9-9d77d0fd4748/none_v3" 201 - "PUT http://[::1]:8080/3/43262/AUTH_afe588ce5e36492b94129e0538b6bb45/gnocchi.f07add7a-1e9f-475b-95f9-9d77d0fd4748/none_v3" "txf38f5baf350a4147999b8-00693cb69c" "object-server 97401" 0.0011 "-" 97098 0
Dec 12 19:43:08 np0005557753.novalocal object-server[97401]: ::1 - - [13/Dec/2025:00:43:08 +0000] "PUT /3/43262/AUTH_afe588ce5e36492b94129e0538b6bb45/gnocchi.f07add7a-1e9f-475b-95f9-9d77d0fd4748/none_v3" 201 - "PUT http://[::1]:8080/v1/AUTH_afe588ce5e36492b94129e0538b6bb45/gnocchi.f07add7a-1e9f-475b-95f9-9d77d0fd4748/none_v3" "txf38f5baf350a4147999b8-00693cb69c" "proxy-server 90180" 0.0133 "-" 97401 0
Dec 12 19:43:08 np0005557753.novalocal container-server[97099]: ::1 - - [13/Dec/2025:00:43:08 +0000] "PUT /2/175760/AUTH_afe588ce5e36492b94129e0538b6bb45/gnocchi.2c51bf27-709d-4ad2-8bfb-35a518398f8b/1764720000.0_mean_300.0_v3" 201 - "PUT http://[::1]:8080/3/122452/AUTH_afe588ce5e36492b94129e0538b6bb45/gnocchi.2c51bf27-709d-4ad2-8bfb-35a518398f8b/1764720000.0_mean_300.0_v3" "tx3b76d2949ec54b2096fc1-00693cb69c" "object-server 97400" 0.0003 "-" 97099 0
Dec 12 19:43:08 np0005557753.novalocal container-server[97098]: ::1 - - [13/Dec/2025:00:43:08 +0000] "PUT /1/92230/AUTH_afe588ce5e36492b94129e0538b6bb45/gnocchi.f07add7a-1e9f-475b-95f9-9d77d0fd4748/none_v3" 201 - "PUT http://[::1]:8080/2/43262/AUTH_afe588ce5e36492b94129e0538b6bb45/gnocchi.f07add7a-1e9f-475b-95f9-9d77d0fd4748/none_v3" "txf38f5baf350a4147999b8-00693cb69c" "object-server 97400" 0.0012 "-" 97098 0
Dec 12 19:43:08 np0005557753.novalocal object-server[97400]: ::1 - - [13/Dec/2025:00:43:08 +0000] "PUT /3/122452/AUTH_afe588ce5e36492b94129e0538b6bb45/gnocchi.2c51bf27-709d-4ad2-8bfb-35a518398f8b/1764720000.0_mean_300.0_v3" 201 - "PUT http://[::1]:8080/v1/AUTH_afe588ce5e36492b94129e0538b6bb45/gnocchi.2c51bf27-709d-4ad2-8bfb-35a518398f8b/1764720000.0_mean_300.0_v3" "tx3b76d2949ec54b2096fc1-00693cb69c" "proxy-server 90180" 0.0187 "-" 97400 0
Dec 12 19:43:08 np0005557753.novalocal object-server[97400]: ::1 - - [13/Dec/2025:00:43:08 +0000] "PUT /2/43262/AUTH_afe588ce5e36492b94129e0538b6bb45/gnocchi.f07add7a-1e9f-475b-95f9-9d77d0fd4748/none_v3" 201 - "PUT http://[::1]:8080/v1/AUTH_afe588ce5e36492b94129e0538b6bb45/gnocchi.f07add7a-1e9f-475b-95f9-9d77d0fd4748/none_v3" "txf38f5baf350a4147999b8-00693cb69c" "proxy-server 90180" 0.0154 "-" 97400 0
Dec 12 19:43:08 np0005557753.novalocal container-server[97098]: ::1 - - [13/Dec/2025:00:43:08 +0000] "PUT /2/92230/AUTH_afe588ce5e36492b94129e0538b6bb45/gnocchi.f07add7a-1e9f-475b-95f9-9d77d0fd4748/none_v3" 201 - "PUT http://[::1]:8080/1/43262/AUTH_afe588ce5e36492b94129e0538b6bb45/gnocchi.f07add7a-1e9f-475b-95f9-9d77d0fd4748/none_v3" "txf38f5baf350a4147999b8-00693cb69c" "object-server 97399" 0.0003 "-" 97098 0
Dec 12 19:43:08 np0005557753.novalocal container-server[97096]: ::1 - - [13/Dec/2025:00:43:08 +0000] "PUT /3/175760/AUTH_afe588ce5e36492b94129e0538b6bb45/gnocchi.2c51bf27-709d-4ad2-8bfb-35a518398f8b/1764720000.0_mean_300.0_v3" 201 - "PUT http://[::1]:8080/1/122452/AUTH_afe588ce5e36492b94129e0538b6bb45/gnocchi.2c51bf27-709d-4ad2-8bfb-35a518398f8b/1764720000.0_mean_300.0_v3" "tx3b76d2949ec54b2096fc1-00693cb69c" "object-server 97400" 0.0010 "-" 97096 0
Dec 12 19:43:08 np0005557753.novalocal object-server[97400]: ::1 - - [13/Dec/2025:00:43:08 +0000] "PUT /1/122452/AUTH_afe588ce5e36492b94129e0538b6bb45/gnocchi.2c51bf27-709d-4ad2-8bfb-35a518398f8b/1764720000.0_mean_300.0_v3" 201 - "PUT http://[::1]:8080/v1/AUTH_afe588ce5e36492b94129e0538b6bb45/gnocchi.2c51bf27-709d-4ad2-8bfb-35a518398f8b/1764720000.0_mean_300.0_v3" "tx3b76d2949ec54b2096fc1-00693cb69c" "proxy-server 90180" 0.0184 "-" 97400 0
Dec 12 19:43:08 np0005557753.novalocal object-server[97399]: ::1 - - [13/Dec/2025:00:43:08 +0000] "PUT /1/43262/AUTH_afe588ce5e36492b94129e0538b6bb45/gnocchi.f07add7a-1e9f-475b-95f9-9d77d0fd4748/none_v3" 201 - "PUT http://[::1]:8080/v1/AUTH_afe588ce5e36492b94129e0538b6bb45/gnocchi.f07add7a-1e9f-475b-95f9-9d77d0fd4748/none_v3" "txf38f5baf350a4147999b8-00693cb69c" "proxy-server 90180" 0.0159 "-" 97399 0
Dec 12 19:43:08 np0005557753.novalocal proxy-server[90180]: ::1 ::1 13/Dec/2025/00/43/08 PUT /v1/AUTH_afe588ce5e36492b94129e0538b6bb45/gnocchi.2c51bf27-709d-4ad2-8bfb-35a518398f8b/1764720000.0_mean_300.0_v3 HTTP/1.0 201 - python-swiftclient-4.2.0 gAAAAABpPLaCrEYT... 16 - - tx3b76d2949ec54b2096fc1-00693cb69c - 0.0274 - - 1765586588.727460861 1765586588.754821062 0
Dec 12 19:43:08 np0005557753.novalocal proxy-server[90180]: ::1 ::1 13/Dec/2025/00/43/08 PUT /v1/AUTH_afe588ce5e36492b94129e0538b6bb45/gnocchi.f07add7a-1e9f-475b-95f9-9d77d0fd4748/none_v3 HTTP/1.0 201 - python-swiftclient-4.2.0 gAAAAABpPLaCpY4p... 22 - - txf38f5baf350a4147999b8-00693cb69c - 0.0226 - - 1765586588.733225107 1765586588.755795717 0
Dec 12 19:43:08 np0005557753.novalocal container-server[97099]: ::1 - - [13/Dec/2025:00:43:08 +0000] "PUT /2/175760/AUTH_afe588ce5e36492b94129e0538b6bb45/gnocchi.2c51bf27-709d-4ad2-8bfb-35a518398f8b/none_v3" 201 - "PUT http://[::1]:8080/1/89495/AUTH_afe588ce5e36492b94129e0538b6bb45/gnocchi.2c51bf27-709d-4ad2-8bfb-35a518398f8b/none_v3" "tx651deb8649534b448f3c4-00693cb69c" "object-server 97400" 0.0006 "-" 97099 0
Dec 12 19:43:08 np0005557753.novalocal object-server[97400]: ::1 - - [13/Dec/2025:00:43:08 +0000] "PUT /1/89495/AUTH_afe588ce5e36492b94129e0538b6bb45/gnocchi.2c51bf27-709d-4ad2-8bfb-35a518398f8b/none_v3" 201 - "PUT http://[::1]:8080/v1/AUTH_afe588ce5e36492b94129e0538b6bb45/gnocchi.2c51bf27-709d-4ad2-8bfb-35a518398f8b/none_v3" "tx651deb8649534b448f3c4-00693cb69c" "proxy-server 90180" 0.0103 "-" 97400 0
Dec 12 19:43:08 np0005557753.novalocal container-server[97099]: ::1 - - [13/Dec/2025:00:43:08 +0000] "PUT /3/175760/AUTH_afe588ce5e36492b94129e0538b6bb45/gnocchi.2c51bf27-709d-4ad2-8bfb-35a518398f8b/none_v3" 201 - "PUT http://[::1]:8080/3/89495/AUTH_afe588ce5e36492b94129e0538b6bb45/gnocchi.2c51bf27-709d-4ad2-8bfb-35a518398f8b/none_v3" "tx651deb8649534b448f3c4-00693cb69c" "object-server 97401" 0.0003 "-" 97099 0
Dec 12 19:43:08 np0005557753.novalocal object-server[97401]: ::1 - - [13/Dec/2025:00:43:08 +0000] "PUT /3/89495/AUTH_afe588ce5e36492b94129e0538b6bb45/gnocchi.2c51bf27-709d-4ad2-8bfb-35a518398f8b/none_v3" 201 - "PUT http://[::1]:8080/v1/AUTH_afe588ce5e36492b94129e0538b6bb45/gnocchi.2c51bf27-709d-4ad2-8bfb-35a518398f8b/none_v3" "tx651deb8649534b448f3c4-00693cb69c" "proxy-server 90180" 0.0143 "-" 97401 0
Dec 12 19:43:08 np0005557753.novalocal container-server[97099]: ::1 - - [13/Dec/2025:00:43:08 +0000] "HEAD /1/185128/AUTH_afe588ce5e36492b94129e0538b6bb45/gnocchi.d233b664-04d7-4355-9340-740f2b109696" 404 - "HEAD http://[::1]:8080/v1/AUTH_afe588ce5e36492b94129e0538b6bb45/gnocchi.d233b664-04d7-4355-9340-740f2b109696?format=json&states=listing" "txcb00070e2ed5477e940a7-00693cb69c" "proxy-server 90180" 0.0002 "-" 97099 0
Dec 12 19:43:08 np0005557753.novalocal container-server[97096]: ::1 - - [13/Dec/2025:00:43:08 +0000] "PUT /1/175760/AUTH_afe588ce5e36492b94129e0538b6bb45/gnocchi.2c51bf27-709d-4ad2-8bfb-35a518398f8b/none_v3" 201 - "PUT http://[::1]:8080/2/89495/AUTH_afe588ce5e36492b94129e0538b6bb45/gnocchi.2c51bf27-709d-4ad2-8bfb-35a518398f8b/none_v3" "tx651deb8649534b448f3c4-00693cb69c" "object-server 97401" 0.0020 "-" 97096 0
Dec 12 19:43:08 np0005557753.novalocal object-server[97401]: ::1 - - [13/Dec/2025:00:43:08 +0000] "PUT /2/89495/AUTH_afe588ce5e36492b94129e0538b6bb45/gnocchi.2c51bf27-709d-4ad2-8bfb-35a518398f8b/none_v3" 201 - "PUT http://[::1]:8080/v1/AUTH_afe588ce5e36492b94129e0538b6bb45/gnocchi.2c51bf27-709d-4ad2-8bfb-35a518398f8b/none_v3" "tx651deb8649534b448f3c4-00693cb69c" "proxy-server 90180" 0.0145 "-" 97401 0
Dec 12 19:43:08 np0005557753.novalocal container-server[97099]: ::1 - - [13/Dec/2025:00:43:08 +0000] "HEAD /2/185128/AUTH_afe588ce5e36492b94129e0538b6bb45/gnocchi.d233b664-04d7-4355-9340-740f2b109696" 404 - "HEAD http://[::1]:8080/v1/AUTH_afe588ce5e36492b94129e0538b6bb45/gnocchi.d233b664-04d7-4355-9340-740f2b109696?format=json&states=listing" "txcb00070e2ed5477e940a7-00693cb69c" "proxy-server 90180" 0.0002 "-" 97099 0
Dec 12 19:43:08 np0005557753.novalocal proxy-server[90180]: ::1 ::1 13/Dec/2025/00/43/08 PUT /v1/AUTH_afe588ce5e36492b94129e0538b6bb45/gnocchi.2c51bf27-709d-4ad2-8bfb-35a518398f8b/none_v3 HTTP/1.0 201 - python-swiftclient-4.2.0 gAAAAABpPLaCrEYT... 22 - - tx651deb8649534b448f3c4-00693cb69c - 0.0214 - - 1765586588.758261442 1765586588.779647589 0
Dec 12 19:43:08 np0005557753.novalocal container-server[97098]: ::1 - - [13/Dec/2025:00:43:08 +0000] "HEAD /3/185128/AUTH_afe588ce5e36492b94129e0538b6bb45/gnocchi.d233b664-04d7-4355-9340-740f2b109696" 404 - "HEAD http://[::1]:8080/v1/AUTH_afe588ce5e36492b94129e0538b6bb45/gnocchi.d233b664-04d7-4355-9340-740f2b109696?format=json&states=listing" "txcb00070e2ed5477e940a7-00693cb69c" "proxy-server 90180" 0.0004 "-" 97098 0
Dec 12 19:43:08 np0005557753.novalocal object-server[97402]: ::1 - - [13/Dec/2025:00:43:08 +0000] "GET /3/204952/AUTH_afe588ce5e36492b94129e0538b6bb45/gnocchi.d233b664-04d7-4355-9340-740f2b109696/none_v3" 404 70 "GET http://[::1]:8080/v1/AUTH_afe588ce5e36492b94129e0538b6bb45/gnocchi.d233b664-04d7-4355-9340-740f2b109696/none_v3" "txcb00070e2ed5477e940a7-00693cb69c" "proxy-server 90180" 0.0004 "-" 97402 0
Dec 12 19:43:08 np0005557753.novalocal object-server[97402]: ::1 - - [13/Dec/2025:00:43:08 +0000] "GET /2/204952/AUTH_afe588ce5e36492b94129e0538b6bb45/gnocchi.d233b664-04d7-4355-9340-740f2b109696/none_v3" 404 70 "GET http://[::1]:8080/v1/AUTH_afe588ce5e36492b94129e0538b6bb45/gnocchi.d233b664-04d7-4355-9340-740f2b109696/none_v3" "txcb00070e2ed5477e940a7-00693cb69c" "proxy-server 90180" 0.0003 "-" 97402 0
Dec 12 19:43:08 np0005557753.novalocal object-server[97401]: ::1 - - [13/Dec/2025:00:43:08 +0000] "GET /1/204952/AUTH_afe588ce5e36492b94129e0538b6bb45/gnocchi.d233b664-04d7-4355-9340-740f2b109696/none_v3" 404 70 "GET http://[::1]:8080/v1/AUTH_afe588ce5e36492b94129e0538b6bb45/gnocchi.d233b664-04d7-4355-9340-740f2b109696/none_v3" "txcb00070e2ed5477e940a7-00693cb69c" "proxy-server 90180" 0.0003 "-" 97401 0
Dec 12 19:43:08 np0005557753.novalocal proxy-server[90180]: ::1 ::1 13/Dec/2025/00/43/08 GET /v1/AUTH_afe588ce5e36492b94129e0538b6bb45/gnocchi.d233b664-04d7-4355-9340-740f2b109696/none_v3 HTTP/1.0 404 - python-swiftclient-4.2.0 gAAAAABpPLaCpY4p... - 70 - txcb00070e2ed5477e940a7-00693cb69c - 0.0200 - - 1765586588.775475502 1765586588.795453548 0
Dec 12 19:43:08 np0005557753.novalocal container-server[97099]: ::1 - - [13/Dec/2025:00:43:08 +0000] "HEAD /3/100271/AUTH_afe588ce5e36492b94129e0538b6bb45/gnocchi.5899a4e9-aa0a-4e6c-b16a-703ad8f267a9" 404 - "HEAD http://[::1]:8080/v1/AUTH_afe588ce5e36492b94129e0538b6bb45/gnocchi.5899a4e9-aa0a-4e6c-b16a-703ad8f267a9?format=json&states=listing" "tx48f64bce1fc4428bb87c7-00693cb69c" "proxy-server 90180" 0.0004 "-" 97099 0
Dec 12 19:43:08 np0005557753.novalocal container-server[97096]: ::1 - - [13/Dec/2025:00:43:08 +0000] "HEAD /2/100271/AUTH_afe588ce5e36492b94129e0538b6bb45/gnocchi.5899a4e9-aa0a-4e6c-b16a-703ad8f267a9" 404 - "HEAD http://[::1]:8080/v1/AUTH_afe588ce5e36492b94129e0538b6bb45/gnocchi.5899a4e9-aa0a-4e6c-b16a-703ad8f267a9?format=json&states=listing" "tx48f64bce1fc4428bb87c7-00693cb69c" "proxy-server 90180" 0.0004 "-" 97096 0
Dec 12 19:43:08 np0005557753.novalocal container-server[97097]: ::1 - - [13/Dec/2025:00:43:08 +0000] "HEAD /1/100271/AUTH_afe588ce5e36492b94129e0538b6bb45/gnocchi.5899a4e9-aa0a-4e6c-b16a-703ad8f267a9" 404 - "HEAD http://[::1]:8080/v1/AUTH_afe588ce5e36492b94129e0538b6bb45/gnocchi.5899a4e9-aa0a-4e6c-b16a-703ad8f267a9?format=json&states=listing" "tx48f64bce1fc4428bb87c7-00693cb69c" "proxy-server 90180" 0.0005 "-" 97097 0
Dec 12 19:43:08 np0005557753.novalocal account-server[96803]: ::1 - - [13/Dec/2025:00:43:08 +0000] "PUT /3/105149/AUTH_afe588ce5e36492b94129e0538b6bb45/gnocchi.d233b664-04d7-4355-9340-740f2b109696" 201 - "PUT http://[::1]:6001/2/185128/AUTH_afe588ce5e36492b94129e0538b6bb45/gnocchi.d233b664-04d7-4355-9340-740f2b109696" "tx8fad5b804c4d4f798a82c-00693cb69c" "container-server 97099" 0.0070 "-" 96803 0
Dec 12 19:43:08 np0005557753.novalocal account-server[96805]: ::1 - - [13/Dec/2025:00:43:08 +0000] "PUT /1/105149/AUTH_afe588ce5e36492b94129e0538b6bb45/gnocchi.d233b664-04d7-4355-9340-740f2b109696" 201 - "PUT http://[::1]:6001/3/185128/AUTH_afe588ce5e36492b94129e0538b6bb45/gnocchi.d233b664-04d7-4355-9340-740f2b109696" "tx8fad5b804c4d4f798a82c-00693cb69c" "container-server 97097" 0.0053 "-" 96805 0
Dec 12 19:43:08 np0005557753.novalocal container-server[97097]: ::1 - - [13/Dec/2025:00:43:08 +0000] "PUT /3/185128/AUTH_afe588ce5e36492b94129e0538b6bb45/gnocchi.d233b664-04d7-4355-9340-740f2b109696" 201 - "PUT http://[::1]:8080/v1/AUTH_afe588ce5e36492b94129e0538b6bb45/gnocchi.d233b664-04d7-4355-9340-740f2b109696" "tx8fad5b804c4d4f798a82c-00693cb69c" "proxy-server 90180" 0.0199 "-" 97097 0
Dec 12 19:43:08 np0005557753.novalocal object-server[97399]: ::1 - - [13/Dec/2025:00:43:08 +0000] "GET /2/217165/AUTH_afe588ce5e36492b94129e0538b6bb45/gnocchi.5899a4e9-aa0a-4e6c-b16a-703ad8f267a9/none_v3" 404 70 "GET http://[::1]:8080/v1/AUTH_afe588ce5e36492b94129e0538b6bb45/gnocchi.5899a4e9-aa0a-4e6c-b16a-703ad8f267a9/none_v3" "tx48f64bce1fc4428bb87c7-00693cb69c" "proxy-server 90180" 0.0006 "-" 97399 0
Dec 12 19:43:08 np0005557753.novalocal container-server[97099]: ::1 - - [13/Dec/2025:00:43:08 +0000] "PUT /2/185128/AUTH_afe588ce5e36492b94129e0538b6bb45/gnocchi.d233b664-04d7-4355-9340-740f2b109696" 201 - "PUT http://[::1]:8080/v1/AUTH_afe588ce5e36492b94129e0538b6bb45/gnocchi.d233b664-04d7-4355-9340-740f2b109696" "tx8fad5b804c4d4f798a82c-00693cb69c" "proxy-server 90180" 0.0222 "-" 97099 0
Dec 12 19:43:08 np0005557753.novalocal object-server[97400]: ::1 - - [13/Dec/2025:00:43:08 +0000] "GET /1/217165/AUTH_afe588ce5e36492b94129e0538b6bb45/gnocchi.5899a4e9-aa0a-4e6c-b16a-703ad8f267a9/none_v3" 404 70 "GET http://[::1]:8080/v1/AUTH_afe588ce5e36492b94129e0538b6bb45/gnocchi.5899a4e9-aa0a-4e6c-b16a-703ad8f267a9/none_v3" "tx48f64bce1fc4428bb87c7-00693cb69c" "proxy-server 90180" 0.0005 "-" 97400 0
Dec 12 19:43:08 np0005557753.novalocal account-server[96802]: ::1 - - [13/Dec/2025:00:43:08 +0000] "PUT /2/105149/AUTH_afe588ce5e36492b94129e0538b6bb45/gnocchi.d233b664-04d7-4355-9340-740f2b109696" 201 - "PUT http://[::1]:6001/1/185128/AUTH_afe588ce5e36492b94129e0538b6bb45/gnocchi.d233b664-04d7-4355-9340-740f2b109696" "tx8fad5b804c4d4f798a82c-00693cb69c" "container-server 97099" 0.0037 "-" 96802 0
Dec 12 19:43:08 np0005557753.novalocal object-server[97400]: ::1 - - [13/Dec/2025:00:43:08 +0000] "GET /3/217165/AUTH_afe588ce5e36492b94129e0538b6bb45/gnocchi.5899a4e9-aa0a-4e6c-b16a-703ad8f267a9/none_v3" 404 70 "GET http://[::1]:8080/v1/AUTH_afe588ce5e36492b94129e0538b6bb45/gnocchi.5899a4e9-aa0a-4e6c-b16a-703ad8f267a9/none_v3" "tx48f64bce1fc4428bb87c7-00693cb69c" "proxy-server 90180" 0.0004 "-" 97400 0
Dec 12 19:43:08 np0005557753.novalocal container-server[97099]: ::1 - - [13/Dec/2025:00:43:08 +0000] "PUT /1/185128/AUTH_afe588ce5e36492b94129e0538b6bb45/gnocchi.d233b664-04d7-4355-9340-740f2b109696" 201 - "PUT http://[::1]:8080/v1/AUTH_afe588ce5e36492b94129e0538b6bb45/gnocchi.d233b664-04d7-4355-9340-740f2b109696" "tx8fad5b804c4d4f798a82c-00693cb69c" "proxy-server 90180" 0.0188 "-" 97099 0
Dec 12 19:43:08 np0005557753.novalocal proxy-server[90180]: ::1 ::1 13/Dec/2025/00/43/08 GET /v1/AUTH_afe588ce5e36492b94129e0538b6bb45/gnocchi.5899a4e9-aa0a-4e6c-b16a-703ad8f267a9/none_v3 HTTP/1.0 404 - python-swiftclient-4.2.0 gAAAAABpPLaCrEYT... - 70 - tx48f64bce1fc4428bb87c7-00693cb69c - 0.0401 - - 1765586588.791927576 1765586588.832040310 0
Dec 12 19:43:08 np0005557753.novalocal proxy-server[90180]: ::1 ::1 13/Dec/2025/00/43/08 PUT /v1/AUTH_afe588ce5e36492b94129e0538b6bb45/gnocchi.d233b664-04d7-4355-9340-740f2b109696 HTTP/1.0 201 - python-swiftclient-4.2.0 gAAAAABpPLaCpY4p... - - - tx8fad5b804c4d4f798a82c-00693cb69c - 0.0357 - - 1765586588.797750950 1765586588.833422661 0
Dec 12 19:43:08 np0005557753.novalocal container-server[97096]: ::1 - - [13/Dec/2025:00:43:08 +0000] "HEAD /2/185128/AUTH_afe588ce5e36492b94129e0538b6bb45/gnocchi.d233b664-04d7-4355-9340-740f2b109696" 204 - "HEAD http://[::1]:8080/v1/AUTH_afe588ce5e36492b94129e0538b6bb45/gnocchi.d233b664-04d7-4355-9340-740f2b109696?format=json&states=listing" "txdca38439239342918894d-00693cb69c" "proxy-server 90180" 0.0019 "-" 97096 0
Dec 12 19:43:08 np0005557753.novalocal container-server[97097]: ::1 - - [13/Dec/2025:00:43:08 +0000] "GET /3/185128/AUTH_afe588ce5e36492b94129e0538b6bb45/gnocchi.d233b664-04d7-4355-9340-740f2b109696" 200 2 "GET http://[::1]:8080/v1/AUTH_afe588ce5e36492b94129e0538b6bb45/gnocchi.d233b664-04d7-4355-9340-740f2b109696?format=json&states=listing" "txdca38439239342918894d-00693cb69c" "proxy-server 90180" 0.0039 "-" 97097 0
Dec 12 19:43:08 np0005557753.novalocal account-server[96805]: ::1 - - [13/Dec/2025:00:43:08 +0000] "PUT /1/105149/AUTH_afe588ce5e36492b94129e0538b6bb45/gnocchi.5899a4e9-aa0a-4e6c-b16a-703ad8f267a9" 201 - "PUT http://[::1]:6001/1/100271/AUTH_afe588ce5e36492b94129e0538b6bb45/gnocchi.5899a4e9-aa0a-4e6c-b16a-703ad8f267a9" "txb7f962dffeab419a84c9c-00693cb69c" "container-server 97097" 0.0079 "-" 96805 0
Dec 12 19:43:08 np0005557753.novalocal container-server[97097]: ::1 - - [13/Dec/2025:00:43:08 +0000] "PUT /1/100271/AUTH_afe588ce5e36492b94129e0538b6bb45/gnocchi.5899a4e9-aa0a-4e6c-b16a-703ad8f267a9" 201 - "PUT http://[::1]:8080/v1/AUTH_afe588ce5e36492b94129e0538b6bb45/gnocchi.5899a4e9-aa0a-4e6c-b16a-703ad8f267a9" "txb7f962dffeab419a84c9c-00693cb69c" "proxy-server 90180" 0.0234 "-" 97097 0
Dec 12 19:43:08 np0005557753.novalocal proxy-server[90180]: ::1 ::1 13/Dec/2025/00/43/08 GET /v1/AUTH_afe588ce5e36492b94129e0538b6bb45/gnocchi.d233b664-04d7-4355-9340-740f2b109696%3Fformat%3Djson%26states%3Dlisting HTTP/1.0 200 - python-swiftclient-4.2.0 gAAAAABpPLaCpY4p... - 2 - txdca38439239342918894d-00693cb69c - 0.0288 - - 1765586588.836277723 1765586588.865036011 0
Dec 12 19:43:08 np0005557753.novalocal account-server[96803]: ::1 - - [13/Dec/2025:00:43:08 +0000] "PUT /2/105149/AUTH_afe588ce5e36492b94129e0538b6bb45/gnocchi.5899a4e9-aa0a-4e6c-b16a-703ad8f267a9" 201 - "PUT http://[::1]:6001/3/100271/AUTH_afe588ce5e36492b94129e0538b6bb45/gnocchi.5899a4e9-aa0a-4e6c-b16a-703ad8f267a9" "txb7f962dffeab419a84c9c-00693cb69c" "container-server 97098" 0.0059 "-" 96803 0
Dec 12 19:43:08 np0005557753.novalocal account-server[96804]: ::1 - - [13/Dec/2025:00:43:08 +0000] "PUT /3/105149/AUTH_afe588ce5e36492b94129e0538b6bb45/gnocchi.5899a4e9-aa0a-4e6c-b16a-703ad8f267a9" 201 - "PUT http://[::1]:6001/2/100271/AUTH_afe588ce5e36492b94129e0538b6bb45/gnocchi.5899a4e9-aa0a-4e6c-b16a-703ad8f267a9" "txb7f962dffeab419a84c9c-00693cb69c" "container-server 97098" 0.0056 "-" 96804 0
Dec 12 19:43:08 np0005557753.novalocal container-server[97098]: ::1 - - [13/Dec/2025:00:43:08 +0000] "PUT /2/100271/AUTH_afe588ce5e36492b94129e0538b6bb45/gnocchi.5899a4e9-aa0a-4e6c-b16a-703ad8f267a9" 201 - "PUT http://[::1]:8080/v1/AUTH_afe588ce5e36492b94129e0538b6bb45/gnocchi.5899a4e9-aa0a-4e6c-b16a-703ad8f267a9" "txb7f962dffeab419a84c9c-00693cb69c" "proxy-server 90180" 0.0170 "-" 97098 0
Dec 12 19:43:08 np0005557753.novalocal container-server[97098]: ::1 - - [13/Dec/2025:00:43:08 +0000] "PUT /3/100271/AUTH_afe588ce5e36492b94129e0538b6bb45/gnocchi.5899a4e9-aa0a-4e6c-b16a-703ad8f267a9" 201 - "PUT http://[::1]:8080/v1/AUTH_afe588ce5e36492b94129e0538b6bb45/gnocchi.5899a4e9-aa0a-4e6c-b16a-703ad8f267a9" "txb7f962dffeab419a84c9c-00693cb69c" "proxy-server 90180" 0.0288 "-" 97098 0
Dec 12 19:43:08 np0005557753.novalocal proxy-server[90180]: ::1 ::1 13/Dec/2025/00/43/08 PUT /v1/AUTH_afe588ce5e36492b94129e0538b6bb45/gnocchi.5899a4e9-aa0a-4e6c-b16a-703ad8f267a9 HTTP/1.0 201 - python-swiftclient-4.2.0 gAAAAABpPLaCrEYT... - - - txb7f962dffeab419a84c9c-00693cb69c - 0.0387 - - 1765586588.835207224 1765586588.873902798 0
Dec 12 19:43:08 np0005557753.novalocal object-server[97400]: ::1 - - [13/Dec/2025:00:43:08 +0000] "GET /2/112259/AUTH_afe588ce5e36492b94129e0538b6bb45/gnocchi.d233b664-04d7-4355-9340-740f2b109696/1764720000.0_mean_300.0_v3" 404 70 "GET http://[::1]:8080/v1/AUTH_afe588ce5e36492b94129e0538b6bb45/gnocchi.d233b664-04d7-4355-9340-740f2b109696/1764720000.0_mean_300.0_v3" "tx68b8c98222b44c7783433-00693cb69c" "proxy-server 90180" 0.0005 "-" 97400 0
Dec 12 19:43:08 np0005557753.novalocal object-server[97400]: ::1 - - [13/Dec/2025:00:43:08 +0000] "GET /3/112259/AUTH_afe588ce5e36492b94129e0538b6bb45/gnocchi.d233b664-04d7-4355-9340-740f2b109696/1764720000.0_mean_300.0_v3" 404 70 "GET http://[::1]:8080/v1/AUTH_afe588ce5e36492b94129e0538b6bb45/gnocchi.d233b664-04d7-4355-9340-740f2b109696/1764720000.0_mean_300.0_v3" "tx68b8c98222b44c7783433-00693cb69c" "proxy-server 90180" 0.0002 "-" 97400 0
Dec 12 19:43:08 np0005557753.novalocal container-server[97096]: ::1 - - [13/Dec/2025:00:43:08 +0000] "HEAD /1/100271/AUTH_afe588ce5e36492b94129e0538b6bb45/gnocchi.5899a4e9-aa0a-4e6c-b16a-703ad8f267a9" 204 - "HEAD http://[::1]:8080/v1/AUTH_afe588ce5e36492b94129e0538b6bb45/gnocchi.5899a4e9-aa0a-4e6c-b16a-703ad8f267a9?format=json&states=listing" "tx613807efdcab4999b5621-00693cb69c" "proxy-server 90180" 0.0019 "-" 97096 0
Dec 12 19:43:08 np0005557753.novalocal object-server[97399]: ::1 - - [13/Dec/2025:00:43:08 +0000] "GET /1/112259/AUTH_afe588ce5e36492b94129e0538b6bb45/gnocchi.d233b664-04d7-4355-9340-740f2b109696/1764720000.0_mean_300.0_v3" 404 70 "GET http://[::1]:8080/v1/AUTH_afe588ce5e36492b94129e0538b6bb45/gnocchi.d233b664-04d7-4355-9340-740f2b109696/1764720000.0_mean_300.0_v3" "tx68b8c98222b44c7783433-00693cb69c" "proxy-server 90180" 0.0005 "-" 97399 0
Dec 12 19:43:08 np0005557753.novalocal proxy-server[90180]: ::1 ::1 13/Dec/2025/00/43/08 GET /v1/AUTH_afe588ce5e36492b94129e0538b6bb45/gnocchi.d233b664-04d7-4355-9340-740f2b109696/1764720000.0_mean_300.0_v3 HTTP/1.0 404 - python-swiftclient-4.2.0 gAAAAABpPLaCpY4p... - 70 - tx68b8c98222b44c7783433-00693cb69c - 0.0136 - - 1765586588.869719028 1765586588.883290291 0
Dec 12 19:43:08 np0005557753.novalocal container-server[97097]: ::1 - - [13/Dec/2025:00:43:08 +0000] "GET /1/100271/AUTH_afe588ce5e36492b94129e0538b6bb45/gnocchi.5899a4e9-aa0a-4e6c-b16a-703ad8f267a9" 200 2 "GET http://[::1]:8080/v1/AUTH_afe588ce5e36492b94129e0538b6bb45/gnocchi.5899a4e9-aa0a-4e6c-b16a-703ad8f267a9?format=json&states=listing" "tx613807efdcab4999b5621-00693cb69c" "proxy-server 90180" 0.0036 "-" 97097 0
Dec 12 19:43:08 np0005557753.novalocal proxy-server[90180]: ::1 ::1 13/Dec/2025/00/43/08 GET /v1/AUTH_afe588ce5e36492b94129e0538b6bb45/gnocchi.5899a4e9-aa0a-4e6c-b16a-703ad8f267a9%3Fformat%3Djson%26states%3Dlisting HTTP/1.0 200 - python-swiftclient-4.2.0 gAAAAABpPLaCrEYT... - 2 - tx613807efdcab4999b5621-00693cb69c - 0.0170 - - 1765586588.877427816 1765586588.894383430 0
Dec 12 19:43:08 np0005557753.novalocal object-server[97402]: ::1 - - [13/Dec/2025:00:43:08 +0000] "GET /2/48557/AUTH_afe588ce5e36492b94129e0538b6bb45/gnocchi.5899a4e9-aa0a-4e6c-b16a-703ad8f267a9/1764720000.0_mean_300.0_v3" 404 70 "GET http://[::1]:8080/v1/AUTH_afe588ce5e36492b94129e0538b6bb45/gnocchi.5899a4e9-aa0a-4e6c-b16a-703ad8f267a9/1764720000.0_mean_300.0_v3" "tx474087bb64ac465b956cb-00693cb69c" "proxy-server 90180" 0.0005 "-" 97402 0
Dec 12 19:43:08 np0005557753.novalocal object-server[97400]: ::1 - - [13/Dec/2025:00:43:08 +0000] "GET /3/48557/AUTH_afe588ce5e36492b94129e0538b6bb45/gnocchi.5899a4e9-aa0a-4e6c-b16a-703ad8f267a9/1764720000.0_mean_300.0_v3" 404 70 "GET http://[::1]:8080/v1/AUTH_afe588ce5e36492b94129e0538b6bb45/gnocchi.5899a4e9-aa0a-4e6c-b16a-703ad8f267a9/1764720000.0_mean_300.0_v3" "tx474087bb64ac465b956cb-00693cb69c" "proxy-server 90180" 0.0004 "-" 97400 0
Dec 12 19:43:08 np0005557753.novalocal container-server[97099]: ::1 - - [13/Dec/2025:00:43:08 +0000] "PUT /3/185128/AUTH_afe588ce5e36492b94129e0538b6bb45/gnocchi.d233b664-04d7-4355-9340-740f2b109696/1764720000.0_mean_300.0_v3" 201 - "PUT http://[::1]:8080/1/112259/AUTH_afe588ce5e36492b94129e0538b6bb45/gnocchi.d233b664-04d7-4355-9340-740f2b109696/1764720000.0_mean_300.0_v3" "tx44a1c2cd36da4daaafdb5-00693cb69c" "object-server 97401" 0.0007 "-" 97099 0
Dec 12 19:43:08 np0005557753.novalocal container-server[97096]: ::1 - - [13/Dec/2025:00:43:08 +0000] "PUT /1/185128/AUTH_afe588ce5e36492b94129e0538b6bb45/gnocchi.d233b664-04d7-4355-9340-740f2b109696/1764720000.0_mean_300.0_v3" 201 - "PUT http://[::1]:8080/3/112259/AUTH_afe588ce5e36492b94129e0538b6bb45/gnocchi.d233b664-04d7-4355-9340-740f2b109696/1764720000.0_mean_300.0_v3" "tx44a1c2cd36da4daaafdb5-00693cb69c" "object-server 97401" 0.0009 "-" 97096 0
Dec 12 19:43:08 np0005557753.novalocal object-server[97401]: ::1 - - [13/Dec/2025:00:43:08 +0000] "PUT /1/112259/AUTH_afe588ce5e36492b94129e0538b6bb45/gnocchi.d233b664-04d7-4355-9340-740f2b109696/1764720000.0_mean_300.0_v3" 201 - "PUT http://[::1]:8080/v1/AUTH_afe588ce5e36492b94129e0538b6bb45/gnocchi.d233b664-04d7-4355-9340-740f2b109696/1764720000.0_mean_300.0_v3" "tx44a1c2cd36da4daaafdb5-00693cb69c" "proxy-server 90180" 0.0176 "-" 97401 0
Dec 12 19:43:08 np0005557753.novalocal container-server[97098]: ::1 - - [13/Dec/2025:00:43:08 +0000] "PUT /2/185128/AUTH_afe588ce5e36492b94129e0538b6bb45/gnocchi.d233b664-04d7-4355-9340-740f2b109696/1764720000.0_mean_300.0_v3" 201 - "PUT http://[::1]:8080/2/112259/AUTH_afe588ce5e36492b94129e0538b6bb45/gnocchi.d233b664-04d7-4355-9340-740f2b109696/1764720000.0_mean_300.0_v3" "tx44a1c2cd36da4daaafdb5-00693cb69c" "object-server 97401" 0.0032 "-" 97098 0
Dec 12 19:43:08 np0005557753.novalocal object-server[97401]: ::1 - - [13/Dec/2025:00:43:08 +0000] "PUT /3/112259/AUTH_afe588ce5e36492b94129e0538b6bb45/gnocchi.d233b664-04d7-4355-9340-740f2b109696/1764720000.0_mean_300.0_v3" 201 - "PUT http://[::1]:8080/v1/AUTH_afe588ce5e36492b94129e0538b6bb45/gnocchi.d233b664-04d7-4355-9340-740f2b109696/1764720000.0_mean_300.0_v3" "tx44a1c2cd36da4daaafdb5-00693cb69c" "proxy-server 90180" 0.0165 "-" 97401 0
Dec 12 19:43:08 np0005557753.novalocal object-server[97399]: ::1 - - [13/Dec/2025:00:43:08 +0000] "GET /1/48557/AUTH_afe588ce5e36492b94129e0538b6bb45/gnocchi.5899a4e9-aa0a-4e6c-b16a-703ad8f267a9/1764720000.0_mean_300.0_v3" 404 70 "GET http://[::1]:8080/v1/AUTH_afe588ce5e36492b94129e0538b6bb45/gnocchi.5899a4e9-aa0a-4e6c-b16a-703ad8f267a9/1764720000.0_mean_300.0_v3" "tx474087bb64ac465b956cb-00693cb69c" "proxy-server 90180" 0.0003 "-" 97399 0
Dec 12 19:43:08 np0005557753.novalocal object-server[97401]: ::1 - - [13/Dec/2025:00:43:08 +0000] "PUT /2/112259/AUTH_afe588ce5e36492b94129e0538b6bb45/gnocchi.d233b664-04d7-4355-9340-740f2b109696/1764720000.0_mean_300.0_v3" 201 - "PUT http://[::1]:8080/v1/AUTH_afe588ce5e36492b94129e0538b6bb45/gnocchi.d233b664-04d7-4355-9340-740f2b109696/1764720000.0_mean_300.0_v3" "tx44a1c2cd36da4daaafdb5-00693cb69c" "proxy-server 90180" 0.0221 "-" 97401 0
Dec 12 19:43:08 np0005557753.novalocal proxy-server[90180]: ::1 ::1 13/Dec/2025/00/43/08 GET /v1/AUTH_afe588ce5e36492b94129e0538b6bb45/gnocchi.5899a4e9-aa0a-4e6c-b16a-703ad8f267a9/1764720000.0_mean_300.0_v3 HTTP/1.0 404 - python-swiftclient-4.2.0 gAAAAABpPLaCrEYT... - 70 - tx474087bb64ac465b956cb-00693cb69c - 0.0136 - - 1765586588.902769804 1765586588.916368723 0
Dec 12 19:43:08 np0005557753.novalocal proxy-server[90180]: ::1 ::1 13/Dec/2025/00/43/08 PUT /v1/AUTH_afe588ce5e36492b94129e0538b6bb45/gnocchi.d233b664-04d7-4355-9340-740f2b109696/1764720000.0_mean_300.0_v3 HTTP/1.0 201 - python-swiftclient-4.2.0 gAAAAABpPLaCpY4p... 16 - - tx44a1c2cd36da4daaafdb5-00693cb69c - 0.0300 - - 1765586588.887378693 1765586588.917374134 0
