Dec 12 19:42:44 np0005557753.novalocal account-server[96805]: ::1 - - [13/Dec/2025:00:42:44 +0000] "PUT /3/105149/AUTH_afe588ce5e36492b94129e0538b6bb45/gnocchi.ee7cc283-21e0-4b9a-8e3d-92b2d633b517" 201 - "PUT http://[::1]:6001/3/233251/AUTH_afe588ce5e36492b94129e0538b6bb45/gnocchi.ee7cc283-21e0-4b9a-8e3d-92b2d633b517" "txd5bc3128e2ee4ca69016d-00693cb684" "container-server 97099" 0.0095 "-" 96805 0
Dec 12 19:42:44 np0005557753.novalocal container-server[97099]: ::1 - - [13/Dec/2025:00:42:44 +0000] "GET /2/42614/AUTH_afe588ce5e36492b94129e0538b6bb45/gnocchi.1fe5b2c2-a804-47b4-9128-d3ea69008c69" 200 2 "GET http://[::1]:8080/v1/AUTH_afe588ce5e36492b94129e0538b6bb45/gnocchi.1fe5b2c2-a804-47b4-9128-d3ea69008c69?format=json&states=listing" "tx3bbb045228c94a6dbba8e-00693cb684" "proxy-server 90180" 0.0086 "-" 97099 0
Dec 12 19:42:44 np0005557753.novalocal container-server[97099]: ::1 - - [13/Dec/2025:00:42:44 +0000] "PUT /3/233251/AUTH_afe588ce5e36492b94129e0538b6bb45/gnocchi.ee7cc283-21e0-4b9a-8e3d-92b2d633b517" 201 - "PUT http://[::1]:8080/v1/AUTH_afe588ce5e36492b94129e0538b6bb45/gnocchi.ee7cc283-21e0-4b9a-8e3d-92b2d633b517" "txd5bc3128e2ee4ca69016d-00693cb684" "proxy-server 90180" 0.0354 "-" 97099 0
Dec 12 19:42:44 np0005557753.novalocal proxy-server[90180]: ::1 ::1 13/Dec/2025/00/42/44 GET /v1/AUTH_afe588ce5e36492b94129e0538b6bb45/gnocchi.1fe5b2c2-a804-47b4-9128-d3ea69008c69%3Fformat%3Djson%26states%3Dlisting HTTP/1.0 200 - python-swiftclient-4.2.0 gAAAAABpPLaCpY4p... - 2 - tx3bbb045228c94a6dbba8e-00693cb684 - 0.0389 - - 1765586564.544796467 1765586564.583675146 0
Dec 12 19:42:44 np0005557753.novalocal proxy-server[90180]: ::1 ::1 13/Dec/2025/00/42/44 PUT /v1/AUTH_afe588ce5e36492b94129e0538b6bb45/gnocchi.ee7cc283-21e0-4b9a-8e3d-92b2d633b517 HTTP/1.0 201 - python-swiftclient-4.2.0 gAAAAABpPLaCrEYT... - - - txd5bc3128e2ee4ca69016d-00693cb684 - 0.0521 - - 1765586564.537969589 1765586564.590058327 0
Dec 12 19:42:44 np0005557753.novalocal object-server[97401]: ::1 - - [13/Dec/2025:00:42:44 +0000] "GET /2/44558/AUTH_afe588ce5e36492b94129e0538b6bb45/gnocchi.1fe5b2c2-a804-47b4-9128-d3ea69008c69/1764720000.0_mean_300.0_v3" 404 70 "GET http://[::1]:8080/v1/AUTH_afe588ce5e36492b94129e0538b6bb45/gnocchi.1fe5b2c2-a804-47b4-9128-d3ea69008c69/1764720000.0_mean_300.0_v3" "tx5a07161d122e4c629cb95-00693cb684" "proxy-server 90180" 0.0004 "-" 97401 0
Dec 12 19:42:44 np0005557753.novalocal object-server[97402]: ::1 - - [13/Dec/2025:00:42:44 +0000] "GET /1/44558/AUTH_afe588ce5e36492b94129e0538b6bb45/gnocchi.1fe5b2c2-a804-47b4-9128-d3ea69008c69/1764720000.0_mean_300.0_v3" 404 70 "GET http://[::1]:8080/v1/AUTH_afe588ce5e36492b94129e0538b6bb45/gnocchi.1fe5b2c2-a804-47b4-9128-d3ea69008c69/1764720000.0_mean_300.0_v3" "tx5a07161d122e4c629cb95-00693cb684" "proxy-server 90180" 0.0005 "-" 97402 0
Dec 12 19:42:44 np0005557753.novalocal container-server[97097]: ::1 - - [13/Dec/2025:00:42:44 +0000] "HEAD /1/233251/AUTH_afe588ce5e36492b94129e0538b6bb45/gnocchi.ee7cc283-21e0-4b9a-8e3d-92b2d633b517" 204 - "HEAD http://[::1]:8080/v1/AUTH_afe588ce5e36492b94129e0538b6bb45/gnocchi.ee7cc283-21e0-4b9a-8e3d-92b2d633b517?format=json&states=listing" "tx4617333369134e8a844b1-00693cb684" "proxy-server 90180" 0.0023 "-" 97097 0
Dec 12 19:42:44 np0005557753.novalocal object-server[97401]: ::1 - - [13/Dec/2025:00:42:44 +0000] "GET /3/44558/AUTH_afe588ce5e36492b94129e0538b6bb45/gnocchi.1fe5b2c2-a804-47b4-9128-d3ea69008c69/1764720000.0_mean_300.0_v3" 404 70 "GET http://[::1]:8080/v1/AUTH_afe588ce5e36492b94129e0538b6bb45/gnocchi.1fe5b2c2-a804-47b4-9128-d3ea69008c69/1764720000.0_mean_300.0_v3" "tx5a07161d122e4c629cb95-00693cb684" "proxy-server 90180" 0.0004 "-" 97401 0
Dec 12 19:42:44 np0005557753.novalocal proxy-server[90180]: ::1 ::1 13/Dec/2025/00/42/44 GET /v1/AUTH_afe588ce5e36492b94129e0538b6bb45/gnocchi.1fe5b2c2-a804-47b4-9128-d3ea69008c69/1764720000.0_mean_300.0_v3 HTTP/1.0 404 - python-swiftclient-4.2.0 gAAAAABpPLaCpY4p... - 70 - tx5a07161d122e4c629cb95-00693cb684 - 0.0229 - - 1765586564.593671799 1765586564.616521835 0
Dec 12 19:42:44 np0005557753.novalocal container-server[97097]: ::1 - - [13/Dec/2025:00:42:44 +0000] "GET /2/233251/AUTH_afe588ce5e36492b94129e0538b6bb45/gnocchi.ee7cc283-21e0-4b9a-8e3d-92b2d633b517" 200 2 "GET http://[::1]:8080/v1/AUTH_afe588ce5e36492b94129e0538b6bb45/gnocchi.ee7cc283-21e0-4b9a-8e3d-92b2d633b517?format=json&states=listing" "tx4617333369134e8a844b1-00693cb684" "proxy-server 90180" 0.0028 "-" 97097 0
Dec 12 19:42:44 np0005557753.novalocal proxy-server[90180]: ::1 ::1 13/Dec/2025/00/42/44 GET /v1/AUTH_afe588ce5e36492b94129e0538b6bb45/gnocchi.ee7cc283-21e0-4b9a-8e3d-92b2d633b517%3Fformat%3Djson%26states%3Dlisting HTTP/1.0 200 - python-swiftclient-4.2.0 gAAAAABpPLaCrEYT... - 2 - tx4617333369134e8a844b1-00693cb684 - 0.0395 - - 1765586564.598060846 1765586564.637558937 0
Dec 12 19:42:44 np0005557753.novalocal object-server[97399]: ::1 - - [13/Dec/2025:00:42:44 +0000] "GET /3/216955/AUTH_afe588ce5e36492b94129e0538b6bb45/gnocchi.ee7cc283-21e0-4b9a-8e3d-92b2d633b517/1764720000.0_mean_300.0_v3" 404 70 "GET http://[::1]:8080/v1/AUTH_afe588ce5e36492b94129e0538b6bb45/gnocchi.ee7cc283-21e0-4b9a-8e3d-92b2d633b517/1764720000.0_mean_300.0_v3" "tx953314a82bc046aea0b24-00693cb684" "proxy-server 90180" 0.0003 "-" 97399 0
Dec 12 19:42:44 np0005557753.novalocal container-server[97096]: ::1 - - [13/Dec/2025:00:42:44 +0000] "PUT /3/42614/AUTH_afe588ce5e36492b94129e0538b6bb45/gnocchi.1fe5b2c2-a804-47b4-9128-d3ea69008c69/1764720000.0_mean_300.0_v3" 201 - "PUT http://[::1]:8080/1/44558/AUTH_afe588ce5e36492b94129e0538b6bb45/gnocchi.1fe5b2c2-a804-47b4-9128-d3ea69008c69/1764720000.0_mean_300.0_v3" "txe9c8df16e78d4d1196817-00693cb684" "object-server 97401" 0.0009 "-" 97096 0
Dec 12 19:42:44 np0005557753.novalocal container-server[97098]: ::1 - - [13/Dec/2025:00:42:44 +0000] "PUT /1/42614/AUTH_afe588ce5e36492b94129e0538b6bb45/gnocchi.1fe5b2c2-a804-47b4-9128-d3ea69008c69/1764720000.0_mean_300.0_v3" 201 - "PUT http://[::1]:8080/2/44558/AUTH_afe588ce5e36492b94129e0538b6bb45/gnocchi.1fe5b2c2-a804-47b4-9128-d3ea69008c69/1764720000.0_mean_300.0_v3" "txe9c8df16e78d4d1196817-00693cb684" "object-server 97399" 0.0012 "-" 97098 0
Dec 12 19:42:44 np0005557753.novalocal object-server[97399]: ::1 - - [13/Dec/2025:00:42:44 +0000] "PUT /2/44558/AUTH_afe588ce5e36492b94129e0538b6bb45/gnocchi.1fe5b2c2-a804-47b4-9128-d3ea69008c69/1764720000.0_mean_300.0_v3" 201 - "PUT http://[::1]:8080/v1/AUTH_afe588ce5e36492b94129e0538b6bb45/gnocchi.1fe5b2c2-a804-47b4-9128-d3ea69008c69/1764720000.0_mean_300.0_v3" "txe9c8df16e78d4d1196817-00693cb684" "proxy-server 90180" 0.0217 "-" 97399 0
Dec 12 19:42:44 np0005557753.novalocal object-server[97401]: ::1 - - [13/Dec/2025:00:42:44 +0000] "PUT /1/44558/AUTH_afe588ce5e36492b94129e0538b6bb45/gnocchi.1fe5b2c2-a804-47b4-9128-d3ea69008c69/1764720000.0_mean_300.0_v3" 201 - "PUT http://[::1]:8080/v1/AUTH_afe588ce5e36492b94129e0538b6bb45/gnocchi.1fe5b2c2-a804-47b4-9128-d3ea69008c69/1764720000.0_mean_300.0_v3" "txe9c8df16e78d4d1196817-00693cb684" "proxy-server 90180" 0.0212 "-" 97401 0
Dec 12 19:42:44 np0005557753.novalocal container-server[97098]: ::1 - - [13/Dec/2025:00:42:44 +0000] "PUT /2/42614/AUTH_afe588ce5e36492b94129e0538b6bb45/gnocchi.1fe5b2c2-a804-47b4-9128-d3ea69008c69/1764720000.0_mean_300.0_v3" 201 - "PUT http://[::1]:8080/3/44558/AUTH_afe588ce5e36492b94129e0538b6bb45/gnocchi.1fe5b2c2-a804-47b4-9128-d3ea69008c69/1764720000.0_mean_300.0_v3" "txe9c8df16e78d4d1196817-00693cb684" "object-server 97401" 0.0007 "-" 97098 0
Dec 12 19:42:44 np0005557753.novalocal object-server[97401]: ::1 - - [13/Dec/2025:00:42:44 +0000] "GET /1/216955/AUTH_afe588ce5e36492b94129e0538b6bb45/gnocchi.ee7cc283-21e0-4b9a-8e3d-92b2d633b517/1764720000.0_mean_300.0_v3" 404 70 "GET http://[::1]:8080/v1/AUTH_afe588ce5e36492b94129e0538b6bb45/gnocchi.ee7cc283-21e0-4b9a-8e3d-92b2d633b517/1764720000.0_mean_300.0_v3" "tx953314a82bc046aea0b24-00693cb684" "proxy-server 90180" 0.0007 "-" 97401 0
Dec 12 19:42:44 np0005557753.novalocal object-server[97401]: ::1 - - [13/Dec/2025:00:42:44 +0000] "PUT /3/44558/AUTH_afe588ce5e36492b94129e0538b6bb45/gnocchi.1fe5b2c2-a804-47b4-9128-d3ea69008c69/1764720000.0_mean_300.0_v3" 201 - "PUT http://[::1]:8080/v1/AUTH_afe588ce5e36492b94129e0538b6bb45/gnocchi.1fe5b2c2-a804-47b4-9128-d3ea69008c69/1764720000.0_mean_300.0_v3" "txe9c8df16e78d4d1196817-00693cb684" "proxy-server 90180" 0.0225 "-" 97401 0
Dec 12 19:42:44 np0005557753.novalocal object-server[97400]: ::1 - - [13/Dec/2025:00:42:44 +0000] "GET /2/216955/AUTH_afe588ce5e36492b94129e0538b6bb45/gnocchi.ee7cc283-21e0-4b9a-8e3d-92b2d633b517/1764720000.0_mean_300.0_v3" 404 70 "GET http://[::1]:8080/v1/AUTH_afe588ce5e36492b94129e0538b6bb45/gnocchi.ee7cc283-21e0-4b9a-8e3d-92b2d633b517/1764720000.0_mean_300.0_v3" "tx953314a82bc046aea0b24-00693cb684" "proxy-server 90180" 0.0003 "-" 97400 0
Dec 12 19:42:44 np0005557753.novalocal proxy-server[90180]: ::1 ::1 13/Dec/2025/00/42/44 PUT /v1/AUTH_afe588ce5e36492b94129e0538b6bb45/gnocchi.1fe5b2c2-a804-47b4-9128-d3ea69008c69/1764720000.0_mean_300.0_v3 HTTP/1.0 201 - python-swiftclient-4.2.0 gAAAAABpPLaCpY4p... 16 - - txe9c8df16e78d4d1196817-00693cb684 - 0.0363 - - 1765586564.622769117 1765586564.659051418 0
Dec 12 19:42:44 np0005557753.novalocal proxy-server[90180]: ::1 ::1 13/Dec/2025/00/42/44 GET /v1/AUTH_afe588ce5e36492b94129e0538b6bb45/gnocchi.ee7cc283-21e0-4b9a-8e3d-92b2d633b517/1764720000.0_mean_300.0_v3 HTTP/1.0 404 - python-swiftclient-4.2.0 gAAAAABpPLaCrEYT... - 70 - tx953314a82bc046aea0b24-00693cb684 - 0.0181 - - 1765586564.643419743 1765586564.661509275 0
Dec 12 19:42:44 np0005557753.novalocal container-server[97098]: ::1 - - [13/Dec/2025:00:42:44 +0000] "PUT /1/42614/AUTH_afe588ce5e36492b94129e0538b6bb45/gnocchi.1fe5b2c2-a804-47b4-9128-d3ea69008c69/none_v3" 201 - "PUT http://[::1]:8080/2/61336/AUTH_afe588ce5e36492b94129e0538b6bb45/gnocchi.1fe5b2c2-a804-47b4-9128-d3ea69008c69/none_v3" "tx94ed0805ccf141e7bcf41-00693cb684" "object-server 97400" 0.0014 "-" 97098 0
Dec 12 19:42:44 np0005557753.novalocal object-server[97400]: ::1 - - [13/Dec/2025:00:42:44 +0000] "PUT /2/61336/AUTH_afe588ce5e36492b94129e0538b6bb45/gnocchi.1fe5b2c2-a804-47b4-9128-d3ea69008c69/none_v3" 201 - "PUT http://[::1]:8080/v1/AUTH_afe588ce5e36492b94129e0538b6bb45/gnocchi.1fe5b2c2-a804-47b4-9128-d3ea69008c69/none_v3" "tx94ed0805ccf141e7bcf41-00693cb684" "proxy-server 90180" 0.0216 "-" 97400 0
Dec 12 19:42:44 np0005557753.novalocal container-server[97098]: ::1 - - [13/Dec/2025:00:42:44 +0000] "PUT /2/42614/AUTH_afe588ce5e36492b94129e0538b6bb45/gnocchi.1fe5b2c2-a804-47b4-9128-d3ea69008c69/none_v3" 201 - "PUT http://[::1]:8080/3/61336/AUTH_afe588ce5e36492b94129e0538b6bb45/gnocchi.1fe5b2c2-a804-47b4-9128-d3ea69008c69/none_v3" "tx94ed0805ccf141e7bcf41-00693cb684" "object-server 97402" 0.0005 "-" 97098 0
Dec 12 19:42:44 np0005557753.novalocal container-server[97096]: ::1 - - [13/Dec/2025:00:42:44 +0000] "PUT /3/233251/AUTH_afe588ce5e36492b94129e0538b6bb45/gnocchi.ee7cc283-21e0-4b9a-8e3d-92b2d633b517/1764720000.0_mean_300.0_v3" 201 - "PUT http://[::1]:8080/3/216955/AUTH_afe588ce5e36492b94129e0538b6bb45/gnocchi.ee7cc283-21e0-4b9a-8e3d-92b2d633b517/1764720000.0_mean_300.0_v3" "tx87d4702bcc66400bb7225-00693cb684" "object-server 97400" 0.0010 "-" 97096 0
Dec 12 19:42:44 np0005557753.novalocal object-server[97400]: ::1 - - [13/Dec/2025:00:42:44 +0000] "PUT /3/216955/AUTH_afe588ce5e36492b94129e0538b6bb45/gnocchi.ee7cc283-21e0-4b9a-8e3d-92b2d633b517/1764720000.0_mean_300.0_v3" 201 - "PUT http://[::1]:8080/v1/AUTH_afe588ce5e36492b94129e0538b6bb45/gnocchi.ee7cc283-21e0-4b9a-8e3d-92b2d633b517/1764720000.0_mean_300.0_v3" "tx87d4702bcc66400bb7225-00693cb684" "proxy-server 90180" 0.0177 "-" 97400 0
Dec 12 19:42:44 np0005557753.novalocal object-server[97402]: ::1 - - [13/Dec/2025:00:42:44 +0000] "PUT /3/61336/AUTH_afe588ce5e36492b94129e0538b6bb45/gnocchi.1fe5b2c2-a804-47b4-9128-d3ea69008c69/none_v3" 201 - "PUT http://[::1]:8080/v1/AUTH_afe588ce5e36492b94129e0538b6bb45/gnocchi.1fe5b2c2-a804-47b4-9128-d3ea69008c69/none_v3" "tx94ed0805ccf141e7bcf41-00693cb684" "proxy-server 90180" 0.0250 "-" 97402 0
Dec 12 19:42:44 np0005557753.novalocal container-server[97099]: ::1 - - [13/Dec/2025:00:42:44 +0000] "PUT /2/233251/AUTH_afe588ce5e36492b94129e0538b6bb45/gnocchi.ee7cc283-21e0-4b9a-8e3d-92b2d633b517/1764720000.0_mean_300.0_v3" 201 - "PUT http://[::1]:8080/2/216955/AUTH_afe588ce5e36492b94129e0538b6bb45/gnocchi.ee7cc283-21e0-4b9a-8e3d-92b2d633b517/1764720000.0_mean_300.0_v3" "tx87d4702bcc66400bb7225-00693cb684" "object-server 97399" 0.0010 "-" 97099 0
Dec 12 19:42:44 np0005557753.novalocal container-server[97097]: ::1 - - [13/Dec/2025:00:42:44 +0000] "PUT /1/233251/AUTH_afe588ce5e36492b94129e0538b6bb45/gnocchi.ee7cc283-21e0-4b9a-8e3d-92b2d633b517/1764720000.0_mean_300.0_v3" 201 - "PUT http://[::1]:8080/1/216955/AUTH_afe588ce5e36492b94129e0538b6bb45/gnocchi.ee7cc283-21e0-4b9a-8e3d-92b2d633b517/1764720000.0_mean_300.0_v3" "tx87d4702bcc66400bb7225-00693cb684" "object-server 97402" 0.0011 "-" 97097 0
Dec 12 19:42:44 np0005557753.novalocal object-server[97402]: ::1 - - [13/Dec/2025:00:42:44 +0000] "PUT /1/216955/AUTH_afe588ce5e36492b94129e0538b6bb45/gnocchi.ee7cc283-21e0-4b9a-8e3d-92b2d633b517/1764720000.0_mean_300.0_v3" 201 - "PUT http://[::1]:8080/v1/AUTH_afe588ce5e36492b94129e0538b6bb45/gnocchi.ee7cc283-21e0-4b9a-8e3d-92b2d633b517/1764720000.0_mean_300.0_v3" "tx87d4702bcc66400bb7225-00693cb684" "proxy-server 90180" 0.0239 "-" 97402 0
Dec 12 19:42:44 np0005557753.novalocal container-server[97099]: ::1 - - [13/Dec/2025:00:42:44 +0000] "PUT /3/42614/AUTH_afe588ce5e36492b94129e0538b6bb45/gnocchi.1fe5b2c2-a804-47b4-9128-d3ea69008c69/none_v3" 201 - "PUT http://[::1]:8080/1/61336/AUTH_afe588ce5e36492b94129e0538b6bb45/gnocchi.1fe5b2c2-a804-47b4-9128-d3ea69008c69/none_v3" "tx94ed0805ccf141e7bcf41-00693cb684" "object-server 97399" 0.0006 "-" 97099 0
Dec 12 19:42:44 np0005557753.novalocal object-server[97399]: ::1 - - [13/Dec/2025:00:42:44 +0000] "PUT /2/216955/AUTH_afe588ce5e36492b94129e0538b6bb45/gnocchi.ee7cc283-21e0-4b9a-8e3d-92b2d633b517/1764720000.0_mean_300.0_v3" 201 - "PUT http://[::1]:8080/v1/AUTH_afe588ce5e36492b94129e0538b6bb45/gnocchi.ee7cc283-21e0-4b9a-8e3d-92b2d633b517/1764720000.0_mean_300.0_v3" "tx87d4702bcc66400bb7225-00693cb684" "proxy-server 90180" 0.0202 "-" 97399 0
Dec 12 19:42:44 np0005557753.novalocal object-server[97399]: ::1 - - [13/Dec/2025:00:42:44 +0000] "PUT /1/61336/AUTH_afe588ce5e36492b94129e0538b6bb45/gnocchi.1fe5b2c2-a804-47b4-9128-d3ea69008c69/none_v3" 201 - "PUT http://[::1]:8080/v1/AUTH_afe588ce5e36492b94129e0538b6bb45/gnocchi.1fe5b2c2-a804-47b4-9128-d3ea69008c69/none_v3" "tx94ed0805ccf141e7bcf41-00693cb684" "proxy-server 90180" 0.0310 "-" 97399 0
Dec 12 19:42:44 np0005557753.novalocal proxy-server[90180]: ::1 ::1 13/Dec/2025/00/42/44 PUT /v1/AUTH_afe588ce5e36492b94129e0538b6bb45/gnocchi.ee7cc283-21e0-4b9a-8e3d-92b2d633b517/1764720000.0_mean_300.0_v3 HTTP/1.0 201 - python-swiftclient-4.2.0 gAAAAABpPLaCrEYT... 16 - - tx87d4702bcc66400bb7225-00693cb684 - 0.0380 - - 1765586564.668214560 1765586564.706228495 0
Dec 12 19:42:44 np0005557753.novalocal proxy-server[90180]: ::1 ::1 13/Dec/2025/00/42/44 PUT /v1/AUTH_afe588ce5e36492b94129e0538b6bb45/gnocchi.1fe5b2c2-a804-47b4-9128-d3ea69008c69/none_v3 HTTP/1.0 201 - python-swiftclient-4.2.0 gAAAAABpPLaCpY4p... 22 - - tx94ed0805ccf141e7bcf41-00693cb684 - 0.0516 - - 1765586564.662821770 1765586564.714432001 0
Dec 12 19:42:44 np0005557753.novalocal container-server[97096]: ::1 - - [13/Dec/2025:00:42:44 +0000] "PUT /2/233251/AUTH_afe588ce5e36492b94129e0538b6bb45/gnocchi.ee7cc283-21e0-4b9a-8e3d-92b2d633b517/none_v3" 201 - "PUT http://[::1]:8080/2/160655/AUTH_afe588ce5e36492b94129e0538b6bb45/gnocchi.ee7cc283-21e0-4b9a-8e3d-92b2d633b517/none_v3" "tx00b5d74f555c473c84791-00693cb684" "object-server 97401" 0.0009 "-" 97096 0
Dec 12 19:42:44 np0005557753.novalocal container-server[97099]: ::1 - - [13/Dec/2025:00:42:44 +0000] "PUT /3/233251/AUTH_afe588ce5e36492b94129e0538b6bb45/gnocchi.ee7cc283-21e0-4b9a-8e3d-92b2d633b517/none_v3" 201 - "PUT http://[::1]:8080/1/160655/AUTH_afe588ce5e36492b94129e0538b6bb45/gnocchi.ee7cc283-21e0-4b9a-8e3d-92b2d633b517/none_v3" "tx00b5d74f555c473c84791-00693cb684" "object-server 97400" 0.0009 "-" 97099 0
Dec 12 19:42:44 np0005557753.novalocal object-server[97401]: ::1 - - [13/Dec/2025:00:42:44 +0000] "PUT /2/160655/AUTH_afe588ce5e36492b94129e0538b6bb45/gnocchi.ee7cc283-21e0-4b9a-8e3d-92b2d633b517/none_v3" 201 - "PUT http://[::1]:8080/v1/AUTH_afe588ce5e36492b94129e0538b6bb45/gnocchi.ee7cc283-21e0-4b9a-8e3d-92b2d633b517/none_v3" "tx00b5d74f555c473c84791-00693cb684" "proxy-server 90180" 0.0176 "-" 97401 0
Dec 12 19:42:44 np0005557753.novalocal container-server[97099]: ::1 - - [13/Dec/2025:00:42:44 +0000] "PUT /1/233251/AUTH_afe588ce5e36492b94129e0538b6bb45/gnocchi.ee7cc283-21e0-4b9a-8e3d-92b2d633b517/none_v3" 201 - "PUT http://[::1]:8080/3/160655/AUTH_afe588ce5e36492b94129e0538b6bb45/gnocchi.ee7cc283-21e0-4b9a-8e3d-92b2d633b517/none_v3" "tx00b5d74f555c473c84791-00693cb684" "object-server 97402" 0.0006 "-" 97099 0
Dec 12 19:42:44 np0005557753.novalocal object-server[97400]: ::1 - - [13/Dec/2025:00:42:44 +0000] "PUT /1/160655/AUTH_afe588ce5e36492b94129e0538b6bb45/gnocchi.ee7cc283-21e0-4b9a-8e3d-92b2d633b517/none_v3" 201 - "PUT http://[::1]:8080/v1/AUTH_afe588ce5e36492b94129e0538b6bb45/gnocchi.ee7cc283-21e0-4b9a-8e3d-92b2d633b517/none_v3" "tx00b5d74f555c473c84791-00693cb684" "proxy-server 90180" 0.0231 "-" 97400 0
Dec 12 19:42:44 np0005557753.novalocal object-server[97402]: ::1 - - [13/Dec/2025:00:42:44 +0000] "PUT /3/160655/AUTH_afe588ce5e36492b94129e0538b6bb45/gnocchi.ee7cc283-21e0-4b9a-8e3d-92b2d633b517/none_v3" 201 - "PUT http://[::1]:8080/v1/AUTH_afe588ce5e36492b94129e0538b6bb45/gnocchi.ee7cc283-21e0-4b9a-8e3d-92b2d633b517/none_v3" "tx00b5d74f555c473c84791-00693cb684" "proxy-server 90180" 0.0204 "-" 97402 0
Dec 12 19:42:44 np0005557753.novalocal proxy-server[90180]: ::1 ::1 13/Dec/2025/00/42/44 PUT /v1/AUTH_afe588ce5e36492b94129e0538b6bb45/gnocchi.ee7cc283-21e0-4b9a-8e3d-92b2d633b517/none_v3 HTTP/1.0 201 - python-swiftclient-4.2.0 gAAAAABpPLaCrEYT... 22 - - tx00b5d74f555c473c84791-00693cb684 - 0.0350 - - 1765586564.717318058 1765586564.752277136 0
Dec 12 19:42:44 np0005557753.novalocal container-server[97096]: ::1 - - [13/Dec/2025:00:42:44 +0000] "HEAD /3/131670/AUTH_afe588ce5e36492b94129e0538b6bb45/gnocchi.1e4918c7-ad24-4838-a2df-59c6d515b970" 404 - "HEAD http://[::1]:8080/v1/AUTH_afe588ce5e36492b94129e0538b6bb45/gnocchi.1e4918c7-ad24-4838-a2df-59c6d515b970?format=json&states=listing" "tx2726a96a29924ba499059-00693cb684" "proxy-server 90180" 0.0005 "-" 97096 0
Dec 12 19:42:44 np0005557753.novalocal container-server[97099]: ::1 - - [13/Dec/2025:00:42:44 +0000] "HEAD /1/131670/AUTH_afe588ce5e36492b94129e0538b6bb45/gnocchi.1e4918c7-ad24-4838-a2df-59c6d515b970" 404 - "HEAD http://[::1]:8080/v1/AUTH_afe588ce5e36492b94129e0538b6bb45/gnocchi.1e4918c7-ad24-4838-a2df-59c6d515b970?format=json&states=listing" "tx2726a96a29924ba499059-00693cb684" "proxy-server 90180" 0.0007 "-" 97099 0
Dec 12 19:42:44 np0005557753.novalocal container-server[97099]: ::1 - - [13/Dec/2025:00:42:44 +0000] "HEAD /3/17543/AUTH_afe588ce5e36492b94129e0538b6bb45/gnocchi.6ae32a71-afa6-4c20-a94a-b232d2e33b1a" 404 - "HEAD http://[::1]:8080/v1/AUTH_afe588ce5e36492b94129e0538b6bb45/gnocchi.6ae32a71-afa6-4c20-a94a-b232d2e33b1a?format=json&states=listing" "txfd86f43d41c14b58beb5a-00693cb684" "proxy-server 90180" 0.0004 "-" 97099 0
Dec 12 19:42:44 np0005557753.novalocal container-server[97098]: ::1 - - [13/Dec/2025:00:42:44 +0000] "HEAD /2/131670/AUTH_afe588ce5e36492b94129e0538b6bb45/gnocchi.1e4918c7-ad24-4838-a2df-59c6d515b970" 404 - "HEAD http://[::1]:8080/v1/AUTH_afe588ce5e36492b94129e0538b6bb45/gnocchi.1e4918c7-ad24-4838-a2df-59c6d515b970?format=json&states=listing" "tx2726a96a29924ba499059-00693cb684" "proxy-server 90180" 0.0006 "-" 97098 0
Dec 12 19:42:44 np0005557753.novalocal container-server[97099]: ::1 - - [13/Dec/2025:00:42:44 +0000] "HEAD /1/17543/AUTH_afe588ce5e36492b94129e0538b6bb45/gnocchi.6ae32a71-afa6-4c20-a94a-b232d2e33b1a" 404 - "HEAD http://[::1]:8080/v1/AUTH_afe588ce5e36492b94129e0538b6bb45/gnocchi.6ae32a71-afa6-4c20-a94a-b232d2e33b1a?format=json&states=listing" "txfd86f43d41c14b58beb5a-00693cb684" "proxy-server 90180" 0.0004 "-" 97099 0
Dec 12 19:42:44 np0005557753.novalocal object-server[97402]: ::1 - - [13/Dec/2025:00:42:44 +0000] "GET /2/204327/AUTH_afe588ce5e36492b94129e0538b6bb45/gnocchi.1e4918c7-ad24-4838-a2df-59c6d515b970/none_v3" 404 70 "GET http://[::1]:8080/v1/AUTH_afe588ce5e36492b94129e0538b6bb45/gnocchi.1e4918c7-ad24-4838-a2df-59c6d515b970/none_v3" "tx2726a96a29924ba499059-00693cb684" "proxy-server 90180" 0.0006 "-" 97402 0
Dec 12 19:42:44 np0005557753.novalocal container-server[97096]: ::1 - - [13/Dec/2025:00:42:44 +0000] "HEAD /2/17543/AUTH_afe588ce5e36492b94129e0538b6bb45/gnocchi.6ae32a71-afa6-4c20-a94a-b232d2e33b1a" 404 - "HEAD http://[::1]:8080/v1/AUTH_afe588ce5e36492b94129e0538b6bb45/gnocchi.6ae32a71-afa6-4c20-a94a-b232d2e33b1a?format=json&states=listing" "txfd86f43d41c14b58beb5a-00693cb684" "proxy-server 90180" 0.0007 "-" 97096 0
Dec 12 19:42:44 np0005557753.novalocal object-server[97399]: ::1 - - [13/Dec/2025:00:42:44 +0000] "GET /3/204327/AUTH_afe588ce5e36492b94129e0538b6bb45/gnocchi.1e4918c7-ad24-4838-a2df-59c6d515b970/none_v3" 404 70 "GET http://[::1]:8080/v1/AUTH_afe588ce5e36492b94129e0538b6bb45/gnocchi.1e4918c7-ad24-4838-a2df-59c6d515b970/none_v3" "tx2726a96a29924ba499059-00693cb684" "proxy-server 90180" 0.0005 "-" 97399 0
Dec 12 19:42:44 np0005557753.novalocal object-server[97402]: ::1 - - [13/Dec/2025:00:42:44 +0000] "GET /2/17901/AUTH_afe588ce5e36492b94129e0538b6bb45/gnocchi.6ae32a71-afa6-4c20-a94a-b232d2e33b1a/none_v3" 404 70 "GET http://[::1]:8080/v1/AUTH_afe588ce5e36492b94129e0538b6bb45/gnocchi.6ae32a71-afa6-4c20-a94a-b232d2e33b1a/none_v3" "txfd86f43d41c14b58beb5a-00693cb684" "proxy-server 90180" 0.0003 "-" 97402 0
Dec 12 19:42:44 np0005557753.novalocal object-server[97400]: ::1 - - [13/Dec/2025:00:42:44 +0000] "GET /1/204327/AUTH_afe588ce5e36492b94129e0538b6bb45/gnocchi.1e4918c7-ad24-4838-a2df-59c6d515b970/none_v3" 404 70 "GET http://[::1]:8080/v1/AUTH_afe588ce5e36492b94129e0538b6bb45/gnocchi.1e4918c7-ad24-4838-a2df-59c6d515b970/none_v3" "tx2726a96a29924ba499059-00693cb684" "proxy-server 90180" 0.0004 "-" 97400 0
Dec 12 19:42:44 np0005557753.novalocal object-server[97400]: ::1 - - [13/Dec/2025:00:42:44 +0000] "GET /1/17901/AUTH_afe588ce5e36492b94129e0538b6bb45/gnocchi.6ae32a71-afa6-4c20-a94a-b232d2e33b1a/none_v3" 404 70 "GET http://[::1]:8080/v1/AUTH_afe588ce5e36492b94129e0538b6bb45/gnocchi.6ae32a71-afa6-4c20-a94a-b232d2e33b1a/none_v3" "txfd86f43d41c14b58beb5a-00693cb684" "proxy-server 90180" 0.0003 "-" 97400 0
Dec 12 19:42:44 np0005557753.novalocal proxy-server[90180]: ::1 ::1 13/Dec/2025/00/42/44 GET /v1/AUTH_afe588ce5e36492b94129e0538b6bb45/gnocchi.1e4918c7-ad24-4838-a2df-59c6d515b970/none_v3 HTTP/1.0 404 - python-swiftclient-4.2.0 gAAAAABpPLaCpY4p... - 70 - tx2726a96a29924ba499059-00693cb684 - 0.0373 - - 1765586564.764107466 1765586564.801415205 0
Dec 12 19:42:44 np0005557753.novalocal object-server[97400]: ::1 - - [13/Dec/2025:00:42:44 +0000] "GET /3/17901/AUTH_afe588ce5e36492b94129e0538b6bb45/gnocchi.6ae32a71-afa6-4c20-a94a-b232d2e33b1a/none_v3" 404 70 "GET http://[::1]:8080/v1/AUTH_afe588ce5e36492b94129e0538b6bb45/gnocchi.6ae32a71-afa6-4c20-a94a-b232d2e33b1a/none_v3" "txfd86f43d41c14b58beb5a-00693cb684" "proxy-server 90180" 0.0005 "-" 97400 0
Dec 12 19:42:44 np0005557753.novalocal proxy-server[90180]: ::1 ::1 13/Dec/2025/00/42/44 GET /v1/AUTH_afe588ce5e36492b94129e0538b6bb45/gnocchi.6ae32a71-afa6-4c20-a94a-b232d2e33b1a/none_v3 HTTP/1.0 404 - python-swiftclient-4.2.0 gAAAAABpPLaCrEYT... - 70 - txfd86f43d41c14b58beb5a-00693cb684 - 0.0333 - - 1765586564.774313688 1765586564.807586908 0
Dec 12 19:42:44 np0005557753.novalocal account-server[96802]: ::1 - - [13/Dec/2025:00:42:44 +0000] "PUT /3/105149/AUTH_afe588ce5e36492b94129e0538b6bb45/gnocchi.6ae32a71-afa6-4c20-a94a-b232d2e33b1a" 201 - "PUT http://[::1]:6001/1/17543/AUTH_afe588ce5e36492b94129e0538b6bb45/gnocchi.6ae32a71-afa6-4c20-a94a-b232d2e33b1a" "tx167e74edd72f4de6bb0a2-00693cb684" "container-server 97097" 0.0058 "-" 96802 0
Dec 12 19:42:44 np0005557753.novalocal container-server[97097]: ::1 - - [13/Dec/2025:00:42:44 +0000] "PUT /1/17543/AUTH_afe588ce5e36492b94129e0538b6bb45/gnocchi.6ae32a71-afa6-4c20-a94a-b232d2e33b1a" 201 - "PUT http://[::1]:8080/v1/AUTH_afe588ce5e36492b94129e0538b6bb45/gnocchi.6ae32a71-afa6-4c20-a94a-b232d2e33b1a" "tx167e74edd72f4de6bb0a2-00693cb684" "proxy-server 90180" 0.0337 "-" 97097 0
Dec 12 19:42:44 np0005557753.novalocal account-server[96803]: ::1 - - [13/Dec/2025:00:42:44 +0000] "PUT /1/105149/AUTH_afe588ce5e36492b94129e0538b6bb45/gnocchi.6ae32a71-afa6-4c20-a94a-b232d2e33b1a" 201 - "PUT http://[::1]:6001/2/17543/AUTH_afe588ce5e36492b94129e0538b6bb45/gnocchi.6ae32a71-afa6-4c20-a94a-b232d2e33b1a" "tx167e74edd72f4de6bb0a2-00693cb684" "container-server 97097" 0.0055 "-" 96803 0
Dec 12 19:42:44 np0005557753.novalocal container-server[97097]: ::1 - - [13/Dec/2025:00:42:44 +0000] "PUT /2/17543/AUTH_afe588ce5e36492b94129e0538b6bb45/gnocchi.6ae32a71-afa6-4c20-a94a-b232d2e33b1a" 201 - "PUT http://[::1]:8080/v1/AUTH_afe588ce5e36492b94129e0538b6bb45/gnocchi.6ae32a71-afa6-4c20-a94a-b232d2e33b1a" "tx167e74edd72f4de6bb0a2-00693cb684" "proxy-server 90180" 0.0212 "-" 97097 0
Dec 12 19:42:44 np0005557753.novalocal account-server[96803]: ::1 - - [13/Dec/2025:00:42:44 +0000] "PUT /1/105149/AUTH_afe588ce5e36492b94129e0538b6bb45/gnocchi.1e4918c7-ad24-4838-a2df-59c6d515b970" 201 - "PUT http://[::1]:6001/2/131670/AUTH_afe588ce5e36492b94129e0538b6bb45/gnocchi.1e4918c7-ad24-4838-a2df-59c6d515b970" "txd3b4fc62431d4729b88dc-00693cb684" "container-server 97096" 0.0043 "-" 96803 0
Dec 12 19:42:44 np0005557753.novalocal container-server[97096]: ::1 - - [13/Dec/2025:00:42:44 +0000] "PUT /2/131670/AUTH_afe588ce5e36492b94129e0538b6bb45/gnocchi.1e4918c7-ad24-4838-a2df-59c6d515b970" 201 - "PUT http://[::1]:8080/v1/AUTH_afe588ce5e36492b94129e0538b6bb45/gnocchi.1e4918c7-ad24-4838-a2df-59c6d515b970" "txd3b4fc62431d4729b88dc-00693cb684" "proxy-server 90180" 0.0787 "-" 97096 0
Dec 12 19:42:44 np0005557753.novalocal account-server[96804]: ::1 - - [13/Dec/2025:00:42:44 +0000] "PUT /2/105149/AUTH_afe588ce5e36492b94129e0538b6bb45/gnocchi.1e4918c7-ad24-4838-a2df-59c6d515b970" 201 - "PUT http://[::1]:6001/3/131670/AUTH_afe588ce5e36492b94129e0538b6bb45/gnocchi.1e4918c7-ad24-4838-a2df-59c6d515b970" "txd3b4fc62431d4729b88dc-00693cb684" "container-server 97096" 0.0061 "-" 96804 0
Dec 12 19:42:44 np0005557753.novalocal container-server[97096]: ::1 - - [13/Dec/2025:00:42:44 +0000] "PUT /3/131670/AUTH_afe588ce5e36492b94129e0538b6bb45/gnocchi.1e4918c7-ad24-4838-a2df-59c6d515b970" 201 - "PUT http://[::1]:8080/v1/AUTH_afe588ce5e36492b94129e0538b6bb45/gnocchi.1e4918c7-ad24-4838-a2df-59c6d515b970" "txd3b4fc62431d4729b88dc-00693cb684" "proxy-server 90180" 0.0629 "-" 97096 0
Dec 12 19:42:44 np0005557753.novalocal account-server[96805]: ::1 - - [13/Dec/2025:00:42:44 +0000] "PUT /3/105149/AUTH_afe588ce5e36492b94129e0538b6bb45/gnocchi.1e4918c7-ad24-4838-a2df-59c6d515b970" 201 - "PUT http://[::1]:6001/1/131670/AUTH_afe588ce5e36492b94129e0538b6bb45/gnocchi.1e4918c7-ad24-4838-a2df-59c6d515b970" "txd3b4fc62431d4729b88dc-00693cb684" "container-server 97096" 0.0052 "-" 96805 0
Dec 12 19:42:44 np0005557753.novalocal container-server[97096]: ::1 - - [13/Dec/2025:00:42:44 +0000] "PUT /1/131670/AUTH_afe588ce5e36492b94129e0538b6bb45/gnocchi.1e4918c7-ad24-4838-a2df-59c6d515b970" 201 - "PUT http://[::1]:8080/v1/AUTH_afe588ce5e36492b94129e0538b6bb45/gnocchi.1e4918c7-ad24-4838-a2df-59c6d515b970" "txd3b4fc62431d4729b88dc-00693cb684" "proxy-server 90180" 0.0475 "-" 97096 0
Dec 12 19:42:44 np0005557753.novalocal proxy-server[90180]: ::1 ::1 13/Dec/2025/00/42/44 PUT /v1/AUTH_afe588ce5e36492b94129e0538b6bb45/gnocchi.1e4918c7-ad24-4838-a2df-59c6d515b970 HTTP/1.0 201 - python-swiftclient-4.2.0 gAAAAABpPLaCpY4p... - - - txd3b4fc62431d4729b88dc-00693cb684 - 0.1008 - - 1765586564.806446791 1765586564.907292843 0
Dec 12 19:42:44 np0005557753.novalocal account-server[96802]: ::1 - - [13/Dec/2025:00:42:44 +0000] "PUT /2/105149/AUTH_afe588ce5e36492b94129e0538b6bb45/gnocchi.6ae32a71-afa6-4c20-a94a-b232d2e33b1a" 201 - "PUT http://[::1]:6001/3/17543/AUTH_afe588ce5e36492b94129e0538b6bb45/gnocchi.6ae32a71-afa6-4c20-a94a-b232d2e33b1a" "tx167e74edd72f4de6bb0a2-00693cb684" "container-server 97096" 0.0185 "-" 96802 0
Dec 12 19:42:44 np0005557753.novalocal container-server[97096]: ::1 - - [13/Dec/2025:00:42:44 +0000] "PUT /3/17543/AUTH_afe588ce5e36492b94129e0538b6bb45/gnocchi.6ae32a71-afa6-4c20-a94a-b232d2e33b1a" 201 - "PUT http://[::1]:8080/v1/AUTH_afe588ce5e36492b94129e0538b6bb45/gnocchi.6ae32a71-afa6-4c20-a94a-b232d2e33b1a" "tx167e74edd72f4de6bb0a2-00693cb684" "proxy-server 90180" 0.0294 "-" 97096 0
Dec 12 19:42:44 np0005557753.novalocal proxy-server[90180]: ::1 ::1 13/Dec/2025/00/42/44 PUT /v1/AUTH_afe588ce5e36492b94129e0538b6bb45/gnocchi.6ae32a71-afa6-4c20-a94a-b232d2e33b1a HTTP/1.0 201 - python-swiftclient-4.2.0 gAAAAABpPLaCrEYT... - - - tx167e74edd72f4de6bb0a2-00693cb684 - 0.1025 - - 1765586564.814825296 1765586564.917300463 0
Dec 12 19:42:44 np0005557753.novalocal container-server[97098]: ::1 - - [13/Dec/2025:00:42:44 +0000] "HEAD /1/131670/AUTH_afe588ce5e36492b94129e0538b6bb45/gnocchi.1e4918c7-ad24-4838-a2df-59c6d515b970" 204 - "HEAD http://[::1]:8080/v1/AUTH_afe588ce5e36492b94129e0538b6bb45/gnocchi.1e4918c7-ad24-4838-a2df-59c6d515b970?format=json&states=listing" "tx92337ce153ba400ba8667-00693cb684" "proxy-server 90180" 0.0024 "-" 97098 0
Dec 12 19:42:44 np0005557753.novalocal container-server[97099]: ::1 - - [13/Dec/2025:00:42:44 +0000] "GET /3/131670/AUTH_afe588ce5e36492b94129e0538b6bb45/gnocchi.1e4918c7-ad24-4838-a2df-59c6d515b970" 200 2 "GET http://[::1]:8080/v1/AUTH_afe588ce5e36492b94129e0538b6bb45/gnocchi.1e4918c7-ad24-4838-a2df-59c6d515b970?format=json&states=listing" "tx92337ce153ba400ba8667-00693cb684" "proxy-server 90180" 0.0045 "-" 97099 0
Dec 12 19:42:44 np0005557753.novalocal container-server[97096]: ::1 - - [13/Dec/2025:00:42:44 +0000] "HEAD /3/17543/AUTH_afe588ce5e36492b94129e0538b6bb45/gnocchi.6ae32a71-afa6-4c20-a94a-b232d2e33b1a" 204 - "HEAD http://[::1]:8080/v1/AUTH_afe588ce5e36492b94129e0538b6bb45/gnocchi.6ae32a71-afa6-4c20-a94a-b232d2e33b1a?format=json&states=listing" "tx208a1a652c0b46a0873a9-00693cb684" "proxy-server 90180" 0.0028 "-" 97096 0
Dec 12 19:42:44 np0005557753.novalocal proxy-server[90180]: ::1 ::1 13/Dec/2025/00/42/44 GET /v1/AUTH_afe588ce5e36492b94129e0538b6bb45/gnocchi.1e4918c7-ad24-4838-a2df-59c6d515b970%3Fformat%3Djson%26states%3Dlisting HTTP/1.0 200 - python-swiftclient-4.2.0 gAAAAABpPLaCpY4p... - 2 - tx92337ce153ba400ba8667-00693cb684 - 0.0250 - - 1765586564.912623405 1765586564.937653065 0
Dec 12 19:42:44 np0005557753.novalocal container-server[97097]: ::1 - - [13/Dec/2025:00:42:44 +0000] "GET /3/17543/AUTH_afe588ce5e36492b94129e0538b6bb45/gnocchi.6ae32a71-afa6-4c20-a94a-b232d2e33b1a" 200 2 "GET http://[::1]:8080/v1/AUTH_afe588ce5e36492b94129e0538b6bb45/gnocchi.6ae32a71-afa6-4c20-a94a-b232d2e33b1a?format=json&states=listing" "tx208a1a652c0b46a0873a9-00693cb684" "proxy-server 90180" 0.0034 "-" 97097 0
Dec 12 19:42:44 np0005557753.novalocal object-server[97400]: ::1 - - [13/Dec/2025:00:42:44 +0000] "GET /1/155606/AUTH_afe588ce5e36492b94129e0538b6bb45/gnocchi.1e4918c7-ad24-4838-a2df-59c6d515b970/1764720000.0_mean_300.0_v3" 404 70 "GET http://[::1]:8080/v1/AUTH_afe588ce5e36492b94129e0538b6bb45/gnocchi.1e4918c7-ad24-4838-a2df-59c6d515b970/1764720000.0_mean_300.0_v3" "txb2c847fd94db4ec1a6f43-00693cb684" "proxy-server 90180" 0.0005 "-" 97400 0
Dec 12 19:42:44 np0005557753.novalocal proxy-server[90180]: ::1 ::1 13/Dec/2025/00/42/44 GET /v1/AUTH_afe588ce5e36492b94129e0538b6bb45/gnocchi.6ae32a71-afa6-4c20-a94a-b232d2e33b1a%3Fformat%3Djson%26states%3Dlisting HTTP/1.0 200 - python-swiftclient-4.2.0 gAAAAABpPLaCrEYT... - 2 - tx208a1a652c0b46a0873a9-00693cb684 - 0.0258 - - 1765586564.925642490 1765586564.951421022 0
Dec 12 19:42:44 np0005557753.novalocal object-server[97402]: ::1 - - [13/Dec/2025:00:42:44 +0000] "GET /3/155606/AUTH_afe588ce5e36492b94129e0538b6bb45/gnocchi.1e4918c7-ad24-4838-a2df-59c6d515b970/1764720000.0_mean_300.0_v3" 404 70 "GET http://[::1]:8080/v1/AUTH_afe588ce5e36492b94129e0538b6bb45/gnocchi.1e4918c7-ad24-4838-a2df-59c6d515b970/1764720000.0_mean_300.0_v3" "txb2c847fd94db4ec1a6f43-00693cb684" "proxy-server 90180" 0.0007 "-" 97402 0
Dec 12 19:42:44 np0005557753.novalocal object-server[97399]: ::1 - - [13/Dec/2025:00:42:44 +0000] "GET /2/155606/AUTH_afe588ce5e36492b94129e0538b6bb45/gnocchi.1e4918c7-ad24-4838-a2df-59c6d515b970/1764720000.0_mean_300.0_v3" 404 70 "GET http://[::1]:8080/v1/AUTH_afe588ce5e36492b94129e0538b6bb45/gnocchi.1e4918c7-ad24-4838-a2df-59c6d515b970/1764720000.0_mean_300.0_v3" "txb2c847fd94db4ec1a6f43-00693cb684" "proxy-server 90180" 0.0004 "-" 97399 0
Dec 12 19:42:44 np0005557753.novalocal object-server[97399]: ::1 - - [13/Dec/2025:00:42:44 +0000] "GET /3/1051/AUTH_afe588ce5e36492b94129e0538b6bb45/gnocchi.6ae32a71-afa6-4c20-a94a-b232d2e33b1a/1764720000.0_mean_300.0_v3" 404 70 "GET http://[::1]:8080/v1/AUTH_afe588ce5e36492b94129e0538b6bb45/gnocchi.6ae32a71-afa6-4c20-a94a-b232d2e33b1a/1764720000.0_mean_300.0_v3" "tx7f3674672dd14a6192df0-00693cb684" "proxy-server 90180" 0.0002 "-" 97399 0
Dec 12 19:42:44 np0005557753.novalocal proxy-server[90180]: ::1 ::1 13/Dec/2025/00/42/44 GET /v1/AUTH_afe588ce5e36492b94129e0538b6bb45/gnocchi.1e4918c7-ad24-4838-a2df-59c6d515b970/1764720000.0_mean_300.0_v3 HTTP/1.0 404 - python-swiftclient-4.2.0 gAAAAABpPLaCpY4p... - 70 - txb2c847fd94db4ec1a6f43-00693cb684 - 0.0250 - - 1765586564.943414927 1765586564.968411922 0
Dec 12 19:42:44 np0005557753.novalocal object-server[97400]: ::1 - - [13/Dec/2025:00:42:44 +0000] "GET /2/1051/AUTH_afe588ce5e36492b94129e0538b6bb45/gnocchi.6ae32a71-afa6-4c20-a94a-b232d2e33b1a/1764720000.0_mean_300.0_v3" 404 70 "GET http://[::1]:8080/v1/AUTH_afe588ce5e36492b94129e0538b6bb45/gnocchi.6ae32a71-afa6-4c20-a94a-b232d2e33b1a/1764720000.0_mean_300.0_v3" "tx7f3674672dd14a6192df0-00693cb684" "proxy-server 90180" 0.0003 "-" 97400 0
Dec 12 19:42:44 np0005557753.novalocal object-server[97400]: ::1 - - [13/Dec/2025:00:42:44 +0000] "GET /1/1051/AUTH_afe588ce5e36492b94129e0538b6bb45/gnocchi.6ae32a71-afa6-4c20-a94a-b232d2e33b1a/1764720000.0_mean_300.0_v3" 404 70 "GET http://[::1]:8080/v1/AUTH_afe588ce5e36492b94129e0538b6bb45/gnocchi.6ae32a71-afa6-4c20-a94a-b232d2e33b1a/1764720000.0_mean_300.0_v3" "tx7f3674672dd14a6192df0-00693cb684" "proxy-server 90180" 0.0002 "-" 97400 0
Dec 12 19:42:44 np0005557753.novalocal proxy-server[90180]: ::1 ::1 13/Dec/2025/00/42/44 GET /v1/AUTH_afe588ce5e36492b94129e0538b6bb45/gnocchi.6ae32a71-afa6-4c20-a94a-b232d2e33b1a/1764720000.0_mean_300.0_v3 HTTP/1.0 404 - python-swiftclient-4.2.0 gAAAAABpPLaCrEYT... - 70 - tx7f3674672dd14a6192df0-00693cb684 - 0.0245 - - 1765586564.957880020 1765586564.982394934 0
Dec 12 19:42:44 np0005557753.novalocal container-server[97098]: ::1 - - [13/Dec/2025:00:42:44 +0000] "PUT /3/131670/AUTH_afe588ce5e36492b94129e0538b6bb45/gnocchi.1e4918c7-ad24-4838-a2df-59c6d515b970/1764720000.0_mean_300.0_v3" 201 - "PUT http://[::1]:8080/1/155606/AUTH_afe588ce5e36492b94129e0538b6bb45/gnocchi.1e4918c7-ad24-4838-a2df-59c6d515b970/1764720000.0_mean_300.0_v3" "tx1f99abe8ca6b40e7b1ee7-00693cb684" "object-server 97401" 0.0010 "-" 97098 0
Dec 12 19:42:44 np0005557753.novalocal object-server[97401]: ::1 - - [13/Dec/2025:00:42:44 +0000] "PUT /1/155606/AUTH_afe588ce5e36492b94129e0538b6bb45/gnocchi.1e4918c7-ad24-4838-a2df-59c6d515b970/1764720000.0_mean_300.0_v3" 201 - "PUT http://[::1]:8080/v1/AUTH_afe588ce5e36492b94129e0538b6bb45/gnocchi.1e4918c7-ad24-4838-a2df-59c6d515b970/1764720000.0_mean_300.0_v3" "tx1f99abe8ca6b40e7b1ee7-00693cb684" "proxy-server 90180" 0.0161 "-" 97401 0
Dec 12 19:42:44 np0005557753.novalocal container-server[97096]: ::1 - - [13/Dec/2025:00:42:44 +0000] "PUT /2/131670/AUTH_afe588ce5e36492b94129e0538b6bb45/gnocchi.1e4918c7-ad24-4838-a2df-59c6d515b970/1764720000.0_mean_300.0_v3" 201 - "PUT http://[::1]:8080/3/155606/AUTH_afe588ce5e36492b94129e0538b6bb45/gnocchi.1e4918c7-ad24-4838-a2df-59c6d515b970/1764720000.0_mean_300.0_v3" "tx1f99abe8ca6b40e7b1ee7-00693cb684" "object-server 97399" 0.0008 "-" 97096 0
Dec 12 19:42:45 np0005557753.novalocal container-server[97097]: ::1 - - [13/Dec/2025:00:42:45 +0000] "PUT /1/131670/AUTH_afe588ce5e36492b94129e0538b6bb45/gnocchi.1e4918c7-ad24-4838-a2df-59c6d515b970/1764720000.0_mean_300.0_v3" 201 - "PUT http://[::1]:8080/2/155606/AUTH_afe588ce5e36492b94129e0538b6bb45/gnocchi.1e4918c7-ad24-4838-a2df-59c6d515b970/1764720000.0_mean_300.0_v3" "tx1f99abe8ca6b40e7b1ee7-00693cb684" "object-server 97399" 0.0008 "-" 97097 0
Dec 12 19:42:45 np0005557753.novalocal object-server[97399]: ::1 - - [13/Dec/2025:00:42:45 +0000] "PUT /3/155606/AUTH_afe588ce5e36492b94129e0538b6bb45/gnocchi.1e4918c7-ad24-4838-a2df-59c6d515b970/1764720000.0_mean_300.0_v3" 201 - "PUT http://[::1]:8080/v1/AUTH_afe588ce5e36492b94129e0538b6bb45/gnocchi.1e4918c7-ad24-4838-a2df-59c6d515b970/1764720000.0_mean_300.0_v3" "tx1f99abe8ca6b40e7b1ee7-00693cb684" "proxy-server 90180" 0.0221 "-" 97399 0
Dec 12 19:42:45 np0005557753.novalocal object-server[97399]: ::1 - - [13/Dec/2025:00:42:45 +0000] "PUT /2/155606/AUTH_afe588ce5e36492b94129e0538b6bb45/gnocchi.1e4918c7-ad24-4838-a2df-59c6d515b970/1764720000.0_mean_300.0_v3" 201 - "PUT http://[::1]:8080/v1/AUTH_afe588ce5e36492b94129e0538b6bb45/gnocchi.1e4918c7-ad24-4838-a2df-59c6d515b970/1764720000.0_mean_300.0_v3" "tx1f99abe8ca6b40e7b1ee7-00693cb684" "proxy-server 90180" 0.0215 "-" 97399 0
Dec 12 19:42:45 np0005557753.novalocal container-server[97098]: ::1 - - [13/Dec/2025:00:42:45 +0000] "PUT /3/17543/AUTH_afe588ce5e36492b94129e0538b6bb45/gnocchi.6ae32a71-afa6-4c20-a94a-b232d2e33b1a/1764720000.0_mean_300.0_v3" 201 - "PUT http://[::1]:8080/3/1051/AUTH_afe588ce5e36492b94129e0538b6bb45/gnocchi.6ae32a71-afa6-4c20-a94a-b232d2e33b1a/1764720000.0_mean_300.0_v3" "tx4d62094c861f465d80dcc-00693cb684" "object-server 97400" 0.0012 "-" 97098 0
Dec 12 19:42:45 np0005557753.novalocal proxy-server[90180]: ::1 ::1 13/Dec/2025/00/42/45 PUT /v1/AUTH_afe588ce5e36492b94129e0538b6bb45/gnocchi.1e4918c7-ad24-4838-a2df-59c6d515b970/1764720000.0_mean_300.0_v3 HTTP/1.0 201 - python-swiftclient-4.2.0 gAAAAABpPLaCpY4p... 16 - - tx1f99abe8ca6b40e7b1ee7-00693cb684 - 0.0337 - - 1765586564.972551107 1765586565.006244659 0
Dec 12 19:42:45 np0005557753.novalocal object-server[97400]: ::1 - - [13/Dec/2025:00:42:45 +0000] "PUT /3/1051/AUTH_afe588ce5e36492b94129e0538b6bb45/gnocchi.6ae32a71-afa6-4c20-a94a-b232d2e33b1a/1764720000.0_mean_300.0_v3" 201 - "PUT http://[::1]:8080/v1/AUTH_afe588ce5e36492b94129e0538b6bb45/gnocchi.6ae32a71-afa6-4c20-a94a-b232d2e33b1a/1764720000.0_mean_300.0_v3" "tx4d62094c861f465d80dcc-00693cb684" "proxy-server 90180" 0.0140 "-" 97400 0
Dec 12 19:42:45 np0005557753.novalocal container-server[97096]: ::1 - - [13/Dec/2025:00:42:45 +0000] "PUT /1/17543/AUTH_afe588ce5e36492b94129e0538b6bb45/gnocchi.6ae32a71-afa6-4c20-a94a-b232d2e33b1a/1764720000.0_mean_300.0_v3" 201 - "PUT http://[::1]:8080/2/1051/AUTH_afe588ce5e36492b94129e0538b6bb45/gnocchi.6ae32a71-afa6-4c20-a94a-b232d2e33b1a/1764720000.0_mean_300.0_v3" "tx4d62094c861f465d80dcc-00693cb684" "object-server 97399" 0.0005 "-" 97096 0
Dec 12 19:42:45 np0005557753.novalocal object-server[97399]: ::1 - - [13/Dec/2025:00:42:45 +0000] "PUT /2/1051/AUTH_afe588ce5e36492b94129e0538b6bb45/gnocchi.6ae32a71-afa6-4c20-a94a-b232d2e33b1a/1764720000.0_mean_300.0_v3" 201 - "PUT http://[::1]:8080/v1/AUTH_afe588ce5e36492b94129e0538b6bb45/gnocchi.6ae32a71-afa6-4c20-a94a-b232d2e33b1a/1764720000.0_mean_300.0_v3" "tx4d62094c861f465d80dcc-00693cb684" "proxy-server 90180" 0.0150 "-" 97399 0
Dec 12 19:42:45 np0005557753.novalocal container-server[97097]: ::1 - - [13/Dec/2025:00:42:45 +0000] "PUT /2/17543/AUTH_afe588ce5e36492b94129e0538b6bb45/gnocchi.6ae32a71-afa6-4c20-a94a-b232d2e33b1a/1764720000.0_mean_300.0_v3" 201 - "PUT http://[::1]:8080/1/1051/AUTH_afe588ce5e36492b94129e0538b6bb45/gnocchi.6ae32a71-afa6-4c20-a94a-b232d2e33b1a/1764720000.0_mean_300.0_v3" "tx4d62094c861f465d80dcc-00693cb684" "object-server 97401" 0.0075 "-" 97097 0
Dec 12 19:42:45 np0005557753.novalocal object-server[97401]: ::1 - - [13/Dec/2025:00:42:45 +0000] "PUT /1/1051/AUTH_afe588ce5e36492b94129e0538b6bb45/gnocchi.6ae32a71-afa6-4c20-a94a-b232d2e33b1a/1764720000.0_mean_300.0_v3" 201 - "PUT http://[::1]:8080/v1/AUTH_afe588ce5e36492b94129e0538b6bb45/gnocchi.6ae32a71-afa6-4c20-a94a-b232d2e33b1a/1764720000.0_mean_300.0_v3" "tx4d62094c861f465d80dcc-00693cb684" "proxy-server 90180" 0.0179 "-" 97401 0
Dec 12 19:42:45 np0005557753.novalocal proxy-server[90180]: ::1 ::1 13/Dec/2025/00/42/45 PUT /v1/AUTH_afe588ce5e36492b94129e0538b6bb45/gnocchi.6ae32a71-afa6-4c20-a94a-b232d2e33b1a/1764720000.0_mean_300.0_v3 HTTP/1.0 201 - python-swiftclient-4.2.0 gAAAAABpPLaCrEYT... 16 - - tx4d62094c861f465d80dcc-00693cb684 - 0.0297 - - 1765586564.985842228 1765586565.015548706 0
Dec 12 19:42:45 np0005557753.novalocal container-server[97096]: ::1 - - [13/Dec/2025:00:42:45 +0000] "PUT /2/131670/AUTH_afe588ce5e36492b94129e0538b6bb45/gnocchi.1e4918c7-ad24-4838-a2df-59c6d515b970/none_v3" 201 - "PUT http://[::1]:8080/1/204327/AUTH_afe588ce5e36492b94129e0538b6bb45/gnocchi.1e4918c7-ad24-4838-a2df-59c6d515b970/none_v3" "txc225d65a6358453787c41-00693cb685" "object-server 97401" 0.0008 "-" 97096 0
Dec 12 19:42:45 np0005557753.novalocal container-server[97098]: ::1 - - [13/Dec/2025:00:42:45 +0000] "PUT /1/131670/AUTH_afe588ce5e36492b94129e0538b6bb45/gnocchi.1e4918c7-ad24-4838-a2df-59c6d515b970/none_v3" 201 - "PUT http://[::1]:8080/2/204327/AUTH_afe588ce5e36492b94129e0538b6bb45/gnocchi.1e4918c7-ad24-4838-a2df-59c6d515b970/none_v3" "txc225d65a6358453787c41-00693cb685" "object-server 97400" 0.0010 "-" 97098 0
Dec 12 19:42:45 np0005557753.novalocal object-server[97401]: ::1 - - [13/Dec/2025:00:42:45 +0000] "PUT /1/204327/AUTH_afe588ce5e36492b94129e0538b6bb45/gnocchi.1e4918c7-ad24-4838-a2df-59c6d515b970/none_v3" 201 - "PUT http://[::1]:8080/v1/AUTH_afe588ce5e36492b94129e0538b6bb45/gnocchi.1e4918c7-ad24-4838-a2df-59c6d515b970/none_v3" "txc225d65a6358453787c41-00693cb685" "proxy-server 90180" 0.0159 "-" 97401 0
Dec 12 19:42:45 np0005557753.novalocal object-server[97400]: ::1 - - [13/Dec/2025:00:42:45 +0000] "PUT /2/204327/AUTH_afe588ce5e36492b94129e0538b6bb45/gnocchi.1e4918c7-ad24-4838-a2df-59c6d515b970/none_v3" 201 - "PUT http://[::1]:8080/v1/AUTH_afe588ce5e36492b94129e0538b6bb45/gnocchi.1e4918c7-ad24-4838-a2df-59c6d515b970/none_v3" "txc225d65a6358453787c41-00693cb685" "proxy-server 90180" 0.0161 "-" 97400 0
Dec 12 19:42:45 np0005557753.novalocal container-server[97098]: ::1 - - [13/Dec/2025:00:42:45 +0000] "PUT /3/131670/AUTH_afe588ce5e36492b94129e0538b6bb45/gnocchi.1e4918c7-ad24-4838-a2df-59c6d515b970/none_v3" 201 - "PUT http://[::1]:8080/3/204327/AUTH_afe588ce5e36492b94129e0538b6bb45/gnocchi.1e4918c7-ad24-4838-a2df-59c6d515b970/none_v3" "txc225d65a6358453787c41-00693cb685" "object-server 97401" 0.0008 "-" 97098 0
Dec 12 19:42:45 np0005557753.novalocal object-server[97401]: ::1 - - [13/Dec/2025:00:42:45 +0000] "PUT /3/204327/AUTH_afe588ce5e36492b94129e0538b6bb45/gnocchi.1e4918c7-ad24-4838-a2df-59c6d515b970/none_v3" 201 - "PUT http://[::1]:8080/v1/AUTH_afe588ce5e36492b94129e0538b6bb45/gnocchi.1e4918c7-ad24-4838-a2df-59c6d515b970/none_v3" "txc225d65a6358453787c41-00693cb685" "proxy-server 90180" 0.0193 "-" 97401 0
Dec 12 19:42:45 np0005557753.novalocal proxy-server[90180]: ::1 ::1 13/Dec/2025/00/42/45 PUT /v1/AUTH_afe588ce5e36492b94129e0538b6bb45/gnocchi.1e4918c7-ad24-4838-a2df-59c6d515b970/none_v3 HTTP/1.0 201 - python-swiftclient-4.2.0 gAAAAABpPLaCpY4p... 22 - - txc225d65a6358453787c41-00693cb685 - 0.0285 - - 1765586565.010094643 1765586565.038600922 0
Dec 12 19:42:45 np0005557753.novalocal container-server[97099]: ::1 - - [13/Dec/2025:00:42:45 +0000] "PUT /3/17543/AUTH_afe588ce5e36492b94129e0538b6bb45/gnocchi.6ae32a71-afa6-4c20-a94a-b232d2e33b1a/none_v3" 201 - "PUT http://[::1]:8080/2/17901/AUTH_afe588ce5e36492b94129e0538b6bb45/gnocchi.6ae32a71-afa6-4c20-a94a-b232d2e33b1a/none_v3" "tx807a399374174914a5e57-00693cb685" "object-server 97399" 0.0009 "-" 97099 0
Dec 12 19:42:45 np0005557753.novalocal object-server[97399]: ::1 - - [13/Dec/2025:00:42:45 +0000] "PUT /2/17901/AUTH_afe588ce5e36492b94129e0538b6bb45/gnocchi.6ae32a71-afa6-4c20-a94a-b232d2e33b1a/none_v3" 201 - "PUT http://[::1]:8080/v1/AUTH_afe588ce5e36492b94129e0538b6bb45/gnocchi.6ae32a71-afa6-4c20-a94a-b232d2e33b1a/none_v3" "tx807a399374174914a5e57-00693cb685" "proxy-server 90180" 0.0148 "-" 97399 0
Dec 12 19:42:45 np0005557753.novalocal container-server[97096]: ::1 - - [13/Dec/2025:00:42:45 +0000] "PUT /2/17543/AUTH_afe588ce5e36492b94129e0538b6bb45/gnocchi.6ae32a71-afa6-4c20-a94a-b232d2e33b1a/none_v3" 201 - "PUT http://[::1]:8080/3/17901/AUTH_afe588ce5e36492b94129e0538b6bb45/gnocchi.6ae32a71-afa6-4c20-a94a-b232d2e33b1a/none_v3" "tx807a399374174914a5e57-00693cb685" "object-server 97402" 0.0005 "-" 97096 0
Dec 12 19:42:45 np0005557753.novalocal container-server[97099]: ::1 - - [13/Dec/2025:00:42:45 +0000] "PUT /1/17543/AUTH_afe588ce5e36492b94129e0538b6bb45/gnocchi.6ae32a71-afa6-4c20-a94a-b232d2e33b1a/none_v3" 201 - "PUT http://[::1]:8080/1/17901/AUTH_afe588ce5e36492b94129e0538b6bb45/gnocchi.6ae32a71-afa6-4c20-a94a-b232d2e33b1a/none_v3" "tx807a399374174914a5e57-00693cb685" "object-server 97402" 0.0007 "-" 97099 0
Dec 12 19:42:45 np0005557753.novalocal object-server[97402]: ::1 - - [13/Dec/2025:00:42:45 +0000] "PUT /1/17901/AUTH_afe588ce5e36492b94129e0538b6bb45/gnocchi.6ae32a71-afa6-4c20-a94a-b232d2e33b1a/none_v3" 201 - "PUT http://[::1]:8080/v1/AUTH_afe588ce5e36492b94129e0538b6bb45/gnocchi.6ae32a71-afa6-4c20-a94a-b232d2e33b1a/none_v3" "tx807a399374174914a5e57-00693cb685" "proxy-server 90180" 0.0183 "-" 97402 0
Dec 12 19:42:45 np0005557753.novalocal object-server[97402]: ::1 - - [13/Dec/2025:00:42:45 +0000] "PUT /3/17901/AUTH_afe588ce5e36492b94129e0538b6bb45/gnocchi.6ae32a71-afa6-4c20-a94a-b232d2e33b1a/none_v3" 201 - "PUT http://[::1]:8080/v1/AUTH_afe588ce5e36492b94129e0538b6bb45/gnocchi.6ae32a71-afa6-4c20-a94a-b232d2e33b1a/none_v3" "tx807a399374174914a5e57-00693cb685" "proxy-server 90180" 0.0218 "-" 97402 0
Dec 12 19:42:45 np0005557753.novalocal proxy-server[90180]: ::1 ::1 13/Dec/2025/00/42/45 PUT /v1/AUTH_afe588ce5e36492b94129e0538b6bb45/gnocchi.6ae32a71-afa6-4c20-a94a-b232d2e33b1a/none_v3 HTTP/1.0 201 - python-swiftclient-4.2.0 gAAAAABpPLaCrEYT... 22 - - tx807a399374174914a5e57-00693cb685 - 0.0313 - - 1765586565.019292831 1765586565.050566673 0
Dec 12 19:42:45 np0005557753.novalocal container-server[97099]: ::1 - - [13/Dec/2025:00:42:45 +0000] "HEAD /3/94652/AUTH_afe588ce5e36492b94129e0538b6bb45/gnocchi.934f7b60-908c-4f18-8ec8-b1a768867b39" 404 - "HEAD http://[::1]:8080/v1/AUTH_afe588ce5e36492b94129e0538b6bb45/gnocchi.934f7b60-908c-4f18-8ec8-b1a768867b39?format=json&states=listing" "txd5a62cde2c034518a7b8d-00693cb685" "proxy-server 90180" 0.0005 "-" 97099 0
Dec 12 19:42:45 np0005557753.novalocal container-server[97096]: ::1 - - [13/Dec/2025:00:42:45 +0000] "HEAD /1/94652/AUTH_afe588ce5e36492b94129e0538b6bb45/gnocchi.934f7b60-908c-4f18-8ec8-b1a768867b39" 404 - "HEAD http://[::1]:8080/v1/AUTH_afe588ce5e36492b94129e0538b6bb45/gnocchi.934f7b60-908c-4f18-8ec8-b1a768867b39?format=json&states=listing" "txd5a62cde2c034518a7b8d-00693cb685" "proxy-server 90180" 0.0003 "-" 97096 0
Dec 12 19:42:45 np0005557753.novalocal container-server[97099]: ::1 - - [13/Dec/2025:00:42:45 +0000] "HEAD /2/94652/AUTH_afe588ce5e36492b94129e0538b6bb45/gnocchi.934f7b60-908c-4f18-8ec8-b1a768867b39" 404 - "HEAD http://[::1]:8080/v1/AUTH_afe588ce5e36492b94129e0538b6bb45/gnocchi.934f7b60-908c-4f18-8ec8-b1a768867b39?format=json&states=listing" "txd5a62cde2c034518a7b8d-00693cb685" "proxy-server 90180" 0.0005 "-" 97099 0
Dec 12 19:42:45 np0005557753.novalocal object-server[97402]: ::1 - - [13/Dec/2025:00:42:45 +0000] "GET /2/202858/AUTH_afe588ce5e36492b94129e0538b6bb45/gnocchi.934f7b60-908c-4f18-8ec8-b1a768867b39/none_v3" 404 70 "GET http://[::1]:8080/v1/AUTH_afe588ce5e36492b94129e0538b6bb45/gnocchi.934f7b60-908c-4f18-8ec8-b1a768867b39/none_v3" "txd5a62cde2c034518a7b8d-00693cb685" "proxy-server 90180" 0.0008 "-" 97402 0
Dec 12 19:42:45 np0005557753.novalocal object-server[97399]: ::1 - - [13/Dec/2025:00:42:45 +0000] "GET /3/202858/AUTH_afe588ce5e36492b94129e0538b6bb45/gnocchi.934f7b60-908c-4f18-8ec8-b1a768867b39/none_v3" 404 70 "GET http://[::1]:8080/v1/AUTH_afe588ce5e36492b94129e0538b6bb45/gnocchi.934f7b60-908c-4f18-8ec8-b1a768867b39/none_v3" "txd5a62cde2c034518a7b8d-00693cb685" "proxy-server 90180" 0.0010 "-" 97399 0
Dec 12 19:42:45 np0005557753.novalocal object-server[97401]: ::1 - - [13/Dec/2025:00:42:45 +0000] "GET /1/202858/AUTH_afe588ce5e36492b94129e0538b6bb45/gnocchi.934f7b60-908c-4f18-8ec8-b1a768867b39/none_v3" 404 70 "GET http://[::1]:8080/v1/AUTH_afe588ce5e36492b94129e0538b6bb45/gnocchi.934f7b60-908c-4f18-8ec8-b1a768867b39/none_v3" "txd5a62cde2c034518a7b8d-00693cb685" "proxy-server 90180" 0.0006 "-" 97401 0
Dec 12 19:42:45 np0005557753.novalocal proxy-server[90180]: ::1 ::1 13/Dec/2025/00/42/45 GET /v1/AUTH_afe588ce5e36492b94129e0538b6bb45/gnocchi.934f7b60-908c-4f18-8ec8-b1a768867b39/none_v3 HTTP/1.0 404 - python-swiftclient-4.2.0 gAAAAABpPLaCpY4p... - 70 - txd5a62cde2c034518a7b8d-00693cb685 - 0.0254 - - 1765586565.057039261 1765586565.082417011 0
