Dec 12 19:43:48 np0005557753.novalocal container-server[97096]: ::1 - - [13/Dec/2025:00:43:48 +0000] "HEAD /2/70634/AUTH_afe588ce5e36492b94129e0538b6bb45/gnocchi.f067af33-9a55-4348-aa21-644e92620e09" 404 - "HEAD http://[::1]:8080/v1/AUTH_afe588ce5e36492b94129e0538b6bb45/gnocchi.f067af33-9a55-4348-aa21-644e92620e09?format=json&states=listing" "tx1765b4a3312c4b8e9204a-00693cb6c4" "proxy-server 90180" 0.0006 "-" 97096 0
Dec 12 19:43:48 np0005557753.novalocal container-server[97098]: ::1 - - [13/Dec/2025:00:43:48 +0000] "HEAD /1/70634/AUTH_afe588ce5e36492b94129e0538b6bb45/gnocchi.f067af33-9a55-4348-aa21-644e92620e09" 404 - "HEAD http://[::1]:8080/v1/AUTH_afe588ce5e36492b94129e0538b6bb45/gnocchi.f067af33-9a55-4348-aa21-644e92620e09?format=json&states=listing" "tx1765b4a3312c4b8e9204a-00693cb6c4" "proxy-server 90180" 0.0009 "-" 97098 0
Dec 12 19:43:48 np0005557753.novalocal container-server[97099]: ::1 - - [13/Dec/2025:00:43:48 +0000] "HEAD /3/230223/AUTH_afe588ce5e36492b94129e0538b6bb45/gnocchi.79957659-2de1-457f-96f7-ca5a0be1f57d" 204 - "HEAD http://[::1]:8080/v1/AUTH_afe588ce5e36492b94129e0538b6bb45/gnocchi.79957659-2de1-457f-96f7-ca5a0be1f57d?format=json&states=listing" "tx780a4e01ce744663bf624-00693cb6c4" "proxy-server 90180" 0.0027 "-" 97099 0
Dec 12 19:43:48 np0005557753.novalocal object-server[97401]: ::1 - - [13/Dec/2025:00:43:48 +0000] "GET /1/195148/AUTH_afe588ce5e36492b94129e0538b6bb45/gnocchi.f067af33-9a55-4348-aa21-644e92620e09/none_v3" 404 70 "GET http://[::1]:8080/v1/AUTH_afe588ce5e36492b94129e0538b6bb45/gnocchi.f067af33-9a55-4348-aa21-644e92620e09/none_v3" "tx1765b4a3312c4b8e9204a-00693cb6c4" "proxy-server 90180" 0.0005 "-" 97401 0
Dec 12 19:43:48 np0005557753.novalocal object-server[97402]: ::1 - - [13/Dec/2025:00:43:48 +0000] "GET /2/195148/AUTH_afe588ce5e36492b94129e0538b6bb45/gnocchi.f067af33-9a55-4348-aa21-644e92620e09/none_v3" 404 70 "GET http://[::1]:8080/v1/AUTH_afe588ce5e36492b94129e0538b6bb45/gnocchi.f067af33-9a55-4348-aa21-644e92620e09/none_v3" "tx1765b4a3312c4b8e9204a-00693cb6c4" "proxy-server 90180" 0.0005 "-" 97402 0
Dec 12 19:43:48 np0005557753.novalocal container-server[97098]: ::1 - - [13/Dec/2025:00:43:48 +0000] "GET /3/230223/AUTH_afe588ce5e36492b94129e0538b6bb45/gnocchi.79957659-2de1-457f-96f7-ca5a0be1f57d" 200 2 "GET http://[::1]:8080/v1/AUTH_afe588ce5e36492b94129e0538b6bb45/gnocchi.79957659-2de1-457f-96f7-ca5a0be1f57d?format=json&states=listing" "tx780a4e01ce744663bf624-00693cb6c4" "proxy-server 90180" 0.0053 "-" 97098 0
Dec 12 19:43:48 np0005557753.novalocal object-server[97402]: ::1 - - [13/Dec/2025:00:43:48 +0000] "GET /3/195148/AUTH_afe588ce5e36492b94129e0538b6bb45/gnocchi.f067af33-9a55-4348-aa21-644e92620e09/none_v3" 404 70 "GET http://[::1]:8080/v1/AUTH_afe588ce5e36492b94129e0538b6bb45/gnocchi.f067af33-9a55-4348-aa21-644e92620e09/none_v3" "tx1765b4a3312c4b8e9204a-00693cb6c4" "proxy-server 90180" 0.0004 "-" 97402 0
Dec 12 19:43:48 np0005557753.novalocal proxy-server[90180]: ::1 ::1 13/Dec/2025/00/43/48 GET /v1/AUTH_afe588ce5e36492b94129e0538b6bb45/gnocchi.79957659-2de1-457f-96f7-ca5a0be1f57d%3Fformat%3Djson%26states%3Dlisting HTTP/1.0 200 - python-swiftclient-4.2.0 gAAAAABpPLaCpY4p... - 2 - tx780a4e01ce744663bf624-00693cb6c4 - 0.0178 - - 1765586628.256380081 1765586628.274209976 0
Dec 12 19:43:48 np0005557753.novalocal proxy-server[90180]: ::1 ::1 13/Dec/2025/00/43/48 GET /v1/AUTH_afe588ce5e36492b94129e0538b6bb45/gnocchi.f067af33-9a55-4348-aa21-644e92620e09/none_v3 HTTP/1.0 404 - python-swiftclient-4.2.0 gAAAAABpPLaCrEYT... - 70 - tx1765b4a3312c4b8e9204a-00693cb6c4 - 0.0349 - - 1765586628.240641117 1765586628.275497437 0
Dec 12 19:43:48 np0005557753.novalocal object-server[97400]: ::1 - - [13/Dec/2025:00:43:48 +0000] "GET /1/119605/AUTH_afe588ce5e36492b94129e0538b6bb45/gnocchi.79957659-2de1-457f-96f7-ca5a0be1f57d/1764720000.0_mean_300.0_v3" 404 70 "GET http://[::1]:8080/v1/AUTH_afe588ce5e36492b94129e0538b6bb45/gnocchi.79957659-2de1-457f-96f7-ca5a0be1f57d/1764720000.0_mean_300.0_v3" "tx6307e1c67eae499e828d0-00693cb6c4" "proxy-server 90180" 0.0005 "-" 97400 0
Dec 12 19:43:48 np0005557753.novalocal object-server[97401]: ::1 - - [13/Dec/2025:00:43:48 +0000] "GET /3/119605/AUTH_afe588ce5e36492b94129e0538b6bb45/gnocchi.79957659-2de1-457f-96f7-ca5a0be1f57d/1764720000.0_mean_300.0_v3" 404 70 "GET http://[::1]:8080/v1/AUTH_afe588ce5e36492b94129e0538b6bb45/gnocchi.79957659-2de1-457f-96f7-ca5a0be1f57d/1764720000.0_mean_300.0_v3" "tx6307e1c67eae499e828d0-00693cb6c4" "proxy-server 90180" 0.0004 "-" 97401 0
Dec 12 19:43:48 np0005557753.novalocal object-server[97399]: ::1 - - [13/Dec/2025:00:43:48 +0000] "GET /2/119605/AUTH_afe588ce5e36492b94129e0538b6bb45/gnocchi.79957659-2de1-457f-96f7-ca5a0be1f57d/1764720000.0_mean_300.0_v3" 404 70 "GET http://[::1]:8080/v1/AUTH_afe588ce5e36492b94129e0538b6bb45/gnocchi.79957659-2de1-457f-96f7-ca5a0be1f57d/1764720000.0_mean_300.0_v3" "tx6307e1c67eae499e828d0-00693cb6c4" "proxy-server 90180" 0.0004 "-" 97399 0
Dec 12 19:43:48 np0005557753.novalocal proxy-server[90180]: ::1 ::1 13/Dec/2025/00/43/48 GET /v1/AUTH_afe588ce5e36492b94129e0538b6bb45/gnocchi.79957659-2de1-457f-96f7-ca5a0be1f57d/1764720000.0_mean_300.0_v3 HTTP/1.0 404 - python-swiftclient-4.2.0 gAAAAABpPLaCpY4p... - 70 - tx6307e1c67eae499e828d0-00693cb6c4 - 0.0114 - - 1765586628.282452822 1765586628.293875933 0
Dec 12 19:43:48 np0005557753.novalocal container-server[97097]: ::1 - - [13/Dec/2025:00:43:48 +0000] "PUT /1/230223/AUTH_afe588ce5e36492b94129e0538b6bb45/gnocchi.79957659-2de1-457f-96f7-ca5a0be1f57d/1764720000.0_mean_300.0_v3" 201 - "PUT http://[::1]:8080/2/119605/AUTH_afe588ce5e36492b94129e0538b6bb45/gnocchi.79957659-2de1-457f-96f7-ca5a0be1f57d/1764720000.0_mean_300.0_v3" "tx7a21806b1d4a46e3aeff3-00693cb6c4" "object-server 97400" 0.0011 "-" 97097 0
Dec 12 19:43:48 np0005557753.novalocal container-server[97098]: ::1 - - [13/Dec/2025:00:43:48 +0000] "PUT /2/230223/AUTH_afe588ce5e36492b94129e0538b6bb45/gnocchi.79957659-2de1-457f-96f7-ca5a0be1f57d/1764720000.0_mean_300.0_v3" 201 - "PUT http://[::1]:8080/3/119605/AUTH_afe588ce5e36492b94129e0538b6bb45/gnocchi.79957659-2de1-457f-96f7-ca5a0be1f57d/1764720000.0_mean_300.0_v3" "tx7a21806b1d4a46e3aeff3-00693cb6c4" "object-server 97401" 0.0009 "-" 97098 0
Dec 12 19:43:48 np0005557753.novalocal object-server[97400]: ::1 - - [13/Dec/2025:00:43:48 +0000] "PUT /2/119605/AUTH_afe588ce5e36492b94129e0538b6bb45/gnocchi.79957659-2de1-457f-96f7-ca5a0be1f57d/1764720000.0_mean_300.0_v3" 201 - "PUT http://[::1]:8080/v1/AUTH_afe588ce5e36492b94129e0538b6bb45/gnocchi.79957659-2de1-457f-96f7-ca5a0be1f57d/1764720000.0_mean_300.0_v3" "tx7a21806b1d4a46e3aeff3-00693cb6c4" "proxy-server 90180" 0.1003 "-" 97400 0
Dec 12 19:43:48 np0005557753.novalocal object-server[97401]: ::1 - - [13/Dec/2025:00:43:48 +0000] "PUT /3/119605/AUTH_afe588ce5e36492b94129e0538b6bb45/gnocchi.79957659-2de1-457f-96f7-ca5a0be1f57d/1764720000.0_mean_300.0_v3" 201 - "PUT http://[::1]:8080/v1/AUTH_afe588ce5e36492b94129e0538b6bb45/gnocchi.79957659-2de1-457f-96f7-ca5a0be1f57d/1764720000.0_mean_300.0_v3" "tx7a21806b1d4a46e3aeff3-00693cb6c4" "proxy-server 90180" 0.0984 "-" 97401 0
Dec 12 19:43:48 np0005557753.novalocal container-server[97097]: ::1 - - [13/Dec/2025:00:43:48 +0000] "PUT /3/230223/AUTH_afe588ce5e36492b94129e0538b6bb45/gnocchi.79957659-2de1-457f-96f7-ca5a0be1f57d/1764720000.0_mean_300.0_v3" 201 - "PUT http://[::1]:8080/1/119605/AUTH_afe588ce5e36492b94129e0538b6bb45/gnocchi.79957659-2de1-457f-96f7-ca5a0be1f57d/1764720000.0_mean_300.0_v3" "tx7a21806b1d4a46e3aeff3-00693cb6c4" "object-server 97402" 0.0007 "-" 97097 0
Dec 12 19:43:48 np0005557753.novalocal object-server[97402]: ::1 - - [13/Dec/2025:00:43:48 +0000] "PUT /1/119605/AUTH_afe588ce5e36492b94129e0538b6bb45/gnocchi.79957659-2de1-457f-96f7-ca5a0be1f57d/1764720000.0_mean_300.0_v3" 201 - "PUT http://[::1]:8080/v1/AUTH_afe588ce5e36492b94129e0538b6bb45/gnocchi.79957659-2de1-457f-96f7-ca5a0be1f57d/1764720000.0_mean_300.0_v3" "tx7a21806b1d4a46e3aeff3-00693cb6c4" "proxy-server 90180" 0.1026 "-" 97402 0
Dec 12 19:43:48 np0005557753.novalocal proxy-server[90180]: ::1 ::1 13/Dec/2025/00/43/48 PUT /v1/AUTH_afe588ce5e36492b94129e0538b6bb45/gnocchi.79957659-2de1-457f-96f7-ca5a0be1f57d/1764720000.0_mean_300.0_v3 HTTP/1.0 201 - python-swiftclient-4.2.0 gAAAAABpPLaCpY4p... 16 - - tx7a21806b1d4a46e3aeff3-00693cb6c4 - 0.1099 - - 1765586628.297564268 1765586628.407507420 0
Dec 12 19:43:48 np0005557753.novalocal account-server[96802]: ::1 - - [13/Dec/2025:00:43:48 +0000] "PUT /1/105149/AUTH_afe588ce5e36492b94129e0538b6bb45/gnocchi.f067af33-9a55-4348-aa21-644e92620e09" 201 - "PUT http://[::1]:6001/3/70634/AUTH_afe588ce5e36492b94129e0538b6bb45/gnocchi.f067af33-9a55-4348-aa21-644e92620e09" "tx3151691c67b14f07898ff-00693cb6c4" "container-server 97096" 0.0867 "-" 96802 0
Dec 12 19:43:48 np0005557753.novalocal account-server[96803]: ::1 - - [13/Dec/2025:00:43:48 +0000] "PUT /3/105149/AUTH_afe588ce5e36492b94129e0538b6bb45/gnocchi.f067af33-9a55-4348-aa21-644e92620e09" 201 - "PUT http://[::1]:6001/1/70634/AUTH_afe588ce5e36492b94129e0538b6bb45/gnocchi.f067af33-9a55-4348-aa21-644e92620e09" "tx3151691c67b14f07898ff-00693cb6c4" "container-server 97099" 0.0884 "-" 96803 0
Dec 12 19:43:48 np0005557753.novalocal container-server[97099]: ::1 - - [13/Dec/2025:00:43:48 +0000] "PUT /1/70634/AUTH_afe588ce5e36492b94129e0538b6bb45/gnocchi.f067af33-9a55-4348-aa21-644e92620e09" 201 - "PUT http://[::1]:8080/v1/AUTH_afe588ce5e36492b94129e0538b6bb45/gnocchi.f067af33-9a55-4348-aa21-644e92620e09" "tx3151691c67b14f07898ff-00693cb6c4" "proxy-server 90180" 0.1730 "-" 97099 0
Dec 12 19:43:48 np0005557753.novalocal container-server[97096]: ::1 - - [13/Dec/2025:00:43:48 +0000] "PUT /3/70634/AUTH_afe588ce5e36492b94129e0538b6bb45/gnocchi.f067af33-9a55-4348-aa21-644e92620e09" 201 - "PUT http://[::1]:8080/v1/AUTH_afe588ce5e36492b94129e0538b6bb45/gnocchi.f067af33-9a55-4348-aa21-644e92620e09" "tx3151691c67b14f07898ff-00693cb6c4" "proxy-server 90180" 0.1714 "-" 97096 0
Dec 12 19:43:48 np0005557753.novalocal container-server[97099]: ::1 - - [13/Dec/2025:00:43:48 +0000] "PUT /3/230223/AUTH_afe588ce5e36492b94129e0538b6bb45/gnocchi.79957659-2de1-457f-96f7-ca5a0be1f57d/none_v3" 201 - "PUT http://[::1]:8080/1/241799/AUTH_afe588ce5e36492b94129e0538b6bb45/gnocchi.79957659-2de1-457f-96f7-ca5a0be1f57d/none_v3" "tx493d27e9a9744140b61c3-00693cb6c4" "object-server 97399" 0.0009 "-" 97099 0
Dec 12 19:43:48 np0005557753.novalocal container-server[97096]: ::1 - - [13/Dec/2025:00:43:48 +0000] "PUT /1/230223/AUTH_afe588ce5e36492b94129e0538b6bb45/gnocchi.79957659-2de1-457f-96f7-ca5a0be1f57d/none_v3" 201 - "PUT http://[::1]:8080/3/241799/AUTH_afe588ce5e36492b94129e0538b6bb45/gnocchi.79957659-2de1-457f-96f7-ca5a0be1f57d/none_v3" "tx493d27e9a9744140b61c3-00693cb6c4" "object-server 97399" 0.0015 "-" 97096 0
Dec 12 19:43:48 np0005557753.novalocal object-server[97399]: ::1 - - [13/Dec/2025:00:43:48 +0000] "PUT /1/241799/AUTH_afe588ce5e36492b94129e0538b6bb45/gnocchi.79957659-2de1-457f-96f7-ca5a0be1f57d/none_v3" 201 - "PUT http://[::1]:8080/v1/AUTH_afe588ce5e36492b94129e0538b6bb45/gnocchi.79957659-2de1-457f-96f7-ca5a0be1f57d/none_v3" "tx493d27e9a9744140b61c3-00693cb6c4" "proxy-server 90180" 0.0611 "-" 97399 0
Dec 12 19:43:48 np0005557753.novalocal object-server[97399]: ::1 - - [13/Dec/2025:00:43:48 +0000] "PUT /3/241799/AUTH_afe588ce5e36492b94129e0538b6bb45/gnocchi.79957659-2de1-457f-96f7-ca5a0be1f57d/none_v3" 201 - "PUT http://[::1]:8080/v1/AUTH_afe588ce5e36492b94129e0538b6bb45/gnocchi.79957659-2de1-457f-96f7-ca5a0be1f57d/none_v3" "tx493d27e9a9744140b61c3-00693cb6c4" "proxy-server 90180" 0.0661 "-" 97399 0
Dec 12 19:43:48 np0005557753.novalocal container-server[97099]: ::1 - - [13/Dec/2025:00:43:48 +0000] "PUT /2/230223/AUTH_afe588ce5e36492b94129e0538b6bb45/gnocchi.79957659-2de1-457f-96f7-ca5a0be1f57d/none_v3" 201 - "PUT http://[::1]:8080/2/241799/AUTH_afe588ce5e36492b94129e0538b6bb45/gnocchi.79957659-2de1-457f-96f7-ca5a0be1f57d/none_v3" "tx493d27e9a9744140b61c3-00693cb6c4" "object-server 97402" 0.0012 "-" 97099 0
Dec 12 19:43:48 np0005557753.novalocal object-server[97402]: ::1 - - [13/Dec/2025:00:43:48 +0000] "PUT /2/241799/AUTH_afe588ce5e36492b94129e0538b6bb45/gnocchi.79957659-2de1-457f-96f7-ca5a0be1f57d/none_v3" 201 - "PUT http://[::1]:8080/v1/AUTH_afe588ce5e36492b94129e0538b6bb45/gnocchi.79957659-2de1-457f-96f7-ca5a0be1f57d/none_v3" "tx493d27e9a9744140b61c3-00693cb6c4" "proxy-server 90180" 0.0785 "-" 97402 0
Dec 12 19:43:48 np0005557753.novalocal proxy-server[90180]: ::1 ::1 13/Dec/2025/00/43/48 PUT /v1/AUTH_afe588ce5e36492b94129e0538b6bb45/gnocchi.79957659-2de1-457f-96f7-ca5a0be1f57d/none_v3 HTTP/1.0 201 - python-swiftclient-4.2.0 gAAAAABpPLaCpY4p... 22 - - tx493d27e9a9744140b61c3-00693cb6c4 - 0.0854 - - 1765586628.410759687 1765586628.496203661 0
Dec 12 19:43:48 np0005557753.novalocal account-server[96803]: ::1 - - [13/Dec/2025:00:43:48 +0000] "PUT /2/105149/AUTH_afe588ce5e36492b94129e0538b6bb45/gnocchi.f067af33-9a55-4348-aa21-644e92620e09" 201 - "PUT http://[::1]:6001/2/70634/AUTH_afe588ce5e36492b94129e0538b6bb45/gnocchi.f067af33-9a55-4348-aa21-644e92620e09" "tx3151691c67b14f07898ff-00693cb6c4" "container-server 97098" 0.0429 "-" 96803 0
Dec 12 19:43:48 np0005557753.novalocal container-server[97098]: ::1 - - [13/Dec/2025:00:43:48 +0000] "PUT /2/70634/AUTH_afe588ce5e36492b94129e0538b6bb45/gnocchi.f067af33-9a55-4348-aa21-644e92620e09" 201 - "PUT http://[::1]:8080/v1/AUTH_afe588ce5e36492b94129e0538b6bb45/gnocchi.f067af33-9a55-4348-aa21-644e92620e09" "tx3151691c67b14f07898ff-00693cb6c4" "proxy-server 90180" 0.2182 "-" 97098 0
Dec 12 19:43:48 np0005557753.novalocal proxy-server[90180]: ::1 ::1 13/Dec/2025/00/43/48 PUT /v1/AUTH_afe588ce5e36492b94129e0538b6bb45/gnocchi.f067af33-9a55-4348-aa21-644e92620e09 HTTP/1.0 201 - python-swiftclient-4.2.0 gAAAAABpPLaCrEYT... - - - tx3151691c67b14f07898ff-00693cb6c4 - 0.2261 - - 1765586628.278562069 1765586628.504690170 0
Dec 12 19:43:48 np0005557753.novalocal container-server[97099]: ::1 - - [13/Dec/2025:00:43:48 +0000] "HEAD /1/257772/AUTH_afe588ce5e36492b94129e0538b6bb45/gnocchi.1ff2aabe-ba52-4c9d-ae58-d90bd653919b" 404 - "HEAD http://[::1]:8080/v1/AUTH_afe588ce5e36492b94129e0538b6bb45/gnocchi.1ff2aabe-ba52-4c9d-ae58-d90bd653919b?format=json&states=listing" "tx32270643f36445e5ad979-00693cb6c4" "proxy-server 90180" 0.0006 "-" 97099 0
Dec 12 19:43:48 np0005557753.novalocal container-server[97096]: ::1 - - [13/Dec/2025:00:43:48 +0000] "HEAD /2/257772/AUTH_afe588ce5e36492b94129e0538b6bb45/gnocchi.1ff2aabe-ba52-4c9d-ae58-d90bd653919b" 404 - "HEAD http://[::1]:8080/v1/AUTH_afe588ce5e36492b94129e0538b6bb45/gnocchi.1ff2aabe-ba52-4c9d-ae58-d90bd653919b?format=json&states=listing" "tx32270643f36445e5ad979-00693cb6c4" "proxy-server 90180" 0.0008 "-" 97096 0
Dec 12 19:43:48 np0005557753.novalocal container-server[97097]: ::1 - - [13/Dec/2025:00:43:48 +0000] "HEAD /1/163018/AUTH_afe588ce5e36492b94129e0538b6bb45/gnocchi.7d2a9191-781f-4c9e-af41-6763c32f2009" 204 - "HEAD http://[::1]:8080/v1/AUTH_afe588ce5e36492b94129e0538b6bb45/gnocchi.7d2a9191-781f-4c9e-af41-6763c32f2009?format=json&states=listing" "tx242af060010d4df8bae5d-00693cb6c4" "proxy-server 90180" 0.0027 "-" 97097 0
Dec 12 19:43:48 np0005557753.novalocal container-server[97096]: ::1 - - [13/Dec/2025:00:43:48 +0000] "HEAD /3/257772/AUTH_afe588ce5e36492b94129e0538b6bb45/gnocchi.1ff2aabe-ba52-4c9d-ae58-d90bd653919b" 404 - "HEAD http://[::1]:8080/v1/AUTH_afe588ce5e36492b94129e0538b6bb45/gnocchi.1ff2aabe-ba52-4c9d-ae58-d90bd653919b?format=json&states=listing" "tx32270643f36445e5ad979-00693cb6c4" "proxy-server 90180" 0.0004 "-" 97096 0
Dec 12 19:43:48 np0005557753.novalocal dnsmasq[104894]: read /var/lib/neutron/dhcp/cca2ed3f-7b00-4ecc-9ea3-8d44a8ac2ce8/addn_hosts - 1 addresses
Dec 12 19:43:48 np0005557753.novalocal object-server[97402]: ::1 - - [13/Dec/2025:00:43:48 +0000] "GET /1/234388/AUTH_afe588ce5e36492b94129e0538b6bb45/gnocchi.1ff2aabe-ba52-4c9d-ae58-d90bd653919b/none_v3" 404 70 "GET http://[::1]:8080/v1/AUTH_afe588ce5e36492b94129e0538b6bb45/gnocchi.1ff2aabe-ba52-4c9d-ae58-d90bd653919b/none_v3" "tx32270643f36445e5ad979-00693cb6c4" "proxy-server 90180" 0.0004 "-" 97402 0
Dec 12 19:43:48 np0005557753.novalocal dnsmasq-dhcp[104894]: read /var/lib/neutron/dhcp/cca2ed3f-7b00-4ecc-9ea3-8d44a8ac2ce8/host
Dec 12 19:43:48 np0005557753.novalocal dnsmasq-dhcp[104894]: read /var/lib/neutron/dhcp/cca2ed3f-7b00-4ecc-9ea3-8d44a8ac2ce8/opts
Dec 12 19:43:48 np0005557753.novalocal container-server[97098]: ::1 - - [13/Dec/2025:00:43:48 +0000] "GET /1/163018/AUTH_afe588ce5e36492b94129e0538b6bb45/gnocchi.7d2a9191-781f-4c9e-af41-6763c32f2009" 200 2 "GET http://[::1]:8080/v1/AUTH_afe588ce5e36492b94129e0538b6bb45/gnocchi.7d2a9191-781f-4c9e-af41-6763c32f2009?format=json&states=listing" "tx242af060010d4df8bae5d-00693cb6c4" "proxy-server 90180" 0.0053 "-" 97098 0
Dec 12 19:43:48 np0005557753.novalocal object-server[97400]: ::1 - - [13/Dec/2025:00:43:48 +0000] "GET /3/234388/AUTH_afe588ce5e36492b94129e0538b6bb45/gnocchi.1ff2aabe-ba52-4c9d-ae58-d90bd653919b/none_v3" 404 70 "GET http://[::1]:8080/v1/AUTH_afe588ce5e36492b94129e0538b6bb45/gnocchi.1ff2aabe-ba52-4c9d-ae58-d90bd653919b/none_v3" "tx32270643f36445e5ad979-00693cb6c4" "proxy-server 90180" 0.0003 "-" 97400 0
Dec 12 19:43:48 np0005557753.novalocal proxy-server[90180]: ::1 ::1 13/Dec/2025/00/43/48 GET /v1/AUTH_afe588ce5e36492b94129e0538b6bb45/gnocchi.7d2a9191-781f-4c9e-af41-6763c32f2009%3Fformat%3Djson%26states%3Dlisting HTTP/1.0 200 - python-swiftclient-4.2.0 gAAAAABpPLaCrEYT... - 2 - tx242af060010d4df8bae5d-00693cb6c4 - 0.0216 - - 1765586628.512619019 1765586628.534208536 0
Dec 12 19:43:48 np0005557753.novalocal container-server[97096]: ::1 - - [13/Dec/2025:00:43:48 +0000] "HEAD /1/70634/AUTH_afe588ce5e36492b94129e0538b6bb45/gnocchi.f067af33-9a55-4348-aa21-644e92620e09" 204 - "HEAD http://[::1]:8080/v1/AUTH_afe588ce5e36492b94129e0538b6bb45/gnocchi.f067af33-9a55-4348-aa21-644e92620e09?format=json&states=listing" "tx9ebe5290aa254261bdaf8-00693cb6c4" "proxy-server 90180" 0.0027 "-" 97096 0
Dec 12 19:43:48 np0005557753.novalocal object-server[97399]: ::1 - - [13/Dec/2025:00:43:48 +0000] "GET /2/234388/AUTH_afe588ce5e36492b94129e0538b6bb45/gnocchi.1ff2aabe-ba52-4c9d-ae58-d90bd653919b/none_v3" 404 70 "GET http://[::1]:8080/v1/AUTH_afe588ce5e36492b94129e0538b6bb45/gnocchi.1ff2aabe-ba52-4c9d-ae58-d90bd653919b/none_v3" "tx32270643f36445e5ad979-00693cb6c4" "proxy-server 90180" 0.0006 "-" 97399 0
Dec 12 19:43:48 np0005557753.novalocal proxy-server[90180]: ::1 ::1 13/Dec/2025/00/43/48 GET /v1/AUTH_afe588ce5e36492b94129e0538b6bb45/gnocchi.1ff2aabe-ba52-4c9d-ae58-d90bd653919b/none_v3 HTTP/1.0 404 - python-swiftclient-4.2.0 gAAAAABpPLaCpY4p... - 70 - tx32270643f36445e5ad979-00693cb6c4 - 0.0424 - - 1765586628.509389400 1765586628.551765919 0
Dec 12 19:43:48 np0005557753.novalocal container-server[97096]: ::1 - - [13/Dec/2025:00:43:48 +0000] "GET /3/70634/AUTH_afe588ce5e36492b94129e0538b6bb45/gnocchi.f067af33-9a55-4348-aa21-644e92620e09" 200 2 "GET http://[::1]:8080/v1/AUTH_afe588ce5e36492b94129e0538b6bb45/gnocchi.f067af33-9a55-4348-aa21-644e92620e09?format=json&states=listing" "tx9ebe5290aa254261bdaf8-00693cb6c4" "proxy-server 90180" 0.0034 "-" 97096 0
Dec 12 19:43:48 np0005557753.novalocal proxy-server[90180]: ::1 ::1 13/Dec/2025/00/43/48 GET /v1/AUTH_afe588ce5e36492b94129e0538b6bb45/gnocchi.f067af33-9a55-4348-aa21-644e92620e09%3Fformat%3Djson%26states%3Dlisting HTTP/1.0 200 - python-swiftclient-4.2.0 gAAAAABpPLaCrEYT... - 2 - tx9ebe5290aa254261bdaf8-00693cb6c4 - 0.0343 - - 1765586628.540387154 1765586628.574656248 0
Dec 12 19:43:48 np0005557753.novalocal object-server[97400]: ::1 - - [13/Dec/2025:00:43:48 +0000] "GET /1/204113/AUTH_afe588ce5e36492b94129e0538b6bb45/gnocchi.7d2a9191-781f-4c9e-af41-6763c32f2009/1764720000.0_mean_300.0_v3" 404 70 "GET http://[::1]:8080/v1/AUTH_afe588ce5e36492b94129e0538b6bb45/gnocchi.7d2a9191-781f-4c9e-af41-6763c32f2009/1764720000.0_mean_300.0_v3" "txc72219e2886c498394766-00693cb6c4" "proxy-server 90180" 0.0004 "-" 97400 0
Dec 12 19:43:48 np0005557753.novalocal object-server[97399]: ::1 - - [13/Dec/2025:00:43:48 +0000] "GET /2/204113/AUTH_afe588ce5e36492b94129e0538b6bb45/gnocchi.7d2a9191-781f-4c9e-af41-6763c32f2009/1764720000.0_mean_300.0_v3" 404 70 "GET http://[::1]:8080/v1/AUTH_afe588ce5e36492b94129e0538b6bb45/gnocchi.7d2a9191-781f-4c9e-af41-6763c32f2009/1764720000.0_mean_300.0_v3" "txc72219e2886c498394766-00693cb6c4" "proxy-server 90180" 0.0005 "-" 97399 0
Dec 12 19:43:48 np0005557753.novalocal object-server[97400]: ::1 - - [13/Dec/2025:00:43:48 +0000] "GET /3/204113/AUTH_afe588ce5e36492b94129e0538b6bb45/gnocchi.7d2a9191-781f-4c9e-af41-6763c32f2009/1764720000.0_mean_300.0_v3" 404 70 "GET http://[::1]:8080/v1/AUTH_afe588ce5e36492b94129e0538b6bb45/gnocchi.7d2a9191-781f-4c9e-af41-6763c32f2009/1764720000.0_mean_300.0_v3" "txc72219e2886c498394766-00693cb6c4" "proxy-server 90180" 0.0002 "-" 97400 0
Dec 12 19:43:48 np0005557753.novalocal proxy-server[90180]: ::1 ::1 13/Dec/2025/00/43/48 GET /v1/AUTH_afe588ce5e36492b94129e0538b6bb45/gnocchi.7d2a9191-781f-4c9e-af41-6763c32f2009/1764720000.0_mean_300.0_v3 HTTP/1.0 404 - python-swiftclient-4.2.0 gAAAAABpPLaCrEYT... - 70 - txc72219e2886c498394766-00693cb6c4 - 0.0214 - - 1765586628.579622507 1765586628.601046324 0
Dec 12 19:43:48 np0005557753.novalocal object-server[97399]: ::1 - - [13/Dec/2025:00:43:48 +0000] "GET /1/186346/AUTH_afe588ce5e36492b94129e0538b6bb45/gnocchi.f067af33-9a55-4348-aa21-644e92620e09/1764720000.0_mean_300.0_v3" 404 70 "GET http://[::1]:8080/v1/AUTH_afe588ce5e36492b94129e0538b6bb45/gnocchi.f067af33-9a55-4348-aa21-644e92620e09/1764720000.0_mean_300.0_v3" "txbbbc27f9608a4ae3898dd-00693cb6c4" "proxy-server 90180" 0.0005 "-" 97399 0
Dec 12 19:43:48 np0005557753.novalocal object-server[97400]: ::1 - - [13/Dec/2025:00:43:48 +0000] "GET /3/186346/AUTH_afe588ce5e36492b94129e0538b6bb45/gnocchi.f067af33-9a55-4348-aa21-644e92620e09/1764720000.0_mean_300.0_v3" 404 70 "GET http://[::1]:8080/v1/AUTH_afe588ce5e36492b94129e0538b6bb45/gnocchi.f067af33-9a55-4348-aa21-644e92620e09/1764720000.0_mean_300.0_v3" "txbbbc27f9608a4ae3898dd-00693cb6c4" "proxy-server 90180" 0.0002 "-" 97400 0
Dec 12 19:43:48 np0005557753.novalocal object-server[97402]: ::1 - - [13/Dec/2025:00:43:48 +0000] "GET /2/186346/AUTH_afe588ce5e36492b94129e0538b6bb45/gnocchi.f067af33-9a55-4348-aa21-644e92620e09/1764720000.0_mean_300.0_v3" 404 70 "GET http://[::1]:8080/v1/AUTH_afe588ce5e36492b94129e0538b6bb45/gnocchi.f067af33-9a55-4348-aa21-644e92620e09/1764720000.0_mean_300.0_v3" "txbbbc27f9608a4ae3898dd-00693cb6c4" "proxy-server 90180" 0.0004 "-" 97402 0
Dec 12 19:43:48 np0005557753.novalocal proxy-server[90180]: ::1 ::1 13/Dec/2025/00/43/48 GET /v1/AUTH_afe588ce5e36492b94129e0538b6bb45/gnocchi.f067af33-9a55-4348-aa21-644e92620e09/1764720000.0_mean_300.0_v3 HTTP/1.0 404 - python-swiftclient-4.2.0 gAAAAABpPLaCrEYT... - 70 - txbbbc27f9608a4ae3898dd-00693cb6c4 - 0.0128 - - 1765586628.604400158 1765586628.617197752 0
Dec 12 19:43:48 np0005557753.novalocal account-server[96802]: ::1 - - [13/Dec/2025:00:43:48 +0000] "PUT /2/105149/AUTH_afe588ce5e36492b94129e0538b6bb45/gnocchi.1ff2aabe-ba52-4c9d-ae58-d90bd653919b" 201 - "PUT http://[::1]:6001/1/257772/AUTH_afe588ce5e36492b94129e0538b6bb45/gnocchi.1ff2aabe-ba52-4c9d-ae58-d90bd653919b" "tx321f4fe1441a47ea99b9c-00693cb6c4" "container-server 97099" 0.0139 "-" 96802 0
Dec 12 19:43:48 np0005557753.novalocal container-server[97099]: ::1 - - [13/Dec/2025:00:43:48 +0000] "PUT /1/257772/AUTH_afe588ce5e36492b94129e0538b6bb45/gnocchi.1ff2aabe-ba52-4c9d-ae58-d90bd653919b" 201 - "PUT http://[::1]:8080/v1/AUTH_afe588ce5e36492b94129e0538b6bb45/gnocchi.1ff2aabe-ba52-4c9d-ae58-d90bd653919b" "tx321f4fe1441a47ea99b9c-00693cb6c4" "proxy-server 90180" 0.0708 "-" 97099 0
Dec 12 19:43:48 np0005557753.novalocal container-server[97096]: ::1 - - [13/Dec/2025:00:43:48 +0000] "PUT /1/163018/AUTH_afe588ce5e36492b94129e0538b6bb45/gnocchi.7d2a9191-781f-4c9e-af41-6763c32f2009/1764720000.0_mean_300.0_v3" 201 - "PUT http://[::1]:8080/1/204113/AUTH_afe588ce5e36492b94129e0538b6bb45/gnocchi.7d2a9191-781f-4c9e-af41-6763c32f2009/1764720000.0_mean_300.0_v3" "txd29339ea83714900a2fda-00693cb6c4" "object-server 97402" 0.0019 "-" 97096 0
Dec 12 19:43:48 np0005557753.novalocal container-server[97098]: ::1 - - [13/Dec/2025:00:43:48 +0000] "PUT /2/163018/AUTH_afe588ce5e36492b94129e0538b6bb45/gnocchi.7d2a9191-781f-4c9e-af41-6763c32f2009/1764720000.0_mean_300.0_v3" 201 - "PUT http://[::1]:8080/3/204113/AUTH_afe588ce5e36492b94129e0538b6bb45/gnocchi.7d2a9191-781f-4c9e-af41-6763c32f2009/1764720000.0_mean_300.0_v3" "txd29339ea83714900a2fda-00693cb6c4" "object-server 97399" 0.0011 "-" 97098 0
Dec 12 19:43:48 np0005557753.novalocal object-server[97402]: ::1 - - [13/Dec/2025:00:43:48 +0000] "PUT /1/204113/AUTH_afe588ce5e36492b94129e0538b6bb45/gnocchi.7d2a9191-781f-4c9e-af41-6763c32f2009/1764720000.0_mean_300.0_v3" 201 - "PUT http://[::1]:8080/v1/AUTH_afe588ce5e36492b94129e0538b6bb45/gnocchi.7d2a9191-781f-4c9e-af41-6763c32f2009/1764720000.0_mean_300.0_v3" "txd29339ea83714900a2fda-00693cb6c4" "proxy-server 90180" 0.0179 "-" 97402 0
Dec 12 19:43:48 np0005557753.novalocal container-server[97098]: ::1 - - [13/Dec/2025:00:43:48 +0000] "PUT /3/163018/AUTH_afe588ce5e36492b94129e0538b6bb45/gnocchi.7d2a9191-781f-4c9e-af41-6763c32f2009/1764720000.0_mean_300.0_v3" 201 - "PUT http://[::1]:8080/2/204113/AUTH_afe588ce5e36492b94129e0538b6bb45/gnocchi.7d2a9191-781f-4c9e-af41-6763c32f2009/1764720000.0_mean_300.0_v3" "txd29339ea83714900a2fda-00693cb6c4" "object-server 97402" 0.0005 "-" 97098 0
Dec 12 19:43:48 np0005557753.novalocal object-server[97402]: ::1 - - [13/Dec/2025:00:43:48 +0000] "PUT /2/204113/AUTH_afe588ce5e36492b94129e0538b6bb45/gnocchi.7d2a9191-781f-4c9e-af41-6763c32f2009/1764720000.0_mean_300.0_v3" 201 - "PUT http://[::1]:8080/v1/AUTH_afe588ce5e36492b94129e0538b6bb45/gnocchi.7d2a9191-781f-4c9e-af41-6763c32f2009/1764720000.0_mean_300.0_v3" "txd29339ea83714900a2fda-00693cb6c4" "proxy-server 90180" 0.0187 "-" 97402 0
Dec 12 19:43:48 np0005557753.novalocal object-server[97399]: ::1 - - [13/Dec/2025:00:43:48 +0000] "PUT /3/204113/AUTH_afe588ce5e36492b94129e0538b6bb45/gnocchi.7d2a9191-781f-4c9e-af41-6763c32f2009/1764720000.0_mean_300.0_v3" 201 - "PUT http://[::1]:8080/v1/AUTH_afe588ce5e36492b94129e0538b6bb45/gnocchi.7d2a9191-781f-4c9e-af41-6763c32f2009/1764720000.0_mean_300.0_v3" "txd29339ea83714900a2fda-00693cb6c4" "proxy-server 90180" 0.0196 "-" 97399 0
Dec 12 19:43:48 np0005557753.novalocal proxy-server[90180]: ::1 ::1 13/Dec/2025/00/43/48 PUT /v1/AUTH_afe588ce5e36492b94129e0538b6bb45/gnocchi.7d2a9191-781f-4c9e-af41-6763c32f2009/1764720000.0_mean_300.0_v3 HTTP/1.0 201 - python-swiftclient-4.2.0 gAAAAABpPLaCrEYT... 16 - - txd29339ea83714900a2fda-00693cb6c4 - 0.0301 - - 1765586628.621551991 1765586628.651691675 0
Dec 12 19:43:48 np0005557753.novalocal account-server[96805]: ::1 - - [13/Dec/2025:00:43:48 +0000] "PUT /3/105149/AUTH_afe588ce5e36492b94129e0538b6bb45/gnocchi.1ff2aabe-ba52-4c9d-ae58-d90bd653919b" 201 - "PUT http://[::1]:6001/2/257772/AUTH_afe588ce5e36492b94129e0538b6bb45/gnocchi.1ff2aabe-ba52-4c9d-ae58-d90bd653919b" "tx321f4fe1441a47ea99b9c-00693cb6c4" "container-server 97097" 0.0069 "-" 96805 0
Dec 12 19:43:48 np0005557753.novalocal container-server[97097]: ::1 - - [13/Dec/2025:00:43:48 +0000] "PUT /2/257772/AUTH_afe588ce5e36492b94129e0538b6bb45/gnocchi.1ff2aabe-ba52-4c9d-ae58-d90bd653919b" 201 - "PUT http://[::1]:8080/v1/AUTH_afe588ce5e36492b94129e0538b6bb45/gnocchi.1ff2aabe-ba52-4c9d-ae58-d90bd653919b" "tx321f4fe1441a47ea99b9c-00693cb6c4" "proxy-server 90180" 0.0212 "-" 97097 0
Dec 12 19:43:48 np0005557753.novalocal account-server[96805]: ::1 - - [13/Dec/2025:00:43:48 +0000] "PUT /1/105149/AUTH_afe588ce5e36492b94129e0538b6bb45/gnocchi.1ff2aabe-ba52-4c9d-ae58-d90bd653919b" 201 - "PUT http://[::1]:6001/3/257772/AUTH_afe588ce5e36492b94129e0538b6bb45/gnocchi.1ff2aabe-ba52-4c9d-ae58-d90bd653919b" "tx321f4fe1441a47ea99b9c-00693cb6c4" "container-server 97097" 0.0065 "-" 96805 0
Dec 12 19:43:48 np0005557753.novalocal container-server[97097]: ::1 - - [13/Dec/2025:00:43:48 +0000] "PUT /3/257772/AUTH_afe588ce5e36492b94129e0538b6bb45/gnocchi.1ff2aabe-ba52-4c9d-ae58-d90bd653919b" 201 - "PUT http://[::1]:8080/v1/AUTH_afe588ce5e36492b94129e0538b6bb45/gnocchi.1ff2aabe-ba52-4c9d-ae58-d90bd653919b" "tx321f4fe1441a47ea99b9c-00693cb6c4" "proxy-server 90180" 0.0905 "-" 97097 0
Dec 12 19:43:48 np0005557753.novalocal proxy-server[90180]: ::1 ::1 13/Dec/2025/00/43/48 PUT /v1/AUTH_afe588ce5e36492b94129e0538b6bb45/gnocchi.1ff2aabe-ba52-4c9d-ae58-d90bd653919b HTTP/1.0 201 - python-swiftclient-4.2.0 gAAAAABpPLaCpY4p... - - - tx321f4fe1441a47ea99b9c-00693cb6c4 - 0.1125 - - 1765586628.557266951 1765586628.669816494 0
Dec 12 19:43:48 np0005557753.novalocal container-server[97096]: ::1 - - [13/Dec/2025:00:43:48 +0000] "HEAD /1/257772/AUTH_afe588ce5e36492b94129e0538b6bb45/gnocchi.1ff2aabe-ba52-4c9d-ae58-d90bd653919b" 204 - "HEAD http://[::1]:8080/v1/AUTH_afe588ce5e36492b94129e0538b6bb45/gnocchi.1ff2aabe-ba52-4c9d-ae58-d90bd653919b?format=json&states=listing" "tx13158a0b1f2c4d08b3f68-00693cb6c4" "proxy-server 90180" 0.0024 "-" 97096 0
Dec 12 19:43:48 np0005557753.novalocal container-server[97098]: ::1 - - [13/Dec/2025:00:43:48 +0000] "PUT /2/70634/AUTH_afe588ce5e36492b94129e0538b6bb45/gnocchi.f067af33-9a55-4348-aa21-644e92620e09/1764720000.0_mean_300.0_v3" 201 - "PUT http://[::1]:8080/2/186346/AUTH_afe588ce5e36492b94129e0538b6bb45/gnocchi.f067af33-9a55-4348-aa21-644e92620e09/1764720000.0_mean_300.0_v3" "tx859c1608795243e2b9339-00693cb6c4" "object-server 97399" 0.0008 "-" 97098 0
Dec 12 19:43:48 np0005557753.novalocal container-server[97097]: ::1 - - [13/Dec/2025:00:43:48 +0000] "PUT /3/70634/AUTH_afe588ce5e36492b94129e0538b6bb45/gnocchi.f067af33-9a55-4348-aa21-644e92620e09/1764720000.0_mean_300.0_v3" 201 - "PUT http://[::1]:8080/3/186346/AUTH_afe588ce5e36492b94129e0538b6bb45/gnocchi.f067af33-9a55-4348-aa21-644e92620e09/1764720000.0_mean_300.0_v3" "tx859c1608795243e2b9339-00693cb6c4" "object-server 97400" 0.0007 "-" 97097 0
Dec 12 19:43:48 np0005557753.novalocal object-server[97399]: ::1 - - [13/Dec/2025:00:43:48 +0000] "PUT /2/186346/AUTH_afe588ce5e36492b94129e0538b6bb45/gnocchi.f067af33-9a55-4348-aa21-644e92620e09/1764720000.0_mean_300.0_v3" 201 - "PUT http://[::1]:8080/v1/AUTH_afe588ce5e36492b94129e0538b6bb45/gnocchi.f067af33-9a55-4348-aa21-644e92620e09/1764720000.0_mean_300.0_v3" "tx859c1608795243e2b9339-00693cb6c4" "proxy-server 90180" 0.0144 "-" 97399 0
Dec 12 19:43:48 np0005557753.novalocal container-server[97098]: ::1 - - [13/Dec/2025:00:43:48 +0000] "PUT /1/70634/AUTH_afe588ce5e36492b94129e0538b6bb45/gnocchi.f067af33-9a55-4348-aa21-644e92620e09/1764720000.0_mean_300.0_v3" 201 - "PUT http://[::1]:8080/1/186346/AUTH_afe588ce5e36492b94129e0538b6bb45/gnocchi.f067af33-9a55-4348-aa21-644e92620e09/1764720000.0_mean_300.0_v3" "tx859c1608795243e2b9339-00693cb6c4" "object-server 97402" 0.0004 "-" 97098 0
Dec 12 19:43:48 np0005557753.novalocal object-server[97400]: ::1 - - [13/Dec/2025:00:43:48 +0000] "PUT /3/186346/AUTH_afe588ce5e36492b94129e0538b6bb45/gnocchi.f067af33-9a55-4348-aa21-644e92620e09/1764720000.0_mean_300.0_v3" 201 - "PUT http://[::1]:8080/v1/AUTH_afe588ce5e36492b94129e0538b6bb45/gnocchi.f067af33-9a55-4348-aa21-644e92620e09/1764720000.0_mean_300.0_v3" "tx859c1608795243e2b9339-00693cb6c4" "proxy-server 90180" 0.0148 "-" 97400 0
Dec 12 19:43:48 np0005557753.novalocal object-server[97402]: ::1 - - [13/Dec/2025:00:43:48 +0000] "PUT /1/186346/AUTH_afe588ce5e36492b94129e0538b6bb45/gnocchi.f067af33-9a55-4348-aa21-644e92620e09/1764720000.0_mean_300.0_v3" 201 - "PUT http://[::1]:8080/v1/AUTH_afe588ce5e36492b94129e0538b6bb45/gnocchi.f067af33-9a55-4348-aa21-644e92620e09/1764720000.0_mean_300.0_v3" "tx859c1608795243e2b9339-00693cb6c4" "proxy-server 90180" 0.0169 "-" 97402 0
Dec 12 19:43:48 np0005557753.novalocal proxy-server[90180]: ::1 ::1 13/Dec/2025/00/43/48 PUT /v1/AUTH_afe588ce5e36492b94129e0538b6bb45/gnocchi.f067af33-9a55-4348-aa21-644e92620e09/1764720000.0_mean_300.0_v3 HTTP/1.0 201 - python-swiftclient-4.2.0 gAAAAABpPLaCrEYT... 16 - - tx859c1608795243e2b9339-00693cb6c4 - 0.0347 - - 1765586628.658185720 1765586628.692867517 0
Dec 12 19:43:48 np0005557753.novalocal container-server[97099]: ::1 - - [13/Dec/2025:00:43:48 +0000] "GET /3/257772/AUTH_afe588ce5e36492b94129e0538b6bb45/gnocchi.1ff2aabe-ba52-4c9d-ae58-d90bd653919b" 200 2 "GET http://[::1]:8080/v1/AUTH_afe588ce5e36492b94129e0538b6bb45/gnocchi.1ff2aabe-ba52-4c9d-ae58-d90bd653919b?format=json&states=listing" "tx13158a0b1f2c4d08b3f68-00693cb6c4" "proxy-server 90180" 0.0020 "-" 97099 0
Dec 12 19:43:48 np0005557753.novalocal proxy-server[90180]: ::1 ::1 13/Dec/2025/00/43/48 GET /v1/AUTH_afe588ce5e36492b94129e0538b6bb45/gnocchi.1ff2aabe-ba52-4c9d-ae58-d90bd653919b%3Fformat%3Djson%26states%3Dlisting HTTP/1.0 200 - python-swiftclient-4.2.0 gAAAAABpPLaCpY4p... - 2 - tx13158a0b1f2c4d08b3f68-00693cb6c4 - 0.0279 - - 1765586628.673912287 1765586628.701798201 0
Dec 12 19:43:48 np0005557753.novalocal object-server[97400]: ::1 - - [13/Dec/2025:00:43:48 +0000] "GET /2/253386/AUTH_afe588ce5e36492b94129e0538b6bb45/gnocchi.1ff2aabe-ba52-4c9d-ae58-d90bd653919b/1764720000.0_mean_300.0_v3" 404 70 "GET http://[::1]:8080/v1/AUTH_afe588ce5e36492b94129e0538b6bb45/gnocchi.1ff2aabe-ba52-4c9d-ae58-d90bd653919b/1764720000.0_mean_300.0_v3" "tx01b751aa79c446e3a165f-00693cb6c4" "proxy-server 90180" 0.0003 "-" 97400 0
Dec 12 19:43:48 np0005557753.novalocal object-server[97402]: ::1 - - [13/Dec/2025:00:43:48 +0000] "GET /3/253386/AUTH_afe588ce5e36492b94129e0538b6bb45/gnocchi.1ff2aabe-ba52-4c9d-ae58-d90bd653919b/1764720000.0_mean_300.0_v3" 404 70 "GET http://[::1]:8080/v1/AUTH_afe588ce5e36492b94129e0538b6bb45/gnocchi.1ff2aabe-ba52-4c9d-ae58-d90bd653919b/1764720000.0_mean_300.0_v3" "tx01b751aa79c446e3a165f-00693cb6c4" "proxy-server 90180" 0.0005 "-" 97402 0
Dec 12 19:43:48 np0005557753.novalocal object-server[97401]: ::1 - - [13/Dec/2025:00:43:48 +0000] "GET /1/253386/AUTH_afe588ce5e36492b94129e0538b6bb45/gnocchi.1ff2aabe-ba52-4c9d-ae58-d90bd653919b/1764720000.0_mean_300.0_v3" 404 70 "GET http://[::1]:8080/v1/AUTH_afe588ce5e36492b94129e0538b6bb45/gnocchi.1ff2aabe-ba52-4c9d-ae58-d90bd653919b/1764720000.0_mean_300.0_v3" "tx01b751aa79c446e3a165f-00693cb6c4" "proxy-server 90180" 0.0005 "-" 97401 0
Dec 12 19:43:48 np0005557753.novalocal container-server[97098]: ::1 - - [13/Dec/2025:00:43:48 +0000] "PUT /2/163018/AUTH_afe588ce5e36492b94129e0538b6bb45/gnocchi.7d2a9191-781f-4c9e-af41-6763c32f2009/none_v3" 201 - "PUT http://[::1]:8080/3/221194/AUTH_afe588ce5e36492b94129e0538b6bb45/gnocchi.7d2a9191-781f-4c9e-af41-6763c32f2009/none_v3" "tx26a278610b374d9398aad-00693cb6c4" "object-server 97401" 0.0018 "-" 97098 0
Dec 12 19:43:48 np0005557753.novalocal object-server[97401]: ::1 - - [13/Dec/2025:00:43:48 +0000] "PUT /3/221194/AUTH_afe588ce5e36492b94129e0538b6bb45/gnocchi.7d2a9191-781f-4c9e-af41-6763c32f2009/none_v3" 201 - "PUT http://[::1]:8080/v1/AUTH_afe588ce5e36492b94129e0538b6bb45/gnocchi.7d2a9191-781f-4c9e-af41-6763c32f2009/none_v3" "tx26a278610b374d9398aad-00693cb6c4" "proxy-server 90180" 0.0160 "-" 97401 0
Dec 12 19:43:48 np0005557753.novalocal proxy-server[90180]: ::1 ::1 13/Dec/2025/00/43/48 GET /v1/AUTH_afe588ce5e36492b94129e0538b6bb45/gnocchi.1ff2aabe-ba52-4c9d-ae58-d90bd653919b/1764720000.0_mean_300.0_v3 HTTP/1.0 404 - python-swiftclient-4.2.0 gAAAAABpPLaCpY4p... - 70 - tx01b751aa79c446e3a165f-00693cb6c4 - 0.0174 - - 1765586628.709100008 1765586628.726481199 0
Dec 12 19:43:48 np0005557753.novalocal container-server[97099]: ::1 - - [13/Dec/2025:00:43:48 +0000] "PUT /3/163018/AUTH_afe588ce5e36492b94129e0538b6bb45/gnocchi.7d2a9191-781f-4c9e-af41-6763c32f2009/none_v3" 201 - "PUT http://[::1]:8080/2/221194/AUTH_afe588ce5e36492b94129e0538b6bb45/gnocchi.7d2a9191-781f-4c9e-af41-6763c32f2009/none_v3" "tx26a278610b374d9398aad-00693cb6c4" "object-server 97399" 0.0007 "-" 97099 0
Dec 12 19:43:48 np0005557753.novalocal object-server[97399]: ::1 - - [13/Dec/2025:00:43:48 +0000] "PUT /2/221194/AUTH_afe588ce5e36492b94129e0538b6bb45/gnocchi.7d2a9191-781f-4c9e-af41-6763c32f2009/none_v3" 201 - "PUT http://[::1]:8080/v1/AUTH_afe588ce5e36492b94129e0538b6bb45/gnocchi.7d2a9191-781f-4c9e-af41-6763c32f2009/none_v3" "tx26a278610b374d9398aad-00693cb6c4" "proxy-server 90180" 0.0185 "-" 97399 0
Dec 12 19:43:48 np0005557753.novalocal container-server[97099]: ::1 - - [13/Dec/2025:00:43:48 +0000] "PUT /1/163018/AUTH_afe588ce5e36492b94129e0538b6bb45/gnocchi.7d2a9191-781f-4c9e-af41-6763c32f2009/none_v3" 201 - "PUT http://[::1]:8080/1/221194/AUTH_afe588ce5e36492b94129e0538b6bb45/gnocchi.7d2a9191-781f-4c9e-af41-6763c32f2009/none_v3" "tx26a278610b374d9398aad-00693cb6c4" "object-server 97399" 0.0005 "-" 97099 0
Dec 12 19:43:48 np0005557753.novalocal object-server[97399]: ::1 - - [13/Dec/2025:00:43:48 +0000] "PUT /1/221194/AUTH_afe588ce5e36492b94129e0538b6bb45/gnocchi.7d2a9191-781f-4c9e-af41-6763c32f2009/none_v3" 201 - "PUT http://[::1]:8080/v1/AUTH_afe588ce5e36492b94129e0538b6bb45/gnocchi.7d2a9191-781f-4c9e-af41-6763c32f2009/none_v3" "tx26a278610b374d9398aad-00693cb6c4" "proxy-server 90180" 0.0231 "-" 97399 0
Dec 12 19:43:48 np0005557753.novalocal proxy-server[90180]: ::1 ::1 13/Dec/2025/00/43/48 PUT /v1/AUTH_afe588ce5e36492b94129e0538b6bb45/gnocchi.7d2a9191-781f-4c9e-af41-6763c32f2009/none_v3 HTTP/1.0 201 - python-swiftclient-4.2.0 gAAAAABpPLaCrEYT... 22 - - tx26a278610b374d9398aad-00693cb6c4 - 0.0405 - - 1765586628.698355913 1765586628.738878965 0
Dec 12 19:43:48 np0005557753.novalocal container-server[97097]: ::1 - - [13/Dec/2025:00:43:48 +0000] "PUT /2/257772/AUTH_afe588ce5e36492b94129e0538b6bb45/gnocchi.1ff2aabe-ba52-4c9d-ae58-d90bd653919b/1764720000.0_mean_300.0_v3" 201 - "PUT http://[::1]:8080/2/253386/AUTH_afe588ce5e36492b94129e0538b6bb45/gnocchi.1ff2aabe-ba52-4c9d-ae58-d90bd653919b/1764720000.0_mean_300.0_v3" "txebfd04fe60e246b2a8eda-00693cb6c4" "object-server 97401" 0.0007 "-" 97097 0
Dec 12 19:43:48 np0005557753.novalocal container-server[97099]: ::1 - - [13/Dec/2025:00:43:48 +0000] "PUT /2/70634/AUTH_afe588ce5e36492b94129e0538b6bb45/gnocchi.f067af33-9a55-4348-aa21-644e92620e09/none_v3" 201 - "PUT http://[::1]:8080/2/195148/AUTH_afe588ce5e36492b94129e0538b6bb45/gnocchi.f067af33-9a55-4348-aa21-644e92620e09/none_v3" "tx713b43e5b56847e2bd688-00693cb6c4" "object-server 97399" 0.0006 "-" 97099 0
Dec 12 19:43:48 np0005557753.novalocal object-server[97401]: ::1 - - [13/Dec/2025:00:43:48 +0000] "PUT /2/253386/AUTH_afe588ce5e36492b94129e0538b6bb45/gnocchi.1ff2aabe-ba52-4c9d-ae58-d90bd653919b/1764720000.0_mean_300.0_v3" 201 - "PUT http://[::1]:8080/v1/AUTH_afe588ce5e36492b94129e0538b6bb45/gnocchi.1ff2aabe-ba52-4c9d-ae58-d90bd653919b/1764720000.0_mean_300.0_v3" "txebfd04fe60e246b2a8eda-00693cb6c4" "proxy-server 90180" 0.0237 "-" 97401 0
Dec 12 19:43:48 np0005557753.novalocal container-server[97099]: ::1 - - [13/Dec/2025:00:43:48 +0000] "PUT /3/257772/AUTH_afe588ce5e36492b94129e0538b6bb45/gnocchi.1ff2aabe-ba52-4c9d-ae58-d90bd653919b/1764720000.0_mean_300.0_v3" 201 - "PUT http://[::1]:8080/3/253386/AUTH_afe588ce5e36492b94129e0538b6bb45/gnocchi.1ff2aabe-ba52-4c9d-ae58-d90bd653919b/1764720000.0_mean_300.0_v3" "txebfd04fe60e246b2a8eda-00693cb6c4" "object-server 97399" 0.0004 "-" 97099 0
Dec 12 19:43:48 np0005557753.novalocal object-server[97399]: ::1 - - [13/Dec/2025:00:43:48 +0000] "PUT /2/195148/AUTH_afe588ce5e36492b94129e0538b6bb45/gnocchi.f067af33-9a55-4348-aa21-644e92620e09/none_v3" 201 - "PUT http://[::1]:8080/v1/AUTH_afe588ce5e36492b94129e0538b6bb45/gnocchi.f067af33-9a55-4348-aa21-644e92620e09/none_v3" "tx713b43e5b56847e2bd688-00693cb6c4" "proxy-server 90180" 0.0175 "-" 97399 0
Dec 12 19:43:48 np0005557753.novalocal container-server[97096]: ::1 - - [13/Dec/2025:00:43:48 +0000] "PUT /3/70634/AUTH_afe588ce5e36492b94129e0538b6bb45/gnocchi.f067af33-9a55-4348-aa21-644e92620e09/none_v3" 201 - "PUT http://[::1]:8080/3/195148/AUTH_afe588ce5e36492b94129e0538b6bb45/gnocchi.f067af33-9a55-4348-aa21-644e92620e09/none_v3" "tx713b43e5b56847e2bd688-00693cb6c4" "object-server 97401" 0.0010 "-" 97096 0
Dec 12 19:43:48 np0005557753.novalocal object-server[97399]: ::1 - - [13/Dec/2025:00:43:48 +0000] "PUT /3/253386/AUTH_afe588ce5e36492b94129e0538b6bb45/gnocchi.1ff2aabe-ba52-4c9d-ae58-d90bd653919b/1764720000.0_mean_300.0_v3" 201 - "PUT http://[::1]:8080/v1/AUTH_afe588ce5e36492b94129e0538b6bb45/gnocchi.1ff2aabe-ba52-4c9d-ae58-d90bd653919b/1764720000.0_mean_300.0_v3" "txebfd04fe60e246b2a8eda-00693cb6c4" "proxy-server 90180" 0.0266 "-" 97399 0
Dec 12 19:43:48 np0005557753.novalocal object-server[97401]: ::1 - - [13/Dec/2025:00:43:48 +0000] "PUT /3/195148/AUTH_afe588ce5e36492b94129e0538b6bb45/gnocchi.f067af33-9a55-4348-aa21-644e92620e09/none_v3" 201 - "PUT http://[::1]:8080/v1/AUTH_afe588ce5e36492b94129e0538b6bb45/gnocchi.f067af33-9a55-4348-aa21-644e92620e09/none_v3" "tx713b43e5b56847e2bd688-00693cb6c4" "proxy-server 90180" 0.0194 "-" 97401 0
Dec 12 19:43:48 np0005557753.novalocal container-server[97096]: ::1 - - [13/Dec/2025:00:43:48 +0000] "PUT /1/70634/AUTH_afe588ce5e36492b94129e0538b6bb45/gnocchi.f067af33-9a55-4348-aa21-644e92620e09/none_v3" 201 - "PUT http://[::1]:8080/1/195148/AUTH_afe588ce5e36492b94129e0538b6bb45/gnocchi.f067af33-9a55-4348-aa21-644e92620e09/none_v3" "tx713b43e5b56847e2bd688-00693cb6c4" "object-server 97401" 0.0006 "-" 97096 0
Dec 12 19:43:48 np0005557753.novalocal container-server[97099]: ::1 - - [13/Dec/2025:00:43:48 +0000] "PUT /1/257772/AUTH_afe588ce5e36492b94129e0538b6bb45/gnocchi.1ff2aabe-ba52-4c9d-ae58-d90bd653919b/1764720000.0_mean_300.0_v3" 201 - "PUT http://[::1]:8080/1/253386/AUTH_afe588ce5e36492b94129e0538b6bb45/gnocchi.1ff2aabe-ba52-4c9d-ae58-d90bd653919b/1764720000.0_mean_300.0_v3" "txebfd04fe60e246b2a8eda-00693cb6c4" "object-server 97401" 0.0006 "-" 97099 0
Dec 12 19:43:48 np0005557753.novalocal object-server[97401]: ::1 - - [13/Dec/2025:00:43:48 +0000] "PUT /1/195148/AUTH_afe588ce5e36492b94129e0538b6bb45/gnocchi.f067af33-9a55-4348-aa21-644e92620e09/none_v3" 201 - "PUT http://[::1]:8080/v1/AUTH_afe588ce5e36492b94129e0538b6bb45/gnocchi.f067af33-9a55-4348-aa21-644e92620e09/none_v3" "tx713b43e5b56847e2bd688-00693cb6c4" "proxy-server 90180" 0.0227 "-" 97401 0
Dec 12 19:43:48 np0005557753.novalocal object-server[97401]: ::1 - - [13/Dec/2025:00:43:48 +0000] "PUT /1/253386/AUTH_afe588ce5e36492b94129e0538b6bb45/gnocchi.1ff2aabe-ba52-4c9d-ae58-d90bd653919b/1764720000.0_mean_300.0_v3" 201 - "PUT http://[::1]:8080/v1/AUTH_afe588ce5e36492b94129e0538b6bb45/gnocchi.1ff2aabe-ba52-4c9d-ae58-d90bd653919b/1764720000.0_mean_300.0_v3" "txebfd04fe60e246b2a8eda-00693cb6c4" "proxy-server 90180" 0.0295 "-" 97401 0
Dec 12 19:43:48 np0005557753.novalocal proxy-server[90180]: ::1 ::1 13/Dec/2025/00/43/48 PUT /v1/AUTH_afe588ce5e36492b94129e0538b6bb45/gnocchi.f067af33-9a55-4348-aa21-644e92620e09/none_v3 HTTP/1.0 201 - python-swiftclient-4.2.0 gAAAAABpPLaCrEYT... 22 - - tx713b43e5b56847e2bd688-00693cb6c4 - 0.0291 - - 1765586628.741462469 1765586628.770574331 0
Dec 12 19:43:48 np0005557753.novalocal proxy-server[90180]: ::1 ::1 13/Dec/2025/00/43/48 PUT /v1/AUTH_afe588ce5e36492b94129e0538b6bb45/gnocchi.1ff2aabe-ba52-4c9d-ae58-d90bd653919b/1764720000.0_mean_300.0_v3 HTTP/1.0 201 - python-swiftclient-4.2.0 gAAAAABpPLaCpY4p... 16 - - txebfd04fe60e246b2a8eda-00693cb6c4 - 0.0420 - - 1765586628.730267286 1765586628.772259951 0
Dec 12 19:43:48 np0005557753.novalocal container-server[97096]: ::1 - - [13/Dec/2025:00:43:48 +0000] "PUT /3/257772/AUTH_afe588ce5e36492b94129e0538b6bb45/gnocchi.1ff2aabe-ba52-4c9d-ae58-d90bd653919b/none_v3" 201 - "PUT http://[::1]:8080/2/234388/AUTH_afe588ce5e36492b94129e0538b6bb45/gnocchi.1ff2aabe-ba52-4c9d-ae58-d90bd653919b/none_v3" "txf26abe37fa334705a15a5-00693cb6c4" "object-server 97399" 0.0008 "-" 97096 0
Dec 12 19:43:48 np0005557753.novalocal container-server[97098]: ::1 - - [13/Dec/2025:00:43:48 +0000] "PUT /1/257772/AUTH_afe588ce5e36492b94129e0538b6bb45/gnocchi.1ff2aabe-ba52-4c9d-ae58-d90bd653919b/none_v3" 201 - "PUT http://[::1]:8080/3/234388/AUTH_afe588ce5e36492b94129e0538b6bb45/gnocchi.1ff2aabe-ba52-4c9d-ae58-d90bd653919b/none_v3" "txf26abe37fa334705a15a5-00693cb6c4" "object-server 97399" 0.0007 "-" 97098 0
Dec 12 19:43:48 np0005557753.novalocal object-server[97402]: ::1 - - [13/Dec/2025:00:43:48 +0000] "GET /1/241799/AUTH_afe588ce5e36492b94129e0538b6bb45/gnocchi.79957659-2de1-457f-96f7-ca5a0be1f57d/none_v3" 200 22 "GET http://[::1]:8080/v1/AUTH_afe588ce5e36492b94129e0538b6bb45/gnocchi.79957659-2de1-457f-96f7-ca5a0be1f57d/none_v3" "txf38bb70837034c21bbfbb-00693cb6c4" "proxy-server 90180" 0.0009 "-" 97402 0
Dec 12 19:43:48 np0005557753.novalocal object-server[97399]: ::1 - - [13/Dec/2025:00:43:48 +0000] "PUT /2/234388/AUTH_afe588ce5e36492b94129e0538b6bb45/gnocchi.1ff2aabe-ba52-4c9d-ae58-d90bd653919b/none_v3" 201 - "PUT http://[::1]:8080/v1/AUTH_afe588ce5e36492b94129e0538b6bb45/gnocchi.1ff2aabe-ba52-4c9d-ae58-d90bd653919b/none_v3" "txf26abe37fa334705a15a5-00693cb6c4" "proxy-server 90180" 0.0169 "-" 97399 0
Dec 12 19:43:48 np0005557753.novalocal container-server[97097]: ::1 - - [13/Dec/2025:00:43:48 +0000] "PUT /2/257772/AUTH_afe588ce5e36492b94129e0538b6bb45/gnocchi.1ff2aabe-ba52-4c9d-ae58-d90bd653919b/none_v3" 201 - "PUT http://[::1]:8080/1/234388/AUTH_afe588ce5e36492b94129e0538b6bb45/gnocchi.1ff2aabe-ba52-4c9d-ae58-d90bd653919b/none_v3" "txf26abe37fa334705a15a5-00693cb6c4" "object-server 97401" 0.0008 "-" 97097 0
Dec 12 19:43:48 np0005557753.novalocal object-server[97401]: ::1 - - [13/Dec/2025:00:43:48 +0000] "PUT /1/234388/AUTH_afe588ce5e36492b94129e0538b6bb45/gnocchi.1ff2aabe-ba52-4c9d-ae58-d90bd653919b/none_v3" 201 - "PUT http://[::1]:8080/v1/AUTH_afe588ce5e36492b94129e0538b6bb45/gnocchi.1ff2aabe-ba52-4c9d-ae58-d90bd653919b/none_v3" "txf26abe37fa334705a15a5-00693cb6c4" "proxy-server 90180" 0.0177 "-" 97401 0
Dec 12 19:43:48 np0005557753.novalocal object-server[97399]: ::1 - - [13/Dec/2025:00:43:48 +0000] "PUT /3/234388/AUTH_afe588ce5e36492b94129e0538b6bb45/gnocchi.1ff2aabe-ba52-4c9d-ae58-d90bd653919b/none_v3" 201 - "PUT http://[::1]:8080/v1/AUTH_afe588ce5e36492b94129e0538b6bb45/gnocchi.1ff2aabe-ba52-4c9d-ae58-d90bd653919b/none_v3" "txf26abe37fa334705a15a5-00693cb6c4" "proxy-server 90180" 0.0182 "-" 97399 0
Dec 12 19:43:48 np0005557753.novalocal proxy-server[90180]: ::1 ::1 13/Dec/2025/00/43/48 PUT /v1/AUTH_afe588ce5e36492b94129e0538b6bb45/gnocchi.1ff2aabe-ba52-4c9d-ae58-d90bd653919b/none_v3 HTTP/1.0 201 - python-swiftclient-4.2.0 gAAAAABpPLaCpY4p... 22 - - txf26abe37fa334705a15a5-00693cb6c4 - 0.0283 - - 1765586628.775604010 1765586628.803932190 0
Dec 12 19:43:48 np0005557753.novalocal proxy-server[90180]: ::1 ::1 13/Dec/2025/00/43/48 GET /v1/AUTH_afe588ce5e36492b94129e0538b6bb45/gnocchi.79957659-2de1-457f-96f7-ca5a0be1f57d/none_v3 HTTP/1.0 200 - python-swiftclient-4.2.0 gAAAAABpPLaCrEYT... - 22 - txf38bb70837034c21bbfbb-00693cb6c4 - 0.0146 - - 1765586628.791614056 1765586628.806164742 0
Dec 12 19:43:48 np0005557753.novalocal container-server[97098]: ::1 - - [13/Dec/2025:00:43:48 +0000] "GET /2/230223/AUTH_afe588ce5e36492b94129e0538b6bb45/gnocchi.79957659-2de1-457f-96f7-ca5a0be1f57d" 200 357 "GET http://[::1]:8080/v1/AUTH_afe588ce5e36492b94129e0538b6bb45/gnocchi.79957659-2de1-457f-96f7-ca5a0be1f57d?format=json&states=listing" "txdb9da818eb984dca8a07b-00693cb6c4" "proxy-server 90180" 0.0114 "-" 97098 0
Dec 12 19:43:48 np0005557753.novalocal object-server[97401]: ::1 - - [13/Dec/2025:00:43:48 +0000] "GET /1/221194/AUTH_afe588ce5e36492b94129e0538b6bb45/gnocchi.7d2a9191-781f-4c9e-af41-6763c32f2009/none_v3" 200 22 "GET http://[::1]:8080/v1/AUTH_afe588ce5e36492b94129e0538b6bb45/gnocchi.7d2a9191-781f-4c9e-af41-6763c32f2009/none_v3" "txc18ab92c6d0b4b938ba58-00693cb6c4" "proxy-server 90180" 0.0016 "-" 97401 0
Dec 12 19:43:48 np0005557753.novalocal proxy-server[90180]: ::1 ::1 13/Dec/2025/00/43/48 GET /v1/AUTH_afe588ce5e36492b94129e0538b6bb45/gnocchi.79957659-2de1-457f-96f7-ca5a0be1f57d%3Fformat%3Djson%26states%3Dlisting HTTP/1.0 200 - python-swiftclient-4.2.0 gAAAAABpPLaCrEYT... - 357 - txdb9da818eb984dca8a07b-00693cb6c4 - 0.0245 - - 1765586628.812323570 1765586628.836832762 0
Dec 12 19:43:48 np0005557753.novalocal proxy-server[90180]: ::1 ::1 13/Dec/2025/00/43/48 GET /v1/AUTH_afe588ce5e36492b94129e0538b6bb45/gnocchi.7d2a9191-781f-4c9e-af41-6763c32f2009/none_v3 HTTP/1.0 200 - python-swiftclient-4.2.0 gAAAAABpPLaCpY4p... - 22 - txc18ab92c6d0b4b938ba58-00693cb6c4 - 0.0188 - - 1765586628.821481466 1765586628.840322733 0
Dec 12 19:43:48 np0005557753.novalocal object-server[97402]: ::1 - - [13/Dec/2025:00:43:48 +0000] "GET /1/195148/AUTH_afe588ce5e36492b94129e0538b6bb45/gnocchi.f067af33-9a55-4348-aa21-644e92620e09/none_v3" 200 22 "GET http://[::1]:8080/v1/AUTH_afe588ce5e36492b94129e0538b6bb45/gnocchi.f067af33-9a55-4348-aa21-644e92620e09/none_v3" "tx450ae744e70d425abdac2-00693cb6c4" "proxy-server 90180" 0.0011 "-" 97402 0
Dec 12 19:43:48 np0005557753.novalocal proxy-server[90180]: ::1 ::1 13/Dec/2025/00/43/48 GET /v1/AUTH_afe588ce5e36492b94129e0538b6bb45/gnocchi.f067af33-9a55-4348-aa21-644e92620e09/none_v3 HTTP/1.0 200 - python-swiftclient-4.2.0 gAAAAABpPLaCpY4p... - 22 - tx450ae744e70d425abdac2-00693cb6c4 - 0.0110 - - 1765586628.843403339 1765586628.854363680 0
Dec 12 19:43:48 np0005557753.novalocal container-server[97099]: ::1 - - [13/Dec/2025:00:43:48 +0000] "GET /3/230223/AUTH_afe588ce5e36492b94129e0538b6bb45/gnocchi.79957659-2de1-457f-96f7-ca5a0be1f57d" 200 2 "GET http://[::1]:8080/v1/AUTH_afe588ce5e36492b94129e0538b6bb45/gnocchi.79957659-2de1-457f-96f7-ca5a0be1f57d?format=json&marker=none_v3&states=listing" "txe0635a4ab9f14555bdf91-00693cb6c4" "proxy-server 90180" 0.0127 "-" 97099 0
