Dec 12 19:43:08 np0005557753.novalocal container-server[97099]: ::1 - - [13/Dec/2025:00:43:08 +0000] "PUT /1/185128/AUTH_afe588ce5e36492b94129e0538b6bb45/gnocchi.d233b664-04d7-4355-9340-740f2b109696/none_v3" 201 - "PUT http://[::1]:8080/1/204952/AUTH_afe588ce5e36492b94129e0538b6bb45/gnocchi.d233b664-04d7-4355-9340-740f2b109696/none_v3" "tx9e95218716fb41398e760-00693cb69c" "object-server 97401" 0.0006 "-" 97099 0
Dec 12 19:43:08 np0005557753.novalocal container-server[97096]: ::1 - - [13/Dec/2025:00:43:08 +0000] "PUT /3/185128/AUTH_afe588ce5e36492b94129e0538b6bb45/gnocchi.d233b664-04d7-4355-9340-740f2b109696/none_v3" 201 - "PUT http://[::1]:8080/2/204952/AUTH_afe588ce5e36492b94129e0538b6bb45/gnocchi.d233b664-04d7-4355-9340-740f2b109696/none_v3" "tx9e95218716fb41398e760-00693cb69c" "object-server 97402" 0.0007 "-" 97096 0
Dec 12 19:43:08 np0005557753.novalocal container-server[97096]: ::1 - - [13/Dec/2025:00:43:08 +0000] "PUT /2/100271/AUTH_afe588ce5e36492b94129e0538b6bb45/gnocchi.5899a4e9-aa0a-4e6c-b16a-703ad8f267a9/1764720000.0_mean_300.0_v3" 201 - "PUT http://[::1]:8080/2/48557/AUTH_afe588ce5e36492b94129e0538b6bb45/gnocchi.5899a4e9-aa0a-4e6c-b16a-703ad8f267a9/1764720000.0_mean_300.0_v3" "txc628338d116a4f64b6320-00693cb69c" "object-server 97402" 0.0004 "-" 97096 0
Dec 12 19:43:08 np0005557753.novalocal container-server[97097]: ::1 - - [13/Dec/2025:00:43:08 +0000] "PUT /1/100271/AUTH_afe588ce5e36492b94129e0538b6bb45/gnocchi.5899a4e9-aa0a-4e6c-b16a-703ad8f267a9/1764720000.0_mean_300.0_v3" 201 - "PUT http://[::1]:8080/3/48557/AUTH_afe588ce5e36492b94129e0538b6bb45/gnocchi.5899a4e9-aa0a-4e6c-b16a-703ad8f267a9/1764720000.0_mean_300.0_v3" "txc628338d116a4f64b6320-00693cb69c" "object-server 97402" 0.0005 "-" 97097 0
Dec 12 19:43:08 np0005557753.novalocal container-server[97097]: ::1 - - [13/Dec/2025:00:43:08 +0000] "PUT /3/100271/AUTH_afe588ce5e36492b94129e0538b6bb45/gnocchi.5899a4e9-aa0a-4e6c-b16a-703ad8f267a9/1764720000.0_mean_300.0_v3" 201 - "PUT http://[::1]:8080/1/48557/AUTH_afe588ce5e36492b94129e0538b6bb45/gnocchi.5899a4e9-aa0a-4e6c-b16a-703ad8f267a9/1764720000.0_mean_300.0_v3" "txc628338d116a4f64b6320-00693cb69c" "object-server 97402" 0.0003 "-" 97097 0
Dec 12 19:43:08 np0005557753.novalocal object-server[97401]: ::1 - - [13/Dec/2025:00:43:08 +0000] "PUT /1/204952/AUTH_afe588ce5e36492b94129e0538b6bb45/gnocchi.d233b664-04d7-4355-9340-740f2b109696/none_v3" 201 - "PUT http://[::1]:8080/v1/AUTH_afe588ce5e36492b94129e0538b6bb45/gnocchi.d233b664-04d7-4355-9340-740f2b109696/none_v3" "tx9e95218716fb41398e760-00693cb69c" "proxy-server 90180" 0.0203 "-" 97401 0
Dec 12 19:43:08 np0005557753.novalocal object-server[97402]: ::1 - - [13/Dec/2025:00:43:08 +0000] "PUT /2/48557/AUTH_afe588ce5e36492b94129e0538b6bb45/gnocchi.5899a4e9-aa0a-4e6c-b16a-703ad8f267a9/1764720000.0_mean_300.0_v3" 201 - "PUT http://[::1]:8080/v1/AUTH_afe588ce5e36492b94129e0538b6bb45/gnocchi.5899a4e9-aa0a-4e6c-b16a-703ad8f267a9/1764720000.0_mean_300.0_v3" "txc628338d116a4f64b6320-00693cb69c" "proxy-server 90180" 0.0154 "-" 97402 0
Dec 12 19:43:08 np0005557753.novalocal object-server[97402]: ::1 - - [13/Dec/2025:00:43:08 +0000] "PUT /2/204952/AUTH_afe588ce5e36492b94129e0538b6bb45/gnocchi.d233b664-04d7-4355-9340-740f2b109696/none_v3" 201 - "PUT http://[::1]:8080/v1/AUTH_afe588ce5e36492b94129e0538b6bb45/gnocchi.d233b664-04d7-4355-9340-740f2b109696/none_v3" "tx9e95218716fb41398e760-00693cb69c" "proxy-server 90180" 0.0214 "-" 97402 0
Dec 12 19:43:08 np0005557753.novalocal object-server[97402]: ::1 - - [13/Dec/2025:00:43:08 +0000] "PUT /1/48557/AUTH_afe588ce5e36492b94129e0538b6bb45/gnocchi.5899a4e9-aa0a-4e6c-b16a-703ad8f267a9/1764720000.0_mean_300.0_v3" 201 - "PUT http://[::1]:8080/v1/AUTH_afe588ce5e36492b94129e0538b6bb45/gnocchi.5899a4e9-aa0a-4e6c-b16a-703ad8f267a9/1764720000.0_mean_300.0_v3" "txc628338d116a4f64b6320-00693cb69c" "proxy-server 90180" 0.0175 "-" 97402 0
Dec 12 19:43:08 np0005557753.novalocal object-server[97402]: ::1 - - [13/Dec/2025:00:43:08 +0000] "PUT /3/48557/AUTH_afe588ce5e36492b94129e0538b6bb45/gnocchi.5899a4e9-aa0a-4e6c-b16a-703ad8f267a9/1764720000.0_mean_300.0_v3" 201 - "PUT http://[::1]:8080/v1/AUTH_afe588ce5e36492b94129e0538b6bb45/gnocchi.5899a4e9-aa0a-4e6c-b16a-703ad8f267a9/1764720000.0_mean_300.0_v3" "txc628338d116a4f64b6320-00693cb69c" "proxy-server 90180" 0.0189 "-" 97402 0
Dec 12 19:43:08 np0005557753.novalocal container-server[97097]: ::1 - - [13/Dec/2025:00:43:08 +0000] "PUT /2/185128/AUTH_afe588ce5e36492b94129e0538b6bb45/gnocchi.d233b664-04d7-4355-9340-740f2b109696/none_v3" 201 - "PUT http://[::1]:8080/3/204952/AUTH_afe588ce5e36492b94129e0538b6bb45/gnocchi.d233b664-04d7-4355-9340-740f2b109696/none_v3" "tx9e95218716fb41398e760-00693cb69c" "object-server 97401" 0.0003 "-" 97097 0
Dec 12 19:43:08 np0005557753.novalocal proxy-server[90180]: ::1 ::1 13/Dec/2025/00/43/08 PUT /v1/AUTH_afe588ce5e36492b94129e0538b6bb45/gnocchi.5899a4e9-aa0a-4e6c-b16a-703ad8f267a9/1764720000.0_mean_300.0_v3 HTTP/1.0 201 - python-swiftclient-4.2.0 gAAAAABpPLaCrEYT... 16 - - txc628338d116a4f64b6320-00693cb69c - 0.0288 - - 1765586588.919913292 1765586588.948756456 0
Dec 12 19:43:08 np0005557753.novalocal object-server[97401]: ::1 - - [13/Dec/2025:00:43:08 +0000] "PUT /3/204952/AUTH_afe588ce5e36492b94129e0538b6bb45/gnocchi.d233b664-04d7-4355-9340-740f2b109696/none_v3" 201 - "PUT http://[::1]:8080/v1/AUTH_afe588ce5e36492b94129e0538b6bb45/gnocchi.d233b664-04d7-4355-9340-740f2b109696/none_v3" "tx9e95218716fb41398e760-00693cb69c" "proxy-server 90180" 0.0231 "-" 97401 0
Dec 12 19:43:08 np0005557753.novalocal proxy-server[90180]: ::1 ::1 13/Dec/2025/00/43/08 PUT /v1/AUTH_afe588ce5e36492b94129e0538b6bb45/gnocchi.d233b664-04d7-4355-9340-740f2b109696/none_v3 HTTP/1.0 201 - python-swiftclient-4.2.0 gAAAAABpPLaCpY4p... 22 - - tx9e95218716fb41398e760-00693cb69c - 0.0299 - - 1765586588.920350552 1765586588.950297117 0
Dec 12 19:43:08 np0005557753.novalocal container-server[97099]: ::1 - - [13/Dec/2025:00:43:08 +0000] "PUT /2/100271/AUTH_afe588ce5e36492b94129e0538b6bb45/gnocchi.5899a4e9-aa0a-4e6c-b16a-703ad8f267a9/none_v3" 201 - "PUT http://[::1]:8080/2/217165/AUTH_afe588ce5e36492b94129e0538b6bb45/gnocchi.5899a4e9-aa0a-4e6c-b16a-703ad8f267a9/none_v3" "txb7efa5652ef04cdba928b-00693cb69c" "object-server 97402" 0.0005 "-" 97099 0
Dec 12 19:43:08 np0005557753.novalocal container-server[97099]: ::1 - - [13/Dec/2025:00:43:08 +0000] "PUT /3/100271/AUTH_afe588ce5e36492b94129e0538b6bb45/gnocchi.5899a4e9-aa0a-4e6c-b16a-703ad8f267a9/none_v3" 201 - "PUT http://[::1]:8080/3/217165/AUTH_afe588ce5e36492b94129e0538b6bb45/gnocchi.5899a4e9-aa0a-4e6c-b16a-703ad8f267a9/none_v3" "txb7efa5652ef04cdba928b-00693cb69c" "object-server 97399" 0.0003 "-" 97099 0
Dec 12 19:43:08 np0005557753.novalocal object-server[97402]: ::1 - - [13/Dec/2025:00:43:08 +0000] "PUT /2/217165/AUTH_afe588ce5e36492b94129e0538b6bb45/gnocchi.5899a4e9-aa0a-4e6c-b16a-703ad8f267a9/none_v3" 201 - "PUT http://[::1]:8080/v1/AUTH_afe588ce5e36492b94129e0538b6bb45/gnocchi.5899a4e9-aa0a-4e6c-b16a-703ad8f267a9/none_v3" "txb7efa5652ef04cdba928b-00693cb69c" "proxy-server 90180" 0.0126 "-" 97402 0
Dec 12 19:43:08 np0005557753.novalocal container-server[97098]: ::1 - - [13/Dec/2025:00:43:08 +0000] "HEAD /2/132162/AUTH_afe588ce5e36492b94129e0538b6bb45/gnocchi.4e752b77-b4cf-4a7f-9290-70f86cc67ce5" 404 - "HEAD http://[::1]:8080/v1/AUTH_afe588ce5e36492b94129e0538b6bb45/gnocchi.4e752b77-b4cf-4a7f-9290-70f86cc67ce5?format=json&states=listing" "txb067dda61457414abe60d-00693cb69c" "proxy-server 90180" 0.0005 "-" 97098 0
Dec 12 19:43:08 np0005557753.novalocal object-server[97399]: ::1 - - [13/Dec/2025:00:43:08 +0000] "PUT /3/217165/AUTH_afe588ce5e36492b94129e0538b6bb45/gnocchi.5899a4e9-aa0a-4e6c-b16a-703ad8f267a9/none_v3" 201 - "PUT http://[::1]:8080/v1/AUTH_afe588ce5e36492b94129e0538b6bb45/gnocchi.5899a4e9-aa0a-4e6c-b16a-703ad8f267a9/none_v3" "txb7efa5652ef04cdba928b-00693cb69c" "proxy-server 90180" 0.0139 "-" 97399 0
Dec 12 19:43:08 np0005557753.novalocal container-server[97099]: ::1 - - [13/Dec/2025:00:43:08 +0000] "PUT /1/100271/AUTH_afe588ce5e36492b94129e0538b6bb45/gnocchi.5899a4e9-aa0a-4e6c-b16a-703ad8f267a9/none_v3" 201 - "PUT http://[::1]:8080/1/217165/AUTH_afe588ce5e36492b94129e0538b6bb45/gnocchi.5899a4e9-aa0a-4e6c-b16a-703ad8f267a9/none_v3" "txb7efa5652ef04cdba928b-00693cb69c" "object-server 97401" 0.0003 "-" 97099 0
Dec 12 19:43:08 np0005557753.novalocal object-server[97401]: ::1 - - [13/Dec/2025:00:43:08 +0000] "PUT /1/217165/AUTH_afe588ce5e36492b94129e0538b6bb45/gnocchi.5899a4e9-aa0a-4e6c-b16a-703ad8f267a9/none_v3" 201 - "PUT http://[::1]:8080/v1/AUTH_afe588ce5e36492b94129e0538b6bb45/gnocchi.5899a4e9-aa0a-4e6c-b16a-703ad8f267a9/none_v3" "txb7efa5652ef04cdba928b-00693cb69c" "proxy-server 90180" 0.0134 "-" 97401 0
Dec 12 19:43:08 np0005557753.novalocal container-server[97097]: ::1 - - [13/Dec/2025:00:43:08 +0000] "HEAD /3/132162/AUTH_afe588ce5e36492b94129e0538b6bb45/gnocchi.4e752b77-b4cf-4a7f-9290-70f86cc67ce5" 404 - "HEAD http://[::1]:8080/v1/AUTH_afe588ce5e36492b94129e0538b6bb45/gnocchi.4e752b77-b4cf-4a7f-9290-70f86cc67ce5?format=json&states=listing" "txb067dda61457414abe60d-00693cb69c" "proxy-server 90180" 0.0004 "-" 97097 0
Dec 12 19:43:08 np0005557753.novalocal proxy-server[90180]: ::1 ::1 13/Dec/2025/00/43/08 PUT /v1/AUTH_afe588ce5e36492b94129e0538b6bb45/gnocchi.5899a4e9-aa0a-4e6c-b16a-703ad8f267a9/none_v3 HTTP/1.0 201 - python-swiftclient-4.2.0 gAAAAABpPLaCrEYT... 22 - - txb7efa5652ef04cdba928b-00693cb69c - 0.0211 - - 1765586588.951259375 1765586588.972315073 0
Dec 12 19:43:08 np0005557753.novalocal container-server[97098]: ::1 - - [13/Dec/2025:00:43:08 +0000] "HEAD /1/132162/AUTH_afe588ce5e36492b94129e0538b6bb45/gnocchi.4e752b77-b4cf-4a7f-9290-70f86cc67ce5" 404 - "HEAD http://[::1]:8080/v1/AUTH_afe588ce5e36492b94129e0538b6bb45/gnocchi.4e752b77-b4cf-4a7f-9290-70f86cc67ce5?format=json&states=listing" "txb067dda61457414abe60d-00693cb69c" "proxy-server 90180" 0.0004 "-" 97098 0
Dec 12 19:43:08 np0005557753.novalocal object-server[97400]: ::1 - - [13/Dec/2025:00:43:08 +0000] "GET /1/149284/AUTH_afe588ce5e36492b94129e0538b6bb45/gnocchi.4e752b77-b4cf-4a7f-9290-70f86cc67ce5/none_v3" 404 70 "GET http://[::1]:8080/v1/AUTH_afe588ce5e36492b94129e0538b6bb45/gnocchi.4e752b77-b4cf-4a7f-9290-70f86cc67ce5/none_v3" "txb067dda61457414abe60d-00693cb69c" "proxy-server 90180" 0.0004 "-" 97400 0
Dec 12 19:43:08 np0005557753.novalocal object-server[97401]: ::1 - - [13/Dec/2025:00:43:08 +0000] "GET /3/149284/AUTH_afe588ce5e36492b94129e0538b6bb45/gnocchi.4e752b77-b4cf-4a7f-9290-70f86cc67ce5/none_v3" 404 70 "GET http://[::1]:8080/v1/AUTH_afe588ce5e36492b94129e0538b6bb45/gnocchi.4e752b77-b4cf-4a7f-9290-70f86cc67ce5/none_v3" "txb067dda61457414abe60d-00693cb69c" "proxy-server 90180" 0.0006 "-" 97401 0
Dec 12 19:43:08 np0005557753.novalocal object-server[97402]: ::1 - - [13/Dec/2025:00:43:08 +0000] "GET /2/149284/AUTH_afe588ce5e36492b94129e0538b6bb45/gnocchi.4e752b77-b4cf-4a7f-9290-70f86cc67ce5/none_v3" 404 70 "GET http://[::1]:8080/v1/AUTH_afe588ce5e36492b94129e0538b6bb45/gnocchi.4e752b77-b4cf-4a7f-9290-70f86cc67ce5/none_v3" "txb067dda61457414abe60d-00693cb69c" "proxy-server 90180" 0.0004 "-" 97402 0
Dec 12 19:43:08 np0005557753.novalocal proxy-server[90180]: ::1 ::1 13/Dec/2025/00/43/08 GET /v1/AUTH_afe588ce5e36492b94129e0538b6bb45/gnocchi.4e752b77-b4cf-4a7f-9290-70f86cc67ce5/none_v3 HTTP/1.0 404 - python-swiftclient-4.2.0 gAAAAABpPLaCpY4p... - 70 - txb067dda61457414abe60d-00693cb69c - 0.0285 - - 1765586588.964172363 1765586588.992660999 0
Dec 12 19:43:09 np0005557753.novalocal container-server[97099]: ::1 - - [13/Dec/2025:00:43:09 +0000] "HEAD /2/160137/AUTH_afe588ce5e36492b94129e0538b6bb45/gnocchi.ff672d98-c6ad-4c57-88d7-1889a4d0cc71" 404 - "HEAD http://[::1]:8080/v1/AUTH_afe588ce5e36492b94129e0538b6bb45/gnocchi.ff672d98-c6ad-4c57-88d7-1889a4d0cc71?format=json&states=listing" "tx6d44b7bb97ed4b448f763-00693cb69c" "proxy-server 90180" 0.0004 "-" 97099 0
Dec 12 19:43:09 np0005557753.novalocal container-server[97096]: ::1 - - [13/Dec/2025:00:43:09 +0000] "HEAD /1/160137/AUTH_afe588ce5e36492b94129e0538b6bb45/gnocchi.ff672d98-c6ad-4c57-88d7-1889a4d0cc71" 404 - "HEAD http://[::1]:8080/v1/AUTH_afe588ce5e36492b94129e0538b6bb45/gnocchi.ff672d98-c6ad-4c57-88d7-1889a4d0cc71?format=json&states=listing" "tx6d44b7bb97ed4b448f763-00693cb69c" "proxy-server 90180" 0.0011 "-" 97096 0
Dec 12 19:43:09 np0005557753.novalocal container-server[97096]: ::1 - - [13/Dec/2025:00:43:09 +0000] "HEAD /3/160137/AUTH_afe588ce5e36492b94129e0538b6bb45/gnocchi.ff672d98-c6ad-4c57-88d7-1889a4d0cc71" 404 - "HEAD http://[::1]:8080/v1/AUTH_afe588ce5e36492b94129e0538b6bb45/gnocchi.ff672d98-c6ad-4c57-88d7-1889a4d0cc71?format=json&states=listing" "tx6d44b7bb97ed4b448f763-00693cb69c" "proxy-server 90180" 0.0005 "-" 97096 0
Dec 12 19:43:09 np0005557753.novalocal account-server[96802]: ::1 - - [13/Dec/2025:00:43:09 +0000] "PUT /2/105149/AUTH_afe588ce5e36492b94129e0538b6bb45/gnocchi.4e752b77-b4cf-4a7f-9290-70f86cc67ce5" 201 - "PUT http://[::1]:6001/3/132162/AUTH_afe588ce5e36492b94129e0538b6bb45/gnocchi.4e752b77-b4cf-4a7f-9290-70f86cc67ce5" "tx04976519a3454e7c8b279-00693cb69d" "container-server 97097" 0.0053 "-" 96802 0
Dec 12 19:43:09 np0005557753.novalocal account-server[96804]: ::1 - - [13/Dec/2025:00:43:09 +0000] "PUT /1/105149/AUTH_afe588ce5e36492b94129e0538b6bb45/gnocchi.4e752b77-b4cf-4a7f-9290-70f86cc67ce5" 201 - "PUT http://[::1]:6001/1/132162/AUTH_afe588ce5e36492b94129e0538b6bb45/gnocchi.4e752b77-b4cf-4a7f-9290-70f86cc67ce5" "tx04976519a3454e7c8b279-00693cb69d" "container-server 97096" 0.0061 "-" 96804 0
Dec 12 19:43:09 np0005557753.novalocal container-server[97097]: ::1 - - [13/Dec/2025:00:43:09 +0000] "PUT /3/132162/AUTH_afe588ce5e36492b94129e0538b6bb45/gnocchi.4e752b77-b4cf-4a7f-9290-70f86cc67ce5" 201 - "PUT http://[::1]:8080/v1/AUTH_afe588ce5e36492b94129e0538b6bb45/gnocchi.4e752b77-b4cf-4a7f-9290-70f86cc67ce5" "tx04976519a3454e7c8b279-00693cb69d" "proxy-server 90180" 0.0219 "-" 97097 0
Dec 12 19:43:09 np0005557753.novalocal container-server[97096]: ::1 - - [13/Dec/2025:00:43:09 +0000] "PUT /1/132162/AUTH_afe588ce5e36492b94129e0538b6bb45/gnocchi.4e752b77-b4cf-4a7f-9290-70f86cc67ce5" 201 - "PUT http://[::1]:8080/v1/AUTH_afe588ce5e36492b94129e0538b6bb45/gnocchi.4e752b77-b4cf-4a7f-9290-70f86cc67ce5" "tx04976519a3454e7c8b279-00693cb69d" "proxy-server 90180" 0.0235 "-" 97096 0
Dec 12 19:43:09 np0005557753.novalocal account-server[96805]: ::1 - - [13/Dec/2025:00:43:09 +0000] "PUT /3/105149/AUTH_afe588ce5e36492b94129e0538b6bb45/gnocchi.4e752b77-b4cf-4a7f-9290-70f86cc67ce5" 201 - "PUT http://[::1]:6001/2/132162/AUTH_afe588ce5e36492b94129e0538b6bb45/gnocchi.4e752b77-b4cf-4a7f-9290-70f86cc67ce5" "tx04976519a3454e7c8b279-00693cb69d" "container-server 97097" 0.0053 "-" 96805 0
Dec 12 19:43:09 np0005557753.novalocal object-server[97401]: ::1 - - [13/Dec/2025:00:43:09 +0000] "GET /1/261115/AUTH_afe588ce5e36492b94129e0538b6bb45/gnocchi.ff672d98-c6ad-4c57-88d7-1889a4d0cc71/none_v3" 404 70 "GET http://[::1]:8080/v1/AUTH_afe588ce5e36492b94129e0538b6bb45/gnocchi.ff672d98-c6ad-4c57-88d7-1889a4d0cc71/none_v3" "tx6d44b7bb97ed4b448f763-00693cb69c" "proxy-server 90180" 0.0006 "-" 97401 0
Dec 12 19:43:09 np0005557753.novalocal container-server[97097]: ::1 - - [13/Dec/2025:00:43:09 +0000] "PUT /2/132162/AUTH_afe588ce5e36492b94129e0538b6bb45/gnocchi.4e752b77-b4cf-4a7f-9290-70f86cc67ce5" 201 - "PUT http://[::1]:8080/v1/AUTH_afe588ce5e36492b94129e0538b6bb45/gnocchi.4e752b77-b4cf-4a7f-9290-70f86cc67ce5" "tx04976519a3454e7c8b279-00693cb69d" "proxy-server 90180" 0.0167 "-" 97097 0
Dec 12 19:43:09 np0005557753.novalocal proxy-server[90180]: ::1 ::1 13/Dec/2025/00/43/09 PUT /v1/AUTH_afe588ce5e36492b94129e0538b6bb45/gnocchi.4e752b77-b4cf-4a7f-9290-70f86cc67ce5 HTTP/1.0 201 - python-swiftclient-4.2.0 gAAAAABpPLaCpY4p... - - - tx04976519a3454e7c8b279-00693cb69d - 0.0396 - - 1765586589.002743006 1765586589.042331457 0
Dec 12 19:43:09 np0005557753.novalocal object-server[97401]: ::1 - - [13/Dec/2025:00:43:09 +0000] "GET /3/261115/AUTH_afe588ce5e36492b94129e0538b6bb45/gnocchi.ff672d98-c6ad-4c57-88d7-1889a4d0cc71/none_v3" 404 70 "GET http://[::1]:8080/v1/AUTH_afe588ce5e36492b94129e0538b6bb45/gnocchi.ff672d98-c6ad-4c57-88d7-1889a4d0cc71/none_v3" "tx6d44b7bb97ed4b448f763-00693cb69c" "proxy-server 90180" 0.0002 "-" 97401 0
Dec 12 19:43:09 np0005557753.novalocal object-server[97399]: ::1 - - [13/Dec/2025:00:43:09 +0000] "GET /2/261115/AUTH_afe588ce5e36492b94129e0538b6bb45/gnocchi.ff672d98-c6ad-4c57-88d7-1889a4d0cc71/none_v3" 404 70 "GET http://[::1]:8080/v1/AUTH_afe588ce5e36492b94129e0538b6bb45/gnocchi.ff672d98-c6ad-4c57-88d7-1889a4d0cc71/none_v3" "tx6d44b7bb97ed4b448f763-00693cb69c" "proxy-server 90180" 0.0004 "-" 97399 0
Dec 12 19:43:09 np0005557753.novalocal proxy-server[90180]: ::1 ::1 13/Dec/2025/00/43/09 GET /v1/AUTH_afe588ce5e36492b94129e0538b6bb45/gnocchi.ff672d98-c6ad-4c57-88d7-1889a4d0cc71/none_v3 HTTP/1.0 404 - python-swiftclient-4.2.0 gAAAAABpPLaCrEYT... - 70 - tx6d44b7bb97ed4b448f763-00693cb69c - 0.0552 - - 1765586588.993809938 1765586589.049016714 0
Dec 12 19:43:09 np0005557753.novalocal container-server[97099]: ::1 - - [13/Dec/2025:00:43:09 +0000] "HEAD /2/132162/AUTH_afe588ce5e36492b94129e0538b6bb45/gnocchi.4e752b77-b4cf-4a7f-9290-70f86cc67ce5" 204 - "HEAD http://[::1]:8080/v1/AUTH_afe588ce5e36492b94129e0538b6bb45/gnocchi.4e752b77-b4cf-4a7f-9290-70f86cc67ce5?format=json&states=listing" "tx73c789b80a274b7c992b4-00693cb69d" "proxy-server 90180" 0.0014 "-" 97099 0
Dec 12 19:43:09 np0005557753.novalocal container-server[97097]: ::1 - - [13/Dec/2025:00:43:09 +0000] "GET /1/132162/AUTH_afe588ce5e36492b94129e0538b6bb45/gnocchi.4e752b77-b4cf-4a7f-9290-70f86cc67ce5" 200 2 "GET http://[::1]:8080/v1/AUTH_afe588ce5e36492b94129e0538b6bb45/gnocchi.4e752b77-b4cf-4a7f-9290-70f86cc67ce5?format=json&states=listing" "tx73c789b80a274b7c992b4-00693cb69d" "proxy-server 90180" 0.0039 "-" 97097 0
Dec 12 19:43:09 np0005557753.novalocal account-server[96803]: ::1 - - [13/Dec/2025:00:43:09 +0000] "PUT /2/105149/AUTH_afe588ce5e36492b94129e0538b6bb45/gnocchi.ff672d98-c6ad-4c57-88d7-1889a4d0cc71" 201 - "PUT http://[::1]:6001/2/160137/AUTH_afe588ce5e36492b94129e0538b6bb45/gnocchi.ff672d98-c6ad-4c57-88d7-1889a4d0cc71" "txb23f88c7038f4330b5dac-00693cb69d" "container-server 97098" 0.0058 "-" 96803 0
Dec 12 19:43:09 np0005557753.novalocal proxy-server[90180]: ::1 ::1 13/Dec/2025/00/43/09 GET /v1/AUTH_afe588ce5e36492b94129e0538b6bb45/gnocchi.4e752b77-b4cf-4a7f-9290-70f86cc67ce5%3Fformat%3Djson%26states%3Dlisting HTTP/1.0 200 - python-swiftclient-4.2.0 gAAAAABpPLaCpY4p... - 2 - tx73c789b80a274b7c992b4-00693cb69d - 0.0348 - - 1765586589.046519995 1765586589.081299543 0
Dec 12 19:43:09 np0005557753.novalocal container-server[97098]: ::1 - - [13/Dec/2025:00:43:09 +0000] "PUT /2/160137/AUTH_afe588ce5e36492b94129e0538b6bb45/gnocchi.ff672d98-c6ad-4c57-88d7-1889a4d0cc71" 201 - "PUT http://[::1]:8080/v1/AUTH_afe588ce5e36492b94129e0538b6bb45/gnocchi.ff672d98-c6ad-4c57-88d7-1889a4d0cc71" "txb23f88c7038f4330b5dac-00693cb69d" "proxy-server 90180" 0.0148 "-" 97098 0
Dec 12 19:43:09 np0005557753.novalocal object-server[97402]: ::1 - - [13/Dec/2025:00:43:09 +0000] "GET /1/258191/AUTH_afe588ce5e36492b94129e0538b6bb45/gnocchi.4e752b77-b4cf-4a7f-9290-70f86cc67ce5/1764720000.0_mean_300.0_v3" 404 70 "GET http://[::1]:8080/v1/AUTH_afe588ce5e36492b94129e0538b6bb45/gnocchi.4e752b77-b4cf-4a7f-9290-70f86cc67ce5/1764720000.0_mean_300.0_v3" "tx2a3da59f3597426a8e24f-00693cb69d" "proxy-server 90180" 0.0004 "-" 97402 0
Dec 12 19:43:09 np0005557753.novalocal account-server[96803]: ::1 - - [13/Dec/2025:00:43:09 +0000] "PUT /3/105149/AUTH_afe588ce5e36492b94129e0538b6bb45/gnocchi.ff672d98-c6ad-4c57-88d7-1889a4d0cc71" 201 - "PUT http://[::1]:6001/1/160137/AUTH_afe588ce5e36492b94129e0538b6bb45/gnocchi.ff672d98-c6ad-4c57-88d7-1889a4d0cc71" "txb23f88c7038f4330b5dac-00693cb69d" "container-server 97099" 0.0039 "-" 96803 0
Dec 12 19:43:09 np0005557753.novalocal object-server[97402]: ::1 - - [13/Dec/2025:00:43:09 +0000] "GET /2/258191/AUTH_afe588ce5e36492b94129e0538b6bb45/gnocchi.4e752b77-b4cf-4a7f-9290-70f86cc67ce5/1764720000.0_mean_300.0_v3" 404 70 "GET http://[::1]:8080/v1/AUTH_afe588ce5e36492b94129e0538b6bb45/gnocchi.4e752b77-b4cf-4a7f-9290-70f86cc67ce5/1764720000.0_mean_300.0_v3" "tx2a3da59f3597426a8e24f-00693cb69d" "proxy-server 90180" 0.0002 "-" 97402 0
Dec 12 19:43:09 np0005557753.novalocal container-server[97099]: ::1 - - [13/Dec/2025:00:43:09 +0000] "PUT /1/160137/AUTH_afe588ce5e36492b94129e0538b6bb45/gnocchi.ff672d98-c6ad-4c57-88d7-1889a4d0cc71" 201 - "PUT http://[::1]:8080/v1/AUTH_afe588ce5e36492b94129e0538b6bb45/gnocchi.ff672d98-c6ad-4c57-88d7-1889a4d0cc71" "txb23f88c7038f4330b5dac-00693cb69d" "proxy-server 90180" 0.0267 "-" 97099 0
Dec 12 19:43:09 np0005557753.novalocal object-server[97402]: ::1 - - [13/Dec/2025:00:43:09 +0000] "GET /3/258191/AUTH_afe588ce5e36492b94129e0538b6bb45/gnocchi.4e752b77-b4cf-4a7f-9290-70f86cc67ce5/1764720000.0_mean_300.0_v3" 404 70 "GET http://[::1]:8080/v1/AUTH_afe588ce5e36492b94129e0538b6bb45/gnocchi.4e752b77-b4cf-4a7f-9290-70f86cc67ce5/1764720000.0_mean_300.0_v3" "tx2a3da59f3597426a8e24f-00693cb69d" "proxy-server 90180" 0.0002 "-" 97402 0
Dec 12 19:43:09 np0005557753.novalocal proxy-server[90180]: ::1 ::1 13/Dec/2025/00/43/09 GET /v1/AUTH_afe588ce5e36492b94129e0538b6bb45/gnocchi.4e752b77-b4cf-4a7f-9290-70f86cc67ce5/1764720000.0_mean_300.0_v3 HTTP/1.0 404 - python-swiftclient-4.2.0 gAAAAABpPLaCpY4p... - 70 - tx2a3da59f3597426a8e24f-00693cb69d - 0.0091 - - 1765586589.084601164 1765586589.093736410 0
Dec 12 19:43:09 np0005557753.novalocal account-server[96803]: ::1 - - [13/Dec/2025:00:43:09 +0000] "PUT /1/105149/AUTH_afe588ce5e36492b94129e0538b6bb45/gnocchi.ff672d98-c6ad-4c57-88d7-1889a4d0cc71" 201 - "PUT http://[::1]:6001/3/160137/AUTH_afe588ce5e36492b94129e0538b6bb45/gnocchi.ff672d98-c6ad-4c57-88d7-1889a4d0cc71" "txb23f88c7038f4330b5dac-00693cb69d" "container-server 97099" 0.0043 "-" 96803 0
Dec 12 19:43:09 np0005557753.novalocal container-server[97099]: ::1 - - [13/Dec/2025:00:43:09 +0000] "PUT /3/160137/AUTH_afe588ce5e36492b94129e0538b6bb45/gnocchi.ff672d98-c6ad-4c57-88d7-1889a4d0cc71" 201 - "PUT http://[::1]:8080/v1/AUTH_afe588ce5e36492b94129e0538b6bb45/gnocchi.ff672d98-c6ad-4c57-88d7-1889a4d0cc71" "txb23f88c7038f4330b5dac-00693cb69d" "proxy-server 90180" 0.0233 "-" 97099 0
Dec 12 19:43:09 np0005557753.novalocal proxy-server[90180]: ::1 ::1 13/Dec/2025/00/43/09 PUT /v1/AUTH_afe588ce5e36492b94129e0538b6bb45/gnocchi.ff672d98-c6ad-4c57-88d7-1889a4d0cc71 HTTP/1.0 201 - python-swiftclient-4.2.0 gAAAAABpPLaCrEYT... - - - txb23f88c7038f4330b5dac-00693cb69d - 0.0543 - - 1765586589.052234173 1765586589.106578350 0
Dec 12 19:43:09 np0005557753.novalocal container-server[97096]: ::1 - - [13/Dec/2025:00:43:09 +0000] "HEAD /3/160137/AUTH_afe588ce5e36492b94129e0538b6bb45/gnocchi.ff672d98-c6ad-4c57-88d7-1889a4d0cc71" 204 - "HEAD http://[::1]:8080/v1/AUTH_afe588ce5e36492b94129e0538b6bb45/gnocchi.ff672d98-c6ad-4c57-88d7-1889a4d0cc71?format=json&states=listing" "tx7981d6153e6345e988c0b-00693cb69d" "proxy-server 90180" 0.0016 "-" 97096 0
Dec 12 19:43:09 np0005557753.novalocal container-server[97097]: ::1 - - [13/Dec/2025:00:43:09 +0000] "PUT /1/132162/AUTH_afe588ce5e36492b94129e0538b6bb45/gnocchi.4e752b77-b4cf-4a7f-9290-70f86cc67ce5/1764720000.0_mean_300.0_v3" 201 - "PUT http://[::1]:8080/1/258191/AUTH_afe588ce5e36492b94129e0538b6bb45/gnocchi.4e752b77-b4cf-4a7f-9290-70f86cc67ce5/1764720000.0_mean_300.0_v3" "tx92ce12ed64824055ae74d-00693cb69d" "object-server 97402" 0.0007 "-" 97097 0
Dec 12 19:43:09 np0005557753.novalocal object-server[97402]: ::1 - - [13/Dec/2025:00:43:09 +0000] "PUT /1/258191/AUTH_afe588ce5e36492b94129e0538b6bb45/gnocchi.4e752b77-b4cf-4a7f-9290-70f86cc67ce5/1764720000.0_mean_300.0_v3" 201 - "PUT http://[::1]:8080/v1/AUTH_afe588ce5e36492b94129e0538b6bb45/gnocchi.4e752b77-b4cf-4a7f-9290-70f86cc67ce5/1764720000.0_mean_300.0_v3" "tx92ce12ed64824055ae74d-00693cb69d" "proxy-server 90180" 0.0174 "-" 97402 0
Dec 12 19:43:09 np0005557753.novalocal container-server[97099]: ::1 - - [13/Dec/2025:00:43:09 +0000] "PUT /3/132162/AUTH_afe588ce5e36492b94129e0538b6bb45/gnocchi.4e752b77-b4cf-4a7f-9290-70f86cc67ce5/1764720000.0_mean_300.0_v3" 201 - "PUT http://[::1]:8080/2/258191/AUTH_afe588ce5e36492b94129e0538b6bb45/gnocchi.4e752b77-b4cf-4a7f-9290-70f86cc67ce5/1764720000.0_mean_300.0_v3" "tx92ce12ed64824055ae74d-00693cb69d" "object-server 97401" 0.0006 "-" 97099 0
Dec 12 19:43:09 np0005557753.novalocal container-server[97097]: ::1 - - [13/Dec/2025:00:43:09 +0000] "PUT /2/132162/AUTH_afe588ce5e36492b94129e0538b6bb45/gnocchi.4e752b77-b4cf-4a7f-9290-70f86cc67ce5/1764720000.0_mean_300.0_v3" 201 - "PUT http://[::1]:8080/3/258191/AUTH_afe588ce5e36492b94129e0538b6bb45/gnocchi.4e752b77-b4cf-4a7f-9290-70f86cc67ce5/1764720000.0_mean_300.0_v3" "tx92ce12ed64824055ae74d-00693cb69d" "object-server 97400" 0.0019 "-" 97097 0
Dec 12 19:43:09 np0005557753.novalocal object-server[97401]: ::1 - - [13/Dec/2025:00:43:09 +0000] "PUT /2/258191/AUTH_afe588ce5e36492b94129e0538b6bb45/gnocchi.4e752b77-b4cf-4a7f-9290-70f86cc67ce5/1764720000.0_mean_300.0_v3" 201 - "PUT http://[::1]:8080/v1/AUTH_afe588ce5e36492b94129e0538b6bb45/gnocchi.4e752b77-b4cf-4a7f-9290-70f86cc67ce5/1764720000.0_mean_300.0_v3" "tx92ce12ed64824055ae74d-00693cb69d" "proxy-server 90180" 0.0153 "-" 97401 0
Dec 12 19:43:09 np0005557753.novalocal object-server[97400]: ::1 - - [13/Dec/2025:00:43:09 +0000] "PUT /3/258191/AUTH_afe588ce5e36492b94129e0538b6bb45/gnocchi.4e752b77-b4cf-4a7f-9290-70f86cc67ce5/1764720000.0_mean_300.0_v3" 201 - "PUT http://[::1]:8080/v1/AUTH_afe588ce5e36492b94129e0538b6bb45/gnocchi.4e752b77-b4cf-4a7f-9290-70f86cc67ce5/1764720000.0_mean_300.0_v3" "tx92ce12ed64824055ae74d-00693cb69d" "proxy-server 90180" 0.0178 "-" 97400 0
Dec 12 19:43:09 np0005557753.novalocal proxy-server[90180]: ::1 ::1 13/Dec/2025/00/43/09 PUT /v1/AUTH_afe588ce5e36492b94129e0538b6bb45/gnocchi.4e752b77-b4cf-4a7f-9290-70f86cc67ce5/1764720000.0_mean_300.0_v3 HTTP/1.0 201 - python-swiftclient-4.2.0 gAAAAABpPLaCpY4p... 16 - - tx92ce12ed64824055ae74d-00693cb69d - 0.0289 - - 1765586589.095507622 1765586589.124376297 0
Dec 12 19:43:09 np0005557753.novalocal container-server[97097]: ::1 - - [13/Dec/2025:00:43:09 +0000] "GET /3/160137/AUTH_afe588ce5e36492b94129e0538b6bb45/gnocchi.ff672d98-c6ad-4c57-88d7-1889a4d0cc71" 200 2 "GET http://[::1]:8080/v1/AUTH_afe588ce5e36492b94129e0538b6bb45/gnocchi.ff672d98-c6ad-4c57-88d7-1889a4d0cc71?format=json&states=listing" "tx7981d6153e6345e988c0b-00693cb69d" "proxy-server 90180" 0.0029 "-" 97097 0
Dec 12 19:43:09 np0005557753.novalocal proxy-server[90180]: ::1 ::1 13/Dec/2025/00/43/09 GET /v1/AUTH_afe588ce5e36492b94129e0538b6bb45/gnocchi.ff672d98-c6ad-4c57-88d7-1889a4d0cc71%3Fformat%3Djson%26states%3Dlisting HTTP/1.0 200 - python-swiftclient-4.2.0 gAAAAABpPLaCrEYT... - 2 - tx7981d6153e6345e988c0b-00693cb69d - 0.0223 - - 1765586589.110585690 1765586589.132900953 0
Dec 12 19:43:09 np0005557753.novalocal object-server[97401]: ::1 - - [13/Dec/2025:00:43:09 +0000] "GET /2/240914/AUTH_afe588ce5e36492b94129e0538b6bb45/gnocchi.ff672d98-c6ad-4c57-88d7-1889a4d0cc71/1764720000.0_mean_300.0_v3" 404 70 "GET http://[::1]:8080/v1/AUTH_afe588ce5e36492b94129e0538b6bb45/gnocchi.ff672d98-c6ad-4c57-88d7-1889a4d0cc71/1764720000.0_mean_300.0_v3" "tx4cf0721cddf5409a81bd2-00693cb69d" "proxy-server 90180" 0.0002 "-" 97401 0
Dec 12 19:43:09 np0005557753.novalocal object-server[97402]: ::1 - - [13/Dec/2025:00:43:09 +0000] "GET /1/240914/AUTH_afe588ce5e36492b94129e0538b6bb45/gnocchi.ff672d98-c6ad-4c57-88d7-1889a4d0cc71/1764720000.0_mean_300.0_v3" 404 70 "GET http://[::1]:8080/v1/AUTH_afe588ce5e36492b94129e0538b6bb45/gnocchi.ff672d98-c6ad-4c57-88d7-1889a4d0cc71/1764720000.0_mean_300.0_v3" "tx4cf0721cddf5409a81bd2-00693cb69d" "proxy-server 90180" 0.0003 "-" 97402 0
Dec 12 19:43:09 np0005557753.novalocal container-server[97098]: ::1 - - [13/Dec/2025:00:43:09 +0000] "PUT /2/132162/AUTH_afe588ce5e36492b94129e0538b6bb45/gnocchi.4e752b77-b4cf-4a7f-9290-70f86cc67ce5/none_v3" 201 - "PUT http://[::1]:8080/1/149284/AUTH_afe588ce5e36492b94129e0538b6bb45/gnocchi.4e752b77-b4cf-4a7f-9290-70f86cc67ce5/none_v3" "txaf9d6322f91842d19ae16-00693cb69d" "object-server 97401" 0.0008 "-" 97098 0
Dec 12 19:43:09 np0005557753.novalocal container-server[97097]: ::1 - - [13/Dec/2025:00:43:09 +0000] "PUT /1/132162/AUTH_afe588ce5e36492b94129e0538b6bb45/gnocchi.4e752b77-b4cf-4a7f-9290-70f86cc67ce5/none_v3" 201 - "PUT http://[::1]:8080/2/149284/AUTH_afe588ce5e36492b94129e0538b6bb45/gnocchi.4e752b77-b4cf-4a7f-9290-70f86cc67ce5/none_v3" "txaf9d6322f91842d19ae16-00693cb69d" "object-server 97399" 0.0008 "-" 97097 0
Dec 12 19:43:09 np0005557753.novalocal object-server[97401]: ::1 - - [13/Dec/2025:00:43:09 +0000] "PUT /1/149284/AUTH_afe588ce5e36492b94129e0538b6bb45/gnocchi.4e752b77-b4cf-4a7f-9290-70f86cc67ce5/none_v3" 201 - "PUT http://[::1]:8080/v1/AUTH_afe588ce5e36492b94129e0538b6bb45/gnocchi.4e752b77-b4cf-4a7f-9290-70f86cc67ce5/none_v3" "txaf9d6322f91842d19ae16-00693cb69d" "proxy-server 90180" 0.0173 "-" 97401 0
Dec 12 19:43:09 np0005557753.novalocal object-server[97399]: ::1 - - [13/Dec/2025:00:43:09 +0000] "PUT /2/149284/AUTH_afe588ce5e36492b94129e0538b6bb45/gnocchi.4e752b77-b4cf-4a7f-9290-70f86cc67ce5/none_v3" 201 - "PUT http://[::1]:8080/v1/AUTH_afe588ce5e36492b94129e0538b6bb45/gnocchi.4e752b77-b4cf-4a7f-9290-70f86cc67ce5/none_v3" "txaf9d6322f91842d19ae16-00693cb69d" "proxy-server 90180" 0.0173 "-" 97399 0
Dec 12 19:43:09 np0005557753.novalocal object-server[97401]: ::1 - - [13/Dec/2025:00:43:09 +0000] "GET /3/240914/AUTH_afe588ce5e36492b94129e0538b6bb45/gnocchi.ff672d98-c6ad-4c57-88d7-1889a4d0cc71/1764720000.0_mean_300.0_v3" 404 70 "GET http://[::1]:8080/v1/AUTH_afe588ce5e36492b94129e0538b6bb45/gnocchi.ff672d98-c6ad-4c57-88d7-1889a4d0cc71/1764720000.0_mean_300.0_v3" "tx4cf0721cddf5409a81bd2-00693cb69d" "proxy-server 90180" 0.0002 "-" 97401 0
Dec 12 19:43:09 np0005557753.novalocal proxy-server[90180]: ::1 ::1 13/Dec/2025/00/43/09 GET /v1/AUTH_afe588ce5e36492b94129e0538b6bb45/gnocchi.ff672d98-c6ad-4c57-88d7-1889a4d0cc71/1764720000.0_mean_300.0_v3 HTTP/1.0 404 - python-swiftclient-4.2.0 gAAAAABpPLaCrEYT... - 70 - tx4cf0721cddf5409a81bd2-00693cb69d - 0.0152 - - 1765586589.137114525 1765586589.152358294 0
Dec 12 19:43:09 np0005557753.novalocal container-server[97098]: ::1 - - [13/Dec/2025:00:43:09 +0000] "PUT /3/132162/AUTH_afe588ce5e36492b94129e0538b6bb45/gnocchi.4e752b77-b4cf-4a7f-9290-70f86cc67ce5/none_v3" 201 - "PUT http://[::1]:8080/3/149284/AUTH_afe588ce5e36492b94129e0538b6bb45/gnocchi.4e752b77-b4cf-4a7f-9290-70f86cc67ce5/none_v3" "txaf9d6322f91842d19ae16-00693cb69d" "object-server 97402" 0.0004 "-" 97098 0
Dec 12 19:43:09 np0005557753.novalocal object-server[97402]: ::1 - - [13/Dec/2025:00:43:09 +0000] "PUT /3/149284/AUTH_afe588ce5e36492b94129e0538b6bb45/gnocchi.4e752b77-b4cf-4a7f-9290-70f86cc67ce5/none_v3" 201 - "PUT http://[::1]:8080/v1/AUTH_afe588ce5e36492b94129e0538b6bb45/gnocchi.4e752b77-b4cf-4a7f-9290-70f86cc67ce5/none_v3" "txaf9d6322f91842d19ae16-00693cb69d" "proxy-server 90180" 0.0178 "-" 97402 0
Dec 12 19:43:09 np0005557753.novalocal proxy-server[90180]: ::1 ::1 13/Dec/2025/00/43/09 PUT /v1/AUTH_afe588ce5e36492b94129e0538b6bb45/gnocchi.4e752b77-b4cf-4a7f-9290-70f86cc67ce5/none_v3 HTTP/1.0 201 - python-swiftclient-4.2.0 gAAAAABpPLaCpY4p... 22 - - txaf9d6322f91842d19ae16-00693cb69d - 0.0326 - - 1765586589.126988649 1765586589.159540176 0
Dec 12 19:43:09 np0005557753.novalocal container-server[97096]: ::1 - - [13/Dec/2025:00:43:09 +0000] "PUT /2/160137/AUTH_afe588ce5e36492b94129e0538b6bb45/gnocchi.ff672d98-c6ad-4c57-88d7-1889a4d0cc71/1764720000.0_mean_300.0_v3" 201 - "PUT http://[::1]:8080/2/240914/AUTH_afe588ce5e36492b94129e0538b6bb45/gnocchi.ff672d98-c6ad-4c57-88d7-1889a4d0cc71/1764720000.0_mean_300.0_v3" "tx0ade6c09fed04dae9c11f-00693cb69d" "object-server 97399" 0.0007 "-" 97096 0
Dec 12 19:43:09 np0005557753.novalocal container-server[97099]: ::1 - - [13/Dec/2025:00:43:09 +0000] "PUT /1/160137/AUTH_afe588ce5e36492b94129e0538b6bb45/gnocchi.ff672d98-c6ad-4c57-88d7-1889a4d0cc71/1764720000.0_mean_300.0_v3" 201 - "PUT http://[::1]:8080/3/240914/AUTH_afe588ce5e36492b94129e0538b6bb45/gnocchi.ff672d98-c6ad-4c57-88d7-1889a4d0cc71/1764720000.0_mean_300.0_v3" "tx0ade6c09fed04dae9c11f-00693cb69d" "object-server 97400" 0.0009 "-" 97099 0
Dec 12 19:43:09 np0005557753.novalocal container-server[97096]: ::1 - - [13/Dec/2025:00:43:09 +0000] "HEAD /1/63613/AUTH_afe588ce5e36492b94129e0538b6bb45/gnocchi.ccdab2bb-4428-4864-93b0-e8ee8bdea5f8" 404 - "HEAD http://[::1]:8080/v1/AUTH_afe588ce5e36492b94129e0538b6bb45/gnocchi.ccdab2bb-4428-4864-93b0-e8ee8bdea5f8?format=json&states=listing" "tx8335c665a755492dbfbd6-00693cb69d" "proxy-server 90180" 0.0003 "-" 97096 0
Dec 12 19:43:09 np0005557753.novalocal object-server[97400]: ::1 - - [13/Dec/2025:00:43:09 +0000] "PUT /3/240914/AUTH_afe588ce5e36492b94129e0538b6bb45/gnocchi.ff672d98-c6ad-4c57-88d7-1889a4d0cc71/1764720000.0_mean_300.0_v3" 201 - "PUT http://[::1]:8080/v1/AUTH_afe588ce5e36492b94129e0538b6bb45/gnocchi.ff672d98-c6ad-4c57-88d7-1889a4d0cc71/1764720000.0_mean_300.0_v3" "tx0ade6c09fed04dae9c11f-00693cb69d" "proxy-server 90180" 0.0159 "-" 97400 0
Dec 12 19:43:09 np0005557753.novalocal object-server[97399]: ::1 - - [13/Dec/2025:00:43:09 +0000] "PUT /2/240914/AUTH_afe588ce5e36492b94129e0538b6bb45/gnocchi.ff672d98-c6ad-4c57-88d7-1889a4d0cc71/1764720000.0_mean_300.0_v3" 201 - "PUT http://[::1]:8080/v1/AUTH_afe588ce5e36492b94129e0538b6bb45/gnocchi.ff672d98-c6ad-4c57-88d7-1889a4d0cc71/1764720000.0_mean_300.0_v3" "tx0ade6c09fed04dae9c11f-00693cb69d" "proxy-server 90180" 0.0176 "-" 97399 0
Dec 12 19:43:09 np0005557753.novalocal container-server[97096]: ::1 - - [13/Dec/2025:00:43:09 +0000] "PUT /3/160137/AUTH_afe588ce5e36492b94129e0538b6bb45/gnocchi.ff672d98-c6ad-4c57-88d7-1889a4d0cc71/1764720000.0_mean_300.0_v3" 201 - "PUT http://[::1]:8080/1/240914/AUTH_afe588ce5e36492b94129e0538b6bb45/gnocchi.ff672d98-c6ad-4c57-88d7-1889a4d0cc71/1764720000.0_mean_300.0_v3" "tx0ade6c09fed04dae9c11f-00693cb69d" "object-server 97401" 0.0004 "-" 97096 0
Dec 12 19:43:09 np0005557753.novalocal container-server[97096]: ::1 - - [13/Dec/2025:00:43:09 +0000] "HEAD /2/63613/AUTH_afe588ce5e36492b94129e0538b6bb45/gnocchi.ccdab2bb-4428-4864-93b0-e8ee8bdea5f8" 404 - "HEAD http://[::1]:8080/v1/AUTH_afe588ce5e36492b94129e0538b6bb45/gnocchi.ccdab2bb-4428-4864-93b0-e8ee8bdea5f8?format=json&states=listing" "tx8335c665a755492dbfbd6-00693cb69d" "proxy-server 90180" 0.0005 "-" 97096 0
Dec 12 19:43:09 np0005557753.novalocal object-server[97401]: ::1 - - [13/Dec/2025:00:43:09 +0000] "PUT /1/240914/AUTH_afe588ce5e36492b94129e0538b6bb45/gnocchi.ff672d98-c6ad-4c57-88d7-1889a4d0cc71/1764720000.0_mean_300.0_v3" 201 - "PUT http://[::1]:8080/v1/AUTH_afe588ce5e36492b94129e0538b6bb45/gnocchi.ff672d98-c6ad-4c57-88d7-1889a4d0cc71/1764720000.0_mean_300.0_v3" "tx0ade6c09fed04dae9c11f-00693cb69d" "proxy-server 90180" 0.0203 "-" 97401 0
Dec 12 19:43:09 np0005557753.novalocal container-server[97096]: ::1 - - [13/Dec/2025:00:43:09 +0000] "HEAD /3/63613/AUTH_afe588ce5e36492b94129e0538b6bb45/gnocchi.ccdab2bb-4428-4864-93b0-e8ee8bdea5f8" 404 - "HEAD http://[::1]:8080/v1/AUTH_afe588ce5e36492b94129e0538b6bb45/gnocchi.ccdab2bb-4428-4864-93b0-e8ee8bdea5f8?format=json&states=listing" "tx8335c665a755492dbfbd6-00693cb69d" "proxy-server 90180" 0.0002 "-" 97096 0
Dec 12 19:43:09 np0005557753.novalocal proxy-server[90180]: ::1 ::1 13/Dec/2025/00/43/09 PUT /v1/AUTH_afe588ce5e36492b94129e0538b6bb45/gnocchi.ff672d98-c6ad-4c57-88d7-1889a4d0cc71/1764720000.0_mean_300.0_v3 HTTP/1.0 201 - python-swiftclient-4.2.0 gAAAAABpPLaCrEYT... 16 - - tx0ade6c09fed04dae9c11f-00693cb69d - 0.0300 - - 1765586589.155699015 1765586589.185696363 0
Dec 12 19:43:09 np0005557753.novalocal object-server[97399]: ::1 - - [13/Dec/2025:00:43:09 +0000] "GET /2/128190/AUTH_afe588ce5e36492b94129e0538b6bb45/gnocchi.ccdab2bb-4428-4864-93b0-e8ee8bdea5f8/none_v3" 404 70 "GET http://[::1]:8080/v1/AUTH_afe588ce5e36492b94129e0538b6bb45/gnocchi.ccdab2bb-4428-4864-93b0-e8ee8bdea5f8/none_v3" "tx8335c665a755492dbfbd6-00693cb69d" "proxy-server 90180" 0.0005 "-" 97399 0
Dec 12 19:43:09 np0005557753.novalocal object-server[97399]: ::1 - - [13/Dec/2025:00:43:09 +0000] "GET /3/128190/AUTH_afe588ce5e36492b94129e0538b6bb45/gnocchi.ccdab2bb-4428-4864-93b0-e8ee8bdea5f8/none_v3" 404 70 "GET http://[::1]:8080/v1/AUTH_afe588ce5e36492b94129e0538b6bb45/gnocchi.ccdab2bb-4428-4864-93b0-e8ee8bdea5f8/none_v3" "tx8335c665a755492dbfbd6-00693cb69d" "proxy-server 90180" 0.0005 "-" 97399 0
Dec 12 19:43:09 np0005557753.novalocal object-server[97401]: ::1 - - [13/Dec/2025:00:43:09 +0000] "GET /1/128190/AUTH_afe588ce5e36492b94129e0538b6bb45/gnocchi.ccdab2bb-4428-4864-93b0-e8ee8bdea5f8/none_v3" 404 70 "GET http://[::1]:8080/v1/AUTH_afe588ce5e36492b94129e0538b6bb45/gnocchi.ccdab2bb-4428-4864-93b0-e8ee8bdea5f8/none_v3" "tx8335c665a755492dbfbd6-00693cb69d" "proxy-server 90180" 0.0002 "-" 97401 0
Dec 12 19:43:09 np0005557753.novalocal proxy-server[90180]: ::1 ::1 13/Dec/2025/00/43/09 GET /v1/AUTH_afe588ce5e36492b94129e0538b6bb45/gnocchi.ccdab2bb-4428-4864-93b0-e8ee8bdea5f8/none_v3 HTTP/1.0 404 - python-swiftclient-4.2.0 gAAAAABpPLaCpY4p... - 70 - tx8335c665a755492dbfbd6-00693cb69d - 0.0296 - - 1765586589.174795628 1765586589.204376221 0
Dec 12 19:43:09 np0005557753.novalocal container-server[97098]: ::1 - - [13/Dec/2025:00:43:09 +0000] "PUT /3/160137/AUTH_afe588ce5e36492b94129e0538b6bb45/gnocchi.ff672d98-c6ad-4c57-88d7-1889a4d0cc71/none_v3" 201 - "PUT http://[::1]:8080/3/261115/AUTH_afe588ce5e36492b94129e0538b6bb45/gnocchi.ff672d98-c6ad-4c57-88d7-1889a4d0cc71/none_v3" "txfc3774aa19d44d84aff20-00693cb69d" "object-server 97401" 0.0008 "-" 97098 0
Dec 12 19:43:09 np0005557753.novalocal object-server[97401]: ::1 - - [13/Dec/2025:00:43:09 +0000] "PUT /3/261115/AUTH_afe588ce5e36492b94129e0538b6bb45/gnocchi.ff672d98-c6ad-4c57-88d7-1889a4d0cc71/none_v3" 201 - "PUT http://[::1]:8080/v1/AUTH_afe588ce5e36492b94129e0538b6bb45/gnocchi.ff672d98-c6ad-4c57-88d7-1889a4d0cc71/none_v3" "txfc3774aa19d44d84aff20-00693cb69d" "proxy-server 90180" 0.0108 "-" 97401 0
Dec 12 19:43:09 np0005557753.novalocal container-server[97098]: ::1 - - [13/Dec/2025:00:43:09 +0000] "PUT /1/160137/AUTH_afe588ce5e36492b94129e0538b6bb45/gnocchi.ff672d98-c6ad-4c57-88d7-1889a4d0cc71/none_v3" 201 - "PUT http://[::1]:8080/1/261115/AUTH_afe588ce5e36492b94129e0538b6bb45/gnocchi.ff672d98-c6ad-4c57-88d7-1889a4d0cc71/none_v3" "txfc3774aa19d44d84aff20-00693cb69d" "object-server 97400" 0.0003 "-" 97098 0
Dec 12 19:43:09 np0005557753.novalocal container-server[97099]: ::1 - - [13/Dec/2025:00:43:09 +0000] "PUT /2/160137/AUTH_afe588ce5e36492b94129e0538b6bb45/gnocchi.ff672d98-c6ad-4c57-88d7-1889a4d0cc71/none_v3" 201 - "PUT http://[::1]:8080/2/261115/AUTH_afe588ce5e36492b94129e0538b6bb45/gnocchi.ff672d98-c6ad-4c57-88d7-1889a4d0cc71/none_v3" "txfc3774aa19d44d84aff20-00693cb69d" "object-server 97400" 0.0008 "-" 97099 0
Dec 12 19:43:09 np0005557753.novalocal object-server[97400]: ::1 - - [13/Dec/2025:00:43:09 +0000] "PUT /1/261115/AUTH_afe588ce5e36492b94129e0538b6bb45/gnocchi.ff672d98-c6ad-4c57-88d7-1889a4d0cc71/none_v3" 201 - "PUT http://[::1]:8080/v1/AUTH_afe588ce5e36492b94129e0538b6bb45/gnocchi.ff672d98-c6ad-4c57-88d7-1889a4d0cc71/none_v3" "txfc3774aa19d44d84aff20-00693cb69d" "proxy-server 90180" 0.0134 "-" 97400 0
Dec 12 19:43:09 np0005557753.novalocal object-server[97400]: ::1 - - [13/Dec/2025:00:43:09 +0000] "PUT /2/261115/AUTH_afe588ce5e36492b94129e0538b6bb45/gnocchi.ff672d98-c6ad-4c57-88d7-1889a4d0cc71/none_v3" 201 - "PUT http://[::1]:8080/v1/AUTH_afe588ce5e36492b94129e0538b6bb45/gnocchi.ff672d98-c6ad-4c57-88d7-1889a4d0cc71/none_v3" "txfc3774aa19d44d84aff20-00693cb69d" "proxy-server 90180" 0.0129 "-" 97400 0
Dec 12 19:43:09 np0005557753.novalocal proxy-server[90180]: ::1 ::1 13/Dec/2025/00/43/09 PUT /v1/AUTH_afe588ce5e36492b94129e0538b6bb45/gnocchi.ff672d98-c6ad-4c57-88d7-1889a4d0cc71/none_v3 HTTP/1.0 201 - python-swiftclient-4.2.0 gAAAAABpPLaCrEYT... 22 - - txfc3774aa19d44d84aff20-00693cb69d - 0.0247 - - 1765586589.189069271 1765586589.213778734 0
Dec 12 19:43:09 np0005557753.novalocal account-server[96805]: ::1 - - [13/Dec/2025:00:43:09 +0000] "PUT /3/105149/AUTH_afe588ce5e36492b94129e0538b6bb45/gnocchi.ccdab2bb-4428-4864-93b0-e8ee8bdea5f8" 201 - "PUT http://[::1]:6001/1/63613/AUTH_afe588ce5e36492b94129e0538b6bb45/gnocchi.ccdab2bb-4428-4864-93b0-e8ee8bdea5f8" "tx8ed7023d67a448e3a8ac7-00693cb69d" "container-server 97098" 0.0046 "-" 96805 0
Dec 12 19:43:09 np0005557753.novalocal container-server[97098]: ::1 - - [13/Dec/2025:00:43:09 +0000] "PUT /1/63613/AUTH_afe588ce5e36492b94129e0538b6bb45/gnocchi.ccdab2bb-4428-4864-93b0-e8ee8bdea5f8" 201 - "PUT http://[::1]:8080/v1/AUTH_afe588ce5e36492b94129e0538b6bb45/gnocchi.ccdab2bb-4428-4864-93b0-e8ee8bdea5f8" "tx8ed7023d67a448e3a8ac7-00693cb69d" "proxy-server 90180" 0.0189 "-" 97098 0
Dec 12 19:43:09 np0005557753.novalocal account-server[96805]: ::1 - - [13/Dec/2025:00:43:09 +0000] "PUT /1/105149/AUTH_afe588ce5e36492b94129e0538b6bb45/gnocchi.ccdab2bb-4428-4864-93b0-e8ee8bdea5f8" 201 - "PUT http://[::1]:6001/3/63613/AUTH_afe588ce5e36492b94129e0538b6bb45/gnocchi.ccdab2bb-4428-4864-93b0-e8ee8bdea5f8" "tx8ed7023d67a448e3a8ac7-00693cb69d" "container-server 97099" 0.0033 "-" 96805 0
Dec 12 19:43:09 np0005557753.novalocal container-server[97099]: ::1 - - [13/Dec/2025:00:43:09 +0000] "PUT /3/63613/AUTH_afe588ce5e36492b94129e0538b6bb45/gnocchi.ccdab2bb-4428-4864-93b0-e8ee8bdea5f8" 201 - "PUT http://[::1]:8080/v1/AUTH_afe588ce5e36492b94129e0538b6bb45/gnocchi.ccdab2bb-4428-4864-93b0-e8ee8bdea5f8" "tx8ed7023d67a448e3a8ac7-00693cb69d" "proxy-server 90180" 0.0212 "-" 97099 0
Dec 12 19:43:09 np0005557753.novalocal container-server[97096]: ::1 - - [13/Dec/2025:00:43:09 +0000] "HEAD /3/135915/AUTH_afe588ce5e36492b94129e0538b6bb45/gnocchi.f8a7528e-dce4-4a6b-8afb-39b154905960" 404 - "HEAD http://[::1]:8080/v1/AUTH_afe588ce5e36492b94129e0538b6bb45/gnocchi.f8a7528e-dce4-4a6b-8afb-39b154905960?format=json&states=listing" "txd8b4e4b294e54224ad5cf-00693cb69d" "proxy-server 90180" 0.0004 "-" 97096 0
Dec 12 19:43:09 np0005557753.novalocal container-server[97099]: ::1 - - [13/Dec/2025:00:43:09 +0000] "HEAD /1/135915/AUTH_afe588ce5e36492b94129e0538b6bb45/gnocchi.f8a7528e-dce4-4a6b-8afb-39b154905960" 404 - "HEAD http://[::1]:8080/v1/AUTH_afe588ce5e36492b94129e0538b6bb45/gnocchi.f8a7528e-dce4-4a6b-8afb-39b154905960?format=json&states=listing" "txd8b4e4b294e54224ad5cf-00693cb69d" "proxy-server 90180" 0.0004 "-" 97099 0
Dec 12 19:43:09 np0005557753.novalocal container-server[97097]: ::1 - - [13/Dec/2025:00:43:09 +0000] "HEAD /2/135915/AUTH_afe588ce5e36492b94129e0538b6bb45/gnocchi.f8a7528e-dce4-4a6b-8afb-39b154905960" 404 - "HEAD http://[::1]:8080/v1/AUTH_afe588ce5e36492b94129e0538b6bb45/gnocchi.f8a7528e-dce4-4a6b-8afb-39b154905960?format=json&states=listing" "txd8b4e4b294e54224ad5cf-00693cb69d" "proxy-server 90180" 0.0005 "-" 97097 0
Dec 12 19:43:09 np0005557753.novalocal account-server[96805]: ::1 - - [13/Dec/2025:00:43:09 +0000] "PUT /2/105149/AUTH_afe588ce5e36492b94129e0538b6bb45/gnocchi.ccdab2bb-4428-4864-93b0-e8ee8bdea5f8" 201 - "PUT http://[::1]:6001/2/63613/AUTH_afe588ce5e36492b94129e0538b6bb45/gnocchi.ccdab2bb-4428-4864-93b0-e8ee8bdea5f8" "tx8ed7023d67a448e3a8ac7-00693cb69d" "container-server 97097" 0.0097 "-" 96805 0
Dec 12 19:43:09 np0005557753.novalocal container-server[97097]: ::1 - - [13/Dec/2025:00:43:09 +0000] "PUT /2/63613/AUTH_afe588ce5e36492b94129e0538b6bb45/gnocchi.ccdab2bb-4428-4864-93b0-e8ee8bdea5f8" 201 - "PUT http://[::1]:8080/v1/AUTH_afe588ce5e36492b94129e0538b6bb45/gnocchi.ccdab2bb-4428-4864-93b0-e8ee8bdea5f8" "tx8ed7023d67a448e3a8ac7-00693cb69d" "proxy-server 90180" 0.0324 "-" 97097 0
Dec 12 19:43:09 np0005557753.novalocal object-server[97401]: ::1 - - [13/Dec/2025:00:43:09 +0000] "GET /2/114665/AUTH_afe588ce5e36492b94129e0538b6bb45/gnocchi.f8a7528e-dce4-4a6b-8afb-39b154905960/none_v3" 404 70 "GET http://[::1]:8080/v1/AUTH_afe588ce5e36492b94129e0538b6bb45/gnocchi.f8a7528e-dce4-4a6b-8afb-39b154905960/none_v3" "txd8b4e4b294e54224ad5cf-00693cb69d" "proxy-server 90180" 0.0006 "-" 97401 0
Dec 12 19:43:09 np0005557753.novalocal proxy-server[90180]: ::1 ::1 13/Dec/2025/00/43/09 PUT /v1/AUTH_afe588ce5e36492b94129e0538b6bb45/gnocchi.ccdab2bb-4428-4864-93b0-e8ee8bdea5f8 HTTP/1.0 201 - python-swiftclient-4.2.0 gAAAAABpPLaCpY4p... - - - tx8ed7023d67a448e3a8ac7-00693cb69d - 0.0395 - - 1765586589.206732512 1765586589.246269703 0
Dec 12 19:43:09 np0005557753.novalocal object-server[97401]: ::1 - - [13/Dec/2025:00:43:09 +0000] "GET /3/114665/AUTH_afe588ce5e36492b94129e0538b6bb45/gnocchi.f8a7528e-dce4-4a6b-8afb-39b154905960/none_v3" 404 70 "GET http://[::1]:8080/v1/AUTH_afe588ce5e36492b94129e0538b6bb45/gnocchi.f8a7528e-dce4-4a6b-8afb-39b154905960/none_v3" "txd8b4e4b294e54224ad5cf-00693cb69d" "proxy-server 90180" 0.0003 "-" 97401 0
Dec 12 19:43:09 np0005557753.novalocal container-server[97099]: ::1 - - [13/Dec/2025:00:43:09 +0000] "HEAD /2/63613/AUTH_afe588ce5e36492b94129e0538b6bb45/gnocchi.ccdab2bb-4428-4864-93b0-e8ee8bdea5f8" 204 - "HEAD http://[::1]:8080/v1/AUTH_afe588ce5e36492b94129e0538b6bb45/gnocchi.ccdab2bb-4428-4864-93b0-e8ee8bdea5f8?format=json&states=listing" "tx2e1e53cd1ece4af3b9b42-00693cb69d" "proxy-server 90180" 0.0016 "-" 97099 0
Dec 12 19:43:09 np0005557753.novalocal object-server[97402]: ::1 - - [13/Dec/2025:00:43:09 +0000] "GET /1/114665/AUTH_afe588ce5e36492b94129e0538b6bb45/gnocchi.f8a7528e-dce4-4a6b-8afb-39b154905960/none_v3" 404 70 "GET http://[::1]:8080/v1/AUTH_afe588ce5e36492b94129e0538b6bb45/gnocchi.f8a7528e-dce4-4a6b-8afb-39b154905960/none_v3" "txd8b4e4b294e54224ad5cf-00693cb69d" "proxy-server 90180" 0.0004 "-" 97402 0
Dec 12 19:43:09 np0005557753.novalocal proxy-server[90180]: ::1 ::1 13/Dec/2025/00/43/09 GET /v1/AUTH_afe588ce5e36492b94129e0538b6bb45/gnocchi.f8a7528e-dce4-4a6b-8afb-39b154905960/none_v3 HTTP/1.0 404 - python-swiftclient-4.2.0 gAAAAABpPLaCrEYT... - 70 - txd8b4e4b294e54224ad5cf-00693cb69d - 0.0271 - - 1765586589.230356216 1765586589.257438660 0
Dec 12 19:43:09 np0005557753.novalocal container-server[97097]: ::1 - - [13/Dec/2025:00:43:09 +0000] "GET /1/63613/AUTH_afe588ce5e36492b94129e0538b6bb45/gnocchi.ccdab2bb-4428-4864-93b0-e8ee8bdea5f8" 200 2 "GET http://[::1]:8080/v1/AUTH_afe588ce5e36492b94129e0538b6bb45/gnocchi.ccdab2bb-4428-4864-93b0-e8ee8bdea5f8?format=json&states=listing" "tx2e1e53cd1ece4af3b9b42-00693cb69d" "proxy-server 90180" 0.0029 "-" 97097 0
Dec 12 19:43:09 np0005557753.novalocal proxy-server[90180]: ::1 ::1 13/Dec/2025/00/43/09 GET /v1/AUTH_afe588ce5e36492b94129e0538b6bb45/gnocchi.ccdab2bb-4428-4864-93b0-e8ee8bdea5f8%3Fformat%3Djson%26states%3Dlisting HTTP/1.0 200 - python-swiftclient-4.2.0 gAAAAABpPLaCpY4p... - 2 - tx2e1e53cd1ece4af3b9b42-00693cb69d - 0.0205 - - 1765586589.249010086 1765586589.269553661 0
Dec 12 19:43:09 np0005557753.novalocal object-server[97401]: ::1 - - [13/Dec/2025:00:43:09 +0000] "GET /3/48265/AUTH_afe588ce5e36492b94129e0538b6bb45/gnocchi.ccdab2bb-4428-4864-93b0-e8ee8bdea5f8/1764720000.0_mean_300.0_v3" 404 70 "GET http://[::1]:8080/v1/AUTH_afe588ce5e36492b94129e0538b6bb45/gnocchi.ccdab2bb-4428-4864-93b0-e8ee8bdea5f8/1764720000.0_mean_300.0_v3" "tx7675a8e317ec4d47bea16-00693cb69d" "proxy-server 90180" 0.0002 "-" 97401 0
Dec 12 19:43:09 np0005557753.novalocal object-server[97402]: ::1 - - [13/Dec/2025:00:43:09 +0000] "GET /2/48265/AUTH_afe588ce5e36492b94129e0538b6bb45/gnocchi.ccdab2bb-4428-4864-93b0-e8ee8bdea5f8/1764720000.0_mean_300.0_v3" 404 70 "GET http://[::1]:8080/v1/AUTH_afe588ce5e36492b94129e0538b6bb45/gnocchi.ccdab2bb-4428-4864-93b0-e8ee8bdea5f8/1764720000.0_mean_300.0_v3" "tx7675a8e317ec4d47bea16-00693cb69d" "proxy-server 90180" 0.0006 "-" 97402 0
Dec 12 19:43:09 np0005557753.novalocal account-server[96803]: ::1 - - [13/Dec/2025:00:43:09 +0000] "PUT /1/105149/AUTH_afe588ce5e36492b94129e0538b6bb45/gnocchi.f8a7528e-dce4-4a6b-8afb-39b154905960" 201 - "PUT http://[::1]:6001/2/135915/AUTH_afe588ce5e36492b94129e0538b6bb45/gnocchi.f8a7528e-dce4-4a6b-8afb-39b154905960" "txcf81a7a8b69e425a8309f-00693cb69d" "container-server 97096" 0.0046 "-" 96803 0
Dec 12 19:43:09 np0005557753.novalocal container-server[97096]: ::1 - - [13/Dec/2025:00:43:09 +0000] "PUT /2/135915/AUTH_afe588ce5e36492b94129e0538b6bb45/gnocchi.f8a7528e-dce4-4a6b-8afb-39b154905960" 201 - "PUT http://[::1]:8080/v1/AUTH_afe588ce5e36492b94129e0538b6bb45/gnocchi.f8a7528e-dce4-4a6b-8afb-39b154905960" "txcf81a7a8b69e425a8309f-00693cb69d" "proxy-server 90180" 0.0197 "-" 97096 0
Dec 12 19:43:09 np0005557753.novalocal account-server[96802]: ::1 - - [13/Dec/2025:00:43:09 +0000] "PUT /2/105149/AUTH_afe588ce5e36492b94129e0538b6bb45/gnocchi.f8a7528e-dce4-4a6b-8afb-39b154905960" 201 - "PUT http://[::1]:6001/3/135915/AUTH_afe588ce5e36492b94129e0538b6bb45/gnocchi.f8a7528e-dce4-4a6b-8afb-39b154905960" "txcf81a7a8b69e425a8309f-00693cb69d" "container-server 97099" 0.0045 "-" 96802 0
Dec 12 19:43:09 np0005557753.novalocal object-server[97402]: ::1 - - [13/Dec/2025:00:43:09 +0000] "GET /1/48265/AUTH_afe588ce5e36492b94129e0538b6bb45/gnocchi.ccdab2bb-4428-4864-93b0-e8ee8bdea5f8/1764720000.0_mean_300.0_v3" 404 70 "GET http://[::1]:8080/v1/AUTH_afe588ce5e36492b94129e0538b6bb45/gnocchi.ccdab2bb-4428-4864-93b0-e8ee8bdea5f8/1764720000.0_mean_300.0_v3" "tx7675a8e317ec4d47bea16-00693cb69d" "proxy-server 90180" 0.0006 "-" 97402 0
Dec 12 19:43:09 np0005557753.novalocal container-server[97099]: ::1 - - [13/Dec/2025:00:43:09 +0000] "PUT /3/135915/AUTH_afe588ce5e36492b94129e0538b6bb45/gnocchi.f8a7528e-dce4-4a6b-8afb-39b154905960" 201 - "PUT http://[::1]:8080/v1/AUTH_afe588ce5e36492b94129e0538b6bb45/gnocchi.f8a7528e-dce4-4a6b-8afb-39b154905960" "txcf81a7a8b69e425a8309f-00693cb69d" "proxy-server 90180" 0.0220 "-" 97099 0
