Dec 12 19:43:13 np0005557753.novalocal object-server[97399]: ::1 - - [13/Dec/2025:00:43:13 +0000] "PUT /3/202858/AUTH_afe588ce5e36492b94129e0538b6bb45/gnocchi.934f7b60-908c-4f18-8ec8-b1a768867b39/none_v3" 201 - "PUT http://[::1]:8080/v1/AUTH_afe588ce5e36492b94129e0538b6bb45/gnocchi.934f7b60-908c-4f18-8ec8-b1a768867b39/none_v3" "tx2b36991b8f014cafb4a71-00693cb6a1" "proxy-server 90180" 0.0141 "-" 97399 0
Dec 12 19:43:13 np0005557753.novalocal container-server[97098]: ::1 - - [13/Dec/2025:00:43:13 +0000] "PUT /1/180273/AUTH_afe588ce5e36492b94129e0538b6bb45/gnocchi.99a4ece2-ec13-4555-98af-d98d6b412d46/1764720000.0_mean_300.0_v3" 201 - "PUT http://[::1]:8080/1/101205/AUTH_afe588ce5e36492b94129e0538b6bb45/gnocchi.99a4ece2-ec13-4555-98af-d98d6b412d46/1764720000.0_mean_300.0_v3" "tx25cde484f3684e82808f1-00693cb6a1" "object-server 97401" 0.0004 "-" 97098 0
Dec 12 19:43:13 np0005557753.novalocal container-server[97098]: ::1 - - [13/Dec/2025:00:43:13 +0000] "PUT /3/180273/AUTH_afe588ce5e36492b94129e0538b6bb45/gnocchi.99a4ece2-ec13-4555-98af-d98d6b412d46/1764720000.0_mean_300.0_v3" 201 - "PUT http://[::1]:8080/2/101205/AUTH_afe588ce5e36492b94129e0538b6bb45/gnocchi.99a4ece2-ec13-4555-98af-d98d6b412d46/1764720000.0_mean_300.0_v3" "tx25cde484f3684e82808f1-00693cb6a1" "object-server 97400" 0.0004 "-" 97098 0
Dec 12 19:43:13 np0005557753.novalocal object-server[97401]: ::1 - - [13/Dec/2025:00:43:13 +0000] "PUT /1/101205/AUTH_afe588ce5e36492b94129e0538b6bb45/gnocchi.99a4ece2-ec13-4555-98af-d98d6b412d46/1764720000.0_mean_300.0_v3" 201 - "PUT http://[::1]:8080/v1/AUTH_afe588ce5e36492b94129e0538b6bb45/gnocchi.99a4ece2-ec13-4555-98af-d98d6b412d46/1764720000.0_mean_300.0_v3" "tx25cde484f3684e82808f1-00693cb6a1" "proxy-server 90180" 0.0166 "-" 97401 0
Dec 12 19:43:13 np0005557753.novalocal proxy-server[90180]: ::1 ::1 13/Dec/2025/00/43/13 PUT /v1/AUTH_afe588ce5e36492b94129e0538b6bb45/gnocchi.934f7b60-908c-4f18-8ec8-b1a768867b39/none_v3 HTTP/1.0 201 - python-swiftclient-4.2.0 gAAAAABpPLaCrEYT... 46 - - tx2b36991b8f014cafb4a71-00693cb6a1 - 0.0267 - - 1765586593.913983345 1765586593.940646648 0
Dec 12 19:43:13 np0005557753.novalocal object-server[97400]: ::1 - - [13/Dec/2025:00:43:13 +0000] "PUT /2/101205/AUTH_afe588ce5e36492b94129e0538b6bb45/gnocchi.99a4ece2-ec13-4555-98af-d98d6b412d46/1764720000.0_mean_300.0_v3" 201 - "PUT http://[::1]:8080/v1/AUTH_afe588ce5e36492b94129e0538b6bb45/gnocchi.99a4ece2-ec13-4555-98af-d98d6b412d46/1764720000.0_mean_300.0_v3" "tx25cde484f3684e82808f1-00693cb6a1" "proxy-server 90180" 0.0158 "-" 97400 0
Dec 12 19:43:13 np0005557753.novalocal proxy-server[90180]: ::1 ::1 13/Dec/2025/00/43/13 PUT /v1/AUTH_afe588ce5e36492b94129e0538b6bb45/gnocchi.99a4ece2-ec13-4555-98af-d98d6b412d46/1764720000.0_mean_300.0_v3 HTTP/1.0 201 - python-swiftclient-4.2.0 gAAAAABpPLaCpY4p... 16 - - tx25cde484f3684e82808f1-00693cb6a1 - 0.0294 - - 1765586593.914824724 1765586593.944206953 0
Dec 12 19:43:13 np0005557753.novalocal container-server[97097]: ::1 - - [13/Dec/2025:00:43:13 +0000] "PUT /2/180273/AUTH_afe588ce5e36492b94129e0538b6bb45/gnocchi.99a4ece2-ec13-4555-98af-d98d6b412d46/none_v3" 201 - "PUT http://[::1]:8080/1/125356/AUTH_afe588ce5e36492b94129e0538b6bb45/gnocchi.99a4ece2-ec13-4555-98af-d98d6b412d46/none_v3" "txa0adc9dbf1d344fa83da5-00693cb6a1" "object-server 97399" 0.0006 "-" 97097 0
Dec 12 19:43:13 np0005557753.novalocal object-server[97399]: ::1 - - [13/Dec/2025:00:43:13 +0000] "PUT /1/125356/AUTH_afe588ce5e36492b94129e0538b6bb45/gnocchi.99a4ece2-ec13-4555-98af-d98d6b412d46/none_v3" 201 - "PUT http://[::1]:8080/v1/AUTH_afe588ce5e36492b94129e0538b6bb45/gnocchi.99a4ece2-ec13-4555-98af-d98d6b412d46/none_v3" "txa0adc9dbf1d344fa83da5-00693cb6a1" "proxy-server 90180" 0.0154 "-" 97399 0
Dec 12 19:43:13 np0005557753.novalocal container-server[97096]: ::1 - - [13/Dec/2025:00:43:13 +0000] "PUT /1/180273/AUTH_afe588ce5e36492b94129e0538b6bb45/gnocchi.99a4ece2-ec13-4555-98af-d98d6b412d46/none_v3" 201 - "PUT http://[::1]:8080/3/125356/AUTH_afe588ce5e36492b94129e0538b6bb45/gnocchi.99a4ece2-ec13-4555-98af-d98d6b412d46/none_v3" "txa0adc9dbf1d344fa83da5-00693cb6a1" "object-server 97400" 0.0005 "-" 97096 0
Dec 12 19:43:13 np0005557753.novalocal object-server[97400]: ::1 - - [13/Dec/2025:00:43:13 +0000] "PUT /3/125356/AUTH_afe588ce5e36492b94129e0538b6bb45/gnocchi.99a4ece2-ec13-4555-98af-d98d6b412d46/none_v3" 201 - "PUT http://[::1]:8080/v1/AUTH_afe588ce5e36492b94129e0538b6bb45/gnocchi.99a4ece2-ec13-4555-98af-d98d6b412d46/none_v3" "txa0adc9dbf1d344fa83da5-00693cb6a1" "proxy-server 90180" 0.0147 "-" 97400 0
Dec 12 19:43:13 np0005557753.novalocal container-server[97097]: ::1 - - [13/Dec/2025:00:43:13 +0000] "PUT /3/180273/AUTH_afe588ce5e36492b94129e0538b6bb45/gnocchi.99a4ece2-ec13-4555-98af-d98d6b412d46/none_v3" 201 - "PUT http://[::1]:8080/2/125356/AUTH_afe588ce5e36492b94129e0538b6bb45/gnocchi.99a4ece2-ec13-4555-98af-d98d6b412d46/none_v3" "txa0adc9dbf1d344fa83da5-00693cb6a1" "object-server 97401" 0.0014 "-" 97097 0
Dec 12 19:43:13 np0005557753.novalocal object-server[97401]: ::1 - - [13/Dec/2025:00:43:13 +0000] "PUT /2/125356/AUTH_afe588ce5e36492b94129e0538b6bb45/gnocchi.99a4ece2-ec13-4555-98af-d98d6b412d46/none_v3" 201 - "PUT http://[::1]:8080/v1/AUTH_afe588ce5e36492b94129e0538b6bb45/gnocchi.99a4ece2-ec13-4555-98af-d98d6b412d46/none_v3" "txa0adc9dbf1d344fa83da5-00693cb6a1" "proxy-server 90180" 0.0216 "-" 97401 0
Dec 12 19:43:13 np0005557753.novalocal proxy-server[90180]: ::1 ::1 13/Dec/2025/00/43/13 PUT /v1/AUTH_afe588ce5e36492b94129e0538b6bb45/gnocchi.99a4ece2-ec13-4555-98af-d98d6b412d46/none_v3 HTTP/1.0 201 - python-swiftclient-4.2.0 gAAAAABpPLaCpY4p... 37 - - txa0adc9dbf1d344fa83da5-00693cb6a1 - 0.0282 - - 1765586593.947211504 1765586593.975419760 0
Dec 12 19:43:13 np0005557753.novalocal object-server[97400]: ::1 - - [13/Dec/2025:00:43:13 +0000] "GET /1/61336/AUTH_afe588ce5e36492b94129e0538b6bb45/gnocchi.1fe5b2c2-a804-47b4-9128-d3ea69008c69/none_v3" 200 32 "GET http://[::1]:8080/v1/AUTH_afe588ce5e36492b94129e0538b6bb45/gnocchi.1fe5b2c2-a804-47b4-9128-d3ea69008c69/none_v3" "tx0436e321c92a494797e00-00693cb6a1" "proxy-server 90180" 0.0008 "-" 97400 0
Dec 12 19:43:13 np0005557753.novalocal proxy-server[90180]: ::1 ::1 13/Dec/2025/00/43/13 GET /v1/AUTH_afe588ce5e36492b94129e0538b6bb45/gnocchi.1fe5b2c2-a804-47b4-9128-d3ea69008c69/none_v3 HTTP/1.0 200 - python-swiftclient-4.2.0 gAAAAABpPLaCrEYT... - 32 - tx0436e321c92a494797e00-00693cb6a1 - 0.0054 - - 1765586593.992063284 1765586593.997470140 0
Dec 12 19:43:14 np0005557753.novalocal container-server[97098]: ::1 - - [13/Dec/2025:00:43:14 +0000] "GET /1/42614/AUTH_afe588ce5e36492b94129e0538b6bb45/gnocchi.1fe5b2c2-a804-47b4-9128-d3ea69008c69" 200 357 "GET http://[::1]:8080/v1/AUTH_afe588ce5e36492b94129e0538b6bb45/gnocchi.1fe5b2c2-a804-47b4-9128-d3ea69008c69?format=json&states=listing" "txe389b8bd4f3141ea85577-00693cb6a1" "proxy-server 90180" 0.0064 "-" 97098 0
Dec 12 19:43:14 np0005557753.novalocal proxy-server[90180]: ::1 ::1 13/Dec/2025/00/43/14 GET /v1/AUTH_afe588ce5e36492b94129e0538b6bb45/gnocchi.1fe5b2c2-a804-47b4-9128-d3ea69008c69%3Fformat%3Djson%26states%3Dlisting HTTP/1.0 200 - python-swiftclient-4.2.0 gAAAAABpPLaCrEYT... - 357 - txe389b8bd4f3141ea85577-00693cb6a1 - 0.0130 - - 1765586593.999626398 1765586594.012597084 0
Dec 12 19:43:14 np0005557753.novalocal container-server[97099]: ::1 - - [13/Dec/2025:00:43:14 +0000] "GET /2/42614/AUTH_afe588ce5e36492b94129e0538b6bb45/gnocchi.1fe5b2c2-a804-47b4-9128-d3ea69008c69" 200 2 "GET http://[::1]:8080/v1/AUTH_afe588ce5e36492b94129e0538b6bb45/gnocchi.1fe5b2c2-a804-47b4-9128-d3ea69008c69?format=json&marker=none_v3&states=listing" "txfba807b71b8744fbb1997-00693cb6a2" "proxy-server 90180" 0.0066 "-" 97099 0
Dec 12 19:43:14 np0005557753.novalocal object-server[97399]: ::1 - - [13/Dec/2025:00:43:14 +0000] "GET /1/204327/AUTH_afe588ce5e36492b94129e0538b6bb45/gnocchi.1e4918c7-ad24-4838-a2df-59c6d515b970/none_v3" 200 31 "GET http://[::1]:8080/v1/AUTH_afe588ce5e36492b94129e0538b6bb45/gnocchi.1e4918c7-ad24-4838-a2df-59c6d515b970/none_v3" "txc25c6ed7b3584300b9728-00693cb6a2" "proxy-server 90180" 0.0007 "-" 97399 0
Dec 12 19:43:14 np0005557753.novalocal proxy-server[90180]: ::1 ::1 13/Dec/2025/00/43/14 GET /v1/AUTH_afe588ce5e36492b94129e0538b6bb45/gnocchi.1fe5b2c2-a804-47b4-9128-d3ea69008c69%3Fformat%3Djson%26marker%3Dnone_v3%26states%3Dlisting HTTP/1.0 200 - python-swiftclient-4.2.0 gAAAAABpPLaCrEYT... - 2 - txfba807b71b8744fbb1997-00693cb6a2 - 0.0137 - - 1765586594.014428139 1765586594.028167248 0
Dec 12 19:43:14 np0005557753.novalocal proxy-server[90180]: ::1 ::1 13/Dec/2025/00/43/14 GET /v1/AUTH_afe588ce5e36492b94129e0538b6bb45/gnocchi.1e4918c7-ad24-4838-a2df-59c6d515b970/none_v3 HTTP/1.0 200 - python-swiftclient-4.2.0 gAAAAABpPLaCpY4p... - 31 - txc25c6ed7b3584300b9728-00693cb6a2 - 0.0092 - - 1765586594.022038460 1765586594.031243801 0
Dec 12 19:43:14 np0005557753.novalocal object-server[97400]: ::1 - - [13/Dec/2025:00:43:14 +0000] "GET /3/44558/AUTH_afe588ce5e36492b94129e0538b6bb45/gnocchi.1fe5b2c2-a804-47b4-9128-d3ea69008c69/1764720000.0_mean_300.0_v3" 200 16 "GET http://[::1]:8080/v1/AUTH_afe588ce5e36492b94129e0538b6bb45/gnocchi.1fe5b2c2-a804-47b4-9128-d3ea69008c69/1764720000.0_mean_300.0_v3" "txa2fe5c56ce7348e599f95-00693cb6a2" "proxy-server 90180" 0.0016 "-" 97400 0
Dec 12 19:43:14 np0005557753.novalocal proxy-server[90180]: ::1 ::1 13/Dec/2025/00/43/14 GET /v1/AUTH_afe588ce5e36492b94129e0538b6bb45/gnocchi.1fe5b2c2-a804-47b4-9128-d3ea69008c69/1764720000.0_mean_300.0_v3 HTTP/1.0 200 - python-swiftclient-4.2.0 gAAAAABpPLaCrEYT... - 16 - txa2fe5c56ce7348e599f95-00693cb6a2 - 0.0108 - - 1765586594.031942129 1765586594.042789698 0
Dec 12 19:43:14 np0005557753.novalocal container-server[97099]: ::1 - - [13/Dec/2025:00:43:14 +0000] "GET /2/131670/AUTH_afe588ce5e36492b94129e0538b6bb45/gnocchi.1e4918c7-ad24-4838-a2df-59c6d515b970" 200 357 "GET http://[::1]:8080/v1/AUTH_afe588ce5e36492b94129e0538b6bb45/gnocchi.1e4918c7-ad24-4838-a2df-59c6d515b970?format=json&states=listing" "txf2e87d5758be4989aa71f-00693cb6a2" "proxy-server 90180" 0.0094 "-" 97099 0
Dec 12 19:43:14 np0005557753.novalocal proxy-server[90180]: ::1 ::1 13/Dec/2025/00/43/14 GET /v1/AUTH_afe588ce5e36492b94129e0538b6bb45/gnocchi.1e4918c7-ad24-4838-a2df-59c6d515b970%3Fformat%3Djson%26states%3Dlisting HTTP/1.0 200 - python-swiftclient-4.2.0 gAAAAABpPLaCpY4p... - 357 - txf2e87d5758be4989aa71f-00693cb6a2 - 0.0159 - - 1765586594.036930561 1765586594.052859068 0
Dec 12 19:43:14 np0005557753.novalocal container-server[97097]: ::1 - - [13/Dec/2025:00:43:14 +0000] "PUT /2/42614/AUTH_afe588ce5e36492b94129e0538b6bb45/gnocchi.1fe5b2c2-a804-47b4-9128-d3ea69008c69/1764720000.0_mean_300.0_v3" 201 - "PUT http://[::1]:8080/3/44558/AUTH_afe588ce5e36492b94129e0538b6bb45/gnocchi.1fe5b2c2-a804-47b4-9128-d3ea69008c69/1764720000.0_mean_300.0_v3" "tx19981b2f870a4a72b8a17-00693cb6a2" "object-server 97402" 0.0006 "-" 97097 0
Dec 12 19:43:14 np0005557753.novalocal container-server[97096]: ::1 - - [13/Dec/2025:00:43:14 +0000] "PUT /3/42614/AUTH_afe588ce5e36492b94129e0538b6bb45/gnocchi.1fe5b2c2-a804-47b4-9128-d3ea69008c69/1764720000.0_mean_300.0_v3" 201 - "PUT http://[::1]:8080/2/44558/AUTH_afe588ce5e36492b94129e0538b6bb45/gnocchi.1fe5b2c2-a804-47b4-9128-d3ea69008c69/1764720000.0_mean_300.0_v3" "tx19981b2f870a4a72b8a17-00693cb6a2" "object-server 97399" 0.0007 "-" 97096 0
Dec 12 19:43:14 np0005557753.novalocal container-server[97099]: ::1 - - [13/Dec/2025:00:43:14 +0000] "PUT /1/42614/AUTH_afe588ce5e36492b94129e0538b6bb45/gnocchi.1fe5b2c2-a804-47b4-9128-d3ea69008c69/1764720000.0_mean_300.0_v3" 201 - "PUT http://[::1]:8080/1/44558/AUTH_afe588ce5e36492b94129e0538b6bb45/gnocchi.1fe5b2c2-a804-47b4-9128-d3ea69008c69/1764720000.0_mean_300.0_v3" "tx19981b2f870a4a72b8a17-00693cb6a2" "object-server 97401" 0.0006 "-" 97099 0
Dec 12 19:43:14 np0005557753.novalocal object-server[97399]: ::1 - - [13/Dec/2025:00:43:14 +0000] "PUT /2/44558/AUTH_afe588ce5e36492b94129e0538b6bb45/gnocchi.1fe5b2c2-a804-47b4-9128-d3ea69008c69/1764720000.0_mean_300.0_v3" 201 - "PUT http://[::1]:8080/v1/AUTH_afe588ce5e36492b94129e0538b6bb45/gnocchi.1fe5b2c2-a804-47b4-9128-d3ea69008c69/1764720000.0_mean_300.0_v3" "tx19981b2f870a4a72b8a17-00693cb6a2" "proxy-server 90180" 0.0114 "-" 97399 0
Dec 12 19:43:14 np0005557753.novalocal object-server[97402]: ::1 - - [13/Dec/2025:00:43:14 +0000] "PUT /3/44558/AUTH_afe588ce5e36492b94129e0538b6bb45/gnocchi.1fe5b2c2-a804-47b4-9128-d3ea69008c69/1764720000.0_mean_300.0_v3" 201 - "PUT http://[::1]:8080/v1/AUTH_afe588ce5e36492b94129e0538b6bb45/gnocchi.1fe5b2c2-a804-47b4-9128-d3ea69008c69/1764720000.0_mean_300.0_v3" "tx19981b2f870a4a72b8a17-00693cb6a2" "proxy-server 90180" 0.0114 "-" 97402 0
Dec 12 19:43:14 np0005557753.novalocal object-server[97401]: ::1 - - [13/Dec/2025:00:43:14 +0000] "PUT /1/44558/AUTH_afe588ce5e36492b94129e0538b6bb45/gnocchi.1fe5b2c2-a804-47b4-9128-d3ea69008c69/1764720000.0_mean_300.0_v3" 201 - "PUT http://[::1]:8080/v1/AUTH_afe588ce5e36492b94129e0538b6bb45/gnocchi.1fe5b2c2-a804-47b4-9128-d3ea69008c69/1764720000.0_mean_300.0_v3" "tx19981b2f870a4a72b8a17-00693cb6a2" "proxy-server 90180" 0.0109 "-" 97401 0
Dec 12 19:43:14 np0005557753.novalocal proxy-server[90180]: ::1 ::1 13/Dec/2025/00/43/14 PUT /v1/AUTH_afe588ce5e36492b94129e0538b6bb45/gnocchi.1fe5b2c2-a804-47b4-9128-d3ea69008c69/1764720000.0_mean_300.0_v3 HTTP/1.0 201 - python-swiftclient-4.2.0 gAAAAABpPLaCrEYT... 16 - - tx19981b2f870a4a72b8a17-00693cb6a2 - 0.0193 - - 1765586594.045747757 1765586594.065028191 0
Dec 12 19:43:14 np0005557753.novalocal container-server[97096]: ::1 - - [13/Dec/2025:00:43:14 +0000] "GET /3/131670/AUTH_afe588ce5e36492b94129e0538b6bb45/gnocchi.1e4918c7-ad24-4838-a2df-59c6d515b970" 200 2 "GET http://[::1]:8080/v1/AUTH_afe588ce5e36492b94129e0538b6bb45/gnocchi.1e4918c7-ad24-4838-a2df-59c6d515b970?format=json&marker=none_v3&states=listing" "tx6cbdd3cfc9414a73a0086-00693cb6a2" "proxy-server 90180" 0.0073 "-" 97096 0
Dec 12 19:43:14 np0005557753.novalocal proxy-server[90180]: ::1 ::1 13/Dec/2025/00/43/14 GET /v1/AUTH_afe588ce5e36492b94129e0538b6bb45/gnocchi.1e4918c7-ad24-4838-a2df-59c6d515b970%3Fformat%3Djson%26marker%3Dnone_v3%26states%3Dlisting HTTP/1.0 200 - python-swiftclient-4.2.0 gAAAAABpPLaCpY4p... - 2 - tx6cbdd3cfc9414a73a0086-00693cb6a2 - 0.0185 - - 1765586594.055884123 1765586594.074368715 0
Dec 12 19:43:14 np0005557753.novalocal object-server[97402]: ::1 - - [13/Dec/2025:00:43:14 +0000] "GET /3/155606/AUTH_afe588ce5e36492b94129e0538b6bb45/gnocchi.1e4918c7-ad24-4838-a2df-59c6d515b970/1764720000.0_mean_300.0_v3" 200 16 "GET http://[::1]:8080/v1/AUTH_afe588ce5e36492b94129e0538b6bb45/gnocchi.1e4918c7-ad24-4838-a2df-59c6d515b970/1764720000.0_mean_300.0_v3" "tx47103b7518e2411f9a720-00693cb6a2" "proxy-server 90180" 0.0010 "-" 97402 0
Dec 12 19:43:14 np0005557753.novalocal container-server[97099]: ::1 - - [13/Dec/2025:00:43:14 +0000] "PUT /3/42614/AUTH_afe588ce5e36492b94129e0538b6bb45/gnocchi.1fe5b2c2-a804-47b4-9128-d3ea69008c69/none_v3" 201 - "PUT http://[::1]:8080/1/61336/AUTH_afe588ce5e36492b94129e0538b6bb45/gnocchi.1fe5b2c2-a804-47b4-9128-d3ea69008c69/none_v3" "txaf6a6ef695a944b7b1a69-00693cb6a2" "object-server 97399" 0.0008 "-" 97099 0
Dec 12 19:43:14 np0005557753.novalocal container-server[97098]: ::1 - - [13/Dec/2025:00:43:14 +0000] "PUT /2/42614/AUTH_afe588ce5e36492b94129e0538b6bb45/gnocchi.1fe5b2c2-a804-47b4-9128-d3ea69008c69/none_v3" 201 - "PUT http://[::1]:8080/3/61336/AUTH_afe588ce5e36492b94129e0538b6bb45/gnocchi.1fe5b2c2-a804-47b4-9128-d3ea69008c69/none_v3" "txaf6a6ef695a944b7b1a69-00693cb6a2" "object-server 97401" 0.0006 "-" 97098 0
Dec 12 19:43:14 np0005557753.novalocal object-server[97399]: ::1 - - [13/Dec/2025:00:43:14 +0000] "PUT /1/61336/AUTH_afe588ce5e36492b94129e0538b6bb45/gnocchi.1fe5b2c2-a804-47b4-9128-d3ea69008c69/none_v3" 201 - "PUT http://[::1]:8080/v1/AUTH_afe588ce5e36492b94129e0538b6bb45/gnocchi.1fe5b2c2-a804-47b4-9128-d3ea69008c69/none_v3" "txaf6a6ef695a944b7b1a69-00693cb6a2" "proxy-server 90180" 0.0110 "-" 97399 0
Dec 12 19:43:14 np0005557753.novalocal object-server[97401]: ::1 - - [13/Dec/2025:00:43:14 +0000] "PUT /3/61336/AUTH_afe588ce5e36492b94129e0538b6bb45/gnocchi.1fe5b2c2-a804-47b4-9128-d3ea69008c69/none_v3" 201 - "PUT http://[::1]:8080/v1/AUTH_afe588ce5e36492b94129e0538b6bb45/gnocchi.1fe5b2c2-a804-47b4-9128-d3ea69008c69/none_v3" "txaf6a6ef695a944b7b1a69-00693cb6a2" "proxy-server 90180" 0.0103 "-" 97401 0
Dec 12 19:43:14 np0005557753.novalocal container-server[97096]: ::1 - - [13/Dec/2025:00:43:14 +0000] "PUT /1/42614/AUTH_afe588ce5e36492b94129e0538b6bb45/gnocchi.1fe5b2c2-a804-47b4-9128-d3ea69008c69/none_v3" 201 - "PUT http://[::1]:8080/2/61336/AUTH_afe588ce5e36492b94129e0538b6bb45/gnocchi.1fe5b2c2-a804-47b4-9128-d3ea69008c69/none_v3" "txaf6a6ef695a944b7b1a69-00693cb6a2" "object-server 97401" 0.0006 "-" 97096 0
Dec 12 19:43:14 np0005557753.novalocal object-server[97401]: ::1 - - [13/Dec/2025:00:43:14 +0000] "PUT /2/61336/AUTH_afe588ce5e36492b94129e0538b6bb45/gnocchi.1fe5b2c2-a804-47b4-9128-d3ea69008c69/none_v3" 201 - "PUT http://[::1]:8080/v1/AUTH_afe588ce5e36492b94129e0538b6bb45/gnocchi.1fe5b2c2-a804-47b4-9128-d3ea69008c69/none_v3" "txaf6a6ef695a944b7b1a69-00693cb6a2" "proxy-server 90180" 0.0100 "-" 97401 0
Dec 12 19:43:14 np0005557753.novalocal proxy-server[90180]: ::1 ::1 13/Dec/2025/00/43/14 GET /v1/AUTH_afe588ce5e36492b94129e0538b6bb45/gnocchi.1e4918c7-ad24-4838-a2df-59c6d515b970/1764720000.0_mean_300.0_v3 HTTP/1.0 200 - python-swiftclient-4.2.0 gAAAAABpPLaCpY4p... - 16 - tx47103b7518e2411f9a720-00693cb6a2 - 0.0079 - - 1765586594.077990294 1765586594.085860968 0
Dec 12 19:43:14 np0005557753.novalocal proxy-server[90180]: ::1 ::1 13/Dec/2025/00/43/14 PUT /v1/AUTH_afe588ce5e36492b94129e0538b6bb45/gnocchi.1fe5b2c2-a804-47b4-9128-d3ea69008c69/none_v3 HTTP/1.0 201 - python-swiftclient-4.2.0 gAAAAABpPLaCrEYT... 46 - - txaf6a6ef695a944b7b1a69-00693cb6a2 - 0.0189 - - 1765586594.068540812 1765586594.087486982 0
Dec 12 19:43:14 np0005557753.novalocal container-server[97099]: ::1 - - [13/Dec/2025:00:43:14 +0000] "PUT /3/131670/AUTH_afe588ce5e36492b94129e0538b6bb45/gnocchi.1e4918c7-ad24-4838-a2df-59c6d515b970/1764720000.0_mean_300.0_v3" 201 - "PUT http://[::1]:8080/1/155606/AUTH_afe588ce5e36492b94129e0538b6bb45/gnocchi.1e4918c7-ad24-4838-a2df-59c6d515b970/1764720000.0_mean_300.0_v3" "txa16bb9f8cdc0465082451-00693cb6a2" "object-server 97399" 0.0007 "-" 97099 0
Dec 12 19:43:14 np0005557753.novalocal object-server[97399]: ::1 - - [13/Dec/2025:00:43:14 +0000] "PUT /1/155606/AUTH_afe588ce5e36492b94129e0538b6bb45/gnocchi.1e4918c7-ad24-4838-a2df-59c6d515b970/1764720000.0_mean_300.0_v3" 201 - "PUT http://[::1]:8080/v1/AUTH_afe588ce5e36492b94129e0538b6bb45/gnocchi.1e4918c7-ad24-4838-a2df-59c6d515b970/1764720000.0_mean_300.0_v3" "txa16bb9f8cdc0465082451-00693cb6a2" "proxy-server 90180" 0.0131 "-" 97399 0
Dec 12 19:43:14 np0005557753.novalocal container-server[97096]: ::1 - - [13/Dec/2025:00:43:14 +0000] "PUT /1/131670/AUTH_afe588ce5e36492b94129e0538b6bb45/gnocchi.1e4918c7-ad24-4838-a2df-59c6d515b970/1764720000.0_mean_300.0_v3" 201 - "PUT http://[::1]:8080/2/155606/AUTH_afe588ce5e36492b94129e0538b6bb45/gnocchi.1e4918c7-ad24-4838-a2df-59c6d515b970/1764720000.0_mean_300.0_v3" "txa16bb9f8cdc0465082451-00693cb6a2" "object-server 97400" 0.0005 "-" 97096 0
Dec 12 19:43:14 np0005557753.novalocal object-server[97400]: ::1 - - [13/Dec/2025:00:43:14 +0000] "PUT /2/155606/AUTH_afe588ce5e36492b94129e0538b6bb45/gnocchi.1e4918c7-ad24-4838-a2df-59c6d515b970/1764720000.0_mean_300.0_v3" 201 - "PUT http://[::1]:8080/v1/AUTH_afe588ce5e36492b94129e0538b6bb45/gnocchi.1e4918c7-ad24-4838-a2df-59c6d515b970/1764720000.0_mean_300.0_v3" "txa16bb9f8cdc0465082451-00693cb6a2" "proxy-server 90180" 0.0123 "-" 97400 0
Dec 12 19:43:14 np0005557753.novalocal container-server[97097]: ::1 - - [13/Dec/2025:00:43:14 +0000] "PUT /2/131670/AUTH_afe588ce5e36492b94129e0538b6bb45/gnocchi.1e4918c7-ad24-4838-a2df-59c6d515b970/1764720000.0_mean_300.0_v3" 201 - "PUT http://[::1]:8080/3/155606/AUTH_afe588ce5e36492b94129e0538b6bb45/gnocchi.1e4918c7-ad24-4838-a2df-59c6d515b970/1764720000.0_mean_300.0_v3" "txa16bb9f8cdc0465082451-00693cb6a2" "object-server 97401" 0.0006 "-" 97097 0
Dec 12 19:43:14 np0005557753.novalocal object-server[97401]: ::1 - - [13/Dec/2025:00:43:14 +0000] "PUT /3/155606/AUTH_afe588ce5e36492b94129e0538b6bb45/gnocchi.1e4918c7-ad24-4838-a2df-59c6d515b970/1764720000.0_mean_300.0_v3" 201 - "PUT http://[::1]:8080/v1/AUTH_afe588ce5e36492b94129e0538b6bb45/gnocchi.1e4918c7-ad24-4838-a2df-59c6d515b970/1764720000.0_mean_300.0_v3" "txa16bb9f8cdc0465082451-00693cb6a2" "proxy-server 90180" 0.0124 "-" 97401 0
Dec 12 19:43:14 np0005557753.novalocal proxy-server[90180]: ::1 ::1 13/Dec/2025/00/43/14 PUT /v1/AUTH_afe588ce5e36492b94129e0538b6bb45/gnocchi.1e4918c7-ad24-4838-a2df-59c6d515b970/1764720000.0_mean_300.0_v3 HTTP/1.0 201 - python-swiftclient-4.2.0 gAAAAABpPLaCpY4p... 16 - - txa16bb9f8cdc0465082451-00693cb6a2 - 0.0216 - - 1765586594.088284492 1765586594.109904051 0
Dec 12 19:43:14 np0005557753.novalocal container-server[97097]: ::1 - - [13/Dec/2025:00:43:14 +0000] "PUT /3/131670/AUTH_afe588ce5e36492b94129e0538b6bb45/gnocchi.1e4918c7-ad24-4838-a2df-59c6d515b970/none_v3" 201 - "PUT http://[::1]:8080/2/204327/AUTH_afe588ce5e36492b94129e0538b6bb45/gnocchi.1e4918c7-ad24-4838-a2df-59c6d515b970/none_v3" "txc80def2f9b9942268b0ce-00693cb6a2" "object-server 97399" 0.0006 "-" 97097 0
Dec 12 19:43:14 np0005557753.novalocal container-server[97099]: ::1 - - [13/Dec/2025:00:43:14 +0000] "PUT /1/131670/AUTH_afe588ce5e36492b94129e0538b6bb45/gnocchi.1e4918c7-ad24-4838-a2df-59c6d515b970/none_v3" 201 - "PUT http://[::1]:8080/3/204327/AUTH_afe588ce5e36492b94129e0538b6bb45/gnocchi.1e4918c7-ad24-4838-a2df-59c6d515b970/none_v3" "txc80def2f9b9942268b0ce-00693cb6a2" "object-server 97401" 0.0005 "-" 97099 0
Dec 12 19:43:14 np0005557753.novalocal object-server[97399]: ::1 - - [13/Dec/2025:00:43:14 +0000] "PUT /2/204327/AUTH_afe588ce5e36492b94129e0538b6bb45/gnocchi.1e4918c7-ad24-4838-a2df-59c6d515b970/none_v3" 201 - "PUT http://[::1]:8080/v1/AUTH_afe588ce5e36492b94129e0538b6bb45/gnocchi.1e4918c7-ad24-4838-a2df-59c6d515b970/none_v3" "txc80def2f9b9942268b0ce-00693cb6a2" "proxy-server 90180" 0.0102 "-" 97399 0
Dec 12 19:43:14 np0005557753.novalocal container-server[97097]: ::1 - - [13/Dec/2025:00:43:14 +0000] "PUT /2/131670/AUTH_afe588ce5e36492b94129e0538b6bb45/gnocchi.1e4918c7-ad24-4838-a2df-59c6d515b970/none_v3" 201 - "PUT http://[::1]:8080/1/204327/AUTH_afe588ce5e36492b94129e0538b6bb45/gnocchi.1e4918c7-ad24-4838-a2df-59c6d515b970/none_v3" "txc80def2f9b9942268b0ce-00693cb6a2" "object-server 97402" 0.0003 "-" 97097 0
Dec 12 19:43:14 np0005557753.novalocal object-server[97401]: ::1 - - [13/Dec/2025:00:43:14 +0000] "PUT /3/204327/AUTH_afe588ce5e36492b94129e0538b6bb45/gnocchi.1e4918c7-ad24-4838-a2df-59c6d515b970/none_v3" 201 - "PUT http://[::1]:8080/v1/AUTH_afe588ce5e36492b94129e0538b6bb45/gnocchi.1e4918c7-ad24-4838-a2df-59c6d515b970/none_v3" "txc80def2f9b9942268b0ce-00693cb6a2" "proxy-server 90180" 0.0098 "-" 97401 0
Dec 12 19:43:14 np0005557753.novalocal object-server[97402]: ::1 - - [13/Dec/2025:00:43:14 +0000] "PUT /1/204327/AUTH_afe588ce5e36492b94129e0538b6bb45/gnocchi.1e4918c7-ad24-4838-a2df-59c6d515b970/none_v3" 201 - "PUT http://[::1]:8080/v1/AUTH_afe588ce5e36492b94129e0538b6bb45/gnocchi.1e4918c7-ad24-4838-a2df-59c6d515b970/none_v3" "txc80def2f9b9942268b0ce-00693cb6a2" "proxy-server 90180" 0.0104 "-" 97402 0
Dec 12 19:43:14 np0005557753.novalocal proxy-server[90180]: ::1 ::1 13/Dec/2025/00/43/14 PUT /v1/AUTH_afe588ce5e36492b94129e0538b6bb45/gnocchi.1e4918c7-ad24-4838-a2df-59c6d515b970/none_v3 HTTP/1.0 201 - python-swiftclient-4.2.0 gAAAAABpPLaCpY4p... 44 - - txc80def2f9b9942268b0ce-00693cb6a2 - 0.0167 - - 1765586594.112394094 1765586594.129132032 0
Dec 12 19:43:15 np0005557753.novalocal kernel: qbr38f881fc-da: port 2(tap38f881fc-da) entered disabled state
Dec 12 19:43:15 np0005557753.novalocal kernel: tap38f881fc-da (unregistering): left allmulticast mode
Dec 12 19:43:15 np0005557753.novalocal kernel: tap38f881fc-da (unregistering): left promiscuous mode
Dec 12 19:43:15 np0005557753.novalocal kernel: qbr38f881fc-da: port 2(tap38f881fc-da) entered disabled state
Dec 12 19:43:15 np0005557753.novalocal NetworkManager[855]: [1765586595.0357] device (tap38f881fc-da): state change: activated -> unmanaged (reason 'unmanaged', managed-type: 'removed')
Dec 12 19:43:15 np0005557753.novalocal NetworkManager[855]: [1765586595.0364] device (tap38f881fc-da): released from controller device qbr38f881fc-da
Dec 12 19:43:15 np0005557753.novalocal systemd[1]: Starting Network Manager Script Dispatcher Service...
Dec 12 19:43:15 np0005557753.novalocal systemd[1]: machine-qemu\x2d3\x2dinstance\x2d00000002.scope: Deactivated successfully.
Dec 12 19:43:15 np0005557753.novalocal systemd[1]: machine-qemu\x2d3\x2dinstance\x2d00000002.scope: Consumed 10.277s CPU time.
Dec 12 19:43:15 np0005557753.novalocal systemd-machined[94225]: Machine qemu-3-instance-00000002 terminated.
Dec 12 19:43:15 np0005557753.novalocal object-server[97402]: ::1 - - [13/Dec/2025:00:43:15 +0000] "GET /3/160655/AUTH_afe588ce5e36492b94129e0538b6bb45/gnocchi.ee7cc283-21e0-4b9a-8e3d-92b2d633b517/none_v3" 200 45 "GET http://[::1]:8080/v1/AUTH_afe588ce5e36492b94129e0538b6bb45/gnocchi.ee7cc283-21e0-4b9a-8e3d-92b2d633b517/none_v3" "tx3e3e429745624bbabc7d1-00693cb6a3" "proxy-server 90180" 0.0013 "-" 97402 0
Dec 12 19:43:15 np0005557753.novalocal proxy-server[90180]: ::1 ::1 13/Dec/2025/00/43/15 GET /v1/AUTH_afe588ce5e36492b94129e0538b6bb45/gnocchi.ee7cc283-21e0-4b9a-8e3d-92b2d633b517/none_v3 HTTP/1.0 200 - python-swiftclient-4.2.0 gAAAAABpPLaCrEYT... - 45 - tx3e3e429745624bbabc7d1-00693cb6a3 - 0.0121 - - 1765586595.057171106 1765586595.069257975 0
Dec 12 19:43:15 np0005557753.novalocal object-server[97400]: ::1 - - [13/Dec/2025:00:43:15 +0000] "GET /1/9248/AUTH_afe588ce5e36492b94129e0538b6bb45/gnocchi.f2306df3-c228-4a0e-96f0-fa61d8fadd48/none_v3" 200 43 "GET http://[::1]:8080/v1/AUTH_afe588ce5e36492b94129e0538b6bb45/gnocchi.f2306df3-c228-4a0e-96f0-fa61d8fadd48/none_v3" "txdc36a1885ed44080ae98c-00693cb6a3" "proxy-server 90180" 0.0009 "-" 97400 0
Dec 12 19:43:15 np0005557753.novalocal proxy-server[90180]: ::1 ::1 13/Dec/2025/00/43/15 GET /v1/AUTH_afe588ce5e36492b94129e0538b6bb45/gnocchi.f2306df3-c228-4a0e-96f0-fa61d8fadd48/none_v3 HTTP/1.0 200 - python-swiftclient-4.2.0 gAAAAABpPLaCpY4p... - 43 - txdc36a1885ed44080ae98c-00693cb6a3 - 0.0140 - - 1765586595.063227654 1765586595.077183723 0
Dec 12 19:43:15 np0005557753.novalocal systemd[1]: Started Network Manager Script Dispatcher Service.
Dec 12 19:43:15 np0005557753.novalocal container-server[97098]: ::1 - - [13/Dec/2025:00:43:15 +0000] "GET /2/233251/AUTH_afe588ce5e36492b94129e0538b6bb45/gnocchi.ee7cc283-21e0-4b9a-8e3d-92b2d633b517" 200 357 "GET http://[::1]:8080/v1/AUTH_afe588ce5e36492b94129e0538b6bb45/gnocchi.ee7cc283-21e0-4b9a-8e3d-92b2d633b517?format=json&states=listing" "tx2fcf750e57b84894b9ddb-00693cb6a3" "proxy-server 90180" 0.0139 "-" 97098 0
Dec 12 19:43:15 np0005557753.novalocal container-server[97098]: ::1 - - [13/Dec/2025:00:43:15 +0000] "GET /1/164275/AUTH_afe588ce5e36492b94129e0538b6bb45/gnocchi.f2306df3-c228-4a0e-96f0-fa61d8fadd48" 200 357 "GET http://[::1]:8080/v1/AUTH_afe588ce5e36492b94129e0538b6bb45/gnocchi.f2306df3-c228-4a0e-96f0-fa61d8fadd48?format=json&states=listing" "tx0bc1901478314b1b8fb83-00693cb6a3" "proxy-server 90180" 0.0098 "-" 97098 0
Dec 12 19:43:15 np0005557753.novalocal proxy-server[90180]: ::1 ::1 13/Dec/2025/00/43/15 GET /v1/AUTH_afe588ce5e36492b94129e0538b6bb45/gnocchi.ee7cc283-21e0-4b9a-8e3d-92b2d633b517%3Fformat%3Djson%26states%3Dlisting HTTP/1.0 200 - python-swiftclient-4.2.0 gAAAAABpPLaCrEYT... - 357 - tx2fcf750e57b84894b9ddb-00693cb6a3 - 0.0265 - - 1765586595.075208902 1765586595.101705551 0
Dec 12 19:43:15 np0005557753.novalocal proxy-server[90180]: ::1 ::1 13/Dec/2025/00/43/15 GET /v1/AUTH_afe588ce5e36492b94129e0538b6bb45/gnocchi.f2306df3-c228-4a0e-96f0-fa61d8fadd48%3Fformat%3Djson%26states%3Dlisting HTTP/1.0 200 - python-swiftclient-4.2.0 gAAAAABpPLaCpY4p... - 357 - tx0bc1901478314b1b8fb83-00693cb6a3 - 0.0275 - - 1765586595.084661007 1765586595.112171173 0
Dec 12 19:43:15 np0005557753.novalocal container-server[97097]: ::1 - - [13/Dec/2025:00:43:15 +0000] "GET /1/233251/AUTH_afe588ce5e36492b94129e0538b6bb45/gnocchi.ee7cc283-21e0-4b9a-8e3d-92b2d633b517" 200 2 "GET http://[::1]:8080/v1/AUTH_afe588ce5e36492b94129e0538b6bb45/gnocchi.ee7cc283-21e0-4b9a-8e3d-92b2d633b517?format=json&marker=none_v3&states=listing" "tx9f8f3c2021574e87bfd06-00693cb6a3" "proxy-server 90180" 0.0105 "-" 97097 0
Dec 12 19:43:15 np0005557753.novalocal container-server[97098]: ::1 - - [13/Dec/2025:00:43:15 +0000] "GET /2/164275/AUTH_afe588ce5e36492b94129e0538b6bb45/gnocchi.f2306df3-c228-4a0e-96f0-fa61d8fadd48" 200 2 "GET http://[::1]:8080/v1/AUTH_afe588ce5e36492b94129e0538b6bb45/gnocchi.f2306df3-c228-4a0e-96f0-fa61d8fadd48?format=json&marker=none_v3&states=listing" "txea951e11182b434d9f7fb-00693cb6a3" "proxy-server 90180" 0.0073 "-" 97098 0
Dec 12 19:43:15 np0005557753.novalocal proxy-server[90180]: ::1 ::1 13/Dec/2025/00/43/15 GET /v1/AUTH_afe588ce5e36492b94129e0538b6bb45/gnocchi.f2306df3-c228-4a0e-96f0-fa61d8fadd48%3Fformat%3Djson%26marker%3Dnone_v3%26states%3Dlisting HTTP/1.0 200 - python-swiftclient-4.2.0 gAAAAABpPLaCpY4p... - 2 - txea951e11182b434d9f7fb-00693cb6a3 - 0.0146 - - 1765586595.116564035 1765586595.131134033 0
Dec 12 19:43:15 np0005557753.novalocal proxy-server[90180]: ::1 ::1 13/Dec/2025/00/43/15 GET /v1/AUTH_afe588ce5e36492b94129e0538b6bb45/gnocchi.ee7cc283-21e0-4b9a-8e3d-92b2d633b517%3Fformat%3Djson%26marker%3Dnone_v3%26states%3Dlisting HTTP/1.0 200 - python-swiftclient-4.2.0 gAAAAABpPLaCrEYT... - 2 - tx9f8f3c2021574e87bfd06-00693cb6a3 - 0.0246 - - 1765586595.107969999 1765586595.132532120 0
Dec 12 19:43:15 np0005557753.novalocal object-server[97399]: ::1 - - [13/Dec/2025:00:43:15 +0000] "GET /3/160831/AUTH_afe588ce5e36492b94129e0538b6bb45/gnocchi.f2306df3-c228-4a0e-96f0-fa61d8fadd48/1764720000.0_mean_300.0_v3" 200 16 "GET http://[::1]:8080/v1/AUTH_afe588ce5e36492b94129e0538b6bb45/gnocchi.f2306df3-c228-4a0e-96f0-fa61d8fadd48/1764720000.0_mean_300.0_v3" "tx77f5ad8fabec45809a53d-00693cb6a3" "proxy-server 90180" 0.0008 "-" 97399 0
Dec 12 19:43:15 np0005557753.novalocal object-server[97400]: ::1 - - [13/Dec/2025:00:43:15 +0000] "GET /3/216955/AUTH_afe588ce5e36492b94129e0538b6bb45/gnocchi.ee7cc283-21e0-4b9a-8e3d-92b2d633b517/1764720000.0_mean_300.0_v3" 200 16 "GET http://[::1]:8080/v1/AUTH_afe588ce5e36492b94129e0538b6bb45/gnocchi.ee7cc283-21e0-4b9a-8e3d-92b2d633b517/1764720000.0_mean_300.0_v3" "txc8595f1a5ad6479386f5d-00693cb6a3" "proxy-server 90180" 0.0007 "-" 97400 0
Dec 12 19:43:15 np0005557753.novalocal proxy-server[90180]: ::1 ::1 13/Dec/2025/00/43/15 GET /v1/AUTH_afe588ce5e36492b94129e0538b6bb45/gnocchi.f2306df3-c228-4a0e-96f0-fa61d8fadd48/1764720000.0_mean_300.0_v3 HTTP/1.0 200 - python-swiftclient-4.2.0 gAAAAABpPLaCpY4p... - 16 - tx77f5ad8fabec45809a53d-00693cb6a3 - 0.0092 - - 1765586595.135541677 1765586595.144742250 0
Dec 12 19:43:15 np0005557753.novalocal proxy-server[90180]: ::1 ::1 13/Dec/2025/00/43/15 GET /v1/AUTH_afe588ce5e36492b94129e0538b6bb45/gnocchi.ee7cc283-21e0-4b9a-8e3d-92b2d633b517/1764720000.0_mean_300.0_v3 HTTP/1.0 200 - python-swiftclient-4.2.0 gAAAAABpPLaCrEYT... - 16 - txc8595f1a5ad6479386f5d-00693cb6a3 - 0.0102 - - 1765586595.135982037 1765586595.146170378 0
Dec 12 19:43:15 np0005557753.novalocal container-server[97098]: ::1 - - [13/Dec/2025:00:43:15 +0000] "PUT /3/164275/AUTH_afe588ce5e36492b94129e0538b6bb45/gnocchi.f2306df3-c228-4a0e-96f0-fa61d8fadd48/1764720000.0_mean_300.0_v3" 201 - "PUT http://[::1]:8080/1/160831/AUTH_afe588ce5e36492b94129e0538b6bb45/gnocchi.f2306df3-c228-4a0e-96f0-fa61d8fadd48/1764720000.0_mean_300.0_v3" "txb33a8408a64248ed8519f-00693cb6a3" "object-server 97401" 0.0007 "-" 97098 0
Dec 12 19:43:15 np0005557753.novalocal container-server[97098]: ::1 - - [13/Dec/2025:00:43:15 +0000] "PUT /2/233251/AUTH_afe588ce5e36492b94129e0538b6bb45/gnocchi.ee7cc283-21e0-4b9a-8e3d-92b2d633b517/1764720000.0_mean_300.0_v3" 201 - "PUT http://[::1]:8080/2/216955/AUTH_afe588ce5e36492b94129e0538b6bb45/gnocchi.ee7cc283-21e0-4b9a-8e3d-92b2d633b517/1764720000.0_mean_300.0_v3" "tx42dd6a8c58e540b1a3b72-00693cb6a3" "object-server 97401" 0.0003 "-" 97098 0
Dec 12 19:43:15 np0005557753.novalocal container-server[97097]: ::1 - - [13/Dec/2025:00:43:15 +0000] "PUT /3/233251/AUTH_afe588ce5e36492b94129e0538b6bb45/gnocchi.ee7cc283-21e0-4b9a-8e3d-92b2d633b517/1764720000.0_mean_300.0_v3" 201 - "PUT http://[::1]:8080/3/216955/AUTH_afe588ce5e36492b94129e0538b6bb45/gnocchi.ee7cc283-21e0-4b9a-8e3d-92b2d633b517/1764720000.0_mean_300.0_v3" "tx42dd6a8c58e540b1a3b72-00693cb6a3" "object-server 97401" 0.0006 "-" 97097 0
Dec 12 19:43:15 np0005557753.novalocal object-server[97401]: ::1 - - [13/Dec/2025:00:43:15 +0000] "PUT /1/160831/AUTH_afe588ce5e36492b94129e0538b6bb45/gnocchi.f2306df3-c228-4a0e-96f0-fa61d8fadd48/1764720000.0_mean_300.0_v3" 201 - "PUT http://[::1]:8080/v1/AUTH_afe588ce5e36492b94129e0538b6bb45/gnocchi.f2306df3-c228-4a0e-96f0-fa61d8fadd48/1764720000.0_mean_300.0_v3" "txb33a8408a64248ed8519f-00693cb6a3" "proxy-server 90180" 0.0152 "-" 97401 0
Dec 12 19:43:15 np0005557753.novalocal container-server[97098]: ::1 - - [13/Dec/2025:00:43:15 +0000] "PUT /1/233251/AUTH_afe588ce5e36492b94129e0538b6bb45/gnocchi.ee7cc283-21e0-4b9a-8e3d-92b2d633b517/1764720000.0_mean_300.0_v3" 201 - "PUT http://[::1]:8080/1/216955/AUTH_afe588ce5e36492b94129e0538b6bb45/gnocchi.ee7cc283-21e0-4b9a-8e3d-92b2d633b517/1764720000.0_mean_300.0_v3" "tx42dd6a8c58e540b1a3b72-00693cb6a3" "object-server 97401" 0.0003 "-" 97098 0
Dec 12 19:43:15 np0005557753.novalocal container-server[97098]: ::1 - - [13/Dec/2025:00:43:15 +0000] "PUT /1/164275/AUTH_afe588ce5e36492b94129e0538b6bb45/gnocchi.f2306df3-c228-4a0e-96f0-fa61d8fadd48/1764720000.0_mean_300.0_v3" 201 - "PUT http://[::1]:8080/3/160831/AUTH_afe588ce5e36492b94129e0538b6bb45/gnocchi.f2306df3-c228-4a0e-96f0-fa61d8fadd48/1764720000.0_mean_300.0_v3" "txb33a8408a64248ed8519f-00693cb6a3" "object-server 97401" 0.0003 "-" 97098 0
Dec 12 19:43:15 np0005557753.novalocal object-server[97401]: ::1 - - [13/Dec/2025:00:43:15 +0000] "PUT /2/216955/AUTH_afe588ce5e36492b94129e0538b6bb45/gnocchi.ee7cc283-21e0-4b9a-8e3d-92b2d633b517/1764720000.0_mean_300.0_v3" 201 - "PUT http://[::1]:8080/v1/AUTH_afe588ce5e36492b94129e0538b6bb45/gnocchi.ee7cc283-21e0-4b9a-8e3d-92b2d633b517/1764720000.0_mean_300.0_v3" "tx42dd6a8c58e540b1a3b72-00693cb6a3" "proxy-server 90180" 0.0179 "-" 97401 0
Dec 12 19:43:15 np0005557753.novalocal container-server[97097]: ::1 - - [13/Dec/2025:00:43:15 +0000] "PUT /2/164275/AUTH_afe588ce5e36492b94129e0538b6bb45/gnocchi.f2306df3-c228-4a0e-96f0-fa61d8fadd48/1764720000.0_mean_300.0_v3" 201 - "PUT http://[::1]:8080/2/160831/AUTH_afe588ce5e36492b94129e0538b6bb45/gnocchi.f2306df3-c228-4a0e-96f0-fa61d8fadd48/1764720000.0_mean_300.0_v3" "txb33a8408a64248ed8519f-00693cb6a3" "object-server 97401" 0.0004 "-" 97097 0
Dec 12 19:43:15 np0005557753.novalocal object-server[97401]: ::1 - - [13/Dec/2025:00:43:15 +0000] "PUT /3/216955/AUTH_afe588ce5e36492b94129e0538b6bb45/gnocchi.ee7cc283-21e0-4b9a-8e3d-92b2d633b517/1764720000.0_mean_300.0_v3" 201 - "PUT http://[::1]:8080/v1/AUTH_afe588ce5e36492b94129e0538b6bb45/gnocchi.ee7cc283-21e0-4b9a-8e3d-92b2d633b517/1764720000.0_mean_300.0_v3" "tx42dd6a8c58e540b1a3b72-00693cb6a3" "proxy-server 90180" 0.0210 "-" 97401 0
Dec 12 19:43:15 np0005557753.novalocal object-server[97401]: ::1 - - [13/Dec/2025:00:43:15 +0000] "PUT /1/216955/AUTH_afe588ce5e36492b94129e0538b6bb45/gnocchi.ee7cc283-21e0-4b9a-8e3d-92b2d633b517/1764720000.0_mean_300.0_v3" 201 - "PUT http://[::1]:8080/v1/AUTH_afe588ce5e36492b94129e0538b6bb45/gnocchi.ee7cc283-21e0-4b9a-8e3d-92b2d633b517/1764720000.0_mean_300.0_v3" "tx42dd6a8c58e540b1a3b72-00693cb6a3" "proxy-server 90180" 0.0199 "-" 97401 0
Dec 12 19:43:15 np0005557753.novalocal object-server[97401]: ::1 - - [13/Dec/2025:00:43:15 +0000] "PUT /3/160831/AUTH_afe588ce5e36492b94129e0538b6bb45/gnocchi.f2306df3-c228-4a0e-96f0-fa61d8fadd48/1764720000.0_mean_300.0_v3" 201 - "PUT http://[::1]:8080/v1/AUTH_afe588ce5e36492b94129e0538b6bb45/gnocchi.f2306df3-c228-4a0e-96f0-fa61d8fadd48/1764720000.0_mean_300.0_v3" "txb33a8408a64248ed8519f-00693cb6a3" "proxy-server 90180" 0.0173 "-" 97401 0
Dec 12 19:43:15 np0005557753.novalocal object-server[97401]: ::1 - - [13/Dec/2025:00:43:15 +0000] "PUT /2/160831/AUTH_afe588ce5e36492b94129e0538b6bb45/gnocchi.f2306df3-c228-4a0e-96f0-fa61d8fadd48/1764720000.0_mean_300.0_v3" 201 - "PUT http://[::1]:8080/v1/AUTH_afe588ce5e36492b94129e0538b6bb45/gnocchi.f2306df3-c228-4a0e-96f0-fa61d8fadd48/1764720000.0_mean_300.0_v3" "txb33a8408a64248ed8519f-00693cb6a3" "proxy-server 90180" 0.0168 "-" 97401 0
Dec 12 19:43:15 np0005557753.novalocal proxy-server[90180]: ::1 ::1 13/Dec/2025/00/43/15 PUT /v1/AUTH_afe588ce5e36492b94129e0538b6bb45/gnocchi.ee7cc283-21e0-4b9a-8e3d-92b2d633b517/1764720000.0_mean_300.0_v3 HTTP/1.0 201 - python-swiftclient-4.2.0 gAAAAABpPLaCrEYT... 16 - - tx42dd6a8c58e540b1a3b72-00693cb6a3 - 0.0300 - - 1765586595.148893833 1765586595.178889751 0
Dec 12 19:43:15 np0005557753.novalocal proxy-server[90180]: ::1 ::1 13/Dec/2025/00/43/15 PUT /v1/AUTH_afe588ce5e36492b94129e0538b6bb45/gnocchi.f2306df3-c228-4a0e-96f0-fa61d8fadd48/1764720000.0_mean_300.0_v3 HTTP/1.0 201 - python-swiftclient-4.2.0 gAAAAABpPLaCpY4p... 16 - - txb33a8408a64248ed8519f-00693cb6a3 - 0.0310 - - 1765586595.149345398 1765586595.180320740 0
Dec 12 19:43:15 np0005557753.novalocal container-server[97097]: ::1 - - [13/Dec/2025:00:43:15 +0000] "PUT /1/233251/AUTH_afe588ce5e36492b94129e0538b6bb45/gnocchi.ee7cc283-21e0-4b9a-8e3d-92b2d633b517/none_v3" 201 - "PUT http://[::1]:8080/3/160655/AUTH_afe588ce5e36492b94129e0538b6bb45/gnocchi.ee7cc283-21e0-4b9a-8e3d-92b2d633b517/none_v3" "tx459ee4541c91469daaf82-00693cb6a3" "object-server 97400" 0.0009 "-" 97097 0
Dec 12 19:43:15 np0005557753.novalocal container-server[97098]: ::1 - - [13/Dec/2025:00:43:15 +0000] "PUT /2/233251/AUTH_afe588ce5e36492b94129e0538b6bb45/gnocchi.ee7cc283-21e0-4b9a-8e3d-92b2d633b517/none_v3" 201 - "PUT http://[::1]:8080/2/160655/AUTH_afe588ce5e36492b94129e0538b6bb45/gnocchi.ee7cc283-21e0-4b9a-8e3d-92b2d633b517/none_v3" "tx459ee4541c91469daaf82-00693cb6a3" "object-server 97401" 0.0008 "-" 97098 0
Dec 12 19:43:15 np0005557753.novalocal container-server[97099]: ::1 - - [13/Dec/2025:00:43:15 +0000] "PUT /1/164275/AUTH_afe588ce5e36492b94129e0538b6bb45/gnocchi.f2306df3-c228-4a0e-96f0-fa61d8fadd48/none_v3" 201 - "PUT http://[::1]:8080/2/9248/AUTH_afe588ce5e36492b94129e0538b6bb45/gnocchi.f2306df3-c228-4a0e-96f0-fa61d8fadd48/none_v3" "tx5251cad9f29c4ef4ab2e8-00693cb6a3" "object-server 97401" 0.0005 "-" 97099 0
Dec 12 19:43:15 np0005557753.novalocal object-server[97400]: ::1 - - [13/Dec/2025:00:43:15 +0000] "PUT /3/160655/AUTH_afe588ce5e36492b94129e0538b6bb45/gnocchi.ee7cc283-21e0-4b9a-8e3d-92b2d633b517/none_v3" 201 - "PUT http://[::1]:8080/v1/AUTH_afe588ce5e36492b94129e0538b6bb45/gnocchi.ee7cc283-21e0-4b9a-8e3d-92b2d633b517/none_v3" "tx459ee4541c91469daaf82-00693cb6a3" "proxy-server 90180" 0.0140 "-" 97400 0
Dec 12 19:43:15 np0005557753.novalocal object-server[97401]: ::1 - - [13/Dec/2025:00:43:15 +0000] "PUT /2/160655/AUTH_afe588ce5e36492b94129e0538b6bb45/gnocchi.ee7cc283-21e0-4b9a-8e3d-92b2d633b517/none_v3" 201 - "PUT http://[::1]:8080/v1/AUTH_afe588ce5e36492b94129e0538b6bb45/gnocchi.ee7cc283-21e0-4b9a-8e3d-92b2d633b517/none_v3" "tx459ee4541c91469daaf82-00693cb6a3" "proxy-server 90180" 0.0167 "-" 97401 0
Dec 12 19:43:15 np0005557753.novalocal container-server[97098]: ::1 - - [13/Dec/2025:00:43:15 +0000] "PUT /3/164275/AUTH_afe588ce5e36492b94129e0538b6bb45/gnocchi.f2306df3-c228-4a0e-96f0-fa61d8fadd48/none_v3" 201 - "PUT http://[::1]:8080/1/9248/AUTH_afe588ce5e36492b94129e0538b6bb45/gnocchi.f2306df3-c228-4a0e-96f0-fa61d8fadd48/none_v3" "tx5251cad9f29c4ef4ab2e8-00693cb6a3" "object-server 97402" 0.0005 "-" 97098 0
Dec 12 19:43:15 np0005557753.novalocal container-server[97096]: ::1 - - [13/Dec/2025:00:43:15 +0000] "PUT /2/164275/AUTH_afe588ce5e36492b94129e0538b6bb45/gnocchi.f2306df3-c228-4a0e-96f0-fa61d8fadd48/none_v3" 201 - "PUT http://[::1]:8080/3/9248/AUTH_afe588ce5e36492b94129e0538b6bb45/gnocchi.f2306df3-c228-4a0e-96f0-fa61d8fadd48/none_v3" "tx5251cad9f29c4ef4ab2e8-00693cb6a3" "object-server 97401" 0.0008 "-" 97096 0
Dec 12 19:43:15 np0005557753.novalocal object-server[97401]: ::1 - - [13/Dec/2025:00:43:15 +0000] "PUT /2/9248/AUTH_afe588ce5e36492b94129e0538b6bb45/gnocchi.f2306df3-c228-4a0e-96f0-fa61d8fadd48/none_v3" 201 - "PUT http://[::1]:8080/v1/AUTH_afe588ce5e36492b94129e0538b6bb45/gnocchi.f2306df3-c228-4a0e-96f0-fa61d8fadd48/none_v3" "tx5251cad9f29c4ef4ab2e8-00693cb6a3" "proxy-server 90180" 0.0115 "-" 97401 0
Dec 12 19:43:15 np0005557753.novalocal container-server[97099]: ::1 - - [13/Dec/2025:00:43:15 +0000] "PUT /3/233251/AUTH_afe588ce5e36492b94129e0538b6bb45/gnocchi.ee7cc283-21e0-4b9a-8e3d-92b2d633b517/none_v3" 201 - "PUT http://[::1]:8080/1/160655/AUTH_afe588ce5e36492b94129e0538b6bb45/gnocchi.ee7cc283-21e0-4b9a-8e3d-92b2d633b517/none_v3" "tx459ee4541c91469daaf82-00693cb6a3" "object-server 97400" 0.0008 "-" 97099 0
Dec 12 19:43:15 np0005557753.novalocal object-server[97401]: ::1 - - [13/Dec/2025:00:43:15 +0000] "PUT /3/9248/AUTH_afe588ce5e36492b94129e0538b6bb45/gnocchi.f2306df3-c228-4a0e-96f0-fa61d8fadd48/none_v3" 201 - "PUT http://[::1]:8080/v1/AUTH_afe588ce5e36492b94129e0538b6bb45/gnocchi.f2306df3-c228-4a0e-96f0-fa61d8fadd48/none_v3" "tx5251cad9f29c4ef4ab2e8-00693cb6a3" "proxy-server 90180" 0.0140 "-" 97401 0
Dec 12 19:43:15 np0005557753.novalocal object-server[97402]: ::1 - - [13/Dec/2025:00:43:15 +0000] "PUT /1/9248/AUTH_afe588ce5e36492b94129e0538b6bb45/gnocchi.f2306df3-c228-4a0e-96f0-fa61d8fadd48/none_v3" 201 - "PUT http://[::1]:8080/v1/AUTH_afe588ce5e36492b94129e0538b6bb45/gnocchi.f2306df3-c228-4a0e-96f0-fa61d8fadd48/none_v3" "tx5251cad9f29c4ef4ab2e8-00693cb6a3" "proxy-server 90180" 0.0136 "-" 97402 0
Dec 12 19:43:15 np0005557753.novalocal object-server[97400]: ::1 - - [13/Dec/2025:00:43:15 +0000] "PUT /1/160655/AUTH_afe588ce5e36492b94129e0538b6bb45/gnocchi.ee7cc283-21e0-4b9a-8e3d-92b2d633b517/none_v3" 201 - "PUT http://[::1]:8080/v1/AUTH_afe588ce5e36492b94129e0538b6bb45/gnocchi.ee7cc283-21e0-4b9a-8e3d-92b2d633b517/none_v3" "tx459ee4541c91469daaf82-00693cb6a3" "proxy-server 90180" 0.0187 "-" 97400 0
Dec 12 19:43:15 np0005557753.novalocal proxy-server[90180]: ::1 ::1 13/Dec/2025/00/43/15 PUT /v1/AUTH_afe588ce5e36492b94129e0538b6bb45/gnocchi.f2306df3-c228-4a0e-96f0-fa61d8fadd48/none_v3 HTTP/1.0 201 - python-swiftclient-4.2.0 gAAAAABpPLaCpY4p... 51 - - tx5251cad9f29c4ef4ab2e8-00693cb6a3 - 0.0254 - - 1765586595.182656050 1765586595.208016396 0
Dec 12 19:43:15 np0005557753.novalocal proxy-server[90180]: ::1 ::1 13/Dec/2025/00/43/15 PUT /v1/AUTH_afe588ce5e36492b94129e0538b6bb45/gnocchi.ee7cc283-21e0-4b9a-8e3d-92b2d633b517/none_v3 HTTP/1.0 201 - python-swiftclient-4.2.0 gAAAAABpPLaCrEYT... 52 - - tx459ee4541c91469daaf82-00693cb6a3 - 0.0273 - - 1765586595.181844950 1765586595.209103584 0
Dec 12 19:43:15 np0005557753.novalocal object-server[97399]: ::1 - - [13/Dec/2025:00:43:15 +0000] "GET /2/184164/AUTH_afe588ce5e36492b94129e0538b6bb45/gnocchi.ca01aa5f-1f98-4c56-968a-3ba77ece5fba/none_v3" 200 45 "GET http://[::1]:8080/v1/AUTH_afe588ce5e36492b94129e0538b6bb45/gnocchi.ca01aa5f-1f98-4c56-968a-3ba77ece5fba/none_v3" "tx24742a535fe74ea8961ea-00693cb6a3" "proxy-server 90180" 0.0010 "-" 97399 0
Dec 12 19:43:15 np0005557753.novalocal object-server[97400]: ::1 - - [13/Dec/2025:00:43:15 +0000] "GET /2/38353/AUTH_afe588ce5e36492b94129e0538b6bb45/gnocchi.33c9b36a-43e4-4b59-b843-8db94515d969/none_v3" 200 36 "GET http://[::1]:8080/v1/AUTH_afe588ce5e36492b94129e0538b6bb45/gnocchi.33c9b36a-43e4-4b59-b843-8db94515d969/none_v3" "tx25f7c47cf1af46dfb6b25-00693cb6a3" "proxy-server 90180" 0.0007 "-" 97400 0
Dec 12 19:43:15 np0005557753.novalocal proxy-server[90180]: ::1 ::1 13/Dec/2025/00/43/15 GET /v1/AUTH_afe588ce5e36492b94129e0538b6bb45/gnocchi.ca01aa5f-1f98-4c56-968a-3ba77ece5fba/none_v3 HTTP/1.0 200 - python-swiftclient-4.2.0 gAAAAABpPLaCrEYT... - 45 - tx24742a535fe74ea8961ea-00693cb6a3 - 0.0096 - - 1765586595.221711397 1765586595.231353521 0
Dec 12 19:43:15 np0005557753.novalocal proxy-server[90180]: ::1 ::1 13/Dec/2025/00/43/15 GET /v1/AUTH_afe588ce5e36492b94129e0538b6bb45/gnocchi.33c9b36a-43e4-4b59-b843-8db94515d969/none_v3 HTTP/1.0 200 - python-swiftclient-4.2.0 gAAAAABpPLaCpY4p... - 36 - tx25f7c47cf1af46dfb6b25-00693cb6a3 - 0.0092 - - 1765586595.223381519 1765586595.232559204 0
Dec 12 19:43:15 np0005557753.novalocal container-server[97096]: ::1 - - [13/Dec/2025:00:43:15 +0000] "GET /3/251423/AUTH_afe588ce5e36492b94129e0538b6bb45/gnocchi.33c9b36a-43e4-4b59-b843-8db94515d969" 200 357 "GET http://[::1]:8080/v1/AUTH_afe588ce5e36492b94129e0538b6bb45/gnocchi.33c9b36a-43e4-4b59-b843-8db94515d969?format=json&states=listing" "tx113891d7e9914c78989b1-00693cb6a3" "proxy-server 90180" 0.0075 "-" 97096 0
Dec 12 19:43:15 np0005557753.novalocal container-server[97099]: ::1 - - [13/Dec/2025:00:43:15 +0000] "GET /1/169318/AUTH_afe588ce5e36492b94129e0538b6bb45/gnocchi.ca01aa5f-1f98-4c56-968a-3ba77ece5fba" 200 357 "GET http://[::1]:8080/v1/AUTH_afe588ce5e36492b94129e0538b6bb45/gnocchi.ca01aa5f-1f98-4c56-968a-3ba77ece5fba?format=json&states=listing" "tx56f24a360a2949139ff5b-00693cb6a3" "proxy-server 90180" 0.0076 "-" 97099 0
Dec 12 19:43:15 np0005557753.novalocal proxy-server[90180]: ::1 ::1 13/Dec/2025/00/43/15 GET /v1/AUTH_afe588ce5e36492b94129e0538b6bb45/gnocchi.ca01aa5f-1f98-4c56-968a-3ba77ece5fba%3Fformat%3Djson%26states%3Dlisting HTTP/1.0 200 - python-swiftclient-4.2.0 gAAAAABpPLaCrEYT... - 357 - tx56f24a360a2949139ff5b-00693cb6a3 - 0.0181 - - 1765586595.234537125 1765586595.252673388 0
Dec 12 19:43:15 np0005557753.novalocal proxy-server[90180]: ::1 ::1 13/Dec/2025/00/43/15 GET /v1/AUTH_afe588ce5e36492b94129e0538b6bb45/gnocchi.33c9b36a-43e4-4b59-b843-8db94515d969%3Fformat%3Djson%26states%3Dlisting HTTP/1.0 200 - python-swiftclient-4.2.0 gAAAAABpPLaCpY4p... - 357 - tx113891d7e9914c78989b1-00693cb6a3 - 0.0186 - - 1765586595.235836506 1765586595.254389763 0
Dec 12 19:43:15 np0005557753.novalocal container-server[97097]: ::1 - - [13/Dec/2025:00:43:15 +0000] "GET /3/169318/AUTH_afe588ce5e36492b94129e0538b6bb45/gnocchi.ca01aa5f-1f98-4c56-968a-3ba77ece5fba" 200 2 "GET http://[::1]:8080/v1/AUTH_afe588ce5e36492b94129e0538b6bb45/gnocchi.ca01aa5f-1f98-4c56-968a-3ba77ece5fba?format=json&marker=none_v3&states=listing" "txc920d0a068af4b1c83861-00693cb6a3" "proxy-server 90180" 0.0084 "-" 97097 0
Dec 12 19:43:15 np0005557753.novalocal container-server[97099]: ::1 - - [13/Dec/2025:00:43:15 +0000] "GET /1/251423/AUTH_afe588ce5e36492b94129e0538b6bb45/gnocchi.33c9b36a-43e4-4b59-b843-8db94515d969" 200 2 "GET http://[::1]:8080/v1/AUTH_afe588ce5e36492b94129e0538b6bb45/gnocchi.33c9b36a-43e4-4b59-b843-8db94515d969?format=json&marker=none_v3&states=listing" "txfcecc7eff28d41f4b5705-00693cb6a3" "proxy-server 90180" 0.0091 "-" 97099 0
Dec 12 19:43:15 np0005557753.novalocal proxy-server[90180]: ::1 ::1 13/Dec/2025/00/43/15 GET /v1/AUTH_afe588ce5e36492b94129e0538b6bb45/gnocchi.33c9b36a-43e4-4b59-b843-8db94515d969%3Fformat%3Djson%26marker%3Dnone_v3%26states%3Dlisting HTTP/1.0 200 - python-swiftclient-4.2.0 gAAAAABpPLaCpY4p... - 2 - txfcecc7eff28d41f4b5705-00693cb6a3 - 0.0487 - - 1765586595.257757425 1765586595.306500912 0
Dec 12 19:43:15 np0005557753.novalocal proxy-server[90180]: ::1 ::1 13/Dec/2025/00/43/15 GET /v1/AUTH_afe588ce5e36492b94129e0538b6bb45/gnocchi.ca01aa5f-1f98-4c56-968a-3ba77ece5fba%3Fformat%3Djson%26marker%3Dnone_v3%26states%3Dlisting HTTP/1.0 200 - python-swiftclient-4.2.0 gAAAAABpPLaCrEYT... - 2 - txc920d0a068af4b1c83861-00693cb6a3 - 0.0231 - - 1765586595.285152674 1765586595.308282375 0
Dec 12 19:43:15 np0005557753.novalocal object-server[97400]: ::1 - - [13/Dec/2025:00:43:15 +0000] "GET /2/149702/AUTH_afe588ce5e36492b94129e0538b6bb45/gnocchi.33c9b36a-43e4-4b59-b843-8db94515d969/1764720000.0_mean_300.0_v3" 200 16 "GET http://[::1]:8080/v1/AUTH_afe588ce5e36492b94129e0538b6bb45/gnocchi.33c9b36a-43e4-4b59-b843-8db94515d969/1764720000.0_mean_300.0_v3" "tx716f0fe741a4470389607-00693cb6a3" "proxy-server 90180" 0.0009 "-" 97400 0
Dec 12 19:43:15 np0005557753.novalocal kernel: qvb38f881fc-da: left allmulticast mode
Dec 12 19:43:15 np0005557753.novalocal kernel: qvb38f881fc-da: left promiscuous mode
Dec 12 19:43:15 np0005557753.novalocal kernel: qbr38f881fc-da: port 1(qvb38f881fc-da) entered disabled state
Dec 12 19:43:15 np0005557753.novalocal proxy-server[90180]: ::1 ::1 13/Dec/2025/00/43/15 GET /v1/AUTH_afe588ce5e36492b94129e0538b6bb45/gnocchi.33c9b36a-43e4-4b59-b843-8db94515d969/1764720000.0_mean_300.0_v3 HTTP/1.0 200 - python-swiftclient-4.2.0 gAAAAABpPLaCpY4p... - 16 - tx716f0fe741a4470389607-00693cb6a3 - 0.0124 - - 1765586595.312685013 1765586595.325056314 0
Dec 12 19:43:15 np0005557753.novalocal object-server[97399]: ::1 - - [13/Dec/2025:00:43:15 +0000] "GET /1/245034/AUTH_afe588ce5e36492b94129e0538b6bb45/gnocchi.ca01aa5f-1f98-4c56-968a-3ba77ece5fba/1764720000.0_mean_300.0_v3" 200 16 "GET http://[::1]:8080/v1/AUTH_afe588ce5e36492b94129e0538b6bb45/gnocchi.ca01aa5f-1f98-4c56-968a-3ba77ece5fba/1764720000.0_mean_300.0_v3" "txd18df88d97834cbfb36ca-00693cb6a3" "proxy-server 90180" 0.0009 "-" 97399 0
Dec 12 19:43:15 np0005557753.novalocal proxy-server[90180]: ::1 ::1 13/Dec/2025/00/43/15 GET /v1/AUTH_afe588ce5e36492b94129e0538b6bb45/gnocchi.ca01aa5f-1f98-4c56-968a-3ba77ece5fba/1764720000.0_mean_300.0_v3 HTTP/1.0 200 - python-swiftclient-4.2.0 gAAAAABpPLaCrEYT... - 16 - txd18df88d97834cbfb36ca-00693cb6a3 - 0.0159 - - 1765586595.313508272 1765586595.329377174 0
