Dec 5 17:26:14 standalone account-server[122841]: Starting 2
Dec 5 17:26:14 standalone container-server[122905]: Starting 2
Dec 5 17:26:15 standalone account-server[122795]: Started child 20 from parent 2
Dec 5 17:26:15 standalone account-server[122795]: Started child 21 from parent 2
Dec 5 17:26:15 standalone account-server[122795]: Started child 22 from parent 2
Dec 5 17:26:15 standalone account-server[122795]: Started child 23 from parent 2
Dec 5 17:26:15 standalone container-server[122900]: Option allow_versions is deprecated. Configure the versioned_writes middleware in the proxy-server instead. This option will be ignored in a future release.
Dec 5 17:26:15 standalone container-server[123124]: Option allow_versions is deprecated. Configure the versioned_writes middleware in the proxy-server instead. This option will be ignored in a future release.
Dec 5 17:26:15 standalone container-server[122900]: Started child 14 from parent 2
Dec 5 17:26:15 standalone container-server[123128]: Option allow_versions is deprecated. Configure the versioned_writes middleware in the proxy-server instead. This option will be ignored in a future release.
Dec 5 17:26:15 standalone container-server[122900]: Started child 15 from parent 2
Dec 5 17:26:15 standalone container-server[123132]: Option allow_versions is deprecated. Configure the versioned_writes middleware in the proxy-server instead. This option will be ignored in a future release.
Dec 5 17:26:15 standalone container-server[122900]: Started child 16 from parent 2
Dec 5 17:26:15 standalone container-server[123146]: Option allow_versions is deprecated. Configure the versioned_writes middleware in the proxy-server instead. This option will be ignored in a future release.
Dec 5 17:26:15 standalone container-server[122900]: Started child 17 from parent 2
Dec 5 17:26:15 standalone object-expirer[123141]: Starting 2
Dec 5 17:26:15 standalone object-expirer[123141]: Option auto_create_account_prefix is deprecated. Configure auto_create_account_prefix under the swift-constraints section of swift.conf. This option will be ignored in a future release.
Dec 5 17:26:15 standalone object-server[123187]: Starting 2
Dec 5 17:26:15 standalone object-server[123176]: Started child 22 from parent 2
Dec 5 17:26:15 standalone object-server[123176]: Started child 23 from parent 2
Dec 5 17:26:15 standalone object-server[123176]: Started child 24 from parent 2
Dec 5 17:26:15 standalone object-server[123176]: Started child 25 from parent 2
Dec 5 17:26:22 standalone proxy-server[124770]: Starting Keystone auth_token middleware
Dec 5 17:26:22 standalone proxy-server[124770]: AuthToken middleware is set with keystone_authtoken.service_token_roles_required set to False. This is backwards compatible but deprecated behaviour. Please set this to True.
Dec 5 17:26:22 standalone proxy-server[125058]: Starting Keystone auth_token middleware
Dec 5 17:26:22 standalone proxy-server[125058]: STDERR: The option "bind_port" is not known to keystonemiddleware
Dec 5 17:26:22 standalone proxy-server[125058]: STDERR: The option "workers" is not known to keystonemiddleware
Dec 5 17:26:22 standalone proxy-server[125058]: STDERR: The option "user" is not known to keystonemiddleware
Dec 5 17:26:22 standalone proxy-server[125058]: STDERR: The option "bind_ip" is not known to keystonemiddleware
Dec 5 17:26:22 standalone proxy-server[125058]: STDERR: The option "log_name" is not known to keystonemiddleware
Dec 5 17:26:22 standalone proxy-server[125058]: STDERR: The option "log_facility" is not known to keystonemiddleware
Dec 5 17:26:22 standalone proxy-server[125058]: STDERR: The option "log_level" is not known to keystonemiddleware
Dec 5 17:26:22 standalone proxy-server[125058]: STDERR: The option "log_headers" is not known to keystonemiddleware
Dec 5 17:26:22 standalone proxy-server[125058]: STDERR: The option "log_address" is not known to keystonemiddleware
Dec 5 17:26:22 standalone proxy-server[125058]: STDERR: The option "project_name" is not known to keystonemiddleware
Dec 5 17:26:22 standalone proxy-server[125058]: STDERR: The option "username" is not known to keystonemiddleware
Dec 5 17:26:22 standalone proxy-server[125058]: STDERR: The option "password" is not known to keystonemiddleware
Dec 5 17:26:22 standalone proxy-server[125058]: STDERR: The option "auth_url" is not known to keystonemiddleware
Dec 5 17:26:22 standalone proxy-server[125058]: STDERR: The option "signing_dir" is not known to keystonemiddleware
Dec 5 17:26:22 standalone proxy-server[125058]: STDERR: The option "project_domain_id" is not known to keystonemiddleware
Dec 5 17:26:22 standalone proxy-server[125058]: STDERR: The option "user_domain_id" is not known to keystonemiddleware
Dec 5 17:26:22 standalone proxy-server[125058]: STDERR: The option "__name__" is not known to keystonemiddleware
Dec 5 17:26:22 standalone proxy-server[125058]: AuthToken middleware is set with keystone_authtoken.service_token_roles_required set to False. This is backwards compatible but deprecated behaviour. Please set this to True.
Dec 5 17:26:22 standalone proxy-server[124770]: Started child 21 from parent 2
Dec 5 17:28:31 standalone container-server[122905]: Begin container update sweep
Dec 5 17:28:31 standalone container-server[122905]: Container update sweep completed: 0.00s
Dec 5 17:28:51 standalone account-server[123071]: 172.20.0.100 - - [05/Dec/2025:17:28:51 +0000] "HEAD /d1/901/.expiring_objects" 404 - "HEAD http://localhost/v1/.expiring_objects?format=json" "txfbebf62ccbc641809e16d-0069331653" "proxy-server 2" 0.0010 "-" 20 -
Dec 5 17:28:51 standalone object-expirer[123141]: Pass completed in 0s; 0 objects expired (txn: txfbebf62ccbc641809e16d-0069331653)
Dec 5 17:28:54 standalone object-server[123187]: Begin object update sweep
Dec 5 17:28:54 standalone object-server[142479]: Object update sweep starting on /srv/node/d1 (pid: 11)
Dec 5 17:28:54 standalone object-server[142479]: Object update sweep completed on /srv/node/d1 in 0.00s seconds:, 0 successes, 0 failures, 0 quarantines, 0 unlinks, 0 errors, 0 redirects (pid: 11)
Dec 5 17:28:54 standalone object-server[142479]: Object update sweep of d1 completed: 0.00s, 0 successes, 0 failures, 0 quarantines, 0 unlinks, 0 errors, 0 redirects
Dec 5 17:28:54 standalone object-server[123187]: Object update sweep completed: 0.08s
Dec 5 17:31:30 standalone account-server[123071]: 172.20.0.100 - - [05/Dec/2025:17:31:30 +0000] "HEAD /d1/901/.expiring_objects" 404 - "HEAD http://localhost/v1/.expiring_objects?format=json" "tx2386c3499f534a8f9673b-00693316f2" "proxy-server 2" 0.0004 "-" 20 -
Dec 5 17:31:30 standalone object-expirer[123141]: Pass completed in 0s; 0 objects expired (txn: tx2386c3499f534a8f9673b-00693316f2)
Dec 5 17:32:55 standalone account-server[123079]: 172.20.0.100 - - [05/Dec/2025:17:32:55 +0000] "HEAD /d1/77/AUTH_1410b985dbb7402dbae96bdb126dfd29" 404 - "HEAD http://localhost:8080/v1/AUTH_1410b985dbb7402dbae96bdb126dfd29?format=json" "tx50587902aebe4b1c8c8cf-0069331747" "proxy-server 21" 0.0016 "-" 21 -
Dec 5 17:32:55 standalone proxy-server[125058]: - - 05/Dec/2025/17/32/55 HEAD /v1/AUTH_1410b985dbb7402dbae96bdb126dfd29%3Fformat%3Djson HTTP/1.0 200 - Swift - - - - tx50587902aebe4b1c8c8cf-0069331747 - 0.0090 RL - 1764955975.066912413 1764955975.075874329 -
Dec 5 17:32:55 standalone proxy-server[125058]: 172.18.0.2 ::1 05/Dec/2025/17/32/55 HEAD /v1/AUTH_1410b985dbb7402dbae96bdb126dfd29/glance%3Fformat%3Djson HTTP/1.0 404 - python-swiftclient-3.11.1 gAAAAABpMxdGgwvw... - - - tx50587902aebe4b1c8c8cf-0069331747 - 0.4714 - - 1764955975.057938099 1764955975.529320240 -
Dec 5 17:32:55 standalone account-server[123080]: 172.20.0.100 - - [05/Dec/2025:17:32:55 +0000] "PUT /d1/77/AUTH_1410b985dbb7402dbae96bdb126dfd29" 201 - "-" "tx085a3819af88477783a83-0069331747" "-" 0.0134 "-" 22 -
Dec 5 17:32:55 standalone proxy-server[125058]: autocreate account '/AUTH_1410b985dbb7402dbae96bdb126dfd29' (txn: tx085a3819af88477783a83-0069331747)
Dec 5 17:32:55 standalone account-server[123071]: 172.20.0.100 - - [05/Dec/2025:17:32:55 +0000] "HEAD /d1/77/AUTH_1410b985dbb7402dbae96bdb126dfd29" 204 - "HEAD http://localhost:8080/v1/AUTH_1410b985dbb7402dbae96bdb126dfd29?format=json" "tx085a3819af88477783a83-0069331747" "proxy-server 21" 0.0017 "-" 20 -
Dec 5 17:32:55 standalone account-server[123079]: 172.20.0.100 - - [05/Dec/2025:17:32:55 +0000] "PUT /d1/77/AUTH_1410b985dbb7402dbae96bdb126dfd29/glance" 201 - "PUT http://172.20.0.100:6001/d1/472/AUTH_1410b985dbb7402dbae96bdb126dfd29/glance" "tx085a3819af88477783a83-0069331747" "container-server 15" 0.0015 "-" 21 0
Dec 5 17:32:55 standalone container-server[123128]: 172.20.0.100 - - [05/Dec/2025:17:32:55 +0000] "PUT /d1/472/AUTH_1410b985dbb7402dbae96bdb126dfd29/glance" 201 - "PUT http://localhost:8080/v1/AUTH_1410b985dbb7402dbae96bdb126dfd29/glance" "tx085a3819af88477783a83-0069331747" "proxy-server 21" 0.0164 "-" 15 0
Dec 5 17:32:55 standalone proxy-server[125058]: 172.18.0.2 ::1 05/Dec/2025/17/32/55 PUT /v1/AUTH_1410b985dbb7402dbae96bdb126dfd29/glance HTTP/1.0 201 - python-swiftclient-3.11.1 gAAAAABpMxdGgwvw... - - - tx085a3819af88477783a83-0069331747 - 0.0449 - - 1764955975.534358501 1764955975.579277515 0
Dec 5 17:32:55 standalone container-server[123124]: 172.20.0.100 - - [05/Dec/2025:17:32:55 +0000] "HEAD /d1/472/AUTH_1410b985dbb7402dbae96bdb126dfd29/glance" 204 - "HEAD http://localhost:8080/v1/AUTH_1410b985dbb7402dbae96bdb126dfd29/glance?format=json&states=listing" "tx7d06d9fa436b49d2b5195-0069331747" "proxy-server 21" 0.0029 "-" 14 0
Dec 5 17:32:55 standalone proxy-server[125058]: - - 05/Dec/2025/17/32/55 HEAD /v1/AUTH_1410b985dbb7402dbae96bdb126dfd29/glance%3Fformat%3Djson%26states%3Dlisting HTTP/1.0 204 - Swift - - - - tx7d06d9fa436b49d2b5195-0069331747 - 0.0069 RL - 1764955975.600607157 1764955975.607546091 0
Dec 5 17:33:14 standalone container-server[123124]: 172.20.0.100 - - [05/Dec/2025:17:33:14 +0000] "PUT /d1/472/AUTH_1410b985dbb7402dbae96bdb126dfd29/glance/55a76d16-2fed-47f1-80a2-4924f960234c" 201 - "PUT http://localhost:8080/d1/1021/AUTH_1410b985dbb7402dbae96bdb126dfd29/glance/55a76d16-2fed-47f1-80a2-4924f960234c" "tx7d06d9fa436b49d2b5195-0069331747" "object-server 23" 0.0019 "-" 14 0
Dec 5 17:33:14 standalone object-server[123288]: 172.20.0.100 - - [05/Dec/2025:17:33:14 +0000] "PUT /d1/1021/AUTH_1410b985dbb7402dbae96bdb126dfd29/glance/55a76d16-2fed-47f1-80a2-4924f960234c" 201 - "PUT http://localhost:8080/v1/AUTH_1410b985dbb7402dbae96bdb126dfd29/glance/55a76d16-2fed-47f1-80a2-4924f960234c" "tx7d06d9fa436b49d2b5195-0069331747" "proxy-server 21" 19.0114 "-" 23 0
Dec 5 17:33:14 standalone proxy-server[125058]: 172.18.0.2 ::1 05/Dec/2025/17/33/14 PUT /v1/AUTH_1410b985dbb7402dbae96bdb126dfd29/glance/55a76d16-2fed-47f1-80a2-4924f960234c HTTP/1.0 201 - python-swiftclient-3.11.1 gAAAAABpMxdGgwvw... 1472724992 - - tx7d06d9fa436b49d2b5195-0069331747 - 19.0320 - - 1764955975.594925642 1764955994.626938343 0
Dec 5 17:33:31 standalone container-server[122905]: Begin container update sweep
Dec 5 17:33:31 standalone account-server[123096]: 172.20.0.100 - - [05/Dec/2025:17:33:31 +0000] "PUT /d1/77/AUTH_1410b985dbb7402dbae96bdb126dfd29/glance" 201 - "-" "-" "container-updater 2" 0.0019 "-" 23 0
Dec 5 17:33:32 standalone container-server[122905]: Container update sweep completed: 0.13s
Dec 5 17:33:54 standalone object-server[123187]: Begin object update sweep
Dec 5 17:33:54 standalone object-server[179638]: Object update sweep starting on /srv/node/d1 (pid: 13)
Dec 5 17:33:54 standalone object-server[179638]: Object update sweep completed on /srv/node/d1 in 0.00s seconds:, 0 successes, 0 failures, 0 quarantines, 0 unlinks, 0 errors, 0 redirects (pid: 13)
Dec 5 17:33:54 standalone object-server[179638]: Object update sweep of d1 completed: 0.00s, 0 successes, 0 failures, 0 quarantines, 0 unlinks, 0 errors, 0 redirects
Dec 5 17:33:54 standalone object-server[123187]: Object update sweep completed: 0.07s
Dec 5 17:35:59 standalone account-server[123071]: 172.20.0.100 - - [05/Dec/2025:17:35:59 +0000] "HEAD /d1/901/.expiring_objects" 404 - "HEAD http://localhost/v1/.expiring_objects?format=json" "tx5ca6be283dfb4c13aafb2-00693317ff" "proxy-server 2" 0.0008 "-" 20 -
Dec 5 17:35:59 standalone object-expirer[123141]: Pass completed in 0s; 0 objects expired (txn: tx5ca6be283dfb4c13aafb2-00693317ff)
Dec 5 17:38:00 standalone account-server[123080]: 172.20.0.100 - - [05/Dec/2025:17:38:00 +0000] "HEAD /d1/77/AUTH_1410b985dbb7402dbae96bdb126dfd29" 204 - "HEAD http://localhost:8080/v1/AUTH_1410b985dbb7402dbae96bdb126dfd29?format=json" "txe3bd89a022f54d8587506-0069331878" "proxy-server 21" 0.0056 "-" 22 -
Dec 5 17:38:00 standalone proxy-server[125058]: - - 05/Dec/2025/17/38/00 HEAD /v1/AUTH_1410b985dbb7402dbae96bdb126dfd29%3Fformat%3Djson HTTP/1.0 204 - Swift - - - - txe3bd89a022f54d8587506-0069331878 - 0.0096 RL - 1764956280.201342821 1764956280.210980892 -
Dec 5 17:38:00 standalone container-server[123132]: 172.20.0.100 - - [05/Dec/2025:17:38:00 +0000] "HEAD /d1/472/AUTH_1410b985dbb7402dbae96bdb126dfd29/glance" 204 - "HEAD http://localhost:8080/v1/AUTH_1410b985dbb7402dbae96bdb126dfd29/glance?format=json&states=listing" "txe3bd89a022f54d8587506-0069331878" "proxy-server 21" 0.0029 "-" 16 0
Dec 5 17:38:00 standalone proxy-server[125058]: 172.18.0.2 ::1 05/Dec/2025/17/38/00 HEAD /v1/AUTH_1410b985dbb7402dbae96bdb126dfd29/glance%3Fformat%3Djson%26states%3Dlisting HTTP/1.0 204 - python-swiftclient-3.11.1 gAAAAABpMxh46XCx... - - - txe3bd89a022f54d8587506-0069331878 - 0.0786 - - 1764956280.200638771 1764956280.279213667 0
Dec 5 17:38:03 standalone container-server[123146]: 172.20.0.100 - - [05/Dec/2025:17:38:03 +0000] "PUT /d1/472/AUTH_1410b985dbb7402dbae96bdb126dfd29/glance/68c8c89e-2907-4329-8224-89a943a7c030-00001" 201 - "PUT http://localhost:8080/d1/357/AUTH_1410b985dbb7402dbae96bdb126dfd29/glance/68c8c89e-2907-4329-8224-89a943a7c030-00001" "tx1035b58251184f51a475e-0069331878" "object-server 24" 0.0021 "-" 17 0
Dec 5 17:38:03 standalone object-server[123289]: 172.20.0.100 - - [05/Dec/2025:17:38:03 +0000] "PUT /d1/357/AUTH_1410b985dbb7402dbae96bdb126dfd29/glance/68c8c89e-2907-4329-8224-89a943a7c030-00001" 201 - "PUT http://localhost:8080/v1/AUTH_1410b985dbb7402dbae96bdb126dfd29/glance/68c8c89e-2907-4329-8224-89a943a7c030-00001" "tx1035b58251184f51a475e-0069331878" "proxy-server 21" 2.9364 "-" 24 0
Dec 5 17:38:03 standalone proxy-server[125058]: 172.18.0.2 ::1 05/Dec/2025/17/38/03 PUT /v1/AUTH_1410b985dbb7402dbae96bdb126dfd29/glance/68c8c89e-2907-4329-8224-89a943a7c030-00001 HTTP/1.0 201 - python-swiftclient-3.11.1 gAAAAABpMxh46XCx... 21692416 - - tx1035b58251184f51a475e-0069331878 - 2.9426 - - 1764956280.284684896 1764956283.227235794 0
Dec 5 17:38:03 standalone container-server[123132]: 172.20.0.100 - - [05/Dec/2025:17:38:03 +0000] "PUT /d1/472/AUTH_1410b985dbb7402dbae96bdb126dfd29/glance/68c8c89e-2907-4329-8224-89a943a7c030" 201 - "PUT http://localhost:8080/d1/122/AUTH_1410b985dbb7402dbae96bdb126dfd29/glance/68c8c89e-2907-4329-8224-89a943a7c030" "tx10ab1708b4324e4dad8cd-006933187b" "object-server 22" 0.0010 "-" 16 0
Dec 5 17:38:03 standalone object-server[123287]: 172.20.0.100 - - [05/Dec/2025:17:38:03 +0000] "PUT /d1/122/AUTH_1410b985dbb7402dbae96bdb126dfd29/glance/68c8c89e-2907-4329-8224-89a943a7c030" 201 - "PUT http://localhost:8080/v1/AUTH_1410b985dbb7402dbae96bdb126dfd29/glance/68c8c89e-2907-4329-8224-89a943a7c030" "tx10ab1708b4324e4dad8cd-006933187b" "proxy-server 21" 0.0325 "-" 22 0
Dec 5 17:38:03 standalone proxy-server[125058]: 172.18.0.2 ::1 05/Dec/2025/17/38/03 PUT /v1/AUTH_1410b985dbb7402dbae96bdb126dfd29/glance/68c8c89e-2907-4329-8224-89a943a7c030 HTTP/1.0 201 - python-swiftclient-3.11.1 gAAAAABpMxh46XCx... - - - tx10ab1708b4324e4dad8cd-006933187b - 0.0429 - - 1764956283.236799717 1764956283.279718399 0
Dec 5 17:38:04 standalone container-server[123128]: 172.20.0.100 - - [05/Dec/2025:17:38:04 +0000] "HEAD /d1/273/AUTH_1410b985dbb7402dbae96bdb126dfd29/gnocchi.f2e806af-f304-4f3d-adb7-7c52b17798b1" 404 - "HEAD http://localhost:8080/v1/AUTH_1410b985dbb7402dbae96bdb126dfd29/gnocchi.f2e806af-f304-4f3d-adb7-7c52b17798b1?format=json&states=listing" "tx28d42c9014874bc39ccda-006933187c" "proxy-server 21" 0.0012 "-" 15 0
Dec 5 17:38:04 standalone object-server[123290]: 172.20.0.100 - - [05/Dec/2025:17:38:04 +0000] "GET /d1/148/AUTH_1410b985dbb7402dbae96bdb126dfd29/gnocchi.f2e806af-f304-4f3d-adb7-7c52b17798b1/none_v3" 404 70 "GET http://localhost:8080/v1/AUTH_1410b985dbb7402dbae96bdb126dfd29/gnocchi.f2e806af-f304-4f3d-adb7-7c52b17798b1/none_v3" "tx28d42c9014874bc39ccda-006933187c" "proxy-server 21" 0.0013 "-" 25 0
Dec 5 17:38:04 standalone proxy-server[125058]: 172.18.0.2 ::1 05/Dec/2025/17/38/04 GET /v1/AUTH_1410b985dbb7402dbae96bdb126dfd29/gnocchi.f2e806af-f304-4f3d-adb7-7c52b17798b1/none_v3 HTTP/1.0 404 - python-swiftclient-3.11.1 gAAAAABpMxh7Zkfo... - 70 - tx28d42c9014874bc39ccda-006933187c - 0.0447 - - 1764956284.060387850 1764956284.105094671 0
Dec 5 17:38:04 standalone account-server[123071]: 172.20.0.100 - - [05/Dec/2025:17:38:04 +0000] "PUT /d1/77/AUTH_1410b985dbb7402dbae96bdb126dfd29/gnocchi.f2e806af-f304-4f3d-adb7-7c52b17798b1" 201 - "PUT http://172.20.0.100:6001/d1/273/AUTH_1410b985dbb7402dbae96bdb126dfd29/gnocchi.f2e806af-f304-4f3d-adb7-7c52b17798b1" "tx1174bd683a4f4e3e86a67-006933187c" "container-server 16" 0.0026 "-" 20 0
Dec 5 17:38:04 standalone container-server[123132]: 172.20.0.100 - - [05/Dec/2025:17:38:04 +0000] "PUT /d1/273/AUTH_1410b985dbb7402dbae96bdb126dfd29/gnocchi.f2e806af-f304-4f3d-adb7-7c52b17798b1" 201 - "PUT http://localhost:8080/v1/AUTH_1410b985dbb7402dbae96bdb126dfd29/gnocchi.f2e806af-f304-4f3d-adb7-7c52b17798b1" "tx1174bd683a4f4e3e86a67-006933187c" "proxy-server 21" 0.0132 "-" 16 0
Dec 5 17:38:04 standalone proxy-server[125058]: 172.18.0.2 ::1 05/Dec/2025/17/38/04 PUT /v1/AUTH_1410b985dbb7402dbae96bdb126dfd29/gnocchi.f2e806af-f304-4f3d-adb7-7c52b17798b1 HTTP/1.0 201 - python-swiftclient-3.11.1 gAAAAABpMxh7Zkfo... - - - tx1174bd683a4f4e3e86a67-006933187c - 0.0194 - - 1764956284.109974384 1764956284.129416466 0
Dec 5 17:38:04 standalone container-server[123128]: 172.20.0.100 - - [05/Dec/2025:17:38:04 +0000] "HEAD /d1/273/AUTH_1410b985dbb7402dbae96bdb126dfd29/gnocchi.f2e806af-f304-4f3d-adb7-7c52b17798b1" 204 - "HEAD http://localhost:8080/v1/AUTH_1410b985dbb7402dbae96bdb126dfd29/gnocchi.f2e806af-f304-4f3d-adb7-7c52b17798b1?format=json&states=listing" "tx634d471c9c134f07ac035-006933187c" "proxy-server 21" 0.0028 "-" 15 0
Dec 5 17:38:04 standalone proxy-server[125058]: - - 05/Dec/2025/17/38/04 HEAD /v1/AUTH_1410b985dbb7402dbae96bdb126dfd29/gnocchi.f2e806af-f304-4f3d-adb7-7c52b17798b1%3Fformat%3Djson%26states%3Dlisting HTTP/1.0 204 - Swift - - - - tx634d471c9c134f07ac035-006933187c - 0.0078 RL - 1764956284.137763262 1764956284.145604372 0
Dec 5 17:38:04 standalone container-server[123132]: 172.20.0.100 - - [05/Dec/2025:17:38:04 +0000] "GET /d1/273/AUTH_1410b985dbb7402dbae96bdb126dfd29/gnocchi.f2e806af-f304-4f3d-adb7-7c52b17798b1" 200 2 "GET http://localhost:8080/v1/AUTH_1410b985dbb7402dbae96bdb126dfd29/gnocchi.f2e806af-f304-4f3d-adb7-7c52b17798b1?format=json&states=listing" "tx634d471c9c134f07ac035-006933187c" "proxy-server 21" 0.0023 "-" 16 0
Dec 5 17:38:04 standalone proxy-server[125058]: 172.18.0.2 ::1 05/Dec/2025/17/38/04 GET /v1/AUTH_1410b985dbb7402dbae96bdb126dfd29/gnocchi.f2e806af-f304-4f3d-adb7-7c52b17798b1%3Fformat%3Djson%26states%3Dlisting HTTP/1.0 200 - python-swiftclient-3.11.1 gAAAAABpMxh7Zkfo... - 2 - tx634d471c9c134f07ac035-006933187c - 0.0200 - - 1764956284.135871887 1764956284.155874252 0
Dec 5 17:38:04 standalone object-server[123289]: 172.20.0.100 - - [05/Dec/2025:17:38:04 +0000] "GET /d1/624/AUTH_1410b985dbb7402dbae96bdb126dfd29/gnocchi.f2e806af-f304-4f3d-adb7-7c52b17798b1/1764720000.0_mean_300.0_v3" 404 70 "GET http://localhost:8080/v1/AUTH_1410b985dbb7402dbae96bdb126dfd29/gnocchi.f2e806af-f304-4f3d-adb7-7c52b17798b1/1764720000.0_mean_300.0_v3" "txffb135c4ece046e5810df-006933187c" "proxy-server 21" 0.0005 "-" 24 0
Dec 5 17:38:04 standalone proxy-server[125058]: 172.18.0.2 ::1 05/Dec/2025/17/38/04 GET /v1/AUTH_1410b985dbb7402dbae96bdb126dfd29/gnocchi.f2e806af-f304-4f3d-adb7-7c52b17798b1/1764720000.0_mean_300.0_v3 HTTP/1.0 404 - python-swiftclient-3.11.1 gAAAAABpMxh7Zkfo... - 70 - txffb135c4ece046e5810df-006933187c - 0.0074 - - 1764956284.161700726 1764956284.169053793 0
Dec 5 17:38:04 standalone container-server[123128]: 172.20.0.100 - - [05/Dec/2025:17:38:04 +0000] "PUT /d1/273/AUTH_1410b985dbb7402dbae96bdb126dfd29/gnocchi.f2e806af-f304-4f3d-adb7-7c52b17798b1/1764720000.0_mean_300.0_v3" 201 - "PUT http://localhost:8080/d1/624/AUTH_1410b985dbb7402dbae96bdb126dfd29/gnocchi.f2e806af-f304-4f3d-adb7-7c52b17798b1/1764720000.0_mean_300.0_v3" "txc8963f8892a44ef9be502-006933187c" "object-server 25" 0.0010 "-" 15 0
Dec 5 17:38:04 standalone object-server[123290]: 172.20.0.100 - - [05/Dec/2025:17:38:04 +0000] "PUT /d1/624/AUTH_1410b985dbb7402dbae96bdb126dfd29/gnocchi.f2e806af-f304-4f3d-adb7-7c52b17798b1/1764720000.0_mean_300.0_v3" 201 - "PUT http://localhost:8080/v1/AUTH_1410b985dbb7402dbae96bdb126dfd29/gnocchi.f2e806af-f304-4f3d-adb7-7c52b17798b1/1764720000.0_mean_300.0_v3" "txc8963f8892a44ef9be502-006933187c" "proxy-server 21" 0.0346 "-" 25 0
Dec 5 17:38:04 standalone proxy-server[125058]: 172.18.0.2 ::1 05/Dec/2025/17/38/04 PUT /v1/AUTH_1410b985dbb7402dbae96bdb126dfd29/gnocchi.f2e806af-f304-4f3d-adb7-7c52b17798b1/1764720000.0_mean_300.0_v3 HTTP/1.0 201 - python-swiftclient-3.11.1 gAAAAABpMxh7Zkfo... 16 - - txc8963f8892a44ef9be502-006933187c - 0.0439 - - 1764956284.175190687 1764956284.219085217 0
Dec 5 17:38:04 standalone container-server[123124]: 172.20.0.100 - - [05/Dec/2025:17:38:04 +0000] "PUT /d1/273/AUTH_1410b985dbb7402dbae96bdb126dfd29/gnocchi.f2e806af-f304-4f3d-adb7-7c52b17798b1/none_v3" 201 - "PUT http://localhost:8080/d1/148/AUTH_1410b985dbb7402dbae96bdb126dfd29/gnocchi.f2e806af-f304-4f3d-adb7-7c52b17798b1/none_v3" "tx3f85166b57b64f9884724-006933187c" "object-server 24" 0.0006 "-" 14 0
Dec 5 17:38:04 standalone object-server[123289]: 172.20.0.100 - - [05/Dec/2025:17:38:04 +0000] "PUT /d1/148/AUTH_1410b985dbb7402dbae96bdb126dfd29/gnocchi.f2e806af-f304-4f3d-adb7-7c52b17798b1/none_v3" 201 - "PUT http://localhost:8080/v1/AUTH_1410b985dbb7402dbae96bdb126dfd29/gnocchi.f2e806af-f304-4f3d-adb7-7c52b17798b1/none_v3" "tx3f85166b57b64f9884724-006933187c" "proxy-server 21" 0.0243 "-" 24 0
Dec 5 17:38:04 standalone proxy-server[125058]: 172.18.0.2 ::1 05/Dec/2025/17/38/04 PUT /v1/AUTH_1410b985dbb7402dbae96bdb126dfd29/gnocchi.f2e806af-f304-4f3d-adb7-7c52b17798b1/none_v3 HTTP/1.0 201 - python-swiftclient-3.11.1 gAAAAABpMxh7Zkfo... 22 - - tx3f85166b57b64f9884724-006933187c - 0.0319 - - 1764956284.223738432 1764956284.255616426 0
Dec 5 17:38:13 standalone account-server[123096]: 172.20.0.100 - - [05/Dec/2025:17:38:13 +0000] "HEAD /d1/901/.expiring_objects" 404 - "HEAD http://localhost/v1/.expiring_objects?format=json" "txe4c993c8a1414c65b0310-0069331885" "proxy-server 2" 0.0012 "-" 23 -
Dec 5 17:38:13 standalone object-expirer[123141]: Pass completed in 0s; 0 objects expired (txn: txe4c993c8a1414c65b0310-0069331885)
Dec 5 17:38:31 standalone container-server[122905]: Begin container update sweep
Dec 5 17:38:32 standalone account-server[123080]: 172.20.0.100 - - [05/Dec/2025:17:38:32 +0000] "PUT /d1/77/AUTH_1410b985dbb7402dbae96bdb126dfd29/gnocchi.f2e806af-f304-4f3d-adb7-7c52b17798b1" 201 - "-" "-" "container-updater 2" 0.0009 "-" 22 0
Dec 5 17:38:32 standalone account-server[123080]: 172.20.0.100 - - [05/Dec/2025:17:38:32 +0000] "PUT /d1/77/AUTH_1410b985dbb7402dbae96bdb126dfd29/glance" 201 - "-" "-" "container-updater 2" 0.0006 "-" 22 0
Dec 5 17:38:32 standalone container-server[122905]: Container update sweep completed: 0.19s
Dec 5 17:38:33 standalone object-server[123290]: 172.20.0.100 - - [05/Dec/2025:17:38:33 +0000] "GET /d1/148/AUTH_1410b985dbb7402dbae96bdb126dfd29/gnocchi.f2e806af-f304-4f3d-adb7-7c52b17798b1/none_v3" 200 22 "GET http://localhost:8080/v1/AUTH_1410b985dbb7402dbae96bdb126dfd29/gnocchi.f2e806af-f304-4f3d-adb7-7c52b17798b1/none_v3" "tx31fce0416b8b4628a0bed-0069331899" "proxy-server 21" 0.0017 "-" 25 0
Dec 5 17:38:33 standalone proxy-server[125058]: 172.18.0.2 ::1 05/Dec/2025/17/38/33 GET /v1/AUTH_1410b985dbb7402dbae96bdb126dfd29/gnocchi.f2e806af-f304-4f3d-adb7-7c52b17798b1/none_v3 HTTP/1.0 200 - python-swiftclient-3.11.1 gAAAAABpMxh7Zkfo... - 22 - tx31fce0416b8b4628a0bed-0069331899 - 0.0181 - - 1764956313.673054934 1764956313.691158056 0
Dec 5 17:38:33 standalone container-server[123132]: 172.20.0.100 - - [05/Dec/2025:17:38:33 +0000] "GET /d1/273/AUTH_1410b985dbb7402dbae96bdb126dfd29/gnocchi.f2e806af-f304-4f3d-adb7-7c52b17798b1" 200 357 "GET http://localhost:8080/v1/AUTH_1410b985dbb7402dbae96bdb126dfd29/gnocchi.f2e806af-f304-4f3d-adb7-7c52b17798b1?format=json&states=listing" "txdfa884730c2b45818ad50-0069331899" "proxy-server 21" 0.0095 "-" 16 0
Dec 5 17:38:33 standalone proxy-server[125058]: 172.18.0.2 ::1 05/Dec/2025/17/38/33 GET /v1/AUTH_1410b985dbb7402dbae96bdb126dfd29/gnocchi.f2e806af-f304-4f3d-adb7-7c52b17798b1%3Fformat%3Djson%26states%3Dlisting HTTP/1.0 200 - python-swiftclient-3.11.1 gAAAAABpMxh7Zkfo... - 357 - txdfa884730c2b45818ad50-0069331899 - 0.0233 - - 1764956313.698056459 1764956313.721314669 0
Dec 5 17:38:33 standalone container-server[123128]: 172.20.0.100 - - [05/Dec/2025:17:38:33 +0000] "GET /d1/273/AUTH_1410b985dbb7402dbae96bdb126dfd29/gnocchi.f2e806af-f304-4f3d-adb7-7c52b17798b1" 200 2 "GET http://localhost:8080/v1/AUTH_1410b985dbb7402dbae96bdb126dfd29/gnocchi.f2e806af-f304-4f3d-adb7-7c52b17798b1?format=json&marker=none_v3&states=listing" "tx92042799f5854a1dacb39-0069331899" "proxy-server 21" 0.0039 "-" 15 0
Dec 5 17:38:33 standalone proxy-server[125058]: 172.18.0.2 ::1 05/Dec/2025/17/38/33 GET /v1/AUTH_1410b985dbb7402dbae96bdb126dfd29/gnocchi.f2e806af-f304-4f3d-adb7-7c52b17798b1%3Fformat%3Djson%26marker%3Dnone_v3%26states%3Dlisting HTTP/1.0 200 - python-swiftclient-3.11.1 gAAAAABpMxh7Zkfo... - 2 - tx92042799f5854a1dacb39-0069331899 - 0.0168 - - 1764956313.727416515 1764956313.744190931 0
Dec 5 17:38:33 standalone object-server[123289]: 172.20.0.100 - - [05/Dec/2025:17:38:33 +0000] "GET /d1/624/AUTH_1410b985dbb7402dbae96bdb126dfd29/gnocchi.f2e806af-f304-4f3d-adb7-7c52b17798b1/1764720000.0_mean_300.0_v3" 200 16 "GET http://localhost:8080/v1/AUTH_1410b985dbb7402dbae96bdb126dfd29/gnocchi.f2e806af-f304-4f3d-adb7-7c52b17798b1/1764720000.0_mean_300.0_v3" "txfb30c2c420964c758c75e-0069331899" "proxy-server 21" 0.0016 "-" 24 0
Dec 5 17:38:33 standalone proxy-server[125058]: 172.18.0.2 ::1 05/Dec/2025/17/38/33 GET /v1/AUTH_1410b985dbb7402dbae96bdb126dfd29/gnocchi.f2e806af-f304-4f3d-adb7-7c52b17798b1/1764720000.0_mean_300.0_v3 HTTP/1.0 200 - python-swiftclient-3.11.1 gAAAAABpMxh7Zkfo... - 16 - txfb30c2c420964c758c75e-0069331899 - 0.0102 - - 1764956313.750057936 1764956313.760283947 0
Dec 5 17:38:33 standalone container-server[123128]: 172.20.0.100 - - [05/Dec/2025:17:38:33 +0000] "PUT /d1/273/AUTH_1410b985dbb7402dbae96bdb126dfd29/gnocchi.f2e806af-f304-4f3d-adb7-7c52b17798b1/1764720000.0_mean_300.0_v3" 201 - "PUT http://localhost:8080/d1/624/AUTH_1410b985dbb7402dbae96bdb126dfd29/gnocchi.f2e806af-f304-4f3d-adb7-7c52b17798b1/1764720000.0_mean_300.0_v3" "tx7c2cf8898e4c48fbaee77-0069331899" "object-server 24" 0.0007 "-" 15 0
Dec 5 17:38:33 standalone object-server[123289]: 172.20.0.100 - - [05/Dec/2025:17:38:33 +0000] "PUT /d1/624/AUTH_1410b985dbb7402dbae96bdb126dfd29/gnocchi.f2e806af-f304-4f3d-adb7-7c52b17798b1/1764720000.0_mean_300.0_v3" 201 - "PUT http://localhost:8080/v1/AUTH_1410b985dbb7402dbae96bdb126dfd29/gnocchi.f2e806af-f304-4f3d-adb7-7c52b17798b1/1764720000.0_mean_300.0_v3" "tx7c2cf8898e4c48fbaee77-0069331899" "proxy-server 21" 0.0108 "-" 24 0
Dec 5 17:38:33 standalone proxy-server[125058]: 172.18.0.2 ::1 05/Dec/2025/17/38/33 PUT /v1/AUTH_1410b985dbb7402dbae96bdb126dfd29/gnocchi.f2e806af-f304-4f3d-adb7-7c52b17798b1/1764720000.0_mean_300.0_v3 HTTP/1.0 201 - python-swiftclient-3.11.1 gAAAAABpMxh7Zkfo... 16 - - tx7c2cf8898e4c48fbaee77-0069331899 - 0.0188 - - 1764956313.765572548 1764956313.784416437 0
Dec 5 17:38:33 standalone container-server[123128]: 172.20.0.100 - - [05/Dec/2025:17:38:33 +0000] "PUT /d1/273/AUTH_1410b985dbb7402dbae96bdb126dfd29/gnocchi.f2e806af-f304-4f3d-adb7-7c52b17798b1/none_v3" 201 - "PUT http://localhost:8080/d1/148/AUTH_1410b985dbb7402dbae96bdb126dfd29/gnocchi.f2e806af-f304-4f3d-adb7-7c52b17798b1/none_v3" "tx40b7b12bdd5f4374b6152-0069331899" "object-server 24" 0.0006 "-" 15 0
Dec 5 17:38:33 standalone object-server[123289]: 172.20.0.100 - - [05/Dec/2025:17:38:33 +0000] "PUT /d1/148/AUTH_1410b985dbb7402dbae96bdb126dfd29/gnocchi.f2e806af-f304-4f3d-adb7-7c52b17798b1/none_v3" 201 - "PUT http://localhost:8080/v1/AUTH_1410b985dbb7402dbae96bdb126dfd29/gnocchi.f2e806af-f304-4f3d-adb7-7c52b17798b1/none_v3" "tx40b7b12bdd5f4374b6152-0069331899" "proxy-server 21" 0.0109 "-" 24 0
Dec 5 17:38:33 standalone proxy-server[125058]: 172.18.0.2 ::1 05/Dec/2025/17/38/33 PUT /v1/AUTH_1410b985dbb7402dbae96bdb126dfd29/gnocchi.f2e806af-f304-4f3d-adb7-7c52b17798b1/none_v3 HTTP/1.0 201 - python-swiftclient-3.11.1 gAAAAABpMxh7Zkfo... 32 - - tx40b7b12bdd5f4374b6152-0069331899 - 0.0183 - - 1764956313.789083481 1764956313.807361126 0
Dec 5 17:38:55 standalone object-server[123187]: Begin object update sweep
Dec 5 17:38:55 standalone object-server[214172]: Object update sweep starting on /srv/node/d1 (pid: 14)
Dec 5 17:38:55 standalone object-server[214172]: Object update sweep completed on /srv/node/d1 in 0.00s seconds:, 0 successes, 0 failures, 0 quarantines, 0 unlinks, 0 errors, 0 redirects (pid: 14)
Dec 5 17:38:55 standalone object-server[214172]: Object update sweep of d1 completed: 0.00s, 0 successes, 0 failures, 0 quarantines, 0 unlinks, 0 errors, 0 redirects
Dec 5 17:38:55 standalone object-server[123187]: Object update sweep completed: 0.07s
Dec 5 17:39:03 standalone account-server[123079]: 172.20.0.100 - - [05/Dec/2025:17:39:03 +0000] "HEAD /d1/77/AUTH_1410b985dbb7402dbae96bdb126dfd29" 204 - "HEAD http://localhost:8080/v1/AUTH_1410b985dbb7402dbae96bdb126dfd29?format=json" "tx0ef1aaf61f9b4ef398867-00693318b7" "proxy-server 21" 0.0089 "-" 21 -
Dec 5 17:39:03 standalone proxy-server[125058]: - - 05/Dec/2025/17/39/03 HEAD /v1/AUTH_1410b985dbb7402dbae96bdb126dfd29%3Fformat%3Djson HTTP/1.0 204 - Swift - - - - tx0ef1aaf61f9b4ef398867-00693318b7 - 0.0150 RL - 1764956343.573868036 1764956343.588889122 -
Dec 5 17:39:03 standalone container-server[123124]: 172.20.0.100 - - [05/Dec/2025:17:39:03 +0000] "HEAD /d1/472/AUTH_1410b985dbb7402dbae96bdb126dfd29/glance" 204 - "HEAD http://localhost:8080/v1/AUTH_1410b985dbb7402dbae96bdb126dfd29/glance?format=json&states=listing" "tx0ef1aaf61f9b4ef398867-00693318b7" "proxy-server 21" 0.0027 "-" 14 0
Dec 5 17:39:03 standalone object-server[123289]: 172.20.0.100 - - [05/Dec/2025:17:39:03 +0000] "GET /d1/122/AUTH_1410b985dbb7402dbae96bdb126dfd29/glance/68c8c89e-2907-4329-8224-89a943a7c030" 200 - "GET http://localhost:8080/v1/AUTH_1410b985dbb7402dbae96bdb126dfd29/glance/68c8c89e-2907-4329-8224-89a943a7c030" "tx0ef1aaf61f9b4ef398867-00693318b7" "proxy-server 21" 0.0012 "-" 24 0
Dec 5 17:39:03 standalone container-server[123124]: 172.20.0.100 - - [05/Dec/2025:17:39:03 +0000] "GET /d1/472/AUTH_1410b985dbb7402dbae96bdb126dfd29/glance" 200 210 "GET http://localhost:8080/v1/AUTH_1410b985dbb7402dbae96bdb126dfd29/glance?prefix=68c8c89e-2907-4329-8224-89a943a7c030-&format=json&states=listing" "tx0ef1aaf61f9b4ef398867-00693318b7" "proxy-server 21" 0.0038 "-" 14 0
Dec 5 17:39:03 standalone proxy-server[125058]: - - 05/Dec/2025/17/39/03 GET /v1/AUTH_1410b985dbb7402dbae96bdb126dfd29/glance%3Fprefix%3D68c8c89e-2907-4329-8224-89a943a7c030-%26format%3Djson%26states%3Dlisting HTTP/1.0 200 - python-swiftclient-3.11.1%20DLO%20MultipartGET gAAAAABpMxi3qSpb... - 210 - tx0ef1aaf61f9b4ef398867-00693318b7 - 0.0083 DLO - 1764956343.702542782 1764956343.710854053 0
Dec 5 17:39:03 standalone object-server[123290]: 172.20.0.100 - - [05/Dec/2025:17:39:03 +0000] "GET /d1/357/AUTH_1410b985dbb7402dbae96bdb126dfd29/glance/68c8c89e-2907-4329-8224-89a943a7c030-00001" 200 21692416 "GET http://localhost:8080/v1/AUTH_1410b985dbb7402dbae96bdb126dfd29/glance/68c8c89e-2907-4329-8224-89a943a7c030-00001?multipart-manifest=get" "tx0ef1aaf61f9b4ef398867-00693318b7" "proxy-server 21" 0.0010 "-" 25 0
Dec 5 17:39:03 standalone proxy-server[125058]: - - 05/Dec/2025/17/39/03 GET /v1/AUTH_1410b985dbb7402dbae96bdb126dfd29/glance/68c8c89e-2907-4329-8224-89a943a7c030-00001%3Fmultipart-manifest%3Dget HTTP/1.0 200 - python-swiftclient-3.11.1%20%20DLO%20MultipartGET gAAAAABpMxi3qSpb... - 21692416 - tx0ef1aaf61f9b4ef398867-00693318b7 - 0.0875 DLO - 1764956343.711579323 1764956343.799055576 0
Dec 5 17:39:03 standalone proxy-server[125058]: 172.18.0.2 ::1 05/Dec/2025/17/39/03 GET /v1/AUTH_1410b985dbb7402dbae96bdb126dfd29/glance/68c8c89e-2907-4329-8224-89a943a7c030 HTTP/1.0 200 - python-swiftclient-3.11.1 gAAAAABpMxi3qSpb... - 21692416 - tx0ef1aaf61f9b4ef398867-00693318b7 - 0.2268 - - 1764956343.572579622 1764956343.799391747 0
Dec 5 17:39:04 standalone container-server[123128]: 172.20.0.100 - - [05/Dec/2025:17:39:04 +0000] "HEAD /d1/479/AUTH_1410b985dbb7402dbae96bdb126dfd29/gnocchi.23ca2ce5-9632-4722-90ac-e239f915c40e" 404 - "HEAD http://localhost:8080/v1/AUTH_1410b985dbb7402dbae96bdb126dfd29/gnocchi.23ca2ce5-9632-4722-90ac-e239f915c40e?format=json&states=listing" "txef7bfbf0512f476883e30-00693318b8" "proxy-server 21" 0.0004 "-" 15 0
Dec 5 17:39:04 standalone object-server[123289]: 172.20.0.100 - - [05/Dec/2025:17:39:04 +0000] "GET /d1/792/AUTH_1410b985dbb7402dbae96bdb126dfd29/gnocchi.23ca2ce5-9632-4722-90ac-e239f915c40e/none_v3" 404 70 "GET http://localhost:8080/v1/AUTH_1410b985dbb7402dbae96bdb126dfd29/gnocchi.23ca2ce5-9632-4722-90ac-e239f915c40e/none_v3" "txef7bfbf0512f476883e30-00693318b8" "proxy-server 21" 0.0005 "-" 24 0
Dec 5 17:39:04 standalone proxy-server[125058]: 172.18.0.2 ::1 05/Dec/2025/17/39/04 GET /v1/AUTH_1410b985dbb7402dbae96bdb126dfd29/gnocchi.23ca2ce5-9632-4722-90ac-e239f915c40e/none_v3 HTTP/1.0 404 - python-swiftclient-3.11.1 gAAAAABpMxh7Zkfo... - 70 - txef7bfbf0512f476883e30-00693318b8 - 0.0084 - - 1764956344.099207401 1764956344.107612848 0
Dec 5 17:39:04 standalone account-server[123096]: 172.20.0.100 - - [05/Dec/2025:17:39:04 +0000] "PUT /d1/77/AUTH_1410b985dbb7402dbae96bdb126dfd29/gnocchi.23ca2ce5-9632-4722-90ac-e239f915c40e" 201 - "PUT http://172.20.0.100:6001/d1/479/AUTH_1410b985dbb7402dbae96bdb126dfd29/gnocchi.23ca2ce5-9632-4722-90ac-e239f915c40e" "txc627e9370dcb4f02b9d86-00693318b8" "container-server 17" 0.0044 "-" 23 0
Dec 5 17:39:04 standalone container-server[123146]: 172.20.0.100 - - [05/Dec/2025:17:39:04 +0000] "PUT /d1/479/AUTH_1410b985dbb7402dbae96bdb126dfd29/gnocchi.23ca2ce5-9632-4722-90ac-e239f915c40e" 201 - "PUT http://localhost:8080/v1/AUTH_1410b985dbb7402dbae96bdb126dfd29/gnocchi.23ca2ce5-9632-4722-90ac-e239f915c40e" "txc627e9370dcb4f02b9d86-00693318b8" "proxy-server 21" 0.0533 "-" 17 0
Dec 5 17:39:04 standalone proxy-server[125058]: 172.18.0.2 ::1 05/Dec/2025/17/39/04 PUT /v1/AUTH_1410b985dbb7402dbae96bdb126dfd29/gnocchi.23ca2ce5-9632-4722-90ac-e239f915c40e HTTP/1.0 201 - python-swiftclient-3.11.1 gAAAAABpMxh7Zkfo... - - - txc627e9370dcb4f02b9d86-00693318b8 - 0.0588 - - 1764956344.112112522 1764956344.170925379 0
Dec 5 17:39:04 standalone container-server[123128]: 172.20.0.100 - - [05/Dec/2025:17:39:04 +0000] "HEAD /d1/479/AUTH_1410b985dbb7402dbae96bdb126dfd29/gnocchi.23ca2ce5-9632-4722-90ac-e239f915c40e" 204 - "HEAD http://localhost:8080/v1/AUTH_1410b985dbb7402dbae96bdb126dfd29/gnocchi.23ca2ce5-9632-4722-90ac-e239f915c40e?format=json&states=listing" "txf66df73befca43619ed8a-00693318b8" "proxy-server 21" 0.0012 "-" 15 0
Dec 5 17:39:04 standalone proxy-server[125058]: - - 05/Dec/2025/17/39/04 HEAD /v1/AUTH_1410b985dbb7402dbae96bdb126dfd29/gnocchi.23ca2ce5-9632-4722-90ac-e239f915c40e%3Fformat%3Djson%26states%3Dlisting HTTP/1.0 204 - Swift - - - - txf66df73befca43619ed8a-00693318b8 - 0.0041 RL - 1764956344.178276539 1764956344.182388306 0
Dec 5 17:39:04 standalone container-server[123146]: 172.20.0.100 - - [05/Dec/2025:17:39:04 +0000] "GET /d1/479/AUTH_1410b985dbb7402dbae96bdb126dfd29/gnocchi.23ca2ce5-9632-4722-90ac-e239f915c40e" 200 2 "GET http://localhost:8080/v1/AUTH_1410b985dbb7402dbae96bdb126dfd29/gnocchi.23ca2ce5-9632-4722-90ac-e239f915c40e?format=json&states=listing" "txf66df73befca43619ed8a-00693318b8" "proxy-server 21" 0.0039 "-" 17 0
Dec 5 17:39:04 standalone proxy-server[125058]: 172.18.0.2 ::1 05/Dec/2025/17/39/04 GET /v1/AUTH_1410b985dbb7402dbae96bdb126dfd29/gnocchi.23ca2ce5-9632-4722-90ac-e239f915c40e%3Fformat%3Djson%26states%3Dlisting HTTP/1.0 200 - python-swiftclient-3.11.1 gAAAAABpMxh7Zkfo... - 2 - txf66df73befca43619ed8a-00693318b8 - 0.0139 - - 1764956344.177180052 1764956344.191036940 0
Dec 5 17:39:04 standalone object-server[123288]: 172.20.0.100 - - [05/Dec/2025:17:39:04 +0000] "GET /d1/1010/AUTH_1410b985dbb7402dbae96bdb126dfd29/gnocchi.23ca2ce5-9632-4722-90ac-e239f915c40e/1764720000.0_mean_300.0_v3" 404 70 "GET http://localhost:8080/v1/AUTH_1410b985dbb7402dbae96bdb126dfd29/gnocchi.23ca2ce5-9632-4722-90ac-e239f915c40e/1764720000.0_mean_300.0_v3" "txeb710c99e5134d748d3b5-00693318b8" "proxy-server 21" 0.0003 "-" 23 0
Dec 5 17:39:04 standalone proxy-server[125058]: 172.18.0.2 ::1 05/Dec/2025/17/39/04 GET /v1/AUTH_1410b985dbb7402dbae96bdb126dfd29/gnocchi.23ca2ce5-9632-4722-90ac-e239f915c40e/1764720000.0_mean_300.0_v3 HTTP/1.0 404 - python-swiftclient-3.11.1 gAAAAABpMxh7Zkfo... - 70 - txeb710c99e5134d748d3b5-00693318b8 - 0.0042 - - 1764956344.196700096 1764956344.200920582 0
Dec 5 17:39:04 standalone container-server[123124]: 172.20.0.100 - - [05/Dec/2025:17:39:04 +0000] "PUT /d1/479/AUTH_1410b985dbb7402dbae96bdb126dfd29/gnocchi.23ca2ce5-9632-4722-90ac-e239f915c40e/1764720000.0_mean_300.0_v3" 201 - "PUT http://localhost:8080/d1/1010/AUTH_1410b985dbb7402dbae96bdb126dfd29/gnocchi.23ca2ce5-9632-4722-90ac-e239f915c40e/1764720000.0_mean_300.0_v3" "txa1ee862d26e949939ea80-00693318b8" "object-server 23" 0.0005 "-" 14 0
Dec 5 17:39:04 standalone object-server[123288]: 172.20.0.100 - - [05/Dec/2025:17:39:04 +0000] "PUT /d1/1010/AUTH_1410b985dbb7402dbae96bdb126dfd29/gnocchi.23ca2ce5-9632-4722-90ac-e239f915c40e/1764720000.0_mean_300.0_v3" 201 - "PUT http://localhost:8080/v1/AUTH_1410b985dbb7402dbae96bdb126dfd29/gnocchi.23ca2ce5-9632-4722-90ac-e239f915c40e/1764720000.0_mean_300.0_v3" "txa1ee862d26e949939ea80-00693318b8" "proxy-server 21" 0.0408 "-" 23 0
Dec 5 17:39:04 standalone proxy-server[125058]: 172.18.0.2 ::1 05/Dec/2025/17/39/04 PUT /v1/AUTH_1410b985dbb7402dbae96bdb126dfd29/gnocchi.23ca2ce5-9632-4722-90ac-e239f915c40e/1764720000.0_mean_300.0_v3 HTTP/1.0 201 - python-swiftclient-3.11.1 gAAAAABpMxh7Zkfo... 16 - - txa1ee862d26e949939ea80-00693318b8 - 0.0446 - - 1764956344.205666780 1764956344.250284910 0
Dec 5 17:39:04 standalone container-server[123128]: 172.20.0.100 - - [05/Dec/2025:17:39:04 +0000] "PUT /d1/479/AUTH_1410b985dbb7402dbae96bdb126dfd29/gnocchi.23ca2ce5-9632-4722-90ac-e239f915c40e/none_v3" 201 - "PUT http://localhost:8080/d1/792/AUTH_1410b985dbb7402dbae96bdb126dfd29/gnocchi.23ca2ce5-9632-4722-90ac-e239f915c40e/none_v3" "txb575f2778af047a496665-00693318b8" "object-server 25" 0.0004 "-" 15 0
Dec 5 17:39:04 standalone object-server[123290]: 172.20.0.100 - - [05/Dec/2025:17:39:04 +0000] "PUT /d1/792/AUTH_1410b985dbb7402dbae96bdb126dfd29/gnocchi.23ca2ce5-9632-4722-90ac-e239f915c40e/none_v3" 201 - "PUT http://localhost:8080/v1/AUTH_1410b985dbb7402dbae96bdb126dfd29/gnocchi.23ca2ce5-9632-4722-90ac-e239f915c40e/none_v3" "txb575f2778af047a496665-00693318b8" "proxy-server 21" 0.0225 "-" 25 0
Dec 5 17:39:04 standalone proxy-server[125058]: 172.18.0.2 ::1 05/Dec/2025/17/39/04 PUT /v1/AUTH_1410b985dbb7402dbae96bdb126dfd29/gnocchi.23ca2ce5-9632-4722-90ac-e239f915c40e/none_v3 HTTP/1.0 201 - python-swiftclient-3.11.1 gAAAAABpMxh7Zkfo... 22 - - txb575f2778af047a496665-00693318b8 - 0.0268 - - 1764956344.255232811 1764956344.282077074 0
Dec 5 17:39:04 standalone container-server[123128]: 172.20.0.100 - - [05/Dec/2025:17:39:04 +0000] "HEAD /d1/267/AUTH_1410b985dbb7402dbae96bdb126dfd29/gnocchi.4596ca4f-170e-4aeb-ba3d-deb8469c6260" 404 - "HEAD http://localhost:8080/v1/AUTH_1410b985dbb7402dbae96bdb126dfd29/gnocchi.4596ca4f-170e-4aeb-ba3d-deb8469c6260?format=json&states=listing" "tx70981a83a09d4191bf962-00693318b8" "proxy-server 21" 0.0003 "-" 15 0
Dec 5 17:39:04 standalone object-server[123290]: 172.20.0.100 - - [05/Dec/2025:17:39:04 +0000] "GET /d1/1012/AUTH_1410b985dbb7402dbae96bdb126dfd29/gnocchi.4596ca4f-170e-4aeb-ba3d-deb8469c6260/none_v3" 404 70 "GET http://localhost:8080/v1/AUTH_1410b985dbb7402dbae96bdb126dfd29/gnocchi.4596ca4f-170e-4aeb-ba3d-deb8469c6260/none_v3" "tx70981a83a09d4191bf962-00693318b8" "proxy-server 21" 0.0003 "-" 25 0
Dec 5 17:39:04 standalone proxy-server[125058]: 172.18.0.2 ::1 05/Dec/2025/17/39/04 GET /v1/AUTH_1410b985dbb7402dbae96bdb126dfd29/gnocchi.4596ca4f-170e-4aeb-ba3d-deb8469c6260/none_v3 HTTP/1.0 404 - python-swiftclient-3.11.1 gAAAAABpMxh7Zkfo... - 70 - tx70981a83a09d4191bf962-00693318b8 - 0.0075 - - 1764956344.300735474 1764956344.308204889 0
Dec 5 17:39:04 standalone account-server[123096]: 172.20.0.100 - - [05/Dec/2025:17:39:04 +0000] "PUT /d1/77/AUTH_1410b985dbb7402dbae96bdb126dfd29/gnocchi.4596ca4f-170e-4aeb-ba3d-deb8469c6260" 201 - "PUT http://172.20.0.100:6001/d1/267/AUTH_1410b985dbb7402dbae96bdb126dfd29/gnocchi.4596ca4f-170e-4aeb-ba3d-deb8469c6260" "txd9a6d574adf54f29af0b1-00693318b8" "container-server 15" 0.0064 "-" 23 0
Dec 5 17:39:04 standalone container-server[123128]: 172.20.0.100 - - [05/Dec/2025:17:39:04 +0000] "PUT /d1/267/AUTH_1410b985dbb7402dbae96bdb126dfd29/gnocchi.4596ca4f-170e-4aeb-ba3d-deb8469c6260" 201 - "PUT http://localhost:8080/v1/AUTH_1410b985dbb7402dbae96bdb126dfd29/gnocchi.4596ca4f-170e-4aeb-ba3d-deb8469c6260" "txd9a6d574adf54f29af0b1-00693318b8" "proxy-server 21" 0.0148 "-" 15 0
Dec 5 17:39:04 standalone proxy-server[125058]: 172.18.0.2 ::1 05/Dec/2025/17/39/04 PUT /v1/AUTH_1410b985dbb7402dbae96bdb126dfd29/gnocchi.4596ca4f-170e-4aeb-ba3d-deb8469c6260 HTTP/1.0 201 - python-swiftclient-3.11.1 gAAAAABpMxh7Zkfo... - - - txd9a6d574adf54f29af0b1-00693318b8 - 0.0178 - - 1764956344.312424183 1764956344.330258846 0
Dec 5 17:39:04 standalone container-server[123124]: 172.20.0.100 - - [05/Dec/2025:17:39:04 +0000] "HEAD /d1/267/AUTH_1410b985dbb7402dbae96bdb126dfd29/gnocchi.4596ca4f-170e-4aeb-ba3d-deb8469c6260" 204 - "HEAD http://localhost:8080/v1/AUTH_1410b985dbb7402dbae96bdb126dfd29/gnocchi.4596ca4f-170e-4aeb-ba3d-deb8469c6260?format=json&states=listing" "tx8ce24d9367544504a9991-00693318b8" "proxy-server 21" 0.0015 "-" 14 0
Dec 5 17:39:04 standalone proxy-server[125058]: - - 05/Dec/2025/17/39/04 HEAD /v1/AUTH_1410b985dbb7402dbae96bdb126dfd29/gnocchi.4596ca4f-170e-4aeb-ba3d-deb8469c6260%3Fformat%3Djson%26states%3Dlisting HTTP/1.0 204 - Swift - - - - tx8ce24d9367544504a9991-00693318b8 - 0.0041 RL - 1764956344.336949110 1764956344.341021538 0
Dec 5 17:39:04 standalone container-server[123128]: 172.20.0.100 - - [05/Dec/2025:17:39:04 +0000] "GET /d1/267/AUTH_1410b985dbb7402dbae96bdb126dfd29/gnocchi.4596ca4f-170e-4aeb-ba3d-deb8469c6260" 200 2 "GET http://localhost:8080/v1/AUTH_1410b985dbb7402dbae96bdb126dfd29/gnocchi.4596ca4f-170e-4aeb-ba3d-deb8469c6260?format=json&states=listing" "tx8ce24d9367544504a9991-00693318b8" "proxy-server 21" 0.0015 "-" 15 0
Dec 5 17:39:04 standalone proxy-server[125058]: 172.18.0.2 ::1 05/Dec/2025/17/39/04 GET /v1/AUTH_1410b985dbb7402dbae96bdb126dfd29/gnocchi.4596ca4f-170e-4aeb-ba3d-deb8469c6260%3Fformat%3Djson%26states%3Dlisting HTTP/1.0 200 - python-swiftclient-3.11.1 gAAAAABpMxh7Zkfo... - 2 - tx8ce24d9367544504a9991-00693318b8 - 0.0106 - - 1764956344.336205721 1764956344.346781969 0
Dec 5 17:39:04 standalone object-server[123290]: 172.20.0.100 - - [05/Dec/2025:17:39:04 +0000] "GET /d1/535/AUTH_1410b985dbb7402dbae96bdb126dfd29/gnocchi.4596ca4f-170e-4aeb-ba3d-deb8469c6260/1764720000.0_mean_300.0_v3" 404 70 "GET http://localhost:8080/v1/AUTH_1410b985dbb7402dbae96bdb126dfd29/gnocchi.4596ca4f-170e-4aeb-ba3d-deb8469c6260/1764720000.0_mean_300.0_v3" "txab48ee1f48974ac8b2890-00693318b8" "proxy-server 21" 0.0003 "-" 25 0
Dec 5 17:39:04 standalone proxy-server[125058]: 172.18.0.2 ::1 05/Dec/2025/17/39/04 GET /v1/AUTH_1410b985dbb7402dbae96bdb126dfd29/gnocchi.4596ca4f-170e-4aeb-ba3d-deb8469c6260/1764720000.0_mean_300.0_v3 HTTP/1.0 404 - python-swiftclient-3.11.1 gAAAAABpMxh7Zkfo... - 70 - txab48ee1f48974ac8b2890-00693318b8 - 0.0037 - - 1764956344.351953268 1764956344.355646133 0
Dec 5 17:39:04 standalone container-server[123124]: 172.20.0.100 - - [05/Dec/2025:17:39:04 +0000] "PUT /d1/267/AUTH_1410b985dbb7402dbae96bdb126dfd29/gnocchi.4596ca4f-170e-4aeb-ba3d-deb8469c6260/1764720000.0_mean_300.0_v3" 201 - "PUT http://localhost:8080/d1/535/AUTH_1410b985dbb7402dbae96bdb126dfd29/gnocchi.4596ca4f-170e-4aeb-ba3d-deb8469c6260/1764720000.0_mean_300.0_v3" "txc2e7317134144e7b99330-00693318b8" "object-server 22" 0.0007 "-" 14 0
Dec 5 17:39:04 standalone object-server[123287]: 172.20.0.100 - - [05/Dec/2025:17:39:04 +0000] "PUT /d1/535/AUTH_1410b985dbb7402dbae96bdb126dfd29/gnocchi.4596ca4f-170e-4aeb-ba3d-deb8469c6260/1764720000.0_mean_300.0_v3" 201 - "PUT http://localhost:8080/v1/AUTH_1410b985dbb7402dbae96bdb126dfd29/gnocchi.4596ca4f-170e-4aeb-ba3d-deb8469c6260/1764720000.0_mean_300.0_v3" "txc2e7317134144e7b99330-00693318b8" "proxy-server 21" 0.0515 "-" 22 0
Dec 5 17:39:04 standalone proxy-server[125058]: 172.18.0.2 ::1 05/Dec/2025/17/39/04 PUT /v1/AUTH_1410b985dbb7402dbae96bdb126dfd29/gnocchi.4596ca4f-170e-4aeb-ba3d-deb8469c6260/1764720000.0_mean_300.0_v3 HTTP/1.0 201 - python-swiftclient-3.11.1 gAAAAABpMxh7Zkfo... 16 - - txc2e7317134144e7b99330-00693318b8 - 0.0567 - - 1764956344.361926079 1764956344.418609858 0
Dec 5 17:39:04 standalone container-server[123146]: 172.20.0.100 - - [05/Dec/2025:17:39:04 +0000] "PUT /d1/267/AUTH_1410b985dbb7402dbae96bdb126dfd29/gnocchi.4596ca4f-170e-4aeb-ba3d-deb8469c6260/none_v3" 201 - "PUT http://localhost:8080/d1/1012/AUTH_1410b985dbb7402dbae96bdb126dfd29/gnocchi.4596ca4f-170e-4aeb-ba3d-deb8469c6260/none_v3" "tx187f30d812fe4228a13c0-00693318b8" "object-server 22" 0.0010 "-" 17 0
Dec 5 17:39:04 standalone object-server[123287]: 172.20.0.100 - - [05/Dec/2025:17:39:04 +0000] "PUT /d1/1012/AUTH_1410b985dbb7402dbae96bdb126dfd29/gnocchi.4596ca4f-170e-4aeb-ba3d-deb8469c6260/none_v3" 201 - "PUT http://localhost:8080/v1/AUTH_1410b985dbb7402dbae96bdb126dfd29/gnocchi.4596ca4f-170e-4aeb-ba3d-deb8469c6260/none_v3" "tx187f30d812fe4228a13c0-00693318b8" "proxy-server 21" 0.0122 "-" 22 0
Dec 5 17:39:04 standalone proxy-server[125058]: 172.18.0.2 ::1 05/Dec/2025/17/39/04 PUT /v1/AUTH_1410b985dbb7402dbae96bdb126dfd29/gnocchi.4596ca4f-170e-4aeb-ba3d-deb8469c6260/none_v3 HTTP/1.0 201 - python-swiftclient-3.11.1 gAAAAABpMxh7Zkfo... 22 - - tx187f30d812fe4228a13c0-00693318b8 - 0.0573 - - 1764956344.423942566 1764956344.481198788 0
Dec 5 17:39:08 standalone container-server[123128]: 172.20.0.100 - - [05/Dec/2025:17:39:08 +0000] "HEAD /d1/1012/AUTH_1410b985dbb7402dbae96bdb126dfd29/gnocchi.461f7179-ee55-496e-b985-012021ea9f10" 404 - "HEAD http://localhost:8080/v1/AUTH_1410b985dbb7402dbae96bdb126dfd29/gnocchi.461f7179-ee55-496e-b985-012021ea9f10?format=json&states=listing" "tx9210d2cc12734be0b26ca-00693318bc" "proxy-server 21" 0.0008 "-" 15 0
Dec 5 17:39:08 standalone object-server[123289]: 172.20.0.100 - - [05/Dec/2025:17:39:08 +0000] "GET /d1/605/AUTH_1410b985dbb7402dbae96bdb126dfd29/gnocchi.461f7179-ee55-496e-b985-012021ea9f10/none_v3" 404 70 "GET http://localhost:8080/v1/AUTH_1410b985dbb7402dbae96bdb126dfd29/gnocchi.461f7179-ee55-496e-b985-012021ea9f10/none_v3" "tx9210d2cc12734be0b26ca-00693318bc" "proxy-server 21" 0.0004 "-" 24 0
Dec 5 17:39:08 standalone proxy-server[125058]: 172.18.0.2 ::1 05/Dec/2025/17/39/08 GET /v1/AUTH_1410b985dbb7402dbae96bdb126dfd29/gnocchi.461f7179-ee55-496e-b985-012021ea9f10/none_v3 HTTP/1.0 404 - python-swiftclient-3.11.1 gAAAAABpMxh7Zkfo... - 70 - tx9210d2cc12734be0b26ca-00693318bc - 0.0149 - - 1764956348.723608971 1764956348.738558054 0
Dec 5 17:39:08 standalone account-server[123071]: 172.20.0.100 - - [05/Dec/2025:17:39:08 +0000] "PUT /d1/77/AUTH_1410b985dbb7402dbae96bdb126dfd29/gnocchi.461f7179-ee55-496e-b985-012021ea9f10" 201 - "PUT http://172.20.0.100:6001/d1/1012/AUTH_1410b985dbb7402dbae96bdb126dfd29/gnocchi.461f7179-ee55-496e-b985-012021ea9f10" "tx7fce0bdfb9dd4591be5cb-00693318bc" "container-server 16" 0.0049 "-" 20 0
Dec 5 17:39:08 standalone container-server[123132]: 172.20.0.100 - - [05/Dec/2025:17:39:08 +0000] "PUT /d1/1012/AUTH_1410b985dbb7402dbae96bdb126dfd29/gnocchi.461f7179-ee55-496e-b985-012021ea9f10" 201 - "PUT http://localhost:8080/v1/AUTH_1410b985dbb7402dbae96bdb126dfd29/gnocchi.461f7179-ee55-496e-b985-012021ea9f10" "tx7fce0bdfb9dd4591be5cb-00693318bc" "proxy-server 21" 0.0170 "-" 16 0
Dec 5 17:39:08 standalone proxy-server[125058]: 172.18.0.2 ::1 05/Dec/2025/17/39/08 PUT /v1/AUTH_1410b985dbb7402dbae96bdb126dfd29/gnocchi.461f7179-ee55-496e-b985-012021ea9f10 HTTP/1.0 201 - python-swiftclient-3.11.1 gAAAAABpMxh7Zkfo... - - - tx7fce0bdfb9dd4591be5cb-00693318bc - 0.0226 - - 1764956348.744619608 1764956348.767207384 0
Dec 5 17:39:08 standalone container-server[123146]: 172.20.0.100 - - [05/Dec/2025:17:39:08 +0000] "HEAD /d1/1012/AUTH_1410b985dbb7402dbae96bdb126dfd29/gnocchi.461f7179-ee55-496e-b985-012021ea9f10" 204 - "HEAD http://localhost:8080/v1/AUTH_1410b985dbb7402dbae96bdb126dfd29/gnocchi.461f7179-ee55-496e-b985-012021ea9f10?format=json&states=listing" "txc97df4dcad764b6281e38-00693318bc" "proxy-server 21" 0.0040 "-" 17 0
