Dec 5 17:39:08 standalone proxy-server[125058]: - - 05/Dec/2025/17/39/08 HEAD /v1/AUTH_1410b985dbb7402dbae96bdb126dfd29/gnocchi.461f7179-ee55-496e-b985-012021ea9f10%3Fformat%3Djson%26states%3Dlisting HTTP/1.0 204 - Swift - - - - txc97df4dcad764b6281e38-00693318bc - 0.0125 RL - 1764956348.774783850 1764956348.787319899 0
Dec 5 17:39:08 standalone container-server[123128]: 172.20.0.100 - - [05/Dec/2025:17:39:08 +0000] "GET /d1/1012/AUTH_1410b985dbb7402dbae96bdb126dfd29/gnocchi.461f7179-ee55-496e-b985-012021ea9f10" 200 2 "GET http://localhost:8080/v1/AUTH_1410b985dbb7402dbae96bdb126dfd29/gnocchi.461f7179-ee55-496e-b985-012021ea9f10?format=json&states=listing" "txc97df4dcad764b6281e38-00693318bc" "proxy-server 21" 0.0023 "-" 15 0
Dec 5 17:39:08 standalone proxy-server[125058]: 172.18.0.2 ::1 05/Dec/2025/17/39/08 GET /v1/AUTH_1410b985dbb7402dbae96bdb126dfd29/gnocchi.461f7179-ee55-496e-b985-012021ea9f10%3Fformat%3Djson%26states%3Dlisting HTTP/1.0 200 - python-swiftclient-3.11.1 gAAAAABpMxh7Zkfo... - 2 - txc97df4dcad764b6281e38-00693318bc - 0.0228 - - 1764956348.773369312 1764956348.796159983 0
Dec 5 17:39:08 standalone object-server[123288]: 172.20.0.100 - - [05/Dec/2025:17:39:08 +0000] "GET /d1/527/AUTH_1410b985dbb7402dbae96bdb126dfd29/gnocchi.461f7179-ee55-496e-b985-012021ea9f10/1764720000.0_mean_300.0_v3" 404 70 "GET http://localhost:8080/v1/AUTH_1410b985dbb7402dbae96bdb126dfd29/gnocchi.461f7179-ee55-496e-b985-012021ea9f10/1764720000.0_mean_300.0_v3" "tx5c90e3d32704487a956b1-00693318bc" "proxy-server 21" 0.0005 "-" 23 0
Dec 5 17:39:08 standalone proxy-server[125058]: 172.18.0.2 ::1 05/Dec/2025/17/39/08 GET /v1/AUTH_1410b985dbb7402dbae96bdb126dfd29/gnocchi.461f7179-ee55-496e-b985-012021ea9f10/1764720000.0_mean_300.0_v3 HTTP/1.0 404 - python-swiftclient-3.11.1 gAAAAABpMxh7Zkfo... - 70 - tx5c90e3d32704487a956b1-00693318bc - 0.0060 - - 1764956348.803341866 1764956348.809369802 0
Dec 5 17:39:08 standalone container-server[123128]: 172.20.0.100 - - [05/Dec/2025:17:39:08 +0000] "PUT /d1/1012/AUTH_1410b985dbb7402dbae96bdb126dfd29/gnocchi.461f7179-ee55-496e-b985-012021ea9f10/1764720000.0_mean_300.0_v3" 201 - "PUT http://localhost:8080/d1/527/AUTH_1410b985dbb7402dbae96bdb126dfd29/gnocchi.461f7179-ee55-496e-b985-012021ea9f10/1764720000.0_mean_300.0_v3" "tx5719a64f33834fcaae742-00693318bc" "object-server 23" 0.0005 "-" 15 0
Dec 5 17:39:08 standalone object-server[123288]: 172.20.0.100 - - [05/Dec/2025:17:39:08 +0000] "PUT /d1/527/AUTH_1410b985dbb7402dbae96bdb126dfd29/gnocchi.461f7179-ee55-496e-b985-012021ea9f10/1764720000.0_mean_300.0_v3" 201 - "PUT http://localhost:8080/v1/AUTH_1410b985dbb7402dbae96bdb126dfd29/gnocchi.461f7179-ee55-496e-b985-012021ea9f10/1764720000.0_mean_300.0_v3" "tx5719a64f33834fcaae742-00693318bc" "proxy-server 21" 0.0078 "-" 23 0
Dec 5 17:39:08 standalone proxy-server[125058]: 172.18.0.2 ::1 05/Dec/2025/17/39/08 PUT /v1/AUTH_1410b985dbb7402dbae96bdb126dfd29/gnocchi.461f7179-ee55-496e-b985-012021ea9f10/1764720000.0_mean_300.0_v3 HTTP/1.0 201 - python-swiftclient-3.11.1 gAAAAABpMxh7Zkfo... 16 - - tx5719a64f33834fcaae742-00693318bc - 0.0136 - - 1764956348.814883232 1764956348.828494787 0
Dec 5 17:39:08 standalone container-server[123124]: 172.20.0.100 - - [05/Dec/2025:17:39:08 +0000] "PUT /d1/1012/AUTH_1410b985dbb7402dbae96bdb126dfd29/gnocchi.461f7179-ee55-496e-b985-012021ea9f10/none_v3" 201 - "PUT http://localhost:8080/d1/605/AUTH_1410b985dbb7402dbae96bdb126dfd29/gnocchi.461f7179-ee55-496e-b985-012021ea9f10/none_v3" "tx24877a58aa4f4043a9788-00693318bc" "object-server 22" 0.0006 "-" 14 0
Dec 5 17:39:08 standalone object-server[123287]: 172.20.0.100 - - [05/Dec/2025:17:39:08 +0000] "PUT /d1/605/AUTH_1410b985dbb7402dbae96bdb126dfd29/gnocchi.461f7179-ee55-496e-b985-012021ea9f10/none_v3" 201 - "PUT http://localhost:8080/v1/AUTH_1410b985dbb7402dbae96bdb126dfd29/gnocchi.461f7179-ee55-496e-b985-012021ea9f10/none_v3" "tx24877a58aa4f4043a9788-00693318bc" "proxy-server 21" 0.0115 "-" 22 0
Dec 5 17:39:08 standalone proxy-server[125058]: 172.18.0.2 ::1 05/Dec/2025/17/39/08 PUT /v1/AUTH_1410b985dbb7402dbae96bdb126dfd29/gnocchi.461f7179-ee55-496e-b985-012021ea9f10/none_v3 HTTP/1.0 201 - python-swiftclient-3.11.1 gAAAAABpMxh7Zkfo... 22 - - tx24877a58aa4f4043a9788-00693318bc - 0.0167 - - 1764956348.832185745 1764956348.848870516 0
Dec 5 17:39:08 standalone container-server[123132]: 172.20.0.100 - - [05/Dec/2025:17:39:08 +0000] "HEAD /d1/893/AUTH_1410b985dbb7402dbae96bdb126dfd29/gnocchi.21880008-770e-4dc5-ad7b-3b04754e3830" 404 - "HEAD http://localhost:8080/v1/AUTH_1410b985dbb7402dbae96bdb126dfd29/gnocchi.21880008-770e-4dc5-ad7b-3b04754e3830?format=json&states=listing" "txc71193675d1041059d4d8-00693318bc" "proxy-server 21" 0.0005 "-" 16 0
Dec 5 17:39:08 standalone object-server[123287]: 172.20.0.100 - - [05/Dec/2025:17:39:08 +0000] "GET /d1/177/AUTH_1410b985dbb7402dbae96bdb126dfd29/gnocchi.21880008-770e-4dc5-ad7b-3b04754e3830/none_v3" 404 70 "GET http://localhost:8080/v1/AUTH_1410b985dbb7402dbae96bdb126dfd29/gnocchi.21880008-770e-4dc5-ad7b-3b04754e3830/none_v3" "txc71193675d1041059d4d8-00693318bc" "proxy-server 21" 0.0007 "-" 22 0
Dec 5 17:39:08 standalone proxy-server[125058]: 172.18.0.2 ::1 05/Dec/2025/17/39/08 GET /v1/AUTH_1410b985dbb7402dbae96bdb126dfd29/gnocchi.21880008-770e-4dc5-ad7b-3b04754e3830/none_v3 HTTP/1.0 404 - python-swiftclient-3.11.1 gAAAAABpMxh7Zkfo... - 70 - txc71193675d1041059d4d8-00693318bc - 0.0103 - - 1764956348.933807373 1764956348.944073677 0
Dec 5 17:39:08 standalone account-server[123080]: 172.20.0.100 - - [05/Dec/2025:17:39:08 +0000] "PUT /d1/77/AUTH_1410b985dbb7402dbae96bdb126dfd29/gnocchi.21880008-770e-4dc5-ad7b-3b04754e3830" 201 - "PUT http://172.20.0.100:6001/d1/893/AUTH_1410b985dbb7402dbae96bdb126dfd29/gnocchi.21880008-770e-4dc5-ad7b-3b04754e3830" "tx15eba692717f4a28adb9d-00693318bc" "container-server 14" 0.0043 "-" 22 0
Dec 5 17:39:08 standalone container-server[123124]: 172.20.0.100 - - [05/Dec/2025:17:39:08 +0000] "PUT /d1/893/AUTH_1410b985dbb7402dbae96bdb126dfd29/gnocchi.21880008-770e-4dc5-ad7b-3b04754e3830" 201 - "PUT http://localhost:8080/v1/AUTH_1410b985dbb7402dbae96bdb126dfd29/gnocchi.21880008-770e-4dc5-ad7b-3b04754e3830" "tx15eba692717f4a28adb9d-00693318bc" "proxy-server 21" 0.0182 "-" 14 0
Dec 5 17:39:08 standalone proxy-server[125058]: 172.18.0.2 ::1 05/Dec/2025/17/39/08 PUT /v1/AUTH_1410b985dbb7402dbae96bdb126dfd29/gnocchi.21880008-770e-4dc5-ad7b-3b04754e3830 HTTP/1.0 201 - python-swiftclient-3.11.1 gAAAAABpMxh7Zkfo... - - - tx15eba692717f4a28adb9d-00693318bc - 0.0235 - - 1764956348.949163198 1764956348.972712040 0
Dec 5 17:39:08 standalone container-server[123124]: 172.20.0.100 - - [05/Dec/2025:17:39:08 +0000] "HEAD /d1/893/AUTH_1410b985dbb7402dbae96bdb126dfd29/gnocchi.21880008-770e-4dc5-ad7b-3b04754e3830" 204 - "HEAD http://localhost:8080/v1/AUTH_1410b985dbb7402dbae96bdb126dfd29/gnocchi.21880008-770e-4dc5-ad7b-3b04754e3830?format=json&states=listing" "tx4e338390e242496ead668-00693318bc" "proxy-server 21" 0.0017 "-" 14 0
Dec 5 17:39:08 standalone proxy-server[125058]: - - 05/Dec/2025/17/39/08 HEAD /v1/AUTH_1410b985dbb7402dbae96bdb126dfd29/gnocchi.21880008-770e-4dc5-ad7b-3b04754e3830%3Fformat%3Djson%26states%3Dlisting HTTP/1.0 204 - Swift - - - - tx4e338390e242496ead668-00693318bc - 0.0087 RL - 1764956348.984828234 1764956348.993479490 0
Dec 5 17:39:09 standalone container-server[123132]: 172.20.0.100 - - [05/Dec/2025:17:39:09 +0000] "GET /d1/893/AUTH_1410b985dbb7402dbae96bdb126dfd29/gnocchi.21880008-770e-4dc5-ad7b-3b04754e3830" 200 2 "GET http://localhost:8080/v1/AUTH_1410b985dbb7402dbae96bdb126dfd29/gnocchi.21880008-770e-4dc5-ad7b-3b04754e3830?format=json&states=listing" "tx4e338390e242496ead668-00693318bc" "proxy-server 21" 0.0023 "-" 16 0
Dec 5 17:39:09 standalone proxy-server[125058]: 172.18.0.2 ::1 05/Dec/2025/17/39/09 GET /v1/AUTH_1410b985dbb7402dbae96bdb126dfd29/gnocchi.21880008-770e-4dc5-ad7b-3b04754e3830%3Fformat%3Djson%26states%3Dlisting HTTP/1.0 200 - python-swiftclient-3.11.1 gAAAAABpMxh7Zkfo... - 2 - tx4e338390e242496ead668-00693318bc - 0.0275 - - 1764956348.981738329 1764956349.009228230 0
Dec 5 17:39:09 standalone object-server[123288]: 172.20.0.100 - - [05/Dec/2025:17:39:09 +0000] "GET /d1/623/AUTH_1410b985dbb7402dbae96bdb126dfd29/gnocchi.21880008-770e-4dc5-ad7b-3b04754e3830/1764720000.0_mean_300.0_v3" 404 70 "GET http://localhost:8080/v1/AUTH_1410b985dbb7402dbae96bdb126dfd29/gnocchi.21880008-770e-4dc5-ad7b-3b04754e3830/1764720000.0_mean_300.0_v3" "txab91882e22c54a7085039-00693318bd" "proxy-server 21" 0.0004 "-" 23 0
Dec 5 17:39:09 standalone proxy-server[125058]: 172.18.0.2 ::1 05/Dec/2025/17/39/09 GET /v1/AUTH_1410b985dbb7402dbae96bdb126dfd29/gnocchi.21880008-770e-4dc5-ad7b-3b04754e3830/1764720000.0_mean_300.0_v3 HTTP/1.0 404 - python-swiftclient-3.11.1 gAAAAABpMxh7Zkfo... - 70 - txab91882e22c54a7085039-00693318bd - 0.0120 - - 1764956349.017900944 1764956349.029873133 0
Dec 5 17:39:09 standalone container-server[123128]: 172.20.0.100 - - [05/Dec/2025:17:39:09 +0000] "PUT /d1/893/AUTH_1410b985dbb7402dbae96bdb126dfd29/gnocchi.21880008-770e-4dc5-ad7b-3b04754e3830/1764720000.0_mean_300.0_v3" 201 - "PUT http://localhost:8080/d1/623/AUTH_1410b985dbb7402dbae96bdb126dfd29/gnocchi.21880008-770e-4dc5-ad7b-3b04754e3830/1764720000.0_mean_300.0_v3" "tx6917ef43432d4055a2935-00693318bd" "object-server 25" 0.0008 "-" 15 0
Dec 5 17:39:09 standalone object-server[123290]: 172.20.0.100 - - [05/Dec/2025:17:39:09 +0000] "PUT /d1/623/AUTH_1410b985dbb7402dbae96bdb126dfd29/gnocchi.21880008-770e-4dc5-ad7b-3b04754e3830/1764720000.0_mean_300.0_v3" 201 - "PUT http://localhost:8080/v1/AUTH_1410b985dbb7402dbae96bdb126dfd29/gnocchi.21880008-770e-4dc5-ad7b-3b04754e3830/1764720000.0_mean_300.0_v3" "tx6917ef43432d4055a2935-00693318bd" "proxy-server 21" 0.0127 "-" 25 0
Dec 5 17:39:09 standalone proxy-server[125058]: 172.18.0.2 ::1 05/Dec/2025/17/39/09 PUT /v1/AUTH_1410b985dbb7402dbae96bdb126dfd29/gnocchi.21880008-770e-4dc5-ad7b-3b04754e3830/1764720000.0_mean_300.0_v3 HTTP/1.0 201 - python-swiftclient-3.11.1 gAAAAABpMxh7Zkfo... 16 - - tx6917ef43432d4055a2935-00693318bd - 0.0262 - - 1764956349.036069870 1764956349.062305689 0
Dec 5 17:39:09 standalone container-server[123132]: 172.20.0.100 - - [05/Dec/2025:17:39:09 +0000] "PUT /d1/893/AUTH_1410b985dbb7402dbae96bdb126dfd29/gnocchi.21880008-770e-4dc5-ad7b-3b04754e3830/none_v3" 201 - "PUT http://localhost:8080/d1/177/AUTH_1410b985dbb7402dbae96bdb126dfd29/gnocchi.21880008-770e-4dc5-ad7b-3b04754e3830/none_v3" "tx00a385098a9e4e789c47b-00693318bd" "object-server 23" 0.0007 "-" 16 0
Dec 5 17:39:09 standalone object-server[123288]: 172.20.0.100 - - [05/Dec/2025:17:39:09 +0000] "PUT /d1/177/AUTH_1410b985dbb7402dbae96bdb126dfd29/gnocchi.21880008-770e-4dc5-ad7b-3b04754e3830/none_v3" 201 - "PUT http://localhost:8080/v1/AUTH_1410b985dbb7402dbae96bdb126dfd29/gnocchi.21880008-770e-4dc5-ad7b-3b04754e3830/none_v3" "tx00a385098a9e4e789c47b-00693318bd" "proxy-server 21" 0.0126 "-" 23 0
Dec 5 17:39:09 standalone proxy-server[125058]: 172.18.0.2 ::1 05/Dec/2025/17/39/09 PUT /v1/AUTH_1410b985dbb7402dbae96bdb126dfd29/gnocchi.21880008-770e-4dc5-ad7b-3b04754e3830/none_v3 HTTP/1.0 201 - python-swiftclient-3.11.1 gAAAAABpMxh7Zkfo... 22 - - tx00a385098a9e4e789c47b-00693318bd - 0.0261 - - 1764956349.079301596 1764956349.105394602 0
Dec 5 17:39:09 standalone container-server[123124]: 172.20.0.100 - - [05/Dec/2025:17:39:09 +0000] "HEAD /d1/41/AUTH_1410b985dbb7402dbae96bdb126dfd29/gnocchi.1265450d-65f4-4db7-8998-6d18458ad280" 404 - "HEAD http://localhost:8080/v1/AUTH_1410b985dbb7402dbae96bdb126dfd29/gnocchi.1265450d-65f4-4db7-8998-6d18458ad280?format=json&states=listing" "txd021fa3e9f6449a8895f3-00693318bd" "proxy-server 21" 0.0005 "-" 14 0
Dec 5 17:39:09 standalone object-server[123289]: 172.20.0.100 - - [05/Dec/2025:17:39:09 +0000] "GET /d1/452/AUTH_1410b985dbb7402dbae96bdb126dfd29/gnocchi.1265450d-65f4-4db7-8998-6d18458ad280/none_v3" 404 70 "GET http://localhost:8080/v1/AUTH_1410b985dbb7402dbae96bdb126dfd29/gnocchi.1265450d-65f4-4db7-8998-6d18458ad280/none_v3" "txd021fa3e9f6449a8895f3-00693318bd" "proxy-server 21" 0.0004 "-" 24 0
Dec 5 17:39:09 standalone proxy-server[125058]: 172.18.0.2 ::1 05/Dec/2025/17/39/09 GET /v1/AUTH_1410b985dbb7402dbae96bdb126dfd29/gnocchi.1265450d-65f4-4db7-8998-6d18458ad280/none_v3 HTTP/1.0 404 - python-swiftclient-3.11.1 gAAAAABpMxh7Zkfo... - 70 - txd021fa3e9f6449a8895f3-00693318bd - 0.0212 - - 1764956349.143594265 1764956349.164745808 0
Dec 5 17:39:09 standalone account-server[123071]: 172.20.0.100 - - [05/Dec/2025:17:39:09 +0000] "PUT /d1/77/AUTH_1410b985dbb7402dbae96bdb126dfd29/gnocchi.1265450d-65f4-4db7-8998-6d18458ad280" 201 - "PUT http://172.20.0.100:6001/d1/41/AUTH_1410b985dbb7402dbae96bdb126dfd29/gnocchi.1265450d-65f4-4db7-8998-6d18458ad280" "tx6ca59c96ad0643c7948e3-00693318bd" "container-server 17" 0.0042 "-" 20 0
Dec 5 17:39:09 standalone container-server[123146]: 172.20.0.100 - - [05/Dec/2025:17:39:09 +0000] "PUT /d1/41/AUTH_1410b985dbb7402dbae96bdb126dfd29/gnocchi.1265450d-65f4-4db7-8998-6d18458ad280" 201 - "PUT http://localhost:8080/v1/AUTH_1410b985dbb7402dbae96bdb126dfd29/gnocchi.1265450d-65f4-4db7-8998-6d18458ad280" "tx6ca59c96ad0643c7948e3-00693318bd" "proxy-server 21" 0.0243 "-" 17 0
Dec 5 17:39:09 standalone proxy-server[125058]: 172.18.0.2 ::1 05/Dec/2025/17/39/09 PUT /v1/AUTH_1410b985dbb7402dbae96bdb126dfd29/gnocchi.1265450d-65f4-4db7-8998-6d18458ad280 HTTP/1.0 201 - python-swiftclient-3.11.1 gAAAAABpMxh7Zkfo... - - - tx6ca59c96ad0643c7948e3-00693318bd - 0.0343 - - 1764956349.169948816 1764956349.204221487 0
Dec 5 17:39:09 standalone container-server[123132]: 172.20.0.100 - - [05/Dec/2025:17:39:09 +0000] "HEAD /d1/41/AUTH_1410b985dbb7402dbae96bdb126dfd29/gnocchi.1265450d-65f4-4db7-8998-6d18458ad280" 204 - "HEAD http://localhost:8080/v1/AUTH_1410b985dbb7402dbae96bdb126dfd29/gnocchi.1265450d-65f4-4db7-8998-6d18458ad280?format=json&states=listing" "txafd4f10d79f64af880f7c-00693318bd" "proxy-server 21" 0.0015 "-" 16 0
Dec 5 17:39:09 standalone proxy-server[125058]: - - 05/Dec/2025/17/39/09 HEAD /v1/AUTH_1410b985dbb7402dbae96bdb126dfd29/gnocchi.1265450d-65f4-4db7-8998-6d18458ad280%3Fformat%3Djson%26states%3Dlisting HTTP/1.0 204 - Swift - - - - txafd4f10d79f64af880f7c-00693318bd - 0.0088 RL - 1764956349.218007565 1764956349.226855516 0
Dec 5 17:39:09 standalone container-server[123146]: 172.20.0.100 - - [05/Dec/2025:17:39:09 +0000] "GET /d1/41/AUTH_1410b985dbb7402dbae96bdb126dfd29/gnocchi.1265450d-65f4-4db7-8998-6d18458ad280" 200 2 "GET http://localhost:8080/v1/AUTH_1410b985dbb7402dbae96bdb126dfd29/gnocchi.1265450d-65f4-4db7-8998-6d18458ad280?format=json&states=listing" "txafd4f10d79f64af880f7c-00693318bd" "proxy-server 21" 0.0106 "-" 17 0
Dec 5 17:39:09 standalone proxy-server[125058]: 172.18.0.2 ::1 05/Dec/2025/17/39/09 GET /v1/AUTH_1410b985dbb7402dbae96bdb126dfd29/gnocchi.1265450d-65f4-4db7-8998-6d18458ad280%3Fformat%3Djson%26states%3Dlisting HTTP/1.0 200 - python-swiftclient-3.11.1 gAAAAABpMxh7Zkfo... - 2 - txafd4f10d79f64af880f7c-00693318bd - 0.0398 - - 1764956349.208935022 1764956349.248752832 0
Dec 5 17:39:09 standalone object-server[123290]: 172.20.0.100 - - [05/Dec/2025:17:39:09 +0000] "GET /d1/757/AUTH_1410b985dbb7402dbae96bdb126dfd29/gnocchi.1265450d-65f4-4db7-8998-6d18458ad280/1764720000.0_mean_300.0_v3" 404 70 "GET http://localhost:8080/v1/AUTH_1410b985dbb7402dbae96bdb126dfd29/gnocchi.1265450d-65f4-4db7-8998-6d18458ad280/1764720000.0_mean_300.0_v3" "tx12d51016ea6146cbb30b0-00693318bd" "proxy-server 21" 0.0004 "-" 25 0
Dec 5 17:39:09 standalone proxy-server[125058]: 172.18.0.2 ::1 05/Dec/2025/17/39/09 GET /v1/AUTH_1410b985dbb7402dbae96bdb126dfd29/gnocchi.1265450d-65f4-4db7-8998-6d18458ad280/1764720000.0_mean_300.0_v3 HTTP/1.0 404 - python-swiftclient-3.11.1 gAAAAABpMxh7Zkfo... - 70 - tx12d51016ea6146cbb30b0-00693318bd - 0.0076 - - 1764956349.254003048 1764956349.261599064 0
Dec 5 17:39:09 standalone container-server[123128]: 172.20.0.100 - - [05/Dec/2025:17:39:09 +0000] "PUT /d1/41/AUTH_1410b985dbb7402dbae96bdb126dfd29/gnocchi.1265450d-65f4-4db7-8998-6d18458ad280/1764720000.0_mean_300.0_v3" 201 - "PUT http://localhost:8080/d1/757/AUTH_1410b985dbb7402dbae96bdb126dfd29/gnocchi.1265450d-65f4-4db7-8998-6d18458ad280/1764720000.0_mean_300.0_v3" "txd00a395fae7447e484cb6-00693318bd" "object-server 22" 0.0009 "-" 15 0
Dec 5 17:39:09 standalone object-server[123287]: 172.20.0.100 - - [05/Dec/2025:17:39:09 +0000] "PUT /d1/757/AUTH_1410b985dbb7402dbae96bdb126dfd29/gnocchi.1265450d-65f4-4db7-8998-6d18458ad280/1764720000.0_mean_300.0_v3" 201 - "PUT http://localhost:8080/v1/AUTH_1410b985dbb7402dbae96bdb126dfd29/gnocchi.1265450d-65f4-4db7-8998-6d18458ad280/1764720000.0_mean_300.0_v3" "txd00a395fae7447e484cb6-00693318bd" "proxy-server 21" 0.0098 "-" 22 0
Dec 5 17:39:09 standalone proxy-server[125058]: 172.18.0.2 ::1 05/Dec/2025/17/39/09 PUT /v1/AUTH_1410b985dbb7402dbae96bdb126dfd29/gnocchi.1265450d-65f4-4db7-8998-6d18458ad280/1764720000.0_mean_300.0_v3 HTTP/1.0 201 - python-swiftclient-3.11.1 gAAAAABpMxh7Zkfo... 16 - - txd00a395fae7447e484cb6-00693318bd - 0.0167 - - 1764956349.265615463 1764956349.282298565 0
Dec 5 17:39:09 standalone container-server[123128]: 172.20.0.100 - - [05/Dec/2025:17:39:09 +0000] "PUT /d1/41/AUTH_1410b985dbb7402dbae96bdb126dfd29/gnocchi.1265450d-65f4-4db7-8998-6d18458ad280/none_v3" 201 - "PUT http://localhost:8080/d1/452/AUTH_1410b985dbb7402dbae96bdb126dfd29/gnocchi.1265450d-65f4-4db7-8998-6d18458ad280/none_v3" "txa54eab7e056246c0af93a-00693318bd" "object-server 25" 0.0008 "-" 15 0
Dec 5 17:39:09 standalone object-server[123290]: 172.20.0.100 - - [05/Dec/2025:17:39:09 +0000] "PUT /d1/452/AUTH_1410b985dbb7402dbae96bdb126dfd29/gnocchi.1265450d-65f4-4db7-8998-6d18458ad280/none_v3" 201 - "PUT http://localhost:8080/v1/AUTH_1410b985dbb7402dbae96bdb126dfd29/gnocchi.1265450d-65f4-4db7-8998-6d18458ad280/none_v3" "txa54eab7e056246c0af93a-00693318bd" "proxy-server 21" 0.0124 "-" 25 0
Dec 5 17:39:09 standalone proxy-server[125058]: 172.18.0.2 ::1 05/Dec/2025/17/39/09 PUT /v1/AUTH_1410b985dbb7402dbae96bdb126dfd29/gnocchi.1265450d-65f4-4db7-8998-6d18458ad280/none_v3 HTTP/1.0 201 - python-swiftclient-3.11.1 gAAAAABpMxh7Zkfo... 22 - - txa54eab7e056246c0af93a-00693318bd - 0.0219 - - 1764956349.287261486 1764956349.309188604 0
Dec 5 17:39:09 standalone container-server[123146]: 172.20.0.100 - - [05/Dec/2025:17:39:09 +0000] "HEAD /d1/36/AUTH_1410b985dbb7402dbae96bdb126dfd29/gnocchi.8b8c59db-56de-4a03-b4f5-a8880a1cd4c7" 404 - "HEAD http://localhost:8080/v1/AUTH_1410b985dbb7402dbae96bdb126dfd29/gnocchi.8b8c59db-56de-4a03-b4f5-a8880a1cd4c7?format=json&states=listing" "tx917be6355cea409ebcda7-00693318bd" "proxy-server 21" 0.0007 "-" 17 0
Dec 5 17:39:09 standalone object-server[123288]: 172.20.0.100 - - [05/Dec/2025:17:39:09 +0000] "GET /d1/1023/AUTH_1410b985dbb7402dbae96bdb126dfd29/gnocchi.8b8c59db-56de-4a03-b4f5-a8880a1cd4c7/none_v3" 404 70 "GET http://localhost:8080/v1/AUTH_1410b985dbb7402dbae96bdb126dfd29/gnocchi.8b8c59db-56de-4a03-b4f5-a8880a1cd4c7/none_v3" "tx917be6355cea409ebcda7-00693318bd" "proxy-server 21" 0.0004 "-" 23 0
Dec 5 17:39:09 standalone proxy-server[125058]: 172.18.0.2 ::1 05/Dec/2025/17/39/09 GET /v1/AUTH_1410b985dbb7402dbae96bdb126dfd29/gnocchi.8b8c59db-56de-4a03-b4f5-a8880a1cd4c7/none_v3 HTTP/1.0 404 - python-swiftclient-3.11.1 gAAAAABpMxh7Zkfo... - 70 - tx917be6355cea409ebcda7-00693318bd - 0.0140 - - 1764956349.326382399 1764956349.340347052 0
Dec 5 17:39:09 standalone account-server[123096]: 172.20.0.100 - - [05/Dec/2025:17:39:09 +0000] "PUT /d1/77/AUTH_1410b985dbb7402dbae96bdb126dfd29/gnocchi.8b8c59db-56de-4a03-b4f5-a8880a1cd4c7" 201 - "PUT http://172.20.0.100:6001/d1/36/AUTH_1410b985dbb7402dbae96bdb126dfd29/gnocchi.8b8c59db-56de-4a03-b4f5-a8880a1cd4c7" "txaa8b787db75d4865b508f-00693318bd" "container-server 17" 0.0046 "-" 23 0
Dec 5 17:39:09 standalone container-server[123146]: 172.20.0.100 - - [05/Dec/2025:17:39:09 +0000] "PUT /d1/36/AUTH_1410b985dbb7402dbae96bdb126dfd29/gnocchi.8b8c59db-56de-4a03-b4f5-a8880a1cd4c7" 201 - "PUT http://localhost:8080/v1/AUTH_1410b985dbb7402dbae96bdb126dfd29/gnocchi.8b8c59db-56de-4a03-b4f5-a8880a1cd4c7" "txaa8b787db75d4865b508f-00693318bd" "proxy-server 21" 0.0252 "-" 17 0
Dec 5 17:39:09 standalone proxy-server[125058]: 172.18.0.2 ::1 05/Dec/2025/17/39/09 PUT /v1/AUTH_1410b985dbb7402dbae96bdb126dfd29/gnocchi.8b8c59db-56de-4a03-b4f5-a8880a1cd4c7 HTTP/1.0 201 - python-swiftclient-3.11.1 gAAAAABpMxh7Zkfo... - - - txaa8b787db75d4865b508f-00693318bd - 0.0337 - - 1764956349.345104933 1764956349.378824949 0
Dec 5 17:39:09 standalone container-server[123132]: 172.20.0.100 - - [05/Dec/2025:17:39:09 +0000] "HEAD /d1/36/AUTH_1410b985dbb7402dbae96bdb126dfd29/gnocchi.8b8c59db-56de-4a03-b4f5-a8880a1cd4c7" 204 - "HEAD http://localhost:8080/v1/AUTH_1410b985dbb7402dbae96bdb126dfd29/gnocchi.8b8c59db-56de-4a03-b4f5-a8880a1cd4c7?format=json&states=listing" "tx5b932a6b04c54316b1074-00693318bd" "proxy-server 21" 0.0015 "-" 16 0
Dec 5 17:39:09 standalone proxy-server[125058]: - - 05/Dec/2025/17/39/09 HEAD /v1/AUTH_1410b985dbb7402dbae96bdb126dfd29/gnocchi.8b8c59db-56de-4a03-b4f5-a8880a1cd4c7%3Fformat%3Djson%26states%3Dlisting HTTP/1.0 204 - Swift - - - - tx5b932a6b04c54316b1074-00693318bd - 0.0054 RL - 1764956349.385500908 1764956349.390940905 0
Dec 5 17:39:09 standalone container-server[123128]: 172.20.0.100 - - [05/Dec/2025:17:39:09 +0000] "GET /d1/36/AUTH_1410b985dbb7402dbae96bdb126dfd29/gnocchi.8b8c59db-56de-4a03-b4f5-a8880a1cd4c7" 200 2 "GET http://localhost:8080/v1/AUTH_1410b985dbb7402dbae96bdb126dfd29/gnocchi.8b8c59db-56de-4a03-b4f5-a8880a1cd4c7?format=json&states=listing" "tx5b932a6b04c54316b1074-00693318bd" "proxy-server 21" 0.0031 "-" 15 0
Dec 5 17:39:09 standalone proxy-server[125058]: 172.18.0.2 ::1 05/Dec/2025/17/39/09 GET /v1/AUTH_1410b985dbb7402dbae96bdb126dfd29/gnocchi.8b8c59db-56de-4a03-b4f5-a8880a1cd4c7%3Fformat%3Djson%26states%3Dlisting HTTP/1.0 200 - python-swiftclient-3.11.1 gAAAAABpMxh7Zkfo... - 2 - tx5b932a6b04c54316b1074-00693318bd - 0.0178 - - 1764956349.384009361 1764956349.401788712 0
Dec 5 17:39:09 standalone object-server[123289]: 172.20.0.100 - - [05/Dec/2025:17:39:09 +0000] "GET /d1/79/AUTH_1410b985dbb7402dbae96bdb126dfd29/gnocchi.8b8c59db-56de-4a03-b4f5-a8880a1cd4c7/1764720000.0_mean_300.0_v3" 404 70 "GET http://localhost:8080/v1/AUTH_1410b985dbb7402dbae96bdb126dfd29/gnocchi.8b8c59db-56de-4a03-b4f5-a8880a1cd4c7/1764720000.0_mean_300.0_v3" "txc8a8727b68be478b93eff-00693318bd" "proxy-server 21" 0.0004 "-" 24 0
Dec 5 17:39:09 standalone proxy-server[125058]: 172.18.0.2 ::1 05/Dec/2025/17/39/09 GET /v1/AUTH_1410b985dbb7402dbae96bdb126dfd29/gnocchi.8b8c59db-56de-4a03-b4f5-a8880a1cd4c7/1764720000.0_mean_300.0_v3 HTTP/1.0 404 - python-swiftclient-3.11.1 gAAAAABpMxh7Zkfo... - 70 - txc8a8727b68be478b93eff-00693318bd - 0.0071 - - 1764956349.406506538 1764956349.413572073 0
Dec 5 17:39:09 standalone container-server[123132]: 172.20.0.100 - - [05/Dec/2025:17:39:09 +0000] "PUT /d1/36/AUTH_1410b985dbb7402dbae96bdb126dfd29/gnocchi.8b8c59db-56de-4a03-b4f5-a8880a1cd4c7/1764720000.0_mean_300.0_v3" 201 - "PUT http://localhost:8080/d1/79/AUTH_1410b985dbb7402dbae96bdb126dfd29/gnocchi.8b8c59db-56de-4a03-b4f5-a8880a1cd4c7/1764720000.0_mean_300.0_v3" "tx37de532103f343598133b-00693318bd" "object-server 23" 0.0008 "-" 16 0
Dec 5 17:39:09 standalone object-server[123288]: 172.20.0.100 - - [05/Dec/2025:17:39:09 +0000] "PUT /d1/79/AUTH_1410b985dbb7402dbae96bdb126dfd29/gnocchi.8b8c59db-56de-4a03-b4f5-a8880a1cd4c7/1764720000.0_mean_300.0_v3" 201 - "PUT http://localhost:8080/v1/AUTH_1410b985dbb7402dbae96bdb126dfd29/gnocchi.8b8c59db-56de-4a03-b4f5-a8880a1cd4c7/1764720000.0_mean_300.0_v3" "tx37de532103f343598133b-00693318bd" "proxy-server 21" 0.0098 "-" 23 0
Dec 5 17:39:09 standalone proxy-server[125058]: 172.18.0.2 ::1 05/Dec/2025/17/39/09 PUT /v1/AUTH_1410b985dbb7402dbae96bdb126dfd29/gnocchi.8b8c59db-56de-4a03-b4f5-a8880a1cd4c7/1764720000.0_mean_300.0_v3 HTTP/1.0 201 - python-swiftclient-3.11.1 gAAAAABpMxh7Zkfo... 16 - - tx37de532103f343598133b-00693318bd - 0.0170 - - 1764956349.416751623 1764956349.433792830 0
Dec 5 17:39:09 standalone container-server[123124]: 172.20.0.100 - - [05/Dec/2025:17:39:09 +0000] "PUT /d1/36/AUTH_1410b985dbb7402dbae96bdb126dfd29/gnocchi.8b8c59db-56de-4a03-b4f5-a8880a1cd4c7/none_v3" 201 - "PUT http://localhost:8080/d1/1023/AUTH_1410b985dbb7402dbae96bdb126dfd29/gnocchi.8b8c59db-56de-4a03-b4f5-a8880a1cd4c7/none_v3" "tx5095e9262ed94b65b1c07-00693318bd" "object-server 24" 0.0010 "-" 14 0
Dec 5 17:39:09 standalone object-server[123289]: 172.20.0.100 - - [05/Dec/2025:17:39:09 +0000] "PUT /d1/1023/AUTH_1410b985dbb7402dbae96bdb126dfd29/gnocchi.8b8c59db-56de-4a03-b4f5-a8880a1cd4c7/none_v3" 201 - "PUT http://localhost:8080/v1/AUTH_1410b985dbb7402dbae96bdb126dfd29/gnocchi.8b8c59db-56de-4a03-b4f5-a8880a1cd4c7/none_v3" "tx5095e9262ed94b65b1c07-00693318bd" "proxy-server 21" 0.0109 "-" 24 0
Dec 5 17:39:09 standalone proxy-server[125058]: 172.18.0.2 ::1 05/Dec/2025/17/39/09 PUT /v1/AUTH_1410b985dbb7402dbae96bdb126dfd29/gnocchi.8b8c59db-56de-4a03-b4f5-a8880a1cd4c7/none_v3 HTTP/1.0 201 - python-swiftclient-3.11.1 gAAAAABpMxh7Zkfo... 22 - - tx5095e9262ed94b65b1c07-00693318bd - 0.0167 - - 1764956349.437513828 1764956349.454203367 0
Dec 5 17:39:09 standalone container-server[123124]: 172.20.0.100 - - [05/Dec/2025:17:39:09 +0000] "HEAD /d1/591/AUTH_1410b985dbb7402dbae96bdb126dfd29/gnocchi.966d4a62-bac6-47b4-aa2b-1e1bc389e405" 404 - "HEAD http://localhost:8080/v1/AUTH_1410b985dbb7402dbae96bdb126dfd29/gnocchi.966d4a62-bac6-47b4-aa2b-1e1bc389e405?format=json&states=listing" "tx02065ee24ab04fcaa76ce-00693318bd" "proxy-server 21" 0.0006 "-" 14 0
Dec 5 17:39:09 standalone object-server[123288]: 172.20.0.100 - - [05/Dec/2025:17:39:09 +0000] "GET /d1/806/AUTH_1410b985dbb7402dbae96bdb126dfd29/gnocchi.966d4a62-bac6-47b4-aa2b-1e1bc389e405/none_v3" 404 70 "GET http://localhost:8080/v1/AUTH_1410b985dbb7402dbae96bdb126dfd29/gnocchi.966d4a62-bac6-47b4-aa2b-1e1bc389e405/none_v3" "tx02065ee24ab04fcaa76ce-00693318bd" "proxy-server 21" 0.0004 "-" 23 0
Dec 5 17:39:09 standalone proxy-server[125058]: 172.18.0.2 ::1 05/Dec/2025/17/39/09 GET /v1/AUTH_1410b985dbb7402dbae96bdb126dfd29/gnocchi.966d4a62-bac6-47b4-aa2b-1e1bc389e405/none_v3 HTTP/1.0 404 - python-swiftclient-3.11.1 gAAAAABpMxh7Zkfo... - 70 - tx02065ee24ab04fcaa76ce-00693318bd - 0.0176 - - 1764956349.466960192 1764956349.484535694 0
Dec 5 17:39:09 standalone account-server[123096]: 172.20.0.100 - - [05/Dec/2025:17:39:09 +0000] "PUT /d1/77/AUTH_1410b985dbb7402dbae96bdb126dfd29/gnocchi.966d4a62-bac6-47b4-aa2b-1e1bc389e405" 201 - "PUT http://172.20.0.100:6001/d1/591/AUTH_1410b985dbb7402dbae96bdb126dfd29/gnocchi.966d4a62-bac6-47b4-aa2b-1e1bc389e405" "tx1738fe20a7c7424aa70df-00693318bd" "container-server 14" 0.0048 "-" 23 0
Dec 5 17:39:09 standalone container-server[123124]: 172.20.0.100 - - [05/Dec/2025:17:39:09 +0000] "PUT /d1/591/AUTH_1410b985dbb7402dbae96bdb126dfd29/gnocchi.966d4a62-bac6-47b4-aa2b-1e1bc389e405" 201 - "PUT http://localhost:8080/v1/AUTH_1410b985dbb7402dbae96bdb126dfd29/gnocchi.966d4a62-bac6-47b4-aa2b-1e1bc389e405" "tx1738fe20a7c7424aa70df-00693318bd" "proxy-server 21" 0.0159 "-" 14 0
Dec 5 17:39:09 standalone proxy-server[125058]: 172.18.0.2 ::1 05/Dec/2025/17/39/09 PUT /v1/AUTH_1410b985dbb7402dbae96bdb126dfd29/gnocchi.966d4a62-bac6-47b4-aa2b-1e1bc389e405 HTTP/1.0 201 - python-swiftclient-3.11.1 gAAAAABpMxh7Zkfo... - - - tx1738fe20a7c7424aa70df-00693318bd - 0.0240 - - 1764956349.488878489 1764956349.512877464 0
Dec 5 17:39:09 standalone container-server[123146]: 172.20.0.100 - - [05/Dec/2025:17:39:09 +0000] "HEAD /d1/591/AUTH_1410b985dbb7402dbae96bdb126dfd29/gnocchi.966d4a62-bac6-47b4-aa2b-1e1bc389e405" 204 - "HEAD http://localhost:8080/v1/AUTH_1410b985dbb7402dbae96bdb126dfd29/gnocchi.966d4a62-bac6-47b4-aa2b-1e1bc389e405?format=json&states=listing" "tx294cc2de28a049dcaded2-00693318bd" "proxy-server 21" 0.0034 "-" 17 0
Dec 5 17:39:09 standalone proxy-server[125058]: - - 05/Dec/2025/17/39/09 HEAD /v1/AUTH_1410b985dbb7402dbae96bdb126dfd29/gnocchi.966d4a62-bac6-47b4-aa2b-1e1bc389e405%3Fformat%3Djson%26states%3Dlisting HTTP/1.0 204 - Swift - - - - tx294cc2de28a049dcaded2-00693318bd - 0.0082 RL - 1764956349.560678005 1764956349.568881512 0
Dec 5 17:39:09 standalone container-server[123128]: 172.20.0.100 - - [05/Dec/2025:17:39:09 +0000] "GET /d1/591/AUTH_1410b985dbb7402dbae96bdb126dfd29/gnocchi.966d4a62-bac6-47b4-aa2b-1e1bc389e405" 200 2 "GET http://localhost:8080/v1/AUTH_1410b985dbb7402dbae96bdb126dfd29/gnocchi.966d4a62-bac6-47b4-aa2b-1e1bc389e405?format=json&states=listing" "tx294cc2de28a049dcaded2-00693318bd" "proxy-server 21" 0.0041 "-" 15 0
Dec 5 17:39:09 standalone proxy-server[125058]: 172.18.0.2 ::1 05/Dec/2025/17/39/09 GET /v1/AUTH_1410b985dbb7402dbae96bdb126dfd29/gnocchi.966d4a62-bac6-47b4-aa2b-1e1bc389e405%3Fformat%3Djson%26states%3Dlisting HTTP/1.0 200 - python-swiftclient-3.11.1 gAAAAABpMxh7Zkfo... - 2 - tx294cc2de28a049dcaded2-00693318bd - 0.0280 - - 1764956349.559254169 1764956349.587244987 0
Dec 5 17:39:09 standalone object-server[123288]: 172.20.0.100 - - [05/Dec/2025:17:39:09 +0000] "GET /d1/11/AUTH_1410b985dbb7402dbae96bdb126dfd29/gnocchi.966d4a62-bac6-47b4-aa2b-1e1bc389e405/1764720000.0_mean_300.0_v3" 404 70 "GET http://localhost:8080/v1/AUTH_1410b985dbb7402dbae96bdb126dfd29/gnocchi.966d4a62-bac6-47b4-aa2b-1e1bc389e405/1764720000.0_mean_300.0_v3" "txbb6bbaca45074b1aaca65-00693318bd" "proxy-server 21" 0.0004 "-" 23 0
Dec 5 17:39:09 standalone proxy-server[125058]: 172.18.0.2 ::1 05/Dec/2025/17/39/09 GET /v1/AUTH_1410b985dbb7402dbae96bdb126dfd29/gnocchi.966d4a62-bac6-47b4-aa2b-1e1bc389e405/1764720000.0_mean_300.0_v3 HTTP/1.0 404 - python-swiftclient-3.11.1 gAAAAABpMxh7Zkfo... - 70 - txbb6bbaca45074b1aaca65-00693318bd - 0.0105 - - 1764956349.591779947 1764956349.602296352 0
Dec 5 17:39:09 standalone container-server[123146]: 172.20.0.100 - - [05/Dec/2025:17:39:09 +0000] "PUT /d1/591/AUTH_1410b985dbb7402dbae96bdb126dfd29/gnocchi.966d4a62-bac6-47b4-aa2b-1e1bc389e405/1764720000.0_mean_300.0_v3" 201 - "PUT http://localhost:8080/d1/11/AUTH_1410b985dbb7402dbae96bdb126dfd29/gnocchi.966d4a62-bac6-47b4-aa2b-1e1bc389e405/1764720000.0_mean_300.0_v3" "tx26707dd5d9ee4094bc865-00693318bd" "object-server 24" 0.0008 "-" 17 0
Dec 5 17:39:09 standalone object-server[123289]: 172.20.0.100 - - [05/Dec/2025:17:39:09 +0000] "PUT /d1/11/AUTH_1410b985dbb7402dbae96bdb126dfd29/gnocchi.966d4a62-bac6-47b4-aa2b-1e1bc389e405/1764720000.0_mean_300.0_v3" 201 - "PUT http://localhost:8080/v1/AUTH_1410b985dbb7402dbae96bdb126dfd29/gnocchi.966d4a62-bac6-47b4-aa2b-1e1bc389e405/1764720000.0_mean_300.0_v3" "tx26707dd5d9ee4094bc865-00693318bd" "proxy-server 21" 0.0210 "-" 24 0
Dec 5 17:39:09 standalone proxy-server[125058]: 172.18.0.2 ::1 05/Dec/2025/17/39/09 PUT /v1/AUTH_1410b985dbb7402dbae96bdb126dfd29/gnocchi.966d4a62-bac6-47b4-aa2b-1e1bc389e405/1764720000.0_mean_300.0_v3 HTTP/1.0 201 - python-swiftclient-3.11.1 gAAAAABpMxh7Zkfo... 16 - - tx26707dd5d9ee4094bc865-00693318bd - 0.0294 - - 1764956349.606597424 1764956349.636013985 0
Dec 5 17:39:09 standalone container-server[123124]: 172.20.0.100 - - [05/Dec/2025:17:39:09 +0000] "PUT /d1/591/AUTH_1410b985dbb7402dbae96bdb126dfd29/gnocchi.966d4a62-bac6-47b4-aa2b-1e1bc389e405/none_v3" 201 - "PUT http://localhost:8080/d1/806/AUTH_1410b985dbb7402dbae96bdb126dfd29/gnocchi.966d4a62-bac6-47b4-aa2b-1e1bc389e405/none_v3" "tx73ded83c03a24f2399f3a-00693318bd" "object-server 22" 0.0012 "-" 14 0
Dec 5 17:39:09 standalone object-server[123287]: 172.20.0.100 - - [05/Dec/2025:17:39:09 +0000] "PUT /d1/806/AUTH_1410b985dbb7402dbae96bdb126dfd29/gnocchi.966d4a62-bac6-47b4-aa2b-1e1bc389e405/none_v3" 201 - "PUT http://localhost:8080/v1/AUTH_1410b985dbb7402dbae96bdb126dfd29/gnocchi.966d4a62-bac6-47b4-aa2b-1e1bc389e405/none_v3" "tx73ded83c03a24f2399f3a-00693318bd" "proxy-server 21" 0.0135 "-" 22 0
Dec 5 17:39:09 standalone proxy-server[125058]: 172.18.0.2 ::1 05/Dec/2025/17/39/09 PUT /v1/AUTH_1410b985dbb7402dbae96bdb126dfd29/gnocchi.966d4a62-bac6-47b4-aa2b-1e1bc389e405/none_v3 HTTP/1.0 201 - python-swiftclient-3.11.1 gAAAAABpMxh7Zkfo... 22 - - tx73ded83c03a24f2399f3a-00693318bd - 0.0244 - - 1764956349.641327381 1764956349.665686131 0
Dec 5 17:41:12 standalone account-server[123080]: 172.20.0.100 - - [05/Dec/2025:17:41:12 +0000] "HEAD /d1/77/AUTH_1410b985dbb7402dbae96bdb126dfd29" 204 - "HEAD http://localhost:8080/v1/AUTH_1410b985dbb7402dbae96bdb126dfd29?format=json" "txd0234783501d40348e1dd-0069331938" "proxy-server 21" 0.0092 "-" 22 -
Dec 5 17:41:12 standalone proxy-server[125058]: - - 05/Dec/2025/17/41/12 HEAD /v1/AUTH_1410b985dbb7402dbae96bdb126dfd29%3Fformat%3Djson HTTP/1.0 204 - Swift - - - - txd0234783501d40348e1dd-0069331938 - 0.0204 RL - 1764956472.326203346 1764956472.346563339 -
Dec 5 17:41:12 standalone container-server[123128]: 172.20.0.100 - - [05/Dec/2025:17:41:12 +0000] "HEAD /d1/226/AUTH_1410b985dbb7402dbae96bdb126dfd29/gnocchi.17f23fda-e999-45fd-9b39-79e676ad4c97" 404 - "HEAD http://localhost:8080/v1/AUTH_1410b985dbb7402dbae96bdb126dfd29/gnocchi.17f23fda-e999-45fd-9b39-79e676ad4c97?format=json&states=listing" "txd0234783501d40348e1dd-0069331938" "proxy-server 21" 0.0006 "-" 15 0
Dec 5 17:41:12 standalone object-server[123290]: 172.20.0.100 - - [05/Dec/2025:17:41:12 +0000] "GET /d1/595/AUTH_1410b985dbb7402dbae96bdb126dfd29/gnocchi.17f23fda-e999-45fd-9b39-79e676ad4c97/none_v3" 404 70 "GET http://localhost:8080/v1/AUTH_1410b985dbb7402dbae96bdb126dfd29/gnocchi.17f23fda-e999-45fd-9b39-79e676ad4c97/none_v3" "txd0234783501d40348e1dd-0069331938" "proxy-server 21" 0.0006 "-" 25 0
Dec 5 17:41:12 standalone proxy-server[125058]: 172.18.0.2 ::1 05/Dec/2025/17/41/12 GET /v1/AUTH_1410b985dbb7402dbae96bdb126dfd29/gnocchi.17f23fda-e999-45fd-9b39-79e676ad4c97/none_v3 HTTP/1.0 404 - python-swiftclient-3.11.1 gAAAAABpMxh7Zkfo... - 70 - txd0234783501d40348e1dd-0069331938 - 0.0401 - - 1764956472.325509787 1764956472.365608454 0
Dec 5 17:41:12 standalone account-server[123071]: 172.20.0.100 - - [05/Dec/2025:17:41:12 +0000] "PUT /d1/77/AUTH_1410b985dbb7402dbae96bdb126dfd29/gnocchi.17f23fda-e999-45fd-9b39-79e676ad4c97" 201 - "PUT http://172.20.0.100:6001/d1/226/AUTH_1410b985dbb7402dbae96bdb126dfd29/gnocchi.17f23fda-e999-45fd-9b39-79e676ad4c97" "tx75acdc897c13484980fa3-0069331938" "container-server 14" 0.0011 "-" 20 0
Dec 5 17:41:12 standalone container-server[123124]: 172.20.0.100 - - [05/Dec/2025:17:41:12 +0000] "PUT /d1/226/AUTH_1410b985dbb7402dbae96bdb126dfd29/gnocchi.17f23fda-e999-45fd-9b39-79e676ad4c97" 201 - "PUT http://localhost:8080/v1/AUTH_1410b985dbb7402dbae96bdb126dfd29/gnocchi.17f23fda-e999-45fd-9b39-79e676ad4c97" "tx75acdc897c13484980fa3-0069331938" "proxy-server 21" 0.0107 "-" 14 0
Dec 5 17:41:12 standalone proxy-server[125058]: 172.18.0.2 ::1 05/Dec/2025/17/41/12 PUT /v1/AUTH_1410b985dbb7402dbae96bdb126dfd29/gnocchi.17f23fda-e999-45fd-9b39-79e676ad4c97 HTTP/1.0 201 - python-swiftclient-3.11.1 gAAAAABpMxh7Zkfo... - - - tx75acdc897c13484980fa3-0069331938 - 0.0193 - - 1764956472.368622541 1764956472.387920618 0
Dec 5 17:41:12 standalone container-server[123128]: 172.20.0.100 - - [05/Dec/2025:17:41:12 +0000] "HEAD /d1/226/AUTH_1410b985dbb7402dbae96bdb126dfd29/gnocchi.17f23fda-e999-45fd-9b39-79e676ad4c97" 204 - "HEAD http://localhost:8080/v1/AUTH_1410b985dbb7402dbae96bdb126dfd29/gnocchi.17f23fda-e999-45fd-9b39-79e676ad4c97?format=json&states=listing" "txf5108c699e90443f87088-0069331938" "proxy-server 21" 0.0012 "-" 15 0
Dec 5 17:41:12 standalone proxy-server[125058]: - - 05/Dec/2025/17/41/12 HEAD /v1/AUTH_1410b985dbb7402dbae96bdb126dfd29/gnocchi.17f23fda-e999-45fd-9b39-79e676ad4c97%3Fformat%3Djson%26states%3Dlisting HTTP/1.0 204 - Swift - - - - txf5108c699e90443f87088-0069331938 - 0.0063 RL - 1764956472.395202875 1764956472.401533127 0
Dec 5 17:41:12 standalone container-server[123128]: 172.20.0.100 - - [05/Dec/2025:17:41:12 +0000] "GET /d1/226/AUTH_1410b985dbb7402dbae96bdb126dfd29/gnocchi.17f23fda-e999-45fd-9b39-79e676ad4c97" 200 2 "GET http://localhost:8080/v1/AUTH_1410b985dbb7402dbae96bdb126dfd29/gnocchi.17f23fda-e999-45fd-9b39-79e676ad4c97?format=json&states=listing" "txf5108c699e90443f87088-0069331938" "proxy-server 21" 0.0022 "-" 15 0
Dec 5 17:41:12 standalone proxy-server[125058]: 172.18.0.2 ::1 05/Dec/2025/17/41/12 GET /v1/AUTH_1410b985dbb7402dbae96bdb126dfd29/gnocchi.17f23fda-e999-45fd-9b39-79e676ad4c97%3Fformat%3Djson%26states%3Dlisting HTTP/1.0 200 - python-swiftclient-3.11.1 gAAAAABpMxh7Zkfo... - 2 - txf5108c699e90443f87088-0069331938 - 0.0168 - - 1764956472.392878771 1764956472.409665346 0
Dec 5 17:41:12 standalone object-server[123287]: 172.20.0.100 - - [05/Dec/2025:17:41:12 +0000] "GET /d1/526/AUTH_1410b985dbb7402dbae96bdb126dfd29/gnocchi.17f23fda-e999-45fd-9b39-79e676ad4c97/1764720000.0_mean_300.0_v3" 404 70 "GET http://localhost:8080/v1/AUTH_1410b985dbb7402dbae96bdb126dfd29/gnocchi.17f23fda-e999-45fd-9b39-79e676ad4c97/1764720000.0_mean_300.0_v3" "tx5bfa51f266674d9db9cd4-0069331938" "proxy-server 21" 0.0003 "-" 22 0
Dec 5 17:41:12 standalone proxy-server[125058]: 172.18.0.2 ::1 05/Dec/2025/17/41/12 GET /v1/AUTH_1410b985dbb7402dbae96bdb126dfd29/gnocchi.17f23fda-e999-45fd-9b39-79e676ad4c97/1764720000.0_mean_300.0_v3 HTTP/1.0 404 - python-swiftclient-3.11.1 gAAAAABpMxh7Zkfo... - 70 - tx5bfa51f266674d9db9cd4-0069331938 - 0.0059 - - 1764956472.418076992 1764956472.423979998 0
Dec 5 17:41:12 standalone container-server[123146]: 172.20.0.100 - - [05/Dec/2025:17:41:12 +0000] "PUT /d1/226/AUTH_1410b985dbb7402dbae96bdb126dfd29/gnocchi.17f23fda-e999-45fd-9b39-79e676ad4c97/1764720000.0_mean_300.0_v3" 201 - "PUT http://localhost:8080/d1/526/AUTH_1410b985dbb7402dbae96bdb126dfd29/gnocchi.17f23fda-e999-45fd-9b39-79e676ad4c97/1764720000.0_mean_300.0_v3" "txcfab78cc65ce4c6ab065d-0069331938" "object-server 25" 0.0010 "-" 17 0
Dec 5 17:41:12 standalone object-server[123290]: 172.20.0.100 - - [05/Dec/2025:17:41:12 +0000] "PUT /d1/526/AUTH_1410b985dbb7402dbae96bdb126dfd29/gnocchi.17f23fda-e999-45fd-9b39-79e676ad4c97/1764720000.0_mean_300.0_v3" 201 - "PUT http://localhost:8080/v1/AUTH_1410b985dbb7402dbae96bdb126dfd29/gnocchi.17f23fda-e999-45fd-9b39-79e676ad4c97/1764720000.0_mean_300.0_v3" "txcfab78cc65ce4c6ab065d-0069331938" "proxy-server 21" 0.0197 "-" 25 0
Dec 5 17:41:12 standalone proxy-server[125058]: 172.18.0.2 ::1 05/Dec/2025/17/41/12 PUT /v1/AUTH_1410b985dbb7402dbae96bdb126dfd29/gnocchi.17f23fda-e999-45fd-9b39-79e676ad4c97/1764720000.0_mean_300.0_v3 HTTP/1.0 201 - python-swiftclient-3.11.1 gAAAAABpMxh7Zkfo... 16 - - txcfab78cc65ce4c6ab065d-0069331938 - 0.0274 - - 1764956472.429243088 1764956472.456656218 0
Dec 5 17:41:12 standalone container-server[123146]: 172.20.0.100 - - [05/Dec/2025:17:41:12 +0000] "PUT /d1/226/AUTH_1410b985dbb7402dbae96bdb126dfd29/gnocchi.17f23fda-e999-45fd-9b39-79e676ad4c97/none_v3" 201 - "PUT http://localhost:8080/d1/595/AUTH_1410b985dbb7402dbae96bdb126dfd29/gnocchi.17f23fda-e999-45fd-9b39-79e676ad4c97/none_v3" "txa6638e4343134acb91b51-0069331938" "object-server 25" 0.0007 "-" 17 0
Dec 5 17:41:12 standalone object-server[123290]: 172.20.0.100 - - [05/Dec/2025:17:41:12 +0000] "PUT /d1/595/AUTH_1410b985dbb7402dbae96bdb126dfd29/gnocchi.17f23fda-e999-45fd-9b39-79e676ad4c97/none_v3" 201 - "PUT http://localhost:8080/v1/AUTH_1410b985dbb7402dbae96bdb126dfd29/gnocchi.17f23fda-e999-45fd-9b39-79e676ad4c97/none_v3" "txa6638e4343134acb91b51-0069331938" "proxy-server 21" 0.0096 "-" 25 0
Dec 5 17:41:12 standalone proxy-server[125058]: 172.18.0.2 ::1 05/Dec/2025/17/41/12 PUT /v1/AUTH_1410b985dbb7402dbae96bdb126dfd29/gnocchi.17f23fda-e999-45fd-9b39-79e676ad4c97/none_v3 HTTP/1.0 201 - python-swiftclient-3.11.1 gAAAAABpMxh7Zkfo... 22 - - txa6638e4343134acb91b51-0069331938 - 0.0137 - - 1764956472.460710764 1764956472.474399567 0
Dec 5 17:41:12 standalone container-server[123146]: 172.20.0.100 - - [05/Dec/2025:17:41:12 +0000] "HEAD /d1/285/AUTH_1410b985dbb7402dbae96bdb126dfd29/gnocchi.84363ad4-921d-4f4a-8bcf-2a48af129981" 404 - "HEAD http://localhost:8080/v1/AUTH_1410b985dbb7402dbae96bdb126dfd29/gnocchi.84363ad4-921d-4f4a-8bcf-2a48af129981?format=json&states=listing" "tx950e577befb94201af66e-0069331938" "proxy-server 21" 0.0006 "-" 17 0
Dec 5 17:41:12 standalone object-server[123290]: 172.20.0.100 - - [05/Dec/2025:17:41:12 +0000] "GET /d1/593/AUTH_1410b985dbb7402dbae96bdb126dfd29/gnocchi.84363ad4-921d-4f4a-8bcf-2a48af129981/none_v3" 404 70 "GET http://localhost:8080/v1/AUTH_1410b985dbb7402dbae96bdb126dfd29/gnocchi.84363ad4-921d-4f4a-8bcf-2a48af129981/none_v3" "tx950e577befb94201af66e-0069331938" "proxy-server 21" 0.0004 "-" 25 0
Dec 5 17:41:12 standalone proxy-server[125058]: 172.18.0.2 ::1 05/Dec/2025/17/41/12 GET /v1/AUTH_1410b985dbb7402dbae96bdb126dfd29/gnocchi.84363ad4-921d-4f4a-8bcf-2a48af129981/none_v3 HTTP/1.0 404 - python-swiftclient-3.11.1 gAAAAABpMxh7Zkfo... - 70 - tx950e577befb94201af66e-0069331938 - 0.0093 - - 1764956472.485971928 1764956472.495305538 0
Dec 5 17:41:12 standalone account-server[123096]: 172.20.0.100 - - [05/Dec/2025:17:41:12 +0000] "PUT /d1/77/AUTH_1410b985dbb7402dbae96bdb126dfd29/gnocchi.84363ad4-921d-4f4a-8bcf-2a48af129981" 201 - "PUT http://172.20.0.100:6001/d1/285/AUTH_1410b985dbb7402dbae96bdb126dfd29/gnocchi.84363ad4-921d-4f4a-8bcf-2a48af129981" "txe9fc0cee9c96459294b17-0069331938" "container-server 16" 0.0065 "-" 23 0
Dec 5 17:41:12 standalone container-server[123132]: 172.20.0.100 - - [05/Dec/2025:17:41:12 +0000] "PUT /d1/285/AUTH_1410b985dbb7402dbae96bdb126dfd29/gnocchi.84363ad4-921d-4f4a-8bcf-2a48af129981" 201 - "PUT http://localhost:8080/v1/AUTH_1410b985dbb7402dbae96bdb126dfd29/gnocchi.84363ad4-921d-4f4a-8bcf-2a48af129981" "txe9fc0cee9c96459294b17-0069331938" "proxy-server 21" 0.0181 "-" 16 0
Dec 5 17:41:12 standalone proxy-server[125058]: 172.18.0.2 ::1 05/Dec/2025/17/41/12 PUT /v1/AUTH_1410b985dbb7402dbae96bdb126dfd29/gnocchi.84363ad4-921d-4f4a-8bcf-2a48af129981 HTTP/1.0 201 - python-swiftclient-3.11.1 gAAAAABpMxh7Zkfo... - - - txe9fc0cee9c96459294b17-0069331938 - 0.0217 - - 1764956472.498143435 1764956472.519800425 0
Dec 5 17:41:12 standalone container-server[123146]: 172.20.0.100 - - [05/Dec/2025:17:41:12 +0000] "HEAD /d1/285/AUTH_1410b985dbb7402dbae96bdb126dfd29/gnocchi.84363ad4-921d-4f4a-8bcf-2a48af129981" 204 - "HEAD http://localhost:8080/v1/AUTH_1410b985dbb7402dbae96bdb126dfd29/gnocchi.84363ad4-921d-4f4a-8bcf-2a48af129981?format=json&states=listing" "txe098e69b7e1441ee89778-0069331938" "proxy-server 21" 0.0028 "-" 17 0
Dec 5 17:41:12 standalone proxy-server[125058]: - - 05/Dec/2025/17/41/12 HEAD /v1/AUTH_1410b985dbb7402dbae96bdb126dfd29/gnocchi.84363ad4-921d-4f4a-8bcf-2a48af129981%3Fformat%3Djson%26states%3Dlisting HTTP/1.0 204 - Swift - - - - txe098e69b7e1441ee89778-0069331938 - 0.0064 RL - 1764956472.524678946 1764956472.531093597 0
Dec 5 17:41:12 standalone container-server[123132]: 172.20.0.100 - - [05/Dec/2025:17:41:12 +0000] "GET /d1/285/AUTH_1410b985dbb7402dbae96bdb126dfd29/gnocchi.84363ad4-921d-4f4a-8bcf-2a48af129981" 200 2 "GET http://localhost:8080/v1/AUTH_1410b985dbb7402dbae96bdb126dfd29/gnocchi.84363ad4-921d-4f4a-8bcf-2a48af129981?format=json&states=listing" "txe098e69b7e1441ee89778-0069331938" "proxy-server 21" 0.0018 "-" 16 0
Dec 5 17:41:12 standalone proxy-server[125058]: 172.18.0.2 ::1 05/Dec/2025/17/41/12 GET /v1/AUTH_1410b985dbb7402dbae96bdb126dfd29/gnocchi.84363ad4-921d-4f4a-8bcf-2a48af129981%3Fformat%3Djson%26states%3Dlisting HTTP/1.0 200 - python-swiftclient-3.11.1 gAAAAABpMxh7Zkfo... - 2 - txe098e69b7e1441ee89778-0069331938 - 0.0134 - - 1764956472.523753166 1764956472.537115574 0
Dec 5 17:41:12 standalone object-server[123287]: 172.20.0.100 - - [05/Dec/2025:17:41:12 +0000] "GET /d1/1021/AUTH_1410b985dbb7402dbae96bdb126dfd29/gnocchi.84363ad4-921d-4f4a-8bcf-2a48af129981/1764720000.0_mean_300.0_v3" 404 70 "GET http://localhost:8080/v1/AUTH_1410b985dbb7402dbae96bdb126dfd29/gnocchi.84363ad4-921d-4f4a-8bcf-2a48af129981/1764720000.0_mean_300.0_v3" "txf5f658aabe7d44e79d7eb-0069331938" "proxy-server 21" 0.0003 "-" 22 0
Dec 5 17:41:12 standalone proxy-server[125058]: 172.18.0.2 ::1 05/Dec/2025/17/41/12 GET /v1/AUTH_1410b985dbb7402dbae96bdb126dfd29/gnocchi.84363ad4-921d-4f4a-8bcf-2a48af129981/1764720000.0_mean_300.0_v3 HTTP/1.0 404 - python-swiftclient-3.11.1 gAAAAABpMxh7Zkfo... - 70 - txf5f658aabe7d44e79d7eb-0069331938 - 0.0039 - - 1764956472.540146828 1764956472.544037580 0
Dec 5 17:41:12 standalone container-server[123132]: 172.20.0.100 - - [05/Dec/2025:17:41:12 +0000] "PUT /d1/285/AUTH_1410b985dbb7402dbae96bdb126dfd29/gnocchi.84363ad4-921d-4f4a-8bcf-2a48af129981/1764720000.0_mean_300.0_v3" 201 - "PUT http://localhost:8080/d1/1021/AUTH_1410b985dbb7402dbae96bdb126dfd29/gnocchi.84363ad4-921d-4f4a-8bcf-2a48af129981/1764720000.0_mean_300.0_v3" "txa991ac7a9da7472f88a7f-0069331938" "object-server 24" 0.0008 "-" 16 0
Dec 5 17:41:12 standalone object-server[123289]: 172.20.0.100 - - [05/Dec/2025:17:41:12 +0000] "PUT /d1/1021/AUTH_1410b985dbb7402dbae96bdb126dfd29/gnocchi.84363ad4-921d-4f4a-8bcf-2a48af129981/1764720000.0_mean_300.0_v3" 201 - "PUT http://localhost:8080/v1/AUTH_1410b985dbb7402dbae96bdb126dfd29/gnocchi.84363ad4-921d-4f4a-8bcf-2a48af129981/1764720000.0_mean_300.0_v3" "txa991ac7a9da7472f88a7f-0069331938" "proxy-server 21" 0.0085 "-" 24 0
Dec 5 17:41:12 standalone proxy-server[125058]: 172.18.0.2 ::1 05/Dec/2025/17/41/12 PUT /v1/AUTH_1410b985dbb7402dbae96bdb126dfd29/gnocchi.84363ad4-921d-4f4a-8bcf-2a48af129981/1764720000.0_mean_300.0_v3 HTTP/1.0 201 - python-swiftclient-3.11.1 gAAAAABpMxh7Zkfo... 16 - - txa991ac7a9da7472f88a7f-0069331938 - 0.0152 - - 1764956472.546100140 1764956472.561296940 0
Dec 5 17:41:12 standalone container-server[123124]: 172.20.0.100 - - [05/Dec/2025:17:41:12 +0000] "PUT /d1/285/AUTH_1410b985dbb7402dbae96bdb126dfd29/gnocchi.84363ad4-921d-4f4a-8bcf-2a48af129981/none_v3" 201 - "PUT http://localhost:8080/d1/593/AUTH_1410b985dbb7402dbae96bdb126dfd29/gnocchi.84363ad4-921d-4f4a-8bcf-2a48af129981/none_v3" "tx1adf6fd5b4ac45babb887-0069331938" "object-server 23" 0.0039 "-" 14 0
Dec 5 17:41:12 standalone object-server[123288]: 172.20.0.100 - - [05/Dec/2025:17:41:12 +0000] "PUT /d1/593/AUTH_1410b985dbb7402dbae96bdb126dfd29/gnocchi.84363ad4-921d-4f4a-8bcf-2a48af129981/none_v3" 201 - "PUT http://localhost:8080/v1/AUTH_1410b985dbb7402dbae96bdb126dfd29/gnocchi.84363ad4-921d-4f4a-8bcf-2a48af129981/none_v3" "tx1adf6fd5b4ac45babb887-0069331938" "proxy-server 21" 0.0109 "-" 23 0
Dec 5 17:41:12 standalone proxy-server[125058]: 172.18.0.2 ::1 05/Dec/2025/17/41/12 PUT /v1/AUTH_1410b985dbb7402dbae96bdb126dfd29/gnocchi.84363ad4-921d-4f4a-8bcf-2a48af129981/none_v3 HTTP/1.0 201 - python-swiftclient-3.11.1 gAAAAABpMxh7Zkfo... 22 - - tx1adf6fd5b4ac45babb887-0069331938 - 0.0168 - - 1764956472.563350201 1764956472.580167770 0
Dec 5 17:41:12 standalone container-server[123146]: 172.20.0.100 - - [05/Dec/2025:17:41:12 +0000] "HEAD /d1/885/AUTH_1410b985dbb7402dbae96bdb126dfd29/gnocchi.9c0d1323-85cb-4d42-b448-c451a750fa4f" 404 - "HEAD http://localhost:8080/v1/AUTH_1410b985dbb7402dbae96bdb126dfd29/gnocchi.9c0d1323-85cb-4d42-b448-c451a750fa4f?format=json&states=listing" "tx66f1a75fe59e4b46b2251-0069331938" "proxy-server 21" 0.0006 "-" 17 0
Dec 5 17:41:12 standalone object-server[123290]: 172.20.0.100 - - [05/Dec/2025:17:41:12 +0000] "GET /d1/832/AUTH_1410b985dbb7402dbae96bdb126dfd29/gnocchi.9c0d1323-85cb-4d42-b448-c451a750fa4f/none_v3" 404 70 "GET http://localhost:8080/v1/AUTH_1410b985dbb7402dbae96bdb126dfd29/gnocchi.9c0d1323-85cb-4d42-b448-c451a750fa4f/none_v3" "tx66f1a75fe59e4b46b2251-0069331938" "proxy-server 21" 0.0003 "-" 25 0
Dec 5 17:41:12 standalone proxy-server[125058]: 172.18.0.2 ::1 05/Dec/2025/17/41/12 GET /v1/AUTH_1410b985dbb7402dbae96bdb126dfd29/gnocchi.9c0d1323-85cb-4d42-b448-c451a750fa4f/none_v3 HTTP/1.0 404 - python-swiftclient-3.11.1 gAAAAABpMxh7Zkfo... - 70 - tx66f1a75fe59e4b46b2251-0069331938 - 0.0085 - - 1764956472.590623856 1764956472.599101543 0
Dec 5 17:41:12 standalone account-server[123071]: 172.20.0.100 - - [05/Dec/2025:17:41:12 +0000] "PUT /d1/77/AUTH_1410b985dbb7402dbae96bdb126dfd29/gnocchi.9c0d1323-85cb-4d42-b448-c451a750fa4f" 201 - "PUT http://172.20.0.100:6001/d1/885/AUTH_1410b985dbb7402dbae96bdb126dfd29/gnocchi.9c0d1323-85cb-4d42-b448-c451a750fa4f" "txe72a6717ff554ef28e0d9-0069331938" "container-server 15" 0.0045 "-" 20 0
Dec 5 17:41:12 standalone container-server[123128]: 172.20.0.100 - - [05/Dec/2025:17:41:12 +0000] "PUT /d1/885/AUTH_1410b985dbb7402dbae96bdb126dfd29/gnocchi.9c0d1323-85cb-4d42-b448-c451a750fa4f" 201 - "PUT http://localhost:8080/v1/AUTH_1410b985dbb7402dbae96bdb126dfd29/gnocchi.9c0d1323-85cb-4d42-b448-c451a750fa4f" "txe72a6717ff554ef28e0d9-0069331938" "proxy-server 21" 0.0146 "-" 15 0
Dec 5 17:41:12 standalone proxy-server[125058]: 172.18.0.2 ::1 05/Dec/2025/17/41/12 PUT /v1/AUTH_1410b985dbb7402dbae96bdb126dfd29/gnocchi.9c0d1323-85cb-4d42-b448-c451a750fa4f HTTP/1.0 201 - python-swiftclient-3.11.1 gAAAAABpMxh7Zkfo... - - - txe72a6717ff554ef28e0d9-0069331938 - 0.0190 - - 1764956472.601337194 1764956472.620373011 0
Dec 5 17:41:12 standalone container-server[123132]: 172.20.0.100 - - [05/Dec/2025:17:41:12 +0000] "HEAD /d1/38/AUTH_1410b985dbb7402dbae96bdb126dfd29/gnocchi.f96c47d7-7679-4a03-ae2b-7c0918c2bd4f" 404 - "HEAD http://localhost:8080/v1/AUTH_1410b985dbb7402dbae96bdb126dfd29/gnocchi.f96c47d7-7679-4a03-ae2b-7c0918c2bd4f?format=json&states=listing" "tx4d2167d2d767453d9f6d0-0069331938" "proxy-server 21" 0.0003 "-" 16 0
Dec 5 17:41:12 standalone object-server[123289]: 172.20.0.100 - - [05/Dec/2025:17:41:12 +0000] "GET /d1/630/AUTH_1410b985dbb7402dbae96bdb126dfd29/gnocchi.f96c47d7-7679-4a03-ae2b-7c0918c2bd4f/none_v3" 404 70 "GET http://localhost:8080/v1/AUTH_1410b985dbb7402dbae96bdb126dfd29/gnocchi.f96c47d7-7679-4a03-ae2b-7c0918c2bd4f/none_v3" "tx4d2167d2d767453d9f6d0-0069331938" "proxy-server 21" 0.0004 "-" 24 0
