Dec 5 17:41:12 standalone proxy-server[125058]: 172.18.0.2 ::1 05/Dec/2025/17/41/12 GET /v1/AUTH_1410b985dbb7402dbae96bdb126dfd29/gnocchi.f96c47d7-7679-4a03-ae2b-7c0918c2bd4f/none_v3 HTTP/1.0 404 - python-swiftclient-3.11.1 gAAAAABpMxh7Zkfo... - 70 - tx4d2167d2d767453d9f6d0-0069331938 - 0.0077 - - 1764956472.623696327 1764956472.631374598 0
Dec 5 17:41:12 standalone account-server[123096]: 172.20.0.100 - - [05/Dec/2025:17:41:12 +0000] "PUT /d1/77/AUTH_1410b985dbb7402dbae96bdb126dfd29/gnocchi.f96c47d7-7679-4a03-ae2b-7c0918c2bd4f" 201 - "PUT http://172.20.0.100:6001/d1/38/AUTH_1410b985dbb7402dbae96bdb126dfd29/gnocchi.f96c47d7-7679-4a03-ae2b-7c0918c2bd4f" "txdb6b5c575aab424fa3331-0069331938" "container-server 15" 0.0046 "-" 23 0
Dec 5 17:41:12 standalone container-server[123128]: 172.20.0.100 - - [05/Dec/2025:17:41:12 +0000] "PUT /d1/38/AUTH_1410b985dbb7402dbae96bdb126dfd29/gnocchi.f96c47d7-7679-4a03-ae2b-7c0918c2bd4f" 201 - "PUT http://localhost:8080/v1/AUTH_1410b985dbb7402dbae96bdb126dfd29/gnocchi.f96c47d7-7679-4a03-ae2b-7c0918c2bd4f" "txdb6b5c575aab424fa3331-0069331938" "proxy-server 21" 0.0156 "-" 15 0
Dec 5 17:41:12 standalone proxy-server[125058]: 172.18.0.2 ::1 05/Dec/2025/17/41/12 PUT /v1/AUTH_1410b985dbb7402dbae96bdb126dfd29/gnocchi.f96c47d7-7679-4a03-ae2b-7c0918c2bd4f HTTP/1.0 201 - python-swiftclient-3.11.1 gAAAAABpMxh7Zkfo... - - - txdb6b5c575aab424fa3331-0069331938 - 0.0199 - - 1764956472.633775711 1764956472.653639078 0
Dec 5 17:41:12 standalone container-server[123132]: 172.20.0.100 - - [05/Dec/2025:17:41:12 +0000] "HEAD /d1/885/AUTH_1410b985dbb7402dbae96bdb126dfd29/gnocchi.9c0d1323-85cb-4d42-b448-c451a750fa4f" 204 - "HEAD http://localhost:8080/v1/AUTH_1410b985dbb7402dbae96bdb126dfd29/gnocchi.9c0d1323-85cb-4d42-b448-c451a750fa4f?format=json&states=listing" "txf693a14a3dc64591929c4-0069331938" "proxy-server 21" 0.0013 "-" 16 0
Dec 5 17:41:12 standalone proxy-server[125058]: - - 05/Dec/2025/17/41/12 HEAD /v1/AUTH_1410b985dbb7402dbae96bdb126dfd29/gnocchi.9c0d1323-85cb-4d42-b448-c451a750fa4f%3Fformat%3Djson%26states%3Dlisting HTTP/1.0 204 - Swift - - - - txf693a14a3dc64591929c4-0069331938 - 0.0044 RL - 1764956472.662222147 1764956472.666654825 0
Dec 5 17:41:12 standalone container-server[123128]: 172.20.0.100 - - [05/Dec/2025:17:41:12 +0000] "GET /d1/885/AUTH_1410b985dbb7402dbae96bdb126dfd29/gnocchi.9c0d1323-85cb-4d42-b448-c451a750fa4f" 200 2 "GET http://localhost:8080/v1/AUTH_1410b985dbb7402dbae96bdb126dfd29/gnocchi.9c0d1323-85cb-4d42-b448-c451a750fa4f?format=json&states=listing" "txf693a14a3dc64591929c4-0069331938" "proxy-server 21" 0.0027 "-" 15 0
Dec 5 17:41:12 standalone proxy-server[125058]: 172.18.0.2 ::1 05/Dec/2025/17/41/12 GET /v1/AUTH_1410b985dbb7402dbae96bdb126dfd29/gnocchi.9c0d1323-85cb-4d42-b448-c451a750fa4f%3Fformat%3Djson%26states%3Dlisting HTTP/1.0 200 - python-swiftclient-3.11.1 gAAAAABpMxh7Zkfo... - 2 - txf693a14a3dc64591929c4-0069331938 - 0.0133 - - 1764956472.661144495 1764956472.674401283 0
Dec 5 17:41:12 standalone container-server[123124]: 172.20.0.100 - - [05/Dec/2025:17:41:12 +0000] "HEAD /d1/38/AUTH_1410b985dbb7402dbae96bdb126dfd29/gnocchi.f96c47d7-7679-4a03-ae2b-7c0918c2bd4f" 204 - "HEAD http://localhost:8080/v1/AUTH_1410b985dbb7402dbae96bdb126dfd29/gnocchi.f96c47d7-7679-4a03-ae2b-7c0918c2bd4f?format=json&states=listing" "txf38016d9b6c246d8a04ce-0069331938" "proxy-server 21" 0.0011 "-" 14 0
Dec 5 17:41:12 standalone proxy-server[125058]: - - 05/Dec/2025/17/41/12 HEAD /v1/AUTH_1410b985dbb7402dbae96bdb126dfd29/gnocchi.f96c47d7-7679-4a03-ae2b-7c0918c2bd4f%3Fformat%3Djson%26states%3Dlisting HTTP/1.0 204 - Swift - - - - txf38016d9b6c246d8a04ce-0069331938 - 0.0045 RL - 1764956472.679696798 1764956472.684193850 0
Dec 5 17:41:12 standalone container-server[123132]: 172.20.0.100 - - [05/Dec/2025:17:41:12 +0000] "GET /d1/38/AUTH_1410b985dbb7402dbae96bdb126dfd29/gnocchi.f96c47d7-7679-4a03-ae2b-7c0918c2bd4f" 200 2 "GET http://localhost:8080/v1/AUTH_1410b985dbb7402dbae96bdb126dfd29/gnocchi.f96c47d7-7679-4a03-ae2b-7c0918c2bd4f?format=json&states=listing" "txf38016d9b6c246d8a04ce-0069331938" "proxy-server 21" 0.0019 "-" 16 0
Dec 5 17:41:12 standalone proxy-server[125058]: 172.18.0.2 ::1 05/Dec/2025/17/41/12 GET /v1/AUTH_1410b985dbb7402dbae96bdb126dfd29/gnocchi.f96c47d7-7679-4a03-ae2b-7c0918c2bd4f%3Fformat%3Djson%26states%3Dlisting HTTP/1.0 200 - python-swiftclient-3.11.1 gAAAAABpMxh7Zkfo... - 2 - txf38016d9b6c246d8a04ce-0069331938 - 0.0136 - - 1764956472.678862572 1764956472.692417622 0
Dec 5 17:41:12 standalone object-server[123288]: 172.20.0.100 - - [05/Dec/2025:17:41:12 +0000] "GET /d1/708/AUTH_1410b985dbb7402dbae96bdb126dfd29/gnocchi.9c0d1323-85cb-4d42-b448-c451a750fa4f/1764720000.0_mean_300.0_v3" 404 70 "GET http://localhost:8080/v1/AUTH_1410b985dbb7402dbae96bdb126dfd29/gnocchi.9c0d1323-85cb-4d42-b448-c451a750fa4f/1764720000.0_mean_300.0_v3" "txea8d7a4b987c4cab9cc00-0069331938" "proxy-server 21" 0.0003 "-" 23 0
Dec 5 17:41:12 standalone proxy-server[125058]: 172.18.0.2 ::1 05/Dec/2025/17/41/12 GET /v1/AUTH_1410b985dbb7402dbae96bdb126dfd29/gnocchi.9c0d1323-85cb-4d42-b448-c451a750fa4f/1764720000.0_mean_300.0_v3 HTTP/1.0 404 - python-swiftclient-3.11.1 gAAAAABpMxh7Zkfo... - 70 - txea8d7a4b987c4cab9cc00-0069331938 - 0.0052 - - 1764956472.696935177 1764956472.702160358 0
Dec 5 17:41:12 standalone object-server[123289]: 172.20.0.100 - - [05/Dec/2025:17:41:12 +0000] "GET /d1/328/AUTH_1410b985dbb7402dbae96bdb126dfd29/gnocchi.f96c47d7-7679-4a03-ae2b-7c0918c2bd4f/1764720000.0_mean_300.0_v3" 404 70 "GET http://localhost:8080/v1/AUTH_1410b985dbb7402dbae96bdb126dfd29/gnocchi.f96c47d7-7679-4a03-ae2b-7c0918c2bd4f/1764720000.0_mean_300.0_v3" "tx7732619d26514dc9afb78-0069331938" "proxy-server 21" 0.0003 "-" 24 0
Dec 5 17:41:12 standalone proxy-server[125058]: 172.18.0.2 ::1 05/Dec/2025/17/41/12 GET /v1/AUTH_1410b985dbb7402dbae96bdb126dfd29/gnocchi.f96c47d7-7679-4a03-ae2b-7c0918c2bd4f/1764720000.0_mean_300.0_v3 HTTP/1.0 404 - python-swiftclient-3.11.1 gAAAAABpMxh7Zkfo... - 70 - tx7732619d26514dc9afb78-0069331938 - 0.0042 - - 1764956472.704914331 1764956472.709101915 0
Dec 5 17:41:12 standalone container-server[123132]: 172.20.0.100 - - [05/Dec/2025:17:41:12 +0000] "PUT /d1/885/AUTH_1410b985dbb7402dbae96bdb126dfd29/gnocchi.9c0d1323-85cb-4d42-b448-c451a750fa4f/1764720000.0_mean_300.0_v3" 201 - "PUT http://localhost:8080/d1/708/AUTH_1410b985dbb7402dbae96bdb126dfd29/gnocchi.9c0d1323-85cb-4d42-b448-c451a750fa4f/1764720000.0_mean_300.0_v3" "txae345f17119d46ba843ef-0069331938" "object-server 25" 0.0005 "-" 16 0
Dec 5 17:41:12 standalone object-server[123290]: 172.20.0.100 - - [05/Dec/2025:17:41:12 +0000] "PUT /d1/708/AUTH_1410b985dbb7402dbae96bdb126dfd29/gnocchi.9c0d1323-85cb-4d42-b448-c451a750fa4f/1764720000.0_mean_300.0_v3" 201 - "PUT http://localhost:8080/v1/AUTH_1410b985dbb7402dbae96bdb126dfd29/gnocchi.9c0d1323-85cb-4d42-b448-c451a750fa4f/1764720000.0_mean_300.0_v3" "txae345f17119d46ba843ef-0069331938" "proxy-server 21" 0.0090 "-" 25 0
Dec 5 17:41:12 standalone proxy-server[125058]: 172.18.0.2 ::1 05/Dec/2025/17/41/12 PUT /v1/AUTH_1410b985dbb7402dbae96bdb126dfd29/gnocchi.9c0d1323-85cb-4d42-b448-c451a750fa4f/1764720000.0_mean_300.0_v3 HTTP/1.0 201 - python-swiftclient-3.11.1 gAAAAABpMxh7Zkfo... 16 - - txae345f17119d46ba843ef-0069331938 - 0.0133 - - 1764956472.712375879 1764956472.725713491 0
Dec 5 17:41:12 standalone container-server[123132]: 172.20.0.100 - - [05/Dec/2025:17:41:12 +0000] "PUT /d1/38/AUTH_1410b985dbb7402dbae96bdb126dfd29/gnocchi.f96c47d7-7679-4a03-ae2b-7c0918c2bd4f/1764720000.0_mean_300.0_v3" 201 - "PUT http://localhost:8080/d1/328/AUTH_1410b985dbb7402dbae96bdb126dfd29/gnocchi.f96c47d7-7679-4a03-ae2b-7c0918c2bd4f/1764720000.0_mean_300.0_v3" "tx5e4ceded8c17403aa1fd6-0069331938" "object-server 24" 0.0007 "-" 16 0
Dec 5 17:41:12 standalone object-server[123289]: 172.20.0.100 - - [05/Dec/2025:17:41:12 +0000] "PUT /d1/328/AUTH_1410b985dbb7402dbae96bdb126dfd29/gnocchi.f96c47d7-7679-4a03-ae2b-7c0918c2bd4f/1764720000.0_mean_300.0_v3" 201 - "PUT http://localhost:8080/v1/AUTH_1410b985dbb7402dbae96bdb126dfd29/gnocchi.f96c47d7-7679-4a03-ae2b-7c0918c2bd4f/1764720000.0_mean_300.0_v3" "tx5e4ceded8c17403aa1fd6-0069331938" "proxy-server 21" 0.0098 "-" 24 0
Dec 5 17:41:12 standalone proxy-server[125058]: 172.18.0.2 ::1 05/Dec/2025/17/41/12 PUT /v1/AUTH_1410b985dbb7402dbae96bdb126dfd29/gnocchi.f96c47d7-7679-4a03-ae2b-7c0918c2bd4f/1764720000.0_mean_300.0_v3 HTTP/1.0 201 - python-swiftclient-3.11.1 gAAAAABpMxh7Zkfo... 16 - - tx5e4ceded8c17403aa1fd6-0069331938 - 0.0145 - - 1764956472.728852987 1764956472.743312120 0
Dec 5 17:41:12 standalone container-server[123146]: 172.20.0.100 - - [05/Dec/2025:17:41:12 +0000] "PUT /d1/885/AUTH_1410b985dbb7402dbae96bdb126dfd29/gnocchi.9c0d1323-85cb-4d42-b448-c451a750fa4f/none_v3" 201 - "PUT http://localhost:8080/d1/832/AUTH_1410b985dbb7402dbae96bdb126dfd29/gnocchi.9c0d1323-85cb-4d42-b448-c451a750fa4f/none_v3" "tx56d2ea72364f40478c230-0069331938" "object-server 25" 0.0011 "-" 17 0
Dec 5 17:41:12 standalone object-server[123290]: 172.20.0.100 - - [05/Dec/2025:17:41:12 +0000] "PUT /d1/832/AUTH_1410b985dbb7402dbae96bdb126dfd29/gnocchi.9c0d1323-85cb-4d42-b448-c451a750fa4f/none_v3" 201 - "PUT http://localhost:8080/v1/AUTH_1410b985dbb7402dbae96bdb126dfd29/gnocchi.9c0d1323-85cb-4d42-b448-c451a750fa4f/none_v3" "tx56d2ea72364f40478c230-0069331938" "proxy-server 21" 0.0113 "-" 25 0
Dec 5 17:41:12 standalone proxy-server[125058]: 172.18.0.2 ::1 05/Dec/2025/17/41/12 PUT /v1/AUTH_1410b985dbb7402dbae96bdb126dfd29/gnocchi.9c0d1323-85cb-4d42-b448-c451a750fa4f/none_v3 HTTP/1.0 201 - python-swiftclient-3.11.1 gAAAAABpMxh7Zkfo... 22 - - tx56d2ea72364f40478c230-0069331938 - 0.0205 - - 1764956472.747493029 1764956472.767951965 0
Dec 5 17:41:12 standalone container-server[123146]: 172.20.0.100 - - [05/Dec/2025:17:41:12 +0000] "PUT /d1/38/AUTH_1410b985dbb7402dbae96bdb126dfd29/gnocchi.f96c47d7-7679-4a03-ae2b-7c0918c2bd4f/none_v3" 201 - "PUT http://localhost:8080/d1/630/AUTH_1410b985dbb7402dbae96bdb126dfd29/gnocchi.f96c47d7-7679-4a03-ae2b-7c0918c2bd4f/none_v3" "txd20bcde3f9084cb799a07-0069331938" "object-server 23" 0.0014 "-" 17 0
Dec 5 17:41:12 standalone object-server[123288]: 172.20.0.100 - - [05/Dec/2025:17:41:12 +0000] "PUT /d1/630/AUTH_1410b985dbb7402dbae96bdb126dfd29/gnocchi.f96c47d7-7679-4a03-ae2b-7c0918c2bd4f/none_v3" 201 - "PUT http://localhost:8080/v1/AUTH_1410b985dbb7402dbae96bdb126dfd29/gnocchi.f96c47d7-7679-4a03-ae2b-7c0918c2bd4f/none_v3" "txd20bcde3f9084cb799a07-0069331938" "proxy-server 21" 0.0116 "-" 23 0
Dec 5 17:41:12 standalone proxy-server[125058]: 172.18.0.2 ::1 05/Dec/2025/17/41/12 PUT /v1/AUTH_1410b985dbb7402dbae96bdb126dfd29/gnocchi.f96c47d7-7679-4a03-ae2b-7c0918c2bd4f/none_v3 HTTP/1.0 201 - python-swiftclient-3.11.1 gAAAAABpMxh7Zkfo... 22 - - txd20bcde3f9084cb799a07-0069331938 - 0.0200 - - 1764956472.772507906 1764956472.792525530 0
Dec 5 17:41:12 standalone container-server[123132]: 172.20.0.100 - - [05/Dec/2025:17:41:12 +0000] "HEAD /d1/994/AUTH_1410b985dbb7402dbae96bdb126dfd29/gnocchi.d9254ac2-9f20-4460-971a-a462375e654c" 404 - "HEAD http://localhost:8080/v1/AUTH_1410b985dbb7402dbae96bdb126dfd29/gnocchi.d9254ac2-9f20-4460-971a-a462375e654c?format=json&states=listing" "tx6b118dd1a7c64b1c8420a-0069331938" "proxy-server 21" 0.0004 "-" 16 0
Dec 5 17:41:12 standalone object-server[123287]: 172.20.0.100 - - [05/Dec/2025:17:41:12 +0000] "GET /d1/253/AUTH_1410b985dbb7402dbae96bdb126dfd29/gnocchi.d9254ac2-9f20-4460-971a-a462375e654c/none_v3" 404 70 "GET http://localhost:8080/v1/AUTH_1410b985dbb7402dbae96bdb126dfd29/gnocchi.d9254ac2-9f20-4460-971a-a462375e654c/none_v3" "tx6b118dd1a7c64b1c8420a-0069331938" "proxy-server 21" 0.0005 "-" 22 0
Dec 5 17:41:12 standalone proxy-server[125058]: 172.18.0.2 ::1 05/Dec/2025/17/41/12 GET /v1/AUTH_1410b985dbb7402dbae96bdb126dfd29/gnocchi.d9254ac2-9f20-4460-971a-a462375e654c/none_v3 HTTP/1.0 404 - python-swiftclient-3.11.1 gAAAAABpMxh7Zkfo... - 70 - tx6b118dd1a7c64b1c8420a-0069331938 - 0.0129 - - 1764956472.807098150 1764956472.819952011 0
Dec 5 17:41:12 standalone account-server[123080]: 172.20.0.100 - - [05/Dec/2025:17:41:12 +0000] "PUT /d1/77/AUTH_1410b985dbb7402dbae96bdb126dfd29/gnocchi.d9254ac2-9f20-4460-971a-a462375e654c" 201 - "PUT http://172.20.0.100:6001/d1/994/AUTH_1410b985dbb7402dbae96bdb126dfd29/gnocchi.d9254ac2-9f20-4460-971a-a462375e654c" "tx1bb15e9270cc4e96a0632-0069331938" "container-server 14" 0.0065 "-" 22 0
Dec 5 17:41:12 standalone container-server[123124]: 172.20.0.100 - - [05/Dec/2025:17:41:12 +0000] "PUT /d1/994/AUTH_1410b985dbb7402dbae96bdb126dfd29/gnocchi.d9254ac2-9f20-4460-971a-a462375e654c" 201 - "PUT http://localhost:8080/v1/AUTH_1410b985dbb7402dbae96bdb126dfd29/gnocchi.d9254ac2-9f20-4460-971a-a462375e654c" "tx1bb15e9270cc4e96a0632-0069331938" "proxy-server 21" 0.0214 "-" 14 0
Dec 5 17:41:12 standalone proxy-server[125058]: 172.18.0.2 ::1 05/Dec/2025/17/41/12 PUT /v1/AUTH_1410b985dbb7402dbae96bdb126dfd29/gnocchi.d9254ac2-9f20-4460-971a-a462375e654c HTTP/1.0 201 - python-swiftclient-3.11.1 gAAAAABpMxh7Zkfo... - - - tx1bb15e9270cc4e96a0632-0069331938 - 0.0292 - - 1764956472.824800730 1764956472.853975296 0
Dec 5 17:41:12 standalone container-server[123124]: 172.20.0.100 - - [05/Dec/2025:17:41:12 +0000] "HEAD /d1/994/AUTH_1410b985dbb7402dbae96bdb126dfd29/gnocchi.d9254ac2-9f20-4460-971a-a462375e654c" 204 - "HEAD http://localhost:8080/v1/AUTH_1410b985dbb7402dbae96bdb126dfd29/gnocchi.d9254ac2-9f20-4460-971a-a462375e654c?format=json&states=listing" "tx9bdc816dbf154bac957ff-0069331938" "proxy-server 21" 0.0020 "-" 14 0
Dec 5 17:41:12 standalone proxy-server[125058]: - - 05/Dec/2025/17/41/12 HEAD /v1/AUTH_1410b985dbb7402dbae96bdb126dfd29/gnocchi.d9254ac2-9f20-4460-971a-a462375e654c%3Fformat%3Djson%26states%3Dlisting HTTP/1.0 204 - Swift - - - - tx9bdc816dbf154bac957ff-0069331938 - 0.0067 RL - 1764956472.862248659 1764956472.868912458 0
Dec 5 17:41:12 standalone container-server[123132]: 172.20.0.100 - - [05/Dec/2025:17:41:12 +0000] "GET /d1/994/AUTH_1410b985dbb7402dbae96bdb126dfd29/gnocchi.d9254ac2-9f20-4460-971a-a462375e654c" 200 2 "GET http://localhost:8080/v1/AUTH_1410b985dbb7402dbae96bdb126dfd29/gnocchi.d9254ac2-9f20-4460-971a-a462375e654c?format=json&states=listing" "tx9bdc816dbf154bac957ff-0069331938" "proxy-server 21" 0.0034 "-" 16 0
Dec 5 17:41:12 standalone proxy-server[125058]: 172.18.0.2 ::1 05/Dec/2025/17/41/12 GET /v1/AUTH_1410b985dbb7402dbae96bdb126dfd29/gnocchi.d9254ac2-9f20-4460-971a-a462375e654c%3Fformat%3Djson%26states%3Dlisting HTTP/1.0 200 - python-swiftclient-3.11.1 gAAAAABpMxh7Zkfo... - 2 - tx9bdc816dbf154bac957ff-0069331938 - 0.0594 - - 1764956472.860331774 1764956472.919722557 0
Dec 5 17:41:12 standalone object-server[123288]: 172.20.0.100 - - [05/Dec/2025:17:41:12 +0000] "GET /d1/42/AUTH_1410b985dbb7402dbae96bdb126dfd29/gnocchi.d9254ac2-9f20-4460-971a-a462375e654c/1764720000.0_mean_300.0_v3" 404 70 "GET http://localhost:8080/v1/AUTH_1410b985dbb7402dbae96bdb126dfd29/gnocchi.d9254ac2-9f20-4460-971a-a462375e654c/1764720000.0_mean_300.0_v3" "tx39c265cdc4734a78ac69a-0069331938" "proxy-server 21" 0.0005 "-" 23 0
Dec 5 17:41:12 standalone proxy-server[125058]: 172.18.0.2 ::1 05/Dec/2025/17/41/12 GET /v1/AUTH_1410b985dbb7402dbae96bdb126dfd29/gnocchi.d9254ac2-9f20-4460-971a-a462375e654c/1764720000.0_mean_300.0_v3 HTTP/1.0 404 - python-swiftclient-3.11.1 gAAAAABpMxh7Zkfo... - 70 - tx39c265cdc4734a78ac69a-0069331938 - 0.0068 - - 1764956472.927628279 1764956472.934398890 0
Dec 5 17:41:12 standalone container-server[123124]: 172.20.0.100 - - [05/Dec/2025:17:41:12 +0000] "PUT /d1/994/AUTH_1410b985dbb7402dbae96bdb126dfd29/gnocchi.d9254ac2-9f20-4460-971a-a462375e654c/1764720000.0_mean_300.0_v3" 201 - "PUT http://localhost:8080/d1/42/AUTH_1410b985dbb7402dbae96bdb126dfd29/gnocchi.d9254ac2-9f20-4460-971a-a462375e654c/1764720000.0_mean_300.0_v3" "txc573972ffb964d9393af1-0069331938" "object-server 24" 0.0008 "-" 14 0
Dec 5 17:41:12 standalone object-server[123289]: 172.20.0.100 - - [05/Dec/2025:17:41:12 +0000] "PUT /d1/42/AUTH_1410b985dbb7402dbae96bdb126dfd29/gnocchi.d9254ac2-9f20-4460-971a-a462375e654c/1764720000.0_mean_300.0_v3" 201 - "PUT http://localhost:8080/v1/AUTH_1410b985dbb7402dbae96bdb126dfd29/gnocchi.d9254ac2-9f20-4460-971a-a462375e654c/1764720000.0_mean_300.0_v3" "txc573972ffb964d9393af1-0069331938" "proxy-server 21" 0.0139 "-" 24 0
Dec 5 17:41:12 standalone proxy-server[125058]: 172.18.0.2 ::1 05/Dec/2025/17/41/12 PUT /v1/AUTH_1410b985dbb7402dbae96bdb126dfd29/gnocchi.d9254ac2-9f20-4460-971a-a462375e654c/1764720000.0_mean_300.0_v3 HTTP/1.0 201 - python-swiftclient-3.11.1 gAAAAABpMxh7Zkfo... 16 - - txc573972ffb964d9393af1-0069331938 - 0.0197 - - 1764956472.939427614 1764956472.959135056 0
Dec 5 17:41:12 standalone container-server[123146]: 172.20.0.100 - - [05/Dec/2025:17:41:12 +0000] "PUT /d1/994/AUTH_1410b985dbb7402dbae96bdb126dfd29/gnocchi.d9254ac2-9f20-4460-971a-a462375e654c/none_v3" 201 - "PUT http://localhost:8080/d1/253/AUTH_1410b985dbb7402dbae96bdb126dfd29/gnocchi.d9254ac2-9f20-4460-971a-a462375e654c/none_v3" "tx385efae4f2e143858fcb4-0069331938" "object-server 25" 0.0011 "-" 17 0
Dec 5 17:41:12 standalone object-server[123290]: 172.20.0.100 - - [05/Dec/2025:17:41:12 +0000] "PUT /d1/253/AUTH_1410b985dbb7402dbae96bdb126dfd29/gnocchi.d9254ac2-9f20-4460-971a-a462375e654c/none_v3" 201 - "PUT http://localhost:8080/v1/AUTH_1410b985dbb7402dbae96bdb126dfd29/gnocchi.d9254ac2-9f20-4460-971a-a462375e654c/none_v3" "tx385efae4f2e143858fcb4-0069331938" "proxy-server 21" 0.0112 "-" 25 0
Dec 5 17:41:12 standalone proxy-server[125058]: 172.18.0.2 ::1 05/Dec/2025/17/41/12 PUT /v1/AUTH_1410b985dbb7402dbae96bdb126dfd29/gnocchi.d9254ac2-9f20-4460-971a-a462375e654c/none_v3 HTTP/1.0 201 - python-swiftclient-3.11.1 gAAAAABpMxh7Zkfo... 22 - - tx385efae4f2e143858fcb4-0069331938 - 0.0164 - - 1764956472.962905645 1764956472.979309320 0
Dec 5 17:41:12 standalone container-server[123132]: 172.20.0.100 - - [05/Dec/2025:17:41:12 +0000] "HEAD /d1/866/AUTH_1410b985dbb7402dbae96bdb126dfd29/gnocchi.ee7c244d-98c8-45a1-b693-19ada7d23f5d" 404 - "HEAD http://localhost:8080/v1/AUTH_1410b985dbb7402dbae96bdb126dfd29/gnocchi.ee7c244d-98c8-45a1-b693-19ada7d23f5d?format=json&states=listing" "tx899553a6dad64bd7b12c2-0069331938" "proxy-server 21" 0.0006 "-" 16 0
Dec 5 17:41:13 standalone object-server[123288]: 172.20.0.100 - - [05/Dec/2025:17:41:13 +0000] "GET /d1/262/AUTH_1410b985dbb7402dbae96bdb126dfd29/gnocchi.ee7c244d-98c8-45a1-b693-19ada7d23f5d/none_v3" 404 70 "GET http://localhost:8080/v1/AUTH_1410b985dbb7402dbae96bdb126dfd29/gnocchi.ee7c244d-98c8-45a1-b693-19ada7d23f5d/none_v3" "tx899553a6dad64bd7b12c2-0069331938" "proxy-server 21" 0.0003 "-" 23 0
Dec 5 17:41:13 standalone proxy-server[125058]: 172.18.0.2 ::1 05/Dec/2025/17/41/13 GET /v1/AUTH_1410b985dbb7402dbae96bdb126dfd29/gnocchi.ee7c244d-98c8-45a1-b693-19ada7d23f5d/none_v3 HTTP/1.0 404 - python-swiftclient-3.11.1 gAAAAABpMxh7Zkfo... - 70 - tx899553a6dad64bd7b12c2-0069331938 - 0.0098 - - 1764956472.994008064 1764956473.003798246 0
Dec 5 17:41:13 standalone account-server[123079]: 172.20.0.100 - - [05/Dec/2025:17:41:13 +0000] "PUT /d1/77/AUTH_1410b985dbb7402dbae96bdb126dfd29/gnocchi.ee7c244d-98c8-45a1-b693-19ada7d23f5d" 201 - "PUT http://172.20.0.100:6001/d1/866/AUTH_1410b985dbb7402dbae96bdb126dfd29/gnocchi.ee7c244d-98c8-45a1-b693-19ada7d23f5d" "tx8b81e959e8f2418f865fc-0069331939" "container-server 14" 0.0050 "-" 21 0
Dec 5 17:41:13 standalone container-server[123124]: 172.20.0.100 - - [05/Dec/2025:17:41:13 +0000] "PUT /d1/866/AUTH_1410b985dbb7402dbae96bdb126dfd29/gnocchi.ee7c244d-98c8-45a1-b693-19ada7d23f5d" 201 - "PUT http://localhost:8080/v1/AUTH_1410b985dbb7402dbae96bdb126dfd29/gnocchi.ee7c244d-98c8-45a1-b693-19ada7d23f5d" "tx8b81e959e8f2418f865fc-0069331939" "proxy-server 21" 0.0192 "-" 14 0
Dec 5 17:41:13 standalone proxy-server[125058]: 172.18.0.2 ::1 05/Dec/2025/17/41/13 PUT /v1/AUTH_1410b985dbb7402dbae96bdb126dfd29/gnocchi.ee7c244d-98c8-45a1-b693-19ada7d23f5d HTTP/1.0 201 - python-swiftclient-3.11.1 gAAAAABpMxh7Zkfo... - - - tx8b81e959e8f2418f865fc-0069331939 - 0.0252 - - 1764956473.007681608 1764956473.032863379 0
Dec 5 17:41:13 standalone container-server[123146]: 172.20.0.100 - - [05/Dec/2025:17:41:13 +0000] "HEAD /d1/866/AUTH_1410b985dbb7402dbae96bdb126dfd29/gnocchi.ee7c244d-98c8-45a1-b693-19ada7d23f5d" 204 - "HEAD http://localhost:8080/v1/AUTH_1410b985dbb7402dbae96bdb126dfd29/gnocchi.ee7c244d-98c8-45a1-b693-19ada7d23f5d?format=json&states=listing" "tx243fc2aedd8f44cfa8511-0069331939" "proxy-server 21" 0.0026 "-" 17 0
Dec 5 17:41:13 standalone proxy-server[125058]: - - 05/Dec/2025/17/41/13 HEAD /v1/AUTH_1410b985dbb7402dbae96bdb126dfd29/gnocchi.ee7c244d-98c8-45a1-b693-19ada7d23f5d%3Fformat%3Djson%26states%3Dlisting HTTP/1.0 204 - Swift - - - - tx243fc2aedd8f44cfa8511-0069331939 - 0.0065 RL - 1764956473.038466930 1764956473.044944286 0
Dec 5 17:41:13 standalone container-server[123124]: 172.20.0.100 - - [05/Dec/2025:17:41:13 +0000] "GET /d1/866/AUTH_1410b985dbb7402dbae96bdb126dfd29/gnocchi.ee7c244d-98c8-45a1-b693-19ada7d23f5d" 200 2 "GET http://localhost:8080/v1/AUTH_1410b985dbb7402dbae96bdb126dfd29/gnocchi.ee7c244d-98c8-45a1-b693-19ada7d23f5d?format=json&states=listing" "tx243fc2aedd8f44cfa8511-0069331939" "proxy-server 21" 0.0036 "-" 14 0
Dec 5 17:41:13 standalone proxy-server[125058]: 172.18.0.2 ::1 05/Dec/2025/17/41/13 GET /v1/AUTH_1410b985dbb7402dbae96bdb126dfd29/gnocchi.ee7c244d-98c8-45a1-b693-19ada7d23f5d%3Fformat%3Djson%26states%3Dlisting HTTP/1.0 200 - python-swiftclient-3.11.1 gAAAAABpMxh7Zkfo... - 2 - tx243fc2aedd8f44cfa8511-0069331939 - 0.0169 - - 1764956473.037475348 1764956473.054342508 0
Dec 5 17:41:13 standalone object-server[123289]: 172.20.0.100 - - [05/Dec/2025:17:41:13 +0000] "GET /d1/439/AUTH_1410b985dbb7402dbae96bdb126dfd29/gnocchi.ee7c244d-98c8-45a1-b693-19ada7d23f5d/1764720000.0_mean_300.0_v3" 404 70 "GET http://localhost:8080/v1/AUTH_1410b985dbb7402dbae96bdb126dfd29/gnocchi.ee7c244d-98c8-45a1-b693-19ada7d23f5d/1764720000.0_mean_300.0_v3" "txb8a5d3b18f5c4e758e210-0069331939" "proxy-server 21" 0.0005 "-" 24 0
Dec 5 17:41:13 standalone proxy-server[125058]: 172.18.0.2 ::1 05/Dec/2025/17/41/13 GET /v1/AUTH_1410b985dbb7402dbae96bdb126dfd29/gnocchi.ee7c244d-98c8-45a1-b693-19ada7d23f5d/1764720000.0_mean_300.0_v3 HTTP/1.0 404 - python-swiftclient-3.11.1 gAAAAABpMxh7Zkfo... - 70 - txb8a5d3b18f5c4e758e210-0069331939 - 0.0063 - - 1764956473.059021473 1764956473.065332651 0
Dec 5 17:41:13 standalone container-server[123128]: 172.20.0.100 - - [05/Dec/2025:17:41:13 +0000] "PUT /d1/866/AUTH_1410b985dbb7402dbae96bdb126dfd29/gnocchi.ee7c244d-98c8-45a1-b693-19ada7d23f5d/1764720000.0_mean_300.0_v3" 201 - "PUT http://localhost:8080/d1/439/AUTH_1410b985dbb7402dbae96bdb126dfd29/gnocchi.ee7c244d-98c8-45a1-b693-19ada7d23f5d/1764720000.0_mean_300.0_v3" "txc6f133ccbbd94645a24fe-0069331939" "object-server 24" 0.0009 "-" 15 0
Dec 5 17:41:13 standalone object-server[123289]: 172.20.0.100 - - [05/Dec/2025:17:41:13 +0000] "PUT /d1/439/AUTH_1410b985dbb7402dbae96bdb126dfd29/gnocchi.ee7c244d-98c8-45a1-b693-19ada7d23f5d/1764720000.0_mean_300.0_v3" 201 - "PUT http://localhost:8080/v1/AUTH_1410b985dbb7402dbae96bdb126dfd29/gnocchi.ee7c244d-98c8-45a1-b693-19ada7d23f5d/1764720000.0_mean_300.0_v3" "txc6f133ccbbd94645a24fe-0069331939" "proxy-server 21" 0.0119 "-" 24 0
Dec 5 17:41:13 standalone proxy-server[125058]: 172.18.0.2 ::1 05/Dec/2025/17/41/13 PUT /v1/AUTH_1410b985dbb7402dbae96bdb126dfd29/gnocchi.ee7c244d-98c8-45a1-b693-19ada7d23f5d/1764720000.0_mean_300.0_v3 HTTP/1.0 201 - python-swiftclient-3.11.1 gAAAAABpMxh7Zkfo... 16 - - txc6f133ccbbd94645a24fe-0069331939 - 0.0174 - - 1764956473.069456339 1764956473.086890697 0
Dec 5 17:41:13 standalone container-server[123128]: 172.20.0.100 - - [05/Dec/2025:17:41:13 +0000] "PUT /d1/866/AUTH_1410b985dbb7402dbae96bdb126dfd29/gnocchi.ee7c244d-98c8-45a1-b693-19ada7d23f5d/none_v3" 201 - "PUT http://localhost:8080/d1/262/AUTH_1410b985dbb7402dbae96bdb126dfd29/gnocchi.ee7c244d-98c8-45a1-b693-19ada7d23f5d/none_v3" "txf773be9216fc44389e608-0069331939" "object-server 23" 0.0006 "-" 15 0
Dec 5 17:41:13 standalone object-server[123288]: 172.20.0.100 - - [05/Dec/2025:17:41:13 +0000] "PUT /d1/262/AUTH_1410b985dbb7402dbae96bdb126dfd29/gnocchi.ee7c244d-98c8-45a1-b693-19ada7d23f5d/none_v3" 201 - "PUT http://localhost:8080/v1/AUTH_1410b985dbb7402dbae96bdb126dfd29/gnocchi.ee7c244d-98c8-45a1-b693-19ada7d23f5d/none_v3" "txf773be9216fc44389e608-0069331939" "proxy-server 21" 0.0113 "-" 23 0
Dec 5 17:41:13 standalone proxy-server[125058]: 172.18.0.2 ::1 05/Dec/2025/17/41/13 PUT /v1/AUTH_1410b985dbb7402dbae96bdb126dfd29/gnocchi.ee7c244d-98c8-45a1-b693-19ada7d23f5d/none_v3 HTTP/1.0 201 - python-swiftclient-3.11.1 gAAAAABpMxh7Zkfo... 22 - - txf773be9216fc44389e608-0069331939 - 0.0170 - - 1764956473.091302395 1764956473.108332634 0
Dec 5 17:41:13 standalone container-server[123132]: 172.20.0.100 - - [05/Dec/2025:17:41:13 +0000] "HEAD /d1/368/AUTH_1410b985dbb7402dbae96bdb126dfd29/gnocchi.3dc29f7f-e209-4529-8729-f10e2a183af1" 404 - "HEAD http://localhost:8080/v1/AUTH_1410b985dbb7402dbae96bdb126dfd29/gnocchi.3dc29f7f-e209-4529-8729-f10e2a183af1?format=json&states=listing" "tx18f2c4c26f0a472aa9667-0069331939" "proxy-server 21" 0.0006 "-" 16 0
Dec 5 17:41:13 standalone object-server[123288]: 172.20.0.100 - - [05/Dec/2025:17:41:13 +0000] "GET /d1/335/AUTH_1410b985dbb7402dbae96bdb126dfd29/gnocchi.3dc29f7f-e209-4529-8729-f10e2a183af1/none_v3" 404 70 "GET http://localhost:8080/v1/AUTH_1410b985dbb7402dbae96bdb126dfd29/gnocchi.3dc29f7f-e209-4529-8729-f10e2a183af1/none_v3" "tx18f2c4c26f0a472aa9667-0069331939" "proxy-server 21" 0.0005 "-" 23 0
Dec 5 17:41:13 standalone proxy-server[125058]: 172.18.0.2 ::1 05/Dec/2025/17/41/13 GET /v1/AUTH_1410b985dbb7402dbae96bdb126dfd29/gnocchi.3dc29f7f-e209-4529-8729-f10e2a183af1/none_v3 HTTP/1.0 404 - python-swiftclient-3.11.1 gAAAAABpMxh7Zkfo... - 70 - tx18f2c4c26f0a472aa9667-0069331939 - 0.0101 - - 1764956473.123951435 1764956473.134085178 0
Dec 5 17:41:13 standalone account-server[123071]: 172.20.0.100 - - [05/Dec/2025:17:41:13 +0000] "PUT /d1/77/AUTH_1410b985dbb7402dbae96bdb126dfd29/gnocchi.3dc29f7f-e209-4529-8729-f10e2a183af1" 201 - "PUT http://172.20.0.100:6001/d1/368/AUTH_1410b985dbb7402dbae96bdb126dfd29/gnocchi.3dc29f7f-e209-4529-8729-f10e2a183af1" "txe466aba1e3284931bf4b4-0069331939" "container-server 15" 0.0048 "-" 20 0
Dec 5 17:41:13 standalone container-server[123128]: 172.20.0.100 - - [05/Dec/2025:17:41:13 +0000] "PUT /d1/368/AUTH_1410b985dbb7402dbae96bdb126dfd29/gnocchi.3dc29f7f-e209-4529-8729-f10e2a183af1" 201 - "PUT http://localhost:8080/v1/AUTH_1410b985dbb7402dbae96bdb126dfd29/gnocchi.3dc29f7f-e209-4529-8729-f10e2a183af1" "txe466aba1e3284931bf4b4-0069331939" "proxy-server 21" 0.0165 "-" 15 0
Dec 5 17:41:13 standalone proxy-server[125058]: 172.18.0.2 ::1 05/Dec/2025/17/41/13 PUT /v1/AUTH_1410b985dbb7402dbae96bdb126dfd29/gnocchi.3dc29f7f-e209-4529-8729-f10e2a183af1 HTTP/1.0 201 - python-swiftclient-3.11.1 gAAAAABpMxh7Zkfo... - - - txe466aba1e3284931bf4b4-0069331939 - 0.0214 - - 1764956473.137856960 1764956473.159229040 0
Dec 5 17:41:13 standalone container-server[123146]: 172.20.0.100 - - [05/Dec/2025:17:41:13 +0000] "HEAD /d1/368/AUTH_1410b985dbb7402dbae96bdb126dfd29/gnocchi.3dc29f7f-e209-4529-8729-f10e2a183af1" 204 - "HEAD http://localhost:8080/v1/AUTH_1410b985dbb7402dbae96bdb126dfd29/gnocchi.3dc29f7f-e209-4529-8729-f10e2a183af1?format=json&states=listing" "tx86667ec65fb548259a3e1-0069331939" "proxy-server 21" 0.0018 "-" 17 0
Dec 5 17:41:13 standalone proxy-server[125058]: - - 05/Dec/2025/17/41/13 HEAD /v1/AUTH_1410b985dbb7402dbae96bdb126dfd29/gnocchi.3dc29f7f-e209-4529-8729-f10e2a183af1%3Fformat%3Djson%26states%3Dlisting HTTP/1.0 204 - Swift - - - - tx86667ec65fb548259a3e1-0069331939 - 0.0053 RL - 1764956473.164981604 1764956473.170314550 0
Dec 5 17:41:13 standalone container-server[123124]: 172.20.0.100 - - [05/Dec/2025:17:41:13 +0000] "GET /d1/368/AUTH_1410b985dbb7402dbae96bdb126dfd29/gnocchi.3dc29f7f-e209-4529-8729-f10e2a183af1" 200 2 "GET http://localhost:8080/v1/AUTH_1410b985dbb7402dbae96bdb126dfd29/gnocchi.3dc29f7f-e209-4529-8729-f10e2a183af1?format=json&states=listing" "tx86667ec65fb548259a3e1-0069331939" "proxy-server 21" 0.0034 "-" 14 0
Dec 5 17:41:13 standalone proxy-server[125058]: 172.18.0.2 ::1 05/Dec/2025/17/41/13 GET /v1/AUTH_1410b985dbb7402dbae96bdb126dfd29/gnocchi.3dc29f7f-e209-4529-8729-f10e2a183af1%3Fformat%3Djson%26states%3Dlisting HTTP/1.0 200 - python-swiftclient-3.11.1 gAAAAABpMxh7Zkfo... - 2 - tx86667ec65fb548259a3e1-0069331939 - 0.0160 - - 1764956473.164020061 1764956473.180008411 0
Dec 5 17:41:13 standalone object-server[123287]: 172.20.0.100 - - [05/Dec/2025:17:41:13 +0000] "GET /d1/796/AUTH_1410b985dbb7402dbae96bdb126dfd29/gnocchi.3dc29f7f-e209-4529-8729-f10e2a183af1/1764720000.0_mean_300.0_v3" 404 70 "GET http://localhost:8080/v1/AUTH_1410b985dbb7402dbae96bdb126dfd29/gnocchi.3dc29f7f-e209-4529-8729-f10e2a183af1/1764720000.0_mean_300.0_v3" "tx4dc506b2febb46cf9b4bb-0069331939" "proxy-server 21" 0.0005 "-" 22 0
Dec 5 17:41:13 standalone proxy-server[125058]: 172.18.0.2 ::1 05/Dec/2025/17/41/13 GET /v1/AUTH_1410b985dbb7402dbae96bdb126dfd29/gnocchi.3dc29f7f-e209-4529-8729-f10e2a183af1/1764720000.0_mean_300.0_v3 HTTP/1.0 404 - python-swiftclient-3.11.1 gAAAAABpMxh7Zkfo... - 70 - tx4dc506b2febb46cf9b4bb-0069331939 - 0.0066 - - 1764956473.184652567 1764956473.191218615 0
Dec 5 17:41:13 standalone container-server[123124]: 172.20.0.100 - - [05/Dec/2025:17:41:13 +0000] "PUT /d1/368/AUTH_1410b985dbb7402dbae96bdb126dfd29/gnocchi.3dc29f7f-e209-4529-8729-f10e2a183af1/1764720000.0_mean_300.0_v3" 201 - "PUT http://localhost:8080/d1/796/AUTH_1410b985dbb7402dbae96bdb126dfd29/gnocchi.3dc29f7f-e209-4529-8729-f10e2a183af1/1764720000.0_mean_300.0_v3" "txa57b4303a20143dda68df-0069331939" "object-server 23" 0.0013 "-" 14 0
Dec 5 17:41:13 standalone object-server[123288]: 172.20.0.100 - - [05/Dec/2025:17:41:13 +0000] "PUT /d1/796/AUTH_1410b985dbb7402dbae96bdb126dfd29/gnocchi.3dc29f7f-e209-4529-8729-f10e2a183af1/1764720000.0_mean_300.0_v3" 201 - "PUT http://localhost:8080/v1/AUTH_1410b985dbb7402dbae96bdb126dfd29/gnocchi.3dc29f7f-e209-4529-8729-f10e2a183af1/1764720000.0_mean_300.0_v3" "txa57b4303a20143dda68df-0069331939" "proxy-server 21" 0.0143 "-" 23 0
Dec 5 17:41:13 standalone proxy-server[125058]: 172.18.0.2 ::1 05/Dec/2025/17/41/13 PUT /v1/AUTH_1410b985dbb7402dbae96bdb126dfd29/gnocchi.3dc29f7f-e209-4529-8729-f10e2a183af1/1764720000.0_mean_300.0_v3 HTTP/1.0 201 - python-swiftclient-3.11.1 gAAAAABpMxh7Zkfo... 16 - - txa57b4303a20143dda68df-0069331939 - 0.0200 - - 1764956473.195323944 1764956473.215321302 0
Dec 5 17:41:13 standalone container-server[123124]: 172.20.0.100 - - [05/Dec/2025:17:41:13 +0000] "PUT /d1/368/AUTH_1410b985dbb7402dbae96bdb126dfd29/gnocchi.3dc29f7f-e209-4529-8729-f10e2a183af1/none_v3" 201 - "PUT http://localhost:8080/d1/335/AUTH_1410b985dbb7402dbae96bdb126dfd29/gnocchi.3dc29f7f-e209-4529-8729-f10e2a183af1/none_v3" "tx0acbfc7684494c589be7f-0069331939" "object-server 24" 0.0008 "-" 14 0
Dec 5 17:41:13 standalone object-server[123289]: 172.20.0.100 - - [05/Dec/2025:17:41:13 +0000] "PUT /d1/335/AUTH_1410b985dbb7402dbae96bdb126dfd29/gnocchi.3dc29f7f-e209-4529-8729-f10e2a183af1/none_v3" 201 - "PUT http://localhost:8080/v1/AUTH_1410b985dbb7402dbae96bdb126dfd29/gnocchi.3dc29f7f-e209-4529-8729-f10e2a183af1/none_v3" "tx0acbfc7684494c589be7f-0069331939" "proxy-server 21" 0.0214 "-" 24 0
Dec 5 17:41:13 standalone proxy-server[125058]: 172.18.0.2 ::1 05/Dec/2025/17/41/13 PUT /v1/AUTH_1410b985dbb7402dbae96bdb126dfd29/gnocchi.3dc29f7f-e209-4529-8729-f10e2a183af1/none_v3 HTTP/1.0 201 - python-swiftclient-3.11.1 gAAAAABpMxh7Zkfo... 22 - - tx0acbfc7684494c589be7f-0069331939 - 0.0291 - - 1764956473.219658852 1764956473.248729229 0
Dec 5 17:41:13 standalone container-server[123146]: 172.20.0.100 - - [05/Dec/2025:17:41:13 +0000] "HEAD /d1/38/AUTH_1410b985dbb7402dbae96bdb126dfd29/gnocchi.e723de5f-2eea-475e-b44c-80240b20f086" 404 - "HEAD http://localhost:8080/v1/AUTH_1410b985dbb7402dbae96bdb126dfd29/gnocchi.e723de5f-2eea-475e-b44c-80240b20f086?format=json&states=listing" "tx42ee90c7c7b441c3b4e9d-0069331939" "proxy-server 21" 0.0007 "-" 17 0
Dec 5 17:41:13 standalone object-server[123289]: 172.20.0.100 - - [05/Dec/2025:17:41:13 +0000] "GET /d1/809/AUTH_1410b985dbb7402dbae96bdb126dfd29/gnocchi.e723de5f-2eea-475e-b44c-80240b20f086/none_v3" 404 70 "GET http://localhost:8080/v1/AUTH_1410b985dbb7402dbae96bdb126dfd29/gnocchi.e723de5f-2eea-475e-b44c-80240b20f086/none_v3" "tx42ee90c7c7b441c3b4e9d-0069331939" "proxy-server 21" 0.0006 "-" 24 0
Dec 5 17:41:13 standalone proxy-server[125058]: 172.18.0.2 ::1 05/Dec/2025/17/41/13 GET /v1/AUTH_1410b985dbb7402dbae96bdb126dfd29/gnocchi.e723de5f-2eea-475e-b44c-80240b20f086/none_v3 HTTP/1.0 404 - python-swiftclient-3.11.1 gAAAAABpMxh7Zkfo... - 70 - tx42ee90c7c7b441c3b4e9d-0069331939 - 0.0193 - - 1764956473.266292572 1764956473.285609484 0
Dec 5 17:41:13 standalone account-server[123079]: 172.20.0.100 - - [05/Dec/2025:17:41:13 +0000] "PUT /d1/77/AUTH_1410b985dbb7402dbae96bdb126dfd29/gnocchi.e723de5f-2eea-475e-b44c-80240b20f086" 201 - "PUT http://172.20.0.100:6001/d1/38/AUTH_1410b985dbb7402dbae96bdb126dfd29/gnocchi.e723de5f-2eea-475e-b44c-80240b20f086" "txda98d38340a3430f800d6-0069331939" "container-server 16" 0.0078 "-" 21 0
Dec 5 17:41:13 standalone container-server[123132]: 172.20.0.100 - - [05/Dec/2025:17:41:13 +0000] "PUT /d1/38/AUTH_1410b985dbb7402dbae96bdb126dfd29/gnocchi.e723de5f-2eea-475e-b44c-80240b20f086" 201 - "PUT http://localhost:8080/v1/AUTH_1410b985dbb7402dbae96bdb126dfd29/gnocchi.e723de5f-2eea-475e-b44c-80240b20f086" "txda98d38340a3430f800d6-0069331939" "proxy-server 21" 0.0228 "-" 16 0
Dec 5 17:41:13 standalone proxy-server[125058]: 172.18.0.2 ::1 05/Dec/2025/17/41/13 PUT /v1/AUTH_1410b985dbb7402dbae96bdb126dfd29/gnocchi.e723de5f-2eea-475e-b44c-80240b20f086 HTTP/1.0 201 - python-swiftclient-3.11.1 gAAAAABpMxh7Zkfo... - - - txda98d38340a3430f800d6-0069331939 - 0.0298 - - 1764956473.289981842 1764956473.319826603 0
Dec 5 17:41:13 standalone container-server[123124]: 172.20.0.100 - - [05/Dec/2025:17:41:13 +0000] "HEAD /d1/38/AUTH_1410b985dbb7402dbae96bdb126dfd29/gnocchi.e723de5f-2eea-475e-b44c-80240b20f086" 204 - "HEAD http://localhost:8080/v1/AUTH_1410b985dbb7402dbae96bdb126dfd29/gnocchi.e723de5f-2eea-475e-b44c-80240b20f086?format=json&states=listing" "tx7a855856ca604b6398d26-0069331939" "proxy-server 21" 0.0022 "-" 14 0
Dec 5 17:41:13 standalone proxy-server[125058]: - - 05/Dec/2025/17/41/13 HEAD /v1/AUTH_1410b985dbb7402dbae96bdb126dfd29/gnocchi.e723de5f-2eea-475e-b44c-80240b20f086%3Fformat%3Djson%26states%3Dlisting HTTP/1.0 204 - Swift - - - - tx7a855856ca604b6398d26-0069331939 - 0.0071 RL - 1764956473.327300787 1764956473.334359646 0
Dec 5 17:41:13 standalone container-server[123132]: 172.20.0.100 - - [05/Dec/2025:17:41:13 +0000] "GET /d1/38/AUTH_1410b985dbb7402dbae96bdb126dfd29/gnocchi.e723de5f-2eea-475e-b44c-80240b20f086" 200 2 "GET http://localhost:8080/v1/AUTH_1410b985dbb7402dbae96bdb126dfd29/gnocchi.e723de5f-2eea-475e-b44c-80240b20f086?format=json&states=listing" "tx7a855856ca604b6398d26-0069331939" "proxy-server 21" 0.0038 "-" 16 0
Dec 5 17:41:13 standalone proxy-server[125058]: 172.18.0.2 ::1 05/Dec/2025/17/41/13 GET /v1/AUTH_1410b985dbb7402dbae96bdb126dfd29/gnocchi.e723de5f-2eea-475e-b44c-80240b20f086%3Fformat%3Djson%26states%3Dlisting HTTP/1.0 200 - python-swiftclient-3.11.1 gAAAAABpMxh7Zkfo... - 2 - tx7a855856ca604b6398d26-0069331939 - 0.0213 - - 1764956473.325587749 1764956473.346852064 0
Dec 5 17:41:13 standalone object-server[123287]: 172.20.0.100 - - [05/Dec/2025:17:41:13 +0000] "GET /d1/654/AUTH_1410b985dbb7402dbae96bdb126dfd29/gnocchi.e723de5f-2eea-475e-b44c-80240b20f086/1764720000.0_mean_300.0_v3" 404 70 "GET http://localhost:8080/v1/AUTH_1410b985dbb7402dbae96bdb126dfd29/gnocchi.e723de5f-2eea-475e-b44c-80240b20f086/1764720000.0_mean_300.0_v3" "txfe908ebd722a4c37a516b-0069331939" "proxy-server 21" 0.0006 "-" 22 0
Dec 5 17:41:13 standalone proxy-server[125058]: 172.18.0.2 ::1 05/Dec/2025/17/41/13 GET /v1/AUTH_1410b985dbb7402dbae96bdb126dfd29/gnocchi.e723de5f-2eea-475e-b44c-80240b20f086/1764720000.0_mean_300.0_v3 HTTP/1.0 404 - python-swiftclient-3.11.1 gAAAAABpMxh7Zkfo... - 70 - txfe908ebd722a4c37a516b-0069331939 - 0.0080 - - 1764956473.352106094 1764956473.360097647 0
Dec 5 17:41:13 standalone container-server[123124]: 172.20.0.100 - - [05/Dec/2025:17:41:13 +0000] "PUT /d1/38/AUTH_1410b985dbb7402dbae96bdb126dfd29/gnocchi.e723de5f-2eea-475e-b44c-80240b20f086/1764720000.0_mean_300.0_v3" 201 - "PUT http://localhost:8080/d1/654/AUTH_1410b985dbb7402dbae96bdb126dfd29/gnocchi.e723de5f-2eea-475e-b44c-80240b20f086/1764720000.0_mean_300.0_v3" "tx3a4a85286d744a7a85e60-0069331939" "object-server 22" 0.0008 "-" 14 0
Dec 5 17:41:13 standalone object-server[123287]: 172.20.0.100 - - [05/Dec/2025:17:41:13 +0000] "PUT /d1/654/AUTH_1410b985dbb7402dbae96bdb126dfd29/gnocchi.e723de5f-2eea-475e-b44c-80240b20f086/1764720000.0_mean_300.0_v3" 201 - "PUT http://localhost:8080/v1/AUTH_1410b985dbb7402dbae96bdb126dfd29/gnocchi.e723de5f-2eea-475e-b44c-80240b20f086/1764720000.0_mean_300.0_v3" "tx3a4a85286d744a7a85e60-0069331939" "proxy-server 21" 0.0116 "-" 22 0
Dec 5 17:41:13 standalone proxy-server[125058]: 172.18.0.2 ::1 05/Dec/2025/17/41/13 PUT /v1/AUTH_1410b985dbb7402dbae96bdb126dfd29/gnocchi.e723de5f-2eea-475e-b44c-80240b20f086/1764720000.0_mean_300.0_v3 HTTP/1.0 201 - python-swiftclient-3.11.1 gAAAAABpMxh7Zkfo... 16 - - tx3a4a85286d744a7a85e60-0069331939 - 0.0200 - - 1764956473.364889860 1764956473.384921312 0
Dec 5 17:41:13 standalone container-server[123124]: 172.20.0.100 - - [05/Dec/2025:17:41:13 +0000] "PUT /d1/38/AUTH_1410b985dbb7402dbae96bdb126dfd29/gnocchi.e723de5f-2eea-475e-b44c-80240b20f086/none_v3" 201 - "PUT http://localhost:8080/d1/809/AUTH_1410b985dbb7402dbae96bdb126dfd29/gnocchi.e723de5f-2eea-475e-b44c-80240b20f086/none_v3" "tx2c174f2608424e82abf8d-0069331939" "object-server 23" 0.0006 "-" 14 0
Dec 5 17:41:13 standalone object-server[123288]: 172.20.0.100 - - [05/Dec/2025:17:41:13 +0000] "PUT /d1/809/AUTH_1410b985dbb7402dbae96bdb126dfd29/gnocchi.e723de5f-2eea-475e-b44c-80240b20f086/none_v3" 201 - "PUT http://localhost:8080/v1/AUTH_1410b985dbb7402dbae96bdb126dfd29/gnocchi.e723de5f-2eea-475e-b44c-80240b20f086/none_v3" "tx2c174f2608424e82abf8d-0069331939" "proxy-server 21" 0.0109 "-" 23 0
Dec 5 17:41:13 standalone proxy-server[125058]: 172.18.0.2 ::1 05/Dec/2025/17/41/13 PUT /v1/AUTH_1410b985dbb7402dbae96bdb126dfd29/gnocchi.e723de5f-2eea-475e-b44c-80240b20f086/none_v3 HTTP/1.0 201 - python-swiftclient-3.11.1 gAAAAABpMxh7Zkfo... 22 - - tx2c174f2608424e82abf8d-0069331939 - 0.0191 - - 1764956473.389394522 1764956473.408543348 0
Dec 5 17:41:13 standalone container-server[123132]: 172.20.0.100 - - [05/Dec/2025:17:41:13 +0000] "HEAD /d1/947/AUTH_1410b985dbb7402dbae96bdb126dfd29/gnocchi.3046d410-3c38-41b5-bd8c-26ba44e15116" 404 - "HEAD http://localhost:8080/v1/AUTH_1410b985dbb7402dbae96bdb126dfd29/gnocchi.3046d410-3c38-41b5-bd8c-26ba44e15116?format=json&states=listing" "txdc9aefa4c9634bd594b5d-0069331939" "proxy-server 21" 0.0005 "-" 16 0
Dec 5 17:41:13 standalone object-server[123290]: 172.20.0.100 - - [05/Dec/2025:17:41:13 +0000] "GET /d1/46/AUTH_1410b985dbb7402dbae96bdb126dfd29/gnocchi.3046d410-3c38-41b5-bd8c-26ba44e15116/none_v3" 404 70 "GET http://localhost:8080/v1/AUTH_1410b985dbb7402dbae96bdb126dfd29/gnocchi.3046d410-3c38-41b5-bd8c-26ba44e15116/none_v3" "txdc9aefa4c9634bd594b5d-0069331939" "proxy-server 21" 0.0005 "-" 25 0
Dec 5 17:41:13 standalone proxy-server[125058]: 172.18.0.2 ::1 05/Dec/2025/17/41/13 GET /v1/AUTH_1410b985dbb7402dbae96bdb126dfd29/gnocchi.3046d410-3c38-41b5-bd8c-26ba44e15116/none_v3 HTTP/1.0 404 - python-swiftclient-3.11.1 gAAAAABpMxh7Zkfo... - 70 - txdc9aefa4c9634bd594b5d-0069331939 - 0.0127 - - 1764956473.423640490 1764956473.436373711 0
Dec 5 17:41:13 standalone account-server[123080]: 172.20.0.100 - - [05/Dec/2025:17:41:13 +0000] "PUT /d1/77/AUTH_1410b985dbb7402dbae96bdb126dfd29/gnocchi.3046d410-3c38-41b5-bd8c-26ba44e15116" 201 - "PUT http://172.20.0.100:6001/d1/947/AUTH_1410b985dbb7402dbae96bdb126dfd29/gnocchi.3046d410-3c38-41b5-bd8c-26ba44e15116" "tx540c24d45de24f4daee59-0069331939" "container-server 17" 0.0064 "-" 22 0
Dec 5 17:41:13 standalone container-server[123146]: 172.20.0.100 - - [05/Dec/2025:17:41:13 +0000] "PUT /d1/947/AUTH_1410b985dbb7402dbae96bdb126dfd29/gnocchi.3046d410-3c38-41b5-bd8c-26ba44e15116" 201 - "PUT http://localhost:8080/v1/AUTH_1410b985dbb7402dbae96bdb126dfd29/gnocchi.3046d410-3c38-41b5-bd8c-26ba44e15116" "tx540c24d45de24f4daee59-0069331939" "proxy-server 21" 0.0204 "-" 17 0
Dec 5 17:41:13 standalone proxy-server[125058]: 172.18.0.2 ::1 05/Dec/2025/17/41/13 PUT /v1/AUTH_1410b985dbb7402dbae96bdb126dfd29/gnocchi.3046d410-3c38-41b5-bd8c-26ba44e15116 HTTP/1.0 201 - python-swiftclient-3.11.1 gAAAAABpMxh7Zkfo... - - - tx540c24d45de24f4daee59-0069331939 - 0.0271 - - 1764956473.440782547 1764956473.467860222 0
Dec 5 17:41:13 standalone container-server[123146]: 172.20.0.100 - - [05/Dec/2025:17:41:13 +0000] "HEAD /d1/947/AUTH_1410b985dbb7402dbae96bdb126dfd29/gnocchi.3046d410-3c38-41b5-bd8c-26ba44e15116" 204 - "HEAD http://localhost:8080/v1/AUTH_1410b985dbb7402dbae96bdb126dfd29/gnocchi.3046d410-3c38-41b5-bd8c-26ba44e15116?format=json&states=listing" "tx51dc10d5e2e0450ca8877-0069331939" "proxy-server 21" 0.0021 "-" 17 0
Dec 5 17:41:13 standalone proxy-server[125058]: - - 05/Dec/2025/17/41/13 HEAD /v1/AUTH_1410b985dbb7402dbae96bdb126dfd29/gnocchi.3046d410-3c38-41b5-bd8c-26ba44e15116%3Fformat%3Djson%26states%3Dlisting HTTP/1.0 204 - Swift - - - - tx51dc10d5e2e0450ca8877-0069331939 - 0.0056 RL - 1764956473.473907232 1764956473.479520321 0
Dec 5 17:41:13 standalone container-server[123132]: 172.20.0.100 - - [05/Dec/2025:17:41:13 +0000] "GET /d1/947/AUTH_1410b985dbb7402dbae96bdb126dfd29/gnocchi.3046d410-3c38-41b5-bd8c-26ba44e15116" 200 2 "GET http://localhost:8080/v1/AUTH_1410b985dbb7402dbae96bdb126dfd29/gnocchi.3046d410-3c38-41b5-bd8c-26ba44e15116?format=json&states=listing" "tx51dc10d5e2e0450ca8877-0069331939" "proxy-server 21" 0.0035 "-" 16 0
Dec 5 17:41:13 standalone proxy-server[125058]: 172.18.0.2 ::1 05/Dec/2025/17/41/13 GET /v1/AUTH_1410b985dbb7402dbae96bdb126dfd29/gnocchi.3046d410-3c38-41b5-bd8c-26ba44e15116%3Fformat%3Djson%26states%3Dlisting HTTP/1.0 200 - python-swiftclient-3.11.1 gAAAAABpMxh7Zkfo... - 2 - tx51dc10d5e2e0450ca8877-0069331939 - 0.0167 - - 1764956473.472740650 1764956473.489419222 0
Dec 5 17:41:13 standalone object-server[123289]: 172.20.0.100 - - [05/Dec/2025:17:41:13 +0000] "GET /d1/308/AUTH_1410b985dbb7402dbae96bdb126dfd29/gnocchi.3046d410-3c38-41b5-bd8c-26ba44e15116/1764720000.0_mean_300.0_v3" 404 70 "GET http://localhost:8080/v1/AUTH_1410b985dbb7402dbae96bdb126dfd29/gnocchi.3046d410-3c38-41b5-bd8c-26ba44e15116/1764720000.0_mean_300.0_v3" "tx67c689c0bf2f4f778ffbe-0069331939" "proxy-server 21" 0.0006 "-" 24 0
Dec 5 17:41:13 standalone proxy-server[125058]: 172.18.0.2 ::1 05/Dec/2025/17/41/13 GET /v1/AUTH_1410b985dbb7402dbae96bdb126dfd29/gnocchi.3046d410-3c38-41b5-bd8c-26ba44e15116/1764720000.0_mean_300.0_v3 HTTP/1.0 404 - python-swiftclient-3.11.1 gAAAAABpMxh7Zkfo... - 70 - tx67c689c0bf2f4f778ffbe-0069331939 - 0.0061 - - 1764956473.496184587 1764956473.502301216 0
Dec 5 17:41:13 standalone container-server[123132]: 172.20.0.100 - - [05/Dec/2025:17:41:13 +0000] "PUT /d1/947/AUTH_1410b985dbb7402dbae96bdb126dfd29/gnocchi.3046d410-3c38-41b5-bd8c-26ba44e15116/1764720000.0_mean_300.0_v3" 201 - "PUT http://localhost:8080/d1/308/AUTH_1410b985dbb7402dbae96bdb126dfd29/gnocchi.3046d410-3c38-41b5-bd8c-26ba44e15116/1764720000.0_mean_300.0_v3" "txa9e7004df25c45738eecd-0069331939" "object-server 22" 0.0006 "-" 16 0
Dec 5 17:41:13 standalone object-server[123287]: 172.20.0.100 - - [05/Dec/2025:17:41:13 +0000] "PUT /d1/308/AUTH_1410b985dbb7402dbae96bdb126dfd29/gnocchi.3046d410-3c38-41b5-bd8c-26ba44e15116/1764720000.0_mean_300.0_v3" 201 - "PUT http://localhost:8080/v1/AUTH_1410b985dbb7402dbae96bdb126dfd29/gnocchi.3046d410-3c38-41b5-bd8c-26ba44e15116/1764720000.0_mean_300.0_v3" "txa9e7004df25c45738eecd-0069331939" "proxy-server 21" 0.0102 "-" 22 0
Dec 5 17:41:13 standalone proxy-server[125058]: 172.18.0.2 ::1 05/Dec/2025/17/41/13 PUT /v1/AUTH_1410b985dbb7402dbae96bdb126dfd29/gnocchi.3046d410-3c38-41b5-bd8c-26ba44e15116/1764720000.0_mean_300.0_v3 HTTP/1.0 201 - python-swiftclient-3.11.1 gAAAAABpMxh7Zkfo... 16 - - txa9e7004df25c45738eecd-0069331939 - 0.0162 - - 1764956473.506294012 1764956473.522485733 0
Dec 5 17:41:13 standalone container-server[123132]: 172.20.0.100 - - [05/Dec/2025:17:41:13 +0000] "PUT /d1/947/AUTH_1410b985dbb7402dbae96bdb126dfd29/gnocchi.3046d410-3c38-41b5-bd8c-26ba44e15116/none_v3" 201 - "PUT http://localhost:8080/d1/46/AUTH_1410b985dbb7402dbae96bdb126dfd29/gnocchi.3046d410-3c38-41b5-bd8c-26ba44e15116/none_v3" "tx80304cd84cae42b19c105-0069331939" "object-server 24" 0.0005 "-" 16 0
Dec 5 17:41:13 standalone object-server[123289]: 172.20.0.100 - - [05/Dec/2025:17:41:13 +0000] "PUT /d1/46/AUTH_1410b985dbb7402dbae96bdb126dfd29/gnocchi.3046d410-3c38-41b5-bd8c-26ba44e15116/none_v3" 201 - "PUT http://localhost:8080/v1/AUTH_1410b985dbb7402dbae96bdb126dfd29/gnocchi.3046d410-3c38-41b5-bd8c-26ba44e15116/none_v3" "tx80304cd84cae42b19c105-0069331939" "proxy-server 21" 0.0115 "-" 24 0
Dec 5 17:41:13 standalone proxy-server[125058]: 172.18.0.2 ::1 05/Dec/2025/17/41/13 PUT /v1/AUTH_1410b985dbb7402dbae96bdb126dfd29/gnocchi.3046d410-3c38-41b5-bd8c-26ba44e15116/none_v3 HTTP/1.0 201 - python-swiftclient-3.11.1 gAAAAABpMxh7Zkfo... 22 - - tx80304cd84cae42b19c105-0069331939 - 0.0171 - - 1764956473.526503086 1764956473.543626308 0
Dec 5 17:41:13 standalone container-server[123132]: 172.20.0.100 - - [05/Dec/2025:17:41:13 +0000] "HEAD /d1/464/AUTH_1410b985dbb7402dbae96bdb126dfd29/gnocchi.b12a549b-4127-46a1-8b11-70eaf1b6b27e" 404 - "HEAD http://localhost:8080/v1/AUTH_1410b985dbb7402dbae96bdb126dfd29/gnocchi.b12a549b-4127-46a1-8b11-70eaf1b6b27e?format=json&states=listing" "tx1a9d2a6499a8476999b20-0069331939" "proxy-server 21" 0.0003 "-" 16 0
Dec 5 17:41:13 standalone object-server[123290]: 172.20.0.100 - - [05/Dec/2025:17:41:13 +0000] "GET /d1/351/AUTH_1410b985dbb7402dbae96bdb126dfd29/gnocchi.b12a549b-4127-46a1-8b11-70eaf1b6b27e/none_v3" 404 70 "GET http://localhost:8080/v1/AUTH_1410b985dbb7402dbae96bdb126dfd29/gnocchi.b12a549b-4127-46a1-8b11-70eaf1b6b27e/none_v3" "tx1a9d2a6499a8476999b20-0069331939" "proxy-server 21" 0.0005 "-" 25 0
Dec 5 17:41:13 standalone proxy-server[125058]: 172.18.0.2 ::1 05/Dec/2025/17/41/13 GET /v1/AUTH_1410b985dbb7402dbae96bdb126dfd29/gnocchi.b12a549b-4127-46a1-8b11-70eaf1b6b27e/none_v3 HTTP/1.0 404 - python-swiftclient-3.11.1 gAAAAABpMxh7Zkfo... - 70 - tx1a9d2a6499a8476999b20-0069331939 - 0.0087 - - 1764956473.559409142 1764956473.568144560 0
Dec 5 17:41:13 standalone account-server[123096]: 172.20.0.100 - - [05/Dec/2025:17:41:13 +0000] "PUT /d1/77/AUTH_1410b985dbb7402dbae96bdb126dfd29/gnocchi.b12a549b-4127-46a1-8b11-70eaf1b6b27e" 201 - "PUT http://172.20.0.100:6001/d1/464/AUTH_1410b985dbb7402dbae96bdb126dfd29/gnocchi.b12a549b-4127-46a1-8b11-70eaf1b6b27e" "txefb00869094547a28f256-0069331939" "container-server 14" 0.0056 "-" 23 0
Dec 5 17:41:13 standalone container-server[123124]: 172.20.0.100 - - [05/Dec/2025:17:41:13 +0000] "PUT /d1/464/AUTH_1410b985dbb7402dbae96bdb126dfd29/gnocchi.b12a549b-4127-46a1-8b11-70eaf1b6b27e" 201 - "PUT http://localhost:8080/v1/AUTH_1410b985dbb7402dbae96bdb126dfd29/gnocchi.b12a549b-4127-46a1-8b11-70eaf1b6b27e" "txefb00869094547a28f256-0069331939" "proxy-server 21" 0.0166 "-" 14 0
Dec 5 17:41:13 standalone proxy-server[125058]: 172.18.0.2 ::1 05/Dec/2025/17/41/13 PUT /v1/AUTH_1410b985dbb7402dbae96bdb126dfd29/gnocchi.b12a549b-4127-46a1-8b11-70eaf1b6b27e HTTP/1.0 201 - python-swiftclient-3.11.1 gAAAAABpMxh7Zkfo... - - - txefb00869094547a28f256-0069331939 - 0.0213 - - 1764956473.571817875 1764956473.593124151 0
Dec 5 17:41:13 standalone container-server[123128]: 172.20.0.100 - - [05/Dec/2025:17:41:13 +0000] "HEAD /d1/464/AUTH_1410b985dbb7402dbae96bdb126dfd29/gnocchi.b12a549b-4127-46a1-8b11-70eaf1b6b27e" 204 - "HEAD http://localhost:8080/v1/AUTH_1410b985dbb7402dbae96bdb126dfd29/gnocchi.b12a549b-4127-46a1-8b11-70eaf1b6b27e?format=json&states=listing" "txabb48fffdf4849558852d-0069331939" "proxy-server 21" 0.0026 "-" 15 0
Dec 5 17:41:13 standalone proxy-server[125058]: - - 05/Dec/2025/17/41/13 HEAD /v1/AUTH_1410b985dbb7402dbae96bdb126dfd29/gnocchi.b12a549b-4127-46a1-8b11-70eaf1b6b27e%3Fformat%3Djson%26states%3Dlisting HTTP/1.0 204 - Swift - - - - txabb48fffdf4849558852d-0069331939 - 0.0078 RL - 1764956473.600248098 1764956473.608055592 0
Dec 5 17:41:13 standalone container-server[123124]: 172.20.0.100 - - [05/Dec/2025:17:41:13 +0000] "GET /d1/464/AUTH_1410b985dbb7402dbae96bdb126dfd29/gnocchi.b12a549b-4127-46a1-8b11-70eaf1b6b27e" 200 2 "GET http://localhost:8080/v1/AUTH_1410b985dbb7402dbae96bdb126dfd29/gnocchi.b12a549b-4127-46a1-8b11-70eaf1b6b27e?format=json&states=listing" "txabb48fffdf4849558852d-0069331939" "proxy-server 21" 0.0022 "-" 14 0
Dec 5 17:41:13 standalone proxy-server[125058]: 172.18.0.2 ::1 05/Dec/2025/17/41/13 GET /v1/AUTH_1410b985dbb7402dbae96bdb126dfd29/gnocchi.b12a549b-4127-46a1-8b11-70eaf1b6b27e%3Fformat%3Djson%26states%3Dlisting HTTP/1.0 200 - python-swiftclient-3.11.1 gAAAAABpMxh7Zkfo... - 2 - txabb48fffdf4849558852d-0069331939 - 0.0192 - - 1764956473.598512888 1764956473.617686749 0
