Dec 5 17:41:13 standalone object-server[123288]: 172.20.0.100 - - [05/Dec/2025:17:41:13 +0000] "GET /d1/945/AUTH_1410b985dbb7402dbae96bdb126dfd29/gnocchi.b12a549b-4127-46a1-8b11-70eaf1b6b27e/1764720000.0_mean_300.0_v3" 404 70 "GET http://localhost:8080/v1/AUTH_1410b985dbb7402dbae96bdb126dfd29/gnocchi.b12a549b-4127-46a1-8b11-70eaf1b6b27e/1764720000.0_mean_300.0_v3" "txe15c934499b04eb4949b3-0069331939" "proxy-server 21" 0.0003 "-" 23 0
Dec 5 17:41:13 standalone proxy-server[125058]: 172.18.0.2 ::1 05/Dec/2025/17/41/13 GET /v1/AUTH_1410b985dbb7402dbae96bdb126dfd29/gnocchi.b12a549b-4127-46a1-8b11-70eaf1b6b27e/1764720000.0_mean_300.0_v3 HTTP/1.0 404 - python-swiftclient-3.11.1 gAAAAABpMxh7Zkfo... - 70 - txe15c934499b04eb4949b3-0069331939 - 0.0061 - - 1764956473.623695374 1764956473.629764080 0
Dec 5 17:41:13 standalone container-server[123124]: 172.20.0.100 - - [05/Dec/2025:17:41:13 +0000] "PUT /d1/464/AUTH_1410b985dbb7402dbae96bdb126dfd29/gnocchi.b12a549b-4127-46a1-8b11-70eaf1b6b27e/1764720000.0_mean_300.0_v3" 201 - "PUT http://localhost:8080/d1/945/AUTH_1410b985dbb7402dbae96bdb126dfd29/gnocchi.b12a549b-4127-46a1-8b11-70eaf1b6b27e/1764720000.0_mean_300.0_v3" "tx30628f69d2644b9ba1649-0069331939" "object-server 25" 0.0008 "-" 14 0
Dec 5 17:41:13 standalone object-server[123290]: 172.20.0.100 - - [05/Dec/2025:17:41:13 +0000] "PUT /d1/945/AUTH_1410b985dbb7402dbae96bdb126dfd29/gnocchi.b12a549b-4127-46a1-8b11-70eaf1b6b27e/1764720000.0_mean_300.0_v3" 201 - "PUT http://localhost:8080/v1/AUTH_1410b985dbb7402dbae96bdb126dfd29/gnocchi.b12a549b-4127-46a1-8b11-70eaf1b6b27e/1764720000.0_mean_300.0_v3" "tx30628f69d2644b9ba1649-0069331939" "proxy-server 21" 0.0108 "-" 25 0
Dec 5 17:41:13 standalone proxy-server[125058]: 172.18.0.2 ::1 05/Dec/2025/17/41/13 PUT /v1/AUTH_1410b985dbb7402dbae96bdb126dfd29/gnocchi.b12a549b-4127-46a1-8b11-70eaf1b6b27e/1764720000.0_mean_300.0_v3 HTTP/1.0 201 - python-swiftclient-3.11.1 gAAAAABpMxh7Zkfo... 16 - - tx30628f69d2644b9ba1649-0069331939 - 0.0185 - - 1764956473.634603739 1764956473.653055429 0
Dec 5 17:41:13 standalone container-server[123128]: 172.20.0.100 - - [05/Dec/2025:17:41:13 +0000] "PUT /d1/464/AUTH_1410b985dbb7402dbae96bdb126dfd29/gnocchi.b12a549b-4127-46a1-8b11-70eaf1b6b27e/none_v3" 201 - "PUT http://localhost:8080/d1/351/AUTH_1410b985dbb7402dbae96bdb126dfd29/gnocchi.b12a549b-4127-46a1-8b11-70eaf1b6b27e/none_v3" "tx8c8b11eb87db4432b2845-0069331939" "object-server 24" 0.0010 "-" 15 0
Dec 5 17:41:13 standalone object-server[123289]: 172.20.0.100 - - [05/Dec/2025:17:41:13 +0000] "PUT /d1/351/AUTH_1410b985dbb7402dbae96bdb126dfd29/gnocchi.b12a549b-4127-46a1-8b11-70eaf1b6b27e/none_v3" 201 - "PUT http://localhost:8080/v1/AUTH_1410b985dbb7402dbae96bdb126dfd29/gnocchi.b12a549b-4127-46a1-8b11-70eaf1b6b27e/none_v3" "tx8c8b11eb87db4432b2845-0069331939" "proxy-server 21" 0.0132 "-" 24 0
Dec 5 17:41:13 standalone proxy-server[125058]: 172.18.0.2 ::1 05/Dec/2025/17/41/13 PUT /v1/AUTH_1410b985dbb7402dbae96bdb126dfd29/gnocchi.b12a549b-4127-46a1-8b11-70eaf1b6b27e/none_v3 HTTP/1.0 201 - python-swiftclient-3.11.1 gAAAAABpMxh7Zkfo... 22 - - tx8c8b11eb87db4432b2845-0069331939 - 0.0220 - - 1764956473.657296419 1764956473.679305077 0
Dec 5 17:41:13 standalone container-server[123132]: 172.20.0.100 - - [05/Dec/2025:17:41:13 +0000] "HEAD /d1/822/AUTH_1410b985dbb7402dbae96bdb126dfd29/gnocchi.bbd7f307-4a65-4c53-af23-9f4d2fec76b7" 404 - "HEAD http://localhost:8080/v1/AUTH_1410b985dbb7402dbae96bdb126dfd29/gnocchi.bbd7f307-4a65-4c53-af23-9f4d2fec76b7?format=json&states=listing" "txb7c5efcadb334d36952ea-0069331939" "proxy-server 21" 0.0006 "-" 16 0
Dec 5 17:41:13 standalone object-server[123290]: 172.20.0.100 - - [05/Dec/2025:17:41:13 +0000] "GET /d1/748/AUTH_1410b985dbb7402dbae96bdb126dfd29/gnocchi.bbd7f307-4a65-4c53-af23-9f4d2fec76b7/none_v3" 404 70 "GET http://localhost:8080/v1/AUTH_1410b985dbb7402dbae96bdb126dfd29/gnocchi.bbd7f307-4a65-4c53-af23-9f4d2fec76b7/none_v3" "txb7c5efcadb334d36952ea-0069331939" "proxy-server 21" 0.0005 "-" 25 0
Dec 5 17:41:13 standalone proxy-server[125058]: 172.18.0.2 ::1 05/Dec/2025/17/41/13 GET /v1/AUTH_1410b985dbb7402dbae96bdb126dfd29/gnocchi.bbd7f307-4a65-4c53-af23-9f4d2fec76b7/none_v3 HTTP/1.0 404 - python-swiftclient-3.11.1 gAAAAABpMxh7Zkfo... - 70 - txb7c5efcadb334d36952ea-0069331939 - 0.0131 - - 1764956473.697858810 1764956473.710960865 0
Dec 5 17:41:13 standalone account-server[123096]: 172.20.0.100 - - [05/Dec/2025:17:41:13 +0000] "PUT /d1/77/AUTH_1410b985dbb7402dbae96bdb126dfd29/gnocchi.bbd7f307-4a65-4c53-af23-9f4d2fec76b7" 201 - "PUT http://172.20.0.100:6001/d1/822/AUTH_1410b985dbb7402dbae96bdb126dfd29/gnocchi.bbd7f307-4a65-4c53-af23-9f4d2fec76b7" "txbb310a5f65804a61a8fef-0069331939" "container-server 14" 0.0058 "-" 23 0
Dec 5 17:41:13 standalone container-server[123124]: 172.20.0.100 - - [05/Dec/2025:17:41:13 +0000] "PUT /d1/822/AUTH_1410b985dbb7402dbae96bdb126dfd29/gnocchi.bbd7f307-4a65-4c53-af23-9f4d2fec76b7" 201 - "PUT http://localhost:8080/v1/AUTH_1410b985dbb7402dbae96bdb126dfd29/gnocchi.bbd7f307-4a65-4c53-af23-9f4d2fec76b7" "txbb310a5f65804a61a8fef-0069331939" "proxy-server 21" 0.0218 "-" 14 0
Dec 5 17:41:13 standalone proxy-server[125058]: 172.18.0.2 ::1 05/Dec/2025/17/41/13 PUT /v1/AUTH_1410b985dbb7402dbae96bdb126dfd29/gnocchi.bbd7f307-4a65-4c53-af23-9f4d2fec76b7 HTTP/1.0 201 - python-swiftclient-3.11.1 gAAAAABpMxh7Zkfo... - - - txbb310a5f65804a61a8fef-0069331939 - 0.0295 - - 1764956473.715337515 1764956473.744822264 0
Dec 5 17:41:13 standalone container-server[123124]: 172.20.0.100 - - [05/Dec/2025:17:41:13 +0000] "HEAD /d1/822/AUTH_1410b985dbb7402dbae96bdb126dfd29/gnocchi.bbd7f307-4a65-4c53-af23-9f4d2fec76b7" 204 - "HEAD http://localhost:8080/v1/AUTH_1410b985dbb7402dbae96bdb126dfd29/gnocchi.bbd7f307-4a65-4c53-af23-9f4d2fec76b7?format=json&states=listing" "txc61c04ea113143dda0ef9-0069331939" "proxy-server 21" 0.0023 "-" 14 0
Dec 5 17:41:13 standalone proxy-server[125058]: - - 05/Dec/2025/17/41/13 HEAD /v1/AUTH_1410b985dbb7402dbae96bdb126dfd29/gnocchi.bbd7f307-4a65-4c53-af23-9f4d2fec76b7%3Fformat%3Djson%26states%3Dlisting HTTP/1.0 204 - Swift - - - - txc61c04ea113143dda0ef9-0069331939 - 0.0072 RL - 1764956473.752186060 1764956473.759346962 0
Dec 5 17:41:13 standalone container-server[123146]: 172.20.0.100 - - [05/Dec/2025:17:41:13 +0000] "GET /d1/822/AUTH_1410b985dbb7402dbae96bdb126dfd29/gnocchi.bbd7f307-4a65-4c53-af23-9f4d2fec76b7" 200 2 "GET http://localhost:8080/v1/AUTH_1410b985dbb7402dbae96bdb126dfd29/gnocchi.bbd7f307-4a65-4c53-af23-9f4d2fec76b7?format=json&states=listing" "txc61c04ea113143dda0ef9-0069331939" "proxy-server 21" 0.0038 "-" 17 0
Dec 5 17:41:13 standalone proxy-server[125058]: 172.18.0.2 ::1 05/Dec/2025/17/41/13 GET /v1/AUTH_1410b985dbb7402dbae96bdb126dfd29/gnocchi.bbd7f307-4a65-4c53-af23-9f4d2fec76b7%3Fformat%3Djson%26states%3Dlisting HTTP/1.0 200 - python-swiftclient-3.11.1 gAAAAABpMxh7Zkfo... - 2 - txc61c04ea113143dda0ef9-0069331939 - 0.0210 - - 1764956473.750614882 1764956473.771622658 0
Dec 5 17:41:13 standalone object-server[123290]: 172.20.0.100 - - [05/Dec/2025:17:41:13 +0000] "GET /d1/777/AUTH_1410b985dbb7402dbae96bdb126dfd29/gnocchi.bbd7f307-4a65-4c53-af23-9f4d2fec76b7/1764720000.0_mean_300.0_v3" 404 70 "GET http://localhost:8080/v1/AUTH_1410b985dbb7402dbae96bdb126dfd29/gnocchi.bbd7f307-4a65-4c53-af23-9f4d2fec76b7/1764720000.0_mean_300.0_v3" "txe04c2d90e020417c9108a-0069331939" "proxy-server 21" 0.0006 "-" 25 0
Dec 5 17:41:13 standalone proxy-server[125058]: 172.18.0.2 ::1 05/Dec/2025/17/41/13 GET /v1/AUTH_1410b985dbb7402dbae96bdb126dfd29/gnocchi.bbd7f307-4a65-4c53-af23-9f4d2fec76b7/1764720000.0_mean_300.0_v3 HTTP/1.0 404 - python-swiftclient-3.11.1 gAAAAABpMxh7Zkfo... - 70 - txe04c2d90e020417c9108a-0069331939 - 0.0081 - - 1764956473.777645588 1764956473.785706997 0
Dec 5 17:41:13 standalone container-server[123146]: 172.20.0.100 - - [05/Dec/2025:17:41:13 +0000] "PUT /d1/822/AUTH_1410b985dbb7402dbae96bdb126dfd29/gnocchi.bbd7f307-4a65-4c53-af23-9f4d2fec76b7/1764720000.0_mean_300.0_v3" 201 - "PUT http://localhost:8080/d1/777/AUTH_1410b985dbb7402dbae96bdb126dfd29/gnocchi.bbd7f307-4a65-4c53-af23-9f4d2fec76b7/1764720000.0_mean_300.0_v3" "txa80929af308d48a98ac18-0069331939" "object-server 22" 0.0008 "-" 17 0
Dec 5 17:41:13 standalone object-server[123287]: 172.20.0.100 - - [05/Dec/2025:17:41:13 +0000] "PUT /d1/777/AUTH_1410b985dbb7402dbae96bdb126dfd29/gnocchi.bbd7f307-4a65-4c53-af23-9f4d2fec76b7/1764720000.0_mean_300.0_v3" 201 - "PUT http://localhost:8080/v1/AUTH_1410b985dbb7402dbae96bdb126dfd29/gnocchi.bbd7f307-4a65-4c53-af23-9f4d2fec76b7/1764720000.0_mean_300.0_v3" "txa80929af308d48a98ac18-0069331939" "proxy-server 21" 0.0109 "-" 22 0
Dec 5 17:41:13 standalone proxy-server[125058]: 172.18.0.2 ::1 05/Dec/2025/17/41/13 PUT /v1/AUTH_1410b985dbb7402dbae96bdb126dfd29/gnocchi.bbd7f307-4a65-4c53-af23-9f4d2fec76b7/1764720000.0_mean_300.0_v3 HTTP/1.0 201 - python-swiftclient-3.11.1 gAAAAABpMxh7Zkfo... 16 - - txa80929af308d48a98ac18-0069331939 - 0.0182 - - 1764956473.790304184 1764956473.808498383 0
Dec 5 17:41:13 standalone container-server[123128]: 172.20.0.100 - - [05/Dec/2025:17:41:13 +0000] "PUT /d1/822/AUTH_1410b985dbb7402dbae96bdb126dfd29/gnocchi.bbd7f307-4a65-4c53-af23-9f4d2fec76b7/none_v3" 201 - "PUT http://localhost:8080/d1/748/AUTH_1410b985dbb7402dbae96bdb126dfd29/gnocchi.bbd7f307-4a65-4c53-af23-9f4d2fec76b7/none_v3" "txe2457c5dfdec43cd91e82-0069331939" "object-server 24" 0.0011 "-" 15 0
Dec 5 17:41:13 standalone object-server[123289]: 172.20.0.100 - - [05/Dec/2025:17:41:13 +0000] "PUT /d1/748/AUTH_1410b985dbb7402dbae96bdb126dfd29/gnocchi.bbd7f307-4a65-4c53-af23-9f4d2fec76b7/none_v3" 201 - "PUT http://localhost:8080/v1/AUTH_1410b985dbb7402dbae96bdb126dfd29/gnocchi.bbd7f307-4a65-4c53-af23-9f4d2fec76b7/none_v3" "txe2457c5dfdec43cd91e82-0069331939" "proxy-server 21" 0.0127 "-" 24 0
Dec 5 17:41:13 standalone proxy-server[125058]: 172.18.0.2 ::1 05/Dec/2025/17/41/13 PUT /v1/AUTH_1410b985dbb7402dbae96bdb126dfd29/gnocchi.bbd7f307-4a65-4c53-af23-9f4d2fec76b7/none_v3 HTTP/1.0 201 - python-swiftclient-3.11.1 gAAAAABpMxh7Zkfo... 22 - - txe2457c5dfdec43cd91e82-0069331939 - 0.0212 - - 1764956473.812580585 1764956473.833800554 0
Dec 5 17:41:13 standalone container-server[123146]: 172.20.0.100 - - [05/Dec/2025:17:41:13 +0000] "HEAD /d1/994/AUTH_1410b985dbb7402dbae96bdb126dfd29/gnocchi.549b1ee4-3c27-4550-a391-d813537c4d0c" 404 - "HEAD http://localhost:8080/v1/AUTH_1410b985dbb7402dbae96bdb126dfd29/gnocchi.549b1ee4-3c27-4550-a391-d813537c4d0c?format=json&states=listing" "tx52301f8c818441e583015-0069331939" "proxy-server 21" 0.0006 "-" 17 0
Dec 5 17:41:13 standalone object-server[123288]: 172.20.0.100 - - [05/Dec/2025:17:41:13 +0000] "GET /d1/137/AUTH_1410b985dbb7402dbae96bdb126dfd29/gnocchi.549b1ee4-3c27-4550-a391-d813537c4d0c/none_v3" 404 70 "GET http://localhost:8080/v1/AUTH_1410b985dbb7402dbae96bdb126dfd29/gnocchi.549b1ee4-3c27-4550-a391-d813537c4d0c/none_v3" "tx52301f8c818441e583015-0069331939" "proxy-server 21" 0.0004 "-" 23 0
Dec 5 17:41:13 standalone proxy-server[125058]: 172.18.0.2 ::1 05/Dec/2025/17/41/13 GET /v1/AUTH_1410b985dbb7402dbae96bdb126dfd29/gnocchi.549b1ee4-3c27-4550-a391-d813537c4d0c/none_v3 HTTP/1.0 404 - python-swiftclient-3.11.1 gAAAAABpMxh7Zkfo... - 70 - tx52301f8c818441e583015-0069331939 - 0.0125 - - 1764956473.850683689 1764956473.863162279 0
Dec 5 17:41:13 standalone account-server[123080]: 172.20.0.100 - - [05/Dec/2025:17:41:13 +0000] "PUT /d1/77/AUTH_1410b985dbb7402dbae96bdb126dfd29/gnocchi.549b1ee4-3c27-4550-a391-d813537c4d0c" 201 - "PUT http://172.20.0.100:6001/d1/994/AUTH_1410b985dbb7402dbae96bdb126dfd29/gnocchi.549b1ee4-3c27-4550-a391-d813537c4d0c" "tx5f987de892b4474ea13a8-0069331939" "container-server 15" 0.0064 "-" 22 0
Dec 5 17:41:13 standalone container-server[123128]: 172.20.0.100 - - [05/Dec/2025:17:41:13 +0000] "PUT /d1/994/AUTH_1410b985dbb7402dbae96bdb126dfd29/gnocchi.549b1ee4-3c27-4550-a391-d813537c4d0c" 201 - "PUT http://localhost:8080/v1/AUTH_1410b985dbb7402dbae96bdb126dfd29/gnocchi.549b1ee4-3c27-4550-a391-d813537c4d0c" "tx5f987de892b4474ea13a8-0069331939" "proxy-server 21" 0.0215 "-" 15 0
Dec 5 17:41:13 standalone proxy-server[125058]: 172.18.0.2 ::1 05/Dec/2025/17/41/13 PUT /v1/AUTH_1410b985dbb7402dbae96bdb126dfd29/gnocchi.549b1ee4-3c27-4550-a391-d813537c4d0c HTTP/1.0 201 - python-swiftclient-3.11.1 gAAAAABpMxh7Zkfo... - - - tx5f987de892b4474ea13a8-0069331939 - 0.0282 - - 1764956473.867578983 1764956473.895749092 0
Dec 5 17:41:13 standalone container-server[123146]: 172.20.0.100 - - [05/Dec/2025:17:41:13 +0000] "HEAD /d1/994/AUTH_1410b985dbb7402dbae96bdb126dfd29/gnocchi.549b1ee4-3c27-4550-a391-d813537c4d0c" 204 - "HEAD http://localhost:8080/v1/AUTH_1410b985dbb7402dbae96bdb126dfd29/gnocchi.549b1ee4-3c27-4550-a391-d813537c4d0c?format=json&states=listing" "tx88e90f60a05a4a5482b01-0069331939" "proxy-server 21" 0.0023 "-" 17 0
Dec 5 17:41:13 standalone proxy-server[125058]: - - 05/Dec/2025/17/41/13 HEAD /v1/AUTH_1410b985dbb7402dbae96bdb126dfd29/gnocchi.549b1ee4-3c27-4550-a391-d813537c4d0c%3Fformat%3Djson%26states%3Dlisting HTTP/1.0 204 - Swift - - - - tx88e90f60a05a4a5482b01-0069331939 - 0.0084 RL - 1764956473.903628349 1764956473.912036180 0
Dec 5 17:41:13 standalone container-server[123132]: 172.20.0.100 - - [05/Dec/2025:17:41:13 +0000] "GET /d1/994/AUTH_1410b985dbb7402dbae96bdb126dfd29/gnocchi.549b1ee4-3c27-4550-a391-d813537c4d0c" 200 2 "GET http://localhost:8080/v1/AUTH_1410b985dbb7402dbae96bdb126dfd29/gnocchi.549b1ee4-3c27-4550-a391-d813537c4d0c?format=json&states=listing" "tx88e90f60a05a4a5482b01-0069331939" "proxy-server 21" 0.0055 "-" 16 0
Dec 5 17:41:13 standalone proxy-server[125058]: 172.18.0.2 ::1 05/Dec/2025/17/41/13 GET /v1/AUTH_1410b985dbb7402dbae96bdb126dfd29/gnocchi.549b1ee4-3c27-4550-a391-d813537c4d0c%3Fformat%3Djson%26states%3Dlisting HTTP/1.0 200 - python-swiftclient-3.11.1 gAAAAABpMxh7Zkfo... - 2 - tx88e90f60a05a4a5482b01-0069331939 - 0.0251 - - 1764956473.902066708 1764956473.927143335 0
Dec 5 17:41:13 standalone object-server[123290]: 172.20.0.100 - - [05/Dec/2025:17:41:13 +0000] "GET /d1/264/AUTH_1410b985dbb7402dbae96bdb126dfd29/gnocchi.549b1ee4-3c27-4550-a391-d813537c4d0c/1764720000.0_mean_300.0_v3" 404 70 "GET http://localhost:8080/v1/AUTH_1410b985dbb7402dbae96bdb126dfd29/gnocchi.549b1ee4-3c27-4550-a391-d813537c4d0c/1764720000.0_mean_300.0_v3" "tx707ae3109f184228b7e1d-0069331939" "proxy-server 21" 0.0005 "-" 25 0
Dec 5 17:41:13 standalone proxy-server[125058]: 172.18.0.2 ::1 05/Dec/2025/17/41/13 GET /v1/AUTH_1410b985dbb7402dbae96bdb126dfd29/gnocchi.549b1ee4-3c27-4550-a391-d813537c4d0c/1764720000.0_mean_300.0_v3 HTTP/1.0 404 - python-swiftclient-3.11.1 gAAAAABpMxh7Zkfo... - 70 - tx707ae3109f184228b7e1d-0069331939 - 0.0100 - - 1764956473.933801651 1764956473.943783283 0
Dec 5 17:41:13 standalone container-server[123146]: 172.20.0.100 - - [05/Dec/2025:17:41:13 +0000] "PUT /d1/994/AUTH_1410b985dbb7402dbae96bdb126dfd29/gnocchi.549b1ee4-3c27-4550-a391-d813537c4d0c/1764720000.0_mean_300.0_v3" 201 - "PUT http://localhost:8080/d1/264/AUTH_1410b985dbb7402dbae96bdb126dfd29/gnocchi.549b1ee4-3c27-4550-a391-d813537c4d0c/1764720000.0_mean_300.0_v3" "tx440cb6cb5ded48748d1f0-0069331939" "object-server 23" 0.0010 "-" 17 0
Dec 5 17:41:13 standalone object-server[123288]: 172.20.0.100 - - [05/Dec/2025:17:41:13 +0000] "PUT /d1/264/AUTH_1410b985dbb7402dbae96bdb126dfd29/gnocchi.549b1ee4-3c27-4550-a391-d813537c4d0c/1764720000.0_mean_300.0_v3" 201 - "PUT http://localhost:8080/v1/AUTH_1410b985dbb7402dbae96bdb126dfd29/gnocchi.549b1ee4-3c27-4550-a391-d813537c4d0c/1764720000.0_mean_300.0_v3" "tx440cb6cb5ded48748d1f0-0069331939" "proxy-server 21" 0.0120 "-" 23 0
Dec 5 17:41:13 standalone proxy-server[125058]: 172.18.0.2 ::1 05/Dec/2025/17/41/13 PUT /v1/AUTH_1410b985dbb7402dbae96bdb126dfd29/gnocchi.549b1ee4-3c27-4550-a391-d813537c4d0c/1764720000.0_mean_300.0_v3 HTTP/1.0 201 - python-swiftclient-3.11.1 gAAAAABpMxh7Zkfo... 16 - - tx440cb6cb5ded48748d1f0-0069331939 - 0.0242 - - 1764956473.949611425 1764956473.973788500 0
Dec 5 17:41:13 standalone container-server[123128]: 172.20.0.100 - - [05/Dec/2025:17:41:13 +0000] "PUT /d1/994/AUTH_1410b985dbb7402dbae96bdb126dfd29/gnocchi.549b1ee4-3c27-4550-a391-d813537c4d0c/none_v3" 201 - "PUT http://localhost:8080/d1/137/AUTH_1410b985dbb7402dbae96bdb126dfd29/gnocchi.549b1ee4-3c27-4550-a391-d813537c4d0c/none_v3" "txcb5a1c5c8cb848cd878e0-0069331939" "object-server 23" 0.0009 "-" 15 0
Dec 5 17:41:13 standalone object-server[123288]: 172.20.0.100 - - [05/Dec/2025:17:41:13 +0000] "PUT /d1/137/AUTH_1410b985dbb7402dbae96bdb126dfd29/gnocchi.549b1ee4-3c27-4550-a391-d813537c4d0c/none_v3" 201 - "PUT http://localhost:8080/v1/AUTH_1410b985dbb7402dbae96bdb126dfd29/gnocchi.549b1ee4-3c27-4550-a391-d813537c4d0c/none_v3" "txcb5a1c5c8cb848cd878e0-0069331939" "proxy-server 21" 0.0093 "-" 23 0
Dec 5 17:41:13 standalone proxy-server[125058]: 172.18.0.2 ::1 05/Dec/2025/17/41/13 PUT /v1/AUTH_1410b985dbb7402dbae96bdb126dfd29/gnocchi.549b1ee4-3c27-4550-a391-d813537c4d0c/none_v3 HTTP/1.0 201 - python-swiftclient-3.11.1 gAAAAABpMxh7Zkfo... 22 - - txcb5a1c5c8cb848cd878e0-0069331939 - 0.0151 - - 1764956473.978997469 1764956473.994095802 0
Dec 5 17:41:14 standalone container-server[123124]: 172.20.0.100 - - [05/Dec/2025:17:41:14 +0000] "HEAD /d1/601/AUTH_1410b985dbb7402dbae96bdb126dfd29/gnocchi.731f8009-d94c-495b-b61f-e961e75fa495" 404 - "HEAD http://localhost:8080/v1/AUTH_1410b985dbb7402dbae96bdb126dfd29/gnocchi.731f8009-d94c-495b-b61f-e961e75fa495?format=json&states=listing" "txcaa60e423c034964b709b-006933193a" "proxy-server 21" 0.0006 "-" 14 0
Dec 5 17:41:14 standalone object-server[123288]: 172.20.0.100 - - [05/Dec/2025:17:41:14 +0000] "GET /d1/128/AUTH_1410b985dbb7402dbae96bdb126dfd29/gnocchi.731f8009-d94c-495b-b61f-e961e75fa495/none_v3" 404 70 "GET http://localhost:8080/v1/AUTH_1410b985dbb7402dbae96bdb126dfd29/gnocchi.731f8009-d94c-495b-b61f-e961e75fa495/none_v3" "txcaa60e423c034964b709b-006933193a" "proxy-server 21" 0.0009 "-" 23 0
Dec 5 17:41:14 standalone proxy-server[125058]: 172.18.0.2 ::1 05/Dec/2025/17/41/14 GET /v1/AUTH_1410b985dbb7402dbae96bdb126dfd29/gnocchi.731f8009-d94c-495b-b61f-e961e75fa495/none_v3 HTTP/1.0 404 - python-swiftclient-3.11.1 gAAAAABpMxh7Zkfo... - 70 - txcaa60e423c034964b709b-006933193a - 0.0138 - - 1764956474.011798382 1764956474.025557041 0
Dec 5 17:41:14 standalone account-server[123071]: 172.20.0.100 - - [05/Dec/2025:17:41:14 +0000] "PUT /d1/77/AUTH_1410b985dbb7402dbae96bdb126dfd29/gnocchi.731f8009-d94c-495b-b61f-e961e75fa495" 201 - "PUT http://172.20.0.100:6001/d1/601/AUTH_1410b985dbb7402dbae96bdb126dfd29/gnocchi.731f8009-d94c-495b-b61f-e961e75fa495" "tx0987738d3efa427396e23-006933193a" "container-server 17" 0.0069 "-" 20 0
Dec 5 17:41:14 standalone container-server[123146]: 172.20.0.100 - - [05/Dec/2025:17:41:14 +0000] "PUT /d1/601/AUTH_1410b985dbb7402dbae96bdb126dfd29/gnocchi.731f8009-d94c-495b-b61f-e961e75fa495" 201 - "PUT http://localhost:8080/v1/AUTH_1410b985dbb7402dbae96bdb126dfd29/gnocchi.731f8009-d94c-495b-b61f-e961e75fa495" "tx0987738d3efa427396e23-006933193a" "proxy-server 21" 0.0211 "-" 17 0
Dec 5 17:41:14 standalone proxy-server[125058]: 172.18.0.2 ::1 05/Dec/2025/17/41/14 PUT /v1/AUTH_1410b985dbb7402dbae96bdb126dfd29/gnocchi.731f8009-d94c-495b-b61f-e961e75fa495 HTTP/1.0 201 - python-swiftclient-3.11.1 gAAAAABpMxh7Zkfo... - - - tx0987738d3efa427396e23-006933193a - 0.0282 - - 1764956474.032552242 1764956474.060706139 0
Dec 5 17:41:14 standalone container-server[123146]: 172.20.0.100 - - [05/Dec/2025:17:41:14 +0000] "HEAD /d1/601/AUTH_1410b985dbb7402dbae96bdb126dfd29/gnocchi.731f8009-d94c-495b-b61f-e961e75fa495" 204 - "HEAD http://localhost:8080/v1/AUTH_1410b985dbb7402dbae96bdb126dfd29/gnocchi.731f8009-d94c-495b-b61f-e961e75fa495?format=json&states=listing" "tx425cbef7a31b42868c70d-006933193a" "proxy-server 21" 0.0023 "-" 17 0
Dec 5 17:41:14 standalone proxy-server[125058]: - - 05/Dec/2025/17/41/14 HEAD /v1/AUTH_1410b985dbb7402dbae96bdb126dfd29/gnocchi.731f8009-d94c-495b-b61f-e961e75fa495%3Fformat%3Djson%26states%3Dlisting HTTP/1.0 204 - Swift - - - - tx425cbef7a31b42868c70d-006933193a - 0.0059 RL - 1764956474.069458961 1764956474.075392485 0
Dec 5 17:41:14 standalone container-server[123128]: 172.20.0.100 - - [05/Dec/2025:17:41:14 +0000] "GET /d1/601/AUTH_1410b985dbb7402dbae96bdb126dfd29/gnocchi.731f8009-d94c-495b-b61f-e961e75fa495" 200 2 "GET http://localhost:8080/v1/AUTH_1410b985dbb7402dbae96bdb126dfd29/gnocchi.731f8009-d94c-495b-b61f-e961e75fa495?format=json&states=listing" "tx425cbef7a31b42868c70d-006933193a" "proxy-server 21" 0.0029 "-" 15 0
Dec 5 17:41:14 standalone proxy-server[125058]: 172.18.0.2 ::1 05/Dec/2025/17/41/14 GET /v1/AUTH_1410b985dbb7402dbae96bdb126dfd29/gnocchi.731f8009-d94c-495b-b61f-e961e75fa495%3Fformat%3Djson%26states%3Dlisting HTTP/1.0 200 - python-swiftclient-3.11.1 gAAAAABpMxh7Zkfo... - 2 - tx425cbef7a31b42868c70d-006933193a - 0.0196 - - 1764956474.067985296 1764956474.087583780 0
Dec 5 17:41:14 standalone object-server[123287]: 172.20.0.100 - - [05/Dec/2025:17:41:14 +0000] "GET /d1/437/AUTH_1410b985dbb7402dbae96bdb126dfd29/gnocchi.731f8009-d94c-495b-b61f-e961e75fa495/1764720000.0_mean_300.0_v3" 404 70 "GET http://localhost:8080/v1/AUTH_1410b985dbb7402dbae96bdb126dfd29/gnocchi.731f8009-d94c-495b-b61f-e961e75fa495/1764720000.0_mean_300.0_v3" "txd72f63ef300944efaaea3-006933193a" "proxy-server 21" 0.0007 "-" 22 0
Dec 5 17:41:14 standalone proxy-server[125058]: 172.18.0.2 ::1 05/Dec/2025/17/41/14 GET /v1/AUTH_1410b985dbb7402dbae96bdb126dfd29/gnocchi.731f8009-d94c-495b-b61f-e961e75fa495/1764720000.0_mean_300.0_v3 HTTP/1.0 404 - python-swiftclient-3.11.1 gAAAAABpMxh7Zkfo... - 70 - txd72f63ef300944efaaea3-006933193a - 0.0105 - - 1764956474.094334602 1764956474.104810476 0
Dec 5 17:41:14 standalone container-server[123146]: 172.20.0.100 - - [05/Dec/2025:17:41:14 +0000] "PUT /d1/601/AUTH_1410b985dbb7402dbae96bdb126dfd29/gnocchi.731f8009-d94c-495b-b61f-e961e75fa495/1764720000.0_mean_300.0_v3" 201 - "PUT http://localhost:8080/d1/437/AUTH_1410b985dbb7402dbae96bdb126dfd29/gnocchi.731f8009-d94c-495b-b61f-e961e75fa495/1764720000.0_mean_300.0_v3" "txd325191058374a2b94b4d-006933193a" "object-server 24" 0.0010 "-" 17 0
Dec 5 17:41:14 standalone object-server[123289]: 172.20.0.100 - - [05/Dec/2025:17:41:14 +0000] "PUT /d1/437/AUTH_1410b985dbb7402dbae96bdb126dfd29/gnocchi.731f8009-d94c-495b-b61f-e961e75fa495/1764720000.0_mean_300.0_v3" 201 - "PUT http://localhost:8080/v1/AUTH_1410b985dbb7402dbae96bdb126dfd29/gnocchi.731f8009-d94c-495b-b61f-e961e75fa495/1764720000.0_mean_300.0_v3" "txd325191058374a2b94b4d-006933193a" "proxy-server 21" 0.0119 "-" 24 0
Dec 5 17:41:14 standalone proxy-server[125058]: 172.18.0.2 ::1 05/Dec/2025/17/41/14 PUT /v1/AUTH_1410b985dbb7402dbae96bdb126dfd29/gnocchi.731f8009-d94c-495b-b61f-e961e75fa495/1764720000.0_mean_300.0_v3 HTTP/1.0 201 - python-swiftclient-3.11.1 gAAAAABpMxh7Zkfo... 16 - - txd325191058374a2b94b4d-006933193a - 0.0215 - - 1764956474.110850096 1764956474.132342815 0
Dec 5 17:41:14 standalone container-server[123124]: 172.20.0.100 - - [05/Dec/2025:17:41:14 +0000] "PUT /d1/601/AUTH_1410b985dbb7402dbae96bdb126dfd29/gnocchi.731f8009-d94c-495b-b61f-e961e75fa495/none_v3" 201 - "PUT http://localhost:8080/d1/128/AUTH_1410b985dbb7402dbae96bdb126dfd29/gnocchi.731f8009-d94c-495b-b61f-e961e75fa495/none_v3" "tx2b319d486e074f099bd15-006933193a" "object-server 25" 0.0007 "-" 14 0
Dec 5 17:41:14 standalone object-server[123290]: 172.20.0.100 - - [05/Dec/2025:17:41:14 +0000] "PUT /d1/128/AUTH_1410b985dbb7402dbae96bdb126dfd29/gnocchi.731f8009-d94c-495b-b61f-e961e75fa495/none_v3" 201 - "PUT http://localhost:8080/v1/AUTH_1410b985dbb7402dbae96bdb126dfd29/gnocchi.731f8009-d94c-495b-b61f-e961e75fa495/none_v3" "tx2b319d486e074f099bd15-006933193a" "proxy-server 21" 0.0102 "-" 25 0
Dec 5 17:41:14 standalone proxy-server[125058]: 172.18.0.2 ::1 05/Dec/2025/17/41/14 PUT /v1/AUTH_1410b985dbb7402dbae96bdb126dfd29/gnocchi.731f8009-d94c-495b-b61f-e961e75fa495/none_v3 HTTP/1.0 201 - python-swiftclient-3.11.1 gAAAAABpMxh7Zkfo... 22 - - tx2b319d486e074f099bd15-006933193a - 0.0186 - - 1764956474.137832165 1764956474.156415224 0
Dec 5 17:41:14 standalone container-server[123124]: 172.20.0.100 - - [05/Dec/2025:17:41:14 +0000] "HEAD /d1/951/AUTH_1410b985dbb7402dbae96bdb126dfd29/gnocchi.e9599eec-246c-4587-8fab-9d29b25f2544" 404 - "HEAD http://localhost:8080/v1/AUTH_1410b985dbb7402dbae96bdb126dfd29/gnocchi.e9599eec-246c-4587-8fab-9d29b25f2544?format=json&states=listing" "tx6064ac0f5185434bb603e-006933193a" "proxy-server 21" 0.0004 "-" 14 0
Dec 5 17:41:14 standalone object-server[123287]: 172.20.0.100 - - [05/Dec/2025:17:41:14 +0000] "GET /d1/48/AUTH_1410b985dbb7402dbae96bdb126dfd29/gnocchi.e9599eec-246c-4587-8fab-9d29b25f2544/none_v3" 404 70 "GET http://localhost:8080/v1/AUTH_1410b985dbb7402dbae96bdb126dfd29/gnocchi.e9599eec-246c-4587-8fab-9d29b25f2544/none_v3" "tx6064ac0f5185434bb603e-006933193a" "proxy-server 21" 0.0006 "-" 22 0
Dec 5 17:41:14 standalone proxy-server[125058]: 172.18.0.2 ::1 05/Dec/2025/17/41/14 GET /v1/AUTH_1410b985dbb7402dbae96bdb126dfd29/gnocchi.e9599eec-246c-4587-8fab-9d29b25f2544/none_v3 HTTP/1.0 404 - python-swiftclient-3.11.1 gAAAAABpMxh7Zkfo... - 70 - tx6064ac0f5185434bb603e-006933193a - 0.0134 - - 1764956474.172716141 1764956474.186146975 0
Dec 5 17:41:14 standalone account-server[123096]: 172.20.0.100 - - [05/Dec/2025:17:41:14 +0000] "PUT /d1/77/AUTH_1410b985dbb7402dbae96bdb126dfd29/gnocchi.e9599eec-246c-4587-8fab-9d29b25f2544" 201 - "PUT http://172.20.0.100:6001/d1/951/AUTH_1410b985dbb7402dbae96bdb126dfd29/gnocchi.e9599eec-246c-4587-8fab-9d29b25f2544" "txaa8dccef196b41959c1a3-006933193a" "container-server 14" 0.0060 "-" 23 0
Dec 5 17:41:14 standalone container-server[123124]: 172.20.0.100 - - [05/Dec/2025:17:41:14 +0000] "PUT /d1/951/AUTH_1410b985dbb7402dbae96bdb126dfd29/gnocchi.e9599eec-246c-4587-8fab-9d29b25f2544" 201 - "PUT http://localhost:8080/v1/AUTH_1410b985dbb7402dbae96bdb126dfd29/gnocchi.e9599eec-246c-4587-8fab-9d29b25f2544" "txaa8dccef196b41959c1a3-006933193a" "proxy-server 21" 0.0186 "-" 14 0
Dec 5 17:41:14 standalone proxy-server[125058]: 172.18.0.2 ::1 05/Dec/2025/17/41/14 PUT /v1/AUTH_1410b985dbb7402dbae96bdb126dfd29/gnocchi.e9599eec-246c-4587-8fab-9d29b25f2544 HTTP/1.0 201 - python-swiftclient-3.11.1 gAAAAABpMxh7Zkfo... - - - txaa8dccef196b41959c1a3-006933193a - 0.0265 - - 1764956474.192236900 1764956474.218722582 0
Dec 5 17:41:14 standalone container-server[123132]: 172.20.0.100 - - [05/Dec/2025:17:41:14 +0000] "HEAD /d1/951/AUTH_1410b985dbb7402dbae96bdb126dfd29/gnocchi.e9599eec-246c-4587-8fab-9d29b25f2544" 204 - "HEAD http://localhost:8080/v1/AUTH_1410b985dbb7402dbae96bdb126dfd29/gnocchi.e9599eec-246c-4587-8fab-9d29b25f2544?format=json&states=listing" "tx16eef30e0efb48cca6d57-006933193a" "proxy-server 21" 0.0024 "-" 16 0
Dec 5 17:41:14 standalone proxy-server[125058]: - - 05/Dec/2025/17/41/14 HEAD /v1/AUTH_1410b985dbb7402dbae96bdb126dfd29/gnocchi.e9599eec-246c-4587-8fab-9d29b25f2544%3Fformat%3Djson%26states%3Dlisting HTTP/1.0 204 - Swift - - - - tx16eef30e0efb48cca6d57-006933193a - 0.0078 RL - 1764956474.226282358 1764956474.234055281 0
Dec 5 17:41:14 standalone container-server[123128]: 172.20.0.100 - - [05/Dec/2025:17:41:14 +0000] "GET /d1/951/AUTH_1410b985dbb7402dbae96bdb126dfd29/gnocchi.e9599eec-246c-4587-8fab-9d29b25f2544" 200 2 "GET http://localhost:8080/v1/AUTH_1410b985dbb7402dbae96bdb126dfd29/gnocchi.e9599eec-246c-4587-8fab-9d29b25f2544?format=json&states=listing" "tx16eef30e0efb48cca6d57-006933193a" "proxy-server 21" 0.0039 "-" 15 0
Dec 5 17:41:14 standalone proxy-server[125058]: 172.18.0.2 ::1 05/Dec/2025/17/41/14 GET /v1/AUTH_1410b985dbb7402dbae96bdb126dfd29/gnocchi.e9599eec-246c-4587-8fab-9d29b25f2544%3Fformat%3Djson%26states%3Dlisting HTTP/1.0 200 - python-swiftclient-3.11.1 gAAAAABpMxh7Zkfo... - 2 - tx16eef30e0efb48cca6d57-006933193a - 0.0236 - - 1764956474.224145174 1764956474.247699976 0
Dec 5 17:41:14 standalone object-server[123288]: 172.20.0.100 - - [05/Dec/2025:17:41:14 +0000] "GET /d1/946/AUTH_1410b985dbb7402dbae96bdb126dfd29/gnocchi.e9599eec-246c-4587-8fab-9d29b25f2544/1764720000.0_mean_300.0_v3" 404 70 "GET http://localhost:8080/v1/AUTH_1410b985dbb7402dbae96bdb126dfd29/gnocchi.e9599eec-246c-4587-8fab-9d29b25f2544/1764720000.0_mean_300.0_v3" "tx324c59028b32424588d7f-006933193a" "proxy-server 21" 0.0006 "-" 23 0
Dec 5 17:41:14 standalone proxy-server[125058]: 172.18.0.2 ::1 05/Dec/2025/17/41/14 GET /v1/AUTH_1410b985dbb7402dbae96bdb126dfd29/gnocchi.e9599eec-246c-4587-8fab-9d29b25f2544/1764720000.0_mean_300.0_v3 HTTP/1.0 404 - python-swiftclient-3.11.1 gAAAAABpMxh7Zkfo... - 70 - tx324c59028b32424588d7f-006933193a - 0.0729 - - 1764956474.254639387 1764956474.327554464 0
Dec 5 17:41:14 standalone container-server[123132]: 172.20.0.100 - - [05/Dec/2025:17:41:14 +0000] "PUT /d1/951/AUTH_1410b985dbb7402dbae96bdb126dfd29/gnocchi.e9599eec-246c-4587-8fab-9d29b25f2544/1764720000.0_mean_300.0_v3" 201 - "PUT http://localhost:8080/d1/946/AUTH_1410b985dbb7402dbae96bdb126dfd29/gnocchi.e9599eec-246c-4587-8fab-9d29b25f2544/1764720000.0_mean_300.0_v3" "tx40a65e52474540d4a6280-006933193a" "object-server 24" 0.0008 "-" 16 0
Dec 5 17:41:14 standalone object-server[123289]: 172.20.0.100 - - [05/Dec/2025:17:41:14 +0000] "PUT /d1/946/AUTH_1410b985dbb7402dbae96bdb126dfd29/gnocchi.e9599eec-246c-4587-8fab-9d29b25f2544/1764720000.0_mean_300.0_v3" 201 - "PUT http://localhost:8080/v1/AUTH_1410b985dbb7402dbae96bdb126dfd29/gnocchi.e9599eec-246c-4587-8fab-9d29b25f2544/1764720000.0_mean_300.0_v3" "tx40a65e52474540d4a6280-006933193a" "proxy-server 21" 0.0105 "-" 24 0
Dec 5 17:41:14 standalone proxy-server[125058]: 172.18.0.2 ::1 05/Dec/2025/17/41/14 PUT /v1/AUTH_1410b985dbb7402dbae96bdb126dfd29/gnocchi.e9599eec-246c-4587-8fab-9d29b25f2544/1764720000.0_mean_300.0_v3 HTTP/1.0 201 - python-swiftclient-3.11.1 gAAAAABpMxh7Zkfo... 16 - - tx40a65e52474540d4a6280-006933193a - 0.0179 - - 1764956474.332014084 1764956474.349933863 0
Dec 5 17:41:14 standalone container-server[123128]: 172.20.0.100 - - [05/Dec/2025:17:41:14 +0000] "PUT /d1/951/AUTH_1410b985dbb7402dbae96bdb126dfd29/gnocchi.e9599eec-246c-4587-8fab-9d29b25f2544/none_v3" 201 - "PUT http://localhost:8080/d1/48/AUTH_1410b985dbb7402dbae96bdb126dfd29/gnocchi.e9599eec-246c-4587-8fab-9d29b25f2544/none_v3" "tx713a08a93de94b1c9c8fe-006933193a" "object-server 23" 0.0010 "-" 15 0
Dec 5 17:41:14 standalone object-server[123288]: 172.20.0.100 - - [05/Dec/2025:17:41:14 +0000] "PUT /d1/48/AUTH_1410b985dbb7402dbae96bdb126dfd29/gnocchi.e9599eec-246c-4587-8fab-9d29b25f2544/none_v3" 201 - "PUT http://localhost:8080/v1/AUTH_1410b985dbb7402dbae96bdb126dfd29/gnocchi.e9599eec-246c-4587-8fab-9d29b25f2544/none_v3" "tx713a08a93de94b1c9c8fe-006933193a" "proxy-server 21" 0.0136 "-" 23 0
Dec 5 17:41:14 standalone proxy-server[125058]: 172.18.0.2 ::1 05/Dec/2025/17/41/14 PUT /v1/AUTH_1410b985dbb7402dbae96bdb126dfd29/gnocchi.e9599eec-246c-4587-8fab-9d29b25f2544/none_v3 HTTP/1.0 201 - python-swiftclient-3.11.1 gAAAAABpMxh7Zkfo... 22 - - tx713a08a93de94b1c9c8fe-006933193a - 0.0196 - - 1764956474.353044510 1764956474.372663260 0
Dec 5 17:42:33 standalone account-server[123071]: 172.20.0.100 - - [05/Dec/2025:17:42:33 +0000] "HEAD /d1/901/.expiring_objects" 404 - "HEAD http://localhost/v1/.expiring_objects?format=json" "tx1816a3e86d29449fbbb6c-0069331989" "proxy-server 2" 0.0007 "-" 20 -
Dec 5 17:42:33 standalone object-expirer[123141]: Pass completed in 0s; 0 objects expired (txn: tx1816a3e86d29449fbbb6c-0069331989)
Dec 5 17:43:32 standalone container-server[122905]: Begin container update sweep
Dec 5 17:43:32 standalone account-server[123080]: 172.20.0.100 - - [05/Dec/2025:17:43:32 +0000] "PUT /d1/77/AUTH_1410b985dbb7402dbae96bdb126dfd29/gnocchi.3046d410-3c38-41b5-bd8c-26ba44e15116" 201 - "-" "-" "container-updater 2" 0.0016 "-" 22 0
Dec 5 17:43:32 standalone account-server[123096]: 172.20.0.100 - - [05/Dec/2025:17:43:32 +0000] "PUT /d1/77/AUTH_1410b985dbb7402dbae96bdb126dfd29/gnocchi.f96c47d7-7679-4a03-ae2b-7c0918c2bd4f" 201 - "-" "-" "container-updater 2" 0.0004 "-" 23 0
Dec 5 17:43:32 standalone account-server[123080]: 172.20.0.100 - - [05/Dec/2025:17:43:32 +0000] "PUT /d1/77/AUTH_1410b985dbb7402dbae96bdb126dfd29/gnocchi.e723de5f-2eea-475e-b44c-80240b20f086" 201 - "-" "-" "container-updater 2" 0.0006 "-" 22 0
Dec 5 17:43:32 standalone account-server[123079]: 172.20.0.100 - - [05/Dec/2025:17:43:32 +0000] "PUT /d1/77/AUTH_1410b985dbb7402dbae96bdb126dfd29/gnocchi.461f7179-ee55-496e-b985-012021ea9f10" 201 - "-" "-" "container-updater 2" 0.0007 "-" 21 0
Dec 5 17:43:32 standalone account-server[123096]: 172.20.0.100 - - [05/Dec/2025:17:43:32 +0000] "PUT /d1/77/AUTH_1410b985dbb7402dbae96bdb126dfd29/gnocchi.bbd7f307-4a65-4c53-af23-9f4d2fec76b7" 201 - "-" "-" "container-updater 2" 0.0004 "-" 23 0
Dec 5 17:43:32 standalone account-server[123096]: 172.20.0.100 - - [05/Dec/2025:17:43:32 +0000] "PUT /d1/77/AUTH_1410b985dbb7402dbae96bdb126dfd29/gnocchi.21880008-770e-4dc5-ad7b-3b04754e3830" 201 - "-" "-" "container-updater 2" 0.0004 "-" 23 0
Dec 5 17:43:32 standalone account-server[123096]: 172.20.0.100 - - [05/Dec/2025:17:43:32 +0000] "PUT /d1/77/AUTH_1410b985dbb7402dbae96bdb126dfd29/gnocchi.1265450d-65f4-4db7-8998-6d18458ad280" 201 - "-" "-" "container-updater 2" 0.0009 "-" 23 0
Dec 5 17:43:32 standalone account-server[123080]: 172.20.0.100 - - [05/Dec/2025:17:43:32 +0000] "PUT /d1/77/AUTH_1410b985dbb7402dbae96bdb126dfd29/gnocchi.f2e806af-f304-4f3d-adb7-7c52b17798b1" 201 - "-" "-" "container-updater 2" 0.0009 "-" 22 0
Dec 5 17:43:32 standalone account-server[123071]: 172.20.0.100 - - [05/Dec/2025:17:43:32 +0000] "PUT /d1/77/AUTH_1410b985dbb7402dbae96bdb126dfd29/gnocchi.4596ca4f-170e-4aeb-ba3d-deb8469c6260" 201 - "-" "-" "container-updater 2" 0.0004 "-" 20 0
Dec 5 17:43:32 standalone account-server[123071]: 172.20.0.100 - - [05/Dec/2025:17:43:32 +0000] "PUT /d1/77/AUTH_1410b985dbb7402dbae96bdb126dfd29/gnocchi.9c0d1323-85cb-4d42-b448-c451a750fa4f" 201 - "-" "-" "container-updater 2" 0.0006 "-" 20 0
Dec 5 17:43:33 standalone account-server[123080]: 172.20.0.100 - - [05/Dec/2025:17:43:33 +0000] "PUT /d1/77/AUTH_1410b985dbb7402dbae96bdb126dfd29/gnocchi.ee7c244d-98c8-45a1-b693-19ada7d23f5d" 201 - "-" "-" "container-updater 2" 0.0008 "-" 22 0
Dec 5 17:43:33 standalone account-server[123079]: 172.20.0.100 - - [05/Dec/2025:17:43:33 +0000] "PUT /d1/77/AUTH_1410b985dbb7402dbae96bdb126dfd29/gnocchi.731f8009-d94c-495b-b61f-e961e75fa495" 201 - "-" "-" "container-updater 2" 0.0007 "-" 21 0
Dec 5 17:43:33 standalone account-server[123071]: 172.20.0.100 - - [05/Dec/2025:17:43:33 +0000] "PUT /d1/77/AUTH_1410b985dbb7402dbae96bdb126dfd29/gnocchi.b12a549b-4127-46a1-8b11-70eaf1b6b27e" 201 - "-" "-" "container-updater 2" 0.0007 "-" 20 0
Dec 5 17:43:33 standalone account-server[123071]: 172.20.0.100 - - [05/Dec/2025:17:43:33 +0000] "PUT /d1/77/AUTH_1410b985dbb7402dbae96bdb126dfd29/gnocchi.17f23fda-e999-45fd-9b39-79e676ad4c97" 201 - "-" "-" "container-updater 2" 0.0009 "-" 20 0
Dec 5 17:43:33 standalone account-server[123096]: 172.20.0.100 - - [05/Dec/2025:17:43:33 +0000] "PUT /d1/77/AUTH_1410b985dbb7402dbae96bdb126dfd29/gnocchi.23ca2ce5-9632-4722-90ac-e239f915c40e" 201 - "-" "-" "container-updater 2" 0.0005 "-" 23 0
Dec 5 17:43:33 standalone account-server[123079]: 172.20.0.100 - - [05/Dec/2025:17:43:33 +0000] "PUT /d1/77/AUTH_1410b985dbb7402dbae96bdb126dfd29/gnocchi.84363ad4-921d-4f4a-8bcf-2a48af129981" 201 - "-" "-" "container-updater 2" 0.0007 "-" 21 0
Dec 5 17:43:33 standalone account-server[123096]: 172.20.0.100 - - [05/Dec/2025:17:43:33 +0000] "PUT /d1/77/AUTH_1410b985dbb7402dbae96bdb126dfd29/gnocchi.3dc29f7f-e209-4529-8729-f10e2a183af1" 201 - "-" "-" "container-updater 2" 0.0005 "-" 23 0
Dec 5 17:43:33 standalone account-server[123080]: 172.20.0.100 - - [05/Dec/2025:17:43:33 +0000] "PUT /d1/77/AUTH_1410b985dbb7402dbae96bdb126dfd29/gnocchi.8b8c59db-56de-4a03-b4f5-a8880a1cd4c7" 201 - "-" "-" "container-updater 2" 0.0007 "-" 22 0
Dec 5 17:43:34 standalone account-server[123080]: 172.20.0.100 - - [05/Dec/2025:17:43:34 +0000] "PUT /d1/77/AUTH_1410b985dbb7402dbae96bdb126dfd29/gnocchi.e9599eec-246c-4587-8fab-9d29b25f2544" 201 - "-" "-" "container-updater 2" 0.0005 "-" 22 0
Dec 5 17:43:34 standalone account-server[123080]: 172.20.0.100 - - [05/Dec/2025:17:43:34 +0000] "PUT /d1/77/AUTH_1410b985dbb7402dbae96bdb126dfd29/gnocchi.d9254ac2-9f20-4460-971a-a462375e654c" 201 - "-" "-" "container-updater 2" 0.0006 "-" 22 0
Dec 5 17:43:34 standalone account-server[123096]: 172.20.0.100 - - [05/Dec/2025:17:43:34 +0000] "PUT /d1/77/AUTH_1410b985dbb7402dbae96bdb126dfd29/gnocchi.549b1ee4-3c27-4550-a391-d813537c4d0c" 201 - "-" "-" "container-updater 2" 0.0004 "-" 23 0
Dec 5 17:43:34 standalone account-server[123080]: 172.20.0.100 - - [05/Dec/2025:17:43:34 +0000] "PUT /d1/77/AUTH_1410b985dbb7402dbae96bdb126dfd29/gnocchi.966d4a62-bac6-47b4-aa2b-1e1bc389e405" 201 - "-" "-" "container-updater 2" 0.0004 "-" 22 0
Dec 5 17:43:34 standalone container-server[122905]: Container update sweep completed: 2.26s
Dec 5 17:43:55 standalone object-server[123187]: Begin object update sweep
Dec 5 17:43:55 standalone object-server[244848]: Object update sweep starting on /srv/node/d1 (pid: 15)
Dec 5 17:43:55 standalone object-server[244848]: Object update sweep completed on /srv/node/d1 in 0.00s seconds:, 0 successes, 0 failures, 0 quarantines, 0 unlinks, 0 errors, 0 redirects (pid: 15)
Dec 5 17:43:55 standalone object-server[244848]: Object update sweep of d1 completed: 0.00s, 0 successes, 0 failures, 0 quarantines, 0 unlinks, 0 errors, 0 redirects
Dec 5 17:43:55 standalone object-server[123187]: Object update sweep completed: 0.08s
Dec 5 17:45:50 standalone account-server[123079]: 172.20.0.100 - - [05/Dec/2025:17:45:50 +0000] "HEAD /d1/901/.expiring_objects" 404 - "HEAD http://localhost/v1/.expiring_objects?format=json" "txccedbe2b4aba460c98368-0069331a4e" "proxy-server 2" 0.0009 "-" 21 -
Dec 5 17:45:50 standalone object-expirer[123141]: Pass completed in 0s; 0 objects expired (txn: txccedbe2b4aba460c98368-0069331a4e)
Dec 5 17:46:11 standalone account-server[122841]: Devices pass completed: 0.00s
Dec 5 17:48:32 standalone container-server[122905]: Begin container update sweep
Dec 5 17:48:33 standalone container-server[122905]: Container update sweep completed: 1.62s
Dec 5 17:48:55 standalone object-server[123187]: Begin object update sweep
Dec 5 17:48:55 standalone object-server[270775]: Object update sweep starting on /srv/node/d1 (pid: 16)
Dec 5 17:48:55 standalone object-server[270775]: Object update sweep completed on /srv/node/d1 in 0.00s seconds:, 0 successes, 0 failures, 0 quarantines, 0 unlinks, 0 errors, 0 redirects (pid: 16)
Dec 5 17:48:55 standalone object-server[270775]: Object update sweep of d1 completed: 0.00s, 0 successes, 0 failures, 0 quarantines, 0 unlinks, 0 errors, 0 redirects
Dec 5 17:48:55 standalone object-server[123187]: Object update sweep completed: 0.08s
Dec 5 17:49:16 standalone account-server[123079]: 172.20.0.100 - - [05/Dec/2025:17:49:16 +0000] "HEAD /d1/901/.expiring_objects" 404 - "HEAD http://localhost/v1/.expiring_objects?format=json" "tx9868118e76fd4e63bd070-0069331b1c" "proxy-server 2" 0.0007 "-" 21 -
Dec 5 17:49:16 standalone object-expirer[123141]: Pass completed in 0s; 0 objects expired (txn: tx9868118e76fd4e63bd070-0069331b1c)
Dec 5 17:52:27 standalone account-server[123071]: 172.20.0.31 - - [05/Dec/2025:17:52:27 +0000] "HEAD /d1/987/AUTH_65dcbdc402f14d4fb9964feb5a0c9929" 404 - "HEAD http://swift-public-openstack.apps-crc.testing/v1/AUTH_65dcbdc402f14d4fb9964feb5a0c9929?format=json" "tx1ce0d9efc1574dff8a704-0069331bdb" "proxy-server 12" 0.0010 "-" 20 -
Dec 5 17:52:28 standalone account-server[123096]: 172.20.0.31 - - [05/Dec/2025:17:52:28 +0000] "GET /d1/987/AUTH_65dcbdc402f14d4fb9964feb5a0c9929" 404 - "GET http://swift-public-openstack.apps-crc.testing/v1/AUTH_65dcbdc402f14d4fb9964feb5a0c9929?format=json" "tx1ce0d9efc1574dff8a704-0069331bdb" "proxy-server 12" 0.0005 "-" 23 -
Dec 5 17:53:32 standalone container-server[122905]: Begin container update sweep
Dec 5 17:53:33 standalone container-server[122905]: Container update sweep completed: 1.52s
Dec 5 17:53:55 standalone object-server[123187]: Begin object update sweep
Dec 5 17:53:55 standalone object-server[291449]: Object update sweep starting on /srv/node/d1 (pid: 17)
Dec 5 17:53:55 standalone object-server[291449]: Object update sweep completed on /srv/node/d1 in 0.00s seconds:, 0 successes, 0 failures, 0 quarantines, 0 unlinks, 0 errors, 0 redirects (pid: 17)
Dec 5 17:53:55 standalone object-server[291449]: Object update sweep of d1 completed: 0.00s, 0 successes, 0 failures, 0 quarantines, 0 unlinks, 0 errors, 0 redirects
Dec 5 17:53:55 standalone object-server[123187]: Object update sweep completed: 0.08s
Dec 5 17:53:59 standalone account-server[123080]: 172.20.0.100 - - [05/Dec/2025:17:53:59 +0000] "HEAD /d1/901/.expiring_objects" 404 - "HEAD http://localhost/v1/.expiring_objects?format=json" "tx8bb9e8b8bafb416d9e89d-0069331c37" "proxy-server 2" 0.0008 "-" 22 -
Dec 5 17:53:59 standalone object-expirer[123141]: Pass completed in 0s; 0 objects expired (txn: tx8bb9e8b8bafb416d9e89d-0069331c37)
Dec 5 17:56:47 standalone account-server[123071]: 172.20.0.100 - - [05/Dec/2025:17:56:47 +0000] "HEAD /d1/901/.expiring_objects" 404 - "HEAD http://localhost/v1/.expiring_objects?format=json" "tx850d292f832d4cf1a3e32-0069331cdf" "proxy-server 2" 0.0009 "-" 20 -
Dec 5 17:56:47 standalone object-expirer[123141]: Pass completed in 0s; 0 objects expired (txn: tx850d292f832d4cf1a3e32-0069331cdf)
Dec 5 17:58:32 standalone container-server[122905]: Begin container update sweep
Dec 5 17:58:33 standalone container-server[122905]: Container update sweep completed: 1.31s
Dec 5 17:58:55 standalone object-server[123187]: Begin object update sweep
Dec 5 17:58:55 standalone object-server[311783]: Object update sweep starting on /srv/node/d1 (pid: 18)
Dec 5 17:58:55 standalone object-server[311783]: Object update sweep completed on /srv/node/d1 in 0.00s seconds:, 0 successes, 0 failures, 0 quarantines, 0 unlinks, 0 errors, 0 redirects (pid: 18)
Dec 5 17:58:55 standalone object-server[311783]: Object update sweep of d1 completed: 0.00s, 0 successes, 0 failures, 0 quarantines, 0 unlinks, 0 errors, 0 redirects
Dec 5 17:58:55 standalone object-server[123187]: Object update sweep completed: 0.08s
Dec 5 17:59:01 standalone account-server[123096]: 172.20.0.100 - - [05/Dec/2025:17:59:01 +0000] "HEAD /d1/901/.expiring_objects" 404 - "HEAD http://localhost/v1/.expiring_objects?format=json" "txed2f2ae75ef74babb58f0-0069331d65" "proxy-server 2" 0.0007 "-" 23 -
Dec 5 17:59:01 standalone object-expirer[123141]: Pass completed in 0s; 0 objects expired (txn: txed2f2ae75ef74babb58f0-0069331d65)
Dec 5 17:59:02 standalone account-server[123071]: 172.20.0.31 - - [05/Dec/2025:17:59:02 +0000] "HEAD /d1/77/AUTH_1410b985dbb7402dbae96bdb126dfd29" 204 - "HEAD http://swift-internal.openstack.svc:8080/v1/AUTH_1410b985dbb7402dbae96bdb126dfd29?format=json" "txa8959ffdc7844eec9260e-0069331d66" "proxy-server 11" 0.0132 "-" 20 -
Dec 5 17:59:03 standalone container-server[123124]: 172.20.0.31 - - [05/Dec/2025:17:59:03 +0000] "HEAD /d1/472/AUTH_1410b985dbb7402dbae96bdb126dfd29/glance" 204 - "HEAD http://swift-internal.openstack.svc:8080/v1/AUTH_1410b985dbb7402dbae96bdb126dfd29/glance?format=json&states=listing" "txa8959ffdc7844eec9260e-0069331d66" "proxy-server 11" 0.0028 "-" 14 0
Dec 5 17:59:05 standalone container-server[123124]: 172.20.0.100 - - [05/Dec/2025:17:59:05 +0000] "PUT /d1/472/AUTH_1410b985dbb7402dbae96bdb126dfd29/glance/2cd45337-2d2e-4884-964b-1bf8f790f76c-00001" 201 - "PUT http://swift-internal.openstack.svc:8080/d1/542/AUTH_1410b985dbb7402dbae96bdb126dfd29/glance/2cd45337-2d2e-4884-964b-1bf8f790f76c-00001" "tx75e80aef62bc4823998ba-0069331d67" "object-server 25" 0.0008 "-" 14 0
Dec 5 17:59:05 standalone object-server[123290]: 172.20.0.31 - - [05/Dec/2025:17:59:05 +0000] "PUT /d1/542/AUTH_1410b985dbb7402dbae96bdb126dfd29/glance/2cd45337-2d2e-4884-964b-1bf8f790f76c-00001" 201 - "PUT http://swift-internal.openstack.svc:8080/v1/AUTH_1410b985dbb7402dbae96bdb126dfd29/glance/2cd45337-2d2e-4884-964b-1bf8f790f76c-00001" "tx75e80aef62bc4823998ba-0069331d67" "proxy-server 11" 2.1802 "-" 25 0
Dec 5 17:59:07 standalone container-server[123124]: 172.20.0.100 - - [05/Dec/2025:17:59:07 +0000] "PUT /d1/472/AUTH_1410b985dbb7402dbae96bdb126dfd29/glance/2cd45337-2d2e-4884-964b-1bf8f790f76c-00002" 201 - "PUT http://swift-internal.openstack.svc:8080/d1/773/AUTH_1410b985dbb7402dbae96bdb126dfd29/glance/2cd45337-2d2e-4884-964b-1bf8f790f76c-00002" "tx9ffd0c3306634c4cb1a49-0069331d69" "object-server 24" 0.0006 "-" 14 0
Dec 5 17:59:07 standalone object-server[123289]: 172.20.0.31 - - [05/Dec/2025:17:59:07 +0000] "PUT /d1/773/AUTH_1410b985dbb7402dbae96bdb126dfd29/glance/2cd45337-2d2e-4884-964b-1bf8f790f76c-00002" 201 - "PUT http://swift-internal.openstack.svc:8080/v1/AUTH_1410b985dbb7402dbae96bdb126dfd29/glance/2cd45337-2d2e-4884-964b-1bf8f790f76c-00002" "tx9ffd0c3306634c4cb1a49-0069331d69" "proxy-server 11" 2.4709 "-" 24 0
Dec 5 17:59:09 standalone container-server[123132]: 172.20.0.100 - - [05/Dec/2025:17:59:09 +0000] "PUT /d1/472/AUTH_1410b985dbb7402dbae96bdb126dfd29/glance/2cd45337-2d2e-4884-964b-1bf8f790f76c-00003" 201 - "PUT http://swift-internal.openstack.svc:8080/d1/675/AUTH_1410b985dbb7402dbae96bdb126dfd29/glance/2cd45337-2d2e-4884-964b-1bf8f790f76c-00003" "tx997531ee941943d0bd8b2-0069331d6b" "object-server 24" 0.0014 "-" 16 0
Dec 5 17:59:09 standalone object-server[123289]: 172.20.0.31 - - [05/Dec/2025:17:59:09 +0000] "PUT /d1/675/AUTH_1410b985dbb7402dbae96bdb126dfd29/glance/2cd45337-2d2e-4884-964b-1bf8f790f76c-00003" 201 - "PUT http://swift-internal.openstack.svc:8080/v1/AUTH_1410b985dbb7402dbae96bdb126dfd29/glance/2cd45337-2d2e-4884-964b-1bf8f790f76c-00003" "tx997531ee941943d0bd8b2-0069331d6b" "proxy-server 11" 1.5541 "-" 24 0
Dec 5 17:59:09 standalone container-server[123132]: 172.20.0.100 - - [05/Dec/2025:17:59:09 +0000] "PUT /d1/472/AUTH_1410b985dbb7402dbae96bdb126dfd29/glance/2cd45337-2d2e-4884-964b-1bf8f790f76c" 201 - "PUT http://swift-internal.openstack.svc:8080/d1/163/AUTH_1410b985dbb7402dbae96bdb126dfd29/glance/2cd45337-2d2e-4884-964b-1bf8f790f76c" "txbf0c62c0e46f4045b49f8-0069331d6d" "object-server 22" 0.0007 "-" 16 0
Dec 5 17:59:09 standalone object-server[123287]: 172.20.0.31 - - [05/Dec/2025:17:59:09 +0000] "PUT /d1/163/AUTH_1410b985dbb7402dbae96bdb126dfd29/glance/2cd45337-2d2e-4884-964b-1bf8f790f76c" 201 - "PUT http://swift-internal.openstack.svc:8080/v1/AUTH_1410b985dbb7402dbae96bdb126dfd29/glance/2cd45337-2d2e-4884-964b-1bf8f790f76c" "txbf0c62c0e46f4045b49f8-0069331d6d" "proxy-server 11" 0.0113 "-" 22 0
Dec 5 18:02:10 standalone account-server[123096]: 172.20.0.100 - - [05/Dec/2025:18:02:10 +0000] "HEAD /d1/901/.expiring_objects" 404 - "HEAD http://localhost/v1/.expiring_objects?format=json" "tx5ddd2cef476a41dea206d-0069331e22" "proxy-server 2" 0.0007 "-" 23 -
Dec 5 18:02:10 standalone object-expirer[123141]: Pass completed in 0s; 0 objects expired (txn: tx5ddd2cef476a41dea206d-0069331e22)
Dec 5 18:03:32 standalone container-server[122905]: Begin container update sweep
Dec 5 18:03:33 standalone account-server[123071]: 172.20.0.100 - - [05/Dec/2025:18:03:33 +0000] "PUT /d1/77/AUTH_1410b985dbb7402dbae96bdb126dfd29/glance" 201 - "-" "-" "container-updater 2" 0.0010 "-" 20 0
Dec 5 18:03:33 standalone container-server[122905]: Container update sweep completed: 1.32s
Dec 5 18:03:55 standalone object-server[123187]: Begin object update sweep
Dec 5 18:03:55 standalone object-server[332388]: Object update sweep starting on /srv/node/d1 (pid: 19)
Dec 5 18:03:55 standalone object-server[332388]: Object update sweep completed on /srv/node/d1 in 0.00s seconds:, 0 successes, 0 failures, 0 quarantines, 0 unlinks, 0 errors, 0 redirects (pid: 19)
Dec 5 18:03:55 standalone object-server[332388]: Object update sweep of d1 completed: 0.00s, 0 successes, 0 failures, 0 quarantines, 0 unlinks, 0 errors, 0 redirects
Dec 5 18:03:55 standalone object-server[123187]: Object update sweep completed: 0.06s
Dec 5 18:04:41 standalone account-server[123096]: 172.20.0.100 - - [05/Dec/2025:18:04:41 +0000] "HEAD /d1/901/.expiring_objects" 404 - "HEAD http://localhost/v1/.expiring_objects?format=json" "txd33e5e3e1da7416393ef3-0069331eb9" "proxy-server 2" 0.0005 "-" 23 -
Dec 5 18:04:41 standalone object-expirer[123141]: Pass completed in 0s; 0 objects expired (txn: txd33e5e3e1da7416393ef3-0069331eb9)
Dec 5 18:05:11 standalone account-server[123071]: 172.20.0.31 - - [05/Dec/2025:18:05:11 +0000] "HEAD /d1/987/AUTH_65dcbdc402f14d4fb9964feb5a0c9929" 404 - "HEAD http://swift-internal.openstack.svc:8080/v1/AUTH_65dcbdc402f14d4fb9964feb5a0c9929?format=json" "tx162343d11bae40eab2d52-0069331ed7" "proxy-server 6" 0.0008 "-" 20 -
Dec 5 18:05:11 standalone account-server[123096]: 172.20.0.31 - - [05/Dec/2025:18:05:11 +0000] "HEAD /d1/987/AUTH_65dcbdc402f14d4fb9964feb5a0c9929" 404 - "HEAD http://swift-internal.openstack.svc:8080/v1/AUTH_65dcbdc402f14d4fb9964feb5a0c9929?format=json" "tx162343d11bae40eab2d52-0069331ed7" "proxy-server 6" 0.0008 "-" 23 -
Dec 5 18:05:12 standalone account-server[123071]: 172.20.0.31 - - [05/Dec/2025:18:05:12 +0000] "HEAD /d1/77/AUTH_1410b985dbb7402dbae96bdb126dfd29" 204 - "HEAD http://swift-internal.openstack.svc:8080/v1/AUTH_1410b985dbb7402dbae96bdb126dfd29?format=json" "tx7cdc5b2455ef4f04a3878-0069331ed8" "proxy-server 13" 0.3496 "-" 20 -
Dec 5 18:05:12 standalone account-server[123096]: 172.20.0.31 - - [05/Dec/2025:18:05:12 +0000] "HEAD /d1/77/AUTH_1410b985dbb7402dbae96bdb126dfd29" 204 - "HEAD http://swift-internal.openstack.svc:8080/v1/AUTH_1410b985dbb7402dbae96bdb126dfd29?format=json" "tx7cdc5b2455ef4f04a3878-0069331ed8" "proxy-server 13" 0.0017 "-" 23 -
