Mar 18 23:39:58 np0005651379.novalocal object-server[100257]: ::1 - - [19/Mar/2026:03:39:58 +0000] "PUT /3/148405/AUTH_2c0dd7efa1e94d879bc5da8c6f19a646/gnocchi.e37f1257-8e60-4ff0-84eb-2cf00963f994/none_v3" 201 - "PUT https://[::1]:8080/v1/AUTH_2c0dd7efa1e94d879bc5da8c6f19a646/gnocchi.e37f1257-8e60-4ff0-84eb-2cf00963f994/none_v3" "tx4916b74807a748c4bfdd7-0069bb700e" "proxy-server 101374" 0.0188 "-" 100257 0
Mar 18 23:39:58 np0005651379.novalocal proxy-server[101374]: ::1 ::1 19/Mar/2026/03/39/58 PUT /v1/AUTH_2c0dd7efa1e94d879bc5da8c6f19a646/gnocchi.e37f1257-8e60-4ff0-84eb-2cf00963f994/none_v3 HTTP/1.0 201 - python-swiftclient-4.8.0 gAAAAABpu2_xITFz... 32 - - tx4916b74807a748c4bfdd7-0069bb700e - 0.0300 - - 1773891598.080058813 1773891598.110037565 0 e61d2c26cb6146fb88642c1126e377de
Mar 18 23:39:58 np0005651379.novalocal object-server[100257]: ::1 - - [19/Mar/2026:03:39:58 +0000] "GET /2/258539/AUTH_2c0dd7efa1e94d879bc5da8c6f19a646/gnocchi.337c6276-ef19-4334-bb43-a59c7c949b9f/none_v3" 200 22 "GET https://[::1]:8080/v1/AUTH_2c0dd7efa1e94d879bc5da8c6f19a646/gnocchi.337c6276-ef19-4334-bb43-a59c7c949b9f/none_v3" "tx197adce902ac47929d7e8-0069bb700e" "proxy-server 101374" 0.0013 "-" 100257 0
Mar 18 23:39:58 np0005651379.novalocal proxy-server[101374]: ::1 ::1 19/Mar/2026/03/39/58 GET /v1/AUTH_2c0dd7efa1e94d879bc5da8c6f19a646/gnocchi.337c6276-ef19-4334-bb43-a59c7c949b9f/none_v3 HTTP/1.0 200 - python-swiftclient-4.8.0 gAAAAABpu2_xITFz... - 22 - tx197adce902ac47929d7e8-0069bb700e - 0.0074 - - 1773891598.136067867 1773891598.143470287 0 e61d2c26cb6146fb88642c1126e377de
Mar 18 23:39:58 np0005651379.novalocal container-server[99868]: ::1 - - [19/Mar/2026:03:39:58 +0000] "GET /2/30630/AUTH_2c0dd7efa1e94d879bc5da8c6f19a646/gnocchi.337c6276-ef19-4334-bb43-a59c7c949b9f" 200 357 "GET https://[::1]:8080/v1/AUTH_2c0dd7efa1e94d879bc5da8c6f19a646/gnocchi.337c6276-ef19-4334-bb43-a59c7c949b9f?format=json&states=listing" "txe6bd6a804dfd43329f534-0069bb700e" "proxy-server 101374" 0.0037 "-" 99868 0
Mar 18 23:39:58 np0005651379.novalocal proxy-server[101374]: ::1 ::1 19/Mar/2026/03/39/58 GET /v1/AUTH_2c0dd7efa1e94d879bc5da8c6f19a646/gnocchi.337c6276-ef19-4334-bb43-a59c7c949b9f%3Fformat%3Djson%26states%3Dlisting HTTP/1.0 200 - python-swiftclient-4.8.0 gAAAAABpu2_xITFz... - 357 - txe6bd6a804dfd43329f534-0069bb700e - 0.0094 - - 1773891598.146029234 1773891598.155437469 0 e61d2c26cb6146fb88642c1126e377de
Mar 18 23:39:58 np0005651379.novalocal container-server[99867]: ::1 - - [19/Mar/2026:03:39:58 +0000] "GET /3/30630/AUTH_2c0dd7efa1e94d879bc5da8c6f19a646/gnocchi.337c6276-ef19-4334-bb43-a59c7c949b9f" 200 2 "GET https://[::1]:8080/v1/AUTH_2c0dd7efa1e94d879bc5da8c6f19a646/gnocchi.337c6276-ef19-4334-bb43-a59c7c949b9f?format=json&marker=none_v3&states=listing" "txd9ca543c55334199905bb-0069bb700e" "proxy-server 101374" 0.0028 "-" 99867 0
Mar 18 23:39:58 np0005651379.novalocal proxy-server[101374]: ::1 ::1 19/Mar/2026/03/39/58 GET /v1/AUTH_2c0dd7efa1e94d879bc5da8c6f19a646/gnocchi.337c6276-ef19-4334-bb43-a59c7c949b9f%3Fformat%3Djson%26marker%3Dnone_v3%26states%3Dlisting HTTP/1.0 200 - python-swiftclient-4.8.0 gAAAAABpu2_xITFz... - 2 - txd9ca543c55334199905bb-0069bb700e - 0.0083 - - 1773891598.158420563 1773891598.166747093 0 e61d2c26cb6146fb88642c1126e377de
Mar 18 23:39:58 np0005651379.novalocal object-server[100257]: ::1 - - [19/Mar/2026:03:39:58 +0000] "GET /3/131054/AUTH_2c0dd7efa1e94d879bc5da8c6f19a646/gnocchi.337c6276-ef19-4334-bb43-a59c7c949b9f/1773360000.0_mean_300.0_v3" 200 16 "GET https://[::1]:8080/v1/AUTH_2c0dd7efa1e94d879bc5da8c6f19a646/gnocchi.337c6276-ef19-4334-bb43-a59c7c949b9f/1773360000.0_mean_300.0_v3" "tx672028c3b6a84261a0a92-0069bb700e" "proxy-server 101374" 0.0019 "-" 100257 0
Mar 18 23:39:58 np0005651379.novalocal proxy-server[101374]: ::1 ::1 19/Mar/2026/03/39/58 GET /v1/AUTH_2c0dd7efa1e94d879bc5da8c6f19a646/gnocchi.337c6276-ef19-4334-bb43-a59c7c949b9f/1773360000.0_mean_300.0_v3 HTTP/1.0 200 - python-swiftclient-4.8.0 gAAAAABpu2_xITFz... - 16 - tx672028c3b6a84261a0a92-0069bb700e - 0.0087 - - 1773891598.169731855 1773891598.178478479 0 e61d2c26cb6146fb88642c1126e377de
Mar 18 23:39:58 np0005651379.novalocal container-server[99867]: ::1 - - [19/Mar/2026:03:39:58 +0000] "PUT /2/30630/AUTH_2c0dd7efa1e94d879bc5da8c6f19a646/gnocchi.337c6276-ef19-4334-bb43-a59c7c949b9f/1773360000.0_mean_300.0_v3" 201 - "PUT http://[::1]:8080/1/131054/AUTH_2c0dd7efa1e94d879bc5da8c6f19a646/gnocchi.337c6276-ef19-4334-bb43-a59c7c949b9f/1773360000.0_mean_300.0_v3" "tx075254498b634b5094543-0069bb700e" "object-server 100257" 0.0006 "-" 99867 0
Mar 18 23:39:58 np0005651379.novalocal object-server[100257]: ::1 - - [19/Mar/2026:03:39:58 +0000] "PUT /1/131054/AUTH_2c0dd7efa1e94d879bc5da8c6f19a646/gnocchi.337c6276-ef19-4334-bb43-a59c7c949b9f/1773360000.0_mean_300.0_v3" 201 - "PUT https://[::1]:8080/v1/AUTH_2c0dd7efa1e94d879bc5da8c6f19a646/gnocchi.337c6276-ef19-4334-bb43-a59c7c949b9f/1773360000.0_mean_300.0_v3" "tx075254498b634b5094543-0069bb700e" "proxy-server 101374" 0.0127 "-" 100257 0
Mar 18 23:39:58 np0005651379.novalocal container-server[99868]: ::1 - - [19/Mar/2026:03:39:58 +0000] "PUT /3/30630/AUTH_2c0dd7efa1e94d879bc5da8c6f19a646/gnocchi.337c6276-ef19-4334-bb43-a59c7c949b9f/1773360000.0_mean_300.0_v3" 201 - "PUT http://[::1]:8080/2/131054/AUTH_2c0dd7efa1e94d879bc5da8c6f19a646/gnocchi.337c6276-ef19-4334-bb43-a59c7c949b9f/1773360000.0_mean_300.0_v3" "tx075254498b634b5094543-0069bb700e" "object-server 100256" 0.0012 "-" 99868 0
Mar 18 23:39:58 np0005651379.novalocal object-server[100256]: ::1 - - [19/Mar/2026:03:39:58 +0000] "PUT /2/131054/AUTH_2c0dd7efa1e94d879bc5da8c6f19a646/gnocchi.337c6276-ef19-4334-bb43-a59c7c949b9f/1773360000.0_mean_300.0_v3" 201 - "PUT https://[::1]:8080/v1/AUTH_2c0dd7efa1e94d879bc5da8c6f19a646/gnocchi.337c6276-ef19-4334-bb43-a59c7c949b9f/1773360000.0_mean_300.0_v3" "tx075254498b634b5094543-0069bb700e" "proxy-server 101374" 0.0136 "-" 100256 0
Mar 18 23:39:58 np0005651379.novalocal container-server[99868]: ::1 - - [19/Mar/2026:03:39:58 +0000] "PUT /1/30630/AUTH_2c0dd7efa1e94d879bc5da8c6f19a646/gnocchi.337c6276-ef19-4334-bb43-a59c7c949b9f/1773360000.0_mean_300.0_v3" 201 - "PUT http://[::1]:8080/3/131054/AUTH_2c0dd7efa1e94d879bc5da8c6f19a646/gnocchi.337c6276-ef19-4334-bb43-a59c7c949b9f/1773360000.0_mean_300.0_v3" "tx075254498b634b5094543-0069bb700e" "object-server 100257" 0.0009 "-" 99868 0
Mar 18 23:39:58 np0005651379.novalocal object-server[100257]: ::1 - - [19/Mar/2026:03:39:58 +0000] "PUT /3/131054/AUTH_2c0dd7efa1e94d879bc5da8c6f19a646/gnocchi.337c6276-ef19-4334-bb43-a59c7c949b9f/1773360000.0_mean_300.0_v3" 201 - "PUT https://[::1]:8080/v1/AUTH_2c0dd7efa1e94d879bc5da8c6f19a646/gnocchi.337c6276-ef19-4334-bb43-a59c7c949b9f/1773360000.0_mean_300.0_v3" "tx075254498b634b5094543-0069bb700e" "proxy-server 101374" 0.0155 "-" 100257 0
Mar 18 23:39:58 np0005651379.novalocal proxy-server[101374]: ::1 ::1 19/Mar/2026/03/39/58 PUT /v1/AUTH_2c0dd7efa1e94d879bc5da8c6f19a646/gnocchi.337c6276-ef19-4334-bb43-a59c7c949b9f/1773360000.0_mean_300.0_v3 HTTP/1.0 201 - python-swiftclient-4.8.0 gAAAAABpu2_xITFz... 16 - - tx075254498b634b5094543-0069bb700e - 0.0324 - - 1773891598.180899858 1773891598.213349581 0 e61d2c26cb6146fb88642c1126e377de
Mar 18 23:39:58 np0005651379.novalocal container-server[99868]: ::1 - - [19/Mar/2026:03:39:58 +0000] "PUT /1/30630/AUTH_2c0dd7efa1e94d879bc5da8c6f19a646/gnocchi.337c6276-ef19-4334-bb43-a59c7c949b9f/none_v3" 201 - "PUT http://[::1]:8080/3/258539/AUTH_2c0dd7efa1e94d879bc5da8c6f19a646/gnocchi.337c6276-ef19-4334-bb43-a59c7c949b9f/none_v3" "tx19fdc018dd704b0b895c5-0069bb700e" "object-server 100256" 0.0009 "-" 99868 0
Mar 18 23:39:58 np0005651379.novalocal object-server[100256]: ::1 - - [19/Mar/2026:03:39:58 +0000] "PUT /3/258539/AUTH_2c0dd7efa1e94d879bc5da8c6f19a646/gnocchi.337c6276-ef19-4334-bb43-a59c7c949b9f/none_v3" 201 - "PUT https://[::1]:8080/v1/AUTH_2c0dd7efa1e94d879bc5da8c6f19a646/gnocchi.337c6276-ef19-4334-bb43-a59c7c949b9f/none_v3" "tx19fdc018dd704b0b895c5-0069bb700e" "proxy-server 101374" 0.0129 "-" 100256 0
Mar 18 23:39:58 np0005651379.novalocal container-server[99868]: ::1 - - [19/Mar/2026:03:39:58 +0000] "PUT /3/30630/AUTH_2c0dd7efa1e94d879bc5da8c6f19a646/gnocchi.337c6276-ef19-4334-bb43-a59c7c949b9f/none_v3" 201 - "PUT http://[::1]:8080/2/258539/AUTH_2c0dd7efa1e94d879bc5da8c6f19a646/gnocchi.337c6276-ef19-4334-bb43-a59c7c949b9f/none_v3" "tx19fdc018dd704b0b895c5-0069bb700e" "object-server 100256" 0.0008 "-" 99868 0
Mar 18 23:39:58 np0005651379.novalocal object-server[100256]: ::1 - - [19/Mar/2026:03:39:58 +0000] "PUT /2/258539/AUTH_2c0dd7efa1e94d879bc5da8c6f19a646/gnocchi.337c6276-ef19-4334-bb43-a59c7c949b9f/none_v3" 201 - "PUT https://[::1]:8080/v1/AUTH_2c0dd7efa1e94d879bc5da8c6f19a646/gnocchi.337c6276-ef19-4334-bb43-a59c7c949b9f/none_v3" "tx19fdc018dd704b0b895c5-0069bb700e" "proxy-server 101374" 0.0138 "-" 100256 0
Mar 18 23:39:58 np0005651379.novalocal container-server[99868]: ::1 - - [19/Mar/2026:03:39:58 +0000] "PUT /2/30630/AUTH_2c0dd7efa1e94d879bc5da8c6f19a646/gnocchi.337c6276-ef19-4334-bb43-a59c7c949b9f/none_v3" 201 - "PUT http://[::1]:8080/1/258539/AUTH_2c0dd7efa1e94d879bc5da8c6f19a646/gnocchi.337c6276-ef19-4334-bb43-a59c7c949b9f/none_v3" "tx19fdc018dd704b0b895c5-0069bb700e" "object-server 100256" 0.0006 "-" 99868 0
Mar 18 23:39:58 np0005651379.novalocal object-server[100256]: ::1 - - [19/Mar/2026:03:39:58 +0000] "PUT /1/258539/AUTH_2c0dd7efa1e94d879bc5da8c6f19a646/gnocchi.337c6276-ef19-4334-bb43-a59c7c949b9f/none_v3" 201 - "PUT https://[::1]:8080/v1/AUTH_2c0dd7efa1e94d879bc5da8c6f19a646/gnocchi.337c6276-ef19-4334-bb43-a59c7c949b9f/none_v3" "tx19fdc018dd704b0b895c5-0069bb700e" "proxy-server 101374" 0.0193 "-" 100256 0
Mar 18 23:39:58 np0005651379.novalocal proxy-server[101374]: ::1 ::1 19/Mar/2026/03/39/58 PUT /v1/AUTH_2c0dd7efa1e94d879bc5da8c6f19a646/gnocchi.337c6276-ef19-4334-bb43-a59c7c949b9f/none_v3 HTTP/1.0 201 - python-swiftclient-4.8.0 gAAAAABpu2_xITFz... 33 - - tx19fdc018dd704b0b895c5-0069bb700e - 0.0304 - - 1773891598.216087341 1773891598.246465683 0 e61d2c26cb6146fb88642c1126e377de
Mar 18 23:39:58 np0005651379.novalocal object-server[100256]: ::1 - - [19/Mar/2026:03:39:58 +0000] "GET /2/209206/AUTH_2c0dd7efa1e94d879bc5da8c6f19a646/gnocchi.8a522cf2-c5d2-4769-87fe-8b6b31d8fead/none_v3" 200 41 "GET https://[::1]:8080/v1/AUTH_2c0dd7efa1e94d879bc5da8c6f19a646/gnocchi.8a522cf2-c5d2-4769-87fe-8b6b31d8fead/none_v3" "tx346978e10aa94a4d93830-0069bb700e" "proxy-server 101374" 0.0006 "-" 100256 0
Mar 18 23:39:58 np0005651379.novalocal proxy-server[101374]: ::1 ::1 19/Mar/2026/03/39/58 GET /v1/AUTH_2c0dd7efa1e94d879bc5da8c6f19a646/gnocchi.8a522cf2-c5d2-4769-87fe-8b6b31d8fead/none_v3 HTTP/1.0 200 - python-swiftclient-4.8.0 gAAAAABpu2_xITFz... - 41 - tx346978e10aa94a4d93830-0069bb700e - 0.0080 - - 1773891598.265190363 1773891598.273221493 0 e61d2c26cb6146fb88642c1126e377de
Mar 18 23:39:58 np0005651379.novalocal container-server[99868]: ::1 - - [19/Mar/2026:03:39:58 +0000] "GET /1/165574/AUTH_2c0dd7efa1e94d879bc5da8c6f19a646/gnocchi.8a522cf2-c5d2-4769-87fe-8b6b31d8fead" 200 357 "GET https://[::1]:8080/v1/AUTH_2c0dd7efa1e94d879bc5da8c6f19a646/gnocchi.8a522cf2-c5d2-4769-87fe-8b6b31d8fead?format=json&states=listing" "txf47092edc2914b7d9c4ff-0069bb700e" "proxy-server 101374" 0.0134 "-" 99868 0
Mar 18 23:39:58 np0005651379.novalocal proxy-server[101374]: ::1 ::1 19/Mar/2026/03/39/58 GET /v1/AUTH_2c0dd7efa1e94d879bc5da8c6f19a646/gnocchi.8a522cf2-c5d2-4769-87fe-8b6b31d8fead%3Fformat%3Djson%26states%3Dlisting HTTP/1.0 200 - python-swiftclient-4.8.0 gAAAAABpu2_xITFz... - 357 - txf47092edc2914b7d9c4ff-0069bb700e - 0.0262 - - 1773891598.276019812 1773891598.302173853 0 e61d2c26cb6146fb88642c1126e377de
Mar 18 23:39:58 np0005651379.novalocal container-server[99868]: ::1 - - [19/Mar/2026:03:39:58 +0000] "GET /2/165574/AUTH_2c0dd7efa1e94d879bc5da8c6f19a646/gnocchi.8a522cf2-c5d2-4769-87fe-8b6b31d8fead" 200 2 "GET https://[::1]:8080/v1/AUTH_2c0dd7efa1e94d879bc5da8c6f19a646/gnocchi.8a522cf2-c5d2-4769-87fe-8b6b31d8fead?format=json&marker=none_v3&states=listing" "txdfa25f1959734a3da2977-0069bb700e" "proxy-server 101374" 0.0100 "-" 99868 0
Mar 18 23:39:58 np0005651379.novalocal proxy-server[101374]: ::1 ::1 19/Mar/2026/03/39/58 GET /v1/AUTH_2c0dd7efa1e94d879bc5da8c6f19a646/gnocchi.8a522cf2-c5d2-4769-87fe-8b6b31d8fead%3Fformat%3Djson%26marker%3Dnone_v3%26states%3Dlisting HTTP/1.0 200 - python-swiftclient-4.8.0 gAAAAABpu2_xITFz... - 2 - txdfa25f1959734a3da2977-0069bb700e - 0.0181 - - 1773891598.304735661 1773891598.322802067 0 e61d2c26cb6146fb88642c1126e377de
Mar 18 23:39:58 np0005651379.novalocal object-server[100257]: ::1 - - [19/Mar/2026:03:39:58 +0000] "GET /3/106653/AUTH_2c0dd7efa1e94d879bc5da8c6f19a646/gnocchi.8a522cf2-c5d2-4769-87fe-8b6b31d8fead/1773360000.0_mean_300.0_v3" 200 16 "GET https://[::1]:8080/v1/AUTH_2c0dd7efa1e94d879bc5da8c6f19a646/gnocchi.8a522cf2-c5d2-4769-87fe-8b6b31d8fead/1773360000.0_mean_300.0_v3" "tx398dc4ca8e4d4f59bac2a-0069bb700e" "proxy-server 101374" 0.0012 "-" 100257 0
Mar 18 23:39:58 np0005651379.novalocal proxy-server[101374]: ::1 ::1 19/Mar/2026/03/39/58 GET /v1/AUTH_2c0dd7efa1e94d879bc5da8c6f19a646/gnocchi.8a522cf2-c5d2-4769-87fe-8b6b31d8fead/1773360000.0_mean_300.0_v3 HTTP/1.0 200 - python-swiftclient-4.8.0 gAAAAABpu2_xITFz... - 16 - tx398dc4ca8e4d4f59bac2a-0069bb700e - 0.0079 - - 1773891598.326016426 1773891598.333878994 0 e61d2c26cb6146fb88642c1126e377de
Mar 18 23:39:58 np0005651379.novalocal container-server[99868]: ::1 - - [19/Mar/2026:03:39:58 +0000] "PUT /3/165574/AUTH_2c0dd7efa1e94d879bc5da8c6f19a646/gnocchi.8a522cf2-c5d2-4769-87fe-8b6b31d8fead/1773360000.0_mean_300.0_v3" 201 - "PUT http://[::1]:8080/2/106653/AUTH_2c0dd7efa1e94d879bc5da8c6f19a646/gnocchi.8a522cf2-c5d2-4769-87fe-8b6b31d8fead/1773360000.0_mean_300.0_v3" "txcc1a9208d11446808d1c3-0069bb700e" "object-server 100256" 0.0007 "-" 99868 0
Mar 18 23:39:58 np0005651379.novalocal object-server[100256]: ::1 - - [19/Mar/2026:03:39:58 +0000] "PUT /2/106653/AUTH_2c0dd7efa1e94d879bc5da8c6f19a646/gnocchi.8a522cf2-c5d2-4769-87fe-8b6b31d8fead/1773360000.0_mean_300.0_v3" 201 - "PUT https://[::1]:8080/v1/AUTH_2c0dd7efa1e94d879bc5da8c6f19a646/gnocchi.8a522cf2-c5d2-4769-87fe-8b6b31d8fead/1773360000.0_mean_300.0_v3" "txcc1a9208d11446808d1c3-0069bb700e" "proxy-server 101374" 0.0116 "-" 100256 0
Mar 18 23:39:58 np0005651379.novalocal container-server[99868]: ::1 - - [19/Mar/2026:03:39:58 +0000] "PUT /1/165574/AUTH_2c0dd7efa1e94d879bc5da8c6f19a646/gnocchi.8a522cf2-c5d2-4769-87fe-8b6b31d8fead/1773360000.0_mean_300.0_v3" 201 - "PUT http://[::1]:8080/1/106653/AUTH_2c0dd7efa1e94d879bc5da8c6f19a646/gnocchi.8a522cf2-c5d2-4769-87fe-8b6b31d8fead/1773360000.0_mean_300.0_v3" "txcc1a9208d11446808d1c3-0069bb700e" "object-server 100256" 0.0005 "-" 99868 0
Mar 18 23:39:58 np0005651379.novalocal container-server[99867]: ::1 - - [19/Mar/2026:03:39:58 +0000] "PUT /2/165574/AUTH_2c0dd7efa1e94d879bc5da8c6f19a646/gnocchi.8a522cf2-c5d2-4769-87fe-8b6b31d8fead/1773360000.0_mean_300.0_v3" 201 - "PUT http://[::1]:8080/3/106653/AUTH_2c0dd7efa1e94d879bc5da8c6f19a646/gnocchi.8a522cf2-c5d2-4769-87fe-8b6b31d8fead/1773360000.0_mean_300.0_v3" "txcc1a9208d11446808d1c3-0069bb700e" "object-server 100257" 0.0015 "-" 99867 0
Mar 18 23:39:58 np0005651379.novalocal object-server[100256]: ::1 - - [19/Mar/2026:03:39:58 +0000] "PUT /1/106653/AUTH_2c0dd7efa1e94d879bc5da8c6f19a646/gnocchi.8a522cf2-c5d2-4769-87fe-8b6b31d8fead/1773360000.0_mean_300.0_v3" 201 - "PUT https://[::1]:8080/v1/AUTH_2c0dd7efa1e94d879bc5da8c6f19a646/gnocchi.8a522cf2-c5d2-4769-87fe-8b6b31d8fead/1773360000.0_mean_300.0_v3" "txcc1a9208d11446808d1c3-0069bb700e" "proxy-server 101374" 0.0113 "-" 100256 0
Mar 18 23:39:58 np0005651379.novalocal object-server[100257]: ::1 - - [19/Mar/2026:03:39:58 +0000] "PUT /3/106653/AUTH_2c0dd7efa1e94d879bc5da8c6f19a646/gnocchi.8a522cf2-c5d2-4769-87fe-8b6b31d8fead/1773360000.0_mean_300.0_v3" 201 - "PUT https://[::1]:8080/v1/AUTH_2c0dd7efa1e94d879bc5da8c6f19a646/gnocchi.8a522cf2-c5d2-4769-87fe-8b6b31d8fead/1773360000.0_mean_300.0_v3" "txcc1a9208d11446808d1c3-0069bb700e" "proxy-server 101374" 0.0117 "-" 100257 0
Mar 18 23:39:58 np0005651379.novalocal proxy-server[101374]: ::1 ::1 19/Mar/2026/03/39/58 PUT /v1/AUTH_2c0dd7efa1e94d879bc5da8c6f19a646/gnocchi.8a522cf2-c5d2-4769-87fe-8b6b31d8fead/1773360000.0_mean_300.0_v3 HTTP/1.0 201 - python-swiftclient-4.8.0 gAAAAABpu2_xITFz... 16 - - txcc1a9208d11446808d1c3-0069bb700e - 0.0218 - - 1773891598.337690592 1773891598.359533548 0 e61d2c26cb6146fb88642c1126e377de
Mar 18 23:39:58 np0005651379.novalocal container-server[99868]: ::1 - - [19/Mar/2026:03:39:58 +0000] "PUT /1/165574/AUTH_2c0dd7efa1e94d879bc5da8c6f19a646/gnocchi.8a522cf2-c5d2-4769-87fe-8b6b31d8fead/none_v3" 201 - "PUT http://[::1]:8080/3/209206/AUTH_2c0dd7efa1e94d879bc5da8c6f19a646/gnocchi.8a522cf2-c5d2-4769-87fe-8b6b31d8fead/none_v3" "txd7297dbb5bb043c4a3166-0069bb700e" "object-server 100256" 0.0006 "-" 99868 0
Mar 18 23:39:58 np0005651379.novalocal object-server[100256]: ::1 - - [19/Mar/2026:03:39:58 +0000] "PUT /3/209206/AUTH_2c0dd7efa1e94d879bc5da8c6f19a646/gnocchi.8a522cf2-c5d2-4769-87fe-8b6b31d8fead/none_v3" 201 - "PUT https://[::1]:8080/v1/AUTH_2c0dd7efa1e94d879bc5da8c6f19a646/gnocchi.8a522cf2-c5d2-4769-87fe-8b6b31d8fead/none_v3" "txd7297dbb5bb043c4a3166-0069bb700e" "proxy-server 101374" 0.0125 "-" 100256 0
Mar 18 23:39:58 np0005651379.novalocal container-server[99868]: ::1 - - [19/Mar/2026:03:39:58 +0000] "PUT /3/165574/AUTH_2c0dd7efa1e94d879bc5da8c6f19a646/gnocchi.8a522cf2-c5d2-4769-87fe-8b6b31d8fead/none_v3" 201 - "PUT http://[::1]:8080/2/209206/AUTH_2c0dd7efa1e94d879bc5da8c6f19a646/gnocchi.8a522cf2-c5d2-4769-87fe-8b6b31d8fead/none_v3" "txd7297dbb5bb043c4a3166-0069bb700e" "object-server 100256" 0.0003 "-" 99868 0
Mar 18 23:39:58 np0005651379.novalocal object-server[100256]: ::1 - - [19/Mar/2026:03:39:58 +0000] "PUT /2/209206/AUTH_2c0dd7efa1e94d879bc5da8c6f19a646/gnocchi.8a522cf2-c5d2-4769-87fe-8b6b31d8fead/none_v3" 201 - "PUT https://[::1]:8080/v1/AUTH_2c0dd7efa1e94d879bc5da8c6f19a646/gnocchi.8a522cf2-c5d2-4769-87fe-8b6b31d8fead/none_v3" "txd7297dbb5bb043c4a3166-0069bb700e" "proxy-server 101374" 0.0153 "-" 100256 0
Mar 18 23:39:58 np0005651379.novalocal container-server[99867]: ::1 - - [19/Mar/2026:03:39:58 +0000] "PUT /2/165574/AUTH_2c0dd7efa1e94d879bc5da8c6f19a646/gnocchi.8a522cf2-c5d2-4769-87fe-8b6b31d8fead/none_v3" 201 - "PUT http://[::1]:8080/1/209206/AUTH_2c0dd7efa1e94d879bc5da8c6f19a646/gnocchi.8a522cf2-c5d2-4769-87fe-8b6b31d8fead/none_v3" "txd7297dbb5bb043c4a3166-0069bb700e" "object-server 100256" 0.0012 "-" 99867 0
Mar 18 23:39:58 np0005651379.novalocal object-server[100256]: ::1 - - [19/Mar/2026:03:39:58 +0000] "PUT /1/209206/AUTH_2c0dd7efa1e94d879bc5da8c6f19a646/gnocchi.8a522cf2-c5d2-4769-87fe-8b6b31d8fead/none_v3" 201 - "PUT https://[::1]:8080/v1/AUTH_2c0dd7efa1e94d879bc5da8c6f19a646/gnocchi.8a522cf2-c5d2-4769-87fe-8b6b31d8fead/none_v3" "txd7297dbb5bb043c4a3166-0069bb700e" "proxy-server 101374" 0.0124 "-" 100256 0
Mar 18 23:39:58 np0005651379.novalocal proxy-server[101374]: ::1 ::1 19/Mar/2026/03/39/58 PUT /v1/AUTH_2c0dd7efa1e94d879bc5da8c6f19a646/gnocchi.8a522cf2-c5d2-4769-87fe-8b6b31d8fead/none_v3 HTTP/1.0 201 - python-swiftclient-4.8.0 gAAAAABpu2_xITFz... 50 - - txd7297dbb5bb043c4a3166-0069bb700e - 0.0241 - - 1773891598.369925976 1773891598.394019127 0 e61d2c26cb6146fb88642c1126e377de
Mar 18 23:39:58 np0005651379.novalocal object-server[100257]: ::1 - - [19/Mar/2026:03:39:58 +0000] "GET /2/18744/AUTH_2c0dd7efa1e94d879bc5da8c6f19a646/gnocchi.185e8f1f-f626-46f2-85e3-a70ce400c9c2/none_v3" 200 41 "GET https://[::1]:8080/v1/AUTH_2c0dd7efa1e94d879bc5da8c6f19a646/gnocchi.185e8f1f-f626-46f2-85e3-a70ce400c9c2/none_v3" "tx3dd4ac9f247a41caaac32-0069bb700e" "proxy-server 101374" 0.0006 "-" 100257 0
Mar 18 23:39:58 np0005651379.novalocal proxy-server[101374]: ::1 ::1 19/Mar/2026/03/39/58 GET /v1/AUTH_2c0dd7efa1e94d879bc5da8c6f19a646/gnocchi.185e8f1f-f626-46f2-85e3-a70ce400c9c2/none_v3 HTTP/1.0 200 - python-swiftclient-4.8.0 gAAAAABpu2_xITFz... - 41 - tx3dd4ac9f247a41caaac32-0069bb700e - 0.0074 - - 1773891598.420629025 1773891598.428076982 0 e61d2c26cb6146fb88642c1126e377de
Mar 18 23:39:58 np0005651379.novalocal container-server[99868]: ::1 - - [19/Mar/2026:03:39:58 +0000] "GET /1/134524/AUTH_2c0dd7efa1e94d879bc5da8c6f19a646/gnocchi.185e8f1f-f626-46f2-85e3-a70ce400c9c2" 200 357 "GET https://[::1]:8080/v1/AUTH_2c0dd7efa1e94d879bc5da8c6f19a646/gnocchi.185e8f1f-f626-46f2-85e3-a70ce400c9c2?format=json&states=listing" "txeb6878dd773c4b8383201-0069bb700e" "proxy-server 101374" 0.0074 "-" 99868 0
Mar 18 23:39:58 np0005651379.novalocal proxy-server[101374]: ::1 ::1 19/Mar/2026/03/39/58 GET /v1/AUTH_2c0dd7efa1e94d879bc5da8c6f19a646/gnocchi.185e8f1f-f626-46f2-85e3-a70ce400c9c2%3Fformat%3Djson%26states%3Dlisting HTTP/1.0 200 - python-swiftclient-4.8.0 gAAAAABpu2_xITFz... - 357 - txeb6878dd773c4b8383201-0069bb700e - 0.0192 - - 1773891598.432147026 1773891598.451374054 0 e61d2c26cb6146fb88642c1126e377de
Mar 18 23:39:58 np0005651379.novalocal container-server[99867]: ::1 - - [19/Mar/2026:03:39:58 +0000] "GET /1/134524/AUTH_2c0dd7efa1e94d879bc5da8c6f19a646/gnocchi.185e8f1f-f626-46f2-85e3-a70ce400c9c2" 200 2 "GET https://[::1]:8080/v1/AUTH_2c0dd7efa1e94d879bc5da8c6f19a646/gnocchi.185e8f1f-f626-46f2-85e3-a70ce400c9c2?format=json&marker=none_v3&states=listing" "tx5ab98f0409684a5682780-0069bb700e" "proxy-server 101374" 0.0026 "-" 99867 0
Mar 18 23:39:58 np0005651379.novalocal proxy-server[101374]: ::1 ::1 19/Mar/2026/03/39/58 GET /v1/AUTH_2c0dd7efa1e94d879bc5da8c6f19a646/gnocchi.185e8f1f-f626-46f2-85e3-a70ce400c9c2%3Fformat%3Djson%26marker%3Dnone_v3%26states%3Dlisting HTTP/1.0 200 - python-swiftclient-4.8.0 gAAAAABpu2_xITFz... - 2 - tx5ab98f0409684a5682780-0069bb700e - 0.0217 - - 1773891598.460184574 1773891598.481903315 0 e61d2c26cb6146fb88642c1126e377de
Mar 18 23:39:58 np0005651379.novalocal object-server[100257]: ::1 - - [19/Mar/2026:03:39:58 +0000] "GET /3/219264/AUTH_2c0dd7efa1e94d879bc5da8c6f19a646/gnocchi.185e8f1f-f626-46f2-85e3-a70ce400c9c2/1773360000.0_mean_300.0_v3" 200 16 "GET https://[::1]:8080/v1/AUTH_2c0dd7efa1e94d879bc5da8c6f19a646/gnocchi.185e8f1f-f626-46f2-85e3-a70ce400c9c2/1773360000.0_mean_300.0_v3" "tx3beaeedfc180414b88e82-0069bb700e" "proxy-server 101374" 0.0006 "-" 100257 0
Mar 18 23:39:58 np0005651379.novalocal proxy-server[101374]: ::1 ::1 19/Mar/2026/03/39/58 GET /v1/AUTH_2c0dd7efa1e94d879bc5da8c6f19a646/gnocchi.185e8f1f-f626-46f2-85e3-a70ce400c9c2/1773360000.0_mean_300.0_v3 HTTP/1.0 200 - python-swiftclient-4.8.0 gAAAAABpu2_xITFz... - 16 - tx3beaeedfc180414b88e82-0069bb700e - 0.0098 - - 1773891598.491412401 1773891598.501192808 0 e61d2c26cb6146fb88642c1126e377de
Mar 18 23:39:58 np0005651379.novalocal container-server[99868]: ::1 - - [19/Mar/2026:03:39:58 +0000] "PUT /2/134524/AUTH_2c0dd7efa1e94d879bc5da8c6f19a646/gnocchi.185e8f1f-f626-46f2-85e3-a70ce400c9c2/1773360000.0_mean_300.0_v3" 201 - "PUT http://[::1]:8080/3/219264/AUTH_2c0dd7efa1e94d879bc5da8c6f19a646/gnocchi.185e8f1f-f626-46f2-85e3-a70ce400c9c2/1773360000.0_mean_300.0_v3" "tx27cf23dada564b418098a-0069bb700e" "object-server 100256" 0.0006 "-" 99868 0
Mar 18 23:39:58 np0005651379.novalocal object-server[100256]: ::1 - - [19/Mar/2026:03:39:58 +0000] "PUT /3/219264/AUTH_2c0dd7efa1e94d879bc5da8c6f19a646/gnocchi.185e8f1f-f626-46f2-85e3-a70ce400c9c2/1773360000.0_mean_300.0_v3" 201 - "PUT https://[::1]:8080/v1/AUTH_2c0dd7efa1e94d879bc5da8c6f19a646/gnocchi.185e8f1f-f626-46f2-85e3-a70ce400c9c2/1773360000.0_mean_300.0_v3" "tx27cf23dada564b418098a-0069bb700e" "proxy-server 101374" 0.0138 "-" 100256 0
Mar 18 23:39:58 np0005651379.novalocal container-server[99867]: ::1 - - [19/Mar/2026:03:39:58 +0000] "PUT /1/134524/AUTH_2c0dd7efa1e94d879bc5da8c6f19a646/gnocchi.185e8f1f-f626-46f2-85e3-a70ce400c9c2/1773360000.0_mean_300.0_v3" 201 - "PUT http://[::1]:8080/2/219264/AUTH_2c0dd7efa1e94d879bc5da8c6f19a646/gnocchi.185e8f1f-f626-46f2-85e3-a70ce400c9c2/1773360000.0_mean_300.0_v3" "tx27cf23dada564b418098a-0069bb700e" "object-server 100256" 0.0009 "-" 99867 0
Mar 18 23:39:58 np0005651379.novalocal object-server[100256]: ::1 - - [19/Mar/2026:03:39:58 +0000] "PUT /2/219264/AUTH_2c0dd7efa1e94d879bc5da8c6f19a646/gnocchi.185e8f1f-f626-46f2-85e3-a70ce400c9c2/1773360000.0_mean_300.0_v3" 201 - "PUT https://[::1]:8080/v1/AUTH_2c0dd7efa1e94d879bc5da8c6f19a646/gnocchi.185e8f1f-f626-46f2-85e3-a70ce400c9c2/1773360000.0_mean_300.0_v3" "tx27cf23dada564b418098a-0069bb700e" "proxy-server 101374" 0.0182 "-" 100256 0
Mar 18 23:39:58 np0005651379.novalocal container-server[99868]: ::1 - - [19/Mar/2026:03:39:58 +0000] "PUT /3/134524/AUTH_2c0dd7efa1e94d879bc5da8c6f19a646/gnocchi.185e8f1f-f626-46f2-85e3-a70ce400c9c2/1773360000.0_mean_300.0_v3" 201 - "PUT http://[::1]:8080/1/219264/AUTH_2c0dd7efa1e94d879bc5da8c6f19a646/gnocchi.185e8f1f-f626-46f2-85e3-a70ce400c9c2/1773360000.0_mean_300.0_v3" "tx27cf23dada564b418098a-0069bb700e" "object-server 100256" 0.0003 "-" 99868 0
Mar 18 23:39:58 np0005651379.novalocal object-server[100256]: ::1 - - [19/Mar/2026:03:39:58 +0000] "PUT /1/219264/AUTH_2c0dd7efa1e94d879bc5da8c6f19a646/gnocchi.185e8f1f-f626-46f2-85e3-a70ce400c9c2/1773360000.0_mean_300.0_v3" 201 - "PUT https://[::1]:8080/v1/AUTH_2c0dd7efa1e94d879bc5da8c6f19a646/gnocchi.185e8f1f-f626-46f2-85e3-a70ce400c9c2/1773360000.0_mean_300.0_v3" "tx27cf23dada564b418098a-0069bb700e" "proxy-server 101374" 0.0166 "-" 100256 0
Mar 18 23:39:58 np0005651379.novalocal proxy-server[101374]: ::1 ::1 19/Mar/2026/03/39/58 PUT /v1/AUTH_2c0dd7efa1e94d879bc5da8c6f19a646/gnocchi.185e8f1f-f626-46f2-85e3-a70ce400c9c2/1773360000.0_mean_300.0_v3 HTTP/1.0 201 - python-swiftclient-4.8.0 gAAAAABpu2_xITFz... 16 - - tx27cf23dada564b418098a-0069bb700e - 0.0277 - - 1773891598.504641294 1773891598.532374859 0 e61d2c26cb6146fb88642c1126e377de
Mar 18 23:39:58 np0005651379.novalocal container-server[99867]: ::1 - - [19/Mar/2026:03:39:58 +0000] "PUT /3/134524/AUTH_2c0dd7efa1e94d879bc5da8c6f19a646/gnocchi.185e8f1f-f626-46f2-85e3-a70ce400c9c2/none_v3" 201 - "PUT http://[::1]:8080/3/18744/AUTH_2c0dd7efa1e94d879bc5da8c6f19a646/gnocchi.185e8f1f-f626-46f2-85e3-a70ce400c9c2/none_v3" "txe9fb4153ba6d4dcd845e0-0069bb700e" "object-server 100256" 0.0006 "-" 99867 0
Mar 18 23:39:58 np0005651379.novalocal container-server[99868]: ::1 - - [19/Mar/2026:03:39:58 +0000] "PUT /1/134524/AUTH_2c0dd7efa1e94d879bc5da8c6f19a646/gnocchi.185e8f1f-f626-46f2-85e3-a70ce400c9c2/none_v3" 201 - "PUT http://[::1]:8080/1/18744/AUTH_2c0dd7efa1e94d879bc5da8c6f19a646/gnocchi.185e8f1f-f626-46f2-85e3-a70ce400c9c2/none_v3" "txe9fb4153ba6d4dcd845e0-0069bb700e" "object-server 100257" 0.0018 "-" 99868 0
Mar 18 23:39:58 np0005651379.novalocal container-server[99867]: ::1 - - [19/Mar/2026:03:39:58 +0000] "PUT /2/134524/AUTH_2c0dd7efa1e94d879bc5da8c6f19a646/gnocchi.185e8f1f-f626-46f2-85e3-a70ce400c9c2/none_v3" 201 - "PUT http://[::1]:8080/2/18744/AUTH_2c0dd7efa1e94d879bc5da8c6f19a646/gnocchi.185e8f1f-f626-46f2-85e3-a70ce400c9c2/none_v3" "txe9fb4153ba6d4dcd845e0-0069bb700e" "object-server 100256" 0.0002 "-" 99867 0
Mar 18 23:39:58 np0005651379.novalocal object-server[100256]: ::1 - - [19/Mar/2026:03:39:58 +0000] "PUT /3/18744/AUTH_2c0dd7efa1e94d879bc5da8c6f19a646/gnocchi.185e8f1f-f626-46f2-85e3-a70ce400c9c2/none_v3" 201 - "PUT https://[::1]:8080/v1/AUTH_2c0dd7efa1e94d879bc5da8c6f19a646/gnocchi.185e8f1f-f626-46f2-85e3-a70ce400c9c2/none_v3" "txe9fb4153ba6d4dcd845e0-0069bb700e" "proxy-server 101374" 0.0104 "-" 100256 0
Mar 18 23:39:58 np0005651379.novalocal object-server[100257]: ::1 - - [19/Mar/2026:03:39:58 +0000] "PUT /1/18744/AUTH_2c0dd7efa1e94d879bc5da8c6f19a646/gnocchi.185e8f1f-f626-46f2-85e3-a70ce400c9c2/none_v3" 201 - "PUT https://[::1]:8080/v1/AUTH_2c0dd7efa1e94d879bc5da8c6f19a646/gnocchi.185e8f1f-f626-46f2-85e3-a70ce400c9c2/none_v3" "txe9fb4153ba6d4dcd845e0-0069bb700e" "proxy-server 101374" 0.0124 "-" 100257 0
Mar 18 23:39:58 np0005651379.novalocal object-server[100256]: ::1 - - [19/Mar/2026:03:39:58 +0000] "PUT /2/18744/AUTH_2c0dd7efa1e94d879bc5da8c6f19a646/gnocchi.185e8f1f-f626-46f2-85e3-a70ce400c9c2/none_v3" 201 - "PUT https://[::1]:8080/v1/AUTH_2c0dd7efa1e94d879bc5da8c6f19a646/gnocchi.185e8f1f-f626-46f2-85e3-a70ce400c9c2/none_v3" "txe9fb4153ba6d4dcd845e0-0069bb700e" "proxy-server 101374" 0.0134 "-" 100256 0
Mar 18 23:39:58 np0005651379.novalocal proxy-server[101374]: ::1 ::1 19/Mar/2026/03/39/58 PUT /v1/AUTH_2c0dd7efa1e94d879bc5da8c6f19a646/gnocchi.185e8f1f-f626-46f2-85e3-a70ce400c9c2/none_v3 HTTP/1.0 201 - python-swiftclient-4.8.0 gAAAAABpu2_xITFz... 50 - - txe9fb4153ba6d4dcd845e0-0069bb700e - 0.0249 - - 1773891598.537709475 1773891598.562618971 0 e61d2c26cb6146fb88642c1126e377de
Mar 18 23:39:58 np0005651379.novalocal object-server[100256]: ::1 - - [19/Mar/2026:03:39:58 +0000] "GET /3/51524/AUTH_2c0dd7efa1e94d879bc5da8c6f19a646/gnocchi.e7ac25b2-b88b-462d-8733-9438191716c3/none_v3" 200 32 "GET https://[::1]:8080/v1/AUTH_2c0dd7efa1e94d879bc5da8c6f19a646/gnocchi.e7ac25b2-b88b-462d-8733-9438191716c3/none_v3" "tx11809a88862741eeaa687-0069bb700e" "proxy-server 101374" 0.0013 "-" 100256 0
Mar 18 23:39:58 np0005651379.novalocal proxy-server[101374]: ::1 ::1 19/Mar/2026/03/39/58 GET /v1/AUTH_2c0dd7efa1e94d879bc5da8c6f19a646/gnocchi.e7ac25b2-b88b-462d-8733-9438191716c3/none_v3 HTTP/1.0 200 - python-swiftclient-4.8.0 gAAAAABpu2_xITFz... - 32 - tx11809a88862741eeaa687-0069bb700e - 0.0108 - - 1773891598.574256420 1773891598.585073471 0 e61d2c26cb6146fb88642c1126e377de
Mar 18 23:39:58 np0005651379.novalocal container-server[99867]: ::1 - - [19/Mar/2026:03:39:58 +0000] "GET /3/231680/AUTH_2c0dd7efa1e94d879bc5da8c6f19a646/gnocchi.e7ac25b2-b88b-462d-8733-9438191716c3" 200 357 "GET https://[::1]:8080/v1/AUTH_2c0dd7efa1e94d879bc5da8c6f19a646/gnocchi.e7ac25b2-b88b-462d-8733-9438191716c3?format=json&states=listing" "tx088be3706be248a8ba841-0069bb700e" "proxy-server 101374" 0.0070 "-" 99867 0
Mar 18 23:39:58 np0005651379.novalocal dnsmasq[106804]: read /var/lib/neutron/dhcp/a7714b01-c6aa-4a10-8588-89e28134f466/addn_hosts - 0 addresses
Mar 18 23:39:58 np0005651379.novalocal dnsmasq-dhcp[106804]: read /var/lib/neutron/dhcp/a7714b01-c6aa-4a10-8588-89e28134f466/host
Mar 18 23:39:58 np0005651379.novalocal dnsmasq-dhcp[106804]: read /var/lib/neutron/dhcp/a7714b01-c6aa-4a10-8588-89e28134f466/opts
Mar 18 23:39:58 np0005651379.novalocal proxy-server[101374]: ::1 ::1 19/Mar/2026/03/39/58 GET /v1/AUTH_2c0dd7efa1e94d879bc5da8c6f19a646/gnocchi.e7ac25b2-b88b-462d-8733-9438191716c3%3Fformat%3Djson%26states%3Dlisting HTTP/1.0 200 - python-swiftclient-4.8.0 gAAAAABpu2_xITFz... - 357 - tx088be3706be248a8ba841-0069bb700e - 0.0141 - - 1773891598.593066216 1773891598.607134819 0 e61d2c26cb6146fb88642c1126e377de
Mar 18 23:39:58 np0005651379.novalocal container-server[99868]: ::1 - - [19/Mar/2026:03:39:58 +0000] "GET /3/231680/AUTH_2c0dd7efa1e94d879bc5da8c6f19a646/gnocchi.e7ac25b2-b88b-462d-8733-9438191716c3" 200 2 "GET https://[::1]:8080/v1/AUTH_2c0dd7efa1e94d879bc5da8c6f19a646/gnocchi.e7ac25b2-b88b-462d-8733-9438191716c3?format=json&marker=none_v3&states=listing" "tx1ef253bbbdd1415abeba5-0069bb700e" "proxy-server 101374" 0.0019 "-" 99868 0
Mar 18 23:39:58 np0005651379.novalocal proxy-server[101374]: ::1 ::1 19/Mar/2026/03/39/58 GET /v1/AUTH_2c0dd7efa1e94d879bc5da8c6f19a646/gnocchi.e7ac25b2-b88b-462d-8733-9438191716c3%3Fformat%3Djson%26marker%3Dnone_v3%26states%3Dlisting HTTP/1.0 200 - python-swiftclient-4.8.0 gAAAAABpu2_xITFz... - 2 - tx1ef253bbbdd1415abeba5-0069bb700e - 0.0102 - - 1773891598.610611200 1773891598.620775461 0 e61d2c26cb6146fb88642c1126e377de
Mar 18 23:39:58 np0005651379.novalocal object-server[100257]: ::1 - - [19/Mar/2026:03:39:58 +0000] "GET /1/125922/AUTH_2c0dd7efa1e94d879bc5da8c6f19a646/gnocchi.e7ac25b2-b88b-462d-8733-9438191716c3/1773360000.0_mean_300.0_v3" 200 16 "GET https://[::1]:8080/v1/AUTH_2c0dd7efa1e94d879bc5da8c6f19a646/gnocchi.e7ac25b2-b88b-462d-8733-9438191716c3/1773360000.0_mean_300.0_v3" "txd8c1459edaed40ef8aca9-0069bb700e" "proxy-server 101374" 0.0008 "-" 100257 0
Mar 18 23:39:58 np0005651379.novalocal proxy-server[101374]: ::1 ::1 19/Mar/2026/03/39/58 GET /v1/AUTH_2c0dd7efa1e94d879bc5da8c6f19a646/gnocchi.e7ac25b2-b88b-462d-8733-9438191716c3/1773360000.0_mean_300.0_v3 HTTP/1.0 200 - python-swiftclient-4.8.0 gAAAAABpu2_xITFz... - 16 - txd8c1459edaed40ef8aca9-0069bb700e - 0.0065 - - 1773891598.623916626 1773891598.630458355 0 e61d2c26cb6146fb88642c1126e377de
Mar 18 23:39:58 np0005651379.novalocal container-server[99867]: ::1 - - [19/Mar/2026:03:39:58 +0000] "PUT /3/231680/AUTH_2c0dd7efa1e94d879bc5da8c6f19a646/gnocchi.e7ac25b2-b88b-462d-8733-9438191716c3/1773360000.0_mean_300.0_v3" 201 - "PUT http://[::1]:8080/3/125922/AUTH_2c0dd7efa1e94d879bc5da8c6f19a646/gnocchi.e7ac25b2-b88b-462d-8733-9438191716c3/1773360000.0_mean_300.0_v3" "tx2d0707618394471da1f42-0069bb700e" "object-server 100257" 0.0007 "-" 99867 0
Mar 18 23:39:58 np0005651379.novalocal object-server[100257]: ::1 - - [19/Mar/2026:03:39:58 +0000] "PUT /3/125922/AUTH_2c0dd7efa1e94d879bc5da8c6f19a646/gnocchi.e7ac25b2-b88b-462d-8733-9438191716c3/1773360000.0_mean_300.0_v3" 201 - "PUT https://[::1]:8080/v1/AUTH_2c0dd7efa1e94d879bc5da8c6f19a646/gnocchi.e7ac25b2-b88b-462d-8733-9438191716c3/1773360000.0_mean_300.0_v3" "tx2d0707618394471da1f42-0069bb700e" "proxy-server 101374" 0.0125 "-" 100257 0
Mar 18 23:39:58 np0005651379.novalocal container-server[99868]: ::1 - - [19/Mar/2026:03:39:58 +0000] "PUT /1/231680/AUTH_2c0dd7efa1e94d879bc5da8c6f19a646/gnocchi.e7ac25b2-b88b-462d-8733-9438191716c3/1773360000.0_mean_300.0_v3" 201 - "PUT http://[::1]:8080/2/125922/AUTH_2c0dd7efa1e94d879bc5da8c6f19a646/gnocchi.e7ac25b2-b88b-462d-8733-9438191716c3/1773360000.0_mean_300.0_v3" "tx2d0707618394471da1f42-0069bb700e" "object-server 100256" 0.0005 "-" 99868 0
Mar 18 23:39:58 np0005651379.novalocal object-server[100256]: ::1 - - [19/Mar/2026:03:39:58 +0000] "PUT /2/125922/AUTH_2c0dd7efa1e94d879bc5da8c6f19a646/gnocchi.e7ac25b2-b88b-462d-8733-9438191716c3/1773360000.0_mean_300.0_v3" 201 - "PUT https://[::1]:8080/v1/AUTH_2c0dd7efa1e94d879bc5da8c6f19a646/gnocchi.e7ac25b2-b88b-462d-8733-9438191716c3/1773360000.0_mean_300.0_v3" "tx2d0707618394471da1f42-0069bb700e" "proxy-server 101374" 0.0186 "-" 100256 0
Mar 18 23:39:58 np0005651379.novalocal container-server[99868]: ::1 - - [19/Mar/2026:03:39:58 +0000] "PUT /2/231680/AUTH_2c0dd7efa1e94d879bc5da8c6f19a646/gnocchi.e7ac25b2-b88b-462d-8733-9438191716c3/1773360000.0_mean_300.0_v3" 201 - "PUT http://[::1]:8080/1/125922/AUTH_2c0dd7efa1e94d879bc5da8c6f19a646/gnocchi.e7ac25b2-b88b-462d-8733-9438191716c3/1773360000.0_mean_300.0_v3" "tx2d0707618394471da1f42-0069bb700e" "object-server 100256" 0.0013 "-" 99868 0
Mar 18 23:39:58 np0005651379.novalocal object-server[100256]: ::1 - - [19/Mar/2026:03:39:58 +0000] "PUT /1/125922/AUTH_2c0dd7efa1e94d879bc5da8c6f19a646/gnocchi.e7ac25b2-b88b-462d-8733-9438191716c3/1773360000.0_mean_300.0_v3" 201 - "PUT https://[::1]:8080/v1/AUTH_2c0dd7efa1e94d879bc5da8c6f19a646/gnocchi.e7ac25b2-b88b-462d-8733-9438191716c3/1773360000.0_mean_300.0_v3" "tx2d0707618394471da1f42-0069bb700e" "proxy-server 101374" 0.0277 "-" 100256 0
Mar 18 23:39:58 np0005651379.novalocal proxy-server[101374]: ::1 ::1 19/Mar/2026/03/39/58 PUT /v1/AUTH_2c0dd7efa1e94d879bc5da8c6f19a646/gnocchi.e7ac25b2-b88b-462d-8733-9438191716c3/1773360000.0_mean_300.0_v3 HTTP/1.0 201 - python-swiftclient-4.8.0 gAAAAABpu2_xITFz... 16 - - tx2d0707618394471da1f42-0069bb700e - 0.0357 - - 1773891598.637046337 1773891598.672753096 0 e61d2c26cb6146fb88642c1126e377de
Mar 18 23:39:58 np0005651379.novalocal container-server[99867]: ::1 - - [19/Mar/2026:03:39:58 +0000] "PUT /2/231680/AUTH_2c0dd7efa1e94d879bc5da8c6f19a646/gnocchi.e7ac25b2-b88b-462d-8733-9438191716c3/none_v3" 201 - "PUT http://[::1]:8080/2/51524/AUTH_2c0dd7efa1e94d879bc5da8c6f19a646/gnocchi.e7ac25b2-b88b-462d-8733-9438191716c3/none_v3" "txaf4ef0b1b23842169490f-0069bb700e" "object-server 100256" 0.0008 "-" 99867 0
Mar 18 23:39:58 np0005651379.novalocal object-server[100256]: ::1 - - [19/Mar/2026:03:39:58 +0000] "PUT /2/51524/AUTH_2c0dd7efa1e94d879bc5da8c6f19a646/gnocchi.e7ac25b2-b88b-462d-8733-9438191716c3/none_v3" 201 - "PUT https://[::1]:8080/v1/AUTH_2c0dd7efa1e94d879bc5da8c6f19a646/gnocchi.e7ac25b2-b88b-462d-8733-9438191716c3/none_v3" "txaf4ef0b1b23842169490f-0069bb700e" "proxy-server 101374" 0.0204 "-" 100256 0
Mar 18 23:39:58 np0005651379.novalocal container-server[99868]: ::1 - - [19/Mar/2026:03:39:58 +0000] "PUT /1/231680/AUTH_2c0dd7efa1e94d879bc5da8c6f19a646/gnocchi.e7ac25b2-b88b-462d-8733-9438191716c3/none_v3" 201 - "PUT http://[::1]:8080/3/51524/AUTH_2c0dd7efa1e94d879bc5da8c6f19a646/gnocchi.e7ac25b2-b88b-462d-8733-9438191716c3/none_v3" "txaf4ef0b1b23842169490f-0069bb700e" "object-server 100257" 0.0006 "-" 99868 0
Mar 18 23:39:58 np0005651379.novalocal object-server[100257]: ::1 - - [19/Mar/2026:03:39:58 +0000] "PUT /3/51524/AUTH_2c0dd7efa1e94d879bc5da8c6f19a646/gnocchi.e7ac25b2-b88b-462d-8733-9438191716c3/none_v3" 201 - "PUT https://[::1]:8080/v1/AUTH_2c0dd7efa1e94d879bc5da8c6f19a646/gnocchi.e7ac25b2-b88b-462d-8733-9438191716c3/none_v3" "txaf4ef0b1b23842169490f-0069bb700e" "proxy-server 101374" 0.0222 "-" 100257 0
Mar 18 23:39:58 np0005651379.novalocal container-server[99867]: ::1 - - [19/Mar/2026:03:39:58 +0000] "PUT /3/231680/AUTH_2c0dd7efa1e94d879bc5da8c6f19a646/gnocchi.e7ac25b2-b88b-462d-8733-9438191716c3/none_v3" 201 - "PUT http://[::1]:8080/1/51524/AUTH_2c0dd7efa1e94d879bc5da8c6f19a646/gnocchi.e7ac25b2-b88b-462d-8733-9438191716c3/none_v3" "txaf4ef0b1b23842169490f-0069bb700e" "object-server 100257" 0.0003 "-" 99867 0
Mar 18 23:39:58 np0005651379.novalocal object-server[100257]: ::1 - - [19/Mar/2026:03:39:58 +0000] "PUT /1/51524/AUTH_2c0dd7efa1e94d879bc5da8c6f19a646/gnocchi.e7ac25b2-b88b-462d-8733-9438191716c3/none_v3" 201 - "PUT https://[::1]:8080/v1/AUTH_2c0dd7efa1e94d879bc5da8c6f19a646/gnocchi.e7ac25b2-b88b-462d-8733-9438191716c3/none_v3" "txaf4ef0b1b23842169490f-0069bb700e" "proxy-server 101374" 0.0467 "-" 100257 0
Mar 18 23:39:58 np0005651379.novalocal proxy-server[101374]: ::1 ::1 19/Mar/2026/03/39/58 PUT /v1/AUTH_2c0dd7efa1e94d879bc5da8c6f19a646/gnocchi.e7ac25b2-b88b-462d-8733-9438191716c3/none_v3 HTTP/1.0 201 - python-swiftclient-4.8.0 gAAAAABpu2_xITFz... 45 - - txaf4ef0b1b23842169490f-0069bb700e - 0.0567 - - 1773891598.675398111 1773891598.732058048 0 e61d2c26cb6146fb88642c1126e377de
Mar 18 23:39:58 np0005651379.novalocal systemd[1]: NetworkManager-dispatcher.service: Deactivated successfully.
Mar 18 23:39:58 np0005651379.novalocal container-server[99868]: ::1 - - [19/Mar/2026:03:39:58 +0000] "HEAD /1/199582/AUTH_2c0dd7efa1e94d879bc5da8c6f19a646/gnocchi.02ef2b06-a999-434b-aac9-ab144cfc334d" 404 - "HEAD http://[::1]:8080/v1/AUTH_2c0dd7efa1e94d879bc5da8c6f19a646/gnocchi.02ef2b06-a999-434b-aac9-ab144cfc334d" "tx8cd56303698448c885a11-0069bb700e" "proxy-server 101374" 0.0005 "-" 99868 0
Mar 18 23:39:58 np0005651379.novalocal container-server[99867]: ::1 - - [19/Mar/2026:03:39:58 +0000] "HEAD /3/199582/AUTH_2c0dd7efa1e94d879bc5da8c6f19a646/gnocchi.02ef2b06-a999-434b-aac9-ab144cfc334d" 404 - "HEAD http://[::1]:8080/v1/AUTH_2c0dd7efa1e94d879bc5da8c6f19a646/gnocchi.02ef2b06-a999-434b-aac9-ab144cfc334d" "tx8cd56303698448c885a11-0069bb700e" "proxy-server 101374" 0.0003 "-" 99867 0
Mar 18 23:39:58 np0005651379.novalocal container-server[99868]: ::1 - - [19/Mar/2026:03:39:58 +0000] "HEAD /2/199582/AUTH_2c0dd7efa1e94d879bc5da8c6f19a646/gnocchi.02ef2b06-a999-434b-aac9-ab144cfc334d" 404 - "HEAD http://[::1]:8080/v1/AUTH_2c0dd7efa1e94d879bc5da8c6f19a646/gnocchi.02ef2b06-a999-434b-aac9-ab144cfc334d" "tx8cd56303698448c885a11-0069bb700e" "proxy-server 101374" 0.0002 "-" 99868 0
Mar 18 23:39:58 np0005651379.novalocal proxy-server[101374]: - - 19/Mar/2026/03/39/58 HEAD /v1/AUTH_2c0dd7efa1e94d879bc5da8c6f19a646/gnocchi.02ef2b06-a999-434b-aac9-ab144cfc334d HTTP/1.0 404 - Swift - - - - tx8cd56303698448c885a11-0069bb700e - 0.0108 CS - 1773891598.756671190 1773891598.767449379 0 -
Mar 18 23:39:58 np0005651379.novalocal object-server[100257]: ::1 - - [19/Mar/2026:03:39:58 +0000] "GET /1/215398/AUTH_2c0dd7efa1e94d879bc5da8c6f19a646/gnocchi.02ef2b06-a999-434b-aac9-ab144cfc334d/none_v3" 404 70 "GET https://[::1]:8080/v1/AUTH_2c0dd7efa1e94d879bc5da8c6f19a646/gnocchi.02ef2b06-a999-434b-aac9-ab144cfc334d/none_v3" "tx8cd56303698448c885a11-0069bb700e" "proxy-server 101374" 0.0004 "-" 100257 0
Mar 18 23:39:58 np0005651379.novalocal object-server[100257]: ::1 - - [19/Mar/2026:03:39:58 +0000] "GET /3/215398/AUTH_2c0dd7efa1e94d879bc5da8c6f19a646/gnocchi.02ef2b06-a999-434b-aac9-ab144cfc334d/none_v3" 404 70 "GET https://[::1]:8080/v1/AUTH_2c0dd7efa1e94d879bc5da8c6f19a646/gnocchi.02ef2b06-a999-434b-aac9-ab144cfc334d/none_v3" "tx8cd56303698448c885a11-0069bb700e" "proxy-server 101374" 0.0002 "-" 100257 0
Mar 18 23:39:58 np0005651379.novalocal object-server[100256]: ::1 - - [19/Mar/2026:03:39:58 +0000] "GET /2/215398/AUTH_2c0dd7efa1e94d879bc5da8c6f19a646/gnocchi.02ef2b06-a999-434b-aac9-ab144cfc334d/none_v3" 404 70 "GET https://[::1]:8080/v1/AUTH_2c0dd7efa1e94d879bc5da8c6f19a646/gnocchi.02ef2b06-a999-434b-aac9-ab144cfc334d/none_v3" "tx8cd56303698448c885a11-0069bb700e" "proxy-server 101374" 0.0004 "-" 100256 0
Mar 18 23:39:58 np0005651379.novalocal proxy-server[101374]: ::1 ::1 19/Mar/2026/03/39/58 GET /v1/AUTH_2c0dd7efa1e94d879bc5da8c6f19a646/gnocchi.02ef2b06-a999-434b-aac9-ab144cfc334d/none_v3 HTTP/1.0 404 - python-swiftclient-4.8.0 gAAAAABpu2_xITFz... - 70 - tx8cd56303698448c885a11-0069bb700e - 0.0257 - - 1773891598.755494595 1773891598.781177044 0 e61d2c26cb6146fb88642c1126e377de
Mar 18 23:39:58 np0005651379.novalocal account-server[99474]: ::1 - - [19/Mar/2026:03:39:58 +0000] "PUT /3/184762/AUTH_2c0dd7efa1e94d879bc5da8c6f19a646/gnocchi.02ef2b06-a999-434b-aac9-ab144cfc334d" 201 - "PUT http://[::1]:6001/3/199582/AUTH_2c0dd7efa1e94d879bc5da8c6f19a646/gnocchi.02ef2b06-a999-434b-aac9-ab144cfc334d" "tx6b49777ff3f3451faedc4-0069bb700e" "container-server 99867" 0.0052 "-" 99474 0
Mar 18 23:39:58 np0005651379.novalocal container-server[99867]: ::1 - - [19/Mar/2026:03:39:58 +0000] "PUT /3/199582/AUTH_2c0dd7efa1e94d879bc5da8c6f19a646/gnocchi.02ef2b06-a999-434b-aac9-ab144cfc334d" 201 - "PUT https://[::1]:8080/v1/AUTH_2c0dd7efa1e94d879bc5da8c6f19a646/gnocchi.02ef2b06-a999-434b-aac9-ab144cfc334d" "tx6b49777ff3f3451faedc4-0069bb700e" "proxy-server 101374" 0.0203 "-" 99867 0
Mar 18 23:39:58 np0005651379.novalocal account-server[99474]: ::1 - - [19/Mar/2026:03:39:58 +0000] "PUT /2/184762/AUTH_2c0dd7efa1e94d879bc5da8c6f19a646/gnocchi.02ef2b06-a999-434b-aac9-ab144cfc334d" 201 - "PUT http://[::1]:6001/1/199582/AUTH_2c0dd7efa1e94d879bc5da8c6f19a646/gnocchi.02ef2b06-a999-434b-aac9-ab144cfc334d" "tx6b49777ff3f3451faedc4-0069bb700e" "container-server 99868" 0.0045 "-" 99474 0
Mar 18 23:39:58 np0005651379.novalocal account-server[99475]: ::1 - - [19/Mar/2026:03:39:58 +0000] "PUT /1/184762/AUTH_2c0dd7efa1e94d879bc5da8c6f19a646/gnocchi.02ef2b06-a999-434b-aac9-ab144cfc334d" 201 - "PUT http://[::1]:6001/2/199582/AUTH_2c0dd7efa1e94d879bc5da8c6f19a646/gnocchi.02ef2b06-a999-434b-aac9-ab144cfc334d" "tx6b49777ff3f3451faedc4-0069bb700e" "container-server 99868" 0.0054 "-" 99475 0
Mar 18 23:39:58 np0005651379.novalocal container-server[99868]: ::1 - - [19/Mar/2026:03:39:58 +0000] "PUT /1/199582/AUTH_2c0dd7efa1e94d879bc5da8c6f19a646/gnocchi.02ef2b06-a999-434b-aac9-ab144cfc334d" 201 - "PUT https://[::1]:8080/v1/AUTH_2c0dd7efa1e94d879bc5da8c6f19a646/gnocchi.02ef2b06-a999-434b-aac9-ab144cfc334d" "tx6b49777ff3f3451faedc4-0069bb700e" "proxy-server 101374" 0.0165 "-" 99868 0
Mar 18 23:39:58 np0005651379.novalocal container-server[99868]: ::1 - - [19/Mar/2026:03:39:58 +0000] "PUT /2/199582/AUTH_2c0dd7efa1e94d879bc5da8c6f19a646/gnocchi.02ef2b06-a999-434b-aac9-ab144cfc334d" 201 - "PUT https://[::1]:8080/v1/AUTH_2c0dd7efa1e94d879bc5da8c6f19a646/gnocchi.02ef2b06-a999-434b-aac9-ab144cfc334d" "tx6b49777ff3f3451faedc4-0069bb700e" "proxy-server 101374" 0.0306 "-" 99868 0
Mar 18 23:39:58 np0005651379.novalocal proxy-server[101374]: ::1 ::1 19/Mar/2026/03/39/58 PUT /v1/AUTH_2c0dd7efa1e94d879bc5da8c6f19a646/gnocchi.02ef2b06-a999-434b-aac9-ab144cfc334d HTTP/1.0 201 - python-swiftclient-4.8.0 gAAAAABpu2_xITFz... - - - tx6b49777ff3f3451faedc4-0069bb700e - 0.0401 - - 1773891598.784873009 1773891598.824983120 0 e61d2c26cb6146fb88642c1126e377de
Mar 18 23:39:58 np0005651379.novalocal container-server[99867]: ::1 - - [19/Mar/2026:03:39:58 +0000] "HEAD /3/199582/AUTH_2c0dd7efa1e94d879bc5da8c6f19a646/gnocchi.02ef2b06-a999-434b-aac9-ab144cfc334d" 204 - "HEAD http://[::1]:8080/v1/AUTH_2c0dd7efa1e94d879bc5da8c6f19a646/gnocchi.02ef2b06-a999-434b-aac9-ab144cfc334d" "tx3fb8b44236ca45d1955e5-0069bb700e" "proxy-server 101374" 0.0016 "-" 99867 0
Mar 18 23:39:58 np0005651379.novalocal proxy-server[101374]: - - 19/Mar/2026/03/39/58 HEAD /v1/AUTH_2c0dd7efa1e94d879bc5da8c6f19a646/gnocchi.02ef2b06-a999-434b-aac9-ab144cfc334d HTTP/1.0 204 - Swift - - - - tx3fb8b44236ca45d1955e5-0069bb700e - 0.0049 CS - 1773891598.832103729 1773891598.837020636 0 -
Mar 18 23:39:58 np0005651379.novalocal container-server[99867]: ::1 - - [19/Mar/2026:03:39:58 +0000] "GET /2/199582/AUTH_2c0dd7efa1e94d879bc5da8c6f19a646/gnocchi.02ef2b06-a999-434b-aac9-ab144cfc334d" 200 2 "GET https://[::1]:8080/v1/AUTH_2c0dd7efa1e94d879bc5da8c6f19a646/gnocchi.02ef2b06-a999-434b-aac9-ab144cfc334d?format=json&states=listing" "tx3fb8b44236ca45d1955e5-0069bb700e" "proxy-server 101374" 0.0018 "-" 99867 0
Mar 18 23:39:58 np0005651379.novalocal proxy-server[101374]: ::1 ::1 19/Mar/2026/03/39/58 GET /v1/AUTH_2c0dd7efa1e94d879bc5da8c6f19a646/gnocchi.02ef2b06-a999-434b-aac9-ab144cfc334d%3Fformat%3Djson%26states%3Dlisting HTTP/1.0 200 - python-swiftclient-4.8.0 gAAAAABpu2_xITFz... - 2 - tx3fb8b44236ca45d1955e5-0069bb700e - 0.0134 - - 1773891598.831065893 1773891598.844508648 0 e61d2c26cb6146fb88642c1126e377de
Mar 18 23:39:58 np0005651379.novalocal object-server[100256]: ::1 - - [19/Mar/2026:03:39:58 +0000] "GET /2/204491/AUTH_2c0dd7efa1e94d879bc5da8c6f19a646/gnocchi.02ef2b06-a999-434b-aac9-ab144cfc334d/1773360000.0_mean_300.0_v3" 404 70 "GET https://[::1]:8080/v1/AUTH_2c0dd7efa1e94d879bc5da8c6f19a646/gnocchi.02ef2b06-a999-434b-aac9-ab144cfc334d/1773360000.0_mean_300.0_v3" "txd2c3cc147e494bc9a003d-0069bb700e" "proxy-server 101374" 0.0004 "-" 100256 0
Mar 18 23:39:58 np0005651379.novalocal object-server[100256]: ::1 - - [19/Mar/2026:03:39:58 +0000] "GET /1/204491/AUTH_2c0dd7efa1e94d879bc5da8c6f19a646/gnocchi.02ef2b06-a999-434b-aac9-ab144cfc334d/1773360000.0_mean_300.0_v3" 404 70 "GET https://[::1]:8080/v1/AUTH_2c0dd7efa1e94d879bc5da8c6f19a646/gnocchi.02ef2b06-a999-434b-aac9-ab144cfc334d/1773360000.0_mean_300.0_v3" "txd2c3cc147e494bc9a003d-0069bb700e" "proxy-server 101374" 0.0002 "-" 100256 0
Mar 18 23:39:58 np0005651379.novalocal object-server[100257]: ::1 - - [19/Mar/2026:03:39:58 +0000] "GET /3/204491/AUTH_2c0dd7efa1e94d879bc5da8c6f19a646/gnocchi.02ef2b06-a999-434b-aac9-ab144cfc334d/1773360000.0_mean_300.0_v3" 404 70 "GET https://[::1]:8080/v1/AUTH_2c0dd7efa1e94d879bc5da8c6f19a646/gnocchi.02ef2b06-a999-434b-aac9-ab144cfc334d/1773360000.0_mean_300.0_v3" "txd2c3cc147e494bc9a003d-0069bb700e" "proxy-server 101374" 0.0005 "-" 100257 0
Mar 18 23:39:58 np0005651379.novalocal proxy-server[101374]: ::1 ::1 19/Mar/2026/03/39/58 GET /v1/AUTH_2c0dd7efa1e94d879bc5da8c6f19a646/gnocchi.02ef2b06-a999-434b-aac9-ab144cfc334d/1773360000.0_mean_300.0_v3 HTTP/1.0 404 - python-swiftclient-4.8.0 gAAAAABpu2_xITFz... - 70 - txd2c3cc147e494bc9a003d-0069bb700e - 0.0112 - - 1773891598.849119663 1773891598.860346556 0 e61d2c26cb6146fb88642c1126e377de
Mar 18 23:39:58 np0005651379.novalocal container-server[99868]: ::1 - - [19/Mar/2026:03:39:58 +0000] "PUT /1/199582/AUTH_2c0dd7efa1e94d879bc5da8c6f19a646/gnocchi.02ef2b06-a999-434b-aac9-ab144cfc334d/1773360000.0_mean_300.0_v3" 201 - "PUT http://[::1]:8080/2/204491/AUTH_2c0dd7efa1e94d879bc5da8c6f19a646/gnocchi.02ef2b06-a999-434b-aac9-ab144cfc334d/1773360000.0_mean_300.0_v3" "tx4beb7100997b4ab087b7c-0069bb700e" "object-server 100256" 0.0010 "-" 99868 0
Mar 18 23:39:58 np0005651379.novalocal container-server[99867]: ::1 - - [19/Mar/2026:03:39:58 +0000] "PUT /2/199582/AUTH_2c0dd7efa1e94d879bc5da8c6f19a646/gnocchi.02ef2b06-a999-434b-aac9-ab144cfc334d/1773360000.0_mean_300.0_v3" 201 - "PUT http://[::1]:8080/3/204491/AUTH_2c0dd7efa1e94d879bc5da8c6f19a646/gnocchi.02ef2b06-a999-434b-aac9-ab144cfc334d/1773360000.0_mean_300.0_v3" "tx4beb7100997b4ab087b7c-0069bb700e" "object-server 100256" 0.0011 "-" 99867 0
Mar 18 23:39:58 np0005651379.novalocal object-server[100256]: ::1 - - [19/Mar/2026:03:39:58 +0000] "PUT /2/204491/AUTH_2c0dd7efa1e94d879bc5da8c6f19a646/gnocchi.02ef2b06-a999-434b-aac9-ab144cfc334d/1773360000.0_mean_300.0_v3" 201 - "PUT https://[::1]:8080/v1/AUTH_2c0dd7efa1e94d879bc5da8c6f19a646/gnocchi.02ef2b06-a999-434b-aac9-ab144cfc334d/1773360000.0_mean_300.0_v3" "tx4beb7100997b4ab087b7c-0069bb700e" "proxy-server 101374" 0.0200 "-" 100256 0
Mar 18 23:39:58 np0005651379.novalocal object-server[100256]: ::1 - - [19/Mar/2026:03:39:58 +0000] "PUT /3/204491/AUTH_2c0dd7efa1e94d879bc5da8c6f19a646/gnocchi.02ef2b06-a999-434b-aac9-ab144cfc334d/1773360000.0_mean_300.0_v3" 201 - "PUT https://[::1]:8080/v1/AUTH_2c0dd7efa1e94d879bc5da8c6f19a646/gnocchi.02ef2b06-a999-434b-aac9-ab144cfc334d/1773360000.0_mean_300.0_v3" "tx4beb7100997b4ab087b7c-0069bb700e" "proxy-server 101374" 0.0190 "-" 100256 0
Mar 18 23:39:58 np0005651379.novalocal container-server[99868]: ::1 - - [19/Mar/2026:03:39:58 +0000] "PUT /3/199582/AUTH_2c0dd7efa1e94d879bc5da8c6f19a646/gnocchi.02ef2b06-a999-434b-aac9-ab144cfc334d/1773360000.0_mean_300.0_v3" 201 - "PUT http://[::1]:8080/1/204491/AUTH_2c0dd7efa1e94d879bc5da8c6f19a646/gnocchi.02ef2b06-a999-434b-aac9-ab144cfc334d/1773360000.0_mean_300.0_v3" "tx4beb7100997b4ab087b7c-0069bb700e" "object-server 100257" 0.0007 "-" 99868 0
