Mar 18 23:41:00 np0005651379.novalocal proxy-server[101374]: - - 19/Mar/2026/03/41/00 HEAD /v1/AUTH_2c0dd7efa1e94d879bc5da8c6f19a646/gnocchi.a619b2ad-ce16-452d-a0e0-eda7811e8c11 HTTP/1.0 204 - Swift - - - - tx7c25e485e97d49d0a5558-0069bb704c - 0.0095 CS - 1773891660.165197372 1773891660.174731016 0 -
Mar 18 23:41:00 np0005651379.novalocal container-server[99868]: ::1 - - [19/Mar/2026:03:41:00 +0000] "GET /1/164460/AUTH_2c0dd7efa1e94d879bc5da8c6f19a646/gnocchi.a619b2ad-ce16-452d-a0e0-eda7811e8c11" 200 2 "GET https://[::1]:8080/v1/AUTH_2c0dd7efa1e94d879bc5da8c6f19a646/gnocchi.a619b2ad-ce16-452d-a0e0-eda7811e8c11?format=json&states=listing" "tx7c25e485e97d49d0a5558-0069bb704c" "proxy-server 101374" 0.0037 "-" 99868 0
Mar 18 23:41:00 np0005651379.novalocal proxy-server[101374]: ::1 ::1 19/Mar/2026/03/41/00 GET /v1/AUTH_2c0dd7efa1e94d879bc5da8c6f19a646/gnocchi.a619b2ad-ce16-452d-a0e0-eda7811e8c11%3Fformat%3Djson%26states%3Dlisting HTTP/1.0 200 - python-swiftclient-4.8.0 gAAAAABpu2_uqf-H... - 2 - tx7c25e485e97d49d0a5558-0069bb704c - 0.0271 - - 1773891660.163956404 1773891660.191022158 0 e61d2c26cb6146fb88642c1126e377de
Mar 18 23:41:00 np0005651379.novalocal object-server[100257]: ::1 - - [19/Mar/2026:03:41:00 +0000] "GET /2/89144/AUTH_2c0dd7efa1e94d879bc5da8c6f19a646/gnocchi.a619b2ad-ce16-452d-a0e0-eda7811e8c11/1773360000.0_mean_300.0_v3" 404 70 "GET https://[::1]:8080/v1/AUTH_2c0dd7efa1e94d879bc5da8c6f19a646/gnocchi.a619b2ad-ce16-452d-a0e0-eda7811e8c11/1773360000.0_mean_300.0_v3" "txadffc61c2fdc4a468d016-0069bb704c" "proxy-server 101374" 0.0005 "-" 100257 0
Mar 18 23:41:00 np0005651379.novalocal object-server[100257]: ::1 - - [19/Mar/2026:03:41:00 +0000] "GET /1/89144/AUTH_2c0dd7efa1e94d879bc5da8c6f19a646/gnocchi.a619b2ad-ce16-452d-a0e0-eda7811e8c11/1773360000.0_mean_300.0_v3" 404 70 "GET https://[::1]:8080/v1/AUTH_2c0dd7efa1e94d879bc5da8c6f19a646/gnocchi.a619b2ad-ce16-452d-a0e0-eda7811e8c11/1773360000.0_mean_300.0_v3" "txadffc61c2fdc4a468d016-0069bb704c" "proxy-server 101374" 0.0005 "-" 100257 0
Mar 18 23:41:00 np0005651379.novalocal object-server[100256]: ::1 - - [19/Mar/2026:03:41:00 +0000] "GET /3/89144/AUTH_2c0dd7efa1e94d879bc5da8c6f19a646/gnocchi.a619b2ad-ce16-452d-a0e0-eda7811e8c11/1773360000.0_mean_300.0_v3" 404 70 "GET https://[::1]:8080/v1/AUTH_2c0dd7efa1e94d879bc5da8c6f19a646/gnocchi.a619b2ad-ce16-452d-a0e0-eda7811e8c11/1773360000.0_mean_300.0_v3" "txadffc61c2fdc4a468d016-0069bb704c" "proxy-server 101374" 0.0004 "-" 100256 0
Mar 18 23:41:00 np0005651379.novalocal proxy-server[101374]: ::1 ::1 19/Mar/2026/03/41/00 GET /v1/AUTH_2c0dd7efa1e94d879bc5da8c6f19a646/gnocchi.a619b2ad-ce16-452d-a0e0-eda7811e8c11/1773360000.0_mean_300.0_v3 HTTP/1.0 404 - python-swiftclient-4.8.0 gAAAAABpu2_uqf-H... - 70 - txadffc61c2fdc4a468d016-0069bb704c - 0.0179 - - 1773891660.194967031 1773891660.212879419 0 e61d2c26cb6146fb88642c1126e377de
Mar 18 23:41:00 np0005651379.novalocal container-server[99867]: ::1 - - [19/Mar/2026:03:41:00 +0000] "PUT /3/164460/AUTH_2c0dd7efa1e94d879bc5da8c6f19a646/gnocchi.a619b2ad-ce16-452d-a0e0-eda7811e8c11/1773360000.0_mean_300.0_v3" 201 - "PUT http://[::1]:8080/1/89144/AUTH_2c0dd7efa1e94d879bc5da8c6f19a646/gnocchi.a619b2ad-ce16-452d-a0e0-eda7811e8c11/1773360000.0_mean_300.0_v3" "tx45aceee7c5c040daaa3a1-0069bb704c" "object-server 100257" 0.0016 "-" 99867 0
Mar 18 23:41:00 np0005651379.novalocal container-server[99868]: ::1 - - [19/Mar/2026:03:41:00 +0000] "PUT /2/164460/AUTH_2c0dd7efa1e94d879bc5da8c6f19a646/gnocchi.a619b2ad-ce16-452d-a0e0-eda7811e8c11/1773360000.0_mean_300.0_v3" 201 - "PUT http://[::1]:8080/3/89144/AUTH_2c0dd7efa1e94d879bc5da8c6f19a646/gnocchi.a619b2ad-ce16-452d-a0e0-eda7811e8c11/1773360000.0_mean_300.0_v3" "tx45aceee7c5c040daaa3a1-0069bb704c" "object-server 100257" 0.0009 "-" 99868 0
Mar 18 23:41:00 np0005651379.novalocal object-server[100257]: ::1 - - [19/Mar/2026:03:41:00 +0000] "PUT /1/89144/AUTH_2c0dd7efa1e94d879bc5da8c6f19a646/gnocchi.a619b2ad-ce16-452d-a0e0-eda7811e8c11/1773360000.0_mean_300.0_v3" 201 - "PUT https://[::1]:8080/v1/AUTH_2c0dd7efa1e94d879bc5da8c6f19a646/gnocchi.a619b2ad-ce16-452d-a0e0-eda7811e8c11/1773360000.0_mean_300.0_v3" "tx45aceee7c5c040daaa3a1-0069bb704c" "proxy-server 101374" 0.0201 "-" 100257 0
Mar 18 23:41:00 np0005651379.novalocal object-server[100257]: ::1 - - [19/Mar/2026:03:41:00 +0000] "PUT /3/89144/AUTH_2c0dd7efa1e94d879bc5da8c6f19a646/gnocchi.a619b2ad-ce16-452d-a0e0-eda7811e8c11/1773360000.0_mean_300.0_v3" 201 - "PUT https://[::1]:8080/v1/AUTH_2c0dd7efa1e94d879bc5da8c6f19a646/gnocchi.a619b2ad-ce16-452d-a0e0-eda7811e8c11/1773360000.0_mean_300.0_v3" "tx45aceee7c5c040daaa3a1-0069bb704c" "proxy-server 101374" 0.0183 "-" 100257 0
Mar 18 23:41:00 np0005651379.novalocal container-server[99868]: ::1 - - [19/Mar/2026:03:41:00 +0000] "PUT /1/164460/AUTH_2c0dd7efa1e94d879bc5da8c6f19a646/gnocchi.a619b2ad-ce16-452d-a0e0-eda7811e8c11/1773360000.0_mean_300.0_v3" 201 - "PUT http://[::1]:8080/2/89144/AUTH_2c0dd7efa1e94d879bc5da8c6f19a646/gnocchi.a619b2ad-ce16-452d-a0e0-eda7811e8c11/1773360000.0_mean_300.0_v3" "tx45aceee7c5c040daaa3a1-0069bb704c" "object-server 100257" 0.0006 "-" 99868 0
Mar 18 23:41:00 np0005651379.novalocal object-server[100257]: ::1 - - [19/Mar/2026:03:41:00 +0000] "PUT /2/89144/AUTH_2c0dd7efa1e94d879bc5da8c6f19a646/gnocchi.a619b2ad-ce16-452d-a0e0-eda7811e8c11/1773360000.0_mean_300.0_v3" 201 - "PUT https://[::1]:8080/v1/AUTH_2c0dd7efa1e94d879bc5da8c6f19a646/gnocchi.a619b2ad-ce16-452d-a0e0-eda7811e8c11/1773360000.0_mean_300.0_v3" "tx45aceee7c5c040daaa3a1-0069bb704c" "proxy-server 101374" 0.0137 "-" 100257 0
Mar 18 23:41:00 np0005651379.novalocal proxy-server[101374]: ::1 ::1 19/Mar/2026/03/41/00 PUT /v1/AUTH_2c0dd7efa1e94d879bc5da8c6f19a646/gnocchi.a619b2ad-ce16-452d-a0e0-eda7811e8c11/1773360000.0_mean_300.0_v3 HTTP/1.0 201 - python-swiftclient-4.8.0 gAAAAABpu2_uqf-H... 16 - - tx45aceee7c5c040daaa3a1-0069bb704c - 0.0339 - - 1773891660.215864420 1773891660.249718428 0 e61d2c26cb6146fb88642c1126e377de
Mar 18 23:41:00 np0005651379.novalocal container-server[99868]: ::1 - - [19/Mar/2026:03:41:00 +0000] "PUT /2/164460/AUTH_2c0dd7efa1e94d879bc5da8c6f19a646/gnocchi.a619b2ad-ce16-452d-a0e0-eda7811e8c11/none_v3" 201 - "PUT http://[::1]:8080/2/188566/AUTH_2c0dd7efa1e94d879bc5da8c6f19a646/gnocchi.a619b2ad-ce16-452d-a0e0-eda7811e8c11/none_v3" "tx65d54360493d403ab715c-0069bb704c" "object-server 100257" 0.0006 "-" 99868 0
Mar 18 23:41:00 np0005651379.novalocal object-server[100257]: ::1 - - [19/Mar/2026:03:41:00 +0000] "PUT /2/188566/AUTH_2c0dd7efa1e94d879bc5da8c6f19a646/gnocchi.a619b2ad-ce16-452d-a0e0-eda7811e8c11/none_v3" 201 - "PUT https://[::1]:8080/v1/AUTH_2c0dd7efa1e94d879bc5da8c6f19a646/gnocchi.a619b2ad-ce16-452d-a0e0-eda7811e8c11/none_v3" "tx65d54360493d403ab715c-0069bb704c" "proxy-server 101374" 0.0146 "-" 100257 0
Mar 18 23:41:00 np0005651379.novalocal container-server[99867]: ::1 - - [19/Mar/2026:03:41:00 +0000] "PUT /3/164460/AUTH_2c0dd7efa1e94d879bc5da8c6f19a646/gnocchi.a619b2ad-ce16-452d-a0e0-eda7811e8c11/none_v3" 201 - "PUT http://[::1]:8080/1/188566/AUTH_2c0dd7efa1e94d879bc5da8c6f19a646/gnocchi.a619b2ad-ce16-452d-a0e0-eda7811e8c11/none_v3" "tx65d54360493d403ab715c-0069bb704c" "object-server 100256" 0.0007 "-" 99867 0
Mar 18 23:41:00 np0005651379.novalocal container-server[99868]: ::1 - - [19/Mar/2026:03:41:00 +0000] "PUT /1/164460/AUTH_2c0dd7efa1e94d879bc5da8c6f19a646/gnocchi.a619b2ad-ce16-452d-a0e0-eda7811e8c11/none_v3" 201 - "PUT http://[::1]:8080/3/188566/AUTH_2c0dd7efa1e94d879bc5da8c6f19a646/gnocchi.a619b2ad-ce16-452d-a0e0-eda7811e8c11/none_v3" "tx65d54360493d403ab715c-0069bb704c" "object-server 100256" 0.0007 "-" 99868 0
Mar 18 23:41:00 np0005651379.novalocal object-server[100256]: ::1 - - [19/Mar/2026:03:41:00 +0000] "PUT /1/188566/AUTH_2c0dd7efa1e94d879bc5da8c6f19a646/gnocchi.a619b2ad-ce16-452d-a0e0-eda7811e8c11/none_v3" 201 - "PUT https://[::1]:8080/v1/AUTH_2c0dd7efa1e94d879bc5da8c6f19a646/gnocchi.a619b2ad-ce16-452d-a0e0-eda7811e8c11/none_v3" "tx65d54360493d403ab715c-0069bb704c" "proxy-server 101374" 0.0143 "-" 100256 0
Mar 18 23:41:00 np0005651379.novalocal object-server[100256]: ::1 - - [19/Mar/2026:03:41:00 +0000] "PUT /3/188566/AUTH_2c0dd7efa1e94d879bc5da8c6f19a646/gnocchi.a619b2ad-ce16-452d-a0e0-eda7811e8c11/none_v3" 201 - "PUT https://[::1]:8080/v1/AUTH_2c0dd7efa1e94d879bc5da8c6f19a646/gnocchi.a619b2ad-ce16-452d-a0e0-eda7811e8c11/none_v3" "tx65d54360493d403ab715c-0069bb704c" "proxy-server 101374" 0.0178 "-" 100256 0
Mar 18 23:41:00 np0005651379.novalocal proxy-server[101374]: ::1 ::1 19/Mar/2026/03/41/00 PUT /v1/AUTH_2c0dd7efa1e94d879bc5da8c6f19a646/gnocchi.a619b2ad-ce16-452d-a0e0-eda7811e8c11/none_v3 HTTP/1.0 201 - python-swiftclient-4.8.0 gAAAAABpu2_uqf-H... 22 - - tx65d54360493d403ab715c-0069bb704c - 0.0304 - - 1773891660.254305124 1773891660.284665346 0 e61d2c26cb6146fb88642c1126e377de
Mar 18 23:41:00 np0005651379.novalocal container-server[99868]: ::1 - - [19/Mar/2026:03:41:00 +0000] "HEAD /3/97778/AUTH_2c0dd7efa1e94d879bc5da8c6f19a646/gnocchi.f3e2b959-567e-413a-b69f-eb4ad2f97f12" 204 - "HEAD http://[::1]:8080/v1/AUTH_2c0dd7efa1e94d879bc5da8c6f19a646/gnocchi.f3e2b959-567e-413a-b69f-eb4ad2f97f12" "txc9a1c6b052f543b0928ea-0069bb704c" "proxy-server 101374" 0.0021 "-" 99868 0
Mar 18 23:41:00 np0005651379.novalocal proxy-server[101374]: - - 19/Mar/2026/03/41/00 HEAD /v1/AUTH_2c0dd7efa1e94d879bc5da8c6f19a646/gnocchi.f3e2b959-567e-413a-b69f-eb4ad2f97f12 HTTP/1.0 204 - Swift - - - - txc9a1c6b052f543b0928ea-0069bb704c - 0.0084 CS - 1773891660.297969103 1773891660.306356430 0 -
Mar 18 23:41:00 np0005651379.novalocal object-server[100257]: ::1 - - [19/Mar/2026:03:41:00 +0000] "GET /3/49291/AUTH_2c0dd7efa1e94d879bc5da8c6f19a646/gnocchi.f3e2b959-567e-413a-b69f-eb4ad2f97f12/none_v3" 200 22 "GET https://[::1]:8080/v1/AUTH_2c0dd7efa1e94d879bc5da8c6f19a646/gnocchi.f3e2b959-567e-413a-b69f-eb4ad2f97f12/none_v3" "txc9a1c6b052f543b0928ea-0069bb704c" "proxy-server 101374" 0.0007 "-" 100257 0
Mar 18 23:41:00 np0005651379.novalocal proxy-server[101374]: ::1 ::1 19/Mar/2026/03/41/00 GET /v1/AUTH_2c0dd7efa1e94d879bc5da8c6f19a646/gnocchi.f3e2b959-567e-413a-b69f-eb4ad2f97f12/none_v3 HTTP/1.0 200 - python-swiftclient-4.8.0 gAAAAABpu2_uqf-H... - 22 - txc9a1c6b052f543b0928ea-0069bb704c - 0.0185 - - 1773891660.297060013 1773891660.315550804 0 e61d2c26cb6146fb88642c1126e377de
Mar 18 23:41:00 np0005651379.novalocal container-server[99867]: ::1 - - [19/Mar/2026:03:41:00 +0000] "GET /1/97778/AUTH_2c0dd7efa1e94d879bc5da8c6f19a646/gnocchi.f3e2b959-567e-413a-b69f-eb4ad2f97f12" 200 357 "GET https://[::1]:8080/v1/AUTH_2c0dd7efa1e94d879bc5da8c6f19a646/gnocchi.f3e2b959-567e-413a-b69f-eb4ad2f97f12?format=json&states=listing" "txb73e1f0f178b41de8af48-0069bb704c" "proxy-server 101374" 0.0042 "-" 99867 0
Mar 18 23:41:00 np0005651379.novalocal proxy-server[101374]: ::1 ::1 19/Mar/2026/03/41/00 GET /v1/AUTH_2c0dd7efa1e94d879bc5da8c6f19a646/gnocchi.f3e2b959-567e-413a-b69f-eb4ad2f97f12%3Fformat%3Djson%26states%3Dlisting HTTP/1.0 200 - python-swiftclient-4.8.0 gAAAAABpu2_uqf-H... - 357 - txb73e1f0f178b41de8af48-0069bb704c - 0.0135 - - 1773891660.320488214 1773891660.334023952 0 e61d2c26cb6146fb88642c1126e377de
Mar 18 23:41:00 np0005651379.novalocal container-server[99868]: ::1 - - [19/Mar/2026:03:41:00 +0000] "GET /2/97778/AUTH_2c0dd7efa1e94d879bc5da8c6f19a646/gnocchi.f3e2b959-567e-413a-b69f-eb4ad2f97f12" 200 2 "GET https://[::1]:8080/v1/AUTH_2c0dd7efa1e94d879bc5da8c6f19a646/gnocchi.f3e2b959-567e-413a-b69f-eb4ad2f97f12?format=json&marker=none_v3&states=listing" "tx5f71c2cc843f465c9d885-0069bb704c" "proxy-server 101374" 0.0033 "-" 99868 0
Mar 18 23:41:00 np0005651379.novalocal proxy-server[101374]: ::1 ::1 19/Mar/2026/03/41/00 GET /v1/AUTH_2c0dd7efa1e94d879bc5da8c6f19a646/gnocchi.f3e2b959-567e-413a-b69f-eb4ad2f97f12%3Fformat%3Djson%26marker%3Dnone_v3%26states%3Dlisting HTTP/1.0 200 - python-swiftclient-4.8.0 gAAAAABpu2_uqf-H... - 2 - tx5f71c2cc843f465c9d885-0069bb704c - 0.0129 - - 1773891660.337661743 1773891660.350525379 0 e61d2c26cb6146fb88642c1126e377de
Mar 18 23:41:00 np0005651379.novalocal object-server[100257]: ::1 - - [19/Mar/2026:03:41:00 +0000] "GET /1/168790/AUTH_2c0dd7efa1e94d879bc5da8c6f19a646/gnocchi.f3e2b959-567e-413a-b69f-eb4ad2f97f12/1773360000.0_mean_300.0_v3" 200 16 "GET https://[::1]:8080/v1/AUTH_2c0dd7efa1e94d879bc5da8c6f19a646/gnocchi.f3e2b959-567e-413a-b69f-eb4ad2f97f12/1773360000.0_mean_300.0_v3" "tx066576a50a5c41e89add0-0069bb704c" "proxy-server 101374" 0.0006 "-" 100257 0
Mar 18 23:41:00 np0005651379.novalocal proxy-server[101374]: ::1 ::1 19/Mar/2026/03/41/00 GET /v1/AUTH_2c0dd7efa1e94d879bc5da8c6f19a646/gnocchi.f3e2b959-567e-413a-b69f-eb4ad2f97f12/1773360000.0_mean_300.0_v3 HTTP/1.0 200 - python-swiftclient-4.8.0 gAAAAABpu2_uqf-H... - 16 - tx066576a50a5c41e89add0-0069bb704c - 0.0096 - - 1773891660.356260777 1773891660.365890980 0 e61d2c26cb6146fb88642c1126e377de
Mar 18 23:41:00 np0005651379.novalocal object-server[100257]: ::1 - - [19/Mar/2026:03:41:00 +0000] "GET /1/117222/AUTH_2c0dd7efa1e94d879bc5da8c6f19a646/gnocchi.f3e2b959-567e-413a-b69f-eb4ad2f97f12/1773360000.0_rate%3Amean_300.0_v3" 404 70 "GET https://[::1]:8080/v1/AUTH_2c0dd7efa1e94d879bc5da8c6f19a646/gnocchi.f3e2b959-567e-413a-b69f-eb4ad2f97f12/1773360000.0_rate%3Amean_300.0_v3" "tx26f209f5f12843b483ff0-0069bb704c" "proxy-server 101374" 0.0004 "-" 100257 0
Mar 18 23:41:00 np0005651379.novalocal object-server[100257]: ::1 - - [19/Mar/2026:03:41:00 +0000] "GET /2/117222/AUTH_2c0dd7efa1e94d879bc5da8c6f19a646/gnocchi.f3e2b959-567e-413a-b69f-eb4ad2f97f12/1773360000.0_rate%3Amean_300.0_v3" 404 70 "GET https://[::1]:8080/v1/AUTH_2c0dd7efa1e94d879bc5da8c6f19a646/gnocchi.f3e2b959-567e-413a-b69f-eb4ad2f97f12/1773360000.0_rate%3Amean_300.0_v3" "tx26f209f5f12843b483ff0-0069bb704c" "proxy-server 101374" 0.0006 "-" 100257 0
Mar 18 23:41:00 np0005651379.novalocal object-server[100256]: ::1 - - [19/Mar/2026:03:41:00 +0000] "GET /3/117222/AUTH_2c0dd7efa1e94d879bc5da8c6f19a646/gnocchi.f3e2b959-567e-413a-b69f-eb4ad2f97f12/1773360000.0_rate%3Amean_300.0_v3" 404 70 "GET https://[::1]:8080/v1/AUTH_2c0dd7efa1e94d879bc5da8c6f19a646/gnocchi.f3e2b959-567e-413a-b69f-eb4ad2f97f12/1773360000.0_rate%3Amean_300.0_v3" "tx26f209f5f12843b483ff0-0069bb704c" "proxy-server 101374" 0.0004 "-" 100256 0
Mar 18 23:41:00 np0005651379.novalocal proxy-server[101374]: ::1 ::1 19/Mar/2026/03/41/00 GET /v1/AUTH_2c0dd7efa1e94d879bc5da8c6f19a646/gnocchi.f3e2b959-567e-413a-b69f-eb4ad2f97f12/1773360000.0_rate%253Amean_300.0_v3 HTTP/1.0 404 - python-swiftclient-4.8.0 gAAAAABpu2_uqf-H... - 70 - tx26f209f5f12843b483ff0-0069bb704c - 0.0132 - - 1773891660.370316744 1773891660.383499861 0 e61d2c26cb6146fb88642c1126e377de
Mar 18 23:41:00 np0005651379.novalocal container-server[99868]: ::1 - - [19/Mar/2026:03:41:00 +0000] "PUT /3/97778/AUTH_2c0dd7efa1e94d879bc5da8c6f19a646/gnocchi.f3e2b959-567e-413a-b69f-eb4ad2f97f12/1773360000.0_mean_300.0_v3" 201 - "PUT http://[::1]:8080/1/168790/AUTH_2c0dd7efa1e94d879bc5da8c6f19a646/gnocchi.f3e2b959-567e-413a-b69f-eb4ad2f97f12/1773360000.0_mean_300.0_v3" "tx68239a3ac83b420aa4a2d-0069bb704c" "object-server 100257" 0.0006 "-" 99868 0
Mar 18 23:41:00 np0005651379.novalocal object-server[100257]: ::1 - - [19/Mar/2026:03:41:00 +0000] "PUT /1/168790/AUTH_2c0dd7efa1e94d879bc5da8c6f19a646/gnocchi.f3e2b959-567e-413a-b69f-eb4ad2f97f12/1773360000.0_mean_300.0_v3" 201 - "PUT https://[::1]:8080/v1/AUTH_2c0dd7efa1e94d879bc5da8c6f19a646/gnocchi.f3e2b959-567e-413a-b69f-eb4ad2f97f12/1773360000.0_mean_300.0_v3" "tx68239a3ac83b420aa4a2d-0069bb704c" "proxy-server 101374" 0.0087 "-" 100257 0
Mar 18 23:41:00 np0005651379.novalocal container-server[99867]: ::1 - - [19/Mar/2026:03:41:00 +0000] "PUT /2/97778/AUTH_2c0dd7efa1e94d879bc5da8c6f19a646/gnocchi.f3e2b959-567e-413a-b69f-eb4ad2f97f12/1773360000.0_mean_300.0_v3" 201 - "PUT http://[::1]:8080/3/168790/AUTH_2c0dd7efa1e94d879bc5da8c6f19a646/gnocchi.f3e2b959-567e-413a-b69f-eb4ad2f97f12/1773360000.0_mean_300.0_v3" "tx68239a3ac83b420aa4a2d-0069bb704c" "object-server 100256" 0.0011 "-" 99867 0
Mar 18 23:41:00 np0005651379.novalocal container-server[99868]: ::1 - - [19/Mar/2026:03:41:00 +0000] "PUT /1/97778/AUTH_2c0dd7efa1e94d879bc5da8c6f19a646/gnocchi.f3e2b959-567e-413a-b69f-eb4ad2f97f12/1773360000.0_mean_300.0_v3" 201 - "PUT http://[::1]:8080/2/168790/AUTH_2c0dd7efa1e94d879bc5da8c6f19a646/gnocchi.f3e2b959-567e-413a-b69f-eb4ad2f97f12/1773360000.0_mean_300.0_v3" "tx68239a3ac83b420aa4a2d-0069bb704c" "object-server 100256" 0.0003 "-" 99868 0
Mar 18 23:41:00 np0005651379.novalocal object-server[100256]: ::1 - - [19/Mar/2026:03:41:00 +0000] "PUT /3/168790/AUTH_2c0dd7efa1e94d879bc5da8c6f19a646/gnocchi.f3e2b959-567e-413a-b69f-eb4ad2f97f12/1773360000.0_mean_300.0_v3" 201 - "PUT https://[::1]:8080/v1/AUTH_2c0dd7efa1e94d879bc5da8c6f19a646/gnocchi.f3e2b959-567e-413a-b69f-eb4ad2f97f12/1773360000.0_mean_300.0_v3" "tx68239a3ac83b420aa4a2d-0069bb704c" "proxy-server 101374" 0.0109 "-" 100256 0
Mar 18 23:41:00 np0005651379.novalocal object-server[100256]: ::1 - - [19/Mar/2026:03:41:00 +0000] "PUT /2/168790/AUTH_2c0dd7efa1e94d879bc5da8c6f19a646/gnocchi.f3e2b959-567e-413a-b69f-eb4ad2f97f12/1773360000.0_mean_300.0_v3" 201 - "PUT https://[::1]:8080/v1/AUTH_2c0dd7efa1e94d879bc5da8c6f19a646/gnocchi.f3e2b959-567e-413a-b69f-eb4ad2f97f12/1773360000.0_mean_300.0_v3" "tx68239a3ac83b420aa4a2d-0069bb704c" "proxy-server 101374" 0.0104 "-" 100256 0
Mar 18 23:41:00 np0005651379.novalocal proxy-server[101374]: ::1 ::1 19/Mar/2026/03/41/00 PUT /v1/AUTH_2c0dd7efa1e94d879bc5da8c6f19a646/gnocchi.f3e2b959-567e-413a-b69f-eb4ad2f97f12/1773360000.0_mean_300.0_v3 HTTP/1.0 201 - python-swiftclient-4.8.0 gAAAAABpu2_uqf-H... 24 - - tx68239a3ac83b420aa4a2d-0069bb704c - 0.0218 - - 1773891660.388517857 1773891660.410299301 0 e61d2c26cb6146fb88642c1126e377de
Mar 18 23:41:00 np0005651379.novalocal container-server[99867]: ::1 - - [19/Mar/2026:03:41:00 +0000] "PUT /2/97778/AUTH_2c0dd7efa1e94d879bc5da8c6f19a646/gnocchi.f3e2b959-567e-413a-b69f-eb4ad2f97f12/1773360000.0_rate%3Amean_300.0_v3" 201 - "PUT http://[::1]:8080/2/117222/AUTH_2c0dd7efa1e94d879bc5da8c6f19a646/gnocchi.f3e2b959-567e-413a-b69f-eb4ad2f97f12/1773360000.0_rate%3Amean_300.0_v3" "tx07efc3690133428db6ab9-0069bb704c" "object-server 100257" 0.0004 "-" 99867 0
Mar 18 23:41:00 np0005651379.novalocal object-server[100257]: ::1 - - [19/Mar/2026:03:41:00 +0000] "PUT /2/117222/AUTH_2c0dd7efa1e94d879bc5da8c6f19a646/gnocchi.f3e2b959-567e-413a-b69f-eb4ad2f97f12/1773360000.0_rate%3Amean_300.0_v3" 201 - "PUT https://[::1]:8080/v1/AUTH_2c0dd7efa1e94d879bc5da8c6f19a646/gnocchi.f3e2b959-567e-413a-b69f-eb4ad2f97f12/1773360000.0_rate%3Amean_300.0_v3" "tx07efc3690133428db6ab9-0069bb704c" "proxy-server 101374" 0.0104 "-" 100257 0
Mar 18 23:41:00 np0005651379.novalocal container-server[99868]: ::1 - - [19/Mar/2026:03:41:00 +0000] "PUT /1/97778/AUTH_2c0dd7efa1e94d879bc5da8c6f19a646/gnocchi.f3e2b959-567e-413a-b69f-eb4ad2f97f12/1773360000.0_rate%3Amean_300.0_v3" 201 - "PUT http://[::1]:8080/1/117222/AUTH_2c0dd7efa1e94d879bc5da8c6f19a646/gnocchi.f3e2b959-567e-413a-b69f-eb4ad2f97f12/1773360000.0_rate%3Amean_300.0_v3" "tx07efc3690133428db6ab9-0069bb704c" "object-server 100257" 0.0003 "-" 99868 0
Mar 18 23:41:00 np0005651379.novalocal container-server[99867]: ::1 - - [19/Mar/2026:03:41:00 +0000] "PUT /3/97778/AUTH_2c0dd7efa1e94d879bc5da8c6f19a646/gnocchi.f3e2b959-567e-413a-b69f-eb4ad2f97f12/1773360000.0_rate%3Amean_300.0_v3" 201 - "PUT http://[::1]:8080/3/117222/AUTH_2c0dd7efa1e94d879bc5da8c6f19a646/gnocchi.f3e2b959-567e-413a-b69f-eb4ad2f97f12/1773360000.0_rate%3Amean_300.0_v3" "tx07efc3690133428db6ab9-0069bb704c" "object-server 100257" 0.0006 "-" 99867 0
Mar 18 23:41:00 np0005651379.novalocal object-server[100257]: ::1 - - [19/Mar/2026:03:41:00 +0000] "PUT /1/117222/AUTH_2c0dd7efa1e94d879bc5da8c6f19a646/gnocchi.f3e2b959-567e-413a-b69f-eb4ad2f97f12/1773360000.0_rate%3Amean_300.0_v3" 201 - "PUT https://[::1]:8080/v1/AUTH_2c0dd7efa1e94d879bc5da8c6f19a646/gnocchi.f3e2b959-567e-413a-b69f-eb4ad2f97f12/1773360000.0_rate%3Amean_300.0_v3" "tx07efc3690133428db6ab9-0069bb704c" "proxy-server 101374" 0.0101 "-" 100257 0
Mar 18 23:41:00 np0005651379.novalocal object-server[100257]: ::1 - - [19/Mar/2026:03:41:00 +0000] "PUT /3/117222/AUTH_2c0dd7efa1e94d879bc5da8c6f19a646/gnocchi.f3e2b959-567e-413a-b69f-eb4ad2f97f12/1773360000.0_rate%3Amean_300.0_v3" 201 - "PUT https://[::1]:8080/v1/AUTH_2c0dd7efa1e94d879bc5da8c6f19a646/gnocchi.f3e2b959-567e-413a-b69f-eb4ad2f97f12/1773360000.0_rate%3Amean_300.0_v3" "tx07efc3690133428db6ab9-0069bb704c" "proxy-server 101374" 0.0134 "-" 100257 0
Mar 18 23:41:00 np0005651379.novalocal proxy-server[101374]: ::1 ::1 19/Mar/2026/03/41/00 PUT /v1/AUTH_2c0dd7efa1e94d879bc5da8c6f19a646/gnocchi.f3e2b959-567e-413a-b69f-eb4ad2f97f12/1773360000.0_rate%253Amean_300.0_v3 HTTP/1.0 201 - python-swiftclient-4.8.0 gAAAAABpu2_uqf-H... 16 - - tx07efc3690133428db6ab9-0069bb704c - 0.0183 - - 1773891660.413430452 1773891660.431779385 0 e61d2c26cb6146fb88642c1126e377de
Mar 18 23:41:00 np0005651379.novalocal container-server[99867]: ::1 - - [19/Mar/2026:03:41:00 +0000] "PUT /2/97778/AUTH_2c0dd7efa1e94d879bc5da8c6f19a646/gnocchi.f3e2b959-567e-413a-b69f-eb4ad2f97f12/none_v3" 201 - "PUT http://[::1]:8080/1/49291/AUTH_2c0dd7efa1e94d879bc5da8c6f19a646/gnocchi.f3e2b959-567e-413a-b69f-eb4ad2f97f12/none_v3" "txc04e31140793463ab6eec-0069bb704c" "object-server 100257" 0.0008 "-" 99867 0
Mar 18 23:41:00 np0005651379.novalocal object-server[100257]: ::1 - - [19/Mar/2026:03:41:00 +0000] "PUT /1/49291/AUTH_2c0dd7efa1e94d879bc5da8c6f19a646/gnocchi.f3e2b959-567e-413a-b69f-eb4ad2f97f12/none_v3" 201 - "PUT https://[::1]:8080/v1/AUTH_2c0dd7efa1e94d879bc5da8c6f19a646/gnocchi.f3e2b959-567e-413a-b69f-eb4ad2f97f12/none_v3" "txc04e31140793463ab6eec-0069bb704c" "proxy-server 101374" 0.0084 "-" 100257 0
Mar 18 23:41:00 np0005651379.novalocal container-server[99867]: ::1 - - [19/Mar/2026:03:41:00 +0000] "PUT /1/97778/AUTH_2c0dd7efa1e94d879bc5da8c6f19a646/gnocchi.f3e2b959-567e-413a-b69f-eb4ad2f97f12/none_v3" 201 - "PUT http://[::1]:8080/3/49291/AUTH_2c0dd7efa1e94d879bc5da8c6f19a646/gnocchi.f3e2b959-567e-413a-b69f-eb4ad2f97f12/none_v3" "txc04e31140793463ab6eec-0069bb704c" "object-server 100257" 0.0008 "-" 99867 0
Mar 18 23:41:00 np0005651379.novalocal object-server[100257]: ::1 - - [19/Mar/2026:03:41:00 +0000] "PUT /3/49291/AUTH_2c0dd7efa1e94d879bc5da8c6f19a646/gnocchi.f3e2b959-567e-413a-b69f-eb4ad2f97f12/none_v3" 201 - "PUT https://[::1]:8080/v1/AUTH_2c0dd7efa1e94d879bc5da8c6f19a646/gnocchi.f3e2b959-567e-413a-b69f-eb4ad2f97f12/none_v3" "txc04e31140793463ab6eec-0069bb704c" "proxy-server 101374" 0.0133 "-" 100257 0
Mar 18 23:41:00 np0005651379.novalocal container-server[99867]: ::1 - - [19/Mar/2026:03:41:00 +0000] "PUT /3/97778/AUTH_2c0dd7efa1e94d879bc5da8c6f19a646/gnocchi.f3e2b959-567e-413a-b69f-eb4ad2f97f12/none_v3" 201 - "PUT http://[::1]:8080/2/49291/AUTH_2c0dd7efa1e94d879bc5da8c6f19a646/gnocchi.f3e2b959-567e-413a-b69f-eb4ad2f97f12/none_v3" "txc04e31140793463ab6eec-0069bb704c" "object-server 100257" 0.0006 "-" 99867 0
Mar 18 23:41:00 np0005651379.novalocal object-server[100257]: ::1 - - [19/Mar/2026:03:41:00 +0000] "PUT /2/49291/AUTH_2c0dd7efa1e94d879bc5da8c6f19a646/gnocchi.f3e2b959-567e-413a-b69f-eb4ad2f97f12/none_v3" 201 - "PUT https://[::1]:8080/v1/AUTH_2c0dd7efa1e94d879bc5da8c6f19a646/gnocchi.f3e2b959-567e-413a-b69f-eb4ad2f97f12/none_v3" "txc04e31140793463ab6eec-0069bb704c" "proxy-server 101374" 0.0142 "-" 100257 0
Mar 18 23:41:00 np0005651379.novalocal proxy-server[101374]: ::1 ::1 19/Mar/2026/03/41/00 PUT /v1/AUTH_2c0dd7efa1e94d879bc5da8c6f19a646/gnocchi.f3e2b959-567e-413a-b69f-eb4ad2f97f12/none_v3 HTTP/1.0 201 - python-swiftclient-4.8.0 gAAAAABpu2_uqf-H... 33 - - txc04e31140793463ab6eec-0069bb704c - 0.0201 - - 1773891660.433940411 1773891660.454009295 0 e61d2c26cb6146fb88642c1126e377de
Mar 18 23:41:00 np0005651379.novalocal container-server[99867]: ::1 - - [19/Mar/2026:03:41:00 +0000] "HEAD /3/137049/AUTH_2c0dd7efa1e94d879bc5da8c6f19a646/gnocchi.60fe9a10-1916-4c83-a083-87a26b710595" 204 - "HEAD http://[::1]:8080/v1/AUTH_2c0dd7efa1e94d879bc5da8c6f19a646/gnocchi.60fe9a10-1916-4c83-a083-87a26b710595" "tx0e98b32db39540e9aaf7b-0069bb704c" "proxy-server 101374" 0.0028 "-" 99867 0
Mar 18 23:41:00 np0005651379.novalocal proxy-server[101374]: - - 19/Mar/2026/03/41/00 HEAD /v1/AUTH_2c0dd7efa1e94d879bc5da8c6f19a646/gnocchi.60fe9a10-1916-4c83-a083-87a26b710595 HTTP/1.0 204 - Swift - - - - tx0e98b32db39540e9aaf7b-0069bb704c - 0.0063 CS - 1773891660.471476316 1773891660.477788925 0 -
Mar 18 23:41:00 np0005651379.novalocal object-server[100256]: ::1 - - [19/Mar/2026:03:41:00 +0000] "GET /3/58261/AUTH_2c0dd7efa1e94d879bc5da8c6f19a646/gnocchi.60fe9a10-1916-4c83-a083-87a26b710595/none_v3" 200 22 "GET https://[::1]:8080/v1/AUTH_2c0dd7efa1e94d879bc5da8c6f19a646/gnocchi.60fe9a10-1916-4c83-a083-87a26b710595/none_v3" "tx0e98b32db39540e9aaf7b-0069bb704c" "proxy-server 101374" 0.0013 "-" 100256 0
Mar 18 23:41:00 np0005651379.novalocal proxy-server[101374]: ::1 ::1 19/Mar/2026/03/41/00 GET /v1/AUTH_2c0dd7efa1e94d879bc5da8c6f19a646/gnocchi.60fe9a10-1916-4c83-a083-87a26b710595/none_v3 HTTP/1.0 200 - python-swiftclient-4.8.0 gAAAAABpu2_uqf-H... - 22 - tx0e98b32db39540e9aaf7b-0069bb704c - 0.0137 - - 1773891660.471141577 1773891660.484794378 0 e61d2c26cb6146fb88642c1126e377de
Mar 18 23:41:00 np0005651379.novalocal container-server[99867]: ::1 - - [19/Mar/2026:03:41:00 +0000] "GET /2/137049/AUTH_2c0dd7efa1e94d879bc5da8c6f19a646/gnocchi.60fe9a10-1916-4c83-a083-87a26b710595" 200 357 "GET https://[::1]:8080/v1/AUTH_2c0dd7efa1e94d879bc5da8c6f19a646/gnocchi.60fe9a10-1916-4c83-a083-87a26b710595?format=json&states=listing" "tx36a06067fabc433a8dd36-0069bb704c" "proxy-server 101374" 0.0051 "-" 99867 0
Mar 18 23:41:00 np0005651379.novalocal kernel: qbr011d2ad0-e7: port 2(tap011d2ad0-e7) entered disabled state
Mar 18 23:41:00 np0005651379.novalocal proxy-server[101374]: ::1 ::1 19/Mar/2026/03/41/00 GET /v1/AUTH_2c0dd7efa1e94d879bc5da8c6f19a646/gnocchi.60fe9a10-1916-4c83-a083-87a26b710595%3Fformat%3Djson%26states%3Dlisting HTTP/1.0 200 - python-swiftclient-4.8.0 gAAAAABpu2_uqf-H... - 357 - tx36a06067fabc433a8dd36-0069bb704c - 0.0118 - - 1773891660.490182161 1773891660.501938343 0 e61d2c26cb6146fb88642c1126e377de
Mar 18 23:41:00 np0005651379.novalocal kernel: tap011d2ad0-e7 (unregistering): left allmulticast mode
Mar 18 23:41:00 np0005651379.novalocal kernel: tap011d2ad0-e7 (unregistering): left promiscuous mode
Mar 18 23:41:00 np0005651379.novalocal kernel: qbr011d2ad0-e7: port 2(tap011d2ad0-e7) entered disabled state
Mar 18 23:41:00 np0005651379.novalocal container-server[99867]: ::1 - - [19/Mar/2026:03:41:00 +0000] "GET /3/137049/AUTH_2c0dd7efa1e94d879bc5da8c6f19a646/gnocchi.60fe9a10-1916-4c83-a083-87a26b710595" 200 2 "GET https://[::1]:8080/v1/AUTH_2c0dd7efa1e94d879bc5da8c6f19a646/gnocchi.60fe9a10-1916-4c83-a083-87a26b710595?format=json&marker=none_v3&states=listing" "txe0b8174e7f794e03b2de3-0069bb704c" "proxy-server 101374" 0.0086 "-" 99867 0
Mar 18 23:41:00 np0005651379.novalocal NetworkManager[869]: [1773891660.5204] device (tap011d2ad0-e7): state change: activated -> unmanaged (reason 'unmanaged', managed-type: 'removed')
Mar 18 23:41:00 np0005651379.novalocal NetworkManager[869]: [1773891660.5210] device (tap011d2ad0-e7): released from controller device qbr011d2ad0-e7
Mar 18 23:41:00 np0005651379.novalocal proxy-server[101374]: ::1 ::1 19/Mar/2026/03/41/00 GET /v1/AUTH_2c0dd7efa1e94d879bc5da8c6f19a646/gnocchi.60fe9a10-1916-4c83-a083-87a26b710595%3Fformat%3Djson%26marker%3Dnone_v3%26states%3Dlisting HTTP/1.0 200 - python-swiftclient-4.8.0 gAAAAABpu2_uqf-H... - 2 - txe0b8174e7f794e03b2de3-0069bb704c - 0.0159 - - 1773891660.505873919 1773891660.521793604 0 e61d2c26cb6146fb88642c1126e377de
Mar 18 23:41:00 np0005651379.novalocal systemd[1]: Starting system activity accounting tool...
Mar 18 23:41:00 np0005651379.novalocal object-server[100257]: ::1 - - [19/Mar/2026:03:41:00 +0000] "GET /2/214807/AUTH_2c0dd7efa1e94d879bc5da8c6f19a646/gnocchi.60fe9a10-1916-4c83-a083-87a26b710595/1773360000.0_mean_300.0_v3" 200 16 "GET https://[::1]:8080/v1/AUTH_2c0dd7efa1e94d879bc5da8c6f19a646/gnocchi.60fe9a10-1916-4c83-a083-87a26b710595/1773360000.0_mean_300.0_v3" "txce901b854c29454aaf04f-0069bb704c" "proxy-server 101374" 0.0012 "-" 100257 0
Mar 18 23:41:00 np0005651379.novalocal systemd[1]: machine-qemu\x2d2\x2dinstance\x2d00000002.scope: Deactivated successfully.
Mar 18 23:41:00 np0005651379.novalocal systemd[1]: machine-qemu\x2d2\x2dinstance\x2d00000002.scope: Consumed 22.970s CPU time.
Mar 18 23:41:00 np0005651379.novalocal proxy-server[101374]: ::1 ::1 19/Mar/2026/03/41/00 GET /v1/AUTH_2c0dd7efa1e94d879bc5da8c6f19a646/gnocchi.60fe9a10-1916-4c83-a083-87a26b710595/1773360000.0_mean_300.0_v3 HTTP/1.0 200 - python-swiftclient-4.8.0 gAAAAABpu2_uqf-H... - 16 - txce901b854c29454aaf04f-0069bb704c - 0.0116 - - 1773891660.534227371 1773891660.545822144 0 e61d2c26cb6146fb88642c1126e377de
Mar 18 23:41:00 np0005651379.novalocal systemd-machined[96117]: Machine qemu-2-instance-00000002 terminated.
Mar 18 23:41:00 np0005651379.novalocal systemd[1]: sysstat-collect.service: Deactivated successfully.
Mar 18 23:41:00 np0005651379.novalocal systemd[1]: Finished system activity accounting tool.
Mar 18 23:41:00 np0005651379.novalocal object-server[100257]: ::1 - - [19/Mar/2026:03:41:00 +0000] "GET /3/195096/AUTH_2c0dd7efa1e94d879bc5da8c6f19a646/gnocchi.60fe9a10-1916-4c83-a083-87a26b710595/1773360000.0_rate%3Amean_300.0_v3" 404 70 "GET https://[::1]:8080/v1/AUTH_2c0dd7efa1e94d879bc5da8c6f19a646/gnocchi.60fe9a10-1916-4c83-a083-87a26b710595/1773360000.0_rate%3Amean_300.0_v3" "tx4060a1c425c74f4e8ae8c-0069bb704c" "proxy-server 101374" 0.0004 "-" 100257 0
Mar 18 23:41:00 np0005651379.novalocal object-server[100257]: ::1 - - [19/Mar/2026:03:41:00 +0000] "GET /2/195096/AUTH_2c0dd7efa1e94d879bc5da8c6f19a646/gnocchi.60fe9a10-1916-4c83-a083-87a26b710595/1773360000.0_rate%3Amean_300.0_v3" 404 70 "GET https://[::1]:8080/v1/AUTH_2c0dd7efa1e94d879bc5da8c6f19a646/gnocchi.60fe9a10-1916-4c83-a083-87a26b710595/1773360000.0_rate%3Amean_300.0_v3" "tx4060a1c425c74f4e8ae8c-0069bb704c" "proxy-server 101374" 0.0004 "-" 100257 0
Mar 18 23:41:00 np0005651379.novalocal object-server[100256]: ::1 - - [19/Mar/2026:03:41:00 +0000] "GET /1/195096/AUTH_2c0dd7efa1e94d879bc5da8c6f19a646/gnocchi.60fe9a10-1916-4c83-a083-87a26b710595/1773360000.0_rate%3Amean_300.0_v3" 404 70 "GET https://[::1]:8080/v1/AUTH_2c0dd7efa1e94d879bc5da8c6f19a646/gnocchi.60fe9a10-1916-4c83-a083-87a26b710595/1773360000.0_rate%3Amean_300.0_v3" "tx4060a1c425c74f4e8ae8c-0069bb704c" "proxy-server 101374" 0.0005 "-" 100256 0
Mar 18 23:41:00 np0005651379.novalocal proxy-server[101374]: ::1 ::1 19/Mar/2026/03/41/00 GET /v1/AUTH_2c0dd7efa1e94d879bc5da8c6f19a646/gnocchi.60fe9a10-1916-4c83-a083-87a26b710595/1773360000.0_rate%253Amean_300.0_v3 HTTP/1.0 404 - python-swiftclient-4.8.0 gAAAAABpu2_uqf-H... - 70 - tx4060a1c425c74f4e8ae8c-0069bb704c - 0.0110 - - 1773891660.552298307 1773891660.563330650 0 e61d2c26cb6146fb88642c1126e377de
Mar 18 23:41:00 np0005651379.novalocal container-server[99868]: ::1 - - [19/Mar/2026:03:41:00 +0000] "PUT /1/137049/AUTH_2c0dd7efa1e94d879bc5da8c6f19a646/gnocchi.60fe9a10-1916-4c83-a083-87a26b710595/1773360000.0_mean_300.0_v3" 201 - "PUT http://[::1]:8080/2/214807/AUTH_2c0dd7efa1e94d879bc5da8c6f19a646/gnocchi.60fe9a10-1916-4c83-a083-87a26b710595/1773360000.0_mean_300.0_v3" "tx5e152d3d346e4f6fb452a-0069bb704c" "object-server 100257" 0.0005 "-" 99868 0
Mar 18 23:41:00 np0005651379.novalocal container-server[99867]: ::1 - - [19/Mar/2026:03:41:00 +0000] "PUT /3/137049/AUTH_2c0dd7efa1e94d879bc5da8c6f19a646/gnocchi.60fe9a10-1916-4c83-a083-87a26b710595/1773360000.0_mean_300.0_v3" 201 - "PUT http://[::1]:8080/1/214807/AUTH_2c0dd7efa1e94d879bc5da8c6f19a646/gnocchi.60fe9a10-1916-4c83-a083-87a26b710595/1773360000.0_mean_300.0_v3" "tx5e152d3d346e4f6fb452a-0069bb704c" "object-server 100256" 0.0010 "-" 99867 0
Mar 18 23:41:00 np0005651379.novalocal container-server[99868]: ::1 - - [19/Mar/2026:03:41:00 +0000] "PUT /2/137049/AUTH_2c0dd7efa1e94d879bc5da8c6f19a646/gnocchi.60fe9a10-1916-4c83-a083-87a26b710595/1773360000.0_mean_300.0_v3" 201 - "PUT http://[::1]:8080/3/214807/AUTH_2c0dd7efa1e94d879bc5da8c6f19a646/gnocchi.60fe9a10-1916-4c83-a083-87a26b710595/1773360000.0_mean_300.0_v3" "tx5e152d3d346e4f6fb452a-0069bb704c" "object-server 100257" 0.0002 "-" 99868 0
Mar 18 23:41:00 np0005651379.novalocal object-server[100257]: ::1 - - [19/Mar/2026:03:41:00 +0000] "PUT /2/214807/AUTH_2c0dd7efa1e94d879bc5da8c6f19a646/gnocchi.60fe9a10-1916-4c83-a083-87a26b710595/1773360000.0_mean_300.0_v3" 201 - "PUT https://[::1]:8080/v1/AUTH_2c0dd7efa1e94d879bc5da8c6f19a646/gnocchi.60fe9a10-1916-4c83-a083-87a26b710595/1773360000.0_mean_300.0_v3" "tx5e152d3d346e4f6fb452a-0069bb704c" "proxy-server 101374" 0.0122 "-" 100257 0
Mar 18 23:41:00 np0005651379.novalocal object-server[100256]: ::1 - - [19/Mar/2026:03:41:00 +0000] "PUT /1/214807/AUTH_2c0dd7efa1e94d879bc5da8c6f19a646/gnocchi.60fe9a10-1916-4c83-a083-87a26b710595/1773360000.0_mean_300.0_v3" 201 - "PUT https://[::1]:8080/v1/AUTH_2c0dd7efa1e94d879bc5da8c6f19a646/gnocchi.60fe9a10-1916-4c83-a083-87a26b710595/1773360000.0_mean_300.0_v3" "tx5e152d3d346e4f6fb452a-0069bb704c" "proxy-server 101374" 0.0130 "-" 100256 0
Mar 18 23:41:00 np0005651379.novalocal object-server[100257]: ::1 - - [19/Mar/2026:03:41:00 +0000] "PUT /3/214807/AUTH_2c0dd7efa1e94d879bc5da8c6f19a646/gnocchi.60fe9a10-1916-4c83-a083-87a26b710595/1773360000.0_mean_300.0_v3" 201 - "PUT https://[::1]:8080/v1/AUTH_2c0dd7efa1e94d879bc5da8c6f19a646/gnocchi.60fe9a10-1916-4c83-a083-87a26b710595/1773360000.0_mean_300.0_v3" "tx5e152d3d346e4f6fb452a-0069bb704c" "proxy-server 101374" 0.0116 "-" 100257 0
Mar 18 23:41:00 np0005651379.novalocal proxy-server[101374]: ::1 ::1 19/Mar/2026/03/41/00 PUT /v1/AUTH_2c0dd7efa1e94d879bc5da8c6f19a646/gnocchi.60fe9a10-1916-4c83-a083-87a26b710595/1773360000.0_mean_300.0_v3 HTTP/1.0 201 - python-swiftclient-4.8.0 gAAAAABpu2_uqf-H... 27 - - tx5e152d3d346e4f6fb452a-0069bb704c - 0.0186 - - 1773891660.567399025 1773891660.585965157 0 e61d2c26cb6146fb88642c1126e377de
Mar 18 23:41:00 np0005651379.novalocal container-server[99867]: ::1 - - [19/Mar/2026:03:41:00 +0000] "PUT /3/137049/AUTH_2c0dd7efa1e94d879bc5da8c6f19a646/gnocchi.60fe9a10-1916-4c83-a083-87a26b710595/1773360000.0_rate%3Amean_300.0_v3" 201 - "PUT http://[::1]:8080/1/195096/AUTH_2c0dd7efa1e94d879bc5da8c6f19a646/gnocchi.60fe9a10-1916-4c83-a083-87a26b710595/1773360000.0_rate%3Amean_300.0_v3" "tx931218d14eb6495c95718-0069bb704c" "object-server 100257" 0.0007 "-" 99867 0
Mar 18 23:41:00 np0005651379.novalocal object-server[100257]: ::1 - - [19/Mar/2026:03:41:00 +0000] "PUT /1/195096/AUTH_2c0dd7efa1e94d879bc5da8c6f19a646/gnocchi.60fe9a10-1916-4c83-a083-87a26b710595/1773360000.0_rate%3Amean_300.0_v3" 201 - "PUT https://[::1]:8080/v1/AUTH_2c0dd7efa1e94d879bc5da8c6f19a646/gnocchi.60fe9a10-1916-4c83-a083-87a26b710595/1773360000.0_rate%3Amean_300.0_v3" "tx931218d14eb6495c95718-0069bb704c" "proxy-server 101374" 0.0118 "-" 100257 0
Mar 18 23:41:00 np0005651379.novalocal container-server[99868]: ::1 - - [19/Mar/2026:03:41:00 +0000] "PUT /1/137049/AUTH_2c0dd7efa1e94d879bc5da8c6f19a646/gnocchi.60fe9a10-1916-4c83-a083-87a26b710595/1773360000.0_rate%3Amean_300.0_v3" 201 - "PUT http://[::1]:8080/3/195096/AUTH_2c0dd7efa1e94d879bc5da8c6f19a646/gnocchi.60fe9a10-1916-4c83-a083-87a26b710595/1773360000.0_rate%3Amean_300.0_v3" "tx931218d14eb6495c95718-0069bb704c" "object-server 100256" 0.0003 "-" 99868 0
Mar 18 23:41:00 np0005651379.novalocal container-server[99867]: ::1 - - [19/Mar/2026:03:41:00 +0000] "PUT /2/137049/AUTH_2c0dd7efa1e94d879bc5da8c6f19a646/gnocchi.60fe9a10-1916-4c83-a083-87a26b710595/1773360000.0_rate%3Amean_300.0_v3" 201 - "PUT http://[::1]:8080/2/195096/AUTH_2c0dd7efa1e94d879bc5da8c6f19a646/gnocchi.60fe9a10-1916-4c83-a083-87a26b710595/1773360000.0_rate%3Amean_300.0_v3" "tx931218d14eb6495c95718-0069bb704c" "object-server 100256" 0.0006 "-" 99867 0
Mar 18 23:41:00 np0005651379.novalocal object-server[100256]: ::1 - - [19/Mar/2026:03:41:00 +0000] "PUT /3/195096/AUTH_2c0dd7efa1e94d879bc5da8c6f19a646/gnocchi.60fe9a10-1916-4c83-a083-87a26b710595/1773360000.0_rate%3Amean_300.0_v3" 201 - "PUT https://[::1]:8080/v1/AUTH_2c0dd7efa1e94d879bc5da8c6f19a646/gnocchi.60fe9a10-1916-4c83-a083-87a26b710595/1773360000.0_rate%3Amean_300.0_v3" "tx931218d14eb6495c95718-0069bb704c" "proxy-server 101374" 0.0131 "-" 100256 0
Mar 18 23:41:00 np0005651379.novalocal object-server[100256]: ::1 - - [19/Mar/2026:03:41:00 +0000] "PUT /2/195096/AUTH_2c0dd7efa1e94d879bc5da8c6f19a646/gnocchi.60fe9a10-1916-4c83-a083-87a26b710595/1773360000.0_rate%3Amean_300.0_v3" 201 - "PUT https://[::1]:8080/v1/AUTH_2c0dd7efa1e94d879bc5da8c6f19a646/gnocchi.60fe9a10-1916-4c83-a083-87a26b710595/1773360000.0_rate%3Amean_300.0_v3" "tx931218d14eb6495c95718-0069bb704c" "proxy-server 101374" 0.0124 "-" 100256 0
Mar 18 23:41:00 np0005651379.novalocal proxy-server[101374]: ::1 ::1 19/Mar/2026/03/41/00 PUT /v1/AUTH_2c0dd7efa1e94d879bc5da8c6f19a646/gnocchi.60fe9a10-1916-4c83-a083-87a26b710595/1773360000.0_rate%253Amean_300.0_v3 HTTP/1.0 201 - python-swiftclient-4.8.0 gAAAAABpu2_uqf-H... 16 - - tx931218d14eb6495c95718-0069bb704c - 0.0195 - - 1773891660.588999510 1773891660.608471394 0 e61d2c26cb6146fb88642c1126e377de
Mar 18 23:41:00 np0005651379.novalocal container-server[99868]: ::1 - - [19/Mar/2026:03:41:00 +0000] "PUT /1/137049/AUTH_2c0dd7efa1e94d879bc5da8c6f19a646/gnocchi.60fe9a10-1916-4c83-a083-87a26b710595/none_v3" 201 - "PUT http://[::1]:8080/2/58261/AUTH_2c0dd7efa1e94d879bc5da8c6f19a646/gnocchi.60fe9a10-1916-4c83-a083-87a26b710595/none_v3" "tx7b3e2ca556af45bca84ad-0069bb704c" "object-server 100256" 0.0004 "-" 99868 0
Mar 18 23:41:00 np0005651379.novalocal container-server[99868]: ::1 - - [19/Mar/2026:03:41:00 +0000] "PUT /3/137049/AUTH_2c0dd7efa1e94d879bc5da8c6f19a646/gnocchi.60fe9a10-1916-4c83-a083-87a26b710595/none_v3" 201 - "PUT http://[::1]:8080/1/58261/AUTH_2c0dd7efa1e94d879bc5da8c6f19a646/gnocchi.60fe9a10-1916-4c83-a083-87a26b710595/none_v3" "tx7b3e2ca556af45bca84ad-0069bb704c" "object-server 100256" 0.0003 "-" 99868 0
Mar 18 23:41:00 np0005651379.novalocal object-server[100256]: ::1 - - [19/Mar/2026:03:41:00 +0000] "PUT /2/58261/AUTH_2c0dd7efa1e94d879bc5da8c6f19a646/gnocchi.60fe9a10-1916-4c83-a083-87a26b710595/none_v3" 201 - "PUT https://[::1]:8080/v1/AUTH_2c0dd7efa1e94d879bc5da8c6f19a646/gnocchi.60fe9a10-1916-4c83-a083-87a26b710595/none_v3" "tx7b3e2ca556af45bca84ad-0069bb704c" "proxy-server 101374" 0.0126 "-" 100256 0
Mar 18 23:41:00 np0005651379.novalocal object-server[100256]: ::1 - - [19/Mar/2026:03:41:00 +0000] "PUT /1/58261/AUTH_2c0dd7efa1e94d879bc5da8c6f19a646/gnocchi.60fe9a10-1916-4c83-a083-87a26b710595/none_v3" 201 - "PUT https://[::1]:8080/v1/AUTH_2c0dd7efa1e94d879bc5da8c6f19a646/gnocchi.60fe9a10-1916-4c83-a083-87a26b710595/none_v3" "tx7b3e2ca556af45bca84ad-0069bb704c" "proxy-server 101374" 0.0157 "-" 100256 0
Mar 18 23:41:00 np0005651379.novalocal container-server[99867]: ::1 - - [19/Mar/2026:03:41:00 +0000] "PUT /2/137049/AUTH_2c0dd7efa1e94d879bc5da8c6f19a646/gnocchi.60fe9a10-1916-4c83-a083-87a26b710595/none_v3" 201 - "PUT http://[::1]:8080/3/58261/AUTH_2c0dd7efa1e94d879bc5da8c6f19a646/gnocchi.60fe9a10-1916-4c83-a083-87a26b710595/none_v3" "tx7b3e2ca556af45bca84ad-0069bb704c" "object-server 100256" 0.0007 "-" 99867 0
Mar 18 23:41:00 np0005651379.novalocal object-server[100256]: ::1 - - [19/Mar/2026:03:41:00 +0000] "PUT /3/58261/AUTH_2c0dd7efa1e94d879bc5da8c6f19a646/gnocchi.60fe9a10-1916-4c83-a083-87a26b710595/none_v3" 201 - "PUT https://[::1]:8080/v1/AUTH_2c0dd7efa1e94d879bc5da8c6f19a646/gnocchi.60fe9a10-1916-4c83-a083-87a26b710595/none_v3" "tx7b3e2ca556af45bca84ad-0069bb704c" "proxy-server 101374" 0.0208 "-" 100256 0
Mar 18 23:41:00 np0005651379.novalocal proxy-server[101374]: ::1 ::1 19/Mar/2026/03/41/00 PUT /v1/AUTH_2c0dd7efa1e94d879bc5da8c6f19a646/gnocchi.60fe9a10-1916-4c83-a083-87a26b710595/none_v3 HTTP/1.0 201 - python-swiftclient-4.8.0 gAAAAABpu2_uqf-H... 34 - - tx7b3e2ca556af45bca84ad-0069bb704c - 0.0296 - - 1773891660.611410379 1773891660.641009331 0 e61d2c26cb6146fb88642c1126e377de
Mar 18 23:41:00 np0005651379.novalocal container-server[99868]: ::1 - - [19/Mar/2026:03:41:00 +0000] "HEAD /2/258317/AUTH_2c0dd7efa1e94d879bc5da8c6f19a646/gnocchi.6fb46633-20f1-4a2b-b1e4-b88749b91d1c" 204 - "HEAD http://[::1]:8080/v1/AUTH_2c0dd7efa1e94d879bc5da8c6f19a646/gnocchi.6fb46633-20f1-4a2b-b1e4-b88749b91d1c" "tx202179317b51403d8738b-0069bb704c" "proxy-server 101374" 0.0012 "-" 99868 0
Mar 18 23:41:00 np0005651379.novalocal proxy-server[101374]: - - 19/Mar/2026/03/41/00 HEAD /v1/AUTH_2c0dd7efa1e94d879bc5da8c6f19a646/gnocchi.6fb46633-20f1-4a2b-b1e4-b88749b91d1c HTTP/1.0 204 - Swift - - - - tx202179317b51403d8738b-0069bb704c - 0.0041 CS - 1773891660.662018776 1773891660.666138411 0 -
Mar 18 23:41:00 np0005651379.novalocal object-server[100256]: ::1 - - [19/Mar/2026:03:41:00 +0000] "GET /1/199919/AUTH_2c0dd7efa1e94d879bc5da8c6f19a646/gnocchi.6fb46633-20f1-4a2b-b1e4-b88749b91d1c/none_v3" 200 22 "GET https://[::1]:8080/v1/AUTH_2c0dd7efa1e94d879bc5da8c6f19a646/gnocchi.6fb46633-20f1-4a2b-b1e4-b88749b91d1c/none_v3" "tx202179317b51403d8738b-0069bb704c" "proxy-server 101374" 0.0012 "-" 100256 0
Mar 18 23:41:00 np0005651379.novalocal proxy-server[101374]: ::1 ::1 19/Mar/2026/03/41/00 GET /v1/AUTH_2c0dd7efa1e94d879bc5da8c6f19a646/gnocchi.6fb46633-20f1-4a2b-b1e4-b88749b91d1c/none_v3 HTTP/1.0 200 - python-swiftclient-4.8.0 gAAAAABpu2_uqf-H... - 22 - tx202179317b51403d8738b-0069bb704c - 0.0109 - - 1773891660.661505938 1773891660.672362804 0 e61d2c26cb6146fb88642c1126e377de
Mar 18 23:41:00 np0005651379.novalocal container-server[99867]: ::1 - - [19/Mar/2026:03:41:00 +0000] "GET /1/258317/AUTH_2c0dd7efa1e94d879bc5da8c6f19a646/gnocchi.6fb46633-20f1-4a2b-b1e4-b88749b91d1c" 200 357 "GET https://[::1]:8080/v1/AUTH_2c0dd7efa1e94d879bc5da8c6f19a646/gnocchi.6fb46633-20f1-4a2b-b1e4-b88749b91d1c?format=json&states=listing" "txb90e58470f874887995a0-0069bb704c" "proxy-server 101374" 0.0024 "-" 99867 0
Mar 18 23:41:00 np0005651379.novalocal proxy-server[101374]: ::1 ::1 19/Mar/2026/03/41/00 GET /v1/AUTH_2c0dd7efa1e94d879bc5da8c6f19a646/gnocchi.6fb46633-20f1-4a2b-b1e4-b88749b91d1c%3Fformat%3Djson%26states%3Dlisting HTTP/1.0 200 - python-swiftclient-4.8.0 gAAAAABpu2_uqf-H... - 357 - txb90e58470f874887995a0-0069bb704c - 0.0073 - - 1773891660.678996086 1773891660.686340809 0 e61d2c26cb6146fb88642c1126e377de
Mar 18 23:41:00 np0005651379.novalocal container-server[99867]: ::1 - - [19/Mar/2026:03:41:00 +0000] "GET /3/258317/AUTH_2c0dd7efa1e94d879bc5da8c6f19a646/gnocchi.6fb46633-20f1-4a2b-b1e4-b88749b91d1c" 200 2 "GET https://[::1]:8080/v1/AUTH_2c0dd7efa1e94d879bc5da8c6f19a646/gnocchi.6fb46633-20f1-4a2b-b1e4-b88749b91d1c?format=json&marker=none_v3&states=listing" "txc5251b3352974c35b89f1-0069bb704c" "proxy-server 101374" 0.0042 "-" 99867 0
Mar 18 23:41:00 np0005651379.novalocal proxy-server[101374]: ::1 ::1 19/Mar/2026/03/41/00 GET /v1/AUTH_2c0dd7efa1e94d879bc5da8c6f19a646/gnocchi.6fb46633-20f1-4a2b-b1e4-b88749b91d1c%3Fformat%3Djson%26marker%3Dnone_v3%26states%3Dlisting HTTP/1.0 200 - python-swiftclient-4.8.0 gAAAAABpu2_uqf-H... - 2 - txc5251b3352974c35b89f1-0069bb704c - 0.0090 - - 1773891660.689167976 1773891660.698190451 0 e61d2c26cb6146fb88642c1126e377de
Mar 18 23:41:00 np0005651379.novalocal object-server[100256]: ::1 - - [19/Mar/2026:03:41:00 +0000] "GET /1/118517/AUTH_2c0dd7efa1e94d879bc5da8c6f19a646/gnocchi.6fb46633-20f1-4a2b-b1e4-b88749b91d1c/1773360000.0_mean_300.0_v3" 200 16 "GET https://[::1]:8080/v1/AUTH_2c0dd7efa1e94d879bc5da8c6f19a646/gnocchi.6fb46633-20f1-4a2b-b1e4-b88749b91d1c/1773360000.0_mean_300.0_v3" "tx2ff9402a3b204070b986e-0069bb704c" "proxy-server 101374" 0.0013 "-" 100256 0
Mar 18 23:41:00 np0005651379.novalocal proxy-server[101374]: ::1 ::1 19/Mar/2026/03/41/00 GET /v1/AUTH_2c0dd7efa1e94d879bc5da8c6f19a646/gnocchi.6fb46633-20f1-4a2b-b1e4-b88749b91d1c/1773360000.0_mean_300.0_v3 HTTP/1.0 200 - python-swiftclient-4.8.0 gAAAAABpu2_uqf-H... - 16 - tx2ff9402a3b204070b986e-0069bb704c - 0.0065 - - 1773891660.702402592 1773891660.708936930 0 e61d2c26cb6146fb88642c1126e377de
Mar 18 23:41:00 np0005651379.novalocal object-server[100257]: ::1 - - [19/Mar/2026:03:41:00 +0000] "GET /1/93532/AUTH_2c0dd7efa1e94d879bc5da8c6f19a646/gnocchi.6fb46633-20f1-4a2b-b1e4-b88749b91d1c/1773360000.0_rate%3Amean_300.0_v3" 404 70 "GET https://[::1]:8080/v1/AUTH_2c0dd7efa1e94d879bc5da8c6f19a646/gnocchi.6fb46633-20f1-4a2b-b1e4-b88749b91d1c/1773360000.0_rate%3Amean_300.0_v3" "tx201b19345b474933b1775-0069bb704c" "proxy-server 101374" 0.0024 "-" 100257 0
Mar 18 23:41:00 np0005651379.novalocal object-server[100257]: ::1 - - [19/Mar/2026:03:41:00 +0000] "GET /3/93532/AUTH_2c0dd7efa1e94d879bc5da8c6f19a646/gnocchi.6fb46633-20f1-4a2b-b1e4-b88749b91d1c/1773360000.0_rate%3Amean_300.0_v3" 404 70 "GET https://[::1]:8080/v1/AUTH_2c0dd7efa1e94d879bc5da8c6f19a646/gnocchi.6fb46633-20f1-4a2b-b1e4-b88749b91d1c/1773360000.0_rate%3Amean_300.0_v3" "tx201b19345b474933b1775-0069bb704c" "proxy-server 101374" 0.0021 "-" 100257 0
Mar 18 23:41:00 np0005651379.novalocal object-server[100256]: ::1 - - [19/Mar/2026:03:41:00 +0000] "GET /2/93532/AUTH_2c0dd7efa1e94d879bc5da8c6f19a646/gnocchi.6fb46633-20f1-4a2b-b1e4-b88749b91d1c/1773360000.0_rate%3Amean_300.0_v3" 404 70 "GET https://[::1]:8080/v1/AUTH_2c0dd7efa1e94d879bc5da8c6f19a646/gnocchi.6fb46633-20f1-4a2b-b1e4-b88749b91d1c/1773360000.0_rate%3Amean_300.0_v3" "tx201b19345b474933b1775-0069bb704c" "proxy-server 101374" 0.0006 "-" 100256 0
Mar 18 23:41:00 np0005651379.novalocal proxy-server[101374]: ::1 ::1 19/Mar/2026/03/41/00 GET /v1/AUTH_2c0dd7efa1e94d879bc5da8c6f19a646/gnocchi.6fb46633-20f1-4a2b-b1e4-b88749b91d1c/1773360000.0_rate%253Amean_300.0_v3 HTTP/1.0 404 - python-swiftclient-4.8.0 gAAAAABpu2_uqf-H... - 70 - tx201b19345b474933b1775-0069bb704c - 0.0166 - - 1773891660.711870670 1773891660.728421688 0 e61d2c26cb6146fb88642c1126e377de
Mar 18 23:41:00 np0005651379.novalocal container-server[99867]: ::1 - - [19/Mar/2026:03:41:00 +0000] "PUT /1/258317/AUTH_2c0dd7efa1e94d879bc5da8c6f19a646/gnocchi.6fb46633-20f1-4a2b-b1e4-b88749b91d1c/1773360000.0_mean_300.0_v3" 201 - "PUT http://[::1]:8080/3/118517/AUTH_2c0dd7efa1e94d879bc5da8c6f19a646/gnocchi.6fb46633-20f1-4a2b-b1e4-b88749b91d1c/1773360000.0_mean_300.0_v3" "txdf29a62c25ef4de38c3ba-0069bb704c" "object-server 100256" 0.0008 "-" 99867 0
Mar 18 23:41:00 np0005651379.novalocal object-server[100256]: ::1 - - [19/Mar/2026:03:41:00 +0000] "PUT /3/118517/AUTH_2c0dd7efa1e94d879bc5da8c6f19a646/gnocchi.6fb46633-20f1-4a2b-b1e4-b88749b91d1c/1773360000.0_mean_300.0_v3" 201 - "PUT https://[::1]:8080/v1/AUTH_2c0dd7efa1e94d879bc5da8c6f19a646/gnocchi.6fb46633-20f1-4a2b-b1e4-b88749b91d1c/1773360000.0_mean_300.0_v3" "txdf29a62c25ef4de38c3ba-0069bb704c" "proxy-server 101374" 0.0124 "-" 100256 0
Mar 18 23:41:00 np0005651379.novalocal container-server[99868]: ::1 - - [19/Mar/2026:03:41:00 +0000] "PUT /2/258317/AUTH_2c0dd7efa1e94d879bc5da8c6f19a646/gnocchi.6fb46633-20f1-4a2b-b1e4-b88749b91d1c/1773360000.0_mean_300.0_v3" 201 - "PUT http://[::1]:8080/2/118517/AUTH_2c0dd7efa1e94d879bc5da8c6f19a646/gnocchi.6fb46633-20f1-4a2b-b1e4-b88749b91d1c/1773360000.0_mean_300.0_v3" "txdf29a62c25ef4de38c3ba-0069bb704c" "object-server 100257" 0.0010 "-" 99868 0
Mar 18 23:41:00 np0005651379.novalocal container-server[99868]: ::1 - - [19/Mar/2026:03:41:00 +0000] "PUT /3/258317/AUTH_2c0dd7efa1e94d879bc5da8c6f19a646/gnocchi.6fb46633-20f1-4a2b-b1e4-b88749b91d1c/1773360000.0_mean_300.0_v3" 201 - "PUT http://[::1]:8080/1/118517/AUTH_2c0dd7efa1e94d879bc5da8c6f19a646/gnocchi.6fb46633-20f1-4a2b-b1e4-b88749b91d1c/1773360000.0_mean_300.0_v3" "txdf29a62c25ef4de38c3ba-0069bb704c" "object-server 100257" 0.0003 "-" 99868 0
Mar 18 23:41:00 np0005651379.novalocal object-server[100257]: ::1 - - [19/Mar/2026:03:41:00 +0000] "PUT /2/118517/AUTH_2c0dd7efa1e94d879bc5da8c6f19a646/gnocchi.6fb46633-20f1-4a2b-b1e4-b88749b91d1c/1773360000.0_mean_300.0_v3" 201 - "PUT https://[::1]:8080/v1/AUTH_2c0dd7efa1e94d879bc5da8c6f19a646/gnocchi.6fb46633-20f1-4a2b-b1e4-b88749b91d1c/1773360000.0_mean_300.0_v3" "txdf29a62c25ef4de38c3ba-0069bb704c" "proxy-server 101374" 0.0187 "-" 100257 0
Mar 18 23:41:00 np0005651379.novalocal object-server[100257]: ::1 - - [19/Mar/2026:03:41:00 +0000] "PUT /1/118517/AUTH_2c0dd7efa1e94d879bc5da8c6f19a646/gnocchi.6fb46633-20f1-4a2b-b1e4-b88749b91d1c/1773360000.0_mean_300.0_v3" 201 - "PUT https://[::1]:8080/v1/AUTH_2c0dd7efa1e94d879bc5da8c6f19a646/gnocchi.6fb46633-20f1-4a2b-b1e4-b88749b91d1c/1773360000.0_mean_300.0_v3" "txdf29a62c25ef4de38c3ba-0069bb704c" "proxy-server 101374" 0.0171 "-" 100257 0
Mar 18 23:41:00 np0005651379.novalocal proxy-server[101374]: ::1 ::1 19/Mar/2026/03/41/00 PUT /v1/AUTH_2c0dd7efa1e94d879bc5da8c6f19a646/gnocchi.6fb46633-20f1-4a2b-b1e4-b88749b91d1c/1773360000.0_mean_300.0_v3 HTTP/1.0 201 - python-swiftclient-4.8.0 gAAAAABpu2_uqf-H... 23 - - txdf29a62c25ef4de38c3ba-0069bb704c - 0.0264 - - 1773891660.732949972 1773891660.759324789 0 e61d2c26cb6146fb88642c1126e377de
Mar 18 23:41:00 np0005651379.novalocal container-server[99867]: ::1 - - [19/Mar/2026:03:41:00 +0000] "PUT /1/258317/AUTH_2c0dd7efa1e94d879bc5da8c6f19a646/gnocchi.6fb46633-20f1-4a2b-b1e4-b88749b91d1c/1773360000.0_rate%3Amean_300.0_v3" 201 - "PUT http://[::1]:8080/3/93532/AUTH_2c0dd7efa1e94d879bc5da8c6f19a646/gnocchi.6fb46633-20f1-4a2b-b1e4-b88749b91d1c/1773360000.0_rate%3Amean_300.0_v3" "tx7fc1febed1a84cb3a8c4f-0069bb704c" "object-server 100257" 0.0008 "-" 99867 0
