Mar 18 23:40:40 np0005651379.novalocal proxy-server[101374]: ::1 ::1 19/Mar/2026/03/40/40 PUT /v1/AUTH_2c0dd7efa1e94d879bc5da8c6f19a646/gnocchi.6c986096-ff3a-4fdb-95c9-a9ebc752b46d/none_v3 HTTP/1.0 201 - python-swiftclient-4.8.0 gAAAAABpu2_uqf-H... 22 - - tx4417f8b9da42454e9c63b-0069bb7038 - 0.0446 - - 1773891640.196668863 1773891640.241246223 0 e61d2c26cb6146fb88642c1126e377de
Mar 18 23:40:40 np0005651379.novalocal container-server[99867]: ::1 - - [19/Mar/2026:03:40:40 +0000] "HEAD /2/92231/AUTH_2c0dd7efa1e94d879bc5da8c6f19a646/gnocchi.4cd2d56c-84ed-4938-97a1-4f53e3866272" 404 - "HEAD http://[::1]:8080/v1/AUTH_2c0dd7efa1e94d879bc5da8c6f19a646/gnocchi.4cd2d56c-84ed-4938-97a1-4f53e3866272" "tx9266ebb8ac044569991ec-0069bb7038" "proxy-server 101374" 0.0004 "-" 99867 0
Mar 18 23:40:40 np0005651379.novalocal container-server[99868]: ::1 - - [19/Mar/2026:03:40:40 +0000] "HEAD /3/92231/AUTH_2c0dd7efa1e94d879bc5da8c6f19a646/gnocchi.4cd2d56c-84ed-4938-97a1-4f53e3866272" 404 - "HEAD http://[::1]:8080/v1/AUTH_2c0dd7efa1e94d879bc5da8c6f19a646/gnocchi.4cd2d56c-84ed-4938-97a1-4f53e3866272" "tx9266ebb8ac044569991ec-0069bb7038" "proxy-server 101374" 0.0004 "-" 99868 0
Mar 18 23:40:40 np0005651379.novalocal container-server[99868]: ::1 - - [19/Mar/2026:03:40:40 +0000] "HEAD /1/92231/AUTH_2c0dd7efa1e94d879bc5da8c6f19a646/gnocchi.4cd2d56c-84ed-4938-97a1-4f53e3866272" 404 - "HEAD http://[::1]:8080/v1/AUTH_2c0dd7efa1e94d879bc5da8c6f19a646/gnocchi.4cd2d56c-84ed-4938-97a1-4f53e3866272" "tx9266ebb8ac044569991ec-0069bb7038" "proxy-server 101374" 0.0002 "-" 99868 0
Mar 18 23:40:40 np0005651379.novalocal proxy-server[101374]: - - 19/Mar/2026/03/40/40 HEAD /v1/AUTH_2c0dd7efa1e94d879bc5da8c6f19a646/gnocchi.4cd2d56c-84ed-4938-97a1-4f53e3866272 HTTP/1.0 404 - Swift - - - - tx9266ebb8ac044569991ec-0069bb7038 - 0.0167 CS - 1773891640.259883165 1773891640.276586294 0 -
Mar 18 23:40:40 np0005651379.novalocal object-server[100256]: ::1 - - [19/Mar/2026:03:40:40 +0000] "GET /2/163325/AUTH_2c0dd7efa1e94d879bc5da8c6f19a646/gnocchi.4cd2d56c-84ed-4938-97a1-4f53e3866272/none_v3" 404 70 "GET https://[::1]:8080/v1/AUTH_2c0dd7efa1e94d879bc5da8c6f19a646/gnocchi.4cd2d56c-84ed-4938-97a1-4f53e3866272/none_v3" "tx9266ebb8ac044569991ec-0069bb7038" "proxy-server 101374" 0.0003 "-" 100256 0
Mar 18 23:40:40 np0005651379.novalocal object-server[100256]: ::1 - - [19/Mar/2026:03:40:40 +0000] "GET /1/163325/AUTH_2c0dd7efa1e94d879bc5da8c6f19a646/gnocchi.4cd2d56c-84ed-4938-97a1-4f53e3866272/none_v3" 404 70 "GET https://[::1]:8080/v1/AUTH_2c0dd7efa1e94d879bc5da8c6f19a646/gnocchi.4cd2d56c-84ed-4938-97a1-4f53e3866272/none_v3" "tx9266ebb8ac044569991ec-0069bb7038" "proxy-server 101374" 0.0002 "-" 100256 0
Mar 18 23:40:40 np0005651379.novalocal object-server[100256]: ::1 - - [19/Mar/2026:03:40:40 +0000] "GET /3/163325/AUTH_2c0dd7efa1e94d879bc5da8c6f19a646/gnocchi.4cd2d56c-84ed-4938-97a1-4f53e3866272/none_v3" 404 70 "GET https://[::1]:8080/v1/AUTH_2c0dd7efa1e94d879bc5da8c6f19a646/gnocchi.4cd2d56c-84ed-4938-97a1-4f53e3866272/none_v3" "tx9266ebb8ac044569991ec-0069bb7038" "proxy-server 101374" 0.0001 "-" 100256 0
Mar 18 23:40:40 np0005651379.novalocal proxy-server[101374]: ::1 ::1 19/Mar/2026/03/40/40 GET /v1/AUTH_2c0dd7efa1e94d879bc5da8c6f19a646/gnocchi.4cd2d56c-84ed-4938-97a1-4f53e3866272/none_v3 HTTP/1.0 404 - python-swiftclient-4.8.0 gAAAAABpu2_uqf-H... - 70 - tx9266ebb8ac044569991ec-0069bb7038 - 0.0369 - - 1773891640.259011984 1773891640.295907021 0 e61d2c26cb6146fb88642c1126e377de
Mar 18 23:40:40 np0005651379.novalocal account-server[99474]: ::1 - - [19/Mar/2026:03:40:40 +0000] "PUT /2/184762/AUTH_2c0dd7efa1e94d879bc5da8c6f19a646/gnocchi.4cd2d56c-84ed-4938-97a1-4f53e3866272" 201 - "PUT http://[::1]:6001/1/92231/AUTH_2c0dd7efa1e94d879bc5da8c6f19a646/gnocchi.4cd2d56c-84ed-4938-97a1-4f53e3866272" "txf174ee745fea433fbd86f-0069bb7038" "container-server 99868" 0.0068 "-" 99474 0
Mar 18 23:40:40 np0005651379.novalocal container-server[99868]: ::1 - - [19/Mar/2026:03:40:40 +0000] "PUT /1/92231/AUTH_2c0dd7efa1e94d879bc5da8c6f19a646/gnocchi.4cd2d56c-84ed-4938-97a1-4f53e3866272" 201 - "PUT https://[::1]:8080/v1/AUTH_2c0dd7efa1e94d879bc5da8c6f19a646/gnocchi.4cd2d56c-84ed-4938-97a1-4f53e3866272" "txf174ee745fea433fbd86f-0069bb7038" "proxy-server 101374" 0.0188 "-" 99868 0
Mar 18 23:40:40 np0005651379.novalocal account-server[99475]: ::1 - - [19/Mar/2026:03:40:40 +0000] "PUT /3/184762/AUTH_2c0dd7efa1e94d879bc5da8c6f19a646/gnocchi.4cd2d56c-84ed-4938-97a1-4f53e3866272" 201 - "PUT http://[::1]:6001/2/92231/AUTH_2c0dd7efa1e94d879bc5da8c6f19a646/gnocchi.4cd2d56c-84ed-4938-97a1-4f53e3866272" "txf174ee745fea433fbd86f-0069bb7038" "container-server 99867" 0.0040 "-" 99475 0
Mar 18 23:40:40 np0005651379.novalocal container-server[99867]: ::1 - - [19/Mar/2026:03:40:40 +0000] "PUT /2/92231/AUTH_2c0dd7efa1e94d879bc5da8c6f19a646/gnocchi.4cd2d56c-84ed-4938-97a1-4f53e3866272" 201 - "PUT https://[::1]:8080/v1/AUTH_2c0dd7efa1e94d879bc5da8c6f19a646/gnocchi.4cd2d56c-84ed-4938-97a1-4f53e3866272" "txf174ee745fea433fbd86f-0069bb7038" "proxy-server 101374" 0.0364 "-" 99867 0
Mar 18 23:40:40 np0005651379.novalocal account-server[99474]: ::1 - - [19/Mar/2026:03:40:40 +0000] "PUT /1/184762/AUTH_2c0dd7efa1e94d879bc5da8c6f19a646/gnocchi.4cd2d56c-84ed-4938-97a1-4f53e3866272" 201 - "PUT http://[::1]:6001/3/92231/AUTH_2c0dd7efa1e94d879bc5da8c6f19a646/gnocchi.4cd2d56c-84ed-4938-97a1-4f53e3866272" "txf174ee745fea433fbd86f-0069bb7038" "container-server 99867" 0.0048 "-" 99474 0
Mar 18 23:40:40 np0005651379.novalocal container-server[99867]: ::1 - - [19/Mar/2026:03:40:40 +0000] "PUT /3/92231/AUTH_2c0dd7efa1e94d879bc5da8c6f19a646/gnocchi.4cd2d56c-84ed-4938-97a1-4f53e3866272" 201 - "PUT https://[::1]:8080/v1/AUTH_2c0dd7efa1e94d879bc5da8c6f19a646/gnocchi.4cd2d56c-84ed-4938-97a1-4f53e3866272" "txf174ee745fea433fbd86f-0069bb7038" "proxy-server 101374" 0.0215 "-" 99867 0
Mar 18 23:40:40 np0005651379.novalocal proxy-server[101374]: ::1 ::1 19/Mar/2026/03/40/40 PUT /v1/AUTH_2c0dd7efa1e94d879bc5da8c6f19a646/gnocchi.4cd2d56c-84ed-4938-97a1-4f53e3866272 HTTP/1.0 201 - python-swiftclient-4.8.0 gAAAAABpu2_uqf-H... - - - txf174ee745fea433fbd86f-0069bb7038 - 0.0494 - - 1773891640.298800468 1773891640.348164558 0 e61d2c26cb6146fb88642c1126e377de
Mar 18 23:40:40 np0005651379.novalocal container-server[99867]: ::1 - - [19/Mar/2026:03:40:40 +0000] "HEAD /1/92231/AUTH_2c0dd7efa1e94d879bc5da8c6f19a646/gnocchi.4cd2d56c-84ed-4938-97a1-4f53e3866272" 204 - "HEAD http://[::1]:8080/v1/AUTH_2c0dd7efa1e94d879bc5da8c6f19a646/gnocchi.4cd2d56c-84ed-4938-97a1-4f53e3866272" "txa8721cd3377f4313ac549-0069bb7038" "proxy-server 101374" 0.0015 "-" 99867 0
Mar 18 23:40:40 np0005651379.novalocal proxy-server[101374]: - - 19/Mar/2026/03/40/40 HEAD /v1/AUTH_2c0dd7efa1e94d879bc5da8c6f19a646/gnocchi.4cd2d56c-84ed-4938-97a1-4f53e3866272 HTTP/1.0 204 - Swift - - - - txa8721cd3377f4313ac549-0069bb7038 - 0.0056 CS - 1773891640.351608515 1773891640.357205391 0 -
Mar 18 23:40:40 np0005651379.novalocal container-server[99867]: ::1 - - [19/Mar/2026:03:40:40 +0000] "GET /3/92231/AUTH_2c0dd7efa1e94d879bc5da8c6f19a646/gnocchi.4cd2d56c-84ed-4938-97a1-4f53e3866272" 200 2 "GET https://[::1]:8080/v1/AUTH_2c0dd7efa1e94d879bc5da8c6f19a646/gnocchi.4cd2d56c-84ed-4938-97a1-4f53e3866272?format=json&states=listing" "txa8721cd3377f4313ac549-0069bb7038" "proxy-server 101374" 0.0015 "-" 99867 0
Mar 18 23:40:40 np0005651379.novalocal proxy-server[101374]: ::1 ::1 19/Mar/2026/03/40/40 GET /v1/AUTH_2c0dd7efa1e94d879bc5da8c6f19a646/gnocchi.4cd2d56c-84ed-4938-97a1-4f53e3866272%3Fformat%3Djson%26states%3Dlisting HTTP/1.0 200 - python-swiftclient-4.8.0 gAAAAABpu2_uqf-H... - 2 - txa8721cd3377f4313ac549-0069bb7038 - 0.0136 - - 1773891640.350799799 1773891640.364396811 0 e61d2c26cb6146fb88642c1126e377de
Mar 18 23:40:40 np0005651379.novalocal object-server[100257]: ::1 - - [19/Mar/2026:03:40:40 +0000] "GET /1/87866/AUTH_2c0dd7efa1e94d879bc5da8c6f19a646/gnocchi.4cd2d56c-84ed-4938-97a1-4f53e3866272/1773360000.0_mean_300.0_v3" 404 70 "GET https://[::1]:8080/v1/AUTH_2c0dd7efa1e94d879bc5da8c6f19a646/gnocchi.4cd2d56c-84ed-4938-97a1-4f53e3866272/1773360000.0_mean_300.0_v3" "txf0d39df74a1e4b18889e6-0069bb7038" "proxy-server 101374" 0.0003 "-" 100257 0
Mar 18 23:40:40 np0005651379.novalocal object-server[100256]: ::1 - - [19/Mar/2026:03:40:40 +0000] "GET /2/87866/AUTH_2c0dd7efa1e94d879bc5da8c6f19a646/gnocchi.4cd2d56c-84ed-4938-97a1-4f53e3866272/1773360000.0_mean_300.0_v3" 404 70 "GET https://[::1]:8080/v1/AUTH_2c0dd7efa1e94d879bc5da8c6f19a646/gnocchi.4cd2d56c-84ed-4938-97a1-4f53e3866272/1773360000.0_mean_300.0_v3" "txf0d39df74a1e4b18889e6-0069bb7038" "proxy-server 101374" 0.0003 "-" 100256 0
Mar 18 23:40:40 np0005651379.novalocal object-server[100256]: ::1 - - [19/Mar/2026:03:40:40 +0000] "GET /3/87866/AUTH_2c0dd7efa1e94d879bc5da8c6f19a646/gnocchi.4cd2d56c-84ed-4938-97a1-4f53e3866272/1773360000.0_mean_300.0_v3" 404 70 "GET https://[::1]:8080/v1/AUTH_2c0dd7efa1e94d879bc5da8c6f19a646/gnocchi.4cd2d56c-84ed-4938-97a1-4f53e3866272/1773360000.0_mean_300.0_v3" "txf0d39df74a1e4b18889e6-0069bb7038" "proxy-server 101374" 0.0001 "-" 100256 0
Mar 18 23:40:40 np0005651379.novalocal proxy-server[101374]: ::1 ::1 19/Mar/2026/03/40/40 GET /v1/AUTH_2c0dd7efa1e94d879bc5da8c6f19a646/gnocchi.4cd2d56c-84ed-4938-97a1-4f53e3866272/1773360000.0_mean_300.0_v3 HTTP/1.0 404 - python-swiftclient-4.8.0 gAAAAABpu2_uqf-H... - 70 - txf0d39df74a1e4b18889e6-0069bb7038 - 0.0083 - - 1773891640.366998196 1773891640.375277996 0 e61d2c26cb6146fb88642c1126e377de
Mar 18 23:40:40 np0005651379.novalocal container-server[99867]: ::1 - - [19/Mar/2026:03:40:40 +0000] "PUT /2/92231/AUTH_2c0dd7efa1e94d879bc5da8c6f19a646/gnocchi.4cd2d56c-84ed-4938-97a1-4f53e3866272/1773360000.0_mean_300.0_v3" 201 - "PUT http://[::1]:8080/3/87866/AUTH_2c0dd7efa1e94d879bc5da8c6f19a646/gnocchi.4cd2d56c-84ed-4938-97a1-4f53e3866272/1773360000.0_mean_300.0_v3" "tx58b22919e3114302b6b8c-0069bb7038" "object-server 100257" 0.0004 "-" 99867 0
Mar 18 23:40:40 np0005651379.novalocal object-server[100257]: ::1 - - [19/Mar/2026:03:40:40 +0000] "PUT /3/87866/AUTH_2c0dd7efa1e94d879bc5da8c6f19a646/gnocchi.4cd2d56c-84ed-4938-97a1-4f53e3866272/1773360000.0_mean_300.0_v3" 201 - "PUT https://[::1]:8080/v1/AUTH_2c0dd7efa1e94d879bc5da8c6f19a646/gnocchi.4cd2d56c-84ed-4938-97a1-4f53e3866272/1773360000.0_mean_300.0_v3" "tx58b22919e3114302b6b8c-0069bb7038" "proxy-server 101374" 0.0073 "-" 100257 0
Mar 18 23:40:40 np0005651379.novalocal systemd[1]: NetworkManager-dispatcher.service: Deactivated successfully.
Mar 18 23:40:40 np0005651379.novalocal container-server[99868]: ::1 - - [19/Mar/2026:03:40:40 +0000] "PUT /1/92231/AUTH_2c0dd7efa1e94d879bc5da8c6f19a646/gnocchi.4cd2d56c-84ed-4938-97a1-4f53e3866272/1773360000.0_mean_300.0_v3" 201 - "PUT http://[::1]:8080/2/87866/AUTH_2c0dd7efa1e94d879bc5da8c6f19a646/gnocchi.4cd2d56c-84ed-4938-97a1-4f53e3866272/1773360000.0_mean_300.0_v3" "tx58b22919e3114302b6b8c-0069bb7038" "object-server 100256" 0.0005 "-" 99868 0
Mar 18 23:40:40 np0005651379.novalocal object-server[100256]: ::1 - - [19/Mar/2026:03:40:40 +0000] "PUT /2/87866/AUTH_2c0dd7efa1e94d879bc5da8c6f19a646/gnocchi.4cd2d56c-84ed-4938-97a1-4f53e3866272/1773360000.0_mean_300.0_v3" 201 - "PUT https://[::1]:8080/v1/AUTH_2c0dd7efa1e94d879bc5da8c6f19a646/gnocchi.4cd2d56c-84ed-4938-97a1-4f53e3866272/1773360000.0_mean_300.0_v3" "tx58b22919e3114302b6b8c-0069bb7038" "proxy-server 101374" 0.0525 "-" 100256 0
Mar 18 23:40:40 np0005651379.novalocal container-server[99867]: ::1 - - [19/Mar/2026:03:40:40 +0000] "PUT /3/92231/AUTH_2c0dd7efa1e94d879bc5da8c6f19a646/gnocchi.4cd2d56c-84ed-4938-97a1-4f53e3866272/1773360000.0_mean_300.0_v3" 201 - "PUT http://[::1]:8080/1/87866/AUTH_2c0dd7efa1e94d879bc5da8c6f19a646/gnocchi.4cd2d56c-84ed-4938-97a1-4f53e3866272/1773360000.0_mean_300.0_v3" "tx58b22919e3114302b6b8c-0069bb7038" "object-server 100256" 0.0004 "-" 99867 0
Mar 18 23:40:40 np0005651379.novalocal object-server[100256]: ::1 - - [19/Mar/2026:03:40:40 +0000] "PUT /1/87866/AUTH_2c0dd7efa1e94d879bc5da8c6f19a646/gnocchi.4cd2d56c-84ed-4938-97a1-4f53e3866272/1773360000.0_mean_300.0_v3" 201 - "PUT https://[::1]:8080/v1/AUTH_2c0dd7efa1e94d879bc5da8c6f19a646/gnocchi.4cd2d56c-84ed-4938-97a1-4f53e3866272/1773360000.0_mean_300.0_v3" "tx58b22919e3114302b6b8c-0069bb7038" "proxy-server 101374" 0.0556 "-" 100256 0
Mar 18 23:40:40 np0005651379.novalocal proxy-server[101374]: ::1 ::1 19/Mar/2026/03/40/40 PUT /v1/AUTH_2c0dd7efa1e94d879bc5da8c6f19a646/gnocchi.4cd2d56c-84ed-4938-97a1-4f53e3866272/1773360000.0_mean_300.0_v3 HTTP/1.0 201 - python-swiftclient-4.8.0 gAAAAABpu2_uqf-H... 16 - - tx58b22919e3114302b6b8c-0069bb7038 - 0.0617 - - 1773891640.377333403 1773891640.439019918 0 e61d2c26cb6146fb88642c1126e377de
Mar 18 23:40:40 np0005651379.novalocal container-server[99867]: ::1 - - [19/Mar/2026:03:40:40 +0000] "PUT /2/92231/AUTH_2c0dd7efa1e94d879bc5da8c6f19a646/gnocchi.4cd2d56c-84ed-4938-97a1-4f53e3866272/none_v3" 201 - "PUT http://[::1]:8080/2/163325/AUTH_2c0dd7efa1e94d879bc5da8c6f19a646/gnocchi.4cd2d56c-84ed-4938-97a1-4f53e3866272/none_v3" "txb6a821e7297b44ce9b9f1-0069bb7038" "object-server 100256" 0.0006 "-" 99867 0
Mar 18 23:40:40 np0005651379.novalocal object-server[100256]: ::1 - - [19/Mar/2026:03:40:40 +0000] "PUT /2/163325/AUTH_2c0dd7efa1e94d879bc5da8c6f19a646/gnocchi.4cd2d56c-84ed-4938-97a1-4f53e3866272/none_v3" 201 - "PUT https://[::1]:8080/v1/AUTH_2c0dd7efa1e94d879bc5da8c6f19a646/gnocchi.4cd2d56c-84ed-4938-97a1-4f53e3866272/none_v3" "txb6a821e7297b44ce9b9f1-0069bb7038" "proxy-server 101374" 0.0145 "-" 100256 0
Mar 18 23:40:40 np0005651379.novalocal container-server[99867]: ::1 - - [19/Mar/2026:03:40:40 +0000] "PUT /1/92231/AUTH_2c0dd7efa1e94d879bc5da8c6f19a646/gnocchi.4cd2d56c-84ed-4938-97a1-4f53e3866272/none_v3" 201 - "PUT http://[::1]:8080/3/163325/AUTH_2c0dd7efa1e94d879bc5da8c6f19a646/gnocchi.4cd2d56c-84ed-4938-97a1-4f53e3866272/none_v3" "txb6a821e7297b44ce9b9f1-0069bb7038" "object-server 100256" 0.0002 "-" 99867 0
Mar 18 23:40:40 np0005651379.novalocal container-server[99868]: ::1 - - [19/Mar/2026:03:40:40 +0000] "PUT /3/92231/AUTH_2c0dd7efa1e94d879bc5da8c6f19a646/gnocchi.4cd2d56c-84ed-4938-97a1-4f53e3866272/none_v3" 201 - "PUT http://[::1]:8080/1/163325/AUTH_2c0dd7efa1e94d879bc5da8c6f19a646/gnocchi.4cd2d56c-84ed-4938-97a1-4f53e3866272/none_v3" "txb6a821e7297b44ce9b9f1-0069bb7038" "object-server 100256" 0.0006 "-" 99868 0
Mar 18 23:40:40 np0005651379.novalocal object-server[100256]: ::1 - - [19/Mar/2026:03:40:40 +0000] "PUT /3/163325/AUTH_2c0dd7efa1e94d879bc5da8c6f19a646/gnocchi.4cd2d56c-84ed-4938-97a1-4f53e3866272/none_v3" 201 - "PUT https://[::1]:8080/v1/AUTH_2c0dd7efa1e94d879bc5da8c6f19a646/gnocchi.4cd2d56c-84ed-4938-97a1-4f53e3866272/none_v3" "txb6a821e7297b44ce9b9f1-0069bb7038" "proxy-server 101374" 0.0176 "-" 100256 0
Mar 18 23:40:40 np0005651379.novalocal object-server[100256]: ::1 - - [19/Mar/2026:03:40:40 +0000] "PUT /1/163325/AUTH_2c0dd7efa1e94d879bc5da8c6f19a646/gnocchi.4cd2d56c-84ed-4938-97a1-4f53e3866272/none_v3" 201 - "PUT https://[::1]:8080/v1/AUTH_2c0dd7efa1e94d879bc5da8c6f19a646/gnocchi.4cd2d56c-84ed-4938-97a1-4f53e3866272/none_v3" "txb6a821e7297b44ce9b9f1-0069bb7038" "proxy-server 101374" 0.0152 "-" 100256 0
Mar 18 23:40:40 np0005651379.novalocal proxy-server[101374]: ::1 ::1 19/Mar/2026/03/40/40 PUT /v1/AUTH_2c0dd7efa1e94d879bc5da8c6f19a646/gnocchi.4cd2d56c-84ed-4938-97a1-4f53e3866272/none_v3 HTTP/1.0 201 - python-swiftclient-4.8.0 gAAAAABpu2_uqf-H... 22 - - txb6a821e7297b44ce9b9f1-0069bb7038 - 0.0280 - - 1773891640.442316294 1773891640.470334053 0 e61d2c26cb6146fb88642c1126e377de
Mar 18 23:40:40 np0005651379.novalocal kernel: qr-c31b6358-ed: left promiscuous mode
Mar 18 23:40:40 np0005651379.novalocal kernel: qg-a6d99594-8d: left promiscuous mode
Mar 18 23:40:40 np0005651379.novalocal systemd[1]: run-netns-qrouter\x2d6ef0e4f8\x2d35aa\x2d4cff\x2d9b59\x2d55c924f9ab20.mount: Deactivated successfully.
Mar 18 23:40:41 np0005651379.novalocal dnsmasq[108417]: read /var/lib/neutron/dhcp/c90c0046-2307-4135-932a-b1a68d8ee267/addn_hosts - 0 addresses
Mar 18 23:40:41 np0005651379.novalocal dnsmasq-dhcp[108417]: read /var/lib/neutron/dhcp/c90c0046-2307-4135-932a-b1a68d8ee267/host
Mar 18 23:40:41 np0005651379.novalocal dnsmasq-dhcp[108417]: read /var/lib/neutron/dhcp/c90c0046-2307-4135-932a-b1a68d8ee267/opts
Mar 18 23:40:41 np0005651379.novalocal dnsmasq[108417]: exiting on receipt of SIGTERM
Mar 18 23:40:41 np0005651379.novalocal kernel: tap61a1ee20-90: left promiscuous mode
Mar 18 23:40:42 np0005651379.novalocal systemd[1]: run-netns-qdhcp\x2dc90c0046\x2d2307\x2d4135\x2d932a\x2db1a68d8ee267.mount: Deactivated successfully.
Mar 18 23:40:42 np0005651379.novalocal object-server[100257]: ::1 - - [19/Mar/2026:03:40:42 +0000] "GET /1/126870/AUTH_2c0dd7efa1e94d879bc5da8c6f19a646/gnocchi.7e8ccfb7-b143-45a8-8174-f8e51353d8c3/none_v3" 200 22 "GET https://[::1]:8080/v1/AUTH_2c0dd7efa1e94d879bc5da8c6f19a646/gnocchi.7e8ccfb7-b143-45a8-8174-f8e51353d8c3/none_v3" "tx262e91d4c792402b9ce7d-0069bb703a" "proxy-server 101374" 0.0011 "-" 100257 0
Mar 18 23:40:42 np0005651379.novalocal proxy-server[101374]: ::1 ::1 19/Mar/2026/03/40/42 GET /v1/AUTH_2c0dd7efa1e94d879bc5da8c6f19a646/gnocchi.7e8ccfb7-b143-45a8-8174-f8e51353d8c3/none_v3 HTTP/1.0 200 - python-swiftclient-4.8.0 gAAAAABpu2_xITFz... - 22 - tx262e91d4c792402b9ce7d-0069bb703a - 0.0087 - - 1773891642.659328222 1773891642.668007374 0 e61d2c26cb6146fb88642c1126e377de
Mar 18 23:40:42 np0005651379.novalocal container-server[99867]: ::1 - - [19/Mar/2026:03:40:42 +0000] "GET /1/144673/AUTH_2c0dd7efa1e94d879bc5da8c6f19a646/gnocchi.7e8ccfb7-b143-45a8-8174-f8e51353d8c3" 200 357 "GET https://[::1]:8080/v1/AUTH_2c0dd7efa1e94d879bc5da8c6f19a646/gnocchi.7e8ccfb7-b143-45a8-8174-f8e51353d8c3?format=json&states=listing" "tx4c0f8c3f25914a4e983ca-0069bb703a" "proxy-server 101374" 0.0074 "-" 99867 0
Mar 18 23:40:42 np0005651379.novalocal proxy-server[101374]: ::1 ::1 19/Mar/2026/03/40/42 GET /v1/AUTH_2c0dd7efa1e94d879bc5da8c6f19a646/gnocchi.7e8ccfb7-b143-45a8-8174-f8e51353d8c3%3Fformat%3Djson%26states%3Dlisting HTTP/1.0 200 - python-swiftclient-4.8.0 gAAAAABpu2_xITFz... - 357 - tx4c0f8c3f25914a4e983ca-0069bb703a - 0.0141 - - 1773891642.670962334 1773891642.685077429 0 e61d2c26cb6146fb88642c1126e377de
Mar 18 23:40:42 np0005651379.novalocal container-server[99867]: ::1 - - [19/Mar/2026:03:40:42 +0000] "GET /3/144673/AUTH_2c0dd7efa1e94d879bc5da8c6f19a646/gnocchi.7e8ccfb7-b143-45a8-8174-f8e51353d8c3" 200 2 "GET https://[::1]:8080/v1/AUTH_2c0dd7efa1e94d879bc5da8c6f19a646/gnocchi.7e8ccfb7-b143-45a8-8174-f8e51353d8c3?format=json&marker=none_v3&states=listing" "txadb7be55646b497da9754-0069bb703a" "proxy-server 101374" 0.0073 "-" 99867 0
Mar 18 23:40:42 np0005651379.novalocal proxy-server[101374]: ::1 ::1 19/Mar/2026/03/40/42 GET /v1/AUTH_2c0dd7efa1e94d879bc5da8c6f19a646/gnocchi.7e8ccfb7-b143-45a8-8174-f8e51353d8c3%3Fformat%3Djson%26marker%3Dnone_v3%26states%3Dlisting HTTP/1.0 200 - python-swiftclient-4.8.0 gAAAAABpu2_xITFz... - 2 - txadb7be55646b497da9754-0069bb703a - 0.0144 - - 1773891642.687347889 1773891642.701699734 0 e61d2c26cb6146fb88642c1126e377de
Mar 18 23:40:42 np0005651379.novalocal object-server[100257]: ::1 - - [19/Mar/2026:03:40:42 +0000] "GET /1/18576/AUTH_2c0dd7efa1e94d879bc5da8c6f19a646/gnocchi.7e8ccfb7-b143-45a8-8174-f8e51353d8c3/1773360000.0_mean_300.0_v3" 200 16 "GET https://[::1]:8080/v1/AUTH_2c0dd7efa1e94d879bc5da8c6f19a646/gnocchi.7e8ccfb7-b143-45a8-8174-f8e51353d8c3/1773360000.0_mean_300.0_v3" "tx627c77d2714f4f9a8d89c-0069bb703a" "proxy-server 101374" 0.0016 "-" 100257 0
Mar 18 23:40:42 np0005651379.novalocal proxy-server[101374]: ::1 ::1 19/Mar/2026/03/40/42 GET /v1/AUTH_2c0dd7efa1e94d879bc5da8c6f19a646/gnocchi.7e8ccfb7-b143-45a8-8174-f8e51353d8c3/1773360000.0_mean_300.0_v3 HTTP/1.0 200 - python-swiftclient-4.8.0 gAAAAABpu2_xITFz... - 16 - tx627c77d2714f4f9a8d89c-0069bb703a - 0.0089 - - 1773891642.706024885 1773891642.714952707 0 e61d2c26cb6146fb88642c1126e377de
Mar 18 23:40:42 np0005651379.novalocal container-server[99867]: ::1 - - [19/Mar/2026:03:40:42 +0000] "PUT /2/144673/AUTH_2c0dd7efa1e94d879bc5da8c6f19a646/gnocchi.7e8ccfb7-b143-45a8-8174-f8e51353d8c3/1773360000.0_mean_300.0_v3" 201 - "PUT http://[::1]:8080/1/18576/AUTH_2c0dd7efa1e94d879bc5da8c6f19a646/gnocchi.7e8ccfb7-b143-45a8-8174-f8e51353d8c3/1773360000.0_mean_300.0_v3" "txb31ebf1b87b44b0183852-0069bb703a" "object-server 100256" 0.0008 "-" 99867 0
Mar 18 23:40:42 np0005651379.novalocal container-server[99868]: ::1 - - [19/Mar/2026:03:40:42 +0000] "PUT /3/144673/AUTH_2c0dd7efa1e94d879bc5da8c6f19a646/gnocchi.7e8ccfb7-b143-45a8-8174-f8e51353d8c3/1773360000.0_mean_300.0_v3" 201 - "PUT http://[::1]:8080/2/18576/AUTH_2c0dd7efa1e94d879bc5da8c6f19a646/gnocchi.7e8ccfb7-b143-45a8-8174-f8e51353d8c3/1773360000.0_mean_300.0_v3" "txb31ebf1b87b44b0183852-0069bb703a" "object-server 100256" 0.0008 "-" 99868 0
Mar 18 23:40:42 np0005651379.novalocal object-server[100256]: ::1 - - [19/Mar/2026:03:40:42 +0000] "PUT /1/18576/AUTH_2c0dd7efa1e94d879bc5da8c6f19a646/gnocchi.7e8ccfb7-b143-45a8-8174-f8e51353d8c3/1773360000.0_mean_300.0_v3" 201 - "PUT https://[::1]:8080/v1/AUTH_2c0dd7efa1e94d879bc5da8c6f19a646/gnocchi.7e8ccfb7-b143-45a8-8174-f8e51353d8c3/1773360000.0_mean_300.0_v3" "txb31ebf1b87b44b0183852-0069bb703a" "proxy-server 101374" 0.0164 "-" 100256 0
Mar 18 23:40:42 np0005651379.novalocal object-server[100256]: ::1 - - [19/Mar/2026:03:40:42 +0000] "PUT /2/18576/AUTH_2c0dd7efa1e94d879bc5da8c6f19a646/gnocchi.7e8ccfb7-b143-45a8-8174-f8e51353d8c3/1773360000.0_mean_300.0_v3" 201 - "PUT https://[::1]:8080/v1/AUTH_2c0dd7efa1e94d879bc5da8c6f19a646/gnocchi.7e8ccfb7-b143-45a8-8174-f8e51353d8c3/1773360000.0_mean_300.0_v3" "txb31ebf1b87b44b0183852-0069bb703a" "proxy-server 101374" 0.0164 "-" 100256 0
Mar 18 23:40:42 np0005651379.novalocal container-server[99867]: ::1 - - [19/Mar/2026:03:40:42 +0000] "PUT /1/144673/AUTH_2c0dd7efa1e94d879bc5da8c6f19a646/gnocchi.7e8ccfb7-b143-45a8-8174-f8e51353d8c3/1773360000.0_mean_300.0_v3" 201 - "PUT http://[::1]:8080/3/18576/AUTH_2c0dd7efa1e94d879bc5da8c6f19a646/gnocchi.7e8ccfb7-b143-45a8-8174-f8e51353d8c3/1773360000.0_mean_300.0_v3" "txb31ebf1b87b44b0183852-0069bb703a" "object-server 100256" 0.0006 "-" 99867 0
Mar 18 23:40:42 np0005651379.novalocal object-server[100256]: ::1 - - [19/Mar/2026:03:40:42 +0000] "PUT /3/18576/AUTH_2c0dd7efa1e94d879bc5da8c6f19a646/gnocchi.7e8ccfb7-b143-45a8-8174-f8e51353d8c3/1773360000.0_mean_300.0_v3" 201 - "PUT https://[::1]:8080/v1/AUTH_2c0dd7efa1e94d879bc5da8c6f19a646/gnocchi.7e8ccfb7-b143-45a8-8174-f8e51353d8c3/1773360000.0_mean_300.0_v3" "txb31ebf1b87b44b0183852-0069bb703a" "proxy-server 101374" 0.0163 "-" 100256 0
Mar 18 23:40:42 np0005651379.novalocal proxy-server[101374]: ::1 ::1 19/Mar/2026/03/40/42 PUT /v1/AUTH_2c0dd7efa1e94d879bc5da8c6f19a646/gnocchi.7e8ccfb7-b143-45a8-8174-f8e51353d8c3/1773360000.0_mean_300.0_v3 HTTP/1.0 201 - python-swiftclient-4.8.0 gAAAAABpu2_xITFz... 16 - - txb31ebf1b87b44b0183852-0069bb703a - 0.0318 - - 1773891642.718962669 1773891642.750725985 0 e61d2c26cb6146fb88642c1126e377de
Mar 18 23:40:42 np0005651379.novalocal container-server[99868]: ::1 - - [19/Mar/2026:03:40:42 +0000] "PUT /3/144673/AUTH_2c0dd7efa1e94d879bc5da8c6f19a646/gnocchi.7e8ccfb7-b143-45a8-8174-f8e51353d8c3/none_v3" 201 - "PUT http://[::1]:8080/1/126870/AUTH_2c0dd7efa1e94d879bc5da8c6f19a646/gnocchi.7e8ccfb7-b143-45a8-8174-f8e51353d8c3/none_v3" "txb024095ce5b34527b0e14-0069bb703a" "object-server 100256" 0.0007 "-" 99868 0
Mar 18 23:40:42 np0005651379.novalocal object-server[100256]: ::1 - - [19/Mar/2026:03:40:42 +0000] "PUT /1/126870/AUTH_2c0dd7efa1e94d879bc5da8c6f19a646/gnocchi.7e8ccfb7-b143-45a8-8174-f8e51353d8c3/none_v3" 201 - "PUT https://[::1]:8080/v1/AUTH_2c0dd7efa1e94d879bc5da8c6f19a646/gnocchi.7e8ccfb7-b143-45a8-8174-f8e51353d8c3/none_v3" "txb024095ce5b34527b0e14-0069bb703a" "proxy-server 101374" 0.0128 "-" 100256 0
Mar 18 23:40:42 np0005651379.novalocal container-server[99868]: ::1 - - [19/Mar/2026:03:40:42 +0000] "PUT /1/144673/AUTH_2c0dd7efa1e94d879bc5da8c6f19a646/gnocchi.7e8ccfb7-b143-45a8-8174-f8e51353d8c3/none_v3" 201 - "PUT http://[::1]:8080/3/126870/AUTH_2c0dd7efa1e94d879bc5da8c6f19a646/gnocchi.7e8ccfb7-b143-45a8-8174-f8e51353d8c3/none_v3" "txb024095ce5b34527b0e14-0069bb703a" "object-server 100257" 0.0007 "-" 99868 0
Mar 18 23:40:42 np0005651379.novalocal object-server[100257]: ::1 - - [19/Mar/2026:03:40:42 +0000] "PUT /3/126870/AUTH_2c0dd7efa1e94d879bc5da8c6f19a646/gnocchi.7e8ccfb7-b143-45a8-8174-f8e51353d8c3/none_v3" 201 - "PUT https://[::1]:8080/v1/AUTH_2c0dd7efa1e94d879bc5da8c6f19a646/gnocchi.7e8ccfb7-b143-45a8-8174-f8e51353d8c3/none_v3" "txb024095ce5b34527b0e14-0069bb703a" "proxy-server 101374" 0.0176 "-" 100257 0
Mar 18 23:40:42 np0005651379.novalocal container-server[99868]: ::1 - - [19/Mar/2026:03:40:42 +0000] "PUT /2/144673/AUTH_2c0dd7efa1e94d879bc5da8c6f19a646/gnocchi.7e8ccfb7-b143-45a8-8174-f8e51353d8c3/none_v3" 201 - "PUT http://[::1]:8080/2/126870/AUTH_2c0dd7efa1e94d879bc5da8c6f19a646/gnocchi.7e8ccfb7-b143-45a8-8174-f8e51353d8c3/none_v3" "txb024095ce5b34527b0e14-0069bb703a" "object-server 100257" 0.0009 "-" 99868 0
Mar 18 23:40:42 np0005651379.novalocal object-server[100257]: ::1 - - [19/Mar/2026:03:40:42 +0000] "PUT /2/126870/AUTH_2c0dd7efa1e94d879bc5da8c6f19a646/gnocchi.7e8ccfb7-b143-45a8-8174-f8e51353d8c3/none_v3" 201 - "PUT https://[::1]:8080/v1/AUTH_2c0dd7efa1e94d879bc5da8c6f19a646/gnocchi.7e8ccfb7-b143-45a8-8174-f8e51353d8c3/none_v3" "txb024095ce5b34527b0e14-0069bb703a" "proxy-server 101374" 0.0190 "-" 100257 0
Mar 18 23:40:42 np0005651379.novalocal proxy-server[101374]: ::1 ::1 19/Mar/2026/03/40/42 PUT /v1/AUTH_2c0dd7efa1e94d879bc5da8c6f19a646/gnocchi.7e8ccfb7-b143-45a8-8174-f8e51353d8c3/none_v3 HTTP/1.0 201 - python-swiftclient-4.8.0 gAAAAABpu2_xITFz... 31 - - txb024095ce5b34527b0e14-0069bb703a - 0.0325 - - 1773891642.754316807 1773891642.786855698 0 e61d2c26cb6146fb88642c1126e377de
Mar 18 23:40:42 np0005651379.novalocal object-server[100257]: ::1 - - [19/Mar/2026:03:40:42 +0000] "GET /2/228190/AUTH_2c0dd7efa1e94d879bc5da8c6f19a646/gnocchi.b5bc9b78-638f-4050-b29f-1b33fed8865a/none_v3" 200 22 "GET https://[::1]:8080/v1/AUTH_2c0dd7efa1e94d879bc5da8c6f19a646/gnocchi.b5bc9b78-638f-4050-b29f-1b33fed8865a/none_v3" "tx53457a1668ff4203a658c-0069bb703a" "proxy-server 101374" 0.0011 "-" 100257 0
Mar 18 23:40:42 np0005651379.novalocal proxy-server[101374]: ::1 ::1 19/Mar/2026/03/40/42 GET /v1/AUTH_2c0dd7efa1e94d879bc5da8c6f19a646/gnocchi.b5bc9b78-638f-4050-b29f-1b33fed8865a/none_v3 HTTP/1.0 200 - python-swiftclient-4.8.0 gAAAAABpu2_xITFz... - 22 - tx53457a1668ff4203a658c-0069bb703a - 0.0101 - - 1773891642.828033447 1773891642.838106155 0 e61d2c26cb6146fb88642c1126e377de
Mar 18 23:40:42 np0005651379.novalocal container-server[99867]: ::1 - - [19/Mar/2026:03:40:42 +0000] "GET /3/216807/AUTH_2c0dd7efa1e94d879bc5da8c6f19a646/gnocchi.b5bc9b78-638f-4050-b29f-1b33fed8865a" 200 357 "GET https://[::1]:8080/v1/AUTH_2c0dd7efa1e94d879bc5da8c6f19a646/gnocchi.b5bc9b78-638f-4050-b29f-1b33fed8865a?format=json&states=listing" "tx7ec8e739e9e94d08afc60-0069bb703a" "proxy-server 101374" 0.0078 "-" 99867 0
Mar 18 23:40:42 np0005651379.novalocal proxy-server[101374]: ::1 ::1 19/Mar/2026/03/40/42 GET /v1/AUTH_2c0dd7efa1e94d879bc5da8c6f19a646/gnocchi.b5bc9b78-638f-4050-b29f-1b33fed8865a%3Fformat%3Djson%26states%3Dlisting HTTP/1.0 200 - python-swiftclient-4.8.0 gAAAAABpu2_xITFz... - 357 - tx7ec8e739e9e94d08afc60-0069bb703a - 0.0169 - - 1773891642.843297243 1773891642.860189438 0 e61d2c26cb6146fb88642c1126e377de
Mar 18 23:40:42 np0005651379.novalocal container-server[99867]: ::1 - - [19/Mar/2026:03:40:42 +0000] "GET /2/216807/AUTH_2c0dd7efa1e94d879bc5da8c6f19a646/gnocchi.b5bc9b78-638f-4050-b29f-1b33fed8865a" 200 2 "GET https://[::1]:8080/v1/AUTH_2c0dd7efa1e94d879bc5da8c6f19a646/gnocchi.b5bc9b78-638f-4050-b29f-1b33fed8865a?format=json&marker=none_v3&states=listing" "tx9895dff3af144abeaaf4f-0069bb703a" "proxy-server 101374" 0.0071 "-" 99867 0
Mar 18 23:40:42 np0005651379.novalocal proxy-server[101374]: ::1 ::1 19/Mar/2026/03/40/42 GET /v1/AUTH_2c0dd7efa1e94d879bc5da8c6f19a646/gnocchi.b5bc9b78-638f-4050-b29f-1b33fed8865a%3Fformat%3Djson%26marker%3Dnone_v3%26states%3Dlisting HTTP/1.0 200 - python-swiftclient-4.8.0 gAAAAABpu2_xITFz... - 2 - tx9895dff3af144abeaaf4f-0069bb703a - 0.0156 - - 1773891642.864008188 1773891642.879565001 0 e61d2c26cb6146fb88642c1126e377de
Mar 18 23:40:42 np0005651379.novalocal object-server[100256]: ::1 - - [19/Mar/2026:03:40:42 +0000] "GET /1/199964/AUTH_2c0dd7efa1e94d879bc5da8c6f19a646/gnocchi.b5bc9b78-638f-4050-b29f-1b33fed8865a/1773360000.0_mean_300.0_v3" 200 16 "GET https://[::1]:8080/v1/AUTH_2c0dd7efa1e94d879bc5da8c6f19a646/gnocchi.b5bc9b78-638f-4050-b29f-1b33fed8865a/1773360000.0_mean_300.0_v3" "txc7636201c74c4975b2a1c-0069bb703a" "proxy-server 101374" 0.0014 "-" 100256 0
Mar 18 23:40:42 np0005651379.novalocal proxy-server[101374]: ::1 ::1 19/Mar/2026/03/40/42 GET /v1/AUTH_2c0dd7efa1e94d879bc5da8c6f19a646/gnocchi.b5bc9b78-638f-4050-b29f-1b33fed8865a/1773360000.0_mean_300.0_v3 HTTP/1.0 200 - python-swiftclient-4.8.0 gAAAAABpu2_xITFz... - 16 - txc7636201c74c4975b2a1c-0069bb703a - 0.0101 - - 1773891642.884602308 1773891642.894693136 0 e61d2c26cb6146fb88642c1126e377de
Mar 18 23:40:42 np0005651379.novalocal container-server[99868]: ::1 - - [19/Mar/2026:03:40:42 +0000] "PUT /2/216807/AUTH_2c0dd7efa1e94d879bc5da8c6f19a646/gnocchi.b5bc9b78-638f-4050-b29f-1b33fed8865a/1773360000.0_mean_300.0_v3" 201 - "PUT http://[::1]:8080/2/199964/AUTH_2c0dd7efa1e94d879bc5da8c6f19a646/gnocchi.b5bc9b78-638f-4050-b29f-1b33fed8865a/1773360000.0_mean_300.0_v3" "tx925cdcddf6514ccc9f594-0069bb703a" "object-server 100257" 0.0008 "-" 99868 0
Mar 18 23:40:42 np0005651379.novalocal object-server[100257]: ::1 - - [19/Mar/2026:03:40:42 +0000] "PUT /2/199964/AUTH_2c0dd7efa1e94d879bc5da8c6f19a646/gnocchi.b5bc9b78-638f-4050-b29f-1b33fed8865a/1773360000.0_mean_300.0_v3" 201 - "PUT https://[::1]:8080/v1/AUTH_2c0dd7efa1e94d879bc5da8c6f19a646/gnocchi.b5bc9b78-638f-4050-b29f-1b33fed8865a/1773360000.0_mean_300.0_v3" "tx925cdcddf6514ccc9f594-0069bb703a" "proxy-server 101374" 0.0126 "-" 100257 0
Mar 18 23:40:42 np0005651379.novalocal container-server[99867]: ::1 - - [19/Mar/2026:03:40:42 +0000] "PUT /1/216807/AUTH_2c0dd7efa1e94d879bc5da8c6f19a646/gnocchi.b5bc9b78-638f-4050-b29f-1b33fed8865a/1773360000.0_mean_300.0_v3" 201 - "PUT http://[::1]:8080/3/199964/AUTH_2c0dd7efa1e94d879bc5da8c6f19a646/gnocchi.b5bc9b78-638f-4050-b29f-1b33fed8865a/1773360000.0_mean_300.0_v3" "tx925cdcddf6514ccc9f594-0069bb703a" "object-server 100256" 0.0022 "-" 99867 0
Mar 18 23:40:42 np0005651379.novalocal object-server[100256]: ::1 - - [19/Mar/2026:03:40:42 +0000] "PUT /3/199964/AUTH_2c0dd7efa1e94d879bc5da8c6f19a646/gnocchi.b5bc9b78-638f-4050-b29f-1b33fed8865a/1773360000.0_mean_300.0_v3" 201 - "PUT https://[::1]:8080/v1/AUTH_2c0dd7efa1e94d879bc5da8c6f19a646/gnocchi.b5bc9b78-638f-4050-b29f-1b33fed8865a/1773360000.0_mean_300.0_v3" "tx925cdcddf6514ccc9f594-0069bb703a" "proxy-server 101374" 0.0154 "-" 100256 0
Mar 18 23:40:42 np0005651379.novalocal container-server[99867]: ::1 - - [19/Mar/2026:03:40:42 +0000] "PUT /3/216807/AUTH_2c0dd7efa1e94d879bc5da8c6f19a646/gnocchi.b5bc9b78-638f-4050-b29f-1b33fed8865a/1773360000.0_mean_300.0_v3" 201 - "PUT http://[::1]:8080/1/199964/AUTH_2c0dd7efa1e94d879bc5da8c6f19a646/gnocchi.b5bc9b78-638f-4050-b29f-1b33fed8865a/1773360000.0_mean_300.0_v3" "tx925cdcddf6514ccc9f594-0069bb703a" "object-server 100257" 0.0006 "-" 99867 0
Mar 18 23:40:42 np0005651379.novalocal object-server[100257]: ::1 - - [19/Mar/2026:03:40:42 +0000] "PUT /1/199964/AUTH_2c0dd7efa1e94d879bc5da8c6f19a646/gnocchi.b5bc9b78-638f-4050-b29f-1b33fed8865a/1773360000.0_mean_300.0_v3" 201 - "PUT https://[::1]:8080/v1/AUTH_2c0dd7efa1e94d879bc5da8c6f19a646/gnocchi.b5bc9b78-638f-4050-b29f-1b33fed8865a/1773360000.0_mean_300.0_v3" "tx925cdcddf6514ccc9f594-0069bb703a" "proxy-server 101374" 0.0170 "-" 100257 0
Mar 18 23:40:42 np0005651379.novalocal proxy-server[101374]: ::1 ::1 19/Mar/2026/03/40/42 PUT /v1/AUTH_2c0dd7efa1e94d879bc5da8c6f19a646/gnocchi.b5bc9b78-638f-4050-b29f-1b33fed8865a/1773360000.0_mean_300.0_v3 HTTP/1.0 201 - python-swiftclient-4.8.0 gAAAAABpu2_xITFz... 16 - - tx925cdcddf6514ccc9f594-0069bb703a - 0.0295 - - 1773891642.898542404 1773891642.928076506 0 e61d2c26cb6146fb88642c1126e377de
Mar 18 23:40:42 np0005651379.novalocal container-server[99868]: ::1 - - [19/Mar/2026:03:40:42 +0000] "PUT /2/216807/AUTH_2c0dd7efa1e94d879bc5da8c6f19a646/gnocchi.b5bc9b78-638f-4050-b29f-1b33fed8865a/none_v3" 201 - "PUT http://[::1]:8080/1/228190/AUTH_2c0dd7efa1e94d879bc5da8c6f19a646/gnocchi.b5bc9b78-638f-4050-b29f-1b33fed8865a/none_v3" "tx733b95a4767d456192ae2-0069bb703a" "object-server 100257" 0.0009 "-" 99868 0
Mar 18 23:40:42 np0005651379.novalocal object-server[100257]: ::1 - - [19/Mar/2026:03:40:42 +0000] "PUT /1/228190/AUTH_2c0dd7efa1e94d879bc5da8c6f19a646/gnocchi.b5bc9b78-638f-4050-b29f-1b33fed8865a/none_v3" 201 - "PUT https://[::1]:8080/v1/AUTH_2c0dd7efa1e94d879bc5da8c6f19a646/gnocchi.b5bc9b78-638f-4050-b29f-1b33fed8865a/none_v3" "tx733b95a4767d456192ae2-0069bb703a" "proxy-server 101374" 0.0108 "-" 100257 0
Mar 18 23:40:42 np0005651379.novalocal container-server[99868]: ::1 - - [19/Mar/2026:03:40:42 +0000] "PUT /3/216807/AUTH_2c0dd7efa1e94d879bc5da8c6f19a646/gnocchi.b5bc9b78-638f-4050-b29f-1b33fed8865a/none_v3" 201 - "PUT http://[::1]:8080/3/228190/AUTH_2c0dd7efa1e94d879bc5da8c6f19a646/gnocchi.b5bc9b78-638f-4050-b29f-1b33fed8865a/none_v3" "tx733b95a4767d456192ae2-0069bb703a" "object-server 100256" 0.0005 "-" 99868 0
Mar 18 23:40:42 np0005651379.novalocal object-server[100256]: ::1 - - [19/Mar/2026:03:40:42 +0000] "PUT /3/228190/AUTH_2c0dd7efa1e94d879bc5da8c6f19a646/gnocchi.b5bc9b78-638f-4050-b29f-1b33fed8865a/none_v3" 201 - "PUT https://[::1]:8080/v1/AUTH_2c0dd7efa1e94d879bc5da8c6f19a646/gnocchi.b5bc9b78-638f-4050-b29f-1b33fed8865a/none_v3" "tx733b95a4767d456192ae2-0069bb703a" "proxy-server 101374" 0.0146 "-" 100256 0
Mar 18 23:40:42 np0005651379.novalocal container-server[99868]: ::1 - - [19/Mar/2026:03:40:42 +0000] "PUT /1/216807/AUTH_2c0dd7efa1e94d879bc5da8c6f19a646/gnocchi.b5bc9b78-638f-4050-b29f-1b33fed8865a/none_v3" 201 - "PUT http://[::1]:8080/2/228190/AUTH_2c0dd7efa1e94d879bc5da8c6f19a646/gnocchi.b5bc9b78-638f-4050-b29f-1b33fed8865a/none_v3" "tx733b95a4767d456192ae2-0069bb703a" "object-server 100257" 0.0005 "-" 99868 0
Mar 18 23:40:42 np0005651379.novalocal object-server[100257]: ::1 - - [19/Mar/2026:03:40:42 +0000] "PUT /2/228190/AUTH_2c0dd7efa1e94d879bc5da8c6f19a646/gnocchi.b5bc9b78-638f-4050-b29f-1b33fed8865a/none_v3" 201 - "PUT https://[::1]:8080/v1/AUTH_2c0dd7efa1e94d879bc5da8c6f19a646/gnocchi.b5bc9b78-638f-4050-b29f-1b33fed8865a/none_v3" "tx733b95a4767d456192ae2-0069bb703a" "proxy-server 101374" 0.0166 "-" 100257 0
Mar 18 23:40:42 np0005651379.novalocal proxy-server[101374]: ::1 ::1 19/Mar/2026/03/40/42 PUT /v1/AUTH_2c0dd7efa1e94d879bc5da8c6f19a646/gnocchi.b5bc9b78-638f-4050-b29f-1b33fed8865a/none_v3 HTTP/1.0 201 - python-swiftclient-4.8.0 gAAAAABpu2_xITFz... 26 - - tx733b95a4767d456192ae2-0069bb703a - 0.0270 - - 1773891642.931890726 1773891642.958882570 0 e61d2c26cb6146fb88642c1126e377de
Mar 18 23:40:42 np0005651379.novalocal object-server[100257]: ::1 - - [19/Mar/2026:03:40:42 +0000] "GET /2/207830/AUTH_2c0dd7efa1e94d879bc5da8c6f19a646/gnocchi.6c986096-ff3a-4fdb-95c9-a9ebc752b46d/none_v3" 200 22 "GET https://[::1]:8080/v1/AUTH_2c0dd7efa1e94d879bc5da8c6f19a646/gnocchi.6c986096-ff3a-4fdb-95c9-a9ebc752b46d/none_v3" "tx2b2492ef1b014345827c2-0069bb703a" "proxy-server 101374" 0.0009 "-" 100257 0
Mar 18 23:40:43 np0005651379.novalocal proxy-server[101374]: ::1 ::1 19/Mar/2026/03/40/43 GET /v1/AUTH_2c0dd7efa1e94d879bc5da8c6f19a646/gnocchi.6c986096-ff3a-4fdb-95c9-a9ebc752b46d/none_v3 HTTP/1.0 200 - python-swiftclient-4.8.0 gAAAAABpu2_xITFz... - 22 - tx2b2492ef1b014345827c2-0069bb703a - 0.0095 - - 1773891642.992971659 1773891643.002423048 0 e61d2c26cb6146fb88642c1126e377de
Mar 18 23:40:43 np0005651379.novalocal container-server[99868]: ::1 - - [19/Mar/2026:03:40:43 +0000] "GET /1/252879/AUTH_2c0dd7efa1e94d879bc5da8c6f19a646/gnocchi.6c986096-ff3a-4fdb-95c9-a9ebc752b46d" 200 357 "GET https://[::1]:8080/v1/AUTH_2c0dd7efa1e94d879bc5da8c6f19a646/gnocchi.6c986096-ff3a-4fdb-95c9-a9ebc752b46d?format=json&states=listing" "tx84ebe8485e5a4cfeaa6b0-0069bb703b" "proxy-server 101374" 0.0071 "-" 99868 0
Mar 18 23:40:43 np0005651379.novalocal proxy-server[101374]: ::1 ::1 19/Mar/2026/03/40/43 GET /v1/AUTH_2c0dd7efa1e94d879bc5da8c6f19a646/gnocchi.6c986096-ff3a-4fdb-95c9-a9ebc752b46d%3Fformat%3Djson%26states%3Dlisting HTTP/1.0 200 - python-swiftclient-4.8.0 gAAAAABpu2_xITFz... - 357 - tx84ebe8485e5a4cfeaa6b0-0069bb703b - 0.0162 - - 1773891643.007105827 1773891643.023329973 0 e61d2c26cb6146fb88642c1126e377de
Mar 18 23:40:43 np0005651379.novalocal container-server[99868]: ::1 - - [19/Mar/2026:03:40:43 +0000] "GET /3/252879/AUTH_2c0dd7efa1e94d879bc5da8c6f19a646/gnocchi.6c986096-ff3a-4fdb-95c9-a9ebc752b46d" 200 2 "GET https://[::1]:8080/v1/AUTH_2c0dd7efa1e94d879bc5da8c6f19a646/gnocchi.6c986096-ff3a-4fdb-95c9-a9ebc752b46d?format=json&marker=none_v3&states=listing" "txb6f5fe661ce0493cbbdf0-0069bb703b" "proxy-server 101374" 0.0073 "-" 99868 0
Mar 18 23:40:43 np0005651379.novalocal proxy-server[101374]: ::1 ::1 19/Mar/2026/03/40/43 GET /v1/AUTH_2c0dd7efa1e94d879bc5da8c6f19a646/gnocchi.6c986096-ff3a-4fdb-95c9-a9ebc752b46d%3Fformat%3Djson%26marker%3Dnone_v3%26states%3Dlisting HTTP/1.0 200 - python-swiftclient-4.8.0 gAAAAABpu2_xITFz... - 2 - txb6f5fe661ce0493cbbdf0-0069bb703b - 0.0160 - - 1773891643.027791262 1773891643.043752909 0 e61d2c26cb6146fb88642c1126e377de
Mar 18 23:40:43 np0005651379.novalocal object-server[100256]: ::1 - - [19/Mar/2026:03:40:43 +0000] "GET /2/134323/AUTH_2c0dd7efa1e94d879bc5da8c6f19a646/gnocchi.6c986096-ff3a-4fdb-95c9-a9ebc752b46d/1773360000.0_mean_300.0_v3" 200 16 "GET https://[::1]:8080/v1/AUTH_2c0dd7efa1e94d879bc5da8c6f19a646/gnocchi.6c986096-ff3a-4fdb-95c9-a9ebc752b46d/1773360000.0_mean_300.0_v3" "txa4dfc8d3ac284aa489f41-0069bb703b" "proxy-server 101374" 0.0011 "-" 100256 0
Mar 18 23:40:43 np0005651379.novalocal proxy-server[101374]: ::1 ::1 19/Mar/2026/03/40/43 GET /v1/AUTH_2c0dd7efa1e94d879bc5da8c6f19a646/gnocchi.6c986096-ff3a-4fdb-95c9-a9ebc752b46d/1773360000.0_mean_300.0_v3 HTTP/1.0 200 - python-swiftclient-4.8.0 gAAAAABpu2_xITFz... - 16 - txa4dfc8d3ac284aa489f41-0069bb703b - 0.0097 - - 1773891643.048688650 1773891643.058356762 0 e61d2c26cb6146fb88642c1126e377de
Mar 18 23:40:43 np0005651379.novalocal container-server[99867]: ::1 - - [19/Mar/2026:03:40:43 +0000] "PUT /2/252879/AUTH_2c0dd7efa1e94d879bc5da8c6f19a646/gnocchi.6c986096-ff3a-4fdb-95c9-a9ebc752b46d/1773360000.0_mean_300.0_v3" 201 - "PUT http://[::1]:8080/2/134323/AUTH_2c0dd7efa1e94d879bc5da8c6f19a646/gnocchi.6c986096-ff3a-4fdb-95c9-a9ebc752b46d/1773360000.0_mean_300.0_v3" "tx86a12ddd3d9b4e37b5ebf-0069bb703b" "object-server 100257" 0.0014 "-" 99867 0
Mar 18 23:40:43 np0005651379.novalocal container-server[99868]: ::1 - - [19/Mar/2026:03:40:43 +0000] "PUT /1/252879/AUTH_2c0dd7efa1e94d879bc5da8c6f19a646/gnocchi.6c986096-ff3a-4fdb-95c9-a9ebc752b46d/1773360000.0_mean_300.0_v3" 201 - "PUT http://[::1]:8080/3/134323/AUTH_2c0dd7efa1e94d879bc5da8c6f19a646/gnocchi.6c986096-ff3a-4fdb-95c9-a9ebc752b46d/1773360000.0_mean_300.0_v3" "tx86a12ddd3d9b4e37b5ebf-0069bb703b" "object-server 100257" 0.0007 "-" 99868 0
Mar 18 23:40:43 np0005651379.novalocal object-server[100257]: ::1 - - [19/Mar/2026:03:40:43 +0000] "PUT /3/134323/AUTH_2c0dd7efa1e94d879bc5da8c6f19a646/gnocchi.6c986096-ff3a-4fdb-95c9-a9ebc752b46d/1773360000.0_mean_300.0_v3" 201 - "PUT https://[::1]:8080/v1/AUTH_2c0dd7efa1e94d879bc5da8c6f19a646/gnocchi.6c986096-ff3a-4fdb-95c9-a9ebc752b46d/1773360000.0_mean_300.0_v3" "tx86a12ddd3d9b4e37b5ebf-0069bb703b" "proxy-server 101374" 0.0182 "-" 100257 0
Mar 18 23:40:43 np0005651379.novalocal container-server[99868]: ::1 - - [19/Mar/2026:03:40:43 +0000] "PUT /3/252879/AUTH_2c0dd7efa1e94d879bc5da8c6f19a646/gnocchi.6c986096-ff3a-4fdb-95c9-a9ebc752b46d/1773360000.0_mean_300.0_v3" 201 - "PUT http://[::1]:8080/1/134323/AUTH_2c0dd7efa1e94d879bc5da8c6f19a646/gnocchi.6c986096-ff3a-4fdb-95c9-a9ebc752b46d/1773360000.0_mean_300.0_v3" "tx86a12ddd3d9b4e37b5ebf-0069bb703b" "object-server 100257" 0.0004 "-" 99868 0
Mar 18 23:40:43 np0005651379.novalocal object-server[100257]: ::1 - - [19/Mar/2026:03:40:43 +0000] "PUT /2/134323/AUTH_2c0dd7efa1e94d879bc5da8c6f19a646/gnocchi.6c986096-ff3a-4fdb-95c9-a9ebc752b46d/1773360000.0_mean_300.0_v3" 201 - "PUT https://[::1]:8080/v1/AUTH_2c0dd7efa1e94d879bc5da8c6f19a646/gnocchi.6c986096-ff3a-4fdb-95c9-a9ebc752b46d/1773360000.0_mean_300.0_v3" "tx86a12ddd3d9b4e37b5ebf-0069bb703b" "proxy-server 101374" 0.0211 "-" 100257 0
Mar 18 23:40:43 np0005651379.novalocal object-server[100257]: ::1 - - [19/Mar/2026:03:40:43 +0000] "PUT /1/134323/AUTH_2c0dd7efa1e94d879bc5da8c6f19a646/gnocchi.6c986096-ff3a-4fdb-95c9-a9ebc752b46d/1773360000.0_mean_300.0_v3" 201 - "PUT https://[::1]:8080/v1/AUTH_2c0dd7efa1e94d879bc5da8c6f19a646/gnocchi.6c986096-ff3a-4fdb-95c9-a9ebc752b46d/1773360000.0_mean_300.0_v3" "tx86a12ddd3d9b4e37b5ebf-0069bb703b" "proxy-server 101374" 0.0179 "-" 100257 0
Mar 18 23:40:43 np0005651379.novalocal proxy-server[101374]: ::1 ::1 19/Mar/2026/03/40/43 PUT /v1/AUTH_2c0dd7efa1e94d879bc5da8c6f19a646/gnocchi.6c986096-ff3a-4fdb-95c9-a9ebc752b46d/1773360000.0_mean_300.0_v3 HTTP/1.0 201 - python-swiftclient-4.8.0 gAAAAABpu2_xITFz... 16 - - tx86a12ddd3d9b4e37b5ebf-0069bb703b - 0.0325 - - 1773891643.062534571 1773891643.095028639 0 e61d2c26cb6146fb88642c1126e377de
Mar 18 23:40:43 np0005651379.novalocal container-server[99867]: ::1 - - [19/Mar/2026:03:40:43 +0000] "PUT /2/252879/AUTH_2c0dd7efa1e94d879bc5da8c6f19a646/gnocchi.6c986096-ff3a-4fdb-95c9-a9ebc752b46d/none_v3" 201 - "PUT http://[::1]:8080/1/207830/AUTH_2c0dd7efa1e94d879bc5da8c6f19a646/gnocchi.6c986096-ff3a-4fdb-95c9-a9ebc752b46d/none_v3" "tx445eb731b9fb465e82594-0069bb703b" "object-server 100256" 0.0007 "-" 99867 0
Mar 18 23:40:43 np0005651379.novalocal container-server[99868]: ::1 - - [19/Mar/2026:03:40:43 +0000] "PUT /1/252879/AUTH_2c0dd7efa1e94d879bc5da8c6f19a646/gnocchi.6c986096-ff3a-4fdb-95c9-a9ebc752b46d/none_v3" 201 - "PUT http://[::1]:8080/3/207830/AUTH_2c0dd7efa1e94d879bc5da8c6f19a646/gnocchi.6c986096-ff3a-4fdb-95c9-a9ebc752b46d/none_v3" "tx445eb731b9fb465e82594-0069bb703b" "object-server 100257" 0.0007 "-" 99868 0
Mar 18 23:40:43 np0005651379.novalocal object-server[100256]: ::1 - - [19/Mar/2026:03:40:43 +0000] "PUT /1/207830/AUTH_2c0dd7efa1e94d879bc5da8c6f19a646/gnocchi.6c986096-ff3a-4fdb-95c9-a9ebc752b46d/none_v3" 201 - "PUT https://[::1]:8080/v1/AUTH_2c0dd7efa1e94d879bc5da8c6f19a646/gnocchi.6c986096-ff3a-4fdb-95c9-a9ebc752b46d/none_v3" "tx445eb731b9fb465e82594-0069bb703b" "proxy-server 101374" 0.0127 "-" 100256 0
Mar 18 23:40:43 np0005651379.novalocal container-server[99868]: ::1 - - [19/Mar/2026:03:40:43 +0000] "PUT /3/252879/AUTH_2c0dd7efa1e94d879bc5da8c6f19a646/gnocchi.6c986096-ff3a-4fdb-95c9-a9ebc752b46d/none_v3" 201 - "PUT http://[::1]:8080/2/207830/AUTH_2c0dd7efa1e94d879bc5da8c6f19a646/gnocchi.6c986096-ff3a-4fdb-95c9-a9ebc752b46d/none_v3" "tx445eb731b9fb465e82594-0069bb703b" "object-server 100257" 0.0004 "-" 99868 0
Mar 18 23:40:43 np0005651379.novalocal object-server[100257]: ::1 - - [19/Mar/2026:03:40:43 +0000] "PUT /3/207830/AUTH_2c0dd7efa1e94d879bc5da8c6f19a646/gnocchi.6c986096-ff3a-4fdb-95c9-a9ebc752b46d/none_v3" 201 - "PUT https://[::1]:8080/v1/AUTH_2c0dd7efa1e94d879bc5da8c6f19a646/gnocchi.6c986096-ff3a-4fdb-95c9-a9ebc752b46d/none_v3" "tx445eb731b9fb465e82594-0069bb703b" "proxy-server 101374" 0.0123 "-" 100257 0
Mar 18 23:40:43 np0005651379.novalocal object-server[100257]: ::1 - - [19/Mar/2026:03:40:43 +0000] "PUT /2/207830/AUTH_2c0dd7efa1e94d879bc5da8c6f19a646/gnocchi.6c986096-ff3a-4fdb-95c9-a9ebc752b46d/none_v3" 201 - "PUT https://[::1]:8080/v1/AUTH_2c0dd7efa1e94d879bc5da8c6f19a646/gnocchi.6c986096-ff3a-4fdb-95c9-a9ebc752b46d/none_v3" "tx445eb731b9fb465e82594-0069bb703b" "proxy-server 101374" 0.0154 "-" 100257 0
Mar 18 23:40:43 np0005651379.novalocal proxy-server[101374]: ::1 ::1 19/Mar/2026/03/40/43 PUT /v1/AUTH_2c0dd7efa1e94d879bc5da8c6f19a646/gnocchi.6c986096-ff3a-4fdb-95c9-a9ebc752b46d/none_v3 HTTP/1.0 201 - python-swiftclient-4.8.0 gAAAAABpu2_xITFz... 30 - - tx445eb731b9fb465e82594-0069bb703b - 0.0271 - - 1773891643.098643541 1773891643.125700712 0 e61d2c26cb6146fb88642c1126e377de
Mar 18 23:40:43 np0005651379.novalocal object-server[100257]: ::1 - - [19/Mar/2026:03:40:43 +0000] "GET /3/163325/AUTH_2c0dd7efa1e94d879bc5da8c6f19a646/gnocchi.4cd2d56c-84ed-4938-97a1-4f53e3866272/none_v3" 200 22 "GET https://[::1]:8080/v1/AUTH_2c0dd7efa1e94d879bc5da8c6f19a646/gnocchi.4cd2d56c-84ed-4938-97a1-4f53e3866272/none_v3" "tx93fa4504c4a74dfe81f89-0069bb703b" "proxy-server 101374" 0.0009 "-" 100257 0
Mar 18 23:40:43 np0005651379.novalocal proxy-server[101374]: ::1 ::1 19/Mar/2026/03/40/43 GET /v1/AUTH_2c0dd7efa1e94d879bc5da8c6f19a646/gnocchi.4cd2d56c-84ed-4938-97a1-4f53e3866272/none_v3 HTTP/1.0 200 - python-swiftclient-4.8.0 gAAAAABpu2_xITFz... - 22 - tx93fa4504c4a74dfe81f89-0069bb703b - 0.0111 - - 1773891643.144393206 1773891643.155515671 0 e61d2c26cb6146fb88642c1126e377de
Mar 18 23:40:43 np0005651379.novalocal container-server[99868]: ::1 - - [19/Mar/2026:03:40:43 +0000] "GET /3/92231/AUTH_2c0dd7efa1e94d879bc5da8c6f19a646/gnocchi.4cd2d56c-84ed-4938-97a1-4f53e3866272" 200 357 "GET https://[::1]:8080/v1/AUTH_2c0dd7efa1e94d879bc5da8c6f19a646/gnocchi.4cd2d56c-84ed-4938-97a1-4f53e3866272?format=json&states=listing" "tx953377739a7146549b999-0069bb703b" "proxy-server 101374" 0.0103 "-" 99868 0
Mar 18 23:40:43 np0005651379.novalocal proxy-server[101374]: ::1 ::1 19/Mar/2026/03/40/43 GET /v1/AUTH_2c0dd7efa1e94d879bc5da8c6f19a646/gnocchi.4cd2d56c-84ed-4938-97a1-4f53e3866272%3Fformat%3Djson%26states%3Dlisting HTTP/1.0 200 - python-swiftclient-4.8.0 gAAAAABpu2_xITFz... - 357 - tx953377739a7146549b999-0069bb703b - 0.0189 - - 1773891643.160480976 1773891643.179414511 0 e61d2c26cb6146fb88642c1126e377de
Mar 18 23:40:43 np0005651379.novalocal container-server[99868]: ::1 - - [19/Mar/2026:03:40:43 +0000] "GET /2/92231/AUTH_2c0dd7efa1e94d879bc5da8c6f19a646/gnocchi.4cd2d56c-84ed-4938-97a1-4f53e3866272" 200 2 "GET https://[::1]:8080/v1/AUTH_2c0dd7efa1e94d879bc5da8c6f19a646/gnocchi.4cd2d56c-84ed-4938-97a1-4f53e3866272?format=json&marker=none_v3&states=listing" "tx5c7e8df68f77445ba4402-0069bb703b" "proxy-server 101374" 0.0077 "-" 99868 0
Mar 18 23:40:43 np0005651379.novalocal proxy-server[101374]: ::1 ::1 19/Mar/2026/03/40/43 GET /v1/AUTH_2c0dd7efa1e94d879bc5da8c6f19a646/gnocchi.4cd2d56c-84ed-4938-97a1-4f53e3866272%3Fformat%3Djson%26marker%3Dnone_v3%26states%3Dlisting HTTP/1.0 200 - python-swiftclient-4.8.0 gAAAAABpu2_xITFz... - 2 - tx5c7e8df68f77445ba4402-0069bb703b - 0.0153 - - 1773891643.183275223 1773891643.198536396 0 e61d2c26cb6146fb88642c1126e377de
Mar 18 23:40:43 np0005651379.novalocal object-server[100256]: ::1 - - [19/Mar/2026:03:40:43 +0000] "GET /3/87866/AUTH_2c0dd7efa1e94d879bc5da8c6f19a646/gnocchi.4cd2d56c-84ed-4938-97a1-4f53e3866272/1773360000.0_mean_300.0_v3" 200 16 "GET https://[::1]:8080/v1/AUTH_2c0dd7efa1e94d879bc5da8c6f19a646/gnocchi.4cd2d56c-84ed-4938-97a1-4f53e3866272/1773360000.0_mean_300.0_v3" "tx7c5479dd987a4ebbbce7e-0069bb703b" "proxy-server 101374" 0.0011 "-" 100256 0
Mar 18 23:40:43 np0005651379.novalocal proxy-server[101374]: ::1 ::1 19/Mar/2026/03/40/43 GET /v1/AUTH_2c0dd7efa1e94d879bc5da8c6f19a646/gnocchi.4cd2d56c-84ed-4938-97a1-4f53e3866272/1773360000.0_mean_300.0_v3 HTTP/1.0 200 - python-swiftclient-4.8.0 gAAAAABpu2_xITFz... - 16 - tx7c5479dd987a4ebbbce7e-0069bb703b - 0.0066 - - 1773891643.203710794 1773891643.210296392 0 e61d2c26cb6146fb88642c1126e377de
Mar 18 23:40:43 np0005651379.novalocal container-server[99867]: ::1 - - [19/Mar/2026:03:40:43 +0000] "PUT /1/92231/AUTH_2c0dd7efa1e94d879bc5da8c6f19a646/gnocchi.4cd2d56c-84ed-4938-97a1-4f53e3866272/1773360000.0_mean_300.0_v3" 201 - "PUT http://[::1]:8080/2/87866/AUTH_2c0dd7efa1e94d879bc5da8c6f19a646/gnocchi.4cd2d56c-84ed-4938-97a1-4f53e3866272/1773360000.0_mean_300.0_v3" "tx3d1e0e9e75a246da913a6-0069bb703b" "object-server 100257" 0.0008 "-" 99867 0
Mar 18 23:40:43 np0005651379.novalocal object-server[100257]: ::1 - - [19/Mar/2026:03:40:43 +0000] "PUT /2/87866/AUTH_2c0dd7efa1e94d879bc5da8c6f19a646/gnocchi.4cd2d56c-84ed-4938-97a1-4f53e3866272/1773360000.0_mean_300.0_v3" 201 - "PUT https://[::1]:8080/v1/AUTH_2c0dd7efa1e94d879bc5da8c6f19a646/gnocchi.4cd2d56c-84ed-4938-97a1-4f53e3866272/1773360000.0_mean_300.0_v3" "tx3d1e0e9e75a246da913a6-0069bb703b" "proxy-server 101374" 0.0155 "-" 100257 0
Mar 18 23:40:43 np0005651379.novalocal container-server[99867]: ::1 - - [19/Mar/2026:03:40:43 +0000] "PUT /3/92231/AUTH_2c0dd7efa1e94d879bc5da8c6f19a646/gnocchi.4cd2d56c-84ed-4938-97a1-4f53e3866272/1773360000.0_mean_300.0_v3" 201 - "PUT http://[::1]:8080/3/87866/AUTH_2c0dd7efa1e94d879bc5da8c6f19a646/gnocchi.4cd2d56c-84ed-4938-97a1-4f53e3866272/1773360000.0_mean_300.0_v3" "tx3d1e0e9e75a246da913a6-0069bb703b" "object-server 100256" 0.0006 "-" 99867 0
Mar 18 23:40:43 np0005651379.novalocal object-server[100256]: ::1 - - [19/Mar/2026:03:40:43 +0000] "PUT /3/87866/AUTH_2c0dd7efa1e94d879bc5da8c6f19a646/gnocchi.4cd2d56c-84ed-4938-97a1-4f53e3866272/1773360000.0_mean_300.0_v3" 201 - "PUT https://[::1]:8080/v1/AUTH_2c0dd7efa1e94d879bc5da8c6f19a646/gnocchi.4cd2d56c-84ed-4938-97a1-4f53e3866272/1773360000.0_mean_300.0_v3" "tx3d1e0e9e75a246da913a6-0069bb703b" "proxy-server 101374" 0.0167 "-" 100256 0
