Mar 18 23:39:55 np0005651379.novalocal object-server[100257]: ::1 - - [19/Mar/2026:03:39:55 +0000] "GET /3/51524/AUTH_2c0dd7efa1e94d879bc5da8c6f19a646/gnocchi.e7ac25b2-b88b-462d-8733-9438191716c3/none_v3" 200 22 "GET https://[::1]:8080/v1/AUTH_2c0dd7efa1e94d879bc5da8c6f19a646/gnocchi.e7ac25b2-b88b-462d-8733-9438191716c3/none_v3" "tx5385011b674c4f898f920-0069bb700b" "proxy-server 101374" 0.0011 "-" 100257 0
Mar 18 23:39:55 np0005651379.novalocal proxy-server[101374]: ::1 ::1 19/Mar/2026/03/39/55 GET /v1/AUTH_2c0dd7efa1e94d879bc5da8c6f19a646/gnocchi.e7ac25b2-b88b-462d-8733-9438191716c3/none_v3 HTTP/1.0 200 - python-swiftclient-4.8.0 gAAAAABpu2_uqf-H... - 22 - tx5385011b674c4f898f920-0069bb700b - 0.0088 - - 1773891595.348691225 1773891595.357483149 0 e61d2c26cb6146fb88642c1126e377de
Mar 18 23:39:55 np0005651379.novalocal container-server[99867]: ::1 - - [19/Mar/2026:03:39:55 +0000] "GET /3/231680/AUTH_2c0dd7efa1e94d879bc5da8c6f19a646/gnocchi.e7ac25b2-b88b-462d-8733-9438191716c3" 200 357 "GET https://[::1]:8080/v1/AUTH_2c0dd7efa1e94d879bc5da8c6f19a646/gnocchi.e7ac25b2-b88b-462d-8733-9438191716c3?format=json&states=listing" "tx8558a4e04bdd449fa2b65-0069bb700b" "proxy-server 101374" 0.0038 "-" 99867 0
Mar 18 23:39:55 np0005651379.novalocal proxy-server[101374]: ::1 ::1 19/Mar/2026/03/39/55 GET /v1/AUTH_2c0dd7efa1e94d879bc5da8c6f19a646/gnocchi.e7ac25b2-b88b-462d-8733-9438191716c3%3Fformat%3Djson%26states%3Dlisting HTTP/1.0 200 - python-swiftclient-4.8.0 gAAAAABpu2_uqf-H... - 357 - tx8558a4e04bdd449fa2b65-0069bb700b - 0.0121 - - 1773891595.361268759 1773891595.373387575 0 e61d2c26cb6146fb88642c1126e377de
Mar 18 23:39:55 np0005651379.novalocal container-server[99868]: ::1 - - [19/Mar/2026:03:39:55 +0000] "GET /1/231680/AUTH_2c0dd7efa1e94d879bc5da8c6f19a646/gnocchi.e7ac25b2-b88b-462d-8733-9438191716c3" 200 2 "GET https://[::1]:8080/v1/AUTH_2c0dd7efa1e94d879bc5da8c6f19a646/gnocchi.e7ac25b2-b88b-462d-8733-9438191716c3?format=json&marker=none_v3&states=listing" "tx54da2cecc16448c787912-0069bb700b" "proxy-server 101374" 0.0041 "-" 99868 0
Mar 18 23:39:55 np0005651379.novalocal proxy-server[101374]: ::1 ::1 19/Mar/2026/03/39/55 GET /v1/AUTH_2c0dd7efa1e94d879bc5da8c6f19a646/gnocchi.e7ac25b2-b88b-462d-8733-9438191716c3%3Fformat%3Djson%26marker%3Dnone_v3%26states%3Dlisting HTTP/1.0 200 - python-swiftclient-4.8.0 gAAAAABpu2_uqf-H... - 2 - tx54da2cecc16448c787912-0069bb700b - 0.0113 - - 1773891595.385615826 1773891595.396955490 0 e61d2c26cb6146fb88642c1126e377de
Mar 18 23:39:55 np0005651379.novalocal object-server[100257]: ::1 - - [19/Mar/2026:03:39:55 +0000] "GET /2/125922/AUTH_2c0dd7efa1e94d879bc5da8c6f19a646/gnocchi.e7ac25b2-b88b-462d-8733-9438191716c3/1773360000.0_mean_300.0_v3" 200 16 "GET https://[::1]:8080/v1/AUTH_2c0dd7efa1e94d879bc5da8c6f19a646/gnocchi.e7ac25b2-b88b-462d-8733-9438191716c3/1773360000.0_mean_300.0_v3" "tx23e94a2abf02449797c0c-0069bb700b" "proxy-server 101374" 0.0011 "-" 100257 0
Mar 18 23:39:55 np0005651379.novalocal proxy-server[101374]: ::1 ::1 19/Mar/2026/03/39/55 GET /v1/AUTH_2c0dd7efa1e94d879bc5da8c6f19a646/gnocchi.e7ac25b2-b88b-462d-8733-9438191716c3/1773360000.0_mean_300.0_v3 HTTP/1.0 200 - python-swiftclient-4.8.0 gAAAAABpu2_uqf-H... - 16 - tx23e94a2abf02449797c0c-0069bb700b - 0.0090 - - 1773891595.402814388 1773891595.411786318 0 e61d2c26cb6146fb88642c1126e377de
Mar 18 23:39:55 np0005651379.novalocal container-server[99868]: ::1 - - [19/Mar/2026:03:39:55 +0000] "PUT /1/231680/AUTH_2c0dd7efa1e94d879bc5da8c6f19a646/gnocchi.e7ac25b2-b88b-462d-8733-9438191716c3/1773360000.0_mean_300.0_v3" 201 - "PUT http://[::1]:8080/2/125922/AUTH_2c0dd7efa1e94d879bc5da8c6f19a646/gnocchi.e7ac25b2-b88b-462d-8733-9438191716c3/1773360000.0_mean_300.0_v3" "txa42860d96bf2437ab46b8-0069bb700b" "object-server 100257" 0.0006 "-" 99868 0
Mar 18 23:39:55 np0005651379.novalocal object-server[100257]: ::1 - - [19/Mar/2026:03:39:55 +0000] "PUT /2/125922/AUTH_2c0dd7efa1e94d879bc5da8c6f19a646/gnocchi.e7ac25b2-b88b-462d-8733-9438191716c3/1773360000.0_mean_300.0_v3" 201 - "PUT https://[::1]:8080/v1/AUTH_2c0dd7efa1e94d879bc5da8c6f19a646/gnocchi.e7ac25b2-b88b-462d-8733-9438191716c3/1773360000.0_mean_300.0_v3" "txa42860d96bf2437ab46b8-0069bb700b" "proxy-server 101374" 0.0167 "-" 100257 0
Mar 18 23:39:55 np0005651379.novalocal container-server[99868]: ::1 - - [19/Mar/2026:03:39:55 +0000] "PUT /2/231680/AUTH_2c0dd7efa1e94d879bc5da8c6f19a646/gnocchi.e7ac25b2-b88b-462d-8733-9438191716c3/1773360000.0_mean_300.0_v3" 201 - "PUT http://[::1]:8080/1/125922/AUTH_2c0dd7efa1e94d879bc5da8c6f19a646/gnocchi.e7ac25b2-b88b-462d-8733-9438191716c3/1773360000.0_mean_300.0_v3" "txa42860d96bf2437ab46b8-0069bb700b" "object-server 100256" 0.0007 "-" 99868 0
Mar 18 23:39:55 np0005651379.novalocal container-server[99868]: ::1 - - [19/Mar/2026:03:39:55 +0000] "PUT /3/231680/AUTH_2c0dd7efa1e94d879bc5da8c6f19a646/gnocchi.e7ac25b2-b88b-462d-8733-9438191716c3/1773360000.0_mean_300.0_v3" 201 - "PUT http://[::1]:8080/3/125922/AUTH_2c0dd7efa1e94d879bc5da8c6f19a646/gnocchi.e7ac25b2-b88b-462d-8733-9438191716c3/1773360000.0_mean_300.0_v3" "txa42860d96bf2437ab46b8-0069bb700b" "object-server 100256" 0.0006 "-" 99868 0
Mar 18 23:39:55 np0005651379.novalocal object-server[100256]: ::1 - - [19/Mar/2026:03:39:55 +0000] "PUT /1/125922/AUTH_2c0dd7efa1e94d879bc5da8c6f19a646/gnocchi.e7ac25b2-b88b-462d-8733-9438191716c3/1773360000.0_mean_300.0_v3" 201 - "PUT https://[::1]:8080/v1/AUTH_2c0dd7efa1e94d879bc5da8c6f19a646/gnocchi.e7ac25b2-b88b-462d-8733-9438191716c3/1773360000.0_mean_300.0_v3" "txa42860d96bf2437ab46b8-0069bb700b" "proxy-server 101374" 0.0180 "-" 100256 0
Mar 18 23:39:55 np0005651379.novalocal object-server[100256]: ::1 - - [19/Mar/2026:03:39:55 +0000] "PUT /3/125922/AUTH_2c0dd7efa1e94d879bc5da8c6f19a646/gnocchi.e7ac25b2-b88b-462d-8733-9438191716c3/1773360000.0_mean_300.0_v3" 201 - "PUT https://[::1]:8080/v1/AUTH_2c0dd7efa1e94d879bc5da8c6f19a646/gnocchi.e7ac25b2-b88b-462d-8733-9438191716c3/1773360000.0_mean_300.0_v3" "txa42860d96bf2437ab46b8-0069bb700b" "proxy-server 101374" 0.0216 "-" 100256 0
Mar 18 23:39:55 np0005651379.novalocal proxy-server[101374]: ::1 ::1 19/Mar/2026/03/39/55 PUT /v1/AUTH_2c0dd7efa1e94d879bc5da8c6f19a646/gnocchi.e7ac25b2-b88b-462d-8733-9438191716c3/1773360000.0_mean_300.0_v3 HTTP/1.0 201 - python-swiftclient-4.8.0 gAAAAABpu2_uqf-H... 16 - - txa42860d96bf2437ab46b8-0069bb700b - 0.0320 - - 1773891595.414618731 1773891595.446586847 0 e61d2c26cb6146fb88642c1126e377de
Mar 18 23:39:55 np0005651379.novalocal container-server[99868]: ::1 - - [19/Mar/2026:03:39:55 +0000] "PUT /1/231680/AUTH_2c0dd7efa1e94d879bc5da8c6f19a646/gnocchi.e7ac25b2-b88b-462d-8733-9438191716c3/none_v3" 201 - "PUT http://[::1]:8080/2/51524/AUTH_2c0dd7efa1e94d879bc5da8c6f19a646/gnocchi.e7ac25b2-b88b-462d-8733-9438191716c3/none_v3" "tx9a6d8af992204aaba4579-0069bb700b" "object-server 100257" 0.0016 "-" 99868 0
Mar 18 23:39:55 np0005651379.novalocal container-server[99868]: ::1 - - [19/Mar/2026:03:39:55 +0000] "PUT /3/231680/AUTH_2c0dd7efa1e94d879bc5da8c6f19a646/gnocchi.e7ac25b2-b88b-462d-8733-9438191716c3/none_v3" 201 - "PUT http://[::1]:8080/3/51524/AUTH_2c0dd7efa1e94d879bc5da8c6f19a646/gnocchi.e7ac25b2-b88b-462d-8733-9438191716c3/none_v3" "tx9a6d8af992204aaba4579-0069bb700b" "object-server 100257" 0.0005 "-" 99868 0
Mar 18 23:39:55 np0005651379.novalocal object-server[100257]: ::1 - - [19/Mar/2026:03:39:55 +0000] "PUT /2/51524/AUTH_2c0dd7efa1e94d879bc5da8c6f19a646/gnocchi.e7ac25b2-b88b-462d-8733-9438191716c3/none_v3" 201 - "PUT https://[::1]:8080/v1/AUTH_2c0dd7efa1e94d879bc5da8c6f19a646/gnocchi.e7ac25b2-b88b-462d-8733-9438191716c3/none_v3" "tx9a6d8af992204aaba4579-0069bb700b" "proxy-server 101374" 0.0140 "-" 100257 0
Mar 18 23:39:55 np0005651379.novalocal object-server[100257]: ::1 - - [19/Mar/2026:03:39:55 +0000] "PUT /3/51524/AUTH_2c0dd7efa1e94d879bc5da8c6f19a646/gnocchi.e7ac25b2-b88b-462d-8733-9438191716c3/none_v3" 201 - "PUT https://[::1]:8080/v1/AUTH_2c0dd7efa1e94d879bc5da8c6f19a646/gnocchi.e7ac25b2-b88b-462d-8733-9438191716c3/none_v3" "tx9a6d8af992204aaba4579-0069bb700b" "proxy-server 101374" 0.0187 "-" 100257 0
Mar 18 23:39:55 np0005651379.novalocal container-server[99868]: ::1 - - [19/Mar/2026:03:39:55 +0000] "PUT /2/231680/AUTH_2c0dd7efa1e94d879bc5da8c6f19a646/gnocchi.e7ac25b2-b88b-462d-8733-9438191716c3/none_v3" 201 - "PUT http://[::1]:8080/1/51524/AUTH_2c0dd7efa1e94d879bc5da8c6f19a646/gnocchi.e7ac25b2-b88b-462d-8733-9438191716c3/none_v3" "tx9a6d8af992204aaba4579-0069bb700b" "object-server 100257" 0.0005 "-" 99868 0
Mar 18 23:39:55 np0005651379.novalocal object-server[100257]: ::1 - - [19/Mar/2026:03:39:55 +0000] "PUT /1/51524/AUTH_2c0dd7efa1e94d879bc5da8c6f19a646/gnocchi.e7ac25b2-b88b-462d-8733-9438191716c3/none_v3" 201 - "PUT https://[::1]:8080/v1/AUTH_2c0dd7efa1e94d879bc5da8c6f19a646/gnocchi.e7ac25b2-b88b-462d-8733-9438191716c3/none_v3" "tx9a6d8af992204aaba4579-0069bb700b" "proxy-server 101374" 0.0228 "-" 100257 0
Mar 18 23:39:55 np0005651379.novalocal proxy-server[101374]: ::1 ::1 19/Mar/2026/03/39/55 PUT /v1/AUTH_2c0dd7efa1e94d879bc5da8c6f19a646/gnocchi.e7ac25b2-b88b-462d-8733-9438191716c3/none_v3 HTTP/1.0 201 - python-swiftclient-4.8.0 gAAAAABpu2_uqf-H... 32 - - tx9a6d8af992204aaba4579-0069bb700b - 0.0312 - - 1773891595.449093580 1773891595.480332375 0 e61d2c26cb6146fb88642c1126e377de
Mar 18 23:39:55 np0005651379.novalocal sudo[108189]: pam_unix(sudo:session): session closed for user root
Mar 18 23:39:55 np0005651379.novalocal systemd[1]: session-c117.scope: Deactivated successfully.
Mar 18 23:39:55 np0005651379.novalocal sudo[108193]: cinder : PWD=/ ; USER=root ; COMMAND=/usr/bin/cinder-rootwrap /etc/cinder/rootwrap.conf lvremove --config 'activation { retry_deactivation = 1} ' -f cinder-volumes/volume-01361eee-d929-4912-9f8d-693bac16dcbd
Mar 18 23:39:55 np0005651379.novalocal systemd[1]: Started Session c118 of User root.
Mar 18 23:39:55 np0005651379.novalocal sudo[108193]: pam_unix(sudo:session): session opened for user root(uid=0) by (uid=165)
Mar 18 23:39:55 np0005651379.novalocal sudo[108193]: pam_unix(sudo:session): session closed for user root
Mar 18 23:39:55 np0005651379.novalocal systemd[1]: session-c118.scope: Deactivated successfully.
Mar 18 23:39:56 np0005651379.novalocal sudo[108201]: cinder : PWD=/ ; USER=root ; COMMAND=/usr/bin/cinder-rootwrap /etc/cinder/rootwrap.conf env LC_ALL=C vgs --noheadings --unit=g -o name,size,free,lv_count,uuid --separator : --nosuffix cinder-volumes
Mar 18 23:39:56 np0005651379.novalocal systemd[1]: Started Session c119 of User root.
Mar 18 23:39:56 np0005651379.novalocal sudo[108201]: pam_unix(sudo:session): session opened for user root(uid=0) by (uid=165)
Mar 18 23:39:56 np0005651379.novalocal sudo[108201]: pam_unix(sudo:session): session closed for user root
Mar 18 23:39:56 np0005651379.novalocal systemd[1]: session-c119.scope: Deactivated successfully.
Mar 18 23:39:56 np0005651379.novalocal sudo[108210]: cinder : PWD=/ ; USER=root ; COMMAND=/usr/bin/cinder-rootwrap /etc/cinder/rootwrap.conf env LC_ALL=C lvs --noheadings --unit=g -o vg_name,name,size --nosuffix --readonly cinder-volumes
Mar 18 23:39:56 np0005651379.novalocal systemd[1]: Started Session c120 of User root.
Mar 18 23:39:56 np0005651379.novalocal sudo[108210]: pam_unix(sudo:session): session opened for user root(uid=0) by (uid=165)
Mar 18 23:39:56 np0005651379.novalocal sudo[108210]: pam_unix(sudo:session): session closed for user root
Mar 18 23:39:57 np0005651379.novalocal systemd[1]: session-c120.scope: Deactivated successfully.
Mar 18 23:39:57 np0005651379.novalocal sudo[108215]: cinder : PWD=/ ; USER=root ; COMMAND=/usr/bin/cinder-rootwrap /etc/cinder/rootwrap.conf env LC_ALL=C lvs --noheadings --unit=g -o size,data_percent --separator : --nosuffix /dev/cinder-volumes/cinder-volumes-pool
Mar 18 23:39:57 np0005651379.novalocal systemd[1]: Started Session c121 of User root.
Mar 18 23:39:57 np0005651379.novalocal sudo[108215]: pam_unix(sudo:session): session opened for user root(uid=0) by (uid=165)
Mar 18 23:39:57 np0005651379.novalocal sudo[108215]: pam_unix(sudo:session): session closed for user root
Mar 18 23:39:57 np0005651379.novalocal systemd[1]: session-c121.scope: Deactivated successfully.
Mar 18 23:39:57 np0005651379.novalocal sudo[108222]: cinder : PWD=/ ; USER=root ; COMMAND=/usr/bin/cinder-rootwrap /etc/cinder/rootwrap.conf env LC_ALL=C lvs --noheadings --unit=g -o vg_name,name,size --nosuffix --readonly cinder-volumes
Mar 18 23:39:57 np0005651379.novalocal systemd[1]: Started Session c122 of User root.
Mar 18 23:39:57 np0005651379.novalocal sudo[108222]: pam_unix(sudo:session): session opened for user root(uid=0) by (uid=165)
Mar 18 23:39:57 np0005651379.novalocal object-server[100257]: ::1 - - [19/Mar/2026:03:39:57 +0000] "GET /3/59626/AUTH_2c0dd7efa1e94d879bc5da8c6f19a646/gnocchi.3698d73d-1619-4591-a47f-817e1133ca86/none_v3" 200 35 "GET https://[::1]:8080/v1/AUTH_2c0dd7efa1e94d879bc5da8c6f19a646/gnocchi.3698d73d-1619-4591-a47f-817e1133ca86/none_v3" "txf4cbbff5ffae43fca9404-0069bb700d" "proxy-server 101374" 0.0009 "-" 100257 0
Mar 18 23:39:57 np0005651379.novalocal proxy-server[101374]: ::1 ::1 19/Mar/2026/03/39/57 GET /v1/AUTH_2c0dd7efa1e94d879bc5da8c6f19a646/gnocchi.3698d73d-1619-4591-a47f-817e1133ca86/none_v3 HTTP/1.0 200 - python-swiftclient-4.8.0 gAAAAABpu2_xITFz... - 35 - txf4cbbff5ffae43fca9404-0069bb700d - 0.0112 - - 1773891597.604474783 1773891597.615626812 0 e61d2c26cb6146fb88642c1126e377de
Mar 18 23:39:57 np0005651379.novalocal container-server[99868]: ::1 - - [19/Mar/2026:03:39:57 +0000] "GET /1/1421/AUTH_2c0dd7efa1e94d879bc5da8c6f19a646/gnocchi.3698d73d-1619-4591-a47f-817e1133ca86" 200 357 "GET https://[::1]:8080/v1/AUTH_2c0dd7efa1e94d879bc5da8c6f19a646/gnocchi.3698d73d-1619-4591-a47f-817e1133ca86?format=json&states=listing" "txc898b348846b4830ab3e4-0069bb700d" "proxy-server 101374" 0.0082 "-" 99868 0
Mar 18 23:39:57 np0005651379.novalocal proxy-server[101374]: ::1 ::1 19/Mar/2026/03/39/57 GET /v1/AUTH_2c0dd7efa1e94d879bc5da8c6f19a646/gnocchi.3698d73d-1619-4591-a47f-817e1133ca86%3Fformat%3Djson%26states%3Dlisting HTTP/1.0 200 - python-swiftclient-4.8.0 gAAAAABpu2_xITFz... - 357 - txc898b348846b4830ab3e4-0069bb700d - 0.0229 - - 1773891597.629758358 1773891597.652642965 0 e61d2c26cb6146fb88642c1126e377de
Mar 18 23:39:57 np0005651379.novalocal container-server[99867]: ::1 - - [19/Mar/2026:03:39:57 +0000] "GET /3/1421/AUTH_2c0dd7efa1e94d879bc5da8c6f19a646/gnocchi.3698d73d-1619-4591-a47f-817e1133ca86" 200 2 "GET https://[::1]:8080/v1/AUTH_2c0dd7efa1e94d879bc5da8c6f19a646/gnocchi.3698d73d-1619-4591-a47f-817e1133ca86?format=json&marker=none_v3&states=listing" "txdc01ac83f5564296926d6-0069bb700d" "proxy-server 101374" 0.0073 "-" 99867 0
Mar 18 23:39:57 np0005651379.novalocal proxy-server[101374]: ::1 ::1 19/Mar/2026/03/39/57 GET /v1/AUTH_2c0dd7efa1e94d879bc5da8c6f19a646/gnocchi.3698d73d-1619-4591-a47f-817e1133ca86%3Fformat%3Djson%26marker%3Dnone_v3%26states%3Dlisting HTTP/1.0 200 - python-swiftclient-4.8.0 gAAAAABpu2_xITFz... - 2 - txdc01ac83f5564296926d6-0069bb700d - 0.0208 - - 1773891597.657314777 1773891597.678155661 0 e61d2c26cb6146fb88642c1126e377de
Mar 18 23:39:57 np0005651379.novalocal object-server[100256]: ::1 - - [19/Mar/2026:03:39:57 +0000] "GET /3/210054/AUTH_2c0dd7efa1e94d879bc5da8c6f19a646/gnocchi.3698d73d-1619-4591-a47f-817e1133ca86/1773360000.0_mean_300.0_v3" 200 16 "GET https://[::1]:8080/v1/AUTH_2c0dd7efa1e94d879bc5da8c6f19a646/gnocchi.3698d73d-1619-4591-a47f-817e1133ca86/1773360000.0_mean_300.0_v3" "tx679127dc72664295b38b1-0069bb700d" "proxy-server 101374" 0.0012 "-" 100256 0
Mar 18 23:39:57 np0005651379.novalocal proxy-server[101374]: ::1 ::1 19/Mar/2026/03/39/57 GET /v1/AUTH_2c0dd7efa1e94d879bc5da8c6f19a646/gnocchi.3698d73d-1619-4591-a47f-817e1133ca86/1773360000.0_mean_300.0_v3 HTTP/1.0 200 - python-swiftclient-4.8.0 gAAAAABpu2_xITFz... - 16 - tx679127dc72664295b38b1-0069bb700d - 0.0111 - - 1773891597.695942640 1773891597.707009554 0 e61d2c26cb6146fb88642c1126e377de
Mar 18 23:39:57 np0005651379.novalocal container-server[99867]: ::1 - - [19/Mar/2026:03:39:57 +0000] "PUT /3/1421/AUTH_2c0dd7efa1e94d879bc5da8c6f19a646/gnocchi.3698d73d-1619-4591-a47f-817e1133ca86/1773360000.0_mean_300.0_v3" 201 - "PUT http://[::1]:8080/2/210054/AUTH_2c0dd7efa1e94d879bc5da8c6f19a646/gnocchi.3698d73d-1619-4591-a47f-817e1133ca86/1773360000.0_mean_300.0_v3" "tx9cffea428c4247e9971fa-0069bb700d" "object-server 100256" 0.0007 "-" 99867 0
Mar 18 23:39:57 np0005651379.novalocal object-server[100256]: ::1 - - [19/Mar/2026:03:39:57 +0000] "PUT /2/210054/AUTH_2c0dd7efa1e94d879bc5da8c6f19a646/gnocchi.3698d73d-1619-4591-a47f-817e1133ca86/1773360000.0_mean_300.0_v3" 201 - "PUT https://[::1]:8080/v1/AUTH_2c0dd7efa1e94d879bc5da8c6f19a646/gnocchi.3698d73d-1619-4591-a47f-817e1133ca86/1773360000.0_mean_300.0_v3" "tx9cffea428c4247e9971fa-0069bb700d" "proxy-server 101374" 0.0108 "-" 100256 0
Mar 18 23:39:57 np0005651379.novalocal container-server[99867]: ::1 - - [19/Mar/2026:03:39:57 +0000] "PUT /1/1421/AUTH_2c0dd7efa1e94d879bc5da8c6f19a646/gnocchi.3698d73d-1619-4591-a47f-817e1133ca86/1773360000.0_mean_300.0_v3" 201 - "PUT http://[::1]:8080/1/210054/AUTH_2c0dd7efa1e94d879bc5da8c6f19a646/gnocchi.3698d73d-1619-4591-a47f-817e1133ca86/1773360000.0_mean_300.0_v3" "tx9cffea428c4247e9971fa-0069bb700d" "object-server 100257" 0.0004 "-" 99867 0
Mar 18 23:39:57 np0005651379.novalocal container-server[99868]: ::1 - - [19/Mar/2026:03:39:57 +0000] "PUT /2/1421/AUTH_2c0dd7efa1e94d879bc5da8c6f19a646/gnocchi.3698d73d-1619-4591-a47f-817e1133ca86/1773360000.0_mean_300.0_v3" 201 - "PUT http://[::1]:8080/3/210054/AUTH_2c0dd7efa1e94d879bc5da8c6f19a646/gnocchi.3698d73d-1619-4591-a47f-817e1133ca86/1773360000.0_mean_300.0_v3" "tx9cffea428c4247e9971fa-0069bb700d" "object-server 100257" 0.0008 "-" 99868 0
Mar 18 23:39:57 np0005651379.novalocal object-server[100257]: ::1 - - [19/Mar/2026:03:39:57 +0000] "PUT /1/210054/AUTH_2c0dd7efa1e94d879bc5da8c6f19a646/gnocchi.3698d73d-1619-4591-a47f-817e1133ca86/1773360000.0_mean_300.0_v3" 201 - "PUT https://[::1]:8080/v1/AUTH_2c0dd7efa1e94d879bc5da8c6f19a646/gnocchi.3698d73d-1619-4591-a47f-817e1133ca86/1773360000.0_mean_300.0_v3" "tx9cffea428c4247e9971fa-0069bb700d" "proxy-server 101374" 0.0141 "-" 100257 0
Mar 18 23:39:57 np0005651379.novalocal object-server[100257]: ::1 - - [19/Mar/2026:03:39:57 +0000] "PUT /3/210054/AUTH_2c0dd7efa1e94d879bc5da8c6f19a646/gnocchi.3698d73d-1619-4591-a47f-817e1133ca86/1773360000.0_mean_300.0_v3" 201 - "PUT https://[::1]:8080/v1/AUTH_2c0dd7efa1e94d879bc5da8c6f19a646/gnocchi.3698d73d-1619-4591-a47f-817e1133ca86/1773360000.0_mean_300.0_v3" "tx9cffea428c4247e9971fa-0069bb700d" "proxy-server 101374" 0.0165 "-" 100257 0
Mar 18 23:39:57 np0005651379.novalocal proxy-server[101374]: ::1 ::1 19/Mar/2026/03/39/57 PUT /v1/AUTH_2c0dd7efa1e94d879bc5da8c6f19a646/gnocchi.3698d73d-1619-4591-a47f-817e1133ca86/1773360000.0_mean_300.0_v3 HTTP/1.0 201 - python-swiftclient-4.8.0 gAAAAABpu2_xITFz... 16 - - tx9cffea428c4247e9971fa-0069bb700d - 0.0270 - - 1773891597.710144997 1773891597.737187386 0 e61d2c26cb6146fb88642c1126e377de
Mar 18 23:39:57 np0005651379.novalocal sudo[108222]: pam_unix(sudo:session): session closed for user root
Mar 18 23:39:57 np0005651379.novalocal systemd[1]: session-c122.scope: Deactivated successfully.
Mar 18 23:39:57 np0005651379.novalocal container-server[99867]: ::1 - - [19/Mar/2026:03:39:57 +0000] "PUT /3/1421/AUTH_2c0dd7efa1e94d879bc5da8c6f19a646/gnocchi.3698d73d-1619-4591-a47f-817e1133ca86/none_v3" 201 - "PUT http://[::1]:8080/3/59626/AUTH_2c0dd7efa1e94d879bc5da8c6f19a646/gnocchi.3698d73d-1619-4591-a47f-817e1133ca86/none_v3" "tx6f45e55857cc468fa369b-0069bb700d" "object-server 100257" 0.0004 "-" 99867 0
Mar 18 23:39:57 np0005651379.novalocal object-server[100257]: ::1 - - [19/Mar/2026:03:39:57 +0000] "PUT /3/59626/AUTH_2c0dd7efa1e94d879bc5da8c6f19a646/gnocchi.3698d73d-1619-4591-a47f-817e1133ca86/none_v3" 201 - "PUT https://[::1]:8080/v1/AUTH_2c0dd7efa1e94d879bc5da8c6f19a646/gnocchi.3698d73d-1619-4591-a47f-817e1133ca86/none_v3" "tx6f45e55857cc468fa369b-0069bb700d" "proxy-server 101374" 0.0144 "-" 100257 0
Mar 18 23:39:57 np0005651379.novalocal container-server[99868]: ::1 - - [19/Mar/2026:03:39:57 +0000] "PUT /2/1421/AUTH_2c0dd7efa1e94d879bc5da8c6f19a646/gnocchi.3698d73d-1619-4591-a47f-817e1133ca86/none_v3" 201 - "PUT http://[::1]:8080/2/59626/AUTH_2c0dd7efa1e94d879bc5da8c6f19a646/gnocchi.3698d73d-1619-4591-a47f-817e1133ca86/none_v3" "tx6f45e55857cc468fa369b-0069bb700d" "object-server 100257" 0.0017 "-" 99868 0
Mar 18 23:39:57 np0005651379.novalocal object-server[100257]: ::1 - - [19/Mar/2026:03:39:57 +0000] "PUT /2/59626/AUTH_2c0dd7efa1e94d879bc5da8c6f19a646/gnocchi.3698d73d-1619-4591-a47f-817e1133ca86/none_v3" 201 - "PUT https://[::1]:8080/v1/AUTH_2c0dd7efa1e94d879bc5da8c6f19a646/gnocchi.3698d73d-1619-4591-a47f-817e1133ca86/none_v3" "tx6f45e55857cc468fa369b-0069bb700d" "proxy-server 101374" 0.0258 "-" 100257 0
Mar 18 23:39:57 np0005651379.novalocal container-server[99868]: ::1 - - [19/Mar/2026:03:39:57 +0000] "PUT /1/1421/AUTH_2c0dd7efa1e94d879bc5da8c6f19a646/gnocchi.3698d73d-1619-4591-a47f-817e1133ca86/none_v3" 201 - "PUT http://[::1]:8080/1/59626/AUTH_2c0dd7efa1e94d879bc5da8c6f19a646/gnocchi.3698d73d-1619-4591-a47f-817e1133ca86/none_v3" "tx6f45e55857cc468fa369b-0069bb700d" "object-server 100257" 0.0007 "-" 99868 0
Mar 18 23:39:57 np0005651379.novalocal object-server[100257]: ::1 - - [19/Mar/2026:03:39:57 +0000] "PUT /1/59626/AUTH_2c0dd7efa1e94d879bc5da8c6f19a646/gnocchi.3698d73d-1619-4591-a47f-817e1133ca86/none_v3" 201 - "PUT https://[::1]:8080/v1/AUTH_2c0dd7efa1e94d879bc5da8c6f19a646/gnocchi.3698d73d-1619-4591-a47f-817e1133ca86/none_v3" "tx6f45e55857cc468fa369b-0069bb700d" "proxy-server 101374" 0.0262 "-" 100257 0
Mar 18 23:39:57 np0005651379.novalocal proxy-server[101374]: ::1 ::1 19/Mar/2026/03/39/57 PUT /v1/AUTH_2c0dd7efa1e94d879bc5da8c6f19a646/gnocchi.3698d73d-1619-4591-a47f-817e1133ca86/none_v3 HTTP/1.0 201 - python-swiftclient-4.8.0 gAAAAABpu2_xITFz... 43 - - tx6f45e55857cc468fa369b-0069bb700d - 0.0391 - - 1773891597.740628481 1773891597.779752493 0 e61d2c26cb6146fb88642c1126e377de
Mar 18 23:39:57 np0005651379.novalocal object-server[100257]: ::1 - - [19/Mar/2026:03:39:57 +0000] "GET /3/147940/AUTH_2c0dd7efa1e94d879bc5da8c6f19a646/gnocchi.d65168d0-f14b-42ad-9b0a-26e6819d858d/none_v3" 200 22 "GET https://[::1]:8080/v1/AUTH_2c0dd7efa1e94d879bc5da8c6f19a646/gnocchi.d65168d0-f14b-42ad-9b0a-26e6819d858d/none_v3" "tx6995eeb6c361427894113-0069bb700d" "proxy-server 101374" 0.0011 "-" 100257 0
Mar 18 23:39:57 np0005651379.novalocal proxy-server[101374]: ::1 ::1 19/Mar/2026/03/39/57 GET /v1/AUTH_2c0dd7efa1e94d879bc5da8c6f19a646/gnocchi.d65168d0-f14b-42ad-9b0a-26e6819d858d/none_v3 HTTP/1.0 200 - python-swiftclient-4.8.0 gAAAAABpu2_xITFz... - 22 - tx6995eeb6c361427894113-0069bb700d - 0.0090 - - 1773891597.793731213 1773891597.802754641 0 e61d2c26cb6146fb88642c1126e377de
Mar 18 23:39:57 np0005651379.novalocal container-server[99867]: ::1 - - [19/Mar/2026:03:39:57 +0000] "GET /2/103571/AUTH_2c0dd7efa1e94d879bc5da8c6f19a646/gnocchi.d65168d0-f14b-42ad-9b0a-26e6819d858d" 200 357 "GET https://[::1]:8080/v1/AUTH_2c0dd7efa1e94d879bc5da8c6f19a646/gnocchi.d65168d0-f14b-42ad-9b0a-26e6819d858d?format=json&states=listing" "txab7a9579153f4c18a67ac-0069bb700d" "proxy-server 101374" 0.0020 "-" 99867 0
Mar 18 23:39:57 np0005651379.novalocal proxy-server[101374]: ::1 ::1 19/Mar/2026/03/39/57 GET /v1/AUTH_2c0dd7efa1e94d879bc5da8c6f19a646/gnocchi.d65168d0-f14b-42ad-9b0a-26e6819d858d%3Fformat%3Djson%26states%3Dlisting HTTP/1.0 200 - python-swiftclient-4.8.0 gAAAAABpu2_xITFz... - 357 - txab7a9579153f4c18a67ac-0069bb700d - 0.0071 - - 1773891597.805325985 1773891597.812457800 0 e61d2c26cb6146fb88642c1126e377de
Mar 18 23:39:57 np0005651379.novalocal container-server[99868]: ::1 - - [19/Mar/2026:03:39:57 +0000] "GET /1/103571/AUTH_2c0dd7efa1e94d879bc5da8c6f19a646/gnocchi.d65168d0-f14b-42ad-9b0a-26e6819d858d" 200 2 "GET https://[::1]:8080/v1/AUTH_2c0dd7efa1e94d879bc5da8c6f19a646/gnocchi.d65168d0-f14b-42ad-9b0a-26e6819d858d?format=json&marker=none_v3&states=listing" "tx4e7afe63c40241439db7c-0069bb700d" "proxy-server 101374" 0.0038 "-" 99868 0
Mar 18 23:39:57 np0005651379.novalocal proxy-server[101374]: ::1 ::1 19/Mar/2026/03/39/57 GET /v1/AUTH_2c0dd7efa1e94d879bc5da8c6f19a646/gnocchi.d65168d0-f14b-42ad-9b0a-26e6819d858d%3Fformat%3Djson%26marker%3Dnone_v3%26states%3Dlisting HTTP/1.0 200 - python-swiftclient-4.8.0 gAAAAABpu2_xITFz... - 2 - tx4e7afe63c40241439db7c-0069bb700d - 0.0091 - - 1773891597.814275742 1773891597.823386669 0 e61d2c26cb6146fb88642c1126e377de
Mar 18 23:39:57 np0005651379.novalocal object-server[100257]: ::1 - - [19/Mar/2026:03:39:57 +0000] "GET /1/89244/AUTH_2c0dd7efa1e94d879bc5da8c6f19a646/gnocchi.d65168d0-f14b-42ad-9b0a-26e6819d858d/1773360000.0_mean_300.0_v3" 200 16 "GET https://[::1]:8080/v1/AUTH_2c0dd7efa1e94d879bc5da8c6f19a646/gnocchi.d65168d0-f14b-42ad-9b0a-26e6819d858d/1773360000.0_mean_300.0_v3" "txaf9d9bba26a04fa797b72-0069bb700d" "proxy-server 101374" 0.0011 "-" 100257 0
Mar 18 23:39:57 np0005651379.novalocal dnsmasq-dhcp[107491]: DHCPDISCOVER(tapc6f8c11d-94) fa:16:3e:59:ab:2c
Mar 18 23:39:57 np0005651379.novalocal dnsmasq-dhcp[107491]: DHCPOFFER(tapc6f8c11d-94) 10.100.0.10 fa:16:3e:59:ab:2c
Mar 18 23:39:57 np0005651379.novalocal proxy-server[101374]: ::1 ::1 19/Mar/2026/03/39/57 GET /v1/AUTH_2c0dd7efa1e94d879bc5da8c6f19a646/gnocchi.d65168d0-f14b-42ad-9b0a-26e6819d858d/1773360000.0_mean_300.0_v3 HTTP/1.0 200 - python-swiftclient-4.8.0 gAAAAABpu2_xITFz... - 16 - txaf9d9bba26a04fa797b72-0069bb700d - 0.0128 - - 1773891597.825654984 1773891597.838417768 0 e61d2c26cb6146fb88642c1126e377de
Mar 18 23:39:57 np0005651379.novalocal dnsmasq-dhcp[107491]: DHCPREQUEST(tapc6f8c11d-94) 10.100.0.10 fa:16:3e:59:ab:2c
Mar 18 23:39:57 np0005651379.novalocal dnsmasq-dhcp[107491]: DHCPACK(tapc6f8c11d-94) 10.100.0.10 fa:16:3e:59:ab:2c host-10-100-0-10
Mar 18 23:39:57 np0005651379.novalocal container-server[99867]: ::1 - - [19/Mar/2026:03:39:57 +0000] "PUT /1/103571/AUTH_2c0dd7efa1e94d879bc5da8c6f19a646/gnocchi.d65168d0-f14b-42ad-9b0a-26e6819d858d/1773360000.0_mean_300.0_v3" 201 - "PUT http://[::1]:8080/1/89244/AUTH_2c0dd7efa1e94d879bc5da8c6f19a646/gnocchi.d65168d0-f14b-42ad-9b0a-26e6819d858d/1773360000.0_mean_300.0_v3" "tx9e051d1e8e9344e7ae456-0069bb700d" "object-server 100256" 0.0005 "-" 99867 0
Mar 18 23:39:57 np0005651379.novalocal object-server[100256]: ::1 - - [19/Mar/2026:03:39:57 +0000] "PUT /1/89244/AUTH_2c0dd7efa1e94d879bc5da8c6f19a646/gnocchi.d65168d0-f14b-42ad-9b0a-26e6819d858d/1773360000.0_mean_300.0_v3" 201 - "PUT https://[::1]:8080/v1/AUTH_2c0dd7efa1e94d879bc5da8c6f19a646/gnocchi.d65168d0-f14b-42ad-9b0a-26e6819d858d/1773360000.0_mean_300.0_v3" "tx9e051d1e8e9344e7ae456-0069bb700d" "proxy-server 101374" 0.0169 "-" 100256 0
Mar 18 23:39:57 np0005651379.novalocal container-server[99868]: ::1 - - [19/Mar/2026:03:39:57 +0000] "PUT /2/103571/AUTH_2c0dd7efa1e94d879bc5da8c6f19a646/gnocchi.d65168d0-f14b-42ad-9b0a-26e6819d858d/1773360000.0_mean_300.0_v3" 201 - "PUT http://[::1]:8080/3/89244/AUTH_2c0dd7efa1e94d879bc5da8c6f19a646/gnocchi.d65168d0-f14b-42ad-9b0a-26e6819d858d/1773360000.0_mean_300.0_v3" "tx9e051d1e8e9344e7ae456-0069bb700d" "object-server 100256" 0.0059 "-" 99868 0
Mar 18 23:39:57 np0005651379.novalocal object-server[100256]: ::1 - - [19/Mar/2026:03:39:57 +0000] "PUT /3/89244/AUTH_2c0dd7efa1e94d879bc5da8c6f19a646/gnocchi.d65168d0-f14b-42ad-9b0a-26e6819d858d/1773360000.0_mean_300.0_v3" 201 - "PUT https://[::1]:8080/v1/AUTH_2c0dd7efa1e94d879bc5da8c6f19a646/gnocchi.d65168d0-f14b-42ad-9b0a-26e6819d858d/1773360000.0_mean_300.0_v3" "tx9e051d1e8e9344e7ae456-0069bb700d" "proxy-server 101374" 0.0219 "-" 100256 0
Mar 18 23:39:57 np0005651379.novalocal container-server[99868]: ::1 - - [19/Mar/2026:03:39:57 +0000] "PUT /3/103571/AUTH_2c0dd7efa1e94d879bc5da8c6f19a646/gnocchi.d65168d0-f14b-42ad-9b0a-26e6819d858d/1773360000.0_mean_300.0_v3" 201 - "PUT http://[::1]:8080/2/89244/AUTH_2c0dd7efa1e94d879bc5da8c6f19a646/gnocchi.d65168d0-f14b-42ad-9b0a-26e6819d858d/1773360000.0_mean_300.0_v3" "tx9e051d1e8e9344e7ae456-0069bb700d" "object-server 100257" 0.0005 "-" 99868 0
Mar 18 23:39:57 np0005651379.novalocal object-server[100257]: ::1 - - [19/Mar/2026:03:39:57 +0000] "PUT /2/89244/AUTH_2c0dd7efa1e94d879bc5da8c6f19a646/gnocchi.d65168d0-f14b-42ad-9b0a-26e6819d858d/1773360000.0_mean_300.0_v3" 201 - "PUT https://[::1]:8080/v1/AUTH_2c0dd7efa1e94d879bc5da8c6f19a646/gnocchi.d65168d0-f14b-42ad-9b0a-26e6819d858d/1773360000.0_mean_300.0_v3" "tx9e051d1e8e9344e7ae456-0069bb700d" "proxy-server 101374" 0.0226 "-" 100257 0
Mar 18 23:39:57 np0005651379.novalocal proxy-server[101374]: ::1 ::1 19/Mar/2026/03/39/57 PUT /v1/AUTH_2c0dd7efa1e94d879bc5da8c6f19a646/gnocchi.d65168d0-f14b-42ad-9b0a-26e6819d858d/1773360000.0_mean_300.0_v3 HTTP/1.0 201 - python-swiftclient-4.8.0 gAAAAABpu2_xITFz... 16 - - tx9e051d1e8e9344e7ae456-0069bb700d - 0.0312 - - 1773891597.840249538 1773891597.871477604 0 e61d2c26cb6146fb88642c1126e377de
Mar 18 23:39:57 np0005651379.novalocal container-server[99868]: ::1 - - [19/Mar/2026:03:39:57 +0000] "PUT /2/103571/AUTH_2c0dd7efa1e94d879bc5da8c6f19a646/gnocchi.d65168d0-f14b-42ad-9b0a-26e6819d858d/none_v3" 201 - "PUT http://[::1]:8080/1/147940/AUTH_2c0dd7efa1e94d879bc5da8c6f19a646/gnocchi.d65168d0-f14b-42ad-9b0a-26e6819d858d/none_v3" "tx3b2d5522b78b4050bae41-0069bb700d" "object-server 100256" 0.0005 "-" 99868 0
Mar 18 23:39:57 np0005651379.novalocal object-server[100256]: ::1 - - [19/Mar/2026:03:39:57 +0000] "PUT /1/147940/AUTH_2c0dd7efa1e94d879bc5da8c6f19a646/gnocchi.d65168d0-f14b-42ad-9b0a-26e6819d858d/none_v3" 201 - "PUT https://[::1]:8080/v1/AUTH_2c0dd7efa1e94d879bc5da8c6f19a646/gnocchi.d65168d0-f14b-42ad-9b0a-26e6819d858d/none_v3" "tx3b2d5522b78b4050bae41-0069bb700d" "proxy-server 101374" 0.0146 "-" 100256 0
Mar 18 23:39:57 np0005651379.novalocal container-server[99867]: ::1 - - [19/Mar/2026:03:39:57 +0000] "PUT /3/103571/AUTH_2c0dd7efa1e94d879bc5da8c6f19a646/gnocchi.d65168d0-f14b-42ad-9b0a-26e6819d858d/none_v3" 201 - "PUT http://[::1]:8080/3/147940/AUTH_2c0dd7efa1e94d879bc5da8c6f19a646/gnocchi.d65168d0-f14b-42ad-9b0a-26e6819d858d/none_v3" "tx3b2d5522b78b4050bae41-0069bb700d" "object-server 100257" 0.0003 "-" 99867 0
Mar 18 23:39:57 np0005651379.novalocal container-server[99867]: ::1 - - [19/Mar/2026:03:39:57 +0000] "PUT /1/103571/AUTH_2c0dd7efa1e94d879bc5da8c6f19a646/gnocchi.d65168d0-f14b-42ad-9b0a-26e6819d858d/none_v3" 201 - "PUT http://[::1]:8080/2/147940/AUTH_2c0dd7efa1e94d879bc5da8c6f19a646/gnocchi.d65168d0-f14b-42ad-9b0a-26e6819d858d/none_v3" "tx3b2d5522b78b4050bae41-0069bb700d" "object-server 100257" 0.0002 "-" 99867 0
Mar 18 23:39:57 np0005651379.novalocal object-server[100257]: ::1 - - [19/Mar/2026:03:39:57 +0000] "PUT /3/147940/AUTH_2c0dd7efa1e94d879bc5da8c6f19a646/gnocchi.d65168d0-f14b-42ad-9b0a-26e6819d858d/none_v3" 201 - "PUT https://[::1]:8080/v1/AUTH_2c0dd7efa1e94d879bc5da8c6f19a646/gnocchi.d65168d0-f14b-42ad-9b0a-26e6819d858d/none_v3" "tx3b2d5522b78b4050bae41-0069bb700d" "proxy-server 101374" 0.0174 "-" 100257 0
Mar 18 23:39:57 np0005651379.novalocal object-server[100257]: ::1 - - [19/Mar/2026:03:39:57 +0000] "PUT /2/147940/AUTH_2c0dd7efa1e94d879bc5da8c6f19a646/gnocchi.d65168d0-f14b-42ad-9b0a-26e6819d858d/none_v3" 201 - "PUT https://[::1]:8080/v1/AUTH_2c0dd7efa1e94d879bc5da8c6f19a646/gnocchi.d65168d0-f14b-42ad-9b0a-26e6819d858d/none_v3" "tx3b2d5522b78b4050bae41-0069bb700d" "proxy-server 101374" 0.0157 "-" 100257 0
Mar 18 23:39:57 np0005651379.novalocal proxy-server[101374]: ::1 ::1 19/Mar/2026/03/39/57 PUT /v1/AUTH_2c0dd7efa1e94d879bc5da8c6f19a646/gnocchi.d65168d0-f14b-42ad-9b0a-26e6819d858d/none_v3 HTTP/1.0 201 - python-swiftclient-4.8.0 gAAAAABpu2_xITFz... 32 - - tx3b2d5522b78b4050bae41-0069bb700d - 0.0260 - - 1773891597.873285770 1773891597.899270058 0 e61d2c26cb6146fb88642c1126e377de
Mar 18 23:39:57 np0005651379.novalocal object-server[100257]: ::1 - - [19/Mar/2026:03:39:57 +0000] "GET /3/66085/AUTH_2c0dd7efa1e94d879bc5da8c6f19a646/gnocchi.da068fe9-7b7f-4576-9011-60547dbb118e/none_v3" 200 45 "GET https://[::1]:8080/v1/AUTH_2c0dd7efa1e94d879bc5da8c6f19a646/gnocchi.da068fe9-7b7f-4576-9011-60547dbb118e/none_v3" "txee47b27a102c4cf98cf23-0069bb700d" "proxy-server 101374" 0.0009 "-" 100257 0
Mar 18 23:39:57 np0005651379.novalocal proxy-server[101374]: ::1 ::1 19/Mar/2026/03/39/57 GET /v1/AUTH_2c0dd7efa1e94d879bc5da8c6f19a646/gnocchi.da068fe9-7b7f-4576-9011-60547dbb118e/none_v3 HTTP/1.0 200 - python-swiftclient-4.8.0 gAAAAABpu2_xITFz... - 45 - txee47b27a102c4cf98cf23-0069bb700d - 0.0063 - - 1773891597.906075478 1773891597.912374973 0 e61d2c26cb6146fb88642c1126e377de
Mar 18 23:39:57 np0005651379.novalocal container-server[99867]: ::1 - - [19/Mar/2026:03:39:57 +0000] "GET /2/253666/AUTH_2c0dd7efa1e94d879bc5da8c6f19a646/gnocchi.da068fe9-7b7f-4576-9011-60547dbb118e" 200 357 "GET https://[::1]:8080/v1/AUTH_2c0dd7efa1e94d879bc5da8c6f19a646/gnocchi.da068fe9-7b7f-4576-9011-60547dbb118e?format=json&states=listing" "txc4bd16f862fd4a8ca4b95-0069bb700d" "proxy-server 101374" 0.0052 "-" 99867 0
Mar 18 23:39:57 np0005651379.novalocal proxy-server[101374]: ::1 ::1 19/Mar/2026/03/39/57 GET /v1/AUTH_2c0dd7efa1e94d879bc5da8c6f19a646/gnocchi.da068fe9-7b7f-4576-9011-60547dbb118e%3Fformat%3Djson%26states%3Dlisting HTTP/1.0 200 - python-swiftclient-4.8.0 gAAAAABpu2_xITFz... - 357 - txc4bd16f862fd4a8ca4b95-0069bb700d - 0.0102 - - 1773891597.914518833 1773891597.924723148 0 e61d2c26cb6146fb88642c1126e377de
Mar 18 23:39:57 np0005651379.novalocal container-server[99868]: ::1 - - [19/Mar/2026:03:39:57 +0000] "GET /2/253666/AUTH_2c0dd7efa1e94d879bc5da8c6f19a646/gnocchi.da068fe9-7b7f-4576-9011-60547dbb118e" 200 2 "GET https://[::1]:8080/v1/AUTH_2c0dd7efa1e94d879bc5da8c6f19a646/gnocchi.da068fe9-7b7f-4576-9011-60547dbb118e?format=json&marker=none_v3&states=listing" "txd9dc5178b3934ec7aebb0-0069bb700d" "proxy-server 101374" 0.0033 "-" 99868 0
Mar 18 23:39:57 np0005651379.novalocal proxy-server[101374]: ::1 ::1 19/Mar/2026/03/39/57 GET /v1/AUTH_2c0dd7efa1e94d879bc5da8c6f19a646/gnocchi.da068fe9-7b7f-4576-9011-60547dbb118e%3Fformat%3Djson%26marker%3Dnone_v3%26states%3Dlisting HTTP/1.0 200 - python-swiftclient-4.8.0 gAAAAABpu2_xITFz... - 2 - txd9dc5178b3934ec7aebb0-0069bb700d - 0.0084 - - 1773891597.926733971 1773891597.935117722 0 e61d2c26cb6146fb88642c1126e377de
Mar 18 23:39:57 np0005651379.novalocal object-server[100256]: ::1 - - [19/Mar/2026:03:39:57 +0000] "GET /3/149556/AUTH_2c0dd7efa1e94d879bc5da8c6f19a646/gnocchi.da068fe9-7b7f-4576-9011-60547dbb118e/1773360000.0_mean_300.0_v3" 200 16 "GET https://[::1]:8080/v1/AUTH_2c0dd7efa1e94d879bc5da8c6f19a646/gnocchi.da068fe9-7b7f-4576-9011-60547dbb118e/1773360000.0_mean_300.0_v3" "tx9dc679569cdc43368fa73-0069bb700d" "proxy-server 101374" 0.0011 "-" 100256 0
Mar 18 23:39:57 np0005651379.novalocal proxy-server[101374]: ::1 ::1 19/Mar/2026/03/39/57 GET /v1/AUTH_2c0dd7efa1e94d879bc5da8c6f19a646/gnocchi.da068fe9-7b7f-4576-9011-60547dbb118e/1773360000.0_mean_300.0_v3 HTTP/1.0 200 - python-swiftclient-4.8.0 gAAAAABpu2_xITFz... - 16 - tx9dc679569cdc43368fa73-0069bb700d - 0.0062 - - 1773891597.937327385 1773891597.943504095 0 e61d2c26cb6146fb88642c1126e377de
Mar 18 23:39:57 np0005651379.novalocal container-server[99868]: ::1 - - [19/Mar/2026:03:39:57 +0000] "PUT /1/253666/AUTH_2c0dd7efa1e94d879bc5da8c6f19a646/gnocchi.da068fe9-7b7f-4576-9011-60547dbb118e/1773360000.0_mean_300.0_v3" 201 - "PUT http://[::1]:8080/3/149556/AUTH_2c0dd7efa1e94d879bc5da8c6f19a646/gnocchi.da068fe9-7b7f-4576-9011-60547dbb118e/1773360000.0_mean_300.0_v3" "txf58cc7907eae496ba1824-0069bb700d" "object-server 100256" 0.0006 "-" 99868 0
Mar 18 23:39:57 np0005651379.novalocal object-server[100256]: ::1 - - [19/Mar/2026:03:39:57 +0000] "PUT /3/149556/AUTH_2c0dd7efa1e94d879bc5da8c6f19a646/gnocchi.da068fe9-7b7f-4576-9011-60547dbb118e/1773360000.0_mean_300.0_v3" 201 - "PUT https://[::1]:8080/v1/AUTH_2c0dd7efa1e94d879bc5da8c6f19a646/gnocchi.da068fe9-7b7f-4576-9011-60547dbb118e/1773360000.0_mean_300.0_v3" "txf58cc7907eae496ba1824-0069bb700d" "proxy-server 101374" 0.0160 "-" 100256 0
Mar 18 23:39:57 np0005651379.novalocal container-server[99867]: ::1 - - [19/Mar/2026:03:39:57 +0000] "PUT /3/253666/AUTH_2c0dd7efa1e94d879bc5da8c6f19a646/gnocchi.da068fe9-7b7f-4576-9011-60547dbb118e/1773360000.0_mean_300.0_v3" 201 - "PUT http://[::1]:8080/1/149556/AUTH_2c0dd7efa1e94d879bc5da8c6f19a646/gnocchi.da068fe9-7b7f-4576-9011-60547dbb118e/1773360000.0_mean_300.0_v3" "txf58cc7907eae496ba1824-0069bb700d" "object-server 100257" 0.0004 "-" 99867 0
Mar 18 23:39:57 np0005651379.novalocal container-server[99867]: ::1 - - [19/Mar/2026:03:39:57 +0000] "PUT /2/253666/AUTH_2c0dd7efa1e94d879bc5da8c6f19a646/gnocchi.da068fe9-7b7f-4576-9011-60547dbb118e/1773360000.0_mean_300.0_v3" 201 - "PUT http://[::1]:8080/2/149556/AUTH_2c0dd7efa1e94d879bc5da8c6f19a646/gnocchi.da068fe9-7b7f-4576-9011-60547dbb118e/1773360000.0_mean_300.0_v3" "txf58cc7907eae496ba1824-0069bb700d" "object-server 100257" 0.0003 "-" 99867 0
Mar 18 23:39:57 np0005651379.novalocal object-server[100257]: ::1 - - [19/Mar/2026:03:39:57 +0000] "PUT /1/149556/AUTH_2c0dd7efa1e94d879bc5da8c6f19a646/gnocchi.da068fe9-7b7f-4576-9011-60547dbb118e/1773360000.0_mean_300.0_v3" 201 - "PUT https://[::1]:8080/v1/AUTH_2c0dd7efa1e94d879bc5da8c6f19a646/gnocchi.da068fe9-7b7f-4576-9011-60547dbb118e/1773360000.0_mean_300.0_v3" "txf58cc7907eae496ba1824-0069bb700d" "proxy-server 101374" 0.0154 "-" 100257 0
Mar 18 23:39:57 np0005651379.novalocal object-server[100257]: ::1 - - [19/Mar/2026:03:39:57 +0000] "PUT /2/149556/AUTH_2c0dd7efa1e94d879bc5da8c6f19a646/gnocchi.da068fe9-7b7f-4576-9011-60547dbb118e/1773360000.0_mean_300.0_v3" 201 - "PUT https://[::1]:8080/v1/AUTH_2c0dd7efa1e94d879bc5da8c6f19a646/gnocchi.da068fe9-7b7f-4576-9011-60547dbb118e/1773360000.0_mean_300.0_v3" "txf58cc7907eae496ba1824-0069bb700d" "proxy-server 101374" 0.0197 "-" 100257 0
Mar 18 23:39:57 np0005651379.novalocal proxy-server[101374]: ::1 ::1 19/Mar/2026/03/39/57 PUT /v1/AUTH_2c0dd7efa1e94d879bc5da8c6f19a646/gnocchi.da068fe9-7b7f-4576-9011-60547dbb118e/1773360000.0_mean_300.0_v3 HTTP/1.0 201 - python-swiftclient-4.8.0 gAAAAABpu2_xITFz... 16 - - txf58cc7907eae496ba1824-0069bb700d - 0.0270 - - 1773891597.945289373 1773891597.972269773 0 e61d2c26cb6146fb88642c1126e377de
Mar 18 23:39:57 np0005651379.novalocal container-server[99867]: ::1 - - [19/Mar/2026:03:39:57 +0000] "PUT /3/253666/AUTH_2c0dd7efa1e94d879bc5da8c6f19a646/gnocchi.da068fe9-7b7f-4576-9011-60547dbb118e/none_v3" 201 - "PUT http://[::1]:8080/2/66085/AUTH_2c0dd7efa1e94d879bc5da8c6f19a646/gnocchi.da068fe9-7b7f-4576-9011-60547dbb118e/none_v3" "tx22817e31d0f44e478599b-0069bb700d" "object-server 100256" 0.0003 "-" 99867 0
Mar 18 23:39:57 np0005651379.novalocal object-server[100256]: ::1 - - [19/Mar/2026:03:39:57 +0000] "PUT /2/66085/AUTH_2c0dd7efa1e94d879bc5da8c6f19a646/gnocchi.da068fe9-7b7f-4576-9011-60547dbb118e/none_v3" 201 - "PUT https://[::1]:8080/v1/AUTH_2c0dd7efa1e94d879bc5da8c6f19a646/gnocchi.da068fe9-7b7f-4576-9011-60547dbb118e/none_v3" "tx22817e31d0f44e478599b-0069bb700d" "proxy-server 101374" 0.0108 "-" 100256 0
Mar 18 23:39:57 np0005651379.novalocal container-server[99868]: ::1 - - [19/Mar/2026:03:39:57 +0000] "PUT /2/253666/AUTH_2c0dd7efa1e94d879bc5da8c6f19a646/gnocchi.da068fe9-7b7f-4576-9011-60547dbb118e/none_v3" 201 - "PUT http://[::1]:8080/1/66085/AUTH_2c0dd7efa1e94d879bc5da8c6f19a646/gnocchi.da068fe9-7b7f-4576-9011-60547dbb118e/none_v3" "tx22817e31d0f44e478599b-0069bb700d" "object-server 100257" 0.0006 "-" 99868 0
Mar 18 23:39:57 np0005651379.novalocal object-server[100257]: ::1 - - [19/Mar/2026:03:39:57 +0000] "PUT /1/66085/AUTH_2c0dd7efa1e94d879bc5da8c6f19a646/gnocchi.da068fe9-7b7f-4576-9011-60547dbb118e/none_v3" 201 - "PUT https://[::1]:8080/v1/AUTH_2c0dd7efa1e94d879bc5da8c6f19a646/gnocchi.da068fe9-7b7f-4576-9011-60547dbb118e/none_v3" "tx22817e31d0f44e478599b-0069bb700d" "proxy-server 101374" 0.0129 "-" 100257 0
Mar 18 23:39:57 np0005651379.novalocal container-server[99867]: ::1 - - [19/Mar/2026:03:39:57 +0000] "PUT /1/253666/AUTH_2c0dd7efa1e94d879bc5da8c6f19a646/gnocchi.da068fe9-7b7f-4576-9011-60547dbb118e/none_v3" 201 - "PUT http://[::1]:8080/3/66085/AUTH_2c0dd7efa1e94d879bc5da8c6f19a646/gnocchi.da068fe9-7b7f-4576-9011-60547dbb118e/none_v3" "tx22817e31d0f44e478599b-0069bb700d" "object-server 100257" 0.0003 "-" 99867 0
Mar 18 23:39:57 np0005651379.novalocal object-server[100257]: ::1 - - [19/Mar/2026:03:39:57 +0000] "PUT /3/66085/AUTH_2c0dd7efa1e94d879bc5da8c6f19a646/gnocchi.da068fe9-7b7f-4576-9011-60547dbb118e/none_v3" 201 - "PUT https://[::1]:8080/v1/AUTH_2c0dd7efa1e94d879bc5da8c6f19a646/gnocchi.da068fe9-7b7f-4576-9011-60547dbb118e/none_v3" "tx22817e31d0f44e478599b-0069bb700d" "proxy-server 101374" 0.0172 "-" 100257 0
Mar 18 23:39:57 np0005651379.novalocal proxy-server[101374]: ::1 ::1 19/Mar/2026/03/39/57 PUT /v1/AUTH_2c0dd7efa1e94d879bc5da8c6f19a646/gnocchi.da068fe9-7b7f-4576-9011-60547dbb118e/none_v3 HTTP/1.0 201 - python-swiftclient-4.8.0 gAAAAABpu2_xITFz... 49 - - tx22817e31d0f44e478599b-0069bb700d - 0.0246 - - 1773891597.974022388 1773891597.998588085 0 e61d2c26cb6146fb88642c1126e377de
Mar 18 23:39:58 np0005651379.novalocal object-server[100257]: ::1 - - [19/Mar/2026:03:39:58 +0000] "GET /2/148405/AUTH_2c0dd7efa1e94d879bc5da8c6f19a646/gnocchi.e37f1257-8e60-4ff0-84eb-2cf00963f994/none_v3" 200 22 "GET https://[::1]:8080/v1/AUTH_2c0dd7efa1e94d879bc5da8c6f19a646/gnocchi.e37f1257-8e60-4ff0-84eb-2cf00963f994/none_v3" "tx470e4a98e9a74dda8f9a4-0069bb700e" "proxy-server 101374" 0.0009 "-" 100257 0
Mar 18 23:39:58 np0005651379.novalocal proxy-server[101374]: ::1 ::1 19/Mar/2026/03/39/58 GET /v1/AUTH_2c0dd7efa1e94d879bc5da8c6f19a646/gnocchi.e37f1257-8e60-4ff0-84eb-2cf00963f994/none_v3 HTTP/1.0 200 - python-swiftclient-4.8.0 gAAAAABpu2_xITFz... - 22 - tx470e4a98e9a74dda8f9a4-0069bb700e - 0.0058 - - 1773891598.008016825 1773891598.013866663 0 e61d2c26cb6146fb88642c1126e377de
Mar 18 23:39:58 np0005651379.novalocal container-server[99867]: ::1 - - [19/Mar/2026:03:39:58 +0000] "GET /1/245876/AUTH_2c0dd7efa1e94d879bc5da8c6f19a646/gnocchi.e37f1257-8e60-4ff0-84eb-2cf00963f994" 200 357 "GET https://[::1]:8080/v1/AUTH_2c0dd7efa1e94d879bc5da8c6f19a646/gnocchi.e37f1257-8e60-4ff0-84eb-2cf00963f994?format=json&states=listing" "tx828d7b308a5045a6a15f6-0069bb700e" "proxy-server 101374" 0.0018 "-" 99867 0
Mar 18 23:39:58 np0005651379.novalocal proxy-server[101374]: ::1 ::1 19/Mar/2026/03/39/58 GET /v1/AUTH_2c0dd7efa1e94d879bc5da8c6f19a646/gnocchi.e37f1257-8e60-4ff0-84eb-2cf00963f994%3Fformat%3Djson%26states%3Dlisting HTTP/1.0 200 - python-swiftclient-4.8.0 gAAAAABpu2_xITFz... - 357 - tx828d7b308a5045a6a15f6-0069bb700e - 0.0078 - - 1773891598.015915632 1773891598.023671865 0 e61d2c26cb6146fb88642c1126e377de
Mar 18 23:39:58 np0005651379.novalocal container-server[99867]: ::1 - - [19/Mar/2026:03:39:58 +0000] "GET /3/245876/AUTH_2c0dd7efa1e94d879bc5da8c6f19a646/gnocchi.e37f1257-8e60-4ff0-84eb-2cf00963f994" 200 2 "GET https://[::1]:8080/v1/AUTH_2c0dd7efa1e94d879bc5da8c6f19a646/gnocchi.e37f1257-8e60-4ff0-84eb-2cf00963f994?format=json&marker=none_v3&states=listing" "tx9ffe6cd992734be493a31-0069bb700e" "proxy-server 101374" 0.0015 "-" 99867 0
Mar 18 23:39:58 np0005651379.novalocal proxy-server[101374]: ::1 ::1 19/Mar/2026/03/39/58 GET /v1/AUTH_2c0dd7efa1e94d879bc5da8c6f19a646/gnocchi.e37f1257-8e60-4ff0-84eb-2cf00963f994%3Fformat%3Djson%26marker%3Dnone_v3%26states%3Dlisting HTTP/1.0 200 - python-swiftclient-4.8.0 gAAAAABpu2_xITFz... - 2 - tx9ffe6cd992734be493a31-0069bb700e - 0.0058 - - 1773891598.025655270 1773891598.031462193 0 e61d2c26cb6146fb88642c1126e377de
Mar 18 23:39:58 np0005651379.novalocal object-server[100257]: ::1 - - [19/Mar/2026:03:39:58 +0000] "GET /3/64561/AUTH_2c0dd7efa1e94d879bc5da8c6f19a646/gnocchi.e37f1257-8e60-4ff0-84eb-2cf00963f994/1773360000.0_mean_300.0_v3" 200 16 "GET https://[::1]:8080/v1/AUTH_2c0dd7efa1e94d879bc5da8c6f19a646/gnocchi.e37f1257-8e60-4ff0-84eb-2cf00963f994/1773360000.0_mean_300.0_v3" "txce6910a1781041178cc90-0069bb700e" "proxy-server 101374" 0.0012 "-" 100257 0
Mar 18 23:39:58 np0005651379.novalocal proxy-server[101374]: ::1 ::1 19/Mar/2026/03/39/58 GET /v1/AUTH_2c0dd7efa1e94d879bc5da8c6f19a646/gnocchi.e37f1257-8e60-4ff0-84eb-2cf00963f994/1773360000.0_mean_300.0_v3 HTTP/1.0 200 - python-swiftclient-4.8.0 gAAAAABpu2_xITFz... - 16 - txce6910a1781041178cc90-0069bb700e - 0.0078 - - 1773891598.033758402 1773891598.041530609 0 e61d2c26cb6146fb88642c1126e377de
Mar 18 23:39:58 np0005651379.novalocal container-server[99867]: ::1 - - [19/Mar/2026:03:39:58 +0000] "PUT /3/245876/AUTH_2c0dd7efa1e94d879bc5da8c6f19a646/gnocchi.e37f1257-8e60-4ff0-84eb-2cf00963f994/1773360000.0_mean_300.0_v3" 201 - "PUT http://[::1]:8080/1/64561/AUTH_2c0dd7efa1e94d879bc5da8c6f19a646/gnocchi.e37f1257-8e60-4ff0-84eb-2cf00963f994/1773360000.0_mean_300.0_v3" "txf2ecd1ab3d2b49f0ba5af-0069bb700e" "object-server 100257" 0.0005 "-" 99867 0
Mar 18 23:39:58 np0005651379.novalocal object-server[100257]: ::1 - - [19/Mar/2026:03:39:58 +0000] "PUT /1/64561/AUTH_2c0dd7efa1e94d879bc5da8c6f19a646/gnocchi.e37f1257-8e60-4ff0-84eb-2cf00963f994/1773360000.0_mean_300.0_v3" 201 - "PUT https://[::1]:8080/v1/AUTH_2c0dd7efa1e94d879bc5da8c6f19a646/gnocchi.e37f1257-8e60-4ff0-84eb-2cf00963f994/1773360000.0_mean_300.0_v3" "txf2ecd1ab3d2b49f0ba5af-0069bb700e" "proxy-server 101374" 0.0125 "-" 100257 0
Mar 18 23:39:58 np0005651379.novalocal container-server[99868]: ::1 - - [19/Mar/2026:03:39:58 +0000] "PUT /2/245876/AUTH_2c0dd7efa1e94d879bc5da8c6f19a646/gnocchi.e37f1257-8e60-4ff0-84eb-2cf00963f994/1773360000.0_mean_300.0_v3" 201 - "PUT http://[::1]:8080/3/64561/AUTH_2c0dd7efa1e94d879bc5da8c6f19a646/gnocchi.e37f1257-8e60-4ff0-84eb-2cf00963f994/1773360000.0_mean_300.0_v3" "txf2ecd1ab3d2b49f0ba5af-0069bb700e" "object-server 100256" 0.0008 "-" 99868 0
Mar 18 23:39:58 np0005651379.novalocal object-server[100256]: ::1 - - [19/Mar/2026:03:39:58 +0000] "PUT /3/64561/AUTH_2c0dd7efa1e94d879bc5da8c6f19a646/gnocchi.e37f1257-8e60-4ff0-84eb-2cf00963f994/1773360000.0_mean_300.0_v3" 201 - "PUT https://[::1]:8080/v1/AUTH_2c0dd7efa1e94d879bc5da8c6f19a646/gnocchi.e37f1257-8e60-4ff0-84eb-2cf00963f994/1773360000.0_mean_300.0_v3" "txf2ecd1ab3d2b49f0ba5af-0069bb700e" "proxy-server 101374" 0.0155 "-" 100256 0
Mar 18 23:39:58 np0005651379.novalocal container-server[99868]: ::1 - - [19/Mar/2026:03:39:58 +0000] "PUT /1/245876/AUTH_2c0dd7efa1e94d879bc5da8c6f19a646/gnocchi.e37f1257-8e60-4ff0-84eb-2cf00963f994/1773360000.0_mean_300.0_v3" 201 - "PUT http://[::1]:8080/2/64561/AUTH_2c0dd7efa1e94d879bc5da8c6f19a646/gnocchi.e37f1257-8e60-4ff0-84eb-2cf00963f994/1773360000.0_mean_300.0_v3" "txf2ecd1ab3d2b49f0ba5af-0069bb700e" "object-server 100257" 0.0006 "-" 99868 0
Mar 18 23:39:58 np0005651379.novalocal object-server[100257]: ::1 - - [19/Mar/2026:03:39:58 +0000] "PUT /2/64561/AUTH_2c0dd7efa1e94d879bc5da8c6f19a646/gnocchi.e37f1257-8e60-4ff0-84eb-2cf00963f994/1773360000.0_mean_300.0_v3" 201 - "PUT https://[::1]:8080/v1/AUTH_2c0dd7efa1e94d879bc5da8c6f19a646/gnocchi.e37f1257-8e60-4ff0-84eb-2cf00963f994/1773360000.0_mean_300.0_v3" "txf2ecd1ab3d2b49f0ba5af-0069bb700e" "proxy-server 101374" 0.0158 "-" 100257 0
Mar 18 23:39:58 np0005651379.novalocal proxy-server[101374]: ::1 ::1 19/Mar/2026/03/39/58 PUT /v1/AUTH_2c0dd7efa1e94d879bc5da8c6f19a646/gnocchi.e37f1257-8e60-4ff0-84eb-2cf00963f994/1773360000.0_mean_300.0_v3 HTTP/1.0 201 - python-swiftclient-4.8.0 gAAAAABpu2_xITFz... 16 - - txf2ecd1ab3d2b49f0ba5af-0069bb700e - 0.0313 - - 1773891598.045797110 1773891598.077079535 0 e61d2c26cb6146fb88642c1126e377de
Mar 18 23:39:58 np0005651379.novalocal container-server[99867]: ::1 - - [19/Mar/2026:03:39:58 +0000] "PUT /2/245876/AUTH_2c0dd7efa1e94d879bc5da8c6f19a646/gnocchi.e37f1257-8e60-4ff0-84eb-2cf00963f994/none_v3" 201 - "PUT http://[::1]:8080/2/148405/AUTH_2c0dd7efa1e94d879bc5da8c6f19a646/gnocchi.e37f1257-8e60-4ff0-84eb-2cf00963f994/none_v3" "tx4916b74807a748c4bfdd7-0069bb700e" "object-server 100256" 0.0006 "-" 99867 0
Mar 18 23:39:58 np0005651379.novalocal object-server[100256]: ::1 - - [19/Mar/2026:03:39:58 +0000] "PUT /2/148405/AUTH_2c0dd7efa1e94d879bc5da8c6f19a646/gnocchi.e37f1257-8e60-4ff0-84eb-2cf00963f994/none_v3" 201 - "PUT https://[::1]:8080/v1/AUTH_2c0dd7efa1e94d879bc5da8c6f19a646/gnocchi.e37f1257-8e60-4ff0-84eb-2cf00963f994/none_v3" "tx4916b74807a748c4bfdd7-0069bb700e" "proxy-server 101374" 0.0133 "-" 100256 0
Mar 18 23:39:58 np0005651379.novalocal container-server[99867]: ::1 - - [19/Mar/2026:03:39:58 +0000] "PUT /1/245876/AUTH_2c0dd7efa1e94d879bc5da8c6f19a646/gnocchi.e37f1257-8e60-4ff0-84eb-2cf00963f994/none_v3" 201 - "PUT http://[::1]:8080/1/148405/AUTH_2c0dd7efa1e94d879bc5da8c6f19a646/gnocchi.e37f1257-8e60-4ff0-84eb-2cf00963f994/none_v3" "tx4916b74807a748c4bfdd7-0069bb700e" "object-server 100257" 0.0006 "-" 99867 0
Mar 18 23:39:58 np0005651379.novalocal object-server[100257]: ::1 - - [19/Mar/2026:03:39:58 +0000] "PUT /1/148405/AUTH_2c0dd7efa1e94d879bc5da8c6f19a646/gnocchi.e37f1257-8e60-4ff0-84eb-2cf00963f994/none_v3" 201 - "PUT https://[::1]:8080/v1/AUTH_2c0dd7efa1e94d879bc5da8c6f19a646/gnocchi.e37f1257-8e60-4ff0-84eb-2cf00963f994/none_v3" "tx4916b74807a748c4bfdd7-0069bb700e" "proxy-server 101374" 0.0141 "-" 100257 0
Mar 18 23:39:58 np0005651379.novalocal container-server[99867]: ::1 - - [19/Mar/2026:03:39:58 +0000] "PUT /3/245876/AUTH_2c0dd7efa1e94d879bc5da8c6f19a646/gnocchi.e37f1257-8e60-4ff0-84eb-2cf00963f994/none_v3" 201 - "PUT http://[::1]:8080/3/148405/AUTH_2c0dd7efa1e94d879bc5da8c6f19a646/gnocchi.e37f1257-8e60-4ff0-84eb-2cf00963f994/none_v3" "tx4916b74807a748c4bfdd7-0069bb700e" "object-server 100257" 0.0007 "-" 99867 0
