Mar 18 23:41:00 np0005651379.novalocal object-server[100257]: ::1 - - [19/Mar/2026:03:41:00 +0000] "PUT /3/93532/AUTH_2c0dd7efa1e94d879bc5da8c6f19a646/gnocchi.6fb46633-20f1-4a2b-b1e4-b88749b91d1c/1773360000.0_rate%3Amean_300.0_v3" 201 - "PUT https://[::1]:8080/v1/AUTH_2c0dd7efa1e94d879bc5da8c6f19a646/gnocchi.6fb46633-20f1-4a2b-b1e4-b88749b91d1c/1773360000.0_rate%3Amean_300.0_v3" "tx7fc1febed1a84cb3a8c4f-0069bb704c" "proxy-server 101374" 0.0178 "-" 100257 0
Mar 18 23:41:00 np0005651379.novalocal container-server[99867]: ::1 - - [19/Mar/2026:03:41:00 +0000] "PUT /2/258317/AUTH_2c0dd7efa1e94d879bc5da8c6f19a646/gnocchi.6fb46633-20f1-4a2b-b1e4-b88749b91d1c/1773360000.0_rate%3Amean_300.0_v3" 201 - "PUT http://[::1]:8080/1/93532/AUTH_2c0dd7efa1e94d879bc5da8c6f19a646/gnocchi.6fb46633-20f1-4a2b-b1e4-b88749b91d1c/1773360000.0_rate%3Amean_300.0_v3" "tx7fc1febed1a84cb3a8c4f-0069bb704c" "object-server 100256" 0.0008 "-" 99867 0
Mar 18 23:41:00 np0005651379.novalocal object-server[100256]: ::1 - - [19/Mar/2026:03:41:00 +0000] "PUT /1/93532/AUTH_2c0dd7efa1e94d879bc5da8c6f19a646/gnocchi.6fb46633-20f1-4a2b-b1e4-b88749b91d1c/1773360000.0_rate%3Amean_300.0_v3" 201 - "PUT https://[::1]:8080/v1/AUTH_2c0dd7efa1e94d879bc5da8c6f19a646/gnocchi.6fb46633-20f1-4a2b-b1e4-b88749b91d1c/1773360000.0_rate%3Amean_300.0_v3" "tx7fc1febed1a84cb3a8c4f-0069bb704c" "proxy-server 101374" 0.0175 "-" 100256 0
Mar 18 23:41:00 np0005651379.novalocal container-server[99867]: ::1 - - [19/Mar/2026:03:41:00 +0000] "PUT /3/258317/AUTH_2c0dd7efa1e94d879bc5da8c6f19a646/gnocchi.6fb46633-20f1-4a2b-b1e4-b88749b91d1c/1773360000.0_rate%3Amean_300.0_v3" 201 - "PUT http://[::1]:8080/2/93532/AUTH_2c0dd7efa1e94d879bc5da8c6f19a646/gnocchi.6fb46633-20f1-4a2b-b1e4-b88749b91d1c/1773360000.0_rate%3Amean_300.0_v3" "tx7fc1febed1a84cb3a8c4f-0069bb704c" "object-server 100256" 0.0006 "-" 99867 0
Mar 18 23:41:00 np0005651379.novalocal object-server[100256]: ::1 - - [19/Mar/2026:03:41:00 +0000] "PUT /2/93532/AUTH_2c0dd7efa1e94d879bc5da8c6f19a646/gnocchi.6fb46633-20f1-4a2b-b1e4-b88749b91d1c/1773360000.0_rate%3Amean_300.0_v3" 201 - "PUT https://[::1]:8080/v1/AUTH_2c0dd7efa1e94d879bc5da8c6f19a646/gnocchi.6fb46633-20f1-4a2b-b1e4-b88749b91d1c/1773360000.0_rate%3Amean_300.0_v3" "tx7fc1febed1a84cb3a8c4f-0069bb704c" "proxy-server 101374" 0.0219 "-" 100256 0
Mar 18 23:41:00 np0005651379.novalocal proxy-server[101374]: ::1 ::1 19/Mar/2026/03/41/00 PUT /v1/AUTH_2c0dd7efa1e94d879bc5da8c6f19a646/gnocchi.6fb46633-20f1-4a2b-b1e4-b88749b91d1c/1773360000.0_rate%253Amean_300.0_v3 HTTP/1.0 201 - python-swiftclient-4.8.0 gAAAAABpu2_uqf-H... 16 - - tx7fc1febed1a84cb3a8c4f-0069bb704c - 0.0288 - - 1773891660.763961792 1773891660.792768240 0 e61d2c26cb6146fb88642c1126e377de
Mar 18 23:41:00 np0005651379.novalocal container-server[99867]: ::1 - - [19/Mar/2026:03:41:00 +0000] "PUT /3/258317/AUTH_2c0dd7efa1e94d879bc5da8c6f19a646/gnocchi.6fb46633-20f1-4a2b-b1e4-b88749b91d1c/none_v3" 201 - "PUT http://[::1]:8080/3/199919/AUTH_2c0dd7efa1e94d879bc5da8c6f19a646/gnocchi.6fb46633-20f1-4a2b-b1e4-b88749b91d1c/none_v3" "tx4c2b9a62d0184b6a84e8c-0069bb704c" "object-server 100257" 0.0008 "-" 99867 0
Mar 18 23:41:00 np0005651379.novalocal object-server[100257]: ::1 - - [19/Mar/2026:03:41:00 +0000] "PUT /3/199919/AUTH_2c0dd7efa1e94d879bc5da8c6f19a646/gnocchi.6fb46633-20f1-4a2b-b1e4-b88749b91d1c/none_v3" 201 - "PUT https://[::1]:8080/v1/AUTH_2c0dd7efa1e94d879bc5da8c6f19a646/gnocchi.6fb46633-20f1-4a2b-b1e4-b88749b91d1c/none_v3" "tx4c2b9a62d0184b6a84e8c-0069bb704c" "proxy-server 101374" 0.0186 "-" 100257 0
Mar 18 23:41:00 np0005651379.novalocal container-server[99868]: ::1 - - [19/Mar/2026:03:41:00 +0000] "PUT /1/258317/AUTH_2c0dd7efa1e94d879bc5da8c6f19a646/gnocchi.6fb46633-20f1-4a2b-b1e4-b88749b91d1c/none_v3" 201 - "PUT http://[::1]:8080/2/199919/AUTH_2c0dd7efa1e94d879bc5da8c6f19a646/gnocchi.6fb46633-20f1-4a2b-b1e4-b88749b91d1c/none_v3" "tx4c2b9a62d0184b6a84e8c-0069bb704c" "object-server 100257" 0.0005 "-" 99868 0
Mar 18 23:41:00 np0005651379.novalocal container-server[99867]: ::1 - - [19/Mar/2026:03:41:00 +0000] "PUT /2/258317/AUTH_2c0dd7efa1e94d879bc5da8c6f19a646/gnocchi.6fb46633-20f1-4a2b-b1e4-b88749b91d1c/none_v3" 201 - "PUT http://[::1]:8080/1/199919/AUTH_2c0dd7efa1e94d879bc5da8c6f19a646/gnocchi.6fb46633-20f1-4a2b-b1e4-b88749b91d1c/none_v3" "tx4c2b9a62d0184b6a84e8c-0069bb704c" "object-server 100257" 0.0007 "-" 99867 0
Mar 18 23:41:00 np0005651379.novalocal object-server[100257]: ::1 - - [19/Mar/2026:03:41:00 +0000] "PUT /2/199919/AUTH_2c0dd7efa1e94d879bc5da8c6f19a646/gnocchi.6fb46633-20f1-4a2b-b1e4-b88749b91d1c/none_v3" 201 - "PUT https://[::1]:8080/v1/AUTH_2c0dd7efa1e94d879bc5da8c6f19a646/gnocchi.6fb46633-20f1-4a2b-b1e4-b88749b91d1c/none_v3" "tx4c2b9a62d0184b6a84e8c-0069bb704c" "proxy-server 101374" 0.0179 "-" 100257 0
Mar 18 23:41:00 np0005651379.novalocal object-server[100257]: ::1 - - [19/Mar/2026:03:41:00 +0000] "PUT /1/199919/AUTH_2c0dd7efa1e94d879bc5da8c6f19a646/gnocchi.6fb46633-20f1-4a2b-b1e4-b88749b91d1c/none_v3" 201 - "PUT https://[::1]:8080/v1/AUTH_2c0dd7efa1e94d879bc5da8c6f19a646/gnocchi.6fb46633-20f1-4a2b-b1e4-b88749b91d1c/none_v3" "tx4c2b9a62d0184b6a84e8c-0069bb704c" "proxy-server 101374" 0.0164 "-" 100257 0
Mar 18 23:41:00 np0005651379.novalocal proxy-server[101374]: ::1 ::1 19/Mar/2026/03/41/00 PUT /v1/AUTH_2c0dd7efa1e94d879bc5da8c6f19a646/gnocchi.6fb46633-20f1-4a2b-b1e4-b88749b91d1c/none_v3 HTTP/1.0 201 - python-swiftclient-4.8.0 gAAAAABpu2_uqf-H... 32 - - tx4c2b9a62d0184b6a84e8c-0069bb704c - 0.0264 - - 1773891660.796496868 1773891660.822946072 0 e61d2c26cb6146fb88642c1126e377de
Mar 18 23:41:00 np0005651379.novalocal container-server[99867]: ::1 - - [19/Mar/2026:03:41:00 +0000] "HEAD /1/140702/AUTH_2c0dd7efa1e94d879bc5da8c6f19a646/gnocchi.f7c05294-c236-477c-b61d-5337d17d4422" 204 - "HEAD http://[::1]:8080/v1/AUTH_2c0dd7efa1e94d879bc5da8c6f19a646/gnocchi.f7c05294-c236-477c-b61d-5337d17d4422" "tx05f705eccb614f8797e78-0069bb704c" "proxy-server 101374" 0.0022 "-" 99867 0
Mar 18 23:41:00 np0005651379.novalocal proxy-server[101374]: - - 19/Mar/2026/03/41/00 HEAD /v1/AUTH_2c0dd7efa1e94d879bc5da8c6f19a646/gnocchi.f7c05294-c236-477c-b61d-5337d17d4422 HTTP/1.0 204 - Swift - - - - tx05f705eccb614f8797e78-0069bb704c - 0.0059 CS - 1773891660.840790749 1773891660.846695900 0 -
Mar 18 23:41:00 np0005651379.novalocal object-server[100257]: ::1 - - [19/Mar/2026:03:41:00 +0000] "GET /2/145172/AUTH_2c0dd7efa1e94d879bc5da8c6f19a646/gnocchi.f7c05294-c236-477c-b61d-5337d17d4422/none_v3" 200 22 "GET https://[::1]:8080/v1/AUTH_2c0dd7efa1e94d879bc5da8c6f19a646/gnocchi.f7c05294-c236-477c-b61d-5337d17d4422/none_v3" "tx05f705eccb614f8797e78-0069bb704c" "proxy-server 101374" 0.0010 "-" 100257 0
Mar 18 23:41:00 np0005651379.novalocal proxy-server[101374]: ::1 ::1 19/Mar/2026/03/41/00 GET /v1/AUTH_2c0dd7efa1e94d879bc5da8c6f19a646/gnocchi.f7c05294-c236-477c-b61d-5337d17d4422/none_v3 HTTP/1.0 200 - python-swiftclient-4.8.0 gAAAAABpu2_uqf-H... - 22 - tx05f705eccb614f8797e78-0069bb704c - 0.0123 - - 1773891660.840380192 1773891660.852684975 0 e61d2c26cb6146fb88642c1126e377de
Mar 18 23:41:00 np0005651379.novalocal container-server[99868]: ::1 - - [19/Mar/2026:03:41:00 +0000] "GET /2/140702/AUTH_2c0dd7efa1e94d879bc5da8c6f19a646/gnocchi.f7c05294-c236-477c-b61d-5337d17d4422" 200 357 "GET https://[::1]:8080/v1/AUTH_2c0dd7efa1e94d879bc5da8c6f19a646/gnocchi.f7c05294-c236-477c-b61d-5337d17d4422?format=json&states=listing" "tx230a5185706145d39e92c-0069bb704c" "proxy-server 101374" 0.0020 "-" 99868 0
Mar 18 23:41:00 np0005651379.novalocal proxy-server[101374]: ::1 ::1 19/Mar/2026/03/41/00 GET /v1/AUTH_2c0dd7efa1e94d879bc5da8c6f19a646/gnocchi.f7c05294-c236-477c-b61d-5337d17d4422%3Fformat%3Djson%26states%3Dlisting HTTP/1.0 200 - python-swiftclient-4.8.0 gAAAAABpu2_uqf-H... - 357 - tx230a5185706145d39e92c-0069bb704c - 0.0068 - - 1773891660.856606245 1773891660.863363028 0 e61d2c26cb6146fb88642c1126e377de
Mar 18 23:41:00 np0005651379.novalocal container-server[99867]: ::1 - - [19/Mar/2026:03:41:00 +0000] "GET /2/140702/AUTH_2c0dd7efa1e94d879bc5da8c6f19a646/gnocchi.f7c05294-c236-477c-b61d-5337d17d4422" 200 2 "GET https://[::1]:8080/v1/AUTH_2c0dd7efa1e94d879bc5da8c6f19a646/gnocchi.f7c05294-c236-477c-b61d-5337d17d4422?format=json&marker=none_v3&states=listing" "txc9a6905754594998a030f-0069bb704c" "proxy-server 101374" 0.0034 "-" 99867 0
Mar 18 23:41:00 np0005651379.novalocal proxy-server[101374]: ::1 ::1 19/Mar/2026/03/41/00 GET /v1/AUTH_2c0dd7efa1e94d879bc5da8c6f19a646/gnocchi.f7c05294-c236-477c-b61d-5337d17d4422%3Fformat%3Djson%26marker%3Dnone_v3%26states%3Dlisting HTTP/1.0 200 - python-swiftclient-4.8.0 gAAAAABpu2_uqf-H... - 2 - txc9a6905754594998a030f-0069bb704c - 0.0081 - - 1773891660.866228580 1773891660.874355555 0 e61d2c26cb6146fb88642c1126e377de
Mar 18 23:41:00 np0005651379.novalocal object-server[100257]: ::1 - - [19/Mar/2026:03:41:00 +0000] "GET /1/245728/AUTH_2c0dd7efa1e94d879bc5da8c6f19a646/gnocchi.f7c05294-c236-477c-b61d-5337d17d4422/1773360000.0_mean_300.0_v3" 200 16 "GET https://[::1]:8080/v1/AUTH_2c0dd7efa1e94d879bc5da8c6f19a646/gnocchi.f7c05294-c236-477c-b61d-5337d17d4422/1773360000.0_mean_300.0_v3" "tx22f12f0cff1c46e9b828e-0069bb704c" "proxy-server 101374" 0.0009 "-" 100257 0
Mar 18 23:41:00 np0005651379.novalocal proxy-server[101374]: ::1 ::1 19/Mar/2026/03/41/00 GET /v1/AUTH_2c0dd7efa1e94d879bc5da8c6f19a646/gnocchi.f7c05294-c236-477c-b61d-5337d17d4422/1773360000.0_mean_300.0_v3 HTTP/1.0 200 - python-swiftclient-4.8.0 gAAAAABpu2_uqf-H... - 16 - tx22f12f0cff1c46e9b828e-0069bb704c - 0.0056 - - 1773891660.879396915 1773891660.884959698 0 e61d2c26cb6146fb88642c1126e377de
Mar 18 23:41:00 np0005651379.novalocal object-server[100257]: ::1 - - [19/Mar/2026:03:41:00 +0000] "GET /2/87246/AUTH_2c0dd7efa1e94d879bc5da8c6f19a646/gnocchi.f7c05294-c236-477c-b61d-5337d17d4422/1773360000.0_rate%3Amean_300.0_v3" 404 70 "GET https://[::1]:8080/v1/AUTH_2c0dd7efa1e94d879bc5da8c6f19a646/gnocchi.f7c05294-c236-477c-b61d-5337d17d4422/1773360000.0_rate%3Amean_300.0_v3" "tx37226459afc44689bc15f-0069bb704c" "proxy-server 101374" 0.0004 "-" 100257 0
Mar 18 23:41:00 np0005651379.novalocal object-server[100257]: ::1 - - [19/Mar/2026:03:41:00 +0000] "GET /1/87246/AUTH_2c0dd7efa1e94d879bc5da8c6f19a646/gnocchi.f7c05294-c236-477c-b61d-5337d17d4422/1773360000.0_rate%3Amean_300.0_v3" 404 70 "GET https://[::1]:8080/v1/AUTH_2c0dd7efa1e94d879bc5da8c6f19a646/gnocchi.f7c05294-c236-477c-b61d-5337d17d4422/1773360000.0_rate%3Amean_300.0_v3" "tx37226459afc44689bc15f-0069bb704c" "proxy-server 101374" 0.0003 "-" 100257 0
Mar 18 23:41:00 np0005651379.novalocal object-server[100256]: ::1 - - [19/Mar/2026:03:41:00 +0000] "GET /3/87246/AUTH_2c0dd7efa1e94d879bc5da8c6f19a646/gnocchi.f7c05294-c236-477c-b61d-5337d17d4422/1773360000.0_rate%3Amean_300.0_v3" 404 70 "GET https://[::1]:8080/v1/AUTH_2c0dd7efa1e94d879bc5da8c6f19a646/gnocchi.f7c05294-c236-477c-b61d-5337d17d4422/1773360000.0_rate%3Amean_300.0_v3" "tx37226459afc44689bc15f-0069bb704c" "proxy-server 101374" 0.0005 "-" 100256 0
Mar 18 23:41:00 np0005651379.novalocal proxy-server[101374]: ::1 ::1 19/Mar/2026/03/41/00 GET /v1/AUTH_2c0dd7efa1e94d879bc5da8c6f19a646/gnocchi.f7c05294-c236-477c-b61d-5337d17d4422/1773360000.0_rate%253Amean_300.0_v3 HTTP/1.0 404 - python-swiftclient-4.8.0 gAAAAABpu2_uqf-H... - 70 - tx37226459afc44689bc15f-0069bb704c - 0.0099 - - 1773891660.887680769 1773891660.897553205 0 e61d2c26cb6146fb88642c1126e377de
Mar 18 23:41:00 np0005651379.novalocal container-server[99868]: ::1 - - [19/Mar/2026:03:41:00 +0000] "PUT /3/140702/AUTH_2c0dd7efa1e94d879bc5da8c6f19a646/gnocchi.f7c05294-c236-477c-b61d-5337d17d4422/1773360000.0_mean_300.0_v3" 201 - "PUT http://[::1]:8080/2/245728/AUTH_2c0dd7efa1e94d879bc5da8c6f19a646/gnocchi.f7c05294-c236-477c-b61d-5337d17d4422/1773360000.0_mean_300.0_v3" "tx0fc8dfcdc8c144b68e1d0-0069bb704c" "object-server 100257" 0.0005 "-" 99868 0
Mar 18 23:41:00 np0005651379.novalocal object-server[100257]: ::1 - - [19/Mar/2026:03:41:00 +0000] "PUT /2/245728/AUTH_2c0dd7efa1e94d879bc5da8c6f19a646/gnocchi.f7c05294-c236-477c-b61d-5337d17d4422/1773360000.0_mean_300.0_v3" 201 - "PUT https://[::1]:8080/v1/AUTH_2c0dd7efa1e94d879bc5da8c6f19a646/gnocchi.f7c05294-c236-477c-b61d-5337d17d4422/1773360000.0_mean_300.0_v3" "tx0fc8dfcdc8c144b68e1d0-0069bb704c" "proxy-server 101374" 0.0127 "-" 100257 0
Mar 18 23:41:00 np0005651379.novalocal container-server[99868]: ::1 - - [19/Mar/2026:03:41:00 +0000] "PUT /2/140702/AUTH_2c0dd7efa1e94d879bc5da8c6f19a646/gnocchi.f7c05294-c236-477c-b61d-5337d17d4422/1773360000.0_mean_300.0_v3" 201 - "PUT http://[::1]:8080/3/245728/AUTH_2c0dd7efa1e94d879bc5da8c6f19a646/gnocchi.f7c05294-c236-477c-b61d-5337d17d4422/1773360000.0_mean_300.0_v3" "tx0fc8dfcdc8c144b68e1d0-0069bb704c" "object-server 100257" 0.0003 "-" 99868 0
Mar 18 23:41:00 np0005651379.novalocal object-server[100257]: ::1 - - [19/Mar/2026:03:41:00 +0000] "PUT /3/245728/AUTH_2c0dd7efa1e94d879bc5da8c6f19a646/gnocchi.f7c05294-c236-477c-b61d-5337d17d4422/1773360000.0_mean_300.0_v3" 201 - "PUT https://[::1]:8080/v1/AUTH_2c0dd7efa1e94d879bc5da8c6f19a646/gnocchi.f7c05294-c236-477c-b61d-5337d17d4422/1773360000.0_mean_300.0_v3" "tx0fc8dfcdc8c144b68e1d0-0069bb704c" "proxy-server 101374" 0.0137 "-" 100257 0
Mar 18 23:41:00 np0005651379.novalocal container-server[99867]: ::1 - - [19/Mar/2026:03:41:00 +0000] "PUT /1/140702/AUTH_2c0dd7efa1e94d879bc5da8c6f19a646/gnocchi.f7c05294-c236-477c-b61d-5337d17d4422/1773360000.0_mean_300.0_v3" 201 - "PUT http://[::1]:8080/1/245728/AUTH_2c0dd7efa1e94d879bc5da8c6f19a646/gnocchi.f7c05294-c236-477c-b61d-5337d17d4422/1773360000.0_mean_300.0_v3" "tx0fc8dfcdc8c144b68e1d0-0069bb704c" "object-server 100257" 0.0007 "-" 99867 0
Mar 18 23:41:00 np0005651379.novalocal object-server[100257]: ::1 - - [19/Mar/2026:03:41:00 +0000] "PUT /1/245728/AUTH_2c0dd7efa1e94d879bc5da8c6f19a646/gnocchi.f7c05294-c236-477c-b61d-5337d17d4422/1773360000.0_mean_300.0_v3" 201 - "PUT https://[::1]:8080/v1/AUTH_2c0dd7efa1e94d879bc5da8c6f19a646/gnocchi.f7c05294-c236-477c-b61d-5337d17d4422/1773360000.0_mean_300.0_v3" "tx0fc8dfcdc8c144b68e1d0-0069bb704c" "proxy-server 101374" 0.0198 "-" 100257 0
Mar 18 23:41:00 np0005651379.novalocal proxy-server[101374]: ::1 ::1 19/Mar/2026/03/41/00 PUT /v1/AUTH_2c0dd7efa1e94d879bc5da8c6f19a646/gnocchi.f7c05294-c236-477c-b61d-5337d17d4422/1773360000.0_mean_300.0_v3 HTTP/1.0 201 - python-swiftclient-4.8.0 gAAAAABpu2_uqf-H... 24 - - tx0fc8dfcdc8c144b68e1d0-0069bb704c - 0.0254 - - 1773891660.900758743 1773891660.926146507 0 e61d2c26cb6146fb88642c1126e377de
Mar 18 23:41:00 np0005651379.novalocal container-server[99868]: ::1 - - [19/Mar/2026:03:41:00 +0000] "PUT /1/140702/AUTH_2c0dd7efa1e94d879bc5da8c6f19a646/gnocchi.f7c05294-c236-477c-b61d-5337d17d4422/1773360000.0_rate%3Amean_300.0_v3" 201 - "PUT http://[::1]:8080/1/87246/AUTH_2c0dd7efa1e94d879bc5da8c6f19a646/gnocchi.f7c05294-c236-477c-b61d-5337d17d4422/1773360000.0_rate%3Amean_300.0_v3" "tx90e0e8888e394c749e9b4-0069bb704c" "object-server 100256" 0.0003 "-" 99868 0
Mar 18 23:41:00 np0005651379.novalocal object-server[100256]: ::1 - - [19/Mar/2026:03:41:00 +0000] "PUT /1/87246/AUTH_2c0dd7efa1e94d879bc5da8c6f19a646/gnocchi.f7c05294-c236-477c-b61d-5337d17d4422/1773360000.0_rate%3Amean_300.0_v3" 201 - "PUT https://[::1]:8080/v1/AUTH_2c0dd7efa1e94d879bc5da8c6f19a646/gnocchi.f7c05294-c236-477c-b61d-5337d17d4422/1773360000.0_rate%3Amean_300.0_v3" "tx90e0e8888e394c749e9b4-0069bb704c" "proxy-server 101374" 0.0126 "-" 100256 0
Mar 18 23:41:00 np0005651379.novalocal container-server[99867]: ::1 - - [19/Mar/2026:03:41:00 +0000] "PUT /3/140702/AUTH_2c0dd7efa1e94d879bc5da8c6f19a646/gnocchi.f7c05294-c236-477c-b61d-5337d17d4422/1773360000.0_rate%3Amean_300.0_v3" 201 - "PUT http://[::1]:8080/3/87246/AUTH_2c0dd7efa1e94d879bc5da8c6f19a646/gnocchi.f7c05294-c236-477c-b61d-5337d17d4422/1773360000.0_rate%3Amean_300.0_v3" "tx90e0e8888e394c749e9b4-0069bb704c" "object-server 100257" 0.0006 "-" 99867 0
Mar 18 23:41:00 np0005651379.novalocal object-server[100257]: ::1 - - [19/Mar/2026:03:41:00 +0000] "PUT /3/87246/AUTH_2c0dd7efa1e94d879bc5da8c6f19a646/gnocchi.f7c05294-c236-477c-b61d-5337d17d4422/1773360000.0_rate%3Amean_300.0_v3" 201 - "PUT https://[::1]:8080/v1/AUTH_2c0dd7efa1e94d879bc5da8c6f19a646/gnocchi.f7c05294-c236-477c-b61d-5337d17d4422/1773360000.0_rate%3Amean_300.0_v3" "tx90e0e8888e394c749e9b4-0069bb704c" "proxy-server 101374" 0.0129 "-" 100257 0
Mar 18 23:41:00 np0005651379.novalocal container-server[99867]: ::1 - - [19/Mar/2026:03:41:00 +0000] "PUT /2/140702/AUTH_2c0dd7efa1e94d879bc5da8c6f19a646/gnocchi.f7c05294-c236-477c-b61d-5337d17d4422/1773360000.0_rate%3Amean_300.0_v3" 201 - "PUT http://[::1]:8080/2/87246/AUTH_2c0dd7efa1e94d879bc5da8c6f19a646/gnocchi.f7c05294-c236-477c-b61d-5337d17d4422/1773360000.0_rate%3Amean_300.0_v3" "tx90e0e8888e394c749e9b4-0069bb704c" "object-server 100257" 0.0007 "-" 99867 0
Mar 18 23:41:00 np0005651379.novalocal object-server[100257]: ::1 - - [19/Mar/2026:03:41:00 +0000] "PUT /2/87246/AUTH_2c0dd7efa1e94d879bc5da8c6f19a646/gnocchi.f7c05294-c236-477c-b61d-5337d17d4422/1773360000.0_rate%3Amean_300.0_v3" 201 - "PUT https://[::1]:8080/v1/AUTH_2c0dd7efa1e94d879bc5da8c6f19a646/gnocchi.f7c05294-c236-477c-b61d-5337d17d4422/1773360000.0_rate%3Amean_300.0_v3" "tx90e0e8888e394c749e9b4-0069bb704c" "proxy-server 101374" 0.0173 "-" 100257 0
Mar 18 23:41:00 np0005651379.novalocal proxy-server[101374]: ::1 ::1 19/Mar/2026/03/41/00 PUT /v1/AUTH_2c0dd7efa1e94d879bc5da8c6f19a646/gnocchi.f7c05294-c236-477c-b61d-5337d17d4422/1773360000.0_rate%253Amean_300.0_v3 HTTP/1.0 201 - python-swiftclient-4.8.0 gAAAAABpu2_uqf-H... 16 - - tx90e0e8888e394c749e9b4-0069bb704c - 0.0235 - - 1773891660.928920984 1773891660.952435493 0 e61d2c26cb6146fb88642c1126e377de
Mar 18 23:41:00 np0005651379.novalocal container-server[99868]: ::1 - - [19/Mar/2026:03:41:00 +0000] "PUT /1/140702/AUTH_2c0dd7efa1e94d879bc5da8c6f19a646/gnocchi.f7c05294-c236-477c-b61d-5337d17d4422/none_v3" 201 - "PUT http://[::1]:8080/3/145172/AUTH_2c0dd7efa1e94d879bc5da8c6f19a646/gnocchi.f7c05294-c236-477c-b61d-5337d17d4422/none_v3" "txcd268f2d5c184947a5888-0069bb704c" "object-server 100256" 0.0003 "-" 99868 0
Mar 18 23:41:00 np0005651379.novalocal container-server[99868]: ::1 - - [19/Mar/2026:03:41:00 +0000] "PUT /3/140702/AUTH_2c0dd7efa1e94d879bc5da8c6f19a646/gnocchi.f7c05294-c236-477c-b61d-5337d17d4422/none_v3" 201 - "PUT http://[::1]:8080/2/145172/AUTH_2c0dd7efa1e94d879bc5da8c6f19a646/gnocchi.f7c05294-c236-477c-b61d-5337d17d4422/none_v3" "txcd268f2d5c184947a5888-0069bb704c" "object-server 100257" 0.0003 "-" 99868 0
Mar 18 23:41:00 np0005651379.novalocal object-server[100256]: ::1 - - [19/Mar/2026:03:41:00 +0000] "PUT /3/145172/AUTH_2c0dd7efa1e94d879bc5da8c6f19a646/gnocchi.f7c05294-c236-477c-b61d-5337d17d4422/none_v3" 201 - "PUT https://[::1]:8080/v1/AUTH_2c0dd7efa1e94d879bc5da8c6f19a646/gnocchi.f7c05294-c236-477c-b61d-5337d17d4422/none_v3" "txcd268f2d5c184947a5888-0069bb704c" "proxy-server 101374" 0.0131 "-" 100256 0
Mar 18 23:41:00 np0005651379.novalocal container-server[99867]: ::1 - - [19/Mar/2026:03:41:00 +0000] "PUT /2/140702/AUTH_2c0dd7efa1e94d879bc5da8c6f19a646/gnocchi.f7c05294-c236-477c-b61d-5337d17d4422/none_v3" 201 - "PUT http://[::1]:8080/1/145172/AUTH_2c0dd7efa1e94d879bc5da8c6f19a646/gnocchi.f7c05294-c236-477c-b61d-5337d17d4422/none_v3" "txcd268f2d5c184947a5888-0069bb704c" "object-server 100257" 0.0005 "-" 99867 0
Mar 18 23:41:00 np0005651379.novalocal object-server[100257]: ::1 - - [19/Mar/2026:03:41:00 +0000] "PUT /2/145172/AUTH_2c0dd7efa1e94d879bc5da8c6f19a646/gnocchi.f7c05294-c236-477c-b61d-5337d17d4422/none_v3" 201 - "PUT https://[::1]:8080/v1/AUTH_2c0dd7efa1e94d879bc5da8c6f19a646/gnocchi.f7c05294-c236-477c-b61d-5337d17d4422/none_v3" "txcd268f2d5c184947a5888-0069bb704c" "proxy-server 101374" 0.0114 "-" 100257 0
Mar 18 23:41:00 np0005651379.novalocal object-server[100257]: ::1 - - [19/Mar/2026:03:41:00 +0000] "PUT /1/145172/AUTH_2c0dd7efa1e94d879bc5da8c6f19a646/gnocchi.f7c05294-c236-477c-b61d-5337d17d4422/none_v3" 201 - "PUT https://[::1]:8080/v1/AUTH_2c0dd7efa1e94d879bc5da8c6f19a646/gnocchi.f7c05294-c236-477c-b61d-5337d17d4422/none_v3" "txcd268f2d5c184947a5888-0069bb704c" "proxy-server 101374" 0.0154 "-" 100257 0
Mar 18 23:41:00 np0005651379.novalocal proxy-server[101374]: ::1 ::1 19/Mar/2026/03/41/00 PUT /v1/AUTH_2c0dd7efa1e94d879bc5da8c6f19a646/gnocchi.f7c05294-c236-477c-b61d-5337d17d4422/none_v3 HTTP/1.0 201 - python-swiftclient-4.8.0 gAAAAABpu2_uqf-H... 33 - - txcd268f2d5c184947a5888-0069bb704c - 0.0208 - - 1773891660.955309868 1773891660.976126671 0 e61d2c26cb6146fb88642c1126e377de
Mar 18 23:41:00 np0005651379.novalocal container-server[99868]: ::1 - - [19/Mar/2026:03:41:00 +0000] "HEAD /3/125092/AUTH_2c0dd7efa1e94d879bc5da8c6f19a646/gnocchi.9fd323a4-e490-4f2a-b803-fbe19e588429" 204 - "HEAD http://[::1]:8080/v1/AUTH_2c0dd7efa1e94d879bc5da8c6f19a646/gnocchi.9fd323a4-e490-4f2a-b803-fbe19e588429" "tx76aea419e40640a990b50-0069bb704c" "proxy-server 101374" 0.0011 "-" 99868 0
Mar 18 23:41:00 np0005651379.novalocal proxy-server[101374]: - - 19/Mar/2026/03/41/00 HEAD /v1/AUTH_2c0dd7efa1e94d879bc5da8c6f19a646/gnocchi.9fd323a4-e490-4f2a-b803-fbe19e588429 HTTP/1.0 204 - Swift - - - - tx76aea419e40640a990b50-0069bb704c - 0.0042 CS - 1773891660.994361877 1773891660.998592615 0 -
Mar 18 23:41:01 np0005651379.novalocal object-server[100256]: ::1 - - [19/Mar/2026:03:41:01 +0000] "GET /2/37383/AUTH_2c0dd7efa1e94d879bc5da8c6f19a646/gnocchi.9fd323a4-e490-4f2a-b803-fbe19e588429/none_v3" 200 22 "GET https://[::1]:8080/v1/AUTH_2c0dd7efa1e94d879bc5da8c6f19a646/gnocchi.9fd323a4-e490-4f2a-b803-fbe19e588429/none_v3" "tx76aea419e40640a990b50-0069bb704c" "proxy-server 101374" 0.0011 "-" 100256 0
Mar 18 23:41:01 np0005651379.novalocal proxy-server[101374]: ::1 ::1 19/Mar/2026/03/41/01 GET /v1/AUTH_2c0dd7efa1e94d879bc5da8c6f19a646/gnocchi.9fd323a4-e490-4f2a-b803-fbe19e588429/none_v3 HTTP/1.0 200 - python-swiftclient-4.8.0 gAAAAABpu2_uqf-H... - 22 - tx76aea419e40640a990b50-0069bb704c - 0.0111 - - 1773891660.993976355 1773891661.005028248 0 e61d2c26cb6146fb88642c1126e377de
Mar 18 23:41:01 np0005651379.novalocal container-server[99868]: ::1 - - [19/Mar/2026:03:41:01 +0000] "GET /2/125092/AUTH_2c0dd7efa1e94d879bc5da8c6f19a646/gnocchi.9fd323a4-e490-4f2a-b803-fbe19e588429" 200 357 "GET https://[::1]:8080/v1/AUTH_2c0dd7efa1e94d879bc5da8c6f19a646/gnocchi.9fd323a4-e490-4f2a-b803-fbe19e588429?format=json&states=listing" "tx610c2dcdf121455a89576-0069bb704d" "proxy-server 101374" 0.0018 "-" 99868 0
Mar 18 23:41:01 np0005651379.novalocal proxy-server[101374]: ::1 ::1 19/Mar/2026/03/41/01 GET /v1/AUTH_2c0dd7efa1e94d879bc5da8c6f19a646/gnocchi.9fd323a4-e490-4f2a-b803-fbe19e588429%3Fformat%3Djson%26states%3Dlisting HTTP/1.0 200 - python-swiftclient-4.8.0 gAAAAABpu2_uqf-H... - 357 - tx610c2dcdf121455a89576-0069bb704d - 0.0063 - - 1773891661.009932995 1773891661.016203880 0 e61d2c26cb6146fb88642c1126e377de
Mar 18 23:41:01 np0005651379.novalocal container-server[99868]: ::1 - - [19/Mar/2026:03:41:01 +0000] "GET /1/125092/AUTH_2c0dd7efa1e94d879bc5da8c6f19a646/gnocchi.9fd323a4-e490-4f2a-b803-fbe19e588429" 200 2 "GET https://[::1]:8080/v1/AUTH_2c0dd7efa1e94d879bc5da8c6f19a646/gnocchi.9fd323a4-e490-4f2a-b803-fbe19e588429?format=json&marker=none_v3&states=listing" "txa47e513eace543869e7dd-0069bb704d" "proxy-server 101374" 0.0015 "-" 99868 0
Mar 18 23:41:01 np0005651379.novalocal proxy-server[101374]: ::1 ::1 19/Mar/2026/03/41/01 GET /v1/AUTH_2c0dd7efa1e94d879bc5da8c6f19a646/gnocchi.9fd323a4-e490-4f2a-b803-fbe19e588429%3Fformat%3Djson%26marker%3Dnone_v3%26states%3Dlisting HTTP/1.0 200 - python-swiftclient-4.8.0 gAAAAABpu2_uqf-H... - 2 - txa47e513eace543869e7dd-0069bb704d - 0.0056 - - 1773891661.019111633 1773891661.024727821 0 e61d2c26cb6146fb88642c1126e377de
Mar 18 23:41:01 np0005651379.novalocal object-server[100257]: ::1 - - [19/Mar/2026:03:41:01 +0000] "GET /2/85555/AUTH_2c0dd7efa1e94d879bc5da8c6f19a646/gnocchi.9fd323a4-e490-4f2a-b803-fbe19e588429/1773360000.0_mean_300.0_v3" 200 16 "GET https://[::1]:8080/v1/AUTH_2c0dd7efa1e94d879bc5da8c6f19a646/gnocchi.9fd323a4-e490-4f2a-b803-fbe19e588429/1773360000.0_mean_300.0_v3" "txceaddc127de040a3bf76f-0069bb704d" "proxy-server 101374" 0.0009 "-" 100257 0
Mar 18 23:41:01 np0005651379.novalocal proxy-server[101374]: ::1 ::1 19/Mar/2026/03/41/01 GET /v1/AUTH_2c0dd7efa1e94d879bc5da8c6f19a646/gnocchi.9fd323a4-e490-4f2a-b803-fbe19e588429/1773360000.0_mean_300.0_v3 HTTP/1.0 200 - python-swiftclient-4.8.0 gAAAAABpu2_uqf-H... - 16 - txceaddc127de040a3bf76f-0069bb704d - 0.0059 - - 1773891661.028748035 1773891661.034669638 0 e61d2c26cb6146fb88642c1126e377de
Mar 18 23:41:01 np0005651379.novalocal container-server[99868]: ::1 - - [19/Mar/2026:03:41:01 +0000] "PUT /3/125092/AUTH_2c0dd7efa1e94d879bc5da8c6f19a646/gnocchi.9fd323a4-e490-4f2a-b803-fbe19e588429/1773360000.0_mean_300.0_v3" 201 - "PUT http://[::1]:8080/2/85555/AUTH_2c0dd7efa1e94d879bc5da8c6f19a646/gnocchi.9fd323a4-e490-4f2a-b803-fbe19e588429/1773360000.0_mean_300.0_v3" "tx593c08992e8941ed9b32a-0069bb704d" "object-server 100256" 0.0004 "-" 99868 0
Mar 18 23:41:01 np0005651379.novalocal object-server[100256]: ::1 - - [19/Mar/2026:03:41:01 +0000] "PUT /2/85555/AUTH_2c0dd7efa1e94d879bc5da8c6f19a646/gnocchi.9fd323a4-e490-4f2a-b803-fbe19e588429/1773360000.0_mean_300.0_v3" 201 - "PUT https://[::1]:8080/v1/AUTH_2c0dd7efa1e94d879bc5da8c6f19a646/gnocchi.9fd323a4-e490-4f2a-b803-fbe19e588429/1773360000.0_mean_300.0_v3" "tx593c08992e8941ed9b32a-0069bb704d" "proxy-server 101374" 0.0136 "-" 100256 0
Mar 18 23:41:01 np0005651379.novalocal container-server[99868]: ::1 - - [19/Mar/2026:03:41:01 +0000] "PUT /2/125092/AUTH_2c0dd7efa1e94d879bc5da8c6f19a646/gnocchi.9fd323a4-e490-4f2a-b803-fbe19e588429/1773360000.0_mean_300.0_v3" 201 - "PUT http://[::1]:8080/3/85555/AUTH_2c0dd7efa1e94d879bc5da8c6f19a646/gnocchi.9fd323a4-e490-4f2a-b803-fbe19e588429/1773360000.0_mean_300.0_v3" "tx593c08992e8941ed9b32a-0069bb704d" "object-server 100256" 0.0003 "-" 99868 0
Mar 18 23:41:01 np0005651379.novalocal container-server[99868]: ::1 - - [19/Mar/2026:03:41:01 +0000] "PUT /1/125092/AUTH_2c0dd7efa1e94d879bc5da8c6f19a646/gnocchi.9fd323a4-e490-4f2a-b803-fbe19e588429/1773360000.0_mean_300.0_v3" 201 - "PUT http://[::1]:8080/1/85555/AUTH_2c0dd7efa1e94d879bc5da8c6f19a646/gnocchi.9fd323a4-e490-4f2a-b803-fbe19e588429/1773360000.0_mean_300.0_v3" "tx593c08992e8941ed9b32a-0069bb704d" "object-server 100256" 0.0002 "-" 99868 0
Mar 18 23:41:01 np0005651379.novalocal object-server[100256]: ::1 - - [19/Mar/2026:03:41:01 +0000] "PUT /3/85555/AUTH_2c0dd7efa1e94d879bc5da8c6f19a646/gnocchi.9fd323a4-e490-4f2a-b803-fbe19e588429/1773360000.0_mean_300.0_v3" 201 - "PUT https://[::1]:8080/v1/AUTH_2c0dd7efa1e94d879bc5da8c6f19a646/gnocchi.9fd323a4-e490-4f2a-b803-fbe19e588429/1773360000.0_mean_300.0_v3" "tx593c08992e8941ed9b32a-0069bb704d" "proxy-server 101374" 0.0177 "-" 100256 0
Mar 18 23:41:01 np0005651379.novalocal object-server[100256]: ::1 - - [19/Mar/2026:03:41:01 +0000] "PUT /1/85555/AUTH_2c0dd7efa1e94d879bc5da8c6f19a646/gnocchi.9fd323a4-e490-4f2a-b803-fbe19e588429/1773360000.0_mean_300.0_v3" 201 - "PUT https://[::1]:8080/v1/AUTH_2c0dd7efa1e94d879bc5da8c6f19a646/gnocchi.9fd323a4-e490-4f2a-b803-fbe19e588429/1773360000.0_mean_300.0_v3" "tx593c08992e8941ed9b32a-0069bb704d" "proxy-server 101374" 0.0150 "-" 100256 0
Mar 18 23:41:01 np0005651379.novalocal proxy-server[101374]: ::1 ::1 19/Mar/2026/03/41/01 PUT /v1/AUTH_2c0dd7efa1e94d879bc5da8c6f19a646/gnocchi.9fd323a4-e490-4f2a-b803-fbe19e588429/1773360000.0_mean_300.0_v3 HTTP/1.0 201 - python-swiftclient-4.8.0 gAAAAABpu2_uqf-H... 24 - - tx593c08992e8941ed9b32a-0069bb704d - 0.0248 - - 1773891661.037658215 1773891661.062418461 0 e61d2c26cb6146fb88642c1126e377de
Mar 18 23:41:01 np0005651379.novalocal container-server[99868]: ::1 - - [19/Mar/2026:03:41:01 +0000] "PUT /3/125092/AUTH_2c0dd7efa1e94d879bc5da8c6f19a646/gnocchi.9fd323a4-e490-4f2a-b803-fbe19e588429/none_v3" 201 - "PUT http://[::1]:8080/2/37383/AUTH_2c0dd7efa1e94d879bc5da8c6f19a646/gnocchi.9fd323a4-e490-4f2a-b803-fbe19e588429/none_v3" "tx33ef241863a44eada58ef-0069bb704d" "object-server 100256" 0.0003 "-" 99868 0
Mar 18 23:41:01 np0005651379.novalocal object-server[100256]: ::1 - - [19/Mar/2026:03:41:01 +0000] "PUT /2/37383/AUTH_2c0dd7efa1e94d879bc5da8c6f19a646/gnocchi.9fd323a4-e490-4f2a-b803-fbe19e588429/none_v3" 201 - "PUT https://[::1]:8080/v1/AUTH_2c0dd7efa1e94d879bc5da8c6f19a646/gnocchi.9fd323a4-e490-4f2a-b803-fbe19e588429/none_v3" "tx33ef241863a44eada58ef-0069bb704d" "proxy-server 101374" 0.0130 "-" 100256 0
Mar 18 23:41:01 np0005651379.novalocal container-server[99867]: ::1 - - [19/Mar/2026:03:41:01 +0000] "PUT /2/125092/AUTH_2c0dd7efa1e94d879bc5da8c6f19a646/gnocchi.9fd323a4-e490-4f2a-b803-fbe19e588429/none_v3" 201 - "PUT http://[::1]:8080/3/37383/AUTH_2c0dd7efa1e94d879bc5da8c6f19a646/gnocchi.9fd323a4-e490-4f2a-b803-fbe19e588429/none_v3" "tx33ef241863a44eada58ef-0069bb704d" "object-server 100256" 0.0007 "-" 99867 0
Mar 18 23:41:01 np0005651379.novalocal container-server[99868]: ::1 - - [19/Mar/2026:03:41:01 +0000] "PUT /1/125092/AUTH_2c0dd7efa1e94d879bc5da8c6f19a646/gnocchi.9fd323a4-e490-4f2a-b803-fbe19e588429/none_v3" 201 - "PUT http://[::1]:8080/1/37383/AUTH_2c0dd7efa1e94d879bc5da8c6f19a646/gnocchi.9fd323a4-e490-4f2a-b803-fbe19e588429/none_v3" "tx33ef241863a44eada58ef-0069bb704d" "object-server 100256" 0.0002 "-" 99868 0
Mar 18 23:41:01 np0005651379.novalocal object-server[100256]: ::1 - - [19/Mar/2026:03:41:01 +0000] "PUT /1/37383/AUTH_2c0dd7efa1e94d879bc5da8c6f19a646/gnocchi.9fd323a4-e490-4f2a-b803-fbe19e588429/none_v3" 201 - "PUT https://[::1]:8080/v1/AUTH_2c0dd7efa1e94d879bc5da8c6f19a646/gnocchi.9fd323a4-e490-4f2a-b803-fbe19e588429/none_v3" "tx33ef241863a44eada58ef-0069bb704d" "proxy-server 101374" 0.0184 "-" 100256 0
Mar 18 23:41:01 np0005651379.novalocal object-server[100256]: ::1 - - [19/Mar/2026:03:41:01 +0000] "PUT /3/37383/AUTH_2c0dd7efa1e94d879bc5da8c6f19a646/gnocchi.9fd323a4-e490-4f2a-b803-fbe19e588429/none_v3" 201 - "PUT https://[::1]:8080/v1/AUTH_2c0dd7efa1e94d879bc5da8c6f19a646/gnocchi.9fd323a4-e490-4f2a-b803-fbe19e588429/none_v3" "tx33ef241863a44eada58ef-0069bb704d" "proxy-server 101374" 0.0155 "-" 100256 0
Mar 18 23:41:01 np0005651379.novalocal proxy-server[101374]: ::1 ::1 19/Mar/2026/03/41/01 PUT /v1/AUTH_2c0dd7efa1e94d879bc5da8c6f19a646/gnocchi.9fd323a4-e490-4f2a-b803-fbe19e588429/none_v3 HTTP/1.0 201 - python-swiftclient-4.8.0 gAAAAABpu2_uqf-H... 22 - - tx33ef241863a44eada58ef-0069bb704d - 0.0243 - - 1773891661.065205336 1773891661.089511633 0 e61d2c26cb6146fb88642c1126e377de
Mar 18 23:41:01 np0005651379.novalocal container-server[99868]: ::1 - - [19/Mar/2026:03:41:01 +0000] "HEAD /3/96166/AUTH_2c0dd7efa1e94d879bc5da8c6f19a646/gnocchi.7cbb3781-f93c-4bd0-8019-4c067f24caae" 404 - "HEAD http://[::1]:8080/v1/AUTH_2c0dd7efa1e94d879bc5da8c6f19a646/gnocchi.7cbb3781-f93c-4bd0-8019-4c067f24caae" "tx03cb97a370f54bf9aedd8-0069bb704d" "proxy-server 101374" 0.0003 "-" 99868 0
Mar 18 23:41:01 np0005651379.novalocal container-server[99867]: ::1 - - [19/Mar/2026:03:41:01 +0000] "HEAD /1/96166/AUTH_2c0dd7efa1e94d879bc5da8c6f19a646/gnocchi.7cbb3781-f93c-4bd0-8019-4c067f24caae" 404 - "HEAD http://[::1]:8080/v1/AUTH_2c0dd7efa1e94d879bc5da8c6f19a646/gnocchi.7cbb3781-f93c-4bd0-8019-4c067f24caae" "tx03cb97a370f54bf9aedd8-0069bb704d" "proxy-server 101374" 0.0003 "-" 99867 0
Mar 18 23:41:01 np0005651379.novalocal container-server[99867]: ::1 - - [19/Mar/2026:03:41:01 +0000] "HEAD /2/96166/AUTH_2c0dd7efa1e94d879bc5da8c6f19a646/gnocchi.7cbb3781-f93c-4bd0-8019-4c067f24caae" 404 - "HEAD http://[::1]:8080/v1/AUTH_2c0dd7efa1e94d879bc5da8c6f19a646/gnocchi.7cbb3781-f93c-4bd0-8019-4c067f24caae" "tx03cb97a370f54bf9aedd8-0069bb704d" "proxy-server 101374" 0.0004 "-" 99867 0
Mar 18 23:41:01 np0005651379.novalocal proxy-server[101374]: - - 19/Mar/2026/03/41/01 HEAD /v1/AUTH_2c0dd7efa1e94d879bc5da8c6f19a646/gnocchi.7cbb3781-f93c-4bd0-8019-4c067f24caae HTTP/1.0 404 - Swift - - - - tx03cb97a370f54bf9aedd8-0069bb704d - 0.0067 CS - 1773891661.105312586 1773891661.112055302 0 -
Mar 18 23:41:01 np0005651379.novalocal object-server[100256]: ::1 - - [19/Mar/2026:03:41:01 +0000] "GET /3/37704/AUTH_2c0dd7efa1e94d879bc5da8c6f19a646/gnocchi.7cbb3781-f93c-4bd0-8019-4c067f24caae/none_v3" 404 70 "GET https://[::1]:8080/v1/AUTH_2c0dd7efa1e94d879bc5da8c6f19a646/gnocchi.7cbb3781-f93c-4bd0-8019-4c067f24caae/none_v3" "tx03cb97a370f54bf9aedd8-0069bb704d" "proxy-server 101374" 0.0004 "-" 100256 0
Mar 18 23:41:01 np0005651379.novalocal object-server[100256]: ::1 - - [19/Mar/2026:03:41:01 +0000] "GET /1/37704/AUTH_2c0dd7efa1e94d879bc5da8c6f19a646/gnocchi.7cbb3781-f93c-4bd0-8019-4c067f24caae/none_v3" 404 70 "GET https://[::1]:8080/v1/AUTH_2c0dd7efa1e94d879bc5da8c6f19a646/gnocchi.7cbb3781-f93c-4bd0-8019-4c067f24caae/none_v3" "tx03cb97a370f54bf9aedd8-0069bb704d" "proxy-server 101374" 0.0004 "-" 100256 0
Mar 18 23:41:01 np0005651379.novalocal object-server[100257]: ::1 - - [19/Mar/2026:03:41:01 +0000] "GET /2/37704/AUTH_2c0dd7efa1e94d879bc5da8c6f19a646/gnocchi.7cbb3781-f93c-4bd0-8019-4c067f24caae/none_v3" 404 70 "GET https://[::1]:8080/v1/AUTH_2c0dd7efa1e94d879bc5da8c6f19a646/gnocchi.7cbb3781-f93c-4bd0-8019-4c067f24caae/none_v3" "tx03cb97a370f54bf9aedd8-0069bb704d" "proxy-server 101374" 0.0004 "-" 100257 0
Mar 18 23:41:01 np0005651379.novalocal proxy-server[101374]: ::1 ::1 19/Mar/2026/03/41/01 GET /v1/AUTH_2c0dd7efa1e94d879bc5da8c6f19a646/gnocchi.7cbb3781-f93c-4bd0-8019-4c067f24caae/none_v3 HTTP/1.0 404 - python-swiftclient-4.8.0 gAAAAABpu2_uqf-H... - 70 - tx03cb97a370f54bf9aedd8-0069bb704d - 0.0170 - - 1773891661.104916573 1773891661.121899366 0 e61d2c26cb6146fb88642c1126e377de
Mar 18 23:41:01 np0005651379.novalocal account-server[99474]: ::1 - - [19/Mar/2026:03:41:01 +0000] "PUT /3/184762/AUTH_2c0dd7efa1e94d879bc5da8c6f19a646/gnocchi.7cbb3781-f93c-4bd0-8019-4c067f24caae" 201 - "PUT http://[::1]:6001/2/96166/AUTH_2c0dd7efa1e94d879bc5da8c6f19a646/gnocchi.7cbb3781-f93c-4bd0-8019-4c067f24caae" "tx7ee90ad7c093448e84828-0069bb704d" "container-server 99868" 0.0060 "-" 99474 0
Mar 18 23:41:01 np0005651379.novalocal container-server[99868]: ::1 - - [19/Mar/2026:03:41:01 +0000] "PUT /2/96166/AUTH_2c0dd7efa1e94d879bc5da8c6f19a646/gnocchi.7cbb3781-f93c-4bd0-8019-4c067f24caae" 201 - "PUT https://[::1]:8080/v1/AUTH_2c0dd7efa1e94d879bc5da8c6f19a646/gnocchi.7cbb3781-f93c-4bd0-8019-4c067f24caae" "tx7ee90ad7c093448e84828-0069bb704d" "proxy-server 101374" 0.0133 "-" 99868 0
Mar 18 23:41:01 np0005651379.novalocal account-server[99474]: ::1 - - [19/Mar/2026:03:41:01 +0000] "PUT /1/184762/AUTH_2c0dd7efa1e94d879bc5da8c6f19a646/gnocchi.7cbb3781-f93c-4bd0-8019-4c067f24caae" 201 - "PUT http://[::1]:6001/3/96166/AUTH_2c0dd7efa1e94d879bc5da8c6f19a646/gnocchi.7cbb3781-f93c-4bd0-8019-4c067f24caae" "tx7ee90ad7c093448e84828-0069bb704d" "container-server 99868" 0.0048 "-" 99474 0
Mar 18 23:41:01 np0005651379.novalocal container-server[99868]: ::1 - - [19/Mar/2026:03:41:01 +0000] "PUT /3/96166/AUTH_2c0dd7efa1e94d879bc5da8c6f19a646/gnocchi.7cbb3781-f93c-4bd0-8019-4c067f24caae" 201 - "PUT https://[::1]:8080/v1/AUTH_2c0dd7efa1e94d879bc5da8c6f19a646/gnocchi.7cbb3781-f93c-4bd0-8019-4c067f24caae" "tx7ee90ad7c093448e84828-0069bb704d" "proxy-server 101374" 0.0280 "-" 99868 0
Mar 18 23:41:01 np0005651379.novalocal account-server[99474]: ::1 - - [19/Mar/2026:03:41:01 +0000] "PUT /2/184762/AUTH_2c0dd7efa1e94d879bc5da8c6f19a646/gnocchi.7cbb3781-f93c-4bd0-8019-4c067f24caae" 201 - "PUT http://[::1]:6001/1/96166/AUTH_2c0dd7efa1e94d879bc5da8c6f19a646/gnocchi.7cbb3781-f93c-4bd0-8019-4c067f24caae" "tx7ee90ad7c093448e84828-0069bb704d" "container-server 99868" 0.0054 "-" 99474 0
Mar 18 23:41:01 np0005651379.novalocal container-server[99868]: ::1 - - [19/Mar/2026:03:41:01 +0000] "PUT /1/96166/AUTH_2c0dd7efa1e94d879bc5da8c6f19a646/gnocchi.7cbb3781-f93c-4bd0-8019-4c067f24caae" 201 - "PUT https://[::1]:8080/v1/AUTH_2c0dd7efa1e94d879bc5da8c6f19a646/gnocchi.7cbb3781-f93c-4bd0-8019-4c067f24caae" "tx7ee90ad7c093448e84828-0069bb704d" "proxy-server 101374" 0.0412 "-" 99868 0
Mar 18 23:41:01 np0005651379.novalocal proxy-server[101374]: ::1 ::1 19/Mar/2026/03/41/01 PUT /v1/AUTH_2c0dd7efa1e94d879bc5da8c6f19a646/gnocchi.7cbb3781-f93c-4bd0-8019-4c067f24caae HTTP/1.0 201 - python-swiftclient-4.8.0 gAAAAABpu2_uqf-H... - - - tx7ee90ad7c093448e84828-0069bb704d - 0.0459 - - 1773891661.124652147 1773891661.170529366 0 e61d2c26cb6146fb88642c1126e377de
Mar 18 23:41:01 np0005651379.novalocal container-server[99868]: ::1 - - [19/Mar/2026:03:41:01 +0000] "HEAD /1/96166/AUTH_2c0dd7efa1e94d879bc5da8c6f19a646/gnocchi.7cbb3781-f93c-4bd0-8019-4c067f24caae" 204 - "HEAD http://[::1]:8080/v1/AUTH_2c0dd7efa1e94d879bc5da8c6f19a646/gnocchi.7cbb3781-f93c-4bd0-8019-4c067f24caae" "txddbe5a5b753b416a92895-0069bb704d" "proxy-server 101374" 0.0011 "-" 99868 0
Mar 18 23:41:01 np0005651379.novalocal proxy-server[101374]: - - 19/Mar/2026/03/41/01 HEAD /v1/AUTH_2c0dd7efa1e94d879bc5da8c6f19a646/gnocchi.7cbb3781-f93c-4bd0-8019-4c067f24caae HTTP/1.0 204 - Swift - - - - txddbe5a5b753b416a92895-0069bb704d - 0.0044 CS - 1773891661.176778555 1773891661.181152344 0 -
Mar 18 23:41:01 np0005651379.novalocal container-server[99868]: ::1 - - [19/Mar/2026:03:41:01 +0000] "GET /2/96166/AUTH_2c0dd7efa1e94d879bc5da8c6f19a646/gnocchi.7cbb3781-f93c-4bd0-8019-4c067f24caae" 200 2 "GET https://[::1]:8080/v1/AUTH_2c0dd7efa1e94d879bc5da8c6f19a646/gnocchi.7cbb3781-f93c-4bd0-8019-4c067f24caae?format=json&states=listing" "txddbe5a5b753b416a92895-0069bb704d" "proxy-server 101374" 0.0017 "-" 99868 0
Mar 18 23:41:01 np0005651379.novalocal proxy-server[101374]: ::1 ::1 19/Mar/2026/03/41/01 GET /v1/AUTH_2c0dd7efa1e94d879bc5da8c6f19a646/gnocchi.7cbb3781-f93c-4bd0-8019-4c067f24caae%3Fformat%3Djson%26states%3Dlisting HTTP/1.0 200 - python-swiftclient-4.8.0 gAAAAABpu2_uqf-H... - 2 - txddbe5a5b753b416a92895-0069bb704d - 0.0115 - - 1773891661.176361561 1773891661.187873363 0 e61d2c26cb6146fb88642c1126e377de
Mar 18 23:41:01 np0005651379.novalocal object-server[100256]: ::1 - - [19/Mar/2026:03:41:01 +0000] "GET /3/91365/AUTH_2c0dd7efa1e94d879bc5da8c6f19a646/gnocchi.7cbb3781-f93c-4bd0-8019-4c067f24caae/1773360000.0_mean_300.0_v3" 404 70 "GET https://[::1]:8080/v1/AUTH_2c0dd7efa1e94d879bc5da8c6f19a646/gnocchi.7cbb3781-f93c-4bd0-8019-4c067f24caae/1773360000.0_mean_300.0_v3" "tx0c00f73380b54f0181f6b-0069bb704d" "proxy-server 101374" 0.0005 "-" 100256 0
Mar 18 23:41:01 np0005651379.novalocal object-server[100256]: ::1 - - [19/Mar/2026:03:41:01 +0000] "GET /2/91365/AUTH_2c0dd7efa1e94d879bc5da8c6f19a646/gnocchi.7cbb3781-f93c-4bd0-8019-4c067f24caae/1773360000.0_mean_300.0_v3" 404 70 "GET https://[::1]:8080/v1/AUTH_2c0dd7efa1e94d879bc5da8c6f19a646/gnocchi.7cbb3781-f93c-4bd0-8019-4c067f24caae/1773360000.0_mean_300.0_v3" "tx0c00f73380b54f0181f6b-0069bb704d" "proxy-server 101374" 0.0005 "-" 100256 0
Mar 18 23:41:01 np0005651379.novalocal object-server[100257]: ::1 - - [19/Mar/2026:03:41:01 +0000] "GET /1/91365/AUTH_2c0dd7efa1e94d879bc5da8c6f19a646/gnocchi.7cbb3781-f93c-4bd0-8019-4c067f24caae/1773360000.0_mean_300.0_v3" 404 70 "GET https://[::1]:8080/v1/AUTH_2c0dd7efa1e94d879bc5da8c6f19a646/gnocchi.7cbb3781-f93c-4bd0-8019-4c067f24caae/1773360000.0_mean_300.0_v3" "tx0c00f73380b54f0181f6b-0069bb704d" "proxy-server 101374" 0.0005 "-" 100257 0
Mar 18 23:41:01 np0005651379.novalocal proxy-server[101374]: ::1 ::1 19/Mar/2026/03/41/01 GET /v1/AUTH_2c0dd7efa1e94d879bc5da8c6f19a646/gnocchi.7cbb3781-f93c-4bd0-8019-4c067f24caae/1773360000.0_mean_300.0_v3 HTTP/1.0 404 - python-swiftclient-4.8.0 gAAAAABpu2_uqf-H... - 70 - tx0c00f73380b54f0181f6b-0069bb704d - 0.0108 - - 1773891661.191913843 1773891661.202681065 0 e61d2c26cb6146fb88642c1126e377de
Mar 18 23:41:01 np0005651379.novalocal container-server[99868]: ::1 - - [19/Mar/2026:03:41:01 +0000] "PUT /2/96166/AUTH_2c0dd7efa1e94d879bc5da8c6f19a646/gnocchi.7cbb3781-f93c-4bd0-8019-4c067f24caae/1773360000.0_mean_300.0_v3" 201 - "PUT http://[::1]:8080/2/91365/AUTH_2c0dd7efa1e94d879bc5da8c6f19a646/gnocchi.7cbb3781-f93c-4bd0-8019-4c067f24caae/1773360000.0_mean_300.0_v3" "tx066454301fda4f16a397d-0069bb704d" "object-server 100256" 0.0006 "-" 99868 0
Mar 18 23:41:01 np0005651379.novalocal container-server[99868]: ::1 - - [19/Mar/2026:03:41:01 +0000] "PUT /1/96166/AUTH_2c0dd7efa1e94d879bc5da8c6f19a646/gnocchi.7cbb3781-f93c-4bd0-8019-4c067f24caae/1773360000.0_mean_300.0_v3" 201 - "PUT http://[::1]:8080/3/91365/AUTH_2c0dd7efa1e94d879bc5da8c6f19a646/gnocchi.7cbb3781-f93c-4bd0-8019-4c067f24caae/1773360000.0_mean_300.0_v3" "tx066454301fda4f16a397d-0069bb704d" "object-server 100257" 0.0004 "-" 99868 0
Mar 18 23:41:01 np0005651379.novalocal object-server[100256]: ::1 - - [19/Mar/2026:03:41:01 +0000] "PUT /2/91365/AUTH_2c0dd7efa1e94d879bc5da8c6f19a646/gnocchi.7cbb3781-f93c-4bd0-8019-4c067f24caae/1773360000.0_mean_300.0_v3" 201 - "PUT https://[::1]:8080/v1/AUTH_2c0dd7efa1e94d879bc5da8c6f19a646/gnocchi.7cbb3781-f93c-4bd0-8019-4c067f24caae/1773360000.0_mean_300.0_v3" "tx066454301fda4f16a397d-0069bb704d" "proxy-server 101374" 0.0140 "-" 100256 0
Mar 18 23:41:01 np0005651379.novalocal object-server[100257]: ::1 - - [19/Mar/2026:03:41:01 +0000] "PUT /3/91365/AUTH_2c0dd7efa1e94d879bc5da8c6f19a646/gnocchi.7cbb3781-f93c-4bd0-8019-4c067f24caae/1773360000.0_mean_300.0_v3" 201 - "PUT https://[::1]:8080/v1/AUTH_2c0dd7efa1e94d879bc5da8c6f19a646/gnocchi.7cbb3781-f93c-4bd0-8019-4c067f24caae/1773360000.0_mean_300.0_v3" "tx066454301fda4f16a397d-0069bb704d" "proxy-server 101374" 0.0153 "-" 100257 0
Mar 18 23:41:01 np0005651379.novalocal container-server[99867]: ::1 - - [19/Mar/2026:03:41:01 +0000] "PUT /3/96166/AUTH_2c0dd7efa1e94d879bc5da8c6f19a646/gnocchi.7cbb3781-f93c-4bd0-8019-4c067f24caae/1773360000.0_mean_300.0_v3" 201 - "PUT http://[::1]:8080/1/91365/AUTH_2c0dd7efa1e94d879bc5da8c6f19a646/gnocchi.7cbb3781-f93c-4bd0-8019-4c067f24caae/1773360000.0_mean_300.0_v3" "tx066454301fda4f16a397d-0069bb704d" "object-server 100257" 0.0013 "-" 99867 0
Mar 18 23:41:01 np0005651379.novalocal object-server[100257]: ::1 - - [19/Mar/2026:03:41:01 +0000] "PUT /1/91365/AUTH_2c0dd7efa1e94d879bc5da8c6f19a646/gnocchi.7cbb3781-f93c-4bd0-8019-4c067f24caae/1773360000.0_mean_300.0_v3" 201 - "PUT https://[::1]:8080/v1/AUTH_2c0dd7efa1e94d879bc5da8c6f19a646/gnocchi.7cbb3781-f93c-4bd0-8019-4c067f24caae/1773360000.0_mean_300.0_v3" "tx066454301fda4f16a397d-0069bb704d" "proxy-server 101374" 0.0160 "-" 100257 0
Mar 18 23:41:01 np0005651379.novalocal proxy-server[101374]: ::1 ::1 19/Mar/2026/03/41/01 PUT /v1/AUTH_2c0dd7efa1e94d879bc5da8c6f19a646/gnocchi.7cbb3781-f93c-4bd0-8019-4c067f24caae/1773360000.0_mean_300.0_v3 HTTP/1.0 201 - python-swiftclient-4.8.0 gAAAAABpu2_uqf-H... 16 - - tx066454301fda4f16a397d-0069bb704d - 0.0232 - - 1773891661.206944942 1773891661.230188608 0 e61d2c26cb6146fb88642c1126e377de
Mar 18 23:41:01 np0005651379.novalocal kernel: qvb011d2ad0-e7: left allmulticast mode
Mar 18 23:41:01 np0005651379.novalocal kernel: qvb011d2ad0-e7: left promiscuous mode
Mar 18 23:41:01 np0005651379.novalocal kernel: qbr011d2ad0-e7: port 1(qvb011d2ad0-e7) entered disabled state
Mar 18 23:41:01 np0005651379.novalocal container-server[99868]: ::1 - - [19/Mar/2026:03:41:01 +0000] "PUT /1/96166/AUTH_2c0dd7efa1e94d879bc5da8c6f19a646/gnocchi.7cbb3781-f93c-4bd0-8019-4c067f24caae/none_v3" 201 - "PUT http://[::1]:8080/3/37704/AUTH_2c0dd7efa1e94d879bc5da8c6f19a646/gnocchi.7cbb3781-f93c-4bd0-8019-4c067f24caae/none_v3" "tx7c5d83a732b84b0c855a7-0069bb704d" "object-server 100257" 0.0004 "-" 99868 0
Mar 18 23:41:01 np0005651379.novalocal object-server[100257]: ::1 - - [19/Mar/2026:03:41:01 +0000] "PUT /3/37704/AUTH_2c0dd7efa1e94d879bc5da8c6f19a646/gnocchi.7cbb3781-f93c-4bd0-8019-4c067f24caae/none_v3" 201 - "PUT https://[::1]:8080/v1/AUTH_2c0dd7efa1e94d879bc5da8c6f19a646/gnocchi.7cbb3781-f93c-4bd0-8019-4c067f24caae/none_v3" "tx7c5d83a732b84b0c855a7-0069bb704d" "proxy-server 101374" 0.0155 "-" 100257 0
Mar 18 23:41:01 np0005651379.novalocal container-server[99867]: ::1 - - [19/Mar/2026:03:41:01 +0000] "PUT /2/96166/AUTH_2c0dd7efa1e94d879bc5da8c6f19a646/gnocchi.7cbb3781-f93c-4bd0-8019-4c067f24caae/none_v3" 201 - "PUT http://[::1]:8080/1/37704/AUTH_2c0dd7efa1e94d879bc5da8c6f19a646/gnocchi.7cbb3781-f93c-4bd0-8019-4c067f24caae/none_v3" "tx7c5d83a732b84b0c855a7-0069bb704d" "object-server 100257" 0.0008 "-" 99867 0
Mar 18 23:41:01 np0005651379.novalocal container-server[99868]: ::1 - - [19/Mar/2026:03:41:01 +0000] "PUT /3/96166/AUTH_2c0dd7efa1e94d879bc5da8c6f19a646/gnocchi.7cbb3781-f93c-4bd0-8019-4c067f24caae/none_v3" 201 - "PUT http://[::1]:8080/2/37704/AUTH_2c0dd7efa1e94d879bc5da8c6f19a646/gnocchi.7cbb3781-f93c-4bd0-8019-4c067f24caae/none_v3" "tx7c5d83a732b84b0c855a7-0069bb704d" "object-server 100257" 0.0004 "-" 99868 0
Mar 18 23:41:01 np0005651379.novalocal object-server[100257]: ::1 - - [19/Mar/2026:03:41:01 +0000] "PUT /1/37704/AUTH_2c0dd7efa1e94d879bc5da8c6f19a646/gnocchi.7cbb3781-f93c-4bd0-8019-4c067f24caae/none_v3" 201 - "PUT https://[::1]:8080/v1/AUTH_2c0dd7efa1e94d879bc5da8c6f19a646/gnocchi.7cbb3781-f93c-4bd0-8019-4c067f24caae/none_v3" "tx7c5d83a732b84b0c855a7-0069bb704d" "proxy-server 101374" 0.0197 "-" 100257 0
Mar 18 23:41:01 np0005651379.novalocal object-server[100257]: ::1 - - [19/Mar/2026:03:41:01 +0000] "PUT /2/37704/AUTH_2c0dd7efa1e94d879bc5da8c6f19a646/gnocchi.7cbb3781-f93c-4bd0-8019-4c067f24caae/none_v3" 201 - "PUT https://[::1]:8080/v1/AUTH_2c0dd7efa1e94d879bc5da8c6f19a646/gnocchi.7cbb3781-f93c-4bd0-8019-4c067f24caae/none_v3" "tx7c5d83a732b84b0c855a7-0069bb704d" "proxy-server 101374" 0.0192 "-" 100257 0
Mar 18 23:41:01 np0005651379.novalocal proxy-server[101374]: ::1 ::1 19/Mar/2026/03/41/01 PUT /v1/AUTH_2c0dd7efa1e94d879bc5da8c6f19a646/gnocchi.7cbb3781-f93c-4bd0-8019-4c067f24caae/none_v3 HTTP/1.0 201 - python-swiftclient-4.8.0 gAAAAABpu2_uqf-H... 22 - - tx7c5d83a732b84b0c855a7-0069bb704d - 0.0295 - - 1773891661.232522488 1773891661.262013912 0 e61d2c26cb6146fb88642c1126e377de
Mar 18 23:41:01 np0005651379.novalocal NetworkManager[869]: [1773891661.2652] device (qbr011d2ad0-e7): bridge port qvb011d2ad0-e7 was detached
Mar 18 23:41:01 np0005651379.novalocal NetworkManager[869]: [1773891661.2656] device (qbr011d2ad0-e7): state change: activated -> unmanaged (reason 'unmanaged', managed-type: 'removed')
Mar 18 23:41:01 np0005651379.novalocal container-server[99868]: ::1 - - [19/Mar/2026:03:41:01 +0000] "HEAD /2/66372/AUTH_2c0dd7efa1e94d879bc5da8c6f19a646/gnocchi.89a5a956-f727-4c21-8f2a-ed9d31822730" 404 - "HEAD http://[::1]:8080/v1/AUTH_2c0dd7efa1e94d879bc5da8c6f19a646/gnocchi.89a5a956-f727-4c21-8f2a-ed9d31822730" "txf52396a7e4bc4774ae262-0069bb704d" "proxy-server 101374" 0.0002 "-" 99868 0
Mar 18 23:41:01 np0005651379.novalocal container-server[99867]: ::1 - - [19/Mar/2026:03:41:01 +0000] "HEAD /1/66372/AUTH_2c0dd7efa1e94d879bc5da8c6f19a646/gnocchi.89a5a956-f727-4c21-8f2a-ed9d31822730" 404 - "HEAD http://[::1]:8080/v1/AUTH_2c0dd7efa1e94d879bc5da8c6f19a646/gnocchi.89a5a956-f727-4c21-8f2a-ed9d31822730" "txf52396a7e4bc4774ae262-0069bb704d" "proxy-server 101374" 0.0005 "-" 99867 0
Mar 18 23:41:01 np0005651379.novalocal container-server[99867]: ::1 - - [19/Mar/2026:03:41:01 +0000] "HEAD /3/66372/AUTH_2c0dd7efa1e94d879bc5da8c6f19a646/gnocchi.89a5a956-f727-4c21-8f2a-ed9d31822730" 404 - "HEAD http://[::1]:8080/v1/AUTH_2c0dd7efa1e94d879bc5da8c6f19a646/gnocchi.89a5a956-f727-4c21-8f2a-ed9d31822730" "txf52396a7e4bc4774ae262-0069bb704d" "proxy-server 101374" 0.0006 "-" 99867 0
Mar 18 23:41:01 np0005651379.novalocal proxy-server[101374]: - - 19/Mar/2026/03/41/01 HEAD /v1/AUTH_2c0dd7efa1e94d879bc5da8c6f19a646/gnocchi.89a5a956-f727-4c21-8f2a-ed9d31822730 HTTP/1.0 404 - Swift - - - - txf52396a7e4bc4774ae262-0069bb704d - 0.0109 CS - 1773891661.274079800 1773891661.284954071 0 -
Mar 18 23:41:01 np0005651379.novalocal object-server[100257]: ::1 - - [19/Mar/2026:03:41:01 +0000] "GET /2/131167/AUTH_2c0dd7efa1e94d879bc5da8c6f19a646/gnocchi.89a5a956-f727-4c21-8f2a-ed9d31822730/none_v3" 404 70 "GET https://[::1]:8080/v1/AUTH_2c0dd7efa1e94d879bc5da8c6f19a646/gnocchi.89a5a956-f727-4c21-8f2a-ed9d31822730/none_v3" "txf52396a7e4bc4774ae262-0069bb704d" "proxy-server 101374" 0.0005 "-" 100257 0
Mar 18 23:41:01 np0005651379.novalocal object-server[100257]: ::1 - - [19/Mar/2026:03:41:01 +0000] "GET /1/131167/AUTH_2c0dd7efa1e94d879bc5da8c6f19a646/gnocchi.89a5a956-f727-4c21-8f2a-ed9d31822730/none_v3" 404 70 "GET https://[::1]:8080/v1/AUTH_2c0dd7efa1e94d879bc5da8c6f19a646/gnocchi.89a5a956-f727-4c21-8f2a-ed9d31822730/none_v3" "txf52396a7e4bc4774ae262-0069bb704d" "proxy-server 101374" 0.0003 "-" 100257 0
Mar 18 23:41:01 np0005651379.novalocal object-server[100257]: ::1 - - [19/Mar/2026:03:41:01 +0000] "GET /3/131167/AUTH_2c0dd7efa1e94d879bc5da8c6f19a646/gnocchi.89a5a956-f727-4c21-8f2a-ed9d31822730/none_v3" 404 70 "GET https://[::1]:8080/v1/AUTH_2c0dd7efa1e94d879bc5da8c6f19a646/gnocchi.89a5a956-f727-4c21-8f2a-ed9d31822730/none_v3" "txf52396a7e4bc4774ae262-0069bb704d" "proxy-server 101374" 0.0004 "-" 100257 0
Mar 18 23:41:01 np0005651379.novalocal proxy-server[101374]: ::1 ::1 19/Mar/2026/03/41/01 GET /v1/AUTH_2c0dd7efa1e94d879bc5da8c6f19a646/gnocchi.89a5a956-f727-4c21-8f2a-ed9d31822730/none_v3 HTTP/1.0 404 - python-swiftclient-4.8.0 gAAAAABpu2_uqf-H... - 70 - txf52396a7e4bc4774ae262-0069bb704d - 0.0216 - - 1773891661.273593903 1773891661.295201540 0 e61d2c26cb6146fb88642c1126e377de
Mar 18 23:41:01 np0005651379.novalocal kernel: qvo011d2ad0-e7: left promiscuous mode
Mar 18 23:41:01 np0005651379.novalocal account-server[99474]: ::1 - - [19/Mar/2026:03:41:01 +0000] "PUT /1/184762/AUTH_2c0dd7efa1e94d879bc5da8c6f19a646/gnocchi.89a5a956-f727-4c21-8f2a-ed9d31822730" 201 - "PUT http://[::1]:6001/1/66372/AUTH_2c0dd7efa1e94d879bc5da8c6f19a646/gnocchi.89a5a956-f727-4c21-8f2a-ed9d31822730" "txb21d11ce077b41e6bfcb3-0069bb704d" "container-server 99867" 0.0043 "-" 99474 0
