Mar 18 23:40:43 np0005651379.novalocal container-server[99867]: ::1 - - [19/Mar/2026:03:40:43 +0000] "PUT /2/92231/AUTH_2c0dd7efa1e94d879bc5da8c6f19a646/gnocchi.4cd2d56c-84ed-4938-97a1-4f53e3866272/1773360000.0_mean_300.0_v3" 201 - "PUT http://[::1]:8080/1/87866/AUTH_2c0dd7efa1e94d879bc5da8c6f19a646/gnocchi.4cd2d56c-84ed-4938-97a1-4f53e3866272/1773360000.0_mean_300.0_v3" "tx3d1e0e9e75a246da913a6-0069bb703b" "object-server 100256" 0.0017 "-" 99867 0
Mar 18 23:40:43 np0005651379.novalocal object-server[100256]: ::1 - - [19/Mar/2026:03:40:43 +0000] "PUT /1/87866/AUTH_2c0dd7efa1e94d879bc5da8c6f19a646/gnocchi.4cd2d56c-84ed-4938-97a1-4f53e3866272/1773360000.0_mean_300.0_v3" 201 - "PUT https://[::1]:8080/v1/AUTH_2c0dd7efa1e94d879bc5da8c6f19a646/gnocchi.4cd2d56c-84ed-4938-97a1-4f53e3866272/1773360000.0_mean_300.0_v3" "tx3d1e0e9e75a246da913a6-0069bb703b" "proxy-server 101374" 0.0228 "-" 100256 0
Mar 18 23:40:43 np0005651379.novalocal proxy-server[101374]: ::1 ::1 19/Mar/2026/03/40/43 PUT /v1/AUTH_2c0dd7efa1e94d879bc5da8c6f19a646/gnocchi.4cd2d56c-84ed-4938-97a1-4f53e3866272/1773360000.0_mean_300.0_v3 HTTP/1.0 201 - python-swiftclient-4.8.0 gAAAAABpu2_xITFz... 16 - - tx3d1e0e9e75a246da913a6-0069bb703b - 0.0289 - - 1773891643.214448214 1773891643.243353367 0 e61d2c26cb6146fb88642c1126e377de
Mar 18 23:40:43 np0005651379.novalocal container-server[99868]: ::1 - - [19/Mar/2026:03:40:43 +0000] "PUT /3/92231/AUTH_2c0dd7efa1e94d879bc5da8c6f19a646/gnocchi.4cd2d56c-84ed-4938-97a1-4f53e3866272/none_v3" 201 - "PUT http://[::1]:8080/2/163325/AUTH_2c0dd7efa1e94d879bc5da8c6f19a646/gnocchi.4cd2d56c-84ed-4938-97a1-4f53e3866272/none_v3" "tx7fb82aa1896e4bd38b83d-0069bb703b" "object-server 100257" 0.0011 "-" 99868 0
Mar 18 23:40:43 np0005651379.novalocal container-server[99867]: ::1 - - [19/Mar/2026:03:40:43 +0000] "PUT /2/92231/AUTH_2c0dd7efa1e94d879bc5da8c6f19a646/gnocchi.4cd2d56c-84ed-4938-97a1-4f53e3866272/none_v3" 201 - "PUT http://[::1]:8080/1/163325/AUTH_2c0dd7efa1e94d879bc5da8c6f19a646/gnocchi.4cd2d56c-84ed-4938-97a1-4f53e3866272/none_v3" "tx7fb82aa1896e4bd38b83d-0069bb703b" "object-server 100256" 0.0009 "-" 99867 0
Mar 18 23:40:43 np0005651379.novalocal object-server[100257]: ::1 - - [19/Mar/2026:03:40:43 +0000] "PUT /2/163325/AUTH_2c0dd7efa1e94d879bc5da8c6f19a646/gnocchi.4cd2d56c-84ed-4938-97a1-4f53e3866272/none_v3" 201 - "PUT https://[::1]:8080/v1/AUTH_2c0dd7efa1e94d879bc5da8c6f19a646/gnocchi.4cd2d56c-84ed-4938-97a1-4f53e3866272/none_v3" "tx7fb82aa1896e4bd38b83d-0069bb703b" "proxy-server 101374" 0.0132 "-" 100257 0
Mar 18 23:40:43 np0005651379.novalocal container-server[99868]: ::1 - - [19/Mar/2026:03:40:43 +0000] "PUT /1/92231/AUTH_2c0dd7efa1e94d879bc5da8c6f19a646/gnocchi.4cd2d56c-84ed-4938-97a1-4f53e3866272/none_v3" 201 - "PUT http://[::1]:8080/3/163325/AUTH_2c0dd7efa1e94d879bc5da8c6f19a646/gnocchi.4cd2d56c-84ed-4938-97a1-4f53e3866272/none_v3" "tx7fb82aa1896e4bd38b83d-0069bb703b" "object-server 100256" 0.0008 "-" 99868 0
Mar 18 23:40:43 np0005651379.novalocal object-server[100256]: ::1 - - [19/Mar/2026:03:40:43 +0000] "PUT /1/163325/AUTH_2c0dd7efa1e94d879bc5da8c6f19a646/gnocchi.4cd2d56c-84ed-4938-97a1-4f53e3866272/none_v3" 201 - "PUT https://[::1]:8080/v1/AUTH_2c0dd7efa1e94d879bc5da8c6f19a646/gnocchi.4cd2d56c-84ed-4938-97a1-4f53e3866272/none_v3" "tx7fb82aa1896e4bd38b83d-0069bb703b" "proxy-server 101374" 0.0120 "-" 100256 0
Mar 18 23:40:43 np0005651379.novalocal object-server[100256]: ::1 - - [19/Mar/2026:03:40:43 +0000] "PUT /3/163325/AUTH_2c0dd7efa1e94d879bc5da8c6f19a646/gnocchi.4cd2d56c-84ed-4938-97a1-4f53e3866272/none_v3" 201 - "PUT https://[::1]:8080/v1/AUTH_2c0dd7efa1e94d879bc5da8c6f19a646/gnocchi.4cd2d56c-84ed-4938-97a1-4f53e3866272/none_v3" "tx7fb82aa1896e4bd38b83d-0069bb703b" "proxy-server 101374" 0.0160 "-" 100256 0
Mar 18 23:40:43 np0005651379.novalocal proxy-server[101374]: ::1 ::1 19/Mar/2026/03/40/43 PUT /v1/AUTH_2c0dd7efa1e94d879bc5da8c6f19a646/gnocchi.4cd2d56c-84ed-4938-97a1-4f53e3866272/none_v3 HTTP/1.0 201 - python-swiftclient-4.8.0 gAAAAABpu2_xITFz... 31 - - tx7fb82aa1896e4bd38b83d-0069bb703b - 0.0214 - - 1773891643.247103214 1773891643.268536806 0 e61d2c26cb6146fb88642c1126e377de
Mar 18 23:40:44 np0005651379.novalocal kernel: tap104168f0-b2: entered promiscuous mode
Mar 18 23:40:44 np0005651379.novalocal NetworkManager[869]: [1773891644.9429] manager: (tap104168f0-b2): 'openvswitch' plugin not available; creating generic device
Mar 18 23:40:44 np0005651379.novalocal NetworkManager[869]: [1773891644.9447] manager: (tap104168f0-b2): new Generic device (/org/freedesktop/NetworkManager/Devices/36)
Mar 18 23:40:45 np0005651379.novalocal kernel: qr-d2af9ac9-97: entered promiscuous mode
Mar 18 23:40:45 np0005651379.novalocal NetworkManager[869]: [1773891645.8138] manager: (qr-d2af9ac9-97): 'openvswitch' plugin not available; creating generic device
Mar 18 23:40:45 np0005651379.novalocal systemd-udevd[108927]: Network interface NamePolicy= disabled on kernel command line.
Mar 18 23:40:45 np0005651379.novalocal NetworkManager[869]: [1773891645.8152] manager: (qr-d2af9ac9-97): new Generic device (/org/freedesktop/NetworkManager/Devices/37)
Mar 18 23:40:45 np0005651379.novalocal virtnodedevd[103432]: ethtool ioctl error on qr-d2af9ac9-97: No such device
Mar 18 23:40:45 np0005651379.novalocal virtnodedevd[103432]: ethtool ioctl error on qr-d2af9ac9-97: No such device
Mar 18 23:40:45 np0005651379.novalocal virtnodedevd[103432]: ethtool ioctl error on qr-d2af9ac9-97: No such device
Mar 18 23:40:45 np0005651379.novalocal virtnodedevd[103432]: ethtool ioctl error on qr-d2af9ac9-97: No such device
Mar 18 23:40:45 np0005651379.novalocal virtnodedevd[103432]: ethtool ioctl error on qr-d2af9ac9-97: No such device
Mar 18 23:40:45 np0005651379.novalocal virtnodedevd[103432]: ethtool ioctl error on qr-d2af9ac9-97: No such device
Mar 18 23:40:45 np0005651379.novalocal virtnodedevd[103432]: ethtool ioctl error on qr-d2af9ac9-97: No such device
Mar 18 23:40:45 np0005651379.novalocal virtnodedevd[103432]: ethtool ioctl error on qr-d2af9ac9-97: No such device
Mar 18 23:40:45 np0005651379.novalocal dnsmasq[109000]: started, version 2.85 cachesize 150
Mar 18 23:40:45 np0005651379.novalocal dnsmasq[109000]: DNS service limited to local subnets
Mar 18 23:40:45 np0005651379.novalocal dnsmasq[109000]: compile time options: IPv6 GNU-getopt DBus no-UBus no-i18n IDN2 DHCP DHCPv6 no-Lua TFTP no-conntrack ipset auth cryptohash DNSSEC loop-detect inotify dumpfile
Mar 18 23:40:45 np0005651379.novalocal dnsmasq[109000]: warning: no upstream servers configured
Mar 18 23:40:45 np0005651379.novalocal dnsmasq-dhcp[109000]: DHCP, static leases only on 10.100.0.0, lease time 1d
Mar 18 23:40:45 np0005651379.novalocal dnsmasq[109000]: read /var/lib/neutron/dhcp/6875547c-31ad-417c-bd61-00057f35fc95/addn_hosts - 0 addresses
Mar 18 23:40:45 np0005651379.novalocal dnsmasq-dhcp[109000]: read /var/lib/neutron/dhcp/6875547c-31ad-417c-bd61-00057f35fc95/host
Mar 18 23:40:45 np0005651379.novalocal dnsmasq-dhcp[109000]: read /var/lib/neutron/dhcp/6875547c-31ad-417c-bd61-00057f35fc95/opts
Mar 18 23:40:46 np0005651379.novalocal object-auditor[109007]: Begin object audit "forever" mode (ZBF)
Mar 18 23:40:46 np0005651379.novalocal object-auditor[109008]: Begin object audit "forever" mode (ALL)
Mar 18 23:40:46 np0005651379.novalocal object-auditor[109007]: Object audit (ZBF). Since Thu Mar 19 03:40:46 2026: Locally: 1 passed, 0 quarantined, 0 errors, files/sec: 602.46, bytes/sec: 0.00, Total time: 0.00, Auditing time: 0.00, Rate: 0.00
Mar 18 23:40:46 np0005651379.novalocal kernel: qg-f11539cb-a3: entered promiscuous mode
Mar 18 23:40:46 np0005651379.novalocal NetworkManager[869]: [1773891646.2988] manager: (qg-f11539cb-a3): 'openvswitch' plugin not available; creating generic device
Mar 18 23:40:46 np0005651379.novalocal NetworkManager[869]: [1773891646.2998] manager: (qg-f11539cb-a3): new Generic device (/org/freedesktop/NetworkManager/Devices/38)
Mar 18 23:40:46 np0005651379.novalocal virtnodedevd[103432]: ethtool ioctl error on qg-f11539cb-a3: No such device
Mar 18 23:40:46 np0005651379.novalocal virtnodedevd[103432]: ethtool ioctl error on qg-f11539cb-a3: No such device
Mar 18 23:40:46 np0005651379.novalocal virtnodedevd[103432]: ethtool ioctl error on qg-f11539cb-a3: No such device
Mar 18 23:40:46 np0005651379.novalocal virtnodedevd[103432]: ethtool ioctl error on qg-f11539cb-a3: No such device
Mar 18 23:40:46 np0005651379.novalocal virtnodedevd[103432]: ethtool ioctl error on qg-f11539cb-a3: No such device
Mar 18 23:40:46 np0005651379.novalocal virtnodedevd[103432]: ethtool ioctl error on qg-f11539cb-a3: No such device
Mar 18 23:40:46 np0005651379.novalocal virtnodedevd[103432]: ethtool ioctl error on qg-f11539cb-a3: No such device
Mar 18 23:40:46 np0005651379.novalocal virtnodedevd[103432]: ethtool ioctl error on qg-f11539cb-a3: No such device
Mar 18 23:40:47 np0005651379.novalocal dnsmasq[109000]: read /var/lib/neutron/dhcp/6875547c-31ad-417c-bd61-00057f35fc95/addn_hosts - 1 addresses
Mar 18 23:40:47 np0005651379.novalocal dnsmasq-dhcp[109000]: read /var/lib/neutron/dhcp/6875547c-31ad-417c-bd61-00057f35fc95/host
Mar 18 23:40:47 np0005651379.novalocal dnsmasq-dhcp[109000]: read /var/lib/neutron/dhcp/6875547c-31ad-417c-bd61-00057f35fc95/opts
Mar 18 23:40:48 np0005651379.novalocal object-auditor[109008]: Object audit (ALL). Since Thu Mar 19 03:40:46 2026: Locally: 1 passed, 0 quarantined, 0 errors, files/sec: 0.47, bytes/sec: 10000465.68, Total time: 2.14, Auditing time: 0.00, Rate: 0.00
Mar 18 23:40:48 np0005651379.novalocal container-replicator[99951]: Beginning replication run
Mar 18 23:40:48 np0005651379.novalocal dnsmasq[109000]: read /var/lib/neutron/dhcp/6875547c-31ad-417c-bd61-00057f35fc95/addn_hosts - 1 addresses
Mar 18 23:40:48 np0005651379.novalocal dnsmasq-dhcp[109000]: read /var/lib/neutron/dhcp/6875547c-31ad-417c-bd61-00057f35fc95/host
Mar 18 23:40:48 np0005651379.novalocal dnsmasq-dhcp[109000]: read /var/lib/neutron/dhcp/6875547c-31ad-417c-bd61-00057f35fc95/opts
Mar 18 23:40:49 np0005651379.novalocal object-auditor[109007]: Object audit (ZBF) "forever" mode completed: 3.58s. Total quarantined: 0, Total errors: 0, Total files/sec: 50.25, Total bytes/sec: 0.00, Auditing time: 3.55, Rate: 0.99
Mar 18 23:40:49 np0005651379.novalocal dnsmasq[109000]: read /var/lib/neutron/dhcp/6875547c-31ad-417c-bd61-00057f35fc95/addn_hosts - 1 addresses
Mar 18 23:40:49 np0005651379.novalocal dnsmasq-dhcp[109000]: read /var/lib/neutron/dhcp/6875547c-31ad-417c-bd61-00057f35fc95/host
Mar 18 23:40:49 np0005651379.novalocal dnsmasq-dhcp[109000]: read /var/lib/neutron/dhcp/6875547c-31ad-417c-bd61-00057f35fc95/opts
Mar 18 23:40:50 np0005651379.novalocal container-replicator[99951]: Replication run OVER
Mar 18 23:40:50 np0005651379.novalocal container-replicator[99951]: Attempted to replicate 90 dbs in 1.79767 seconds (50.06468/s)
Mar 18 23:40:50 np0005651379.novalocal container-replicator[99951]: Removed 0 dbs
Mar 18 23:40:50 np0005651379.novalocal container-replicator[99951]: 180 successes, 0 failures
Mar 18 23:40:50 np0005651379.novalocal container-replicator[99951]: diff:0 diff_capped:0 empty:0 hashmatch:0 no_change:180 remote_merge:0 rsync:0 ts_repl:0
Mar 18 23:40:50 np0005651379.novalocal object-reconstructor[99297]: Starting object reconstruction pass.
Mar 18 23:40:50 np0005651379.novalocal object-reconstructor[99297]: Nothing reconstructed for 0.0003085136413574219 seconds.
Mar 18 23:40:50 np0005651379.novalocal object-reconstructor[99297]: Object reconstruction complete. (0.00 minutes)
Mar 18 23:40:50 np0005651379.novalocal container-sharder[99041]: Container sharder cycle starting, auto-sharding False
Mar 18 23:40:50 np0005651379.novalocal dnsmasq[107491]: read /var/lib/neutron/dhcp/295ff8d1-c06c-4189-900b-92a547352bc1/addn_hosts - 2 addresses
Mar 18 23:40:50 np0005651379.novalocal dnsmasq-dhcp[107491]: read /var/lib/neutron/dhcp/295ff8d1-c06c-4189-900b-92a547352bc1/host
Mar 18 23:40:50 np0005651379.novalocal dnsmasq-dhcp[107491]: read /var/lib/neutron/dhcp/295ff8d1-c06c-4189-900b-92a547352bc1/opts
Mar 18 23:40:52 np0005651379.novalocal account-server[99475]: ::1 - - [19/Mar/2026:03:40:52 +0000] "HEAD /3/249817/.misplaced_objects" 404 - "HEAD http://localhost/v1/.misplaced_objects?format=json" "txe089d5b3d1004cd7b4dc8-0069bb7044" "Swift Container Reconciler" 0.0005 "-" 99475 -
Mar 18 23:40:52 np0005651379.novalocal account-server[99475]: ::1 - - [19/Mar/2026:03:40:52 +0000] "HEAD /2/249817/.misplaced_objects" 404 - "HEAD http://localhost/v1/.misplaced_objects?format=json" "txe089d5b3d1004cd7b4dc8-0069bb7044" "Swift Container Reconciler" 0.0003 "-" 99475 -
Mar 18 23:40:52 np0005651379.novalocal account-server[99475]: ::1 - - [19/Mar/2026:03:40:52 +0000] "HEAD /1/249817/.misplaced_objects" 404 - "HEAD http://localhost/v1/.misplaced_objects?format=json" "txe089d5b3d1004cd7b4dc8-0069bb7044" "Swift Container Reconciler" 0.0003 "-" 99475 -
Mar 18 23:40:52 np0005651379.novalocal container-reconciler-ic[94780]: - - 19/Mar/2026/03/40/52 HEAD /v1/.misplaced_objects%3Fformat%3Djson HTTP/1.0 404 - Swift - - - - txe089d5b3d1004cd7b4dc8-0069bb7044 - 0.0098 GET_ACCOUNT_INFO - 1773891652.047798872 1773891652.057567120 - -
Mar 18 23:40:52 np0005651379.novalocal container-server[99868]: ::1 - - [19/Mar/2026:03:40:52 +0000] "GET /3/112595/.misplaced_objects/1773889200" 404 - "GET http://localhost/v1/.misplaced_objects/1773889200?format=json&marker=&end_marker=&prefix=&states=listing" "txe089d5b3d1004cd7b4dc8-0069bb7044" "Swift Container Reconciler" 0.0009 "-" 99868 0
Mar 18 23:40:52 np0005651379.novalocal container-server[99867]: ::1 - - [19/Mar/2026:03:40:52 +0000] "GET /1/112595/.misplaced_objects/1773889200" 404 - "GET http://localhost/v1/.misplaced_objects/1773889200?format=json&marker=&end_marker=&prefix=&states=listing" "txe089d5b3d1004cd7b4dc8-0069bb7044" "Swift Container Reconciler" 0.0006 "-" 99867 0
Mar 18 23:40:52 np0005651379.novalocal container-server[99867]: ::1 - - [19/Mar/2026:03:40:52 +0000] "GET /2/112595/.misplaced_objects/1773889200" 404 - "GET http://localhost/v1/.misplaced_objects/1773889200?format=json&marker=&end_marker=&prefix=&states=listing" "txe089d5b3d1004cd7b4dc8-0069bb7044" "Swift Container Reconciler" 0.0005 "-" 99867 0
Mar 18 23:40:52 np0005651379.novalocal container-reconciler-ic[94780]: - - 19/Mar/2026/03/40/52 GET /v1/.misplaced_objects/1773889200%3Fformat%3Djson%26marker%3D%26end_marker%3D%26prefix%3D%26states%3Dlisting HTTP/1.0 404 - Swift%20Container%20Reconciler - - 70 - txe089d5b3d1004cd7b4dc8-0069bb7044 - 0.0240 - - 1773891652.046543121 1773891652.070552111 0 -
Mar 18 23:40:52 np0005651379.novalocal account-server[99475]: ::1 - - [19/Mar/2026:03:40:52 +0000] "GET /3/249817/.misplaced_objects" 404 - "GET http://localhost/v1/.misplaced_objects?format=json&marker=&end_marker=&prefix=" "txd454f4a347a4465896f12-0069bb7044" "Swift Container Reconciler" 0.0003 "-" 99475 -
Mar 18 23:40:52 np0005651379.novalocal account-server[99475]: ::1 - - [19/Mar/2026:03:40:52 +0000] "GET /2/249817/.misplaced_objects" 404 - "GET http://localhost/v1/.misplaced_objects?format=json&marker=&end_marker=&prefix=" "txd454f4a347a4465896f12-0069bb7044" "Swift Container Reconciler" 0.0002 "-" 99475 -
Mar 18 23:40:52 np0005651379.novalocal account-server[99474]: ::1 - - [19/Mar/2026:03:40:52 +0000] "GET /1/249817/.misplaced_objects" 404 - "GET http://localhost/v1/.misplaced_objects?format=json&marker=&end_marker=&prefix=" "txd454f4a347a4465896f12-0069bb7044" "Swift Container Reconciler" 0.0003 "-" 99474 -
Mar 18 23:40:52 np0005651379.novalocal container-reconciler-ic[94780]: - - 19/Mar/2026/03/40/52 GET /v1/.misplaced_objects%3Fformat%3Djson%26marker%3D%26end_marker%3D%26prefix%3D HTTP/1.0 404 - Swift%20Container%20Reconciler - - - - txd454f4a347a4465896f12-0069bb7044 - 0.0096 - - 1773891652.071463346 1773891652.081056833 - -
Mar 18 23:40:52 np0005651379.novalocal container-reconciler[94780]: Reconciler Stats: {}
Mar 18 23:40:52 np0005651379.novalocal container-reconciler[94780]: sleeping between intervals (30.0s)
Mar 18 23:40:52 np0005651379.novalocal dnsmasq[109000]: read /var/lib/neutron/dhcp/6875547c-31ad-417c-bd61-00057f35fc95/addn_hosts - 2 addresses
Mar 18 23:40:52 np0005651379.novalocal dnsmasq-dhcp[109000]: read /var/lib/neutron/dhcp/6875547c-31ad-417c-bd61-00057f35fc95/host
Mar 18 23:40:52 np0005651379.novalocal dnsmasq-dhcp[109000]: read /var/lib/neutron/dhcp/6875547c-31ad-417c-bd61-00057f35fc95/opts
Mar 18 23:40:52 np0005651379.novalocal container-sharder[99041]: Since Thu Mar 19 03:40:50 2026 visited - attempted:0 success:0 failure:0 skipped:90 completed:0
Mar 18 23:40:52 np0005651379.novalocal container-sharder[99041]: Since Thu Mar 19 03:40:50 2026 scanned - attempted:0 success:0 failure:0 found:0 min_time:0 max_time:0
Mar 18 23:40:52 np0005651379.novalocal container-sharder[99041]: Since Thu Mar 19 03:40:50 2026 created - attempted:0 success:0 failure:0
Mar 18 23:40:52 np0005651379.novalocal container-sharder[99041]: Since Thu Mar 19 03:40:50 2026 cleaved - attempted:0 success:0 failure:0 min_time:0 max_time:0
Mar 18 23:40:52 np0005651379.novalocal container-sharder[99041]: Since Thu Mar 19 03:40:50 2026 misplaced - attempted:0 success:0 failure:0 found:0 placed:0 unplaced:0
Mar 18 23:40:52 np0005651379.novalocal container-sharder[99041]: Since Thu Mar 19 03:40:50 2026 audit_root - attempted:0 success:0 failure:0 has_overlap:0 num_overlap:0
Mar 18 23:40:52 np0005651379.novalocal container-sharder[99041]: Since Thu Mar 19 03:40:50 2026 audit_shard - attempted:0 success:0 failure:0
Mar 18 23:40:52 np0005651379.novalocal container-sharder[99041]: Container sharder cycle completed: 1.79s
Mar 18 23:40:52 np0005651379.novalocal object-server[100256]: ::1 - - [19/Mar/2026:03:40:52 +0000] "GET /2/126870/AUTH_2c0dd7efa1e94d879bc5da8c6f19a646/gnocchi.7e8ccfb7-b143-45a8-8174-f8e51353d8c3/none_v3" 200 31 "GET https://[::1]:8080/v1/AUTH_2c0dd7efa1e94d879bc5da8c6f19a646/gnocchi.7e8ccfb7-b143-45a8-8174-f8e51353d8c3/none_v3" "tx9506f1bcd8754278b8769-0069bb7044" "proxy-server 101374" 0.0011 "-" 100256 0
Mar 18 23:40:52 np0005651379.novalocal proxy-server[101374]: ::1 ::1 19/Mar/2026/03/40/52 GET /v1/AUTH_2c0dd7efa1e94d879bc5da8c6f19a646/gnocchi.7e8ccfb7-b143-45a8-8174-f8e51353d8c3/none_v3 HTTP/1.0 200 - python-swiftclient-4.8.0 gAAAAABpu2_xITFz... - 31 - tx9506f1bcd8754278b8769-0069bb7044 - 0.0106 - - 1773891652.663940668 1773891652.674529552 0 e61d2c26cb6146fb88642c1126e377de
Mar 18 23:40:52 np0005651379.novalocal container-server[99867]: ::1 - - [19/Mar/2026:03:40:52 +0000] "GET /2/144673/AUTH_2c0dd7efa1e94d879bc5da8c6f19a646/gnocchi.7e8ccfb7-b143-45a8-8174-f8e51353d8c3" 200 357 "GET https://[::1]:8080/v1/AUTH_2c0dd7efa1e94d879bc5da8c6f19a646/gnocchi.7e8ccfb7-b143-45a8-8174-f8e51353d8c3?format=json&states=listing" "tx99f350324c3847ab87e02-0069bb7044" "proxy-server 101374" 0.0027 "-" 99867 0
Mar 18 23:40:52 np0005651379.novalocal proxy-server[101374]: ::1 ::1 19/Mar/2026/03/40/52 GET /v1/AUTH_2c0dd7efa1e94d879bc5da8c6f19a646/gnocchi.7e8ccfb7-b143-45a8-8174-f8e51353d8c3%3Fformat%3Djson%26states%3Dlisting HTTP/1.0 200 - python-swiftclient-4.8.0 gAAAAABpu2_xITFz... - 357 - tx99f350324c3847ab87e02-0069bb7044 - 0.0114 - - 1773891652.678155422 1773891652.689543962 0 e61d2c26cb6146fb88642c1126e377de
Mar 18 23:40:52 np0005651379.novalocal container-server[99868]: ::1 - - [19/Mar/2026:03:40:52 +0000] "GET /1/144673/AUTH_2c0dd7efa1e94d879bc5da8c6f19a646/gnocchi.7e8ccfb7-b143-45a8-8174-f8e51353d8c3" 200 2 "GET https://[::1]:8080/v1/AUTH_2c0dd7efa1e94d879bc5da8c6f19a646/gnocchi.7e8ccfb7-b143-45a8-8174-f8e51353d8c3?format=json&marker=none_v3&states=listing" "tx1832efe839ff490baee7a-0069bb7044" "proxy-server 101374" 0.0038 "-" 99868 0
Mar 18 23:40:52 np0005651379.novalocal proxy-server[101374]: ::1 ::1 19/Mar/2026/03/40/52 GET /v1/AUTH_2c0dd7efa1e94d879bc5da8c6f19a646/gnocchi.7e8ccfb7-b143-45a8-8174-f8e51353d8c3%3Fformat%3Djson%26marker%3Dnone_v3%26states%3Dlisting HTTP/1.0 200 - python-swiftclient-4.8.0 gAAAAABpu2_xITFz... - 2 - tx1832efe839ff490baee7a-0069bb7044 - 0.0128 - - 1773891652.692767859 1773891652.705579996 0 e61d2c26cb6146fb88642c1126e377de
Mar 18 23:40:52 np0005651379.novalocal object-server[100257]: ::1 - - [19/Mar/2026:03:40:52 +0000] "GET /2/18576/AUTH_2c0dd7efa1e94d879bc5da8c6f19a646/gnocchi.7e8ccfb7-b143-45a8-8174-f8e51353d8c3/1773360000.0_mean_300.0_v3" 200 16 "GET https://[::1]:8080/v1/AUTH_2c0dd7efa1e94d879bc5da8c6f19a646/gnocchi.7e8ccfb7-b143-45a8-8174-f8e51353d8c3/1773360000.0_mean_300.0_v3" "txf627fbdbb6044774b7aca-0069bb7044" "proxy-server 101374" 0.0008 "-" 100257 0
Mar 18 23:40:52 np0005651379.novalocal proxy-server[101374]: ::1 ::1 19/Mar/2026/03/40/52 GET /v1/AUTH_2c0dd7efa1e94d879bc5da8c6f19a646/gnocchi.7e8ccfb7-b143-45a8-8174-f8e51353d8c3/1773360000.0_mean_300.0_v3 HTTP/1.0 200 - python-swiftclient-4.8.0 gAAAAABpu2_xITFz... - 16 - txf627fbdbb6044774b7aca-0069bb7044 - 0.0104 - - 1773891652.710469961 1773891652.720912695 0 e61d2c26cb6146fb88642c1126e377de
Mar 18 23:40:52 np0005651379.novalocal container-server[99867]: ::1 - - [19/Mar/2026:03:40:52 +0000] "PUT /3/144673/AUTH_2c0dd7efa1e94d879bc5da8c6f19a646/gnocchi.7e8ccfb7-b143-45a8-8174-f8e51353d8c3/1773360000.0_mean_300.0_v3" 201 - "PUT http://[::1]:8080/3/18576/AUTH_2c0dd7efa1e94d879bc5da8c6f19a646/gnocchi.7e8ccfb7-b143-45a8-8174-f8e51353d8c3/1773360000.0_mean_300.0_v3" "tx197f7f60a332418a99062-0069bb7044" "object-server 100257" 0.0008 "-" 99867 0
Mar 18 23:40:52 np0005651379.novalocal container-server[99868]: ::1 - - [19/Mar/2026:03:40:52 +0000] "PUT /1/144673/AUTH_2c0dd7efa1e94d879bc5da8c6f19a646/gnocchi.7e8ccfb7-b143-45a8-8174-f8e51353d8c3/1773360000.0_mean_300.0_v3" 201 - "PUT http://[::1]:8080/2/18576/AUTH_2c0dd7efa1e94d879bc5da8c6f19a646/gnocchi.7e8ccfb7-b143-45a8-8174-f8e51353d8c3/1773360000.0_mean_300.0_v3" "tx197f7f60a332418a99062-0069bb7044" "object-server 100256" 0.0008 "-" 99868 0
Mar 18 23:40:52 np0005651379.novalocal object-server[100257]: ::1 - - [19/Mar/2026:03:40:52 +0000] "PUT /3/18576/AUTH_2c0dd7efa1e94d879bc5da8c6f19a646/gnocchi.7e8ccfb7-b143-45a8-8174-f8e51353d8c3/1773360000.0_mean_300.0_v3" 201 - "PUT https://[::1]:8080/v1/AUTH_2c0dd7efa1e94d879bc5da8c6f19a646/gnocchi.7e8ccfb7-b143-45a8-8174-f8e51353d8c3/1773360000.0_mean_300.0_v3" "tx197f7f60a332418a99062-0069bb7044" "proxy-server 101374" 0.0153 "-" 100257 0
Mar 18 23:40:52 np0005651379.novalocal object-server[100256]: ::1 - - [19/Mar/2026:03:40:52 +0000] "PUT /2/18576/AUTH_2c0dd7efa1e94d879bc5da8c6f19a646/gnocchi.7e8ccfb7-b143-45a8-8174-f8e51353d8c3/1773360000.0_mean_300.0_v3" 201 - "PUT https://[::1]:8080/v1/AUTH_2c0dd7efa1e94d879bc5da8c6f19a646/gnocchi.7e8ccfb7-b143-45a8-8174-f8e51353d8c3/1773360000.0_mean_300.0_v3" "tx197f7f60a332418a99062-0069bb7044" "proxy-server 101374" 0.0160 "-" 100256 0
Mar 18 23:40:52 np0005651379.novalocal container-server[99867]: ::1 - - [19/Mar/2026:03:40:52 +0000] "PUT /2/144673/AUTH_2c0dd7efa1e94d879bc5da8c6f19a646/gnocchi.7e8ccfb7-b143-45a8-8174-f8e51353d8c3/1773360000.0_mean_300.0_v3" 201 - "PUT http://[::1]:8080/1/18576/AUTH_2c0dd7efa1e94d879bc5da8c6f19a646/gnocchi.7e8ccfb7-b143-45a8-8174-f8e51353d8c3/1773360000.0_mean_300.0_v3" "tx197f7f60a332418a99062-0069bb7044" "object-server 100256" 0.0009 "-" 99867 0
Mar 18 23:40:52 np0005651379.novalocal object-server[100256]: ::1 - - [19/Mar/2026:03:40:52 +0000] "PUT /1/18576/AUTH_2c0dd7efa1e94d879bc5da8c6f19a646/gnocchi.7e8ccfb7-b143-45a8-8174-f8e51353d8c3/1773360000.0_mean_300.0_v3" 201 - "PUT https://[::1]:8080/v1/AUTH_2c0dd7efa1e94d879bc5da8c6f19a646/gnocchi.7e8ccfb7-b143-45a8-8174-f8e51353d8c3/1773360000.0_mean_300.0_v3" "tx197f7f60a332418a99062-0069bb7044" "proxy-server 101374" 0.0202 "-" 100256 0
Mar 18 23:40:52 np0005651379.novalocal proxy-server[101374]: ::1 ::1 19/Mar/2026/03/40/52 PUT /v1/AUTH_2c0dd7efa1e94d879bc5da8c6f19a646/gnocchi.7e8ccfb7-b143-45a8-8174-f8e51353d8c3/1773360000.0_mean_300.0_v3 HTTP/1.0 201 - python-swiftclient-4.8.0 gAAAAABpu2_xITFz... 16 - - tx197f7f60a332418a99062-0069bb7044 - 0.0346 - - 1773891652.725027084 1773891652.759631634 0 e61d2c26cb6146fb88642c1126e377de
Mar 18 23:40:52 np0005651379.novalocal container-server[99868]: ::1 - - [19/Mar/2026:03:40:52 +0000] "PUT /3/144673/AUTH_2c0dd7efa1e94d879bc5da8c6f19a646/gnocchi.7e8ccfb7-b143-45a8-8174-f8e51353d8c3/none_v3" 201 - "PUT http://[::1]:8080/3/126870/AUTH_2c0dd7efa1e94d879bc5da8c6f19a646/gnocchi.7e8ccfb7-b143-45a8-8174-f8e51353d8c3/none_v3" "tx4a473203aa084968b5fb4-0069bb7044" "object-server 100257" 0.0006 "-" 99868 0
Mar 18 23:40:52 np0005651379.novalocal object-server[100257]: ::1 - - [19/Mar/2026:03:40:52 +0000] "PUT /3/126870/AUTH_2c0dd7efa1e94d879bc5da8c6f19a646/gnocchi.7e8ccfb7-b143-45a8-8174-f8e51353d8c3/none_v3" 201 - "PUT https://[::1]:8080/v1/AUTH_2c0dd7efa1e94d879bc5da8c6f19a646/gnocchi.7e8ccfb7-b143-45a8-8174-f8e51353d8c3/none_v3" "tx4a473203aa084968b5fb4-0069bb7044" "proxy-server 101374" 0.0131 "-" 100257 0
Mar 18 23:40:52 np0005651379.novalocal container-server[99867]: ::1 - - [19/Mar/2026:03:40:52 +0000] "PUT /1/144673/AUTH_2c0dd7efa1e94d879bc5da8c6f19a646/gnocchi.7e8ccfb7-b143-45a8-8174-f8e51353d8c3/none_v3" 201 - "PUT http://[::1]:8080/1/126870/AUTH_2c0dd7efa1e94d879bc5da8c6f19a646/gnocchi.7e8ccfb7-b143-45a8-8174-f8e51353d8c3/none_v3" "tx4a473203aa084968b5fb4-0069bb7044" "object-server 100256" 0.0007 "-" 99867 0
Mar 18 23:40:52 np0005651379.novalocal object-server[100256]: ::1 - - [19/Mar/2026:03:40:52 +0000] "PUT /1/126870/AUTH_2c0dd7efa1e94d879bc5da8c6f19a646/gnocchi.7e8ccfb7-b143-45a8-8174-f8e51353d8c3/none_v3" 201 - "PUT https://[::1]:8080/v1/AUTH_2c0dd7efa1e94d879bc5da8c6f19a646/gnocchi.7e8ccfb7-b143-45a8-8174-f8e51353d8c3/none_v3" "tx4a473203aa084968b5fb4-0069bb7044" "proxy-server 101374" 0.0145 "-" 100256 0
Mar 18 23:40:52 np0005651379.novalocal container-server[99867]: ::1 - - [19/Mar/2026:03:40:52 +0000] "PUT /2/144673/AUTH_2c0dd7efa1e94d879bc5da8c6f19a646/gnocchi.7e8ccfb7-b143-45a8-8174-f8e51353d8c3/none_v3" 201 - "PUT http://[::1]:8080/2/126870/AUTH_2c0dd7efa1e94d879bc5da8c6f19a646/gnocchi.7e8ccfb7-b143-45a8-8174-f8e51353d8c3/none_v3" "tx4a473203aa084968b5fb4-0069bb7044" "object-server 100256" 0.0008 "-" 99867 0
Mar 18 23:40:52 np0005651379.novalocal object-server[100256]: ::1 - - [19/Mar/2026:03:40:52 +0000] "PUT /2/126870/AUTH_2c0dd7efa1e94d879bc5da8c6f19a646/gnocchi.7e8ccfb7-b143-45a8-8174-f8e51353d8c3/none_v3" 201 - "PUT https://[::1]:8080/v1/AUTH_2c0dd7efa1e94d879bc5da8c6f19a646/gnocchi.7e8ccfb7-b143-45a8-8174-f8e51353d8c3/none_v3" "tx4a473203aa084968b5fb4-0069bb7044" "proxy-server 101374" 0.0158 "-" 100256 0
Mar 18 23:40:52 np0005651379.novalocal proxy-server[101374]: ::1 ::1 19/Mar/2026/03/40/52 PUT /v1/AUTH_2c0dd7efa1e94d879bc5da8c6f19a646/gnocchi.7e8ccfb7-b143-45a8-8174-f8e51353d8c3/none_v3 HTTP/1.0 201 - python-swiftclient-4.8.0 gAAAAABpu2_xITFz... 51 - - tx4a473203aa084968b5fb4-0069bb7044 - 0.0310 - - 1773891652.763383150 1773891652.794393063 0 e61d2c26cb6146fb88642c1126e377de
Mar 18 23:40:52 np0005651379.novalocal object-server[100257]: ::1 - - [19/Mar/2026:03:40:52 +0000] "GET /1/228190/AUTH_2c0dd7efa1e94d879bc5da8c6f19a646/gnocchi.b5bc9b78-638f-4050-b29f-1b33fed8865a/none_v3" 200 26 "GET https://[::1]:8080/v1/AUTH_2c0dd7efa1e94d879bc5da8c6f19a646/gnocchi.b5bc9b78-638f-4050-b29f-1b33fed8865a/none_v3" "txd5e4f13ec05d453b86911-0069bb7044" "proxy-server 101374" 0.0007 "-" 100257 0
Mar 18 23:40:52 np0005651379.novalocal proxy-server[101374]: ::1 ::1 19/Mar/2026/03/40/52 GET /v1/AUTH_2c0dd7efa1e94d879bc5da8c6f19a646/gnocchi.b5bc9b78-638f-4050-b29f-1b33fed8865a/none_v3 HTTP/1.0 200 - python-swiftclient-4.8.0 gAAAAABpu2_xITFz... - 26 - txd5e4f13ec05d453b86911-0069bb7044 - 0.0093 - - 1773891652.838000298 1773891652.847297907 0 e61d2c26cb6146fb88642c1126e377de
Mar 18 23:40:52 np0005651379.novalocal container-server[99868]: ::1 - - [19/Mar/2026:03:40:52 +0000] "GET /2/216807/AUTH_2c0dd7efa1e94d879bc5da8c6f19a646/gnocchi.b5bc9b78-638f-4050-b29f-1b33fed8865a" 200 357 "GET https://[::1]:8080/v1/AUTH_2c0dd7efa1e94d879bc5da8c6f19a646/gnocchi.b5bc9b78-638f-4050-b29f-1b33fed8865a?format=json&states=listing" "tx99ee8f0ae9d44aa7a9b5b-0069bb7044" "proxy-server 101374" 0.0026 "-" 99868 0
Mar 18 23:40:52 np0005651379.novalocal proxy-server[101374]: ::1 ::1 19/Mar/2026/03/40/52 GET /v1/AUTH_2c0dd7efa1e94d879bc5da8c6f19a646/gnocchi.b5bc9b78-638f-4050-b29f-1b33fed8865a%3Fformat%3Djson%26states%3Dlisting HTTP/1.0 200 - python-swiftclient-4.8.0 gAAAAABpu2_xITFz... - 357 - tx99ee8f0ae9d44aa7a9b5b-0069bb7044 - 0.0115 - - 1773891652.850481749 1773891652.862010956 0 e61d2c26cb6146fb88642c1126e377de
Mar 18 23:40:52 np0005651379.novalocal container-server[99867]: ::1 - - [19/Mar/2026:03:40:52 +0000] "GET /1/216807/AUTH_2c0dd7efa1e94d879bc5da8c6f19a646/gnocchi.b5bc9b78-638f-4050-b29f-1b33fed8865a" 200 2 "GET https://[::1]:8080/v1/AUTH_2c0dd7efa1e94d879bc5da8c6f19a646/gnocchi.b5bc9b78-638f-4050-b29f-1b33fed8865a?format=json&marker=none_v3&states=listing" "txa0e1d6d2c83a48ab846dc-0069bb7044" "proxy-server 101374" 0.0024 "-" 99867 0
Mar 18 23:40:52 np0005651379.novalocal proxy-server[101374]: ::1 ::1 19/Mar/2026/03/40/52 GET /v1/AUTH_2c0dd7efa1e94d879bc5da8c6f19a646/gnocchi.b5bc9b78-638f-4050-b29f-1b33fed8865a%3Fformat%3Djson%26marker%3Dnone_v3%26states%3Dlisting HTTP/1.0 200 - python-swiftclient-4.8.0 gAAAAABpu2_xITFz... - 2 - txa0e1d6d2c83a48ab846dc-0069bb7044 - 0.0111 - - 1773891652.864899874 1773891652.875987530 0 e61d2c26cb6146fb88642c1126e377de
Mar 18 23:40:52 np0005651379.novalocal object-server[100257]: ::1 - - [19/Mar/2026:03:40:52 +0000] "GET /1/199964/AUTH_2c0dd7efa1e94d879bc5da8c6f19a646/gnocchi.b5bc9b78-638f-4050-b29f-1b33fed8865a/1773360000.0_mean_300.0_v3" 200 16 "GET https://[::1]:8080/v1/AUTH_2c0dd7efa1e94d879bc5da8c6f19a646/gnocchi.b5bc9b78-638f-4050-b29f-1b33fed8865a/1773360000.0_mean_300.0_v3" "txb3dfdef3d5814fe68ea7c-0069bb7044" "proxy-server 101374" 0.0007 "-" 100257 0
Mar 18 23:40:52 np0005651379.novalocal proxy-server[101374]: ::1 ::1 19/Mar/2026/03/40/52 GET /v1/AUTH_2c0dd7efa1e94d879bc5da8c6f19a646/gnocchi.b5bc9b78-638f-4050-b29f-1b33fed8865a/1773360000.0_mean_300.0_v3 HTTP/1.0 200 - python-swiftclient-4.8.0 gAAAAABpu2_xITFz... - 16 - txb3dfdef3d5814fe68ea7c-0069bb7044 - 0.0090 - - 1773891652.879196882 1773891652.888241053 0 e61d2c26cb6146fb88642c1126e377de
Mar 18 23:40:52 np0005651379.novalocal container-server[99867]: ::1 - - [19/Mar/2026:03:40:52 +0000] "PUT /3/216807/AUTH_2c0dd7efa1e94d879bc5da8c6f19a646/gnocchi.b5bc9b78-638f-4050-b29f-1b33fed8865a/1773360000.0_mean_300.0_v3" 201 - "PUT http://[::1]:8080/1/199964/AUTH_2c0dd7efa1e94d879bc5da8c6f19a646/gnocchi.b5bc9b78-638f-4050-b29f-1b33fed8865a/1773360000.0_mean_300.0_v3" "tx027b0812762f42cbb3d55-0069bb7044" "object-server 100256" 0.0007 "-" 99867 0
Mar 18 23:40:52 np0005651379.novalocal container-server[99868]: ::1 - - [19/Mar/2026:03:40:52 +0000] "PUT /2/216807/AUTH_2c0dd7efa1e94d879bc5da8c6f19a646/gnocchi.b5bc9b78-638f-4050-b29f-1b33fed8865a/1773360000.0_mean_300.0_v3" 201 - "PUT http://[::1]:8080/2/199964/AUTH_2c0dd7efa1e94d879bc5da8c6f19a646/gnocchi.b5bc9b78-638f-4050-b29f-1b33fed8865a/1773360000.0_mean_300.0_v3" "tx027b0812762f42cbb3d55-0069bb7044" "object-server 100256" 0.0005 "-" 99868 0
Mar 18 23:40:52 np0005651379.novalocal object-server[100256]: ::1 - - [19/Mar/2026:03:40:52 +0000] "PUT /2/199964/AUTH_2c0dd7efa1e94d879bc5da8c6f19a646/gnocchi.b5bc9b78-638f-4050-b29f-1b33fed8865a/1773360000.0_mean_300.0_v3" 201 - "PUT https://[::1]:8080/v1/AUTH_2c0dd7efa1e94d879bc5da8c6f19a646/gnocchi.b5bc9b78-638f-4050-b29f-1b33fed8865a/1773360000.0_mean_300.0_v3" "tx027b0812762f42cbb3d55-0069bb7044" "proxy-server 101374" 0.0127 "-" 100256 0
Mar 18 23:40:52 np0005651379.novalocal object-server[100256]: ::1 - - [19/Mar/2026:03:40:52 +0000] "PUT /1/199964/AUTH_2c0dd7efa1e94d879bc5da8c6f19a646/gnocchi.b5bc9b78-638f-4050-b29f-1b33fed8865a/1773360000.0_mean_300.0_v3" 201 - "PUT https://[::1]:8080/v1/AUTH_2c0dd7efa1e94d879bc5da8c6f19a646/gnocchi.b5bc9b78-638f-4050-b29f-1b33fed8865a/1773360000.0_mean_300.0_v3" "tx027b0812762f42cbb3d55-0069bb7044" "proxy-server 101374" 0.0159 "-" 100256 0
Mar 18 23:40:52 np0005651379.novalocal container-server[99868]: ::1 - - [19/Mar/2026:03:40:52 +0000] "PUT /1/216807/AUTH_2c0dd7efa1e94d879bc5da8c6f19a646/gnocchi.b5bc9b78-638f-4050-b29f-1b33fed8865a/1773360000.0_mean_300.0_v3" 201 - "PUT http://[::1]:8080/3/199964/AUTH_2c0dd7efa1e94d879bc5da8c6f19a646/gnocchi.b5bc9b78-638f-4050-b29f-1b33fed8865a/1773360000.0_mean_300.0_v3" "tx027b0812762f42cbb3d55-0069bb7044" "object-server 100256" 0.0003 "-" 99868 0
Mar 18 23:40:52 np0005651379.novalocal object-server[100256]: ::1 - - [19/Mar/2026:03:40:52 +0000] "PUT /3/199964/AUTH_2c0dd7efa1e94d879bc5da8c6f19a646/gnocchi.b5bc9b78-638f-4050-b29f-1b33fed8865a/1773360000.0_mean_300.0_v3" 201 - "PUT https://[::1]:8080/v1/AUTH_2c0dd7efa1e94d879bc5da8c6f19a646/gnocchi.b5bc9b78-638f-4050-b29f-1b33fed8865a/1773360000.0_mean_300.0_v3" "tx027b0812762f42cbb3d55-0069bb7044" "proxy-server 101374" 0.0155 "-" 100256 0
Mar 18 23:40:52 np0005651379.novalocal proxy-server[101374]: ::1 ::1 19/Mar/2026/03/40/52 PUT /v1/AUTH_2c0dd7efa1e94d879bc5da8c6f19a646/gnocchi.b5bc9b78-638f-4050-b29f-1b33fed8865a/1773360000.0_mean_300.0_v3 HTTP/1.0 201 - python-swiftclient-4.8.0 gAAAAABpu2_xITFz... 16 - - tx027b0812762f42cbb3d55-0069bb7044 - 0.0291 - - 1773891652.891131878 1773891652.920261383 0 e61d2c26cb6146fb88642c1126e377de
Mar 18 23:40:52 np0005651379.novalocal container-server[99868]: ::1 - - [19/Mar/2026:03:40:52 +0000] "PUT /2/216807/AUTH_2c0dd7efa1e94d879bc5da8c6f19a646/gnocchi.b5bc9b78-638f-4050-b29f-1b33fed8865a/none_v3" 201 - "PUT http://[::1]:8080/2/228190/AUTH_2c0dd7efa1e94d879bc5da8c6f19a646/gnocchi.b5bc9b78-638f-4050-b29f-1b33fed8865a/none_v3" "tx75a95dfefdb4442fb4c39-0069bb7044" "object-server 100257" 0.0004 "-" 99868 0
Mar 18 23:40:52 np0005651379.novalocal object-server[100257]: ::1 - - [19/Mar/2026:03:40:52 +0000] "PUT /2/228190/AUTH_2c0dd7efa1e94d879bc5da8c6f19a646/gnocchi.b5bc9b78-638f-4050-b29f-1b33fed8865a/none_v3" 201 - "PUT https://[::1]:8080/v1/AUTH_2c0dd7efa1e94d879bc5da8c6f19a646/gnocchi.b5bc9b78-638f-4050-b29f-1b33fed8865a/none_v3" "tx75a95dfefdb4442fb4c39-0069bb7044" "proxy-server 101374" 0.0126 "-" 100257 0
Mar 18 23:40:52 np0005651379.novalocal container-server[99868]: ::1 - - [19/Mar/2026:03:40:52 +0000] "PUT /3/216807/AUTH_2c0dd7efa1e94d879bc5da8c6f19a646/gnocchi.b5bc9b78-638f-4050-b29f-1b33fed8865a/none_v3" 201 - "PUT http://[::1]:8080/3/228190/AUTH_2c0dd7efa1e94d879bc5da8c6f19a646/gnocchi.b5bc9b78-638f-4050-b29f-1b33fed8865a/none_v3" "tx75a95dfefdb4442fb4c39-0069bb7044" "object-server 100257" 0.0004 "-" 99868 0
Mar 18 23:40:52 np0005651379.novalocal object-server[100257]: ::1 - - [19/Mar/2026:03:40:52 +0000] "PUT /3/228190/AUTH_2c0dd7efa1e94d879bc5da8c6f19a646/gnocchi.b5bc9b78-638f-4050-b29f-1b33fed8865a/none_v3" 201 - "PUT https://[::1]:8080/v1/AUTH_2c0dd7efa1e94d879bc5da8c6f19a646/gnocchi.b5bc9b78-638f-4050-b29f-1b33fed8865a/none_v3" "tx75a95dfefdb4442fb4c39-0069bb7044" "proxy-server 101374" 0.0173 "-" 100257 0
Mar 18 23:40:52 np0005651379.novalocal container-server[99868]: ::1 - - [19/Mar/2026:03:40:52 +0000] "PUT /1/216807/AUTH_2c0dd7efa1e94d879bc5da8c6f19a646/gnocchi.b5bc9b78-638f-4050-b29f-1b33fed8865a/none_v3" 201 - "PUT http://[::1]:8080/1/228190/AUTH_2c0dd7efa1e94d879bc5da8c6f19a646/gnocchi.b5bc9b78-638f-4050-b29f-1b33fed8865a/none_v3" "tx75a95dfefdb4442fb4c39-0069bb7044" "object-server 100257" 0.0004 "-" 99868 0
Mar 18 23:40:52 np0005651379.novalocal object-server[100257]: ::1 - - [19/Mar/2026:03:40:52 +0000] "PUT /1/228190/AUTH_2c0dd7efa1e94d879bc5da8c6f19a646/gnocchi.b5bc9b78-638f-4050-b29f-1b33fed8865a/none_v3" 201 - "PUT https://[::1]:8080/v1/AUTH_2c0dd7efa1e94d879bc5da8c6f19a646/gnocchi.b5bc9b78-638f-4050-b29f-1b33fed8865a/none_v3" "tx75a95dfefdb4442fb4c39-0069bb7044" "proxy-server 101374" 0.0210 "-" 100257 0
Mar 18 23:40:52 np0005651379.novalocal proxy-server[101374]: ::1 ::1 19/Mar/2026/03/40/52 PUT /v1/AUTH_2c0dd7efa1e94d879bc5da8c6f19a646/gnocchi.b5bc9b78-638f-4050-b29f-1b33fed8865a/none_v3 HTTP/1.0 201 - python-swiftclient-4.8.0 gAAAAABpu2_xITFz... 44 - - tx75a95dfefdb4442fb4c39-0069bb7044 - 0.0325 - - 1773891652.923177004 1773891652.955679655 0 e61d2c26cb6146fb88642c1126e377de
Mar 18 23:40:53 np0005651379.novalocal object-server[100256]: ::1 - - [19/Mar/2026:03:40:53 +0000] "GET /3/207830/AUTH_2c0dd7efa1e94d879bc5da8c6f19a646/gnocchi.6c986096-ff3a-4fdb-95c9-a9ebc752b46d/none_v3" 200 30 "GET https://[::1]:8080/v1/AUTH_2c0dd7efa1e94d879bc5da8c6f19a646/gnocchi.6c986096-ff3a-4fdb-95c9-a9ebc752b46d/none_v3" "txdae0d48db82c455eac3e6-0069bb7044" "proxy-server 101374" 0.0013 "-" 100256 0
Mar 18 23:40:53 np0005651379.novalocal proxy-server[101374]: ::1 ::1 19/Mar/2026/03/40/53 GET /v1/AUTH_2c0dd7efa1e94d879bc5da8c6f19a646/gnocchi.6c986096-ff3a-4fdb-95c9-a9ebc752b46d/none_v3 HTTP/1.0 200 - python-swiftclient-4.8.0 gAAAAABpu2_xITFz... - 30 - txdae0d48db82c455eac3e6-0069bb7044 - 0.0131 - - 1773891652.994305134 1773891653.007399797 0 e61d2c26cb6146fb88642c1126e377de
Mar 18 23:40:53 np0005651379.novalocal container-server[99868]: ::1 - - [19/Mar/2026:03:40:53 +0000] "GET /2/252879/AUTH_2c0dd7efa1e94d879bc5da8c6f19a646/gnocchi.6c986096-ff3a-4fdb-95c9-a9ebc752b46d" 200 357 "GET https://[::1]:8080/v1/AUTH_2c0dd7efa1e94d879bc5da8c6f19a646/gnocchi.6c986096-ff3a-4fdb-95c9-a9ebc752b46d?format=json&states=listing" "txb08634fe60b14a889d7eb-0069bb7045" "proxy-server 101374" 0.0028 "-" 99868 0
Mar 18 23:40:53 np0005651379.novalocal proxy-server[101374]: ::1 ::1 19/Mar/2026/03/40/53 GET /v1/AUTH_2c0dd7efa1e94d879bc5da8c6f19a646/gnocchi.6c986096-ff3a-4fdb-95c9-a9ebc752b46d%3Fformat%3Djson%26states%3Dlisting HTTP/1.0 200 - python-swiftclient-4.8.0 gAAAAABpu2_xITFz... - 357 - txb08634fe60b14a889d7eb-0069bb7045 - 0.0127 - - 1773891653.012335777 1773891653.024991035 0 e61d2c26cb6146fb88642c1126e377de
Mar 18 23:40:53 np0005651379.novalocal container-server[99868]: ::1 - - [19/Mar/2026:03:40:53 +0000] "GET /2/252879/AUTH_2c0dd7efa1e94d879bc5da8c6f19a646/gnocchi.6c986096-ff3a-4fdb-95c9-a9ebc752b46d" 200 2 "GET https://[::1]:8080/v1/AUTH_2c0dd7efa1e94d879bc5da8c6f19a646/gnocchi.6c986096-ff3a-4fdb-95c9-a9ebc752b46d?format=json&marker=none_v3&states=listing" "txa451c7e984ca4c69b6979-0069bb7045" "proxy-server 101374" 0.0020 "-" 99868 0
Mar 18 23:40:53 np0005651379.novalocal proxy-server[101374]: ::1 ::1 19/Mar/2026/03/40/53 GET /v1/AUTH_2c0dd7efa1e94d879bc5da8c6f19a646/gnocchi.6c986096-ff3a-4fdb-95c9-a9ebc752b46d%3Fformat%3Djson%26marker%3Dnone_v3%26states%3Dlisting HTTP/1.0 200 - python-swiftclient-4.8.0 gAAAAABpu2_xITFz... - 2 - txa451c7e984ca4c69b6979-0069bb7045 - 0.0124 - - 1773891653.028996706 1773891653.041401386 0 e61d2c26cb6146fb88642c1126e377de
Mar 18 23:40:53 np0005651379.novalocal object-server[100256]: ::1 - - [19/Mar/2026:03:40:53 +0000] "GET /3/134323/AUTH_2c0dd7efa1e94d879bc5da8c6f19a646/gnocchi.6c986096-ff3a-4fdb-95c9-a9ebc752b46d/1773360000.0_mean_300.0_v3" 200 16 "GET https://[::1]:8080/v1/AUTH_2c0dd7efa1e94d879bc5da8c6f19a646/gnocchi.6c986096-ff3a-4fdb-95c9-a9ebc752b46d/1773360000.0_mean_300.0_v3" "tx662881e408e445318c4a7-0069bb7045" "proxy-server 101374" 0.0009 "-" 100256 0
Mar 18 23:40:53 np0005651379.novalocal proxy-server[101374]: ::1 ::1 19/Mar/2026/03/40/53 GET /v1/AUTH_2c0dd7efa1e94d879bc5da8c6f19a646/gnocchi.6c986096-ff3a-4fdb-95c9-a9ebc752b46d/1773360000.0_mean_300.0_v3 HTTP/1.0 200 - python-swiftclient-4.8.0 gAAAAABpu2_xITFz... - 16 - tx662881e408e445318c4a7-0069bb7045 - 0.0096 - - 1773891653.045940161 1773891653.055539608 0 e61d2c26cb6146fb88642c1126e377de
Mar 18 23:40:53 np0005651379.novalocal container-server[99867]: ::1 - - [19/Mar/2026:03:40:53 +0000] "PUT /3/252879/AUTH_2c0dd7efa1e94d879bc5da8c6f19a646/gnocchi.6c986096-ff3a-4fdb-95c9-a9ebc752b46d/1773360000.0_mean_300.0_v3" 201 - "PUT http://[::1]:8080/1/134323/AUTH_2c0dd7efa1e94d879bc5da8c6f19a646/gnocchi.6c986096-ff3a-4fdb-95c9-a9ebc752b46d/1773360000.0_mean_300.0_v3" "tx55f87bae60544169a4d2a-0069bb7045" "object-server 100257" 0.0009 "-" 99867 0
Mar 18 23:40:53 np0005651379.novalocal container-server[99868]: ::1 - - [19/Mar/2026:03:40:53 +0000] "PUT /1/252879/AUTH_2c0dd7efa1e94d879bc5da8c6f19a646/gnocchi.6c986096-ff3a-4fdb-95c9-a9ebc752b46d/1773360000.0_mean_300.0_v3" 201 - "PUT http://[::1]:8080/2/134323/AUTH_2c0dd7efa1e94d879bc5da8c6f19a646/gnocchi.6c986096-ff3a-4fdb-95c9-a9ebc752b46d/1773360000.0_mean_300.0_v3" "tx55f87bae60544169a4d2a-0069bb7045" "object-server 100256" 0.0008 "-" 99868 0
Mar 18 23:40:53 np0005651379.novalocal object-server[100257]: ::1 - - [19/Mar/2026:03:40:53 +0000] "PUT /1/134323/AUTH_2c0dd7efa1e94d879bc5da8c6f19a646/gnocchi.6c986096-ff3a-4fdb-95c9-a9ebc752b46d/1773360000.0_mean_300.0_v3" 201 - "PUT https://[::1]:8080/v1/AUTH_2c0dd7efa1e94d879bc5da8c6f19a646/gnocchi.6c986096-ff3a-4fdb-95c9-a9ebc752b46d/1773360000.0_mean_300.0_v3" "tx55f87bae60544169a4d2a-0069bb7045" "proxy-server 101374" 0.0148 "-" 100257 0
Mar 18 23:40:53 np0005651379.novalocal container-server[99867]: ::1 - - [19/Mar/2026:03:40:53 +0000] "PUT /2/252879/AUTH_2c0dd7efa1e94d879bc5da8c6f19a646/gnocchi.6c986096-ff3a-4fdb-95c9-a9ebc752b46d/1773360000.0_mean_300.0_v3" 201 - "PUT http://[::1]:8080/3/134323/AUTH_2c0dd7efa1e94d879bc5da8c6f19a646/gnocchi.6c986096-ff3a-4fdb-95c9-a9ebc752b46d/1773360000.0_mean_300.0_v3" "tx55f87bae60544169a4d2a-0069bb7045" "object-server 100256" 0.0006 "-" 99867 0
Mar 18 23:40:53 np0005651379.novalocal object-server[100256]: ::1 - - [19/Mar/2026:03:40:53 +0000] "PUT /2/134323/AUTH_2c0dd7efa1e94d879bc5da8c6f19a646/gnocchi.6c986096-ff3a-4fdb-95c9-a9ebc752b46d/1773360000.0_mean_300.0_v3" 201 - "PUT https://[::1]:8080/v1/AUTH_2c0dd7efa1e94d879bc5da8c6f19a646/gnocchi.6c986096-ff3a-4fdb-95c9-a9ebc752b46d/1773360000.0_mean_300.0_v3" "tx55f87bae60544169a4d2a-0069bb7045" "proxy-server 101374" 0.0133 "-" 100256 0
Mar 18 23:40:53 np0005651379.novalocal object-server[100256]: ::1 - - [19/Mar/2026:03:40:53 +0000] "PUT /3/134323/AUTH_2c0dd7efa1e94d879bc5da8c6f19a646/gnocchi.6c986096-ff3a-4fdb-95c9-a9ebc752b46d/1773360000.0_mean_300.0_v3" 201 - "PUT https://[::1]:8080/v1/AUTH_2c0dd7efa1e94d879bc5da8c6f19a646/gnocchi.6c986096-ff3a-4fdb-95c9-a9ebc752b46d/1773360000.0_mean_300.0_v3" "tx55f87bae60544169a4d2a-0069bb7045" "proxy-server 101374" 0.0172 "-" 100256 0
Mar 18 23:40:53 np0005651379.novalocal proxy-server[101374]: ::1 ::1 19/Mar/2026/03/40/53 PUT /v1/AUTH_2c0dd7efa1e94d879bc5da8c6f19a646/gnocchi.6c986096-ff3a-4fdb-95c9-a9ebc752b46d/1773360000.0_mean_300.0_v3 HTTP/1.0 201 - python-swiftclient-4.8.0 gAAAAABpu2_xITFz... 16 - - tx55f87bae60544169a4d2a-0069bb7045 - 0.0274 - - 1773891653.058344603 1773891653.085720539 0 e61d2c26cb6146fb88642c1126e377de
Mar 18 23:40:53 np0005651379.novalocal container-server[99868]: ::1 - - [19/Mar/2026:03:40:53 +0000] "PUT /1/252879/AUTH_2c0dd7efa1e94d879bc5da8c6f19a646/gnocchi.6c986096-ff3a-4fdb-95c9-a9ebc752b46d/none_v3" 201 - "PUT http://[::1]:8080/1/207830/AUTH_2c0dd7efa1e94d879bc5da8c6f19a646/gnocchi.6c986096-ff3a-4fdb-95c9-a9ebc752b46d/none_v3" "txf834c49458c745f1b52c6-0069bb7045" "object-server 100257" 0.0010 "-" 99868 0
Mar 18 23:40:53 np0005651379.novalocal object-server[100257]: ::1 - - [19/Mar/2026:03:40:53 +0000] "PUT /1/207830/AUTH_2c0dd7efa1e94d879bc5da8c6f19a646/gnocchi.6c986096-ff3a-4fdb-95c9-a9ebc752b46d/none_v3" 201 - "PUT https://[::1]:8080/v1/AUTH_2c0dd7efa1e94d879bc5da8c6f19a646/gnocchi.6c986096-ff3a-4fdb-95c9-a9ebc752b46d/none_v3" "txf834c49458c745f1b52c6-0069bb7045" "proxy-server 101374" 0.0144 "-" 100257 0
Mar 18 23:40:53 np0005651379.novalocal container-server[99868]: ::1 - - [19/Mar/2026:03:40:53 +0000] "PUT /3/252879/AUTH_2c0dd7efa1e94d879bc5da8c6f19a646/gnocchi.6c986096-ff3a-4fdb-95c9-a9ebc752b46d/none_v3" 201 - "PUT http://[::1]:8080/3/207830/AUTH_2c0dd7efa1e94d879bc5da8c6f19a646/gnocchi.6c986096-ff3a-4fdb-95c9-a9ebc752b46d/none_v3" "txf834c49458c745f1b52c6-0069bb7045" "object-server 100256" 0.0006 "-" 99868 0
Mar 18 23:40:53 np0005651379.novalocal object-server[100256]: ::1 - - [19/Mar/2026:03:40:53 +0000] "PUT /3/207830/AUTH_2c0dd7efa1e94d879bc5da8c6f19a646/gnocchi.6c986096-ff3a-4fdb-95c9-a9ebc752b46d/none_v3" 201 - "PUT https://[::1]:8080/v1/AUTH_2c0dd7efa1e94d879bc5da8c6f19a646/gnocchi.6c986096-ff3a-4fdb-95c9-a9ebc752b46d/none_v3" "txf834c49458c745f1b52c6-0069bb7045" "proxy-server 101374" 0.0169 "-" 100256 0
Mar 18 23:40:53 np0005651379.novalocal container-server[99868]: ::1 - - [19/Mar/2026:03:40:53 +0000] "PUT /2/252879/AUTH_2c0dd7efa1e94d879bc5da8c6f19a646/gnocchi.6c986096-ff3a-4fdb-95c9-a9ebc752b46d/none_v3" 201 - "PUT http://[::1]:8080/2/207830/AUTH_2c0dd7efa1e94d879bc5da8c6f19a646/gnocchi.6c986096-ff3a-4fdb-95c9-a9ebc752b46d/none_v3" "txf834c49458c745f1b52c6-0069bb7045" "object-server 100256" 0.0006 "-" 99868 0
Mar 18 23:40:53 np0005651379.novalocal object-server[100256]: ::1 - - [19/Mar/2026:03:40:53 +0000] "PUT /2/207830/AUTH_2c0dd7efa1e94d879bc5da8c6f19a646/gnocchi.6c986096-ff3a-4fdb-95c9-a9ebc752b46d/none_v3" 201 - "PUT https://[::1]:8080/v1/AUTH_2c0dd7efa1e94d879bc5da8c6f19a646/gnocchi.6c986096-ff3a-4fdb-95c9-a9ebc752b46d/none_v3" "txf834c49458c745f1b52c6-0069bb7045" "proxy-server 101374" 0.0165 "-" 100256 0
Mar 18 23:40:53 np0005651379.novalocal proxy-server[101374]: ::1 ::1 19/Mar/2026/03/40/53 PUT /v1/AUTH_2c0dd7efa1e94d879bc5da8c6f19a646/gnocchi.6c986096-ff3a-4fdb-95c9-a9ebc752b46d/none_v3 HTTP/1.0 201 - python-swiftclient-4.8.0 gAAAAABpu2_xITFz... 50 - - txf834c49458c745f1b52c6-0069bb7045 - 0.0280 - - 1773891653.089409113 1773891653.117437363 0 e61d2c26cb6146fb88642c1126e377de
Mar 18 23:40:53 np0005651379.novalocal object-server[100256]: ::1 - - [19/Mar/2026:03:40:53 +0000] "GET /2/163325/AUTH_2c0dd7efa1e94d879bc5da8c6f19a646/gnocchi.4cd2d56c-84ed-4938-97a1-4f53e3866272/none_v3" 200 31 "GET https://[::1]:8080/v1/AUTH_2c0dd7efa1e94d879bc5da8c6f19a646/gnocchi.4cd2d56c-84ed-4938-97a1-4f53e3866272/none_v3" "tx6bc8c5bf7ebf4767b9ced-0069bb7045" "proxy-server 101374" 0.0015 "-" 100256 0
Mar 18 23:40:53 np0005651379.novalocal proxy-server[101374]: ::1 ::1 19/Mar/2026/03/40/53 GET /v1/AUTH_2c0dd7efa1e94d879bc5da8c6f19a646/gnocchi.4cd2d56c-84ed-4938-97a1-4f53e3866272/none_v3 HTTP/1.0 200 - python-swiftclient-4.8.0 gAAAAABpu2_xITFz... - 31 - tx6bc8c5bf7ebf4767b9ced-0069bb7045 - 0.0149 - - 1773891653.138064146 1773891653.152923346 0 e61d2c26cb6146fb88642c1126e377de
Mar 18 23:40:53 np0005651379.novalocal container-server[99868]: ::1 - - [19/Mar/2026:03:40:53 +0000] "GET /2/92231/AUTH_2c0dd7efa1e94d879bc5da8c6f19a646/gnocchi.4cd2d56c-84ed-4938-97a1-4f53e3866272" 200 357 "GET https://[::1]:8080/v1/AUTH_2c0dd7efa1e94d879bc5da8c6f19a646/gnocchi.4cd2d56c-84ed-4938-97a1-4f53e3866272?format=json&states=listing" "tx89f7bb9525de4eb7a1388-0069bb7045" "proxy-server 101374" 0.0046 "-" 99868 0
Mar 18 23:40:53 np0005651379.novalocal proxy-server[101374]: ::1 ::1 19/Mar/2026/03/40/53 GET /v1/AUTH_2c0dd7efa1e94d879bc5da8c6f19a646/gnocchi.4cd2d56c-84ed-4938-97a1-4f53e3866272%3Fformat%3Djson%26states%3Dlisting HTTP/1.0 200 - python-swiftclient-4.8.0 gAAAAABpu2_xITFz... - 357 - tx89f7bb9525de4eb7a1388-0069bb7045 - 0.0236 - - 1773891653.157699823 1773891653.181331635 0 e61d2c26cb6146fb88642c1126e377de
Mar 18 23:40:53 np0005651379.novalocal container-server[99868]: ::1 - - [19/Mar/2026:03:40:53 +0000] "GET /2/92231/AUTH_2c0dd7efa1e94d879bc5da8c6f19a646/gnocchi.4cd2d56c-84ed-4938-97a1-4f53e3866272" 200 2 "GET https://[::1]:8080/v1/AUTH_2c0dd7efa1e94d879bc5da8c6f19a646/gnocchi.4cd2d56c-84ed-4938-97a1-4f53e3866272?format=json&marker=none_v3&states=listing" "tx0a03b4c6ec5441739ea9a-0069bb7045" "proxy-server 101374" 0.0044 "-" 99868 0
Mar 18 23:40:53 np0005651379.novalocal proxy-server[101374]: ::1 ::1 19/Mar/2026/03/40/53 GET /v1/AUTH_2c0dd7efa1e94d879bc5da8c6f19a646/gnocchi.4cd2d56c-84ed-4938-97a1-4f53e3866272%3Fformat%3Djson%26marker%3Dnone_v3%26states%3Dlisting HTTP/1.0 200 - python-swiftclient-4.8.0 gAAAAABpu2_xITFz... - 2 - tx0a03b4c6ec5441739ea9a-0069bb7045 - 0.0155 - - 1773891653.187493086 1773891653.203028917 0 e61d2c26cb6146fb88642c1126e377de
Mar 18 23:40:53 np0005651379.novalocal object-server[100256]: ::1 - - [19/Mar/2026:03:40:53 +0000] "GET /3/87866/AUTH_2c0dd7efa1e94d879bc5da8c6f19a646/gnocchi.4cd2d56c-84ed-4938-97a1-4f53e3866272/1773360000.0_mean_300.0_v3" 200 16 "GET https://[::1]:8080/v1/AUTH_2c0dd7efa1e94d879bc5da8c6f19a646/gnocchi.4cd2d56c-84ed-4938-97a1-4f53e3866272/1773360000.0_mean_300.0_v3" "txda00e958b16948848d42c-0069bb7045" "proxy-server 101374" 0.0013 "-" 100256 0
Mar 18 23:40:53 np0005651379.novalocal proxy-server[101374]: ::1 ::1 19/Mar/2026/03/40/53 GET /v1/AUTH_2c0dd7efa1e94d879bc5da8c6f19a646/gnocchi.4cd2d56c-84ed-4938-97a1-4f53e3866272/1773360000.0_mean_300.0_v3 HTTP/1.0 200 - python-swiftclient-4.8.0 gAAAAABpu2_xITFz... - 16 - txda00e958b16948848d42c-0069bb7045 - 0.0123 - - 1773891653.207686901 1773891653.220012188 0 e61d2c26cb6146fb88642c1126e377de
Mar 18 23:40:53 np0005651379.novalocal container-server[99867]: ::1 - - [19/Mar/2026:03:40:53 +0000] "PUT /1/92231/AUTH_2c0dd7efa1e94d879bc5da8c6f19a646/gnocchi.4cd2d56c-84ed-4938-97a1-4f53e3866272/1773360000.0_mean_300.0_v3" 201 - "PUT http://[::1]:8080/1/87866/AUTH_2c0dd7efa1e94d879bc5da8c6f19a646/gnocchi.4cd2d56c-84ed-4938-97a1-4f53e3866272/1773360000.0_mean_300.0_v3" "tx2bce0571bb8c42d6b8d7b-0069bb7045" "object-server 100256" 0.0009 "-" 99867 0
Mar 18 23:40:53 np0005651379.novalocal container-server[99868]: ::1 - - [19/Mar/2026:03:40:53 +0000] "PUT /2/92231/AUTH_2c0dd7efa1e94d879bc5da8c6f19a646/gnocchi.4cd2d56c-84ed-4938-97a1-4f53e3866272/1773360000.0_mean_300.0_v3" 201 - "PUT http://[::1]:8080/2/87866/AUTH_2c0dd7efa1e94d879bc5da8c6f19a646/gnocchi.4cd2d56c-84ed-4938-97a1-4f53e3866272/1773360000.0_mean_300.0_v3" "tx2bce0571bb8c42d6b8d7b-0069bb7045" "object-server 100257" 0.0017 "-" 99868 0
