Mar 18 23:39:27 np0005651379.novalocal container-server[99868]: ::1 - - [19/Mar/2026:03:39:27 +0000] "HEAD /1/224634/AUTH_2c0dd7efa1e94d879bc5da8c6f19a646/gnocchi.af8aa5d8-5c19-466c-b05f-fd9000b44976" 404 - "HEAD http://[::1]:8080/v1/AUTH_2c0dd7efa1e94d879bc5da8c6f19a646/gnocchi.af8aa5d8-5c19-466c-b05f-fd9000b44976" "txe200411e2a024c3c82bdd-0069bb6fef" "proxy-server 101374" 0.0003 "-" 99868 0
Mar 18 23:39:27 np0005651379.novalocal proxy-server[101374]: - - 19/Mar/2026/03/39/27 HEAD /v1/AUTH_2c0dd7efa1e94d879bc5da8c6f19a646/gnocchi.af8aa5d8-5c19-466c-b05f-fd9000b44976 HTTP/1.0 404 - Swift - - - - txe200411e2a024c3c82bdd-0069bb6fef - 0.0135 CS - 1773891567.821909666 1773891567.835402966 0 -
Mar 18 23:39:27 np0005651379.novalocal object-server[100257]: ::1 - - [19/Mar/2026:03:39:27 +0000] "GET /3/43212/AUTH_2c0dd7efa1e94d879bc5da8c6f19a646/gnocchi.af8aa5d8-5c19-466c-b05f-fd9000b44976/none_v3" 404 70 "GET https://[::1]:8080/v1/AUTH_2c0dd7efa1e94d879bc5da8c6f19a646/gnocchi.af8aa5d8-5c19-466c-b05f-fd9000b44976/none_v3" "txe200411e2a024c3c82bdd-0069bb6fef" "proxy-server 101374" 0.0007 "-" 100257 0
Mar 18 23:39:27 np0005651379.novalocal object-server[100256]: ::1 - - [19/Mar/2026:03:39:27 +0000] "GET /2/43212/AUTH_2c0dd7efa1e94d879bc5da8c6f19a646/gnocchi.af8aa5d8-5c19-466c-b05f-fd9000b44976/none_v3" 404 70 "GET https://[::1]:8080/v1/AUTH_2c0dd7efa1e94d879bc5da8c6f19a646/gnocchi.af8aa5d8-5c19-466c-b05f-fd9000b44976/none_v3" "txe200411e2a024c3c82bdd-0069bb6fef" "proxy-server 101374" 0.0006 "-" 100256 0
Mar 18 23:39:27 np0005651379.novalocal object-server[100256]: ::1 - - [19/Mar/2026:03:39:27 +0000] "GET /1/43212/AUTH_2c0dd7efa1e94d879bc5da8c6f19a646/gnocchi.af8aa5d8-5c19-466c-b05f-fd9000b44976/none_v3" 404 70 "GET https://[::1]:8080/v1/AUTH_2c0dd7efa1e94d879bc5da8c6f19a646/gnocchi.af8aa5d8-5c19-466c-b05f-fd9000b44976/none_v3" "txe200411e2a024c3c82bdd-0069bb6fef" "proxy-server 101374" 0.0003 "-" 100256 0
Mar 18 23:39:27 np0005651379.novalocal proxy-server[101374]: ::1 ::1 19/Mar/2026/03/39/27 GET /v1/AUTH_2c0dd7efa1e94d879bc5da8c6f19a646/gnocchi.af8aa5d8-5c19-466c-b05f-fd9000b44976/none_v3 HTTP/1.0 404 - python-swiftclient-4.8.0 gAAAAABpu2_uqf-H... - 70 - txe200411e2a024c3c82bdd-0069bb6fef - 0.0333 - - 1773891567.820711374 1773891567.854030371 0 e61d2c26cb6146fb88642c1126e377de
Mar 18 23:39:27 np0005651379.novalocal account-server[99475]: ::1 - - [19/Mar/2026:03:39:27 +0000] "PUT /2/184762/AUTH_2c0dd7efa1e94d879bc5da8c6f19a646/gnocchi.af8aa5d8-5c19-466c-b05f-fd9000b44976" 201 - "PUT http://[::1]:6001/1/224634/AUTH_2c0dd7efa1e94d879bc5da8c6f19a646/gnocchi.af8aa5d8-5c19-466c-b05f-fd9000b44976" "tx7be864ab6f9641c499e82-0069bb6fef" "container-server 99868" 0.0096 "-" 99475 0
Mar 18 23:39:27 np0005651379.novalocal container-server[99868]: ::1 - - [19/Mar/2026:03:39:27 +0000] "PUT /1/224634/AUTH_2c0dd7efa1e94d879bc5da8c6f19a646/gnocchi.af8aa5d8-5c19-466c-b05f-fd9000b44976" 201 - "PUT https://[::1]:8080/v1/AUTH_2c0dd7efa1e94d879bc5da8c6f19a646/gnocchi.af8aa5d8-5c19-466c-b05f-fd9000b44976" "tx7be864ab6f9641c499e82-0069bb6fef" "proxy-server 101374" 0.0218 "-" 99868 0
Mar 18 23:39:27 np0005651379.novalocal account-server[99474]: ::1 - - [19/Mar/2026:03:39:27 +0000] "PUT /1/184762/AUTH_2c0dd7efa1e94d879bc5da8c6f19a646/gnocchi.af8aa5d8-5c19-466c-b05f-fd9000b44976" 201 - "PUT http://[::1]:6001/2/224634/AUTH_2c0dd7efa1e94d879bc5da8c6f19a646/gnocchi.af8aa5d8-5c19-466c-b05f-fd9000b44976" "tx7be864ab6f9641c499e82-0069bb6fef" "container-server 99867" 0.0063 "-" 99474 0
Mar 18 23:39:27 np0005651379.novalocal container-server[99867]: ::1 - - [19/Mar/2026:03:39:27 +0000] "PUT /2/224634/AUTH_2c0dd7efa1e94d879bc5da8c6f19a646/gnocchi.af8aa5d8-5c19-466c-b05f-fd9000b44976" 201 - "PUT https://[::1]:8080/v1/AUTH_2c0dd7efa1e94d879bc5da8c6f19a646/gnocchi.af8aa5d8-5c19-466c-b05f-fd9000b44976" "tx7be864ab6f9641c499e82-0069bb6fef" "proxy-server 101374" 0.0195 "-" 99867 0
Mar 18 23:39:27 np0005651379.novalocal account-server[99474]: ::1 - - [19/Mar/2026:03:39:27 +0000] "PUT /3/184762/AUTH_2c0dd7efa1e94d879bc5da8c6f19a646/gnocchi.af8aa5d8-5c19-466c-b05f-fd9000b44976" 201 - "PUT http://[::1]:6001/3/224634/AUTH_2c0dd7efa1e94d879bc5da8c6f19a646/gnocchi.af8aa5d8-5c19-466c-b05f-fd9000b44976" "tx7be864ab6f9641c499e82-0069bb6fef" "container-server 99867" 0.0073 "-" 99474 0
Mar 18 23:39:27 np0005651379.novalocal container-server[99867]: ::1 - - [19/Mar/2026:03:39:27 +0000] "PUT /3/224634/AUTH_2c0dd7efa1e94d879bc5da8c6f19a646/gnocchi.af8aa5d8-5c19-466c-b05f-fd9000b44976" 201 - "PUT https://[::1]:8080/v1/AUTH_2c0dd7efa1e94d879bc5da8c6f19a646/gnocchi.af8aa5d8-5c19-466c-b05f-fd9000b44976" "tx7be864ab6f9641c499e82-0069bb6fef" "proxy-server 101374" 0.0181 "-" 99867 0
Mar 18 23:39:27 np0005651379.novalocal proxy-server[101374]: ::1 ::1 19/Mar/2026/03/39/27 PUT /v1/AUTH_2c0dd7efa1e94d879bc5da8c6f19a646/gnocchi.af8aa5d8-5c19-466c-b05f-fd9000b44976 HTTP/1.0 201 - python-swiftclient-4.8.0 gAAAAABpu2_uqf-H... - - - tx7be864ab6f9641c499e82-0069bb6fef - 0.0437 - - 1773891567.862175941 1773891567.905918121 0 e61d2c26cb6146fb88642c1126e377de
Mar 18 23:39:27 np0005651379.novalocal container-server[99867]: ::1 - - [19/Mar/2026:03:39:27 +0000] "HEAD /1/224634/AUTH_2c0dd7efa1e94d879bc5da8c6f19a646/gnocchi.af8aa5d8-5c19-466c-b05f-fd9000b44976" 204 - "HEAD http://[::1]:8080/v1/AUTH_2c0dd7efa1e94d879bc5da8c6f19a646/gnocchi.af8aa5d8-5c19-466c-b05f-fd9000b44976" "tx9501e4a37d8141f991e93-0069bb6fef" "proxy-server 101374" 0.0013 "-" 99867 0
Mar 18 23:39:27 np0005651379.novalocal proxy-server[101374]: - - 19/Mar/2026/03/39/27 HEAD /v1/AUTH_2c0dd7efa1e94d879bc5da8c6f19a646/gnocchi.af8aa5d8-5c19-466c-b05f-fd9000b44976 HTTP/1.0 204 - Swift - - - - tx9501e4a37d8141f991e93-0069bb6fef - 0.0057 CS - 1773891567.910684109 1773891567.916432381 0 -
Mar 18 23:39:27 np0005651379.novalocal container-server[99868]: ::1 - - [19/Mar/2026:03:39:27 +0000] "GET /1/224634/AUTH_2c0dd7efa1e94d879bc5da8c6f19a646/gnocchi.af8aa5d8-5c19-466c-b05f-fd9000b44976" 200 2 "GET https://[::1]:8080/v1/AUTH_2c0dd7efa1e94d879bc5da8c6f19a646/gnocchi.af8aa5d8-5c19-466c-b05f-fd9000b44976?format=json&states=listing" "tx9501e4a37d8141f991e93-0069bb6fef" "proxy-server 101374" 0.0030 "-" 99868 0
Mar 18 23:39:27 np0005651379.novalocal proxy-server[101374]: ::1 ::1 19/Mar/2026/03/39/27 GET /v1/AUTH_2c0dd7efa1e94d879bc5da8c6f19a646/gnocchi.af8aa5d8-5c19-466c-b05f-fd9000b44976%3Fformat%3Djson%26states%3Dlisting HTTP/1.0 200 - python-swiftclient-4.8.0 gAAAAABpu2_uqf-H... - 2 - tx9501e4a37d8141f991e93-0069bb6fef - 0.0190 - - 1773891567.909807444 1773891567.928773880 0 e61d2c26cb6146fb88642c1126e377de
Mar 18 23:39:27 np0005651379.novalocal object-server[100257]: ::1 - - [19/Mar/2026:03:39:27 +0000] "GET /1/119662/AUTH_2c0dd7efa1e94d879bc5da8c6f19a646/gnocchi.af8aa5d8-5c19-466c-b05f-fd9000b44976/1773360000.0_mean_300.0_v3" 404 70 "GET https://[::1]:8080/v1/AUTH_2c0dd7efa1e94d879bc5da8c6f19a646/gnocchi.af8aa5d8-5c19-466c-b05f-fd9000b44976/1773360000.0_mean_300.0_v3" "tx5a78cde1a4974311b5689-0069bb6fef" "proxy-server 101374" 0.0006 "-" 100257 0
Mar 18 23:39:27 np0005651379.novalocal object-server[100257]: ::1 - - [19/Mar/2026:03:39:27 +0000] "GET /2/119662/AUTH_2c0dd7efa1e94d879bc5da8c6f19a646/gnocchi.af8aa5d8-5c19-466c-b05f-fd9000b44976/1773360000.0_mean_300.0_v3" 404 70 "GET https://[::1]:8080/v1/AUTH_2c0dd7efa1e94d879bc5da8c6f19a646/gnocchi.af8aa5d8-5c19-466c-b05f-fd9000b44976/1773360000.0_mean_300.0_v3" "tx5a78cde1a4974311b5689-0069bb6fef" "proxy-server 101374" 0.0004 "-" 100257 0
Mar 18 23:39:27 np0005651379.novalocal object-server[100256]: ::1 - - [19/Mar/2026:03:39:27 +0000] "GET /3/119662/AUTH_2c0dd7efa1e94d879bc5da8c6f19a646/gnocchi.af8aa5d8-5c19-466c-b05f-fd9000b44976/1773360000.0_mean_300.0_v3" 404 70 "GET https://[::1]:8080/v1/AUTH_2c0dd7efa1e94d879bc5da8c6f19a646/gnocchi.af8aa5d8-5c19-466c-b05f-fd9000b44976/1773360000.0_mean_300.0_v3" "tx5a78cde1a4974311b5689-0069bb6fef" "proxy-server 101374" 0.0005 "-" 100256 0
Mar 18 23:39:27 np0005651379.novalocal proxy-server[101374]: ::1 ::1 19/Mar/2026/03/39/27 GET /v1/AUTH_2c0dd7efa1e94d879bc5da8c6f19a646/gnocchi.af8aa5d8-5c19-466c-b05f-fd9000b44976/1773360000.0_mean_300.0_v3 HTTP/1.0 404 - python-swiftclient-4.8.0 gAAAAABpu2_uqf-H... - 70 - tx5a78cde1a4974311b5689-0069bb6fef - 0.0161 - - 1773891567.931857824 1773891567.947956562 0 e61d2c26cb6146fb88642c1126e377de
Mar 18 23:39:27 np0005651379.novalocal container-server[99868]: ::1 - - [19/Mar/2026:03:39:27 +0000] "PUT /2/224634/AUTH_2c0dd7efa1e94d879bc5da8c6f19a646/gnocchi.af8aa5d8-5c19-466c-b05f-fd9000b44976/1773360000.0_mean_300.0_v3" 201 - "PUT http://[::1]:8080/3/119662/AUTH_2c0dd7efa1e94d879bc5da8c6f19a646/gnocchi.af8aa5d8-5c19-466c-b05f-fd9000b44976/1773360000.0_mean_300.0_v3" "txd02330e5a33c493ca6cb5-0069bb6fef" "object-server 100257" 0.0006 "-" 99868 0
Mar 18 23:39:27 np0005651379.novalocal object-server[100257]: ::1 - - [19/Mar/2026:03:39:27 +0000] "PUT /3/119662/AUTH_2c0dd7efa1e94d879bc5da8c6f19a646/gnocchi.af8aa5d8-5c19-466c-b05f-fd9000b44976/1773360000.0_mean_300.0_v3" 201 - "PUT https://[::1]:8080/v1/AUTH_2c0dd7efa1e94d879bc5da8c6f19a646/gnocchi.af8aa5d8-5c19-466c-b05f-fd9000b44976/1773360000.0_mean_300.0_v3" "txd02330e5a33c493ca6cb5-0069bb6fef" "proxy-server 101374" 0.0102 "-" 100257 0
Mar 18 23:39:27 np0005651379.novalocal container-server[99868]: ::1 - - [19/Mar/2026:03:39:27 +0000] "PUT /1/224634/AUTH_2c0dd7efa1e94d879bc5da8c6f19a646/gnocchi.af8aa5d8-5c19-466c-b05f-fd9000b44976/1773360000.0_mean_300.0_v3" 201 - "PUT http://[::1]:8080/2/119662/AUTH_2c0dd7efa1e94d879bc5da8c6f19a646/gnocchi.af8aa5d8-5c19-466c-b05f-fd9000b44976/1773360000.0_mean_300.0_v3" "txd02330e5a33c493ca6cb5-0069bb6fef" "object-server 100256" 0.0004 "-" 99868 0
Mar 18 23:39:27 np0005651379.novalocal object-server[100256]: ::1 - - [19/Mar/2026:03:39:27 +0000] "PUT /2/119662/AUTH_2c0dd7efa1e94d879bc5da8c6f19a646/gnocchi.af8aa5d8-5c19-466c-b05f-fd9000b44976/1773360000.0_mean_300.0_v3" 201 - "PUT https://[::1]:8080/v1/AUTH_2c0dd7efa1e94d879bc5da8c6f19a646/gnocchi.af8aa5d8-5c19-466c-b05f-fd9000b44976/1773360000.0_mean_300.0_v3" "txd02330e5a33c493ca6cb5-0069bb6fef" "proxy-server 101374" 0.0147 "-" 100256 0
Mar 18 23:39:27 np0005651379.novalocal container-server[99868]: ::1 - - [19/Mar/2026:03:39:27 +0000] "PUT /3/224634/AUTH_2c0dd7efa1e94d879bc5da8c6f19a646/gnocchi.af8aa5d8-5c19-466c-b05f-fd9000b44976/1773360000.0_mean_300.0_v3" 201 - "PUT http://[::1]:8080/1/119662/AUTH_2c0dd7efa1e94d879bc5da8c6f19a646/gnocchi.af8aa5d8-5c19-466c-b05f-fd9000b44976/1773360000.0_mean_300.0_v3" "txd02330e5a33c493ca6cb5-0069bb6fef" "object-server 100256" 0.0004 "-" 99868 0
Mar 18 23:39:27 np0005651379.novalocal object-server[100256]: ::1 - - [19/Mar/2026:03:39:27 +0000] "PUT /1/119662/AUTH_2c0dd7efa1e94d879bc5da8c6f19a646/gnocchi.af8aa5d8-5c19-466c-b05f-fd9000b44976/1773360000.0_mean_300.0_v3" 201 - "PUT https://[::1]:8080/v1/AUTH_2c0dd7efa1e94d879bc5da8c6f19a646/gnocchi.af8aa5d8-5c19-466c-b05f-fd9000b44976/1773360000.0_mean_300.0_v3" "txd02330e5a33c493ca6cb5-0069bb6fef" "proxy-server 101374" 0.0159 "-" 100256 0
Mar 18 23:39:27 np0005651379.novalocal proxy-server[101374]: ::1 ::1 19/Mar/2026/03/39/27 PUT /v1/AUTH_2c0dd7efa1e94d879bc5da8c6f19a646/gnocchi.af8aa5d8-5c19-466c-b05f-fd9000b44976/1773360000.0_mean_300.0_v3 HTTP/1.0 201 - python-swiftclient-4.8.0 gAAAAABpu2_uqf-H... 16 - - txd02330e5a33c493ca6cb5-0069bb6fef - 0.0264 - - 1773891567.950502157 1773891567.976934195 0 e61d2c26cb6146fb88642c1126e377de
Mar 18 23:39:28 np0005651379.novalocal container-server[99868]: ::1 - - [19/Mar/2026:03:39:28 +0000] "PUT /3/224634/AUTH_2c0dd7efa1e94d879bc5da8c6f19a646/gnocchi.af8aa5d8-5c19-466c-b05f-fd9000b44976/none_v3" 201 - "PUT http://[::1]:8080/1/43212/AUTH_2c0dd7efa1e94d879bc5da8c6f19a646/gnocchi.af8aa5d8-5c19-466c-b05f-fd9000b44976/none_v3" "tx1c0e76e881484a208132d-0069bb6fef" "object-server 100256" 0.0003 "-" 99868 0
Mar 18 23:39:28 np0005651379.novalocal object-server[100256]: ::1 - - [19/Mar/2026:03:39:28 +0000] "PUT /1/43212/AUTH_2c0dd7efa1e94d879bc5da8c6f19a646/gnocchi.af8aa5d8-5c19-466c-b05f-fd9000b44976/none_v3" 201 - "PUT https://[::1]:8080/v1/AUTH_2c0dd7efa1e94d879bc5da8c6f19a646/gnocchi.af8aa5d8-5c19-466c-b05f-fd9000b44976/none_v3" "tx1c0e76e881484a208132d-0069bb6fef" "proxy-server 101374" 0.0121 "-" 100256 0
Mar 18 23:39:28 np0005651379.novalocal container-server[99867]: ::1 - - [19/Mar/2026:03:39:28 +0000] "PUT /2/224634/AUTH_2c0dd7efa1e94d879bc5da8c6f19a646/gnocchi.af8aa5d8-5c19-466c-b05f-fd9000b44976/none_v3" 201 - "PUT http://[::1]:8080/2/43212/AUTH_2c0dd7efa1e94d879bc5da8c6f19a646/gnocchi.af8aa5d8-5c19-466c-b05f-fd9000b44976/none_v3" "tx1c0e76e881484a208132d-0069bb6fef" "object-server 100257" 0.0010 "-" 99867 0
Mar 18 23:39:28 np0005651379.novalocal object-server[100257]: ::1 - - [19/Mar/2026:03:39:28 +0000] "PUT /2/43212/AUTH_2c0dd7efa1e94d879bc5da8c6f19a646/gnocchi.af8aa5d8-5c19-466c-b05f-fd9000b44976/none_v3" 201 - "PUT https://[::1]:8080/v1/AUTH_2c0dd7efa1e94d879bc5da8c6f19a646/gnocchi.af8aa5d8-5c19-466c-b05f-fd9000b44976/none_v3" "tx1c0e76e881484a208132d-0069bb6fef" "proxy-server 101374" 0.0135 "-" 100257 0
Mar 18 23:39:28 np0005651379.novalocal container-server[99867]: ::1 - - [19/Mar/2026:03:39:28 +0000] "PUT /1/224634/AUTH_2c0dd7efa1e94d879bc5da8c6f19a646/gnocchi.af8aa5d8-5c19-466c-b05f-fd9000b44976/none_v3" 201 - "PUT http://[::1]:8080/3/43212/AUTH_2c0dd7efa1e94d879bc5da8c6f19a646/gnocchi.af8aa5d8-5c19-466c-b05f-fd9000b44976/none_v3" "tx1c0e76e881484a208132d-0069bb6fef" "object-server 100256" 0.0005 "-" 99867 0
Mar 18 23:39:28 np0005651379.novalocal object-server[100256]: ::1 - - [19/Mar/2026:03:39:28 +0000] "PUT /3/43212/AUTH_2c0dd7efa1e94d879bc5da8c6f19a646/gnocchi.af8aa5d8-5c19-466c-b05f-fd9000b44976/none_v3" 201 - "PUT https://[::1]:8080/v1/AUTH_2c0dd7efa1e94d879bc5da8c6f19a646/gnocchi.af8aa5d8-5c19-466c-b05f-fd9000b44976/none_v3" "tx1c0e76e881484a208132d-0069bb6fef" "proxy-server 101374" 0.0180 "-" 100256 0
Mar 18 23:39:28 np0005651379.novalocal proxy-server[101374]: ::1 ::1 19/Mar/2026/03/39/28 PUT /v1/AUTH_2c0dd7efa1e94d879bc5da8c6f19a646/gnocchi.af8aa5d8-5c19-466c-b05f-fd9000b44976/none_v3 HTTP/1.0 201 - python-swiftclient-4.8.0 gAAAAABpu2_uqf-H... 22 - - tx1c0e76e881484a208132d-0069bb6fef - 0.0321 - - 1773891567.982666254 1773891568.014750242 0 e61d2c26cb6146fb88642c1126e377de
Mar 18 23:39:29 np0005651379.novalocal container-server[99867]: ::1 - - [19/Mar/2026:03:39:29 +0000] "HEAD /2/30630/AUTH_2c0dd7efa1e94d879bc5da8c6f19a646/gnocchi.337c6276-ef19-4334-bb43-a59c7c949b9f" 404 - "HEAD http://[::1]:8080/v1/AUTH_2c0dd7efa1e94d879bc5da8c6f19a646/gnocchi.337c6276-ef19-4334-bb43-a59c7c949b9f" "txc8e78fac7edc4fd996d8c-0069bb6ff1" "proxy-server 101374" 0.0005 "-" 99867 0
Mar 18 23:39:29 np0005651379.novalocal container-server[99868]: ::1 - - [19/Mar/2026:03:39:29 +0000] "HEAD /3/30630/AUTH_2c0dd7efa1e94d879bc5da8c6f19a646/gnocchi.337c6276-ef19-4334-bb43-a59c7c949b9f" 404 - "HEAD http://[::1]:8080/v1/AUTH_2c0dd7efa1e94d879bc5da8c6f19a646/gnocchi.337c6276-ef19-4334-bb43-a59c7c949b9f" "txc8e78fac7edc4fd996d8c-0069bb6ff1" "proxy-server 101374" 0.0004 "-" 99868 0
Mar 18 23:39:29 np0005651379.novalocal container-server[99868]: ::1 - - [19/Mar/2026:03:39:29 +0000] "HEAD /1/30630/AUTH_2c0dd7efa1e94d879bc5da8c6f19a646/gnocchi.337c6276-ef19-4334-bb43-a59c7c949b9f" 404 - "HEAD http://[::1]:8080/v1/AUTH_2c0dd7efa1e94d879bc5da8c6f19a646/gnocchi.337c6276-ef19-4334-bb43-a59c7c949b9f" "txc8e78fac7edc4fd996d8c-0069bb6ff1" "proxy-server 101374" 0.0002 "-" 99868 0
Mar 18 23:39:29 np0005651379.novalocal proxy-server[101374]: - - 19/Mar/2026/03/39/29 HEAD /v1/AUTH_2c0dd7efa1e94d879bc5da8c6f19a646/gnocchi.337c6276-ef19-4334-bb43-a59c7c949b9f HTTP/1.0 404 - Swift - - - - txc8e78fac7edc4fd996d8c-0069bb6ff1 - 0.0113 CS - 1773891569.405733585 1773891569.417076826 0 -
Mar 18 23:39:29 np0005651379.novalocal object-server[100257]: ::1 - - [19/Mar/2026:03:39:29 +0000] "GET /1/258539/AUTH_2c0dd7efa1e94d879bc5da8c6f19a646/gnocchi.337c6276-ef19-4334-bb43-a59c7c949b9f/none_v3" 404 70 "GET https://[::1]:8080/v1/AUTH_2c0dd7efa1e94d879bc5da8c6f19a646/gnocchi.337c6276-ef19-4334-bb43-a59c7c949b9f/none_v3" "txc8e78fac7edc4fd996d8c-0069bb6ff1" "proxy-server 101374" 0.0005 "-" 100257 0
Mar 18 23:39:29 np0005651379.novalocal object-server[100257]: ::1 - - [19/Mar/2026:03:39:29 +0000] "GET /3/258539/AUTH_2c0dd7efa1e94d879bc5da8c6f19a646/gnocchi.337c6276-ef19-4334-bb43-a59c7c949b9f/none_v3" 404 70 "GET https://[::1]:8080/v1/AUTH_2c0dd7efa1e94d879bc5da8c6f19a646/gnocchi.337c6276-ef19-4334-bb43-a59c7c949b9f/none_v3" "txc8e78fac7edc4fd996d8c-0069bb6ff1" "proxy-server 101374" 0.0007 "-" 100257 0
Mar 18 23:39:29 np0005651379.novalocal object-server[100257]: ::1 - - [19/Mar/2026:03:39:29 +0000] "GET /2/258539/AUTH_2c0dd7efa1e94d879bc5da8c6f19a646/gnocchi.337c6276-ef19-4334-bb43-a59c7c949b9f/none_v3" 404 70 "GET https://[::1]:8080/v1/AUTH_2c0dd7efa1e94d879bc5da8c6f19a646/gnocchi.337c6276-ef19-4334-bb43-a59c7c949b9f/none_v3" "txc8e78fac7edc4fd996d8c-0069bb6ff1" "proxy-server 101374" 0.0004 "-" 100257 0
Mar 18 23:39:29 np0005651379.novalocal proxy-server[101374]: ::1 ::1 19/Mar/2026/03/39/29 GET /v1/AUTH_2c0dd7efa1e94d879bc5da8c6f19a646/gnocchi.337c6276-ef19-4334-bb43-a59c7c949b9f/none_v3 HTTP/1.0 404 - python-swiftclient-4.8.0 gAAAAABpu2_xITFz... - 70 - txc8e78fac7edc4fd996d8c-0069bb6ff1 - 0.1584 - - 1773891569.404597044 1773891569.562993050 0 e61d2c26cb6146fb88642c1126e377de
Mar 18 23:39:29 np0005651379.novalocal account-server[99474]: ::1 - - [19/Mar/2026:03:39:29 +0000] "PUT /3/184762/AUTH_2c0dd7efa1e94d879bc5da8c6f19a646/gnocchi.337c6276-ef19-4334-bb43-a59c7c949b9f" 201 - "PUT http://[::1]:6001/2/30630/AUTH_2c0dd7efa1e94d879bc5da8c6f19a646/gnocchi.337c6276-ef19-4334-bb43-a59c7c949b9f" "tx1ed71f8edb04463fa4b2c-0069bb6ff1" "container-server 99868" 0.0044 "-" 99474 0
Mar 18 23:39:29 np0005651379.novalocal container-server[99868]: ::1 - - [19/Mar/2026:03:39:29 +0000] "PUT /2/30630/AUTH_2c0dd7efa1e94d879bc5da8c6f19a646/gnocchi.337c6276-ef19-4334-bb43-a59c7c949b9f" 201 - "PUT https://[::1]:8080/v1/AUTH_2c0dd7efa1e94d879bc5da8c6f19a646/gnocchi.337c6276-ef19-4334-bb43-a59c7c949b9f" "tx1ed71f8edb04463fa4b2c-0069bb6ff1" "proxy-server 101374" 0.0275 "-" 99868 0
Mar 18 23:39:29 np0005651379.novalocal account-server[99475]: ::1 - - [19/Mar/2026:03:39:29 +0000] "PUT /1/184762/AUTH_2c0dd7efa1e94d879bc5da8c6f19a646/gnocchi.337c6276-ef19-4334-bb43-a59c7c949b9f" 201 - "PUT http://[::1]:6001/3/30630/AUTH_2c0dd7efa1e94d879bc5da8c6f19a646/gnocchi.337c6276-ef19-4334-bb43-a59c7c949b9f" "tx1ed71f8edb04463fa4b2c-0069bb6ff1" "container-server 99867" 0.0042 "-" 99475 0
Mar 18 23:39:29 np0005651379.novalocal container-server[99867]: ::1 - - [19/Mar/2026:03:39:29 +0000] "PUT /3/30630/AUTH_2c0dd7efa1e94d879bc5da8c6f19a646/gnocchi.337c6276-ef19-4334-bb43-a59c7c949b9f" 201 - "PUT https://[::1]:8080/v1/AUTH_2c0dd7efa1e94d879bc5da8c6f19a646/gnocchi.337c6276-ef19-4334-bb43-a59c7c949b9f" "tx1ed71f8edb04463fa4b2c-0069bb6ff1" "proxy-server 101374" 0.0140 "-" 99867 0
Mar 18 23:39:29 np0005651379.novalocal account-server[99475]: ::1 - - [19/Mar/2026:03:39:29 +0000] "PUT /2/184762/AUTH_2c0dd7efa1e94d879bc5da8c6f19a646/gnocchi.337c6276-ef19-4334-bb43-a59c7c949b9f" 201 - "PUT http://[::1]:6001/1/30630/AUTH_2c0dd7efa1e94d879bc5da8c6f19a646/gnocchi.337c6276-ef19-4334-bb43-a59c7c949b9f" "tx1ed71f8edb04463fa4b2c-0069bb6ff1" "container-server 99867" 0.0038 "-" 99475 0
Mar 18 23:39:29 np0005651379.novalocal container-server[99867]: ::1 - - [19/Mar/2026:03:39:29 +0000] "PUT /1/30630/AUTH_2c0dd7efa1e94d879bc5da8c6f19a646/gnocchi.337c6276-ef19-4334-bb43-a59c7c949b9f" 201 - "PUT https://[::1]:8080/v1/AUTH_2c0dd7efa1e94d879bc5da8c6f19a646/gnocchi.337c6276-ef19-4334-bb43-a59c7c949b9f" "tx1ed71f8edb04463fa4b2c-0069bb6ff1" "proxy-server 101374" 0.0469 "-" 99867 0
Mar 18 23:39:29 np0005651379.novalocal proxy-server[101374]: ::1 ::1 19/Mar/2026/03/39/29 PUT /v1/AUTH_2c0dd7efa1e94d879bc5da8c6f19a646/gnocchi.337c6276-ef19-4334-bb43-a59c7c949b9f HTTP/1.0 201 - python-swiftclient-4.8.0 gAAAAABpu2_xITFz... - - - tx1ed71f8edb04463fa4b2c-0069bb6ff1 - 0.0595 - - 1773891569.574649811 1773891569.634119272 0 e61d2c26cb6146fb88642c1126e377de
Mar 18 23:39:29 np0005651379.novalocal container-server[99868]: ::1 - - [19/Mar/2026:03:39:29 +0000] "HEAD /1/30630/AUTH_2c0dd7efa1e94d879bc5da8c6f19a646/gnocchi.337c6276-ef19-4334-bb43-a59c7c949b9f" 204 - "HEAD http://[::1]:8080/v1/AUTH_2c0dd7efa1e94d879bc5da8c6f19a646/gnocchi.337c6276-ef19-4334-bb43-a59c7c949b9f" "tx90d4f18cef8549f5951c0-0069bb6ff1" "proxy-server 101374" 0.0012 "-" 99868 0
Mar 18 23:39:29 np0005651379.novalocal proxy-server[101374]: - - 19/Mar/2026/03/39/29 HEAD /v1/AUTH_2c0dd7efa1e94d879bc5da8c6f19a646/gnocchi.337c6276-ef19-4334-bb43-a59c7c949b9f HTTP/1.0 204 - Swift - - - - tx90d4f18cef8549f5951c0-0069bb6ff1 - 0.0048 CS - 1773891569.670279741 1773891569.675056696 0 -
Mar 18 23:39:29 np0005651379.novalocal container-server[99867]: ::1 - - [19/Mar/2026:03:39:29 +0000] "GET /2/30630/AUTH_2c0dd7efa1e94d879bc5da8c6f19a646/gnocchi.337c6276-ef19-4334-bb43-a59c7c949b9f" 200 2 "GET https://[::1]:8080/v1/AUTH_2c0dd7efa1e94d879bc5da8c6f19a646/gnocchi.337c6276-ef19-4334-bb43-a59c7c949b9f?format=json&states=listing" "tx90d4f18cef8549f5951c0-0069bb6ff1" "proxy-server 101374" 0.0027 "-" 99867 0
Mar 18 23:39:29 np0005651379.novalocal proxy-server[101374]: ::1 ::1 19/Mar/2026/03/39/29 GET /v1/AUTH_2c0dd7efa1e94d879bc5da8c6f19a646/gnocchi.337c6276-ef19-4334-bb43-a59c7c949b9f%3Fformat%3Djson%26states%3Dlisting HTTP/1.0 200 - python-swiftclient-4.8.0 gAAAAABpu2_xITFz... - 2 - tx90d4f18cef8549f5951c0-0069bb6ff1 - 0.0161 - - 1773891569.669604063 1773891569.685749054 0 e61d2c26cb6146fb88642c1126e377de
Mar 18 23:39:29 np0005651379.novalocal object-server[100256]: ::1 - - [19/Mar/2026:03:39:29 +0000] "GET /3/131054/AUTH_2c0dd7efa1e94d879bc5da8c6f19a646/gnocchi.337c6276-ef19-4334-bb43-a59c7c949b9f/1773360000.0_mean_300.0_v3" 404 70 "GET https://[::1]:8080/v1/AUTH_2c0dd7efa1e94d879bc5da8c6f19a646/gnocchi.337c6276-ef19-4334-bb43-a59c7c949b9f/1773360000.0_mean_300.0_v3" "txf9017e5b58f5478c9e6b4-0069bb6ff1" "proxy-server 101374" 0.0003 "-" 100256 0
Mar 18 23:39:29 np0005651379.novalocal object-server[100257]: ::1 - - [19/Mar/2026:03:39:29 +0000] "GET /1/131054/AUTH_2c0dd7efa1e94d879bc5da8c6f19a646/gnocchi.337c6276-ef19-4334-bb43-a59c7c949b9f/1773360000.0_mean_300.0_v3" 404 70 "GET https://[::1]:8080/v1/AUTH_2c0dd7efa1e94d879bc5da8c6f19a646/gnocchi.337c6276-ef19-4334-bb43-a59c7c949b9f/1773360000.0_mean_300.0_v3" "txf9017e5b58f5478c9e6b4-0069bb6ff1" "proxy-server 101374" 0.0003 "-" 100257 0
Mar 18 23:39:29 np0005651379.novalocal object-server[100257]: ::1 - - [19/Mar/2026:03:39:29 +0000] "GET /2/131054/AUTH_2c0dd7efa1e94d879bc5da8c6f19a646/gnocchi.337c6276-ef19-4334-bb43-a59c7c949b9f/1773360000.0_mean_300.0_v3" 404 70 "GET https://[::1]:8080/v1/AUTH_2c0dd7efa1e94d879bc5da8c6f19a646/gnocchi.337c6276-ef19-4334-bb43-a59c7c949b9f/1773360000.0_mean_300.0_v3" "txf9017e5b58f5478c9e6b4-0069bb6ff1" "proxy-server 101374" 0.0001 "-" 100257 0
Mar 18 23:39:29 np0005651379.novalocal proxy-server[101374]: ::1 ::1 19/Mar/2026/03/39/29 GET /v1/AUTH_2c0dd7efa1e94d879bc5da8c6f19a646/gnocchi.337c6276-ef19-4334-bb43-a59c7c949b9f/1773360000.0_mean_300.0_v3 HTTP/1.0 404 - python-swiftclient-4.8.0 gAAAAABpu2_xITFz... - 70 - txf9017e5b58f5478c9e6b4-0069bb6ff1 - 0.0138 - - 1773891569.696970940 1773891569.710732222 0 e61d2c26cb6146fb88642c1126e377de
Mar 18 23:39:29 np0005651379.novalocal container-server[99868]: ::1 - - [19/Mar/2026:03:39:29 +0000] "PUT /1/30630/AUTH_2c0dd7efa1e94d879bc5da8c6f19a646/gnocchi.337c6276-ef19-4334-bb43-a59c7c949b9f/1773360000.0_mean_300.0_v3" 201 - "PUT http://[::1]:8080/3/131054/AUTH_2c0dd7efa1e94d879bc5da8c6f19a646/gnocchi.337c6276-ef19-4334-bb43-a59c7c949b9f/1773360000.0_mean_300.0_v3" "tx040db1f81ec042bd985de-0069bb6ff1" "object-server 100256" 0.0007 "-" 99868 0
Mar 18 23:39:29 np0005651379.novalocal object-server[100256]: ::1 - - [19/Mar/2026:03:39:29 +0000] "PUT /3/131054/AUTH_2c0dd7efa1e94d879bc5da8c6f19a646/gnocchi.337c6276-ef19-4334-bb43-a59c7c949b9f/1773360000.0_mean_300.0_v3" 201 - "PUT https://[::1]:8080/v1/AUTH_2c0dd7efa1e94d879bc5da8c6f19a646/gnocchi.337c6276-ef19-4334-bb43-a59c7c949b9f/1773360000.0_mean_300.0_v3" "tx040db1f81ec042bd985de-0069bb6ff1" "proxy-server 101374" 0.0082 "-" 100256 0
Mar 18 23:39:29 np0005651379.novalocal container-server[99867]: ::1 - - [19/Mar/2026:03:39:29 +0000] "PUT /2/30630/AUTH_2c0dd7efa1e94d879bc5da8c6f19a646/gnocchi.337c6276-ef19-4334-bb43-a59c7c949b9f/1773360000.0_mean_300.0_v3" 201 - "PUT http://[::1]:8080/1/131054/AUTH_2c0dd7efa1e94d879bc5da8c6f19a646/gnocchi.337c6276-ef19-4334-bb43-a59c7c949b9f/1773360000.0_mean_300.0_v3" "tx040db1f81ec042bd985de-0069bb6ff1" "object-server 100257" 0.0013 "-" 99867 0
Mar 18 23:39:29 np0005651379.novalocal object-server[100257]: ::1 - - [19/Mar/2026:03:39:29 +0000] "PUT /1/131054/AUTH_2c0dd7efa1e94d879bc5da8c6f19a646/gnocchi.337c6276-ef19-4334-bb43-a59c7c949b9f/1773360000.0_mean_300.0_v3" 201 - "PUT https://[::1]:8080/v1/AUTH_2c0dd7efa1e94d879bc5da8c6f19a646/gnocchi.337c6276-ef19-4334-bb43-a59c7c949b9f/1773360000.0_mean_300.0_v3" "tx040db1f81ec042bd985de-0069bb6ff1" "proxy-server 101374" 0.0101 "-" 100257 0
Mar 18 23:39:29 np0005651379.novalocal container-server[99867]: ::1 - - [19/Mar/2026:03:39:29 +0000] "PUT /3/30630/AUTH_2c0dd7efa1e94d879bc5da8c6f19a646/gnocchi.337c6276-ef19-4334-bb43-a59c7c949b9f/1773360000.0_mean_300.0_v3" 201 - "PUT http://[::1]:8080/2/131054/AUTH_2c0dd7efa1e94d879bc5da8c6f19a646/gnocchi.337c6276-ef19-4334-bb43-a59c7c949b9f/1773360000.0_mean_300.0_v3" "tx040db1f81ec042bd985de-0069bb6ff1" "object-server 100257" 0.0007 "-" 99867 0
Mar 18 23:39:29 np0005651379.novalocal object-server[100257]: ::1 - - [19/Mar/2026:03:39:29 +0000] "PUT /2/131054/AUTH_2c0dd7efa1e94d879bc5da8c6f19a646/gnocchi.337c6276-ef19-4334-bb43-a59c7c949b9f/1773360000.0_mean_300.0_v3" 201 - "PUT https://[::1]:8080/v1/AUTH_2c0dd7efa1e94d879bc5da8c6f19a646/gnocchi.337c6276-ef19-4334-bb43-a59c7c949b9f/1773360000.0_mean_300.0_v3" "tx040db1f81ec042bd985de-0069bb6ff1" "proxy-server 101374" 0.0116 "-" 100257 0
Mar 18 23:39:29 np0005651379.novalocal proxy-server[101374]: ::1 ::1 19/Mar/2026/03/39/29 PUT /v1/AUTH_2c0dd7efa1e94d879bc5da8c6f19a646/gnocchi.337c6276-ef19-4334-bb43-a59c7c949b9f/1773360000.0_mean_300.0_v3 HTTP/1.0 201 - python-swiftclient-4.8.0 gAAAAABpu2_xITFz... 16 - - tx040db1f81ec042bd985de-0069bb6ff1 - 0.0227 - - 1773891569.714969635 1773891569.737645626 0 e61d2c26cb6146fb88642c1126e377de
Mar 18 23:39:29 np0005651379.novalocal container-server[99868]: ::1 - - [19/Mar/2026:03:39:29 +0000] "PUT /3/30630/AUTH_2c0dd7efa1e94d879bc5da8c6f19a646/gnocchi.337c6276-ef19-4334-bb43-a59c7c949b9f/none_v3" 201 - "PUT http://[::1]:8080/2/258539/AUTH_2c0dd7efa1e94d879bc5da8c6f19a646/gnocchi.337c6276-ef19-4334-bb43-a59c7c949b9f/none_v3" "tx59e2c563633b49dfa8e1d-0069bb6ff1" "object-server 100257" 0.0004 "-" 99868 0
Mar 18 23:39:29 np0005651379.novalocal object-server[100257]: ::1 - - [19/Mar/2026:03:39:29 +0000] "PUT /2/258539/AUTH_2c0dd7efa1e94d879bc5da8c6f19a646/gnocchi.337c6276-ef19-4334-bb43-a59c7c949b9f/none_v3" 201 - "PUT https://[::1]:8080/v1/AUTH_2c0dd7efa1e94d879bc5da8c6f19a646/gnocchi.337c6276-ef19-4334-bb43-a59c7c949b9f/none_v3" "tx59e2c563633b49dfa8e1d-0069bb6ff1" "proxy-server 101374" 0.0063 "-" 100257 0
Mar 18 23:39:29 np0005651379.novalocal container-server[99868]: ::1 - - [19/Mar/2026:03:39:29 +0000] "PUT /1/30630/AUTH_2c0dd7efa1e94d879bc5da8c6f19a646/gnocchi.337c6276-ef19-4334-bb43-a59c7c949b9f/none_v3" 201 - "PUT http://[::1]:8080/3/258539/AUTH_2c0dd7efa1e94d879bc5da8c6f19a646/gnocchi.337c6276-ef19-4334-bb43-a59c7c949b9f/none_v3" "tx59e2c563633b49dfa8e1d-0069bb6ff1" "object-server 100256" 0.0004 "-" 99868 0
Mar 18 23:39:29 np0005651379.novalocal object-server[100256]: ::1 - - [19/Mar/2026:03:39:29 +0000] "PUT /3/258539/AUTH_2c0dd7efa1e94d879bc5da8c6f19a646/gnocchi.337c6276-ef19-4334-bb43-a59c7c949b9f/none_v3" 201 - "PUT https://[::1]:8080/v1/AUTH_2c0dd7efa1e94d879bc5da8c6f19a646/gnocchi.337c6276-ef19-4334-bb43-a59c7c949b9f/none_v3" "tx59e2c563633b49dfa8e1d-0069bb6ff1" "proxy-server 101374" 0.0071 "-" 100256 0
Mar 18 23:39:29 np0005651379.novalocal container-server[99868]: ::1 - - [19/Mar/2026:03:39:29 +0000] "PUT /2/30630/AUTH_2c0dd7efa1e94d879bc5da8c6f19a646/gnocchi.337c6276-ef19-4334-bb43-a59c7c949b9f/none_v3" 201 - "PUT http://[::1]:8080/1/258539/AUTH_2c0dd7efa1e94d879bc5da8c6f19a646/gnocchi.337c6276-ef19-4334-bb43-a59c7c949b9f/none_v3" "tx59e2c563633b49dfa8e1d-0069bb6ff1" "object-server 100256" 0.0004 "-" 99868 0
Mar 18 23:39:29 np0005651379.novalocal object-server[100256]: ::1 - - [19/Mar/2026:03:39:29 +0000] "PUT /1/258539/AUTH_2c0dd7efa1e94d879bc5da8c6f19a646/gnocchi.337c6276-ef19-4334-bb43-a59c7c949b9f/none_v3" 201 - "PUT https://[::1]:8080/v1/AUTH_2c0dd7efa1e94d879bc5da8c6f19a646/gnocchi.337c6276-ef19-4334-bb43-a59c7c949b9f/none_v3" "tx59e2c563633b49dfa8e1d-0069bb6ff1" "proxy-server 101374" 0.0095 "-" 100256 0
Mar 18 23:39:29 np0005651379.novalocal proxy-server[101374]: ::1 ::1 19/Mar/2026/03/39/29 PUT /v1/AUTH_2c0dd7efa1e94d879bc5da8c6f19a646/gnocchi.337c6276-ef19-4334-bb43-a59c7c949b9f/none_v3 HTTP/1.0 201 - python-swiftclient-4.8.0 gAAAAABpu2_xITFz... 22 - - tx59e2c563633b49dfa8e1d-0069bb6ff1 - 0.0189 - - 1773891569.741155624 1773891569.760061741 0 e61d2c26cb6146fb88642c1126e377de
Mar 18 23:39:30 np0005651379.novalocal sudo[107337]: nova : PWD=/ ; USER=root ; COMMAND=/usr/bin/nova-rootwrap /etc/nova/rootwrap.conf privsep-helper --config-file /etc/nova/nova.conf --config-file /etc/nova/nova-compute.conf --privsep_context os_brick.privileged.default --privsep_sock_path /tmp/tmpb04nbuju/privsep.sock
Mar 18 23:39:30 np0005651379.novalocal systemd[1]: Started Session c101 of User root.
Mar 18 23:39:30 np0005651379.novalocal sudo[107337]: pam_unix(sudo:session): session opened for user root(uid=0) by (uid=162)
Mar 18 23:39:30 np0005651379.novalocal kernel: tapc6f8c11d-94: entered promiscuous mode
Mar 18 23:39:30 np0005651379.novalocal NetworkManager[869]: [1773891570.4905] manager: (tapc6f8c11d-94): 'openvswitch' plugin not available; creating generic device
Mar 18 23:39:30 np0005651379.novalocal NetworkManager[869]: [1773891570.4922] manager: (tapc6f8c11d-94): new Generic device (/org/freedesktop/NetworkManager/Devices/18)
Mar 18 23:39:30 np0005651379.novalocal kernel: qr-f93a6ef6-26: entered promiscuous mode
Mar 18 23:39:30 np0005651379.novalocal NetworkManager[869]: [1773891570.4936] manager: (qr-f93a6ef6-26): 'openvswitch' plugin not available; creating generic device
Mar 18 23:39:30 np0005651379.novalocal NetworkManager[869]: [1773891570.4945] manager: (qr-f93a6ef6-26): new Generic device (/org/freedesktop/NetworkManager/Devices/19)
Mar 18 23:39:30 np0005651379.novalocal sudo[107337]: pam_unix(sudo:session): session closed for user root
Mar 18 23:39:30 np0005651379.novalocal kernel: qg-7216af01-31: entered promiscuous mode
Mar 18 23:39:30 np0005651379.novalocal NetworkManager[869]: [1773891570.9561] manager: (qg-7216af01-31): 'openvswitch' plugin not available; creating generic device
Mar 18 23:39:30 np0005651379.novalocal NetworkManager[869]: [1773891570.9569] manager: (qg-7216af01-31): new Generic device (/org/freedesktop/NetworkManager/Devices/20)
Mar 18 23:39:30 np0005651379.novalocal systemd-udevd[107361]: Network interface NamePolicy= disabled on kernel command line.
Mar 18 23:39:31 np0005651379.novalocal sudo[107464]: cinder : PWD=/ ; USER=root ; COMMAND=/usr/bin/cinder-rootwrap /etc/cinder/rootwrap.conf lvchange -a y --yes -K cinder-volumes/volume-01361eee-d929-4912-9f8d-693bac16dcbd
Mar 18 23:39:31 np0005651379.novalocal systemd[1]: Started Session c102 of User root.
Mar 18 23:39:31 np0005651379.novalocal sudo[107464]: pam_unix(sudo:session): session opened for user root(uid=0) by (uid=165)
Mar 18 23:39:31 np0005651379.novalocal dnsmasq[107491]: started, version 2.85 cachesize 150
Mar 18 23:39:31 np0005651379.novalocal dnsmasq[107491]: DNS service limited to local subnets
Mar 18 23:39:31 np0005651379.novalocal dnsmasq[107491]: compile time options: IPv6 GNU-getopt DBus no-UBus no-i18n IDN2 DHCP DHCPv6 no-Lua TFTP no-conntrack ipset auth cryptohash DNSSEC loop-detect inotify dumpfile
Mar 18 23:39:31 np0005651379.novalocal dnsmasq[107491]: warning: no upstream servers configured
Mar 18 23:39:31 np0005651379.novalocal dnsmasq-dhcp[107491]: DHCP, static leases only on 10.100.0.0, lease time 1d
Mar 18 23:39:31 np0005651379.novalocal dnsmasq[107491]: read /var/lib/neutron/dhcp/295ff8d1-c06c-4189-900b-92a547352bc1/addn_hosts - 0 addresses
Mar 18 23:39:31 np0005651379.novalocal dnsmasq-dhcp[107491]: read /var/lib/neutron/dhcp/295ff8d1-c06c-4189-900b-92a547352bc1/host
Mar 18 23:39:31 np0005651379.novalocal dnsmasq-dhcp[107491]: read /var/lib/neutron/dhcp/295ff8d1-c06c-4189-900b-92a547352bc1/opts
Mar 18 23:39:31 np0005651379.novalocal sudo[107464]: pam_unix(sudo:session): session closed for user root
Mar 18 23:39:31 np0005651379.novalocal systemd[1]: session-c102.scope: Deactivated successfully.
Mar 18 23:39:31 np0005651379.novalocal sudo[107495]: cinder : PWD=/ ; USER=root ; COMMAND=/usr/bin/cinder-rootwrap /etc/cinder/rootwrap.conf cinder-rtstool create /dev/cinder-volumes/volume-01361eee-d929-4912-9f8d-693bac16dcbd iqn.2010-10.org.openstack:volume-01361eee-d929-4912-9f8d-693bac16dcbd p9dKWWX4JqSXxqBrCrDW WE8JD6w38SULxDu4 False -p3260 -a::1
Mar 18 23:39:31 np0005651379.novalocal systemd[1]: Started Session c103 of User root.
Mar 18 23:39:31 np0005651379.novalocal sudo[107495]: pam_unix(sudo:session): session opened for user root(uid=0) by (uid=165)
Mar 18 23:39:32 np0005651379.novalocal sudo[107495]: pam_unix(sudo:session): session closed for user root
Mar 18 23:39:32 np0005651379.novalocal systemd[1]: session-c103.scope: Deactivated successfully.
Mar 18 23:39:32 np0005651379.novalocal sudo[107524]: cinder : PWD=/ ; USER=root ; COMMAND=/usr/bin/cinder-rootwrap /etc/cinder/rootwrap.conf cinder-rtstool get-targets
Mar 18 23:39:32 np0005651379.novalocal systemd[1]: Started Session c104 of User root.
Mar 18 23:39:32 np0005651379.novalocal sudo[107524]: pam_unix(sudo:session): session opened for user root(uid=0) by (uid=165)
Mar 18 23:39:32 np0005651379.novalocal dnsmasq[106804]: read /var/lib/neutron/dhcp/a7714b01-c6aa-4a10-8588-89e28134f466/addn_hosts - 2 addresses
Mar 18 23:39:32 np0005651379.novalocal dnsmasq-dhcp[106804]: read /var/lib/neutron/dhcp/a7714b01-c6aa-4a10-8588-89e28134f466/host
Mar 18 23:39:32 np0005651379.novalocal dnsmasq-dhcp[106804]: read /var/lib/neutron/dhcp/a7714b01-c6aa-4a10-8588-89e28134f466/opts
Mar 18 23:39:32 np0005651379.novalocal container-server[99868]: ::1 - - [19/Mar/2026:03:39:32 +0000] "HEAD /3/231680/AUTH_2c0dd7efa1e94d879bc5da8c6f19a646/gnocchi.e7ac25b2-b88b-462d-8733-9438191716c3" 404 - "HEAD http://[::1]:8080/v1/AUTH_2c0dd7efa1e94d879bc5da8c6f19a646/gnocchi.e7ac25b2-b88b-462d-8733-9438191716c3" "tx744a1ceb561348fcbc6b3-0069bb6ff4" "proxy-server 101374" 0.0006 "-" 99868 0
Mar 18 23:39:32 np0005651379.novalocal container-server[99868]: ::1 - - [19/Mar/2026:03:39:32 +0000] "HEAD /1/231680/AUTH_2c0dd7efa1e94d879bc5da8c6f19a646/gnocchi.e7ac25b2-b88b-462d-8733-9438191716c3" 404 - "HEAD http://[::1]:8080/v1/AUTH_2c0dd7efa1e94d879bc5da8c6f19a646/gnocchi.e7ac25b2-b88b-462d-8733-9438191716c3" "tx744a1ceb561348fcbc6b3-0069bb6ff4" "proxy-server 101374" 0.0004 "-" 99868 0
Mar 18 23:39:32 np0005651379.novalocal container-server[99868]: ::1 - - [19/Mar/2026:03:39:32 +0000] "HEAD /2/231680/AUTH_2c0dd7efa1e94d879bc5da8c6f19a646/gnocchi.e7ac25b2-b88b-462d-8733-9438191716c3" 404 - "HEAD http://[::1]:8080/v1/AUTH_2c0dd7efa1e94d879bc5da8c6f19a646/gnocchi.e7ac25b2-b88b-462d-8733-9438191716c3" "tx744a1ceb561348fcbc6b3-0069bb6ff4" "proxy-server 101374" 0.0003 "-" 99868 0
Mar 18 23:39:32 np0005651379.novalocal proxy-server[101374]: - - 19/Mar/2026/03/39/32 HEAD /v1/AUTH_2c0dd7efa1e94d879bc5da8c6f19a646/gnocchi.e7ac25b2-b88b-462d-8733-9438191716c3 HTTP/1.0 404 - Swift - - - - tx744a1ceb561348fcbc6b3-0069bb6ff4 - 0.0120 CS - 1773891572.685650587 1773891572.697660923 0 -
Mar 18 23:39:32 np0005651379.novalocal object-server[100257]: ::1 - - [19/Mar/2026:03:39:32 +0000] "GET /2/51524/AUTH_2c0dd7efa1e94d879bc5da8c6f19a646/gnocchi.e7ac25b2-b88b-462d-8733-9438191716c3/none_v3" 404 70 "GET https://[::1]:8080/v1/AUTH_2c0dd7efa1e94d879bc5da8c6f19a646/gnocchi.e7ac25b2-b88b-462d-8733-9438191716c3/none_v3" "tx744a1ceb561348fcbc6b3-0069bb6ff4" "proxy-server 101374" 0.0004 "-" 100257 0
Mar 18 23:39:32 np0005651379.novalocal object-server[100257]: ::1 - - [19/Mar/2026:03:39:32 +0000] "GET /1/51524/AUTH_2c0dd7efa1e94d879bc5da8c6f19a646/gnocchi.e7ac25b2-b88b-462d-8733-9438191716c3/none_v3" 404 70 "GET https://[::1]:8080/v1/AUTH_2c0dd7efa1e94d879bc5da8c6f19a646/gnocchi.e7ac25b2-b88b-462d-8733-9438191716c3/none_v3" "tx744a1ceb561348fcbc6b3-0069bb6ff4" "proxy-server 101374" 0.0002 "-" 100257 0
Mar 18 23:39:32 np0005651379.novalocal object-server[100256]: ::1 - - [19/Mar/2026:03:39:32 +0000] "GET /3/51524/AUTH_2c0dd7efa1e94d879bc5da8c6f19a646/gnocchi.e7ac25b2-b88b-462d-8733-9438191716c3/none_v3" 404 70 "GET https://[::1]:8080/v1/AUTH_2c0dd7efa1e94d879bc5da8c6f19a646/gnocchi.e7ac25b2-b88b-462d-8733-9438191716c3/none_v3" "tx744a1ceb561348fcbc6b3-0069bb6ff4" "proxy-server 101374" 0.0005 "-" 100256 0
Mar 18 23:39:32 np0005651379.novalocal proxy-server[101374]: ::1 ::1 19/Mar/2026/03/39/32 GET /v1/AUTH_2c0dd7efa1e94d879bc5da8c6f19a646/gnocchi.e7ac25b2-b88b-462d-8733-9438191716c3/none_v3 HTTP/1.0 404 - python-swiftclient-4.8.0 gAAAAABpu2_xITFz... - 70 - tx744a1ceb561348fcbc6b3-0069bb6ff4 - 0.0303 - - 1773891572.684593201 1773891572.714890718 0 e61d2c26cb6146fb88642c1126e377de
Mar 18 23:39:32 np0005651379.novalocal account-server[99475]: ::1 - - [19/Mar/2026:03:39:32 +0000] "PUT /2/184762/AUTH_2c0dd7efa1e94d879bc5da8c6f19a646/gnocchi.e7ac25b2-b88b-462d-8733-9438191716c3" 201 - "PUT http://[::1]:6001/1/231680/AUTH_2c0dd7efa1e94d879bc5da8c6f19a646/gnocchi.e7ac25b2-b88b-462d-8733-9438191716c3" "tx1cad59a0fe414214858cf-0069bb6ff4" "container-server 99867" 0.0058 "-" 99475 0
Mar 18 23:39:32 np0005651379.novalocal account-server[99474]: ::1 - - [19/Mar/2026:03:39:32 +0000] "PUT /3/184762/AUTH_2c0dd7efa1e94d879bc5da8c6f19a646/gnocchi.e7ac25b2-b88b-462d-8733-9438191716c3" 201 - "PUT http://[::1]:6001/2/231680/AUTH_2c0dd7efa1e94d879bc5da8c6f19a646/gnocchi.e7ac25b2-b88b-462d-8733-9438191716c3" "tx1cad59a0fe414214858cf-0069bb6ff4" "container-server 99867" 0.0112 "-" 99474 0
Mar 18 23:39:32 np0005651379.novalocal container-server[99867]: ::1 - - [19/Mar/2026:03:39:32 +0000] "PUT /1/231680/AUTH_2c0dd7efa1e94d879bc5da8c6f19a646/gnocchi.e7ac25b2-b88b-462d-8733-9438191716c3" 201 - "PUT https://[::1]:8080/v1/AUTH_2c0dd7efa1e94d879bc5da8c6f19a646/gnocchi.e7ac25b2-b88b-462d-8733-9438191716c3" "tx1cad59a0fe414214858cf-0069bb6ff4" "proxy-server 101374" 0.0553 "-" 99867 0
Mar 18 23:39:32 np0005651379.novalocal container-server[99867]: ::1 - - [19/Mar/2026:03:39:32 +0000] "PUT /2/231680/AUTH_2c0dd7efa1e94d879bc5da8c6f19a646/gnocchi.e7ac25b2-b88b-462d-8733-9438191716c3" 201 - "PUT https://[::1]:8080/v1/AUTH_2c0dd7efa1e94d879bc5da8c6f19a646/gnocchi.e7ac25b2-b88b-462d-8733-9438191716c3" "tx1cad59a0fe414214858cf-0069bb6ff4" "proxy-server 101374" 0.0338 "-" 99867 0
Mar 18 23:39:32 np0005651379.novalocal account-server[99474]: ::1 - - [19/Mar/2026:03:39:32 +0000] "PUT /1/184762/AUTH_2c0dd7efa1e94d879bc5da8c6f19a646/gnocchi.e7ac25b2-b88b-462d-8733-9438191716c3" 201 - "PUT http://[::1]:6001/3/231680/AUTH_2c0dd7efa1e94d879bc5da8c6f19a646/gnocchi.e7ac25b2-b88b-462d-8733-9438191716c3" "tx1cad59a0fe414214858cf-0069bb6ff4" "container-server 99867" 0.0053 "-" 99474 0
Mar 18 23:39:32 np0005651379.novalocal container-server[99867]: ::1 - - [19/Mar/2026:03:39:32 +0000] "PUT /3/231680/AUTH_2c0dd7efa1e94d879bc5da8c6f19a646/gnocchi.e7ac25b2-b88b-462d-8733-9438191716c3" 201 - "PUT https://[::1]:8080/v1/AUTH_2c0dd7efa1e94d879bc5da8c6f19a646/gnocchi.e7ac25b2-b88b-462d-8733-9438191716c3" "tx1cad59a0fe414214858cf-0069bb6ff4" "proxy-server 101374" 0.0502 "-" 99867 0
Mar 18 23:39:32 np0005651379.novalocal proxy-server[101374]: ::1 ::1 19/Mar/2026/03/39/32 PUT /v1/AUTH_2c0dd7efa1e94d879bc5da8c6f19a646/gnocchi.e7ac25b2-b88b-462d-8733-9438191716c3 HTTP/1.0 201 - python-swiftclient-4.8.0 gAAAAABpu2_xITFz... - - - tx1cad59a0fe414214858cf-0069bb6ff4 - 0.0687 - - 1773891572.718767881 1773891572.787464619 0 e61d2c26cb6146fb88642c1126e377de
Mar 18 23:39:32 np0005651379.novalocal container-server[99867]: ::1 - - [19/Mar/2026:03:39:32 +0000] "HEAD /2/231680/AUTH_2c0dd7efa1e94d879bc5da8c6f19a646/gnocchi.e7ac25b2-b88b-462d-8733-9438191716c3" 204 - "HEAD http://[::1]:8080/v1/AUTH_2c0dd7efa1e94d879bc5da8c6f19a646/gnocchi.e7ac25b2-b88b-462d-8733-9438191716c3" "tx64e1fe363c92423a8317f-0069bb6ff4" "proxy-server 101374" 0.0010 "-" 99867 0
Mar 18 23:39:32 np0005651379.novalocal proxy-server[101374]: - - 19/Mar/2026/03/39/32 HEAD /v1/AUTH_2c0dd7efa1e94d879bc5da8c6f19a646/gnocchi.e7ac25b2-b88b-462d-8733-9438191716c3 HTTP/1.0 204 - Swift - - - - tx64e1fe363c92423a8317f-0069bb6ff4 - 0.0059 CS - 1773891572.793673277 1773891572.799606562 0 -
Mar 18 23:39:32 np0005651379.novalocal container-server[99867]: ::1 - - [19/Mar/2026:03:39:32 +0000] "GET /1/231680/AUTH_2c0dd7efa1e94d879bc5da8c6f19a646/gnocchi.e7ac25b2-b88b-462d-8733-9438191716c3" 200 2 "GET https://[::1]:8080/v1/AUTH_2c0dd7efa1e94d879bc5da8c6f19a646/gnocchi.e7ac25b2-b88b-462d-8733-9438191716c3?format=json&states=listing" "tx64e1fe363c92423a8317f-0069bb6ff4" "proxy-server 101374" 0.0016 "-" 99867 0
Mar 18 23:39:32 np0005651379.novalocal proxy-server[101374]: ::1 ::1 19/Mar/2026/03/39/32 GET /v1/AUTH_2c0dd7efa1e94d879bc5da8c6f19a646/gnocchi.e7ac25b2-b88b-462d-8733-9438191716c3%3Fformat%3Djson%26states%3Dlisting HTTP/1.0 200 - python-swiftclient-4.8.0 gAAAAABpu2_xITFz... - 2 - tx64e1fe363c92423a8317f-0069bb6ff4 - 0.0181 - - 1773891572.792941332 1773891572.811003923 0 e61d2c26cb6146fb88642c1126e377de
Mar 18 23:39:32 np0005651379.novalocal sudo[107524]: pam_unix(sudo:session): session closed for user root
Mar 18 23:39:32 np0005651379.novalocal systemd[1]: session-c104.scope: Deactivated successfully.
Mar 18 23:39:32 np0005651379.novalocal object-server[100256]: ::1 - - [19/Mar/2026:03:39:32 +0000] "GET /3/125922/AUTH_2c0dd7efa1e94d879bc5da8c6f19a646/gnocchi.e7ac25b2-b88b-462d-8733-9438191716c3/1773360000.0_mean_300.0_v3" 404 70 "GET https://[::1]:8080/v1/AUTH_2c0dd7efa1e94d879bc5da8c6f19a646/gnocchi.e7ac25b2-b88b-462d-8733-9438191716c3/1773360000.0_mean_300.0_v3" "tx2f5a8fdc39f347ce949e9-0069bb6ff4" "proxy-server 101374" 0.0004 "-" 100256 0
Mar 18 23:39:32 np0005651379.novalocal object-server[100256]: ::1 - - [19/Mar/2026:03:39:32 +0000] "GET /1/125922/AUTH_2c0dd7efa1e94d879bc5da8c6f19a646/gnocchi.e7ac25b2-b88b-462d-8733-9438191716c3/1773360000.0_mean_300.0_v3" 404 70 "GET https://[::1]:8080/v1/AUTH_2c0dd7efa1e94d879bc5da8c6f19a646/gnocchi.e7ac25b2-b88b-462d-8733-9438191716c3/1773360000.0_mean_300.0_v3" "tx2f5a8fdc39f347ce949e9-0069bb6ff4" "proxy-server 101374" 0.0002 "-" 100256 0
Mar 18 23:39:32 np0005651379.novalocal object-server[100256]: ::1 - - [19/Mar/2026:03:39:32 +0000] "GET /2/125922/AUTH_2c0dd7efa1e94d879bc5da8c6f19a646/gnocchi.e7ac25b2-b88b-462d-8733-9438191716c3/1773360000.0_mean_300.0_v3" 404 70 "GET https://[::1]:8080/v1/AUTH_2c0dd7efa1e94d879bc5da8c6f19a646/gnocchi.e7ac25b2-b88b-462d-8733-9438191716c3/1773360000.0_mean_300.0_v3" "tx2f5a8fdc39f347ce949e9-0069bb6ff4" "proxy-server 101374" 0.0002 "-" 100256 0
Mar 18 23:39:32 np0005651379.novalocal proxy-server[101374]: ::1 ::1 19/Mar/2026/03/39/32 GET /v1/AUTH_2c0dd7efa1e94d879bc5da8c6f19a646/gnocchi.e7ac25b2-b88b-462d-8733-9438191716c3/1773360000.0_mean_300.0_v3 HTTP/1.0 404 - python-swiftclient-4.8.0 gAAAAABpu2_xITFz... - 70 - tx2f5a8fdc39f347ce949e9-0069bb6ff4 - 0.0140 - - 1773891572.819106817 1773891572.833066463 0 e61d2c26cb6146fb88642c1126e377de
Mar 18 23:39:32 np0005651379.novalocal sudo[107540]: cinder : PWD=/ ; USER=root ; COMMAND=/usr/bin/cinder-rootwrap /etc/cinder/rootwrap.conf cinder-rtstool save
Mar 18 23:39:32 np0005651379.novalocal container-server[99867]: ::1 - - [19/Mar/2026:03:39:32 +0000] "PUT /3/231680/AUTH_2c0dd7efa1e94d879bc5da8c6f19a646/gnocchi.e7ac25b2-b88b-462d-8733-9438191716c3/1773360000.0_mean_300.0_v3" 201 - "PUT http://[::1]:8080/2/125922/AUTH_2c0dd7efa1e94d879bc5da8c6f19a646/gnocchi.e7ac25b2-b88b-462d-8733-9438191716c3/1773360000.0_mean_300.0_v3" "tx2e4eeec3bb0f4f7e8c6b1-0069bb6ff4" "object-server 100257" 0.0008 "-" 99867 0
Mar 18 23:39:32 np0005651379.novalocal container-server[99868]: ::1 - - [19/Mar/2026:03:39:32 +0000] "PUT /1/231680/AUTH_2c0dd7efa1e94d879bc5da8c6f19a646/gnocchi.e7ac25b2-b88b-462d-8733-9438191716c3/1773360000.0_mean_300.0_v3" 201 - "PUT http://[::1]:8080/3/125922/AUTH_2c0dd7efa1e94d879bc5da8c6f19a646/gnocchi.e7ac25b2-b88b-462d-8733-9438191716c3/1773360000.0_mean_300.0_v3" "tx2e4eeec3bb0f4f7e8c6b1-0069bb6ff4" "object-server 100257" 0.0008 "-" 99868 0
Mar 18 23:39:32 np0005651379.novalocal object-server[100257]: ::1 - - [19/Mar/2026:03:39:32 +0000] "PUT /2/125922/AUTH_2c0dd7efa1e94d879bc5da8c6f19a646/gnocchi.e7ac25b2-b88b-462d-8733-9438191716c3/1773360000.0_mean_300.0_v3" 201 - "PUT https://[::1]:8080/v1/AUTH_2c0dd7efa1e94d879bc5da8c6f19a646/gnocchi.e7ac25b2-b88b-462d-8733-9438191716c3/1773360000.0_mean_300.0_v3" "tx2e4eeec3bb0f4f7e8c6b1-0069bb6ff4" "proxy-server 101374" 0.0097 "-" 100257 0
Mar 18 23:39:32 np0005651379.novalocal container-server[99867]: ::1 - - [19/Mar/2026:03:39:32 +0000] "PUT /2/231680/AUTH_2c0dd7efa1e94d879bc5da8c6f19a646/gnocchi.e7ac25b2-b88b-462d-8733-9438191716c3/1773360000.0_mean_300.0_v3" 201 - "PUT http://[::1]:8080/1/125922/AUTH_2c0dd7efa1e94d879bc5da8c6f19a646/gnocchi.e7ac25b2-b88b-462d-8733-9438191716c3/1773360000.0_mean_300.0_v3" "tx2e4eeec3bb0f4f7e8c6b1-0069bb6ff4" "object-server 100256" 0.0004 "-" 99867 0
Mar 18 23:39:32 np0005651379.novalocal object-server[100257]: ::1 - - [19/Mar/2026:03:39:32 +0000] "PUT /3/125922/AUTH_2c0dd7efa1e94d879bc5da8c6f19a646/gnocchi.e7ac25b2-b88b-462d-8733-9438191716c3/1773360000.0_mean_300.0_v3" 201 - "PUT https://[::1]:8080/v1/AUTH_2c0dd7efa1e94d879bc5da8c6f19a646/gnocchi.e7ac25b2-b88b-462d-8733-9438191716c3/1773360000.0_mean_300.0_v3" "tx2e4eeec3bb0f4f7e8c6b1-0069bb6ff4" "proxy-server 101374" 0.0117 "-" 100257 0
Mar 18 23:39:32 np0005651379.novalocal object-server[100256]: ::1 - - [19/Mar/2026:03:39:32 +0000] "PUT /1/125922/AUTH_2c0dd7efa1e94d879bc5da8c6f19a646/gnocchi.e7ac25b2-b88b-462d-8733-9438191716c3/1773360000.0_mean_300.0_v3" 201 - "PUT https://[::1]:8080/v1/AUTH_2c0dd7efa1e94d879bc5da8c6f19a646/gnocchi.e7ac25b2-b88b-462d-8733-9438191716c3/1773360000.0_mean_300.0_v3" "tx2e4eeec3bb0f4f7e8c6b1-0069bb6ff4" "proxy-server 101374" 0.0113 "-" 100256 0
Mar 18 23:39:32 np0005651379.novalocal proxy-server[101374]: ::1 ::1 19/Mar/2026/03/39/32 PUT /v1/AUTH_2c0dd7efa1e94d879bc5da8c6f19a646/gnocchi.e7ac25b2-b88b-462d-8733-9438191716c3/1773360000.0_mean_300.0_v3 HTTP/1.0 201 - python-swiftclient-4.8.0 gAAAAABpu2_xITFz... 16 - - tx2e4eeec3bb0f4f7e8c6b1-0069bb6ff4 - 0.0230 - - 1773891572.835324049 1773891572.858315468 0 e61d2c26cb6146fb88642c1126e377de
Mar 18 23:39:32 np0005651379.novalocal systemd[1]: Started Session c105 of User root.
Mar 18 23:39:32 np0005651379.novalocal container-server[99867]: ::1 - - [19/Mar/2026:03:39:32 +0000] "PUT /2/231680/AUTH_2c0dd7efa1e94d879bc5da8c6f19a646/gnocchi.e7ac25b2-b88b-462d-8733-9438191716c3/none_v3" 201 - "PUT http://[::1]:8080/3/51524/AUTH_2c0dd7efa1e94d879bc5da8c6f19a646/gnocchi.e7ac25b2-b88b-462d-8733-9438191716c3/none_v3" "tx103984ee3b164e6dbbab0-0069bb6ff4" "object-server 100257" 0.0006 "-" 99867 0
Mar 18 23:39:32 np0005651379.novalocal object-server[100257]: ::1 - - [19/Mar/2026:03:39:32 +0000] "PUT /3/51524/AUTH_2c0dd7efa1e94d879bc5da8c6f19a646/gnocchi.e7ac25b2-b88b-462d-8733-9438191716c3/none_v3" 201 - "PUT https://[::1]:8080/v1/AUTH_2c0dd7efa1e94d879bc5da8c6f19a646/gnocchi.e7ac25b2-b88b-462d-8733-9438191716c3/none_v3" "tx103984ee3b164e6dbbab0-0069bb6ff4" "proxy-server 101374" 0.0101 "-" 100257 0
Mar 18 23:39:32 np0005651379.novalocal sudo[107540]: pam_unix(sudo:session): session opened for user root(uid=0) by (uid=165)
Mar 18 23:39:32 np0005651379.novalocal container-server[99867]: ::1 - - [19/Mar/2026:03:39:32 +0000] "PUT /3/231680/AUTH_2c0dd7efa1e94d879bc5da8c6f19a646/gnocchi.e7ac25b2-b88b-462d-8733-9438191716c3/none_v3" 201 - "PUT http://[::1]:8080/1/51524/AUTH_2c0dd7efa1e94d879bc5da8c6f19a646/gnocchi.e7ac25b2-b88b-462d-8733-9438191716c3/none_v3" "tx103984ee3b164e6dbbab0-0069bb6ff4" "object-server 100256" 0.0005 "-" 99867 0
Mar 18 23:39:32 np0005651379.novalocal container-server[99868]: ::1 - - [19/Mar/2026:03:39:32 +0000] "PUT /1/231680/AUTH_2c0dd7efa1e94d879bc5da8c6f19a646/gnocchi.e7ac25b2-b88b-462d-8733-9438191716c3/none_v3" 201 - "PUT http://[::1]:8080/2/51524/AUTH_2c0dd7efa1e94d879bc5da8c6f19a646/gnocchi.e7ac25b2-b88b-462d-8733-9438191716c3/none_v3" "tx103984ee3b164e6dbbab0-0069bb6ff4" "object-server 100256" 0.0006 "-" 99868 0
Mar 18 23:39:32 np0005651379.novalocal object-server[100256]: ::1 - - [19/Mar/2026:03:39:32 +0000] "PUT /1/51524/AUTH_2c0dd7efa1e94d879bc5da8c6f19a646/gnocchi.e7ac25b2-b88b-462d-8733-9438191716c3/none_v3" 201 - "PUT https://[::1]:8080/v1/AUTH_2c0dd7efa1e94d879bc5da8c6f19a646/gnocchi.e7ac25b2-b88b-462d-8733-9438191716c3/none_v3" "tx103984ee3b164e6dbbab0-0069bb6ff4" "proxy-server 101374" 0.0143 "-" 100256 0
Mar 18 23:39:32 np0005651379.novalocal object-server[100256]: ::1 - - [19/Mar/2026:03:39:32 +0000] "PUT /2/51524/AUTH_2c0dd7efa1e94d879bc5da8c6f19a646/gnocchi.e7ac25b2-b88b-462d-8733-9438191716c3/none_v3" 201 - "PUT https://[::1]:8080/v1/AUTH_2c0dd7efa1e94d879bc5da8c6f19a646/gnocchi.e7ac25b2-b88b-462d-8733-9438191716c3/none_v3" "tx103984ee3b164e6dbbab0-0069bb6ff4" "proxy-server 101374" 0.0137 "-" 100256 0
