Mar 18 23:40:35 np0005651379.novalocal object-server[100257]: ::1 - - [19/Mar/2026:03:40:35 +0000] "PUT /1/95581/AUTH_2c0dd7efa1e94d879bc5da8c6f19a646/gnocchi.a354173d-8d11-454f-9787-7f402ce889bf/1773360000.0_mean_300.0_v3" 201 - "PUT https://[::1]:8080/v1/AUTH_2c0dd7efa1e94d879bc5da8c6f19a646/gnocchi.a354173d-8d11-454f-9787-7f402ce889bf/1773360000.0_mean_300.0_v3" "tx45380c2d916c4730a308c-0069bb7033" "proxy-server 101374" 0.0140 "-" 100257 0
Mar 18 23:40:35 np0005651379.novalocal proxy-server[101374]: ::1 ::1 19/Mar/2026/03/40/35 PUT /v1/AUTH_2c0dd7efa1e94d879bc5da8c6f19a646/gnocchi.a354173d-8d11-454f-9787-7f402ce889bf/1773360000.0_mean_300.0_v3 HTTP/1.0 201 - python-swiftclient-4.8.0 gAAAAABpu2_uqf-H... 16 - - tx45380c2d916c4730a308c-0069bb7033 - 0.0295 - - 1773891635.106622219 1773891635.136098385 0 e61d2c26cb6146fb88642c1126e377de
Mar 18 23:40:35 np0005651379.novalocal container-server[99868]: ::1 - - [19/Mar/2026:03:40:35 +0000] "PUT /1/245332/AUTH_2c0dd7efa1e94d879bc5da8c6f19a646/gnocchi.a354173d-8d11-454f-9787-7f402ce889bf/none_v3" 201 - "PUT http://[::1]:8080/2/181777/AUTH_2c0dd7efa1e94d879bc5da8c6f19a646/gnocchi.a354173d-8d11-454f-9787-7f402ce889bf/none_v3" "txcee292fda6494e07a0ab0-0069bb7033" "object-server 100257" 0.0010 "-" 99868 0
Mar 18 23:40:35 np0005651379.novalocal object-server[100257]: ::1 - - [19/Mar/2026:03:40:35 +0000] "PUT /2/181777/AUTH_2c0dd7efa1e94d879bc5da8c6f19a646/gnocchi.a354173d-8d11-454f-9787-7f402ce889bf/none_v3" 201 - "PUT https://[::1]:8080/v1/AUTH_2c0dd7efa1e94d879bc5da8c6f19a646/gnocchi.a354173d-8d11-454f-9787-7f402ce889bf/none_v3" "txcee292fda6494e07a0ab0-0069bb7033" "proxy-server 101374" 0.0165 "-" 100257 0
Mar 18 23:40:35 np0005651379.novalocal container-server[99867]: ::1 - - [19/Mar/2026:03:40:35 +0000] "PUT /3/245332/AUTH_2c0dd7efa1e94d879bc5da8c6f19a646/gnocchi.a354173d-8d11-454f-9787-7f402ce889bf/none_v3" 201 - "PUT http://[::1]:8080/3/181777/AUTH_2c0dd7efa1e94d879bc5da8c6f19a646/gnocchi.a354173d-8d11-454f-9787-7f402ce889bf/none_v3" "txcee292fda6494e07a0ab0-0069bb7033" "object-server 100256" 0.0010 "-" 99867 0
Mar 18 23:40:35 np0005651379.novalocal object-server[100256]: ::1 - - [19/Mar/2026:03:40:35 +0000] "PUT /3/181777/AUTH_2c0dd7efa1e94d879bc5da8c6f19a646/gnocchi.a354173d-8d11-454f-9787-7f402ce889bf/none_v3" 201 - "PUT https://[::1]:8080/v1/AUTH_2c0dd7efa1e94d879bc5da8c6f19a646/gnocchi.a354173d-8d11-454f-9787-7f402ce889bf/none_v3" "txcee292fda6494e07a0ab0-0069bb7033" "proxy-server 101374" 0.0147 "-" 100256 0
Mar 18 23:40:35 np0005651379.novalocal container-server[99867]: ::1 - - [19/Mar/2026:03:40:35 +0000] "PUT /2/245332/AUTH_2c0dd7efa1e94d879bc5da8c6f19a646/gnocchi.a354173d-8d11-454f-9787-7f402ce889bf/none_v3" 201 - "PUT http://[::1]:8080/1/181777/AUTH_2c0dd7efa1e94d879bc5da8c6f19a646/gnocchi.a354173d-8d11-454f-9787-7f402ce889bf/none_v3" "txcee292fda6494e07a0ab0-0069bb7033" "object-server 100256" 0.0007 "-" 99867 0
Mar 18 23:40:35 np0005651379.novalocal object-server[100256]: ::1 - - [19/Mar/2026:03:40:35 +0000] "PUT /1/181777/AUTH_2c0dd7efa1e94d879bc5da8c6f19a646/gnocchi.a354173d-8d11-454f-9787-7f402ce889bf/none_v3" 201 - "PUT https://[::1]:8080/v1/AUTH_2c0dd7efa1e94d879bc5da8c6f19a646/gnocchi.a354173d-8d11-454f-9787-7f402ce889bf/none_v3" "txcee292fda6494e07a0ab0-0069bb7033" "proxy-server 101374" 0.0215 "-" 100256 0
Mar 18 23:40:35 np0005651379.novalocal proxy-server[101374]: ::1 ::1 19/Mar/2026/03/40/35 PUT /v1/AUTH_2c0dd7efa1e94d879bc5da8c6f19a646/gnocchi.a354173d-8d11-454f-9787-7f402ce889bf/none_v3 HTTP/1.0 201 - python-swiftclient-4.8.0 gAAAAABpu2_uqf-H... 45 - - txcee292fda6494e07a0ab0-0069bb7033 - 0.0301 - - 1773891635.138926506 1773891635.169019938 0 e61d2c26cb6146fb88642c1126e377de
Mar 18 23:40:37 np0005651379.novalocal object-replicator[100339]: Starting object replication pass.
Mar 18 23:40:38 np0005651379.novalocal object-replicator[100339]: 156/156 (100.00%) partitions replicated in 1.56s (99.72/sec, 0s remaining)
Mar 18 23:40:38 np0005651379.novalocal object-replicator[100339]: 312 successes, 0 failures
Mar 18 23:40:38 np0005651379.novalocal object-replicator[100339]: 156 suffixes checked - 6.41% hashed, 0.00% synced
Mar 18 23:40:38 np0005651379.novalocal object-replicator[100339]: Partition times: max 0.0855s, min 0.0040s, med 0.0063s
Mar 18 23:40:38 np0005651379.novalocal object-replicator[100339]: Object replication complete. (0.03 minutes)
Mar 18 23:40:39 np0005651379.novalocal container-server[99867]: ::1 - - [19/Mar/2026:03:40:39 +0000] "HEAD /3/144673/AUTH_2c0dd7efa1e94d879bc5da8c6f19a646/gnocchi.7e8ccfb7-b143-45a8-8174-f8e51353d8c3" 404 - "HEAD http://[::1]:8080/v1/AUTH_2c0dd7efa1e94d879bc5da8c6f19a646/gnocchi.7e8ccfb7-b143-45a8-8174-f8e51353d8c3" "tx1c8d8e66184140548eced-0069bb7037" "proxy-server 101374" 0.0006 "-" 99867 0
Mar 18 23:40:39 np0005651379.novalocal container-server[99867]: ::1 - - [19/Mar/2026:03:40:39 +0000] "HEAD /2/144673/AUTH_2c0dd7efa1e94d879bc5da8c6f19a646/gnocchi.7e8ccfb7-b143-45a8-8174-f8e51353d8c3" 404 - "HEAD http://[::1]:8080/v1/AUTH_2c0dd7efa1e94d879bc5da8c6f19a646/gnocchi.7e8ccfb7-b143-45a8-8174-f8e51353d8c3" "tx1c8d8e66184140548eced-0069bb7037" "proxy-server 101374" 0.0003 "-" 99867 0
Mar 18 23:40:39 np0005651379.novalocal container-server[99867]: ::1 - - [19/Mar/2026:03:40:39 +0000] "HEAD /1/144673/AUTH_2c0dd7efa1e94d879bc5da8c6f19a646/gnocchi.7e8ccfb7-b143-45a8-8174-f8e51353d8c3" 404 - "HEAD http://[::1]:8080/v1/AUTH_2c0dd7efa1e94d879bc5da8c6f19a646/gnocchi.7e8ccfb7-b143-45a8-8174-f8e51353d8c3" "tx1c8d8e66184140548eced-0069bb7037" "proxy-server 101374" 0.0003 "-" 99867 0
Mar 18 23:40:39 np0005651379.novalocal proxy-server[101374]: - - 19/Mar/2026/03/40/39 HEAD /v1/AUTH_2c0dd7efa1e94d879bc5da8c6f19a646/gnocchi.7e8ccfb7-b143-45a8-8174-f8e51353d8c3 HTTP/1.0 404 - Swift - - - - tx1c8d8e66184140548eced-0069bb7037 - 0.0137 CS - 1773891639.678864717 1773891639.692595243 0 -
Mar 18 23:40:39 np0005651379.novalocal object-server[100256]: ::1 - - [19/Mar/2026:03:40:39 +0000] "GET /1/126870/AUTH_2c0dd7efa1e94d879bc5da8c6f19a646/gnocchi.7e8ccfb7-b143-45a8-8174-f8e51353d8c3/none_v3" 404 70 "GET https://[::1]:8080/v1/AUTH_2c0dd7efa1e94d879bc5da8c6f19a646/gnocchi.7e8ccfb7-b143-45a8-8174-f8e51353d8c3/none_v3" "tx1c8d8e66184140548eced-0069bb7037" "proxy-server 101374" 0.0005 "-" 100256 0
Mar 18 23:40:39 np0005651379.novalocal object-server[100257]: ::1 - - [19/Mar/2026:03:40:39 +0000] "GET /2/126870/AUTH_2c0dd7efa1e94d879bc5da8c6f19a646/gnocchi.7e8ccfb7-b143-45a8-8174-f8e51353d8c3/none_v3" 404 70 "GET https://[::1]:8080/v1/AUTH_2c0dd7efa1e94d879bc5da8c6f19a646/gnocchi.7e8ccfb7-b143-45a8-8174-f8e51353d8c3/none_v3" "tx1c8d8e66184140548eced-0069bb7037" "proxy-server 101374" 0.0004 "-" 100257 0
Mar 18 23:40:39 np0005651379.novalocal object-server[100256]: ::1 - - [19/Mar/2026:03:40:39 +0000] "GET /3/126870/AUTH_2c0dd7efa1e94d879bc5da8c6f19a646/gnocchi.7e8ccfb7-b143-45a8-8174-f8e51353d8c3/none_v3" 404 70 "GET https://[::1]:8080/v1/AUTH_2c0dd7efa1e94d879bc5da8c6f19a646/gnocchi.7e8ccfb7-b143-45a8-8174-f8e51353d8c3/none_v3" "tx1c8d8e66184140548eced-0069bb7037" "proxy-server 101374" 0.0004 "-" 100256 0
Mar 18 23:40:39 np0005651379.novalocal proxy-server[101374]: ::1 ::1 19/Mar/2026/03/40/39 GET /v1/AUTH_2c0dd7efa1e94d879bc5da8c6f19a646/gnocchi.7e8ccfb7-b143-45a8-8174-f8e51353d8c3/none_v3 HTTP/1.0 404 - python-swiftclient-4.8.0 gAAAAABpu2_uqf-H... - 70 - tx1c8d8e66184140548eced-0069bb7037 - 0.0309 - - 1773891639.677744389 1773891639.708643436 0 e61d2c26cb6146fb88642c1126e377de
Mar 18 23:40:39 np0005651379.novalocal account-server[99475]: ::1 - - [19/Mar/2026:03:40:39 +0000] "PUT /1/184762/AUTH_2c0dd7efa1e94d879bc5da8c6f19a646/gnocchi.7e8ccfb7-b143-45a8-8174-f8e51353d8c3" 201 - "PUT http://[::1]:6001/1/144673/AUTH_2c0dd7efa1e94d879bc5da8c6f19a646/gnocchi.7e8ccfb7-b143-45a8-8174-f8e51353d8c3" "txb0ae13462771473c94658-0069bb7037" "container-server 99868" 0.0020 "-" 99475 0
Mar 18 23:40:39 np0005651379.novalocal container-server[99868]: ::1 - - [19/Mar/2026:03:40:39 +0000] "PUT /1/144673/AUTH_2c0dd7efa1e94d879bc5da8c6f19a646/gnocchi.7e8ccfb7-b143-45a8-8174-f8e51353d8c3" 201 - "PUT https://[::1]:8080/v1/AUTH_2c0dd7efa1e94d879bc5da8c6f19a646/gnocchi.7e8ccfb7-b143-45a8-8174-f8e51353d8c3" "txb0ae13462771473c94658-0069bb7037" "proxy-server 101374" 0.0231 "-" 99868 0
Mar 18 23:40:39 np0005651379.novalocal account-server[99474]: ::1 - - [19/Mar/2026:03:40:39 +0000] "PUT /3/184762/AUTH_2c0dd7efa1e94d879bc5da8c6f19a646/gnocchi.7e8ccfb7-b143-45a8-8174-f8e51353d8c3" 201 - "PUT http://[::1]:6001/2/144673/AUTH_2c0dd7efa1e94d879bc5da8c6f19a646/gnocchi.7e8ccfb7-b143-45a8-8174-f8e51353d8c3" "txb0ae13462771473c94658-0069bb7037" "container-server 99868" 0.0018 "-" 99474 0
Mar 18 23:40:39 np0005651379.novalocal container-server[99868]: ::1 - - [19/Mar/2026:03:40:39 +0000] "PUT /2/144673/AUTH_2c0dd7efa1e94d879bc5da8c6f19a646/gnocchi.7e8ccfb7-b143-45a8-8174-f8e51353d8c3" 201 - "PUT https://[::1]:8080/v1/AUTH_2c0dd7efa1e94d879bc5da8c6f19a646/gnocchi.7e8ccfb7-b143-45a8-8174-f8e51353d8c3" "txb0ae13462771473c94658-0069bb7037" "proxy-server 101374" 0.0103 "-" 99868 0
Mar 18 23:40:39 np0005651379.novalocal account-server[99475]: ::1 - - [19/Mar/2026:03:40:39 +0000] "PUT /2/184762/AUTH_2c0dd7efa1e94d879bc5da8c6f19a646/gnocchi.7e8ccfb7-b143-45a8-8174-f8e51353d8c3" 201 - "PUT http://[::1]:6001/3/144673/AUTH_2c0dd7efa1e94d879bc5da8c6f19a646/gnocchi.7e8ccfb7-b143-45a8-8174-f8e51353d8c3" "txb0ae13462771473c94658-0069bb7037" "container-server 99867" 0.0012 "-" 99475 0
Mar 18 23:40:39 np0005651379.novalocal container-server[99867]: ::1 - - [19/Mar/2026:03:40:39 +0000] "PUT /3/144673/AUTH_2c0dd7efa1e94d879bc5da8c6f19a646/gnocchi.7e8ccfb7-b143-45a8-8174-f8e51353d8c3" 201 - "PUT https://[::1]:8080/v1/AUTH_2c0dd7efa1e94d879bc5da8c6f19a646/gnocchi.7e8ccfb7-b143-45a8-8174-f8e51353d8c3" "txb0ae13462771473c94658-0069bb7037" "proxy-server 101374" 0.0288 "-" 99867 0
Mar 18 23:40:39 np0005651379.novalocal proxy-server[101374]: ::1 ::1 19/Mar/2026/03/40/39 PUT /v1/AUTH_2c0dd7efa1e94d879bc5da8c6f19a646/gnocchi.7e8ccfb7-b143-45a8-8174-f8e51353d8c3 HTTP/1.0 201 - python-swiftclient-4.8.0 gAAAAABpu2_uqf-H... - - - txb0ae13462771473c94658-0069bb7037 - 0.0402 - - 1773891639.711964130 1773891639.752210617 0 e61d2c26cb6146fb88642c1126e377de
Mar 18 23:40:39 np0005651379.novalocal container-server[99867]: ::1 - - [19/Mar/2026:03:40:39 +0000] "HEAD /2/144673/AUTH_2c0dd7efa1e94d879bc5da8c6f19a646/gnocchi.7e8ccfb7-b143-45a8-8174-f8e51353d8c3" 204 - "HEAD http://[::1]:8080/v1/AUTH_2c0dd7efa1e94d879bc5da8c6f19a646/gnocchi.7e8ccfb7-b143-45a8-8174-f8e51353d8c3" "txb89ce32a4a594bbab1744-0069bb7037" "proxy-server 101374" 0.0012 "-" 99867 0
Mar 18 23:40:39 np0005651379.novalocal proxy-server[101374]: - - 19/Mar/2026/03/40/39 HEAD /v1/AUTH_2c0dd7efa1e94d879bc5da8c6f19a646/gnocchi.7e8ccfb7-b143-45a8-8174-f8e51353d8c3 HTTP/1.0 204 - Swift - - - - txb89ce32a4a594bbab1744-0069bb7037 - 0.0066 CS - 1773891639.757628918 1773891639.764189720 0 -
Mar 18 23:40:39 np0005651379.novalocal container-server[99867]: ::1 - - [19/Mar/2026:03:40:39 +0000] "GET /2/144673/AUTH_2c0dd7efa1e94d879bc5da8c6f19a646/gnocchi.7e8ccfb7-b143-45a8-8174-f8e51353d8c3" 200 2 "GET https://[::1]:8080/v1/AUTH_2c0dd7efa1e94d879bc5da8c6f19a646/gnocchi.7e8ccfb7-b143-45a8-8174-f8e51353d8c3?format=json&states=listing" "txb89ce32a4a594bbab1744-0069bb7037" "proxy-server 101374" 0.0016 "-" 99867 0
Mar 18 23:40:39 np0005651379.novalocal proxy-server[101374]: ::1 ::1 19/Mar/2026/03/40/39 GET /v1/AUTH_2c0dd7efa1e94d879bc5da8c6f19a646/gnocchi.7e8ccfb7-b143-45a8-8174-f8e51353d8c3%3Fformat%3Djson%26states%3Dlisting HTTP/1.0 200 - python-swiftclient-4.8.0 gAAAAABpu2_uqf-H... - 2 - txb89ce32a4a594bbab1744-0069bb7037 - 0.0182 - - 1773891639.756248474 1773891639.774458885 0 e61d2c26cb6146fb88642c1126e377de
Mar 18 23:40:39 np0005651379.novalocal object-server[100256]: ::1 - - [19/Mar/2026:03:40:39 +0000] "GET /3/18576/AUTH_2c0dd7efa1e94d879bc5da8c6f19a646/gnocchi.7e8ccfb7-b143-45a8-8174-f8e51353d8c3/1773360000.0_mean_300.0_v3" 404 70 "GET https://[::1]:8080/v1/AUTH_2c0dd7efa1e94d879bc5da8c6f19a646/gnocchi.7e8ccfb7-b143-45a8-8174-f8e51353d8c3/1773360000.0_mean_300.0_v3" "tx52941bfa858745baae6be-0069bb7037" "proxy-server 101374" 0.0011 "-" 100256 0
Mar 18 23:40:39 np0005651379.novalocal object-server[100257]: ::1 - - [19/Mar/2026:03:40:39 +0000] "GET /2/18576/AUTH_2c0dd7efa1e94d879bc5da8c6f19a646/gnocchi.7e8ccfb7-b143-45a8-8174-f8e51353d8c3/1773360000.0_mean_300.0_v3" 404 70 "GET https://[::1]:8080/v1/AUTH_2c0dd7efa1e94d879bc5da8c6f19a646/gnocchi.7e8ccfb7-b143-45a8-8174-f8e51353d8c3/1773360000.0_mean_300.0_v3" "tx52941bfa858745baae6be-0069bb7037" "proxy-server 101374" 0.0003 "-" 100257 0
Mar 18 23:40:39 np0005651379.novalocal object-server[100256]: ::1 - - [19/Mar/2026:03:40:39 +0000] "GET /1/18576/AUTH_2c0dd7efa1e94d879bc5da8c6f19a646/gnocchi.7e8ccfb7-b143-45a8-8174-f8e51353d8c3/1773360000.0_mean_300.0_v3" 404 70 "GET https://[::1]:8080/v1/AUTH_2c0dd7efa1e94d879bc5da8c6f19a646/gnocchi.7e8ccfb7-b143-45a8-8174-f8e51353d8c3/1773360000.0_mean_300.0_v3" "tx52941bfa858745baae6be-0069bb7037" "proxy-server 101374" 0.0004 "-" 100256 0
Mar 18 23:40:39 np0005651379.novalocal proxy-server[101374]: ::1 ::1 19/Mar/2026/03/40/39 GET /v1/AUTH_2c0dd7efa1e94d879bc5da8c6f19a646/gnocchi.7e8ccfb7-b143-45a8-8174-f8e51353d8c3/1773360000.0_mean_300.0_v3 HTTP/1.0 404 - python-swiftclient-4.8.0 gAAAAABpu2_uqf-H... - 70 - tx52941bfa858745baae6be-0069bb7037 - 0.0164 - - 1773891639.777366877 1773891639.793774605 0 e61d2c26cb6146fb88642c1126e377de
Mar 18 23:40:39 np0005651379.novalocal container-server[99868]: ::1 - - [19/Mar/2026:03:40:39 +0000] "PUT /1/144673/AUTH_2c0dd7efa1e94d879bc5da8c6f19a646/gnocchi.7e8ccfb7-b143-45a8-8174-f8e51353d8c3/1773360000.0_mean_300.0_v3" 201 - "PUT http://[::1]:8080/3/18576/AUTH_2c0dd7efa1e94d879bc5da8c6f19a646/gnocchi.7e8ccfb7-b143-45a8-8174-f8e51353d8c3/1773360000.0_mean_300.0_v3" "tx3c5dc8c912074ab182277-0069bb7037" "object-server 100257" 0.0005 "-" 99868 0
Mar 18 23:40:39 np0005651379.novalocal object-server[100257]: ::1 - - [19/Mar/2026:03:40:39 +0000] "PUT /3/18576/AUTH_2c0dd7efa1e94d879bc5da8c6f19a646/gnocchi.7e8ccfb7-b143-45a8-8174-f8e51353d8c3/1773360000.0_mean_300.0_v3" 201 - "PUT https://[::1]:8080/v1/AUTH_2c0dd7efa1e94d879bc5da8c6f19a646/gnocchi.7e8ccfb7-b143-45a8-8174-f8e51353d8c3/1773360000.0_mean_300.0_v3" "tx3c5dc8c912074ab182277-0069bb7037" "proxy-server 101374" 0.0084 "-" 100257 0
Mar 18 23:40:39 np0005651379.novalocal container-server[99868]: ::1 - - [19/Mar/2026:03:40:39 +0000] "PUT /3/144673/AUTH_2c0dd7efa1e94d879bc5da8c6f19a646/gnocchi.7e8ccfb7-b143-45a8-8174-f8e51353d8c3/1773360000.0_mean_300.0_v3" 201 - "PUT http://[::1]:8080/1/18576/AUTH_2c0dd7efa1e94d879bc5da8c6f19a646/gnocchi.7e8ccfb7-b143-45a8-8174-f8e51353d8c3/1773360000.0_mean_300.0_v3" "tx3c5dc8c912074ab182277-0069bb7037" "object-server 100257" 0.0003 "-" 99868 0
Mar 18 23:40:39 np0005651379.novalocal object-server[100257]: ::1 - - [19/Mar/2026:03:40:39 +0000] "PUT /1/18576/AUTH_2c0dd7efa1e94d879bc5da8c6f19a646/gnocchi.7e8ccfb7-b143-45a8-8174-f8e51353d8c3/1773360000.0_mean_300.0_v3" 201 - "PUT https://[::1]:8080/v1/AUTH_2c0dd7efa1e94d879bc5da8c6f19a646/gnocchi.7e8ccfb7-b143-45a8-8174-f8e51353d8c3/1773360000.0_mean_300.0_v3" "tx3c5dc8c912074ab182277-0069bb7037" "proxy-server 101374" 0.0104 "-" 100257 0
Mar 18 23:40:39 np0005651379.novalocal container-server[99867]: ::1 - - [19/Mar/2026:03:40:39 +0000] "PUT /2/144673/AUTH_2c0dd7efa1e94d879bc5da8c6f19a646/gnocchi.7e8ccfb7-b143-45a8-8174-f8e51353d8c3/1773360000.0_mean_300.0_v3" 201 - "PUT http://[::1]:8080/2/18576/AUTH_2c0dd7efa1e94d879bc5da8c6f19a646/gnocchi.7e8ccfb7-b143-45a8-8174-f8e51353d8c3/1773360000.0_mean_300.0_v3" "tx3c5dc8c912074ab182277-0069bb7037" "object-server 100256" 0.0019 "-" 99867 0
Mar 18 23:40:39 np0005651379.novalocal object-server[100256]: ::1 - - [19/Mar/2026:03:40:39 +0000] "PUT /2/18576/AUTH_2c0dd7efa1e94d879bc5da8c6f19a646/gnocchi.7e8ccfb7-b143-45a8-8174-f8e51353d8c3/1773360000.0_mean_300.0_v3" 201 - "PUT https://[::1]:8080/v1/AUTH_2c0dd7efa1e94d879bc5da8c6f19a646/gnocchi.7e8ccfb7-b143-45a8-8174-f8e51353d8c3/1773360000.0_mean_300.0_v3" "tx3c5dc8c912074ab182277-0069bb7037" "proxy-server 101374" 0.0116 "-" 100256 0
Mar 18 23:40:39 np0005651379.novalocal proxy-server[101374]: ::1 ::1 19/Mar/2026/03/40/39 PUT /v1/AUTH_2c0dd7efa1e94d879bc5da8c6f19a646/gnocchi.7e8ccfb7-b143-45a8-8174-f8e51353d8c3/1773360000.0_mean_300.0_v3 HTTP/1.0 201 - python-swiftclient-4.8.0 gAAAAABpu2_uqf-H... 16 - - tx3c5dc8c912074ab182277-0069bb7037 - 0.0187 - - 1773891639.796103716 1773891639.814839602 0 e61d2c26cb6146fb88642c1126e377de
Mar 18 23:40:39 np0005651379.novalocal container-server[99868]: ::1 - - [19/Mar/2026:03:40:39 +0000] "PUT /1/144673/AUTH_2c0dd7efa1e94d879bc5da8c6f19a646/gnocchi.7e8ccfb7-b143-45a8-8174-f8e51353d8c3/none_v3" 201 - "PUT http://[::1]:8080/1/126870/AUTH_2c0dd7efa1e94d879bc5da8c6f19a646/gnocchi.7e8ccfb7-b143-45a8-8174-f8e51353d8c3/none_v3" "txecf0343363e4431695681-0069bb7037" "object-server 100256" 0.0005 "-" 99868 0
Mar 18 23:40:39 np0005651379.novalocal container-server[99867]: ::1 - - [19/Mar/2026:03:40:39 +0000] "PUT /2/144673/AUTH_2c0dd7efa1e94d879bc5da8c6f19a646/gnocchi.7e8ccfb7-b143-45a8-8174-f8e51353d8c3/none_v3" 201 - "PUT http://[::1]:8080/2/126870/AUTH_2c0dd7efa1e94d879bc5da8c6f19a646/gnocchi.7e8ccfb7-b143-45a8-8174-f8e51353d8c3/none_v3" "txecf0343363e4431695681-0069bb7037" "object-server 100257" 0.0004 "-" 99867 0
Mar 18 23:40:39 np0005651379.novalocal object-server[100256]: ::1 - - [19/Mar/2026:03:40:39 +0000] "PUT /1/126870/AUTH_2c0dd7efa1e94d879bc5da8c6f19a646/gnocchi.7e8ccfb7-b143-45a8-8174-f8e51353d8c3/none_v3" 201 - "PUT https://[::1]:8080/v1/AUTH_2c0dd7efa1e94d879bc5da8c6f19a646/gnocchi.7e8ccfb7-b143-45a8-8174-f8e51353d8c3/none_v3" "txecf0343363e4431695681-0069bb7037" "proxy-server 101374" 0.0094 "-" 100256 0
Mar 18 23:40:39 np0005651379.novalocal container-server[99868]: ::1 - - [19/Mar/2026:03:40:39 +0000] "PUT /3/144673/AUTH_2c0dd7efa1e94d879bc5da8c6f19a646/gnocchi.7e8ccfb7-b143-45a8-8174-f8e51353d8c3/none_v3" 201 - "PUT http://[::1]:8080/3/126870/AUTH_2c0dd7efa1e94d879bc5da8c6f19a646/gnocchi.7e8ccfb7-b143-45a8-8174-f8e51353d8c3/none_v3" "txecf0343363e4431695681-0069bb7037" "object-server 100257" 0.0003 "-" 99868 0
Mar 18 23:40:39 np0005651379.novalocal object-server[100257]: ::1 - - [19/Mar/2026:03:40:39 +0000] "PUT /2/126870/AUTH_2c0dd7efa1e94d879bc5da8c6f19a646/gnocchi.7e8ccfb7-b143-45a8-8174-f8e51353d8c3/none_v3" 201 - "PUT https://[::1]:8080/v1/AUTH_2c0dd7efa1e94d879bc5da8c6f19a646/gnocchi.7e8ccfb7-b143-45a8-8174-f8e51353d8c3/none_v3" "txecf0343363e4431695681-0069bb7037" "proxy-server 101374" 0.0092 "-" 100257 0
Mar 18 23:40:39 np0005651379.novalocal object-server[100257]: ::1 - - [19/Mar/2026:03:40:39 +0000] "PUT /3/126870/AUTH_2c0dd7efa1e94d879bc5da8c6f19a646/gnocchi.7e8ccfb7-b143-45a8-8174-f8e51353d8c3/none_v3" 201 - "PUT https://[::1]:8080/v1/AUTH_2c0dd7efa1e94d879bc5da8c6f19a646/gnocchi.7e8ccfb7-b143-45a8-8174-f8e51353d8c3/none_v3" "txecf0343363e4431695681-0069bb7037" "proxy-server 101374" 0.0112 "-" 100257 0
Mar 18 23:40:39 np0005651379.novalocal proxy-server[101374]: ::1 ::1 19/Mar/2026/03/40/39 PUT /v1/AUTH_2c0dd7efa1e94d879bc5da8c6f19a646/gnocchi.7e8ccfb7-b143-45a8-8174-f8e51353d8c3/none_v3 HTTP/1.0 201 - python-swiftclient-4.8.0 gAAAAABpu2_uqf-H... 22 - - txecf0343363e4431695681-0069bb7037 - 0.0173 - - 1773891639.817166328 1773891639.834452152 0 e61d2c26cb6146fb88642c1126e377de
Mar 18 23:40:39 np0005651379.novalocal container-server[99867]: ::1 - - [19/Mar/2026:03:40:39 +0000] "HEAD /1/216807/AUTH_2c0dd7efa1e94d879bc5da8c6f19a646/gnocchi.b5bc9b78-638f-4050-b29f-1b33fed8865a" 404 - "HEAD http://[::1]:8080/v1/AUTH_2c0dd7efa1e94d879bc5da8c6f19a646/gnocchi.b5bc9b78-638f-4050-b29f-1b33fed8865a" "tx72d03fa8c90745fd817fe-0069bb7037" "proxy-server 101374" 0.0004 "-" 99867 0
Mar 18 23:40:39 np0005651379.novalocal container-server[99867]: ::1 - - [19/Mar/2026:03:40:39 +0000] "HEAD /3/216807/AUTH_2c0dd7efa1e94d879bc5da8c6f19a646/gnocchi.b5bc9b78-638f-4050-b29f-1b33fed8865a" 404 - "HEAD http://[::1]:8080/v1/AUTH_2c0dd7efa1e94d879bc5da8c6f19a646/gnocchi.b5bc9b78-638f-4050-b29f-1b33fed8865a" "tx72d03fa8c90745fd817fe-0069bb7037" "proxy-server 101374" 0.0007 "-" 99867 0
Mar 18 23:40:39 np0005651379.novalocal container-server[99867]: ::1 - - [19/Mar/2026:03:40:39 +0000] "HEAD /2/216807/AUTH_2c0dd7efa1e94d879bc5da8c6f19a646/gnocchi.b5bc9b78-638f-4050-b29f-1b33fed8865a" 404 - "HEAD http://[::1]:8080/v1/AUTH_2c0dd7efa1e94d879bc5da8c6f19a646/gnocchi.b5bc9b78-638f-4050-b29f-1b33fed8865a" "tx72d03fa8c90745fd817fe-0069bb7037" "proxy-server 101374" 0.0002 "-" 99867 0
Mar 18 23:40:39 np0005651379.novalocal proxy-server[101374]: - - 19/Mar/2026/03/40/39 HEAD /v1/AUTH_2c0dd7efa1e94d879bc5da8c6f19a646/gnocchi.b5bc9b78-638f-4050-b29f-1b33fed8865a HTTP/1.0 404 - Swift - - - - tx72d03fa8c90745fd817fe-0069bb7037 - 0.0080 CS - 1773891639.863337517 1773891639.871372938 0 -
Mar 18 23:40:39 np0005651379.novalocal object-server[100256]: ::1 - - [19/Mar/2026:03:40:39 +0000] "GET /1/228190/AUTH_2c0dd7efa1e94d879bc5da8c6f19a646/gnocchi.b5bc9b78-638f-4050-b29f-1b33fed8865a/none_v3" 404 70 "GET https://[::1]:8080/v1/AUTH_2c0dd7efa1e94d879bc5da8c6f19a646/gnocchi.b5bc9b78-638f-4050-b29f-1b33fed8865a/none_v3" "tx72d03fa8c90745fd817fe-0069bb7037" "proxy-server 101374" 0.0004 "-" 100256 0
Mar 18 23:40:39 np0005651379.novalocal object-server[100256]: ::1 - - [19/Mar/2026:03:40:39 +0000] "GET /2/228190/AUTH_2c0dd7efa1e94d879bc5da8c6f19a646/gnocchi.b5bc9b78-638f-4050-b29f-1b33fed8865a/none_v3" 404 70 "GET https://[::1]:8080/v1/AUTH_2c0dd7efa1e94d879bc5da8c6f19a646/gnocchi.b5bc9b78-638f-4050-b29f-1b33fed8865a/none_v3" "tx72d03fa8c90745fd817fe-0069bb7037" "proxy-server 101374" 0.0003 "-" 100256 0
Mar 18 23:40:39 np0005651379.novalocal object-server[100256]: ::1 - - [19/Mar/2026:03:40:39 +0000] "GET /3/228190/AUTH_2c0dd7efa1e94d879bc5da8c6f19a646/gnocchi.b5bc9b78-638f-4050-b29f-1b33fed8865a/none_v3" 404 70 "GET https://[::1]:8080/v1/AUTH_2c0dd7efa1e94d879bc5da8c6f19a646/gnocchi.b5bc9b78-638f-4050-b29f-1b33fed8865a/none_v3" "tx72d03fa8c90745fd817fe-0069bb7037" "proxy-server 101374" 0.0004 "-" 100256 0
Mar 18 23:40:39 np0005651379.novalocal proxy-server[101374]: ::1 ::1 19/Mar/2026/03/40/39 GET /v1/AUTH_2c0dd7efa1e94d879bc5da8c6f19a646/gnocchi.b5bc9b78-638f-4050-b29f-1b33fed8865a/none_v3 HTTP/1.0 404 - python-swiftclient-4.8.0 gAAAAABpu2_uqf-H... - 70 - tx72d03fa8c90745fd817fe-0069bb7037 - 0.0206 - - 1773891639.862537622 1773891639.883150101 0 e61d2c26cb6146fb88642c1126e377de
Mar 18 23:40:39 np0005651379.novalocal account-server[99474]: ::1 - - [19/Mar/2026:03:40:39 +0000] "PUT /3/184762/AUTH_2c0dd7efa1e94d879bc5da8c6f19a646/gnocchi.b5bc9b78-638f-4050-b29f-1b33fed8865a" 201 - "PUT http://[::1]:6001/1/216807/AUTH_2c0dd7efa1e94d879bc5da8c6f19a646/gnocchi.b5bc9b78-638f-4050-b29f-1b33fed8865a" "tx52378b0962574945a8617-0069bb7037" "container-server 99868" 0.0048 "-" 99474 0
Mar 18 23:40:39 np0005651379.novalocal container-server[99868]: ::1 - - [19/Mar/2026:03:40:39 +0000] "PUT /1/216807/AUTH_2c0dd7efa1e94d879bc5da8c6f19a646/gnocchi.b5bc9b78-638f-4050-b29f-1b33fed8865a" 201 - "PUT https://[::1]:8080/v1/AUTH_2c0dd7efa1e94d879bc5da8c6f19a646/gnocchi.b5bc9b78-638f-4050-b29f-1b33fed8865a" "tx52378b0962574945a8617-0069bb7037" "proxy-server 101374" 0.0131 "-" 99868 0
Mar 18 23:40:39 np0005651379.novalocal account-server[99475]: ::1 - - [19/Mar/2026:03:40:39 +0000] "PUT /2/184762/AUTH_2c0dd7efa1e94d879bc5da8c6f19a646/gnocchi.b5bc9b78-638f-4050-b29f-1b33fed8865a" 201 - "PUT http://[::1]:6001/2/216807/AUTH_2c0dd7efa1e94d879bc5da8c6f19a646/gnocchi.b5bc9b78-638f-4050-b29f-1b33fed8865a" "tx52378b0962574945a8617-0069bb7037" "container-server 99867" 0.0037 "-" 99475 0
Mar 18 23:40:39 np0005651379.novalocal container-server[99867]: ::1 - - [19/Mar/2026:03:40:39 +0000] "PUT /2/216807/AUTH_2c0dd7efa1e94d879bc5da8c6f19a646/gnocchi.b5bc9b78-638f-4050-b29f-1b33fed8865a" 201 - "PUT https://[::1]:8080/v1/AUTH_2c0dd7efa1e94d879bc5da8c6f19a646/gnocchi.b5bc9b78-638f-4050-b29f-1b33fed8865a" "tx52378b0962574945a8617-0069bb7037" "proxy-server 101374" 0.0174 "-" 99867 0
Mar 18 23:40:39 np0005651379.novalocal account-server[99475]: ::1 - - [19/Mar/2026:03:40:39 +0000] "PUT /1/184762/AUTH_2c0dd7efa1e94d879bc5da8c6f19a646/gnocchi.b5bc9b78-638f-4050-b29f-1b33fed8865a" 201 - "PUT http://[::1]:6001/3/216807/AUTH_2c0dd7efa1e94d879bc5da8c6f19a646/gnocchi.b5bc9b78-638f-4050-b29f-1b33fed8865a" "tx52378b0962574945a8617-0069bb7037" "container-server 99867" 0.0039 "-" 99475 0
Mar 18 23:40:39 np0005651379.novalocal container-server[99867]: ::1 - - [19/Mar/2026:03:40:39 +0000] "PUT /3/216807/AUTH_2c0dd7efa1e94d879bc5da8c6f19a646/gnocchi.b5bc9b78-638f-4050-b29f-1b33fed8865a" 201 - "PUT https://[::1]:8080/v1/AUTH_2c0dd7efa1e94d879bc5da8c6f19a646/gnocchi.b5bc9b78-638f-4050-b29f-1b33fed8865a" "tx52378b0962574945a8617-0069bb7037" "proxy-server 101374" 0.0154 "-" 99867 0
Mar 18 23:40:39 np0005651379.novalocal proxy-server[101374]: ::1 ::1 19/Mar/2026/03/40/39 PUT /v1/AUTH_2c0dd7efa1e94d879bc5da8c6f19a646/gnocchi.b5bc9b78-638f-4050-b29f-1b33fed8865a HTTP/1.0 201 - python-swiftclient-4.8.0 gAAAAABpu2_uqf-H... - - - tx52378b0962574945a8617-0069bb7037 - 0.0285 - - 1773891639.885447502 1773891639.913928509 0 e61d2c26cb6146fb88642c1126e377de
Mar 18 23:40:39 np0005651379.novalocal container-server[99868]: ::1 - - [19/Mar/2026:03:40:39 +0000] "HEAD /3/216807/AUTH_2c0dd7efa1e94d879bc5da8c6f19a646/gnocchi.b5bc9b78-638f-4050-b29f-1b33fed8865a" 204 - "HEAD http://[::1]:8080/v1/AUTH_2c0dd7efa1e94d879bc5da8c6f19a646/gnocchi.b5bc9b78-638f-4050-b29f-1b33fed8865a" "tx59bb6e44331b449db1e62-0069bb7037" "proxy-server 101374" 0.0009 "-" 99868 0
Mar 18 23:40:39 np0005651379.novalocal proxy-server[101374]: - - 19/Mar/2026/03/40/39 HEAD /v1/AUTH_2c0dd7efa1e94d879bc5da8c6f19a646/gnocchi.b5bc9b78-638f-4050-b29f-1b33fed8865a HTTP/1.0 204 - Swift - - - - tx59bb6e44331b449db1e62-0069bb7037 - 0.0034 CS - 1773891639.917389393 1773891639.920809269 0 -
Mar 18 23:40:39 np0005651379.novalocal container-server[99867]: ::1 - - [19/Mar/2026:03:40:39 +0000] "GET /2/216807/AUTH_2c0dd7efa1e94d879bc5da8c6f19a646/gnocchi.b5bc9b78-638f-4050-b29f-1b33fed8865a" 200 2 "GET https://[::1]:8080/v1/AUTH_2c0dd7efa1e94d879bc5da8c6f19a646/gnocchi.b5bc9b78-638f-4050-b29f-1b33fed8865a?format=json&states=listing" "tx59bb6e44331b449db1e62-0069bb7037" "proxy-server 101374" 0.0016 "-" 99867 0
Mar 18 23:40:39 np0005651379.novalocal proxy-server[101374]: ::1 ::1 19/Mar/2026/03/40/39 GET /v1/AUTH_2c0dd7efa1e94d879bc5da8c6f19a646/gnocchi.b5bc9b78-638f-4050-b29f-1b33fed8865a%3Fformat%3Djson%26states%3Dlisting HTTP/1.0 200 - python-swiftclient-4.8.0 gAAAAABpu2_uqf-H... - 2 - tx59bb6e44331b449db1e62-0069bb7037 - 0.0101 - - 1773891639.916902304 1773891639.926992655 0 e61d2c26cb6146fb88642c1126e377de
Mar 18 23:40:39 np0005651379.novalocal object-server[100257]: ::1 - - [19/Mar/2026:03:40:39 +0000] "GET /2/199964/AUTH_2c0dd7efa1e94d879bc5da8c6f19a646/gnocchi.b5bc9b78-638f-4050-b29f-1b33fed8865a/1773360000.0_mean_300.0_v3" 404 70 "GET https://[::1]:8080/v1/AUTH_2c0dd7efa1e94d879bc5da8c6f19a646/gnocchi.b5bc9b78-638f-4050-b29f-1b33fed8865a/1773360000.0_mean_300.0_v3" "txf8bb94c359754247a4271-0069bb7037" "proxy-server 101374" 0.0004 "-" 100257 0
Mar 18 23:40:39 np0005651379.novalocal object-server[100256]: ::1 - - [19/Mar/2026:03:40:39 +0000] "GET /1/199964/AUTH_2c0dd7efa1e94d879bc5da8c6f19a646/gnocchi.b5bc9b78-638f-4050-b29f-1b33fed8865a/1773360000.0_mean_300.0_v3" 404 70 "GET https://[::1]:8080/v1/AUTH_2c0dd7efa1e94d879bc5da8c6f19a646/gnocchi.b5bc9b78-638f-4050-b29f-1b33fed8865a/1773360000.0_mean_300.0_v3" "txf8bb94c359754247a4271-0069bb7037" "proxy-server 101374" 0.0004 "-" 100256 0
Mar 18 23:40:39 np0005651379.novalocal object-server[100257]: ::1 - - [19/Mar/2026:03:40:39 +0000] "GET /3/199964/AUTH_2c0dd7efa1e94d879bc5da8c6f19a646/gnocchi.b5bc9b78-638f-4050-b29f-1b33fed8865a/1773360000.0_mean_300.0_v3" 404 70 "GET https://[::1]:8080/v1/AUTH_2c0dd7efa1e94d879bc5da8c6f19a646/gnocchi.b5bc9b78-638f-4050-b29f-1b33fed8865a/1773360000.0_mean_300.0_v3" "txf8bb94c359754247a4271-0069bb7037" "proxy-server 101374" 0.0003 "-" 100257 0
Mar 18 23:40:39 np0005651379.novalocal proxy-server[101374]: ::1 ::1 19/Mar/2026/03/40/39 GET /v1/AUTH_2c0dd7efa1e94d879bc5da8c6f19a646/gnocchi.b5bc9b78-638f-4050-b29f-1b33fed8865a/1773360000.0_mean_300.0_v3 HTTP/1.0 404 - python-swiftclient-4.8.0 gAAAAABpu2_uqf-H... - 70 - txf8bb94c359754247a4271-0069bb7037 - 0.0107 - - 1773891639.929247856 1773891639.939910412 0 e61d2c26cb6146fb88642c1126e377de
Mar 18 23:40:39 np0005651379.novalocal container-server[99867]: ::1 - - [19/Mar/2026:03:40:39 +0000] "PUT /3/216807/AUTH_2c0dd7efa1e94d879bc5da8c6f19a646/gnocchi.b5bc9b78-638f-4050-b29f-1b33fed8865a/1773360000.0_mean_300.0_v3" 201 - "PUT http://[::1]:8080/3/199964/AUTH_2c0dd7efa1e94d879bc5da8c6f19a646/gnocchi.b5bc9b78-638f-4050-b29f-1b33fed8865a/1773360000.0_mean_300.0_v3" "txb897273751a64b31a148e-0069bb7037" "object-server 100257" 0.0006 "-" 99867 0
Mar 18 23:40:39 np0005651379.novalocal object-server[100257]: ::1 - - [19/Mar/2026:03:40:39 +0000] "PUT /3/199964/AUTH_2c0dd7efa1e94d879bc5da8c6f19a646/gnocchi.b5bc9b78-638f-4050-b29f-1b33fed8865a/1773360000.0_mean_300.0_v3" 201 - "PUT https://[::1]:8080/v1/AUTH_2c0dd7efa1e94d879bc5da8c6f19a646/gnocchi.b5bc9b78-638f-4050-b29f-1b33fed8865a/1773360000.0_mean_300.0_v3" "txb897273751a64b31a148e-0069bb7037" "proxy-server 101374" 0.0104 "-" 100257 0
Mar 18 23:40:39 np0005651379.novalocal container-server[99868]: ::1 - - [19/Mar/2026:03:40:39 +0000] "PUT /2/216807/AUTH_2c0dd7efa1e94d879bc5da8c6f19a646/gnocchi.b5bc9b78-638f-4050-b29f-1b33fed8865a/1773360000.0_mean_300.0_v3" 201 - "PUT http://[::1]:8080/2/199964/AUTH_2c0dd7efa1e94d879bc5da8c6f19a646/gnocchi.b5bc9b78-638f-4050-b29f-1b33fed8865a/1773360000.0_mean_300.0_v3" "txb897273751a64b31a148e-0069bb7037" "object-server 100256" 0.0005 "-" 99868 0
Mar 18 23:40:39 np0005651379.novalocal container-server[99867]: ::1 - - [19/Mar/2026:03:40:39 +0000] "PUT /1/216807/AUTH_2c0dd7efa1e94d879bc5da8c6f19a646/gnocchi.b5bc9b78-638f-4050-b29f-1b33fed8865a/1773360000.0_mean_300.0_v3" 201 - "PUT http://[::1]:8080/1/199964/AUTH_2c0dd7efa1e94d879bc5da8c6f19a646/gnocchi.b5bc9b78-638f-4050-b29f-1b33fed8865a/1773360000.0_mean_300.0_v3" "txb897273751a64b31a148e-0069bb7037" "object-server 100256" 0.0007 "-" 99867 0
Mar 18 23:40:39 np0005651379.novalocal object-server[100256]: ::1 - - [19/Mar/2026:03:40:39 +0000] "PUT /2/199964/AUTH_2c0dd7efa1e94d879bc5da8c6f19a646/gnocchi.b5bc9b78-638f-4050-b29f-1b33fed8865a/1773360000.0_mean_300.0_v3" 201 - "PUT https://[::1]:8080/v1/AUTH_2c0dd7efa1e94d879bc5da8c6f19a646/gnocchi.b5bc9b78-638f-4050-b29f-1b33fed8865a/1773360000.0_mean_300.0_v3" "txb897273751a64b31a148e-0069bb7037" "proxy-server 101374" 0.0138 "-" 100256 0
Mar 18 23:40:39 np0005651379.novalocal object-server[100256]: ::1 - - [19/Mar/2026:03:40:39 +0000] "PUT /1/199964/AUTH_2c0dd7efa1e94d879bc5da8c6f19a646/gnocchi.b5bc9b78-638f-4050-b29f-1b33fed8865a/1773360000.0_mean_300.0_v3" 201 - "PUT https://[::1]:8080/v1/AUTH_2c0dd7efa1e94d879bc5da8c6f19a646/gnocchi.b5bc9b78-638f-4050-b29f-1b33fed8865a/1773360000.0_mean_300.0_v3" "txb897273751a64b31a148e-0069bb7037" "proxy-server 101374" 0.0133 "-" 100256 0
Mar 18 23:40:39 np0005651379.novalocal proxy-server[101374]: ::1 ::1 19/Mar/2026/03/40/39 PUT /v1/AUTH_2c0dd7efa1e94d879bc5da8c6f19a646/gnocchi.b5bc9b78-638f-4050-b29f-1b33fed8865a/1773360000.0_mean_300.0_v3 HTTP/1.0 201 - python-swiftclient-4.8.0 gAAAAABpu2_uqf-H... 16 - - txb897273751a64b31a148e-0069bb7037 - 0.0257 - - 1773891639.943035841 1773891639.968716621 0 e61d2c26cb6146fb88642c1126e377de
Mar 18 23:40:39 np0005651379.novalocal container-server[99868]: ::1 - - [19/Mar/2026:03:40:39 +0000] "PUT /3/216807/AUTH_2c0dd7efa1e94d879bc5da8c6f19a646/gnocchi.b5bc9b78-638f-4050-b29f-1b33fed8865a/none_v3" 201 - "PUT http://[::1]:8080/2/228190/AUTH_2c0dd7efa1e94d879bc5da8c6f19a646/gnocchi.b5bc9b78-638f-4050-b29f-1b33fed8865a/none_v3" "tx28dc5902752b4023a5125-0069bb7037" "object-server 100256" 0.0004 "-" 99868 0
Mar 18 23:40:39 np0005651379.novalocal container-server[99867]: ::1 - - [19/Mar/2026:03:40:39 +0000] "PUT /2/216807/AUTH_2c0dd7efa1e94d879bc5da8c6f19a646/gnocchi.b5bc9b78-638f-4050-b29f-1b33fed8865a/none_v3" 201 - "PUT http://[::1]:8080/3/228190/AUTH_2c0dd7efa1e94d879bc5da8c6f19a646/gnocchi.b5bc9b78-638f-4050-b29f-1b33fed8865a/none_v3" "tx28dc5902752b4023a5125-0069bb7037" "object-server 100256" 0.0007 "-" 99867 0
Mar 18 23:40:39 np0005651379.novalocal object-server[100256]: ::1 - - [19/Mar/2026:03:40:39 +0000] "PUT /2/228190/AUTH_2c0dd7efa1e94d879bc5da8c6f19a646/gnocchi.b5bc9b78-638f-4050-b29f-1b33fed8865a/none_v3" 201 - "PUT https://[::1]:8080/v1/AUTH_2c0dd7efa1e94d879bc5da8c6f19a646/gnocchi.b5bc9b78-638f-4050-b29f-1b33fed8865a/none_v3" "tx28dc5902752b4023a5125-0069bb7037" "proxy-server 101374" 0.0119 "-" 100256 0
Mar 18 23:40:39 np0005651379.novalocal object-server[100256]: ::1 - - [19/Mar/2026:03:40:39 +0000] "PUT /3/228190/AUTH_2c0dd7efa1e94d879bc5da8c6f19a646/gnocchi.b5bc9b78-638f-4050-b29f-1b33fed8865a/none_v3" 201 - "PUT https://[::1]:8080/v1/AUTH_2c0dd7efa1e94d879bc5da8c6f19a646/gnocchi.b5bc9b78-638f-4050-b29f-1b33fed8865a/none_v3" "tx28dc5902752b4023a5125-0069bb7037" "proxy-server 101374" 0.0107 "-" 100256 0
Mar 18 23:40:39 np0005651379.novalocal container-server[99867]: ::1 - - [19/Mar/2026:03:40:39 +0000] "PUT /1/216807/AUTH_2c0dd7efa1e94d879bc5da8c6f19a646/gnocchi.b5bc9b78-638f-4050-b29f-1b33fed8865a/none_v3" 201 - "PUT http://[::1]:8080/1/228190/AUTH_2c0dd7efa1e94d879bc5da8c6f19a646/gnocchi.b5bc9b78-638f-4050-b29f-1b33fed8865a/none_v3" "tx28dc5902752b4023a5125-0069bb7037" "object-server 100256" 0.0012 "-" 99867 0
Mar 18 23:40:39 np0005651379.novalocal object-server[100256]: ::1 - - [19/Mar/2026:03:40:39 +0000] "PUT /1/228190/AUTH_2c0dd7efa1e94d879bc5da8c6f19a646/gnocchi.b5bc9b78-638f-4050-b29f-1b33fed8865a/none_v3" 201 - "PUT https://[::1]:8080/v1/AUTH_2c0dd7efa1e94d879bc5da8c6f19a646/gnocchi.b5bc9b78-638f-4050-b29f-1b33fed8865a/none_v3" "tx28dc5902752b4023a5125-0069bb7037" "proxy-server 101374" 0.0192 "-" 100256 0
Mar 18 23:40:39 np0005651379.novalocal proxy-server[101374]: ::1 ::1 19/Mar/2026/03/40/39 PUT /v1/AUTH_2c0dd7efa1e94d879bc5da8c6f19a646/gnocchi.b5bc9b78-638f-4050-b29f-1b33fed8865a/none_v3 HTTP/1.0 201 - python-swiftclient-4.8.0 gAAAAABpu2_uqf-H... 22 - - tx28dc5902752b4023a5125-0069bb7037 - 0.0282 - - 1773891639.971118927 1773891639.999351501 0 e61d2c26cb6146fb88642c1126e377de
Mar 18 23:40:40 np0005651379.novalocal container-server[99867]: ::1 - - [19/Mar/2026:03:40:40 +0000] "HEAD /1/252879/AUTH_2c0dd7efa1e94d879bc5da8c6f19a646/gnocchi.6c986096-ff3a-4fdb-95c9-a9ebc752b46d" 404 - "HEAD http://[::1]:8080/v1/AUTH_2c0dd7efa1e94d879bc5da8c6f19a646/gnocchi.6c986096-ff3a-4fdb-95c9-a9ebc752b46d" "txb77799df7188476785fea-0069bb7038" "proxy-server 101374" 0.0004 "-" 99867 0
Mar 18 23:40:40 np0005651379.novalocal container-server[99867]: ::1 - - [19/Mar/2026:03:40:40 +0000] "HEAD /2/252879/AUTH_2c0dd7efa1e94d879bc5da8c6f19a646/gnocchi.6c986096-ff3a-4fdb-95c9-a9ebc752b46d" 404 - "HEAD http://[::1]:8080/v1/AUTH_2c0dd7efa1e94d879bc5da8c6f19a646/gnocchi.6c986096-ff3a-4fdb-95c9-a9ebc752b46d" "txb77799df7188476785fea-0069bb7038" "proxy-server 101374" 0.0006 "-" 99867 0
Mar 18 23:40:40 np0005651379.novalocal container-server[99867]: ::1 - - [19/Mar/2026:03:40:40 +0000] "HEAD /3/252879/AUTH_2c0dd7efa1e94d879bc5da8c6f19a646/gnocchi.6c986096-ff3a-4fdb-95c9-a9ebc752b46d" 404 - "HEAD http://[::1]:8080/v1/AUTH_2c0dd7efa1e94d879bc5da8c6f19a646/gnocchi.6c986096-ff3a-4fdb-95c9-a9ebc752b46d" "txb77799df7188476785fea-0069bb7038" "proxy-server 101374" 0.0006 "-" 99867 0
Mar 18 23:40:40 np0005651379.novalocal proxy-server[101374]: - - 19/Mar/2026/03/40/40 HEAD /v1/AUTH_2c0dd7efa1e94d879bc5da8c6f19a646/gnocchi.6c986096-ff3a-4fdb-95c9-a9ebc752b46d HTTP/1.0 404 - Swift - - - - txb77799df7188476785fea-0069bb7038 - 0.0137 CS - 1773891640.040125370 1773891640.053778410 0 -
Mar 18 23:40:40 np0005651379.novalocal object-server[100257]: ::1 - - [19/Mar/2026:03:40:40 +0000] "GET /2/207830/AUTH_2c0dd7efa1e94d879bc5da8c6f19a646/gnocchi.6c986096-ff3a-4fdb-95c9-a9ebc752b46d/none_v3" 404 70 "GET https://[::1]:8080/v1/AUTH_2c0dd7efa1e94d879bc5da8c6f19a646/gnocchi.6c986096-ff3a-4fdb-95c9-a9ebc752b46d/none_v3" "txb77799df7188476785fea-0069bb7038" "proxy-server 101374" 0.0005 "-" 100257 0
Mar 18 23:40:40 np0005651379.novalocal object-server[100256]: ::1 - - [19/Mar/2026:03:40:40 +0000] "GET /1/207830/AUTH_2c0dd7efa1e94d879bc5da8c6f19a646/gnocchi.6c986096-ff3a-4fdb-95c9-a9ebc752b46d/none_v3" 404 70 "GET https://[::1]:8080/v1/AUTH_2c0dd7efa1e94d879bc5da8c6f19a646/gnocchi.6c986096-ff3a-4fdb-95c9-a9ebc752b46d/none_v3" "txb77799df7188476785fea-0069bb7038" "proxy-server 101374" 0.0004 "-" 100256 0
Mar 18 23:40:40 np0005651379.novalocal object-server[100256]: ::1 - - [19/Mar/2026:03:40:40 +0000] "GET /3/207830/AUTH_2c0dd7efa1e94d879bc5da8c6f19a646/gnocchi.6c986096-ff3a-4fdb-95c9-a9ebc752b46d/none_v3" 404 70 "GET https://[::1]:8080/v1/AUTH_2c0dd7efa1e94d879bc5da8c6f19a646/gnocchi.6c986096-ff3a-4fdb-95c9-a9ebc752b46d/none_v3" "txb77799df7188476785fea-0069bb7038" "proxy-server 101374" 0.0002 "-" 100256 0
Mar 18 23:40:40 np0005651379.novalocal proxy-server[101374]: ::1 ::1 19/Mar/2026/03/40/40 GET /v1/AUTH_2c0dd7efa1e94d879bc5da8c6f19a646/gnocchi.6c986096-ff3a-4fdb-95c9-a9ebc752b46d/none_v3 HTTP/1.0 404 - python-swiftclient-4.8.0 gAAAAABpu2_uqf-H... - 70 - txb77799df7188476785fea-0069bb7038 - 0.0309 - - 1773891640.039144993 1773891640.070050240 0 e61d2c26cb6146fb88642c1126e377de
Mar 18 23:40:40 np0005651379.novalocal account-server[99475]: ::1 - - [19/Mar/2026:03:40:40 +0000] "PUT /3/184762/AUTH_2c0dd7efa1e94d879bc5da8c6f19a646/gnocchi.6c986096-ff3a-4fdb-95c9-a9ebc752b46d" 201 - "PUT http://[::1]:6001/1/252879/AUTH_2c0dd7efa1e94d879bc5da8c6f19a646/gnocchi.6c986096-ff3a-4fdb-95c9-a9ebc752b46d" "txbc6dcfd15c974761a0bd5-0069bb7038" "container-server 99868" 0.0035 "-" 99475 0
Mar 18 23:40:40 np0005651379.novalocal container-server[99868]: ::1 - - [19/Mar/2026:03:40:40 +0000] "PUT /1/252879/AUTH_2c0dd7efa1e94d879bc5da8c6f19a646/gnocchi.6c986096-ff3a-4fdb-95c9-a9ebc752b46d" 201 - "PUT https://[::1]:8080/v1/AUTH_2c0dd7efa1e94d879bc5da8c6f19a646/gnocchi.6c986096-ff3a-4fdb-95c9-a9ebc752b46d" "txbc6dcfd15c974761a0bd5-0069bb7038" "proxy-server 101374" 0.0201 "-" 99868 0
Mar 18 23:40:40 np0005651379.novalocal account-server[99475]: ::1 - - [19/Mar/2026:03:40:40 +0000] "PUT /2/184762/AUTH_2c0dd7efa1e94d879bc5da8c6f19a646/gnocchi.6c986096-ff3a-4fdb-95c9-a9ebc752b46d" 201 - "PUT http://[::1]:6001/3/252879/AUTH_2c0dd7efa1e94d879bc5da8c6f19a646/gnocchi.6c986096-ff3a-4fdb-95c9-a9ebc752b46d" "txbc6dcfd15c974761a0bd5-0069bb7038" "container-server 99867" 0.0040 "-" 99475 0
Mar 18 23:40:40 np0005651379.novalocal container-server[99867]: ::1 - - [19/Mar/2026:03:40:40 +0000] "PUT /3/252879/AUTH_2c0dd7efa1e94d879bc5da8c6f19a646/gnocchi.6c986096-ff3a-4fdb-95c9-a9ebc752b46d" 201 - "PUT https://[::1]:8080/v1/AUTH_2c0dd7efa1e94d879bc5da8c6f19a646/gnocchi.6c986096-ff3a-4fdb-95c9-a9ebc752b46d" "txbc6dcfd15c974761a0bd5-0069bb7038" "proxy-server 101374" 0.0147 "-" 99867 0
Mar 18 23:40:40 np0005651379.novalocal account-server[99474]: ::1 - - [19/Mar/2026:03:40:40 +0000] "PUT /1/184762/AUTH_2c0dd7efa1e94d879bc5da8c6f19a646/gnocchi.6c986096-ff3a-4fdb-95c9-a9ebc752b46d" 201 - "PUT http://[::1]:6001/2/252879/AUTH_2c0dd7efa1e94d879bc5da8c6f19a646/gnocchi.6c986096-ff3a-4fdb-95c9-a9ebc752b46d" "txbc6dcfd15c974761a0bd5-0069bb7038" "container-server 99867" 0.0055 "-" 99474 0
Mar 18 23:40:40 np0005651379.novalocal container-server[99867]: ::1 - - [19/Mar/2026:03:40:40 +0000] "PUT /2/252879/AUTH_2c0dd7efa1e94d879bc5da8c6f19a646/gnocchi.6c986096-ff3a-4fdb-95c9-a9ebc752b46d" 201 - "PUT https://[::1]:8080/v1/AUTH_2c0dd7efa1e94d879bc5da8c6f19a646/gnocchi.6c986096-ff3a-4fdb-95c9-a9ebc752b46d" "txbc6dcfd15c974761a0bd5-0069bb7038" "proxy-server 101374" 0.0303 "-" 99867 0
Mar 18 23:40:40 np0005651379.novalocal proxy-server[101374]: ::1 ::1 19/Mar/2026/03/40/40 PUT /v1/AUTH_2c0dd7efa1e94d879bc5da8c6f19a646/gnocchi.6c986096-ff3a-4fdb-95c9-a9ebc752b46d HTTP/1.0 201 - python-swiftclient-4.8.0 gAAAAABpu2_uqf-H... - - - txbc6dcfd15c974761a0bd5-0069bb7038 - 0.0384 - - 1773891640.073581457 1773891640.111952782 0 e61d2c26cb6146fb88642c1126e377de
Mar 18 23:40:40 np0005651379.novalocal container-server[99867]: ::1 - - [19/Mar/2026:03:40:40 +0000] "HEAD /2/252879/AUTH_2c0dd7efa1e94d879bc5da8c6f19a646/gnocchi.6c986096-ff3a-4fdb-95c9-a9ebc752b46d" 204 - "HEAD http://[::1]:8080/v1/AUTH_2c0dd7efa1e94d879bc5da8c6f19a646/gnocchi.6c986096-ff3a-4fdb-95c9-a9ebc752b46d" "tx2bc2cb7ea34541afa10b2-0069bb7038" "proxy-server 101374" 0.0021 "-" 99867 0
Mar 18 23:40:40 np0005651379.novalocal proxy-server[101374]: - - 19/Mar/2026/03/40/40 HEAD /v1/AUTH_2c0dd7efa1e94d879bc5da8c6f19a646/gnocchi.6c986096-ff3a-4fdb-95c9-a9ebc752b46d HTTP/1.0 204 - Swift - - - - tx2bc2cb7ea34541afa10b2-0069bb7038 - 0.0066 CS - 1773891640.118252516 1773891640.124865532 0 -
Mar 18 23:40:40 np0005651379.novalocal container-server[99867]: ::1 - - [19/Mar/2026:03:40:40 +0000] "GET /1/252879/AUTH_2c0dd7efa1e94d879bc5da8c6f19a646/gnocchi.6c986096-ff3a-4fdb-95c9-a9ebc752b46d" 200 2 "GET https://[::1]:8080/v1/AUTH_2c0dd7efa1e94d879bc5da8c6f19a646/gnocchi.6c986096-ff3a-4fdb-95c9-a9ebc752b46d?format=json&states=listing" "tx2bc2cb7ea34541afa10b2-0069bb7038" "proxy-server 101374" 0.0036 "-" 99867 0
Mar 18 23:40:40 np0005651379.novalocal proxy-server[101374]: ::1 ::1 19/Mar/2026/03/40/40 GET /v1/AUTH_2c0dd7efa1e94d879bc5da8c6f19a646/gnocchi.6c986096-ff3a-4fdb-95c9-a9ebc752b46d%3Fformat%3Djson%26states%3Dlisting HTTP/1.0 200 - python-swiftclient-4.8.0 gAAAAABpu2_uqf-H... - 2 - tx2bc2cb7ea34541afa10b2-0069bb7038 - 0.0219 - - 1773891640.117330074 1773891640.139195442 0 e61d2c26cb6146fb88642c1126e377de
Mar 18 23:40:40 np0005651379.novalocal object-server[100257]: ::1 - - [19/Mar/2026:03:40:40 +0000] "GET /3/134323/AUTH_2c0dd7efa1e94d879bc5da8c6f19a646/gnocchi.6c986096-ff3a-4fdb-95c9-a9ebc752b46d/1773360000.0_mean_300.0_v3" 404 70 "GET https://[::1]:8080/v1/AUTH_2c0dd7efa1e94d879bc5da8c6f19a646/gnocchi.6c986096-ff3a-4fdb-95c9-a9ebc752b46d/1773360000.0_mean_300.0_v3" "tx7fae5f9b253e48de9b6fb-0069bb7038" "proxy-server 101374" 0.0006 "-" 100257 0
Mar 18 23:40:40 np0005651379.novalocal object-server[100257]: ::1 - - [19/Mar/2026:03:40:40 +0000] "GET /1/134323/AUTH_2c0dd7efa1e94d879bc5da8c6f19a646/gnocchi.6c986096-ff3a-4fdb-95c9-a9ebc752b46d/1773360000.0_mean_300.0_v3" 404 70 "GET https://[::1]:8080/v1/AUTH_2c0dd7efa1e94d879bc5da8c6f19a646/gnocchi.6c986096-ff3a-4fdb-95c9-a9ebc752b46d/1773360000.0_mean_300.0_v3" "tx7fae5f9b253e48de9b6fb-0069bb7038" "proxy-server 101374" 0.0004 "-" 100257 0
Mar 18 23:40:40 np0005651379.novalocal object-server[100256]: ::1 - - [19/Mar/2026:03:40:40 +0000] "GET /2/134323/AUTH_2c0dd7efa1e94d879bc5da8c6f19a646/gnocchi.6c986096-ff3a-4fdb-95c9-a9ebc752b46d/1773360000.0_mean_300.0_v3" 404 70 "GET https://[::1]:8080/v1/AUTH_2c0dd7efa1e94d879bc5da8c6f19a646/gnocchi.6c986096-ff3a-4fdb-95c9-a9ebc752b46d/1773360000.0_mean_300.0_v3" "tx7fae5f9b253e48de9b6fb-0069bb7038" "proxy-server 101374" 0.0005 "-" 100256 0
Mar 18 23:40:40 np0005651379.novalocal proxy-server[101374]: ::1 ::1 19/Mar/2026/03/40/40 GET /v1/AUTH_2c0dd7efa1e94d879bc5da8c6f19a646/gnocchi.6c986096-ff3a-4fdb-95c9-a9ebc752b46d/1773360000.0_mean_300.0_v3 HTTP/1.0 404 - python-swiftclient-4.8.0 gAAAAABpu2_uqf-H... - 70 - tx7fae5f9b253e48de9b6fb-0069bb7038 - 0.0155 - - 1773891640.143769026 1773891640.159279823 0 e61d2c26cb6146fb88642c1126e377de
Mar 18 23:40:40 np0005651379.novalocal container-server[99867]: ::1 - - [19/Mar/2026:03:40:40 +0000] "PUT /2/252879/AUTH_2c0dd7efa1e94d879bc5da8c6f19a646/gnocchi.6c986096-ff3a-4fdb-95c9-a9ebc752b46d/1773360000.0_mean_300.0_v3" 201 - "PUT http://[::1]:8080/1/134323/AUTH_2c0dd7efa1e94d879bc5da8c6f19a646/gnocchi.6c986096-ff3a-4fdb-95c9-a9ebc752b46d/1773360000.0_mean_300.0_v3" "tx3591619d0d6c48cc9275e-0069bb7038" "object-server 100256" 0.0007 "-" 99867 0
Mar 18 23:40:40 np0005651379.novalocal container-server[99867]: ::1 - - [19/Mar/2026:03:40:40 +0000] "PUT /1/252879/AUTH_2c0dd7efa1e94d879bc5da8c6f19a646/gnocchi.6c986096-ff3a-4fdb-95c9-a9ebc752b46d/1773360000.0_mean_300.0_v3" 201 - "PUT http://[::1]:8080/2/134323/AUTH_2c0dd7efa1e94d879bc5da8c6f19a646/gnocchi.6c986096-ff3a-4fdb-95c9-a9ebc752b46d/1773360000.0_mean_300.0_v3" "tx3591619d0d6c48cc9275e-0069bb7038" "object-server 100257" 0.0003 "-" 99867 0
Mar 18 23:40:40 np0005651379.novalocal object-server[100256]: ::1 - - [19/Mar/2026:03:40:40 +0000] "PUT /1/134323/AUTH_2c0dd7efa1e94d879bc5da8c6f19a646/gnocchi.6c986096-ff3a-4fdb-95c9-a9ebc752b46d/1773360000.0_mean_300.0_v3" 201 - "PUT https://[::1]:8080/v1/AUTH_2c0dd7efa1e94d879bc5da8c6f19a646/gnocchi.6c986096-ff3a-4fdb-95c9-a9ebc752b46d/1773360000.0_mean_300.0_v3" "tx3591619d0d6c48cc9275e-0069bb7038" "proxy-server 101374" 0.0162 "-" 100256 0
Mar 18 23:40:40 np0005651379.novalocal container-server[99868]: ::1 - - [19/Mar/2026:03:40:40 +0000] "PUT /3/252879/AUTH_2c0dd7efa1e94d879bc5da8c6f19a646/gnocchi.6c986096-ff3a-4fdb-95c9-a9ebc752b46d/1773360000.0_mean_300.0_v3" 201 - "PUT http://[::1]:8080/3/134323/AUTH_2c0dd7efa1e94d879bc5da8c6f19a646/gnocchi.6c986096-ff3a-4fdb-95c9-a9ebc752b46d/1773360000.0_mean_300.0_v3" "tx3591619d0d6c48cc9275e-0069bb7038" "object-server 100257" 0.0009 "-" 99868 0
Mar 18 23:40:40 np0005651379.novalocal object-server[100257]: ::1 - - [19/Mar/2026:03:40:40 +0000] "PUT /2/134323/AUTH_2c0dd7efa1e94d879bc5da8c6f19a646/gnocchi.6c986096-ff3a-4fdb-95c9-a9ebc752b46d/1773360000.0_mean_300.0_v3" 201 - "PUT https://[::1]:8080/v1/AUTH_2c0dd7efa1e94d879bc5da8c6f19a646/gnocchi.6c986096-ff3a-4fdb-95c9-a9ebc752b46d/1773360000.0_mean_300.0_v3" "tx3591619d0d6c48cc9275e-0069bb7038" "proxy-server 101374" 0.0151 "-" 100257 0
Mar 18 23:40:40 np0005651379.novalocal object-server[100257]: ::1 - - [19/Mar/2026:03:40:40 +0000] "PUT /3/134323/AUTH_2c0dd7efa1e94d879bc5da8c6f19a646/gnocchi.6c986096-ff3a-4fdb-95c9-a9ebc752b46d/1773360000.0_mean_300.0_v3" 201 - "PUT https://[::1]:8080/v1/AUTH_2c0dd7efa1e94d879bc5da8c6f19a646/gnocchi.6c986096-ff3a-4fdb-95c9-a9ebc752b46d/1773360000.0_mean_300.0_v3" "tx3591619d0d6c48cc9275e-0069bb7038" "proxy-server 101374" 0.0186 "-" 100257 0
Mar 18 23:40:40 np0005651379.novalocal proxy-server[101374]: ::1 ::1 19/Mar/2026/03/40/40 PUT /v1/AUTH_2c0dd7efa1e94d879bc5da8c6f19a646/gnocchi.6c986096-ff3a-4fdb-95c9-a9ebc752b46d/1773360000.0_mean_300.0_v3 HTTP/1.0 201 - python-swiftclient-4.8.0 gAAAAABpu2_uqf-H... 16 - - tx3591619d0d6c48cc9275e-0069bb7038 - 0.0294 - - 1773891640.163303614 1773891640.192697763 0 e61d2c26cb6146fb88642c1126e377de
Mar 18 23:40:40 np0005651379.novalocal dnsmasq[107491]: read /var/lib/neutron/dhcp/295ff8d1-c06c-4189-900b-92a547352bc1/addn_hosts - 3 addresses
Mar 18 23:40:40 np0005651379.novalocal dnsmasq-dhcp[107491]: read /var/lib/neutron/dhcp/295ff8d1-c06c-4189-900b-92a547352bc1/host
Mar 18 23:40:40 np0005651379.novalocal dnsmasq-dhcp[107491]: read /var/lib/neutron/dhcp/295ff8d1-c06c-4189-900b-92a547352bc1/opts
Mar 18 23:40:40 np0005651379.novalocal container-server[99867]: ::1 - - [19/Mar/2026:03:40:40 +0000] "PUT /3/252879/AUTH_2c0dd7efa1e94d879bc5da8c6f19a646/gnocchi.6c986096-ff3a-4fdb-95c9-a9ebc752b46d/none_v3" 201 - "PUT http://[::1]:8080/2/207830/AUTH_2c0dd7efa1e94d879bc5da8c6f19a646/gnocchi.6c986096-ff3a-4fdb-95c9-a9ebc752b46d/none_v3" "tx4417f8b9da42454e9c63b-0069bb7038" "object-server 100256" 0.0005 "-" 99867 0
Mar 18 23:40:40 np0005651379.novalocal container-server[99868]: ::1 - - [19/Mar/2026:03:40:40 +0000] "PUT /2/252879/AUTH_2c0dd7efa1e94d879bc5da8c6f19a646/gnocchi.6c986096-ff3a-4fdb-95c9-a9ebc752b46d/none_v3" 201 - "PUT http://[::1]:8080/3/207830/AUTH_2c0dd7efa1e94d879bc5da8c6f19a646/gnocchi.6c986096-ff3a-4fdb-95c9-a9ebc752b46d/none_v3" "tx4417f8b9da42454e9c63b-0069bb7038" "object-server 100256" 0.0008 "-" 99868 0
Mar 18 23:40:40 np0005651379.novalocal container-server[99867]: ::1 - - [19/Mar/2026:03:40:40 +0000] "PUT /1/252879/AUTH_2c0dd7efa1e94d879bc5da8c6f19a646/gnocchi.6c986096-ff3a-4fdb-95c9-a9ebc752b46d/none_v3" 201 - "PUT http://[::1]:8080/1/207830/AUTH_2c0dd7efa1e94d879bc5da8c6f19a646/gnocchi.6c986096-ff3a-4fdb-95c9-a9ebc752b46d/none_v3" "tx4417f8b9da42454e9c63b-0069bb7038" "object-server 100257" 0.0003 "-" 99867 0
Mar 18 23:40:40 np0005651379.novalocal object-server[100256]: ::1 - - [19/Mar/2026:03:40:40 +0000] "PUT /2/207830/AUTH_2c0dd7efa1e94d879bc5da8c6f19a646/gnocchi.6c986096-ff3a-4fdb-95c9-a9ebc752b46d/none_v3" 201 - "PUT https://[::1]:8080/v1/AUTH_2c0dd7efa1e94d879bc5da8c6f19a646/gnocchi.6c986096-ff3a-4fdb-95c9-a9ebc752b46d/none_v3" "tx4417f8b9da42454e9c63b-0069bb7038" "proxy-server 101374" 0.0210 "-" 100256 0
Mar 18 23:40:40 np0005651379.novalocal object-server[100256]: ::1 - - [19/Mar/2026:03:40:40 +0000] "PUT /3/207830/AUTH_2c0dd7efa1e94d879bc5da8c6f19a646/gnocchi.6c986096-ff3a-4fdb-95c9-a9ebc752b46d/none_v3" 201 - "PUT https://[::1]:8080/v1/AUTH_2c0dd7efa1e94d879bc5da8c6f19a646/gnocchi.6c986096-ff3a-4fdb-95c9-a9ebc752b46d/none_v3" "tx4417f8b9da42454e9c63b-0069bb7038" "proxy-server 101374" 0.0239 "-" 100256 0
Mar 18 23:40:40 np0005651379.novalocal object-server[100257]: ::1 - - [19/Mar/2026:03:40:40 +0000] "PUT /1/207830/AUTH_2c0dd7efa1e94d879bc5da8c6f19a646/gnocchi.6c986096-ff3a-4fdb-95c9-a9ebc752b46d/none_v3" 201 - "PUT https://[::1]:8080/v1/AUTH_2c0dd7efa1e94d879bc5da8c6f19a646/gnocchi.6c986096-ff3a-4fdb-95c9-a9ebc752b46d/none_v3" "tx4417f8b9da42454e9c63b-0069bb7038" "proxy-server 101374" 0.0216 "-" 100257 0
