Mar 18 23:40:30 np0005651379.novalocal container-server[99867]: ::1 - - [19/Mar/2026:03:40:30 +0000] "PUT /3/160778/AUTH_2c0dd7efa1e94d879bc5da8c6f19a646/gnocchi.405dd4d4-50c4-4be0-9200-a85c87636d3b/1773360000.0_mean_300.0_v3" 201 - "PUT http://[::1]:8080/1/14488/AUTH_2c0dd7efa1e94d879bc5da8c6f19a646/gnocchi.405dd4d4-50c4-4be0-9200-a85c87636d3b/1773360000.0_mean_300.0_v3" "tx73a3f22e8ad84792a7c74-0069bb702e" "object-server 100257" 0.0007 "-" 99867 0
Mar 18 23:40:30 np0005651379.novalocal object-server[100257]: ::1 - - [19/Mar/2026:03:40:30 +0000] "PUT /1/14488/AUTH_2c0dd7efa1e94d879bc5da8c6f19a646/gnocchi.405dd4d4-50c4-4be0-9200-a85c87636d3b/1773360000.0_mean_300.0_v3" 201 - "PUT https://[::1]:8080/v1/AUTH_2c0dd7efa1e94d879bc5da8c6f19a646/gnocchi.405dd4d4-50c4-4be0-9200-a85c87636d3b/1773360000.0_mean_300.0_v3" "tx73a3f22e8ad84792a7c74-0069bb702e" "proxy-server 101374" 0.0143 "-" 100257 0
Mar 18 23:40:30 np0005651379.novalocal container-server[99867]: ::1 - - [19/Mar/2026:03:40:30 +0000] "PUT /1/160778/AUTH_2c0dd7efa1e94d879bc5da8c6f19a646/gnocchi.405dd4d4-50c4-4be0-9200-a85c87636d3b/1773360000.0_mean_300.0_v3" 201 - "PUT http://[::1]:8080/3/14488/AUTH_2c0dd7efa1e94d879bc5da8c6f19a646/gnocchi.405dd4d4-50c4-4be0-9200-a85c87636d3b/1773360000.0_mean_300.0_v3" "tx73a3f22e8ad84792a7c74-0069bb702e" "object-server 100257" 0.0004 "-" 99867 0
Mar 18 23:40:30 np0005651379.novalocal object-server[100257]: ::1 - - [19/Mar/2026:03:40:30 +0000] "PUT /3/14488/AUTH_2c0dd7efa1e94d879bc5da8c6f19a646/gnocchi.405dd4d4-50c4-4be0-9200-a85c87636d3b/1773360000.0_mean_300.0_v3" 201 - "PUT https://[::1]:8080/v1/AUTH_2c0dd7efa1e94d879bc5da8c6f19a646/gnocchi.405dd4d4-50c4-4be0-9200-a85c87636d3b/1773360000.0_mean_300.0_v3" "tx73a3f22e8ad84792a7c74-0069bb702e" "proxy-server 101374" 0.0176 "-" 100257 0
Mar 18 23:40:30 np0005651379.novalocal proxy-server[101374]: ::1 ::1 19/Mar/2026/03/40/30 PUT /v1/AUTH_2c0dd7efa1e94d879bc5da8c6f19a646/gnocchi.405dd4d4-50c4-4be0-9200-a85c87636d3b/1773360000.0_mean_300.0_v3 HTTP/1.0 201 - python-swiftclient-4.8.0 gAAAAABpu2_uqf-H... 16 - - tx73a3f22e8ad84792a7c74-0069bb702e - 0.0300 - - 1773891630.007020712 1773891630.037052870 0 e61d2c26cb6146fb88642c1126e377de
Mar 18 23:40:30 np0005651379.novalocal container-server[99868]: ::1 - - [19/Mar/2026:03:40:30 +0000] "PUT /1/160778/AUTH_2c0dd7efa1e94d879bc5da8c6f19a646/gnocchi.405dd4d4-50c4-4be0-9200-a85c87636d3b/none_v3" 201 - "PUT http://[::1]:8080/1/89109/AUTH_2c0dd7efa1e94d879bc5da8c6f19a646/gnocchi.405dd4d4-50c4-4be0-9200-a85c87636d3b/none_v3" "txb7295a3f1afc4b0db3356-0069bb702e" "object-server 100257" 0.0006 "-" 99868 0
Mar 18 23:40:30 np0005651379.novalocal object-server[100257]: ::1 - - [19/Mar/2026:03:40:30 +0000] "PUT /1/89109/AUTH_2c0dd7efa1e94d879bc5da8c6f19a646/gnocchi.405dd4d4-50c4-4be0-9200-a85c87636d3b/none_v3" 201 - "PUT https://[::1]:8080/v1/AUTH_2c0dd7efa1e94d879bc5da8c6f19a646/gnocchi.405dd4d4-50c4-4be0-9200-a85c87636d3b/none_v3" "txb7295a3f1afc4b0db3356-0069bb702e" "proxy-server 101374" 0.0103 "-" 100257 0
Mar 18 23:40:30 np0005651379.novalocal container-server[99868]: ::1 - - [19/Mar/2026:03:40:30 +0000] "PUT /3/160778/AUTH_2c0dd7efa1e94d879bc5da8c6f19a646/gnocchi.405dd4d4-50c4-4be0-9200-a85c87636d3b/none_v3" 201 - "PUT http://[::1]:8080/2/89109/AUTH_2c0dd7efa1e94d879bc5da8c6f19a646/gnocchi.405dd4d4-50c4-4be0-9200-a85c87636d3b/none_v3" "txb7295a3f1afc4b0db3356-0069bb702e" "object-server 100256" 0.0004 "-" 99868 0
Mar 18 23:40:30 np0005651379.novalocal container-server[99868]: ::1 - - [19/Mar/2026:03:40:30 +0000] "PUT /2/160778/AUTH_2c0dd7efa1e94d879bc5da8c6f19a646/gnocchi.405dd4d4-50c4-4be0-9200-a85c87636d3b/none_v3" 201 - "PUT http://[::1]:8080/3/89109/AUTH_2c0dd7efa1e94d879bc5da8c6f19a646/gnocchi.405dd4d4-50c4-4be0-9200-a85c87636d3b/none_v3" "txb7295a3f1afc4b0db3356-0069bb702e" "object-server 100257" 0.0003 "-" 99868 0
Mar 18 23:40:30 np0005651379.novalocal object-server[100256]: ::1 - - [19/Mar/2026:03:40:30 +0000] "PUT /2/89109/AUTH_2c0dd7efa1e94d879bc5da8c6f19a646/gnocchi.405dd4d4-50c4-4be0-9200-a85c87636d3b/none_v3" 201 - "PUT https://[::1]:8080/v1/AUTH_2c0dd7efa1e94d879bc5da8c6f19a646/gnocchi.405dd4d4-50c4-4be0-9200-a85c87636d3b/none_v3" "txb7295a3f1afc4b0db3356-0069bb702e" "proxy-server 101374" 0.0116 "-" 100256 0
Mar 18 23:40:30 np0005651379.novalocal object-server[100257]: ::1 - - [19/Mar/2026:03:40:30 +0000] "PUT /3/89109/AUTH_2c0dd7efa1e94d879bc5da8c6f19a646/gnocchi.405dd4d4-50c4-4be0-9200-a85c87636d3b/none_v3" 201 - "PUT https://[::1]:8080/v1/AUTH_2c0dd7efa1e94d879bc5da8c6f19a646/gnocchi.405dd4d4-50c4-4be0-9200-a85c87636d3b/none_v3" "txb7295a3f1afc4b0db3356-0069bb702e" "proxy-server 101374" 0.0114 "-" 100257 0
Mar 18 23:40:30 np0005651379.novalocal proxy-server[101374]: ::1 ::1 19/Mar/2026/03/40/30 PUT /v1/AUTH_2c0dd7efa1e94d879bc5da8c6f19a646/gnocchi.405dd4d4-50c4-4be0-9200-a85c87636d3b/none_v3 HTTP/1.0 201 - python-swiftclient-4.8.0 gAAAAABpu2_uqf-H... 27 - - txb7295a3f1afc4b0db3356-0069bb702e - 0.0254 - - 1773891630.041901827 1773891630.067286491 0 e61d2c26cb6146fb88642c1126e377de
Mar 18 23:40:30 np0005651379.novalocal object-server[100257]: ::1 - - [19/Mar/2026:03:40:30 +0000] "GET /2/181777/AUTH_2c0dd7efa1e94d879bc5da8c6f19a646/gnocchi.a354173d-8d11-454f-9787-7f402ce889bf/none_v3" 200 22 "GET https://[::1]:8080/v1/AUTH_2c0dd7efa1e94d879bc5da8c6f19a646/gnocchi.a354173d-8d11-454f-9787-7f402ce889bf/none_v3" "tx31c53b1a48e6451eb16d3-0069bb702e" "proxy-server 101374" 0.0007 "-" 100257 0
Mar 18 23:40:30 np0005651379.novalocal proxy-server[101374]: ::1 ::1 19/Mar/2026/03/40/30 GET /v1/AUTH_2c0dd7efa1e94d879bc5da8c6f19a646/gnocchi.a354173d-8d11-454f-9787-7f402ce889bf/none_v3 HTTP/1.0 200 - python-swiftclient-4.8.0 gAAAAABpu2_uqf-H... - 22 - tx31c53b1a48e6451eb16d3-0069bb702e - 0.0096 - - 1773891630.085601568 1773891630.095193386 0 e61d2c26cb6146fb88642c1126e377de
Mar 18 23:40:30 np0005651379.novalocal container-server[99868]: ::1 - - [19/Mar/2026:03:40:30 +0000] "GET /2/245332/AUTH_2c0dd7efa1e94d879bc5da8c6f19a646/gnocchi.a354173d-8d11-454f-9787-7f402ce889bf" 200 357 "GET https://[::1]:8080/v1/AUTH_2c0dd7efa1e94d879bc5da8c6f19a646/gnocchi.a354173d-8d11-454f-9787-7f402ce889bf?format=json&states=listing" "tx74f4e79a912640d6b624d-0069bb702e" "proxy-server 101374" 0.0027 "-" 99868 0
Mar 18 23:40:30 np0005651379.novalocal proxy-server[101374]: ::1 ::1 19/Mar/2026/03/40/30 GET /v1/AUTH_2c0dd7efa1e94d879bc5da8c6f19a646/gnocchi.a354173d-8d11-454f-9787-7f402ce889bf%3Fformat%3Djson%26states%3Dlisting HTTP/1.0 200 - python-swiftclient-4.8.0 gAAAAABpu2_uqf-H... - 357 - tx74f4e79a912640d6b624d-0069bb702e - 0.0127 - - 1773891630.101175308 1773891630.113923311 0 e61d2c26cb6146fb88642c1126e377de
Mar 18 23:40:30 np0005651379.novalocal container-server[99868]: ::1 - - [19/Mar/2026:03:40:30 +0000] "GET /2/245332/AUTH_2c0dd7efa1e94d879bc5da8c6f19a646/gnocchi.a354173d-8d11-454f-9787-7f402ce889bf" 200 2 "GET https://[::1]:8080/v1/AUTH_2c0dd7efa1e94d879bc5da8c6f19a646/gnocchi.a354173d-8d11-454f-9787-7f402ce889bf?format=json&marker=none_v3&states=listing" "txce7a37ba347d4017bd1bc-0069bb702e" "proxy-server 101374" 0.0019 "-" 99868 0
Mar 18 23:40:30 np0005651379.novalocal proxy-server[101374]: ::1 ::1 19/Mar/2026/03/40/30 GET /v1/AUTH_2c0dd7efa1e94d879bc5da8c6f19a646/gnocchi.a354173d-8d11-454f-9787-7f402ce889bf%3Fformat%3Djson%26marker%3Dnone_v3%26states%3Dlisting HTTP/1.0 200 - python-swiftclient-4.8.0 gAAAAABpu2_uqf-H... - 2 - txce7a37ba347d4017bd1bc-0069bb702e - 0.0096 - - 1773891630.117126465 1773891630.126706839 0 e61d2c26cb6146fb88642c1126e377de
Mar 18 23:40:30 np0005651379.novalocal object-server[100257]: ::1 - - [19/Mar/2026:03:40:30 +0000] "GET /1/95581/AUTH_2c0dd7efa1e94d879bc5da8c6f19a646/gnocchi.a354173d-8d11-454f-9787-7f402ce889bf/1773360000.0_mean_300.0_v3" 200 16 "GET https://[::1]:8080/v1/AUTH_2c0dd7efa1e94d879bc5da8c6f19a646/gnocchi.a354173d-8d11-454f-9787-7f402ce889bf/1773360000.0_mean_300.0_v3" "txd09e1805f19f4f309f164-0069bb702e" "proxy-server 101374" 0.0008 "-" 100257 0
Mar 18 23:40:30 np0005651379.novalocal proxy-server[101374]: ::1 ::1 19/Mar/2026/03/40/30 GET /v1/AUTH_2c0dd7efa1e94d879bc5da8c6f19a646/gnocchi.a354173d-8d11-454f-9787-7f402ce889bf/1773360000.0_mean_300.0_v3 HTTP/1.0 200 - python-swiftclient-4.8.0 gAAAAABpu2_uqf-H... - 16 - txd09e1805f19f4f309f164-0069bb702e - 0.0083 - - 1773891630.130945206 1773891630.139217854 0 e61d2c26cb6146fb88642c1126e377de
Mar 18 23:40:30 np0005651379.novalocal container-server[99868]: ::1 - - [19/Mar/2026:03:40:30 +0000] "PUT /1/245332/AUTH_2c0dd7efa1e94d879bc5da8c6f19a646/gnocchi.a354173d-8d11-454f-9787-7f402ce889bf/1773360000.0_mean_300.0_v3" 201 - "PUT http://[::1]:8080/1/95581/AUTH_2c0dd7efa1e94d879bc5da8c6f19a646/gnocchi.a354173d-8d11-454f-9787-7f402ce889bf/1773360000.0_mean_300.0_v3" "tx86ed2104ef4747b5a8733-0069bb702e" "object-server 100257" 0.0013 "-" 99868 0
Mar 18 23:40:30 np0005651379.novalocal object-server[100257]: ::1 - - [19/Mar/2026:03:40:30 +0000] "PUT /1/95581/AUTH_2c0dd7efa1e94d879bc5da8c6f19a646/gnocchi.a354173d-8d11-454f-9787-7f402ce889bf/1773360000.0_mean_300.0_v3" 201 - "PUT https://[::1]:8080/v1/AUTH_2c0dd7efa1e94d879bc5da8c6f19a646/gnocchi.a354173d-8d11-454f-9787-7f402ce889bf/1773360000.0_mean_300.0_v3" "tx86ed2104ef4747b5a8733-0069bb702e" "proxy-server 101374" 0.0159 "-" 100257 0
Mar 18 23:40:30 np0005651379.novalocal container-server[99867]: ::1 - - [19/Mar/2026:03:40:30 +0000] "PUT /3/245332/AUTH_2c0dd7efa1e94d879bc5da8c6f19a646/gnocchi.a354173d-8d11-454f-9787-7f402ce889bf/1773360000.0_mean_300.0_v3" 201 - "PUT http://[::1]:8080/3/95581/AUTH_2c0dd7efa1e94d879bc5da8c6f19a646/gnocchi.a354173d-8d11-454f-9787-7f402ce889bf/1773360000.0_mean_300.0_v3" "tx86ed2104ef4747b5a8733-0069bb702e" "object-server 100256" 0.0012 "-" 99867 0
Mar 18 23:40:30 np0005651379.novalocal container-server[99868]: ::1 - - [19/Mar/2026:03:40:30 +0000] "PUT /2/245332/AUTH_2c0dd7efa1e94d879bc5da8c6f19a646/gnocchi.a354173d-8d11-454f-9787-7f402ce889bf/1773360000.0_mean_300.0_v3" 201 - "PUT http://[::1]:8080/2/95581/AUTH_2c0dd7efa1e94d879bc5da8c6f19a646/gnocchi.a354173d-8d11-454f-9787-7f402ce889bf/1773360000.0_mean_300.0_v3" "tx86ed2104ef4747b5a8733-0069bb702e" "object-server 100256" 0.0006 "-" 99868 0
Mar 18 23:40:30 np0005651379.novalocal object-server[100256]: ::1 - - [19/Mar/2026:03:40:30 +0000] "PUT /3/95581/AUTH_2c0dd7efa1e94d879bc5da8c6f19a646/gnocchi.a354173d-8d11-454f-9787-7f402ce889bf/1773360000.0_mean_300.0_v3" 201 - "PUT https://[::1]:8080/v1/AUTH_2c0dd7efa1e94d879bc5da8c6f19a646/gnocchi.a354173d-8d11-454f-9787-7f402ce889bf/1773360000.0_mean_300.0_v3" "tx86ed2104ef4747b5a8733-0069bb702e" "proxy-server 101374" 0.0184 "-" 100256 0
Mar 18 23:40:30 np0005651379.novalocal object-server[100256]: ::1 - - [19/Mar/2026:03:40:30 +0000] "PUT /2/95581/AUTH_2c0dd7efa1e94d879bc5da8c6f19a646/gnocchi.a354173d-8d11-454f-9787-7f402ce889bf/1773360000.0_mean_300.0_v3" 201 - "PUT https://[::1]:8080/v1/AUTH_2c0dd7efa1e94d879bc5da8c6f19a646/gnocchi.a354173d-8d11-454f-9787-7f402ce889bf/1773360000.0_mean_300.0_v3" "tx86ed2104ef4747b5a8733-0069bb702e" "proxy-server 101374" 0.0174 "-" 100256 0
Mar 18 23:40:30 np0005651379.novalocal proxy-server[101374]: ::1 ::1 19/Mar/2026/03/40/30 PUT /v1/AUTH_2c0dd7efa1e94d879bc5da8c6f19a646/gnocchi.a354173d-8d11-454f-9787-7f402ce889bf/1773360000.0_mean_300.0_v3 HTTP/1.0 201 - python-swiftclient-4.8.0 gAAAAABpu2_uqf-H... 16 - - tx86ed2104ef4747b5a8733-0069bb702e - 0.0300 - - 1773891630.142663956 1773891630.172617674 0 e61d2c26cb6146fb88642c1126e377de
Mar 18 23:40:30 np0005651379.novalocal container-server[99868]: ::1 - - [19/Mar/2026:03:40:30 +0000] "PUT /3/245332/AUTH_2c0dd7efa1e94d879bc5da8c6f19a646/gnocchi.a354173d-8d11-454f-9787-7f402ce889bf/none_v3" 201 - "PUT http://[::1]:8080/2/181777/AUTH_2c0dd7efa1e94d879bc5da8c6f19a646/gnocchi.a354173d-8d11-454f-9787-7f402ce889bf/none_v3" "tx8338b2a4eb5e456abd90f-0069bb702e" "object-server 100256" 0.0012 "-" 99868 0
Mar 18 23:40:30 np0005651379.novalocal object-server[100256]: ::1 - - [19/Mar/2026:03:40:30 +0000] "PUT /2/181777/AUTH_2c0dd7efa1e94d879bc5da8c6f19a646/gnocchi.a354173d-8d11-454f-9787-7f402ce889bf/none_v3" 201 - "PUT https://[::1]:8080/v1/AUTH_2c0dd7efa1e94d879bc5da8c6f19a646/gnocchi.a354173d-8d11-454f-9787-7f402ce889bf/none_v3" "tx8338b2a4eb5e456abd90f-0069bb702e" "proxy-server 101374" 0.0146 "-" 100256 0
Mar 18 23:40:30 np0005651379.novalocal container-server[99867]: ::1 - - [19/Mar/2026:03:40:30 +0000] "PUT /2/245332/AUTH_2c0dd7efa1e94d879bc5da8c6f19a646/gnocchi.a354173d-8d11-454f-9787-7f402ce889bf/none_v3" 201 - "PUT http://[::1]:8080/3/181777/AUTH_2c0dd7efa1e94d879bc5da8c6f19a646/gnocchi.a354173d-8d11-454f-9787-7f402ce889bf/none_v3" "tx8338b2a4eb5e456abd90f-0069bb702e" "object-server 100256" 0.0009 "-" 99867 0
Mar 18 23:40:30 np0005651379.novalocal container-server[99868]: ::1 - - [19/Mar/2026:03:40:30 +0000] "PUT /1/245332/AUTH_2c0dd7efa1e94d879bc5da8c6f19a646/gnocchi.a354173d-8d11-454f-9787-7f402ce889bf/none_v3" 201 - "PUT http://[::1]:8080/1/181777/AUTH_2c0dd7efa1e94d879bc5da8c6f19a646/gnocchi.a354173d-8d11-454f-9787-7f402ce889bf/none_v3" "tx8338b2a4eb5e456abd90f-0069bb702e" "object-server 100256" 0.0008 "-" 99868 0
Mar 18 23:40:30 np0005651379.novalocal object-server[100256]: ::1 - - [19/Mar/2026:03:40:30 +0000] "PUT /3/181777/AUTH_2c0dd7efa1e94d879bc5da8c6f19a646/gnocchi.a354173d-8d11-454f-9787-7f402ce889bf/none_v3" 201 - "PUT https://[::1]:8080/v1/AUTH_2c0dd7efa1e94d879bc5da8c6f19a646/gnocchi.a354173d-8d11-454f-9787-7f402ce889bf/none_v3" "tx8338b2a4eb5e456abd90f-0069bb702e" "proxy-server 101374" 0.0195 "-" 100256 0
Mar 18 23:40:30 np0005651379.novalocal object-server[100256]: ::1 - - [19/Mar/2026:03:40:30 +0000] "PUT /1/181777/AUTH_2c0dd7efa1e94d879bc5da8c6f19a646/gnocchi.a354173d-8d11-454f-9787-7f402ce889bf/none_v3" 201 - "PUT https://[::1]:8080/v1/AUTH_2c0dd7efa1e94d879bc5da8c6f19a646/gnocchi.a354173d-8d11-454f-9787-7f402ce889bf/none_v3" "tx8338b2a4eb5e456abd90f-0069bb702e" "proxy-server 101374" 0.0235 "-" 100256 0
Mar 18 23:40:30 np0005651379.novalocal proxy-server[101374]: ::1 ::1 19/Mar/2026/03/40/30 PUT /v1/AUTH_2c0dd7efa1e94d879bc5da8c6f19a646/gnocchi.a354173d-8d11-454f-9787-7f402ce889bf/none_v3 HTTP/1.0 201 - python-swiftclient-4.8.0 gAAAAABpu2_uqf-H... 32 - - tx8338b2a4eb5e456abd90f-0069bb702e - 0.0333 - - 1773891630.175735235 1773891630.209030390 0 e61d2c26cb6146fb88642c1126e377de
Mar 18 23:40:30 np0005651379.novalocal kernel: qvb85033fc7-f8: left allmulticast mode
Mar 18 23:40:30 np0005651379.novalocal kernel: qvb85033fc7-f8: left promiscuous mode
Mar 18 23:40:30 np0005651379.novalocal kernel: qbr85033fc7-f8: port 1(qvb85033fc7-f8) entered disabled state
Mar 18 23:40:30 np0005651379.novalocal NetworkManager[869]: [1773891630.3315] device (qbr85033fc7-f8): bridge port qvb85033fc7-f8 was detached
Mar 18 23:40:30 np0005651379.novalocal NetworkManager[869]: [1773891630.3330] device (qbr85033fc7-f8): state change: activated -> unmanaged (reason 'unmanaged', managed-type: 'removed')
Mar 18 23:40:30 np0005651379.novalocal haproxy-metadata-proxy-ff366498-54fa-4ff2-9715-5918d2681de7[107508]: ::ffff:10.100.0.10:56778 [18/Mar/2026:23:40:29.328] listener listener/metadata 0/0/0/1027/1027 200 90 - - ---- 1/1/0/0/0 0/0 "GET /2009-04-04/meta-data/placement/availability-zone HTTP/1.1"
Mar 18 23:40:30 np0005651379.novalocal kernel: qvo85033fc7-f8: left promiscuous mode
Mar 18 23:40:31 np0005651379.novalocal dnsmasq[108417]: read /var/lib/neutron/dhcp/c90c0046-2307-4135-932a-b1a68d8ee267/addn_hosts - 1 addresses
Mar 18 23:40:31 np0005651379.novalocal dnsmasq-dhcp[108417]: read /var/lib/neutron/dhcp/c90c0046-2307-4135-932a-b1a68d8ee267/host
Mar 18 23:40:31 np0005651379.novalocal dnsmasq-dhcp[108417]: read /var/lib/neutron/dhcp/c90c0046-2307-4135-932a-b1a68d8ee267/opts
Mar 18 23:40:33 np0005651379.novalocal account-replicator[99558]: Beginning replication run
Mar 18 23:40:33 np0005651379.novalocal account-replicator[99558]: Replication run OVER
Mar 18 23:40:33 np0005651379.novalocal account-replicator[99558]: Attempted to replicate 3 dbs in 0.05145 seconds (58.31134/s)
Mar 18 23:40:33 np0005651379.novalocal account-replicator[99558]: Removed 0 dbs
Mar 18 23:40:33 np0005651379.novalocal account-replicator[99558]: 6 successes, 0 failures
Mar 18 23:40:33 np0005651379.novalocal account-replicator[99558]: diff:0 diff_capped:0 empty:0 hashmatch:0 no_change:6 remote_merge:0 rsync:0 ts_repl:0
Mar 18 23:40:34 np0005651379.novalocal object-server[100256]: ::1 - - [19/Mar/2026:03:40:34 +0000] "GET /1/164041/AUTH_2c0dd7efa1e94d879bc5da8c6f19a646/gnocchi.872e0c51-2629-437d-9a69-6fe42621369c/none_v3" 200 32 "GET https://[::1]:8080/v1/AUTH_2c0dd7efa1e94d879bc5da8c6f19a646/gnocchi.872e0c51-2629-437d-9a69-6fe42621369c/none_v3" "txe180accc23f04aaf80067-0069bb7032" "proxy-server 101374" 0.0012 "-" 100256 0
Mar 18 23:40:34 np0005651379.novalocal proxy-server[101374]: ::1 ::1 19/Mar/2026/03/40/34 GET /v1/AUTH_2c0dd7efa1e94d879bc5da8c6f19a646/gnocchi.872e0c51-2629-437d-9a69-6fe42621369c/none_v3 HTTP/1.0 200 - python-swiftclient-4.8.0 gAAAAABpu2_uqf-H... - 32 - txe180accc23f04aaf80067-0069bb7032 - 0.0122 - - 1773891634.606095314 1773891634.618323088 0 e61d2c26cb6146fb88642c1126e377de
Mar 18 23:40:34 np0005651379.novalocal container-server[99867]: ::1 - - [19/Mar/2026:03:40:34 +0000] "GET /2/160806/AUTH_2c0dd7efa1e94d879bc5da8c6f19a646/gnocchi.872e0c51-2629-437d-9a69-6fe42621369c" 200 357 "GET https://[::1]:8080/v1/AUTH_2c0dd7efa1e94d879bc5da8c6f19a646/gnocchi.872e0c51-2629-437d-9a69-6fe42621369c?format=json&states=listing" "tx1ba1a8c29a3d4afebe7db-0069bb7032" "proxy-server 101374" 0.0105 "-" 99867 0
Mar 18 23:40:34 np0005651379.novalocal proxy-server[101374]: ::1 ::1 19/Mar/2026/03/40/34 GET /v1/AUTH_2c0dd7efa1e94d879bc5da8c6f19a646/gnocchi.872e0c51-2629-437d-9a69-6fe42621369c%3Fformat%3Djson%26states%3Dlisting HTTP/1.0 200 - python-swiftclient-4.8.0 gAAAAABpu2_uqf-H... - 357 - tx1ba1a8c29a3d4afebe7db-0069bb7032 - 0.0218 - - 1773891634.621681690 1773891634.643484592 0 e61d2c26cb6146fb88642c1126e377de
Mar 18 23:40:34 np0005651379.novalocal container-server[99868]: ::1 - - [19/Mar/2026:03:40:34 +0000] "GET /3/160806/AUTH_2c0dd7efa1e94d879bc5da8c6f19a646/gnocchi.872e0c51-2629-437d-9a69-6fe42621369c" 200 2 "GET https://[::1]:8080/v1/AUTH_2c0dd7efa1e94d879bc5da8c6f19a646/gnocchi.872e0c51-2629-437d-9a69-6fe42621369c?format=json&marker=none_v3&states=listing" "tx9688388cdbf64d89ad0c0-0069bb7032" "proxy-server 101374" 0.0088 "-" 99868 0
Mar 18 23:40:34 np0005651379.novalocal proxy-server[101374]: ::1 ::1 19/Mar/2026/03/40/34 GET /v1/AUTH_2c0dd7efa1e94d879bc5da8c6f19a646/gnocchi.872e0c51-2629-437d-9a69-6fe42621369c%3Fformat%3Djson%26marker%3Dnone_v3%26states%3Dlisting HTTP/1.0 200 - python-swiftclient-4.8.0 gAAAAABpu2_uqf-H... - 2 - tx9688388cdbf64d89ad0c0-0069bb7032 - 0.0188 - - 1773891634.645867586 1773891634.664705753 0 e61d2c26cb6146fb88642c1126e377de
Mar 18 23:40:34 np0005651379.novalocal object-server[100257]: ::1 - - [19/Mar/2026:03:40:34 +0000] "GET /2/128500/AUTH_2c0dd7efa1e94d879bc5da8c6f19a646/gnocchi.872e0c51-2629-437d-9a69-6fe42621369c/1773360000.0_mean_300.0_v3" 200 16 "GET https://[::1]:8080/v1/AUTH_2c0dd7efa1e94d879bc5da8c6f19a646/gnocchi.872e0c51-2629-437d-9a69-6fe42621369c/1773360000.0_mean_300.0_v3" "txf43e5a4b894945319dbfa-0069bb7032" "proxy-server 101374" 0.0008 "-" 100257 0
Mar 18 23:40:34 np0005651379.novalocal proxy-server[101374]: ::1 ::1 19/Mar/2026/03/40/34 GET /v1/AUTH_2c0dd7efa1e94d879bc5da8c6f19a646/gnocchi.872e0c51-2629-437d-9a69-6fe42621369c/1773360000.0_mean_300.0_v3 HTTP/1.0 200 - python-swiftclient-4.8.0 gAAAAABpu2_uqf-H... - 16 - txf43e5a4b894945319dbfa-0069bb7032 - 0.0114 - - 1773891634.669284344 1773891634.680666924 0 e61d2c26cb6146fb88642c1126e377de
Mar 18 23:40:34 np0005651379.novalocal container-server[99868]: ::1 - - [19/Mar/2026:03:40:34 +0000] "PUT /3/160806/AUTH_2c0dd7efa1e94d879bc5da8c6f19a646/gnocchi.872e0c51-2629-437d-9a69-6fe42621369c/1773360000.0_mean_300.0_v3" 201 - "PUT http://[::1]:8080/1/128500/AUTH_2c0dd7efa1e94d879bc5da8c6f19a646/gnocchi.872e0c51-2629-437d-9a69-6fe42621369c/1773360000.0_mean_300.0_v3" "txf92e5b3ffa674bcfb717c-0069bb7032" "object-server 100256" 0.0007 "-" 99868 0
Mar 18 23:40:34 np0005651379.novalocal object-server[100256]: ::1 - - [19/Mar/2026:03:40:34 +0000] "PUT /1/128500/AUTH_2c0dd7efa1e94d879bc5da8c6f19a646/gnocchi.872e0c51-2629-437d-9a69-6fe42621369c/1773360000.0_mean_300.0_v3" 201 - "PUT https://[::1]:8080/v1/AUTH_2c0dd7efa1e94d879bc5da8c6f19a646/gnocchi.872e0c51-2629-437d-9a69-6fe42621369c/1773360000.0_mean_300.0_v3" "txf92e5b3ffa674bcfb717c-0069bb7032" "proxy-server 101374" 0.0135 "-" 100256 0
Mar 18 23:40:34 np0005651379.novalocal container-server[99868]: ::1 - - [19/Mar/2026:03:40:34 +0000] "PUT /2/160806/AUTH_2c0dd7efa1e94d879bc5da8c6f19a646/gnocchi.872e0c51-2629-437d-9a69-6fe42621369c/1773360000.0_mean_300.0_v3" 201 - "PUT http://[::1]:8080/2/128500/AUTH_2c0dd7efa1e94d879bc5da8c6f19a646/gnocchi.872e0c51-2629-437d-9a69-6fe42621369c/1773360000.0_mean_300.0_v3" "txf92e5b3ffa674bcfb717c-0069bb7032" "object-server 100257" 0.0005 "-" 99868 0
Mar 18 23:40:34 np0005651379.novalocal container-server[99867]: ::1 - - [19/Mar/2026:03:40:34 +0000] "PUT /1/160806/AUTH_2c0dd7efa1e94d879bc5da8c6f19a646/gnocchi.872e0c51-2629-437d-9a69-6fe42621369c/1773360000.0_mean_300.0_v3" 201 - "PUT http://[::1]:8080/3/128500/AUTH_2c0dd7efa1e94d879bc5da8c6f19a646/gnocchi.872e0c51-2629-437d-9a69-6fe42621369c/1773360000.0_mean_300.0_v3" "txf92e5b3ffa674bcfb717c-0069bb7032" "object-server 100256" 0.0006 "-" 99867 0
Mar 18 23:40:34 np0005651379.novalocal object-server[100257]: ::1 - - [19/Mar/2026:03:40:34 +0000] "PUT /2/128500/AUTH_2c0dd7efa1e94d879bc5da8c6f19a646/gnocchi.872e0c51-2629-437d-9a69-6fe42621369c/1773360000.0_mean_300.0_v3" 201 - "PUT https://[::1]:8080/v1/AUTH_2c0dd7efa1e94d879bc5da8c6f19a646/gnocchi.872e0c51-2629-437d-9a69-6fe42621369c/1773360000.0_mean_300.0_v3" "txf92e5b3ffa674bcfb717c-0069bb7032" "proxy-server 101374" 0.0127 "-" 100257 0
Mar 18 23:40:34 np0005651379.novalocal object-server[100256]: ::1 - - [19/Mar/2026:03:40:34 +0000] "PUT /3/128500/AUTH_2c0dd7efa1e94d879bc5da8c6f19a646/gnocchi.872e0c51-2629-437d-9a69-6fe42621369c/1773360000.0_mean_300.0_v3" 201 - "PUT https://[::1]:8080/v1/AUTH_2c0dd7efa1e94d879bc5da8c6f19a646/gnocchi.872e0c51-2629-437d-9a69-6fe42621369c/1773360000.0_mean_300.0_v3" "txf92e5b3ffa674bcfb717c-0069bb7032" "proxy-server 101374" 0.0192 "-" 100256 0
Mar 18 23:40:34 np0005651379.novalocal proxy-server[101374]: ::1 ::1 19/Mar/2026/03/40/34 PUT /v1/AUTH_2c0dd7efa1e94d879bc5da8c6f19a646/gnocchi.872e0c51-2629-437d-9a69-6fe42621369c/1773360000.0_mean_300.0_v3 HTTP/1.0 201 - python-swiftclient-4.8.0 gAAAAABpu2_uqf-H... 16 - - txf92e5b3ffa674bcfb717c-0069bb7032 - 0.0329 - - 1773891634.684595108 1773891634.717464209 0 e61d2c26cb6146fb88642c1126e377de
Mar 18 23:40:34 np0005651379.novalocal container-server[99868]: ::1 - - [19/Mar/2026:03:40:34 +0000] "PUT /3/160806/AUTH_2c0dd7efa1e94d879bc5da8c6f19a646/gnocchi.872e0c51-2629-437d-9a69-6fe42621369c/none_v3" 201 - "PUT http://[::1]:8080/2/164041/AUTH_2c0dd7efa1e94d879bc5da8c6f19a646/gnocchi.872e0c51-2629-437d-9a69-6fe42621369c/none_v3" "txa484e8f9616d405d8b9d1-0069bb7032" "object-server 100256" 0.0007 "-" 99868 0
Mar 18 23:40:34 np0005651379.novalocal object-server[100256]: ::1 - - [19/Mar/2026:03:40:34 +0000] "PUT /2/164041/AUTH_2c0dd7efa1e94d879bc5da8c6f19a646/gnocchi.872e0c51-2629-437d-9a69-6fe42621369c/none_v3" 201 - "PUT https://[::1]:8080/v1/AUTH_2c0dd7efa1e94d879bc5da8c6f19a646/gnocchi.872e0c51-2629-437d-9a69-6fe42621369c/none_v3" "txa484e8f9616d405d8b9d1-0069bb7032" "proxy-server 101374" 0.0112 "-" 100256 0
Mar 18 23:40:34 np0005651379.novalocal container-server[99867]: ::1 - - [19/Mar/2026:03:40:34 +0000] "PUT /1/160806/AUTH_2c0dd7efa1e94d879bc5da8c6f19a646/gnocchi.872e0c51-2629-437d-9a69-6fe42621369c/none_v3" 201 - "PUT http://[::1]:8080/1/164041/AUTH_2c0dd7efa1e94d879bc5da8c6f19a646/gnocchi.872e0c51-2629-437d-9a69-6fe42621369c/none_v3" "txa484e8f9616d405d8b9d1-0069bb7032" "object-server 100257" 0.0006 "-" 99867 0
Mar 18 23:40:34 np0005651379.novalocal container-server[99868]: ::1 - - [19/Mar/2026:03:40:34 +0000] "PUT /2/160806/AUTH_2c0dd7efa1e94d879bc5da8c6f19a646/gnocchi.872e0c51-2629-437d-9a69-6fe42621369c/none_v3" 201 - "PUT http://[::1]:8080/3/164041/AUTH_2c0dd7efa1e94d879bc5da8c6f19a646/gnocchi.872e0c51-2629-437d-9a69-6fe42621369c/none_v3" "txa484e8f9616d405d8b9d1-0069bb7032" "object-server 100257" 0.0005 "-" 99868 0
Mar 18 23:40:34 np0005651379.novalocal object-server[100257]: ::1 - - [19/Mar/2026:03:40:34 +0000] "PUT /1/164041/AUTH_2c0dd7efa1e94d879bc5da8c6f19a646/gnocchi.872e0c51-2629-437d-9a69-6fe42621369c/none_v3" 201 - "PUT https://[::1]:8080/v1/AUTH_2c0dd7efa1e94d879bc5da8c6f19a646/gnocchi.872e0c51-2629-437d-9a69-6fe42621369c/none_v3" "txa484e8f9616d405d8b9d1-0069bb7032" "proxy-server 101374" 0.0127 "-" 100257 0
Mar 18 23:40:34 np0005651379.novalocal object-server[100257]: ::1 - - [19/Mar/2026:03:40:34 +0000] "PUT /3/164041/AUTH_2c0dd7efa1e94d879bc5da8c6f19a646/gnocchi.872e0c51-2629-437d-9a69-6fe42621369c/none_v3" 201 - "PUT https://[::1]:8080/v1/AUTH_2c0dd7efa1e94d879bc5da8c6f19a646/gnocchi.872e0c51-2629-437d-9a69-6fe42621369c/none_v3" "txa484e8f9616d405d8b9d1-0069bb7032" "proxy-server 101374" 0.0121 "-" 100257 0
Mar 18 23:40:34 np0005651379.novalocal proxy-server[101374]: ::1 ::1 19/Mar/2026/03/40/34 PUT /v1/AUTH_2c0dd7efa1e94d879bc5da8c6f19a646/gnocchi.872e0c51-2629-437d-9a69-6fe42621369c/none_v3 HTTP/1.0 201 - python-swiftclient-4.8.0 gAAAAABpu2_uqf-H... 45 - - txa484e8f9616d405d8b9d1-0069bb7032 - 0.0264 - - 1773891634.720896721 1773891634.747319221 0 e61d2c26cb6146fb88642c1126e377de
Mar 18 23:40:34 np0005651379.novalocal object-server[100257]: ::1 - - [19/Mar/2026:03:40:34 +0000] "GET /3/231906/AUTH_2c0dd7efa1e94d879bc5da8c6f19a646/gnocchi.388d41fc-9fa4-46e9-a62b-3a8e921e3c9d/none_v3" 200 31 "GET https://[::1]:8080/v1/AUTH_2c0dd7efa1e94d879bc5da8c6f19a646/gnocchi.388d41fc-9fa4-46e9-a62b-3a8e921e3c9d/none_v3" "txeed06f94cc6042a4929da-0069bb7032" "proxy-server 101374" 0.0013 "-" 100257 0
Mar 18 23:40:34 np0005651379.novalocal proxy-server[101374]: ::1 ::1 19/Mar/2026/03/40/34 GET /v1/AUTH_2c0dd7efa1e94d879bc5da8c6f19a646/gnocchi.388d41fc-9fa4-46e9-a62b-3a8e921e3c9d/none_v3 HTTP/1.0 200 - python-swiftclient-4.8.0 gAAAAABpu2_uqf-H... - 31 - txeed06f94cc6042a4929da-0069bb7032 - 0.0100 - - 1773891634.761687994 1773891634.771677732 0 e61d2c26cb6146fb88642c1126e377de
Mar 18 23:40:34 np0005651379.novalocal container-server[99867]: ::1 - - [19/Mar/2026:03:40:34 +0000] "GET /1/89015/AUTH_2c0dd7efa1e94d879bc5da8c6f19a646/gnocchi.388d41fc-9fa4-46e9-a62b-3a8e921e3c9d" 200 357 "GET https://[::1]:8080/v1/AUTH_2c0dd7efa1e94d879bc5da8c6f19a646/gnocchi.388d41fc-9fa4-46e9-a62b-3a8e921e3c9d?format=json&states=listing" "txe39028fed0ae42d5a37cb-0069bb7032" "proxy-server 101374" 0.0073 "-" 99867 0
Mar 18 23:40:34 np0005651379.novalocal proxy-server[101374]: ::1 ::1 19/Mar/2026/03/40/34 GET /v1/AUTH_2c0dd7efa1e94d879bc5da8c6f19a646/gnocchi.388d41fc-9fa4-46e9-a62b-3a8e921e3c9d%3Fformat%3Djson%26states%3Dlisting HTTP/1.0 200 - python-swiftclient-4.8.0 gAAAAABpu2_uqf-H... - 357 - txe39028fed0ae42d5a37cb-0069bb7032 - 0.0138 - - 1773891634.775754929 1773891634.789600849 0 e61d2c26cb6146fb88642c1126e377de
Mar 18 23:40:34 np0005651379.novalocal container-server[99868]: ::1 - - [19/Mar/2026:03:40:34 +0000] "GET /1/89015/AUTH_2c0dd7efa1e94d879bc5da8c6f19a646/gnocchi.388d41fc-9fa4-46e9-a62b-3a8e921e3c9d" 200 2 "GET https://[::1]:8080/v1/AUTH_2c0dd7efa1e94d879bc5da8c6f19a646/gnocchi.388d41fc-9fa4-46e9-a62b-3a8e921e3c9d?format=json&marker=none_v3&states=listing" "tx27944fbb0d884c9581053-0069bb7032" "proxy-server 101374" 0.0037 "-" 99868 0
Mar 18 23:40:34 np0005651379.novalocal proxy-server[101374]: ::1 ::1 19/Mar/2026/03/40/34 GET /v1/AUTH_2c0dd7efa1e94d879bc5da8c6f19a646/gnocchi.388d41fc-9fa4-46e9-a62b-3a8e921e3c9d%3Fformat%3Djson%26marker%3Dnone_v3%26states%3Dlisting HTTP/1.0 200 - python-swiftclient-4.8.0 gAAAAABpu2_uqf-H... - 2 - tx27944fbb0d884c9581053-0069bb7032 - 0.0099 - - 1773891634.792355061 1773891634.802220821 0 e61d2c26cb6146fb88642c1126e377de
Mar 18 23:40:34 np0005651379.novalocal object-server[100256]: ::1 - - [19/Mar/2026:03:40:34 +0000] "GET /2/102140/AUTH_2c0dd7efa1e94d879bc5da8c6f19a646/gnocchi.388d41fc-9fa4-46e9-a62b-3a8e921e3c9d/1773360000.0_mean_300.0_v3" 200 16 "GET https://[::1]:8080/v1/AUTH_2c0dd7efa1e94d879bc5da8c6f19a646/gnocchi.388d41fc-9fa4-46e9-a62b-3a8e921e3c9d/1773360000.0_mean_300.0_v3" "tx5e1ff1c37ce244ff82b5a-0069bb7032" "proxy-server 101374" 0.0009 "-" 100256 0
Mar 18 23:40:34 np0005651379.novalocal proxy-server[101374]: ::1 ::1 19/Mar/2026/03/40/34 GET /v1/AUTH_2c0dd7efa1e94d879bc5da8c6f19a646/gnocchi.388d41fc-9fa4-46e9-a62b-3a8e921e3c9d/1773360000.0_mean_300.0_v3 HTTP/1.0 200 - python-swiftclient-4.8.0 gAAAAABpu2_uqf-H... - 16 - tx5e1ff1c37ce244ff82b5a-0069bb7032 - 0.0062 - - 1773891634.805811644 1773891634.812031031 0 e61d2c26cb6146fb88642c1126e377de
Mar 18 23:40:34 np0005651379.novalocal container-server[99868]: ::1 - - [19/Mar/2026:03:40:34 +0000] "PUT /3/89015/AUTH_2c0dd7efa1e94d879bc5da8c6f19a646/gnocchi.388d41fc-9fa4-46e9-a62b-3a8e921e3c9d/1773360000.0_mean_300.0_v3" 201 - "PUT http://[::1]:8080/2/102140/AUTH_2c0dd7efa1e94d879bc5da8c6f19a646/gnocchi.388d41fc-9fa4-46e9-a62b-3a8e921e3c9d/1773360000.0_mean_300.0_v3" "tx4b654c0bfd36487a8bf96-0069bb7032" "object-server 100257" 0.0007 "-" 99868 0
Mar 18 23:40:34 np0005651379.novalocal container-server[99867]: ::1 - - [19/Mar/2026:03:40:34 +0000] "PUT /1/89015/AUTH_2c0dd7efa1e94d879bc5da8c6f19a646/gnocchi.388d41fc-9fa4-46e9-a62b-3a8e921e3c9d/1773360000.0_mean_300.0_v3" 201 - "PUT http://[::1]:8080/1/102140/AUTH_2c0dd7efa1e94d879bc5da8c6f19a646/gnocchi.388d41fc-9fa4-46e9-a62b-3a8e921e3c9d/1773360000.0_mean_300.0_v3" "tx4b654c0bfd36487a8bf96-0069bb7032" "object-server 100256" 0.0010 "-" 99867 0
Mar 18 23:40:34 np0005651379.novalocal object-server[100257]: ::1 - - [19/Mar/2026:03:40:34 +0000] "PUT /2/102140/AUTH_2c0dd7efa1e94d879bc5da8c6f19a646/gnocchi.388d41fc-9fa4-46e9-a62b-3a8e921e3c9d/1773360000.0_mean_300.0_v3" 201 - "PUT https://[::1]:8080/v1/AUTH_2c0dd7efa1e94d879bc5da8c6f19a646/gnocchi.388d41fc-9fa4-46e9-a62b-3a8e921e3c9d/1773360000.0_mean_300.0_v3" "tx4b654c0bfd36487a8bf96-0069bb7032" "proxy-server 101374" 0.0110 "-" 100257 0
Mar 18 23:40:34 np0005651379.novalocal object-server[100256]: ::1 - - [19/Mar/2026:03:40:34 +0000] "PUT /1/102140/AUTH_2c0dd7efa1e94d879bc5da8c6f19a646/gnocchi.388d41fc-9fa4-46e9-a62b-3a8e921e3c9d/1773360000.0_mean_300.0_v3" 201 - "PUT https://[::1]:8080/v1/AUTH_2c0dd7efa1e94d879bc5da8c6f19a646/gnocchi.388d41fc-9fa4-46e9-a62b-3a8e921e3c9d/1773360000.0_mean_300.0_v3" "tx4b654c0bfd36487a8bf96-0069bb7032" "proxy-server 101374" 0.0148 "-" 100256 0
Mar 18 23:40:34 np0005651379.novalocal container-server[99867]: ::1 - - [19/Mar/2026:03:40:34 +0000] "PUT /2/89015/AUTH_2c0dd7efa1e94d879bc5da8c6f19a646/gnocchi.388d41fc-9fa4-46e9-a62b-3a8e921e3c9d/1773360000.0_mean_300.0_v3" 201 - "PUT http://[::1]:8080/3/102140/AUTH_2c0dd7efa1e94d879bc5da8c6f19a646/gnocchi.388d41fc-9fa4-46e9-a62b-3a8e921e3c9d/1773360000.0_mean_300.0_v3" "tx4b654c0bfd36487a8bf96-0069bb7032" "object-server 100257" 0.0007 "-" 99867 0
Mar 18 23:40:34 np0005651379.novalocal object-server[100257]: ::1 - - [19/Mar/2026:03:40:34 +0000] "PUT /3/102140/AUTH_2c0dd7efa1e94d879bc5da8c6f19a646/gnocchi.388d41fc-9fa4-46e9-a62b-3a8e921e3c9d/1773360000.0_mean_300.0_v3" 201 - "PUT https://[::1]:8080/v1/AUTH_2c0dd7efa1e94d879bc5da8c6f19a646/gnocchi.388d41fc-9fa4-46e9-a62b-3a8e921e3c9d/1773360000.0_mean_300.0_v3" "tx4b654c0bfd36487a8bf96-0069bb7032" "proxy-server 101374" 0.0164 "-" 100257 0
Mar 18 23:40:34 np0005651379.novalocal proxy-server[101374]: ::1 ::1 19/Mar/2026/03/40/34 PUT /v1/AUTH_2c0dd7efa1e94d879bc5da8c6f19a646/gnocchi.388d41fc-9fa4-46e9-a62b-3a8e921e3c9d/1773360000.0_mean_300.0_v3 HTTP/1.0 201 - python-swiftclient-4.8.0 gAAAAABpu2_uqf-H... 16 - - tx4b654c0bfd36487a8bf96-0069bb7032 - 0.0231 - - 1773891634.815336466 1773891634.838431835 0 e61d2c26cb6146fb88642c1126e377de
Mar 18 23:40:34 np0005651379.novalocal container-server[99868]: ::1 - - [19/Mar/2026:03:40:34 +0000] "PUT /3/89015/AUTH_2c0dd7efa1e94d879bc5da8c6f19a646/gnocchi.388d41fc-9fa4-46e9-a62b-3a8e921e3c9d/none_v3" 201 - "PUT http://[::1]:8080/3/231906/AUTH_2c0dd7efa1e94d879bc5da8c6f19a646/gnocchi.388d41fc-9fa4-46e9-a62b-3a8e921e3c9d/none_v3" "txda9124ca34d8475e9579e-0069bb7032" "object-server 100256" 0.0013 "-" 99868 0
Mar 18 23:40:34 np0005651379.novalocal object-server[100256]: ::1 - - [19/Mar/2026:03:40:34 +0000] "PUT /3/231906/AUTH_2c0dd7efa1e94d879bc5da8c6f19a646/gnocchi.388d41fc-9fa4-46e9-a62b-3a8e921e3c9d/none_v3" 201 - "PUT https://[::1]:8080/v1/AUTH_2c0dd7efa1e94d879bc5da8c6f19a646/gnocchi.388d41fc-9fa4-46e9-a62b-3a8e921e3c9d/none_v3" "txda9124ca34d8475e9579e-0069bb7032" "proxy-server 101374" 0.0118 "-" 100256 0
Mar 18 23:40:34 np0005651379.novalocal container-server[99867]: ::1 - - [19/Mar/2026:03:40:34 +0000] "PUT /1/89015/AUTH_2c0dd7efa1e94d879bc5da8c6f19a646/gnocchi.388d41fc-9fa4-46e9-a62b-3a8e921e3c9d/none_v3" 201 - "PUT http://[::1]:8080/1/231906/AUTH_2c0dd7efa1e94d879bc5da8c6f19a646/gnocchi.388d41fc-9fa4-46e9-a62b-3a8e921e3c9d/none_v3" "txda9124ca34d8475e9579e-0069bb7032" "object-server 100256" 0.0008 "-" 99867 0
Mar 18 23:40:34 np0005651379.novalocal object-server[100256]: ::1 - - [19/Mar/2026:03:40:34 +0000] "PUT /1/231906/AUTH_2c0dd7efa1e94d879bc5da8c6f19a646/gnocchi.388d41fc-9fa4-46e9-a62b-3a8e921e3c9d/none_v3" 201 - "PUT https://[::1]:8080/v1/AUTH_2c0dd7efa1e94d879bc5da8c6f19a646/gnocchi.388d41fc-9fa4-46e9-a62b-3a8e921e3c9d/none_v3" "txda9124ca34d8475e9579e-0069bb7032" "proxy-server 101374" 0.0149 "-" 100256 0
Mar 18 23:40:34 np0005651379.novalocal container-server[99867]: ::1 - - [19/Mar/2026:03:40:34 +0000] "PUT /2/89015/AUTH_2c0dd7efa1e94d879bc5da8c6f19a646/gnocchi.388d41fc-9fa4-46e9-a62b-3a8e921e3c9d/none_v3" 201 - "PUT http://[::1]:8080/2/231906/AUTH_2c0dd7efa1e94d879bc5da8c6f19a646/gnocchi.388d41fc-9fa4-46e9-a62b-3a8e921e3c9d/none_v3" "txda9124ca34d8475e9579e-0069bb7032" "object-server 100257" 0.0006 "-" 99867 0
Mar 18 23:40:34 np0005651379.novalocal object-server[100257]: ::1 - - [19/Mar/2026:03:40:34 +0000] "PUT /2/231906/AUTH_2c0dd7efa1e94d879bc5da8c6f19a646/gnocchi.388d41fc-9fa4-46e9-a62b-3a8e921e3c9d/none_v3" 201 - "PUT https://[::1]:8080/v1/AUTH_2c0dd7efa1e94d879bc5da8c6f19a646/gnocchi.388d41fc-9fa4-46e9-a62b-3a8e921e3c9d/none_v3" "txda9124ca34d8475e9579e-0069bb7032" "proxy-server 101374" 0.0162 "-" 100257 0
Mar 18 23:40:34 np0005651379.novalocal proxy-server[101374]: ::1 ::1 19/Mar/2026/03/40/34 PUT /v1/AUTH_2c0dd7efa1e94d879bc5da8c6f19a646/gnocchi.388d41fc-9fa4-46e9-a62b-3a8e921e3c9d/none_v3 HTTP/1.0 201 - python-swiftclient-4.8.0 gAAAAABpu2_uqf-H... 43 - - txda9124ca34d8475e9579e-0069bb7032 - 0.0254 - - 1773891634.842558146 1773891634.867973328 0 e61d2c26cb6146fb88642c1126e377de
Mar 18 23:40:34 np0005651379.novalocal object-server[100257]: ::1 - - [19/Mar/2026:03:40:34 +0000] "GET /1/89109/AUTH_2c0dd7efa1e94d879bc5da8c6f19a646/gnocchi.405dd4d4-50c4-4be0-9200-a85c87636d3b/none_v3" 200 27 "GET https://[::1]:8080/v1/AUTH_2c0dd7efa1e94d879bc5da8c6f19a646/gnocchi.405dd4d4-50c4-4be0-9200-a85c87636d3b/none_v3" "txf00ca3bb998d4130b3859-0069bb7032" "proxy-server 101374" 0.0008 "-" 100257 0
Mar 18 23:40:34 np0005651379.novalocal proxy-server[101374]: ::1 ::1 19/Mar/2026/03/40/34 GET /v1/AUTH_2c0dd7efa1e94d879bc5da8c6f19a646/gnocchi.405dd4d4-50c4-4be0-9200-a85c87636d3b/none_v3 HTTP/1.0 200 - python-swiftclient-4.8.0 gAAAAABpu2_uqf-H... - 27 - txf00ca3bb998d4130b3859-0069bb7032 - 0.0073 - - 1773891634.927919149 1773891634.935195446 0 e61d2c26cb6146fb88642c1126e377de
Mar 18 23:40:34 np0005651379.novalocal container-server[99868]: ::1 - - [19/Mar/2026:03:40:34 +0000] "GET /3/160778/AUTH_2c0dd7efa1e94d879bc5da8c6f19a646/gnocchi.405dd4d4-50c4-4be0-9200-a85c87636d3b" 200 357 "GET https://[::1]:8080/v1/AUTH_2c0dd7efa1e94d879bc5da8c6f19a646/gnocchi.405dd4d4-50c4-4be0-9200-a85c87636d3b?format=json&states=listing" "txb1e9682a557342e692365-0069bb7032" "proxy-server 101374" 0.0081 "-" 99868 0
Mar 18 23:40:34 np0005651379.novalocal proxy-server[101374]: ::1 ::1 19/Mar/2026/03/40/34 GET /v1/AUTH_2c0dd7efa1e94d879bc5da8c6f19a646/gnocchi.405dd4d4-50c4-4be0-9200-a85c87636d3b%3Fformat%3Djson%26states%3Dlisting HTTP/1.0 200 - python-swiftclient-4.8.0 gAAAAABpu2_uqf-H... - 357 - txb1e9682a557342e692365-0069bb7032 - 0.0159 - - 1773891634.939177752 1773891634.955106974 0 e61d2c26cb6146fb88642c1126e377de
Mar 18 23:40:34 np0005651379.novalocal container-server[99868]: ::1 - - [19/Mar/2026:03:40:34 +0000] "GET /1/160778/AUTH_2c0dd7efa1e94d879bc5da8c6f19a646/gnocchi.405dd4d4-50c4-4be0-9200-a85c87636d3b" 200 2 "GET https://[::1]:8080/v1/AUTH_2c0dd7efa1e94d879bc5da8c6f19a646/gnocchi.405dd4d4-50c4-4be0-9200-a85c87636d3b?format=json&marker=none_v3&states=listing" "txad1db04bff1a4a46a10a6-0069bb7032" "proxy-server 101374" 0.0069 "-" 99868 0
Mar 18 23:40:34 np0005651379.novalocal proxy-server[101374]: ::1 ::1 19/Mar/2026/03/40/34 GET /v1/AUTH_2c0dd7efa1e94d879bc5da8c6f19a646/gnocchi.405dd4d4-50c4-4be0-9200-a85c87636d3b%3Fformat%3Djson%26marker%3Dnone_v3%26states%3Dlisting HTTP/1.0 200 - python-swiftclient-4.8.0 gAAAAABpu2_uqf-H... - 2 - txad1db04bff1a4a46a10a6-0069bb7032 - 0.0122 - - 1773891634.959010839 1773891634.971197367 0 e61d2c26cb6146fb88642c1126e377de
Mar 18 23:40:34 np0005651379.novalocal object-server[100257]: ::1 - - [19/Mar/2026:03:40:34 +0000] "GET /3/14488/AUTH_2c0dd7efa1e94d879bc5da8c6f19a646/gnocchi.405dd4d4-50c4-4be0-9200-a85c87636d3b/1773360000.0_mean_300.0_v3" 200 16 "GET https://[::1]:8080/v1/AUTH_2c0dd7efa1e94d879bc5da8c6f19a646/gnocchi.405dd4d4-50c4-4be0-9200-a85c87636d3b/1773360000.0_mean_300.0_v3" "txc642fc4f090042b5b92e3-0069bb7032" "proxy-server 101374" 0.0005 "-" 100257 0
Mar 18 23:40:34 np0005651379.novalocal proxy-server[101374]: ::1 ::1 19/Mar/2026/03/40/34 GET /v1/AUTH_2c0dd7efa1e94d879bc5da8c6f19a646/gnocchi.405dd4d4-50c4-4be0-9200-a85c87636d3b/1773360000.0_mean_300.0_v3 HTTP/1.0 200 - python-swiftclient-4.8.0 gAAAAABpu2_uqf-H... - 16 - txc642fc4f090042b5b92e3-0069bb7032 - 0.0057 - - 1773891634.975060701 1773891634.980775595 0 e61d2c26cb6146fb88642c1126e377de
Mar 18 23:40:35 np0005651379.novalocal container-server[99868]: ::1 - - [19/Mar/2026:03:40:35 +0000] "PUT /2/160778/AUTH_2c0dd7efa1e94d879bc5da8c6f19a646/gnocchi.405dd4d4-50c4-4be0-9200-a85c87636d3b/1773360000.0_mean_300.0_v3" 201 - "PUT http://[::1]:8080/2/14488/AUTH_2c0dd7efa1e94d879bc5da8c6f19a646/gnocchi.405dd4d4-50c4-4be0-9200-a85c87636d3b/1773360000.0_mean_300.0_v3" "tx1555d838a5bf49ada95ec-0069bb7032" "object-server 100257" 0.0008 "-" 99868 0
Mar 18 23:40:35 np0005651379.novalocal object-server[100257]: ::1 - - [19/Mar/2026:03:40:35 +0000] "PUT /2/14488/AUTH_2c0dd7efa1e94d879bc5da8c6f19a646/gnocchi.405dd4d4-50c4-4be0-9200-a85c87636d3b/1773360000.0_mean_300.0_v3" 201 - "PUT https://[::1]:8080/v1/AUTH_2c0dd7efa1e94d879bc5da8c6f19a646/gnocchi.405dd4d4-50c4-4be0-9200-a85c87636d3b/1773360000.0_mean_300.0_v3" "tx1555d838a5bf49ada95ec-0069bb7032" "proxy-server 101374" 0.0143 "-" 100257 0
Mar 18 23:40:35 np0005651379.novalocal container-server[99867]: ::1 - - [19/Mar/2026:03:40:35 +0000] "PUT /1/160778/AUTH_2c0dd7efa1e94d879bc5da8c6f19a646/gnocchi.405dd4d4-50c4-4be0-9200-a85c87636d3b/1773360000.0_mean_300.0_v3" 201 - "PUT http://[::1]:8080/1/14488/AUTH_2c0dd7efa1e94d879bc5da8c6f19a646/gnocchi.405dd4d4-50c4-4be0-9200-a85c87636d3b/1773360000.0_mean_300.0_v3" "tx1555d838a5bf49ada95ec-0069bb7032" "object-server 100256" 0.0013 "-" 99867 0
Mar 18 23:40:35 np0005651379.novalocal container-server[99868]: ::1 - - [19/Mar/2026:03:40:35 +0000] "PUT /3/160778/AUTH_2c0dd7efa1e94d879bc5da8c6f19a646/gnocchi.405dd4d4-50c4-4be0-9200-a85c87636d3b/1773360000.0_mean_300.0_v3" 201 - "PUT http://[::1]:8080/3/14488/AUTH_2c0dd7efa1e94d879bc5da8c6f19a646/gnocchi.405dd4d4-50c4-4be0-9200-a85c87636d3b/1773360000.0_mean_300.0_v3" "tx1555d838a5bf49ada95ec-0069bb7032" "object-server 100257" 0.0006 "-" 99868 0
Mar 18 23:40:35 np0005651379.novalocal object-server[100256]: ::1 - - [19/Mar/2026:03:40:35 +0000] "PUT /1/14488/AUTH_2c0dd7efa1e94d879bc5da8c6f19a646/gnocchi.405dd4d4-50c4-4be0-9200-a85c87636d3b/1773360000.0_mean_300.0_v3" 201 - "PUT https://[::1]:8080/v1/AUTH_2c0dd7efa1e94d879bc5da8c6f19a646/gnocchi.405dd4d4-50c4-4be0-9200-a85c87636d3b/1773360000.0_mean_300.0_v3" "tx1555d838a5bf49ada95ec-0069bb7032" "proxy-server 101374" 0.0118 "-" 100256 0
Mar 18 23:40:35 np0005651379.novalocal object-server[100257]: ::1 - - [19/Mar/2026:03:40:35 +0000] "PUT /3/14488/AUTH_2c0dd7efa1e94d879bc5da8c6f19a646/gnocchi.405dd4d4-50c4-4be0-9200-a85c87636d3b/1773360000.0_mean_300.0_v3" 201 - "PUT https://[::1]:8080/v1/AUTH_2c0dd7efa1e94d879bc5da8c6f19a646/gnocchi.405dd4d4-50c4-4be0-9200-a85c87636d3b/1773360000.0_mean_300.0_v3" "tx1555d838a5bf49ada95ec-0069bb7032" "proxy-server 101374" 0.0149 "-" 100257 0
Mar 18 23:40:35 np0005651379.novalocal proxy-server[101374]: ::1 ::1 19/Mar/2026/03/40/35 PUT /v1/AUTH_2c0dd7efa1e94d879bc5da8c6f19a646/gnocchi.405dd4d4-50c4-4be0-9200-a85c87636d3b/1773360000.0_mean_300.0_v3 HTTP/1.0 201 - python-swiftclient-4.8.0 gAAAAABpu2_uqf-H... 16 - - tx1555d838a5bf49ada95ec-0069bb7032 - 0.0245 - - 1773891634.983957529 1773891635.008476973 0 e61d2c26cb6146fb88642c1126e377de
Mar 18 23:40:35 np0005651379.novalocal container-server[99867]: ::1 - - [19/Mar/2026:03:40:35 +0000] "PUT /2/160778/AUTH_2c0dd7efa1e94d879bc5da8c6f19a646/gnocchi.405dd4d4-50c4-4be0-9200-a85c87636d3b/none_v3" 201 - "PUT http://[::1]:8080/2/89109/AUTH_2c0dd7efa1e94d879bc5da8c6f19a646/gnocchi.405dd4d4-50c4-4be0-9200-a85c87636d3b/none_v3" "txaf0b9ef5670c46588cade-0069bb7033" "object-server 100257" 0.0012 "-" 99867 0
Mar 18 23:40:35 np0005651379.novalocal container-server[99868]: ::1 - - [19/Mar/2026:03:40:35 +0000] "PUT /1/160778/AUTH_2c0dd7efa1e94d879bc5da8c6f19a646/gnocchi.405dd4d4-50c4-4be0-9200-a85c87636d3b/none_v3" 201 - "PUT http://[::1]:8080/3/89109/AUTH_2c0dd7efa1e94d879bc5da8c6f19a646/gnocchi.405dd4d4-50c4-4be0-9200-a85c87636d3b/none_v3" "txaf0b9ef5670c46588cade-0069bb7033" "object-server 100257" 0.0009 "-" 99868 0
Mar 18 23:40:35 np0005651379.novalocal object-server[100257]: ::1 - - [19/Mar/2026:03:40:35 +0000] "PUT /2/89109/AUTH_2c0dd7efa1e94d879bc5da8c6f19a646/gnocchi.405dd4d4-50c4-4be0-9200-a85c87636d3b/none_v3" 201 - "PUT https://[::1]:8080/v1/AUTH_2c0dd7efa1e94d879bc5da8c6f19a646/gnocchi.405dd4d4-50c4-4be0-9200-a85c87636d3b/none_v3" "txaf0b9ef5670c46588cade-0069bb7033" "proxy-server 101374" 0.0128 "-" 100257 0
Mar 18 23:40:35 np0005651379.novalocal object-server[100257]: ::1 - - [19/Mar/2026:03:40:35 +0000] "PUT /3/89109/AUTH_2c0dd7efa1e94d879bc5da8c6f19a646/gnocchi.405dd4d4-50c4-4be0-9200-a85c87636d3b/none_v3" 201 - "PUT https://[::1]:8080/v1/AUTH_2c0dd7efa1e94d879bc5da8c6f19a646/gnocchi.405dd4d4-50c4-4be0-9200-a85c87636d3b/none_v3" "txaf0b9ef5670c46588cade-0069bb7033" "proxy-server 101374" 0.0156 "-" 100257 0
Mar 18 23:40:35 np0005651379.novalocal container-server[99867]: ::1 - - [19/Mar/2026:03:40:35 +0000] "PUT /3/160778/AUTH_2c0dd7efa1e94d879bc5da8c6f19a646/gnocchi.405dd4d4-50c4-4be0-9200-a85c87636d3b/none_v3" 201 - "PUT http://[::1]:8080/1/89109/AUTH_2c0dd7efa1e94d879bc5da8c6f19a646/gnocchi.405dd4d4-50c4-4be0-9200-a85c87636d3b/none_v3" "txaf0b9ef5670c46588cade-0069bb7033" "object-server 100256" 0.0007 "-" 99867 0
Mar 18 23:40:35 np0005651379.novalocal object-server[100256]: ::1 - - [19/Mar/2026:03:40:35 +0000] "PUT /1/89109/AUTH_2c0dd7efa1e94d879bc5da8c6f19a646/gnocchi.405dd4d4-50c4-4be0-9200-a85c87636d3b/none_v3" 201 - "PUT https://[::1]:8080/v1/AUTH_2c0dd7efa1e94d879bc5da8c6f19a646/gnocchi.405dd4d4-50c4-4be0-9200-a85c87636d3b/none_v3" "txaf0b9ef5670c46588cade-0069bb7033" "proxy-server 101374" 0.0144 "-" 100256 0
Mar 18 23:40:35 np0005651379.novalocal proxy-server[101374]: ::1 ::1 19/Mar/2026/03/40/35 PUT /v1/AUTH_2c0dd7efa1e94d879bc5da8c6f19a646/gnocchi.405dd4d4-50c4-4be0-9200-a85c87636d3b/none_v3 HTTP/1.0 201 - python-swiftclient-4.8.0 gAAAAABpu2_uqf-H... 36 - - txaf0b9ef5670c46588cade-0069bb7033 - 0.0260 - - 1773891635.011354685 1773891635.037357807 0 e61d2c26cb6146fb88642c1126e377de
Mar 18 23:40:35 np0005651379.novalocal object-server[100257]: ::1 - - [19/Mar/2026:03:40:35 +0000] "GET /2/181777/AUTH_2c0dd7efa1e94d879bc5da8c6f19a646/gnocchi.a354173d-8d11-454f-9787-7f402ce889bf/none_v3" 200 32 "GET https://[::1]:8080/v1/AUTH_2c0dd7efa1e94d879bc5da8c6f19a646/gnocchi.a354173d-8d11-454f-9787-7f402ce889bf/none_v3" "tx2622b16c5ff648b787f96-0069bb7033" "proxy-server 101374" 0.0006 "-" 100257 0
Mar 18 23:40:35 np0005651379.novalocal proxy-server[101374]: ::1 ::1 19/Mar/2026/03/40/35 GET /v1/AUTH_2c0dd7efa1e94d879bc5da8c6f19a646/gnocchi.a354173d-8d11-454f-9787-7f402ce889bf/none_v3 HTTP/1.0 200 - python-swiftclient-4.8.0 gAAAAABpu2_uqf-H... - 32 - tx2622b16c5ff648b787f96-0069bb7033 - 0.0059 - - 1773891635.047869205 1773891635.053813219 0 e61d2c26cb6146fb88642c1126e377de
Mar 18 23:40:35 np0005651379.novalocal container-server[99868]: ::1 - - [19/Mar/2026:03:40:35 +0000] "GET /3/245332/AUTH_2c0dd7efa1e94d879bc5da8c6f19a646/gnocchi.a354173d-8d11-454f-9787-7f402ce889bf" 200 357 "GET https://[::1]:8080/v1/AUTH_2c0dd7efa1e94d879bc5da8c6f19a646/gnocchi.a354173d-8d11-454f-9787-7f402ce889bf?format=json&states=listing" "txc21a3e09d43a441b8b123-0069bb7033" "proxy-server 101374" 0.0097 "-" 99868 0
Mar 18 23:40:35 np0005651379.novalocal proxy-server[101374]: ::1 ::1 19/Mar/2026/03/40/35 GET /v1/AUTH_2c0dd7efa1e94d879bc5da8c6f19a646/gnocchi.a354173d-8d11-454f-9787-7f402ce889bf%3Fformat%3Djson%26states%3Dlisting HTTP/1.0 200 - python-swiftclient-4.8.0 gAAAAABpu2_uqf-H... - 357 - txc21a3e09d43a441b8b123-0069bb7033 - 0.0163 - - 1773891635.056505919 1773891635.072780848 0 e61d2c26cb6146fb88642c1126e377de
Mar 18 23:40:35 np0005651379.novalocal container-server[99867]: ::1 - - [19/Mar/2026:03:40:35 +0000] "GET /2/245332/AUTH_2c0dd7efa1e94d879bc5da8c6f19a646/gnocchi.a354173d-8d11-454f-9787-7f402ce889bf" 200 2 "GET https://[::1]:8080/v1/AUTH_2c0dd7efa1e94d879bc5da8c6f19a646/gnocchi.a354173d-8d11-454f-9787-7f402ce889bf?format=json&marker=none_v3&states=listing" "tx5bd1101544e9478cb5367-0069bb7033" "proxy-server 101374" 0.0077 "-" 99867 0
Mar 18 23:40:35 np0005651379.novalocal proxy-server[101374]: ::1 ::1 19/Mar/2026/03/40/35 GET /v1/AUTH_2c0dd7efa1e94d879bc5da8c6f19a646/gnocchi.a354173d-8d11-454f-9787-7f402ce889bf%3Fformat%3Djson%26marker%3Dnone_v3%26states%3Dlisting HTTP/1.0 200 - python-swiftclient-4.8.0 gAAAAABpu2_uqf-H... - 2 - tx5bd1101544e9478cb5367-0069bb7033 - 0.0144 - - 1773891635.075702667 1773891635.090145588 0 e61d2c26cb6146fb88642c1126e377de
Mar 18 23:40:35 np0005651379.novalocal object-server[100256]: ::1 - - [19/Mar/2026:03:40:35 +0000] "GET /3/95581/AUTH_2c0dd7efa1e94d879bc5da8c6f19a646/gnocchi.a354173d-8d11-454f-9787-7f402ce889bf/1773360000.0_mean_300.0_v3" 200 16 "GET https://[::1]:8080/v1/AUTH_2c0dd7efa1e94d879bc5da8c6f19a646/gnocchi.a354173d-8d11-454f-9787-7f402ce889bf/1773360000.0_mean_300.0_v3" "tx681df60af78f459fac9ab-0069bb7033" "proxy-server 101374" 0.0014 "-" 100256 0
Mar 18 23:40:35 np0005651379.novalocal proxy-server[101374]: ::1 ::1 19/Mar/2026/03/40/35 GET /v1/AUTH_2c0dd7efa1e94d879bc5da8c6f19a646/gnocchi.a354173d-8d11-454f-9787-7f402ce889bf/1773360000.0_mean_300.0_v3 HTTP/1.0 200 - python-swiftclient-4.8.0 gAAAAABpu2_uqf-H... - 16 - tx681df60af78f459fac9ab-0069bb7033 - 0.0088 - - 1773891635.094280720 1773891635.103068590 0 e61d2c26cb6146fb88642c1126e377de
Mar 18 23:40:35 np0005651379.novalocal container-server[99868]: ::1 - - [19/Mar/2026:03:40:35 +0000] "PUT /2/245332/AUTH_2c0dd7efa1e94d879bc5da8c6f19a646/gnocchi.a354173d-8d11-454f-9787-7f402ce889bf/1773360000.0_mean_300.0_v3" 201 - "PUT http://[::1]:8080/3/95581/AUTH_2c0dd7efa1e94d879bc5da8c6f19a646/gnocchi.a354173d-8d11-454f-9787-7f402ce889bf/1773360000.0_mean_300.0_v3" "tx45380c2d916c4730a308c-0069bb7033" "object-server 100257" 0.0010 "-" 99868 0
Mar 18 23:40:35 np0005651379.novalocal object-server[100257]: ::1 - - [19/Mar/2026:03:40:35 +0000] "PUT /3/95581/AUTH_2c0dd7efa1e94d879bc5da8c6f19a646/gnocchi.a354173d-8d11-454f-9787-7f402ce889bf/1773360000.0_mean_300.0_v3" 201 - "PUT https://[::1]:8080/v1/AUTH_2c0dd7efa1e94d879bc5da8c6f19a646/gnocchi.a354173d-8d11-454f-9787-7f402ce889bf/1773360000.0_mean_300.0_v3" "tx45380c2d916c4730a308c-0069bb7033" "proxy-server 101374" 0.0148 "-" 100257 0
Mar 18 23:40:35 np0005651379.novalocal container-server[99868]: ::1 - - [19/Mar/2026:03:40:35 +0000] "PUT /3/245332/AUTH_2c0dd7efa1e94d879bc5da8c6f19a646/gnocchi.a354173d-8d11-454f-9787-7f402ce889bf/1773360000.0_mean_300.0_v3" 201 - "PUT http://[::1]:8080/2/95581/AUTH_2c0dd7efa1e94d879bc5da8c6f19a646/gnocchi.a354173d-8d11-454f-9787-7f402ce889bf/1773360000.0_mean_300.0_v3" "tx45380c2d916c4730a308c-0069bb7033" "object-server 100257" 0.0006 "-" 99868 0
Mar 18 23:40:35 np0005651379.novalocal object-server[100257]: ::1 - - [19/Mar/2026:03:40:35 +0000] "PUT /2/95581/AUTH_2c0dd7efa1e94d879bc5da8c6f19a646/gnocchi.a354173d-8d11-454f-9787-7f402ce889bf/1773360000.0_mean_300.0_v3" 201 - "PUT https://[::1]:8080/v1/AUTH_2c0dd7efa1e94d879bc5da8c6f19a646/gnocchi.a354173d-8d11-454f-9787-7f402ce889bf/1773360000.0_mean_300.0_v3" "tx45380c2d916c4730a308c-0069bb7033" "proxy-server 101374" 0.0140 "-" 100257 0
Mar 18 23:40:35 np0005651379.novalocal container-server[99868]: ::1 - - [19/Mar/2026:03:40:35 +0000] "PUT /1/245332/AUTH_2c0dd7efa1e94d879bc5da8c6f19a646/gnocchi.a354173d-8d11-454f-9787-7f402ce889bf/1773360000.0_mean_300.0_v3" 201 - "PUT http://[::1]:8080/1/95581/AUTH_2c0dd7efa1e94d879bc5da8c6f19a646/gnocchi.a354173d-8d11-454f-9787-7f402ce889bf/1773360000.0_mean_300.0_v3" "tx45380c2d916c4730a308c-0069bb7033" "object-server 100257" 0.0006 "-" 99868 0
