Mar 18 23:40:53 np0005651379.novalocal object-server[100256]: ::1 - - [19/Mar/2026:03:40:53 +0000] "PUT /1/87866/AUTH_2c0dd7efa1e94d879bc5da8c6f19a646/gnocchi.4cd2d56c-84ed-4938-97a1-4f53e3866272/1773360000.0_mean_300.0_v3" 201 - "PUT https://[::1]:8080/v1/AUTH_2c0dd7efa1e94d879bc5da8c6f19a646/gnocchi.4cd2d56c-84ed-4938-97a1-4f53e3866272/1773360000.0_mean_300.0_v3" "tx2bce0571bb8c42d6b8d7b-0069bb7045" "proxy-server 101374" 0.0131 "-" 100256 0
Mar 18 23:40:53 np0005651379.novalocal object-server[100257]: ::1 - - [19/Mar/2026:03:40:53 +0000] "PUT /2/87866/AUTH_2c0dd7efa1e94d879bc5da8c6f19a646/gnocchi.4cd2d56c-84ed-4938-97a1-4f53e3866272/1773360000.0_mean_300.0_v3" 201 - "PUT https://[::1]:8080/v1/AUTH_2c0dd7efa1e94d879bc5da8c6f19a646/gnocchi.4cd2d56c-84ed-4938-97a1-4f53e3866272/1773360000.0_mean_300.0_v3" "tx2bce0571bb8c42d6b8d7b-0069bb7045" "proxy-server 101374" 0.0156 "-" 100257 0
Mar 18 23:40:53 np0005651379.novalocal container-server[99868]: ::1 - - [19/Mar/2026:03:40:53 +0000] "PUT /3/92231/AUTH_2c0dd7efa1e94d879bc5da8c6f19a646/gnocchi.4cd2d56c-84ed-4938-97a1-4f53e3866272/1773360000.0_mean_300.0_v3" 201 - "PUT http://[::1]:8080/3/87866/AUTH_2c0dd7efa1e94d879bc5da8c6f19a646/gnocchi.4cd2d56c-84ed-4938-97a1-4f53e3866272/1773360000.0_mean_300.0_v3" "tx2bce0571bb8c42d6b8d7b-0069bb7045" "object-server 100256" 0.0008 "-" 99868 0
Mar 18 23:40:53 np0005651379.novalocal object-server[100256]: ::1 - - [19/Mar/2026:03:40:53 +0000] "PUT /3/87866/AUTH_2c0dd7efa1e94d879bc5da8c6f19a646/gnocchi.4cd2d56c-84ed-4938-97a1-4f53e3866272/1773360000.0_mean_300.0_v3" 201 - "PUT https://[::1]:8080/v1/AUTH_2c0dd7efa1e94d879bc5da8c6f19a646/gnocchi.4cd2d56c-84ed-4938-97a1-4f53e3866272/1773360000.0_mean_300.0_v3" "tx2bce0571bb8c42d6b8d7b-0069bb7045" "proxy-server 101374" 0.0189 "-" 100256 0
Mar 18 23:40:53 np0005651379.novalocal proxy-server[101374]: ::1 ::1 19/Mar/2026/03/40/53 PUT /v1/AUTH_2c0dd7efa1e94d879bc5da8c6f19a646/gnocchi.4cd2d56c-84ed-4938-97a1-4f53e3866272/1773360000.0_mean_300.0_v3 HTTP/1.0 201 - python-swiftclient-4.8.0 gAAAAABpu2_xITFz... 16 - - tx2bce0571bb8c42d6b8d7b-0069bb7045 - 0.0299 - - 1773891653.224139929 1773891653.253995419 0 e61d2c26cb6146fb88642c1126e377de
Mar 18 23:40:53 np0005651379.novalocal container-server[99867]: ::1 - - [19/Mar/2026:03:40:53 +0000] "PUT /1/92231/AUTH_2c0dd7efa1e94d879bc5da8c6f19a646/gnocchi.4cd2d56c-84ed-4938-97a1-4f53e3866272/none_v3" 201 - "PUT http://[::1]:8080/1/163325/AUTH_2c0dd7efa1e94d879bc5da8c6f19a646/gnocchi.4cd2d56c-84ed-4938-97a1-4f53e3866272/none_v3" "txcd63ee077e2441f99158f-0069bb7045" "object-server 100256" 0.0009 "-" 99867 0
Mar 18 23:40:53 np0005651379.novalocal object-server[100256]: ::1 - - [19/Mar/2026:03:40:53 +0000] "PUT /1/163325/AUTH_2c0dd7efa1e94d879bc5da8c6f19a646/gnocchi.4cd2d56c-84ed-4938-97a1-4f53e3866272/none_v3" 201 - "PUT https://[::1]:8080/v1/AUTH_2c0dd7efa1e94d879bc5da8c6f19a646/gnocchi.4cd2d56c-84ed-4938-97a1-4f53e3866272/none_v3" "txcd63ee077e2441f99158f-0069bb7045" "proxy-server 101374" 0.0132 "-" 100256 0
Mar 18 23:40:53 np0005651379.novalocal container-server[99867]: ::1 - - [19/Mar/2026:03:40:53 +0000] "PUT /2/92231/AUTH_2c0dd7efa1e94d879bc5da8c6f19a646/gnocchi.4cd2d56c-84ed-4938-97a1-4f53e3866272/none_v3" 201 - "PUT http://[::1]:8080/3/163325/AUTH_2c0dd7efa1e94d879bc5da8c6f19a646/gnocchi.4cd2d56c-84ed-4938-97a1-4f53e3866272/none_v3" "txcd63ee077e2441f99158f-0069bb7045" "object-server 100257" 0.0005 "-" 99867 0
Mar 18 23:40:53 np0005651379.novalocal object-server[100257]: ::1 - - [19/Mar/2026:03:40:53 +0000] "PUT /3/163325/AUTH_2c0dd7efa1e94d879bc5da8c6f19a646/gnocchi.4cd2d56c-84ed-4938-97a1-4f53e3866272/none_v3" 201 - "PUT https://[::1]:8080/v1/AUTH_2c0dd7efa1e94d879bc5da8c6f19a646/gnocchi.4cd2d56c-84ed-4938-97a1-4f53e3866272/none_v3" "txcd63ee077e2441f99158f-0069bb7045" "proxy-server 101374" 0.0151 "-" 100257 0
Mar 18 23:40:53 np0005651379.novalocal container-server[99868]: ::1 - - [19/Mar/2026:03:40:53 +0000] "PUT /3/92231/AUTH_2c0dd7efa1e94d879bc5da8c6f19a646/gnocchi.4cd2d56c-84ed-4938-97a1-4f53e3866272/none_v3" 201 - "PUT http://[::1]:8080/2/163325/AUTH_2c0dd7efa1e94d879bc5da8c6f19a646/gnocchi.4cd2d56c-84ed-4938-97a1-4f53e3866272/none_v3" "txcd63ee077e2441f99158f-0069bb7045" "object-server 100257" 0.0008 "-" 99868 0
Mar 18 23:40:53 np0005651379.novalocal object-server[100257]: ::1 - - [19/Mar/2026:03:40:53 +0000] "PUT /2/163325/AUTH_2c0dd7efa1e94d879bc5da8c6f19a646/gnocchi.4cd2d56c-84ed-4938-97a1-4f53e3866272/none_v3" 201 - "PUT https://[::1]:8080/v1/AUTH_2c0dd7efa1e94d879bc5da8c6f19a646/gnocchi.4cd2d56c-84ed-4938-97a1-4f53e3866272/none_v3" "txcd63ee077e2441f99158f-0069bb7045" "proxy-server 101374" 0.0185 "-" 100257 0
Mar 18 23:40:53 np0005651379.novalocal proxy-server[101374]: ::1 ::1 19/Mar/2026/03/40/53 PUT /v1/AUTH_2c0dd7efa1e94d879bc5da8c6f19a646/gnocchi.4cd2d56c-84ed-4938-97a1-4f53e3866272/none_v3 HTTP/1.0 201 - python-swiftclient-4.8.0 gAAAAABpu2_xITFz... 51 - - txcd63ee077e2441f99158f-0069bb7045 - 0.0314 - - 1773891653.258031130 1773891653.289414167 0 e61d2c26cb6146fb88642c1126e377de
Mar 18 23:40:55 np0005651379.novalocal NetworkManager[869]: [1773891655.2623] manager: (qbrbdf1a5ac-51): new Bridge device (/org/freedesktop/NetworkManager/Devices/39)
Mar 18 23:40:55 np0005651379.novalocal NetworkManager[869]: [1773891655.2666] manager: (qvobdf1a5ac-51): new Veth device (/org/freedesktop/NetworkManager/Devices/40)
Mar 18 23:40:55 np0005651379.novalocal NetworkManager[869]: [1773891655.2682] manager: (qvbbdf1a5ac-51): new Veth device (/org/freedesktop/NetworkManager/Devices/41)
Mar 18 23:40:55 np0005651379.novalocal NetworkManager[869]: [1773891655.2700] device (qvobdf1a5ac-51): carrier: link connected
Mar 18 23:40:55 np0005651379.novalocal NetworkManager[869]: [1773891655.2709] device (qvbbdf1a5ac-51): carrier: link connected
Mar 18 23:40:55 np0005651379.novalocal kernel: qbrbdf1a5ac-51: port 1(qvbbdf1a5ac-51) entered blocking state
Mar 18 23:40:55 np0005651379.novalocal kernel: qbrbdf1a5ac-51: port 1(qvbbdf1a5ac-51) entered disabled state
Mar 18 23:40:55 np0005651379.novalocal kernel: qvbbdf1a5ac-51: entered allmulticast mode
Mar 18 23:40:55 np0005651379.novalocal kernel: qvbbdf1a5ac-51: entered promiscuous mode
Mar 18 23:40:55 np0005651379.novalocal kernel: qbrbdf1a5ac-51: port 1(qvbbdf1a5ac-51) entered blocking state
Mar 18 23:40:55 np0005651379.novalocal kernel: qbrbdf1a5ac-51: port 1(qvbbdf1a5ac-51) entered forwarding state
Mar 18 23:40:55 np0005651379.novalocal NetworkManager[869]: [1773891655.2750] device (qbrbdf1a5ac-51): carrier: link connected
Mar 18 23:40:55 np0005651379.novalocal kernel: qvobdf1a5ac-51: entered promiscuous mode
Mar 18 23:40:55 np0005651379.novalocal systemd-udevd[109222]: Network interface NamePolicy= disabled on kernel command line.
Mar 18 23:40:55 np0005651379.novalocal systemd-udevd[109223]: Network interface NamePolicy= disabled on kernel command line.
Mar 18 23:40:55 np0005651379.novalocal systemd-udevd[109221]: Network interface NamePolicy= disabled on kernel command line.
Mar 18 23:40:55 np0005651379.novalocal NetworkManager[869]: [1773891655.3337] device (qbrbdf1a5ac-51): state change: unmanaged -> unavailable (reason 'connection-assumed', managed-type: 'external')
Mar 18 23:40:55 np0005651379.novalocal NetworkManager[869]: [1773891655.3344] device (qbrbdf1a5ac-51): state change: unavailable -> disconnected (reason 'connection-assumed', managed-type: 'external')
Mar 18 23:40:55 np0005651379.novalocal NetworkManager[869]: [1773891655.3356] device (qbrbdf1a5ac-51): Activation: starting connection 'qbrbdf1a5ac-51' (f3dedc46-3124-4412-8569-dcb9c4bc030d)
Mar 18 23:40:55 np0005651379.novalocal NetworkManager[869]: [1773891655.3360] device (qbrbdf1a5ac-51): state change: disconnected -> prepare (reason 'none', managed-type: 'external')
Mar 18 23:40:55 np0005651379.novalocal NetworkManager[869]: [1773891655.3363] device (qbrbdf1a5ac-51): state change: prepare -> config (reason 'none', managed-type: 'external')
Mar 18 23:40:55 np0005651379.novalocal NetworkManager[869]: [1773891655.3365] device (qbrbdf1a5ac-51): state change: config -> ip-config (reason 'none', managed-type: 'external')
Mar 18 23:40:55 np0005651379.novalocal NetworkManager[869]: [1773891655.3367] device (qbrbdf1a5ac-51): state change: ip-config -> ip-check (reason 'none', managed-type: 'external')
Mar 18 23:40:55 np0005651379.novalocal systemd[1]: Starting Network Manager Script Dispatcher Service...
Mar 18 23:40:55 np0005651379.novalocal systemd[1]: Started Network Manager Script Dispatcher Service.
Mar 18 23:40:55 np0005651379.novalocal NetworkManager[869]: [1773891655.3700] device (qbrbdf1a5ac-51): state change: ip-check -> secondaries (reason 'none', managed-type: 'external')
Mar 18 23:40:55 np0005651379.novalocal NetworkManager[869]: [1773891655.3704] device (qbrbdf1a5ac-51): state change: secondaries -> activated (reason 'none', managed-type: 'external')
Mar 18 23:40:55 np0005651379.novalocal NetworkManager[869]: [1773891655.3711] device (qbrbdf1a5ac-51): Activation: successful, device activated.
Mar 18 23:40:55 np0005651379.novalocal systemd[1]: iscsi.service: Unit cannot be reloaded because it is inactive.
Mar 18 23:40:56 np0005651379.novalocal kernel: qbrbdf1a5ac-51: port 2(tapbdf1a5ac-51) entered blocking state
Mar 18 23:40:56 np0005651379.novalocal kernel: qbrbdf1a5ac-51: port 2(tapbdf1a5ac-51) entered disabled state
Mar 18 23:40:56 np0005651379.novalocal kernel: tapbdf1a5ac-51: entered allmulticast mode
Mar 18 23:40:56 np0005651379.novalocal kernel: tapbdf1a5ac-51: entered promiscuous mode
Mar 18 23:40:56 np0005651379.novalocal kernel: qbrbdf1a5ac-51: port 2(tapbdf1a5ac-51) entered blocking state
Mar 18 23:40:56 np0005651379.novalocal kernel: qbrbdf1a5ac-51: port 2(tapbdf1a5ac-51) entered forwarding state
Mar 18 23:40:56 np0005651379.novalocal NetworkManager[869]: [1773891656.8729] manager: (tapbdf1a5ac-51): new Tun device (/org/freedesktop/NetworkManager/Devices/42)
Mar 18 23:40:56 np0005651379.novalocal systemd-udevd[109231]: Network interface NamePolicy= disabled on kernel command line.
Mar 18 23:40:56 np0005651379.novalocal virtqemud[102866]: Domain id=4 name='instance-00000004' uuid=6ea3616c-513a-4a36-90b9-cb2ff8eb800a is tainted: deprecated-config (machine type 'pc-i440fx-rhel7.6.0')
Mar 18 23:40:56 np0005651379.novalocal virtqemud[102866]: Domain id=4 name='instance-00000004' uuid=6ea3616c-513a-4a36-90b9-cb2ff8eb800a is tainted: deprecated-config (CPU model 'qemu64')
Mar 18 23:40:56 np0005651379.novalocal NetworkManager[869]: [1773891656.8885] device (tapbdf1a5ac-51): state change: unmanaged -> unavailable (reason 'connection-assumed', managed-type: 'external')
Mar 18 23:40:56 np0005651379.novalocal NetworkManager[869]: [1773891656.8901] device (tapbdf1a5ac-51): state change: unavailable -> disconnected (reason 'connection-assumed', managed-type: 'external')
Mar 18 23:40:56 np0005651379.novalocal NetworkManager[869]: [1773891656.8914] device (tapbdf1a5ac-51): Activation: starting connection 'tapbdf1a5ac-51' (ac5013a7-7438-475e-a710-92287b76fd37)
Mar 18 23:40:56 np0005651379.novalocal NetworkManager[869]: [1773891656.8917] device (tapbdf1a5ac-51): state change: disconnected -> prepare (reason 'none', managed-type: 'external')
Mar 18 23:40:56 np0005651379.novalocal NetworkManager[869]: [1773891656.8922] device (tapbdf1a5ac-51): state change: prepare -> config (reason 'none', managed-type: 'external')
Mar 18 23:40:56 np0005651379.novalocal NetworkManager[869]: [1773891656.8924] device (tapbdf1a5ac-51): state change: config -> ip-config (reason 'none', managed-type: 'external')
Mar 18 23:40:56 np0005651379.novalocal NetworkManager[869]: [1773891656.8926] device (qbrbdf1a5ac-51): bridge port tapbdf1a5ac-51 was attached
Mar 18 23:40:56 np0005651379.novalocal NetworkManager[869]: [1773891656.8926] device (tapbdf1a5ac-51): Activation: connection 'tapbdf1a5ac-51' attached as port, continuing activation
Mar 18 23:40:56 np0005651379.novalocal NetworkManager[869]: [1773891656.8929] device (tapbdf1a5ac-51): state change: ip-config -> ip-check (reason 'none', managed-type: 'external')
Mar 18 23:40:56 np0005651379.novalocal NetworkManager[869]: [1773891656.8951] device (tapbdf1a5ac-51): state change: ip-check -> secondaries (reason 'none', managed-type: 'external')
Mar 18 23:40:56 np0005651379.novalocal NetworkManager[869]: [1773891656.8954] device (tapbdf1a5ac-51): state change: secondaries -> activated (reason 'none', managed-type: 'external')
Mar 18 23:40:56 np0005651379.novalocal NetworkManager[869]: [1773891656.8964] device (tapbdf1a5ac-51): Activation: successful, device activated.
Mar 18 23:40:56 np0005651379.novalocal systemd-machined[96117]: New machine qemu-4-instance-00000004.
Mar 18 23:40:56 np0005651379.novalocal systemd[1]: Started Virtual Machine qemu-4-instance-00000004.
Mar 18 23:40:56 np0005651379.novalocal systemd[1]: iscsi.service: Unit cannot be reloaded because it is inactive.
Mar 18 23:40:58 np0005651379.novalocal kernel: Warning: Deprecated Driver is detected: ip_set will not be maintained in a future major release and may be disabled
Mar 18 23:40:58 np0005651379.novalocal kernel: Warning: Deprecated Driver is detected: ip_set_init will not be maintained in a future major release and may be disabled
Mar 18 23:40:58 np0005651379.novalocal object-auditor[109008]: Object audit (ALL) "forever" mode completed: 12.93s. Total quarantined: 0, Total errors: 0, Total files/sec: 13.93, Total bytes/sec: 9948441.09, Auditing time: 12.89, Rate: 1.00
Mar 18 23:40:59 np0005651379.novalocal container-server[99868]: ::1 - - [19/Mar/2026:03:40:59 +0000] "HEAD /1/229309/AUTH_2c0dd7efa1e94d879bc5da8c6f19a646/gnocchi.990ccc1d-f1d9-4a05-ac0e-4a72ef3c1385" 404 - "HEAD http://[::1]:8080/v1/AUTH_2c0dd7efa1e94d879bc5da8c6f19a646/gnocchi.990ccc1d-f1d9-4a05-ac0e-4a72ef3c1385" "txe98e3a7c42f542dcaf3de-0069bb704b" "proxy-server 101374" 0.0005 "-" 99868 0
Mar 18 23:40:59 np0005651379.novalocal container-server[99867]: ::1 - - [19/Mar/2026:03:40:59 +0000] "HEAD /2/229309/AUTH_2c0dd7efa1e94d879bc5da8c6f19a646/gnocchi.990ccc1d-f1d9-4a05-ac0e-4a72ef3c1385" 404 - "HEAD http://[::1]:8080/v1/AUTH_2c0dd7efa1e94d879bc5da8c6f19a646/gnocchi.990ccc1d-f1d9-4a05-ac0e-4a72ef3c1385" "txe98e3a7c42f542dcaf3de-0069bb704b" "proxy-server 101374" 0.0005 "-" 99867 0
Mar 18 23:40:59 np0005651379.novalocal container-server[99868]: ::1 - - [19/Mar/2026:03:40:59 +0000] "HEAD /3/229309/AUTH_2c0dd7efa1e94d879bc5da8c6f19a646/gnocchi.990ccc1d-f1d9-4a05-ac0e-4a72ef3c1385" 404 - "HEAD http://[::1]:8080/v1/AUTH_2c0dd7efa1e94d879bc5da8c6f19a646/gnocchi.990ccc1d-f1d9-4a05-ac0e-4a72ef3c1385" "txe98e3a7c42f542dcaf3de-0069bb704b" "proxy-server 101374" 0.0003 "-" 99868 0
Mar 18 23:40:59 np0005651379.novalocal proxy-server[101374]: - - 19/Mar/2026/03/40/59 HEAD /v1/AUTH_2c0dd7efa1e94d879bc5da8c6f19a646/gnocchi.990ccc1d-f1d9-4a05-ac0e-4a72ef3c1385 HTTP/1.0 404 - Swift - - - - txe98e3a7c42f542dcaf3de-0069bb704b - 0.0133 CS - 1773891659.599897146 1773891659.613226175 0 -
Mar 18 23:40:59 np0005651379.novalocal object-server[100256]: ::1 - - [19/Mar/2026:03:40:59 +0000] "GET /1/233932/AUTH_2c0dd7efa1e94d879bc5da8c6f19a646/gnocchi.990ccc1d-f1d9-4a05-ac0e-4a72ef3c1385/none_v3" 404 70 "GET https://[::1]:8080/v1/AUTH_2c0dd7efa1e94d879bc5da8c6f19a646/gnocchi.990ccc1d-f1d9-4a05-ac0e-4a72ef3c1385/none_v3" "txe98e3a7c42f542dcaf3de-0069bb704b" "proxy-server 101374" 0.0006 "-" 100256 0
Mar 18 23:40:59 np0005651379.novalocal object-server[100257]: ::1 - - [19/Mar/2026:03:40:59 +0000] "GET /3/233932/AUTH_2c0dd7efa1e94d879bc5da8c6f19a646/gnocchi.990ccc1d-f1d9-4a05-ac0e-4a72ef3c1385/none_v3" 404 70 "GET https://[::1]:8080/v1/AUTH_2c0dd7efa1e94d879bc5da8c6f19a646/gnocchi.990ccc1d-f1d9-4a05-ac0e-4a72ef3c1385/none_v3" "txe98e3a7c42f542dcaf3de-0069bb704b" "proxy-server 101374" 0.0007 "-" 100257 0
Mar 18 23:40:59 np0005651379.novalocal object-server[100257]: ::1 - - [19/Mar/2026:03:40:59 +0000] "GET /2/233932/AUTH_2c0dd7efa1e94d879bc5da8c6f19a646/gnocchi.990ccc1d-f1d9-4a05-ac0e-4a72ef3c1385/none_v3" 404 70 "GET https://[::1]:8080/v1/AUTH_2c0dd7efa1e94d879bc5da8c6f19a646/gnocchi.990ccc1d-f1d9-4a05-ac0e-4a72ef3c1385/none_v3" "txe98e3a7c42f542dcaf3de-0069bb704b" "proxy-server 101374" 0.0005 "-" 100257 0
Mar 18 23:40:59 np0005651379.novalocal proxy-server[101374]: ::1 ::1 19/Mar/2026/03/40/59 GET /v1/AUTH_2c0dd7efa1e94d879bc5da8c6f19a646/gnocchi.990ccc1d-f1d9-4a05-ac0e-4a72ef3c1385/none_v3 HTTP/1.0 404 - python-swiftclient-4.8.0 gAAAAABpu2_uqf-H... - 70 - txe98e3a7c42f542dcaf3de-0069bb704b - 0.0342 - - 1773891659.599095345 1773891659.633327961 0 e61d2c26cb6146fb88642c1126e377de
Mar 18 23:40:59 np0005651379.novalocal account-server[99474]: ::1 - - [19/Mar/2026:03:40:59 +0000] "PUT /1/184762/AUTH_2c0dd7efa1e94d879bc5da8c6f19a646/gnocchi.990ccc1d-f1d9-4a05-ac0e-4a72ef3c1385" 201 - "PUT http://[::1]:6001/2/229309/AUTH_2c0dd7efa1e94d879bc5da8c6f19a646/gnocchi.990ccc1d-f1d9-4a05-ac0e-4a72ef3c1385" "tx142e7ff2e4f9497f8d3a1-0069bb704b" "container-server 99867" 0.0055 "-" 99474 0
Mar 18 23:40:59 np0005651379.novalocal container-server[99867]: ::1 - - [19/Mar/2026:03:40:59 +0000] "PUT /2/229309/AUTH_2c0dd7efa1e94d879bc5da8c6f19a646/gnocchi.990ccc1d-f1d9-4a05-ac0e-4a72ef3c1385" 201 - "PUT https://[::1]:8080/v1/AUTH_2c0dd7efa1e94d879bc5da8c6f19a646/gnocchi.990ccc1d-f1d9-4a05-ac0e-4a72ef3c1385" "tx142e7ff2e4f9497f8d3a1-0069bb704b" "proxy-server 101374" 0.0284 "-" 99867 0
Mar 18 23:40:59 np0005651379.novalocal account-server[99475]: ::1 - - [19/Mar/2026:03:40:59 +0000] "PUT /2/184762/AUTH_2c0dd7efa1e94d879bc5da8c6f19a646/gnocchi.990ccc1d-f1d9-4a05-ac0e-4a72ef3c1385" 201 - "PUT http://[::1]:6001/1/229309/AUTH_2c0dd7efa1e94d879bc5da8c6f19a646/gnocchi.990ccc1d-f1d9-4a05-ac0e-4a72ef3c1385" "tx142e7ff2e4f9497f8d3a1-0069bb704b" "container-server 99868" 0.0046 "-" 99475 0
Mar 18 23:40:59 np0005651379.novalocal container-server[99868]: ::1 - - [19/Mar/2026:03:40:59 +0000] "PUT /1/229309/AUTH_2c0dd7efa1e94d879bc5da8c6f19a646/gnocchi.990ccc1d-f1d9-4a05-ac0e-4a72ef3c1385" 201 - "PUT https://[::1]:8080/v1/AUTH_2c0dd7efa1e94d879bc5da8c6f19a646/gnocchi.990ccc1d-f1d9-4a05-ac0e-4a72ef3c1385" "tx142e7ff2e4f9497f8d3a1-0069bb704b" "proxy-server 101374" 0.0304 "-" 99868 0
Mar 18 23:40:59 np0005651379.novalocal account-server[99474]: ::1 - - [19/Mar/2026:03:40:59 +0000] "PUT /3/184762/AUTH_2c0dd7efa1e94d879bc5da8c6f19a646/gnocchi.990ccc1d-f1d9-4a05-ac0e-4a72ef3c1385" 201 - "PUT http://[::1]:6001/3/229309/AUTH_2c0dd7efa1e94d879bc5da8c6f19a646/gnocchi.990ccc1d-f1d9-4a05-ac0e-4a72ef3c1385" "tx142e7ff2e4f9497f8d3a1-0069bb704b" "container-server 99868" 0.0054 "-" 99474 0
Mar 18 23:40:59 np0005651379.novalocal container-server[99868]: ::1 - - [19/Mar/2026:03:40:59 +0000] "PUT /3/229309/AUTH_2c0dd7efa1e94d879bc5da8c6f19a646/gnocchi.990ccc1d-f1d9-4a05-ac0e-4a72ef3c1385" 201 - "PUT https://[::1]:8080/v1/AUTH_2c0dd7efa1e94d879bc5da8c6f19a646/gnocchi.990ccc1d-f1d9-4a05-ac0e-4a72ef3c1385" "tx142e7ff2e4f9497f8d3a1-0069bb704b" "proxy-server 101374" 0.0246 "-" 99868 0
Mar 18 23:40:59 np0005651379.novalocal proxy-server[101374]: ::1 ::1 19/Mar/2026/03/40/59 PUT /v1/AUTH_2c0dd7efa1e94d879bc5da8c6f19a646/gnocchi.990ccc1d-f1d9-4a05-ac0e-4a72ef3c1385 HTTP/1.0 201 - python-swiftclient-4.8.0 gAAAAABpu2_uqf-H... - - - tx142e7ff2e4f9497f8d3a1-0069bb704b - 0.0598 - - 1773891659.637078762 1773891659.696924210 0 e61d2c26cb6146fb88642c1126e377de
Mar 18 23:40:59 np0005651379.novalocal container-server[99867]: ::1 - - [19/Mar/2026:03:40:59 +0000] "HEAD /2/229309/AUTH_2c0dd7efa1e94d879bc5da8c6f19a646/gnocchi.990ccc1d-f1d9-4a05-ac0e-4a72ef3c1385" 204 - "HEAD http://[::1]:8080/v1/AUTH_2c0dd7efa1e94d879bc5da8c6f19a646/gnocchi.990ccc1d-f1d9-4a05-ac0e-4a72ef3c1385" "tx364b21484a254778bcd0e-0069bb704b" "proxy-server 101374" 0.0025 "-" 99867 0
Mar 18 23:40:59 np0005651379.novalocal proxy-server[101374]: - - 19/Mar/2026/03/40/59 HEAD /v1/AUTH_2c0dd7efa1e94d879bc5da8c6f19a646/gnocchi.990ccc1d-f1d9-4a05-ac0e-4a72ef3c1385 HTTP/1.0 204 - Swift - - - - tx364b21484a254778bcd0e-0069bb704b - 0.0095 CS - 1773891659.705687046 1773891659.715146780 0 -
Mar 18 23:40:59 np0005651379.novalocal container-server[99868]: ::1 - - [19/Mar/2026:03:40:59 +0000] "GET /3/229309/AUTH_2c0dd7efa1e94d879bc5da8c6f19a646/gnocchi.990ccc1d-f1d9-4a05-ac0e-4a72ef3c1385" 200 2 "GET https://[::1]:8080/v1/AUTH_2c0dd7efa1e94d879bc5da8c6f19a646/gnocchi.990ccc1d-f1d9-4a05-ac0e-4a72ef3c1385?format=json&states=listing" "tx364b21484a254778bcd0e-0069bb704b" "proxy-server 101374" 0.0040 "-" 99868 0
Mar 18 23:40:59 np0005651379.novalocal proxy-server[101374]: ::1 ::1 19/Mar/2026/03/40/59 GET /v1/AUTH_2c0dd7efa1e94d879bc5da8c6f19a646/gnocchi.990ccc1d-f1d9-4a05-ac0e-4a72ef3c1385%3Fformat%3Djson%26states%3Dlisting HTTP/1.0 200 - python-swiftclient-4.8.0 gAAAAABpu2_uqf-H... - 2 - tx364b21484a254778bcd0e-0069bb704b - 0.0269 - - 1773891659.704524517 1773891659.731382370 0 e61d2c26cb6146fb88642c1126e377de
Mar 18 23:40:59 np0005651379.novalocal object-server[100256]: ::1 - - [19/Mar/2026:03:40:59 +0000] "GET /3/210749/AUTH_2c0dd7efa1e94d879bc5da8c6f19a646/gnocchi.990ccc1d-f1d9-4a05-ac0e-4a72ef3c1385/1773360000.0_mean_300.0_v3" 404 70 "GET https://[::1]:8080/v1/AUTH_2c0dd7efa1e94d879bc5da8c6f19a646/gnocchi.990ccc1d-f1d9-4a05-ac0e-4a72ef3c1385/1773360000.0_mean_300.0_v3" "txa4e88173524341a2bbe37-0069bb704b" "proxy-server 101374" 0.0005 "-" 100256 0
Mar 18 23:40:59 np0005651379.novalocal object-server[100257]: ::1 - - [19/Mar/2026:03:40:59 +0000] "GET /1/210749/AUTH_2c0dd7efa1e94d879bc5da8c6f19a646/gnocchi.990ccc1d-f1d9-4a05-ac0e-4a72ef3c1385/1773360000.0_mean_300.0_v3" 404 70 "GET https://[::1]:8080/v1/AUTH_2c0dd7efa1e94d879bc5da8c6f19a646/gnocchi.990ccc1d-f1d9-4a05-ac0e-4a72ef3c1385/1773360000.0_mean_300.0_v3" "txa4e88173524341a2bbe37-0069bb704b" "proxy-server 101374" 0.0003 "-" 100257 0
Mar 18 23:40:59 np0005651379.novalocal object-server[100257]: ::1 - - [19/Mar/2026:03:40:59 +0000] "GET /2/210749/AUTH_2c0dd7efa1e94d879bc5da8c6f19a646/gnocchi.990ccc1d-f1d9-4a05-ac0e-4a72ef3c1385/1773360000.0_mean_300.0_v3" 404 70 "GET https://[::1]:8080/v1/AUTH_2c0dd7efa1e94d879bc5da8c6f19a646/gnocchi.990ccc1d-f1d9-4a05-ac0e-4a72ef3c1385/1773360000.0_mean_300.0_v3" "txa4e88173524341a2bbe37-0069bb704b" "proxy-server 101374" 0.0003 "-" 100257 0
Mar 18 23:40:59 np0005651379.novalocal proxy-server[101374]: ::1 ::1 19/Mar/2026/03/40/59 GET /v1/AUTH_2c0dd7efa1e94d879bc5da8c6f19a646/gnocchi.990ccc1d-f1d9-4a05-ac0e-4a72ef3c1385/1773360000.0_mean_300.0_v3 HTTP/1.0 404 - python-swiftclient-4.8.0 gAAAAABpu2_uqf-H... - 70 - txa4e88173524341a2bbe37-0069bb704b - 0.0185 - - 1773891659.737909555 1773891659.756377697 0 e61d2c26cb6146fb88642c1126e377de
Mar 18 23:40:59 np0005651379.novalocal container-server[99868]: ::1 - - [19/Mar/2026:03:40:59 +0000] "PUT /1/229309/AUTH_2c0dd7efa1e94d879bc5da8c6f19a646/gnocchi.990ccc1d-f1d9-4a05-ac0e-4a72ef3c1385/1773360000.0_mean_300.0_v3" 201 - "PUT http://[::1]:8080/1/210749/AUTH_2c0dd7efa1e94d879bc5da8c6f19a646/gnocchi.990ccc1d-f1d9-4a05-ac0e-4a72ef3c1385/1773360000.0_mean_300.0_v3" "tx9b4cbf6a586d4e35af404-0069bb704b" "object-server 100257" 0.0009 "-" 99868 0
Mar 18 23:40:59 np0005651379.novalocal object-server[100257]: ::1 - - [19/Mar/2026:03:40:59 +0000] "PUT /1/210749/AUTH_2c0dd7efa1e94d879bc5da8c6f19a646/gnocchi.990ccc1d-f1d9-4a05-ac0e-4a72ef3c1385/1773360000.0_mean_300.0_v3" 201 - "PUT https://[::1]:8080/v1/AUTH_2c0dd7efa1e94d879bc5da8c6f19a646/gnocchi.990ccc1d-f1d9-4a05-ac0e-4a72ef3c1385/1773360000.0_mean_300.0_v3" "tx9b4cbf6a586d4e35af404-0069bb704b" "proxy-server 101374" 0.0143 "-" 100257 0
Mar 18 23:40:59 np0005651379.novalocal container-server[99867]: ::1 - - [19/Mar/2026:03:40:59 +0000] "PUT /2/229309/AUTH_2c0dd7efa1e94d879bc5da8c6f19a646/gnocchi.990ccc1d-f1d9-4a05-ac0e-4a72ef3c1385/1773360000.0_mean_300.0_v3" 201 - "PUT http://[::1]:8080/3/210749/AUTH_2c0dd7efa1e94d879bc5da8c6f19a646/gnocchi.990ccc1d-f1d9-4a05-ac0e-4a72ef3c1385/1773360000.0_mean_300.0_v3" "tx9b4cbf6a586d4e35af404-0069bb704b" "object-server 100257" 0.0010 "-" 99867 0
Mar 18 23:40:59 np0005651379.novalocal container-server[99868]: ::1 - - [19/Mar/2026:03:40:59 +0000] "PUT /3/229309/AUTH_2c0dd7efa1e94d879bc5da8c6f19a646/gnocchi.990ccc1d-f1d9-4a05-ac0e-4a72ef3c1385/1773360000.0_mean_300.0_v3" 201 - "PUT http://[::1]:8080/2/210749/AUTH_2c0dd7efa1e94d879bc5da8c6f19a646/gnocchi.990ccc1d-f1d9-4a05-ac0e-4a72ef3c1385/1773360000.0_mean_300.0_v3" "tx9b4cbf6a586d4e35af404-0069bb704b" "object-server 100257" 0.0009 "-" 99868 0
Mar 18 23:40:59 np0005651379.novalocal object-server[100257]: ::1 - - [19/Mar/2026:03:40:59 +0000] "PUT /3/210749/AUTH_2c0dd7efa1e94d879bc5da8c6f19a646/gnocchi.990ccc1d-f1d9-4a05-ac0e-4a72ef3c1385/1773360000.0_mean_300.0_v3" 201 - "PUT https://[::1]:8080/v1/AUTH_2c0dd7efa1e94d879bc5da8c6f19a646/gnocchi.990ccc1d-f1d9-4a05-ac0e-4a72ef3c1385/1773360000.0_mean_300.0_v3" "tx9b4cbf6a586d4e35af404-0069bb704b" "proxy-server 101374" 0.0150 "-" 100257 0
Mar 18 23:40:59 np0005651379.novalocal object-server[100257]: ::1 - - [19/Mar/2026:03:40:59 +0000] "PUT /2/210749/AUTH_2c0dd7efa1e94d879bc5da8c6f19a646/gnocchi.990ccc1d-f1d9-4a05-ac0e-4a72ef3c1385/1773360000.0_mean_300.0_v3" 201 - "PUT https://[::1]:8080/v1/AUTH_2c0dd7efa1e94d879bc5da8c6f19a646/gnocchi.990ccc1d-f1d9-4a05-ac0e-4a72ef3c1385/1773360000.0_mean_300.0_v3" "tx9b4cbf6a586d4e35af404-0069bb704b" "proxy-server 101374" 0.0145 "-" 100257 0
Mar 18 23:40:59 np0005651379.novalocal proxy-server[101374]: ::1 ::1 19/Mar/2026/03/40/59 PUT /v1/AUTH_2c0dd7efa1e94d879bc5da8c6f19a646/gnocchi.990ccc1d-f1d9-4a05-ac0e-4a72ef3c1385/1773360000.0_mean_300.0_v3 HTTP/1.0 201 - python-swiftclient-4.8.0 gAAAAABpu2_uqf-H... 16 - - tx9b4cbf6a586d4e35af404-0069bb704b - 0.0275 - - 1773891659.761265039 1773891659.788778067 0 e61d2c26cb6146fb88642c1126e377de
Mar 18 23:40:59 np0005651379.novalocal container-server[99868]: ::1 - - [19/Mar/2026:03:40:59 +0000] "PUT /2/229309/AUTH_2c0dd7efa1e94d879bc5da8c6f19a646/gnocchi.990ccc1d-f1d9-4a05-ac0e-4a72ef3c1385/none_v3" 201 - "PUT http://[::1]:8080/1/233932/AUTH_2c0dd7efa1e94d879bc5da8c6f19a646/gnocchi.990ccc1d-f1d9-4a05-ac0e-4a72ef3c1385/none_v3" "tx796e924a6e7f48b1b197e-0069bb704b" "object-server 100257" 0.0006 "-" 99868 0
Mar 18 23:40:59 np0005651379.novalocal object-server[100257]: ::1 - - [19/Mar/2026:03:40:59 +0000] "PUT /1/233932/AUTH_2c0dd7efa1e94d879bc5da8c6f19a646/gnocchi.990ccc1d-f1d9-4a05-ac0e-4a72ef3c1385/none_v3" 201 - "PUT https://[::1]:8080/v1/AUTH_2c0dd7efa1e94d879bc5da8c6f19a646/gnocchi.990ccc1d-f1d9-4a05-ac0e-4a72ef3c1385/none_v3" "tx796e924a6e7f48b1b197e-0069bb704b" "proxy-server 101374" 0.0113 "-" 100257 0
Mar 18 23:40:59 np0005651379.novalocal container-server[99867]: ::1 - - [19/Mar/2026:03:40:59 +0000] "PUT /3/229309/AUTH_2c0dd7efa1e94d879bc5da8c6f19a646/gnocchi.990ccc1d-f1d9-4a05-ac0e-4a72ef3c1385/none_v3" 201 - "PUT http://[::1]:8080/2/233932/AUTH_2c0dd7efa1e94d879bc5da8c6f19a646/gnocchi.990ccc1d-f1d9-4a05-ac0e-4a72ef3c1385/none_v3" "tx796e924a6e7f48b1b197e-0069bb704b" "object-server 100256" 0.0006 "-" 99867 0
Mar 18 23:40:59 np0005651379.novalocal container-server[99868]: ::1 - - [19/Mar/2026:03:40:59 +0000] "PUT /1/229309/AUTH_2c0dd7efa1e94d879bc5da8c6f19a646/gnocchi.990ccc1d-f1d9-4a05-ac0e-4a72ef3c1385/none_v3" 201 - "PUT http://[::1]:8080/3/233932/AUTH_2c0dd7efa1e94d879bc5da8c6f19a646/gnocchi.990ccc1d-f1d9-4a05-ac0e-4a72ef3c1385/none_v3" "tx796e924a6e7f48b1b197e-0069bb704b" "object-server 100256" 0.0005 "-" 99868 0
Mar 18 23:40:59 np0005651379.novalocal object-server[100256]: ::1 - - [19/Mar/2026:03:40:59 +0000] "PUT /2/233932/AUTH_2c0dd7efa1e94d879bc5da8c6f19a646/gnocchi.990ccc1d-f1d9-4a05-ac0e-4a72ef3c1385/none_v3" 201 - "PUT https://[::1]:8080/v1/AUTH_2c0dd7efa1e94d879bc5da8c6f19a646/gnocchi.990ccc1d-f1d9-4a05-ac0e-4a72ef3c1385/none_v3" "tx796e924a6e7f48b1b197e-0069bb704b" "proxy-server 101374" 0.0125 "-" 100256 0
Mar 18 23:40:59 np0005651379.novalocal object-server[100256]: ::1 - - [19/Mar/2026:03:40:59 +0000] "PUT /3/233932/AUTH_2c0dd7efa1e94d879bc5da8c6f19a646/gnocchi.990ccc1d-f1d9-4a05-ac0e-4a72ef3c1385/none_v3" 201 - "PUT https://[::1]:8080/v1/AUTH_2c0dd7efa1e94d879bc5da8c6f19a646/gnocchi.990ccc1d-f1d9-4a05-ac0e-4a72ef3c1385/none_v3" "tx796e924a6e7f48b1b197e-0069bb704b" "proxy-server 101374" 0.0164 "-" 100256 0
Mar 18 23:40:59 np0005651379.novalocal proxy-server[101374]: ::1 ::1 19/Mar/2026/03/40/59 PUT /v1/AUTH_2c0dd7efa1e94d879bc5da8c6f19a646/gnocchi.990ccc1d-f1d9-4a05-ac0e-4a72ef3c1385/none_v3 HTTP/1.0 201 - python-swiftclient-4.8.0 gAAAAABpu2_uqf-H... 22 - - tx796e924a6e7f48b1b197e-0069bb704b - 0.0286 - - 1773891659.794761658 1773891659.823395729 0 e61d2c26cb6146fb88642c1126e377de
Mar 18 23:40:59 np0005651379.novalocal container-server[99868]: ::1 - - [19/Mar/2026:03:40:59 +0000] "HEAD /2/48336/AUTH_2c0dd7efa1e94d879bc5da8c6f19a646/gnocchi.4312fbfa-3cdd-4bdb-87d1-3d4591fd7d8e" 204 - "HEAD http://[::1]:8080/v1/AUTH_2c0dd7efa1e94d879bc5da8c6f19a646/gnocchi.4312fbfa-3cdd-4bdb-87d1-3d4591fd7d8e" "tx2e08980e8e994f1ca749a-0069bb704b" "proxy-server 101374" 0.0021 "-" 99868 0
Mar 18 23:40:59 np0005651379.novalocal proxy-server[101374]: - - 19/Mar/2026/03/40/59 HEAD /v1/AUTH_2c0dd7efa1e94d879bc5da8c6f19a646/gnocchi.4312fbfa-3cdd-4bdb-87d1-3d4591fd7d8e HTTP/1.0 204 - Swift - - - - tx2e08980e8e994f1ca749a-0069bb704b - 0.0070 CS - 1773891659.845287085 1773891659.852267981 0 -
Mar 18 23:40:59 np0005651379.novalocal object-server[100256]: ::1 - - [19/Mar/2026:03:40:59 +0000] "GET /3/12805/AUTH_2c0dd7efa1e94d879bc5da8c6f19a646/gnocchi.4312fbfa-3cdd-4bdb-87d1-3d4591fd7d8e/none_v3" 200 22 "GET https://[::1]:8080/v1/AUTH_2c0dd7efa1e94d879bc5da8c6f19a646/gnocchi.4312fbfa-3cdd-4bdb-87d1-3d4591fd7d8e/none_v3" "tx2e08980e8e994f1ca749a-0069bb704b" "proxy-server 101374" 0.0010 "-" 100256 0
Mar 18 23:40:59 np0005651379.novalocal proxy-server[101374]: ::1 ::1 19/Mar/2026/03/40/59 GET /v1/AUTH_2c0dd7efa1e94d879bc5da8c6f19a646/gnocchi.4312fbfa-3cdd-4bdb-87d1-3d4591fd7d8e/none_v3 HTTP/1.0 200 - python-swiftclient-4.8.0 gAAAAABpu2_uqf-H... - 22 - tx2e08980e8e994f1ca749a-0069bb704b - 0.0178 - - 1773891659.844484806 1773891659.862256527 0 e61d2c26cb6146fb88642c1126e377de
Mar 18 23:40:59 np0005651379.novalocal container-server[99867]: ::1 - - [19/Mar/2026:03:40:59 +0000] "GET /2/48336/AUTH_2c0dd7efa1e94d879bc5da8c6f19a646/gnocchi.4312fbfa-3cdd-4bdb-87d1-3d4591fd7d8e" 200 357 "GET https://[::1]:8080/v1/AUTH_2c0dd7efa1e94d879bc5da8c6f19a646/gnocchi.4312fbfa-3cdd-4bdb-87d1-3d4591fd7d8e?format=json&states=listing" "txa959c09ac22e445b85602-0069bb704b" "proxy-server 101374" 0.0034 "-" 99867 0
Mar 18 23:40:59 np0005651379.novalocal proxy-server[101374]: ::1 ::1 19/Mar/2026/03/40/59 GET /v1/AUTH_2c0dd7efa1e94d879bc5da8c6f19a646/gnocchi.4312fbfa-3cdd-4bdb-87d1-3d4591fd7d8e%3Fformat%3Djson%26states%3Dlisting HTTP/1.0 200 - python-swiftclient-4.8.0 gAAAAABpu2_uqf-H... - 357 - txa959c09ac22e445b85602-0069bb704b - 0.0126 - - 1773891659.867501259 1773891659.880113363 0 e61d2c26cb6146fb88642c1126e377de
Mar 18 23:40:59 np0005651379.novalocal container-server[99868]: ::1 - - [19/Mar/2026:03:40:59 +0000] "GET /1/48336/AUTH_2c0dd7efa1e94d879bc5da8c6f19a646/gnocchi.4312fbfa-3cdd-4bdb-87d1-3d4591fd7d8e" 200 2 "GET https://[::1]:8080/v1/AUTH_2c0dd7efa1e94d879bc5da8c6f19a646/gnocchi.4312fbfa-3cdd-4bdb-87d1-3d4591fd7d8e?format=json&marker=none_v3&states=listing" "txff4f22e0cf604d24bc4b4-0069bb704b" "proxy-server 101374" 0.0035 "-" 99868 0
Mar 18 23:40:59 np0005651379.novalocal proxy-server[101374]: ::1 ::1 19/Mar/2026/03/40/59 GET /v1/AUTH_2c0dd7efa1e94d879bc5da8c6f19a646/gnocchi.4312fbfa-3cdd-4bdb-87d1-3d4591fd7d8e%3Fformat%3Djson%26marker%3Dnone_v3%26states%3Dlisting HTTP/1.0 200 - python-swiftclient-4.8.0 gAAAAABpu2_uqf-H... - 2 - txff4f22e0cf604d24bc4b4-0069bb704b - 0.0125 - - 1773891659.883288860 1773891659.895748615 0 e61d2c26cb6146fb88642c1126e377de
Mar 18 23:40:59 np0005651379.novalocal object-server[100257]: ::1 - - [19/Mar/2026:03:40:59 +0000] "GET /1/83347/AUTH_2c0dd7efa1e94d879bc5da8c6f19a646/gnocchi.4312fbfa-3cdd-4bdb-87d1-3d4591fd7d8e/1773360000.0_mean_300.0_v3" 200 16 "GET https://[::1]:8080/v1/AUTH_2c0dd7efa1e94d879bc5da8c6f19a646/gnocchi.4312fbfa-3cdd-4bdb-87d1-3d4591fd7d8e/1773360000.0_mean_300.0_v3" "txcbc8d0ac948244d0b4151-0069bb704b" "proxy-server 101374" 0.0007 "-" 100257 0
Mar 18 23:40:59 np0005651379.novalocal proxy-server[101374]: ::1 ::1 19/Mar/2026/03/40/59 GET /v1/AUTH_2c0dd7efa1e94d879bc5da8c6f19a646/gnocchi.4312fbfa-3cdd-4bdb-87d1-3d4591fd7d8e/1773360000.0_mean_300.0_v3 HTTP/1.0 200 - python-swiftclient-4.8.0 gAAAAABpu2_uqf-H... - 16 - txcbc8d0ac948244d0b4151-0069bb704b - 0.0085 - - 1773891659.900125027 1773891659.908586502 0 e61d2c26cb6146fb88642c1126e377de
Mar 18 23:40:59 np0005651379.novalocal object-server[100257]: ::1 - - [19/Mar/2026:03:40:59 +0000] "GET /2/178062/AUTH_2c0dd7efa1e94d879bc5da8c6f19a646/gnocchi.4312fbfa-3cdd-4bdb-87d1-3d4591fd7d8e/1773360000.0_rate%3Amean_300.0_v3" 404 70 "GET https://[::1]:8080/v1/AUTH_2c0dd7efa1e94d879bc5da8c6f19a646/gnocchi.4312fbfa-3cdd-4bdb-87d1-3d4591fd7d8e/1773360000.0_rate%3Amean_300.0_v3" "txeadf9db247cb432b989d2-0069bb704b" "proxy-server 101374" 0.0002 "-" 100257 0
Mar 18 23:40:59 np0005651379.novalocal object-server[100257]: ::1 - - [19/Mar/2026:03:40:59 +0000] "GET /3/178062/AUTH_2c0dd7efa1e94d879bc5da8c6f19a646/gnocchi.4312fbfa-3cdd-4bdb-87d1-3d4591fd7d8e/1773360000.0_rate%3Amean_300.0_v3" 404 70 "GET https://[::1]:8080/v1/AUTH_2c0dd7efa1e94d879bc5da8c6f19a646/gnocchi.4312fbfa-3cdd-4bdb-87d1-3d4591fd7d8e/1773360000.0_rate%3Amean_300.0_v3" "txeadf9db247cb432b989d2-0069bb704b" "proxy-server 101374" 0.0002 "-" 100257 0
Mar 18 23:40:59 np0005651379.novalocal object-server[100256]: ::1 - - [19/Mar/2026:03:40:59 +0000] "GET /1/178062/AUTH_2c0dd7efa1e94d879bc5da8c6f19a646/gnocchi.4312fbfa-3cdd-4bdb-87d1-3d4591fd7d8e/1773360000.0_rate%3Amean_300.0_v3" 404 70 "GET https://[::1]:8080/v1/AUTH_2c0dd7efa1e94d879bc5da8c6f19a646/gnocchi.4312fbfa-3cdd-4bdb-87d1-3d4591fd7d8e/1773360000.0_rate%3Amean_300.0_v3" "txeadf9db247cb432b989d2-0069bb704b" "proxy-server 101374" 0.0004 "-" 100256 0
Mar 18 23:40:59 np0005651379.novalocal proxy-server[101374]: ::1 ::1 19/Mar/2026/03/40/59 GET /v1/AUTH_2c0dd7efa1e94d879bc5da8c6f19a646/gnocchi.4312fbfa-3cdd-4bdb-87d1-3d4591fd7d8e/1773360000.0_rate%253Amean_300.0_v3 HTTP/1.0 404 - python-swiftclient-4.8.0 gAAAAABpu2_uqf-H... - 70 - txeadf9db247cb432b989d2-0069bb704b - 0.0230 - - 1773891659.916529894 1773891659.939542770 0 e61d2c26cb6146fb88642c1126e377de
Mar 18 23:40:59 np0005651379.novalocal container-server[99867]: ::1 - - [19/Mar/2026:03:40:59 +0000] "PUT /1/48336/AUTH_2c0dd7efa1e94d879bc5da8c6f19a646/gnocchi.4312fbfa-3cdd-4bdb-87d1-3d4591fd7d8e/1773360000.0_mean_300.0_v3" 201 - "PUT http://[::1]:8080/3/83347/AUTH_2c0dd7efa1e94d879bc5da8c6f19a646/gnocchi.4312fbfa-3cdd-4bdb-87d1-3d4591fd7d8e/1773360000.0_mean_300.0_v3" "tx20c31d27de0249bb8958c-0069bb704b" "object-server 100257" 0.0010 "-" 99867 0
Mar 18 23:40:59 np0005651379.novalocal container-server[99868]: ::1 - - [19/Mar/2026:03:40:59 +0000] "PUT /2/48336/AUTH_2c0dd7efa1e94d879bc5da8c6f19a646/gnocchi.4312fbfa-3cdd-4bdb-87d1-3d4591fd7d8e/1773360000.0_mean_300.0_v3" 201 - "PUT http://[::1]:8080/1/83347/AUTH_2c0dd7efa1e94d879bc5da8c6f19a646/gnocchi.4312fbfa-3cdd-4bdb-87d1-3d4591fd7d8e/1773360000.0_mean_300.0_v3" "tx20c31d27de0249bb8958c-0069bb704b" "object-server 100256" 0.0007 "-" 99868 0
Mar 18 23:40:59 np0005651379.novalocal object-server[100257]: ::1 - - [19/Mar/2026:03:40:59 +0000] "PUT /3/83347/AUTH_2c0dd7efa1e94d879bc5da8c6f19a646/gnocchi.4312fbfa-3cdd-4bdb-87d1-3d4591fd7d8e/1773360000.0_mean_300.0_v3" 201 - "PUT https://[::1]:8080/v1/AUTH_2c0dd7efa1e94d879bc5da8c6f19a646/gnocchi.4312fbfa-3cdd-4bdb-87d1-3d4591fd7d8e/1773360000.0_mean_300.0_v3" "tx20c31d27de0249bb8958c-0069bb704b" "proxy-server 101374" 0.0147 "-" 100257 0
Mar 18 23:40:59 np0005651379.novalocal container-server[99867]: ::1 - - [19/Mar/2026:03:40:59 +0000] "PUT /3/48336/AUTH_2c0dd7efa1e94d879bc5da8c6f19a646/gnocchi.4312fbfa-3cdd-4bdb-87d1-3d4591fd7d8e/1773360000.0_mean_300.0_v3" 201 - "PUT http://[::1]:8080/2/83347/AUTH_2c0dd7efa1e94d879bc5da8c6f19a646/gnocchi.4312fbfa-3cdd-4bdb-87d1-3d4591fd7d8e/1773360000.0_mean_300.0_v3" "tx20c31d27de0249bb8958c-0069bb704b" "object-server 100257" 0.0004 "-" 99867 0
Mar 18 23:40:59 np0005651379.novalocal object-server[100256]: ::1 - - [19/Mar/2026:03:40:59 +0000] "PUT /1/83347/AUTH_2c0dd7efa1e94d879bc5da8c6f19a646/gnocchi.4312fbfa-3cdd-4bdb-87d1-3d4591fd7d8e/1773360000.0_mean_300.0_v3" 201 - "PUT https://[::1]:8080/v1/AUTH_2c0dd7efa1e94d879bc5da8c6f19a646/gnocchi.4312fbfa-3cdd-4bdb-87d1-3d4591fd7d8e/1773360000.0_mean_300.0_v3" "tx20c31d27de0249bb8958c-0069bb704b" "proxy-server 101374" 0.0154 "-" 100256 0
Mar 18 23:40:59 np0005651379.novalocal object-server[100257]: ::1 - - [19/Mar/2026:03:40:59 +0000] "PUT /2/83347/AUTH_2c0dd7efa1e94d879bc5da8c6f19a646/gnocchi.4312fbfa-3cdd-4bdb-87d1-3d4591fd7d8e/1773360000.0_mean_300.0_v3" 201 - "PUT https://[::1]:8080/v1/AUTH_2c0dd7efa1e94d879bc5da8c6f19a646/gnocchi.4312fbfa-3cdd-4bdb-87d1-3d4591fd7d8e/1773360000.0_mean_300.0_v3" "tx20c31d27de0249bb8958c-0069bb704b" "proxy-server 101374" 0.0148 "-" 100257 0
Mar 18 23:40:59 np0005651379.novalocal proxy-server[101374]: ::1 ::1 19/Mar/2026/03/40/59 PUT /v1/AUTH_2c0dd7efa1e94d879bc5da8c6f19a646/gnocchi.4312fbfa-3cdd-4bdb-87d1-3d4591fd7d8e/1773360000.0_mean_300.0_v3 HTTP/1.0 201 - python-swiftclient-4.8.0 gAAAAABpu2_uqf-H... 23 - - tx20c31d27de0249bb8958c-0069bb704b - 0.0273 - - 1773891659.943687677 1773891659.971027613 0 e61d2c26cb6146fb88642c1126e377de
Mar 18 23:41:00 np0005651379.novalocal container-server[99868]: ::1 - - [19/Mar/2026:03:41:00 +0000] "PUT /3/48336/AUTH_2c0dd7efa1e94d879bc5da8c6f19a646/gnocchi.4312fbfa-3cdd-4bdb-87d1-3d4591fd7d8e/1773360000.0_rate%3Amean_300.0_v3" 201 - "PUT http://[::1]:8080/1/178062/AUTH_2c0dd7efa1e94d879bc5da8c6f19a646/gnocchi.4312fbfa-3cdd-4bdb-87d1-3d4591fd7d8e/1773360000.0_rate%3Amean_300.0_v3" "txc8360ad1e6144a6fb55cb-0069bb704b" "object-server 100256" 0.0010 "-" 99868 0
Mar 18 23:41:00 np0005651379.novalocal container-server[99867]: ::1 - - [19/Mar/2026:03:41:00 +0000] "PUT /2/48336/AUTH_2c0dd7efa1e94d879bc5da8c6f19a646/gnocchi.4312fbfa-3cdd-4bdb-87d1-3d4591fd7d8e/1773360000.0_rate%3Amean_300.0_v3" 201 - "PUT http://[::1]:8080/3/178062/AUTH_2c0dd7efa1e94d879bc5da8c6f19a646/gnocchi.4312fbfa-3cdd-4bdb-87d1-3d4591fd7d8e/1773360000.0_rate%3Amean_300.0_v3" "txc8360ad1e6144a6fb55cb-0069bb704b" "object-server 100257" 0.0012 "-" 99867 0
Mar 18 23:41:00 np0005651379.novalocal object-server[100256]: ::1 - - [19/Mar/2026:03:41:00 +0000] "PUT /1/178062/AUTH_2c0dd7efa1e94d879bc5da8c6f19a646/gnocchi.4312fbfa-3cdd-4bdb-87d1-3d4591fd7d8e/1773360000.0_rate%3Amean_300.0_v3" 201 - "PUT https://[::1]:8080/v1/AUTH_2c0dd7efa1e94d879bc5da8c6f19a646/gnocchi.4312fbfa-3cdd-4bdb-87d1-3d4591fd7d8e/1773360000.0_rate%3Amean_300.0_v3" "txc8360ad1e6144a6fb55cb-0069bb704b" "proxy-server 101374" 0.0288 "-" 100256 0
Mar 18 23:41:00 np0005651379.novalocal container-server[99868]: ::1 - - [19/Mar/2026:03:41:00 +0000] "PUT /1/48336/AUTH_2c0dd7efa1e94d879bc5da8c6f19a646/gnocchi.4312fbfa-3cdd-4bdb-87d1-3d4591fd7d8e/1773360000.0_rate%3Amean_300.0_v3" 201 - "PUT http://[::1]:8080/2/178062/AUTH_2c0dd7efa1e94d879bc5da8c6f19a646/gnocchi.4312fbfa-3cdd-4bdb-87d1-3d4591fd7d8e/1773360000.0_rate%3Amean_300.0_v3" "txc8360ad1e6144a6fb55cb-0069bb704b" "object-server 100256" 0.0009 "-" 99868 0
Mar 18 23:41:00 np0005651379.novalocal object-server[100257]: ::1 - - [19/Mar/2026:03:41:00 +0000] "PUT /3/178062/AUTH_2c0dd7efa1e94d879bc5da8c6f19a646/gnocchi.4312fbfa-3cdd-4bdb-87d1-3d4591fd7d8e/1773360000.0_rate%3Amean_300.0_v3" 201 - "PUT https://[::1]:8080/v1/AUTH_2c0dd7efa1e94d879bc5da8c6f19a646/gnocchi.4312fbfa-3cdd-4bdb-87d1-3d4591fd7d8e/1773360000.0_rate%3Amean_300.0_v3" "txc8360ad1e6144a6fb55cb-0069bb704b" "proxy-server 101374" 0.0325 "-" 100257 0
Mar 18 23:41:00 np0005651379.novalocal object-server[100256]: ::1 - - [19/Mar/2026:03:41:00 +0000] "PUT /2/178062/AUTH_2c0dd7efa1e94d879bc5da8c6f19a646/gnocchi.4312fbfa-3cdd-4bdb-87d1-3d4591fd7d8e/1773360000.0_rate%3Amean_300.0_v3" 201 - "PUT https://[::1]:8080/v1/AUTH_2c0dd7efa1e94d879bc5da8c6f19a646/gnocchi.4312fbfa-3cdd-4bdb-87d1-3d4591fd7d8e/1773360000.0_rate%3Amean_300.0_v3" "txc8360ad1e6144a6fb55cb-0069bb704b" "proxy-server 101374" 0.0336 "-" 100256 0
Mar 18 23:41:00 np0005651379.novalocal proxy-server[101374]: ::1 ::1 19/Mar/2026/03/41/00 PUT /v1/AUTH_2c0dd7efa1e94d879bc5da8c6f19a646/gnocchi.4312fbfa-3cdd-4bdb-87d1-3d4591fd7d8e/1773360000.0_rate%253Amean_300.0_v3 HTTP/1.0 201 - python-swiftclient-4.8.0 gAAAAABpu2_uqf-H... 16 - - txc8360ad1e6144a6fb55cb-0069bb704b - 0.0460 - - 1773891659.974503756 1773891660.020508766 0 e61d2c26cb6146fb88642c1126e377de
Mar 18 23:41:00 np0005651379.novalocal container-server[99867]: ::1 - - [19/Mar/2026:03:41:00 +0000] "PUT /2/48336/AUTH_2c0dd7efa1e94d879bc5da8c6f19a646/gnocchi.4312fbfa-3cdd-4bdb-87d1-3d4591fd7d8e/none_v3" 201 - "PUT http://[::1]:8080/1/12805/AUTH_2c0dd7efa1e94d879bc5da8c6f19a646/gnocchi.4312fbfa-3cdd-4bdb-87d1-3d4591fd7d8e/none_v3" "txa4f84415e49743128de05-0069bb704c" "object-server 100256" 0.0006 "-" 99867 0
Mar 18 23:41:00 np0005651379.novalocal object-server[100256]: ::1 - - [19/Mar/2026:03:41:00 +0000] "PUT /1/12805/AUTH_2c0dd7efa1e94d879bc5da8c6f19a646/gnocchi.4312fbfa-3cdd-4bdb-87d1-3d4591fd7d8e/none_v3" 201 - "PUT https://[::1]:8080/v1/AUTH_2c0dd7efa1e94d879bc5da8c6f19a646/gnocchi.4312fbfa-3cdd-4bdb-87d1-3d4591fd7d8e/none_v3" "txa4f84415e49743128de05-0069bb704c" "proxy-server 101374" 0.0184 "-" 100256 0
Mar 18 23:41:00 np0005651379.novalocal container-server[99868]: ::1 - - [19/Mar/2026:03:41:00 +0000] "PUT /1/48336/AUTH_2c0dd7efa1e94d879bc5da8c6f19a646/gnocchi.4312fbfa-3cdd-4bdb-87d1-3d4591fd7d8e/none_v3" 201 - "PUT http://[::1]:8080/3/12805/AUTH_2c0dd7efa1e94d879bc5da8c6f19a646/gnocchi.4312fbfa-3cdd-4bdb-87d1-3d4591fd7d8e/none_v3" "txa4f84415e49743128de05-0069bb704c" "object-server 100257" 0.0007 "-" 99868 0
Mar 18 23:41:00 np0005651379.novalocal object-server[100257]: ::1 - - [19/Mar/2026:03:41:00 +0000] "PUT /3/12805/AUTH_2c0dd7efa1e94d879bc5da8c6f19a646/gnocchi.4312fbfa-3cdd-4bdb-87d1-3d4591fd7d8e/none_v3" 201 - "PUT https://[::1]:8080/v1/AUTH_2c0dd7efa1e94d879bc5da8c6f19a646/gnocchi.4312fbfa-3cdd-4bdb-87d1-3d4591fd7d8e/none_v3" "txa4f84415e49743128de05-0069bb704c" "proxy-server 101374" 0.0187 "-" 100257 0
Mar 18 23:41:00 np0005651379.novalocal container-server[99868]: ::1 - - [19/Mar/2026:03:41:00 +0000] "PUT /3/48336/AUTH_2c0dd7efa1e94d879bc5da8c6f19a646/gnocchi.4312fbfa-3cdd-4bdb-87d1-3d4591fd7d8e/none_v3" 201 - "PUT http://[::1]:8080/2/12805/AUTH_2c0dd7efa1e94d879bc5da8c6f19a646/gnocchi.4312fbfa-3cdd-4bdb-87d1-3d4591fd7d8e/none_v3" "txa4f84415e49743128de05-0069bb704c" "object-server 100257" 0.0006 "-" 99868 0
Mar 18 23:41:00 np0005651379.novalocal object-server[100257]: ::1 - - [19/Mar/2026:03:41:00 +0000] "PUT /2/12805/AUTH_2c0dd7efa1e94d879bc5da8c6f19a646/gnocchi.4312fbfa-3cdd-4bdb-87d1-3d4591fd7d8e/none_v3" 201 - "PUT https://[::1]:8080/v1/AUTH_2c0dd7efa1e94d879bc5da8c6f19a646/gnocchi.4312fbfa-3cdd-4bdb-87d1-3d4591fd7d8e/none_v3" "txa4f84415e49743128de05-0069bb704c" "proxy-server 101374" 0.0182 "-" 100257 0
Mar 18 23:41:00 np0005651379.novalocal proxy-server[101374]: ::1 ::1 19/Mar/2026/03/41/00 PUT /v1/AUTH_2c0dd7efa1e94d879bc5da8c6f19a646/gnocchi.4312fbfa-3cdd-4bdb-87d1-3d4591fd7d8e/none_v3 HTTP/1.0 201 - python-swiftclient-4.8.0 gAAAAABpu2_uqf-H... 32 - - txa4f84415e49743128de05-0069bb704c - 0.0356 - - 1773891660.024300814 1773891660.059897423 0 e61d2c26cb6146fb88642c1126e377de
Mar 18 23:41:00 np0005651379.novalocal container-server[99867]: ::1 - - [19/Mar/2026:03:41:00 +0000] "HEAD /3/164460/AUTH_2c0dd7efa1e94d879bc5da8c6f19a646/gnocchi.a619b2ad-ce16-452d-a0e0-eda7811e8c11" 404 - "HEAD http://[::1]:8080/v1/AUTH_2c0dd7efa1e94d879bc5da8c6f19a646/gnocchi.a619b2ad-ce16-452d-a0e0-eda7811e8c11" "tx59b587334c06426f82e43-0069bb704c" "proxy-server 101374" 0.0004 "-" 99867 0
Mar 18 23:41:00 np0005651379.novalocal container-server[99867]: ::1 - - [19/Mar/2026:03:41:00 +0000] "HEAD /2/164460/AUTH_2c0dd7efa1e94d879bc5da8c6f19a646/gnocchi.a619b2ad-ce16-452d-a0e0-eda7811e8c11" 404 - "HEAD http://[::1]:8080/v1/AUTH_2c0dd7efa1e94d879bc5da8c6f19a646/gnocchi.a619b2ad-ce16-452d-a0e0-eda7811e8c11" "tx59b587334c06426f82e43-0069bb704c" "proxy-server 101374" 0.0003 "-" 99867 0
Mar 18 23:41:00 np0005651379.novalocal container-server[99867]: ::1 - - [19/Mar/2026:03:41:00 +0000] "HEAD /1/164460/AUTH_2c0dd7efa1e94d879bc5da8c6f19a646/gnocchi.a619b2ad-ce16-452d-a0e0-eda7811e8c11" 404 - "HEAD http://[::1]:8080/v1/AUTH_2c0dd7efa1e94d879bc5da8c6f19a646/gnocchi.a619b2ad-ce16-452d-a0e0-eda7811e8c11" "tx59b587334c06426f82e43-0069bb704c" "proxy-server 101374" 0.0003 "-" 99867 0
Mar 18 23:41:00 np0005651379.novalocal proxy-server[101374]: - - 19/Mar/2026/03/41/00 HEAD /v1/AUTH_2c0dd7efa1e94d879bc5da8c6f19a646/gnocchi.a619b2ad-ce16-452d-a0e0-eda7811e8c11 HTTP/1.0 404 - Swift - - - - tx59b587334c06426f82e43-0069bb704c - 0.0105 CS - 1773891660.077045918 1773891660.087539196 0 -
Mar 18 23:41:00 np0005651379.novalocal object-server[100256]: ::1 - - [19/Mar/2026:03:41:00 +0000] "GET /1/188566/AUTH_2c0dd7efa1e94d879bc5da8c6f19a646/gnocchi.a619b2ad-ce16-452d-a0e0-eda7811e8c11/none_v3" 404 70 "GET https://[::1]:8080/v1/AUTH_2c0dd7efa1e94d879bc5da8c6f19a646/gnocchi.a619b2ad-ce16-452d-a0e0-eda7811e8c11/none_v3" "tx59b587334c06426f82e43-0069bb704c" "proxy-server 101374" 0.0005 "-" 100256 0
Mar 18 23:41:00 np0005651379.novalocal object-server[100257]: ::1 - - [19/Mar/2026:03:41:00 +0000] "GET /2/188566/AUTH_2c0dd7efa1e94d879bc5da8c6f19a646/gnocchi.a619b2ad-ce16-452d-a0e0-eda7811e8c11/none_v3" 404 70 "GET https://[::1]:8080/v1/AUTH_2c0dd7efa1e94d879bc5da8c6f19a646/gnocchi.a619b2ad-ce16-452d-a0e0-eda7811e8c11/none_v3" "tx59b587334c06426f82e43-0069bb704c" "proxy-server 101374" 0.0005 "-" 100257 0
Mar 18 23:41:00 np0005651379.novalocal object-server[100256]: ::1 - - [19/Mar/2026:03:41:00 +0000] "GET /3/188566/AUTH_2c0dd7efa1e94d879bc5da8c6f19a646/gnocchi.a619b2ad-ce16-452d-a0e0-eda7811e8c11/none_v3" 404 70 "GET https://[::1]:8080/v1/AUTH_2c0dd7efa1e94d879bc5da8c6f19a646/gnocchi.a619b2ad-ce16-452d-a0e0-eda7811e8c11/none_v3" "tx59b587334c06426f82e43-0069bb704c" "proxy-server 101374" 0.0004 "-" 100256 0
Mar 18 23:41:00 np0005651379.novalocal proxy-server[101374]: ::1 ::1 19/Mar/2026/03/41/00 GET /v1/AUTH_2c0dd7efa1e94d879bc5da8c6f19a646/gnocchi.a619b2ad-ce16-452d-a0e0-eda7811e8c11/none_v3 HTTP/1.0 404 - python-swiftclient-4.8.0 gAAAAABpu2_uqf-H... - 70 - tx59b587334c06426f82e43-0069bb704c - 0.0383 - - 1773891660.076009035 1773891660.114291906 0 e61d2c26cb6146fb88642c1126e377de
Mar 18 23:41:00 np0005651379.novalocal account-server[99474]: ::1 - - [19/Mar/2026:03:41:00 +0000] "PUT /1/184762/AUTH_2c0dd7efa1e94d879bc5da8c6f19a646/gnocchi.a619b2ad-ce16-452d-a0e0-eda7811e8c11" 201 - "PUT http://[::1]:6001/3/164460/AUTH_2c0dd7efa1e94d879bc5da8c6f19a646/gnocchi.a619b2ad-ce16-452d-a0e0-eda7811e8c11" "txbde98a7b62714666a04ce-0069bb704c" "container-server 99868" 0.0041 "-" 99474 0
Mar 18 23:41:00 np0005651379.novalocal container-server[99868]: ::1 - - [19/Mar/2026:03:41:00 +0000] "PUT /3/164460/AUTH_2c0dd7efa1e94d879bc5da8c6f19a646/gnocchi.a619b2ad-ce16-452d-a0e0-eda7811e8c11" 201 - "PUT https://[::1]:8080/v1/AUTH_2c0dd7efa1e94d879bc5da8c6f19a646/gnocchi.a619b2ad-ce16-452d-a0e0-eda7811e8c11" "txbde98a7b62714666a04ce-0069bb704c" "proxy-server 101374" 0.0177 "-" 99868 0
Mar 18 23:41:00 np0005651379.novalocal account-server[99474]: ::1 - - [19/Mar/2026:03:41:00 +0000] "PUT /2/184762/AUTH_2c0dd7efa1e94d879bc5da8c6f19a646/gnocchi.a619b2ad-ce16-452d-a0e0-eda7811e8c11" 201 - "PUT http://[::1]:6001/2/164460/AUTH_2c0dd7efa1e94d879bc5da8c6f19a646/gnocchi.a619b2ad-ce16-452d-a0e0-eda7811e8c11" "txbde98a7b62714666a04ce-0069bb704c" "container-server 99867" 0.0030 "-" 99474 0
Mar 18 23:41:00 np0005651379.novalocal container-server[99867]: ::1 - - [19/Mar/2026:03:41:00 +0000] "PUT /2/164460/AUTH_2c0dd7efa1e94d879bc5da8c6f19a646/gnocchi.a619b2ad-ce16-452d-a0e0-eda7811e8c11" 201 - "PUT https://[::1]:8080/v1/AUTH_2c0dd7efa1e94d879bc5da8c6f19a646/gnocchi.a619b2ad-ce16-452d-a0e0-eda7811e8c11" "txbde98a7b62714666a04ce-0069bb704c" "proxy-server 101374" 0.0224 "-" 99867 0
Mar 18 23:41:00 np0005651379.novalocal account-server[99474]: ::1 - - [19/Mar/2026:03:41:00 +0000] "PUT /3/184762/AUTH_2c0dd7efa1e94d879bc5da8c6f19a646/gnocchi.a619b2ad-ce16-452d-a0e0-eda7811e8c11" 201 - "PUT http://[::1]:6001/1/164460/AUTH_2c0dd7efa1e94d879bc5da8c6f19a646/gnocchi.a619b2ad-ce16-452d-a0e0-eda7811e8c11" "txbde98a7b62714666a04ce-0069bb704c" "container-server 99867" 0.0032 "-" 99474 0
Mar 18 23:41:00 np0005651379.novalocal container-server[99867]: ::1 - - [19/Mar/2026:03:41:00 +0000] "PUT /1/164460/AUTH_2c0dd7efa1e94d879bc5da8c6f19a646/gnocchi.a619b2ad-ce16-452d-a0e0-eda7811e8c11" 201 - "PUT https://[::1]:8080/v1/AUTH_2c0dd7efa1e94d879bc5da8c6f19a646/gnocchi.a619b2ad-ce16-452d-a0e0-eda7811e8c11" "txbde98a7b62714666a04ce-0069bb704c" "proxy-server 101374" 0.0133 "-" 99867 0
Mar 18 23:41:00 np0005651379.novalocal proxy-server[101374]: ::1 ::1 19/Mar/2026/03/41/00 PUT /v1/AUTH_2c0dd7efa1e94d879bc5da8c6f19a646/gnocchi.a619b2ad-ce16-452d-a0e0-eda7811e8c11 HTTP/1.0 201 - python-swiftclient-4.8.0 gAAAAABpu2_uqf-H... - - - txbde98a7b62714666a04ce-0069bb704c - 0.0412 - - 1773891660.118081331 1773891660.159255743 0 e61d2c26cb6146fb88642c1126e377de
Mar 18 23:41:00 np0005651379.novalocal container-server[99868]: ::1 - - [19/Mar/2026:03:41:00 +0000] "HEAD /1/164460/AUTH_2c0dd7efa1e94d879bc5da8c6f19a646/gnocchi.a619b2ad-ce16-452d-a0e0-eda7811e8c11" 204 - "HEAD http://[::1]:8080/v1/AUTH_2c0dd7efa1e94d879bc5da8c6f19a646/gnocchi.a619b2ad-ce16-452d-a0e0-eda7811e8c11" "tx7c25e485e97d49d0a5558-0069bb704c" "proxy-server 101374" 0.0023 "-" 99868 0
