Mar 18 23:40:19 np0005651379.novalocal proxy-server[101374]: ::1 ::1 19/Mar/2026/03/40/19 PUT /v1/AUTH_2c0dd7efa1e94d879bc5da8c6f19a646/gnocchi.872e0c51-2629-437d-9a69-6fe42621369c/1773360000.0_mean_300.0_v3 HTTP/1.0 201 - python-swiftclient-4.8.0 gAAAAABpu2_uqf-H... 16 - - tx86c50ee15ed14224b2eff-0069bb7023 - 0.0208 - - 1773891619.742566109 1773891619.763359547 0 e61d2c26cb6146fb88642c1126e377de
Mar 18 23:40:19 np0005651379.novalocal container-server[99868]: ::1 - - [19/Mar/2026:03:40:19 +0000] "PUT /2/160806/AUTH_2c0dd7efa1e94d879bc5da8c6f19a646/gnocchi.872e0c51-2629-437d-9a69-6fe42621369c/none_v3" 201 - "PUT http://[::1]:8080/2/164041/AUTH_2c0dd7efa1e94d879bc5da8c6f19a646/gnocchi.872e0c51-2629-437d-9a69-6fe42621369c/none_v3" "txdfd89345e7d44394a7e36-0069bb7023" "object-server 100256" 0.0004 "-" 99868 0
Mar 18 23:40:19 np0005651379.novalocal object-server[100256]: ::1 - - [19/Mar/2026:03:40:19 +0000] "PUT /2/164041/AUTH_2c0dd7efa1e94d879bc5da8c6f19a646/gnocchi.872e0c51-2629-437d-9a69-6fe42621369c/none_v3" 201 - "PUT https://[::1]:8080/v1/AUTH_2c0dd7efa1e94d879bc5da8c6f19a646/gnocchi.872e0c51-2629-437d-9a69-6fe42621369c/none_v3" "txdfd89345e7d44394a7e36-0069bb7023" "proxy-server 101374" 0.0104 "-" 100256 0
Mar 18 23:40:19 np0005651379.novalocal container-server[99868]: ::1 - - [19/Mar/2026:03:40:19 +0000] "PUT /1/160806/AUTH_2c0dd7efa1e94d879bc5da8c6f19a646/gnocchi.872e0c51-2629-437d-9a69-6fe42621369c/none_v3" 201 - "PUT http://[::1]:8080/1/164041/AUTH_2c0dd7efa1e94d879bc5da8c6f19a646/gnocchi.872e0c51-2629-437d-9a69-6fe42621369c/none_v3" "txdfd89345e7d44394a7e36-0069bb7023" "object-server 100257" 0.0003 "-" 99868 0
Mar 18 23:40:19 np0005651379.novalocal object-server[100257]: ::1 - - [19/Mar/2026:03:40:19 +0000] "PUT /1/164041/AUTH_2c0dd7efa1e94d879bc5da8c6f19a646/gnocchi.872e0c51-2629-437d-9a69-6fe42621369c/none_v3" 201 - "PUT https://[::1]:8080/v1/AUTH_2c0dd7efa1e94d879bc5da8c6f19a646/gnocchi.872e0c51-2629-437d-9a69-6fe42621369c/none_v3" "txdfd89345e7d44394a7e36-0069bb7023" "proxy-server 101374" 0.0085 "-" 100257 0
Mar 18 23:40:19 np0005651379.novalocal container-server[99867]: ::1 - - [19/Mar/2026:03:40:19 +0000] "PUT /3/160806/AUTH_2c0dd7efa1e94d879bc5da8c6f19a646/gnocchi.872e0c51-2629-437d-9a69-6fe42621369c/none_v3" 201 - "PUT http://[::1]:8080/3/164041/AUTH_2c0dd7efa1e94d879bc5da8c6f19a646/gnocchi.872e0c51-2629-437d-9a69-6fe42621369c/none_v3" "txdfd89345e7d44394a7e36-0069bb7023" "object-server 100257" 0.0008 "-" 99867 0
Mar 18 23:40:19 np0005651379.novalocal object-server[100257]: ::1 - - [19/Mar/2026:03:40:19 +0000] "PUT /3/164041/AUTH_2c0dd7efa1e94d879bc5da8c6f19a646/gnocchi.872e0c51-2629-437d-9a69-6fe42621369c/none_v3" 201 - "PUT https://[::1]:8080/v1/AUTH_2c0dd7efa1e94d879bc5da8c6f19a646/gnocchi.872e0c51-2629-437d-9a69-6fe42621369c/none_v3" "txdfd89345e7d44394a7e36-0069bb7023" "proxy-server 101374" 0.0124 "-" 100257 0
Mar 18 23:40:19 np0005651379.novalocal proxy-server[101374]: ::1 ::1 19/Mar/2026/03/40/19 PUT /v1/AUTH_2c0dd7efa1e94d879bc5da8c6f19a646/gnocchi.872e0c51-2629-437d-9a69-6fe42621369c/none_v3 HTTP/1.0 201 - python-swiftclient-4.8.0 gAAAAABpu2_uqf-H... 22 - - txdfd89345e7d44394a7e36-0069bb7023 - 0.0194 - - 1773891619.765243292 1773891619.784684896 0 e61d2c26cb6146fb88642c1126e377de
Mar 18 23:40:19 np0005651379.novalocal container-server[99867]: ::1 - - [19/Mar/2026:03:40:19 +0000] "HEAD /2/89015/AUTH_2c0dd7efa1e94d879bc5da8c6f19a646/gnocchi.388d41fc-9fa4-46e9-a62b-3a8e921e3c9d" 404 - "HEAD http://[::1]:8080/v1/AUTH_2c0dd7efa1e94d879bc5da8c6f19a646/gnocchi.388d41fc-9fa4-46e9-a62b-3a8e921e3c9d" "txb9c6dbffbe75446491a0d-0069bb7023" "proxy-server 101374" 0.0005 "-" 99867 0
Mar 18 23:40:19 np0005651379.novalocal container-server[99868]: ::1 - - [19/Mar/2026:03:40:19 +0000] "HEAD /1/89015/AUTH_2c0dd7efa1e94d879bc5da8c6f19a646/gnocchi.388d41fc-9fa4-46e9-a62b-3a8e921e3c9d" 404 - "HEAD http://[::1]:8080/v1/AUTH_2c0dd7efa1e94d879bc5da8c6f19a646/gnocchi.388d41fc-9fa4-46e9-a62b-3a8e921e3c9d" "txb9c6dbffbe75446491a0d-0069bb7023" "proxy-server 101374" 0.0002 "-" 99868 0
Mar 18 23:40:19 np0005651379.novalocal container-server[99868]: ::1 - - [19/Mar/2026:03:40:19 +0000] "HEAD /3/89015/AUTH_2c0dd7efa1e94d879bc5da8c6f19a646/gnocchi.388d41fc-9fa4-46e9-a62b-3a8e921e3c9d" 404 - "HEAD http://[::1]:8080/v1/AUTH_2c0dd7efa1e94d879bc5da8c6f19a646/gnocchi.388d41fc-9fa4-46e9-a62b-3a8e921e3c9d" "txb9c6dbffbe75446491a0d-0069bb7023" "proxy-server 101374" 0.0002 "-" 99868 0
Mar 18 23:40:19 np0005651379.novalocal proxy-server[101374]: - - 19/Mar/2026/03/40/19 HEAD /v1/AUTH_2c0dd7efa1e94d879bc5da8c6f19a646/gnocchi.388d41fc-9fa4-46e9-a62b-3a8e921e3c9d HTTP/1.0 404 - Swift - - - - txb9c6dbffbe75446491a0d-0069bb7023 - 0.0077 CS - 1773891619.791630030 1773891619.799350977 0 -
Mar 18 23:40:19 np0005651379.novalocal object-server[100257]: ::1 - - [19/Mar/2026:03:40:19 +0000] "GET /3/231906/AUTH_2c0dd7efa1e94d879bc5da8c6f19a646/gnocchi.388d41fc-9fa4-46e9-a62b-3a8e921e3c9d/none_v3" 404 70 "GET https://[::1]:8080/v1/AUTH_2c0dd7efa1e94d879bc5da8c6f19a646/gnocchi.388d41fc-9fa4-46e9-a62b-3a8e921e3c9d/none_v3" "txb9c6dbffbe75446491a0d-0069bb7023" "proxy-server 101374" 0.0004 "-" 100257 0
Mar 18 23:40:19 np0005651379.novalocal object-server[100257]: ::1 - - [19/Mar/2026:03:40:19 +0000] "GET /1/231906/AUTH_2c0dd7efa1e94d879bc5da8c6f19a646/gnocchi.388d41fc-9fa4-46e9-a62b-3a8e921e3c9d/none_v3" 404 70 "GET https://[::1]:8080/v1/AUTH_2c0dd7efa1e94d879bc5da8c6f19a646/gnocchi.388d41fc-9fa4-46e9-a62b-3a8e921e3c9d/none_v3" "txb9c6dbffbe75446491a0d-0069bb7023" "proxy-server 101374" 0.0004 "-" 100257 0
Mar 18 23:40:19 np0005651379.novalocal object-server[100257]: ::1 - - [19/Mar/2026:03:40:19 +0000] "GET /2/231906/AUTH_2c0dd7efa1e94d879bc5da8c6f19a646/gnocchi.388d41fc-9fa4-46e9-a62b-3a8e921e3c9d/none_v3" 404 70 "GET https://[::1]:8080/v1/AUTH_2c0dd7efa1e94d879bc5da8c6f19a646/gnocchi.388d41fc-9fa4-46e9-a62b-3a8e921e3c9d/none_v3" "txb9c6dbffbe75446491a0d-0069bb7023" "proxy-server 101374" 0.0003 "-" 100257 0
Mar 18 23:40:19 np0005651379.novalocal proxy-server[101374]: ::1 ::1 19/Mar/2026/03/40/19 GET /v1/AUTH_2c0dd7efa1e94d879bc5da8c6f19a646/gnocchi.388d41fc-9fa4-46e9-a62b-3a8e921e3c9d/none_v3 HTTP/1.0 404 - python-swiftclient-4.8.0 gAAAAABpu2_uqf-H... - 70 - txb9c6dbffbe75446491a0d-0069bb7023 - 0.0172 - - 1773891619.791211367 1773891619.808377743 0 e61d2c26cb6146fb88642c1126e377de
Mar 18 23:40:19 np0005651379.novalocal account-server[99474]: ::1 - - [19/Mar/2026:03:40:19 +0000] "PUT /1/184762/AUTH_2c0dd7efa1e94d879bc5da8c6f19a646/gnocchi.388d41fc-9fa4-46e9-a62b-3a8e921e3c9d" 201 - "PUT http://[::1]:6001/3/89015/AUTH_2c0dd7efa1e94d879bc5da8c6f19a646/gnocchi.388d41fc-9fa4-46e9-a62b-3a8e921e3c9d" "tx4d5a937ef9b04aa4b6eca-0069bb7023" "container-server 99867" 0.0047 "-" 99474 0
Mar 18 23:40:19 np0005651379.novalocal account-server[99475]: ::1 - - [19/Mar/2026:03:40:19 +0000] "PUT /2/184762/AUTH_2c0dd7efa1e94d879bc5da8c6f19a646/gnocchi.388d41fc-9fa4-46e9-a62b-3a8e921e3c9d" 201 - "PUT http://[::1]:6001/2/89015/AUTH_2c0dd7efa1e94d879bc5da8c6f19a646/gnocchi.388d41fc-9fa4-46e9-a62b-3a8e921e3c9d" "tx4d5a937ef9b04aa4b6eca-0069bb7023" "container-server 99867" 0.0051 "-" 99475 0
Mar 18 23:40:19 np0005651379.novalocal account-server[99474]: ::1 - - [19/Mar/2026:03:40:19 +0000] "PUT /3/184762/AUTH_2c0dd7efa1e94d879bc5da8c6f19a646/gnocchi.388d41fc-9fa4-46e9-a62b-3a8e921e3c9d" 201 - "PUT http://[::1]:6001/1/89015/AUTH_2c0dd7efa1e94d879bc5da8c6f19a646/gnocchi.388d41fc-9fa4-46e9-a62b-3a8e921e3c9d" "tx4d5a937ef9b04aa4b6eca-0069bb7023" "container-server 99867" 0.0046 "-" 99474 0
Mar 18 23:40:19 np0005651379.novalocal container-server[99867]: ::1 - - [19/Mar/2026:03:40:19 +0000] "PUT /1/89015/AUTH_2c0dd7efa1e94d879bc5da8c6f19a646/gnocchi.388d41fc-9fa4-46e9-a62b-3a8e921e3c9d" 201 - "PUT https://[::1]:8080/v1/AUTH_2c0dd7efa1e94d879bc5da8c6f19a646/gnocchi.388d41fc-9fa4-46e9-a62b-3a8e921e3c9d" "tx4d5a937ef9b04aa4b6eca-0069bb7023" "proxy-server 101374" 0.0448 "-" 99867 0
Mar 18 23:40:19 np0005651379.novalocal container-server[99867]: ::1 - - [19/Mar/2026:03:40:19 +0000] "PUT /3/89015/AUTH_2c0dd7efa1e94d879bc5da8c6f19a646/gnocchi.388d41fc-9fa4-46e9-a62b-3a8e921e3c9d" 201 - "PUT https://[::1]:8080/v1/AUTH_2c0dd7efa1e94d879bc5da8c6f19a646/gnocchi.388d41fc-9fa4-46e9-a62b-3a8e921e3c9d" "tx4d5a937ef9b04aa4b6eca-0069bb7023" "proxy-server 101374" 0.0373 "-" 99867 0
Mar 18 23:40:19 np0005651379.novalocal container-server[99867]: ::1 - - [19/Mar/2026:03:40:19 +0000] "PUT /2/89015/AUTH_2c0dd7efa1e94d879bc5da8c6f19a646/gnocchi.388d41fc-9fa4-46e9-a62b-3a8e921e3c9d" 201 - "PUT https://[::1]:8080/v1/AUTH_2c0dd7efa1e94d879bc5da8c6f19a646/gnocchi.388d41fc-9fa4-46e9-a62b-3a8e921e3c9d" "tx4d5a937ef9b04aa4b6eca-0069bb7023" "proxy-server 101374" 0.0289 "-" 99867 0
Mar 18 23:40:19 np0005651379.novalocal proxy-server[101374]: ::1 ::1 19/Mar/2026/03/40/19 PUT /v1/AUTH_2c0dd7efa1e94d879bc5da8c6f19a646/gnocchi.388d41fc-9fa4-46e9-a62b-3a8e921e3c9d HTTP/1.0 201 - python-swiftclient-4.8.0 gAAAAABpu2_uqf-H... - - - tx4d5a937ef9b04aa4b6eca-0069bb7023 - 0.0544 - - 1773891619.810260773 1773891619.864676714 0 e61d2c26cb6146fb88642c1126e377de
Mar 18 23:40:19 np0005651379.novalocal container-server[99868]: ::1 - - [19/Mar/2026:03:40:19 +0000] "HEAD /3/89015/AUTH_2c0dd7efa1e94d879bc5da8c6f19a646/gnocchi.388d41fc-9fa4-46e9-a62b-3a8e921e3c9d" 204 - "HEAD http://[::1]:8080/v1/AUTH_2c0dd7efa1e94d879bc5da8c6f19a646/gnocchi.388d41fc-9fa4-46e9-a62b-3a8e921e3c9d" "txbde348e497df458a80b1d-0069bb7023" "proxy-server 101374" 0.0008 "-" 99868 0
Mar 18 23:40:19 np0005651379.novalocal proxy-server[101374]: - - 19/Mar/2026/03/40/19 HEAD /v1/AUTH_2c0dd7efa1e94d879bc5da8c6f19a646/gnocchi.388d41fc-9fa4-46e9-a62b-3a8e921e3c9d HTTP/1.0 204 - Swift - - - - txbde348e497df458a80b1d-0069bb7023 - 0.0028 CS - 1773891619.867634058 1773891619.870405674 0 -
Mar 18 23:40:19 np0005651379.novalocal container-server[99867]: ::1 - - [19/Mar/2026:03:40:19 +0000] "GET /1/89015/AUTH_2c0dd7efa1e94d879bc5da8c6f19a646/gnocchi.388d41fc-9fa4-46e9-a62b-3a8e921e3c9d" 200 2 "GET https://[::1]:8080/v1/AUTH_2c0dd7efa1e94d879bc5da8c6f19a646/gnocchi.388d41fc-9fa4-46e9-a62b-3a8e921e3c9d?format=json&states=listing" "txbde348e497df458a80b1d-0069bb7023" "proxy-server 101374" 0.0029 "-" 99867 0
Mar 18 23:40:19 np0005651379.novalocal proxy-server[101374]: ::1 ::1 19/Mar/2026/03/40/19 GET /v1/AUTH_2c0dd7efa1e94d879bc5da8c6f19a646/gnocchi.388d41fc-9fa4-46e9-a62b-3a8e921e3c9d%3Fformat%3Djson%26states%3Dlisting HTTP/1.0 200 - python-swiftclient-4.8.0 gAAAAABpu2_uqf-H... - 2 - txbde348e497df458a80b1d-0069bb7023 - 0.0117 - - 1773891619.867217064 1773891619.878868341 0 e61d2c26cb6146fb88642c1126e377de
Mar 18 23:40:19 np0005651379.novalocal object-server[100257]: ::1 - - [19/Mar/2026:03:40:19 +0000] "GET /2/102140/AUTH_2c0dd7efa1e94d879bc5da8c6f19a646/gnocchi.388d41fc-9fa4-46e9-a62b-3a8e921e3c9d/1773360000.0_mean_300.0_v3" 404 70 "GET https://[::1]:8080/v1/AUTH_2c0dd7efa1e94d879bc5da8c6f19a646/gnocchi.388d41fc-9fa4-46e9-a62b-3a8e921e3c9d/1773360000.0_mean_300.0_v3" "txb853bd2fd9ef4353be7ad-0069bb7023" "proxy-server 101374" 0.0004 "-" 100257 0
Mar 18 23:40:19 np0005651379.novalocal object-server[100257]: ::1 - - [19/Mar/2026:03:40:19 +0000] "GET /1/102140/AUTH_2c0dd7efa1e94d879bc5da8c6f19a646/gnocchi.388d41fc-9fa4-46e9-a62b-3a8e921e3c9d/1773360000.0_mean_300.0_v3" 404 70 "GET https://[::1]:8080/v1/AUTH_2c0dd7efa1e94d879bc5da8c6f19a646/gnocchi.388d41fc-9fa4-46e9-a62b-3a8e921e3c9d/1773360000.0_mean_300.0_v3" "txb853bd2fd9ef4353be7ad-0069bb7023" "proxy-server 101374" 0.0003 "-" 100257 0
Mar 18 23:40:19 np0005651379.novalocal object-server[100257]: ::1 - - [19/Mar/2026:03:40:19 +0000] "GET /3/102140/AUTH_2c0dd7efa1e94d879bc5da8c6f19a646/gnocchi.388d41fc-9fa4-46e9-a62b-3a8e921e3c9d/1773360000.0_mean_300.0_v3" 404 70 "GET https://[::1]:8080/v1/AUTH_2c0dd7efa1e94d879bc5da8c6f19a646/gnocchi.388d41fc-9fa4-46e9-a62b-3a8e921e3c9d/1773360000.0_mean_300.0_v3" "txb853bd2fd9ef4353be7ad-0069bb7023" "proxy-server 101374" 0.0004 "-" 100257 0
Mar 18 23:40:19 np0005651379.novalocal proxy-server[101374]: ::1 ::1 19/Mar/2026/03/40/19 GET /v1/AUTH_2c0dd7efa1e94d879bc5da8c6f19a646/gnocchi.388d41fc-9fa4-46e9-a62b-3a8e921e3c9d/1773360000.0_mean_300.0_v3 HTTP/1.0 404 - python-swiftclient-4.8.0 gAAAAABpu2_uqf-H... - 70 - txb853bd2fd9ef4353be7ad-0069bb7023 - 0.0101 - - 1773891619.881135464 1773891619.891189337 0 e61d2c26cb6146fb88642c1126e377de
Mar 18 23:40:19 np0005651379.novalocal container-server[99868]: ::1 - - [19/Mar/2026:03:40:19 +0000] "PUT /3/89015/AUTH_2c0dd7efa1e94d879bc5da8c6f19a646/gnocchi.388d41fc-9fa4-46e9-a62b-3a8e921e3c9d/1773360000.0_mean_300.0_v3" 201 - "PUT http://[::1]:8080/3/102140/AUTH_2c0dd7efa1e94d879bc5da8c6f19a646/gnocchi.388d41fc-9fa4-46e9-a62b-3a8e921e3c9d/1773360000.0_mean_300.0_v3" "tx11cc1dd3b6264cb1b6e98-0069bb7023" "object-server 100256" 0.0003 "-" 99868 0
Mar 18 23:40:19 np0005651379.novalocal object-server[100256]: ::1 - - [19/Mar/2026:03:40:19 +0000] "PUT /3/102140/AUTH_2c0dd7efa1e94d879bc5da8c6f19a646/gnocchi.388d41fc-9fa4-46e9-a62b-3a8e921e3c9d/1773360000.0_mean_300.0_v3" 201 - "PUT https://[::1]:8080/v1/AUTH_2c0dd7efa1e94d879bc5da8c6f19a646/gnocchi.388d41fc-9fa4-46e9-a62b-3a8e921e3c9d/1773360000.0_mean_300.0_v3" "tx11cc1dd3b6264cb1b6e98-0069bb7023" "proxy-server 101374" 0.0091 "-" 100256 0
Mar 18 23:40:19 np0005651379.novalocal container-server[99868]: ::1 - - [19/Mar/2026:03:40:19 +0000] "PUT /1/89015/AUTH_2c0dd7efa1e94d879bc5da8c6f19a646/gnocchi.388d41fc-9fa4-46e9-a62b-3a8e921e3c9d/1773360000.0_mean_300.0_v3" 201 - "PUT http://[::1]:8080/1/102140/AUTH_2c0dd7efa1e94d879bc5da8c6f19a646/gnocchi.388d41fc-9fa4-46e9-a62b-3a8e921e3c9d/1773360000.0_mean_300.0_v3" "tx11cc1dd3b6264cb1b6e98-0069bb7023" "object-server 100257" 0.0003 "-" 99868 0
Mar 18 23:40:19 np0005651379.novalocal object-server[100257]: ::1 - - [19/Mar/2026:03:40:19 +0000] "PUT /1/102140/AUTH_2c0dd7efa1e94d879bc5da8c6f19a646/gnocchi.388d41fc-9fa4-46e9-a62b-3a8e921e3c9d/1773360000.0_mean_300.0_v3" 201 - "PUT https://[::1]:8080/v1/AUTH_2c0dd7efa1e94d879bc5da8c6f19a646/gnocchi.388d41fc-9fa4-46e9-a62b-3a8e921e3c9d/1773360000.0_mean_300.0_v3" "tx11cc1dd3b6264cb1b6e98-0069bb7023" "proxy-server 101374" 0.0106 "-" 100257 0
Mar 18 23:40:19 np0005651379.novalocal container-server[99867]: ::1 - - [19/Mar/2026:03:40:19 +0000] "PUT /2/89015/AUTH_2c0dd7efa1e94d879bc5da8c6f19a646/gnocchi.388d41fc-9fa4-46e9-a62b-3a8e921e3c9d/1773360000.0_mean_300.0_v3" 201 - "PUT http://[::1]:8080/2/102140/AUTH_2c0dd7efa1e94d879bc5da8c6f19a646/gnocchi.388d41fc-9fa4-46e9-a62b-3a8e921e3c9d/1773360000.0_mean_300.0_v3" "tx11cc1dd3b6264cb1b6e98-0069bb7023" "object-server 100257" 0.0007 "-" 99867 0
Mar 18 23:40:19 np0005651379.novalocal object-server[100257]: ::1 - - [19/Mar/2026:03:40:19 +0000] "PUT /2/102140/AUTH_2c0dd7efa1e94d879bc5da8c6f19a646/gnocchi.388d41fc-9fa4-46e9-a62b-3a8e921e3c9d/1773360000.0_mean_300.0_v3" 201 - "PUT https://[::1]:8080/v1/AUTH_2c0dd7efa1e94d879bc5da8c6f19a646/gnocchi.388d41fc-9fa4-46e9-a62b-3a8e921e3c9d/1773360000.0_mean_300.0_v3" "tx11cc1dd3b6264cb1b6e98-0069bb7023" "proxy-server 101374" 0.0119 "-" 100257 0
Mar 18 23:40:19 np0005651379.novalocal proxy-server[101374]: ::1 ::1 19/Mar/2026/03/40/19 PUT /v1/AUTH_2c0dd7efa1e94d879bc5da8c6f19a646/gnocchi.388d41fc-9fa4-46e9-a62b-3a8e921e3c9d/1773360000.0_mean_300.0_v3 HTTP/1.0 201 - python-swiftclient-4.8.0 gAAAAABpu2_uqf-H... 16 - - tx11cc1dd3b6264cb1b6e98-0069bb7023 - 0.0192 - - 1773891619.892907858 1773891619.912152767 0 e61d2c26cb6146fb88642c1126e377de
Mar 18 23:40:19 np0005651379.novalocal container-server[99868]: ::1 - - [19/Mar/2026:03:40:19 +0000] "PUT /1/89015/AUTH_2c0dd7efa1e94d879bc5da8c6f19a646/gnocchi.388d41fc-9fa4-46e9-a62b-3a8e921e3c9d/none_v3" 201 - "PUT http://[::1]:8080/3/231906/AUTH_2c0dd7efa1e94d879bc5da8c6f19a646/gnocchi.388d41fc-9fa4-46e9-a62b-3a8e921e3c9d/none_v3" "tx08854c28a1b540aba6988-0069bb7023" "object-server 100257" 0.0004 "-" 99868 0
Mar 18 23:40:19 np0005651379.novalocal object-server[100257]: ::1 - - [19/Mar/2026:03:40:19 +0000] "PUT /3/231906/AUTH_2c0dd7efa1e94d879bc5da8c6f19a646/gnocchi.388d41fc-9fa4-46e9-a62b-3a8e921e3c9d/none_v3" 201 - "PUT https://[::1]:8080/v1/AUTH_2c0dd7efa1e94d879bc5da8c6f19a646/gnocchi.388d41fc-9fa4-46e9-a62b-3a8e921e3c9d/none_v3" "tx08854c28a1b540aba6988-0069bb7023" "proxy-server 101374" 0.0102 "-" 100257 0
Mar 18 23:40:19 np0005651379.novalocal container-server[99867]: ::1 - - [19/Mar/2026:03:40:19 +0000] "PUT /2/89015/AUTH_2c0dd7efa1e94d879bc5da8c6f19a646/gnocchi.388d41fc-9fa4-46e9-a62b-3a8e921e3c9d/none_v3" 201 - "PUT http://[::1]:8080/1/231906/AUTH_2c0dd7efa1e94d879bc5da8c6f19a646/gnocchi.388d41fc-9fa4-46e9-a62b-3a8e921e3c9d/none_v3" "tx08854c28a1b540aba6988-0069bb7023" "object-server 100257" 0.0007 "-" 99867 0
Mar 18 23:40:19 np0005651379.novalocal object-server[100257]: ::1 - - [19/Mar/2026:03:40:19 +0000] "PUT /1/231906/AUTH_2c0dd7efa1e94d879bc5da8c6f19a646/gnocchi.388d41fc-9fa4-46e9-a62b-3a8e921e3c9d/none_v3" 201 - "PUT https://[::1]:8080/v1/AUTH_2c0dd7efa1e94d879bc5da8c6f19a646/gnocchi.388d41fc-9fa4-46e9-a62b-3a8e921e3c9d/none_v3" "tx08854c28a1b540aba6988-0069bb7023" "proxy-server 101374" 0.0186 "-" 100257 0
Mar 18 23:40:19 np0005651379.novalocal container-server[99867]: ::1 - - [19/Mar/2026:03:40:19 +0000] "PUT /3/89015/AUTH_2c0dd7efa1e94d879bc5da8c6f19a646/gnocchi.388d41fc-9fa4-46e9-a62b-3a8e921e3c9d/none_v3" 201 - "PUT http://[::1]:8080/2/231906/AUTH_2c0dd7efa1e94d879bc5da8c6f19a646/gnocchi.388d41fc-9fa4-46e9-a62b-3a8e921e3c9d/none_v3" "tx08854c28a1b540aba6988-0069bb7023" "object-server 100257" 0.0006 "-" 99867 0
Mar 18 23:40:19 np0005651379.novalocal object-server[100257]: ::1 - - [19/Mar/2026:03:40:19 +0000] "PUT /2/231906/AUTH_2c0dd7efa1e94d879bc5da8c6f19a646/gnocchi.388d41fc-9fa4-46e9-a62b-3a8e921e3c9d/none_v3" 201 - "PUT https://[::1]:8080/v1/AUTH_2c0dd7efa1e94d879bc5da8c6f19a646/gnocchi.388d41fc-9fa4-46e9-a62b-3a8e921e3c9d/none_v3" "tx08854c28a1b540aba6988-0069bb7023" "proxy-server 101374" 0.0190 "-" 100257 0
Mar 18 23:40:19 np0005651379.novalocal proxy-server[101374]: ::1 ::1 19/Mar/2026/03/40/19 PUT /v1/AUTH_2c0dd7efa1e94d879bc5da8c6f19a646/gnocchi.388d41fc-9fa4-46e9-a62b-3a8e921e3c9d/none_v3 HTTP/1.0 201 - python-swiftclient-4.8.0 gAAAAABpu2_uqf-H... 22 - - tx08854c28a1b540aba6988-0069bb7023 - 0.0272 - - 1773891619.914401770 1773891619.941647291 0 e61d2c26cb6146fb88642c1126e377de
Mar 18 23:40:19 np0005651379.novalocal container-server[99867]: ::1 - - [19/Mar/2026:03:40:19 +0000] "HEAD /2/108960/AUTH_2c0dd7efa1e94d879bc5da8c6f19a646/gnocchi.cb48c98f-e80f-41aa-8508-ae964ccb6fa2" 404 - "HEAD http://[::1]:8080/v1/AUTH_2c0dd7efa1e94d879bc5da8c6f19a646/gnocchi.cb48c98f-e80f-41aa-8508-ae964ccb6fa2" "tx06be5f63a6894a44a23a0-0069bb7023" "proxy-server 101374" 0.0004 "-" 99867 0
Mar 18 23:40:19 np0005651379.novalocal container-server[99867]: ::1 - - [19/Mar/2026:03:40:19 +0000] "HEAD /3/108960/AUTH_2c0dd7efa1e94d879bc5da8c6f19a646/gnocchi.cb48c98f-e80f-41aa-8508-ae964ccb6fa2" 404 - "HEAD http://[::1]:8080/v1/AUTH_2c0dd7efa1e94d879bc5da8c6f19a646/gnocchi.cb48c98f-e80f-41aa-8508-ae964ccb6fa2" "tx06be5f63a6894a44a23a0-0069bb7023" "proxy-server 101374" 0.0003 "-" 99867 0
Mar 18 23:40:19 np0005651379.novalocal container-server[99868]: ::1 - - [19/Mar/2026:03:40:19 +0000] "HEAD /1/108960/AUTH_2c0dd7efa1e94d879bc5da8c6f19a646/gnocchi.cb48c98f-e80f-41aa-8508-ae964ccb6fa2" 404 - "HEAD http://[::1]:8080/v1/AUTH_2c0dd7efa1e94d879bc5da8c6f19a646/gnocchi.cb48c98f-e80f-41aa-8508-ae964ccb6fa2" "tx06be5f63a6894a44a23a0-0069bb7023" "proxy-server 101374" 0.0002 "-" 99868 0
Mar 18 23:40:19 np0005651379.novalocal proxy-server[101374]: - - 19/Mar/2026/03/40/19 HEAD /v1/AUTH_2c0dd7efa1e94d879bc5da8c6f19a646/gnocchi.cb48c98f-e80f-41aa-8508-ae964ccb6fa2 HTTP/1.0 404 - Swift - - - - tx06be5f63a6894a44a23a0-0069bb7023 - 0.0177 CS - 1773891619.951380253 1773891619.969049931 0 -
Mar 18 23:40:19 np0005651379.novalocal object-server[100256]: ::1 - - [19/Mar/2026:03:40:19 +0000] "GET /3/25184/AUTH_2c0dd7efa1e94d879bc5da8c6f19a646/gnocchi.cb48c98f-e80f-41aa-8508-ae964ccb6fa2/none_v3" 404 70 "GET https://[::1]:8080/v1/AUTH_2c0dd7efa1e94d879bc5da8c6f19a646/gnocchi.cb48c98f-e80f-41aa-8508-ae964ccb6fa2/none_v3" "tx06be5f63a6894a44a23a0-0069bb7023" "proxy-server 101374" 0.0003 "-" 100256 0
Mar 18 23:40:19 np0005651379.novalocal object-server[100256]: ::1 - - [19/Mar/2026:03:40:19 +0000] "GET /2/25184/AUTH_2c0dd7efa1e94d879bc5da8c6f19a646/gnocchi.cb48c98f-e80f-41aa-8508-ae964ccb6fa2/none_v3" 404 70 "GET https://[::1]:8080/v1/AUTH_2c0dd7efa1e94d879bc5da8c6f19a646/gnocchi.cb48c98f-e80f-41aa-8508-ae964ccb6fa2/none_v3" "tx06be5f63a6894a44a23a0-0069bb7023" "proxy-server 101374" 0.0002 "-" 100256 0
Mar 18 23:40:19 np0005651379.novalocal object-server[100257]: ::1 - - [19/Mar/2026:03:40:19 +0000] "GET /1/25184/AUTH_2c0dd7efa1e94d879bc5da8c6f19a646/gnocchi.cb48c98f-e80f-41aa-8508-ae964ccb6fa2/none_v3" 404 70 "GET https://[::1]:8080/v1/AUTH_2c0dd7efa1e94d879bc5da8c6f19a646/gnocchi.cb48c98f-e80f-41aa-8508-ae964ccb6fa2/none_v3" "tx06be5f63a6894a44a23a0-0069bb7023" "proxy-server 101374" 0.0006 "-" 100257 0
Mar 18 23:40:19 np0005651379.novalocal proxy-server[101374]: ::1 ::1 19/Mar/2026/03/40/19 GET /v1/AUTH_2c0dd7efa1e94d879bc5da8c6f19a646/gnocchi.cb48c98f-e80f-41aa-8508-ae964ccb6fa2/none_v3 HTTP/1.0 404 - python-swiftclient-4.8.0 gAAAAABpu2_uqf-H... - 70 - tx06be5f63a6894a44a23a0-0069bb7023 - 0.0284 - - 1773891619.950955868 1773891619.979366064 0 e61d2c26cb6146fb88642c1126e377de
Mar 18 23:40:20 np0005651379.novalocal account-server[99474]: ::1 - - [19/Mar/2026:03:40:20 +0000] "PUT /1/184762/AUTH_2c0dd7efa1e94d879bc5da8c6f19a646/gnocchi.cb48c98f-e80f-41aa-8508-ae964ccb6fa2" 201 - "PUT http://[::1]:6001/1/108960/AUTH_2c0dd7efa1e94d879bc5da8c6f19a646/gnocchi.cb48c98f-e80f-41aa-8508-ae964ccb6fa2" "tx1e8fdbb6538f4f1a97ee6-0069bb7023" "container-server 99868" 0.0067 "-" 99474 0
Mar 18 23:40:20 np0005651379.novalocal container-server[99868]: ::1 - - [19/Mar/2026:03:40:20 +0000] "PUT /1/108960/AUTH_2c0dd7efa1e94d879bc5da8c6f19a646/gnocchi.cb48c98f-e80f-41aa-8508-ae964ccb6fa2" 201 - "PUT https://[::1]:8080/v1/AUTH_2c0dd7efa1e94d879bc5da8c6f19a646/gnocchi.cb48c98f-e80f-41aa-8508-ae964ccb6fa2" "tx1e8fdbb6538f4f1a97ee6-0069bb7023" "proxy-server 101374" 0.0266 "-" 99868 0
Mar 18 23:40:20 np0005651379.novalocal account-server[99475]: ::1 - - [19/Mar/2026:03:40:20 +0000] "PUT /3/184762/AUTH_2c0dd7efa1e94d879bc5da8c6f19a646/gnocchi.cb48c98f-e80f-41aa-8508-ae964ccb6fa2" 201 - "PUT http://[::1]:6001/3/108960/AUTH_2c0dd7efa1e94d879bc5da8c6f19a646/gnocchi.cb48c98f-e80f-41aa-8508-ae964ccb6fa2" "tx1e8fdbb6538f4f1a97ee6-0069bb7023" "container-server 99868" 0.0081 "-" 99475 0
Mar 18 23:40:20 np0005651379.novalocal container-server[99868]: ::1 - - [19/Mar/2026:03:40:20 +0000] "PUT /3/108960/AUTH_2c0dd7efa1e94d879bc5da8c6f19a646/gnocchi.cb48c98f-e80f-41aa-8508-ae964ccb6fa2" 201 - "PUT https://[::1]:8080/v1/AUTH_2c0dd7efa1e94d879bc5da8c6f19a646/gnocchi.cb48c98f-e80f-41aa-8508-ae964ccb6fa2" "tx1e8fdbb6538f4f1a97ee6-0069bb7023" "proxy-server 101374" 0.0222 "-" 99868 0
Mar 18 23:40:20 np0005651379.novalocal account-server[99474]: ::1 - - [19/Mar/2026:03:40:20 +0000] "PUT /2/184762/AUTH_2c0dd7efa1e94d879bc5da8c6f19a646/gnocchi.cb48c98f-e80f-41aa-8508-ae964ccb6fa2" 201 - "PUT http://[::1]:6001/2/108960/AUTH_2c0dd7efa1e94d879bc5da8c6f19a646/gnocchi.cb48c98f-e80f-41aa-8508-ae964ccb6fa2" "tx1e8fdbb6538f4f1a97ee6-0069bb7023" "container-server 99868" 0.0049 "-" 99474 0
Mar 18 23:40:20 np0005651379.novalocal container-server[99868]: ::1 - - [19/Mar/2026:03:40:20 +0000] "PUT /2/108960/AUTH_2c0dd7efa1e94d879bc5da8c6f19a646/gnocchi.cb48c98f-e80f-41aa-8508-ae964ccb6fa2" 201 - "PUT https://[::1]:8080/v1/AUTH_2c0dd7efa1e94d879bc5da8c6f19a646/gnocchi.cb48c98f-e80f-41aa-8508-ae964ccb6fa2" "tx1e8fdbb6538f4f1a97ee6-0069bb7023" "proxy-server 101374" 0.0206 "-" 99868 0
Mar 18 23:40:20 np0005651379.novalocal proxy-server[101374]: ::1 ::1 19/Mar/2026/03/40/20 PUT /v1/AUTH_2c0dd7efa1e94d879bc5da8c6f19a646/gnocchi.cb48c98f-e80f-41aa-8508-ae964ccb6fa2 HTTP/1.0 201 - python-swiftclient-4.8.0 gAAAAABpu2_uqf-H... - - - tx1e8fdbb6538f4f1a97ee6-0069bb7023 - 0.0370 - - 1773891619.981224537 1773891620.018224239 0 e61d2c26cb6146fb88642c1126e377de
Mar 18 23:40:20 np0005651379.novalocal container-server[99867]: ::1 - - [19/Mar/2026:03:40:20 +0000] "HEAD /1/108960/AUTH_2c0dd7efa1e94d879bc5da8c6f19a646/gnocchi.cb48c98f-e80f-41aa-8508-ae964ccb6fa2" 204 - "HEAD http://[::1]:8080/v1/AUTH_2c0dd7efa1e94d879bc5da8c6f19a646/gnocchi.cb48c98f-e80f-41aa-8508-ae964ccb6fa2" "tx6b6c038199b0437a8ae1f-0069bb7024" "proxy-server 101374" 0.0018 "-" 99867 0
Mar 18 23:40:20 np0005651379.novalocal proxy-server[101374]: - - 19/Mar/2026/03/40/20 HEAD /v1/AUTH_2c0dd7efa1e94d879bc5da8c6f19a646/gnocchi.cb48c98f-e80f-41aa-8508-ae964ccb6fa2 HTTP/1.0 204 - Swift - - - - tx6b6c038199b0437a8ae1f-0069bb7024 - 0.0066 CS - 1773891620.021029711 1773891620.027624369 0 -
Mar 18 23:40:20 np0005651379.novalocal container-server[99868]: ::1 - - [19/Mar/2026:03:40:20 +0000] "GET /1/108960/AUTH_2c0dd7efa1e94d879bc5da8c6f19a646/gnocchi.cb48c98f-e80f-41aa-8508-ae964ccb6fa2" 200 2 "GET https://[::1]:8080/v1/AUTH_2c0dd7efa1e94d879bc5da8c6f19a646/gnocchi.cb48c98f-e80f-41aa-8508-ae964ccb6fa2?format=json&states=listing" "tx6b6c038199b0437a8ae1f-0069bb7024" "proxy-server 101374" 0.0013 "-" 99868 0
Mar 18 23:40:20 np0005651379.novalocal proxy-server[101374]: ::1 ::1 19/Mar/2026/03/40/20 GET /v1/AUTH_2c0dd7efa1e94d879bc5da8c6f19a646/gnocchi.cb48c98f-e80f-41aa-8508-ae964ccb6fa2%3Fformat%3Djson%26states%3Dlisting HTTP/1.0 200 - python-swiftclient-4.8.0 gAAAAABpu2_uqf-H... - 2 - tx6b6c038199b0437a8ae1f-0069bb7024 - 0.0125 - - 1773891620.020602465 1773891620.033073425 0 e61d2c26cb6146fb88642c1126e377de
Mar 18 23:40:20 np0005651379.novalocal object-reconstructor[99297]: Starting object reconstruction pass.
Mar 18 23:40:20 np0005651379.novalocal object-reconstructor[99297]: Nothing reconstructed for 0.00025582313537597656 seconds.
Mar 18 23:40:20 np0005651379.novalocal object-reconstructor[99297]: Object reconstruction complete. (0.00 minutes)
Mar 18 23:40:20 np0005651379.novalocal container-replicator[99951]: Replication run OVER
Mar 18 23:40:20 np0005651379.novalocal container-replicator[99951]: Attempted to replicate 63 dbs in 1.82629 seconds (34.49620/s)
Mar 18 23:40:20 np0005651379.novalocal container-replicator[99951]: Removed 0 dbs
Mar 18 23:40:20 np0005651379.novalocal container-replicator[99951]: 126 successes, 0 failures
Mar 18 23:40:20 np0005651379.novalocal container-replicator[99951]: diff:0 diff_capped:0 empty:0 hashmatch:0 no_change:126 remote_merge:0 rsync:0 ts_repl:0
Mar 18 23:40:20 np0005651379.novalocal object-server[100257]: ::1 - - [19/Mar/2026:03:40:20 +0000] "GET /3/105662/AUTH_2c0dd7efa1e94d879bc5da8c6f19a646/gnocchi.cb48c98f-e80f-41aa-8508-ae964ccb6fa2/1773360000.0_mean_300.0_v3" 404 70 "GET https://[::1]:8080/v1/AUTH_2c0dd7efa1e94d879bc5da8c6f19a646/gnocchi.cb48c98f-e80f-41aa-8508-ae964ccb6fa2/1773360000.0_mean_300.0_v3" "tx7ff7a874160d4c8398384-0069bb7024" "proxy-server 101374" 0.0006 "-" 100257 0
Mar 18 23:40:20 np0005651379.novalocal object-server[100257]: ::1 - - [19/Mar/2026:03:40:20 +0000] "GET /2/105662/AUTH_2c0dd7efa1e94d879bc5da8c6f19a646/gnocchi.cb48c98f-e80f-41aa-8508-ae964ccb6fa2/1773360000.0_mean_300.0_v3" 404 70 "GET https://[::1]:8080/v1/AUTH_2c0dd7efa1e94d879bc5da8c6f19a646/gnocchi.cb48c98f-e80f-41aa-8508-ae964ccb6fa2/1773360000.0_mean_300.0_v3" "tx7ff7a874160d4c8398384-0069bb7024" "proxy-server 101374" 0.0003 "-" 100257 0
Mar 18 23:40:20 np0005651379.novalocal object-server[100256]: ::1 - - [19/Mar/2026:03:40:20 +0000] "GET /1/105662/AUTH_2c0dd7efa1e94d879bc5da8c6f19a646/gnocchi.cb48c98f-e80f-41aa-8508-ae964ccb6fa2/1773360000.0_mean_300.0_v3" 404 70 "GET https://[::1]:8080/v1/AUTH_2c0dd7efa1e94d879bc5da8c6f19a646/gnocchi.cb48c98f-e80f-41aa-8508-ae964ccb6fa2/1773360000.0_mean_300.0_v3" "tx7ff7a874160d4c8398384-0069bb7024" "proxy-server 101374" 0.0003 "-" 100256 0
Mar 18 23:40:20 np0005651379.novalocal proxy-server[101374]: ::1 ::1 19/Mar/2026/03/40/20 GET /v1/AUTH_2c0dd7efa1e94d879bc5da8c6f19a646/gnocchi.cb48c98f-e80f-41aa-8508-ae964ccb6fa2/1773360000.0_mean_300.0_v3 HTTP/1.0 404 - python-swiftclient-4.8.0 gAAAAABpu2_uqf-H... - 70 - tx7ff7a874160d4c8398384-0069bb7024 - 0.0107 - - 1773891620.035515070 1773891620.046216488 0 e61d2c26cb6146fb88642c1126e377de
Mar 18 23:40:20 np0005651379.novalocal container-server[99867]: ::1 - - [19/Mar/2026:03:40:20 +0000] "PUT /3/108960/AUTH_2c0dd7efa1e94d879bc5da8c6f19a646/gnocchi.cb48c98f-e80f-41aa-8508-ae964ccb6fa2/1773360000.0_mean_300.0_v3" 201 - "PUT http://[::1]:8080/2/105662/AUTH_2c0dd7efa1e94d879bc5da8c6f19a646/gnocchi.cb48c98f-e80f-41aa-8508-ae964ccb6fa2/1773360000.0_mean_300.0_v3" "txbbc5d8b30cc641c4a0461-0069bb7024" "object-server 100256" 0.0009 "-" 99867 0
Mar 18 23:40:20 np0005651379.novalocal object-server[100256]: ::1 - - [19/Mar/2026:03:40:20 +0000] "PUT /2/105662/AUTH_2c0dd7efa1e94d879bc5da8c6f19a646/gnocchi.cb48c98f-e80f-41aa-8508-ae964ccb6fa2/1773360000.0_mean_300.0_v3" 201 - "PUT https://[::1]:8080/v1/AUTH_2c0dd7efa1e94d879bc5da8c6f19a646/gnocchi.cb48c98f-e80f-41aa-8508-ae964ccb6fa2/1773360000.0_mean_300.0_v3" "txbbc5d8b30cc641c4a0461-0069bb7024" "proxy-server 101374" 0.0115 "-" 100256 0
Mar 18 23:40:20 np0005651379.novalocal container-server[99867]: ::1 - - [19/Mar/2026:03:40:20 +0000] "PUT /1/108960/AUTH_2c0dd7efa1e94d879bc5da8c6f19a646/gnocchi.cb48c98f-e80f-41aa-8508-ae964ccb6fa2/1773360000.0_mean_300.0_v3" 201 - "PUT http://[::1]:8080/3/105662/AUTH_2c0dd7efa1e94d879bc5da8c6f19a646/gnocchi.cb48c98f-e80f-41aa-8508-ae964ccb6fa2/1773360000.0_mean_300.0_v3" "txbbc5d8b30cc641c4a0461-0069bb7024" "object-server 100256" 0.0006 "-" 99867 0
Mar 18 23:40:20 np0005651379.novalocal object-server[100256]: ::1 - - [19/Mar/2026:03:40:20 +0000] "PUT /3/105662/AUTH_2c0dd7efa1e94d879bc5da8c6f19a646/gnocchi.cb48c98f-e80f-41aa-8508-ae964ccb6fa2/1773360000.0_mean_300.0_v3" 201 - "PUT https://[::1]:8080/v1/AUTH_2c0dd7efa1e94d879bc5da8c6f19a646/gnocchi.cb48c98f-e80f-41aa-8508-ae964ccb6fa2/1773360000.0_mean_300.0_v3" "txbbc5d8b30cc641c4a0461-0069bb7024" "proxy-server 101374" 0.0125 "-" 100256 0
Mar 18 23:40:20 np0005651379.novalocal container-server[99867]: ::1 - - [19/Mar/2026:03:40:20 +0000] "PUT /2/108960/AUTH_2c0dd7efa1e94d879bc5da8c6f19a646/gnocchi.cb48c98f-e80f-41aa-8508-ae964ccb6fa2/1773360000.0_mean_300.0_v3" 201 - "PUT http://[::1]:8080/1/105662/AUTH_2c0dd7efa1e94d879bc5da8c6f19a646/gnocchi.cb48c98f-e80f-41aa-8508-ae964ccb6fa2/1773360000.0_mean_300.0_v3" "txbbc5d8b30cc641c4a0461-0069bb7024" "object-server 100256" 0.0006 "-" 99867 0
Mar 18 23:40:20 np0005651379.novalocal object-server[100256]: ::1 - - [19/Mar/2026:03:40:20 +0000] "PUT /1/105662/AUTH_2c0dd7efa1e94d879bc5da8c6f19a646/gnocchi.cb48c98f-e80f-41aa-8508-ae964ccb6fa2/1773360000.0_mean_300.0_v3" 201 - "PUT https://[::1]:8080/v1/AUTH_2c0dd7efa1e94d879bc5da8c6f19a646/gnocchi.cb48c98f-e80f-41aa-8508-ae964ccb6fa2/1773360000.0_mean_300.0_v3" "txbbc5d8b30cc641c4a0461-0069bb7024" "proxy-server 101374" 0.0128 "-" 100256 0
Mar 18 23:40:20 np0005651379.novalocal proxy-server[101374]: ::1 ::1 19/Mar/2026/03/40/20 PUT /v1/AUTH_2c0dd7efa1e94d879bc5da8c6f19a646/gnocchi.cb48c98f-e80f-41aa-8508-ae964ccb6fa2/1773360000.0_mean_300.0_v3 HTTP/1.0 201 - python-swiftclient-4.8.0 gAAAAABpu2_uqf-H... 16 - - txbbc5d8b30cc641c4a0461-0069bb7024 - 0.0209 - - 1773891620.048082829 1773891620.068997622 0 e61d2c26cb6146fb88642c1126e377de
Mar 18 23:40:20 np0005651379.novalocal container-server[99868]: ::1 - - [19/Mar/2026:03:40:20 +0000] "PUT /1/108960/AUTH_2c0dd7efa1e94d879bc5da8c6f19a646/gnocchi.cb48c98f-e80f-41aa-8508-ae964ccb6fa2/none_v3" 201 - "PUT http://[::1]:8080/3/25184/AUTH_2c0dd7efa1e94d879bc5da8c6f19a646/gnocchi.cb48c98f-e80f-41aa-8508-ae964ccb6fa2/none_v3" "txc022c5a865a34bab9663c-0069bb7024" "object-server 100256" 0.0005 "-" 99868 0
Mar 18 23:40:20 np0005651379.novalocal object-server[100256]: ::1 - - [19/Mar/2026:03:40:20 +0000] "PUT /3/25184/AUTH_2c0dd7efa1e94d879bc5da8c6f19a646/gnocchi.cb48c98f-e80f-41aa-8508-ae964ccb6fa2/none_v3" 201 - "PUT https://[::1]:8080/v1/AUTH_2c0dd7efa1e94d879bc5da8c6f19a646/gnocchi.cb48c98f-e80f-41aa-8508-ae964ccb6fa2/none_v3" "txc022c5a865a34bab9663c-0069bb7024" "proxy-server 101374" 0.0118 "-" 100256 0
Mar 18 23:40:20 np0005651379.novalocal container-server[99868]: ::1 - - [19/Mar/2026:03:40:20 +0000] "PUT /3/108960/AUTH_2c0dd7efa1e94d879bc5da8c6f19a646/gnocchi.cb48c98f-e80f-41aa-8508-ae964ccb6fa2/none_v3" 201 - "PUT http://[::1]:8080/2/25184/AUTH_2c0dd7efa1e94d879bc5da8c6f19a646/gnocchi.cb48c98f-e80f-41aa-8508-ae964ccb6fa2/none_v3" "txc022c5a865a34bab9663c-0069bb7024" "object-server 100257" 0.0003 "-" 99868 0
Mar 18 23:40:20 np0005651379.novalocal container-server[99868]: ::1 - - [19/Mar/2026:03:40:20 +0000] "PUT /2/108960/AUTH_2c0dd7efa1e94d879bc5da8c6f19a646/gnocchi.cb48c98f-e80f-41aa-8508-ae964ccb6fa2/none_v3" 201 - "PUT http://[::1]:8080/1/25184/AUTH_2c0dd7efa1e94d879bc5da8c6f19a646/gnocchi.cb48c98f-e80f-41aa-8508-ae964ccb6fa2/none_v3" "txc022c5a865a34bab9663c-0069bb7024" "object-server 100257" 0.0002 "-" 99868 0
Mar 18 23:40:20 np0005651379.novalocal object-server[100257]: ::1 - - [19/Mar/2026:03:40:20 +0000] "PUT /2/25184/AUTH_2c0dd7efa1e94d879bc5da8c6f19a646/gnocchi.cb48c98f-e80f-41aa-8508-ae964ccb6fa2/none_v3" 201 - "PUT https://[::1]:8080/v1/AUTH_2c0dd7efa1e94d879bc5da8c6f19a646/gnocchi.cb48c98f-e80f-41aa-8508-ae964ccb6fa2/none_v3" "txc022c5a865a34bab9663c-0069bb7024" "proxy-server 101374" 0.0134 "-" 100257 0
Mar 18 23:40:20 np0005651379.novalocal object-server[100257]: ::1 - - [19/Mar/2026:03:40:20 +0000] "PUT /1/25184/AUTH_2c0dd7efa1e94d879bc5da8c6f19a646/gnocchi.cb48c98f-e80f-41aa-8508-ae964ccb6fa2/none_v3" 201 - "PUT https://[::1]:8080/v1/AUTH_2c0dd7efa1e94d879bc5da8c6f19a646/gnocchi.cb48c98f-e80f-41aa-8508-ae964ccb6fa2/none_v3" "txc022c5a865a34bab9663c-0069bb7024" "proxy-server 101374" 0.0126 "-" 100257 0
Mar 18 23:40:20 np0005651379.novalocal proxy-server[101374]: ::1 ::1 19/Mar/2026/03/40/20 PUT /v1/AUTH_2c0dd7efa1e94d879bc5da8c6f19a646/gnocchi.cb48c98f-e80f-41aa-8508-ae964ccb6fa2/none_v3 HTTP/1.0 201 - python-swiftclient-4.8.0 gAAAAABpu2_uqf-H... 22 - - txc022c5a865a34bab9663c-0069bb7024 - 0.0219 - - 1773891620.070961237 1773891620.092825651 0 e61d2c26cb6146fb88642c1126e377de
Mar 18 23:40:20 np0005651379.novalocal container-server[99867]: ::1 - - [19/Mar/2026:03:40:20 +0000] "HEAD /3/160778/AUTH_2c0dd7efa1e94d879bc5da8c6f19a646/gnocchi.405dd4d4-50c4-4be0-9200-a85c87636d3b" 404 - "HEAD http://[::1]:8080/v1/AUTH_2c0dd7efa1e94d879bc5da8c6f19a646/gnocchi.405dd4d4-50c4-4be0-9200-a85c87636d3b" "txca030c9cb47a477da4375-0069bb7024" "proxy-server 101374" 0.0005 "-" 99867 0
Mar 18 23:40:20 np0005651379.novalocal container-server[99868]: ::1 - - [19/Mar/2026:03:40:20 +0000] "HEAD /1/160778/AUTH_2c0dd7efa1e94d879bc5da8c6f19a646/gnocchi.405dd4d4-50c4-4be0-9200-a85c87636d3b" 404 - "HEAD http://[::1]:8080/v1/AUTH_2c0dd7efa1e94d879bc5da8c6f19a646/gnocchi.405dd4d4-50c4-4be0-9200-a85c87636d3b" "txca030c9cb47a477da4375-0069bb7024" "proxy-server 101374" 0.0003 "-" 99868 0
Mar 18 23:40:20 np0005651379.novalocal container-server[99867]: ::1 - - [19/Mar/2026:03:40:20 +0000] "HEAD /2/160778/AUTH_2c0dd7efa1e94d879bc5da8c6f19a646/gnocchi.405dd4d4-50c4-4be0-9200-a85c87636d3b" 404 - "HEAD http://[::1]:8080/v1/AUTH_2c0dd7efa1e94d879bc5da8c6f19a646/gnocchi.405dd4d4-50c4-4be0-9200-a85c87636d3b" "txca030c9cb47a477da4375-0069bb7024" "proxy-server 101374" 0.0003 "-" 99867 0
Mar 18 23:40:20 np0005651379.novalocal proxy-server[101374]: - - 19/Mar/2026/03/40/20 HEAD /v1/AUTH_2c0dd7efa1e94d879bc5da8c6f19a646/gnocchi.405dd4d4-50c4-4be0-9200-a85c87636d3b HTTP/1.0 404 - Swift - - - - txca030c9cb47a477da4375-0069bb7024 - 0.0078 CS - 1773891620.116882801 1773891620.124652147 0 -
Mar 18 23:40:20 np0005651379.novalocal object-server[100257]: ::1 - - [19/Mar/2026:03:40:20 +0000] "GET /3/89109/AUTH_2c0dd7efa1e94d879bc5da8c6f19a646/gnocchi.405dd4d4-50c4-4be0-9200-a85c87636d3b/none_v3" 404 70 "GET https://[::1]:8080/v1/AUTH_2c0dd7efa1e94d879bc5da8c6f19a646/gnocchi.405dd4d4-50c4-4be0-9200-a85c87636d3b/none_v3" "txca030c9cb47a477da4375-0069bb7024" "proxy-server 101374" 0.0004 "-" 100257 0
Mar 18 23:40:20 np0005651379.novalocal object-server[100256]: ::1 - - [19/Mar/2026:03:40:20 +0000] "GET /1/89109/AUTH_2c0dd7efa1e94d879bc5da8c6f19a646/gnocchi.405dd4d4-50c4-4be0-9200-a85c87636d3b/none_v3" 404 70 "GET https://[::1]:8080/v1/AUTH_2c0dd7efa1e94d879bc5da8c6f19a646/gnocchi.405dd4d4-50c4-4be0-9200-a85c87636d3b/none_v3" "txca030c9cb47a477da4375-0069bb7024" "proxy-server 101374" 0.0003 "-" 100256 0
Mar 18 23:40:20 np0005651379.novalocal object-server[100257]: ::1 - - [19/Mar/2026:03:40:20 +0000] "GET /2/89109/AUTH_2c0dd7efa1e94d879bc5da8c6f19a646/gnocchi.405dd4d4-50c4-4be0-9200-a85c87636d3b/none_v3" 404 70 "GET https://[::1]:8080/v1/AUTH_2c0dd7efa1e94d879bc5da8c6f19a646/gnocchi.405dd4d4-50c4-4be0-9200-a85c87636d3b/none_v3" "txca030c9cb47a477da4375-0069bb7024" "proxy-server 101374" 0.0004 "-" 100257 0
Mar 18 23:40:20 np0005651379.novalocal proxy-server[101374]: ::1 ::1 19/Mar/2026/03/40/20 GET /v1/AUTH_2c0dd7efa1e94d879bc5da8c6f19a646/gnocchi.405dd4d4-50c4-4be0-9200-a85c87636d3b/none_v3 HTTP/1.0 404 - python-swiftclient-4.8.0 gAAAAABpu2_uqf-H... - 70 - txca030c9cb47a477da4375-0069bb7024 - 0.0176 - - 1773891620.116294861 1773891620.133854151 0 e61d2c26cb6146fb88642c1126e377de
Mar 18 23:40:20 np0005651379.novalocal account-server[99474]: ::1 - - [19/Mar/2026:03:40:20 +0000] "PUT /1/184762/AUTH_2c0dd7efa1e94d879bc5da8c6f19a646/gnocchi.405dd4d4-50c4-4be0-9200-a85c87636d3b" 201 - "PUT http://[::1]:6001/3/160778/AUTH_2c0dd7efa1e94d879bc5da8c6f19a646/gnocchi.405dd4d4-50c4-4be0-9200-a85c87636d3b" "tx2a5e2f2acbeb4dacb0a47-0069bb7024" "container-server 99868" 0.0051 "-" 99474 0
Mar 18 23:40:20 np0005651379.novalocal container-server[99868]: ::1 - - [19/Mar/2026:03:40:20 +0000] "PUT /3/160778/AUTH_2c0dd7efa1e94d879bc5da8c6f19a646/gnocchi.405dd4d4-50c4-4be0-9200-a85c87636d3b" 201 - "PUT https://[::1]:8080/v1/AUTH_2c0dd7efa1e94d879bc5da8c6f19a646/gnocchi.405dd4d4-50c4-4be0-9200-a85c87636d3b" "tx2a5e2f2acbeb4dacb0a47-0069bb7024" "proxy-server 101374" 0.0136 "-" 99868 0
Mar 18 23:40:20 np0005651379.novalocal account-server[99474]: ::1 - - [19/Mar/2026:03:40:20 +0000] "PUT /2/184762/AUTH_2c0dd7efa1e94d879bc5da8c6f19a646/gnocchi.405dd4d4-50c4-4be0-9200-a85c87636d3b" 201 - "PUT http://[::1]:6001/1/160778/AUTH_2c0dd7efa1e94d879bc5da8c6f19a646/gnocchi.405dd4d4-50c4-4be0-9200-a85c87636d3b" "tx2a5e2f2acbeb4dacb0a47-0069bb7024" "container-server 99867" 0.0043 "-" 99474 0
Mar 18 23:40:20 np0005651379.novalocal container-server[99867]: ::1 - - [19/Mar/2026:03:40:20 +0000] "PUT /1/160778/AUTH_2c0dd7efa1e94d879bc5da8c6f19a646/gnocchi.405dd4d4-50c4-4be0-9200-a85c87636d3b" 201 - "PUT https://[::1]:8080/v1/AUTH_2c0dd7efa1e94d879bc5da8c6f19a646/gnocchi.405dd4d4-50c4-4be0-9200-a85c87636d3b" "tx2a5e2f2acbeb4dacb0a47-0069bb7024" "proxy-server 101374" 0.0325 "-" 99867 0
Mar 18 23:40:20 np0005651379.novalocal account-server[99474]: ::1 - - [19/Mar/2026:03:40:20 +0000] "PUT /3/184762/AUTH_2c0dd7efa1e94d879bc5da8c6f19a646/gnocchi.405dd4d4-50c4-4be0-9200-a85c87636d3b" 201 - "PUT http://[::1]:6001/2/160778/AUTH_2c0dd7efa1e94d879bc5da8c6f19a646/gnocchi.405dd4d4-50c4-4be0-9200-a85c87636d3b" "tx2a5e2f2acbeb4dacb0a47-0069bb7024" "container-server 99867" 0.0043 "-" 99474 0
Mar 18 23:40:20 np0005651379.novalocal container-server[99867]: ::1 - - [19/Mar/2026:03:40:20 +0000] "PUT /2/160778/AUTH_2c0dd7efa1e94d879bc5da8c6f19a646/gnocchi.405dd4d4-50c4-4be0-9200-a85c87636d3b" 201 - "PUT https://[::1]:8080/v1/AUTH_2c0dd7efa1e94d879bc5da8c6f19a646/gnocchi.405dd4d4-50c4-4be0-9200-a85c87636d3b" "tx2a5e2f2acbeb4dacb0a47-0069bb7024" "proxy-server 101374" 0.0208 "-" 99867 0
Mar 18 23:40:20 np0005651379.novalocal proxy-server[101374]: ::1 ::1 19/Mar/2026/03/40/20 PUT /v1/AUTH_2c0dd7efa1e94d879bc5da8c6f19a646/gnocchi.405dd4d4-50c4-4be0-9200-a85c87636d3b HTTP/1.0 201 - python-swiftclient-4.8.0 gAAAAABpu2_uqf-H... - - - tx2a5e2f2acbeb4dacb0a47-0069bb7024 - 0.0418 - - 1773891620.135695219 1773891620.177532911 0 e61d2c26cb6146fb88642c1126e377de
Mar 18 23:40:20 np0005651379.novalocal container-server[99868]: ::1 - - [19/Mar/2026:03:40:20 +0000] "HEAD /1/160778/AUTH_2c0dd7efa1e94d879bc5da8c6f19a646/gnocchi.405dd4d4-50c4-4be0-9200-a85c87636d3b" 204 - "HEAD http://[::1]:8080/v1/AUTH_2c0dd7efa1e94d879bc5da8c6f19a646/gnocchi.405dd4d4-50c4-4be0-9200-a85c87636d3b" "tx0de3b89560934dedab722-0069bb7024" "proxy-server 101374" 0.0008 "-" 99868 0
Mar 18 23:40:20 np0005651379.novalocal proxy-server[101374]: - - 19/Mar/2026/03/40/20 HEAD /v1/AUTH_2c0dd7efa1e94d879bc5da8c6f19a646/gnocchi.405dd4d4-50c4-4be0-9200-a85c87636d3b HTTP/1.0 204 - Swift - - - - tx0de3b89560934dedab722-0069bb7024 - 0.0029 CS - 1773891620.181573629 1773891620.184497118 0 -
Mar 18 23:40:20 np0005651379.novalocal container-server[99867]: ::1 - - [19/Mar/2026:03:40:20 +0000] "GET /3/160778/AUTH_2c0dd7efa1e94d879bc5da8c6f19a646/gnocchi.405dd4d4-50c4-4be0-9200-a85c87636d3b" 200 2 "GET https://[::1]:8080/v1/AUTH_2c0dd7efa1e94d879bc5da8c6f19a646/gnocchi.405dd4d4-50c4-4be0-9200-a85c87636d3b?format=json&states=listing" "tx0de3b89560934dedab722-0069bb7024" "proxy-server 101374" 0.0032 "-" 99867 0
Mar 18 23:40:20 np0005651379.novalocal proxy-server[101374]: ::1 ::1 19/Mar/2026/03/40/20 GET /v1/AUTH_2c0dd7efa1e94d879bc5da8c6f19a646/gnocchi.405dd4d4-50c4-4be0-9200-a85c87636d3b%3Fformat%3Djson%26states%3Dlisting HTTP/1.0 200 - python-swiftclient-4.8.0 gAAAAABpu2_uqf-H... - 2 - tx0de3b89560934dedab722-0069bb7024 - 0.0118 - - 1773891620.181135654 1773891620.192907333 0 e61d2c26cb6146fb88642c1126e377de
Mar 18 23:40:20 np0005651379.novalocal object-server[100257]: ::1 - - [19/Mar/2026:03:40:20 +0000] "GET /3/14488/AUTH_2c0dd7efa1e94d879bc5da8c6f19a646/gnocchi.405dd4d4-50c4-4be0-9200-a85c87636d3b/1773360000.0_mean_300.0_v3" 404 70 "GET https://[::1]:8080/v1/AUTH_2c0dd7efa1e94d879bc5da8c6f19a646/gnocchi.405dd4d4-50c4-4be0-9200-a85c87636d3b/1773360000.0_mean_300.0_v3" "tx17f158c3c2ca41a78d898-0069bb7024" "proxy-server 101374" 0.0003 "-" 100257 0
Mar 18 23:40:20 np0005651379.novalocal object-server[100257]: ::1 - - [19/Mar/2026:03:40:20 +0000] "GET /1/14488/AUTH_2c0dd7efa1e94d879bc5da8c6f19a646/gnocchi.405dd4d4-50c4-4be0-9200-a85c87636d3b/1773360000.0_mean_300.0_v3" 404 70 "GET https://[::1]:8080/v1/AUTH_2c0dd7efa1e94d879bc5da8c6f19a646/gnocchi.405dd4d4-50c4-4be0-9200-a85c87636d3b/1773360000.0_mean_300.0_v3" "tx17f158c3c2ca41a78d898-0069bb7024" "proxy-server 101374" 0.0004 "-" 100257 0
Mar 18 23:40:20 np0005651379.novalocal object-server[100257]: ::1 - - [19/Mar/2026:03:40:20 +0000] "GET /2/14488/AUTH_2c0dd7efa1e94d879bc5da8c6f19a646/gnocchi.405dd4d4-50c4-4be0-9200-a85c87636d3b/1773360000.0_mean_300.0_v3" 404 70 "GET https://[::1]:8080/v1/AUTH_2c0dd7efa1e94d879bc5da8c6f19a646/gnocchi.405dd4d4-50c4-4be0-9200-a85c87636d3b/1773360000.0_mean_300.0_v3" "tx17f158c3c2ca41a78d898-0069bb7024" "proxy-server 101374" 0.0004 "-" 100257 0
Mar 18 23:40:20 np0005651379.novalocal proxy-server[101374]: ::1 ::1 19/Mar/2026/03/40/20 GET /v1/AUTH_2c0dd7efa1e94d879bc5da8c6f19a646/gnocchi.405dd4d4-50c4-4be0-9200-a85c87636d3b/1773360000.0_mean_300.0_v3 HTTP/1.0 404 - python-swiftclient-4.8.0 gAAAAABpu2_uqf-H... - 70 - tx17f158c3c2ca41a78d898-0069bb7024 - 0.0094 - - 1773891620.195266962 1773891620.204672337 0 e61d2c26cb6146fb88642c1126e377de
Mar 18 23:40:20 np0005651379.novalocal container-server[99867]: ::1 - - [19/Mar/2026:03:40:20 +0000] "PUT /2/160778/AUTH_2c0dd7efa1e94d879bc5da8c6f19a646/gnocchi.405dd4d4-50c4-4be0-9200-a85c87636d3b/1773360000.0_mean_300.0_v3" 201 - "PUT http://[::1]:8080/1/14488/AUTH_2c0dd7efa1e94d879bc5da8c6f19a646/gnocchi.405dd4d4-50c4-4be0-9200-a85c87636d3b/1773360000.0_mean_300.0_v3" "txc91581c05b214982b1a26-0069bb7024" "object-server 100256" 0.0008 "-" 99867 0
Mar 18 23:40:20 np0005651379.novalocal container-server[99868]: ::1 - - [19/Mar/2026:03:40:20 +0000] "PUT /1/160778/AUTH_2c0dd7efa1e94d879bc5da8c6f19a646/gnocchi.405dd4d4-50c4-4be0-9200-a85c87636d3b/1773360000.0_mean_300.0_v3" 201 - "PUT http://[::1]:8080/3/14488/AUTH_2c0dd7efa1e94d879bc5da8c6f19a646/gnocchi.405dd4d4-50c4-4be0-9200-a85c87636d3b/1773360000.0_mean_300.0_v3" "txc91581c05b214982b1a26-0069bb7024" "object-server 100257" 0.0004 "-" 99868 0
Mar 18 23:40:20 np0005651379.novalocal object-server[100256]: ::1 - - [19/Mar/2026:03:40:20 +0000] "PUT /1/14488/AUTH_2c0dd7efa1e94d879bc5da8c6f19a646/gnocchi.405dd4d4-50c4-4be0-9200-a85c87636d3b/1773360000.0_mean_300.0_v3" 201 - "PUT https://[::1]:8080/v1/AUTH_2c0dd7efa1e94d879bc5da8c6f19a646/gnocchi.405dd4d4-50c4-4be0-9200-a85c87636d3b/1773360000.0_mean_300.0_v3" "txc91581c05b214982b1a26-0069bb7024" "proxy-server 101374" 0.0105 "-" 100256 0
Mar 18 23:40:20 np0005651379.novalocal object-server[100257]: ::1 - - [19/Mar/2026:03:40:20 +0000] "PUT /3/14488/AUTH_2c0dd7efa1e94d879bc5da8c6f19a646/gnocchi.405dd4d4-50c4-4be0-9200-a85c87636d3b/1773360000.0_mean_300.0_v3" 201 - "PUT https://[::1]:8080/v1/AUTH_2c0dd7efa1e94d879bc5da8c6f19a646/gnocchi.405dd4d4-50c4-4be0-9200-a85c87636d3b/1773360000.0_mean_300.0_v3" "txc91581c05b214982b1a26-0069bb7024" "proxy-server 101374" 0.0091 "-" 100257 0
Mar 18 23:40:20 np0005651379.novalocal container-server[99867]: ::1 - - [19/Mar/2026:03:40:20 +0000] "PUT /3/160778/AUTH_2c0dd7efa1e94d879bc5da8c6f19a646/gnocchi.405dd4d4-50c4-4be0-9200-a85c87636d3b/1773360000.0_mean_300.0_v3" 201 - "PUT http://[::1]:8080/2/14488/AUTH_2c0dd7efa1e94d879bc5da8c6f19a646/gnocchi.405dd4d4-50c4-4be0-9200-a85c87636d3b/1773360000.0_mean_300.0_v3" "txc91581c05b214982b1a26-0069bb7024" "object-server 100256" 0.0006 "-" 99867 0
Mar 18 23:40:20 np0005651379.novalocal object-server[100256]: ::1 - - [19/Mar/2026:03:40:20 +0000] "PUT /2/14488/AUTH_2c0dd7efa1e94d879bc5da8c6f19a646/gnocchi.405dd4d4-50c4-4be0-9200-a85c87636d3b/1773360000.0_mean_300.0_v3" 201 - "PUT https://[::1]:8080/v1/AUTH_2c0dd7efa1e94d879bc5da8c6f19a646/gnocchi.405dd4d4-50c4-4be0-9200-a85c87636d3b/1773360000.0_mean_300.0_v3" "txc91581c05b214982b1a26-0069bb7024" "proxy-server 101374" 0.0141 "-" 100256 0
Mar 18 23:40:20 np0005651379.novalocal proxy-server[101374]: ::1 ::1 19/Mar/2026/03/40/20 PUT /v1/AUTH_2c0dd7efa1e94d879bc5da8c6f19a646/gnocchi.405dd4d4-50c4-4be0-9200-a85c87636d3b/1773360000.0_mean_300.0_v3 HTTP/1.0 201 - python-swiftclient-4.8.0 gAAAAABpu2_uqf-H... 16 - - txc91581c05b214982b1a26-0069bb7024 - 0.0191 - - 1773891620.206516743 1773891620.225567341 0 e61d2c26cb6146fb88642c1126e377de
Mar 18 23:40:20 np0005651379.novalocal container-server[99868]: ::1 - - [19/Mar/2026:03:40:20 +0000] "PUT /1/160778/AUTH_2c0dd7efa1e94d879bc5da8c6f19a646/gnocchi.405dd4d4-50c4-4be0-9200-a85c87636d3b/none_v3" 201 - "PUT http://[::1]:8080/2/89109/AUTH_2c0dd7efa1e94d879bc5da8c6f19a646/gnocchi.405dd4d4-50c4-4be0-9200-a85c87636d3b/none_v3" "tx5b7d011756f44748bbe40-0069bb7024" "object-server 100256" 0.0002 "-" 99868 0
Mar 18 23:40:20 np0005651379.novalocal object-server[100256]: ::1 - - [19/Mar/2026:03:40:20 +0000] "PUT /2/89109/AUTH_2c0dd7efa1e94d879bc5da8c6f19a646/gnocchi.405dd4d4-50c4-4be0-9200-a85c87636d3b/none_v3" 201 - "PUT https://[::1]:8080/v1/AUTH_2c0dd7efa1e94d879bc5da8c6f19a646/gnocchi.405dd4d4-50c4-4be0-9200-a85c87636d3b/none_v3" "tx5b7d011756f44748bbe40-0069bb7024" "proxy-server 101374" 0.0104 "-" 100256 0
Mar 18 23:40:20 np0005651379.novalocal container-server[99867]: ::1 - - [19/Mar/2026:03:40:20 +0000] "PUT /3/160778/AUTH_2c0dd7efa1e94d879bc5da8c6f19a646/gnocchi.405dd4d4-50c4-4be0-9200-a85c87636d3b/none_v3" 201 - "PUT http://[::1]:8080/1/89109/AUTH_2c0dd7efa1e94d879bc5da8c6f19a646/gnocchi.405dd4d4-50c4-4be0-9200-a85c87636d3b/none_v3" "tx5b7d011756f44748bbe40-0069bb7024" "object-server 100256" 0.0009 "-" 99867 0
Mar 18 23:40:20 np0005651379.novalocal object-server[100256]: ::1 - - [19/Mar/2026:03:40:20 +0000] "PUT /1/89109/AUTH_2c0dd7efa1e94d879bc5da8c6f19a646/gnocchi.405dd4d4-50c4-4be0-9200-a85c87636d3b/none_v3" 201 - "PUT https://[::1]:8080/v1/AUTH_2c0dd7efa1e94d879bc5da8c6f19a646/gnocchi.405dd4d4-50c4-4be0-9200-a85c87636d3b/none_v3" "tx5b7d011756f44748bbe40-0069bb7024" "proxy-server 101374" 0.0104 "-" 100256 0
Mar 18 23:40:20 np0005651379.novalocal container-server[99867]: ::1 - - [19/Mar/2026:03:40:20 +0000] "PUT /2/160778/AUTH_2c0dd7efa1e94d879bc5da8c6f19a646/gnocchi.405dd4d4-50c4-4be0-9200-a85c87636d3b/none_v3" 201 - "PUT http://[::1]:8080/3/89109/AUTH_2c0dd7efa1e94d879bc5da8c6f19a646/gnocchi.405dd4d4-50c4-4be0-9200-a85c87636d3b/none_v3" "tx5b7d011756f44748bbe40-0069bb7024" "object-server 100256" 0.0006 "-" 99867 0
Mar 18 23:40:20 np0005651379.novalocal object-server[100256]: ::1 - - [19/Mar/2026:03:40:20 +0000] "PUT /3/89109/AUTH_2c0dd7efa1e94d879bc5da8c6f19a646/gnocchi.405dd4d4-50c4-4be0-9200-a85c87636d3b/none_v3" 201 - "PUT https://[::1]:8080/v1/AUTH_2c0dd7efa1e94d879bc5da8c6f19a646/gnocchi.405dd4d4-50c4-4be0-9200-a85c87636d3b/none_v3" "tx5b7d011756f44748bbe40-0069bb7024" "proxy-server 101374" 0.0116 "-" 100256 0
Mar 18 23:40:20 np0005651379.novalocal proxy-server[101374]: ::1 ::1 19/Mar/2026/03/40/20 PUT /v1/AUTH_2c0dd7efa1e94d879bc5da8c6f19a646/gnocchi.405dd4d4-50c4-4be0-9200-a85c87636d3b/none_v3 HTTP/1.0 201 - python-swiftclient-4.8.0 gAAAAABpu2_uqf-H... 22 - - tx5b7d011756f44748bbe40-0069bb7024 - 0.0189 - - 1773891620.227535725 1773891620.246444702 0 e61d2c26cb6146fb88642c1126e377de
Mar 18 23:40:20 np0005651379.novalocal container-server[99867]: ::1 - - [19/Mar/2026:03:40:20 +0000] "HEAD /1/245332/AUTH_2c0dd7efa1e94d879bc5da8c6f19a646/gnocchi.a354173d-8d11-454f-9787-7f402ce889bf" 404 - "HEAD http://[::1]:8080/v1/AUTH_2c0dd7efa1e94d879bc5da8c6f19a646/gnocchi.a354173d-8d11-454f-9787-7f402ce889bf" "txc198e4e9fd4640e6a7f2b-0069bb7024" "proxy-server 101374" 0.0004 "-" 99867 0
