Mar 18 23:40:20 np0005651379.novalocal container-server[99867]: ::1 - - [19/Mar/2026:03:40:20 +0000] "HEAD /3/245332/AUTH_2c0dd7efa1e94d879bc5da8c6f19a646/gnocchi.a354173d-8d11-454f-9787-7f402ce889bf" 404 - "HEAD http://[::1]:8080/v1/AUTH_2c0dd7efa1e94d879bc5da8c6f19a646/gnocchi.a354173d-8d11-454f-9787-7f402ce889bf" "txc198e4e9fd4640e6a7f2b-0069bb7024" "proxy-server 101374" 0.0003 "-" 99867 0
Mar 18 23:40:20 np0005651379.novalocal container-server[99868]: ::1 - - [19/Mar/2026:03:40:20 +0000] "HEAD /2/245332/AUTH_2c0dd7efa1e94d879bc5da8c6f19a646/gnocchi.a354173d-8d11-454f-9787-7f402ce889bf" 404 - "HEAD http://[::1]:8080/v1/AUTH_2c0dd7efa1e94d879bc5da8c6f19a646/gnocchi.a354173d-8d11-454f-9787-7f402ce889bf" "txc198e4e9fd4640e6a7f2b-0069bb7024" "proxy-server 101374" 0.0002 "-" 99868 0
Mar 18 23:40:20 np0005651379.novalocal proxy-server[101374]: - - 19/Mar/2026/03/40/20 HEAD /v1/AUTH_2c0dd7efa1e94d879bc5da8c6f19a646/gnocchi.a354173d-8d11-454f-9787-7f402ce889bf HTTP/1.0 404 - Swift - - - - txc198e4e9fd4640e6a7f2b-0069bb7024 - 0.0081 CS - 1773891620.255306959 1773891620.263404608 0 -
Mar 18 23:40:20 np0005651379.novalocal object-server[100256]: ::1 - - [19/Mar/2026:03:40:20 +0000] "GET /2/181777/AUTH_2c0dd7efa1e94d879bc5da8c6f19a646/gnocchi.a354173d-8d11-454f-9787-7f402ce889bf/none_v3" 404 70 "GET https://[::1]:8080/v1/AUTH_2c0dd7efa1e94d879bc5da8c6f19a646/gnocchi.a354173d-8d11-454f-9787-7f402ce889bf/none_v3" "txc198e4e9fd4640e6a7f2b-0069bb7024" "proxy-server 101374" 0.0003 "-" 100256 0
Mar 18 23:40:20 np0005651379.novalocal object-server[100256]: ::1 - - [19/Mar/2026:03:40:20 +0000] "GET /1/181777/AUTH_2c0dd7efa1e94d879bc5da8c6f19a646/gnocchi.a354173d-8d11-454f-9787-7f402ce889bf/none_v3" 404 70 "GET https://[::1]:8080/v1/AUTH_2c0dd7efa1e94d879bc5da8c6f19a646/gnocchi.a354173d-8d11-454f-9787-7f402ce889bf/none_v3" "txc198e4e9fd4640e6a7f2b-0069bb7024" "proxy-server 101374" 0.0002 "-" 100256 0
Mar 18 23:40:20 np0005651379.novalocal object-server[100256]: ::1 - - [19/Mar/2026:03:40:20 +0000] "GET /3/181777/AUTH_2c0dd7efa1e94d879bc5da8c6f19a646/gnocchi.a354173d-8d11-454f-9787-7f402ce889bf/none_v3" 404 70 "GET https://[::1]:8080/v1/AUTH_2c0dd7efa1e94d879bc5da8c6f19a646/gnocchi.a354173d-8d11-454f-9787-7f402ce889bf/none_v3" "txc198e4e9fd4640e6a7f2b-0069bb7024" "proxy-server 101374" 0.0002 "-" 100256 0
Mar 18 23:40:20 np0005651379.novalocal proxy-server[101374]: ::1 ::1 19/Mar/2026/03/40/20 GET /v1/AUTH_2c0dd7efa1e94d879bc5da8c6f19a646/gnocchi.a354173d-8d11-454f-9787-7f402ce889bf/none_v3 HTTP/1.0 404 - python-swiftclient-4.8.0 gAAAAABpu2_uqf-H... - 70 - txc198e4e9fd4640e6a7f2b-0069bb7024 - 0.0173 - - 1773891620.254846096 1773891620.272166252 0 e61d2c26cb6146fb88642c1126e377de
Mar 18 23:40:20 np0005651379.novalocal account-server[99475]: ::1 - - [19/Mar/2026:03:40:20 +0000] "PUT /2/184762/AUTH_2c0dd7efa1e94d879bc5da8c6f19a646/gnocchi.a354173d-8d11-454f-9787-7f402ce889bf" 201 - "PUT http://[::1]:6001/3/245332/AUTH_2c0dd7efa1e94d879bc5da8c6f19a646/gnocchi.a354173d-8d11-454f-9787-7f402ce889bf" "txad03dcb1dd494d9bb1e08-0069bb7024" "container-server 99867" 0.0076 "-" 99475 0
Mar 18 23:40:20 np0005651379.novalocal container-server[99867]: ::1 - - [19/Mar/2026:03:40:20 +0000] "PUT /3/245332/AUTH_2c0dd7efa1e94d879bc5da8c6f19a646/gnocchi.a354173d-8d11-454f-9787-7f402ce889bf" 201 - "PUT https://[::1]:8080/v1/AUTH_2c0dd7efa1e94d879bc5da8c6f19a646/gnocchi.a354173d-8d11-454f-9787-7f402ce889bf" "txad03dcb1dd494d9bb1e08-0069bb7024" "proxy-server 101374" 0.0201 "-" 99867 0
Mar 18 23:40:20 np0005651379.novalocal account-server[99475]: ::1 - - [19/Mar/2026:03:40:20 +0000] "PUT /1/184762/AUTH_2c0dd7efa1e94d879bc5da8c6f19a646/gnocchi.a354173d-8d11-454f-9787-7f402ce889bf" 201 - "PUT http://[::1]:6001/2/245332/AUTH_2c0dd7efa1e94d879bc5da8c6f19a646/gnocchi.a354173d-8d11-454f-9787-7f402ce889bf" "txad03dcb1dd494d9bb1e08-0069bb7024" "container-server 99867" 0.0047 "-" 99475 0
Mar 18 23:40:20 np0005651379.novalocal container-server[99867]: ::1 - - [19/Mar/2026:03:40:20 +0000] "PUT /2/245332/AUTH_2c0dd7efa1e94d879bc5da8c6f19a646/gnocchi.a354173d-8d11-454f-9787-7f402ce889bf" 201 - "PUT https://[::1]:8080/v1/AUTH_2c0dd7efa1e94d879bc5da8c6f19a646/gnocchi.a354173d-8d11-454f-9787-7f402ce889bf" "txad03dcb1dd494d9bb1e08-0069bb7024" "proxy-server 101374" 0.0358 "-" 99867 0
Mar 18 23:40:20 np0005651379.novalocal account-server[99475]: ::1 - - [19/Mar/2026:03:40:20 +0000] "PUT /3/184762/AUTH_2c0dd7efa1e94d879bc5da8c6f19a646/gnocchi.a354173d-8d11-454f-9787-7f402ce889bf" 201 - "PUT http://[::1]:6001/1/245332/AUTH_2c0dd7efa1e94d879bc5da8c6f19a646/gnocchi.a354173d-8d11-454f-9787-7f402ce889bf" "txad03dcb1dd494d9bb1e08-0069bb7024" "container-server 99867" 0.0042 "-" 99475 0
Mar 18 23:40:20 np0005651379.novalocal container-server[99867]: ::1 - - [19/Mar/2026:03:40:20 +0000] "PUT /1/245332/AUTH_2c0dd7efa1e94d879bc5da8c6f19a646/gnocchi.a354173d-8d11-454f-9787-7f402ce889bf" 201 - "PUT https://[::1]:8080/v1/AUTH_2c0dd7efa1e94d879bc5da8c6f19a646/gnocchi.a354173d-8d11-454f-9787-7f402ce889bf" "txad03dcb1dd494d9bb1e08-0069bb7024" "proxy-server 101374" 0.0205 "-" 99867 0
Mar 18 23:40:20 np0005651379.novalocal proxy-server[101374]: ::1 ::1 19/Mar/2026/03/40/20 PUT /v1/AUTH_2c0dd7efa1e94d879bc5da8c6f19a646/gnocchi.a354173d-8d11-454f-9787-7f402ce889bf HTTP/1.0 201 - python-swiftclient-4.8.0 gAAAAABpu2_uqf-H... - - - txad03dcb1dd494d9bb1e08-0069bb7024 - 0.0468 - - 1773891620.273975372 1773891620.320801258 0 e61d2c26cb6146fb88642c1126e377de
Mar 18 23:40:20 np0005651379.novalocal container-server[99868]: ::1 - - [19/Mar/2026:03:40:20 +0000] "HEAD /3/245332/AUTH_2c0dd7efa1e94d879bc5da8c6f19a646/gnocchi.a354173d-8d11-454f-9787-7f402ce889bf" 204 - "HEAD http://[::1]:8080/v1/AUTH_2c0dd7efa1e94d879bc5da8c6f19a646/gnocchi.a354173d-8d11-454f-9787-7f402ce889bf" "tx9eb02fdab10f411086d0c-0069bb7024" "proxy-server 101374" 0.0014 "-" 99868 0
Mar 18 23:40:20 np0005651379.novalocal proxy-server[101374]: - - 19/Mar/2026/03/40/20 HEAD /v1/AUTH_2c0dd7efa1e94d879bc5da8c6f19a646/gnocchi.a354173d-8d11-454f-9787-7f402ce889bf HTTP/1.0 204 - Swift - - - - tx9eb02fdab10f411086d0c-0069bb7024 - 0.0035 CS - 1773891620.323726177 1773891620.327272415 0 -
Mar 18 23:40:20 np0005651379.novalocal container-server[99868]: ::1 - - [19/Mar/2026:03:40:20 +0000] "GET /1/245332/AUTH_2c0dd7efa1e94d879bc5da8c6f19a646/gnocchi.a354173d-8d11-454f-9787-7f402ce889bf" 200 2 "GET https://[::1]:8080/v1/AUTH_2c0dd7efa1e94d879bc5da8c6f19a646/gnocchi.a354173d-8d11-454f-9787-7f402ce889bf?format=json&states=listing" "tx9eb02fdab10f411086d0c-0069bb7024" "proxy-server 101374" 0.0013 "-" 99868 0
Mar 18 23:40:20 np0005651379.novalocal proxy-server[101374]: ::1 ::1 19/Mar/2026/03/40/20 GET /v1/AUTH_2c0dd7efa1e94d879bc5da8c6f19a646/gnocchi.a354173d-8d11-454f-9787-7f402ce889bf%3Fformat%3Djson%26states%3Dlisting HTTP/1.0 200 - python-swiftclient-4.8.0 gAAAAABpu2_uqf-H... - 2 - tx9eb02fdab10f411086d0c-0069bb7024 - 0.0094 - - 1773891620.323325157 1773891620.332675934 0 e61d2c26cb6146fb88642c1126e377de
Mar 18 23:40:20 np0005651379.novalocal object-server[100257]: ::1 - - [19/Mar/2026:03:40:20 +0000] "GET /2/95581/AUTH_2c0dd7efa1e94d879bc5da8c6f19a646/gnocchi.a354173d-8d11-454f-9787-7f402ce889bf/1773360000.0_mean_300.0_v3" 404 70 "GET https://[::1]:8080/v1/AUTH_2c0dd7efa1e94d879bc5da8c6f19a646/gnocchi.a354173d-8d11-454f-9787-7f402ce889bf/1773360000.0_mean_300.0_v3" "tx68b8517bb1474ffbb05bc-0069bb7024" "proxy-server 101374" 0.0004 "-" 100257 0
Mar 18 23:40:20 np0005651379.novalocal object-server[100257]: ::1 - - [19/Mar/2026:03:40:20 +0000] "GET /1/95581/AUTH_2c0dd7efa1e94d879bc5da8c6f19a646/gnocchi.a354173d-8d11-454f-9787-7f402ce889bf/1773360000.0_mean_300.0_v3" 404 70 "GET https://[::1]:8080/v1/AUTH_2c0dd7efa1e94d879bc5da8c6f19a646/gnocchi.a354173d-8d11-454f-9787-7f402ce889bf/1773360000.0_mean_300.0_v3" "tx68b8517bb1474ffbb05bc-0069bb7024" "proxy-server 101374" 0.0004 "-" 100257 0
Mar 18 23:40:20 np0005651379.novalocal object-server[100256]: ::1 - - [19/Mar/2026:03:40:20 +0000] "GET /3/95581/AUTH_2c0dd7efa1e94d879bc5da8c6f19a646/gnocchi.a354173d-8d11-454f-9787-7f402ce889bf/1773360000.0_mean_300.0_v3" 404 70 "GET https://[::1]:8080/v1/AUTH_2c0dd7efa1e94d879bc5da8c6f19a646/gnocchi.a354173d-8d11-454f-9787-7f402ce889bf/1773360000.0_mean_300.0_v3" "tx68b8517bb1474ffbb05bc-0069bb7024" "proxy-server 101374" 0.0003 "-" 100256 0
Mar 18 23:40:20 np0005651379.novalocal proxy-server[101374]: ::1 ::1 19/Mar/2026/03/40/20 GET /v1/AUTH_2c0dd7efa1e94d879bc5da8c6f19a646/gnocchi.a354173d-8d11-454f-9787-7f402ce889bf/1773360000.0_mean_300.0_v3 HTTP/1.0 404 - python-swiftclient-4.8.0 gAAAAABpu2_uqf-H... - 70 - tx68b8517bb1474ffbb05bc-0069bb7024 - 0.0106 - - 1773891620.334781170 1773891620.345381260 0 e61d2c26cb6146fb88642c1126e377de
Mar 18 23:40:20 np0005651379.novalocal container-server[99868]: ::1 - - [19/Mar/2026:03:40:20 +0000] "PUT /3/245332/AUTH_2c0dd7efa1e94d879bc5da8c6f19a646/gnocchi.a354173d-8d11-454f-9787-7f402ce889bf/1773360000.0_mean_300.0_v3" 201 - "PUT http://[::1]:8080/2/95581/AUTH_2c0dd7efa1e94d879bc5da8c6f19a646/gnocchi.a354173d-8d11-454f-9787-7f402ce889bf/1773360000.0_mean_300.0_v3" "tx807d4c3915644c39a3509-0069bb7024" "object-server 100256" 0.0003 "-" 99868 0
Mar 18 23:40:20 np0005651379.novalocal object-server[100256]: ::1 - - [19/Mar/2026:03:40:20 +0000] "PUT /2/95581/AUTH_2c0dd7efa1e94d879bc5da8c6f19a646/gnocchi.a354173d-8d11-454f-9787-7f402ce889bf/1773360000.0_mean_300.0_v3" 201 - "PUT https://[::1]:8080/v1/AUTH_2c0dd7efa1e94d879bc5da8c6f19a646/gnocchi.a354173d-8d11-454f-9787-7f402ce889bf/1773360000.0_mean_300.0_v3" "tx807d4c3915644c39a3509-0069bb7024" "proxy-server 101374" 0.0101 "-" 100256 0
Mar 18 23:40:20 np0005651379.novalocal container-server[99867]: ::1 - - [19/Mar/2026:03:40:20 +0000] "PUT /1/245332/AUTH_2c0dd7efa1e94d879bc5da8c6f19a646/gnocchi.a354173d-8d11-454f-9787-7f402ce889bf/1773360000.0_mean_300.0_v3" 201 - "PUT http://[::1]:8080/3/95581/AUTH_2c0dd7efa1e94d879bc5da8c6f19a646/gnocchi.a354173d-8d11-454f-9787-7f402ce889bf/1773360000.0_mean_300.0_v3" "tx807d4c3915644c39a3509-0069bb7024" "object-server 100256" 0.0008 "-" 99867 0
Mar 18 23:40:20 np0005651379.novalocal object-server[100256]: ::1 - - [19/Mar/2026:03:40:20 +0000] "PUT /3/95581/AUTH_2c0dd7efa1e94d879bc5da8c6f19a646/gnocchi.a354173d-8d11-454f-9787-7f402ce889bf/1773360000.0_mean_300.0_v3" 201 - "PUT https://[::1]:8080/v1/AUTH_2c0dd7efa1e94d879bc5da8c6f19a646/gnocchi.a354173d-8d11-454f-9787-7f402ce889bf/1773360000.0_mean_300.0_v3" "tx807d4c3915644c39a3509-0069bb7024" "proxy-server 101374" 0.0139 "-" 100256 0
Mar 18 23:40:20 np0005651379.novalocal container-server[99867]: ::1 - - [19/Mar/2026:03:40:20 +0000] "PUT /2/245332/AUTH_2c0dd7efa1e94d879bc5da8c6f19a646/gnocchi.a354173d-8d11-454f-9787-7f402ce889bf/1773360000.0_mean_300.0_v3" 201 - "PUT http://[::1]:8080/1/95581/AUTH_2c0dd7efa1e94d879bc5da8c6f19a646/gnocchi.a354173d-8d11-454f-9787-7f402ce889bf/1773360000.0_mean_300.0_v3" "tx807d4c3915644c39a3509-0069bb7024" "object-server 100256" 0.0006 "-" 99867 0
Mar 18 23:40:20 np0005651379.novalocal object-server[100256]: ::1 - - [19/Mar/2026:03:40:20 +0000] "PUT /1/95581/AUTH_2c0dd7efa1e94d879bc5da8c6f19a646/gnocchi.a354173d-8d11-454f-9787-7f402ce889bf/1773360000.0_mean_300.0_v3" 201 - "PUT https://[::1]:8080/v1/AUTH_2c0dd7efa1e94d879bc5da8c6f19a646/gnocchi.a354173d-8d11-454f-9787-7f402ce889bf/1773360000.0_mean_300.0_v3" "tx807d4c3915644c39a3509-0069bb7024" "proxy-server 101374" 0.0171 "-" 100256 0
Mar 18 23:40:20 np0005651379.novalocal proxy-server[101374]: ::1 ::1 19/Mar/2026/03/40/20 PUT /v1/AUTH_2c0dd7efa1e94d879bc5da8c6f19a646/gnocchi.a354173d-8d11-454f-9787-7f402ce889bf/1773360000.0_mean_300.0_v3 HTTP/1.0 201 - python-swiftclient-4.8.0 gAAAAABpu2_uqf-H... 16 - - tx807d4c3915644c39a3509-0069bb7024 - 0.0221 - - 1773891620.347168922 1773891620.369283676 0 e61d2c26cb6146fb88642c1126e377de
Mar 18 23:40:20 np0005651379.novalocal container-server[99867]: ::1 - - [19/Mar/2026:03:40:20 +0000] "PUT /1/245332/AUTH_2c0dd7efa1e94d879bc5da8c6f19a646/gnocchi.a354173d-8d11-454f-9787-7f402ce889bf/none_v3" 201 - "PUT http://[::1]:8080/3/181777/AUTH_2c0dd7efa1e94d879bc5da8c6f19a646/gnocchi.a354173d-8d11-454f-9787-7f402ce889bf/none_v3" "txce3f043edb5544db9afcd-0069bb7024" "object-server 100257" 0.0007 "-" 99867 0
Mar 18 23:40:20 np0005651379.novalocal object-server[100257]: ::1 - - [19/Mar/2026:03:40:20 +0000] "PUT /3/181777/AUTH_2c0dd7efa1e94d879bc5da8c6f19a646/gnocchi.a354173d-8d11-454f-9787-7f402ce889bf/none_v3" 201 - "PUT https://[::1]:8080/v1/AUTH_2c0dd7efa1e94d879bc5da8c6f19a646/gnocchi.a354173d-8d11-454f-9787-7f402ce889bf/none_v3" "txce3f043edb5544db9afcd-0069bb7024" "proxy-server 101374" 0.0186 "-" 100257 0
Mar 18 23:40:20 np0005651379.novalocal container-server[99867]: ::1 - - [19/Mar/2026:03:40:20 +0000] "PUT /3/245332/AUTH_2c0dd7efa1e94d879bc5da8c6f19a646/gnocchi.a354173d-8d11-454f-9787-7f402ce889bf/none_v3" 201 - "PUT http://[::1]:8080/2/181777/AUTH_2c0dd7efa1e94d879bc5da8c6f19a646/gnocchi.a354173d-8d11-454f-9787-7f402ce889bf/none_v3" "txce3f043edb5544db9afcd-0069bb7024" "object-server 100257" 0.0005 "-" 99867 0
Mar 18 23:40:20 np0005651379.novalocal object-server[100257]: ::1 - - [19/Mar/2026:03:40:20 +0000] "PUT /2/181777/AUTH_2c0dd7efa1e94d879bc5da8c6f19a646/gnocchi.a354173d-8d11-454f-9787-7f402ce889bf/none_v3" 201 - "PUT https://[::1]:8080/v1/AUTH_2c0dd7efa1e94d879bc5da8c6f19a646/gnocchi.a354173d-8d11-454f-9787-7f402ce889bf/none_v3" "txce3f043edb5544db9afcd-0069bb7024" "proxy-server 101374" 0.0174 "-" 100257 0
Mar 18 23:40:20 np0005651379.novalocal container-server[99867]: ::1 - - [19/Mar/2026:03:40:20 +0000] "PUT /2/245332/AUTH_2c0dd7efa1e94d879bc5da8c6f19a646/gnocchi.a354173d-8d11-454f-9787-7f402ce889bf/none_v3" 201 - "PUT http://[::1]:8080/1/181777/AUTH_2c0dd7efa1e94d879bc5da8c6f19a646/gnocchi.a354173d-8d11-454f-9787-7f402ce889bf/none_v3" "txce3f043edb5544db9afcd-0069bb7024" "object-server 100257" 0.0006 "-" 99867 0
Mar 18 23:40:20 np0005651379.novalocal object-server[100257]: ::1 - - [19/Mar/2026:03:40:20 +0000] "PUT /1/181777/AUTH_2c0dd7efa1e94d879bc5da8c6f19a646/gnocchi.a354173d-8d11-454f-9787-7f402ce889bf/none_v3" 201 - "PUT https://[::1]:8080/v1/AUTH_2c0dd7efa1e94d879bc5da8c6f19a646/gnocchi.a354173d-8d11-454f-9787-7f402ce889bf/none_v3" "txce3f043edb5544db9afcd-0069bb7024" "proxy-server 101374" 0.0172 "-" 100257 0
Mar 18 23:40:20 np0005651379.novalocal proxy-server[101374]: ::1 ::1 19/Mar/2026/03/40/20 PUT /v1/AUTH_2c0dd7efa1e94d879bc5da8c6f19a646/gnocchi.a354173d-8d11-454f-9787-7f402ce889bf/none_v3 HTTP/1.0 201 - python-swiftclient-4.8.0 gAAAAABpu2_uqf-H... 22 - - txce3f043edb5544db9afcd-0069bb7024 - 0.0273 - - 1773891620.371188641 1773891620.398533344 0 e61d2c26cb6146fb88642c1126e377de
Mar 18 23:40:20 np0005651379.novalocal haproxy-metadata-proxy-ff366498-54fa-4ff2-9715-5918d2681de7[107508]: ::ffff:10.100.0.10:53864 [18/Mar/2026:23:40:19.560] listener listener/metadata 0/0/0/1025/1025 200 98 - - ---- 1/1/0/0/0 0/0 "GET /2009-04-04/meta-data/public-ipv4 HTTP/1.1"
Mar 18 23:40:20 np0005651379.novalocal container-sharder[99041]: Container sharder cycle starting, auto-sharding False
Mar 18 23:40:21 np0005651379.novalocal sudo[108722]: cinder : PWD=/ ; USER=root ; COMMAND=/usr/bin/cinder-rootwrap /etc/cinder/rootwrap.conf env LC_ALL=C vgs --noheadings --unit=g -o name,size,free,lv_count,uuid --separator : --nosuffix cinder-volumes
Mar 18 23:40:21 np0005651379.novalocal haproxy-metadata-proxy-ff366498-54fa-4ff2-9715-5918d2681de7[107508]: ::ffff:10.100.0.10:56692 [18/Mar/2026:23:40:20.624] listener listener/metadata 0/0/0/1024/1024 200 151 - - ---- 1/1/0/0/0 0/0 "GET /2009-04-04/meta-data/hostname HTTP/1.1"
Mar 18 23:40:21 np0005651379.novalocal systemd[1]: Started Session c123 of User root.
Mar 18 23:40:21 np0005651379.novalocal sudo[108722]: pam_unix(sudo:session): session opened for user root(uid=0) by (uid=165)
Mar 18 23:40:21 np0005651379.novalocal account-server[99474]: ::1 - - [19/Mar/2026:03:40:21 +0000] "HEAD /1/249817/.misplaced_objects" 404 - "HEAD http://localhost/v1/.misplaced_objects?format=json" "txf8e4fa2473924c07be73e-0069bb7025" "Swift Container Reconciler" 0.0005 "-" 99474 -
Mar 18 23:40:21 np0005651379.novalocal account-server[99475]: ::1 - - [19/Mar/2026:03:40:21 +0000] "HEAD /2/249817/.misplaced_objects" 404 - "HEAD http://localhost/v1/.misplaced_objects?format=json" "txf8e4fa2473924c07be73e-0069bb7025" "Swift Container Reconciler" 0.0004 "-" 99475 -
Mar 18 23:40:21 np0005651379.novalocal account-server[99474]: ::1 - - [19/Mar/2026:03:40:21 +0000] "HEAD /3/249817/.misplaced_objects" 404 - "HEAD http://localhost/v1/.misplaced_objects?format=json" "txf8e4fa2473924c07be73e-0069bb7025" "Swift Container Reconciler" 0.0003 "-" 99474 -
Mar 18 23:40:21 np0005651379.novalocal container-reconciler-ic[94780]: - - 19/Mar/2026/03/40/21 HEAD /v1/.misplaced_objects%3Fformat%3Djson HTTP/1.0 404 - Swift - - - - txf8e4fa2473924c07be73e-0069bb7025 - 0.0123 GET_ACCOUNT_INFO - 1773891621.977884054 1773891621.990171432 - -
Mar 18 23:40:21 np0005651379.novalocal container-server[99867]: ::1 - - [19/Mar/2026:03:40:21 +0000] "GET /3/112595/.misplaced_objects/1773889200" 404 - "GET http://localhost/v1/.misplaced_objects/1773889200?format=json&marker=&end_marker=&prefix=&states=listing" "txf8e4fa2473924c07be73e-0069bb7025" "Swift Container Reconciler" 0.0008 "-" 99867 0
Mar 18 23:40:22 np0005651379.novalocal container-server[99868]: ::1 - - [19/Mar/2026:03:40:22 +0000] "GET /2/112595/.misplaced_objects/1773889200" 404 - "GET http://localhost/v1/.misplaced_objects/1773889200?format=json&marker=&end_marker=&prefix=&states=listing" "txf8e4fa2473924c07be73e-0069bb7025" "Swift Container Reconciler" 0.0008 "-" 99868 0
Mar 18 23:40:22 np0005651379.novalocal container-server[99868]: ::1 - - [19/Mar/2026:03:40:22 +0000] "GET /1/112595/.misplaced_objects/1773889200" 404 - "GET http://localhost/v1/.misplaced_objects/1773889200?format=json&marker=&end_marker=&prefix=&states=listing" "txf8e4fa2473924c07be73e-0069bb7025" "Swift Container Reconciler" 0.0005 "-" 99868 0
Mar 18 23:40:22 np0005651379.novalocal container-reconciler-ic[94780]: - - 19/Mar/2026/03/40/22 GET /v1/.misplaced_objects/1773889200%3Fformat%3Djson%26marker%3D%26end_marker%3D%26prefix%3D%26states%3Dlisting HTTP/1.0 404 - Swift%20Container%20Reconciler - - 70 - txf8e4fa2473924c07be73e-0069bb7025 - 0.0303 - - 1773891621.976551056 1773891622.006877661 0 -
Mar 18 23:40:22 np0005651379.novalocal account-server[99474]: ::1 - - [19/Mar/2026:03:40:22 +0000] "GET /3/249817/.misplaced_objects" 404 - "GET http://localhost/v1/.misplaced_objects?format=json&marker=&end_marker=&prefix=" "tx6f79064f2129447d8965d-0069bb7026" "Swift Container Reconciler" 0.0003 "-" 99474 -
Mar 18 23:40:22 np0005651379.novalocal account-server[99474]: ::1 - - [19/Mar/2026:03:40:22 +0000] "GET /1/249817/.misplaced_objects" 404 - "GET http://localhost/v1/.misplaced_objects?format=json&marker=&end_marker=&prefix=" "tx6f79064f2129447d8965d-0069bb7026" "Swift Container Reconciler" 0.0003 "-" 99474 -
Mar 18 23:40:22 np0005651379.novalocal account-server[99475]: ::1 - - [19/Mar/2026:03:40:22 +0000] "GET /2/249817/.misplaced_objects" 404 - "GET http://localhost/v1/.misplaced_objects?format=json&marker=&end_marker=&prefix=" "tx6f79064f2129447d8965d-0069bb7026" "Swift Container Reconciler" 0.0003 "-" 99475 -
Mar 18 23:40:22 np0005651379.novalocal container-reconciler-ic[94780]: - - 19/Mar/2026/03/40/22 GET /v1/.misplaced_objects%3Fformat%3Djson%26marker%3D%26end_marker%3D%26prefix%3D HTTP/1.0 404 - Swift%20Container%20Reconciler - - - - tx6f79064f2129447d8965d-0069bb7026 - 0.0081 - - 1773891622.007486820 1773891622.015566826 - -
Mar 18 23:40:22 np0005651379.novalocal container-reconciler[94780]: Reconciler Stats: {}
Mar 18 23:40:22 np0005651379.novalocal container-reconciler[94780]: sleeping between intervals (30.0s)
Mar 18 23:40:22 np0005651379.novalocal sudo[108722]: pam_unix(sudo:session): session closed for user root
Mar 18 23:40:22 np0005651379.novalocal systemd[1]: session-c123.scope: Deactivated successfully.
Mar 18 23:40:22 np0005651379.novalocal sudo[108727]: cinder : PWD=/ ; USER=root ; COMMAND=/usr/bin/cinder-rootwrap /etc/cinder/rootwrap.conf env LC_ALL=C lvs --noheadings --unit=g -o vg_name,name,size --nosuffix --readonly cinder-volumes
Mar 18 23:40:22 np0005651379.novalocal systemd[1]: Started Session c124 of User root.
Mar 18 23:40:22 np0005651379.novalocal sudo[108727]: pam_unix(sudo:session): session opened for user root(uid=0) by (uid=165)
Mar 18 23:40:22 np0005651379.novalocal container-sharder[99041]: Since Thu Mar 19 03:40:20 2026 visited - attempted:0 success:0 failure:0 skipped:78 completed:0
Mar 18 23:40:22 np0005651379.novalocal container-sharder[99041]: Since Thu Mar 19 03:40:20 2026 scanned - attempted:0 success:0 failure:0 found:0 min_time:0 max_time:0
Mar 18 23:40:22 np0005651379.novalocal container-sharder[99041]: Since Thu Mar 19 03:40:20 2026 created - attempted:0 success:0 failure:0
Mar 18 23:40:22 np0005651379.novalocal container-sharder[99041]: Since Thu Mar 19 03:40:20 2026 cleaved - attempted:0 success:0 failure:0 min_time:0 max_time:0
Mar 18 23:40:22 np0005651379.novalocal container-sharder[99041]: Since Thu Mar 19 03:40:20 2026 misplaced - attempted:0 success:0 failure:0 found:0 placed:0 unplaced:0
Mar 18 23:40:22 np0005651379.novalocal container-sharder[99041]: Since Thu Mar 19 03:40:20 2026 audit_root - attempted:0 success:0 failure:0 has_overlap:0 num_overlap:0
Mar 18 23:40:22 np0005651379.novalocal container-sharder[99041]: Since Thu Mar 19 03:40:20 2026 audit_shard - attempted:0 success:0 failure:0
Mar 18 23:40:22 np0005651379.novalocal container-sharder[99041]: Container sharder cycle completed: 1.55s
Mar 18 23:40:22 np0005651379.novalocal sudo[108727]: pam_unix(sudo:session): session closed for user root
Mar 18 23:40:22 np0005651379.novalocal systemd[1]: session-c124.scope: Deactivated successfully.
Mar 18 23:40:22 np0005651379.novalocal sudo[108731]: cinder : PWD=/ ; USER=root ; COMMAND=/usr/bin/cinder-rootwrap /etc/cinder/rootwrap.conf env LC_ALL=C lvs --noheadings --unit=g -o size,data_percent --separator : --nosuffix /dev/cinder-volumes/cinder-volumes-pool
Mar 18 23:40:22 np0005651379.novalocal systemd[1]: Started Session c125 of User root.
Mar 18 23:40:22 np0005651379.novalocal sudo[108731]: pam_unix(sudo:session): session opened for user root(uid=0) by (uid=165)
Mar 18 23:40:22 np0005651379.novalocal haproxy-metadata-proxy-ff366498-54fa-4ff2-9715-5918d2681de7[107508]: ::ffff:10.100.0.10:56706 [18/Mar/2026:23:40:21.725] listener listener/metadata 0/0/0/1031/1031 200 151 - - ---- 1/1/0/0/0 0/0 "GET /2009-04-04/meta-data/local-hostname HTTP/1.1"
Mar 18 23:40:22 np0005651379.novalocal sudo[108731]: pam_unix(sudo:session): session closed for user root
Mar 18 23:40:22 np0005651379.novalocal systemd[1]: session-c125.scope: Deactivated successfully.
Mar 18 23:40:22 np0005651379.novalocal sudo[108736]: cinder : PWD=/ ; USER=root ; COMMAND=/usr/bin/cinder-rootwrap /etc/cinder/rootwrap.conf env LC_ALL=C lvs --noheadings --unit=g -o vg_name,name,size --nosuffix --readonly cinder-volumes
Mar 18 23:40:22 np0005651379.novalocal systemd[1]: Started Session c126 of User root.
Mar 18 23:40:22 np0005651379.novalocal sudo[108736]: pam_unix(sudo:session): session opened for user root(uid=0) by (uid=165)
Mar 18 23:40:23 np0005651379.novalocal sudo[108736]: pam_unix(sudo:session): session closed for user root
Mar 18 23:40:23 np0005651379.novalocal systemd[1]: session-c126.scope: Deactivated successfully.
Mar 18 23:40:23 np0005651379.novalocal systemd[1]: dbus-:1.1-org.fedoraproject.SetroubleshootPrivileged@9.service: Deactivated successfully.
Mar 18 23:40:23 np0005651379.novalocal systemd[1]: dbus-:1.1-org.fedoraproject.SetroubleshootPrivileged@9.service: Consumed 1.432s CPU time.
Mar 18 23:40:23 np0005651379.novalocal systemd[1]: setroubleshootd.service: Deactivated successfully.
Mar 18 23:40:23 np0005651379.novalocal systemd[1]: setroubleshootd.service: Consumed 1.565s CPU time.
Mar 18 23:40:23 np0005651379.novalocal haproxy-metadata-proxy-ff366498-54fa-4ff2-9715-5918d2681de7[107508]: ::ffff:10.100.0.10:56716 [18/Mar/2026:23:40:22.830] listener listener/metadata 0/0/0/1022/1022 200 182 - - ---- 1/1/0/0/0 0/0 "GET /2009-04-04/user-data HTTP/1.1"
Mar 18 23:40:25 np0005651379.novalocal haproxy-metadata-proxy-ff366498-54fa-4ff2-9715-5918d2681de7[107508]: ::ffff:10.100.0.10:56728 [18/Mar/2026:23:40:23.932] listener listener/metadata 0/0/0/2055/2055 200 94 - - ---- 1/1/0/0/0 0/0 "GET /2009-04-04/meta-data/block-device-mapping HTTP/1.1"
Mar 18 23:40:27 np0005651379.novalocal haproxy-metadata-proxy-ff366498-54fa-4ff2-9715-5918d2681de7[107508]: ::ffff:10.100.0.10:56742 [18/Mar/2026:23:40:26.039] listener listener/metadata 0/0/0/1019/1019 200 89 - - ---- 1/1/0/0/0 0/0 "GET /2009-04-04/meta-data/block-device-mapping/ami HTTP/1.1"
Mar 18 23:40:27 np0005651379.novalocal systemd[1]: NetworkManager-dispatcher.service: Deactivated successfully.
Mar 18 23:40:28 np0005651379.novalocal haproxy-metadata-proxy-ff366498-54fa-4ff2-9715-5918d2681de7[107508]: ::ffff:10.100.0.10:56754 [18/Mar/2026:23:40:27.117] listener listener/metadata 0/0/0/1022/1022 200 94 - - ---- 1/1/0/0/0 0/0 "GET /2009-04-04/meta-data/block-device-mapping/root HTTP/1.1"
Mar 18 23:40:29 np0005651379.novalocal haproxy-metadata-proxy-ff366498-54fa-4ff2-9715-5918d2681de7[107508]: ::ffff:10.100.0.10:56762 [18/Mar/2026:23:40:28.235] listener listener/metadata 0/0/0/1025/1025 200 151 - - ---- 1/1/0/0/0 0/0 "GET /2009-04-04/meta-data/public-hostname HTTP/1.1"
Mar 18 23:40:29 np0005651379.novalocal kernel: qbr85033fc7-f8: port 2(tap85033fc7-f8) entered disabled state
Mar 18 23:40:29 np0005651379.novalocal kernel: tap85033fc7-f8 (unregistering): left allmulticast mode
Mar 18 23:40:29 np0005651379.novalocal kernel: tap85033fc7-f8 (unregistering): left promiscuous mode
Mar 18 23:40:29 np0005651379.novalocal kernel: qbr85033fc7-f8: port 2(tap85033fc7-f8) entered disabled state
Mar 18 23:40:29 np0005651379.novalocal NetworkManager[869]: [1773891629.5767] device (tap85033fc7-f8): state change: activated -> unmanaged (reason 'unmanaged', managed-type: 'removed')
Mar 18 23:40:29 np0005651379.novalocal NetworkManager[869]: [1773891629.5774] device (tap85033fc7-f8): released from controller device qbr85033fc7-f8
Mar 18 23:40:29 np0005651379.novalocal systemd[1]: Starting Network Manager Script Dispatcher Service...
Mar 18 23:40:29 np0005651379.novalocal systemd[1]: machine-qemu\x2d3\x2dinstance\x2d00000003.scope: Deactivated successfully.
Mar 18 23:40:29 np0005651379.novalocal systemd[1]: machine-qemu\x2d3\x2dinstance\x2d00000003.scope: Consumed 11.538s CPU time.
Mar 18 23:40:29 np0005651379.novalocal systemd-machined[96117]: Machine qemu-3-instance-00000003 terminated.
Mar 18 23:40:29 np0005651379.novalocal systemd[1]: Started Network Manager Script Dispatcher Service.
Mar 18 23:40:29 np0005651379.novalocal object-server[100256]: ::1 - - [19/Mar/2026:03:40:29 +0000] "GET /2/164041/AUTH_2c0dd7efa1e94d879bc5da8c6f19a646/gnocchi.872e0c51-2629-437d-9a69-6fe42621369c/none_v3" 200 22 "GET https://[::1]:8080/v1/AUTH_2c0dd7efa1e94d879bc5da8c6f19a646/gnocchi.872e0c51-2629-437d-9a69-6fe42621369c/none_v3" "txcfb0f10d7b99432b8d9ca-0069bb702d" "proxy-server 101374" 0.0013 "-" 100256 0
Mar 18 23:40:29 np0005651379.novalocal proxy-server[101374]: ::1 ::1 19/Mar/2026/03/40/29 GET /v1/AUTH_2c0dd7efa1e94d879bc5da8c6f19a646/gnocchi.872e0c51-2629-437d-9a69-6fe42621369c/none_v3 HTTP/1.0 200 - python-swiftclient-4.8.0 gAAAAABpu2_uqf-H... - 22 - txcfb0f10d7b99432b8d9ca-0069bb702d - 0.0127 - - 1773891629.645530224 1773891629.658249617 0 e61d2c26cb6146fb88642c1126e377de
Mar 18 23:40:29 np0005651379.novalocal container-server[99867]: ::1 - - [19/Mar/2026:03:40:29 +0000] "GET /3/160806/AUTH_2c0dd7efa1e94d879bc5da8c6f19a646/gnocchi.872e0c51-2629-437d-9a69-6fe42621369c" 200 357 "GET https://[::1]:8080/v1/AUTH_2c0dd7efa1e94d879bc5da8c6f19a646/gnocchi.872e0c51-2629-437d-9a69-6fe42621369c?format=json&states=listing" "txa0afe40198bd445b91f92-0069bb702d" "proxy-server 101374" 0.0038 "-" 99867 0
Mar 18 23:40:29 np0005651379.novalocal proxy-server[101374]: ::1 ::1 19/Mar/2026/03/40/29 GET /v1/AUTH_2c0dd7efa1e94d879bc5da8c6f19a646/gnocchi.872e0c51-2629-437d-9a69-6fe42621369c%3Fformat%3Djson%26states%3Dlisting HTTP/1.0 200 - python-swiftclient-4.8.0 gAAAAABpu2_uqf-H... - 357 - txa0afe40198bd445b91f92-0069bb702d - 0.0127 - - 1773891629.662271261 1773891629.674953699 0 e61d2c26cb6146fb88642c1126e377de
Mar 18 23:40:29 np0005651379.novalocal container-server[99867]: ::1 - - [19/Mar/2026:03:40:29 +0000] "GET /2/160806/AUTH_2c0dd7efa1e94d879bc5da8c6f19a646/gnocchi.872e0c51-2629-437d-9a69-6fe42621369c" 200 2 "GET https://[::1]:8080/v1/AUTH_2c0dd7efa1e94d879bc5da8c6f19a646/gnocchi.872e0c51-2629-437d-9a69-6fe42621369c?format=json&marker=none_v3&states=listing" "txf34dcae2095a48ada19b0-0069bb702d" "proxy-server 101374" 0.0033 "-" 99867 0
Mar 18 23:40:29 np0005651379.novalocal proxy-server[101374]: ::1 ::1 19/Mar/2026/03/40/29 GET /v1/AUTH_2c0dd7efa1e94d879bc5da8c6f19a646/gnocchi.872e0c51-2629-437d-9a69-6fe42621369c%3Fformat%3Djson%26marker%3Dnone_v3%26states%3Dlisting HTTP/1.0 200 - python-swiftclient-4.8.0 gAAAAABpu2_uqf-H... - 2 - txf34dcae2095a48ada19b0-0069bb702d - 0.0098 - - 1773891629.677863836 1773891629.687659502 0 e61d2c26cb6146fb88642c1126e377de
Mar 18 23:40:29 np0005651379.novalocal object-server[100256]: ::1 - - [19/Mar/2026:03:40:29 +0000] "GET /1/128500/AUTH_2c0dd7efa1e94d879bc5da8c6f19a646/gnocchi.872e0c51-2629-437d-9a69-6fe42621369c/1773360000.0_mean_300.0_v3" 200 16 "GET https://[::1]:8080/v1/AUTH_2c0dd7efa1e94d879bc5da8c6f19a646/gnocchi.872e0c51-2629-437d-9a69-6fe42621369c/1773360000.0_mean_300.0_v3" "txd479b58334ef4e3dab490-0069bb702d" "proxy-server 101374" 0.0011 "-" 100256 0
Mar 18 23:40:29 np0005651379.novalocal proxy-server[101374]: ::1 ::1 19/Mar/2026/03/40/29 GET /v1/AUTH_2c0dd7efa1e94d879bc5da8c6f19a646/gnocchi.872e0c51-2629-437d-9a69-6fe42621369c/1773360000.0_mean_300.0_v3 HTTP/1.0 200 - python-swiftclient-4.8.0 gAAAAABpu2_uqf-H... - 16 - txd479b58334ef4e3dab490-0069bb702d - 0.0084 - - 1773891629.690813541 1773891629.699175119 0 e61d2c26cb6146fb88642c1126e377de
Mar 18 23:40:29 np0005651379.novalocal container-server[99868]: ::1 - - [19/Mar/2026:03:40:29 +0000] "PUT /1/160806/AUTH_2c0dd7efa1e94d879bc5da8c6f19a646/gnocchi.872e0c51-2629-437d-9a69-6fe42621369c/1773360000.0_mean_300.0_v3" 201 - "PUT http://[::1]:8080/2/128500/AUTH_2c0dd7efa1e94d879bc5da8c6f19a646/gnocchi.872e0c51-2629-437d-9a69-6fe42621369c/1773360000.0_mean_300.0_v3" "txea400f4ba627417d84485-0069bb702d" "object-server 100257" 0.0009 "-" 99868 0
Mar 18 23:40:29 np0005651379.novalocal container-server[99867]: ::1 - - [19/Mar/2026:03:40:29 +0000] "PUT /2/160806/AUTH_2c0dd7efa1e94d879bc5da8c6f19a646/gnocchi.872e0c51-2629-437d-9a69-6fe42621369c/1773360000.0_mean_300.0_v3" 201 - "PUT http://[::1]:8080/3/128500/AUTH_2c0dd7efa1e94d879bc5da8c6f19a646/gnocchi.872e0c51-2629-437d-9a69-6fe42621369c/1773360000.0_mean_300.0_v3" "txea400f4ba627417d84485-0069bb702d" "object-server 100257" 0.0011 "-" 99867 0
Mar 18 23:40:29 np0005651379.novalocal container-server[99868]: ::1 - - [19/Mar/2026:03:40:29 +0000] "PUT /3/160806/AUTH_2c0dd7efa1e94d879bc5da8c6f19a646/gnocchi.872e0c51-2629-437d-9a69-6fe42621369c/1773360000.0_mean_300.0_v3" 201 - "PUT http://[::1]:8080/1/128500/AUTH_2c0dd7efa1e94d879bc5da8c6f19a646/gnocchi.872e0c51-2629-437d-9a69-6fe42621369c/1773360000.0_mean_300.0_v3" "txea400f4ba627417d84485-0069bb702d" "object-server 100257" 0.0006 "-" 99868 0
Mar 18 23:40:29 np0005651379.novalocal object-server[100257]: ::1 - - [19/Mar/2026:03:40:29 +0000] "PUT /1/128500/AUTH_2c0dd7efa1e94d879bc5da8c6f19a646/gnocchi.872e0c51-2629-437d-9a69-6fe42621369c/1773360000.0_mean_300.0_v3" 201 - "PUT https://[::1]:8080/v1/AUTH_2c0dd7efa1e94d879bc5da8c6f19a646/gnocchi.872e0c51-2629-437d-9a69-6fe42621369c/1773360000.0_mean_300.0_v3" "txea400f4ba627417d84485-0069bb702d" "proxy-server 101374" 0.0229 "-" 100257 0
Mar 18 23:40:29 np0005651379.novalocal object-server[100257]: ::1 - - [19/Mar/2026:03:40:29 +0000] "PUT /3/128500/AUTH_2c0dd7efa1e94d879bc5da8c6f19a646/gnocchi.872e0c51-2629-437d-9a69-6fe42621369c/1773360000.0_mean_300.0_v3" 201 - "PUT https://[::1]:8080/v1/AUTH_2c0dd7efa1e94d879bc5da8c6f19a646/gnocchi.872e0c51-2629-437d-9a69-6fe42621369c/1773360000.0_mean_300.0_v3" "txea400f4ba627417d84485-0069bb702d" "proxy-server 101374" 0.0224 "-" 100257 0
Mar 18 23:40:29 np0005651379.novalocal object-server[100257]: ::1 - - [19/Mar/2026:03:40:29 +0000] "PUT /2/128500/AUTH_2c0dd7efa1e94d879bc5da8c6f19a646/gnocchi.872e0c51-2629-437d-9a69-6fe42621369c/1773360000.0_mean_300.0_v3" 201 - "PUT https://[::1]:8080/v1/AUTH_2c0dd7efa1e94d879bc5da8c6f19a646/gnocchi.872e0c51-2629-437d-9a69-6fe42621369c/1773360000.0_mean_300.0_v3" "txea400f4ba627417d84485-0069bb702d" "proxy-server 101374" 0.0215 "-" 100257 0
Mar 18 23:40:29 np0005651379.novalocal proxy-server[101374]: ::1 ::1 19/Mar/2026/03/40/29 PUT /v1/AUTH_2c0dd7efa1e94d879bc5da8c6f19a646/gnocchi.872e0c51-2629-437d-9a69-6fe42621369c/1773360000.0_mean_300.0_v3 HTTP/1.0 201 - python-swiftclient-4.8.0 gAAAAABpu2_uqf-H... 16 - - txea400f4ba627417d84485-0069bb702d - 0.0353 - - 1773891629.702854872 1773891629.738146305 0 e61d2c26cb6146fb88642c1126e377de
Mar 18 23:40:29 np0005651379.novalocal container-server[99867]: ::1 - - [19/Mar/2026:03:40:29 +0000] "PUT /1/160806/AUTH_2c0dd7efa1e94d879bc5da8c6f19a646/gnocchi.872e0c51-2629-437d-9a69-6fe42621369c/none_v3" 201 - "PUT http://[::1]:8080/1/164041/AUTH_2c0dd7efa1e94d879bc5da8c6f19a646/gnocchi.872e0c51-2629-437d-9a69-6fe42621369c/none_v3" "txc51373be048a4e8a9fa42-0069bb702d" "object-server 100256" 0.0007 "-" 99867 0
Mar 18 23:40:29 np0005651379.novalocal object-server[100256]: ::1 - - [19/Mar/2026:03:40:29 +0000] "PUT /1/164041/AUTH_2c0dd7efa1e94d879bc5da8c6f19a646/gnocchi.872e0c51-2629-437d-9a69-6fe42621369c/none_v3" 201 - "PUT https://[::1]:8080/v1/AUTH_2c0dd7efa1e94d879bc5da8c6f19a646/gnocchi.872e0c51-2629-437d-9a69-6fe42621369c/none_v3" "txc51373be048a4e8a9fa42-0069bb702d" "proxy-server 101374" 0.0119 "-" 100256 0
Mar 18 23:40:29 np0005651379.novalocal container-server[99867]: ::1 - - [19/Mar/2026:03:40:29 +0000] "PUT /2/160806/AUTH_2c0dd7efa1e94d879bc5da8c6f19a646/gnocchi.872e0c51-2629-437d-9a69-6fe42621369c/none_v3" 201 - "PUT http://[::1]:8080/2/164041/AUTH_2c0dd7efa1e94d879bc5da8c6f19a646/gnocchi.872e0c51-2629-437d-9a69-6fe42621369c/none_v3" "txc51373be048a4e8a9fa42-0069bb702d" "object-server 100257" 0.0005 "-" 99867 0
Mar 18 23:40:29 np0005651379.novalocal object-server[100257]: ::1 - - [19/Mar/2026:03:40:29 +0000] "PUT /2/164041/AUTH_2c0dd7efa1e94d879bc5da8c6f19a646/gnocchi.872e0c51-2629-437d-9a69-6fe42621369c/none_v3" 201 - "PUT https://[::1]:8080/v1/AUTH_2c0dd7efa1e94d879bc5da8c6f19a646/gnocchi.872e0c51-2629-437d-9a69-6fe42621369c/none_v3" "txc51373be048a4e8a9fa42-0069bb702d" "proxy-server 101374" 0.0147 "-" 100257 0
Mar 18 23:40:29 np0005651379.novalocal container-server[99867]: ::1 - - [19/Mar/2026:03:40:29 +0000] "PUT /3/160806/AUTH_2c0dd7efa1e94d879bc5da8c6f19a646/gnocchi.872e0c51-2629-437d-9a69-6fe42621369c/none_v3" 201 - "PUT http://[::1]:8080/3/164041/AUTH_2c0dd7efa1e94d879bc5da8c6f19a646/gnocchi.872e0c51-2629-437d-9a69-6fe42621369c/none_v3" "txc51373be048a4e8a9fa42-0069bb702d" "object-server 100257" 0.0006 "-" 99867 0
Mar 18 23:40:29 np0005651379.novalocal object-server[100257]: ::1 - - [19/Mar/2026:03:40:29 +0000] "PUT /3/164041/AUTH_2c0dd7efa1e94d879bc5da8c6f19a646/gnocchi.872e0c51-2629-437d-9a69-6fe42621369c/none_v3" 201 - "PUT https://[::1]:8080/v1/AUTH_2c0dd7efa1e94d879bc5da8c6f19a646/gnocchi.872e0c51-2629-437d-9a69-6fe42621369c/none_v3" "txc51373be048a4e8a9fa42-0069bb702d" "proxy-server 101374" 0.0201 "-" 100257 0
Mar 18 23:40:29 np0005651379.novalocal proxy-server[101374]: ::1 ::1 19/Mar/2026/03/40/29 PUT /v1/AUTH_2c0dd7efa1e94d879bc5da8c6f19a646/gnocchi.872e0c51-2629-437d-9a69-6fe42621369c/none_v3 HTTP/1.0 201 - python-swiftclient-4.8.0 gAAAAABpu2_uqf-H... 32 - - txc51373be048a4e8a9fa42-0069bb702d - 0.0277 - - 1773891629.741180897 1773891629.768880129 0 e61d2c26cb6146fb88642c1126e377de
Mar 18 23:40:29 np0005651379.novalocal object-server[100257]: ::1 - - [19/Mar/2026:03:40:29 +0000] "GET /1/231906/AUTH_2c0dd7efa1e94d879bc5da8c6f19a646/gnocchi.388d41fc-9fa4-46e9-a62b-3a8e921e3c9d/none_v3" 200 22 "GET https://[::1]:8080/v1/AUTH_2c0dd7efa1e94d879bc5da8c6f19a646/gnocchi.388d41fc-9fa4-46e9-a62b-3a8e921e3c9d/none_v3" "tx1af855b547ba49edaefe3-0069bb702d" "proxy-server 101374" 0.0010 "-" 100257 0
Mar 18 23:40:29 np0005651379.novalocal proxy-server[101374]: ::1 ::1 19/Mar/2026/03/40/29 GET /v1/AUTH_2c0dd7efa1e94d879bc5da8c6f19a646/gnocchi.388d41fc-9fa4-46e9-a62b-3a8e921e3c9d/none_v3 HTTP/1.0 200 - python-swiftclient-4.8.0 gAAAAABpu2_uqf-H... - 22 - tx1af855b547ba49edaefe3-0069bb702d - 0.0097 - - 1773891629.782880783 1773891629.792554855 0 e61d2c26cb6146fb88642c1126e377de
Mar 18 23:40:29 np0005651379.novalocal container-server[99868]: ::1 - - [19/Mar/2026:03:40:29 +0000] "GET /3/89015/AUTH_2c0dd7efa1e94d879bc5da8c6f19a646/gnocchi.388d41fc-9fa4-46e9-a62b-3a8e921e3c9d" 200 357 "GET https://[::1]:8080/v1/AUTH_2c0dd7efa1e94d879bc5da8c6f19a646/gnocchi.388d41fc-9fa4-46e9-a62b-3a8e921e3c9d?format=json&states=listing" "tx1e4a7042a0014325804cc-0069bb702d" "proxy-server 101374" 0.0045 "-" 99868 0
Mar 18 23:40:29 np0005651379.novalocal proxy-server[101374]: ::1 ::1 19/Mar/2026/03/40/29 GET /v1/AUTH_2c0dd7efa1e94d879bc5da8c6f19a646/gnocchi.388d41fc-9fa4-46e9-a62b-3a8e921e3c9d%3Fformat%3Djson%26states%3Dlisting HTTP/1.0 200 - python-swiftclient-4.8.0 gAAAAABpu2_uqf-H... - 357 - tx1e4a7042a0014325804cc-0069bb702d - 0.0112 - - 1773891629.803917408 1773891629.815159082 0 e61d2c26cb6146fb88642c1126e377de
Mar 18 23:40:29 np0005651379.novalocal container-server[99867]: ::1 - - [19/Mar/2026:03:40:29 +0000] "GET /2/89015/AUTH_2c0dd7efa1e94d879bc5da8c6f19a646/gnocchi.388d41fc-9fa4-46e9-a62b-3a8e921e3c9d" 200 2 "GET https://[::1]:8080/v1/AUTH_2c0dd7efa1e94d879bc5da8c6f19a646/gnocchi.388d41fc-9fa4-46e9-a62b-3a8e921e3c9d?format=json&marker=none_v3&states=listing" "txc24c3fe4a275482d83ab6-0069bb702d" "proxy-server 101374" 0.0036 "-" 99867 0
Mar 18 23:40:29 np0005651379.novalocal proxy-server[101374]: ::1 ::1 19/Mar/2026/03/40/29 GET /v1/AUTH_2c0dd7efa1e94d879bc5da8c6f19a646/gnocchi.388d41fc-9fa4-46e9-a62b-3a8e921e3c9d%3Fformat%3Djson%26marker%3Dnone_v3%26states%3Dlisting HTTP/1.0 200 - python-swiftclient-4.8.0 gAAAAABpu2_uqf-H... - 2 - txc24c3fe4a275482d83ab6-0069bb702d - 0.0101 - - 1773891629.818281412 1773891629.828356266 0 e61d2c26cb6146fb88642c1126e377de
Mar 18 23:40:29 np0005651379.novalocal object-server[100257]: ::1 - - [19/Mar/2026:03:40:29 +0000] "GET /3/102140/AUTH_2c0dd7efa1e94d879bc5da8c6f19a646/gnocchi.388d41fc-9fa4-46e9-a62b-3a8e921e3c9d/1773360000.0_mean_300.0_v3" 200 16 "GET https://[::1]:8080/v1/AUTH_2c0dd7efa1e94d879bc5da8c6f19a646/gnocchi.388d41fc-9fa4-46e9-a62b-3a8e921e3c9d/1773360000.0_mean_300.0_v3" "txbb9c8ff5320a4508bfd7b-0069bb702d" "proxy-server 101374" 0.0011 "-" 100257 0
Mar 18 23:40:29 np0005651379.novalocal proxy-server[101374]: ::1 ::1 19/Mar/2026/03/40/29 GET /v1/AUTH_2c0dd7efa1e94d879bc5da8c6f19a646/gnocchi.388d41fc-9fa4-46e9-a62b-3a8e921e3c9d/1773360000.0_mean_300.0_v3 HTTP/1.0 200 - python-swiftclient-4.8.0 gAAAAABpu2_uqf-H... - 16 - txbb9c8ff5320a4508bfd7b-0069bb702d - 0.0085 - - 1773891629.832643270 1773891629.841123819 0 e61d2c26cb6146fb88642c1126e377de
Mar 18 23:40:29 np0005651379.novalocal container-server[99868]: ::1 - - [19/Mar/2026:03:40:29 +0000] "PUT /3/89015/AUTH_2c0dd7efa1e94d879bc5da8c6f19a646/gnocchi.388d41fc-9fa4-46e9-a62b-3a8e921e3c9d/1773360000.0_mean_300.0_v3" 201 - "PUT http://[::1]:8080/2/102140/AUTH_2c0dd7efa1e94d879bc5da8c6f19a646/gnocchi.388d41fc-9fa4-46e9-a62b-3a8e921e3c9d/1773360000.0_mean_300.0_v3" "txc492c39f7fb9448bbde99-0069bb702d" "object-server 100256" 0.0009 "-" 99868 0
Mar 18 23:40:29 np0005651379.novalocal object-server[100256]: ::1 - - [19/Mar/2026:03:40:29 +0000] "PUT /2/102140/AUTH_2c0dd7efa1e94d879bc5da8c6f19a646/gnocchi.388d41fc-9fa4-46e9-a62b-3a8e921e3c9d/1773360000.0_mean_300.0_v3" 201 - "PUT https://[::1]:8080/v1/AUTH_2c0dd7efa1e94d879bc5da8c6f19a646/gnocchi.388d41fc-9fa4-46e9-a62b-3a8e921e3c9d/1773360000.0_mean_300.0_v3" "txc492c39f7fb9448bbde99-0069bb702d" "proxy-server 101374" 0.0127 "-" 100256 0
Mar 18 23:40:29 np0005651379.novalocal container-server[99867]: ::1 - - [19/Mar/2026:03:40:29 +0000] "PUT /1/89015/AUTH_2c0dd7efa1e94d879bc5da8c6f19a646/gnocchi.388d41fc-9fa4-46e9-a62b-3a8e921e3c9d/1773360000.0_mean_300.0_v3" 201 - "PUT http://[::1]:8080/3/102140/AUTH_2c0dd7efa1e94d879bc5da8c6f19a646/gnocchi.388d41fc-9fa4-46e9-a62b-3a8e921e3c9d/1773360000.0_mean_300.0_v3" "txc492c39f7fb9448bbde99-0069bb702d" "object-server 100257" 0.0012 "-" 99867 0
Mar 18 23:40:29 np0005651379.novalocal object-server[100257]: ::1 - - [19/Mar/2026:03:40:29 +0000] "PUT /3/102140/AUTH_2c0dd7efa1e94d879bc5da8c6f19a646/gnocchi.388d41fc-9fa4-46e9-a62b-3a8e921e3c9d/1773360000.0_mean_300.0_v3" 201 - "PUT https://[::1]:8080/v1/AUTH_2c0dd7efa1e94d879bc5da8c6f19a646/gnocchi.388d41fc-9fa4-46e9-a62b-3a8e921e3c9d/1773360000.0_mean_300.0_v3" "txc492c39f7fb9448bbde99-0069bb702d" "proxy-server 101374" 0.0144 "-" 100257 0
Mar 18 23:40:29 np0005651379.novalocal container-server[99867]: ::1 - - [19/Mar/2026:03:40:29 +0000] "PUT /2/89015/AUTH_2c0dd7efa1e94d879bc5da8c6f19a646/gnocchi.388d41fc-9fa4-46e9-a62b-3a8e921e3c9d/1773360000.0_mean_300.0_v3" 201 - "PUT http://[::1]:8080/1/102140/AUTH_2c0dd7efa1e94d879bc5da8c6f19a646/gnocchi.388d41fc-9fa4-46e9-a62b-3a8e921e3c9d/1773360000.0_mean_300.0_v3" "txc492c39f7fb9448bbde99-0069bb702d" "object-server 100257" 0.0005 "-" 99867 0
Mar 18 23:40:29 np0005651379.novalocal object-server[100257]: ::1 - - [19/Mar/2026:03:40:29 +0000] "PUT /1/102140/AUTH_2c0dd7efa1e94d879bc5da8c6f19a646/gnocchi.388d41fc-9fa4-46e9-a62b-3a8e921e3c9d/1773360000.0_mean_300.0_v3" 201 - "PUT https://[::1]:8080/v1/AUTH_2c0dd7efa1e94d879bc5da8c6f19a646/gnocchi.388d41fc-9fa4-46e9-a62b-3a8e921e3c9d/1773360000.0_mean_300.0_v3" "txc492c39f7fb9448bbde99-0069bb702d" "proxy-server 101374" 0.0143 "-" 100257 0
Mar 18 23:40:29 np0005651379.novalocal proxy-server[101374]: ::1 ::1 19/Mar/2026/03/40/29 PUT /v1/AUTH_2c0dd7efa1e94d879bc5da8c6f19a646/gnocchi.388d41fc-9fa4-46e9-a62b-3a8e921e3c9d/1773360000.0_mean_300.0_v3 HTTP/1.0 201 - python-swiftclient-4.8.0 gAAAAABpu2_uqf-H... 16 - - txc492c39f7fb9448bbde99-0069bb702d - 0.0274 - - 1773891629.846823931 1773891629.874209642 0 e61d2c26cb6146fb88642c1126e377de
Mar 18 23:40:29 np0005651379.novalocal container-server[99867]: ::1 - - [19/Mar/2026:03:40:29 +0000] "PUT /3/89015/AUTH_2c0dd7efa1e94d879bc5da8c6f19a646/gnocchi.388d41fc-9fa4-46e9-a62b-3a8e921e3c9d/none_v3" 201 - "PUT http://[::1]:8080/2/231906/AUTH_2c0dd7efa1e94d879bc5da8c6f19a646/gnocchi.388d41fc-9fa4-46e9-a62b-3a8e921e3c9d/none_v3" "tx36df4ef652864e03b14c6-0069bb702d" "object-server 100257" 0.0010 "-" 99867 0
Mar 18 23:40:29 np0005651379.novalocal container-server[99868]: ::1 - - [19/Mar/2026:03:40:29 +0000] "PUT /2/89015/AUTH_2c0dd7efa1e94d879bc5da8c6f19a646/gnocchi.388d41fc-9fa4-46e9-a62b-3a8e921e3c9d/none_v3" 201 - "PUT http://[::1]:8080/1/231906/AUTH_2c0dd7efa1e94d879bc5da8c6f19a646/gnocchi.388d41fc-9fa4-46e9-a62b-3a8e921e3c9d/none_v3" "tx36df4ef652864e03b14c6-0069bb702d" "object-server 100256" 0.0008 "-" 99868 0
Mar 18 23:40:29 np0005651379.novalocal object-server[100257]: ::1 - - [19/Mar/2026:03:40:29 +0000] "PUT /2/231906/AUTH_2c0dd7efa1e94d879bc5da8c6f19a646/gnocchi.388d41fc-9fa4-46e9-a62b-3a8e921e3c9d/none_v3" 201 - "PUT https://[::1]:8080/v1/AUTH_2c0dd7efa1e94d879bc5da8c6f19a646/gnocchi.388d41fc-9fa4-46e9-a62b-3a8e921e3c9d/none_v3" "tx36df4ef652864e03b14c6-0069bb702d" "proxy-server 101374" 0.0126 "-" 100257 0
Mar 18 23:40:29 np0005651379.novalocal object-server[100256]: ::1 - - [19/Mar/2026:03:40:29 +0000] "PUT /1/231906/AUTH_2c0dd7efa1e94d879bc5da8c6f19a646/gnocchi.388d41fc-9fa4-46e9-a62b-3a8e921e3c9d/none_v3" 201 - "PUT https://[::1]:8080/v1/AUTH_2c0dd7efa1e94d879bc5da8c6f19a646/gnocchi.388d41fc-9fa4-46e9-a62b-3a8e921e3c9d/none_v3" "tx36df4ef652864e03b14c6-0069bb702d" "proxy-server 101374" 0.0130 "-" 100256 0
Mar 18 23:40:29 np0005651379.novalocal container-server[99868]: ::1 - - [19/Mar/2026:03:40:29 +0000] "PUT /1/89015/AUTH_2c0dd7efa1e94d879bc5da8c6f19a646/gnocchi.388d41fc-9fa4-46e9-a62b-3a8e921e3c9d/none_v3" 201 - "PUT http://[::1]:8080/3/231906/AUTH_2c0dd7efa1e94d879bc5da8c6f19a646/gnocchi.388d41fc-9fa4-46e9-a62b-3a8e921e3c9d/none_v3" "tx36df4ef652864e03b14c6-0069bb702d" "object-server 100256" 0.0007 "-" 99868 0
Mar 18 23:40:29 np0005651379.novalocal object-server[100256]: ::1 - - [19/Mar/2026:03:40:29 +0000] "PUT /3/231906/AUTH_2c0dd7efa1e94d879bc5da8c6f19a646/gnocchi.388d41fc-9fa4-46e9-a62b-3a8e921e3c9d/none_v3" 201 - "PUT https://[::1]:8080/v1/AUTH_2c0dd7efa1e94d879bc5da8c6f19a646/gnocchi.388d41fc-9fa4-46e9-a62b-3a8e921e3c9d/none_v3" "tx36df4ef652864e03b14c6-0069bb702d" "proxy-server 101374" 0.0129 "-" 100256 0
Mar 18 23:40:29 np0005651379.novalocal proxy-server[101374]: ::1 ::1 19/Mar/2026/03/40/29 PUT /v1/AUTH_2c0dd7efa1e94d879bc5da8c6f19a646/gnocchi.388d41fc-9fa4-46e9-a62b-3a8e921e3c9d/none_v3 HTTP/1.0 201 - python-swiftclient-4.8.0 gAAAAABpu2_uqf-H... 31 - - tx36df4ef652864e03b14c6-0069bb702d - 0.0224 - - 1773891629.878145695 1773891629.900580406 0 e61d2c26cb6146fb88642c1126e377de
Mar 18 23:40:29 np0005651379.novalocal object-server[100256]: ::1 - - [19/Mar/2026:03:40:29 +0000] "GET /1/89109/AUTH_2c0dd7efa1e94d879bc5da8c6f19a646/gnocchi.405dd4d4-50c4-4be0-9200-a85c87636d3b/none_v3" 200 22 "GET https://[::1]:8080/v1/AUTH_2c0dd7efa1e94d879bc5da8c6f19a646/gnocchi.405dd4d4-50c4-4be0-9200-a85c87636d3b/none_v3" "tx1ea5085432d045c1b07a8-0069bb702d" "proxy-server 101374" 0.0010 "-" 100256 0
Mar 18 23:40:29 np0005651379.novalocal proxy-server[101374]: ::1 ::1 19/Mar/2026/03/40/29 GET /v1/AUTH_2c0dd7efa1e94d879bc5da8c6f19a646/gnocchi.405dd4d4-50c4-4be0-9200-a85c87636d3b/none_v3 HTTP/1.0 200 - python-swiftclient-4.8.0 gAAAAABpu2_uqf-H... - 22 - tx1ea5085432d045c1b07a8-0069bb702d - 0.0074 - - 1773891629.952308178 1773891629.959718227 0 e61d2c26cb6146fb88642c1126e377de
Mar 18 23:40:29 np0005651379.novalocal container-server[99868]: ::1 - - [19/Mar/2026:03:40:29 +0000] "GET /2/160778/AUTH_2c0dd7efa1e94d879bc5da8c6f19a646/gnocchi.405dd4d4-50c4-4be0-9200-a85c87636d3b" 200 357 "GET https://[::1]:8080/v1/AUTH_2c0dd7efa1e94d879bc5da8c6f19a646/gnocchi.405dd4d4-50c4-4be0-9200-a85c87636d3b?format=json&states=listing" "txc65bf4da53c6451cbf607-0069bb702d" "proxy-server 101374" 0.0043 "-" 99868 0
Mar 18 23:40:29 np0005651379.novalocal proxy-server[101374]: ::1 ::1 19/Mar/2026/03/40/29 GET /v1/AUTH_2c0dd7efa1e94d879bc5da8c6f19a646/gnocchi.405dd4d4-50c4-4be0-9200-a85c87636d3b%3Fformat%3Djson%26states%3Dlisting HTTP/1.0 200 - python-swiftclient-4.8.0 gAAAAABpu2_uqf-H... - 357 - txc65bf4da53c6451cbf607-0069bb702d - 0.0110 - - 1773891629.962491751 1773891629.973532915 0 e61d2c26cb6146fb88642c1126e377de
Mar 18 23:40:29 np0005651379.novalocal container-server[99867]: ::1 - - [19/Mar/2026:03:40:29 +0000] "GET /1/160778/AUTH_2c0dd7efa1e94d879bc5da8c6f19a646/gnocchi.405dd4d4-50c4-4be0-9200-a85c87636d3b" 200 2 "GET https://[::1]:8080/v1/AUTH_2c0dd7efa1e94d879bc5da8c6f19a646/gnocchi.405dd4d4-50c4-4be0-9200-a85c87636d3b?format=json&marker=none_v3&states=listing" "tx452473089ef442e284b7b-0069bb702d" "proxy-server 101374" 0.0034 "-" 99867 0
Mar 18 23:40:29 np0005651379.novalocal proxy-server[101374]: ::1 ::1 19/Mar/2026/03/40/29 GET /v1/AUTH_2c0dd7efa1e94d879bc5da8c6f19a646/gnocchi.405dd4d4-50c4-4be0-9200-a85c87636d3b%3Fformat%3Djson%26marker%3Dnone_v3%26states%3Dlisting HTTP/1.0 200 - python-swiftclient-4.8.0 gAAAAABpu2_uqf-H... - 2 - tx452473089ef442e284b7b-0069bb702d - 0.0098 - - 1773891629.976314783 1773891629.986114025 0 e61d2c26cb6146fb88642c1126e377de
Mar 18 23:40:29 np0005651379.novalocal object-server[100257]: ::1 - - [19/Mar/2026:03:40:29 +0000] "GET /1/14488/AUTH_2c0dd7efa1e94d879bc5da8c6f19a646/gnocchi.405dd4d4-50c4-4be0-9200-a85c87636d3b/1773360000.0_mean_300.0_v3" 200 16 "GET https://[::1]:8080/v1/AUTH_2c0dd7efa1e94d879bc5da8c6f19a646/gnocchi.405dd4d4-50c4-4be0-9200-a85c87636d3b/1773360000.0_mean_300.0_v3" "tx4381173f27e241d2b2649-0069bb702d" "proxy-server 101374" 0.0014 "-" 100257 0
Mar 18 23:40:30 np0005651379.novalocal proxy-server[101374]: ::1 ::1 19/Mar/2026/03/40/30 GET /v1/AUTH_2c0dd7efa1e94d879bc5da8c6f19a646/gnocchi.405dd4d4-50c4-4be0-9200-a85c87636d3b/1773360000.0_mean_300.0_v3 HTTP/1.0 200 - python-swiftclient-4.8.0 gAAAAABpu2_uqf-H... - 16 - tx4381173f27e241d2b2649-0069bb702d - 0.0109 - - 1773891629.989937067 1773891630.000799417 0 e61d2c26cb6146fb88642c1126e377de
Mar 18 23:40:30 np0005651379.novalocal container-server[99868]: ::1 - - [19/Mar/2026:03:40:30 +0000] "PUT /2/160778/AUTH_2c0dd7efa1e94d879bc5da8c6f19a646/gnocchi.405dd4d4-50c4-4be0-9200-a85c87636d3b/1773360000.0_mean_300.0_v3" 201 - "PUT http://[::1]:8080/2/14488/AUTH_2c0dd7efa1e94d879bc5da8c6f19a646/gnocchi.405dd4d4-50c4-4be0-9200-a85c87636d3b/1773360000.0_mean_300.0_v3" "tx73a3f22e8ad84792a7c74-0069bb702e" "object-server 100256" 0.0008 "-" 99868 0
Mar 18 23:40:30 np0005651379.novalocal object-server[100256]: ::1 - - [19/Mar/2026:03:40:30 +0000] "PUT /2/14488/AUTH_2c0dd7efa1e94d879bc5da8c6f19a646/gnocchi.405dd4d4-50c4-4be0-9200-a85c87636d3b/1773360000.0_mean_300.0_v3" 201 - "PUT https://[::1]:8080/v1/AUTH_2c0dd7efa1e94d879bc5da8c6f19a646/gnocchi.405dd4d4-50c4-4be0-9200-a85c87636d3b/1773360000.0_mean_300.0_v3" "tx73a3f22e8ad84792a7c74-0069bb702e" "proxy-server 101374" 0.0140 "-" 100256 0
