Mar 18 23:39:47 np0005651379.novalocal object-server[100257]: ::1 - - [19/Mar/2026:03:39:47 +0000] "GET /3/149556/AUTH_2c0dd7efa1e94d879bc5da8c6f19a646/gnocchi.da068fe9-7b7f-4576-9011-60547dbb118e/1773360000.0_mean_300.0_v3" 404 70 "GET https://[::1]:8080/v1/AUTH_2c0dd7efa1e94d879bc5da8c6f19a646/gnocchi.da068fe9-7b7f-4576-9011-60547dbb118e/1773360000.0_mean_300.0_v3" "txbf34145ca7c647dbbb468-0069bb7003" "proxy-server 101374" 0.0002 "-" 100257 0
Mar 18 23:39:47 np0005651379.novalocal proxy-server[101374]: ::1 ::1 19/Mar/2026/03/39/47 GET /v1/AUTH_2c0dd7efa1e94d879bc5da8c6f19a646/gnocchi.da068fe9-7b7f-4576-9011-60547dbb118e/1773360000.0_mean_300.0_v3 HTTP/1.0 404 - python-swiftclient-4.8.0 gAAAAABpu2_xITFz... - 70 - txbf34145ca7c647dbbb468-0069bb7003 - 0.0103 - - 1773891587.806172132 1773891587.816469193 0 e61d2c26cb6146fb88642c1126e377de
Mar 18 23:39:47 np0005651379.novalocal container-server[99867]: ::1 - - [19/Mar/2026:03:39:47 +0000] "PUT /3/253666/AUTH_2c0dd7efa1e94d879bc5da8c6f19a646/gnocchi.da068fe9-7b7f-4576-9011-60547dbb118e/1773360000.0_mean_300.0_v3" 201 - "PUT http://[::1]:8080/3/149556/AUTH_2c0dd7efa1e94d879bc5da8c6f19a646/gnocchi.da068fe9-7b7f-4576-9011-60547dbb118e/1773360000.0_mean_300.0_v3" "tx27ea4f815200404dbfca1-0069bb7003" "object-server 100256" 0.0004 "-" 99867 0
Mar 18 23:39:47 np0005651379.novalocal object-server[100256]: ::1 - - [19/Mar/2026:03:39:47 +0000] "PUT /3/149556/AUTH_2c0dd7efa1e94d879bc5da8c6f19a646/gnocchi.da068fe9-7b7f-4576-9011-60547dbb118e/1773360000.0_mean_300.0_v3" 201 - "PUT https://[::1]:8080/v1/AUTH_2c0dd7efa1e94d879bc5da8c6f19a646/gnocchi.da068fe9-7b7f-4576-9011-60547dbb118e/1773360000.0_mean_300.0_v3" "tx27ea4f815200404dbfca1-0069bb7003" "proxy-server 101374" 0.0084 "-" 100256 0
Mar 18 23:39:47 np0005651379.novalocal container-server[99867]: ::1 - - [19/Mar/2026:03:39:47 +0000] "PUT /1/253666/AUTH_2c0dd7efa1e94d879bc5da8c6f19a646/gnocchi.da068fe9-7b7f-4576-9011-60547dbb118e/1773360000.0_mean_300.0_v3" 201 - "PUT http://[::1]:8080/1/149556/AUTH_2c0dd7efa1e94d879bc5da8c6f19a646/gnocchi.da068fe9-7b7f-4576-9011-60547dbb118e/1773360000.0_mean_300.0_v3" "tx27ea4f815200404dbfca1-0069bb7003" "object-server 100257" 0.0003 "-" 99867 0
Mar 18 23:39:47 np0005651379.novalocal object-server[100257]: ::1 - - [19/Mar/2026:03:39:47 +0000] "PUT /1/149556/AUTH_2c0dd7efa1e94d879bc5da8c6f19a646/gnocchi.da068fe9-7b7f-4576-9011-60547dbb118e/1773360000.0_mean_300.0_v3" 201 - "PUT https://[::1]:8080/v1/AUTH_2c0dd7efa1e94d879bc5da8c6f19a646/gnocchi.da068fe9-7b7f-4576-9011-60547dbb118e/1773360000.0_mean_300.0_v3" "tx27ea4f815200404dbfca1-0069bb7003" "proxy-server 101374" 0.0090 "-" 100257 0
Mar 18 23:39:47 np0005651379.novalocal container-server[99868]: ::1 - - [19/Mar/2026:03:39:47 +0000] "PUT /2/253666/AUTH_2c0dd7efa1e94d879bc5da8c6f19a646/gnocchi.da068fe9-7b7f-4576-9011-60547dbb118e/1773360000.0_mean_300.0_v3" 201 - "PUT http://[::1]:8080/2/149556/AUTH_2c0dd7efa1e94d879bc5da8c6f19a646/gnocchi.da068fe9-7b7f-4576-9011-60547dbb118e/1773360000.0_mean_300.0_v3" "tx27ea4f815200404dbfca1-0069bb7003" "object-server 100257" 0.0004 "-" 99868 0
Mar 18 23:39:47 np0005651379.novalocal object-server[100257]: ::1 - - [19/Mar/2026:03:39:47 +0000] "PUT /2/149556/AUTH_2c0dd7efa1e94d879bc5da8c6f19a646/gnocchi.da068fe9-7b7f-4576-9011-60547dbb118e/1773360000.0_mean_300.0_v3" 201 - "PUT https://[::1]:8080/v1/AUTH_2c0dd7efa1e94d879bc5da8c6f19a646/gnocchi.da068fe9-7b7f-4576-9011-60547dbb118e/1773360000.0_mean_300.0_v3" "tx27ea4f815200404dbfca1-0069bb7003" "proxy-server 101374" 0.0089 "-" 100257 0
Mar 18 23:39:47 np0005651379.novalocal proxy-server[101374]: ::1 ::1 19/Mar/2026/03/39/47 PUT /v1/AUTH_2c0dd7efa1e94d879bc5da8c6f19a646/gnocchi.da068fe9-7b7f-4576-9011-60547dbb118e/1773360000.0_mean_300.0_v3 HTTP/1.0 201 - python-swiftclient-4.8.0 gAAAAABpu2_xITFz... 16 - - tx27ea4f815200404dbfca1-0069bb7003 - 0.0166 - - 1773891587.818470955 1773891587.835089445 0 e61d2c26cb6146fb88642c1126e377de
Mar 18 23:39:47 np0005651379.novalocal container-server[99867]: ::1 - - [19/Mar/2026:03:39:47 +0000] "PUT /2/253666/AUTH_2c0dd7efa1e94d879bc5da8c6f19a646/gnocchi.da068fe9-7b7f-4576-9011-60547dbb118e/none_v3" 201 - "PUT http://[::1]:8080/3/66085/AUTH_2c0dd7efa1e94d879bc5da8c6f19a646/gnocchi.da068fe9-7b7f-4576-9011-60547dbb118e/none_v3" "tx3bf6ce6b06644d3987f58-0069bb7003" "object-server 100256" 0.0003 "-" 99867 0
Mar 18 23:39:47 np0005651379.novalocal object-server[100256]: ::1 - - [19/Mar/2026:03:39:47 +0000] "PUT /3/66085/AUTH_2c0dd7efa1e94d879bc5da8c6f19a646/gnocchi.da068fe9-7b7f-4576-9011-60547dbb118e/none_v3" 201 - "PUT https://[::1]:8080/v1/AUTH_2c0dd7efa1e94d879bc5da8c6f19a646/gnocchi.da068fe9-7b7f-4576-9011-60547dbb118e/none_v3" "tx3bf6ce6b06644d3987f58-0069bb7003" "proxy-server 101374" 0.0065 "-" 100256 0
Mar 18 23:39:47 np0005651379.novalocal container-server[99867]: ::1 - - [19/Mar/2026:03:39:47 +0000] "PUT /3/253666/AUTH_2c0dd7efa1e94d879bc5da8c6f19a646/gnocchi.da068fe9-7b7f-4576-9011-60547dbb118e/none_v3" 201 - "PUT http://[::1]:8080/2/66085/AUTH_2c0dd7efa1e94d879bc5da8c6f19a646/gnocchi.da068fe9-7b7f-4576-9011-60547dbb118e/none_v3" "tx3bf6ce6b06644d3987f58-0069bb7003" "object-server 100257" 0.0003 "-" 99867 0
Mar 18 23:39:47 np0005651379.novalocal container-server[99867]: ::1 - - [19/Mar/2026:03:39:47 +0000] "PUT /1/253666/AUTH_2c0dd7efa1e94d879bc5da8c6f19a646/gnocchi.da068fe9-7b7f-4576-9011-60547dbb118e/none_v3" 201 - "PUT http://[::1]:8080/1/66085/AUTH_2c0dd7efa1e94d879bc5da8c6f19a646/gnocchi.da068fe9-7b7f-4576-9011-60547dbb118e/none_v3" "tx3bf6ce6b06644d3987f58-0069bb7003" "object-server 100257" 0.0003 "-" 99867 0
Mar 18 23:39:47 np0005651379.novalocal object-server[100257]: ::1 - - [19/Mar/2026:03:39:47 +0000] "PUT /2/66085/AUTH_2c0dd7efa1e94d879bc5da8c6f19a646/gnocchi.da068fe9-7b7f-4576-9011-60547dbb118e/none_v3" 201 - "PUT https://[::1]:8080/v1/AUTH_2c0dd7efa1e94d879bc5da8c6f19a646/gnocchi.da068fe9-7b7f-4576-9011-60547dbb118e/none_v3" "tx3bf6ce6b06644d3987f58-0069bb7003" "proxy-server 101374" 0.0081 "-" 100257 0
Mar 18 23:39:47 np0005651379.novalocal object-server[100257]: ::1 - - [19/Mar/2026:03:39:47 +0000] "PUT /1/66085/AUTH_2c0dd7efa1e94d879bc5da8c6f19a646/gnocchi.da068fe9-7b7f-4576-9011-60547dbb118e/none_v3" 201 - "PUT https://[::1]:8080/v1/AUTH_2c0dd7efa1e94d879bc5da8c6f19a646/gnocchi.da068fe9-7b7f-4576-9011-60547dbb118e/none_v3" "tx3bf6ce6b06644d3987f58-0069bb7003" "proxy-server 101374" 0.0088 "-" 100257 0
Mar 18 23:39:47 np0005651379.novalocal proxy-server[101374]: ::1 ::1 19/Mar/2026/03/39/47 PUT /v1/AUTH_2c0dd7efa1e94d879bc5da8c6f19a646/gnocchi.da068fe9-7b7f-4576-9011-60547dbb118e/none_v3 HTTP/1.0 201 - python-swiftclient-4.8.0 gAAAAABpu2_xITFz... 29 - - tx3bf6ce6b06644d3987f58-0069bb7003 - 0.0150 - - 1773891587.836897850 1773891587.851860285 0 e61d2c26cb6146fb88642c1126e377de
Mar 18 23:39:47 np0005651379.novalocal kernel: qbr092d957a-54: port 2(tap092d957a-54) entered disabled state
Mar 18 23:39:47 np0005651379.novalocal kernel: tap092d957a-54 (unregistering): left allmulticast mode
Mar 18 23:39:47 np0005651379.novalocal kernel: tap092d957a-54 (unregistering): left promiscuous mode
Mar 18 23:39:47 np0005651379.novalocal kernel: qbr092d957a-54: port 2(tap092d957a-54) entered disabled state
Mar 18 23:39:47 np0005651379.novalocal NetworkManager[869]: [1773891587.8781] device (tap092d957a-54): state change: activated -> unmanaged (reason 'unmanaged', managed-type: 'removed')
Mar 18 23:39:47 np0005651379.novalocal NetworkManager[869]: [1773891587.8785] device (tap092d957a-54): released from controller device qbr092d957a-54
Mar 18 23:39:47 np0005651379.novalocal systemd[1]: machine-qemu\x2d1\x2dinstance\x2d00000001.scope: Deactivated successfully.
Mar 18 23:39:47 np0005651379.novalocal systemd[1]: machine-qemu\x2d1\x2dinstance\x2d00000001.scope: Consumed 4.494s CPU time.
Mar 18 23:39:47 np0005651379.novalocal container-server[99867]: ::1 - - [19/Mar/2026:03:39:47 +0000] "HEAD /3/165574/AUTH_2c0dd7efa1e94d879bc5da8c6f19a646/gnocchi.8a522cf2-c5d2-4769-87fe-8b6b31d8fead" 404 - "HEAD http://[::1]:8080/v1/AUTH_2c0dd7efa1e94d879bc5da8c6f19a646/gnocchi.8a522cf2-c5d2-4769-87fe-8b6b31d8fead" "txf8db2926c8b4407b8329d-0069bb7003" "proxy-server 101374" 0.0004 "-" 99867 0
Mar 18 23:39:47 np0005651379.novalocal container-server[99868]: ::1 - - [19/Mar/2026:03:39:47 +0000] "HEAD /2/165574/AUTH_2c0dd7efa1e94d879bc5da8c6f19a646/gnocchi.8a522cf2-c5d2-4769-87fe-8b6b31d8fead" 404 - "HEAD http://[::1]:8080/v1/AUTH_2c0dd7efa1e94d879bc5da8c6f19a646/gnocchi.8a522cf2-c5d2-4769-87fe-8b6b31d8fead" "txf8db2926c8b4407b8329d-0069bb7003" "proxy-server 101374" 0.0003 "-" 99868 0
Mar 18 23:39:47 np0005651379.novalocal systemd-machined[96117]: Machine qemu-1-instance-00000001 terminated.
Mar 18 23:39:47 np0005651379.novalocal container-server[99868]: ::1 - - [19/Mar/2026:03:39:47 +0000] "HEAD /1/165574/AUTH_2c0dd7efa1e94d879bc5da8c6f19a646/gnocchi.8a522cf2-c5d2-4769-87fe-8b6b31d8fead" 404 - "HEAD http://[::1]:8080/v1/AUTH_2c0dd7efa1e94d879bc5da8c6f19a646/gnocchi.8a522cf2-c5d2-4769-87fe-8b6b31d8fead" "txf8db2926c8b4407b8329d-0069bb7003" "proxy-server 101374" 0.0001 "-" 99868 0
Mar 18 23:39:47 np0005651379.novalocal proxy-server[101374]: - - 19/Mar/2026/03/39/47 HEAD /v1/AUTH_2c0dd7efa1e94d879bc5da8c6f19a646/gnocchi.8a522cf2-c5d2-4769-87fe-8b6b31d8fead HTTP/1.0 404 - Swift - - - - txf8db2926c8b4407b8329d-0069bb7003 - 0.0128 CS - 1773891587.905240059 1773891587.918012381 0 -
Mar 18 23:39:47 np0005651379.novalocal object-server[100257]: ::1 - - [19/Mar/2026:03:39:47 +0000] "GET /3/209206/AUTH_2c0dd7efa1e94d879bc5da8c6f19a646/gnocchi.8a522cf2-c5d2-4769-87fe-8b6b31d8fead/none_v3" 404 70 "GET https://[::1]:8080/v1/AUTH_2c0dd7efa1e94d879bc5da8c6f19a646/gnocchi.8a522cf2-c5d2-4769-87fe-8b6b31d8fead/none_v3" "txf8db2926c8b4407b8329d-0069bb7003" "proxy-server 101374" 0.0004 "-" 100257 0
Mar 18 23:39:47 np0005651379.novalocal object-server[100257]: ::1 - - [19/Mar/2026:03:39:47 +0000] "GET /2/209206/AUTH_2c0dd7efa1e94d879bc5da8c6f19a646/gnocchi.8a522cf2-c5d2-4769-87fe-8b6b31d8fead/none_v3" 404 70 "GET https://[::1]:8080/v1/AUTH_2c0dd7efa1e94d879bc5da8c6f19a646/gnocchi.8a522cf2-c5d2-4769-87fe-8b6b31d8fead/none_v3" "txf8db2926c8b4407b8329d-0069bb7003" "proxy-server 101374" 0.0002 "-" 100257 0
Mar 18 23:39:47 np0005651379.novalocal object-server[100256]: ::1 - - [19/Mar/2026:03:39:47 +0000] "GET /1/209206/AUTH_2c0dd7efa1e94d879bc5da8c6f19a646/gnocchi.8a522cf2-c5d2-4769-87fe-8b6b31d8fead/none_v3" 404 70 "GET https://[::1]:8080/v1/AUTH_2c0dd7efa1e94d879bc5da8c6f19a646/gnocchi.8a522cf2-c5d2-4769-87fe-8b6b31d8fead/none_v3" "txf8db2926c8b4407b8329d-0069bb7003" "proxy-server 101374" 0.0005 "-" 100256 0
Mar 18 23:39:47 np0005651379.novalocal proxy-server[101374]: ::1 ::1 19/Mar/2026/03/39/47 GET /v1/AUTH_2c0dd7efa1e94d879bc5da8c6f19a646/gnocchi.8a522cf2-c5d2-4769-87fe-8b6b31d8fead/none_v3 HTTP/1.0 404 - python-swiftclient-4.8.0 gAAAAABpu2_xITFz... - 70 - txf8db2926c8b4407b8329d-0069bb7003 - 0.0248 - - 1773891587.904622555 1773891587.929405212 0 e61d2c26cb6146fb88642c1126e377de
Mar 18 23:39:47 np0005651379.novalocal account-server[99474]: ::1 - - [19/Mar/2026:03:39:47 +0000] "PUT /2/184762/AUTH_2c0dd7efa1e94d879bc5da8c6f19a646/gnocchi.8a522cf2-c5d2-4769-87fe-8b6b31d8fead" 201 - "PUT http://[::1]:6001/1/165574/AUTH_2c0dd7efa1e94d879bc5da8c6f19a646/gnocchi.8a522cf2-c5d2-4769-87fe-8b6b31d8fead" "tx6d25f229a0c04d0eb2e83-0069bb7003" "container-server 99867" 0.0091 "-" 99474 0
Mar 18 23:39:47 np0005651379.novalocal container-server[99867]: ::1 - - [19/Mar/2026:03:39:47 +0000] "PUT /1/165574/AUTH_2c0dd7efa1e94d879bc5da8c6f19a646/gnocchi.8a522cf2-c5d2-4769-87fe-8b6b31d8fead" 201 - "PUT https://[::1]:8080/v1/AUTH_2c0dd7efa1e94d879bc5da8c6f19a646/gnocchi.8a522cf2-c5d2-4769-87fe-8b6b31d8fead" "tx6d25f229a0c04d0eb2e83-0069bb7003" "proxy-server 101374" 0.0198 "-" 99867 0
Mar 18 23:39:47 np0005651379.novalocal account-server[99475]: ::1 - - [19/Mar/2026:03:39:47 +0000] "PUT /3/184762/AUTH_2c0dd7efa1e94d879bc5da8c6f19a646/gnocchi.8a522cf2-c5d2-4769-87fe-8b6b31d8fead" 201 - "PUT http://[::1]:6001/2/165574/AUTH_2c0dd7efa1e94d879bc5da8c6f19a646/gnocchi.8a522cf2-c5d2-4769-87fe-8b6b31d8fead" "tx6d25f229a0c04d0eb2e83-0069bb7003" "container-server 99868" 0.0031 "-" 99475 0
Mar 18 23:39:47 np0005651379.novalocal container-server[99868]: ::1 - - [19/Mar/2026:03:39:47 +0000] "PUT /2/165574/AUTH_2c0dd7efa1e94d879bc5da8c6f19a646/gnocchi.8a522cf2-c5d2-4769-87fe-8b6b31d8fead" 201 - "PUT https://[::1]:8080/v1/AUTH_2c0dd7efa1e94d879bc5da8c6f19a646/gnocchi.8a522cf2-c5d2-4769-87fe-8b6b31d8fead" "tx6d25f229a0c04d0eb2e83-0069bb7003" "proxy-server 101374" 0.0139 "-" 99868 0
Mar 18 23:39:47 np0005651379.novalocal account-server[99474]: ::1 - - [19/Mar/2026:03:39:47 +0000] "PUT /1/184762/AUTH_2c0dd7efa1e94d879bc5da8c6f19a646/gnocchi.8a522cf2-c5d2-4769-87fe-8b6b31d8fead" 201 - "PUT http://[::1]:6001/3/165574/AUTH_2c0dd7efa1e94d879bc5da8c6f19a646/gnocchi.8a522cf2-c5d2-4769-87fe-8b6b31d8fead" "tx6d25f229a0c04d0eb2e83-0069bb7003" "container-server 99868" 0.0053 "-" 99474 0
Mar 18 23:39:47 np0005651379.novalocal container-server[99868]: ::1 - - [19/Mar/2026:03:39:47 +0000] "PUT /3/165574/AUTH_2c0dd7efa1e94d879bc5da8c6f19a646/gnocchi.8a522cf2-c5d2-4769-87fe-8b6b31d8fead" 201 - "PUT https://[::1]:8080/v1/AUTH_2c0dd7efa1e94d879bc5da8c6f19a646/gnocchi.8a522cf2-c5d2-4769-87fe-8b6b31d8fead" "tx6d25f229a0c04d0eb2e83-0069bb7003" "proxy-server 101374" 0.0249 "-" 99868 0
Mar 18 23:39:47 np0005651379.novalocal proxy-server[101374]: ::1 ::1 19/Mar/2026/03/39/47 PUT /v1/AUTH_2c0dd7efa1e94d879bc5da8c6f19a646/gnocchi.8a522cf2-c5d2-4769-87fe-8b6b31d8fead HTTP/1.0 201 - python-swiftclient-4.8.0 gAAAAABpu2_xITFz... - - - tx6d25f229a0c04d0eb2e83-0069bb7003 - 0.0316 - - 1773891587.931114197 1773891587.962709188 0 e61d2c26cb6146fb88642c1126e377de
Mar 18 23:39:47 np0005651379.novalocal container-server[99868]: ::1 - - [19/Mar/2026:03:39:47 +0000] "HEAD /1/165574/AUTH_2c0dd7efa1e94d879bc5da8c6f19a646/gnocchi.8a522cf2-c5d2-4769-87fe-8b6b31d8fead" 204 - "HEAD http://[::1]:8080/v1/AUTH_2c0dd7efa1e94d879bc5da8c6f19a646/gnocchi.8a522cf2-c5d2-4769-87fe-8b6b31d8fead" "tx0460ef26fe6646bf9b041-0069bb7003" "proxy-server 101374" 0.0008 "-" 99868 0
Mar 18 23:39:47 np0005651379.novalocal proxy-server[101374]: - - 19/Mar/2026/03/39/47 HEAD /v1/AUTH_2c0dd7efa1e94d879bc5da8c6f19a646/gnocchi.8a522cf2-c5d2-4769-87fe-8b6b31d8fead HTTP/1.0 204 - Swift - - - - tx0460ef26fe6646bf9b041-0069bb7003 - 0.0028 CS - 1773891587.965100527 1773891587.967887878 0 -
Mar 18 23:39:47 np0005651379.novalocal container-server[99868]: ::1 - - [19/Mar/2026:03:39:47 +0000] "GET /1/165574/AUTH_2c0dd7efa1e94d879bc5da8c6f19a646/gnocchi.8a522cf2-c5d2-4769-87fe-8b6b31d8fead" 200 2 "GET https://[::1]:8080/v1/AUTH_2c0dd7efa1e94d879bc5da8c6f19a646/gnocchi.8a522cf2-c5d2-4769-87fe-8b6b31d8fead?format=json&states=listing" "tx0460ef26fe6646bf9b041-0069bb7003" "proxy-server 101374" 0.0013 "-" 99868 0
Mar 18 23:39:47 np0005651379.novalocal proxy-server[101374]: ::1 ::1 19/Mar/2026/03/39/47 GET /v1/AUTH_2c0dd7efa1e94d879bc5da8c6f19a646/gnocchi.8a522cf2-c5d2-4769-87fe-8b6b31d8fead%3Fformat%3Djson%26states%3Dlisting HTTP/1.0 200 - python-swiftclient-4.8.0 gAAAAABpu2_xITFz... - 2 - tx0460ef26fe6646bf9b041-0069bb7003 - 0.0095 - - 1773891587.964656115 1773891587.974123716 0 e61d2c26cb6146fb88642c1126e377de
Mar 18 23:39:47 np0005651379.novalocal object-server[100256]: ::1 - - [19/Mar/2026:03:39:47 +0000] "GET /1/106653/AUTH_2c0dd7efa1e94d879bc5da8c6f19a646/gnocchi.8a522cf2-c5d2-4769-87fe-8b6b31d8fead/1773360000.0_mean_300.0_v3" 404 70 "GET https://[::1]:8080/v1/AUTH_2c0dd7efa1e94d879bc5da8c6f19a646/gnocchi.8a522cf2-c5d2-4769-87fe-8b6b31d8fead/1773360000.0_mean_300.0_v3" "txe6e56897d0504cd189a72-0069bb7003" "proxy-server 101374" 0.0004 "-" 100256 0
Mar 18 23:39:47 np0005651379.novalocal object-server[100256]: ::1 - - [19/Mar/2026:03:39:47 +0000] "GET /2/106653/AUTH_2c0dd7efa1e94d879bc5da8c6f19a646/gnocchi.8a522cf2-c5d2-4769-87fe-8b6b31d8fead/1773360000.0_mean_300.0_v3" 404 70 "GET https://[::1]:8080/v1/AUTH_2c0dd7efa1e94d879bc5da8c6f19a646/gnocchi.8a522cf2-c5d2-4769-87fe-8b6b31d8fead/1773360000.0_mean_300.0_v3" "txe6e56897d0504cd189a72-0069bb7003" "proxy-server 101374" 0.0036 "-" 100256 0
Mar 18 23:39:47 np0005651379.novalocal object-server[100257]: ::1 - - [19/Mar/2026:03:39:47 +0000] "GET /3/106653/AUTH_2c0dd7efa1e94d879bc5da8c6f19a646/gnocchi.8a522cf2-c5d2-4769-87fe-8b6b31d8fead/1773360000.0_mean_300.0_v3" 404 70 "GET https://[::1]:8080/v1/AUTH_2c0dd7efa1e94d879bc5da8c6f19a646/gnocchi.8a522cf2-c5d2-4769-87fe-8b6b31d8fead/1773360000.0_mean_300.0_v3" "txe6e56897d0504cd189a72-0069bb7003" "proxy-server 101374" 0.0003 "-" 100257 0
Mar 18 23:39:47 np0005651379.novalocal proxy-server[101374]: ::1 ::1 19/Mar/2026/03/39/47 GET /v1/AUTH_2c0dd7efa1e94d879bc5da8c6f19a646/gnocchi.8a522cf2-c5d2-4769-87fe-8b6b31d8fead/1773360000.0_mean_300.0_v3 HTTP/1.0 404 - python-swiftclient-4.8.0 gAAAAABpu2_xITFz... - 70 - txe6e56897d0504cd189a72-0069bb7003 - 0.0149 - - 1773891587.976011038 1773891587.990875244 0 e61d2c26cb6146fb88642c1126e377de
Mar 18 23:39:48 np0005651379.novalocal container-server[99867]: ::1 - - [19/Mar/2026:03:39:48 +0000] "PUT /2/165574/AUTH_2c0dd7efa1e94d879bc5da8c6f19a646/gnocchi.8a522cf2-c5d2-4769-87fe-8b6b31d8fead/1773360000.0_mean_300.0_v3" 201 - "PUT http://[::1]:8080/1/106653/AUTH_2c0dd7efa1e94d879bc5da8c6f19a646/gnocchi.8a522cf2-c5d2-4769-87fe-8b6b31d8fead/1773360000.0_mean_300.0_v3" "tx0d390f0d03694235989d1-0069bb7003" "object-server 100256" 0.0005 "-" 99867 0
Mar 18 23:39:48 np0005651379.novalocal object-server[100256]: ::1 - - [19/Mar/2026:03:39:48 +0000] "PUT /1/106653/AUTH_2c0dd7efa1e94d879bc5da8c6f19a646/gnocchi.8a522cf2-c5d2-4769-87fe-8b6b31d8fead/1773360000.0_mean_300.0_v3" 201 - "PUT https://[::1]:8080/v1/AUTH_2c0dd7efa1e94d879bc5da8c6f19a646/gnocchi.8a522cf2-c5d2-4769-87fe-8b6b31d8fead/1773360000.0_mean_300.0_v3" "tx0d390f0d03694235989d1-0069bb7003" "proxy-server 101374" 0.0091 "-" 100256 0
Mar 18 23:39:48 np0005651379.novalocal container-server[99867]: ::1 - - [19/Mar/2026:03:39:48 +0000] "PUT /3/165574/AUTH_2c0dd7efa1e94d879bc5da8c6f19a646/gnocchi.8a522cf2-c5d2-4769-87fe-8b6b31d8fead/1773360000.0_mean_300.0_v3" 201 - "PUT http://[::1]:8080/3/106653/AUTH_2c0dd7efa1e94d879bc5da8c6f19a646/gnocchi.8a522cf2-c5d2-4769-87fe-8b6b31d8fead/1773360000.0_mean_300.0_v3" "tx0d390f0d03694235989d1-0069bb7003" "object-server 100257" 0.0004 "-" 99867 0
Mar 18 23:39:48 np0005651379.novalocal object-server[100257]: ::1 - - [19/Mar/2026:03:39:48 +0000] "PUT /3/106653/AUTH_2c0dd7efa1e94d879bc5da8c6f19a646/gnocchi.8a522cf2-c5d2-4769-87fe-8b6b31d8fead/1773360000.0_mean_300.0_v3" 201 - "PUT https://[::1]:8080/v1/AUTH_2c0dd7efa1e94d879bc5da8c6f19a646/gnocchi.8a522cf2-c5d2-4769-87fe-8b6b31d8fead/1773360000.0_mean_300.0_v3" "tx0d390f0d03694235989d1-0069bb7003" "proxy-server 101374" 0.0092 "-" 100257 0
Mar 18 23:39:48 np0005651379.novalocal container-server[99868]: ::1 - - [19/Mar/2026:03:39:48 +0000] "PUT /1/165574/AUTH_2c0dd7efa1e94d879bc5da8c6f19a646/gnocchi.8a522cf2-c5d2-4769-87fe-8b6b31d8fead/1773360000.0_mean_300.0_v3" 201 - "PUT http://[::1]:8080/2/106653/AUTH_2c0dd7efa1e94d879bc5da8c6f19a646/gnocchi.8a522cf2-c5d2-4769-87fe-8b6b31d8fead/1773360000.0_mean_300.0_v3" "tx0d390f0d03694235989d1-0069bb7003" "object-server 100257" 0.0006 "-" 99868 0
Mar 18 23:39:48 np0005651379.novalocal object-server[100257]: ::1 - - [19/Mar/2026:03:39:48 +0000] "PUT /2/106653/AUTH_2c0dd7efa1e94d879bc5da8c6f19a646/gnocchi.8a522cf2-c5d2-4769-87fe-8b6b31d8fead/1773360000.0_mean_300.0_v3" 201 - "PUT https://[::1]:8080/v1/AUTH_2c0dd7efa1e94d879bc5da8c6f19a646/gnocchi.8a522cf2-c5d2-4769-87fe-8b6b31d8fead/1773360000.0_mean_300.0_v3" "tx0d390f0d03694235989d1-0069bb7003" "proxy-server 101374" 0.0125 "-" 100257 0
Mar 18 23:39:48 np0005651379.novalocal proxy-server[101374]: ::1 ::1 19/Mar/2026/03/39/48 PUT /v1/AUTH_2c0dd7efa1e94d879bc5da8c6f19a646/gnocchi.8a522cf2-c5d2-4769-87fe-8b6b31d8fead/1773360000.0_mean_300.0_v3 HTTP/1.0 201 - python-swiftclient-4.8.0 gAAAAABpu2_xITFz... 16 - - tx0d390f0d03694235989d1-0069bb7003 - 0.0178 - - 1773891587.992377758 1773891588.010159969 0 e61d2c26cb6146fb88642c1126e377de
Mar 18 23:39:48 np0005651379.novalocal container-server[99867]: ::1 - - [19/Mar/2026:03:39:48 +0000] "PUT /2/165574/AUTH_2c0dd7efa1e94d879bc5da8c6f19a646/gnocchi.8a522cf2-c5d2-4769-87fe-8b6b31d8fead/none_v3" 201 - "PUT http://[::1]:8080/2/209206/AUTH_2c0dd7efa1e94d879bc5da8c6f19a646/gnocchi.8a522cf2-c5d2-4769-87fe-8b6b31d8fead/none_v3" "txbc862bec83b44375ba762-0069bb7004" "object-server 100257" 0.0004 "-" 99867 0
Mar 18 23:39:48 np0005651379.novalocal object-server[100257]: ::1 - - [19/Mar/2026:03:39:48 +0000] "PUT /2/209206/AUTH_2c0dd7efa1e94d879bc5da8c6f19a646/gnocchi.8a522cf2-c5d2-4769-87fe-8b6b31d8fead/none_v3" 201 - "PUT https://[::1]:8080/v1/AUTH_2c0dd7efa1e94d879bc5da8c6f19a646/gnocchi.8a522cf2-c5d2-4769-87fe-8b6b31d8fead/none_v3" "txbc862bec83b44375ba762-0069bb7004" "proxy-server 101374" 0.0131 "-" 100257 0
Mar 18 23:39:48 np0005651379.novalocal container-server[99868]: ::1 - - [19/Mar/2026:03:39:48 +0000] "PUT /1/165574/AUTH_2c0dd7efa1e94d879bc5da8c6f19a646/gnocchi.8a522cf2-c5d2-4769-87fe-8b6b31d8fead/none_v3" 201 - "PUT http://[::1]:8080/3/209206/AUTH_2c0dd7efa1e94d879bc5da8c6f19a646/gnocchi.8a522cf2-c5d2-4769-87fe-8b6b31d8fead/none_v3" "txbc862bec83b44375ba762-0069bb7004" "object-server 100256" 0.0003 "-" 99868 0
Mar 18 23:39:48 np0005651379.novalocal container-server[99867]: ::1 - - [19/Mar/2026:03:39:48 +0000] "PUT /3/165574/AUTH_2c0dd7efa1e94d879bc5da8c6f19a646/gnocchi.8a522cf2-c5d2-4769-87fe-8b6b31d8fead/none_v3" 201 - "PUT http://[::1]:8080/1/209206/AUTH_2c0dd7efa1e94d879bc5da8c6f19a646/gnocchi.8a522cf2-c5d2-4769-87fe-8b6b31d8fead/none_v3" "txbc862bec83b44375ba762-0069bb7004" "object-server 100256" 0.0004 "-" 99867 0
Mar 18 23:39:48 np0005651379.novalocal object-server[100256]: ::1 - - [19/Mar/2026:03:39:48 +0000] "PUT /3/209206/AUTH_2c0dd7efa1e94d879bc5da8c6f19a646/gnocchi.8a522cf2-c5d2-4769-87fe-8b6b31d8fead/none_v3" 201 - "PUT https://[::1]:8080/v1/AUTH_2c0dd7efa1e94d879bc5da8c6f19a646/gnocchi.8a522cf2-c5d2-4769-87fe-8b6b31d8fead/none_v3" "txbc862bec83b44375ba762-0069bb7004" "proxy-server 101374" 0.0121 "-" 100256 0
Mar 18 23:39:48 np0005651379.novalocal object-server[100256]: ::1 - - [19/Mar/2026:03:39:48 +0000] "PUT /1/209206/AUTH_2c0dd7efa1e94d879bc5da8c6f19a646/gnocchi.8a522cf2-c5d2-4769-87fe-8b6b31d8fead/none_v3" 201 - "PUT https://[::1]:8080/v1/AUTH_2c0dd7efa1e94d879bc5da8c6f19a646/gnocchi.8a522cf2-c5d2-4769-87fe-8b6b31d8fead/none_v3" "txbc862bec83b44375ba762-0069bb7004" "proxy-server 101374" 0.0149 "-" 100256 0
Mar 18 23:39:48 np0005651379.novalocal proxy-server[101374]: ::1 ::1 19/Mar/2026/03/39/48 PUT /v1/AUTH_2c0dd7efa1e94d879bc5da8c6f19a646/gnocchi.8a522cf2-c5d2-4769-87fe-8b6b31d8fead/none_v3 HTTP/1.0 201 - python-swiftclient-4.8.0 gAAAAABpu2_xITFz... 30 - - txbc862bec83b44375ba762-0069bb7004 - 0.0234 - - 1773891588.011721373 1773891588.035162926 0 e61d2c26cb6146fb88642c1126e377de
Mar 18 23:39:48 np0005651379.novalocal kernel: MODE SENSE: unimplemented page/subpage: 0x0a/0x05
Mar 18 23:39:48 np0005651379.novalocal container-server[99868]: ::1 - - [19/Mar/2026:03:39:48 +0000] "HEAD /1/134524/AUTH_2c0dd7efa1e94d879bc5da8c6f19a646/gnocchi.185e8f1f-f626-46f2-85e3-a70ce400c9c2" 404 - "HEAD http://[::1]:8080/v1/AUTH_2c0dd7efa1e94d879bc5da8c6f19a646/gnocchi.185e8f1f-f626-46f2-85e3-a70ce400c9c2" "tx30d20e17170242feaafc7-0069bb7004" "proxy-server 101374" 0.0003 "-" 99868 0
Mar 18 23:39:48 np0005651379.novalocal container-server[99867]: ::1 - - [19/Mar/2026:03:39:48 +0000] "HEAD /3/134524/AUTH_2c0dd7efa1e94d879bc5da8c6f19a646/gnocchi.185e8f1f-f626-46f2-85e3-a70ce400c9c2" 404 - "HEAD http://[::1]:8080/v1/AUTH_2c0dd7efa1e94d879bc5da8c6f19a646/gnocchi.185e8f1f-f626-46f2-85e3-a70ce400c9c2" "tx30d20e17170242feaafc7-0069bb7004" "proxy-server 101374" 0.0005 "-" 99867 0
Mar 18 23:39:48 np0005651379.novalocal container-server[99867]: ::1 - - [19/Mar/2026:03:39:48 +0000] "HEAD /2/134524/AUTH_2c0dd7efa1e94d879bc5da8c6f19a646/gnocchi.185e8f1f-f626-46f2-85e3-a70ce400c9c2" 404 - "HEAD http://[::1]:8080/v1/AUTH_2c0dd7efa1e94d879bc5da8c6f19a646/gnocchi.185e8f1f-f626-46f2-85e3-a70ce400c9c2" "tx30d20e17170242feaafc7-0069bb7004" "proxy-server 101374" 0.0003 "-" 99867 0
Mar 18 23:39:48 np0005651379.novalocal kernel: GPT:Primary header thinks Alt. header is not at the end of the disk.
Mar 18 23:39:48 np0005651379.novalocal kernel: GPT:229375 != 2097151
Mar 18 23:39:48 np0005651379.novalocal kernel: GPT:Alternate GPT header not at the end of the disk.
Mar 18 23:39:48 np0005651379.novalocal kernel: GPT:229375 != 2097151
Mar 18 23:39:48 np0005651379.novalocal kernel: GPT: Use GNU Parted to correct GPT errors.
Mar 18 23:39:48 np0005651379.novalocal kernel: sda: sda1 sda15
Mar 18 23:39:48 np0005651379.novalocal proxy-server[101374]: - - 19/Mar/2026/03/39/48 HEAD /v1/AUTH_2c0dd7efa1e94d879bc5da8c6f19a646/gnocchi.185e8f1f-f626-46f2-85e3-a70ce400c9c2 HTTP/1.0 404 - Swift - - - - tx30d20e17170242feaafc7-0069bb7004 - 0.0129 CS - 1773891588.079056978 1773891588.091985464 0 -
Mar 18 23:39:48 np0005651379.novalocal kernel: MODE SENSE: unimplemented page/subpage: 0x0a/0x05
Mar 18 23:39:48 np0005651379.novalocal object-server[100256]: ::1 - - [19/Mar/2026:03:39:48 +0000] "GET /3/18744/AUTH_2c0dd7efa1e94d879bc5da8c6f19a646/gnocchi.185e8f1f-f626-46f2-85e3-a70ce400c9c2/none_v3" 404 70 "GET https://[::1]:8080/v1/AUTH_2c0dd7efa1e94d879bc5da8c6f19a646/gnocchi.185e8f1f-f626-46f2-85e3-a70ce400c9c2/none_v3" "tx30d20e17170242feaafc7-0069bb7004" "proxy-server 101374" 0.0005 "-" 100256 0
Mar 18 23:39:48 np0005651379.novalocal kernel: GPT:Primary header thinks Alt. header is not at the end of the disk.
Mar 18 23:39:48 np0005651379.novalocal kernel: GPT:229375 != 2097151
Mar 18 23:39:48 np0005651379.novalocal kernel: GPT:Alternate GPT header not at the end of the disk.
Mar 18 23:39:48 np0005651379.novalocal kernel: GPT:229375 != 2097151
Mar 18 23:39:48 np0005651379.novalocal kernel: GPT: Use GNU Parted to correct GPT errors.
Mar 18 23:39:48 np0005651379.novalocal kernel: sda: sda1 sda15
Mar 18 23:39:48 np0005651379.novalocal object-server[100256]: ::1 - - [19/Mar/2026:03:39:48 +0000] "GET /2/18744/AUTH_2c0dd7efa1e94d879bc5da8c6f19a646/gnocchi.185e8f1f-f626-46f2-85e3-a70ce400c9c2/none_v3" 404 70 "GET https://[::1]:8080/v1/AUTH_2c0dd7efa1e94d879bc5da8c6f19a646/gnocchi.185e8f1f-f626-46f2-85e3-a70ce400c9c2/none_v3" "tx30d20e17170242feaafc7-0069bb7004" "proxy-server 101374" 0.0004 "-" 100256 0
Mar 18 23:39:48 np0005651379.novalocal kernel: MODE SENSE: unimplemented page/subpage: 0x0a/0x05
Mar 18 23:39:48 np0005651379.novalocal object-server[100257]: ::1 - - [19/Mar/2026:03:39:48 +0000] "GET /1/18744/AUTH_2c0dd7efa1e94d879bc5da8c6f19a646/gnocchi.185e8f1f-f626-46f2-85e3-a70ce400c9c2/none_v3" 404 70 "GET https://[::1]:8080/v1/AUTH_2c0dd7efa1e94d879bc5da8c6f19a646/gnocchi.185e8f1f-f626-46f2-85e3-a70ce400c9c2/none_v3" "tx30d20e17170242feaafc7-0069bb7004" "proxy-server 101374" 0.0004 "-" 100257 0
Mar 18 23:39:48 np0005651379.novalocal proxy-server[101374]: ::1 ::1 19/Mar/2026/03/39/48 GET /v1/AUTH_2c0dd7efa1e94d879bc5da8c6f19a646/gnocchi.185e8f1f-f626-46f2-85e3-a70ce400c9c2/none_v3 HTTP/1.0 404 - python-swiftclient-4.8.0 gAAAAABpu2_xITFz... - 70 - tx30d20e17170242feaafc7-0069bb7004 - 0.0364 - - 1773891588.075821877 1773891588.112194538 0 e61d2c26cb6146fb88642c1126e377de
Mar 18 23:39:48 np0005651379.novalocal kernel: GPT:Primary header thinks Alt. header is not at the end of the disk.
Mar 18 23:39:48 np0005651379.novalocal kernel: GPT:229375 != 2097151
Mar 18 23:39:48 np0005651379.novalocal kernel: GPT:Alternate GPT header not at the end of the disk.
Mar 18 23:39:48 np0005651379.novalocal kernel: GPT:229375 != 2097151
Mar 18 23:39:48 np0005651379.novalocal kernel: GPT: Use GNU Parted to correct GPT errors.
Mar 18 23:39:48 np0005651379.novalocal kernel: sda: sda1 sda15
Mar 18 23:39:48 np0005651379.novalocal kernel: MODE SENSE: unimplemented page/subpage: 0x0a/0x05
Mar 18 23:39:48 np0005651379.novalocal kernel: GPT:Primary header thinks Alt. header is not at the end of the disk.
Mar 18 23:39:48 np0005651379.novalocal kernel: GPT:229375 != 2097151
Mar 18 23:39:48 np0005651379.novalocal kernel: GPT:Alternate GPT header not at the end of the disk.
Mar 18 23:39:48 np0005651379.novalocal kernel: GPT:229375 != 2097151
Mar 18 23:39:48 np0005651379.novalocal kernel: GPT: Use GNU Parted to correct GPT errors.
Mar 18 23:39:48 np0005651379.novalocal kernel: sda: sda1 sda15
Mar 18 23:39:48 np0005651379.novalocal account-server[99475]: ::1 - - [19/Mar/2026:03:39:48 +0000] "PUT /2/184762/AUTH_2c0dd7efa1e94d879bc5da8c6f19a646/gnocchi.185e8f1f-f626-46f2-85e3-a70ce400c9c2" 201 - "PUT http://[::1]:6001/1/134524/AUTH_2c0dd7efa1e94d879bc5da8c6f19a646/gnocchi.185e8f1f-f626-46f2-85e3-a70ce400c9c2" "tx9a9cc93a1747406f94f11-0069bb7004" "container-server 99868" 0.0036 "-" 99475 0
Mar 18 23:39:48 np0005651379.novalocal account-server[99475]: ::1 - - [19/Mar/2026:03:39:48 +0000] "PUT /3/184762/AUTH_2c0dd7efa1e94d879bc5da8c6f19a646/gnocchi.185e8f1f-f626-46f2-85e3-a70ce400c9c2" 201 - "PUT http://[::1]:6001/3/134524/AUTH_2c0dd7efa1e94d879bc5da8c6f19a646/gnocchi.185e8f1f-f626-46f2-85e3-a70ce400c9c2" "tx9a9cc93a1747406f94f11-0069bb7004" "container-server 99868" 0.0034 "-" 99475 0
Mar 18 23:39:48 np0005651379.novalocal container-server[99868]: ::1 - - [19/Mar/2026:03:39:48 +0000] "PUT /1/134524/AUTH_2c0dd7efa1e94d879bc5da8c6f19a646/gnocchi.185e8f1f-f626-46f2-85e3-a70ce400c9c2" 201 - "PUT https://[::1]:8080/v1/AUTH_2c0dd7efa1e94d879bc5da8c6f19a646/gnocchi.185e8f1f-f626-46f2-85e3-a70ce400c9c2" "tx9a9cc93a1747406f94f11-0069bb7004" "proxy-server 101374" 0.0354 "-" 99868 0
Mar 18 23:39:48 np0005651379.novalocal container-server[99868]: ::1 - - [19/Mar/2026:03:39:48 +0000] "PUT /3/134524/AUTH_2c0dd7efa1e94d879bc5da8c6f19a646/gnocchi.185e8f1f-f626-46f2-85e3-a70ce400c9c2" 201 - "PUT https://[::1]:8080/v1/AUTH_2c0dd7efa1e94d879bc5da8c6f19a646/gnocchi.185e8f1f-f626-46f2-85e3-a70ce400c9c2" "tx9a9cc93a1747406f94f11-0069bb7004" "proxy-server 101374" 0.0133 "-" 99868 0
Mar 18 23:39:48 np0005651379.novalocal account-server[99475]: ::1 - - [19/Mar/2026:03:39:48 +0000] "PUT /1/184762/AUTH_2c0dd7efa1e94d879bc5da8c6f19a646/gnocchi.185e8f1f-f626-46f2-85e3-a70ce400c9c2" 201 - "PUT http://[::1]:6001/2/134524/AUTH_2c0dd7efa1e94d879bc5da8c6f19a646/gnocchi.185e8f1f-f626-46f2-85e3-a70ce400c9c2" "tx9a9cc93a1747406f94f11-0069bb7004" "container-server 99868" 0.0031 "-" 99475 0
Mar 18 23:39:48 np0005651379.novalocal container-server[99868]: ::1 - - [19/Mar/2026:03:39:48 +0000] "PUT /2/134524/AUTH_2c0dd7efa1e94d879bc5da8c6f19a646/gnocchi.185e8f1f-f626-46f2-85e3-a70ce400c9c2" 201 - "PUT https://[::1]:8080/v1/AUTH_2c0dd7efa1e94d879bc5da8c6f19a646/gnocchi.185e8f1f-f626-46f2-85e3-a70ce400c9c2" "tx9a9cc93a1747406f94f11-0069bb7004" "proxy-server 101374" 0.0275 "-" 99868 0
Mar 18 23:39:48 np0005651379.novalocal proxy-server[101374]: ::1 ::1 19/Mar/2026/03/39/48 PUT /v1/AUTH_2c0dd7efa1e94d879bc5da8c6f19a646/gnocchi.185e8f1f-f626-46f2-85e3-a70ce400c9c2 HTTP/1.0 201 - python-swiftclient-4.8.0 gAAAAABpu2_xITFz... - - - tx9a9cc93a1747406f94f11-0069bb7004 - 0.0493 - - 1773891588.115427017 1773891588.164774656 0 e61d2c26cb6146fb88642c1126e377de
Mar 18 23:39:48 np0005651379.novalocal container-server[99868]: ::1 - - [19/Mar/2026:03:39:48 +0000] "HEAD /1/134524/AUTH_2c0dd7efa1e94d879bc5da8c6f19a646/gnocchi.185e8f1f-f626-46f2-85e3-a70ce400c9c2" 204 - "HEAD http://[::1]:8080/v1/AUTH_2c0dd7efa1e94d879bc5da8c6f19a646/gnocchi.185e8f1f-f626-46f2-85e3-a70ce400c9c2" "txc487141b259748158403d-0069bb7004" "proxy-server 101374" 0.0009 "-" 99868 0
Mar 18 23:39:48 np0005651379.novalocal proxy-server[101374]: - - 19/Mar/2026/03/39/48 HEAD /v1/AUTH_2c0dd7efa1e94d879bc5da8c6f19a646/gnocchi.185e8f1f-f626-46f2-85e3-a70ce400c9c2 HTTP/1.0 204 - Swift - - - - txc487141b259748158403d-0069bb7004 - 0.0047 CS - 1773891588.170171499 1773891588.174874306 0 -
Mar 18 23:39:48 np0005651379.novalocal container-server[99868]: ::1 - - [19/Mar/2026:03:39:48 +0000] "GET /2/134524/AUTH_2c0dd7efa1e94d879bc5da8c6f19a646/gnocchi.185e8f1f-f626-46f2-85e3-a70ce400c9c2" 200 2 "GET https://[::1]:8080/v1/AUTH_2c0dd7efa1e94d879bc5da8c6f19a646/gnocchi.185e8f1f-f626-46f2-85e3-a70ce400c9c2?format=json&states=listing" "txc487141b259748158403d-0069bb7004" "proxy-server 101374" 0.0013 "-" 99868 0
Mar 18 23:39:48 np0005651379.novalocal proxy-server[101374]: ::1 ::1 19/Mar/2026/03/39/48 GET /v1/AUTH_2c0dd7efa1e94d879bc5da8c6f19a646/gnocchi.185e8f1f-f626-46f2-85e3-a70ce400c9c2%3Fformat%3Djson%26states%3Dlisting HTTP/1.0 200 - python-swiftclient-4.8.0 gAAAAABpu2_xITFz... - 2 - txc487141b259748158403d-0069bb7004 - 0.0152 - - 1773891588.169315815 1773891588.184558153 0 e61d2c26cb6146fb88642c1126e377de
Mar 18 23:39:48 np0005651379.novalocal object-server[100257]: ::1 - - [19/Mar/2026:03:39:48 +0000] "GET /3/219264/AUTH_2c0dd7efa1e94d879bc5da8c6f19a646/gnocchi.185e8f1f-f626-46f2-85e3-a70ce400c9c2/1773360000.0_mean_300.0_v3" 404 70 "GET https://[::1]:8080/v1/AUTH_2c0dd7efa1e94d879bc5da8c6f19a646/gnocchi.185e8f1f-f626-46f2-85e3-a70ce400c9c2/1773360000.0_mean_300.0_v3" "txd7d899f211d9423f910cd-0069bb7004" "proxy-server 101374" 0.0004 "-" 100257 0
Mar 18 23:39:48 np0005651379.novalocal object-server[100256]: ::1 - - [19/Mar/2026:03:39:48 +0000] "GET /1/219264/AUTH_2c0dd7efa1e94d879bc5da8c6f19a646/gnocchi.185e8f1f-f626-46f2-85e3-a70ce400c9c2/1773360000.0_mean_300.0_v3" 404 70 "GET https://[::1]:8080/v1/AUTH_2c0dd7efa1e94d879bc5da8c6f19a646/gnocchi.185e8f1f-f626-46f2-85e3-a70ce400c9c2/1773360000.0_mean_300.0_v3" "txd7d899f211d9423f910cd-0069bb7004" "proxy-server 101374" 0.0005 "-" 100256 0
Mar 18 23:39:48 np0005651379.novalocal container-replicator[99951]: Beginning replication run
Mar 18 23:39:48 np0005651379.novalocal object-server[100256]: ::1 - - [19/Mar/2026:03:39:48 +0000] "GET /2/219264/AUTH_2c0dd7efa1e94d879bc5da8c6f19a646/gnocchi.185e8f1f-f626-46f2-85e3-a70ce400c9c2/1773360000.0_mean_300.0_v3" 404 70 "GET https://[::1]:8080/v1/AUTH_2c0dd7efa1e94d879bc5da8c6f19a646/gnocchi.185e8f1f-f626-46f2-85e3-a70ce400c9c2/1773360000.0_mean_300.0_v3" "txd7d899f211d9423f910cd-0069bb7004" "proxy-server 101374" 0.0029 "-" 100256 0
Mar 18 23:39:48 np0005651379.novalocal proxy-server[101374]: ::1 ::1 19/Mar/2026/03/39/48 GET /v1/AUTH_2c0dd7efa1e94d879bc5da8c6f19a646/gnocchi.185e8f1f-f626-46f2-85e3-a70ce400c9c2/1773360000.0_mean_300.0_v3 HTTP/1.0 404 - python-swiftclient-4.8.0 gAAAAABpu2_xITFz... - 70 - txd7d899f211d9423f910cd-0069bb7004 - 0.0236 - - 1773891588.192506313 1773891588.216077566 0 e61d2c26cb6146fb88642c1126e377de
Mar 18 23:39:48 np0005651379.novalocal container-server[99868]: ::1 - - [19/Mar/2026:03:39:48 +0000] "PUT /1/134524/AUTH_2c0dd7efa1e94d879bc5da8c6f19a646/gnocchi.185e8f1f-f626-46f2-85e3-a70ce400c9c2/1773360000.0_mean_300.0_v3" 201 - "PUT http://[::1]:8080/2/219264/AUTH_2c0dd7efa1e94d879bc5da8c6f19a646/gnocchi.185e8f1f-f626-46f2-85e3-a70ce400c9c2/1773360000.0_mean_300.0_v3" "txe780a1d2a4a44292a052a-0069bb7004" "object-server 100256" 0.0007 "-" 99868 0
Mar 18 23:39:48 np0005651379.novalocal container-server[99868]: ::1 - - [19/Mar/2026:03:39:48 +0000] "PUT /2/134524/AUTH_2c0dd7efa1e94d879bc5da8c6f19a646/gnocchi.185e8f1f-f626-46f2-85e3-a70ce400c9c2/1773360000.0_mean_300.0_v3" 201 - "PUT http://[::1]:8080/3/219264/AUTH_2c0dd7efa1e94d879bc5da8c6f19a646/gnocchi.185e8f1f-f626-46f2-85e3-a70ce400c9c2/1773360000.0_mean_300.0_v3" "txe780a1d2a4a44292a052a-0069bb7004" "object-server 100256" 0.0004 "-" 99868 0
Mar 18 23:39:48 np0005651379.novalocal container-server[99867]: ::1 - - [19/Mar/2026:03:39:48 +0000] "PUT /3/134524/AUTH_2c0dd7efa1e94d879bc5da8c6f19a646/gnocchi.185e8f1f-f626-46f2-85e3-a70ce400c9c2/1773360000.0_mean_300.0_v3" 201 - "PUT http://[::1]:8080/1/219264/AUTH_2c0dd7efa1e94d879bc5da8c6f19a646/gnocchi.185e8f1f-f626-46f2-85e3-a70ce400c9c2/1773360000.0_mean_300.0_v3" "txe780a1d2a4a44292a052a-0069bb7004" "object-server 100256" 0.0005 "-" 99867 0
Mar 18 23:39:48 np0005651379.novalocal object-server[100256]: ::1 - - [19/Mar/2026:03:39:48 +0000] "PUT /2/219264/AUTH_2c0dd7efa1e94d879bc5da8c6f19a646/gnocchi.185e8f1f-f626-46f2-85e3-a70ce400c9c2/1773360000.0_mean_300.0_v3" 201 - "PUT https://[::1]:8080/v1/AUTH_2c0dd7efa1e94d879bc5da8c6f19a646/gnocchi.185e8f1f-f626-46f2-85e3-a70ce400c9c2/1773360000.0_mean_300.0_v3" "txe780a1d2a4a44292a052a-0069bb7004" "proxy-server 101374" 0.0181 "-" 100256 0
Mar 18 23:39:48 np0005651379.novalocal object-server[100256]: ::1 - - [19/Mar/2026:03:39:48 +0000] "PUT /3/219264/AUTH_2c0dd7efa1e94d879bc5da8c6f19a646/gnocchi.185e8f1f-f626-46f2-85e3-a70ce400c9c2/1773360000.0_mean_300.0_v3" 201 - "PUT https://[::1]:8080/v1/AUTH_2c0dd7efa1e94d879bc5da8c6f19a646/gnocchi.185e8f1f-f626-46f2-85e3-a70ce400c9c2/1773360000.0_mean_300.0_v3" "txe780a1d2a4a44292a052a-0069bb7004" "proxy-server 101374" 0.0170 "-" 100256 0
Mar 18 23:39:48 np0005651379.novalocal object-server[100256]: ::1 - - [19/Mar/2026:03:39:48 +0000] "PUT /1/219264/AUTH_2c0dd7efa1e94d879bc5da8c6f19a646/gnocchi.185e8f1f-f626-46f2-85e3-a70ce400c9c2/1773360000.0_mean_300.0_v3" 201 - "PUT https://[::1]:8080/v1/AUTH_2c0dd7efa1e94d879bc5da8c6f19a646/gnocchi.185e8f1f-f626-46f2-85e3-a70ce400c9c2/1773360000.0_mean_300.0_v3" "txe780a1d2a4a44292a052a-0069bb7004" "proxy-server 101374" 0.0240 "-" 100256 0
Mar 18 23:39:48 np0005651379.novalocal proxy-server[101374]: ::1 ::1 19/Mar/2026/03/39/48 PUT /v1/AUTH_2c0dd7efa1e94d879bc5da8c6f19a646/gnocchi.185e8f1f-f626-46f2-85e3-a70ce400c9c2/1773360000.0_mean_300.0_v3 HTTP/1.0 201 - python-swiftclient-4.8.0 gAAAAABpu2_xITFz... 16 - - txe780a1d2a4a44292a052a-0069bb7004 - 0.0385 - - 1773891588.219724178 1773891588.258231878 0 e61d2c26cb6146fb88642c1126e377de
Mar 18 23:39:48 np0005651379.novalocal container-server[99868]: ::1 - - [19/Mar/2026:03:39:48 +0000] "PUT /1/134524/AUTH_2c0dd7efa1e94d879bc5da8c6f19a646/gnocchi.185e8f1f-f626-46f2-85e3-a70ce400c9c2/none_v3" 201 - "PUT http://[::1]:8080/1/18744/AUTH_2c0dd7efa1e94d879bc5da8c6f19a646/gnocchi.185e8f1f-f626-46f2-85e3-a70ce400c9c2/none_v3" "tx4d948599105843178bc2e-0069bb7004" "object-server 100256" 0.0014 "-" 99868 0
Mar 18 23:39:48 np0005651379.novalocal object-server[100256]: ::1 - - [19/Mar/2026:03:39:48 +0000] "PUT /1/18744/AUTH_2c0dd7efa1e94d879bc5da8c6f19a646/gnocchi.185e8f1f-f626-46f2-85e3-a70ce400c9c2/none_v3" 201 - "PUT https://[::1]:8080/v1/AUTH_2c0dd7efa1e94d879bc5da8c6f19a646/gnocchi.185e8f1f-f626-46f2-85e3-a70ce400c9c2/none_v3" "tx4d948599105843178bc2e-0069bb7004" "proxy-server 101374" 0.0152 "-" 100256 0
Mar 18 23:39:48 np0005651379.novalocal container-server[99867]: ::1 - - [19/Mar/2026:03:39:48 +0000] "PUT /3/134524/AUTH_2c0dd7efa1e94d879bc5da8c6f19a646/gnocchi.185e8f1f-f626-46f2-85e3-a70ce400c9c2/none_v3" 201 - "PUT http://[::1]:8080/3/18744/AUTH_2c0dd7efa1e94d879bc5da8c6f19a646/gnocchi.185e8f1f-f626-46f2-85e3-a70ce400c9c2/none_v3" "tx4d948599105843178bc2e-0069bb7004" "object-server 100257" 0.0014 "-" 99867 0
Mar 18 23:39:48 np0005651379.novalocal object-server[100257]: ::1 - - [19/Mar/2026:03:39:48 +0000] "PUT /3/18744/AUTH_2c0dd7efa1e94d879bc5da8c6f19a646/gnocchi.185e8f1f-f626-46f2-85e3-a70ce400c9c2/none_v3" 201 - "PUT https://[::1]:8080/v1/AUTH_2c0dd7efa1e94d879bc5da8c6f19a646/gnocchi.185e8f1f-f626-46f2-85e3-a70ce400c9c2/none_v3" "tx4d948599105843178bc2e-0069bb7004" "proxy-server 101374" 0.0150 "-" 100257 0
Mar 18 23:39:48 np0005651379.novalocal container-server[99867]: ::1 - - [19/Mar/2026:03:39:48 +0000] "PUT /2/134524/AUTH_2c0dd7efa1e94d879bc5da8c6f19a646/gnocchi.185e8f1f-f626-46f2-85e3-a70ce400c9c2/none_v3" 201 - "PUT http://[::1]:8080/2/18744/AUTH_2c0dd7efa1e94d879bc5da8c6f19a646/gnocchi.185e8f1f-f626-46f2-85e3-a70ce400c9c2/none_v3" "tx4d948599105843178bc2e-0069bb7004" "object-server 100256" 0.0006 "-" 99867 0
Mar 18 23:39:48 np0005651379.novalocal object-server[100256]: ::1 - - [19/Mar/2026:03:39:48 +0000] "PUT /2/18744/AUTH_2c0dd7efa1e94d879bc5da8c6f19a646/gnocchi.185e8f1f-f626-46f2-85e3-a70ce400c9c2/none_v3" 201 - "PUT https://[::1]:8080/v1/AUTH_2c0dd7efa1e94d879bc5da8c6f19a646/gnocchi.185e8f1f-f626-46f2-85e3-a70ce400c9c2/none_v3" "tx4d948599105843178bc2e-0069bb7004" "proxy-server 101374" 0.0233 "-" 100256 0
Mar 18 23:39:48 np0005651379.novalocal proxy-server[101374]: ::1 ::1 19/Mar/2026/03/39/48 PUT /v1/AUTH_2c0dd7efa1e94d879bc5da8c6f19a646/gnocchi.185e8f1f-f626-46f2-85e3-a70ce400c9c2/none_v3 HTTP/1.0 201 - python-swiftclient-4.8.0 gAAAAABpu2_xITFz... 30 - - tx4d948599105843178bc2e-0069bb7004 - 0.0344 - - 1773891588.261631966 1773891588.296047926 0 e61d2c26cb6146fb88642c1126e377de
Mar 18 23:39:48 np0005651379.novalocal kernel: qvb092d957a-54: left allmulticast mode
Mar 18 23:39:48 np0005651379.novalocal kernel: qvb092d957a-54: left promiscuous mode
Mar 18 23:39:48 np0005651379.novalocal kernel: qbr092d957a-54: port 1(qvb092d957a-54) entered disabled state
Mar 18 23:39:48 np0005651379.novalocal NetworkManager[869]: [1773891588.6604] device (qbr092d957a-54): bridge port qvb092d957a-54 was detached
Mar 18 23:39:48 np0005651379.novalocal NetworkManager[869]: [1773891588.6631] device (qbr092d957a-54): state change: activated -> unmanaged (reason 'unmanaged', managed-type: 'removed')
Mar 18 23:39:48 np0005651379.novalocal kernel: qvo092d957a-54: left promiscuous mode
Mar 18 23:39:48 np0005651379.novalocal kernel: sd 2:0:0:0: [sda] Synchronizing SCSI cache
Mar 18 23:39:48 np0005651379.novalocal kernel: scsi 2:0:0:0: alua: Detached
Mar 18 23:39:48 np0005651379.novalocal iscsid[80943]: iscsid: Connection1:0 to [target: iqn.2010-10.org.openstack:volume-01361eee-d929-4912-9f8d-693bac16dcbd, portal: ::1,3260] through [iface: default] is shutdown.
Mar 18 23:39:49 np0005651379.novalocal container-replicator[99951]: Replication run OVER
Mar 18 23:39:49 np0005651379.novalocal container-replicator[99951]: Attempted to replicate 33 dbs in 1.01961 seconds (32.36532/s)
Mar 18 23:39:49 np0005651379.novalocal container-replicator[99951]: Removed 0 dbs
Mar 18 23:39:49 np0005651379.novalocal container-replicator[99951]: 66 successes, 0 failures
Mar 18 23:39:49 np0005651379.novalocal container-replicator[99951]: diff:0 diff_capped:0 empty:0 hashmatch:0 no_change:66 remote_merge:0 rsync:0 ts_repl:0
Mar 18 23:39:49 np0005651379.novalocal object-server[100257]: ::1 - - [19/Mar/2026:03:39:49 +0000] "GET /3/59626/AUTH_2c0dd7efa1e94d879bc5da8c6f19a646/gnocchi.3698d73d-1619-4591-a47f-817e1133ca86/none_v3" 200 22 "GET https://[::1]:8080/v1/AUTH_2c0dd7efa1e94d879bc5da8c6f19a646/gnocchi.3698d73d-1619-4591-a47f-817e1133ca86/none_v3" "txe592bf61f7d442d7aa944-0069bb7005" "proxy-server 101374" 0.0012 "-" 100257 0
Mar 18 23:39:49 np0005651379.novalocal proxy-server[101374]: ::1 ::1 19/Mar/2026/03/39/49 GET /v1/AUTH_2c0dd7efa1e94d879bc5da8c6f19a646/gnocchi.3698d73d-1619-4591-a47f-817e1133ca86/none_v3 HTTP/1.0 200 - python-swiftclient-4.8.0 gAAAAABpu2_uqf-H... - 22 - txe592bf61f7d442d7aa944-0069bb7005 - 0.0118 - - 1773891589.605441809 1773891589.617239714 0 e61d2c26cb6146fb88642c1126e377de
Mar 18 23:39:49 np0005651379.novalocal container-server[99867]: ::1 - - [19/Mar/2026:03:39:49 +0000] "GET /3/1421/AUTH_2c0dd7efa1e94d879bc5da8c6f19a646/gnocchi.3698d73d-1619-4591-a47f-817e1133ca86" 200 357 "GET https://[::1]:8080/v1/AUTH_2c0dd7efa1e94d879bc5da8c6f19a646/gnocchi.3698d73d-1619-4591-a47f-817e1133ca86?format=json&states=listing" "txdb5df1943b534bbdbea20-0069bb7005" "proxy-server 101374" 0.0061 "-" 99867 0
Mar 18 23:39:49 np0005651379.novalocal proxy-server[101374]: ::1 ::1 19/Mar/2026/03/39/49 GET /v1/AUTH_2c0dd7efa1e94d879bc5da8c6f19a646/gnocchi.3698d73d-1619-4591-a47f-817e1133ca86%3Fformat%3Djson%26states%3Dlisting HTTP/1.0 200 - python-swiftclient-4.8.0 gAAAAABpu2_uqf-H... - 357 - txdb5df1943b534bbdbea20-0069bb7005 - 0.0180 - - 1773891589.628407955 1773891589.646391869 0 e61d2c26cb6146fb88642c1126e377de
Mar 18 23:39:49 np0005651379.novalocal container-server[99868]: ::1 - - [19/Mar/2026:03:39:49 +0000] "GET /2/1421/AUTH_2c0dd7efa1e94d879bc5da8c6f19a646/gnocchi.3698d73d-1619-4591-a47f-817e1133ca86" 200 2 "GET https://[::1]:8080/v1/AUTH_2c0dd7efa1e94d879bc5da8c6f19a646/gnocchi.3698d73d-1619-4591-a47f-817e1133ca86?format=json&marker=none_v3&states=listing" "tx9dbc18adbace49929e39c-0069bb7005" "proxy-server 101374" 0.0035 "-" 99868 0
Mar 18 23:39:49 np0005651379.novalocal proxy-server[101374]: ::1 ::1 19/Mar/2026/03/39/49 GET /v1/AUTH_2c0dd7efa1e94d879bc5da8c6f19a646/gnocchi.3698d73d-1619-4591-a47f-817e1133ca86%3Fformat%3Djson%26marker%3Dnone_v3%26states%3Dlisting HTTP/1.0 200 - python-swiftclient-4.8.0 gAAAAABpu2_uqf-H... - 2 - tx9dbc18adbace49929e39c-0069bb7005 - 0.0129 - - 1773891589.651106119 1773891589.664022923 0 e61d2c26cb6146fb88642c1126e377de
Mar 18 23:39:49 np0005651379.novalocal object-server[100257]: ::1 - - [19/Mar/2026:03:39:49 +0000] "GET /1/210054/AUTH_2c0dd7efa1e94d879bc5da8c6f19a646/gnocchi.3698d73d-1619-4591-a47f-817e1133ca86/1773360000.0_mean_300.0_v3" 200 16 "GET https://[::1]:8080/v1/AUTH_2c0dd7efa1e94d879bc5da8c6f19a646/gnocchi.3698d73d-1619-4591-a47f-817e1133ca86/1773360000.0_mean_300.0_v3" "txcf6bc139ea134e1093ea5-0069bb7005" "proxy-server 101374" 0.0010 "-" 100257 0
Mar 18 23:39:49 np0005651379.novalocal proxy-server[101374]: ::1 ::1 19/Mar/2026/03/39/49 GET /v1/AUTH_2c0dd7efa1e94d879bc5da8c6f19a646/gnocchi.3698d73d-1619-4591-a47f-817e1133ca86/1773360000.0_mean_300.0_v3 HTTP/1.0 200 - python-swiftclient-4.8.0 gAAAAABpu2_uqf-H... - 16 - txcf6bc139ea134e1093ea5-0069bb7005 - 0.0100 - - 1773891589.674728870 1773891589.684684992 0 e61d2c26cb6146fb88642c1126e377de
Mar 18 23:39:49 np0005651379.novalocal container-server[99868]: ::1 - - [19/Mar/2026:03:39:49 +0000] "PUT /2/1421/AUTH_2c0dd7efa1e94d879bc5da8c6f19a646/gnocchi.3698d73d-1619-4591-a47f-817e1133ca86/1773360000.0_mean_300.0_v3" 201 - "PUT http://[::1]:8080/3/210054/AUTH_2c0dd7efa1e94d879bc5da8c6f19a646/gnocchi.3698d73d-1619-4591-a47f-817e1133ca86/1773360000.0_mean_300.0_v3" "tx68344a3942de4ccbb0b89-0069bb7005" "object-server 100256" 0.0010 "-" 99868 0
Mar 18 23:39:49 np0005651379.novalocal container-server[99867]: ::1 - - [19/Mar/2026:03:39:49 +0000] "PUT /3/1421/AUTH_2c0dd7efa1e94d879bc5da8c6f19a646/gnocchi.3698d73d-1619-4591-a47f-817e1133ca86/1773360000.0_mean_300.0_v3" 201 - "PUT http://[::1]:8080/1/210054/AUTH_2c0dd7efa1e94d879bc5da8c6f19a646/gnocchi.3698d73d-1619-4591-a47f-817e1133ca86/1773360000.0_mean_300.0_v3" "tx68344a3942de4ccbb0b89-0069bb7005" "object-server 100257" 0.0010 "-" 99867 0
Mar 18 23:39:49 np0005651379.novalocal object-server[100257]: ::1 - - [19/Mar/2026:03:39:49 +0000] "PUT /1/210054/AUTH_2c0dd7efa1e94d879bc5da8c6f19a646/gnocchi.3698d73d-1619-4591-a47f-817e1133ca86/1773360000.0_mean_300.0_v3" 201 - "PUT https://[::1]:8080/v1/AUTH_2c0dd7efa1e94d879bc5da8c6f19a646/gnocchi.3698d73d-1619-4591-a47f-817e1133ca86/1773360000.0_mean_300.0_v3" "tx68344a3942de4ccbb0b89-0069bb7005" "proxy-server 101374" 0.0166 "-" 100257 0
Mar 18 23:39:49 np0005651379.novalocal object-server[100256]: ::1 - - [19/Mar/2026:03:39:49 +0000] "PUT /3/210054/AUTH_2c0dd7efa1e94d879bc5da8c6f19a646/gnocchi.3698d73d-1619-4591-a47f-817e1133ca86/1773360000.0_mean_300.0_v3" 201 - "PUT https://[::1]:8080/v1/AUTH_2c0dd7efa1e94d879bc5da8c6f19a646/gnocchi.3698d73d-1619-4591-a47f-817e1133ca86/1773360000.0_mean_300.0_v3" "tx68344a3942de4ccbb0b89-0069bb7005" "proxy-server 101374" 0.0156 "-" 100256 0
Mar 18 23:39:49 np0005651379.novalocal container-server[99867]: ::1 - - [19/Mar/2026:03:39:49 +0000] "PUT /1/1421/AUTH_2c0dd7efa1e94d879bc5da8c6f19a646/gnocchi.3698d73d-1619-4591-a47f-817e1133ca86/1773360000.0_mean_300.0_v3" 201 - "PUT http://[::1]:8080/2/210054/AUTH_2c0dd7efa1e94d879bc5da8c6f19a646/gnocchi.3698d73d-1619-4591-a47f-817e1133ca86/1773360000.0_mean_300.0_v3" "tx68344a3942de4ccbb0b89-0069bb7005" "object-server 100256" 0.0007 "-" 99867 0
Mar 18 23:39:49 np0005651379.novalocal object-server[100256]: ::1 - - [19/Mar/2026:03:39:49 +0000] "PUT /2/210054/AUTH_2c0dd7efa1e94d879bc5da8c6f19a646/gnocchi.3698d73d-1619-4591-a47f-817e1133ca86/1773360000.0_mean_300.0_v3" 201 - "PUT https://[::1]:8080/v1/AUTH_2c0dd7efa1e94d879bc5da8c6f19a646/gnocchi.3698d73d-1619-4591-a47f-817e1133ca86/1773360000.0_mean_300.0_v3" "tx68344a3942de4ccbb0b89-0069bb7005" "proxy-server 101374" 0.0227 "-" 100256 0
Mar 18 23:39:49 np0005651379.novalocal proxy-server[101374]: ::1 ::1 19/Mar/2026/03/39/49 PUT /v1/AUTH_2c0dd7efa1e94d879bc5da8c6f19a646/gnocchi.3698d73d-1619-4591-a47f-817e1133ca86/1773360000.0_mean_300.0_v3 HTTP/1.0 201 - python-swiftclient-4.8.0 gAAAAABpu2_uqf-H... 16 - - tx68344a3942de4ccbb0b89-0069bb7005 - 0.0328 - - 1773891589.689713240 1773891589.722553015 0 e61d2c26cb6146fb88642c1126e377de
Mar 18 23:39:49 np0005651379.novalocal container-server[99868]: ::1 - - [19/Mar/2026:03:39:49 +0000] "PUT /2/1421/AUTH_2c0dd7efa1e94d879bc5da8c6f19a646/gnocchi.3698d73d-1619-4591-a47f-817e1133ca86/none_v3" 201 - "PUT http://[::1]:8080/1/59626/AUTH_2c0dd7efa1e94d879bc5da8c6f19a646/gnocchi.3698d73d-1619-4591-a47f-817e1133ca86/none_v3" "txa862dd41d9cc4b6d8a57c-0069bb7005" "object-server 100257" 0.0007 "-" 99868 0
Mar 18 23:39:49 np0005651379.novalocal container-server[99867]: ::1 - - [19/Mar/2026:03:39:49 +0000] "PUT /3/1421/AUTH_2c0dd7efa1e94d879bc5da8c6f19a646/gnocchi.3698d73d-1619-4591-a47f-817e1133ca86/none_v3" 201 - "PUT http://[::1]:8080/3/59626/AUTH_2c0dd7efa1e94d879bc5da8c6f19a646/gnocchi.3698d73d-1619-4591-a47f-817e1133ca86/none_v3" "txa862dd41d9cc4b6d8a57c-0069bb7005" "object-server 100256" 0.0006 "-" 99867 0
Mar 18 23:39:49 np0005651379.novalocal object-server[100257]: ::1 - - [19/Mar/2026:03:39:49 +0000] "PUT /1/59626/AUTH_2c0dd7efa1e94d879bc5da8c6f19a646/gnocchi.3698d73d-1619-4591-a47f-817e1133ca86/none_v3" 201 - "PUT https://[::1]:8080/v1/AUTH_2c0dd7efa1e94d879bc5da8c6f19a646/gnocchi.3698d73d-1619-4591-a47f-817e1133ca86/none_v3" "txa862dd41d9cc4b6d8a57c-0069bb7005" "proxy-server 101374" 0.0137 "-" 100257 0
