Mar 18 23:39:59 np0005651379.novalocal object-server[100256]: ::1 - - [19/Mar/2026:03:39:59 +0000] "PUT /1/123721/AUTH_2c0dd7efa1e94d879bc5da8c6f19a646/gnocchi.a6df6575-3c27-4843-bc71-1f6deb1fdd03/1773360000.0_mean_300.0_v3" 201 - "PUT https://[::1]:8080/v1/AUTH_2c0dd7efa1e94d879bc5da8c6f19a646/gnocchi.a6df6575-3c27-4843-bc71-1f6deb1fdd03/1773360000.0_mean_300.0_v3" "txf4852835e5b04f719c585-0069bb700f" "proxy-server 101374" 0.0138 "-" 100256 0
Mar 18 23:39:59 np0005651379.novalocal container-server[99868]: ::1 - - [19/Mar/2026:03:39:59 +0000] "PUT /3/18102/AUTH_2c0dd7efa1e94d879bc5da8c6f19a646/gnocchi.a6df6575-3c27-4843-bc71-1f6deb1fdd03/1773360000.0_mean_300.0_v3" 201 - "PUT http://[::1]:8080/3/123721/AUTH_2c0dd7efa1e94d879bc5da8c6f19a646/gnocchi.a6df6575-3c27-4843-bc71-1f6deb1fdd03/1773360000.0_mean_300.0_v3" "txf4852835e5b04f719c585-0069bb700f" "object-server 100256" 0.0003 "-" 99868 0
Mar 18 23:39:59 np0005651379.novalocal object-server[100256]: ::1 - - [19/Mar/2026:03:39:59 +0000] "PUT /3/123721/AUTH_2c0dd7efa1e94d879bc5da8c6f19a646/gnocchi.a6df6575-3c27-4843-bc71-1f6deb1fdd03/1773360000.0_mean_300.0_v3" 201 - "PUT https://[::1]:8080/v1/AUTH_2c0dd7efa1e94d879bc5da8c6f19a646/gnocchi.a6df6575-3c27-4843-bc71-1f6deb1fdd03/1773360000.0_mean_300.0_v3" "txf4852835e5b04f719c585-0069bb700f" "proxy-server 101374" 0.0150 "-" 100256 0
Mar 18 23:39:59 np0005651379.novalocal proxy-server[101374]: ::1 ::1 19/Mar/2026/03/39/59 PUT /v1/AUTH_2c0dd7efa1e94d879bc5da8c6f19a646/gnocchi.a6df6575-3c27-4843-bc71-1f6deb1fdd03/1773360000.0_mean_300.0_v3 HTTP/1.0 201 - python-swiftclient-4.8.0 gAAAAABpu2_uqf-H... 16 - - txf4852835e5b04f719c585-0069bb700f - 0.0288 - - 1773891599.652354002 1773891599.681116819 0 e61d2c26cb6146fb88642c1126e377de
Mar 18 23:39:59 np0005651379.novalocal container-server[99868]: ::1 - - [19/Mar/2026:03:39:59 +0000] "PUT /2/18102/AUTH_2c0dd7efa1e94d879bc5da8c6f19a646/gnocchi.a6df6575-3c27-4843-bc71-1f6deb1fdd03/none_v3" 201 - "PUT http://[::1]:8080/1/60475/AUTH_2c0dd7efa1e94d879bc5da8c6f19a646/gnocchi.a6df6575-3c27-4843-bc71-1f6deb1fdd03/none_v3" "tx9555c247448f4c53b9565-0069bb700f" "object-server 100256" 0.0009 "-" 99868 0
Mar 18 23:39:59 np0005651379.novalocal container-server[99868]: ::1 - - [19/Mar/2026:03:39:59 +0000] "PUT /3/18102/AUTH_2c0dd7efa1e94d879bc5da8c6f19a646/gnocchi.a6df6575-3c27-4843-bc71-1f6deb1fdd03/none_v3" 201 - "PUT http://[::1]:8080/3/60475/AUTH_2c0dd7efa1e94d879bc5da8c6f19a646/gnocchi.a6df6575-3c27-4843-bc71-1f6deb1fdd03/none_v3" "tx9555c247448f4c53b9565-0069bb700f" "object-server 100257" 0.0003 "-" 99868 0
Mar 18 23:39:59 np0005651379.novalocal object-server[100256]: ::1 - - [19/Mar/2026:03:39:59 +0000] "PUT /1/60475/AUTH_2c0dd7efa1e94d879bc5da8c6f19a646/gnocchi.a6df6575-3c27-4843-bc71-1f6deb1fdd03/none_v3" 201 - "PUT https://[::1]:8080/v1/AUTH_2c0dd7efa1e94d879bc5da8c6f19a646/gnocchi.a6df6575-3c27-4843-bc71-1f6deb1fdd03/none_v3" "tx9555c247448f4c53b9565-0069bb700f" "proxy-server 101374" 0.0130 "-" 100256 0
Mar 18 23:39:59 np0005651379.novalocal container-server[99868]: ::1 - - [19/Mar/2026:03:39:59 +0000] "PUT /1/18102/AUTH_2c0dd7efa1e94d879bc5da8c6f19a646/gnocchi.a6df6575-3c27-4843-bc71-1f6deb1fdd03/none_v3" 201 - "PUT http://[::1]:8080/2/60475/AUTH_2c0dd7efa1e94d879bc5da8c6f19a646/gnocchi.a6df6575-3c27-4843-bc71-1f6deb1fdd03/none_v3" "tx9555c247448f4c53b9565-0069bb700f" "object-server 100257" 0.0004 "-" 99868 0
Mar 18 23:39:59 np0005651379.novalocal object-server[100257]: ::1 - - [19/Mar/2026:03:39:59 +0000] "PUT /3/60475/AUTH_2c0dd7efa1e94d879bc5da8c6f19a646/gnocchi.a6df6575-3c27-4843-bc71-1f6deb1fdd03/none_v3" 201 - "PUT https://[::1]:8080/v1/AUTH_2c0dd7efa1e94d879bc5da8c6f19a646/gnocchi.a6df6575-3c27-4843-bc71-1f6deb1fdd03/none_v3" "tx9555c247448f4c53b9565-0069bb700f" "proxy-server 101374" 0.0124 "-" 100257 0
Mar 18 23:39:59 np0005651379.novalocal object-server[100257]: ::1 - - [19/Mar/2026:03:39:59 +0000] "PUT /2/60475/AUTH_2c0dd7efa1e94d879bc5da8c6f19a646/gnocchi.a6df6575-3c27-4843-bc71-1f6deb1fdd03/none_v3" 201 - "PUT https://[::1]:8080/v1/AUTH_2c0dd7efa1e94d879bc5da8c6f19a646/gnocchi.a6df6575-3c27-4843-bc71-1f6deb1fdd03/none_v3" "tx9555c247448f4c53b9565-0069bb700f" "proxy-server 101374" 0.0163 "-" 100257 0
Mar 18 23:39:59 np0005651379.novalocal proxy-server[101374]: ::1 ::1 19/Mar/2026/03/39/59 PUT /v1/AUTH_2c0dd7efa1e94d879bc5da8c6f19a646/gnocchi.a6df6575-3c27-4843-bc71-1f6deb1fdd03/none_v3 HTTP/1.0 201 - python-swiftclient-4.8.0 gAAAAABpu2_uqf-H... 33 - - tx9555c247448f4c53b9565-0069bb700f - 0.0265 - - 1773891599.684034348 1773891599.710560083 0 e61d2c26cb6146fb88642c1126e377de
Mar 18 23:39:59 np0005651379.novalocal container-server[99867]: ::1 - - [19/Mar/2026:03:39:59 +0000] "HEAD /1/48336/AUTH_2c0dd7efa1e94d879bc5da8c6f19a646/gnocchi.4312fbfa-3cdd-4bdb-87d1-3d4591fd7d8e" 404 - "HEAD http://[::1]:8080/v1/AUTH_2c0dd7efa1e94d879bc5da8c6f19a646/gnocchi.4312fbfa-3cdd-4bdb-87d1-3d4591fd7d8e" "tx9a1b71b6c3c948748f644-0069bb700f" "proxy-server 101374" 0.0005 "-" 99867 0
Mar 18 23:39:59 np0005651379.novalocal container-server[99867]: ::1 - - [19/Mar/2026:03:39:59 +0000] "HEAD /3/48336/AUTH_2c0dd7efa1e94d879bc5da8c6f19a646/gnocchi.4312fbfa-3cdd-4bdb-87d1-3d4591fd7d8e" 404 - "HEAD http://[::1]:8080/v1/AUTH_2c0dd7efa1e94d879bc5da8c6f19a646/gnocchi.4312fbfa-3cdd-4bdb-87d1-3d4591fd7d8e" "tx9a1b71b6c3c948748f644-0069bb700f" "proxy-server 101374" 0.0003 "-" 99867 0
Mar 18 23:39:59 np0005651379.novalocal container-server[99868]: ::1 - - [19/Mar/2026:03:39:59 +0000] "HEAD /2/48336/AUTH_2c0dd7efa1e94d879bc5da8c6f19a646/gnocchi.4312fbfa-3cdd-4bdb-87d1-3d4591fd7d8e" 404 - "HEAD http://[::1]:8080/v1/AUTH_2c0dd7efa1e94d879bc5da8c6f19a646/gnocchi.4312fbfa-3cdd-4bdb-87d1-3d4591fd7d8e" "tx9a1b71b6c3c948748f644-0069bb700f" "proxy-server 101374" 0.0002 "-" 99868 0
Mar 18 23:39:59 np0005651379.novalocal proxy-server[101374]: - - 19/Mar/2026/03/39/59 HEAD /v1/AUTH_2c0dd7efa1e94d879bc5da8c6f19a646/gnocchi.4312fbfa-3cdd-4bdb-87d1-3d4591fd7d8e HTTP/1.0 404 - Swift - - - - tx9a1b71b6c3c948748f644-0069bb700f - 0.0132 CS - 1773891599.731905460 1773891599.745080948 0 -
Mar 18 23:39:59 np0005651379.novalocal object-server[100256]: ::1 - - [19/Mar/2026:03:39:59 +0000] "GET /2/12805/AUTH_2c0dd7efa1e94d879bc5da8c6f19a646/gnocchi.4312fbfa-3cdd-4bdb-87d1-3d4591fd7d8e/none_v3" 404 70 "GET https://[::1]:8080/v1/AUTH_2c0dd7efa1e94d879bc5da8c6f19a646/gnocchi.4312fbfa-3cdd-4bdb-87d1-3d4591fd7d8e/none_v3" "tx9a1b71b6c3c948748f644-0069bb700f" "proxy-server 101374" 0.0008 "-" 100256 0
Mar 18 23:39:59 np0005651379.novalocal object-server[100257]: ::1 - - [19/Mar/2026:03:39:59 +0000] "GET /3/12805/AUTH_2c0dd7efa1e94d879bc5da8c6f19a646/gnocchi.4312fbfa-3cdd-4bdb-87d1-3d4591fd7d8e/none_v3" 404 70 "GET https://[::1]:8080/v1/AUTH_2c0dd7efa1e94d879bc5da8c6f19a646/gnocchi.4312fbfa-3cdd-4bdb-87d1-3d4591fd7d8e/none_v3" "tx9a1b71b6c3c948748f644-0069bb700f" "proxy-server 101374" 0.0006 "-" 100257 0
Mar 18 23:39:59 np0005651379.novalocal object-server[100256]: ::1 - - [19/Mar/2026:03:39:59 +0000] "GET /1/12805/AUTH_2c0dd7efa1e94d879bc5da8c6f19a646/gnocchi.4312fbfa-3cdd-4bdb-87d1-3d4591fd7d8e/none_v3" 404 70 "GET https://[::1]:8080/v1/AUTH_2c0dd7efa1e94d879bc5da8c6f19a646/gnocchi.4312fbfa-3cdd-4bdb-87d1-3d4591fd7d8e/none_v3" "tx9a1b71b6c3c948748f644-0069bb700f" "proxy-server 101374" 0.0008 "-" 100256 0
Mar 18 23:39:59 np0005651379.novalocal proxy-server[101374]: ::1 ::1 19/Mar/2026/03/39/59 GET /v1/AUTH_2c0dd7efa1e94d879bc5da8c6f19a646/gnocchi.4312fbfa-3cdd-4bdb-87d1-3d4591fd7d8e/none_v3 HTTP/1.0 404 - python-swiftclient-4.8.0 gAAAAABpu2_uqf-H... - 70 - tx9a1b71b6c3c948748f644-0069bb700f - 0.0323 - - 1773891599.730942011 1773891599.763245821 0 e61d2c26cb6146fb88642c1126e377de
Mar 18 23:39:59 np0005651379.novalocal account-server[99474]: ::1 - - [19/Mar/2026:03:39:59 +0000] "PUT /1/184762/AUTH_2c0dd7efa1e94d879bc5da8c6f19a646/gnocchi.4312fbfa-3cdd-4bdb-87d1-3d4591fd7d8e" 201 - "PUT http://[::1]:6001/3/48336/AUTH_2c0dd7efa1e94d879bc5da8c6f19a646/gnocchi.4312fbfa-3cdd-4bdb-87d1-3d4591fd7d8e" "txdea29a33942c4dab9cc30-0069bb700f" "container-server 99867" 0.0039 "-" 99474 0
Mar 18 23:39:59 np0005651379.novalocal container-server[99867]: ::1 - - [19/Mar/2026:03:39:59 +0000] "PUT /3/48336/AUTH_2c0dd7efa1e94d879bc5da8c6f19a646/gnocchi.4312fbfa-3cdd-4bdb-87d1-3d4591fd7d8e" 201 - "PUT https://[::1]:8080/v1/AUTH_2c0dd7efa1e94d879bc5da8c6f19a646/gnocchi.4312fbfa-3cdd-4bdb-87d1-3d4591fd7d8e" "txdea29a33942c4dab9cc30-0069bb700f" "proxy-server 101374" 0.0149 "-" 99867 0
Mar 18 23:39:59 np0005651379.novalocal account-server[99475]: ::1 - - [19/Mar/2026:03:39:59 +0000] "PUT /2/184762/AUTH_2c0dd7efa1e94d879bc5da8c6f19a646/gnocchi.4312fbfa-3cdd-4bdb-87d1-3d4591fd7d8e" 201 - "PUT http://[::1]:6001/2/48336/AUTH_2c0dd7efa1e94d879bc5da8c6f19a646/gnocchi.4312fbfa-3cdd-4bdb-87d1-3d4591fd7d8e" "txdea29a33942c4dab9cc30-0069bb700f" "container-server 99868" 0.0049 "-" 99475 0
Mar 18 23:39:59 np0005651379.novalocal container-server[99868]: ::1 - - [19/Mar/2026:03:39:59 +0000] "PUT /2/48336/AUTH_2c0dd7efa1e94d879bc5da8c6f19a646/gnocchi.4312fbfa-3cdd-4bdb-87d1-3d4591fd7d8e" 201 - "PUT https://[::1]:8080/v1/AUTH_2c0dd7efa1e94d879bc5da8c6f19a646/gnocchi.4312fbfa-3cdd-4bdb-87d1-3d4591fd7d8e" "txdea29a33942c4dab9cc30-0069bb700f" "proxy-server 101374" 0.0170 "-" 99868 0
Mar 18 23:39:59 np0005651379.novalocal account-server[99475]: ::1 - - [19/Mar/2026:03:39:59 +0000] "PUT /3/184762/AUTH_2c0dd7efa1e94d879bc5da8c6f19a646/gnocchi.4312fbfa-3cdd-4bdb-87d1-3d4591fd7d8e" 201 - "PUT http://[::1]:6001/1/48336/AUTH_2c0dd7efa1e94d879bc5da8c6f19a646/gnocchi.4312fbfa-3cdd-4bdb-87d1-3d4591fd7d8e" "txdea29a33942c4dab9cc30-0069bb700f" "container-server 99868" 0.0044 "-" 99475 0
Mar 18 23:39:59 np0005651379.novalocal container-server[99868]: ::1 - - [19/Mar/2026:03:39:59 +0000] "PUT /1/48336/AUTH_2c0dd7efa1e94d879bc5da8c6f19a646/gnocchi.4312fbfa-3cdd-4bdb-87d1-3d4591fd7d8e" 201 - "PUT https://[::1]:8080/v1/AUTH_2c0dd7efa1e94d879bc5da8c6f19a646/gnocchi.4312fbfa-3cdd-4bdb-87d1-3d4591fd7d8e" "txdea29a33942c4dab9cc30-0069bb700f" "proxy-server 101374" 0.0302 "-" 99868 0
Mar 18 23:39:59 np0005651379.novalocal proxy-server[101374]: ::1 ::1 19/Mar/2026/03/39/59 PUT /v1/AUTH_2c0dd7efa1e94d879bc5da8c6f19a646/gnocchi.4312fbfa-3cdd-4bdb-87d1-3d4591fd7d8e HTTP/1.0 201 - python-swiftclient-4.8.0 gAAAAABpu2_uqf-H... - - - txdea29a33942c4dab9cc30-0069bb700f - 0.0394 - - 1773891599.766084194 1773891599.805466175 0 e61d2c26cb6146fb88642c1126e377de
Mar 18 23:39:59 np0005651379.novalocal container-server[99868]: ::1 - - [19/Mar/2026:03:39:59 +0000] "HEAD /2/48336/AUTH_2c0dd7efa1e94d879bc5da8c6f19a646/gnocchi.4312fbfa-3cdd-4bdb-87d1-3d4591fd7d8e" 204 - "HEAD http://[::1]:8080/v1/AUTH_2c0dd7efa1e94d879bc5da8c6f19a646/gnocchi.4312fbfa-3cdd-4bdb-87d1-3d4591fd7d8e" "tx6aa49b253fe94f9aa0136-0069bb700f" "proxy-server 101374" 0.0012 "-" 99868 0
Mar 18 23:39:59 np0005651379.novalocal proxy-server[101374]: - - 19/Mar/2026/03/39/59 HEAD /v1/AUTH_2c0dd7efa1e94d879bc5da8c6f19a646/gnocchi.4312fbfa-3cdd-4bdb-87d1-3d4591fd7d8e HTTP/1.0 204 - Swift - - - - tx6aa49b253fe94f9aa0136-0069bb700f - 0.0058 CS - 1773891599.810459137 1773891599.816279888 0 -
Mar 18 23:39:59 np0005651379.novalocal container-server[99868]: ::1 - - [19/Mar/2026:03:39:59 +0000] "GET /3/48336/AUTH_2c0dd7efa1e94d879bc5da8c6f19a646/gnocchi.4312fbfa-3cdd-4bdb-87d1-3d4591fd7d8e" 200 2 "GET https://[::1]:8080/v1/AUTH_2c0dd7efa1e94d879bc5da8c6f19a646/gnocchi.4312fbfa-3cdd-4bdb-87d1-3d4591fd7d8e?format=json&states=listing" "tx6aa49b253fe94f9aa0136-0069bb700f" "proxy-server 101374" 0.0020 "-" 99868 0
Mar 18 23:39:59 np0005651379.novalocal proxy-server[101374]: ::1 ::1 19/Mar/2026/03/39/59 GET /v1/AUTH_2c0dd7efa1e94d879bc5da8c6f19a646/gnocchi.4312fbfa-3cdd-4bdb-87d1-3d4591fd7d8e%3Fformat%3Djson%26states%3Dlisting HTTP/1.0 200 - python-swiftclient-4.8.0 gAAAAABpu2_uqf-H... - 2 - tx6aa49b253fe94f9aa0136-0069bb700f - 0.0192 - - 1773891599.809604645 1773891599.828800201 0 e61d2c26cb6146fb88642c1126e377de
Mar 18 23:39:59 np0005651379.novalocal object-server[100256]: ::1 - - [19/Mar/2026:03:39:59 +0000] "GET /3/83347/AUTH_2c0dd7efa1e94d879bc5da8c6f19a646/gnocchi.4312fbfa-3cdd-4bdb-87d1-3d4591fd7d8e/1773360000.0_mean_300.0_v3" 404 70 "GET https://[::1]:8080/v1/AUTH_2c0dd7efa1e94d879bc5da8c6f19a646/gnocchi.4312fbfa-3cdd-4bdb-87d1-3d4591fd7d8e/1773360000.0_mean_300.0_v3" "tx414178e763fe47eb8a0fa-0069bb700f" "proxy-server 101374" 0.0006 "-" 100256 0
Mar 18 23:39:59 np0005651379.novalocal object-server[100257]: ::1 - - [19/Mar/2026:03:39:59 +0000] "GET /2/83347/AUTH_2c0dd7efa1e94d879bc5da8c6f19a646/gnocchi.4312fbfa-3cdd-4bdb-87d1-3d4591fd7d8e/1773360000.0_mean_300.0_v3" 404 70 "GET https://[::1]:8080/v1/AUTH_2c0dd7efa1e94d879bc5da8c6f19a646/gnocchi.4312fbfa-3cdd-4bdb-87d1-3d4591fd7d8e/1773360000.0_mean_300.0_v3" "tx414178e763fe47eb8a0fa-0069bb700f" "proxy-server 101374" 0.0005 "-" 100257 0
Mar 18 23:39:59 np0005651379.novalocal object-server[100257]: ::1 - - [19/Mar/2026:03:39:59 +0000] "GET /1/83347/AUTH_2c0dd7efa1e94d879bc5da8c6f19a646/gnocchi.4312fbfa-3cdd-4bdb-87d1-3d4591fd7d8e/1773360000.0_mean_300.0_v3" 404 70 "GET https://[::1]:8080/v1/AUTH_2c0dd7efa1e94d879bc5da8c6f19a646/gnocchi.4312fbfa-3cdd-4bdb-87d1-3d4591fd7d8e/1773360000.0_mean_300.0_v3" "tx414178e763fe47eb8a0fa-0069bb700f" "proxy-server 101374" 0.0003 "-" 100257 0
Mar 18 23:39:59 np0005651379.novalocal proxy-server[101374]: ::1 ::1 19/Mar/2026/03/39/59 GET /v1/AUTH_2c0dd7efa1e94d879bc5da8c6f19a646/gnocchi.4312fbfa-3cdd-4bdb-87d1-3d4591fd7d8e/1773360000.0_mean_300.0_v3 HTTP/1.0 404 - python-swiftclient-4.8.0 gAAAAABpu2_uqf-H... - 70 - tx414178e763fe47eb8a0fa-0069bb700f - 0.0169 - - 1773891599.832787752 1773891599.849663019 0 e61d2c26cb6146fb88642c1126e377de
Mar 18 23:39:59 np0005651379.novalocal container-server[99867]: ::1 - - [19/Mar/2026:03:39:59 +0000] "PUT /2/48336/AUTH_2c0dd7efa1e94d879bc5da8c6f19a646/gnocchi.4312fbfa-3cdd-4bdb-87d1-3d4591fd7d8e/1773360000.0_mean_300.0_v3" 201 - "PUT http://[::1]:8080/2/83347/AUTH_2c0dd7efa1e94d879bc5da8c6f19a646/gnocchi.4312fbfa-3cdd-4bdb-87d1-3d4591fd7d8e/1773360000.0_mean_300.0_v3" "txec58ad7942d8472ba98ea-0069bb700f" "object-server 100257" 0.0007 "-" 99867 0
Mar 18 23:39:59 np0005651379.novalocal container-server[99867]: ::1 - - [19/Mar/2026:03:39:59 +0000] "PUT /1/48336/AUTH_2c0dd7efa1e94d879bc5da8c6f19a646/gnocchi.4312fbfa-3cdd-4bdb-87d1-3d4591fd7d8e/1773360000.0_mean_300.0_v3" 201 - "PUT http://[::1]:8080/1/83347/AUTH_2c0dd7efa1e94d879bc5da8c6f19a646/gnocchi.4312fbfa-3cdd-4bdb-87d1-3d4591fd7d8e/1773360000.0_mean_300.0_v3" "txec58ad7942d8472ba98ea-0069bb700f" "object-server 100256" 0.0003 "-" 99867 0
Mar 18 23:39:59 np0005651379.novalocal object-server[100257]: ::1 - - [19/Mar/2026:03:39:59 +0000] "PUT /2/83347/AUTH_2c0dd7efa1e94d879bc5da8c6f19a646/gnocchi.4312fbfa-3cdd-4bdb-87d1-3d4591fd7d8e/1773360000.0_mean_300.0_v3" 201 - "PUT https://[::1]:8080/v1/AUTH_2c0dd7efa1e94d879bc5da8c6f19a646/gnocchi.4312fbfa-3cdd-4bdb-87d1-3d4591fd7d8e/1773360000.0_mean_300.0_v3" "txec58ad7942d8472ba98ea-0069bb700f" "proxy-server 101374" 0.0121 "-" 100257 0
Mar 18 23:39:59 np0005651379.novalocal container-server[99868]: ::1 - - [19/Mar/2026:03:39:59 +0000] "PUT /3/48336/AUTH_2c0dd7efa1e94d879bc5da8c6f19a646/gnocchi.4312fbfa-3cdd-4bdb-87d1-3d4591fd7d8e/1773360000.0_mean_300.0_v3" 201 - "PUT http://[::1]:8080/3/83347/AUTH_2c0dd7efa1e94d879bc5da8c6f19a646/gnocchi.4312fbfa-3cdd-4bdb-87d1-3d4591fd7d8e/1773360000.0_mean_300.0_v3" "txec58ad7942d8472ba98ea-0069bb700f" "object-server 100257" 0.0006 "-" 99868 0
Mar 18 23:39:59 np0005651379.novalocal object-server[100257]: ::1 - - [19/Mar/2026:03:39:59 +0000] "PUT /3/83347/AUTH_2c0dd7efa1e94d879bc5da8c6f19a646/gnocchi.4312fbfa-3cdd-4bdb-87d1-3d4591fd7d8e/1773360000.0_mean_300.0_v3" 201 - "PUT https://[::1]:8080/v1/AUTH_2c0dd7efa1e94d879bc5da8c6f19a646/gnocchi.4312fbfa-3cdd-4bdb-87d1-3d4591fd7d8e/1773360000.0_mean_300.0_v3" "txec58ad7942d8472ba98ea-0069bb700f" "proxy-server 101374" 0.0154 "-" 100257 0
Mar 18 23:39:59 np0005651379.novalocal object-server[100256]: ::1 - - [19/Mar/2026:03:39:59 +0000] "PUT /1/83347/AUTH_2c0dd7efa1e94d879bc5da8c6f19a646/gnocchi.4312fbfa-3cdd-4bdb-87d1-3d4591fd7d8e/1773360000.0_mean_300.0_v3" 201 - "PUT https://[::1]:8080/v1/AUTH_2c0dd7efa1e94d879bc5da8c6f19a646/gnocchi.4312fbfa-3cdd-4bdb-87d1-3d4591fd7d8e/1773360000.0_mean_300.0_v3" "txec58ad7942d8472ba98ea-0069bb700f" "proxy-server 101374" 0.0161 "-" 100256 0
Mar 18 23:39:59 np0005651379.novalocal proxy-server[101374]: ::1 ::1 19/Mar/2026/03/39/59 PUT /v1/AUTH_2c0dd7efa1e94d879bc5da8c6f19a646/gnocchi.4312fbfa-3cdd-4bdb-87d1-3d4591fd7d8e/1773360000.0_mean_300.0_v3 HTTP/1.0 201 - python-swiftclient-4.8.0 gAAAAABpu2_uqf-H... 16 - - txec58ad7942d8472ba98ea-0069bb700f - 0.0285 - - 1773891599.853063583 1773891599.881544113 0 e61d2c26cb6146fb88642c1126e377de
Mar 18 23:39:59 np0005651379.novalocal container-server[99867]: ::1 - - [19/Mar/2026:03:39:59 +0000] "PUT /3/48336/AUTH_2c0dd7efa1e94d879bc5da8c6f19a646/gnocchi.4312fbfa-3cdd-4bdb-87d1-3d4591fd7d8e/none_v3" 201 - "PUT http://[::1]:8080/1/12805/AUTH_2c0dd7efa1e94d879bc5da8c6f19a646/gnocchi.4312fbfa-3cdd-4bdb-87d1-3d4591fd7d8e/none_v3" "tx4225f72287a4497a85c7d-0069bb700f" "object-server 100257" 0.0003 "-" 99867 0
Mar 18 23:39:59 np0005651379.novalocal object-server[100257]: ::1 - - [19/Mar/2026:03:39:59 +0000] "PUT /1/12805/AUTH_2c0dd7efa1e94d879bc5da8c6f19a646/gnocchi.4312fbfa-3cdd-4bdb-87d1-3d4591fd7d8e/none_v3" 201 - "PUT https://[::1]:8080/v1/AUTH_2c0dd7efa1e94d879bc5da8c6f19a646/gnocchi.4312fbfa-3cdd-4bdb-87d1-3d4591fd7d8e/none_v3" "tx4225f72287a4497a85c7d-0069bb700f" "proxy-server 101374" 0.0121 "-" 100257 0
Mar 18 23:39:59 np0005651379.novalocal container-server[99868]: ::1 - - [19/Mar/2026:03:39:59 +0000] "PUT /2/48336/AUTH_2c0dd7efa1e94d879bc5da8c6f19a646/gnocchi.4312fbfa-3cdd-4bdb-87d1-3d4591fd7d8e/none_v3" 201 - "PUT http://[::1]:8080/2/12805/AUTH_2c0dd7efa1e94d879bc5da8c6f19a646/gnocchi.4312fbfa-3cdd-4bdb-87d1-3d4591fd7d8e/none_v3" "tx4225f72287a4497a85c7d-0069bb700f" "object-server 100257" 0.0012 "-" 99868 0
Mar 18 23:39:59 np0005651379.novalocal object-server[100257]: ::1 - - [19/Mar/2026:03:39:59 +0000] "PUT /2/12805/AUTH_2c0dd7efa1e94d879bc5da8c6f19a646/gnocchi.4312fbfa-3cdd-4bdb-87d1-3d4591fd7d8e/none_v3" 201 - "PUT https://[::1]:8080/v1/AUTH_2c0dd7efa1e94d879bc5da8c6f19a646/gnocchi.4312fbfa-3cdd-4bdb-87d1-3d4591fd7d8e/none_v3" "tx4225f72287a4497a85c7d-0069bb700f" "proxy-server 101374" 0.0168 "-" 100257 0
Mar 18 23:39:59 np0005651379.novalocal container-server[99868]: ::1 - - [19/Mar/2026:03:39:59 +0000] "PUT /1/48336/AUTH_2c0dd7efa1e94d879bc5da8c6f19a646/gnocchi.4312fbfa-3cdd-4bdb-87d1-3d4591fd7d8e/none_v3" 201 - "PUT http://[::1]:8080/3/12805/AUTH_2c0dd7efa1e94d879bc5da8c6f19a646/gnocchi.4312fbfa-3cdd-4bdb-87d1-3d4591fd7d8e/none_v3" "tx4225f72287a4497a85c7d-0069bb700f" "object-server 100257" 0.0007 "-" 99868 0
Mar 18 23:39:59 np0005651379.novalocal object-server[100257]: ::1 - - [19/Mar/2026:03:39:59 +0000] "PUT /3/12805/AUTH_2c0dd7efa1e94d879bc5da8c6f19a646/gnocchi.4312fbfa-3cdd-4bdb-87d1-3d4591fd7d8e/none_v3" 201 - "PUT https://[::1]:8080/v1/AUTH_2c0dd7efa1e94d879bc5da8c6f19a646/gnocchi.4312fbfa-3cdd-4bdb-87d1-3d4591fd7d8e/none_v3" "tx4225f72287a4497a85c7d-0069bb700f" "proxy-server 101374" 0.0146 "-" 100257 0
Mar 18 23:39:59 np0005651379.novalocal proxy-server[101374]: ::1 ::1 19/Mar/2026/03/39/59 PUT /v1/AUTH_2c0dd7efa1e94d879bc5da8c6f19a646/gnocchi.4312fbfa-3cdd-4bdb-87d1-3d4591fd7d8e/none_v3 HTTP/1.0 201 - python-swiftclient-4.8.0 gAAAAABpu2_uqf-H... 22 - - tx4225f72287a4497a85c7d-0069bb700f - 0.0296 - - 1773891599.884852648 1773891599.914422750 0 e61d2c26cb6146fb88642c1126e377de
Mar 18 23:39:59 np0005651379.novalocal container-server[99867]: ::1 - - [19/Mar/2026:03:39:59 +0000] "HEAD /2/97778/AUTH_2c0dd7efa1e94d879bc5da8c6f19a646/gnocchi.f3e2b959-567e-413a-b69f-eb4ad2f97f12" 404 - "HEAD http://[::1]:8080/v1/AUTH_2c0dd7efa1e94d879bc5da8c6f19a646/gnocchi.f3e2b959-567e-413a-b69f-eb4ad2f97f12" "tx255757586022450a91940-0069bb700f" "proxy-server 101374" 0.0006 "-" 99867 0
Mar 18 23:39:59 np0005651379.novalocal container-server[99868]: ::1 - - [19/Mar/2026:03:39:59 +0000] "HEAD /3/97778/AUTH_2c0dd7efa1e94d879bc5da8c6f19a646/gnocchi.f3e2b959-567e-413a-b69f-eb4ad2f97f12" 404 - "HEAD http://[::1]:8080/v1/AUTH_2c0dd7efa1e94d879bc5da8c6f19a646/gnocchi.f3e2b959-567e-413a-b69f-eb4ad2f97f12" "tx255757586022450a91940-0069bb700f" "proxy-server 101374" 0.0004 "-" 99868 0
Mar 18 23:39:59 np0005651379.novalocal container-server[99867]: ::1 - - [19/Mar/2026:03:39:59 +0000] "HEAD /1/97778/AUTH_2c0dd7efa1e94d879bc5da8c6f19a646/gnocchi.f3e2b959-567e-413a-b69f-eb4ad2f97f12" 404 - "HEAD http://[::1]:8080/v1/AUTH_2c0dd7efa1e94d879bc5da8c6f19a646/gnocchi.f3e2b959-567e-413a-b69f-eb4ad2f97f12" "tx255757586022450a91940-0069bb700f" "proxy-server 101374" 0.0002 "-" 99867 0
Mar 18 23:39:59 np0005651379.novalocal proxy-server[101374]: - - 19/Mar/2026/03/39/59 HEAD /v1/AUTH_2c0dd7efa1e94d879bc5da8c6f19a646/gnocchi.f3e2b959-567e-413a-b69f-eb4ad2f97f12 HTTP/1.0 404 - Swift - - - - tx255757586022450a91940-0069bb700f - 0.0097 CS - 1773891599.926598072 1773891599.936270237 0 -
Mar 18 23:39:59 np0005651379.novalocal object-server[100256]: ::1 - - [19/Mar/2026:03:39:59 +0000] "GET /1/49291/AUTH_2c0dd7efa1e94d879bc5da8c6f19a646/gnocchi.f3e2b959-567e-413a-b69f-eb4ad2f97f12/none_v3" 404 70 "GET https://[::1]:8080/v1/AUTH_2c0dd7efa1e94d879bc5da8c6f19a646/gnocchi.f3e2b959-567e-413a-b69f-eb4ad2f97f12/none_v3" "tx255757586022450a91940-0069bb700f" "proxy-server 101374" 0.0005 "-" 100256 0
Mar 18 23:39:59 np0005651379.novalocal object-server[100256]: ::1 - - [19/Mar/2026:03:39:59 +0000] "GET /3/49291/AUTH_2c0dd7efa1e94d879bc5da8c6f19a646/gnocchi.f3e2b959-567e-413a-b69f-eb4ad2f97f12/none_v3" 404 70 "GET https://[::1]:8080/v1/AUTH_2c0dd7efa1e94d879bc5da8c6f19a646/gnocchi.f3e2b959-567e-413a-b69f-eb4ad2f97f12/none_v3" "tx255757586022450a91940-0069bb700f" "proxy-server 101374" 0.0004 "-" 100256 0
Mar 18 23:39:59 np0005651379.novalocal object-server[100257]: ::1 - - [19/Mar/2026:03:39:59 +0000] "GET /2/49291/AUTH_2c0dd7efa1e94d879bc5da8c6f19a646/gnocchi.f3e2b959-567e-413a-b69f-eb4ad2f97f12/none_v3" 404 70 "GET https://[::1]:8080/v1/AUTH_2c0dd7efa1e94d879bc5da8c6f19a646/gnocchi.f3e2b959-567e-413a-b69f-eb4ad2f97f12/none_v3" "tx255757586022450a91940-0069bb700f" "proxy-server 101374" 0.0004 "-" 100257 0
Mar 18 23:39:59 np0005651379.novalocal proxy-server[101374]: ::1 ::1 19/Mar/2026/03/39/59 GET /v1/AUTH_2c0dd7efa1e94d879bc5da8c6f19a646/gnocchi.f3e2b959-567e-413a-b69f-eb4ad2f97f12/none_v3 HTTP/1.0 404 - python-swiftclient-4.8.0 gAAAAABpu2_uqf-H... - 70 - tx255757586022450a91940-0069bb700f - 0.0258 - - 1773891599.925858736 1773891599.951675415 0 e61d2c26cb6146fb88642c1126e377de
Mar 18 23:39:59 np0005651379.novalocal account-server[99475]: ::1 - - [19/Mar/2026:03:39:59 +0000] "PUT /3/184762/AUTH_2c0dd7efa1e94d879bc5da8c6f19a646/gnocchi.f3e2b959-567e-413a-b69f-eb4ad2f97f12" 201 - "PUT http://[::1]:6001/3/97778/AUTH_2c0dd7efa1e94d879bc5da8c6f19a646/gnocchi.f3e2b959-567e-413a-b69f-eb4ad2f97f12" "txfd20b9e3c981442f9b333-0069bb700f" "container-server 99867" 0.0051 "-" 99475 0
Mar 18 23:39:59 np0005651379.novalocal container-server[99867]: ::1 - - [19/Mar/2026:03:39:59 +0000] "PUT /3/97778/AUTH_2c0dd7efa1e94d879bc5da8c6f19a646/gnocchi.f3e2b959-567e-413a-b69f-eb4ad2f97f12" 201 - "PUT https://[::1]:8080/v1/AUTH_2c0dd7efa1e94d879bc5da8c6f19a646/gnocchi.f3e2b959-567e-413a-b69f-eb4ad2f97f12" "txfd20b9e3c981442f9b333-0069bb700f" "proxy-server 101374" 0.0132 "-" 99867 0
Mar 18 23:39:59 np0005651379.novalocal account-server[99475]: ::1 - - [19/Mar/2026:03:39:59 +0000] "PUT /2/184762/AUTH_2c0dd7efa1e94d879bc5da8c6f19a646/gnocchi.f3e2b959-567e-413a-b69f-eb4ad2f97f12" 201 - "PUT http://[::1]:6001/2/97778/AUTH_2c0dd7efa1e94d879bc5da8c6f19a646/gnocchi.f3e2b959-567e-413a-b69f-eb4ad2f97f12" "txfd20b9e3c981442f9b333-0069bb700f" "container-server 99868" 0.0050 "-" 99475 0
Mar 18 23:39:59 np0005651379.novalocal container-server[99868]: ::1 - - [19/Mar/2026:03:39:59 +0000] "PUT /2/97778/AUTH_2c0dd7efa1e94d879bc5da8c6f19a646/gnocchi.f3e2b959-567e-413a-b69f-eb4ad2f97f12" 201 - "PUT https://[::1]:8080/v1/AUTH_2c0dd7efa1e94d879bc5da8c6f19a646/gnocchi.f3e2b959-567e-413a-b69f-eb4ad2f97f12" "txfd20b9e3c981442f9b333-0069bb700f" "proxy-server 101374" 0.0211 "-" 99868 0
Mar 18 23:39:59 np0005651379.novalocal account-server[99474]: ::1 - - [19/Mar/2026:03:39:59 +0000] "PUT /1/184762/AUTH_2c0dd7efa1e94d879bc5da8c6f19a646/gnocchi.f3e2b959-567e-413a-b69f-eb4ad2f97f12" 201 - "PUT http://[::1]:6001/1/97778/AUTH_2c0dd7efa1e94d879bc5da8c6f19a646/gnocchi.f3e2b959-567e-413a-b69f-eb4ad2f97f12" "txfd20b9e3c981442f9b333-0069bb700f" "container-server 99868" 0.0039 "-" 99474 0
Mar 18 23:39:59 np0005651379.novalocal container-server[99868]: ::1 - - [19/Mar/2026:03:39:59 +0000] "PUT /1/97778/AUTH_2c0dd7efa1e94d879bc5da8c6f19a646/gnocchi.f3e2b959-567e-413a-b69f-eb4ad2f97f12" 201 - "PUT https://[::1]:8080/v1/AUTH_2c0dd7efa1e94d879bc5da8c6f19a646/gnocchi.f3e2b959-567e-413a-b69f-eb4ad2f97f12" "txfd20b9e3c981442f9b333-0069bb700f" "proxy-server 101374" 0.0175 "-" 99868 0
Mar 18 23:39:59 np0005651379.novalocal proxy-server[101374]: ::1 ::1 19/Mar/2026/03/39/59 PUT /v1/AUTH_2c0dd7efa1e94d879bc5da8c6f19a646/gnocchi.f3e2b959-567e-413a-b69f-eb4ad2f97f12 HTTP/1.0 201 - python-swiftclient-4.8.0 gAAAAABpu2_uqf-H... - - - txfd20b9e3c981442f9b333-0069bb700f - 0.0372 - - 1773891599.954371214 1773891599.991576910 0 e61d2c26cb6146fb88642c1126e377de
Mar 18 23:39:59 np0005651379.novalocal container-server[99867]: ::1 - - [19/Mar/2026:03:39:59 +0000] "HEAD /3/97778/AUTH_2c0dd7efa1e94d879bc5da8c6f19a646/gnocchi.f3e2b959-567e-413a-b69f-eb4ad2f97f12" 204 - "HEAD http://[::1]:8080/v1/AUTH_2c0dd7efa1e94d879bc5da8c6f19a646/gnocchi.f3e2b959-567e-413a-b69f-eb4ad2f97f12" "tx768afac8c7e14c1693a3c-0069bb700f" "proxy-server 101374" 0.0008 "-" 99867 0
Mar 18 23:40:00 np0005651379.novalocal proxy-server[101374]: - - 19/Mar/2026/03/40/00 HEAD /v1/AUTH_2c0dd7efa1e94d879bc5da8c6f19a646/gnocchi.f3e2b959-567e-413a-b69f-eb4ad2f97f12 HTTP/1.0 204 - Swift - - - - tx768afac8c7e14c1693a3c-0069bb700f - 0.0050 CS - 1773891599.995393276 1773891600.000414371 0 -
Mar 18 23:40:00 np0005651379.novalocal container-server[99867]: ::1 - - [19/Mar/2026:03:40:00 +0000] "GET /2/97778/AUTH_2c0dd7efa1e94d879bc5da8c6f19a646/gnocchi.f3e2b959-567e-413a-b69f-eb4ad2f97f12" 200 2 "GET https://[::1]:8080/v1/AUTH_2c0dd7efa1e94d879bc5da8c6f19a646/gnocchi.f3e2b959-567e-413a-b69f-eb4ad2f97f12?format=json&states=listing" "tx768afac8c7e14c1693a3c-0069bb700f" "proxy-server 101374" 0.0016 "-" 99867 0
Mar 18 23:40:00 np0005651379.novalocal proxy-server[101374]: ::1 ::1 19/Mar/2026/03/40/00 GET /v1/AUTH_2c0dd7efa1e94d879bc5da8c6f19a646/gnocchi.f3e2b959-567e-413a-b69f-eb4ad2f97f12%3Fformat%3Djson%26states%3Dlisting HTTP/1.0 200 - python-swiftclient-4.8.0 gAAAAABpu2_uqf-H... - 2 - tx768afac8c7e14c1693a3c-0069bb700f - 0.0151 - - 1773891599.994576693 1773891600.009646893 0 e61d2c26cb6146fb88642c1126e377de
Mar 18 23:40:00 np0005651379.novalocal object-server[100256]: ::1 - - [19/Mar/2026:03:40:00 +0000] "GET /2/168790/AUTH_2c0dd7efa1e94d879bc5da8c6f19a646/gnocchi.f3e2b959-567e-413a-b69f-eb4ad2f97f12/1773360000.0_mean_300.0_v3" 404 70 "GET https://[::1]:8080/v1/AUTH_2c0dd7efa1e94d879bc5da8c6f19a646/gnocchi.f3e2b959-567e-413a-b69f-eb4ad2f97f12/1773360000.0_mean_300.0_v3" "txaaf548a4fd41453891faf-0069bb7010" "proxy-server 101374" 0.0006 "-" 100256 0
Mar 18 23:40:00 np0005651379.novalocal object-server[100256]: ::1 - - [19/Mar/2026:03:40:00 +0000] "GET /1/168790/AUTH_2c0dd7efa1e94d879bc5da8c6f19a646/gnocchi.f3e2b959-567e-413a-b69f-eb4ad2f97f12/1773360000.0_mean_300.0_v3" 404 70 "GET https://[::1]:8080/v1/AUTH_2c0dd7efa1e94d879bc5da8c6f19a646/gnocchi.f3e2b959-567e-413a-b69f-eb4ad2f97f12/1773360000.0_mean_300.0_v3" "txaaf548a4fd41453891faf-0069bb7010" "proxy-server 101374" 0.0003 "-" 100256 0
Mar 18 23:40:00 np0005651379.novalocal object-server[100256]: ::1 - - [19/Mar/2026:03:40:00 +0000] "GET /3/168790/AUTH_2c0dd7efa1e94d879bc5da8c6f19a646/gnocchi.f3e2b959-567e-413a-b69f-eb4ad2f97f12/1773360000.0_mean_300.0_v3" 404 70 "GET https://[::1]:8080/v1/AUTH_2c0dd7efa1e94d879bc5da8c6f19a646/gnocchi.f3e2b959-567e-413a-b69f-eb4ad2f97f12/1773360000.0_mean_300.0_v3" "txaaf548a4fd41453891faf-0069bb7010" "proxy-server 101374" 0.0004 "-" 100256 0
Mar 18 23:40:00 np0005651379.novalocal proxy-server[101374]: ::1 ::1 19/Mar/2026/03/40/00 GET /v1/AUTH_2c0dd7efa1e94d879bc5da8c6f19a646/gnocchi.f3e2b959-567e-413a-b69f-eb4ad2f97f12/1773360000.0_mean_300.0_v3 HTTP/1.0 404 - python-swiftclient-4.8.0 gAAAAABpu2_uqf-H... - 70 - txaaf548a4fd41453891faf-0069bb7010 - 0.0168 - - 1773891600.014014006 1773891600.030813456 0 e61d2c26cb6146fb88642c1126e377de
Mar 18 23:40:00 np0005651379.novalocal systemd[1]: run-netns-qdhcp\x2da7714b01\x2dc6aa\x2d4a10\x2d8588\x2d89e28134f466.mount: Deactivated successfully.
Mar 18 23:40:00 np0005651379.novalocal systemd[1]: Starting system activity accounting tool...
Mar 18 23:40:00 np0005651379.novalocal container-server[99868]: ::1 - - [19/Mar/2026:03:40:00 +0000] "PUT /2/97778/AUTH_2c0dd7efa1e94d879bc5da8c6f19a646/gnocchi.f3e2b959-567e-413a-b69f-eb4ad2f97f12/1773360000.0_mean_300.0_v3" 201 - "PUT http://[::1]:8080/1/168790/AUTH_2c0dd7efa1e94d879bc5da8c6f19a646/gnocchi.f3e2b959-567e-413a-b69f-eb4ad2f97f12/1773360000.0_mean_300.0_v3" "tx8f0a772989924f68af993-0069bb7010" "object-server 100256" 0.0010 "-" 99868 0
Mar 18 23:40:00 np0005651379.novalocal object-server[100256]: ::1 - - [19/Mar/2026:03:40:00 +0000] "PUT /1/168790/AUTH_2c0dd7efa1e94d879bc5da8c6f19a646/gnocchi.f3e2b959-567e-413a-b69f-eb4ad2f97f12/1773360000.0_mean_300.0_v3" 201 - "PUT https://[::1]:8080/v1/AUTH_2c0dd7efa1e94d879bc5da8c6f19a646/gnocchi.f3e2b959-567e-413a-b69f-eb4ad2f97f12/1773360000.0_mean_300.0_v3" "tx8f0a772989924f68af993-0069bb7010" "proxy-server 101374" 0.0191 "-" 100256 0
Mar 18 23:40:00 np0005651379.novalocal systemd[1]: sysstat-collect.service: Deactivated successfully.
Mar 18 23:40:00 np0005651379.novalocal systemd[1]: Finished system activity accounting tool.
Mar 18 23:40:00 np0005651379.novalocal container-server[99867]: ::1 - - [19/Mar/2026:03:40:00 +0000] "PUT /3/97778/AUTH_2c0dd7efa1e94d879bc5da8c6f19a646/gnocchi.f3e2b959-567e-413a-b69f-eb4ad2f97f12/1773360000.0_mean_300.0_v3" 201 - "PUT http://[::1]:8080/2/168790/AUTH_2c0dd7efa1e94d879bc5da8c6f19a646/gnocchi.f3e2b959-567e-413a-b69f-eb4ad2f97f12/1773360000.0_mean_300.0_v3" "tx8f0a772989924f68af993-0069bb7010" "object-server 100256" 0.0007 "-" 99867 0
Mar 18 23:40:00 np0005651379.novalocal container-server[99868]: ::1 - - [19/Mar/2026:03:40:00 +0000] "PUT /1/97778/AUTH_2c0dd7efa1e94d879bc5da8c6f19a646/gnocchi.f3e2b959-567e-413a-b69f-eb4ad2f97f12/1773360000.0_mean_300.0_v3" 201 - "PUT http://[::1]:8080/3/168790/AUTH_2c0dd7efa1e94d879bc5da8c6f19a646/gnocchi.f3e2b959-567e-413a-b69f-eb4ad2f97f12/1773360000.0_mean_300.0_v3" "tx8f0a772989924f68af993-0069bb7010" "object-server 100256" 0.0007 "-" 99868 0
Mar 18 23:40:00 np0005651379.novalocal object-server[100256]: ::1 - - [19/Mar/2026:03:40:00 +0000] "PUT /3/168790/AUTH_2c0dd7efa1e94d879bc5da8c6f19a646/gnocchi.f3e2b959-567e-413a-b69f-eb4ad2f97f12/1773360000.0_mean_300.0_v3" 201 - "PUT https://[::1]:8080/v1/AUTH_2c0dd7efa1e94d879bc5da8c6f19a646/gnocchi.f3e2b959-567e-413a-b69f-eb4ad2f97f12/1773360000.0_mean_300.0_v3" "tx8f0a772989924f68af993-0069bb7010" "proxy-server 101374" 0.0238 "-" 100256 0
Mar 18 23:40:00 np0005651379.novalocal object-server[100256]: ::1 - - [19/Mar/2026:03:40:00 +0000] "PUT /2/168790/AUTH_2c0dd7efa1e94d879bc5da8c6f19a646/gnocchi.f3e2b959-567e-413a-b69f-eb4ad2f97f12/1773360000.0_mean_300.0_v3" 201 - "PUT https://[::1]:8080/v1/AUTH_2c0dd7efa1e94d879bc5da8c6f19a646/gnocchi.f3e2b959-567e-413a-b69f-eb4ad2f97f12/1773360000.0_mean_300.0_v3" "tx8f0a772989924f68af993-0069bb7010" "proxy-server 101374" 0.0302 "-" 100256 0
Mar 18 23:40:00 np0005651379.novalocal proxy-server[101374]: ::1 ::1 19/Mar/2026/03/40/00 PUT /v1/AUTH_2c0dd7efa1e94d879bc5da8c6f19a646/gnocchi.f3e2b959-567e-413a-b69f-eb4ad2f97f12/1773360000.0_mean_300.0_v3 HTTP/1.0 201 - python-swiftclient-4.8.0 gAAAAABpu2_uqf-H... 16 - - tx8f0a772989924f68af993-0069bb7010 - 0.0399 - - 1773891600.033563137 1773891600.073512793 0 e61d2c26cb6146fb88642c1126e377de
Mar 18 23:40:00 np0005651379.novalocal container-server[99868]: ::1 - - [19/Mar/2026:03:40:00 +0000] "PUT /3/97778/AUTH_2c0dd7efa1e94d879bc5da8c6f19a646/gnocchi.f3e2b959-567e-413a-b69f-eb4ad2f97f12/none_v3" 201 - "PUT http://[::1]:8080/2/49291/AUTH_2c0dd7efa1e94d879bc5da8c6f19a646/gnocchi.f3e2b959-567e-413a-b69f-eb4ad2f97f12/none_v3" "tx8b5179a52a5a4f10b6b69-0069bb7010" "object-server 100256" 0.0006 "-" 99868 0
Mar 18 23:40:00 np0005651379.novalocal object-server[100256]: ::1 - - [19/Mar/2026:03:40:00 +0000] "PUT /2/49291/AUTH_2c0dd7efa1e94d879bc5da8c6f19a646/gnocchi.f3e2b959-567e-413a-b69f-eb4ad2f97f12/none_v3" 201 - "PUT https://[::1]:8080/v1/AUTH_2c0dd7efa1e94d879bc5da8c6f19a646/gnocchi.f3e2b959-567e-413a-b69f-eb4ad2f97f12/none_v3" "tx8b5179a52a5a4f10b6b69-0069bb7010" "proxy-server 101374" 0.0160 "-" 100256 0
Mar 18 23:40:00 np0005651379.novalocal container-server[99868]: ::1 - - [19/Mar/2026:03:40:00 +0000] "PUT /1/97778/AUTH_2c0dd7efa1e94d879bc5da8c6f19a646/gnocchi.f3e2b959-567e-413a-b69f-eb4ad2f97f12/none_v3" 201 - "PUT http://[::1]:8080/3/49291/AUTH_2c0dd7efa1e94d879bc5da8c6f19a646/gnocchi.f3e2b959-567e-413a-b69f-eb4ad2f97f12/none_v3" "tx8b5179a52a5a4f10b6b69-0069bb7010" "object-server 100256" 0.0005 "-" 99868 0
Mar 18 23:40:00 np0005651379.novalocal container-server[99867]: ::1 - - [19/Mar/2026:03:40:00 +0000] "PUT /2/97778/AUTH_2c0dd7efa1e94d879bc5da8c6f19a646/gnocchi.f3e2b959-567e-413a-b69f-eb4ad2f97f12/none_v3" 201 - "PUT http://[::1]:8080/1/49291/AUTH_2c0dd7efa1e94d879bc5da8c6f19a646/gnocchi.f3e2b959-567e-413a-b69f-eb4ad2f97f12/none_v3" "tx8b5179a52a5a4f10b6b69-0069bb7010" "object-server 100256" 0.0007 "-" 99867 0
Mar 18 23:40:00 np0005651379.novalocal object-server[100256]: ::1 - - [19/Mar/2026:03:40:00 +0000] "PUT /3/49291/AUTH_2c0dd7efa1e94d879bc5da8c6f19a646/gnocchi.f3e2b959-567e-413a-b69f-eb4ad2f97f12/none_v3" 201 - "PUT https://[::1]:8080/v1/AUTH_2c0dd7efa1e94d879bc5da8c6f19a646/gnocchi.f3e2b959-567e-413a-b69f-eb4ad2f97f12/none_v3" "tx8b5179a52a5a4f10b6b69-0069bb7010" "proxy-server 101374" 0.0203 "-" 100256 0
Mar 18 23:40:00 np0005651379.novalocal object-server[100256]: ::1 - - [19/Mar/2026:03:40:00 +0000] "PUT /1/49291/AUTH_2c0dd7efa1e94d879bc5da8c6f19a646/gnocchi.f3e2b959-567e-413a-b69f-eb4ad2f97f12/none_v3" 201 - "PUT https://[::1]:8080/v1/AUTH_2c0dd7efa1e94d879bc5da8c6f19a646/gnocchi.f3e2b959-567e-413a-b69f-eb4ad2f97f12/none_v3" "tx8b5179a52a5a4f10b6b69-0069bb7010" "proxy-server 101374" 0.0199 "-" 100256 0
Mar 18 23:40:00 np0005651379.novalocal proxy-server[101374]: ::1 ::1 19/Mar/2026/03/40/00 PUT /v1/AUTH_2c0dd7efa1e94d879bc5da8c6f19a646/gnocchi.f3e2b959-567e-413a-b69f-eb4ad2f97f12/none_v3 HTTP/1.0 201 - python-swiftclient-4.8.0 gAAAAABpu2_uqf-H... 22 - - tx8b5179a52a5a4f10b6b69-0069bb7010 - 0.0343 - - 1773891600.080700397 1773891600.114998341 0 e61d2c26cb6146fb88642c1126e377de
Mar 18 23:40:00 np0005651379.novalocal container-server[99867]: ::1 - - [19/Mar/2026:03:40:00 +0000] "HEAD /3/137049/AUTH_2c0dd7efa1e94d879bc5da8c6f19a646/gnocchi.60fe9a10-1916-4c83-a083-87a26b710595" 404 - "HEAD http://[::1]:8080/v1/AUTH_2c0dd7efa1e94d879bc5da8c6f19a646/gnocchi.60fe9a10-1916-4c83-a083-87a26b710595" "txa8990776647347d9ab12e-0069bb7010" "proxy-server 101374" 0.0002 "-" 99867 0
Mar 18 23:40:00 np0005651379.novalocal container-server[99868]: ::1 - - [19/Mar/2026:03:40:00 +0000] "HEAD /1/137049/AUTH_2c0dd7efa1e94d879bc5da8c6f19a646/gnocchi.60fe9a10-1916-4c83-a083-87a26b710595" 404 - "HEAD http://[::1]:8080/v1/AUTH_2c0dd7efa1e94d879bc5da8c6f19a646/gnocchi.60fe9a10-1916-4c83-a083-87a26b710595" "txa8990776647347d9ab12e-0069bb7010" "proxy-server 101374" 0.0004 "-" 99868 0
Mar 18 23:40:00 np0005651379.novalocal container-server[99868]: ::1 - - [19/Mar/2026:03:40:00 +0000] "HEAD /2/137049/AUTH_2c0dd7efa1e94d879bc5da8c6f19a646/gnocchi.60fe9a10-1916-4c83-a083-87a26b710595" 404 - "HEAD http://[::1]:8080/v1/AUTH_2c0dd7efa1e94d879bc5da8c6f19a646/gnocchi.60fe9a10-1916-4c83-a083-87a26b710595" "txa8990776647347d9ab12e-0069bb7010" "proxy-server 101374" 0.0003 "-" 99868 0
Mar 18 23:40:00 np0005651379.novalocal proxy-server[101374]: - - 19/Mar/2026/03/40/00 HEAD /v1/AUTH_2c0dd7efa1e94d879bc5da8c6f19a646/gnocchi.60fe9a10-1916-4c83-a083-87a26b710595 HTTP/1.0 404 - Swift - - - - txa8990776647347d9ab12e-0069bb7010 - 0.0094 CS - 1773891600.127253532 1773891600.136613846 0 -
Mar 18 23:40:00 np0005651379.novalocal object-server[100256]: ::1 - - [19/Mar/2026:03:40:00 +0000] "GET /3/58261/AUTH_2c0dd7efa1e94d879bc5da8c6f19a646/gnocchi.60fe9a10-1916-4c83-a083-87a26b710595/none_v3" 404 70 "GET https://[::1]:8080/v1/AUTH_2c0dd7efa1e94d879bc5da8c6f19a646/gnocchi.60fe9a10-1916-4c83-a083-87a26b710595/none_v3" "txa8990776647347d9ab12e-0069bb7010" "proxy-server 101374" 0.0004 "-" 100256 0
Mar 18 23:40:00 np0005651379.novalocal object-server[100257]: ::1 - - [19/Mar/2026:03:40:00 +0000] "GET /2/58261/AUTH_2c0dd7efa1e94d879bc5da8c6f19a646/gnocchi.60fe9a10-1916-4c83-a083-87a26b710595/none_v3" 404 70 "GET https://[::1]:8080/v1/AUTH_2c0dd7efa1e94d879bc5da8c6f19a646/gnocchi.60fe9a10-1916-4c83-a083-87a26b710595/none_v3" "txa8990776647347d9ab12e-0069bb7010" "proxy-server 101374" 0.0005 "-" 100257 0
Mar 18 23:40:00 np0005651379.novalocal object-server[100256]: ::1 - - [19/Mar/2026:03:40:00 +0000] "GET /1/58261/AUTH_2c0dd7efa1e94d879bc5da8c6f19a646/gnocchi.60fe9a10-1916-4c83-a083-87a26b710595/none_v3" 404 70 "GET https://[::1]:8080/v1/AUTH_2c0dd7efa1e94d879bc5da8c6f19a646/gnocchi.60fe9a10-1916-4c83-a083-87a26b710595/none_v3" "txa8990776647347d9ab12e-0069bb7010" "proxy-server 101374" 0.0003 "-" 100256 0
Mar 18 23:40:00 np0005651379.novalocal proxy-server[101374]: ::1 ::1 19/Mar/2026/03/40/00 GET /v1/AUTH_2c0dd7efa1e94d879bc5da8c6f19a646/gnocchi.60fe9a10-1916-4c83-a083-87a26b710595/none_v3 HTTP/1.0 404 - python-swiftclient-4.8.0 gAAAAABpu2_uqf-H... - 70 - txa8990776647347d9ab12e-0069bb7010 - 0.0248 - - 1773891600.126463652 1773891600.151279211 0 e61d2c26cb6146fb88642c1126e377de
Mar 18 23:40:00 np0005651379.novalocal account-server[99475]: ::1 - - [19/Mar/2026:03:40:00 +0000] "PUT /3/184762/AUTH_2c0dd7efa1e94d879bc5da8c6f19a646/gnocchi.60fe9a10-1916-4c83-a083-87a26b710595" 201 - "PUT http://[::1]:6001/1/137049/AUTH_2c0dd7efa1e94d879bc5da8c6f19a646/gnocchi.60fe9a10-1916-4c83-a083-87a26b710595" "tx6973850a06904d6988cb2-0069bb7010" "container-server 99867" 0.0062 "-" 99475 0
Mar 18 23:40:00 np0005651379.novalocal container-server[99867]: ::1 - - [19/Mar/2026:03:40:00 +0000] "PUT /1/137049/AUTH_2c0dd7efa1e94d879bc5da8c6f19a646/gnocchi.60fe9a10-1916-4c83-a083-87a26b710595" 201 - "PUT https://[::1]:8080/v1/AUTH_2c0dd7efa1e94d879bc5da8c6f19a646/gnocchi.60fe9a10-1916-4c83-a083-87a26b710595" "tx6973850a06904d6988cb2-0069bb7010" "proxy-server 101374" 0.0221 "-" 99867 0
Mar 18 23:40:00 np0005651379.novalocal account-server[99475]: ::1 - - [19/Mar/2026:03:40:00 +0000] "PUT /2/184762/AUTH_2c0dd7efa1e94d879bc5da8c6f19a646/gnocchi.60fe9a10-1916-4c83-a083-87a26b710595" 201 - "PUT http://[::1]:6001/3/137049/AUTH_2c0dd7efa1e94d879bc5da8c6f19a646/gnocchi.60fe9a10-1916-4c83-a083-87a26b710595" "tx6973850a06904d6988cb2-0069bb7010" "container-server 99867" 0.0047 "-" 99475 0
Mar 18 23:40:00 np0005651379.novalocal container-server[99867]: ::1 - - [19/Mar/2026:03:40:00 +0000] "PUT /3/137049/AUTH_2c0dd7efa1e94d879bc5da8c6f19a646/gnocchi.60fe9a10-1916-4c83-a083-87a26b710595" 201 - "PUT https://[::1]:8080/v1/AUTH_2c0dd7efa1e94d879bc5da8c6f19a646/gnocchi.60fe9a10-1916-4c83-a083-87a26b710595" "tx6973850a06904d6988cb2-0069bb7010" "proxy-server 101374" 0.0139 "-" 99867 0
Mar 18 23:40:00 np0005651379.novalocal account-server[99475]: ::1 - - [19/Mar/2026:03:40:00 +0000] "PUT /1/184762/AUTH_2c0dd7efa1e94d879bc5da8c6f19a646/gnocchi.60fe9a10-1916-4c83-a083-87a26b710595" 201 - "PUT http://[::1]:6001/2/137049/AUTH_2c0dd7efa1e94d879bc5da8c6f19a646/gnocchi.60fe9a10-1916-4c83-a083-87a26b710595" "tx6973850a06904d6988cb2-0069bb7010" "container-server 99867" 0.0061 "-" 99475 0
Mar 18 23:40:00 np0005651379.novalocal container-server[99867]: ::1 - - [19/Mar/2026:03:40:00 +0000] "PUT /2/137049/AUTH_2c0dd7efa1e94d879bc5da8c6f19a646/gnocchi.60fe9a10-1916-4c83-a083-87a26b710595" 201 - "PUT https://[::1]:8080/v1/AUTH_2c0dd7efa1e94d879bc5da8c6f19a646/gnocchi.60fe9a10-1916-4c83-a083-87a26b710595" "tx6973850a06904d6988cb2-0069bb7010" "proxy-server 101374" 0.0280 "-" 99867 0
Mar 18 23:40:00 np0005651379.novalocal proxy-server[101374]: ::1 ::1 19/Mar/2026/03/40/00 PUT /v1/AUTH_2c0dd7efa1e94d879bc5da8c6f19a646/gnocchi.60fe9a10-1916-4c83-a083-87a26b710595 HTTP/1.0 201 - python-swiftclient-4.8.0 gAAAAABpu2_uqf-H... - - - tx6973850a06904d6988cb2-0069bb7010 - 0.0441 - - 1773891600.153964520 1773891600.198056459 0 e61d2c26cb6146fb88642c1126e377de
Mar 18 23:40:00 np0005651379.novalocal container-server[99868]: ::1 - - [19/Mar/2026:03:40:00 +0000] "HEAD /3/137049/AUTH_2c0dd7efa1e94d879bc5da8c6f19a646/gnocchi.60fe9a10-1916-4c83-a083-87a26b710595" 204 - "HEAD http://[::1]:8080/v1/AUTH_2c0dd7efa1e94d879bc5da8c6f19a646/gnocchi.60fe9a10-1916-4c83-a083-87a26b710595" "txfec423ba7bb24276a34dc-0069bb7010" "proxy-server 101374" 0.0022 "-" 99868 0
Mar 18 23:40:00 np0005651379.novalocal proxy-server[101374]: - - 19/Mar/2026/03/40/00 HEAD /v1/AUTH_2c0dd7efa1e94d879bc5da8c6f19a646/gnocchi.60fe9a10-1916-4c83-a083-87a26b710595 HTTP/1.0 204 - Swift - - - - txfec423ba7bb24276a34dc-0069bb7010 - 0.0063 CS - 1773891600.204132795 1773891600.210429430 0 -
Mar 18 23:40:00 np0005651379.novalocal container-server[99868]: ::1 - - [19/Mar/2026:03:40:00 +0000] "GET /3/137049/AUTH_2c0dd7efa1e94d879bc5da8c6f19a646/gnocchi.60fe9a10-1916-4c83-a083-87a26b710595" 200 2 "GET https://[::1]:8080/v1/AUTH_2c0dd7efa1e94d879bc5da8c6f19a646/gnocchi.60fe9a10-1916-4c83-a083-87a26b710595?format=json&states=listing" "txfec423ba7bb24276a34dc-0069bb7010" "proxy-server 101374" 0.0031 "-" 99868 0
Mar 18 23:40:00 np0005651379.novalocal proxy-server[101374]: ::1 ::1 19/Mar/2026/03/40/00 GET /v1/AUTH_2c0dd7efa1e94d879bc5da8c6f19a646/gnocchi.60fe9a10-1916-4c83-a083-87a26b710595%3Fformat%3Djson%26states%3Dlisting HTTP/1.0 200 - python-swiftclient-4.8.0 gAAAAABpu2_uqf-H... - 2 - txfec423ba7bb24276a34dc-0069bb7010 - 0.0191 - - 1773891600.203283548 1773891600.222389460 0 e61d2c26cb6146fb88642c1126e377de
Mar 18 23:40:00 np0005651379.novalocal object-server[100257]: ::1 - - [19/Mar/2026:03:40:00 +0000] "GET /3/214807/AUTH_2c0dd7efa1e94d879bc5da8c6f19a646/gnocchi.60fe9a10-1916-4c83-a083-87a26b710595/1773360000.0_mean_300.0_v3" 404 70 "GET https://[::1]:8080/v1/AUTH_2c0dd7efa1e94d879bc5da8c6f19a646/gnocchi.60fe9a10-1916-4c83-a083-87a26b710595/1773360000.0_mean_300.0_v3" "txa0cc3ba2175643e1a95ab-0069bb7010" "proxy-server 101374" 0.0006 "-" 100257 0
Mar 18 23:40:00 np0005651379.novalocal object-server[100257]: ::1 - - [19/Mar/2026:03:40:00 +0000] "GET /1/214807/AUTH_2c0dd7efa1e94d879bc5da8c6f19a646/gnocchi.60fe9a10-1916-4c83-a083-87a26b710595/1773360000.0_mean_300.0_v3" 404 70 "GET https://[::1]:8080/v1/AUTH_2c0dd7efa1e94d879bc5da8c6f19a646/gnocchi.60fe9a10-1916-4c83-a083-87a26b710595/1773360000.0_mean_300.0_v3" "txa0cc3ba2175643e1a95ab-0069bb7010" "proxy-server 101374" 0.0002 "-" 100257 0
Mar 18 23:40:00 np0005651379.novalocal object-server[100257]: ::1 - - [19/Mar/2026:03:40:00 +0000] "GET /2/214807/AUTH_2c0dd7efa1e94d879bc5da8c6f19a646/gnocchi.60fe9a10-1916-4c83-a083-87a26b710595/1773360000.0_mean_300.0_v3" 404 70 "GET https://[::1]:8080/v1/AUTH_2c0dd7efa1e94d879bc5da8c6f19a646/gnocchi.60fe9a10-1916-4c83-a083-87a26b710595/1773360000.0_mean_300.0_v3" "txa0cc3ba2175643e1a95ab-0069bb7010" "proxy-server 101374" 0.0003 "-" 100257 0
Mar 18 23:40:00 np0005651379.novalocal proxy-server[101374]: ::1 ::1 19/Mar/2026/03/40/00 GET /v1/AUTH_2c0dd7efa1e94d879bc5da8c6f19a646/gnocchi.60fe9a10-1916-4c83-a083-87a26b710595/1773360000.0_mean_300.0_v3 HTTP/1.0 404 - python-swiftclient-4.8.0 gAAAAABpu2_uqf-H... - 70 - txa0cc3ba2175643e1a95ab-0069bb7010 - 0.0152 - - 1773891600.226727724 1773891600.241880655 0 e61d2c26cb6146fb88642c1126e377de
Mar 18 23:40:00 np0005651379.novalocal container-server[99868]: ::1 - - [19/Mar/2026:03:40:00 +0000] "PUT /2/137049/AUTH_2c0dd7efa1e94d879bc5da8c6f19a646/gnocchi.60fe9a10-1916-4c83-a083-87a26b710595/1773360000.0_mean_300.0_v3" 201 - "PUT http://[::1]:8080/2/214807/AUTH_2c0dd7efa1e94d879bc5da8c6f19a646/gnocchi.60fe9a10-1916-4c83-a083-87a26b710595/1773360000.0_mean_300.0_v3" "tx26d2feae4c2945c2b0ef7-0069bb7010" "object-server 100257" 0.0007 "-" 99868 0
Mar 18 23:40:00 np0005651379.novalocal object-server[100257]: ::1 - - [19/Mar/2026:03:40:00 +0000] "PUT /2/214807/AUTH_2c0dd7efa1e94d879bc5da8c6f19a646/gnocchi.60fe9a10-1916-4c83-a083-87a26b710595/1773360000.0_mean_300.0_v3" 201 - "PUT https://[::1]:8080/v1/AUTH_2c0dd7efa1e94d879bc5da8c6f19a646/gnocchi.60fe9a10-1916-4c83-a083-87a26b710595/1773360000.0_mean_300.0_v3" "tx26d2feae4c2945c2b0ef7-0069bb7010" "proxy-server 101374" 0.0114 "-" 100257 0
Mar 18 23:40:00 np0005651379.novalocal container-server[99868]: ::1 - - [19/Mar/2026:03:40:00 +0000] "PUT /1/137049/AUTH_2c0dd7efa1e94d879bc5da8c6f19a646/gnocchi.60fe9a10-1916-4c83-a083-87a26b710595/1773360000.0_mean_300.0_v3" 201 - "PUT http://[::1]:8080/3/214807/AUTH_2c0dd7efa1e94d879bc5da8c6f19a646/gnocchi.60fe9a10-1916-4c83-a083-87a26b710595/1773360000.0_mean_300.0_v3" "tx26d2feae4c2945c2b0ef7-0069bb7010" "object-server 100257" 0.0006 "-" 99868 0
Mar 18 23:40:00 np0005651379.novalocal object-server[100257]: ::1 - - [19/Mar/2026:03:40:00 +0000] "PUT /3/214807/AUTH_2c0dd7efa1e94d879bc5da8c6f19a646/gnocchi.60fe9a10-1916-4c83-a083-87a26b710595/1773360000.0_mean_300.0_v3" 201 - "PUT https://[::1]:8080/v1/AUTH_2c0dd7efa1e94d879bc5da8c6f19a646/gnocchi.60fe9a10-1916-4c83-a083-87a26b710595/1773360000.0_mean_300.0_v3" "tx26d2feae4c2945c2b0ef7-0069bb7010" "proxy-server 101374" 0.0154 "-" 100257 0
Mar 18 23:40:00 np0005651379.novalocal container-server[99868]: ::1 - - [19/Mar/2026:03:40:00 +0000] "PUT /3/137049/AUTH_2c0dd7efa1e94d879bc5da8c6f19a646/gnocchi.60fe9a10-1916-4c83-a083-87a26b710595/1773360000.0_mean_300.0_v3" 201 - "PUT http://[::1]:8080/1/214807/AUTH_2c0dd7efa1e94d879bc5da8c6f19a646/gnocchi.60fe9a10-1916-4c83-a083-87a26b710595/1773360000.0_mean_300.0_v3" "tx26d2feae4c2945c2b0ef7-0069bb7010" "object-server 100256" 0.0006 "-" 99868 0
Mar 18 23:40:00 np0005651379.novalocal object-server[100256]: ::1 - - [19/Mar/2026:03:40:00 +0000] "PUT /1/214807/AUTH_2c0dd7efa1e94d879bc5da8c6f19a646/gnocchi.60fe9a10-1916-4c83-a083-87a26b710595/1773360000.0_mean_300.0_v3" 201 - "PUT https://[::1]:8080/v1/AUTH_2c0dd7efa1e94d879bc5da8c6f19a646/gnocchi.60fe9a10-1916-4c83-a083-87a26b710595/1773360000.0_mean_300.0_v3" "tx26d2feae4c2945c2b0ef7-0069bb7010" "proxy-server 101374" 0.0172 "-" 100256 0
Mar 18 23:40:00 np0005651379.novalocal proxy-server[101374]: ::1 ::1 19/Mar/2026/03/40/00 PUT /v1/AUTH_2c0dd7efa1e94d879bc5da8c6f19a646/gnocchi.60fe9a10-1916-4c83-a083-87a26b710595/1773360000.0_mean_300.0_v3 HTTP/1.0 201 - python-swiftclient-4.8.0 gAAAAABpu2_uqf-H... 16 - - tx26d2feae4c2945c2b0ef7-0069bb7010 - 0.0284 - - 1773891600.245663166 1773891600.274089098 0 e61d2c26cb6146fb88642c1126e377de
Mar 18 23:40:00 np0005651379.novalocal container-server[99867]: ::1 - - [19/Mar/2026:03:40:00 +0000] "PUT /2/137049/AUTH_2c0dd7efa1e94d879bc5da8c6f19a646/gnocchi.60fe9a10-1916-4c83-a083-87a26b710595/none_v3" 201 - "PUT http://[::1]:8080/2/58261/AUTH_2c0dd7efa1e94d879bc5da8c6f19a646/gnocchi.60fe9a10-1916-4c83-a083-87a26b710595/none_v3" "txfb7b5458c24f48b9bdf40-0069bb7010" "object-server 100256" 0.0006 "-" 99867 0
Mar 18 23:40:00 np0005651379.novalocal container-server[99868]: ::1 - - [19/Mar/2026:03:40:00 +0000] "PUT /3/137049/AUTH_2c0dd7efa1e94d879bc5da8c6f19a646/gnocchi.60fe9a10-1916-4c83-a083-87a26b710595/none_v3" 201 - "PUT http://[::1]:8080/1/58261/AUTH_2c0dd7efa1e94d879bc5da8c6f19a646/gnocchi.60fe9a10-1916-4c83-a083-87a26b710595/none_v3" "txfb7b5458c24f48b9bdf40-0069bb7010" "object-server 100257" 0.0008 "-" 99868 0
Mar 18 23:40:00 np0005651379.novalocal object-server[100256]: ::1 - - [19/Mar/2026:03:40:00 +0000] "PUT /2/58261/AUTH_2c0dd7efa1e94d879bc5da8c6f19a646/gnocchi.60fe9a10-1916-4c83-a083-87a26b710595/none_v3" 201 - "PUT https://[::1]:8080/v1/AUTH_2c0dd7efa1e94d879bc5da8c6f19a646/gnocchi.60fe9a10-1916-4c83-a083-87a26b710595/none_v3" "txfb7b5458c24f48b9bdf40-0069bb7010" "proxy-server 101374" 0.0138 "-" 100256 0
Mar 18 23:40:00 np0005651379.novalocal object-server[100257]: ::1 - - [19/Mar/2026:03:40:00 +0000] "PUT /1/58261/AUTH_2c0dd7efa1e94d879bc5da8c6f19a646/gnocchi.60fe9a10-1916-4c83-a083-87a26b710595/none_v3" 201 - "PUT https://[::1]:8080/v1/AUTH_2c0dd7efa1e94d879bc5da8c6f19a646/gnocchi.60fe9a10-1916-4c83-a083-87a26b710595/none_v3" "txfb7b5458c24f48b9bdf40-0069bb7010" "proxy-server 101374" 0.0145 "-" 100257 0
Mar 18 23:40:00 np0005651379.novalocal container-server[99868]: ::1 - - [19/Mar/2026:03:40:00 +0000] "PUT /1/137049/AUTH_2c0dd7efa1e94d879bc5da8c6f19a646/gnocchi.60fe9a10-1916-4c83-a083-87a26b710595/none_v3" 201 - "PUT http://[::1]:8080/3/58261/AUTH_2c0dd7efa1e94d879bc5da8c6f19a646/gnocchi.60fe9a10-1916-4c83-a083-87a26b710595/none_v3" "txfb7b5458c24f48b9bdf40-0069bb7010" "object-server 100257" 0.0012 "-" 99868 0
Mar 18 23:40:00 np0005651379.novalocal object-server[100257]: ::1 - - [19/Mar/2026:03:40:00 +0000] "PUT /3/58261/AUTH_2c0dd7efa1e94d879bc5da8c6f19a646/gnocchi.60fe9a10-1916-4c83-a083-87a26b710595/none_v3" 201 - "PUT https://[::1]:8080/v1/AUTH_2c0dd7efa1e94d879bc5da8c6f19a646/gnocchi.60fe9a10-1916-4c83-a083-87a26b710595/none_v3" "txfb7b5458c24f48b9bdf40-0069bb7010" "proxy-server 101374" 0.0151 "-" 100257 0
