Mar 18 23:41:01 np0005651379.novalocal account-server[99475]: ::1 - - [19/Mar/2026:03:41:01 +0000] "PUT /2/184762/AUTH_2c0dd7efa1e94d879bc5da8c6f19a646/gnocchi.89a5a956-f727-4c21-8f2a-ed9d31822730" 201 - "PUT http://[::1]:6001/2/66372/AUTH_2c0dd7efa1e94d879bc5da8c6f19a646/gnocchi.89a5a956-f727-4c21-8f2a-ed9d31822730" "txb21d11ce077b41e6bfcb3-0069bb704d" "container-server 99867" 0.0040 "-" 99475 0
Mar 18 23:41:01 np0005651379.novalocal container-server[99867]: ::1 - - [19/Mar/2026:03:41:01 +0000] "PUT /2/66372/AUTH_2c0dd7efa1e94d879bc5da8c6f19a646/gnocchi.89a5a956-f727-4c21-8f2a-ed9d31822730" 201 - "PUT https://[::1]:8080/v1/AUTH_2c0dd7efa1e94d879bc5da8c6f19a646/gnocchi.89a5a956-f727-4c21-8f2a-ed9d31822730" "txb21d11ce077b41e6bfcb3-0069bb704d" "proxy-server 101374" 0.0150 "-" 99867 0
Mar 18 23:41:01 np0005651379.novalocal account-server[99474]: ::1 - - [19/Mar/2026:03:41:01 +0000] "PUT /3/184762/AUTH_2c0dd7efa1e94d879bc5da8c6f19a646/gnocchi.89a5a956-f727-4c21-8f2a-ed9d31822730" 201 - "PUT http://[::1]:6001/3/66372/AUTH_2c0dd7efa1e94d879bc5da8c6f19a646/gnocchi.89a5a956-f727-4c21-8f2a-ed9d31822730" "txb21d11ce077b41e6bfcb3-0069bb704d" "container-server 99867" 0.0030 "-" 99474 0
Mar 18 23:41:01 np0005651379.novalocal container-server[99867]: ::1 - - [19/Mar/2026:03:41:01 +0000] "PUT /1/66372/AUTH_2c0dd7efa1e94d879bc5da8c6f19a646/gnocchi.89a5a956-f727-4c21-8f2a-ed9d31822730" 201 - "PUT https://[::1]:8080/v1/AUTH_2c0dd7efa1e94d879bc5da8c6f19a646/gnocchi.89a5a956-f727-4c21-8f2a-ed9d31822730" "txb21d11ce077b41e6bfcb3-0069bb704d" "proxy-server 101374" 0.0257 "-" 99867 0
Mar 18 23:41:01 np0005651379.novalocal container-server[99867]: ::1 - - [19/Mar/2026:03:41:01 +0000] "PUT /3/66372/AUTH_2c0dd7efa1e94d879bc5da8c6f19a646/gnocchi.89a5a956-f727-4c21-8f2a-ed9d31822730" 201 - "PUT https://[::1]:8080/v1/AUTH_2c0dd7efa1e94d879bc5da8c6f19a646/gnocchi.89a5a956-f727-4c21-8f2a-ed9d31822730" "txb21d11ce077b41e6bfcb3-0069bb704d" "proxy-server 101374" 0.0504 "-" 99867 0
Mar 18 23:41:01 np0005651379.novalocal proxy-server[101374]: ::1 ::1 19/Mar/2026/03/41/01 PUT /v1/AUTH_2c0dd7efa1e94d879bc5da8c6f19a646/gnocchi.89a5a956-f727-4c21-8f2a-ed9d31822730 HTTP/1.0 201 - python-swiftclient-4.8.0 gAAAAABpu2_uqf-H... - - - txb21d11ce077b41e6bfcb3-0069bb704d - 0.0567 - - 1773891661.329289198 1773891661.385978937 0 e61d2c26cb6146fb88642c1126e377de
Mar 18 23:41:01 np0005651379.novalocal container-server[99867]: ::1 - - [19/Mar/2026:03:41:01 +0000] "HEAD /3/66372/AUTH_2c0dd7efa1e94d879bc5da8c6f19a646/gnocchi.89a5a956-f727-4c21-8f2a-ed9d31822730" 204 - "HEAD http://[::1]:8080/v1/AUTH_2c0dd7efa1e94d879bc5da8c6f19a646/gnocchi.89a5a956-f727-4c21-8f2a-ed9d31822730" "txffeacc4305744491a0065-0069bb704d" "proxy-server 101374" 0.0018 "-" 99867 0
Mar 18 23:41:01 np0005651379.novalocal proxy-server[101374]: - - 19/Mar/2026/03/41/01 HEAD /v1/AUTH_2c0dd7efa1e94d879bc5da8c6f19a646/gnocchi.89a5a956-f727-4c21-8f2a-ed9d31822730 HTTP/1.0 204 - Swift - - - - txffeacc4305744491a0065-0069bb704d - 0.0047 CS - 1773891661.389547586 1773891661.394261837 0 -
Mar 18 23:41:01 np0005651379.novalocal container-server[99867]: ::1 - - [19/Mar/2026:03:41:01 +0000] "GET /2/66372/AUTH_2c0dd7efa1e94d879bc5da8c6f19a646/gnocchi.89a5a956-f727-4c21-8f2a-ed9d31822730" 200 2 "GET https://[::1]:8080/v1/AUTH_2c0dd7efa1e94d879bc5da8c6f19a646/gnocchi.89a5a956-f727-4c21-8f2a-ed9d31822730?format=json&states=listing" "txffeacc4305744491a0065-0069bb704d" "proxy-server 101374" 0.0016 "-" 99867 0
Mar 18 23:41:01 np0005651379.novalocal proxy-server[101374]: ::1 ::1 19/Mar/2026/03/41/01 GET /v1/AUTH_2c0dd7efa1e94d879bc5da8c6f19a646/gnocchi.89a5a956-f727-4c21-8f2a-ed9d31822730%3Fformat%3Djson%26states%3Dlisting HTTP/1.0 200 - python-swiftclient-4.8.0 gAAAAABpu2_uqf-H... - 2 - txffeacc4305744491a0065-0069bb704d - 0.0113 - - 1773891661.389008045 1773891661.400299311 0 e61d2c26cb6146fb88642c1126e377de
Mar 18 23:41:01 np0005651379.novalocal object-server[100257]: ::1 - - [19/Mar/2026:03:41:01 +0000] "GET /1/5601/AUTH_2c0dd7efa1e94d879bc5da8c6f19a646/gnocchi.89a5a956-f727-4c21-8f2a-ed9d31822730/1773360000.0_mean_300.0_v3" 404 70 "GET https://[::1]:8080/v1/AUTH_2c0dd7efa1e94d879bc5da8c6f19a646/gnocchi.89a5a956-f727-4c21-8f2a-ed9d31822730/1773360000.0_mean_300.0_v3" "tx7a6e0cf5f1534a4d8e9a0-0069bb704d" "proxy-server 101374" 0.0006 "-" 100257 0
Mar 18 23:41:01 np0005651379.novalocal object-server[100257]: ::1 - - [19/Mar/2026:03:41:01 +0000] "GET /3/5601/AUTH_2c0dd7efa1e94d879bc5da8c6f19a646/gnocchi.89a5a956-f727-4c21-8f2a-ed9d31822730/1773360000.0_mean_300.0_v3" 404 70 "GET https://[::1]:8080/v1/AUTH_2c0dd7efa1e94d879bc5da8c6f19a646/gnocchi.89a5a956-f727-4c21-8f2a-ed9d31822730/1773360000.0_mean_300.0_v3" "tx7a6e0cf5f1534a4d8e9a0-0069bb704d" "proxy-server 101374" 0.0003 "-" 100257 0
Mar 18 23:41:01 np0005651379.novalocal object-server[100256]: ::1 - - [19/Mar/2026:03:41:01 +0000] "GET /2/5601/AUTH_2c0dd7efa1e94d879bc5da8c6f19a646/gnocchi.89a5a956-f727-4c21-8f2a-ed9d31822730/1773360000.0_mean_300.0_v3" 404 70 "GET https://[::1]:8080/v1/AUTH_2c0dd7efa1e94d879bc5da8c6f19a646/gnocchi.89a5a956-f727-4c21-8f2a-ed9d31822730/1773360000.0_mean_300.0_v3" "tx7a6e0cf5f1534a4d8e9a0-0069bb704d" "proxy-server 101374" 0.0007 "-" 100256 0
Mar 18 23:41:01 np0005651379.novalocal proxy-server[101374]: ::1 ::1 19/Mar/2026/03/41/01 GET /v1/AUTH_2c0dd7efa1e94d879bc5da8c6f19a646/gnocchi.89a5a956-f727-4c21-8f2a-ed9d31822730/1773360000.0_mean_300.0_v3 HTTP/1.0 404 - python-swiftclient-4.8.0 gAAAAABpu2_uqf-H... - 70 - tx7a6e0cf5f1534a4d8e9a0-0069bb704d - 0.0121 - - 1773891661.402585745 1773891661.414679527 0 e61d2c26cb6146fb88642c1126e377de
Mar 18 23:41:01 np0005651379.novalocal container-server[99868]: ::1 - - [19/Mar/2026:03:41:01 +0000] "PUT /3/66372/AUTH_2c0dd7efa1e94d879bc5da8c6f19a646/gnocchi.89a5a956-f727-4c21-8f2a-ed9d31822730/1773360000.0_mean_300.0_v3" 201 - "PUT http://[::1]:8080/1/5601/AUTH_2c0dd7efa1e94d879bc5da8c6f19a646/gnocchi.89a5a956-f727-4c21-8f2a-ed9d31822730/1773360000.0_mean_300.0_v3" "tx904d151f401d483cab3f0-0069bb704d" "object-server 100256" 0.0006 "-" 99868 0
Mar 18 23:41:01 np0005651379.novalocal container-server[99868]: ::1 - - [19/Mar/2026:03:41:01 +0000] "PUT /1/66372/AUTH_2c0dd7efa1e94d879bc5da8c6f19a646/gnocchi.89a5a956-f727-4c21-8f2a-ed9d31822730/1773360000.0_mean_300.0_v3" 201 - "PUT http://[::1]:8080/3/5601/AUTH_2c0dd7efa1e94d879bc5da8c6f19a646/gnocchi.89a5a956-f727-4c21-8f2a-ed9d31822730/1773360000.0_mean_300.0_v3" "tx904d151f401d483cab3f0-0069bb704d" "object-server 100256" 0.0003 "-" 99868 0
Mar 18 23:41:01 np0005651379.novalocal object-server[100256]: ::1 - - [19/Mar/2026:03:41:01 +0000] "PUT /1/5601/AUTH_2c0dd7efa1e94d879bc5da8c6f19a646/gnocchi.89a5a956-f727-4c21-8f2a-ed9d31822730/1773360000.0_mean_300.0_v3" 201 - "PUT https://[::1]:8080/v1/AUTH_2c0dd7efa1e94d879bc5da8c6f19a646/gnocchi.89a5a956-f727-4c21-8f2a-ed9d31822730/1773360000.0_mean_300.0_v3" "tx904d151f401d483cab3f0-0069bb704d" "proxy-server 101374" 0.0142 "-" 100256 0
Mar 18 23:41:01 np0005651379.novalocal object-server[100256]: ::1 - - [19/Mar/2026:03:41:01 +0000] "PUT /3/5601/AUTH_2c0dd7efa1e94d879bc5da8c6f19a646/gnocchi.89a5a956-f727-4c21-8f2a-ed9d31822730/1773360000.0_mean_300.0_v3" 201 - "PUT https://[::1]:8080/v1/AUTH_2c0dd7efa1e94d879bc5da8c6f19a646/gnocchi.89a5a956-f727-4c21-8f2a-ed9d31822730/1773360000.0_mean_300.0_v3" "tx904d151f401d483cab3f0-0069bb704d" "proxy-server 101374" 0.0121 "-" 100256 0
Mar 18 23:41:01 np0005651379.novalocal container-server[99868]: ::1 - - [19/Mar/2026:03:41:01 +0000] "PUT /2/66372/AUTH_2c0dd7efa1e94d879bc5da8c6f19a646/gnocchi.89a5a956-f727-4c21-8f2a-ed9d31822730/1773360000.0_mean_300.0_v3" 201 - "PUT http://[::1]:8080/2/5601/AUTH_2c0dd7efa1e94d879bc5da8c6f19a646/gnocchi.89a5a956-f727-4c21-8f2a-ed9d31822730/1773360000.0_mean_300.0_v3" "tx904d151f401d483cab3f0-0069bb704d" "object-server 100256" 0.0003 "-" 99868 0
Mar 18 23:41:01 np0005651379.novalocal object-server[100256]: ::1 - - [19/Mar/2026:03:41:01 +0000] "PUT /2/5601/AUTH_2c0dd7efa1e94d879bc5da8c6f19a646/gnocchi.89a5a956-f727-4c21-8f2a-ed9d31822730/1773360000.0_mean_300.0_v3" 201 - "PUT https://[::1]:8080/v1/AUTH_2c0dd7efa1e94d879bc5da8c6f19a646/gnocchi.89a5a956-f727-4c21-8f2a-ed9d31822730/1773360000.0_mean_300.0_v3" "tx904d151f401d483cab3f0-0069bb704d" "proxy-server 101374" 0.0230 "-" 100256 0
Mar 18 23:41:01 np0005651379.novalocal proxy-server[101374]: ::1 ::1 19/Mar/2026/03/41/01 PUT /v1/AUTH_2c0dd7efa1e94d879bc5da8c6f19a646/gnocchi.89a5a956-f727-4c21-8f2a-ed9d31822730/1773360000.0_mean_300.0_v3 HTTP/1.0 201 - python-swiftclient-4.8.0 gAAAAABpu2_uqf-H... 16 - - tx904d151f401d483cab3f0-0069bb704d - 0.0302 - - 1773891661.416595459 1773891661.446796656 0 e61d2c26cb6146fb88642c1126e377de
Mar 18 23:41:01 np0005651379.novalocal container-server[99868]: ::1 - - [19/Mar/2026:03:41:01 +0000] "PUT /1/66372/AUTH_2c0dd7efa1e94d879bc5da8c6f19a646/gnocchi.89a5a956-f727-4c21-8f2a-ed9d31822730/none_v3" 201 - "PUT http://[::1]:8080/3/131167/AUTH_2c0dd7efa1e94d879bc5da8c6f19a646/gnocchi.89a5a956-f727-4c21-8f2a-ed9d31822730/none_v3" "tx32162c7e8df7408b8e076-0069bb704d" "object-server 100256" 0.0003 "-" 99868 0
Mar 18 23:41:01 np0005651379.novalocal object-server[100256]: ::1 - - [19/Mar/2026:03:41:01 +0000] "PUT /3/131167/AUTH_2c0dd7efa1e94d879bc5da8c6f19a646/gnocchi.89a5a956-f727-4c21-8f2a-ed9d31822730/none_v3" 201 - "PUT https://[::1]:8080/v1/AUTH_2c0dd7efa1e94d879bc5da8c6f19a646/gnocchi.89a5a956-f727-4c21-8f2a-ed9d31822730/none_v3" "tx32162c7e8df7408b8e076-0069bb704d" "proxy-server 101374" 0.0114 "-" 100256 0
Mar 18 23:41:01 np0005651379.novalocal container-server[99868]: ::1 - - [19/Mar/2026:03:41:01 +0000] "PUT /3/66372/AUTH_2c0dd7efa1e94d879bc5da8c6f19a646/gnocchi.89a5a956-f727-4c21-8f2a-ed9d31822730/none_v3" 201 - "PUT http://[::1]:8080/2/131167/AUTH_2c0dd7efa1e94d879bc5da8c6f19a646/gnocchi.89a5a956-f727-4c21-8f2a-ed9d31822730/none_v3" "tx32162c7e8df7408b8e076-0069bb704d" "object-server 100256" 0.0002 "-" 99868 0
Mar 18 23:41:01 np0005651379.novalocal container-server[99868]: ::1 - - [19/Mar/2026:03:41:01 +0000] "PUT /2/66372/AUTH_2c0dd7efa1e94d879bc5da8c6f19a646/gnocchi.89a5a956-f727-4c21-8f2a-ed9d31822730/none_v3" 201 - "PUT http://[::1]:8080/1/131167/AUTH_2c0dd7efa1e94d879bc5da8c6f19a646/gnocchi.89a5a956-f727-4c21-8f2a-ed9d31822730/none_v3" "tx32162c7e8df7408b8e076-0069bb704d" "object-server 100256" 0.0002 "-" 99868 0
Mar 18 23:41:01 np0005651379.novalocal object-server[100256]: ::1 - - [19/Mar/2026:03:41:01 +0000] "PUT /2/131167/AUTH_2c0dd7efa1e94d879bc5da8c6f19a646/gnocchi.89a5a956-f727-4c21-8f2a-ed9d31822730/none_v3" 201 - "PUT https://[::1]:8080/v1/AUTH_2c0dd7efa1e94d879bc5da8c6f19a646/gnocchi.89a5a956-f727-4c21-8f2a-ed9d31822730/none_v3" "tx32162c7e8df7408b8e076-0069bb704d" "proxy-server 101374" 0.0177 "-" 100256 0
Mar 18 23:41:01 np0005651379.novalocal object-server[100256]: ::1 - - [19/Mar/2026:03:41:01 +0000] "PUT /1/131167/AUTH_2c0dd7efa1e94d879bc5da8c6f19a646/gnocchi.89a5a956-f727-4c21-8f2a-ed9d31822730/none_v3" 201 - "PUT https://[::1]:8080/v1/AUTH_2c0dd7efa1e94d879bc5da8c6f19a646/gnocchi.89a5a956-f727-4c21-8f2a-ed9d31822730/none_v3" "tx32162c7e8df7408b8e076-0069bb704d" "proxy-server 101374" 0.0149 "-" 100256 0
Mar 18 23:41:01 np0005651379.novalocal proxy-server[101374]: ::1 ::1 19/Mar/2026/03/41/01 PUT /v1/AUTH_2c0dd7efa1e94d879bc5da8c6f19a646/gnocchi.89a5a956-f727-4c21-8f2a-ed9d31822730/none_v3 HTTP/1.0 201 - python-swiftclient-4.8.0 gAAAAABpu2_uqf-H... 22 - - tx32162c7e8df7408b8e076-0069bb704d - 0.0242 - - 1773891661.448562384 1773891661.472782850 0 e61d2c26cb6146fb88642c1126e377de
Mar 18 23:41:01 np0005651379.novalocal container-server[99868]: ::1 - - [19/Mar/2026:03:41:01 +0000] "HEAD /2/49061/AUTH_2c0dd7efa1e94d879bc5da8c6f19a646/gnocchi.241c57a5-3121-40f2-83b0-1b3707e6deb1" 404 - "HEAD http://[::1]:8080/v1/AUTH_2c0dd7efa1e94d879bc5da8c6f19a646/gnocchi.241c57a5-3121-40f2-83b0-1b3707e6deb1" "tx5b238a94b18545d9a96d5-0069bb704d" "proxy-server 101374" 0.0002 "-" 99868 0
Mar 18 23:41:01 np0005651379.novalocal container-server[99867]: ::1 - - [19/Mar/2026:03:41:01 +0000] "HEAD /1/49061/AUTH_2c0dd7efa1e94d879bc5da8c6f19a646/gnocchi.241c57a5-3121-40f2-83b0-1b3707e6deb1" 404 - "HEAD http://[::1]:8080/v1/AUTH_2c0dd7efa1e94d879bc5da8c6f19a646/gnocchi.241c57a5-3121-40f2-83b0-1b3707e6deb1" "tx5b238a94b18545d9a96d5-0069bb704d" "proxy-server 101374" 0.0004 "-" 99867 0
Mar 18 23:41:01 np0005651379.novalocal container-server[99868]: ::1 - - [19/Mar/2026:03:41:01 +0000] "HEAD /3/49061/AUTH_2c0dd7efa1e94d879bc5da8c6f19a646/gnocchi.241c57a5-3121-40f2-83b0-1b3707e6deb1" 404 - "HEAD http://[::1]:8080/v1/AUTH_2c0dd7efa1e94d879bc5da8c6f19a646/gnocchi.241c57a5-3121-40f2-83b0-1b3707e6deb1" "tx5b238a94b18545d9a96d5-0069bb704d" "proxy-server 101374" 0.0001 "-" 99868 0
Mar 18 23:41:01 np0005651379.novalocal proxy-server[101374]: - - 19/Mar/2026/03/41/01 HEAD /v1/AUTH_2c0dd7efa1e94d879bc5da8c6f19a646/gnocchi.241c57a5-3121-40f2-83b0-1b3707e6deb1 HTTP/1.0 404 - Swift - - - - tx5b238a94b18545d9a96d5-0069bb704d - 0.0064 CS - 1773891661.480077744 1773891661.486488581 0 -
Mar 18 23:41:01 np0005651379.novalocal object-server[100257]: ::1 - - [19/Mar/2026:03:41:01 +0000] "GET /3/57812/AUTH_2c0dd7efa1e94d879bc5da8c6f19a646/gnocchi.241c57a5-3121-40f2-83b0-1b3707e6deb1/none_v3" 404 70 "GET https://[::1]:8080/v1/AUTH_2c0dd7efa1e94d879bc5da8c6f19a646/gnocchi.241c57a5-3121-40f2-83b0-1b3707e6deb1/none_v3" "tx5b238a94b18545d9a96d5-0069bb704d" "proxy-server 101374" 0.0011 "-" 100257 0
Mar 18 23:41:01 np0005651379.novalocal object-server[100257]: ::1 - - [19/Mar/2026:03:41:01 +0000] "GET /1/57812/AUTH_2c0dd7efa1e94d879bc5da8c6f19a646/gnocchi.241c57a5-3121-40f2-83b0-1b3707e6deb1/none_v3" 404 70 "GET https://[::1]:8080/v1/AUTH_2c0dd7efa1e94d879bc5da8c6f19a646/gnocchi.241c57a5-3121-40f2-83b0-1b3707e6deb1/none_v3" "tx5b238a94b18545d9a96d5-0069bb704d" "proxy-server 101374" 0.0003 "-" 100257 0
Mar 18 23:41:01 np0005651379.novalocal object-server[100257]: ::1 - - [19/Mar/2026:03:41:01 +0000] "GET /2/57812/AUTH_2c0dd7efa1e94d879bc5da8c6f19a646/gnocchi.241c57a5-3121-40f2-83b0-1b3707e6deb1/none_v3" 404 70 "GET https://[::1]:8080/v1/AUTH_2c0dd7efa1e94d879bc5da8c6f19a646/gnocchi.241c57a5-3121-40f2-83b0-1b3707e6deb1/none_v3" "tx5b238a94b18545d9a96d5-0069bb704d" "proxy-server 101374" 0.0003 "-" 100257 0
Mar 18 23:41:01 np0005651379.novalocal proxy-server[101374]: ::1 ::1 19/Mar/2026/03/41/01 GET /v1/AUTH_2c0dd7efa1e94d879bc5da8c6f19a646/gnocchi.241c57a5-3121-40f2-83b0-1b3707e6deb1/none_v3 HTTP/1.0 404 - python-swiftclient-4.8.0 gAAAAABpu2_uqf-H... - 70 - tx5b238a94b18545d9a96d5-0069bb704d - 0.0168 - - 1773891661.479723692 1773891661.496561766 0 e61d2c26cb6146fb88642c1126e377de
Mar 18 23:41:01 np0005651379.novalocal account-server[99475]: ::1 - - [19/Mar/2026:03:41:01 +0000] "PUT /2/184762/AUTH_2c0dd7efa1e94d879bc5da8c6f19a646/gnocchi.241c57a5-3121-40f2-83b0-1b3707e6deb1" 201 - "PUT http://[::1]:6001/1/49061/AUTH_2c0dd7efa1e94d879bc5da8c6f19a646/gnocchi.241c57a5-3121-40f2-83b0-1b3707e6deb1" "tx365c37aa99484ec68e15e-0069bb704d" "container-server 99867" 0.0034 "-" 99475 0
Mar 18 23:41:01 np0005651379.novalocal container-server[99867]: ::1 - - [19/Mar/2026:03:41:01 +0000] "PUT /1/49061/AUTH_2c0dd7efa1e94d879bc5da8c6f19a646/gnocchi.241c57a5-3121-40f2-83b0-1b3707e6deb1" 201 - "PUT https://[::1]:8080/v1/AUTH_2c0dd7efa1e94d879bc5da8c6f19a646/gnocchi.241c57a5-3121-40f2-83b0-1b3707e6deb1" "tx365c37aa99484ec68e15e-0069bb704d" "proxy-server 101374" 0.0203 "-" 99867 0
Mar 18 23:41:01 np0005651379.novalocal account-server[99475]: ::1 - - [19/Mar/2026:03:41:01 +0000] "PUT /3/184762/AUTH_2c0dd7efa1e94d879bc5da8c6f19a646/gnocchi.241c57a5-3121-40f2-83b0-1b3707e6deb1" 201 - "PUT http://[::1]:6001/3/49061/AUTH_2c0dd7efa1e94d879bc5da8c6f19a646/gnocchi.241c57a5-3121-40f2-83b0-1b3707e6deb1" "tx365c37aa99484ec68e15e-0069bb704d" "container-server 99868" 0.0038 "-" 99475 0
Mar 18 23:41:01 np0005651379.novalocal account-server[99474]: ::1 - - [19/Mar/2026:03:41:01 +0000] "PUT /1/184762/AUTH_2c0dd7efa1e94d879bc5da8c6f19a646/gnocchi.241c57a5-3121-40f2-83b0-1b3707e6deb1" 201 - "PUT http://[::1]:6001/2/49061/AUTH_2c0dd7efa1e94d879bc5da8c6f19a646/gnocchi.241c57a5-3121-40f2-83b0-1b3707e6deb1" "tx365c37aa99484ec68e15e-0069bb704d" "container-server 99868" 0.0061 "-" 99474 0
Mar 18 23:41:01 np0005651379.novalocal container-server[99868]: ::1 - - [19/Mar/2026:03:41:01 +0000] "PUT /3/49061/AUTH_2c0dd7efa1e94d879bc5da8c6f19a646/gnocchi.241c57a5-3121-40f2-83b0-1b3707e6deb1" 201 - "PUT https://[::1]:8080/v1/AUTH_2c0dd7efa1e94d879bc5da8c6f19a646/gnocchi.241c57a5-3121-40f2-83b0-1b3707e6deb1" "tx365c37aa99484ec68e15e-0069bb704d" "proxy-server 101374" 0.0164 "-" 99868 0
Mar 18 23:41:01 np0005651379.novalocal container-server[99868]: ::1 - - [19/Mar/2026:03:41:01 +0000] "PUT /2/49061/AUTH_2c0dd7efa1e94d879bc5da8c6f19a646/gnocchi.241c57a5-3121-40f2-83b0-1b3707e6deb1" 201 - "PUT https://[::1]:8080/v1/AUTH_2c0dd7efa1e94d879bc5da8c6f19a646/gnocchi.241c57a5-3121-40f2-83b0-1b3707e6deb1" "tx365c37aa99484ec68e15e-0069bb704d" "proxy-server 101374" 0.0260 "-" 99868 0
Mar 18 23:41:01 np0005651379.novalocal proxy-server[101374]: ::1 ::1 19/Mar/2026/03/41/01 PUT /v1/AUTH_2c0dd7efa1e94d879bc5da8c6f19a646/gnocchi.241c57a5-3121-40f2-83b0-1b3707e6deb1 HTTP/1.0 201 - python-swiftclient-4.8.0 gAAAAABpu2_uqf-H... - - - tx365c37aa99484ec68e15e-0069bb704d - 0.0369 - - 1773891661.500085354 1773891661.536963701 0 e61d2c26cb6146fb88642c1126e377de
Mar 18 23:41:01 np0005651379.novalocal container-server[99867]: ::1 - - [19/Mar/2026:03:41:01 +0000] "HEAD /2/49061/AUTH_2c0dd7efa1e94d879bc5da8c6f19a646/gnocchi.241c57a5-3121-40f2-83b0-1b3707e6deb1" 204 - "HEAD http://[::1]:8080/v1/AUTH_2c0dd7efa1e94d879bc5da8c6f19a646/gnocchi.241c57a5-3121-40f2-83b0-1b3707e6deb1" "tx18add2478f514333bf819-0069bb704d" "proxy-server 101374" 0.0021 "-" 99867 0
Mar 18 23:41:01 np0005651379.novalocal proxy-server[101374]: - - 19/Mar/2026/03/41/01 HEAD /v1/AUTH_2c0dd7efa1e94d879bc5da8c6f19a646/gnocchi.241c57a5-3121-40f2-83b0-1b3707e6deb1 HTTP/1.0 204 - Swift - - - - tx18add2478f514333bf819-0069bb704d - 0.0059 CS - 1773891661.542586803 1773891661.548476696 0 -
Mar 18 23:41:01 np0005651379.novalocal container-server[99867]: ::1 - - [19/Mar/2026:03:41:01 +0000] "GET /2/49061/AUTH_2c0dd7efa1e94d879bc5da8c6f19a646/gnocchi.241c57a5-3121-40f2-83b0-1b3707e6deb1" 200 2 "GET https://[::1]:8080/v1/AUTH_2c0dd7efa1e94d879bc5da8c6f19a646/gnocchi.241c57a5-3121-40f2-83b0-1b3707e6deb1?format=json&states=listing" "tx18add2478f514333bf819-0069bb704d" "proxy-server 101374" 0.0037 "-" 99867 0
Mar 18 23:41:01 np0005651379.novalocal proxy-server[101374]: ::1 ::1 19/Mar/2026/03/41/01 GET /v1/AUTH_2c0dd7efa1e94d879bc5da8c6f19a646/gnocchi.241c57a5-3121-40f2-83b0-1b3707e6deb1%3Fformat%3Djson%26states%3Dlisting HTTP/1.0 200 - python-swiftclient-4.8.0 gAAAAABpu2_uqf-H... - 2 - tx18add2478f514333bf819-0069bb704d - 0.0162 - - 1773891661.542078733 1773891661.558324814 0 e61d2c26cb6146fb88642c1126e377de
Mar 18 23:41:01 np0005651379.novalocal object-server[100256]: ::1 - - [19/Mar/2026:03:41:01 +0000] "GET /3/125728/AUTH_2c0dd7efa1e94d879bc5da8c6f19a646/gnocchi.241c57a5-3121-40f2-83b0-1b3707e6deb1/1773360000.0_mean_300.0_v3" 404 70 "GET https://[::1]:8080/v1/AUTH_2c0dd7efa1e94d879bc5da8c6f19a646/gnocchi.241c57a5-3121-40f2-83b0-1b3707e6deb1/1773360000.0_mean_300.0_v3" "txd5ea12ce98064ec08fe8b-0069bb704d" "proxy-server 101374" 0.0009 "-" 100256 0
Mar 18 23:41:01 np0005651379.novalocal object-server[100257]: ::1 - - [19/Mar/2026:03:41:01 +0000] "GET /1/125728/AUTH_2c0dd7efa1e94d879bc5da8c6f19a646/gnocchi.241c57a5-3121-40f2-83b0-1b3707e6deb1/1773360000.0_mean_300.0_v3" 404 70 "GET https://[::1]:8080/v1/AUTH_2c0dd7efa1e94d879bc5da8c6f19a646/gnocchi.241c57a5-3121-40f2-83b0-1b3707e6deb1/1773360000.0_mean_300.0_v3" "txd5ea12ce98064ec08fe8b-0069bb704d" "proxy-server 101374" 0.0007 "-" 100257 0
Mar 18 23:41:01 np0005651379.novalocal object-server[100256]: ::1 - - [19/Mar/2026:03:41:01 +0000] "GET /2/125728/AUTH_2c0dd7efa1e94d879bc5da8c6f19a646/gnocchi.241c57a5-3121-40f2-83b0-1b3707e6deb1/1773360000.0_mean_300.0_v3" 404 70 "GET https://[::1]:8080/v1/AUTH_2c0dd7efa1e94d879bc5da8c6f19a646/gnocchi.241c57a5-3121-40f2-83b0-1b3707e6deb1/1773360000.0_mean_300.0_v3" "txd5ea12ce98064ec08fe8b-0069bb704d" "proxy-server 101374" 0.0004 "-" 100256 0
Mar 18 23:41:01 np0005651379.novalocal proxy-server[101374]: ::1 ::1 19/Mar/2026/03/41/01 GET /v1/AUTH_2c0dd7efa1e94d879bc5da8c6f19a646/gnocchi.241c57a5-3121-40f2-83b0-1b3707e6deb1/1773360000.0_mean_300.0_v3 HTTP/1.0 404 - python-swiftclient-4.8.0 gAAAAABpu2_uqf-H... - 70 - txd5ea12ce98064ec08fe8b-0069bb704d - 0.0140 - - 1773891661.562297583 1773891661.576262236 0 e61d2c26cb6146fb88642c1126e377de
Mar 18 23:41:01 np0005651379.novalocal container-server[99868]: ::1 - - [19/Mar/2026:03:41:01 +0000] "PUT /1/49061/AUTH_2c0dd7efa1e94d879bc5da8c6f19a646/gnocchi.241c57a5-3121-40f2-83b0-1b3707e6deb1/1773360000.0_mean_300.0_v3" 201 - "PUT http://[::1]:8080/3/125728/AUTH_2c0dd7efa1e94d879bc5da8c6f19a646/gnocchi.241c57a5-3121-40f2-83b0-1b3707e6deb1/1773360000.0_mean_300.0_v3" "tx04049e628ace46ddb704c-0069bb704d" "object-server 100257" 0.0007 "-" 99868 0
Mar 18 23:41:01 np0005651379.novalocal object-server[100257]: ::1 - - [19/Mar/2026:03:41:01 +0000] "PUT /3/125728/AUTH_2c0dd7efa1e94d879bc5da8c6f19a646/gnocchi.241c57a5-3121-40f2-83b0-1b3707e6deb1/1773360000.0_mean_300.0_v3" 201 - "PUT https://[::1]:8080/v1/AUTH_2c0dd7efa1e94d879bc5da8c6f19a646/gnocchi.241c57a5-3121-40f2-83b0-1b3707e6deb1/1773360000.0_mean_300.0_v3" "tx04049e628ace46ddb704c-0069bb704d" "proxy-server 101374" 0.0138 "-" 100257 0
Mar 18 23:41:01 np0005651379.novalocal container-server[99867]: ::1 - - [19/Mar/2026:03:41:01 +0000] "PUT /2/49061/AUTH_2c0dd7efa1e94d879bc5da8c6f19a646/gnocchi.241c57a5-3121-40f2-83b0-1b3707e6deb1/1773360000.0_mean_300.0_v3" 201 - "PUT http://[::1]:8080/1/125728/AUTH_2c0dd7efa1e94d879bc5da8c6f19a646/gnocchi.241c57a5-3121-40f2-83b0-1b3707e6deb1/1773360000.0_mean_300.0_v3" "tx04049e628ace46ddb704c-0069bb704d" "object-server 100256" 0.0011 "-" 99867 0
Mar 18 23:41:01 np0005651379.novalocal object-server[100256]: ::1 - - [19/Mar/2026:03:41:01 +0000] "PUT /1/125728/AUTH_2c0dd7efa1e94d879bc5da8c6f19a646/gnocchi.241c57a5-3121-40f2-83b0-1b3707e6deb1/1773360000.0_mean_300.0_v3" 201 - "PUT https://[::1]:8080/v1/AUTH_2c0dd7efa1e94d879bc5da8c6f19a646/gnocchi.241c57a5-3121-40f2-83b0-1b3707e6deb1/1773360000.0_mean_300.0_v3" "tx04049e628ace46ddb704c-0069bb704d" "proxy-server 101374" 0.0149 "-" 100256 0
Mar 18 23:41:01 np0005651379.novalocal container-server[99867]: ::1 - - [19/Mar/2026:03:41:01 +0000] "PUT /3/49061/AUTH_2c0dd7efa1e94d879bc5da8c6f19a646/gnocchi.241c57a5-3121-40f2-83b0-1b3707e6deb1/1773360000.0_mean_300.0_v3" 201 - "PUT http://[::1]:8080/2/125728/AUTH_2c0dd7efa1e94d879bc5da8c6f19a646/gnocchi.241c57a5-3121-40f2-83b0-1b3707e6deb1/1773360000.0_mean_300.0_v3" "tx04049e628ace46ddb704c-0069bb704d" "object-server 100257" 0.0010 "-" 99867 0
Mar 18 23:41:01 np0005651379.novalocal object-server[100257]: ::1 - - [19/Mar/2026:03:41:01 +0000] "PUT /2/125728/AUTH_2c0dd7efa1e94d879bc5da8c6f19a646/gnocchi.241c57a5-3121-40f2-83b0-1b3707e6deb1/1773360000.0_mean_300.0_v3" 201 - "PUT https://[::1]:8080/v1/AUTH_2c0dd7efa1e94d879bc5da8c6f19a646/gnocchi.241c57a5-3121-40f2-83b0-1b3707e6deb1/1773360000.0_mean_300.0_v3" "tx04049e628ace46ddb704c-0069bb704d" "proxy-server 101374" 0.0158 "-" 100257 0
Mar 18 23:41:01 np0005651379.novalocal proxy-server[101374]: ::1 ::1 19/Mar/2026/03/41/01 PUT /v1/AUTH_2c0dd7efa1e94d879bc5da8c6f19a646/gnocchi.241c57a5-3121-40f2-83b0-1b3707e6deb1/1773360000.0_mean_300.0_v3 HTTP/1.0 201 - python-swiftclient-4.8.0 gAAAAABpu2_uqf-H... 16 - - tx04049e628ace46ddb704c-0069bb704d - 0.0240 - - 1773891661.579444170 1773891661.603401184 0 e61d2c26cb6146fb88642c1126e377de
Mar 18 23:41:01 np0005651379.novalocal container-server[99868]: ::1 - - [19/Mar/2026:03:41:01 +0000] "PUT /1/49061/AUTH_2c0dd7efa1e94d879bc5da8c6f19a646/gnocchi.241c57a5-3121-40f2-83b0-1b3707e6deb1/none_v3" 201 - "PUT http://[::1]:8080/1/57812/AUTH_2c0dd7efa1e94d879bc5da8c6f19a646/gnocchi.241c57a5-3121-40f2-83b0-1b3707e6deb1/none_v3" "txdd6f54420073458b8160d-0069bb704d" "object-server 100257" 0.0004 "-" 99868 0
Mar 18 23:41:01 np0005651379.novalocal object-server[100257]: ::1 - - [19/Mar/2026:03:41:01 +0000] "PUT /1/57812/AUTH_2c0dd7efa1e94d879bc5da8c6f19a646/gnocchi.241c57a5-3121-40f2-83b0-1b3707e6deb1/none_v3" 201 - "PUT https://[::1]:8080/v1/AUTH_2c0dd7efa1e94d879bc5da8c6f19a646/gnocchi.241c57a5-3121-40f2-83b0-1b3707e6deb1/none_v3" "txdd6f54420073458b8160d-0069bb704d" "proxy-server 101374" 0.0102 "-" 100257 0
Mar 18 23:41:01 np0005651379.novalocal container-server[99868]: ::1 - - [19/Mar/2026:03:41:01 +0000] "PUT /3/49061/AUTH_2c0dd7efa1e94d879bc5da8c6f19a646/gnocchi.241c57a5-3121-40f2-83b0-1b3707e6deb1/none_v3" 201 - "PUT http://[::1]:8080/3/57812/AUTH_2c0dd7efa1e94d879bc5da8c6f19a646/gnocchi.241c57a5-3121-40f2-83b0-1b3707e6deb1/none_v3" "txdd6f54420073458b8160d-0069bb704d" "object-server 100256" 0.0003 "-" 99868 0
Mar 18 23:41:01 np0005651379.novalocal object-server[100256]: ::1 - - [19/Mar/2026:03:41:01 +0000] "PUT /3/57812/AUTH_2c0dd7efa1e94d879bc5da8c6f19a646/gnocchi.241c57a5-3121-40f2-83b0-1b3707e6deb1/none_v3" 201 - "PUT https://[::1]:8080/v1/AUTH_2c0dd7efa1e94d879bc5da8c6f19a646/gnocchi.241c57a5-3121-40f2-83b0-1b3707e6deb1/none_v3" "txdd6f54420073458b8160d-0069bb704d" "proxy-server 101374" 0.0131 "-" 100256 0
Mar 18 23:41:01 np0005651379.novalocal container-server[99867]: ::1 - - [19/Mar/2026:03:41:01 +0000] "PUT /2/49061/AUTH_2c0dd7efa1e94d879bc5da8c6f19a646/gnocchi.241c57a5-3121-40f2-83b0-1b3707e6deb1/none_v3" 201 - "PUT http://[::1]:8080/2/57812/AUTH_2c0dd7efa1e94d879bc5da8c6f19a646/gnocchi.241c57a5-3121-40f2-83b0-1b3707e6deb1/none_v3" "txdd6f54420073458b8160d-0069bb704d" "object-server 100256" 0.0008 "-" 99867 0
Mar 18 23:41:01 np0005651379.novalocal object-server[100256]: ::1 - - [19/Mar/2026:03:41:01 +0000] "PUT /2/57812/AUTH_2c0dd7efa1e94d879bc5da8c6f19a646/gnocchi.241c57a5-3121-40f2-83b0-1b3707e6deb1/none_v3" 201 - "PUT https://[::1]:8080/v1/AUTH_2c0dd7efa1e94d879bc5da8c6f19a646/gnocchi.241c57a5-3121-40f2-83b0-1b3707e6deb1/none_v3" "txdd6f54420073458b8160d-0069bb704d" "proxy-server 101374" 0.0124 "-" 100256 0
Mar 18 23:41:01 np0005651379.novalocal proxy-server[101374]: ::1 ::1 19/Mar/2026/03/41/01 PUT /v1/AUTH_2c0dd7efa1e94d879bc5da8c6f19a646/gnocchi.241c57a5-3121-40f2-83b0-1b3707e6deb1/none_v3 HTTP/1.0 201 - python-swiftclient-4.8.0 gAAAAABpu2_uqf-H... 22 - - txdd6f54420073458b8160d-0069bb704d - 0.0205 - - 1773891661.606371164 1773891661.626905918 0 e61d2c26cb6146fb88642c1126e377de
Mar 18 23:41:01 np0005651379.novalocal container-server[99867]: ::1 - - [19/Mar/2026:03:41:01 +0000] "HEAD /2/256394/AUTH_2c0dd7efa1e94d879bc5da8c6f19a646/gnocchi.5db6022b-fb34-49b2-8b46-689411f9e6bb" 204 - "HEAD http://[::1]:8080/v1/AUTH_2c0dd7efa1e94d879bc5da8c6f19a646/gnocchi.5db6022b-fb34-49b2-8b46-689411f9e6bb" "txecb79d4f41a24d3b81233-0069bb704d" "proxy-server 101374" 0.0023 "-" 99867 0
Mar 18 23:41:01 np0005651379.novalocal proxy-server[101374]: - - 19/Mar/2026/03/41/01 HEAD /v1/AUTH_2c0dd7efa1e94d879bc5da8c6f19a646/gnocchi.5db6022b-fb34-49b2-8b46-689411f9e6bb HTTP/1.0 204 - Swift - - - - txecb79d4f41a24d3b81233-0069bb704d - 0.0069 CS - 1773891661.655923128 1773891661.662805080 0 -
Mar 18 23:41:01 np0005651379.novalocal object-server[100257]: ::1 - - [19/Mar/2026:03:41:01 +0000] "GET /3/142796/AUTH_2c0dd7efa1e94d879bc5da8c6f19a646/gnocchi.5db6022b-fb34-49b2-8b46-689411f9e6bb/none_v3" 200 22 "GET https://[::1]:8080/v1/AUTH_2c0dd7efa1e94d879bc5da8c6f19a646/gnocchi.5db6022b-fb34-49b2-8b46-689411f9e6bb/none_v3" "txecb79d4f41a24d3b81233-0069bb704d" "proxy-server 101374" 0.0010 "-" 100257 0
Mar 18 23:41:01 np0005651379.novalocal proxy-server[101374]: ::1 ::1 19/Mar/2026/03/41/01 GET /v1/AUTH_2c0dd7efa1e94d879bc5da8c6f19a646/gnocchi.5db6022b-fb34-49b2-8b46-689411f9e6bb/none_v3 HTTP/1.0 200 - python-swiftclient-4.8.0 gAAAAABpu2_uqf-H... - 22 - txecb79d4f41a24d3b81233-0069bb704d - 0.0173 - - 1773891661.655427217 1773891661.672745943 0 e61d2c26cb6146fb88642c1126e377de
Mar 18 23:41:01 np0005651379.novalocal container-server[99868]: ::1 - - [19/Mar/2026:03:41:01 +0000] "GET /1/256394/AUTH_2c0dd7efa1e94d879bc5da8c6f19a646/gnocchi.5db6022b-fb34-49b2-8b46-689411f9e6bb" 200 357 "GET https://[::1]:8080/v1/AUTH_2c0dd7efa1e94d879bc5da8c6f19a646/gnocchi.5db6022b-fb34-49b2-8b46-689411f9e6bb?format=json&states=listing" "txd65ab67d2e744bf3910da-0069bb704d" "proxy-server 101374" 0.0037 "-" 99868 0
Mar 18 23:41:01 np0005651379.novalocal proxy-server[101374]: ::1 ::1 19/Mar/2026/03/41/01 GET /v1/AUTH_2c0dd7efa1e94d879bc5da8c6f19a646/gnocchi.5db6022b-fb34-49b2-8b46-689411f9e6bb%3Fformat%3Djson%26states%3Dlisting HTTP/1.0 200 - python-swiftclient-4.8.0 gAAAAABpu2_uqf-H... - 357 - txd65ab67d2e744bf3910da-0069bb704d - 0.0132 - - 1773891661.677470446 1773891661.690660954 0 e61d2c26cb6146fb88642c1126e377de
Mar 18 23:41:01 np0005651379.novalocal container-server[99867]: ::1 - - [19/Mar/2026:03:41:01 +0000] "GET /1/256394/AUTH_2c0dd7efa1e94d879bc5da8c6f19a646/gnocchi.5db6022b-fb34-49b2-8b46-689411f9e6bb" 200 2 "GET https://[::1]:8080/v1/AUTH_2c0dd7efa1e94d879bc5da8c6f19a646/gnocchi.5db6022b-fb34-49b2-8b46-689411f9e6bb?format=json&marker=none_v3&states=listing" "tx74bf14be569146c18d984-0069bb704d" "proxy-server 101374" 0.0037 "-" 99867 0
Mar 18 23:41:01 np0005651379.novalocal proxy-server[101374]: ::1 ::1 19/Mar/2026/03/41/01 GET /v1/AUTH_2c0dd7efa1e94d879bc5da8c6f19a646/gnocchi.5db6022b-fb34-49b2-8b46-689411f9e6bb%3Fformat%3Djson%26marker%3Dnone_v3%26states%3Dlisting HTTP/1.0 200 - python-swiftclient-4.8.0 gAAAAABpu2_uqf-H... - 2 - tx74bf14be569146c18d984-0069bb704d - 0.0127 - - 1773891661.694087982 1773891661.706798553 0 e61d2c26cb6146fb88642c1126e377de
Mar 18 23:41:01 np0005651379.novalocal object-server[100257]: ::1 - - [19/Mar/2026:03:41:01 +0000] "GET /1/183751/AUTH_2c0dd7efa1e94d879bc5da8c6f19a646/gnocchi.5db6022b-fb34-49b2-8b46-689411f9e6bb/1773360000.0_mean_300.0_v3" 200 16 "GET https://[::1]:8080/v1/AUTH_2c0dd7efa1e94d879bc5da8c6f19a646/gnocchi.5db6022b-fb34-49b2-8b46-689411f9e6bb/1773360000.0_mean_300.0_v3" "txd1f93d77ed1b46e0aa378-0069bb704d" "proxy-server 101374" 0.0009 "-" 100257 0
Mar 18 23:41:01 np0005651379.novalocal proxy-server[101374]: ::1 ::1 19/Mar/2026/03/41/01 GET /v1/AUTH_2c0dd7efa1e94d879bc5da8c6f19a646/gnocchi.5db6022b-fb34-49b2-8b46-689411f9e6bb/1773360000.0_mean_300.0_v3 HTTP/1.0 200 - python-swiftclient-4.8.0 gAAAAABpu2_uqf-H... - 16 - txd1f93d77ed1b46e0aa378-0069bb704d - 0.0096 - - 1773891661.711869240 1773891661.721482038 0 e61d2c26cb6146fb88642c1126e377de
Mar 18 23:41:01 np0005651379.novalocal object-server[100256]: ::1 - - [19/Mar/2026:03:41:01 +0000] "GET /2/200232/AUTH_2c0dd7efa1e94d879bc5da8c6f19a646/gnocchi.5db6022b-fb34-49b2-8b46-689411f9e6bb/1773360000.0_rate%3Amean_300.0_v3" 404 70 "GET https://[::1]:8080/v1/AUTH_2c0dd7efa1e94d879bc5da8c6f19a646/gnocchi.5db6022b-fb34-49b2-8b46-689411f9e6bb/1773360000.0_rate%3Amean_300.0_v3" "tx190e78d3a50a4fccb89b6-0069bb704d" "proxy-server 101374" 0.0007 "-" 100256 0
Mar 18 23:41:01 np0005651379.novalocal object-server[100256]: ::1 - - [19/Mar/2026:03:41:01 +0000] "GET /3/200232/AUTH_2c0dd7efa1e94d879bc5da8c6f19a646/gnocchi.5db6022b-fb34-49b2-8b46-689411f9e6bb/1773360000.0_rate%3Amean_300.0_v3" 404 70 "GET https://[::1]:8080/v1/AUTH_2c0dd7efa1e94d879bc5da8c6f19a646/gnocchi.5db6022b-fb34-49b2-8b46-689411f9e6bb/1773360000.0_rate%3Amean_300.0_v3" "tx190e78d3a50a4fccb89b6-0069bb704d" "proxy-server 101374" 0.0003 "-" 100256 0
Mar 18 23:41:01 np0005651379.novalocal object-server[100256]: ::1 - - [19/Mar/2026:03:41:01 +0000] "GET /1/200232/AUTH_2c0dd7efa1e94d879bc5da8c6f19a646/gnocchi.5db6022b-fb34-49b2-8b46-689411f9e6bb/1773360000.0_rate%3Amean_300.0_v3" 404 70 "GET https://[::1]:8080/v1/AUTH_2c0dd7efa1e94d879bc5da8c6f19a646/gnocchi.5db6022b-fb34-49b2-8b46-689411f9e6bb/1773360000.0_rate%3Amean_300.0_v3" "tx190e78d3a50a4fccb89b6-0069bb704d" "proxy-server 101374" 0.0004 "-" 100256 0
Mar 18 23:41:01 np0005651379.novalocal proxy-server[101374]: ::1 ::1 19/Mar/2026/03/41/01 GET /v1/AUTH_2c0dd7efa1e94d879bc5da8c6f19a646/gnocchi.5db6022b-fb34-49b2-8b46-689411f9e6bb/1773360000.0_rate%253Amean_300.0_v3 HTTP/1.0 404 - python-swiftclient-4.8.0 gAAAAABpu2_uqf-H... - 70 - tx190e78d3a50a4fccb89b6-0069bb704d - 0.0151 - - 1773891661.725036144 1773891661.740185261 0 e61d2c26cb6146fb88642c1126e377de
Mar 18 23:41:01 np0005651379.novalocal container-server[99868]: ::1 - - [19/Mar/2026:03:41:01 +0000] "PUT /2/256394/AUTH_2c0dd7efa1e94d879bc5da8c6f19a646/gnocchi.5db6022b-fb34-49b2-8b46-689411f9e6bb/1773360000.0_mean_300.0_v3" 201 - "PUT http://[::1]:8080/1/183751/AUTH_2c0dd7efa1e94d879bc5da8c6f19a646/gnocchi.5db6022b-fb34-49b2-8b46-689411f9e6bb/1773360000.0_mean_300.0_v3" "txa340cd9d15eb459eb207f-0069bb704d" "object-server 100257" 0.0009 "-" 99868 0
Mar 18 23:41:01 np0005651379.novalocal object-server[100257]: ::1 - - [19/Mar/2026:03:41:01 +0000] "PUT /1/183751/AUTH_2c0dd7efa1e94d879bc5da8c6f19a646/gnocchi.5db6022b-fb34-49b2-8b46-689411f9e6bb/1773360000.0_mean_300.0_v3" 201 - "PUT https://[::1]:8080/v1/AUTH_2c0dd7efa1e94d879bc5da8c6f19a646/gnocchi.5db6022b-fb34-49b2-8b46-689411f9e6bb/1773360000.0_mean_300.0_v3" "txa340cd9d15eb459eb207f-0069bb704d" "proxy-server 101374" 0.0140 "-" 100257 0
Mar 18 23:41:01 np0005651379.novalocal container-server[99868]: ::1 - - [19/Mar/2026:03:41:01 +0000] "PUT /1/256394/AUTH_2c0dd7efa1e94d879bc5da8c6f19a646/gnocchi.5db6022b-fb34-49b2-8b46-689411f9e6bb/1773360000.0_mean_300.0_v3" 201 - "PUT http://[::1]:8080/2/183751/AUTH_2c0dd7efa1e94d879bc5da8c6f19a646/gnocchi.5db6022b-fb34-49b2-8b46-689411f9e6bb/1773360000.0_mean_300.0_v3" "txa340cd9d15eb459eb207f-0069bb704d" "object-server 100256" 0.0006 "-" 99868 0
Mar 18 23:41:01 np0005651379.novalocal object-server[100256]: ::1 - - [19/Mar/2026:03:41:01 +0000] "PUT /2/183751/AUTH_2c0dd7efa1e94d879bc5da8c6f19a646/gnocchi.5db6022b-fb34-49b2-8b46-689411f9e6bb/1773360000.0_mean_300.0_v3" 201 - "PUT https://[::1]:8080/v1/AUTH_2c0dd7efa1e94d879bc5da8c6f19a646/gnocchi.5db6022b-fb34-49b2-8b46-689411f9e6bb/1773360000.0_mean_300.0_v3" "txa340cd9d15eb459eb207f-0069bb704d" "proxy-server 101374" 0.0163 "-" 100256 0
Mar 18 23:41:01 np0005651379.novalocal container-server[99868]: ::1 - - [19/Mar/2026:03:41:01 +0000] "PUT /3/256394/AUTH_2c0dd7efa1e94d879bc5da8c6f19a646/gnocchi.5db6022b-fb34-49b2-8b46-689411f9e6bb/1773360000.0_mean_300.0_v3" 201 - "PUT http://[::1]:8080/3/183751/AUTH_2c0dd7efa1e94d879bc5da8c6f19a646/gnocchi.5db6022b-fb34-49b2-8b46-689411f9e6bb/1773360000.0_mean_300.0_v3" "txa340cd9d15eb459eb207f-0069bb704d" "object-server 100256" 0.0007 "-" 99868 0
Mar 18 23:41:01 np0005651379.novalocal object-server[100256]: ::1 - - [19/Mar/2026:03:41:01 +0000] "PUT /3/183751/AUTH_2c0dd7efa1e94d879bc5da8c6f19a646/gnocchi.5db6022b-fb34-49b2-8b46-689411f9e6bb/1773360000.0_mean_300.0_v3" 201 - "PUT https://[::1]:8080/v1/AUTH_2c0dd7efa1e94d879bc5da8c6f19a646/gnocchi.5db6022b-fb34-49b2-8b46-689411f9e6bb/1773360000.0_mean_300.0_v3" "txa340cd9d15eb459eb207f-0069bb704d" "proxy-server 101374" 0.0159 "-" 100256 0
Mar 18 23:41:01 np0005651379.novalocal proxy-server[101374]: ::1 ::1 19/Mar/2026/03/41/01 PUT /v1/AUTH_2c0dd7efa1e94d879bc5da8c6f19a646/gnocchi.5db6022b-fb34-49b2-8b46-689411f9e6bb/1773360000.0_mean_300.0_v3 HTTP/1.0 201 - python-swiftclient-4.8.0 gAAAAABpu2_uqf-H... 24 - - txa340cd9d15eb459eb207f-0069bb704d - 0.0281 - - 1773891661.744182348 1773891661.772247553 0 e61d2c26cb6146fb88642c1126e377de
Mar 18 23:41:01 np0005651379.novalocal container-server[99867]: ::1 - - [19/Mar/2026:03:41:01 +0000] "PUT /2/256394/AUTH_2c0dd7efa1e94d879bc5da8c6f19a646/gnocchi.5db6022b-fb34-49b2-8b46-689411f9e6bb/1773360000.0_rate%3Amean_300.0_v3" 201 - "PUT http://[::1]:8080/1/200232/AUTH_2c0dd7efa1e94d879bc5da8c6f19a646/gnocchi.5db6022b-fb34-49b2-8b46-689411f9e6bb/1773360000.0_rate%3Amean_300.0_v3" "txc78161a3b6aa450c9fe6f-0069bb704d" "object-server 100256" 0.0009 "-" 99867 0
Mar 18 23:41:01 np0005651379.novalocal container-server[99868]: ::1 - - [19/Mar/2026:03:41:01 +0000] "PUT /1/256394/AUTH_2c0dd7efa1e94d879bc5da8c6f19a646/gnocchi.5db6022b-fb34-49b2-8b46-689411f9e6bb/1773360000.0_rate%3Amean_300.0_v3" 201 - "PUT http://[::1]:8080/2/200232/AUTH_2c0dd7efa1e94d879bc5da8c6f19a646/gnocchi.5db6022b-fb34-49b2-8b46-689411f9e6bb/1773360000.0_rate%3Amean_300.0_v3" "txc78161a3b6aa450c9fe6f-0069bb704d" "object-server 100257" 0.0005 "-" 99868 0
Mar 18 23:41:01 np0005651379.novalocal object-server[100256]: ::1 - - [19/Mar/2026:03:41:01 +0000] "PUT /1/200232/AUTH_2c0dd7efa1e94d879bc5da8c6f19a646/gnocchi.5db6022b-fb34-49b2-8b46-689411f9e6bb/1773360000.0_rate%3Amean_300.0_v3" 201 - "PUT https://[::1]:8080/v1/AUTH_2c0dd7efa1e94d879bc5da8c6f19a646/gnocchi.5db6022b-fb34-49b2-8b46-689411f9e6bb/1773360000.0_rate%3Amean_300.0_v3" "txc78161a3b6aa450c9fe6f-0069bb704d" "proxy-server 101374" 0.0151 "-" 100256 0
Mar 18 23:41:01 np0005651379.novalocal object-server[100257]: ::1 - - [19/Mar/2026:03:41:01 +0000] "PUT /2/200232/AUTH_2c0dd7efa1e94d879bc5da8c6f19a646/gnocchi.5db6022b-fb34-49b2-8b46-689411f9e6bb/1773360000.0_rate%3Amean_300.0_v3" 201 - "PUT https://[::1]:8080/v1/AUTH_2c0dd7efa1e94d879bc5da8c6f19a646/gnocchi.5db6022b-fb34-49b2-8b46-689411f9e6bb/1773360000.0_rate%3Amean_300.0_v3" "txc78161a3b6aa450c9fe6f-0069bb704d" "proxy-server 101374" 0.0153 "-" 100257 0
Mar 18 23:41:01 np0005651379.novalocal container-server[99867]: ::1 - - [19/Mar/2026:03:41:01 +0000] "PUT /3/256394/AUTH_2c0dd7efa1e94d879bc5da8c6f19a646/gnocchi.5db6022b-fb34-49b2-8b46-689411f9e6bb/1773360000.0_rate%3Amean_300.0_v3" 201 - "PUT http://[::1]:8080/3/200232/AUTH_2c0dd7efa1e94d879bc5da8c6f19a646/gnocchi.5db6022b-fb34-49b2-8b46-689411f9e6bb/1773360000.0_rate%3Amean_300.0_v3" "txc78161a3b6aa450c9fe6f-0069bb704d" "object-server 100257" 0.0009 "-" 99867 0
Mar 18 23:41:01 np0005651379.novalocal object-server[100257]: ::1 - - [19/Mar/2026:03:41:01 +0000] "PUT /3/200232/AUTH_2c0dd7efa1e94d879bc5da8c6f19a646/gnocchi.5db6022b-fb34-49b2-8b46-689411f9e6bb/1773360000.0_rate%3Amean_300.0_v3" 201 - "PUT https://[::1]:8080/v1/AUTH_2c0dd7efa1e94d879bc5da8c6f19a646/gnocchi.5db6022b-fb34-49b2-8b46-689411f9e6bb/1773360000.0_rate%3Amean_300.0_v3" "txc78161a3b6aa450c9fe6f-0069bb704d" "proxy-server 101374" 0.0159 "-" 100257 0
Mar 18 23:41:01 np0005651379.novalocal proxy-server[101374]: ::1 ::1 19/Mar/2026/03/41/01 PUT /v1/AUTH_2c0dd7efa1e94d879bc5da8c6f19a646/gnocchi.5db6022b-fb34-49b2-8b46-689411f9e6bb/1773360000.0_rate%253Amean_300.0_v3 HTTP/1.0 201 - python-swiftclient-4.8.0 gAAAAABpu2_uqf-H... 16 - - txc78161a3b6aa450c9fe6f-0069bb704d - 0.0282 - - 1773891661.775654316 1773891661.803862810 0 e61d2c26cb6146fb88642c1126e377de
Mar 18 23:41:01 np0005651379.novalocal container-server[99867]: ::1 - - [19/Mar/2026:03:41:01 +0000] "PUT /1/256394/AUTH_2c0dd7efa1e94d879bc5da8c6f19a646/gnocchi.5db6022b-fb34-49b2-8b46-689411f9e6bb/none_v3" 201 - "PUT http://[::1]:8080/1/142796/AUTH_2c0dd7efa1e94d879bc5da8c6f19a646/gnocchi.5db6022b-fb34-49b2-8b46-689411f9e6bb/none_v3" "tx449c9c41bc654141a27fd-0069bb704d" "object-server 100257" 0.0006 "-" 99867 0
Mar 18 23:41:01 np0005651379.novalocal object-server[100257]: ::1 - - [19/Mar/2026:03:41:01 +0000] "PUT /1/142796/AUTH_2c0dd7efa1e94d879bc5da8c6f19a646/gnocchi.5db6022b-fb34-49b2-8b46-689411f9e6bb/none_v3" 201 - "PUT https://[::1]:8080/v1/AUTH_2c0dd7efa1e94d879bc5da8c6f19a646/gnocchi.5db6022b-fb34-49b2-8b46-689411f9e6bb/none_v3" "tx449c9c41bc654141a27fd-0069bb704d" "proxy-server 101374" 0.0114 "-" 100257 0
Mar 18 23:41:01 np0005651379.novalocal container-server[99868]: ::1 - - [19/Mar/2026:03:41:01 +0000] "PUT /2/256394/AUTH_2c0dd7efa1e94d879bc5da8c6f19a646/gnocchi.5db6022b-fb34-49b2-8b46-689411f9e6bb/none_v3" 201 - "PUT http://[::1]:8080/2/142796/AUTH_2c0dd7efa1e94d879bc5da8c6f19a646/gnocchi.5db6022b-fb34-49b2-8b46-689411f9e6bb/none_v3" "tx449c9c41bc654141a27fd-0069bb704d" "object-server 100256" 0.0005 "-" 99868 0
Mar 18 23:41:01 np0005651379.novalocal object-server[100256]: ::1 - - [19/Mar/2026:03:41:01 +0000] "PUT /2/142796/AUTH_2c0dd7efa1e94d879bc5da8c6f19a646/gnocchi.5db6022b-fb34-49b2-8b46-689411f9e6bb/none_v3" 201 - "PUT https://[::1]:8080/v1/AUTH_2c0dd7efa1e94d879bc5da8c6f19a646/gnocchi.5db6022b-fb34-49b2-8b46-689411f9e6bb/none_v3" "tx449c9c41bc654141a27fd-0069bb704d" "proxy-server 101374" 0.0120 "-" 100256 0
Mar 18 23:41:01 np0005651379.novalocal container-server[99867]: ::1 - - [19/Mar/2026:03:41:01 +0000] "PUT /3/256394/AUTH_2c0dd7efa1e94d879bc5da8c6f19a646/gnocchi.5db6022b-fb34-49b2-8b46-689411f9e6bb/none_v3" 201 - "PUT http://[::1]:8080/3/142796/AUTH_2c0dd7efa1e94d879bc5da8c6f19a646/gnocchi.5db6022b-fb34-49b2-8b46-689411f9e6bb/none_v3" "tx449c9c41bc654141a27fd-0069bb704d" "object-server 100256" 0.0007 "-" 99867 0
Mar 18 23:41:01 np0005651379.novalocal object-server[100256]: ::1 - - [19/Mar/2026:03:41:01 +0000] "PUT /3/142796/AUTH_2c0dd7efa1e94d879bc5da8c6f19a646/gnocchi.5db6022b-fb34-49b2-8b46-689411f9e6bb/none_v3" 201 - "PUT https://[::1]:8080/v1/AUTH_2c0dd7efa1e94d879bc5da8c6f19a646/gnocchi.5db6022b-fb34-49b2-8b46-689411f9e6bb/none_v3" "tx449c9c41bc654141a27fd-0069bb704d" "proxy-server 101374" 0.0161 "-" 100256 0
Mar 18 23:41:01 np0005651379.novalocal proxy-server[101374]: ::1 ::1 19/Mar/2026/03/41/01 PUT /v1/AUTH_2c0dd7efa1e94d879bc5da8c6f19a646/gnocchi.5db6022b-fb34-49b2-8b46-689411f9e6bb/none_v3 HTTP/1.0 201 - python-swiftclient-4.8.0 gAAAAABpu2_uqf-H... 33 - - tx449c9c41bc654141a27fd-0069bb704d - 0.0235 - - 1773891661.806998730 1773891661.830524445 0 e61d2c26cb6146fb88642c1126e377de
Mar 18 23:41:01 np0005651379.novalocal container-server[99867]: ::1 - - [19/Mar/2026:03:41:01 +0000] "HEAD /1/94737/AUTH_2c0dd7efa1e94d879bc5da8c6f19a646/gnocchi.6497b3c5-605c-4327-8c49-760d65c8c63e" 404 - "HEAD http://[::1]:8080/v1/AUTH_2c0dd7efa1e94d879bc5da8c6f19a646/gnocchi.6497b3c5-605c-4327-8c49-760d65c8c63e" "txbfdc7654d2a44e4b83cab-0069bb704d" "proxy-server 101374" 0.0005 "-" 99867 0
Mar 18 23:41:01 np0005651379.novalocal container-server[99867]: ::1 - - [19/Mar/2026:03:41:01 +0000] "HEAD /3/94737/AUTH_2c0dd7efa1e94d879bc5da8c6f19a646/gnocchi.6497b3c5-605c-4327-8c49-760d65c8c63e" 404 - "HEAD http://[::1]:8080/v1/AUTH_2c0dd7efa1e94d879bc5da8c6f19a646/gnocchi.6497b3c5-605c-4327-8c49-760d65c8c63e" "txbfdc7654d2a44e4b83cab-0069bb704d" "proxy-server 101374" 0.0003 "-" 99867 0
Mar 18 23:41:01 np0005651379.novalocal container-server[99867]: ::1 - - [19/Mar/2026:03:41:01 +0000] "HEAD /2/94737/AUTH_2c0dd7efa1e94d879bc5da8c6f19a646/gnocchi.6497b3c5-605c-4327-8c49-760d65c8c63e" 404 - "HEAD http://[::1]:8080/v1/AUTH_2c0dd7efa1e94d879bc5da8c6f19a646/gnocchi.6497b3c5-605c-4327-8c49-760d65c8c63e" "txbfdc7654d2a44e4b83cab-0069bb704d" "proxy-server 101374" 0.0005 "-" 99867 0
Mar 18 23:41:01 np0005651379.novalocal proxy-server[101374]: - - 19/Mar/2026/03/41/01 HEAD /v1/AUTH_2c0dd7efa1e94d879bc5da8c6f19a646/gnocchi.6497b3c5-605c-4327-8c49-760d65c8c63e HTTP/1.0 404 - Swift - - - - txbfdc7654d2a44e4b83cab-0069bb704d - 0.0092 CS - 1773891661.846598148 1773891661.855817795 0 -
Mar 18 23:41:01 np0005651379.novalocal object-server[100256]: ::1 - - [19/Mar/2026:03:41:01 +0000] "GET /1/149312/AUTH_2c0dd7efa1e94d879bc5da8c6f19a646/gnocchi.6497b3c5-605c-4327-8c49-760d65c8c63e/none_v3" 404 70 "GET https://[::1]:8080/v1/AUTH_2c0dd7efa1e94d879bc5da8c6f19a646/gnocchi.6497b3c5-605c-4327-8c49-760d65c8c63e/none_v3" "txbfdc7654d2a44e4b83cab-0069bb704d" "proxy-server 101374" 0.0008 "-" 100256 0
Mar 18 23:41:01 np0005651379.novalocal object-server[100256]: ::1 - - [19/Mar/2026:03:41:01 +0000] "GET /3/149312/AUTH_2c0dd7efa1e94d879bc5da8c6f19a646/gnocchi.6497b3c5-605c-4327-8c49-760d65c8c63e/none_v3" 404 70 "GET https://[::1]:8080/v1/AUTH_2c0dd7efa1e94d879bc5da8c6f19a646/gnocchi.6497b3c5-605c-4327-8c49-760d65c8c63e/none_v3" "txbfdc7654d2a44e4b83cab-0069bb704d" "proxy-server 101374" 0.0004 "-" 100256 0
Mar 18 23:41:01 np0005651379.novalocal object-server[100256]: ::1 - - [19/Mar/2026:03:41:01 +0000] "GET /2/149312/AUTH_2c0dd7efa1e94d879bc5da8c6f19a646/gnocchi.6497b3c5-605c-4327-8c49-760d65c8c63e/none_v3" 404 70 "GET https://[::1]:8080/v1/AUTH_2c0dd7efa1e94d879bc5da8c6f19a646/gnocchi.6497b3c5-605c-4327-8c49-760d65c8c63e/none_v3" "txbfdc7654d2a44e4b83cab-0069bb704d" "proxy-server 101374" 0.0004 "-" 100256 0
Mar 18 23:41:01 np0005651379.novalocal proxy-server[101374]: ::1 ::1 19/Mar/2026/03/41/01 GET /v1/AUTH_2c0dd7efa1e94d879bc5da8c6f19a646/gnocchi.6497b3c5-605c-4327-8c49-760d65c8c63e/none_v3 HTTP/1.0 404 - python-swiftclient-4.8.0 gAAAAABpu2_uqf-H... - 70 - txbfdc7654d2a44e4b83cab-0069bb704d - 0.0217 - - 1773891661.846021175 1773891661.867693424 0 e61d2c26cb6146fb88642c1126e377de
Mar 18 23:41:01 np0005651379.novalocal account-server[99475]: ::1 - - [19/Mar/2026:03:41:01 +0000] "PUT /3/184762/AUTH_2c0dd7efa1e94d879bc5da8c6f19a646/gnocchi.6497b3c5-605c-4327-8c49-760d65c8c63e" 201 - "PUT http://[::1]:6001/1/94737/AUTH_2c0dd7efa1e94d879bc5da8c6f19a646/gnocchi.6497b3c5-605c-4327-8c49-760d65c8c63e" "txdd076889abc24a0dbd023-0069bb704d" "container-server 99868" 0.0036 "-" 99475 0
Mar 18 23:41:01 np0005651379.novalocal container-server[99868]: ::1 - - [19/Mar/2026:03:41:01 +0000] "PUT /1/94737/AUTH_2c0dd7efa1e94d879bc5da8c6f19a646/gnocchi.6497b3c5-605c-4327-8c49-760d65c8c63e" 201 - "PUT https://[::1]:8080/v1/AUTH_2c0dd7efa1e94d879bc5da8c6f19a646/gnocchi.6497b3c5-605c-4327-8c49-760d65c8c63e" "txdd076889abc24a0dbd023-0069bb704d" "proxy-server 101374" 0.0290 "-" 99868 0
Mar 18 23:41:01 np0005651379.novalocal account-server[99475]: ::1 - - [19/Mar/2026:03:41:01 +0000] "PUT /2/184762/AUTH_2c0dd7efa1e94d879bc5da8c6f19a646/gnocchi.6497b3c5-605c-4327-8c49-760d65c8c63e" 201 - "PUT http://[::1]:6001/3/94737/AUTH_2c0dd7efa1e94d879bc5da8c6f19a646/gnocchi.6497b3c5-605c-4327-8c49-760d65c8c63e" "txdd076889abc24a0dbd023-0069bb704d" "container-server 99868" 0.0039 "-" 99475 0
Mar 18 23:41:01 np0005651379.novalocal container-server[99868]: ::1 - - [19/Mar/2026:03:41:01 +0000] "PUT /3/94737/AUTH_2c0dd7efa1e94d879bc5da8c6f19a646/gnocchi.6497b3c5-605c-4327-8c49-760d65c8c63e" 201 - "PUT https://[::1]:8080/v1/AUTH_2c0dd7efa1e94d879bc5da8c6f19a646/gnocchi.6497b3c5-605c-4327-8c49-760d65c8c63e" "txdd076889abc24a0dbd023-0069bb704d" "proxy-server 101374" 0.0240 "-" 99868 0
Mar 18 23:41:01 np0005651379.novalocal account-server[99474]: ::1 - - [19/Mar/2026:03:41:01 +0000] "PUT /1/184762/AUTH_2c0dd7efa1e94d879bc5da8c6f19a646/gnocchi.6497b3c5-605c-4327-8c49-760d65c8c63e" 201 - "PUT http://[::1]:6001/2/94737/AUTH_2c0dd7efa1e94d879bc5da8c6f19a646/gnocchi.6497b3c5-605c-4327-8c49-760d65c8c63e" "txdd076889abc24a0dbd023-0069bb704d" "container-server 99868" 0.0069 "-" 99474 0
Mar 18 23:41:01 np0005651379.novalocal container-server[99868]: ::1 - - [19/Mar/2026:03:41:01 +0000] "PUT /2/94737/AUTH_2c0dd7efa1e94d879bc5da8c6f19a646/gnocchi.6497b3c5-605c-4327-8c49-760d65c8c63e" 201 - "PUT https://[::1]:8080/v1/AUTH_2c0dd7efa1e94d879bc5da8c6f19a646/gnocchi.6497b3c5-605c-4327-8c49-760d65c8c63e" "txdd076889abc24a0dbd023-0069bb704d" "proxy-server 101374" 0.0196 "-" 99868 0
Mar 18 23:41:01 np0005651379.novalocal proxy-server[101374]: ::1 ::1 19/Mar/2026/03/41/01 PUT /v1/AUTH_2c0dd7efa1e94d879bc5da8c6f19a646/gnocchi.6497b3c5-605c-4327-8c49-760d65c8c63e HTTP/1.0 201 - python-swiftclient-4.8.0 gAAAAABpu2_uqf-H... - - - txdd076889abc24a0dbd023-0069bb704d - 0.0509 - - 1773891661.870800734 1773891661.921707869 0 e61d2c26cb6146fb88642c1126e377de
Mar 18 23:41:01 np0005651379.novalocal container-server[99867]: ::1 - - [19/Mar/2026:03:41:01 +0000] "HEAD /3/94737/AUTH_2c0dd7efa1e94d879bc5da8c6f19a646/gnocchi.6497b3c5-605c-4327-8c49-760d65c8c63e" 204 - "HEAD http://[::1]:8080/v1/AUTH_2c0dd7efa1e94d879bc5da8c6f19a646/gnocchi.6497b3c5-605c-4327-8c49-760d65c8c63e" "tx24d798d697b5413fb0688-0069bb704d" "proxy-server 101374" 0.0025 "-" 99867 0
Mar 18 23:41:01 np0005651379.novalocal proxy-server[101374]: - - 19/Mar/2026/03/41/01 HEAD /v1/AUTH_2c0dd7efa1e94d879bc5da8c6f19a646/gnocchi.6497b3c5-605c-4327-8c49-760d65c8c63e HTTP/1.0 204 - Swift - - - - tx24d798d697b5413fb0688-0069bb704d - 0.0080 CS - 1773891661.927918434 1773891661.935891867 0 -
Mar 18 23:41:01 np0005651379.novalocal container-server[99867]: ::1 - - [19/Mar/2026:03:41:01 +0000] "GET /1/94737/AUTH_2c0dd7efa1e94d879bc5da8c6f19a646/gnocchi.6497b3c5-605c-4327-8c49-760d65c8c63e" 200 2 "GET https://[::1]:8080/v1/AUTH_2c0dd7efa1e94d879bc5da8c6f19a646/gnocchi.6497b3c5-605c-4327-8c49-760d65c8c63e?format=json&states=listing" "tx24d798d697b5413fb0688-0069bb704d" "proxy-server 101374" 0.0039 "-" 99867 0
Mar 18 23:41:01 np0005651379.novalocal proxy-server[101374]: ::1 ::1 19/Mar/2026/03/41/01 GET /v1/AUTH_2c0dd7efa1e94d879bc5da8c6f19a646/gnocchi.6497b3c5-605c-4327-8c49-760d65c8c63e%3Fformat%3Djson%26states%3Dlisting HTTP/1.0 200 - python-swiftclient-4.8.0 gAAAAABpu2_uqf-H... - 2 - tx24d798d697b5413fb0688-0069bb704d - 0.0302 - - 1773891661.927006245 1773891661.957193375 0 e61d2c26cb6146fb88642c1126e377de
Mar 18 23:41:01 np0005651379.novalocal object-server[100256]: ::1 - - [19/Mar/2026:03:41:01 +0000] "GET /3/164844/AUTH_2c0dd7efa1e94d879bc5da8c6f19a646/gnocchi.6497b3c5-605c-4327-8c49-760d65c8c63e/1773360000.0_mean_300.0_v3" 404 70 "GET https://[::1]:8080/v1/AUTH_2c0dd7efa1e94d879bc5da8c6f19a646/gnocchi.6497b3c5-605c-4327-8c49-760d65c8c63e/1773360000.0_mean_300.0_v3" "tx89b6f0431baa418480e6e-0069bb704d" "proxy-server 101374" 0.0006 "-" 100256 0
Mar 18 23:41:01 np0005651379.novalocal object-server[100257]: ::1 - - [19/Mar/2026:03:41:01 +0000] "GET /1/164844/AUTH_2c0dd7efa1e94d879bc5da8c6f19a646/gnocchi.6497b3c5-605c-4327-8c49-760d65c8c63e/1773360000.0_mean_300.0_v3" 404 70 "GET https://[::1]:8080/v1/AUTH_2c0dd7efa1e94d879bc5da8c6f19a646/gnocchi.6497b3c5-605c-4327-8c49-760d65c8c63e/1773360000.0_mean_300.0_v3" "tx89b6f0431baa418480e6e-0069bb704d" "proxy-server 101374" 0.0009 "-" 100257 0
