Mar 18 23:39:58 np0005651379.novalocal object-server[100257]: ::1 - - [19/Mar/2026:03:39:58 +0000] "PUT /1/204491/AUTH_2c0dd7efa1e94d879bc5da8c6f19a646/gnocchi.02ef2b06-a999-434b-aac9-ab144cfc334d/1773360000.0_mean_300.0_v3" 201 - "PUT https://[::1]:8080/v1/AUTH_2c0dd7efa1e94d879bc5da8c6f19a646/gnocchi.02ef2b06-a999-434b-aac9-ab144cfc334d/1773360000.0_mean_300.0_v3" "tx4beb7100997b4ab087b7c-0069bb700e" "proxy-server 101374" 0.0218 "-" 100257 0
Mar 18 23:39:58 np0005651379.novalocal proxy-server[101374]: ::1 ::1 19/Mar/2026/03/39/58 PUT /v1/AUTH_2c0dd7efa1e94d879bc5da8c6f19a646/gnocchi.02ef2b06-a999-434b-aac9-ab144cfc334d/1773360000.0_mean_300.0_v3 HTTP/1.0 201 - python-swiftclient-4.8.0 gAAAAABpu2_xITFz... 16 - - tx4beb7100997b4ab087b7c-0069bb700e - 0.0301 - - 1773891598.863349676 1773891598.893484831 0 e61d2c26cb6146fb88642c1126e377de
Mar 18 23:39:58 np0005651379.novalocal kernel: qr-9f08c776-3c: left promiscuous mode
Mar 18 23:39:58 np0005651379.novalocal container-server[99867]: ::1 - - [19/Mar/2026:03:39:58 +0000] "PUT /3/199582/AUTH_2c0dd7efa1e94d879bc5da8c6f19a646/gnocchi.02ef2b06-a999-434b-aac9-ab144cfc334d/none_v3" 201 - "PUT http://[::1]:8080/1/215398/AUTH_2c0dd7efa1e94d879bc5da8c6f19a646/gnocchi.02ef2b06-a999-434b-aac9-ab144cfc334d/none_v3" "txbc68b8c623c448cc9cec2-0069bb700e" "object-server 100256" 0.0008 "-" 99867 0
Mar 18 23:39:58 np0005651379.novalocal object-server[100256]: ::1 - - [19/Mar/2026:03:39:58 +0000] "PUT /1/215398/AUTH_2c0dd7efa1e94d879bc5da8c6f19a646/gnocchi.02ef2b06-a999-434b-aac9-ab144cfc334d/none_v3" 201 - "PUT https://[::1]:8080/v1/AUTH_2c0dd7efa1e94d879bc5da8c6f19a646/gnocchi.02ef2b06-a999-434b-aac9-ab144cfc334d/none_v3" "txbc68b8c623c448cc9cec2-0069bb700e" "proxy-server 101374" 0.0120 "-" 100256 0
Mar 18 23:39:58 np0005651379.novalocal container-server[99868]: ::1 - - [19/Mar/2026:03:39:58 +0000] "PUT /1/199582/AUTH_2c0dd7efa1e94d879bc5da8c6f19a646/gnocchi.02ef2b06-a999-434b-aac9-ab144cfc334d/none_v3" 201 - "PUT http://[::1]:8080/2/215398/AUTH_2c0dd7efa1e94d879bc5da8c6f19a646/gnocchi.02ef2b06-a999-434b-aac9-ab144cfc334d/none_v3" "txbc68b8c623c448cc9cec2-0069bb700e" "object-server 100257" 0.0008 "-" 99868 0
Mar 18 23:39:58 np0005651379.novalocal container-server[99867]: ::1 - - [19/Mar/2026:03:39:58 +0000] "PUT /2/199582/AUTH_2c0dd7efa1e94d879bc5da8c6f19a646/gnocchi.02ef2b06-a999-434b-aac9-ab144cfc334d/none_v3" 201 - "PUT http://[::1]:8080/3/215398/AUTH_2c0dd7efa1e94d879bc5da8c6f19a646/gnocchi.02ef2b06-a999-434b-aac9-ab144cfc334d/none_v3" "txbc68b8c623c448cc9cec2-0069bb700e" "object-server 100257" 0.0005 "-" 99867 0
Mar 18 23:39:58 np0005651379.novalocal object-server[100257]: ::1 - - [19/Mar/2026:03:39:58 +0000] "PUT /2/215398/AUTH_2c0dd7efa1e94d879bc5da8c6f19a646/gnocchi.02ef2b06-a999-434b-aac9-ab144cfc334d/none_v3" 201 - "PUT https://[::1]:8080/v1/AUTH_2c0dd7efa1e94d879bc5da8c6f19a646/gnocchi.02ef2b06-a999-434b-aac9-ab144cfc334d/none_v3" "txbc68b8c623c448cc9cec2-0069bb700e" "proxy-server 101374" 0.0112 "-" 100257 0
Mar 18 23:39:58 np0005651379.novalocal object-server[100257]: ::1 - - [19/Mar/2026:03:39:58 +0000] "PUT /3/215398/AUTH_2c0dd7efa1e94d879bc5da8c6f19a646/gnocchi.02ef2b06-a999-434b-aac9-ab144cfc334d/none_v3" 201 - "PUT https://[::1]:8080/v1/AUTH_2c0dd7efa1e94d879bc5da8c6f19a646/gnocchi.02ef2b06-a999-434b-aac9-ab144cfc334d/none_v3" "txbc68b8c623c448cc9cec2-0069bb700e" "proxy-server 101374" 0.0145 "-" 100257 0
Mar 18 23:39:58 np0005651379.novalocal proxy-server[101374]: ::1 ::1 19/Mar/2026/03/39/58 PUT /v1/AUTH_2c0dd7efa1e94d879bc5da8c6f19a646/gnocchi.02ef2b06-a999-434b-aac9-ab144cfc334d/none_v3 HTTP/1.0 201 - python-swiftclient-4.8.0 gAAAAABpu2_xITFz... 22 - - txbc68b8c623c448cc9cec2-0069bb700e - 0.0270 - - 1773891598.897819996 1773891598.924854994 0 e61d2c26cb6146fb88642c1126e377de
Mar 18 23:39:58 np0005651379.novalocal container-server[99868]: ::1 - - [19/Mar/2026:03:39:58 +0000] "HEAD /3/114576/AUTH_2c0dd7efa1e94d879bc5da8c6f19a646/gnocchi.a9715042-b2f1-426c-b642-f49759981a6b" 404 - "HEAD http://[::1]:8080/v1/AUTH_2c0dd7efa1e94d879bc5da8c6f19a646/gnocchi.a9715042-b2f1-426c-b642-f49759981a6b" "tx63dbdbf77c6f4c768676c-0069bb700e" "proxy-server 101374" 0.0005 "-" 99868 0
Mar 18 23:39:59 np0005651379.novalocal container-server[99868]: ::1 - - [19/Mar/2026:03:39:58 +0000] "HEAD /2/114576/AUTH_2c0dd7efa1e94d879bc5da8c6f19a646/gnocchi.a9715042-b2f1-426c-b642-f49759981a6b" 404 - "HEAD http://[::1]:8080/v1/AUTH_2c0dd7efa1e94d879bc5da8c6f19a646/gnocchi.a9715042-b2f1-426c-b642-f49759981a6b" "tx63dbdbf77c6f4c768676c-0069bb700e" "proxy-server 101374" 0.0020 "-" 99868 0
Mar 18 23:39:59 np0005651379.novalocal container-server[99868]: ::1 - - [19/Mar/2026:03:39:59 +0000] "HEAD /1/114576/AUTH_2c0dd7efa1e94d879bc5da8c6f19a646/gnocchi.a9715042-b2f1-426c-b642-f49759981a6b" 404 - "HEAD http://[::1]:8080/v1/AUTH_2c0dd7efa1e94d879bc5da8c6f19a646/gnocchi.a9715042-b2f1-426c-b642-f49759981a6b" "tx63dbdbf77c6f4c768676c-0069bb700e" "proxy-server 101374" 0.0003 "-" 99868 0
Mar 18 23:39:59 np0005651379.novalocal proxy-server[101374]: - - 19/Mar/2026/03/39/59 HEAD /v1/AUTH_2c0dd7efa1e94d879bc5da8c6f19a646/gnocchi.a9715042-b2f1-426c-b642-f49759981a6b HTTP/1.0 404 - Swift - - - - tx63dbdbf77c6f4c768676c-0069bb700e - 0.0193 CS - 1773891598.986020327 1773891599.005290747 0 -
Mar 18 23:39:59 np0005651379.novalocal object-server[100256]: ::1 - - [19/Mar/2026:03:39:59 +0000] "GET /2/232887/AUTH_2c0dd7efa1e94d879bc5da8c6f19a646/gnocchi.a9715042-b2f1-426c-b642-f49759981a6b/none_v3" 404 70 "GET https://[::1]:8080/v1/AUTH_2c0dd7efa1e94d879bc5da8c6f19a646/gnocchi.a9715042-b2f1-426c-b642-f49759981a6b/none_v3" "tx63dbdbf77c6f4c768676c-0069bb700e" "proxy-server 101374" 0.0005 "-" 100256 0
Mar 18 23:39:59 np0005651379.novalocal kernel: qg-0f400b29-00: left promiscuous mode
Mar 18 23:39:59 np0005651379.novalocal object-server[100257]: ::1 - - [19/Mar/2026:03:39:59 +0000] "GET /1/232887/AUTH_2c0dd7efa1e94d879bc5da8c6f19a646/gnocchi.a9715042-b2f1-426c-b642-f49759981a6b/none_v3" 404 70 "GET https://[::1]:8080/v1/AUTH_2c0dd7efa1e94d879bc5da8c6f19a646/gnocchi.a9715042-b2f1-426c-b642-f49759981a6b/none_v3" "tx63dbdbf77c6f4c768676c-0069bb700e" "proxy-server 101374" 0.0006 "-" 100257 0
Mar 18 23:39:59 np0005651379.novalocal object-server[100256]: ::1 - - [19/Mar/2026:03:39:59 +0000] "GET /3/232887/AUTH_2c0dd7efa1e94d879bc5da8c6f19a646/gnocchi.a9715042-b2f1-426c-b642-f49759981a6b/none_v3" 404 70 "GET https://[::1]:8080/v1/AUTH_2c0dd7efa1e94d879bc5da8c6f19a646/gnocchi.a9715042-b2f1-426c-b642-f49759981a6b/none_v3" "tx63dbdbf77c6f4c768676c-0069bb700e" "proxy-server 101374" 0.0004 "-" 100256 0
Mar 18 23:39:59 np0005651379.novalocal proxy-server[101374]: ::1 ::1 19/Mar/2026/03/39/59 GET /v1/AUTH_2c0dd7efa1e94d879bc5da8c6f19a646/gnocchi.a9715042-b2f1-426c-b642-f49759981a6b/none_v3 HTTP/1.0 404 - python-swiftclient-4.8.0 gAAAAABpu2_xITFz... - 70 - tx63dbdbf77c6f4c768676c-0069bb700e - 0.0378 - - 1773891598.984881639 1773891599.022730350 0 e61d2c26cb6146fb88642c1126e377de
Mar 18 23:39:59 np0005651379.novalocal account-server[99475]: ::1 - - [19/Mar/2026:03:39:59 +0000] "PUT /3/184762/AUTH_2c0dd7efa1e94d879bc5da8c6f19a646/gnocchi.a9715042-b2f1-426c-b642-f49759981a6b" 201 - "PUT http://[::1]:6001/3/114576/AUTH_2c0dd7efa1e94d879bc5da8c6f19a646/gnocchi.a9715042-b2f1-426c-b642-f49759981a6b" "tx93a76a2b8ea147c29d495-0069bb700f" "container-server 99868" 0.0038 "-" 99475 0
Mar 18 23:39:59 np0005651379.novalocal container-server[99868]: ::1 - - [19/Mar/2026:03:39:59 +0000] "PUT /3/114576/AUTH_2c0dd7efa1e94d879bc5da8c6f19a646/gnocchi.a9715042-b2f1-426c-b642-f49759981a6b" 201 - "PUT https://[::1]:8080/v1/AUTH_2c0dd7efa1e94d879bc5da8c6f19a646/gnocchi.a9715042-b2f1-426c-b642-f49759981a6b" "tx93a76a2b8ea147c29d495-0069bb700f" "proxy-server 101374" 0.0155 "-" 99868 0
Mar 18 23:39:59 np0005651379.novalocal account-server[99474]: ::1 - - [19/Mar/2026:03:39:59 +0000] "PUT /2/184762/AUTH_2c0dd7efa1e94d879bc5da8c6f19a646/gnocchi.a9715042-b2f1-426c-b642-f49759981a6b" 201 - "PUT http://[::1]:6001/2/114576/AUTH_2c0dd7efa1e94d879bc5da8c6f19a646/gnocchi.a9715042-b2f1-426c-b642-f49759981a6b" "tx93a76a2b8ea147c29d495-0069bb700f" "container-server 99867" 0.0061 "-" 99474 0
Mar 18 23:39:59 np0005651379.novalocal container-server[99867]: ::1 - - [19/Mar/2026:03:39:59 +0000] "PUT /2/114576/AUTH_2c0dd7efa1e94d879bc5da8c6f19a646/gnocchi.a9715042-b2f1-426c-b642-f49759981a6b" 201 - "PUT https://[::1]:8080/v1/AUTH_2c0dd7efa1e94d879bc5da8c6f19a646/gnocchi.a9715042-b2f1-426c-b642-f49759981a6b" "tx93a76a2b8ea147c29d495-0069bb700f" "proxy-server 101374" 0.0187 "-" 99867 0
Mar 18 23:39:59 np0005651379.novalocal account-server[99474]: ::1 - - [19/Mar/2026:03:39:59 +0000] "PUT /1/184762/AUTH_2c0dd7efa1e94d879bc5da8c6f19a646/gnocchi.a9715042-b2f1-426c-b642-f49759981a6b" 201 - "PUT http://[::1]:6001/1/114576/AUTH_2c0dd7efa1e94d879bc5da8c6f19a646/gnocchi.a9715042-b2f1-426c-b642-f49759981a6b" "tx93a76a2b8ea147c29d495-0069bb700f" "container-server 99867" 0.0044 "-" 99474 0
Mar 18 23:39:59 np0005651379.novalocal container-server[99867]: ::1 - - [19/Mar/2026:03:39:59 +0000] "PUT /1/114576/AUTH_2c0dd7efa1e94d879bc5da8c6f19a646/gnocchi.a9715042-b2f1-426c-b642-f49759981a6b" 201 - "PUT https://[::1]:8080/v1/AUTH_2c0dd7efa1e94d879bc5da8c6f19a646/gnocchi.a9715042-b2f1-426c-b642-f49759981a6b" "tx93a76a2b8ea147c29d495-0069bb700f" "proxy-server 101374" 0.0514 "-" 99867 0
Mar 18 23:39:59 np0005651379.novalocal proxy-server[101374]: ::1 ::1 19/Mar/2026/03/39/59 PUT /v1/AUTH_2c0dd7efa1e94d879bc5da8c6f19a646/gnocchi.a9715042-b2f1-426c-b642-f49759981a6b HTTP/1.0 201 - python-swiftclient-4.8.0 gAAAAABpu2_xITFz... - - - tx93a76a2b8ea147c29d495-0069bb700f - 0.0585 - - 1773891599.026895523 1773891599.085402250 0 e61d2c26cb6146fb88642c1126e377de
Mar 18 23:39:59 np0005651379.novalocal container-server[99867]: ::1 - - [19/Mar/2026:03:39:59 +0000] "HEAD /3/114576/AUTH_2c0dd7efa1e94d879bc5da8c6f19a646/gnocchi.a9715042-b2f1-426c-b642-f49759981a6b" 204 - "HEAD http://[::1]:8080/v1/AUTH_2c0dd7efa1e94d879bc5da8c6f19a646/gnocchi.a9715042-b2f1-426c-b642-f49759981a6b" "tx374bf44bb6b64e6e98436-0069bb700f" "proxy-server 101374" 0.0014 "-" 99867 0
Mar 18 23:39:59 np0005651379.novalocal proxy-server[101374]: - - 19/Mar/2026/03/39/59 HEAD /v1/AUTH_2c0dd7efa1e94d879bc5da8c6f19a646/gnocchi.a9715042-b2f1-426c-b642-f49759981a6b HTTP/1.0 204 - Swift - - - - tx374bf44bb6b64e6e98436-0069bb700f - 0.0051 CS - 1773891599.093124390 1773891599.098206043 0 -
Mar 18 23:39:59 np0005651379.novalocal container-server[99867]: ::1 - - [19/Mar/2026:03:39:59 +0000] "GET /2/114576/AUTH_2c0dd7efa1e94d879bc5da8c6f19a646/gnocchi.a9715042-b2f1-426c-b642-f49759981a6b" 200 2 "GET https://[::1]:8080/v1/AUTH_2c0dd7efa1e94d879bc5da8c6f19a646/gnocchi.a9715042-b2f1-426c-b642-f49759981a6b?format=json&states=listing" "tx374bf44bb6b64e6e98436-0069bb700f" "proxy-server 101374" 0.0023 "-" 99867 0
Mar 18 23:39:59 np0005651379.novalocal proxy-server[101374]: ::1 ::1 19/Mar/2026/03/39/59 GET /v1/AUTH_2c0dd7efa1e94d879bc5da8c6f19a646/gnocchi.a9715042-b2f1-426c-b642-f49759981a6b%3Fformat%3Djson%26states%3Dlisting HTTP/1.0 200 - python-swiftclient-4.8.0 gAAAAABpu2_xITFz... - 2 - tx374bf44bb6b64e6e98436-0069bb700f - 0.0174 - - 1773891599.091336966 1773891599.108737230 0 e61d2c26cb6146fb88642c1126e377de
Mar 18 23:39:59 np0005651379.novalocal object-server[100256]: ::1 - - [19/Mar/2026:03:39:59 +0000] "GET /3/195252/AUTH_2c0dd7efa1e94d879bc5da8c6f19a646/gnocchi.a9715042-b2f1-426c-b642-f49759981a6b/1773360000.0_mean_300.0_v3" 404 70 "GET https://[::1]:8080/v1/AUTH_2c0dd7efa1e94d879bc5da8c6f19a646/gnocchi.a9715042-b2f1-426c-b642-f49759981a6b/1773360000.0_mean_300.0_v3" "tx61e0bcbcbb014086bad3a-0069bb700f" "proxy-server 101374" 0.0005 "-" 100256 0
Mar 18 23:39:59 np0005651379.novalocal object-server[100257]: ::1 - - [19/Mar/2026:03:39:59 +0000] "GET /1/195252/AUTH_2c0dd7efa1e94d879bc5da8c6f19a646/gnocchi.a9715042-b2f1-426c-b642-f49759981a6b/1773360000.0_mean_300.0_v3" 404 70 "GET https://[::1]:8080/v1/AUTH_2c0dd7efa1e94d879bc5da8c6f19a646/gnocchi.a9715042-b2f1-426c-b642-f49759981a6b/1773360000.0_mean_300.0_v3" "tx61e0bcbcbb014086bad3a-0069bb700f" "proxy-server 101374" 0.0007 "-" 100257 0
Mar 18 23:39:59 np0005651379.novalocal object-server[100256]: ::1 - - [19/Mar/2026:03:39:59 +0000] "GET /2/195252/AUTH_2c0dd7efa1e94d879bc5da8c6f19a646/gnocchi.a9715042-b2f1-426c-b642-f49759981a6b/1773360000.0_mean_300.0_v3" 404 70 "GET https://[::1]:8080/v1/AUTH_2c0dd7efa1e94d879bc5da8c6f19a646/gnocchi.a9715042-b2f1-426c-b642-f49759981a6b/1773360000.0_mean_300.0_v3" "tx61e0bcbcbb014086bad3a-0069bb700f" "proxy-server 101374" 0.0004 "-" 100256 0
Mar 18 23:39:59 np0005651379.novalocal proxy-server[101374]: ::1 ::1 19/Mar/2026/03/39/59 GET /v1/AUTH_2c0dd7efa1e94d879bc5da8c6f19a646/gnocchi.a9715042-b2f1-426c-b642-f49759981a6b/1773360000.0_mean_300.0_v3 HTTP/1.0 404 - python-swiftclient-4.8.0 gAAAAABpu2_xITFz... - 70 - tx61e0bcbcbb014086bad3a-0069bb700f - 0.0199 - - 1773891599.114655733 1773891599.134569645 0 e61d2c26cb6146fb88642c1126e377de
Mar 18 23:39:59 np0005651379.novalocal container-server[99868]: ::1 - - [19/Mar/2026:03:39:59 +0000] "PUT /2/114576/AUTH_2c0dd7efa1e94d879bc5da8c6f19a646/gnocchi.a9715042-b2f1-426c-b642-f49759981a6b/1773360000.0_mean_300.0_v3" 201 - "PUT http://[::1]:8080/3/195252/AUTH_2c0dd7efa1e94d879bc5da8c6f19a646/gnocchi.a9715042-b2f1-426c-b642-f49759981a6b/1773360000.0_mean_300.0_v3" "tx01821df2b26f4274ace17-0069bb700f" "object-server 100256" 0.0008 "-" 99868 0
Mar 18 23:39:59 np0005651379.novalocal container-server[99868]: ::1 - - [19/Mar/2026:03:39:59 +0000] "PUT /1/114576/AUTH_2c0dd7efa1e94d879bc5da8c6f19a646/gnocchi.a9715042-b2f1-426c-b642-f49759981a6b/1773360000.0_mean_300.0_v3" 201 - "PUT http://[::1]:8080/2/195252/AUTH_2c0dd7efa1e94d879bc5da8c6f19a646/gnocchi.a9715042-b2f1-426c-b642-f49759981a6b/1773360000.0_mean_300.0_v3" "tx01821df2b26f4274ace17-0069bb700f" "object-server 100257" 0.0004 "-" 99868 0
Mar 18 23:39:59 np0005651379.novalocal object-server[100256]: ::1 - - [19/Mar/2026:03:39:59 +0000] "PUT /3/195252/AUTH_2c0dd7efa1e94d879bc5da8c6f19a646/gnocchi.a9715042-b2f1-426c-b642-f49759981a6b/1773360000.0_mean_300.0_v3" 201 - "PUT https://[::1]:8080/v1/AUTH_2c0dd7efa1e94d879bc5da8c6f19a646/gnocchi.a9715042-b2f1-426c-b642-f49759981a6b/1773360000.0_mean_300.0_v3" "tx01821df2b26f4274ace17-0069bb700f" "proxy-server 101374" 0.0113 "-" 100256 0
Mar 18 23:39:59 np0005651379.novalocal container-server[99867]: ::1 - - [19/Mar/2026:03:39:59 +0000] "PUT /3/114576/AUTH_2c0dd7efa1e94d879bc5da8c6f19a646/gnocchi.a9715042-b2f1-426c-b642-f49759981a6b/1773360000.0_mean_300.0_v3" 201 - "PUT http://[::1]:8080/1/195252/AUTH_2c0dd7efa1e94d879bc5da8c6f19a646/gnocchi.a9715042-b2f1-426c-b642-f49759981a6b/1773360000.0_mean_300.0_v3" "tx01821df2b26f4274ace17-0069bb700f" "object-server 100256" 0.0011 "-" 99867 0
Mar 18 23:39:59 np0005651379.novalocal object-server[100256]: ::1 - - [19/Mar/2026:03:39:59 +0000] "PUT /1/195252/AUTH_2c0dd7efa1e94d879bc5da8c6f19a646/gnocchi.a9715042-b2f1-426c-b642-f49759981a6b/1773360000.0_mean_300.0_v3" 201 - "PUT https://[::1]:8080/v1/AUTH_2c0dd7efa1e94d879bc5da8c6f19a646/gnocchi.a9715042-b2f1-426c-b642-f49759981a6b/1773360000.0_mean_300.0_v3" "tx01821df2b26f4274ace17-0069bb700f" "proxy-server 101374" 0.0206 "-" 100256 0
Mar 18 23:39:59 np0005651379.novalocal object-server[100257]: ::1 - - [19/Mar/2026:03:39:59 +0000] "PUT /2/195252/AUTH_2c0dd7efa1e94d879bc5da8c6f19a646/gnocchi.a9715042-b2f1-426c-b642-f49759981a6b/1773360000.0_mean_300.0_v3" 201 - "PUT https://[::1]:8080/v1/AUTH_2c0dd7efa1e94d879bc5da8c6f19a646/gnocchi.a9715042-b2f1-426c-b642-f49759981a6b/1773360000.0_mean_300.0_v3" "tx01821df2b26f4274ace17-0069bb700f" "proxy-server 101374" 0.0129 "-" 100257 0
Mar 18 23:39:59 np0005651379.novalocal proxy-server[101374]: ::1 ::1 19/Mar/2026/03/39/59 PUT /v1/AUTH_2c0dd7efa1e94d879bc5da8c6f19a646/gnocchi.a9715042-b2f1-426c-b642-f49759981a6b/1773360000.0_mean_300.0_v3 HTTP/1.0 201 - python-swiftclient-4.8.0 gAAAAABpu2_xITFz... 16 - - tx01821df2b26f4274ace17-0069bb700f - 0.0341 - - 1773891599.139097929 1773891599.173150778 0 e61d2c26cb6146fb88642c1126e377de
Mar 18 23:39:59 np0005651379.novalocal container-server[99868]: ::1 - - [19/Mar/2026:03:39:59 +0000] "PUT /2/114576/AUTH_2c0dd7efa1e94d879bc5da8c6f19a646/gnocchi.a9715042-b2f1-426c-b642-f49759981a6b/none_v3" 201 - "PUT http://[::1]:8080/3/232887/AUTH_2c0dd7efa1e94d879bc5da8c6f19a646/gnocchi.a9715042-b2f1-426c-b642-f49759981a6b/none_v3" "tx7671f482e7444d598727b-0069bb700f" "object-server 100257" 0.0006 "-" 99868 0
Mar 18 23:39:59 np0005651379.novalocal container-server[99868]: ::1 - - [19/Mar/2026:03:39:59 +0000] "PUT /3/114576/AUTH_2c0dd7efa1e94d879bc5da8c6f19a646/gnocchi.a9715042-b2f1-426c-b642-f49759981a6b/none_v3" 201 - "PUT http://[::1]:8080/2/232887/AUTH_2c0dd7efa1e94d879bc5da8c6f19a646/gnocchi.a9715042-b2f1-426c-b642-f49759981a6b/none_v3" "tx7671f482e7444d598727b-0069bb700f" "object-server 100257" 0.0004 "-" 99868 0
Mar 18 23:39:59 np0005651379.novalocal object-server[100257]: ::1 - - [19/Mar/2026:03:39:59 +0000] "PUT /3/232887/AUTH_2c0dd7efa1e94d879bc5da8c6f19a646/gnocchi.a9715042-b2f1-426c-b642-f49759981a6b/none_v3" 201 - "PUT https://[::1]:8080/v1/AUTH_2c0dd7efa1e94d879bc5da8c6f19a646/gnocchi.a9715042-b2f1-426c-b642-f49759981a6b/none_v3" "tx7671f482e7444d598727b-0069bb700f" "proxy-server 101374" 0.0158 "-" 100257 0
Mar 18 23:39:59 np0005651379.novalocal object-server[100257]: ::1 - - [19/Mar/2026:03:39:59 +0000] "PUT /2/232887/AUTH_2c0dd7efa1e94d879bc5da8c6f19a646/gnocchi.a9715042-b2f1-426c-b642-f49759981a6b/none_v3" 201 - "PUT https://[::1]:8080/v1/AUTH_2c0dd7efa1e94d879bc5da8c6f19a646/gnocchi.a9715042-b2f1-426c-b642-f49759981a6b/none_v3" "tx7671f482e7444d598727b-0069bb700f" "proxy-server 101374" 0.0196 "-" 100257 0
Mar 18 23:39:59 np0005651379.novalocal container-server[99867]: ::1 - - [19/Mar/2026:03:39:59 +0000] "PUT /1/114576/AUTH_2c0dd7efa1e94d879bc5da8c6f19a646/gnocchi.a9715042-b2f1-426c-b642-f49759981a6b/none_v3" 201 - "PUT http://[::1]:8080/1/232887/AUTH_2c0dd7efa1e94d879bc5da8c6f19a646/gnocchi.a9715042-b2f1-426c-b642-f49759981a6b/none_v3" "tx7671f482e7444d598727b-0069bb700f" "object-server 100257" 0.0012 "-" 99867 0
Mar 18 23:39:59 np0005651379.novalocal object-server[100257]: ::1 - - [19/Mar/2026:03:39:59 +0000] "PUT /1/232887/AUTH_2c0dd7efa1e94d879bc5da8c6f19a646/gnocchi.a9715042-b2f1-426c-b642-f49759981a6b/none_v3" 201 - "PUT https://[::1]:8080/v1/AUTH_2c0dd7efa1e94d879bc5da8c6f19a646/gnocchi.a9715042-b2f1-426c-b642-f49759981a6b/none_v3" "tx7671f482e7444d598727b-0069bb700f" "proxy-server 101374" 0.0140 "-" 100257 0
Mar 18 23:39:59 np0005651379.novalocal proxy-server[101374]: ::1 ::1 19/Mar/2026/03/39/59 PUT /v1/AUTH_2c0dd7efa1e94d879bc5da8c6f19a646/gnocchi.a9715042-b2f1-426c-b642-f49759981a6b/none_v3 HTTP/1.0 201 - python-swiftclient-4.8.0 gAAAAABpu2_xITFz... 22 - - tx7671f482e7444d598727b-0069bb700f - 0.0303 - - 1773891599.177355051 1773891599.207692862 0 e61d2c26cb6146fb88642c1126e377de
Mar 18 23:39:59 np0005651379.novalocal container-server[99868]: ::1 - - [19/Mar/2026:03:39:59 +0000] "HEAD /2/188558/AUTH_2c0dd7efa1e94d879bc5da8c6f19a646/gnocchi.85c13cce-75bb-4535-88ea-efac4f37d8f3" 404 - "HEAD http://[::1]:8080/v1/AUTH_2c0dd7efa1e94d879bc5da8c6f19a646/gnocchi.85c13cce-75bb-4535-88ea-efac4f37d8f3" "txa46768e0d6e444099048a-0069bb700f" "proxy-server 101374" 0.0005 "-" 99868 0
Mar 18 23:39:59 np0005651379.novalocal container-server[99867]: ::1 - - [19/Mar/2026:03:39:59 +0000] "HEAD /3/188558/AUTH_2c0dd7efa1e94d879bc5da8c6f19a646/gnocchi.85c13cce-75bb-4535-88ea-efac4f37d8f3" 404 - "HEAD http://[::1]:8080/v1/AUTH_2c0dd7efa1e94d879bc5da8c6f19a646/gnocchi.85c13cce-75bb-4535-88ea-efac4f37d8f3" "txa46768e0d6e444099048a-0069bb700f" "proxy-server 101374" 0.0004 "-" 99867 0
Mar 18 23:39:59 np0005651379.novalocal container-server[99867]: ::1 - - [19/Mar/2026:03:39:59 +0000] "HEAD /1/188558/AUTH_2c0dd7efa1e94d879bc5da8c6f19a646/gnocchi.85c13cce-75bb-4535-88ea-efac4f37d8f3" 404 - "HEAD http://[::1]:8080/v1/AUTH_2c0dd7efa1e94d879bc5da8c6f19a646/gnocchi.85c13cce-75bb-4535-88ea-efac4f37d8f3" "txa46768e0d6e444099048a-0069bb700f" "proxy-server 101374" 0.0027 "-" 99867 0
Mar 18 23:39:59 np0005651379.novalocal proxy-server[101374]: - - 19/Mar/2026/03/39/59 HEAD /v1/AUTH_2c0dd7efa1e94d879bc5da8c6f19a646/gnocchi.85c13cce-75bb-4535-88ea-efac4f37d8f3 HTTP/1.0 404 - Swift - - - - txa46768e0d6e444099048a-0069bb700f - 0.0158 CS - 1773891599.237812281 1773891599.253596783 0 -
Mar 18 23:39:59 np0005651379.novalocal object-server[100256]: ::1 - - [19/Mar/2026:03:39:59 +0000] "GET /1/231418/AUTH_2c0dd7efa1e94d879bc5da8c6f19a646/gnocchi.85c13cce-75bb-4535-88ea-efac4f37d8f3/none_v3" 404 70 "GET https://[::1]:8080/v1/AUTH_2c0dd7efa1e94d879bc5da8c6f19a646/gnocchi.85c13cce-75bb-4535-88ea-efac4f37d8f3/none_v3" "txa46768e0d6e444099048a-0069bb700f" "proxy-server 101374" 0.0004 "-" 100256 0
Mar 18 23:39:59 np0005651379.novalocal object-server[100257]: ::1 - - [19/Mar/2026:03:39:59 +0000] "GET /3/231418/AUTH_2c0dd7efa1e94d879bc5da8c6f19a646/gnocchi.85c13cce-75bb-4535-88ea-efac4f37d8f3/none_v3" 404 70 "GET https://[::1]:8080/v1/AUTH_2c0dd7efa1e94d879bc5da8c6f19a646/gnocchi.85c13cce-75bb-4535-88ea-efac4f37d8f3/none_v3" "txa46768e0d6e444099048a-0069bb700f" "proxy-server 101374" 0.0005 "-" 100257 0
Mar 18 23:39:59 np0005651379.novalocal object-server[100256]: ::1 - - [19/Mar/2026:03:39:59 +0000] "GET /2/231418/AUTH_2c0dd7efa1e94d879bc5da8c6f19a646/gnocchi.85c13cce-75bb-4535-88ea-efac4f37d8f3/none_v3" 404 70 "GET https://[::1]:8080/v1/AUTH_2c0dd7efa1e94d879bc5da8c6f19a646/gnocchi.85c13cce-75bb-4535-88ea-efac4f37d8f3/none_v3" "txa46768e0d6e444099048a-0069bb700f" "proxy-server 101374" 0.0003 "-" 100256 0
Mar 18 23:39:59 np0005651379.novalocal proxy-server[101374]: ::1 ::1 19/Mar/2026/03/39/59 GET /v1/AUTH_2c0dd7efa1e94d879bc5da8c6f19a646/gnocchi.85c13cce-75bb-4535-88ea-efac4f37d8f3/none_v3 HTTP/1.0 404 - python-swiftclient-4.8.0 gAAAAABpu2_xITFz... - 70 - txa46768e0d6e444099048a-0069bb700f - 0.0281 - - 1773891599.236979485 1773891599.265101910 0 e61d2c26cb6146fb88642c1126e377de
Mar 18 23:39:59 np0005651379.novalocal account-server[99474]: ::1 - - [19/Mar/2026:03:39:59 +0000] "PUT /3/184762/AUTH_2c0dd7efa1e94d879bc5da8c6f19a646/gnocchi.85c13cce-75bb-4535-88ea-efac4f37d8f3" 201 - "PUT http://[::1]:6001/3/188558/AUTH_2c0dd7efa1e94d879bc5da8c6f19a646/gnocchi.85c13cce-75bb-4535-88ea-efac4f37d8f3" "txd90843bf9b02461a9d99c-0069bb700f" "container-server 99867" 0.0050 "-" 99474 0
Mar 18 23:39:59 np0005651379.novalocal account-server[99475]: ::1 - - [19/Mar/2026:03:39:59 +0000] "PUT /1/184762/AUTH_2c0dd7efa1e94d879bc5da8c6f19a646/gnocchi.85c13cce-75bb-4535-88ea-efac4f37d8f3" 201 - "PUT http://[::1]:6001/2/188558/AUTH_2c0dd7efa1e94d879bc5da8c6f19a646/gnocchi.85c13cce-75bb-4535-88ea-efac4f37d8f3" "txd90843bf9b02461a9d99c-0069bb700f" "container-server 99868" 0.0048 "-" 99475 0
Mar 18 23:39:59 np0005651379.novalocal container-server[99868]: ::1 - - [19/Mar/2026:03:39:59 +0000] "PUT /2/188558/AUTH_2c0dd7efa1e94d879bc5da8c6f19a646/gnocchi.85c13cce-75bb-4535-88ea-efac4f37d8f3" 201 - "PUT https://[::1]:8080/v1/AUTH_2c0dd7efa1e94d879bc5da8c6f19a646/gnocchi.85c13cce-75bb-4535-88ea-efac4f37d8f3" "txd90843bf9b02461a9d99c-0069bb700f" "proxy-server 101374" 0.0248 "-" 99868 0
Mar 18 23:39:59 np0005651379.novalocal container-server[99867]: ::1 - - [19/Mar/2026:03:39:59 +0000] "PUT /3/188558/AUTH_2c0dd7efa1e94d879bc5da8c6f19a646/gnocchi.85c13cce-75bb-4535-88ea-efac4f37d8f3" 201 - "PUT https://[::1]:8080/v1/AUTH_2c0dd7efa1e94d879bc5da8c6f19a646/gnocchi.85c13cce-75bb-4535-88ea-efac4f37d8f3" "txd90843bf9b02461a9d99c-0069bb700f" "proxy-server 101374" 0.0257 "-" 99867 0
Mar 18 23:39:59 np0005651379.novalocal account-server[99474]: ::1 - - [19/Mar/2026:03:39:59 +0000] "PUT /2/184762/AUTH_2c0dd7efa1e94d879bc5da8c6f19a646/gnocchi.85c13cce-75bb-4535-88ea-efac4f37d8f3" 201 - "PUT http://[::1]:6001/1/188558/AUTH_2c0dd7efa1e94d879bc5da8c6f19a646/gnocchi.85c13cce-75bb-4535-88ea-efac4f37d8f3" "txd90843bf9b02461a9d99c-0069bb700f" "container-server 99868" 0.0051 "-" 99474 0
Mar 18 23:39:59 np0005651379.novalocal container-server[99868]: ::1 - - [19/Mar/2026:03:39:59 +0000] "PUT /1/188558/AUTH_2c0dd7efa1e94d879bc5da8c6f19a646/gnocchi.85c13cce-75bb-4535-88ea-efac4f37d8f3" 201 - "PUT https://[::1]:8080/v1/AUTH_2c0dd7efa1e94d879bc5da8c6f19a646/gnocchi.85c13cce-75bb-4535-88ea-efac4f37d8f3" "txd90843bf9b02461a9d99c-0069bb700f" "proxy-server 101374" 0.0184 "-" 99868 0
Mar 18 23:39:59 np0005651379.novalocal proxy-server[101374]: ::1 ::1 19/Mar/2026/03/39/59 PUT /v1/AUTH_2c0dd7efa1e94d879bc5da8c6f19a646/gnocchi.85c13cce-75bb-4535-88ea-efac4f37d8f3 HTTP/1.0 201 - python-swiftclient-4.8.0 gAAAAABpu2_xITFz... - - - txd90843bf9b02461a9d99c-0069bb700f - 0.0374 - - 1773891599.268966198 1773891599.306382418 0 e61d2c26cb6146fb88642c1126e377de
Mar 18 23:39:59 np0005651379.novalocal container-server[99868]: ::1 - - [19/Mar/2026:03:39:59 +0000] "HEAD /3/188558/AUTH_2c0dd7efa1e94d879bc5da8c6f19a646/gnocchi.85c13cce-75bb-4535-88ea-efac4f37d8f3" 204 - "HEAD http://[::1]:8080/v1/AUTH_2c0dd7efa1e94d879bc5da8c6f19a646/gnocchi.85c13cce-75bb-4535-88ea-efac4f37d8f3" "txc8bfb2ecfea444efa0bf5-0069bb700f" "proxy-server 101374" 0.0013 "-" 99868 0
Mar 18 23:39:59 np0005651379.novalocal proxy-server[101374]: - - 19/Mar/2026/03/39/59 HEAD /v1/AUTH_2c0dd7efa1e94d879bc5da8c6f19a646/gnocchi.85c13cce-75bb-4535-88ea-efac4f37d8f3 HTTP/1.0 204 - Swift - - - - txc8bfb2ecfea444efa0bf5-0069bb700f - 0.0055 CS - 1773891599.313240767 1773891599.318776846 0 -
Mar 18 23:39:59 np0005651379.novalocal container-server[99867]: ::1 - - [19/Mar/2026:03:39:59 +0000] "GET /2/188558/AUTH_2c0dd7efa1e94d879bc5da8c6f19a646/gnocchi.85c13cce-75bb-4535-88ea-efac4f37d8f3" 200 2 "GET https://[::1]:8080/v1/AUTH_2c0dd7efa1e94d879bc5da8c6f19a646/gnocchi.85c13cce-75bb-4535-88ea-efac4f37d8f3?format=json&states=listing" "txc8bfb2ecfea444efa0bf5-0069bb700f" "proxy-server 101374" 0.0032 "-" 99867 0
Mar 18 23:39:59 np0005651379.novalocal systemd[1]: run-netns-qrouter\x2d61040305\x2d0a83\x2d45ed\x2dbb5c\x2d1937da5b5c64.mount: Deactivated successfully.
Mar 18 23:39:59 np0005651379.novalocal proxy-server[101374]: ::1 ::1 19/Mar/2026/03/39/59 GET /v1/AUTH_2c0dd7efa1e94d879bc5da8c6f19a646/gnocchi.85c13cce-75bb-4535-88ea-efac4f37d8f3%3Fformat%3Djson%26states%3Dlisting HTTP/1.0 200 - python-swiftclient-4.8.0 gAAAAABpu2_xITFz... - 2 - txc8bfb2ecfea444efa0bf5-0069bb700f - 0.0200 - - 1773891599.312299728 1773891599.332295179 0 e61d2c26cb6146fb88642c1126e377de
Mar 18 23:39:59 np0005651379.novalocal object-server[100256]: ::1 - - [19/Mar/2026:03:39:59 +0000] "GET /1/129879/AUTH_2c0dd7efa1e94d879bc5da8c6f19a646/gnocchi.85c13cce-75bb-4535-88ea-efac4f37d8f3/1773360000.0_mean_300.0_v3" 404 70 "GET https://[::1]:8080/v1/AUTH_2c0dd7efa1e94d879bc5da8c6f19a646/gnocchi.85c13cce-75bb-4535-88ea-efac4f37d8f3/1773360000.0_mean_300.0_v3" "txdcc9267608114ed7acfa5-0069bb700f" "proxy-server 101374" 0.0005 "-" 100256 0
Mar 18 23:39:59 np0005651379.novalocal object-server[100257]: ::1 - - [19/Mar/2026:03:39:59 +0000] "GET /3/129879/AUTH_2c0dd7efa1e94d879bc5da8c6f19a646/gnocchi.85c13cce-75bb-4535-88ea-efac4f37d8f3/1773360000.0_mean_300.0_v3" 404 70 "GET https://[::1]:8080/v1/AUTH_2c0dd7efa1e94d879bc5da8c6f19a646/gnocchi.85c13cce-75bb-4535-88ea-efac4f37d8f3/1773360000.0_mean_300.0_v3" "txdcc9267608114ed7acfa5-0069bb700f" "proxy-server 101374" 0.0005 "-" 100257 0
Mar 18 23:39:59 np0005651379.novalocal object-server[100257]: ::1 - - [19/Mar/2026:03:39:59 +0000] "GET /2/129879/AUTH_2c0dd7efa1e94d879bc5da8c6f19a646/gnocchi.85c13cce-75bb-4535-88ea-efac4f37d8f3/1773360000.0_mean_300.0_v3" 404 70 "GET https://[::1]:8080/v1/AUTH_2c0dd7efa1e94d879bc5da8c6f19a646/gnocchi.85c13cce-75bb-4535-88ea-efac4f37d8f3/1773360000.0_mean_300.0_v3" "txdcc9267608114ed7acfa5-0069bb700f" "proxy-server 101374" 0.0003 "-" 100257 0
Mar 18 23:39:59 np0005651379.novalocal proxy-server[101374]: ::1 ::1 19/Mar/2026/03/39/59 GET /v1/AUTH_2c0dd7efa1e94d879bc5da8c6f19a646/gnocchi.85c13cce-75bb-4535-88ea-efac4f37d8f3/1773360000.0_mean_300.0_v3 HTTP/1.0 404 - python-swiftclient-4.8.0 gAAAAABpu2_xITFz... - 70 - txdcc9267608114ed7acfa5-0069bb700f - 0.0140 - - 1773891599.336637497 1773891599.350634813 0 e61d2c26cb6146fb88642c1126e377de
Mar 18 23:39:59 np0005651379.novalocal container-server[99867]: ::1 - - [19/Mar/2026:03:39:59 +0000] "PUT /3/188558/AUTH_2c0dd7efa1e94d879bc5da8c6f19a646/gnocchi.85c13cce-75bb-4535-88ea-efac4f37d8f3/1773360000.0_mean_300.0_v3" 201 - "PUT http://[::1]:8080/1/129879/AUTH_2c0dd7efa1e94d879bc5da8c6f19a646/gnocchi.85c13cce-75bb-4535-88ea-efac4f37d8f3/1773360000.0_mean_300.0_v3" "tx93dc534880ea4b6a9c0c7-0069bb700f" "object-server 100257" 0.0011 "-" 99867 0
Mar 18 23:39:59 np0005651379.novalocal container-server[99868]: ::1 - - [19/Mar/2026:03:39:59 +0000] "PUT /1/188558/AUTH_2c0dd7efa1e94d879bc5da8c6f19a646/gnocchi.85c13cce-75bb-4535-88ea-efac4f37d8f3/1773360000.0_mean_300.0_v3" 201 - "PUT http://[::1]:8080/3/129879/AUTH_2c0dd7efa1e94d879bc5da8c6f19a646/gnocchi.85c13cce-75bb-4535-88ea-efac4f37d8f3/1773360000.0_mean_300.0_v3" "tx93dc534880ea4b6a9c0c7-0069bb700f" "object-server 100257" 0.0008 "-" 99868 0
Mar 18 23:39:59 np0005651379.novalocal object-server[100257]: ::1 - - [19/Mar/2026:03:39:59 +0000] "PUT /1/129879/AUTH_2c0dd7efa1e94d879bc5da8c6f19a646/gnocchi.85c13cce-75bb-4535-88ea-efac4f37d8f3/1773360000.0_mean_300.0_v3" 201 - "PUT https://[::1]:8080/v1/AUTH_2c0dd7efa1e94d879bc5da8c6f19a646/gnocchi.85c13cce-75bb-4535-88ea-efac4f37d8f3/1773360000.0_mean_300.0_v3" "tx93dc534880ea4b6a9c0c7-0069bb700f" "proxy-server 101374" 0.0134 "-" 100257 0
Mar 18 23:39:59 np0005651379.novalocal container-server[99867]: ::1 - - [19/Mar/2026:03:39:59 +0000] "PUT /2/188558/AUTH_2c0dd7efa1e94d879bc5da8c6f19a646/gnocchi.85c13cce-75bb-4535-88ea-efac4f37d8f3/1773360000.0_mean_300.0_v3" 201 - "PUT http://[::1]:8080/2/129879/AUTH_2c0dd7efa1e94d879bc5da8c6f19a646/gnocchi.85c13cce-75bb-4535-88ea-efac4f37d8f3/1773360000.0_mean_300.0_v3" "tx93dc534880ea4b6a9c0c7-0069bb700f" "object-server 100257" 0.0005 "-" 99867 0
Mar 18 23:39:59 np0005651379.novalocal object-server[100257]: ::1 - - [19/Mar/2026:03:39:59 +0000] "PUT /3/129879/AUTH_2c0dd7efa1e94d879bc5da8c6f19a646/gnocchi.85c13cce-75bb-4535-88ea-efac4f37d8f3/1773360000.0_mean_300.0_v3" 201 - "PUT https://[::1]:8080/v1/AUTH_2c0dd7efa1e94d879bc5da8c6f19a646/gnocchi.85c13cce-75bb-4535-88ea-efac4f37d8f3/1773360000.0_mean_300.0_v3" "tx93dc534880ea4b6a9c0c7-0069bb700f" "proxy-server 101374" 0.0182 "-" 100257 0
Mar 18 23:39:59 np0005651379.novalocal object-server[100257]: ::1 - - [19/Mar/2026:03:39:59 +0000] "PUT /2/129879/AUTH_2c0dd7efa1e94d879bc5da8c6f19a646/gnocchi.85c13cce-75bb-4535-88ea-efac4f37d8f3/1773360000.0_mean_300.0_v3" 201 - "PUT https://[::1]:8080/v1/AUTH_2c0dd7efa1e94d879bc5da8c6f19a646/gnocchi.85c13cce-75bb-4535-88ea-efac4f37d8f3/1773360000.0_mean_300.0_v3" "tx93dc534880ea4b6a9c0c7-0069bb700f" "proxy-server 101374" 0.0174 "-" 100257 0
Mar 18 23:39:59 np0005651379.novalocal proxy-server[101374]: ::1 ::1 19/Mar/2026/03/39/59 PUT /v1/AUTH_2c0dd7efa1e94d879bc5da8c6f19a646/gnocchi.85c13cce-75bb-4535-88ea-efac4f37d8f3/1773360000.0_mean_300.0_v3 HTTP/1.0 201 - python-swiftclient-4.8.0 gAAAAABpu2_xITFz... 16 - - tx93dc534880ea4b6a9c0c7-0069bb700f - 0.0273 - - 1773891599.352856159 1773891599.380131483 0 e61d2c26cb6146fb88642c1126e377de
Mar 18 23:39:59 np0005651379.novalocal account-server[99474]: ::1 - - [19/Mar/2026:03:39:59 +0000] "HEAD /3/259413/.expiring_objects" 404 - "HEAD http://localhost/v1/.expiring_objects?format=json" "txe6244536d5b64fc8b58bd-0069bb700f" "Swift Object Expirer" 0.0005 "-" 99474 -
Mar 18 23:39:59 np0005651379.novalocal account-server[99475]: ::1 - - [19/Mar/2026:03:39:59 +0000] "HEAD /2/259413/.expiring_objects" 404 - "HEAD http://localhost/v1/.expiring_objects?format=json" "txe6244536d5b64fc8b58bd-0069bb700f" "Swift Object Expirer" 0.0004 "-" 99475 -
Mar 18 23:39:59 np0005651379.novalocal account-server[99474]: ::1 - - [19/Mar/2026:03:39:59 +0000] "HEAD /1/259413/.expiring_objects" 404 - "HEAD http://localhost/v1/.expiring_objects?format=json" "txe6244536d5b64fc8b58bd-0069bb700f" "Swift Object Expirer" 0.0002 "-" 99474 -
Mar 18 23:39:59 np0005651379.novalocal object-expirer-ic[94653]: - - 19/Mar/2026/03/39/59 HEAD /v1/.expiring_objects%3Fformat%3Djson HTTP/1.0 404 - Swift%20Object%20Expirer - - - - txe6244536d5b64fc8b58bd-0069bb700f - 0.0102 - - 1773891599.382314205 1773891599.392496347 - -
Mar 18 23:39:59 np0005651379.novalocal object-expirer[94653]: Pass completed in 0s; 0 objects expired
Mar 18 23:39:59 np0005651379.novalocal container-server[99868]: ::1 - - [19/Mar/2026:03:39:59 +0000] "PUT /2/188558/AUTH_2c0dd7efa1e94d879bc5da8c6f19a646/gnocchi.85c13cce-75bb-4535-88ea-efac4f37d8f3/none_v3" 201 - "PUT http://[::1]:8080/2/231418/AUTH_2c0dd7efa1e94d879bc5da8c6f19a646/gnocchi.85c13cce-75bb-4535-88ea-efac4f37d8f3/none_v3" "tx0ed956c8f19740cdb910c-0069bb700f" "object-server 100257" 0.0005 "-" 99868 0
Mar 18 23:39:59 np0005651379.novalocal container-server[99867]: ::1 - - [19/Mar/2026:03:39:59 +0000] "PUT /1/188558/AUTH_2c0dd7efa1e94d879bc5da8c6f19a646/gnocchi.85c13cce-75bb-4535-88ea-efac4f37d8f3/none_v3" 201 - "PUT http://[::1]:8080/1/231418/AUTH_2c0dd7efa1e94d879bc5da8c6f19a646/gnocchi.85c13cce-75bb-4535-88ea-efac4f37d8f3/none_v3" "tx0ed956c8f19740cdb910c-0069bb700f" "object-server 100256" 0.0005 "-" 99867 0
Mar 18 23:39:59 np0005651379.novalocal object-server[100257]: ::1 - - [19/Mar/2026:03:39:59 +0000] "PUT /2/231418/AUTH_2c0dd7efa1e94d879bc5da8c6f19a646/gnocchi.85c13cce-75bb-4535-88ea-efac4f37d8f3/none_v3" 201 - "PUT https://[::1]:8080/v1/AUTH_2c0dd7efa1e94d879bc5da8c6f19a646/gnocchi.85c13cce-75bb-4535-88ea-efac4f37d8f3/none_v3" "tx0ed956c8f19740cdb910c-0069bb700f" "proxy-server 101374" 0.0124 "-" 100257 0
Mar 18 23:39:59 np0005651379.novalocal container-server[99868]: ::1 - - [19/Mar/2026:03:39:59 +0000] "PUT /3/188558/AUTH_2c0dd7efa1e94d879bc5da8c6f19a646/gnocchi.85c13cce-75bb-4535-88ea-efac4f37d8f3/none_v3" 201 - "PUT http://[::1]:8080/3/231418/AUTH_2c0dd7efa1e94d879bc5da8c6f19a646/gnocchi.85c13cce-75bb-4535-88ea-efac4f37d8f3/none_v3" "tx0ed956c8f19740cdb910c-0069bb700f" "object-server 100257" 0.0003 "-" 99868 0
Mar 18 23:39:59 np0005651379.novalocal object-server[100256]: ::1 - - [19/Mar/2026:03:39:59 +0000] "PUT /1/231418/AUTH_2c0dd7efa1e94d879bc5da8c6f19a646/gnocchi.85c13cce-75bb-4535-88ea-efac4f37d8f3/none_v3" 201 - "PUT https://[::1]:8080/v1/AUTH_2c0dd7efa1e94d879bc5da8c6f19a646/gnocchi.85c13cce-75bb-4535-88ea-efac4f37d8f3/none_v3" "tx0ed956c8f19740cdb910c-0069bb700f" "proxy-server 101374" 0.0139 "-" 100256 0
Mar 18 23:39:59 np0005651379.novalocal object-server[100257]: ::1 - - [19/Mar/2026:03:39:59 +0000] "PUT /3/231418/AUTH_2c0dd7efa1e94d879bc5da8c6f19a646/gnocchi.85c13cce-75bb-4535-88ea-efac4f37d8f3/none_v3" 201 - "PUT https://[::1]:8080/v1/AUTH_2c0dd7efa1e94d879bc5da8c6f19a646/gnocchi.85c13cce-75bb-4535-88ea-efac4f37d8f3/none_v3" "tx0ed956c8f19740cdb910c-0069bb700f" "proxy-server 101374" 0.0118 "-" 100257 0
Mar 18 23:39:59 np0005651379.novalocal proxy-server[101374]: ::1 ::1 19/Mar/2026/03/39/59 PUT /v1/AUTH_2c0dd7efa1e94d879bc5da8c6f19a646/gnocchi.85c13cce-75bb-4535-88ea-efac4f37d8f3/none_v3 HTTP/1.0 201 - python-swiftclient-4.8.0 gAAAAABpu2_xITFz... 22 - - tx0ed956c8f19740cdb910c-0069bb700f - 0.0299 - - 1773891599.382885933 1773891599.412744045 0 e61d2c26cb6146fb88642c1126e377de
Mar 18 23:39:59 np0005651379.novalocal object-server[100256]: ::1 - - [19/Mar/2026:03:39:59 +0000] "GET /3/43212/AUTH_2c0dd7efa1e94d879bc5da8c6f19a646/gnocchi.af8aa5d8-5c19-466c-b05f-fd9000b44976/none_v3" 200 22 "GET https://[::1]:8080/v1/AUTH_2c0dd7efa1e94d879bc5da8c6f19a646/gnocchi.af8aa5d8-5c19-466c-b05f-fd9000b44976/none_v3" "txff32921b54b94c40a45b7-0069bb700f" "proxy-server 101374" 0.0010 "-" 100256 0
Mar 18 23:39:59 np0005651379.novalocal proxy-server[101374]: ::1 ::1 19/Mar/2026/03/39/59 GET /v1/AUTH_2c0dd7efa1e94d879bc5da8c6f19a646/gnocchi.af8aa5d8-5c19-466c-b05f-fd9000b44976/none_v3 HTTP/1.0 200 - python-swiftclient-4.8.0 gAAAAABpu2_xITFz... - 22 - txff32921b54b94c40a45b7-0069bb700f - 0.0112 - - 1773891599.423669577 1773891599.434881687 0 e61d2c26cb6146fb88642c1126e377de
Mar 18 23:39:59 np0005651379.novalocal container-server[99868]: ::1 - - [19/Mar/2026:03:39:59 +0000] "GET /1/224634/AUTH_2c0dd7efa1e94d879bc5da8c6f19a646/gnocchi.af8aa5d8-5c19-466c-b05f-fd9000b44976" 200 357 "GET https://[::1]:8080/v1/AUTH_2c0dd7efa1e94d879bc5da8c6f19a646/gnocchi.af8aa5d8-5c19-466c-b05f-fd9000b44976?format=json&states=listing" "txd739c4de75854acc97f8f-0069bb700f" "proxy-server 101374" 0.0026 "-" 99868 0
Mar 18 23:39:59 np0005651379.novalocal proxy-server[101374]: ::1 ::1 19/Mar/2026/03/39/59 GET /v1/AUTH_2c0dd7efa1e94d879bc5da8c6f19a646/gnocchi.af8aa5d8-5c19-466c-b05f-fd9000b44976%3Fformat%3Djson%26states%3Dlisting HTTP/1.0 200 - python-swiftclient-4.8.0 gAAAAABpu2_xITFz... - 357 - txd739c4de75854acc97f8f-0069bb700f - 0.0117 - - 1773891599.438320398 1773891599.450006962 0 e61d2c26cb6146fb88642c1126e377de
Mar 18 23:39:59 np0005651379.novalocal container-server[99868]: ::1 - - [19/Mar/2026:03:39:59 +0000] "GET /1/224634/AUTH_2c0dd7efa1e94d879bc5da8c6f19a646/gnocchi.af8aa5d8-5c19-466c-b05f-fd9000b44976" 200 2 "GET https://[::1]:8080/v1/AUTH_2c0dd7efa1e94d879bc5da8c6f19a646/gnocchi.af8aa5d8-5c19-466c-b05f-fd9000b44976?format=json&marker=none_v3&states=listing" "tx5b6d24ac7a8d4004a39ff-0069bb700f" "proxy-server 101374" 0.0025 "-" 99868 0
Mar 18 23:39:59 np0005651379.novalocal proxy-server[101374]: ::1 ::1 19/Mar/2026/03/39/59 GET /v1/AUTH_2c0dd7efa1e94d879bc5da8c6f19a646/gnocchi.af8aa5d8-5c19-466c-b05f-fd9000b44976%3Fformat%3Djson%26marker%3Dnone_v3%26states%3Dlisting HTTP/1.0 200 - python-swiftclient-4.8.0 gAAAAABpu2_xITFz... - 2 - tx5b6d24ac7a8d4004a39ff-0069bb700f - 0.0101 - - 1773891599.452651262 1773891599.462795019 0 e61d2c26cb6146fb88642c1126e377de
Mar 18 23:39:59 np0005651379.novalocal object-server[100257]: ::1 - - [19/Mar/2026:03:39:59 +0000] "GET /3/119662/AUTH_2c0dd7efa1e94d879bc5da8c6f19a646/gnocchi.af8aa5d8-5c19-466c-b05f-fd9000b44976/1773360000.0_mean_300.0_v3" 200 16 "GET https://[::1]:8080/v1/AUTH_2c0dd7efa1e94d879bc5da8c6f19a646/gnocchi.af8aa5d8-5c19-466c-b05f-fd9000b44976/1773360000.0_mean_300.0_v3" "tx245d3108a2fa408e81ad5-0069bb700f" "proxy-server 101374" 0.0011 "-" 100257 0
Mar 18 23:39:59 np0005651379.novalocal proxy-server[101374]: ::1 ::1 19/Mar/2026/03/39/59 GET /v1/AUTH_2c0dd7efa1e94d879bc5da8c6f19a646/gnocchi.af8aa5d8-5c19-466c-b05f-fd9000b44976/1773360000.0_mean_300.0_v3 HTTP/1.0 200 - python-swiftclient-4.8.0 gAAAAABpu2_xITFz... - 16 - tx245d3108a2fa408e81ad5-0069bb700f - 0.0095 - - 1773891599.466083050 1773891599.475630522 0 e61d2c26cb6146fb88642c1126e377de
Mar 18 23:39:59 np0005651379.novalocal container-server[99867]: ::1 - - [19/Mar/2026:03:39:59 +0000] "PUT /1/224634/AUTH_2c0dd7efa1e94d879bc5da8c6f19a646/gnocchi.af8aa5d8-5c19-466c-b05f-fd9000b44976/1773360000.0_mean_300.0_v3" 201 - "PUT http://[::1]:8080/2/119662/AUTH_2c0dd7efa1e94d879bc5da8c6f19a646/gnocchi.af8aa5d8-5c19-466c-b05f-fd9000b44976/1773360000.0_mean_300.0_v3" "tx4c1e836d172544eb8f586-0069bb700f" "object-server 100257" 0.0007 "-" 99867 0
Mar 18 23:39:59 np0005651379.novalocal container-server[99868]: ::1 - - [19/Mar/2026:03:39:59 +0000] "PUT /3/224634/AUTH_2c0dd7efa1e94d879bc5da8c6f19a646/gnocchi.af8aa5d8-5c19-466c-b05f-fd9000b44976/1773360000.0_mean_300.0_v3" 201 - "PUT http://[::1]:8080/1/119662/AUTH_2c0dd7efa1e94d879bc5da8c6f19a646/gnocchi.af8aa5d8-5c19-466c-b05f-fd9000b44976/1773360000.0_mean_300.0_v3" "tx4c1e836d172544eb8f586-0069bb700f" "object-server 100256" 0.0005 "-" 99868 0
Mar 18 23:39:59 np0005651379.novalocal object-server[100257]: ::1 - - [19/Mar/2026:03:39:59 +0000] "PUT /2/119662/AUTH_2c0dd7efa1e94d879bc5da8c6f19a646/gnocchi.af8aa5d8-5c19-466c-b05f-fd9000b44976/1773360000.0_mean_300.0_v3" 201 - "PUT https://[::1]:8080/v1/AUTH_2c0dd7efa1e94d879bc5da8c6f19a646/gnocchi.af8aa5d8-5c19-466c-b05f-fd9000b44976/1773360000.0_mean_300.0_v3" "tx4c1e836d172544eb8f586-0069bb700f" "proxy-server 101374" 0.0157 "-" 100257 0
Mar 18 23:39:59 np0005651379.novalocal object-server[100256]: ::1 - - [19/Mar/2026:03:39:59 +0000] "PUT /1/119662/AUTH_2c0dd7efa1e94d879bc5da8c6f19a646/gnocchi.af8aa5d8-5c19-466c-b05f-fd9000b44976/1773360000.0_mean_300.0_v3" 201 - "PUT https://[::1]:8080/v1/AUTH_2c0dd7efa1e94d879bc5da8c6f19a646/gnocchi.af8aa5d8-5c19-466c-b05f-fd9000b44976/1773360000.0_mean_300.0_v3" "tx4c1e836d172544eb8f586-0069bb700f" "proxy-server 101374" 0.0139 "-" 100256 0
Mar 18 23:39:59 np0005651379.novalocal container-server[99868]: ::1 - - [19/Mar/2026:03:39:59 +0000] "PUT /2/224634/AUTH_2c0dd7efa1e94d879bc5da8c6f19a646/gnocchi.af8aa5d8-5c19-466c-b05f-fd9000b44976/1773360000.0_mean_300.0_v3" 201 - "PUT http://[::1]:8080/3/119662/AUTH_2c0dd7efa1e94d879bc5da8c6f19a646/gnocchi.af8aa5d8-5c19-466c-b05f-fd9000b44976/1773360000.0_mean_300.0_v3" "tx4c1e836d172544eb8f586-0069bb700f" "object-server 100256" 0.0005 "-" 99868 0
Mar 18 23:39:59 np0005651379.novalocal dnsmasq[106804]: exiting on receipt of SIGTERM
Mar 18 23:39:59 np0005651379.novalocal object-server[100256]: ::1 - - [19/Mar/2026:03:39:59 +0000] "PUT /3/119662/AUTH_2c0dd7efa1e94d879bc5da8c6f19a646/gnocchi.af8aa5d8-5c19-466c-b05f-fd9000b44976/1773360000.0_mean_300.0_v3" 201 - "PUT https://[::1]:8080/v1/AUTH_2c0dd7efa1e94d879bc5da8c6f19a646/gnocchi.af8aa5d8-5c19-466c-b05f-fd9000b44976/1773360000.0_mean_300.0_v3" "tx4c1e836d172544eb8f586-0069bb700f" "proxy-server 101374" 0.0188 "-" 100256 0
Mar 18 23:39:59 np0005651379.novalocal proxy-server[101374]: ::1 ::1 19/Mar/2026/03/39/59 PUT /v1/AUTH_2c0dd7efa1e94d879bc5da8c6f19a646/gnocchi.af8aa5d8-5c19-466c-b05f-fd9000b44976/1773360000.0_mean_300.0_v3 HTTP/1.0 201 - python-swiftclient-4.8.0 gAAAAABpu2_xITFz... 16 - - tx4c1e836d172544eb8f586-0069bb700f - 0.0282 - - 1773891599.478226900 1773891599.506403446 0 e61d2c26cb6146fb88642c1126e377de
Mar 18 23:39:59 np0005651379.novalocal kernel: tapaccbcf72-f2: left promiscuous mode
Mar 18 23:39:59 np0005651379.novalocal container-server[99867]: ::1 - - [19/Mar/2026:03:39:59 +0000] "PUT /3/224634/AUTH_2c0dd7efa1e94d879bc5da8c6f19a646/gnocchi.af8aa5d8-5c19-466c-b05f-fd9000b44976/none_v3" 201 - "PUT http://[::1]:8080/1/43212/AUTH_2c0dd7efa1e94d879bc5da8c6f19a646/gnocchi.af8aa5d8-5c19-466c-b05f-fd9000b44976/none_v3" "txde7c226d157541d7a590f-0069bb700f" "object-server 100257" 0.0006 "-" 99867 0
Mar 18 23:39:59 np0005651379.novalocal object-server[100257]: ::1 - - [19/Mar/2026:03:39:59 +0000] "PUT /1/43212/AUTH_2c0dd7efa1e94d879bc5da8c6f19a646/gnocchi.af8aa5d8-5c19-466c-b05f-fd9000b44976/none_v3" 201 - "PUT https://[::1]:8080/v1/AUTH_2c0dd7efa1e94d879bc5da8c6f19a646/gnocchi.af8aa5d8-5c19-466c-b05f-fd9000b44976/none_v3" "txde7c226d157541d7a590f-0069bb700f" "proxy-server 101374" 0.0157 "-" 100257 0
Mar 18 23:39:59 np0005651379.novalocal container-server[99868]: ::1 - - [19/Mar/2026:03:39:59 +0000] "PUT /1/224634/AUTH_2c0dd7efa1e94d879bc5da8c6f19a646/gnocchi.af8aa5d8-5c19-466c-b05f-fd9000b44976/none_v3" 201 - "PUT http://[::1]:8080/2/43212/AUTH_2c0dd7efa1e94d879bc5da8c6f19a646/gnocchi.af8aa5d8-5c19-466c-b05f-fd9000b44976/none_v3" "txde7c226d157541d7a590f-0069bb700f" "object-server 100256" 0.0014 "-" 99868 0
Mar 18 23:39:59 np0005651379.novalocal container-server[99868]: ::1 - - [19/Mar/2026:03:39:59 +0000] "PUT /2/224634/AUTH_2c0dd7efa1e94d879bc5da8c6f19a646/gnocchi.af8aa5d8-5c19-466c-b05f-fd9000b44976/none_v3" 201 - "PUT http://[::1]:8080/3/43212/AUTH_2c0dd7efa1e94d879bc5da8c6f19a646/gnocchi.af8aa5d8-5c19-466c-b05f-fd9000b44976/none_v3" "txde7c226d157541d7a590f-0069bb700f" "object-server 100257" 0.0004 "-" 99868 0
Mar 18 23:39:59 np0005651379.novalocal object-server[100256]: ::1 - - [19/Mar/2026:03:39:59 +0000] "PUT /2/43212/AUTH_2c0dd7efa1e94d879bc5da8c6f19a646/gnocchi.af8aa5d8-5c19-466c-b05f-fd9000b44976/none_v3" 201 - "PUT https://[::1]:8080/v1/AUTH_2c0dd7efa1e94d879bc5da8c6f19a646/gnocchi.af8aa5d8-5c19-466c-b05f-fd9000b44976/none_v3" "txde7c226d157541d7a590f-0069bb700f" "proxy-server 101374" 0.0196 "-" 100256 0
Mar 18 23:39:59 np0005651379.novalocal object-server[100257]: ::1 - - [19/Mar/2026:03:39:59 +0000] "PUT /3/43212/AUTH_2c0dd7efa1e94d879bc5da8c6f19a646/gnocchi.af8aa5d8-5c19-466c-b05f-fd9000b44976/none_v3" 201 - "PUT https://[::1]:8080/v1/AUTH_2c0dd7efa1e94d879bc5da8c6f19a646/gnocchi.af8aa5d8-5c19-466c-b05f-fd9000b44976/none_v3" "txde7c226d157541d7a590f-0069bb700f" "proxy-server 101374" 0.0161 "-" 100257 0
Mar 18 23:39:59 np0005651379.novalocal proxy-server[101374]: ::1 ::1 19/Mar/2026/03/39/59 PUT /v1/AUTH_2c0dd7efa1e94d879bc5da8c6f19a646/gnocchi.af8aa5d8-5c19-466c-b05f-fd9000b44976/none_v3 HTTP/1.0 201 - python-swiftclient-4.8.0 gAAAAABpu2_xITFz... 38 - - txde7c226d157541d7a590f-0069bb700f - 0.0380 - - 1773891599.509339809 1773891599.547337770 0 e61d2c26cb6146fb88642c1126e377de
Mar 18 23:39:59 np0005651379.novalocal object-server[100257]: ::1 - - [19/Mar/2026:03:39:59 +0000] "GET /1/60475/AUTH_2c0dd7efa1e94d879bc5da8c6f19a646/gnocchi.a6df6575-3c27-4843-bc71-1f6deb1fdd03/none_v3" 200 22 "GET https://[::1]:8080/v1/AUTH_2c0dd7efa1e94d879bc5da8c6f19a646/gnocchi.a6df6575-3c27-4843-bc71-1f6deb1fdd03/none_v3" "tx0e1b762763e54836b42ef-0069bb700f" "proxy-server 101374" 0.0012 "-" 100257 0
Mar 18 23:39:59 np0005651379.novalocal proxy-server[101374]: ::1 ::1 19/Mar/2026/03/39/59 GET /v1/AUTH_2c0dd7efa1e94d879bc5da8c6f19a646/gnocchi.a6df6575-3c27-4843-bc71-1f6deb1fdd03/none_v3 HTTP/1.0 200 - python-swiftclient-4.8.0 gAAAAABpu2_uqf-H... - 22 - tx0e1b762763e54836b42ef-0069bb700f - 0.0122 - - 1773891599.593725681 1773891599.605960369 0 e61d2c26cb6146fb88642c1126e377de
Mar 18 23:39:59 np0005651379.novalocal container-server[99867]: ::1 - - [19/Mar/2026:03:39:59 +0000] "GET /3/18102/AUTH_2c0dd7efa1e94d879bc5da8c6f19a646/gnocchi.a6df6575-3c27-4843-bc71-1f6deb1fdd03" 200 357 "GET https://[::1]:8080/v1/AUTH_2c0dd7efa1e94d879bc5da8c6f19a646/gnocchi.a6df6575-3c27-4843-bc71-1f6deb1fdd03?format=json&states=listing" "tx3f82c4c3dfae4976a72a5-0069bb700f" "proxy-server 101374" 0.0027 "-" 99867 0
Mar 18 23:39:59 np0005651379.novalocal proxy-server[101374]: ::1 ::1 19/Mar/2026/03/39/59 GET /v1/AUTH_2c0dd7efa1e94d879bc5da8c6f19a646/gnocchi.a6df6575-3c27-4843-bc71-1f6deb1fdd03%3Fformat%3Djson%26states%3Dlisting HTTP/1.0 200 - python-swiftclient-4.8.0 gAAAAABpu2_uqf-H... - 357 - tx3f82c4c3dfae4976a72a5-0069bb700f - 0.0112 - - 1773891599.610856771 1773891599.622082710 0 e61d2c26cb6146fb88642c1126e377de
Mar 18 23:39:59 np0005651379.novalocal container-server[99868]: ::1 - - [19/Mar/2026:03:39:59 +0000] "GET /3/18102/AUTH_2c0dd7efa1e94d879bc5da8c6f19a646/gnocchi.a6df6575-3c27-4843-bc71-1f6deb1fdd03" 200 2 "GET https://[::1]:8080/v1/AUTH_2c0dd7efa1e94d879bc5da8c6f19a646/gnocchi.a6df6575-3c27-4843-bc71-1f6deb1fdd03?format=json&marker=none_v3&states=listing" "txdd573015cb3e4a9b9604a-0069bb700f" "proxy-server 101374" 0.0028 "-" 99868 0
Mar 18 23:39:59 np0005651379.novalocal proxy-server[101374]: ::1 ::1 19/Mar/2026/03/39/59 GET /v1/AUTH_2c0dd7efa1e94d879bc5da8c6f19a646/gnocchi.a6df6575-3c27-4843-bc71-1f6deb1fdd03%3Fformat%3Djson%26marker%3Dnone_v3%26states%3Dlisting HTTP/1.0 200 - python-swiftclient-4.8.0 gAAAAABpu2_uqf-H... - 2 - txdd573015cb3e4a9b9604a-0069bb700f - 0.0103 - - 1773891599.625195503 1773891599.635508537 0 e61d2c26cb6146fb88642c1126e377de
Mar 18 23:39:59 np0005651379.novalocal object-server[100256]: ::1 - - [19/Mar/2026:03:39:59 +0000] "GET /2/123721/AUTH_2c0dd7efa1e94d879bc5da8c6f19a646/gnocchi.a6df6575-3c27-4843-bc71-1f6deb1fdd03/1773360000.0_mean_300.0_v3" 200 16 "GET https://[::1]:8080/v1/AUTH_2c0dd7efa1e94d879bc5da8c6f19a646/gnocchi.a6df6575-3c27-4843-bc71-1f6deb1fdd03/1773360000.0_mean_300.0_v3" "tx3359cb9041c84976b996d-0069bb700f" "proxy-server 101374" 0.0011 "-" 100256 0
Mar 18 23:39:59 np0005651379.novalocal proxy-server[101374]: ::1 ::1 19/Mar/2026/03/39/59 GET /v1/AUTH_2c0dd7efa1e94d879bc5da8c6f19a646/gnocchi.a6df6575-3c27-4843-bc71-1f6deb1fdd03/1773360000.0_mean_300.0_v3 HTTP/1.0 200 - python-swiftclient-4.8.0 gAAAAABpu2_uqf-H... - 16 - tx3359cb9041c84976b996d-0069bb700f - 0.0086 - - 1773891599.638514996 1773891599.647089481 0 e61d2c26cb6146fb88642c1126e377de
Mar 18 23:39:59 np0005651379.novalocal container-server[99868]: ::1 - - [19/Mar/2026:03:39:59 +0000] "PUT /2/18102/AUTH_2c0dd7efa1e94d879bc5da8c6f19a646/gnocchi.a6df6575-3c27-4843-bc71-1f6deb1fdd03/1773360000.0_mean_300.0_v3" 201 - "PUT http://[::1]:8080/1/123721/AUTH_2c0dd7efa1e94d879bc5da8c6f19a646/gnocchi.a6df6575-3c27-4843-bc71-1f6deb1fdd03/1773360000.0_mean_300.0_v3" "txf4852835e5b04f719c585-0069bb700f" "object-server 100256" 0.0006 "-" 99868 0
Mar 18 23:39:59 np0005651379.novalocal container-server[99868]: ::1 - - [19/Mar/2026:03:39:59 +0000] "PUT /1/18102/AUTH_2c0dd7efa1e94d879bc5da8c6f19a646/gnocchi.a6df6575-3c27-4843-bc71-1f6deb1fdd03/1773360000.0_mean_300.0_v3" 201 - "PUT http://[::1]:8080/2/123721/AUTH_2c0dd7efa1e94d879bc5da8c6f19a646/gnocchi.a6df6575-3c27-4843-bc71-1f6deb1fdd03/1773360000.0_mean_300.0_v3" "txf4852835e5b04f719c585-0069bb700f" "object-server 100257" 0.0004 "-" 99868 0
Mar 18 23:39:59 np0005651379.novalocal object-server[100257]: ::1 - - [19/Mar/2026:03:39:59 +0000] "PUT /2/123721/AUTH_2c0dd7efa1e94d879bc5da8c6f19a646/gnocchi.a6df6575-3c27-4843-bc71-1f6deb1fdd03/1773360000.0_mean_300.0_v3" 201 - "PUT https://[::1]:8080/v1/AUTH_2c0dd7efa1e94d879bc5da8c6f19a646/gnocchi.a6df6575-3c27-4843-bc71-1f6deb1fdd03/1773360000.0_mean_300.0_v3" "txf4852835e5b04f719c585-0069bb700f" "proxy-server 101374" 0.0123 "-" 100257 0
