Mar 18 23:40:00 np0005651379.novalocal proxy-server[101374]: ::1 ::1 19/Mar/2026/03/40/00 PUT /v1/AUTH_2c0dd7efa1e94d879bc5da8c6f19a646/gnocchi.60fe9a10-1916-4c83-a083-87a26b710595/none_v3 HTTP/1.0 201 - python-swiftclient-4.8.0 gAAAAABpu2_uqf-H... 22 - - txfb7b5458c24f48b9bdf40-0069bb7010 - 0.0270 - - 1773891600.277408600 1773891600.304417133 0 e61d2c26cb6146fb88642c1126e377de
Mar 18 23:40:00 np0005651379.novalocal container-server[99868]: ::1 - - [19/Mar/2026:03:40:00 +0000] "HEAD /3/258317/AUTH_2c0dd7efa1e94d879bc5da8c6f19a646/gnocchi.6fb46633-20f1-4a2b-b1e4-b88749b91d1c" 404 - "HEAD http://[::1]:8080/v1/AUTH_2c0dd7efa1e94d879bc5da8c6f19a646/gnocchi.6fb46633-20f1-4a2b-b1e4-b88749b91d1c" "txbe37d927c3174c4c96f73-0069bb7010" "proxy-server 101374" 0.0003 "-" 99868 0
Mar 18 23:40:00 np0005651379.novalocal container-server[99868]: ::1 - - [19/Mar/2026:03:40:00 +0000] "HEAD /1/258317/AUTH_2c0dd7efa1e94d879bc5da8c6f19a646/gnocchi.6fb46633-20f1-4a2b-b1e4-b88749b91d1c" 404 - "HEAD http://[::1]:8080/v1/AUTH_2c0dd7efa1e94d879bc5da8c6f19a646/gnocchi.6fb46633-20f1-4a2b-b1e4-b88749b91d1c" "txbe37d927c3174c4c96f73-0069bb7010" "proxy-server 101374" 0.0003 "-" 99868 0
Mar 18 23:40:00 np0005651379.novalocal container-server[99867]: ::1 - - [19/Mar/2026:03:40:00 +0000] "HEAD /2/258317/AUTH_2c0dd7efa1e94d879bc5da8c6f19a646/gnocchi.6fb46633-20f1-4a2b-b1e4-b88749b91d1c" 404 - "HEAD http://[::1]:8080/v1/AUTH_2c0dd7efa1e94d879bc5da8c6f19a646/gnocchi.6fb46633-20f1-4a2b-b1e4-b88749b91d1c" "txbe37d927c3174c4c96f73-0069bb7010" "proxy-server 101374" 0.0004 "-" 99867 0
Mar 18 23:40:00 np0005651379.novalocal proxy-server[101374]: - - 19/Mar/2026/03/40/00 HEAD /v1/AUTH_2c0dd7efa1e94d879bc5da8c6f19a646/gnocchi.6fb46633-20f1-4a2b-b1e4-b88749b91d1c HTTP/1.0 404 - Swift - - - - txbe37d927c3174c4c96f73-0069bb7010 - 0.0109 CS - 1773891600.326812983 1773891600.337716341 0 -
Mar 18 23:40:00 np0005651379.novalocal object-server[100257]: ::1 - - [19/Mar/2026:03:40:00 +0000] "GET /1/199919/AUTH_2c0dd7efa1e94d879bc5da8c6f19a646/gnocchi.6fb46633-20f1-4a2b-b1e4-b88749b91d1c/none_v3" 404 70 "GET https://[::1]:8080/v1/AUTH_2c0dd7efa1e94d879bc5da8c6f19a646/gnocchi.6fb46633-20f1-4a2b-b1e4-b88749b91d1c/none_v3" "txbe37d927c3174c4c96f73-0069bb7010" "proxy-server 101374" 0.0008 "-" 100257 0
Mar 18 23:40:00 np0005651379.novalocal object-server[100256]: ::1 - - [19/Mar/2026:03:40:00 +0000] "GET /2/199919/AUTH_2c0dd7efa1e94d879bc5da8c6f19a646/gnocchi.6fb46633-20f1-4a2b-b1e4-b88749b91d1c/none_v3" 404 70 "GET https://[::1]:8080/v1/AUTH_2c0dd7efa1e94d879bc5da8c6f19a646/gnocchi.6fb46633-20f1-4a2b-b1e4-b88749b91d1c/none_v3" "txbe37d927c3174c4c96f73-0069bb7010" "proxy-server 101374" 0.0004 "-" 100256 0
Mar 18 23:40:00 np0005651379.novalocal object-server[100256]: ::1 - - [19/Mar/2026:03:40:00 +0000] "GET /3/199919/AUTH_2c0dd7efa1e94d879bc5da8c6f19a646/gnocchi.6fb46633-20f1-4a2b-b1e4-b88749b91d1c/none_v3" 404 70 "GET https://[::1]:8080/v1/AUTH_2c0dd7efa1e94d879bc5da8c6f19a646/gnocchi.6fb46633-20f1-4a2b-b1e4-b88749b91d1c/none_v3" "txbe37d927c3174c4c96f73-0069bb7010" "proxy-server 101374" 0.0002 "-" 100256 0
Mar 18 23:40:00 np0005651379.novalocal proxy-server[101374]: ::1 ::1 19/Mar/2026/03/40/00 GET /v1/AUTH_2c0dd7efa1e94d879bc5da8c6f19a646/gnocchi.6fb46633-20f1-4a2b-b1e4-b88749b91d1c/none_v3 HTTP/1.0 404 - python-swiftclient-4.8.0 gAAAAABpu2_uqf-H... - 70 - txbe37d927c3174c4c96f73-0069bb7010 - 0.0296 - - 1773891600.325860977 1773891600.355451345 0 e61d2c26cb6146fb88642c1126e377de
Mar 18 23:40:00 np0005651379.novalocal account-server[99474]: ::1 - - [19/Mar/2026:03:40:00 +0000] "PUT /2/184762/AUTH_2c0dd7efa1e94d879bc5da8c6f19a646/gnocchi.6fb46633-20f1-4a2b-b1e4-b88749b91d1c" 201 - "PUT http://[::1]:6001/3/258317/AUTH_2c0dd7efa1e94d879bc5da8c6f19a646/gnocchi.6fb46633-20f1-4a2b-b1e4-b88749b91d1c" "tx5cd8297d23164d83804b6-0069bb7010" "container-server 99867" 0.0061 "-" 99474 0
Mar 18 23:40:00 np0005651379.novalocal container-server[99867]: ::1 - - [19/Mar/2026:03:40:00 +0000] "PUT /3/258317/AUTH_2c0dd7efa1e94d879bc5da8c6f19a646/gnocchi.6fb46633-20f1-4a2b-b1e4-b88749b91d1c" 201 - "PUT https://[::1]:8080/v1/AUTH_2c0dd7efa1e94d879bc5da8c6f19a646/gnocchi.6fb46633-20f1-4a2b-b1e4-b88749b91d1c" "tx5cd8297d23164d83804b6-0069bb7010" "proxy-server 101374" 0.0134 "-" 99867 0
Mar 18 23:40:00 np0005651379.novalocal account-server[99474]: ::1 - - [19/Mar/2026:03:40:00 +0000] "PUT /3/184762/AUTH_2c0dd7efa1e94d879bc5da8c6f19a646/gnocchi.6fb46633-20f1-4a2b-b1e4-b88749b91d1c" 201 - "PUT http://[::1]:6001/1/258317/AUTH_2c0dd7efa1e94d879bc5da8c6f19a646/gnocchi.6fb46633-20f1-4a2b-b1e4-b88749b91d1c" "tx5cd8297d23164d83804b6-0069bb7010" "container-server 99867" 0.0050 "-" 99474 0
Mar 18 23:40:00 np0005651379.novalocal container-server[99867]: ::1 - - [19/Mar/2026:03:40:00 +0000] "PUT /1/258317/AUTH_2c0dd7efa1e94d879bc5da8c6f19a646/gnocchi.6fb46633-20f1-4a2b-b1e4-b88749b91d1c" 201 - "PUT https://[::1]:8080/v1/AUTH_2c0dd7efa1e94d879bc5da8c6f19a646/gnocchi.6fb46633-20f1-4a2b-b1e4-b88749b91d1c" "tx5cd8297d23164d83804b6-0069bb7010" "proxy-server 101374" 0.0143 "-" 99867 0
Mar 18 23:40:00 np0005651379.novalocal account-server[99475]: ::1 - - [19/Mar/2026:03:40:00 +0000] "PUT /1/184762/AUTH_2c0dd7efa1e94d879bc5da8c6f19a646/gnocchi.6fb46633-20f1-4a2b-b1e4-b88749b91d1c" 201 - "PUT http://[::1]:6001/2/258317/AUTH_2c0dd7efa1e94d879bc5da8c6f19a646/gnocchi.6fb46633-20f1-4a2b-b1e4-b88749b91d1c" "tx5cd8297d23164d83804b6-0069bb7010" "container-server 99868" 0.0049 "-" 99475 0
Mar 18 23:40:00 np0005651379.novalocal container-server[99868]: ::1 - - [19/Mar/2026:03:40:00 +0000] "PUT /2/258317/AUTH_2c0dd7efa1e94d879bc5da8c6f19a646/gnocchi.6fb46633-20f1-4a2b-b1e4-b88749b91d1c" 201 - "PUT https://[::1]:8080/v1/AUTH_2c0dd7efa1e94d879bc5da8c6f19a646/gnocchi.6fb46633-20f1-4a2b-b1e4-b88749b91d1c" "tx5cd8297d23164d83804b6-0069bb7010" "proxy-server 101374" 0.0235 "-" 99868 0
Mar 18 23:40:00 np0005651379.novalocal proxy-server[101374]: ::1 ::1 19/Mar/2026/03/40/00 PUT /v1/AUTH_2c0dd7efa1e94d879bc5da8c6f19a646/gnocchi.6fb46633-20f1-4a2b-b1e4-b88749b91d1c HTTP/1.0 201 - python-swiftclient-4.8.0 gAAAAABpu2_uqf-H... - - - tx5cd8297d23164d83804b6-0069bb7010 - 0.0334 - - 1773891600.358151913 1773891600.391538382 0 e61d2c26cb6146fb88642c1126e377de
Mar 18 23:40:00 np0005651379.novalocal container-server[99868]: ::1 - - [19/Mar/2026:03:40:00 +0000] "HEAD /3/258317/AUTH_2c0dd7efa1e94d879bc5da8c6f19a646/gnocchi.6fb46633-20f1-4a2b-b1e4-b88749b91d1c" 204 - "HEAD http://[::1]:8080/v1/AUTH_2c0dd7efa1e94d879bc5da8c6f19a646/gnocchi.6fb46633-20f1-4a2b-b1e4-b88749b91d1c" "tx210d6cbb47cd48458b5fb-0069bb7010" "proxy-server 101374" 0.0028 "-" 99868 0
Mar 18 23:40:00 np0005651379.novalocal proxy-server[101374]: - - 19/Mar/2026/03/40/00 HEAD /v1/AUTH_2c0dd7efa1e94d879bc5da8c6f19a646/gnocchi.6fb46633-20f1-4a2b-b1e4-b88749b91d1c HTTP/1.0 204 - Swift - - - - tx210d6cbb47cd48458b5fb-0069bb7010 - 0.0081 CS - 1773891600.395374298 1773891600.403501272 0 -
Mar 18 23:40:00 np0005651379.novalocal container-server[99867]: ::1 - - [19/Mar/2026:03:40:00 +0000] "GET /3/258317/AUTH_2c0dd7efa1e94d879bc5da8c6f19a646/gnocchi.6fb46633-20f1-4a2b-b1e4-b88749b91d1c" 200 2 "GET https://[::1]:8080/v1/AUTH_2c0dd7efa1e94d879bc5da8c6f19a646/gnocchi.6fb46633-20f1-4a2b-b1e4-b88749b91d1c?format=json&states=listing" "tx210d6cbb47cd48458b5fb-0069bb7010" "proxy-server 101374" 0.0014 "-" 99867 0
Mar 18 23:40:00 np0005651379.novalocal proxy-server[101374]: ::1 ::1 19/Mar/2026/03/40/00 GET /v1/AUTH_2c0dd7efa1e94d879bc5da8c6f19a646/gnocchi.6fb46633-20f1-4a2b-b1e4-b88749b91d1c%3Fformat%3Djson%26states%3Dlisting HTTP/1.0 200 - python-swiftclient-4.8.0 gAAAAABpu2_uqf-H... - 2 - tx210d6cbb47cd48458b5fb-0069bb7010 - 0.0183 - - 1773891600.394498348 1773891600.412820816 0 e61d2c26cb6146fb88642c1126e377de
Mar 18 23:40:00 np0005651379.novalocal object-server[100257]: ::1 - - [19/Mar/2026:03:40:00 +0000] "GET /3/118517/AUTH_2c0dd7efa1e94d879bc5da8c6f19a646/gnocchi.6fb46633-20f1-4a2b-b1e4-b88749b91d1c/1773360000.0_mean_300.0_v3" 404 70 "GET https://[::1]:8080/v1/AUTH_2c0dd7efa1e94d879bc5da8c6f19a646/gnocchi.6fb46633-20f1-4a2b-b1e4-b88749b91d1c/1773360000.0_mean_300.0_v3" "tx2536c6076947456a91ee4-0069bb7010" "proxy-server 101374" 0.0007 "-" 100257 0
Mar 18 23:40:00 np0005651379.novalocal object-server[100256]: ::1 - - [19/Mar/2026:03:40:00 +0000] "GET /1/118517/AUTH_2c0dd7efa1e94d879bc5da8c6f19a646/gnocchi.6fb46633-20f1-4a2b-b1e4-b88749b91d1c/1773360000.0_mean_300.0_v3" 404 70 "GET https://[::1]:8080/v1/AUTH_2c0dd7efa1e94d879bc5da8c6f19a646/gnocchi.6fb46633-20f1-4a2b-b1e4-b88749b91d1c/1773360000.0_mean_300.0_v3" "tx2536c6076947456a91ee4-0069bb7010" "proxy-server 101374" 0.0003 "-" 100256 0
Mar 18 23:40:00 np0005651379.novalocal object-server[100257]: ::1 - - [19/Mar/2026:03:40:00 +0000] "GET /2/118517/AUTH_2c0dd7efa1e94d879bc5da8c6f19a646/gnocchi.6fb46633-20f1-4a2b-b1e4-b88749b91d1c/1773360000.0_mean_300.0_v3" 404 70 "GET https://[::1]:8080/v1/AUTH_2c0dd7efa1e94d879bc5da8c6f19a646/gnocchi.6fb46633-20f1-4a2b-b1e4-b88749b91d1c/1773360000.0_mean_300.0_v3" "tx2536c6076947456a91ee4-0069bb7010" "proxy-server 101374" 0.0010 "-" 100257 0
Mar 18 23:40:00 np0005651379.novalocal proxy-server[101374]: ::1 ::1 19/Mar/2026/03/40/00 GET /v1/AUTH_2c0dd7efa1e94d879bc5da8c6f19a646/gnocchi.6fb46633-20f1-4a2b-b1e4-b88749b91d1c/1773360000.0_mean_300.0_v3 HTTP/1.0 404 - python-swiftclient-4.8.0 gAAAAABpu2_uqf-H... - 70 - tx2536c6076947456a91ee4-0069bb7010 - 0.0170 - - 1773891600.415607452 1773891600.432561398 0 e61d2c26cb6146fb88642c1126e377de
Mar 18 23:40:00 np0005651379.novalocal container-server[99867]: ::1 - - [19/Mar/2026:03:40:00 +0000] "PUT /1/258317/AUTH_2c0dd7efa1e94d879bc5da8c6f19a646/gnocchi.6fb46633-20f1-4a2b-b1e4-b88749b91d1c/1773360000.0_mean_300.0_v3" 201 - "PUT http://[::1]:8080/1/118517/AUTH_2c0dd7efa1e94d879bc5da8c6f19a646/gnocchi.6fb46633-20f1-4a2b-b1e4-b88749b91d1c/1773360000.0_mean_300.0_v3" "tx932fe6554ab2497283e04-0069bb7010" "object-server 100257" 0.0004 "-" 99867 0
Mar 18 23:40:00 np0005651379.novalocal object-server[100257]: ::1 - - [19/Mar/2026:03:40:00 +0000] "PUT /1/118517/AUTH_2c0dd7efa1e94d879bc5da8c6f19a646/gnocchi.6fb46633-20f1-4a2b-b1e4-b88749b91d1c/1773360000.0_mean_300.0_v3" 201 - "PUT https://[::1]:8080/v1/AUTH_2c0dd7efa1e94d879bc5da8c6f19a646/gnocchi.6fb46633-20f1-4a2b-b1e4-b88749b91d1c/1773360000.0_mean_300.0_v3" "tx932fe6554ab2497283e04-0069bb7010" "proxy-server 101374" 0.0119 "-" 100257 0
Mar 18 23:40:00 np0005651379.novalocal container-server[99867]: ::1 - - [19/Mar/2026:03:40:00 +0000] "PUT /2/258317/AUTH_2c0dd7efa1e94d879bc5da8c6f19a646/gnocchi.6fb46633-20f1-4a2b-b1e4-b88749b91d1c/1773360000.0_mean_300.0_v3" 201 - "PUT http://[::1]:8080/3/118517/AUTH_2c0dd7efa1e94d879bc5da8c6f19a646/gnocchi.6fb46633-20f1-4a2b-b1e4-b88749b91d1c/1773360000.0_mean_300.0_v3" "tx932fe6554ab2497283e04-0069bb7010" "object-server 100257" 0.0003 "-" 99867 0
Mar 18 23:40:00 np0005651379.novalocal object-server[100257]: ::1 - - [19/Mar/2026:03:40:00 +0000] "PUT /3/118517/AUTH_2c0dd7efa1e94d879bc5da8c6f19a646/gnocchi.6fb46633-20f1-4a2b-b1e4-b88749b91d1c/1773360000.0_mean_300.0_v3" 201 - "PUT https://[::1]:8080/v1/AUTH_2c0dd7efa1e94d879bc5da8c6f19a646/gnocchi.6fb46633-20f1-4a2b-b1e4-b88749b91d1c/1773360000.0_mean_300.0_v3" "tx932fe6554ab2497283e04-0069bb7010" "proxy-server 101374" 0.0177 "-" 100257 0
Mar 18 23:40:00 np0005651379.novalocal container-server[99868]: ::1 - - [19/Mar/2026:03:40:00 +0000] "PUT /3/258317/AUTH_2c0dd7efa1e94d879bc5da8c6f19a646/gnocchi.6fb46633-20f1-4a2b-b1e4-b88749b91d1c/1773360000.0_mean_300.0_v3" 201 - "PUT http://[::1]:8080/2/118517/AUTH_2c0dd7efa1e94d879bc5da8c6f19a646/gnocchi.6fb46633-20f1-4a2b-b1e4-b88749b91d1c/1773360000.0_mean_300.0_v3" "tx932fe6554ab2497283e04-0069bb7010" "object-server 100257" 0.0006 "-" 99868 0
Mar 18 23:40:00 np0005651379.novalocal object-server[100257]: ::1 - - [19/Mar/2026:03:40:00 +0000] "PUT /2/118517/AUTH_2c0dd7efa1e94d879bc5da8c6f19a646/gnocchi.6fb46633-20f1-4a2b-b1e4-b88749b91d1c/1773360000.0_mean_300.0_v3" 201 - "PUT https://[::1]:8080/v1/AUTH_2c0dd7efa1e94d879bc5da8c6f19a646/gnocchi.6fb46633-20f1-4a2b-b1e4-b88749b91d1c/1773360000.0_mean_300.0_v3" "tx932fe6554ab2497283e04-0069bb7010" "proxy-server 101374" 0.0236 "-" 100257 0
Mar 18 23:40:00 np0005651379.novalocal proxy-server[101374]: ::1 ::1 19/Mar/2026/03/40/00 PUT /v1/AUTH_2c0dd7efa1e94d879bc5da8c6f19a646/gnocchi.6fb46633-20f1-4a2b-b1e4-b88749b91d1c/1773360000.0_mean_300.0_v3 HTTP/1.0 201 - python-swiftclient-4.8.0 gAAAAABpu2_uqf-H... 16 - - tx932fe6554ab2497283e04-0069bb7010 - 0.0334 - - 1773891600.434880018 1773891600.468298435 0 e61d2c26cb6146fb88642c1126e377de
Mar 18 23:40:00 np0005651379.novalocal container-server[99867]: ::1 - - [19/Mar/2026:03:40:00 +0000] "PUT /1/258317/AUTH_2c0dd7efa1e94d879bc5da8c6f19a646/gnocchi.6fb46633-20f1-4a2b-b1e4-b88749b91d1c/none_v3" 201 - "PUT http://[::1]:8080/2/199919/AUTH_2c0dd7efa1e94d879bc5da8c6f19a646/gnocchi.6fb46633-20f1-4a2b-b1e4-b88749b91d1c/none_v3" "txec3c0744c2254f3eaa280-0069bb7010" "object-server 100256" 0.0003 "-" 99867 0
Mar 18 23:40:00 np0005651379.novalocal object-server[100256]: ::1 - - [19/Mar/2026:03:40:00 +0000] "PUT /2/199919/AUTH_2c0dd7efa1e94d879bc5da8c6f19a646/gnocchi.6fb46633-20f1-4a2b-b1e4-b88749b91d1c/none_v3" 201 - "PUT https://[::1]:8080/v1/AUTH_2c0dd7efa1e94d879bc5da8c6f19a646/gnocchi.6fb46633-20f1-4a2b-b1e4-b88749b91d1c/none_v3" "txec3c0744c2254f3eaa280-0069bb7010" "proxy-server 101374" 0.0115 "-" 100256 0
Mar 18 23:40:00 np0005651379.novalocal container-server[99868]: ::1 - - [19/Mar/2026:03:40:00 +0000] "PUT /3/258317/AUTH_2c0dd7efa1e94d879bc5da8c6f19a646/gnocchi.6fb46633-20f1-4a2b-b1e4-b88749b91d1c/none_v3" 201 - "PUT http://[::1]:8080/1/199919/AUTH_2c0dd7efa1e94d879bc5da8c6f19a646/gnocchi.6fb46633-20f1-4a2b-b1e4-b88749b91d1c/none_v3" "txec3c0744c2254f3eaa280-0069bb7010" "object-server 100257" 0.0006 "-" 99868 0
Mar 18 23:40:00 np0005651379.novalocal object-server[100257]: ::1 - - [19/Mar/2026:03:40:00 +0000] "PUT /1/199919/AUTH_2c0dd7efa1e94d879bc5da8c6f19a646/gnocchi.6fb46633-20f1-4a2b-b1e4-b88749b91d1c/none_v3" 201 - "PUT https://[::1]:8080/v1/AUTH_2c0dd7efa1e94d879bc5da8c6f19a646/gnocchi.6fb46633-20f1-4a2b-b1e4-b88749b91d1c/none_v3" "txec3c0744c2254f3eaa280-0069bb7010" "proxy-server 101374" 0.0127 "-" 100257 0
Mar 18 23:40:00 np0005651379.novalocal container-server[99868]: ::1 - - [19/Mar/2026:03:40:00 +0000] "PUT /2/258317/AUTH_2c0dd7efa1e94d879bc5da8c6f19a646/gnocchi.6fb46633-20f1-4a2b-b1e4-b88749b91d1c/none_v3" 201 - "PUT http://[::1]:8080/3/199919/AUTH_2c0dd7efa1e94d879bc5da8c6f19a646/gnocchi.6fb46633-20f1-4a2b-b1e4-b88749b91d1c/none_v3" "txec3c0744c2254f3eaa280-0069bb7010" "object-server 100257" 0.0006 "-" 99868 0
Mar 18 23:40:00 np0005651379.novalocal object-server[100257]: ::1 - - [19/Mar/2026:03:40:00 +0000] "PUT /3/199919/AUTH_2c0dd7efa1e94d879bc5da8c6f19a646/gnocchi.6fb46633-20f1-4a2b-b1e4-b88749b91d1c/none_v3" 201 - "PUT https://[::1]:8080/v1/AUTH_2c0dd7efa1e94d879bc5da8c6f19a646/gnocchi.6fb46633-20f1-4a2b-b1e4-b88749b91d1c/none_v3" "txec3c0744c2254f3eaa280-0069bb7010" "proxy-server 101374" 0.0171 "-" 100257 0
Mar 18 23:40:00 np0005651379.novalocal proxy-server[101374]: ::1 ::1 19/Mar/2026/03/40/00 PUT /v1/AUTH_2c0dd7efa1e94d879bc5da8c6f19a646/gnocchi.6fb46633-20f1-4a2b-b1e4-b88749b91d1c/none_v3 HTTP/1.0 201 - python-swiftclient-4.8.0 gAAAAABpu2_uqf-H... 22 - - txec3c0744c2254f3eaa280-0069bb7010 - 0.0273 - - 1773891600.470376730 1773891600.497704983 0 e61d2c26cb6146fb88642c1126e377de
Mar 18 23:40:00 np0005651379.novalocal container-server[99867]: ::1 - - [19/Mar/2026:03:40:00 +0000] "HEAD /2/140702/AUTH_2c0dd7efa1e94d879bc5da8c6f19a646/gnocchi.f7c05294-c236-477c-b61d-5337d17d4422" 404 - "HEAD http://[::1]:8080/v1/AUTH_2c0dd7efa1e94d879bc5da8c6f19a646/gnocchi.f7c05294-c236-477c-b61d-5337d17d4422" "txc069ebe9ebca41cba2a4a-0069bb7010" "proxy-server 101374" 0.0002 "-" 99867 0
Mar 18 23:40:00 np0005651379.novalocal container-server[99868]: ::1 - - [19/Mar/2026:03:40:00 +0000] "HEAD /3/140702/AUTH_2c0dd7efa1e94d879bc5da8c6f19a646/gnocchi.f7c05294-c236-477c-b61d-5337d17d4422" 404 - "HEAD http://[::1]:8080/v1/AUTH_2c0dd7efa1e94d879bc5da8c6f19a646/gnocchi.f7c05294-c236-477c-b61d-5337d17d4422" "txc069ebe9ebca41cba2a4a-0069bb7010" "proxy-server 101374" 0.0003 "-" 99868 0
Mar 18 23:40:00 np0005651379.novalocal container-server[99868]: ::1 - - [19/Mar/2026:03:40:00 +0000] "HEAD /1/140702/AUTH_2c0dd7efa1e94d879bc5da8c6f19a646/gnocchi.f7c05294-c236-477c-b61d-5337d17d4422" 404 - "HEAD http://[::1]:8080/v1/AUTH_2c0dd7efa1e94d879bc5da8c6f19a646/gnocchi.f7c05294-c236-477c-b61d-5337d17d4422" "txc069ebe9ebca41cba2a4a-0069bb7010" "proxy-server 101374" 0.0003 "-" 99868 0
Mar 18 23:40:00 np0005651379.novalocal proxy-server[101374]: - - 19/Mar/2026/03/40/00 HEAD /v1/AUTH_2c0dd7efa1e94d879bc5da8c6f19a646/gnocchi.f7c05294-c236-477c-b61d-5337d17d4422 HTTP/1.0 404 - Swift - - - - txc069ebe9ebca41cba2a4a-0069bb7010 - 0.0134 CS - 1773891600.512012005 1773891600.525449753 0 -
Mar 18 23:40:00 np0005651379.novalocal object-server[100257]: ::1 - - [19/Mar/2026:03:40:00 +0000] "GET /2/145172/AUTH_2c0dd7efa1e94d879bc5da8c6f19a646/gnocchi.f7c05294-c236-477c-b61d-5337d17d4422/none_v3" 404 70 "GET https://[::1]:8080/v1/AUTH_2c0dd7efa1e94d879bc5da8c6f19a646/gnocchi.f7c05294-c236-477c-b61d-5337d17d4422/none_v3" "txc069ebe9ebca41cba2a4a-0069bb7010" "proxy-server 101374" 0.0004 "-" 100257 0
Mar 18 23:40:00 np0005651379.novalocal object-server[100256]: ::1 - - [19/Mar/2026:03:40:00 +0000] "GET /3/145172/AUTH_2c0dd7efa1e94d879bc5da8c6f19a646/gnocchi.f7c05294-c236-477c-b61d-5337d17d4422/none_v3" 404 70 "GET https://[::1]:8080/v1/AUTH_2c0dd7efa1e94d879bc5da8c6f19a646/gnocchi.f7c05294-c236-477c-b61d-5337d17d4422/none_v3" "txc069ebe9ebca41cba2a4a-0069bb7010" "proxy-server 101374" 0.0003 "-" 100256 0
Mar 18 23:40:00 np0005651379.novalocal object-server[100257]: ::1 - - [19/Mar/2026:03:40:00 +0000] "GET /1/145172/AUTH_2c0dd7efa1e94d879bc5da8c6f19a646/gnocchi.f7c05294-c236-477c-b61d-5337d17d4422/none_v3" 404 70 "GET https://[::1]:8080/v1/AUTH_2c0dd7efa1e94d879bc5da8c6f19a646/gnocchi.f7c05294-c236-477c-b61d-5337d17d4422/none_v3" "txc069ebe9ebca41cba2a4a-0069bb7010" "proxy-server 101374" 0.0005 "-" 100257 0
Mar 18 23:40:00 np0005651379.novalocal proxy-server[101374]: ::1 ::1 19/Mar/2026/03/40/00 GET /v1/AUTH_2c0dd7efa1e94d879bc5da8c6f19a646/gnocchi.f7c05294-c236-477c-b61d-5337d17d4422/none_v3 HTTP/1.0 404 - python-swiftclient-4.8.0 gAAAAABpu2_uqf-H... - 70 - txc069ebe9ebca41cba2a4a-0069bb7010 - 0.0291 - - 1773891600.511256933 1773891600.540384054 0 e61d2c26cb6146fb88642c1126e377de
Mar 18 23:40:00 np0005651379.novalocal account-server[99475]: ::1 - - [19/Mar/2026:03:40:00 +0000] "PUT /1/184762/AUTH_2c0dd7efa1e94d879bc5da8c6f19a646/gnocchi.f7c05294-c236-477c-b61d-5337d17d4422" 201 - "PUT http://[::1]:6001/2/140702/AUTH_2c0dd7efa1e94d879bc5da8c6f19a646/gnocchi.f7c05294-c236-477c-b61d-5337d17d4422" "tx4dd7a66e5b984ae7b93ce-0069bb7010" "container-server 99868" 0.0057 "-" 99475 0
Mar 18 23:40:00 np0005651379.novalocal container-server[99868]: ::1 - - [19/Mar/2026:03:40:00 +0000] "PUT /2/140702/AUTH_2c0dd7efa1e94d879bc5da8c6f19a646/gnocchi.f7c05294-c236-477c-b61d-5337d17d4422" 201 - "PUT https://[::1]:8080/v1/AUTH_2c0dd7efa1e94d879bc5da8c6f19a646/gnocchi.f7c05294-c236-477c-b61d-5337d17d4422" "tx4dd7a66e5b984ae7b93ce-0069bb7010" "proxy-server 101374" 0.0181 "-" 99868 0
Mar 18 23:40:00 np0005651379.novalocal account-server[99475]: ::1 - - [19/Mar/2026:03:40:00 +0000] "PUT /3/184762/AUTH_2c0dd7efa1e94d879bc5da8c6f19a646/gnocchi.f7c05294-c236-477c-b61d-5337d17d4422" 201 - "PUT http://[::1]:6001/3/140702/AUTH_2c0dd7efa1e94d879bc5da8c6f19a646/gnocchi.f7c05294-c236-477c-b61d-5337d17d4422" "tx4dd7a66e5b984ae7b93ce-0069bb7010" "container-server 99867" 0.0047 "-" 99475 0
Mar 18 23:40:00 np0005651379.novalocal container-server[99867]: ::1 - - [19/Mar/2026:03:40:00 +0000] "PUT /3/140702/AUTH_2c0dd7efa1e94d879bc5da8c6f19a646/gnocchi.f7c05294-c236-477c-b61d-5337d17d4422" 201 - "PUT https://[::1]:8080/v1/AUTH_2c0dd7efa1e94d879bc5da8c6f19a646/gnocchi.f7c05294-c236-477c-b61d-5337d17d4422" "tx4dd7a66e5b984ae7b93ce-0069bb7010" "proxy-server 101374" 0.0237 "-" 99867 0
Mar 18 23:40:00 np0005651379.novalocal account-server[99475]: ::1 - - [19/Mar/2026:03:40:00 +0000] "PUT /2/184762/AUTH_2c0dd7efa1e94d879bc5da8c6f19a646/gnocchi.f7c05294-c236-477c-b61d-5337d17d4422" 201 - "PUT http://[::1]:6001/1/140702/AUTH_2c0dd7efa1e94d879bc5da8c6f19a646/gnocchi.f7c05294-c236-477c-b61d-5337d17d4422" "tx4dd7a66e5b984ae7b93ce-0069bb7010" "container-server 99867" 0.0044 "-" 99475 0
Mar 18 23:40:00 np0005651379.novalocal container-server[99867]: ::1 - - [19/Mar/2026:03:40:00 +0000] "PUT /1/140702/AUTH_2c0dd7efa1e94d879bc5da8c6f19a646/gnocchi.f7c05294-c236-477c-b61d-5337d17d4422" 201 - "PUT https://[::1]:8080/v1/AUTH_2c0dd7efa1e94d879bc5da8c6f19a646/gnocchi.f7c05294-c236-477c-b61d-5337d17d4422" "tx4dd7a66e5b984ae7b93ce-0069bb7010" "proxy-server 101374" 0.0237 "-" 99867 0
Mar 18 23:40:00 np0005651379.novalocal proxy-server[101374]: ::1 ::1 19/Mar/2026/03/40/00 PUT /v1/AUTH_2c0dd7efa1e94d879bc5da8c6f19a646/gnocchi.f7c05294-c236-477c-b61d-5337d17d4422 HTTP/1.0 201 - python-swiftclient-4.8.0 gAAAAABpu2_uqf-H... - - - tx4dd7a66e5b984ae7b93ce-0069bb7010 - 0.0377 - - 1773891600.542587757 1773891600.580302238 0 e61d2c26cb6146fb88642c1126e377de
Mar 18 23:40:00 np0005651379.novalocal container-server[99868]: ::1 - - [19/Mar/2026:03:40:00 +0000] "HEAD /3/140702/AUTH_2c0dd7efa1e94d879bc5da8c6f19a646/gnocchi.f7c05294-c236-477c-b61d-5337d17d4422" 204 - "HEAD http://[::1]:8080/v1/AUTH_2c0dd7efa1e94d879bc5da8c6f19a646/gnocchi.f7c05294-c236-477c-b61d-5337d17d4422" "tx8b482d8ac59a4afb8d875-0069bb7010" "proxy-server 101374" 0.0017 "-" 99868 0
Mar 18 23:40:00 np0005651379.novalocal proxy-server[101374]: - - 19/Mar/2026/03/40/00 HEAD /v1/AUTH_2c0dd7efa1e94d879bc5da8c6f19a646/gnocchi.f7c05294-c236-477c-b61d-5337d17d4422 HTTP/1.0 204 - Swift - - - - tx8b482d8ac59a4afb8d875-0069bb7010 - 0.0065 CS - 1773891600.584105015 1773891600.590647459 0 -
Mar 18 23:40:00 np0005651379.novalocal container-server[99868]: ::1 - - [19/Mar/2026:03:40:00 +0000] "GET /1/140702/AUTH_2c0dd7efa1e94d879bc5da8c6f19a646/gnocchi.f7c05294-c236-477c-b61d-5337d17d4422" 200 2 "GET https://[::1]:8080/v1/AUTH_2c0dd7efa1e94d879bc5da8c6f19a646/gnocchi.f7c05294-c236-477c-b61d-5337d17d4422?format=json&states=listing" "tx8b482d8ac59a4afb8d875-0069bb7010" "proxy-server 101374" 0.0032 "-" 99868 0
Mar 18 23:40:00 np0005651379.novalocal proxy-server[101374]: ::1 ::1 19/Mar/2026/03/40/00 GET /v1/AUTH_2c0dd7efa1e94d879bc5da8c6f19a646/gnocchi.f7c05294-c236-477c-b61d-5337d17d4422%3Fformat%3Djson%26states%3Dlisting HTTP/1.0 200 - python-swiftclient-4.8.0 gAAAAABpu2_uqf-H... - 2 - tx8b482d8ac59a4afb8d875-0069bb7010 - 0.0171 - - 1773891600.583229780 1773891600.600309610 0 e61d2c26cb6146fb88642c1126e377de
Mar 18 23:40:00 np0005651379.novalocal object-server[100257]: ::1 - - [19/Mar/2026:03:40:00 +0000] "GET /1/245728/AUTH_2c0dd7efa1e94d879bc5da8c6f19a646/gnocchi.f7c05294-c236-477c-b61d-5337d17d4422/1773360000.0_mean_300.0_v3" 404 70 "GET https://[::1]:8080/v1/AUTH_2c0dd7efa1e94d879bc5da8c6f19a646/gnocchi.f7c05294-c236-477c-b61d-5337d17d4422/1773360000.0_mean_300.0_v3" "txba3126c3e51d480fb38ec-0069bb7010" "proxy-server 101374" 0.0005 "-" 100257 0
Mar 18 23:40:00 np0005651379.novalocal object-server[100256]: ::1 - - [19/Mar/2026:03:40:00 +0000] "GET /3/245728/AUTH_2c0dd7efa1e94d879bc5da8c6f19a646/gnocchi.f7c05294-c236-477c-b61d-5337d17d4422/1773360000.0_mean_300.0_v3" 404 70 "GET https://[::1]:8080/v1/AUTH_2c0dd7efa1e94d879bc5da8c6f19a646/gnocchi.f7c05294-c236-477c-b61d-5337d17d4422/1773360000.0_mean_300.0_v3" "txba3126c3e51d480fb38ec-0069bb7010" "proxy-server 101374" 0.0006 "-" 100256 0
Mar 18 23:40:00 np0005651379.novalocal object-server[100257]: ::1 - - [19/Mar/2026:03:40:00 +0000] "GET /2/245728/AUTH_2c0dd7efa1e94d879bc5da8c6f19a646/gnocchi.f7c05294-c236-477c-b61d-5337d17d4422/1773360000.0_mean_300.0_v3" 404 70 "GET https://[::1]:8080/v1/AUTH_2c0dd7efa1e94d879bc5da8c6f19a646/gnocchi.f7c05294-c236-477c-b61d-5337d17d4422/1773360000.0_mean_300.0_v3" "txba3126c3e51d480fb38ec-0069bb7010" "proxy-server 101374" 0.0004 "-" 100257 0
Mar 18 23:40:00 np0005651379.novalocal proxy-server[101374]: ::1 ::1 19/Mar/2026/03/40/00 GET /v1/AUTH_2c0dd7efa1e94d879bc5da8c6f19a646/gnocchi.f7c05294-c236-477c-b61d-5337d17d4422/1773360000.0_mean_300.0_v3 HTTP/1.0 404 - python-swiftclient-4.8.0 gAAAAABpu2_uqf-H... - 70 - txba3126c3e51d480fb38ec-0069bb7010 - 0.0193 - - 1773891600.606676817 1773891600.625964880 0 e61d2c26cb6146fb88642c1126e377de
Mar 18 23:40:00 np0005651379.novalocal container-server[99867]: ::1 - - [19/Mar/2026:03:40:00 +0000] "PUT /1/140702/AUTH_2c0dd7efa1e94d879bc5da8c6f19a646/gnocchi.f7c05294-c236-477c-b61d-5337d17d4422/1773360000.0_mean_300.0_v3" 201 - "PUT http://[::1]:8080/2/245728/AUTH_2c0dd7efa1e94d879bc5da8c6f19a646/gnocchi.f7c05294-c236-477c-b61d-5337d17d4422/1773360000.0_mean_300.0_v3" "txca00b19816ae4f6baa6aa-0069bb7010" "object-server 100257" 0.0009 "-" 99867 0
Mar 18 23:40:00 np0005651379.novalocal object-server[100257]: ::1 - - [19/Mar/2026:03:40:00 +0000] "PUT /2/245728/AUTH_2c0dd7efa1e94d879bc5da8c6f19a646/gnocchi.f7c05294-c236-477c-b61d-5337d17d4422/1773360000.0_mean_300.0_v3" 201 - "PUT https://[::1]:8080/v1/AUTH_2c0dd7efa1e94d879bc5da8c6f19a646/gnocchi.f7c05294-c236-477c-b61d-5337d17d4422/1773360000.0_mean_300.0_v3" "txca00b19816ae4f6baa6aa-0069bb7010" "proxy-server 101374" 0.0147 "-" 100257 0
Mar 18 23:40:00 np0005651379.novalocal container-server[99867]: ::1 - - [19/Mar/2026:03:40:00 +0000] "PUT /2/140702/AUTH_2c0dd7efa1e94d879bc5da8c6f19a646/gnocchi.f7c05294-c236-477c-b61d-5337d17d4422/1773360000.0_mean_300.0_v3" 201 - "PUT http://[::1]:8080/1/245728/AUTH_2c0dd7efa1e94d879bc5da8c6f19a646/gnocchi.f7c05294-c236-477c-b61d-5337d17d4422/1773360000.0_mean_300.0_v3" "txca00b19816ae4f6baa6aa-0069bb7010" "object-server 100257" 0.0006 "-" 99867 0
Mar 18 23:40:00 np0005651379.novalocal object-server[100257]: ::1 - - [19/Mar/2026:03:40:00 +0000] "PUT /1/245728/AUTH_2c0dd7efa1e94d879bc5da8c6f19a646/gnocchi.f7c05294-c236-477c-b61d-5337d17d4422/1773360000.0_mean_300.0_v3" 201 - "PUT https://[::1]:8080/v1/AUTH_2c0dd7efa1e94d879bc5da8c6f19a646/gnocchi.f7c05294-c236-477c-b61d-5337d17d4422/1773360000.0_mean_300.0_v3" "txca00b19816ae4f6baa6aa-0069bb7010" "proxy-server 101374" 0.0174 "-" 100257 0
Mar 18 23:40:00 np0005651379.novalocal container-server[99867]: ::1 - - [19/Mar/2026:03:40:00 +0000] "PUT /3/140702/AUTH_2c0dd7efa1e94d879bc5da8c6f19a646/gnocchi.f7c05294-c236-477c-b61d-5337d17d4422/1773360000.0_mean_300.0_v3" 201 - "PUT http://[::1]:8080/3/245728/AUTH_2c0dd7efa1e94d879bc5da8c6f19a646/gnocchi.f7c05294-c236-477c-b61d-5337d17d4422/1773360000.0_mean_300.0_v3" "txca00b19816ae4f6baa6aa-0069bb7010" "object-server 100257" 0.0006 "-" 99867 0
Mar 18 23:40:00 np0005651379.novalocal object-server[100257]: ::1 - - [19/Mar/2026:03:40:00 +0000] "PUT /3/245728/AUTH_2c0dd7efa1e94d879bc5da8c6f19a646/gnocchi.f7c05294-c236-477c-b61d-5337d17d4422/1773360000.0_mean_300.0_v3" 201 - "PUT https://[::1]:8080/v1/AUTH_2c0dd7efa1e94d879bc5da8c6f19a646/gnocchi.f7c05294-c236-477c-b61d-5337d17d4422/1773360000.0_mean_300.0_v3" "txca00b19816ae4f6baa6aa-0069bb7010" "proxy-server 101374" 0.0166 "-" 100257 0
Mar 18 23:40:00 np0005651379.novalocal proxy-server[101374]: ::1 ::1 19/Mar/2026/03/40/00 PUT /v1/AUTH_2c0dd7efa1e94d879bc5da8c6f19a646/gnocchi.f7c05294-c236-477c-b61d-5337d17d4422/1773360000.0_mean_300.0_v3 HTTP/1.0 201 - python-swiftclient-4.8.0 gAAAAABpu2_uqf-H... 16 - - txca00b19816ae4f6baa6aa-0069bb7010 - 0.0302 - - 1773891600.630521297 1773891600.660756588 0 e61d2c26cb6146fb88642c1126e377de
Mar 18 23:40:00 np0005651379.novalocal container-server[99867]: ::1 - - [19/Mar/2026:03:40:00 +0000] "PUT /2/140702/AUTH_2c0dd7efa1e94d879bc5da8c6f19a646/gnocchi.f7c05294-c236-477c-b61d-5337d17d4422/none_v3" 201 - "PUT http://[::1]:8080/1/145172/AUTH_2c0dd7efa1e94d879bc5da8c6f19a646/gnocchi.f7c05294-c236-477c-b61d-5337d17d4422/none_v3" "txc0b5e9b5a3bc420492133-0069bb7010" "object-server 100257" 0.0006 "-" 99867 0
Mar 18 23:40:00 np0005651379.novalocal container-server[99868]: ::1 - - [19/Mar/2026:03:40:00 +0000] "PUT /1/140702/AUTH_2c0dd7efa1e94d879bc5da8c6f19a646/gnocchi.f7c05294-c236-477c-b61d-5337d17d4422/none_v3" 201 - "PUT http://[::1]:8080/2/145172/AUTH_2c0dd7efa1e94d879bc5da8c6f19a646/gnocchi.f7c05294-c236-477c-b61d-5337d17d4422/none_v3" "txc0b5e9b5a3bc420492133-0069bb7010" "object-server 100256" 0.0006 "-" 99868 0
Mar 18 23:40:00 np0005651379.novalocal object-server[100257]: ::1 - - [19/Mar/2026:03:40:00 +0000] "PUT /1/145172/AUTH_2c0dd7efa1e94d879bc5da8c6f19a646/gnocchi.f7c05294-c236-477c-b61d-5337d17d4422/none_v3" 201 - "PUT https://[::1]:8080/v1/AUTH_2c0dd7efa1e94d879bc5da8c6f19a646/gnocchi.f7c05294-c236-477c-b61d-5337d17d4422/none_v3" "txc0b5e9b5a3bc420492133-0069bb7010" "proxy-server 101374" 0.0105 "-" 100257 0
Mar 18 23:40:00 np0005651379.novalocal object-server[100256]: ::1 - - [19/Mar/2026:03:40:00 +0000] "PUT /2/145172/AUTH_2c0dd7efa1e94d879bc5da8c6f19a646/gnocchi.f7c05294-c236-477c-b61d-5337d17d4422/none_v3" 201 - "PUT https://[::1]:8080/v1/AUTH_2c0dd7efa1e94d879bc5da8c6f19a646/gnocchi.f7c05294-c236-477c-b61d-5337d17d4422/none_v3" "txc0b5e9b5a3bc420492133-0069bb7010" "proxy-server 101374" 0.0109 "-" 100256 0
Mar 18 23:40:00 np0005651379.novalocal container-server[99867]: ::1 - - [19/Mar/2026:03:40:00 +0000] "PUT /3/140702/AUTH_2c0dd7efa1e94d879bc5da8c6f19a646/gnocchi.f7c05294-c236-477c-b61d-5337d17d4422/none_v3" 201 - "PUT http://[::1]:8080/3/145172/AUTH_2c0dd7efa1e94d879bc5da8c6f19a646/gnocchi.f7c05294-c236-477c-b61d-5337d17d4422/none_v3" "txc0b5e9b5a3bc420492133-0069bb7010" "object-server 100256" 0.0006 "-" 99867 0
Mar 18 23:40:00 np0005651379.novalocal object-server[100256]: ::1 - - [19/Mar/2026:03:40:00 +0000] "PUT /3/145172/AUTH_2c0dd7efa1e94d879bc5da8c6f19a646/gnocchi.f7c05294-c236-477c-b61d-5337d17d4422/none_v3" 201 - "PUT https://[::1]:8080/v1/AUTH_2c0dd7efa1e94d879bc5da8c6f19a646/gnocchi.f7c05294-c236-477c-b61d-5337d17d4422/none_v3" "txc0b5e9b5a3bc420492133-0069bb7010" "proxy-server 101374" 0.0110 "-" 100256 0
Mar 18 23:40:00 np0005651379.novalocal proxy-server[101374]: ::1 ::1 19/Mar/2026/03/40/00 PUT /v1/AUTH_2c0dd7efa1e94d879bc5da8c6f19a646/gnocchi.f7c05294-c236-477c-b61d-5337d17d4422/none_v3 HTTP/1.0 201 - python-swiftclient-4.8.0 gAAAAABpu2_uqf-H... 22 - - txc0b5e9b5a3bc420492133-0069bb7010 - 0.0181 - - 1773891600.663591623 1773891600.681733847 0 e61d2c26cb6146fb88642c1126e377de
Mar 18 23:40:00 np0005651379.novalocal container-server[99867]: ::1 - - [19/Mar/2026:03:40:00 +0000] "HEAD /1/125092/AUTH_2c0dd7efa1e94d879bc5da8c6f19a646/gnocchi.9fd323a4-e490-4f2a-b803-fbe19e588429" 404 - "HEAD http://[::1]:8080/v1/AUTH_2c0dd7efa1e94d879bc5da8c6f19a646/gnocchi.9fd323a4-e490-4f2a-b803-fbe19e588429" "tx2d68745f3c314886aa57f-0069bb7010" "proxy-server 101374" 0.0006 "-" 99867 0
Mar 18 23:40:00 np0005651379.novalocal container-server[99868]: ::1 - - [19/Mar/2026:03:40:00 +0000] "HEAD /3/125092/AUTH_2c0dd7efa1e94d879bc5da8c6f19a646/gnocchi.9fd323a4-e490-4f2a-b803-fbe19e588429" 404 - "HEAD http://[::1]:8080/v1/AUTH_2c0dd7efa1e94d879bc5da8c6f19a646/gnocchi.9fd323a4-e490-4f2a-b803-fbe19e588429" "tx2d68745f3c314886aa57f-0069bb7010" "proxy-server 101374" 0.0003 "-" 99868 0
Mar 18 23:40:00 np0005651379.novalocal container-server[99867]: ::1 - - [19/Mar/2026:03:40:00 +0000] "HEAD /2/125092/AUTH_2c0dd7efa1e94d879bc5da8c6f19a646/gnocchi.9fd323a4-e490-4f2a-b803-fbe19e588429" 404 - "HEAD http://[::1]:8080/v1/AUTH_2c0dd7efa1e94d879bc5da8c6f19a646/gnocchi.9fd323a4-e490-4f2a-b803-fbe19e588429" "tx2d68745f3c314886aa57f-0069bb7010" "proxy-server 101374" 0.0003 "-" 99867 0
Mar 18 23:40:00 np0005651379.novalocal proxy-server[101374]: - - 19/Mar/2026/03/40/00 HEAD /v1/AUTH_2c0dd7efa1e94d879bc5da8c6f19a646/gnocchi.9fd323a4-e490-4f2a-b803-fbe19e588429 HTTP/1.0 404 - Swift - - - - tx2d68745f3c314886aa57f-0069bb7010 - 0.0089 CS - 1773891600.701001883 1773891600.709913015 0 -
Mar 18 23:40:00 np0005651379.novalocal object-server[100256]: ::1 - - [19/Mar/2026:03:40:00 +0000] "GET /2/37383/AUTH_2c0dd7efa1e94d879bc5da8c6f19a646/gnocchi.9fd323a4-e490-4f2a-b803-fbe19e588429/none_v3" 404 70 "GET https://[::1]:8080/v1/AUTH_2c0dd7efa1e94d879bc5da8c6f19a646/gnocchi.9fd323a4-e490-4f2a-b803-fbe19e588429/none_v3" "tx2d68745f3c314886aa57f-0069bb7010" "proxy-server 101374" 0.0002 "-" 100256 0
Mar 18 23:40:00 np0005651379.novalocal object-server[100256]: ::1 - - [19/Mar/2026:03:40:00 +0000] "GET /1/37383/AUTH_2c0dd7efa1e94d879bc5da8c6f19a646/gnocchi.9fd323a4-e490-4f2a-b803-fbe19e588429/none_v3" 404 70 "GET https://[::1]:8080/v1/AUTH_2c0dd7efa1e94d879bc5da8c6f19a646/gnocchi.9fd323a4-e490-4f2a-b803-fbe19e588429/none_v3" "tx2d68745f3c314886aa57f-0069bb7010" "proxy-server 101374" 0.0003 "-" 100256 0
Mar 18 23:40:00 np0005651379.novalocal object-server[100257]: ::1 - - [19/Mar/2026:03:40:00 +0000] "GET /3/37383/AUTH_2c0dd7efa1e94d879bc5da8c6f19a646/gnocchi.9fd323a4-e490-4f2a-b803-fbe19e588429/none_v3" 404 70 "GET https://[::1]:8080/v1/AUTH_2c0dd7efa1e94d879bc5da8c6f19a646/gnocchi.9fd323a4-e490-4f2a-b803-fbe19e588429/none_v3" "tx2d68745f3c314886aa57f-0069bb7010" "proxy-server 101374" 0.0005 "-" 100257 0
Mar 18 23:40:00 np0005651379.novalocal proxy-server[101374]: ::1 ::1 19/Mar/2026/03/40/00 GET /v1/AUTH_2c0dd7efa1e94d879bc5da8c6f19a646/gnocchi.9fd323a4-e490-4f2a-b803-fbe19e588429/none_v3 HTTP/1.0 404 - python-swiftclient-4.8.0 gAAAAABpu2_uqf-H... - 70 - tx2d68745f3c314886aa57f-0069bb7010 - 0.0205 - - 1773891600.699911833 1773891600.720444918 0 e61d2c26cb6146fb88642c1126e377de
Mar 18 23:40:00 np0005651379.novalocal account-server[99474]: ::1 - - [19/Mar/2026:03:40:00 +0000] "PUT /2/184762/AUTH_2c0dd7efa1e94d879bc5da8c6f19a646/gnocchi.9fd323a4-e490-4f2a-b803-fbe19e588429" 201 - "PUT http://[::1]:6001/3/125092/AUTH_2c0dd7efa1e94d879bc5da8c6f19a646/gnocchi.9fd323a4-e490-4f2a-b803-fbe19e588429" "tx5ad1d7869a8c44909461a-0069bb7010" "container-server 99867" 0.0053 "-" 99474 0
Mar 18 23:40:00 np0005651379.novalocal container-server[99867]: ::1 - - [19/Mar/2026:03:40:00 +0000] "PUT /3/125092/AUTH_2c0dd7efa1e94d879bc5da8c6f19a646/gnocchi.9fd323a4-e490-4f2a-b803-fbe19e588429" 201 - "PUT https://[::1]:8080/v1/AUTH_2c0dd7efa1e94d879bc5da8c6f19a646/gnocchi.9fd323a4-e490-4f2a-b803-fbe19e588429" "tx5ad1d7869a8c44909461a-0069bb7010" "proxy-server 101374" 0.0180 "-" 99867 0
Mar 18 23:40:00 np0005651379.novalocal account-server[99474]: ::1 - - [19/Mar/2026:03:40:00 +0000] "PUT /1/184762/AUTH_2c0dd7efa1e94d879bc5da8c6f19a646/gnocchi.9fd323a4-e490-4f2a-b803-fbe19e588429" 201 - "PUT http://[::1]:6001/1/125092/AUTH_2c0dd7efa1e94d879bc5da8c6f19a646/gnocchi.9fd323a4-e490-4f2a-b803-fbe19e588429" "tx5ad1d7869a8c44909461a-0069bb7010" "container-server 99868" 0.0036 "-" 99474 0
Mar 18 23:40:00 np0005651379.novalocal account-server[99475]: ::1 - - [19/Mar/2026:03:40:00 +0000] "PUT /3/184762/AUTH_2c0dd7efa1e94d879bc5da8c6f19a646/gnocchi.9fd323a4-e490-4f2a-b803-fbe19e588429" 201 - "PUT http://[::1]:6001/2/125092/AUTH_2c0dd7efa1e94d879bc5da8c6f19a646/gnocchi.9fd323a4-e490-4f2a-b803-fbe19e588429" "tx5ad1d7869a8c44909461a-0069bb7010" "container-server 99868" 0.0042 "-" 99475 0
Mar 18 23:40:00 np0005651379.novalocal container-server[99868]: ::1 - - [19/Mar/2026:03:40:00 +0000] "PUT /1/125092/AUTH_2c0dd7efa1e94d879bc5da8c6f19a646/gnocchi.9fd323a4-e490-4f2a-b803-fbe19e588429" 201 - "PUT https://[::1]:8080/v1/AUTH_2c0dd7efa1e94d879bc5da8c6f19a646/gnocchi.9fd323a4-e490-4f2a-b803-fbe19e588429" "tx5ad1d7869a8c44909461a-0069bb7010" "proxy-server 101374" 0.0147 "-" 99868 0
Mar 18 23:40:00 np0005651379.novalocal container-server[99868]: ::1 - - [19/Mar/2026:03:40:00 +0000] "PUT /2/125092/AUTH_2c0dd7efa1e94d879bc5da8c6f19a646/gnocchi.9fd323a4-e490-4f2a-b803-fbe19e588429" 201 - "PUT https://[::1]:8080/v1/AUTH_2c0dd7efa1e94d879bc5da8c6f19a646/gnocchi.9fd323a4-e490-4f2a-b803-fbe19e588429" "tx5ad1d7869a8c44909461a-0069bb7010" "proxy-server 101374" 0.0264 "-" 99868 0
Mar 18 23:40:00 np0005651379.novalocal proxy-server[101374]: ::1 ::1 19/Mar/2026/03/40/00 PUT /v1/AUTH_2c0dd7efa1e94d879bc5da8c6f19a646/gnocchi.9fd323a4-e490-4f2a-b803-fbe19e588429 HTTP/1.0 201 - python-swiftclient-4.8.0 gAAAAABpu2_uqf-H... - - - tx5ad1d7869a8c44909461a-0069bb7010 - 0.0314 - - 1773891600.722300768 1773891600.753671408 0 e61d2c26cb6146fb88642c1126e377de
Mar 18 23:40:00 np0005651379.novalocal container-server[99868]: ::1 - - [19/Mar/2026:03:40:00 +0000] "HEAD /2/125092/AUTH_2c0dd7efa1e94d879bc5da8c6f19a646/gnocchi.9fd323a4-e490-4f2a-b803-fbe19e588429" 204 - "HEAD http://[::1]:8080/v1/AUTH_2c0dd7efa1e94d879bc5da8c6f19a646/gnocchi.9fd323a4-e490-4f2a-b803-fbe19e588429" "tx93713edbc4cd401f8e5f1-0069bb7010" "proxy-server 101374" 0.0019 "-" 99868 0
Mar 18 23:40:00 np0005651379.novalocal proxy-server[101374]: - - 19/Mar/2026/03/40/00 HEAD /v1/AUTH_2c0dd7efa1e94d879bc5da8c6f19a646/gnocchi.9fd323a4-e490-4f2a-b803-fbe19e588429 HTTP/1.0 204 - Swift - - - - tx93713edbc4cd401f8e5f1-0069bb7010 - 0.0062 CS - 1773891600.757003069 1773891600.763173819 0 -
Mar 18 23:40:00 np0005651379.novalocal container-server[99868]: ::1 - - [19/Mar/2026:03:40:00 +0000] "GET /2/125092/AUTH_2c0dd7efa1e94d879bc5da8c6f19a646/gnocchi.9fd323a4-e490-4f2a-b803-fbe19e588429" 200 2 "GET https://[::1]:8080/v1/AUTH_2c0dd7efa1e94d879bc5da8c6f19a646/gnocchi.9fd323a4-e490-4f2a-b803-fbe19e588429?format=json&states=listing" "tx93713edbc4cd401f8e5f1-0069bb7010" "proxy-server 101374" 0.0030 "-" 99868 0
Mar 18 23:40:00 np0005651379.novalocal proxy-server[101374]: ::1 ::1 19/Mar/2026/03/40/00 GET /v1/AUTH_2c0dd7efa1e94d879bc5da8c6f19a646/gnocchi.9fd323a4-e490-4f2a-b803-fbe19e588429%3Fformat%3Djson%26states%3Dlisting HTTP/1.0 200 - python-swiftclient-4.8.0 gAAAAABpu2_uqf-H... - 2 - tx93713edbc4cd401f8e5f1-0069bb7010 - 0.0196 - - 1773891600.756441116 1773891600.776007414 0 e61d2c26cb6146fb88642c1126e377de
Mar 18 23:40:00 np0005651379.novalocal object-server[100257]: ::1 - - [19/Mar/2026:03:40:00 +0000] "GET /1/85555/AUTH_2c0dd7efa1e94d879bc5da8c6f19a646/gnocchi.9fd323a4-e490-4f2a-b803-fbe19e588429/1773360000.0_mean_300.0_v3" 404 70 "GET https://[::1]:8080/v1/AUTH_2c0dd7efa1e94d879bc5da8c6f19a646/gnocchi.9fd323a4-e490-4f2a-b803-fbe19e588429/1773360000.0_mean_300.0_v3" "tx867d169efa6a460ea9af2-0069bb7010" "proxy-server 101374" 0.0003 "-" 100257 0
Mar 18 23:40:00 np0005651379.novalocal object-server[100257]: ::1 - - [19/Mar/2026:03:40:00 +0000] "GET /2/85555/AUTH_2c0dd7efa1e94d879bc5da8c6f19a646/gnocchi.9fd323a4-e490-4f2a-b803-fbe19e588429/1773360000.0_mean_300.0_v3" 404 70 "GET https://[::1]:8080/v1/AUTH_2c0dd7efa1e94d879bc5da8c6f19a646/gnocchi.9fd323a4-e490-4f2a-b803-fbe19e588429/1773360000.0_mean_300.0_v3" "tx867d169efa6a460ea9af2-0069bb7010" "proxy-server 101374" 0.0004 "-" 100257 0
Mar 18 23:40:00 np0005651379.novalocal object-server[100257]: ::1 - - [19/Mar/2026:03:40:00 +0000] "GET /3/85555/AUTH_2c0dd7efa1e94d879bc5da8c6f19a646/gnocchi.9fd323a4-e490-4f2a-b803-fbe19e588429/1773360000.0_mean_300.0_v3" 404 70 "GET https://[::1]:8080/v1/AUTH_2c0dd7efa1e94d879bc5da8c6f19a646/gnocchi.9fd323a4-e490-4f2a-b803-fbe19e588429/1773360000.0_mean_300.0_v3" "tx867d169efa6a460ea9af2-0069bb7010" "proxy-server 101374" 0.0003 "-" 100257 0
Mar 18 23:40:00 np0005651379.novalocal proxy-server[101374]: ::1 ::1 19/Mar/2026/03/40/00 GET /v1/AUTH_2c0dd7efa1e94d879bc5da8c6f19a646/gnocchi.9fd323a4-e490-4f2a-b803-fbe19e588429/1773360000.0_mean_300.0_v3 HTTP/1.0 404 - python-swiftclient-4.8.0 gAAAAABpu2_uqf-H... - 70 - tx867d169efa6a460ea9af2-0069bb7010 - 0.0149 - - 1773891600.779751062 1773891600.794670343 0 e61d2c26cb6146fb88642c1126e377de
Mar 18 23:40:00 np0005651379.novalocal container-server[99867]: ::1 - - [19/Mar/2026:03:40:00 +0000] "PUT /2/125092/AUTH_2c0dd7efa1e94d879bc5da8c6f19a646/gnocchi.9fd323a4-e490-4f2a-b803-fbe19e588429/1773360000.0_mean_300.0_v3" 201 - "PUT http://[::1]:8080/1/85555/AUTH_2c0dd7efa1e94d879bc5da8c6f19a646/gnocchi.9fd323a4-e490-4f2a-b803-fbe19e588429/1773360000.0_mean_300.0_v3" "txdf99781152664ee7bd5a4-0069bb7010" "object-server 100256" 0.0010 "-" 99867 0
Mar 18 23:40:00 np0005651379.novalocal container-server[99868]: ::1 - - [19/Mar/2026:03:40:00 +0000] "PUT /1/125092/AUTH_2c0dd7efa1e94d879bc5da8c6f19a646/gnocchi.9fd323a4-e490-4f2a-b803-fbe19e588429/1773360000.0_mean_300.0_v3" 201 - "PUT http://[::1]:8080/2/85555/AUTH_2c0dd7efa1e94d879bc5da8c6f19a646/gnocchi.9fd323a4-e490-4f2a-b803-fbe19e588429/1773360000.0_mean_300.0_v3" "txdf99781152664ee7bd5a4-0069bb7010" "object-server 100257" 0.0007 "-" 99868 0
Mar 18 23:40:00 np0005651379.novalocal object-server[100256]: ::1 - - [19/Mar/2026:03:40:00 +0000] "PUT /1/85555/AUTH_2c0dd7efa1e94d879bc5da8c6f19a646/gnocchi.9fd323a4-e490-4f2a-b803-fbe19e588429/1773360000.0_mean_300.0_v3" 201 - "PUT https://[::1]:8080/v1/AUTH_2c0dd7efa1e94d879bc5da8c6f19a646/gnocchi.9fd323a4-e490-4f2a-b803-fbe19e588429/1773360000.0_mean_300.0_v3" "txdf99781152664ee7bd5a4-0069bb7010" "proxy-server 101374" 0.0118 "-" 100256 0
Mar 18 23:40:00 np0005651379.novalocal container-server[99867]: ::1 - - [19/Mar/2026:03:40:00 +0000] "PUT /3/125092/AUTH_2c0dd7efa1e94d879bc5da8c6f19a646/gnocchi.9fd323a4-e490-4f2a-b803-fbe19e588429/1773360000.0_mean_300.0_v3" 201 - "PUT http://[::1]:8080/3/85555/AUTH_2c0dd7efa1e94d879bc5da8c6f19a646/gnocchi.9fd323a4-e490-4f2a-b803-fbe19e588429/1773360000.0_mean_300.0_v3" "txdf99781152664ee7bd5a4-0069bb7010" "object-server 100257" 0.0006 "-" 99867 0
Mar 18 23:40:00 np0005651379.novalocal object-server[100257]: ::1 - - [19/Mar/2026:03:40:00 +0000] "PUT /2/85555/AUTH_2c0dd7efa1e94d879bc5da8c6f19a646/gnocchi.9fd323a4-e490-4f2a-b803-fbe19e588429/1773360000.0_mean_300.0_v3" 201 - "PUT https://[::1]:8080/v1/AUTH_2c0dd7efa1e94d879bc5da8c6f19a646/gnocchi.9fd323a4-e490-4f2a-b803-fbe19e588429/1773360000.0_mean_300.0_v3" "txdf99781152664ee7bd5a4-0069bb7010" "proxy-server 101374" 0.0142 "-" 100257 0
Mar 18 23:40:00 np0005651379.novalocal object-server[100257]: ::1 - - [19/Mar/2026:03:40:00 +0000] "PUT /3/85555/AUTH_2c0dd7efa1e94d879bc5da8c6f19a646/gnocchi.9fd323a4-e490-4f2a-b803-fbe19e588429/1773360000.0_mean_300.0_v3" 201 - "PUT https://[::1]:8080/v1/AUTH_2c0dd7efa1e94d879bc5da8c6f19a646/gnocchi.9fd323a4-e490-4f2a-b803-fbe19e588429/1773360000.0_mean_300.0_v3" "txdf99781152664ee7bd5a4-0069bb7010" "proxy-server 101374" 0.0135 "-" 100257 0
Mar 18 23:40:00 np0005651379.novalocal proxy-server[101374]: ::1 ::1 19/Mar/2026/03/40/00 PUT /v1/AUTH_2c0dd7efa1e94d879bc5da8c6f19a646/gnocchi.9fd323a4-e490-4f2a-b803-fbe19e588429/1773360000.0_mean_300.0_v3 HTTP/1.0 201 - python-swiftclient-4.8.0 gAAAAABpu2_uqf-H... 16 - - txdf99781152664ee7bd5a4-0069bb7010 - 0.0255 - - 1773891600.797442198 1773891600.822984457 0 e61d2c26cb6146fb88642c1126e377de
Mar 18 23:40:00 np0005651379.novalocal container-server[99868]: ::1 - - [19/Mar/2026:03:40:00 +0000] "PUT /2/125092/AUTH_2c0dd7efa1e94d879bc5da8c6f19a646/gnocchi.9fd323a4-e490-4f2a-b803-fbe19e588429/none_v3" 201 - "PUT http://[::1]:8080/1/37383/AUTH_2c0dd7efa1e94d879bc5da8c6f19a646/gnocchi.9fd323a4-e490-4f2a-b803-fbe19e588429/none_v3" "txf3d2c91280b84add9833d-0069bb7010" "object-server 100256" 0.0004 "-" 99868 0
Mar 18 23:40:00 np0005651379.novalocal container-server[99867]: ::1 - - [19/Mar/2026:03:40:00 +0000] "PUT /3/125092/AUTH_2c0dd7efa1e94d879bc5da8c6f19a646/gnocchi.9fd323a4-e490-4f2a-b803-fbe19e588429/none_v3" 201 - "PUT http://[::1]:8080/3/37383/AUTH_2c0dd7efa1e94d879bc5da8c6f19a646/gnocchi.9fd323a4-e490-4f2a-b803-fbe19e588429/none_v3" "txf3d2c91280b84add9833d-0069bb7010" "object-server 100257" 0.0006 "-" 99867 0
Mar 18 23:40:00 np0005651379.novalocal container-server[99868]: ::1 - - [19/Mar/2026:03:40:00 +0000] "PUT /1/125092/AUTH_2c0dd7efa1e94d879bc5da8c6f19a646/gnocchi.9fd323a4-e490-4f2a-b803-fbe19e588429/none_v3" 201 - "PUT http://[::1]:8080/2/37383/AUTH_2c0dd7efa1e94d879bc5da8c6f19a646/gnocchi.9fd323a4-e490-4f2a-b803-fbe19e588429/none_v3" "txf3d2c91280b84add9833d-0069bb7010" "object-server 100256" 0.0002 "-" 99868 0
Mar 18 23:40:00 np0005651379.novalocal object-server[100256]: ::1 - - [19/Mar/2026:03:40:00 +0000] "PUT /1/37383/AUTH_2c0dd7efa1e94d879bc5da8c6f19a646/gnocchi.9fd323a4-e490-4f2a-b803-fbe19e588429/none_v3" 201 - "PUT https://[::1]:8080/v1/AUTH_2c0dd7efa1e94d879bc5da8c6f19a646/gnocchi.9fd323a4-e490-4f2a-b803-fbe19e588429/none_v3" "txf3d2c91280b84add9833d-0069bb7010" "proxy-server 101374" 0.0102 "-" 100256 0
Mar 18 23:40:00 np0005651379.novalocal object-server[100257]: ::1 - - [19/Mar/2026:03:40:00 +0000] "PUT /3/37383/AUTH_2c0dd7efa1e94d879bc5da8c6f19a646/gnocchi.9fd323a4-e490-4f2a-b803-fbe19e588429/none_v3" 201 - "PUT https://[::1]:8080/v1/AUTH_2c0dd7efa1e94d879bc5da8c6f19a646/gnocchi.9fd323a4-e490-4f2a-b803-fbe19e588429/none_v3" "txf3d2c91280b84add9833d-0069bb7010" "proxy-server 101374" 0.0122 "-" 100257 0
Mar 18 23:40:00 np0005651379.novalocal object-server[100256]: ::1 - - [19/Mar/2026:03:40:00 +0000] "PUT /2/37383/AUTH_2c0dd7efa1e94d879bc5da8c6f19a646/gnocchi.9fd323a4-e490-4f2a-b803-fbe19e588429/none_v3" 201 - "PUT https://[::1]:8080/v1/AUTH_2c0dd7efa1e94d879bc5da8c6f19a646/gnocchi.9fd323a4-e490-4f2a-b803-fbe19e588429/none_v3" "txf3d2c91280b84add9833d-0069bb7010" "proxy-server 101374" 0.0129 "-" 100256 0
Mar 18 23:40:00 np0005651379.novalocal proxy-server[101374]: ::1 ::1 19/Mar/2026/03/40/00 PUT /v1/AUTH_2c0dd7efa1e94d879bc5da8c6f19a646/gnocchi.9fd323a4-e490-4f2a-b803-fbe19e588429/none_v3 HTTP/1.0 201 - python-swiftclient-4.8.0 gAAAAABpu2_uqf-H... 22 - - txf3d2c91280b84add9833d-0069bb7010 - 0.0228 - - 1773891600.825560093 1773891600.848384142 0 e61d2c26cb6146fb88642c1126e377de
Mar 18 23:40:00 np0005651379.novalocal container-server[99867]: ::1 - - [19/Mar/2026:03:40:00 +0000] "HEAD /3/256394/AUTH_2c0dd7efa1e94d879bc5da8c6f19a646/gnocchi.5db6022b-fb34-49b2-8b46-689411f9e6bb" 404 - "HEAD http://[::1]:8080/v1/AUTH_2c0dd7efa1e94d879bc5da8c6f19a646/gnocchi.5db6022b-fb34-49b2-8b46-689411f9e6bb" "tx8f271670cfe844da868ba-0069bb7010" "proxy-server 101374" 0.0004 "-" 99867 0
Mar 18 23:40:00 np0005651379.novalocal container-server[99867]: ::1 - - [19/Mar/2026:03:40:00 +0000] "HEAD /1/256394/AUTH_2c0dd7efa1e94d879bc5da8c6f19a646/gnocchi.5db6022b-fb34-49b2-8b46-689411f9e6bb" 404 - "HEAD http://[::1]:8080/v1/AUTH_2c0dd7efa1e94d879bc5da8c6f19a646/gnocchi.5db6022b-fb34-49b2-8b46-689411f9e6bb" "tx8f271670cfe844da868ba-0069bb7010" "proxy-server 101374" 0.0004 "-" 99867 0
Mar 18 23:40:00 np0005651379.novalocal container-server[99868]: ::1 - - [19/Mar/2026:03:40:00 +0000] "HEAD /2/256394/AUTH_2c0dd7efa1e94d879bc5da8c6f19a646/gnocchi.5db6022b-fb34-49b2-8b46-689411f9e6bb" 404 - "HEAD http://[::1]:8080/v1/AUTH_2c0dd7efa1e94d879bc5da8c6f19a646/gnocchi.5db6022b-fb34-49b2-8b46-689411f9e6bb" "tx8f271670cfe844da868ba-0069bb7010" "proxy-server 101374" 0.0002 "-" 99868 0
Mar 18 23:40:00 np0005651379.novalocal proxy-server[101374]: - - 19/Mar/2026/03/40/00 HEAD /v1/AUTH_2c0dd7efa1e94d879bc5da8c6f19a646/gnocchi.5db6022b-fb34-49b2-8b46-689411f9e6bb HTTP/1.0 404 - Swift - - - - tx8f271670cfe844da868ba-0069bb7010 - 0.0097 CS - 1773891600.870373011 1773891600.880075693 0 -
Mar 18 23:40:00 np0005651379.novalocal object-server[100256]: ::1 - - [19/Mar/2026:03:40:00 +0000] "GET /2/142796/AUTH_2c0dd7efa1e94d879bc5da8c6f19a646/gnocchi.5db6022b-fb34-49b2-8b46-689411f9e6bb/none_v3" 404 70 "GET https://[::1]:8080/v1/AUTH_2c0dd7efa1e94d879bc5da8c6f19a646/gnocchi.5db6022b-fb34-49b2-8b46-689411f9e6bb/none_v3" "tx8f271670cfe844da868ba-0069bb7010" "proxy-server 101374" 0.0005 "-" 100256 0
Mar 18 23:40:00 np0005651379.novalocal object-server[100257]: ::1 - - [19/Mar/2026:03:40:00 +0000] "GET /1/142796/AUTH_2c0dd7efa1e94d879bc5da8c6f19a646/gnocchi.5db6022b-fb34-49b2-8b46-689411f9e6bb/none_v3" 404 70 "GET https://[::1]:8080/v1/AUTH_2c0dd7efa1e94d879bc5da8c6f19a646/gnocchi.5db6022b-fb34-49b2-8b46-689411f9e6bb/none_v3" "tx8f271670cfe844da868ba-0069bb7010" "proxy-server 101374" 0.0012 "-" 100257 0
Mar 18 23:40:00 np0005651379.novalocal object-server[100256]: ::1 - - [19/Mar/2026:03:40:00 +0000] "GET /3/142796/AUTH_2c0dd7efa1e94d879bc5da8c6f19a646/gnocchi.5db6022b-fb34-49b2-8b46-689411f9e6bb/none_v3" 404 70 "GET https://[::1]:8080/v1/AUTH_2c0dd7efa1e94d879bc5da8c6f19a646/gnocchi.5db6022b-fb34-49b2-8b46-689411f9e6bb/none_v3" "tx8f271670cfe844da868ba-0069bb7010" "proxy-server 101374" 0.0003 "-" 100256 0
Mar 18 23:40:00 np0005651379.novalocal proxy-server[101374]: ::1 ::1 19/Mar/2026/03/40/00 GET /v1/AUTH_2c0dd7efa1e94d879bc5da8c6f19a646/gnocchi.5db6022b-fb34-49b2-8b46-689411f9e6bb/none_v3 HTTP/1.0 404 - python-swiftclient-4.8.0 gAAAAABpu2_uqf-H... - 70 - tx8f271670cfe844da868ba-0069bb7010 - 0.0251 - - 1773891600.869524479 1773891600.894672155 0 e61d2c26cb6146fb88642c1126e377de
Mar 18 23:40:00 np0005651379.novalocal account-server[99474]: ::1 - - [19/Mar/2026:03:40:00 +0000] "PUT /3/184762/AUTH_2c0dd7efa1e94d879bc5da8c6f19a646/gnocchi.5db6022b-fb34-49b2-8b46-689411f9e6bb" 201 - "PUT http://[::1]:6001/3/256394/AUTH_2c0dd7efa1e94d879bc5da8c6f19a646/gnocchi.5db6022b-fb34-49b2-8b46-689411f9e6bb" "tx8024de9d70b34002804f6-0069bb7010" "container-server 99867" 0.0049 "-" 99474 0
Mar 18 23:40:00 np0005651379.novalocal container-server[99867]: ::1 - - [19/Mar/2026:03:40:00 +0000] "PUT /3/256394/AUTH_2c0dd7efa1e94d879bc5da8c6f19a646/gnocchi.5db6022b-fb34-49b2-8b46-689411f9e6bb" 201 - "PUT https://[::1]:8080/v1/AUTH_2c0dd7efa1e94d879bc5da8c6f19a646/gnocchi.5db6022b-fb34-49b2-8b46-689411f9e6bb" "tx8024de9d70b34002804f6-0069bb7010" "proxy-server 101374" 0.0166 "-" 99867 0
Mar 18 23:40:00 np0005651379.novalocal account-server[99474]: ::1 - - [19/Mar/2026:03:40:00 +0000] "PUT /2/184762/AUTH_2c0dd7efa1e94d879bc5da8c6f19a646/gnocchi.5db6022b-fb34-49b2-8b46-689411f9e6bb" 201 - "PUT http://[::1]:6001/2/256394/AUTH_2c0dd7efa1e94d879bc5da8c6f19a646/gnocchi.5db6022b-fb34-49b2-8b46-689411f9e6bb" "tx8024de9d70b34002804f6-0069bb7010" "container-server 99868" 0.0029 "-" 99474 0
