Mar 18 23:39:49 np0005651379.novalocal container-server[99867]: ::1 - - [19/Mar/2026:03:39:49 +0000] "PUT /1/1421/AUTH_2c0dd7efa1e94d879bc5da8c6f19a646/gnocchi.3698d73d-1619-4591-a47f-817e1133ca86/none_v3" 201 - "PUT http://[::1]:8080/2/59626/AUTH_2c0dd7efa1e94d879bc5da8c6f19a646/gnocchi.3698d73d-1619-4591-a47f-817e1133ca86/none_v3" "txa862dd41d9cc4b6d8a57c-0069bb7005" "object-server 100256" 0.0006 "-" 99867 0
Mar 18 23:39:49 np0005651379.novalocal object-server[100256]: ::1 - - [19/Mar/2026:03:39:49 +0000] "PUT /3/59626/AUTH_2c0dd7efa1e94d879bc5da8c6f19a646/gnocchi.3698d73d-1619-4591-a47f-817e1133ca86/none_v3" 201 - "PUT https://[::1]:8080/v1/AUTH_2c0dd7efa1e94d879bc5da8c6f19a646/gnocchi.3698d73d-1619-4591-a47f-817e1133ca86/none_v3" "txa862dd41d9cc4b6d8a57c-0069bb7005" "proxy-server 101374" 0.0151 "-" 100256 0
Mar 18 23:39:49 np0005651379.novalocal object-server[100256]: ::1 - - [19/Mar/2026:03:39:49 +0000] "PUT /2/59626/AUTH_2c0dd7efa1e94d879bc5da8c6f19a646/gnocchi.3698d73d-1619-4591-a47f-817e1133ca86/none_v3" 201 - "PUT https://[::1]:8080/v1/AUTH_2c0dd7efa1e94d879bc5da8c6f19a646/gnocchi.3698d73d-1619-4591-a47f-817e1133ca86/none_v3" "txa862dd41d9cc4b6d8a57c-0069bb7005" "proxy-server 101374" 0.0184 "-" 100256 0
Mar 18 23:39:49 np0005651379.novalocal proxy-server[101374]: ::1 ::1 19/Mar/2026/03/39/49 PUT /v1/AUTH_2c0dd7efa1e94d879bc5da8c6f19a646/gnocchi.3698d73d-1619-4591-a47f-817e1133ca86/none_v3 HTTP/1.0 201 - python-swiftclient-4.8.0 gAAAAABpu2_uqf-H... 25 - - txa862dd41d9cc4b6d8a57c-0069bb7005 - 0.0279 - - 1773891589.726954699 1773891589.754889488 0 e61d2c26cb6146fb88642c1126e377de
Mar 18 23:39:50 np0005651379.novalocal object-reconstructor[99297]: Starting object reconstruction pass.
Mar 18 23:39:50 np0005651379.novalocal object-reconstructor[99297]: Nothing reconstructed for 0.0004425048828125 seconds.
Mar 18 23:39:50 np0005651379.novalocal object-reconstructor[99297]: Object reconstruction complete. (0.00 minutes)
Mar 18 23:39:50 np0005651379.novalocal dnsmasq[106804]: read /var/lib/neutron/dhcp/a7714b01-c6aa-4a10-8588-89e28134f466/addn_hosts - 1 addresses
Mar 18 23:39:50 np0005651379.novalocal dnsmasq-dhcp[106804]: read /var/lib/neutron/dhcp/a7714b01-c6aa-4a10-8588-89e28134f466/host
Mar 18 23:39:50 np0005651379.novalocal dnsmasq-dhcp[106804]: read /var/lib/neutron/dhcp/a7714b01-c6aa-4a10-8588-89e28134f466/opts
Mar 18 23:39:50 np0005651379.novalocal container-sharder[99041]: Container sharder cycle starting, auto-sharding False
Mar 18 23:39:51 np0005651379.novalocal sudo[108085]: cinder : PWD=/ ; USER=root ; COMMAND=/usr/bin/cinder-rootwrap /etc/cinder/rootwrap.conf cinder-rtstool delete-initiator iqn.2010-10.org.openstack:volume-01361eee-d929-4912-9f8d-693bac16dcbd iqn.1994-05.com.redhat:183293477d4f
Mar 18 23:39:51 np0005651379.novalocal systemd[1]: Started Session c110 of User root.
Mar 18 23:39:51 np0005651379.novalocal sudo[108085]: pam_unix(sudo:session): session opened for user root(uid=0) by (uid=165)
Mar 18 23:39:51 np0005651379.novalocal container-sharder[99041]: Since Thu Mar 19 03:39:50 2026 visited - attempted:0 success:0 failure:0 skipped:33 completed:0
Mar 18 23:39:51 np0005651379.novalocal container-sharder[99041]: Since Thu Mar 19 03:39:50 2026 scanned - attempted:0 success:0 failure:0 found:0 min_time:0 max_time:0
Mar 18 23:39:51 np0005651379.novalocal container-sharder[99041]: Since Thu Mar 19 03:39:50 2026 created - attempted:0 success:0 failure:0
Mar 18 23:39:51 np0005651379.novalocal container-sharder[99041]: Since Thu Mar 19 03:39:50 2026 cleaved - attempted:0 success:0 failure:0 min_time:0 max_time:0
Mar 18 23:39:51 np0005651379.novalocal container-sharder[99041]: Since Thu Mar 19 03:39:50 2026 misplaced - attempted:0 success:0 failure:0 found:0 placed:0 unplaced:0
Mar 18 23:39:51 np0005651379.novalocal container-sharder[99041]: Since Thu Mar 19 03:39:50 2026 audit_root - attempted:0 success:0 failure:0 has_overlap:0 num_overlap:0
Mar 18 23:39:51 np0005651379.novalocal container-sharder[99041]: Since Thu Mar 19 03:39:50 2026 audit_shard - attempted:0 success:0 failure:0
Mar 18 23:39:51 np0005651379.novalocal container-sharder[99041]: Container sharder cycle completed: 0.64s
Mar 18 23:39:51 np0005651379.novalocal sudo[108085]: pam_unix(sudo:session): session closed for user root
Mar 18 23:39:51 np0005651379.novalocal systemd[1]: session-c110.scope: Deactivated successfully.
Mar 18 23:39:51 np0005651379.novalocal sudo[108096]: cinder : PWD=/ ; USER=root ; COMMAND=/usr/bin/cinder-rootwrap /etc/cinder/rootwrap.conf cinder-rtstool save
Mar 18 23:39:51 np0005651379.novalocal systemd[1]: Started Session c111 of User root.
Mar 18 23:39:51 np0005651379.novalocal sudo[108096]: pam_unix(sudo:session): session opened for user root(uid=0) by (uid=165)
Mar 18 23:39:51 np0005651379.novalocal account-server[99474]: ::1 - - [19/Mar/2026:03:39:51 +0000] "HEAD /3/249817/.misplaced_objects" 404 - "HEAD http://localhost/v1/.misplaced_objects?format=json" "txf1a8a33ce89c4e3081711-0069bb7007" "Swift Container Reconciler" 0.0005 "-" 99474 -
Mar 18 23:39:51 np0005651379.novalocal account-server[99475]: ::1 - - [19/Mar/2026:03:39:51 +0000] "HEAD /1/249817/.misplaced_objects" 404 - "HEAD http://localhost/v1/.misplaced_objects?format=json" "txf1a8a33ce89c4e3081711-0069bb7007" "Swift Container Reconciler" 0.0003 "-" 99475 -
Mar 18 23:39:51 np0005651379.novalocal account-server[99475]: ::1 - - [19/Mar/2026:03:39:51 +0000] "HEAD /2/249817/.misplaced_objects" 404 - "HEAD http://localhost/v1/.misplaced_objects?format=json" "txf1a8a33ce89c4e3081711-0069bb7007" "Swift Container Reconciler" 0.0001 "-" 99475 -
Mar 18 23:39:51 np0005651379.novalocal container-reconciler-ic[94780]: - - 19/Mar/2026/03/39/51 HEAD /v1/.misplaced_objects%3Fformat%3Djson HTTP/1.0 404 - Swift - - - - txf1a8a33ce89c4e3081711-0069bb7007 - 0.0091 GET_ACCOUNT_INFO - 1773891591.914595127 1773891591.923688889 - -
Mar 18 23:39:51 np0005651379.novalocal container-server[99867]: ::1 - - [19/Mar/2026:03:39:51 +0000] "GET /3/112595/.misplaced_objects/1773889200" 404 - "GET http://localhost/v1/.misplaced_objects/1773889200?format=json&marker=&end_marker=&prefix=&states=listing" "txf1a8a33ce89c4e3081711-0069bb7007" "Swift Container Reconciler" 0.0006 "-" 99867 0
Mar 18 23:39:51 np0005651379.novalocal container-server[99868]: ::1 - - [19/Mar/2026:03:39:51 +0000] "GET /1/112595/.misplaced_objects/1773889200" 404 - "GET http://localhost/v1/.misplaced_objects/1773889200?format=json&marker=&end_marker=&prefix=&states=listing" "txf1a8a33ce89c4e3081711-0069bb7007" "Swift Container Reconciler" 0.0006 "-" 99868 0
Mar 18 23:39:51 np0005651379.novalocal container-server[99867]: ::1 - - [19/Mar/2026:03:39:51 +0000] "GET /2/112595/.misplaced_objects/1773889200" 404 - "GET http://localhost/v1/.misplaced_objects/1773889200?format=json&marker=&end_marker=&prefix=&states=listing" "txf1a8a33ce89c4e3081711-0069bb7007" "Swift Container Reconciler" 0.0004 "-" 99867 0
Mar 18 23:39:51 np0005651379.novalocal container-reconciler-ic[94780]: - - 19/Mar/2026/03/39/51 GET /v1/.misplaced_objects/1773889200%3Fformat%3Djson%26marker%3D%26end_marker%3D%26prefix%3D%26states%3Dlisting HTTP/1.0 404 - Swift%20Container%20Reconciler - - 70 - txf1a8a33ce89c4e3081711-0069bb7007 - 0.0227 - - 1773891591.913415194 1773891591.936119556 0 -
Mar 18 23:39:51 np0005651379.novalocal account-server[99474]: ::1 - - [19/Mar/2026:03:39:51 +0000] "GET /1/249817/.misplaced_objects" 404 - "GET http://localhost/v1/.misplaced_objects?format=json&marker=&end_marker=&prefix=" "tx5a17dd23529243279a45a-0069bb7007" "Swift Container Reconciler" 0.0006 "-" 99474 -
Mar 18 23:39:51 np0005651379.novalocal account-server[99475]: ::1 - - [19/Mar/2026:03:39:51 +0000] "GET /3/249817/.misplaced_objects" 404 - "GET http://localhost/v1/.misplaced_objects?format=json&marker=&end_marker=&prefix=" "tx5a17dd23529243279a45a-0069bb7007" "Swift Container Reconciler" 0.0002 "-" 99475 -
Mar 18 23:39:51 np0005651379.novalocal account-server[99475]: ::1 - - [19/Mar/2026:03:39:51 +0000] "GET /2/249817/.misplaced_objects" 404 - "GET http://localhost/v1/.misplaced_objects?format=json&marker=&end_marker=&prefix=" "tx5a17dd23529243279a45a-0069bb7007" "Swift Container Reconciler" 0.0001 "-" 99475 -
Mar 18 23:39:51 np0005651379.novalocal container-reconciler-ic[94780]: - - 19/Mar/2026/03/39/51 GET /v1/.misplaced_objects%3Fformat%3Djson%26marker%3D%26end_marker%3D%26prefix%3D HTTP/1.0 404 - Swift%20Container%20Reconciler - - - - tx5a17dd23529243279a45a-0069bb7007 - 0.0081 - - 1773891591.937156677 1773891591.945268393 - -
Mar 18 23:39:51 np0005651379.novalocal container-reconciler[94780]: Reconciler Stats: {}
Mar 18 23:39:51 np0005651379.novalocal container-reconciler[94780]: sleeping between intervals (30.0s)
Mar 18 23:39:52 np0005651379.novalocal sudo[108096]: pam_unix(sudo:session): session closed for user root
Mar 18 23:39:52 np0005651379.novalocal systemd[1]: session-c111.scope: Deactivated successfully.
Mar 18 23:39:52 np0005651379.novalocal sudo[108103]: cinder : PWD=/ ; USER=root ; COMMAND=/usr/bin/cinder-rootwrap /etc/cinder/rootwrap.conf cinder-rtstool get-targets
Mar 18 23:39:52 np0005651379.novalocal systemd[1]: Started Session c112 of User root.
Mar 18 23:39:52 np0005651379.novalocal sudo[108103]: pam_unix(sudo:session): session opened for user root(uid=0) by (uid=165)
Mar 18 23:39:52 np0005651379.novalocal sudo[108103]: pam_unix(sudo:session): session closed for user root
Mar 18 23:39:52 np0005651379.novalocal systemd[1]: session-c112.scope: Deactivated successfully.
Mar 18 23:39:52 np0005651379.novalocal sudo[108108]: cinder : PWD=/ ; USER=root ; COMMAND=/usr/bin/cinder-rootwrap /etc/cinder/rootwrap.conf cinder-rtstool delete iqn.2010-10.org.openstack:volume-01361eee-d929-4912-9f8d-693bac16dcbd
Mar 18 23:39:52 np0005651379.novalocal systemd[1]: Started Session c113 of User root.
Mar 18 23:39:52 np0005651379.novalocal sudo[108108]: pam_unix(sudo:session): session opened for user root(uid=0) by (uid=165)
Mar 18 23:39:53 np0005651379.novalocal sudo[108108]: pam_unix(sudo:session): session closed for user root
Mar 18 23:39:53 np0005651379.novalocal systemd[1]: session-c113.scope: Deactivated successfully.
Mar 18 23:39:53 np0005651379.novalocal sudo[108114]: cinder : PWD=/ ; USER=root ; COMMAND=/usr/bin/cinder-rootwrap /etc/cinder/rootwrap.conf cinder-rtstool save
Mar 18 23:39:53 np0005651379.novalocal systemd[1]: Started Session c114 of User root.
Mar 18 23:39:53 np0005651379.novalocal sudo[108114]: pam_unix(sudo:session): session opened for user root(uid=0) by (uid=165)
Mar 18 23:39:53 np0005651379.novalocal sudo[108114]: pam_unix(sudo:session): session closed for user root
Mar 18 23:39:53 np0005651379.novalocal systemd[1]: session-c114.scope: Deactivated successfully.
Mar 18 23:39:54 np0005651379.novalocal sudo[108162]: cinder : PWD=/ ; USER=root ; COMMAND=/usr/bin/cinder-rootwrap /etc/cinder/rootwrap.conf cinder-rtstool get-targets
Mar 18 23:39:54 np0005651379.novalocal systemd[1]: Started Session c115 of User root.
Mar 18 23:39:54 np0005651379.novalocal sudo[108162]: pam_unix(sudo:session): session opened for user root(uid=0) by (uid=165)
Mar 18 23:39:54 np0005651379.novalocal object-server[100257]: ::1 - - [19/Mar/2026:03:39:54 +0000] "GET /2/59626/AUTH_2c0dd7efa1e94d879bc5da8c6f19a646/gnocchi.3698d73d-1619-4591-a47f-817e1133ca86/none_v3" 200 25 "GET https://[::1]:8080/v1/AUTH_2c0dd7efa1e94d879bc5da8c6f19a646/gnocchi.3698d73d-1619-4591-a47f-817e1133ca86/none_v3" "tx502ed2800f034f1394097-0069bb700a" "proxy-server 101374" 0.0013 "-" 100257 0
Mar 18 23:39:54 np0005651379.novalocal proxy-server[101374]: ::1 ::1 19/Mar/2026/03/39/54 GET /v1/AUTH_2c0dd7efa1e94d879bc5da8c6f19a646/gnocchi.3698d73d-1619-4591-a47f-817e1133ca86/none_v3 HTTP/1.0 200 - python-swiftclient-4.8.0 gAAAAABpu2_uqf-H... - 25 - tx502ed2800f034f1394097-0069bb700a - 0.0124 - - 1773891594.594499588 1773891594.606896877 0 e61d2c26cb6146fb88642c1126e377de
Mar 18 23:39:54 np0005651379.novalocal container-server[99868]: ::1 - - [19/Mar/2026:03:39:54 +0000] "GET /1/1421/AUTH_2c0dd7efa1e94d879bc5da8c6f19a646/gnocchi.3698d73d-1619-4591-a47f-817e1133ca86" 200 357 "GET https://[::1]:8080/v1/AUTH_2c0dd7efa1e94d879bc5da8c6f19a646/gnocchi.3698d73d-1619-4591-a47f-817e1133ca86?format=json&states=listing" "txef79671873e64888a0318-0069bb700a" "proxy-server 101374" 0.0058 "-" 99868 0
Mar 18 23:39:54 np0005651379.novalocal proxy-server[101374]: ::1 ::1 19/Mar/2026/03/39/54 GET /v1/AUTH_2c0dd7efa1e94d879bc5da8c6f19a646/gnocchi.3698d73d-1619-4591-a47f-817e1133ca86%3Fformat%3Djson%26states%3Dlisting HTTP/1.0 200 - python-swiftclient-4.8.0 gAAAAABpu2_uqf-H... - 357 - txef79671873e64888a0318-0069bb700a - 0.0174 - - 1773891594.611952305 1773891594.629372120 0 e61d2c26cb6146fb88642c1126e377de
Mar 18 23:39:54 np0005651379.novalocal container-server[99867]: ::1 - - [19/Mar/2026:03:39:54 +0000] "GET /2/1421/AUTH_2c0dd7efa1e94d879bc5da8c6f19a646/gnocchi.3698d73d-1619-4591-a47f-817e1133ca86" 200 2 "GET https://[::1]:8080/v1/AUTH_2c0dd7efa1e94d879bc5da8c6f19a646/gnocchi.3698d73d-1619-4591-a47f-817e1133ca86?format=json&marker=none_v3&states=listing" "txd04fb5fb98d6441fb7c14-0069bb700a" "proxy-server 101374" 0.0022 "-" 99867 0
Mar 18 23:39:54 np0005651379.novalocal proxy-server[101374]: ::1 ::1 19/Mar/2026/03/39/54 GET /v1/AUTH_2c0dd7efa1e94d879bc5da8c6f19a646/gnocchi.3698d73d-1619-4591-a47f-817e1133ca86%3Fformat%3Djson%26marker%3Dnone_v3%26states%3Dlisting HTTP/1.0 200 - python-swiftclient-4.8.0 gAAAAABpu2_uqf-H... - 2 - txd04fb5fb98d6441fb7c14-0069bb700a - 0.0111 - - 1773891594.633052826 1773891594.644201040 0 e61d2c26cb6146fb88642c1126e377de
Mar 18 23:39:54 np0005651379.novalocal object-server[100257]: ::1 - - [19/Mar/2026:03:39:54 +0000] "GET /3/210054/AUTH_2c0dd7efa1e94d879bc5da8c6f19a646/gnocchi.3698d73d-1619-4591-a47f-817e1133ca86/1773360000.0_mean_300.0_v3" 200 16 "GET https://[::1]:8080/v1/AUTH_2c0dd7efa1e94d879bc5da8c6f19a646/gnocchi.3698d73d-1619-4591-a47f-817e1133ca86/1773360000.0_mean_300.0_v3" "txee8386f02ae447dba4946-0069bb700a" "proxy-server 101374" 0.0018 "-" 100257 0
Mar 18 23:39:54 np0005651379.novalocal proxy-server[101374]: ::1 ::1 19/Mar/2026/03/39/54 GET /v1/AUTH_2c0dd7efa1e94d879bc5da8c6f19a646/gnocchi.3698d73d-1619-4591-a47f-817e1133ca86/1773360000.0_mean_300.0_v3 HTTP/1.0 200 - python-swiftclient-4.8.0 gAAAAABpu2_uqf-H... - 16 - txee8386f02ae447dba4946-0069bb700a - 0.0104 - - 1773891594.649674654 1773891594.660063267 0 e61d2c26cb6146fb88642c1126e377de
Mar 18 23:39:54 np0005651379.novalocal sudo[108162]: pam_unix(sudo:session): session closed for user root
Mar 18 23:39:54 np0005651379.novalocal systemd[1]: session-c115.scope: Deactivated successfully.
Mar 18 23:39:54 np0005651379.novalocal container-server[99867]: ::1 - - [19/Mar/2026:03:39:54 +0000] "PUT /2/1421/AUTH_2c0dd7efa1e94d879bc5da8c6f19a646/gnocchi.3698d73d-1619-4591-a47f-817e1133ca86/1773360000.0_mean_300.0_v3" 201 - "PUT http://[::1]:8080/1/210054/AUTH_2c0dd7efa1e94d879bc5da8c6f19a646/gnocchi.3698d73d-1619-4591-a47f-817e1133ca86/1773360000.0_mean_300.0_v3" "tx69f25458f34a41169907b-0069bb700a" "object-server 100256" 0.0006 "-" 99867 0
Mar 18 23:39:54 np0005651379.novalocal object-server[100256]: ::1 - - [19/Mar/2026:03:39:54 +0000] "PUT /1/210054/AUTH_2c0dd7efa1e94d879bc5da8c6f19a646/gnocchi.3698d73d-1619-4591-a47f-817e1133ca86/1773360000.0_mean_300.0_v3" 201 - "PUT https://[::1]:8080/v1/AUTH_2c0dd7efa1e94d879bc5da8c6f19a646/gnocchi.3698d73d-1619-4591-a47f-817e1133ca86/1773360000.0_mean_300.0_v3" "tx69f25458f34a41169907b-0069bb700a" "proxy-server 101374" 0.0251 "-" 100256 0
Mar 18 23:39:54 np0005651379.novalocal container-server[99868]: ::1 - - [19/Mar/2026:03:39:54 +0000] "PUT /1/1421/AUTH_2c0dd7efa1e94d879bc5da8c6f19a646/gnocchi.3698d73d-1619-4591-a47f-817e1133ca86/1773360000.0_mean_300.0_v3" 201 - "PUT http://[::1]:8080/3/210054/AUTH_2c0dd7efa1e94d879bc5da8c6f19a646/gnocchi.3698d73d-1619-4591-a47f-817e1133ca86/1773360000.0_mean_300.0_v3" "tx69f25458f34a41169907b-0069bb700a" "object-server 100256" 0.0008 "-" 99868 0
Mar 18 23:39:54 np0005651379.novalocal object-server[100256]: ::1 - - [19/Mar/2026:03:39:54 +0000] "PUT /3/210054/AUTH_2c0dd7efa1e94d879bc5da8c6f19a646/gnocchi.3698d73d-1619-4591-a47f-817e1133ca86/1773360000.0_mean_300.0_v3" 201 - "PUT https://[::1]:8080/v1/AUTH_2c0dd7efa1e94d879bc5da8c6f19a646/gnocchi.3698d73d-1619-4591-a47f-817e1133ca86/1773360000.0_mean_300.0_v3" "tx69f25458f34a41169907b-0069bb700a" "proxy-server 101374" 0.0281 "-" 100256 0
Mar 18 23:39:54 np0005651379.novalocal container-server[99868]: ::1 - - [19/Mar/2026:03:39:54 +0000] "PUT /3/1421/AUTH_2c0dd7efa1e94d879bc5da8c6f19a646/gnocchi.3698d73d-1619-4591-a47f-817e1133ca86/1773360000.0_mean_300.0_v3" 201 - "PUT http://[::1]:8080/2/210054/AUTH_2c0dd7efa1e94d879bc5da8c6f19a646/gnocchi.3698d73d-1619-4591-a47f-817e1133ca86/1773360000.0_mean_300.0_v3" "tx69f25458f34a41169907b-0069bb700a" "object-server 100256" 0.0005 "-" 99868 0
Mar 18 23:39:54 np0005651379.novalocal object-server[100256]: ::1 - - [19/Mar/2026:03:39:54 +0000] "PUT /2/210054/AUTH_2c0dd7efa1e94d879bc5da8c6f19a646/gnocchi.3698d73d-1619-4591-a47f-817e1133ca86/1773360000.0_mean_300.0_v3" 201 - "PUT https://[::1]:8080/v1/AUTH_2c0dd7efa1e94d879bc5da8c6f19a646/gnocchi.3698d73d-1619-4591-a47f-817e1133ca86/1773360000.0_mean_300.0_v3" "tx69f25458f34a41169907b-0069bb700a" "proxy-server 101374" 0.0273 "-" 100256 0
Mar 18 23:39:54 np0005651379.novalocal proxy-server[101374]: ::1 ::1 19/Mar/2026/03/39/54 PUT /v1/AUTH_2c0dd7efa1e94d879bc5da8c6f19a646/gnocchi.3698d73d-1619-4591-a47f-817e1133ca86/1773360000.0_mean_300.0_v3 HTTP/1.0 201 - python-swiftclient-4.8.0 gAAAAABpu2_uqf-H... 16 - - tx69f25458f34a41169907b-0069bb700a - 0.0419 - - 1773891594.664801121 1773891594.706680298 0 e61d2c26cb6146fb88642c1126e377de
Mar 18 23:39:54 np0005651379.novalocal sudo[108179]: cinder : PWD=/ ; USER=root ; COMMAND=/usr/bin/cinder-rootwrap /etc/cinder/rootwrap.conf env LC_ALL=C lvs --noheadings --unit=g -o vg_name,name,size --nosuffix --readonly cinder-volumes/volume-01361eee-d929-4912-9f8d-693bac16dcbd
Mar 18 23:39:54 np0005651379.novalocal systemd[1]: Started Session c116 of User root.
Mar 18 23:39:54 np0005651379.novalocal container-server[99868]: ::1 - - [19/Mar/2026:03:39:54 +0000] "PUT /3/1421/AUTH_2c0dd7efa1e94d879bc5da8c6f19a646/gnocchi.3698d73d-1619-4591-a47f-817e1133ca86/none_v3" 201 - "PUT http://[::1]:8080/2/59626/AUTH_2c0dd7efa1e94d879bc5da8c6f19a646/gnocchi.3698d73d-1619-4591-a47f-817e1133ca86/none_v3" "txa135798a0c3741feb0d6e-0069bb700a" "object-server 100256" 0.0008 "-" 99868 0
Mar 18 23:39:54 np0005651379.novalocal container-server[99867]: ::1 - - [19/Mar/2026:03:39:54 +0000] "PUT /1/1421/AUTH_2c0dd7efa1e94d879bc5da8c6f19a646/gnocchi.3698d73d-1619-4591-a47f-817e1133ca86/none_v3" 201 - "PUT http://[::1]:8080/1/59626/AUTH_2c0dd7efa1e94d879bc5da8c6f19a646/gnocchi.3698d73d-1619-4591-a47f-817e1133ca86/none_v3" "txa135798a0c3741feb0d6e-0069bb700a" "object-server 100257" 0.0007 "-" 99867 0
Mar 18 23:39:54 np0005651379.novalocal container-server[99868]: ::1 - - [19/Mar/2026:03:39:54 +0000] "PUT /2/1421/AUTH_2c0dd7efa1e94d879bc5da8c6f19a646/gnocchi.3698d73d-1619-4591-a47f-817e1133ca86/none_v3" 201 - "PUT http://[::1]:8080/3/59626/AUTH_2c0dd7efa1e94d879bc5da8c6f19a646/gnocchi.3698d73d-1619-4591-a47f-817e1133ca86/none_v3" "txa135798a0c3741feb0d6e-0069bb700a" "object-server 100257" 0.0013 "-" 99868 0
Mar 18 23:39:54 np0005651379.novalocal object-server[100257]: ::1 - - [19/Mar/2026:03:39:54 +0000] "PUT /1/59626/AUTH_2c0dd7efa1e94d879bc5da8c6f19a646/gnocchi.3698d73d-1619-4591-a47f-817e1133ca86/none_v3" 201 - "PUT https://[::1]:8080/v1/AUTH_2c0dd7efa1e94d879bc5da8c6f19a646/gnocchi.3698d73d-1619-4591-a47f-817e1133ca86/none_v3" "txa135798a0c3741feb0d6e-0069bb700a" "proxy-server 101374" 0.0199 "-" 100257 0
Mar 18 23:39:54 np0005651379.novalocal sudo[108179]: pam_unix(sudo:session): session opened for user root(uid=0) by (uid=165)
Mar 18 23:39:54 np0005651379.novalocal object-server[100257]: ::1 - - [19/Mar/2026:03:39:54 +0000] "PUT /3/59626/AUTH_2c0dd7efa1e94d879bc5da8c6f19a646/gnocchi.3698d73d-1619-4591-a47f-817e1133ca86/none_v3" 201 - "PUT https://[::1]:8080/v1/AUTH_2c0dd7efa1e94d879bc5da8c6f19a646/gnocchi.3698d73d-1619-4591-a47f-817e1133ca86/none_v3" "txa135798a0c3741feb0d6e-0069bb700a" "proxy-server 101374" 0.0253 "-" 100257 0
Mar 18 23:39:54 np0005651379.novalocal object-server[100256]: ::1 - - [19/Mar/2026:03:39:54 +0000] "PUT /2/59626/AUTH_2c0dd7efa1e94d879bc5da8c6f19a646/gnocchi.3698d73d-1619-4591-a47f-817e1133ca86/none_v3" 201 - "PUT https://[::1]:8080/v1/AUTH_2c0dd7efa1e94d879bc5da8c6f19a646/gnocchi.3698d73d-1619-4591-a47f-817e1133ca86/none_v3" "txa135798a0c3741feb0d6e-0069bb700a" "proxy-server 101374" 0.0267 "-" 100256 0
Mar 18 23:39:54 np0005651379.novalocal proxy-server[101374]: ::1 ::1 19/Mar/2026/03/39/54 PUT /v1/AUTH_2c0dd7efa1e94d879bc5da8c6f19a646/gnocchi.3698d73d-1619-4591-a47f-817e1133ca86/none_v3 HTTP/1.0 201 - python-swiftclient-4.8.0 gAAAAABpu2_uqf-H... 35 - - txa135798a0c3741feb0d6e-0069bb700a - 0.0479 - - 1773891594.713537931 1773891594.761457205 0 e61d2c26cb6146fb88642c1126e377de
Mar 18 23:39:54 np0005651379.novalocal object-server[100256]: ::1 - - [19/Mar/2026:03:39:54 +0000] "GET /1/66085/AUTH_2c0dd7efa1e94d879bc5da8c6f19a646/gnocchi.da068fe9-7b7f-4576-9011-60547dbb118e/none_v3" 200 29 "GET https://[::1]:8080/v1/AUTH_2c0dd7efa1e94d879bc5da8c6f19a646/gnocchi.da068fe9-7b7f-4576-9011-60547dbb118e/none_v3" "txaa0d2af8b43e4843b2575-0069bb700a" "proxy-server 101374" 0.0075 "-" 100256 0
Mar 18 23:39:54 np0005651379.novalocal proxy-server[101374]: ::1 ::1 19/Mar/2026/03/39/54 GET /v1/AUTH_2c0dd7efa1e94d879bc5da8c6f19a646/gnocchi.da068fe9-7b7f-4576-9011-60547dbb118e/none_v3 HTTP/1.0 200 - python-swiftclient-4.8.0 gAAAAABpu2_uqf-H... - 29 - txaa0d2af8b43e4843b2575-0069bb700a - 0.0357 - - 1773891594.795765162 1773891594.831475496 0 e61d2c26cb6146fb88642c1126e377de
Mar 18 23:39:54 np0005651379.novalocal container-server[99868]: ::1 - - [19/Mar/2026:03:39:54 +0000] "GET /2/253666/AUTH_2c0dd7efa1e94d879bc5da8c6f19a646/gnocchi.da068fe9-7b7f-4576-9011-60547dbb118e" 200 357 "GET https://[::1]:8080/v1/AUTH_2c0dd7efa1e94d879bc5da8c6f19a646/gnocchi.da068fe9-7b7f-4576-9011-60547dbb118e?format=json&states=listing" "tx0977953776a64d6baad7c-0069bb700a" "proxy-server 101374" 0.0051 "-" 99868 0
Mar 18 23:39:54 np0005651379.novalocal proxy-server[101374]: ::1 ::1 19/Mar/2026/03/39/54 GET /v1/AUTH_2c0dd7efa1e94d879bc5da8c6f19a646/gnocchi.da068fe9-7b7f-4576-9011-60547dbb118e%3Fformat%3Djson%26states%3Dlisting HTTP/1.0 200 - python-swiftclient-4.8.0 gAAAAABpu2_uqf-H... - 357 - tx0977953776a64d6baad7c-0069bb700a - 0.0150 - - 1773891594.835804224 1773891594.850811958 0 e61d2c26cb6146fb88642c1126e377de
Mar 18 23:39:54 np0005651379.novalocal container-server[99868]: ::1 - - [19/Mar/2026:03:39:54 +0000] "GET /1/253666/AUTH_2c0dd7efa1e94d879bc5da8c6f19a646/gnocchi.da068fe9-7b7f-4576-9011-60547dbb118e" 200 2 "GET https://[::1]:8080/v1/AUTH_2c0dd7efa1e94d879bc5da8c6f19a646/gnocchi.da068fe9-7b7f-4576-9011-60547dbb118e?format=json&marker=none_v3&states=listing" "txbaf4e0ae503d4e709f768-0069bb700a" "proxy-server 101374" 0.0030 "-" 99868 0
Mar 18 23:39:54 np0005651379.novalocal proxy-server[101374]: ::1 ::1 19/Mar/2026/03/39/54 GET /v1/AUTH_2c0dd7efa1e94d879bc5da8c6f19a646/gnocchi.da068fe9-7b7f-4576-9011-60547dbb118e%3Fformat%3Djson%26marker%3Dnone_v3%26states%3Dlisting HTTP/1.0 200 - python-swiftclient-4.8.0 gAAAAABpu2_uqf-H... - 2 - txbaf4e0ae503d4e709f768-0069bb700a - 0.0118 - - 1773891594.854106426 1773891594.865940332 0 e61d2c26cb6146fb88642c1126e377de
Mar 18 23:39:54 np0005651379.novalocal object-server[100257]: ::1 - - [19/Mar/2026:03:39:54 +0000] "GET /3/149556/AUTH_2c0dd7efa1e94d879bc5da8c6f19a646/gnocchi.da068fe9-7b7f-4576-9011-60547dbb118e/1773360000.0_mean_300.0_v3" 200 16 "GET https://[::1]:8080/v1/AUTH_2c0dd7efa1e94d879bc5da8c6f19a646/gnocchi.da068fe9-7b7f-4576-9011-60547dbb118e/1773360000.0_mean_300.0_v3" "txb9cffdb96f514b2581965-0069bb700a" "proxy-server 101374" 0.0012 "-" 100257 0
Mar 18 23:39:54 np0005651379.novalocal proxy-server[101374]: ::1 ::1 19/Mar/2026/03/39/54 GET /v1/AUTH_2c0dd7efa1e94d879bc5da8c6f19a646/gnocchi.da068fe9-7b7f-4576-9011-60547dbb118e/1773360000.0_mean_300.0_v3 HTTP/1.0 200 - python-swiftclient-4.8.0 gAAAAABpu2_uqf-H... - 16 - txb9cffdb96f514b2581965-0069bb700a - 0.0111 - - 1773891594.872272730 1773891594.883368254 0 e61d2c26cb6146fb88642c1126e377de
Mar 18 23:39:54 np0005651379.novalocal container-server[99867]: ::1 - - [19/Mar/2026:03:39:54 +0000] "PUT /2/253666/AUTH_2c0dd7efa1e94d879bc5da8c6f19a646/gnocchi.da068fe9-7b7f-4576-9011-60547dbb118e/1773360000.0_mean_300.0_v3" 201 - "PUT http://[::1]:8080/3/149556/AUTH_2c0dd7efa1e94d879bc5da8c6f19a646/gnocchi.da068fe9-7b7f-4576-9011-60547dbb118e/1773360000.0_mean_300.0_v3" "tx95f2da365a7a4b3c9de18-0069bb700a" "object-server 100257" 0.0011 "-" 99867 0
Mar 18 23:39:54 np0005651379.novalocal object-server[100257]: ::1 - - [19/Mar/2026:03:39:54 +0000] "PUT /3/149556/AUTH_2c0dd7efa1e94d879bc5da8c6f19a646/gnocchi.da068fe9-7b7f-4576-9011-60547dbb118e/1773360000.0_mean_300.0_v3" 201 - "PUT https://[::1]:8080/v1/AUTH_2c0dd7efa1e94d879bc5da8c6f19a646/gnocchi.da068fe9-7b7f-4576-9011-60547dbb118e/1773360000.0_mean_300.0_v3" "tx95f2da365a7a4b3c9de18-0069bb700a" "proxy-server 101374" 0.0199 "-" 100257 0
Mar 18 23:39:54 np0005651379.novalocal container-server[99868]: ::1 - - [19/Mar/2026:03:39:54 +0000] "PUT /3/253666/AUTH_2c0dd7efa1e94d879bc5da8c6f19a646/gnocchi.da068fe9-7b7f-4576-9011-60547dbb118e/1773360000.0_mean_300.0_v3" 201 - "PUT http://[::1]:8080/1/149556/AUTH_2c0dd7efa1e94d879bc5da8c6f19a646/gnocchi.da068fe9-7b7f-4576-9011-60547dbb118e/1773360000.0_mean_300.0_v3" "tx95f2da365a7a4b3c9de18-0069bb700a" "object-server 100256" 0.0006 "-" 99868 0
Mar 18 23:39:54 np0005651379.novalocal object-server[100256]: ::1 - - [19/Mar/2026:03:39:54 +0000] "PUT /1/149556/AUTH_2c0dd7efa1e94d879bc5da8c6f19a646/gnocchi.da068fe9-7b7f-4576-9011-60547dbb118e/1773360000.0_mean_300.0_v3" 201 - "PUT https://[::1]:8080/v1/AUTH_2c0dd7efa1e94d879bc5da8c6f19a646/gnocchi.da068fe9-7b7f-4576-9011-60547dbb118e/1773360000.0_mean_300.0_v3" "tx95f2da365a7a4b3c9de18-0069bb700a" "proxy-server 101374" 0.0158 "-" 100256 0
Mar 18 23:39:54 np0005651379.novalocal container-server[99868]: ::1 - - [19/Mar/2026:03:39:54 +0000] "PUT /1/253666/AUTH_2c0dd7efa1e94d879bc5da8c6f19a646/gnocchi.da068fe9-7b7f-4576-9011-60547dbb118e/1773360000.0_mean_300.0_v3" 201 - "PUT http://[::1]:8080/2/149556/AUTH_2c0dd7efa1e94d879bc5da8c6f19a646/gnocchi.da068fe9-7b7f-4576-9011-60547dbb118e/1773360000.0_mean_300.0_v3" "tx95f2da365a7a4b3c9de18-0069bb700a" "object-server 100257" 0.0005 "-" 99868 0
Mar 18 23:39:54 np0005651379.novalocal object-server[100257]: ::1 - - [19/Mar/2026:03:39:54 +0000] "PUT /2/149556/AUTH_2c0dd7efa1e94d879bc5da8c6f19a646/gnocchi.da068fe9-7b7f-4576-9011-60547dbb118e/1773360000.0_mean_300.0_v3" 201 - "PUT https://[::1]:8080/v1/AUTH_2c0dd7efa1e94d879bc5da8c6f19a646/gnocchi.da068fe9-7b7f-4576-9011-60547dbb118e/1773360000.0_mean_300.0_v3" "tx95f2da365a7a4b3c9de18-0069bb700a" "proxy-server 101374" 0.0225 "-" 100257 0
Mar 18 23:39:54 np0005651379.novalocal proxy-server[101374]: ::1 ::1 19/Mar/2026/03/39/54 PUT /v1/AUTH_2c0dd7efa1e94d879bc5da8c6f19a646/gnocchi.da068fe9-7b7f-4576-9011-60547dbb118e/1773360000.0_mean_300.0_v3 HTTP/1.0 201 - python-swiftclient-4.8.0 gAAAAABpu2_uqf-H... 16 - - tx95f2da365a7a4b3c9de18-0069bb700a - 0.0391 - - 1773891594.887763023 1773891594.926907539 0 e61d2c26cb6146fb88642c1126e377de
Mar 18 23:39:54 np0005651379.novalocal container-server[99867]: ::1 - - [19/Mar/2026:03:39:54 +0000] "PUT /2/253666/AUTH_2c0dd7efa1e94d879bc5da8c6f19a646/gnocchi.da068fe9-7b7f-4576-9011-60547dbb118e/none_v3" 201 - "PUT http://[::1]:8080/1/66085/AUTH_2c0dd7efa1e94d879bc5da8c6f19a646/gnocchi.da068fe9-7b7f-4576-9011-60547dbb118e/none_v3" "txe1ef4038d7d046ab8d375-0069bb700a" "object-server 100257" 0.0007 "-" 99867 0
Mar 18 23:39:54 np0005651379.novalocal object-server[100257]: ::1 - - [19/Mar/2026:03:39:54 +0000] "PUT /1/66085/AUTH_2c0dd7efa1e94d879bc5da8c6f19a646/gnocchi.da068fe9-7b7f-4576-9011-60547dbb118e/none_v3" 201 - "PUT https://[::1]:8080/v1/AUTH_2c0dd7efa1e94d879bc5da8c6f19a646/gnocchi.da068fe9-7b7f-4576-9011-60547dbb118e/none_v3" "txe1ef4038d7d046ab8d375-0069bb700a" "proxy-server 101374" 0.0110 "-" 100257 0
Mar 18 23:39:54 np0005651379.novalocal container-server[99868]: ::1 - - [19/Mar/2026:03:39:54 +0000] "PUT /1/253666/AUTH_2c0dd7efa1e94d879bc5da8c6f19a646/gnocchi.da068fe9-7b7f-4576-9011-60547dbb118e/none_v3" 201 - "PUT http://[::1]:8080/2/66085/AUTH_2c0dd7efa1e94d879bc5da8c6f19a646/gnocchi.da068fe9-7b7f-4576-9011-60547dbb118e/none_v3" "txe1ef4038d7d046ab8d375-0069bb700a" "object-server 100256" 0.0005 "-" 99868 0
Mar 18 23:39:54 np0005651379.novalocal object-server[100256]: ::1 - - [19/Mar/2026:03:39:54 +0000] "PUT /2/66085/AUTH_2c0dd7efa1e94d879bc5da8c6f19a646/gnocchi.da068fe9-7b7f-4576-9011-60547dbb118e/none_v3" 201 - "PUT https://[::1]:8080/v1/AUTH_2c0dd7efa1e94d879bc5da8c6f19a646/gnocchi.da068fe9-7b7f-4576-9011-60547dbb118e/none_v3" "txe1ef4038d7d046ab8d375-0069bb700a" "proxy-server 101374" 0.0131 "-" 100256 0
Mar 18 23:39:54 np0005651379.novalocal container-server[99868]: ::1 - - [19/Mar/2026:03:39:54 +0000] "PUT /3/253666/AUTH_2c0dd7efa1e94d879bc5da8c6f19a646/gnocchi.da068fe9-7b7f-4576-9011-60547dbb118e/none_v3" 201 - "PUT http://[::1]:8080/3/66085/AUTH_2c0dd7efa1e94d879bc5da8c6f19a646/gnocchi.da068fe9-7b7f-4576-9011-60547dbb118e/none_v3" "txe1ef4038d7d046ab8d375-0069bb700a" "object-server 100256" 0.0005 "-" 99868 0
Mar 18 23:39:54 np0005651379.novalocal object-server[100256]: ::1 - - [19/Mar/2026:03:39:54 +0000] "PUT /3/66085/AUTH_2c0dd7efa1e94d879bc5da8c6f19a646/gnocchi.da068fe9-7b7f-4576-9011-60547dbb118e/none_v3" 201 - "PUT https://[::1]:8080/v1/AUTH_2c0dd7efa1e94d879bc5da8c6f19a646/gnocchi.da068fe9-7b7f-4576-9011-60547dbb118e/none_v3" "txe1ef4038d7d046ab8d375-0069bb700a" "proxy-server 101374" 0.0123 "-" 100256 0
Mar 18 23:39:54 np0005651379.novalocal proxy-server[101374]: ::1 ::1 19/Mar/2026/03/39/54 PUT /v1/AUTH_2c0dd7efa1e94d879bc5da8c6f19a646/gnocchi.da068fe9-7b7f-4576-9011-60547dbb118e/none_v3 HTTP/1.0 201 - python-swiftclient-4.8.0 gAAAAABpu2_uqf-H... 45 - - txe1ef4038d7d046ab8d375-0069bb700a - 0.0259 - - 1773891594.931321144 1773891594.957218885 0 e61d2c26cb6146fb88642c1126e377de
Mar 18 23:39:54 np0005651379.novalocal object-auditor[107800]: Object audit (ALL) "forever" mode completed: 12.88s. Total quarantined: 0, Total errors: 0, Total files/sec: 3.88, Total bytes/sec: 9981189.63, Auditing time: 12.87, Rate: 1.00
Mar 18 23:39:55 np0005651379.novalocal object-server[100256]: ::1 - - [19/Mar/2026:03:39:55 +0000] "GET /1/209206/AUTH_2c0dd7efa1e94d879bc5da8c6f19a646/gnocchi.8a522cf2-c5d2-4769-87fe-8b6b31d8fead/none_v3" 200 30 "GET https://[::1]:8080/v1/AUTH_2c0dd7efa1e94d879bc5da8c6f19a646/gnocchi.8a522cf2-c5d2-4769-87fe-8b6b31d8fead/none_v3" "tx9da1adb9b98841728f6b8-0069bb700a" "proxy-server 101374" 0.0010 "-" 100256 0
Mar 18 23:39:55 np0005651379.novalocal proxy-server[101374]: ::1 ::1 19/Mar/2026/03/39/55 GET /v1/AUTH_2c0dd7efa1e94d879bc5da8c6f19a646/gnocchi.8a522cf2-c5d2-4769-87fe-8b6b31d8fead/none_v3 HTTP/1.0 200 - python-swiftclient-4.8.0 gAAAAABpu2_uqf-H... - 30 - tx9da1adb9b98841728f6b8-0069bb700a - 0.0083 - - 1773891595.000054598 1773891595.008388758 0 e61d2c26cb6146fb88642c1126e377de
Mar 18 23:39:55 np0005651379.novalocal container-server[99868]: ::1 - - [19/Mar/2026:03:39:55 +0000] "GET /2/165574/AUTH_2c0dd7efa1e94d879bc5da8c6f19a646/gnocchi.8a522cf2-c5d2-4769-87fe-8b6b31d8fead" 200 357 "GET https://[::1]:8080/v1/AUTH_2c0dd7efa1e94d879bc5da8c6f19a646/gnocchi.8a522cf2-c5d2-4769-87fe-8b6b31d8fead?format=json&states=listing" "tx4883fd078483456cabf50-0069bb700b" "proxy-server 101374" 0.0034 "-" 99868 0
Mar 18 23:39:55 np0005651379.novalocal proxy-server[101374]: ::1 ::1 19/Mar/2026/03/39/55 GET /v1/AUTH_2c0dd7efa1e94d879bc5da8c6f19a646/gnocchi.8a522cf2-c5d2-4769-87fe-8b6b31d8fead%3Fformat%3Djson%26states%3Dlisting HTTP/1.0 200 - python-swiftclient-4.8.0 gAAAAABpu2_uqf-H... - 357 - tx4883fd078483456cabf50-0069bb700b - 0.0108 - - 1773891595.011770964 1773891595.022610426 0 e61d2c26cb6146fb88642c1126e377de
Mar 18 23:39:55 np0005651379.novalocal container-server[99868]: ::1 - - [19/Mar/2026:03:39:55 +0000] "GET /3/165574/AUTH_2c0dd7efa1e94d879bc5da8c6f19a646/gnocchi.8a522cf2-c5d2-4769-87fe-8b6b31d8fead" 200 2 "GET https://[::1]:8080/v1/AUTH_2c0dd7efa1e94d879bc5da8c6f19a646/gnocchi.8a522cf2-c5d2-4769-87fe-8b6b31d8fead?format=json&marker=none_v3&states=listing" "txb850564c075b434cb7e14-0069bb700b" "proxy-server 101374" 0.0032 "-" 99868 0
Mar 18 23:39:55 np0005651379.novalocal proxy-server[101374]: ::1 ::1 19/Mar/2026/03/39/55 GET /v1/AUTH_2c0dd7efa1e94d879bc5da8c6f19a646/gnocchi.8a522cf2-c5d2-4769-87fe-8b6b31d8fead%3Fformat%3Djson%26marker%3Dnone_v3%26states%3Dlisting HTTP/1.0 200 - python-swiftclient-4.8.0 gAAAAABpu2_uqf-H... - 2 - txb850564c075b434cb7e14-0069bb700b - 0.0097 - - 1773891595.025065422 1773891595.034813166 0 e61d2c26cb6146fb88642c1126e377de
Mar 18 23:39:55 np0005651379.novalocal object-server[100257]: ::1 - - [19/Mar/2026:03:39:55 +0000] "GET /3/106653/AUTH_2c0dd7efa1e94d879bc5da8c6f19a646/gnocchi.8a522cf2-c5d2-4769-87fe-8b6b31d8fead/1773360000.0_mean_300.0_v3" 200 16 "GET https://[::1]:8080/v1/AUTH_2c0dd7efa1e94d879bc5da8c6f19a646/gnocchi.8a522cf2-c5d2-4769-87fe-8b6b31d8fead/1773360000.0_mean_300.0_v3" "tx5357167b8ecf41fda7dc2-0069bb700b" "proxy-server 101374" 0.0009 "-" 100257 0
Mar 18 23:39:55 np0005651379.novalocal proxy-server[101374]: ::1 ::1 19/Mar/2026/03/39/55 GET /v1/AUTH_2c0dd7efa1e94d879bc5da8c6f19a646/gnocchi.8a522cf2-c5d2-4769-87fe-8b6b31d8fead/1773360000.0_mean_300.0_v3 HTTP/1.0 200 - python-swiftclient-4.8.0 gAAAAABpu2_uqf-H... - 16 - tx5357167b8ecf41fda7dc2-0069bb700b - 0.0076 - - 1773891595.047132015 1773891595.054689884 0 e61d2c26cb6146fb88642c1126e377de
Mar 18 23:39:55 np0005651379.novalocal container-server[99868]: ::1 - - [19/Mar/2026:03:39:55 +0000] "PUT /2/165574/AUTH_2c0dd7efa1e94d879bc5da8c6f19a646/gnocchi.8a522cf2-c5d2-4769-87fe-8b6b31d8fead/1773360000.0_mean_300.0_v3" 201 - "PUT http://[::1]:8080/3/106653/AUTH_2c0dd7efa1e94d879bc5da8c6f19a646/gnocchi.8a522cf2-c5d2-4769-87fe-8b6b31d8fead/1773360000.0_mean_300.0_v3" "txe5602da91a7e4e26975e4-0069bb700b" "object-server 100257" 0.0006 "-" 99868 0
Mar 18 23:39:55 np0005651379.novalocal object-server[100257]: ::1 - - [19/Mar/2026:03:39:55 +0000] "PUT /3/106653/AUTH_2c0dd7efa1e94d879bc5da8c6f19a646/gnocchi.8a522cf2-c5d2-4769-87fe-8b6b31d8fead/1773360000.0_mean_300.0_v3" 201 - "PUT https://[::1]:8080/v1/AUTH_2c0dd7efa1e94d879bc5da8c6f19a646/gnocchi.8a522cf2-c5d2-4769-87fe-8b6b31d8fead/1773360000.0_mean_300.0_v3" "txe5602da91a7e4e26975e4-0069bb700b" "proxy-server 101374" 0.0131 "-" 100257 0
Mar 18 23:39:55 np0005651379.novalocal container-server[99867]: ::1 - - [19/Mar/2026:03:39:55 +0000] "PUT /3/165574/AUTH_2c0dd7efa1e94d879bc5da8c6f19a646/gnocchi.8a522cf2-c5d2-4769-87fe-8b6b31d8fead/1773360000.0_mean_300.0_v3" 201 - "PUT http://[::1]:8080/2/106653/AUTH_2c0dd7efa1e94d879bc5da8c6f19a646/gnocchi.8a522cf2-c5d2-4769-87fe-8b6b31d8fead/1773360000.0_mean_300.0_v3" "txe5602da91a7e4e26975e4-0069bb700b" "object-server 100256" 0.0009 "-" 99867 0
Mar 18 23:39:55 np0005651379.novalocal object-server[100256]: ::1 - - [19/Mar/2026:03:39:55 +0000] "PUT /2/106653/AUTH_2c0dd7efa1e94d879bc5da8c6f19a646/gnocchi.8a522cf2-c5d2-4769-87fe-8b6b31d8fead/1773360000.0_mean_300.0_v3" 201 - "PUT https://[::1]:8080/v1/AUTH_2c0dd7efa1e94d879bc5da8c6f19a646/gnocchi.8a522cf2-c5d2-4769-87fe-8b6b31d8fead/1773360000.0_mean_300.0_v3" "txe5602da91a7e4e26975e4-0069bb700b" "proxy-server 101374" 0.0163 "-" 100256 0
Mar 18 23:39:55 np0005651379.novalocal container-server[99868]: ::1 - - [19/Mar/2026:03:39:55 +0000] "PUT /1/165574/AUTH_2c0dd7efa1e94d879bc5da8c6f19a646/gnocchi.8a522cf2-c5d2-4769-87fe-8b6b31d8fead/1773360000.0_mean_300.0_v3" 201 - "PUT http://[::1]:8080/1/106653/AUTH_2c0dd7efa1e94d879bc5da8c6f19a646/gnocchi.8a522cf2-c5d2-4769-87fe-8b6b31d8fead/1773360000.0_mean_300.0_v3" "txe5602da91a7e4e26975e4-0069bb700b" "object-server 100256" 0.0006 "-" 99868 0
Mar 18 23:39:55 np0005651379.novalocal object-server[100256]: ::1 - - [19/Mar/2026:03:39:55 +0000] "PUT /1/106653/AUTH_2c0dd7efa1e94d879bc5da8c6f19a646/gnocchi.8a522cf2-c5d2-4769-87fe-8b6b31d8fead/1773360000.0_mean_300.0_v3" 201 - "PUT https://[::1]:8080/v1/AUTH_2c0dd7efa1e94d879bc5da8c6f19a646/gnocchi.8a522cf2-c5d2-4769-87fe-8b6b31d8fead/1773360000.0_mean_300.0_v3" "txe5602da91a7e4e26975e4-0069bb700b" "proxy-server 101374" 0.0163 "-" 100256 0
Mar 18 23:39:55 np0005651379.novalocal proxy-server[101374]: ::1 ::1 19/Mar/2026/03/39/55 PUT /v1/AUTH_2c0dd7efa1e94d879bc5da8c6f19a646/gnocchi.8a522cf2-c5d2-4769-87fe-8b6b31d8fead/1773360000.0_mean_300.0_v3 HTTP/1.0 201 - python-swiftclient-4.8.0 gAAAAABpu2_uqf-H... 16 - - txe5602da91a7e4e26975e4-0069bb700b - 0.0277 - - 1773891595.058339834 1773891595.086077452 0 e61d2c26cb6146fb88642c1126e377de
Mar 18 23:39:55 np0005651379.novalocal container-server[99867]: ::1 - - [19/Mar/2026:03:39:55 +0000] "PUT /3/165574/AUTH_2c0dd7efa1e94d879bc5da8c6f19a646/gnocchi.8a522cf2-c5d2-4769-87fe-8b6b31d8fead/none_v3" 201 - "PUT http://[::1]:8080/2/209206/AUTH_2c0dd7efa1e94d879bc5da8c6f19a646/gnocchi.8a522cf2-c5d2-4769-87fe-8b6b31d8fead/none_v3" "tx6877548c38d8449da09f1-0069bb700b" "object-server 100257" 0.0007 "-" 99867 0
Mar 18 23:39:55 np0005651379.novalocal sudo[108179]: pam_unix(sudo:session): session closed for user root
Mar 18 23:39:55 np0005651379.novalocal systemd[1]: session-c116.scope: Deactivated successfully.
Mar 18 23:39:55 np0005651379.novalocal object-server[100257]: ::1 - - [19/Mar/2026:03:39:55 +0000] "PUT /2/209206/AUTH_2c0dd7efa1e94d879bc5da8c6f19a646/gnocchi.8a522cf2-c5d2-4769-87fe-8b6b31d8fead/none_v3" 201 - "PUT https://[::1]:8080/v1/AUTH_2c0dd7efa1e94d879bc5da8c6f19a646/gnocchi.8a522cf2-c5d2-4769-87fe-8b6b31d8fead/none_v3" "tx6877548c38d8449da09f1-0069bb700b" "proxy-server 101374" 0.0186 "-" 100257 0
Mar 18 23:39:55 np0005651379.novalocal container-server[99867]: ::1 - - [19/Mar/2026:03:39:55 +0000] "PUT /1/165574/AUTH_2c0dd7efa1e94d879bc5da8c6f19a646/gnocchi.8a522cf2-c5d2-4769-87fe-8b6b31d8fead/none_v3" 201 - "PUT http://[::1]:8080/1/209206/AUTH_2c0dd7efa1e94d879bc5da8c6f19a646/gnocchi.8a522cf2-c5d2-4769-87fe-8b6b31d8fead/none_v3" "tx6877548c38d8449da09f1-0069bb700b" "object-server 100257" 0.0007 "-" 99867 0
Mar 18 23:39:55 np0005651379.novalocal object-server[100257]: ::1 - - [19/Mar/2026:03:39:55 +0000] "PUT /1/209206/AUTH_2c0dd7efa1e94d879bc5da8c6f19a646/gnocchi.8a522cf2-c5d2-4769-87fe-8b6b31d8fead/none_v3" 201 - "PUT https://[::1]:8080/v1/AUTH_2c0dd7efa1e94d879bc5da8c6f19a646/gnocchi.8a522cf2-c5d2-4769-87fe-8b6b31d8fead/none_v3" "tx6877548c38d8449da09f1-0069bb700b" "proxy-server 101374" 0.0312 "-" 100257 0
Mar 18 23:39:55 np0005651379.novalocal container-server[99868]: ::1 - - [19/Mar/2026:03:39:55 +0000] "PUT /2/165574/AUTH_2c0dd7efa1e94d879bc5da8c6f19a646/gnocchi.8a522cf2-c5d2-4769-87fe-8b6b31d8fead/none_v3" 201 - "PUT http://[::1]:8080/3/209206/AUTH_2c0dd7efa1e94d879bc5da8c6f19a646/gnocchi.8a522cf2-c5d2-4769-87fe-8b6b31d8fead/none_v3" "tx6877548c38d8449da09f1-0069bb700b" "object-server 100257" 0.0008 "-" 99868 0
Mar 18 23:39:55 np0005651379.novalocal object-server[100257]: ::1 - - [19/Mar/2026:03:39:55 +0000] "PUT /3/209206/AUTH_2c0dd7efa1e94d879bc5da8c6f19a646/gnocchi.8a522cf2-c5d2-4769-87fe-8b6b31d8fead/none_v3" 201 - "PUT https://[::1]:8080/v1/AUTH_2c0dd7efa1e94d879bc5da8c6f19a646/gnocchi.8a522cf2-c5d2-4769-87fe-8b6b31d8fead/none_v3" "tx6877548c38d8449da09f1-0069bb700b" "proxy-server 101374" 0.0342 "-" 100257 0
Mar 18 23:39:55 np0005651379.novalocal proxy-server[101374]: ::1 ::1 19/Mar/2026/03/39/55 PUT /v1/AUTH_2c0dd7efa1e94d879bc5da8c6f19a646/gnocchi.8a522cf2-c5d2-4769-87fe-8b6b31d8fead/none_v3 HTTP/1.0 201 - python-swiftclient-4.8.0 gAAAAABpu2_uqf-H... 41 - - tx6877548c38d8449da09f1-0069bb700b - 0.0435 - - 1773891595.089428902 1773891595.132900953 0 e61d2c26cb6146fb88642c1126e377de
Mar 18 23:39:55 np0005651379.novalocal sudo[108189]: cinder : PWD=/ ; USER=root ; COMMAND=/usr/bin/cinder-rootwrap /etc/cinder/rootwrap.conf env LC_ALL=C lvdisplay --noheading -C -o Attr --readonly cinder-volumes/volume-01361eee-d929-4912-9f8d-693bac16dcbd
Mar 18 23:39:55 np0005651379.novalocal systemd[1]: Started Session c117 of User root.
Mar 18 23:39:55 np0005651379.novalocal sudo[108189]: pam_unix(sudo:session): session opened for user root(uid=0) by (uid=165)
Mar 18 23:39:55 np0005651379.novalocal object-server[100256]: ::1 - - [19/Mar/2026:03:39:55 +0000] "GET /2/18744/AUTH_2c0dd7efa1e94d879bc5da8c6f19a646/gnocchi.185e8f1f-f626-46f2-85e3-a70ce400c9c2/none_v3" 200 30 "GET https://[::1]:8080/v1/AUTH_2c0dd7efa1e94d879bc5da8c6f19a646/gnocchi.185e8f1f-f626-46f2-85e3-a70ce400c9c2/none_v3" "txfa2f38501b2c41d29d805-0069bb700b" "proxy-server 101374" 0.0012 "-" 100256 0
Mar 18 23:39:55 np0005651379.novalocal proxy-server[101374]: ::1 ::1 19/Mar/2026/03/39/55 GET /v1/AUTH_2c0dd7efa1e94d879bc5da8c6f19a646/gnocchi.185e8f1f-f626-46f2-85e3-a70ce400c9c2/none_v3 HTTP/1.0 200 - python-swiftclient-4.8.0 gAAAAABpu2_uqf-H... - 30 - txfa2f38501b2c41d29d805-0069bb700b - 0.0155 - - 1773891595.178132296 1773891595.193608761 0 e61d2c26cb6146fb88642c1126e377de
Mar 18 23:39:55 np0005651379.novalocal container-server[99868]: ::1 - - [19/Mar/2026:03:39:55 +0000] "GET /3/134524/AUTH_2c0dd7efa1e94d879bc5da8c6f19a646/gnocchi.185e8f1f-f626-46f2-85e3-a70ce400c9c2" 200 357 "GET https://[::1]:8080/v1/AUTH_2c0dd7efa1e94d879bc5da8c6f19a646/gnocchi.185e8f1f-f626-46f2-85e3-a70ce400c9c2?format=json&states=listing" "txc7d92095093642a09337f-0069bb700b" "proxy-server 101374" 0.0037 "-" 99868 0
Mar 18 23:39:55 np0005651379.novalocal proxy-server[101374]: ::1 ::1 19/Mar/2026/03/39/55 GET /v1/AUTH_2c0dd7efa1e94d879bc5da8c6f19a646/gnocchi.185e8f1f-f626-46f2-85e3-a70ce400c9c2%3Fformat%3Djson%26states%3Dlisting HTTP/1.0 200 - python-swiftclient-4.8.0 gAAAAABpu2_uqf-H... - 357 - txc7d92095093642a09337f-0069bb700b - 0.0125 - - 1773891595.199470520 1773891595.211960316 0 e61d2c26cb6146fb88642c1126e377de
Mar 18 23:39:55 np0005651379.novalocal container-server[99867]: ::1 - - [19/Mar/2026:03:39:55 +0000] "GET /2/134524/AUTH_2c0dd7efa1e94d879bc5da8c6f19a646/gnocchi.185e8f1f-f626-46f2-85e3-a70ce400c9c2" 200 2 "GET https://[::1]:8080/v1/AUTH_2c0dd7efa1e94d879bc5da8c6f19a646/gnocchi.185e8f1f-f626-46f2-85e3-a70ce400c9c2?format=json&marker=none_v3&states=listing" "tx9362e753e07f4cd78884e-0069bb700b" "proxy-server 101374" 0.0041 "-" 99867 0
Mar 18 23:39:55 np0005651379.novalocal proxy-server[101374]: ::1 ::1 19/Mar/2026/03/39/55 GET /v1/AUTH_2c0dd7efa1e94d879bc5da8c6f19a646/gnocchi.185e8f1f-f626-46f2-85e3-a70ce400c9c2%3Fformat%3Djson%26marker%3Dnone_v3%26states%3Dlisting HTTP/1.0 200 - python-swiftclient-4.8.0 gAAAAABpu2_uqf-H... - 2 - tx9362e753e07f4cd78884e-0069bb700b - 0.0119 - - 1773891595.214545012 1773891595.226426601 0 e61d2c26cb6146fb88642c1126e377de
Mar 18 23:39:55 np0005651379.novalocal object-server[100256]: ::1 - - [19/Mar/2026:03:39:55 +0000] "GET /3/219264/AUTH_2c0dd7efa1e94d879bc5da8c6f19a646/gnocchi.185e8f1f-f626-46f2-85e3-a70ce400c9c2/1773360000.0_mean_300.0_v3" 200 16 "GET https://[::1]:8080/v1/AUTH_2c0dd7efa1e94d879bc5da8c6f19a646/gnocchi.185e8f1f-f626-46f2-85e3-a70ce400c9c2/1773360000.0_mean_300.0_v3" "tx8621b86742f245ab8ae24-0069bb700b" "proxy-server 101374" 0.0011 "-" 100256 0
Mar 18 23:39:55 np0005651379.novalocal proxy-server[101374]: ::1 ::1 19/Mar/2026/03/39/55 GET /v1/AUTH_2c0dd7efa1e94d879bc5da8c6f19a646/gnocchi.185e8f1f-f626-46f2-85e3-a70ce400c9c2/1773360000.0_mean_300.0_v3 HTTP/1.0 200 - python-swiftclient-4.8.0 gAAAAABpu2_uqf-H... - 16 - tx8621b86742f245ab8ae24-0069bb700b - 0.0079 - - 1773891595.231101513 1773891595.238969803 0 e61d2c26cb6146fb88642c1126e377de
Mar 18 23:39:55 np0005651379.novalocal container-server[99867]: ::1 - - [19/Mar/2026:03:39:55 +0000] "PUT /1/134524/AUTH_2c0dd7efa1e94d879bc5da8c6f19a646/gnocchi.185e8f1f-f626-46f2-85e3-a70ce400c9c2/1773360000.0_mean_300.0_v3" 201 - "PUT http://[::1]:8080/2/219264/AUTH_2c0dd7efa1e94d879bc5da8c6f19a646/gnocchi.185e8f1f-f626-46f2-85e3-a70ce400c9c2/1773360000.0_mean_300.0_v3" "txcbd4de5d3c5148f9a622f-0069bb700b" "object-server 100257" 0.0009 "-" 99867 0
Mar 18 23:39:55 np0005651379.novalocal object-server[100257]: ::1 - - [19/Mar/2026:03:39:55 +0000] "PUT /2/219264/AUTH_2c0dd7efa1e94d879bc5da8c6f19a646/gnocchi.185e8f1f-f626-46f2-85e3-a70ce400c9c2/1773360000.0_mean_300.0_v3" 201 - "PUT https://[::1]:8080/v1/AUTH_2c0dd7efa1e94d879bc5da8c6f19a646/gnocchi.185e8f1f-f626-46f2-85e3-a70ce400c9c2/1773360000.0_mean_300.0_v3" "txcbd4de5d3c5148f9a622f-0069bb700b" "proxy-server 101374" 0.0171 "-" 100257 0
Mar 18 23:39:55 np0005651379.novalocal container-server[99867]: ::1 - - [19/Mar/2026:03:39:55 +0000] "PUT /2/134524/AUTH_2c0dd7efa1e94d879bc5da8c6f19a646/gnocchi.185e8f1f-f626-46f2-85e3-a70ce400c9c2/1773360000.0_mean_300.0_v3" 201 - "PUT http://[::1]:8080/3/219264/AUTH_2c0dd7efa1e94d879bc5da8c6f19a646/gnocchi.185e8f1f-f626-46f2-85e3-a70ce400c9c2/1773360000.0_mean_300.0_v3" "txcbd4de5d3c5148f9a622f-0069bb700b" "object-server 100256" 0.0006 "-" 99867 0
Mar 18 23:39:55 np0005651379.novalocal object-server[100256]: ::1 - - [19/Mar/2026:03:39:55 +0000] "PUT /3/219264/AUTH_2c0dd7efa1e94d879bc5da8c6f19a646/gnocchi.185e8f1f-f626-46f2-85e3-a70ce400c9c2/1773360000.0_mean_300.0_v3" 201 - "PUT https://[::1]:8080/v1/AUTH_2c0dd7efa1e94d879bc5da8c6f19a646/gnocchi.185e8f1f-f626-46f2-85e3-a70ce400c9c2/1773360000.0_mean_300.0_v3" "txcbd4de5d3c5148f9a622f-0069bb700b" "proxy-server 101374" 0.0177 "-" 100256 0
Mar 18 23:39:55 np0005651379.novalocal container-server[99867]: ::1 - - [19/Mar/2026:03:39:55 +0000] "PUT /3/134524/AUTH_2c0dd7efa1e94d879bc5da8c6f19a646/gnocchi.185e8f1f-f626-46f2-85e3-a70ce400c9c2/1773360000.0_mean_300.0_v3" 201 - "PUT http://[::1]:8080/1/219264/AUTH_2c0dd7efa1e94d879bc5da8c6f19a646/gnocchi.185e8f1f-f626-46f2-85e3-a70ce400c9c2/1773360000.0_mean_300.0_v3" "txcbd4de5d3c5148f9a622f-0069bb700b" "object-server 100256" 0.0006 "-" 99867 0
Mar 18 23:39:55 np0005651379.novalocal object-server[100256]: ::1 - - [19/Mar/2026:03:39:55 +0000] "PUT /1/219264/AUTH_2c0dd7efa1e94d879bc5da8c6f19a646/gnocchi.185e8f1f-f626-46f2-85e3-a70ce400c9c2/1773360000.0_mean_300.0_v3" 201 - "PUT https://[::1]:8080/v1/AUTH_2c0dd7efa1e94d879bc5da8c6f19a646/gnocchi.185e8f1f-f626-46f2-85e3-a70ce400c9c2/1773360000.0_mean_300.0_v3" "txcbd4de5d3c5148f9a622f-0069bb700b" "proxy-server 101374" 0.0253 "-" 100256 0
Mar 18 23:39:55 np0005651379.novalocal proxy-server[101374]: ::1 ::1 19/Mar/2026/03/39/55 PUT /v1/AUTH_2c0dd7efa1e94d879bc5da8c6f19a646/gnocchi.185e8f1f-f626-46f2-85e3-a70ce400c9c2/1773360000.0_mean_300.0_v3 HTTP/1.0 201 - python-swiftclient-4.8.0 gAAAAABpu2_uqf-H... 16 - - txcbd4de5d3c5148f9a622f-0069bb700b - 0.0363 - - 1773891595.242483139 1773891595.278787374 0 e61d2c26cb6146fb88642c1126e377de
Mar 18 23:39:55 np0005651379.novalocal container-server[99867]: ::1 - - [19/Mar/2026:03:39:55 +0000] "PUT /3/134524/AUTH_2c0dd7efa1e94d879bc5da8c6f19a646/gnocchi.185e8f1f-f626-46f2-85e3-a70ce400c9c2/none_v3" 201 - "PUT http://[::1]:8080/1/18744/AUTH_2c0dd7efa1e94d879bc5da8c6f19a646/gnocchi.185e8f1f-f626-46f2-85e3-a70ce400c9c2/none_v3" "tx26d29e5dc63744f598a3c-0069bb700b" "object-server 100256" 0.0010 "-" 99867 0
Mar 18 23:39:55 np0005651379.novalocal object-server[100256]: ::1 - - [19/Mar/2026:03:39:55 +0000] "PUT /1/18744/AUTH_2c0dd7efa1e94d879bc5da8c6f19a646/gnocchi.185e8f1f-f626-46f2-85e3-a70ce400c9c2/none_v3" 201 - "PUT https://[::1]:8080/v1/AUTH_2c0dd7efa1e94d879bc5da8c6f19a646/gnocchi.185e8f1f-f626-46f2-85e3-a70ce400c9c2/none_v3" "tx26d29e5dc63744f598a3c-0069bb700b" "proxy-server 101374" 0.0208 "-" 100256 0
Mar 18 23:39:55 np0005651379.novalocal container-server[99868]: ::1 - - [19/Mar/2026:03:39:55 +0000] "PUT /1/134524/AUTH_2c0dd7efa1e94d879bc5da8c6f19a646/gnocchi.185e8f1f-f626-46f2-85e3-a70ce400c9c2/none_v3" 201 - "PUT http://[::1]:8080/2/18744/AUTH_2c0dd7efa1e94d879bc5da8c6f19a646/gnocchi.185e8f1f-f626-46f2-85e3-a70ce400c9c2/none_v3" "tx26d29e5dc63744f598a3c-0069bb700b" "object-server 100256" 0.0008 "-" 99868 0
Mar 18 23:39:55 np0005651379.novalocal object-server[100256]: ::1 - - [19/Mar/2026:03:39:55 +0000] "PUT /2/18744/AUTH_2c0dd7efa1e94d879bc5da8c6f19a646/gnocchi.185e8f1f-f626-46f2-85e3-a70ce400c9c2/none_v3" 201 - "PUT https://[::1]:8080/v1/AUTH_2c0dd7efa1e94d879bc5da8c6f19a646/gnocchi.185e8f1f-f626-46f2-85e3-a70ce400c9c2/none_v3" "tx26d29e5dc63744f598a3c-0069bb700b" "proxy-server 101374" 0.0293 "-" 100256 0
Mar 18 23:39:55 np0005651379.novalocal container-server[99868]: ::1 - - [19/Mar/2026:03:39:55 +0000] "PUT /2/134524/AUTH_2c0dd7efa1e94d879bc5da8c6f19a646/gnocchi.185e8f1f-f626-46f2-85e3-a70ce400c9c2/none_v3" 201 - "PUT http://[::1]:8080/3/18744/AUTH_2c0dd7efa1e94d879bc5da8c6f19a646/gnocchi.185e8f1f-f626-46f2-85e3-a70ce400c9c2/none_v3" "tx26d29e5dc63744f598a3c-0069bb700b" "object-server 100256" 0.0005 "-" 99868 0
Mar 18 23:39:55 np0005651379.novalocal object-server[100256]: ::1 - - [19/Mar/2026:03:39:55 +0000] "PUT /3/18744/AUTH_2c0dd7efa1e94d879bc5da8c6f19a646/gnocchi.185e8f1f-f626-46f2-85e3-a70ce400c9c2/none_v3" 201 - "PUT https://[::1]:8080/v1/AUTH_2c0dd7efa1e94d879bc5da8c6f19a646/gnocchi.185e8f1f-f626-46f2-85e3-a70ce400c9c2/none_v3" "tx26d29e5dc63744f598a3c-0069bb700b" "proxy-server 101374" 0.0328 "-" 100256 0
Mar 18 23:39:55 np0005651379.novalocal proxy-server[101374]: ::1 ::1 19/Mar/2026/03/39/55 PUT /v1/AUTH_2c0dd7efa1e94d879bc5da8c6f19a646/gnocchi.185e8f1f-f626-46f2-85e3-a70ce400c9c2/none_v3 HTTP/1.0 201 - python-swiftclient-4.8.0 gAAAAABpu2_uqf-H... 41 - - tx26d29e5dc63744f598a3c-0069bb700b - 0.0548 - - 1773891595.281846285 1773891595.336686134 0 e61d2c26cb6146fb88642c1126e377de
