Mar 18 23:39:23 np0005651379.novalocal dnsmasq[107220]: compile time options: IPv6 GNU-getopt DBus no-UBus no-i18n IDN2 DHCP DHCPv6 no-Lua TFTP no-conntrack ipset auth cryptohash DNSSEC loop-detect inotify dumpfile
Mar 18 23:39:23 np0005651379.novalocal dnsmasq[107220]: warning: no upstream servers configured
Mar 18 23:39:23 np0005651379.novalocal dnsmasq-dhcp[107220]: DHCP, static leases only on 10.100.0.0, lease time 1d
Mar 18 23:39:23 np0005651379.novalocal dnsmasq[107220]: read /var/lib/neutron/dhcp/f90a0a56-9d5a-4572-8c8e-9f13eb220014/addn_hosts - 1 addresses
Mar 18 23:39:23 np0005651379.novalocal dnsmasq-dhcp[107220]: read /var/lib/neutron/dhcp/f90a0a56-9d5a-4572-8c8e-9f13eb220014/host
Mar 18 23:39:23 np0005651379.novalocal dnsmasq-dhcp[107220]: read /var/lib/neutron/dhcp/f90a0a56-9d5a-4572-8c8e-9f13eb220014/opts
Mar 18 23:39:24 np0005651379.novalocal systemd[1]: dbus-:1.1-org.fedoraproject.SetroubleshootPrivileged@8.service: Deactivated successfully.
Mar 18 23:39:24 np0005651379.novalocal systemd[1]: dbus-:1.1-org.fedoraproject.SetroubleshootPrivileged@8.service: Consumed 1.211s CPU time.
Mar 18 23:39:24 np0005651379.novalocal systemd[1]: setroubleshootd.service: Deactivated successfully.
Mar 18 23:39:24 np0005651379.novalocal systemd[1]: setroubleshootd.service: Consumed 1.481s CPU time.
Mar 18 23:39:24 np0005651379.novalocal kernel: qr-94bc201f-ce: entered promiscuous mode
Mar 18 23:39:24 np0005651379.novalocal NetworkManager[869]: [1773891564.5299] manager: (qr-94bc201f-ce): 'openvswitch' plugin not available; creating generic device
Mar 18 23:39:24 np0005651379.novalocal NetworkManager[869]: [1773891564.5321] manager: (qr-94bc201f-ce): new Generic device (/org/freedesktop/NetworkManager/Devices/17)
Mar 18 23:39:24 np0005651379.novalocal virtnodedevd[103432]: ethtool ioctl error on qr-94bc201f-ce: No such device
Mar 18 23:39:24 np0005651379.novalocal virtnodedevd[103432]: ethtool ioctl error on qr-94bc201f-ce: No such device
Mar 18 23:39:24 np0005651379.novalocal virtnodedevd[103432]: ethtool ioctl error on qr-94bc201f-ce: No such device
Mar 18 23:39:24 np0005651379.novalocal virtnodedevd[103432]: ethtool ioctl error on qr-94bc201f-ce: No such device
Mar 18 23:39:24 np0005651379.novalocal virtnodedevd[103432]: ethtool ioctl error on qr-94bc201f-ce: No such device
Mar 18 23:39:24 np0005651379.novalocal virtnodedevd[103432]: ethtool ioctl error on qr-94bc201f-ce: No such device
Mar 18 23:39:24 np0005651379.novalocal virtnodedevd[103432]: ethtool ioctl error on qr-94bc201f-ce: No such device
Mar 18 23:39:24 np0005651379.novalocal virtnodedevd[103432]: ethtool ioctl error on qr-94bc201f-ce: No such device
Mar 18 23:39:25 np0005651379.novalocal dnsmasq[107220]: read /var/lib/neutron/dhcp/f90a0a56-9d5a-4572-8c8e-9f13eb220014/addn_hosts - 1 addresses
Mar 18 23:39:25 np0005651379.novalocal dnsmasq-dhcp[107220]: read /var/lib/neutron/dhcp/f90a0a56-9d5a-4572-8c8e-9f13eb220014/host
Mar 18 23:39:25 np0005651379.novalocal dnsmasq-dhcp[107220]: read /var/lib/neutron/dhcp/f90a0a56-9d5a-4572-8c8e-9f13eb220014/opts
Mar 18 23:39:25 np0005651379.novalocal kernel: qr-94bc201f-ce: left promiscuous mode
Mar 18 23:39:25 np0005651379.novalocal kernel: qg-8893cafc-a1: left promiscuous mode
Mar 18 23:39:25 np0005651379.novalocal systemd[1]: run-netns-qrouter\x2d78748437\x2dc09d\x2d47aa\x2d96dc\x2dd61b935eeb6f.mount: Deactivated successfully.
Mar 18 23:39:26 np0005651379.novalocal dnsmasq[107220]: exiting on receipt of SIGTERM
Mar 18 23:39:26 np0005651379.novalocal kernel: tapb56a713d-49: left promiscuous mode
Mar 18 23:39:26 np0005651379.novalocal container-server[99868]: ::1 - - [19/Mar/2026:03:39:26 +0000] "HEAD /3/18102/AUTH_2c0dd7efa1e94d879bc5da8c6f19a646/gnocchi.a6df6575-3c27-4843-bc71-1f6deb1fdd03" 404 - "HEAD http://[::1]:8080/v1/AUTH_2c0dd7efa1e94d879bc5da8c6f19a646/gnocchi.a6df6575-3c27-4843-bc71-1f6deb1fdd03" "tx179631e8f2f342f19c46b-0069bb6fee" "proxy-server 101374" 0.0007 "-" 99868 0
Mar 18 23:39:26 np0005651379.novalocal container-server[99868]: ::1 - - [19/Mar/2026:03:39:26 +0000] "HEAD /2/18102/AUTH_2c0dd7efa1e94d879bc5da8c6f19a646/gnocchi.a6df6575-3c27-4843-bc71-1f6deb1fdd03" 404 - "HEAD http://[::1]:8080/v1/AUTH_2c0dd7efa1e94d879bc5da8c6f19a646/gnocchi.a6df6575-3c27-4843-bc71-1f6deb1fdd03" "tx179631e8f2f342f19c46b-0069bb6fee" "proxy-server 101374" 0.0003 "-" 99868 0
Mar 18 23:39:26 np0005651379.novalocal container-server[99868]: ::1 - - [19/Mar/2026:03:39:26 +0000] "HEAD /1/18102/AUTH_2c0dd7efa1e94d879bc5da8c6f19a646/gnocchi.a6df6575-3c27-4843-bc71-1f6deb1fdd03" 404 - "HEAD http://[::1]:8080/v1/AUTH_2c0dd7efa1e94d879bc5da8c6f19a646/gnocchi.a6df6575-3c27-4843-bc71-1f6deb1fdd03" "tx179631e8f2f342f19c46b-0069bb6fee" "proxy-server 101374" 0.0003 "-" 99868 0
Mar 18 23:39:26 np0005651379.novalocal proxy-server[101374]: - - 19/Mar/2026/03/39/26 HEAD /v1/AUTH_2c0dd7efa1e94d879bc5da8c6f19a646/gnocchi.a6df6575-3c27-4843-bc71-1f6deb1fdd03 HTTP/1.0 404 - Swift - - - - tx179631e8f2f342f19c46b-0069bb6fee - 0.0141 CS - 1773891566.687883854 1773891566.701986790 0 -
Mar 18 23:39:26 np0005651379.novalocal object-server[100257]: ::1 - - [19/Mar/2026:03:39:26 +0000] "GET /2/60475/AUTH_2c0dd7efa1e94d879bc5da8c6f19a646/gnocchi.a6df6575-3c27-4843-bc71-1f6deb1fdd03/none_v3" 404 70 "GET https://[::1]:8080/v1/AUTH_2c0dd7efa1e94d879bc5da8c6f19a646/gnocchi.a6df6575-3c27-4843-bc71-1f6deb1fdd03/none_v3" "tx179631e8f2f342f19c46b-0069bb6fee" "proxy-server 101374" 0.0021 "-" 100257 0
Mar 18 23:39:26 np0005651379.novalocal object-server[100256]: ::1 - - [19/Mar/2026:03:39:26 +0000] "GET /3/60475/AUTH_2c0dd7efa1e94d879bc5da8c6f19a646/gnocchi.a6df6575-3c27-4843-bc71-1f6deb1fdd03/none_v3" 404 70 "GET https://[::1]:8080/v1/AUTH_2c0dd7efa1e94d879bc5da8c6f19a646/gnocchi.a6df6575-3c27-4843-bc71-1f6deb1fdd03/none_v3" "tx179631e8f2f342f19c46b-0069bb6fee" "proxy-server 101374" 0.0145 "-" 100256 0
Mar 18 23:39:26 np0005651379.novalocal object-server[100256]: ::1 - - [19/Mar/2026:03:39:26 +0000] "GET /1/60475/AUTH_2c0dd7efa1e94d879bc5da8c6f19a646/gnocchi.a6df6575-3c27-4843-bc71-1f6deb1fdd03/none_v3" 404 70 "GET https://[::1]:8080/v1/AUTH_2c0dd7efa1e94d879bc5da8c6f19a646/gnocchi.a6df6575-3c27-4843-bc71-1f6deb1fdd03/none_v3" "tx179631e8f2f342f19c46b-0069bb6fee" "proxy-server 101374" 0.0002 "-" 100256 0
Mar 18 23:39:26 np0005651379.novalocal proxy-server[101374]: ::1 ::1 19/Mar/2026/03/39/26 GET /v1/AUTH_2c0dd7efa1e94d879bc5da8c6f19a646/gnocchi.a6df6575-3c27-4843-bc71-1f6deb1fdd03/none_v3 HTTP/1.0 404 - python-swiftclient-4.8.0 gAAAAABpu2_uqf-H... - 70 - tx179631e8f2f342f19c46b-0069bb6fee - 0.1699 - - 1773891566.687279463 1773891566.857145786 0 e61d2c26cb6146fb88642c1126e377de
Mar 18 23:39:26 np0005651379.novalocal account-server[99474]: ::1 - - [19/Mar/2026:03:39:26 +0000] "PUT /2/184762/AUTH_2c0dd7efa1e94d879bc5da8c6f19a646/gnocchi.a6df6575-3c27-4843-bc71-1f6deb1fdd03" 201 - "PUT http://[::1]:6001/3/18102/AUTH_2c0dd7efa1e94d879bc5da8c6f19a646/gnocchi.a6df6575-3c27-4843-bc71-1f6deb1fdd03" "tx4e467df803974d9aa7834-0069bb6fee" "container-server 99868" 0.0012 "-" 99474 0
Mar 18 23:39:26 np0005651379.novalocal account-server[99474]: ::1 - - [19/Mar/2026:03:39:26 +0000] "PUT /3/184762/AUTH_2c0dd7efa1e94d879bc5da8c6f19a646/gnocchi.a6df6575-3c27-4843-bc71-1f6deb1fdd03" 201 - "PUT http://[::1]:6001/1/18102/AUTH_2c0dd7efa1e94d879bc5da8c6f19a646/gnocchi.a6df6575-3c27-4843-bc71-1f6deb1fdd03" "tx4e467df803974d9aa7834-0069bb6fee" "container-server 99867" 0.0006 "-" 99474 0
Mar 18 23:39:26 np0005651379.novalocal container-server[99868]: ::1 - - [19/Mar/2026:03:39:26 +0000] "PUT /3/18102/AUTH_2c0dd7efa1e94d879bc5da8c6f19a646/gnocchi.a6df6575-3c27-4843-bc71-1f6deb1fdd03" 201 - "PUT https://[::1]:8080/v1/AUTH_2c0dd7efa1e94d879bc5da8c6f19a646/gnocchi.a6df6575-3c27-4843-bc71-1f6deb1fdd03" "tx4e467df803974d9aa7834-0069bb6fee" "proxy-server 101374" 0.0556 "-" 99868 0
Mar 18 23:39:26 np0005651379.novalocal container-server[99867]: ::1 - - [19/Mar/2026:03:39:26 +0000] "PUT /1/18102/AUTH_2c0dd7efa1e94d879bc5da8c6f19a646/gnocchi.a6df6575-3c27-4843-bc71-1f6deb1fdd03" 201 - "PUT https://[::1]:8080/v1/AUTH_2c0dd7efa1e94d879bc5da8c6f19a646/gnocchi.a6df6575-3c27-4843-bc71-1f6deb1fdd03" "tx4e467df803974d9aa7834-0069bb6fee" "proxy-server 101374" 0.0698 "-" 99867 0
Mar 18 23:39:26 np0005651379.novalocal account-server[99475]: ::1 - - [19/Mar/2026:03:39:26 +0000] "PUT /1/184762/AUTH_2c0dd7efa1e94d879bc5da8c6f19a646/gnocchi.a6df6575-3c27-4843-bc71-1f6deb1fdd03" 201 - "PUT http://[::1]:6001/2/18102/AUTH_2c0dd7efa1e94d879bc5da8c6f19a646/gnocchi.a6df6575-3c27-4843-bc71-1f6deb1fdd03" "tx4e467df803974d9aa7834-0069bb6fee" "container-server 99867" 0.0039 "-" 99475 0
Mar 18 23:39:26 np0005651379.novalocal container-server[99867]: ::1 - - [19/Mar/2026:03:39:26 +0000] "PUT /2/18102/AUTH_2c0dd7efa1e94d879bc5da8c6f19a646/gnocchi.a6df6575-3c27-4843-bc71-1f6deb1fdd03" 201 - "PUT https://[::1]:8080/v1/AUTH_2c0dd7efa1e94d879bc5da8c6f19a646/gnocchi.a6df6575-3c27-4843-bc71-1f6deb1fdd03" "tx4e467df803974d9aa7834-0069bb6fee" "proxy-server 101374" 0.0216 "-" 99867 0
Mar 18 23:39:26 np0005651379.novalocal proxy-server[101374]: ::1 ::1 19/Mar/2026/03/39/26 PUT /v1/AUTH_2c0dd7efa1e94d879bc5da8c6f19a646/gnocchi.a6df6575-3c27-4843-bc71-1f6deb1fdd03 HTTP/1.0 201 - python-swiftclient-4.8.0 gAAAAABpu2_uqf-H... - - - tx4e467df803974d9aa7834-0069bb6fee - 0.0850 - - 1773891566.878971815 1773891566.963996172 0 e61d2c26cb6146fb88642c1126e377de
Mar 18 23:39:26 np0005651379.novalocal systemd[1]: run-netns-qdhcp\x2df90a0a56\x2d9d5a\x2d4572\x2d8c8e\x2d9f13eb220014.mount: Deactivated successfully.
Mar 18 23:39:27 np0005651379.novalocal container-server[99867]: ::1 - - [19/Mar/2026:03:39:27 +0000] "HEAD /3/18102/AUTH_2c0dd7efa1e94d879bc5da8c6f19a646/gnocchi.a6df6575-3c27-4843-bc71-1f6deb1fdd03" 204 - "HEAD http://[::1]:8080/v1/AUTH_2c0dd7efa1e94d879bc5da8c6f19a646/gnocchi.a6df6575-3c27-4843-bc71-1f6deb1fdd03" "tx5de3382432b940be89c4f-0069bb6fef" "proxy-server 101374" 0.0027 "-" 99867 0
Mar 18 23:39:27 np0005651379.novalocal proxy-server[101374]: - - 19/Mar/2026/03/39/27 HEAD /v1/AUTH_2c0dd7efa1e94d879bc5da8c6f19a646/gnocchi.a6df6575-3c27-4843-bc71-1f6deb1fdd03 HTTP/1.0 204 - Swift - - - - tx5de3382432b940be89c4f-0069bb6fef - 0.0072 CS - 1773891567.048349380 1773891567.055537224 0 -
Mar 18 23:39:27 np0005651379.novalocal container-server[99867]: ::1 - - [19/Mar/2026:03:39:27 +0000] "GET /2/18102/AUTH_2c0dd7efa1e94d879bc5da8c6f19a646/gnocchi.a6df6575-3c27-4843-bc71-1f6deb1fdd03" 200 2 "GET https://[::1]:8080/v1/AUTH_2c0dd7efa1e94d879bc5da8c6f19a646/gnocchi.a6df6575-3c27-4843-bc71-1f6deb1fdd03?format=json&states=listing" "tx5de3382432b940be89c4f-0069bb6fef" "proxy-server 101374" 0.0042 "-" 99867 0
Mar 18 23:39:27 np0005651379.novalocal proxy-server[101374]: ::1 ::1 19/Mar/2026/03/39/27 GET /v1/AUTH_2c0dd7efa1e94d879bc5da8c6f19a646/gnocchi.a6df6575-3c27-4843-bc71-1f6deb1fdd03%3Fformat%3Djson%26states%3Dlisting HTTP/1.0 200 - python-swiftclient-4.8.0 gAAAAABpu2_uqf-H... - 2 - tx5de3382432b940be89c4f-0069bb6fef - 0.0270 - - 1773891567.042972088 1773891567.069946051 0 e61d2c26cb6146fb88642c1126e377de
Mar 18 23:39:27 np0005651379.novalocal object-server[100256]: ::1 - - [19/Mar/2026:03:39:27 +0000] "GET /2/123721/AUTH_2c0dd7efa1e94d879bc5da8c6f19a646/gnocchi.a6df6575-3c27-4843-bc71-1f6deb1fdd03/1773360000.0_mean_300.0_v3" 404 70 "GET https://[::1]:8080/v1/AUTH_2c0dd7efa1e94d879bc5da8c6f19a646/gnocchi.a6df6575-3c27-4843-bc71-1f6deb1fdd03/1773360000.0_mean_300.0_v3" "tx437b6a169f394f95bbbf9-0069bb6fef" "proxy-server 101374" 0.0006 "-" 100256 0
Mar 18 23:39:27 np0005651379.novalocal object-server[100256]: ::1 - - [19/Mar/2026:03:39:27 +0000] "GET /1/123721/AUTH_2c0dd7efa1e94d879bc5da8c6f19a646/gnocchi.a6df6575-3c27-4843-bc71-1f6deb1fdd03/1773360000.0_mean_300.0_v3" 404 70 "GET https://[::1]:8080/v1/AUTH_2c0dd7efa1e94d879bc5da8c6f19a646/gnocchi.a6df6575-3c27-4843-bc71-1f6deb1fdd03/1773360000.0_mean_300.0_v3" "tx437b6a169f394f95bbbf9-0069bb6fef" "proxy-server 101374" 0.0004 "-" 100256 0
Mar 18 23:39:27 np0005651379.novalocal object-server[100256]: ::1 - - [19/Mar/2026:03:39:27 +0000] "GET /3/123721/AUTH_2c0dd7efa1e94d879bc5da8c6f19a646/gnocchi.a6df6575-3c27-4843-bc71-1f6deb1fdd03/1773360000.0_mean_300.0_v3" 404 70 "GET https://[::1]:8080/v1/AUTH_2c0dd7efa1e94d879bc5da8c6f19a646/gnocchi.a6df6575-3c27-4843-bc71-1f6deb1fdd03/1773360000.0_mean_300.0_v3" "tx437b6a169f394f95bbbf9-0069bb6fef" "proxy-server 101374" 0.0004 "-" 100256 0
Mar 18 23:39:27 np0005651379.novalocal proxy-server[101374]: ::1 ::1 19/Mar/2026/03/39/27 GET /v1/AUTH_2c0dd7efa1e94d879bc5da8c6f19a646/gnocchi.a6df6575-3c27-4843-bc71-1f6deb1fdd03/1773360000.0_mean_300.0_v3 HTTP/1.0 404 - python-swiftclient-4.8.0 gAAAAABpu2_uqf-H... - 70 - tx437b6a169f394f95bbbf9-0069bb6fef - 0.0208 - - 1773891567.091907501 1773891567.112687111 0 e61d2c26cb6146fb88642c1126e377de
Mar 18 23:39:27 np0005651379.novalocal container-server[99867]: ::1 - - [19/Mar/2026:03:39:27 +0000] "PUT /2/18102/AUTH_2c0dd7efa1e94d879bc5da8c6f19a646/gnocchi.a6df6575-3c27-4843-bc71-1f6deb1fdd03/1773360000.0_mean_300.0_v3" 201 - "PUT http://[::1]:8080/1/123721/AUTH_2c0dd7efa1e94d879bc5da8c6f19a646/gnocchi.a6df6575-3c27-4843-bc71-1f6deb1fdd03/1773360000.0_mean_300.0_v3" "tx1cf7ce353c1c4b9ead377-0069bb6fef" "object-server 100257" 0.0033 "-" 99867 0
Mar 18 23:39:27 np0005651379.novalocal object-server[100257]: ::1 - - [19/Mar/2026:03:39:27 +0000] "PUT /1/123721/AUTH_2c0dd7efa1e94d879bc5da8c6f19a646/gnocchi.a6df6575-3c27-4843-bc71-1f6deb1fdd03/1773360000.0_mean_300.0_v3" 201 - "PUT https://[::1]:8080/v1/AUTH_2c0dd7efa1e94d879bc5da8c6f19a646/gnocchi.a6df6575-3c27-4843-bc71-1f6deb1fdd03/1773360000.0_mean_300.0_v3" "tx1cf7ce353c1c4b9ead377-0069bb6fef" "proxy-server 101374" 0.0720 "-" 100257 0
Mar 18 23:39:27 np0005651379.novalocal container-server[99868]: ::1 - - [19/Mar/2026:03:39:27 +0000] "PUT /1/18102/AUTH_2c0dd7efa1e94d879bc5da8c6f19a646/gnocchi.a6df6575-3c27-4843-bc71-1f6deb1fdd03/1773360000.0_mean_300.0_v3" 201 - "PUT http://[::1]:8080/2/123721/AUTH_2c0dd7efa1e94d879bc5da8c6f19a646/gnocchi.a6df6575-3c27-4843-bc71-1f6deb1fdd03/1773360000.0_mean_300.0_v3" "tx1cf7ce353c1c4b9ead377-0069bb6fef" "object-server 100256" 0.0027 "-" 99868 0
Mar 18 23:39:27 np0005651379.novalocal container-server[99867]: ::1 - - [19/Mar/2026:03:39:27 +0000] "PUT /3/18102/AUTH_2c0dd7efa1e94d879bc5da8c6f19a646/gnocchi.a6df6575-3c27-4843-bc71-1f6deb1fdd03/1773360000.0_mean_300.0_v3" 201 - "PUT http://[::1]:8080/3/123721/AUTH_2c0dd7efa1e94d879bc5da8c6f19a646/gnocchi.a6df6575-3c27-4843-bc71-1f6deb1fdd03/1773360000.0_mean_300.0_v3" "tx1cf7ce353c1c4b9ead377-0069bb6fef" "object-server 100256" 0.0005 "-" 99867 0
Mar 18 23:39:27 np0005651379.novalocal object-server[100256]: ::1 - - [19/Mar/2026:03:39:27 +0000] "PUT /3/123721/AUTH_2c0dd7efa1e94d879bc5da8c6f19a646/gnocchi.a6df6575-3c27-4843-bc71-1f6deb1fdd03/1773360000.0_mean_300.0_v3" 201 - "PUT https://[::1]:8080/v1/AUTH_2c0dd7efa1e94d879bc5da8c6f19a646/gnocchi.a6df6575-3c27-4843-bc71-1f6deb1fdd03/1773360000.0_mean_300.0_v3" "tx1cf7ce353c1c4b9ead377-0069bb6fef" "proxy-server 101374" 0.0599 "-" 100256 0
Mar 18 23:39:27 np0005651379.novalocal object-server[100256]: ::1 - - [19/Mar/2026:03:39:27 +0000] "PUT /2/123721/AUTH_2c0dd7efa1e94d879bc5da8c6f19a646/gnocchi.a6df6575-3c27-4843-bc71-1f6deb1fdd03/1773360000.0_mean_300.0_v3" 201 - "PUT https://[::1]:8080/v1/AUTH_2c0dd7efa1e94d879bc5da8c6f19a646/gnocchi.a6df6575-3c27-4843-bc71-1f6deb1fdd03/1773360000.0_mean_300.0_v3" "tx1cf7ce353c1c4b9ead377-0069bb6fef" "proxy-server 101374" 0.0834 "-" 100256 0
Mar 18 23:39:27 np0005651379.novalocal proxy-server[101374]: ::1 ::1 19/Mar/2026/03/39/27 PUT /v1/AUTH_2c0dd7efa1e94d879bc5da8c6f19a646/gnocchi.a6df6575-3c27-4843-bc71-1f6deb1fdd03/1773360000.0_mean_300.0_v3 HTTP/1.0 201 - python-swiftclient-4.8.0 gAAAAABpu2_uqf-H... 16 - - tx1cf7ce353c1c4b9ead377-0069bb6fef - 0.0989 - - 1773891567.119331360 1773891567.218265772 0 e61d2c26cb6146fb88642c1126e377de
Mar 18 23:39:27 np0005651379.novalocal container-server[99867]: ::1 - - [19/Mar/2026:03:39:27 +0000] "PUT /3/18102/AUTH_2c0dd7efa1e94d879bc5da8c6f19a646/gnocchi.a6df6575-3c27-4843-bc71-1f6deb1fdd03/none_v3" 201 - "PUT http://[::1]:8080/2/60475/AUTH_2c0dd7efa1e94d879bc5da8c6f19a646/gnocchi.a6df6575-3c27-4843-bc71-1f6deb1fdd03/none_v3" "txf9782e0b6c5c44dea0790-0069bb6fef" "object-server 100256" 0.0005 "-" 99867 0
Mar 18 23:39:27 np0005651379.novalocal container-server[99867]: ::1 - - [19/Mar/2026:03:39:27 +0000] "PUT /1/18102/AUTH_2c0dd7efa1e94d879bc5da8c6f19a646/gnocchi.a6df6575-3c27-4843-bc71-1f6deb1fdd03/none_v3" 201 - "PUT http://[::1]:8080/3/60475/AUTH_2c0dd7efa1e94d879bc5da8c6f19a646/gnocchi.a6df6575-3c27-4843-bc71-1f6deb1fdd03/none_v3" "txf9782e0b6c5c44dea0790-0069bb6fef" "object-server 100257" 0.0004 "-" 99867 0
Mar 18 23:39:27 np0005651379.novalocal object-server[100257]: ::1 - - [19/Mar/2026:03:39:27 +0000] "PUT /3/60475/AUTH_2c0dd7efa1e94d879bc5da8c6f19a646/gnocchi.a6df6575-3c27-4843-bc71-1f6deb1fdd03/none_v3" 201 - "PUT https://[::1]:8080/v1/AUTH_2c0dd7efa1e94d879bc5da8c6f19a646/gnocchi.a6df6575-3c27-4843-bc71-1f6deb1fdd03/none_v3" "txf9782e0b6c5c44dea0790-0069bb6fef" "proxy-server 101374" 0.0136 "-" 100257 0
Mar 18 23:39:27 np0005651379.novalocal object-server[100256]: ::1 - - [19/Mar/2026:03:39:27 +0000] "PUT /2/60475/AUTH_2c0dd7efa1e94d879bc5da8c6f19a646/gnocchi.a6df6575-3c27-4843-bc71-1f6deb1fdd03/none_v3" 201 - "PUT https://[::1]:8080/v1/AUTH_2c0dd7efa1e94d879bc5da8c6f19a646/gnocchi.a6df6575-3c27-4843-bc71-1f6deb1fdd03/none_v3" "txf9782e0b6c5c44dea0790-0069bb6fef" "proxy-server 101374" 0.0116 "-" 100256 0
Mar 18 23:39:27 np0005651379.novalocal container-server[99867]: ::1 - - [19/Mar/2026:03:39:27 +0000] "PUT /2/18102/AUTH_2c0dd7efa1e94d879bc5da8c6f19a646/gnocchi.a6df6575-3c27-4843-bc71-1f6deb1fdd03/none_v3" 201 - "PUT http://[::1]:8080/1/60475/AUTH_2c0dd7efa1e94d879bc5da8c6f19a646/gnocchi.a6df6575-3c27-4843-bc71-1f6deb1fdd03/none_v3" "txf9782e0b6c5c44dea0790-0069bb6fef" "object-server 100256" 0.0008 "-" 99867 0
Mar 18 23:39:27 np0005651379.novalocal object-server[100256]: ::1 - - [19/Mar/2026:03:39:27 +0000] "PUT /1/60475/AUTH_2c0dd7efa1e94d879bc5da8c6f19a646/gnocchi.a6df6575-3c27-4843-bc71-1f6deb1fdd03/none_v3" 201 - "PUT https://[::1]:8080/v1/AUTH_2c0dd7efa1e94d879bc5da8c6f19a646/gnocchi.a6df6575-3c27-4843-bc71-1f6deb1fdd03/none_v3" "txf9782e0b6c5c44dea0790-0069bb6fef" "proxy-server 101374" 0.0444 "-" 100256 0
Mar 18 23:39:27 np0005651379.novalocal proxy-server[101374]: ::1 ::1 19/Mar/2026/03/39/27 PUT /v1/AUTH_2c0dd7efa1e94d879bc5da8c6f19a646/gnocchi.a6df6575-3c27-4843-bc71-1f6deb1fdd03/none_v3 HTTP/1.0 201 - python-swiftclient-4.8.0 gAAAAABpu2_uqf-H... 22 - - txf9782e0b6c5c44dea0790-0069bb6fef - 0.0550 - - 1773891567.223080158 1773891567.278124094 0 e61d2c26cb6146fb88642c1126e377de
Mar 18 23:39:27 np0005651379.novalocal container-server[99868]: ::1 - - [19/Mar/2026:03:39:27 +0000] "HEAD /2/103571/AUTH_2c0dd7efa1e94d879bc5da8c6f19a646/gnocchi.d65168d0-f14b-42ad-9b0a-26e6819d858d" 404 - "HEAD http://[::1]:8080/v1/AUTH_2c0dd7efa1e94d879bc5da8c6f19a646/gnocchi.d65168d0-f14b-42ad-9b0a-26e6819d858d" "txd28444130a584b8aa980c-0069bb6fef" "proxy-server 101374" 0.0005 "-" 99868 0
Mar 18 23:39:27 np0005651379.novalocal container-server[99867]: ::1 - - [19/Mar/2026:03:39:27 +0000] "HEAD /1/103571/AUTH_2c0dd7efa1e94d879bc5da8c6f19a646/gnocchi.d65168d0-f14b-42ad-9b0a-26e6819d858d" 404 - "HEAD http://[::1]:8080/v1/AUTH_2c0dd7efa1e94d879bc5da8c6f19a646/gnocchi.d65168d0-f14b-42ad-9b0a-26e6819d858d" "txd28444130a584b8aa980c-0069bb6fef" "proxy-server 101374" 0.0004 "-" 99867 0
Mar 18 23:39:27 np0005651379.novalocal container-server[99867]: ::1 - - [19/Mar/2026:03:39:27 +0000] "HEAD /3/103571/AUTH_2c0dd7efa1e94d879bc5da8c6f19a646/gnocchi.d65168d0-f14b-42ad-9b0a-26e6819d858d" 404 - "HEAD http://[::1]:8080/v1/AUTH_2c0dd7efa1e94d879bc5da8c6f19a646/gnocchi.d65168d0-f14b-42ad-9b0a-26e6819d858d" "txd28444130a584b8aa980c-0069bb6fef" "proxy-server 101374" 0.0004 "-" 99867 0
Mar 18 23:39:27 np0005651379.novalocal proxy-server[101374]: - - 19/Mar/2026/03/39/27 HEAD /v1/AUTH_2c0dd7efa1e94d879bc5da8c6f19a646/gnocchi.d65168d0-f14b-42ad-9b0a-26e6819d858d HTTP/1.0 404 - Swift - - - - txd28444130a584b8aa980c-0069bb6fef - 0.0116 CS - 1773891567.306414843 1773891567.318040133 0 -
Mar 18 23:39:27 np0005651379.novalocal object-server[100257]: ::1 - - [19/Mar/2026:03:39:27 +0000] "GET /1/147940/AUTH_2c0dd7efa1e94d879bc5da8c6f19a646/gnocchi.d65168d0-f14b-42ad-9b0a-26e6819d858d/none_v3" 404 70 "GET https://[::1]:8080/v1/AUTH_2c0dd7efa1e94d879bc5da8c6f19a646/gnocchi.d65168d0-f14b-42ad-9b0a-26e6819d858d/none_v3" "txd28444130a584b8aa980c-0069bb6fef" "proxy-server 101374" 0.0005 "-" 100257 0
Mar 18 23:39:27 np0005651379.novalocal object-server[100256]: ::1 - - [19/Mar/2026:03:39:27 +0000] "GET /3/147940/AUTH_2c0dd7efa1e94d879bc5da8c6f19a646/gnocchi.d65168d0-f14b-42ad-9b0a-26e6819d858d/none_v3" 404 70 "GET https://[::1]:8080/v1/AUTH_2c0dd7efa1e94d879bc5da8c6f19a646/gnocchi.d65168d0-f14b-42ad-9b0a-26e6819d858d/none_v3" "txd28444130a584b8aa980c-0069bb6fef" "proxy-server 101374" 0.0005 "-" 100256 0
Mar 18 23:39:27 np0005651379.novalocal object-server[100256]: ::1 - - [19/Mar/2026:03:39:27 +0000] "GET /2/147940/AUTH_2c0dd7efa1e94d879bc5da8c6f19a646/gnocchi.d65168d0-f14b-42ad-9b0a-26e6819d858d/none_v3" 404 70 "GET https://[::1]:8080/v1/AUTH_2c0dd7efa1e94d879bc5da8c6f19a646/gnocchi.d65168d0-f14b-42ad-9b0a-26e6819d858d/none_v3" "txd28444130a584b8aa980c-0069bb6fef" "proxy-server 101374" 0.0004 "-" 100256 0
Mar 18 23:39:27 np0005651379.novalocal proxy-server[101374]: ::1 ::1 19/Mar/2026/03/39/27 GET /v1/AUTH_2c0dd7efa1e94d879bc5da8c6f19a646/gnocchi.d65168d0-f14b-42ad-9b0a-26e6819d858d/none_v3 HTTP/1.0 404 - python-swiftclient-4.8.0 gAAAAABpu2_uqf-H... - 70 - txd28444130a584b8aa980c-0069bb6fef - 0.0282 - - 1773891567.305021524 1773891567.333235979 0 e61d2c26cb6146fb88642c1126e377de
Mar 18 23:39:27 np0005651379.novalocal account-server[99474]: ::1 - - [19/Mar/2026:03:39:27 +0000] "PUT /3/184762/AUTH_2c0dd7efa1e94d879bc5da8c6f19a646/gnocchi.d65168d0-f14b-42ad-9b0a-26e6819d858d" 201 - "PUT http://[::1]:6001/3/103571/AUTH_2c0dd7efa1e94d879bc5da8c6f19a646/gnocchi.d65168d0-f14b-42ad-9b0a-26e6819d858d" "tx764fcb8d57294316b76d5-0069bb6fef" "container-server 99867" 0.0084 "-" 99474 0
Mar 18 23:39:27 np0005651379.novalocal container-server[99867]: ::1 - - [19/Mar/2026:03:39:27 +0000] "PUT /3/103571/AUTH_2c0dd7efa1e94d879bc5da8c6f19a646/gnocchi.d65168d0-f14b-42ad-9b0a-26e6819d858d" 201 - "PUT https://[::1]:8080/v1/AUTH_2c0dd7efa1e94d879bc5da8c6f19a646/gnocchi.d65168d0-f14b-42ad-9b0a-26e6819d858d" "tx764fcb8d57294316b76d5-0069bb6fef" "proxy-server 101374" 0.0157 "-" 99867 0
Mar 18 23:39:27 np0005651379.novalocal account-server[99474]: ::1 - - [19/Mar/2026:03:39:27 +0000] "PUT /1/184762/AUTH_2c0dd7efa1e94d879bc5da8c6f19a646/gnocchi.d65168d0-f14b-42ad-9b0a-26e6819d858d" 201 - "PUT http://[::1]:6001/1/103571/AUTH_2c0dd7efa1e94d879bc5da8c6f19a646/gnocchi.d65168d0-f14b-42ad-9b0a-26e6819d858d" "tx764fcb8d57294316b76d5-0069bb6fef" "container-server 99868" 0.0035 "-" 99474 0
Mar 18 23:39:27 np0005651379.novalocal container-server[99868]: ::1 - - [19/Mar/2026:03:39:27 +0000] "PUT /1/103571/AUTH_2c0dd7efa1e94d879bc5da8c6f19a646/gnocchi.d65168d0-f14b-42ad-9b0a-26e6819d858d" 201 - "PUT https://[::1]:8080/v1/AUTH_2c0dd7efa1e94d879bc5da8c6f19a646/gnocchi.d65168d0-f14b-42ad-9b0a-26e6819d858d" "tx764fcb8d57294316b76d5-0069bb6fef" "proxy-server 101374" 0.0171 "-" 99868 0
Mar 18 23:39:27 np0005651379.novalocal account-server[99475]: ::1 - - [19/Mar/2026:03:39:27 +0000] "PUT /2/184762/AUTH_2c0dd7efa1e94d879bc5da8c6f19a646/gnocchi.d65168d0-f14b-42ad-9b0a-26e6819d858d" 201 - "PUT http://[::1]:6001/2/103571/AUTH_2c0dd7efa1e94d879bc5da8c6f19a646/gnocchi.d65168d0-f14b-42ad-9b0a-26e6819d858d" "tx764fcb8d57294316b76d5-0069bb6fef" "container-server 99868" 0.0401 "-" 99475 0
Mar 18 23:39:27 np0005651379.novalocal container-server[99868]: ::1 - - [19/Mar/2026:03:39:27 +0000] "PUT /2/103571/AUTH_2c0dd7efa1e94d879bc5da8c6f19a646/gnocchi.d65168d0-f14b-42ad-9b0a-26e6819d858d" 201 - "PUT https://[::1]:8080/v1/AUTH_2c0dd7efa1e94d879bc5da8c6f19a646/gnocchi.d65168d0-f14b-42ad-9b0a-26e6819d858d" "tx764fcb8d57294316b76d5-0069bb6fef" "proxy-server 101374" 0.0781 "-" 99868 0
Mar 18 23:39:27 np0005651379.novalocal proxy-server[101374]: ::1 ::1 19/Mar/2026/03/39/27 PUT /v1/AUTH_2c0dd7efa1e94d879bc5da8c6f19a646/gnocchi.d65168d0-f14b-42ad-9b0a-26e6819d858d HTTP/1.0 201 - python-swiftclient-4.8.0 gAAAAABpu2_uqf-H... - - - tx764fcb8d57294316b76d5-0069bb6fef - 0.0916 - - 1773891567.336658478 1773891567.428300381 0 e61d2c26cb6146fb88642c1126e377de
Mar 18 23:39:27 np0005651379.novalocal container-server[99868]: ::1 - - [19/Mar/2026:03:39:27 +0000] "HEAD /3/103571/AUTH_2c0dd7efa1e94d879bc5da8c6f19a646/gnocchi.d65168d0-f14b-42ad-9b0a-26e6819d858d" 204 - "HEAD http://[::1]:8080/v1/AUTH_2c0dd7efa1e94d879bc5da8c6f19a646/gnocchi.d65168d0-f14b-42ad-9b0a-26e6819d858d" "txf2cf5305d3cd48b18ee44-0069bb6fef" "proxy-server 101374" 0.0032 "-" 99868 0
Mar 18 23:39:27 np0005651379.novalocal proxy-server[101374]: - - 19/Mar/2026/03/39/27 HEAD /v1/AUTH_2c0dd7efa1e94d879bc5da8c6f19a646/gnocchi.d65168d0-f14b-42ad-9b0a-26e6819d858d HTTP/1.0 204 - Swift - - - - txf2cf5305d3cd48b18ee44-0069bb6fef - 0.0074 CS - 1773891567.433292150 1773891567.440654039 0 -
Mar 18 23:39:27 np0005651379.novalocal container-server[99867]: ::1 - - [19/Mar/2026:03:39:27 +0000] "GET /1/103571/AUTH_2c0dd7efa1e94d879bc5da8c6f19a646/gnocchi.d65168d0-f14b-42ad-9b0a-26e6819d858d" 200 2 "GET https://[::1]:8080/v1/AUTH_2c0dd7efa1e94d879bc5da8c6f19a646/gnocchi.d65168d0-f14b-42ad-9b0a-26e6819d858d?format=json&states=listing" "txf2cf5305d3cd48b18ee44-0069bb6fef" "proxy-server 101374" 0.0022 "-" 99867 0
Mar 18 23:39:27 np0005651379.novalocal proxy-server[101374]: ::1 ::1 19/Mar/2026/03/39/27 GET /v1/AUTH_2c0dd7efa1e94d879bc5da8c6f19a646/gnocchi.d65168d0-f14b-42ad-9b0a-26e6819d858d%3Fformat%3Djson%26states%3Dlisting HTTP/1.0 200 - python-swiftclient-4.8.0 gAAAAABpu2_uqf-H... - 2 - txf2cf5305d3cd48b18ee44-0069bb6fef - 0.0188 - - 1773891567.432372570 1773891567.451159477 0 e61d2c26cb6146fb88642c1126e377de
Mar 18 23:39:27 np0005651379.novalocal object-server[100257]: ::1 - - [19/Mar/2026:03:39:27 +0000] "GET /2/89244/AUTH_2c0dd7efa1e94d879bc5da8c6f19a646/gnocchi.d65168d0-f14b-42ad-9b0a-26e6819d858d/1773360000.0_mean_300.0_v3" 404 70 "GET https://[::1]:8080/v1/AUTH_2c0dd7efa1e94d879bc5da8c6f19a646/gnocchi.d65168d0-f14b-42ad-9b0a-26e6819d858d/1773360000.0_mean_300.0_v3" "tx2b768470427043feb06f6-0069bb6fef" "proxy-server 101374" 0.0006 "-" 100257 0
Mar 18 23:39:27 np0005651379.novalocal object-server[100256]: ::1 - - [19/Mar/2026:03:39:27 +0000] "GET /3/89244/AUTH_2c0dd7efa1e94d879bc5da8c6f19a646/gnocchi.d65168d0-f14b-42ad-9b0a-26e6819d858d/1773360000.0_mean_300.0_v3" 404 70 "GET https://[::1]:8080/v1/AUTH_2c0dd7efa1e94d879bc5da8c6f19a646/gnocchi.d65168d0-f14b-42ad-9b0a-26e6819d858d/1773360000.0_mean_300.0_v3" "tx2b768470427043feb06f6-0069bb6fef" "proxy-server 101374" 0.0005 "-" 100256 0
Mar 18 23:39:27 np0005651379.novalocal object-server[100256]: ::1 - - [19/Mar/2026:03:39:27 +0000] "GET /1/89244/AUTH_2c0dd7efa1e94d879bc5da8c6f19a646/gnocchi.d65168d0-f14b-42ad-9b0a-26e6819d858d/1773360000.0_mean_300.0_v3" 404 70 "GET https://[::1]:8080/v1/AUTH_2c0dd7efa1e94d879bc5da8c6f19a646/gnocchi.d65168d0-f14b-42ad-9b0a-26e6819d858d/1773360000.0_mean_300.0_v3" "tx2b768470427043feb06f6-0069bb6fef" "proxy-server 101374" 0.0003 "-" 100256 0
Mar 18 23:39:27 np0005651379.novalocal proxy-server[101374]: ::1 ::1 19/Mar/2026/03/39/27 GET /v1/AUTH_2c0dd7efa1e94d879bc5da8c6f19a646/gnocchi.d65168d0-f14b-42ad-9b0a-26e6819d858d/1773360000.0_mean_300.0_v3 HTTP/1.0 404 - python-swiftclient-4.8.0 gAAAAABpu2_uqf-H... - 70 - tx2b768470427043feb06f6-0069bb6fef - 0.0141 - - 1773891567.457628250 1773891567.471712351 0 e61d2c26cb6146fb88642c1126e377de
Mar 18 23:39:27 np0005651379.novalocal container-server[99867]: ::1 - - [19/Mar/2026:03:39:27 +0000] "PUT /1/103571/AUTH_2c0dd7efa1e94d879bc5da8c6f19a646/gnocchi.d65168d0-f14b-42ad-9b0a-26e6819d858d/1773360000.0_mean_300.0_v3" 201 - "PUT http://[::1]:8080/1/89244/AUTH_2c0dd7efa1e94d879bc5da8c6f19a646/gnocchi.d65168d0-f14b-42ad-9b0a-26e6819d858d/1773360000.0_mean_300.0_v3" "tx10fd6bdfbe304b16bdb16-0069bb6fef" "object-server 100257" 0.0009 "-" 99867 0
Mar 18 23:39:27 np0005651379.novalocal object-server[100257]: ::1 - - [19/Mar/2026:03:39:27 +0000] "PUT /1/89244/AUTH_2c0dd7efa1e94d879bc5da8c6f19a646/gnocchi.d65168d0-f14b-42ad-9b0a-26e6819d858d/1773360000.0_mean_300.0_v3" 201 - "PUT https://[::1]:8080/v1/AUTH_2c0dd7efa1e94d879bc5da8c6f19a646/gnocchi.d65168d0-f14b-42ad-9b0a-26e6819d858d/1773360000.0_mean_300.0_v3" "tx10fd6bdfbe304b16bdb16-0069bb6fef" "proxy-server 101374" 0.0151 "-" 100257 0
Mar 18 23:39:27 np0005651379.novalocal container-server[99867]: ::1 - - [19/Mar/2026:03:39:27 +0000] "PUT /2/103571/AUTH_2c0dd7efa1e94d879bc5da8c6f19a646/gnocchi.d65168d0-f14b-42ad-9b0a-26e6819d858d/1773360000.0_mean_300.0_v3" 201 - "PUT http://[::1]:8080/2/89244/AUTH_2c0dd7efa1e94d879bc5da8c6f19a646/gnocchi.d65168d0-f14b-42ad-9b0a-26e6819d858d/1773360000.0_mean_300.0_v3" "tx10fd6bdfbe304b16bdb16-0069bb6fef" "object-server 100256" 0.0007 "-" 99867 0
Mar 18 23:39:27 np0005651379.novalocal object-server[100256]: ::1 - - [19/Mar/2026:03:39:27 +0000] "PUT /2/89244/AUTH_2c0dd7efa1e94d879bc5da8c6f19a646/gnocchi.d65168d0-f14b-42ad-9b0a-26e6819d858d/1773360000.0_mean_300.0_v3" 201 - "PUT https://[::1]:8080/v1/AUTH_2c0dd7efa1e94d879bc5da8c6f19a646/gnocchi.d65168d0-f14b-42ad-9b0a-26e6819d858d/1773360000.0_mean_300.0_v3" "tx10fd6bdfbe304b16bdb16-0069bb6fef" "proxy-server 101374" 0.0182 "-" 100256 0
Mar 18 23:39:27 np0005651379.novalocal container-server[99867]: ::1 - - [19/Mar/2026:03:39:27 +0000] "PUT /3/103571/AUTH_2c0dd7efa1e94d879bc5da8c6f19a646/gnocchi.d65168d0-f14b-42ad-9b0a-26e6819d858d/1773360000.0_mean_300.0_v3" 201 - "PUT http://[::1]:8080/3/89244/AUTH_2c0dd7efa1e94d879bc5da8c6f19a646/gnocchi.d65168d0-f14b-42ad-9b0a-26e6819d858d/1773360000.0_mean_300.0_v3" "tx10fd6bdfbe304b16bdb16-0069bb6fef" "object-server 100256" 0.0006 "-" 99867 0
Mar 18 23:39:27 np0005651379.novalocal object-server[100256]: ::1 - - [19/Mar/2026:03:39:27 +0000] "PUT /3/89244/AUTH_2c0dd7efa1e94d879bc5da8c6f19a646/gnocchi.d65168d0-f14b-42ad-9b0a-26e6819d858d/1773360000.0_mean_300.0_v3" 201 - "PUT https://[::1]:8080/v1/AUTH_2c0dd7efa1e94d879bc5da8c6f19a646/gnocchi.d65168d0-f14b-42ad-9b0a-26e6819d858d/1773360000.0_mean_300.0_v3" "tx10fd6bdfbe304b16bdb16-0069bb6fef" "proxy-server 101374" 0.0176 "-" 100256 0
Mar 18 23:39:27 np0005651379.novalocal proxy-server[101374]: ::1 ::1 19/Mar/2026/03/39/27 PUT /v1/AUTH_2c0dd7efa1e94d879bc5da8c6f19a646/gnocchi.d65168d0-f14b-42ad-9b0a-26e6819d858d/1773360000.0_mean_300.0_v3 HTTP/1.0 201 - python-swiftclient-4.8.0 gAAAAABpu2_uqf-H... 16 - - tx10fd6bdfbe304b16bdb16-0069bb6fef - 0.0267 - - 1773891567.474576712 1773891567.501250029 0 e61d2c26cb6146fb88642c1126e377de
Mar 18 23:39:27 np0005651379.novalocal container-server[99867]: ::1 - - [19/Mar/2026:03:39:27 +0000] "PUT /1/103571/AUTH_2c0dd7efa1e94d879bc5da8c6f19a646/gnocchi.d65168d0-f14b-42ad-9b0a-26e6819d858d/none_v3" 201 - "PUT http://[::1]:8080/1/147940/AUTH_2c0dd7efa1e94d879bc5da8c6f19a646/gnocchi.d65168d0-f14b-42ad-9b0a-26e6819d858d/none_v3" "tx6bb0f0e4abcd46de90271-0069bb6fef" "object-server 100257" 0.0010 "-" 99867 0
Mar 18 23:39:27 np0005651379.novalocal container-server[99868]: ::1 - - [19/Mar/2026:03:39:27 +0000] "PUT /2/103571/AUTH_2c0dd7efa1e94d879bc5da8c6f19a646/gnocchi.d65168d0-f14b-42ad-9b0a-26e6819d858d/none_v3" 201 - "PUT http://[::1]:8080/3/147940/AUTH_2c0dd7efa1e94d879bc5da8c6f19a646/gnocchi.d65168d0-f14b-42ad-9b0a-26e6819d858d/none_v3" "tx6bb0f0e4abcd46de90271-0069bb6fef" "object-server 100257" 0.0009 "-" 99868 0
Mar 18 23:39:27 np0005651379.novalocal object-server[100257]: ::1 - - [19/Mar/2026:03:39:27 +0000] "PUT /1/147940/AUTH_2c0dd7efa1e94d879bc5da8c6f19a646/gnocchi.d65168d0-f14b-42ad-9b0a-26e6819d858d/none_v3" 201 - "PUT https://[::1]:8080/v1/AUTH_2c0dd7efa1e94d879bc5da8c6f19a646/gnocchi.d65168d0-f14b-42ad-9b0a-26e6819d858d/none_v3" "tx6bb0f0e4abcd46de90271-0069bb6fef" "proxy-server 101374" 0.0165 "-" 100257 0
Mar 18 23:39:27 np0005651379.novalocal container-server[99867]: ::1 - - [19/Mar/2026:03:39:27 +0000] "PUT /3/103571/AUTH_2c0dd7efa1e94d879bc5da8c6f19a646/gnocchi.d65168d0-f14b-42ad-9b0a-26e6819d858d/none_v3" 201 - "PUT http://[::1]:8080/2/147940/AUTH_2c0dd7efa1e94d879bc5da8c6f19a646/gnocchi.d65168d0-f14b-42ad-9b0a-26e6819d858d/none_v3" "tx6bb0f0e4abcd46de90271-0069bb6fef" "object-server 100257" 0.0008 "-" 99867 0
Mar 18 23:39:27 np0005651379.novalocal object-server[100257]: ::1 - - [19/Mar/2026:03:39:27 +0000] "PUT /3/147940/AUTH_2c0dd7efa1e94d879bc5da8c6f19a646/gnocchi.d65168d0-f14b-42ad-9b0a-26e6819d858d/none_v3" 201 - "PUT https://[::1]:8080/v1/AUTH_2c0dd7efa1e94d879bc5da8c6f19a646/gnocchi.d65168d0-f14b-42ad-9b0a-26e6819d858d/none_v3" "tx6bb0f0e4abcd46de90271-0069bb6fef" "proxy-server 101374" 0.0216 "-" 100257 0
Mar 18 23:39:27 np0005651379.novalocal object-server[100257]: ::1 - - [19/Mar/2026:03:39:27 +0000] "PUT /2/147940/AUTH_2c0dd7efa1e94d879bc5da8c6f19a646/gnocchi.d65168d0-f14b-42ad-9b0a-26e6819d858d/none_v3" 201 - "PUT https://[::1]:8080/v1/AUTH_2c0dd7efa1e94d879bc5da8c6f19a646/gnocchi.d65168d0-f14b-42ad-9b0a-26e6819d858d/none_v3" "tx6bb0f0e4abcd46de90271-0069bb6fef" "proxy-server 101374" 0.0209 "-" 100257 0
Mar 18 23:39:27 np0005651379.novalocal proxy-server[101374]: ::1 ::1 19/Mar/2026/03/39/27 PUT /v1/AUTH_2c0dd7efa1e94d879bc5da8c6f19a646/gnocchi.d65168d0-f14b-42ad-9b0a-26e6819d858d/none_v3 HTTP/1.0 201 - python-swiftclient-4.8.0 gAAAAABpu2_uqf-H... 22 - - tx6bb0f0e4abcd46de90271-0069bb6fef - 0.0343 - - 1773891567.503904104 1773891567.538212538 0 e61d2c26cb6146fb88642c1126e377de
Mar 18 23:39:27 np0005651379.novalocal container-server[99867]: ::1 - - [19/Mar/2026:03:39:27 +0000] "HEAD /1/245876/AUTH_2c0dd7efa1e94d879bc5da8c6f19a646/gnocchi.e37f1257-8e60-4ff0-84eb-2cf00963f994" 404 - "HEAD http://[::1]:8080/v1/AUTH_2c0dd7efa1e94d879bc5da8c6f19a646/gnocchi.e37f1257-8e60-4ff0-84eb-2cf00963f994" "tx7742c75619024bd9b2925-0069bb6fef" "proxy-server 101374" 0.0003 "-" 99867 0
Mar 18 23:39:27 np0005651379.novalocal container-server[99867]: ::1 - - [19/Mar/2026:03:39:27 +0000] "HEAD /2/245876/AUTH_2c0dd7efa1e94d879bc5da8c6f19a646/gnocchi.e37f1257-8e60-4ff0-84eb-2cf00963f994" 404 - "HEAD http://[::1]:8080/v1/AUTH_2c0dd7efa1e94d879bc5da8c6f19a646/gnocchi.e37f1257-8e60-4ff0-84eb-2cf00963f994" "tx7742c75619024bd9b2925-0069bb6fef" "proxy-server 101374" 0.0003 "-" 99867 0
Mar 18 23:39:27 np0005651379.novalocal container-server[99867]: ::1 - - [19/Mar/2026:03:39:27 +0000] "HEAD /3/245876/AUTH_2c0dd7efa1e94d879bc5da8c6f19a646/gnocchi.e37f1257-8e60-4ff0-84eb-2cf00963f994" 404 - "HEAD http://[::1]:8080/v1/AUTH_2c0dd7efa1e94d879bc5da8c6f19a646/gnocchi.e37f1257-8e60-4ff0-84eb-2cf00963f994" "tx7742c75619024bd9b2925-0069bb6fef" "proxy-server 101374" 0.0003 "-" 99867 0
Mar 18 23:39:27 np0005651379.novalocal proxy-server[101374]: - - 19/Mar/2026/03/39/27 HEAD /v1/AUTH_2c0dd7efa1e94d879bc5da8c6f19a646/gnocchi.e37f1257-8e60-4ff0-84eb-2cf00963f994 HTTP/1.0 404 - Swift - - - - tx7742c75619024bd9b2925-0069bb6fef - 0.0114 CS - 1773891567.553751945 1773891567.565155983 0 -
Mar 18 23:39:27 np0005651379.novalocal object-server[100257]: ::1 - - [19/Mar/2026:03:39:27 +0000] "GET /2/148405/AUTH_2c0dd7efa1e94d879bc5da8c6f19a646/gnocchi.e37f1257-8e60-4ff0-84eb-2cf00963f994/none_v3" 404 70 "GET https://[::1]:8080/v1/AUTH_2c0dd7efa1e94d879bc5da8c6f19a646/gnocchi.e37f1257-8e60-4ff0-84eb-2cf00963f994/none_v3" "tx7742c75619024bd9b2925-0069bb6fef" "proxy-server 101374" 0.0006 "-" 100257 0
Mar 18 23:39:27 np0005651379.novalocal object-server[100256]: ::1 - - [19/Mar/2026:03:39:27 +0000] "GET /1/148405/AUTH_2c0dd7efa1e94d879bc5da8c6f19a646/gnocchi.e37f1257-8e60-4ff0-84eb-2cf00963f994/none_v3" 404 70 "GET https://[::1]:8080/v1/AUTH_2c0dd7efa1e94d879bc5da8c6f19a646/gnocchi.e37f1257-8e60-4ff0-84eb-2cf00963f994/none_v3" "tx7742c75619024bd9b2925-0069bb6fef" "proxy-server 101374" 0.0005 "-" 100256 0
Mar 18 23:39:27 np0005651379.novalocal object-server[100256]: ::1 - - [19/Mar/2026:03:39:27 +0000] "GET /3/148405/AUTH_2c0dd7efa1e94d879bc5da8c6f19a646/gnocchi.e37f1257-8e60-4ff0-84eb-2cf00963f994/none_v3" 404 70 "GET https://[::1]:8080/v1/AUTH_2c0dd7efa1e94d879bc5da8c6f19a646/gnocchi.e37f1257-8e60-4ff0-84eb-2cf00963f994/none_v3" "tx7742c75619024bd9b2925-0069bb6fef" "proxy-server 101374" 0.0004 "-" 100256 0
Mar 18 23:39:27 np0005651379.novalocal proxy-server[101374]: ::1 ::1 19/Mar/2026/03/39/27 GET /v1/AUTH_2c0dd7efa1e94d879bc5da8c6f19a646/gnocchi.e37f1257-8e60-4ff0-84eb-2cf00963f994/none_v3 HTTP/1.0 404 - python-swiftclient-4.8.0 gAAAAABpu2_uqf-H... - 70 - tx7742c75619024bd9b2925-0069bb6fef - 0.0313 - - 1773891567.552685738 1773891567.583952665 0 e61d2c26cb6146fb88642c1126e377de
Mar 18 23:39:27 np0005651379.novalocal account-server[99474]: ::1 - - [19/Mar/2026:03:39:27 +0000] "PUT /2/184762/AUTH_2c0dd7efa1e94d879bc5da8c6f19a646/gnocchi.e37f1257-8e60-4ff0-84eb-2cf00963f994" 201 - "PUT http://[::1]:6001/1/245876/AUTH_2c0dd7efa1e94d879bc5da8c6f19a646/gnocchi.e37f1257-8e60-4ff0-84eb-2cf00963f994" "tx8c968f86556c4f7d9ba5f-0069bb6fef" "container-server 99867" 0.0045 "-" 99474 0
Mar 18 23:39:27 np0005651379.novalocal container-server[99867]: ::1 - - [19/Mar/2026:03:39:27 +0000] "PUT /1/245876/AUTH_2c0dd7efa1e94d879bc5da8c6f19a646/gnocchi.e37f1257-8e60-4ff0-84eb-2cf00963f994" 201 - "PUT https://[::1]:8080/v1/AUTH_2c0dd7efa1e94d879bc5da8c6f19a646/gnocchi.e37f1257-8e60-4ff0-84eb-2cf00963f994" "tx8c968f86556c4f7d9ba5f-0069bb6fef" "proxy-server 101374" 0.0230 "-" 99867 0
Mar 18 23:39:27 np0005651379.novalocal account-server[99475]: ::1 - - [19/Mar/2026:03:39:27 +0000] "PUT /1/184762/AUTH_2c0dd7efa1e94d879bc5da8c6f19a646/gnocchi.e37f1257-8e60-4ff0-84eb-2cf00963f994" 201 - "PUT http://[::1]:6001/2/245876/AUTH_2c0dd7efa1e94d879bc5da8c6f19a646/gnocchi.e37f1257-8e60-4ff0-84eb-2cf00963f994" "tx8c968f86556c4f7d9ba5f-0069bb6fef" "container-server 99868" 0.0086 "-" 99475 0
Mar 18 23:39:27 np0005651379.novalocal container-server[99868]: ::1 - - [19/Mar/2026:03:39:27 +0000] "PUT /2/245876/AUTH_2c0dd7efa1e94d879bc5da8c6f19a646/gnocchi.e37f1257-8e60-4ff0-84eb-2cf00963f994" 201 - "PUT https://[::1]:8080/v1/AUTH_2c0dd7efa1e94d879bc5da8c6f19a646/gnocchi.e37f1257-8e60-4ff0-84eb-2cf00963f994" "tx8c968f86556c4f7d9ba5f-0069bb6fef" "proxy-server 101374" 0.0267 "-" 99868 0
Mar 18 23:39:27 np0005651379.novalocal account-server[99474]: ::1 - - [19/Mar/2026:03:39:27 +0000] "PUT /3/184762/AUTH_2c0dd7efa1e94d879bc5da8c6f19a646/gnocchi.e37f1257-8e60-4ff0-84eb-2cf00963f994" 201 - "PUT http://[::1]:6001/3/245876/AUTH_2c0dd7efa1e94d879bc5da8c6f19a646/gnocchi.e37f1257-8e60-4ff0-84eb-2cf00963f994" "tx8c968f86556c4f7d9ba5f-0069bb6fef" "container-server 99868" 0.0034 "-" 99474 0
Mar 18 23:39:27 np0005651379.novalocal container-server[99868]: ::1 - - [19/Mar/2026:03:39:27 +0000] "PUT /3/245876/AUTH_2c0dd7efa1e94d879bc5da8c6f19a646/gnocchi.e37f1257-8e60-4ff0-84eb-2cf00963f994" 201 - "PUT https://[::1]:8080/v1/AUTH_2c0dd7efa1e94d879bc5da8c6f19a646/gnocchi.e37f1257-8e60-4ff0-84eb-2cf00963f994" "tx8c968f86556c4f7d9ba5f-0069bb6fef" "proxy-server 101374" 0.0146 "-" 99868 0
Mar 18 23:39:27 np0005651379.novalocal proxy-server[101374]: ::1 ::1 19/Mar/2026/03/39/27 PUT /v1/AUTH_2c0dd7efa1e94d879bc5da8c6f19a646/gnocchi.e37f1257-8e60-4ff0-84eb-2cf00963f994 HTTP/1.0 201 - python-swiftclient-4.8.0 gAAAAABpu2_uqf-H... - - - tx8c968f86556c4f7d9ba5f-0069bb6fef - 0.0404 - - 1773891567.587157011 1773891567.627577066 0 e61d2c26cb6146fb88642c1126e377de
Mar 18 23:39:27 np0005651379.novalocal container-server[99867]: ::1 - - [19/Mar/2026:03:39:27 +0000] "HEAD /1/245876/AUTH_2c0dd7efa1e94d879bc5da8c6f19a646/gnocchi.e37f1257-8e60-4ff0-84eb-2cf00963f994" 204 - "HEAD http://[::1]:8080/v1/AUTH_2c0dd7efa1e94d879bc5da8c6f19a646/gnocchi.e37f1257-8e60-4ff0-84eb-2cf00963f994" "txce397665e32f4b1ca3ced-0069bb6fef" "proxy-server 101374" 0.0023 "-" 99867 0
Mar 18 23:39:27 np0005651379.novalocal proxy-server[101374]: - - 19/Mar/2026/03/39/27 HEAD /v1/AUTH_2c0dd7efa1e94d879bc5da8c6f19a646/gnocchi.e37f1257-8e60-4ff0-84eb-2cf00963f994 HTTP/1.0 204 - Swift - - - - txce397665e32f4b1ca3ced-0069bb6fef - 0.0080 CS - 1773891567.632720470 1773891567.640768290 0 -
Mar 18 23:39:27 np0005651379.novalocal container-server[99868]: ::1 - - [19/Mar/2026:03:39:27 +0000] "GET /1/245876/AUTH_2c0dd7efa1e94d879bc5da8c6f19a646/gnocchi.e37f1257-8e60-4ff0-84eb-2cf00963f994" 200 2 "GET https://[::1]:8080/v1/AUTH_2c0dd7efa1e94d879bc5da8c6f19a646/gnocchi.e37f1257-8e60-4ff0-84eb-2cf00963f994?format=json&states=listing" "txce397665e32f4b1ca3ced-0069bb6fef" "proxy-server 101374" 0.0042 "-" 99868 0
Mar 18 23:39:27 np0005651379.novalocal proxy-server[101374]: ::1 ::1 19/Mar/2026/03/39/27 GET /v1/AUTH_2c0dd7efa1e94d879bc5da8c6f19a646/gnocchi.e37f1257-8e60-4ff0-84eb-2cf00963f994%3Fformat%3Djson%26states%3Dlisting HTTP/1.0 200 - python-swiftclient-4.8.0 gAAAAABpu2_uqf-H... - 2 - txce397665e32f4b1ca3ced-0069bb6fef - 0.0232 - - 1773891567.631474257 1773891567.654683828 0 e61d2c26cb6146fb88642c1126e377de
Mar 18 23:39:27 np0005651379.novalocal object-server[100257]: ::1 - - [19/Mar/2026:03:39:27 +0000] "GET /1/64561/AUTH_2c0dd7efa1e94d879bc5da8c6f19a646/gnocchi.e37f1257-8e60-4ff0-84eb-2cf00963f994/1773360000.0_mean_300.0_v3" 404 70 "GET https://[::1]:8080/v1/AUTH_2c0dd7efa1e94d879bc5da8c6f19a646/gnocchi.e37f1257-8e60-4ff0-84eb-2cf00963f994/1773360000.0_mean_300.0_v3" "txa055260230b74b26a90de-0069bb6fef" "proxy-server 101374" 0.0005 "-" 100257 0
Mar 18 23:39:27 np0005651379.novalocal object-server[100256]: ::1 - - [19/Mar/2026:03:39:27 +0000] "GET /3/64561/AUTH_2c0dd7efa1e94d879bc5da8c6f19a646/gnocchi.e37f1257-8e60-4ff0-84eb-2cf00963f994/1773360000.0_mean_300.0_v3" 404 70 "GET https://[::1]:8080/v1/AUTH_2c0dd7efa1e94d879bc5da8c6f19a646/gnocchi.e37f1257-8e60-4ff0-84eb-2cf00963f994/1773360000.0_mean_300.0_v3" "txa055260230b74b26a90de-0069bb6fef" "proxy-server 101374" 0.0006 "-" 100256 0
Mar 18 23:39:27 np0005651379.novalocal object-server[100257]: ::1 - - [19/Mar/2026:03:39:27 +0000] "GET /2/64561/AUTH_2c0dd7efa1e94d879bc5da8c6f19a646/gnocchi.e37f1257-8e60-4ff0-84eb-2cf00963f994/1773360000.0_mean_300.0_v3" 404 70 "GET https://[::1]:8080/v1/AUTH_2c0dd7efa1e94d879bc5da8c6f19a646/gnocchi.e37f1257-8e60-4ff0-84eb-2cf00963f994/1773360000.0_mean_300.0_v3" "txa055260230b74b26a90de-0069bb6fef" "proxy-server 101374" 0.0004 "-" 100257 0
Mar 18 23:39:27 np0005651379.novalocal proxy-server[101374]: ::1 ::1 19/Mar/2026/03/39/27 GET /v1/AUTH_2c0dd7efa1e94d879bc5da8c6f19a646/gnocchi.e37f1257-8e60-4ff0-84eb-2cf00963f994/1773360000.0_mean_300.0_v3 HTTP/1.0 404 - python-swiftclient-4.8.0 gAAAAABpu2_uqf-H... - 70 - txa055260230b74b26a90de-0069bb6fef - 0.0154 - - 1773891567.658379316 1773891567.673732519 0 e61d2c26cb6146fb88642c1126e377de
Mar 18 23:39:27 np0005651379.novalocal container-server[99867]: ::1 - - [19/Mar/2026:03:39:27 +0000] "PUT /3/245876/AUTH_2c0dd7efa1e94d879bc5da8c6f19a646/gnocchi.e37f1257-8e60-4ff0-84eb-2cf00963f994/1773360000.0_mean_300.0_v3" 201 - "PUT http://[::1]:8080/1/64561/AUTH_2c0dd7efa1e94d879bc5da8c6f19a646/gnocchi.e37f1257-8e60-4ff0-84eb-2cf00963f994/1773360000.0_mean_300.0_v3" "txb07320d7b014410a8316b-0069bb6fef" "object-server 100257" 0.0009 "-" 99867 0
Mar 18 23:39:27 np0005651379.novalocal object-server[100257]: ::1 - - [19/Mar/2026:03:39:27 +0000] "PUT /1/64561/AUTH_2c0dd7efa1e94d879bc5da8c6f19a646/gnocchi.e37f1257-8e60-4ff0-84eb-2cf00963f994/1773360000.0_mean_300.0_v3" 201 - "PUT https://[::1]:8080/v1/AUTH_2c0dd7efa1e94d879bc5da8c6f19a646/gnocchi.e37f1257-8e60-4ff0-84eb-2cf00963f994/1773360000.0_mean_300.0_v3" "txb07320d7b014410a8316b-0069bb6fef" "proxy-server 101374" 0.0129 "-" 100257 0
Mar 18 23:39:27 np0005651379.novalocal container-server[99867]: ::1 - - [19/Mar/2026:03:39:27 +0000] "PUT /1/245876/AUTH_2c0dd7efa1e94d879bc5da8c6f19a646/gnocchi.e37f1257-8e60-4ff0-84eb-2cf00963f994/1773360000.0_mean_300.0_v3" 201 - "PUT http://[::1]:8080/2/64561/AUTH_2c0dd7efa1e94d879bc5da8c6f19a646/gnocchi.e37f1257-8e60-4ff0-84eb-2cf00963f994/1773360000.0_mean_300.0_v3" "txb07320d7b014410a8316b-0069bb6fef" "object-server 100257" 0.0008 "-" 99867 0
Mar 18 23:39:27 np0005651379.novalocal object-server[100257]: ::1 - - [19/Mar/2026:03:39:27 +0000] "PUT /2/64561/AUTH_2c0dd7efa1e94d879bc5da8c6f19a646/gnocchi.e37f1257-8e60-4ff0-84eb-2cf00963f994/1773360000.0_mean_300.0_v3" 201 - "PUT https://[::1]:8080/v1/AUTH_2c0dd7efa1e94d879bc5da8c6f19a646/gnocchi.e37f1257-8e60-4ff0-84eb-2cf00963f994/1773360000.0_mean_300.0_v3" "txb07320d7b014410a8316b-0069bb6fef" "proxy-server 101374" 0.0128 "-" 100257 0
Mar 18 23:39:27 np0005651379.novalocal container-server[99867]: ::1 - - [19/Mar/2026:03:39:27 +0000] "PUT /2/245876/AUTH_2c0dd7efa1e94d879bc5da8c6f19a646/gnocchi.e37f1257-8e60-4ff0-84eb-2cf00963f994/1773360000.0_mean_300.0_v3" 201 - "PUT http://[::1]:8080/3/64561/AUTH_2c0dd7efa1e94d879bc5da8c6f19a646/gnocchi.e37f1257-8e60-4ff0-84eb-2cf00963f994/1773360000.0_mean_300.0_v3" "txb07320d7b014410a8316b-0069bb6fef" "object-server 100256" 0.0004 "-" 99867 0
Mar 18 23:39:27 np0005651379.novalocal object-server[100256]: ::1 - - [19/Mar/2026:03:39:27 +0000] "PUT /3/64561/AUTH_2c0dd7efa1e94d879bc5da8c6f19a646/gnocchi.e37f1257-8e60-4ff0-84eb-2cf00963f994/1773360000.0_mean_300.0_v3" 201 - "PUT https://[::1]:8080/v1/AUTH_2c0dd7efa1e94d879bc5da8c6f19a646/gnocchi.e37f1257-8e60-4ff0-84eb-2cf00963f994/1773360000.0_mean_300.0_v3" "txb07320d7b014410a8316b-0069bb6fef" "proxy-server 101374" 0.0177 "-" 100256 0
Mar 18 23:39:27 np0005651379.novalocal proxy-server[101374]: ::1 ::1 19/Mar/2026/03/39/27 PUT /v1/AUTH_2c0dd7efa1e94d879bc5da8c6f19a646/gnocchi.e37f1257-8e60-4ff0-84eb-2cf00963f994/1773360000.0_mean_300.0_v3 HTTP/1.0 201 - python-swiftclient-4.8.0 gAAAAABpu2_uqf-H... 16 - - txb07320d7b014410a8316b-0069bb6fef - 0.0257 - - 1773891567.677215338 1773891567.702947140 0 e61d2c26cb6146fb88642c1126e377de
Mar 18 23:39:27 np0005651379.novalocal container-server[99867]: ::1 - - [19/Mar/2026:03:39:27 +0000] "PUT /3/245876/AUTH_2c0dd7efa1e94d879bc5da8c6f19a646/gnocchi.e37f1257-8e60-4ff0-84eb-2cf00963f994/none_v3" 201 - "PUT http://[::1]:8080/2/148405/AUTH_2c0dd7efa1e94d879bc5da8c6f19a646/gnocchi.e37f1257-8e60-4ff0-84eb-2cf00963f994/none_v3" "tx1ac3cd0ba1f24b0d8492a-0069bb6fef" "object-server 100257" 0.0007 "-" 99867 0
Mar 18 23:39:27 np0005651379.novalocal object-server[100257]: ::1 - - [19/Mar/2026:03:39:27 +0000] "PUT /2/148405/AUTH_2c0dd7efa1e94d879bc5da8c6f19a646/gnocchi.e37f1257-8e60-4ff0-84eb-2cf00963f994/none_v3" 201 - "PUT https://[::1]:8080/v1/AUTH_2c0dd7efa1e94d879bc5da8c6f19a646/gnocchi.e37f1257-8e60-4ff0-84eb-2cf00963f994/none_v3" "tx1ac3cd0ba1f24b0d8492a-0069bb6fef" "proxy-server 101374" 0.0129 "-" 100257 0
Mar 18 23:39:27 np0005651379.novalocal container-server[99868]: ::1 - - [19/Mar/2026:03:39:27 +0000] "PUT /2/245876/AUTH_2c0dd7efa1e94d879bc5da8c6f19a646/gnocchi.e37f1257-8e60-4ff0-84eb-2cf00963f994/none_v3" 201 - "PUT http://[::1]:8080/3/148405/AUTH_2c0dd7efa1e94d879bc5da8c6f19a646/gnocchi.e37f1257-8e60-4ff0-84eb-2cf00963f994/none_v3" "tx1ac3cd0ba1f24b0d8492a-0069bb6fef" "object-server 100256" 0.0008 "-" 99868 0
Mar 18 23:39:27 np0005651379.novalocal object-server[100256]: ::1 - - [19/Mar/2026:03:39:27 +0000] "PUT /3/148405/AUTH_2c0dd7efa1e94d879bc5da8c6f19a646/gnocchi.e37f1257-8e60-4ff0-84eb-2cf00963f994/none_v3" 201 - "PUT https://[::1]:8080/v1/AUTH_2c0dd7efa1e94d879bc5da8c6f19a646/gnocchi.e37f1257-8e60-4ff0-84eb-2cf00963f994/none_v3" "tx1ac3cd0ba1f24b0d8492a-0069bb6fef" "proxy-server 101374" 0.0164 "-" 100256 0
Mar 18 23:39:27 np0005651379.novalocal container-server[99867]: ::1 - - [19/Mar/2026:03:39:27 +0000] "PUT /1/245876/AUTH_2c0dd7efa1e94d879bc5da8c6f19a646/gnocchi.e37f1257-8e60-4ff0-84eb-2cf00963f994/none_v3" 201 - "PUT http://[::1]:8080/1/148405/AUTH_2c0dd7efa1e94d879bc5da8c6f19a646/gnocchi.e37f1257-8e60-4ff0-84eb-2cf00963f994/none_v3" "tx1ac3cd0ba1f24b0d8492a-0069bb6fef" "object-server 100256" 0.0006 "-" 99867 0
Mar 18 23:39:27 np0005651379.novalocal object-server[100256]: ::1 - - [19/Mar/2026:03:39:27 +0000] "PUT /1/148405/AUTH_2c0dd7efa1e94d879bc5da8c6f19a646/gnocchi.e37f1257-8e60-4ff0-84eb-2cf00963f994/none_v3" 201 - "PUT https://[::1]:8080/v1/AUTH_2c0dd7efa1e94d879bc5da8c6f19a646/gnocchi.e37f1257-8e60-4ff0-84eb-2cf00963f994/none_v3" "tx1ac3cd0ba1f24b0d8492a-0069bb6fef" "proxy-server 101374" 0.0188 "-" 100256 0
Mar 18 23:39:27 np0005651379.novalocal proxy-server[101374]: ::1 ::1 19/Mar/2026/03/39/27 PUT /v1/AUTH_2c0dd7efa1e94d879bc5da8c6f19a646/gnocchi.e37f1257-8e60-4ff0-84eb-2cf00963f994/none_v3 HTTP/1.0 201 - python-swiftclient-4.8.0 gAAAAABpu2_uqf-H... 22 - - tx1ac3cd0ba1f24b0d8492a-0069bb6fef - 0.0338 - - 1773891567.708358049 1773891567.742189884 0 e61d2c26cb6146fb88642c1126e377de
Mar 18 23:39:27 np0005651379.novalocal container-server[99868]: ::1 - - [19/Mar/2026:03:39:27 +0000] "HEAD /3/224634/AUTH_2c0dd7efa1e94d879bc5da8c6f19a646/gnocchi.af8aa5d8-5c19-466c-b05f-fd9000b44976" 404 - "HEAD http://[::1]:8080/v1/AUTH_2c0dd7efa1e94d879bc5da8c6f19a646/gnocchi.af8aa5d8-5c19-466c-b05f-fd9000b44976" "txe200411e2a024c3c82bdd-0069bb6fef" "proxy-server 101374" 0.0004 "-" 99868 0
Mar 18 23:39:27 np0005651379.novalocal container-server[99867]: ::1 - - [19/Mar/2026:03:39:27 +0000] "HEAD /2/224634/AUTH_2c0dd7efa1e94d879bc5da8c6f19a646/gnocchi.af8aa5d8-5c19-466c-b05f-fd9000b44976" 404 - "HEAD http://[::1]:8080/v1/AUTH_2c0dd7efa1e94d879bc5da8c6f19a646/gnocchi.af8aa5d8-5c19-466c-b05f-fd9000b44976" "txe200411e2a024c3c82bdd-0069bb6fef" "proxy-server 101374" 0.0005 "-" 99867 0
