Mar 11 13:20:56 standalone container-server[122117]: 172.20.0.100 - - [11/Mar/2026:13:20:56 +0000] "HEAD /d1/947/AUTH_1dc9e6c33e5c42b68fdbaa52be74c6e4/gnocchi.36261b58-4ade-438c-b608-51cf4e1c64c6" 204 - "HEAD http://localhost:8080/v1/AUTH_1dc9e6c33e5c42b68fdbaa52be74c6e4/gnocchi.36261b58-4ade-438c-b608-51cf4e1c64c6?format=json&states=listing" "txabf1d5d8cc78413f873af-0069b16c38" "proxy-server 21" 0.0021 "-" 23 0
Mar 11 13:20:56 standalone proxy-server[124157]: - - 11/Mar/2026/13/20/56 HEAD /v1/AUTH_1dc9e6c33e5c42b68fdbaa52be74c6e4/gnocchi.36261b58-4ade-438c-b608-51cf4e1c64c6%3Fformat%3Djson%26states%3Dlisting HTTP/1.0 204 - Swift - - - - txabf1d5d8cc78413f873af-0069b16c38 - 0.0091 RL - 1773235256.133368969 1773235256.142426968 0
Mar 11 13:20:56 standalone container-server[122107]: 172.20.0.100 - - [11/Mar/2026:13:20:56 +0000] "GET /d1/947/AUTH_1dc9e6c33e5c42b68fdbaa52be74c6e4/gnocchi.36261b58-4ade-438c-b608-51cf4e1c64c6" 200 2 "GET http://localhost:8080/v1/AUTH_1dc9e6c33e5c42b68fdbaa52be74c6e4/gnocchi.36261b58-4ade-438c-b608-51cf4e1c64c6?format=json&states=listing" "txabf1d5d8cc78413f873af-0069b16c38" "proxy-server 21" 0.0063 "-" 20 0
Mar 11 13:20:56 standalone proxy-server[124157]: 172.18.0.2 ::1 11/Mar/2026/13/20/56 GET /v1/AUTH_1dc9e6c33e5c42b68fdbaa52be74c6e4/gnocchi.36261b58-4ade-438c-b608-51cf4e1c64c6%3Fformat%3Djson%26states%3Dlisting HTTP/1.0 200 - python-swiftclient-3.11.1 gAAAAABpsWvzre85... - 2 - txabf1d5d8cc78413f873af-0069b16c38 - 0.0315 - - 1773235256.130951405 1773235256.162480116 0
Mar 11 13:20:56 standalone object-server[122327]: 172.20.0.100 - - [11/Mar/2026:13:20:56 +0000] "GET /d1/143/AUTH_1dc9e6c33e5c42b68fdbaa52be74c6e4/gnocchi.36261b58-4ade-438c-b608-51cf4e1c64c6/1772280000.0_mean_300.0_v3" 404 70 "GET http://localhost:8080/v1/AUTH_1dc9e6c33e5c42b68fdbaa52be74c6e4/gnocchi.36261b58-4ade-438c-b608-51cf4e1c64c6/1772280000.0_mean_300.0_v3" "tx43b559534a744889ad60f-0069b16c38" "proxy-server 21" 0.0009 "-" 24 0
Mar 11 13:20:56 standalone proxy-server[124157]: 172.18.0.2 ::1 11/Mar/2026/13/20/56 GET /v1/AUTH_1dc9e6c33e5c42b68fdbaa52be74c6e4/gnocchi.36261b58-4ade-438c-b608-51cf4e1c64c6/1772280000.0_mean_300.0_v3 HTTP/1.0 404 - python-swiftclient-3.11.1 gAAAAABpsWvzre85... - 70 - tx43b559534a744889ad60f-0069b16c38 - 0.0153 - - 1773235256.176197290 1773235256.191508770 0
Mar 11 13:20:56 standalone container-server[122117]: 172.20.0.100 - - [11/Mar/2026:13:20:56 +0000] "PUT /d1/947/AUTH_1dc9e6c33e5c42b68fdbaa52be74c6e4/gnocchi.36261b58-4ade-438c-b608-51cf4e1c64c6/1772280000.0_mean_300.0_v3" 201 - "PUT http://localhost:8080/d1/143/AUTH_1dc9e6c33e5c42b68fdbaa52be74c6e4/gnocchi.36261b58-4ade-438c-b608-51cf4e1c64c6/1772280000.0_mean_300.0_v3" "txd5e3bec0ac874cb99ae4f-0069b16c38" "object-server 23" 0.0009 "-" 23 0
Mar 11 13:20:56 standalone object-server[122321]: 172.20.0.100 - - [11/Mar/2026:13:20:56 +0000] "PUT /d1/143/AUTH_1dc9e6c33e5c42b68fdbaa52be74c6e4/gnocchi.36261b58-4ade-438c-b608-51cf4e1c64c6/1772280000.0_mean_300.0_v3" 201 - "PUT http://localhost:8080/v1/AUTH_1dc9e6c33e5c42b68fdbaa52be74c6e4/gnocchi.36261b58-4ade-438c-b608-51cf4e1c64c6/1772280000.0_mean_300.0_v3" "txd5e3bec0ac874cb99ae4f-0069b16c38" "proxy-server 21" 0.0122 "-" 23 0
Mar 11 13:20:56 standalone proxy-server[124157]: 172.18.0.2 ::1 11/Mar/2026/13/20/56 PUT /v1/AUTH_1dc9e6c33e5c42b68fdbaa52be74c6e4/gnocchi.36261b58-4ade-438c-b608-51cf4e1c64c6/1772280000.0_mean_300.0_v3 HTTP/1.0 201 - python-swiftclient-3.11.1 gAAAAABpsWvzre85... 16 - - txd5e3bec0ac874cb99ae4f-0069b16c38 - 0.0209 - - 1773235256.196023464 1773235256.216920614 0
Mar 11 13:20:56 standalone container-server[122117]: 172.20.0.100 - - [11/Mar/2026:13:20:56 +0000] "PUT /d1/947/AUTH_1dc9e6c33e5c42b68fdbaa52be74c6e4/gnocchi.36261b58-4ade-438c-b608-51cf4e1c64c6/none_v3" 201 - "PUT http://localhost:8080/d1/968/AUTH_1dc9e6c33e5c42b68fdbaa52be74c6e4/gnocchi.36261b58-4ade-438c-b608-51cf4e1c64c6/none_v3" "tx49aa85bfc0834ed18674a-0069b16c38" "object-server 23" 0.0007 "-" 23 0
Mar 11 13:20:56 standalone object-server[122321]: 172.20.0.100 - - [11/Mar/2026:13:20:56 +0000] "PUT /d1/968/AUTH_1dc9e6c33e5c42b68fdbaa52be74c6e4/gnocchi.36261b58-4ade-438c-b608-51cf4e1c64c6/none_v3" 201 - "PUT http://localhost:8080/v1/AUTH_1dc9e6c33e5c42b68fdbaa52be74c6e4/gnocchi.36261b58-4ade-438c-b608-51cf4e1c64c6/none_v3" "tx49aa85bfc0834ed18674a-0069b16c38" "proxy-server 21" 0.0113 "-" 23 0
Mar 11 13:20:56 standalone proxy-server[124157]: 172.18.0.2 ::1 11/Mar/2026/13/20/56 PUT /v1/AUTH_1dc9e6c33e5c42b68fdbaa52be74c6e4/gnocchi.36261b58-4ade-438c-b608-51cf4e1c64c6/none_v3 HTTP/1.0 201 - python-swiftclient-3.11.1 gAAAAABpsWvzre85... 22 - - tx49aa85bfc0834ed18674a-0069b16c38 - 0.0215 - - 1773235256.224694729 1773235256.246190786 0
Mar 11 13:20:56 standalone container-server[122111]: 172.20.0.100 - - [11/Mar/2026:13:20:56 +0000] "HEAD /d1/266/AUTH_1dc9e6c33e5c42b68fdbaa52be74c6e4/gnocchi.95facb66-3ef3-4e89-807c-fe405e240ce0" 404 - "HEAD http://localhost:8080/v1/AUTH_1dc9e6c33e5c42b68fdbaa52be74c6e4/gnocchi.95facb66-3ef3-4e89-807c-fe405e240ce0?format=json&states=listing" "txb6f28d40d5504fffb8feb-0069b16c38" "proxy-server 21" 0.0004 "-" 21 0
Mar 11 13:20:56 standalone object-server[122313]: 172.20.0.100 - - [11/Mar/2026:13:20:56 +0000] "GET /d1/257/AUTH_1dc9e6c33e5c42b68fdbaa52be74c6e4/gnocchi.95facb66-3ef3-4e89-807c-fe405e240ce0/none_v3" 404 70 "GET http://localhost:8080/v1/AUTH_1dc9e6c33e5c42b68fdbaa52be74c6e4/gnocchi.95facb66-3ef3-4e89-807c-fe405e240ce0/none_v3" "txb6f28d40d5504fffb8feb-0069b16c38" "proxy-server 21" 0.0005 "-" 22 0
Mar 11 13:20:56 standalone proxy-server[124157]: 172.18.0.2 ::1 11/Mar/2026/13/20/56 GET /v1/AUTH_1dc9e6c33e5c42b68fdbaa52be74c6e4/gnocchi.95facb66-3ef3-4e89-807c-fe405e240ce0/none_v3 HTTP/1.0 404 - python-swiftclient-3.11.1 gAAAAABpsWvzre85... - 70 - txb6f28d40d5504fffb8feb-0069b16c38 - 0.0201 - - 1773235256.289169312 1773235256.309281826 0
Mar 11 13:20:56 standalone account-server[122095]: 172.20.0.100 - - [11/Mar/2026:13:20:56 +0000] "PUT /d1/391/AUTH_1dc9e6c33e5c42b68fdbaa52be74c6e4/gnocchi.95facb66-3ef3-4e89-807c-fe405e240ce0" 201 - "PUT http://172.20.0.100:6001/d1/266/AUTH_1dc9e6c33e5c42b68fdbaa52be74c6e4/gnocchi.95facb66-3ef3-4e89-807c-fe405e240ce0" "tx23ad248bdce54d98a20bb-0069b16c38" "container-server 22" 0.0085 "-" 20 0
Mar 11 13:20:56 standalone container-server[122116]: 172.20.0.100 - - [11/Mar/2026:13:20:56 +0000] "PUT /d1/266/AUTH_1dc9e6c33e5c42b68fdbaa52be74c6e4/gnocchi.95facb66-3ef3-4e89-807c-fe405e240ce0" 201 - "PUT http://localhost:8080/v1/AUTH_1dc9e6c33e5c42b68fdbaa52be74c6e4/gnocchi.95facb66-3ef3-4e89-807c-fe405e240ce0" "tx23ad248bdce54d98a20bb-0069b16c38" "proxy-server 21" 0.0252 "-" 22 0
Mar 11 13:20:56 standalone proxy-server[124157]: 172.18.0.2 ::1 11/Mar/2026/13/20/56 PUT /v1/AUTH_1dc9e6c33e5c42b68fdbaa52be74c6e4/gnocchi.95facb66-3ef3-4e89-807c-fe405e240ce0 HTTP/1.0 201 - python-swiftclient-3.11.1 gAAAAABpsWvzre85... - - - tx23ad248bdce54d98a20bb-0069b16c38 - 0.0316 - - 1773235256.315070629 1773235256.346668959 0
Mar 11 13:20:56 standalone container-server[122107]: 172.20.0.100 - - [11/Mar/2026:13:20:56 +0000] "HEAD /d1/266/AUTH_1dc9e6c33e5c42b68fdbaa52be74c6e4/gnocchi.95facb66-3ef3-4e89-807c-fe405e240ce0" 204 - "HEAD http://localhost:8080/v1/AUTH_1dc9e6c33e5c42b68fdbaa52be74c6e4/gnocchi.95facb66-3ef3-4e89-807c-fe405e240ce0?format=json&states=listing" "tx639f797535404096a5977-0069b16c38" "proxy-server 21" 0.0019 "-" 20 0
Mar 11 13:20:56 standalone proxy-server[124157]: - - 11/Mar/2026/13/20/56 HEAD /v1/AUTH_1dc9e6c33e5c42b68fdbaa52be74c6e4/gnocchi.95facb66-3ef3-4e89-807c-fe405e240ce0%3Fformat%3Djson%26states%3Dlisting HTTP/1.0 204 - Swift - - - - tx639f797535404096a5977-0069b16c38 - 0.0064 RL - 1773235256.355825186 1773235256.362187624 0
Mar 11 13:20:56 standalone container-server[122117]: 172.20.0.100 - - [11/Mar/2026:13:20:56 +0000] "GET /d1/266/AUTH_1dc9e6c33e5c42b68fdbaa52be74c6e4/gnocchi.95facb66-3ef3-4e89-807c-fe405e240ce0" 200 2 "GET http://localhost:8080/v1/AUTH_1dc9e6c33e5c42b68fdbaa52be74c6e4/gnocchi.95facb66-3ef3-4e89-807c-fe405e240ce0?format=json&states=listing" "tx639f797535404096a5977-0069b16c38" "proxy-server 21" 0.0042 "-" 23 0
Mar 11 13:20:56 standalone proxy-server[124157]: 172.18.0.2 ::1 11/Mar/2026/13/20/56 GET /v1/AUTH_1dc9e6c33e5c42b68fdbaa52be74c6e4/gnocchi.95facb66-3ef3-4e89-807c-fe405e240ce0%3Fformat%3Djson%26states%3Dlisting HTTP/1.0 200 - python-swiftclient-3.11.1 gAAAAABpsWvzre85... - 2 - tx639f797535404096a5977-0069b16c38 - 0.0197 - - 1773235256.354603052 1773235256.374270201 0
Mar 11 13:20:56 standalone object-server[122321]: 172.20.0.100 - - [11/Mar/2026:13:20:56 +0000] "GET /d1/11/AUTH_1dc9e6c33e5c42b68fdbaa52be74c6e4/gnocchi.95facb66-3ef3-4e89-807c-fe405e240ce0/1772280000.0_mean_300.0_v3" 404 70 "GET http://localhost:8080/v1/AUTH_1dc9e6c33e5c42b68fdbaa52be74c6e4/gnocchi.95facb66-3ef3-4e89-807c-fe405e240ce0/1772280000.0_mean_300.0_v3" "txc95669b1e85d403ea4b98-0069b16c38" "proxy-server 21" 0.0006 "-" 23 0
Mar 11 13:20:56 standalone proxy-server[124157]: 172.18.0.2 ::1 11/Mar/2026/13/20/56 GET /v1/AUTH_1dc9e6c33e5c42b68fdbaa52be74c6e4/gnocchi.95facb66-3ef3-4e89-807c-fe405e240ce0/1772280000.0_mean_300.0_v3 HTTP/1.0 404 - python-swiftclient-3.11.1 gAAAAABpsWvzre85... - 70 - txc95669b1e85d403ea4b98-0069b16c38 - 0.0081 - - 1773235256.387301445 1773235256.395353556 0
Mar 11 13:20:56 standalone container-server[122111]: 172.20.0.100 - - [11/Mar/2026:13:20:56 +0000] "PUT /d1/266/AUTH_1dc9e6c33e5c42b68fdbaa52be74c6e4/gnocchi.95facb66-3ef3-4e89-807c-fe405e240ce0/1772280000.0_mean_300.0_v3" 201 - "PUT http://localhost:8080/d1/11/AUTH_1dc9e6c33e5c42b68fdbaa52be74c6e4/gnocchi.95facb66-3ef3-4e89-807c-fe405e240ce0/1772280000.0_mean_300.0_v3" "txfe29cf477bf34ba5bdd49-0069b16c38" "object-server 25" 0.0008 "-" 21 0
Mar 11 13:20:56 standalone object-server[122339]: 172.20.0.100 - - [11/Mar/2026:13:20:56 +0000] "PUT /d1/11/AUTH_1dc9e6c33e5c42b68fdbaa52be74c6e4/gnocchi.95facb66-3ef3-4e89-807c-fe405e240ce0/1772280000.0_mean_300.0_v3" 201 - "PUT http://localhost:8080/v1/AUTH_1dc9e6c33e5c42b68fdbaa52be74c6e4/gnocchi.95facb66-3ef3-4e89-807c-fe405e240ce0/1772280000.0_mean_300.0_v3" "txfe29cf477bf34ba5bdd49-0069b16c38" "proxy-server 21" 0.0130 "-" 25 0
Mar 11 13:20:56 standalone proxy-server[124157]: 172.18.0.2 ::1 11/Mar/2026/13/20/56 PUT /v1/AUTH_1dc9e6c33e5c42b68fdbaa52be74c6e4/gnocchi.95facb66-3ef3-4e89-807c-fe405e240ce0/1772280000.0_mean_300.0_v3 HTTP/1.0 201 - python-swiftclient-3.11.1 gAAAAABpsWvzre85... 16 - - txfe29cf477bf34ba5bdd49-0069b16c38 - 0.0205 - - 1773235256.401998758 1773235256.422468424 0
Mar 11 13:20:56 standalone container-server[122116]: 172.20.0.100 - - [11/Mar/2026:13:20:56 +0000] "PUT /d1/266/AUTH_1dc9e6c33e5c42b68fdbaa52be74c6e4/gnocchi.95facb66-3ef3-4e89-807c-fe405e240ce0/none_v3" 201 - "PUT http://localhost:8080/d1/257/AUTH_1dc9e6c33e5c42b68fdbaa52be74c6e4/gnocchi.95facb66-3ef3-4e89-807c-fe405e240ce0/none_v3" "tx887c20f675454268bb128-0069b16c38" "object-server 22" 0.0008 "-" 22 0
Mar 11 13:20:56 standalone object-server[122313]: 172.20.0.100 - - [11/Mar/2026:13:20:56 +0000] "PUT /d1/257/AUTH_1dc9e6c33e5c42b68fdbaa52be74c6e4/gnocchi.95facb66-3ef3-4e89-807c-fe405e240ce0/none_v3" 201 - "PUT http://localhost:8080/v1/AUTH_1dc9e6c33e5c42b68fdbaa52be74c6e4/gnocchi.95facb66-3ef3-4e89-807c-fe405e240ce0/none_v3" "tx887c20f675454268bb128-0069b16c38" "proxy-server 21" 0.0180 "-" 22 0
Mar 11 13:20:56 standalone proxy-server[124157]: 172.18.0.2 ::1 11/Mar/2026/13/20/56 PUT /v1/AUTH_1dc9e6c33e5c42b68fdbaa52be74c6e4/gnocchi.95facb66-3ef3-4e89-807c-fe405e240ce0/none_v3 HTTP/1.0 201 - python-swiftclient-3.11.1 gAAAAABpsWvzre85... 22 - - tx887c20f675454268bb128-0069b16c38 - 0.0270 - - 1773235256.429189205 1773235256.456147909 0
Mar 11 13:20:56 standalone container-server[122107]: 172.20.0.100 - - [11/Mar/2026:13:20:56 +0000] "HEAD /d1/228/AUTH_1dc9e6c33e5c42b68fdbaa52be74c6e4/gnocchi.71c0a5da-6ddc-4fce-93e1-7e1e3947dd88" 404 - "HEAD http://localhost:8080/v1/AUTH_1dc9e6c33e5c42b68fdbaa52be74c6e4/gnocchi.71c0a5da-6ddc-4fce-93e1-7e1e3947dd88?format=json&states=listing" "tx476469bfe53f4fd7ac91d-0069b16c38" "proxy-server 21" 0.0006 "-" 20 0
Mar 11 13:20:56 standalone object-server[122321]: 172.20.0.100 - - [11/Mar/2026:13:20:56 +0000] "GET /d1/600/AUTH_1dc9e6c33e5c42b68fdbaa52be74c6e4/gnocchi.71c0a5da-6ddc-4fce-93e1-7e1e3947dd88/none_v3" 404 70 "GET http://localhost:8080/v1/AUTH_1dc9e6c33e5c42b68fdbaa52be74c6e4/gnocchi.71c0a5da-6ddc-4fce-93e1-7e1e3947dd88/none_v3" "tx476469bfe53f4fd7ac91d-0069b16c38" "proxy-server 21" 0.0004 "-" 23 0
Mar 11 13:20:56 standalone proxy-server[124157]: 172.18.0.2 ::1 11/Mar/2026/13/20/56 GET /v1/AUTH_1dc9e6c33e5c42b68fdbaa52be74c6e4/gnocchi.71c0a5da-6ddc-4fce-93e1-7e1e3947dd88/none_v3 HTTP/1.0 404 - python-swiftclient-3.11.1 gAAAAABpsWvzre85... - 70 - tx476469bfe53f4fd7ac91d-0069b16c38 - 0.0125 - - 1773235256.479801655 1773235256.492258787 0
Mar 11 13:20:56 standalone account-server[122112]: 172.20.0.100 - - [11/Mar/2026:13:20:56 +0000] "PUT /d1/391/AUTH_1dc9e6c33e5c42b68fdbaa52be74c6e4/gnocchi.71c0a5da-6ddc-4fce-93e1-7e1e3947dd88" 201 - "PUT http://172.20.0.100:6001/d1/228/AUTH_1dc9e6c33e5c42b68fdbaa52be74c6e4/gnocchi.71c0a5da-6ddc-4fce-93e1-7e1e3947dd88" "tx0e35133cd0484d2399c60-0069b16c38" "container-server 22" 0.0050 "-" 23 0
Mar 11 13:20:56 standalone container-server[122116]: 172.20.0.100 - - [11/Mar/2026:13:20:56 +0000] "PUT /d1/228/AUTH_1dc9e6c33e5c42b68fdbaa52be74c6e4/gnocchi.71c0a5da-6ddc-4fce-93e1-7e1e3947dd88" 201 - "PUT http://localhost:8080/v1/AUTH_1dc9e6c33e5c42b68fdbaa52be74c6e4/gnocchi.71c0a5da-6ddc-4fce-93e1-7e1e3947dd88" "tx0e35133cd0484d2399c60-0069b16c38" "proxy-server 21" 0.0213 "-" 22 0
Mar 11 13:20:56 standalone proxy-server[124157]: 172.18.0.2 ::1 11/Mar/2026/13/20/56 PUT /v1/AUTH_1dc9e6c33e5c42b68fdbaa52be74c6e4/gnocchi.71c0a5da-6ddc-4fce-93e1-7e1e3947dd88 HTTP/1.0 201 - python-swiftclient-3.11.1 gAAAAABpsWvzre85... - - - tx0e35133cd0484d2399c60-0069b16c38 - 0.0289 - - 1773235256.499054670 1773235256.527945757 0
Mar 11 13:20:56 standalone container-server[122117]: 172.20.0.100 - - [11/Mar/2026:13:20:56 +0000] "HEAD /d1/228/AUTH_1dc9e6c33e5c42b68fdbaa52be74c6e4/gnocchi.71c0a5da-6ddc-4fce-93e1-7e1e3947dd88" 204 - "HEAD http://localhost:8080/v1/AUTH_1dc9e6c33e5c42b68fdbaa52be74c6e4/gnocchi.71c0a5da-6ddc-4fce-93e1-7e1e3947dd88?format=json&states=listing" "tx43ab44565fcf487ca6161-0069b16c38" "proxy-server 21" 0.0014 "-" 23 0
Mar 11 13:20:56 standalone proxy-server[124157]: - - 11/Mar/2026/13/20/56 HEAD /v1/AUTH_1dc9e6c33e5c42b68fdbaa52be74c6e4/gnocchi.71c0a5da-6ddc-4fce-93e1-7e1e3947dd88%3Fformat%3Djson%26states%3Dlisting HTTP/1.0 204 - Swift - - - - tx43ab44565fcf487ca6161-0069b16c38 - 0.0070 RL - 1773235256.539329052 1773235256.546348333 0
Mar 11 13:20:56 standalone container-server[122111]: 172.20.0.100 - - [11/Mar/2026:13:20:56 +0000] "GET /d1/228/AUTH_1dc9e6c33e5c42b68fdbaa52be74c6e4/gnocchi.71c0a5da-6ddc-4fce-93e1-7e1e3947dd88" 200 2 "GET http://localhost:8080/v1/AUTH_1dc9e6c33e5c42b68fdbaa52be74c6e4/gnocchi.71c0a5da-6ddc-4fce-93e1-7e1e3947dd88?format=json&states=listing" "tx43ab44565fcf487ca6161-0069b16c38" "proxy-server 21" 0.0020 "-" 21 0
Mar 11 13:20:56 standalone proxy-server[124157]: 172.18.0.2 ::1 11/Mar/2026/13/20/56 GET /v1/AUTH_1dc9e6c33e5c42b68fdbaa52be74c6e4/gnocchi.71c0a5da-6ddc-4fce-93e1-7e1e3947dd88%3Fformat%3Djson%26states%3Dlisting HTTP/1.0 200 - python-swiftclient-3.11.1 gAAAAABpsWvzre85... - 2 - tx43ab44565fcf487ca6161-0069b16c38 - 0.0236 - - 1773235256.536626101 1773235256.560181141 0
Mar 11 13:20:56 standalone object-server[122339]: 172.20.0.100 - - [11/Mar/2026:13:20:56 +0000] "GET /d1/866/AUTH_1dc9e6c33e5c42b68fdbaa52be74c6e4/gnocchi.71c0a5da-6ddc-4fce-93e1-7e1e3947dd88/1772280000.0_mean_300.0_v3" 404 70 "GET http://localhost:8080/v1/AUTH_1dc9e6c33e5c42b68fdbaa52be74c6e4/gnocchi.71c0a5da-6ddc-4fce-93e1-7e1e3947dd88/1772280000.0_mean_300.0_v3" "tx68375ad842aa4c0bb3ac2-0069b16c38" "proxy-server 21" 0.0006 "-" 25 0
Mar 11 13:20:56 standalone proxy-server[124157]: 172.18.0.2 ::1 11/Mar/2026/13/20/56 GET /v1/AUTH_1dc9e6c33e5c42b68fdbaa52be74c6e4/gnocchi.71c0a5da-6ddc-4fce-93e1-7e1e3947dd88/1772280000.0_mean_300.0_v3 HTTP/1.0 404 - python-swiftclient-3.11.1 gAAAAABpsWvzre85... - 70 - tx68375ad842aa4c0bb3ac2-0069b16c38 - 0.0108 - - 1773235256.567927361 1773235256.578758478 0
Mar 11 13:20:56 standalone container-server[122107]: 172.20.0.100 - - [11/Mar/2026:13:20:56 +0000] "PUT /d1/228/AUTH_1dc9e6c33e5c42b68fdbaa52be74c6e4/gnocchi.71c0a5da-6ddc-4fce-93e1-7e1e3947dd88/1772280000.0_mean_300.0_v3" 201 - "PUT http://localhost:8080/d1/866/AUTH_1dc9e6c33e5c42b68fdbaa52be74c6e4/gnocchi.71c0a5da-6ddc-4fce-93e1-7e1e3947dd88/1772280000.0_mean_300.0_v3" "txa8c817477586488898e7b-0069b16c38" "object-server 22" 0.0009 "-" 20 0
Mar 11 13:20:56 standalone object-server[122313]: 172.20.0.100 - - [11/Mar/2026:13:20:56 +0000] "PUT /d1/866/AUTH_1dc9e6c33e5c42b68fdbaa52be74c6e4/gnocchi.71c0a5da-6ddc-4fce-93e1-7e1e3947dd88/1772280000.0_mean_300.0_v3" 201 - "PUT http://localhost:8080/v1/AUTH_1dc9e6c33e5c42b68fdbaa52be74c6e4/gnocchi.71c0a5da-6ddc-4fce-93e1-7e1e3947dd88/1772280000.0_mean_300.0_v3" "txa8c817477586488898e7b-0069b16c38" "proxy-server 21" 0.0178 "-" 22 0
Mar 11 13:20:56 standalone proxy-server[124157]: 172.18.0.2 ::1 11/Mar/2026/13/20/56 PUT /v1/AUTH_1dc9e6c33e5c42b68fdbaa52be74c6e4/gnocchi.71c0a5da-6ddc-4fce-93e1-7e1e3947dd88/1772280000.0_mean_300.0_v3 HTTP/1.0 201 - python-swiftclient-3.11.1 gAAAAABpsWvzre85... 16 - - txa8c817477586488898e7b-0069b16c38 - 0.0302 - - 1773235256.586189032 1773235256.616394997 0
Mar 11 13:20:56 standalone container-server[122117]: 172.20.0.100 - - [11/Mar/2026:13:20:56 +0000] "PUT /d1/228/AUTH_1dc9e6c33e5c42b68fdbaa52be74c6e4/gnocchi.71c0a5da-6ddc-4fce-93e1-7e1e3947dd88/none_v3" 201 - "PUT http://localhost:8080/d1/600/AUTH_1dc9e6c33e5c42b68fdbaa52be74c6e4/gnocchi.71c0a5da-6ddc-4fce-93e1-7e1e3947dd88/none_v3" "txb6eb1067b8e745adba3f7-0069b16c38" "object-server 22" 0.0008 "-" 23 0
Mar 11 13:20:56 standalone object-server[122313]: 172.20.0.100 - - [11/Mar/2026:13:20:56 +0000] "PUT /d1/600/AUTH_1dc9e6c33e5c42b68fdbaa52be74c6e4/gnocchi.71c0a5da-6ddc-4fce-93e1-7e1e3947dd88/none_v3" 201 - "PUT http://localhost:8080/v1/AUTH_1dc9e6c33e5c42b68fdbaa52be74c6e4/gnocchi.71c0a5da-6ddc-4fce-93e1-7e1e3947dd88/none_v3" "txb6eb1067b8e745adba3f7-0069b16c38" "proxy-server 21" 0.0154 "-" 22 0
Mar 11 13:20:56 standalone proxy-server[124157]: 172.18.0.2 ::1 11/Mar/2026/13/20/56 PUT /v1/AUTH_1dc9e6c33e5c42b68fdbaa52be74c6e4/gnocchi.71c0a5da-6ddc-4fce-93e1-7e1e3947dd88/none_v3 HTTP/1.0 201 - python-swiftclient-3.11.1 gAAAAABpsWvzre85... 22 - - txb6eb1067b8e745adba3f7-0069b16c38 - 0.0278 - - 1773235256.625427961 1773235256.653240681 0
Mar 11 13:20:56 standalone container-server[122107]: 172.20.0.100 - - [11/Mar/2026:13:20:56 +0000] "HEAD /d1/117/AUTH_1dc9e6c33e5c42b68fdbaa52be74c6e4/gnocchi.3fb95375-0787-4189-bb01-c4e877386983" 404 - "HEAD http://localhost:8080/v1/AUTH_1dc9e6c33e5c42b68fdbaa52be74c6e4/gnocchi.3fb95375-0787-4189-bb01-c4e877386983?format=json&states=listing" "tx4b5f3132d24a4f3ea8efd-0069b16c38" "proxy-server 21" 0.0008 "-" 20 0
Mar 11 13:20:56 standalone object-server[122313]: 172.20.0.100 - - [11/Mar/2026:13:20:56 +0000] "GET /d1/514/AUTH_1dc9e6c33e5c42b68fdbaa52be74c6e4/gnocchi.3fb95375-0787-4189-bb01-c4e877386983/none_v3" 404 70 "GET http://localhost:8080/v1/AUTH_1dc9e6c33e5c42b68fdbaa52be74c6e4/gnocchi.3fb95375-0787-4189-bb01-c4e877386983/none_v3" "tx4b5f3132d24a4f3ea8efd-0069b16c38" "proxy-server 21" 0.0008 "-" 22 0
Mar 11 13:20:56 standalone proxy-server[124157]: 172.18.0.2 ::1 11/Mar/2026/13/20/56 GET /v1/AUTH_1dc9e6c33e5c42b68fdbaa52be74c6e4/gnocchi.3fb95375-0787-4189-bb01-c4e877386983/none_v3 HTTP/1.0 404 - python-swiftclient-3.11.1 gAAAAABpsWvzre85... - 70 - tx4b5f3132d24a4f3ea8efd-0069b16c38 - 0.0220 - - 1773235256.687323332 1773235256.709326744 0
Mar 11 13:20:56 standalone account-server[122112]: 172.20.0.100 - - [11/Mar/2026:13:20:56 +0000] "PUT /d1/391/AUTH_1dc9e6c33e5c42b68fdbaa52be74c6e4/gnocchi.3fb95375-0787-4189-bb01-c4e877386983" 201 - "PUT http://172.20.0.100:6001/d1/117/AUTH_1dc9e6c33e5c42b68fdbaa52be74c6e4/gnocchi.3fb95375-0787-4189-bb01-c4e877386983" "txf34c5e5f7a5640bfbbce0-0069b16c38" "container-server 22" 0.0075 "-" 23 0
Mar 11 13:20:56 standalone container-server[122116]: 172.20.0.100 - - [11/Mar/2026:13:20:56 +0000] "PUT /d1/117/AUTH_1dc9e6c33e5c42b68fdbaa52be74c6e4/gnocchi.3fb95375-0787-4189-bb01-c4e877386983" 201 - "PUT http://localhost:8080/v1/AUTH_1dc9e6c33e5c42b68fdbaa52be74c6e4/gnocchi.3fb95375-0787-4189-bb01-c4e877386983" "txf34c5e5f7a5640bfbbce0-0069b16c38" "proxy-server 21" 0.0226 "-" 22 0
Mar 11 13:20:56 standalone proxy-server[124157]: 172.18.0.2 ::1 11/Mar/2026/13/20/56 PUT /v1/AUTH_1dc9e6c33e5c42b68fdbaa52be74c6e4/gnocchi.3fb95375-0787-4189-bb01-c4e877386983 HTTP/1.0 201 - python-swiftclient-3.11.1 gAAAAABpsWvzre85... - - - txf34c5e5f7a5640bfbbce0-0069b16c38 - 0.0312 - - 1773235256.717784643 1773235256.748940706 0
Mar 11 13:20:56 standalone container-server[122117]: 172.20.0.100 - - [11/Mar/2026:13:20:56 +0000] "HEAD /d1/117/AUTH_1dc9e6c33e5c42b68fdbaa52be74c6e4/gnocchi.3fb95375-0787-4189-bb01-c4e877386983" 204 - "HEAD http://localhost:8080/v1/AUTH_1dc9e6c33e5c42b68fdbaa52be74c6e4/gnocchi.3fb95375-0787-4189-bb01-c4e877386983?format=json&states=listing" "tx22970cafd6aa40d48a1a9-0069b16c38" "proxy-server 21" 0.0035 "-" 23 0
Mar 11 13:20:56 standalone proxy-server[124157]: - - 11/Mar/2026/13/20/56 HEAD /v1/AUTH_1dc9e6c33e5c42b68fdbaa52be74c6e4/gnocchi.3fb95375-0787-4189-bb01-c4e877386983%3Fformat%3Djson%26states%3Dlisting HTTP/1.0 204 - Swift - - - - tx22970cafd6aa40d48a1a9-0069b16c38 - 0.0083 RL - 1773235256.760656118 1773235256.768972874 0
Mar 11 13:20:56 standalone container-server[122111]: 172.20.0.100 - - [11/Mar/2026:13:20:56 +0000] "GET /d1/117/AUTH_1dc9e6c33e5c42b68fdbaa52be74c6e4/gnocchi.3fb95375-0787-4189-bb01-c4e877386983" 200 2 "GET http://localhost:8080/v1/AUTH_1dc9e6c33e5c42b68fdbaa52be74c6e4/gnocchi.3fb95375-0787-4189-bb01-c4e877386983?format=json&states=listing" "tx22970cafd6aa40d48a1a9-0069b16c38" "proxy-server 21" 0.0016 "-" 21 0
Mar 11 13:20:56 standalone proxy-server[124157]: 172.18.0.2 ::1 11/Mar/2026/13/20/56 GET /v1/AUTH_1dc9e6c33e5c42b68fdbaa52be74c6e4/gnocchi.3fb95375-0787-4189-bb01-c4e877386983%3Fformat%3Djson%26states%3Dlisting HTTP/1.0 200 - python-swiftclient-3.11.1 gAAAAABpsWvzre85... - 2 - tx22970cafd6aa40d48a1a9-0069b16c38 - 0.0188 - - 1773235256.758957624 1773235256.777745008 0
Mar 11 13:20:56 standalone object-server[122327]: 172.20.0.100 - - [11/Mar/2026:13:20:56 +0000] "GET /d1/495/AUTH_1dc9e6c33e5c42b68fdbaa52be74c6e4/gnocchi.3fb95375-0787-4189-bb01-c4e877386983/1772280000.0_mean_300.0_v3" 404 70 "GET http://localhost:8080/v1/AUTH_1dc9e6c33e5c42b68fdbaa52be74c6e4/gnocchi.3fb95375-0787-4189-bb01-c4e877386983/1772280000.0_mean_300.0_v3" "txe414609787d3431082cdd-0069b16c38" "proxy-server 21" 0.0003 "-" 24 0
Mar 11 13:20:56 standalone proxy-server[124157]: 172.18.0.2 ::1 11/Mar/2026/13/20/56 GET /v1/AUTH_1dc9e6c33e5c42b68fdbaa52be74c6e4/gnocchi.3fb95375-0787-4189-bb01-c4e877386983/1772280000.0_mean_300.0_v3 HTTP/1.0 404 - python-swiftclient-3.11.1 gAAAAABpsWvzre85... - 70 - txe414609787d3431082cdd-0069b16c38 - 0.0080 - - 1773235256.784553289 1773235256.792575121 0
Mar 11 13:20:56 standalone container-server[122117]: 172.20.0.100 - - [11/Mar/2026:13:20:56 +0000] "PUT /d1/117/AUTH_1dc9e6c33e5c42b68fdbaa52be74c6e4/gnocchi.3fb95375-0787-4189-bb01-c4e877386983/1772280000.0_mean_300.0_v3" 201 - "PUT http://localhost:8080/d1/495/AUTH_1dc9e6c33e5c42b68fdbaa52be74c6e4/gnocchi.3fb95375-0787-4189-bb01-c4e877386983/1772280000.0_mean_300.0_v3" "tx21d8c113f818449e8bad7-0069b16c38" "object-server 22" 0.0009 "-" 23 0
Mar 11 13:20:56 standalone object-server[122313]: 172.20.0.100 - - [11/Mar/2026:13:20:56 +0000] "PUT /d1/495/AUTH_1dc9e6c33e5c42b68fdbaa52be74c6e4/gnocchi.3fb95375-0787-4189-bb01-c4e877386983/1772280000.0_mean_300.0_v3" 201 - "PUT http://localhost:8080/v1/AUTH_1dc9e6c33e5c42b68fdbaa52be74c6e4/gnocchi.3fb95375-0787-4189-bb01-c4e877386983/1772280000.0_mean_300.0_v3" "tx21d8c113f818449e8bad7-0069b16c38" "proxy-server 21" 0.0161 "-" 22 0
Mar 11 13:20:56 standalone proxy-server[124157]: 172.18.0.2 ::1 11/Mar/2026/13/20/56 PUT /v1/AUTH_1dc9e6c33e5c42b68fdbaa52be74c6e4/gnocchi.3fb95375-0787-4189-bb01-c4e877386983/1772280000.0_mean_300.0_v3 HTTP/1.0 201 - python-swiftclient-3.11.1 gAAAAABpsWvzre85... 16 - - tx21d8c113f818449e8bad7-0069b16c38 - 0.0233 - - 1773235256.798341990 1773235256.821651697 0
Mar 11 13:20:56 standalone container-server[122107]: 172.20.0.100 - - [11/Mar/2026:13:20:56 +0000] "PUT /d1/117/AUTH_1dc9e6c33e5c42b68fdbaa52be74c6e4/gnocchi.3fb95375-0787-4189-bb01-c4e877386983/none_v3" 201 - "PUT http://localhost:8080/d1/514/AUTH_1dc9e6c33e5c42b68fdbaa52be74c6e4/gnocchi.3fb95375-0787-4189-bb01-c4e877386983/none_v3" "txe4759a01256d4433a45fe-0069b16c38" "object-server 22" 0.0006 "-" 20 0
Mar 11 13:20:56 standalone object-server[122313]: 172.20.0.100 - - [11/Mar/2026:13:20:56 +0000] "PUT /d1/514/AUTH_1dc9e6c33e5c42b68fdbaa52be74c6e4/gnocchi.3fb95375-0787-4189-bb01-c4e877386983/none_v3" 201 - "PUT http://localhost:8080/v1/AUTH_1dc9e6c33e5c42b68fdbaa52be74c6e4/gnocchi.3fb95375-0787-4189-bb01-c4e877386983/none_v3" "txe4759a01256d4433a45fe-0069b16c38" "proxy-server 21" 0.0110 "-" 22 0
Mar 11 13:20:56 standalone proxy-server[124157]: 172.18.0.2 ::1 11/Mar/2026/13/20/56 PUT /v1/AUTH_1dc9e6c33e5c42b68fdbaa52be74c6e4/gnocchi.3fb95375-0787-4189-bb01-c4e877386983/none_v3 HTTP/1.0 201 - python-swiftclient-3.11.1 gAAAAABpsWvzre85... 22 - - txe4759a01256d4433a45fe-0069b16c38 - 0.0164 - - 1773235256.825071812 1773235256.841442585 0
Mar 11 13:20:56 standalone container-server[122107]: 172.20.0.100 - - [11/Mar/2026:13:20:56 +0000] "HEAD /d1/741/AUTH_1dc9e6c33e5c42b68fdbaa52be74c6e4/gnocchi.71fac9e7-bacf-4090-9753-90c407d4064a" 404 - "HEAD http://localhost:8080/v1/AUTH_1dc9e6c33e5c42b68fdbaa52be74c6e4/gnocchi.71fac9e7-bacf-4090-9753-90c407d4064a?format=json&states=listing" "tx2906848faf2044ba8e359-0069b16c38" "proxy-server 21" 0.0008 "-" 20 0
Mar 11 13:20:56 standalone object-server[122321]: 172.20.0.100 - - [11/Mar/2026:13:20:56 +0000] "GET /d1/474/AUTH_1dc9e6c33e5c42b68fdbaa52be74c6e4/gnocchi.71fac9e7-bacf-4090-9753-90c407d4064a/none_v3" 404 70 "GET http://localhost:8080/v1/AUTH_1dc9e6c33e5c42b68fdbaa52be74c6e4/gnocchi.71fac9e7-bacf-4090-9753-90c407d4064a/none_v3" "tx2906848faf2044ba8e359-0069b16c38" "proxy-server 21" 0.0005 "-" 23 0
Mar 11 13:20:56 standalone proxy-server[124157]: 172.18.0.2 ::1 11/Mar/2026/13/20/56 GET /v1/AUTH_1dc9e6c33e5c42b68fdbaa52be74c6e4/gnocchi.71fac9e7-bacf-4090-9753-90c407d4064a/none_v3 HTTP/1.0 404 - python-swiftclient-3.11.1 gAAAAABpsWvzre85... - 70 - tx2906848faf2044ba8e359-0069b16c38 - 0.0192 - - 1773235256.926631212 1773235256.945792913 0
Mar 11 13:20:56 standalone account-server[122112]: 172.20.0.100 - - [11/Mar/2026:13:20:56 +0000] "PUT /d1/391/AUTH_1dc9e6c33e5c42b68fdbaa52be74c6e4/gnocchi.71fac9e7-bacf-4090-9753-90c407d4064a" 201 - "PUT http://172.20.0.100:6001/d1/741/AUTH_1dc9e6c33e5c42b68fdbaa52be74c6e4/gnocchi.71fac9e7-bacf-4090-9753-90c407d4064a" "txc89dc4f755984241b6c5d-0069b16c38" "container-server 23" 0.0080 "-" 23 0
Mar 11 13:20:56 standalone container-server[122117]: 172.20.0.100 - - [11/Mar/2026:13:20:56 +0000] "PUT /d1/741/AUTH_1dc9e6c33e5c42b68fdbaa52be74c6e4/gnocchi.71fac9e7-bacf-4090-9753-90c407d4064a" 201 - "PUT http://localhost:8080/v1/AUTH_1dc9e6c33e5c42b68fdbaa52be74c6e4/gnocchi.71fac9e7-bacf-4090-9753-90c407d4064a" "txc89dc4f755984241b6c5d-0069b16c38" "proxy-server 21" 0.0262 "-" 23 0
Mar 11 13:20:56 standalone proxy-server[124157]: 172.18.0.2 ::1 11/Mar/2026/13/20/56 PUT /v1/AUTH_1dc9e6c33e5c42b68fdbaa52be74c6e4/gnocchi.71fac9e7-bacf-4090-9753-90c407d4064a HTTP/1.0 201 - python-swiftclient-3.11.1 gAAAAABpsWvzre85... - - - txc89dc4f755984241b6c5d-0069b16c38 - 0.0356 - - 1773235256.951071501 1773235256.986643314 0
Mar 11 13:20:57 standalone container-server[122116]: 172.20.0.100 - - [11/Mar/2026:13:20:57 +0000] "HEAD /d1/741/AUTH_1dc9e6c33e5c42b68fdbaa52be74c6e4/gnocchi.71fac9e7-bacf-4090-9753-90c407d4064a" 204 - "HEAD http://localhost:8080/v1/AUTH_1dc9e6c33e5c42b68fdbaa52be74c6e4/gnocchi.71fac9e7-bacf-4090-9753-90c407d4064a?format=json&states=listing" "tx17e5e154927b42c1ba4f6-0069b16c38" "proxy-server 21" 0.0025 "-" 22 0
Mar 11 13:20:57 standalone proxy-server[124157]: - - 11/Mar/2026/13/20/57 HEAD /v1/AUTH_1dc9e6c33e5c42b68fdbaa52be74c6e4/gnocchi.71fac9e7-bacf-4090-9753-90c407d4064a%3Fformat%3Djson%26states%3Dlisting HTTP/1.0 204 - Swift - - - - tx17e5e154927b42c1ba4f6-0069b16c38 - 0.0093 RL - 1773235256.995113373 1773235257.004392862 0
Mar 11 13:20:57 standalone container-server[122117]: 172.20.0.100 - - [11/Mar/2026:13:20:57 +0000] "GET /d1/741/AUTH_1dc9e6c33e5c42b68fdbaa52be74c6e4/gnocchi.71fac9e7-bacf-4090-9753-90c407d4064a" 200 2 "GET http://localhost:8080/v1/AUTH_1dc9e6c33e5c42b68fdbaa52be74c6e4/gnocchi.71fac9e7-bacf-4090-9753-90c407d4064a?format=json&states=listing" "tx17e5e154927b42c1ba4f6-0069b16c38" "proxy-server 21" 0.0045 "-" 23 0
Mar 11 13:20:57 standalone proxy-server[124157]: 172.18.0.2 ::1 11/Mar/2026/13/20/57 GET /v1/AUTH_1dc9e6c33e5c42b68fdbaa52be74c6e4/gnocchi.71fac9e7-bacf-4090-9753-90c407d4064a%3Fformat%3Djson%26states%3Dlisting HTTP/1.0 200 - python-swiftclient-3.11.1 gAAAAABpsWvzre85... - 2 - tx17e5e154927b42c1ba4f6-0069b16c38 - 0.0283 - - 1773235256.992470264 1773235257.020771980 0
Mar 11 13:20:57 standalone object-server[122327]: 172.20.0.100 - - [11/Mar/2026:13:20:57 +0000] "GET /d1/861/AUTH_1dc9e6c33e5c42b68fdbaa52be74c6e4/gnocchi.71fac9e7-bacf-4090-9753-90c407d4064a/1772280000.0_mean_300.0_v3" 404 70 "GET http://localhost:8080/v1/AUTH_1dc9e6c33e5c42b68fdbaa52be74c6e4/gnocchi.71fac9e7-bacf-4090-9753-90c407d4064a/1772280000.0_mean_300.0_v3" "txcb4dda7ea92246f2ba0ee-0069b16c39" "proxy-server 21" 0.0007 "-" 24 0
Mar 11 13:20:57 standalone proxy-server[124157]: 172.18.0.2 ::1 11/Mar/2026/13/20/57 GET /v1/AUTH_1dc9e6c33e5c42b68fdbaa52be74c6e4/gnocchi.71fac9e7-bacf-4090-9753-90c407d4064a/1772280000.0_mean_300.0_v3 HTTP/1.0 404 - python-swiftclient-3.11.1 gAAAAABpsWvzre85... - 70 - txcb4dda7ea92246f2ba0ee-0069b16c39 - 0.0155 - - 1773235257.028161764 1773235257.043685436 0
Mar 11 13:20:57 standalone container-server[122116]: 172.20.0.100 - - [11/Mar/2026:13:20:57 +0000] "PUT /d1/741/AUTH_1dc9e6c33e5c42b68fdbaa52be74c6e4/gnocchi.71fac9e7-bacf-4090-9753-90c407d4064a/1772280000.0_mean_300.0_v3" 201 - "PUT http://localhost:8080/d1/861/AUTH_1dc9e6c33e5c42b68fdbaa52be74c6e4/gnocchi.71fac9e7-bacf-4090-9753-90c407d4064a/1772280000.0_mean_300.0_v3" "txe27cb7ab9ae343fc9b881-0069b16c39" "object-server 23" 0.0012 "-" 22 0
Mar 11 13:20:57 standalone object-server[122321]: 172.20.0.100 - - [11/Mar/2026:13:20:57 +0000] "PUT /d1/861/AUTH_1dc9e6c33e5c42b68fdbaa52be74c6e4/gnocchi.71fac9e7-bacf-4090-9753-90c407d4064a/1772280000.0_mean_300.0_v3" 201 - "PUT http://localhost:8080/v1/AUTH_1dc9e6c33e5c42b68fdbaa52be74c6e4/gnocchi.71fac9e7-bacf-4090-9753-90c407d4064a/1772280000.0_mean_300.0_v3" "txe27cb7ab9ae343fc9b881-0069b16c39" "proxy-server 21" 0.0127 "-" 23 0
Mar 11 13:20:57 standalone proxy-server[124157]: 172.18.0.2 ::1 11/Mar/2026/13/20/57 PUT /v1/AUTH_1dc9e6c33e5c42b68fdbaa52be74c6e4/gnocchi.71fac9e7-bacf-4090-9753-90c407d4064a/1772280000.0_mean_300.0_v3 HTTP/1.0 201 - python-swiftclient-3.11.1 gAAAAABpsWvzre85... 16 - - txe27cb7ab9ae343fc9b881-0069b16c39 - 0.0217 - - 1773235257.049933195 1773235257.071661472 0
Mar 11 13:20:57 standalone container-server[122111]: 172.20.0.100 - - [11/Mar/2026:13:20:57 +0000] "PUT /d1/741/AUTH_1dc9e6c33e5c42b68fdbaa52be74c6e4/gnocchi.71fac9e7-bacf-4090-9753-90c407d4064a/none_v3" 201 - "PUT http://localhost:8080/d1/474/AUTH_1dc9e6c33e5c42b68fdbaa52be74c6e4/gnocchi.71fac9e7-bacf-4090-9753-90c407d4064a/none_v3" "txb645f6d826de4809bff78-0069b16c39" "object-server 23" 0.0006 "-" 21 0
Mar 11 13:20:57 standalone object-server[122321]: 172.20.0.100 - - [11/Mar/2026:13:20:57 +0000] "PUT /d1/474/AUTH_1dc9e6c33e5c42b68fdbaa52be74c6e4/gnocchi.71fac9e7-bacf-4090-9753-90c407d4064a/none_v3" 201 - "PUT http://localhost:8080/v1/AUTH_1dc9e6c33e5c42b68fdbaa52be74c6e4/gnocchi.71fac9e7-bacf-4090-9753-90c407d4064a/none_v3" "txb645f6d826de4809bff78-0069b16c39" "proxy-server 21" 0.0105 "-" 23 0
Mar 11 13:20:57 standalone proxy-server[124157]: 172.18.0.2 ::1 11/Mar/2026/13/20/57 PUT /v1/AUTH_1dc9e6c33e5c42b68fdbaa52be74c6e4/gnocchi.71fac9e7-bacf-4090-9753-90c407d4064a/none_v3 HTTP/1.0 201 - python-swiftclient-3.11.1 gAAAAABpsWvzre85... 22 - - txb645f6d826de4809bff78-0069b16c39 - 0.0196 - - 1773235257.077629328 1773235257.097208500 0