Mar 11 13:08:02 standalone account-server[121659]: Starting 2
Mar 11 13:08:03 standalone container-server[121861]: Option allow_versions is deprecated. Configure the versioned_writes middleware in the proxy-server instead. This option will be ignored in a future release.
Mar 11 13:08:03 standalone account-server[121791]: Started child 20 from parent 2
Mar 11 13:08:03 standalone account-server[121791]: Started child 21 from parent 2
Mar 11 13:08:03 standalone container-server[122107]: Option allow_versions is deprecated. Configure the versioned_writes middleware in the proxy-server instead. This option will be ignored in a future release.
Mar 11 13:08:03 standalone container-server[121861]: Started child 20 from parent 2
Mar 11 13:08:03 standalone container-server[121933]: Starting 2
Mar 11 13:08:03 standalone account-server[121791]: Started child 22 from parent 2
Mar 11 13:08:03 standalone container-server[122111]: Option allow_versions is deprecated. Configure the versioned_writes middleware in the proxy-server instead. This option will be ignored in a future release.
Mar 11 13:08:03 standalone container-server[121861]: Started child 21 from parent 2
Mar 11 13:08:03 standalone account-server[121791]: Started child 23 from parent 2
Mar 11 13:08:03 standalone container-server[122116]: Option allow_versions is deprecated. Configure the versioned_writes middleware in the proxy-server instead. This option will be ignored in a future release.
Mar 11 13:08:03 standalone container-server[121861]: Started child 22 from parent 2
Mar 11 13:08:03 standalone container-server[122117]: Option allow_versions is deprecated. Configure the versioned_writes middleware in the proxy-server instead. This option will be ignored in a future release.
Mar 11 13:08:03 standalone container-server[121861]: Started child 23 from parent 2
Mar 11 13:08:03 standalone object-expirer[121991]: Starting 2
Mar 11 13:08:03 standalone object-expirer[121991]: Option auto_create_account_prefix is deprecated. Configure auto_create_account_prefix under the swift-constraints section of swift.conf. This option will be ignored in a future release.
Mar 11 13:08:04 standalone object-server[122148]: Started child 22 from parent 2
Mar 11 13:08:04 standalone object-server[122148]: Started child 23 from parent 2
Mar 11 13:08:04 standalone object-server[122148]: Started child 24 from parent 2
Mar 11 13:08:04 standalone object-server[122148]: Started child 25 from parent 2
Mar 11 13:08:04 standalone object-server[122219]: Starting 2
Mar 11 13:08:11 standalone proxy-server[124057]: Starting Keystone auth_token middleware
Mar 11 13:08:11 standalone proxy-server[124057]: AuthToken middleware is set with keystone_authtoken.service_token_roles_required set to False. This is backwards compatible but deprecated behaviour. Please set this to True.
Mar 11 13:08:11 standalone proxy-server[124157]: Starting Keystone auth_token middleware
Mar 11 13:08:11 standalone proxy-server[124157]: STDERR: The option "bind_port" is not known to keystonemiddleware
Mar 11 13:08:11 standalone proxy-server[124157]: STDERR: The option "workers" is not known to keystonemiddleware
Mar 11 13:08:11 standalone proxy-server[124157]: STDERR: The option "user" is not known to keystonemiddleware
Mar 11 13:08:11 standalone proxy-server[124157]: STDERR: The option "bind_ip" is not known to keystonemiddleware
Mar 11 13:08:11 standalone proxy-server[124157]: STDERR: The option "log_name" is not known to keystonemiddleware
Mar 11 13:08:11 standalone proxy-server[124157]: STDERR: The option "log_facility" is not known to keystonemiddleware
Mar 11 13:08:11 standalone proxy-server[124157]: STDERR: The option "log_level" is not known to keystonemiddleware
Mar 11 13:08:11 standalone proxy-server[124157]: STDERR: The option "log_headers" is not known to keystonemiddleware
Mar 11 13:08:11 standalone proxy-server[124157]: STDERR: The option "log_address" is not known to keystonemiddleware
Mar 11 13:08:11 standalone proxy-server[124157]: STDERR: The option "project_name" is not known to keystonemiddleware
Mar 11 13:08:11 standalone proxy-server[124157]: STDERR: The option "username" is not known to keystonemiddleware
Mar 11 13:08:11 standalone proxy-server[124157]: STDERR: The option "password" is not known to keystonemiddleware
Mar 11 13:08:11 standalone proxy-server[124157]: STDERR: The option "auth_url" is not known to keystonemiddleware
Mar 11 13:08:11 standalone proxy-server[124157]: STDERR: The option "signing_dir" is not known to keystonemiddleware
Mar 11 13:08:11 standalone proxy-server[124157]: STDERR: The option "project_domain_id" is not known to keystonemiddleware
Mar 11 13:08:11 standalone proxy-server[124157]: STDERR: The option "user_domain_id" is not known to keystonemiddleware
Mar 11 13:08:11 standalone proxy-server[124157]: STDERR: The option "__name__" is not known to keystonemiddleware
Mar 11 13:08:11 standalone proxy-server[124157]: AuthToken middleware is set with keystone_authtoken.service_token_roles_required set to False. This is backwards compatible but deprecated behaviour. Please set this to True.
Mar 11 13:08:11 standalone proxy-server[124057]: Started child 21 from parent 2
Mar 11 13:08:37 standalone object-server[122219]: Begin object update sweep
Mar 11 13:08:37 standalone object-server[127104]: Object update sweep starting on /srv/node/d1 (pid: 11)
Mar 11 13:08:37 standalone object-server[127104]: Object update sweep completed on /srv/node/d1 in 0.00s seconds:, 0 successes, 0 failures, 0 quarantines, 0 unlinks, 0 errors, 0 redirects (pid: 11)
Mar 11 13:08:37 standalone object-server[127104]: Object update sweep of d1 completed: 0.00s, 0 successes, 0 failures, 0 quarantines, 0 unlinks, 0 errors, 0 redirects
Mar 11 13:08:37 standalone object-server[122219]: Object update sweep completed: 0.07s
Mar 11 13:10:04 standalone container-server[121933]: Begin container update sweep
Mar 11 13:10:04 standalone container-server[121933]: Container update sweep completed: 0.00s
Mar 11 13:12:05 standalone account-server[122112]: 172.20.0.100 - - [11/Mar/2026:13:12:05 +0000] "HEAD /d1/93/.expiring_objects" 404 - "HEAD http://localhost/v1/.expiring_objects?format=json" "tx6daf2d2dcde340a1a3a4a-0069b16a25" "proxy-server 2" 0.0017 "-" 23 -
Mar 11 13:12:05 standalone object-expirer[121991]: Pass completed in 0s; 0 objects expired (txn: tx6daf2d2dcde340a1a3a4a-0069b16a25)
Mar 11 13:13:37 standalone object-server[122219]: Begin object update sweep
Mar 11 13:13:37 standalone object-server[161048]: Object update sweep starting on /srv/node/d1 (pid: 13)
Mar 11 13:13:37 standalone object-server[161048]: Object update sweep completed on /srv/node/d1 in 0.00s seconds:, 0 successes, 0 failures, 0 quarantines, 0 unlinks, 0 errors, 0 redirects (pid: 13)
Mar 11 13:13:37 standalone object-server[161048]: Object update sweep of d1 completed: 0.00s, 0 successes, 0 failures, 0 quarantines, 0 unlinks, 0 errors, 0 redirects
Mar 11 13:13:37 standalone object-server[122219]: Object update sweep completed: 0.07s
Mar 11 13:14:10 standalone account-server[122112]: 172.20.0.100 - - [11/Mar/2026:13:14:10 +0000] "HEAD /d1/93/.expiring_objects" 404 - "HEAD http://localhost/v1/.expiring_objects?format=json" "txb294cbab3c3a480dab24a-0069b16aa2" "proxy-server 2" 0.0008 "-" 23 -
Mar 11 13:14:10 standalone object-expirer[121991]: Pass completed in 0s; 0 objects expired (txn: txb294cbab3c3a480dab24a-0069b16aa2)
Mar 11 13:14:39 standalone account-server[122112]: 172.20.0.100 - - [11/Mar/2026:13:14:39 +0000] "HEAD /d1/391/AUTH_1dc9e6c33e5c42b68fdbaa52be74c6e4" 404 - "HEAD http://localhost:8080/v1/AUTH_1dc9e6c33e5c42b68fdbaa52be74c6e4?format=json" "tx586ea2cd385649eab4ef2-0069b16abf" "proxy-server 21" 0.0004 "-" 23 -
Mar 11 13:14:39 standalone proxy-server[124157]: - - 11/Mar/2026/13/14/39 HEAD /v1/AUTH_1dc9e6c33e5c42b68fdbaa52be74c6e4%3Fformat%3Djson HTTP/1.0 200 - Swift - - - - tx586ea2cd385649eab4ef2-0069b16abf - 0.0039 RL - 1773234879.232893705 1773234879.236762762 -
Mar 11 13:14:39 standalone proxy-server[124157]: 172.18.0.2 ::1 11/Mar/2026/13/14/39 HEAD /v1/AUTH_1dc9e6c33e5c42b68fdbaa52be74c6e4/glance%3Fformat%3Djson HTTP/1.0 404 - python-swiftclient-3.11.1 gAAAAABpsWq_g0AC... - - - tx586ea2cd385649eab4ef2-0069b16abf - 0.4482 - - 1773234879.227885962 1773234879.676126003 -
Mar 11 13:14:39 standalone account-server[122112]: 172.20.0.100 - - [11/Mar/2026:13:14:39 +0000] "PUT /d1/391/AUTH_1dc9e6c33e5c42b68fdbaa52be74c6e4" 201 - "-" "txeccf453d178d45ad8ca31-0069b16abf" "-" 0.0146 "-" 23 -
Mar 11 13:14:39 standalone proxy-server[124157]: autocreate account '/AUTH_1dc9e6c33e5c42b68fdbaa52be74c6e4' (txn: txeccf453d178d45ad8ca31-0069b16abf)
Mar 11 13:14:39 standalone account-server[122112]: 172.20.0.100 - - [11/Mar/2026:13:14:39 +0000] "HEAD /d1/391/AUTH_1dc9e6c33e5c42b68fdbaa52be74c6e4" 204 - "HEAD http://localhost:8080/v1/AUTH_1dc9e6c33e5c42b68fdbaa52be74c6e4?format=json" "txeccf453d178d45ad8ca31-0069b16abf" "proxy-server 21" 0.0009 "-" 23 -
Mar 11 13:14:39 standalone account-server[122095]: 172.20.0.100 - - [11/Mar/2026:13:14:39 +0000] "PUT /d1/391/AUTH_1dc9e6c33e5c42b68fdbaa52be74c6e4/glance" 201 - "PUT http://172.20.0.100:6001/d1/315/AUTH_1dc9e6c33e5c42b68fdbaa52be74c6e4/glance" "txeccf453d178d45ad8ca31-0069b16abf" "container-server 23" 0.0023 "-" 20 0
Mar 11 13:14:39 standalone container-server[122117]: 172.20.0.100 - - [11/Mar/2026:13:14:39 +0000] "PUT /d1/315/AUTH_1dc9e6c33e5c42b68fdbaa52be74c6e4/glance" 201 - "PUT http://localhost:8080/v1/AUTH_1dc9e6c33e5c42b68fdbaa52be74c6e4/glance" "txeccf453d178d45ad8ca31-0069b16abf" "proxy-server 21" 0.0122 "-" 23 0
Mar 11 13:14:39 standalone proxy-server[124157]: 172.18.0.2 ::1 11/Mar/2026/13/14/39 PUT /v1/AUTH_1dc9e6c33e5c42b68fdbaa52be74c6e4/glance HTTP/1.0 201 - python-swiftclient-3.11.1 gAAAAABpsWq_g0AC... - - - txeccf453d178d45ad8ca31-0069b16abf - 0.0438 - - 1773234879.683128595 1773234879.726881981 0
Mar 11 13:14:39 standalone container-server[122117]: 172.20.0.100 - - [11/Mar/2026:13:14:39 +0000] "HEAD /d1/315/AUTH_1dc9e6c33e5c42b68fdbaa52be74c6e4/glance" 204 - "HEAD http://localhost:8080/v1/AUTH_1dc9e6c33e5c42b68fdbaa52be74c6e4/glance?format=json&states=listing" "tx9adcfe7b813b4103bd2b9-0069b16abf" "proxy-server 21" 0.0014 "-" 23 0
Mar 11 13:14:39 standalone proxy-server[124157]: - - 11/Mar/2026/13/14/39 HEAD /v1/AUTH_1dc9e6c33e5c42b68fdbaa52be74c6e4/glance%3Fformat%3Djson%26states%3Dlisting HTTP/1.0 204 - Swift - - - - tx9adcfe7b813b4103bd2b9-0069b16abf - 0.0043 RL - 1773234879.738716602 1773234879.743034840 0
Mar 11 13:14:55 standalone container-server[122117]: 172.20.0.100 - - [11/Mar/2026:13:14:55 +0000] "PUT /d1/315/AUTH_1dc9e6c33e5c42b68fdbaa52be74c6e4/glance/856788c4-b5a6-4bcc-9f1b-e7d1b341923e" 201 - "PUT http://localhost:8080/d1/768/AUTH_1dc9e6c33e5c42b68fdbaa52be74c6e4/glance/856788c4-b5a6-4bcc-9f1b-e7d1b341923e" "tx9adcfe7b813b4103bd2b9-0069b16abf" "object-server 23" 0.0009 "-" 23 0
Mar 11 13:14:55 standalone object-server[122321]: 172.20.0.100 - - [11/Mar/2026:13:14:55 +0000] "PUT /d1/768/AUTH_1dc9e6c33e5c42b68fdbaa52be74c6e4/glance/856788c4-b5a6-4bcc-9f1b-e7d1b341923e" 201 - "PUT http://localhost:8080/v1/AUTH_1dc9e6c33e5c42b68fdbaa52be74c6e4/glance/856788c4-b5a6-4bcc-9f1b-e7d1b341923e" "tx9adcfe7b813b4103bd2b9-0069b16abf" "proxy-server 21" 15.9506 "-" 23 0
Mar 11 13:14:55 standalone proxy-server[124157]: 172.18.0.2 ::1 11/Mar/2026/13/14/55 PUT /v1/AUTH_1dc9e6c33e5c42b68fdbaa52be74c6e4/glance/856788c4-b5a6-4bcc-9f1b-e7d1b341923e HTTP/1.0 201 - python-swiftclient-3.11.1 gAAAAABpsWq_g0AC... 1481900032 - - tx9adcfe7b813b4103bd2b9-0069b16abf - 15.9664 - - 1773234879.734223127 1773234895.700575829 0
Mar 11 13:15:05 standalone container-server[121933]: Begin container update sweep
Mar 11 13:15:05 standalone account-server[122112]: 172.20.0.100 - - [11/Mar/2026:13:15:05 +0000] "PUT /d1/391/AUTH_1dc9e6c33e5c42b68fdbaa52be74c6e4/glance" 201 - "-" "-" "container-updater 2" 0.0008 "-" 23 0
Mar 11 13:15:05 standalone container-server[121933]: Container update sweep completed: 0.12s
Mar 11 13:18:38 standalone object-server[122219]: Begin object update sweep
Mar 11 13:18:38 standalone account-server[122097]: 172.20.0.100 - - [11/Mar/2026:13:18:38 +0000] "HEAD /d1/93/.expiring_objects" 404 - "HEAD http://localhost/v1/.expiring_objects?format=json" "txe9228b928d0844b5b10ae-0069b16bae" "proxy-server 2" 0.0010 "-" 21 -
Mar 11 13:18:38 standalone object-expirer[121991]: Pass completed in 0s; 0 objects expired (txn: txe9228b928d0844b5b10ae-0069b16bae)
Mar 11 13:18:38 standalone object-server[199605]: Object update sweep starting on /srv/node/d1 (pid: 14)
Mar 11 13:18:38 standalone object-server[199605]: Object update sweep completed on /srv/node/d1 in 0.00s seconds:, 0 successes, 0 failures, 0 quarantines, 0 unlinks, 0 errors, 0 redirects (pid: 14)
Mar 11 13:18:38 standalone object-server[199605]: Object update sweep of d1 completed: 0.00s, 0 successes, 0 failures, 0 quarantines, 0 unlinks, 0 errors, 0 redirects
Mar 11 13:18:38 standalone object-server[122219]: Object update sweep completed: 0.08s
Mar 11 13:19:43 standalone account-server[122097]: 172.20.0.100 - - [11/Mar/2026:13:19:43 +0000] "HEAD /d1/391/AUTH_1dc9e6c33e5c42b68fdbaa52be74c6e4" 204 - "HEAD http://localhost:8080/v1/AUTH_1dc9e6c33e5c42b68fdbaa52be74c6e4?format=json" "tx8c823a98b3f045e19f369-0069b16bef" "proxy-server 21" 0.0053 "-" 21 -
Mar 11 13:19:43 standalone proxy-server[124157]: - - 11/Mar/2026/13/19/43 HEAD /v1/AUTH_1dc9e6c33e5c42b68fdbaa52be74c6e4%3Fformat%3Djson HTTP/1.0 204 - Swift - - - - tx8c823a98b3f045e19f369-0069b16bef - 0.0101 RL - 1773235183.779782057 1773235183.789835930 -
Mar 11 13:19:43 standalone container-server[122116]: 172.20.0.100 - - [11/Mar/2026:13:19:43 +0000] "HEAD /d1/315/AUTH_1dc9e6c33e5c42b68fdbaa52be74c6e4/glance" 204 - "HEAD http://localhost:8080/v1/AUTH_1dc9e6c33e5c42b68fdbaa52be74c6e4/glance?format=json&states=listing" "tx8c823a98b3f045e19f369-0069b16bef" "proxy-server 21" 0.0056 "-" 22 0
Mar 11 13:19:43 standalone proxy-server[124157]: 172.18.0.2 ::1 11/Mar/2026/13/19/43 HEAD /v1/AUTH_1dc9e6c33e5c42b68fdbaa52be74c6e4/glance%3Fformat%3Djson%26states%3Dlisting HTTP/1.0 204 - python-swiftclient-3.11.1 gAAAAABpsWvvlqtC... - - - tx8c823a98b3f045e19f369-0069b16bef - 0.0926 - - 1773235183.778534651 1773235183.871143818 0
Mar 11 13:19:46 standalone container-server[122107]: 172.20.0.100 - - [11/Mar/2026:13:19:46 +0000] "PUT /d1/315/AUTH_1dc9e6c33e5c42b68fdbaa52be74c6e4/glance/3e585f5a-b4d5-4456-aa4a-7948112cb216-00001" 201 - "PUT http://localhost:8080/d1/992/AUTH_1dc9e6c33e5c42b68fdbaa52be74c6e4/glance/3e585f5a-b4d5-4456-aa4a-7948112cb216-00001" "txdce05e3ecc0f4acca1c46-0069b16bef" "object-server 24" 0.0019 "-" 20 0
Mar 11 13:19:46 standalone object-server[122327]: 172.20.0.100 - - [11/Mar/2026:13:19:46 +0000] "PUT /d1/992/AUTH_1dc9e6c33e5c42b68fdbaa52be74c6e4/glance/3e585f5a-b4d5-4456-aa4a-7948112cb216-00001" 201 - "PUT http://localhost:8080/v1/AUTH_1dc9e6c33e5c42b68fdbaa52be74c6e4/glance/3e585f5a-b4d5-4456-aa4a-7948112cb216-00001" "txdce05e3ecc0f4acca1c46-0069b16bef" "proxy-server 21" 2.9249 "-" 24 0
Mar 11 13:19:46 standalone proxy-server[124157]: 172.18.0.2 ::1 11/Mar/2026/13/19/46 PUT /v1/AUTH_1dc9e6c33e5c42b68fdbaa52be74c6e4/glance/3e585f5a-b4d5-4456-aa4a-7948112cb216-00001 HTTP/1.0 201 - python-swiftclient-3.11.1 gAAAAABpsWvvlqtC... 21692416 - - txdce05e3ecc0f4acca1c46-0069b16bef - 2.9332 - - 1773235183.883851290 1773235186.817086697 0
Mar 11 13:19:46 standalone container-server[122117]: 172.20.0.100 - - [11/Mar/2026:13:19:46 +0000] "PUT /d1/315/AUTH_1dc9e6c33e5c42b68fdbaa52be74c6e4/glance/3e585f5a-b4d5-4456-aa4a-7948112cb216" 201 - "PUT http://localhost:8080/d1/430/AUTH_1dc9e6c33e5c42b68fdbaa52be74c6e4/glance/3e585f5a-b4d5-4456-aa4a-7948112cb216" "txb08baa578407460694b55-0069b16bf2" "object-server 22" 0.0008 "-" 23 0
Mar 11 13:19:46 standalone object-server[122313]: 172.20.0.100 - - [11/Mar/2026:13:19:46 +0000] "PUT /d1/430/AUTH_1dc9e6c33e5c42b68fdbaa52be74c6e4/glance/3e585f5a-b4d5-4456-aa4a-7948112cb216" 201 - "PUT http://localhost:8080/v1/AUTH_1dc9e6c33e5c42b68fdbaa52be74c6e4/glance/3e585f5a-b4d5-4456-aa4a-7948112cb216" "txb08baa578407460694b55-0069b16bf2" "proxy-server 21" 0.0224 "-" 22 0
Mar 11 13:19:46 standalone proxy-server[124157]: 172.18.0.2 ::1 11/Mar/2026/13/19/46 PUT /v1/AUTH_1dc9e6c33e5c42b68fdbaa52be74c6e4/glance/3e585f5a-b4d5-4456-aa4a-7948112cb216 HTTP/1.0 201 - python-swiftclient-3.11.1 gAAAAABpsWvvlqtC... - - - txb08baa578407460694b55-0069b16bf2 - 0.0310 - - 1773235186.822340727 1773235186.853320360 0
Mar 11 13:19:47 standalone container-server[122111]: 172.20.0.100 - - [11/Mar/2026:13:19:47 +0000] "HEAD /d1/1/AUTH_1dc9e6c33e5c42b68fdbaa52be74c6e4/gnocchi.f5b4ef0a-5bd3-4fd7-88ea-10337085da61" 404 - "HEAD http://localhost:8080/v1/AUTH_1dc9e6c33e5c42b68fdbaa52be74c6e4/gnocchi.f5b4ef0a-5bd3-4fd7-88ea-10337085da61?format=json&states=listing" "tx7e04470985584cfa99732-0069b16bf3" "proxy-server 21" 0.0011 "-" 21 0
Mar 11 13:19:47 standalone object-server[122313]: 172.20.0.100 - - [11/Mar/2026:13:19:47 +0000] "GET /d1/319/AUTH_1dc9e6c33e5c42b68fdbaa52be74c6e4/gnocchi.f5b4ef0a-5bd3-4fd7-88ea-10337085da61/none_v3" 404 70 "GET http://localhost:8080/v1/AUTH_1dc9e6c33e5c42b68fdbaa52be74c6e4/gnocchi.f5b4ef0a-5bd3-4fd7-88ea-10337085da61/none_v3" "tx7e04470985584cfa99732-0069b16bf3" "proxy-server 21" 0.0005 "-" 22 0
Mar 11 13:19:47 standalone proxy-server[124157]: 172.18.0.2 ::1 11/Mar/2026/13/19/47 GET /v1/AUTH_1dc9e6c33e5c42b68fdbaa52be74c6e4/gnocchi.f5b4ef0a-5bd3-4fd7-88ea-10337085da61/none_v3 HTTP/1.0 404 - python-swiftclient-3.11.1 gAAAAABpsWvzre85... - 70 - tx7e04470985584cfa99732-0069b16bf3 - 0.0416 - - 1773235187.532657385 1773235187.574231386 0
Mar 11 13:19:47 standalone account-server[122112]: 172.20.0.100 - - [11/Mar/2026:13:19:47 +0000] "PUT /d1/391/AUTH_1dc9e6c33e5c42b68fdbaa52be74c6e4/gnocchi.f5b4ef0a-5bd3-4fd7-88ea-10337085da61" 201 - "PUT http://172.20.0.100:6001/d1/1/AUTH_1dc9e6c33e5c42b68fdbaa52be74c6e4/gnocchi.f5b4ef0a-5bd3-4fd7-88ea-10337085da61" "txcf2332f93cf741f292f51-0069b16bf3" "container-server 21" 0.0012 "-" 23 0
Mar 11 13:19:47 standalone container-server[122111]: 172.20.0.100 - - [11/Mar/2026:13:19:47 +0000] "PUT /d1/1/AUTH_1dc9e6c33e5c42b68fdbaa52be74c6e4/gnocchi.f5b4ef0a-5bd3-4fd7-88ea-10337085da61" 201 - "PUT http://localhost:8080/v1/AUTH_1dc9e6c33e5c42b68fdbaa52be74c6e4/gnocchi.f5b4ef0a-5bd3-4fd7-88ea-10337085da61" "txcf2332f93cf741f292f51-0069b16bf3" "proxy-server 21" 0.0135 "-" 21 0
Mar 11 13:19:47 standalone proxy-server[124157]: 172.18.0.2 ::1 11/Mar/2026/13/19/47 PUT /v1/AUTH_1dc9e6c33e5c42b68fdbaa52be74c6e4/gnocchi.f5b4ef0a-5bd3-4fd7-88ea-10337085da61 HTTP/1.0 201 - python-swiftclient-3.11.1 gAAAAABpsWvzre85... - - - txcf2332f93cf741f292f51-0069b16bf3 - 0.0208 - - 1773235187.577630520 1773235187.598438501 0
Mar 11 13:19:47 standalone container-server[122107]: 172.20.0.100 - - [11/Mar/2026:13:19:47 +0000] "HEAD /d1/1/AUTH_1dc9e6c33e5c42b68fdbaa52be74c6e4/gnocchi.f5b4ef0a-5bd3-4fd7-88ea-10337085da61" 204 - "HEAD http://localhost:8080/v1/AUTH_1dc9e6c33e5c42b68fdbaa52be74c6e4/gnocchi.f5b4ef0a-5bd3-4fd7-88ea-10337085da61?format=json&states=listing" "txe10c9de2bb184dfda5262-0069b16bf3" "proxy-server 21" 0.0019 "-" 20 0
Mar 11 13:19:47 standalone proxy-server[124157]: - - 11/Mar/2026/13/19/47 HEAD /v1/AUTH_1dc9e6c33e5c42b68fdbaa52be74c6e4/gnocchi.f5b4ef0a-5bd3-4fd7-88ea-10337085da61%3Fformat%3Djson%26states%3Dlisting HTTP/1.0 204 - Swift - - - - txe10c9de2bb184dfda5262-0069b16bf3 - 0.0056 RL - 1773235187.608759642 1773235187.614354134 0
Mar 11 13:19:47 standalone container-server[122117]: 172.20.0.100 - - [11/Mar/2026:13:19:47 +0000] "GET /d1/1/AUTH_1dc9e6c33e5c42b68fdbaa52be74c6e4/gnocchi.f5b4ef0a-5bd3-4fd7-88ea-10337085da61" 200 2 "GET http://localhost:8080/v1/AUTH_1dc9e6c33e5c42b68fdbaa52be74c6e4/gnocchi.f5b4ef0a-5bd3-4fd7-88ea-10337085da61?format=json&states=listing" "txe10c9de2bb184dfda5262-0069b16bf3" "proxy-server 21" 0.0037 "-" 23 0
Mar 11 13:19:47 standalone proxy-server[124157]: 172.18.0.2 ::1 11/Mar/2026/13/19/47 GET /v1/AUTH_1dc9e6c33e5c42b68fdbaa52be74c6e4/gnocchi.f5b4ef0a-5bd3-4fd7-88ea-10337085da61%3Fformat%3Djson%26states%3Dlisting HTTP/1.0 200 - python-swiftclient-3.11.1 gAAAAABpsWvzre85... - 2 - txe10c9de2bb184dfda5262-0069b16bf3 - 0.0232 - - 1773235187.607514143 1773235187.630688190 0
Mar 11 13:19:47 standalone object-server[122327]: 172.20.0.100 - - [11/Mar/2026:13:19:47 +0000] "GET /d1/578/AUTH_1dc9e6c33e5c42b68fdbaa52be74c6e4/gnocchi.f5b4ef0a-5bd3-4fd7-88ea-10337085da61/1772280000.0_mean_300.0_v3" 404 70 "GET http://localhost:8080/v1/AUTH_1dc9e6c33e5c42b68fdbaa52be74c6e4/gnocchi.f5b4ef0a-5bd3-4fd7-88ea-10337085da61/1772280000.0_mean_300.0_v3" "tx646f7f57dfdf4b90bf11f-0069b16bf3" "proxy-server 21" 0.0004 "-" 24 0
Mar 11 13:19:47 standalone proxy-server[124157]: 172.18.0.2 ::1 11/Mar/2026/13/19/47 GET /v1/AUTH_1dc9e6c33e5c42b68fdbaa52be74c6e4/gnocchi.f5b4ef0a-5bd3-4fd7-88ea-10337085da61/1772280000.0_mean_300.0_v3 HTTP/1.0 404 - python-swiftclient-3.11.1 gAAAAABpsWvzre85... - 70 - tx646f7f57dfdf4b90bf11f-0069b16bf3 - 0.0050 - - 1773235187.635997295 1773235187.640996456 0
Mar 11 13:19:47 standalone container-server[122116]: 172.20.0.100 - - [11/Mar/2026:13:19:47 +0000] "PUT /d1/1/AUTH_1dc9e6c33e5c42b68fdbaa52be74c6e4/gnocchi.f5b4ef0a-5bd3-4fd7-88ea-10337085da61/1772280000.0_mean_300.0_v3" 201 - "PUT http://localhost:8080/d1/578/AUTH_1dc9e6c33e5c42b68fdbaa52be74c6e4/gnocchi.f5b4ef0a-5bd3-4fd7-88ea-10337085da61/1772280000.0_mean_300.0_v3" "tx64fcc5e349614e66ba39f-0069b16bf3" "object-server 23" 0.0008 "-" 22 0
Mar 11 13:19:47 standalone object-server[122321]: 172.20.0.100 - - [11/Mar/2026:13:19:47 +0000] "PUT /d1/578/AUTH_1dc9e6c33e5c42b68fdbaa52be74c6e4/gnocchi.f5b4ef0a-5bd3-4fd7-88ea-10337085da61/1772280000.0_mean_300.0_v3" 201 - "PUT http://localhost:8080/v1/AUTH_1dc9e6c33e5c42b68fdbaa52be74c6e4/gnocchi.f5b4ef0a-5bd3-4fd7-88ea-10337085da61/1772280000.0_mean_300.0_v3" "tx64fcc5e349614e66ba39f-0069b16bf3" "proxy-server 21" 0.0102 "-" 23 0
Mar 11 13:19:47 standalone proxy-server[124157]: 172.18.0.2 ::1 11/Mar/2026/13/19/47 PUT /v1/AUTH_1dc9e6c33e5c42b68fdbaa52be74c6e4/gnocchi.f5b4ef0a-5bd3-4fd7-88ea-10337085da61/1772280000.0_mean_300.0_v3 HTTP/1.0 201 - python-swiftclient-3.11.1 gAAAAABpsWvzre85... 16 - - tx64fcc5e349614e66ba39f-0069b16bf3 - 0.0154 - - 1773235187.644668818 1773235187.660113811 0
Mar 11 13:19:47 standalone container-server[122117]: 172.20.0.100 - - [11/Mar/2026:13:19:47 +0000] "PUT /d1/1/AUTH_1dc9e6c33e5c42b68fdbaa52be74c6e4/gnocchi.f5b4ef0a-5bd3-4fd7-88ea-10337085da61/none_v3" 201 - "PUT http://localhost:8080/d1/319/AUTH_1dc9e6c33e5c42b68fdbaa52be74c6e4/gnocchi.f5b4ef0a-5bd3-4fd7-88ea-10337085da61/none_v3" "tx81facfff37f04e1f8b994-0069b16bf3" "object-server 23" 0.0007 "-" 23 0
Mar 11 13:19:47 standalone object-server[122321]: 172.20.0.100 - - [11/Mar/2026:13:19:47 +0000] "PUT /d1/319/AUTH_1dc9e6c33e5c42b68fdbaa52be74c6e4/gnocchi.f5b4ef0a-5bd3-4fd7-88ea-10337085da61/none_v3" 201 - "PUT http://localhost:8080/v1/AUTH_1dc9e6c33e5c42b68fdbaa52be74c6e4/gnocchi.f5b4ef0a-5bd3-4fd7-88ea-10337085da61/none_v3" "tx81facfff37f04e1f8b994-0069b16bf3" "proxy-server 21" 0.0111 "-" 23 0
Mar 11 13:19:47 standalone proxy-server[124157]: 172.18.0.2 ::1 11/Mar/2026/13/19/47 PUT /v1/AUTH_1dc9e6c33e5c42b68fdbaa52be74c6e4/gnocchi.f5b4ef0a-5bd3-4fd7-88ea-10337085da61/none_v3 HTTP/1.0 201 - python-swiftclient-3.11.1 gAAAAABpsWvzre85... 22 - - tx81facfff37f04e1f8b994-0069b16bf3 - 0.0169 - - 1773235187.664526939 1773235187.681415796 0
Mar 11 13:20:05 standalone container-server[121933]: Begin container update sweep
Mar 11 13:20:05 standalone account-server[122095]: 172.20.0.100 - - [11/Mar/2026:13:20:05 +0000] "PUT /d1/391/AUTH_1dc9e6c33e5c42b68fdbaa52be74c6e4/glance" 201 - "-" "-" "container-updater 2" 0.0009 "-" 20 0
Mar 11 13:20:05 standalone account-server[122095]: 172.20.0.100 - - [11/Mar/2026:13:20:05 +0000] "PUT /d1/391/AUTH_1dc9e6c33e5c42b68fdbaa52be74c6e4/gnocchi.f5b4ef0a-5bd3-4fd7-88ea-10337085da61" 201 - "-" "-" "container-updater 2" 0.0003 "-" 20 0
Mar 11 13:20:05 standalone container-server[121933]: Container update sweep completed: 0.19s
Mar 11 13:20:16 standalone account-server[122112]: 172.20.0.100 - - [11/Mar/2026:13:20:16 +0000] "HEAD /d1/93/.expiring_objects" 404 - "HEAD http://localhost/v1/.expiring_objects?format=json" "tx1bd97d41392e410093f2e-0069b16c10" "proxy-server 2" 0.0008 "-" 23 -
Mar 11 13:20:16 standalone object-expirer[121991]: Pass completed in 0s; 0 objects expired (txn: tx1bd97d41392e410093f2e-0069b16c10)
Mar 11 13:20:17 standalone object-server[122327]: 172.20.0.100 - - [11/Mar/2026:13:20:17 +0000] "GET /d1/319/AUTH_1dc9e6c33e5c42b68fdbaa52be74c6e4/gnocchi.f5b4ef0a-5bd3-4fd7-88ea-10337085da61/none_v3" 200 22 "GET http://localhost:8080/v1/AUTH_1dc9e6c33e5c42b68fdbaa52be74c6e4/gnocchi.f5b4ef0a-5bd3-4fd7-88ea-10337085da61/none_v3" "tx80703bd8efbf4e29ac716-0069b16c11" "proxy-server 21" 0.0010 "-" 24 0
Mar 11 13:20:17 standalone proxy-server[124157]: 172.18.0.2 ::1 11/Mar/2026/13/20/17 GET /v1/AUTH_1dc9e6c33e5c42b68fdbaa52be74c6e4/gnocchi.f5b4ef0a-5bd3-4fd7-88ea-10337085da61/none_v3 HTTP/1.0 200 - python-swiftclient-3.11.1 gAAAAABpsWvzre85... - 22 - tx80703bd8efbf4e29ac716-0069b16c11 - 0.0073 - - 1773235217.293278456 1773235217.300550461 0
Mar 11 13:20:17 standalone container-server[122107]: 172.20.0.100 - - [11/Mar/2026:13:20:17 +0000] "GET /d1/1/AUTH_1dc9e6c33e5c42b68fdbaa52be74c6e4/gnocchi.f5b4ef0a-5bd3-4fd7-88ea-10337085da61" 200 357 "GET http://localhost:8080/v1/AUTH_1dc9e6c33e5c42b68fdbaa52be74c6e4/gnocchi.f5b4ef0a-5bd3-4fd7-88ea-10337085da61?format=json&states=listing" "tx7bef200a81c2463db584b-0069b16c11" "proxy-server 21" 0.0047 "-" 20 0
Mar 11 13:20:17 standalone proxy-server[124157]: 172.18.0.2 ::1 11/Mar/2026/13/20/17 GET /v1/AUTH_1dc9e6c33e5c42b68fdbaa52be74c6e4/gnocchi.f5b4ef0a-5bd3-4fd7-88ea-10337085da61%3Fformat%3Djson%26states%3Dlisting HTTP/1.0 200 - python-swiftclient-3.11.1 gAAAAABpsWvzre85... - 357 - tx7bef200a81c2463db584b-0069b16c11 - 0.0120 - - 1773235217.307926416 1773235217.319947481 0
Mar 11 13:20:17 standalone container-server[122116]: 172.20.0.100 - - [11/Mar/2026:13:20:17 +0000] "GET /d1/1/AUTH_1dc9e6c33e5c42b68fdbaa52be74c6e4/gnocchi.f5b4ef0a-5bd3-4fd7-88ea-10337085da61" 200 2 "GET http://localhost:8080/v1/AUTH_1dc9e6c33e5c42b68fdbaa52be74c6e4/gnocchi.f5b4ef0a-5bd3-4fd7-88ea-10337085da61?format=json&marker=none_v3&states=listing" "tx43f1a3c6963a463bb24b0-0069b16c11" "proxy-server 21" 0.0025 "-" 22 0
Mar 11 13:20:17 standalone proxy-server[124157]: 172.18.0.2 ::1 11/Mar/2026/13/20/17 GET /v1/AUTH_1dc9e6c33e5c42b68fdbaa52be74c6e4/gnocchi.f5b4ef0a-5bd3-4fd7-88ea-10337085da61%3Fformat%3Djson%26marker%3Dnone_v3%26states%3Dlisting HTTP/1.0 200 - python-swiftclient-3.11.1 gAAAAABpsWvzre85... - 2 - tx43f1a3c6963a463bb24b0-0069b16c11 - 0.0099 - - 1773235217.322728872 1773235217.332646370 0
Mar 11 13:20:17 standalone object-server[122321]: 172.20.0.100 - - [11/Mar/2026:13:20:17 +0000] "GET /d1/578/AUTH_1dc9e6c33e5c42b68fdbaa52be74c6e4/gnocchi.f5b4ef0a-5bd3-4fd7-88ea-10337085da61/1772280000.0_mean_300.0_v3" 200 16 "GET http://localhost:8080/v1/AUTH_1dc9e6c33e5c42b68fdbaa52be74c6e4/gnocchi.f5b4ef0a-5bd3-4fd7-88ea-10337085da61/1772280000.0_mean_300.0_v3" "tx02b493316df540ddad219-0069b16c11" "proxy-server 21" 0.0007 "-" 23 0
Mar 11 13:20:17 standalone proxy-server[124157]: 172.18.0.2 ::1 11/Mar/2026/13/20/17 GET /v1/AUTH_1dc9e6c33e5c42b68fdbaa52be74c6e4/gnocchi.f5b4ef0a-5bd3-4fd7-88ea-10337085da61/1772280000.0_mean_300.0_v3 HTTP/1.0 200 - python-swiftclient-3.11.1 gAAAAABpsWvzre85... - 16 - tx02b493316df540ddad219-0069b16c11 - 0.0068 - - 1773235217.336089611 1773235217.342864275 0
Mar 11 13:20:17 standalone container-server[122111]: 172.20.0.100 - - [11/Mar/2026:13:20:17 +0000] "PUT /d1/1/AUTH_1dc9e6c33e5c42b68fdbaa52be74c6e4/gnocchi.f5b4ef0a-5bd3-4fd7-88ea-10337085da61/1772280000.0_mean_300.0_v3" 201 - "PUT http://localhost:8080/d1/578/AUTH_1dc9e6c33e5c42b68fdbaa52be74c6e4/gnocchi.f5b4ef0a-5bd3-4fd7-88ea-10337085da61/1772280000.0_mean_300.0_v3" "txb7a552c1d2a148338f404-0069b16c11" "object-server 23" 0.0007 "-" 21 0
Mar 11 13:20:17 standalone object-server[122321]: 172.20.0.100 - - [11/Mar/2026:13:20:17 +0000] "PUT /d1/578/AUTH_1dc9e6c33e5c42b68fdbaa52be74c6e4/gnocchi.f5b4ef0a-5bd3-4fd7-88ea-10337085da61/1772280000.0_mean_300.0_v3" 201 - "PUT http://localhost:8080/v1/AUTH_1dc9e6c33e5c42b68fdbaa52be74c6e4/gnocchi.f5b4ef0a-5bd3-4fd7-88ea-10337085da61/1772280000.0_mean_300.0_v3" "txb7a552c1d2a148338f404-0069b16c11" "proxy-server 21" 0.0107 "-" 23 0
Mar 11 13:20:17 standalone proxy-server[124157]: 172.18.0.2 ::1 11/Mar/2026/13/20/17 PUT /v1/AUTH_1dc9e6c33e5c42b68fdbaa52be74c6e4/gnocchi.f5b4ef0a-5bd3-4fd7-88ea-10337085da61/1772280000.0_mean_300.0_v3 HTTP/1.0 201 - python-swiftclient-3.11.1 gAAAAABpsWvzre85... 16 - - txb7a552c1d2a148338f404-0069b16c11 - 0.0156 - - 1773235217.345745087 1773235217.361381292 0
Mar 11 13:20:17 standalone container-server[122116]: 172.20.0.100 - - [11/Mar/2026:13:20:17 +0000] "PUT /d1/1/AUTH_1dc9e6c33e5c42b68fdbaa52be74c6e4/gnocchi.f5b4ef0a-5bd3-4fd7-88ea-10337085da61/none_v3" 201 - "PUT http://localhost:8080/d1/319/AUTH_1dc9e6c33e5c42b68fdbaa52be74c6e4/gnocchi.f5b4ef0a-5bd3-4fd7-88ea-10337085da61/none_v3" "txd88340f1b8194072a96e2-0069b16c11" "object-server 22" 0.0005 "-" 22 0
Mar 11 13:20:17 standalone object-server[122313]: 172.20.0.100 - - [11/Mar/2026:13:20:17 +0000] "PUT /d1/319/AUTH_1dc9e6c33e5c42b68fdbaa52be74c6e4/gnocchi.f5b4ef0a-5bd3-4fd7-88ea-10337085da61/none_v3" 201 - "PUT http://localhost:8080/v1/AUTH_1dc9e6c33e5c42b68fdbaa52be74c6e4/gnocchi.f5b4ef0a-5bd3-4fd7-88ea-10337085da61/none_v3" "txd88340f1b8194072a96e2-0069b16c11" "proxy-server 21" 0.0186 "-" 22 0
Mar 11 13:20:17 standalone proxy-server[124157]: 172.18.0.2 ::1 11/Mar/2026/13/20/17 PUT /v1/AUTH_1dc9e6c33e5c42b68fdbaa52be74c6e4/gnocchi.f5b4ef0a-5bd3-4fd7-88ea-10337085da61/none_v3 HTTP/1.0 201 - python-swiftclient-3.11.1 gAAAAABpsWvzre85... 32 - - txd88340f1b8194072a96e2-0069b16c11 - 0.0256 - - 1773235217.374939919 1773235217.400529861 0
Mar 11 13:20:50 standalone account-server[122112]: 172.20.0.100 - - [11/Mar/2026:13:20:50 +0000] "HEAD /d1/391/AUTH_1dc9e6c33e5c42b68fdbaa52be74c6e4" 204 - "HEAD http://localhost:8080/v1/AUTH_1dc9e6c33e5c42b68fdbaa52be74c6e4?format=json" "txc690801b475240eca9ac7-0069b16c32" "proxy-server 21" 0.0065 "-" 23 -
Mar 11 13:20:50 standalone proxy-server[124157]: - - 11/Mar/2026/13/20/50 HEAD /v1/AUTH_1dc9e6c33e5c42b68fdbaa52be74c6e4%3Fformat%3Djson HTTP/1.0 204 - Swift - - - - txc690801b475240eca9ac7-0069b16c32 - 0.0105 RL - 1773235250.767820120 1773235250.778353691 -
Mar 11 13:20:50 standalone container-server[122117]: 172.20.0.100 - - [11/Mar/2026:13:20:50 +0000] "HEAD /d1/315/AUTH_1dc9e6c33e5c42b68fdbaa52be74c6e4/glance" 204 - "HEAD http://localhost:8080/v1/AUTH_1dc9e6c33e5c42b68fdbaa52be74c6e4/glance?format=json&states=listing" "txc690801b475240eca9ac7-0069b16c32" "proxy-server 21" 0.0028 "-" 23 0
Mar 11 13:20:50 standalone object-server[122327]: 172.20.0.100 - - [11/Mar/2026:13:20:50 +0000] "GET /d1/430/AUTH_1dc9e6c33e5c42b68fdbaa52be74c6e4/glance/3e585f5a-b4d5-4456-aa4a-7948112cb216" 200 - "GET http://localhost:8080/v1/AUTH_1dc9e6c33e5c42b68fdbaa52be74c6e4/glance/3e585f5a-b4d5-4456-aa4a-7948112cb216" "txc690801b475240eca9ac7-0069b16c32" "proxy-server 21" 0.0014 "-" 24 0
Mar 11 13:20:50 standalone container-server[122107]: 172.20.0.100 - - [11/Mar/2026:13:20:50 +0000] "GET /d1/315/AUTH_1dc9e6c33e5c42b68fdbaa52be74c6e4/glance" 200 210 "GET http://localhost:8080/v1/AUTH_1dc9e6c33e5c42b68fdbaa52be74c6e4/glance?prefix=3e585f5a-b4d5-4456-aa4a-7948112cb216-&format=json&states=listing" "txc690801b475240eca9ac7-0069b16c32" "proxy-server 21" 0.0036 "-" 20 0
Mar 11 13:20:50 standalone proxy-server[124157]: - - 11/Mar/2026/13/20/50 GET /v1/AUTH_1dc9e6c33e5c42b68fdbaa52be74c6e4/glance%3Fprefix%3D3e585f5a-b4d5-4456-aa4a-7948112cb216-%26format%3Djson%26states%3Dlisting HTTP/1.0 200 - python-swiftclient-3.11.1%20DLO%20MultipartGET gAAAAABpsWwyAxeI... - 210 - txc690801b475240eca9ac7-0069b16c32 - 0.0101 DLO - 1773235250.903105974 1773235250.913240433 0
Mar 11 13:20:50 standalone object-server[122339]: 172.20.0.100 - - [11/Mar/2026:13:20:50 +0000] "GET /d1/992/AUTH_1dc9e6c33e5c42b68fdbaa52be74c6e4/glance/3e585f5a-b4d5-4456-aa4a-7948112cb216-00001" 200 21692416 "GET http://localhost:8080/v1/AUTH_1dc9e6c33e5c42b68fdbaa52be74c6e4/glance/3e585f5a-b4d5-4456-aa4a-7948112cb216-00001?multipart-manifest=get" "txc690801b475240eca9ac7-0069b16c32" "proxy-server 21" 0.0010 "-" 25 0
Mar 11 13:20:51 standalone proxy-server[124157]: - - 11/Mar/2026/13/20/51 GET /v1/AUTH_1dc9e6c33e5c42b68fdbaa52be74c6e4/glance/3e585f5a-b4d5-4456-aa4a-7948112cb216-00001%3Fmultipart-manifest%3Dget HTTP/1.0 200 - python-swiftclient-3.11.1%20%20DLO%20MultipartGET gAAAAABpsWwyAxeI... - 21692416 - txc690801b475240eca9ac7-0069b16c32 - 0.1217 DLO - 1773235250.914300919 1773235251.035990715 0
Mar 11 13:20:51 standalone proxy-server[124157]: 172.18.0.2 ::1 11/Mar/2026/13/20/51 GET /v1/AUTH_1dc9e6c33e5c42b68fdbaa52be74c6e4/glance/3e585f5a-b4d5-4456-aa4a-7948112cb216 HTTP/1.0 200 - python-swiftclient-3.11.1 gAAAAABpsWwyAxeI... - 21692416 - txc690801b475240eca9ac7-0069b16c32 - 0.2694 - - 1773235250.767058372 1773235251.036442041 0
Mar 11 13:20:51 standalone container-server[122117]: 172.20.0.100 - - [11/Mar/2026:13:20:51 +0000] "HEAD /d1/52/AUTH_1dc9e6c33e5c42b68fdbaa52be74c6e4/gnocchi.7f279f33-1118-4552-8bd5-abf2ce9f8a69" 404 - "HEAD http://localhost:8080/v1/AUTH_1dc9e6c33e5c42b68fdbaa52be74c6e4/gnocchi.7f279f33-1118-4552-8bd5-abf2ce9f8a69?format=json&states=listing" "tx5da360a047f54cc48b050-0069b16c33" "proxy-server 21" 0.0006 "-" 23 0
Mar 11 13:20:51 standalone object-server[122321]: 172.20.0.100 - - [11/Mar/2026:13:20:51 +0000] "GET /d1/874/AUTH_1dc9e6c33e5c42b68fdbaa52be74c6e4/gnocchi.7f279f33-1118-4552-8bd5-abf2ce9f8a69/none_v3" 404 70 "GET http://localhost:8080/v1/AUTH_1dc9e6c33e5c42b68fdbaa52be74c6e4/gnocchi.7f279f33-1118-4552-8bd5-abf2ce9f8a69/none_v3" "tx5da360a047f54cc48b050-0069b16c33" "proxy-server 21" 0.0006 "-" 23 0
Mar 11 13:20:51 standalone proxy-server[124157]: 172.18.0.2 ::1 11/Mar/2026/13/20/51 GET /v1/AUTH_1dc9e6c33e5c42b68fdbaa52be74c6e4/gnocchi.7f279f33-1118-4552-8bd5-abf2ce9f8a69/none_v3 HTTP/1.0 404 - python-swiftclient-3.11.1 gAAAAABpsWvzre85... - 70 - tx5da360a047f54cc48b050-0069b16c33 - 0.0186 - - 1773235251.482833862 1773235251.501462698 0
Mar 11 13:20:51 standalone account-server[122097]: 172.20.0.100 - - [11/Mar/2026:13:20:51 +0000] "PUT /d1/391/AUTH_1dc9e6c33e5c42b68fdbaa52be74c6e4/gnocchi.7f279f33-1118-4552-8bd5-abf2ce9f8a69" 201 - "PUT http://172.20.0.100:6001/d1/52/AUTH_1dc9e6c33e5c42b68fdbaa52be74c6e4/gnocchi.7f279f33-1118-4552-8bd5-abf2ce9f8a69" "txbc83071ed45c4acb9f390-0069b16c33" "container-server 22" 0.0068 "-" 21 0
Mar 11 13:20:51 standalone container-server[122116]: 172.20.0.100 - - [11/Mar/2026:13:20:51 +0000] "PUT /d1/52/AUTH_1dc9e6c33e5c42b68fdbaa52be74c6e4/gnocchi.7f279f33-1118-4552-8bd5-abf2ce9f8a69" 201 - "PUT http://localhost:8080/v1/AUTH_1dc9e6c33e5c42b68fdbaa52be74c6e4/gnocchi.7f279f33-1118-4552-8bd5-abf2ce9f8a69" "txbc83071ed45c4acb9f390-0069b16c33" "proxy-server 21" 0.0347 "-" 22 0
Mar 11 13:20:51 standalone proxy-server[124157]: 172.18.0.2 ::1 11/Mar/2026/13/20/51 PUT /v1/AUTH_1dc9e6c33e5c42b68fdbaa52be74c6e4/gnocchi.7f279f33-1118-4552-8bd5-abf2ce9f8a69 HTTP/1.0 201 - python-swiftclient-3.11.1 gAAAAABpsWvzre85... - - - txbc83071ed45c4acb9f390-0069b16c33 - 0.0410 - - 1773235251.505023956 1773235251.545998812 0
Mar 11 13:20:51 standalone container-server[122111]: 172.20.0.100 - - [11/Mar/2026:13:20:51 +0000] "HEAD /d1/52/AUTH_1dc9e6c33e5c42b68fdbaa52be74c6e4/gnocchi.7f279f33-1118-4552-8bd5-abf2ce9f8a69" 204 - "HEAD http://localhost:8080/v1/AUTH_1dc9e6c33e5c42b68fdbaa52be74c6e4/gnocchi.7f279f33-1118-4552-8bd5-abf2ce9f8a69?format=json&states=listing" "tx2b9e92348dd44e1cae20c-0069b16c33" "proxy-server 21" 0.0016 "-" 21 0
Mar 11 13:20:51 standalone proxy-server[124157]: - - 11/Mar/2026/13/20/51 HEAD /v1/AUTH_1dc9e6c33e5c42b68fdbaa52be74c6e4/gnocchi.7f279f33-1118-4552-8bd5-abf2ce9f8a69%3Fformat%3Djson%26states%3Dlisting HTTP/1.0 204 - Swift - - - - tx2b9e92348dd44e1cae20c-0069b16c33 - 0.0053 RL - 1773235251.557238340 1773235251.562551737 0
Mar 11 13:20:51 standalone container-server[122107]: 172.20.0.100 - - [11/Mar/2026:13:20:51 +0000] "GET /d1/52/AUTH_1dc9e6c33e5c42b68fdbaa52be74c6e4/gnocchi.7f279f33-1118-4552-8bd5-abf2ce9f8a69" 200 2 "GET http://localhost:8080/v1/AUTH_1dc9e6c33e5c42b68fdbaa52be74c6e4/gnocchi.7f279f33-1118-4552-8bd5-abf2ce9f8a69?format=json&states=listing" "tx2b9e92348dd44e1cae20c-0069b16c33" "proxy-server 21" 0.0023 "-" 20 0
Mar 11 13:20:51 standalone proxy-server[124157]: 172.18.0.2 ::1 11/Mar/2026/13/20/51 GET /v1/AUTH_1dc9e6c33e5c42b68fdbaa52be74c6e4/gnocchi.7f279f33-1118-4552-8bd5-abf2ce9f8a69%3Fformat%3Djson%26states%3Dlisting HTTP/1.0 200 - python-swiftclient-3.11.1 gAAAAABpsWvzre85... - 2 - tx2b9e92348dd44e1cae20c-0069b16c33 - 0.0144 - - 1773235251.555912018 1773235251.570338488 0
Mar 11 13:20:51 standalone object-server[122313]: 172.20.0.100 - - [11/Mar/2026:13:20:51 +0000] "GET /d1/824/AUTH_1dc9e6c33e5c42b68fdbaa52be74c6e4/gnocchi.7f279f33-1118-4552-8bd5-abf2ce9f8a69/1772280000.0_mean_300.0_v3" 404 70 "GET http://localhost:8080/v1/AUTH_1dc9e6c33e5c42b68fdbaa52be74c6e4/gnocchi.7f279f33-1118-4552-8bd5-abf2ce9f8a69/1772280000.0_mean_300.0_v3" "txdf4b07ff6d52474fa5ffb-0069b16c33" "proxy-server 21" 0.0005 "-" 22 0
Mar 11 13:20:51 standalone proxy-server[124157]: 172.18.0.2 ::1 11/Mar/2026/13/20/51 GET /v1/AUTH_1dc9e6c33e5c42b68fdbaa52be74c6e4/gnocchi.7f279f33-1118-4552-8bd5-abf2ce9f8a69/1772280000.0_mean_300.0_v3 HTTP/1.0 404 - python-swiftclient-3.11.1 gAAAAABpsWvzre85... - 70 - txdf4b07ff6d52474fa5ffb-0069b16c33 - 0.0050 - - 1773235251.574995756 1773235251.579984903 0
Mar 11 13:20:51 standalone container-server[122111]: 172.20.0.100 - - [11/Mar/2026:13:20:51 +0000] "PUT /d1/52/AUTH_1dc9e6c33e5c42b68fdbaa52be74c6e4/gnocchi.7f279f33-1118-4552-8bd5-abf2ce9f8a69/1772280000.0_mean_300.0_v3" 201 - "PUT http://localhost:8080/d1/824/AUTH_1dc9e6c33e5c42b68fdbaa52be74c6e4/gnocchi.7f279f33-1118-4552-8bd5-abf2ce9f8a69/1772280000.0_mean_300.0_v3" "tx00bbc0350cfa4b6aafd9a-0069b16c33" "object-server 22" 0.0005 "-" 21 0
Mar 11 13:20:51 standalone object-server[122313]: 172.20.0.100 - - [11/Mar/2026:13:20:51 +0000] "PUT /d1/824/AUTH_1dc9e6c33e5c42b68fdbaa52be74c6e4/gnocchi.7f279f33-1118-4552-8bd5-abf2ce9f8a69/1772280000.0_mean_300.0_v3" 201 - "PUT http://localhost:8080/v1/AUTH_1dc9e6c33e5c42b68fdbaa52be74c6e4/gnocchi.7f279f33-1118-4552-8bd5-abf2ce9f8a69/1772280000.0_mean_300.0_v3" "tx00bbc0350cfa4b6aafd9a-0069b16c33" "proxy-server 21" 0.0094 "-" 22 0
Mar 11 13:20:51 standalone proxy-server[124157]: 172.18.0.2 ::1 11/Mar/2026/13/20/51 PUT /v1/AUTH_1dc9e6c33e5c42b68fdbaa52be74c6e4/gnocchi.7f279f33-1118-4552-8bd5-abf2ce9f8a69/1772280000.0_mean_300.0_v3 HTTP/1.0 201 - python-swiftclient-3.11.1 gAAAAABpsWvzre85... 16 - - tx00bbc0350cfa4b6aafd9a-0069b16c33 - 0.0137 - - 1773235251.584155321 1773235251.597847223 0
Mar 11 13:20:51 standalone container-server[122111]: 172.20.0.100 - - [11/Mar/2026:13:20:51 +0000] "PUT /d1/52/AUTH_1dc9e6c33e5c42b68fdbaa52be74c6e4/gnocchi.7f279f33-1118-4552-8bd5-abf2ce9f8a69/none_v3" 201 - "PUT http://localhost:8080/d1/874/AUTH_1dc9e6c33e5c42b68fdbaa52be74c6e4/gnocchi.7f279f33-1118-4552-8bd5-abf2ce9f8a69/none_v3" "tx97e7db6d341340a8836cc-0069b16c33" "object-server 24" 0.0004 "-" 21 0
Mar 11 13:20:51 standalone object-server[122327]: 172.20.0.100 - - [11/Mar/2026:13:20:51 +0000] "PUT /d1/874/AUTH_1dc9e6c33e5c42b68fdbaa52be74c6e4/gnocchi.7f279f33-1118-4552-8bd5-abf2ce9f8a69/none_v3" 201 - "PUT http://localhost:8080/v1/AUTH_1dc9e6c33e5c42b68fdbaa52be74c6e4/gnocchi.7f279f33-1118-4552-8bd5-abf2ce9f8a69/none_v3" "tx97e7db6d341340a8836cc-0069b16c33" "proxy-server 21" 0.0133 "-" 24 0
Mar 11 13:20:51 standalone proxy-server[124157]: 172.18.0.2 ::1 11/Mar/2026/13/20/51 PUT /v1/AUTH_1dc9e6c33e5c42b68fdbaa52be74c6e4/gnocchi.7f279f33-1118-4552-8bd5-abf2ce9f8a69/none_v3 HTTP/1.0 201 - python-swiftclient-3.11.1 gAAAAABpsWvzre85... 22 - - tx97e7db6d341340a8836cc-0069b16c33 - 0.0181 - - 1773235251.602145433 1773235251.620275497 0
Mar 11 13:20:51 standalone container-server[122107]: 172.20.0.100 - - [11/Mar/2026:13:20:51 +0000] "HEAD /d1/64/AUTH_1dc9e6c33e5c42b68fdbaa52be74c6e4/gnocchi.85b1e17a-8933-426c-99a9-55f145eb9fab" 404 - "HEAD http://localhost:8080/v1/AUTH_1dc9e6c33e5c42b68fdbaa52be74c6e4/gnocchi.85b1e17a-8933-426c-99a9-55f145eb9fab?format=json&states=listing" "tx421aecc38e2a48cfa7851-0069b16c33" "proxy-server 21" 0.0004 "-" 20 0
Mar 11 13:20:51 standalone object-server[122339]: 172.20.0.100 - - [11/Mar/2026:13:20:51 +0000] "GET /d1/251/AUTH_1dc9e6c33e5c42b68fdbaa52be74c6e4/gnocchi.85b1e17a-8933-426c-99a9-55f145eb9fab/none_v3" 404 70 "GET http://localhost:8080/v1/AUTH_1dc9e6c33e5c42b68fdbaa52be74c6e4/gnocchi.85b1e17a-8933-426c-99a9-55f145eb9fab/none_v3" "tx421aecc38e2a48cfa7851-0069b16c33" "proxy-server 21" 0.0007 "-" 25 0
Mar 11 13:20:51 standalone proxy-server[124157]: 172.18.0.2 ::1 11/Mar/2026/13/20/51 GET /v1/AUTH_1dc9e6c33e5c42b68fdbaa52be74c6e4/gnocchi.85b1e17a-8933-426c-99a9-55f145eb9fab/none_v3 HTTP/1.0 404 - python-swiftclient-3.11.1 gAAAAABpsWvzre85... - 70 - tx421aecc38e2a48cfa7851-0069b16c33 - 0.0094 - - 1773235251.631436825 1773235251.640826941 0
Mar 11 13:20:51 standalone account-server[122112]: 172.20.0.100 - - [11/Mar/2026:13:20:51 +0000] "PUT /d1/391/AUTH_1dc9e6c33e5c42b68fdbaa52be74c6e4/gnocchi.85b1e17a-8933-426c-99a9-55f145eb9fab" 201 - "PUT http://172.20.0.100:6001/d1/64/AUTH_1dc9e6c33e5c42b68fdbaa52be74c6e4/gnocchi.85b1e17a-8933-426c-99a9-55f145eb9fab" "tx48793568f7774526bf81e-0069b16c33" "container-server 21" 0.0057 "-" 23 0
Mar 11 13:20:51 standalone container-server[122111]: 172.20.0.100 - - [11/Mar/2026:13:20:51 +0000] "PUT /d1/64/AUTH_1dc9e6c33e5c42b68fdbaa52be74c6e4/gnocchi.85b1e17a-8933-426c-99a9-55f145eb9fab" 201 - "PUT http://localhost:8080/v1/AUTH_1dc9e6c33e5c42b68fdbaa52be74c6e4/gnocchi.85b1e17a-8933-426c-99a9-55f145eb9fab" "tx48793568f7774526bf81e-0069b16c33" "proxy-server 21" 0.0147 "-" 21 0
Mar 11 13:20:51 standalone proxy-server[124157]: 172.18.0.2 ::1 11/Mar/2026/13/20/51 PUT /v1/AUTH_1dc9e6c33e5c42b68fdbaa52be74c6e4/gnocchi.85b1e17a-8933-426c-99a9-55f145eb9fab HTTP/1.0 201 - python-swiftclient-3.11.1 gAAAAABpsWvzre85... - - - tx48793568f7774526bf81e-0069b16c33 - 0.0207 - - 1773235251.643635750 1773235251.664314508 0
Mar 11 13:20:51 standalone container-server[122107]: 172.20.0.100 - - [11/Mar/2026:13:20:51 +0000] "HEAD /d1/64/AUTH_1dc9e6c33e5c42b68fdbaa52be74c6e4/gnocchi.85b1e17a-8933-426c-99a9-55f145eb9fab" 204 - "HEAD http://localhost:8080/v1/AUTH_1dc9e6c33e5c42b68fdbaa52be74c6e4/gnocchi.85b1e17a-8933-426c-99a9-55f145eb9fab?format=json&states=listing" "tx254616163394459ea7ff8-0069b16c33" "proxy-server 21" 0.0022 "-" 20 0
Mar 11 13:20:51 standalone proxy-server[124157]: - - 11/Mar/2026/13/20/51 HEAD /v1/AUTH_1dc9e6c33e5c42b68fdbaa52be74c6e4/gnocchi.85b1e17a-8933-426c-99a9-55f145eb9fab%3Fformat%3Djson%26states%3Dlisting HTTP/1.0 204 - Swift - - - - tx254616163394459ea7ff8-0069b16c33 - 0.0060 RL - 1773235251.668590546 1773235251.674620628 0
Mar 11 13:20:51 standalone container-server[122117]: 172.20.0.100 - - [11/Mar/2026:13:20:51 +0000] "GET /d1/64/AUTH_1dc9e6c33e5c42b68fdbaa52be74c6e4/gnocchi.85b1e17a-8933-426c-99a9-55f145eb9fab" 200 2 "GET http://localhost:8080/v1/AUTH_1dc9e6c33e5c42b68fdbaa52be74c6e4/gnocchi.85b1e17a-8933-426c-99a9-55f145eb9fab?format=json&states=listing" "tx254616163394459ea7ff8-0069b16c33" "proxy-server 21" 0.0035 "-" 23 0
Mar 11 13:20:51 standalone proxy-server[124157]: 172.18.0.2 ::1 11/Mar/2026/13/20/51 GET /v1/AUTH_1dc9e6c33e5c42b68fdbaa52be74c6e4/gnocchi.85b1e17a-8933-426c-99a9-55f145eb9fab%3Fformat%3Djson%26states%3Dlisting HTTP/1.0 200 - python-swiftclient-3.11.1 gAAAAABpsWvzre85... - 2 - tx254616163394459ea7ff8-0069b16c33 - 0.0175 - - 1773235251.667435169 1773235251.684958935 0
Mar 11 13:20:51 standalone object-server[122339]: 172.20.0.100 - - [11/Mar/2026:13:20:51 +0000] "GET /d1/388/AUTH_1dc9e6c33e5c42b68fdbaa52be74c6e4/gnocchi.85b1e17a-8933-426c-99a9-55f145eb9fab/1772280000.0_mean_300.0_v3" 404 70 "GET http://localhost:8080/v1/AUTH_1dc9e6c33e5c42b68fdbaa52be74c6e4/gnocchi.85b1e17a-8933-426c-99a9-55f145eb9fab/1772280000.0_mean_300.0_v3" "txfe930909ece746bdb393b-0069b16c33" "proxy-server 21" 0.0004 "-" 25 0
Mar 11 13:20:51 standalone proxy-server[124157]: 172.18.0.2 ::1 11/Mar/2026/13/20/51 GET /v1/AUTH_1dc9e6c33e5c42b68fdbaa52be74c6e4/gnocchi.85b1e17a-8933-426c-99a9-55f145eb9fab/1772280000.0_mean_300.0_v3 HTTP/1.0 404 - python-swiftclient-3.11.1 gAAAAABpsWvzre85... - 70 - txfe930909ece746bdb393b-0069b16c33 - 0.0055 - - 1773235251.689159632 1773235251.694633007 0
Mar 11 13:20:51 standalone container-server[122111]: 172.20.0.100 - - [11/Mar/2026:13:20:51 +0000] "PUT /d1/64/AUTH_1dc9e6c33e5c42b68fdbaa52be74c6e4/gnocchi.85b1e17a-8933-426c-99a9-55f145eb9fab/1772280000.0_mean_300.0_v3" 201 - "PUT http://localhost:8080/d1/388/AUTH_1dc9e6c33e5c42b68fdbaa52be74c6e4/gnocchi.85b1e17a-8933-426c-99a9-55f145eb9fab/1772280000.0_mean_300.0_v3" "tx854154285605415c8a0dd-0069b16c33" "object-server 25" 0.0007 "-" 21 0
Mar 11 13:20:51 standalone object-server[122339]: 172.20.0.100 - - [11/Mar/2026:13:20:51 +0000] "PUT /d1/388/AUTH_1dc9e6c33e5c42b68fdbaa52be74c6e4/gnocchi.85b1e17a-8933-426c-99a9-55f145eb9fab/1772280000.0_mean_300.0_v3" 201 - "PUT http://localhost:8080/v1/AUTH_1dc9e6c33e5c42b68fdbaa52be74c6e4/gnocchi.85b1e17a-8933-426c-99a9-55f145eb9fab/1772280000.0_mean_300.0_v3" "tx854154285605415c8a0dd-0069b16c33" "proxy-server 21" 0.0227 "-" 25 0
Mar 11 13:20:51 standalone proxy-server[124157]: 172.18.0.2 ::1 11/Mar/2026/13/20/51 PUT /v1/AUTH_1dc9e6c33e5c42b68fdbaa52be74c6e4/gnocchi.85b1e17a-8933-426c-99a9-55f145eb9fab/1772280000.0_mean_300.0_v3 HTTP/1.0 201 - python-swiftclient-3.11.1 gAAAAABpsWvzre85... 16 - - tx854154285605415c8a0dd-0069b16c33 - 0.0281 - - 1773235251.697710276 1773235251.725797892 0
Mar 11 13:20:51 standalone container-server[122117]: 172.20.0.100 - - [11/Mar/2026:13:20:51 +0000] "PUT /d1/64/AUTH_1dc9e6c33e5c42b68fdbaa52be74c6e4/gnocchi.85b1e17a-8933-426c-99a9-55f145eb9fab/none_v3" 201 - "PUT http://localhost:8080/d1/251/AUTH_1dc9e6c33e5c42b68fdbaa52be74c6e4/gnocchi.85b1e17a-8933-426c-99a9-55f145eb9fab/none_v3" "tx30a5fdf935e4464d98613-0069b16c33" "object-server 25" 0.0009 "-" 23 0
Mar 11 13:20:51 standalone object-server[122339]: 172.20.0.100 - - [11/Mar/2026:13:20:51 +0000] "PUT /d1/251/AUTH_1dc9e6c33e5c42b68fdbaa52be74c6e4/gnocchi.85b1e17a-8933-426c-99a9-55f145eb9fab/none_v3" 201 - "PUT http://localhost:8080/v1/AUTH_1dc9e6c33e5c42b68fdbaa52be74c6e4/gnocchi.85b1e17a-8933-426c-99a9-55f145eb9fab/none_v3" "tx30a5fdf935e4464d98613-0069b16c33" "proxy-server 21" 0.0104 "-" 25 0
Mar 11 13:20:51 standalone proxy-server[124157]: 172.18.0.2 ::1 11/Mar/2026/13/20/51 PUT /v1/AUTH_1dc9e6c33e5c42b68fdbaa52be74c6e4/gnocchi.85b1e17a-8933-426c-99a9-55f145eb9fab/none_v3 HTTP/1.0 201 - python-swiftclient-3.11.1 gAAAAABpsWvzre85... 22 - - tx30a5fdf935e4464d98613-0069b16c33 - 0.0173 - - 1773235251.729877472 1773235251.747168541 0
Mar 11 13:20:56 standalone container-server[122107]: 172.20.0.100 - - [11/Mar/2026:13:20:56 +0000] "HEAD /d1/947/AUTH_1dc9e6c33e5c42b68fdbaa52be74c6e4/gnocchi.36261b58-4ade-438c-b608-51cf4e1c64c6" 404 - "HEAD http://localhost:8080/v1/AUTH_1dc9e6c33e5c42b68fdbaa52be74c6e4/gnocchi.36261b58-4ade-438c-b608-51cf4e1c64c6?format=json&states=listing" "tx1b6b640ee8c94a29bde1c-0069b16c38" "proxy-server 21" 0.0009 "-" 20 0
Mar 11 13:20:56 standalone object-server[122339]: 172.20.0.100 - - [11/Mar/2026:13:20:56 +0000] "GET /d1/968/AUTH_1dc9e6c33e5c42b68fdbaa52be74c6e4/gnocchi.36261b58-4ade-438c-b608-51cf4e1c64c6/none_v3" 404 70 "GET http://localhost:8080/v1/AUTH_1dc9e6c33e5c42b68fdbaa52be74c6e4/gnocchi.36261b58-4ade-438c-b608-51cf4e1c64c6/none_v3" "tx1b6b640ee8c94a29bde1c-0069b16c38" "proxy-server 21" 0.0006 "-" 25 0
Mar 11 13:20:56 standalone proxy-server[124157]: 172.18.0.2 ::1 11/Mar/2026/13/20/56 GET /v1/AUTH_1dc9e6c33e5c42b68fdbaa52be74c6e4/gnocchi.36261b58-4ade-438c-b608-51cf4e1c64c6/none_v3 HTTP/1.0 404 - python-swiftclient-3.11.1 gAAAAABpsWvzre85... - 70 - tx1b6b640ee8c94a29bde1c-0069b16c38 - 0.0240 - - 1773235256.050380468 1773235256.074378967 0
Mar 11 13:20:56 standalone account-server[122095]: 172.20.0.100 - - [11/Mar/2026:13:20:56 +0000] "PUT /d1/391/AUTH_1dc9e6c33e5c42b68fdbaa52be74c6e4/gnocchi.36261b58-4ade-438c-b608-51cf4e1c64c6" 201 - "PUT http://172.20.0.100:6001/d1/947/AUTH_1dc9e6c33e5c42b68fdbaa52be74c6e4/gnocchi.36261b58-4ade-438c-b608-51cf4e1c64c6" "tx3e5f5ec6bcd84ece90cd4-0069b16c38" "container-server 20" 0.0051 "-" 20 0
Mar 11 13:20:56 standalone container-server[122107]: 172.20.0.100 - - [11/Mar/2026:13:20:56 +0000] "PUT /d1/947/AUTH_1dc9e6c33e5c42b68fdbaa52be74c6e4/gnocchi.36261b58-4ade-438c-b608-51cf4e1c64c6" 201 - "PUT http://localhost:8080/v1/AUTH_1dc9e6c33e5c42b68fdbaa52be74c6e4/gnocchi.36261b58-4ade-438c-b608-51cf4e1c64c6" "tx3e5f5ec6bcd84ece90cd4-0069b16c38" "proxy-server 21" 0.0265 "-" 20 0
Mar 11 13:20:56 standalone proxy-server[124157]: 172.18.0.2 ::1 11/Mar/2026/13/20/56 PUT /v1/AUTH_1dc9e6c33e5c42b68fdbaa52be74c6e4/gnocchi.36261b58-4ade-438c-b608-51cf4e1c64c6 HTTP/1.0 201 - python-swiftclient-3.11.1 gAAAAABpsWvzre85... - - - tx3e5f5ec6bcd84ece90cd4-0069b16c38 - 0.0405 - - 1773235256.082018375 1773235256.122556686 0
