Jan 22 07:06:07 standalone proxy-server[124465]: - - 22/Jan/2026/07/06/07 HEAD /v1/AUTH_6da408b3ff724a03ae7542522b7f2a66/gnocchi.b47eebbd-d89e-4268-bdf3-47469ac1e278%3Fformat%3Djson%26states%3Dlisting HTTP/1.0 204 - Swift - - - - tx303b246a799c43c7b89f2-006971cc5f - 0.0080 RL - 1769065567.913160563 1769065567.921140432 0
Jan 22 07:06:07 standalone container-server[122543]: 172.20.0.100 - - [22/Jan/2026:07:06:07 +0000] "GET /d1/980/AUTH_6da408b3ff724a03ae7542522b7f2a66/gnocchi.b47eebbd-d89e-4268-bdf3-47469ac1e278" 200 2 "GET http://localhost:8080/v1/AUTH_6da408b3ff724a03ae7542522b7f2a66/gnocchi.b47eebbd-d89e-4268-bdf3-47469ac1e278?format=json&states=listing" "tx303b246a799c43c7b89f2-006971cc5f" "proxy-server 12" 0.0024 "-" 23 0
Jan 22 07:06:07 standalone proxy-server[124465]: 172.18.0.2 ::1 22/Jan/2026/07/06/07 GET /v1/AUTH_6da408b3ff724a03ae7542522b7f2a66/gnocchi.b47eebbd-d89e-4268-bdf3-47469ac1e278%3Fformat%3Djson%26states%3Dlisting HTTP/1.0 200 - python-swiftclient-3.11.1 gAAAAABpccwcBwkP... - 2 - tx303b246a799c43c7b89f2-006971cc5f - 0.0220 - - 1769065567.910516977 1769065567.932546377 0
Jan 22 07:06:07 standalone object-server[122704]: 172.20.0.100 - - [22/Jan/2026:07:06:07 +0000] "GET /d1/971/AUTH_6da408b3ff724a03ae7542522b7f2a66/gnocchi.b47eebbd-d89e-4268-bdf3-47469ac1e278/1769040000.0_mean_300.0_v3" 404 70 "GET http://localhost:8080/v1/AUTH_6da408b3ff724a03ae7542522b7f2a66/gnocchi.b47eebbd-d89e-4268-bdf3-47469ac1e278/1769040000.0_mean_300.0_v3" "tx9438d1f9fa6341f1af3f8-006971cc5f" "proxy-server 12" 0.0005 "-" 24 0
Jan 22 07:06:07 standalone proxy-server[124465]: 172.18.0.2 ::1 22/Jan/2026/07/06/07 GET /v1/AUTH_6da408b3ff724a03ae7542522b7f2a66/gnocchi.b47eebbd-d89e-4268-bdf3-47469ac1e278/1769040000.0_mean_300.0_v3 HTTP/1.0 404 - python-swiftclient-3.11.1 gAAAAABpccwcBwkP... - 70 - tx9438d1f9fa6341f1af3f8-006971cc5f - 0.0098 - - 1769065567.938657522 1769065567.948456526 0
Jan 22 07:06:07 standalone container-server[122543]: 172.20.0.100 - - [22/Jan/2026:07:06:07 +0000] "PUT /d1/980/AUTH_6da408b3ff724a03ae7542522b7f2a66/gnocchi.b47eebbd-d89e-4268-bdf3-47469ac1e278/1769040000.0_mean_300.0_v3" 201 - "PUT http://localhost:8080/d1/971/AUTH_6da408b3ff724a03ae7542522b7f2a66/gnocchi.b47eebbd-d89e-4268-bdf3-47469ac1e278/1769040000.0_mean_300.0_v3" "tx5fe98a1a586840e3a2142-006971cc5f" "object-server 22" 0.0009 "-" 23 0
Jan 22 07:06:07 standalone object-server[122693]: 172.20.0.100 - - [22/Jan/2026:07:06:07 +0000] "PUT /d1/971/AUTH_6da408b3ff724a03ae7542522b7f2a66/gnocchi.b47eebbd-d89e-4268-bdf3-47469ac1e278/1769040000.0_mean_300.0_v3" 201 - "PUT http://localhost:8080/v1/AUTH_6da408b3ff724a03ae7542522b7f2a66/gnocchi.b47eebbd-d89e-4268-bdf3-47469ac1e278/1769040000.0_mean_300.0_v3" "tx5fe98a1a586840e3a2142-006971cc5f" "proxy-server 12" 0.0156 "-" 22 0
Jan 22 07:06:07 standalone proxy-server[124465]: 172.18.0.2 ::1 22/Jan/2026/07/06/07 PUT /v1/AUTH_6da408b3ff724a03ae7542522b7f2a66/gnocchi.b47eebbd-d89e-4268-bdf3-47469ac1e278/1769040000.0_mean_300.0_v3 HTTP/1.0 201 - python-swiftclient-3.11.1 gAAAAABpccwcBwkP... 16 - - tx5fe98a1a586840e3a2142-006971cc5f - 0.0319 - - 1769065567.963663578 1769065567.995594501 0
Jan 22 07:06:08 standalone container-server[122534]: 172.20.0.100 - - [22/Jan/2026:07:06:08 +0000] "PUT /d1/980/AUTH_6da408b3ff724a03ae7542522b7f2a66/gnocchi.b47eebbd-d89e-4268-bdf3-47469ac1e278/none_v3" 201 - "PUT http://localhost:8080/d1/742/AUTH_6da408b3ff724a03ae7542522b7f2a66/gnocchi.b47eebbd-d89e-4268-bdf3-47469ac1e278/none_v3" "tx0ae7276d35f846bbb0212-006971cc60" "object-server 23" 0.0011 "-" 21 0
Jan 22 07:06:08 standalone object-server[122700]: 172.20.0.100 - - [22/Jan/2026:07:06:08 +0000] "PUT /d1/742/AUTH_6da408b3ff724a03ae7542522b7f2a66/gnocchi.b47eebbd-d89e-4268-bdf3-47469ac1e278/none_v3" 201 - "PUT http://localhost:8080/v1/AUTH_6da408b3ff724a03ae7542522b7f2a66/gnocchi.b47eebbd-d89e-4268-bdf3-47469ac1e278/none_v3" "tx0ae7276d35f846bbb0212-006971cc60" "proxy-server 12" 0.0144 "-" 23 0
Jan 22 07:06:08 standalone proxy-server[124465]: 172.18.0.2 ::1 22/Jan/2026/07/06/08 PUT /v1/AUTH_6da408b3ff724a03ae7542522b7f2a66/gnocchi.b47eebbd-d89e-4268-bdf3-47469ac1e278/none_v3 HTTP/1.0 201 - python-swiftclient-3.11.1 gAAAAABpccwcBwkP... 22 - - tx0ae7276d35f846bbb0212-006971cc60 - 0.0275 - - 1769065568.003141642 1769065568.030607939 0
Jan 22 07:06:08 standalone container-server[122531]: 172.20.0.100 - - [22/Jan/2026:07:06:08 +0000] "HEAD /d1/720/AUTH_6da408b3ff724a03ae7542522b7f2a66/gnocchi.0222ec03-b9a4-403c-ac39-b5f40d6ae61d" 404 - "HEAD http://localhost:8080/v1/AUTH_6da408b3ff724a03ae7542522b7f2a66/gnocchi.0222ec03-b9a4-403c-ac39-b5f40d6ae61d?format=json&states=listing" "tx204c0f82ca244373ac39f-006971cc60" "proxy-server 12" 0.0006 "-" 20 0
Jan 22 07:06:08 standalone object-server[122693]: 172.20.0.100 - - [22/Jan/2026:07:06:08 +0000] "GET /d1/554/AUTH_6da408b3ff724a03ae7542522b7f2a66/gnocchi.0222ec03-b9a4-403c-ac39-b5f40d6ae61d/none_v3" 404 70 "GET http://localhost:8080/v1/AUTH_6da408b3ff724a03ae7542522b7f2a66/gnocchi.0222ec03-b9a4-403c-ac39-b5f40d6ae61d/none_v3" "tx204c0f82ca244373ac39f-006971cc60" "proxy-server 12" 0.0006 "-" 22 0
Jan 22 07:06:08 standalone proxy-server[124465]: 172.18.0.2 ::1 22/Jan/2026/07/06/08 GET /v1/AUTH_6da408b3ff724a03ae7542522b7f2a66/gnocchi.0222ec03-b9a4-403c-ac39-b5f40d6ae61d/none_v3 HTTP/1.0 404 - python-swiftclient-3.11.1 gAAAAABpccwcBwkP... - 70 - tx204c0f82ca244373ac39f-006971cc60 - 0.0138 - - 1769065568.057740688 1769065568.071499825 0
Jan 22 07:06:08 standalone account-server[122402]: 172.20.0.100 - - [22/Jan/2026:07:06:08 +0000] "PUT /d1/648/AUTH_6da408b3ff724a03ae7542522b7f2a66/gnocchi.0222ec03-b9a4-403c-ac39-b5f40d6ae61d" 201 - "PUT http://172.20.0.100:6001/d1/720/AUTH_6da408b3ff724a03ae7542522b7f2a66/gnocchi.0222ec03-b9a4-403c-ac39-b5f40d6ae61d" "tx474f528445fa4a8198a24-006971cc60" "container-server 22" 0.0037 "-" 19 0
Jan 22 07:06:08 standalone container-server[122537]: 172.20.0.100 - - [22/Jan/2026:07:06:08 +0000] "PUT /d1/720/AUTH_6da408b3ff724a03ae7542522b7f2a66/gnocchi.0222ec03-b9a4-403c-ac39-b5f40d6ae61d" 201 - "PUT http://localhost:8080/v1/AUTH_6da408b3ff724a03ae7542522b7f2a66/gnocchi.0222ec03-b9a4-403c-ac39-b5f40d6ae61d" "tx474f528445fa4a8198a24-006971cc60" "proxy-server 12" 0.0158 "-" 22 0
Jan 22 07:06:08 standalone proxy-server[124465]: 172.18.0.2 ::1 22/Jan/2026/07/06/08 PUT /v1/AUTH_6da408b3ff724a03ae7542522b7f2a66/gnocchi.0222ec03-b9a4-403c-ac39-b5f40d6ae61d HTTP/1.0 201 - python-swiftclient-3.11.1 gAAAAABpccwcBwkP... - - - tx474f528445fa4a8198a24-006971cc60 - 0.0222 - - 1769065568.078755379 1769065568.100933790 0
Jan 22 07:06:08 standalone container-server[122537]: 172.20.0.100 - - [22/Jan/2026:07:06:08 +0000] "HEAD /d1/720/AUTH_6da408b3ff724a03ae7542522b7f2a66/gnocchi.0222ec03-b9a4-403c-ac39-b5f40d6ae61d" 204 - "HEAD http://localhost:8080/v1/AUTH_6da408b3ff724a03ae7542522b7f2a66/gnocchi.0222ec03-b9a4-403c-ac39-b5f40d6ae61d?format=json&states=listing" "txc4d800cc50d9472dbd97f-006971cc60" "proxy-server 12" 0.0012 "-" 22 0
Jan 22 07:06:08 standalone proxy-server[124465]: - - 22/Jan/2026/07/06/08 HEAD /v1/AUTH_6da408b3ff724a03ae7542522b7f2a66/gnocchi.0222ec03-b9a4-403c-ac39-b5f40d6ae61d%3Fformat%3Djson%26states%3Dlisting HTTP/1.0 204 - Swift - - - - txc4d800cc50d9472dbd97f-006971cc60 - 0.0041 RL - 1769065568.107999563 1769065568.112103224 0
Jan 22 07:06:08 standalone container-server[122537]: 172.20.0.100 - - [22/Jan/2026:07:06:08 +0000] "GET /d1/720/AUTH_6da408b3ff724a03ae7542522b7f2a66/gnocchi.0222ec03-b9a4-403c-ac39-b5f40d6ae61d" 200 2 "GET http://localhost:8080/v1/AUTH_6da408b3ff724a03ae7542522b7f2a66/gnocchi.0222ec03-b9a4-403c-ac39-b5f40d6ae61d?format=json&states=listing" "txc4d800cc50d9472dbd97f-006971cc60" "proxy-server 12" 0.0017 "-" 22 0
Jan 22 07:06:08 standalone proxy-server[124465]: 172.18.0.2 ::1 22/Jan/2026/07/06/08 GET /v1/AUTH_6da408b3ff724a03ae7542522b7f2a66/gnocchi.0222ec03-b9a4-403c-ac39-b5f40d6ae61d%3Fformat%3Djson%26states%3Dlisting HTTP/1.0 200 - python-swiftclient-3.11.1 gAAAAABpccwcBwkP... - 2 - txc4d800cc50d9472dbd97f-006971cc60 - 0.0119 - - 1769065568.106944323 1769065568.118803263 0
Jan 22 07:06:08 standalone object-server[122693]: 172.20.0.100 - - [22/Jan/2026:07:06:08 +0000] "GET /d1/337/AUTH_6da408b3ff724a03ae7542522b7f2a66/gnocchi.0222ec03-b9a4-403c-ac39-b5f40d6ae61d/1769040000.0_mean_300.0_v3" 404 70 "GET http://localhost:8080/v1/AUTH_6da408b3ff724a03ae7542522b7f2a66/gnocchi.0222ec03-b9a4-403c-ac39-b5f40d6ae61d/1769040000.0_mean_300.0_v3" "txb1ff357eceaf4b9394320-006971cc60" "proxy-server 12" 0.0005 "-" 22 0
Jan 22 07:06:08 standalone proxy-server[124465]: 172.18.0.2 ::1 22/Jan/2026/07/06/08 GET /v1/AUTH_6da408b3ff724a03ae7542522b7f2a66/gnocchi.0222ec03-b9a4-403c-ac39-b5f40d6ae61d/1769040000.0_mean_300.0_v3 HTTP/1.0 404 - python-swiftclient-3.11.1 gAAAAABpccwcBwkP... - 70 - txb1ff357eceaf4b9394320-006971cc60 - 0.0082 - - 1769065568.125118971 1769065568.133274555 0
Jan 22 07:06:08 standalone container-server[122531]: 172.20.0.100 - - [22/Jan/2026:07:06:08 +0000] "PUT /d1/720/AUTH_6da408b3ff724a03ae7542522b7f2a66/gnocchi.0222ec03-b9a4-403c-ac39-b5f40d6ae61d/1769040000.0_mean_300.0_v3" 201 - "PUT http://localhost:8080/d1/337/AUTH_6da408b3ff724a03ae7542522b7f2a66/gnocchi.0222ec03-b9a4-403c-ac39-b5f40d6ae61d/1769040000.0_mean_300.0_v3" "txa2ed082a4e974706b976d-006971cc60" "object-server 23" 0.0008 "-" 20 0
Jan 22 07:06:08 standalone object-server[122700]: 172.20.0.100 - - [22/Jan/2026:07:06:08 +0000] "PUT /d1/337/AUTH_6da408b3ff724a03ae7542522b7f2a66/gnocchi.0222ec03-b9a4-403c-ac39-b5f40d6ae61d/1769040000.0_mean_300.0_v3" 201 - "PUT http://localhost:8080/v1/AUTH_6da408b3ff724a03ae7542522b7f2a66/gnocchi.0222ec03-b9a4-403c-ac39-b5f40d6ae61d/1769040000.0_mean_300.0_v3" "txa2ed082a4e974706b976d-006971cc60" "proxy-server 12" 0.0145 "-" 23 0
Jan 22 07:06:08 standalone proxy-server[124465]: 172.18.0.2 ::1 22/Jan/2026/07/06/08 PUT /v1/AUTH_6da408b3ff724a03ae7542522b7f2a66/gnocchi.0222ec03-b9a4-403c-ac39-b5f40d6ae61d/1769040000.0_mean_300.0_v3 HTTP/1.0 201 - python-swiftclient-3.11.1 gAAAAABpccwcBwkP... 16 - - txa2ed082a4e974706b976d-006971cc60 - 0.0217 - - 1769065568.139077187 1769065568.160758257 0
Jan 22 07:06:08 standalone container-server[122534]: 172.20.0.100 - - [22/Jan/2026:07:06:08 +0000] "PUT /d1/720/AUTH_6da408b3ff724a03ae7542522b7f2a66/gnocchi.0222ec03-b9a4-403c-ac39-b5f40d6ae61d/none_v3" 201 - "PUT http://localhost:8080/d1/554/AUTH_6da408b3ff724a03ae7542522b7f2a66/gnocchi.0222ec03-b9a4-403c-ac39-b5f40d6ae61d/none_v3" "tx01309c02fe424c87b56b2-006971cc60" "object-server 22" 0.0008 "-" 21 0
Jan 22 07:06:08 standalone object-server[122693]: 172.20.0.100 - - [22/Jan/2026:07:06:08 +0000] "PUT /d1/554/AUTH_6da408b3ff724a03ae7542522b7f2a66/gnocchi.0222ec03-b9a4-403c-ac39-b5f40d6ae61d/none_v3" 201 - "PUT http://localhost:8080/v1/AUTH_6da408b3ff724a03ae7542522b7f2a66/gnocchi.0222ec03-b9a4-403c-ac39-b5f40d6ae61d/none_v3" "tx01309c02fe424c87b56b2-006971cc60" "proxy-server 12" 0.0116 "-" 22 0
Jan 22 07:06:08 standalone proxy-server[124465]: 172.18.0.2 ::1 22/Jan/2026/07/06/08 PUT /v1/AUTH_6da408b3ff724a03ae7542522b7f2a66/gnocchi.0222ec03-b9a4-403c-ac39-b5f40d6ae61d/none_v3 HTTP/1.0 201 - python-swiftclient-3.11.1 gAAAAABpccwcBwkP... 22 - - tx01309c02fe424c87b56b2-006971cc60 - 0.0195 - - 1769065568.165749311 1769065568.185292244 0
Jan 22 07:06:08 standalone container-server[122543]: 172.20.0.100 - - [22/Jan/2026:07:06:08 +0000] "HEAD /d1/171/AUTH_6da408b3ff724a03ae7542522b7f2a66/gnocchi.823b170c-3146-4ee3-9767-73b8d0ea1b72" 404 - "HEAD http://localhost:8080/v1/AUTH_6da408b3ff724a03ae7542522b7f2a66/gnocchi.823b170c-3146-4ee3-9767-73b8d0ea1b72?format=json&states=listing" "txb8fa9279dfb8420cb364e-006971cc60" "proxy-server 12" 0.0006 "-" 23 0
Jan 22 07:06:08 standalone object-server[122706]: 172.20.0.100 - - [22/Jan/2026:07:06:08 +0000] "GET /d1/454/AUTH_6da408b3ff724a03ae7542522b7f2a66/gnocchi.823b170c-3146-4ee3-9767-73b8d0ea1b72/none_v3" 404 70 "GET http://localhost:8080/v1/AUTH_6da408b3ff724a03ae7542522b7f2a66/gnocchi.823b170c-3146-4ee3-9767-73b8d0ea1b72/none_v3" "txb8fa9279dfb8420cb364e-006971cc60" "proxy-server 12" 0.0007 "-" 25 0
Jan 22 07:06:08 standalone proxy-server[124465]: 172.18.0.2 ::1 22/Jan/2026/07/06/08 GET /v1/AUTH_6da408b3ff724a03ae7542522b7f2a66/gnocchi.823b170c-3146-4ee3-9767-73b8d0ea1b72/none_v3 HTTP/1.0 404 - python-swiftclient-3.11.1 gAAAAABpccwcBwkP... - 70 - txb8fa9279dfb8420cb364e-006971cc60 - 0.0158 - - 1769065568.204390049 1769065568.220216990 0
Jan 22 07:06:08 standalone account-server[122402]: 172.20.0.100 - - [22/Jan/2026:07:06:08 +0000] "PUT /d1/648/AUTH_6da408b3ff724a03ae7542522b7f2a66/gnocchi.823b170c-3146-4ee3-9767-73b8d0ea1b72" 201 - "PUT http://172.20.0.100:6001/d1/171/AUTH_6da408b3ff724a03ae7542522b7f2a66/gnocchi.823b170c-3146-4ee3-9767-73b8d0ea1b72" "tx08871df57dfa4afbbdda3-006971cc60" "container-server 22" 0.0096 "-" 19 0
Jan 22 07:06:08 standalone container-server[122537]: 172.20.0.100 - - [22/Jan/2026:07:06:08 +0000] "PUT /d1/171/AUTH_6da408b3ff724a03ae7542522b7f2a66/gnocchi.823b170c-3146-4ee3-9767-73b8d0ea1b72" 201 - "PUT http://localhost:8080/v1/AUTH_6da408b3ff724a03ae7542522b7f2a66/gnocchi.823b170c-3146-4ee3-9767-73b8d0ea1b72" "tx08871df57dfa4afbbdda3-006971cc60" "proxy-server 12" 0.0262 "-" 22 0
Jan 22 07:06:08 standalone proxy-server[124465]: 172.18.0.2 ::1 22/Jan/2026/07/06/08 PUT /v1/AUTH_6da408b3ff724a03ae7542522b7f2a66/gnocchi.823b170c-3146-4ee3-9767-73b8d0ea1b72 HTTP/1.0 201 - python-swiftclient-3.11.1 gAAAAABpccwcBwkP... - - - tx08871df57dfa4afbbdda3-006971cc60 - 0.0356 - - 1769065568.226542473 1769065568.262093306 0
Jan 22 07:06:08 standalone container-server[122534]: 172.20.0.100 - - [22/Jan/2026:07:06:08 +0000] "HEAD /d1/171/AUTH_6da408b3ff724a03ae7542522b7f2a66/gnocchi.823b170c-3146-4ee3-9767-73b8d0ea1b72" 204 - "HEAD http://localhost:8080/v1/AUTH_6da408b3ff724a03ae7542522b7f2a66/gnocchi.823b170c-3146-4ee3-9767-73b8d0ea1b72?format=json&states=listing" "txa7bb37c393384973916ac-006971cc60" "proxy-server 12" 0.0024 "-" 21 0
Jan 22 07:06:08 standalone proxy-server[124465]: - - 22/Jan/2026/07/06/08 HEAD /v1/AUTH_6da408b3ff724a03ae7542522b7f2a66/gnocchi.823b170c-3146-4ee3-9767-73b8d0ea1b72%3Fformat%3Djson%26states%3Dlisting HTTP/1.0 204 - Swift - - - - txa7bb37c393384973916ac-006971cc60 - 0.0082 RL - 1769065568.269531488 1769065568.277694464 0
Jan 22 07:06:08 standalone container-server[122543]: 172.20.0.100 - - [22/Jan/2026:07:06:08 +0000] "GET /d1/171/AUTH_6da408b3ff724a03ae7542522b7f2a66/gnocchi.823b170c-3146-4ee3-9767-73b8d0ea1b72" 200 2 "GET http://localhost:8080/v1/AUTH_6da408b3ff724a03ae7542522b7f2a66/gnocchi.823b170c-3146-4ee3-9767-73b8d0ea1b72?format=json&states=listing" "txa7bb37c393384973916ac-006971cc60" "proxy-server 12" 0.0031 "-" 23 0
Jan 22 07:06:08 standalone proxy-server[124465]: 172.18.0.2 ::1 22/Jan/2026/07/06/08 GET /v1/AUTH_6da408b3ff724a03ae7542522b7f2a66/gnocchi.823b170c-3146-4ee3-9767-73b8d0ea1b72%3Fformat%3Djson%26states%3Dlisting HTTP/1.0 200 - python-swiftclient-3.11.1 gAAAAABpccwcBwkP... - 2 - txa7bb37c393384973916ac-006971cc60 - 0.0224 - - 1769065568.268182755 1769065568.290608168 0
Jan 22 07:06:08 standalone object-server[122693]: 172.20.0.100 - - [22/Jan/2026:07:06:08 +0000] "GET /d1/795/AUTH_6da408b3ff724a03ae7542522b7f2a66/gnocchi.823b170c-3146-4ee3-9767-73b8d0ea1b72/1769040000.0_mean_300.0_v3" 404 70 "GET http://localhost:8080/v1/AUTH_6da408b3ff724a03ae7542522b7f2a66/gnocchi.823b170c-3146-4ee3-9767-73b8d0ea1b72/1769040000.0_mean_300.0_v3" "txa3325e24021a4b26938ca-006971cc60" "proxy-server 12" 0.0005 "-" 22 0
Jan 22 07:06:08 standalone proxy-server[124465]: 172.18.0.2 ::1 22/Jan/2026/07/06/08 GET /v1/AUTH_6da408b3ff724a03ae7542522b7f2a66/gnocchi.823b170c-3146-4ee3-9767-73b8d0ea1b72/1769040000.0_mean_300.0_v3 HTTP/1.0 404 - python-swiftclient-3.11.1 gAAAAABpccwcBwkP... - 70 - txa3325e24021a4b26938ca-006971cc60 - 0.0108 - - 1769065568.298131466 1769065568.308947086 0
Jan 22 07:06:08 standalone container-server[122534]: 172.20.0.100 - - [22/Jan/2026:07:06:08 +0000] "PUT /d1/171/AUTH_6da408b3ff724a03ae7542522b7f2a66/gnocchi.823b170c-3146-4ee3-9767-73b8d0ea1b72/1769040000.0_mean_300.0_v3" 201 - "PUT http://localhost:8080/d1/795/AUTH_6da408b3ff724a03ae7542522b7f2a66/gnocchi.823b170c-3146-4ee3-9767-73b8d0ea1b72/1769040000.0_mean_300.0_v3" "txe2227ebf54524347945e9-006971cc60" "object-server 23" 0.0011 "-" 21 0
Jan 22 07:06:08 standalone object-server[122700]: 172.20.0.100 - - [22/Jan/2026:07:06:08 +0000] "PUT /d1/795/AUTH_6da408b3ff724a03ae7542522b7f2a66/gnocchi.823b170c-3146-4ee3-9767-73b8d0ea1b72/1769040000.0_mean_300.0_v3" 201 - "PUT http://localhost:8080/v1/AUTH_6da408b3ff724a03ae7542522b7f2a66/gnocchi.823b170c-3146-4ee3-9767-73b8d0ea1b72/1769040000.0_mean_300.0_v3" "txe2227ebf54524347945e9-006971cc60" "proxy-server 12" 0.0172 "-" 23 0
Jan 22 07:06:08 standalone proxy-server[124465]: 172.18.0.2 ::1 22/Jan/2026/07/06/08 PUT /v1/AUTH_6da408b3ff724a03ae7542522b7f2a66/gnocchi.823b170c-3146-4ee3-9767-73b8d0ea1b72/1769040000.0_mean_300.0_v3 HTTP/1.0 201 - python-swiftclient-3.11.1 gAAAAABpccwcBwkP... 16 - - txe2227ebf54524347945e9-006971cc60 - 0.0281 - - 1769065568.314702272 1769065568.342760563 0
Jan 22 07:06:08 standalone container-server[122537]: 172.20.0.100 - - [22/Jan/2026:07:06:08 +0000] "PUT /d1/171/AUTH_6da408b3ff724a03ae7542522b7f2a66/gnocchi.823b170c-3146-4ee3-9767-73b8d0ea1b72/none_v3" 201 - "PUT http://localhost:8080/d1/454/AUTH_6da408b3ff724a03ae7542522b7f2a66/gnocchi.823b170c-3146-4ee3-9767-73b8d0ea1b72/none_v3" "tx56a9aac8dd494097a8710-006971cc60" "object-server 23" 0.0013 "-" 22 0
Jan 22 07:06:08 standalone object-server[122700]: 172.20.0.100 - - [22/Jan/2026:07:06:08 +0000] "PUT /d1/454/AUTH_6da408b3ff724a03ae7542522b7f2a66/gnocchi.823b170c-3146-4ee3-9767-73b8d0ea1b72/none_v3" 201 - "PUT http://localhost:8080/v1/AUTH_6da408b3ff724a03ae7542522b7f2a66/gnocchi.823b170c-3146-4ee3-9767-73b8d0ea1b72/none_v3" "tx56a9aac8dd494097a8710-006971cc60" "proxy-server 12" 0.0267 "-" 23 0
Jan 22 07:06:08 standalone proxy-server[124465]: 172.18.0.2 ::1 22/Jan/2026/07/06/08 PUT /v1/AUTH_6da408b3ff724a03ae7542522b7f2a66/gnocchi.823b170c-3146-4ee3-9767-73b8d0ea1b72/none_v3 HTTP/1.0 201 - python-swiftclient-3.11.1 gAAAAABpccwcBwkP... 22 - - tx56a9aac8dd494097a8710-006971cc60 - 0.0371 - - 1769065568.349821806 1769065568.386902094 0
Jan 22 07:06:08 standalone container-server[122537]: 172.20.0.100 - - [22/Jan/2026:07:06:08 +0000] "HEAD /d1/811/AUTH_6da408b3ff724a03ae7542522b7f2a66/gnocchi.3c48806a-eca9-47bb-bdc5-1530976aa7b3" 404 - "HEAD http://localhost:8080/v1/AUTH_6da408b3ff724a03ae7542522b7f2a66/gnocchi.3c48806a-eca9-47bb-bdc5-1530976aa7b3?format=json&states=listing" "txbd83fb3051e847b388a14-006971cc60" "proxy-server 12" 0.0008 "-" 22 0
Jan 22 07:06:08 standalone object-server[122706]: 172.20.0.100 - - [22/Jan/2026:07:06:08 +0000] "GET /d1/396/AUTH_6da408b3ff724a03ae7542522b7f2a66/gnocchi.3c48806a-eca9-47bb-bdc5-1530976aa7b3/none_v3" 404 70 "GET http://localhost:8080/v1/AUTH_6da408b3ff724a03ae7542522b7f2a66/gnocchi.3c48806a-eca9-47bb-bdc5-1530976aa7b3/none_v3" "txbd83fb3051e847b388a14-006971cc60" "proxy-server 12" 0.0004 "-" 25 0
Jan 22 07:06:08 standalone proxy-server[124465]: 172.18.0.2 ::1 22/Jan/2026/07/06/08 GET /v1/AUTH_6da408b3ff724a03ae7542522b7f2a66/gnocchi.3c48806a-eca9-47bb-bdc5-1530976aa7b3/none_v3 HTTP/1.0 404 - python-swiftclient-3.11.1 gAAAAABpccwcBwkP... - 70 - txbd83fb3051e847b388a14-006971cc60 - 0.0219 - - 1769065568.409036398 1769065568.430923223 0
Jan 22 07:06:08 standalone account-server[122416]: 172.20.0.100 - - [22/Jan/2026:07:06:08 +0000] "PUT /d1/648/AUTH_6da408b3ff724a03ae7542522b7f2a66/gnocchi.3c48806a-eca9-47bb-bdc5-1530976aa7b3" 201 - "PUT http://172.20.0.100:6001/d1/811/AUTH_6da408b3ff724a03ae7542522b7f2a66/gnocchi.3c48806a-eca9-47bb-bdc5-1530976aa7b3" "txb0978752e8f3406a9a235-006971cc60" "container-server 21" 0.0055 "-" 22 0
Jan 22 07:06:08 standalone container-server[122534]: 172.20.0.100 - - [22/Jan/2026:07:06:08 +0000] "PUT /d1/811/AUTH_6da408b3ff724a03ae7542522b7f2a66/gnocchi.3c48806a-eca9-47bb-bdc5-1530976aa7b3" 201 - "PUT http://localhost:8080/v1/AUTH_6da408b3ff724a03ae7542522b7f2a66/gnocchi.3c48806a-eca9-47bb-bdc5-1530976aa7b3" "txb0978752e8f3406a9a235-006971cc60" "proxy-server 12" 0.0188 "-" 21 0
Jan 22 07:06:08 standalone proxy-server[124465]: 172.18.0.2 ::1 22/Jan/2026/07/06/08 PUT /v1/AUTH_6da408b3ff724a03ae7542522b7f2a66/gnocchi.3c48806a-eca9-47bb-bdc5-1530976aa7b3 HTTP/1.0 201 - python-swiftclient-3.11.1 gAAAAABpccwcBwkP... - - - txb0978752e8f3406a9a235-006971cc60 - 0.0273 - - 1769065568.437356472 1769065568.464642286 0
Jan 22 07:06:08 standalone container-server[122543]: 172.20.0.100 - - [22/Jan/2026:07:06:08 +0000] "HEAD /d1/811/AUTH_6da408b3ff724a03ae7542522b7f2a66/gnocchi.3c48806a-eca9-47bb-bdc5-1530976aa7b3" 204 - "HEAD http://localhost:8080/v1/AUTH_6da408b3ff724a03ae7542522b7f2a66/gnocchi.3c48806a-eca9-47bb-bdc5-1530976aa7b3?format=json&states=listing" "txa0109ff5ccd246b9b7fe5-006971cc60" "proxy-server 12" 0.0019 "-" 23 0
Jan 22 07:06:08 standalone proxy-server[124465]: - - 22/Jan/2026/07/06/08 HEAD /v1/AUTH_6da408b3ff724a03ae7542522b7f2a66/gnocchi.3c48806a-eca9-47bb-bdc5-1530976aa7b3%3Fformat%3Djson%26states%3Dlisting HTTP/1.0 204 - Swift - - - - txa0109ff5ccd246b9b7fe5-006971cc60 - 0.0066 RL - 1769065568.472942829 1769065568.479589939 0
Jan 22 07:06:08 standalone container-server[122543]: 172.20.0.100 - - [22/Jan/2026:07:06:08 +0000] "GET /d1/811/AUTH_6da408b3ff724a03ae7542522b7f2a66/gnocchi.3c48806a-eca9-47bb-bdc5-1530976aa7b3" 200 2 "GET http://localhost:8080/v1/AUTH_6da408b3ff724a03ae7542522b7f2a66/gnocchi.3c48806a-eca9-47bb-bdc5-1530976aa7b3?format=json&states=listing" "txa0109ff5ccd246b9b7fe5-006971cc60" "proxy-server 12" 0.0028 "-" 23 0
Jan 22 07:06:08 standalone proxy-server[124465]: 172.18.0.2 ::1 22/Jan/2026/07/06/08 GET /v1/AUTH_6da408b3ff724a03ae7542522b7f2a66/gnocchi.3c48806a-eca9-47bb-bdc5-1530976aa7b3%3Fformat%3Djson%26states%3Dlisting HTTP/1.0 200 - python-swiftclient-3.11.1 gAAAAABpccwcBwkP... - 2 - txa0109ff5ccd246b9b7fe5-006971cc60 - 0.0203 - - 1769065568.471278906 1769065568.491544008 0
Jan 22 07:06:08 standalone object-server[122693]: 172.20.0.100 - - [22/Jan/2026:07:06:08 +0000] "GET /d1/45/AUTH_6da408b3ff724a03ae7542522b7f2a66/gnocchi.3c48806a-eca9-47bb-bdc5-1530976aa7b3/1769040000.0_mean_300.0_v3" 404 70 "GET http://localhost:8080/v1/AUTH_6da408b3ff724a03ae7542522b7f2a66/gnocchi.3c48806a-eca9-47bb-bdc5-1530976aa7b3/1769040000.0_mean_300.0_v3" "tx753e68ef1aac4c33aae30-006971cc60" "proxy-server 12" 0.0004 "-" 22 0
Jan 22 07:06:08 standalone proxy-server[124465]: 172.18.0.2 ::1 22/Jan/2026/07/06/08 GET /v1/AUTH_6da408b3ff724a03ae7542522b7f2a66/gnocchi.3c48806a-eca9-47bb-bdc5-1530976aa7b3/1769040000.0_mean_300.0_v3 HTTP/1.0 404 - python-swiftclient-3.11.1 gAAAAABpccwcBwkP... - 70 - tx753e68ef1aac4c33aae30-006971cc60 - 0.0101 - - 1769065568.498926163 1769065568.508996725 0
Jan 22 07:06:08 standalone container-server[122534]: 172.20.0.100 - - [22/Jan/2026:07:06:08 +0000] "PUT /d1/811/AUTH_6da408b3ff724a03ae7542522b7f2a66/gnocchi.3c48806a-eca9-47bb-bdc5-1530976aa7b3/1769040000.0_mean_300.0_v3" 201 - "PUT http://localhost:8080/d1/45/AUTH_6da408b3ff724a03ae7542522b7f2a66/gnocchi.3c48806a-eca9-47bb-bdc5-1530976aa7b3/1769040000.0_mean_300.0_v3" "txd361c312b68c48c08b843-006971cc60" "object-server 25" 0.0008 "-" 21 0
Jan 22 07:06:08 standalone object-server[122706]: 172.20.0.100 - - [22/Jan/2026:07:06:08 +0000] "PUT /d1/45/AUTH_6da408b3ff724a03ae7542522b7f2a66/gnocchi.3c48806a-eca9-47bb-bdc5-1530976aa7b3/1769040000.0_mean_300.0_v3" 201 - "PUT http://localhost:8080/v1/AUTH_6da408b3ff724a03ae7542522b7f2a66/gnocchi.3c48806a-eca9-47bb-bdc5-1530976aa7b3/1769040000.0_mean_300.0_v3" "txd361c312b68c48c08b843-006971cc60" "proxy-server 12" 0.0122 "-" 25 0
Jan 22 07:06:08 standalone proxy-server[124465]: 172.18.0.2 ::1 22/Jan/2026/07/06/08 PUT /v1/AUTH_6da408b3ff724a03ae7542522b7f2a66/gnocchi.3c48806a-eca9-47bb-bdc5-1530976aa7b3/1769040000.0_mean_300.0_v3 HTTP/1.0 201 - python-swiftclient-3.11.1 gAAAAABpccwcBwkP... 16 - - txd361c312b68c48c08b843-006971cc60 - 0.0272 - - 1769065568.516686440 1769065568.543875217 0
Jan 22 07:06:08 standalone container-server[122537]: 172.20.0.100 - - [22/Jan/2026:07:06:08 +0000] "PUT /d1/811/AUTH_6da408b3ff724a03ae7542522b7f2a66/gnocchi.3c48806a-eca9-47bb-bdc5-1530976aa7b3/none_v3" 201 - "PUT http://localhost:8080/d1/396/AUTH_6da408b3ff724a03ae7542522b7f2a66/gnocchi.3c48806a-eca9-47bb-bdc5-1530976aa7b3/none_v3" "tx1d08ac381aa74fcb853da-006971cc60" "object-server 23" 0.0014 "-" 22 0
Jan 22 07:06:08 standalone object-server[122700]: 172.20.0.100 - - [22/Jan/2026:07:06:08 +0000] "PUT /d1/396/AUTH_6da408b3ff724a03ae7542522b7f2a66/gnocchi.3c48806a-eca9-47bb-bdc5-1530976aa7b3/none_v3" 201 - "PUT http://localhost:8080/v1/AUTH_6da408b3ff724a03ae7542522b7f2a66/gnocchi.3c48806a-eca9-47bb-bdc5-1530976aa7b3/none_v3" "tx1d08ac381aa74fcb853da-006971cc60" "proxy-server 12" 0.0190 "-" 23 0
Jan 22 07:06:08 standalone proxy-server[124465]: 172.18.0.2 ::1 22/Jan/2026/07/06/08 PUT /v1/AUTH_6da408b3ff724a03ae7542522b7f2a66/gnocchi.3c48806a-eca9-47bb-bdc5-1530976aa7b3/none_v3 HTTP/1.0 201 - python-swiftclient-3.11.1 gAAAAABpccwcBwkP... 22 - - tx1d08ac381aa74fcb853da-006971cc60 - 0.0319 - - 1769065568.553363800 1769065568.585227013 0
Jan 22 07:06:08 standalone container-server[122531]: 172.20.0.100 - - [22/Jan/2026:07:06:08 +0000] "HEAD /d1/302/AUTH_6da408b3ff724a03ae7542522b7f2a66/gnocchi.19ed4414-acd1-4582-9d9b-536676e33b7f" 404 - "HEAD http://localhost:8080/v1/AUTH_6da408b3ff724a03ae7542522b7f2a66/gnocchi.19ed4414-acd1-4582-9d9b-536676e33b7f?format=json&states=listing" "tx33654011d99747f6b57b4-006971cc60" "proxy-server 12" 0.0012 "-" 20 0
Jan 22 07:06:08 standalone object-server[122704]: 172.20.0.100 - - [22/Jan/2026:07:06:08 +0000] "GET /d1/81/AUTH_6da408b3ff724a03ae7542522b7f2a66/gnocchi.19ed4414-acd1-4582-9d9b-536676e33b7f/none_v3" 404 70 "GET http://localhost:8080/v1/AUTH_6da408b3ff724a03ae7542522b7f2a66/gnocchi.19ed4414-acd1-4582-9d9b-536676e33b7f/none_v3" "tx33654011d99747f6b57b4-006971cc60" "proxy-server 12" 0.0007 "-" 24 0
Jan 22 07:06:08 standalone proxy-server[124465]: 172.18.0.2 ::1 22/Jan/2026/07/06/08 GET /v1/AUTH_6da408b3ff724a03ae7542522b7f2a66/gnocchi.19ed4414-acd1-4582-9d9b-536676e33b7f/none_v3 HTTP/1.0 404 - python-swiftclient-3.11.1 gAAAAABpccwcBwkP... - 70 - tx33654011d99747f6b57b4-006971cc60 - 0.0209 - - 1769065568.609193563 1769065568.630123854 0
Jan 22 07:06:08 standalone account-server[122377]: 172.20.0.100 - - [22/Jan/2026:07:06:08 +0000] "PUT /d1/648/AUTH_6da408b3ff724a03ae7542522b7f2a66/gnocchi.19ed4414-acd1-4582-9d9b-536676e33b7f" 201 - "PUT http://172.20.0.100:6001/d1/302/AUTH_6da408b3ff724a03ae7542522b7f2a66/gnocchi.19ed4414-acd1-4582-9d9b-536676e33b7f" "tx996ecb2b0bea485b82583-006971cc60" "container-server 21" 0.0093 "-" 17 0
Jan 22 07:06:08 standalone container-server[122534]: 172.20.0.100 - - [22/Jan/2026:07:06:08 +0000] "PUT /d1/302/AUTH_6da408b3ff724a03ae7542522b7f2a66/gnocchi.19ed4414-acd1-4582-9d9b-536676e33b7f" 201 - "PUT http://localhost:8080/v1/AUTH_6da408b3ff724a03ae7542522b7f2a66/gnocchi.19ed4414-acd1-4582-9d9b-536676e33b7f" "tx996ecb2b0bea485b82583-006971cc60" "proxy-server 12" 0.0283 "-" 21 0
Jan 22 07:06:08 standalone proxy-server[124465]: 172.18.0.2 ::1 22/Jan/2026/07/06/08 PUT /v1/AUTH_6da408b3ff724a03ae7542522b7f2a66/gnocchi.19ed4414-acd1-4582-9d9b-536676e33b7f HTTP/1.0 201 - python-swiftclient-3.11.1 gAAAAABpccwcBwkP... - - - tx996ecb2b0bea485b82583-006971cc60 - 0.0390 - - 1769065568.636111021 1769065568.675114870 0
Jan 22 07:06:08 standalone container-server[122531]: 172.20.0.100 - - [22/Jan/2026:07:06:08 +0000] "HEAD /d1/302/AUTH_6da408b3ff724a03ae7542522b7f2a66/gnocchi.19ed4414-acd1-4582-9d9b-536676e33b7f" 204 - "HEAD http://localhost:8080/v1/AUTH_6da408b3ff724a03ae7542522b7f2a66/gnocchi.19ed4414-acd1-4582-9d9b-536676e33b7f?format=json&states=listing" "tx33ec65de6e6d49389d2cd-006971cc60" "proxy-server 12" 0.0036 "-" 20 0
Jan 22 07:06:08 standalone proxy-server[124465]: - - 22/Jan/2026/07/06/08 HEAD /v1/AUTH_6da408b3ff724a03ae7542522b7f2a66/gnocchi.19ed4414-acd1-4582-9d9b-536676e33b7f%3Fformat%3Djson%26states%3Dlisting HTTP/1.0 204 - Swift - - - - tx33ec65de6e6d49389d2cd-006971cc60 - 0.0211 RL - 1769065568.689713001 1769065568.710846424 0
Jan 22 07:06:08 standalone container-server[122543]: 172.20.0.100 - - [22/Jan/2026:07:06:08 +0000] "GET /d1/302/AUTH_6da408b3ff724a03ae7542522b7f2a66/gnocchi.19ed4414-acd1-4582-9d9b-536676e33b7f" 200 2 "GET http://localhost:8080/v1/AUTH_6da408b3ff724a03ae7542522b7f2a66/gnocchi.19ed4414-acd1-4582-9d9b-536676e33b7f?format=json&states=listing" "tx33ec65de6e6d49389d2cd-006971cc60" "proxy-server 12" 0.0048 "-" 23 0
Jan 22 07:06:08 standalone proxy-server[124465]: 172.18.0.2 ::1 22/Jan/2026/07/06/08 GET /v1/AUTH_6da408b3ff724a03ae7542522b7f2a66/gnocchi.19ed4414-acd1-4582-9d9b-536676e33b7f%3Fformat%3Djson%26states%3Dlisting HTTP/1.0 200 - python-swiftclient-3.11.1 gAAAAABpccwcBwkP... - 2 - tx33ec65de6e6d49389d2cd-006971cc60 - 0.0499 - - 1769065568.687606573 1769065568.737477541 0
Jan 22 07:06:08 standalone object-server[122693]: 172.20.0.100 - - [22/Jan/2026:07:06:08 +0000] "GET /d1/91/AUTH_6da408b3ff724a03ae7542522b7f2a66/gnocchi.19ed4414-acd1-4582-9d9b-536676e33b7f/1769040000.0_mean_300.0_v3" 404 70 "GET http://localhost:8080/v1/AUTH_6da408b3ff724a03ae7542522b7f2a66/gnocchi.19ed4414-acd1-4582-9d9b-536676e33b7f/1769040000.0_mean_300.0_v3" "txa49868234bae44b390f27-006971cc60" "proxy-server 12" 0.0007 "-" 22 0
Jan 22 07:06:08 standalone proxy-server[124465]: 172.18.0.2 ::1 22/Jan/2026/07/06/08 GET /v1/AUTH_6da408b3ff724a03ae7542522b7f2a66/gnocchi.19ed4414-acd1-4582-9d9b-536676e33b7f/1769040000.0_mean_300.0_v3 HTTP/1.0 404 - python-swiftclient-3.11.1 gAAAAABpccwcBwkP... - 70 - txa49868234bae44b390f27-006971cc60 - 0.0126 - - 1769065568.745541334 1769065568.758161545 0
Jan 22 07:06:08 standalone container-server[122531]: 172.20.0.100 - - [22/Jan/2026:07:06:08 +0000] "PUT /d1/302/AUTH_6da408b3ff724a03ae7542522b7f2a66/gnocchi.19ed4414-acd1-4582-9d9b-536676e33b7f/1769040000.0_mean_300.0_v3" 201 - "PUT http://localhost:8080/d1/91/AUTH_6da408b3ff724a03ae7542522b7f2a66/gnocchi.19ed4414-acd1-4582-9d9b-536676e33b7f/1769040000.0_mean_300.0_v3" "tx73b337979912404da2b58-006971cc60" "object-server 24" 0.0012 "-" 20 0
Jan 22 07:06:08 standalone object-server[122704]: 172.20.0.100 - - [22/Jan/2026:07:06:08 +0000] "PUT /d1/91/AUTH_6da408b3ff724a03ae7542522b7f2a66/gnocchi.19ed4414-acd1-4582-9d9b-536676e33b7f/1769040000.0_mean_300.0_v3" 201 - "PUT http://localhost:8080/v1/AUTH_6da408b3ff724a03ae7542522b7f2a66/gnocchi.19ed4414-acd1-4582-9d9b-536676e33b7f/1769040000.0_mean_300.0_v3" "tx73b337979912404da2b58-006971cc60" "proxy-server 12" 0.0433 "-" 24 0
Jan 22 07:06:08 standalone proxy-server[124465]: 172.18.0.2 ::1 22/Jan/2026/07/06/08 PUT /v1/AUTH_6da408b3ff724a03ae7542522b7f2a66/gnocchi.19ed4414-acd1-4582-9d9b-536676e33b7f/1769040000.0_mean_300.0_v3 HTTP/1.0 201 - python-swiftclient-3.11.1 gAAAAABpccwcBwkP... 16 - - tx73b337979912404da2b58-006971cc60 - 0.0561 - - 1769065568.765530586 1769065568.821627617 0
Jan 22 07:06:08 standalone container-server[122534]: 172.20.0.100 - - [22/Jan/2026:07:06:08 +0000] "PUT /d1/302/AUTH_6da408b3ff724a03ae7542522b7f2a66/gnocchi.19ed4414-acd1-4582-9d9b-536676e33b7f/none_v3" 201 - "PUT http://localhost:8080/d1/81/AUTH_6da408b3ff724a03ae7542522b7f2a66/gnocchi.19ed4414-acd1-4582-9d9b-536676e33b7f/none_v3" "tx40a7b7cebe2d47c398264-006971cc60" "object-server 24" 0.0011 "-" 21 0
Jan 22 07:06:08 standalone object-server[122704]: 172.20.0.100 - - [22/Jan/2026:07:06:08 +0000] "PUT /d1/81/AUTH_6da408b3ff724a03ae7542522b7f2a66/gnocchi.19ed4414-acd1-4582-9d9b-536676e33b7f/none_v3" 201 - "PUT http://localhost:8080/v1/AUTH_6da408b3ff724a03ae7542522b7f2a66/gnocchi.19ed4414-acd1-4582-9d9b-536676e33b7f/none_v3" "tx40a7b7cebe2d47c398264-006971cc60" "proxy-server 12" 0.0188 "-" 24 0
Jan 22 07:06:08 standalone proxy-server[124465]: 172.18.0.2 ::1 22/Jan/2026/07/06/08 PUT /v1/AUTH_6da408b3ff724a03ae7542522b7f2a66/gnocchi.19ed4414-acd1-4582-9d9b-536676e33b7f/none_v3 HTTP/1.0 201 - python-swiftclient-3.11.1 gAAAAABpccwcBwkP... 22 - - tx40a7b7cebe2d47c398264-006971cc60 - 0.0287 - - 1769065568.827835083 1769065568.856516123 0
Jan 22 07:07:22 standalone container-server[122339]: Begin container update sweep
Jan 22 07:07:22 standalone account-server[122396]: 172.20.0.100 - - [22/Jan/2026:07:07:22 +0000] "PUT /d1/648/AUTH_6da408b3ff724a03ae7542522b7f2a66/gnocchi.2b2172e0-c18d-4ce5-a682-173e327f6cbb" 201 - "-" "-" "container-updater 2" 0.0010 "-" 18 0
Jan 22 07:07:22 standalone account-server[122377]: 172.20.0.100 - - [22/Jan/2026:07:07:22 +0000] "PUT /d1/648/AUTH_6da408b3ff724a03ae7542522b7f2a66/gnocchi.823b170c-3146-4ee3-9767-73b8d0ea1b72" 201 - "-" "-" "container-updater 2" 0.0004 "-" 17 0
Jan 22 07:07:22 standalone account-server[122416]: 172.20.0.100 - - [22/Jan/2026:07:07:22 +0000] "PUT /d1/648/AUTH_6da408b3ff724a03ae7542522b7f2a66/glance" 201 - "-" "-" "container-updater 2" 0.0006 "-" 22 0
Jan 22 07:07:22 standalone account-server[122396]: 172.20.0.100 - - [22/Jan/2026:07:07:22 +0000] "PUT /d1/648/AUTH_6da408b3ff724a03ae7542522b7f2a66/gnocchi.b47eebbd-d89e-4268-bdf3-47469ac1e278" 201 - "-" "-" "container-updater 2" 0.0004 "-" 18 0
Jan 22 07:07:23 standalone account-server[122402]: 172.20.0.100 - - [22/Jan/2026:07:07:23 +0000] "PUT /d1/648/AUTH_6da408b3ff724a03ae7542522b7f2a66/gnocchi.ecf812c4-fd21-455f-abb3-5c7ffc36a8f8" 201 - "-" "-" "container-updater 2" 0.0011 "-" 19 0
Jan 22 07:07:23 standalone account-server[122396]: 172.20.0.100 - - [22/Jan/2026:07:07:23 +0000] "PUT /d1/648/AUTH_6da408b3ff724a03ae7542522b7f2a66/gnocchi.0222ec03-b9a4-403c-ac39-b5f40d6ae61d" 201 - "-" "-" "container-updater 2" 0.0008 "-" 18 0
Jan 22 07:07:23 standalone account-server[122402]: 172.20.0.100 - - [22/Jan/2026:07:07:23 +0000] "PUT /d1/648/AUTH_6da408b3ff724a03ae7542522b7f2a66/gnocchi.b1e3636a-8cc9-4c2a-88ca-f1cfbe302421" 201 - "-" "-" "container-updater 2" 0.0006 "-" 19 0
Jan 22 07:07:23 standalone account-server[122396]: 172.20.0.100 - - [22/Jan/2026:07:07:23 +0000] "PUT /d1/648/AUTH_6da408b3ff724a03ae7542522b7f2a66/gnocchi.19ed4414-acd1-4582-9d9b-536676e33b7f" 201 - "-" "-" "container-updater 2" 0.0006 "-" 18 0
Jan 22 07:07:23 standalone account-server[122416]: 172.20.0.100 - - [22/Jan/2026:07:07:23 +0000] "PUT /d1/648/AUTH_6da408b3ff724a03ae7542522b7f2a66/gnocchi.3c48806a-eca9-47bb-bdc5-1530976aa7b3" 201 - "-" "-" "container-updater 2" 0.0009 "-" 22 0
Jan 22 07:07:23 standalone container-server[122339]: Container update sweep completed: 0.81s
Jan 22 07:08:02 standalone account-server[122396]: 172.20.0.100 - - [22/Jan/2026:07:08:02 +0000] "HEAD /d1/354/.expiring_objects" 404 - "HEAD http://localhost/v1/.expiring_objects?format=json" "txdd8569f320364d158d397-006971ccd2" "proxy-server 2" 0.0014 "-" 18 -
Jan 22 07:08:02 standalone object-expirer[122552]: Pass completed in 0s; 0 objects expired (txn: txdd8569f320364d158d397-006971ccd2)
Jan 22 07:08:21 standalone account-server[122416]: 172.20.0.100 - - [22/Jan/2026:07:08:21 +0000] "HEAD /d1/648/AUTH_6da408b3ff724a03ae7542522b7f2a66" 204 - "HEAD http://localhost:8080/v1/AUTH_6da408b3ff724a03ae7542522b7f2a66?format=json" "tx5c87fcdd57bd433cb2283-006971cce5" "proxy-server 12" 0.0053 "-" 22 -
Jan 22 07:08:21 standalone proxy-server[124465]: - - 22/Jan/2026/07/08/21 HEAD /v1/AUTH_6da408b3ff724a03ae7542522b7f2a66%3Fformat%3Djson HTTP/1.0 204 - Swift - - - - tx5c87fcdd57bd433cb2283-006971cce5 - 0.0092 RL - 1769065701.550409794 1769065701.559575796 -
Jan 22 07:08:21 standalone container-server[122531]: 172.20.0.100 - - [22/Jan/2026:07:08:21 +0000] "HEAD /d1/540/AUTH_6da408b3ff724a03ae7542522b7f2a66/gnocchi.85a59d66-948d-4704-9fd0-fcfc87329f6b" 404 - "HEAD http://localhost:8080/v1/AUTH_6da408b3ff724a03ae7542522b7f2a66/gnocchi.85a59d66-948d-4704-9fd0-fcfc87329f6b?format=json&states=listing" "tx5c87fcdd57bd433cb2283-006971cce5" "proxy-server 12" 0.0006 "-" 20 0
Jan 22 07:08:21 standalone object-server[122700]: 172.20.0.100 - - [22/Jan/2026:07:08:21 +0000] "GET /d1/383/AUTH_6da408b3ff724a03ae7542522b7f2a66/gnocchi.85a59d66-948d-4704-9fd0-fcfc87329f6b/none_v3" 404 70 "GET http://localhost:8080/v1/AUTH_6da408b3ff724a03ae7542522b7f2a66/gnocchi.85a59d66-948d-4704-9fd0-fcfc87329f6b/none_v3" "tx5c87fcdd57bd433cb2283-006971cce5" "proxy-server 12" 0.0005 "-" 23 0
Jan 22 07:08:21 standalone proxy-server[124465]: 172.18.0.2 ::1 22/Jan/2026/07/08/21 GET /v1/AUTH_6da408b3ff724a03ae7542522b7f2a66/gnocchi.85a59d66-948d-4704-9fd0-fcfc87329f6b/none_v3 HTTP/1.0 404 - python-swiftclient-3.11.1 gAAAAABpccwcBwkP... - 70 - tx5c87fcdd57bd433cb2283-006971cce5 - 0.0222 - - 1769065701.549142122 1769065701.571366549 0
Jan 22 07:08:21 standalone account-server[122396]: 172.20.0.100 - - [22/Jan/2026:07:08:21 +0000] "PUT /d1/648/AUTH_6da408b3ff724a03ae7542522b7f2a66/gnocchi.85a59d66-948d-4704-9fd0-fcfc87329f6b" 201 - "PUT http://172.20.0.100:6001/d1/540/AUTH_6da408b3ff724a03ae7542522b7f2a66/gnocchi.85a59d66-948d-4704-9fd0-fcfc87329f6b" "txa0290201e9b641cf8ce09-006971cce5" "container-server 21" 0.0012 "-" 18 0
Jan 22 07:08:21 standalone container-server[122534]: 172.20.0.100 - - [22/Jan/2026:07:08:21 +0000] "PUT /d1/540/AUTH_6da408b3ff724a03ae7542522b7f2a66/gnocchi.85a59d66-948d-4704-9fd0-fcfc87329f6b" 201 - "PUT http://localhost:8080/v1/AUTH_6da408b3ff724a03ae7542522b7f2a66/gnocchi.85a59d66-948d-4704-9fd0-fcfc87329f6b" "txa0290201e9b641cf8ce09-006971cce5" "proxy-server 12" 0.0096 "-" 21 0
Jan 22 07:08:21 standalone proxy-server[124465]: 172.18.0.2 ::1 22/Jan/2026/07/08/21 PUT /v1/AUTH_6da408b3ff724a03ae7542522b7f2a66/gnocchi.85a59d66-948d-4704-9fd0-fcfc87329f6b HTTP/1.0 201 - python-swiftclient-3.11.1 gAAAAABpccwcBwkP... - - - txa0290201e9b641cf8ce09-006971cce5 - 0.0142 - - 1769065701.574444056 1769065701.588670015 0
Jan 22 07:08:21 standalone container-server[122537]: 172.20.0.100 - - [22/Jan/2026:07:08:21 +0000] "HEAD /d1/540/AUTH_6da408b3ff724a03ae7542522b7f2a66/gnocchi.85a59d66-948d-4704-9fd0-fcfc87329f6b" 204 - "HEAD http://localhost:8080/v1/AUTH_6da408b3ff724a03ae7542522b7f2a66/gnocchi.85a59d66-948d-4704-9fd0-fcfc87329f6b?format=json&states=listing" "tx7cf4ae97113b4252b00ab-006971cce5" "proxy-server 12" 0.0014 "-" 22 0
Jan 22 07:08:21 standalone proxy-server[124465]: - - 22/Jan/2026/07/08/21 HEAD /v1/AUTH_6da408b3ff724a03ae7542522b7f2a66/gnocchi.85a59d66-948d-4704-9fd0-fcfc87329f6b%3Fformat%3Djson%26states%3Dlisting HTTP/1.0 204 - Swift - - - - tx7cf4ae97113b4252b00ab-006971cce5 - 0.0039 RL - 1769065701.593032360 1769065701.596960783 0
Jan 22 07:08:21 standalone container-server[122531]: 172.20.0.100 - - [22/Jan/2026:07:08:21 +0000] "GET /d1/540/AUTH_6da408b3ff724a03ae7542522b7f2a66/gnocchi.85a59d66-948d-4704-9fd0-fcfc87329f6b" 200 2 "GET http://localhost:8080/v1/AUTH_6da408b3ff724a03ae7542522b7f2a66/gnocchi.85a59d66-948d-4704-9fd0-fcfc87329f6b?format=json&states=listing" "tx7cf4ae97113b4252b00ab-006971cce5" "proxy-server 12" 0.0017 "-" 20 0
Jan 22 07:08:21 standalone proxy-server[124465]: 172.18.0.2 ::1 22/Jan/2026/07/08/21 GET /v1/AUTH_6da408b3ff724a03ae7542522b7f2a66/gnocchi.85a59d66-948d-4704-9fd0-fcfc87329f6b%3Fformat%3Djson%26states%3Dlisting HTTP/1.0 200 - python-swiftclient-3.11.1 gAAAAABpccwcBwkP... - 2 - tx7cf4ae97113b4252b00ab-006971cce5 - 0.0116 - - 1769065701.591926813 1769065701.603518963 0
Jan 22 07:08:21 standalone object-server[122700]: 172.20.0.100 - - [22/Jan/2026:07:08:21 +0000] "GET /d1/982/AUTH_6da408b3ff724a03ae7542522b7f2a66/gnocchi.85a59d66-948d-4704-9fd0-fcfc87329f6b/1769040000.0_mean_300.0_v3" 404 70 "GET http://localhost:8080/v1/AUTH_6da408b3ff724a03ae7542522b7f2a66/gnocchi.85a59d66-948d-4704-9fd0-fcfc87329f6b/1769040000.0_mean_300.0_v3" "tx4f651b3608f0448f85322-006971cce5" "proxy-server 12" 0.0006 "-" 23 0
Jan 22 07:08:21 standalone proxy-server[124465]: 172.18.0.2 ::1 22/Jan/2026/07/08/21 GET /v1/AUTH_6da408b3ff724a03ae7542522b7f2a66/gnocchi.85a59d66-948d-4704-9fd0-fcfc87329f6b/1769040000.0_mean_300.0_v3 HTTP/1.0 404 - python-swiftclient-3.11.1 gAAAAABpccwcBwkP... - 70 - tx4f651b3608f0448f85322-006971cce5 - 0.0073 - - 1769065701.606547594 1769065701.613834858 0
Jan 22 07:08:21 standalone container-server[122534]: 172.20.0.100 - - [22/Jan/2026:07:08:21 +0000] "PUT /d1/540/AUTH_6da408b3ff724a03ae7542522b7f2a66/gnocchi.85a59d66-948d-4704-9fd0-fcfc87329f6b/1769040000.0_mean_300.0_v3" 201 - "PUT http://localhost:8080/d1/982/AUTH_6da408b3ff724a03ae7542522b7f2a66/gnocchi.85a59d66-948d-4704-9fd0-fcfc87329f6b/1769040000.0_mean_300.0_v3" "txe1c9c9ab5d424185afefe-006971cce5" "object-server 22" 0.0006 "-" 21 0
Jan 22 07:08:21 standalone object-server[122693]: 172.20.0.100 - - [22/Jan/2026:07:08:21 +0000] "PUT /d1/982/AUTH_6da408b3ff724a03ae7542522b7f2a66/gnocchi.85a59d66-948d-4704-9fd0-fcfc87329f6b/1769040000.0_mean_300.0_v3" 201 - "PUT http://localhost:8080/v1/AUTH_6da408b3ff724a03ae7542522b7f2a66/gnocchi.85a59d66-948d-4704-9fd0-fcfc87329f6b/1769040000.0_mean_300.0_v3" "txe1c9c9ab5d424185afefe-006971cce5" "proxy-server 12" 0.0089 "-" 22 0
Jan 22 07:08:21 standalone proxy-server[124465]: 172.18.0.2 ::1 22/Jan/2026/07/08/21 PUT /v1/AUTH_6da408b3ff724a03ae7542522b7f2a66/gnocchi.85a59d66-948d-4704-9fd0-fcfc87329f6b/1769040000.0_mean_300.0_v3 HTTP/1.0 201 - python-swiftclient-3.11.1 gAAAAABpccwcBwkP... 16 - - txe1c9c9ab5d424185afefe-006971cce5 - 0.0134 - - 1769065701.616595268 1769065701.629975080 0
Jan 22 07:08:21 standalone container-server[122543]: 172.20.0.100 - - [22/Jan/2026:07:08:21 +0000] "PUT /d1/540/AUTH_6da408b3ff724a03ae7542522b7f2a66/gnocchi.85a59d66-948d-4704-9fd0-fcfc87329f6b/none_v3" 201 - "PUT http://localhost:8080/d1/383/AUTH_6da408b3ff724a03ae7542522b7f2a66/gnocchi.85a59d66-948d-4704-9fd0-fcfc87329f6b/none_v3" "txc187f96bfce14eae89cf8-006971cce5" "object-server 24" 0.0005 "-" 23 0
Jan 22 07:08:21 standalone object-server[122704]: 172.20.0.100 - - [22/Jan/2026:07:08:21 +0000] "PUT /d1/383/AUTH_6da408b3ff724a03ae7542522b7f2a66/gnocchi.85a59d66-948d-4704-9fd0-fcfc87329f6b/none_v3" 201 - "PUT http://localhost:8080/v1/AUTH_6da408b3ff724a03ae7542522b7f2a66/gnocchi.85a59d66-948d-4704-9fd0-fcfc87329f6b/none_v3" "txc187f96bfce14eae89cf8-006971cce5" "proxy-server 12" 0.0073 "-" 24 0
Jan 22 07:08:21 standalone proxy-server[124465]: 172.18.0.2 ::1 22/Jan/2026/07/08/21 PUT /v1/AUTH_6da408b3ff724a03ae7542522b7f2a66/gnocchi.85a59d66-948d-4704-9fd0-fcfc87329f6b/none_v3 HTTP/1.0 201 - python-swiftclient-3.11.1 gAAAAABpccwcBwkP... 22 - - txc187f96bfce14eae89cf8-006971cce5 - 0.0115 - - 1769065701.632613420 1769065701.644121170 0
Jan 22 07:08:21 standalone container-server[122534]: 172.20.0.100 - - [22/Jan/2026:07:08:21 +0000] "HEAD /d1/933/AUTH_6da408b3ff724a03ae7542522b7f2a66/gnocchi.778eb040-5469-4963-a2bb-4ff6701cac83" 404 - "HEAD http://localhost:8080/v1/AUTH_6da408b3ff724a03ae7542522b7f2a66/gnocchi.778eb040-5469-4963-a2bb-4ff6701cac83?format=json&states=listing" "tx79af8e2e7b664b19a73f7-006971cce5" "proxy-server 12" 0.0007 "-" 21 0
Jan 22 07:08:21 standalone object-server[122704]: 172.20.0.100 - - [22/Jan/2026:07:08:21 +0000] "GET /d1/634/AUTH_6da408b3ff724a03ae7542522b7f2a66/gnocchi.778eb040-5469-4963-a2bb-4ff6701cac83/none_v3" 404 70 "GET http://localhost:8080/v1/AUTH_6da408b3ff724a03ae7542522b7f2a66/gnocchi.778eb040-5469-4963-a2bb-4ff6701cac83/none_v3" "tx79af8e2e7b664b19a73f7-006971cce5" "proxy-server 12" 0.0002 "-" 24 0
Jan 22 07:08:21 standalone proxy-server[124465]: 172.18.0.2 ::1 22/Jan/2026/07/08/21 GET /v1/AUTH_6da408b3ff724a03ae7542522b7f2a66/gnocchi.778eb040-5469-4963-a2bb-4ff6701cac83/none_v3 HTTP/1.0 404 - python-swiftclient-3.11.1 gAAAAABpccwcBwkP... - 70 - tx79af8e2e7b664b19a73f7-006971cce5 - 0.0081 - - 1769065701.653748512 1769065701.661868095 0
Jan 22 07:08:21 standalone account-server[122402]: 172.20.0.100 - - [22/Jan/2026:07:08:21 +0000] "PUT /d1/648/AUTH_6da408b3ff724a03ae7542522b7f2a66/gnocchi.778eb040-5469-4963-a2bb-4ff6701cac83" 201 - "PUT http://172.20.0.100:6001/d1/933/AUTH_6da408b3ff724a03ae7542522b7f2a66/gnocchi.778eb040-5469-4963-a2bb-4ff6701cac83" "tx71f612b37fcb4358bb26f-006971cce5" "container-server 22" 0.0061 "-" 19 0
Jan 22 07:08:21 standalone container-server[122537]: 172.20.0.100 - - [22/Jan/2026:07:08:21 +0000] "PUT /d1/933/AUTH_6da408b3ff724a03ae7542522b7f2a66/gnocchi.778eb040-5469-4963-a2bb-4ff6701cac83" 201 - "PUT http://localhost:8080/v1/AUTH_6da408b3ff724a03ae7542522b7f2a66/gnocchi.778eb040-5469-4963-a2bb-4ff6701cac83" "tx71f612b37fcb4358bb26f-006971cce5" "proxy-server 12" 0.0242 "-" 22 0
Jan 22 07:08:21 standalone proxy-server[124465]: 172.18.0.2 ::1 22/Jan/2026/07/08/21 PUT /v1/AUTH_6da408b3ff724a03ae7542522b7f2a66/gnocchi.778eb040-5469-4963-a2bb-4ff6701cac83 HTTP/1.0 201 - python-swiftclient-3.11.1 gAAAAABpccwcBwkP... - - - tx71f612b37fcb4358bb26f-006971cce5 - 0.0296 - - 1769065701.664658785 1769065701.694277048 0
Jan 22 07:08:21 standalone container-server[122537]: 172.20.0.100 - - [22/Jan/2026:07:08:21 +0000] "HEAD /d1/933/AUTH_6da408b3ff724a03ae7542522b7f2a66/gnocchi.778eb040-5469-4963-a2bb-4ff6701cac83" 204 - "HEAD http://localhost:8080/v1/AUTH_6da408b3ff724a03ae7542522b7f2a66/gnocchi.778eb040-5469-4963-a2bb-4ff6701cac83?format=json&states=listing" "tx5d5534fefb3e41abb4385-006971cce5" "proxy-server 12" 0.0022 "-" 22 0
Jan 22 07:08:21 standalone proxy-server[124465]: - - 22/Jan/2026/07/08/21 HEAD /v1/AUTH_6da408b3ff724a03ae7542522b7f2a66/gnocchi.778eb040-5469-4963-a2bb-4ff6701cac83%3Fformat%3Djson%26states%3Dlisting HTTP/1.0 204 - Swift - - - - tx5d5534fefb3e41abb4385-006971cce5 - 0.0054 RL - 1769065701.698501587 1769065701.703856707 0
Jan 22 07:08:21 standalone container-server[122537]: 172.20.0.100 - - [22/Jan/2026:07:08:21 +0000] "GET /d1/933/AUTH_6da408b3ff724a03ae7542522b7f2a66/gnocchi.778eb040-5469-4963-a2bb-4ff6701cac83" 200 2 "GET http://localhost:8080/v1/AUTH_6da408b3ff724a03ae7542522b7f2a66/gnocchi.778eb040-5469-4963-a2bb-4ff6701cac83?format=json&states=listing" "tx5d5534fefb3e41abb4385-006971cce5" "proxy-server 12" 0.0031 "-" 22 0
Jan 22 07:08:21 standalone proxy-server[124465]: 172.18.0.2 ::1 22/Jan/2026/07/08/21 GET /v1/AUTH_6da408b3ff724a03ae7542522b7f2a66/gnocchi.778eb040-5469-4963-a2bb-4ff6701cac83%3Fformat%3Djson%26states%3Dlisting HTTP/1.0 200 - python-swiftclient-3.11.1 gAAAAABpccwcBwkP... - 2 - tx5d5534fefb3e41abb4385-006971cce5 - 0.0147 - - 1769065701.697615147 1769065701.712319136 0
Jan 22 07:08:21 standalone object-server[122704]: 172.20.0.100 - - [22/Jan/2026:07:08:21 +0000] "GET /d1/321/AUTH_6da408b3ff724a03ae7542522b7f2a66/gnocchi.778eb040-5469-4963-a2bb-4ff6701cac83/1769040000.0_mean_300.0_v3" 404 70 "GET http://localhost:8080/v1/AUTH_6da408b3ff724a03ae7542522b7f2a66/gnocchi.778eb040-5469-4963-a2bb-4ff6701cac83/1769040000.0_mean_300.0_v3" "tx3b7d0f3ff9b64a56a3025-006971cce5" "proxy-server 12" 0.0003 "-" 24 0
Jan 22 07:08:21 standalone proxy-server[124465]: 172.18.0.2 ::1 22/Jan/2026/07/08/21 GET /v1/AUTH_6da408b3ff724a03ae7542522b7f2a66/gnocchi.778eb040-5469-4963-a2bb-4ff6701cac83/1769040000.0_mean_300.0_v3 HTTP/1.0 404 - python-swiftclient-3.11.1 gAAAAABpccwcBwkP... - 70 - tx3b7d0f3ff9b64a56a3025-006971cce5 - 0.0044 - - 1769065701.715723991 1769065701.720150948 0
Jan 22 07:08:21 standalone container-server[122543]: 172.20.0.100 - - [22/Jan/2026:07:08:21 +0000] "PUT /d1/933/AUTH_6da408b3ff724a03ae7542522b7f2a66/gnocchi.778eb040-5469-4963-a2bb-4ff6701cac83/1769040000.0_mean_300.0_v3" 201 - "PUT http://localhost:8080/d1/321/AUTH_6da408b3ff724a03ae7542522b7f2a66/gnocchi.778eb040-5469-4963-a2bb-4ff6701cac83/1769040000.0_mean_300.0_v3" "tx84960f6110b340839cb97-006971cce5" "object-server 25" 0.0005 "-" 23 0
Jan 22 07:08:21 standalone object-server[122706]: 172.20.0.100 - - [22/Jan/2026:07:08:21 +0000] "PUT /d1/321/AUTH_6da408b3ff724a03ae7542522b7f2a66/gnocchi.778eb040-5469-4963-a2bb-4ff6701cac83/1769040000.0_mean_300.0_v3" 201 - "PUT http://localhost:8080/v1/AUTH_6da408b3ff724a03ae7542522b7f2a66/gnocchi.778eb040-5469-4963-a2bb-4ff6701cac83/1769040000.0_mean_300.0_v3" "tx84960f6110b340839cb97-006971cce5" "proxy-server 12" 0.0098 "-" 25 0
Jan 22 07:08:21 standalone proxy-server[124465]: 172.18.0.2 ::1 22/Jan/2026/07/08/21 PUT /v1/AUTH_6da408b3ff724a03ae7542522b7f2a66/gnocchi.778eb040-5469-4963-a2bb-4ff6701cac83/1769040000.0_mean_300.0_v3 HTTP/1.0 201 - python-swiftclient-3.11.1 gAAAAABpccwcBwkP... 16 - - tx84960f6110b340839cb97-006971cce5 - 0.0143 - - 1769065701.722482681 1769065701.736806631 0
Jan 22 07:08:21 standalone container-server[122534]: 172.20.0.100 - - [22/Jan/2026:07:08:21 +0000] "PUT /d1/933/AUTH_6da408b3ff724a03ae7542522b7f2a66/gnocchi.778eb040-5469-4963-a2bb-4ff6701cac83/none_v3" 201 - "PUT http://localhost:8080/d1/634/AUTH_6da408b3ff724a03ae7542522b7f2a66/gnocchi.778eb040-5469-4963-a2bb-4ff6701cac83/none_v3" "tx414e9e2020ba4321a58dd-006971cce5" "object-server 25" 0.0006 "-" 21 0
Jan 22 07:08:21 standalone object-server[122706]: 172.20.0.100 - - [22/Jan/2026:07:08:21 +0000] "PUT /d1/634/AUTH_6da408b3ff724a03ae7542522b7f2a66/gnocchi.778eb040-5469-4963-a2bb-4ff6701cac83/none_v3" 201 - "PUT http://localhost:8080/v1/AUTH_6da408b3ff724a03ae7542522b7f2a66/gnocchi.778eb040-5469-4963-a2bb-4ff6701cac83/none_v3" "tx414e9e2020ba4321a58dd-006971cce5" "proxy-server 12" 0.0104 "-" 25 0
Jan 22 07:08:21 standalone proxy-server[124465]: 172.18.0.2 ::1 22/Jan/2026/07/08/21 PUT /v1/AUTH_6da408b3ff724a03ae7542522b7f2a66/gnocchi.778eb040-5469-4963-a2bb-4ff6701cac83/none_v3 HTTP/1.0 201 - python-swiftclient-3.11.1 gAAAAABpccwcBwkP... 22 - - tx414e9e2020ba4321a58dd-006971cce5 - 0.0155 - - 1769065701.739763021 1769065701.755250692 0
