Jan 22 06:53:23 standalone account-server[122260]: Starting 2
Jan 22 06:53:23 standalone account-server[122212]: Started child 17 from parent 2
Jan 22 06:53:23 standalone account-server[122212]: Started child 18 from parent 2
Jan 22 06:53:23 standalone account-server[122212]: Started child 19 from parent 2
Jan 22 06:53:23 standalone account-server[122212]: Started child 22 from parent 2
Jan 22 06:53:24 standalone container-server[122339]: Starting 2
Jan 22 06:53:24 standalone container-server[122271]: Option allow_versions is deprecated. Configure the versioned_writes middleware in the proxy-server instead. This option will be ignored in a future release.
Jan 22 06:53:24 standalone container-server[122531]: Option allow_versions is deprecated. Configure the versioned_writes middleware in the proxy-server instead. This option will be ignored in a future release.
Jan 22 06:53:24 standalone container-server[122271]: Started child 20 from parent 2
Jan 22 06:53:24 standalone container-server[122534]: Option allow_versions is deprecated. Configure the versioned_writes middleware in the proxy-server instead. This option will be ignored in a future release.
Jan 22 06:53:24 standalone container-server[122271]: Started child 21 from parent 2
Jan 22 06:53:24 standalone container-server[122537]: Option allow_versions is deprecated. Configure the versioned_writes middleware in the proxy-server instead. This option will be ignored in a future release.
Jan 22 06:53:24 standalone container-server[122271]: Started child 22 from parent 2
Jan 22 06:53:24 standalone container-server[122543]: Option allow_versions is deprecated. Configure the versioned_writes middleware in the proxy-server instead. This option will be ignored in a future release.
Jan 22 06:53:24 standalone container-server[122271]: Started child 23 from parent 2
Jan 22 06:53:24 standalone object-expirer[122552]: Starting 2
Jan 22 06:53:24 standalone object-expirer[122552]: Option auto_create_account_prefix is deprecated. Configure auto_create_account_prefix under the swift-constraints section of swift.conf. This option will be ignored in a future release.
Jan 22 06:53:24 standalone object-server[122565]: Starting 2
Jan 22 06:53:24 standalone object-server[122585]: Started child 22 from parent 2
Jan 22 06:53:24 standalone object-server[122585]: Started child 23 from parent 2
Jan 22 06:53:24 standalone object-server[122585]: Started child 24 from parent 2
Jan 22 06:53:24 standalone object-server[122585]: Started child 25 from parent 2
Jan 22 06:53:25 standalone object-server[122565]: Begin object update sweep
Jan 22 06:53:25 standalone object-server[122803]: Object update sweep starting on /srv/node/d1 (pid: 11)
Jan 22 06:53:25 standalone object-server[122803]: Object update sweep completed on /srv/node/d1 in 0.00s seconds:, 0 successes, 0 failures, 0 quarantines, 0 unlinks, 0 errors, 0 redirects (pid: 11)
Jan 22 06:53:25 standalone object-server[122803]: Object update sweep of d1 completed: 0.00s, 0 successes, 0 failures, 0 quarantines, 0 unlinks, 0 errors, 0 redirects
Jan 22 06:53:25 standalone object-server[122565]: Object update sweep completed: 0.08s
Jan 22 06:53:30 standalone proxy-server[124283]: Starting Keystone auth_token middleware
Jan 22 06:53:30 standalone proxy-server[124283]: AuthToken middleware is set with keystone_authtoken.service_token_roles_required set to False. This is backwards compatible but deprecated behaviour. Please set this to True.
Jan 22 06:53:31 standalone proxy-server[124465]: Starting Keystone auth_token middleware
Jan 22 06:53:31 standalone proxy-server[124465]: STDERR: The option "bind_port" is not known to keystonemiddleware
Jan 22 06:53:31 standalone proxy-server[124465]: STDERR: The option "workers" is not known to keystonemiddleware
Jan 22 06:53:31 standalone proxy-server[124465]: STDERR: The option "user" is not known to keystonemiddleware
Jan 22 06:53:31 standalone proxy-server[124465]: STDERR: The option "bind_ip" is not known to keystonemiddleware
Jan 22 06:53:31 standalone proxy-server[124465]: STDERR: The option "log_name" is not known to keystonemiddleware
Jan 22 06:53:31 standalone proxy-server[124465]: STDERR: The option "log_facility" is not known to keystonemiddleware
Jan 22 06:53:31 standalone proxy-server[124465]: STDERR: The option "log_level" is not known to keystonemiddleware
Jan 22 06:53:31 standalone proxy-server[124465]: STDERR: The option "log_headers" is not known to keystonemiddleware
Jan 22 06:53:31 standalone proxy-server[124465]: STDERR: The option "log_address" is not known to keystonemiddleware
Jan 22 06:53:31 standalone proxy-server[124465]: STDERR: The option "project_name" is not known to keystonemiddleware
Jan 22 06:53:31 standalone proxy-server[124465]: STDERR: The option "username" is not known to keystonemiddleware
Jan 22 06:53:31 standalone proxy-server[124465]: STDERR: The option "password" is not known to keystonemiddleware
Jan 22 06:53:31 standalone proxy-server[124465]: STDERR: The option "auth_url" is not known to keystonemiddleware
Jan 22 06:53:31 standalone proxy-server[124465]: STDERR: The option "signing_dir" is not known to keystonemiddleware
Jan 22 06:53:31 standalone proxy-server[124465]: STDERR: The option "project_domain_id" is not known to keystonemiddleware
Jan 22 06:53:31 standalone proxy-server[124465]: STDERR: The option "user_domain_id" is not known to keystonemiddleware
Jan 22 06:53:31 standalone proxy-server[124465]: STDERR: The option "__name__" is not known to keystonemiddleware
Jan 22 06:53:31 standalone proxy-server[124465]: AuthToken middleware is set with keystone_authtoken.service_token_roles_required set to False. This is backwards compatible but deprecated behaviour. Please set this to True.
Jan 22 06:53:31 standalone proxy-server[124283]: Started child 12 from parent 2
Jan 22 06:55:21 standalone account-server[122377]: 172.20.0.100 - - [22/Jan/2026:06:55:21 +0000] "HEAD /d1/354/.expiring_objects" 404 - "HEAD http://localhost/v1/.expiring_objects?format=json" "tx4211bdbfa4fa4fcf96c9b-006971c9d9" "proxy-server 2" 0.0018 "-" 17 -
Jan 22 06:55:21 standalone object-expirer[122552]: Pass completed in 0s; 0 objects expired (txn: tx4211bdbfa4fa4fcf96c9b-006971c9d9)
Jan 22 06:55:52 standalone account-server[122377]: 172.20.0.100 - - [22/Jan/2026:06:55:52 +0000] "HEAD /d1/354/.expiring_objects" 404 - "HEAD http://localhost/v1/.expiring_objects?format=json" "tx8fcfa9484727461bbd974-006971c9f8" "proxy-server 2" 0.0021 "-" 17 -
Jan 22 06:55:52 standalone object-expirer[122552]: Pass completed in 0s; 0 objects expired (txn: tx8fcfa9484727461bbd974-006971c9f8)
Jan 22 06:57:22 standalone container-server[122339]: Begin container update sweep
Jan 22 06:57:22 standalone container-server[122339]: Container update sweep completed: 0.00s
Jan 22 06:58:25 standalone object-server[122565]: Begin object update sweep
Jan 22 06:58:25 standalone object-server[158083]: Object update sweep starting on /srv/node/d1 (pid: 13)
Jan 22 06:58:25 standalone object-server[158083]: Object update sweep completed on /srv/node/d1 in 0.00s seconds:, 0 successes, 0 failures, 0 quarantines, 0 unlinks, 0 errors, 0 redirects (pid: 13)
Jan 22 06:58:25 standalone object-server[158083]: Object update sweep of d1 completed: 0.00s, 0 successes, 0 failures, 0 quarantines, 0 unlinks, 0 errors, 0 redirects
Jan 22 06:58:26 standalone object-server[122565]: Object update sweep completed: 0.10s
Jan 22 06:59:50 standalone account-server[122416]: 172.20.0.100 - - [22/Jan/2026:06:59:50 +0000] "HEAD /d1/648/AUTH_6da408b3ff724a03ae7542522b7f2a66" 404 - "HEAD http://localhost:8080/v1/AUTH_6da408b3ff724a03ae7542522b7f2a66?format=json" "tx2dbdf41358bd4156b97c9-006971cae6" "proxy-server 12" 0.0020 "-" 22 -
Jan 22 06:59:50 standalone proxy-server[124465]: - - 22/Jan/2026/06/59/50 HEAD /v1/AUTH_6da408b3ff724a03ae7542522b7f2a66%3Fformat%3Djson HTTP/1.0 200 - Swift - - - - tx2dbdf41358bd4156b97c9-006971cae6 - 0.0080 RL - 1769065190.188069582 1769065190.196087360 -
Jan 22 06:59:50 standalone proxy-server[124465]: 172.18.0.2 ::1 22/Jan/2026/06/59/50 HEAD /v1/AUTH_6da408b3ff724a03ae7542522b7f2a66/glance%3Fformat%3Djson HTTP/1.0 404 - python-swiftclient-3.11.1 gAAAAABpccrmpSfy... - - - tx2dbdf41358bd4156b97c9-006971cae6 - 0.6055 - - 1769065190.183606863 1769065190.789063215 -
Jan 22 06:59:50 standalone account-server[122377]: 172.20.0.100 - - [22/Jan/2026:06:59:50 +0000] "PUT /d1/648/AUTH_6da408b3ff724a03ae7542522b7f2a66" 201 - "-" "tx729d77cf85cd497ba620f-006971cae6" "-" 0.0142 "-" 17 -
Jan 22 06:59:50 standalone proxy-server[124465]: autocreate account '/AUTH_6da408b3ff724a03ae7542522b7f2a66' (txn: tx729d77cf85cd497ba620f-006971cae6)
Jan 22 06:59:50 standalone account-server[122402]: 172.20.0.100 - - [22/Jan/2026:06:59:50 +0000] "HEAD /d1/648/AUTH_6da408b3ff724a03ae7542522b7f2a66" 204 - "HEAD http://localhost:8080/v1/AUTH_6da408b3ff724a03ae7542522b7f2a66?format=json" "tx729d77cf85cd497ba620f-006971cae6" "proxy-server 12" 0.0026 "-" 19 -
Jan 22 06:59:50 standalone account-server[122396]: 172.20.0.100 - - [22/Jan/2026:06:59:50 +0000] "PUT /d1/648/AUTH_6da408b3ff724a03ae7542522b7f2a66/glance" 201 - "PUT http://172.20.0.100:6001/d1/963/AUTH_6da408b3ff724a03ae7542522b7f2a66/glance" "tx729d77cf85cd497ba620f-006971cae6" "container-server 20" 0.0023 "-" 18 0
Jan 22 06:59:50 standalone container-server[122531]: 172.20.0.100 - - [22/Jan/2026:06:59:50 +0000] "PUT /d1/963/AUTH_6da408b3ff724a03ae7542522b7f2a66/glance" 201 - "PUT http://localhost:8080/v1/AUTH_6da408b3ff724a03ae7542522b7f2a66/glance" "tx729d77cf85cd497ba620f-006971cae6" "proxy-server 12" 0.0131 "-" 20 0
Jan 22 06:59:50 standalone proxy-server[124465]: 172.18.0.2 ::1 22/Jan/2026/06/59/50 PUT /v1/AUTH_6da408b3ff724a03ae7542522b7f2a66/glance HTTP/1.0 201 - python-swiftclient-3.11.1 gAAAAABpccrmpSfy... - - - tx729d77cf85cd497ba620f-006971cae6 - 0.0452 - - 1769065190.794552088 1769065190.839788198 0
Jan 22 06:59:50 standalone container-server[122531]: 172.20.0.100 - - [22/Jan/2026:06:59:50 +0000] "HEAD /d1/963/AUTH_6da408b3ff724a03ae7542522b7f2a66/glance" 204 - "HEAD http://localhost:8080/v1/AUTH_6da408b3ff724a03ae7542522b7f2a66/glance?format=json&states=listing" "tx634380b9879f4d3c91fa9-006971cae6" "proxy-server 12" 0.0015 "-" 20 0
Jan 22 06:59:50 standalone proxy-server[124465]: - - 22/Jan/2026/06/59/50 HEAD /v1/AUTH_6da408b3ff724a03ae7542522b7f2a66/glance%3Fformat%3Djson%26states%3Dlisting HTTP/1.0 204 - Swift - - - - tx634380b9879f4d3c91fa9-006971cae6 - 0.0057 RL - 1769065190.849118710 1769065190.854812145 0
Jan 22 07:00:09 standalone container-server[122537]: 172.20.0.100 - - [22/Jan/2026:07:00:09 +0000] "PUT /d1/963/AUTH_6da408b3ff724a03ae7542522b7f2a66/glance/c32ec7f4-477b-48a6-bf90-341f99cc5ebb" 201 - "PUT http://localhost:8080/d1/230/AUTH_6da408b3ff724a03ae7542522b7f2a66/glance/c32ec7f4-477b-48a6-bf90-341f99cc5ebb" "tx634380b9879f4d3c91fa9-006971cae6" "object-server 23" 0.0014 "-" 22 0
Jan 22 07:00:09 standalone object-server[122700]: 172.20.0.100 - - [22/Jan/2026:07:00:09 +0000] "PUT /d1/230/AUTH_6da408b3ff724a03ae7542522b7f2a66/glance/c32ec7f4-477b-48a6-bf90-341f99cc5ebb" 201 - "PUT http://localhost:8080/v1/AUTH_6da408b3ff724a03ae7542522b7f2a66/glance/c32ec7f4-477b-48a6-bf90-341f99cc5ebb" "tx634380b9879f4d3c91fa9-006971cae6" "proxy-server 12" 18.5858 "-" 23 0
Jan 22 07:00:09 standalone proxy-server[124465]: 172.18.0.2 ::1 22/Jan/2026/07/00/09 PUT /v1/AUTH_6da408b3ff724a03ae7542522b7f2a66/glance/c32ec7f4-477b-48a6-bf90-341f99cc5ebb HTTP/1.0 201 - python-swiftclient-3.11.1 gAAAAABpccrmpSfy... 1472724992 - - tx634380b9879f4d3c91fa9-006971cae6 - 18.6014 - - 1769065190.847820520 1769065209.449220181 0
Jan 22 07:00:36 standalone account-server[122402]: 172.20.0.100 - - [22/Jan/2026:07:00:36 +0000] "HEAD /d1/354/.expiring_objects" 404 - "HEAD http://localhost/v1/.expiring_objects?format=json" "tx245a33c626664bd381454-006971cb14" "proxy-server 2" 0.0004 "-" 19 -
Jan 22 07:00:36 standalone object-expirer[122552]: Pass completed in 0s; 0 objects expired (txn: tx245a33c626664bd381454-006971cb14)
Jan 22 07:02:22 standalone container-server[122339]: Begin container update sweep
Jan 22 07:02:22 standalone account-server[122377]: 172.20.0.100 - - [22/Jan/2026:07:02:22 +0000] "PUT /d1/648/AUTH_6da408b3ff724a03ae7542522b7f2a66/glance" 201 - "-" "-" "container-updater 2" 0.0024 "-" 17 0
Jan 22 07:02:22 standalone account-server[122416]: 172.20.0.100 - - [22/Jan/2026:07:02:22 +0000] "HEAD /d1/354/.expiring_objects" 404 - "HEAD http://localhost/v1/.expiring_objects?format=json" "txbb95fc8fb783421bbacce-006971cb7e" "proxy-server 2" 0.0004 "-" 22 -
Jan 22 07:02:22 standalone object-expirer[122552]: Pass completed in 0s; 0 objects expired (txn: txbb95fc8fb783421bbacce-006971cb7e)
Jan 22 07:02:22 standalone container-server[122339]: Container update sweep completed: 0.12s
Jan 22 07:03:26 standalone object-server[122565]: Begin object update sweep
Jan 22 07:03:26 standalone object-server[197288]: Object update sweep starting on /srv/node/d1 (pid: 14)
Jan 22 07:03:26 standalone object-server[197288]: Object update sweep completed on /srv/node/d1 in 0.00s seconds:, 0 successes, 0 failures, 0 quarantines, 0 unlinks, 0 errors, 0 redirects (pid: 14)
Jan 22 07:03:26 standalone object-server[197288]: Object update sweep of d1 completed: 0.00s, 0 successes, 0 failures, 0 quarantines, 0 unlinks, 0 errors, 0 redirects
Jan 22 07:03:26 standalone object-server[122565]: Object update sweep completed: 0.08s
Jan 22 07:04:56 standalone account-server[122402]: 172.20.0.100 - - [22/Jan/2026:07:04:56 +0000] "HEAD /d1/648/AUTH_6da408b3ff724a03ae7542522b7f2a66" 204 - "HEAD http://localhost:8080/v1/AUTH_6da408b3ff724a03ae7542522b7f2a66?format=json" "txcbb4dedc41aa48b0a1c0a-006971cc18" "proxy-server 12" 0.0085 "-" 19 -
Jan 22 07:04:56 standalone proxy-server[124465]: - - 22/Jan/2026/07/04/56 HEAD /v1/AUTH_6da408b3ff724a03ae7542522b7f2a66%3Fformat%3Djson HTTP/1.0 204 - Swift - - - - txcbb4dedc41aa48b0a1c0a-006971cc18 - 0.0153 RL - 1769065496.911408424 1769065496.926695108 -
Jan 22 07:04:57 standalone container-server[122543]: 172.20.0.100 - - [22/Jan/2026:07:04:57 +0000] "HEAD /d1/963/AUTH_6da408b3ff724a03ae7542522b7f2a66/glance" 204 - "HEAD http://localhost:8080/v1/AUTH_6da408b3ff724a03ae7542522b7f2a66/glance?format=json&states=listing" "txcbb4dedc41aa48b0a1c0a-006971cc18" "proxy-server 12" 0.0065 "-" 23 0
Jan 22 07:04:57 standalone proxy-server[124465]: 172.18.0.2 ::1 22/Jan/2026/07/04/57 HEAD /v1/AUTH_6da408b3ff724a03ae7542522b7f2a66/glance%3Fformat%3Djson%26states%3Dlisting HTTP/1.0 204 - python-swiftclient-3.11.1 gAAAAABpccwYfJ-o... - - - txcbb4dedc41aa48b0a1c0a-006971cc18 - 0.1344 - - 1769065496.910096407 1769065497.044467926 0
Jan 22 07:04:59 standalone container-server[122531]: 172.20.0.100 - - [22/Jan/2026:07:04:59 +0000] "PUT /d1/963/AUTH_6da408b3ff724a03ae7542522b7f2a66/glance/8eb4a22f-8735-4dc3-946a-7398acf86f5b-00001" 201 - "PUT http://localhost:8080/d1/803/AUTH_6da408b3ff724a03ae7542522b7f2a66/glance/8eb4a22f-8735-4dc3-946a-7398acf86f5b-00001" "tx575ee84c55fe4e30bd186-006971cc19" "object-server 22" 0.0012 "-" 20 0
Jan 22 07:04:59 standalone object-server[122693]: 172.20.0.100 - - [22/Jan/2026:07:04:59 +0000] "PUT /d1/803/AUTH_6da408b3ff724a03ae7542522b7f2a66/glance/8eb4a22f-8735-4dc3-946a-7398acf86f5b-00001" 201 - "PUT http://localhost:8080/v1/AUTH_6da408b3ff724a03ae7542522b7f2a66/glance/8eb4a22f-8735-4dc3-946a-7398acf86f5b-00001" "tx575ee84c55fe4e30bd186-006971cc19" "proxy-server 12" 2.9044 "-" 22 0
Jan 22 07:04:59 standalone proxy-server[124465]: 172.18.0.2 ::1 22/Jan/2026/07/04/59 PUT /v1/AUTH_6da408b3ff724a03ae7542522b7f2a66/glance/8eb4a22f-8735-4dc3-946a-7398acf86f5b-00001 HTTP/1.0 201 - python-swiftclient-3.11.1 gAAAAABpccwYfJ-o... 21692416 - - tx575ee84c55fe4e30bd186-006971cc19 - 2.9142 - - 1769065497.052605391 1769065499.966826677 0
Jan 22 07:04:59 standalone container-server[122534]: 172.20.0.100 - - [22/Jan/2026:07:04:59 +0000] "PUT /d1/963/AUTH_6da408b3ff724a03ae7542522b7f2a66/glance/8eb4a22f-8735-4dc3-946a-7398acf86f5b" 201 - "PUT http://localhost:8080/d1/728/AUTH_6da408b3ff724a03ae7542522b7f2a66/glance/8eb4a22f-8735-4dc3-946a-7398acf86f5b" "tx8c0f08cd81e54a02b1334-006971cc1b" "object-server 22" 0.0016 "-" 21 0
Jan 22 07:04:59 standalone object-server[122693]: 172.20.0.100 - - [22/Jan/2026:07:04:59 +0000] "PUT /d1/728/AUTH_6da408b3ff724a03ae7542522b7f2a66/glance/8eb4a22f-8735-4dc3-946a-7398acf86f5b" 201 - "PUT http://localhost:8080/v1/AUTH_6da408b3ff724a03ae7542522b7f2a66/glance/8eb4a22f-8735-4dc3-946a-7398acf86f5b" "tx8c0f08cd81e54a02b1334-006971cc1b" "proxy-server 12" 0.0112 "-" 22 0
Jan 22 07:04:59 standalone proxy-server[124465]: 172.18.0.2 ::1 22/Jan/2026/07/04/59 PUT /v1/AUTH_6da408b3ff724a03ae7542522b7f2a66/glance/8eb4a22f-8735-4dc3-946a-7398acf86f5b HTTP/1.0 201 - python-swiftclient-3.11.1 gAAAAABpccwYfJ-o... - - - tx8c0f08cd81e54a02b1334-006971cc1b - 0.0194 - - 1769065499.972897291 1769065499.992339849 0
Jan 22 07:05:00 standalone container-server[122534]: 172.20.0.100 - - [22/Jan/2026:07:05:00 +0000] "HEAD /d1/807/AUTH_6da408b3ff724a03ae7542522b7f2a66/gnocchi.b1e3636a-8cc9-4c2a-88ca-f1cfbe302421" 404 - "HEAD http://localhost:8080/v1/AUTH_6da408b3ff724a03ae7542522b7f2a66/gnocchi.b1e3636a-8cc9-4c2a-88ca-f1cfbe302421?format=json&states=listing" "txf7fe0af5f2e64479b61a8-006971cc1c" "proxy-server 12" 0.0011 "-" 21 0
Jan 22 07:05:00 standalone object-server[122700]: 172.20.0.100 - - [22/Jan/2026:07:05:00 +0000] "GET /d1/245/AUTH_6da408b3ff724a03ae7542522b7f2a66/gnocchi.b1e3636a-8cc9-4c2a-88ca-f1cfbe302421/none_v3" 404 70 "GET http://localhost:8080/v1/AUTH_6da408b3ff724a03ae7542522b7f2a66/gnocchi.b1e3636a-8cc9-4c2a-88ca-f1cfbe302421/none_v3" "txf7fe0af5f2e64479b61a8-006971cc1c" "proxy-server 12" 0.0005 "-" 23 0
Jan 22 07:05:00 standalone proxy-server[124465]: 172.18.0.2 ::1 22/Jan/2026/07/05/00 GET /v1/AUTH_6da408b3ff724a03ae7542522b7f2a66/gnocchi.b1e3636a-8cc9-4c2a-88ca-f1cfbe302421/none_v3 HTTP/1.0 404 - python-swiftclient-3.11.1 gAAAAABpccwcBwkP... - 70 - txf7fe0af5f2e64479b61a8-006971cc1c - 0.0418 - - 1769065500.750054359 1769065500.791813374 0
Jan 22 07:05:00 standalone account-server[122396]: 172.20.0.100 - - [22/Jan/2026:07:05:00 +0000] "PUT /d1/648/AUTH_6da408b3ff724a03ae7542522b7f2a66/gnocchi.b1e3636a-8cc9-4c2a-88ca-f1cfbe302421" 201 - "PUT http://172.20.0.100:6001/d1/807/AUTH_6da408b3ff724a03ae7542522b7f2a66/gnocchi.b1e3636a-8cc9-4c2a-88ca-f1cfbe302421" "txf82278ea4ce54f4c9a8a2-006971cc1c" "container-server 20" 0.0023 "-" 18 0
Jan 22 07:05:00 standalone container-server[122531]: 172.20.0.100 - - [22/Jan/2026:07:05:00 +0000] "PUT /d1/807/AUTH_6da408b3ff724a03ae7542522b7f2a66/gnocchi.b1e3636a-8cc9-4c2a-88ca-f1cfbe302421" 201 - "PUT http://localhost:8080/v1/AUTH_6da408b3ff724a03ae7542522b7f2a66/gnocchi.b1e3636a-8cc9-4c2a-88ca-f1cfbe302421" "txf82278ea4ce54f4c9a8a2-006971cc1c" "proxy-server 12" 0.0138 "-" 20 0
Jan 22 07:05:00 standalone proxy-server[124465]: 172.18.0.2 ::1 22/Jan/2026/07/05/00 PUT /v1/AUTH_6da408b3ff724a03ae7542522b7f2a66/gnocchi.b1e3636a-8cc9-4c2a-88ca-f1cfbe302421 HTTP/1.0 201 - python-swiftclient-3.11.1 gAAAAABpccwcBwkP... - - - txf82278ea4ce54f4c9a8a2-006971cc1c - 0.0206 - - 1769065500.795580626 1769065500.816156864 0
Jan 22 07:05:00 standalone container-server[122543]: 172.20.0.100 - - [22/Jan/2026:07:05:00 +0000] "HEAD /d1/807/AUTH_6da408b3ff724a03ae7542522b7f2a66/gnocchi.b1e3636a-8cc9-4c2a-88ca-f1cfbe302421" 204 - "HEAD http://localhost:8080/v1/AUTH_6da408b3ff724a03ae7542522b7f2a66/gnocchi.b1e3636a-8cc9-4c2a-88ca-f1cfbe302421?format=json&states=listing" "tx093852a5d3824ca7a7dc7-006971cc1c" "proxy-server 12" 0.0011 "-" 23 0
Jan 22 07:05:00 standalone proxy-server[124465]: - - 22/Jan/2026/07/05/00 HEAD /v1/AUTH_6da408b3ff724a03ae7542522b7f2a66/gnocchi.b1e3636a-8cc9-4c2a-88ca-f1cfbe302421%3Fformat%3Djson%26states%3Dlisting HTTP/1.0 204 - Swift - - - - tx093852a5d3824ca7a7dc7-006971cc1c - 0.0053 RL - 1769065500.822612762 1769065500.827955246 0
Jan 22 07:05:00 standalone container-server[122537]: 172.20.0.100 - - [22/Jan/2026:07:05:00 +0000] "GET /d1/807/AUTH_6da408b3ff724a03ae7542522b7f2a66/gnocchi.b1e3636a-8cc9-4c2a-88ca-f1cfbe302421" 200 2 "GET http://localhost:8080/v1/AUTH_6da408b3ff724a03ae7542522b7f2a66/gnocchi.b1e3636a-8cc9-4c2a-88ca-f1cfbe302421?format=json&states=listing" "tx093852a5d3824ca7a7dc7-006971cc1c" "proxy-server 12" 0.0031 "-" 22 0
Jan 22 07:05:00 standalone proxy-server[124465]: 172.18.0.2 ::1 22/Jan/2026/07/05/00 GET /v1/AUTH_6da408b3ff724a03ae7542522b7f2a66/gnocchi.b1e3636a-8cc9-4c2a-88ca-f1cfbe302421%3Fformat%3Djson%26states%3Dlisting HTTP/1.0 200 - python-swiftclient-3.11.1 gAAAAABpccwcBwkP... - 2 - tx093852a5d3824ca7a7dc7-006971cc1c - 0.0189 - - 1769065500.820858479 1769065500.839715481 0
Jan 22 07:05:00 standalone object-server[122704]: 172.20.0.100 - - [22/Jan/2026:07:05:00 +0000] "GET /d1/532/AUTH_6da408b3ff724a03ae7542522b7f2a66/gnocchi.b1e3636a-8cc9-4c2a-88ca-f1cfbe302421/1769040000.0_mean_300.0_v3" 404 70 "GET http://localhost:8080/v1/AUTH_6da408b3ff724a03ae7542522b7f2a66/gnocchi.b1e3636a-8cc9-4c2a-88ca-f1cfbe302421/1769040000.0_mean_300.0_v3" "tx94078b403d7f40f4a4e9f-006971cc1c" "proxy-server 12" 0.0007 "-" 24 0
Jan 22 07:05:00 standalone proxy-server[124465]: 172.18.0.2 ::1 22/Jan/2026/07/05/00 GET /v1/AUTH_6da408b3ff724a03ae7542522b7f2a66/gnocchi.b1e3636a-8cc9-4c2a-88ca-f1cfbe302421/1769040000.0_mean_300.0_v3 HTTP/1.0 404 - python-swiftclient-3.11.1 gAAAAABpccwcBwkP... - 70 - tx94078b403d7f40f4a4e9f-006971cc1c - 0.0085 - - 1769065500.845743656 1769065500.854270458 0
Jan 22 07:05:00 standalone container-server[122543]: 172.20.0.100 - - [22/Jan/2026:07:05:00 +0000] "PUT /d1/807/AUTH_6da408b3ff724a03ae7542522b7f2a66/gnocchi.b1e3636a-8cc9-4c2a-88ca-f1cfbe302421/1769040000.0_mean_300.0_v3" 201 - "PUT http://localhost:8080/d1/532/AUTH_6da408b3ff724a03ae7542522b7f2a66/gnocchi.b1e3636a-8cc9-4c2a-88ca-f1cfbe302421/1769040000.0_mean_300.0_v3" "tx77abf2efec4542dbb0673-006971cc1c" "object-server 25" 0.0009 "-" 23 0
Jan 22 07:05:00 standalone object-server[122706]: 172.20.0.100 - - [22/Jan/2026:07:05:00 +0000] "PUT /d1/532/AUTH_6da408b3ff724a03ae7542522b7f2a66/gnocchi.b1e3636a-8cc9-4c2a-88ca-f1cfbe302421/1769040000.0_mean_300.0_v3" 201 - "PUT http://localhost:8080/v1/AUTH_6da408b3ff724a03ae7542522b7f2a66/gnocchi.b1e3636a-8cc9-4c2a-88ca-f1cfbe302421/1769040000.0_mean_300.0_v3" "tx77abf2efec4542dbb0673-006971cc1c" "proxy-server 12" 0.0330 "-" 25 0
Jan 22 07:05:00 standalone proxy-server[124465]: 172.18.0.2 ::1 22/Jan/2026/07/05/00 PUT /v1/AUTH_6da408b3ff724a03ae7542522b7f2a66/gnocchi.b1e3636a-8cc9-4c2a-88ca-f1cfbe302421/1769040000.0_mean_300.0_v3 HTTP/1.0 201 - python-swiftclient-3.11.1 gAAAAABpccwcBwkP... 16 - - tx77abf2efec4542dbb0673-006971cc1c - 0.0414 - - 1769065500.859157562 1769065500.900518179 0
Jan 22 07:05:00 standalone container-server[122543]: 172.20.0.100 - - [22/Jan/2026:07:05:00 +0000] "PUT /d1/807/AUTH_6da408b3ff724a03ae7542522b7f2a66/gnocchi.b1e3636a-8cc9-4c2a-88ca-f1cfbe302421/none_v3" 201 - "PUT http://localhost:8080/d1/245/AUTH_6da408b3ff724a03ae7542522b7f2a66/gnocchi.b1e3636a-8cc9-4c2a-88ca-f1cfbe302421/none_v3" "txee3208dd8cf94bf5812e2-006971cc1c" "object-server 23" 0.0007 "-" 23 0
Jan 22 07:05:00 standalone object-server[122700]: 172.20.0.100 - - [22/Jan/2026:07:05:00 +0000] "PUT /d1/245/AUTH_6da408b3ff724a03ae7542522b7f2a66/gnocchi.b1e3636a-8cc9-4c2a-88ca-f1cfbe302421/none_v3" 201 - "PUT http://localhost:8080/v1/AUTH_6da408b3ff724a03ae7542522b7f2a66/gnocchi.b1e3636a-8cc9-4c2a-88ca-f1cfbe302421/none_v3" "txee3208dd8cf94bf5812e2-006971cc1c" "proxy-server 12" 0.0105 "-" 23 0
Jan 22 07:05:00 standalone proxy-server[124465]: 172.18.0.2 ::1 22/Jan/2026/07/05/00 PUT /v1/AUTH_6da408b3ff724a03ae7542522b7f2a66/gnocchi.b1e3636a-8cc9-4c2a-88ca-f1cfbe302421/none_v3 HTTP/1.0 201 - python-swiftclient-3.11.1 gAAAAABpccwcBwkP... 22 - - txee3208dd8cf94bf5812e2-006971cc1c - 0.0165 - - 1769065500.905577898 1769065500.922078371 0
Jan 22 07:05:30 standalone object-server[122693]: 172.20.0.100 - - [22/Jan/2026:07:05:30 +0000] "GET /d1/245/AUTH_6da408b3ff724a03ae7542522b7f2a66/gnocchi.b1e3636a-8cc9-4c2a-88ca-f1cfbe302421/none_v3" 200 22 "GET http://localhost:8080/v1/AUTH_6da408b3ff724a03ae7542522b7f2a66/gnocchi.b1e3636a-8cc9-4c2a-88ca-f1cfbe302421/none_v3" "txf2d12d913b714b3fa9f04-006971cc3a" "proxy-server 12" 0.0017 "-" 22 0
Jan 22 07:05:30 standalone proxy-server[124465]: 172.18.0.2 ::1 22/Jan/2026/07/05/30 GET /v1/AUTH_6da408b3ff724a03ae7542522b7f2a66/gnocchi.b1e3636a-8cc9-4c2a-88ca-f1cfbe302421/none_v3 HTTP/1.0 200 - python-swiftclient-3.11.1 gAAAAABpccwcBwkP... - 22 - txf2d12d913b714b3fa9f04-006971cc3a - 0.0131 - - 1769065530.371731520 1769065530.384813070 0
Jan 22 07:05:30 standalone container-server[122534]: 172.20.0.100 - - [22/Jan/2026:07:05:30 +0000] "GET /d1/807/AUTH_6da408b3ff724a03ae7542522b7f2a66/gnocchi.b1e3636a-8cc9-4c2a-88ca-f1cfbe302421" 200 357 "GET http://localhost:8080/v1/AUTH_6da408b3ff724a03ae7542522b7f2a66/gnocchi.b1e3636a-8cc9-4c2a-88ca-f1cfbe302421?format=json&states=listing" "tx0c4771b9e73044a29dacc-006971cc3a" "proxy-server 12" 0.0180 "-" 21 0
Jan 22 07:05:30 standalone proxy-server[124465]: 172.18.0.2 ::1 22/Jan/2026/07/05/30 GET /v1/AUTH_6da408b3ff724a03ae7542522b7f2a66/gnocchi.b1e3636a-8cc9-4c2a-88ca-f1cfbe302421%3Fformat%3Djson%26states%3Dlisting HTTP/1.0 200 - python-swiftclient-3.11.1 gAAAAABpccwcBwkP... - 357 - tx0c4771b9e73044a29dacc-006971cc3a - 0.0282 - - 1769065530.389534235 1769065530.417745829 0
Jan 22 07:05:30 standalone container-server[122537]: 172.20.0.100 - - [22/Jan/2026:07:05:30 +0000] "GET /d1/807/AUTH_6da408b3ff724a03ae7542522b7f2a66/gnocchi.b1e3636a-8cc9-4c2a-88ca-f1cfbe302421" 200 2 "GET http://localhost:8080/v1/AUTH_6da408b3ff724a03ae7542522b7f2a66/gnocchi.b1e3636a-8cc9-4c2a-88ca-f1cfbe302421?format=json&marker=none_v3&states=listing" "tx1a2788a6292041ebb84e6-006971cc3a" "proxy-server 12" 0.0040 "-" 22 0
Jan 22 07:05:30 standalone proxy-server[124465]: 172.18.0.2 ::1 22/Jan/2026/07/05/30 GET /v1/AUTH_6da408b3ff724a03ae7542522b7f2a66/gnocchi.b1e3636a-8cc9-4c2a-88ca-f1cfbe302421%3Fformat%3Djson%26marker%3Dnone_v3%26states%3Dlisting HTTP/1.0 200 - python-swiftclient-3.11.1 gAAAAABpccwcBwkP... - 2 - tx1a2788a6292041ebb84e6-006971cc3a - 0.0143 - - 1769065530.423289537 1769065530.437573910 0
Jan 22 07:05:30 standalone object-server[122700]: 172.20.0.100 - - [22/Jan/2026:07:05:30 +0000] "GET /d1/532/AUTH_6da408b3ff724a03ae7542522b7f2a66/gnocchi.b1e3636a-8cc9-4c2a-88ca-f1cfbe302421/1769040000.0_mean_300.0_v3" 200 16 "GET http://localhost:8080/v1/AUTH_6da408b3ff724a03ae7542522b7f2a66/gnocchi.b1e3636a-8cc9-4c2a-88ca-f1cfbe302421/1769040000.0_mean_300.0_v3" "tx63ee00aba6f74ddab7431-006971cc3a" "proxy-server 12" 0.0009 "-" 23 0
Jan 22 07:05:30 standalone proxy-server[124465]: 172.18.0.2 ::1 22/Jan/2026/07/05/30 GET /v1/AUTH_6da408b3ff724a03ae7542522b7f2a66/gnocchi.b1e3636a-8cc9-4c2a-88ca-f1cfbe302421/1769040000.0_mean_300.0_v3 HTTP/1.0 200 - python-swiftclient-3.11.1 gAAAAABpccwcBwkP... - 16 - tx63ee00aba6f74ddab7431-006971cc3a - 0.0152 - - 1769065530.442959547 1769065530.458190918 0
Jan 22 07:05:30 standalone container-server[122543]: 172.20.0.100 - - [22/Jan/2026:07:05:30 +0000] "PUT /d1/807/AUTH_6da408b3ff724a03ae7542522b7f2a66/gnocchi.b1e3636a-8cc9-4c2a-88ca-f1cfbe302421/1769040000.0_mean_300.0_v3" 201 - "PUT http://localhost:8080/d1/532/AUTH_6da408b3ff724a03ae7542522b7f2a66/gnocchi.b1e3636a-8cc9-4c2a-88ca-f1cfbe302421/1769040000.0_mean_300.0_v3" "tx080c7d41638848ebaeb53-006971cc3a" "object-server 22" 0.0006 "-" 23 0
Jan 22 07:05:30 standalone object-server[122693]: 172.20.0.100 - - [22/Jan/2026:07:05:30 +0000] "PUT /d1/532/AUTH_6da408b3ff724a03ae7542522b7f2a66/gnocchi.b1e3636a-8cc9-4c2a-88ca-f1cfbe302421/1769040000.0_mean_300.0_v3" 201 - "PUT http://localhost:8080/v1/AUTH_6da408b3ff724a03ae7542522b7f2a66/gnocchi.b1e3636a-8cc9-4c2a-88ca-f1cfbe302421/1769040000.0_mean_300.0_v3" "tx080c7d41638848ebaeb53-006971cc3a" "proxy-server 12" 0.0178 "-" 22 0
Jan 22 07:05:30 standalone proxy-server[124465]: 172.18.0.2 ::1 22/Jan/2026/07/05/30 PUT /v1/AUTH_6da408b3ff724a03ae7542522b7f2a66/gnocchi.b1e3636a-8cc9-4c2a-88ca-f1cfbe302421/1769040000.0_mean_300.0_v3 HTTP/1.0 201 - python-swiftclient-3.11.1 gAAAAABpccwcBwkP... 16 - - tx080c7d41638848ebaeb53-006971cc3a - 0.0278 - - 1769065530.463169813 1769065530.491004705 0
Jan 22 07:05:30 standalone container-server[122531]: 172.20.0.100 - - [22/Jan/2026:07:05:30 +0000] "PUT /d1/807/AUTH_6da408b3ff724a03ae7542522b7f2a66/gnocchi.b1e3636a-8cc9-4c2a-88ca-f1cfbe302421/none_v3" 201 - "PUT http://localhost:8080/d1/245/AUTH_6da408b3ff724a03ae7542522b7f2a66/gnocchi.b1e3636a-8cc9-4c2a-88ca-f1cfbe302421/none_v3" "tx6cd735dca8a5483da80f3-006971cc3a" "object-server 25" 0.0005 "-" 20 0
Jan 22 07:05:30 standalone object-server[122706]: 172.20.0.100 - - [22/Jan/2026:07:05:30 +0000] "PUT /d1/245/AUTH_6da408b3ff724a03ae7542522b7f2a66/gnocchi.b1e3636a-8cc9-4c2a-88ca-f1cfbe302421/none_v3" 201 - "PUT http://localhost:8080/v1/AUTH_6da408b3ff724a03ae7542522b7f2a66/gnocchi.b1e3636a-8cc9-4c2a-88ca-f1cfbe302421/none_v3" "tx6cd735dca8a5483da80f3-006971cc3a" "proxy-server 12" 0.0088 "-" 25 0
Jan 22 07:05:30 standalone proxy-server[124465]: 172.18.0.2 ::1 22/Jan/2026/07/05/30 PUT /v1/AUTH_6da408b3ff724a03ae7542522b7f2a66/gnocchi.b1e3636a-8cc9-4c2a-88ca-f1cfbe302421/none_v3 HTTP/1.0 201 - python-swiftclient-3.11.1 gAAAAABpccwcBwkP... 22 - - tx6cd735dca8a5483da80f3-006971cc3a - 0.0166 - - 1769065530.495197773 1769065530.511765003 0
Jan 22 07:05:53 standalone account-server[122416]: 172.20.0.100 - - [22/Jan/2026:07:05:53 +0000] "HEAD /d1/354/.expiring_objects" 404 - "HEAD http://localhost/v1/.expiring_objects?format=json" "tx780d5da6fab24baaa85eb-006971cc51" "proxy-server 2" 0.0008 "-" 22 -
Jan 22 07:05:53 standalone object-expirer[122552]: Pass completed in 0s; 0 objects expired (txn: tx780d5da6fab24baaa85eb-006971cc51)
Jan 22 07:06:02 standalone account-server[122377]: 172.20.0.100 - - [22/Jan/2026:07:06:02 +0000] "HEAD /d1/648/AUTH_6da408b3ff724a03ae7542522b7f2a66" 204 - "HEAD http://localhost:8080/v1/AUTH_6da408b3ff724a03ae7542522b7f2a66?format=json" "tx06725c15097b45a3a0685-006971cc5a" "proxy-server 12" 0.0060 "-" 17 -
Jan 22 07:06:02 standalone proxy-server[124465]: - - 22/Jan/2026/07/06/02 HEAD /v1/AUTH_6da408b3ff724a03ae7542522b7f2a66%3Fformat%3Djson HTTP/1.0 204 - Swift - - - - tx06725c15097b45a3a0685-006971cc5a - 0.0122 RL - 1769065562.907299757 1769065562.919532537 -
Jan 22 07:06:03 standalone container-server[122537]: 172.20.0.100 - - [22/Jan/2026:07:06:03 +0000] "HEAD /d1/963/AUTH_6da408b3ff724a03ae7542522b7f2a66/glance" 204 - "HEAD http://localhost:8080/v1/AUTH_6da408b3ff724a03ae7542522b7f2a66/glance?format=json&states=listing" "tx06725c15097b45a3a0685-006971cc5a" "proxy-server 12" 0.0269 "-" 22 0
Jan 22 07:06:03 standalone object-server[122700]: 172.20.0.100 - - [22/Jan/2026:07:06:03 +0000] "GET /d1/728/AUTH_6da408b3ff724a03ae7542522b7f2a66/glance/8eb4a22f-8735-4dc3-946a-7398acf86f5b" 200 - "GET http://localhost:8080/v1/AUTH_6da408b3ff724a03ae7542522b7f2a66/glance/8eb4a22f-8735-4dc3-946a-7398acf86f5b" "tx06725c15097b45a3a0685-006971cc5a" "proxy-server 12" 0.0010 "-" 23 0
Jan 22 07:06:03 standalone container-server[122531]: 172.20.0.100 - - [22/Jan/2026:07:06:03 +0000] "GET /d1/963/AUTH_6da408b3ff724a03ae7542522b7f2a66/glance" 200 210 "GET http://localhost:8080/v1/AUTH_6da408b3ff724a03ae7542522b7f2a66/glance?prefix=8eb4a22f-8735-4dc3-946a-7398acf86f5b-&format=json&states=listing" "tx06725c15097b45a3a0685-006971cc5a" "proxy-server 12" 0.0048 "-" 20 0
Jan 22 07:06:03 standalone proxy-server[124465]: - - 22/Jan/2026/07/06/03 GET /v1/AUTH_6da408b3ff724a03ae7542522b7f2a66/glance%3Fprefix%3D8eb4a22f-8735-4dc3-946a-7398acf86f5b-%26format%3Djson%26states%3Dlisting HTTP/1.0 200 - python-swiftclient-3.11.1%20DLO%20MultipartGET gAAAAABpccxaNohP... - 210 - tx06725c15097b45a3a0685-006971cc5a - 0.0119 DLO - 1769065563.045100451 1769065563.056996822 0
Jan 22 07:06:03 standalone object-server[122693]: 172.20.0.100 - - [22/Jan/2026:07:06:03 +0000] "GET /d1/803/AUTH_6da408b3ff724a03ae7542522b7f2a66/glance/8eb4a22f-8735-4dc3-946a-7398acf86f5b-00001" 200 21692416 "GET http://localhost:8080/v1/AUTH_6da408b3ff724a03ae7542522b7f2a66/glance/8eb4a22f-8735-4dc3-946a-7398acf86f5b-00001?multipart-manifest=get" "tx06725c15097b45a3a0685-006971cc5a" "proxy-server 12" 0.0010 "-" 22 0
Jan 22 07:06:03 standalone proxy-server[124465]: - - 22/Jan/2026/07/06/03 GET /v1/AUTH_6da408b3ff724a03ae7542522b7f2a66/glance/8eb4a22f-8735-4dc3-946a-7398acf86f5b-00001%3Fmultipart-manifest%3Dget HTTP/1.0 200 - python-swiftclient-3.11.1%20%20DLO%20MultipartGET gAAAAABpccxaNohP... - 21692416 - tx06725c15097b45a3a0685-006971cc5a - 0.1025 DLO - 1769065563.058194637 1769065563.160699844 0
Jan 22 07:06:03 standalone proxy-server[124465]: 172.18.0.2 ::1 22/Jan/2026/07/06/03 GET /v1/AUTH_6da408b3ff724a03ae7542522b7f2a66/glance/8eb4a22f-8735-4dc3-946a-7398acf86f5b HTTP/1.0 200 - python-swiftclient-3.11.1 gAAAAABpccxaNohP... - 21692416 - tx06725c15097b45a3a0685-006971cc5a - 0.2557 - - 1769065562.905528069 1769065563.161241770 0
Jan 22 07:06:03 standalone container-server[122537]: 172.20.0.100 - - [22/Jan/2026:07:06:03 +0000] "HEAD /d1/499/AUTH_6da408b3ff724a03ae7542522b7f2a66/gnocchi.2b2172e0-c18d-4ce5-a682-173e327f6cbb" 404 - "HEAD http://localhost:8080/v1/AUTH_6da408b3ff724a03ae7542522b7f2a66/gnocchi.2b2172e0-c18d-4ce5-a682-173e327f6cbb?format=json&states=listing" "txddcf060d7f7d4b75bf45a-006971cc5b" "proxy-server 12" 0.0009 "-" 22 0
Jan 22 07:06:03 standalone object-server[122706]: 172.20.0.100 - - [22/Jan/2026:07:06:03 +0000] "GET /d1/45/AUTH_6da408b3ff724a03ae7542522b7f2a66/gnocchi.2b2172e0-c18d-4ce5-a682-173e327f6cbb/none_v3" 404 70 "GET http://localhost:8080/v1/AUTH_6da408b3ff724a03ae7542522b7f2a66/gnocchi.2b2172e0-c18d-4ce5-a682-173e327f6cbb/none_v3" "txddcf060d7f7d4b75bf45a-006971cc5b" "proxy-server 12" 0.0004 "-" 25 0
Jan 22 07:06:03 standalone proxy-server[124465]: 172.18.0.2 ::1 22/Jan/2026/07/06/03 GET /v1/AUTH_6da408b3ff724a03ae7542522b7f2a66/gnocchi.2b2172e0-c18d-4ce5-a682-173e327f6cbb/none_v3 HTTP/1.0 404 - python-swiftclient-3.11.1 gAAAAABpccwcBwkP... - 70 - txddcf060d7f7d4b75bf45a-006971cc5b - 0.0162 - - 1769065563.689569235 1769065563.705743074 0
Jan 22 07:06:03 standalone account-server[122396]: 172.20.0.100 - - [22/Jan/2026:07:06:03 +0000] "PUT /d1/648/AUTH_6da408b3ff724a03ae7542522b7f2a66/gnocchi.2b2172e0-c18d-4ce5-a682-173e327f6cbb" 201 - "PUT http://172.20.0.100:6001/d1/499/AUTH_6da408b3ff724a03ae7542522b7f2a66/gnocchi.2b2172e0-c18d-4ce5-a682-173e327f6cbb" "tx076dea20dce246edadb37-006971cc5b" "container-server 21" 0.0019 "-" 18 0
Jan 22 07:06:03 standalone container-server[122534]: 172.20.0.100 - - [22/Jan/2026:07:06:03 +0000] "PUT /d1/499/AUTH_6da408b3ff724a03ae7542522b7f2a66/gnocchi.2b2172e0-c18d-4ce5-a682-173e327f6cbb" 201 - "PUT http://localhost:8080/v1/AUTH_6da408b3ff724a03ae7542522b7f2a66/gnocchi.2b2172e0-c18d-4ce5-a682-173e327f6cbb" "tx076dea20dce246edadb37-006971cc5b" "proxy-server 12" 0.0140 "-" 21 0
Jan 22 07:06:03 standalone proxy-server[124465]: 172.18.0.2 ::1 22/Jan/2026/07/06/03 PUT /v1/AUTH_6da408b3ff724a03ae7542522b7f2a66/gnocchi.2b2172e0-c18d-4ce5-a682-173e327f6cbb HTTP/1.0 201 - python-swiftclient-3.11.1 gAAAAABpccwcBwkP... - - - tx076dea20dce246edadb37-006971cc5b - 0.0205 - - 1769065563.710749626 1769065563.731248617 0
Jan 22 07:06:03 standalone container-server[122531]: 172.20.0.100 - - [22/Jan/2026:07:06:03 +0000] "HEAD /d1/499/AUTH_6da408b3ff724a03ae7542522b7f2a66/gnocchi.2b2172e0-c18d-4ce5-a682-173e327f6cbb" 204 - "HEAD http://localhost:8080/v1/AUTH_6da408b3ff724a03ae7542522b7f2a66/gnocchi.2b2172e0-c18d-4ce5-a682-173e327f6cbb?format=json&states=listing" "tx7d102039904a462899b7d-006971cc5b" "proxy-server 12" 0.0022 "-" 20 0
Jan 22 07:06:03 standalone proxy-server[124465]: - - 22/Jan/2026/07/06/03 HEAD /v1/AUTH_6da408b3ff724a03ae7542522b7f2a66/gnocchi.2b2172e0-c18d-4ce5-a682-173e327f6cbb%3Fformat%3Djson%26states%3Dlisting HTTP/1.0 204 - Swift - - - - tx7d102039904a462899b7d-006971cc5b - 0.0068 RL - 1769065563.737337828 1769065563.744174004 0
Jan 22 07:06:03 standalone container-server[122543]: 172.20.0.100 - - [22/Jan/2026:07:06:03 +0000] "GET /d1/499/AUTH_6da408b3ff724a03ae7542522b7f2a66/gnocchi.2b2172e0-c18d-4ce5-a682-173e327f6cbb" 200 2 "GET http://localhost:8080/v1/AUTH_6da408b3ff724a03ae7542522b7f2a66/gnocchi.2b2172e0-c18d-4ce5-a682-173e327f6cbb?format=json&states=listing" "tx7d102039904a462899b7d-006971cc5b" "proxy-server 12" 0.0022 "-" 23 0
Jan 22 07:06:03 standalone proxy-server[124465]: 172.18.0.2 ::1 22/Jan/2026/07/06/03 GET /v1/AUTH_6da408b3ff724a03ae7542522b7f2a66/gnocchi.2b2172e0-c18d-4ce5-a682-173e327f6cbb%3Fformat%3Djson%26states%3Dlisting HTTP/1.0 200 - python-swiftclient-3.11.1 gAAAAABpccwcBwkP... - 2 - tx7d102039904a462899b7d-006971cc5b - 0.0195 - - 1769065563.735330343 1769065563.754815340 0
Jan 22 07:06:03 standalone object-server[122700]: 172.20.0.100 - - [22/Jan/2026:07:06:03 +0000] "GET /d1/980/AUTH_6da408b3ff724a03ae7542522b7f2a66/gnocchi.2b2172e0-c18d-4ce5-a682-173e327f6cbb/1769040000.0_mean_300.0_v3" 404 70 "GET http://localhost:8080/v1/AUTH_6da408b3ff724a03ae7542522b7f2a66/gnocchi.2b2172e0-c18d-4ce5-a682-173e327f6cbb/1769040000.0_mean_300.0_v3" "tx4309ef7e53b44573bc067-006971cc5b" "proxy-server 12" 0.0007 "-" 23 0
Jan 22 07:06:03 standalone proxy-server[124465]: 172.18.0.2 ::1 22/Jan/2026/07/06/03 GET /v1/AUTH_6da408b3ff724a03ae7542522b7f2a66/gnocchi.2b2172e0-c18d-4ce5-a682-173e327f6cbb/1769040000.0_mean_300.0_v3 HTTP/1.0 404 - python-swiftclient-3.11.1 gAAAAABpccwcBwkP... - 70 - tx4309ef7e53b44573bc067-006971cc5b - 0.0100 - - 1769065563.759089708 1769065563.769078970 0
Jan 22 07:06:03 standalone container-server[122537]: 172.20.0.100 - - [22/Jan/2026:07:06:03 +0000] "PUT /d1/499/AUTH_6da408b3ff724a03ae7542522b7f2a66/gnocchi.2b2172e0-c18d-4ce5-a682-173e327f6cbb/1769040000.0_mean_300.0_v3" 201 - "PUT http://localhost:8080/d1/980/AUTH_6da408b3ff724a03ae7542522b7f2a66/gnocchi.2b2172e0-c18d-4ce5-a682-173e327f6cbb/1769040000.0_mean_300.0_v3" "txfd60b845ca624b43b58e1-006971cc5b" "object-server 22" 0.0008 "-" 22 0
Jan 22 07:06:03 standalone object-server[122693]: 172.20.0.100 - - [22/Jan/2026:07:06:03 +0000] "PUT /d1/980/AUTH_6da408b3ff724a03ae7542522b7f2a66/gnocchi.2b2172e0-c18d-4ce5-a682-173e327f6cbb/1769040000.0_mean_300.0_v3" 201 - "PUT http://localhost:8080/v1/AUTH_6da408b3ff724a03ae7542522b7f2a66/gnocchi.2b2172e0-c18d-4ce5-a682-173e327f6cbb/1769040000.0_mean_300.0_v3" "txfd60b845ca624b43b58e1-006971cc5b" "proxy-server 12" 0.0126 "-" 22 0
Jan 22 07:06:03 standalone proxy-server[124465]: 172.18.0.2 ::1 22/Jan/2026/07/06/03 PUT /v1/AUTH_6da408b3ff724a03ae7542522b7f2a66/gnocchi.2b2172e0-c18d-4ce5-a682-173e327f6cbb/1769040000.0_mean_300.0_v3 HTTP/1.0 201 - python-swiftclient-3.11.1 gAAAAABpccwcBwkP... 16 - - txfd60b845ca624b43b58e1-006971cc5b - 0.0199 - - 1769065563.772448540 1769065563.792342424 0
Jan 22 07:06:03 standalone container-server[122537]: 172.20.0.100 - - [22/Jan/2026:07:06:03 +0000] "PUT /d1/499/AUTH_6da408b3ff724a03ae7542522b7f2a66/gnocchi.2b2172e0-c18d-4ce5-a682-173e327f6cbb/none_v3" 201 - "PUT http://localhost:8080/d1/45/AUTH_6da408b3ff724a03ae7542522b7f2a66/gnocchi.2b2172e0-c18d-4ce5-a682-173e327f6cbb/none_v3" "txe209037fd089448eb9dd1-006971cc5b" "object-server 25" 0.0014 "-" 22 0
Jan 22 07:06:03 standalone object-server[122706]: 172.20.0.100 - - [22/Jan/2026:07:06:03 +0000] "PUT /d1/45/AUTH_6da408b3ff724a03ae7542522b7f2a66/gnocchi.2b2172e0-c18d-4ce5-a682-173e327f6cbb/none_v3" 201 - "PUT http://localhost:8080/v1/AUTH_6da408b3ff724a03ae7542522b7f2a66/gnocchi.2b2172e0-c18d-4ce5-a682-173e327f6cbb/none_v3" "txe209037fd089448eb9dd1-006971cc5b" "proxy-server 12" 0.0108 "-" 25 0
Jan 22 07:06:03 standalone proxy-server[124465]: 172.18.0.2 ::1 22/Jan/2026/07/06/03 PUT /v1/AUTH_6da408b3ff724a03ae7542522b7f2a66/gnocchi.2b2172e0-c18d-4ce5-a682-173e327f6cbb/none_v3 HTTP/1.0 201 - python-swiftclient-3.11.1 gAAAAABpccwcBwkP... 22 - - txe209037fd089448eb9dd1-006971cc5b - 0.0184 - - 1769065563.795802593 1769065563.814215660 0
Jan 22 07:06:03 standalone container-server[122534]: 172.20.0.100 - - [22/Jan/2026:07:06:03 +0000] "HEAD /d1/919/AUTH_6da408b3ff724a03ae7542522b7f2a66/gnocchi.ecf812c4-fd21-455f-abb3-5c7ffc36a8f8" 404 - "HEAD http://localhost:8080/v1/AUTH_6da408b3ff724a03ae7542522b7f2a66/gnocchi.ecf812c4-fd21-455f-abb3-5c7ffc36a8f8?format=json&states=listing" "tx5c9972b893844df59405c-006971cc5b" "proxy-server 12" 0.0007 "-" 21 0
Jan 22 07:06:03 standalone object-server[122700]: 172.20.0.100 - - [22/Jan/2026:07:06:03 +0000] "GET /d1/407/AUTH_6da408b3ff724a03ae7542522b7f2a66/gnocchi.ecf812c4-fd21-455f-abb3-5c7ffc36a8f8/none_v3" 404 70 "GET http://localhost:8080/v1/AUTH_6da408b3ff724a03ae7542522b7f2a66/gnocchi.ecf812c4-fd21-455f-abb3-5c7ffc36a8f8/none_v3" "tx5c9972b893844df59405c-006971cc5b" "proxy-server 12" 0.0005 "-" 23 0
Jan 22 07:06:03 standalone proxy-server[124465]: 172.18.0.2 ::1 22/Jan/2026/07/06/03 GET /v1/AUTH_6da408b3ff724a03ae7542522b7f2a66/gnocchi.ecf812c4-fd21-455f-abb3-5c7ffc36a8f8/none_v3 HTTP/1.0 404 - python-swiftclient-3.11.1 gAAAAABpccwcBwkP... - 70 - tx5c9972b893844df59405c-006971cc5b - 0.0147 - - 1769065563.825562716 1769065563.840217829 0
Jan 22 07:06:03 standalone account-server[122402]: 172.20.0.100 - - [22/Jan/2026:07:06:03 +0000] "PUT /d1/648/AUTH_6da408b3ff724a03ae7542522b7f2a66/gnocchi.ecf812c4-fd21-455f-abb3-5c7ffc36a8f8" 201 - "PUT http://172.20.0.100:6001/d1/919/AUTH_6da408b3ff724a03ae7542522b7f2a66/gnocchi.ecf812c4-fd21-455f-abb3-5c7ffc36a8f8" "tx9127ef7518474dbe9d738-006971cc5b" "container-server 21" 0.0060 "-" 19 0
Jan 22 07:06:03 standalone container-server[122534]: 172.20.0.100 - - [22/Jan/2026:07:06:03 +0000] "PUT /d1/919/AUTH_6da408b3ff724a03ae7542522b7f2a66/gnocchi.ecf812c4-fd21-455f-abb3-5c7ffc36a8f8" 201 - "PUT http://localhost:8080/v1/AUTH_6da408b3ff724a03ae7542522b7f2a66/gnocchi.ecf812c4-fd21-455f-abb3-5c7ffc36a8f8" "tx9127ef7518474dbe9d738-006971cc5b" "proxy-server 12" 0.0231 "-" 21 0
Jan 22 07:06:03 standalone proxy-server[124465]: 172.18.0.2 ::1 22/Jan/2026/07/06/03 PUT /v1/AUTH_6da408b3ff724a03ae7542522b7f2a66/gnocchi.ecf812c4-fd21-455f-abb3-5c7ffc36a8f8 HTTP/1.0 201 - python-swiftclient-3.11.1 gAAAAABpccwcBwkP... - - - tx9127ef7518474dbe9d738-006971cc5b - 0.0322 - - 1769065563.843902826 1769065563.876101494 0
Jan 22 07:06:03 standalone container-server[122534]: 172.20.0.100 - - [22/Jan/2026:07:06:03 +0000] "HEAD /d1/919/AUTH_6da408b3ff724a03ae7542522b7f2a66/gnocchi.ecf812c4-fd21-455f-abb3-5c7ffc36a8f8" 204 - "HEAD http://localhost:8080/v1/AUTH_6da408b3ff724a03ae7542522b7f2a66/gnocchi.ecf812c4-fd21-455f-abb3-5c7ffc36a8f8?format=json&states=listing" "tx8d393e7983b9462281f2a-006971cc5b" "proxy-server 12" 0.0034 "-" 21 0
Jan 22 07:06:03 standalone proxy-server[124465]: - - 22/Jan/2026/07/06/03 HEAD /v1/AUTH_6da408b3ff724a03ae7542522b7f2a66/gnocchi.ecf812c4-fd21-455f-abb3-5c7ffc36a8f8%3Fformat%3Djson%26states%3Dlisting HTTP/1.0 204 - Swift - - - - tx8d393e7983b9462281f2a-006971cc5b - 0.0087 RL - 1769065563.883672714 1769065563.892409086 0
Jan 22 07:06:03 standalone container-server[122543]: 172.20.0.100 - - [22/Jan/2026:07:06:03 +0000] "GET /d1/919/AUTH_6da408b3ff724a03ae7542522b7f2a66/gnocchi.ecf812c4-fd21-455f-abb3-5c7ffc36a8f8" 200 2 "GET http://localhost:8080/v1/AUTH_6da408b3ff724a03ae7542522b7f2a66/gnocchi.ecf812c4-fd21-455f-abb3-5c7ffc36a8f8?format=json&states=listing" "tx8d393e7983b9462281f2a-006971cc5b" "proxy-server 12" 0.0043 "-" 23 0
Jan 22 07:06:03 standalone proxy-server[124465]: 172.18.0.2 ::1 22/Jan/2026/07/06/03 GET /v1/AUTH_6da408b3ff724a03ae7542522b7f2a66/gnocchi.ecf812c4-fd21-455f-abb3-5c7ffc36a8f8%3Fformat%3Djson%26states%3Dlisting HTTP/1.0 200 - python-swiftclient-3.11.1 gAAAAABpccwcBwkP... - 2 - tx8d393e7983b9462281f2a-006971cc5b - 0.0261 - - 1769065563.881317377 1769065563.907451391 0
Jan 22 07:06:03 standalone object-server[122706]: 172.20.0.100 - - [22/Jan/2026:07:06:03 +0000] "GET /d1/576/AUTH_6da408b3ff724a03ae7542522b7f2a66/gnocchi.ecf812c4-fd21-455f-abb3-5c7ffc36a8f8/1769040000.0_mean_300.0_v3" 404 70 "GET http://localhost:8080/v1/AUTH_6da408b3ff724a03ae7542522b7f2a66/gnocchi.ecf812c4-fd21-455f-abb3-5c7ffc36a8f8/1769040000.0_mean_300.0_v3" "tx3c173fbd95184343b3005-006971cc5b" "proxy-server 12" 0.0003 "-" 25 0
Jan 22 07:06:03 standalone proxy-server[124465]: 172.18.0.2 ::1 22/Jan/2026/07/06/03 GET /v1/AUTH_6da408b3ff724a03ae7542522b7f2a66/gnocchi.ecf812c4-fd21-455f-abb3-5c7ffc36a8f8/1769040000.0_mean_300.0_v3 HTTP/1.0 404 - python-swiftclient-3.11.1 gAAAAABpccwcBwkP... - 70 - tx3c173fbd95184343b3005-006971cc5b - 0.0073 - - 1769065563.914041281 1769065563.921354055 0
Jan 22 07:06:03 standalone container-server[122531]: 172.20.0.100 - - [22/Jan/2026:07:06:03 +0000] "PUT /d1/919/AUTH_6da408b3ff724a03ae7542522b7f2a66/gnocchi.ecf812c4-fd21-455f-abb3-5c7ffc36a8f8/1769040000.0_mean_300.0_v3" 201 - "PUT http://localhost:8080/d1/576/AUTH_6da408b3ff724a03ae7542522b7f2a66/gnocchi.ecf812c4-fd21-455f-abb3-5c7ffc36a8f8/1769040000.0_mean_300.0_v3" "txe2d4ad4c68314e1fa7366-006971cc5b" "object-server 25" 0.0016 "-" 20 0
Jan 22 07:06:03 standalone object-server[122706]: 172.20.0.100 - - [22/Jan/2026:07:06:03 +0000] "PUT /d1/576/AUTH_6da408b3ff724a03ae7542522b7f2a66/gnocchi.ecf812c4-fd21-455f-abb3-5c7ffc36a8f8/1769040000.0_mean_300.0_v3" 201 - "PUT http://localhost:8080/v1/AUTH_6da408b3ff724a03ae7542522b7f2a66/gnocchi.ecf812c4-fd21-455f-abb3-5c7ffc36a8f8/1769040000.0_mean_300.0_v3" "txe2d4ad4c68314e1fa7366-006971cc5b" "proxy-server 12" 0.0131 "-" 25 0
Jan 22 07:06:03 standalone proxy-server[124465]: 172.18.0.2 ::1 22/Jan/2026/07/06/03 PUT /v1/AUTH_6da408b3ff724a03ae7542522b7f2a66/gnocchi.ecf812c4-fd21-455f-abb3-5c7ffc36a8f8/1769040000.0_mean_300.0_v3 HTTP/1.0 201 - python-swiftclient-3.11.1 gAAAAABpccwcBwkP... 16 - - txe2d4ad4c68314e1fa7366-006971cc5b - 0.0203 - - 1769065563.927022934 1769065563.947325230 0
Jan 22 07:06:04 standalone container-server[122534]: 172.20.0.100 - - [22/Jan/2026:07:06:04 +0000] "PUT /d1/919/AUTH_6da408b3ff724a03ae7542522b7f2a66/gnocchi.ecf812c4-fd21-455f-abb3-5c7ffc36a8f8/none_v3" 201 - "PUT http://localhost:8080/d1/407/AUTH_6da408b3ff724a03ae7542522b7f2a66/gnocchi.ecf812c4-fd21-455f-abb3-5c7ffc36a8f8/none_v3" "txf4825217aa3147ab93e96-006971cc5b" "object-server 25" 0.0023 "-" 21 0
Jan 22 07:06:04 standalone object-server[122706]: 172.20.0.100 - - [22/Jan/2026:07:06:04 +0000] "PUT /d1/407/AUTH_6da408b3ff724a03ae7542522b7f2a66/gnocchi.ecf812c4-fd21-455f-abb3-5c7ffc36a8f8/none_v3" 201 - "PUT http://localhost:8080/v1/AUTH_6da408b3ff724a03ae7542522b7f2a66/gnocchi.ecf812c4-fd21-455f-abb3-5c7ffc36a8f8/none_v3" "txf4825217aa3147ab93e96-006971cc5b" "proxy-server 12" 0.0121 "-" 25 0
Jan 22 07:06:04 standalone proxy-server[124465]: 172.18.0.2 ::1 22/Jan/2026/07/06/04 PUT /v1/AUTH_6da408b3ff724a03ae7542522b7f2a66/gnocchi.ecf812c4-fd21-455f-abb3-5c7ffc36a8f8/none_v3 HTTP/1.0 201 - python-swiftclient-3.11.1 gAAAAABpccwcBwkP... 22 - - txf4825217aa3147ab93e96-006971cc5b - 0.0456 - - 1769065563.988311052 1769065564.033883572 0
Jan 22 07:06:07 standalone container-server[122543]: 172.20.0.100 - - [22/Jan/2026:07:06:07 +0000] "HEAD /d1/980/AUTH_6da408b3ff724a03ae7542522b7f2a66/gnocchi.b47eebbd-d89e-4268-bdf3-47469ac1e278" 404 - "HEAD http://localhost:8080/v1/AUTH_6da408b3ff724a03ae7542522b7f2a66/gnocchi.b47eebbd-d89e-4268-bdf3-47469ac1e278?format=json&states=listing" "tx6e9bec16a4d74d02ab25e-006971cc5f" "proxy-server 12" 0.0012 "-" 23 0
Jan 22 07:06:07 standalone object-server[122706]: 172.20.0.100 - - [22/Jan/2026:07:06:07 +0000] "GET /d1/742/AUTH_6da408b3ff724a03ae7542522b7f2a66/gnocchi.b47eebbd-d89e-4268-bdf3-47469ac1e278/none_v3" 404 70 "GET http://localhost:8080/v1/AUTH_6da408b3ff724a03ae7542522b7f2a66/gnocchi.b47eebbd-d89e-4268-bdf3-47469ac1e278/none_v3" "tx6e9bec16a4d74d02ab25e-006971cc5f" "proxy-server 12" 0.0012 "-" 25 0
Jan 22 07:06:07 standalone proxy-server[124465]: 172.18.0.2 ::1 22/Jan/2026/07/06/07 GET /v1/AUTH_6da408b3ff724a03ae7542522b7f2a66/gnocchi.b47eebbd-d89e-4268-bdf3-47469ac1e278/none_v3 HTTP/1.0 404 - python-swiftclient-3.11.1 gAAAAABpccwcBwkP... - 70 - tx6e9bec16a4d74d02ab25e-006971cc5f - 0.0236 - - 1769065567.834899187 1769065567.858479023 0
Jan 22 07:06:07 standalone account-server[122416]: 172.20.0.100 - - [22/Jan/2026:07:06:07 +0000] "PUT /d1/648/AUTH_6da408b3ff724a03ae7542522b7f2a66/gnocchi.b47eebbd-d89e-4268-bdf3-47469ac1e278" 201 - "PUT http://172.20.0.100:6001/d1/980/AUTH_6da408b3ff724a03ae7542522b7f2a66/gnocchi.b47eebbd-d89e-4268-bdf3-47469ac1e278" "tx77ee752edfb74c3ba9cd0-006971cc5f" "container-server 22" 0.0099 "-" 22 0
Jan 22 07:06:07 standalone container-server[122537]: 172.20.0.100 - - [22/Jan/2026:07:06:07 +0000] "PUT /d1/980/AUTH_6da408b3ff724a03ae7542522b7f2a66/gnocchi.b47eebbd-d89e-4268-bdf3-47469ac1e278" 201 - "PUT http://localhost:8080/v1/AUTH_6da408b3ff724a03ae7542522b7f2a66/gnocchi.b47eebbd-d89e-4268-bdf3-47469ac1e278" "tx77ee752edfb74c3ba9cd0-006971cc5f" "proxy-server 12" 0.0251 "-" 22 0
Jan 22 07:06:07 standalone proxy-server[124465]: 172.18.0.2 ::1 22/Jan/2026/07/06/07 PUT /v1/AUTH_6da408b3ff724a03ae7542522b7f2a66/gnocchi.b47eebbd-d89e-4268-bdf3-47469ac1e278 HTTP/1.0 201 - python-swiftclient-3.11.1 gAAAAABpccwcBwkP... - - - tx77ee752edfb74c3ba9cd0-006971cc5f - 0.0351 - - 1769065567.866733551 1769065567.901831627 0
Jan 22 07:06:07 standalone container-server[122531]: 172.20.0.100 - - [22/Jan/2026:07:06:07 +0000] "HEAD /d1/980/AUTH_6da408b3ff724a03ae7542522b7f2a66/gnocchi.b47eebbd-d89e-4268-bdf3-47469ac1e278" 204 - "HEAD http://localhost:8080/v1/AUTH_6da408b3ff724a03ae7542522b7f2a66/gnocchi.b47eebbd-d89e-4268-bdf3-47469ac1e278?format=json&states=listing" "tx303b246a799c43c7b89f2-006971cc5f" "proxy-server 12" 0.0018 "-" 20 0
