Jan 22 07:08:21 standalone container-server[122531]: 172.20.0.100 - - [22/Jan/2026:07:08:21 +0000] "HEAD /d1/685/AUTH_6da408b3ff724a03ae7542522b7f2a66/gnocchi.5804f10e-93ab-4741-91eb-ff400ce797d9" 404 - "HEAD http://localhost:8080/v1/AUTH_6da408b3ff724a03ae7542522b7f2a66/gnocchi.5804f10e-93ab-4741-91eb-ff400ce797d9?format=json&states=listing" "txcab4106c81164c3da0734-006971cce5" "proxy-server 12" 0.0006 "-" 20 0
Jan 22 07:08:21 standalone object-server[122700]: 172.20.0.100 - - [22/Jan/2026:07:08:21 +0000] "GET /d1/522/AUTH_6da408b3ff724a03ae7542522b7f2a66/gnocchi.5804f10e-93ab-4741-91eb-ff400ce797d9/none_v3" 404 70 "GET http://localhost:8080/v1/AUTH_6da408b3ff724a03ae7542522b7f2a66/gnocchi.5804f10e-93ab-4741-91eb-ff400ce797d9/none_v3" "txcab4106c81164c3da0734-006971cce5" "proxy-server 12" 0.0003 "-" 23 0
Jan 22 07:08:21 standalone proxy-server[124465]: 172.18.0.2 ::1 22/Jan/2026/07/08/21 GET /v1/AUTH_6da408b3ff724a03ae7542522b7f2a66/gnocchi.5804f10e-93ab-4741-91eb-ff400ce797d9/none_v3 HTTP/1.0 404 - python-swiftclient-3.11.1 gAAAAABpccwcBwkP... - 70 - txcab4106c81164c3da0734-006971cce5 - 0.0092 - - 1769065701.800909042 1769065701.810103178 0
Jan 22 07:08:21 standalone account-server[122396]: 172.20.0.100 - - [22/Jan/2026:07:08:21 +0000] "PUT /d1/648/AUTH_6da408b3ff724a03ae7542522b7f2a66/gnocchi.5804f10e-93ab-4741-91eb-ff400ce797d9" 201 - "PUT http://172.20.0.100:6001/d1/685/AUTH_6da408b3ff724a03ae7542522b7f2a66/gnocchi.5804f10e-93ab-4741-91eb-ff400ce797d9" "tx4be3b20fb254411bad7d5-006971cce5" "container-server 21" 0.0071 "-" 18 0
Jan 22 07:08:21 standalone container-server[122534]: 172.20.0.100 - - [22/Jan/2026:07:08:21 +0000] "PUT /d1/685/AUTH_6da408b3ff724a03ae7542522b7f2a66/gnocchi.5804f10e-93ab-4741-91eb-ff400ce797d9" 201 - "PUT http://localhost:8080/v1/AUTH_6da408b3ff724a03ae7542522b7f2a66/gnocchi.5804f10e-93ab-4741-91eb-ff400ce797d9" "tx4be3b20fb254411bad7d5-006971cce5" "proxy-server 12" 0.0179 "-" 21 0
Jan 22 07:08:21 standalone proxy-server[124465]: 172.18.0.2 ::1 22/Jan/2026/07/08/21 PUT /v1/AUTH_6da408b3ff724a03ae7542522b7f2a66/gnocchi.5804f10e-93ab-4741-91eb-ff400ce797d9 HTTP/1.0 201 - python-swiftclient-3.11.1 gAAAAABpccwcBwkP... - - - tx4be3b20fb254411bad7d5-006971cce5 - 0.0227 - - 1769065701.813357353 1769065701.836076975 0
Jan 22 07:08:21 standalone container-server[122531]: 172.20.0.100 - - [22/Jan/2026:07:08:21 +0000] "HEAD /d1/685/AUTH_6da408b3ff724a03ae7542522b7f2a66/gnocchi.5804f10e-93ab-4741-91eb-ff400ce797d9" 204 - "HEAD http://localhost:8080/v1/AUTH_6da408b3ff724a03ae7542522b7f2a66/gnocchi.5804f10e-93ab-4741-91eb-ff400ce797d9?format=json&states=listing" "tx78c443bddd844addb3472-006971cce5" "proxy-server 12" 0.0023 "-" 20 0
Jan 22 07:08:21 standalone proxy-server[124465]: - - 22/Jan/2026/07/08/21 HEAD /v1/AUTH_6da408b3ff724a03ae7542522b7f2a66/gnocchi.5804f10e-93ab-4741-91eb-ff400ce797d9%3Fformat%3Djson%26states%3Dlisting HTTP/1.0 204 - Swift - - - - tx78c443bddd844addb3472-006971cce5 - 0.0067 RL - 1769065701.841235161 1769065701.847885609 0
Jan 22 07:08:21 standalone container-server[122543]: 172.20.0.100 - - [22/Jan/2026:07:08:21 +0000] "GET /d1/685/AUTH_6da408b3ff724a03ae7542522b7f2a66/gnocchi.5804f10e-93ab-4741-91eb-ff400ce797d9" 200 2 "GET http://localhost:8080/v1/AUTH_6da408b3ff724a03ae7542522b7f2a66/gnocchi.5804f10e-93ab-4741-91eb-ff400ce797d9?format=json&states=listing" "tx78c443bddd844addb3472-006971cce5" "proxy-server 12" 0.0037 "-" 23 0
Jan 22 07:08:21 standalone proxy-server[124465]: 172.18.0.2 ::1 22/Jan/2026/07/08/21 GET /v1/AUTH_6da408b3ff724a03ae7542522b7f2a66/gnocchi.5804f10e-93ab-4741-91eb-ff400ce797d9%3Fformat%3Djson%26states%3Dlisting HTTP/1.0 200 - python-swiftclient-3.11.1 gAAAAABpccwcBwkP... - 2 - tx78c443bddd844addb3472-006971cce5 - 0.0207 - - 1769065701.839798689 1769065701.860517025 0
Jan 22 07:08:21 standalone object-server[122704]: 172.20.0.100 - - [22/Jan/2026:07:08:21 +0000] "GET /d1/947/AUTH_6da408b3ff724a03ae7542522b7f2a66/gnocchi.5804f10e-93ab-4741-91eb-ff400ce797d9/1769040000.0_mean_300.0_v3" 404 70 "GET http://localhost:8080/v1/AUTH_6da408b3ff724a03ae7542522b7f2a66/gnocchi.5804f10e-93ab-4741-91eb-ff400ce797d9/1769040000.0_mean_300.0_v3" "txda7a249a5f92476a98453-006971cce5" "proxy-server 12" 0.0005 "-" 24 0
Jan 22 07:08:21 standalone proxy-server[124465]: 172.18.0.2 ::1 22/Jan/2026/07/08/21 GET /v1/AUTH_6da408b3ff724a03ae7542522b7f2a66/gnocchi.5804f10e-93ab-4741-91eb-ff400ce797d9/1769040000.0_mean_300.0_v3 HTTP/1.0 404 - python-swiftclient-3.11.1 gAAAAABpccwcBwkP... - 70 - txda7a249a5f92476a98453-006971cce5 - 0.0067 - - 1769065701.865524530 1769065701.872184515 0
Jan 22 07:08:21 standalone container-server[122534]: 172.20.0.100 - - [22/Jan/2026:07:08:21 +0000] "PUT /d1/685/AUTH_6da408b3ff724a03ae7542522b7f2a66/gnocchi.5804f10e-93ab-4741-91eb-ff400ce797d9/1769040000.0_mean_300.0_v3" 201 - "PUT http://localhost:8080/d1/947/AUTH_6da408b3ff724a03ae7542522b7f2a66/gnocchi.5804f10e-93ab-4741-91eb-ff400ce797d9/1769040000.0_mean_300.0_v3" "tx12cc0da6374c40ad9bee3-006971cce5" "object-server 22" 0.0007 "-" 21 0
Jan 22 07:08:21 standalone object-server[122693]: 172.20.0.100 - - [22/Jan/2026:07:08:21 +0000] "PUT /d1/947/AUTH_6da408b3ff724a03ae7542522b7f2a66/gnocchi.5804f10e-93ab-4741-91eb-ff400ce797d9/1769040000.0_mean_300.0_v3" 201 - "PUT http://localhost:8080/v1/AUTH_6da408b3ff724a03ae7542522b7f2a66/gnocchi.5804f10e-93ab-4741-91eb-ff400ce797d9/1769040000.0_mean_300.0_v3" "tx12cc0da6374c40ad9bee3-006971cce5" "proxy-server 12" 0.0088 "-" 22 0
Jan 22 07:08:21 standalone proxy-server[124465]: 172.18.0.2 ::1 22/Jan/2026/07/08/21 PUT /v1/AUTH_6da408b3ff724a03ae7542522b7f2a66/gnocchi.5804f10e-93ab-4741-91eb-ff400ce797d9/1769040000.0_mean_300.0_v3 HTTP/1.0 201 - python-swiftclient-3.11.1 gAAAAABpccwcBwkP... 16 - - tx12cc0da6374c40ad9bee3-006971cce5 - 0.0139 - - 1769065701.875871658 1769065701.889739990 0
Jan 22 07:08:21 standalone container-server[122543]: 172.20.0.100 - - [22/Jan/2026:07:08:21 +0000] "PUT /d1/685/AUTH_6da408b3ff724a03ae7542522b7f2a66/gnocchi.5804f10e-93ab-4741-91eb-ff400ce797d9/none_v3" 201 - "PUT http://localhost:8080/d1/522/AUTH_6da408b3ff724a03ae7542522b7f2a66/gnocchi.5804f10e-93ab-4741-91eb-ff400ce797d9/none_v3" "tx7fd72ba6947c470abbd7d-006971cce5" "object-server 23" 0.0005 "-" 23 0
Jan 22 07:08:21 standalone object-server[122700]: 172.20.0.100 - - [22/Jan/2026:07:08:21 +0000] "PUT /d1/522/AUTH_6da408b3ff724a03ae7542522b7f2a66/gnocchi.5804f10e-93ab-4741-91eb-ff400ce797d9/none_v3" 201 - "PUT http://localhost:8080/v1/AUTH_6da408b3ff724a03ae7542522b7f2a66/gnocchi.5804f10e-93ab-4741-91eb-ff400ce797d9/none_v3" "tx7fd72ba6947c470abbd7d-006971cce5" "proxy-server 12" 0.0117 "-" 23 0
Jan 22 07:08:21 standalone proxy-server[124465]: 172.18.0.2 ::1 22/Jan/2026/07/08/21 PUT /v1/AUTH_6da408b3ff724a03ae7542522b7f2a66/gnocchi.5804f10e-93ab-4741-91eb-ff400ce797d9/none_v3 HTTP/1.0 201 - python-swiftclient-3.11.1 gAAAAABpccwcBwkP... 22 - - tx7fd72ba6947c470abbd7d-006971cce5 - 0.0174 - - 1769065701.893135548 1769065701.910487413 0
Jan 22 07:08:21 standalone container-server[122534]: 172.20.0.100 - - [22/Jan/2026:07:08:21 +0000] "HEAD /d1/893/AUTH_6da408b3ff724a03ae7542522b7f2a66/gnocchi.741b83d6-6e5a-4938-bd51-1aa1855170fe" 404 - "HEAD http://localhost:8080/v1/AUTH_6da408b3ff724a03ae7542522b7f2a66/gnocchi.741b83d6-6e5a-4938-bd51-1aa1855170fe?format=json&states=listing" "txcc1d8e54d4fa49e19bc26-006971cce5" "proxy-server 12" 0.0004 "-" 21 0
Jan 22 07:08:21 standalone object-server[122693]: 172.20.0.100 - - [22/Jan/2026:07:08:21 +0000] "GET /d1/282/AUTH_6da408b3ff724a03ae7542522b7f2a66/gnocchi.741b83d6-6e5a-4938-bd51-1aa1855170fe/none_v3" 404 70 "GET http://localhost:8080/v1/AUTH_6da408b3ff724a03ae7542522b7f2a66/gnocchi.741b83d6-6e5a-4938-bd51-1aa1855170fe/none_v3" "txcc1d8e54d4fa49e19bc26-006971cce5" "proxy-server 12" 0.0005 "-" 22 0
Jan 22 07:08:21 standalone proxy-server[124465]: 172.18.0.2 ::1 22/Jan/2026/07/08/21 GET /v1/AUTH_6da408b3ff724a03ae7542522b7f2a66/gnocchi.741b83d6-6e5a-4938-bd51-1aa1855170fe/none_v3 HTTP/1.0 404 - python-swiftclient-3.11.1 gAAAAABpccwcBwkP... - 70 - txcc1d8e54d4fa49e19bc26-006971cce5 - 0.0136 - - 1769065701.921801329 1769065701.935377121 0
Jan 22 07:08:21 standalone account-server[122377]: 172.20.0.100 - - [22/Jan/2026:07:08:21 +0000] "PUT /d1/648/AUTH_6da408b3ff724a03ae7542522b7f2a66/gnocchi.741b83d6-6e5a-4938-bd51-1aa1855170fe" 201 - "PUT http://172.20.0.100:6001/d1/893/AUTH_6da408b3ff724a03ae7542522b7f2a66/gnocchi.741b83d6-6e5a-4938-bd51-1aa1855170fe" "txb5938e8ea5bb4f2b9e8b3-006971cce5" "container-server 21" 0.0050 "-" 17 0
Jan 22 07:08:21 standalone container-server[122534]: 172.20.0.100 - - [22/Jan/2026:07:08:21 +0000] "PUT /d1/893/AUTH_6da408b3ff724a03ae7542522b7f2a66/gnocchi.741b83d6-6e5a-4938-bd51-1aa1855170fe" 201 - "PUT http://localhost:8080/v1/AUTH_6da408b3ff724a03ae7542522b7f2a66/gnocchi.741b83d6-6e5a-4938-bd51-1aa1855170fe" "txb5938e8ea5bb4f2b9e8b3-006971cce5" "proxy-server 12" 0.0159 "-" 21 0
Jan 22 07:08:21 standalone proxy-server[124465]: 172.18.0.2 ::1 22/Jan/2026/07/08/21 PUT /v1/AUTH_6da408b3ff724a03ae7542522b7f2a66/gnocchi.741b83d6-6e5a-4938-bd51-1aa1855170fe HTTP/1.0 201 - python-swiftclient-3.11.1 gAAAAABpccwcBwkP... - - - txb5938e8ea5bb4f2b9e8b3-006971cce5 - 0.0228 - - 1769065701.939150095 1769065701.961957455 0
Jan 22 07:08:21 standalone container-server[122534]: 172.20.0.100 - - [22/Jan/2026:07:08:21 +0000] "HEAD /d1/893/AUTH_6da408b3ff724a03ae7542522b7f2a66/gnocchi.741b83d6-6e5a-4938-bd51-1aa1855170fe" 204 - "HEAD http://localhost:8080/v1/AUTH_6da408b3ff724a03ae7542522b7f2a66/gnocchi.741b83d6-6e5a-4938-bd51-1aa1855170fe?format=json&states=listing" "txb798119096324ecea34e9-006971cce5" "proxy-server 12" 0.0014 "-" 21 0
Jan 22 07:08:21 standalone proxy-server[124465]: - - 22/Jan/2026/07/08/21 HEAD /v1/AUTH_6da408b3ff724a03ae7542522b7f2a66/gnocchi.741b83d6-6e5a-4938-bd51-1aa1855170fe%3Fformat%3Djson%26states%3Dlisting HTTP/1.0 204 - Swift - - - - txb798119096324ecea34e9-006971cce5 - 0.0059 RL - 1769065701.967873335 1769065701.973784924 0
Jan 22 07:08:21 standalone container-server[122534]: 172.20.0.100 - - [22/Jan/2026:07:08:21 +0000] "GET /d1/893/AUTH_6da408b3ff724a03ae7542522b7f2a66/gnocchi.741b83d6-6e5a-4938-bd51-1aa1855170fe" 200 2 "GET http://localhost:8080/v1/AUTH_6da408b3ff724a03ae7542522b7f2a66/gnocchi.741b83d6-6e5a-4938-bd51-1aa1855170fe?format=json&states=listing" "txb798119096324ecea34e9-006971cce5" "proxy-server 12" 0.0022 "-" 21 0
Jan 22 07:08:21 standalone proxy-server[124465]: 172.18.0.2 ::1 22/Jan/2026/07/08/21 GET /v1/AUTH_6da408b3ff724a03ae7542522b7f2a66/gnocchi.741b83d6-6e5a-4938-bd51-1aa1855170fe%3Fformat%3Djson%26states%3Dlisting HTTP/1.0 200 - python-swiftclient-3.11.1 gAAAAABpccwcBwkP... - 2 - txb798119096324ecea34e9-006971cce5 - 0.0181 - - 1769065701.966236115 1769065701.984331846 0
Jan 22 07:08:21 standalone object-server[122693]: 172.20.0.100 - - [22/Jan/2026:07:08:21 +0000] "GET /d1/402/AUTH_6da408b3ff724a03ae7542522b7f2a66/gnocchi.741b83d6-6e5a-4938-bd51-1aa1855170fe/1769040000.0_mean_300.0_v3" 404 70 "GET http://localhost:8080/v1/AUTH_6da408b3ff724a03ae7542522b7f2a66/gnocchi.741b83d6-6e5a-4938-bd51-1aa1855170fe/1769040000.0_mean_300.0_v3" "txa939f03b6bae43318371b-006971cce5" "proxy-server 12" 0.0005 "-" 22 0
Jan 22 07:08:21 standalone proxy-server[124465]: 172.18.0.2 ::1 22/Jan/2026/07/08/21 GET /v1/AUTH_6da408b3ff724a03ae7542522b7f2a66/gnocchi.741b83d6-6e5a-4938-bd51-1aa1855170fe/1769040000.0_mean_300.0_v3 HTTP/1.0 404 - python-swiftclient-3.11.1 gAAAAABpccwcBwkP... - 70 - txa939f03b6bae43318371b-006971cce5 - 0.0084 - - 1769065701.988309860 1769065701.996710539 0
Jan 22 07:08:22 standalone container-server[122537]: 172.20.0.100 - - [22/Jan/2026:07:08:22 +0000] "PUT /d1/893/AUTH_6da408b3ff724a03ae7542522b7f2a66/gnocchi.741b83d6-6e5a-4938-bd51-1aa1855170fe/1769040000.0_mean_300.0_v3" 201 - "PUT http://localhost:8080/d1/402/AUTH_6da408b3ff724a03ae7542522b7f2a66/gnocchi.741b83d6-6e5a-4938-bd51-1aa1855170fe/1769040000.0_mean_300.0_v3" "tx19de286b4e3e497aba711-006971cce5" "object-server 25" 0.0008 "-" 22 0
Jan 22 07:08:22 standalone object-server[122706]: 172.20.0.100 - - [22/Jan/2026:07:08:22 +0000] "PUT /d1/402/AUTH_6da408b3ff724a03ae7542522b7f2a66/gnocchi.741b83d6-6e5a-4938-bd51-1aa1855170fe/1769040000.0_mean_300.0_v3" 201 - "PUT http://localhost:8080/v1/AUTH_6da408b3ff724a03ae7542522b7f2a66/gnocchi.741b83d6-6e5a-4938-bd51-1aa1855170fe/1769040000.0_mean_300.0_v3" "tx19de286b4e3e497aba711-006971cce5" "proxy-server 12" 0.0094 "-" 25 0
Jan 22 07:08:22 standalone proxy-server[124465]: 172.18.0.2 ::1 22/Jan/2026/07/08/22 PUT /v1/AUTH_6da408b3ff724a03ae7542522b7f2a66/gnocchi.741b83d6-6e5a-4938-bd51-1aa1855170fe/1769040000.0_mean_300.0_v3 HTTP/1.0 201 - python-swiftclient-3.11.1 gAAAAABpccwcBwkP... 16 - - tx19de286b4e3e497aba711-006971cce5 - 0.0166 - - 1769065701.999856472 1769065702.016469002 0
Jan 22 07:08:22 standalone container-server[122534]: 172.20.0.100 - - [22/Jan/2026:07:08:22 +0000] "PUT /d1/893/AUTH_6da408b3ff724a03ae7542522b7f2a66/gnocchi.741b83d6-6e5a-4938-bd51-1aa1855170fe/none_v3" 201 - "PUT http://localhost:8080/d1/282/AUTH_6da408b3ff724a03ae7542522b7f2a66/gnocchi.741b83d6-6e5a-4938-bd51-1aa1855170fe/none_v3" "txf5603b39f18245c190cd2-006971cce6" "object-server 25" 0.0060 "-" 21 0
Jan 22 07:08:22 standalone object-server[122706]: 172.20.0.100 - - [22/Jan/2026:07:08:22 +0000] "PUT /d1/282/AUTH_6da408b3ff724a03ae7542522b7f2a66/gnocchi.741b83d6-6e5a-4938-bd51-1aa1855170fe/none_v3" 201 - "PUT http://localhost:8080/v1/AUTH_6da408b3ff724a03ae7542522b7f2a66/gnocchi.741b83d6-6e5a-4938-bd51-1aa1855170fe/none_v3" "txf5603b39f18245c190cd2-006971cce6" "proxy-server 12" 0.0168 "-" 25 0
Jan 22 07:08:22 standalone proxy-server[124465]: 172.18.0.2 ::1 22/Jan/2026/07/08/22 PUT /v1/AUTH_6da408b3ff724a03ae7542522b7f2a66/gnocchi.741b83d6-6e5a-4938-bd51-1aa1855170fe/none_v3 HTTP/1.0 201 - python-swiftclient-3.11.1 gAAAAABpccwcBwkP... 22 - - txf5603b39f18245c190cd2-006971cce6 - 0.0240 - - 1769065702.019854546 1769065702.043877602 0
Jan 22 07:08:22 standalone container-server[122543]: 172.20.0.100 - - [22/Jan/2026:07:08:22 +0000] "HEAD /d1/1001/AUTH_6da408b3ff724a03ae7542522b7f2a66/gnocchi.42314f78-4cf6-464f-9f24-4b9949777869" 404 - "HEAD http://localhost:8080/v1/AUTH_6da408b3ff724a03ae7542522b7f2a66/gnocchi.42314f78-4cf6-464f-9f24-4b9949777869?format=json&states=listing" "txb2763ae2fd7e498ba708f-006971cce6" "proxy-server 12" 0.0005 "-" 23 0
Jan 22 07:08:22 standalone object-server[122706]: 172.20.0.100 - - [22/Jan/2026:07:08:22 +0000] "GET /d1/998/AUTH_6da408b3ff724a03ae7542522b7f2a66/gnocchi.42314f78-4cf6-464f-9f24-4b9949777869/none_v3" 404 70 "GET http://localhost:8080/v1/AUTH_6da408b3ff724a03ae7542522b7f2a66/gnocchi.42314f78-4cf6-464f-9f24-4b9949777869/none_v3" "txb2763ae2fd7e498ba708f-006971cce6" "proxy-server 12" 0.0003 "-" 25 0
Jan 22 07:08:22 standalone proxy-server[124465]: 172.18.0.2 ::1 22/Jan/2026/07/08/22 GET /v1/AUTH_6da408b3ff724a03ae7542522b7f2a66/gnocchi.42314f78-4cf6-464f-9f24-4b9949777869/none_v3 HTTP/1.0 404 - python-swiftclient-3.11.1 gAAAAABpccwcBwkP... - 70 - txb2763ae2fd7e498ba708f-006971cce6 - 0.0091 - - 1769065702.053921223 1769065702.063063622 0
Jan 22 07:08:22 standalone account-server[122396]: 172.20.0.100 - - [22/Jan/2026:07:08:22 +0000] "PUT /d1/648/AUTH_6da408b3ff724a03ae7542522b7f2a66/gnocchi.42314f78-4cf6-464f-9f24-4b9949777869" 201 - "PUT http://172.20.0.100:6001/d1/1001/AUTH_6da408b3ff724a03ae7542522b7f2a66/gnocchi.42314f78-4cf6-464f-9f24-4b9949777869" "txd80d079de565486db69c4-006971cce6" "container-server 20" 0.0058 "-" 18 0
Jan 22 07:08:22 standalone container-server[122531]: 172.20.0.100 - - [22/Jan/2026:07:08:22 +0000] "PUT /d1/1001/AUTH_6da408b3ff724a03ae7542522b7f2a66/gnocchi.42314f78-4cf6-464f-9f24-4b9949777869" 201 - "PUT http://localhost:8080/v1/AUTH_6da408b3ff724a03ae7542522b7f2a66/gnocchi.42314f78-4cf6-464f-9f24-4b9949777869" "txd80d079de565486db69c4-006971cce6" "proxy-server 12" 0.0201 "-" 20 0
Jan 22 07:08:22 standalone proxy-server[124465]: 172.18.0.2 ::1 22/Jan/2026/07/08/22 PUT /v1/AUTH_6da408b3ff724a03ae7542522b7f2a66/gnocchi.42314f78-4cf6-464f-9f24-4b9949777869 HTTP/1.0 201 - python-swiftclient-3.11.1 gAAAAABpccwcBwkP... - - - txd80d079de565486db69c4-006971cce6 - 0.0257 - - 1769065702.065910816 1769065702.091650009 0
Jan 22 07:08:22 standalone container-server[122543]: 172.20.0.100 - - [22/Jan/2026:07:08:22 +0000] "HEAD /d1/1001/AUTH_6da408b3ff724a03ae7542522b7f2a66/gnocchi.42314f78-4cf6-464f-9f24-4b9949777869" 204 - "HEAD http://localhost:8080/v1/AUTH_6da408b3ff724a03ae7542522b7f2a66/gnocchi.42314f78-4cf6-464f-9f24-4b9949777869?format=json&states=listing" "tx8a3c98d063784d11ae52d-006971cce6" "proxy-server 12" 0.0022 "-" 23 0
Jan 22 07:08:22 standalone proxy-server[124465]: - - 22/Jan/2026/07/08/22 HEAD /v1/AUTH_6da408b3ff724a03ae7542522b7f2a66/gnocchi.42314f78-4cf6-464f-9f24-4b9949777869%3Fformat%3Djson%26states%3Dlisting HTTP/1.0 204 - Swift - - - - tx8a3c98d063784d11ae52d-006971cce6 - 0.0066 RL - 1769065702.096915483 1769065702.103503942 0
Jan 22 07:08:22 standalone container-server[122534]: 172.20.0.100 - - [22/Jan/2026:07:08:22 +0000] "GET /d1/1001/AUTH_6da408b3ff724a03ae7542522b7f2a66/gnocchi.42314f78-4cf6-464f-9f24-4b9949777869" 200 2 "GET http://localhost:8080/v1/AUTH_6da408b3ff724a03ae7542522b7f2a66/gnocchi.42314f78-4cf6-464f-9f24-4b9949777869?format=json&states=listing" "tx8a3c98d063784d11ae52d-006971cce6" "proxy-server 12" 0.0034 "-" 21 0
Jan 22 07:08:22 standalone proxy-server[124465]: 172.18.0.2 ::1 22/Jan/2026/07/08/22 GET /v1/AUTH_6da408b3ff724a03ae7542522b7f2a66/gnocchi.42314f78-4cf6-464f-9f24-4b9949777869%3Fformat%3Djson%26states%3Dlisting HTTP/1.0 200 - python-swiftclient-3.11.1 gAAAAABpccwcBwkP... - 2 - tx8a3c98d063784d11ae52d-006971cce6 - 0.0187 - - 1769065702.095742464 1769065702.114408970 0
Jan 22 07:08:22 standalone object-server[122706]: 172.20.0.100 - - [22/Jan/2026:07:08:22 +0000] "GET /d1/562/AUTH_6da408b3ff724a03ae7542522b7f2a66/gnocchi.42314f78-4cf6-464f-9f24-4b9949777869/1769040000.0_mean_300.0_v3" 404 70 "GET http://localhost:8080/v1/AUTH_6da408b3ff724a03ae7542522b7f2a66/gnocchi.42314f78-4cf6-464f-9f24-4b9949777869/1769040000.0_mean_300.0_v3" "txbe15aeb1f9f64b6dab21b-006971cce6" "proxy-server 12" 0.0005 "-" 25 0
Jan 22 07:08:22 standalone proxy-server[124465]: 172.18.0.2 ::1 22/Jan/2026/07/08/22 GET /v1/AUTH_6da408b3ff724a03ae7542522b7f2a66/gnocchi.42314f78-4cf6-464f-9f24-4b9949777869/1769040000.0_mean_300.0_v3 HTTP/1.0 404 - python-swiftclient-3.11.1 gAAAAABpccwcBwkP... - 70 - txbe15aeb1f9f64b6dab21b-006971cce6 - 0.0066 - - 1769065702.118610382 1769065702.125187874 0
Jan 22 07:08:22 standalone container-server[122534]: 172.20.0.100 - - [22/Jan/2026:07:08:22 +0000] "PUT /d1/1001/AUTH_6da408b3ff724a03ae7542522b7f2a66/gnocchi.42314f78-4cf6-464f-9f24-4b9949777869/1769040000.0_mean_300.0_v3" 201 - "PUT http://localhost:8080/d1/562/AUTH_6da408b3ff724a03ae7542522b7f2a66/gnocchi.42314f78-4cf6-464f-9f24-4b9949777869/1769040000.0_mean_300.0_v3" "txb3ad8355deea4a47be450-006971cce6" "object-server 22" 0.0009 "-" 21 0
Jan 22 07:08:22 standalone object-server[122693]: 172.20.0.100 - - [22/Jan/2026:07:08:22 +0000] "PUT /d1/562/AUTH_6da408b3ff724a03ae7542522b7f2a66/gnocchi.42314f78-4cf6-464f-9f24-4b9949777869/1769040000.0_mean_300.0_v3" 201 - "PUT http://localhost:8080/v1/AUTH_6da408b3ff724a03ae7542522b7f2a66/gnocchi.42314f78-4cf6-464f-9f24-4b9949777869/1769040000.0_mean_300.0_v3" "txb3ad8355deea4a47be450-006971cce6" "proxy-server 12" 0.0110 "-" 22 0
Jan 22 07:08:22 standalone proxy-server[124465]: 172.18.0.2 ::1 22/Jan/2026/07/08/22 PUT /v1/AUTH_6da408b3ff724a03ae7542522b7f2a66/gnocchi.42314f78-4cf6-464f-9f24-4b9949777869/1769040000.0_mean_300.0_v3 HTTP/1.0 201 - python-swiftclient-3.11.1 gAAAAABpccwcBwkP... 16 - - txb3ad8355deea4a47be450-006971cce6 - 0.0204 - - 1769065702.131717682 1769065702.152096510 0
Jan 22 07:08:22 standalone container-server[122534]: 172.20.0.100 - - [22/Jan/2026:07:08:22 +0000] "PUT /d1/1001/AUTH_6da408b3ff724a03ae7542522b7f2a66/gnocchi.42314f78-4cf6-464f-9f24-4b9949777869/none_v3" 201 - "PUT http://localhost:8080/d1/998/AUTH_6da408b3ff724a03ae7542522b7f2a66/gnocchi.42314f78-4cf6-464f-9f24-4b9949777869/none_v3" "txa9c0bf0cf75242fb90d56-006971cce6" "object-server 23" 0.0008 "-" 21 0
Jan 22 07:08:22 standalone object-server[122700]: 172.20.0.100 - - [22/Jan/2026:07:08:22 +0000] "PUT /d1/998/AUTH_6da408b3ff724a03ae7542522b7f2a66/gnocchi.42314f78-4cf6-464f-9f24-4b9949777869/none_v3" 201 - "PUT http://localhost:8080/v1/AUTH_6da408b3ff724a03ae7542522b7f2a66/gnocchi.42314f78-4cf6-464f-9f24-4b9949777869/none_v3" "txa9c0bf0cf75242fb90d56-006971cce6" "proxy-server 12" 0.0120 "-" 23 0
Jan 22 07:08:22 standalone proxy-server[124465]: 172.18.0.2 ::1 22/Jan/2026/07/08/22 PUT /v1/AUTH_6da408b3ff724a03ae7542522b7f2a66/gnocchi.42314f78-4cf6-464f-9f24-4b9949777869/none_v3 HTTP/1.0 201 - python-swiftclient-3.11.1 gAAAAABpccwcBwkP... 22 - - txa9c0bf0cf75242fb90d56-006971cce6 - 0.0224 - - 1769065702.157316685 1769065702.179762602 0
Jan 22 07:08:22 standalone container-server[122537]: 172.20.0.100 - - [22/Jan/2026:07:08:22 +0000] "HEAD /d1/809/AUTH_6da408b3ff724a03ae7542522b7f2a66/gnocchi.bf2043f0-e5a5-4c61-aa67-dbfdc193563e" 404 - "HEAD http://localhost:8080/v1/AUTH_6da408b3ff724a03ae7542522b7f2a66/gnocchi.bf2043f0-e5a5-4c61-aa67-dbfdc193563e?format=json&states=listing" "txd9f81bf4819340008d969-006971cce6" "proxy-server 12" 0.0009 "-" 22 0
Jan 22 07:08:22 standalone object-server[122704]: 172.20.0.100 - - [22/Jan/2026:07:08:22 +0000] "GET /d1/647/AUTH_6da408b3ff724a03ae7542522b7f2a66/gnocchi.bf2043f0-e5a5-4c61-aa67-dbfdc193563e/none_v3" 404 70 "GET http://localhost:8080/v1/AUTH_6da408b3ff724a03ae7542522b7f2a66/gnocchi.bf2043f0-e5a5-4c61-aa67-dbfdc193563e/none_v3" "txd9f81bf4819340008d969-006971cce6" "proxy-server 12" 0.0005 "-" 24 0
Jan 22 07:08:22 standalone proxy-server[124465]: 172.18.0.2 ::1 22/Jan/2026/07/08/22 GET /v1/AUTH_6da408b3ff724a03ae7542522b7f2a66/gnocchi.bf2043f0-e5a5-4c61-aa67-dbfdc193563e/none_v3 HTTP/1.0 404 - python-swiftclient-3.11.1 gAAAAABpccwcBwkP... - 70 - txd9f81bf4819340008d969-006971cce6 - 0.0162 - - 1769065702.196485281 1769065702.212685347 0
Jan 22 07:08:22 standalone account-server[122402]: 172.20.0.100 - - [22/Jan/2026:07:08:22 +0000] "PUT /d1/648/AUTH_6da408b3ff724a03ae7542522b7f2a66/gnocchi.bf2043f0-e5a5-4c61-aa67-dbfdc193563e" 201 - "PUT http://172.20.0.100:6001/d1/809/AUTH_6da408b3ff724a03ae7542522b7f2a66/gnocchi.bf2043f0-e5a5-4c61-aa67-dbfdc193563e" "tx291c75f084cb47a3928a7-006971cce6" "container-server 22" 0.0065 "-" 19 0
Jan 22 07:08:22 standalone container-server[122537]: 172.20.0.100 - - [22/Jan/2026:07:08:22 +0000] "PUT /d1/809/AUTH_6da408b3ff724a03ae7542522b7f2a66/gnocchi.bf2043f0-e5a5-4c61-aa67-dbfdc193563e" 201 - "PUT http://localhost:8080/v1/AUTH_6da408b3ff724a03ae7542522b7f2a66/gnocchi.bf2043f0-e5a5-4c61-aa67-dbfdc193563e" "tx291c75f084cb47a3928a7-006971cce6" "proxy-server 12" 0.0201 "-" 22 0
Jan 22 07:08:22 standalone proxy-server[124465]: 172.18.0.2 ::1 22/Jan/2026/07/08/22 PUT /v1/AUTH_6da408b3ff724a03ae7542522b7f2a66/gnocchi.bf2043f0-e5a5-4c61-aa67-dbfdc193563e HTTP/1.0 201 - python-swiftclient-3.11.1 gAAAAABpccwcBwkP... - - - tx291c75f084cb47a3928a7-006971cce6 - 0.0304 - - 1769065702.220239401 1769065702.250615358 0
Jan 22 07:08:22 standalone container-server[122537]: 172.20.0.100 - - [22/Jan/2026:07:08:22 +0000] "HEAD /d1/809/AUTH_6da408b3ff724a03ae7542522b7f2a66/gnocchi.bf2043f0-e5a5-4c61-aa67-dbfdc193563e" 204 - "HEAD http://localhost:8080/v1/AUTH_6da408b3ff724a03ae7542522b7f2a66/gnocchi.bf2043f0-e5a5-4c61-aa67-dbfdc193563e?format=json&states=listing" "tx3f25c85163094ed391685-006971cce6" "proxy-server 12" 0.0012 "-" 22 0
Jan 22 07:08:22 standalone proxy-server[124465]: - - 22/Jan/2026/07/08/22 HEAD /v1/AUTH_6da408b3ff724a03ae7542522b7f2a66/gnocchi.bf2043f0-e5a5-4c61-aa67-dbfdc193563e%3Fformat%3Djson%26states%3Dlisting HTTP/1.0 204 - Swift - - - - tx3f25c85163094ed391685-006971cce6 - 0.0055 RL - 1769065702.258226871 1769065702.263746023 0
Jan 22 07:08:22 standalone container-server[122534]: 172.20.0.100 - - [22/Jan/2026:07:08:22 +0000] "GET /d1/809/AUTH_6da408b3ff724a03ae7542522b7f2a66/gnocchi.bf2043f0-e5a5-4c61-aa67-dbfdc193563e" 200 2 "GET http://localhost:8080/v1/AUTH_6da408b3ff724a03ae7542522b7f2a66/gnocchi.bf2043f0-e5a5-4c61-aa67-dbfdc193563e?format=json&states=listing" "tx3f25c85163094ed391685-006971cce6" "proxy-server 12" 0.0038 "-" 21 0
Jan 22 07:08:22 standalone proxy-server[124465]: 172.18.0.2 ::1 22/Jan/2026/07/08/22 GET /v1/AUTH_6da408b3ff724a03ae7542522b7f2a66/gnocchi.bf2043f0-e5a5-4c61-aa67-dbfdc193563e%3Fformat%3Djson%26states%3Dlisting HTTP/1.0 200 - python-swiftclient-3.11.1 gAAAAABpccwcBwkP... - 2 - tx3f25c85163094ed391685-006971cce6 - 0.0206 - - 1769065702.256367683 1769065702.276926041 0
Jan 22 07:08:22 standalone object-server[122706]: 172.20.0.100 - - [22/Jan/2026:07:08:22 +0000] "GET /d1/761/AUTH_6da408b3ff724a03ae7542522b7f2a66/gnocchi.bf2043f0-e5a5-4c61-aa67-dbfdc193563e/1769040000.0_mean_300.0_v3" 404 70 "GET http://localhost:8080/v1/AUTH_6da408b3ff724a03ae7542522b7f2a66/gnocchi.bf2043f0-e5a5-4c61-aa67-dbfdc193563e/1769040000.0_mean_300.0_v3" "tx8f3db0976de949e7abdcc-006971cce6" "proxy-server 12" 0.0007 "-" 25 0
Jan 22 07:08:22 standalone proxy-server[124465]: 172.18.0.2 ::1 22/Jan/2026/07/08/22 GET /v1/AUTH_6da408b3ff724a03ae7542522b7f2a66/gnocchi.bf2043f0-e5a5-4c61-aa67-dbfdc193563e/1769040000.0_mean_300.0_v3 HTTP/1.0 404 - python-swiftclient-3.11.1 gAAAAABpccwcBwkP... - 70 - tx8f3db0976de949e7abdcc-006971cce6 - 0.0094 - - 1769065702.284296751 1769065702.293690920 0
Jan 22 07:08:22 standalone container-server[122531]: 172.20.0.100 - - [22/Jan/2026:07:08:22 +0000] "PUT /d1/809/AUTH_6da408b3ff724a03ae7542522b7f2a66/gnocchi.bf2043f0-e5a5-4c61-aa67-dbfdc193563e/1769040000.0_mean_300.0_v3" 201 - "PUT http://localhost:8080/d1/761/AUTH_6da408b3ff724a03ae7542522b7f2a66/gnocchi.bf2043f0-e5a5-4c61-aa67-dbfdc193563e/1769040000.0_mean_300.0_v3" "tx3f3d07dd56b64589af2d9-006971cce6" "object-server 22" 0.0009 "-" 20 0
Jan 22 07:08:22 standalone object-server[122693]: 172.20.0.100 - - [22/Jan/2026:07:08:22 +0000] "PUT /d1/761/AUTH_6da408b3ff724a03ae7542522b7f2a66/gnocchi.bf2043f0-e5a5-4c61-aa67-dbfdc193563e/1769040000.0_mean_300.0_v3" 201 - "PUT http://localhost:8080/v1/AUTH_6da408b3ff724a03ae7542522b7f2a66/gnocchi.bf2043f0-e5a5-4c61-aa67-dbfdc193563e/1769040000.0_mean_300.0_v3" "tx3f3d07dd56b64589af2d9-006971cce6" "proxy-server 12" 0.0131 "-" 22 0
Jan 22 07:08:22 standalone proxy-server[124465]: 172.18.0.2 ::1 22/Jan/2026/07/08/22 PUT /v1/AUTH_6da408b3ff724a03ae7542522b7f2a66/gnocchi.bf2043f0-e5a5-4c61-aa67-dbfdc193563e/1769040000.0_mean_300.0_v3 HTTP/1.0 201 - python-swiftclient-3.11.1 gAAAAABpccwcBwkP... 16 - - tx3f3d07dd56b64589af2d9-006971cce6 - 0.0217 - - 1769065702.298940659 1769065702.320600271 0
Jan 22 07:08:22 standalone container-server[122531]: 172.20.0.100 - - [22/Jan/2026:07:08:22 +0000] "PUT /d1/809/AUTH_6da408b3ff724a03ae7542522b7f2a66/gnocchi.bf2043f0-e5a5-4c61-aa67-dbfdc193563e/none_v3" 201 - "PUT http://localhost:8080/d1/647/AUTH_6da408b3ff724a03ae7542522b7f2a66/gnocchi.bf2043f0-e5a5-4c61-aa67-dbfdc193563e/none_v3" "tx9ebcd6b9379f46ae9e38c-006971cce6" "object-server 23" 0.0009 "-" 20 0
Jan 22 07:08:22 standalone object-server[122700]: 172.20.0.100 - - [22/Jan/2026:07:08:22 +0000] "PUT /d1/647/AUTH_6da408b3ff724a03ae7542522b7f2a66/gnocchi.bf2043f0-e5a5-4c61-aa67-dbfdc193563e/none_v3" 201 - "PUT http://localhost:8080/v1/AUTH_6da408b3ff724a03ae7542522b7f2a66/gnocchi.bf2043f0-e5a5-4c61-aa67-dbfdc193563e/none_v3" "tx9ebcd6b9379f46ae9e38c-006971cce6" "proxy-server 12" 0.0117 "-" 23 0
Jan 22 07:08:22 standalone proxy-server[124465]: 172.18.0.2 ::1 22/Jan/2026/07/08/22 PUT /v1/AUTH_6da408b3ff724a03ae7542522b7f2a66/gnocchi.bf2043f0-e5a5-4c61-aa67-dbfdc193563e/none_v3 HTTP/1.0 201 - python-swiftclient-3.11.1 gAAAAABpccwcBwkP... 22 - - tx9ebcd6b9379f46ae9e38c-006971cce6 - 0.0215 - - 1769065702.325794220 1769065702.347280741 0
Jan 22 07:08:22 standalone container-server[122537]: 172.20.0.100 - - [22/Jan/2026:07:08:22 +0000] "HEAD /d1/354/AUTH_6da408b3ff724a03ae7542522b7f2a66/gnocchi.f561ab6c-d1a2-4b9c-902c-3f1c02227a2c" 404 - "HEAD http://localhost:8080/v1/AUTH_6da408b3ff724a03ae7542522b7f2a66/gnocchi.f561ab6c-d1a2-4b9c-902c-3f1c02227a2c?format=json&states=listing" "tx1f034e0cded74cc292fbb-006971cce6" "proxy-server 12" 0.0005 "-" 22 0
Jan 22 07:08:22 standalone object-server[122693]: 172.20.0.100 - - [22/Jan/2026:07:08:22 +0000] "GET /d1/807/AUTH_6da408b3ff724a03ae7542522b7f2a66/gnocchi.f561ab6c-d1a2-4b9c-902c-3f1c02227a2c/none_v3" 404 70 "GET http://localhost:8080/v1/AUTH_6da408b3ff724a03ae7542522b7f2a66/gnocchi.f561ab6c-d1a2-4b9c-902c-3f1c02227a2c/none_v3" "tx1f034e0cded74cc292fbb-006971cce6" "proxy-server 12" 0.0005 "-" 22 0
Jan 22 07:08:22 standalone proxy-server[124465]: 172.18.0.2 ::1 22/Jan/2026/07/08/22 GET /v1/AUTH_6da408b3ff724a03ae7542522b7f2a66/gnocchi.f561ab6c-d1a2-4b9c-902c-3f1c02227a2c/none_v3 HTTP/1.0 404 - python-swiftclient-3.11.1 gAAAAABpccwcBwkP... - 70 - tx1f034e0cded74cc292fbb-006971cce6 - 0.0155 - - 1769065702.370679140 1769065702.386191845 0
Jan 22 07:08:22 standalone account-server[122396]: 172.20.0.100 - - [22/Jan/2026:07:08:22 +0000] "PUT /d1/648/AUTH_6da408b3ff724a03ae7542522b7f2a66/gnocchi.f561ab6c-d1a2-4b9c-902c-3f1c02227a2c" 201 - "PUT http://172.20.0.100:6001/d1/354/AUTH_6da408b3ff724a03ae7542522b7f2a66/gnocchi.f561ab6c-d1a2-4b9c-902c-3f1c02227a2c" "tx7ea00e2ac2a34b66b15b6-006971cce6" "container-server 20" 0.0062 "-" 18 0
Jan 22 07:08:22 standalone container-server[122531]: 172.20.0.100 - - [22/Jan/2026:07:08:22 +0000] "PUT /d1/354/AUTH_6da408b3ff724a03ae7542522b7f2a66/gnocchi.f561ab6c-d1a2-4b9c-902c-3f1c02227a2c" 201 - "PUT http://localhost:8080/v1/AUTH_6da408b3ff724a03ae7542522b7f2a66/gnocchi.f561ab6c-d1a2-4b9c-902c-3f1c02227a2c" "tx7ea00e2ac2a34b66b15b6-006971cce6" "proxy-server 12" 0.0199 "-" 20 0
Jan 22 07:08:22 standalone proxy-server[124465]: 172.18.0.2 ::1 22/Jan/2026/07/08/22 PUT /v1/AUTH_6da408b3ff724a03ae7542522b7f2a66/gnocchi.f561ab6c-d1a2-4b9c-902c-3f1c02227a2c HTTP/1.0 201 - python-swiftclient-3.11.1 gAAAAABpccwcBwkP... - - - tx7ea00e2ac2a34b66b15b6-006971cce6 - 0.0288 - - 1769065702.391729593 1769065702.420571327 0
Jan 22 07:08:22 standalone container-server[122537]: 172.20.0.100 - - [22/Jan/2026:07:08:22 +0000] "HEAD /d1/354/AUTH_6da408b3ff724a03ae7542522b7f2a66/gnocchi.f561ab6c-d1a2-4b9c-902c-3f1c02227a2c" 204 - "HEAD http://localhost:8080/v1/AUTH_6da408b3ff724a03ae7542522b7f2a66/gnocchi.f561ab6c-d1a2-4b9c-902c-3f1c02227a2c?format=json&states=listing" "tx42cba962971243eba8f57-006971cce6" "proxy-server 12" 0.0022 "-" 22 0
Jan 22 07:08:22 standalone proxy-server[124465]: - - 22/Jan/2026/07/08/22 HEAD /v1/AUTH_6da408b3ff724a03ae7542522b7f2a66/gnocchi.f561ab6c-d1a2-4b9c-902c-3f1c02227a2c%3Fformat%3Djson%26states%3Dlisting HTTP/1.0 204 - Swift - - - - tx42cba962971243eba8f57-006971cce6 - 0.0073 RL - 1769065702.429062366 1769065702.436380386 0
Jan 22 07:08:22 standalone container-server[122531]: 172.20.0.100 - - [22/Jan/2026:07:08:22 +0000] "GET /d1/354/AUTH_6da408b3ff724a03ae7542522b7f2a66/gnocchi.f561ab6c-d1a2-4b9c-902c-3f1c02227a2c" 200 2 "GET http://localhost:8080/v1/AUTH_6da408b3ff724a03ae7542522b7f2a66/gnocchi.f561ab6c-d1a2-4b9c-902c-3f1c02227a2c?format=json&states=listing" "tx42cba962971243eba8f57-006971cce6" "proxy-server 12" 0.0037 "-" 20 0
Jan 22 07:08:22 standalone proxy-server[124465]: 172.18.0.2 ::1 22/Jan/2026/07/08/22 GET /v1/AUTH_6da408b3ff724a03ae7542522b7f2a66/gnocchi.f561ab6c-d1a2-4b9c-902c-3f1c02227a2c%3Fformat%3Djson%26states%3Dlisting HTTP/1.0 200 - python-swiftclient-3.11.1 gAAAAABpccwcBwkP... - 2 - tx42cba962971243eba8f57-006971cce6 - 0.0229 - - 1769065702.427224874 1769065702.450157404 0
Jan 22 07:08:22 standalone object-server[122700]: 172.20.0.100 - - [22/Jan/2026:07:08:22 +0000] "GET /d1/218/AUTH_6da408b3ff724a03ae7542522b7f2a66/gnocchi.f561ab6c-d1a2-4b9c-902c-3f1c02227a2c/1769040000.0_mean_300.0_v3" 404 70 "GET http://localhost:8080/v1/AUTH_6da408b3ff724a03ae7542522b7f2a66/gnocchi.f561ab6c-d1a2-4b9c-902c-3f1c02227a2c/1769040000.0_mean_300.0_v3" "txe63808b8b5da4dcfb7254-006971cce6" "proxy-server 12" 0.0005 "-" 23 0
Jan 22 07:08:22 standalone proxy-server[124465]: 172.18.0.2 ::1 22/Jan/2026/07/08/22 GET /v1/AUTH_6da408b3ff724a03ae7542522b7f2a66/gnocchi.f561ab6c-d1a2-4b9c-902c-3f1c02227a2c/1769040000.0_mean_300.0_v3 HTTP/1.0 404 - python-swiftclient-3.11.1 gAAAAABpccwcBwkP... - 70 - txe63808b8b5da4dcfb7254-006971cce6 - 0.0090 - - 1769065702.457019329 1769065702.466004848 0
Jan 22 07:08:22 standalone container-server[122543]: 172.20.0.100 - - [22/Jan/2026:07:08:22 +0000] "PUT /d1/354/AUTH_6da408b3ff724a03ae7542522b7f2a66/gnocchi.f561ab6c-d1a2-4b9c-902c-3f1c02227a2c/1769040000.0_mean_300.0_v3" 201 - "PUT http://localhost:8080/d1/218/AUTH_6da408b3ff724a03ae7542522b7f2a66/gnocchi.f561ab6c-d1a2-4b9c-902c-3f1c02227a2c/1769040000.0_mean_300.0_v3" "txd14c35786c064528a40af-006971cce6" "object-server 23" 0.0009 "-" 23 0
Jan 22 07:08:22 standalone object-server[122700]: 172.20.0.100 - - [22/Jan/2026:07:08:22 +0000] "PUT /d1/218/AUTH_6da408b3ff724a03ae7542522b7f2a66/gnocchi.f561ab6c-d1a2-4b9c-902c-3f1c02227a2c/1769040000.0_mean_300.0_v3" 201 - "PUT http://localhost:8080/v1/AUTH_6da408b3ff724a03ae7542522b7f2a66/gnocchi.f561ab6c-d1a2-4b9c-902c-3f1c02227a2c/1769040000.0_mean_300.0_v3" "txd14c35786c064528a40af-006971cce6" "proxy-server 12" 0.0114 "-" 23 0
Jan 22 07:08:22 standalone proxy-server[124465]: 172.18.0.2 ::1 22/Jan/2026/07/08/22 PUT /v1/AUTH_6da408b3ff724a03ae7542522b7f2a66/gnocchi.f561ab6c-d1a2-4b9c-902c-3f1c02227a2c/1769040000.0_mean_300.0_v3 HTTP/1.0 201 - python-swiftclient-3.11.1 gAAAAABpccwcBwkP... 16 - - txd14c35786c064528a40af-006971cce6 - 0.0201 - - 1769065702.474033833 1769065702.494142532 0
Jan 22 07:08:22 standalone container-server[122537]: 172.20.0.100 - - [22/Jan/2026:07:08:22 +0000] "PUT /d1/354/AUTH_6da408b3ff724a03ae7542522b7f2a66/gnocchi.f561ab6c-d1a2-4b9c-902c-3f1c02227a2c/none_v3" 201 - "PUT http://localhost:8080/d1/807/AUTH_6da408b3ff724a03ae7542522b7f2a66/gnocchi.f561ab6c-d1a2-4b9c-902c-3f1c02227a2c/none_v3" "tx3413b5d439214792a2ff1-006971cce6" "object-server 24" 0.0008 "-" 22 0
Jan 22 07:08:22 standalone object-server[122704]: 172.20.0.100 - - [22/Jan/2026:07:08:22 +0000] "PUT /d1/807/AUTH_6da408b3ff724a03ae7542522b7f2a66/gnocchi.f561ab6c-d1a2-4b9c-902c-3f1c02227a2c/none_v3" 201 - "PUT http://localhost:8080/v1/AUTH_6da408b3ff724a03ae7542522b7f2a66/gnocchi.f561ab6c-d1a2-4b9c-902c-3f1c02227a2c/none_v3" "tx3413b5d439214792a2ff1-006971cce6" "proxy-server 12" 0.0127 "-" 24 0
Jan 22 07:08:22 standalone proxy-server[124465]: 172.18.0.2 ::1 22/Jan/2026/07/08/22 PUT /v1/AUTH_6da408b3ff724a03ae7542522b7f2a66/gnocchi.f561ab6c-d1a2-4b9c-902c-3f1c02227a2c/none_v3 HTTP/1.0 201 - python-swiftclient-3.11.1 gAAAAABpccwcBwkP... 22 - - tx3413b5d439214792a2ff1-006971cce6 - 0.0210 - - 1769065702.499392509 1769065702.520414352 0
Jan 22 07:08:22 standalone container-server[122537]: 172.20.0.100 - - [22/Jan/2026:07:08:22 +0000] "HEAD /d1/41/AUTH_6da408b3ff724a03ae7542522b7f2a66/gnocchi.f41d170b-0815-4c3f-b85c-2ff8e5cfb27b" 404 - "HEAD http://localhost:8080/v1/AUTH_6da408b3ff724a03ae7542522b7f2a66/gnocchi.f41d170b-0815-4c3f-b85c-2ff8e5cfb27b?format=json&states=listing" "tx9102709d9d39453a820f1-006971cce6" "proxy-server 12" 0.0005 "-" 22 0
Jan 22 07:08:22 standalone object-server[122700]: 172.20.0.100 - - [22/Jan/2026:07:08:22 +0000] "GET /d1/235/AUTH_6da408b3ff724a03ae7542522b7f2a66/gnocchi.f41d170b-0815-4c3f-b85c-2ff8e5cfb27b/none_v3" 404 70 "GET http://localhost:8080/v1/AUTH_6da408b3ff724a03ae7542522b7f2a66/gnocchi.f41d170b-0815-4c3f-b85c-2ff8e5cfb27b/none_v3" "tx9102709d9d39453a820f1-006971cce6" "proxy-server 12" 0.0005 "-" 23 0
Jan 22 07:08:22 standalone proxy-server[124465]: 172.18.0.2 ::1 22/Jan/2026/07/08/22 GET /v1/AUTH_6da408b3ff724a03ae7542522b7f2a66/gnocchi.f41d170b-0815-4c3f-b85c-2ff8e5cfb27b/none_v3 HTTP/1.0 404 - python-swiftclient-3.11.1 gAAAAABpccwcBwkP... - 70 - tx9102709d9d39453a820f1-006971cce6 - 0.0163 - - 1769065702.538857698 1769065702.555181742 0
Jan 22 07:08:22 standalone account-server[122402]: 172.20.0.100 - - [22/Jan/2026:07:08:22 +0000] "PUT /d1/648/AUTH_6da408b3ff724a03ae7542522b7f2a66/gnocchi.f41d170b-0815-4c3f-b85c-2ff8e5cfb27b" 201 - "PUT http://172.20.0.100:6001/d1/41/AUTH_6da408b3ff724a03ae7542522b7f2a66/gnocchi.f41d170b-0815-4c3f-b85c-2ff8e5cfb27b" "tx1a4f6a5091904946a3536-006971cce6" "container-server 21" 0.0059 "-" 19 0
Jan 22 07:08:22 standalone container-server[122534]: 172.20.0.100 - - [22/Jan/2026:07:08:22 +0000] "PUT /d1/41/AUTH_6da408b3ff724a03ae7542522b7f2a66/gnocchi.f41d170b-0815-4c3f-b85c-2ff8e5cfb27b" 201 - "PUT http://localhost:8080/v1/AUTH_6da408b3ff724a03ae7542522b7f2a66/gnocchi.f41d170b-0815-4c3f-b85c-2ff8e5cfb27b" "tx1a4f6a5091904946a3536-006971cce6" "proxy-server 12" 0.0227 "-" 21 0
Jan 22 07:08:22 standalone proxy-server[124465]: 172.18.0.2 ::1 22/Jan/2026/07/08/22 PUT /v1/AUTH_6da408b3ff724a03ae7542522b7f2a66/gnocchi.f41d170b-0815-4c3f-b85c-2ff8e5cfb27b HTTP/1.0 201 - python-swiftclient-3.11.1 gAAAAABpccwcBwkP... - - - tx1a4f6a5091904946a3536-006971cce6 - 0.0314 - - 1769065702.560115814 1769065702.591480970 0
Jan 22 07:08:22 standalone container-server[122537]: 172.20.0.100 - - [22/Jan/2026:07:08:22 +0000] "HEAD /d1/41/AUTH_6da408b3ff724a03ae7542522b7f2a66/gnocchi.f41d170b-0815-4c3f-b85c-2ff8e5cfb27b" 204 - "HEAD http://localhost:8080/v1/AUTH_6da408b3ff724a03ae7542522b7f2a66/gnocchi.f41d170b-0815-4c3f-b85c-2ff8e5cfb27b?format=json&states=listing" "txbde02357f45449fc84cdf-006971cce6" "proxy-server 12" 0.0026 "-" 22 0
Jan 22 07:08:22 standalone proxy-server[124465]: - - 22/Jan/2026/07/08/22 HEAD /v1/AUTH_6da408b3ff724a03ae7542522b7f2a66/gnocchi.f41d170b-0815-4c3f-b85c-2ff8e5cfb27b%3Fformat%3Djson%26states%3Dlisting HTTP/1.0 204 - Swift - - - - txbde02357f45449fc84cdf-006971cce6 - 0.0079 RL - 1769065702.599801064 1769065702.607688189 0
Jan 22 07:08:22 standalone container-server[122537]: 172.20.0.100 - - [22/Jan/2026:07:08:22 +0000] "GET /d1/41/AUTH_6da408b3ff724a03ae7542522b7f2a66/gnocchi.f41d170b-0815-4c3f-b85c-2ff8e5cfb27b" 200 2 "GET http://localhost:8080/v1/AUTH_6da408b3ff724a03ae7542522b7f2a66/gnocchi.f41d170b-0815-4c3f-b85c-2ff8e5cfb27b?format=json&states=listing" "txbde02357f45449fc84cdf-006971cce6" "proxy-server 12" 0.0033 "-" 22 0
Jan 22 07:08:22 standalone proxy-server[124465]: 172.18.0.2 ::1 22/Jan/2026/07/08/22 GET /v1/AUTH_6da408b3ff724a03ae7542522b7f2a66/gnocchi.f41d170b-0815-4c3f-b85c-2ff8e5cfb27b%3Fformat%3Djson%26states%3Dlisting HTTP/1.0 200 - python-swiftclient-3.11.1 gAAAAABpccwcBwkP... - 2 - txbde02357f45449fc84cdf-006971cce6 - 0.0218 - - 1769065702.597912788 1769065702.619752645 0
Jan 22 07:08:22 standalone object-server[122693]: 172.20.0.100 - - [22/Jan/2026:07:08:22 +0000] "GET /d1/1009/AUTH_6da408b3ff724a03ae7542522b7f2a66/gnocchi.f41d170b-0815-4c3f-b85c-2ff8e5cfb27b/1769040000.0_mean_300.0_v3" 404 70 "GET http://localhost:8080/v1/AUTH_6da408b3ff724a03ae7542522b7f2a66/gnocchi.f41d170b-0815-4c3f-b85c-2ff8e5cfb27b/1769040000.0_mean_300.0_v3" "txa9a2b534dc6c4a5180db9-006971cce6" "proxy-server 12" 0.0006 "-" 22 0
Jan 22 07:08:22 standalone proxy-server[124465]: 172.18.0.2 ::1 22/Jan/2026/07/08/22 GET /v1/AUTH_6da408b3ff724a03ae7542522b7f2a66/gnocchi.f41d170b-0815-4c3f-b85c-2ff8e5cfb27b/1769040000.0_mean_300.0_v3 HTTP/1.0 404 - python-swiftclient-3.11.1 gAAAAABpccwcBwkP... - 70 - txa9a2b534dc6c4a5180db9-006971cce6 - 0.0465 - - 1769065702.626014948 1769065702.672545433 0
Jan 22 07:08:22 standalone container-server[122543]: 172.20.0.100 - - [22/Jan/2026:07:08:22 +0000] "PUT /d1/41/AUTH_6da408b3ff724a03ae7542522b7f2a66/gnocchi.f41d170b-0815-4c3f-b85c-2ff8e5cfb27b/1769040000.0_mean_300.0_v3" 201 - "PUT http://localhost:8080/d1/1009/AUTH_6da408b3ff724a03ae7542522b7f2a66/gnocchi.f41d170b-0815-4c3f-b85c-2ff8e5cfb27b/1769040000.0_mean_300.0_v3" "tx23bffd3ef22c4c7ea97e0-006971cce6" "object-server 24" 0.0008 "-" 23 0
Jan 22 07:08:22 standalone object-server[122704]: 172.20.0.100 - - [22/Jan/2026:07:08:22 +0000] "PUT /d1/1009/AUTH_6da408b3ff724a03ae7542522b7f2a66/gnocchi.f41d170b-0815-4c3f-b85c-2ff8e5cfb27b/1769040000.0_mean_300.0_v3" 201 - "PUT http://localhost:8080/v1/AUTH_6da408b3ff724a03ae7542522b7f2a66/gnocchi.f41d170b-0815-4c3f-b85c-2ff8e5cfb27b/1769040000.0_mean_300.0_v3" "tx23bffd3ef22c4c7ea97e0-006971cce6" "proxy-server 12" 0.0158 "-" 24 0
Jan 22 07:08:22 standalone proxy-server[124465]: 172.18.0.2 ::1 22/Jan/2026/07/08/22 PUT /v1/AUTH_6da408b3ff724a03ae7542522b7f2a66/gnocchi.f41d170b-0815-4c3f-b85c-2ff8e5cfb27b/1769040000.0_mean_300.0_v3 HTTP/1.0 201 - python-swiftclient-3.11.1 gAAAAABpccwcBwkP... 16 - - tx23bffd3ef22c4c7ea97e0-006971cce6 - 0.0296 - - 1769065702.677269936 1769065702.706861734 0
Jan 22 07:08:22 standalone container-server[122534]: 172.20.0.100 - - [22/Jan/2026:07:08:22 +0000] "PUT /d1/41/AUTH_6da408b3ff724a03ae7542522b7f2a66/gnocchi.f41d170b-0815-4c3f-b85c-2ff8e5cfb27b/none_v3" 201 - "PUT http://localhost:8080/d1/235/AUTH_6da408b3ff724a03ae7542522b7f2a66/gnocchi.f41d170b-0815-4c3f-b85c-2ff8e5cfb27b/none_v3" "tx23d1680c914846c68804b-006971cce6" "object-server 24" 0.0007 "-" 21 0
Jan 22 07:08:22 standalone object-server[122704]: 172.20.0.100 - - [22/Jan/2026:07:08:22 +0000] "PUT /d1/235/AUTH_6da408b3ff724a03ae7542522b7f2a66/gnocchi.f41d170b-0815-4c3f-b85c-2ff8e5cfb27b/none_v3" 201 - "PUT http://localhost:8080/v1/AUTH_6da408b3ff724a03ae7542522b7f2a66/gnocchi.f41d170b-0815-4c3f-b85c-2ff8e5cfb27b/none_v3" "tx23d1680c914846c68804b-006971cce6" "proxy-server 12" 0.0123 "-" 24 0
Jan 22 07:08:22 standalone proxy-server[124465]: 172.18.0.2 ::1 22/Jan/2026/07/08/22 PUT /v1/AUTH_6da408b3ff724a03ae7542522b7f2a66/gnocchi.f41d170b-0815-4c3f-b85c-2ff8e5cfb27b/none_v3 HTTP/1.0 201 - python-swiftclient-3.11.1 gAAAAABpccwcBwkP... 22 - - tx23d1680c914846c68804b-006971cce6 - 0.0208 - - 1769065702.713307142 1769065702.734102011 0
Jan 22 07:08:22 standalone container-server[122543]: 172.20.0.100 - - [22/Jan/2026:07:08:22 +0000] "HEAD /d1/967/AUTH_6da408b3ff724a03ae7542522b7f2a66/gnocchi.6492f685-5f90-4a45-b336-bc5f0d2a4b5f" 404 - "HEAD http://localhost:8080/v1/AUTH_6da408b3ff724a03ae7542522b7f2a66/gnocchi.6492f685-5f90-4a45-b336-bc5f0d2a4b5f?format=json&states=listing" "txd62d7aec52d24696a49cb-006971cce6" "proxy-server 12" 0.0004 "-" 23 0
Jan 22 07:08:22 standalone object-server[122700]: 172.20.0.100 - - [22/Jan/2026:07:08:22 +0000] "GET /d1/993/AUTH_6da408b3ff724a03ae7542522b7f2a66/gnocchi.6492f685-5f90-4a45-b336-bc5f0d2a4b5f/none_v3" 404 70 "GET http://localhost:8080/v1/AUTH_6da408b3ff724a03ae7542522b7f2a66/gnocchi.6492f685-5f90-4a45-b336-bc5f0d2a4b5f/none_v3" "txd62d7aec52d24696a49cb-006971cce6" "proxy-server 12" 0.0003 "-" 23 0
Jan 22 07:08:22 standalone proxy-server[124465]: 172.18.0.2 ::1 22/Jan/2026/07/08/22 GET /v1/AUTH_6da408b3ff724a03ae7542522b7f2a66/gnocchi.6492f685-5f90-4a45-b336-bc5f0d2a4b5f/none_v3 HTTP/1.0 404 - python-swiftclient-3.11.1 gAAAAABpccwcBwkP... - 70 - txd62d7aec52d24696a49cb-006971cce6 - 0.0103 - - 1769065702.747046471 1769065702.757323742 0
Jan 22 07:08:22 standalone account-server[122396]: 172.20.0.100 - - [22/Jan/2026:07:08:22 +0000] "PUT /d1/648/AUTH_6da408b3ff724a03ae7542522b7f2a66/gnocchi.6492f685-5f90-4a45-b336-bc5f0d2a4b5f" 201 - "PUT http://172.20.0.100:6001/d1/967/AUTH_6da408b3ff724a03ae7542522b7f2a66/gnocchi.6492f685-5f90-4a45-b336-bc5f0d2a4b5f" "tx4289df79d47b43fc8d9cd-006971cce6" "container-server 21" 0.0044 "-" 18 0
Jan 22 07:08:22 standalone container-server[122534]: 172.20.0.100 - - [22/Jan/2026:07:08:22 +0000] "PUT /d1/967/AUTH_6da408b3ff724a03ae7542522b7f2a66/gnocchi.6492f685-5f90-4a45-b336-bc5f0d2a4b5f" 201 - "PUT http://localhost:8080/v1/AUTH_6da408b3ff724a03ae7542522b7f2a66/gnocchi.6492f685-5f90-4a45-b336-bc5f0d2a4b5f" "tx4289df79d47b43fc8d9cd-006971cce6" "proxy-server 12" 0.0172 "-" 21 0
Jan 22 07:08:22 standalone proxy-server[124465]: 172.18.0.2 ::1 22/Jan/2026/07/08/22 PUT /v1/AUTH_6da408b3ff724a03ae7542522b7f2a66/gnocchi.6492f685-5f90-4a45-b336-bc5f0d2a4b5f HTTP/1.0 201 - python-swiftclient-3.11.1 gAAAAABpccwcBwkP... - - - tx4289df79d47b43fc8d9cd-006971cce6 - 0.0228 - - 1769065702.761587620 1769065702.784403086 0
Jan 22 07:08:22 standalone container-server[122531]: 172.20.0.100 - - [22/Jan/2026:07:08:22 +0000] "HEAD /d1/967/AUTH_6da408b3ff724a03ae7542522b7f2a66/gnocchi.6492f685-5f90-4a45-b336-bc5f0d2a4b5f" 204 - "HEAD http://localhost:8080/v1/AUTH_6da408b3ff724a03ae7542522b7f2a66/gnocchi.6492f685-5f90-4a45-b336-bc5f0d2a4b5f?format=json&states=listing" "tx5dc8c11115804f21b262c-006971cce6" "proxy-server 12" 0.0016 "-" 20 0
Jan 22 07:08:22 standalone proxy-server[124465]: - - 22/Jan/2026/07/08/22 HEAD /v1/AUTH_6da408b3ff724a03ae7542522b7f2a66/gnocchi.6492f685-5f90-4a45-b336-bc5f0d2a4b5f%3Fformat%3Djson%26states%3Dlisting HTTP/1.0 204 - Swift - - - - tx5dc8c11115804f21b262c-006971cce6 - 0.0050 RL - 1769065702.789659739 1769065702.794709682 0
Jan 22 07:08:22 standalone container-server[122534]: 172.20.0.100 - - [22/Jan/2026:07:08:22 +0000] "GET /d1/967/AUTH_6da408b3ff724a03ae7542522b7f2a66/gnocchi.6492f685-5f90-4a45-b336-bc5f0d2a4b5f" 200 2 "GET http://localhost:8080/v1/AUTH_6da408b3ff724a03ae7542522b7f2a66/gnocchi.6492f685-5f90-4a45-b336-bc5f0d2a4b5f?format=json&states=listing" "tx5dc8c11115804f21b262c-006971cce6" "proxy-server 12" 0.0018 "-" 21 0
Jan 22 07:08:22 standalone proxy-server[124465]: 172.18.0.2 ::1 22/Jan/2026/07/08/22 GET /v1/AUTH_6da408b3ff724a03ae7542522b7f2a66/gnocchi.6492f685-5f90-4a45-b336-bc5f0d2a4b5f%3Fformat%3Djson%26states%3Dlisting HTTP/1.0 200 - python-swiftclient-3.11.1 gAAAAABpccwcBwkP... - 2 - tx5dc8c11115804f21b262c-006971cce6 - 0.0125 - - 1769065702.788722754 1769065702.801219225 0
Jan 22 07:08:22 standalone object-server[122706]: 172.20.0.100 - - [22/Jan/2026:07:08:22 +0000] "GET /d1/332/AUTH_6da408b3ff724a03ae7542522b7f2a66/gnocchi.6492f685-5f90-4a45-b336-bc5f0d2a4b5f/1769040000.0_mean_300.0_v3" 404 70 "GET http://localhost:8080/v1/AUTH_6da408b3ff724a03ae7542522b7f2a66/gnocchi.6492f685-5f90-4a45-b336-bc5f0d2a4b5f/1769040000.0_mean_300.0_v3" "txfc4e3971ee50458186c31-006971cce6" "proxy-server 12" 0.0003 "-" 25 0
Jan 22 07:08:22 standalone proxy-server[124465]: 172.18.0.2 ::1 22/Jan/2026/07/08/22 GET /v1/AUTH_6da408b3ff724a03ae7542522b7f2a66/gnocchi.6492f685-5f90-4a45-b336-bc5f0d2a4b5f/1769040000.0_mean_300.0_v3 HTTP/1.0 404 - python-swiftclient-3.11.1 gAAAAABpccwcBwkP... - 70 - txfc4e3971ee50458186c31-006971cce6 - 0.0046 - - 1769065702.805156946 1769065702.809732914 0
Jan 22 07:08:22 standalone container-server[122531]: 172.20.0.100 - - [22/Jan/2026:07:08:22 +0000] "PUT /d1/967/AUTH_6da408b3ff724a03ae7542522b7f2a66/gnocchi.6492f685-5f90-4a45-b336-bc5f0d2a4b5f/1769040000.0_mean_300.0_v3" 201 - "PUT http://localhost:8080/d1/332/AUTH_6da408b3ff724a03ae7542522b7f2a66/gnocchi.6492f685-5f90-4a45-b336-bc5f0d2a4b5f/1769040000.0_mean_300.0_v3" "txef3f9f74a3f34dceac9f1-006971cce6" "object-server 22" 0.0005 "-" 20 0
Jan 22 07:08:22 standalone object-server[122693]: 172.20.0.100 - - [22/Jan/2026:07:08:22 +0000] "PUT /d1/332/AUTH_6da408b3ff724a03ae7542522b7f2a66/gnocchi.6492f685-5f90-4a45-b336-bc5f0d2a4b5f/1769040000.0_mean_300.0_v3" 201 - "PUT http://localhost:8080/v1/AUTH_6da408b3ff724a03ae7542522b7f2a66/gnocchi.6492f685-5f90-4a45-b336-bc5f0d2a4b5f/1769040000.0_mean_300.0_v3" "txef3f9f74a3f34dceac9f1-006971cce6" "proxy-server 12" 0.0098 "-" 22 0
Jan 22 07:08:22 standalone proxy-server[124465]: 172.18.0.2 ::1 22/Jan/2026/07/08/22 PUT /v1/AUTH_6da408b3ff724a03ae7542522b7f2a66/gnocchi.6492f685-5f90-4a45-b336-bc5f0d2a4b5f/1769040000.0_mean_300.0_v3 HTTP/1.0 201 - python-swiftclient-3.11.1 gAAAAABpccwcBwkP... 16 - - txef3f9f74a3f34dceac9f1-006971cce6 - 0.0143 - - 1769065702.812691927 1769065702.827019930 0
Jan 22 07:08:22 standalone container-server[122543]: 172.20.0.100 - - [22/Jan/2026:07:08:22 +0000] "PUT /d1/967/AUTH_6da408b3ff724a03ae7542522b7f2a66/gnocchi.6492f685-5f90-4a45-b336-bc5f0d2a4b5f/none_v3" 201 - "PUT http://localhost:8080/d1/993/AUTH_6da408b3ff724a03ae7542522b7f2a66/gnocchi.6492f685-5f90-4a45-b336-bc5f0d2a4b5f/none_v3" "txddb5f8530fa6491d99072-006971cce6" "object-server 25" 0.0005 "-" 23 0
Jan 22 07:08:22 standalone object-server[122706]: 172.20.0.100 - - [22/Jan/2026:07:08:22 +0000] "PUT /d1/993/AUTH_6da408b3ff724a03ae7542522b7f2a66/gnocchi.6492f685-5f90-4a45-b336-bc5f0d2a4b5f/none_v3" 201 - "PUT http://localhost:8080/v1/AUTH_6da408b3ff724a03ae7542522b7f2a66/gnocchi.6492f685-5f90-4a45-b336-bc5f0d2a4b5f/none_v3" "txddb5f8530fa6491d99072-006971cce6" "proxy-server 12" 0.0073 "-" 25 0
Jan 22 07:08:22 standalone proxy-server[124465]: 172.18.0.2 ::1 22/Jan/2026/07/08/22 PUT /v1/AUTH_6da408b3ff724a03ae7542522b7f2a66/gnocchi.6492f685-5f90-4a45-b336-bc5f0d2a4b5f/none_v3 HTTP/1.0 201 - python-swiftclient-3.11.1 gAAAAABpccwcBwkP... 22 - - txddb5f8530fa6491d99072-006971cce6 - 0.0119 - - 1769065702.830159664 1769065702.842026949 0
Jan 22 07:08:22 standalone container-server[122537]: 172.20.0.100 - - [22/Jan/2026:07:08:22 +0000] "HEAD /d1/517/AUTH_6da408b3ff724a03ae7542522b7f2a66/gnocchi.26ae161a-dae3-4c49-8de3-5cafb54b9104" 404 - "HEAD http://localhost:8080/v1/AUTH_6da408b3ff724a03ae7542522b7f2a66/gnocchi.26ae161a-dae3-4c49-8de3-5cafb54b9104?format=json&states=listing" "txdf04acdd173b47019e56f-006971cce6" "proxy-server 12" 0.0003 "-" 22 0
Jan 22 07:08:22 standalone object-server[122700]: 172.20.0.100 - - [22/Jan/2026:07:08:22 +0000] "GET /d1/295/AUTH_6da408b3ff724a03ae7542522b7f2a66/gnocchi.26ae161a-dae3-4c49-8de3-5cafb54b9104/none_v3" 404 70 "GET http://localhost:8080/v1/AUTH_6da408b3ff724a03ae7542522b7f2a66/gnocchi.26ae161a-dae3-4c49-8de3-5cafb54b9104/none_v3" "txdf04acdd173b47019e56f-006971cce6" "proxy-server 12" 0.0003 "-" 23 0
