Jan 22 07:08:22 standalone proxy-server[124465]: 172.18.0.2 ::1 22/Jan/2026/07/08/22 GET /v1/AUTH_6da408b3ff724a03ae7542522b7f2a66/gnocchi.26ae161a-dae3-4c49-8de3-5cafb54b9104/none_v3 HTTP/1.0 404 - python-swiftclient-3.11.1 gAAAAABpccwcBwkP... - 70 - txdf04acdd173b47019e56f-006971cce6 - 0.0084 - - 1769065702.860098124 1769065702.868505001 0
Jan 22 07:08:22 standalone account-server[122396]: 172.20.0.100 - - [22/Jan/2026:07:08:22 +0000] "PUT /d1/648/AUTH_6da408b3ff724a03ae7542522b7f2a66/gnocchi.26ae161a-dae3-4c49-8de3-5cafb54b9104" 201 - "PUT http://172.20.0.100:6001/d1/517/AUTH_6da408b3ff724a03ae7542522b7f2a66/gnocchi.26ae161a-dae3-4c49-8de3-5cafb54b9104" "tx15d1eac24748416f87b07-006971cce6" "container-server 21" 0.0045 "-" 18 0
Jan 22 07:08:22 standalone container-server[122534]: 172.20.0.100 - - [22/Jan/2026:07:08:22 +0000] "PUT /d1/517/AUTH_6da408b3ff724a03ae7542522b7f2a66/gnocchi.26ae161a-dae3-4c49-8de3-5cafb54b9104" 201 - "PUT http://localhost:8080/v1/AUTH_6da408b3ff724a03ae7542522b7f2a66/gnocchi.26ae161a-dae3-4c49-8de3-5cafb54b9104" "tx15d1eac24748416f87b07-006971cce6" "proxy-server 12" 0.0142 "-" 21 0
Jan 22 07:08:22 standalone proxy-server[124465]: 172.18.0.2 ::1 22/Jan/2026/07/08/22 PUT /v1/AUTH_6da408b3ff724a03ae7542522b7f2a66/gnocchi.26ae161a-dae3-4c49-8de3-5cafb54b9104 HTTP/1.0 201 - python-swiftclient-3.11.1 gAAAAABpccwcBwkP... - - - tx15d1eac24748416f87b07-006971cce6 - 0.0185 - - 1769065702.871212721 1769065702.889703751 0
Jan 22 07:08:22 standalone container-server[122543]: 172.20.0.100 - - [22/Jan/2026:07:08:22 +0000] "HEAD /d1/517/AUTH_6da408b3ff724a03ae7542522b7f2a66/gnocchi.26ae161a-dae3-4c49-8de3-5cafb54b9104" 204 - "HEAD http://localhost:8080/v1/AUTH_6da408b3ff724a03ae7542522b7f2a66/gnocchi.26ae161a-dae3-4c49-8de3-5cafb54b9104?format=json&states=listing" "tx4c048e5cef184175a6eb6-006971cce6" "proxy-server 12" 0.0016 "-" 23 0
Jan 22 07:08:22 standalone proxy-server[124465]: - - 22/Jan/2026/07/08/22 HEAD /v1/AUTH_6da408b3ff724a03ae7542522b7f2a66/gnocchi.26ae161a-dae3-4c49-8de3-5cafb54b9104%3Fformat%3Djson%26states%3Dlisting HTTP/1.0 204 - Swift - - - - tx4c048e5cef184175a6eb6-006971cce6 - 0.0047 RL - 1769065702.893920183 1769065702.898647785 0
Jan 22 07:08:22 standalone container-server[122531]: 172.20.0.100 - - [22/Jan/2026:07:08:22 +0000] "GET /d1/517/AUTH_6da408b3ff724a03ae7542522b7f2a66/gnocchi.26ae161a-dae3-4c49-8de3-5cafb54b9104" 200 2 "GET http://localhost:8080/v1/AUTH_6da408b3ff724a03ae7542522b7f2a66/gnocchi.26ae161a-dae3-4c49-8de3-5cafb54b9104?format=json&states=listing" "tx4c048e5cef184175a6eb6-006971cce6" "proxy-server 12" 0.0017 "-" 20 0
Jan 22 07:08:22 standalone proxy-server[124465]: 172.18.0.2 ::1 22/Jan/2026/07/08/22 GET /v1/AUTH_6da408b3ff724a03ae7542522b7f2a66/gnocchi.26ae161a-dae3-4c49-8de3-5cafb54b9104%3Fformat%3Djson%26states%3Dlisting HTTP/1.0 200 - python-swiftclient-3.11.1 gAAAAABpccwcBwkP... - 2 - tx4c048e5cef184175a6eb6-006971cce6 - 0.0169 - - 1769065702.892916441 1769065702.909790754 0
Jan 22 07:08:22 standalone object-server[122700]: 172.20.0.100 - - [22/Jan/2026:07:08:22 +0000] "GET /d1/24/AUTH_6da408b3ff724a03ae7542522b7f2a66/gnocchi.26ae161a-dae3-4c49-8de3-5cafb54b9104/1769040000.0_mean_300.0_v3" 404 70 "GET http://localhost:8080/v1/AUTH_6da408b3ff724a03ae7542522b7f2a66/gnocchi.26ae161a-dae3-4c49-8de3-5cafb54b9104/1769040000.0_mean_300.0_v3" "tx3d230dae3fda4bf9869c4-006971cce6" "proxy-server 12" 0.0003 "-" 23 0
Jan 22 07:08:22 standalone proxy-server[124465]: 172.18.0.2 ::1 22/Jan/2026/07/08/22 GET /v1/AUTH_6da408b3ff724a03ae7542522b7f2a66/gnocchi.26ae161a-dae3-4c49-8de3-5cafb54b9104/1769040000.0_mean_300.0_v3 HTTP/1.0 404 - python-swiftclient-3.11.1 gAAAAABpccwcBwkP... - 70 - tx3d230dae3fda4bf9869c4-006971cce6 - 0.0054 - - 1769065702.913153648 1769065702.918546677 0
Jan 22 07:08:22 standalone container-server[122543]: 172.20.0.100 - - [22/Jan/2026:07:08:22 +0000] "PUT /d1/517/AUTH_6da408b3ff724a03ae7542522b7f2a66/gnocchi.26ae161a-dae3-4c49-8de3-5cafb54b9104/1769040000.0_mean_300.0_v3" 201 - "PUT http://localhost:8080/d1/24/AUTH_6da408b3ff724a03ae7542522b7f2a66/gnocchi.26ae161a-dae3-4c49-8de3-5cafb54b9104/1769040000.0_mean_300.0_v3" "txe4f6ec701d534aa99bb7f-006971cce6" "object-server 22" 0.0006 "-" 23 0
Jan 22 07:08:22 standalone object-server[122693]: 172.20.0.100 - - [22/Jan/2026:07:08:22 +0000] "PUT /d1/24/AUTH_6da408b3ff724a03ae7542522b7f2a66/gnocchi.26ae161a-dae3-4c49-8de3-5cafb54b9104/1769040000.0_mean_300.0_v3" 201 - "PUT http://localhost:8080/v1/AUTH_6da408b3ff724a03ae7542522b7f2a66/gnocchi.26ae161a-dae3-4c49-8de3-5cafb54b9104/1769040000.0_mean_300.0_v3" "txe4f6ec701d534aa99bb7f-006971cce6" "proxy-server 12" 0.0176 "-" 22 0
Jan 22 07:08:22 standalone proxy-server[124465]: 172.18.0.2 ::1 22/Jan/2026/07/08/22 PUT /v1/AUTH_6da408b3ff724a03ae7542522b7f2a66/gnocchi.26ae161a-dae3-4c49-8de3-5cafb54b9104/1769040000.0_mean_300.0_v3 HTTP/1.0 201 - python-swiftclient-3.11.1 gAAAAABpccwcBwkP... 16 - - txe4f6ec701d534aa99bb7f-006971cce6 - 0.0244 - - 1769065702.921475649 1769065702.945826054 0
Jan 22 07:08:22 standalone container-server[122543]: 172.20.0.100 - - [22/Jan/2026:07:08:22 +0000] "PUT /d1/517/AUTH_6da408b3ff724a03ae7542522b7f2a66/gnocchi.26ae161a-dae3-4c49-8de3-5cafb54b9104/none_v3" 201 - "PUT http://localhost:8080/d1/295/AUTH_6da408b3ff724a03ae7542522b7f2a66/gnocchi.26ae161a-dae3-4c49-8de3-5cafb54b9104/none_v3" "txbecb14bda701471883ee5-006971cce6" "object-server 23" 0.0005 "-" 23 0
Jan 22 07:08:22 standalone object-server[122700]: 172.20.0.100 - - [22/Jan/2026:07:08:22 +0000] "PUT /d1/295/AUTH_6da408b3ff724a03ae7542522b7f2a66/gnocchi.26ae161a-dae3-4c49-8de3-5cafb54b9104/none_v3" 201 - "PUT http://localhost:8080/v1/AUTH_6da408b3ff724a03ae7542522b7f2a66/gnocchi.26ae161a-dae3-4c49-8de3-5cafb54b9104/none_v3" "txbecb14bda701471883ee5-006971cce6" "proxy-server 12" 0.0101 "-" 23 0
Jan 22 07:08:22 standalone proxy-server[124465]: 172.18.0.2 ::1 22/Jan/2026/07/08/22 PUT /v1/AUTH_6da408b3ff724a03ae7542522b7f2a66/gnocchi.26ae161a-dae3-4c49-8de3-5cafb54b9104/none_v3 HTTP/1.0 201 - python-swiftclient-3.11.1 gAAAAABpccwcBwkP... 22 - - txbecb14bda701471883ee5-006971cce6 - 0.0177 - - 1769065702.954111576 1769065702.971836090 0
Jan 22 07:08:22 standalone container-server[122534]: 172.20.0.100 - - [22/Jan/2026:07:08:22 +0000] "HEAD /d1/655/AUTH_6da408b3ff724a03ae7542522b7f2a66/gnocchi.7a456328-267f-42ee-838d-a53a9bb0d8a5" 404 - "HEAD http://localhost:8080/v1/AUTH_6da408b3ff724a03ae7542522b7f2a66/gnocchi.7a456328-267f-42ee-838d-a53a9bb0d8a5?format=json&states=listing" "txa77afa46c06343249372b-006971cce6" "proxy-server 12" 0.0003 "-" 21 0
Jan 22 07:08:22 standalone object-server[122706]: 172.20.0.100 - - [22/Jan/2026:07:08:22 +0000] "GET /d1/341/AUTH_6da408b3ff724a03ae7542522b7f2a66/gnocchi.7a456328-267f-42ee-838d-a53a9bb0d8a5/none_v3" 404 70 "GET http://localhost:8080/v1/AUTH_6da408b3ff724a03ae7542522b7f2a66/gnocchi.7a456328-267f-42ee-838d-a53a9bb0d8a5/none_v3" "txa77afa46c06343249372b-006971cce6" "proxy-server 12" 0.0003 "-" 25 0
Jan 22 07:08:23 standalone proxy-server[124465]: 172.18.0.2 ::1 22/Jan/2026/07/08/23 GET /v1/AUTH_6da408b3ff724a03ae7542522b7f2a66/gnocchi.7a456328-267f-42ee-838d-a53a9bb0d8a5/none_v3 HTTP/1.0 404 - python-swiftclient-3.11.1 gAAAAABpccwcBwkP... - 70 - txa77afa46c06343249372b-006971cce6 - 0.0093 - - 1769065702.990923405 1769065703.000193596 0
Jan 22 07:08:23 standalone account-server[122396]: 172.20.0.100 - - [22/Jan/2026:07:08:23 +0000] "PUT /d1/648/AUTH_6da408b3ff724a03ae7542522b7f2a66/gnocchi.7a456328-267f-42ee-838d-a53a9bb0d8a5" 201 - "PUT http://172.20.0.100:6001/d1/655/AUTH_6da408b3ff724a03ae7542522b7f2a66/gnocchi.7a456328-267f-42ee-838d-a53a9bb0d8a5" "tx5e22e7216ce04940949fe-006971cce7" "container-server 21" 0.0087 "-" 18 0
Jan 22 07:08:23 standalone container-server[122534]: 172.20.0.100 - - [22/Jan/2026:07:08:23 +0000] "PUT /d1/655/AUTH_6da408b3ff724a03ae7542522b7f2a66/gnocchi.7a456328-267f-42ee-838d-a53a9bb0d8a5" 201 - "PUT http://localhost:8080/v1/AUTH_6da408b3ff724a03ae7542522b7f2a66/gnocchi.7a456328-267f-42ee-838d-a53a9bb0d8a5" "tx5e22e7216ce04940949fe-006971cce7" "proxy-server 12" 0.0206 "-" 21 0
Jan 22 07:08:23 standalone proxy-server[124465]: 172.18.0.2 ::1 22/Jan/2026/07/08/23 PUT /v1/AUTH_6da408b3ff724a03ae7542522b7f2a66/gnocchi.7a456328-267f-42ee-838d-a53a9bb0d8a5 HTTP/1.0 201 - python-swiftclient-3.11.1 gAAAAABpccwcBwkP... - - - tx5e22e7216ce04940949fe-006971cce7 - 0.0273 - - 1769065703.003317595 1769065703.030588388 0
Jan 22 07:08:23 standalone container-server[122534]: 172.20.0.100 - - [22/Jan/2026:07:08:23 +0000] "HEAD /d1/655/AUTH_6da408b3ff724a03ae7542522b7f2a66/gnocchi.7a456328-267f-42ee-838d-a53a9bb0d8a5" 204 - "HEAD http://localhost:8080/v1/AUTH_6da408b3ff724a03ae7542522b7f2a66/gnocchi.7a456328-267f-42ee-838d-a53a9bb0d8a5?format=json&states=listing" "tx8d625e819d0d4544a273c-006971cce7" "proxy-server 12" 0.0012 "-" 21 0
Jan 22 07:08:23 standalone proxy-server[124465]: - - 22/Jan/2026/07/08/23 HEAD /v1/AUTH_6da408b3ff724a03ae7542522b7f2a66/gnocchi.7a456328-267f-42ee-838d-a53a9bb0d8a5%3Fformat%3Djson%26states%3Dlisting HTTP/1.0 204 - Swift - - - - tx8d625e819d0d4544a273c-006971cce7 - 0.0052 RL - 1769065703.040680170 1769065703.045840025 0
Jan 22 07:08:23 standalone container-server[122543]: 172.20.0.100 - - [22/Jan/2026:07:08:23 +0000] "GET /d1/655/AUTH_6da408b3ff724a03ae7542522b7f2a66/gnocchi.7a456328-267f-42ee-838d-a53a9bb0d8a5" 200 2 "GET http://localhost:8080/v1/AUTH_6da408b3ff724a03ae7542522b7f2a66/gnocchi.7a456328-267f-42ee-838d-a53a9bb0d8a5?format=json&states=listing" "tx8d625e819d0d4544a273c-006971cce7" "proxy-server 12" 0.0018 "-" 23 0
Jan 22 07:08:23 standalone proxy-server[124465]: 172.18.0.2 ::1 22/Jan/2026/07/08/23 GET /v1/AUTH_6da408b3ff724a03ae7542522b7f2a66/gnocchi.7a456328-267f-42ee-838d-a53a9bb0d8a5%3Fformat%3Djson%26states%3Dlisting HTTP/1.0 200 - python-swiftclient-3.11.1 gAAAAABpccwcBwkP... - 2 - tx8d625e819d0d4544a273c-006971cce7 - 0.0177 - - 1769065703.039216757 1769065703.056932449 0
Jan 22 07:08:23 standalone object-server[122706]: 172.20.0.100 - - [22/Jan/2026:07:08:23 +0000] "GET /d1/113/AUTH_6da408b3ff724a03ae7542522b7f2a66/gnocchi.7a456328-267f-42ee-838d-a53a9bb0d8a5/1769040000.0_mean_300.0_v3" 404 70 "GET http://localhost:8080/v1/AUTH_6da408b3ff724a03ae7542522b7f2a66/gnocchi.7a456328-267f-42ee-838d-a53a9bb0d8a5/1769040000.0_mean_300.0_v3" "tx7c347837ba094392be5e0-006971cce7" "proxy-server 12" 0.0003 "-" 25 0
Jan 22 07:08:23 standalone proxy-server[124465]: 172.18.0.2 ::1 22/Jan/2026/07/08/23 GET /v1/AUTH_6da408b3ff724a03ae7542522b7f2a66/gnocchi.7a456328-267f-42ee-838d-a53a9bb0d8a5/1769040000.0_mean_300.0_v3 HTTP/1.0 404 - python-swiftclient-3.11.1 gAAAAABpccwcBwkP... - 70 - tx7c347837ba094392be5e0-006971cce7 - 0.0048 - - 1769065703.061083317 1769065703.065834522 0
Jan 22 07:08:23 standalone container-server[122534]: 172.20.0.100 - - [22/Jan/2026:07:08:23 +0000] "PUT /d1/655/AUTH_6da408b3ff724a03ae7542522b7f2a66/gnocchi.7a456328-267f-42ee-838d-a53a9bb0d8a5/1769040000.0_mean_300.0_v3" 201 - "PUT http://localhost:8080/d1/113/AUTH_6da408b3ff724a03ae7542522b7f2a66/gnocchi.7a456328-267f-42ee-838d-a53a9bb0d8a5/1769040000.0_mean_300.0_v3" "tx8a237450e2f146198f977-006971cce7" "object-server 22" 0.0006 "-" 21 0
Jan 22 07:08:23 standalone object-server[122693]: 172.20.0.100 - - [22/Jan/2026:07:08:23 +0000] "PUT /d1/113/AUTH_6da408b3ff724a03ae7542522b7f2a66/gnocchi.7a456328-267f-42ee-838d-a53a9bb0d8a5/1769040000.0_mean_300.0_v3" 201 - "PUT http://localhost:8080/v1/AUTH_6da408b3ff724a03ae7542522b7f2a66/gnocchi.7a456328-267f-42ee-838d-a53a9bb0d8a5/1769040000.0_mean_300.0_v3" "tx8a237450e2f146198f977-006971cce7" "proxy-server 12" 0.0171 "-" 22 0
Jan 22 07:08:23 standalone proxy-server[124465]: 172.18.0.2 ::1 22/Jan/2026/07/08/23 PUT /v1/AUTH_6da408b3ff724a03ae7542522b7f2a66/gnocchi.7a456328-267f-42ee-838d-a53a9bb0d8a5/1769040000.0_mean_300.0_v3 HTTP/1.0 201 - python-swiftclient-3.11.1 gAAAAABpccwcBwkP... 16 - - tx8a237450e2f146198f977-006971cce7 - 0.0236 - - 1769065703.068319321 1769065703.091964722 0
Jan 22 07:08:23 standalone container-server[122543]: 172.20.0.100 - - [22/Jan/2026:07:08:23 +0000] "PUT /d1/655/AUTH_6da408b3ff724a03ae7542522b7f2a66/gnocchi.7a456328-267f-42ee-838d-a53a9bb0d8a5/none_v3" 201 - "PUT http://localhost:8080/d1/341/AUTH_6da408b3ff724a03ae7542522b7f2a66/gnocchi.7a456328-267f-42ee-838d-a53a9bb0d8a5/none_v3" "txe2514bd4acab4955a467a-006971cce7" "object-server 24" 0.0005 "-" 23 0
Jan 22 07:08:23 standalone object-server[122704]: 172.20.0.100 - - [22/Jan/2026:07:08:23 +0000] "PUT /d1/341/AUTH_6da408b3ff724a03ae7542522b7f2a66/gnocchi.7a456328-267f-42ee-838d-a53a9bb0d8a5/none_v3" 201 - "PUT http://localhost:8080/v1/AUTH_6da408b3ff724a03ae7542522b7f2a66/gnocchi.7a456328-267f-42ee-838d-a53a9bb0d8a5/none_v3" "txe2514bd4acab4955a467a-006971cce7" "proxy-server 12" 0.0130 "-" 24 0
Jan 22 07:08:23 standalone proxy-server[124465]: 172.18.0.2 ::1 22/Jan/2026/07/08/23 PUT /v1/AUTH_6da408b3ff724a03ae7542522b7f2a66/gnocchi.7a456328-267f-42ee-838d-a53a9bb0d8a5/none_v3 HTTP/1.0 201 - python-swiftclient-3.11.1 gAAAAABpccwcBwkP... 22 - - txe2514bd4acab4955a467a-006971cce7 - 0.0187 - - 1769065703.099629879 1769065703.118335724 0
Jan 22 07:08:23 standalone container-server[122534]: 172.20.0.100 - - [22/Jan/2026:07:08:23 +0000] "HEAD /d1/667/AUTH_6da408b3ff724a03ae7542522b7f2a66/gnocchi.db04dc78-c903-4f3b-b632-fd1dd3c38ac5" 404 - "HEAD http://localhost:8080/v1/AUTH_6da408b3ff724a03ae7542522b7f2a66/gnocchi.db04dc78-c903-4f3b-b632-fd1dd3c38ac5?format=json&states=listing" "txe1bc7bd7ea314540b97f8-006971cce7" "proxy-server 12" 0.0003 "-" 21 0
Jan 22 07:08:23 standalone object-server[122700]: 172.20.0.100 - - [22/Jan/2026:07:08:23 +0000] "GET /d1/245/AUTH_6da408b3ff724a03ae7542522b7f2a66/gnocchi.db04dc78-c903-4f3b-b632-fd1dd3c38ac5/none_v3" 404 70 "GET http://localhost:8080/v1/AUTH_6da408b3ff724a03ae7542522b7f2a66/gnocchi.db04dc78-c903-4f3b-b632-fd1dd3c38ac5/none_v3" "txe1bc7bd7ea314540b97f8-006971cce7" "proxy-server 12" 0.0003 "-" 23 0
Jan 22 07:08:23 standalone proxy-server[124465]: 172.18.0.2 ::1 22/Jan/2026/07/08/23 GET /v1/AUTH_6da408b3ff724a03ae7542522b7f2a66/gnocchi.db04dc78-c903-4f3b-b632-fd1dd3c38ac5/none_v3 HTTP/1.0 404 - python-swiftclient-3.11.1 gAAAAABpccwcBwkP... - 70 - txe1bc7bd7ea314540b97f8-006971cce7 - 0.0085 - - 1769065703.145476580 1769065703.153996944 0
Jan 22 07:08:23 standalone account-server[122402]: 172.20.0.100 - - [22/Jan/2026:07:08:23 +0000] "PUT /d1/648/AUTH_6da408b3ff724a03ae7542522b7f2a66/gnocchi.db04dc78-c903-4f3b-b632-fd1dd3c38ac5" 201 - "PUT http://172.20.0.100:6001/d1/667/AUTH_6da408b3ff724a03ae7542522b7f2a66/gnocchi.db04dc78-c903-4f3b-b632-fd1dd3c38ac5" "tx8ff2d5f2ce714b7893b9f-006971cce7" "container-server 20" 0.0069 "-" 19 0
Jan 22 07:08:23 standalone container-server[122531]: 172.20.0.100 - - [22/Jan/2026:07:08:23 +0000] "PUT /d1/667/AUTH_6da408b3ff724a03ae7542522b7f2a66/gnocchi.db04dc78-c903-4f3b-b632-fd1dd3c38ac5" 201 - "PUT http://localhost:8080/v1/AUTH_6da408b3ff724a03ae7542522b7f2a66/gnocchi.db04dc78-c903-4f3b-b632-fd1dd3c38ac5" "tx8ff2d5f2ce714b7893b9f-006971cce7" "proxy-server 12" 0.0195 "-" 20 0
Jan 22 07:08:23 standalone proxy-server[124465]: 172.18.0.2 ::1 22/Jan/2026/07/08/23 PUT /v1/AUTH_6da408b3ff724a03ae7542522b7f2a66/gnocchi.db04dc78-c903-4f3b-b632-fd1dd3c38ac5 HTTP/1.0 201 - python-swiftclient-3.11.1 gAAAAABpccwcBwkP... - - - tx8ff2d5f2ce714b7893b9f-006971cce7 - 0.0247 - - 1769065703.157752037 1769065703.182496548 0
Jan 22 07:08:23 standalone container-server[122534]: 172.20.0.100 - - [22/Jan/2026:07:08:23 +0000] "HEAD /d1/667/AUTH_6da408b3ff724a03ae7542522b7f2a66/gnocchi.db04dc78-c903-4f3b-b632-fd1dd3c38ac5" 204 - "HEAD http://localhost:8080/v1/AUTH_6da408b3ff724a03ae7542522b7f2a66/gnocchi.db04dc78-c903-4f3b-b632-fd1dd3c38ac5?format=json&states=listing" "tx9657f6653e8347f1a8318-006971cce7" "proxy-server 12" 0.0011 "-" 21 0
Jan 22 07:08:23 standalone proxy-server[124465]: - - 22/Jan/2026/07/08/23 HEAD /v1/AUTH_6da408b3ff724a03ae7542522b7f2a66/gnocchi.db04dc78-c903-4f3b-b632-fd1dd3c38ac5%3Fformat%3Djson%26states%3Dlisting HTTP/1.0 204 - Swift - - - - tx9657f6653e8347f1a8318-006971cce7 - 0.0041 RL - 1769065703.191206694 1769065703.195314884 0
Jan 22 07:08:23 standalone container-server[122534]: 172.20.0.100 - - [22/Jan/2026:07:08:23 +0000] "GET /d1/667/AUTH_6da408b3ff724a03ae7542522b7f2a66/gnocchi.db04dc78-c903-4f3b-b632-fd1dd3c38ac5" 200 2 "GET http://localhost:8080/v1/AUTH_6da408b3ff724a03ae7542522b7f2a66/gnocchi.db04dc78-c903-4f3b-b632-fd1dd3c38ac5?format=json&states=listing" "tx9657f6653e8347f1a8318-006971cce7" "proxy-server 12" 0.0014 "-" 21 0
Jan 22 07:08:23 standalone proxy-server[124465]: 172.18.0.2 ::1 22/Jan/2026/07/08/23 GET /v1/AUTH_6da408b3ff724a03ae7542522b7f2a66/gnocchi.db04dc78-c903-4f3b-b632-fd1dd3c38ac5%3Fformat%3Djson%26states%3Dlisting HTTP/1.0 200 - python-swiftclient-3.11.1 gAAAAABpccwcBwkP... - 2 - tx9657f6653e8347f1a8318-006971cce7 - 0.0140 - - 1769065703.190121174 1769065703.204147100 0
Jan 22 07:08:23 standalone object-server[122693]: 172.20.0.100 - - [22/Jan/2026:07:08:23 +0000] "GET /d1/1002/AUTH_6da408b3ff724a03ae7542522b7f2a66/gnocchi.db04dc78-c903-4f3b-b632-fd1dd3c38ac5/1769040000.0_mean_300.0_v3" 404 70 "GET http://localhost:8080/v1/AUTH_6da408b3ff724a03ae7542522b7f2a66/gnocchi.db04dc78-c903-4f3b-b632-fd1dd3c38ac5/1769040000.0_mean_300.0_v3" "txf8497abf097a42ceb79ff-006971cce7" "proxy-server 12" 0.0004 "-" 22 0
Jan 22 07:08:23 standalone proxy-server[124465]: 172.18.0.2 ::1 22/Jan/2026/07/08/23 GET /v1/AUTH_6da408b3ff724a03ae7542522b7f2a66/gnocchi.db04dc78-c903-4f3b-b632-fd1dd3c38ac5/1769040000.0_mean_300.0_v3 HTTP/1.0 404 - python-swiftclient-3.11.1 gAAAAABpccwcBwkP... - 70 - txf8497abf097a42ceb79ff-006971cce7 - 0.0063 - - 1769065703.211771965 1769065703.218031406 0
Jan 22 07:08:23 standalone container-server[122537]: 172.20.0.100 - - [22/Jan/2026:07:08:23 +0000] "PUT /d1/667/AUTH_6da408b3ff724a03ae7542522b7f2a66/gnocchi.db04dc78-c903-4f3b-b632-fd1dd3c38ac5/1769040000.0_mean_300.0_v3" 201 - "PUT http://localhost:8080/d1/1002/AUTH_6da408b3ff724a03ae7542522b7f2a66/gnocchi.db04dc78-c903-4f3b-b632-fd1dd3c38ac5/1769040000.0_mean_300.0_v3" "tx18f8919507ba4eaf9f822-006971cce7" "object-server 23" 0.0006 "-" 22 0
Jan 22 07:08:23 standalone object-server[122700]: 172.20.0.100 - - [22/Jan/2026:07:08:23 +0000] "PUT /d1/1002/AUTH_6da408b3ff724a03ae7542522b7f2a66/gnocchi.db04dc78-c903-4f3b-b632-fd1dd3c38ac5/1769040000.0_mean_300.0_v3" 201 - "PUT http://localhost:8080/v1/AUTH_6da408b3ff724a03ae7542522b7f2a66/gnocchi.db04dc78-c903-4f3b-b632-fd1dd3c38ac5/1769040000.0_mean_300.0_v3" "tx18f8919507ba4eaf9f822-006971cce7" "proxy-server 12" 0.0106 "-" 23 0
Jan 22 07:08:23 standalone proxy-server[124465]: 172.18.0.2 ::1 22/Jan/2026/07/08/23 PUT /v1/AUTH_6da408b3ff724a03ae7542522b7f2a66/gnocchi.db04dc78-c903-4f3b-b632-fd1dd3c38ac5/1769040000.0_mean_300.0_v3 HTTP/1.0 201 - python-swiftclient-3.11.1 gAAAAABpccwcBwkP... 16 - - tx18f8919507ba4eaf9f822-006971cce7 - 0.0158 - - 1769065703.225225210 1769065703.241020203 0
Jan 22 07:08:23 standalone container-server[122543]: 172.20.0.100 - - [22/Jan/2026:07:08:23 +0000] "PUT /d1/667/AUTH_6da408b3ff724a03ae7542522b7f2a66/gnocchi.db04dc78-c903-4f3b-b632-fd1dd3c38ac5/none_v3" 201 - "PUT http://localhost:8080/d1/245/AUTH_6da408b3ff724a03ae7542522b7f2a66/gnocchi.db04dc78-c903-4f3b-b632-fd1dd3c38ac5/none_v3" "tx7ecc60b75af64225a3aaa-006971cce7" "object-server 22" 0.0006 "-" 23 0
Jan 22 07:08:23 standalone object-server[122693]: 172.20.0.100 - - [22/Jan/2026:07:08:23 +0000] "PUT /d1/245/AUTH_6da408b3ff724a03ae7542522b7f2a66/gnocchi.db04dc78-c903-4f3b-b632-fd1dd3c38ac5/none_v3" 201 - "PUT http://localhost:8080/v1/AUTH_6da408b3ff724a03ae7542522b7f2a66/gnocchi.db04dc78-c903-4f3b-b632-fd1dd3c38ac5/none_v3" "tx7ecc60b75af64225a3aaa-006971cce7" "proxy-server 12" 0.0105 "-" 22 0
Jan 22 07:08:23 standalone proxy-server[124465]: 172.18.0.2 ::1 22/Jan/2026/07/08/23 PUT /v1/AUTH_6da408b3ff724a03ae7542522b7f2a66/gnocchi.db04dc78-c903-4f3b-b632-fd1dd3c38ac5/none_v3 HTTP/1.0 201 - python-swiftclient-3.11.1 gAAAAABpccwcBwkP... 22 - - tx7ecc60b75af64225a3aaa-006971cce7 - 0.0174 - - 1769065703.248018980 1769065703.265369177 0
Jan 22 07:08:23 standalone container-server[122534]: 172.20.0.100 - - [22/Jan/2026:07:08:23 +0000] "HEAD /d1/551/AUTH_6da408b3ff724a03ae7542522b7f2a66/gnocchi.9f7c59c1-5066-4b44-a4d5-8ee125dc0477" 404 - "HEAD http://localhost:8080/v1/AUTH_6da408b3ff724a03ae7542522b7f2a66/gnocchi.9f7c59c1-5066-4b44-a4d5-8ee125dc0477?format=json&states=listing" "txa5ec284d215642428e868-006971cce7" "proxy-server 12" 0.0003 "-" 21 0
Jan 22 07:08:23 standalone object-server[122700]: 172.20.0.100 - - [22/Jan/2026:07:08:23 +0000] "GET /d1/32/AUTH_6da408b3ff724a03ae7542522b7f2a66/gnocchi.9f7c59c1-5066-4b44-a4d5-8ee125dc0477/none_v3" 404 70 "GET http://localhost:8080/v1/AUTH_6da408b3ff724a03ae7542522b7f2a66/gnocchi.9f7c59c1-5066-4b44-a4d5-8ee125dc0477/none_v3" "txa5ec284d215642428e868-006971cce7" "proxy-server 12" 0.0004 "-" 23 0
Jan 22 07:08:23 standalone proxy-server[124465]: 172.18.0.2 ::1 22/Jan/2026/07/08/23 GET /v1/AUTH_6da408b3ff724a03ae7542522b7f2a66/gnocchi.9f7c59c1-5066-4b44-a4d5-8ee125dc0477/none_v3 HTTP/1.0 404 - python-swiftclient-3.11.1 gAAAAABpccwcBwkP... - 70 - txa5ec284d215642428e868-006971cce7 - 0.0237 - - 1769065703.278153658 1769065703.301883698 0
Jan 22 07:08:23 standalone account-server[122402]: 172.20.0.100 - - [22/Jan/2026:07:08:23 +0000] "PUT /d1/648/AUTH_6da408b3ff724a03ae7542522b7f2a66/gnocchi.9f7c59c1-5066-4b44-a4d5-8ee125dc0477" 201 - "PUT http://172.20.0.100:6001/d1/551/AUTH_6da408b3ff724a03ae7542522b7f2a66/gnocchi.9f7c59c1-5066-4b44-a4d5-8ee125dc0477" "tx46f6e3850bcb4291bf678-006971cce7" "container-server 22" 0.0069 "-" 19 0
Jan 22 07:08:23 standalone container-server[122537]: 172.20.0.100 - - [22/Jan/2026:07:08:23 +0000] "PUT /d1/551/AUTH_6da408b3ff724a03ae7542522b7f2a66/gnocchi.9f7c59c1-5066-4b44-a4d5-8ee125dc0477" 201 - "PUT http://localhost:8080/v1/AUTH_6da408b3ff724a03ae7542522b7f2a66/gnocchi.9f7c59c1-5066-4b44-a4d5-8ee125dc0477" "tx46f6e3850bcb4291bf678-006971cce7" "proxy-server 12" 0.0208 "-" 22 0
Jan 22 07:08:23 standalone proxy-server[124465]: 172.18.0.2 ::1 22/Jan/2026/07/08/23 PUT /v1/AUTH_6da408b3ff724a03ae7542522b7f2a66/gnocchi.9f7c59c1-5066-4b44-a4d5-8ee125dc0477 HTTP/1.0 201 - python-swiftclient-3.11.1 gAAAAABpccwcBwkP... - - - tx46f6e3850bcb4291bf678-006971cce7 - 0.0259 - - 1769065703.308971167 1769065703.334865808 0
Jan 22 07:08:23 standalone container-server[122534]: 172.20.0.100 - - [22/Jan/2026:07:08:23 +0000] "HEAD /d1/551/AUTH_6da408b3ff724a03ae7542522b7f2a66/gnocchi.9f7c59c1-5066-4b44-a4d5-8ee125dc0477" 204 - "HEAD http://localhost:8080/v1/AUTH_6da408b3ff724a03ae7542522b7f2a66/gnocchi.9f7c59c1-5066-4b44-a4d5-8ee125dc0477?format=json&states=listing" "txc8f1bd684a7e4924a8332-006971cce7" "proxy-server 12" 0.0014 "-" 21 0
Jan 22 07:08:23 standalone proxy-server[124465]: - - 22/Jan/2026/07/08/23 HEAD /v1/AUTH_6da408b3ff724a03ae7542522b7f2a66/gnocchi.9f7c59c1-5066-4b44-a4d5-8ee125dc0477%3Fformat%3Djson%26states%3Dlisting HTTP/1.0 204 - Swift - - - - txc8f1bd684a7e4924a8332-006971cce7 - 0.0061 RL - 1769065703.340816498 1769065703.346918344 0
Jan 22 07:08:23 standalone container-server[122534]: 172.20.0.100 - - [22/Jan/2026:07:08:23 +0000] "GET /d1/551/AUTH_6da408b3ff724a03ae7542522b7f2a66/gnocchi.9f7c59c1-5066-4b44-a4d5-8ee125dc0477" 200 2 "GET http://localhost:8080/v1/AUTH_6da408b3ff724a03ae7542522b7f2a66/gnocchi.9f7c59c1-5066-4b44-a4d5-8ee125dc0477?format=json&states=listing" "txc8f1bd684a7e4924a8332-006971cce7" "proxy-server 12" 0.0015 "-" 21 0
Jan 22 07:08:23 standalone proxy-server[124465]: 172.18.0.2 ::1 22/Jan/2026/07/08/23 GET /v1/AUTH_6da408b3ff724a03ae7542522b7f2a66/gnocchi.9f7c59c1-5066-4b44-a4d5-8ee125dc0477%3Fformat%3Djson%26states%3Dlisting HTTP/1.0 200 - python-swiftclient-3.11.1 gAAAAABpccwcBwkP... - 2 - txc8f1bd684a7e4924a8332-006971cce7 - 0.0152 - - 1769065703.338185787 1769065703.353394032 0
Jan 22 07:08:23 standalone object-server[122706]: 172.20.0.100 - - [22/Jan/2026:07:08:23 +0000] "GET /d1/1008/AUTH_6da408b3ff724a03ae7542522b7f2a66/gnocchi.9f7c59c1-5066-4b44-a4d5-8ee125dc0477/1769040000.0_mean_300.0_v3" 404 70 "GET http://localhost:8080/v1/AUTH_6da408b3ff724a03ae7542522b7f2a66/gnocchi.9f7c59c1-5066-4b44-a4d5-8ee125dc0477/1769040000.0_mean_300.0_v3" "txec3890afb70e4f459575f-006971cce7" "proxy-server 12" 0.0003 "-" 25 0
Jan 22 07:08:23 standalone proxy-server[124465]: 172.18.0.2 ::1 22/Jan/2026/07/08/23 GET /v1/AUTH_6da408b3ff724a03ae7542522b7f2a66/gnocchi.9f7c59c1-5066-4b44-a4d5-8ee125dc0477/1769040000.0_mean_300.0_v3 HTTP/1.0 404 - python-swiftclient-3.11.1 gAAAAABpccwcBwkP... - 70 - txec3890afb70e4f459575f-006971cce7 - 0.0043 - - 1769065703.356881618 1769065703.361148834 0
Jan 22 07:08:23 standalone container-server[122531]: 172.20.0.100 - - [22/Jan/2026:07:08:23 +0000] "PUT /d1/551/AUTH_6da408b3ff724a03ae7542522b7f2a66/gnocchi.9f7c59c1-5066-4b44-a4d5-8ee125dc0477/1769040000.0_mean_300.0_v3" 201 - "PUT http://localhost:8080/d1/1008/AUTH_6da408b3ff724a03ae7542522b7f2a66/gnocchi.9f7c59c1-5066-4b44-a4d5-8ee125dc0477/1769040000.0_mean_300.0_v3" "tx8c16faab58514cd0b201f-006971cce7" "object-server 24" 0.0008 "-" 20 0
Jan 22 07:08:23 standalone object-server[122704]: 172.20.0.100 - - [22/Jan/2026:07:08:23 +0000] "PUT /d1/1008/AUTH_6da408b3ff724a03ae7542522b7f2a66/gnocchi.9f7c59c1-5066-4b44-a4d5-8ee125dc0477/1769040000.0_mean_300.0_v3" 201 - "PUT http://localhost:8080/v1/AUTH_6da408b3ff724a03ae7542522b7f2a66/gnocchi.9f7c59c1-5066-4b44-a4d5-8ee125dc0477/1769040000.0_mean_300.0_v3" "tx8c16faab58514cd0b201f-006971cce7" "proxy-server 12" 0.0135 "-" 24 0
Jan 22 07:08:23 standalone proxy-server[124465]: 172.18.0.2 ::1 22/Jan/2026/07/08/23 PUT /v1/AUTH_6da408b3ff724a03ae7542522b7f2a66/gnocchi.9f7c59c1-5066-4b44-a4d5-8ee125dc0477/1769040000.0_mean_300.0_v3 HTTP/1.0 201 - python-swiftclient-3.11.1 gAAAAABpccwcBwkP... 16 - - tx8c16faab58514cd0b201f-006971cce7 - 0.0215 - - 1769065703.367320776 1769065703.388867140 0
Jan 22 07:08:23 standalone container-server[122537]: 172.20.0.100 - - [22/Jan/2026:07:08:23 +0000] "PUT /d1/551/AUTH_6da408b3ff724a03ae7542522b7f2a66/gnocchi.9f7c59c1-5066-4b44-a4d5-8ee125dc0477/none_v3" 201 - "PUT http://localhost:8080/d1/32/AUTH_6da408b3ff724a03ae7542522b7f2a66/gnocchi.9f7c59c1-5066-4b44-a4d5-8ee125dc0477/none_v3" "txf58eb6fb0a6d4a698d67f-006971cce7" "object-server 25" 0.0005 "-" 22 0
Jan 22 07:08:23 standalone object-server[122706]: 172.20.0.100 - - [22/Jan/2026:07:08:23 +0000] "PUT /d1/32/AUTH_6da408b3ff724a03ae7542522b7f2a66/gnocchi.9f7c59c1-5066-4b44-a4d5-8ee125dc0477/none_v3" 201 - "PUT http://localhost:8080/v1/AUTH_6da408b3ff724a03ae7542522b7f2a66/gnocchi.9f7c59c1-5066-4b44-a4d5-8ee125dc0477/none_v3" "txf58eb6fb0a6d4a698d67f-006971cce7" "proxy-server 12" 0.0134 "-" 25 0
Jan 22 07:08:23 standalone proxy-server[124465]: 172.18.0.2 ::1 22/Jan/2026/07/08/23 PUT /v1/AUTH_6da408b3ff724a03ae7542522b7f2a66/gnocchi.9f7c59c1-5066-4b44-a4d5-8ee125dc0477/none_v3 HTTP/1.0 201 - python-swiftclient-3.11.1 gAAAAABpccwcBwkP... 22 - - txf58eb6fb0a6d4a698d67f-006971cce7 - 0.0182 - - 1769065703.391837597 1769065703.410050154 0
Jan 22 07:08:23 standalone container-server[122534]: 172.20.0.100 - - [22/Jan/2026:07:08:23 +0000] "HEAD /d1/518/AUTH_6da408b3ff724a03ae7542522b7f2a66/gnocchi.ef4f4971-134c-4e68-bfa5-cdf30166662e" 404 - "HEAD http://localhost:8080/v1/AUTH_6da408b3ff724a03ae7542522b7f2a66/gnocchi.ef4f4971-134c-4e68-bfa5-cdf30166662e?format=json&states=listing" "txe5d7e1a074d84db5bf6dd-006971cce7" "proxy-server 12" 0.0005 "-" 21 0
Jan 22 07:08:23 standalone object-server[122704]: 172.20.0.100 - - [22/Jan/2026:07:08:23 +0000] "GET /d1/431/AUTH_6da408b3ff724a03ae7542522b7f2a66/gnocchi.ef4f4971-134c-4e68-bfa5-cdf30166662e/none_v3" 404 70 "GET http://localhost:8080/v1/AUTH_6da408b3ff724a03ae7542522b7f2a66/gnocchi.ef4f4971-134c-4e68-bfa5-cdf30166662e/none_v3" "txe5d7e1a074d84db5bf6dd-006971cce7" "proxy-server 12" 0.0003 "-" 24 0
Jan 22 07:08:23 standalone proxy-server[124465]: 172.18.0.2 ::1 22/Jan/2026/07/08/23 GET /v1/AUTH_6da408b3ff724a03ae7542522b7f2a66/gnocchi.ef4f4971-134c-4e68-bfa5-cdf30166662e/none_v3 HTTP/1.0 404 - python-swiftclient-3.11.1 gAAAAABpccwcBwkP... - 70 - txe5d7e1a074d84db5bf6dd-006971cce7 - 0.0082 - - 1769065703.419021606 1769065703.427175999 0
Jan 22 07:08:23 standalone account-server[122396]: 172.20.0.100 - - [22/Jan/2026:07:08:23 +0000] "PUT /d1/648/AUTH_6da408b3ff724a03ae7542522b7f2a66/gnocchi.ef4f4971-134c-4e68-bfa5-cdf30166662e" 201 - "PUT http://172.20.0.100:6001/d1/518/AUTH_6da408b3ff724a03ae7542522b7f2a66/gnocchi.ef4f4971-134c-4e68-bfa5-cdf30166662e" "tx4c089e475a274cb484bab-006971cce7" "container-server 23" 0.0054 "-" 18 0
Jan 22 07:08:23 standalone container-server[122543]: 172.20.0.100 - - [22/Jan/2026:07:08:23 +0000] "PUT /d1/518/AUTH_6da408b3ff724a03ae7542522b7f2a66/gnocchi.ef4f4971-134c-4e68-bfa5-cdf30166662e" 201 - "PUT http://localhost:8080/v1/AUTH_6da408b3ff724a03ae7542522b7f2a66/gnocchi.ef4f4971-134c-4e68-bfa5-cdf30166662e" "tx4c089e475a274cb484bab-006971cce7" "proxy-server 12" 0.0162 "-" 23 0
Jan 22 07:08:23 standalone proxy-server[124465]: 172.18.0.2 ::1 22/Jan/2026/07/08/23 PUT /v1/AUTH_6da408b3ff724a03ae7542522b7f2a66/gnocchi.ef4f4971-134c-4e68-bfa5-cdf30166662e HTTP/1.0 201 - python-swiftclient-3.11.1 gAAAAABpccwcBwkP... - - - tx4c089e475a274cb484bab-006971cce7 - 0.0208 - - 1769065703.433768749 1769065703.454545736 0
Jan 22 07:08:23 standalone container-server[122531]: 172.20.0.100 - - [22/Jan/2026:07:08:23 +0000] "HEAD /d1/518/AUTH_6da408b3ff724a03ae7542522b7f2a66/gnocchi.ef4f4971-134c-4e68-bfa5-cdf30166662e" 204 - "HEAD http://localhost:8080/v1/AUTH_6da408b3ff724a03ae7542522b7f2a66/gnocchi.ef4f4971-134c-4e68-bfa5-cdf30166662e?format=json&states=listing" "tx2d6f91b3ae214843972f0-006971cce7" "proxy-server 12" 0.0012 "-" 20 0
Jan 22 07:08:23 standalone proxy-server[124465]: - - 22/Jan/2026/07/08/23 HEAD /v1/AUTH_6da408b3ff724a03ae7542522b7f2a66/gnocchi.ef4f4971-134c-4e68-bfa5-cdf30166662e%3Fformat%3Djson%26states%3Dlisting HTTP/1.0 204 - Swift - - - - tx2d6f91b3ae214843972f0-006971cce7 - 0.0057 RL - 1769065703.468879461 1769065703.474626064 0
Jan 22 07:08:23 standalone container-server[122531]: 172.20.0.100 - - [22/Jan/2026:07:08:23 +0000] "GET /d1/518/AUTH_6da408b3ff724a03ae7542522b7f2a66/gnocchi.ef4f4971-134c-4e68-bfa5-cdf30166662e" 200 2 "GET http://localhost:8080/v1/AUTH_6da408b3ff724a03ae7542522b7f2a66/gnocchi.ef4f4971-134c-4e68-bfa5-cdf30166662e?format=json&states=listing" "tx2d6f91b3ae214843972f0-006971cce7" "proxy-server 12" 0.0040 "-" 20 0
Jan 22 07:08:23 standalone proxy-server[124465]: 172.18.0.2 ::1 22/Jan/2026/07/08/23 GET /v1/AUTH_6da408b3ff724a03ae7542522b7f2a66/gnocchi.ef4f4971-134c-4e68-bfa5-cdf30166662e%3Fformat%3Djson%26states%3Dlisting HTTP/1.0 200 - python-swiftclient-3.11.1 gAAAAABpccwcBwkP... - 2 - tx2d6f91b3ae214843972f0-006971cce7 - 0.0153 - - 1769065703.467813969 1769065703.483069897 0
Jan 22 07:08:23 standalone object-server[122706]: 172.20.0.100 - - [22/Jan/2026:07:08:23 +0000] "GET /d1/899/AUTH_6da408b3ff724a03ae7542522b7f2a66/gnocchi.ef4f4971-134c-4e68-bfa5-cdf30166662e/1769040000.0_mean_300.0_v3" 404 70 "GET http://localhost:8080/v1/AUTH_6da408b3ff724a03ae7542522b7f2a66/gnocchi.ef4f4971-134c-4e68-bfa5-cdf30166662e/1769040000.0_mean_300.0_v3" "tx5c4e8c4b918d45cc8825c-006971cce7" "proxy-server 12" 0.0003 "-" 25 0
Jan 22 07:08:23 standalone proxy-server[124465]: 172.18.0.2 ::1 22/Jan/2026/07/08/23 GET /v1/AUTH_6da408b3ff724a03ae7542522b7f2a66/gnocchi.ef4f4971-134c-4e68-bfa5-cdf30166662e/1769040000.0_mean_300.0_v3 HTTP/1.0 404 - python-swiftclient-3.11.1 gAAAAABpccwcBwkP... - 70 - tx5c4e8c4b918d45cc8825c-006971cce7 - 0.0053 - - 1769065703.486960173 1769065703.492220163 0
Jan 22 07:08:23 standalone container-server[122531]: 172.20.0.100 - - [22/Jan/2026:07:08:23 +0000] "PUT /d1/518/AUTH_6da408b3ff724a03ae7542522b7f2a66/gnocchi.ef4f4971-134c-4e68-bfa5-cdf30166662e/1769040000.0_mean_300.0_v3" 201 - "PUT http://localhost:8080/d1/899/AUTH_6da408b3ff724a03ae7542522b7f2a66/gnocchi.ef4f4971-134c-4e68-bfa5-cdf30166662e/1769040000.0_mean_300.0_v3" "txe428d21e2a4541efb7a0b-006971cce7" "object-server 23" 0.0006 "-" 20 0
Jan 22 07:08:23 standalone object-server[122700]: 172.20.0.100 - - [22/Jan/2026:07:08:23 +0000] "PUT /d1/899/AUTH_6da408b3ff724a03ae7542522b7f2a66/gnocchi.ef4f4971-134c-4e68-bfa5-cdf30166662e/1769040000.0_mean_300.0_v3" 201 - "PUT http://localhost:8080/v1/AUTH_6da408b3ff724a03ae7542522b7f2a66/gnocchi.ef4f4971-134c-4e68-bfa5-cdf30166662e/1769040000.0_mean_300.0_v3" "txe428d21e2a4541efb7a0b-006971cce7" "proxy-server 12" 0.0111 "-" 23 0
Jan 22 07:08:23 standalone proxy-server[124465]: 172.18.0.2 ::1 22/Jan/2026/07/08/23 PUT /v1/AUTH_6da408b3ff724a03ae7542522b7f2a66/gnocchi.ef4f4971-134c-4e68-bfa5-cdf30166662e/1769040000.0_mean_300.0_v3 HTTP/1.0 201 - python-swiftclient-3.11.1 gAAAAABpccwcBwkP... 16 - - txe428d21e2a4541efb7a0b-006971cce7 - 0.0220 - - 1769065703.498859882 1769065703.520904303 0
Jan 22 07:08:23 standalone container-server[122543]: 172.20.0.100 - - [22/Jan/2026:07:08:23 +0000] "PUT /d1/518/AUTH_6da408b3ff724a03ae7542522b7f2a66/gnocchi.ef4f4971-134c-4e68-bfa5-cdf30166662e/none_v3" 201 - "PUT http://localhost:8080/d1/431/AUTH_6da408b3ff724a03ae7542522b7f2a66/gnocchi.ef4f4971-134c-4e68-bfa5-cdf30166662e/none_v3" "tx97a8c0a3371a4c408ae3d-006971cce7" "object-server 24" 0.0005 "-" 23 0
Jan 22 07:08:23 standalone object-server[122704]: 172.20.0.100 - - [22/Jan/2026:07:08:23 +0000] "PUT /d1/431/AUTH_6da408b3ff724a03ae7542522b7f2a66/gnocchi.ef4f4971-134c-4e68-bfa5-cdf30166662e/none_v3" 201 - "PUT http://localhost:8080/v1/AUTH_6da408b3ff724a03ae7542522b7f2a66/gnocchi.ef4f4971-134c-4e68-bfa5-cdf30166662e/none_v3" "tx97a8c0a3371a4c408ae3d-006971cce7" "proxy-server 12" 0.0154 "-" 24 0
Jan 22 07:08:23 standalone proxy-server[124465]: 172.18.0.2 ::1 22/Jan/2026/07/08/23 PUT /v1/AUTH_6da408b3ff724a03ae7542522b7f2a66/gnocchi.ef4f4971-134c-4e68-bfa5-cdf30166662e/none_v3 HTTP/1.0 201 - python-swiftclient-3.11.1 gAAAAABpccwcBwkP... 22 - - tx97a8c0a3371a4c408ae3d-006971cce7 - 0.0201 - - 1769065703.524359703 1769065703.544454813 0
Jan 22 07:08:26 standalone object-server[122565]: Begin object update sweep
Jan 22 07:08:26 standalone object-server[227945]: Object update sweep starting on /srv/node/d1 (pid: 15)
Jan 22 07:08:26 standalone object-server[227945]: Object update sweep completed on /srv/node/d1 in 0.00s seconds:, 0 successes, 0 failures, 0 quarantines, 0 unlinks, 0 errors, 0 redirects (pid: 15)
Jan 22 07:08:26 standalone object-server[227945]: Object update sweep of d1 completed: 0.00s, 0 successes, 0 failures, 0 quarantines, 0 unlinks, 0 errors, 0 redirects
Jan 22 07:08:26 standalone object-server[122565]: Object update sweep completed: 0.08s
Jan 22 07:12:22 standalone container-server[122339]: Begin container update sweep
Jan 22 07:12:22 standalone account-server[122416]: 172.20.0.100 - - [22/Jan/2026:07:12:22 +0000] "PUT /d1/648/AUTH_6da408b3ff724a03ae7542522b7f2a66/gnocchi.db04dc78-c903-4f3b-b632-fd1dd3c38ac5" 201 - "-" "-" "container-updater 2" 0.0009 "-" 22 0
Jan 22 07:12:23 standalone account-server[122377]: 172.20.0.100 - - [22/Jan/2026:07:12:23 +0000] "PUT /d1/648/AUTH_6da408b3ff724a03ae7542522b7f2a66/gnocchi.741b83d6-6e5a-4938-bd51-1aa1855170fe" 201 - "-" "-" "container-updater 2" 0.0006 "-" 17 0
Jan 22 07:12:23 standalone account-server[122377]: 172.20.0.100 - - [22/Jan/2026:07:12:23 +0000] "PUT /d1/648/AUTH_6da408b3ff724a03ae7542522b7f2a66/gnocchi.9f7c59c1-5066-4b44-a4d5-8ee125dc0477" 201 - "-" "-" "container-updater 2" 0.0008 "-" 17 0
Jan 22 07:12:23 standalone account-server[122396]: 172.20.0.100 - - [22/Jan/2026:07:12:23 +0000] "PUT /d1/648/AUTH_6da408b3ff724a03ae7542522b7f2a66/gnocchi.ef4f4971-134c-4e68-bfa5-cdf30166662e" 201 - "-" "-" "container-updater 2" 0.0014 "-" 18 0
Jan 22 07:12:23 standalone account-server[122402]: 172.20.0.100 - - [22/Jan/2026:07:12:23 +0000] "PUT /d1/648/AUTH_6da408b3ff724a03ae7542522b7f2a66/gnocchi.7a456328-267f-42ee-838d-a53a9bb0d8a5" 201 - "-" "-" "container-updater 2" 0.0005 "-" 19 0
Jan 22 07:12:23 standalone account-server[122377]: 172.20.0.100 - - [22/Jan/2026:07:12:23 +0000] "PUT /d1/648/AUTH_6da408b3ff724a03ae7542522b7f2a66/gnocchi.778eb040-5469-4963-a2bb-4ff6701cac83" 201 - "-" "-" "container-updater 2" 0.0007 "-" 17 0
Jan 22 07:12:23 standalone account-server[122396]: 172.20.0.100 - - [22/Jan/2026:07:12:23 +0000] "PUT /d1/648/AUTH_6da408b3ff724a03ae7542522b7f2a66/gnocchi.f561ab6c-d1a2-4b9c-902c-3f1c02227a2c" 201 - "-" "-" "container-updater 2" 0.0006 "-" 18 0
Jan 22 07:12:23 standalone account-server[122402]: 172.20.0.100 - - [22/Jan/2026:07:12:23 +0000] "PUT /d1/648/AUTH_6da408b3ff724a03ae7542522b7f2a66/gnocchi.5804f10e-93ab-4741-91eb-ff400ce797d9" 201 - "-" "-" "container-updater 2" 0.0005 "-" 19 0
Jan 22 07:12:23 standalone account-server[122377]: 172.20.0.100 - - [22/Jan/2026:07:12:23 +0000] "PUT /d1/648/AUTH_6da408b3ff724a03ae7542522b7f2a66/gnocchi.85a59d66-948d-4704-9fd0-fcfc87329f6b" 201 - "-" "-" "container-updater 2" 0.0006 "-" 17 0
Jan 22 07:12:24 standalone account-server[122377]: 172.20.0.100 - - [22/Jan/2026:07:12:24 +0000] "PUT /d1/648/AUTH_6da408b3ff724a03ae7542522b7f2a66/gnocchi.f41d170b-0815-4c3f-b85c-2ff8e5cfb27b" 201 - "-" "-" "container-updater 2" 0.0006 "-" 17 0
Jan 22 07:12:24 standalone account-server[122402]: 172.20.0.100 - - [22/Jan/2026:07:12:24 +0000] "PUT /d1/648/AUTH_6da408b3ff724a03ae7542522b7f2a66/gnocchi.6492f685-5f90-4a45-b336-bc5f0d2a4b5f" 201 - "-" "-" "container-updater 2" 0.0004 "-" 19 0
Jan 22 07:12:24 standalone account-server[122377]: 172.20.0.100 - - [22/Jan/2026:07:12:24 +0000] "PUT /d1/648/AUTH_6da408b3ff724a03ae7542522b7f2a66/gnocchi.bf2043f0-e5a5-4c61-aa67-dbfdc193563e" 201 - "-" "-" "container-updater 2" 0.0007 "-" 17 0
Jan 22 07:12:24 standalone account-server[122396]: 172.20.0.100 - - [22/Jan/2026:07:12:24 +0000] "PUT /d1/648/AUTH_6da408b3ff724a03ae7542522b7f2a66/gnocchi.26ae161a-dae3-4c49-8de3-5cafb54b9104" 201 - "-" "-" "container-updater 2" 0.0005 "-" 18 0
Jan 22 07:12:24 standalone account-server[122416]: 172.20.0.100 - - [22/Jan/2026:07:12:24 +0000] "PUT /d1/648/AUTH_6da408b3ff724a03ae7542522b7f2a66/gnocchi.42314f78-4cf6-464f-9f24-4b9949777869" 201 - "-" "-" "container-updater 2" 0.0004 "-" 22 0
Jan 22 07:12:24 standalone container-server[122339]: Container update sweep completed: 1.77s
Jan 22 07:12:37 standalone account-server[122416]: 172.20.0.100 - - [22/Jan/2026:07:12:37 +0000] "HEAD /d1/354/.expiring_objects" 404 - "HEAD http://localhost/v1/.expiring_objects?format=json" "tx9269515b747e428cb3628-006971cde5" "proxy-server 2" 0.0004 "-" 22 -
Jan 22 07:12:37 standalone object-expirer[122552]: Pass completed in 0s; 0 objects expired (txn: tx9269515b747e428cb3628-006971cde5)
Jan 22 07:13:26 standalone object-server[122565]: Begin object update sweep
Jan 22 07:13:26 standalone object-server[257703]: Object update sweep starting on /srv/node/d1 (pid: 16)
Jan 22 07:13:26 standalone object-server[257703]: Object update sweep completed on /srv/node/d1 in 0.00s seconds:, 0 successes, 0 failures, 0 quarantines, 0 unlinks, 0 errors, 0 redirects (pid: 16)
Jan 22 07:13:26 standalone object-server[257703]: Object update sweep of d1 completed: 0.00s, 0 successes, 0 failures, 0 quarantines, 0 unlinks, 0 errors, 0 redirects
Jan 22 07:13:26 standalone object-server[122565]: Object update sweep completed: 0.09s
Jan 22 07:16:44 standalone account-server[122377]: 172.20.0.100 - - [22/Jan/2026:07:16:44 +0000] "HEAD /d1/354/.expiring_objects" 404 - "HEAD http://localhost/v1/.expiring_objects?format=json" "tx79e1209c98584c1995c20-006971cedc" "proxy-server 2" 0.0006 "-" 17 -
Jan 22 07:16:44 standalone object-expirer[122552]: Pass completed in 0s; 0 objects expired (txn: tx79e1209c98584c1995c20-006971cedc)
Jan 22 07:17:22 standalone container-server[122339]: Begin container update sweep
Jan 22 07:17:24 standalone container-server[122339]: Container update sweep completed: 1.36s
Jan 22 07:18:26 standalone object-server[122565]: Begin object update sweep
Jan 22 07:18:26 standalone object-server[278662]: Object update sweep starting on /srv/node/d1 (pid: 17)
Jan 22 07:18:26 standalone object-server[278662]: Object update sweep completed on /srv/node/d1 in 0.00s seconds:, 0 successes, 0 failures, 0 quarantines, 0 unlinks, 0 errors, 0 redirects (pid: 17)
Jan 22 07:18:26 standalone object-server[278662]: Object update sweep of d1 completed: 0.00s, 0 successes, 0 failures, 0 quarantines, 0 unlinks, 0 errors, 0 redirects
Jan 22 07:18:26 standalone object-server[122565]: Object update sweep completed: 0.08s
Jan 22 07:18:31 standalone account-server[122396]: 172.20.0.100 - - [22/Jan/2026:07:18:31 +0000] "HEAD /d1/354/.expiring_objects" 404 - "HEAD http://localhost/v1/.expiring_objects?format=json" "txf5497a764e9e43f7a6f3b-006971cf47" "proxy-server 2" 0.0007 "-" 18 -
Jan 22 07:18:31 standalone object-expirer[122552]: Pass completed in 0s; 0 objects expired (txn: txf5497a764e9e43f7a6f3b-006971cf47)
Jan 22 07:19:11 standalone account-server[122396]: 172.20.0.31 - - [22/Jan/2026:07:19:11 +0000] "HEAD /d1/223/AUTH_676aae21c3734e32947bdae5f9668fd6" 404 - "HEAD http://swift-public-openstack.apps-crc.testing/v1/AUTH_676aae21c3734e32947bdae5f9668fd6?format=json" "txe691d94c4c88480182d7f-006971cf6f" "proxy-server 15" 0.0006 "-" 18 -
Jan 22 07:19:12 standalone account-server[122377]: 172.20.0.31 - - [22/Jan/2026:07:19:12 +0000] "GET /d1/223/AUTH_676aae21c3734e32947bdae5f9668fd6" 404 - "GET http://swift-public-openstack.apps-crc.testing/v1/AUTH_676aae21c3734e32947bdae5f9668fd6?format=json" "txe691d94c4c88480182d7f-006971cf6f" "proxy-server 15" 0.0007 "-" 17 -
Jan 22 07:21:52 standalone account-server[122377]: 172.20.0.100 - - [22/Jan/2026:07:21:52 +0000] "HEAD /d1/354/.expiring_objects" 404 - "HEAD http://localhost/v1/.expiring_objects?format=json" "tx6ea2a30268ae4fb3b9d34-006971d010" "proxy-server 2" 0.0008 "-" 17 -
Jan 22 07:21:52 standalone object-expirer[122552]: Pass completed in 0s; 0 objects expired (txn: tx6ea2a30268ae4fb3b9d34-006971d010)
Jan 22 07:22:22 standalone container-server[122339]: Begin container update sweep
Jan 22 07:22:24 standalone container-server[122339]: Container update sweep completed: 1.21s
Jan 22 07:23:26 standalone object-server[122565]: Begin object update sweep
Jan 22 07:23:26 standalone object-server[299202]: Object update sweep starting on /srv/node/d1 (pid: 18)
Jan 22 07:23:26 standalone object-server[299202]: Object update sweep completed on /srv/node/d1 in 0.00s seconds:, 0 successes, 0 failures, 0 quarantines, 0 unlinks, 0 errors, 0 redirects (pid: 18)
Jan 22 07:23:26 standalone object-server[299202]: Object update sweep of d1 completed: 0.00s, 0 successes, 0 failures, 0 quarantines, 0 unlinks, 0 errors, 0 redirects
Jan 22 07:23:26 standalone object-server[122565]: Object update sweep completed: 0.08s
Jan 22 07:26:14 standalone account-server[122396]: 172.20.0.100 - - [22/Jan/2026:07:26:14 +0000] "HEAD /d1/354/.expiring_objects" 404 - "HEAD http://localhost/v1/.expiring_objects?format=json" "txe6cc3bbf71434c8e86442-006971d116" "proxy-server 2" 0.0009 "-" 18 -
Jan 22 07:26:14 standalone object-expirer[122552]: Pass completed in 0s; 0 objects expired (txn: txe6cc3bbf71434c8e86442-006971d116)
Jan 22 07:27:23 standalone container-server[122339]: Begin container update sweep
Jan 22 07:27:24 standalone container-server[122339]: Container update sweep completed: 1.47s
Jan 22 07:27:29 standalone account-server[122402]: 172.20.0.31 - - [22/Jan/2026:07:27:29 +0000] "HEAD /d1/648/AUTH_6da408b3ff724a03ae7542522b7f2a66" 204 - "HEAD http://swift-internal.openstack.svc:8080/v1/AUTH_6da408b3ff724a03ae7542522b7f2a66?format=json" "tx7d5e6e5caabc405cb69b2-006971d161" "proxy-server 7" 0.0138 "-" 19 -
Jan 22 07:27:30 standalone container-server[122534]: 172.20.0.31 - - [22/Jan/2026:07:27:30 +0000] "HEAD /d1/963/AUTH_6da408b3ff724a03ae7542522b7f2a66/glance" 204 - "HEAD http://swift-internal.openstack.svc:8080/v1/AUTH_6da408b3ff724a03ae7542522b7f2a66/glance?format=json&states=listing" "tx7d5e6e5caabc405cb69b2-006971d161" "proxy-server 7" 0.0014 "-" 21 0
Jan 22 07:27:33 standalone container-server[122537]: 172.20.0.100 - - [22/Jan/2026:07:27:33 +0000] "PUT /d1/963/AUTH_6da408b3ff724a03ae7542522b7f2a66/glance/83f04970-e2f8-414c-8535-df4163765ce3-00001" 201 - "PUT http://swift-internal.openstack.svc:8080/d1/351/AUTH_6da408b3ff724a03ae7542522b7f2a66/glance/83f04970-e2f8-414c-8535-df4163765ce3-00001" "tx0cc85cce84bc4548a8411-006971d162" "object-server 22" 0.0010 "-" 22 0
Jan 22 07:27:33 standalone object-server[122693]: 172.20.0.31 - - [22/Jan/2026:07:27:33 +0000] "PUT /d1/351/AUTH_6da408b3ff724a03ae7542522b7f2a66/glance/83f04970-e2f8-414c-8535-df4163765ce3-00001" 201 - "PUT http://swift-internal.openstack.svc:8080/v1/AUTH_6da408b3ff724a03ae7542522b7f2a66/glance/83f04970-e2f8-414c-8535-df4163765ce3-00001" "tx0cc85cce84bc4548a8411-006971d162" "proxy-server 7" 2.7634 "-" 22 0
Jan 22 07:27:35 standalone container-server[122537]: 172.20.0.100 - - [22/Jan/2026:07:27:35 +0000] "PUT /d1/963/AUTH_6da408b3ff724a03ae7542522b7f2a66/glance/83f04970-e2f8-414c-8535-df4163765ce3-00002" 201 - "PUT http://swift-internal.openstack.svc:8080/d1/716/AUTH_6da408b3ff724a03ae7542522b7f2a66/glance/83f04970-e2f8-414c-8535-df4163765ce3-00002" "txd26724372bf04a0296810-006971d165" "object-server 22" 0.0009 "-" 22 0
Jan 22 07:27:35 standalone object-server[122693]: 172.20.0.31 - - [22/Jan/2026:07:27:35 +0000] "PUT /d1/716/AUTH_6da408b3ff724a03ae7542522b7f2a66/glance/83f04970-e2f8-414c-8535-df4163765ce3-00002" 201 - "PUT http://swift-internal.openstack.svc:8080/v1/AUTH_6da408b3ff724a03ae7542522b7f2a66/glance/83f04970-e2f8-414c-8535-df4163765ce3-00002" "txd26724372bf04a0296810-006971d165" "proxy-server 7" 2.4232 "-" 22 0
Jan 22 07:27:36 standalone container-server[122531]: 172.20.0.100 - - [22/Jan/2026:07:27:36 +0000] "PUT /d1/963/AUTH_6da408b3ff724a03ae7542522b7f2a66/glance/83f04970-e2f8-414c-8535-df4163765ce3-00003" 201 - "PUT http://swift-internal.openstack.svc:8080/d1/810/AUTH_6da408b3ff724a03ae7542522b7f2a66/glance/83f04970-e2f8-414c-8535-df4163765ce3-00003" "txbbf702db8e0749c5bfb05-006971d167" "object-server 23" 0.0009 "-" 20 0
Jan 22 07:27:36 standalone object-server[122700]: 172.20.0.31 - - [22/Jan/2026:07:27:36 +0000] "PUT /d1/810/AUTH_6da408b3ff724a03ae7542522b7f2a66/glance/83f04970-e2f8-414c-8535-df4163765ce3-00003" 201 - "PUT http://swift-internal.openstack.svc:8080/v1/AUTH_6da408b3ff724a03ae7542522b7f2a66/glance/83f04970-e2f8-414c-8535-df4163765ce3-00003" "txbbf702db8e0749c5bfb05-006971d167" "proxy-server 7" 1.4803 "-" 23 0
Jan 22 07:27:36 standalone container-server[122531]: 172.20.0.100 - - [22/Jan/2026:07:27:36 +0000] "PUT /d1/963/AUTH_6da408b3ff724a03ae7542522b7f2a66/glance/83f04970-e2f8-414c-8535-df4163765ce3" 201 - "PUT http://swift-internal.openstack.svc:8080/d1/667/AUTH_6da408b3ff724a03ae7542522b7f2a66/glance/83f04970-e2f8-414c-8535-df4163765ce3" "tx23a4f9eebbcc437b89911-006971d168" "object-server 23" 0.0008 "-" 20 0
Jan 22 07:27:36 standalone object-server[122700]: 172.20.0.31 - - [22/Jan/2026:07:27:36 +0000] "PUT /d1/667/AUTH_6da408b3ff724a03ae7542522b7f2a66/glance/83f04970-e2f8-414c-8535-df4163765ce3" 201 - "PUT http://swift-internal.openstack.svc:8080/v1/AUTH_6da408b3ff724a03ae7542522b7f2a66/glance/83f04970-e2f8-414c-8535-df4163765ce3" "tx23a4f9eebbcc437b89911-006971d168" "proxy-server 7" 0.0122 "-" 23 0
Jan 22 07:28:26 standalone object-server[122565]: Begin object update sweep
Jan 22 07:28:26 standalone object-server[319863]: Object update sweep starting on /srv/node/d1 (pid: 19)
Jan 22 07:28:26 standalone object-server[319863]: Object update sweep completed on /srv/node/d1 in 0.00s seconds:, 0 successes, 0 failures, 0 quarantines, 0 unlinks, 0 errors, 0 redirects (pid: 19)
Jan 22 07:28:26 standalone object-server[319863]: Object update sweep of d1 completed: 0.00s, 0 successes, 0 failures, 0 quarantines, 0 unlinks, 0 errors, 0 redirects
Jan 22 07:28:26 standalone object-server[122565]: Object update sweep completed: 0.08s
Jan 22 07:28:37 standalone account-server[122402]: 172.20.0.100 - - [22/Jan/2026:07:28:37 +0000] "HEAD /d1/354/.expiring_objects" 404 - "HEAD http://localhost/v1/.expiring_objects?format=json" "tx942dfbc6891347308ef6d-006971d1a5" "proxy-server 2" 0.0006 "-" 19 -
Jan 22 07:28:37 standalone object-expirer[122552]: Pass completed in 0s; 0 objects expired (txn: tx942dfbc6891347308ef6d-006971d1a5)
Jan 22 07:32:23 standalone container-server[122339]: Begin container update sweep
Jan 22 07:32:23 standalone account-server[122396]: 172.20.0.100 - - [22/Jan/2026:07:32:23 +0000] "PUT /d1/648/AUTH_6da408b3ff724a03ae7542522b7f2a66/glance" 201 - "-" "-" "container-updater 2" 0.0014 "-" 18 0
Jan 22 07:32:24 standalone container-server[122339]: Container update sweep completed: 1.37s
Jan 22 07:32:47 standalone account-server[122377]: 172.20.0.31 - - [22/Jan/2026:07:32:47 +0000] "HEAD /d1/223/AUTH_676aae21c3734e32947bdae5f9668fd6" 404 - "HEAD http://swift-internal.openstack.svc:8080/v1/AUTH_676aae21c3734e32947bdae5f9668fd6?format=json" "tx54442823731c4ef093621-006971d29f" "proxy-server 7" 0.0006 "-" 17 -
Jan 22 07:32:47 standalone account-server[122377]: 172.20.0.31 - - [22/Jan/2026:07:32:47 +0000] "HEAD /d1/223/AUTH_676aae21c3734e32947bdae5f9668fd6" 404 - "HEAD http://swift-internal.openstack.svc:8080/v1/AUTH_676aae21c3734e32947bdae5f9668fd6?format=json" "tx54442823731c4ef093621-006971d29f" "proxy-server 7" 0.0003 "-" 17 -
Jan 22 07:32:47 standalone account-server[122402]: 172.20.0.31 - - [22/Jan/2026:07:32:47 +0000] "HEAD /d1/648/AUTH_6da408b3ff724a03ae7542522b7f2a66" 204 - "HEAD http://swift-internal.openstack.svc:8080/v1/AUTH_6da408b3ff724a03ae7542522b7f2a66?format=json" "tx7117554b4c2943248160c-006971d29f" "proxy-server 7" 0.0078 "-" 19 -
