Jan 5 23:09:14 standalone proxy-server[129267]: 172.18.0.2 172.18.0.100 05/Jan/2026/23/09/14 GET /v1/AUTH_9dfeb33600594e98af860dd2d94f2fd5/gnocchi.783b9148-bc6d-4d80-8f75-85456442fad6%3Fformat%3Djson%26states%3Dlisting HTTP/1.0 200 - python-swiftclient-3.11.1 gAAAAABpXEQriJA3... - 357 - tx1d41f6e0f9094c5d9a608-00695c449a - 0.0283 - - 1767654554.884175777 1767654554.912464142 0
Jan 5 23:09:14 standalone container-server[127278]: 172.20.0.100 - - [05/Jan/2026:23:09:14 +0000] "GET /d1/485/AUTH_9dfeb33600594e98af860dd2d94f2fd5/gnocchi.783b9148-bc6d-4d80-8f75-85456442fad6" 200 2 "GET http://172.18.0.2:8080/v1/AUTH_9dfeb33600594e98af860dd2d94f2fd5/gnocchi.783b9148-bc6d-4d80-8f75-85456442fad6?format=json&marker=none_v3&states=listing" "tx12c1aacf86514f75bcd11-00695c449a" "proxy-server 20" 0.0036 "-" 22 0
Jan 5 23:09:14 standalone proxy-server[129267]: 172.18.0.2 172.18.0.100 05/Jan/2026/23/09/14 GET /v1/AUTH_9dfeb33600594e98af860dd2d94f2fd5/gnocchi.783b9148-bc6d-4d80-8f75-85456442fad6%3Fformat%3Djson%26marker%3Dnone_v3%26states%3Dlisting HTTP/1.0 200 - python-swiftclient-3.11.1 gAAAAABpXEQriJA3... - 2 - tx12c1aacf86514f75bcd11-00695c449a - 0.0107 - - 1767654554.916828871 1767654554.927510738 0
Jan 5 23:09:14 standalone object-server[127317]: 172.20.0.100 - - [05/Jan/2026:23:09:14 +0000] "GET /d1/652/AUTH_9dfeb33600594e98af860dd2d94f2fd5/gnocchi.783b9148-bc6d-4d80-8f75-85456442fad6/1766880000.0_mean_300.0_v3" 200 16 "GET http://172.18.0.2:8080/v1/AUTH_9dfeb33600594e98af860dd2d94f2fd5/gnocchi.783b9148-bc6d-4d80-8f75-85456442fad6/1766880000.0_mean_300.0_v3" "txe8e2f3944d8c43d583dc4-00695c449a" "proxy-server 20" 0.0013 "-" 24 0
Jan 5 23:09:14 standalone proxy-server[129267]: 172.18.0.2 172.18.0.100 05/Jan/2026/23/09/14 GET /v1/AUTH_9dfeb33600594e98af860dd2d94f2fd5/gnocchi.783b9148-bc6d-4d80-8f75-85456442fad6/1766880000.0_mean_300.0_v3 HTTP/1.0 200 - python-swiftclient-3.11.1 gAAAAABpXEQriJA3... - 16 - txe8e2f3944d8c43d583dc4-00695c449a - 0.0091 - - 1767654554.932619095 1767654554.941741467 0
Jan 5 23:09:14 standalone container-server[127263]: 172.20.0.100 - - [05/Jan/2026:23:09:14 +0000] "PUT /d1/485/AUTH_9dfeb33600594e98af860dd2d94f2fd5/gnocchi.783b9148-bc6d-4d80-8f75-85456442fad6/1766880000.0_mean_300.0_v3" 201 - "PUT http://172.18.0.2:8080/d1/652/AUTH_9dfeb33600594e98af860dd2d94f2fd5/gnocchi.783b9148-bc6d-4d80-8f75-85456442fad6/1766880000.0_mean_300.0_v3" "tx8ada261e2a444a0aabca5-00695c449a" "object-server 25" 0.0007 "-" 21 0
Jan 5 23:09:14 standalone object-server[127327]: 172.20.0.100 - - [05/Jan/2026:23:09:14 +0000] "PUT /d1/652/AUTH_9dfeb33600594e98af860dd2d94f2fd5/gnocchi.783b9148-bc6d-4d80-8f75-85456442fad6/1766880000.0_mean_300.0_v3" 201 - "PUT http://172.18.0.2:8080/v1/AUTH_9dfeb33600594e98af860dd2d94f2fd5/gnocchi.783b9148-bc6d-4d80-8f75-85456442fad6/1766880000.0_mean_300.0_v3" "tx8ada261e2a444a0aabca5-00695c449a" "proxy-server 20" 0.0126 "-" 25 0
Jan 5 23:09:14 standalone proxy-server[129267]: 172.18.0.2 172.18.0.100 05/Jan/2026/23/09/14 PUT /v1/AUTH_9dfeb33600594e98af860dd2d94f2fd5/gnocchi.783b9148-bc6d-4d80-8f75-85456442fad6/1766880000.0_mean_300.0_v3 HTTP/1.0 201 - python-swiftclient-3.11.1 gAAAAABpXEQriJA3... 16 - - tx8ada261e2a444a0aabca5-00695c449a - 0.0268 - - 1767654554.946310997 1767654554.973087311 0
Jan 5 23:09:14 standalone container-server[127279]: 172.20.0.100 - - [05/Jan/2026:23:09:14 +0000] "PUT /d1/485/AUTH_9dfeb33600594e98af860dd2d94f2fd5/gnocchi.783b9148-bc6d-4d80-8f75-85456442fad6/none_v3" 201 - "PUT http://172.18.0.2:8080/d1/750/AUTH_9dfeb33600594e98af860dd2d94f2fd5/gnocchi.783b9148-bc6d-4d80-8f75-85456442fad6/none_v3" "tx410e092fead748c28863b-00695c449a" "object-server 22" 0.0008 "-" 23 0
Jan 5 23:09:14 standalone object-server[127310]: 172.20.0.100 - - [05/Jan/2026:23:09:14 +0000] "PUT /d1/750/AUTH_9dfeb33600594e98af860dd2d94f2fd5/gnocchi.783b9148-bc6d-4d80-8f75-85456442fad6/none_v3" 201 - "PUT http://172.18.0.2:8080/v1/AUTH_9dfeb33600594e98af860dd2d94f2fd5/gnocchi.783b9148-bc6d-4d80-8f75-85456442fad6/none_v3" "tx410e092fead748c28863b-00695c449a" "proxy-server 20" 0.0110 "-" 22 0
Jan 5 23:09:14 standalone proxy-server[129267]: 172.18.0.2 172.18.0.100 05/Jan/2026/23/09/14 PUT /v1/AUTH_9dfeb33600594e98af860dd2d94f2fd5/gnocchi.783b9148-bc6d-4d80-8f75-85456442fad6/none_v3 HTTP/1.0 201 - python-swiftclient-3.11.1 gAAAAABpXEQriJA3... 31 - - tx410e092fead748c28863b-00695c449a - 0.0182 - - 1767654554.976739645 1767654554.994960070 0
Jan 5 23:09:24 standalone account-server[127160]: 172.20.0.100 - - [05/Jan/2026:23:09:24 +0000] "HEAD /d1/795/AUTH_9dfeb33600594e98af860dd2d94f2fd5" 204 - "HEAD http://172.18.0.2:8080/v1/AUTH_9dfeb33600594e98af860dd2d94f2fd5?format=json" "tx9c710becece841c8aa2f0-00695c44a4" "proxy-server 20" 0.0085 "-" 21 -
Jan 5 23:09:24 standalone proxy-server[129267]: - - 05/Jan/2026/23/09/24 HEAD /v1/AUTH_9dfeb33600594e98af860dd2d94f2fd5%3Fformat%3Djson HTTP/1.0 204 - Swift - - - - tx9c710becece841c8aa2f0-00695c44a4 - 0.0134 RL - 1767654564.059003115 1767654564.072407007 -
Jan 5 23:09:24 standalone object-server[127317]: 172.20.0.100 - - [05/Jan/2026:23:09:24 +0000] "GET /d1/361/AUTH_9dfeb33600594e98af860dd2d94f2fd5/gnocchi.9456d6dd-dd6b-4605-b60d-c433695b958d/none_v3" 200 32 "GET http://172.18.0.2:8080/v1/AUTH_9dfeb33600594e98af860dd2d94f2fd5/gnocchi.9456d6dd-dd6b-4605-b60d-c433695b958d/none_v3" "tx9c710becece841c8aa2f0-00695c44a4" "proxy-server 20" 0.0013 "-" 24 0
Jan 5 23:09:24 standalone proxy-server[129267]: 172.18.0.2 172.18.0.100 05/Jan/2026/23/09/24 GET /v1/AUTH_9dfeb33600594e98af860dd2d94f2fd5/gnocchi.9456d6dd-dd6b-4605-b60d-c433695b958d/none_v3 HTTP/1.0 200 - python-swiftclient-3.11.1 gAAAAABpXEQriJA3... - 32 - tx9c710becece841c8aa2f0-00695c44a4 - 0.0229 - - 1767654564.058178186 1767654564.081062317 0
Jan 5 23:09:24 standalone container-server[127263]: 172.20.0.100 - - [05/Jan/2026:23:09:24 +0000] "GET /d1/124/AUTH_9dfeb33600594e98af860dd2d94f2fd5/gnocchi.9456d6dd-dd6b-4605-b60d-c433695b958d" 200 357 "GET http://172.18.0.2:8080/v1/AUTH_9dfeb33600594e98af860dd2d94f2fd5/gnocchi.9456d6dd-dd6b-4605-b60d-c433695b958d?format=json&states=listing" "tx2e307e37948f4a438ab9a-00695c44a4" "proxy-server 20" 0.0081 "-" 21 0
Jan 5 23:09:24 standalone proxy-server[129267]: 172.18.0.2 172.18.0.100 05/Jan/2026/23/09/24 GET /v1/AUTH_9dfeb33600594e98af860dd2d94f2fd5/gnocchi.9456d6dd-dd6b-4605-b60d-c433695b958d%3Fformat%3Djson%26states%3Dlisting HTTP/1.0 200 - python-swiftclient-3.11.1 gAAAAABpXEQriJA3... - 357 - tx2e307e37948f4a438ab9a-00695c44a4 - 0.0161 - - 1767654564.085331917 1767654564.101441860 0
Jan 5 23:09:24 standalone container-server[127259]: 172.20.0.100 - - [05/Jan/2026:23:09:24 +0000] "GET /d1/124/AUTH_9dfeb33600594e98af860dd2d94f2fd5/gnocchi.9456d6dd-dd6b-4605-b60d-c433695b958d" 200 2 "GET http://172.18.0.2:8080/v1/AUTH_9dfeb33600594e98af860dd2d94f2fd5/gnocchi.9456d6dd-dd6b-4605-b60d-c433695b958d?format=json&marker=none_v3&states=listing" "tx46560fed36d4436b846ac-00695c44a4" "proxy-server 20" 0.0037 "-" 20 0
Jan 5 23:09:24 standalone proxy-server[129267]: 172.18.0.2 172.18.0.100 05/Jan/2026/23/09/24 GET /v1/AUTH_9dfeb33600594e98af860dd2d94f2fd5/gnocchi.9456d6dd-dd6b-4605-b60d-c433695b958d%3Fformat%3Djson%26marker%3Dnone_v3%26states%3Dlisting HTTP/1.0 200 - python-swiftclient-3.11.1 gAAAAABpXEQriJA3... - 2 - tx46560fed36d4436b846ac-00695c44a4 - 0.0101 - - 1767654564.104714155 1767654564.114805460 0
Jan 5 23:09:24 standalone object-server[127310]: 172.20.0.100 - - [05/Jan/2026:23:09:24 +0000] "GET /d1/946/AUTH_9dfeb33600594e98af860dd2d94f2fd5/gnocchi.9456d6dd-dd6b-4605-b60d-c433695b958d/1766880000.0_mean_300.0_v3" 200 16 "GET http://172.18.0.2:8080/v1/AUTH_9dfeb33600594e98af860dd2d94f2fd5/gnocchi.9456d6dd-dd6b-4605-b60d-c433695b958d/1766880000.0_mean_300.0_v3" "tx3320e493076f4d1791f4c-00695c44a4" "proxy-server 20" 0.0013 "-" 22 0
Jan 5 23:09:24 standalone proxy-server[129267]: 172.18.0.2 172.18.0.100 05/Jan/2026/23/09/24 GET /v1/AUTH_9dfeb33600594e98af860dd2d94f2fd5/gnocchi.9456d6dd-dd6b-4605-b60d-c433695b958d/1766880000.0_mean_300.0_v3 HTTP/1.0 200 - python-swiftclient-3.11.1 gAAAAABpXEQriJA3... - 16 - tx3320e493076f4d1791f4c-00695c44a4 - 0.0082 - - 1767654564.119061947 1767654564.127269983 0
Jan 5 23:09:24 standalone container-server[127278]: 172.20.0.100 - - [05/Jan/2026:23:09:24 +0000] "PUT /d1/124/AUTH_9dfeb33600594e98af860dd2d94f2fd5/gnocchi.9456d6dd-dd6b-4605-b60d-c433695b958d/1766880000.0_mean_300.0_v3" 201 - "PUT http://172.18.0.2:8080/d1/946/AUTH_9dfeb33600594e98af860dd2d94f2fd5/gnocchi.9456d6dd-dd6b-4605-b60d-c433695b958d/1766880000.0_mean_300.0_v3" "tx91e76fb62d554242a107e-00695c44a4" "object-server 24" 0.0009 "-" 22 0
Jan 5 23:09:24 standalone object-server[127317]: 172.20.0.100 - - [05/Jan/2026:23:09:24 +0000] "PUT /d1/946/AUTH_9dfeb33600594e98af860dd2d94f2fd5/gnocchi.9456d6dd-dd6b-4605-b60d-c433695b958d/1766880000.0_mean_300.0_v3" 201 - "PUT http://172.18.0.2:8080/v1/AUTH_9dfeb33600594e98af860dd2d94f2fd5/gnocchi.9456d6dd-dd6b-4605-b60d-c433695b958d/1766880000.0_mean_300.0_v3" "tx91e76fb62d554242a107e-00695c44a4" "proxy-server 20" 0.0120 "-" 24 0
Jan 5 23:09:24 standalone proxy-server[129267]: 172.18.0.2 172.18.0.100 05/Jan/2026/23/09/24 PUT /v1/AUTH_9dfeb33600594e98af860dd2d94f2fd5/gnocchi.9456d6dd-dd6b-4605-b60d-c433695b958d/1766880000.0_mean_300.0_v3 HTTP/1.0 201 - python-swiftclient-3.11.1 gAAAAABpXEQriJA3... 16 - - tx91e76fb62d554242a107e-00695c44a4 - 0.0173 - - 1767654564.130775452 1767654564.148114920 0
Jan 5 23:09:24 standalone container-server[127279]: 172.20.0.100 - - [05/Jan/2026:23:09:24 +0000] "PUT /d1/124/AUTH_9dfeb33600594e98af860dd2d94f2fd5/gnocchi.9456d6dd-dd6b-4605-b60d-c433695b958d/none_v3" 201 - "PUT http://172.18.0.2:8080/d1/361/AUTH_9dfeb33600594e98af860dd2d94f2fd5/gnocchi.9456d6dd-dd6b-4605-b60d-c433695b958d/none_v3" "tx139b987640184a8aac022-00695c44a4" "object-server 24" 0.0004 "-" 23 0
Jan 5 23:09:24 standalone object-server[127317]: 172.20.0.100 - - [05/Jan/2026:23:09:24 +0000] "PUT /d1/361/AUTH_9dfeb33600594e98af860dd2d94f2fd5/gnocchi.9456d6dd-dd6b-4605-b60d-c433695b958d/none_v3" 201 - "PUT http://172.18.0.2:8080/v1/AUTH_9dfeb33600594e98af860dd2d94f2fd5/gnocchi.9456d6dd-dd6b-4605-b60d-c433695b958d/none_v3" "tx139b987640184a8aac022-00695c44a4" "proxy-server 20" 0.0093 "-" 24 0
Jan 5 23:09:24 standalone proxy-server[129267]: 172.18.0.2 172.18.0.100 05/Jan/2026/23/09/24 PUT /v1/AUTH_9dfeb33600594e98af860dd2d94f2fd5/gnocchi.9456d6dd-dd6b-4605-b60d-c433695b958d/none_v3 HTTP/1.0 201 - python-swiftclient-3.11.1 gAAAAABpXEQriJA3... 46 - - tx139b987640184a8aac022-00695c44a4 - 0.0141 - - 1767654564.151135445 1767654564.165226936 0
Jan 5 23:09:25 standalone object-server[127313]: 172.20.0.100 - - [05/Jan/2026:23:09:25 +0000] "GET /d1/361/AUTH_9dfeb33600594e98af860dd2d94f2fd5/gnocchi.9456d6dd-dd6b-4605-b60d-c433695b958d/none_v3" 200 46 "GET http://172.18.0.2:8080/v1/AUTH_9dfeb33600594e98af860dd2d94f2fd5/gnocchi.9456d6dd-dd6b-4605-b60d-c433695b958d/none_v3" "txf6903c337f3845caa67c6-00695c44a4" "proxy-server 20" 0.0013 "-" 23 0
Jan 5 23:09:25 standalone proxy-server[129267]: 172.18.0.2 172.18.0.100 05/Jan/2026/23/09/25 GET /v1/AUTH_9dfeb33600594e98af860dd2d94f2fd5/gnocchi.9456d6dd-dd6b-4605-b60d-c433695b958d/none_v3 HTTP/1.0 200 - python-swiftclient-3.11.1 gAAAAABpXEQriJA3... - 46 - txf6903c337f3845caa67c6-00695c44a4 - 0.0110 - - 1767654564.999738216 1767654565.010725975 0
Jan 5 23:09:25 standalone container-server[127263]: 172.20.0.100 - - [05/Jan/2026:23:09:25 +0000] "GET /d1/124/AUTH_9dfeb33600594e98af860dd2d94f2fd5/gnocchi.9456d6dd-dd6b-4605-b60d-c433695b958d" 200 357 "GET http://172.18.0.2:8080/v1/AUTH_9dfeb33600594e98af860dd2d94f2fd5/gnocchi.9456d6dd-dd6b-4605-b60d-c433695b958d?format=json&states=listing" "tx9d9e3232919e4f909fc22-00695c44a5" "proxy-server 20" 0.0116 "-" 21 0
Jan 5 23:09:25 standalone proxy-server[129267]: 172.18.0.2 172.18.0.100 05/Jan/2026/23/09/25 GET /v1/AUTH_9dfeb33600594e98af860dd2d94f2fd5/gnocchi.9456d6dd-dd6b-4605-b60d-c433695b958d%3Fformat%3Djson%26states%3Dlisting HTTP/1.0 200 - python-swiftclient-3.11.1 gAAAAABpXEQriJA3... - 357 - tx9d9e3232919e4f909fc22-00695c44a5 - 0.0202 - - 1767654565.018117905 1767654565.038312912 0
Jan 5 23:09:25 standalone container-server[127279]: 172.20.0.100 - - [05/Jan/2026:23:09:25 +0000] "GET /d1/124/AUTH_9dfeb33600594e98af860dd2d94f2fd5/gnocchi.9456d6dd-dd6b-4605-b60d-c433695b958d" 200 2 "GET http://172.18.0.2:8080/v1/AUTH_9dfeb33600594e98af860dd2d94f2fd5/gnocchi.9456d6dd-dd6b-4605-b60d-c433695b958d?format=json&marker=none_v3&states=listing" "tx3c493e7c48fd4d268136d-00695c44a5" "proxy-server 20" 0.0018 "-" 23 0
Jan 5 23:09:25 standalone proxy-server[129267]: 172.18.0.2 172.18.0.100 05/Jan/2026/23/09/25 GET /v1/AUTH_9dfeb33600594e98af860dd2d94f2fd5/gnocchi.9456d6dd-dd6b-4605-b60d-c433695b958d%3Fformat%3Djson%26marker%3Dnone_v3%26states%3Dlisting HTTP/1.0 200 - python-swiftclient-3.11.1 gAAAAABpXEQriJA3... - 2 - tx3c493e7c48fd4d268136d-00695c44a5 - 0.0064 - - 1767654565.041806698 1767654565.048251152 0
Jan 5 23:09:25 standalone object-server[127317]: 172.20.0.100 - - [05/Jan/2026:23:09:25 +0000] "GET /d1/946/AUTH_9dfeb33600594e98af860dd2d94f2fd5/gnocchi.9456d6dd-dd6b-4605-b60d-c433695b958d/1766880000.0_mean_300.0_v3" 200 16 "GET http://172.18.0.2:8080/v1/AUTH_9dfeb33600594e98af860dd2d94f2fd5/gnocchi.9456d6dd-dd6b-4605-b60d-c433695b958d/1766880000.0_mean_300.0_v3" "txa1633627fb41476b87fb4-00695c44a5" "proxy-server 20" 0.0011 "-" 24 0
Jan 5 23:09:25 standalone proxy-server[129267]: 172.18.0.2 172.18.0.100 05/Jan/2026/23/09/25 GET /v1/AUTH_9dfeb33600594e98af860dd2d94f2fd5/gnocchi.9456d6dd-dd6b-4605-b60d-c433695b958d/1766880000.0_mean_300.0_v3 HTTP/1.0 200 - python-swiftclient-3.11.1 gAAAAABpXEQriJA3... - 16 - txa1633627fb41476b87fb4-00695c44a5 - 0.0064 - - 1767654565.052381516 1767654565.058798552 0
Jan 5 23:09:25 standalone container-server[127259]: 172.20.0.100 - - [05/Jan/2026:23:09:25 +0000] "PUT /d1/124/AUTH_9dfeb33600594e98af860dd2d94f2fd5/gnocchi.9456d6dd-dd6b-4605-b60d-c433695b958d/1766880000.0_mean_300.0_v3" 201 - "PUT http://172.18.0.2:8080/d1/946/AUTH_9dfeb33600594e98af860dd2d94f2fd5/gnocchi.9456d6dd-dd6b-4605-b60d-c433695b958d/1766880000.0_mean_300.0_v3" "tx0e38648a400247ee9ee52-00695c44a5" "object-server 25" 0.0007 "-" 20 0
Jan 5 23:09:25 standalone object-server[127327]: 172.20.0.100 - - [05/Jan/2026:23:09:25 +0000] "PUT /d1/946/AUTH_9dfeb33600594e98af860dd2d94f2fd5/gnocchi.9456d6dd-dd6b-4605-b60d-c433695b958d/1766880000.0_mean_300.0_v3" 201 - "PUT http://172.18.0.2:8080/v1/AUTH_9dfeb33600594e98af860dd2d94f2fd5/gnocchi.9456d6dd-dd6b-4605-b60d-c433695b958d/1766880000.0_mean_300.0_v3" "tx0e38648a400247ee9ee52-00695c44a5" "proxy-server 20" 0.0095 "-" 25 0
Jan 5 23:09:25 standalone proxy-server[129267]: 172.18.0.2 172.18.0.100 05/Jan/2026/23/09/25 PUT /v1/AUTH_9dfeb33600594e98af860dd2d94f2fd5/gnocchi.9456d6dd-dd6b-4605-b60d-c433695b958d/1766880000.0_mean_300.0_v3 HTTP/1.0 201 - python-swiftclient-3.11.1 gAAAAABpXEQriJA3... 16 - - tx0e38648a400247ee9ee52-00695c44a5 - 0.0133 - - 1767654565.060911179 1767654565.074187279 0
Jan 5 23:09:25 standalone container-server[127278]: 172.20.0.100 - - [05/Jan/2026:23:09:25 +0000] "PUT /d1/124/AUTH_9dfeb33600594e98af860dd2d94f2fd5/gnocchi.9456d6dd-dd6b-4605-b60d-c433695b958d/none_v3" 201 - "PUT http://172.18.0.2:8080/d1/361/AUTH_9dfeb33600594e98af860dd2d94f2fd5/gnocchi.9456d6dd-dd6b-4605-b60d-c433695b958d/none_v3" "txd9a80723adbd41ef84277-00695c44a5" "object-server 23" 0.0008 "-" 22 0
Jan 5 23:09:25 standalone object-server[127313]: 172.20.0.100 - - [05/Jan/2026:23:09:25 +0000] "PUT /d1/361/AUTH_9dfeb33600594e98af860dd2d94f2fd5/gnocchi.9456d6dd-dd6b-4605-b60d-c433695b958d/none_v3" 201 - "PUT http://172.18.0.2:8080/v1/AUTH_9dfeb33600594e98af860dd2d94f2fd5/gnocchi.9456d6dd-dd6b-4605-b60d-c433695b958d/none_v3" "txd9a80723adbd41ef84277-00695c44a5" "proxy-server 20" 0.0095 "-" 23 0
Jan 5 23:09:25 standalone proxy-server[129267]: 172.18.0.2 172.18.0.100 05/Jan/2026/23/09/25 PUT /v1/AUTH_9dfeb33600594e98af860dd2d94f2fd5/gnocchi.9456d6dd-dd6b-4605-b60d-c433695b958d/none_v3 HTTP/1.0 201 - python-swiftclient-3.11.1 gAAAAABpXEQriJA3... 51 - - txd9a80723adbd41ef84277-00695c44a5 - 0.0142 - - 1767654565.076249123 1767654565.090473652 0
Jan 5 23:09:25 standalone object-server[127317]: 172.20.0.100 - - [05/Jan/2026:23:09:25 +0000] "GET /d1/968/AUTH_9dfeb33600594e98af860dd2d94f2fd5/gnocchi.969877e2-df1c-47eb-a156-5154861f4801/none_v3" 200 22 "GET http://172.18.0.2:8080/v1/AUTH_9dfeb33600594e98af860dd2d94f2fd5/gnocchi.969877e2-df1c-47eb-a156-5154861f4801/none_v3" "tx84ea2507d4ac45a4b2a2d-00695c44a5" "proxy-server 20" 0.0009 "-" 24 0
Jan 5 23:09:25 standalone proxy-server[129267]: 172.18.0.2 172.18.0.100 05/Jan/2026/23/09/25 GET /v1/AUTH_9dfeb33600594e98af860dd2d94f2fd5/gnocchi.969877e2-df1c-47eb-a156-5154861f4801/none_v3 HTTP/1.0 200 - python-swiftclient-3.11.1 gAAAAABpXEQriJA3... - 22 - tx84ea2507d4ac45a4b2a2d-00695c44a5 - 0.0060 - - 1767654565.098455191 1767654565.104450703 0
Jan 5 23:09:25 standalone container-server[127259]: 172.20.0.100 - - [05/Jan/2026:23:09:25 +0000] "GET /d1/836/AUTH_9dfeb33600594e98af860dd2d94f2fd5/gnocchi.969877e2-df1c-47eb-a156-5154861f4801" 200 357 "GET http://172.18.0.2:8080/v1/AUTH_9dfeb33600594e98af860dd2d94f2fd5/gnocchi.969877e2-df1c-47eb-a156-5154861f4801?format=json&states=listing" "tx698be504787c4c24b9f5c-00695c44a5" "proxy-server 20" 0.0080 "-" 20 0
Jan 5 23:09:25 standalone proxy-server[129267]: 172.18.0.2 172.18.0.100 05/Jan/2026/23/09/25 GET /v1/AUTH_9dfeb33600594e98af860dd2d94f2fd5/gnocchi.969877e2-df1c-47eb-a156-5154861f4801%3Fformat%3Djson%26states%3Dlisting HTTP/1.0 200 - python-swiftclient-3.11.1 gAAAAABpXEQriJA3... - 357 - tx698be504787c4c24b9f5c-00695c44a5 - 0.0129 - - 1767654565.106640816 1767654565.119512796 0
Jan 5 23:09:25 standalone container-server[127259]: 172.20.0.100 - - [05/Jan/2026:23:09:25 +0000] "GET /d1/836/AUTH_9dfeb33600594e98af860dd2d94f2fd5/gnocchi.969877e2-df1c-47eb-a156-5154861f4801" 200 2 "GET http://172.18.0.2:8080/v1/AUTH_9dfeb33600594e98af860dd2d94f2fd5/gnocchi.969877e2-df1c-47eb-a156-5154861f4801?format=json&marker=none_v3&states=listing" "tx16bcf4bcdb634fd7ad34d-00695c44a5" "proxy-server 20" 0.0033 "-" 20 0
Jan 5 23:09:25 standalone proxy-server[129267]: 172.18.0.2 172.18.0.100 05/Jan/2026/23/09/25 GET /v1/AUTH_9dfeb33600594e98af860dd2d94f2fd5/gnocchi.969877e2-df1c-47eb-a156-5154861f4801%3Fformat%3Djson%26marker%3Dnone_v3%26states%3Dlisting HTTP/1.0 200 - python-swiftclient-3.11.1 gAAAAABpXEQriJA3... - 2 - tx16bcf4bcdb634fd7ad34d-00695c44a5 - 0.0079 - - 1767654565.121189356 1767654565.129125834 0
Jan 5 23:09:25 standalone object-server[127313]: 172.20.0.100 - - [05/Jan/2026:23:09:25 +0000] "GET /d1/963/AUTH_9dfeb33600594e98af860dd2d94f2fd5/gnocchi.969877e2-df1c-47eb-a156-5154861f4801/1766880000.0_mean_300.0_v3" 200 16 "GET http://172.18.0.2:8080/v1/AUTH_9dfeb33600594e98af860dd2d94f2fd5/gnocchi.969877e2-df1c-47eb-a156-5154861f4801/1766880000.0_mean_300.0_v3" "tx522520878b7c4cd4ae184-00695c44a5" "proxy-server 20" 0.0005 "-" 23 0
Jan 5 23:09:25 standalone proxy-server[129267]: 172.18.0.2 172.18.0.100 05/Jan/2026/23/09/25 GET /v1/AUTH_9dfeb33600594e98af860dd2d94f2fd5/gnocchi.969877e2-df1c-47eb-a156-5154861f4801/1766880000.0_mean_300.0_v3 HTTP/1.0 200 - python-swiftclient-3.11.1 gAAAAABpXEQriJA3... - 16 - tx522520878b7c4cd4ae184-00695c44a5 - 0.0043 - - 1767654565.131402254 1767654565.135728598 0
Jan 5 23:09:25 standalone container-server[127263]: 172.20.0.100 - - [05/Jan/2026:23:09:25 +0000] "PUT /d1/836/AUTH_9dfeb33600594e98af860dd2d94f2fd5/gnocchi.969877e2-df1c-47eb-a156-5154861f4801/1766880000.0_mean_300.0_v3" 201 - "PUT http://172.18.0.2:8080/d1/963/AUTH_9dfeb33600594e98af860dd2d94f2fd5/gnocchi.969877e2-df1c-47eb-a156-5154861f4801/1766880000.0_mean_300.0_v3" "txb3495339a3724725b7e54-00695c44a5" "object-server 25" 0.0009 "-" 21 0
Jan 5 23:09:25 standalone object-server[127327]: 172.20.0.100 - - [05/Jan/2026:23:09:25 +0000] "PUT /d1/963/AUTH_9dfeb33600594e98af860dd2d94f2fd5/gnocchi.969877e2-df1c-47eb-a156-5154861f4801/1766880000.0_mean_300.0_v3" 201 - "PUT http://172.18.0.2:8080/v1/AUTH_9dfeb33600594e98af860dd2d94f2fd5/gnocchi.969877e2-df1c-47eb-a156-5154861f4801/1766880000.0_mean_300.0_v3" "txb3495339a3724725b7e54-00695c44a5" "proxy-server 20" 0.0090 "-" 25 0
Jan 5 23:09:25 standalone proxy-server[129267]: 172.18.0.2 172.18.0.100 05/Jan/2026/23/09/25 PUT /v1/AUTH_9dfeb33600594e98af860dd2d94f2fd5/gnocchi.969877e2-df1c-47eb-a156-5154861f4801/1766880000.0_mean_300.0_v3 HTTP/1.0 201 - python-swiftclient-3.11.1 gAAAAABpXEQriJA3... 16 - - txb3495339a3724725b7e54-00695c44a5 - 0.0122 - - 1767654565.137612581 1767654565.149845839 0
Jan 5 23:09:25 standalone container-server[127263]: 172.20.0.100 - - [05/Jan/2026:23:09:25 +0000] "PUT /d1/836/AUTH_9dfeb33600594e98af860dd2d94f2fd5/gnocchi.969877e2-df1c-47eb-a156-5154861f4801/none_v3" 201 - "PUT http://172.18.0.2:8080/d1/968/AUTH_9dfeb33600594e98af860dd2d94f2fd5/gnocchi.969877e2-df1c-47eb-a156-5154861f4801/none_v3" "tx3477e75fae8d403d9f35e-00695c44a5" "object-server 24" 0.0006 "-" 21 0
Jan 5 23:09:25 standalone object-server[127317]: 172.20.0.100 - - [05/Jan/2026:23:09:25 +0000] "PUT /d1/968/AUTH_9dfeb33600594e98af860dd2d94f2fd5/gnocchi.969877e2-df1c-47eb-a156-5154861f4801/none_v3" 201 - "PUT http://172.18.0.2:8080/v1/AUTH_9dfeb33600594e98af860dd2d94f2fd5/gnocchi.969877e2-df1c-47eb-a156-5154861f4801/none_v3" "tx3477e75fae8d403d9f35e-00695c44a5" "proxy-server 20" 0.0091 "-" 24 0
Jan 5 23:09:25 standalone proxy-server[129267]: 172.18.0.2 172.18.0.100 05/Jan/2026/23/09/25 PUT /v1/AUTH_9dfeb33600594e98af860dd2d94f2fd5/gnocchi.969877e2-df1c-47eb-a156-5154861f4801/none_v3 HTTP/1.0 201 - python-swiftclient-3.11.1 gAAAAABpXEQriJA3... 32 - - tx3477e75fae8d403d9f35e-00695c44a5 - 0.0135 - - 1767654565.151454449 1767654565.164979219 0
Jan 5 23:09:25 standalone object-server[127327]: 172.20.0.100 - - [05/Jan/2026:23:09:25 +0000] "GET /d1/315/AUTH_9dfeb33600594e98af860dd2d94f2fd5/gnocchi.2559c94e-f731-4d13-bb8c-0eec8039cef3/none_v3" 200 22 "GET http://172.18.0.2:8080/v1/AUTH_9dfeb33600594e98af860dd2d94f2fd5/gnocchi.2559c94e-f731-4d13-bb8c-0eec8039cef3/none_v3" "txf6c04cd60062492998286-00695c44a5" "proxy-server 20" 0.0005 "-" 25 0
Jan 5 23:09:25 standalone proxy-server[129267]: 172.18.0.2 172.18.0.100 05/Jan/2026/23/09/25 GET /v1/AUTH_9dfeb33600594e98af860dd2d94f2fd5/gnocchi.2559c94e-f731-4d13-bb8c-0eec8039cef3/none_v3 HTTP/1.0 200 - python-swiftclient-3.11.1 gAAAAABpXEQriJA3... - 22 - txf6c04cd60062492998286-00695c44a5 - 0.0039 - - 1767654565.171172380 1767654565.175067663 0
Jan 5 23:09:25 standalone container-server[127279]: 172.20.0.100 - - [05/Jan/2026:23:09:25 +0000] "GET /d1/367/AUTH_9dfeb33600594e98af860dd2d94f2fd5/gnocchi.2559c94e-f731-4d13-bb8c-0eec8039cef3" 200 357 "GET http://172.18.0.2:8080/v1/AUTH_9dfeb33600594e98af860dd2d94f2fd5/gnocchi.2559c94e-f731-4d13-bb8c-0eec8039cef3?format=json&states=listing" "tx3d01fcdde96b434f8933f-00695c44a5" "proxy-server 20" 0.0069 "-" 23 0
Jan 5 23:09:25 standalone proxy-server[129267]: 172.18.0.2 172.18.0.100 05/Jan/2026/23/09/25 GET /v1/AUTH_9dfeb33600594e98af860dd2d94f2fd5/gnocchi.2559c94e-f731-4d13-bb8c-0eec8039cef3%3Fformat%3Djson%26states%3Dlisting HTTP/1.0 200 - python-swiftclient-3.11.1 gAAAAABpXEQriJA3... - 357 - tx3d01fcdde96b434f8933f-00695c44a5 - 0.0109 - - 1767654565.177045584 1767654565.187964439 0
Jan 5 23:09:25 standalone container-server[127278]: 172.20.0.100 - - [05/Jan/2026:23:09:25 +0000] "GET /d1/367/AUTH_9dfeb33600594e98af860dd2d94f2fd5/gnocchi.2559c94e-f731-4d13-bb8c-0eec8039cef3" 200 2 "GET http://172.18.0.2:8080/v1/AUTH_9dfeb33600594e98af860dd2d94f2fd5/gnocchi.2559c94e-f731-4d13-bb8c-0eec8039cef3?format=json&marker=none_v3&states=listing" "txa61d6e386d6142f0a46e9-00695c44a5" "proxy-server 20" 0.0034 "-" 22 0
Jan 5 23:09:25 standalone proxy-server[129267]: 172.18.0.2 172.18.0.100 05/Jan/2026/23/09/25 GET /v1/AUTH_9dfeb33600594e98af860dd2d94f2fd5/gnocchi.2559c94e-f731-4d13-bb8c-0eec8039cef3%3Fformat%3Djson%26marker%3Dnone_v3%26states%3Dlisting HTTP/1.0 200 - python-swiftclient-3.11.1 gAAAAABpXEQriJA3... - 2 - txa61d6e386d6142f0a46e9-00695c44a5 - 0.0084 - - 1767654565.189669132 1767654565.198021412 0
Jan 5 23:09:25 standalone object-server[127310]: 172.20.0.100 - - [05/Jan/2026:23:09:25 +0000] "GET /d1/124/AUTH_9dfeb33600594e98af860dd2d94f2fd5/gnocchi.2559c94e-f731-4d13-bb8c-0eec8039cef3/1766880000.0_mean_300.0_v3" 200 16 "GET http://172.18.0.2:8080/v1/AUTH_9dfeb33600594e98af860dd2d94f2fd5/gnocchi.2559c94e-f731-4d13-bb8c-0eec8039cef3/1766880000.0_mean_300.0_v3" "txa586111dc22c46488287f-00695c44a5" "proxy-server 20" 0.0006 "-" 22 0
Jan 5 23:09:25 standalone proxy-server[129267]: 172.18.0.2 172.18.0.100 05/Jan/2026/23/09/25 GET /v1/AUTH_9dfeb33600594e98af860dd2d94f2fd5/gnocchi.2559c94e-f731-4d13-bb8c-0eec8039cef3/1766880000.0_mean_300.0_v3 HTTP/1.0 200 - python-swiftclient-3.11.1 gAAAAABpXEQriJA3... - 16 - txa586111dc22c46488287f-00695c44a5 - 0.0046 - - 1767654565.200217247 1767654565.204803467 0
Jan 5 23:09:25 standalone container-server[127263]: 172.20.0.100 - - [05/Jan/2026:23:09:25 +0000] "PUT /d1/367/AUTH_9dfeb33600594e98af860dd2d94f2fd5/gnocchi.2559c94e-f731-4d13-bb8c-0eec8039cef3/1766880000.0_mean_300.0_v3" 201 - "PUT http://172.18.0.2:8080/d1/124/AUTH_9dfeb33600594e98af860dd2d94f2fd5/gnocchi.2559c94e-f731-4d13-bb8c-0eec8039cef3/1766880000.0_mean_300.0_v3" "txc277cfa5dd67415498008-00695c44a5" "object-server 24" 0.0007 "-" 21 0
Jan 5 23:09:25 standalone object-server[127317]: 172.20.0.100 - - [05/Jan/2026:23:09:25 +0000] "PUT /d1/124/AUTH_9dfeb33600594e98af860dd2d94f2fd5/gnocchi.2559c94e-f731-4d13-bb8c-0eec8039cef3/1766880000.0_mean_300.0_v3" 201 - "PUT http://172.18.0.2:8080/v1/AUTH_9dfeb33600594e98af860dd2d94f2fd5/gnocchi.2559c94e-f731-4d13-bb8c-0eec8039cef3/1766880000.0_mean_300.0_v3" "txc277cfa5dd67415498008-00695c44a5" "proxy-server 20" 0.0103 "-" 24 0
Jan 5 23:09:25 standalone proxy-server[129267]: 172.18.0.2 172.18.0.100 05/Jan/2026/23/09/25 PUT /v1/AUTH_9dfeb33600594e98af860dd2d94f2fd5/gnocchi.2559c94e-f731-4d13-bb8c-0eec8039cef3/1766880000.0_mean_300.0_v3 HTTP/1.0 201 - python-swiftclient-3.11.1 gAAAAABpXEQriJA3... 16 - - txc277cfa5dd67415498008-00695c44a5 - 0.0148 - - 1767654565.206677914 1767654565.221441984 0
Jan 5 23:09:25 standalone container-server[127263]: 172.20.0.100 - - [05/Jan/2026:23:09:25 +0000] "PUT /d1/367/AUTH_9dfeb33600594e98af860dd2d94f2fd5/gnocchi.2559c94e-f731-4d13-bb8c-0eec8039cef3/none_v3" 201 - "PUT http://172.18.0.2:8080/d1/315/AUTH_9dfeb33600594e98af860dd2d94f2fd5/gnocchi.2559c94e-f731-4d13-bb8c-0eec8039cef3/none_v3" "tx0c946b9fd1aa4be4a789b-00695c44a5" "object-server 22" 0.0006 "-" 21 0
Jan 5 23:09:25 standalone object-server[127310]: 172.20.0.100 - - [05/Jan/2026:23:09:25 +0000] "PUT /d1/315/AUTH_9dfeb33600594e98af860dd2d94f2fd5/gnocchi.2559c94e-f731-4d13-bb8c-0eec8039cef3/none_v3" 201 - "PUT http://172.18.0.2:8080/v1/AUTH_9dfeb33600594e98af860dd2d94f2fd5/gnocchi.2559c94e-f731-4d13-bb8c-0eec8039cef3/none_v3" "tx0c946b9fd1aa4be4a789b-00695c44a5" "proxy-server 20" 0.0088 "-" 22 0
Jan 5 23:09:25 standalone proxy-server[129267]: 172.18.0.2 172.18.0.100 05/Jan/2026/23/09/25 PUT /v1/AUTH_9dfeb33600594e98af860dd2d94f2fd5/gnocchi.2559c94e-f731-4d13-bb8c-0eec8039cef3/none_v3 HTTP/1.0 201 - python-swiftclient-3.11.1 gAAAAABpXEQriJA3... 32 - - tx0c946b9fd1aa4be4a789b-00695c44a5 - 0.0121 - - 1767654565.226788521 1767654565.238935471 0
Jan 5 23:09:25 standalone object-server[127313]: 172.20.0.100 - - [05/Jan/2026:23:09:25 +0000] "GET /d1/250/AUTH_9dfeb33600594e98af860dd2d94f2fd5/gnocchi.0d98e40d-57cd-489d-836d-915c4b6bc9dd/none_v3" 200 22 "GET http://172.18.0.2:8080/v1/AUTH_9dfeb33600594e98af860dd2d94f2fd5/gnocchi.0d98e40d-57cd-489d-836d-915c4b6bc9dd/none_v3" "txd644e566cf724cbb89ee7-00695c44a5" "proxy-server 20" 0.0005 "-" 23 0
Jan 5 23:09:25 standalone proxy-server[129267]: 172.18.0.2 172.18.0.100 05/Jan/2026/23/09/25 GET /v1/AUTH_9dfeb33600594e98af860dd2d94f2fd5/gnocchi.0d98e40d-57cd-489d-836d-915c4b6bc9dd/none_v3 HTTP/1.0 200 - python-swiftclient-3.11.1 gAAAAABpXEQriJA3... - 22 - txd644e566cf724cbb89ee7-00695c44a5 - 0.0048 - - 1767654565.244957924 1767654565.249735594 0
Jan 5 23:09:25 standalone container-server[127263]: 172.20.0.100 - - [05/Jan/2026:23:09:25 +0000] "GET /d1/695/AUTH_9dfeb33600594e98af860dd2d94f2fd5/gnocchi.0d98e40d-57cd-489d-836d-915c4b6bc9dd" 200 357 "GET http://172.18.0.2:8080/v1/AUTH_9dfeb33600594e98af860dd2d94f2fd5/gnocchi.0d98e40d-57cd-489d-836d-915c4b6bc9dd?format=json&states=listing" "tx73fe9bad5db84f25b09f7-00695c44a5" "proxy-server 20" 0.0109 "-" 21 0
Jan 5 23:09:25 standalone proxy-server[129267]: 172.18.0.2 172.18.0.100 05/Jan/2026/23/09/25 GET /v1/AUTH_9dfeb33600594e98af860dd2d94f2fd5/gnocchi.0d98e40d-57cd-489d-836d-915c4b6bc9dd%3Fformat%3Djson%26states%3Dlisting HTTP/1.0 200 - python-swiftclient-3.11.1 gAAAAABpXEQriJA3... - 357 - tx73fe9bad5db84f25b09f7-00695c44a5 - 0.0155 - - 1767654565.251738310 1767654565.267231703 0
Jan 5 23:09:25 standalone container-server[127279]: 172.20.0.100 - - [05/Jan/2026:23:09:25 +0000] "GET /d1/695/AUTH_9dfeb33600594e98af860dd2d94f2fd5/gnocchi.0d98e40d-57cd-489d-836d-915c4b6bc9dd" 200 2 "GET http://172.18.0.2:8080/v1/AUTH_9dfeb33600594e98af860dd2d94f2fd5/gnocchi.0d98e40d-57cd-489d-836d-915c4b6bc9dd?format=json&marker=none_v3&states=listing" "tx174e0e271914495d82698-00695c44a5" "proxy-server 20" 0.0014 "-" 23 0
Jan 5 23:09:25 standalone proxy-server[129267]: 172.18.0.2 172.18.0.100 05/Jan/2026/23/09/25 GET /v1/AUTH_9dfeb33600594e98af860dd2d94f2fd5/gnocchi.0d98e40d-57cd-489d-836d-915c4b6bc9dd%3Fformat%3Djson%26marker%3Dnone_v3%26states%3Dlisting HTTP/1.0 200 - python-swiftclient-3.11.1 gAAAAABpXEQriJA3... - 2 - tx174e0e271914495d82698-00695c44a5 - 0.0052 - - 1767654565.268815041 1767654565.273996830 0
Jan 5 23:09:25 standalone object-server[127317]: 172.20.0.100 - - [05/Jan/2026:23:09:25 +0000] "GET /d1/472/AUTH_9dfeb33600594e98af860dd2d94f2fd5/gnocchi.0d98e40d-57cd-489d-836d-915c4b6bc9dd/1766880000.0_mean_300.0_v3" 200 16 "GET http://172.18.0.2:8080/v1/AUTH_9dfeb33600594e98af860dd2d94f2fd5/gnocchi.0d98e40d-57cd-489d-836d-915c4b6bc9dd/1766880000.0_mean_300.0_v3" "tx748c07c197404e31aa14e-00695c44a5" "proxy-server 20" 0.0009 "-" 24 0
Jan 5 23:09:25 standalone proxy-server[129267]: 172.18.0.2 172.18.0.100 05/Jan/2026/23/09/25 GET /v1/AUTH_9dfeb33600594e98af860dd2d94f2fd5/gnocchi.0d98e40d-57cd-489d-836d-915c4b6bc9dd/1766880000.0_mean_300.0_v3 HTTP/1.0 200 - python-swiftclient-3.11.1 gAAAAABpXEQriJA3... - 16 - tx748c07c197404e31aa14e-00695c44a5 - 0.0056 - - 1767654565.275985479 1767654565.281629801 0
Jan 5 23:09:25 standalone container-server[127279]: 172.20.0.100 - - [05/Jan/2026:23:09:25 +0000] "PUT /d1/695/AUTH_9dfeb33600594e98af860dd2d94f2fd5/gnocchi.0d98e40d-57cd-489d-836d-915c4b6bc9dd/1766880000.0_mean_300.0_v3" 201 - "PUT http://172.18.0.2:8080/d1/472/AUTH_9dfeb33600594e98af860dd2d94f2fd5/gnocchi.0d98e40d-57cd-489d-836d-915c4b6bc9dd/1766880000.0_mean_300.0_v3" "tx7f9ffdbdc1b64a839724d-00695c44a5" "object-server 25" 0.0006 "-" 23 0
Jan 5 23:09:25 standalone object-server[127327]: 172.20.0.100 - - [05/Jan/2026:23:09:25 +0000] "PUT /d1/472/AUTH_9dfeb33600594e98af860dd2d94f2fd5/gnocchi.0d98e40d-57cd-489d-836d-915c4b6bc9dd/1766880000.0_mean_300.0_v3" 201 - "PUT http://172.18.0.2:8080/v1/AUTH_9dfeb33600594e98af860dd2d94f2fd5/gnocchi.0d98e40d-57cd-489d-836d-915c4b6bc9dd/1766880000.0_mean_300.0_v3" "tx7f9ffdbdc1b64a839724d-00695c44a5" "proxy-server 20" 0.0087 "-" 25 0
Jan 5 23:09:25 standalone proxy-server[129267]: 172.18.0.2 172.18.0.100 05/Jan/2026/23/09/25 PUT /v1/AUTH_9dfeb33600594e98af860dd2d94f2fd5/gnocchi.0d98e40d-57cd-489d-836d-915c4b6bc9dd/1766880000.0_mean_300.0_v3 HTTP/1.0 201 - python-swiftclient-3.11.1 gAAAAABpXEQriJA3... 16 - - tx7f9ffdbdc1b64a839724d-00695c44a5 - 0.0124 - - 1767654565.283430099 1767654565.295832634 0
Jan 5 23:09:25 standalone container-server[127279]: 172.20.0.100 - - [05/Jan/2026:23:09:25 +0000] "PUT /d1/695/AUTH_9dfeb33600594e98af860dd2d94f2fd5/gnocchi.0d98e40d-57cd-489d-836d-915c4b6bc9dd/none_v3" 201 - "PUT http://172.18.0.2:8080/d1/250/AUTH_9dfeb33600594e98af860dd2d94f2fd5/gnocchi.0d98e40d-57cd-489d-836d-915c4b6bc9dd/none_v3" "tx4c7d9d32d78b4cb7939ba-00695c44a5" "object-server 25" 0.0006 "-" 23 0
Jan 5 23:09:25 standalone object-server[127327]: 172.20.0.100 - - [05/Jan/2026:23:09:25 +0000] "PUT /d1/250/AUTH_9dfeb33600594e98af860dd2d94f2fd5/gnocchi.0d98e40d-57cd-489d-836d-915c4b6bc9dd/none_v3" 201 - "PUT http://172.18.0.2:8080/v1/AUTH_9dfeb33600594e98af860dd2d94f2fd5/gnocchi.0d98e40d-57cd-489d-836d-915c4b6bc9dd/none_v3" "tx4c7d9d32d78b4cb7939ba-00695c44a5" "proxy-server 20" 0.0101 "-" 25 0
Jan 5 23:09:25 standalone proxy-server[129267]: 172.18.0.2 172.18.0.100 05/Jan/2026/23/09/25 PUT /v1/AUTH_9dfeb33600594e98af860dd2d94f2fd5/gnocchi.0d98e40d-57cd-489d-836d-915c4b6bc9dd/none_v3 HTTP/1.0 201 - python-swiftclient-3.11.1 gAAAAABpXEQriJA3... 32 - - tx4c7d9d32d78b4cb7939ba-00695c44a5 - 0.0142 - - 1767654565.297451735 1767654565.311638832 0
Jan 5 23:09:25 standalone object-server[127317]: 172.20.0.100 - - [05/Jan/2026:23:09:25 +0000] "GET /d1/436/AUTH_9dfeb33600594e98af860dd2d94f2fd5/gnocchi.747b440c-1abd-4af5-a185-a1e2b91b1838/none_v3" 200 22 "GET http://172.18.0.2:8080/v1/AUTH_9dfeb33600594e98af860dd2d94f2fd5/gnocchi.747b440c-1abd-4af5-a185-a1e2b91b1838/none_v3" "tx9dbfcdde6c244c299cde5-00695c44a5" "proxy-server 20" 0.0011 "-" 24 0
Jan 5 23:09:25 standalone proxy-server[129267]: 172.18.0.2 172.18.0.100 05/Jan/2026/23/09/25 GET /v1/AUTH_9dfeb33600594e98af860dd2d94f2fd5/gnocchi.747b440c-1abd-4af5-a185-a1e2b91b1838/none_v3 HTTP/1.0 200 - python-swiftclient-3.11.1 gAAAAABpXEQriJA3... - 22 - tx9dbfcdde6c244c299cde5-00695c44a5 - 0.0058 - - 1767654565.318038464 1767654565.323816538 0
Jan 5 23:09:25 standalone container-server[127259]: 172.20.0.100 - - [05/Jan/2026:23:09:25 +0000] "GET /d1/780/AUTH_9dfeb33600594e98af860dd2d94f2fd5/gnocchi.747b440c-1abd-4af5-a185-a1e2b91b1838" 200 357 "GET http://172.18.0.2:8080/v1/AUTH_9dfeb33600594e98af860dd2d94f2fd5/gnocchi.747b440c-1abd-4af5-a185-a1e2b91b1838?format=json&states=listing" "txa3a87a19cf2a488597b9e-00695c44a5" "proxy-server 20" 0.0095 "-" 20 0
Jan 5 23:09:25 standalone proxy-server[129267]: 172.18.0.2 172.18.0.100 05/Jan/2026/23/09/25 GET /v1/AUTH_9dfeb33600594e98af860dd2d94f2fd5/gnocchi.747b440c-1abd-4af5-a185-a1e2b91b1838%3Fformat%3Djson%26states%3Dlisting HTTP/1.0 200 - python-swiftclient-3.11.1 gAAAAABpXEQriJA3... - 357 - txa3a87a19cf2a488597b9e-00695c44a5 - 0.0189 - - 1767654565.327034473 1767654565.345915318 0
Jan 5 23:09:25 standalone container-server[127263]: 172.20.0.100 - - [05/Jan/2026:23:09:25 +0000] "GET /d1/780/AUTH_9dfeb33600594e98af860dd2d94f2fd5/gnocchi.747b440c-1abd-4af5-a185-a1e2b91b1838" 200 2 "GET http://172.18.0.2:8080/v1/AUTH_9dfeb33600594e98af860dd2d94f2fd5/gnocchi.747b440c-1abd-4af5-a185-a1e2b91b1838?format=json&marker=none_v3&states=listing" "tx4b5acfe345624a039e3c4-00695c44a5" "proxy-server 20" 0.0036 "-" 21 0
Jan 5 23:09:25 standalone proxy-server[129267]: 172.18.0.2 172.18.0.100 05/Jan/2026/23/09/25 GET /v1/AUTH_9dfeb33600594e98af860dd2d94f2fd5/gnocchi.747b440c-1abd-4af5-a185-a1e2b91b1838%3Fformat%3Djson%26marker%3Dnone_v3%26states%3Dlisting HTTP/1.0 200 - python-swiftclient-3.11.1 gAAAAABpXEQriJA3... - 2 - tx4b5acfe345624a039e3c4-00695c44a5 - 0.0135 - - 1767654565.351877451 1767654565.365346909 0
Jan 5 23:09:25 standalone object-server[127313]: 172.20.0.100 - - [05/Jan/2026:23:09:25 +0000] "GET /d1/493/AUTH_9dfeb33600594e98af860dd2d94f2fd5/gnocchi.747b440c-1abd-4af5-a185-a1e2b91b1838/1766880000.0_mean_300.0_v3" 200 16 "GET http://172.18.0.2:8080/v1/AUTH_9dfeb33600594e98af860dd2d94f2fd5/gnocchi.747b440c-1abd-4af5-a185-a1e2b91b1838/1766880000.0_mean_300.0_v3" "txf7444945340745a29770c-00695c44a5" "proxy-server 20" 0.0007 "-" 23 0
Jan 5 23:09:25 standalone proxy-server[129267]: 172.18.0.2 172.18.0.100 05/Jan/2026/23/09/25 GET /v1/AUTH_9dfeb33600594e98af860dd2d94f2fd5/gnocchi.747b440c-1abd-4af5-a185-a1e2b91b1838/1766880000.0_mean_300.0_v3 HTTP/1.0 200 - python-swiftclient-3.11.1 gAAAAABpXEQriJA3... - 16 - txf7444945340745a29770c-00695c44a5 - 0.0088 - - 1767654565.371003628 1767654565.379802704 0
Jan 5 23:09:25 standalone container-server[127263]: 172.20.0.100 - - [05/Jan/2026:23:09:25 +0000] "PUT /d1/780/AUTH_9dfeb33600594e98af860dd2d94f2fd5/gnocchi.747b440c-1abd-4af5-a185-a1e2b91b1838/1766880000.0_mean_300.0_v3" 201 - "PUT http://172.18.0.2:8080/d1/493/AUTH_9dfeb33600594e98af860dd2d94f2fd5/gnocchi.747b440c-1abd-4af5-a185-a1e2b91b1838/1766880000.0_mean_300.0_v3" "tx4a33159310fc490aa5f50-00695c44a5" "object-server 25" 0.0008 "-" 21 0
Jan 5 23:09:25 standalone object-server[127327]: 172.20.0.100 - - [05/Jan/2026:23:09:25 +0000] "PUT /d1/493/AUTH_9dfeb33600594e98af860dd2d94f2fd5/gnocchi.747b440c-1abd-4af5-a185-a1e2b91b1838/1766880000.0_mean_300.0_v3" 201 - "PUT http://172.18.0.2:8080/v1/AUTH_9dfeb33600594e98af860dd2d94f2fd5/gnocchi.747b440c-1abd-4af5-a185-a1e2b91b1838/1766880000.0_mean_300.0_v3" "tx4a33159310fc490aa5f50-00695c44a5" "proxy-server 20" 0.0113 "-" 25 0
Jan 5 23:09:25 standalone proxy-server[129267]: 172.18.0.2 172.18.0.100 05/Jan/2026/23/09/25 PUT /v1/AUTH_9dfeb33600594e98af860dd2d94f2fd5/gnocchi.747b440c-1abd-4af5-a185-a1e2b91b1838/1766880000.0_mean_300.0_v3 HTTP/1.0 201 - python-swiftclient-3.11.1 gAAAAABpXEQriJA3... 16 - - tx4a33159310fc490aa5f50-00695c44a5 - 0.0187 - - 1767654565.383710384 1767654565.402434826 0
Jan 5 23:09:25 standalone container-server[127263]: 172.20.0.100 - - [05/Jan/2026:23:09:25 +0000] "PUT /d1/780/AUTH_9dfeb33600594e98af860dd2d94f2fd5/gnocchi.747b440c-1abd-4af5-a185-a1e2b91b1838/none_v3" 201 - "PUT http://172.18.0.2:8080/d1/436/AUTH_9dfeb33600594e98af860dd2d94f2fd5/gnocchi.747b440c-1abd-4af5-a185-a1e2b91b1838/none_v3" "txace4d1c8acce4d93b1ae1-00695c44a5" "object-server 25" 0.0006 "-" 21 0
Jan 5 23:09:25 standalone object-server[127327]: 172.20.0.100 - - [05/Jan/2026:23:09:25 +0000] "PUT /d1/436/AUTH_9dfeb33600594e98af860dd2d94f2fd5/gnocchi.747b440c-1abd-4af5-a185-a1e2b91b1838/none_v3" 201 - "PUT http://172.18.0.2:8080/v1/AUTH_9dfeb33600594e98af860dd2d94f2fd5/gnocchi.747b440c-1abd-4af5-a185-a1e2b91b1838/none_v3" "txace4d1c8acce4d93b1ae1-00695c44a5" "proxy-server 20" 0.0094 "-" 25 0
Jan 5 23:09:25 standalone proxy-server[129267]: 172.18.0.2 172.18.0.100 05/Jan/2026/23/09/25 PUT /v1/AUTH_9dfeb33600594e98af860dd2d94f2fd5/gnocchi.747b440c-1abd-4af5-a185-a1e2b91b1838/none_v3 HTTP/1.0 201 - python-swiftclient-3.11.1 gAAAAABpXEQriJA3... 32 - - txace4d1c8acce4d93b1ae1-00695c44a5 - 0.0164 - - 1767654565.406121731 1767654565.422557592 0
Jan 5 23:09:28 standalone container-server[127259]: 172.20.0.100 - - [05/Jan/2026:23:09:28 +0000] "HEAD /d1/506/AUTH_9dfeb33600594e98af860dd2d94f2fd5/gnocchi.f3658d6c-d72a-441f-a3ec-8a48859c7d06" 404 - "HEAD http://172.18.0.2:8080/v1/AUTH_9dfeb33600594e98af860dd2d94f2fd5/gnocchi.f3658d6c-d72a-441f-a3ec-8a48859c7d06?format=json&states=listing" "tx46c8fcbf986a41eeb9958-00695c44a8" "proxy-server 20" 0.0006 "-" 20 0
Jan 5 23:09:28 standalone object-server[127327]: 172.20.0.100 - - [05/Jan/2026:23:09:28 +0000] "GET /d1/349/AUTH_9dfeb33600594e98af860dd2d94f2fd5/gnocchi.f3658d6c-d72a-441f-a3ec-8a48859c7d06/none_v3" 404 70 "GET http://172.18.0.2:8080/v1/AUTH_9dfeb33600594e98af860dd2d94f2fd5/gnocchi.f3658d6c-d72a-441f-a3ec-8a48859c7d06/none_v3" "tx46c8fcbf986a41eeb9958-00695c44a8" "proxy-server 20" 0.0005 "-" 25 0
Jan 5 23:09:28 standalone proxy-server[129267]: 172.18.0.2 172.18.0.100 05/Jan/2026/23/09/28 GET /v1/AUTH_9dfeb33600594e98af860dd2d94f2fd5/gnocchi.f3658d6c-d72a-441f-a3ec-8a48859c7d06/none_v3 HTTP/1.0 404 - python-swiftclient-3.11.1 gAAAAABpXEQriJA3... - 70 - tx46c8fcbf986a41eeb9958-00695c44a8 - 0.0244 - - 1767654568.645310402 1767654568.669666767 0
Jan 5 23:09:28 standalone account-server[127169]: 172.20.0.100 - - [05/Jan/2026:23:09:28 +0000] "PUT /d1/795/AUTH_9dfeb33600594e98af860dd2d94f2fd5/gnocchi.f3658d6c-d72a-441f-a3ec-8a48859c7d06" 201 - "PUT http://172.20.0.100:6001/d1/506/AUTH_9dfeb33600594e98af860dd2d94f2fd5/gnocchi.f3658d6c-d72a-441f-a3ec-8a48859c7d06" "tx04b98ead4f5d4b09ae2ed-00695c44a8" "container-server 21" 0.0017 "-" 22 0
Jan 5 23:09:28 standalone container-server[127263]: 172.20.0.100 - - [05/Jan/2026:23:09:28 +0000] "PUT /d1/506/AUTH_9dfeb33600594e98af860dd2d94f2fd5/gnocchi.f3658d6c-d72a-441f-a3ec-8a48859c7d06" 201 - "PUT http://172.18.0.2:8080/v1/AUTH_9dfeb33600594e98af860dd2d94f2fd5/gnocchi.f3658d6c-d72a-441f-a3ec-8a48859c7d06" "tx04b98ead4f5d4b09ae2ed-00695c44a8" "proxy-server 20" 0.0256 "-" 21 0
Jan 5 23:09:28 standalone proxy-server[129267]: 172.18.0.2 172.18.0.100 05/Jan/2026/23/09/28 PUT /v1/AUTH_9dfeb33600594e98af860dd2d94f2fd5/gnocchi.f3658d6c-d72a-441f-a3ec-8a48859c7d06 HTTP/1.0 201 - python-swiftclient-3.11.1 gAAAAABpXEQriJA3... - - - tx04b98ead4f5d4b09ae2ed-00695c44a8 - 0.0333 - - 1767654568.676981926 1767654568.710238934 0
Jan 5 23:09:28 standalone container-server[127279]: 172.20.0.100 - - [05/Jan/2026:23:09:28 +0000] "HEAD /d1/506/AUTH_9dfeb33600594e98af860dd2d94f2fd5/gnocchi.f3658d6c-d72a-441f-a3ec-8a48859c7d06" 204 - "HEAD http://172.18.0.2:8080/v1/AUTH_9dfeb33600594e98af860dd2d94f2fd5/gnocchi.f3658d6c-d72a-441f-a3ec-8a48859c7d06?format=json&states=listing" "txfba0e0d5afee435d8c4c0-00695c44a8" "proxy-server 20" 0.0011 "-" 23 0
Jan 5 23:09:28 standalone proxy-server[129267]: - - 05/Jan/2026/23/09/28 HEAD /v1/AUTH_9dfeb33600594e98af860dd2d94f2fd5/gnocchi.f3658d6c-d72a-441f-a3ec-8a48859c7d06%3Fformat%3Djson%26states%3Dlisting HTTP/1.0 204 - Swift - - - - txfba0e0d5afee435d8c4c0-00695c44a8 - 0.0047 RL - 1767654568.719558954 1767654568.724235058 0
Jan 5 23:09:28 standalone container-server[127259]: 172.20.0.100 - - [05/Jan/2026:23:09:28 +0000] "GET /d1/506/AUTH_9dfeb33600594e98af860dd2d94f2fd5/gnocchi.f3658d6c-d72a-441f-a3ec-8a48859c7d06" 200 2 "GET http://172.18.0.2:8080/v1/AUTH_9dfeb33600594e98af860dd2d94f2fd5/gnocchi.f3658d6c-d72a-441f-a3ec-8a48859c7d06?format=json&states=listing" "txfba0e0d5afee435d8c4c0-00695c44a8" "proxy-server 20" 0.0023 "-" 20 0
Jan 5 23:09:28 standalone proxy-server[129267]: 172.18.0.2 172.18.0.100 05/Jan/2026/23/09/28 GET /v1/AUTH_9dfeb33600594e98af860dd2d94f2fd5/gnocchi.f3658d6c-d72a-441f-a3ec-8a48859c7d06%3Fformat%3Djson%26states%3Dlisting HTTP/1.0 200 - python-swiftclient-3.11.1 gAAAAABpXEQriJA3... - 2 - txfba0e0d5afee435d8c4c0-00695c44a8 - 0.0178 - - 1767654568.715127945 1767654568.732943058 0
Jan 5 23:09:28 standalone object-server[127317]: 172.20.0.100 - - [05/Jan/2026:23:09:28 +0000] "GET /d1/794/AUTH_9dfeb33600594e98af860dd2d94f2fd5/gnocchi.f3658d6c-d72a-441f-a3ec-8a48859c7d06/1766880000.0_mean_300.0_v3" 404 70 "GET http://172.18.0.2:8080/v1/AUTH_9dfeb33600594e98af860dd2d94f2fd5/gnocchi.f3658d6c-d72a-441f-a3ec-8a48859c7d06/1766880000.0_mean_300.0_v3" "txf1e0705a3bc54c93a5d38-00695c44a8" "proxy-server 20" 0.0004 "-" 24 0
Jan 5 23:09:28 standalone proxy-server[129267]: 172.18.0.2 172.18.0.100 05/Jan/2026/23/09/28 GET /v1/AUTH_9dfeb33600594e98af860dd2d94f2fd5/gnocchi.f3658d6c-d72a-441f-a3ec-8a48859c7d06/1766880000.0_mean_300.0_v3 HTTP/1.0 404 - python-swiftclient-3.11.1 gAAAAABpXEQriJA3... - 70 - txf1e0705a3bc54c93a5d38-00695c44a8 - 0.0100 - - 1767654568.737859249 1767654568.747898102 0
Jan 5 23:09:28 standalone container-server[127263]: 172.20.0.100 - - [05/Jan/2026:23:09:28 +0000] "PUT /d1/506/AUTH_9dfeb33600594e98af860dd2d94f2fd5/gnocchi.f3658d6c-d72a-441f-a3ec-8a48859c7d06/1766880000.0_mean_300.0_v3" 201 - "PUT http://172.18.0.2:8080/d1/794/AUTH_9dfeb33600594e98af860dd2d94f2fd5/gnocchi.f3658d6c-d72a-441f-a3ec-8a48859c7d06/1766880000.0_mean_300.0_v3" "tx0fa9e6bde9234eb496bdd-00695c44a8" "object-server 23" 0.0006 "-" 21 0
Jan 5 23:09:28 standalone object-server[127313]: 172.20.0.100 - - [05/Jan/2026:23:09:28 +0000] "PUT /d1/794/AUTH_9dfeb33600594e98af860dd2d94f2fd5/gnocchi.f3658d6c-d72a-441f-a3ec-8a48859c7d06/1766880000.0_mean_300.0_v3" 201 - "PUT http://172.18.0.2:8080/v1/AUTH_9dfeb33600594e98af860dd2d94f2fd5/gnocchi.f3658d6c-d72a-441f-a3ec-8a48859c7d06/1766880000.0_mean_300.0_v3" "tx0fa9e6bde9234eb496bdd-00695c44a8" "proxy-server 20" 0.0301 "-" 23 0
Jan 5 23:09:28 standalone proxy-server[129267]: 172.18.0.2 172.18.0.100 05/Jan/2026/23/09/28 PUT /v1/AUTH_9dfeb33600594e98af860dd2d94f2fd5/gnocchi.f3658d6c-d72a-441f-a3ec-8a48859c7d06/1766880000.0_mean_300.0_v3 HTTP/1.0 201 - python-swiftclient-3.11.1 gAAAAABpXEQriJA3... 16 - - tx0fa9e6bde9234eb496bdd-00695c44a8 - 0.0514 - - 1767654568.752740622 1767654568.804131985 0
Jan 5 23:09:28 standalone container-server[127278]: 172.20.0.100 - - [05/Jan/2026:23:09:28 +0000] "PUT /d1/506/AUTH_9dfeb33600594e98af860dd2d94f2fd5/gnocchi.f3658d6c-d72a-441f-a3ec-8a48859c7d06/none_v3" 201 - "PUT http://172.18.0.2:8080/d1/349/AUTH_9dfeb33600594e98af860dd2d94f2fd5/gnocchi.f3658d6c-d72a-441f-a3ec-8a48859c7d06/none_v3" "txfffeac4c4b8f49868cd9e-00695c44a8" "object-server 25" 0.0005 "-" 22 0
Jan 5 23:09:28 standalone object-server[127327]: 172.20.0.100 - - [05/Jan/2026:23:09:28 +0000] "PUT /d1/349/AUTH_9dfeb33600594e98af860dd2d94f2fd5/gnocchi.f3658d6c-d72a-441f-a3ec-8a48859c7d06/none_v3" 201 - "PUT http://172.18.0.2:8080/v1/AUTH_9dfeb33600594e98af860dd2d94f2fd5/gnocchi.f3658d6c-d72a-441f-a3ec-8a48859c7d06/none_v3" "txfffeac4c4b8f49868cd9e-00695c44a8" "proxy-server 20" 0.0226 "-" 25 0
Jan 5 23:09:28 standalone proxy-server[129267]: 172.18.0.2 172.18.0.100 05/Jan/2026/23/09/28 PUT /v1/AUTH_9dfeb33600594e98af860dd2d94f2fd5/gnocchi.f3658d6c-d72a-441f-a3ec-8a48859c7d06/none_v3 HTTP/1.0 201 - python-swiftclient-3.11.1 gAAAAABpXEQriJA3... 22 - - txfffeac4c4b8f49868cd9e-00695c44a8 - 0.0335 - - 1767654568.814515829 1767654568.848057032 0
Jan 5 23:09:29 standalone object-server[127327]: 172.20.0.100 - - [05/Jan/2026:23:09:29 +0000] "GET /d1/621/AUTH_9dfeb33600594e98af860dd2d94f2fd5/gnocchi.db7cc624-1222-45fa-9f1d-d20f72e63510/none_v3" 200 33 "GET http://172.18.0.2:8080/v1/AUTH_9dfeb33600594e98af860dd2d94f2fd5/gnocchi.db7cc624-1222-45fa-9f1d-d20f72e63510/none_v3" "tx0ff01e96112d439fbe333-00695c44a9" "proxy-server 20" 0.0008 "-" 25 0
Jan 5 23:09:29 standalone proxy-server[129267]: 172.18.0.2 172.18.0.100 05/Jan/2026/23/09/29 GET /v1/AUTH_9dfeb33600594e98af860dd2d94f2fd5/gnocchi.db7cc624-1222-45fa-9f1d-d20f72e63510/none_v3 HTTP/1.0 200 - python-swiftclient-3.11.1 gAAAAABpXEQriJA3... - 33 - tx0ff01e96112d439fbe333-00695c44a9 - 0.0076 - - 1767654569.018110514 1767654569.025679588 0
Jan 5 23:09:29 standalone container-server[127259]: 172.20.0.100 - - [05/Jan/2026:23:09:29 +0000] "GET /d1/610/AUTH_9dfeb33600594e98af860dd2d94f2fd5/gnocchi.db7cc624-1222-45fa-9f1d-d20f72e63510" 200 357 "GET http://172.18.0.2:8080/v1/AUTH_9dfeb33600594e98af860dd2d94f2fd5/gnocchi.db7cc624-1222-45fa-9f1d-d20f72e63510?format=json&states=listing" "tx733026b9598c42f1bdd2a-00695c44a9" "proxy-server 20" 0.0117 "-" 20 0
Jan 5 23:09:29 standalone proxy-server[129267]: 172.18.0.2 172.18.0.100 05/Jan/2026/23/09/29 GET /v1/AUTH_9dfeb33600594e98af860dd2d94f2fd5/gnocchi.db7cc624-1222-45fa-9f1d-d20f72e63510%3Fformat%3Djson%26states%3Dlisting HTTP/1.0 200 - python-swiftclient-3.11.1 gAAAAABpXEQriJA3... - 357 - tx733026b9598c42f1bdd2a-00695c44a9 - 0.0186 - - 1767654569.031641483 1767654569.050216436 0
Jan 5 23:09:29 standalone container-server[127278]: 172.20.0.100 - - [05/Jan/2026:23:09:29 +0000] "GET /d1/610/AUTH_9dfeb33600594e98af860dd2d94f2fd5/gnocchi.db7cc624-1222-45fa-9f1d-d20f72e63510" 200 2 "GET http://172.18.0.2:8080/v1/AUTH_9dfeb33600594e98af860dd2d94f2fd5/gnocchi.db7cc624-1222-45fa-9f1d-d20f72e63510?format=json&marker=none_v3&states=listing" "txdb36a2b8b1d0428bbde64-00695c44a9" "proxy-server 20" 0.0017 "-" 22 0
Jan 5 23:09:29 standalone proxy-server[129267]: 172.18.0.2 172.18.0.100 05/Jan/2026/23/09/29 GET /v1/AUTH_9dfeb33600594e98af860dd2d94f2fd5/gnocchi.db7cc624-1222-45fa-9f1d-d20f72e63510%3Fformat%3Djson%26marker%3Dnone_v3%26states%3Dlisting HTTP/1.0 200 - python-swiftclient-3.11.1 gAAAAABpXEQriJA3... - 2 - txdb36a2b8b1d0428bbde64-00695c44a9 - 0.0080 - - 1767654569.055695295 1767654569.063738346 0
Jan 5 23:09:29 standalone object-server[127317]: 172.20.0.100 - - [05/Jan/2026:23:09:29 +0000] "GET /d1/292/AUTH_9dfeb33600594e98af860dd2d94f2fd5/gnocchi.db7cc624-1222-45fa-9f1d-d20f72e63510/1766880000.0_mean_300.0_v3" 200 16 "GET http://172.18.0.2:8080/v1/AUTH_9dfeb33600594e98af860dd2d94f2fd5/gnocchi.db7cc624-1222-45fa-9f1d-d20f72e63510/1766880000.0_mean_300.0_v3" "tx09dd38efaed6492ab71b3-00695c44a9" "proxy-server 20" 0.0012 "-" 24 0
Jan 5 23:09:29 standalone proxy-server[129267]: 172.18.0.2 172.18.0.100 05/Jan/2026/23/09/29 GET /v1/AUTH_9dfeb33600594e98af860dd2d94f2fd5/gnocchi.db7cc624-1222-45fa-9f1d-d20f72e63510/1766880000.0_mean_300.0_v3 HTTP/1.0 200 - python-swiftclient-3.11.1 gAAAAABpXEQriJA3... - 16 - tx09dd38efaed6492ab71b3-00695c44a9 - 0.0083 - - 1767654569.067468405 1767654569.075779915 0
Jan 5 23:09:29 standalone container-server[127263]: 172.20.0.100 - - [05/Jan/2026:23:09:29 +0000] "PUT /d1/610/AUTH_9dfeb33600594e98af860dd2d94f2fd5/gnocchi.db7cc624-1222-45fa-9f1d-d20f72e63510/1766880000.0_mean_300.0_v3" 201 - "PUT http://172.18.0.2:8080/d1/292/AUTH_9dfeb33600594e98af860dd2d94f2fd5/gnocchi.db7cc624-1222-45fa-9f1d-d20f72e63510/1766880000.0_mean_300.0_v3" "txa4fac377240b4c6f962e4-00695c44a9" "object-server 24" 0.0005 "-" 21 0
Jan 5 23:09:29 standalone object-server[127317]: 172.20.0.100 - - [05/Jan/2026:23:09:29 +0000] "PUT /d1/292/AUTH_9dfeb33600594e98af860dd2d94f2fd5/gnocchi.db7cc624-1222-45fa-9f1d-d20f72e63510/1766880000.0_mean_300.0_v3" 201 - "PUT http://172.18.0.2:8080/v1/AUTH_9dfeb33600594e98af860dd2d94f2fd5/gnocchi.db7cc624-1222-45fa-9f1d-d20f72e63510/1766880000.0_mean_300.0_v3" "txa4fac377240b4c6f962e4-00695c44a9" "proxy-server 20" 0.0144 "-" 24 0
