Jan 5 23:09:43 standalone container-server[127279]: 172.20.0.100 - - [05/Jan/2026:23:09:43 +0000] "PUT /d1/514/AUTH_9dfeb33600594e98af860dd2d94f2fd5/gnocchi.1580e048-ff40-4498-b178-8659963523eb/1766880000.0_mean_300.0_v3" 201 - "PUT http://172.18.0.2:8080/d1/1/AUTH_9dfeb33600594e98af860dd2d94f2fd5/gnocchi.1580e048-ff40-4498-b178-8659963523eb/1766880000.0_mean_300.0_v3" "tx3f09ef801025498796ff3-00695c44b7" "object-server 24" 0.0004 "-" 23 0
Jan 5 23:09:43 standalone object-server[127317]: 172.20.0.100 - - [05/Jan/2026:23:09:43 +0000] "PUT /d1/1/AUTH_9dfeb33600594e98af860dd2d94f2fd5/gnocchi.1580e048-ff40-4498-b178-8659963523eb/1766880000.0_mean_300.0_v3" 201 - "PUT http://172.18.0.2:8080/v1/AUTH_9dfeb33600594e98af860dd2d94f2fd5/gnocchi.1580e048-ff40-4498-b178-8659963523eb/1766880000.0_mean_300.0_v3" "tx3f09ef801025498796ff3-00695c44b7" "proxy-server 20" 0.0102 "-" 24 0
Jan 5 23:09:43 standalone proxy-server[129267]: 172.18.0.2 172.18.0.100 05/Jan/2026/23/09/43 PUT /v1/AUTH_9dfeb33600594e98af860dd2d94f2fd5/gnocchi.1580e048-ff40-4498-b178-8659963523eb/1766880000.0_mean_300.0_v3 HTTP/1.0 201 - python-swiftclient-3.11.1 gAAAAABpXEQriJA3... 16 - - tx3f09ef801025498796ff3-00695c44b7 - 0.0141 - - 1767654583.244502306 1767654583.258602381 0
Jan 5 23:09:43 standalone container-server[127263]: 172.20.0.100 - - [05/Jan/2026:23:09:43 +0000] "PUT /d1/514/AUTH_9dfeb33600594e98af860dd2d94f2fd5/gnocchi.1580e048-ff40-4498-b178-8659963523eb/none_v3" 201 - "PUT http://172.18.0.2:8080/d1/701/AUTH_9dfeb33600594e98af860dd2d94f2fd5/gnocchi.1580e048-ff40-4498-b178-8659963523eb/none_v3" "tx3a0425498ab644b0b8660-00695c44b7" "object-server 22" 0.0007 "-" 21 0
Jan 5 23:09:43 standalone object-server[127310]: 172.20.0.100 - - [05/Jan/2026:23:09:43 +0000] "PUT /d1/701/AUTH_9dfeb33600594e98af860dd2d94f2fd5/gnocchi.1580e048-ff40-4498-b178-8659963523eb/none_v3" 201 - "PUT http://172.18.0.2:8080/v1/AUTH_9dfeb33600594e98af860dd2d94f2fd5/gnocchi.1580e048-ff40-4498-b178-8659963523eb/none_v3" "tx3a0425498ab644b0b8660-00695c44b7" "proxy-server 20" 0.0079 "-" 22 0
Jan 5 23:09:43 standalone proxy-server[129267]: 172.18.0.2 172.18.0.100 05/Jan/2026/23/09/43 PUT /v1/AUTH_9dfeb33600594e98af860dd2d94f2fd5/gnocchi.1580e048-ff40-4498-b178-8659963523eb/none_v3 HTTP/1.0 201 - python-swiftclient-3.11.1 gAAAAABpXEQriJA3... 22 - - tx3a0425498ab644b0b8660-00695c44b7 - 0.0146 - - 1767654583.262655497 1767654583.277299404 0
Jan 5 23:09:43 standalone container-server[127263]: 172.20.0.100 - - [05/Jan/2026:23:09:43 +0000] "HEAD /d1/619/AUTH_9dfeb33600594e98af860dd2d94f2fd5/gnocchi.cbbe045f-17ad-49a4-a538-85b43c1c5ab7" 404 - "HEAD http://172.18.0.2:8080/v1/AUTH_9dfeb33600594e98af860dd2d94f2fd5/gnocchi.cbbe045f-17ad-49a4-a538-85b43c1c5ab7?format=json&states=listing" "txe1d95239e41247a4b9551-00695c44b7" "proxy-server 20" 0.0004 "-" 21 0
Jan 5 23:09:43 standalone object-server[127317]: 172.20.0.100 - - [05/Jan/2026:23:09:43 +0000] "GET /d1/602/AUTH_9dfeb33600594e98af860dd2d94f2fd5/gnocchi.cbbe045f-17ad-49a4-a538-85b43c1c5ab7/none_v3" 404 70 "GET http://172.18.0.2:8080/v1/AUTH_9dfeb33600594e98af860dd2d94f2fd5/gnocchi.cbbe045f-17ad-49a4-a538-85b43c1c5ab7/none_v3" "txe1d95239e41247a4b9551-00695c44b7" "proxy-server 20" 0.0003 "-" 24 0
Jan 5 23:09:43 standalone proxy-server[129267]: 172.18.0.2 172.18.0.100 05/Jan/2026/23/09/43 GET /v1/AUTH_9dfeb33600594e98af860dd2d94f2fd5/gnocchi.cbbe045f-17ad-49a4-a538-85b43c1c5ab7/none_v3 HTTP/1.0 404 - python-swiftclient-3.11.1 gAAAAABpXEQriJA3... - 70 - txe1d95239e41247a4b9551-00695c44b7 - 0.0163 - - 1767654583.301147223 1767654583.317448139 0
Jan 5 23:09:43 standalone account-server[127160]: 172.20.0.100 - - [05/Jan/2026:23:09:43 +0000] "PUT /d1/795/AUTH_9dfeb33600594e98af860dd2d94f2fd5/gnocchi.cbbe045f-17ad-49a4-a538-85b43c1c5ab7" 201 - "PUT http://172.20.0.100:6001/d1/619/AUTH_9dfeb33600594e98af860dd2d94f2fd5/gnocchi.cbbe045f-17ad-49a4-a538-85b43c1c5ab7" "tx2b7fc2dab62b4a47ba075-00695c44b7" "container-server 23" 0.0052 "-" 21 0
Jan 5 23:09:43 standalone container-server[127279]: 172.20.0.100 - - [05/Jan/2026:23:09:43 +0000] "PUT /d1/619/AUTH_9dfeb33600594e98af860dd2d94f2fd5/gnocchi.cbbe045f-17ad-49a4-a538-85b43c1c5ab7" 201 - "PUT http://172.18.0.2:8080/v1/AUTH_9dfeb33600594e98af860dd2d94f2fd5/gnocchi.cbbe045f-17ad-49a4-a538-85b43c1c5ab7" "tx2b7fc2dab62b4a47ba075-00695c44b7" "proxy-server 20" 0.0202 "-" 23 0
Jan 5 23:09:43 standalone proxy-server[129267]: 172.18.0.2 172.18.0.100 05/Jan/2026/23/09/43 PUT /v1/AUTH_9dfeb33600594e98af860dd2d94f2fd5/gnocchi.cbbe045f-17ad-49a4-a538-85b43c1c5ab7 HTTP/1.0 201 - python-swiftclient-3.11.1 gAAAAABpXEQriJA3... - - - tx2b7fc2dab62b4a47ba075-00695c44b7 - 0.0272 - - 1767654583.320628405 1767654583.347840786 0
Jan 5 23:09:43 standalone container-server[127263]: 172.20.0.100 - - [05/Jan/2026:23:09:43 +0000] "HEAD /d1/619/AUTH_9dfeb33600594e98af860dd2d94f2fd5/gnocchi.cbbe045f-17ad-49a4-a538-85b43c1c5ab7" 204 - "HEAD http://172.18.0.2:8080/v1/AUTH_9dfeb33600594e98af860dd2d94f2fd5/gnocchi.cbbe045f-17ad-49a4-a538-85b43c1c5ab7?format=json&states=listing" "txfc2921a4f06346518d522-00695c44b7" "proxy-server 20" 0.0012 "-" 21 0
Jan 5 23:09:43 standalone proxy-server[129267]: - - 05/Jan/2026/23/09/43 HEAD /v1/AUTH_9dfeb33600594e98af860dd2d94f2fd5/gnocchi.cbbe045f-17ad-49a4-a538-85b43c1c5ab7%3Fformat%3Djson%26states%3Dlisting HTTP/1.0 204 - Swift - - - - txfc2921a4f06346518d522-00695c44b7 - 0.0055 RL - 1767654583.352842808 1767654583.358322382 0
Jan 5 23:09:43 standalone container-server[127278]: 172.20.0.100 - - [05/Jan/2026:23:09:43 +0000] "GET /d1/619/AUTH_9dfeb33600594e98af860dd2d94f2fd5/gnocchi.cbbe045f-17ad-49a4-a538-85b43c1c5ab7" 200 2 "GET http://172.18.0.2:8080/v1/AUTH_9dfeb33600594e98af860dd2d94f2fd5/gnocchi.cbbe045f-17ad-49a4-a538-85b43c1c5ab7?format=json&states=listing" "txfc2921a4f06346518d522-00695c44b7" "proxy-server 20" 0.0048 "-" 22 0
Jan 5 23:09:43 standalone proxy-server[129267]: 172.18.0.2 172.18.0.100 05/Jan/2026/23/09/43 GET /v1/AUTH_9dfeb33600594e98af860dd2d94f2fd5/gnocchi.cbbe045f-17ad-49a4-a538-85b43c1c5ab7%3Fformat%3Djson%26states%3Dlisting HTTP/1.0 200 - python-swiftclient-3.11.1 gAAAAABpXEQriJA3... - 2 - txfc2921a4f06346518d522-00695c44b7 - 0.0195 - - 1767654583.351682663 1767654583.371232271 0
Jan 5 23:09:43 standalone object-server[127310]: 172.20.0.100 - - [05/Jan/2026:23:09:43 +0000] "GET /d1/151/AUTH_9dfeb33600594e98af860dd2d94f2fd5/gnocchi.cbbe045f-17ad-49a4-a538-85b43c1c5ab7/1766880000.0_mean_300.0_v3" 404 70 "GET http://172.18.0.2:8080/v1/AUTH_9dfeb33600594e98af860dd2d94f2fd5/gnocchi.cbbe045f-17ad-49a4-a538-85b43c1c5ab7/1766880000.0_mean_300.0_v3" "tx85e7b5d9c54d4a94af117-00695c44b7" "proxy-server 20" 0.0004 "-" 22 0
Jan 5 23:09:43 standalone proxy-server[129267]: 172.18.0.2 172.18.0.100 05/Jan/2026/23/09/43 GET /v1/AUTH_9dfeb33600594e98af860dd2d94f2fd5/gnocchi.cbbe045f-17ad-49a4-a538-85b43c1c5ab7/1766880000.0_mean_300.0_v3 HTTP/1.0 404 - python-swiftclient-3.11.1 gAAAAABpXEQriJA3... - 70 - tx85e7b5d9c54d4a94af117-00695c44b7 - 0.0062 - - 1767654583.375045061 1767654583.381285429 0
Jan 5 23:09:43 standalone container-server[127278]: 172.20.0.100 - - [05/Jan/2026:23:09:43 +0000] "PUT /d1/619/AUTH_9dfeb33600594e98af860dd2d94f2fd5/gnocchi.cbbe045f-17ad-49a4-a538-85b43c1c5ab7/1766880000.0_mean_300.0_v3" 201 - "PUT http://172.18.0.2:8080/d1/151/AUTH_9dfeb33600594e98af860dd2d94f2fd5/gnocchi.cbbe045f-17ad-49a4-a538-85b43c1c5ab7/1766880000.0_mean_300.0_v3" "txd3b7f8c5392146efab8d9-00695c44b7" "object-server 24" 0.0008 "-" 22 0
Jan 5 23:09:43 standalone object-server[127317]: 172.20.0.100 - - [05/Jan/2026:23:09:43 +0000] "PUT /d1/151/AUTH_9dfeb33600594e98af860dd2d94f2fd5/gnocchi.cbbe045f-17ad-49a4-a538-85b43c1c5ab7/1766880000.0_mean_300.0_v3" 201 - "PUT http://172.18.0.2:8080/v1/AUTH_9dfeb33600594e98af860dd2d94f2fd5/gnocchi.cbbe045f-17ad-49a4-a538-85b43c1c5ab7/1766880000.0_mean_300.0_v3" "txd3b7f8c5392146efab8d9-00695c44b7" "proxy-server 20" 0.0119 "-" 24 0
Jan 5 23:09:43 standalone proxy-server[129267]: 172.18.0.2 172.18.0.100 05/Jan/2026/23/09/43 PUT /v1/AUTH_9dfeb33600594e98af860dd2d94f2fd5/gnocchi.cbbe045f-17ad-49a4-a538-85b43c1c5ab7/1766880000.0_mean_300.0_v3 HTTP/1.0 201 - python-swiftclient-3.11.1 gAAAAABpXEQriJA3... 16 - - txd3b7f8c5392146efab8d9-00695c44b7 - 0.0193 - - 1767654583.384285212 1767654583.403601885 0
Jan 5 23:09:43 standalone container-server[127279]: 172.20.0.100 - - [05/Jan/2026:23:09:43 +0000] "PUT /d1/619/AUTH_9dfeb33600594e98af860dd2d94f2fd5/gnocchi.cbbe045f-17ad-49a4-a538-85b43c1c5ab7/none_v3" 201 - "PUT http://172.18.0.2:8080/d1/602/AUTH_9dfeb33600594e98af860dd2d94f2fd5/gnocchi.cbbe045f-17ad-49a4-a538-85b43c1c5ab7/none_v3" "tx6d873ae56888471db5915-00695c44b7" "object-server 23" 0.0006 "-" 23 0
Jan 5 23:09:43 standalone object-server[127313]: 172.20.0.100 - - [05/Jan/2026:23:09:43 +0000] "PUT /d1/602/AUTH_9dfeb33600594e98af860dd2d94f2fd5/gnocchi.cbbe045f-17ad-49a4-a538-85b43c1c5ab7/none_v3" 201 - "PUT http://172.18.0.2:8080/v1/AUTH_9dfeb33600594e98af860dd2d94f2fd5/gnocchi.cbbe045f-17ad-49a4-a538-85b43c1c5ab7/none_v3" "tx6d873ae56888471db5915-00695c44b7" "proxy-server 20" 0.0110 "-" 23 0
Jan 5 23:09:43 standalone proxy-server[129267]: 172.18.0.2 172.18.0.100 05/Jan/2026/23/09/43 PUT /v1/AUTH_9dfeb33600594e98af860dd2d94f2fd5/gnocchi.cbbe045f-17ad-49a4-a538-85b43c1c5ab7/none_v3 HTTP/1.0 201 - python-swiftclient-3.11.1 gAAAAABpXEQriJA3... 22 - - tx6d873ae56888471db5915-00695c44b7 - 0.0178 - - 1767654583.408080101 1767654583.425929546 0
Jan 5 23:09:46 standalone container-server[126940]: Begin container update sweep
Jan 5 23:09:46 standalone account-server[127154]: 172.20.0.100 - - [05/Jan/2026:23:09:46 +0000] "PUT /d1/795/AUTH_9dfeb33600594e98af860dd2d94f2fd5/gnocchi.783b9148-bc6d-4d80-8f75-85456442fad6" 201 - "-" "-" "container-updater 2" 0.0011 "-" 20 0
Jan 5 23:09:46 standalone account-server[127154]: 172.20.0.100 - - [05/Jan/2026:23:09:46 +0000] "PUT /d1/795/AUTH_9dfeb33600594e98af860dd2d94f2fd5/gnocchi.2559c94e-f731-4d13-bb8c-0eec8039cef3" 201 - "-" "-" "container-updater 2" 0.0005 "-" 20 0
Jan 5 23:09:46 standalone account-server[127154]: 172.20.0.100 - - [05/Jan/2026:23:09:46 +0000] "PUT /d1/795/AUTH_9dfeb33600594e98af860dd2d94f2fd5/gnocchi.f3658d6c-d72a-441f-a3ec-8a48859c7d06" 201 - "-" "-" "container-updater 2" 0.0005 "-" 20 0
Jan 5 23:09:46 standalone account-server[127154]: 172.20.0.100 - - [05/Jan/2026:23:09:46 +0000] "PUT /d1/795/AUTH_9dfeb33600594e98af860dd2d94f2fd5/gnocchi.8121a55c-795a-4277-bea8-97525b3138ad" 201 - "-" "-" "container-updater 2" 0.0007 "-" 20 0
Jan 5 23:09:46 standalone account-server[127160]: 172.20.0.100 - - [05/Jan/2026:23:09:46 +0000] "PUT /d1/795/AUTH_9dfeb33600594e98af860dd2d94f2fd5/gnocchi.8b6bf4ca-b3e2-442f-b052-b922cbc2ebfc" 201 - "-" "-" "container-updater 2" 0.0024 "-" 21 0
Jan 5 23:09:47 standalone account-server[127174]: 172.20.0.100 - - [05/Jan/2026:23:09:47 +0000] "PUT /d1/795/AUTH_9dfeb33600594e98af860dd2d94f2fd5/gnocchi.0d98e40d-57cd-489d-836d-915c4b6bc9dd" 201 - "-" "-" "container-updater 2" 0.0004 "-" 23 0
Jan 5 23:09:47 standalone account-server[127160]: 172.20.0.100 - - [05/Jan/2026:23:09:47 +0000] "PUT /d1/795/AUTH_9dfeb33600594e98af860dd2d94f2fd5/gnocchi.b94ec9bf-3cd0-446a-8390-f9e9812c3d2e" 201 - "-" "-" "container-updater 2" 0.0006 "-" 21 0
Jan 5 23:09:47 standalone account-server[127154]: 172.20.0.100 - - [05/Jan/2026:23:09:47 +0000] "PUT /d1/795/AUTH_9dfeb33600594e98af860dd2d94f2fd5/gnocchi.1544e669-52e5-47ea-882c-82aa9911b1db" 201 - "-" "-" "container-updater 2" 0.0004 "-" 20 0
Jan 5 23:09:47 standalone account-server[127169]: 172.20.0.100 - - [05/Jan/2026:23:09:47 +0000] "PUT /d1/795/AUTH_9dfeb33600594e98af860dd2d94f2fd5/gnocchi.8631b4a7-ace4-4b53-823d-3d7713f0386c" 201 - "-" "-" "container-updater 2" 0.0006 "-" 22 0
Jan 5 23:09:47 standalone account-server[127154]: 172.20.0.100 - - [05/Jan/2026:23:09:47 +0000] "PUT /d1/795/AUTH_9dfeb33600594e98af860dd2d94f2fd5/gnocchi.25f56937-83c5-40ba-a9ef-1c8ab99cba75" 201 - "-" "-" "container-updater 2" 0.0008 "-" 20 0
Jan 5 23:09:47 standalone account-server[127174]: 172.20.0.100 - - [05/Jan/2026:23:09:47 +0000] "PUT /d1/795/AUTH_9dfeb33600594e98af860dd2d94f2fd5/gnocchi.747b440c-1abd-4af5-a185-a1e2b91b1838" 201 - "-" "-" "container-updater 2" 0.0004 "-" 23 0
Jan 5 23:09:47 standalone account-server[127160]: 172.20.0.100 - - [05/Jan/2026:23:09:47 +0000] "PUT /d1/795/AUTH_9dfeb33600594e98af860dd2d94f2fd5/gnocchi.969877e2-df1c-47eb-a156-5154861f4801" 201 - "-" "-" "container-updater 2" 0.0007 "-" 21 0
Jan 5 23:09:47 standalone account-server[127169]: 172.20.0.100 - - [05/Jan/2026:23:09:47 +0000] "PUT /d1/795/AUTH_9dfeb33600594e98af860dd2d94f2fd5/gnocchi.9456d6dd-dd6b-4605-b60d-c433695b958d" 201 - "-" "-" "container-updater 2" 0.0007 "-" 22 0
Jan 5 23:09:47 standalone account-server[127174]: 172.20.0.100 - - [05/Jan/2026:23:09:47 +0000] "PUT /d1/795/AUTH_9dfeb33600594e98af860dd2d94f2fd5/gnocchi.db7cc624-1222-45fa-9f1d-d20f72e63510" 201 - "-" "-" "container-updater 2" 0.0007 "-" 23 0
Jan 5 23:09:47 standalone account-server[127160]: 172.20.0.100 - - [05/Jan/2026:23:09:47 +0000] "PUT /d1/795/AUTH_9dfeb33600594e98af860dd2d94f2fd5/gnocchi.cbbe045f-17ad-49a4-a538-85b43c1c5ab7" 201 - "-" "-" "container-updater 2" 0.0009 "-" 21 0
Jan 5 23:09:47 standalone account-server[127160]: 172.20.0.100 - - [05/Jan/2026:23:09:47 +0000] "PUT /d1/795/AUTH_9dfeb33600594e98af860dd2d94f2fd5/gnocchi.1580e048-ff40-4498-b178-8659963523eb" 201 - "-" "-" "container-updater 2" 0.0006 "-" 21 0
Jan 5 23:09:47 standalone container-server[126940]: Container update sweep completed: 1.47s
Jan 5 23:09:49 standalone container-server[127263]: 172.20.0.100 - - [05/Jan/2026:23:09:49 +0000] "HEAD /d1/567/AUTH_9dfeb33600594e98af860dd2d94f2fd5/gnocchi.0be24246-c817-44ab-a58b-df03e1b9ac71" 404 - "HEAD http://172.18.0.2:8080/v1/AUTH_9dfeb33600594e98af860dd2d94f2fd5/gnocchi.0be24246-c817-44ab-a58b-df03e1b9ac71?format=json&states=listing" "txa6e31f13d74e472585ea9-00695c44bd" "proxy-server 20" 0.0008 "-" 21 0
Jan 5 23:09:49 standalone object-server[127310]: 172.20.0.100 - - [05/Jan/2026:23:09:49 +0000] "GET /d1/552/AUTH_9dfeb33600594e98af860dd2d94f2fd5/gnocchi.0be24246-c817-44ab-a58b-df03e1b9ac71/none_v3" 404 70 "GET http://172.18.0.2:8080/v1/AUTH_9dfeb33600594e98af860dd2d94f2fd5/gnocchi.0be24246-c817-44ab-a58b-df03e1b9ac71/none_v3" "txa6e31f13d74e472585ea9-00695c44bd" "proxy-server 20" 0.0007 "-" 22 0
Jan 5 23:09:49 standalone proxy-server[129267]: 172.18.0.2 172.18.0.100 05/Jan/2026/23/09/49 GET /v1/AUTH_9dfeb33600594e98af860dd2d94f2fd5/gnocchi.0be24246-c817-44ab-a58b-df03e1b9ac71/none_v3 HTTP/1.0 404 - python-swiftclient-3.11.1 gAAAAABpXEQriJA3... - 70 - txa6e31f13d74e472585ea9-00695c44bd - 0.0176 - - 1767654589.361750603 1767654589.379390955 0
Jan 5 23:09:49 standalone account-server[127160]: 172.20.0.100 - - [05/Jan/2026:23:09:49 +0000] "PUT /d1/795/AUTH_9dfeb33600594e98af860dd2d94f2fd5/gnocchi.0be24246-c817-44ab-a58b-df03e1b9ac71" 201 - "PUT http://172.20.0.100:6001/d1/567/AUTH_9dfeb33600594e98af860dd2d94f2fd5/gnocchi.0be24246-c817-44ab-a58b-df03e1b9ac71" "txb1ecd3940abd4e5a9eafd-00695c44bd" "container-server 22" 0.0120 "-" 21 0
Jan 5 23:09:49 standalone container-server[127278]: 172.20.0.100 - - [05/Jan/2026:23:09:49 +0000] "PUT /d1/567/AUTH_9dfeb33600594e98af860dd2d94f2fd5/gnocchi.0be24246-c817-44ab-a58b-df03e1b9ac71" 201 - "PUT http://172.18.0.2:8080/v1/AUTH_9dfeb33600594e98af860dd2d94f2fd5/gnocchi.0be24246-c817-44ab-a58b-df03e1b9ac71" "txb1ecd3940abd4e5a9eafd-00695c44bd" "proxy-server 20" 0.0229 "-" 22 0
Jan 5 23:09:49 standalone proxy-server[129267]: 172.18.0.2 172.18.0.100 05/Jan/2026/23/09/49 PUT /v1/AUTH_9dfeb33600594e98af860dd2d94f2fd5/gnocchi.0be24246-c817-44ab-a58b-df03e1b9ac71 HTTP/1.0 201 - python-swiftclient-3.11.1 gAAAAABpXEQriJA3... - - - txb1ecd3940abd4e5a9eafd-00695c44bd - 0.0292 - - 1767654589.388252020 1767654589.417445660 0
Jan 5 23:09:49 standalone container-server[127278]: 172.20.0.100 - - [05/Jan/2026:23:09:49 +0000] "HEAD /d1/567/AUTH_9dfeb33600594e98af860dd2d94f2fd5/gnocchi.0be24246-c817-44ab-a58b-df03e1b9ac71" 204 - "HEAD http://172.18.0.2:8080/v1/AUTH_9dfeb33600594e98af860dd2d94f2fd5/gnocchi.0be24246-c817-44ab-a58b-df03e1b9ac71?format=json&states=listing" "tx8ebfd827f379473eb58ab-00695c44bd" "proxy-server 20" 0.0012 "-" 22 0
Jan 5 23:09:49 standalone proxy-server[129267]: - - 05/Jan/2026/23/09/49 HEAD /v1/AUTH_9dfeb33600594e98af860dd2d94f2fd5/gnocchi.0be24246-c817-44ab-a58b-df03e1b9ac71%3Fformat%3Djson%26states%3Dlisting HTTP/1.0 204 - Swift - - - - tx8ebfd827f379473eb58ab-00695c44bd - 0.0047 RL - 1767654589.423722982 1767654589.428462029 0
Jan 5 23:09:49 standalone container-server[127278]: 172.20.0.100 - - [05/Jan/2026:23:09:49 +0000] "GET /d1/567/AUTH_9dfeb33600594e98af860dd2d94f2fd5/gnocchi.0be24246-c817-44ab-a58b-df03e1b9ac71" 200 2 "GET http://172.18.0.2:8080/v1/AUTH_9dfeb33600594e98af860dd2d94f2fd5/gnocchi.0be24246-c817-44ab-a58b-df03e1b9ac71?format=json&states=listing" "tx8ebfd827f379473eb58ab-00695c44bd" "proxy-server 20" 0.0036 "-" 22 0
Jan 5 23:09:49 standalone proxy-server[129267]: 172.18.0.2 172.18.0.100 05/Jan/2026/23/09/49 GET /v1/AUTH_9dfeb33600594e98af860dd2d94f2fd5/gnocchi.0be24246-c817-44ab-a58b-df03e1b9ac71%3Fformat%3Djson%26states%3Dlisting HTTP/1.0 200 - python-swiftclient-3.11.1 gAAAAABpXEQriJA3... - 2 - tx8ebfd827f379473eb58ab-00695c44bd - 0.0340 - - 1767654589.422175407 1767654589.456208706 0
Jan 5 23:09:49 standalone object-server[127317]: 172.20.0.100 - - [05/Jan/2026:23:09:49 +0000] "GET /d1/401/AUTH_9dfeb33600594e98af860dd2d94f2fd5/gnocchi.0be24246-c817-44ab-a58b-df03e1b9ac71/1766880000.0_mean_300.0_v3" 404 70 "GET http://172.18.0.2:8080/v1/AUTH_9dfeb33600594e98af860dd2d94f2fd5/gnocchi.0be24246-c817-44ab-a58b-df03e1b9ac71/1766880000.0_mean_300.0_v3" "tx8c7f98fbe30c456cb67d7-00695c44bd" "proxy-server 20" 0.0005 "-" 24 0
Jan 5 23:09:49 standalone proxy-server[129267]: 172.18.0.2 172.18.0.100 05/Jan/2026/23/09/49 GET /v1/AUTH_9dfeb33600594e98af860dd2d94f2fd5/gnocchi.0be24246-c817-44ab-a58b-df03e1b9ac71/1766880000.0_mean_300.0_v3 HTTP/1.0 404 - python-swiftclient-3.11.1 gAAAAABpXEQriJA3... - 70 - tx8c7f98fbe30c456cb67d7-00695c44bd - 0.0072 - - 1767654589.461132765 1767654589.468343496 0
Jan 5 23:09:49 standalone container-server[127259]: 172.20.0.100 - - [05/Jan/2026:23:09:49 +0000] "PUT /d1/567/AUTH_9dfeb33600594e98af860dd2d94f2fd5/gnocchi.0be24246-c817-44ab-a58b-df03e1b9ac71/1766880000.0_mean_300.0_v3" 201 - "PUT http://172.18.0.2:8080/d1/401/AUTH_9dfeb33600594e98af860dd2d94f2fd5/gnocchi.0be24246-c817-44ab-a58b-df03e1b9ac71/1766880000.0_mean_300.0_v3" "txe5cf3551531a467f99c1a-00695c44bd" "object-server 22" 0.0009 "-" 20 0
Jan 5 23:09:49 standalone object-server[127310]: 172.20.0.100 - - [05/Jan/2026:23:09:49 +0000] "PUT /d1/401/AUTH_9dfeb33600594e98af860dd2d94f2fd5/gnocchi.0be24246-c817-44ab-a58b-df03e1b9ac71/1766880000.0_mean_300.0_v3" 201 - "PUT http://172.18.0.2:8080/v1/AUTH_9dfeb33600594e98af860dd2d94f2fd5/gnocchi.0be24246-c817-44ab-a58b-df03e1b9ac71/1766880000.0_mean_300.0_v3" "txe5cf3551531a467f99c1a-00695c44bd" "proxy-server 20" 0.0114 "-" 22 0
Jan 5 23:09:49 standalone proxy-server[129267]: 172.18.0.2 172.18.0.100 05/Jan/2026/23/09/49 PUT /v1/AUTH_9dfeb33600594e98af860dd2d94f2fd5/gnocchi.0be24246-c817-44ab-a58b-df03e1b9ac71/1766880000.0_mean_300.0_v3 HTTP/1.0 201 - python-swiftclient-3.11.1 gAAAAABpXEQriJA3... 16 - - txe5cf3551531a467f99c1a-00695c44bd - 0.0200 - - 1767654589.471607924 1767654589.491559029 0
Jan 5 23:09:49 standalone container-server[127279]: 172.20.0.100 - - [05/Jan/2026:23:09:49 +0000] "PUT /d1/567/AUTH_9dfeb33600594e98af860dd2d94f2fd5/gnocchi.0be24246-c817-44ab-a58b-df03e1b9ac71/none_v3" 201 - "PUT http://172.18.0.2:8080/d1/552/AUTH_9dfeb33600594e98af860dd2d94f2fd5/gnocchi.0be24246-c817-44ab-a58b-df03e1b9ac71/none_v3" "tx28f477a278554e12b2e25-00695c44bd" "object-server 23" 0.0007 "-" 23 0
Jan 5 23:09:49 standalone object-server[127313]: 172.20.0.100 - - [05/Jan/2026:23:09:49 +0000] "PUT /d1/552/AUTH_9dfeb33600594e98af860dd2d94f2fd5/gnocchi.0be24246-c817-44ab-a58b-df03e1b9ac71/none_v3" 201 - "PUT http://172.18.0.2:8080/v1/AUTH_9dfeb33600594e98af860dd2d94f2fd5/gnocchi.0be24246-c817-44ab-a58b-df03e1b9ac71/none_v3" "tx28f477a278554e12b2e25-00695c44bd" "proxy-server 20" 0.0104 "-" 23 0
Jan 5 23:09:49 standalone proxy-server[129267]: 172.18.0.2 172.18.0.100 05/Jan/2026/23/09/49 PUT /v1/AUTH_9dfeb33600594e98af860dd2d94f2fd5/gnocchi.0be24246-c817-44ab-a58b-df03e1b9ac71/none_v3 HTTP/1.0 201 - python-swiftclient-3.11.1 gAAAAABpXEQriJA3... 22 - - tx28f477a278554e12b2e25-00695c44bd - 0.0188 - - 1767654589.497497082 1767654589.516288757 0
Jan 5 23:09:54 standalone object-server[127313]: 172.20.0.100 - - [05/Jan/2026:23:09:54 +0000] "GET /d1/552/AUTH_9dfeb33600594e98af860dd2d94f2fd5/gnocchi.0be24246-c817-44ab-a58b-df03e1b9ac71/none_v3" 200 22 "GET http://172.18.0.2:8080/v1/AUTH_9dfeb33600594e98af860dd2d94f2fd5/gnocchi.0be24246-c817-44ab-a58b-df03e1b9ac71/none_v3" "txfdfcea6d4a554f77bb961-00695c44c2" "proxy-server 20" 0.0008 "-" 23 0
Jan 5 23:09:54 standalone proxy-server[129267]: 172.18.0.2 172.18.0.100 05/Jan/2026/23/09/54 GET /v1/AUTH_9dfeb33600594e98af860dd2d94f2fd5/gnocchi.0be24246-c817-44ab-a58b-df03e1b9ac71/none_v3 HTTP/1.0 200 - python-swiftclient-3.11.1 gAAAAABpXEQriJA3... - 22 - txfdfcea6d4a554f77bb961-00695c44c2 - 0.0079 - - 1767654594.578508615 1767654594.586393833 0
Jan 5 23:09:54 standalone container-server[127279]: 172.20.0.100 - - [05/Jan/2026:23:09:54 +0000] "GET /d1/567/AUTH_9dfeb33600594e98af860dd2d94f2fd5/gnocchi.0be24246-c817-44ab-a58b-df03e1b9ac71" 200 357 "GET http://172.18.0.2:8080/v1/AUTH_9dfeb33600594e98af860dd2d94f2fd5/gnocchi.0be24246-c817-44ab-a58b-df03e1b9ac71?format=json&states=listing" "tx6de2ea0fbe1c47fbb42f6-00695c44c2" "proxy-server 20" 0.0077 "-" 23 0
Jan 5 23:09:54 standalone proxy-server[129267]: 172.18.0.2 172.18.0.100 05/Jan/2026/23/09/54 GET /v1/AUTH_9dfeb33600594e98af860dd2d94f2fd5/gnocchi.0be24246-c817-44ab-a58b-df03e1b9ac71%3Fformat%3Djson%26states%3Dlisting HTTP/1.0 200 - python-swiftclient-3.11.1 gAAAAABpXEQriJA3... - 357 - tx6de2ea0fbe1c47fbb42f6-00695c44c2 - 0.0131 - - 1767654594.589467764 1767654594.602546453 0
Jan 5 23:09:54 standalone container-server[127278]: 172.20.0.100 - - [05/Jan/2026:23:09:54 +0000] "GET /d1/567/AUTH_9dfeb33600594e98af860dd2d94f2fd5/gnocchi.0be24246-c817-44ab-a58b-df03e1b9ac71" 200 2 "GET http://172.18.0.2:8080/v1/AUTH_9dfeb33600594e98af860dd2d94f2fd5/gnocchi.0be24246-c817-44ab-a58b-df03e1b9ac71?format=json&marker=none_v3&states=listing" "txc495d0f6b93d474b8a315-00695c44c2" "proxy-server 20" 0.0038 "-" 22 0
Jan 5 23:09:54 standalone proxy-server[129267]: 172.18.0.2 172.18.0.100 05/Jan/2026/23/09/54 GET /v1/AUTH_9dfeb33600594e98af860dd2d94f2fd5/gnocchi.0be24246-c817-44ab-a58b-df03e1b9ac71%3Fformat%3Djson%26marker%3Dnone_v3%26states%3Dlisting HTTP/1.0 200 - python-swiftclient-3.11.1 gAAAAABpXEQriJA3... - 2 - txc495d0f6b93d474b8a315-00695c44c2 - 0.0087 - - 1767654594.604524374 1767654594.613189459 0
Jan 5 23:09:54 standalone object-server[127317]: 172.20.0.100 - - [05/Jan/2026:23:09:54 +0000] "GET /d1/401/AUTH_9dfeb33600594e98af860dd2d94f2fd5/gnocchi.0be24246-c817-44ab-a58b-df03e1b9ac71/1766880000.0_mean_300.0_v3" 200 16 "GET http://172.18.0.2:8080/v1/AUTH_9dfeb33600594e98af860dd2d94f2fd5/gnocchi.0be24246-c817-44ab-a58b-df03e1b9ac71/1766880000.0_mean_300.0_v3" "tx74c818fd238e4858a442d-00695c44c2" "proxy-server 20" 0.0007 "-" 24 0
Jan 5 23:09:54 standalone proxy-server[129267]: 172.18.0.2 172.18.0.100 05/Jan/2026/23/09/54 GET /v1/AUTH_9dfeb33600594e98af860dd2d94f2fd5/gnocchi.0be24246-c817-44ab-a58b-df03e1b9ac71/1766880000.0_mean_300.0_v3 HTTP/1.0 200 - python-swiftclient-3.11.1 gAAAAABpXEQriJA3... - 16 - tx74c818fd238e4858a442d-00695c44c2 - 0.0048 - - 1767654594.615460396 1767654594.620224476 0
Jan 5 23:09:54 standalone container-server[127259]: 172.20.0.100 - - [05/Jan/2026:23:09:54 +0000] "PUT /d1/567/AUTH_9dfeb33600594e98af860dd2d94f2fd5/gnocchi.0be24246-c817-44ab-a58b-df03e1b9ac71/1766880000.0_mean_300.0_v3" 201 - "PUT http://172.18.0.2:8080/d1/401/AUTH_9dfeb33600594e98af860dd2d94f2fd5/gnocchi.0be24246-c817-44ab-a58b-df03e1b9ac71/1766880000.0_mean_300.0_v3" "txcfe41b6ec83447c19acc3-00695c44c2" "object-server 22" 0.0011 "-" 20 0
Jan 5 23:09:54 standalone object-server[127310]: 172.20.0.100 - - [05/Jan/2026:23:09:54 +0000] "PUT /d1/401/AUTH_9dfeb33600594e98af860dd2d94f2fd5/gnocchi.0be24246-c817-44ab-a58b-df03e1b9ac71/1766880000.0_mean_300.0_v3" 201 - "PUT http://172.18.0.2:8080/v1/AUTH_9dfeb33600594e98af860dd2d94f2fd5/gnocchi.0be24246-c817-44ab-a58b-df03e1b9ac71/1766880000.0_mean_300.0_v3" "txcfe41b6ec83447c19acc3-00695c44c2" "proxy-server 20" 0.0112 "-" 22 0
Jan 5 23:09:54 standalone proxy-server[129267]: 172.18.0.2 172.18.0.100 05/Jan/2026/23/09/54 PUT /v1/AUTH_9dfeb33600594e98af860dd2d94f2fd5/gnocchi.0be24246-c817-44ab-a58b-df03e1b9ac71/1766880000.0_mean_300.0_v3 HTTP/1.0 201 - python-swiftclient-3.11.1 gAAAAABpXEQriJA3... 16 - - txcfe41b6ec83447c19acc3-00695c44c2 - 0.0161 - - 1767654594.622085094 1767654594.638172388 0
Jan 5 23:09:54 standalone container-server[127278]: 172.20.0.100 - - [05/Jan/2026:23:09:54 +0000] "PUT /d1/567/AUTH_9dfeb33600594e98af860dd2d94f2fd5/gnocchi.0be24246-c817-44ab-a58b-df03e1b9ac71/none_v3" 201 - "PUT http://172.18.0.2:8080/d1/552/AUTH_9dfeb33600594e98af860dd2d94f2fd5/gnocchi.0be24246-c817-44ab-a58b-df03e1b9ac71/none_v3" "txb7cd148360eb443bb9789-00695c44c2" "object-server 23" 0.0007 "-" 22 0
Jan 5 23:09:54 standalone object-server[127313]: 172.20.0.100 - - [05/Jan/2026:23:09:54 +0000] "PUT /d1/552/AUTH_9dfeb33600594e98af860dd2d94f2fd5/gnocchi.0be24246-c817-44ab-a58b-df03e1b9ac71/none_v3" 201 - "PUT http://172.18.0.2:8080/v1/AUTH_9dfeb33600594e98af860dd2d94f2fd5/gnocchi.0be24246-c817-44ab-a58b-df03e1b9ac71/none_v3" "txb7cd148360eb443bb9789-00695c44c2" "proxy-server 20" 0.0108 "-" 23 0
Jan 5 23:09:54 standalone proxy-server[129267]: 172.18.0.2 172.18.0.100 05/Jan/2026/23/09/54 PUT /v1/AUTH_9dfeb33600594e98af860dd2d94f2fd5/gnocchi.0be24246-c817-44ab-a58b-df03e1b9ac71/none_v3 HTTP/1.0 201 - python-swiftclient-3.11.1 gAAAAABpXEQriJA3... 32 - - txb7cd148360eb443bb9789-00695c44c2 - 0.0147 - - 1767654594.640248537 1767654594.654926538 0
Jan 5 23:10:00 standalone account-server[127174]: 172.20.0.100 - - [05/Jan/2026:23:10:00 +0000] "HEAD /d1/787/.expiring_objects" 404 - "HEAD http://localhost/v1/.expiring_objects?format=json" "tx4476290dc6954bdc80d8a-00695c44c8" "proxy-server 2" 0.0005 "-" 23 -
Jan 5 23:10:00 standalone object-expirer[126970]: Pass completed in 0s; 0 objects expired (txn: tx4476290dc6954bdc80d8a-00695c44c8)
Jan 5 23:10:05 standalone container-server[127278]: 172.20.0.100 - - [05/Jan/2026:23:10:05 +0000] "HEAD /d1/856/AUTH_9dfeb33600594e98af860dd2d94f2fd5/gnocchi.db331f80-0d9a-4418-9c6a-857e5a5e729c" 404 - "HEAD http://172.18.0.2:8080/v1/AUTH_9dfeb33600594e98af860dd2d94f2fd5/gnocchi.db331f80-0d9a-4418-9c6a-857e5a5e729c?format=json&states=listing" "tx44275da467fc414294e29-00695c44cd" "proxy-server 20" 0.0009 "-" 22 0
Jan 5 23:10:05 standalone object-server[127317]: 172.20.0.100 - - [05/Jan/2026:23:10:05 +0000] "GET /d1/46/AUTH_9dfeb33600594e98af860dd2d94f2fd5/gnocchi.db331f80-0d9a-4418-9c6a-857e5a5e729c/none_v3" 404 70 "GET http://172.18.0.2:8080/v1/AUTH_9dfeb33600594e98af860dd2d94f2fd5/gnocchi.db331f80-0d9a-4418-9c6a-857e5a5e729c/none_v3" "tx44275da467fc414294e29-00695c44cd" "proxy-server 20" 0.0005 "-" 24 0
Jan 5 23:10:05 standalone proxy-server[129267]: 172.18.0.2 172.18.0.100 05/Jan/2026/23/10/05 GET /v1/AUTH_9dfeb33600594e98af860dd2d94f2fd5/gnocchi.db331f80-0d9a-4418-9c6a-857e5a5e729c/none_v3 HTTP/1.0 404 - python-swiftclient-3.11.1 gAAAAABpXEQriJA3... - 70 - tx44275da467fc414294e29-00695c44cd - 0.0118 - - 1767654605.846861124 1767654605.858686447 0
Jan 5 23:10:05 standalone account-server[127154]: 172.20.0.100 - - [05/Jan/2026:23:10:05 +0000] "PUT /d1/795/AUTH_9dfeb33600594e98af860dd2d94f2fd5/gnocchi.db331f80-0d9a-4418-9c6a-857e5a5e729c" 201 - "PUT http://172.20.0.100:6001/d1/856/AUTH_9dfeb33600594e98af860dd2d94f2fd5/gnocchi.db331f80-0d9a-4418-9c6a-857e5a5e729c" "tx2935102254d848d7be773-00695c44cd" "container-server 21" 0.0055 "-" 20 0
Jan 5 23:10:05 standalone container-server[127263]: 172.20.0.100 - - [05/Jan/2026:23:10:05 +0000] "PUT /d1/856/AUTH_9dfeb33600594e98af860dd2d94f2fd5/gnocchi.db331f80-0d9a-4418-9c6a-857e5a5e729c" 201 - "PUT http://172.18.0.2:8080/v1/AUTH_9dfeb33600594e98af860dd2d94f2fd5/gnocchi.db331f80-0d9a-4418-9c6a-857e5a5e729c" "tx2935102254d848d7be773-00695c44cd" "proxy-server 20" 0.0173 "-" 21 0
Jan 5 23:10:05 standalone proxy-server[129267]: 172.18.0.2 172.18.0.100 05/Jan/2026/23/10/05 PUT /v1/AUTH_9dfeb33600594e98af860dd2d94f2fd5/gnocchi.db331f80-0d9a-4418-9c6a-857e5a5e729c HTTP/1.0 201 - python-swiftclient-3.11.1 gAAAAABpXEQriJA3... - - - tx2935102254d848d7be773-00695c44cd - 0.0229 - - 1767654605.863691330 1767654605.886610985 0
Jan 5 23:10:05 standalone container-server[127263]: 172.20.0.100 - - [05/Jan/2026:23:10:05 +0000] "HEAD /d1/856/AUTH_9dfeb33600594e98af860dd2d94f2fd5/gnocchi.db331f80-0d9a-4418-9c6a-857e5a5e729c" 204 - "HEAD http://172.18.0.2:8080/v1/AUTH_9dfeb33600594e98af860dd2d94f2fd5/gnocchi.db331f80-0d9a-4418-9c6a-857e5a5e729c?format=json&states=listing" "txb45cb4d56c094fa091db0-00695c44cd" "proxy-server 20" 0.0016 "-" 21 0
Jan 5 23:10:05 standalone proxy-server[129267]: - - 05/Jan/2026/23/10/05 HEAD /v1/AUTH_9dfeb33600594e98af860dd2d94f2fd5/gnocchi.db331f80-0d9a-4418-9c6a-857e5a5e729c%3Fformat%3Djson%26states%3Dlisting HTTP/1.0 204 - Swift - - - - txb45cb4d56c094fa091db0-00695c44cd - 0.0065 RL - 1767654605.892419100 1767654605.898957968 0
Jan 5 23:10:05 standalone container-server[127263]: 172.20.0.100 - - [05/Jan/2026:23:10:05 +0000] "GET /d1/856/AUTH_9dfeb33600594e98af860dd2d94f2fd5/gnocchi.db331f80-0d9a-4418-9c6a-857e5a5e729c" 200 2 "GET http://172.18.0.2:8080/v1/AUTH_9dfeb33600594e98af860dd2d94f2fd5/gnocchi.db331f80-0d9a-4418-9c6a-857e5a5e729c?format=json&states=listing" "txb45cb4d56c094fa091db0-00695c44cd" "proxy-server 20" 0.0022 "-" 21 0
Jan 5 23:10:05 standalone proxy-server[129267]: 172.18.0.2 172.18.0.100 05/Jan/2026/23/10/05 GET /v1/AUTH_9dfeb33600594e98af860dd2d94f2fd5/gnocchi.db331f80-0d9a-4418-9c6a-857e5a5e729c%3Fformat%3Djson%26states%3Dlisting HTTP/1.0 200 - python-swiftclient-3.11.1 gAAAAABpXEQriJA3... - 2 - txb45cb4d56c094fa091db0-00695c44cd - 0.0165 - - 1767654605.891266346 1767654605.907761097 0
Jan 5 23:10:05 standalone object-server[127327]: 172.20.0.100 - - [05/Jan/2026:23:10:05 +0000] "GET /d1/141/AUTH_9dfeb33600594e98af860dd2d94f2fd5/gnocchi.db331f80-0d9a-4418-9c6a-857e5a5e729c/1766880000.0_mean_300.0_v3" 404 70 "GET http://172.18.0.2:8080/v1/AUTH_9dfeb33600594e98af860dd2d94f2fd5/gnocchi.db331f80-0d9a-4418-9c6a-857e5a5e729c/1766880000.0_mean_300.0_v3" "tx7845649bda3145619b8e4-00695c44cd" "proxy-server 20" 0.0004 "-" 25 0
Jan 5 23:10:05 standalone proxy-server[129267]: 172.18.0.2 172.18.0.100 05/Jan/2026/23/10/05 GET /v1/AUTH_9dfeb33600594e98af860dd2d94f2fd5/gnocchi.db331f80-0d9a-4418-9c6a-857e5a5e729c/1766880000.0_mean_300.0_v3 HTTP/1.0 404 - python-swiftclient-3.11.1 gAAAAABpXEQriJA3... - 70 - tx7845649bda3145619b8e4-00695c44cd - 0.0049 - - 1767654605.911947250 1767654605.916875601 0
Jan 5 23:10:05 standalone container-server[127279]: 172.20.0.100 - - [05/Jan/2026:23:10:05 +0000] "PUT /d1/856/AUTH_9dfeb33600594e98af860dd2d94f2fd5/gnocchi.db331f80-0d9a-4418-9c6a-857e5a5e729c/1766880000.0_mean_300.0_v3" 201 - "PUT http://172.18.0.2:8080/d1/141/AUTH_9dfeb33600594e98af860dd2d94f2fd5/gnocchi.db331f80-0d9a-4418-9c6a-857e5a5e729c/1766880000.0_mean_300.0_v3" "txc772928ea89b423bbb6b0-00695c44cd" "object-server 25" 0.0005 "-" 23 0
Jan 5 23:10:05 standalone object-server[127327]: 172.20.0.100 - - [05/Jan/2026:23:10:05 +0000] "PUT /d1/141/AUTH_9dfeb33600594e98af860dd2d94f2fd5/gnocchi.db331f80-0d9a-4418-9c6a-857e5a5e729c/1766880000.0_mean_300.0_v3" 201 - "PUT http://172.18.0.2:8080/v1/AUTH_9dfeb33600594e98af860dd2d94f2fd5/gnocchi.db331f80-0d9a-4418-9c6a-857e5a5e729c/1766880000.0_mean_300.0_v3" "txc772928ea89b423bbb6b0-00695c44cd" "proxy-server 20" 0.0094 "-" 25 0
Jan 5 23:10:05 standalone proxy-server[129267]: 172.18.0.2 172.18.0.100 05/Jan/2026/23/10/05 PUT /v1/AUTH_9dfeb33600594e98af860dd2d94f2fd5/gnocchi.db331f80-0d9a-4418-9c6a-857e5a5e729c/1766880000.0_mean_300.0_v3 HTTP/1.0 201 - python-swiftclient-3.11.1 gAAAAABpXEQriJA3... 16 - - txc772928ea89b423bbb6b0-00695c44cd - 0.0135 - - 1767654605.920032978 1767654605.933573008 0
Jan 5 23:10:05 standalone container-server[127279]: 172.20.0.100 - - [05/Jan/2026:23:10:05 +0000] "PUT /d1/856/AUTH_9dfeb33600594e98af860dd2d94f2fd5/gnocchi.db331f80-0d9a-4418-9c6a-857e5a5e729c/none_v3" 201 - "PUT http://172.18.0.2:8080/d1/46/AUTH_9dfeb33600594e98af860dd2d94f2fd5/gnocchi.db331f80-0d9a-4418-9c6a-857e5a5e729c/none_v3" "tx5c2a65ef247f4eccabeea-00695c44cd" "object-server 24" 0.0004 "-" 23 0
Jan 5 23:10:05 standalone object-server[127317]: 172.20.0.100 - - [05/Jan/2026:23:10:05 +0000] "PUT /d1/46/AUTH_9dfeb33600594e98af860dd2d94f2fd5/gnocchi.db331f80-0d9a-4418-9c6a-857e5a5e729c/none_v3" 201 - "PUT http://172.18.0.2:8080/v1/AUTH_9dfeb33600594e98af860dd2d94f2fd5/gnocchi.db331f80-0d9a-4418-9c6a-857e5a5e729c/none_v3" "tx5c2a65ef247f4eccabeea-00695c44cd" "proxy-server 20" 0.0072 "-" 24 0
Jan 5 23:10:05 standalone proxy-server[129267]: 172.18.0.2 172.18.0.100 05/Jan/2026/23/10/05 PUT /v1/AUTH_9dfeb33600594e98af860dd2d94f2fd5/gnocchi.db331f80-0d9a-4418-9c6a-857e5a5e729c/none_v3 HTTP/1.0 201 - python-swiftclient-3.11.1 gAAAAABpXEQriJA3... 22 - - tx5c2a65ef247f4eccabeea-00695c44cd - 0.0130 - - 1767654605.936619997 1767654605.949645758 0
Jan 5 23:10:05 standalone container-server[127279]: 172.20.0.100 - - [05/Jan/2026:23:10:05 +0000] "HEAD /d1/667/AUTH_9dfeb33600594e98af860dd2d94f2fd5/gnocchi.b5293ef3-b426-4613-bdf9-adf670613926" 404 - "HEAD http://172.18.0.2:8080/v1/AUTH_9dfeb33600594e98af860dd2d94f2fd5/gnocchi.b5293ef3-b426-4613-bdf9-adf670613926?format=json&states=listing" "tx37b458a0a95441599aaa7-00695c44cd" "proxy-server 20" 0.0004 "-" 23 0
Jan 5 23:10:05 standalone object-server[127317]: 172.20.0.100 - - [05/Jan/2026:23:10:05 +0000] "GET /d1/789/AUTH_9dfeb33600594e98af860dd2d94f2fd5/gnocchi.b5293ef3-b426-4613-bdf9-adf670613926/none_v3" 404 70 "GET http://172.18.0.2:8080/v1/AUTH_9dfeb33600594e98af860dd2d94f2fd5/gnocchi.b5293ef3-b426-4613-bdf9-adf670613926/none_v3" "tx37b458a0a95441599aaa7-00695c44cd" "proxy-server 20" 0.0004 "-" 24 0
Jan 5 23:10:05 standalone proxy-server[129267]: 172.18.0.2 172.18.0.100 05/Jan/2026/23/10/05 GET /v1/AUTH_9dfeb33600594e98af860dd2d94f2fd5/gnocchi.b5293ef3-b426-4613-bdf9-adf670613926/none_v3 HTTP/1.0 404 - python-swiftclient-3.11.1 gAAAAABpXEQriJA3... - 70 - tx37b458a0a95441599aaa7-00695c44cd - 0.0084 - - 1767654605.968733788 1767654605.977112532 0
Jan 5 23:10:05 standalone account-server[127154]: 172.20.0.100 - - [05/Jan/2026:23:10:05 +0000] "PUT /d1/795/AUTH_9dfeb33600594e98af860dd2d94f2fd5/gnocchi.b5293ef3-b426-4613-bdf9-adf670613926" 201 - "PUT http://172.20.0.100:6001/d1/667/AUTH_9dfeb33600594e98af860dd2d94f2fd5/gnocchi.b5293ef3-b426-4613-bdf9-adf670613926" "tx776e803722324a5ca4638-00695c44cd" "container-server 23" 0.0057 "-" 20 0
Jan 5 23:10:06 standalone container-server[127279]: 172.20.0.100 - - [05/Jan/2026:23:10:06 +0000] "PUT /d1/667/AUTH_9dfeb33600594e98af860dd2d94f2fd5/gnocchi.b5293ef3-b426-4613-bdf9-adf670613926" 201 - "PUT http://172.18.0.2:8080/v1/AUTH_9dfeb33600594e98af860dd2d94f2fd5/gnocchi.b5293ef3-b426-4613-bdf9-adf670613926" "tx776e803722324a5ca4638-00695c44cd" "proxy-server 20" 0.0179 "-" 23 0
Jan 5 23:10:06 standalone proxy-server[129267]: 172.18.0.2 172.18.0.100 05/Jan/2026/23/10/06 PUT /v1/AUTH_9dfeb33600594e98af860dd2d94f2fd5/gnocchi.b5293ef3-b426-4613-bdf9-adf670613926 HTTP/1.0 201 - python-swiftclient-3.11.1 gAAAAABpXEQriJA3... - - - tx776e803722324a5ca4638-00695c44cd - 0.0227 - - 1767654605.979315996 1767654606.001995087 0
Jan 5 23:10:06 standalone container-server[127278]: 172.20.0.100 - - [05/Jan/2026:23:10:06 +0000] "HEAD /d1/667/AUTH_9dfeb33600594e98af860dd2d94f2fd5/gnocchi.b5293ef3-b426-4613-bdf9-adf670613926" 204 - "HEAD http://172.18.0.2:8080/v1/AUTH_9dfeb33600594e98af860dd2d94f2fd5/gnocchi.b5293ef3-b426-4613-bdf9-adf670613926?format=json&states=listing" "txc0da20cf05be4d0c97700-00695c44ce" "proxy-server 20" 0.0012 "-" 22 0
Jan 5 23:10:06 standalone proxy-server[129267]: - - 05/Jan/2026/23/10/06 HEAD /v1/AUTH_9dfeb33600594e98af860dd2d94f2fd5/gnocchi.b5293ef3-b426-4613-bdf9-adf670613926%3Fformat%3Djson%26states%3Dlisting HTTP/1.0 204 - Swift - - - - txc0da20cf05be4d0c97700-00695c44ce - 0.0044 RL - 1767654606.007428646 1767654606.011805296 0
Jan 5 23:10:06 standalone container-server[127259]: 172.20.0.100 - - [05/Jan/2026:23:10:06 +0000] "GET /d1/667/AUTH_9dfeb33600594e98af860dd2d94f2fd5/gnocchi.b5293ef3-b426-4613-bdf9-adf670613926" 200 2 "GET http://172.18.0.2:8080/v1/AUTH_9dfeb33600594e98af860dd2d94f2fd5/gnocchi.b5293ef3-b426-4613-bdf9-adf670613926?format=json&states=listing" "txc0da20cf05be4d0c97700-00695c44ce" "proxy-server 20" 0.0017 "-" 20 0
Jan 5 23:10:06 standalone proxy-server[129267]: 172.18.0.2 172.18.0.100 05/Jan/2026/23/10/06 GET /v1/AUTH_9dfeb33600594e98af860dd2d94f2fd5/gnocchi.b5293ef3-b426-4613-bdf9-adf670613926%3Fformat%3Djson%26states%3Dlisting HTTP/1.0 200 - python-swiftclient-3.11.1 gAAAAABpXEQriJA3... - 2 - txc0da20cf05be4d0c97700-00695c44ce - 0.0121 - - 1767654606.006309748 1767654606.018386841 0
Jan 5 23:10:06 standalone object-server[127313]: 172.20.0.100 - - [05/Jan/2026:23:10:06 +0000] "GET /d1/384/AUTH_9dfeb33600594e98af860dd2d94f2fd5/gnocchi.b5293ef3-b426-4613-bdf9-adf670613926/1766880000.0_mean_300.0_v3" 404 70 "GET http://172.18.0.2:8080/v1/AUTH_9dfeb33600594e98af860dd2d94f2fd5/gnocchi.b5293ef3-b426-4613-bdf9-adf670613926/1766880000.0_mean_300.0_v3" "tx7982ba25228a4323afc68-00695c44ce" "proxy-server 20" 0.0003 "-" 23 0
Jan 5 23:10:06 standalone proxy-server[129267]: 172.18.0.2 172.18.0.100 05/Jan/2026/23/10/06 GET /v1/AUTH_9dfeb33600594e98af860dd2d94f2fd5/gnocchi.b5293ef3-b426-4613-bdf9-adf670613926/1766880000.0_mean_300.0_v3 HTTP/1.0 404 - python-swiftclient-3.11.1 gAAAAABpXEQriJA3... - 70 - tx7982ba25228a4323afc68-00695c44ce - 0.0075 - - 1767654606.021052837 1767654606.028516054 0
Jan 5 23:10:06 standalone container-server[127263]: 172.20.0.100 - - [05/Jan/2026:23:10:06 +0000] "PUT /d1/667/AUTH_9dfeb33600594e98af860dd2d94f2fd5/gnocchi.b5293ef3-b426-4613-bdf9-adf670613926/1766880000.0_mean_300.0_v3" 201 - "PUT http://172.18.0.2:8080/d1/384/AUTH_9dfeb33600594e98af860dd2d94f2fd5/gnocchi.b5293ef3-b426-4613-bdf9-adf670613926/1766880000.0_mean_300.0_v3" "tx9e4984a690424ef5b1b9d-00695c44ce" "object-server 22" 0.0005 "-" 21 0
Jan 5 23:10:06 standalone object-server[127310]: 172.20.0.100 - - [05/Jan/2026:23:10:06 +0000] "PUT /d1/384/AUTH_9dfeb33600594e98af860dd2d94f2fd5/gnocchi.b5293ef3-b426-4613-bdf9-adf670613926/1766880000.0_mean_300.0_v3" 201 - "PUT http://172.18.0.2:8080/v1/AUTH_9dfeb33600594e98af860dd2d94f2fd5/gnocchi.b5293ef3-b426-4613-bdf9-adf670613926/1766880000.0_mean_300.0_v3" "tx9e4984a690424ef5b1b9d-00695c44ce" "proxy-server 20" 0.0062 "-" 22 0
Jan 5 23:10:06 standalone proxy-server[129267]: 172.18.0.2 172.18.0.100 05/Jan/2026/23/10/06 PUT /v1/AUTH_9dfeb33600594e98af860dd2d94f2fd5/gnocchi.b5293ef3-b426-4613-bdf9-adf670613926/1766880000.0_mean_300.0_v3 HTTP/1.0 201 - python-swiftclient-3.11.1 gAAAAABpXEQriJA3... 16 - - tx9e4984a690424ef5b1b9d-00695c44ce - 0.0103 - - 1767654606.030474186 1767654606.040774584 0
Jan 5 23:10:06 standalone container-server[127259]: 172.20.0.100 - - [05/Jan/2026:23:10:06 +0000] "PUT /d1/667/AUTH_9dfeb33600594e98af860dd2d94f2fd5/gnocchi.b5293ef3-b426-4613-bdf9-adf670613926/none_v3" 201 - "PUT http://172.18.0.2:8080/d1/789/AUTH_9dfeb33600594e98af860dd2d94f2fd5/gnocchi.b5293ef3-b426-4613-bdf9-adf670613926/none_v3" "tx451835747f8a43909a5ff-00695c44ce" "object-server 22" 0.0004 "-" 20 0
Jan 5 23:10:06 standalone object-server[127310]: 172.20.0.100 - - [05/Jan/2026:23:10:06 +0000] "PUT /d1/789/AUTH_9dfeb33600594e98af860dd2d94f2fd5/gnocchi.b5293ef3-b426-4613-bdf9-adf670613926/none_v3" 201 - "PUT http://172.18.0.2:8080/v1/AUTH_9dfeb33600594e98af860dd2d94f2fd5/gnocchi.b5293ef3-b426-4613-bdf9-adf670613926/none_v3" "tx451835747f8a43909a5ff-00695c44ce" "proxy-server 20" 0.0066 "-" 22 0
Jan 5 23:10:06 standalone proxy-server[129267]: 172.18.0.2 172.18.0.100 05/Jan/2026/23/10/06 PUT /v1/AUTH_9dfeb33600594e98af860dd2d94f2fd5/gnocchi.b5293ef3-b426-4613-bdf9-adf670613926/none_v3 HTTP/1.0 201 - python-swiftclient-3.11.1 gAAAAABpXEQriJA3... 22 - - tx451835747f8a43909a5ff-00695c44ce - 0.0101 - - 1767654606.042435169 1767654606.052505493 0
Jan 5 23:10:06 standalone container-server[127279]: 172.20.0.100 - - [05/Jan/2026:23:10:06 +0000] "HEAD /d1/929/AUTH_9dfeb33600594e98af860dd2d94f2fd5/gnocchi.23a4addd-8208-4207-82cd-f1871fb9dba7" 404 - "HEAD http://172.18.0.2:8080/v1/AUTH_9dfeb33600594e98af860dd2d94f2fd5/gnocchi.23a4addd-8208-4207-82cd-f1871fb9dba7?format=json&states=listing" "txe41ed4c6ac43439eb4f4c-00695c44ce" "proxy-server 20" 0.0004 "-" 23 0
Jan 5 23:10:06 standalone object-server[127310]: 172.20.0.100 - - [05/Jan/2026:23:10:06 +0000] "GET /d1/638/AUTH_9dfeb33600594e98af860dd2d94f2fd5/gnocchi.23a4addd-8208-4207-82cd-f1871fb9dba7/none_v3" 404 70 "GET http://172.18.0.2:8080/v1/AUTH_9dfeb33600594e98af860dd2d94f2fd5/gnocchi.23a4addd-8208-4207-82cd-f1871fb9dba7/none_v3" "txe41ed4c6ac43439eb4f4c-00695c44ce" "proxy-server 20" 0.0003 "-" 22 0
Jan 5 23:10:06 standalone proxy-server[129267]: 172.18.0.2 172.18.0.100 05/Jan/2026/23/10/06 GET /v1/AUTH_9dfeb33600594e98af860dd2d94f2fd5/gnocchi.23a4addd-8208-4207-82cd-f1871fb9dba7/none_v3 HTTP/1.0 404 - python-swiftclient-3.11.1 gAAAAABpXEQriJA3... - 70 - txe41ed4c6ac43439eb4f4c-00695c44ce - 0.0073 - - 1767654606.061469555 1767654606.068788528 0
Jan 5 23:10:06 standalone account-server[127160]: 172.20.0.100 - - [05/Jan/2026:23:10:06 +0000] "PUT /d1/795/AUTH_9dfeb33600594e98af860dd2d94f2fd5/gnocchi.23a4addd-8208-4207-82cd-f1871fb9dba7" 201 - "PUT http://172.20.0.100:6001/d1/929/AUTH_9dfeb33600594e98af860dd2d94f2fd5/gnocchi.23a4addd-8208-4207-82cd-f1871fb9dba7" "tx1c145ccc495e477eae526-00695c44ce" "container-server 21" 0.0040 "-" 21 0
Jan 5 23:10:06 standalone container-server[127263]: 172.20.0.100 - - [05/Jan/2026:23:10:06 +0000] "PUT /d1/929/AUTH_9dfeb33600594e98af860dd2d94f2fd5/gnocchi.23a4addd-8208-4207-82cd-f1871fb9dba7" 201 - "PUT http://172.18.0.2:8080/v1/AUTH_9dfeb33600594e98af860dd2d94f2fd5/gnocchi.23a4addd-8208-4207-82cd-f1871fb9dba7" "tx1c145ccc495e477eae526-00695c44ce" "proxy-server 20" 0.0125 "-" 21 0
Jan 5 23:10:06 standalone proxy-server[129267]: 172.18.0.2 172.18.0.100 05/Jan/2026/23/10/06 PUT /v1/AUTH_9dfeb33600594e98af860dd2d94f2fd5/gnocchi.23a4addd-8208-4207-82cd-f1871fb9dba7 HTTP/1.0 201 - python-swiftclient-3.11.1 gAAAAABpXEQriJA3... - - - tx1c145ccc495e477eae526-00695c44ce - 0.0162 - - 1767654606.070460558 1767654606.086699963 0
Jan 5 23:10:06 standalone container-server[127259]: 172.20.0.100 - - [05/Jan/2026:23:10:06 +0000] "HEAD /d1/929/AUTH_9dfeb33600594e98af860dd2d94f2fd5/gnocchi.23a4addd-8208-4207-82cd-f1871fb9dba7" 204 - "HEAD http://172.18.0.2:8080/v1/AUTH_9dfeb33600594e98af860dd2d94f2fd5/gnocchi.23a4addd-8208-4207-82cd-f1871fb9dba7?format=json&states=listing" "tx5085424db42345cc8a64a-00695c44ce" "proxy-server 20" 0.0010 "-" 20 0
Jan 5 23:10:06 standalone proxy-server[129267]: - - 05/Jan/2026/23/10/06 HEAD /v1/AUTH_9dfeb33600594e98af860dd2d94f2fd5/gnocchi.23a4addd-8208-4207-82cd-f1871fb9dba7%3Fformat%3Djson%26states%3Dlisting HTTP/1.0 204 - Swift - - - - tx5085424db42345cc8a64a-00695c44ce - 0.0035 RL - 1767654606.090055704 1767654606.093602896 0
Jan 5 23:10:06 standalone container-server[127278]: 172.20.0.100 - - [05/Jan/2026:23:10:06 +0000] "GET /d1/929/AUTH_9dfeb33600594e98af860dd2d94f2fd5/gnocchi.23a4addd-8208-4207-82cd-f1871fb9dba7" 200 2 "GET http://172.18.0.2:8080/v1/AUTH_9dfeb33600594e98af860dd2d94f2fd5/gnocchi.23a4addd-8208-4207-82cd-f1871fb9dba7?format=json&states=listing" "tx5085424db42345cc8a64a-00695c44ce" "proxy-server 20" 0.0038 "-" 22 0
Jan 5 23:10:06 standalone proxy-server[129267]: 172.18.0.2 172.18.0.100 05/Jan/2026/23/10/06 GET /v1/AUTH_9dfeb33600594e98af860dd2d94f2fd5/gnocchi.23a4addd-8208-4207-82cd-f1871fb9dba7%3Fformat%3Djson%26states%3Dlisting HTTP/1.0 200 - python-swiftclient-3.11.1 gAAAAABpXEQriJA3... - 2 - tx5085424db42345cc8a64a-00695c44ce - 0.0136 - - 1767654606.089013815 1767654606.102619648 0
Jan 5 23:10:06 standalone object-server[127317]: 172.20.0.100 - - [05/Jan/2026:23:10:06 +0000] "GET /d1/569/AUTH_9dfeb33600594e98af860dd2d94f2fd5/gnocchi.23a4addd-8208-4207-82cd-f1871fb9dba7/1766880000.0_mean_300.0_v3" 404 70 "GET http://172.18.0.2:8080/v1/AUTH_9dfeb33600594e98af860dd2d94f2fd5/gnocchi.23a4addd-8208-4207-82cd-f1871fb9dba7/1766880000.0_mean_300.0_v3" "tx3aef2626137f45cabaa2c-00695c44ce" "proxy-server 20" 0.0004 "-" 24 0
Jan 5 23:10:06 standalone proxy-server[129267]: 172.18.0.2 172.18.0.100 05/Jan/2026/23/10/06 GET /v1/AUTH_9dfeb33600594e98af860dd2d94f2fd5/gnocchi.23a4addd-8208-4207-82cd-f1871fb9dba7/1766880000.0_mean_300.0_v3 HTTP/1.0 404 - python-swiftclient-3.11.1 gAAAAABpXEQriJA3... - 70 - tx3aef2626137f45cabaa2c-00695c44ce - 0.0049 - - 1767654606.105102301 1767654606.109965563 0
Jan 5 23:10:06 standalone container-server[127279]: 172.20.0.100 - - [05/Jan/2026:23:10:06 +0000] "PUT /d1/929/AUTH_9dfeb33600594e98af860dd2d94f2fd5/gnocchi.23a4addd-8208-4207-82cd-f1871fb9dba7/1766880000.0_mean_300.0_v3" 201 - "PUT http://172.18.0.2:8080/d1/569/AUTH_9dfeb33600594e98af860dd2d94f2fd5/gnocchi.23a4addd-8208-4207-82cd-f1871fb9dba7/1766880000.0_mean_300.0_v3" "txd6ff36a1f44f44508f5ba-00695c44ce" "object-server 25" 0.0005 "-" 23 0
Jan 5 23:10:06 standalone object-server[127327]: 172.20.0.100 - - [05/Jan/2026:23:10:06 +0000] "PUT /d1/569/AUTH_9dfeb33600594e98af860dd2d94f2fd5/gnocchi.23a4addd-8208-4207-82cd-f1871fb9dba7/1766880000.0_mean_300.0_v3" 201 - "PUT http://172.18.0.2:8080/v1/AUTH_9dfeb33600594e98af860dd2d94f2fd5/gnocchi.23a4addd-8208-4207-82cd-f1871fb9dba7/1766880000.0_mean_300.0_v3" "txd6ff36a1f44f44508f5ba-00695c44ce" "proxy-server 20" 0.0072 "-" 25 0
Jan 5 23:10:06 standalone proxy-server[129267]: 172.18.0.2 172.18.0.100 05/Jan/2026/23/10/06 PUT /v1/AUTH_9dfeb33600594e98af860dd2d94f2fd5/gnocchi.23a4addd-8208-4207-82cd-f1871fb9dba7/1766880000.0_mean_300.0_v3 HTTP/1.0 201 - python-swiftclient-3.11.1 gAAAAABpXEQriJA3... 16 - - txd6ff36a1f44f44508f5ba-00695c44ce - 0.0117 - - 1767654606.111885071 1767654606.123632669 0
Jan 5 23:10:06 standalone container-server[127278]: 172.20.0.100 - - [05/Jan/2026:23:10:06 +0000] "PUT /d1/929/AUTH_9dfeb33600594e98af860dd2d94f2fd5/gnocchi.23a4addd-8208-4207-82cd-f1871fb9dba7/none_v3" 201 - "PUT http://172.18.0.2:8080/d1/638/AUTH_9dfeb33600594e98af860dd2d94f2fd5/gnocchi.23a4addd-8208-4207-82cd-f1871fb9dba7/none_v3" "txa2fa5b3e72d24b35a320c-00695c44ce" "object-server 23" 0.0007 "-" 22 0
Jan 5 23:10:06 standalone object-server[127313]: 172.20.0.100 - - [05/Jan/2026:23:10:06 +0000] "PUT /d1/638/AUTH_9dfeb33600594e98af860dd2d94f2fd5/gnocchi.23a4addd-8208-4207-82cd-f1871fb9dba7/none_v3" 201 - "PUT http://172.18.0.2:8080/v1/AUTH_9dfeb33600594e98af860dd2d94f2fd5/gnocchi.23a4addd-8208-4207-82cd-f1871fb9dba7/none_v3" "txa2fa5b3e72d24b35a320c-00695c44ce" "proxy-server 20" 0.0072 "-" 23 0
Jan 5 23:10:06 standalone proxy-server[129267]: 172.18.0.2 172.18.0.100 05/Jan/2026/23/10/06 PUT /v1/AUTH_9dfeb33600594e98af860dd2d94f2fd5/gnocchi.23a4addd-8208-4207-82cd-f1871fb9dba7/none_v3 HTTP/1.0 201 - python-swiftclient-3.11.1 gAAAAABpXEQriJA3... 22 - - txa2fa5b3e72d24b35a320c-00695c44ce - 0.0115 - - 1767654606.125385761 1767654606.136863708 0
Jan 5 23:10:06 standalone container-server[127279]: 172.20.0.100 - - [05/Jan/2026:23:10:06 +0000] "HEAD /d1/608/AUTH_9dfeb33600594e98af860dd2d94f2fd5/gnocchi.caa882fe-3a87-4a44-937c-7872a0e30e2a" 404 - "HEAD http://172.18.0.2:8080/v1/AUTH_9dfeb33600594e98af860dd2d94f2fd5/gnocchi.caa882fe-3a87-4a44-937c-7872a0e30e2a?format=json&states=listing" "txf02b0a5c880a4178ae312-00695c44ce" "proxy-server 20" 0.0002 "-" 23 0
Jan 5 23:10:06 standalone object-server[127317]: 172.20.0.100 - - [05/Jan/2026:23:10:06 +0000] "GET /d1/607/AUTH_9dfeb33600594e98af860dd2d94f2fd5/gnocchi.caa882fe-3a87-4a44-937c-7872a0e30e2a/none_v3" 404 70 "GET http://172.18.0.2:8080/v1/AUTH_9dfeb33600594e98af860dd2d94f2fd5/gnocchi.caa882fe-3a87-4a44-937c-7872a0e30e2a/none_v3" "txf02b0a5c880a4178ae312-00695c44ce" "proxy-server 20" 0.0003 "-" 24 0
Jan 5 23:10:06 standalone proxy-server[129267]: 172.18.0.2 172.18.0.100 05/Jan/2026/23/10/06 GET /v1/AUTH_9dfeb33600594e98af860dd2d94f2fd5/gnocchi.caa882fe-3a87-4a44-937c-7872a0e30e2a/none_v3 HTTP/1.0 404 - python-swiftclient-3.11.1 gAAAAABpXEQriJA3... - 70 - txf02b0a5c880a4178ae312-00695c44ce - 0.0069 - - 1767654606.146096468 1767654606.153003931 0
Jan 5 23:10:06 standalone account-server[127174]: 172.20.0.100 - - [05/Jan/2026:23:10:06 +0000] "PUT /d1/795/AUTH_9dfeb33600594e98af860dd2d94f2fd5/gnocchi.caa882fe-3a87-4a44-937c-7872a0e30e2a" 201 - "PUT http://172.20.0.100:6001/d1/608/AUTH_9dfeb33600594e98af860dd2d94f2fd5/gnocchi.caa882fe-3a87-4a44-937c-7872a0e30e2a" "txb7639671764b4022a2116-00695c44ce" "container-server 21" 0.0068 "-" 23 0
Jan 5 23:10:06 standalone container-server[127263]: 172.20.0.100 - - [05/Jan/2026:23:10:06 +0000] "PUT /d1/608/AUTH_9dfeb33600594e98af860dd2d94f2fd5/gnocchi.caa882fe-3a87-4a44-937c-7872a0e30e2a" 201 - "PUT http://172.18.0.2:8080/v1/AUTH_9dfeb33600594e98af860dd2d94f2fd5/gnocchi.caa882fe-3a87-4a44-937c-7872a0e30e2a" "txb7639671764b4022a2116-00695c44ce" "proxy-server 20" 0.0159 "-" 21 0
