Jan 5 23:10:07 standalone container-server[127259]: 172.20.0.100 - - [05/Jan/2026:23:10:07 +0000] "HEAD /d1/783/AUTH_9dfeb33600594e98af860dd2d94f2fd5/gnocchi.92db8649-4fed-4fee-a20b-4ad3adffc8c0" 204 - "HEAD http://172.18.0.2:8080/v1/AUTH_9dfeb33600594e98af860dd2d94f2fd5/gnocchi.92db8649-4fed-4fee-a20b-4ad3adffc8c0?format=json&states=listing" "txdcd742d3d99f4d208f7b7-00695c44cf" "proxy-server 20" 0.0012 "-" 20 0
Jan 5 23:10:07 standalone proxy-server[129267]: - - 05/Jan/2026/23/10/07 HEAD /v1/AUTH_9dfeb33600594e98af860dd2d94f2fd5/gnocchi.92db8649-4fed-4fee-a20b-4ad3adffc8c0%3Fformat%3Djson%26states%3Dlisting HTTP/1.0 204 - Swift - - - - txdcd742d3d99f4d208f7b7-00695c44cf - 0.0083 RL - 1767654607.127573967 1767654607.135890484 0
Jan 5 23:10:07 standalone container-server[127279]: 172.20.0.100 - - [05/Jan/2026:23:10:07 +0000] "GET /d1/783/AUTH_9dfeb33600594e98af860dd2d94f2fd5/gnocchi.92db8649-4fed-4fee-a20b-4ad3adffc8c0" 200 2 "GET http://172.18.0.2:8080/v1/AUTH_9dfeb33600594e98af860dd2d94f2fd5/gnocchi.92db8649-4fed-4fee-a20b-4ad3adffc8c0?format=json&states=listing" "txdcd742d3d99f4d208f7b7-00695c44cf" "proxy-server 20" 0.0021 "-" 23 0
Jan 5 23:10:07 standalone proxy-server[129267]: 172.18.0.2 172.18.0.100 05/Jan/2026/23/10/07 GET /v1/AUTH_9dfeb33600594e98af860dd2d94f2fd5/gnocchi.92db8649-4fed-4fee-a20b-4ad3adffc8c0%3Fformat%3Djson%26states%3Dlisting HTTP/1.0 200 - python-swiftclient-3.11.1 gAAAAABpXEQriJA3... - 2 - txdcd742d3d99f4d208f7b7-00695c44cf - 0.0177 - - 1767654607.126000643 1767654607.143676758 0
Jan 5 23:10:07 standalone object-server[127327]: 172.20.0.100 - - [05/Jan/2026:23:10:07 +0000] "GET /d1/387/AUTH_9dfeb33600594e98af860dd2d94f2fd5/gnocchi.92db8649-4fed-4fee-a20b-4ad3adffc8c0/1766880000.0_mean_300.0_v3" 404 70 "GET http://172.18.0.2:8080/v1/AUTH_9dfeb33600594e98af860dd2d94f2fd5/gnocchi.92db8649-4fed-4fee-a20b-4ad3adffc8c0/1766880000.0_mean_300.0_v3" "txf5a00ec083a446968167b-00695c44cf" "proxy-server 20" 0.0003 "-" 25 0
Jan 5 23:10:07 standalone proxy-server[129267]: 172.18.0.2 172.18.0.100 05/Jan/2026/23/10/07 GET /v1/AUTH_9dfeb33600594e98af860dd2d94f2fd5/gnocchi.92db8649-4fed-4fee-a20b-4ad3adffc8c0/1766880000.0_mean_300.0_v3 HTTP/1.0 404 - python-swiftclient-3.11.1 gAAAAABpXEQriJA3... - 70 - txf5a00ec083a446968167b-00695c44cf - 0.0053 - - 1767654607.147242069 1767654607.152572393 0
Jan 5 23:10:07 standalone container-server[127278]: 172.20.0.100 - - [05/Jan/2026:23:10:07 +0000] "PUT /d1/783/AUTH_9dfeb33600594e98af860dd2d94f2fd5/gnocchi.92db8649-4fed-4fee-a20b-4ad3adffc8c0/1766880000.0_mean_300.0_v3" 201 - "PUT http://172.18.0.2:8080/d1/387/AUTH_9dfeb33600594e98af860dd2d94f2fd5/gnocchi.92db8649-4fed-4fee-a20b-4ad3adffc8c0/1766880000.0_mean_300.0_v3" "tx7b46d35002c340ba8b9ac-00695c44cf" "object-server 24" 0.0008 "-" 22 0
Jan 5 23:10:07 standalone object-server[127317]: 172.20.0.100 - - [05/Jan/2026:23:10:07 +0000] "PUT /d1/387/AUTH_9dfeb33600594e98af860dd2d94f2fd5/gnocchi.92db8649-4fed-4fee-a20b-4ad3adffc8c0/1766880000.0_mean_300.0_v3" 201 - "PUT http://172.18.0.2:8080/v1/AUTH_9dfeb33600594e98af860dd2d94f2fd5/gnocchi.92db8649-4fed-4fee-a20b-4ad3adffc8c0/1766880000.0_mean_300.0_v3" "tx7b46d35002c340ba8b9ac-00695c44cf" "proxy-server 20" 0.0100 "-" 24 0
Jan 5 23:10:07 standalone proxy-server[129267]: 172.18.0.2 172.18.0.100 05/Jan/2026/23/10/07 PUT /v1/AUTH_9dfeb33600594e98af860dd2d94f2fd5/gnocchi.92db8649-4fed-4fee-a20b-4ad3adffc8c0/1766880000.0_mean_300.0_v3 HTTP/1.0 201 - python-swiftclient-3.11.1 gAAAAABpXEQriJA3... 16 - - tx7b46d35002c340ba8b9ac-00695c44cf - 0.0149 - - 1767654607.155825138 1767654607.170689344 0
Jan 5 23:10:07 standalone container-server[127259]: 172.20.0.100 - - [05/Jan/2026:23:10:07 +0000] "PUT /d1/783/AUTH_9dfeb33600594e98af860dd2d94f2fd5/gnocchi.92db8649-4fed-4fee-a20b-4ad3adffc8c0/none_v3" 201 - "PUT http://172.18.0.2:8080/d1/541/AUTH_9dfeb33600594e98af860dd2d94f2fd5/gnocchi.92db8649-4fed-4fee-a20b-4ad3adffc8c0/none_v3" "tx703747696eb245e7b803d-00695c44cf" "object-server 22" 0.0006 "-" 20 0
Jan 5 23:10:07 standalone object-server[127310]: 172.20.0.100 - - [05/Jan/2026:23:10:07 +0000] "PUT /d1/541/AUTH_9dfeb33600594e98af860dd2d94f2fd5/gnocchi.92db8649-4fed-4fee-a20b-4ad3adffc8c0/none_v3" 201 - "PUT http://172.18.0.2:8080/v1/AUTH_9dfeb33600594e98af860dd2d94f2fd5/gnocchi.92db8649-4fed-4fee-a20b-4ad3adffc8c0/none_v3" "tx703747696eb245e7b803d-00695c44cf" "proxy-server 20" 0.0101 "-" 22 0
Jan 5 23:10:07 standalone proxy-server[129267]: 172.18.0.2 172.18.0.100 05/Jan/2026/23/10/07 PUT /v1/AUTH_9dfeb33600594e98af860dd2d94f2fd5/gnocchi.92db8649-4fed-4fee-a20b-4ad3adffc8c0/none_v3 HTTP/1.0 201 - python-swiftclient-3.11.1 gAAAAABpXEQriJA3... 22 - - tx703747696eb245e7b803d-00695c44cf - 0.0163 - - 1767654607.173205853 1767654607.189458847 0
Jan 5 23:10:07 standalone container-server[127279]: 172.20.0.100 - - [05/Jan/2026:23:10:07 +0000] "HEAD /d1/873/AUTH_9dfeb33600594e98af860dd2d94f2fd5/gnocchi.ada0fd62-f185-4295-ad5d-e70e659b0a42" 404 - "HEAD http://172.18.0.2:8080/v1/AUTH_9dfeb33600594e98af860dd2d94f2fd5/gnocchi.ada0fd62-f185-4295-ad5d-e70e659b0a42?format=json&states=listing" "txada8160397234664aefbb-00695c44cf" "proxy-server 20" 0.0005 "-" 23 0
Jan 5 23:10:07 standalone object-server[127317]: 172.20.0.100 - - [05/Jan/2026:23:10:07 +0000] "GET /d1/837/AUTH_9dfeb33600594e98af860dd2d94f2fd5/gnocchi.ada0fd62-f185-4295-ad5d-e70e659b0a42/none_v3" 404 70 "GET http://172.18.0.2:8080/v1/AUTH_9dfeb33600594e98af860dd2d94f2fd5/gnocchi.ada0fd62-f185-4295-ad5d-e70e659b0a42/none_v3" "txada8160397234664aefbb-00695c44cf" "proxy-server 20" 0.0006 "-" 24 0
Jan 5 23:10:07 standalone proxy-server[129267]: 172.18.0.2 172.18.0.100 05/Jan/2026/23/10/07 GET /v1/AUTH_9dfeb33600594e98af860dd2d94f2fd5/gnocchi.ada0fd62-f185-4295-ad5d-e70e659b0a42/none_v3 HTTP/1.0 404 - python-swiftclient-3.11.1 gAAAAABpXEQriJA3... - 70 - txada8160397234664aefbb-00695c44cf - 0.0103 - - 1767654607.206460476 1767654607.216806412 0
Jan 5 23:10:07 standalone account-server[127174]: 172.20.0.100 - - [05/Jan/2026:23:10:07 +0000] "PUT /d1/795/AUTH_9dfeb33600594e98af860dd2d94f2fd5/gnocchi.ada0fd62-f185-4295-ad5d-e70e659b0a42" 201 - "PUT http://172.20.0.100:6001/d1/873/AUTH_9dfeb33600594e98af860dd2d94f2fd5/gnocchi.ada0fd62-f185-4295-ad5d-e70e659b0a42" "txefa3a3f611944620963e1-00695c44cf" "container-server 21" 0.0073 "-" 23 0
Jan 5 23:10:07 standalone container-server[127263]: 172.20.0.100 - - [05/Jan/2026:23:10:07 +0000] "PUT /d1/873/AUTH_9dfeb33600594e98af860dd2d94f2fd5/gnocchi.ada0fd62-f185-4295-ad5d-e70e659b0a42" 201 - "PUT http://172.18.0.2:8080/v1/AUTH_9dfeb33600594e98af860dd2d94f2fd5/gnocchi.ada0fd62-f185-4295-ad5d-e70e659b0a42" "txefa3a3f611944620963e1-00695c44cf" "proxy-server 20" 0.0185 "-" 21 0
Jan 5 23:10:07 standalone proxy-server[129267]: 172.18.0.2 172.18.0.100 05/Jan/2026/23/10/07 PUT /v1/AUTH_9dfeb33600594e98af860dd2d94f2fd5/gnocchi.ada0fd62-f185-4295-ad5d-e70e659b0a42 HTTP/1.0 201 - python-swiftclient-3.11.1 gAAAAABpXEQriJA3... - - - txefa3a3f611944620963e1-00695c44cf - 0.0244 - - 1767654607.220212460 1767654607.244578600 0
Jan 5 23:10:07 standalone container-server[127263]: 172.20.0.100 - - [05/Jan/2026:23:10:07 +0000] "HEAD /d1/873/AUTH_9dfeb33600594e98af860dd2d94f2fd5/gnocchi.ada0fd62-f185-4295-ad5d-e70e659b0a42" 204 - "HEAD http://172.18.0.2:8080/v1/AUTH_9dfeb33600594e98af860dd2d94f2fd5/gnocchi.ada0fd62-f185-4295-ad5d-e70e659b0a42?format=json&states=listing" "txf907426595f84eb68382f-00695c44cf" "proxy-server 20" 0.0010 "-" 21 0
Jan 5 23:10:07 standalone proxy-server[129267]: - - 05/Jan/2026/23/10/07 HEAD /v1/AUTH_9dfeb33600594e98af860dd2d94f2fd5/gnocchi.ada0fd62-f185-4295-ad5d-e70e659b0a42%3Fformat%3Djson%26states%3Dlisting HTTP/1.0 204 - Swift - - - - txf907426595f84eb68382f-00695c44cf - 0.0048 RL - 1767654607.252771854 1767654607.257601500 0
Jan 5 23:10:07 standalone container-server[127278]: 172.20.0.100 - - [05/Jan/2026:23:10:07 +0000] "GET /d1/873/AUTH_9dfeb33600594e98af860dd2d94f2fd5/gnocchi.ada0fd62-f185-4295-ad5d-e70e659b0a42" 200 2 "GET http://172.18.0.2:8080/v1/AUTH_9dfeb33600594e98af860dd2d94f2fd5/gnocchi.ada0fd62-f185-4295-ad5d-e70e659b0a42?format=json&states=listing" "txf907426595f84eb68382f-00695c44cf" "proxy-server 20" 0.0040 "-" 22 0
Jan 5 23:10:07 standalone proxy-server[129267]: 172.18.0.2 172.18.0.100 05/Jan/2026/23/10/07 GET /v1/AUTH_9dfeb33600594e98af860dd2d94f2fd5/gnocchi.ada0fd62-f185-4295-ad5d-e70e659b0a42%3Fformat%3Djson%26states%3Dlisting HTTP/1.0 200 - python-swiftclient-3.11.1 gAAAAABpXEQriJA3... - 2 - txf907426595f84eb68382f-00695c44cf - 0.0194 - - 1767654607.250825882 1767654607.270228624 0
Jan 5 23:10:07 standalone object-server[127327]: 172.20.0.100 - - [05/Jan/2026:23:10:07 +0000] "GET /d1/1014/AUTH_9dfeb33600594e98af860dd2d94f2fd5/gnocchi.ada0fd62-f185-4295-ad5d-e70e659b0a42/1766880000.0_mean_300.0_v3" 404 70 "GET http://172.18.0.2:8080/v1/AUTH_9dfeb33600594e98af860dd2d94f2fd5/gnocchi.ada0fd62-f185-4295-ad5d-e70e659b0a42/1766880000.0_mean_300.0_v3" "txcf1e6c5f1477479590139-00695c44cf" "proxy-server 20" 0.0005 "-" 25 0
Jan 5 23:10:07 standalone proxy-server[129267]: 172.18.0.2 172.18.0.100 05/Jan/2026/23/10/07 GET /v1/AUTH_9dfeb33600594e98af860dd2d94f2fd5/gnocchi.ada0fd62-f185-4295-ad5d-e70e659b0a42/1766880000.0_mean_300.0_v3 HTTP/1.0 404 - python-swiftclient-3.11.1 gAAAAABpXEQriJA3... - 70 - txcf1e6c5f1477479590139-00695c44cf - 0.0084 - - 1767654607.275323391 1767654607.283689737 0
Jan 5 23:10:07 standalone container-server[127279]: 172.20.0.100 - - [05/Jan/2026:23:10:07 +0000] "PUT /d1/873/AUTH_9dfeb33600594e98af860dd2d94f2fd5/gnocchi.ada0fd62-f185-4295-ad5d-e70e659b0a42/1766880000.0_mean_300.0_v3" 201 - "PUT http://172.18.0.2:8080/d1/1014/AUTH_9dfeb33600594e98af860dd2d94f2fd5/gnocchi.ada0fd62-f185-4295-ad5d-e70e659b0a42/1766880000.0_mean_300.0_v3" "tx60aed40c918540cfb8b84-00695c44cf" "object-server 23" 0.0008 "-" 23 0
Jan 5 23:10:07 standalone object-server[127313]: 172.20.0.100 - - [05/Jan/2026:23:10:07 +0000] "PUT /d1/1014/AUTH_9dfeb33600594e98af860dd2d94f2fd5/gnocchi.ada0fd62-f185-4295-ad5d-e70e659b0a42/1766880000.0_mean_300.0_v3" 201 - "PUT http://172.18.0.2:8080/v1/AUTH_9dfeb33600594e98af860dd2d94f2fd5/gnocchi.ada0fd62-f185-4295-ad5d-e70e659b0a42/1766880000.0_mean_300.0_v3" "tx60aed40c918540cfb8b84-00695c44cf" "proxy-server 20" 0.0093 "-" 23 0
Jan 5 23:10:07 standalone proxy-server[129267]: 172.18.0.2 172.18.0.100 05/Jan/2026/23/10/07 PUT /v1/AUTH_9dfeb33600594e98af860dd2d94f2fd5/gnocchi.ada0fd62-f185-4295-ad5d-e70e659b0a42/1766880000.0_mean_300.0_v3 HTTP/1.0 201 - python-swiftclient-3.11.1 gAAAAABpXEQriJA3... 16 - - tx60aed40c918540cfb8b84-00695c44cf - 0.0158 - - 1767654607.287690639 1767654607.303487778 0
Jan 5 23:10:07 standalone container-server[127263]: 172.20.0.100 - - [05/Jan/2026:23:10:07 +0000] "PUT /d1/873/AUTH_9dfeb33600594e98af860dd2d94f2fd5/gnocchi.ada0fd62-f185-4295-ad5d-e70e659b0a42/none_v3" 201 - "PUT http://172.18.0.2:8080/d1/837/AUTH_9dfeb33600594e98af860dd2d94f2fd5/gnocchi.ada0fd62-f185-4295-ad5d-e70e659b0a42/none_v3" "tx116c4120f9814b218bd65-00695c44cf" "object-server 23" 0.0005 "-" 21 0
Jan 5 23:10:07 standalone object-server[127313]: 172.20.0.100 - - [05/Jan/2026:23:10:07 +0000] "PUT /d1/837/AUTH_9dfeb33600594e98af860dd2d94f2fd5/gnocchi.ada0fd62-f185-4295-ad5d-e70e659b0a42/none_v3" 201 - "PUT http://172.18.0.2:8080/v1/AUTH_9dfeb33600594e98af860dd2d94f2fd5/gnocchi.ada0fd62-f185-4295-ad5d-e70e659b0a42/none_v3" "tx116c4120f9814b218bd65-00695c44cf" "proxy-server 20" 0.0078 "-" 23 0
Jan 5 23:10:07 standalone proxy-server[129267]: 172.18.0.2 172.18.0.100 05/Jan/2026/23/10/07 PUT /v1/AUTH_9dfeb33600594e98af860dd2d94f2fd5/gnocchi.ada0fd62-f185-4295-ad5d-e70e659b0a42/none_v3 HTTP/1.0 201 - python-swiftclient-3.11.1 gAAAAABpXEQriJA3... 22 - - tx116c4120f9814b218bd65-00695c44cf - 0.0140 - - 1767654607.307144642 1767654607.321178436 0
Jan 5 23:10:07 standalone container-server[127278]: 172.20.0.100 - - [05/Jan/2026:23:10:07 +0000] "HEAD /d1/401/AUTH_9dfeb33600594e98af860dd2d94f2fd5/gnocchi.e86bf63d-7fd9-41ce-b991-b33911bd2cca" 404 - "HEAD http://172.18.0.2:8080/v1/AUTH_9dfeb33600594e98af860dd2d94f2fd5/gnocchi.e86bf63d-7fd9-41ce-b991-b33911bd2cca?format=json&states=listing" "tx721cc549198b4de78cc76-00695c44cf" "proxy-server 20" 0.0007 "-" 22 0
Jan 5 23:10:07 standalone object-server[127310]: 172.20.0.100 - - [05/Jan/2026:23:10:07 +0000] "GET /d1/243/AUTH_9dfeb33600594e98af860dd2d94f2fd5/gnocchi.e86bf63d-7fd9-41ce-b991-b33911bd2cca/none_v3" 404 70 "GET http://172.18.0.2:8080/v1/AUTH_9dfeb33600594e98af860dd2d94f2fd5/gnocchi.e86bf63d-7fd9-41ce-b991-b33911bd2cca/none_v3" "tx721cc549198b4de78cc76-00695c44cf" "proxy-server 20" 0.0005 "-" 22 0
Jan 5 23:10:07 standalone proxy-server[129267]: 172.18.0.2 172.18.0.100 05/Jan/2026/23/10/07 GET /v1/AUTH_9dfeb33600594e98af860dd2d94f2fd5/gnocchi.e86bf63d-7fd9-41ce-b991-b33911bd2cca/none_v3 HTTP/1.0 404 - python-swiftclient-3.11.1 gAAAAABpXEQriJA3... - 70 - tx721cc549198b4de78cc76-00695c44cf - 0.0143 - - 1767654607.350723267 1767654607.365045309 0
Jan 5 23:10:07 standalone account-server[127169]: 172.20.0.100 - - [05/Jan/2026:23:10:07 +0000] "PUT /d1/795/AUTH_9dfeb33600594e98af860dd2d94f2fd5/gnocchi.e86bf63d-7fd9-41ce-b991-b33911bd2cca" 201 - "PUT http://172.20.0.100:6001/d1/401/AUTH_9dfeb33600594e98af860dd2d94f2fd5/gnocchi.e86bf63d-7fd9-41ce-b991-b33911bd2cca" "tx1cf98e369e8a49c6b7030-00695c44cf" "container-server 22" 0.0061 "-" 22 0
Jan 5 23:10:07 standalone container-server[127278]: 172.20.0.100 - - [05/Jan/2026:23:10:07 +0000] "PUT /d1/401/AUTH_9dfeb33600594e98af860dd2d94f2fd5/gnocchi.e86bf63d-7fd9-41ce-b991-b33911bd2cca" 201 - "PUT http://172.18.0.2:8080/v1/AUTH_9dfeb33600594e98af860dd2d94f2fd5/gnocchi.e86bf63d-7fd9-41ce-b991-b33911bd2cca" "tx1cf98e369e8a49c6b7030-00695c44cf" "proxy-server 20" 0.0200 "-" 22 0
Jan 5 23:10:07 standalone proxy-server[129267]: 172.18.0.2 172.18.0.100 05/Jan/2026/23/10/07 PUT /v1/AUTH_9dfeb33600594e98af860dd2d94f2fd5/gnocchi.e86bf63d-7fd9-41ce-b991-b33911bd2cca HTTP/1.0 201 - python-swiftclient-3.11.1 gAAAAABpXEQriJA3... - - - tx1cf98e369e8a49c6b7030-00695c44cf - 0.0261 - - 1767654607.369177341 1767654607.395311356 0
Jan 5 23:10:07 standalone container-server[127263]: 172.20.0.100 - - [05/Jan/2026:23:10:07 +0000] "HEAD /d1/401/AUTH_9dfeb33600594e98af860dd2d94f2fd5/gnocchi.e86bf63d-7fd9-41ce-b991-b33911bd2cca" 204 - "HEAD http://172.18.0.2:8080/v1/AUTH_9dfeb33600594e98af860dd2d94f2fd5/gnocchi.e86bf63d-7fd9-41ce-b991-b33911bd2cca?format=json&states=listing" "tx18834c8cb64144928c182-00695c44cf" "proxy-server 20" 0.0023 "-" 21 0
Jan 5 23:10:07 standalone proxy-server[129267]: - - 05/Jan/2026/23/10/07 HEAD /v1/AUTH_9dfeb33600594e98af860dd2d94f2fd5/gnocchi.e86bf63d-7fd9-41ce-b991-b33911bd2cca%3Fformat%3Djson%26states%3Dlisting HTTP/1.0 204 - Swift - - - - tx18834c8cb64144928c182-00695c44cf - 0.0073 RL - 1767654607.402151823 1767654607.409408331 0
Jan 5 23:10:07 standalone container-server[127259]: 172.20.0.100 - - [05/Jan/2026:23:10:07 +0000] "GET /d1/401/AUTH_9dfeb33600594e98af860dd2d94f2fd5/gnocchi.e86bf63d-7fd9-41ce-b991-b33911bd2cca" 200 2 "GET http://172.18.0.2:8080/v1/AUTH_9dfeb33600594e98af860dd2d94f2fd5/gnocchi.e86bf63d-7fd9-41ce-b991-b33911bd2cca?format=json&states=listing" "tx18834c8cb64144928c182-00695c44cf" "proxy-server 20" 0.0034 "-" 20 0
Jan 5 23:10:07 standalone proxy-server[129267]: 172.18.0.2 172.18.0.100 05/Jan/2026/23/10/07 GET /v1/AUTH_9dfeb33600594e98af860dd2d94f2fd5/gnocchi.e86bf63d-7fd9-41ce-b991-b33911bd2cca%3Fformat%3Djson%26states%3Dlisting HTTP/1.0 200 - python-swiftclient-3.11.1 gAAAAABpXEQriJA3... - 2 - tx18834c8cb64144928c182-00695c44cf - 0.0202 - - 1767654607.400731325 1767654607.420943022 0
Jan 5 23:10:07 standalone object-server[127317]: 172.20.0.100 - - [05/Jan/2026:23:10:07 +0000] "GET /d1/909/AUTH_9dfeb33600594e98af860dd2d94f2fd5/gnocchi.e86bf63d-7fd9-41ce-b991-b33911bd2cca/1766880000.0_mean_300.0_v3" 404 70 "GET http://172.18.0.2:8080/v1/AUTH_9dfeb33600594e98af860dd2d94f2fd5/gnocchi.e86bf63d-7fd9-41ce-b991-b33911bd2cca/1766880000.0_mean_300.0_v3" "txbc45720d5c924cbabdb68-00695c44cf" "proxy-server 20" 0.0005 "-" 24 0
Jan 5 23:10:07 standalone proxy-server[129267]: 172.18.0.2 172.18.0.100 05/Jan/2026/23/10/07 GET /v1/AUTH_9dfeb33600594e98af860dd2d94f2fd5/gnocchi.e86bf63d-7fd9-41ce-b991-b33911bd2cca/1766880000.0_mean_300.0_v3 HTTP/1.0 404 - python-swiftclient-3.11.1 gAAAAABpXEQriJA3... - 70 - txbc45720d5c924cbabdb68-00695c44cf - 0.0080 - - 1767654607.430334806 1767654607.438320875 0
Jan 5 23:10:07 standalone container-server[127278]: 172.20.0.100 - - [05/Jan/2026:23:10:07 +0000] "PUT /d1/401/AUTH_9dfeb33600594e98af860dd2d94f2fd5/gnocchi.e86bf63d-7fd9-41ce-b991-b33911bd2cca/1766880000.0_mean_300.0_v3" 201 - "PUT http://172.18.0.2:8080/d1/909/AUTH_9dfeb33600594e98af860dd2d94f2fd5/gnocchi.e86bf63d-7fd9-41ce-b991-b33911bd2cca/1766880000.0_mean_300.0_v3" "tx6056087044e84ec9ba14a-00695c44cf" "object-server 24" 0.0007 "-" 22 0
Jan 5 23:10:07 standalone object-server[127317]: 172.20.0.100 - - [05/Jan/2026:23:10:07 +0000] "PUT /d1/909/AUTH_9dfeb33600594e98af860dd2d94f2fd5/gnocchi.e86bf63d-7fd9-41ce-b991-b33911bd2cca/1766880000.0_mean_300.0_v3" 201 - "PUT http://172.18.0.2:8080/v1/AUTH_9dfeb33600594e98af860dd2d94f2fd5/gnocchi.e86bf63d-7fd9-41ce-b991-b33911bd2cca/1766880000.0_mean_300.0_v3" "tx6056087044e84ec9ba14a-00695c44cf" "proxy-server 20" 0.0107 "-" 24 0
Jan 5 23:10:07 standalone proxy-server[129267]: 172.18.0.2 172.18.0.100 05/Jan/2026/23/10/07 PUT /v1/AUTH_9dfeb33600594e98af860dd2d94f2fd5/gnocchi.e86bf63d-7fd9-41ce-b991-b33911bd2cca/1766880000.0_mean_300.0_v3 HTTP/1.0 201 - python-swiftclient-3.11.1 gAAAAABpXEQriJA3... 16 - - tx6056087044e84ec9ba14a-00695c44cf - 0.0181 - - 1767654607.442430496 1767654607.460510015 0
Jan 5 23:10:07 standalone container-server[127279]: 172.20.0.100 - - [05/Jan/2026:23:10:07 +0000] "PUT /d1/401/AUTH_9dfeb33600594e98af860dd2d94f2fd5/gnocchi.e86bf63d-7fd9-41ce-b991-b33911bd2cca/none_v3" 201 - "PUT http://172.18.0.2:8080/d1/243/AUTH_9dfeb33600594e98af860dd2d94f2fd5/gnocchi.e86bf63d-7fd9-41ce-b991-b33911bd2cca/none_v3" "tx96613bde51e74c54ab402-00695c44cf" "object-server 23" 0.0007 "-" 23 0
Jan 5 23:10:07 standalone object-server[127313]: 172.20.0.100 - - [05/Jan/2026:23:10:07 +0000] "PUT /d1/243/AUTH_9dfeb33600594e98af860dd2d94f2fd5/gnocchi.e86bf63d-7fd9-41ce-b991-b33911bd2cca/none_v3" 201 - "PUT http://172.18.0.2:8080/v1/AUTH_9dfeb33600594e98af860dd2d94f2fd5/gnocchi.e86bf63d-7fd9-41ce-b991-b33911bd2cca/none_v3" "tx96613bde51e74c54ab402-00695c44cf" "proxy-server 20" 0.0106 "-" 23 0
Jan 5 23:10:07 standalone proxy-server[129267]: 172.18.0.2 172.18.0.100 05/Jan/2026/23/10/07 PUT /v1/AUTH_9dfeb33600594e98af860dd2d94f2fd5/gnocchi.e86bf63d-7fd9-41ce-b991-b33911bd2cca/none_v3 HTTP/1.0 201 - python-swiftclient-3.11.1 gAAAAABpXEQriJA3... 22 - - tx96613bde51e74c54ab402-00695c44cf - 0.0179 - - 1767654607.464396477 1767654607.482281208 0
Jan 5 23:10:07 standalone container-server[127263]: 172.20.0.100 - - [05/Jan/2026:23:10:07 +0000] "HEAD /d1/133/AUTH_9dfeb33600594e98af860dd2d94f2fd5/gnocchi.ec63bd8e-6d8d-4e17-90ca-bddfc99587cb" 404 - "HEAD http://172.18.0.2:8080/v1/AUTH_9dfeb33600594e98af860dd2d94f2fd5/gnocchi.ec63bd8e-6d8d-4e17-90ca-bddfc99587cb?format=json&states=listing" "txcbaba462db1246c1b90bc-00695c44cf" "proxy-server 20" 0.0008 "-" 21 0
Jan 5 23:10:07 standalone object-server[127313]: 172.20.0.100 - - [05/Jan/2026:23:10:07 +0000] "GET /d1/732/AUTH_9dfeb33600594e98af860dd2d94f2fd5/gnocchi.ec63bd8e-6d8d-4e17-90ca-bddfc99587cb/none_v3" 404 70 "GET http://172.18.0.2:8080/v1/AUTH_9dfeb33600594e98af860dd2d94f2fd5/gnocchi.ec63bd8e-6d8d-4e17-90ca-bddfc99587cb/none_v3" "txcbaba462db1246c1b90bc-00695c44cf" "proxy-server 20" 0.0005 "-" 23 0
Jan 5 23:10:07 standalone proxy-server[129267]: 172.18.0.2 172.18.0.100 05/Jan/2026/23/10/07 GET /v1/AUTH_9dfeb33600594e98af860dd2d94f2fd5/gnocchi.ec63bd8e-6d8d-4e17-90ca-bddfc99587cb/none_v3 HTTP/1.0 404 - python-swiftclient-3.11.1 gAAAAABpXEQriJA3... - 70 - txcbaba462db1246c1b90bc-00695c44cf - 0.0189 - - 1767654607.496116161 1767654607.514997482 0
Jan 5 23:10:07 standalone account-server[127154]: 172.20.0.100 - - [05/Jan/2026:23:10:07 +0000] "PUT /d1/795/AUTH_9dfeb33600594e98af860dd2d94f2fd5/gnocchi.ec63bd8e-6d8d-4e17-90ca-bddfc99587cb" 201 - "PUT http://172.20.0.100:6001/d1/133/AUTH_9dfeb33600594e98af860dd2d94f2fd5/gnocchi.ec63bd8e-6d8d-4e17-90ca-bddfc99587cb" "txcef73bfe83a4496cbae5e-00695c44cf" "container-server 23" 0.0062 "-" 20 0
Jan 5 23:10:07 standalone container-server[127279]: 172.20.0.100 - - [05/Jan/2026:23:10:07 +0000] "PUT /d1/133/AUTH_9dfeb33600594e98af860dd2d94f2fd5/gnocchi.ec63bd8e-6d8d-4e17-90ca-bddfc99587cb" 201 - "PUT http://172.18.0.2:8080/v1/AUTH_9dfeb33600594e98af860dd2d94f2fd5/gnocchi.ec63bd8e-6d8d-4e17-90ca-bddfc99587cb" "txcef73bfe83a4496cbae5e-00695c44cf" "proxy-server 20" 0.0204 "-" 23 0
Jan 5 23:10:07 standalone proxy-server[129267]: 172.18.0.2 172.18.0.100 05/Jan/2026/23/10/07 PUT /v1/AUTH_9dfeb33600594e98af860dd2d94f2fd5/gnocchi.ec63bd8e-6d8d-4e17-90ca-bddfc99587cb HTTP/1.0 201 - python-swiftclient-3.11.1 gAAAAABpXEQriJA3... - - - txcef73bfe83a4496cbae5e-00695c44cf - 0.0263 - - 1767654607.519190788 1767654607.545529604 0
Jan 5 23:10:07 standalone container-server[127278]: 172.20.0.100 - - [05/Jan/2026:23:10:07 +0000] "HEAD /d1/133/AUTH_9dfeb33600594e98af860dd2d94f2fd5/gnocchi.ec63bd8e-6d8d-4e17-90ca-bddfc99587cb" 204 - "HEAD http://172.18.0.2:8080/v1/AUTH_9dfeb33600594e98af860dd2d94f2fd5/gnocchi.ec63bd8e-6d8d-4e17-90ca-bddfc99587cb?format=json&states=listing" "txb00ad526d1914adcb1f6f-00695c44cf" "proxy-server 20" 0.0020 "-" 22 0
Jan 5 23:10:07 standalone proxy-server[129267]: - - 05/Jan/2026/23/10/07 HEAD /v1/AUTH_9dfeb33600594e98af860dd2d94f2fd5/gnocchi.ec63bd8e-6d8d-4e17-90ca-bddfc99587cb%3Fformat%3Djson%26states%3Dlisting HTTP/1.0 204 - Swift - - - - txb00ad526d1914adcb1f6f-00695c44cf - 0.0069 RL - 1767654607.552180290 1767654607.559046030 0
Jan 5 23:10:07 standalone container-server[127278]: 172.20.0.100 - - [05/Jan/2026:23:10:07 +0000] "GET /d1/133/AUTH_9dfeb33600594e98af860dd2d94f2fd5/gnocchi.ec63bd8e-6d8d-4e17-90ca-bddfc99587cb" 200 2 "GET http://172.18.0.2:8080/v1/AUTH_9dfeb33600594e98af860dd2d94f2fd5/gnocchi.ec63bd8e-6d8d-4e17-90ca-bddfc99587cb?format=json&states=listing" "txb00ad526d1914adcb1f6f-00695c44cf" "proxy-server 20" 0.0034 "-" 22 0
Jan 5 23:10:07 standalone proxy-server[129267]: 172.18.0.2 172.18.0.100 05/Jan/2026/23/10/07 GET /v1/AUTH_9dfeb33600594e98af860dd2d94f2fd5/gnocchi.ec63bd8e-6d8d-4e17-90ca-bddfc99587cb%3Fformat%3Djson%26states%3Dlisting HTTP/1.0 200 - python-swiftclient-3.11.1 gAAAAABpXEQriJA3... - 2 - txb00ad526d1914adcb1f6f-00695c44cf - 0.0203 - - 1767654607.550661325 1767654607.570949793 0
Jan 5 23:10:07 standalone object-server[127327]: 172.20.0.100 - - [05/Jan/2026:23:10:07 +0000] "GET /d1/836/AUTH_9dfeb33600594e98af860dd2d94f2fd5/gnocchi.ec63bd8e-6d8d-4e17-90ca-bddfc99587cb/1766880000.0_mean_300.0_v3" 404 70 "GET http://172.18.0.2:8080/v1/AUTH_9dfeb33600594e98af860dd2d94f2fd5/gnocchi.ec63bd8e-6d8d-4e17-90ca-bddfc99587cb/1766880000.0_mean_300.0_v3" "txff23d26b49c6433cb9822-00695c44cf" "proxy-server 20" 0.0005 "-" 25 0
Jan 5 23:10:07 standalone proxy-server[129267]: 172.18.0.2 172.18.0.100 05/Jan/2026/23/10/07 GET /v1/AUTH_9dfeb33600594e98af860dd2d94f2fd5/gnocchi.ec63bd8e-6d8d-4e17-90ca-bddfc99587cb/1766880000.0_mean_300.0_v3 HTTP/1.0 404 - python-swiftclient-3.11.1 gAAAAABpXEQriJA3... - 70 - txff23d26b49c6433cb9822-00695c44cf - 0.0060 - - 1767654607.576901674 1767654607.582880974 0
Jan 5 23:10:07 standalone container-server[127278]: 172.20.0.100 - - [05/Jan/2026:23:10:07 +0000] "PUT /d1/133/AUTH_9dfeb33600594e98af860dd2d94f2fd5/gnocchi.ec63bd8e-6d8d-4e17-90ca-bddfc99587cb/1766880000.0_mean_300.0_v3" 201 - "PUT http://172.18.0.2:8080/d1/836/AUTH_9dfeb33600594e98af860dd2d94f2fd5/gnocchi.ec63bd8e-6d8d-4e17-90ca-bddfc99587cb/1766880000.0_mean_300.0_v3" "tx1315848b557348389cdcc-00695c44cf" "object-server 22" 0.0004 "-" 22 0
Jan 5 23:10:07 standalone object-server[127310]: 172.20.0.100 - - [05/Jan/2026:23:10:07 +0000] "PUT /d1/836/AUTH_9dfeb33600594e98af860dd2d94f2fd5/gnocchi.ec63bd8e-6d8d-4e17-90ca-bddfc99587cb/1766880000.0_mean_300.0_v3" 201 - "PUT http://172.18.0.2:8080/v1/AUTH_9dfeb33600594e98af860dd2d94f2fd5/gnocchi.ec63bd8e-6d8d-4e17-90ca-bddfc99587cb/1766880000.0_mean_300.0_v3" "tx1315848b557348389cdcc-00695c44cf" "proxy-server 20" 0.0090 "-" 22 0
Jan 5 23:10:07 standalone proxy-server[129267]: 172.18.0.2 172.18.0.100 05/Jan/2026/23/10/07 PUT /v1/AUTH_9dfeb33600594e98af860dd2d94f2fd5/gnocchi.ec63bd8e-6d8d-4e17-90ca-bddfc99587cb/1766880000.0_mean_300.0_v3 HTTP/1.0 201 - python-swiftclient-3.11.1 gAAAAABpXEQriJA3... 16 - - tx1315848b557348389cdcc-00695c44cf - 0.0137 - - 1767654607.585748196 1767654607.599423647 0
Jan 5 23:10:07 standalone container-server[127263]: 172.20.0.100 - - [05/Jan/2026:23:10:07 +0000] "PUT /d1/133/AUTH_9dfeb33600594e98af860dd2d94f2fd5/gnocchi.ec63bd8e-6d8d-4e17-90ca-bddfc99587cb/none_v3" 201 - "PUT http://172.18.0.2:8080/d1/732/AUTH_9dfeb33600594e98af860dd2d94f2fd5/gnocchi.ec63bd8e-6d8d-4e17-90ca-bddfc99587cb/none_v3" "tx032b485959184e67a6f05-00695c44cf" "object-server 23" 0.0009 "-" 21 0
Jan 5 23:10:07 standalone object-server[127313]: 172.20.0.100 - - [05/Jan/2026:23:10:07 +0000] "PUT /d1/732/AUTH_9dfeb33600594e98af860dd2d94f2fd5/gnocchi.ec63bd8e-6d8d-4e17-90ca-bddfc99587cb/none_v3" 201 - "PUT http://172.18.0.2:8080/v1/AUTH_9dfeb33600594e98af860dd2d94f2fd5/gnocchi.ec63bd8e-6d8d-4e17-90ca-bddfc99587cb/none_v3" "tx032b485959184e67a6f05-00695c44cf" "proxy-server 20" 0.0157 "-" 23 0
Jan 5 23:10:07 standalone proxy-server[129267]: 172.18.0.2 172.18.0.100 05/Jan/2026/23/10/07 PUT /v1/AUTH_9dfeb33600594e98af860dd2d94f2fd5/gnocchi.ec63bd8e-6d8d-4e17-90ca-bddfc99587cb/none_v3 HTTP/1.0 201 - python-swiftclient-3.11.1 gAAAAABpXEQriJA3... 22 - - tx032b485959184e67a6f05-00695c44cf - 0.0251 - - 1767654607.603317499 1767654607.628465891 0
Jan 5 23:10:07 standalone container-server[127279]: 172.20.0.100 - - [05/Jan/2026:23:10:07 +0000] "HEAD /d1/231/AUTH_9dfeb33600594e98af860dd2d94f2fd5/gnocchi.c4bd9aaa-6a04-4ae0-bbce-a7ef3b63fdcd" 404 - "HEAD http://172.18.0.2:8080/v1/AUTH_9dfeb33600594e98af860dd2d94f2fd5/gnocchi.c4bd9aaa-6a04-4ae0-bbce-a7ef3b63fdcd?format=json&states=listing" "tx4bf2d1e08d5f4d4d9e3ea-00695c44cf" "proxy-server 20" 0.0005 "-" 23 0
Jan 5 23:10:07 standalone object-server[127327]: 172.20.0.100 - - [05/Jan/2026:23:10:07 +0000] "GET /d1/277/AUTH_9dfeb33600594e98af860dd2d94f2fd5/gnocchi.c4bd9aaa-6a04-4ae0-bbce-a7ef3b63fdcd/none_v3" 404 70 "GET http://172.18.0.2:8080/v1/AUTH_9dfeb33600594e98af860dd2d94f2fd5/gnocchi.c4bd9aaa-6a04-4ae0-bbce-a7ef3b63fdcd/none_v3" "tx4bf2d1e08d5f4d4d9e3ea-00695c44cf" "proxy-server 20" 0.0009 "-" 25 0
Jan 5 23:10:07 standalone proxy-server[129267]: 172.18.0.2 172.18.0.100 05/Jan/2026/23/10/07 GET /v1/AUTH_9dfeb33600594e98af860dd2d94f2fd5/gnocchi.c4bd9aaa-6a04-4ae0-bbce-a7ef3b63fdcd/none_v3 HTTP/1.0 404 - python-swiftclient-3.11.1 gAAAAABpXEQriJA3... - 70 - tx4bf2d1e08d5f4d4d9e3ea-00695c44cf - 0.0150 - - 1767654607.641136885 1767654607.656125784 0
Jan 5 23:10:07 standalone account-server[127174]: 172.20.0.100 - - [05/Jan/2026:23:10:07 +0000] "PUT /d1/795/AUTH_9dfeb33600594e98af860dd2d94f2fd5/gnocchi.c4bd9aaa-6a04-4ae0-bbce-a7ef3b63fdcd" 201 - "PUT http://172.20.0.100:6001/d1/231/AUTH_9dfeb33600594e98af860dd2d94f2fd5/gnocchi.c4bd9aaa-6a04-4ae0-bbce-a7ef3b63fdcd" "tx940e5ccde80b484491a56-00695c44cf" "container-server 23" 0.0057 "-" 23 0
Jan 5 23:10:07 standalone container-server[127279]: 172.20.0.100 - - [05/Jan/2026:23:10:07 +0000] "PUT /d1/231/AUTH_9dfeb33600594e98af860dd2d94f2fd5/gnocchi.c4bd9aaa-6a04-4ae0-bbce-a7ef3b63fdcd" 201 - "PUT http://172.18.0.2:8080/v1/AUTH_9dfeb33600594e98af860dd2d94f2fd5/gnocchi.c4bd9aaa-6a04-4ae0-bbce-a7ef3b63fdcd" "tx940e5ccde80b484491a56-00695c44cf" "proxy-server 20" 0.0189 "-" 23 0
Jan 5 23:10:07 standalone proxy-server[129267]: 172.18.0.2 172.18.0.100 05/Jan/2026/23/10/07 PUT /v1/AUTH_9dfeb33600594e98af860dd2d94f2fd5/gnocchi.c4bd9aaa-6a04-4ae0-bbce-a7ef3b63fdcd HTTP/1.0 201 - python-swiftclient-3.11.1 gAAAAABpXEQriJA3... - - - tx940e5ccde80b484491a56-00695c44cf - 0.0260 - - 1767654607.660047531 1767654607.686053038 0
Jan 5 23:10:07 standalone container-server[127278]: 172.20.0.100 - - [05/Jan/2026:23:10:07 +0000] "HEAD /d1/231/AUTH_9dfeb33600594e98af860dd2d94f2fd5/gnocchi.c4bd9aaa-6a04-4ae0-bbce-a7ef3b63fdcd" 204 - "HEAD http://172.18.0.2:8080/v1/AUTH_9dfeb33600594e98af860dd2d94f2fd5/gnocchi.c4bd9aaa-6a04-4ae0-bbce-a7ef3b63fdcd?format=json&states=listing" "tx7879ef6a81304758873b9-00695c44cf" "proxy-server 20" 0.0020 "-" 22 0
Jan 5 23:10:07 standalone proxy-server[129267]: - - 05/Jan/2026/23/10/07 HEAD /v1/AUTH_9dfeb33600594e98af860dd2d94f2fd5/gnocchi.c4bd9aaa-6a04-4ae0-bbce-a7ef3b63fdcd%3Fformat%3Djson%26states%3Dlisting HTTP/1.0 204 - Swift - - - - tx7879ef6a81304758873b9-00695c44cf - 0.0073 RL - 1767654607.692534208 1767654607.699786663 0
Jan 5 23:10:07 standalone container-server[127278]: 172.20.0.100 - - [05/Jan/2026:23:10:07 +0000] "GET /d1/231/AUTH_9dfeb33600594e98af860dd2d94f2fd5/gnocchi.c4bd9aaa-6a04-4ae0-bbce-a7ef3b63fdcd" 200 2 "GET http://172.18.0.2:8080/v1/AUTH_9dfeb33600594e98af860dd2d94f2fd5/gnocchi.c4bd9aaa-6a04-4ae0-bbce-a7ef3b63fdcd?format=json&states=listing" "tx7879ef6a81304758873b9-00695c44cf" "proxy-server 20" 0.0031 "-" 22 0
Jan 5 23:10:07 standalone proxy-server[129267]: 172.18.0.2 172.18.0.100 05/Jan/2026/23/10/07 GET /v1/AUTH_9dfeb33600594e98af860dd2d94f2fd5/gnocchi.c4bd9aaa-6a04-4ae0-bbce-a7ef3b63fdcd%3Fformat%3Djson%26states%3Dlisting HTTP/1.0 200 - python-swiftclient-3.11.1 gAAAAABpXEQriJA3... - 2 - tx7879ef6a81304758873b9-00695c44cf - 0.0221 - - 1767654607.690600157 1767654607.712743282 0
Jan 5 23:10:07 standalone object-server[127310]: 172.20.0.100 - - [05/Jan/2026:23:10:07 +0000] "GET /d1/976/AUTH_9dfeb33600594e98af860dd2d94f2fd5/gnocchi.c4bd9aaa-6a04-4ae0-bbce-a7ef3b63fdcd/1766880000.0_mean_300.0_v3" 404 70 "GET http://172.18.0.2:8080/v1/AUTH_9dfeb33600594e98af860dd2d94f2fd5/gnocchi.c4bd9aaa-6a04-4ae0-bbce-a7ef3b63fdcd/1766880000.0_mean_300.0_v3" "txf16f1c8ebc0544aca6871-00695c44cf" "proxy-server 20" 0.0004 "-" 22 0
Jan 5 23:10:07 standalone proxy-server[129267]: 172.18.0.2 172.18.0.100 05/Jan/2026/23/10/07 GET /v1/AUTH_9dfeb33600594e98af860dd2d94f2fd5/gnocchi.c4bd9aaa-6a04-4ae0-bbce-a7ef3b63fdcd/1766880000.0_mean_300.0_v3 HTTP/1.0 404 - python-swiftclient-3.11.1 gAAAAABpXEQriJA3... - 70 - txf16f1c8ebc0544aca6871-00695c44cf - 0.0082 - - 1767654607.717041492 1767654607.725203753 0
Jan 5 23:10:07 standalone container-server[127278]: 172.20.0.100 - - [05/Jan/2026:23:10:07 +0000] "PUT /d1/231/AUTH_9dfeb33600594e98af860dd2d94f2fd5/gnocchi.c4bd9aaa-6a04-4ae0-bbce-a7ef3b63fdcd/1766880000.0_mean_300.0_v3" 201 - "PUT http://172.18.0.2:8080/d1/976/AUTH_9dfeb33600594e98af860dd2d94f2fd5/gnocchi.c4bd9aaa-6a04-4ae0-bbce-a7ef3b63fdcd/1766880000.0_mean_300.0_v3" "txdd25e0aa0d234d55a72e6-00695c44cf" "object-server 25" 0.0011 "-" 22 0
Jan 5 23:10:07 standalone object-server[127327]: 172.20.0.100 - - [05/Jan/2026:23:10:07 +0000] "PUT /d1/976/AUTH_9dfeb33600594e98af860dd2d94f2fd5/gnocchi.c4bd9aaa-6a04-4ae0-bbce-a7ef3b63fdcd/1766880000.0_mean_300.0_v3" 201 - "PUT http://172.18.0.2:8080/v1/AUTH_9dfeb33600594e98af860dd2d94f2fd5/gnocchi.c4bd9aaa-6a04-4ae0-bbce-a7ef3b63fdcd/1766880000.0_mean_300.0_v3" "txdd25e0aa0d234d55a72e6-00695c44cf" "proxy-server 20" 0.0136 "-" 25 0
Jan 5 23:10:07 standalone proxy-server[129267]: 172.18.0.2 172.18.0.100 05/Jan/2026/23/10/07 PUT /v1/AUTH_9dfeb33600594e98af860dd2d94f2fd5/gnocchi.c4bd9aaa-6a04-4ae0-bbce-a7ef3b63fdcd/1766880000.0_mean_300.0_v3 HTTP/1.0 201 - python-swiftclient-3.11.1 gAAAAABpXEQriJA3... 16 - - txdd25e0aa0d234d55a72e6-00695c44cf - 0.0230 - - 1767654607.728079796 1767654607.751111984 0
Jan 5 23:10:07 standalone container-server[127279]: 172.20.0.100 - - [05/Jan/2026:23:10:07 +0000] "PUT /d1/231/AUTH_9dfeb33600594e98af860dd2d94f2fd5/gnocchi.c4bd9aaa-6a04-4ae0-bbce-a7ef3b63fdcd/none_v3" 201 - "PUT http://172.18.0.2:8080/d1/277/AUTH_9dfeb33600594e98af860dd2d94f2fd5/gnocchi.c4bd9aaa-6a04-4ae0-bbce-a7ef3b63fdcd/none_v3" "tx8e0aaeed6ff140c9b619e-00695c44cf" "object-server 23" 0.0006 "-" 23 0
Jan 5 23:10:07 standalone object-server[127313]: 172.20.0.100 - - [05/Jan/2026:23:10:07 +0000] "PUT /d1/277/AUTH_9dfeb33600594e98af860dd2d94f2fd5/gnocchi.c4bd9aaa-6a04-4ae0-bbce-a7ef3b63fdcd/none_v3" 201 - "PUT http://172.18.0.2:8080/v1/AUTH_9dfeb33600594e98af860dd2d94f2fd5/gnocchi.c4bd9aaa-6a04-4ae0-bbce-a7ef3b63fdcd/none_v3" "tx8e0aaeed6ff140c9b619e-00695c44cf" "proxy-server 20" 0.0177 "-" 23 0
Jan 5 23:10:07 standalone proxy-server[129267]: 172.18.0.2 172.18.0.100 05/Jan/2026/23/10/07 PUT /v1/AUTH_9dfeb33600594e98af860dd2d94f2fd5/gnocchi.c4bd9aaa-6a04-4ae0-bbce-a7ef3b63fdcd/none_v3 HTTP/1.0 201 - python-swiftclient-3.11.1 gAAAAABpXEQriJA3... 22 - - tx8e0aaeed6ff140c9b619e-00695c44cf - 0.0275 - - 1767654607.754877329 1767654607.782327414 0
Jan 5 23:10:07 standalone container-server[127279]: 172.20.0.100 - - [05/Jan/2026:23:10:07 +0000] "HEAD /d1/645/AUTH_9dfeb33600594e98af860dd2d94f2fd5/gnocchi.1c0d4ee9-96e6-46ee-8135-86c1e592934e" 404 - "HEAD http://172.18.0.2:8080/v1/AUTH_9dfeb33600594e98af860dd2d94f2fd5/gnocchi.1c0d4ee9-96e6-46ee-8135-86c1e592934e?format=json&states=listing" "tx470aad6687ed41babc8c1-00695c44cf" "proxy-server 20" 0.0004 "-" 23 0
Jan 5 23:10:07 standalone object-server[127310]: 172.20.0.100 - - [05/Jan/2026:23:10:07 +0000] "GET /d1/876/AUTH_9dfeb33600594e98af860dd2d94f2fd5/gnocchi.1c0d4ee9-96e6-46ee-8135-86c1e592934e/none_v3" 404 70 "GET http://172.18.0.2:8080/v1/AUTH_9dfeb33600594e98af860dd2d94f2fd5/gnocchi.1c0d4ee9-96e6-46ee-8135-86c1e592934e/none_v3" "tx470aad6687ed41babc8c1-00695c44cf" "proxy-server 20" 0.0008 "-" 22 0
Jan 5 23:10:07 standalone proxy-server[129267]: 172.18.0.2 172.18.0.100 05/Jan/2026/23/10/07 GET /v1/AUTH_9dfeb33600594e98af860dd2d94f2fd5/gnocchi.1c0d4ee9-96e6-46ee-8135-86c1e592934e/none_v3 HTTP/1.0 404 - python-swiftclient-3.11.1 gAAAAABpXEQriJA3... - 70 - tx470aad6687ed41babc8c1-00695c44cf - 0.0143 - - 1767654607.794306517 1767654607.808609009 0
Jan 5 23:10:07 standalone account-server[127169]: 172.20.0.100 - - [05/Jan/2026:23:10:07 +0000] "PUT /d1/795/AUTH_9dfeb33600594e98af860dd2d94f2fd5/gnocchi.1c0d4ee9-96e6-46ee-8135-86c1e592934e" 201 - "PUT http://172.20.0.100:6001/d1/645/AUTH_9dfeb33600594e98af860dd2d94f2fd5/gnocchi.1c0d4ee9-96e6-46ee-8135-86c1e592934e" "txe19ca3e276934ce4a95d0-00695c44cf" "container-server 20" 0.0062 "-" 22 0
Jan 5 23:10:07 standalone container-server[127259]: 172.20.0.100 - - [05/Jan/2026:23:10:07 +0000] "PUT /d1/645/AUTH_9dfeb33600594e98af860dd2d94f2fd5/gnocchi.1c0d4ee9-96e6-46ee-8135-86c1e592934e" 201 - "PUT http://172.18.0.2:8080/v1/AUTH_9dfeb33600594e98af860dd2d94f2fd5/gnocchi.1c0d4ee9-96e6-46ee-8135-86c1e592934e" "txe19ca3e276934ce4a95d0-00695c44cf" "proxy-server 20" 0.0233 "-" 20 0
Jan 5 23:10:07 standalone proxy-server[129267]: 172.18.0.2 172.18.0.100 05/Jan/2026/23/10/07 PUT /v1/AUTH_9dfeb33600594e98af860dd2d94f2fd5/gnocchi.1c0d4ee9-96e6-46ee-8135-86c1e592934e HTTP/1.0 201 - python-swiftclient-3.11.1 gAAAAABpXEQriJA3... - - - txe19ca3e276934ce4a95d0-00695c44cf - 0.0314 - - 1767654607.811716080 1767654607.843136311 0
Jan 5 23:10:07 standalone container-server[127259]: 172.20.0.100 - - [05/Jan/2026:23:10:07 +0000] "HEAD /d1/645/AUTH_9dfeb33600594e98af860dd2d94f2fd5/gnocchi.1c0d4ee9-96e6-46ee-8135-86c1e592934e" 204 - "HEAD http://172.18.0.2:8080/v1/AUTH_9dfeb33600594e98af860dd2d94f2fd5/gnocchi.1c0d4ee9-96e6-46ee-8135-86c1e592934e?format=json&states=listing" "txe317376182664437b2cdb-00695c44cf" "proxy-server 20" 0.0027 "-" 20 0
Jan 5 23:10:07 standalone proxy-server[129267]: - - 05/Jan/2026/23/10/07 HEAD /v1/AUTH_9dfeb33600594e98af860dd2d94f2fd5/gnocchi.1c0d4ee9-96e6-46ee-8135-86c1e592934e%3Fformat%3Djson%26states%3Dlisting HTTP/1.0 204 - Swift - - - - txe317376182664437b2cdb-00695c44cf - 0.0083 RL - 1767654607.849714994 1767654607.858022928 0
Jan 5 23:10:07 standalone container-server[127279]: 172.20.0.100 - - [05/Jan/2026:23:10:07 +0000] "GET /d1/645/AUTH_9dfeb33600594e98af860dd2d94f2fd5/gnocchi.1c0d4ee9-96e6-46ee-8135-86c1e592934e" 200 2 "GET http://172.18.0.2:8080/v1/AUTH_9dfeb33600594e98af860dd2d94f2fd5/gnocchi.1c0d4ee9-96e6-46ee-8135-86c1e592934e?format=json&states=listing" "txe317376182664437b2cdb-00695c44cf" "proxy-server 20" 0.0032 "-" 23 0
Jan 5 23:10:07 standalone proxy-server[129267]: 172.18.0.2 172.18.0.100 05/Jan/2026/23/10/07 GET /v1/AUTH_9dfeb33600594e98af860dd2d94f2fd5/gnocchi.1c0d4ee9-96e6-46ee-8135-86c1e592934e%3Fformat%3Djson%26states%3Dlisting HTTP/1.0 200 - python-swiftclient-3.11.1 gAAAAABpXEQriJA3... - 2 - txe317376182664437b2cdb-00695c44cf - 0.0218 - - 1767654607.848003149 1767654607.869806528 0
Jan 5 23:10:07 standalone object-server[127310]: 172.20.0.100 - - [05/Jan/2026:23:10:07 +0000] "GET /d1/845/AUTH_9dfeb33600594e98af860dd2d94f2fd5/gnocchi.1c0d4ee9-96e6-46ee-8135-86c1e592934e/1766880000.0_mean_300.0_v3" 404 70 "GET http://172.18.0.2:8080/v1/AUTH_9dfeb33600594e98af860dd2d94f2fd5/gnocchi.1c0d4ee9-96e6-46ee-8135-86c1e592934e/1766880000.0_mean_300.0_v3" "txc1dcb5675aad43b9a337a-00695c44cf" "proxy-server 20" 0.0010 "-" 22 0
Jan 5 23:10:07 standalone proxy-server[129267]: 172.18.0.2 172.18.0.100 05/Jan/2026/23/10/07 GET /v1/AUTH_9dfeb33600594e98af860dd2d94f2fd5/gnocchi.1c0d4ee9-96e6-46ee-8135-86c1e592934e/1766880000.0_mean_300.0_v3 HTTP/1.0 404 - python-swiftclient-3.11.1 gAAAAABpXEQriJA3... - 70 - txc1dcb5675aad43b9a337a-00695c44cf - 0.0119 - - 1767654607.876329422 1767654607.888256311 0
Jan 5 23:10:07 standalone container-server[127259]: 172.20.0.100 - - [05/Jan/2026:23:10:07 +0000] "PUT /d1/645/AUTH_9dfeb33600594e98af860dd2d94f2fd5/gnocchi.1c0d4ee9-96e6-46ee-8135-86c1e592934e/1766880000.0_mean_300.0_v3" 201 - "PUT http://172.18.0.2:8080/d1/845/AUTH_9dfeb33600594e98af860dd2d94f2fd5/gnocchi.1c0d4ee9-96e6-46ee-8135-86c1e592934e/1766880000.0_mean_300.0_v3" "txae57c526b874424eaf669-00695c44cf" "object-server 24" 0.0009 "-" 20 0
Jan 5 23:10:07 standalone object-server[127317]: 172.20.0.100 - - [05/Jan/2026:23:10:07 +0000] "PUT /d1/845/AUTH_9dfeb33600594e98af860dd2d94f2fd5/gnocchi.1c0d4ee9-96e6-46ee-8135-86c1e592934e/1766880000.0_mean_300.0_v3" 201 - "PUT http://172.18.0.2:8080/v1/AUTH_9dfeb33600594e98af860dd2d94f2fd5/gnocchi.1c0d4ee9-96e6-46ee-8135-86c1e592934e/1766880000.0_mean_300.0_v3" "txae57c526b874424eaf669-00695c44cf" "proxy-server 20" 0.0132 "-" 24 0
Jan 5 23:10:07 standalone proxy-server[129267]: 172.18.0.2 172.18.0.100 05/Jan/2026/23/10/07 PUT /v1/AUTH_9dfeb33600594e98af860dd2d94f2fd5/gnocchi.1c0d4ee9-96e6-46ee-8135-86c1e592934e/1766880000.0_mean_300.0_v3 HTTP/1.0 201 - python-swiftclient-3.11.1 gAAAAABpXEQriJA3... 16 - - txae57c526b874424eaf669-00695c44cf - 0.0214 - - 1767654607.891544580 1767654607.912920475 0
Jan 5 23:10:07 standalone container-server[127279]: 172.20.0.100 - - [05/Jan/2026:23:10:07 +0000] "PUT /d1/645/AUTH_9dfeb33600594e98af860dd2d94f2fd5/gnocchi.1c0d4ee9-96e6-46ee-8135-86c1e592934e/none_v3" 201 - "PUT http://172.18.0.2:8080/d1/876/AUTH_9dfeb33600594e98af860dd2d94f2fd5/gnocchi.1c0d4ee9-96e6-46ee-8135-86c1e592934e/none_v3" "tx9424e04cc7354267aa05a-00695c44cf" "object-server 22" 0.0007 "-" 23 0
Jan 5 23:10:07 standalone object-server[127310]: 172.20.0.100 - - [05/Jan/2026:23:10:07 +0000] "PUT /d1/876/AUTH_9dfeb33600594e98af860dd2d94f2fd5/gnocchi.1c0d4ee9-96e6-46ee-8135-86c1e592934e/none_v3" 201 - "PUT http://172.18.0.2:8080/v1/AUTH_9dfeb33600594e98af860dd2d94f2fd5/gnocchi.1c0d4ee9-96e6-46ee-8135-86c1e592934e/none_v3" "tx9424e04cc7354267aa05a-00695c44cf" "proxy-server 20" 0.0130 "-" 22 0
Jan 5 23:10:07 standalone proxy-server[129267]: 172.18.0.2 172.18.0.100 05/Jan/2026/23/10/07 PUT /v1/AUTH_9dfeb33600594e98af860dd2d94f2fd5/gnocchi.1c0d4ee9-96e6-46ee-8135-86c1e592934e/none_v3 HTTP/1.0 201 - python-swiftclient-3.11.1 gAAAAABpXEQriJA3... 22 - - tx9424e04cc7354267aa05a-00695c44cf - 0.0218 - - 1767654607.917172194 1767654607.938996553 0
Jan 5 23:10:07 standalone container-server[127259]: 172.20.0.100 - - [05/Jan/2026:23:10:07 +0000] "HEAD /d1/514/AUTH_9dfeb33600594e98af860dd2d94f2fd5/gnocchi.004037af-78f7-4f3a-be23-27835fe01ecf" 404 - "HEAD http://172.18.0.2:8080/v1/AUTH_9dfeb33600594e98af860dd2d94f2fd5/gnocchi.004037af-78f7-4f3a-be23-27835fe01ecf?format=json&states=listing" "txa0d0837fb2c540d5afb49-00695c44cf" "proxy-server 20" 0.0007 "-" 20 0
Jan 5 23:10:07 standalone object-server[127310]: 172.20.0.100 - - [05/Jan/2026:23:10:07 +0000] "GET /d1/439/AUTH_9dfeb33600594e98af860dd2d94f2fd5/gnocchi.004037af-78f7-4f3a-be23-27835fe01ecf/none_v3" 404 70 "GET http://172.18.0.2:8080/v1/AUTH_9dfeb33600594e98af860dd2d94f2fd5/gnocchi.004037af-78f7-4f3a-be23-27835fe01ecf/none_v3" "txa0d0837fb2c540d5afb49-00695c44cf" "proxy-server 20" 0.0007 "-" 22 0
Jan 5 23:10:07 standalone proxy-server[129267]: 172.18.0.2 172.18.0.100 05/Jan/2026/23/10/07 GET /v1/AUTH_9dfeb33600594e98af860dd2d94f2fd5/gnocchi.004037af-78f7-4f3a-be23-27835fe01ecf/none_v3 HTTP/1.0 404 - python-swiftclient-3.11.1 gAAAAABpXEQriJA3... - 70 - txa0d0837fb2c540d5afb49-00695c44cf - 0.0143 - - 1767654607.951761723 1767654607.966095686 0
Jan 5 23:10:07 standalone account-server[127174]: 172.20.0.100 - - [05/Jan/2026:23:10:07 +0000] "PUT /d1/795/AUTH_9dfeb33600594e98af860dd2d94f2fd5/gnocchi.004037af-78f7-4f3a-be23-27835fe01ecf" 201 - "PUT http://172.20.0.100:6001/d1/514/AUTH_9dfeb33600594e98af860dd2d94f2fd5/gnocchi.004037af-78f7-4f3a-be23-27835fe01ecf" "txa4b835784e374c3fa1761-00695c44cf" "container-server 20" 0.0061 "-" 23 0
Jan 5 23:10:07 standalone container-server[127259]: 172.20.0.100 - - [05/Jan/2026:23:10:07 +0000] "PUT /d1/514/AUTH_9dfeb33600594e98af860dd2d94f2fd5/gnocchi.004037af-78f7-4f3a-be23-27835fe01ecf" 201 - "PUT http://172.18.0.2:8080/v1/AUTH_9dfeb33600594e98af860dd2d94f2fd5/gnocchi.004037af-78f7-4f3a-be23-27835fe01ecf" "txa4b835784e374c3fa1761-00695c44cf" "proxy-server 20" 0.0202 "-" 20 0
Jan 5 23:10:07 standalone proxy-server[129267]: 172.18.0.2 172.18.0.100 05/Jan/2026/23/10/07 PUT /v1/AUTH_9dfeb33600594e98af860dd2d94f2fd5/gnocchi.004037af-78f7-4f3a-be23-27835fe01ecf HTTP/1.0 201 - python-swiftclient-3.11.1 gAAAAABpXEQriJA3... - - - txa4b835784e374c3fa1761-00695c44cf - 0.0271 - - 1767654607.969217062 1767654607.996348858 0
Jan 5 23:10:08 standalone container-server[127259]: 172.20.0.100 - - [05/Jan/2026:23:10:08 +0000] "HEAD /d1/514/AUTH_9dfeb33600594e98af860dd2d94f2fd5/gnocchi.004037af-78f7-4f3a-be23-27835fe01ecf" 204 - "HEAD http://172.18.0.2:8080/v1/AUTH_9dfeb33600594e98af860dd2d94f2fd5/gnocchi.004037af-78f7-4f3a-be23-27835fe01ecf?format=json&states=listing" "txca86e1f0a71d4397bf2a2-00695c44d0" "proxy-server 20" 0.0022 "-" 20 0
Jan 5 23:10:08 standalone proxy-server[129267]: - - 05/Jan/2026/23/10/08 HEAD /v1/AUTH_9dfeb33600594e98af860dd2d94f2fd5/gnocchi.004037af-78f7-4f3a-be23-27835fe01ecf%3Fformat%3Djson%26states%3Dlisting HTTP/1.0 204 - Swift - - - - txca86e1f0a71d4397bf2a2-00695c44d0 - 0.0073 RL - 1767654608.002609968 1767654608.009910583 0
Jan 5 23:10:08 standalone container-server[127263]: 172.20.0.100 - - [05/Jan/2026:23:10:08 +0000] "GET /d1/514/AUTH_9dfeb33600594e98af860dd2d94f2fd5/gnocchi.004037af-78f7-4f3a-be23-27835fe01ecf" 200 2 "GET http://172.18.0.2:8080/v1/AUTH_9dfeb33600594e98af860dd2d94f2fd5/gnocchi.004037af-78f7-4f3a-be23-27835fe01ecf?format=json&states=listing" "txca86e1f0a71d4397bf2a2-00695c44d0" "proxy-server 20" 0.0033 "-" 21 0
Jan 5 23:10:08 standalone proxy-server[129267]: 172.18.0.2 172.18.0.100 05/Jan/2026/23/10/08 GET /v1/AUTH_9dfeb33600594e98af860dd2d94f2fd5/gnocchi.004037af-78f7-4f3a-be23-27835fe01ecf%3Fformat%3Djson%26states%3Dlisting HTTP/1.0 200 - python-swiftclient-3.11.1 gAAAAABpXEQriJA3... - 2 - txca86e1f0a71d4397bf2a2-00695c44d0 - 0.0208 - - 1767654608.001070023 1767654608.021829367 0
Jan 5 23:10:08 standalone object-server[127310]: 172.20.0.100 - - [05/Jan/2026:23:10:08 +0000] "GET /d1/579/AUTH_9dfeb33600594e98af860dd2d94f2fd5/gnocchi.004037af-78f7-4f3a-be23-27835fe01ecf/1766880000.0_mean_300.0_v3" 404 70 "GET http://172.18.0.2:8080/v1/AUTH_9dfeb33600594e98af860dd2d94f2fd5/gnocchi.004037af-78f7-4f3a-be23-27835fe01ecf/1766880000.0_mean_300.0_v3" "tx1b5c1d98ef5549578a2bd-00695c44d0" "proxy-server 20" 0.0007 "-" 22 0
Jan 5 23:10:08 standalone proxy-server[129267]: 172.18.0.2 172.18.0.100 05/Jan/2026/23/10/08 GET /v1/AUTH_9dfeb33600594e98af860dd2d94f2fd5/gnocchi.004037af-78f7-4f3a-be23-27835fe01ecf/1766880000.0_mean_300.0_v3 HTTP/1.0 404 - python-swiftclient-3.11.1 gAAAAABpXEQriJA3... - 70 - tx1b5c1d98ef5549578a2bd-00695c44d0 - 0.0106 - - 1767654608.030216455 1767654608.040830135 0
Jan 5 23:10:08 standalone container-server[127263]: 172.20.0.100 - - [05/Jan/2026:23:10:08 +0000] "PUT /d1/514/AUTH_9dfeb33600594e98af860dd2d94f2fd5/gnocchi.004037af-78f7-4f3a-be23-27835fe01ecf/1766880000.0_mean_300.0_v3" 201 - "PUT http://172.18.0.2:8080/d1/579/AUTH_9dfeb33600594e98af860dd2d94f2fd5/gnocchi.004037af-78f7-4f3a-be23-27835fe01ecf/1766880000.0_mean_300.0_v3" "txdc840417bd3046329a8ac-00695c44d0" "object-server 25" 0.0010 "-" 21 0
Jan 5 23:10:08 standalone object-server[127327]: 172.20.0.100 - - [05/Jan/2026:23:10:08 +0000] "PUT /d1/579/AUTH_9dfeb33600594e98af860dd2d94f2fd5/gnocchi.004037af-78f7-4f3a-be23-27835fe01ecf/1766880000.0_mean_300.0_v3" 201 - "PUT http://172.18.0.2:8080/v1/AUTH_9dfeb33600594e98af860dd2d94f2fd5/gnocchi.004037af-78f7-4f3a-be23-27835fe01ecf/1766880000.0_mean_300.0_v3" "txdc840417bd3046329a8ac-00695c44d0" "proxy-server 20" 0.0115 "-" 25 0
Jan 5 23:10:08 standalone proxy-server[129267]: 172.18.0.2 172.18.0.100 05/Jan/2026/23/10/08 PUT /v1/AUTH_9dfeb33600594e98af860dd2d94f2fd5/gnocchi.004037af-78f7-4f3a-be23-27835fe01ecf/1766880000.0_mean_300.0_v3 HTTP/1.0 201 - python-swiftclient-3.11.1 gAAAAABpXEQriJA3... 16 - - txdc840417bd3046329a8ac-00695c44d0 - 0.0180 - - 1767654608.043468714 1767654608.061501741 0
Jan 5 23:10:08 standalone container-server[127263]: 172.20.0.100 - - [05/Jan/2026:23:10:08 +0000] "PUT /d1/514/AUTH_9dfeb33600594e98af860dd2d94f2fd5/gnocchi.004037af-78f7-4f3a-be23-27835fe01ecf/none_v3" 201 - "PUT http://172.18.0.2:8080/d1/439/AUTH_9dfeb33600594e98af860dd2d94f2fd5/gnocchi.004037af-78f7-4f3a-be23-27835fe01ecf/none_v3" "txdd501a9b90c04e1092bd3-00695c44d0" "object-server 24" 0.0004 "-" 21 0
Jan 5 23:10:08 standalone object-server[127317]: 172.20.0.100 - - [05/Jan/2026:23:10:08 +0000] "PUT /d1/439/AUTH_9dfeb33600594e98af860dd2d94f2fd5/gnocchi.004037af-78f7-4f3a-be23-27835fe01ecf/none_v3" 201 - "PUT http://172.18.0.2:8080/v1/AUTH_9dfeb33600594e98af860dd2d94f2fd5/gnocchi.004037af-78f7-4f3a-be23-27835fe01ecf/none_v3" "txdd501a9b90c04e1092bd3-00695c44d0" "proxy-server 20" 0.0088 "-" 24 0
Jan 5 23:10:08 standalone proxy-server[129267]: 172.18.0.2 172.18.0.100 05/Jan/2026/23/10/08 PUT /v1/AUTH_9dfeb33600594e98af860dd2d94f2fd5/gnocchi.004037af-78f7-4f3a-be23-27835fe01ecf/none_v3 HTTP/1.0 201 - python-swiftclient-3.11.1 gAAAAABpXEQriJA3... 22 - - txdd501a9b90c04e1092bd3-00695c44d0 - 0.0151 - - 1767654608.063644409 1767654608.078769445 0
Jan 5 23:10:08 standalone container-server[127278]: 172.20.0.100 - - [05/Jan/2026:23:10:08 +0000] "HEAD /d1/450/AUTH_9dfeb33600594e98af860dd2d94f2fd5/gnocchi.dcee686c-cfa3-474c-bad5-ee2d62411d50" 404 - "HEAD http://172.18.0.2:8080/v1/AUTH_9dfeb33600594e98af860dd2d94f2fd5/gnocchi.dcee686c-cfa3-474c-bad5-ee2d62411d50?format=json&states=listing" "tx9dd38be66f8a4a49a29f2-00695c44d0" "proxy-server 20" 0.0007 "-" 22 0
Jan 5 23:10:08 standalone object-server[127313]: 172.20.0.100 - - [05/Jan/2026:23:10:08 +0000] "GET /d1/163/AUTH_9dfeb33600594e98af860dd2d94f2fd5/gnocchi.dcee686c-cfa3-474c-bad5-ee2d62411d50/none_v3" 404 70 "GET http://172.18.0.2:8080/v1/AUTH_9dfeb33600594e98af860dd2d94f2fd5/gnocchi.dcee686c-cfa3-474c-bad5-ee2d62411d50/none_v3" "tx9dd38be66f8a4a49a29f2-00695c44d0" "proxy-server 20" 0.0005 "-" 23 0
Jan 5 23:10:08 standalone proxy-server[129267]: 172.18.0.2 172.18.0.100 05/Jan/2026/23/10/08 GET /v1/AUTH_9dfeb33600594e98af860dd2d94f2fd5/gnocchi.dcee686c-cfa3-474c-bad5-ee2d62411d50/none_v3 HTTP/1.0 404 - python-swiftclient-3.11.1 gAAAAABpXEQriJA3... - 70 - tx9dd38be66f8a4a49a29f2-00695c44d0 - 0.0171 - - 1767654608.092202663 1767654608.109302521 0
Jan 5 23:10:08 standalone account-server[127174]: 172.20.0.100 - - [05/Jan/2026:23:10:08 +0000] "PUT /d1/795/AUTH_9dfeb33600594e98af860dd2d94f2fd5/gnocchi.dcee686c-cfa3-474c-bad5-ee2d62411d50" 201 - "PUT http://172.20.0.100:6001/d1/450/AUTH_9dfeb33600594e98af860dd2d94f2fd5/gnocchi.dcee686c-cfa3-474c-bad5-ee2d62411d50" "tx4669b95976704dc084ffe-00695c44d0" "container-server 21" 0.0049 "-" 23 0
Jan 5 23:10:08 standalone container-server[127263]: 172.20.0.100 - - [05/Jan/2026:23:10:08 +0000] "PUT /d1/450/AUTH_9dfeb33600594e98af860dd2d94f2fd5/gnocchi.dcee686c-cfa3-474c-bad5-ee2d62411d50" 201 - "PUT http://172.18.0.2:8080/v1/AUTH_9dfeb33600594e98af860dd2d94f2fd5/gnocchi.dcee686c-cfa3-474c-bad5-ee2d62411d50" "tx4669b95976704dc084ffe-00695c44d0" "proxy-server 20" 0.0173 "-" 21 0
Jan 5 23:10:08 standalone proxy-server[129267]: 172.18.0.2 172.18.0.100 05/Jan/2026/23/10/08 PUT /v1/AUTH_9dfeb33600594e98af860dd2d94f2fd5/gnocchi.dcee686c-cfa3-474c-bad5-ee2d62411d50 HTTP/1.0 201 - python-swiftclient-3.11.1 gAAAAABpXEQriJA3... - - - tx4669b95976704dc084ffe-00695c44d0 - 0.0249 - - 1767654608.115612745 1767654608.140558004 0
Jan 5 23:10:08 standalone container-server[127279]: 172.20.0.100 - - [05/Jan/2026:23:10:08 +0000] "HEAD /d1/450/AUTH_9dfeb33600594e98af860dd2d94f2fd5/gnocchi.dcee686c-cfa3-474c-bad5-ee2d62411d50" 204 - "HEAD http://172.18.0.2:8080/v1/AUTH_9dfeb33600594e98af860dd2d94f2fd5/gnocchi.dcee686c-cfa3-474c-bad5-ee2d62411d50?format=json&states=listing" "tx3bfe80efbda6418f989a7-00695c44d0" "proxy-server 20" 0.0021 "-" 23 0
