Jan 5 22:55:08 standalone account-server[126660]: Starting 2
Jan 5 22:55:09 standalone account-server[126783]: Started child 20 from parent 2
Jan 5 22:55:09 standalone container-server[126940]: Starting 2
Jan 5 22:55:09 standalone account-server[126783]: Started child 21 from parent 2
Jan 5 22:55:09 standalone account-server[126783]: Started child 22 from parent 2
Jan 5 22:55:10 standalone account-server[126783]: Started child 23 from parent 2
Jan 5 22:55:10 standalone object-expirer[126970]: Starting 2
Jan 5 22:55:10 standalone object-expirer[126970]: Option auto_create_account_prefix is deprecated. Configure auto_create_account_prefix under the swift-constraints section of swift.conf. This option will be ignored in a future release.
Jan 5 22:55:10 standalone container-server[126918]: Option allow_versions is deprecated. Configure the versioned_writes middleware in the proxy-server instead. This option will be ignored in a future release.
Jan 5 22:55:10 standalone container-server[127259]: Option allow_versions is deprecated. Configure the versioned_writes middleware in the proxy-server instead. This option will be ignored in a future release.
Jan 5 22:55:10 standalone container-server[126918]: Started child 20 from parent 2
Jan 5 22:55:10 standalone container-server[127263]: Option allow_versions is deprecated. Configure the versioned_writes middleware in the proxy-server instead. This option will be ignored in a future release.
Jan 5 22:55:10 standalone container-server[126918]: Started child 21 from parent 2
Jan 5 22:55:10 standalone container-server[127278]: Option allow_versions is deprecated. Configure the versioned_writes middleware in the proxy-server instead. This option will be ignored in a future release.
Jan 5 22:55:10 standalone container-server[126918]: Started child 22 from parent 2
Jan 5 22:55:10 standalone container-server[127279]: Option allow_versions is deprecated. Configure the versioned_writes middleware in the proxy-server instead. This option will be ignored in a future release.
Jan 5 22:55:10 standalone container-server[126918]: Started child 23 from parent 2
Jan 5 22:55:10 standalone object-server[127183]: Started child 22 from parent 2
Jan 5 22:55:10 standalone object-server[127183]: Started child 23 from parent 2
Jan 5 22:55:10 standalone object-server[127216]: Starting 2
Jan 5 22:55:10 standalone object-server[127183]: Started child 24 from parent 2
Jan 5 22:55:10 standalone object-server[127183]: Started child 25 from parent 2
Jan 5 22:55:16 standalone proxy-server[128977]: Starting Keystone auth_token middleware
Jan 5 22:55:16 standalone proxy-server[128977]: AuthToken middleware is set with keystone_authtoken.service_token_roles_required set to False. This is backwards compatible but deprecated behaviour. Please set this to True.
Jan 5 22:55:16 standalone proxy-server[129267]: Starting Keystone auth_token middleware
Jan 5 22:55:16 standalone proxy-server[129267]: STDERR: The option "bind_port" is not known to keystonemiddleware
Jan 5 22:55:16 standalone proxy-server[129267]: STDERR: The option "workers" is not known to keystonemiddleware
Jan 5 22:55:16 standalone proxy-server[129267]: STDERR: The option "user" is not known to keystonemiddleware
Jan 5 22:55:16 standalone proxy-server[129267]: STDERR: The option "bind_ip" is not known to keystonemiddleware
Jan 5 22:55:16 standalone proxy-server[129267]: STDERR: The option "log_name" is not known to keystonemiddleware
Jan 5 22:55:16 standalone proxy-server[129267]: STDERR: The option "log_facility" is not known to keystonemiddleware
Jan 5 22:55:16 standalone proxy-server[129267]: STDERR: The option "log_level" is not known to keystonemiddleware
Jan 5 22:55:16 standalone proxy-server[129267]: STDERR: The option "log_headers" is not known to keystonemiddleware
Jan 5 22:55:16 standalone proxy-server[129267]: STDERR: The option "log_address" is not known to keystonemiddleware
Jan 5 22:55:16 standalone proxy-server[129267]: STDERR: The option "project_name" is not known to keystonemiddleware
Jan 5 22:55:16 standalone proxy-server[129267]: STDERR: The option "username" is not known to keystonemiddleware
Jan 5 22:55:16 standalone proxy-server[129267]: STDERR: The option "password" is not known to keystonemiddleware
Jan 5 22:55:16 standalone proxy-server[129267]: STDERR: The option "auth_url" is not known to keystonemiddleware
Jan 5 22:55:16 standalone proxy-server[129267]: STDERR: The option "signing_dir" is not known to keystonemiddleware
Jan 5 22:55:16 standalone proxy-server[129267]: STDERR: The option "project_domain_id" is not known to keystonemiddleware
Jan 5 22:55:16 standalone proxy-server[129267]: STDERR: The option "user_domain_id" is not known to keystonemiddleware
Jan 5 22:55:16 standalone proxy-server[129267]: STDERR: The option "__name__" is not known to keystonemiddleware
Jan 5 22:55:16 standalone proxy-server[129267]: AuthToken middleware is set with keystone_authtoken.service_token_roles_required set to False. This is backwards compatible but deprecated behaviour. Please set this to True.
Jan 5 22:55:16 standalone proxy-server[128977]: Started child 20 from parent 2
Jan 5 22:56:57 standalone account-server[127169]: 172.20.0.100 - - [05/Jan/2026:22:56:57 +0000] "HEAD /d1/787/.expiring_objects" 404 - "HEAD http://localhost/v1/.expiring_objects?format=json" "tx1e408beed64c4c05a9a68-00695c41b9" "proxy-server 2" 0.0020 "-" 22 -
Jan 5 22:56:57 standalone object-expirer[126970]: Pass completed in 0s; 0 objects expired (txn: tx1e408beed64c4c05a9a68-00695c41b9)
Jan 5 22:57:54 standalone account-server[127160]: 172.20.0.100 - - [05/Jan/2026:22:57:54 +0000] "HEAD /d1/787/.expiring_objects" 404 - "HEAD http://localhost/v1/.expiring_objects?format=json" "tx15aacc575ed847fd934e0-00695c41f2" "proxy-server 2" 0.0020 "-" 21 -
Jan 5 22:57:54 standalone object-expirer[126970]: Pass completed in 0s; 0 objects expired (txn: tx15aacc575ed847fd934e0-00695c41f2)
Jan 5 22:58:19 standalone object-server[127216]: Begin object update sweep
Jan 5 22:58:19 standalone object-server[150368]: Object update sweep starting on /srv/node/d1 (pid: 11)
Jan 5 22:58:19 standalone object-server[150368]: Object update sweep completed on /srv/node/d1 in 0.00s seconds:, 0 successes, 0 failures, 0 quarantines, 0 unlinks, 0 errors, 0 redirects (pid: 11)
Jan 5 22:58:19 standalone object-server[150368]: Object update sweep of d1 completed: 0.00s, 0 successes, 0 failures, 0 quarantines, 0 unlinks, 0 errors, 0 redirects
Jan 5 22:58:19 standalone object-server[127216]: Object update sweep completed: 0.08s
Jan 5 22:58:47 standalone account-server[127160]: 172.20.0.100 - - [05/Jan/2026:22:58:47 +0000] "HEAD /d1/787/.expiring_objects" 404 - "HEAD http://localhost/v1/.expiring_objects?format=json" "tx910b0e3fd58b4a9ba842a-00695c4227" "proxy-server 2" 0.0012 "-" 21 -
Jan 5 22:58:47 standalone object-expirer[126970]: Pass completed in 0s; 0 objects expired (txn: tx910b0e3fd58b4a9ba842a-00695c4227)
Jan 5 22:59:46 standalone container-server[126940]: Begin container update sweep
Jan 5 22:59:46 standalone container-server[126940]: Container update sweep completed: 0.00s
Jan 5 23:01:38 standalone account-server[127174]: 172.20.0.100 - - [05/Jan/2026:23:01:38 +0000] "HEAD /d1/787/.expiring_objects" 404 - "HEAD http://localhost/v1/.expiring_objects?format=json" "txadc79ce451c542a291089-00695c42d2" "proxy-server 2" 0.0017 "-" 23 -
Jan 5 23:01:38 standalone object-expirer[126970]: Pass completed in 0s; 0 objects expired (txn: txadc79ce451c542a291089-00695c42d2)
Jan 5 23:02:45 standalone account-server[126660]: Devices pass completed: 0.00s
Jan 5 23:03:16 standalone account-server[127154]: 172.20.0.100 - - [05/Jan/2026:23:03:16 +0000] "HEAD /d1/787/.expiring_objects" 404 - "HEAD http://localhost/v1/.expiring_objects?format=json" "tx9909ff4472834e21aa408-00695c4334" "proxy-server 2" 0.0009 "-" 20 -
Jan 5 23:03:16 standalone object-expirer[126970]: Pass completed in 0s; 0 objects expired (txn: tx9909ff4472834e21aa408-00695c4334)
Jan 5 23:03:19 standalone object-server[127216]: Begin object update sweep
Jan 5 23:03:19 standalone object-server[190362]: Object update sweep starting on /srv/node/d1 (pid: 13)
Jan 5 23:03:19 standalone object-server[190362]: Object update sweep completed on /srv/node/d1 in 0.00s seconds:, 0 successes, 0 failures, 0 quarantines, 0 unlinks, 0 errors, 0 redirects (pid: 13)
Jan 5 23:03:19 standalone object-server[190362]: Object update sweep of d1 completed: 0.00s, 0 successes, 0 failures, 0 quarantines, 0 unlinks, 0 errors, 0 redirects
Jan 5 23:03:19 standalone object-server[127216]: Object update sweep completed: 0.07s
Jan 5 23:04:46 standalone container-server[126940]: Begin container update sweep
Jan 5 23:04:46 standalone container-server[126940]: Container update sweep completed: 0.00s
Jan 5 23:06:21 standalone account-server[127169]: 172.20.0.100 - - [05/Jan/2026:23:06:21 +0000] "HEAD /d1/787/.expiring_objects" 404 - "HEAD http://localhost/v1/.expiring_objects?format=json" "tx0fb87e85959c48f18fe07-00695c43ed" "proxy-server 2" 0.0005 "-" 22 -
Jan 5 23:06:21 standalone object-expirer[126970]: Pass completed in 0s; 0 objects expired (txn: tx0fb87e85959c48f18fe07-00695c43ed)
Jan 5 23:07:23 standalone account-server[127174]: 172.20.0.100 - - [05/Jan/2026:23:07:23 +0000] "HEAD /d1/795/AUTH_9dfeb33600594e98af860dd2d94f2fd5" 404 - "HEAD http://172.18.0.2:8080/v1/AUTH_9dfeb33600594e98af860dd2d94f2fd5?format=json" "tx3828ef7413464da483418-00695c442b" "proxy-server 20" 0.0007 "-" 23 -
Jan 5 23:07:23 standalone proxy-server[129267]: - - 05/Jan/2026/23/07/23 HEAD /v1/AUTH_9dfeb33600594e98af860dd2d94f2fd5%3Fformat%3Djson HTTP/1.0 200 - Swift - - - - tx3828ef7413464da483418-00695c442b - 0.0072 RL - 1767654443.186421394 1767654443.193583012 -
Jan 5 23:07:23 standalone object-server[127313]: 172.20.0.100 - - [05/Jan/2026:23:07:23 +0000] "GET /d1/366/AUTH_9dfeb33600594e98af860dd2d94f2fd5/gnocchi.8631b4a7-ace4-4b53-823d-3d7713f0386c/none_v3" 404 70 "GET http://172.18.0.2:8080/v1/AUTH_9dfeb33600594e98af860dd2d94f2fd5/gnocchi.8631b4a7-ace4-4b53-823d-3d7713f0386c/none_v3" "tx3828ef7413464da483418-00695c442b" "proxy-server 20" 0.0013 "-" 23 0
Jan 5 23:07:23 standalone proxy-server[129267]: 172.18.0.2 172.18.0.100 05/Jan/2026/23/07/23 GET /v1/AUTH_9dfeb33600594e98af860dd2d94f2fd5/gnocchi.8631b4a7-ace4-4b53-823d-3d7713f0386c/none_v3 HTTP/1.0 404 - python-swiftclient-3.11.1 gAAAAABpXEQriJA3... - 70 - tx3828ef7413464da483418-00695c442b - 0.4450 - - 1767654443.182326078 1767654443.627336264 0
Jan 5 23:07:23 standalone account-server[127154]: 172.20.0.100 - - [05/Jan/2026:23:07:23 +0000] "PUT /d1/795/AUTH_9dfeb33600594e98af860dd2d94f2fd5" 201 - "-" "tx81a1114b4dd24f7381d56-00695c442b" "-" 0.0173 "-" 20 -
Jan 5 23:07:23 standalone proxy-server[129267]: autocreate account '/AUTH_9dfeb33600594e98af860dd2d94f2fd5' (txn: tx81a1114b4dd24f7381d56-00695c442b)
Jan 5 23:07:23 standalone account-server[127174]: 172.20.0.100 - - [05/Jan/2026:23:07:23 +0000] "HEAD /d1/795/AUTH_9dfeb33600594e98af860dd2d94f2fd5" 204 - "HEAD http://172.18.0.2:8080/v1/AUTH_9dfeb33600594e98af860dd2d94f2fd5?format=json" "tx81a1114b4dd24f7381d56-00695c442b" "proxy-server 20" 0.0028 "-" 23 -
Jan 5 23:07:23 standalone account-server[127169]: 172.20.0.100 - - [05/Jan/2026:23:07:23 +0000] "PUT /d1/795/AUTH_9dfeb33600594e98af860dd2d94f2fd5/gnocchi.8631b4a7-ace4-4b53-823d-3d7713f0386c" 201 - "PUT http://172.20.0.100:6001/d1/512/AUTH_9dfeb33600594e98af860dd2d94f2fd5/gnocchi.8631b4a7-ace4-4b53-823d-3d7713f0386c" "tx81a1114b4dd24f7381d56-00695c442b" "container-server 22" 0.0032 "-" 22 0
Jan 5 23:07:23 standalone container-server[127278]: 172.20.0.100 - - [05/Jan/2026:23:07:23 +0000] "PUT /d1/512/AUTH_9dfeb33600594e98af860dd2d94f2fd5/gnocchi.8631b4a7-ace4-4b53-823d-3d7713f0386c" 201 - "PUT http://172.18.0.2:8080/v1/AUTH_9dfeb33600594e98af860dd2d94f2fd5/gnocchi.8631b4a7-ace4-4b53-823d-3d7713f0386c" "tx81a1114b4dd24f7381d56-00695c442b" "proxy-server 20" 0.0198 "-" 22 0
Jan 5 23:07:23 standalone proxy-server[129267]: 172.18.0.2 172.18.0.100 05/Jan/2026/23/07/23 PUT /v1/AUTH_9dfeb33600594e98af860dd2d94f2fd5/gnocchi.8631b4a7-ace4-4b53-823d-3d7713f0386c HTTP/1.0 201 - python-swiftclient-3.11.1 gAAAAABpXEQriJA3... - - - tx81a1114b4dd24f7381d56-00695c442b - 0.0579 - - 1767654443.630837679 1767654443.688754320 0
Jan 5 23:07:23 standalone container-server[127263]: 172.20.0.100 - - [05/Jan/2026:23:07:23 +0000] "HEAD /d1/512/AUTH_9dfeb33600594e98af860dd2d94f2fd5/gnocchi.8631b4a7-ace4-4b53-823d-3d7713f0386c" 204 - "HEAD http://172.18.0.2:8080/v1/AUTH_9dfeb33600594e98af860dd2d94f2fd5/gnocchi.8631b4a7-ace4-4b53-823d-3d7713f0386c?format=json&states=listing" "tx72627ce901c1417e9006f-00695c442b" "proxy-server 20" 0.0045 "-" 21 0
Jan 5 23:07:23 standalone proxy-server[129267]: - - 05/Jan/2026/23/07/23 HEAD /v1/AUTH_9dfeb33600594e98af860dd2d94f2fd5/gnocchi.8631b4a7-ace4-4b53-823d-3d7713f0386c%3Fformat%3Djson%26states%3Dlisting HTTP/1.0 204 - Swift - - - - tx72627ce901c1417e9006f-00695c442b - 0.0091 RL - 1767654443.693707705 1767654443.702812433 0
Jan 5 23:07:23 standalone container-server[127263]: 172.20.0.100 - - [05/Jan/2026:23:07:23 +0000] "GET /d1/512/AUTH_9dfeb33600594e98af860dd2d94f2fd5/gnocchi.8631b4a7-ace4-4b53-823d-3d7713f0386c" 200 2 "GET http://172.18.0.2:8080/v1/AUTH_9dfeb33600594e98af860dd2d94f2fd5/gnocchi.8631b4a7-ace4-4b53-823d-3d7713f0386c?format=json&states=listing" "tx72627ce901c1417e9006f-00695c442b" "proxy-server 20" 0.0034 "-" 21 0
Jan 5 23:07:23 standalone proxy-server[129267]: 172.18.0.2 172.18.0.100 05/Jan/2026/23/07/23 GET /v1/AUTH_9dfeb33600594e98af860dd2d94f2fd5/gnocchi.8631b4a7-ace4-4b53-823d-3d7713f0386c%3Fformat%3Djson%26states%3Dlisting HTTP/1.0 200 - python-swiftclient-3.11.1 gAAAAABpXEQriJA3... - 2 - tx72627ce901c1417e9006f-00695c442b - 0.0224 - - 1767654443.692265511 1767654443.714664221 0
Jan 5 23:07:23 standalone object-server[127327]: 172.20.0.100 - - [05/Jan/2026:23:07:23 +0000] "GET /d1/923/AUTH_9dfeb33600594e98af860dd2d94f2fd5/gnocchi.8631b4a7-ace4-4b53-823d-3d7713f0386c/1766880000.0_mean_300.0_v3" 404 70 "GET http://172.18.0.2:8080/v1/AUTH_9dfeb33600594e98af860dd2d94f2fd5/gnocchi.8631b4a7-ace4-4b53-823d-3d7713f0386c/1766880000.0_mean_300.0_v3" "tx6fb22a8bbf564ce488c84-00695c442b" "proxy-server 20" 0.0010 "-" 25 0
Jan 5 23:07:23 standalone proxy-server[129267]: 172.18.0.2 172.18.0.100 05/Jan/2026/23/07/23 GET /v1/AUTH_9dfeb33600594e98af860dd2d94f2fd5/gnocchi.8631b4a7-ace4-4b53-823d-3d7713f0386c/1766880000.0_mean_300.0_v3 HTTP/1.0 404 - python-swiftclient-3.11.1 gAAAAABpXEQriJA3... - 70 - tx6fb22a8bbf564ce488c84-00695c442b - 0.0088 - - 1767654443.718823910 1767654443.727673292 0
Jan 5 23:07:23 standalone container-server[127263]: 172.20.0.100 - - [05/Jan/2026:23:07:23 +0000] "PUT /d1/512/AUTH_9dfeb33600594e98af860dd2d94f2fd5/gnocchi.8631b4a7-ace4-4b53-823d-3d7713f0386c/1766880000.0_mean_300.0_v3" 201 - "PUT http://172.18.0.2:8080/d1/923/AUTH_9dfeb33600594e98af860dd2d94f2fd5/gnocchi.8631b4a7-ace4-4b53-823d-3d7713f0386c/1766880000.0_mean_300.0_v3" "tx54aad1ceb0034d549af0c-00695c442b" "object-server 22" 0.0012 "-" 21 0
Jan 5 23:07:23 standalone object-server[127310]: 172.20.0.100 - - [05/Jan/2026:23:07:23 +0000] "PUT /d1/923/AUTH_9dfeb33600594e98af860dd2d94f2fd5/gnocchi.8631b4a7-ace4-4b53-823d-3d7713f0386c/1766880000.0_mean_300.0_v3" 201 - "PUT http://172.18.0.2:8080/v1/AUTH_9dfeb33600594e98af860dd2d94f2fd5/gnocchi.8631b4a7-ace4-4b53-823d-3d7713f0386c/1766880000.0_mean_300.0_v3" "tx54aad1ceb0034d549af0c-00695c442b" "proxy-server 20" 0.0418 "-" 22 0
Jan 5 23:07:23 standalone proxy-server[129267]: 172.18.0.2 172.18.0.100 05/Jan/2026/23/07/23 PUT /v1/AUTH_9dfeb33600594e98af860dd2d94f2fd5/gnocchi.8631b4a7-ace4-4b53-823d-3d7713f0386c/1766880000.0_mean_300.0_v3 HTTP/1.0 201 - python-swiftclient-3.11.1 gAAAAABpXEQriJA3... 16 - - tx54aad1ceb0034d549af0c-00695c442b - 0.0508 - - 1767654443.731260061 1767654443.782046556 0
Jan 5 23:07:23 standalone container-server[127279]: 172.20.0.100 - - [05/Jan/2026:23:07:23 +0000] "PUT /d1/512/AUTH_9dfeb33600594e98af860dd2d94f2fd5/gnocchi.8631b4a7-ace4-4b53-823d-3d7713f0386c/none_v3" 201 - "PUT http://172.18.0.2:8080/d1/366/AUTH_9dfeb33600594e98af860dd2d94f2fd5/gnocchi.8631b4a7-ace4-4b53-823d-3d7713f0386c/none_v3" "tx3688de39c63b40dbaac8e-00695c442b" "object-server 23" 0.0015 "-" 23 0
Jan 5 23:07:23 standalone object-server[127313]: 172.20.0.100 - - [05/Jan/2026:23:07:23 +0000] "PUT /d1/366/AUTH_9dfeb33600594e98af860dd2d94f2fd5/gnocchi.8631b4a7-ace4-4b53-823d-3d7713f0386c/none_v3" 201 - "PUT http://172.18.0.2:8080/v1/AUTH_9dfeb33600594e98af860dd2d94f2fd5/gnocchi.8631b4a7-ace4-4b53-823d-3d7713f0386c/none_v3" "tx3688de39c63b40dbaac8e-00695c442b" "proxy-server 20" 0.0437 "-" 23 0
Jan 5 23:07:23 standalone proxy-server[129267]: 172.18.0.2 172.18.0.100 05/Jan/2026/23/07/23 PUT /v1/AUTH_9dfeb33600594e98af860dd2d94f2fd5/gnocchi.8631b4a7-ace4-4b53-823d-3d7713f0386c/none_v3 HTTP/1.0 201 - python-swiftclient-3.11.1 gAAAAABpXEQriJA3... 32 - - tx3688de39c63b40dbaac8e-00695c442b - 0.0521 - - 1767654443.786726236 1767654443.838863611 0
Jan 5 23:08:19 standalone object-server[127216]: Begin object update sweep
Jan 5 23:08:19 standalone object-server[227008]: Object update sweep starting on /srv/node/d1 (pid: 14)
Jan 5 23:08:19 standalone object-server[227008]: Object update sweep completed on /srv/node/d1 in 0.00s seconds:, 0 successes, 0 failures, 0 quarantines, 0 unlinks, 0 errors, 0 redirects (pid: 14)
Jan 5 23:08:19 standalone object-server[227008]: Object update sweep of d1 completed: 0.00s, 0 successes, 0 failures, 0 quarantines, 0 unlinks, 0 errors, 0 redirects
Jan 5 23:08:20 standalone object-server[127216]: Object update sweep completed: 0.08s
Jan 5 23:08:23 standalone account-server[127169]: 172.20.0.100 - - [05/Jan/2026:23:08:23 +0000] "HEAD /d1/795/AUTH_9dfeb33600594e98af860dd2d94f2fd5" 204 - "HEAD http://172.18.0.2:8080/v1/AUTH_9dfeb33600594e98af860dd2d94f2fd5?format=json" "txbab62cfb1bfb4865bc495-00695c4467" "proxy-server 20" 0.0077 "-" 22 -
Jan 5 23:08:23 standalone proxy-server[129267]: - - 05/Jan/2026/23/08/23 HEAD /v1/AUTH_9dfeb33600594e98af860dd2d94f2fd5%3Fformat%3Djson HTTP/1.0 204 - Swift - - - - txbab62cfb1bfb4865bc495-00695c4467 - 0.0156 RL - 1767654503.849448204 1767654503.865067959 -
Jan 5 23:08:23 standalone container-server[127259]: 172.20.0.100 - - [05/Jan/2026:23:08:23 +0000] "HEAD /d1/492/AUTH_9dfeb33600594e98af860dd2d94f2fd5/gnocchi.8121a55c-795a-4277-bea8-97525b3138ad" 404 - "HEAD http://172.18.0.2:8080/v1/AUTH_9dfeb33600594e98af860dd2d94f2fd5/gnocchi.8121a55c-795a-4277-bea8-97525b3138ad?format=json&states=listing" "txbab62cfb1bfb4865bc495-00695c4467" "proxy-server 20" 0.0017 "-" 20 0
Jan 5 23:08:23 standalone object-server[127317]: 172.20.0.100 - - [05/Jan/2026:23:08:23 +0000] "GET /d1/1002/AUTH_9dfeb33600594e98af860dd2d94f2fd5/gnocchi.8121a55c-795a-4277-bea8-97525b3138ad/none_v3" 404 70 "GET http://172.18.0.2:8080/v1/AUTH_9dfeb33600594e98af860dd2d94f2fd5/gnocchi.8121a55c-795a-4277-bea8-97525b3138ad/none_v3" "txbab62cfb1bfb4865bc495-00695c4467" "proxy-server 20" 0.0009 "-" 24 0
Jan 5 23:08:23 standalone proxy-server[129267]: 172.18.0.2 172.18.0.100 05/Jan/2026/23/08/23 GET /v1/AUTH_9dfeb33600594e98af860dd2d94f2fd5/gnocchi.8121a55c-795a-4277-bea8-97525b3138ad/none_v3 HTTP/1.0 404 - python-swiftclient-3.11.1 gAAAAABpXEQriJA3... - 70 - txbab62cfb1bfb4865bc495-00695c4467 - 0.0400 - - 1767654503.848067999 1767654503.888086081 0
Jan 5 23:08:23 standalone account-server[127174]: 172.20.0.100 - - [05/Jan/2026:23:08:23 +0000] "PUT /d1/795/AUTH_9dfeb33600594e98af860dd2d94f2fd5/gnocchi.8121a55c-795a-4277-bea8-97525b3138ad" 201 - "PUT http://172.20.0.100:6001/d1/492/AUTH_9dfeb33600594e98af860dd2d94f2fd5/gnocchi.8121a55c-795a-4277-bea8-97525b3138ad" "tx7756d0f146d641af84811-00695c4467" "container-server 21" 0.0025 "-" 23 0
Jan 5 23:08:23 standalone container-server[127263]: 172.20.0.100 - - [05/Jan/2026:23:08:23 +0000] "PUT /d1/492/AUTH_9dfeb33600594e98af860dd2d94f2fd5/gnocchi.8121a55c-795a-4277-bea8-97525b3138ad" 201 - "PUT http://172.18.0.2:8080/v1/AUTH_9dfeb33600594e98af860dd2d94f2fd5/gnocchi.8121a55c-795a-4277-bea8-97525b3138ad" "tx7756d0f146d641af84811-00695c4467" "proxy-server 20" 0.0206 "-" 21 0
Jan 5 23:08:23 standalone proxy-server[129267]: 172.18.0.2 172.18.0.100 05/Jan/2026/23/08/23 PUT /v1/AUTH_9dfeb33600594e98af860dd2d94f2fd5/gnocchi.8121a55c-795a-4277-bea8-97525b3138ad HTTP/1.0 201 - python-swiftclient-3.11.1 gAAAAABpXEQriJA3... - - - tx7756d0f146d641af84811-00695c4467 - 0.0294 - - 1767654503.893545866 1767654503.922976017 0
Jan 5 23:08:23 standalone container-server[127259]: 172.20.0.100 - - [05/Jan/2026:23:08:23 +0000] "HEAD /d1/492/AUTH_9dfeb33600594e98af860dd2d94f2fd5/gnocchi.8121a55c-795a-4277-bea8-97525b3138ad" 204 - "HEAD http://172.18.0.2:8080/v1/AUTH_9dfeb33600594e98af860dd2d94f2fd5/gnocchi.8121a55c-795a-4277-bea8-97525b3138ad?format=json&states=listing" "txb918bb6e16174e0690445-00695c4467" "proxy-server 20" 0.0026 "-" 20 0
Jan 5 23:08:23 standalone proxy-server[129267]: - - 05/Jan/2026/23/08/23 HEAD /v1/AUTH_9dfeb33600594e98af860dd2d94f2fd5/gnocchi.8121a55c-795a-4277-bea8-97525b3138ad%3Fformat%3Djson%26states%3Dlisting HTTP/1.0 204 - Swift - - - - txb918bb6e16174e0690445-00695c4467 - 0.0073 RL - 1767654503.928670168 1767654503.935948849 0
Jan 5 23:08:23 standalone container-server[127279]: 172.20.0.100 - - [05/Jan/2026:23:08:23 +0000] "GET /d1/492/AUTH_9dfeb33600594e98af860dd2d94f2fd5/gnocchi.8121a55c-795a-4277-bea8-97525b3138ad" 200 2 "GET http://172.18.0.2:8080/v1/AUTH_9dfeb33600594e98af860dd2d94f2fd5/gnocchi.8121a55c-795a-4277-bea8-97525b3138ad?format=json&states=listing" "txb918bb6e16174e0690445-00695c4467" "proxy-server 20" 0.0051 "-" 23 0
Jan 5 23:08:23 standalone proxy-server[129267]: 172.18.0.2 172.18.0.100 05/Jan/2026/23/08/23 GET /v1/AUTH_9dfeb33600594e98af860dd2d94f2fd5/gnocchi.8121a55c-795a-4277-bea8-97525b3138ad%3Fformat%3Djson%26states%3Dlisting HTTP/1.0 200 - python-swiftclient-3.11.1 gAAAAABpXEQriJA3... - 2 - txb918bb6e16174e0690445-00695c4467 - 0.0250 - - 1767654503.926976919 1767654503.952017307 0
Jan 5 23:08:23 standalone object-server[127327]: 172.20.0.100 - - [05/Jan/2026:23:08:23 +0000] "GET /d1/518/AUTH_9dfeb33600594e98af860dd2d94f2fd5/gnocchi.8121a55c-795a-4277-bea8-97525b3138ad/1766880000.0_mean_300.0_v3" 404 70 "GET http://172.18.0.2:8080/v1/AUTH_9dfeb33600594e98af860dd2d94f2fd5/gnocchi.8121a55c-795a-4277-bea8-97525b3138ad/1766880000.0_mean_300.0_v3" "tx38d59c1e4b0e4e3fb96a8-00695c4467" "proxy-server 20" 0.0004 "-" 25 0
Jan 5 23:08:23 standalone proxy-server[129267]: 172.18.0.2 172.18.0.100 05/Jan/2026/23/08/23 GET /v1/AUTH_9dfeb33600594e98af860dd2d94f2fd5/gnocchi.8121a55c-795a-4277-bea8-97525b3138ad/1766880000.0_mean_300.0_v3 HTTP/1.0 404 - python-swiftclient-3.11.1 gAAAAABpXEQriJA3... - 70 - tx38d59c1e4b0e4e3fb96a8-00695c4467 - 0.0119 - - 1767654503.956024647 1767654503.967916489 0
Jan 5 23:08:24 standalone container-server[127263]: 172.20.0.100 - - [05/Jan/2026:23:08:24 +0000] "PUT /d1/492/AUTH_9dfeb33600594e98af860dd2d94f2fd5/gnocchi.8121a55c-795a-4277-bea8-97525b3138ad/1766880000.0_mean_300.0_v3" 201 - "PUT http://172.18.0.2:8080/d1/518/AUTH_9dfeb33600594e98af860dd2d94f2fd5/gnocchi.8121a55c-795a-4277-bea8-97525b3138ad/1766880000.0_mean_300.0_v3" "tx08e5893528144fe4a2e18-00695c4467" "object-server 24" 0.0007 "-" 21 0
Jan 5 23:08:24 standalone object-server[127317]: 172.20.0.100 - - [05/Jan/2026:23:08:24 +0000] "PUT /d1/518/AUTH_9dfeb33600594e98af860dd2d94f2fd5/gnocchi.8121a55c-795a-4277-bea8-97525b3138ad/1766880000.0_mean_300.0_v3" 201 - "PUT http://172.18.0.2:8080/v1/AUTH_9dfeb33600594e98af860dd2d94f2fd5/gnocchi.8121a55c-795a-4277-bea8-97525b3138ad/1766880000.0_mean_300.0_v3" "tx08e5893528144fe4a2e18-00695c4467" "proxy-server 20" 0.0446 "-" 24 0
Jan 5 23:08:24 standalone proxy-server[129267]: 172.18.0.2 172.18.0.100 05/Jan/2026/23/08/24 PUT /v1/AUTH_9dfeb33600594e98af860dd2d94f2fd5/gnocchi.8121a55c-795a-4277-bea8-97525b3138ad/1766880000.0_mean_300.0_v3 HTTP/1.0 201 - python-swiftclient-3.11.1 gAAAAABpXEQriJA3... 16 - - tx08e5893528144fe4a2e18-00695c4467 - 0.0525 - - 1767654503.971533060 1767654504.024057627 0
Jan 5 23:08:24 standalone container-server[127263]: 172.20.0.100 - - [05/Jan/2026:23:08:24 +0000] "PUT /d1/492/AUTH_9dfeb33600594e98af860dd2d94f2fd5/gnocchi.8121a55c-795a-4277-bea8-97525b3138ad/none_v3" 201 - "PUT http://172.18.0.2:8080/d1/1002/AUTH_9dfeb33600594e98af860dd2d94f2fd5/gnocchi.8121a55c-795a-4277-bea8-97525b3138ad/none_v3" "tx883f41d0aa584c1bac516-00695c4468" "object-server 24" 0.0005 "-" 21 0
Jan 5 23:08:24 standalone object-server[127317]: 172.20.0.100 - - [05/Jan/2026:23:08:24 +0000] "PUT /d1/1002/AUTH_9dfeb33600594e98af860dd2d94f2fd5/gnocchi.8121a55c-795a-4277-bea8-97525b3138ad/none_v3" 201 - "PUT http://172.18.0.2:8080/v1/AUTH_9dfeb33600594e98af860dd2d94f2fd5/gnocchi.8121a55c-795a-4277-bea8-97525b3138ad/none_v3" "tx883f41d0aa584c1bac516-00695c4468" "proxy-server 20" 0.0403 "-" 24 0
Jan 5 23:08:24 standalone proxy-server[129267]: 172.18.0.2 172.18.0.100 05/Jan/2026/23/08/24 PUT /v1/AUTH_9dfeb33600594e98af860dd2d94f2fd5/gnocchi.8121a55c-795a-4277-bea8-97525b3138ad/none_v3 HTTP/1.0 201 - python-swiftclient-3.11.1 gAAAAABpXEQriJA3... 22 - - tx883f41d0aa584c1bac516-00695c4468 - 0.0466 - - 1767654504.026738167 1767654504.073353767 0
Jan 5 23:08:24 standalone container-server[127263]: 172.20.0.100 - - [05/Jan/2026:23:08:24 +0000] "HEAD /d1/610/AUTH_9dfeb33600594e98af860dd2d94f2fd5/gnocchi.db7cc624-1222-45fa-9f1d-d20f72e63510" 404 - "HEAD http://172.18.0.2:8080/v1/AUTH_9dfeb33600594e98af860dd2d94f2fd5/gnocchi.db7cc624-1222-45fa-9f1d-d20f72e63510?format=json&states=listing" "tx39f76464935e47878982f-00695c4468" "proxy-server 20" 0.0004 "-" 21 0
Jan 5 23:08:24 standalone object-server[127327]: 172.20.0.100 - - [05/Jan/2026:23:08:24 +0000] "GET /d1/621/AUTH_9dfeb33600594e98af860dd2d94f2fd5/gnocchi.db7cc624-1222-45fa-9f1d-d20f72e63510/none_v3" 404 70 "GET http://172.18.0.2:8080/v1/AUTH_9dfeb33600594e98af860dd2d94f2fd5/gnocchi.db7cc624-1222-45fa-9f1d-d20f72e63510/none_v3" "tx39f76464935e47878982f-00695c4468" "proxy-server 20" 0.0004 "-" 25 0
Jan 5 23:08:24 standalone proxy-server[129267]: 172.18.0.2 172.18.0.100 05/Jan/2026/23/08/24 GET /v1/AUTH_9dfeb33600594e98af860dd2d94f2fd5/gnocchi.db7cc624-1222-45fa-9f1d-d20f72e63510/none_v3 HTTP/1.0 404 - python-swiftclient-3.11.1 gAAAAABpXEQriJA3... - 70 - tx39f76464935e47878982f-00695c4468 - 0.0094 - - 1767654504.084126472 1767654504.093532085 0
Jan 5 23:08:24 standalone account-server[127154]: 172.20.0.100 - - [05/Jan/2026:23:08:24 +0000] "PUT /d1/795/AUTH_9dfeb33600594e98af860dd2d94f2fd5/gnocchi.db7cc624-1222-45fa-9f1d-d20f72e63510" 201 - "PUT http://172.20.0.100:6001/d1/610/AUTH_9dfeb33600594e98af860dd2d94f2fd5/gnocchi.db7cc624-1222-45fa-9f1d-d20f72e63510" "tx2deb407ce53248678701c-00695c4468" "container-server 21" 0.0157 "-" 20 0
Jan 5 23:08:24 standalone container-server[127263]: 172.20.0.100 - - [05/Jan/2026:23:08:24 +0000] "PUT /d1/610/AUTH_9dfeb33600594e98af860dd2d94f2fd5/gnocchi.db7cc624-1222-45fa-9f1d-d20f72e63510" 201 - "PUT http://172.18.0.2:8080/v1/AUTH_9dfeb33600594e98af860dd2d94f2fd5/gnocchi.db7cc624-1222-45fa-9f1d-d20f72e63510" "tx2deb407ce53248678701c-00695c4468" "proxy-server 20" 0.0418 "-" 21 0
Jan 5 23:08:24 standalone proxy-server[129267]: 172.18.0.2 172.18.0.100 05/Jan/2026/23/08/24 PUT /v1/AUTH_9dfeb33600594e98af860dd2d94f2fd5/gnocchi.db7cc624-1222-45fa-9f1d-d20f72e63510 HTTP/1.0 201 - python-swiftclient-3.11.1 gAAAAABpXEQriJA3... - - - tx2deb407ce53248678701c-00695c4468 - 0.0463 - - 1767654504.095725536 1767654504.142019033 0
Jan 5 23:08:24 standalone container-server[127279]: 172.20.0.100 - - [05/Jan/2026:23:08:24 +0000] "HEAD /d1/610/AUTH_9dfeb33600594e98af860dd2d94f2fd5/gnocchi.db7cc624-1222-45fa-9f1d-d20f72e63510" 204 - "HEAD http://172.18.0.2:8080/v1/AUTH_9dfeb33600594e98af860dd2d94f2fd5/gnocchi.db7cc624-1222-45fa-9f1d-d20f72e63510?format=json&states=listing" "tx78c9549fb5544fbda44fd-00695c4468" "proxy-server 20" 0.0015 "-" 23 0
Jan 5 23:08:24 standalone proxy-server[129267]: - - 05/Jan/2026/23/08/24 HEAD /v1/AUTH_9dfeb33600594e98af860dd2d94f2fd5/gnocchi.db7cc624-1222-45fa-9f1d-d20f72e63510%3Fformat%3Djson%26states%3Dlisting HTTP/1.0 204 - Swift - - - - tx78c9549fb5544fbda44fd-00695c4468 - 0.0047 RL - 1767654504.145652533 1767654504.150329828 0
Jan 5 23:08:24 standalone container-server[127263]: 172.20.0.100 - - [05/Jan/2026:23:08:24 +0000] "GET /d1/610/AUTH_9dfeb33600594e98af860dd2d94f2fd5/gnocchi.db7cc624-1222-45fa-9f1d-d20f72e63510" 200 2 "GET http://172.18.0.2:8080/v1/AUTH_9dfeb33600594e98af860dd2d94f2fd5/gnocchi.db7cc624-1222-45fa-9f1d-d20f72e63510?format=json&states=listing" "tx78c9549fb5544fbda44fd-00695c4468" "proxy-server 20" 0.0040 "-" 21 0
Jan 5 23:08:24 standalone proxy-server[129267]: 172.18.0.2 172.18.0.100 05/Jan/2026/23/08/24 GET /v1/AUTH_9dfeb33600594e98af860dd2d94f2fd5/gnocchi.db7cc624-1222-45fa-9f1d-d20f72e63510%3Fformat%3Djson%26states%3Dlisting HTTP/1.0 200 - python-swiftclient-3.11.1 gAAAAABpXEQriJA3... - 2 - tx78c9549fb5544fbda44fd-00695c4468 - 0.0148 - - 1767654504.144833803 1767654504.159609556 0
Jan 5 23:08:24 standalone object-server[127317]: 172.20.0.100 - - [05/Jan/2026:23:08:24 +0000] "GET /d1/292/AUTH_9dfeb33600594e98af860dd2d94f2fd5/gnocchi.db7cc624-1222-45fa-9f1d-d20f72e63510/1766880000.0_mean_300.0_v3" 404 70 "GET http://172.18.0.2:8080/v1/AUTH_9dfeb33600594e98af860dd2d94f2fd5/gnocchi.db7cc624-1222-45fa-9f1d-d20f72e63510/1766880000.0_mean_300.0_v3" "tx46f07da524c343039551c-00695c4468" "proxy-server 20" 0.0003 "-" 24 0
Jan 5 23:08:24 standalone proxy-server[129267]: 172.18.0.2 172.18.0.100 05/Jan/2026/23/08/24 GET /v1/AUTH_9dfeb33600594e98af860dd2d94f2fd5/gnocchi.db7cc624-1222-45fa-9f1d-d20f72e63510/1766880000.0_mean_300.0_v3 HTTP/1.0 404 - python-swiftclient-3.11.1 gAAAAABpXEQriJA3... - 70 - tx46f07da524c343039551c-00695c4468 - 0.0043 - - 1767654504.162805080 1767654504.167106390 0
Jan 5 23:08:24 standalone container-server[127263]: 172.20.0.100 - - [05/Jan/2026:23:08:24 +0000] "PUT /d1/610/AUTH_9dfeb33600594e98af860dd2d94f2fd5/gnocchi.db7cc624-1222-45fa-9f1d-d20f72e63510/1766880000.0_mean_300.0_v3" 201 - "PUT http://172.18.0.2:8080/d1/292/AUTH_9dfeb33600594e98af860dd2d94f2fd5/gnocchi.db7cc624-1222-45fa-9f1d-d20f72e63510/1766880000.0_mean_300.0_v3" "txe2fff33680ef4e6197eab-00695c4468" "object-server 23" 0.0013 "-" 21 0
Jan 5 23:08:24 standalone object-server[127313]: 172.20.0.100 - - [05/Jan/2026:23:08:24 +0000] "PUT /d1/292/AUTH_9dfeb33600594e98af860dd2d94f2fd5/gnocchi.db7cc624-1222-45fa-9f1d-d20f72e63510/1766880000.0_mean_300.0_v3" 201 - "PUT http://172.18.0.2:8080/v1/AUTH_9dfeb33600594e98af860dd2d94f2fd5/gnocchi.db7cc624-1222-45fa-9f1d-d20f72e63510/1766880000.0_mean_300.0_v3" "txe2fff33680ef4e6197eab-00695c4468" "proxy-server 20" 0.0332 "-" 23 0
Jan 5 23:08:24 standalone proxy-server[129267]: 172.18.0.2 172.18.0.100 05/Jan/2026/23/08/24 PUT /v1/AUTH_9dfeb33600594e98af860dd2d94f2fd5/gnocchi.db7cc624-1222-45fa-9f1d-d20f72e63510/1766880000.0_mean_300.0_v3 HTTP/1.0 201 - python-swiftclient-3.11.1 gAAAAABpXEQriJA3... 16 - - txe2fff33680ef4e6197eab-00695c4468 - 0.0376 - - 1767654504.168944120 1767654504.206503868 0
Jan 5 23:08:24 standalone container-server[127263]: 172.20.0.100 - - [05/Jan/2026:23:08:24 +0000] "PUT /d1/610/AUTH_9dfeb33600594e98af860dd2d94f2fd5/gnocchi.db7cc624-1222-45fa-9f1d-d20f72e63510/none_v3" 201 - "PUT http://172.18.0.2:8080/d1/621/AUTH_9dfeb33600594e98af860dd2d94f2fd5/gnocchi.db7cc624-1222-45fa-9f1d-d20f72e63510/none_v3" "tx870639478b434876b361d-00695c4468" "object-server 23" 0.0008 "-" 21 0
Jan 5 23:08:24 standalone object-server[127313]: 172.20.0.100 - - [05/Jan/2026:23:08:24 +0000] "PUT /d1/621/AUTH_9dfeb33600594e98af860dd2d94f2fd5/gnocchi.db7cc624-1222-45fa-9f1d-d20f72e63510/none_v3" 201 - "PUT http://172.18.0.2:8080/v1/AUTH_9dfeb33600594e98af860dd2d94f2fd5/gnocchi.db7cc624-1222-45fa-9f1d-d20f72e63510/none_v3" "tx870639478b434876b361d-00695c4468" "proxy-server 20" 0.0154 "-" 23 0
Jan 5 23:08:24 standalone proxy-server[129267]: 172.18.0.2 172.18.0.100 05/Jan/2026/23/08/24 PUT /v1/AUTH_9dfeb33600594e98af860dd2d94f2fd5/gnocchi.db7cc624-1222-45fa-9f1d-d20f72e63510/none_v3 HTTP/1.0 201 - python-swiftclient-3.11.1 gAAAAABpXEQriJA3... 22 - - tx870639478b434876b361d-00695c4468 - 0.0205 - - 1767654504.208757877 1767654504.229272842 0
Jan 5 23:08:31 standalone container-server[127259]: 172.20.0.100 - - [05/Jan/2026:23:08:31 +0000] "HEAD /d1/836/AUTH_9dfeb33600594e98af860dd2d94f2fd5/gnocchi.969877e2-df1c-47eb-a156-5154861f4801" 404 - "HEAD http://172.18.0.2:8080/v1/AUTH_9dfeb33600594e98af860dd2d94f2fd5/gnocchi.969877e2-df1c-47eb-a156-5154861f4801?format=json&states=listing" "txcdcaa5063d1d4e48970e5-00695c446f" "proxy-server 20" 0.0008 "-" 20 0
Jan 5 23:08:31 standalone object-server[127313]: 172.20.0.100 - - [05/Jan/2026:23:08:31 +0000] "GET /d1/968/AUTH_9dfeb33600594e98af860dd2d94f2fd5/gnocchi.969877e2-df1c-47eb-a156-5154861f4801/none_v3" 404 70 "GET http://172.18.0.2:8080/v1/AUTH_9dfeb33600594e98af860dd2d94f2fd5/gnocchi.969877e2-df1c-47eb-a156-5154861f4801/none_v3" "txcdcaa5063d1d4e48970e5-00695c446f" "proxy-server 20" 0.0007 "-" 23 0
Jan 5 23:08:31 standalone proxy-server[129267]: 172.18.0.2 172.18.0.100 05/Jan/2026/23/08/31 GET /v1/AUTH_9dfeb33600594e98af860dd2d94f2fd5/gnocchi.969877e2-df1c-47eb-a156-5154861f4801/none_v3 HTTP/1.0 404 - python-swiftclient-3.11.1 gAAAAABpXEQriJA3... - 70 - txcdcaa5063d1d4e48970e5-00695c446f - 0.0152 - - 1767654511.722204924 1767654511.737446547 0
Jan 5 23:08:31 standalone account-server[127160]: 172.20.0.100 - - [05/Jan/2026:23:08:31 +0000] "PUT /d1/795/AUTH_9dfeb33600594e98af860dd2d94f2fd5/gnocchi.969877e2-df1c-47eb-a156-5154861f4801" 201 - "PUT http://172.20.0.100:6001/d1/836/AUTH_9dfeb33600594e98af860dd2d94f2fd5/gnocchi.969877e2-df1c-47eb-a156-5154861f4801" "txe2efbff0844d48d695291-00695c446f" "container-server 20" 0.0187 "-" 21 0
Jan 5 23:08:31 standalone container-server[127259]: 172.20.0.100 - - [05/Jan/2026:23:08:31 +0000] "PUT /d1/836/AUTH_9dfeb33600594e98af860dd2d94f2fd5/gnocchi.969877e2-df1c-47eb-a156-5154861f4801" 201 - "PUT http://172.18.0.2:8080/v1/AUTH_9dfeb33600594e98af860dd2d94f2fd5/gnocchi.969877e2-df1c-47eb-a156-5154861f4801" "txe2efbff0844d48d695291-00695c446f" "proxy-server 20" 0.0423 "-" 20 0
Jan 5 23:08:31 standalone proxy-server[129267]: 172.18.0.2 172.18.0.100 05/Jan/2026/23/08/31 PUT /v1/AUTH_9dfeb33600594e98af860dd2d94f2fd5/gnocchi.969877e2-df1c-47eb-a156-5154861f4801 HTTP/1.0 201 - python-swiftclient-3.11.1 gAAAAABpXEQriJA3... - - - txe2efbff0844d48d695291-00695c446f - 0.0505 - - 1767654511.741261005 1767654511.791769266 0
Jan 5 23:08:31 standalone container-server[127278]: 172.20.0.100 - - [05/Jan/2026:23:08:31 +0000] "HEAD /d1/836/AUTH_9dfeb33600594e98af860dd2d94f2fd5/gnocchi.969877e2-df1c-47eb-a156-5154861f4801" 204 - "HEAD http://172.18.0.2:8080/v1/AUTH_9dfeb33600594e98af860dd2d94f2fd5/gnocchi.969877e2-df1c-47eb-a156-5154861f4801?format=json&states=listing" "tx9134d2719c9f468c9aa89-00695c446f" "proxy-server 20" 0.0031 "-" 22 0
Jan 5 23:08:31 standalone proxy-server[129267]: - - 05/Jan/2026/23/08/31 HEAD /v1/AUTH_9dfeb33600594e98af860dd2d94f2fd5/gnocchi.969877e2-df1c-47eb-a156-5154861f4801%3Fformat%3Djson%26states%3Dlisting HTTP/1.0 204 - Swift - - - - tx9134d2719c9f468c9aa89-00695c446f - 0.0086 RL - 1767654511.802664518 1767654511.811250448 0
Jan 5 23:08:31 standalone container-server[127259]: 172.20.0.100 - - [05/Jan/2026:23:08:31 +0000] "GET /d1/836/AUTH_9dfeb33600594e98af860dd2d94f2fd5/gnocchi.969877e2-df1c-47eb-a156-5154861f4801" 200 2 "GET http://172.18.0.2:8080/v1/AUTH_9dfeb33600594e98af860dd2d94f2fd5/gnocchi.969877e2-df1c-47eb-a156-5154861f4801?format=json&states=listing" "tx9134d2719c9f468c9aa89-00695c446f" "proxy-server 20" 0.0088 "-" 20 0
Jan 5 23:08:31 standalone proxy-server[129267]: 172.18.0.2 172.18.0.100 05/Jan/2026/23/08/31 GET /v1/AUTH_9dfeb33600594e98af860dd2d94f2fd5/gnocchi.969877e2-df1c-47eb-a156-5154861f4801%3Fformat%3Djson%26states%3Dlisting HTTP/1.0 200 - python-swiftclient-3.11.1 gAAAAABpXEQriJA3... - 2 - tx9134d2719c9f468c9aa89-00695c446f - 0.0358 - - 1767654511.798784256 1767654511.834600210 0
Jan 5 23:08:31 standalone object-server[127313]: 172.20.0.100 - - [05/Jan/2026:23:08:31 +0000] "GET /d1/963/AUTH_9dfeb33600594e98af860dd2d94f2fd5/gnocchi.969877e2-df1c-47eb-a156-5154861f4801/1766880000.0_mean_300.0_v3" 404 70 "GET http://172.18.0.2:8080/v1/AUTH_9dfeb33600594e98af860dd2d94f2fd5/gnocchi.969877e2-df1c-47eb-a156-5154861f4801/1766880000.0_mean_300.0_v3" "txf123f28eeb8248de8e76b-00695c446f" "proxy-server 20" 0.0008 "-" 23 0
Jan 5 23:08:31 standalone proxy-server[129267]: 172.18.0.2 172.18.0.100 05/Jan/2026/23/08/31 GET /v1/AUTH_9dfeb33600594e98af860dd2d94f2fd5/gnocchi.969877e2-df1c-47eb-a156-5154861f4801/1766880000.0_mean_300.0_v3 HTTP/1.0 404 - python-swiftclient-3.11.1 gAAAAABpXEQriJA3... - 70 - txf123f28eeb8248de8e76b-00695c446f - 0.0089 - - 1767654511.842130661 1767654511.850989580 0
Jan 5 23:08:31 standalone container-server[127263]: 172.20.0.100 - - [05/Jan/2026:23:08:31 +0000] "PUT /d1/836/AUTH_9dfeb33600594e98af860dd2d94f2fd5/gnocchi.969877e2-df1c-47eb-a156-5154861f4801/1766880000.0_mean_300.0_v3" 201 - "PUT http://172.18.0.2:8080/d1/963/AUTH_9dfeb33600594e98af860dd2d94f2fd5/gnocchi.969877e2-df1c-47eb-a156-5154861f4801/1766880000.0_mean_300.0_v3" "txf2d1c4c96bef4d8297d5c-00695c446f" "object-server 24" 0.0009 "-" 21 0
Jan 5 23:08:31 standalone object-server[127317]: 172.20.0.100 - - [05/Jan/2026:23:08:31 +0000] "PUT /d1/963/AUTH_9dfeb33600594e98af860dd2d94f2fd5/gnocchi.969877e2-df1c-47eb-a156-5154861f4801/1766880000.0_mean_300.0_v3" 201 - "PUT http://172.18.0.2:8080/v1/AUTH_9dfeb33600594e98af860dd2d94f2fd5/gnocchi.969877e2-df1c-47eb-a156-5154861f4801/1766880000.0_mean_300.0_v3" "txf2d1c4c96bef4d8297d5c-00695c446f" "proxy-server 20" 0.0127 "-" 24 0
Jan 5 23:08:31 standalone proxy-server[129267]: 172.18.0.2 172.18.0.100 05/Jan/2026/23/08/31 PUT /v1/AUTH_9dfeb33600594e98af860dd2d94f2fd5/gnocchi.969877e2-df1c-47eb-a156-5154861f4801/1766880000.0_mean_300.0_v3 HTTP/1.0 201 - python-swiftclient-3.11.1 gAAAAABpXEQriJA3... 16 - - txf2d1c4c96bef4d8297d5c-00695c446f - 0.0192 - - 1767654511.856395721 1767654511.875584602 0
Jan 5 23:08:31 standalone container-server[127259]: 172.20.0.100 - - [05/Jan/2026:23:08:31 +0000] "PUT /d1/836/AUTH_9dfeb33600594e98af860dd2d94f2fd5/gnocchi.969877e2-df1c-47eb-a156-5154861f4801/none_v3" 201 - "PUT http://172.18.0.2:8080/d1/968/AUTH_9dfeb33600594e98af860dd2d94f2fd5/gnocchi.969877e2-df1c-47eb-a156-5154861f4801/none_v3" "tx5bd7d920587a4e73bbf27-00695c446f" "object-server 25" 0.0009 "-" 20 0
Jan 5 23:08:31 standalone object-server[127327]: 172.20.0.100 - - [05/Jan/2026:23:08:31 +0000] "PUT /d1/968/AUTH_9dfeb33600594e98af860dd2d94f2fd5/gnocchi.969877e2-df1c-47eb-a156-5154861f4801/none_v3" 201 - "PUT http://172.18.0.2:8080/v1/AUTH_9dfeb33600594e98af860dd2d94f2fd5/gnocchi.969877e2-df1c-47eb-a156-5154861f4801/none_v3" "tx5bd7d920587a4e73bbf27-00695c446f" "proxy-server 20" 0.0363 "-" 25 0
Jan 5 23:08:31 standalone proxy-server[129267]: 172.18.0.2 172.18.0.100 05/Jan/2026/23/08/31 PUT /v1/AUTH_9dfeb33600594e98af860dd2d94f2fd5/gnocchi.969877e2-df1c-47eb-a156-5154861f4801/none_v3 HTTP/1.0 201 - python-swiftclient-3.11.1 gAAAAABpXEQriJA3... 22 - - tx5bd7d920587a4e73bbf27-00695c446f - 0.0465 - - 1767654511.879558086 1767654511.926023483 0
Jan 5 23:08:31 standalone container-server[127263]: 172.20.0.100 - - [05/Jan/2026:23:08:31 +0000] "HEAD /d1/367/AUTH_9dfeb33600594e98af860dd2d94f2fd5/gnocchi.2559c94e-f731-4d13-bb8c-0eec8039cef3" 404 - "HEAD http://172.18.0.2:8080/v1/AUTH_9dfeb33600594e98af860dd2d94f2fd5/gnocchi.2559c94e-f731-4d13-bb8c-0eec8039cef3?format=json&states=listing" "txe6c8cbf2bac54e3eb3323-00695c446f" "proxy-server 20" 0.0006 "-" 21 0
Jan 5 23:08:31 standalone object-server[127310]: 172.20.0.100 - - [05/Jan/2026:23:08:31 +0000] "GET /d1/315/AUTH_9dfeb33600594e98af860dd2d94f2fd5/gnocchi.2559c94e-f731-4d13-bb8c-0eec8039cef3/none_v3" 404 70 "GET http://172.18.0.2:8080/v1/AUTH_9dfeb33600594e98af860dd2d94f2fd5/gnocchi.2559c94e-f731-4d13-bb8c-0eec8039cef3/none_v3" "txe6c8cbf2bac54e3eb3323-00695c446f" "proxy-server 20" 0.0006 "-" 22 0
Jan 5 23:08:31 standalone proxy-server[129267]: 172.18.0.2 172.18.0.100 05/Jan/2026/23/08/31 GET /v1/AUTH_9dfeb33600594e98af860dd2d94f2fd5/gnocchi.2559c94e-f731-4d13-bb8c-0eec8039cef3/none_v3 HTTP/1.0 404 - python-swiftclient-3.11.1 gAAAAABpXEQriJA3... - 70 - txe6c8cbf2bac54e3eb3323-00695c446f - 0.0143 - - 1767654511.943011761 1767654511.957311153 0
Jan 5 23:08:31 standalone account-server[127160]: 172.20.0.100 - - [05/Jan/2026:23:08:31 +0000] "PUT /d1/795/AUTH_9dfeb33600594e98af860dd2d94f2fd5/gnocchi.2559c94e-f731-4d13-bb8c-0eec8039cef3" 201 - "PUT http://172.20.0.100:6001/d1/367/AUTH_9dfeb33600594e98af860dd2d94f2fd5/gnocchi.2559c94e-f731-4d13-bb8c-0eec8039cef3" "tx572616eef85142e7addbd-00695c446f" "container-server 22" 0.0065 "-" 21 0
Jan 5 23:08:31 standalone container-server[127278]: 172.20.0.100 - - [05/Jan/2026:23:08:31 +0000] "PUT /d1/367/AUTH_9dfeb33600594e98af860dd2d94f2fd5/gnocchi.2559c94e-f731-4d13-bb8c-0eec8039cef3" 201 - "PUT http://172.18.0.2:8080/v1/AUTH_9dfeb33600594e98af860dd2d94f2fd5/gnocchi.2559c94e-f731-4d13-bb8c-0eec8039cef3" "tx572616eef85142e7addbd-00695c446f" "proxy-server 20" 0.0216 "-" 22 0
Jan 5 23:08:31 standalone proxy-server[129267]: 172.18.0.2 172.18.0.100 05/Jan/2026/23/08/31 PUT /v1/AUTH_9dfeb33600594e98af860dd2d94f2fd5/gnocchi.2559c94e-f731-4d13-bb8c-0eec8039cef3 HTTP/1.0 201 - python-swiftclient-3.11.1 gAAAAABpXEQriJA3... - - - tx572616eef85142e7addbd-00695c446f - 0.0290 - - 1767654511.959454298 1767654511.988445997 0
Jan 5 23:08:31 standalone container-server[127263]: 172.20.0.100 - - [05/Jan/2026:23:08:31 +0000] "HEAD /d1/367/AUTH_9dfeb33600594e98af860dd2d94f2fd5/gnocchi.2559c94e-f731-4d13-bb8c-0eec8039cef3" 204 - "HEAD http://172.18.0.2:8080/v1/AUTH_9dfeb33600594e98af860dd2d94f2fd5/gnocchi.2559c94e-f731-4d13-bb8c-0eec8039cef3?format=json&states=listing" "tx24fa6bcabcbb4cb49970c-00695c446f" "proxy-server 20" 0.0019 "-" 21 0
Jan 5 23:08:32 standalone proxy-server[129267]: - - 05/Jan/2026/23/08/31 HEAD /v1/AUTH_9dfeb33600594e98af860dd2d94f2fd5/gnocchi.2559c94e-f731-4d13-bb8c-0eec8039cef3%3Fformat%3Djson%26states%3Dlisting HTTP/1.0 204 - Swift - - - - tx24fa6bcabcbb4cb49970c-00695c446f - 0.0061 RL - 1767654511.993586540 1767654511.999710560 0
Jan 5 23:08:32 standalone container-server[127279]: 172.20.0.100 - - [05/Jan/2026:23:08:32 +0000] "GET /d1/367/AUTH_9dfeb33600594e98af860dd2d94f2fd5/gnocchi.2559c94e-f731-4d13-bb8c-0eec8039cef3" 200 2 "GET http://172.18.0.2:8080/v1/AUTH_9dfeb33600594e98af860dd2d94f2fd5/gnocchi.2559c94e-f731-4d13-bb8c-0eec8039cef3?format=json&states=listing" "tx24fa6bcabcbb4cb49970c-00695c446f" "proxy-server 20" 0.0071 "-" 23 0
Jan 5 23:08:32 standalone proxy-server[129267]: 172.18.0.2 172.18.0.100 05/Jan/2026/23/08/32 GET /v1/AUTH_9dfeb33600594e98af860dd2d94f2fd5/gnocchi.2559c94e-f731-4d13-bb8c-0eec8039cef3%3Fformat%3Djson%26states%3Dlisting HTTP/1.0 200 - python-swiftclient-3.11.1 gAAAAABpXEQriJA3... - 2 - tx24fa6bcabcbb4cb49970c-00695c446f - 0.0270 - - 1767654511.991856098 1767654512.018824816 0
Jan 5 23:08:32 standalone object-server[127313]: 172.20.0.100 - - [05/Jan/2026:23:08:32 +0000] "GET /d1/124/AUTH_9dfeb33600594e98af860dd2d94f2fd5/gnocchi.2559c94e-f731-4d13-bb8c-0eec8039cef3/1766880000.0_mean_300.0_v3" 404 70 "GET http://172.18.0.2:8080/v1/AUTH_9dfeb33600594e98af860dd2d94f2fd5/gnocchi.2559c94e-f731-4d13-bb8c-0eec8039cef3/1766880000.0_mean_300.0_v3" "tx4c0b8167ede1482988fd3-00695c4470" "proxy-server 20" 0.0004 "-" 23 0
Jan 5 23:08:32 standalone proxy-server[129267]: 172.18.0.2 172.18.0.100 05/Jan/2026/23/08/32 GET /v1/AUTH_9dfeb33600594e98af860dd2d94f2fd5/gnocchi.2559c94e-f731-4d13-bb8c-0eec8039cef3/1766880000.0_mean_300.0_v3 HTTP/1.0 404 - python-swiftclient-3.11.1 gAAAAABpXEQriJA3... - 70 - tx4c0b8167ede1482988fd3-00695c4470 - 0.0085 - - 1767654512.022583008 1767654512.031115770 0
Jan 5 23:08:32 standalone container-server[127278]: 172.20.0.100 - - [05/Jan/2026:23:08:32 +0000] "PUT /d1/367/AUTH_9dfeb33600594e98af860dd2d94f2fd5/gnocchi.2559c94e-f731-4d13-bb8c-0eec8039cef3/1766880000.0_mean_300.0_v3" 201 - "PUT http://172.18.0.2:8080/d1/124/AUTH_9dfeb33600594e98af860dd2d94f2fd5/gnocchi.2559c94e-f731-4d13-bb8c-0eec8039cef3/1766880000.0_mean_300.0_v3" "txc07e784e328c4c9b80468-00695c4470" "object-server 25" 0.0010 "-" 22 0
Jan 5 23:08:32 standalone object-server[127327]: 172.20.0.100 - - [05/Jan/2026:23:08:32 +0000] "PUT /d1/124/AUTH_9dfeb33600594e98af860dd2d94f2fd5/gnocchi.2559c94e-f731-4d13-bb8c-0eec8039cef3/1766880000.0_mean_300.0_v3" 201 - "PUT http://172.18.0.2:8080/v1/AUTH_9dfeb33600594e98af860dd2d94f2fd5/gnocchi.2559c94e-f731-4d13-bb8c-0eec8039cef3/1766880000.0_mean_300.0_v3" "txc07e784e328c4c9b80468-00695c4470" "proxy-server 20" 0.0122 "-" 25 0
Jan 5 23:08:32 standalone proxy-server[129267]: 172.18.0.2 172.18.0.100 05/Jan/2026/23/08/32 PUT /v1/AUTH_9dfeb33600594e98af860dd2d94f2fd5/gnocchi.2559c94e-f731-4d13-bb8c-0eec8039cef3/1766880000.0_mean_300.0_v3 HTTP/1.0 201 - python-swiftclient-3.11.1 gAAAAABpXEQriJA3... 16 - - txc07e784e328c4c9b80468-00695c4470 - 0.0235 - - 1767654512.034030199 1767654512.057489634 0
Jan 5 23:08:32 standalone container-server[127259]: 172.20.0.100 - - [05/Jan/2026:23:08:32 +0000] "PUT /d1/367/AUTH_9dfeb33600594e98af860dd2d94f2fd5/gnocchi.2559c94e-f731-4d13-bb8c-0eec8039cef3/none_v3" 201 - "PUT http://172.18.0.2:8080/d1/315/AUTH_9dfeb33600594e98af860dd2d94f2fd5/gnocchi.2559c94e-f731-4d13-bb8c-0eec8039cef3/none_v3" "tx3c49f0990c5842388ba9d-00695c4470" "object-server 24" 0.0008 "-" 20 0
Jan 5 23:08:32 standalone object-server[127317]: 172.20.0.100 - - [05/Jan/2026:23:08:32 +0000] "PUT /d1/315/AUTH_9dfeb33600594e98af860dd2d94f2fd5/gnocchi.2559c94e-f731-4d13-bb8c-0eec8039cef3/none_v3" 201 - "PUT http://172.18.0.2:8080/v1/AUTH_9dfeb33600594e98af860dd2d94f2fd5/gnocchi.2559c94e-f731-4d13-bb8c-0eec8039cef3/none_v3" "tx3c49f0990c5842388ba9d-00695c4470" "proxy-server 20" 0.0181 "-" 24 0
Jan 5 23:08:32 standalone proxy-server[129267]: 172.18.0.2 172.18.0.100 05/Jan/2026/23/08/32 PUT /v1/AUTH_9dfeb33600594e98af860dd2d94f2fd5/gnocchi.2559c94e-f731-4d13-bb8c-0eec8039cef3/none_v3 HTTP/1.0 201 - python-swiftclient-3.11.1 gAAAAABpXEQriJA3... 22 - - tx3c49f0990c5842388ba9d-00695c4470 - 0.0247 - - 1767654512.060455084 1767654512.085114717 0
Jan 5 23:08:32 standalone container-server[127263]: 172.20.0.100 - - [05/Jan/2026:23:08:32 +0000] "HEAD /d1/326/AUTH_9dfeb33600594e98af860dd2d94f2fd5/gnocchi.1544e669-52e5-47ea-882c-82aa9911b1db" 404 - "HEAD http://172.18.0.2:8080/v1/AUTH_9dfeb33600594e98af860dd2d94f2fd5/gnocchi.1544e669-52e5-47ea-882c-82aa9911b1db?format=json&states=listing" "tx024c772a0bc14516b2600-00695c4470" "proxy-server 20" 0.0005 "-" 21 0
Jan 5 23:08:32 standalone object-server[127310]: 172.20.0.100 - - [05/Jan/2026:23:08:32 +0000] "GET /d1/653/AUTH_9dfeb33600594e98af860dd2d94f2fd5/gnocchi.1544e669-52e5-47ea-882c-82aa9911b1db/none_v3" 404 70 "GET http://172.18.0.2:8080/v1/AUTH_9dfeb33600594e98af860dd2d94f2fd5/gnocchi.1544e669-52e5-47ea-882c-82aa9911b1db/none_v3" "tx024c772a0bc14516b2600-00695c4470" "proxy-server 20" 0.0005 "-" 22 0
Jan 5 23:08:32 standalone proxy-server[129267]: 172.18.0.2 172.18.0.100 05/Jan/2026/23/08/32 GET /v1/AUTH_9dfeb33600594e98af860dd2d94f2fd5/gnocchi.1544e669-52e5-47ea-882c-82aa9911b1db/none_v3 HTTP/1.0 404 - python-swiftclient-3.11.1 gAAAAABpXEQriJA3... - 70 - tx024c772a0bc14516b2600-00695c4470 - 0.0583 - - 1767654512.095544338 1767654512.153825045 0
Jan 5 23:08:32 standalone account-server[127174]: 172.20.0.100 - - [05/Jan/2026:23:08:32 +0000] "PUT /d1/795/AUTH_9dfeb33600594e98af860dd2d94f2fd5/gnocchi.1544e669-52e5-47ea-882c-82aa9911b1db" 201 - "PUT http://172.20.0.100:6001/d1/326/AUTH_9dfeb33600594e98af860dd2d94f2fd5/gnocchi.1544e669-52e5-47ea-882c-82aa9911b1db" "tx0a9cc45b787b40f0ae14e-00695c4470" "container-server 23" 0.0046 "-" 23 0
Jan 5 23:08:32 standalone container-server[127279]: 172.20.0.100 - - [05/Jan/2026:23:08:32 +0000] "PUT /d1/326/AUTH_9dfeb33600594e98af860dd2d94f2fd5/gnocchi.1544e669-52e5-47ea-882c-82aa9911b1db" 201 - "PUT http://172.18.0.2:8080/v1/AUTH_9dfeb33600594e98af860dd2d94f2fd5/gnocchi.1544e669-52e5-47ea-882c-82aa9911b1db" "tx0a9cc45b787b40f0ae14e-00695c4470" "proxy-server 20" 0.0191 "-" 23 0
Jan 5 23:08:32 standalone proxy-server[129267]: 172.18.0.2 172.18.0.100 05/Jan/2026/23/08/32 PUT /v1/AUTH_9dfeb33600594e98af860dd2d94f2fd5/gnocchi.1544e669-52e5-47ea-882c-82aa9911b1db HTTP/1.0 201 - python-swiftclient-3.11.1 gAAAAABpXEQriJA3... - - - tx0a9cc45b787b40f0ae14e-00695c4470 - 0.0254 - - 1767654512.157211542 1767654512.182574034 0
Jan 5 23:08:32 standalone container-server[127279]: 172.20.0.100 - - [05/Jan/2026:23:08:32 +0000] "HEAD /d1/326/AUTH_9dfeb33600594e98af860dd2d94f2fd5/gnocchi.1544e669-52e5-47ea-882c-82aa9911b1db" 204 - "HEAD http://172.18.0.2:8080/v1/AUTH_9dfeb33600594e98af860dd2d94f2fd5/gnocchi.1544e669-52e5-47ea-882c-82aa9911b1db?format=json&states=listing" "txae0d11e13a2b40c8b8e4b-00695c4470" "proxy-server 20" 0.0019 "-" 23 0
Jan 5 23:08:32 standalone proxy-server[129267]: - - 05/Jan/2026/23/08/32 HEAD /v1/AUTH_9dfeb33600594e98af860dd2d94f2fd5/gnocchi.1544e669-52e5-47ea-882c-82aa9911b1db%3Fformat%3Djson%26states%3Dlisting HTTP/1.0 204 - Swift - - - - txae0d11e13a2b40c8b8e4b-00695c4470 - 0.0059 RL - 1767654512.187454939 1767654512.193401098 0
Jan 5 23:08:32 standalone container-server[127263]: 172.20.0.100 - - [05/Jan/2026:23:08:32 +0000] "GET /d1/326/AUTH_9dfeb33600594e98af860dd2d94f2fd5/gnocchi.1544e669-52e5-47ea-882c-82aa9911b1db" 200 2 "GET http://172.18.0.2:8080/v1/AUTH_9dfeb33600594e98af860dd2d94f2fd5/gnocchi.1544e669-52e5-47ea-882c-82aa9911b1db?format=json&states=listing" "txae0d11e13a2b40c8b8e4b-00695c4470" "proxy-server 20" 0.0025 "-" 21 0
