Jan 5 23:10:08 standalone proxy-server[129267]: - - 05/Jan/2026/23/10/08 HEAD /v1/AUTH_9dfeb33600594e98af860dd2d94f2fd5/gnocchi.dcee686c-cfa3-474c-bad5-ee2d62411d50%3Fformat%3Djson%26states%3Dlisting HTTP/1.0 204 - Swift - - - - tx3bfe80efbda6418f989a7-00695c44d0 - 0.0070 RL - 1767654608.147879839 1767654608.154911041 0
Jan 5 23:10:08 standalone container-server[127263]: 172.20.0.100 - - [05/Jan/2026:23:10:08 +0000] "GET /d1/450/AUTH_9dfeb33600594e98af860dd2d94f2fd5/gnocchi.dcee686c-cfa3-474c-bad5-ee2d62411d50" 200 2 "GET http://172.18.0.2:8080/v1/AUTH_9dfeb33600594e98af860dd2d94f2fd5/gnocchi.dcee686c-cfa3-474c-bad5-ee2d62411d50?format=json&states=listing" "tx3bfe80efbda6418f989a7-00695c44d0" "proxy-server 20" 0.0022 "-" 21 0
Jan 5 23:10:08 standalone proxy-server[129267]: 172.18.0.2 172.18.0.100 05/Jan/2026/23/10/08 GET /v1/AUTH_9dfeb33600594e98af860dd2d94f2fd5/gnocchi.dcee686c-cfa3-474c-bad5-ee2d62411d50%3Fformat%3Djson%26states%3Dlisting HTTP/1.0 200 - python-swiftclient-3.11.1 gAAAAABpXEQriJA3... - 2 - tx3bfe80efbda6418f989a7-00695c44d0 - 0.0197 - - 1767654608.145791054 1767654608.165464163 0
Jan 5 23:10:08 standalone object-server[127317]: 172.20.0.100 - - [05/Jan/2026:23:10:08 +0000] "GET /d1/273/AUTH_9dfeb33600594e98af860dd2d94f2fd5/gnocchi.dcee686c-cfa3-474c-bad5-ee2d62411d50/1766880000.0_mean_300.0_v3" 404 70 "GET http://172.18.0.2:8080/v1/AUTH_9dfeb33600594e98af860dd2d94f2fd5/gnocchi.dcee686c-cfa3-474c-bad5-ee2d62411d50/1766880000.0_mean_300.0_v3" "tx4afa673c8c7844d195912-00695c44d0" "proxy-server 20" 0.0005 "-" 24 0
Jan 5 23:10:08 standalone proxy-server[129267]: 172.18.0.2 172.18.0.100 05/Jan/2026/23/10/08 GET /v1/AUTH_9dfeb33600594e98af860dd2d94f2fd5/gnocchi.dcee686c-cfa3-474c-bad5-ee2d62411d50/1766880000.0_mean_300.0_v3 HTTP/1.0 404 - python-swiftclient-3.11.1 gAAAAABpXEQriJA3... - 70 - tx4afa673c8c7844d195912-00695c44d0 - 0.0081 - - 1767654608.169863939 1767654608.177980661 0
Jan 5 23:10:08 standalone container-server[127279]: 172.20.0.100 - - [05/Jan/2026:23:10:08 +0000] "PUT /d1/450/AUTH_9dfeb33600594e98af860dd2d94f2fd5/gnocchi.dcee686c-cfa3-474c-bad5-ee2d62411d50/1766880000.0_mean_300.0_v3" 201 - "PUT http://172.18.0.2:8080/d1/273/AUTH_9dfeb33600594e98af860dd2d94f2fd5/gnocchi.dcee686c-cfa3-474c-bad5-ee2d62411d50/1766880000.0_mean_300.0_v3" "tx1897f033e4454014bb347-00695c44d0" "object-server 22" 0.0010 "-" 23 0
Jan 5 23:10:08 standalone object-server[127310]: 172.20.0.100 - - [05/Jan/2026:23:10:08 +0000] "PUT /d1/273/AUTH_9dfeb33600594e98af860dd2d94f2fd5/gnocchi.dcee686c-cfa3-474c-bad5-ee2d62411d50/1766880000.0_mean_300.0_v3" 201 - "PUT http://172.18.0.2:8080/v1/AUTH_9dfeb33600594e98af860dd2d94f2fd5/gnocchi.dcee686c-cfa3-474c-bad5-ee2d62411d50/1766880000.0_mean_300.0_v3" "tx1897f033e4454014bb347-00695c44d0" "proxy-server 20" 0.0120 "-" 22 0
Jan 5 23:10:08 standalone proxy-server[129267]: 172.18.0.2 172.18.0.100 05/Jan/2026/23/10/08 PUT /v1/AUTH_9dfeb33600594e98af860dd2d94f2fd5/gnocchi.dcee686c-cfa3-474c-bad5-ee2d62411d50/1766880000.0_mean_300.0_v3 HTTP/1.0 201 - python-swiftclient-3.11.1 gAAAAABpXEQriJA3... 16 - - tx1897f033e4454014bb347-00695c44d0 - 0.0206 - - 1767654608.181252003 1767654608.201833248 0
Jan 5 23:10:08 standalone container-server[127263]: 172.20.0.100 - - [05/Jan/2026:23:10:08 +0000] "PUT /d1/450/AUTH_9dfeb33600594e98af860dd2d94f2fd5/gnocchi.dcee686c-cfa3-474c-bad5-ee2d62411d50/none_v3" 201 - "PUT http://172.18.0.2:8080/d1/163/AUTH_9dfeb33600594e98af860dd2d94f2fd5/gnocchi.dcee686c-cfa3-474c-bad5-ee2d62411d50/none_v3" "tx54d6f9b45cca41e59f33c-00695c44d0" "object-server 22" 0.0008 "-" 21 0
Jan 5 23:10:08 standalone object-server[127310]: 172.20.0.100 - - [05/Jan/2026:23:10:08 +0000] "PUT /d1/163/AUTH_9dfeb33600594e98af860dd2d94f2fd5/gnocchi.dcee686c-cfa3-474c-bad5-ee2d62411d50/none_v3" 201 - "PUT http://172.18.0.2:8080/v1/AUTH_9dfeb33600594e98af860dd2d94f2fd5/gnocchi.dcee686c-cfa3-474c-bad5-ee2d62411d50/none_v3" "tx54d6f9b45cca41e59f33c-00695c44d0" "proxy-server 20" 0.0110 "-" 22 0
Jan 5 23:10:08 standalone proxy-server[129267]: 172.18.0.2 172.18.0.100 05/Jan/2026/23/10/08 PUT /v1/AUTH_9dfeb33600594e98af860dd2d94f2fd5/gnocchi.dcee686c-cfa3-474c-bad5-ee2d62411d50/none_v3 HTTP/1.0 201 - python-swiftclient-3.11.1 gAAAAABpXEQriJA3... 22 - - tx54d6f9b45cca41e59f33c-00695c44d0 - 0.0183 - - 1767654608.205810547 1767654608.224097013 0
Jan 5 23:10:08 standalone container-server[127259]: 172.20.0.100 - - [05/Jan/2026:23:10:08 +0000] "HEAD /d1/795/AUTH_9dfeb33600594e98af860dd2d94f2fd5/gnocchi.a7114523-678f-4500-8db3-aff488ea74d5" 404 - "HEAD http://172.18.0.2:8080/v1/AUTH_9dfeb33600594e98af860dd2d94f2fd5/gnocchi.a7114523-678f-4500-8db3-aff488ea74d5?format=json&states=listing" "tx4963b90ff04a44669b7b7-00695c44d0" "proxy-server 20" 0.0006 "-" 20 0
Jan 5 23:10:08 standalone object-server[127317]: 172.20.0.100 - - [05/Jan/2026:23:10:08 +0000] "GET /d1/601/AUTH_9dfeb33600594e98af860dd2d94f2fd5/gnocchi.a7114523-678f-4500-8db3-aff488ea74d5/none_v3" 404 70 "GET http://172.18.0.2:8080/v1/AUTH_9dfeb33600594e98af860dd2d94f2fd5/gnocchi.a7114523-678f-4500-8db3-aff488ea74d5/none_v3" "tx4963b90ff04a44669b7b7-00695c44d0" "proxy-server 20" 0.0005 "-" 24 0
Jan 5 23:10:08 standalone proxy-server[129267]: 172.18.0.2 172.18.0.100 05/Jan/2026/23/10/08 GET /v1/AUTH_9dfeb33600594e98af860dd2d94f2fd5/gnocchi.a7114523-678f-4500-8db3-aff488ea74d5/none_v3 HTTP/1.0 404 - python-swiftclient-3.11.1 gAAAAABpXEQriJA3... - 70 - tx4963b90ff04a44669b7b7-00695c44d0 - 0.0135 - - 1767654608.244817972 1767654608.258299589 0
Jan 5 23:10:08 standalone account-server[127160]: 172.20.0.100 - - [05/Jan/2026:23:10:08 +0000] "PUT /d1/795/AUTH_9dfeb33600594e98af860dd2d94f2fd5/gnocchi.a7114523-678f-4500-8db3-aff488ea74d5" 201 - "PUT http://172.20.0.100:6001/d1/795/AUTH_9dfeb33600594e98af860dd2d94f2fd5/gnocchi.a7114523-678f-4500-8db3-aff488ea74d5" "txfcc66a547f08460b82916-00695c44d0" "container-server 23" 0.0061 "-" 21 0
Jan 5 23:10:08 standalone container-server[127279]: 172.20.0.100 - - [05/Jan/2026:23:10:08 +0000] "PUT /d1/795/AUTH_9dfeb33600594e98af860dd2d94f2fd5/gnocchi.a7114523-678f-4500-8db3-aff488ea74d5" 201 - "PUT http://172.18.0.2:8080/v1/AUTH_9dfeb33600594e98af860dd2d94f2fd5/gnocchi.a7114523-678f-4500-8db3-aff488ea74d5" "txfcc66a547f08460b82916-00695c44d0" "proxy-server 20" 0.0193 "-" 23 0
Jan 5 23:10:08 standalone proxy-server[129267]: 172.18.0.2 172.18.0.100 05/Jan/2026/23/10/08 PUT /v1/AUTH_9dfeb33600594e98af860dd2d94f2fd5/gnocchi.a7114523-678f-4500-8db3-aff488ea74d5 HTTP/1.0 201 - python-swiftclient-3.11.1 gAAAAABpXEQriJA3... - - - txfcc66a547f08460b82916-00695c44d0 - 0.0258 - - 1767654608.262295961 1767654608.288098812 0
Jan 5 23:10:08 standalone container-server[127278]: 172.20.0.100 - - [05/Jan/2026:23:10:08 +0000] "HEAD /d1/795/AUTH_9dfeb33600594e98af860dd2d94f2fd5/gnocchi.a7114523-678f-4500-8db3-aff488ea74d5" 204 - "HEAD http://172.18.0.2:8080/v1/AUTH_9dfeb33600594e98af860dd2d94f2fd5/gnocchi.a7114523-678f-4500-8db3-aff488ea74d5?format=json&states=listing" "tx19dae7597e1742208ec3a-00695c44d0" "proxy-server 20" 0.0028 "-" 22 0
Jan 5 23:10:08 standalone proxy-server[129267]: - - 05/Jan/2026/23/10/08 HEAD /v1/AUTH_9dfeb33600594e98af860dd2d94f2fd5/gnocchi.a7114523-678f-4500-8db3-aff488ea74d5%3Fformat%3Djson%26states%3Dlisting HTTP/1.0 204 - Swift - - - - tx19dae7597e1742208ec3a-00695c44d0 - 0.0083 RL - 1767654608.297325850 1767654608.305584192 0
Jan 5 23:10:08 standalone container-server[127278]: 172.20.0.100 - - [05/Jan/2026:23:10:08 +0000] "GET /d1/795/AUTH_9dfeb33600594e98af860dd2d94f2fd5/gnocchi.a7114523-678f-4500-8db3-aff488ea74d5" 200 2 "GET http://172.18.0.2:8080/v1/AUTH_9dfeb33600594e98af860dd2d94f2fd5/gnocchi.a7114523-678f-4500-8db3-aff488ea74d5?format=json&states=listing" "tx19dae7597e1742208ec3a-00695c44d0" "proxy-server 20" 0.0020 "-" 22 0
Jan 5 23:10:08 standalone proxy-server[129267]: 172.18.0.2 172.18.0.100 05/Jan/2026/23/10/08 GET /v1/AUTH_9dfeb33600594e98af860dd2d94f2fd5/gnocchi.a7114523-678f-4500-8db3-aff488ea74d5%3Fformat%3Djson%26states%3Dlisting HTTP/1.0 200 - python-swiftclient-3.11.1 gAAAAABpXEQriJA3... - 2 - tx19dae7597e1742208ec3a-00695c44d0 - 0.0174 - - 1767654608.295773983 1767654608.313187599 0
Jan 5 23:10:08 standalone object-server[127327]: 172.20.0.100 - - [05/Jan/2026:23:10:08 +0000] "GET /d1/333/AUTH_9dfeb33600594e98af860dd2d94f2fd5/gnocchi.a7114523-678f-4500-8db3-aff488ea74d5/1766880000.0_mean_300.0_v3" 404 70 "GET http://172.18.0.2:8080/v1/AUTH_9dfeb33600594e98af860dd2d94f2fd5/gnocchi.a7114523-678f-4500-8db3-aff488ea74d5/1766880000.0_mean_300.0_v3" "tx3179ba2bad3e442384d34-00695c44d0" "proxy-server 20" 0.0006 "-" 25 0
Jan 5 23:10:08 standalone proxy-server[129267]: 172.18.0.2 172.18.0.100 05/Jan/2026/23/10/08 GET /v1/AUTH_9dfeb33600594e98af860dd2d94f2fd5/gnocchi.a7114523-678f-4500-8db3-aff488ea74d5/1766880000.0_mean_300.0_v3 HTTP/1.0 404 - python-swiftclient-3.11.1 gAAAAABpXEQriJA3... - 70 - tx3179ba2bad3e442384d34-00695c44d0 - 0.0082 - - 1767654608.322475433 1767654608.330653667 0
Jan 5 23:10:08 standalone container-server[127278]: 172.20.0.100 - - [05/Jan/2026:23:10:08 +0000] "PUT /d1/795/AUTH_9dfeb33600594e98af860dd2d94f2fd5/gnocchi.a7114523-678f-4500-8db3-aff488ea74d5/1766880000.0_mean_300.0_v3" 201 - "PUT http://172.18.0.2:8080/d1/333/AUTH_9dfeb33600594e98af860dd2d94f2fd5/gnocchi.a7114523-678f-4500-8db3-aff488ea74d5/1766880000.0_mean_300.0_v3" "tx15d4438419814ac29a091-00695c44d0" "object-server 23" 0.0009 "-" 22 0
Jan 5 23:10:08 standalone object-server[127313]: 172.20.0.100 - - [05/Jan/2026:23:10:08 +0000] "PUT /d1/333/AUTH_9dfeb33600594e98af860dd2d94f2fd5/gnocchi.a7114523-678f-4500-8db3-aff488ea74d5/1766880000.0_mean_300.0_v3" 201 - "PUT http://172.18.0.2:8080/v1/AUTH_9dfeb33600594e98af860dd2d94f2fd5/gnocchi.a7114523-678f-4500-8db3-aff488ea74d5/1766880000.0_mean_300.0_v3" "tx15d4438419814ac29a091-00695c44d0" "proxy-server 20" 0.0105 "-" 23 0
Jan 5 23:10:08 standalone proxy-server[129267]: 172.18.0.2 172.18.0.100 05/Jan/2026/23/10/08 PUT /v1/AUTH_9dfeb33600594e98af860dd2d94f2fd5/gnocchi.a7114523-678f-4500-8db3-aff488ea74d5/1766880000.0_mean_300.0_v3 HTTP/1.0 201 - python-swiftclient-3.11.1 gAAAAABpXEQriJA3... 16 - - tx15d4438419814ac29a091-00695c44d0 - 0.0161 - - 1767654608.335787058 1767654608.351895094 0
Jan 5 23:10:08 standalone container-server[127259]: 172.20.0.100 - - [05/Jan/2026:23:10:08 +0000] "PUT /d1/795/AUTH_9dfeb33600594e98af860dd2d94f2fd5/gnocchi.a7114523-678f-4500-8db3-aff488ea74d5/none_v3" 201 - "PUT http://172.18.0.2:8080/d1/601/AUTH_9dfeb33600594e98af860dd2d94f2fd5/gnocchi.a7114523-678f-4500-8db3-aff488ea74d5/none_v3" "tx7db517496d364dbf8f0d3-00695c44d0" "object-server 22" 0.0008 "-" 20 0
Jan 5 23:10:08 standalone object-server[127310]: 172.20.0.100 - - [05/Jan/2026:23:10:08 +0000] "PUT /d1/601/AUTH_9dfeb33600594e98af860dd2d94f2fd5/gnocchi.a7114523-678f-4500-8db3-aff488ea74d5/none_v3" 201 - "PUT http://172.18.0.2:8080/v1/AUTH_9dfeb33600594e98af860dd2d94f2fd5/gnocchi.a7114523-678f-4500-8db3-aff488ea74d5/none_v3" "tx7db517496d364dbf8f0d3-00695c44d0" "proxy-server 20" 0.0117 "-" 22 0
Jan 5 23:10:08 standalone proxy-server[129267]: 172.18.0.2 172.18.0.100 05/Jan/2026/23/10/08 PUT /v1/AUTH_9dfeb33600594e98af860dd2d94f2fd5/gnocchi.a7114523-678f-4500-8db3-aff488ea74d5/none_v3 HTTP/1.0 201 - python-swiftclient-3.11.1 gAAAAABpXEQriJA3... 22 - - tx7db517496d364dbf8f0d3-00695c44d0 - 0.0177 - - 1767654608.355868578 1767654608.373533964 0
Jan 5 23:10:08 standalone container-server[127278]: 172.20.0.100 - - [05/Jan/2026:23:10:08 +0000] "HEAD /d1/609/AUTH_9dfeb33600594e98af860dd2d94f2fd5/gnocchi.720d0f0d-7830-4af2-9feb-834ec44898d6" 404 - "HEAD http://172.18.0.2:8080/v1/AUTH_9dfeb33600594e98af860dd2d94f2fd5/gnocchi.720d0f0d-7830-4af2-9feb-834ec44898d6?format=json&states=listing" "txd4d29c7e26ba41f39c9df-00695c44d0" "proxy-server 20" 0.0007 "-" 22 0
Jan 5 23:10:08 standalone object-server[127317]: 172.20.0.100 - - [05/Jan/2026:23:10:08 +0000] "GET /d1/462/AUTH_9dfeb33600594e98af860dd2d94f2fd5/gnocchi.720d0f0d-7830-4af2-9feb-834ec44898d6/none_v3" 404 70 "GET http://172.18.0.2:8080/v1/AUTH_9dfeb33600594e98af860dd2d94f2fd5/gnocchi.720d0f0d-7830-4af2-9feb-834ec44898d6/none_v3" "txd4d29c7e26ba41f39c9df-00695c44d0" "proxy-server 20" 0.0005 "-" 24 0
Jan 5 23:10:08 standalone proxy-server[129267]: 172.18.0.2 172.18.0.100 05/Jan/2026/23/10/08 GET /v1/AUTH_9dfeb33600594e98af860dd2d94f2fd5/gnocchi.720d0f0d-7830-4af2-9feb-834ec44898d6/none_v3 HTTP/1.0 404 - python-swiftclient-3.11.1 gAAAAABpXEQriJA3... - 70 - txd4d29c7e26ba41f39c9df-00695c44d0 - 0.0139 - - 1767654608.426826477 1767654608.440685511 0
Jan 5 23:10:08 standalone account-server[127174]: 172.20.0.100 - - [05/Jan/2026:23:10:08 +0000] "PUT /d1/795/AUTH_9dfeb33600594e98af860dd2d94f2fd5/gnocchi.720d0f0d-7830-4af2-9feb-834ec44898d6" 201 - "PUT http://172.20.0.100:6001/d1/609/AUTH_9dfeb33600594e98af860dd2d94f2fd5/gnocchi.720d0f0d-7830-4af2-9feb-834ec44898d6" "tx21db6a1b23ff47cc8e23f-00695c44d0" "container-server 21" 0.0067 "-" 23 0
Jan 5 23:10:08 standalone container-server[127263]: 172.20.0.100 - - [05/Jan/2026:23:10:08 +0000] "PUT /d1/609/AUTH_9dfeb33600594e98af860dd2d94f2fd5/gnocchi.720d0f0d-7830-4af2-9feb-834ec44898d6" 201 - "PUT http://172.18.0.2:8080/v1/AUTH_9dfeb33600594e98af860dd2d94f2fd5/gnocchi.720d0f0d-7830-4af2-9feb-834ec44898d6" "tx21db6a1b23ff47cc8e23f-00695c44d0" "proxy-server 20" 0.0251 "-" 21 0
Jan 5 23:10:08 standalone proxy-server[129267]: 172.18.0.2 172.18.0.100 05/Jan/2026/23/10/08 PUT /v1/AUTH_9dfeb33600594e98af860dd2d94f2fd5/gnocchi.720d0f0d-7830-4af2-9feb-834ec44898d6 HTTP/1.0 201 - python-swiftclient-3.11.1 gAAAAABpXEQriJA3... - - - tx21db6a1b23ff47cc8e23f-00695c44d0 - 0.0320 - - 1767654608.445434332 1767654608.477460623 0
Jan 5 23:10:08 standalone container-server[127278]: 172.20.0.100 - - [05/Jan/2026:23:10:08 +0000] "HEAD /d1/609/AUTH_9dfeb33600594e98af860dd2d94f2fd5/gnocchi.720d0f0d-7830-4af2-9feb-834ec44898d6" 204 - "HEAD http://172.18.0.2:8080/v1/AUTH_9dfeb33600594e98af860dd2d94f2fd5/gnocchi.720d0f0d-7830-4af2-9feb-834ec44898d6?format=json&states=listing" "tx03326b2bd5644fdca8369-00695c44d0" "proxy-server 20" 0.0022 "-" 22 0
Jan 5 23:10:08 standalone proxy-server[129267]: - - 05/Jan/2026/23/10/08 HEAD /v1/AUTH_9dfeb33600594e98af860dd2d94f2fd5/gnocchi.720d0f0d-7830-4af2-9feb-834ec44898d6%3Fformat%3Djson%26states%3Dlisting HTTP/1.0 204 - Swift - - - - tx03326b2bd5644fdca8369-00695c44d0 - 0.0076 RL - 1767654608.483719349 1767654608.491276503 0
Jan 5 23:10:08 standalone container-server[127279]: 172.20.0.100 - - [05/Jan/2026:23:10:08 +0000] "GET /d1/609/AUTH_9dfeb33600594e98af860dd2d94f2fd5/gnocchi.720d0f0d-7830-4af2-9feb-834ec44898d6" 200 2 "GET http://172.18.0.2:8080/v1/AUTH_9dfeb33600594e98af860dd2d94f2fd5/gnocchi.720d0f0d-7830-4af2-9feb-834ec44898d6?format=json&states=listing" "tx03326b2bd5644fdca8369-00695c44d0" "proxy-server 20" 0.0032 "-" 23 0
Jan 5 23:10:08 standalone proxy-server[129267]: 172.18.0.2 172.18.0.100 05/Jan/2026/23/10/08 GET /v1/AUTH_9dfeb33600594e98af860dd2d94f2fd5/gnocchi.720d0f0d-7830-4af2-9feb-834ec44898d6%3Fformat%3Djson%26states%3Dlisting HTTP/1.0 200 - python-swiftclient-3.11.1 gAAAAABpXEQriJA3... - 2 - tx03326b2bd5644fdca8369-00695c44d0 - 0.0214 - - 1767654608.482021809 1767654608.503409624 0
Jan 5 23:10:08 standalone object-server[127313]: 172.20.0.100 - - [05/Jan/2026:23:10:08 +0000] "GET /d1/753/AUTH_9dfeb33600594e98af860dd2d94f2fd5/gnocchi.720d0f0d-7830-4af2-9feb-834ec44898d6/1766880000.0_mean_300.0_v3" 404 70 "GET http://172.18.0.2:8080/v1/AUTH_9dfeb33600594e98af860dd2d94f2fd5/gnocchi.720d0f0d-7830-4af2-9feb-834ec44898d6/1766880000.0_mean_300.0_v3" "tx9d342791a9f646e781295-00695c44d0" "proxy-server 20" 0.0006 "-" 23 0
Jan 5 23:10:08 standalone proxy-server[129267]: 172.18.0.2 172.18.0.100 05/Jan/2026/23/10/08 GET /v1/AUTH_9dfeb33600594e98af860dd2d94f2fd5/gnocchi.720d0f0d-7830-4af2-9feb-834ec44898d6/1766880000.0_mean_300.0_v3 HTTP/1.0 404 - python-swiftclient-3.11.1 gAAAAABpXEQriJA3... - 70 - tx9d342791a9f646e781295-00695c44d0 - 0.0081 - - 1767654608.508771896 1767654608.516916752 0
Jan 5 23:10:08 standalone container-server[127278]: 172.20.0.100 - - [05/Jan/2026:23:10:08 +0000] "PUT /d1/609/AUTH_9dfeb33600594e98af860dd2d94f2fd5/gnocchi.720d0f0d-7830-4af2-9feb-834ec44898d6/1766880000.0_mean_300.0_v3" 201 - "PUT http://172.18.0.2:8080/d1/753/AUTH_9dfeb33600594e98af860dd2d94f2fd5/gnocchi.720d0f0d-7830-4af2-9feb-834ec44898d6/1766880000.0_mean_300.0_v3" "tx96c9a6dd024c487886183-00695c44d0" "object-server 23" 0.0008 "-" 22 0
Jan 5 23:10:08 standalone object-server[127313]: 172.20.0.100 - - [05/Jan/2026:23:10:08 +0000] "PUT /d1/753/AUTH_9dfeb33600594e98af860dd2d94f2fd5/gnocchi.720d0f0d-7830-4af2-9feb-834ec44898d6/1766880000.0_mean_300.0_v3" 201 - "PUT http://172.18.0.2:8080/v1/AUTH_9dfeb33600594e98af860dd2d94f2fd5/gnocchi.720d0f0d-7830-4af2-9feb-834ec44898d6/1766880000.0_mean_300.0_v3" "tx96c9a6dd024c487886183-00695c44d0" "proxy-server 20" 0.0121 "-" 23 0
Jan 5 23:10:08 standalone proxy-server[129267]: 172.18.0.2 172.18.0.100 05/Jan/2026/23/10/08 PUT /v1/AUTH_9dfeb33600594e98af860dd2d94f2fd5/gnocchi.720d0f0d-7830-4af2-9feb-834ec44898d6/1766880000.0_mean_300.0_v3 HTTP/1.0 201 - python-swiftclient-3.11.1 gAAAAABpXEQriJA3... 16 - - tx96c9a6dd024c487886183-00695c44d0 - 0.0230 - - 1767654608.521009922 1767654608.544007063 0
Jan 5 23:10:08 standalone container-server[127278]: 172.20.0.100 - - [05/Jan/2026:23:10:08 +0000] "PUT /d1/609/AUTH_9dfeb33600594e98af860dd2d94f2fd5/gnocchi.720d0f0d-7830-4af2-9feb-834ec44898d6/none_v3" 201 - "PUT http://172.18.0.2:8080/d1/462/AUTH_9dfeb33600594e98af860dd2d94f2fd5/gnocchi.720d0f0d-7830-4af2-9feb-834ec44898d6/none_v3" "txdb5b0d4134794b41b59a4-00695c44d0" "object-server 22" 0.0008 "-" 22 0
Jan 5 23:10:08 standalone object-server[127310]: 172.20.0.100 - - [05/Jan/2026:23:10:08 +0000] "PUT /d1/462/AUTH_9dfeb33600594e98af860dd2d94f2fd5/gnocchi.720d0f0d-7830-4af2-9feb-834ec44898d6/none_v3" 201 - "PUT http://172.18.0.2:8080/v1/AUTH_9dfeb33600594e98af860dd2d94f2fd5/gnocchi.720d0f0d-7830-4af2-9feb-834ec44898d6/none_v3" "txdb5b0d4134794b41b59a4-00695c44d0" "proxy-server 20" 0.0131 "-" 22 0
Jan 5 23:10:08 standalone proxy-server[129267]: 172.18.0.2 172.18.0.100 05/Jan/2026/23/10/08 PUT /v1/AUTH_9dfeb33600594e98af860dd2d94f2fd5/gnocchi.720d0f0d-7830-4af2-9feb-834ec44898d6/none_v3 HTTP/1.0 201 - python-swiftclient-3.11.1 gAAAAABpXEQriJA3... 22 - - txdb5b0d4134794b41b59a4-00695c44d0 - 0.0223 - - 1767654608.554664373 1767654608.576945066 0
Jan 5 23:10:08 standalone container-server[127259]: 172.20.0.100 - - [05/Jan/2026:23:10:08 +0000] "HEAD /d1/669/AUTH_9dfeb33600594e98af860dd2d94f2fd5/gnocchi.e098ad10-722a-4b21-aee1-370ecf6c77db" 404 - "HEAD http://172.18.0.2:8080/v1/AUTH_9dfeb33600594e98af860dd2d94f2fd5/gnocchi.e098ad10-722a-4b21-aee1-370ecf6c77db?format=json&states=listing" "txc38e6a29190940548ffe3-00695c44d0" "proxy-server 20" 0.0005 "-" 20 0
Jan 5 23:10:08 standalone object-server[127313]: 172.20.0.100 - - [05/Jan/2026:23:10:08 +0000] "GET /d1/524/AUTH_9dfeb33600594e98af860dd2d94f2fd5/gnocchi.e098ad10-722a-4b21-aee1-370ecf6c77db/none_v3" 404 70 "GET http://172.18.0.2:8080/v1/AUTH_9dfeb33600594e98af860dd2d94f2fd5/gnocchi.e098ad10-722a-4b21-aee1-370ecf6c77db/none_v3" "txc38e6a29190940548ffe3-00695c44d0" "proxy-server 20" 0.0005 "-" 23 0
Jan 5 23:10:08 standalone proxy-server[129267]: 172.18.0.2 172.18.0.100 05/Jan/2026/23/10/08 GET /v1/AUTH_9dfeb33600594e98af860dd2d94f2fd5/gnocchi.e098ad10-722a-4b21-aee1-370ecf6c77db/none_v3 HTTP/1.0 404 - python-swiftclient-3.11.1 gAAAAABpXEQriJA3... - 70 - txc38e6a29190940548ffe3-00695c44d0 - 0.0130 - - 1767654608.596428633 1767654608.609472275 0
Jan 5 23:10:08 standalone account-server[127174]: 172.20.0.100 - - [05/Jan/2026:23:10:08 +0000] "PUT /d1/795/AUTH_9dfeb33600594e98af860dd2d94f2fd5/gnocchi.e098ad10-722a-4b21-aee1-370ecf6c77db" 201 - "PUT http://172.20.0.100:6001/d1/669/AUTH_9dfeb33600594e98af860dd2d94f2fd5/gnocchi.e098ad10-722a-4b21-aee1-370ecf6c77db" "txc5f3243d543444b4b9d4d-00695c44d0" "container-server 20" 0.0055 "-" 23 0
Jan 5 23:10:08 standalone container-server[127259]: 172.20.0.100 - - [05/Jan/2026:23:10:08 +0000] "PUT /d1/669/AUTH_9dfeb33600594e98af860dd2d94f2fd5/gnocchi.e098ad10-722a-4b21-aee1-370ecf6c77db" 201 - "PUT http://172.18.0.2:8080/v1/AUTH_9dfeb33600594e98af860dd2d94f2fd5/gnocchi.e098ad10-722a-4b21-aee1-370ecf6c77db" "txc5f3243d543444b4b9d4d-00695c44d0" "proxy-server 20" 0.0190 "-" 20 0
Jan 5 23:10:08 standalone proxy-server[129267]: 172.18.0.2 172.18.0.100 05/Jan/2026/23/10/08 PUT /v1/AUTH_9dfeb33600594e98af860dd2d94f2fd5/gnocchi.e098ad10-722a-4b21-aee1-370ecf6c77db HTTP/1.0 201 - python-swiftclient-3.11.1 gAAAAABpXEQriJA3... - - - txc5f3243d543444b4b9d4d-00695c44d0 - 0.0233 - - 1767654608.612513542 1767654608.635779381 0
Jan 5 23:10:08 standalone container-server[127259]: 172.20.0.100 - - [05/Jan/2026:23:10:08 +0000] "HEAD /d1/669/AUTH_9dfeb33600594e98af860dd2d94f2fd5/gnocchi.e098ad10-722a-4b21-aee1-370ecf6c77db" 204 - "HEAD http://172.18.0.2:8080/v1/AUTH_9dfeb33600594e98af860dd2d94f2fd5/gnocchi.e098ad10-722a-4b21-aee1-370ecf6c77db?format=json&states=listing" "txb78b5de7761d4f39a7dd8-00695c44d0" "proxy-server 20" 0.0022 "-" 20 0
Jan 5 23:10:08 standalone proxy-server[129267]: - - 05/Jan/2026/23/10/08 HEAD /v1/AUTH_9dfeb33600594e98af860dd2d94f2fd5/gnocchi.e098ad10-722a-4b21-aee1-370ecf6c77db%3Fformat%3Djson%26states%3Dlisting HTTP/1.0 204 - Swift - - - - txb78b5de7761d4f39a7dd8-00695c44d0 - 0.0049 RL - 1767654608.640272379 1767654608.645151138 0
Jan 5 23:10:08 standalone container-server[127259]: 172.20.0.100 - - [05/Jan/2026:23:10:08 +0000] "GET /d1/669/AUTH_9dfeb33600594e98af860dd2d94f2fd5/gnocchi.e098ad10-722a-4b21-aee1-370ecf6c77db" 200 2 "GET http://172.18.0.2:8080/v1/AUTH_9dfeb33600594e98af860dd2d94f2fd5/gnocchi.e098ad10-722a-4b21-aee1-370ecf6c77db?format=json&states=listing" "txb78b5de7761d4f39a7dd8-00695c44d0" "proxy-server 20" 0.0031 "-" 20 0
Jan 5 23:10:08 standalone proxy-server[129267]: 172.18.0.2 172.18.0.100 05/Jan/2026/23/10/08 GET /v1/AUTH_9dfeb33600594e98af860dd2d94f2fd5/gnocchi.e098ad10-722a-4b21-aee1-370ecf6c77db%3Fformat%3Djson%26states%3Dlisting HTTP/1.0 200 - python-swiftclient-3.11.1 gAAAAABpXEQriJA3... - 2 - txb78b5de7761d4f39a7dd8-00695c44d0 - 0.0129 - - 1767654608.639645338 1767654608.652595282 0
Jan 5 23:10:08 standalone object-server[127310]: 172.20.0.100 - - [05/Jan/2026:23:10:08 +0000] "GET /d1/348/AUTH_9dfeb33600594e98af860dd2d94f2fd5/gnocchi.e098ad10-722a-4b21-aee1-370ecf6c77db/1766880000.0_mean_300.0_v3" 404 70 "GET http://172.18.0.2:8080/v1/AUTH_9dfeb33600594e98af860dd2d94f2fd5/gnocchi.e098ad10-722a-4b21-aee1-370ecf6c77db/1766880000.0_mean_300.0_v3" "tx026e1fccca0647f186dff-00695c44d0" "proxy-server 20" 0.0005 "-" 22 0
Jan 5 23:10:08 standalone proxy-server[129267]: 172.18.0.2 172.18.0.100 05/Jan/2026/23/10/08 GET /v1/AUTH_9dfeb33600594e98af860dd2d94f2fd5/gnocchi.e098ad10-722a-4b21-aee1-370ecf6c77db/1766880000.0_mean_300.0_v3 HTTP/1.0 404 - python-swiftclient-3.11.1 gAAAAABpXEQriJA3... - 70 - tx026e1fccca0647f186dff-00695c44d0 - 0.0048 - - 1767654608.656411648 1767654608.661253691 0
Jan 5 23:10:08 standalone container-server[127279]: 172.20.0.100 - - [05/Jan/2026:23:10:08 +0000] "PUT /d1/669/AUTH_9dfeb33600594e98af860dd2d94f2fd5/gnocchi.e098ad10-722a-4b21-aee1-370ecf6c77db/1766880000.0_mean_300.0_v3" 201 - "PUT http://172.18.0.2:8080/d1/348/AUTH_9dfeb33600594e98af860dd2d94f2fd5/gnocchi.e098ad10-722a-4b21-aee1-370ecf6c77db/1766880000.0_mean_300.0_v3" "txd2ded37f586a4d72bd999-00695c44d0" "object-server 24" 0.0006 "-" 23 0
Jan 5 23:10:08 standalone object-server[127317]: 172.20.0.100 - - [05/Jan/2026:23:10:08 +0000] "PUT /d1/348/AUTH_9dfeb33600594e98af860dd2d94f2fd5/gnocchi.e098ad10-722a-4b21-aee1-370ecf6c77db/1766880000.0_mean_300.0_v3" 201 - "PUT http://172.18.0.2:8080/v1/AUTH_9dfeb33600594e98af860dd2d94f2fd5/gnocchi.e098ad10-722a-4b21-aee1-370ecf6c77db/1766880000.0_mean_300.0_v3" "txd2ded37f586a4d72bd999-00695c44d0" "proxy-server 20" 0.0103 "-" 24 0
Jan 5 23:10:08 standalone proxy-server[129267]: 172.18.0.2 172.18.0.100 05/Jan/2026/23/10/08 PUT /v1/AUTH_9dfeb33600594e98af860dd2d94f2fd5/gnocchi.e098ad10-722a-4b21-aee1-370ecf6c77db/1766880000.0_mean_300.0_v3 HTTP/1.0 201 - python-swiftclient-3.11.1 gAAAAABpXEQriJA3... 16 - - txd2ded37f586a4d72bd999-00695c44d0 - 0.0149 - - 1767654608.665189981 1767654608.680094481 0
Jan 5 23:10:08 standalone container-server[127278]: 172.20.0.100 - - [05/Jan/2026:23:10:08 +0000] "PUT /d1/669/AUTH_9dfeb33600594e98af860dd2d94f2fd5/gnocchi.e098ad10-722a-4b21-aee1-370ecf6c77db/none_v3" 201 - "PUT http://172.18.0.2:8080/d1/524/AUTH_9dfeb33600594e98af860dd2d94f2fd5/gnocchi.e098ad10-722a-4b21-aee1-370ecf6c77db/none_v3" "tx6565bff3424d427fbfe0e-00695c44d0" "object-server 23" 0.0009 "-" 22 0
Jan 5 23:10:08 standalone object-server[127313]: 172.20.0.100 - - [05/Jan/2026:23:10:08 +0000] "PUT /d1/524/AUTH_9dfeb33600594e98af860dd2d94f2fd5/gnocchi.e098ad10-722a-4b21-aee1-370ecf6c77db/none_v3" 201 - "PUT http://172.18.0.2:8080/v1/AUTH_9dfeb33600594e98af860dd2d94f2fd5/gnocchi.e098ad10-722a-4b21-aee1-370ecf6c77db/none_v3" "tx6565bff3424d427fbfe0e-00695c44d0" "proxy-server 20" 0.0113 "-" 23 0
Jan 5 23:10:08 standalone proxy-server[129267]: 172.18.0.2 172.18.0.100 05/Jan/2026/23/10/08 PUT /v1/AUTH_9dfeb33600594e98af860dd2d94f2fd5/gnocchi.e098ad10-722a-4b21-aee1-370ecf6c77db/none_v3 HTTP/1.0 201 - python-swiftclient-3.11.1 gAAAAABpXEQriJA3... 22 - - tx6565bff3424d427fbfe0e-00695c44d0 - 0.0171 - - 1767654608.682859182 1767654608.699918270 0
Jan 5 23:10:08 standalone container-server[127259]: 172.20.0.100 - - [05/Jan/2026:23:10:08 +0000] "HEAD /d1/345/AUTH_9dfeb33600594e98af860dd2d94f2fd5/gnocchi.e9d8f770-ddeb-40c5-a42f-7e88b8e00b5e" 404 - "HEAD http://172.18.0.2:8080/v1/AUTH_9dfeb33600594e98af860dd2d94f2fd5/gnocchi.e9d8f770-ddeb-40c5-a42f-7e88b8e00b5e?format=json&states=listing" "tx0d68131837cc4b268a87b-00695c44d0" "proxy-server 20" 0.0006 "-" 20 0
Jan 5 23:10:08 standalone object-server[127327]: 172.20.0.100 - - [05/Jan/2026:23:10:08 +0000] "GET /d1/629/AUTH_9dfeb33600594e98af860dd2d94f2fd5/gnocchi.e9d8f770-ddeb-40c5-a42f-7e88b8e00b5e/none_v3" 404 70 "GET http://172.18.0.2:8080/v1/AUTH_9dfeb33600594e98af860dd2d94f2fd5/gnocchi.e9d8f770-ddeb-40c5-a42f-7e88b8e00b5e/none_v3" "tx0d68131837cc4b268a87b-00695c44d0" "proxy-server 20" 0.0005 "-" 25 0
Jan 5 23:10:08 standalone proxy-server[129267]: 172.18.0.2 172.18.0.100 05/Jan/2026/23/10/08 GET /v1/AUTH_9dfeb33600594e98af860dd2d94f2fd5/gnocchi.e9d8f770-ddeb-40c5-a42f-7e88b8e00b5e/none_v3 HTTP/1.0 404 - python-swiftclient-3.11.1 gAAAAABpXEQriJA3... - 70 - tx0d68131837cc4b268a87b-00695c44d0 - 0.0126 - - 1767654608.715505362 1767654608.728069067 0
Jan 5 23:10:08 standalone account-server[127174]: 172.20.0.100 - - [05/Jan/2026:23:10:08 +0000] "PUT /d1/795/AUTH_9dfeb33600594e98af860dd2d94f2fd5/gnocchi.e9d8f770-ddeb-40c5-a42f-7e88b8e00b5e" 201 - "PUT http://172.20.0.100:6001/d1/345/AUTH_9dfeb33600594e98af860dd2d94f2fd5/gnocchi.e9d8f770-ddeb-40c5-a42f-7e88b8e00b5e" "tx71bdf217ef38400390b49-00695c44d0" "container-server 22" 0.0055 "-" 23 0
Jan 5 23:10:08 standalone container-server[127278]: 172.20.0.100 - - [05/Jan/2026:23:10:08 +0000] "PUT /d1/345/AUTH_9dfeb33600594e98af860dd2d94f2fd5/gnocchi.e9d8f770-ddeb-40c5-a42f-7e88b8e00b5e" 201 - "PUT http://172.18.0.2:8080/v1/AUTH_9dfeb33600594e98af860dd2d94f2fd5/gnocchi.e9d8f770-ddeb-40c5-a42f-7e88b8e00b5e" "tx71bdf217ef38400390b49-00695c44d0" "proxy-server 20" 0.0184 "-" 22 0
Jan 5 23:10:08 standalone proxy-server[129267]: 172.18.0.2 172.18.0.100 05/Jan/2026/23/10/08 PUT /v1/AUTH_9dfeb33600594e98af860dd2d94f2fd5/gnocchi.e9d8f770-ddeb-40c5-a42f-7e88b8e00b5e HTTP/1.0 201 - python-swiftclient-3.11.1 gAAAAABpXEQriJA3... - - - tx71bdf217ef38400390b49-00695c44d0 - 0.0244 - - 1767654608.731708050 1767654608.756122589 0
Jan 5 23:10:08 standalone container-server[127263]: 172.20.0.100 - - [05/Jan/2026:23:10:08 +0000] "HEAD /d1/345/AUTH_9dfeb33600594e98af860dd2d94f2fd5/gnocchi.e9d8f770-ddeb-40c5-a42f-7e88b8e00b5e" 204 - "HEAD http://172.18.0.2:8080/v1/AUTH_9dfeb33600594e98af860dd2d94f2fd5/gnocchi.e9d8f770-ddeb-40c5-a42f-7e88b8e00b5e?format=json&states=listing" "tx7fc97756b76f4aefba327-00695c44d0" "proxy-server 20" 0.0025 "-" 21 0
Jan 5 23:10:08 standalone proxy-server[129267]: - - 05/Jan/2026/23/10/08 HEAD /v1/AUTH_9dfeb33600594e98af860dd2d94f2fd5/gnocchi.e9d8f770-ddeb-40c5-a42f-7e88b8e00b5e%3Fformat%3Djson%26states%3Dlisting HTTP/1.0 204 - Swift - - - - tx7fc97756b76f4aefba327-00695c44d0 - 0.0093 RL - 1767654608.761631727 1767654608.770916462 0
Jan 5 23:10:08 standalone container-server[127278]: 172.20.0.100 - - [05/Jan/2026:23:10:08 +0000] "GET /d1/345/AUTH_9dfeb33600594e98af860dd2d94f2fd5/gnocchi.e9d8f770-ddeb-40c5-a42f-7e88b8e00b5e" 200 2 "GET http://172.18.0.2:8080/v1/AUTH_9dfeb33600594e98af860dd2d94f2fd5/gnocchi.e9d8f770-ddeb-40c5-a42f-7e88b8e00b5e?format=json&states=listing" "tx7fc97756b76f4aefba327-00695c44d0" "proxy-server 20" 0.0038 "-" 22 0
Jan 5 23:10:08 standalone proxy-server[129267]: 172.18.0.2 172.18.0.100 05/Jan/2026/23/10/08 GET /v1/AUTH_9dfeb33600594e98af860dd2d94f2fd5/gnocchi.e9d8f770-ddeb-40c5-a42f-7e88b8e00b5e%3Fformat%3Djson%26states%3Dlisting HTTP/1.0 200 - python-swiftclient-3.11.1 gAAAAABpXEQriJA3... - 2 - tx7fc97756b76f4aefba327-00695c44d0 - 0.0240 - - 1767654608.760205984 1767654608.784209251 0
Jan 5 23:10:08 standalone object-server[127317]: 172.20.0.100 - - [05/Jan/2026:23:10:08 +0000] "GET /d1/896/AUTH_9dfeb33600594e98af860dd2d94f2fd5/gnocchi.e9d8f770-ddeb-40c5-a42f-7e88b8e00b5e/1766880000.0_mean_300.0_v3" 404 70 "GET http://172.18.0.2:8080/v1/AUTH_9dfeb33600594e98af860dd2d94f2fd5/gnocchi.e9d8f770-ddeb-40c5-a42f-7e88b8e00b5e/1766880000.0_mean_300.0_v3" "txe04893108bc24fdf91749-00695c44d0" "proxy-server 20" 0.0006 "-" 24 0
Jan 5 23:10:08 standalone proxy-server[129267]: 172.18.0.2 172.18.0.100 05/Jan/2026/23/10/08 GET /v1/AUTH_9dfeb33600594e98af860dd2d94f2fd5/gnocchi.e9d8f770-ddeb-40c5-a42f-7e88b8e00b5e/1766880000.0_mean_300.0_v3 HTTP/1.0 404 - python-swiftclient-3.11.1 gAAAAABpXEQriJA3... - 70 - txe04893108bc24fdf91749-00695c44d0 - 0.0079 - - 1767654608.788662195 1767654608.796524286 0
Jan 5 23:10:08 standalone container-server[127259]: 172.20.0.100 - - [05/Jan/2026:23:10:08 +0000] "PUT /d1/345/AUTH_9dfeb33600594e98af860dd2d94f2fd5/gnocchi.e9d8f770-ddeb-40c5-a42f-7e88b8e00b5e/1766880000.0_mean_300.0_v3" 201 - "PUT http://172.18.0.2:8080/d1/896/AUTH_9dfeb33600594e98af860dd2d94f2fd5/gnocchi.e9d8f770-ddeb-40c5-a42f-7e88b8e00b5e/1766880000.0_mean_300.0_v3" "txf6780bef2fdc4d1fa64ae-00695c44d0" "object-server 24" 0.0011 "-" 20 0
Jan 5 23:10:08 standalone object-server[127317]: 172.20.0.100 - - [05/Jan/2026:23:10:08 +0000] "PUT /d1/896/AUTH_9dfeb33600594e98af860dd2d94f2fd5/gnocchi.e9d8f770-ddeb-40c5-a42f-7e88b8e00b5e/1766880000.0_mean_300.0_v3" 201 - "PUT http://172.18.0.2:8080/v1/AUTH_9dfeb33600594e98af860dd2d94f2fd5/gnocchi.e9d8f770-ddeb-40c5-a42f-7e88b8e00b5e/1766880000.0_mean_300.0_v3" "txf6780bef2fdc4d1fa64ae-00695c44d0" "proxy-server 20" 0.0124 "-" 24 0
Jan 5 23:10:08 standalone proxy-server[129267]: 172.18.0.2 172.18.0.100 05/Jan/2026/23/10/08 PUT /v1/AUTH_9dfeb33600594e98af860dd2d94f2fd5/gnocchi.e9d8f770-ddeb-40c5-a42f-7e88b8e00b5e/1766880000.0_mean_300.0_v3 HTTP/1.0 201 - python-swiftclient-3.11.1 gAAAAABpXEQriJA3... 16 - - txf6780bef2fdc4d1fa64ae-00695c44d0 - 0.0187 - - 1767654608.800270081 1767654608.818996668 0
Jan 5 23:10:08 standalone container-server[127263]: 172.20.0.100 - - [05/Jan/2026:23:10:08 +0000] "PUT /d1/345/AUTH_9dfeb33600594e98af860dd2d94f2fd5/gnocchi.e9d8f770-ddeb-40c5-a42f-7e88b8e00b5e/none_v3" 201 - "PUT http://172.18.0.2:8080/d1/629/AUTH_9dfeb33600594e98af860dd2d94f2fd5/gnocchi.e9d8f770-ddeb-40c5-a42f-7e88b8e00b5e/none_v3" "tx0d520161c3b445adac6f9-00695c44d0" "object-server 25" 0.0007 "-" 21 0
Jan 5 23:10:08 standalone object-server[127327]: 172.20.0.100 - - [05/Jan/2026:23:10:08 +0000] "PUT /d1/629/AUTH_9dfeb33600594e98af860dd2d94f2fd5/gnocchi.e9d8f770-ddeb-40c5-a42f-7e88b8e00b5e/none_v3" 201 - "PUT http://172.18.0.2:8080/v1/AUTH_9dfeb33600594e98af860dd2d94f2fd5/gnocchi.e9d8f770-ddeb-40c5-a42f-7e88b8e00b5e/none_v3" "tx0d520161c3b445adac6f9-00695c44d0" "proxy-server 20" 0.0088 "-" 25 0
Jan 5 23:10:08 standalone proxy-server[129267]: 172.18.0.2 172.18.0.100 05/Jan/2026/23/10/08 PUT /v1/AUTH_9dfeb33600594e98af860dd2d94f2fd5/gnocchi.e9d8f770-ddeb-40c5-a42f-7e88b8e00b5e/none_v3 HTTP/1.0 201 - python-swiftclient-3.11.1 gAAAAABpXEQriJA3... 22 - - tx0d520161c3b445adac6f9-00695c44d0 - 0.0144 - - 1767654608.822575569 1767654608.836967468 0
Jan 5 23:10:08 standalone container-server[127279]: 172.20.0.100 - - [05/Jan/2026:23:10:08 +0000] "HEAD /d1/935/AUTH_9dfeb33600594e98af860dd2d94f2fd5/gnocchi.51fcffd1-ecfb-4b0e-bfc3-08eab4f0a0e1" 404 - "HEAD http://172.18.0.2:8080/v1/AUTH_9dfeb33600594e98af860dd2d94f2fd5/gnocchi.51fcffd1-ecfb-4b0e-bfc3-08eab4f0a0e1?format=json&states=listing" "tx7bb41a1020234a90a92df-00695c44d0" "proxy-server 20" 0.0007 "-" 23 0
Jan 5 23:10:08 standalone object-server[127327]: 172.20.0.100 - - [05/Jan/2026:23:10:08 +0000] "GET /d1/261/AUTH_9dfeb33600594e98af860dd2d94f2fd5/gnocchi.51fcffd1-ecfb-4b0e-bfc3-08eab4f0a0e1/none_v3" 404 70 "GET http://172.18.0.2:8080/v1/AUTH_9dfeb33600594e98af860dd2d94f2fd5/gnocchi.51fcffd1-ecfb-4b0e-bfc3-08eab4f0a0e1/none_v3" "tx7bb41a1020234a90a92df-00695c44d0" "proxy-server 20" 0.0002 "-" 25 0
Jan 5 23:10:08 standalone proxy-server[129267]: 172.18.0.2 172.18.0.100 05/Jan/2026/23/10/08 GET /v1/AUTH_9dfeb33600594e98af860dd2d94f2fd5/gnocchi.51fcffd1-ecfb-4b0e-bfc3-08eab4f0a0e1/none_v3 HTTP/1.0 404 - python-swiftclient-3.11.1 gAAAAABpXEQriJA3... - 70 - tx7bb41a1020234a90a92df-00695c44d0 - 0.0088 - - 1767654608.850266933 1767654608.859071732 0
Jan 5 23:10:08 standalone account-server[127154]: 172.20.0.100 - - [05/Jan/2026:23:10:08 +0000] "PUT /d1/795/AUTH_9dfeb33600594e98af860dd2d94f2fd5/gnocchi.51fcffd1-ecfb-4b0e-bfc3-08eab4f0a0e1" 201 - "PUT http://172.20.0.100:6001/d1/935/AUTH_9dfeb33600594e98af860dd2d94f2fd5/gnocchi.51fcffd1-ecfb-4b0e-bfc3-08eab4f0a0e1" "txe7e5c43adc83457cbcc20-00695c44d0" "container-server 21" 0.0044 "-" 20 0
Jan 5 23:10:08 standalone container-server[127263]: 172.20.0.100 - - [05/Jan/2026:23:10:08 +0000] "PUT /d1/935/AUTH_9dfeb33600594e98af860dd2d94f2fd5/gnocchi.51fcffd1-ecfb-4b0e-bfc3-08eab4f0a0e1" 201 - "PUT http://172.18.0.2:8080/v1/AUTH_9dfeb33600594e98af860dd2d94f2fd5/gnocchi.51fcffd1-ecfb-4b0e-bfc3-08eab4f0a0e1" "txe7e5c43adc83457cbcc20-00695c44d0" "proxy-server 20" 0.0167 "-" 21 0
Jan 5 23:10:08 standalone proxy-server[129267]: 172.18.0.2 172.18.0.100 05/Jan/2026/23/10/08 PUT /v1/AUTH_9dfeb33600594e98af860dd2d94f2fd5/gnocchi.51fcffd1-ecfb-4b0e-bfc3-08eab4f0a0e1 HTTP/1.0 201 - python-swiftclient-3.11.1 gAAAAABpXEQriJA3... - - - txe7e5c43adc83457cbcc20-00695c44d0 - 0.0227 - - 1767654608.861458540 1767654608.884118319 0
Jan 5 23:10:08 standalone container-server[127279]: 172.20.0.100 - - [05/Jan/2026:23:10:08 +0000] "HEAD /d1/935/AUTH_9dfeb33600594e98af860dd2d94f2fd5/gnocchi.51fcffd1-ecfb-4b0e-bfc3-08eab4f0a0e1" 204 - "HEAD http://172.18.0.2:8080/v1/AUTH_9dfeb33600594e98af860dd2d94f2fd5/gnocchi.51fcffd1-ecfb-4b0e-bfc3-08eab4f0a0e1?format=json&states=listing" "tx9fda233c0ddc47b5b4c7f-00695c44d0" "proxy-server 20" 0.0023 "-" 23 0
Jan 5 23:10:08 standalone proxy-server[129267]: - - 05/Jan/2026/23/10/08 HEAD /v1/AUTH_9dfeb33600594e98af860dd2d94f2fd5/gnocchi.51fcffd1-ecfb-4b0e-bfc3-08eab4f0a0e1%3Fformat%3Djson%26states%3Dlisting HTTP/1.0 204 - Swift - - - - tx9fda233c0ddc47b5b4c7f-00695c44d0 - 0.0073 RL - 1767654608.889581919 1767654608.896836281 0
Jan 5 23:10:08 standalone container-server[127278]: 172.20.0.100 - - [05/Jan/2026:23:10:08 +0000] "GET /d1/935/AUTH_9dfeb33600594e98af860dd2d94f2fd5/gnocchi.51fcffd1-ecfb-4b0e-bfc3-08eab4f0a0e1" 200 2 "GET http://172.18.0.2:8080/v1/AUTH_9dfeb33600594e98af860dd2d94f2fd5/gnocchi.51fcffd1-ecfb-4b0e-bfc3-08eab4f0a0e1?format=json&states=listing" "tx9fda233c0ddc47b5b4c7f-00695c44d0" "proxy-server 20" 0.0038 "-" 22 0
Jan 5 23:10:08 standalone proxy-server[129267]: 172.18.0.2 172.18.0.100 05/Jan/2026/23/10/08 GET /v1/AUTH_9dfeb33600594e98af860dd2d94f2fd5/gnocchi.51fcffd1-ecfb-4b0e-bfc3-08eab4f0a0e1%3Fformat%3Djson%26states%3Dlisting HTTP/1.0 200 - python-swiftclient-3.11.1 gAAAAABpXEQriJA3... - 2 - tx9fda233c0ddc47b5b4c7f-00695c44d0 - 0.0225 - - 1767654608.887763023 1767654608.910301447 0
Jan 5 23:10:08 standalone object-server[127310]: 172.20.0.100 - - [05/Jan/2026:23:10:08 +0000] "GET /d1/977/AUTH_9dfeb33600594e98af860dd2d94f2fd5/gnocchi.51fcffd1-ecfb-4b0e-bfc3-08eab4f0a0e1/1766880000.0_mean_300.0_v3" 404 70 "GET http://172.18.0.2:8080/v1/AUTH_9dfeb33600594e98af860dd2d94f2fd5/gnocchi.51fcffd1-ecfb-4b0e-bfc3-08eab4f0a0e1/1766880000.0_mean_300.0_v3" "tx794d0b96e2da4da8808da-00695c44d0" "proxy-server 20" 0.0005 "-" 22 0
Jan 5 23:10:08 standalone proxy-server[129267]: 172.18.0.2 172.18.0.100 05/Jan/2026/23/10/08 GET /v1/AUTH_9dfeb33600594e98af860dd2d94f2fd5/gnocchi.51fcffd1-ecfb-4b0e-bfc3-08eab4f0a0e1/1766880000.0_mean_300.0_v3 HTTP/1.0 404 - python-swiftclient-3.11.1 gAAAAABpXEQriJA3... - 70 - tx794d0b96e2da4da8808da-00695c44d0 - 0.0076 - - 1767654608.913827419 1767654608.921405792 0
Jan 5 23:10:08 standalone container-server[127279]: 172.20.0.100 - - [05/Jan/2026:23:10:08 +0000] "PUT /d1/935/AUTH_9dfeb33600594e98af860dd2d94f2fd5/gnocchi.51fcffd1-ecfb-4b0e-bfc3-08eab4f0a0e1/1766880000.0_mean_300.0_v3" 201 - "PUT http://172.18.0.2:8080/d1/977/AUTH_9dfeb33600594e98af860dd2d94f2fd5/gnocchi.51fcffd1-ecfb-4b0e-bfc3-08eab4f0a0e1/1766880000.0_mean_300.0_v3" "tx59374fecade6469eb3994-00695c44d0" "object-server 24" 0.0008 "-" 23 0
Jan 5 23:10:08 standalone object-server[127317]: 172.20.0.100 - - [05/Jan/2026:23:10:08 +0000] "PUT /d1/977/AUTH_9dfeb33600594e98af860dd2d94f2fd5/gnocchi.51fcffd1-ecfb-4b0e-bfc3-08eab4f0a0e1/1766880000.0_mean_300.0_v3" 201 - "PUT http://172.18.0.2:8080/v1/AUTH_9dfeb33600594e98af860dd2d94f2fd5/gnocchi.51fcffd1-ecfb-4b0e-bfc3-08eab4f0a0e1/1766880000.0_mean_300.0_v3" "tx59374fecade6469eb3994-00695c44d0" "proxy-server 20" 0.0090 "-" 24 0
Jan 5 23:10:08 standalone proxy-server[129267]: 172.18.0.2 172.18.0.100 05/Jan/2026/23/10/08 PUT /v1/AUTH_9dfeb33600594e98af860dd2d94f2fd5/gnocchi.51fcffd1-ecfb-4b0e-bfc3-08eab4f0a0e1/1766880000.0_mean_300.0_v3 HTTP/1.0 201 - python-swiftclient-3.11.1 gAAAAABpXEQriJA3... 16 - - tx59374fecade6469eb3994-00695c44d0 - 0.0165 - - 1767654608.924543381 1767654608.941028118 0
Jan 5 23:10:08 standalone container-server[127278]: 172.20.0.100 - - [05/Jan/2026:23:10:08 +0000] "PUT /d1/935/AUTH_9dfeb33600594e98af860dd2d94f2fd5/gnocchi.51fcffd1-ecfb-4b0e-bfc3-08eab4f0a0e1/none_v3" 201 - "PUT http://172.18.0.2:8080/d1/261/AUTH_9dfeb33600594e98af860dd2d94f2fd5/gnocchi.51fcffd1-ecfb-4b0e-bfc3-08eab4f0a0e1/none_v3" "txc1f7977dc39b4991ba23c-00695c44d0" "object-server 22" 0.0008 "-" 22 0
Jan 5 23:10:08 standalone object-server[127310]: 172.20.0.100 - - [05/Jan/2026:23:10:08 +0000] "PUT /d1/261/AUTH_9dfeb33600594e98af860dd2d94f2fd5/gnocchi.51fcffd1-ecfb-4b0e-bfc3-08eab4f0a0e1/none_v3" 201 - "PUT http://172.18.0.2:8080/v1/AUTH_9dfeb33600594e98af860dd2d94f2fd5/gnocchi.51fcffd1-ecfb-4b0e-bfc3-08eab4f0a0e1/none_v3" "txc1f7977dc39b4991ba23c-00695c44d0" "proxy-server 20" 0.0097 "-" 22 0
Jan 5 23:10:08 standalone proxy-server[129267]: 172.18.0.2 172.18.0.100 05/Jan/2026/23/10/08 PUT /v1/AUTH_9dfeb33600594e98af860dd2d94f2fd5/gnocchi.51fcffd1-ecfb-4b0e-bfc3-08eab4f0a0e1/none_v3 HTTP/1.0 201 - python-swiftclient-3.11.1 gAAAAABpXEQriJA3... 22 - - txc1f7977dc39b4991ba23c-00695c44d0 - 0.0166 - - 1767654608.943808079 1767654608.960406780 0
Jan 5 23:10:08 standalone container-server[127263]: 172.20.0.100 - - [05/Jan/2026:23:10:08 +0000] "HEAD /d1/933/AUTH_9dfeb33600594e98af860dd2d94f2fd5/gnocchi.567355a2-4439-414f-9a4f-5ec1dd53e664" 404 - "HEAD http://172.18.0.2:8080/v1/AUTH_9dfeb33600594e98af860dd2d94f2fd5/gnocchi.567355a2-4439-414f-9a4f-5ec1dd53e664?format=json&states=listing" "tx3a19077e6b9847f7abad3-00695c44d0" "proxy-server 20" 0.0006 "-" 21 0
Jan 5 23:10:08 standalone object-server[127317]: 172.20.0.100 - - [05/Jan/2026:23:10:08 +0000] "GET /d1/345/AUTH_9dfeb33600594e98af860dd2d94f2fd5/gnocchi.567355a2-4439-414f-9a4f-5ec1dd53e664/none_v3" 404 70 "GET http://172.18.0.2:8080/v1/AUTH_9dfeb33600594e98af860dd2d94f2fd5/gnocchi.567355a2-4439-414f-9a4f-5ec1dd53e664/none_v3" "tx3a19077e6b9847f7abad3-00695c44d0" "proxy-server 20" 0.0003 "-" 24 0
Jan 5 23:10:08 standalone proxy-server[129267]: 172.18.0.2 172.18.0.100 05/Jan/2026/23/10/08 GET /v1/AUTH_9dfeb33600594e98af860dd2d94f2fd5/gnocchi.567355a2-4439-414f-9a4f-5ec1dd53e664/none_v3 HTTP/1.0 404 - python-swiftclient-3.11.1 gAAAAABpXEQriJA3... - 70 - tx3a19077e6b9847f7abad3-00695c44d0 - 0.0124 - - 1767654608.973653555 1767654608.986098528 0
Jan 5 23:10:09 standalone account-server[127160]: 172.20.0.100 - - [05/Jan/2026:23:10:09 +0000] "PUT /d1/795/AUTH_9dfeb33600594e98af860dd2d94f2fd5/gnocchi.567355a2-4439-414f-9a4f-5ec1dd53e664" 201 - "PUT http://172.20.0.100:6001/d1/933/AUTH_9dfeb33600594e98af860dd2d94f2fd5/gnocchi.567355a2-4439-414f-9a4f-5ec1dd53e664" "tx612ff53b5d714a2790e46-00695c44d0" "container-server 21" 0.0062 "-" 21 0
Jan 5 23:10:09 standalone container-server[127263]: 172.20.0.100 - - [05/Jan/2026:23:10:09 +0000] "PUT /d1/933/AUTH_9dfeb33600594e98af860dd2d94f2fd5/gnocchi.567355a2-4439-414f-9a4f-5ec1dd53e664" 201 - "PUT http://172.18.0.2:8080/v1/AUTH_9dfeb33600594e98af860dd2d94f2fd5/gnocchi.567355a2-4439-414f-9a4f-5ec1dd53e664" "tx612ff53b5d714a2790e46-00695c44d0" "proxy-server 20" 0.0185 "-" 21 0
Jan 5 23:10:09 standalone proxy-server[129267]: 172.18.0.2 172.18.0.100 05/Jan/2026/23/10/09 PUT /v1/AUTH_9dfeb33600594e98af860dd2d94f2fd5/gnocchi.567355a2-4439-414f-9a4f-5ec1dd53e664 HTTP/1.0 201 - python-swiftclient-3.11.1 gAAAAABpXEQriJA3... - - - tx612ff53b5d714a2790e46-00695c44d0 - 0.0247 - - 1767654608.988795042 1767654609.013501883 0
Jan 5 23:10:09 standalone container-server[127279]: 172.20.0.100 - - [05/Jan/2026:23:10:09 +0000] "HEAD /d1/933/AUTH_9dfeb33600594e98af860dd2d94f2fd5/gnocchi.567355a2-4439-414f-9a4f-5ec1dd53e664" 204 - "HEAD http://172.18.0.2:8080/v1/AUTH_9dfeb33600594e98af860dd2d94f2fd5/gnocchi.567355a2-4439-414f-9a4f-5ec1dd53e664?format=json&states=listing" "tx09774106373e419fa080b-00695c44d1" "proxy-server 20" 0.0020 "-" 23 0
Jan 5 23:10:09 standalone proxy-server[129267]: - - 05/Jan/2026/23/10/09 HEAD /v1/AUTH_9dfeb33600594e98af860dd2d94f2fd5/gnocchi.567355a2-4439-414f-9a4f-5ec1dd53e664%3Fformat%3Djson%26states%3Dlisting HTTP/1.0 204 - Swift - - - - tx09774106373e419fa080b-00695c44d1 - 0.0099 RL - 1767654609.020849943 1767654609.030796051 0
Jan 5 23:10:09 standalone container-server[127278]: 172.20.0.100 - - [05/Jan/2026:23:10:09 +0000] "GET /d1/933/AUTH_9dfeb33600594e98af860dd2d94f2fd5/gnocchi.567355a2-4439-414f-9a4f-5ec1dd53e664" 200 2 "GET http://172.18.0.2:8080/v1/AUTH_9dfeb33600594e98af860dd2d94f2fd5/gnocchi.567355a2-4439-414f-9a4f-5ec1dd53e664?format=json&states=listing" "tx09774106373e419fa080b-00695c44d1" "proxy-server 20" 0.0040 "-" 22 0
Jan 5 23:10:09 standalone proxy-server[129267]: 172.18.0.2 172.18.0.100 05/Jan/2026/23/10/09 GET /v1/AUTH_9dfeb33600594e98af860dd2d94f2fd5/gnocchi.567355a2-4439-414f-9a4f-5ec1dd53e664%3Fformat%3Djson%26states%3Dlisting HTTP/1.0 200 - python-swiftclient-3.11.1 gAAAAABpXEQriJA3... - 2 - tx09774106373e419fa080b-00695c44d1 - 0.0261 - - 1767654609.018045425 1767654609.044176579 0
Jan 5 23:10:09 standalone object-server[127313]: 172.20.0.100 - - [05/Jan/2026:23:10:09 +0000] "GET /d1/103/AUTH_9dfeb33600594e98af860dd2d94f2fd5/gnocchi.567355a2-4439-414f-9a4f-5ec1dd53e664/1766880000.0_mean_300.0_v3" 404 70 "GET http://172.18.0.2:8080/v1/AUTH_9dfeb33600594e98af860dd2d94f2fd5/gnocchi.567355a2-4439-414f-9a4f-5ec1dd53e664/1766880000.0_mean_300.0_v3" "tx522acd94ce274d5691661-00695c44d1" "proxy-server 20" 0.0005 "-" 23 0
Jan 5 23:10:09 standalone proxy-server[129267]: 172.18.0.2 172.18.0.100 05/Jan/2026/23/10/09 GET /v1/AUTH_9dfeb33600594e98af860dd2d94f2fd5/gnocchi.567355a2-4439-414f-9a4f-5ec1dd53e664/1766880000.0_mean_300.0_v3 HTTP/1.0 404 - python-swiftclient-3.11.1 gAAAAABpXEQriJA3... - 70 - tx522acd94ce274d5691661-00695c44d1 - 0.0082 - - 1767654609.049026728 1767654609.057235956 0
Jan 5 23:10:09 standalone container-server[127259]: 172.20.0.100 - - [05/Jan/2026:23:10:09 +0000] "PUT /d1/933/AUTH_9dfeb33600594e98af860dd2d94f2fd5/gnocchi.567355a2-4439-414f-9a4f-5ec1dd53e664/1766880000.0_mean_300.0_v3" 201 - "PUT http://172.18.0.2:8080/d1/103/AUTH_9dfeb33600594e98af860dd2d94f2fd5/gnocchi.567355a2-4439-414f-9a4f-5ec1dd53e664/1766880000.0_mean_300.0_v3" "tx20674144184a4dfd828cd-00695c44d1" "object-server 24" 0.0010 "-" 20 0
Jan 5 23:10:09 standalone object-server[127317]: 172.20.0.100 - - [05/Jan/2026:23:10:09 +0000] "PUT /d1/103/AUTH_9dfeb33600594e98af860dd2d94f2fd5/gnocchi.567355a2-4439-414f-9a4f-5ec1dd53e664/1766880000.0_mean_300.0_v3" 201 - "PUT http://172.18.0.2:8080/v1/AUTH_9dfeb33600594e98af860dd2d94f2fd5/gnocchi.567355a2-4439-414f-9a4f-5ec1dd53e664/1766880000.0_mean_300.0_v3" "tx20674144184a4dfd828cd-00695c44d1" "proxy-server 20" 0.0134 "-" 24 0
Jan 5 23:10:09 standalone proxy-server[129267]: 172.18.0.2 172.18.0.100 05/Jan/2026/23/10/09 PUT /v1/AUTH_9dfeb33600594e98af860dd2d94f2fd5/gnocchi.567355a2-4439-414f-9a4f-5ec1dd53e664/1766880000.0_mean_300.0_v3 HTTP/1.0 201 - python-swiftclient-3.11.1 gAAAAABpXEQriJA3... 16 - - tx20674144184a4dfd828cd-00695c44d1 - 0.0222 - - 1767654609.061630726 1767654609.083795547 0
Jan 5 23:10:09 standalone container-server[127263]: 172.20.0.100 - - [05/Jan/2026:23:10:09 +0000] "PUT /d1/933/AUTH_9dfeb33600594e98af860dd2d94f2fd5/gnocchi.567355a2-4439-414f-9a4f-5ec1dd53e664/none_v3" 201 - "PUT http://172.18.0.2:8080/d1/345/AUTH_9dfeb33600594e98af860dd2d94f2fd5/gnocchi.567355a2-4439-414f-9a4f-5ec1dd53e664/none_v3" "txd9da13d0fb714a67a9392-00695c44d1" "object-server 22" 0.0009 "-" 21 0
Jan 5 23:10:09 standalone object-server[127310]: 172.20.0.100 - - [05/Jan/2026:23:10:09 +0000] "PUT /d1/345/AUTH_9dfeb33600594e98af860dd2d94f2fd5/gnocchi.567355a2-4439-414f-9a4f-5ec1dd53e664/none_v3" 201 - "PUT http://172.18.0.2:8080/v1/AUTH_9dfeb33600594e98af860dd2d94f2fd5/gnocchi.567355a2-4439-414f-9a4f-5ec1dd53e664/none_v3" "txd9da13d0fb714a67a9392-00695c44d1" "proxy-server 20" 0.0120 "-" 22 0
Jan 5 23:10:09 standalone proxy-server[129267]: 172.18.0.2 172.18.0.100 05/Jan/2026/23/10/09 PUT /v1/AUTH_9dfeb33600594e98af860dd2d94f2fd5/gnocchi.567355a2-4439-414f-9a4f-5ec1dd53e664/none_v3 HTTP/1.0 201 - python-swiftclient-3.11.1 gAAAAABpXEQriJA3... 22 - - txd9da13d0fb714a67a9392-00695c44d1 - 0.0198 - - 1767654609.087728500 1767654609.107568502 0
Jan 5 23:10:09 standalone container-server[127259]: 172.20.0.100 - - [05/Jan/2026:23:10:09 +0000] "HEAD /d1/28/AUTH_9dfeb33600594e98af860dd2d94f2fd5/gnocchi.9cd7128d-13ea-47e2-ad4f-69d7758dedea" 404 - "HEAD http://172.18.0.2:8080/v1/AUTH_9dfeb33600594e98af860dd2d94f2fd5/gnocchi.9cd7128d-13ea-47e2-ad4f-69d7758dedea?format=json&states=listing" "tx8dd72a29ee53457298304-00695c44d1" "proxy-server 20" 0.0006 "-" 20 0
Jan 5 23:10:09 standalone object-server[127327]: 172.20.0.100 - - [05/Jan/2026:23:10:09 +0000] "GET /d1/371/AUTH_9dfeb33600594e98af860dd2d94f2fd5/gnocchi.9cd7128d-13ea-47e2-ad4f-69d7758dedea/none_v3" 404 70 "GET http://172.18.0.2:8080/v1/AUTH_9dfeb33600594e98af860dd2d94f2fd5/gnocchi.9cd7128d-13ea-47e2-ad4f-69d7758dedea/none_v3" "tx8dd72a29ee53457298304-00695c44d1" "proxy-server 20" 0.0005 "-" 25 0
Jan 5 23:10:09 standalone proxy-server[129267]: 172.18.0.2 172.18.0.100 05/Jan/2026/23/10/09 GET /v1/AUTH_9dfeb33600594e98af860dd2d94f2fd5/gnocchi.9cd7128d-13ea-47e2-ad4f-69d7758dedea/none_v3 HTTP/1.0 404 - python-swiftclient-3.11.1 gAAAAABpXEQriJA3... - 70 - tx8dd72a29ee53457298304-00695c44d1 - 0.0135 - - 1767654609.134207964 1767654609.147660255 0
Jan 5 23:10:09 standalone account-server[127160]: 172.20.0.100 - - [05/Jan/2026:23:10:09 +0000] "PUT /d1/795/AUTH_9dfeb33600594e98af860dd2d94f2fd5/gnocchi.9cd7128d-13ea-47e2-ad4f-69d7758dedea" 201 - "PUT http://172.20.0.100:6001/d1/28/AUTH_9dfeb33600594e98af860dd2d94f2fd5/gnocchi.9cd7128d-13ea-47e2-ad4f-69d7758dedea" "tx74d7651a22c14f0fab860-00695c44d1" "container-server 22" 0.0063 "-" 21 0
Jan 5 23:10:09 standalone container-server[127278]: 172.20.0.100 - - [05/Jan/2026:23:10:09 +0000] "PUT /d1/28/AUTH_9dfeb33600594e98af860dd2d94f2fd5/gnocchi.9cd7128d-13ea-47e2-ad4f-69d7758dedea" 201 - "PUT http://172.18.0.2:8080/v1/AUTH_9dfeb33600594e98af860dd2d94f2fd5/gnocchi.9cd7128d-13ea-47e2-ad4f-69d7758dedea" "tx74d7651a22c14f0fab860-00695c44d1" "proxy-server 20" 0.0211 "-" 22 0
Jan 5 23:10:09 standalone proxy-server[129267]: 172.18.0.2 172.18.0.100 05/Jan/2026/23/10/09 PUT /v1/AUTH_9dfeb33600594e98af860dd2d94f2fd5/gnocchi.9cd7128d-13ea-47e2-ad4f-69d7758dedea HTTP/1.0 201 - python-swiftclient-3.11.1 gAAAAABpXEQriJA3... - - - tx74d7651a22c14f0fab860-00695c44d1 - 0.0284 - - 1767654609.151932478 1767654609.180282831 0
Jan 5 23:10:09 standalone container-server[127278]: 172.20.0.100 - - [05/Jan/2026:23:10:09 +0000] "HEAD /d1/28/AUTH_9dfeb33600594e98af860dd2d94f2fd5/gnocchi.9cd7128d-13ea-47e2-ad4f-69d7758dedea" 204 - "HEAD http://172.18.0.2:8080/v1/AUTH_9dfeb33600594e98af860dd2d94f2fd5/gnocchi.9cd7128d-13ea-47e2-ad4f-69d7758dedea?format=json&states=listing" "txa22d2f36faf34fa3a0ed4-00695c44d1" "proxy-server 20" 0.0021 "-" 22 0
Jan 5 23:10:09 standalone proxy-server[129267]: - - 05/Jan/2026/23/10/09 HEAD /v1/AUTH_9dfeb33600594e98af860dd2d94f2fd5/gnocchi.9cd7128d-13ea-47e2-ad4f-69d7758dedea%3Fformat%3Djson%26states%3Dlisting HTTP/1.0 204 - Swift - - - - txa22d2f36faf34fa3a0ed4-00695c44d1 - 0.0064 RL - 1767654609.187490702 1767654609.193919659 0
