Oct 5 07:53:22 standalone account-server[115463]: Starting 2
Oct 5 07:53:22 standalone account-server[115531]: Started child 14 from parent 2
Oct 5 07:53:22 standalone account-server[115531]: Started child 15 from parent 2
Oct 5 07:53:22 standalone account-server[115531]: Started child 16 from parent 2
Oct 5 07:53:22 standalone account-server[115531]: Started child 17 from parent 2
Oct 5 07:53:22 standalone container-server[115594]: Starting 2
Oct 5 07:53:22 standalone container-server[115581]: Option allow_versions is deprecated. Configure the versioned_writes middleware in the proxy-server instead. This option will be ignored in a future release.
Oct 5 07:53:22 standalone container-server[115813]: Option allow_versions is deprecated. Configure the versioned_writes middleware in the proxy-server instead. This option will be ignored in a future release.
Oct 5 07:53:22 standalone container-server[115581]: Started child 20 from parent 2
Oct 5 07:53:22 standalone container-server[115814]: Option allow_versions is deprecated. Configure the versioned_writes middleware in the proxy-server instead. This option will be ignored in a future release.
Oct 5 07:53:22 standalone container-server[115581]: Started child 21 from parent 2
Oct 5 07:53:22 standalone container-server[115818]: Option allow_versions is deprecated. Configure the versioned_writes middleware in the proxy-server instead. This option will be ignored in a future release.
Oct 5 07:53:22 standalone container-server[115581]: Started child 22 from parent 2
Oct 5 07:53:22 standalone container-server[115819]: Option allow_versions is deprecated. Configure the versioned_writes middleware in the proxy-server instead. This option will be ignored in a future release.
Oct 5 07:53:22 standalone container-server[115581]: Started child 23 from parent 2
Oct 5 07:53:23 standalone object-server[115849]: Starting 2
Oct 5 07:53:23 standalone object-expirer[115838]: Starting 2
Oct 5 07:53:23 standalone object-expirer[115838]: Option auto_create_account_prefix is deprecated. Configure auto_create_account_prefix under the swift-constraints section of swift.conf. This option will be ignored in a future release.
Oct 5 07:53:23 standalone object-server[115870]: Started child 22 from parent 2
Oct 5 07:53:23 standalone object-server[115870]: Started child 23 from parent 2
Oct 5 07:53:23 standalone object-server[115870]: Started child 24 from parent 2
Oct 5 07:53:23 standalone object-server[115870]: Started child 25 from parent 2
Oct 5 07:53:28 standalone proxy-server[117200]: Starting Keystone auth_token middleware
Oct 5 07:53:28 standalone proxy-server[117200]: AuthToken middleware is set with keystone_authtoken.service_token_roles_required set to False. This is backwards compatible but deprecated behaviour. Please set this to True.
Oct 5 07:53:28 standalone proxy-server[117419]: Starting Keystone auth_token middleware
Oct 5 07:53:28 standalone proxy-server[117419]: STDERR: The option "bind_port" is not known to keystonemiddleware
Oct 5 07:53:28 standalone proxy-server[117419]: STDERR: The option "workers" is not known to keystonemiddleware
Oct 5 07:53:28 standalone proxy-server[117419]: STDERR: The option "user" is not known to keystonemiddleware
Oct 5 07:53:28 standalone proxy-server[117419]: STDERR: The option "bind_ip" is not known to keystonemiddleware
Oct 5 07:53:28 standalone proxy-server[117419]: STDERR: The option "log_name" is not known to keystonemiddleware
Oct 5 07:53:28 standalone proxy-server[117419]: STDERR: The option "log_facility" is not known to keystonemiddleware
Oct 5 07:53:28 standalone proxy-server[117419]: STDERR: The option "log_level" is not known to keystonemiddleware
Oct 5 07:53:28 standalone proxy-server[117419]: STDERR: The option "log_headers" is not known to keystonemiddleware
Oct 5 07:53:28 standalone proxy-server[117419]: STDERR: The option "log_address" is not known to keystonemiddleware
Oct 5 07:53:28 standalone proxy-server[117419]: STDERR: The option "project_name" is not known to keystonemiddleware
Oct 5 07:53:28 standalone proxy-server[117419]: STDERR: The option "username" is not known to keystonemiddleware
Oct 5 07:53:28 standalone proxy-server[117419]: STDERR: The option "password" is not known to keystonemiddleware
Oct 5 07:53:28 standalone proxy-server[117419]: STDERR: The option "auth_url" is not known to keystonemiddleware
Oct 5 07:53:28 standalone proxy-server[117419]: STDERR: The option "signing_dir" is not known to keystonemiddleware
Oct 5 07:53:28 standalone proxy-server[117419]: STDERR: The option "project_domain_id" is not known to keystonemiddleware
Oct 5 07:53:28 standalone proxy-server[117419]: STDERR: The option "user_domain_id" is not known to keystonemiddleware
Oct 5 07:53:28 standalone proxy-server[117419]: STDERR: The option "__name__" is not known to keystonemiddleware
Oct 5 07:53:28 standalone proxy-server[117419]: AuthToken middleware is set with keystone_authtoken.service_token_roles_required set to False. This is backwards compatible but deprecated behaviour. Please set this to True.
Oct 5 07:53:28 standalone proxy-server[117200]: Started child 21 from parent 2
Oct 5 07:54:46 standalone account-server[115699]: 172.20.0.100 - - [05/Oct/2025:07:54:46 +0000] "HEAD /d1/26/.expiring_objects" 404 - "HEAD http://localhost/v1/.expiring_objects?format=json" "txa3fdf6c3258c47ad85383-0068e22446" "proxy-server 2" 0.0018 "-" 15 -
Oct 5 07:54:46 standalone object-expirer[115838]: Pass completed in 0s; 0 objects expired (txn: txa3fdf6c3258c47ad85383-0068e22446)
Oct 5 07:57:50 standalone object-server[115849]: Begin object update sweep
Oct 5 07:57:50 standalone object-server[144287]: Object update sweep starting on /srv/node/d1 (pid: 12)
Oct 5 07:57:50 standalone object-server[144287]: Object update sweep completed on /srv/node/d1 in 0.00s seconds:, 0 successes, 0 failures, 0 quarantines, 0 unlinks, 0 errors, 0 redirects (pid: 12)
Oct 5 07:57:50 standalone object-server[144287]: Object update sweep of d1 completed: 0.00s, 0 successes, 0 failures, 0 quarantines, 0 unlinks, 0 errors, 0 redirects
Oct 5 07:57:50 standalone object-server[115849]: Object update sweep completed: 0.06s
Oct 5 07:58:10 standalone account-server[115699]: 172.20.0.100 - - [05/Oct/2025:07:58:10 +0000] "HEAD /d1/26/.expiring_objects" 404 - "HEAD http://localhost/v1/.expiring_objects?format=json" "txb2d30307f6b04746829ba-0068e22512" "proxy-server 2" 0.0008 "-" 15 -
Oct 5 07:58:10 standalone object-expirer[115838]: Pass completed in 0s; 0 objects expired (txn: txb2d30307f6b04746829ba-0068e22512)
Oct 5 07:58:20 standalone container-server[115594]: Begin container update sweep
Oct 5 07:58:20 standalone container-server[115594]: Container update sweep completed: 0.00s
Oct 5 07:59:18 standalone proxy-server[117419]: 172.21.0.2 ::1 05/Oct/2025/07/59/18 GET /info HTTP/1.0 200 - python-urllib3/1.26.5 gAAAAABo4iVSqUbh... - 1671 - tx94e73eea682c45738bb4d-0068e22555 - 0.4912 - - 1759651157.531007528 1759651158.022193909 -
Oct 5 07:59:22 standalone account-server[115699]: 172.20.0.100 - - [05/Oct/2025:07:59:22 +0000] "HEAD /d1/394/AUTH_95ad2ed9c50741aeae79dbb8e879b4ee" 404 - "HEAD http://localhost:8080/v1/AUTH_95ad2ed9c50741aeae79dbb8e879b4ee?format=json" "tx2c8caaab40c84ba99f199-0068e2255a" "proxy-server 21" 0.0008 "-" 15 -
Oct 5 07:59:22 standalone proxy-server[117419]: - - 05/Oct/2025/07/59/22 HEAD /v1/AUTH_95ad2ed9c50741aeae79dbb8e879b4ee%3Fformat%3Djson HTTP/1.0 200 - Swift - - - - tx2c8caaab40c84ba99f199-0068e2255a - 0.0059 RL - 1759651162.851461887 1759651162.857356310 -
Oct 5 07:59:22 standalone proxy-server[117419]: 172.18.0.2 ::1 05/Oct/2025/07/59/22 HEAD /v1/AUTH_95ad2ed9c50741aeae79dbb8e879b4ee/glance%3Fformat%3Djson HTTP/1.0 404 - python-swiftclient-3.11.1 gAAAAABo4iVae9fP... - - - tx2c8caaab40c84ba99f199-0068e2255a - 0.0796 - - 1759651162.850544214 1759651162.930101395 -
Oct 5 07:59:22 standalone account-server[115709]: 172.20.0.100 - - [05/Oct/2025:07:59:22 +0000] "PUT /d1/394/AUTH_95ad2ed9c50741aeae79dbb8e879b4ee" 201 - "-" "tx040ab3d5285a49ceac1f7-0068e2255a" "-" 0.0179 "-" 16 -
Oct 5 07:59:22 standalone proxy-server[117419]: autocreate account '/AUTH_95ad2ed9c50741aeae79dbb8e879b4ee' (txn: tx040ab3d5285a49ceac1f7-0068e2255a)
Oct 5 07:59:22 standalone account-server[115709]: 172.20.0.100 - - [05/Oct/2025:07:59:22 +0000] "HEAD /d1/394/AUTH_95ad2ed9c50741aeae79dbb8e879b4ee" 204 - "HEAD http://localhost:8080/v1/AUTH_95ad2ed9c50741aeae79dbb8e879b4ee?format=json" "tx040ab3d5285a49ceac1f7-0068e2255a" "proxy-server 21" 0.0028 "-" 16 -
Oct 5 07:59:22 standalone account-server[115686]: 172.20.0.100 - - [05/Oct/2025:07:59:22 +0000] "PUT /d1/394/AUTH_95ad2ed9c50741aeae79dbb8e879b4ee/glance" 201 - "PUT http://172.20.0.100:6001/d1/367/AUTH_95ad2ed9c50741aeae79dbb8e879b4ee/glance" "tx040ab3d5285a49ceac1f7-0068e2255a" "container-server 22" 0.0031 "-" 14 0
Oct 5 07:59:22 standalone container-server[115818]: 172.20.0.100 - - [05/Oct/2025:07:59:22 +0000] "PUT /d1/367/AUTH_95ad2ed9c50741aeae79dbb8e879b4ee/glance" 201 - "PUT http://localhost:8080/v1/AUTH_95ad2ed9c50741aeae79dbb8e879b4ee/glance" "tx040ab3d5285a49ceac1f7-0068e2255a" "proxy-server 21" 0.0148 "-" 22 0
Oct 5 07:59:22 standalone proxy-server[117419]: 172.18.0.2 ::1 05/Oct/2025/07/59/22 PUT /v1/AUTH_95ad2ed9c50741aeae79dbb8e879b4ee/glance HTTP/1.0 201 - python-swiftclient-3.11.1 gAAAAABo4iVae9fP... - - - tx040ab3d5285a49ceac1f7-0068e2255a - 0.0462 - - 1759651162.934279203 1759651162.980527878 0
Oct 5 07:59:23 standalone container-server[115814]: 172.20.0.100 - - [05/Oct/2025:07:59:22 +0000] "HEAD /d1/367/AUTH_95ad2ed9c50741aeae79dbb8e879b4ee/glance" 204 - "HEAD http://localhost:8080/v1/AUTH_95ad2ed9c50741aeae79dbb8e879b4ee/glance?format=json&states=listing" "txc1f142726ddb45f6b5d5d-0068e2255a" "proxy-server 21" 0.0040 "-" 21 0
Oct 5 07:59:23 standalone proxy-server[117419]: - - 05/Oct/2025/07/59/23 HEAD /v1/AUTH_95ad2ed9c50741aeae79dbb8e879b4ee/glance%3Fformat%3Djson%26states%3Dlisting HTTP/1.0 204 - Swift - - - - txc1f142726ddb45f6b5d5d-0068e2255a - 0.0114 RL - 1759651162.991523981 1759651163.002961874 0
Oct 5 07:59:23 standalone container-server[115819]: 172.20.0.100 - - [05/Oct/2025:07:59:23 +0000] "PUT /d1/367/AUTH_95ad2ed9c50741aeae79dbb8e879b4ee/glance/f8286414-a1b9-4197-b8bf-04fa4a3deb93-00001" 201 - "PUT http://localhost:8080/d1/176/AUTH_95ad2ed9c50741aeae79dbb8e879b4ee/glance/f8286414-a1b9-4197-b8bf-04fa4a3deb93-00001" "txc1f142726ddb45f6b5d5d-0068e2255a" "object-server 25" 0.0017 "-" 23 0
Oct 5 07:59:23 standalone object-server[116001]: 172.20.0.100 - - [05/Oct/2025:07:59:23 +0000] "PUT /d1/176/AUTH_95ad2ed9c50741aeae79dbb8e879b4ee/glance/f8286414-a1b9-4197-b8bf-04fa4a3deb93-00001" 201 - "PUT http://localhost:8080/v1/AUTH_95ad2ed9c50741aeae79dbb8e879b4ee/glance/f8286414-a1b9-4197-b8bf-04fa4a3deb93-00001" "txc1f142726ddb45f6b5d5d-0068e2255a" "proxy-server 21" 0.1538 "-" 25 0
Oct 5 07:59:23 standalone proxy-server[117419]: 172.18.0.2 ::1 05/Oct/2025/07/59/23 PUT /v1/AUTH_95ad2ed9c50741aeae79dbb8e879b4ee/glance/f8286414-a1b9-4197-b8bf-04fa4a3deb93-00001 HTTP/1.0 201 - python-swiftclient-3.11.1 gAAAAABo4iVae9fP... 16300544 - - txc1f142726ddb45f6b5d5d-0068e2255a - 0.1760 - - 1759651162.990020037 1759651163.165998936 0
Oct 5 07:59:23 standalone container-server[115819]: 172.20.0.100 - - [05/Oct/2025:07:59:23 +0000] "PUT /d1/367/AUTH_95ad2ed9c50741aeae79dbb8e879b4ee/glance/f8286414-a1b9-4197-b8bf-04fa4a3deb93" 201 - "PUT http://localhost:8080/d1/293/AUTH_95ad2ed9c50741aeae79dbb8e879b4ee/glance/f8286414-a1b9-4197-b8bf-04fa4a3deb93" "txfa9dcafa534640e3b39c0-0068e2255b" "object-server 22" 0.0005 "-" 23 0
Oct 5 07:59:23 standalone object-server[115997]: 172.20.0.100 - - [05/Oct/2025:07:59:23 +0000] "PUT /d1/293/AUTH_95ad2ed9c50741aeae79dbb8e879b4ee/glance/f8286414-a1b9-4197-b8bf-04fa4a3deb93" 201 - "PUT http://localhost:8080/v1/AUTH_95ad2ed9c50741aeae79dbb8e879b4ee/glance/f8286414-a1b9-4197-b8bf-04fa4a3deb93" "txfa9dcafa534640e3b39c0-0068e2255b" "proxy-server 21" 0.0204 "-" 22 0
Oct 5 07:59:23 standalone proxy-server[117419]: 172.18.0.2 ::1 05/Oct/2025/07/59/23 PUT /v1/AUTH_95ad2ed9c50741aeae79dbb8e879b4ee/glance/f8286414-a1b9-4197-b8bf-04fa4a3deb93 HTTP/1.0 201 - python-swiftclient-3.11.1 gAAAAABo4iVae9fP... - - - txfa9dcafa534640e3b39c0-0068e2255b - 0.0259 - - 1759651163.170157909 1759651163.196011066 0
Oct 5 07:59:23 standalone container-server[115814]: 172.20.0.100 - - [05/Oct/2025:07:59:23 +0000] "HEAD /d1/367/AUTH_95ad2ed9c50741aeae79dbb8e879b4ee/glance" 204 - "HEAD http://localhost:8080/v1/AUTH_95ad2ed9c50741aeae79dbb8e879b4ee/glance?format=json&states=listing" "tx24510f8651154bfb835ef-0068e2255b" "proxy-server 21" 0.0214 "-" 21 0
Oct 5 07:59:23 standalone proxy-server[117419]: 172.18.0.2 ::1 05/Oct/2025/07/59/23 HEAD /v1/AUTH_95ad2ed9c50741aeae79dbb8e879b4ee/glance%3Fformat%3Djson%26states%3Dlisting HTTP/1.0 204 - python-swiftclient-3.11.1 gAAAAABo4iVbdx_N... - - - tx24510f8651154bfb835ef-0068e2255b - 0.0765 - - 1759651163.726911545 1759651163.803368330 0
Oct 5 07:59:23 standalone container-server[115818]: 172.20.0.100 - - [05/Oct/2025:07:59:23 +0000] "PUT /d1/367/AUTH_95ad2ed9c50741aeae79dbb8e879b4ee/glance/046724b0-ad18-4d27-b783-87fdfa05da37-00001" 201 - "PUT http://localhost:8080/d1/131/AUTH_95ad2ed9c50741aeae79dbb8e879b4ee/glance/046724b0-ad18-4d27-b783-87fdfa05da37-00001" "tx1591c480d980470e95725-0068e2255b" "object-server 22" 0.0009 "-" 22 0
Oct 5 07:59:23 standalone object-server[115997]: 172.20.0.100 - - [05/Oct/2025:07:59:23 +0000] "PUT /d1/131/AUTH_95ad2ed9c50741aeae79dbb8e879b4ee/glance/046724b0-ad18-4d27-b783-87fdfa05da37-00001" 201 - "PUT http://localhost:8080/v1/AUTH_95ad2ed9c50741aeae79dbb8e879b4ee/glance/046724b0-ad18-4d27-b783-87fdfa05da37-00001" "tx1591c480d980470e95725-0068e2255b" "proxy-server 21" 0.1671 "-" 22 0
Oct 5 07:59:23 standalone proxy-server[117419]: 172.18.0.2 ::1 05/Oct/2025/07/59/23 PUT /v1/AUTH_95ad2ed9c50741aeae79dbb8e879b4ee/glance/046724b0-ad18-4d27-b783-87fdfa05da37-00001 HTTP/1.0 201 - python-swiftclient-3.11.1 gAAAAABo4iVbdx_N... 16300544 - - tx1591c480d980470e95725-0068e2255b - 0.1767 - - 1759651163.810222864 1759651163.986972094 0
Oct 5 07:59:24 standalone container-server[115813]: 172.20.0.100 - - [05/Oct/2025:07:59:24 +0000] "PUT /d1/367/AUTH_95ad2ed9c50741aeae79dbb8e879b4ee/glance/046724b0-ad18-4d27-b783-87fdfa05da37" 201 - "PUT http://localhost:8080/d1/652/AUTH_95ad2ed9c50741aeae79dbb8e879b4ee/glance/046724b0-ad18-4d27-b783-87fdfa05da37" "txa03f79a43b044407af2f5-0068e2255b" "object-server 23" 0.0016 "-" 20 0
Oct 5 07:59:24 standalone object-server[115998]: 172.20.0.100 - - [05/Oct/2025:07:59:24 +0000] "PUT /d1/652/AUTH_95ad2ed9c50741aeae79dbb8e879b4ee/glance/046724b0-ad18-4d27-b783-87fdfa05da37" 201 - "PUT http://localhost:8080/v1/AUTH_95ad2ed9c50741aeae79dbb8e879b4ee/glance/046724b0-ad18-4d27-b783-87fdfa05da37" "txa03f79a43b044407af2f5-0068e2255b" "proxy-server 21" 0.0280 "-" 23 0
Oct 5 07:59:24 standalone proxy-server[117419]: 172.18.0.2 ::1 05/Oct/2025/07/59/24 PUT /v1/AUTH_95ad2ed9c50741aeae79dbb8e879b4ee/glance/046724b0-ad18-4d27-b783-87fdfa05da37 HTTP/1.0 201 - python-swiftclient-3.11.1 gAAAAABo4iVbdx_N... - - - txa03f79a43b044407af2f5-0068e2255b - 0.0352 - - 1759651163.991663456 1759651164.026860476 0
Oct 5 08:02:25 standalone account-server[115699]: 172.20.0.100 - - [05/Oct/2025:08:02:25 +0000] "HEAD /d1/26/.expiring_objects" 404 - "HEAD http://localhost/v1/.expiring_objects?format=json" "tx70c7a5952e44480e9af6c-0068e22611" "proxy-server 2" 0.0010 "-" 15 -
Oct 5 08:02:25 standalone object-expirer[115838]: Pass completed in 0s; 0 objects expired (txn: tx70c7a5952e44480e9af6c-0068e22611)
Oct 5 08:02:50 standalone object-server[115849]: Begin object update sweep
Oct 5 08:02:50 standalone object-server[170487]: Object update sweep starting on /srv/node/d1 (pid: 13)
Oct 5 08:02:50 standalone object-server[170487]: Object update sweep completed on /srv/node/d1 in 0.00s seconds:, 0 successes, 0 failures, 0 quarantines, 0 unlinks, 0 errors, 0 redirects (pid: 13)
Oct 5 08:02:50 standalone object-server[170487]: Object update sweep of d1 completed: 0.00s, 0 successes, 0 failures, 0 quarantines, 0 unlinks, 0 errors, 0 redirects
Oct 5 08:02:50 standalone object-server[115849]: Object update sweep completed: 0.06s
Oct 5 08:03:02 standalone account-server[115713]: 172.20.0.100 - - [05/Oct/2025:08:03:02 +0000] "HEAD /d1/26/.expiring_objects" 404 - "HEAD http://localhost/v1/.expiring_objects?format=json" "tx0e8a03afccc44f3988873-0068e22636" "proxy-server 2" 0.0016 "-" 17 -
Oct 5 08:03:02 standalone object-expirer[115838]: Pass completed in 0s; 0 objects expired (txn: tx0e8a03afccc44f3988873-0068e22636)
Oct 5 08:03:20 standalone container-server[115594]: Begin container update sweep
Oct 5 08:03:20 standalone account-server[115699]: 172.20.0.100 - - [05/Oct/2025:08:03:20 +0000] "PUT /d1/394/AUTH_95ad2ed9c50741aeae79dbb8e879b4ee/glance" 201 - "-" "-" "container-updater 2" 0.0010 "-" 15 0
Oct 5 08:03:21 standalone container-server[115594]: Container update sweep completed: 0.10s
Oct 5 08:03:58 standalone account-server[115686]: 172.20.0.100 - - [05/Oct/2025:08:03:58 +0000] "HEAD /d1/394/AUTH_95ad2ed9c50741aeae79dbb8e879b4ee" 204 - "HEAD http://localhost:8080/v1/AUTH_95ad2ed9c50741aeae79dbb8e879b4ee?format=json" "tx13bf87cb890e41b98264a-0068e2266e" "proxy-server 21" 0.0113 "-" 14 -
Oct 5 08:03:58 standalone proxy-server[117419]: - - 05/Oct/2025/08/03/58 HEAD /v1/AUTH_95ad2ed9c50741aeae79dbb8e879b4ee%3Fformat%3Djson HTTP/1.0 204 - Swift - - - - tx13bf87cb890e41b98264a-0068e2266e - 0.0175 RL - 1759651438.742621183 1759651438.760086536 -
Oct 5 08:03:58 standalone container-server[115819]: 172.20.0.100 - - [05/Oct/2025:08:03:58 +0000] "HEAD /d1/367/AUTH_95ad2ed9c50741aeae79dbb8e879b4ee/glance" 204 - "HEAD http://localhost:8080/v1/AUTH_95ad2ed9c50741aeae79dbb8e879b4ee/glance?format=json&states=listing" "tx13bf87cb890e41b98264a-0068e2266e" "proxy-server 21" 0.0054 "-" 23 0
Oct 5 08:03:58 standalone proxy-server[117419]: 172.18.0.2 ::1 05/Oct/2025/08/03/58 HEAD /v1/AUTH_95ad2ed9c50741aeae79dbb8e879b4ee/glance%3Fformat%3Djson%26states%3Dlisting HTTP/1.0 204 - python-swiftclient-3.11.1 gAAAAABo4iZu9RpM... - - - tx13bf87cb890e41b98264a-0068e2266e - 0.2216 - - 1759651438.741331816 1759651438.962886333 0
Oct 5 08:04:01 standalone container-server[115814]: 172.20.0.100 - - [05/Oct/2025:08:04:01 +0000] "PUT /d1/367/AUTH_95ad2ed9c50741aeae79dbb8e879b4ee/glance/697e347b-4678-4040-b334-d4a7678f4441-00001" 201 - "PUT http://localhost:8080/d1/289/AUTH_95ad2ed9c50741aeae79dbb8e879b4ee/glance/697e347b-4678-4040-b334-d4a7678f4441-00001" "tx01e73668f7e649a39b485-0068e2266e" "object-server 25" 0.0014 "-" 21 0
Oct 5 08:04:01 standalone object-server[116001]: 172.20.0.100 - - [05/Oct/2025:08:04:01 +0000] "PUT /d1/289/AUTH_95ad2ed9c50741aeae79dbb8e879b4ee/glance/697e347b-4678-4040-b334-d4a7678f4441-00001" 201 - "PUT http://localhost:8080/v1/AUTH_95ad2ed9c50741aeae79dbb8e879b4ee/glance/697e347b-4678-4040-b334-d4a7678f4441-00001" "tx01e73668f7e649a39b485-0068e2266e" "proxy-server 21" 2.8145 "-" 25 0
Oct 5 08:04:01 standalone proxy-server[117419]: 172.18.0.2 ::1 05/Oct/2025/08/04/01 PUT /v1/AUTH_95ad2ed9c50741aeae79dbb8e879b4ee/glance/697e347b-4678-4040-b334-d4a7678f4441-00001 HTTP/1.0 201 - python-swiftclient-3.11.1 gAAAAABo4iZu9RpM... 21692416 - - tx01e73668f7e649a39b485-0068e2266e - 2.8223 - - 1759651438.969547749 1759651441.791811228 0
Oct 5 08:04:01 standalone container-server[115814]: 172.20.0.100 - - [05/Oct/2025:08:04:01 +0000] "PUT /d1/367/AUTH_95ad2ed9c50741aeae79dbb8e879b4ee/glance/697e347b-4678-4040-b334-d4a7678f4441" 201 - "PUT http://localhost:8080/d1/137/AUTH_95ad2ed9c50741aeae79dbb8e879b4ee/glance/697e347b-4678-4040-b334-d4a7678f4441" "txa67d2192f1744fe1a5007-0068e22671" "object-server 22" 0.0007 "-" 21 0
Oct 5 08:04:01 standalone object-server[115997]: 172.20.0.100 - - [05/Oct/2025:08:04:01 +0000] "PUT /d1/137/AUTH_95ad2ed9c50741aeae79dbb8e879b4ee/glance/697e347b-4678-4040-b334-d4a7678f4441" 201 - "PUT http://localhost:8080/v1/AUTH_95ad2ed9c50741aeae79dbb8e879b4ee/glance/697e347b-4678-4040-b334-d4a7678f4441" "txa67d2192f1744fe1a5007-0068e22671" "proxy-server 21" 0.0100 "-" 22 0
Oct 5 08:04:01 standalone proxy-server[117419]: 172.18.0.2 ::1 05/Oct/2025/08/04/01 PUT /v1/AUTH_95ad2ed9c50741aeae79dbb8e879b4ee/glance/697e347b-4678-4040-b334-d4a7678f4441 HTTP/1.0 201 - python-swiftclient-3.11.1 gAAAAABo4iZu9RpM... - - - txa67d2192f1744fe1a5007-0068e22671 - 0.0183 - - 1759651441.798048735 1759651441.816313744 0
Oct 5 08:05:05 standalone account-server[115709]: 172.20.0.100 - - [05/Oct/2025:08:05:05 +0000] "HEAD /d1/394/AUTH_95ad2ed9c50741aeae79dbb8e879b4ee" 204 - "HEAD http://localhost:8080/v1/AUTH_95ad2ed9c50741aeae79dbb8e879b4ee?format=json" "tx7555a36ae26045578d728-0068e226b1" "proxy-server 21" 0.0029 "-" 16 -
Oct 5 08:05:05 standalone proxy-server[117419]: - - 05/Oct/2025/08/05/05 HEAD /v1/AUTH_95ad2ed9c50741aeae79dbb8e879b4ee%3Fformat%3Djson HTTP/1.0 204 - Swift - - - - tx7555a36ae26045578d728-0068e226b1 - 0.0105 RL - 1759651505.847253084 1759651505.857802868 -
Oct 5 08:05:05 standalone container-server[115813]: 172.20.0.100 - - [05/Oct/2025:08:05:05 +0000] "HEAD /d1/367/AUTH_95ad2ed9c50741aeae79dbb8e879b4ee/glance" 204 - "HEAD http://localhost:8080/v1/AUTH_95ad2ed9c50741aeae79dbb8e879b4ee/glance?format=json&states=listing" "tx7555a36ae26045578d728-0068e226b1" "proxy-server 21" 0.0144 "-" 20 0
Oct 5 08:05:05 standalone object-server[115998]: 172.20.0.100 - - [05/Oct/2025:08:05:05 +0000] "GET /d1/137/AUTH_95ad2ed9c50741aeae79dbb8e879b4ee/glance/697e347b-4678-4040-b334-d4a7678f4441" 200 - "GET http://localhost:8080/v1/AUTH_95ad2ed9c50741aeae79dbb8e879b4ee/glance/697e347b-4678-4040-b334-d4a7678f4441" "tx7555a36ae26045578d728-0068e226b1" "proxy-server 21" 0.0016 "-" 23 0
Oct 5 08:05:05 standalone container-server[115813]: 172.20.0.100 - - [05/Oct/2025:08:05:05 +0000] "GET /d1/367/AUTH_95ad2ed9c50741aeae79dbb8e879b4ee/glance" 200 210 "GET http://localhost:8080/v1/AUTH_95ad2ed9c50741aeae79dbb8e879b4ee/glance?prefix=697e347b-4678-4040-b334-d4a7678f4441-&format=json&states=listing" "tx7555a36ae26045578d728-0068e226b1" "proxy-server 21" 0.0025 "-" 20 0
Oct 5 08:05:05 standalone proxy-server[117419]: - - 05/Oct/2025/08/05/05 GET /v1/AUTH_95ad2ed9c50741aeae79dbb8e879b4ee/glance%3Fprefix%3D697e347b-4678-4040-b334-d4a7678f4441-%26format%3Djson%26states%3Dlisting HTTP/1.0 200 - python-swiftclient-3.11.1%20DLO%20MultipartGET gAAAAABo4iaxHSeV... - 210 - tx7555a36ae26045578d728-0068e226b1 - 0.0091 DLO - 1759651505.988388062 1759651505.997489452 0
Oct 5 08:05:06 standalone object-server[115999]: 172.20.0.100 - - [05/Oct/2025:08:05:06 +0000] "GET /d1/289/AUTH_95ad2ed9c50741aeae79dbb8e879b4ee/glance/697e347b-4678-4040-b334-d4a7678f4441-00001" 200 21692416 "GET http://localhost:8080/v1/AUTH_95ad2ed9c50741aeae79dbb8e879b4ee/glance/697e347b-4678-4040-b334-d4a7678f4441-00001?multipart-manifest=get" "tx7555a36ae26045578d728-0068e226b1" "proxy-server 21" 0.0019 "-" 24 0
Oct 5 08:05:06 standalone proxy-server[117419]: - - 05/Oct/2025/08/05/06 GET /v1/AUTH_95ad2ed9c50741aeae79dbb8e879b4ee/glance/697e347b-4678-4040-b334-d4a7678f4441-00001%3Fmultipart-manifest%3Dget HTTP/1.0 200 - python-swiftclient-3.11.1%20%20DLO%20MultipartGET gAAAAABo4iaxHSeV... - 21692416 - tx7555a36ae26045578d728-0068e226b1 - 0.1359 DLO - 1759651505.998983145 1759651506.134926081 0
Oct 5 08:05:06 standalone proxy-server[117419]: 172.18.0.2 ::1 05/Oct/2025/08/05/06 GET /v1/AUTH_95ad2ed9c50741aeae79dbb8e879b4ee/glance/697e347b-4678-4040-b334-d4a7678f4441 HTTP/1.0 200 - python-swiftclient-3.11.1 gAAAAABo4iaxHSeV... - 21692416 - tx7555a36ae26045578d728-0068e226b1 - 0.2900 - - 1759651505.845496416 1759651506.135477304 0
Oct 5 08:07:50 standalone object-server[115849]: Begin object update sweep
Oct 5 08:07:50 standalone object-server[196990]: Object update sweep starting on /srv/node/d1 (pid: 14)
Oct 5 08:07:50 standalone object-server[196990]: Object update sweep completed on /srv/node/d1 in 0.00s seconds:, 0 successes, 0 failures, 0 quarantines, 0 unlinks, 0 errors, 0 redirects (pid: 14)
Oct 5 08:07:50 standalone object-server[196990]: Object update sweep of d1 completed: 0.00s, 0 successes, 0 failures, 0 quarantines, 0 unlinks, 0 errors, 0 redirects
Oct 5 08:07:50 standalone object-server[115849]: Object update sweep completed: 0.08s
Oct 5 08:07:57 standalone account-server[115709]: 172.20.0.100 - - [05/Oct/2025:08:07:57 +0000] "HEAD /d1/26/.expiring_objects" 404 - "HEAD http://localhost/v1/.expiring_objects?format=json" "tx7ee1183b0210487280a65-0068e2275d" "proxy-server 2" 0.0009 "-" 16 -
Oct 5 08:07:57 standalone object-expirer[115838]: Pass completed in 0s; 0 objects expired (txn: tx7ee1183b0210487280a65-0068e2275d)
Oct 5 08:08:21 standalone container-server[115594]: Begin container update sweep
Oct 5 08:08:21 standalone account-server[115713]: 172.20.0.100 - - [05/Oct/2025:08:08:21 +0000] "PUT /d1/394/AUTH_95ad2ed9c50741aeae79dbb8e879b4ee/glance" 201 - "-" "-" "container-updater 2" 0.0016 "-" 17 0
Oct 5 08:08:21 standalone container-server[115594]: Container update sweep completed: 0.06s
Oct 5 08:08:54 standalone account-server[115713]: 172.20.0.100 - - [05/Oct/2025:08:08:54 +0000] "HEAD /d1/26/.expiring_objects" 404 - "HEAD http://localhost/v1/.expiring_objects?format=json" "txe5bdf1c8596444e2af15f-0068e22796" "proxy-server 2" 0.0010 "-" 17 -
Oct 5 08:08:54 standalone object-expirer[115838]: Pass completed in 0s; 0 objects expired (txn: txe5bdf1c8596444e2af15f-0068e22796)
Oct 5 08:10:05 standalone account-server[115709]: 172.20.0.100 - - [05/Oct/2025:08:10:05 +0000] "HEAD /d1/26/.expiring_objects" 404 - "HEAD http://localhost/v1/.expiring_objects?format=json" "txaa45242bf7f848c4a1cdb-0068e227dd" "proxy-server 2" 0.0006 "-" 16 -
Oct 5 08:10:05 standalone object-expirer[115838]: Pass completed in 0s; 0 objects expired (txn: txaa45242bf7f848c4a1cdb-0068e227dd)
Oct 5 08:12:50 standalone object-server[115849]: Begin object update sweep
Oct 5 08:12:50 standalone object-server[223165]: Object update sweep starting on /srv/node/d1 (pid: 15)
Oct 5 08:12:50 standalone object-server[223165]: Object update sweep completed on /srv/node/d1 in 0.00s seconds:, 0 successes, 0 failures, 0 quarantines, 0 unlinks, 0 errors, 0 redirects (pid: 15)
Oct 5 08:12:50 standalone object-server[223165]: Object update sweep of d1 completed: 0.00s, 0 successes, 0 failures, 0 quarantines, 0 unlinks, 0 errors, 0 redirects
Oct 5 08:12:50 standalone object-server[115849]: Object update sweep completed: 0.06s
Oct 5 08:13:21 standalone container-server[115594]: Begin container update sweep
Oct 5 08:13:21 standalone container-server[115594]: Container update sweep completed: 0.08s
Oct 5 08:13:37 standalone account-server[115709]: 172.20.0.100 - - [05/Oct/2025:08:13:37 +0000] "HEAD /d1/26/.expiring_objects" 404 - "HEAD http://localhost/v1/.expiring_objects?format=json" "tx5258d2a86c74461cbe198-0068e228b1" "proxy-server 2" 0.0006 "-" 16 -
Oct 5 08:13:37 standalone object-expirer[115838]: Pass completed in 0s; 0 objects expired (txn: tx5258d2a86c74461cbe198-0068e228b1)
Oct 5 08:17:50 standalone object-server[115849]: Begin object update sweep
Oct 5 08:17:50 standalone object-server[242614]: Object update sweep starting on /srv/node/d1 (pid: 16)
Oct 5 08:17:50 standalone object-server[242614]: Object update sweep completed on /srv/node/d1 in 0.00s seconds:, 0 successes, 0 failures, 0 quarantines, 0 unlinks, 0 errors, 0 redirects (pid: 16)
Oct 5 08:17:50 standalone object-server[242614]: Object update sweep of d1 completed: 0.00s, 0 successes, 0 failures, 0 quarantines, 0 unlinks, 0 errors, 0 redirects
Oct 5 08:17:50 standalone object-server[115849]: Object update sweep completed: 0.08s
Oct 5 08:17:51 standalone account-server[115463]: Devices pass completed: 0.00s
Oct 5 08:18:06 standalone account-server[115709]: 172.20.0.100 - - [05/Oct/2025:08:18:06 +0000] "HEAD /d1/26/.expiring_objects" 404 - "HEAD http://localhost/v1/.expiring_objects?format=json" "txf77e340bd7254218871f3-0068e229be" "proxy-server 2" 0.0012 "-" 16 -
Oct 5 08:18:06 standalone object-expirer[115838]: Pass completed in 0s; 0 objects expired (txn: txf77e340bd7254218871f3-0068e229be)
Oct 5 08:18:21 standalone container-server[115594]: Begin container update sweep
Oct 5 08:18:21 standalone container-server[115594]: Container update sweep completed: 0.08s
Oct 5 08:18:53 standalone account-server[115686]: 172.20.0.5 - - [05/Oct/2025:08:18:53 +0000] "HEAD /d1/146/AUTH_63f3ab7881284ca5b1508d17b01dfa29" 404 - "HEAD http://swift-public-openstack.apps-crc.testing/v1/AUTH_63f3ab7881284ca5b1508d17b01dfa29?format=json" "txb03d8dc23b144ae890119-0068e229ed" "proxy-server 9" 0.0010 "-" 14 -
Oct 5 08:18:54 standalone account-server[115713]: 172.20.0.5 - - [05/Oct/2025:08:18:54 +0000] "GET /d1/146/AUTH_63f3ab7881284ca5b1508d17b01dfa29" 404 - "GET http://swift-public-openstack.apps-crc.testing/v1/AUTH_63f3ab7881284ca5b1508d17b01dfa29?format=json" "txb03d8dc23b144ae890119-0068e229ed" "proxy-server 9" 0.0005 "-" 17 -
Oct 5 08:22:50 standalone object-server[115849]: Begin object update sweep
Oct 5 08:22:50 standalone object-server[262151]: Object update sweep starting on /srv/node/d1 (pid: 17)
Oct 5 08:22:50 standalone object-server[262151]: Object update sweep completed on /srv/node/d1 in 0.00s seconds:, 0 successes, 0 failures, 0 quarantines, 0 unlinks, 0 errors, 0 redirects (pid: 17)
Oct 5 08:22:50 standalone object-server[262151]: Object update sweep of d1 completed: 0.00s, 0 successes, 0 failures, 0 quarantines, 0 unlinks, 0 errors, 0 redirects
Oct 5 08:22:50 standalone object-server[115849]: Object update sweep completed: 0.08s
Oct 5 08:22:56 standalone account-server[115686]: 172.20.0.100 - - [05/Oct/2025:08:22:56 +0000] "HEAD /d1/26/.expiring_objects" 404 - "HEAD http://localhost/v1/.expiring_objects?format=json" "tx6ec80d9e69d9499fb2430-0068e22ae0" "proxy-server 2" 0.0009 "-" 14 -
Oct 5 08:22:56 standalone object-expirer[115838]: Pass completed in 0s; 0 objects expired (txn: tx6ec80d9e69d9499fb2430-0068e22ae0)
Oct 5 08:23:21 standalone container-server[115594]: Begin container update sweep
Oct 5 08:23:21 standalone container-server[115594]: Container update sweep completed: 0.06s
Oct 5 08:26:29 standalone account-server[115686]: 172.20.0.100 - - [05/Oct/2025:08:26:29 +0000] "HEAD /d1/26/.expiring_objects" 404 - "HEAD http://localhost/v1/.expiring_objects?format=json" "tx61305cfa9dd84e47b21e3-0068e22bb5" "proxy-server 2" 0.0016 "-" 14 -
Oct 5 08:26:29 standalone object-expirer[115838]: Pass completed in 0s; 0 objects expired (txn: tx61305cfa9dd84e47b21e3-0068e22bb5)
Oct 5 08:27:50 standalone object-server[115849]: Begin object update sweep
Oct 5 08:27:50 standalone object-server[281210]: Object update sweep starting on /srv/node/d1 (pid: 18)
Oct 5 08:27:50 standalone object-server[281210]: Object update sweep completed on /srv/node/d1 in 0.00s seconds:, 0 successes, 0 failures, 0 quarantines, 0 unlinks, 0 errors, 0 redirects (pid: 18)
Oct 5 08:27:50 standalone object-server[281210]: Object update sweep of d1 completed: 0.00s, 0 successes, 0 failures, 0 quarantines, 0 unlinks, 0 errors, 0 redirects
Oct 5 08:27:50 standalone object-server[115849]: Object update sweep completed: 0.08s
Oct 5 08:28:21 standalone container-server[115594]: Begin container update sweep
Oct 5 08:28:21 standalone container-server[115594]: Container update sweep completed: 0.13s
Oct 5 08:30:08 standalone account-server[115709]: 172.20.0.5 - - [05/Oct/2025:08:30:08 +0000] "HEAD /d1/163/AUTH_5d4dcbe2290f4978a912ae1b83e6b4e6" 404 - "HEAD http://swift-internal.openstack.svc:8080/v1/AUTH_5d4dcbe2290f4978a912ae1b83e6b4e6?format=json" "tx8257133a7e6f4fc897f9d-0068e22c90" "proxy-server 5" 0.0008 "-" 16 -
Oct 5 08:30:08 standalone account-server[115709]: 172.20.0.5 - - [05/Oct/2025:08:30:08 +0000] "HEAD /d1/163/AUTH_5d4dcbe2290f4978a912ae1b83e6b4e6" 404 - "HEAD http://swift-internal.openstack.svc:8080/v1/AUTH_5d4dcbe2290f4978a912ae1b83e6b4e6?format=json" "tx8257133a7e6f4fc897f9d-0068e22c90" "proxy-server 5" 0.0006 "-" 16 -
Oct 5 08:30:08 standalone account-server[115699]: 172.20.0.5 - - [05/Oct/2025:08:30:08 +0000] "HEAD /d1/146/AUTH_63f3ab7881284ca5b1508d17b01dfa29" 404 - "HEAD http://swift-internal.openstack.svc:8080/v1/AUTH_63f3ab7881284ca5b1508d17b01dfa29?format=json" "tx21bc8271b710462a94452-0068e22c90" "proxy-server 7" 0.0005 "-" 15 -
Oct 5 08:30:09 standalone account-server[115709]: 172.20.0.5 - - [05/Oct/2025:08:30:09 +0000] "HEAD /d1/146/AUTH_63f3ab7881284ca5b1508d17b01dfa29" 404 - "HEAD http://swift-internal.openstack.svc:8080/v1/AUTH_63f3ab7881284ca5b1508d17b01dfa29?format=json" "tx21bc8271b710462a94452-0068e22c90" "proxy-server 7" 0.0005 "-" 16 -
Oct 5 08:30:09 standalone account-server[115686]: 172.20.0.5 - - [05/Oct/2025:08:30:09 +0000] "HEAD /d1/394/AUTH_95ad2ed9c50741aeae79dbb8e879b4ee" 204 - "HEAD http://swift-internal.openstack.svc:8080/v1/AUTH_95ad2ed9c50741aeae79dbb8e879b4ee?format=json" "tx6818023325944550b7210-0068e22c91" "proxy-server 7" 0.0109 "-" 14 -
Oct 5 08:30:09 standalone account-server[115686]: 172.20.0.5 - - [05/Oct/2025:08:30:09 +0000] "HEAD /d1/394/AUTH_95ad2ed9c50741aeae79dbb8e879b4ee" 204 - "HEAD http://swift-internal.openstack.svc:8080/v1/AUTH_95ad2ed9c50741aeae79dbb8e879b4ee?format=json" "tx6818023325944550b7210-0068e22c91" "proxy-server 7" 0.0019 "-" 14 -
Oct 5 08:30:09 standalone account-server[115686]: 172.20.0.5 - - [05/Oct/2025:08:30:09 +0000] "HEAD /d1/155/AUTH_dc22b01ce64746cb81d13d29f80d2718" 404 - "HEAD http://swift-internal.openstack.svc:8080/v1/AUTH_dc22b01ce64746cb81d13d29f80d2718?format=json" "tx2683064ac3ce4079b047f-0068e22c91" "proxy-server 5" 0.0004 "-" 14 -
Oct 5 08:30:09 standalone account-server[115699]: 172.20.0.5 - - [05/Oct/2025:08:30:09 +0000] "HEAD /d1/155/AUTH_dc22b01ce64746cb81d13d29f80d2718" 404 - "HEAD http://swift-internal.openstack.svc:8080/v1/AUTH_dc22b01ce64746cb81d13d29f80d2718?format=json" "tx2683064ac3ce4079b047f-0068e22c91" "proxy-server 5" 0.0008 "-" 15 -
Oct 5 08:30:12 standalone account-server[115686]: 172.20.0.5 - - [05/Oct/2025:08:30:12 +0000] "GET /d1/163/AUTH_5d4dcbe2290f4978a912ae1b83e6b4e6" 404 - "GET http://swift-internal.openstack.svc:8080/v1/AUTH_5d4dcbe2290f4978a912ae1b83e6b4e6?format=json" "tx884dfee895e94cc69b2a8-0068e22c93" "proxy-server 10" 0.0005 "-" 14 -
Oct 5 08:30:12 standalone account-server[115699]: 172.20.0.5 - - [05/Oct/2025:08:30:12 +0000] "GET /d1/146/AUTH_63f3ab7881284ca5b1508d17b01dfa29" 404 - "GET http://swift-internal.openstack.svc:8080/v1/AUTH_63f3ab7881284ca5b1508d17b01dfa29?format=json" "tx15b5739221e94150b16f9-0068e22c94" "proxy-server 9" 0.0006 "-" 15 -
Oct 5 08:30:12 standalone account-server[115713]: 172.20.0.5 - - [05/Oct/2025:08:30:12 +0000] "GET /d1/394/AUTH_95ad2ed9c50741aeae79dbb8e879b4ee" 200 98 "GET http://swift-internal.openstack.svc:8080/v1/AUTH_95ad2ed9c50741aeae79dbb8e879b4ee?format=json" "tx360cd395df444c9bb6c63-0068e22c94" "proxy-server 10" 0.0041 "-" 17 -
Oct 5 08:30:12 standalone account-server[115713]: 172.20.0.5 - - [05/Oct/2025:08:30:12 +0000] "GET /d1/155/AUTH_dc22b01ce64746cb81d13d29f80d2718" 404 - "GET http://swift-internal.openstack.svc:8080/v1/AUTH_dc22b01ce64746cb81d13d29f80d2718?format=json" "tx9aca95897b574f2c961c5-0068e22c94" "proxy-server 10" 0.0006 "-" 17 -
Oct 5 08:30:39 standalone account-server[115699]: 172.20.0.100 - - [05/Oct/2025:08:30:39 +0000] "HEAD /d1/26/.expiring_objects" 404 - "HEAD http://localhost/v1/.expiring_objects?format=json" "tx6f584eb7c6a640469565f-0068e22caf" "proxy-server 2" 0.0008 "-" 15 -
Oct 5 08:30:39 standalone object-expirer[115838]: Pass completed in 0s; 0 objects expired (txn: tx6f584eb7c6a640469565f-0068e22caf)
Oct 5 08:30:42 standalone account-server[115713]: 172.20.0.100 - - [05/Oct/2025:08:30:42 +0000] "HEAD /d1/26/.expiring_objects" 404 - "HEAD http://localhost/v1/.expiring_objects?format=json" "tx98f5a34ffddf4124a95ac-0068e22cb2" "proxy-server 2" 0.0007 "-" 17 -
Oct 5 08:30:42 standalone object-expirer[115838]: Pass completed in 0s; 0 objects expired (txn: tx98f5a34ffddf4124a95ac-0068e22cb2)
Oct 5 08:30:46 standalone account-server[115686]: 172.20.0.5 - - [05/Oct/2025:08:30:46 +0000] "GET /d1/163/AUTH_5d4dcbe2290f4978a912ae1b83e6b4e6" 404 - "GET http://swift-internal.openstack.svc:8080/v1/AUTH_5d4dcbe2290f4978a912ae1b83e6b4e6?format=json" "txc3e3f2d9bcf64682847fc-0068e22cb6" "proxy-server 9" 0.0006 "-" 14 -
Oct 5 08:30:47 standalone account-server[115686]: 172.20.0.5 - - [05/Oct/2025:08:30:47 +0000] "GET /d1/146/AUTH_63f3ab7881284ca5b1508d17b01dfa29" 404 - "GET http://swift-internal.openstack.svc:8080/v1/AUTH_63f3ab7881284ca5b1508d17b01dfa29?format=json" "tx85ef7eeebe8744e586c0a-0068e22cb7" "proxy-server 9" 0.0005 "-" 14 -
Oct 5 08:30:47 standalone account-server[115686]: 172.20.0.5 - - [05/Oct/2025:08:30:47 +0000] "GET /d1/394/AUTH_95ad2ed9c50741aeae79dbb8e879b4ee" 200 98 "GET http://swift-internal.openstack.svc:8080/v1/AUTH_95ad2ed9c50741aeae79dbb8e879b4ee?format=json" "txc236c7beb0514057b7b6c-0068e22cb7" "proxy-server 7" 0.0035 "-" 14 -
Oct 5 08:30:47 standalone account-server[115713]: 172.20.0.5 - - [05/Oct/2025:08:30:47 +0000] "GET /d1/155/AUTH_dc22b01ce64746cb81d13d29f80d2718" 404 - "GET http://swift-internal.openstack.svc:8080/v1/AUTH_dc22b01ce64746cb81d13d29f80d2718?format=json" "txfcbb87aa07a5429ba3ff8-0068e22cb7" "proxy-server 7" 0.0005 "-" 17 -
Oct 5 08:30:47 standalone account-server[115699]: 172.20.0.5 - - [05/Oct/2025:08:30:47 +0000] "HEAD /d1/163/AUTH_5d4dcbe2290f4978a912ae1b83e6b4e6" 404 - "HEAD http://swift-internal.openstack.svc:8080/v1/AUTH_5d4dcbe2290f4978a912ae1b83e6b4e6?format=json" "tx708d2b7a72ac43d4a61c5-0068e22cb7" "proxy-server 11" 0.0006 "-" 15 -
Oct 5 08:30:47 standalone account-server[115709]: 172.20.0.5 - - [05/Oct/2025:08:30:47 +0000] "HEAD /d1/146/AUTH_63f3ab7881284ca5b1508d17b01dfa29" 404 - "HEAD http://swift-internal.openstack.svc:8080/v1/AUTH_63f3ab7881284ca5b1508d17b01dfa29?format=json" "tx56272b93c35f47368b274-0068e22cb7" "proxy-server 11" 0.0005 "-" 16 -
Oct 5 08:30:47 standalone account-server[115686]: 172.20.0.5 - - [05/Oct/2025:08:30:47 +0000] "HEAD /d1/394/AUTH_95ad2ed9c50741aeae79dbb8e879b4ee" 204 - "HEAD http://swift-internal.openstack.svc:8080/v1/AUTH_95ad2ed9c50741aeae79dbb8e879b4ee?format=json" "txb5cf9ad047034d0bafd38-0068e22cb7" "proxy-server 7" 0.0023 "-" 14 -
Oct 5 08:30:48 standalone account-server[115686]: 172.20.0.5 - - [05/Oct/2025:08:30:48 +0000] "HEAD /d1/155/AUTH_dc22b01ce64746cb81d13d29f80d2718" 404 - "HEAD http://swift-internal.openstack.svc:8080/v1/AUTH_dc22b01ce64746cb81d13d29f80d2718?format=json" "txc722cedd8b754f56bb721-0068e22cb8" "proxy-server 9" 0.0004 "-" 14 -
Oct 5 08:30:56 standalone account-server[115686]: 172.20.0.5 - - [05/Oct/2025:08:30:56 +0000] "HEAD /d1/163/AUTH_5d4dcbe2290f4978a912ae1b83e6b4e6" 404 - "HEAD http://swift-internal.openstack.svc:8080/v1/AUTH_5d4dcbe2290f4978a912ae1b83e6b4e6?format=json" "txd9f240ab883642ab8555e-0068e22cbf" "proxy-server 11" 0.0006 "-" 14 -
Oct 5 08:30:56 standalone account-server[115686]: 172.20.0.5 - - [05/Oct/2025:08:30:56 +0000] "HEAD /d1/146/AUTH_63f3ab7881284ca5b1508d17b01dfa29" 404 - "HEAD http://swift-internal.openstack.svc:8080/v1/AUTH_63f3ab7881284ca5b1508d17b01dfa29?format=json" "tx0c295080a660455fb30ba-0068e22cc0" "proxy-server 7" 0.0005 "-" 14 -
Oct 5 08:30:56 standalone account-server[115713]: 172.20.0.5 - - [05/Oct/2025:08:30:56 +0000] "HEAD /d1/394/AUTH_95ad2ed9c50741aeae79dbb8e879b4ee" 204 - "HEAD http://swift-internal.openstack.svc:8080/v1/AUTH_95ad2ed9c50741aeae79dbb8e879b4ee?format=json" "tx50ebae7191614616b502f-0068e22cc0" "proxy-server 7" 0.0043 "-" 17 -
Oct 5 08:30:56 standalone account-server[115709]: 172.20.0.5 - - [05/Oct/2025:08:30:56 +0000] "HEAD /d1/155/AUTH_dc22b01ce64746cb81d13d29f80d2718" 404 - "HEAD http://swift-internal.openstack.svc:8080/v1/AUTH_dc22b01ce64746cb81d13d29f80d2718?format=json" "tx0725439a56b242f79c3b4-0068e22cc0" "proxy-server 16" 0.0008 "-" 16 -
Oct 5 08:30:56 standalone account-server[115686]: 172.20.0.5 - - [05/Oct/2025:08:30:56 +0000] "GET /d1/163/AUTH_5d4dcbe2290f4978a912ae1b83e6b4e6" 404 - "GET http://swift-internal.openstack.svc:8080/v1/AUTH_5d4dcbe2290f4978a912ae1b83e6b4e6?format=json" "tx493713477b1b4140ac8f9-0068e22cc0" "proxy-server 11" 0.0005 "-" 14 -
Oct 5 08:30:56 standalone account-server[115713]: 172.20.0.5 - - [05/Oct/2025:08:30:56 +0000] "GET /d1/146/AUTH_63f3ab7881284ca5b1508d17b01dfa29" 404 - "GET http://swift-internal.openstack.svc:8080/v1/AUTH_63f3ab7881284ca5b1508d17b01dfa29?format=json" "tx58f679cacb684ab4bdf1d-0068e22cc0" "proxy-server 7" 0.0005 "-" 17 -
Oct 5 08:30:56 standalone account-server[115709]: 172.20.0.5 - - [05/Oct/2025:08:30:56 +0000] "GET /d1/394/AUTH_95ad2ed9c50741aeae79dbb8e879b4ee" 200 98 "GET http://swift-internal.openstack.svc:8080/v1/AUTH_95ad2ed9c50741aeae79dbb8e879b4ee?format=json" "txdd13776ba2a4453c90f65-0068e22cc0" "proxy-server 7" 0.0037 "-" 16 -
Oct 5 08:30:56 standalone account-server[115699]: 172.20.0.5 - - [05/Oct/2025:08:30:56 +0000] "GET /d1/155/AUTH_dc22b01ce64746cb81d13d29f80d2718" 404 - "GET http://swift-internal.openstack.svc:8080/v1/AUTH_dc22b01ce64746cb81d13d29f80d2718?format=json" "txce75ce6faf3f44a591652-0068e22cc0" "proxy-server 16" 0.0006 "-" 15 -
Oct 5 08:32:30 standalone account-server[115699]: 172.20.0.100 - - [05/Oct/2025:08:32:30 +0000] "HEAD /d1/26/.expiring_objects" 404 - "HEAD http://localhost/v1/.expiring_objects?format=json" "tx4a0d86f435884e349841d-0068e22d1e" "proxy-server 2" 0.0006 "-" 15 -
Oct 5 08:32:30 standalone object-expirer[115838]: Pass completed in 0s; 0 objects expired (txn: tx4a0d86f435884e349841d-0068e22d1e)
Oct 5 08:32:34 standalone account-server[115699]: 172.20.0.100 - - [05/Oct/2025:08:32:34 +0000] "HEAD /d1/26/.expiring_objects" 404 - "HEAD http://localhost/v1/.expiring_objects?format=json" "tx83fb4f76b79a4542929f5-0068e22d22" "proxy-server 2" 0.0005 "-" 15 -
Oct 5 08:32:34 standalone object-expirer[115838]: Pass completed in 0s; 0 objects expired (txn: tx83fb4f76b79a4542929f5-0068e22d22)
Oct 5 08:32:50 standalone object-server[115849]: Begin object update sweep
Oct 5 08:32:50 standalone object-server[298135]: Object update sweep starting on /srv/node/d1 (pid: 19)
Oct 5 08:32:50 standalone object-server[298135]: Object update sweep completed on /srv/node/d1 in 0.00s seconds:, 0 successes, 0 failures, 0 quarantines, 0 unlinks, 0 errors, 0 redirects (pid: 19)
Oct 5 08:32:50 standalone object-server[298135]: Object update sweep of d1 completed: 0.00s, 0 successes, 0 failures, 0 quarantines, 0 unlinks, 0 errors, 0 redirects
Oct 5 08:32:50 standalone object-server[115849]: Object update sweep completed: 0.06s
Oct 5 08:33:21 standalone container-server[115594]: Begin container update sweep
Oct 5 08:33:21 standalone container-server[115594]: Container update sweep completed: 0.08s
Oct 5 08:35:55 standalone account-server[115713]: 172.20.0.5 - - [05/Oct/2025:08:35:55 +0000] "HEAD /d1/163/AUTH_5d4dcbe2290f4978a912ae1b83e6b4e6" 404 - "HEAD http://swift-internal.openstack.svc:8080/v1/AUTH_5d4dcbe2290f4978a912ae1b83e6b4e6?format=json" "tx80a01a8c790841a09fd54-0068e22deb" "proxy-server 13" 0.0007 "-" 17 -
Oct 5 08:35:55 standalone account-server[115686]: 172.20.0.5 - - [05/Oct/2025:08:35:55 +0000] "HEAD /d1/163/AUTH_5d4dcbe2290f4978a912ae1b83e6b4e6" 404 - "HEAD http://swift-internal.openstack.svc:8080/v1/AUTH_5d4dcbe2290f4978a912ae1b83e6b4e6?format=json" "tx80a01a8c790841a09fd54-0068e22deb" "proxy-server 13" 0.0005 "-" 14 -
Oct 5 08:35:55 standalone account-server[115686]: 172.20.0.5 - - [05/Oct/2025:08:35:55 +0000] "HEAD /d1/146/AUTH_63f3ab7881284ca5b1508d17b01dfa29" 404 - "HEAD http://swift-internal.openstack.svc:8080/v1/AUTH_63f3ab7881284ca5b1508d17b01dfa29?format=json" "tx1996e3d4322648439e720-0068e22deb" "proxy-server 13" 0.0006 "-" 14 -
Oct 5 08:35:55 standalone account-server[115709]: 172.20.0.5 - - [05/Oct/2025:08:35:55 +0000] "HEAD /d1/146/AUTH_63f3ab7881284ca5b1508d17b01dfa29" 404 - "HEAD http://swift-internal.openstack.svc:8080/v1/AUTH_63f3ab7881284ca5b1508d17b01dfa29?format=json" "tx1996e3d4322648439e720-0068e22deb" "proxy-server 13" 0.0005 "-" 16 -
Oct 5 08:35:55 standalone account-server[115699]: 172.20.0.5 - - [05/Oct/2025:08:35:55 +0000] "HEAD /d1/394/AUTH_95ad2ed9c50741aeae79dbb8e879b4ee" 204 - "HEAD http://swift-internal.openstack.svc:8080/v1/AUTH_95ad2ed9c50741aeae79dbb8e879b4ee?format=json" "tx345331d3cc6d46b2be20f-0068e22deb" "proxy-server 15" 0.0031 "-" 15 -
Oct 5 08:35:56 standalone account-server[115686]: 172.20.0.5 - - [05/Oct/2025:08:35:56 +0000] "HEAD /d1/394/AUTH_95ad2ed9c50741aeae79dbb8e879b4ee" 204 - "HEAD http://swift-internal.openstack.svc:8080/v1/AUTH_95ad2ed9c50741aeae79dbb8e879b4ee?format=json" "tx345331d3cc6d46b2be20f-0068e22deb" "proxy-server 15" 0.0025 "-" 14 -
Oct 5 08:35:56 standalone account-server[115713]: 172.20.0.5 - - [05/Oct/2025:08:35:56 +0000] "HEAD /d1/155/AUTH_dc22b01ce64746cb81d13d29f80d2718" 404 - "HEAD http://swift-internal.openstack.svc:8080/v1/AUTH_dc22b01ce64746cb81d13d29f80d2718?format=json" "tx2b212fd57046449d96c70-0068e22dec" "proxy-server 13" 0.0005 "-" 17 -
Oct 5 08:35:56 standalone account-server[115709]: 172.20.0.5 - - [05/Oct/2025:08:35:56 +0000] "HEAD /d1/155/AUTH_dc22b01ce64746cb81d13d29f80d2718" 404 - "HEAD http://swift-internal.openstack.svc:8080/v1/AUTH_dc22b01ce64746cb81d13d29f80d2718?format=json" "tx2b212fd57046449d96c70-0068e22dec" "proxy-server 13" 0.0005 "-" 16 -
Oct 5 08:35:56 standalone account-server[115686]: 172.20.0.5 - - [05/Oct/2025:08:35:56 +0000] "GET /d1/163/AUTH_5d4dcbe2290f4978a912ae1b83e6b4e6" 404 - "GET http://swift-internal.openstack.svc:8080/v1/AUTH_5d4dcbe2290f4978a912ae1b83e6b4e6?format=json" "txeca557ebe66b4ceaa62a6-0068e22dec" "proxy-server 10" 0.0005 "-" 14 -
Oct 5 08:35:56 standalone account-server[115709]: 172.20.0.5 - - [05/Oct/2025:08:35:56 +0000] "GET /d1/146/AUTH_63f3ab7881284ca5b1508d17b01dfa29" 404 - "GET http://swift-internal.openstack.svc:8080/v1/AUTH_63f3ab7881284ca5b1508d17b01dfa29?format=json" "tx53b396dd19844ec2b54b2-0068e22dec" "proxy-server 10" 0.0005 "-" 16 -
Oct 5 08:35:56 standalone account-server[115709]: 172.20.0.5 - - [05/Oct/2025:08:35:56 +0000] "GET /d1/394/AUTH_95ad2ed9c50741aeae79dbb8e879b4ee" 200 98 "GET http://swift-internal.openstack.svc:8080/v1/AUTH_95ad2ed9c50741aeae79dbb8e879b4ee?format=json" "txbb8a486acf4f460586801-0068e22dec" "proxy-server 10" 0.0026 "-" 16 -
Oct 5 08:35:56 standalone account-server[115699]: 172.20.0.5 - - [05/Oct/2025:08:35:56 +0000] "GET /d1/155/AUTH_dc22b01ce64746cb81d13d29f80d2718" 404 - "GET http://swift-internal.openstack.svc:8080/v1/AUTH_dc22b01ce64746cb81d13d29f80d2718?format=json" "tx406e934378e2487880a5c-0068e22dec" "proxy-server 10" 0.0006 "-" 15 -
Oct 5 08:37:01 standalone account-server[115709]: 172.20.0.100 - - [05/Oct/2025:08:37:01 +0000] "HEAD /d1/26/.expiring_objects" 404 - "HEAD http://localhost/v1/.expiring_objects?format=json" "tx9e3de06544c24099abf91-0068e22e2d" "proxy-server 2" 0.0009 "-" 16 -
Oct 5 08:37:01 standalone object-expirer[115838]: Pass completed in 0s; 0 objects expired (txn: tx9e3de06544c24099abf91-0068e22e2d)
Oct 5 08:37:50 standalone object-server[115849]: Begin object update sweep
Oct 5 08:37:51 standalone object-server[306291]: Object update sweep starting on /srv/node/d1 (pid: 20)
Oct 5 08:37:51 standalone object-server[306291]: Object update sweep completed on /srv/node/d1 in 0.00s seconds:, 0 successes, 0 failures, 0 quarantines, 0 unlinks, 0 errors, 0 redirects (pid: 20)
Oct 5 08:37:51 standalone object-server[306291]: Object update sweep of d1 completed: 0.00s, 0 successes, 0 failures, 0 quarantines, 0 unlinks, 0 errors, 0 redirects
Oct 5 08:37:51 standalone object-server[115849]: Object update sweep completed: 0.09s
Oct 5 08:38:21 standalone container-server[115594]: Begin container update sweep
Oct 5 08:38:21 standalone container-server[115594]: Container update sweep completed: 0.08s
Oct 5 08:39:38 standalone account-server[115709]: 172.20.0.100 - - [05/Oct/2025:08:39:38 +0000] "HEAD /d1/26/.expiring_objects" 404 - "HEAD http://localhost/v1/.expiring_objects?format=json" "txac0e1a540eb1492bb4d4b-0068e22eca" "proxy-server 2" 0.0005 "-" 16 -
Oct 5 08:39:38 standalone object-expirer[115838]: Pass completed in 0s; 0 objects expired (txn: txac0e1a540eb1492bb4d4b-0068e22eca)
Oct 5 08:40:07 standalone account-server[115699]: 172.20.0.100 - - [05/Oct/2025:08:40:07 +0000] "HEAD /d1/26/.expiring_objects" 404 - "HEAD http://localhost/v1/.expiring_objects?format=json" "tx9851290b0ca14b8eaaf82-0068e22ee7" "proxy-server 2" 0.0005 "-" 15 -
Oct 5 08:40:07 standalone object-expirer[115838]: Pass completed in 0s; 0 objects expired (txn: tx9851290b0ca14b8eaaf82-0068e22ee7)
Oct 5 08:40:54 standalone proxy-server[117200]: SIGTERM received (2)
Oct 5 08:40:54 standalone proxy-server[117200]: Exited (2)
Oct 5 08:40:55 standalone account-server[115713]: 172.20.0.5 - - [05/Oct/2025:08:40:55 +0000] "HEAD /d1/163/AUTH_5d4dcbe2290f4978a912ae1b83e6b4e6" 404 - "HEAD http://swift-internal.openstack.svc:8080/v1/AUTH_5d4dcbe2290f4978a912ae1b83e6b4e6?format=json" "txc5b499457f7b4b6e9f62b-0068e22f17" "proxy-server 14" 0.0011 "-" 17 -
Oct 5 08:40:56 standalone account-server[115709]: 172.20.0.5 - - [05/Oct/2025:08:40:56 +0000] "GET /d1/163/AUTH_5d4dcbe2290f4978a912ae1b83e6b4e6" 404 - "GET http://swift-internal.openstack.svc:8080/v1/AUTH_5d4dcbe2290f4978a912ae1b83e6b4e6?format=json" "txc5b499457f7b4b6e9f62b-0068e22f17" "proxy-server 14" 0.0007 "-" 16 -
Oct 5 08:40:56 standalone account-server[115686]: 172.20.0.5 - - [05/Oct/2025:08:40:56 +0000] "HEAD /d1/146/AUTH_63f3ab7881284ca5b1508d17b01dfa29" 404 - "HEAD http://swift-internal.openstack.svc:8080/v1/AUTH_63f3ab7881284ca5b1508d17b01dfa29?format=json" "tx395feb354ff644ae9a90b-0068e22f18" "proxy-server 14" 0.0005 "-" 14 -
