Oct 5 09:30:55 standalone account-server[115686]: 172.20.0.5 - - [05/Oct/2025:09:30:55 +0000] "HEAD /d1/155/AUTH_dc22b01ce64746cb81d13d29f80d2718" 404 - "HEAD http://swift-internal.openstack.svc:8080/v1/AUTH_dc22b01ce64746cb81d13d29f80d2718?format=json" "tx5f6325efcfeb4f08b2b9b-0068e23acf" "proxy-server 5" 0.0004 "-" 14 -
Oct 5 09:30:56 standalone account-server[115686]: 172.20.0.5 - - [05/Oct/2025:09:30:56 +0000] "GET /d1/163/AUTH_5d4dcbe2290f4978a912ae1b83e6b4e6" 404 - "GET http://swift-internal.openstack.svc:8080/v1/AUTH_5d4dcbe2290f4978a912ae1b83e6b4e6?format=json" "txa965fa14eee8472c9fd3f-0068e23ad0" "proxy-server 7" 0.0006 "-" 14 -
Oct 5 09:30:56 standalone account-server[115709]: 172.20.0.5 - - [05/Oct/2025:09:30:56 +0000] "GET /d1/146/AUTH_63f3ab7881284ca5b1508d17b01dfa29" 404 - "GET http://swift-internal.openstack.svc:8080/v1/AUTH_63f3ab7881284ca5b1508d17b01dfa29?format=json" "tx65e81668487e4ad19426d-0068e23ad0" "proxy-server 12" 0.0005 "-" 16 -
Oct 5 09:30:56 standalone account-server[115699]: 172.20.0.5 - - [05/Oct/2025:09:30:56 +0000] "GET /d1/394/AUTH_95ad2ed9c50741aeae79dbb8e879b4ee" 200 98 "GET http://swift-internal.openstack.svc:8080/v1/AUTH_95ad2ed9c50741aeae79dbb8e879b4ee?format=json" "txc0a845e454b44c968874e-0068e23ad0" "proxy-server 5" 0.0030 "-" 15 -
Oct 5 09:30:56 standalone account-server[115699]: 172.20.0.5 - - [05/Oct/2025:09:30:56 +0000] "GET /d1/155/AUTH_dc22b01ce64746cb81d13d29f80d2718" 404 - "GET http://swift-internal.openstack.svc:8080/v1/AUTH_dc22b01ce64746cb81d13d29f80d2718?format=json" "txc31d336afc0b4454b6196-0068e23ad0" "proxy-server 6" 0.0007 "-" 15 -
Oct 5 09:32:29 standalone account-server[115686]: 172.20.0.100 - - [05/Oct/2025:09:32:29 +0000] "HEAD /d1/26/.expiring_objects" 404 - "HEAD http://localhost/v1/.expiring_objects?format=json" "tx0fef9de6ce08410185097-0068e23b2d" "proxy-server 2" 0.0011 "-" 14 -
Oct 5 09:32:29 standalone object-expirer[115838]: Pass completed in 0s; 0 objects expired (txn: tx0fef9de6ce08410185097-0068e23b2d)
Oct 5 09:32:52 standalone object-server[115849]: Begin object update sweep
Oct 5 09:32:52 standalone object-server[515966]: Object update sweep starting on /srv/node/d1 (pid: 31)
Oct 5 09:32:52 standalone object-server[515966]: Object update sweep completed on /srv/node/d1 in 0.00s seconds:, 0 successes, 0 failures, 0 quarantines, 0 unlinks, 0 errors, 0 redirects (pid: 31)
Oct 5 09:32:52 standalone object-server[515966]: Object update sweep of d1 completed: 0.00s, 0 successes, 0 failures, 0 quarantines, 0 unlinks, 0 errors, 0 redirects
Oct 5 09:32:52 standalone object-server[115849]: Object update sweep completed: 0.09s
Oct 5 09:33:22 standalone container-server[115594]: Begin container update sweep
Oct 5 09:33:22 standalone container-server[115594]: Container update sweep completed: 0.09s
Oct 5 09:35:40 standalone account-server[115713]: 172.20.0.5 - - [05/Oct/2025:09:35:40 +0000] "HEAD /d1/394/AUTH_95ad2ed9c50741aeae79dbb8e879b4ee" 204 - "HEAD http://swift-internal.openstack.svc:8080/v1/AUTH_95ad2ed9c50741aeae79dbb8e879b4ee?format=json" "tx84f68b9b0a3e4124a7fc9-0068e23bec" "proxy-server 5" 0.0034 "-" 17 -
Oct 5 09:35:40 standalone container-server[115818]: 172.20.0.5 - - [05/Oct/2025:09:35:40 +0000] "HEAD /d1/367/AUTH_95ad2ed9c50741aeae79dbb8e879b4ee/glance" 204 - "HEAD http://swift-internal.openstack.svc:8080/v1/AUTH_95ad2ed9c50741aeae79dbb8e879b4ee/glance?format=json&states=listing" "tx84f68b9b0a3e4124a7fc9-0068e23bec" "proxy-server 5" 0.0037 "-" 22 0
Oct 5 09:35:40 standalone container-server[115814]: 172.20.0.100 - - [05/Oct/2025:09:35:40 +0000] "PUT /d1/367/AUTH_95ad2ed9c50741aeae79dbb8e879b4ee/glance/c56b0826-3637-4cd9-be62-a026b14d0a8e-00001" 201 - "PUT http://swift-internal.openstack.svc:8080/d1/665/AUTH_95ad2ed9c50741aeae79dbb8e879b4ee/glance/c56b0826-3637-4cd9-be62-a026b14d0a8e-00001" "txc2f9ba43d6a743e4b6352-0068e23bec" "object-server 23" 0.0010 "-" 21 0
Oct 5 09:35:40 standalone object-server[115998]: 172.20.0.5 - - [05/Oct/2025:09:35:40 +0000] "PUT /d1/665/AUTH_95ad2ed9c50741aeae79dbb8e879b4ee/glance/c56b0826-3637-4cd9-be62-a026b14d0a8e-00001" 201 - "PUT http://swift-internal.openstack.svc:8080/v1/AUTH_95ad2ed9c50741aeae79dbb8e879b4ee/glance/c56b0826-3637-4cd9-be62-a026b14d0a8e-00001" "txc2f9ba43d6a743e4b6352-0068e23bec" "proxy-server 5" 0.3259 "-" 23 0
Oct 5 09:35:40 standalone container-server[115818]: 172.20.0.100 - - [05/Oct/2025:09:35:40 +0000] "PUT /d1/367/AUTH_95ad2ed9c50741aeae79dbb8e879b4ee/glance/c56b0826-3637-4cd9-be62-a026b14d0a8e" 201 - "PUT http://swift-internal.openstack.svc:8080/d1/480/AUTH_95ad2ed9c50741aeae79dbb8e879b4ee/glance/c56b0826-3637-4cd9-be62-a026b14d0a8e" "txb975492ea7054c8984923-0068e23bec" "object-server 25" 0.0010 "-" 22 0
Oct 5 09:35:40 standalone object-server[116001]: 172.20.0.5 - - [05/Oct/2025:09:35:40 +0000] "PUT /d1/480/AUTH_95ad2ed9c50741aeae79dbb8e879b4ee/glance/c56b0826-3637-4cd9-be62-a026b14d0a8e" 201 - "PUT http://swift-internal.openstack.svc:8080/v1/AUTH_95ad2ed9c50741aeae79dbb8e879b4ee/glance/c56b0826-3637-4cd9-be62-a026b14d0a8e" "txb975492ea7054c8984923-0068e23bec" "proxy-server 5" 0.0149 "-" 25 0
Oct 5 09:35:41 standalone container-server[115813]: 172.20.0.5 - - [05/Oct/2025:09:35:41 +0000] "HEAD /d1/367/AUTH_95ad2ed9c50741aeae79dbb8e879b4ee/glance" 204 - "HEAD http://swift-internal.openstack.svc:8080/v1/AUTH_95ad2ed9c50741aeae79dbb8e879b4ee/glance?format=json&states=listing" "txbf310b7ac18f461590b26-0068e23bed" "proxy-server 14" 0.0072 "-" 20 0
Oct 5 09:35:41 standalone container-server[115819]: 172.20.0.100 - - [05/Oct/2025:09:35:41 +0000] "PUT /d1/367/AUTH_95ad2ed9c50741aeae79dbb8e879b4ee/glance/25f2ccc0-fbda-46ec-8616-723d8295cd1c-00001" 201 - "PUT http://swift-internal.openstack.svc:8080/d1/906/AUTH_95ad2ed9c50741aeae79dbb8e879b4ee/glance/25f2ccc0-fbda-46ec-8616-723d8295cd1c-00001" "txa45cc264cdeb4e9484491-0068e23bed" "object-server 23" 0.0010 "-" 23 0
Oct 5 09:35:41 standalone object-server[115998]: 172.20.0.5 - - [05/Oct/2025:09:35:41 +0000] "PUT /d1/906/AUTH_95ad2ed9c50741aeae79dbb8e879b4ee/glance/25f2ccc0-fbda-46ec-8616-723d8295cd1c-00001" 201 - "PUT http://swift-internal.openstack.svc:8080/v1/AUTH_95ad2ed9c50741aeae79dbb8e879b4ee/glance/25f2ccc0-fbda-46ec-8616-723d8295cd1c-00001" "txa45cc264cdeb4e9484491-0068e23bed" "proxy-server 14" 0.2531 "-" 23 0
Oct 5 09:35:41 standalone container-server[115814]: 172.20.0.100 - - [05/Oct/2025:09:35:41 +0000] "PUT /d1/367/AUTH_95ad2ed9c50741aeae79dbb8e879b4ee/glance/25f2ccc0-fbda-46ec-8616-723d8295cd1c" 201 - "PUT http://swift-internal.openstack.svc:8080/d1/45/AUTH_95ad2ed9c50741aeae79dbb8e879b4ee/glance/25f2ccc0-fbda-46ec-8616-723d8295cd1c" "tx8c410cde5747473995ddb-0068e23bed" "object-server 23" 0.0009 "-" 21 0
Oct 5 09:35:41 standalone object-server[115998]: 172.20.0.5 - - [05/Oct/2025:09:35:41 +0000] "PUT /d1/45/AUTH_95ad2ed9c50741aeae79dbb8e879b4ee/glance/25f2ccc0-fbda-46ec-8616-723d8295cd1c" 201 - "PUT http://swift-internal.openstack.svc:8080/v1/AUTH_95ad2ed9c50741aeae79dbb8e879b4ee/glance/25f2ccc0-fbda-46ec-8616-723d8295cd1c" "tx8c410cde5747473995ddb-0068e23bed" "proxy-server 14" 0.0128 "-" 23 0
Oct 5 09:35:51 standalone account-server[115699]: 172.20.0.100 - - [05/Oct/2025:09:35:51 +0000] "HEAD /d1/26/.expiring_objects" 404 - "HEAD http://localhost/v1/.expiring_objects?format=json" "tx9708579e307944e4a0b7c-0068e23bf7" "proxy-server 2" 0.0005 "-" 15 -
Oct 5 09:35:51 standalone object-expirer[115838]: Pass completed in 0s; 0 objects expired (txn: tx9708579e307944e4a0b7c-0068e23bf7)
Oct 5 09:35:57 standalone account-server[115709]: 172.20.0.5 - - [05/Oct/2025:09:35:57 +0000] "HEAD /d1/163/AUTH_5d4dcbe2290f4978a912ae1b83e6b4e6" 404 - "HEAD http://swift-internal.openstack.svc:8080/v1/AUTH_5d4dcbe2290f4978a912ae1b83e6b4e6?format=json" "tx16168dccdbf84274a2832-0068e23bfd" "proxy-server 11" 0.0007 "-" 16 -
Oct 5 09:35:57 standalone account-server[115686]: 172.20.0.5 - - [05/Oct/2025:09:35:57 +0000] "HEAD /d1/163/AUTH_5d4dcbe2290f4978a912ae1b83e6b4e6" 404 - "HEAD http://swift-internal.openstack.svc:8080/v1/AUTH_5d4dcbe2290f4978a912ae1b83e6b4e6?format=json" "tx16168dccdbf84274a2832-0068e23bfd" "proxy-server 11" 0.0006 "-" 14 -
Oct 5 09:35:57 standalone account-server[115699]: 172.20.0.5 - - [05/Oct/2025:09:35:57 +0000] "HEAD /d1/146/AUTH_63f3ab7881284ca5b1508d17b01dfa29" 404 - "HEAD http://swift-internal.openstack.svc:8080/v1/AUTH_63f3ab7881284ca5b1508d17b01dfa29?format=json" "txde21e8e9a4f348a6b22c6-0068e23bfd" "proxy-server 11" 0.0005 "-" 15 -
Oct 5 09:35:57 standalone account-server[115713]: 172.20.0.5 - - [05/Oct/2025:09:35:57 +0000] "HEAD /d1/146/AUTH_63f3ab7881284ca5b1508d17b01dfa29" 404 - "HEAD http://swift-internal.openstack.svc:8080/v1/AUTH_63f3ab7881284ca5b1508d17b01dfa29?format=json" "txde21e8e9a4f348a6b22c6-0068e23bfd" "proxy-server 11" 0.0006 "-" 17 -
Oct 5 09:35:57 standalone account-server[115713]: 172.20.0.5 - - [05/Oct/2025:09:35:57 +0000] "HEAD /d1/394/AUTH_95ad2ed9c50741aeae79dbb8e879b4ee" 204 - "HEAD http://swift-internal.openstack.svc:8080/v1/AUTH_95ad2ed9c50741aeae79dbb8e879b4ee?format=json" "txc749db955b984875a6892-0068e23bfd" "proxy-server 11" 0.0023 "-" 17 -
Oct 5 09:35:57 standalone account-server[115709]: 172.20.0.5 - - [05/Oct/2025:09:35:57 +0000] "HEAD /d1/155/AUTH_dc22b01ce64746cb81d13d29f80d2718" 404 - "HEAD http://swift-internal.openstack.svc:8080/v1/AUTH_dc22b01ce64746cb81d13d29f80d2718?format=json" "tx9ce6b052a3c4467cb5e45-0068e23bfd" "proxy-server 11" 0.0007 "-" 16 -
Oct 5 09:35:57 standalone account-server[115709]: 172.20.0.5 - - [05/Oct/2025:09:35:57 +0000] "HEAD /d1/155/AUTH_dc22b01ce64746cb81d13d29f80d2718" 404 - "HEAD http://swift-internal.openstack.svc:8080/v1/AUTH_dc22b01ce64746cb81d13d29f80d2718?format=json" "tx9ce6b052a3c4467cb5e45-0068e23bfd" "proxy-server 11" 0.0003 "-" 16 -
Oct 5 09:35:57 standalone account-server[115686]: 172.20.0.5 - - [05/Oct/2025:09:35:57 +0000] "GET /d1/163/AUTH_5d4dcbe2290f4978a912ae1b83e6b4e6" 404 - "GET http://swift-internal.openstack.svc:8080/v1/AUTH_5d4dcbe2290f4978a912ae1b83e6b4e6?format=json" "tx810247b5f6f5469b9bbff-0068e23bfd" "proxy-server 11" 0.0006 "-" 14 -
Oct 5 09:35:57 standalone account-server[115686]: 172.20.0.5 - - [05/Oct/2025:09:35:57 +0000] "GET /d1/146/AUTH_63f3ab7881284ca5b1508d17b01dfa29" 404 - "GET http://swift-internal.openstack.svc:8080/v1/AUTH_63f3ab7881284ca5b1508d17b01dfa29?format=json" "tx6a58e64c45a74611aa6b0-0068e23bfd" "proxy-server 11" 0.0003 "-" 14 -
Oct 5 09:35:58 standalone account-server[115709]: 172.20.0.5 - - [05/Oct/2025:09:35:58 +0000] "GET /d1/394/AUTH_95ad2ed9c50741aeae79dbb8e879b4ee" 200 98 "GET http://swift-internal.openstack.svc:8080/v1/AUTH_95ad2ed9c50741aeae79dbb8e879b4ee?format=json" "txd1a0f8eb9c434a2d881e7-0068e23bfe" "proxy-server 10" 0.0031 "-" 16 -
Oct 5 09:35:58 standalone account-server[115709]: 172.20.0.5 - - [05/Oct/2025:09:35:58 +0000] "GET /d1/155/AUTH_dc22b01ce64746cb81d13d29f80d2718" 404 - "GET http://swift-internal.openstack.svc:8080/v1/AUTH_dc22b01ce64746cb81d13d29f80d2718?format=json" "tx3025433a3a83434685b5b-0068e23bfe" "proxy-server 11" 0.0007 "-" 16 -
Oct 5 09:37:00 standalone account-server[115713]: 172.20.0.5 - - [05/Oct/2025:09:37:00 +0000] "HEAD /d1/394/AUTH_95ad2ed9c50741aeae79dbb8e879b4ee" 204 - "HEAD http://swift-internal.openstack.svc:8080/v1/AUTH_95ad2ed9c50741aeae79dbb8e879b4ee?format=json" "tx405a0662420b4a63a30dc-0068e23c3c" "proxy-server 12" 0.0032 "-" 17 -
Oct 5 09:37:00 standalone container-server[115818]: 172.20.0.5 - - [05/Oct/2025:09:37:00 +0000] "HEAD /d1/367/AUTH_95ad2ed9c50741aeae79dbb8e879b4ee/glance" 204 - "HEAD http://swift-internal.openstack.svc:8080/v1/AUTH_95ad2ed9c50741aeae79dbb8e879b4ee/glance?format=json&states=listing" "tx405a0662420b4a63a30dc-0068e23c3c" "proxy-server 12" 0.0195 "-" 22 0
Oct 5 09:37:00 standalone container-server[115813]: 172.20.0.100 - - [05/Oct/2025:09:37:00 +0000] "PUT /d1/367/AUTH_95ad2ed9c50741aeae79dbb8e879b4ee/glance/b5da4206-048e-4df5-9584-5e7f1424ba93-00001" 201 - "PUT http://swift-internal.openstack.svc:8080/d1/157/AUTH_95ad2ed9c50741aeae79dbb8e879b4ee/glance/b5da4206-048e-4df5-9584-5e7f1424ba93-00001" "tx6c49c6174d794172bd2bd-0068e23c3c" "object-server 23" 0.0011 "-" 20 0
Oct 5 09:37:00 standalone object-server[115998]: 172.20.0.5 - - [05/Oct/2025:09:37:00 +0000] "PUT /d1/157/AUTH_95ad2ed9c50741aeae79dbb8e879b4ee/glance/b5da4206-048e-4df5-9584-5e7f1424ba93-00001" 201 - "PUT http://swift-internal.openstack.svc:8080/v1/AUTH_95ad2ed9c50741aeae79dbb8e879b4ee/glance/b5da4206-048e-4df5-9584-5e7f1424ba93-00001" "tx6c49c6174d794172bd2bd-0068e23c3c" "proxy-server 12" 0.0301 "-" 23 0
Oct 5 09:37:00 standalone container-server[115818]: 172.20.0.100 - - [05/Oct/2025:09:37:00 +0000] "PUT /d1/367/AUTH_95ad2ed9c50741aeae79dbb8e879b4ee/glance/b5da4206-048e-4df5-9584-5e7f1424ba93" 201 - "PUT http://swift-internal.openstack.svc:8080/d1/1004/AUTH_95ad2ed9c50741aeae79dbb8e879b4ee/glance/b5da4206-048e-4df5-9584-5e7f1424ba93" "txa80e767e71264d77a16be-0068e23c3c" "object-server 25" 0.0010 "-" 22 0
Oct 5 09:37:00 standalone object-server[116001]: 172.20.0.5 - - [05/Oct/2025:09:37:00 +0000] "PUT /d1/1004/AUTH_95ad2ed9c50741aeae79dbb8e879b4ee/glance/b5da4206-048e-4df5-9584-5e7f1424ba93" 201 - "PUT http://swift-internal.openstack.svc:8080/v1/AUTH_95ad2ed9c50741aeae79dbb8e879b4ee/glance/b5da4206-048e-4df5-9584-5e7f1424ba93" "txa80e767e71264d77a16be-0068e23c3c" "proxy-server 12" 0.0131 "-" 25 0
Oct 5 09:37:42 standalone object-server[116001]: 172.20.0.5 - - [05/Oct/2025:09:37:42 +0000] "HEAD /d1/1004/AUTH_95ad2ed9c50741aeae79dbb8e879b4ee/glance/b5da4206-048e-4df5-9584-5e7f1424ba93" 200 - "HEAD http://swift-internal.openstack.svc:8080/v1/AUTH_95ad2ed9c50741aeae79dbb8e879b4ee/glance/b5da4206-048e-4df5-9584-5e7f1424ba93" "txe1548fc979894faa8faa6-0068e23c66" "proxy-server 13" 0.0020 "-" 25 0
Oct 5 09:37:42 standalone container-server[115814]: 172.20.0.5 - - [05/Oct/2025:09:37:42 +0000] "GET /d1/367/AUTH_95ad2ed9c50741aeae79dbb8e879b4ee/glance" 200 206 "GET http://swift-internal.openstack.svc:8080/v1/AUTH_95ad2ed9c50741aeae79dbb8e879b4ee/glance?prefix=b5da4206-048e-4df5-9584-5e7f1424ba93-&format=json&states=listing" "txe1548fc979894faa8faa6-0068e23c66" "proxy-server 13" 0.0100 "-" 21 0
Oct 5 09:37:42 standalone container-server[115813]: 172.20.0.5 - - [05/Oct/2025:09:37:42 +0000] "GET /d1/367/AUTH_95ad2ed9c50741aeae79dbb8e879b4ee/glance" 200 206 "GET http://swift-internal.openstack.svc:8080/v1/AUTH_95ad2ed9c50741aeae79dbb8e879b4ee/glance?format=json&prefix=b5da4206-048e-4df5-9584-5e7f1424ba93-&states=listing" "txe1d1bdf3dd9049718ae06-0068e23c66" "proxy-server 13" 0.0043 "-" 20 0
Oct 5 09:37:42 standalone container-server[115819]: 172.20.0.100 - - [05/Oct/2025:09:37:42 +0000] "DELETE /d1/367/AUTH_95ad2ed9c50741aeae79dbb8e879b4ee/glance/b5da4206-048e-4df5-9584-5e7f1424ba93-00001" 204 - "DELETE http://swift-internal.openstack.svc:8080/d1/157/AUTH_95ad2ed9c50741aeae79dbb8e879b4ee/glance/b5da4206-048e-4df5-9584-5e7f1424ba93-00001" "tx3e35e76531bc4703b6223-0068e23c66" "object-server 24" 0.0009 "-" 23 0
Oct 5 09:37:42 standalone object-server[115999]: 172.20.0.5 - - [05/Oct/2025:09:37:42 +0000] "DELETE /d1/157/AUTH_95ad2ed9c50741aeae79dbb8e879b4ee/glance/b5da4206-048e-4df5-9584-5e7f1424ba93-00001" 204 - "DELETE http://swift-internal.openstack.svc:8080/v1/AUTH_95ad2ed9c50741aeae79dbb8e879b4ee/glance/b5da4206-048e-4df5-9584-5e7f1424ba93-00001" "tx3e35e76531bc4703b6223-0068e23c66" "proxy-server 13" 0.0209 "-" 24 0
Oct 5 09:37:42 standalone container-server[115819]: 172.20.0.100 - - [05/Oct/2025:09:37:42 +0000] "DELETE /d1/367/AUTH_95ad2ed9c50741aeae79dbb8e879b4ee/glance/b5da4206-048e-4df5-9584-5e7f1424ba93" 204 - "DELETE http://swift-internal.openstack.svc:8080/d1/1004/AUTH_95ad2ed9c50741aeae79dbb8e879b4ee/glance/b5da4206-048e-4df5-9584-5e7f1424ba93" "tx558c6d69d5f94c7eb8341-0068e23c66" "object-server 25" 0.0009 "-" 23 0
Oct 5 09:37:42 standalone object-server[116001]: 172.20.0.5 - - [05/Oct/2025:09:37:42 +0000] "DELETE /d1/1004/AUTH_95ad2ed9c50741aeae79dbb8e879b4ee/glance/b5da4206-048e-4df5-9584-5e7f1424ba93" 204 - "DELETE http://swift-internal.openstack.svc:8080/v1/AUTH_95ad2ed9c50741aeae79dbb8e879b4ee/glance/b5da4206-048e-4df5-9584-5e7f1424ba93" "tx558c6d69d5f94c7eb8341-0068e23c66" "proxy-server 13" 0.0111 "-" 25 0
Oct 5 09:37:44 standalone object-server[115997]: 172.20.0.5 - - [05/Oct/2025:09:37:44 +0000] "GET /d1/480/AUTH_95ad2ed9c50741aeae79dbb8e879b4ee/glance/c56b0826-3637-4cd9-be62-a026b14d0a8e" 200 - "GET http://swift-internal.openstack.svc:8080/v1/AUTH_95ad2ed9c50741aeae79dbb8e879b4ee/glance/c56b0826-3637-4cd9-be62-a026b14d0a8e" "tx97a8af27b9bc4471ae9d5-0068e23c68" "proxy-server 7" 0.0023 "-" 22 0
Oct 5 09:37:44 standalone container-server[115819]: 172.20.0.5 - - [05/Oct/2025:09:37:44 +0000] "GET /d1/367/AUTH_95ad2ed9c50741aeae79dbb8e879b4ee/glance" 200 210 "GET http://swift-internal.openstack.svc:8080/v1/AUTH_95ad2ed9c50741aeae79dbb8e879b4ee/glance?prefix=c56b0826-3637-4cd9-be62-a026b14d0a8e-&format=json&states=listing" "tx97a8af27b9bc4471ae9d5-0068e23c68" "proxy-server 7" 0.0217 "-" 23 0
Oct 5 09:37:44 standalone object-server[115998]: 172.20.0.5 - - [05/Oct/2025:09:37:44 +0000] "GET /d1/665/AUTH_95ad2ed9c50741aeae79dbb8e879b4ee/glance/c56b0826-3637-4cd9-be62-a026b14d0a8e-00001" 200 21430272 "GET http://swift-internal.openstack.svc:8080/v1/AUTH_95ad2ed9c50741aeae79dbb8e879b4ee/glance/c56b0826-3637-4cd9-be62-a026b14d0a8e-00001?multipart-manifest=get" "tx97a8af27b9bc4471ae9d5-0068e23c68" "proxy-server 7" 0.0014 "-" 23 0
Oct 5 09:37:51 standalone container-server[115813]: 172.20.0.5 - - [05/Oct/2025:09:37:51 +0000] "HEAD /d1/367/AUTH_95ad2ed9c50741aeae79dbb8e879b4ee/glance" 204 - "HEAD http://swift-internal.openstack.svc:8080/v1/AUTH_95ad2ed9c50741aeae79dbb8e879b4ee/glance?format=json&states=listing" "tx97e5967330434e84a7b69-0068e23c6e" "proxy-server 10" 0.0028 "-" 20 0
Oct 5 09:37:51 standalone container-server[115819]: 172.20.0.100 - - [05/Oct/2025:09:37:51 +0000] "PUT /d1/367/AUTH_95ad2ed9c50741aeae79dbb8e879b4ee/glance/8c60c363-d2d4-4cd0-a3a1-483ef0aca3bf-00001" 201 - "PUT http://swift-internal.openstack.svc:8080/d1/991/AUTH_95ad2ed9c50741aeae79dbb8e879b4ee/glance/8c60c363-d2d4-4cd0-a3a1-483ef0aca3bf-00001" "tx25950b0c9cfb413ab9aac-0068e23c6f" "object-server 23" 0.0010 "-" 23 0
Oct 5 09:37:51 standalone object-server[115998]: 172.20.0.5 - - [05/Oct/2025:09:37:51 +0000] "PUT /d1/991/AUTH_95ad2ed9c50741aeae79dbb8e879b4ee/glance/8c60c363-d2d4-4cd0-a3a1-483ef0aca3bf-00001" 201 - "PUT http://swift-internal.openstack.svc:8080/v1/AUTH_95ad2ed9c50741aeae79dbb8e879b4ee/glance/8c60c363-d2d4-4cd0-a3a1-483ef0aca3bf-00001" "tx25950b0c9cfb413ab9aac-0068e23c6f" "proxy-server 10" 0.0135 "-" 23 0
Oct 5 09:37:51 standalone container-server[115818]: 172.20.0.100 - - [05/Oct/2025:09:37:51 +0000] "PUT /d1/367/AUTH_95ad2ed9c50741aeae79dbb8e879b4ee/glance/8c60c363-d2d4-4cd0-a3a1-483ef0aca3bf" 201 - "PUT http://swift-internal.openstack.svc:8080/d1/611/AUTH_95ad2ed9c50741aeae79dbb8e879b4ee/glance/8c60c363-d2d4-4cd0-a3a1-483ef0aca3bf" "txf21b27a13985458587bd1-0068e23c6f" "object-server 25" 0.0007 "-" 22 0
Oct 5 09:37:51 standalone object-server[116001]: 172.20.0.5 - - [05/Oct/2025:09:37:51 +0000] "PUT /d1/611/AUTH_95ad2ed9c50741aeae79dbb8e879b4ee/glance/8c60c363-d2d4-4cd0-a3a1-483ef0aca3bf" 201 - "PUT http://swift-internal.openstack.svc:8080/v1/AUTH_95ad2ed9c50741aeae79dbb8e879b4ee/glance/8c60c363-d2d4-4cd0-a3a1-483ef0aca3bf" "txf21b27a13985458587bd1-0068e23c6f" "proxy-server 10" 0.0108 "-" 25 0
Oct 5 09:37:52 standalone object-server[115849]: Begin object update sweep
Oct 5 09:37:52 standalone object-server[520353]: Object update sweep starting on /srv/node/d1 (pid: 32)
Oct 5 09:37:52 standalone object-server[520353]: Object update sweep completed on /srv/node/d1 in 0.00s seconds:, 0 successes, 0 failures, 0 quarantines, 0 unlinks, 0 errors, 0 redirects (pid: 32)
Oct 5 09:37:52 standalone object-server[520353]: Object update sweep of d1 completed: 0.00s, 0 successes, 0 failures, 0 quarantines, 0 unlinks, 0 errors, 0 redirects
Oct 5 09:37:52 standalone object-server[115849]: Object update sweep completed: 0.08s
Oct 5 09:37:54 standalone object-server[116001]: 172.20.0.5 - - [05/Oct/2025:09:37:54 +0000] "HEAD /d1/611/AUTH_95ad2ed9c50741aeae79dbb8e879b4ee/glance/8c60c363-d2d4-4cd0-a3a1-483ef0aca3bf" 200 - "HEAD http://swift-internal.openstack.svc:8080/v1/AUTH_95ad2ed9c50741aeae79dbb8e879b4ee/glance/8c60c363-d2d4-4cd0-a3a1-483ef0aca3bf" "tx18d91648da454ec18df35-0068e23c72" "proxy-server 12" 0.0021 "-" 25 0
Oct 5 09:37:54 standalone container-server[115818]: 172.20.0.5 - - [05/Oct/2025:09:37:54 +0000] "GET /d1/367/AUTH_95ad2ed9c50741aeae79dbb8e879b4ee/glance" 200 206 "GET http://swift-internal.openstack.svc:8080/v1/AUTH_95ad2ed9c50741aeae79dbb8e879b4ee/glance?prefix=8c60c363-d2d4-4cd0-a3a1-483ef0aca3bf-&format=json&states=listing" "tx18d91648da454ec18df35-0068e23c72" "proxy-server 12" 0.0148 "-" 22 0
Oct 5 09:37:54 standalone container-server[115814]: 172.20.0.5 - - [05/Oct/2025:09:37:54 +0000] "GET /d1/367/AUTH_95ad2ed9c50741aeae79dbb8e879b4ee/glance" 200 206 "GET http://swift-internal.openstack.svc:8080/v1/AUTH_95ad2ed9c50741aeae79dbb8e879b4ee/glance?format=json&prefix=8c60c363-d2d4-4cd0-a3a1-483ef0aca3bf-&states=listing" "txac2ef2e5d2864084b00dc-0068e23c72" "proxy-server 12" 0.0023 "-" 21 0
Oct 5 09:37:54 standalone container-server[115818]: 172.20.0.100 - - [05/Oct/2025:09:37:54 +0000] "DELETE /d1/367/AUTH_95ad2ed9c50741aeae79dbb8e879b4ee/glance/8c60c363-d2d4-4cd0-a3a1-483ef0aca3bf-00001" 204 - "DELETE http://swift-internal.openstack.svc:8080/d1/991/AUTH_95ad2ed9c50741aeae79dbb8e879b4ee/glance/8c60c363-d2d4-4cd0-a3a1-483ef0aca3bf-00001" "tx917febd8bbc1435b90c81-0068e23c72" "object-server 23" 0.0009 "-" 22 0
Oct 5 09:37:54 standalone object-server[115998]: 172.20.0.5 - - [05/Oct/2025:09:37:54 +0000] "DELETE /d1/991/AUTH_95ad2ed9c50741aeae79dbb8e879b4ee/glance/8c60c363-d2d4-4cd0-a3a1-483ef0aca3bf-00001" 204 - "DELETE http://swift-internal.openstack.svc:8080/v1/AUTH_95ad2ed9c50741aeae79dbb8e879b4ee/glance/8c60c363-d2d4-4cd0-a3a1-483ef0aca3bf-00001" "tx917febd8bbc1435b90c81-0068e23c72" "proxy-server 12" 0.0102 "-" 23 0
Oct 5 09:37:54 standalone container-server[115818]: 172.20.0.100 - - [05/Oct/2025:09:37:54 +0000] "DELETE /d1/367/AUTH_95ad2ed9c50741aeae79dbb8e879b4ee/glance/8c60c363-d2d4-4cd0-a3a1-483ef0aca3bf" 204 - "DELETE http://swift-internal.openstack.svc:8080/d1/611/AUTH_95ad2ed9c50741aeae79dbb8e879b4ee/glance/8c60c363-d2d4-4cd0-a3a1-483ef0aca3bf" "tx6f0a8fb5faf34f7a9922f-0068e23c72" "object-server 23" 0.0008 "-" 22 0
Oct 5 09:37:54 standalone object-server[115998]: 172.20.0.5 - - [05/Oct/2025:09:37:54 +0000] "DELETE /d1/611/AUTH_95ad2ed9c50741aeae79dbb8e879b4ee/glance/8c60c363-d2d4-4cd0-a3a1-483ef0aca3bf" 204 - "DELETE http://swift-internal.openstack.svc:8080/v1/AUTH_95ad2ed9c50741aeae79dbb8e879b4ee/glance/8c60c363-d2d4-4cd0-a3a1-483ef0aca3bf" "tx6f0a8fb5faf34f7a9922f-0068e23c72" "proxy-server 12" 0.0115 "-" 23 0
Oct 5 09:38:22 standalone container-server[115594]: Begin container update sweep
Oct 5 09:38:22 standalone account-server[115709]: 172.20.0.100 - - [05/Oct/2025:09:38:22 +0000] "PUT /d1/394/AUTH_95ad2ed9c50741aeae79dbb8e879b4ee/glance" 201 - "-" "-" "container-updater 2" 0.0012 "-" 16 0
Oct 5 09:38:22 standalone container-server[115594]: Container update sweep completed: 0.15s
Oct 5 09:39:24 standalone account-server[115713]: 172.20.0.100 - - [05/Oct/2025:09:39:24 +0000] "HEAD /d1/26/.expiring_objects" 404 - "HEAD http://localhost/v1/.expiring_objects?format=json" "txf7c3ae6293854df8a633d-0068e23ccc" "proxy-server 2" 0.0008 "-" 17 -
Oct 5 09:39:24 standalone object-expirer[115838]: Pass completed in 0s; 0 objects expired (txn: txf7c3ae6293854df8a633d-0068e23ccc)
Oct 5 09:40:56 standalone account-server[115709]: 172.20.0.5 - - [05/Oct/2025:09:40:56 +0000] "HEAD /d1/81/AUTH_2685f6fc3e054a3f9f6ed136492c06c3" 404 - "HEAD http://swift-internal.openstack.svc:8080/v1/AUTH_2685f6fc3e054a3f9f6ed136492c06c3?format=json" "txeec40959f22b443798fe3-0068e23d28" "proxy-server 13" 0.0008 "-" 16 -
Oct 5 09:40:56 standalone account-server[115709]: 172.20.0.5 - - [05/Oct/2025:09:40:56 +0000] "HEAD /d1/81/AUTH_2685f6fc3e054a3f9f6ed136492c06c3" 404 - "HEAD http://swift-internal.openstack.svc:8080/v1/AUTH_2685f6fc3e054a3f9f6ed136492c06c3?format=json" "txeec40959f22b443798fe3-0068e23d28" "proxy-server 13" 0.0003 "-" 16 -
Oct 5 09:40:56 standalone account-server[115709]: 172.20.0.5 - - [05/Oct/2025:09:40:56 +0000] "HEAD /d1/717/AUTH_328bc4964ffa447da4efb0c57f9d60f0" 404 - "HEAD http://swift-internal.openstack.svc:8080/v1/AUTH_328bc4964ffa447da4efb0c57f9d60f0?format=json" "txe291d530b68c4d53a9ba1-0068e23d28" "proxy-server 9" 0.0004 "-" 16 -
Oct 5 09:40:56 standalone account-server[115686]: 172.20.0.5 - - [05/Oct/2025:09:40:56 +0000] "HEAD /d1/717/AUTH_328bc4964ffa447da4efb0c57f9d60f0" 404 - "HEAD http://swift-internal.openstack.svc:8080/v1/AUTH_328bc4964ffa447da4efb0c57f9d60f0?format=json" "txe291d530b68c4d53a9ba1-0068e23d28" "proxy-server 9" 0.0006 "-" 14 -
Oct 5 09:40:56 standalone account-server[115713]: 172.20.0.5 - - [05/Oct/2025:09:40:56 +0000] "HEAD /d1/436/AUTH_422a2955ae1a4c03ac8752bd2dcf0243" 404 - "HEAD http://swift-internal.openstack.svc:8080/v1/AUTH_422a2955ae1a4c03ac8752bd2dcf0243?format=json" "tx9c571910a3624c629a426-0068e23d28" "proxy-server 9" 0.0004 "-" 17 -
Oct 5 09:40:56 standalone account-server[115699]: 172.20.0.5 - - [05/Oct/2025:09:40:56 +0000] "HEAD /d1/436/AUTH_422a2955ae1a4c03ac8752bd2dcf0243" 404 - "HEAD http://swift-internal.openstack.svc:8080/v1/AUTH_422a2955ae1a4c03ac8752bd2dcf0243?format=json" "tx9c571910a3624c629a426-0068e23d28" "proxy-server 9" 0.0007 "-" 15 -
Oct 5 09:40:56 standalone account-server[115713]: 172.20.0.5 - - [05/Oct/2025:09:40:56 +0000] "HEAD /d1/390/AUTH_5d3592208d94404eb9248ea9a8f2219e" 404 - "HEAD http://swift-internal.openstack.svc:8080/v1/AUTH_5d3592208d94404eb9248ea9a8f2219e?format=json" "txda8e873ae0684be4b9d1f-0068e23d28" "proxy-server 12" 0.0004 "-" 17 -
Oct 5 09:40:57 standalone account-server[115709]: 172.20.0.5 - - [05/Oct/2025:09:40:57 +0000] "HEAD /d1/390/AUTH_5d3592208d94404eb9248ea9a8f2219e" 404 - "HEAD http://swift-internal.openstack.svc:8080/v1/AUTH_5d3592208d94404eb9248ea9a8f2219e?format=json" "txda8e873ae0684be4b9d1f-0068e23d28" "proxy-server 12" 0.0006 "-" 16 -
Oct 5 09:40:57 standalone account-server[115699]: 172.20.0.5 - - [05/Oct/2025:09:40:57 +0000] "HEAD /d1/163/AUTH_5d4dcbe2290f4978a912ae1b83e6b4e6" 404 - "HEAD http://swift-internal.openstack.svc:8080/v1/AUTH_5d4dcbe2290f4978a912ae1b83e6b4e6?format=json" "txe41dd98a1bce4c95ad50e-0068e23d29" "proxy-server 12" 0.0005 "-" 15 -
Oct 5 09:40:57 standalone account-server[115709]: 172.20.0.5 - - [05/Oct/2025:09:40:57 +0000] "HEAD /d1/163/AUTH_5d4dcbe2290f4978a912ae1b83e6b4e6" 404 - "HEAD http://swift-internal.openstack.svc:8080/v1/AUTH_5d4dcbe2290f4978a912ae1b83e6b4e6?format=json" "txe41dd98a1bce4c95ad50e-0068e23d29" "proxy-server 12" 0.0003 "-" 16 -
Oct 5 09:40:57 standalone account-server[115699]: 172.20.0.5 - - [05/Oct/2025:09:40:57 +0000] "HEAD /d1/146/AUTH_63f3ab7881284ca5b1508d17b01dfa29" 404 - "HEAD http://swift-internal.openstack.svc:8080/v1/AUTH_63f3ab7881284ca5b1508d17b01dfa29?format=json" "tx187e0c5b8ffc441ca5123-0068e23d29" "proxy-server 12" 0.0004 "-" 15 -
Oct 5 09:40:57 standalone account-server[115686]: 172.20.0.5 - - [05/Oct/2025:09:40:57 +0000] "HEAD /d1/146/AUTH_63f3ab7881284ca5b1508d17b01dfa29" 404 - "HEAD http://swift-internal.openstack.svc:8080/v1/AUTH_63f3ab7881284ca5b1508d17b01dfa29?format=json" "tx187e0c5b8ffc441ca5123-0068e23d29" "proxy-server 12" 0.0005 "-" 14 -
Oct 5 09:40:57 standalone account-server[115686]: 172.20.0.5 - - [05/Oct/2025:09:40:57 +0000] "HEAD /d1/394/AUTH_95ad2ed9c50741aeae79dbb8e879b4ee" 204 - "HEAD http://swift-internal.openstack.svc:8080/v1/AUTH_95ad2ed9c50741aeae79dbb8e879b4ee?format=json" "tx1b38f1a78bcf498c998be-0068e23d29" "proxy-server 12" 0.0099 "-" 14 -
Oct 5 09:40:57 standalone account-server[115699]: 172.20.0.5 - - [05/Oct/2025:09:40:57 +0000] "HEAD /d1/394/AUTH_95ad2ed9c50741aeae79dbb8e879b4ee" 204 - "HEAD http://swift-internal.openstack.svc:8080/v1/AUTH_95ad2ed9c50741aeae79dbb8e879b4ee?format=json" "tx1b38f1a78bcf498c998be-0068e23d29" "proxy-server 12" 0.0024 "-" 15 -
Oct 5 09:40:57 standalone account-server[115699]: 172.20.0.5 - - [05/Oct/2025:09:40:57 +0000] "HEAD /d1/553/AUTH_9c1436d4202b43abae7b4e5b5b21424d" 404 - "HEAD http://swift-internal.openstack.svc:8080/v1/AUTH_9c1436d4202b43abae7b4e5b5b21424d?format=json" "txe133555088624ff99423d-0068e23d29" "proxy-server 12" 0.0005 "-" 15 -
Oct 5 09:40:57 standalone account-server[115699]: 172.20.0.5 - - [05/Oct/2025:09:40:57 +0000] "HEAD /d1/553/AUTH_9c1436d4202b43abae7b4e5b5b21424d" 404 - "HEAD http://swift-internal.openstack.svc:8080/v1/AUTH_9c1436d4202b43abae7b4e5b5b21424d?format=json" "txe133555088624ff99423d-0068e23d29" "proxy-server 12" 0.0004 "-" 15 -
Oct 5 09:40:57 standalone account-server[115709]: 172.20.0.5 - - [05/Oct/2025:09:40:57 +0000] "HEAD /d1/155/AUTH_dc22b01ce64746cb81d13d29f80d2718" 404 - "HEAD http://swift-internal.openstack.svc:8080/v1/AUTH_dc22b01ce64746cb81d13d29f80d2718?format=json" "txcc508949102b4aceb30ad-0068e23d29" "proxy-server 12" 0.0006 "-" 16 -
Oct 5 09:40:57 standalone account-server[115709]: 172.20.0.5 - - [05/Oct/2025:09:40:57 +0000] "HEAD /d1/155/AUTH_dc22b01ce64746cb81d13d29f80d2718" 404 - "HEAD http://swift-internal.openstack.svc:8080/v1/AUTH_dc22b01ce64746cb81d13d29f80d2718?format=json" "txcc508949102b4aceb30ad-0068e23d29" "proxy-server 12" 0.0004 "-" 16 -
Oct 5 09:40:57 standalone account-server[115709]: 172.20.0.5 - - [05/Oct/2025:09:40:57 +0000] "HEAD /d1/197/AUTH_e2d64a0930dc439b8a9d430aff6a4a95" 404 - "HEAD http://swift-internal.openstack.svc:8080/v1/AUTH_e2d64a0930dc439b8a9d430aff6a4a95?format=json" "txa3069bfec311445fb8c77-0068e23d29" "proxy-server 13" 0.0004 "-" 16 -
Oct 5 09:40:57 standalone account-server[115713]: 172.20.0.5 - - [05/Oct/2025:09:40:57 +0000] "HEAD /d1/197/AUTH_e2d64a0930dc439b8a9d430aff6a4a95" 404 - "HEAD http://swift-internal.openstack.svc:8080/v1/AUTH_e2d64a0930dc439b8a9d430aff6a4a95?format=json" "txa3069bfec311445fb8c77-0068e23d29" "proxy-server 13" 0.0006 "-" 17 -
Oct 5 09:40:57 standalone account-server[115699]: 172.20.0.5 - - [05/Oct/2025:09:40:57 +0000] "HEAD /d1/963/AUTH_f82cfba08c8249c1b1addddad8e3d278" 404 - "HEAD http://swift-internal.openstack.svc:8080/v1/AUTH_f82cfba08c8249c1b1addddad8e3d278?format=json" "tx868e7081b4da4f3d8cfb8-0068e23d29" "proxy-server 12" 0.0005 "-" 15 -
Oct 5 09:40:57 standalone account-server[115713]: 172.20.0.5 - - [05/Oct/2025:09:40:57 +0000] "HEAD /d1/963/AUTH_f82cfba08c8249c1b1addddad8e3d278" 404 - "HEAD http://swift-internal.openstack.svc:8080/v1/AUTH_f82cfba08c8249c1b1addddad8e3d278?format=json" "tx868e7081b4da4f3d8cfb8-0068e23d29" "proxy-server 12" 0.0004 "-" 17 -
Oct 5 09:40:58 standalone account-server[115686]: 172.20.0.5 - - [05/Oct/2025:09:40:58 +0000] "GET /d1/81/AUTH_2685f6fc3e054a3f9f6ed136492c06c3" 404 - "GET http://swift-internal.openstack.svc:8080/v1/AUTH_2685f6fc3e054a3f9f6ed136492c06c3?format=json" "tx1e93ea36dfbd448d83b8c-0068e23d2a" "proxy-server 12" 0.0005 "-" 14 -
Oct 5 09:40:58 standalone account-server[115709]: 172.20.0.5 - - [05/Oct/2025:09:40:58 +0000] "GET /d1/717/AUTH_328bc4964ffa447da4efb0c57f9d60f0" 404 - "GET http://swift-internal.openstack.svc:8080/v1/AUTH_328bc4964ffa447da4efb0c57f9d60f0?format=json" "tx3558da71a450476aaf888-0068e23d2a" "proxy-server 12" 0.0004 "-" 16 -
Oct 5 09:40:58 standalone account-server[115686]: 172.20.0.5 - - [05/Oct/2025:09:40:58 +0000] "GET /d1/436/AUTH_422a2955ae1a4c03ac8752bd2dcf0243" 404 - "GET http://swift-internal.openstack.svc:8080/v1/AUTH_422a2955ae1a4c03ac8752bd2dcf0243?format=json" "tx10d56ed896724d9ba7024-0068e23d2a" "proxy-server 12" 0.0006 "-" 14 -
Oct 5 09:40:58 standalone account-server[115709]: 172.20.0.5 - - [05/Oct/2025:09:40:58 +0000] "GET /d1/390/AUTH_5d3592208d94404eb9248ea9a8f2219e" 404 - "GET http://swift-internal.openstack.svc:8080/v1/AUTH_5d3592208d94404eb9248ea9a8f2219e?format=json" "txa6682bcc8baa47adb0f10-0068e23d2a" "proxy-server 9" 0.0005 "-" 16 -
Oct 5 09:40:58 standalone account-server[115686]: 172.20.0.5 - - [05/Oct/2025:09:40:58 +0000] "GET /d1/163/AUTH_5d4dcbe2290f4978a912ae1b83e6b4e6" 404 - "GET http://swift-internal.openstack.svc:8080/v1/AUTH_5d4dcbe2290f4978a912ae1b83e6b4e6?format=json" "tx43a5f8effb3f42bea8985-0068e23d2a" "proxy-server 9" 0.0005 "-" 14 -
Oct 5 09:40:58 standalone account-server[115709]: 172.20.0.5 - - [05/Oct/2025:09:40:58 +0000] "GET /d1/146/AUTH_63f3ab7881284ca5b1508d17b01dfa29" 404 - "GET http://swift-internal.openstack.svc:8080/v1/AUTH_63f3ab7881284ca5b1508d17b01dfa29?format=json" "tx1bb6abe0ec884383acadf-0068e23d2a" "proxy-server 12" 0.0004 "-" 16 -
Oct 5 09:40:58 standalone account-server[115699]: 172.20.0.5 - - [05/Oct/2025:09:40:58 +0000] "GET /d1/394/AUTH_95ad2ed9c50741aeae79dbb8e879b4ee" 200 99 "GET http://swift-internal.openstack.svc:8080/v1/AUTH_95ad2ed9c50741aeae79dbb8e879b4ee?format=json" "txf73ee682094649ab91945-0068e23d2a" "proxy-server 9" 0.0029 "-" 15 -
Oct 5 09:40:58 standalone account-server[115709]: 172.20.0.5 - - [05/Oct/2025:09:40:58 +0000] "GET /d1/553/AUTH_9c1436d4202b43abae7b4e5b5b21424d" 404 - "GET http://swift-internal.openstack.svc:8080/v1/AUTH_9c1436d4202b43abae7b4e5b5b21424d?format=json" "tx1eb5ad0981b54792b5c54-0068e23d2a" "proxy-server 12" 0.0006 "-" 16 -
Oct 5 09:40:58 standalone account-server[115699]: 172.20.0.5 - - [05/Oct/2025:09:40:58 +0000] "GET /d1/155/AUTH_dc22b01ce64746cb81d13d29f80d2718" 404 - "GET http://swift-internal.openstack.svc:8080/v1/AUTH_dc22b01ce64746cb81d13d29f80d2718?format=json" "tx4988a055f73c44e2a4a8a-0068e23d2a" "proxy-server 9" 0.0006 "-" 15 -
Oct 5 09:40:58 standalone account-server[115713]: 172.20.0.5 - - [05/Oct/2025:09:40:58 +0000] "GET /d1/197/AUTH_e2d64a0930dc439b8a9d430aff6a4a95" 404 - "GET http://swift-internal.openstack.svc:8080/v1/AUTH_e2d64a0930dc439b8a9d430aff6a4a95?format=json" "tx07b97fc59fe040a0a2b9d-0068e23d2a" "proxy-server 12" 0.0006 "-" 17 -
Oct 5 09:40:58 standalone account-server[115686]: 172.20.0.5 - - [05/Oct/2025:09:40:58 +0000] "GET /d1/963/AUTH_f82cfba08c8249c1b1addddad8e3d278" 404 - "GET http://swift-internal.openstack.svc:8080/v1/AUTH_f82cfba08c8249c1b1addddad8e3d278?format=json" "tx10f3d68cdd2649b18af85-0068e23d2a" "proxy-server 12" 0.0006 "-" 14 -
Oct 5 09:42:52 standalone object-server[115849]: Begin object update sweep
Oct 5 09:42:52 standalone object-server[550271]: Object update sweep starting on /srv/node/d1 (pid: 33)
Oct 5 09:42:52 standalone object-server[550271]: Object update sweep completed on /srv/node/d1 in 0.00s seconds:, 0 successes, 0 failures, 0 quarantines, 0 unlinks, 0 errors, 0 redirects (pid: 33)
Oct 5 09:42:52 standalone object-server[550271]: Object update sweep of d1 completed: 0.00s, 0 successes, 0 failures, 0 quarantines, 0 unlinks, 0 errors, 0 redirects
Oct 5 09:42:52 standalone object-server[115849]: Object update sweep completed: 0.09s
Oct 5 09:43:22 standalone container-server[115594]: Begin container update sweep
Oct 5 09:43:22 standalone container-server[115594]: Container update sweep completed: 0.08s
Oct 5 09:43:45 standalone account-server[115686]: 172.20.0.100 - - [05/Oct/2025:09:43:45 +0000] "HEAD /d1/26/.expiring_objects" 404 - "HEAD http://localhost/v1/.expiring_objects?format=json" "txf022195640fb4b8fba7e3-0068e23dd1" "proxy-server 2" 0.0005 "-" 14 -
Oct 5 09:43:45 standalone object-expirer[115838]: Pass completed in 0s; 0 objects expired (txn: txf022195640fb4b8fba7e3-0068e23dd1)