Mar 11 09:52:50 standalone account-server[123890]: Started child 20 from parent 2
Mar 11 09:52:50 standalone account-server[123890]: Started child 21 from parent 2
Mar 11 09:52:50 standalone account-server[123890]: Started child 22 from parent 2
Mar 11 09:52:50 standalone account-server[123890]: Started child 23 from parent 2
Mar 11 09:52:50 standalone account-server[123893]: Starting 2
Mar 11 09:52:50 standalone container-server[123948]: Option allow_versions is deprecated. Configure the versioned_writes middleware in the proxy-server instead. This option will be ignored in a future release.
Mar 11 09:52:50 standalone container-server[124193]: Option allow_versions is deprecated. Configure the versioned_writes middleware in the proxy-server instead. This option will be ignored in a future release.
Mar 11 09:52:50 standalone container-server[123948]: Started child 20 from parent 2
Mar 11 09:52:50 standalone container-server[124205]: Option allow_versions is deprecated. Configure the versioned_writes middleware in the proxy-server instead. This option will be ignored in a future release.
Mar 11 09:52:50 standalone container-server[123948]: Started child 21 from parent 2
Mar 11 09:52:50 standalone container-server[124217]: Option allow_versions is deprecated. Configure the versioned_writes middleware in the proxy-server instead. This option will be ignored in a future release.
Mar 11 09:52:50 standalone container-server[123948]: Started child 22 from parent 2
Mar 11 09:52:50 standalone container-server[124238]: Option allow_versions is deprecated. Configure the versioned_writes middleware in the proxy-server instead. This option will be ignored in a future release.
Mar 11 09:52:50 standalone container-server[123948]: Started child 23 from parent 2
Mar 11 09:52:51 standalone object-expirer[124297]: Starting 2
Mar 11 09:52:51 standalone object-expirer[124297]: Option auto_create_account_prefix is deprecated. Configure auto_create_account_prefix under the swift-constraints section of swift.conf. This option will be ignored in a future release.
Mar 11 09:52:51 standalone container-server[124292]: Starting 2
Mar 11 09:52:51 standalone object-server[124298]: Started child 22 from parent 2
Mar 11 09:52:51 standalone object-server[124298]: Started child 23 from parent 2
Mar 11 09:52:51 standalone object-server[124298]: Started child 24 from parent 2
Mar 11 09:52:51 standalone object-server[124298]: Started child 25 from parent 2
Mar 11 09:52:51 standalone object-server[124388]: Starting 2
Mar 11 09:52:58 standalone proxy-server[126330]: Starting Keystone auth_token middleware
Mar 11 09:52:58 standalone proxy-server[126330]: AuthToken middleware is set with keystone_authtoken.service_token_roles_required set to False. This is backwards compatible but deprecated behaviour. Please set this to True.
Mar 11 09:52:58 standalone proxy-server[126512]: Starting Keystone auth_token middleware
Mar 11 09:52:58 standalone proxy-server[126512]: STDERR: The option "bind_port" is not known to keystonemiddleware
Mar 11 09:52:58 standalone proxy-server[126512]: STDERR: The option "workers" is not known to keystonemiddleware
Mar 11 09:52:58 standalone proxy-server[126512]: STDERR: The option "user" is not known to keystonemiddleware
Mar 11 09:52:58 standalone proxy-server[126512]: STDERR: The option "bind_ip" is not known to keystonemiddleware
Mar 11 09:52:58 standalone proxy-server[126512]: STDERR: The option "log_name" is not known to keystonemiddleware
Mar 11 09:52:58 standalone proxy-server[126512]: STDERR: The option "log_facility" is not known to keystonemiddleware
Mar 11 09:52:58 standalone proxy-server[126512]: STDERR: The option "log_level" is not known to keystonemiddleware
Mar 11 09:52:58 standalone proxy-server[126512]: STDERR: The option "log_headers" is not known to keystonemiddleware
Mar 11 09:52:58 standalone proxy-server[126512]: STDERR: The option "log_address" is not known to keystonemiddleware
Mar 11 09:52:58 standalone proxy-server[126512]: STDERR: The option "project_name" is not known to keystonemiddleware
Mar 11 09:52:58 standalone proxy-server[126512]: STDERR: The option "username" is not known to keystonemiddleware
Mar 11 09:52:58 standalone proxy-server[126512]: STDERR: The option "password" is not known to keystonemiddleware
Mar 11 09:52:58 standalone proxy-server[126512]: STDERR: The option "auth_url" is not known to keystonemiddleware
Mar 11 09:52:58 standalone proxy-server[126512]: STDERR: The option "signing_dir" is not known to keystonemiddleware
Mar 11 09:52:58 standalone proxy-server[126512]: STDERR: The option "project_domain_id" is not known to keystonemiddleware
Mar 11 09:52:58 standalone proxy-server[126512]: STDERR: The option "user_domain_id" is not known to keystonemiddleware
Mar 11 09:52:58 standalone proxy-server[126512]: STDERR: The option "__name__" is not known to keystonemiddleware
Mar 11 09:52:58 standalone proxy-server[126512]: AuthToken middleware is set with keystone_authtoken.service_token_roles_required set to False. This is backwards compatible but deprecated behaviour. Please set this to True.
Mar 11 09:52:58 standalone proxy-server[126330]: Started child 21 from parent 2
Mar 11 09:54:42 standalone container-server[124292]: Begin container update sweep
Mar 11 09:54:42 standalone container-server[124292]: Container update sweep completed: 0.00s
Mar 11 09:55:39 standalone object-server[124388]: Begin object update sweep
Mar 11 09:55:39 standalone object-server[144516]: Object update sweep starting on /srv/node/d1 (pid: 11)
Mar 11 09:55:39 standalone object-server[144516]: Object update sweep completed on /srv/node/d1 in 0.00s seconds:, 0 successes, 0 failures, 0 quarantines, 0 unlinks, 0 errors, 0 redirects (pid: 11)
Mar 11 09:55:39 standalone object-server[144516]: Object update sweep of d1 completed: 0.00s, 0 successes, 0 failures, 0 quarantines, 0 unlinks, 0 errors, 0 redirects
Mar 11 09:55:39 standalone object-server[124388]: Object update sweep completed: 0.09s
Mar 11 09:57:36 standalone account-server[124174]: 172.20.0.100 - - [11/Mar/2026:09:57:36 +0000] "HEAD /d1/392/.expiring_objects" 404 - "HEAD http://localhost/v1/.expiring_objects?format=json" "txb3046db511f042f286748-0069b13c90" "proxy-server 2" 0.0023 "-" 22 -
Mar 11 09:57:36 standalone object-expirer[124297]: Pass completed in 0s; 0 objects expired (txn: txb3046db511f042f286748-0069b13c90)
Mar 11 09:59:23 standalone account-server[124161]: 172.20.0.100 - - [11/Mar/2026:09:59:23 +0000] "HEAD /d1/556/AUTH_8fb24172cd4e43ad8ac3884b22d6bf6e" 404 - "HEAD http://localhost:8080/v1/AUTH_8fb24172cd4e43ad8ac3884b22d6bf6e?format=json" "tx801fb8d338c14b9497dd6-0069b13cfb" "proxy-server 21" 0.0010 "-" 20 -
Mar 11 09:59:23 standalone proxy-server[126512]: - - 11/Mar/2026/09/59/23 HEAD /v1/AUTH_8fb24172cd4e43ad8ac3884b22d6bf6e%3Fformat%3Djson HTTP/1.0 200 - Swift - - - - tx801fb8d338c14b9497dd6-0069b13cfb - 0.0060 RL - 1773223163.853832483 1773223163.859835386 -
Mar 11 09:59:24 standalone proxy-server[126512]: 172.18.0.2 ::1 11/Mar/2026/09/59/24 HEAD /v1/AUTH_8fb24172cd4e43ad8ac3884b22d6bf6e/glance%3Fformat%3Djson HTTP/1.0 404 - python-swiftclient-3.11.1 gAAAAABpsTz7eNMS... - - - tx801fb8d338c14b9497dd6-0069b13cfb - 0.4833 - - 1773223163.847233772 1773223164.330527067 -
Mar 11 09:59:24 standalone account-server[124179]: 172.20.0.100 - - [11/Mar/2026:09:59:24 +0000] "PUT /d1/556/AUTH_8fb24172cd4e43ad8ac3884b22d6bf6e" 201 - "-" "tx958d00234e8d4d1c95471-0069b13cfc" "-" 0.0198 "-" 23 -
Mar 11 09:59:24 standalone proxy-server[126512]: autocreate account '/AUTH_8fb24172cd4e43ad8ac3884b22d6bf6e' (txn: tx958d00234e8d4d1c95471-0069b13cfc)
Mar 11 09:59:24 standalone account-server[124179]: 172.20.0.100 - - [11/Mar/2026:09:59:24 +0000] "HEAD /d1/556/AUTH_8fb24172cd4e43ad8ac3884b22d6bf6e" 204 - "HEAD http://localhost:8080/v1/AUTH_8fb24172cd4e43ad8ac3884b22d6bf6e?format=json" "tx958d00234e8d4d1c95471-0069b13cfc" "proxy-server 21" 0.0013 "-" 23 -
Mar 11 09:59:24 standalone account-server[124161]: 172.20.0.100 - - [11/Mar/2026:09:59:24 +0000] "PUT /d1/556/AUTH_8fb24172cd4e43ad8ac3884b22d6bf6e/glance" 201 - "PUT http://172.20.0.100:6001/d1/790/AUTH_8fb24172cd4e43ad8ac3884b22d6bf6e/glance" "tx958d00234e8d4d1c95471-0069b13cfc" "container-server 23" 0.0016 "-" 20 0
Mar 11 09:59:24 standalone container-server[124238]: 172.20.0.100 - - [11/Mar/2026:09:59:24 +0000] "PUT /d1/790/AUTH_8fb24172cd4e43ad8ac3884b22d6bf6e/glance" 201 - "PUT http://localhost:8080/v1/AUTH_8fb24172cd4e43ad8ac3884b22d6bf6e/glance" "tx958d00234e8d4d1c95471-0069b13cfc" "proxy-server 21" 0.0124 "-" 23 0
Mar 11 09:59:24 standalone proxy-server[126512]: 172.18.0.2 ::1 11/Mar/2026/09/59/24 PUT /v1/AUTH_8fb24172cd4e43ad8ac3884b22d6bf6e/glance HTTP/1.0 201 - python-swiftclient-3.11.1 gAAAAABpsTz7eNMS... - - - tx958d00234e8d4d1c95471-0069b13cfc - 0.0512 - - 1773223164.335978985 1773223164.387156963 0
Mar 11 09:59:24 standalone container-server[124238]: 172.20.0.100 - - [11/Mar/2026:09:59:24 +0000] "HEAD /d1/790/AUTH_8fb24172cd4e43ad8ac3884b22d6bf6e/glance" 204 - "HEAD http://localhost:8080/v1/AUTH_8fb24172cd4e43ad8ac3884b22d6bf6e/glance?format=json&states=listing" "tx79015a95b95a47ad848e1-0069b13cfc" "proxy-server 21" 0.0016 "-" 23 0
Mar 11 09:59:24 standalone proxy-server[126512]: - - 11/Mar/2026/09/59/24 HEAD /v1/AUTH_8fb24172cd4e43ad8ac3884b22d6bf6e/glance%3Fformat%3Djson%26states%3Dlisting HTTP/1.0 204 - Swift - - - - tx79015a95b95a47ad848e1-0069b13cfc - 0.0126 RL - 1773223164.398165226 1773223164.410741329 0
Mar 11 09:59:41 standalone container-server[124193]: 172.20.0.100 - - [11/Mar/2026:09:59:41 +0000] "PUT /d1/790/AUTH_8fb24172cd4e43ad8ac3884b22d6bf6e/glance/d5fc233f-af6d-4218-b29d-1ee28bf2bcbb" 201 - "PUT http://localhost:8080/d1/226/AUTH_8fb24172cd4e43ad8ac3884b22d6bf6e/glance/d5fc233f-af6d-4218-b29d-1ee28bf2bcbb" "tx79015a95b95a47ad848e1-0069b13cfc" "object-server 22" 0.0013 "-" 20 0
Mar 11 09:59:41 standalone object-server[124452]: 172.20.0.100 - - [11/Mar/2026:09:59:41 +0000] "PUT /d1/226/AUTH_8fb24172cd4e43ad8ac3884b22d6bf6e/glance/d5fc233f-af6d-4218-b29d-1ee28bf2bcbb" 201 - "PUT http://localhost:8080/v1/AUTH_8fb24172cd4e43ad8ac3884b22d6bf6e/glance/d5fc233f-af6d-4218-b29d-1ee28bf2bcbb" "tx79015a95b95a47ad848e1-0069b13cfc" "proxy-server 21" 17.4893 "-" 22 0
Mar 11 09:59:41 standalone proxy-server[126512]: 172.18.0.2 ::1 11/Mar/2026/09/59/41 PUT /v1/AUTH_8fb24172cd4e43ad8ac3884b22d6bf6e/glance/d5fc233f-af6d-4218-b29d-1ee28bf2bcbb HTTP/1.0 201 - python-swiftclient-3.11.1 gAAAAABpsTz7eNMS... 1481900032 - - tx79015a95b95a47ad848e1-0069b13cfc - 17.5178 - - 1773223164.396163225 1773223181.913937569 0
Mar 11 09:59:42 standalone container-server[124292]: Begin container update sweep
Mar 11 09:59:42 standalone account-server[124179]: 172.20.0.100 - - [11/Mar/2026:09:59:42 +0000] "PUT /d1/556/AUTH_8fb24172cd4e43ad8ac3884b22d6bf6e/glance" 201 - "-" "-" "container-updater 2" 0.0007 "-" 23 0
Mar 11 09:59:42 standalone container-server[124292]: Container update sweep completed: 0.11s
Mar 11 10:00:39 standalone object-server[124388]: Begin object update sweep
Mar 11 10:00:39 standalone object-server[182310]: Object update sweep starting on /srv/node/d1 (pid: 13)
Mar 11 10:00:39 standalone object-server[182310]: Object update sweep completed on /srv/node/d1 in 0.00s seconds:, 0 successes, 0 failures, 0 quarantines, 0 unlinks, 0 errors, 0 redirects (pid: 13)
Mar 11 10:00:39 standalone object-server[182310]: Object update sweep of d1 completed: 0.00s, 0 successes, 0 failures, 0 quarantines, 0 unlinks, 0 errors, 0 redirects
Mar 11 10:00:40 standalone object-server[124388]: Object update sweep completed: 0.09s
Mar 11 10:02:24 standalone account-server[124164]: 172.20.0.100 - - [11/Mar/2026:10:02:24 +0000] "HEAD /d1/392/.expiring_objects" 404 - "HEAD http://localhost/v1/.expiring_objects?format=json" "tx6fd0b9176c084c98b7f6a-0069b13db0" "proxy-server 2" 0.0013 "-" 21 -
Mar 11 10:02:24 standalone object-expirer[124297]: Pass completed in 0s; 0 objects expired (txn: tx6fd0b9176c084c98b7f6a-0069b13db0)
Mar 11 10:04:19 standalone account-server[124161]: 172.20.0.100 - - [11/Mar/2026:10:04:19 +0000] "HEAD /d1/556/AUTH_8fb24172cd4e43ad8ac3884b22d6bf6e" 204 - "HEAD http://localhost:8080/v1/AUTH_8fb24172cd4e43ad8ac3884b22d6bf6e?format=json" "txbe0f9e8ff9eb4656942e8-0069b13e23" "proxy-server 21" 0.0075 "-" 20 -
Mar 11 10:04:19 standalone proxy-server[126512]: - - 11/Mar/2026/10/04/19 HEAD /v1/AUTH_8fb24172cd4e43ad8ac3884b22d6bf6e%3Fformat%3Djson HTTP/1.0 204 - Swift - - - - txbe0f9e8ff9eb4656942e8-0069b13e23 - 0.0121 RL - 1773223459.729231119 1773223459.741357803 -
Mar 11 10:04:19 standalone container-server[124205]: 172.20.0.100 - - [11/Mar/2026:10:04:19 +0000] "HEAD /d1/790/AUTH_8fb24172cd4e43ad8ac3884b22d6bf6e/glance" 204 - "HEAD http://localhost:8080/v1/AUTH_8fb24172cd4e43ad8ac3884b22d6bf6e/glance?format=json&states=listing" "txbe0f9e8ff9eb4656942e8-0069b13e23" "proxy-server 21" 0.0027 "-" 21 0
Mar 11 10:04:19 standalone proxy-server[126512]: 172.18.0.2 ::1 11/Mar/2026/10/04/19 HEAD /v1/AUTH_8fb24172cd4e43ad8ac3884b22d6bf6e/glance%3Fformat%3Djson%26states%3Dlisting HTTP/1.0 204 - python-swiftclient-3.11.1 gAAAAABpsT4jZoxE... - - - txbe0f9e8ff9eb4656942e8-0069b13e23 - 0.0851 - - 1773223459.728325605 1773223459.813437223 0
Mar 11 10:04:22 standalone container-server[124238]: 172.20.0.100 - - [11/Mar/2026:10:04:22 +0000] "PUT /d1/790/AUTH_8fb24172cd4e43ad8ac3884b22d6bf6e/glance/43346a30-6a0c-4979-bea6-578769f1aede-00001" 201 - "PUT http://localhost:8080/d1/662/AUTH_8fb24172cd4e43ad8ac3884b22d6bf6e/glance/43346a30-6a0c-4979-bea6-578769f1aede-00001" "tx4c7290c7898c4ff79a578-0069b13e23" "object-server 25" 0.0007 "-" 23 0
Mar 11 10:04:22 standalone object-server[124457]: 172.20.0.100 - - [11/Mar/2026:10:04:22 +0000] "PUT /d1/662/AUTH_8fb24172cd4e43ad8ac3884b22d6bf6e/glance/43346a30-6a0c-4979-bea6-578769f1aede-00001" 201 - "PUT http://localhost:8080/v1/AUTH_8fb24172cd4e43ad8ac3884b22d6bf6e/glance/43346a30-6a0c-4979-bea6-578769f1aede-00001" "tx4c7290c7898c4ff79a578-0069b13e23" "proxy-server 21" 2.9983 "-" 25 0
Mar 11 10:04:22 standalone proxy-server[126512]: 172.18.0.2 ::1 11/Mar/2026/10/04/22 PUT /v1/AUTH_8fb24172cd4e43ad8ac3884b22d6bf6e/glance/43346a30-6a0c-4979-bea6-578769f1aede-00001 HTTP/1.0 201 - python-swiftclient-3.11.1 gAAAAABpsT4jZoxE... 21692416 - - tx4c7290c7898c4ff79a578-0069b13e23 - 3.0048 - - 1773223459.818941593 1773223462.823731661 0
Mar 11 10:04:22 standalone container-server[124193]: 172.20.0.100 - - [11/Mar/2026:10:04:22 +0000] "PUT /d1/790/AUTH_8fb24172cd4e43ad8ac3884b22d6bf6e/glance/43346a30-6a0c-4979-bea6-578769f1aede" 201 - "PUT http://localhost:8080/d1/203/AUTH_8fb24172cd4e43ad8ac3884b22d6bf6e/glance/43346a30-6a0c-4979-bea6-578769f1aede" "tx98b522c0378f43d187b25-0069b13e26" "object-server 25" 0.0008 "-" 20 0
Mar 11 10:04:22 standalone object-server[124457]: 172.20.0.100 - - [11/Mar/2026:10:04:22 +0000] "PUT /d1/203/AUTH_8fb24172cd4e43ad8ac3884b22d6bf6e/glance/43346a30-6a0c-4979-bea6-578769f1aede" 201 - "PUT http://localhost:8080/v1/AUTH_8fb24172cd4e43ad8ac3884b22d6bf6e/glance/43346a30-6a0c-4979-bea6-578769f1aede" "tx98b522c0378f43d187b25-0069b13e26" "proxy-server 21" 0.0143 "-" 25 0
Mar 11 10:04:22 standalone proxy-server[126512]: 172.18.0.2 ::1 11/Mar/2026/10/04/22 PUT /v1/AUTH_8fb24172cd4e43ad8ac3884b22d6bf6e/glance/43346a30-6a0c-4979-bea6-578769f1aede HTTP/1.0 201 - python-swiftclient-3.11.1 gAAAAABpsT4jZoxE... - - - tx98b522c0378f43d187b25-0069b13e26 - 0.0256 - - 1773223462.831011772 1773223462.856605291 0
Mar 11 10:04:23 standalone container-server[124217]: 172.20.0.100 - - [11/Mar/2026:10:04:23 +0000] "HEAD /d1/998/AUTH_8fb24172cd4e43ad8ac3884b22d6bf6e/gnocchi.beccc4fc-15a9-449a-8296-c9d61e6f94ce" 404 - "HEAD http://localhost:8080/v1/AUTH_8fb24172cd4e43ad8ac3884b22d6bf6e/gnocchi.beccc4fc-15a9-449a-8296-c9d61e6f94ce?format=json&states=listing" "tx4865ad2ef9814f35bc352-0069b13e27" "proxy-server 21" 0.0027 "-" 22 0
Mar 11 10:04:23 standalone object-server[124455]: 172.20.0.100 - - [11/Mar/2026:10:04:23 +0000] "GET /d1/245/AUTH_8fb24172cd4e43ad8ac3884b22d6bf6e/gnocchi.beccc4fc-15a9-449a-8296-c9d61e6f94ce/none_v3" 404 70 "GET http://localhost:8080/v1/AUTH_8fb24172cd4e43ad8ac3884b22d6bf6e/gnocchi.beccc4fc-15a9-449a-8296-c9d61e6f94ce/none_v3" "tx4865ad2ef9814f35bc352-0069b13e27" "proxy-server 21" 0.0014 "-" 24 0
Mar 11 10:04:23 standalone proxy-server[126512]: 172.18.0.2 ::1 11/Mar/2026/10/04/23 GET /v1/AUTH_8fb24172cd4e43ad8ac3884b22d6bf6e/gnocchi.beccc4fc-15a9-449a-8296-c9d61e6f94ce/none_v3 HTTP/1.0 404 - python-swiftclient-3.11.1 gAAAAABpsT4nIeyE... - 70 - tx4865ad2ef9814f35bc352-0069b13e27 - 0.0539 - - 1773223463.496510267 1773223463.550441742 0
Mar 11 10:04:23 standalone account-server[124179]: 172.20.0.100 - - [11/Mar/2026:10:04:23 +0000] "PUT /d1/556/AUTH_8fb24172cd4e43ad8ac3884b22d6bf6e/gnocchi.beccc4fc-15a9-449a-8296-c9d61e6f94ce" 201 - "PUT http://172.20.0.100:6001/d1/998/AUTH_8fb24172cd4e43ad8ac3884b22d6bf6e/gnocchi.beccc4fc-15a9-449a-8296-c9d61e6f94ce" "txb2af4cdfbcb745c98808c-0069b13e27" "container-server 21" 0.0020 "-" 23 0
Mar 11 10:04:23 standalone container-server[124205]: 172.20.0.100 - - [11/Mar/2026:10:04:23 +0000] "PUT /d1/998/AUTH_8fb24172cd4e43ad8ac3884b22d6bf6e/gnocchi.beccc4fc-15a9-449a-8296-c9d61e6f94ce" 201 - "PUT http://localhost:8080/v1/AUTH_8fb24172cd4e43ad8ac3884b22d6bf6e/gnocchi.beccc4fc-15a9-449a-8296-c9d61e6f94ce" "txb2af4cdfbcb745c98808c-0069b13e27" "proxy-server 21" 0.0160 "-" 21 0
Mar 11 10:04:23 standalone proxy-server[126512]: 172.18.0.2 ::1 11/Mar/2026/10/04/23 PUT /v1/AUTH_8fb24172cd4e43ad8ac3884b22d6bf6e/gnocchi.beccc4fc-15a9-449a-8296-c9d61e6f94ce HTTP/1.0 201 - python-swiftclient-3.11.1 gAAAAABpsT4nIeyE... - - - txb2af4cdfbcb745c98808c-0069b13e27 - 0.0202 - - 1773223463.553422928 1773223463.573668003 0
Mar 11 10:04:23 standalone container-server[124193]: 172.20.0.100 - - [11/Mar/2026:10:04:23 +0000] "HEAD /d1/998/AUTH_8fb24172cd4e43ad8ac3884b22d6bf6e/gnocchi.beccc4fc-15a9-449a-8296-c9d61e6f94ce" 204 - "HEAD http://localhost:8080/v1/AUTH_8fb24172cd4e43ad8ac3884b22d6bf6e/gnocchi.beccc4fc-15a9-449a-8296-c9d61e6f94ce?format=json&states=listing" "tx397190e3831c414586807-0069b13e27" "proxy-server 21" 0.0034 "-" 20 0
Mar 11 10:04:23 standalone proxy-server[126512]: - - 11/Mar/2026/10/04/23 HEAD /v1/AUTH_8fb24172cd4e43ad8ac3884b22d6bf6e/gnocchi.beccc4fc-15a9-449a-8296-c9d61e6f94ce%3Fformat%3Djson%26states%3Dlisting HTTP/1.0 204 - Swift - - - - tx397190e3831c414586807-0069b13e27 - 0.0066 RL - 1773223463.577715158 1773223463.584348917 0
Mar 11 10:04:23 standalone container-server[124193]: 172.20.0.100 - - [11/Mar/2026:10:04:23 +0000] "GET /d1/998/AUTH_8fb24172cd4e43ad8ac3884b22d6bf6e/gnocchi.beccc4fc-15a9-449a-8296-c9d61e6f94ce" 200 2 "GET http://localhost:8080/v1/AUTH_8fb24172cd4e43ad8ac3884b22d6bf6e/gnocchi.beccc4fc-15a9-449a-8296-c9d61e6f94ce?format=json&states=listing" "tx397190e3831c414586807-0069b13e27" "proxy-server 21" 0.0034 "-" 20 0
Mar 11 10:04:23 standalone proxy-server[126512]: 172.18.0.2 ::1 11/Mar/2026/10/04/23 GET /v1/AUTH_8fb24172cd4e43ad8ac3884b22d6bf6e/gnocchi.beccc4fc-15a9-449a-8296-c9d61e6f94ce%3Fformat%3Djson%26states%3Dlisting HTTP/1.0 200 - python-swiftclient-3.11.1 gAAAAABpsT4nIeyE... - 2 - tx397190e3831c414586807-0069b13e27 - 0.0159 - - 1773223463.576784372 1773223463.592685461 0
Mar 11 10:04:23 standalone object-server[124453]: 172.20.0.100 - - [11/Mar/2026:10:04:23 +0000] "GET /d1/886/AUTH_8fb24172cd4e43ad8ac3884b22d6bf6e/gnocchi.beccc4fc-15a9-449a-8296-c9d61e6f94ce/1772280000.0_mean_300.0_v3" 404 70 "GET http://localhost:8080/v1/AUTH_8fb24172cd4e43ad8ac3884b22d6bf6e/gnocchi.beccc4fc-15a9-449a-8296-c9d61e6f94ce/1772280000.0_mean_300.0_v3" "tx811dcd59ae804e9b9ec83-0069b13e27" "proxy-server 21" 0.0010 "-" 23 0
Mar 11 10:04:23 standalone proxy-server[126512]: 172.18.0.2 ::1 11/Mar/2026/10/04/23 GET /v1/AUTH_8fb24172cd4e43ad8ac3884b22d6bf6e/gnocchi.beccc4fc-15a9-449a-8296-c9d61e6f94ce/1772280000.0_mean_300.0_v3 HTTP/1.0 404 - python-swiftclient-3.11.1 gAAAAABpsT4nIeyE... - 70 - tx811dcd59ae804e9b9ec83-0069b13e27 - 0.0060 - - 1773223463.595695019 1773223463.601646900 0
Mar 11 10:04:23 standalone container-server[124193]: 172.20.0.100 - - [11/Mar/2026:10:04:23 +0000] "PUT /d1/998/AUTH_8fb24172cd4e43ad8ac3884b22d6bf6e/gnocchi.beccc4fc-15a9-449a-8296-c9d61e6f94ce/1772280000.0_mean_300.0_v3" 201 - "PUT http://localhost:8080/d1/886/AUTH_8fb24172cd4e43ad8ac3884b22d6bf6e/gnocchi.beccc4fc-15a9-449a-8296-c9d61e6f94ce/1772280000.0_mean_300.0_v3" "tx7d6a47eb72064e0ab6e1a-0069b13e27" "object-server 25" 0.0009 "-" 20 0
Mar 11 10:04:23 standalone object-server[124457]: 172.20.0.100 - - [11/Mar/2026:10:04:23 +0000] "PUT /d1/886/AUTH_8fb24172cd4e43ad8ac3884b22d6bf6e/gnocchi.beccc4fc-15a9-449a-8296-c9d61e6f94ce/1772280000.0_mean_300.0_v3" 201 - "PUT http://localhost:8080/v1/AUTH_8fb24172cd4e43ad8ac3884b22d6bf6e/gnocchi.beccc4fc-15a9-449a-8296-c9d61e6f94ce/1772280000.0_mean_300.0_v3" "tx7d6a47eb72064e0ab6e1a-0069b13e27" "proxy-server 21" 0.0180 "-" 25 0
Mar 11 10:04:23 standalone proxy-server[126512]: 172.18.0.2 ::1 11/Mar/2026/10/04/23 PUT /v1/AUTH_8fb24172cd4e43ad8ac3884b22d6bf6e/gnocchi.beccc4fc-15a9-449a-8296-c9d61e6f94ce/1772280000.0_mean_300.0_v3 HTTP/1.0 201 - python-swiftclient-3.11.1 gAAAAABpsT4nIeyE... 16 - - tx7d6a47eb72064e0ab6e1a-0069b13e27 - 0.0231 - - 1773223463.603950739 1773223463.627008200 0
Mar 11 10:04:23 standalone container-server[124238]: 172.20.0.100 - - [11/Mar/2026:10:04:23 +0000] "PUT /d1/998/AUTH_8fb24172cd4e43ad8ac3884b22d6bf6e/gnocchi.beccc4fc-15a9-449a-8296-c9d61e6f94ce/none_v3" 201 - "PUT http://localhost:8080/d1/245/AUTH_8fb24172cd4e43ad8ac3884b22d6bf6e/gnocchi.beccc4fc-15a9-449a-8296-c9d61e6f94ce/none_v3" "txd242d643e9724c73804a8-0069b13e27" "object-server 25" 0.0004 "-" 23 0
Mar 11 10:04:23 standalone object-server[124457]: 172.20.0.100 - - [11/Mar/2026:10:04:23 +0000] "PUT /d1/245/AUTH_8fb24172cd4e43ad8ac3884b22d6bf6e/gnocchi.beccc4fc-15a9-449a-8296-c9d61e6f94ce/none_v3" 201 - "PUT http://localhost:8080/v1/AUTH_8fb24172cd4e43ad8ac3884b22d6bf6e/gnocchi.beccc4fc-15a9-449a-8296-c9d61e6f94ce/none_v3" "txd242d643e9724c73804a8-0069b13e27" "proxy-server 21" 0.0087 "-" 25 0
Mar 11 10:04:23 standalone proxy-server[126512]: 172.18.0.2 ::1 11/Mar/2026/10/04/23 PUT /v1/AUTH_8fb24172cd4e43ad8ac3884b22d6bf6e/gnocchi.beccc4fc-15a9-449a-8296-c9d61e6f94ce/none_v3 HTTP/1.0 201 - python-swiftclient-3.11.1 gAAAAABpsT4nIeyE... 22 - - txd242d643e9724c73804a8-0069b13e27 - 0.0136 - - 1773223463.629391909 1773223463.642971992 0
Mar 11 10:04:42 standalone container-server[124292]: Begin container update sweep
Mar 11 10:04:42 standalone account-server[124164]: 172.20.0.100 - - [11/Mar/2026:10:04:42 +0000] "PUT /d1/556/AUTH_8fb24172cd4e43ad8ac3884b22d6bf6e/glance" 201 - "-" "-" "container-updater 2" 0.0012 "-" 21 0
Mar 11 10:04:43 standalone account-server[124161]: 172.20.0.100 - - [11/Mar/2026:10:04:43 +0000] "PUT /d1/556/AUTH_8fb24172cd4e43ad8ac3884b22d6bf6e/gnocchi.beccc4fc-15a9-449a-8296-c9d61e6f94ce" 201 - "-" "-" "container-updater 2" 0.0005 "-" 20 0
Mar 11 10:04:43 standalone container-server[124292]: Container update sweep completed: 0.22s
Mar 11 10:04:53 standalone account-server[124161]: 172.20.0.100 - - [11/Mar/2026:10:04:53 +0000] "HEAD /d1/392/.expiring_objects" 404 - "HEAD http://localhost/v1/.expiring_objects?format=json" "tx169d7894239f412db9515-0069b13e44" "proxy-server 2" 0.0003 "-" 20 -
Mar 11 10:04:53 standalone object-expirer[124297]: Pass completed in 0s; 0 objects expired (txn: tx169d7894239f412db9515-0069b13e44)
Mar 11 10:04:53 standalone object-server[124455]: 172.20.0.100 - - [11/Mar/2026:10:04:53 +0000] "GET /d1/245/AUTH_8fb24172cd4e43ad8ac3884b22d6bf6e/gnocchi.beccc4fc-15a9-449a-8296-c9d61e6f94ce/none_v3" 200 22 "GET http://localhost:8080/v1/AUTH_8fb24172cd4e43ad8ac3884b22d6bf6e/gnocchi.beccc4fc-15a9-449a-8296-c9d61e6f94ce/none_v3" "tx57de860c36814672b4787-0069b13e45" "proxy-server 21" 0.0012 "-" 24 0
Mar 11 10:04:53 standalone proxy-server[126512]: 172.18.0.2 ::1 11/Mar/2026/10/04/53 GET /v1/AUTH_8fb24172cd4e43ad8ac3884b22d6bf6e/gnocchi.beccc4fc-15a9-449a-8296-c9d61e6f94ce/none_v3 HTTP/1.0 200 - python-swiftclient-3.11.1 gAAAAABpsT4nIeyE... - 22 - tx57de860c36814672b4787-0069b13e45 - 0.0161 - - 1773223493.326500177 1773223493.342646837 0
Mar 11 10:04:53 standalone container-server[124217]: 172.20.0.100 - - [11/Mar/2026:10:04:53 +0000] "GET /d1/998/AUTH_8fb24172cd4e43ad8ac3884b22d6bf6e/gnocchi.beccc4fc-15a9-449a-8296-c9d61e6f94ce" 200 357 "GET http://localhost:8080/v1/AUTH_8fb24172cd4e43ad8ac3884b22d6bf6e/gnocchi.beccc4fc-15a9-449a-8296-c9d61e6f94ce?format=json&states=listing" "txaa9a35eb4be8408eab293-0069b13e45" "proxy-server 21" 0.0055 "-" 22 0
Mar 11 10:04:53 standalone proxy-server[126512]: 172.18.0.2 ::1 11/Mar/2026/10/04/53 GET /v1/AUTH_8fb24172cd4e43ad8ac3884b22d6bf6e/gnocchi.beccc4fc-15a9-449a-8296-c9d61e6f94ce%3Fformat%3Djson%26states%3Dlisting HTTP/1.0 200 - python-swiftclient-3.11.1 gAAAAABpsT4nIeyE... - 357 - txaa9a35eb4be8408eab293-0069b13e45 - 0.0155 - - 1773223493.349173307 1773223493.364691019 0
Mar 11 10:04:53 standalone container-server[124205]: 172.20.0.100 - - [11/Mar/2026:10:04:53 +0000] "GET /d1/998/AUTH_8fb24172cd4e43ad8ac3884b22d6bf6e/gnocchi.beccc4fc-15a9-449a-8296-c9d61e6f94ce" 200 2 "GET http://localhost:8080/v1/AUTH_8fb24172cd4e43ad8ac3884b22d6bf6e/gnocchi.beccc4fc-15a9-449a-8296-c9d61e6f94ce?format=json&marker=none_v3&states=listing" "tx70d317efa4de4c6ebe75f-0069b13e45" "proxy-server 21" 0.0039 "-" 21 0
Mar 11 10:04:53 standalone proxy-server[126512]: 172.18.0.2 ::1 11/Mar/2026/10/04/53 GET /v1/AUTH_8fb24172cd4e43ad8ac3884b22d6bf6e/gnocchi.beccc4fc-15a9-449a-8296-c9d61e6f94ce%3Fformat%3Djson%26marker%3Dnone_v3%26states%3Dlisting HTTP/1.0 200 - python-swiftclient-3.11.1 gAAAAABpsT4nIeyE... - 2 - tx70d317efa4de4c6ebe75f-0069b13e45 - 0.0131 - - 1773223493.368351936 1773223493.381481171 0
Mar 11 10:04:53 standalone object-server[124455]: 172.20.0.100 - - [11/Mar/2026:10:04:53 +0000] "GET /d1/886/AUTH_8fb24172cd4e43ad8ac3884b22d6bf6e/gnocchi.beccc4fc-15a9-449a-8296-c9d61e6f94ce/1772280000.0_mean_300.0_v3" 200 16 "GET http://localhost:8080/v1/AUTH_8fb24172cd4e43ad8ac3884b22d6bf6e/gnocchi.beccc4fc-15a9-449a-8296-c9d61e6f94ce/1772280000.0_mean_300.0_v3" "txc6e36733f4834e2092a88-0069b13e45" "proxy-server 21" 0.0013 "-" 24 0
Mar 11 10:04:53 standalone proxy-server[126512]: 172.18.0.2 ::1 11/Mar/2026/10/04/53 GET /v1/AUTH_8fb24172cd4e43ad8ac3884b22d6bf6e/gnocchi.beccc4fc-15a9-449a-8296-c9d61e6f94ce/1772280000.0_mean_300.0_v3 HTTP/1.0 200 - python-swiftclient-3.11.1 gAAAAABpsT4nIeyE... - 16 - txc6e36733f4834e2092a88-0069b13e45 - 0.0119 - - 1773223493.386516333 1773223493.398463726 0
Mar 11 10:04:53 standalone container-server[124205]: 172.20.0.100 - - [11/Mar/2026:10:04:53 +0000] "PUT /d1/998/AUTH_8fb24172cd4e43ad8ac3884b22d6bf6e/gnocchi.beccc4fc-15a9-449a-8296-c9d61e6f94ce/1772280000.0_mean_300.0_v3" 201 - "PUT http://localhost:8080/d1/886/AUTH_8fb24172cd4e43ad8ac3884b22d6bf6e/gnocchi.beccc4fc-15a9-449a-8296-c9d61e6f94ce/1772280000.0_mean_300.0_v3" "tx64a2d7b3e25b4461931e1-0069b13e45" "object-server 23" 0.0009 "-" 21 0
Mar 11 10:04:53 standalone object-server[124453]: 172.20.0.100 - - [11/Mar/2026:10:04:53 +0000] "PUT /d1/886/AUTH_8fb24172cd4e43ad8ac3884b22d6bf6e/gnocchi.beccc4fc-15a9-449a-8296-c9d61e6f94ce/1772280000.0_mean_300.0_v3" 201 - "PUT http://localhost:8080/v1/AUTH_8fb24172cd4e43ad8ac3884b22d6bf6e/gnocchi.beccc4fc-15a9-449a-8296-c9d61e6f94ce/1772280000.0_mean_300.0_v3" "tx64a2d7b3e25b4461931e1-0069b13e45" "proxy-server 21" 0.0359 "-" 23 0
Mar 11 10:04:53 standalone proxy-server[126512]: 172.18.0.2 ::1 11/Mar/2026/10/04/53 PUT /v1/AUTH_8fb24172cd4e43ad8ac3884b22d6bf6e/gnocchi.beccc4fc-15a9-449a-8296-c9d61e6f94ce/1772280000.0_mean_300.0_v3 HTTP/1.0 201 - python-swiftclient-3.11.1 gAAAAABpsT4nIeyE... 16 - - tx64a2d7b3e25b4461931e1-0069b13e45 - 0.0451 - - 1773223493.403338671 1773223493.448486567 0
Mar 11 10:04:53 standalone container-server[124238]: 172.20.0.100 - - [11/Mar/2026:10:04:53 +0000] "PUT /d1/998/AUTH_8fb24172cd4e43ad8ac3884b22d6bf6e/gnocchi.beccc4fc-15a9-449a-8296-c9d61e6f94ce/none_v3" 201 - "PUT http://localhost:8080/d1/245/AUTH_8fb24172cd4e43ad8ac3884b22d6bf6e/gnocchi.beccc4fc-15a9-449a-8296-c9d61e6f94ce/none_v3" "txd068310c226d4c21a1e63-0069b13e45" "object-server 25" 0.0008 "-" 23 0
Mar 11 10:04:53 standalone object-server[124457]: 172.20.0.100 - - [11/Mar/2026:10:04:53 +0000] "PUT /d1/245/AUTH_8fb24172cd4e43ad8ac3884b22d6bf6e/gnocchi.beccc4fc-15a9-449a-8296-c9d61e6f94ce/none_v3" 201 - "PUT http://localhost:8080/v1/AUTH_8fb24172cd4e43ad8ac3884b22d6bf6e/gnocchi.beccc4fc-15a9-449a-8296-c9d61e6f94ce/none_v3" "txd068310c226d4c21a1e63-0069b13e45" "proxy-server 21" 0.0111 "-" 25 0
Mar 11 10:04:53 standalone proxy-server[126512]: 172.18.0.2 ::1 11/Mar/2026/10/04/53 PUT /v1/AUTH_8fb24172cd4e43ad8ac3884b22d6bf6e/gnocchi.beccc4fc-15a9-449a-8296-c9d61e6f94ce/none_v3 HTTP/1.0 201 - python-swiftclient-3.11.1 gAAAAABpsT4nIeyE... 32 - - txd068310c226d4c21a1e63-0069b13e45 - 0.0192 - - 1773223493.453588724 1773223493.472776651 0
Mar 11 10:05:26 standalone account-server[124179]: 172.20.0.100 - - [11/Mar/2026:10:05:26 +0000] "HEAD /d1/556/AUTH_8fb24172cd4e43ad8ac3884b22d6bf6e" 204 - "HEAD http://localhost:8080/v1/AUTH_8fb24172cd4e43ad8ac3884b22d6bf6e?format=json" "txa0a3924da9cb478cbe825-0069b13e66" "proxy-server 21" 0.0065 "-" 23 -
Mar 11 10:05:26 standalone proxy-server[126512]: - - 11/Mar/2026/10/05/26 HEAD /v1/AUTH_8fb24172cd4e43ad8ac3884b22d6bf6e%3Fformat%3Djson HTTP/1.0 204 - Swift - - - - txa0a3924da9cb478cbe825-0069b13e66 - 0.0121 RL - 1773223526.270242214 1773223526.282314062 -
Mar 11 10:05:26 standalone container-server[124238]: 172.20.0.100 - - [11/Mar/2026:10:05:26 +0000] "HEAD /d1/790/AUTH_8fb24172cd4e43ad8ac3884b22d6bf6e/glance" 204 - "HEAD http://localhost:8080/v1/AUTH_8fb24172cd4e43ad8ac3884b22d6bf6e/glance?format=json&states=listing" "txa0a3924da9cb478cbe825-0069b13e66" "proxy-server 21" 0.0029 "-" 23 0
Mar 11 10:05:26 standalone object-server[124457]: 172.20.0.100 - - [11/Mar/2026:10:05:26 +0000] "GET /d1/203/AUTH_8fb24172cd4e43ad8ac3884b22d6bf6e/glance/43346a30-6a0c-4979-bea6-578769f1aede" 200 - "GET http://localhost:8080/v1/AUTH_8fb24172cd4e43ad8ac3884b22d6bf6e/glance/43346a30-6a0c-4979-bea6-578769f1aede" "txa0a3924da9cb478cbe825-0069b13e66" "proxy-server 21" 0.0018 "-" 25 0
Mar 11 10:05:26 standalone container-server[124193]: 172.20.0.100 - - [11/Mar/2026:10:05:26 +0000] "GET /d1/790/AUTH_8fb24172cd4e43ad8ac3884b22d6bf6e/glance" 200 210 "GET http://localhost:8080/v1/AUTH_8fb24172cd4e43ad8ac3884b22d6bf6e/glance?prefix=43346a30-6a0c-4979-bea6-578769f1aede-&format=json&states=listing" "txa0a3924da9cb478cbe825-0069b13e66" "proxy-server 21" 0.0041 "-" 20 0
Mar 11 10:05:26 standalone proxy-server[126512]: - - 11/Mar/2026/10/05/26 GET /v1/AUTH_8fb24172cd4e43ad8ac3884b22d6bf6e/glance%3Fprefix%3D43346a30-6a0c-4979-bea6-578769f1aede-%26format%3Djson%26states%3Dlisting HTTP/1.0 200 - python-swiftclient-3.11.1%20DLO%20MultipartGET gAAAAABpsT5mSUUc... - 210 - txa0a3924da9cb478cbe825-0069b13e66 - 0.0096 DLO - 1773223526.399833918 1773223526.409431696 0
Mar 11 10:05:26 standalone object-server[124455]: 172.20.0.100 - - [11/Mar/2026:10:05:26 +0000] "GET /d1/662/AUTH_8fb24172cd4e43ad8ac3884b22d6bf6e/glance/43346a30-6a0c-4979-bea6-578769f1aede-00001" 200 21692416 "GET http://localhost:8080/v1/AUTH_8fb24172cd4e43ad8ac3884b22d6bf6e/glance/43346a30-6a0c-4979-bea6-578769f1aede-00001?multipart-manifest=get" "txa0a3924da9cb478cbe825-0069b13e66" "proxy-server 21" 0.0008 "-" 24 0
Mar 11 10:05:26 standalone proxy-server[126512]: - - 11/Mar/2026/10/05/26 GET /v1/AUTH_8fb24172cd4e43ad8ac3884b22d6bf6e/glance/43346a30-6a0c-4979-bea6-578769f1aede-00001%3Fmultipart-manifest%3Dget HTTP/1.0 200 - python-swiftclient-3.11.1%20%20DLO%20MultipartGET gAAAAABpsT5mSUUc... - 21692416 - txa0a3924da9cb478cbe825-0069b13e66 - 0.1345 DLO - 1773223526.410183668 1773223526.544725418 0
Mar 11 10:05:26 standalone proxy-server[126512]: 172.18.0.2 ::1 11/Mar/2026/10/05/26 GET /v1/AUTH_8fb24172cd4e43ad8ac3884b22d6bf6e/glance/43346a30-6a0c-4979-bea6-578769f1aede HTTP/1.0 200 - python-swiftclient-3.11.1 gAAAAABpsT5mSUUc... - 21692416 - txa0a3924da9cb478cbe825-0069b13e66 - 0.2766 - - 1773223526.268698692 1773223526.545335770 0
Mar 11 10:05:27 standalone container-server[124193]: 172.20.0.100 - - [11/Mar/2026:10:05:27 +0000] "HEAD /d1/1000/AUTH_8fb24172cd4e43ad8ac3884b22d6bf6e/gnocchi.b503bcc5-2c4c-48b7-9f93-4dbcb55f232a" 404 - "HEAD http://localhost:8080/v1/AUTH_8fb24172cd4e43ad8ac3884b22d6bf6e/gnocchi.b503bcc5-2c4c-48b7-9f93-4dbcb55f232a?format=json&states=listing" "tx1ff413f0cf1b48b5953b0-0069b13e67" "proxy-server 21" 0.0012 "-" 20 0
Mar 11 10:05:27 standalone object-server[124452]: 172.20.0.100 - - [11/Mar/2026:10:05:27 +0000] "GET /d1/420/AUTH_8fb24172cd4e43ad8ac3884b22d6bf6e/gnocchi.b503bcc5-2c4c-48b7-9f93-4dbcb55f232a/none_v3" 404 70 "GET http://localhost:8080/v1/AUTH_8fb24172cd4e43ad8ac3884b22d6bf6e/gnocchi.b503bcc5-2c4c-48b7-9f93-4dbcb55f232a/none_v3" "tx1ff413f0cf1b48b5953b0-0069b13e67" "proxy-server 21" 0.0008 "-" 22 0
Mar 11 10:05:27 standalone proxy-server[126512]: 172.18.0.2 ::1 11/Mar/2026/10/05/27 GET /v1/AUTH_8fb24172cd4e43ad8ac3884b22d6bf6e/gnocchi.b503bcc5-2c4c-48b7-9f93-4dbcb55f232a/none_v3 HTTP/1.0 404 - python-swiftclient-3.11.1 gAAAAABpsT4nIeyE... - 70 - tx1ff413f0cf1b48b5953b0-0069b13e67 - 0.0195 - - 1773223527.456619740 1773223527.476128340 0
Mar 11 10:05:27 standalone account-server[124161]: 172.20.0.100 - - [11/Mar/2026:10:05:27 +0000] "PUT /d1/556/AUTH_8fb24172cd4e43ad8ac3884b22d6bf6e/gnocchi.b503bcc5-2c4c-48b7-9f93-4dbcb55f232a" 201 - "PUT http://172.20.0.100:6001/d1/1000/AUTH_8fb24172cd4e43ad8ac3884b22d6bf6e/gnocchi.b503bcc5-2c4c-48b7-9f93-4dbcb55f232a" "tx4ec0ea136fc343e289b80-0069b13e67" "container-server 22" 0.0016 "-" 20 0
Mar 11 10:05:27 standalone container-server[124217]: 172.20.0.100 - - [11/Mar/2026:10:05:27 +0000] "PUT /d1/1000/AUTH_8fb24172cd4e43ad8ac3884b22d6bf6e/gnocchi.b503bcc5-2c4c-48b7-9f93-4dbcb55f232a" 201 - "PUT http://localhost:8080/v1/AUTH_8fb24172cd4e43ad8ac3884b22d6bf6e/gnocchi.b503bcc5-2c4c-48b7-9f93-4dbcb55f232a" "tx4ec0ea136fc343e289b80-0069b13e67" "proxy-server 21" 0.0128 "-" 22 0
Mar 11 10:05:27 standalone proxy-server[126512]: 172.18.0.2 ::1 11/Mar/2026/10/05/27 PUT /v1/AUTH_8fb24172cd4e43ad8ac3884b22d6bf6e/gnocchi.b503bcc5-2c4c-48b7-9f93-4dbcb55f232a HTTP/1.0 201 - python-swiftclient-3.11.1 gAAAAABpsT4nIeyE... - - - tx4ec0ea136fc343e289b80-0069b13e67 - 0.0204 - - 1773223527.482825518 1773223527.503237724 0
Mar 11 10:05:27 standalone container-server[124238]: 172.20.0.100 - - [11/Mar/2026:10:05:27 +0000] "HEAD /d1/1000/AUTH_8fb24172cd4e43ad8ac3884b22d6bf6e/gnocchi.b503bcc5-2c4c-48b7-9f93-4dbcb55f232a" 204 - "HEAD http://localhost:8080/v1/AUTH_8fb24172cd4e43ad8ac3884b22d6bf6e/gnocchi.b503bcc5-2c4c-48b7-9f93-4dbcb55f232a?format=json&states=listing" "tx4b0f3ed60ae04b4fa754d-0069b13e67" "proxy-server 21" 0.0016 "-" 23 0
Mar 11 10:05:27 standalone proxy-server[126512]: - - 11/Mar/2026/10/05/27 HEAD /v1/AUTH_8fb24172cd4e43ad8ac3884b22d6bf6e/gnocchi.b503bcc5-2c4c-48b7-9f93-4dbcb55f232a%3Fformat%3Djson%26states%3Dlisting HTTP/1.0 204 - Swift - - - - tx4b0f3ed60ae04b4fa754d-0069b13e67 - 0.0072 RL - 1773223527.512470484 1773223527.519648790 0
Mar 11 10:05:27 standalone container-server[124238]: 172.20.0.100 - - [11/Mar/2026:10:05:27 +0000] "GET /d1/1000/AUTH_8fb24172cd4e43ad8ac3884b22d6bf6e/gnocchi.b503bcc5-2c4c-48b7-9f93-4dbcb55f232a" 200 2 "GET http://localhost:8080/v1/AUTH_8fb24172cd4e43ad8ac3884b22d6bf6e/gnocchi.b503bcc5-2c4c-48b7-9f93-4dbcb55f232a?format=json&states=listing" "tx4b0f3ed60ae04b4fa754d-0069b13e67" "proxy-server 21" 0.0039 "-" 23 0
Mar 11 10:05:27 standalone proxy-server[126512]: 172.18.0.2 ::1 11/Mar/2026/10/05/27 GET /v1/AUTH_8fb24172cd4e43ad8ac3884b22d6bf6e/gnocchi.b503bcc5-2c4c-48b7-9f93-4dbcb55f232a%3Fformat%3Djson%26states%3Dlisting HTTP/1.0 200 - python-swiftclient-3.11.1 gAAAAABpsT4nIeyE... - 2 - tx4b0f3ed60ae04b4fa754d-0069b13e67 - 0.0236 - - 1773223527.510480404 1773223527.534104586 0
Mar 11 10:05:27 standalone object-server[124457]: 172.20.0.100 - - [11/Mar/2026:10:05:27 +0000] "GET /d1/809/AUTH_8fb24172cd4e43ad8ac3884b22d6bf6e/gnocchi.b503bcc5-2c4c-48b7-9f93-4dbcb55f232a/1772280000.0_mean_300.0_v3" 404 70 "GET http://localhost:8080/v1/AUTH_8fb24172cd4e43ad8ac3884b22d6bf6e/gnocchi.b503bcc5-2c4c-48b7-9f93-4dbcb55f232a/1772280000.0_mean_300.0_v3" "txc6ff7573c8b4422d9e405-0069b13e67" "proxy-server 21" 0.0003 "-" 25 0
Mar 11 10:05:27 standalone proxy-server[126512]: 172.18.0.2 ::1 11/Mar/2026/10/05/27 GET /v1/AUTH_8fb24172cd4e43ad8ac3884b22d6bf6e/gnocchi.b503bcc5-2c4c-48b7-9f93-4dbcb55f232a/1772280000.0_mean_300.0_v3 HTTP/1.0 404 - python-swiftclient-3.11.1 gAAAAABpsT4nIeyE... - 70 - txc6ff7573c8b4422d9e405-0069b13e67 - 0.0093 - - 1773223527.541942358 1773223527.551257610 0
Mar 11 10:05:27 standalone container-server[124193]: 172.20.0.100 - - [11/Mar/2026:10:05:27 +0000] "PUT /d1/1000/AUTH_8fb24172cd4e43ad8ac3884b22d6bf6e/gnocchi.b503bcc5-2c4c-48b7-9f93-4dbcb55f232a/1772280000.0_mean_300.0_v3" 201 - "PUT http://localhost:8080/d1/809/AUTH_8fb24172cd4e43ad8ac3884b22d6bf6e/gnocchi.b503bcc5-2c4c-48b7-9f93-4dbcb55f232a/1772280000.0_mean_300.0_v3" "tx422c3690a0d74e1ba35fc-0069b13e67" "object-server 25" 0.0011 "-" 20 0
Mar 11 10:05:27 standalone object-server[124457]: 172.20.0.100 - - [11/Mar/2026:10:05:27 +0000] "PUT /d1/809/AUTH_8fb24172cd4e43ad8ac3884b22d6bf6e/gnocchi.b503bcc5-2c4c-48b7-9f93-4dbcb55f232a/1772280000.0_mean_300.0_v3" 201 - "PUT http://localhost:8080/v1/AUTH_8fb24172cd4e43ad8ac3884b22d6bf6e/gnocchi.b503bcc5-2c4c-48b7-9f93-4dbcb55f232a/1772280000.0_mean_300.0_v3" "tx422c3690a0d74e1ba35fc-0069b13e67" "proxy-server 21" 0.0121 "-" 25 0
Mar 11 10:05:27 standalone proxy-server[126512]: 172.18.0.2 ::1 11/Mar/2026/10/05/27 PUT /v1/AUTH_8fb24172cd4e43ad8ac3884b22d6bf6e/gnocchi.b503bcc5-2c4c-48b7-9f93-4dbcb55f232a/1772280000.0_mean_300.0_v3 HTTP/1.0 201 - python-swiftclient-3.11.1 gAAAAABpsT4nIeyE... 16 - - tx422c3690a0d74e1ba35fc-0069b13e67 - 0.0217 - - 1773223527.557575703 1773223527.579285145 0
Mar 11 10:05:27 standalone container-server[124205]: 172.20.0.100 - - [11/Mar/2026:10:05:27 +0000] "PUT /d1/1000/AUTH_8fb24172cd4e43ad8ac3884b22d6bf6e/gnocchi.b503bcc5-2c4c-48b7-9f93-4dbcb55f232a/none_v3" 201 - "PUT http://localhost:8080/d1/420/AUTH_8fb24172cd4e43ad8ac3884b22d6bf6e/gnocchi.b503bcc5-2c4c-48b7-9f93-4dbcb55f232a/none_v3" "tx0b2e05da95d3445eb9be0-0069b13e67" "object-server 24" 0.0007 "-" 21 0
Mar 11 10:05:27 standalone object-server[124455]: 172.20.0.100 - - [11/Mar/2026:10:05:27 +0000] "PUT /d1/420/AUTH_8fb24172cd4e43ad8ac3884b22d6bf6e/gnocchi.b503bcc5-2c4c-48b7-9f93-4dbcb55f232a/none_v3" 201 - "PUT http://localhost:8080/v1/AUTH_8fb24172cd4e43ad8ac3884b22d6bf6e/gnocchi.b503bcc5-2c4c-48b7-9f93-4dbcb55f232a/none_v3" "tx0b2e05da95d3445eb9be0-0069b13e67" "proxy-server 21" 0.0265 "-" 24 0
Mar 11 10:05:27 standalone proxy-server[126512]: 172.18.0.2 ::1 11/Mar/2026/10/05/27 PUT /v1/AUTH_8fb24172cd4e43ad8ac3884b22d6bf6e/gnocchi.b503bcc5-2c4c-48b7-9f93-4dbcb55f232a/none_v3 HTTP/1.0 201 - python-swiftclient-3.11.1 gAAAAABpsT4nIeyE... 22 - - tx0b2e05da95d3445eb9be0-0069b13e67 - 0.0371 - - 1773223527.585699320 1773223527.622819424 0
Mar 11 10:05:27 standalone container-server[124205]: 172.20.0.100 - - [11/Mar/2026:10:05:27 +0000] "HEAD /d1/911/AUTH_8fb24172cd4e43ad8ac3884b22d6bf6e/gnocchi.d1bb3f53-bec6-47a4-8711-6541cf2fe4ad" 404 - "HEAD http://localhost:8080/v1/AUTH_8fb24172cd4e43ad8ac3884b22d6bf6e/gnocchi.d1bb3f53-bec6-47a4-8711-6541cf2fe4ad?format=json&states=listing" "tx619c10bc81844770b6a3c-0069b13e67" "proxy-server 21" 0.0006 "-" 21 0
Mar 11 10:05:27 standalone object-server[124453]: 172.20.0.100 - - [11/Mar/2026:10:05:27 +0000] "GET /d1/885/AUTH_8fb24172cd4e43ad8ac3884b22d6bf6e/gnocchi.d1bb3f53-bec6-47a4-8711-6541cf2fe4ad/none_v3" 404 70 "GET http://localhost:8080/v1/AUTH_8fb24172cd4e43ad8ac3884b22d6bf6e/gnocchi.d1bb3f53-bec6-47a4-8711-6541cf2fe4ad/none_v3" "tx619c10bc81844770b6a3c-0069b13e67" "proxy-server 21" 0.0007 "-" 23 0
Mar 11 10:05:27 standalone proxy-server[126512]: 172.18.0.2 ::1 11/Mar/2026/10/05/27 GET /v1/AUTH_8fb24172cd4e43ad8ac3884b22d6bf6e/gnocchi.d1bb3f53-bec6-47a4-8711-6541cf2fe4ad/none_v3 HTTP/1.0 404 - python-swiftclient-3.11.1 gAAAAABpsT4nIeyE... - 70 - tx619c10bc81844770b6a3c-0069b13e67 - 0.0140 - - 1773223527.679831743 1773223527.693835974 0
Mar 11 10:05:27 standalone account-server[124164]: 172.20.0.100 - - [11/Mar/2026:10:05:27 +0000] "PUT /d1/556/AUTH_8fb24172cd4e43ad8ac3884b22d6bf6e/gnocchi.d1bb3f53-bec6-47a4-8711-6541cf2fe4ad" 201 - "PUT http://172.20.0.100:6001/d1/911/AUTH_8fb24172cd4e43ad8ac3884b22d6bf6e/gnocchi.d1bb3f53-bec6-47a4-8711-6541cf2fe4ad" "txf603880314454663a237b-0069b13e67" "container-server 22" 0.0075 "-" 21 0
Mar 11 10:05:27 standalone container-server[124217]: 172.20.0.100 - - [11/Mar/2026:10:05:27 +0000] "PUT /d1/911/AUTH_8fb24172cd4e43ad8ac3884b22d6bf6e/gnocchi.d1bb3f53-bec6-47a4-8711-6541cf2fe4ad" 201 - "PUT http://localhost:8080/v1/AUTH_8fb24172cd4e43ad8ac3884b22d6bf6e/gnocchi.d1bb3f53-bec6-47a4-8711-6541cf2fe4ad" "txf603880314454663a237b-0069b13e67" "proxy-server 21" 0.0232 "-" 22 0
Mar 11 10:05:27 standalone proxy-server[126512]: 172.18.0.2 ::1 11/Mar/2026/10/05/27 PUT /v1/AUTH_8fb24172cd4e43ad8ac3884b22d6bf6e/gnocchi.d1bb3f53-bec6-47a4-8711-6541cf2fe4ad HTTP/1.0 201 - python-swiftclient-3.11.1 gAAAAABpsT4nIeyE... - - - txf603880314454663a237b-0069b13e67 - 0.0309 - - 1773223527.698987961 1773223527.729898214 0
Mar 11 10:05:27 standalone container-server[124193]: 172.20.0.100 - - [11/Mar/2026:10:05:27 +0000] "HEAD /d1/911/AUTH_8fb24172cd4e43ad8ac3884b22d6bf6e/gnocchi.d1bb3f53-bec6-47a4-8711-6541cf2fe4ad" 204 - "HEAD http://localhost:8080/v1/AUTH_8fb24172cd4e43ad8ac3884b22d6bf6e/gnocchi.d1bb3f53-bec6-47a4-8711-6541cf2fe4ad?format=json&states=listing" "txdc541102d8df4cf796fe4-0069b13e67" "proxy-server 21" 0.0028 "-" 20 0
Mar 11 10:05:27 standalone proxy-server[126512]: - - 11/Mar/2026/10/05/27 HEAD /v1/AUTH_8fb24172cd4e43ad8ac3884b22d6bf6e/gnocchi.d1bb3f53-bec6-47a4-8711-6541cf2fe4ad%3Fformat%3Djson%26states%3Dlisting HTTP/1.0 204 - Swift - - - - txdc541102d8df4cf796fe4-0069b13e67 - 0.0097 RL - 1773223527.737753153 1773223527.747463226 0
Mar 11 10:05:27 standalone container-server[124217]: 172.20.0.100 - - [11/Mar/2026:10:05:27 +0000] "GET /d1/911/AUTH_8fb24172cd4e43ad8ac3884b22d6bf6e/gnocchi.d1bb3f53-bec6-47a4-8711-6541cf2fe4ad" 200 2 "GET http://localhost:8080/v1/AUTH_8fb24172cd4e43ad8ac3884b22d6bf6e/gnocchi.d1bb3f53-bec6-47a4-8711-6541cf2fe4ad?format=json&states=listing" "txdc541102d8df4cf796fe4-0069b13e67" "proxy-server 21" 0.0037 "-" 22 0
Mar 11 10:05:27 standalone proxy-server[126512]: 172.18.0.2 ::1 11/Mar/2026/10/05/27 GET /v1/AUTH_8fb24172cd4e43ad8ac3884b22d6bf6e/gnocchi.d1bb3f53-bec6-47a4-8711-6541cf2fe4ad%3Fformat%3Djson%26states%3Dlisting HTTP/1.0 200 - python-swiftclient-3.11.1 gAAAAABpsT4nIeyE... - 2 - txdc541102d8df4cf796fe4-0069b13e67 - 0.0264 - - 1773223527.736021757 1773223527.762439728 0
Mar 11 10:05:27 standalone object-server[124453]: 172.20.0.100 - - [11/Mar/2026:10:05:27 +0000] "GET /d1/305/AUTH_8fb24172cd4e43ad8ac3884b22d6bf6e/gnocchi.d1bb3f53-bec6-47a4-8711-6541cf2fe4ad/1772280000.0_mean_300.0_v3" 404 70 "GET http://localhost:8080/v1/AUTH_8fb24172cd4e43ad8ac3884b22d6bf6e/gnocchi.d1bb3f53-bec6-47a4-8711-6541cf2fe4ad/1772280000.0_mean_300.0_v3" "txf0b0f884b18b4020afc5c-0069b13e67" "proxy-server 21" 0.0005 "-" 23 0
Mar 11 10:05:27 standalone proxy-server[126512]: 172.18.0.2 ::1 11/Mar/2026/10/05/27 GET /v1/AUTH_8fb24172cd4e43ad8ac3884b22d6bf6e/gnocchi.d1bb3f53-bec6-47a4-8711-6541cf2fe4ad/1772280000.0_mean_300.0_v3 HTTP/1.0 404 - python-swiftclient-3.11.1 gAAAAABpsT4nIeyE... - 70 - txf0b0f884b18b4020afc5c-0069b13e67 - 0.0072 - - 1773223527.768783808 1773223527.775996923 0
Mar 11 10:05:27 standalone container-server[124217]: 172.20.0.100 - - [11/Mar/2026:10:05:27 +0000] "PUT /d1/911/AUTH_8fb24172cd4e43ad8ac3884b22d6bf6e/gnocchi.d1bb3f53-bec6-47a4-8711-6541cf2fe4ad/1772280000.0_mean_300.0_v3" 201 - "PUT http://localhost:8080/d1/305/AUTH_8fb24172cd4e43ad8ac3884b22d6bf6e/gnocchi.d1bb3f53-bec6-47a4-8711-6541cf2fe4ad/1772280000.0_mean_300.0_v3" "txb3a128b6d5364b308a3a6-0069b13e67" "object-server 22" 0.0008 "-" 22 0
Mar 11 10:05:27 standalone object-server[124452]: 172.20.0.100 - - [11/Mar/2026:10:05:27 +0000] "PUT /d1/305/AUTH_8fb24172cd4e43ad8ac3884b22d6bf6e/gnocchi.d1bb3f53-bec6-47a4-8711-6541cf2fe4ad/1772280000.0_mean_300.0_v3" 201 - "PUT http://localhost:8080/v1/AUTH_8fb24172cd4e43ad8ac3884b22d6bf6e/gnocchi.d1bb3f53-bec6-47a4-8711-6541cf2fe4ad/1772280000.0_mean_300.0_v3" "txb3a128b6d5364b308a3a6-0069b13e67" "proxy-server 21" 0.0119 "-" 22 0
Mar 11 10:05:27 standalone proxy-server[126512]: 172.18.0.2 ::1 11/Mar/2026/10/05/27 PUT /v1/AUTH_8fb24172cd4e43ad8ac3884b22d6bf6e/gnocchi.d1bb3f53-bec6-47a4-8711-6541cf2fe4ad/1772280000.0_mean_300.0_v3 HTTP/1.0 201 - python-swiftclient-3.11.1 gAAAAABpsT4nIeyE... 16 - - txb3a128b6d5364b308a3a6-0069b13e67 - 0.0203 - - 1773223527.780967951 1773223527.801232100 0
Mar 11 10:05:27 standalone container-server[124193]: 172.20.0.100 - - [11/Mar/2026:10:05:27 +0000] "PUT /d1/911/AUTH_8fb24172cd4e43ad8ac3884b22d6bf6e/gnocchi.d1bb3f53-bec6-47a4-8711-6541cf2fe4ad/none_v3" 201 - "PUT http://localhost:8080/d1/885/AUTH_8fb24172cd4e43ad8ac3884b22d6bf6e/gnocchi.d1bb3f53-bec6-47a4-8711-6541cf2fe4ad/none_v3" "tx97b370ac3ffd455abbf4b-0069b13e67" "object-server 24" 0.0009 "-" 20 0
Mar 11 10:05:27 standalone object-server[124455]: 172.20.0.100 - - [11/Mar/2026:10:05:27 +0000] "PUT /d1/885/AUTH_8fb24172cd4e43ad8ac3884b22d6bf6e/gnocchi.d1bb3f53-bec6-47a4-8711-6541cf2fe4ad/none_v3" 201 - "PUT http://localhost:8080/v1/AUTH_8fb24172cd4e43ad8ac3884b22d6bf6e/gnocchi.d1bb3f53-bec6-47a4-8711-6541cf2fe4ad/none_v3" "tx97b370ac3ffd455abbf4b-0069b13e67" "proxy-server 21" 0.0117 "-" 24 0
Mar 11 10:05:27 standalone proxy-server[126512]: 172.18.0.2 ::1 11/Mar/2026/10/05/27 PUT /v1/AUTH_8fb24172cd4e43ad8ac3884b22d6bf6e/gnocchi.d1bb3f53-bec6-47a4-8711-6541cf2fe4ad/none_v3 HTTP/1.0 201 - python-swiftclient-3.11.1 gAAAAABpsT4nIeyE... 22 - - tx97b370ac3ffd455abbf4b-0069b13e67 - 0.0196 - - 1773223527.805747747 1773223527.825314283 0
Mar 11 10:05:31 standalone container-server[124193]: 172.20.0.100 - - [11/Mar/2026:10:05:31 +0000] "HEAD /d1/904/AUTH_8fb24172cd4e43ad8ac3884b22d6bf6e/gnocchi.5e081eb0-a31a-46b4-91d6-12cf400322e4" 404 - "HEAD http://localhost:8080/v1/AUTH_8fb24172cd4e43ad8ac3884b22d6bf6e/gnocchi.5e081eb0-a31a-46b4-91d6-12cf400322e4?format=json&states=listing" "txcea8b9cc0e1f4e9e83641-0069b13e6b" "proxy-server 21" 0.0008 "-" 20 0
Mar 11 10:05:31 standalone object-server[124452]: 172.20.0.100 - - [11/Mar/2026:10:05:31 +0000] "GET /d1/735/AUTH_8fb24172cd4e43ad8ac3884b22d6bf6e/gnocchi.5e081eb0-a31a-46b4-91d6-12cf400322e4/none_v3" 404 70 "GET http://localhost:8080/v1/AUTH_8fb24172cd4e43ad8ac3884b22d6bf6e/gnocchi.5e081eb0-a31a-46b4-91d6-12cf400322e4/none_v3" "txcea8b9cc0e1f4e9e83641-0069b13e6b" "proxy-server 21" 0.0008 "-" 22 0
Mar 11 10:05:31 standalone proxy-server[126512]: 172.18.0.2 ::1 11/Mar/2026/10/05/31 GET /v1/AUTH_8fb24172cd4e43ad8ac3884b22d6bf6e/gnocchi.5e081eb0-a31a-46b4-91d6-12cf400322e4/none_v3 HTTP/1.0 404 - python-swiftclient-3.11.1 gAAAAABpsT4nIeyE... - 70 - txcea8b9cc0e1f4e9e83641-0069b13e6b - 0.0128 - - 1773223531.605154514 1773223531.617959261 0
Mar 11 10:05:31 standalone account-server[124161]: 172.20.0.100 - - [11/Mar/2026:10:05:31 +0000] "PUT /d1/556/AUTH_8fb24172cd4e43ad8ac3884b22d6bf6e/gnocchi.5e081eb0-a31a-46b4-91d6-12cf400322e4" 201 - "PUT http://172.20.0.100:6001/d1/904/AUTH_8fb24172cd4e43ad8ac3884b22d6bf6e/gnocchi.5e081eb0-a31a-46b4-91d6-12cf400322e4" "tx1e866b21ff21452c964f1-0069b13e6b" "container-server 21" 0.0069 "-" 20 0
Mar 11 10:05:31 standalone container-server[124205]: 172.20.0.100 - - [11/Mar/2026:10:05:31 +0000] "PUT /d1/904/AUTH_8fb24172cd4e43ad8ac3884b22d6bf6e/gnocchi.5e081eb0-a31a-46b4-91d6-12cf400322e4" 201 - "PUT http://localhost:8080/v1/AUTH_8fb24172cd4e43ad8ac3884b22d6bf6e/gnocchi.5e081eb0-a31a-46b4-91d6-12cf400322e4" "tx1e866b21ff21452c964f1-0069b13e6b" "proxy-server 21" 0.0202 "-" 21 0
Mar 11 10:05:31 standalone proxy-server[126512]: 172.18.0.2 ::1 11/Mar/2026/10/05/31 PUT /v1/AUTH_8fb24172cd4e43ad8ac3884b22d6bf6e/gnocchi.5e081eb0-a31a-46b4-91d6-12cf400322e4 HTTP/1.0 201 - python-swiftclient-3.11.1 gAAAAABpsT4nIeyE... - - - tx1e866b21ff21452c964f1-0069b13e6b - 0.0250 - - 1773223531.621722937 1773223531.646697521 0
Mar 11 10:05:31 standalone container-server[124238]: 172.20.0.100 - - [11/Mar/2026:10:05:31 +0000] "HEAD /d1/904/AUTH_8fb24172cd4e43ad8ac3884b22d6bf6e/gnocchi.5e081eb0-a31a-46b4-91d6-12cf400322e4" 204 - "HEAD http://localhost:8080/v1/AUTH_8fb24172cd4e43ad8ac3884b22d6bf6e/gnocchi.5e081eb0-a31a-46b4-91d6-12cf400322e4?format=json&states=listing" "tx558bcf2eaf1c441185c20-0069b13e6b" "proxy-server 21" 0.0044 "-" 23 0
Mar 11 10:05:31 standalone proxy-server[126512]: - - 11/Mar/2026/10/05/31 HEAD /v1/AUTH_8fb24172cd4e43ad8ac3884b22d6bf6e/gnocchi.5e081eb0-a31a-46b4-91d6-12cf400322e4%3Fformat%3Djson%26states%3Dlisting HTTP/1.0 204 - Swift - - - - tx558bcf2eaf1c441185c20-0069b13e6b - 0.0087 RL - 1773223531.651534319 1773223531.660250664 0
Mar 11 10:05:31 standalone container-server[124193]: 172.20.0.100 - - [11/Mar/2026:10:05:31 +0000] "GET /d1/904/AUTH_8fb24172cd4e43ad8ac3884b22d6bf6e/gnocchi.5e081eb0-a31a-46b4-91d6-12cf400322e4" 200 2 "GET http://localhost:8080/v1/AUTH_8fb24172cd4e43ad8ac3884b22d6bf6e/gnocchi.5e081eb0-a31a-46b4-91d6-12cf400322e4?format=json&states=listing" "tx558bcf2eaf1c441185c20-0069b13e6b" "proxy-server 21" 0.0019 "-" 20 0
