Mar 11 10:07:48 standalone container-server[124238]: 172.20.0.100 - - [11/Mar/2026:10:07:48 +0000] "GET /d1/590/AUTH_8fb24172cd4e43ad8ac3884b22d6bf6e/gnocchi.13bbd878-12c5-48c4-8414-614c7e471d04" 200 2 "GET http://localhost:8080/v1/AUTH_8fb24172cd4e43ad8ac3884b22d6bf6e/gnocchi.13bbd878-12c5-48c4-8414-614c7e471d04?format=json&states=listing" "txdbc6343a97664ff0a2c56-0069b13ef4" "proxy-server 21" 0.0034 "-" 23 0
Mar 11 10:07:48 standalone proxy-server[126512]: 172.18.0.2 ::1 11/Mar/2026/10/07/48 GET /v1/AUTH_8fb24172cd4e43ad8ac3884b22d6bf6e/gnocchi.13bbd878-12c5-48c4-8414-614c7e471d04%3Fformat%3Djson%26states%3Dlisting HTTP/1.0 200 - python-swiftclient-3.11.1 gAAAAABpsT4nIeyE... - 2 - txdbc6343a97664ff0a2c56-0069b13ef4 - 0.0147 - - 1773223668.645166397 1773223668.659857988 0
Mar 11 10:07:48 standalone object-server[124453]: 172.20.0.100 - - [11/Mar/2026:10:07:48 +0000] "GET /d1/1002/AUTH_8fb24172cd4e43ad8ac3884b22d6bf6e/gnocchi.13bbd878-12c5-48c4-8414-614c7e471d04/1772280000.0_mean_300.0_v3" 404 70 "GET http://localhost:8080/v1/AUTH_8fb24172cd4e43ad8ac3884b22d6bf6e/gnocchi.13bbd878-12c5-48c4-8414-614c7e471d04/1772280000.0_mean_300.0_v3" "tx3225ec6105334ea58c84d-0069b13ef4" "proxy-server 21" 0.0004 "-" 23 0
Mar 11 10:07:48 standalone proxy-server[126512]: 172.18.0.2 ::1 11/Mar/2026/10/07/48 GET /v1/AUTH_8fb24172cd4e43ad8ac3884b22d6bf6e/gnocchi.13bbd878-12c5-48c4-8414-614c7e471d04/1772280000.0_mean_300.0_v3 HTTP/1.0 404 - python-swiftclient-3.11.1 gAAAAABpsT4nIeyE... - 70 - tx3225ec6105334ea58c84d-0069b13ef4 - 0.0067 - - 1773223668.664831400 1773223668.671571970 0
Mar 11 10:07:48 standalone container-server[124217]: 172.20.0.100 - - [11/Mar/2026:10:07:48 +0000] "PUT /d1/590/AUTH_8fb24172cd4e43ad8ac3884b22d6bf6e/gnocchi.13bbd878-12c5-48c4-8414-614c7e471d04/1772280000.0_mean_300.0_v3" 201 - "PUT http://localhost:8080/d1/1002/AUTH_8fb24172cd4e43ad8ac3884b22d6bf6e/gnocchi.13bbd878-12c5-48c4-8414-614c7e471d04/1772280000.0_mean_300.0_v3" "txa6dd3b6bd632466dbda04-0069b13ef4" "object-server 23" 0.0004 "-" 22 0
Mar 11 10:07:48 standalone object-server[124453]: 172.20.0.100 - - [11/Mar/2026:10:07:48 +0000] "PUT /d1/1002/AUTH_8fb24172cd4e43ad8ac3884b22d6bf6e/gnocchi.13bbd878-12c5-48c4-8414-614c7e471d04/1772280000.0_mean_300.0_v3" 201 - "PUT http://localhost:8080/v1/AUTH_8fb24172cd4e43ad8ac3884b22d6bf6e/gnocchi.13bbd878-12c5-48c4-8414-614c7e471d04/1772280000.0_mean_300.0_v3" "txa6dd3b6bd632466dbda04-0069b13ef4" "proxy-server 21" 0.0089 "-" 23 0
Mar 11 10:07:48 standalone proxy-server[126512]: 172.18.0.2 ::1 11/Mar/2026/10/07/48 PUT /v1/AUTH_8fb24172cd4e43ad8ac3884b22d6bf6e/gnocchi.13bbd878-12c5-48c4-8414-614c7e471d04/1772280000.0_mean_300.0_v3 HTTP/1.0 201 - python-swiftclient-3.11.1 gAAAAABpsT4nIeyE... 16 - - txa6dd3b6bd632466dbda04-0069b13ef4 - 0.0172 - - 1773223668.677386761 1773223668.694624662 0
Mar 11 10:07:48 standalone container-server[124205]: 172.20.0.100 - - [11/Mar/2026:10:07:48 +0000] "PUT /d1/590/AUTH_8fb24172cd4e43ad8ac3884b22d6bf6e/gnocchi.13bbd878-12c5-48c4-8414-614c7e471d04/none_v3" 201 - "PUT http://localhost:8080/d1/566/AUTH_8fb24172cd4e43ad8ac3884b22d6bf6e/gnocchi.13bbd878-12c5-48c4-8414-614c7e471d04/none_v3" "tx71f54f7618984fc781bdc-0069b13ef4" "object-server 25" 0.0004 "-" 21 0
Mar 11 10:07:48 standalone object-server[124457]: 172.20.0.100 - - [11/Mar/2026:10:07:48 +0000] "PUT /d1/566/AUTH_8fb24172cd4e43ad8ac3884b22d6bf6e/gnocchi.13bbd878-12c5-48c4-8414-614c7e471d04/none_v3" 201 - "PUT http://localhost:8080/v1/AUTH_8fb24172cd4e43ad8ac3884b22d6bf6e/gnocchi.13bbd878-12c5-48c4-8414-614c7e471d04/none_v3" "tx71f54f7618984fc781bdc-0069b13ef4" "proxy-server 21" 0.0132 "-" 25 0
Mar 11 10:07:48 standalone proxy-server[126512]: 172.18.0.2 ::1 11/Mar/2026/10/07/48 PUT /v1/AUTH_8fb24172cd4e43ad8ac3884b22d6bf6e/gnocchi.13bbd878-12c5-48c4-8414-614c7e471d04/none_v3 HTTP/1.0 201 - python-swiftclient-3.11.1 gAAAAABpsT4nIeyE... 22 - - tx71f54f7618984fc781bdc-0069b13ef4 - 0.0225 - - 1773223668.699449062 1773223668.721929789 0
Mar 11 10:07:48 standalone container-server[124238]: 172.20.0.100 - - [11/Mar/2026:10:07:48 +0000] "HEAD /d1/777/AUTH_8fb24172cd4e43ad8ac3884b22d6bf6e/gnocchi.7bc8a93a-9d8b-406d-8af0-89fea8e48d17" 404 - "HEAD http://localhost:8080/v1/AUTH_8fb24172cd4e43ad8ac3884b22d6bf6e/gnocchi.7bc8a93a-9d8b-406d-8af0-89fea8e48d17?format=json&states=listing" "txc3c53ffc740743e98adf8-0069b13ef4" "proxy-server 21" 0.0005 "-" 23 0
Mar 11 10:07:48 standalone object-server[124452]: 172.20.0.100 - - [11/Mar/2026:10:07:48 +0000] "GET /d1/842/AUTH_8fb24172cd4e43ad8ac3884b22d6bf6e/gnocchi.7bc8a93a-9d8b-406d-8af0-89fea8e48d17/none_v3" 404 70 "GET http://localhost:8080/v1/AUTH_8fb24172cd4e43ad8ac3884b22d6bf6e/gnocchi.7bc8a93a-9d8b-406d-8af0-89fea8e48d17/none_v3" "txc3c53ffc740743e98adf8-0069b13ef4" "proxy-server 21" 0.0003 "-" 22 0
Mar 11 10:07:48 standalone proxy-server[126512]: 172.18.0.2 ::1 11/Mar/2026/10/07/48 GET /v1/AUTH_8fb24172cd4e43ad8ac3884b22d6bf6e/gnocchi.7bc8a93a-9d8b-406d-8af0-89fea8e48d17/none_v3 HTTP/1.0 404 - python-swiftclient-3.11.1 gAAAAABpsT4nIeyE... - 70 - txc3c53ffc740743e98adf8-0069b13ef4 - 0.0082 - - 1773223668.737908125 1773223668.746087074 0
Mar 11 10:07:48 standalone account-server[124164]: 172.20.0.100 - - [11/Mar/2026:10:07:48 +0000] "PUT /d1/556/AUTH_8fb24172cd4e43ad8ac3884b22d6bf6e/gnocchi.7bc8a93a-9d8b-406d-8af0-89fea8e48d17" 201 - "PUT http://172.20.0.100:6001/d1/777/AUTH_8fb24172cd4e43ad8ac3884b22d6bf6e/gnocchi.7bc8a93a-9d8b-406d-8af0-89fea8e48d17" "tx70066fce6a11434c84f32-0069b13ef4" "container-server 22" 0.0045 "-" 21 0
Mar 11 10:07:48 standalone container-server[124217]: 172.20.0.100 - - [11/Mar/2026:10:07:48 +0000] "PUT /d1/777/AUTH_8fb24172cd4e43ad8ac3884b22d6bf6e/gnocchi.7bc8a93a-9d8b-406d-8af0-89fea8e48d17" 201 - "PUT http://localhost:8080/v1/AUTH_8fb24172cd4e43ad8ac3884b22d6bf6e/gnocchi.7bc8a93a-9d8b-406d-8af0-89fea8e48d17" "tx70066fce6a11434c84f32-0069b13ef4" "proxy-server 21" 0.0123 "-" 22 0
Mar 11 10:07:48 standalone proxy-server[126512]: 172.18.0.2 ::1 11/Mar/2026/10/07/48 PUT /v1/AUTH_8fb24172cd4e43ad8ac3884b22d6bf6e/gnocchi.7bc8a93a-9d8b-406d-8af0-89fea8e48d17 HTTP/1.0 201 - python-swiftclient-3.11.1 gAAAAABpsT4nIeyE... - - - tx70066fce6a11434c84f32-0069b13ef4 - 0.0158 - - 1773223668.749684572 1773223668.765465021 0
Mar 11 10:07:48 standalone container-server[124193]: 172.20.0.100 - - [11/Mar/2026:10:07:48 +0000] "HEAD /d1/777/AUTH_8fb24172cd4e43ad8ac3884b22d6bf6e/gnocchi.7bc8a93a-9d8b-406d-8af0-89fea8e48d17" 204 - "HEAD http://localhost:8080/v1/AUTH_8fb24172cd4e43ad8ac3884b22d6bf6e/gnocchi.7bc8a93a-9d8b-406d-8af0-89fea8e48d17?format=json&states=listing" "tx84bb3777186b4551bb237-0069b13ef4" "proxy-server 21" 0.0011 "-" 20 0
Mar 11 10:07:48 standalone proxy-server[126512]: - - 11/Mar/2026/10/07/48 HEAD /v1/AUTH_8fb24172cd4e43ad8ac3884b22d6bf6e/gnocchi.7bc8a93a-9d8b-406d-8af0-89fea8e48d17%3Fformat%3Djson%26states%3Dlisting HTTP/1.0 204 - Swift - - - - tx84bb3777186b4551bb237-0069b13ef4 - 0.0035 RL - 1773223668.771616459 1773223668.775105715 0
Mar 11 10:07:48 standalone container-server[124193]: 172.20.0.100 - - [11/Mar/2026:10:07:48 +0000] "GET /d1/777/AUTH_8fb24172cd4e43ad8ac3884b22d6bf6e/gnocchi.7bc8a93a-9d8b-406d-8af0-89fea8e48d17" 200 2 "GET http://localhost:8080/v1/AUTH_8fb24172cd4e43ad8ac3884b22d6bf6e/gnocchi.7bc8a93a-9d8b-406d-8af0-89fea8e48d17?format=json&states=listing" "tx84bb3777186b4551bb237-0069b13ef4" "proxy-server 21" 0.0016 "-" 20 0
Mar 11 10:07:48 standalone proxy-server[126512]: 172.18.0.2 ::1 11/Mar/2026/10/07/48 GET /v1/AUTH_8fb24172cd4e43ad8ac3884b22d6bf6e/gnocchi.7bc8a93a-9d8b-406d-8af0-89fea8e48d17%3Fformat%3Djson%26states%3Dlisting HTTP/1.0 200 - python-swiftclient-3.11.1 gAAAAABpsT4nIeyE... - 2 - tx84bb3777186b4551bb237-0069b13ef4 - 0.0100 - - 1773223668.770766497 1773223668.780719519 0
Mar 11 10:07:48 standalone object-server[124457]: 172.20.0.100 - - [11/Mar/2026:10:07:48 +0000] "GET /d1/949/AUTH_8fb24172cd4e43ad8ac3884b22d6bf6e/gnocchi.7bc8a93a-9d8b-406d-8af0-89fea8e48d17/1772280000.0_mean_300.0_v3" 404 70 "GET http://localhost:8080/v1/AUTH_8fb24172cd4e43ad8ac3884b22d6bf6e/gnocchi.7bc8a93a-9d8b-406d-8af0-89fea8e48d17/1772280000.0_mean_300.0_v3" "txa5a7a9677dca401a95532-0069b13ef4" "proxy-server 21" 0.0005 "-" 25 0
Mar 11 10:07:48 standalone proxy-server[126512]: 172.18.0.2 ::1 11/Mar/2026/10/07/48 GET /v1/AUTH_8fb24172cd4e43ad8ac3884b22d6bf6e/gnocchi.7bc8a93a-9d8b-406d-8af0-89fea8e48d17/1772280000.0_mean_300.0_v3 HTTP/1.0 404 - python-swiftclient-3.11.1 gAAAAABpsT4nIeyE... - 70 - txa5a7a9677dca401a95532-0069b13ef4 - 0.0051 - - 1773223668.785348177 1773223668.790492773 0
Mar 11 10:07:48 standalone container-server[124238]: 172.20.0.100 - - [11/Mar/2026:10:07:48 +0000] "PUT /d1/777/AUTH_8fb24172cd4e43ad8ac3884b22d6bf6e/gnocchi.7bc8a93a-9d8b-406d-8af0-89fea8e48d17/1772280000.0_mean_300.0_v3" 201 - "PUT http://localhost:8080/d1/949/AUTH_8fb24172cd4e43ad8ac3884b22d6bf6e/gnocchi.7bc8a93a-9d8b-406d-8af0-89fea8e48d17/1772280000.0_mean_300.0_v3" "txb2180045d5c34990ba96c-0069b13ef4" "object-server 25" 0.0005 "-" 23 0
Mar 11 10:07:48 standalone object-server[124457]: 172.20.0.100 - - [11/Mar/2026:10:07:48 +0000] "PUT /d1/949/AUTH_8fb24172cd4e43ad8ac3884b22d6bf6e/gnocchi.7bc8a93a-9d8b-406d-8af0-89fea8e48d17/1772280000.0_mean_300.0_v3" 201 - "PUT http://localhost:8080/v1/AUTH_8fb24172cd4e43ad8ac3884b22d6bf6e/gnocchi.7bc8a93a-9d8b-406d-8af0-89fea8e48d17/1772280000.0_mean_300.0_v3" "txb2180045d5c34990ba96c-0069b13ef4" "proxy-server 21" 0.0095 "-" 25 0
Mar 11 10:07:48 standalone proxy-server[126512]: 172.18.0.2 ::1 11/Mar/2026/10/07/48 PUT /v1/AUTH_8fb24172cd4e43ad8ac3884b22d6bf6e/gnocchi.7bc8a93a-9d8b-406d-8af0-89fea8e48d17/1772280000.0_mean_300.0_v3 HTTP/1.0 201 - python-swiftclient-3.11.1 gAAAAABpsT4nIeyE... 16 - - txb2180045d5c34990ba96c-0069b13ef4 - 0.0144 - - 1773223668.794357300 1773223668.808747768 0
Mar 11 10:07:48 standalone container-server[124238]: 172.20.0.100 - - [11/Mar/2026:10:07:48 +0000] "PUT /d1/777/AUTH_8fb24172cd4e43ad8ac3884b22d6bf6e/gnocchi.7bc8a93a-9d8b-406d-8af0-89fea8e48d17/none_v3" 201 - "PUT http://localhost:8080/d1/842/AUTH_8fb24172cd4e43ad8ac3884b22d6bf6e/gnocchi.7bc8a93a-9d8b-406d-8af0-89fea8e48d17/none_v3" "tx4098c57b21bb4c6e88dab-0069b13ef4" "object-server 24" 0.0003 "-" 23 0
Mar 11 10:07:48 standalone object-server[124455]: 172.20.0.100 - - [11/Mar/2026:10:07:48 +0000] "PUT /d1/842/AUTH_8fb24172cd4e43ad8ac3884b22d6bf6e/gnocchi.7bc8a93a-9d8b-406d-8af0-89fea8e48d17/none_v3" 201 - "PUT http://localhost:8080/v1/AUTH_8fb24172cd4e43ad8ac3884b22d6bf6e/gnocchi.7bc8a93a-9d8b-406d-8af0-89fea8e48d17/none_v3" "tx4098c57b21bb4c6e88dab-0069b13ef4" "proxy-server 21" 0.0096 "-" 24 0
Mar 11 10:07:48 standalone proxy-server[126512]: 172.18.0.2 ::1 11/Mar/2026/10/07/48 PUT /v1/AUTH_8fb24172cd4e43ad8ac3884b22d6bf6e/gnocchi.7bc8a93a-9d8b-406d-8af0-89fea8e48d17/none_v3 HTTP/1.0 201 - python-swiftclient-3.11.1 gAAAAABpsT4nIeyE... 22 - - tx4098c57b21bb4c6e88dab-0069b13ef4 - 0.0152 - - 1773223668.812708378 1773223668.827947378 0
Mar 11 10:07:48 standalone container-server[124217]: 172.20.0.100 - - [11/Mar/2026:10:07:48 +0000] "HEAD /d1/774/AUTH_8fb24172cd4e43ad8ac3884b22d6bf6e/gnocchi.22d1c0de-78f2-4a33-86a6-83b9e1bd52f9" 404 - "HEAD http://localhost:8080/v1/AUTH_8fb24172cd4e43ad8ac3884b22d6bf6e/gnocchi.22d1c0de-78f2-4a33-86a6-83b9e1bd52f9?format=json&states=listing" "tx1cd304f24e904b84bec04-0069b13ef4" "proxy-server 21" 0.0004 "-" 22 0
Mar 11 10:07:48 standalone object-server[124455]: 172.20.0.100 - - [11/Mar/2026:10:07:48 +0000] "GET /d1/103/AUTH_8fb24172cd4e43ad8ac3884b22d6bf6e/gnocchi.22d1c0de-78f2-4a33-86a6-83b9e1bd52f9/none_v3" 404 70 "GET http://localhost:8080/v1/AUTH_8fb24172cd4e43ad8ac3884b22d6bf6e/gnocchi.22d1c0de-78f2-4a33-86a6-83b9e1bd52f9/none_v3" "tx1cd304f24e904b84bec04-0069b13ef4" "proxy-server 21" 0.0005 "-" 24 0
Mar 11 10:07:48 standalone proxy-server[126512]: 172.18.0.2 ::1 11/Mar/2026/10/07/48 GET /v1/AUTH_8fb24172cd4e43ad8ac3884b22d6bf6e/gnocchi.22d1c0de-78f2-4a33-86a6-83b9e1bd52f9/none_v3 HTTP/1.0 404 - python-swiftclient-3.11.1 gAAAAABpsT4nIeyE... - 70 - tx1cd304f24e904b84bec04-0069b13ef4 - 0.0088 - - 1773223668.841887712 1773223668.850700140 0
Mar 11 10:07:48 standalone account-server[124161]: 172.20.0.100 - - [11/Mar/2026:10:07:48 +0000] "PUT /d1/556/AUTH_8fb24172cd4e43ad8ac3884b22d6bf6e/gnocchi.22d1c0de-78f2-4a33-86a6-83b9e1bd52f9" 201 - "PUT http://172.20.0.100:6001/d1/774/AUTH_8fb24172cd4e43ad8ac3884b22d6bf6e/gnocchi.22d1c0de-78f2-4a33-86a6-83b9e1bd52f9" "tx0b5331bcb6bf4e76af3c1-0069b13ef4" "container-server 22" 0.0053 "-" 20 0
Mar 11 10:07:48 standalone container-server[124217]: 172.20.0.100 - - [11/Mar/2026:10:07:48 +0000] "PUT /d1/774/AUTH_8fb24172cd4e43ad8ac3884b22d6bf6e/gnocchi.22d1c0de-78f2-4a33-86a6-83b9e1bd52f9" 201 - "PUT http://localhost:8080/v1/AUTH_8fb24172cd4e43ad8ac3884b22d6bf6e/gnocchi.22d1c0de-78f2-4a33-86a6-83b9e1bd52f9" "tx0b5331bcb6bf4e76af3c1-0069b13ef4" "proxy-server 21" 0.0141 "-" 22 0
Mar 11 10:07:48 standalone proxy-server[126512]: 172.18.0.2 ::1 11/Mar/2026/10/07/48 PUT /v1/AUTH_8fb24172cd4e43ad8ac3884b22d6bf6e/gnocchi.22d1c0de-78f2-4a33-86a6-83b9e1bd52f9 HTTP/1.0 201 - python-swiftclient-3.11.1 gAAAAABpsT4nIeyE... - - - tx0b5331bcb6bf4e76af3c1-0069b13ef4 - 0.0184 - - 1773223668.854482889 1773223668.872894526 0
Mar 11 10:07:48 standalone container-server[124193]: 172.20.0.100 - - [11/Mar/2026:10:07:48 +0000] "HEAD /d1/774/AUTH_8fb24172cd4e43ad8ac3884b22d6bf6e/gnocchi.22d1c0de-78f2-4a33-86a6-83b9e1bd52f9" 204 - "HEAD http://localhost:8080/v1/AUTH_8fb24172cd4e43ad8ac3884b22d6bf6e/gnocchi.22d1c0de-78f2-4a33-86a6-83b9e1bd52f9?format=json&states=listing" "tx8a3730324c934c8dbbc64-0069b13ef4" "proxy-server 21" 0.0011 "-" 20 0
Mar 11 10:07:48 standalone proxy-server[126512]: - - 11/Mar/2026/10/07/48 HEAD /v1/AUTH_8fb24172cd4e43ad8ac3884b22d6bf6e/gnocchi.22d1c0de-78f2-4a33-86a6-83b9e1bd52f9%3Fformat%3Djson%26states%3Dlisting HTTP/1.0 204 - Swift - - - - tx8a3730324c934c8dbbc64-0069b13ef4 - 0.0048 RL - 1773223668.878173351 1773223668.882957935 0
Mar 11 10:07:48 standalone container-server[124238]: 172.20.0.100 - - [11/Mar/2026:10:07:48 +0000] "GET /d1/774/AUTH_8fb24172cd4e43ad8ac3884b22d6bf6e/gnocchi.22d1c0de-78f2-4a33-86a6-83b9e1bd52f9" 200 2 "GET http://localhost:8080/v1/AUTH_8fb24172cd4e43ad8ac3884b22d6bf6e/gnocchi.22d1c0de-78f2-4a33-86a6-83b9e1bd52f9?format=json&states=listing" "tx8a3730324c934c8dbbc64-0069b13ef4" "proxy-server 21" 0.0020 "-" 23 0
Mar 11 10:07:48 standalone proxy-server[126512]: 172.18.0.2 ::1 11/Mar/2026/10/07/48 GET /v1/AUTH_8fb24172cd4e43ad8ac3884b22d6bf6e/gnocchi.22d1c0de-78f2-4a33-86a6-83b9e1bd52f9%3Fformat%3Djson%26states%3Dlisting HTTP/1.0 200 - python-swiftclient-3.11.1 gAAAAABpsT4nIeyE... - 2 - tx8a3730324c934c8dbbc64-0069b13ef4 - 0.0132 - - 1773223668.877202272 1773223668.890363216 0
Mar 11 10:07:48 standalone object-server[124452]: 172.20.0.100 - - [11/Mar/2026:10:07:48 +0000] "GET /d1/905/AUTH_8fb24172cd4e43ad8ac3884b22d6bf6e/gnocchi.22d1c0de-78f2-4a33-86a6-83b9e1bd52f9/1772280000.0_mean_300.0_v3" 404 70 "GET http://localhost:8080/v1/AUTH_8fb24172cd4e43ad8ac3884b22d6bf6e/gnocchi.22d1c0de-78f2-4a33-86a6-83b9e1bd52f9/1772280000.0_mean_300.0_v3" "tx193111d779b0489b9d758-0069b13ef4" "proxy-server 21" 0.0005 "-" 22 0
Mar 11 10:07:48 standalone proxy-server[126512]: 172.18.0.2 ::1 11/Mar/2026/10/07/48 GET /v1/AUTH_8fb24172cd4e43ad8ac3884b22d6bf6e/gnocchi.22d1c0de-78f2-4a33-86a6-83b9e1bd52f9/1772280000.0_mean_300.0_v3 HTTP/1.0 404 - python-swiftclient-3.11.1 gAAAAABpsT4nIeyE... - 70 - tx193111d779b0489b9d758-0069b13ef4 - 0.0045 - - 1773223668.895390987 1773223668.899897814 0
Mar 11 10:07:48 standalone container-server[124193]: 172.20.0.100 - - [11/Mar/2026:10:07:48 +0000] "PUT /d1/774/AUTH_8fb24172cd4e43ad8ac3884b22d6bf6e/gnocchi.22d1c0de-78f2-4a33-86a6-83b9e1bd52f9/1772280000.0_mean_300.0_v3" 201 - "PUT http://localhost:8080/d1/905/AUTH_8fb24172cd4e43ad8ac3884b22d6bf6e/gnocchi.22d1c0de-78f2-4a33-86a6-83b9e1bd52f9/1772280000.0_mean_300.0_v3" "txcbe70a8f9d2a426cb1a3c-0069b13ef4" "object-server 23" 0.0008 "-" 20 0
Mar 11 10:07:48 standalone object-server[124453]: 172.20.0.100 - - [11/Mar/2026:10:07:48 +0000] "PUT /d1/905/AUTH_8fb24172cd4e43ad8ac3884b22d6bf6e/gnocchi.22d1c0de-78f2-4a33-86a6-83b9e1bd52f9/1772280000.0_mean_300.0_v3" 201 - "PUT http://localhost:8080/v1/AUTH_8fb24172cd4e43ad8ac3884b22d6bf6e/gnocchi.22d1c0de-78f2-4a33-86a6-83b9e1bd52f9/1772280000.0_mean_300.0_v3" "txcbe70a8f9d2a426cb1a3c-0069b13ef4" "proxy-server 21" 0.0115 "-" 23 0
Mar 11 10:07:48 standalone proxy-server[126512]: 172.18.0.2 ::1 11/Mar/2026/10/07/48 PUT /v1/AUTH_8fb24172cd4e43ad8ac3884b22d6bf6e/gnocchi.22d1c0de-78f2-4a33-86a6-83b9e1bd52f9/1772280000.0_mean_300.0_v3 HTTP/1.0 201 - python-swiftclient-3.11.1 gAAAAABpsT4nIeyE... 16 - - txcbe70a8f9d2a426cb1a3c-0069b13ef4 - 0.0169 - - 1773223668.904662132 1773223668.921595097 0
Mar 11 10:07:48 standalone container-server[124217]: 172.20.0.100 - - [11/Mar/2026:10:07:48 +0000] "PUT /d1/774/AUTH_8fb24172cd4e43ad8ac3884b22d6bf6e/gnocchi.22d1c0de-78f2-4a33-86a6-83b9e1bd52f9/none_v3" 201 - "PUT http://localhost:8080/d1/103/AUTH_8fb24172cd4e43ad8ac3884b22d6bf6e/gnocchi.22d1c0de-78f2-4a33-86a6-83b9e1bd52f9/none_v3" "txaa513c75f89147e8810d5-0069b13ef4" "object-server 22" 0.0004 "-" 22 0
Mar 11 10:07:48 standalone object-server[124452]: 172.20.0.100 - - [11/Mar/2026:10:07:48 +0000] "PUT /d1/103/AUTH_8fb24172cd4e43ad8ac3884b22d6bf6e/gnocchi.22d1c0de-78f2-4a33-86a6-83b9e1bd52f9/none_v3" 201 - "PUT http://localhost:8080/v1/AUTH_8fb24172cd4e43ad8ac3884b22d6bf6e/gnocchi.22d1c0de-78f2-4a33-86a6-83b9e1bd52f9/none_v3" "txaa513c75f89147e8810d5-0069b13ef4" "proxy-server 21" 0.0093 "-" 22 0
Mar 11 10:07:48 standalone proxy-server[126512]: 172.18.0.2 ::1 11/Mar/2026/10/07/48 PUT /v1/AUTH_8fb24172cd4e43ad8ac3884b22d6bf6e/gnocchi.22d1c0de-78f2-4a33-86a6-83b9e1bd52f9/none_v3 HTTP/1.0 201 - python-swiftclient-3.11.1 gAAAAABpsT4nIeyE... 22 - - txaa513c75f89147e8810d5-0069b13ef4 - 0.0145 - - 1773223668.926507950 1773223668.940969706 0
Mar 11 10:07:48 standalone container-server[124217]: 172.20.0.100 - - [11/Mar/2026:10:07:48 +0000] "HEAD /d1/761/AUTH_8fb24172cd4e43ad8ac3884b22d6bf6e/gnocchi.9901298a-d9e1-4ccf-b866-05be98e74412" 404 - "HEAD http://localhost:8080/v1/AUTH_8fb24172cd4e43ad8ac3884b22d6bf6e/gnocchi.9901298a-d9e1-4ccf-b866-05be98e74412?format=json&states=listing" "txbdba3feb0b484e01a317c-0069b13ef4" "proxy-server 21" 0.0003 "-" 22 0
Mar 11 10:07:48 standalone object-server[124453]: 172.20.0.100 - - [11/Mar/2026:10:07:48 +0000] "GET /d1/836/AUTH_8fb24172cd4e43ad8ac3884b22d6bf6e/gnocchi.9901298a-d9e1-4ccf-b866-05be98e74412/none_v3" 404 70 "GET http://localhost:8080/v1/AUTH_8fb24172cd4e43ad8ac3884b22d6bf6e/gnocchi.9901298a-d9e1-4ccf-b866-05be98e74412/none_v3" "txbdba3feb0b484e01a317c-0069b13ef4" "proxy-server 21" 0.0004 "-" 23 0
Mar 11 10:07:48 standalone proxy-server[126512]: 172.18.0.2 ::1 11/Mar/2026/10/07/48 GET /v1/AUTH_8fb24172cd4e43ad8ac3884b22d6bf6e/gnocchi.9901298a-d9e1-4ccf-b866-05be98e74412/none_v3 HTTP/1.0 404 - python-swiftclient-3.11.1 gAAAAABpsT4nIeyE... - 70 - txbdba3feb0b484e01a317c-0069b13ef4 - 0.0070 - - 1773223668.957338572 1773223668.964333296 0
Mar 11 10:07:48 standalone account-server[124161]: 172.20.0.100 - - [11/Mar/2026:10:07:48 +0000] "PUT /d1/556/AUTH_8fb24172cd4e43ad8ac3884b22d6bf6e/gnocchi.9901298a-d9e1-4ccf-b866-05be98e74412" 201 - "PUT http://172.20.0.100:6001/d1/761/AUTH_8fb24172cd4e43ad8ac3884b22d6bf6e/gnocchi.9901298a-d9e1-4ccf-b866-05be98e74412" "tx685de9fd5ce7413a8768f-0069b13ef4" "container-server 21" 0.0058 "-" 20 0
Mar 11 10:07:48 standalone container-server[124205]: 172.20.0.100 - - [11/Mar/2026:10:07:48 +0000] "PUT /d1/761/AUTH_8fb24172cd4e43ad8ac3884b22d6bf6e/gnocchi.9901298a-d9e1-4ccf-b866-05be98e74412" 201 - "PUT http://localhost:8080/v1/AUTH_8fb24172cd4e43ad8ac3884b22d6bf6e/gnocchi.9901298a-d9e1-4ccf-b866-05be98e74412" "tx685de9fd5ce7413a8768f-0069b13ef4" "proxy-server 21" 0.0196 "-" 21 0
Mar 11 10:07:48 standalone proxy-server[126512]: 172.18.0.2 ::1 11/Mar/2026/10/07/48 PUT /v1/AUTH_8fb24172cd4e43ad8ac3884b22d6bf6e/gnocchi.9901298a-d9e1-4ccf-b866-05be98e74412 HTTP/1.0 201 - python-swiftclient-3.11.1 gAAAAABpsT4nIeyE... - - - tx685de9fd5ce7413a8768f-0069b13ef4 - 0.0240 - - 1773223668.967845678 1773223668.991890669 0
Mar 11 10:07:49 standalone container-server[124217]: 172.20.0.100 - - [11/Mar/2026:10:07:49 +0000] "HEAD /d1/761/AUTH_8fb24172cd4e43ad8ac3884b22d6bf6e/gnocchi.9901298a-d9e1-4ccf-b866-05be98e74412" 204 - "HEAD http://localhost:8080/v1/AUTH_8fb24172cd4e43ad8ac3884b22d6bf6e/gnocchi.9901298a-d9e1-4ccf-b866-05be98e74412?format=json&states=listing" "txbd3e56be2bf7463b9b16b-0069b13ef4" "proxy-server 21" 0.0012 "-" 22 0
Mar 11 10:07:49 standalone proxy-server[126512]: - - 11/Mar/2026/10/07/49 HEAD /v1/AUTH_8fb24172cd4e43ad8ac3884b22d6bf6e/gnocchi.9901298a-d9e1-4ccf-b866-05be98e74412%3Fformat%3Djson%26states%3Dlisting HTTP/1.0 204 - Swift - - - - txbd3e56be2bf7463b9b16b-0069b13ef4 - 0.0034 RL - 1773223668.997811556 1773223669.001238346 0
Mar 11 10:07:49 standalone container-server[124238]: 172.20.0.100 - - [11/Mar/2026:10:07:49 +0000] "GET /d1/761/AUTH_8fb24172cd4e43ad8ac3884b22d6bf6e/gnocchi.9901298a-d9e1-4ccf-b866-05be98e74412" 200 2 "GET http://localhost:8080/v1/AUTH_8fb24172cd4e43ad8ac3884b22d6bf6e/gnocchi.9901298a-d9e1-4ccf-b866-05be98e74412?format=json&states=listing" "txbd3e56be2bf7463b9b16b-0069b13ef4" "proxy-server 21" 0.0016 "-" 23 0
Mar 11 10:07:49 standalone proxy-server[126512]: 172.18.0.2 ::1 11/Mar/2026/10/07/49 GET /v1/AUTH_8fb24172cd4e43ad8ac3884b22d6bf6e/gnocchi.9901298a-d9e1-4ccf-b866-05be98e74412%3Fformat%3Djson%26states%3Dlisting HTTP/1.0 200 - python-swiftclient-3.11.1 gAAAAABpsT4nIeyE... - 2 - txbd3e56be2bf7463b9b16b-0069b13ef4 - 0.0102 - - 1773223668.997010708 1773223669.007211447 0
Mar 11 10:07:49 standalone object-server[124457]: 172.20.0.100 - - [11/Mar/2026:10:07:49 +0000] "GET /d1/792/AUTH_8fb24172cd4e43ad8ac3884b22d6bf6e/gnocchi.9901298a-d9e1-4ccf-b866-05be98e74412/1772280000.0_mean_300.0_v3" 404 70 "GET http://localhost:8080/v1/AUTH_8fb24172cd4e43ad8ac3884b22d6bf6e/gnocchi.9901298a-d9e1-4ccf-b866-05be98e74412/1772280000.0_mean_300.0_v3" "tx8567a1bdecb14f309ba1f-0069b13ef5" "proxy-server 21" 0.0005 "-" 25 0
Mar 11 10:07:49 standalone proxy-server[126512]: 172.18.0.2 ::1 11/Mar/2026/10/07/49 GET /v1/AUTH_8fb24172cd4e43ad8ac3884b22d6bf6e/gnocchi.9901298a-d9e1-4ccf-b866-05be98e74412/1772280000.0_mean_300.0_v3 HTTP/1.0 404 - python-swiftclient-3.11.1 gAAAAABpsT4nIeyE... - 70 - tx8567a1bdecb14f309ba1f-0069b13ef5 - 0.0052 - - 1773223669.011754751 1773223669.016921759 0
Mar 11 10:07:49 standalone container-server[124217]: 172.20.0.100 - - [11/Mar/2026:10:07:49 +0000] "PUT /d1/761/AUTH_8fb24172cd4e43ad8ac3884b22d6bf6e/gnocchi.9901298a-d9e1-4ccf-b866-05be98e74412/1772280000.0_mean_300.0_v3" 201 - "PUT http://localhost:8080/d1/792/AUTH_8fb24172cd4e43ad8ac3884b22d6bf6e/gnocchi.9901298a-d9e1-4ccf-b866-05be98e74412/1772280000.0_mean_300.0_v3" "tx82888c7752534e7a92747-0069b13ef5" "object-server 23" 0.0008 "-" 22 0
Mar 11 10:07:49 standalone object-server[124453]: 172.20.0.100 - - [11/Mar/2026:10:07:49 +0000] "PUT /d1/792/AUTH_8fb24172cd4e43ad8ac3884b22d6bf6e/gnocchi.9901298a-d9e1-4ccf-b866-05be98e74412/1772280000.0_mean_300.0_v3" 201 - "PUT http://localhost:8080/v1/AUTH_8fb24172cd4e43ad8ac3884b22d6bf6e/gnocchi.9901298a-d9e1-4ccf-b866-05be98e74412/1772280000.0_mean_300.0_v3" "tx82888c7752534e7a92747-0069b13ef5" "proxy-server 21" 0.0118 "-" 23 0
Mar 11 10:07:49 standalone proxy-server[126512]: 172.18.0.2 ::1 11/Mar/2026/10/07/49 PUT /v1/AUTH_8fb24172cd4e43ad8ac3884b22d6bf6e/gnocchi.9901298a-d9e1-4ccf-b866-05be98e74412/1772280000.0_mean_300.0_v3 HTTP/1.0 201 - python-swiftclient-3.11.1 gAAAAABpsT4nIeyE... 16 - - tx82888c7752534e7a92747-0069b13ef5 - 0.0178 - - 1773223669.020776272 1773223669.038582087 0
Mar 11 10:07:49 standalone container-server[124217]: 172.20.0.100 - - [11/Mar/2026:10:07:49 +0000] "PUT /d1/761/AUTH_8fb24172cd4e43ad8ac3884b22d6bf6e/gnocchi.9901298a-d9e1-4ccf-b866-05be98e74412/none_v3" 201 - "PUT http://localhost:8080/d1/836/AUTH_8fb24172cd4e43ad8ac3884b22d6bf6e/gnocchi.9901298a-d9e1-4ccf-b866-05be98e74412/none_v3" "txa1dc5799dbdf40a594618-0069b13ef5" "object-server 22" 0.0008 "-" 22 0
Mar 11 10:07:49 standalone object-server[124452]: 172.20.0.100 - - [11/Mar/2026:10:07:49 +0000] "PUT /d1/836/AUTH_8fb24172cd4e43ad8ac3884b22d6bf6e/gnocchi.9901298a-d9e1-4ccf-b866-05be98e74412/none_v3" 201 - "PUT http://localhost:8080/v1/AUTH_8fb24172cd4e43ad8ac3884b22d6bf6e/gnocchi.9901298a-d9e1-4ccf-b866-05be98e74412/none_v3" "txa1dc5799dbdf40a594618-0069b13ef5" "proxy-server 21" 0.0109 "-" 22 0
Mar 11 10:07:49 standalone proxy-server[126512]: 172.18.0.2 ::1 11/Mar/2026/10/07/49 PUT /v1/AUTH_8fb24172cd4e43ad8ac3884b22d6bf6e/gnocchi.9901298a-d9e1-4ccf-b866-05be98e74412/none_v3 HTTP/1.0 201 - python-swiftclient-3.11.1 gAAAAABpsT4nIeyE... 22 - - txa1dc5799dbdf40a594618-0069b13ef5 - 0.0164 - - 1773223669.042517662 1773223669.058913946 0
Mar 11 10:07:49 standalone container-server[124205]: 172.20.0.100 - - [11/Mar/2026:10:07:49 +0000] "HEAD /d1/578/AUTH_8fb24172cd4e43ad8ac3884b22d6bf6e/gnocchi.85133525-69a2-4a83-b144-ddca393415b3" 404 - "HEAD http://localhost:8080/v1/AUTH_8fb24172cd4e43ad8ac3884b22d6bf6e/gnocchi.85133525-69a2-4a83-b144-ddca393415b3?format=json&states=listing" "tx89b89307ec5b4ebbaf49e-0069b13ef5" "proxy-server 21" 0.0006 "-" 21 0
Mar 11 10:07:49 standalone object-server[124457]: 172.20.0.100 - - [11/Mar/2026:10:07:49 +0000] "GET /d1/36/AUTH_8fb24172cd4e43ad8ac3884b22d6bf6e/gnocchi.85133525-69a2-4a83-b144-ddca393415b3/none_v3" 404 70 "GET http://localhost:8080/v1/AUTH_8fb24172cd4e43ad8ac3884b22d6bf6e/gnocchi.85133525-69a2-4a83-b144-ddca393415b3/none_v3" "tx89b89307ec5b4ebbaf49e-0069b13ef5" "proxy-server 21" 0.0004 "-" 25 0
Mar 11 10:07:49 standalone proxy-server[126512]: 172.18.0.2 ::1 11/Mar/2026/10/07/49 GET /v1/AUTH_8fb24172cd4e43ad8ac3884b22d6bf6e/gnocchi.85133525-69a2-4a83-b144-ddca393415b3/none_v3 HTTP/1.0 404 - python-swiftclient-3.11.1 gAAAAABpsT4nIeyE... - 70 - tx89b89307ec5b4ebbaf49e-0069b13ef5 - 0.0095 - - 1773223669.073374748 1773223669.082860947 0
Mar 11 10:07:49 standalone account-server[124161]: 172.20.0.100 - - [11/Mar/2026:10:07:49 +0000] "PUT /d1/556/AUTH_8fb24172cd4e43ad8ac3884b22d6bf6e/gnocchi.85133525-69a2-4a83-b144-ddca393415b3" 201 - "PUT http://172.20.0.100:6001/d1/578/AUTH_8fb24172cd4e43ad8ac3884b22d6bf6e/gnocchi.85133525-69a2-4a83-b144-ddca393415b3" "tx8abd0bb034e04494aceb7-0069b13ef5" "container-server 23" 0.0056 "-" 20 0
Mar 11 10:07:49 standalone container-server[124238]: 172.20.0.100 - - [11/Mar/2026:10:07:49 +0000] "PUT /d1/578/AUTH_8fb24172cd4e43ad8ac3884b22d6bf6e/gnocchi.85133525-69a2-4a83-b144-ddca393415b3" 201 - "PUT http://localhost:8080/v1/AUTH_8fb24172cd4e43ad8ac3884b22d6bf6e/gnocchi.85133525-69a2-4a83-b144-ddca393415b3" "tx8abd0bb034e04494aceb7-0069b13ef5" "proxy-server 21" 0.0186 "-" 23 0
Mar 11 10:07:49 standalone proxy-server[126512]: 172.18.0.2 ::1 11/Mar/2026/10/07/49 PUT /v1/AUTH_8fb24172cd4e43ad8ac3884b22d6bf6e/gnocchi.85133525-69a2-4a83-b144-ddca393415b3 HTTP/1.0 201 - python-swiftclient-3.11.1 gAAAAABpsT4nIeyE... - - - tx8abd0bb034e04494aceb7-0069b13ef5 - 0.0263 - - 1773223669.087108135 1773223669.113398790 0
Mar 11 10:07:49 standalone container-server[124193]: 172.20.0.100 - - [11/Mar/2026:10:07:49 +0000] "HEAD /d1/578/AUTH_8fb24172cd4e43ad8ac3884b22d6bf6e/gnocchi.85133525-69a2-4a83-b144-ddca393415b3" 204 - "HEAD http://localhost:8080/v1/AUTH_8fb24172cd4e43ad8ac3884b22d6bf6e/gnocchi.85133525-69a2-4a83-b144-ddca393415b3?format=json&states=listing" "tx8c025e11b31b49bc9d7fd-0069b13ef5" "proxy-server 21" 0.0022 "-" 20 0
Mar 11 10:07:49 standalone proxy-server[126512]: - - 11/Mar/2026/10/07/49 HEAD /v1/AUTH_8fb24172cd4e43ad8ac3884b22d6bf6e/gnocchi.85133525-69a2-4a83-b144-ddca393415b3%3Fformat%3Djson%26states%3Dlisting HTTP/1.0 204 - Swift - - - - tx8c025e11b31b49bc9d7fd-0069b13ef5 - 0.0061 RL - 1773223669.120152473 1773223669.126220703 0
Mar 11 10:07:49 standalone container-server[124238]: 172.20.0.100 - - [11/Mar/2026:10:07:49 +0000] "GET /d1/578/AUTH_8fb24172cd4e43ad8ac3884b22d6bf6e/gnocchi.85133525-69a2-4a83-b144-ddca393415b3" 200 2 "GET http://localhost:8080/v1/AUTH_8fb24172cd4e43ad8ac3884b22d6bf6e/gnocchi.85133525-69a2-4a83-b144-ddca393415b3?format=json&states=listing" "tx8c025e11b31b49bc9d7fd-0069b13ef5" "proxy-server 21" 0.0034 "-" 23 0
Mar 11 10:07:49 standalone proxy-server[126512]: 172.18.0.2 ::1 11/Mar/2026/10/07/49 GET /v1/AUTH_8fb24172cd4e43ad8ac3884b22d6bf6e/gnocchi.85133525-69a2-4a83-b144-ddca393415b3%3Fformat%3Djson%26states%3Dlisting HTTP/1.0 200 - python-swiftclient-3.11.1 gAAAAABpsT4nIeyE... - 2 - tx8c025e11b31b49bc9d7fd-0069b13ef5 - 0.0168 - - 1773223669.119030952 1773223669.135832548 0
Mar 11 10:07:49 standalone object-server[124452]: 172.20.0.100 - - [11/Mar/2026:10:07:49 +0000] "GET /d1/179/AUTH_8fb24172cd4e43ad8ac3884b22d6bf6e/gnocchi.85133525-69a2-4a83-b144-ddca393415b3/1772280000.0_mean_300.0_v3" 404 70 "GET http://localhost:8080/v1/AUTH_8fb24172cd4e43ad8ac3884b22d6bf6e/gnocchi.85133525-69a2-4a83-b144-ddca393415b3/1772280000.0_mean_300.0_v3" "tx9e6d4f9bc09a4d729872a-0069b13ef5" "proxy-server 21" 0.0005 "-" 22 0
Mar 11 10:07:49 standalone proxy-server[126512]: 172.18.0.2 ::1 11/Mar/2026/10/07/49 GET /v1/AUTH_8fb24172cd4e43ad8ac3884b22d6bf6e/gnocchi.85133525-69a2-4a83-b144-ddca393415b3/1772280000.0_mean_300.0_v3 HTTP/1.0 404 - python-swiftclient-3.11.1 gAAAAABpsT4nIeyE... - 70 - tx9e6d4f9bc09a4d729872a-0069b13ef5 - 0.0064 - - 1773223669.140716791 1773223669.147111177 0
Mar 11 10:07:49 standalone container-server[124217]: 172.20.0.100 - - [11/Mar/2026:10:07:49 +0000] "PUT /d1/578/AUTH_8fb24172cd4e43ad8ac3884b22d6bf6e/gnocchi.85133525-69a2-4a83-b144-ddca393415b3/1772280000.0_mean_300.0_v3" 201 - "PUT http://localhost:8080/d1/179/AUTH_8fb24172cd4e43ad8ac3884b22d6bf6e/gnocchi.85133525-69a2-4a83-b144-ddca393415b3/1772280000.0_mean_300.0_v3" "txabfd041d74af48bd99e95-0069b13ef5" "object-server 25" 0.0009 "-" 22 0
Mar 11 10:07:49 standalone object-server[124457]: 172.20.0.100 - - [11/Mar/2026:10:07:49 +0000] "PUT /d1/179/AUTH_8fb24172cd4e43ad8ac3884b22d6bf6e/gnocchi.85133525-69a2-4a83-b144-ddca393415b3/1772280000.0_mean_300.0_v3" 201 - "PUT http://localhost:8080/v1/AUTH_8fb24172cd4e43ad8ac3884b22d6bf6e/gnocchi.85133525-69a2-4a83-b144-ddca393415b3/1772280000.0_mean_300.0_v3" "txabfd041d74af48bd99e95-0069b13ef5" "proxy-server 21" 0.0122 "-" 25 0
Mar 11 10:07:49 standalone proxy-server[126512]: 172.18.0.2 ::1 11/Mar/2026/10/07/49 PUT /v1/AUTH_8fb24172cd4e43ad8ac3884b22d6bf6e/gnocchi.85133525-69a2-4a83-b144-ddca393415b3/1772280000.0_mean_300.0_v3 HTTP/1.0 201 - python-swiftclient-3.11.1 gAAAAABpsT4nIeyE... 16 - - txabfd041d74af48bd99e95-0069b13ef5 - 0.0197 - - 1773223669.151721239 1773223669.171381474 0
Mar 11 10:07:49 standalone container-server[124238]: 172.20.0.100 - - [11/Mar/2026:10:07:49 +0000] "PUT /d1/578/AUTH_8fb24172cd4e43ad8ac3884b22d6bf6e/gnocchi.85133525-69a2-4a83-b144-ddca393415b3/none_v3" 201 - "PUT http://localhost:8080/d1/36/AUTH_8fb24172cd4e43ad8ac3884b22d6bf6e/gnocchi.85133525-69a2-4a83-b144-ddca393415b3/none_v3" "tx0d8b7bda65a945f8a6367-0069b13ef5" "object-server 22" 0.0008 "-" 23 0
Mar 11 10:07:49 standalone object-server[124452]: 172.20.0.100 - - [11/Mar/2026:10:07:49 +0000] "PUT /d1/36/AUTH_8fb24172cd4e43ad8ac3884b22d6bf6e/gnocchi.85133525-69a2-4a83-b144-ddca393415b3/none_v3" 201 - "PUT http://localhost:8080/v1/AUTH_8fb24172cd4e43ad8ac3884b22d6bf6e/gnocchi.85133525-69a2-4a83-b144-ddca393415b3/none_v3" "tx0d8b7bda65a945f8a6367-0069b13ef5" "proxy-server 21" 0.0102 "-" 22 0
Mar 11 10:07:49 standalone proxy-server[126512]: 172.18.0.2 ::1 11/Mar/2026/10/07/49 PUT /v1/AUTH_8fb24172cd4e43ad8ac3884b22d6bf6e/gnocchi.85133525-69a2-4a83-b144-ddca393415b3/none_v3 HTTP/1.0 201 - python-swiftclient-3.11.1 gAAAAABpsT4nIeyE... 22 - - tx0d8b7bda65a945f8a6367-0069b13ef5 - 0.0160 - - 1773223669.176986217 1773223669.192977190 0
Mar 11 10:07:49 standalone container-server[124217]: 172.20.0.100 - - [11/Mar/2026:10:07:49 +0000] "HEAD /d1/565/AUTH_8fb24172cd4e43ad8ac3884b22d6bf6e/gnocchi.a6847277-5660-48f1-b08d-a3ee828e7e19" 404 - "HEAD http://localhost:8080/v1/AUTH_8fb24172cd4e43ad8ac3884b22d6bf6e/gnocchi.a6847277-5660-48f1-b08d-a3ee828e7e19?format=json&states=listing" "tx824ec17b4de24b24869a7-0069b13ef5" "proxy-server 21" 0.0006 "-" 22 0
Mar 11 10:07:49 standalone object-server[124457]: 172.20.0.100 - - [11/Mar/2026:10:07:49 +0000] "GET /d1/32/AUTH_8fb24172cd4e43ad8ac3884b22d6bf6e/gnocchi.a6847277-5660-48f1-b08d-a3ee828e7e19/none_v3" 404 70 "GET http://localhost:8080/v1/AUTH_8fb24172cd4e43ad8ac3884b22d6bf6e/gnocchi.a6847277-5660-48f1-b08d-a3ee828e7e19/none_v3" "tx824ec17b4de24b24869a7-0069b13ef5" "proxy-server 21" 0.0005 "-" 25 0
Mar 11 10:07:49 standalone proxy-server[126512]: 172.18.0.2 ::1 11/Mar/2026/10/07/49 GET /v1/AUTH_8fb24172cd4e43ad8ac3884b22d6bf6e/gnocchi.a6847277-5660-48f1-b08d-a3ee828e7e19/none_v3 HTTP/1.0 404 - python-swiftclient-3.11.1 gAAAAABpsT4nIeyE... - 70 - tx824ec17b4de24b24869a7-0069b13ef5 - 0.0108 - - 1773223669.207552671 1773223669.218331575 0
Mar 11 10:07:49 standalone account-server[124179]: 172.20.0.100 - - [11/Mar/2026:10:07:49 +0000] "PUT /d1/556/AUTH_8fb24172cd4e43ad8ac3884b22d6bf6e/gnocchi.a6847277-5660-48f1-b08d-a3ee828e7e19" 201 - "PUT http://172.20.0.100:6001/d1/565/AUTH_8fb24172cd4e43ad8ac3884b22d6bf6e/gnocchi.a6847277-5660-48f1-b08d-a3ee828e7e19" "tx05501c0683f8488c9a4f2-0069b13ef5" "container-server 22" 0.0064 "-" 23 0
Mar 11 10:07:49 standalone container-server[124217]: 172.20.0.100 - - [11/Mar/2026:10:07:49 +0000] "PUT /d1/565/AUTH_8fb24172cd4e43ad8ac3884b22d6bf6e/gnocchi.a6847277-5660-48f1-b08d-a3ee828e7e19" 201 - "PUT http://localhost:8080/v1/AUTH_8fb24172cd4e43ad8ac3884b22d6bf6e/gnocchi.a6847277-5660-48f1-b08d-a3ee828e7e19" "tx05501c0683f8488c9a4f2-0069b13ef5" "proxy-server 21" 0.0200 "-" 22 0
Mar 11 10:07:49 standalone proxy-server[126512]: 172.18.0.2 ::1 11/Mar/2026/10/07/49 PUT /v1/AUTH_8fb24172cd4e43ad8ac3884b22d6bf6e/gnocchi.a6847277-5660-48f1-b08d-a3ee828e7e19 HTTP/1.0 201 - python-swiftclient-3.11.1 gAAAAABpsT4nIeyE... - - - tx05501c0683f8488c9a4f2-0069b13ef5 - 0.0263 - - 1773223669.222516298 1773223669.248837948 0
Mar 11 10:07:49 standalone container-server[124193]: 172.20.0.100 - - [11/Mar/2026:10:07:49 +0000] "HEAD /d1/565/AUTH_8fb24172cd4e43ad8ac3884b22d6bf6e/gnocchi.a6847277-5660-48f1-b08d-a3ee828e7e19" 204 - "HEAD http://localhost:8080/v1/AUTH_8fb24172cd4e43ad8ac3884b22d6bf6e/gnocchi.a6847277-5660-48f1-b08d-a3ee828e7e19?format=json&states=listing" "tx2feab393f6c247a4bed21-0069b13ef5" "proxy-server 21" 0.0025 "-" 20 0
Mar 11 10:07:49 standalone proxy-server[126512]: - - 11/Mar/2026/10/07/49 HEAD /v1/AUTH_8fb24172cd4e43ad8ac3884b22d6bf6e/gnocchi.a6847277-5660-48f1-b08d-a3ee828e7e19%3Fformat%3Djson%26states%3Dlisting HTTP/1.0 204 - Swift - - - - tx2feab393f6c247a4bed21-0069b13ef5 - 0.0083 RL - 1773223669.257725239 1773223669.265979767 0
Mar 11 10:07:49 standalone container-server[124205]: 172.20.0.100 - - [11/Mar/2026:10:07:49 +0000] "GET /d1/565/AUTH_8fb24172cd4e43ad8ac3884b22d6bf6e/gnocchi.a6847277-5660-48f1-b08d-a3ee828e7e19" 200 2 "GET http://localhost:8080/v1/AUTH_8fb24172cd4e43ad8ac3884b22d6bf6e/gnocchi.a6847277-5660-48f1-b08d-a3ee828e7e19?format=json&states=listing" "tx2feab393f6c247a4bed21-0069b13ef5" "proxy-server 21" 0.0035 "-" 21 0
Mar 11 10:07:49 standalone proxy-server[126512]: 172.18.0.2 ::1 11/Mar/2026/10/07/49 GET /v1/AUTH_8fb24172cd4e43ad8ac3884b22d6bf6e/gnocchi.a6847277-5660-48f1-b08d-a3ee828e7e19%3Fformat%3Djson%26states%3Dlisting HTTP/1.0 200 - python-swiftclient-3.11.1 gAAAAABpsT4nIeyE... - 2 - tx2feab393f6c247a4bed21-0069b13ef5 - 0.0232 - - 1773223669.255764961 1773223669.278931856 0
Mar 11 10:07:49 standalone object-server[124455]: 172.20.0.100 - - [11/Mar/2026:10:07:49 +0000] "GET /d1/671/AUTH_8fb24172cd4e43ad8ac3884b22d6bf6e/gnocchi.a6847277-5660-48f1-b08d-a3ee828e7e19/1772280000.0_mean_300.0_v3" 404 70 "GET http://localhost:8080/v1/AUTH_8fb24172cd4e43ad8ac3884b22d6bf6e/gnocchi.a6847277-5660-48f1-b08d-a3ee828e7e19/1772280000.0_mean_300.0_v3" "txf3fd486b2a2b40f1a9383-0069b13ef5" "proxy-server 21" 0.0005 "-" 24 0
Mar 11 10:07:49 standalone proxy-server[126512]: 172.18.0.2 ::1 11/Mar/2026/10/07/49 GET /v1/AUTH_8fb24172cd4e43ad8ac3884b22d6bf6e/gnocchi.a6847277-5660-48f1-b08d-a3ee828e7e19/1772280000.0_mean_300.0_v3 HTTP/1.0 404 - python-swiftclient-3.11.1 gAAAAABpsT4nIeyE... - 70 - txf3fd486b2a2b40f1a9383-0069b13ef5 - 0.0101 - - 1773223669.285114765 1773223669.295218706 0
Mar 11 10:07:49 standalone container-server[124193]: 172.20.0.100 - - [11/Mar/2026:10:07:49 +0000] "PUT /d1/565/AUTH_8fb24172cd4e43ad8ac3884b22d6bf6e/gnocchi.a6847277-5660-48f1-b08d-a3ee828e7e19/1772280000.0_mean_300.0_v3" 201 - "PUT http://localhost:8080/d1/671/AUTH_8fb24172cd4e43ad8ac3884b22d6bf6e/gnocchi.a6847277-5660-48f1-b08d-a3ee828e7e19/1772280000.0_mean_300.0_v3" "txd3a32f429c934d07a27f5-0069b13ef5" "object-server 22" 0.0009 "-" 20 0
Mar 11 10:07:49 standalone object-server[124452]: 172.20.0.100 - - [11/Mar/2026:10:07:49 +0000] "PUT /d1/671/AUTH_8fb24172cd4e43ad8ac3884b22d6bf6e/gnocchi.a6847277-5660-48f1-b08d-a3ee828e7e19/1772280000.0_mean_300.0_v3" 201 - "PUT http://localhost:8080/v1/AUTH_8fb24172cd4e43ad8ac3884b22d6bf6e/gnocchi.a6847277-5660-48f1-b08d-a3ee828e7e19/1772280000.0_mean_300.0_v3" "txd3a32f429c934d07a27f5-0069b13ef5" "proxy-server 21" 0.0141 "-" 22 0
Mar 11 10:07:49 standalone proxy-server[126512]: 172.18.0.2 ::1 11/Mar/2026/10/07/49 PUT /v1/AUTH_8fb24172cd4e43ad8ac3884b22d6bf6e/gnocchi.a6847277-5660-48f1-b08d-a3ee828e7e19/1772280000.0_mean_300.0_v3 HTTP/1.0 201 - python-swiftclient-3.11.1 gAAAAABpsT4nIeyE... 16 - - txd3a32f429c934d07a27f5-0069b13ef5 - 0.0233 - - 1773223669.300563097 1773223669.323841095 0
Mar 11 10:07:49 standalone container-server[124217]: 172.20.0.100 - - [11/Mar/2026:10:07:49 +0000] "PUT /d1/565/AUTH_8fb24172cd4e43ad8ac3884b22d6bf6e/gnocchi.a6847277-5660-48f1-b08d-a3ee828e7e19/none_v3" 201 - "PUT http://localhost:8080/d1/32/AUTH_8fb24172cd4e43ad8ac3884b22d6bf6e/gnocchi.a6847277-5660-48f1-b08d-a3ee828e7e19/none_v3" "txc261dcb0ed354522b238d-0069b13ef5" "object-server 23" 0.0008 "-" 22 0
Mar 11 10:07:49 standalone object-server[124453]: 172.20.0.100 - - [11/Mar/2026:10:07:49 +0000] "PUT /d1/32/AUTH_8fb24172cd4e43ad8ac3884b22d6bf6e/gnocchi.a6847277-5660-48f1-b08d-a3ee828e7e19/none_v3" 201 - "PUT http://localhost:8080/v1/AUTH_8fb24172cd4e43ad8ac3884b22d6bf6e/gnocchi.a6847277-5660-48f1-b08d-a3ee828e7e19/none_v3" "txc261dcb0ed354522b238d-0069b13ef5" "proxy-server 21" 0.0132 "-" 23 0
Mar 11 10:07:49 standalone proxy-server[126512]: 172.18.0.2 ::1 11/Mar/2026/10/07/49 PUT /v1/AUTH_8fb24172cd4e43ad8ac3884b22d6bf6e/gnocchi.a6847277-5660-48f1-b08d-a3ee828e7e19/none_v3 HTTP/1.0 201 - python-swiftclient-3.11.1 gAAAAABpsT4nIeyE... 22 - - txc261dcb0ed354522b238d-0069b13ef5 - 0.0235 - - 1773223669.329451323 1773223669.352951527 0
Mar 11 10:07:49 standalone container-server[124193]: 172.20.0.100 - - [11/Mar/2026:10:07:49 +0000] "HEAD /d1/669/AUTH_8fb24172cd4e43ad8ac3884b22d6bf6e/gnocchi.5d5111cc-ad99-443b-a683-2aaa5451b045" 404 - "HEAD http://localhost:8080/v1/AUTH_8fb24172cd4e43ad8ac3884b22d6bf6e/gnocchi.5d5111cc-ad99-443b-a683-2aaa5451b045?format=json&states=listing" "tx6fab67e872414883bbbaf-0069b13ef5" "proxy-server 21" 0.0005 "-" 20 0
Mar 11 10:07:49 standalone object-server[124455]: 172.20.0.100 - - [11/Mar/2026:10:07:49 +0000] "GET /d1/762/AUTH_8fb24172cd4e43ad8ac3884b22d6bf6e/gnocchi.5d5111cc-ad99-443b-a683-2aaa5451b045/none_v3" 404 70 "GET http://localhost:8080/v1/AUTH_8fb24172cd4e43ad8ac3884b22d6bf6e/gnocchi.5d5111cc-ad99-443b-a683-2aaa5451b045/none_v3" "tx6fab67e872414883bbbaf-0069b13ef5" "proxy-server 21" 0.0005 "-" 24 0
Mar 11 10:07:49 standalone proxy-server[126512]: 172.18.0.2 ::1 11/Mar/2026/10/07/49 GET /v1/AUTH_8fb24172cd4e43ad8ac3884b22d6bf6e/gnocchi.5d5111cc-ad99-443b-a683-2aaa5451b045/none_v3 HTTP/1.0 404 - python-swiftclient-3.11.1 gAAAAABpsT4nIeyE... - 70 - tx6fab67e872414883bbbaf-0069b13ef5 - 0.0160 - - 1773223669.368231773 1773223669.384219170 0
Mar 11 10:07:49 standalone account-server[124161]: 172.20.0.100 - - [11/Mar/2026:10:07:49 +0000] "PUT /d1/556/AUTH_8fb24172cd4e43ad8ac3884b22d6bf6e/gnocchi.5d5111cc-ad99-443b-a683-2aaa5451b045" 201 - "PUT http://172.20.0.100:6001/d1/669/AUTH_8fb24172cd4e43ad8ac3884b22d6bf6e/gnocchi.5d5111cc-ad99-443b-a683-2aaa5451b045" "txd5c956e22d4b488ab911a-0069b13ef5" "container-server 20" 0.0061 "-" 20 0
Mar 11 10:07:49 standalone container-server[124193]: 172.20.0.100 - - [11/Mar/2026:10:07:49 +0000] "PUT /d1/669/AUTH_8fb24172cd4e43ad8ac3884b22d6bf6e/gnocchi.5d5111cc-ad99-443b-a683-2aaa5451b045" 201 - "PUT http://localhost:8080/v1/AUTH_8fb24172cd4e43ad8ac3884b22d6bf6e/gnocchi.5d5111cc-ad99-443b-a683-2aaa5451b045" "txd5c956e22d4b488ab911a-0069b13ef5" "proxy-server 21" 0.0221 "-" 20 0
Mar 11 10:07:49 standalone proxy-server[126512]: 172.18.0.2 ::1 11/Mar/2026/10/07/49 PUT /v1/AUTH_8fb24172cd4e43ad8ac3884b22d6bf6e/gnocchi.5d5111cc-ad99-443b-a683-2aaa5451b045 HTTP/1.0 201 - python-swiftclient-3.11.1 gAAAAABpsT4nIeyE... - - - txd5c956e22d4b488ab911a-0069b13ef5 - 0.0315 - - 1773223669.389507294 1773223669.421016932 0
Mar 11 10:07:49 standalone container-server[124217]: 172.20.0.100 - - [11/Mar/2026:10:07:49 +0000] "HEAD /d1/669/AUTH_8fb24172cd4e43ad8ac3884b22d6bf6e/gnocchi.5d5111cc-ad99-443b-a683-2aaa5451b045" 204 - "HEAD http://localhost:8080/v1/AUTH_8fb24172cd4e43ad8ac3884b22d6bf6e/gnocchi.5d5111cc-ad99-443b-a683-2aaa5451b045?format=json&states=listing" "tx39d1dfce1b6e40838b235-0069b13ef5" "proxy-server 21" 0.0021 "-" 22 0
Mar 11 10:07:49 standalone proxy-server[126512]: - - 11/Mar/2026/10/07/49 HEAD /v1/AUTH_8fb24172cd4e43ad8ac3884b22d6bf6e/gnocchi.5d5111cc-ad99-443b-a683-2aaa5451b045%3Fformat%3Djson%26states%3Dlisting HTTP/1.0 204 - Swift - - - - tx39d1dfce1b6e40838b235-0069b13ef5 - 0.0080 RL - 1773223669.428354025 1773223669.436371088 0
Mar 11 10:07:49 standalone container-server[124238]: 172.20.0.100 - - [11/Mar/2026:10:07:49 +0000] "GET /d1/669/AUTH_8fb24172cd4e43ad8ac3884b22d6bf6e/gnocchi.5d5111cc-ad99-443b-a683-2aaa5451b045" 200 2 "GET http://localhost:8080/v1/AUTH_8fb24172cd4e43ad8ac3884b22d6bf6e/gnocchi.5d5111cc-ad99-443b-a683-2aaa5451b045?format=json&states=listing" "tx39d1dfce1b6e40838b235-0069b13ef5" "proxy-server 21" 0.0036 "-" 23 0
Mar 11 10:07:49 standalone proxy-server[126512]: 172.18.0.2 ::1 11/Mar/2026/10/07/49 GET /v1/AUTH_8fb24172cd4e43ad8ac3884b22d6bf6e/gnocchi.5d5111cc-ad99-443b-a683-2aaa5451b045%3Fformat%3Djson%26states%3Dlisting HTTP/1.0 200 - python-swiftclient-3.11.1 gAAAAABpsT4nIeyE... - 2 - tx39d1dfce1b6e40838b235-0069b13ef5 - 0.0233 - - 1773223669.426554918 1773223669.449857235 0
Mar 11 10:07:49 standalone object-server[124453]: 172.20.0.100 - - [11/Mar/2026:10:07:49 +0000] "GET /d1/807/AUTH_8fb24172cd4e43ad8ac3884b22d6bf6e/gnocchi.5d5111cc-ad99-443b-a683-2aaa5451b045/1772280000.0_mean_300.0_v3" 404 70 "GET http://localhost:8080/v1/AUTH_8fb24172cd4e43ad8ac3884b22d6bf6e/gnocchi.5d5111cc-ad99-443b-a683-2aaa5451b045/1772280000.0_mean_300.0_v3" "tx38ae81cb92dd414c8e665-0069b13ef5" "proxy-server 21" 0.0005 "-" 23 0
Mar 11 10:07:49 standalone proxy-server[126512]: 172.18.0.2 ::1 11/Mar/2026/10/07/49 GET /v1/AUTH_8fb24172cd4e43ad8ac3884b22d6bf6e/gnocchi.5d5111cc-ad99-443b-a683-2aaa5451b045/1772280000.0_mean_300.0_v3 HTTP/1.0 404 - python-swiftclient-3.11.1 gAAAAABpsT4nIeyE... - 70 - tx38ae81cb92dd414c8e665-0069b13ef5 - 0.0088 - - 1773223669.456229687 1773223669.465055466 0
Mar 11 10:07:49 standalone container-server[124205]: 172.20.0.100 - - [11/Mar/2026:10:07:49 +0000] "PUT /d1/669/AUTH_8fb24172cd4e43ad8ac3884b22d6bf6e/gnocchi.5d5111cc-ad99-443b-a683-2aaa5451b045/1772280000.0_mean_300.0_v3" 201 - "PUT http://localhost:8080/d1/807/AUTH_8fb24172cd4e43ad8ac3884b22d6bf6e/gnocchi.5d5111cc-ad99-443b-a683-2aaa5451b045/1772280000.0_mean_300.0_v3" "tx760e9247a7dc4bce99e96-0069b13ef5" "object-server 25" 0.0009 "-" 21 0
Mar 11 10:07:49 standalone object-server[124457]: 172.20.0.100 - - [11/Mar/2026:10:07:49 +0000] "PUT /d1/807/AUTH_8fb24172cd4e43ad8ac3884b22d6bf6e/gnocchi.5d5111cc-ad99-443b-a683-2aaa5451b045/1772280000.0_mean_300.0_v3" 201 - "PUT http://localhost:8080/v1/AUTH_8fb24172cd4e43ad8ac3884b22d6bf6e/gnocchi.5d5111cc-ad99-443b-a683-2aaa5451b045/1772280000.0_mean_300.0_v3" "tx760e9247a7dc4bce99e96-0069b13ef5" "proxy-server 21" 0.0120 "-" 25 0
Mar 11 10:07:49 standalone proxy-server[126512]: 172.18.0.2 ::1 11/Mar/2026/10/07/49 PUT /v1/AUTH_8fb24172cd4e43ad8ac3884b22d6bf6e/gnocchi.5d5111cc-ad99-443b-a683-2aaa5451b045/1772280000.0_mean_300.0_v3 HTTP/1.0 201 - python-swiftclient-3.11.1 gAAAAABpsT4nIeyE... 16 - - tx760e9247a7dc4bce99e96-0069b13ef5 - 0.0205 - - 1773223669.469831467 1773223669.490312099 0
Mar 11 10:07:49 standalone container-server[124217]: 172.20.0.100 - - [11/Mar/2026:10:07:49 +0000] "PUT /d1/669/AUTH_8fb24172cd4e43ad8ac3884b22d6bf6e/gnocchi.5d5111cc-ad99-443b-a683-2aaa5451b045/none_v3" 201 - "PUT http://localhost:8080/d1/762/AUTH_8fb24172cd4e43ad8ac3884b22d6bf6e/gnocchi.5d5111cc-ad99-443b-a683-2aaa5451b045/none_v3" "tx4a401e408ddc4d8484042-0069b13ef5" "object-server 22" 0.0007 "-" 22 0
Mar 11 10:07:49 standalone object-server[124452]: 172.20.0.100 - - [11/Mar/2026:10:07:49 +0000] "PUT /d1/762/AUTH_8fb24172cd4e43ad8ac3884b22d6bf6e/gnocchi.5d5111cc-ad99-443b-a683-2aaa5451b045/none_v3" 201 - "PUT http://localhost:8080/v1/AUTH_8fb24172cd4e43ad8ac3884b22d6bf6e/gnocchi.5d5111cc-ad99-443b-a683-2aaa5451b045/none_v3" "tx4a401e408ddc4d8484042-0069b13ef5" "proxy-server 21" 0.0121 "-" 22 0
Mar 11 10:07:49 standalone proxy-server[126512]: 172.18.0.2 ::1 11/Mar/2026/10/07/49 PUT /v1/AUTH_8fb24172cd4e43ad8ac3884b22d6bf6e/gnocchi.5d5111cc-ad99-443b-a683-2aaa5451b045/none_v3 HTTP/1.0 201 - python-swiftclient-3.11.1 gAAAAABpsT4nIeyE... 22 - - tx4a401e408ddc4d8484042-0069b13ef5 - 0.0210 - - 1773223669.495323658 1773223669.516278505 0
Mar 11 10:07:49 standalone container-server[124193]: 172.20.0.100 - - [11/Mar/2026:10:07:49 +0000] "HEAD /d1/696/AUTH_8fb24172cd4e43ad8ac3884b22d6bf6e/gnocchi.88272855-7db2-422a-bb4a-14f5890e9f5a" 404 - "HEAD http://localhost:8080/v1/AUTH_8fb24172cd4e43ad8ac3884b22d6bf6e/gnocchi.88272855-7db2-422a-bb4a-14f5890e9f5a?format=json&states=listing" "txf720340c6e5640fbb0a5c-0069b13ef5" "proxy-server 21" 0.0006 "-" 20 0
Mar 11 10:07:49 standalone object-server[124457]: 172.20.0.100 - - [11/Mar/2026:10:07:49 +0000] "GET /d1/574/AUTH_8fb24172cd4e43ad8ac3884b22d6bf6e/gnocchi.88272855-7db2-422a-bb4a-14f5890e9f5a/none_v3" 404 70 "GET http://localhost:8080/v1/AUTH_8fb24172cd4e43ad8ac3884b22d6bf6e/gnocchi.88272855-7db2-422a-bb4a-14f5890e9f5a/none_v3" "txf720340c6e5640fbb0a5c-0069b13ef5" "proxy-server 21" 0.0003 "-" 25 0
Mar 11 10:07:49 standalone proxy-server[126512]: 172.18.0.2 ::1 11/Mar/2026/10/07/49 GET /v1/AUTH_8fb24172cd4e43ad8ac3884b22d6bf6e/gnocchi.88272855-7db2-422a-bb4a-14f5890e9f5a/none_v3 HTTP/1.0 404 - python-swiftclient-3.11.1 gAAAAABpsT4nIeyE... - 70 - txf720340c6e5640fbb0a5c-0069b13ef5 - 0.0172 - - 1773223669.533294678 1773223669.550538301 0
Mar 11 10:07:49 standalone account-server[124179]: 172.20.0.100 - - [11/Mar/2026:10:07:49 +0000] "PUT /d1/556/AUTH_8fb24172cd4e43ad8ac3884b22d6bf6e/gnocchi.88272855-7db2-422a-bb4a-14f5890e9f5a" 201 - "PUT http://172.20.0.100:6001/d1/696/AUTH_8fb24172cd4e43ad8ac3884b22d6bf6e/gnocchi.88272855-7db2-422a-bb4a-14f5890e9f5a" "txdfc931a091ab42b5b7bc8-0069b13ef5" "container-server 22" 0.0055 "-" 23 0
Mar 11 10:07:49 standalone container-server[124217]: 172.20.0.100 - - [11/Mar/2026:10:07:49 +0000] "PUT /d1/696/AUTH_8fb24172cd4e43ad8ac3884b22d6bf6e/gnocchi.88272855-7db2-422a-bb4a-14f5890e9f5a" 201 - "PUT http://localhost:8080/v1/AUTH_8fb24172cd4e43ad8ac3884b22d6bf6e/gnocchi.88272855-7db2-422a-bb4a-14f5890e9f5a" "txdfc931a091ab42b5b7bc8-0069b13ef5" "proxy-server 21" 0.0187 "-" 22 0
Mar 11 10:07:49 standalone proxy-server[126512]: 172.18.0.2 ::1 11/Mar/2026/10/07/49 PUT /v1/AUTH_8fb24172cd4e43ad8ac3884b22d6bf6e/gnocchi.88272855-7db2-422a-bb4a-14f5890e9f5a HTTP/1.0 201 - python-swiftclient-3.11.1 gAAAAABpsT4nIeyE... - - - txdfc931a091ab42b5b7bc8-0069b13ef5 - 0.0274 - - 1773223669.555071115 1773223669.582456350 0
Mar 11 10:07:49 standalone container-server[124238]: 172.20.0.100 - - [11/Mar/2026:10:07:49 +0000] "HEAD /d1/696/AUTH_8fb24172cd4e43ad8ac3884b22d6bf6e/gnocchi.88272855-7db2-422a-bb4a-14f5890e9f5a" 204 - "HEAD http://localhost:8080/v1/AUTH_8fb24172cd4e43ad8ac3884b22d6bf6e/gnocchi.88272855-7db2-422a-bb4a-14f5890e9f5a?format=json&states=listing" "txec6f79af8300480f841a7-0069b13ef5" "proxy-server 21" 0.0020 "-" 23 0
Mar 11 10:07:49 standalone proxy-server[126512]: - - 11/Mar/2026/10/07/49 HEAD /v1/AUTH_8fb24172cd4e43ad8ac3884b22d6bf6e/gnocchi.88272855-7db2-422a-bb4a-14f5890e9f5a%3Fformat%3Djson%26states%3Dlisting HTTP/1.0 204 - Swift - - - - txec6f79af8300480f841a7-0069b13ef5 - 0.0071 RL - 1773223669.589527130 1773223669.596657991 0
Mar 11 10:07:49 standalone container-server[124217]: 172.20.0.100 - - [11/Mar/2026:10:07:49 +0000] "GET /d1/696/AUTH_8fb24172cd4e43ad8ac3884b22d6bf6e/gnocchi.88272855-7db2-422a-bb4a-14f5890e9f5a" 200 2 "GET http://localhost:8080/v1/AUTH_8fb24172cd4e43ad8ac3884b22d6bf6e/gnocchi.88272855-7db2-422a-bb4a-14f5890e9f5a?format=json&states=listing" "txec6f79af8300480f841a7-0069b13ef5" "proxy-server 21" 0.0036 "-" 22 0
Mar 11 10:07:49 standalone proxy-server[126512]: 172.18.0.2 ::1 11/Mar/2026/10/07/49 GET /v1/AUTH_8fb24172cd4e43ad8ac3884b22d6bf6e/gnocchi.88272855-7db2-422a-bb4a-14f5890e9f5a%3Fformat%3Djson%26states%3Dlisting HTTP/1.0 200 - python-swiftclient-3.11.1 gAAAAABpsT4nIeyE... - 2 - txec6f79af8300480f841a7-0069b13ef5 - 0.0217 - - 1773223669.587787867 1773223669.609471798 0
