Mar 11 10:05:31 standalone proxy-server[126512]: 172.18.0.2 ::1 11/Mar/2026/10/05/31 GET /v1/AUTH_8fb24172cd4e43ad8ac3884b22d6bf6e/gnocchi.5e081eb0-a31a-46b4-91d6-12cf400322e4%3Fformat%3Djson%26states%3Dlisting HTTP/1.0 200 - python-swiftclient-3.11.1 gAAAAABpsT4nIeyE... - 2 - tx558bcf2eaf1c441185c20-0069b13e6b - 0.0167 - - 1773223531.650493860 1773223531.667196989 0
Mar 11 10:05:31 standalone object-server[124457]: 172.20.0.100 - - [11/Mar/2026:10:05:31 +0000] "GET /d1/136/AUTH_8fb24172cd4e43ad8ac3884b22d6bf6e/gnocchi.5e081eb0-a31a-46b4-91d6-12cf400322e4/1772280000.0_mean_300.0_v3" 404 70 "GET http://localhost:8080/v1/AUTH_8fb24172cd4e43ad8ac3884b22d6bf6e/gnocchi.5e081eb0-a31a-46b4-91d6-12cf400322e4/1772280000.0_mean_300.0_v3" "txb210f12b561845bdaf333-0069b13e6b" "proxy-server 21" 0.0005 "-" 25 0
Mar 11 10:05:31 standalone proxy-server[126512]: 172.18.0.2 ::1 11/Mar/2026/10/05/31 GET /v1/AUTH_8fb24172cd4e43ad8ac3884b22d6bf6e/gnocchi.5e081eb0-a31a-46b4-91d6-12cf400322e4/1772280000.0_mean_300.0_v3 HTTP/1.0 404 - python-swiftclient-3.11.1 gAAAAABpsT4nIeyE... - 70 - txb210f12b561845bdaf333-0069b13e6b - 0.0062 - - 1773223531.671099901 1773223531.677332163 0
Mar 11 10:05:31 standalone container-server[124238]: 172.20.0.100 - - [11/Mar/2026:10:05:31 +0000] "PUT /d1/904/AUTH_8fb24172cd4e43ad8ac3884b22d6bf6e/gnocchi.5e081eb0-a31a-46b4-91d6-12cf400322e4/1772280000.0_mean_300.0_v3" 201 - "PUT http://localhost:8080/d1/136/AUTH_8fb24172cd4e43ad8ac3884b22d6bf6e/gnocchi.5e081eb0-a31a-46b4-91d6-12cf400322e4/1772280000.0_mean_300.0_v3" "tx1f33fb2ce93f4d6ca9699-0069b13e6b" "object-server 25" 0.0007 "-" 23 0
Mar 11 10:05:31 standalone object-server[124457]: 172.20.0.100 - - [11/Mar/2026:10:05:31 +0000] "PUT /d1/136/AUTH_8fb24172cd4e43ad8ac3884b22d6bf6e/gnocchi.5e081eb0-a31a-46b4-91d6-12cf400322e4/1772280000.0_mean_300.0_v3" 201 - "PUT http://localhost:8080/v1/AUTH_8fb24172cd4e43ad8ac3884b22d6bf6e/gnocchi.5e081eb0-a31a-46b4-91d6-12cf400322e4/1772280000.0_mean_300.0_v3" "tx1f33fb2ce93f4d6ca9699-0069b13e6b" "proxy-server 21" 0.0109 "-" 25 0
Mar 11 10:05:31 standalone proxy-server[126512]: 172.18.0.2 ::1 11/Mar/2026/10/05/31 PUT /v1/AUTH_8fb24172cd4e43ad8ac3884b22d6bf6e/gnocchi.5e081eb0-a31a-46b4-91d6-12cf400322e4/1772280000.0_mean_300.0_v3 HTTP/1.0 201 - python-swiftclient-3.11.1 gAAAAABpsT4nIeyE... 16 - - tx1f33fb2ce93f4d6ca9699-0069b13e6b - 0.0163 - - 1773223531.680291176 1773223531.696620226 0
Mar 11 10:05:31 standalone container-server[124217]: 172.20.0.100 - - [11/Mar/2026:10:05:31 +0000] "PUT /d1/904/AUTH_8fb24172cd4e43ad8ac3884b22d6bf6e/gnocchi.5e081eb0-a31a-46b4-91d6-12cf400322e4/none_v3" 201 - "PUT http://localhost:8080/d1/735/AUTH_8fb24172cd4e43ad8ac3884b22d6bf6e/gnocchi.5e081eb0-a31a-46b4-91d6-12cf400322e4/none_v3" "txd24b090768f74ff69c49e-0069b13e6b" "object-server 25" 0.0009 "-" 22 0
Mar 11 10:05:31 standalone object-server[124457]: 172.20.0.100 - - [11/Mar/2026:10:05:31 +0000] "PUT /d1/735/AUTH_8fb24172cd4e43ad8ac3884b22d6bf6e/gnocchi.5e081eb0-a31a-46b4-91d6-12cf400322e4/none_v3" 201 - "PUT http://localhost:8080/v1/AUTH_8fb24172cd4e43ad8ac3884b22d6bf6e/gnocchi.5e081eb0-a31a-46b4-91d6-12cf400322e4/none_v3" "txd24b090768f74ff69c49e-0069b13e6b" "proxy-server 21" 0.0104 "-" 25 0
Mar 11 10:05:31 standalone proxy-server[126512]: 172.18.0.2 ::1 11/Mar/2026/10/05/31 PUT /v1/AUTH_8fb24172cd4e43ad8ac3884b22d6bf6e/gnocchi.5e081eb0-a31a-46b4-91d6-12cf400322e4/none_v3 HTTP/1.0 201 - python-swiftclient-3.11.1 gAAAAABpsT4nIeyE... 22 - - txd24b090768f74ff69c49e-0069b13e6b - 0.0158 - - 1773223531.699815512 1773223531.715568542 0
Mar 11 10:05:31 standalone container-server[124217]: 172.20.0.100 - - [11/Mar/2026:10:05:31 +0000] "HEAD /d1/258/AUTH_8fb24172cd4e43ad8ac3884b22d6bf6e/gnocchi.607cfe29-8083-4c5f-afd9-f62546a35589" 404 - "HEAD http://localhost:8080/v1/AUTH_8fb24172cd4e43ad8ac3884b22d6bf6e/gnocchi.607cfe29-8083-4c5f-afd9-f62546a35589?format=json&states=listing" "tx19468d181cd649c897d5c-0069b13e6b" "proxy-server 21" 0.0004 "-" 22 0
Mar 11 10:05:31 standalone object-server[124455]: 172.20.0.100 - - [11/Mar/2026:10:05:31 +0000] "GET /d1/775/AUTH_8fb24172cd4e43ad8ac3884b22d6bf6e/gnocchi.607cfe29-8083-4c5f-afd9-f62546a35589/none_v3" 404 70 "GET http://localhost:8080/v1/AUTH_8fb24172cd4e43ad8ac3884b22d6bf6e/gnocchi.607cfe29-8083-4c5f-afd9-f62546a35589/none_v3" "tx19468d181cd649c897d5c-0069b13e6b" "proxy-server 21" 0.0008 "-" 24 0
Mar 11 10:05:31 standalone proxy-server[126512]: 172.18.0.2 ::1 11/Mar/2026/10/05/31 GET /v1/AUTH_8fb24172cd4e43ad8ac3884b22d6bf6e/gnocchi.607cfe29-8083-4c5f-afd9-f62546a35589/none_v3 HTTP/1.0 404 - python-swiftclient-3.11.1 gAAAAABpsT4nIeyE... - 70 - tx19468d181cd649c897d5c-0069b13e6b - 0.0104 - - 1773223531.726681948 1773223531.737116814 0
Mar 11 10:05:31 standalone account-server[124161]: 172.20.0.100 - - [11/Mar/2026:10:05:31 +0000] "PUT /d1/556/AUTH_8fb24172cd4e43ad8ac3884b22d6bf6e/gnocchi.607cfe29-8083-4c5f-afd9-f62546a35589" 201 - "PUT http://172.20.0.100:6001/d1/258/AUTH_8fb24172cd4e43ad8ac3884b22d6bf6e/gnocchi.607cfe29-8083-4c5f-afd9-f62546a35589" "txb41155c13877437badc61-0069b13e6b" "container-server 20" 0.0059 "-" 20 0
Mar 11 10:05:31 standalone container-server[124193]: 172.20.0.100 - - [11/Mar/2026:10:05:31 +0000] "PUT /d1/258/AUTH_8fb24172cd4e43ad8ac3884b22d6bf6e/gnocchi.607cfe29-8083-4c5f-afd9-f62546a35589" 201 - "PUT http://localhost:8080/v1/AUTH_8fb24172cd4e43ad8ac3884b22d6bf6e/gnocchi.607cfe29-8083-4c5f-afd9-f62546a35589" "txb41155c13877437badc61-0069b13e6b" "proxy-server 21" 0.0166 "-" 20 0
Mar 11 10:05:31 standalone proxy-server[126512]: 172.18.0.2 ::1 11/Mar/2026/10/05/31 PUT /v1/AUTH_8fb24172cd4e43ad8ac3884b22d6bf6e/gnocchi.607cfe29-8083-4c5f-afd9-f62546a35589 HTTP/1.0 201 - python-swiftclient-3.11.1 gAAAAABpsT4nIeyE... - - - txb41155c13877437badc61-0069b13e6b - 0.0220 - - 1773223531.740452528 1773223531.762461901 0
Mar 11 10:05:31 standalone container-server[124193]: 172.20.0.100 - - [11/Mar/2026:10:05:31 +0000] "HEAD /d1/258/AUTH_8fb24172cd4e43ad8ac3884b22d6bf6e/gnocchi.607cfe29-8083-4c5f-afd9-f62546a35589" 204 - "HEAD http://localhost:8080/v1/AUTH_8fb24172cd4e43ad8ac3884b22d6bf6e/gnocchi.607cfe29-8083-4c5f-afd9-f62546a35589?format=json&states=listing" "tx2564a617c5c84a8fa66ae-0069b13e6b" "proxy-server 21" 0.0015 "-" 20 0
Mar 11 10:05:31 standalone proxy-server[126512]: - - 11/Mar/2026/10/05/31 HEAD /v1/AUTH_8fb24172cd4e43ad8ac3884b22d6bf6e/gnocchi.607cfe29-8083-4c5f-afd9-f62546a35589%3Fformat%3Djson%26states%3Dlisting HTTP/1.0 204 - Swift - - - - tx2564a617c5c84a8fa66ae-0069b13e6b - 0.0050 RL - 1773223531.767314911 1773223531.772342682 0
Mar 11 10:05:31 standalone container-server[124193]: 172.20.0.100 - - [11/Mar/2026:10:05:31 +0000] "GET /d1/258/AUTH_8fb24172cd4e43ad8ac3884b22d6bf6e/gnocchi.607cfe29-8083-4c5f-afd9-f62546a35589" 200 2 "GET http://localhost:8080/v1/AUTH_8fb24172cd4e43ad8ac3884b22d6bf6e/gnocchi.607cfe29-8083-4c5f-afd9-f62546a35589?format=json&states=listing" "tx2564a617c5c84a8fa66ae-0069b13e6b" "proxy-server 21" 0.0018 "-" 20 0
Mar 11 10:05:31 standalone proxy-server[126512]: 172.18.0.2 ::1 11/Mar/2026/10/05/31 GET /v1/AUTH_8fb24172cd4e43ad8ac3884b22d6bf6e/gnocchi.607cfe29-8083-4c5f-afd9-f62546a35589%3Fformat%3Djson%26states%3Dlisting HTTP/1.0 200 - python-swiftclient-3.11.1 gAAAAABpsT4nIeyE... - 2 - tx2564a617c5c84a8fa66ae-0069b13e6b - 0.0138 - - 1773223531.765920877 1773223531.779765844 0
Mar 11 10:05:31 standalone object-server[124453]: 172.20.0.100 - - [11/Mar/2026:10:05:31 +0000] "GET /d1/980/AUTH_8fb24172cd4e43ad8ac3884b22d6bf6e/gnocchi.607cfe29-8083-4c5f-afd9-f62546a35589/1772280000.0_mean_300.0_v3" 404 70 "GET http://localhost:8080/v1/AUTH_8fb24172cd4e43ad8ac3884b22d6bf6e/gnocchi.607cfe29-8083-4c5f-afd9-f62546a35589/1772280000.0_mean_300.0_v3" "txd36c08cba3b844d5b277b-0069b13e6b" "proxy-server 21" 0.0004 "-" 23 0
Mar 11 10:05:31 standalone proxy-server[126512]: 172.18.0.2 ::1 11/Mar/2026/10/05/31 GET /v1/AUTH_8fb24172cd4e43ad8ac3884b22d6bf6e/gnocchi.607cfe29-8083-4c5f-afd9-f62546a35589/1772280000.0_mean_300.0_v3 HTTP/1.0 404 - python-swiftclient-3.11.1 gAAAAABpsT4nIeyE... - 70 - txd36c08cba3b844d5b277b-0069b13e6b - 0.0077 - - 1773223531.784305811 1773223531.791983604 0
Mar 11 10:05:31 standalone container-server[124217]: 172.20.0.100 - - [11/Mar/2026:10:05:31 +0000] "PUT /d1/258/AUTH_8fb24172cd4e43ad8ac3884b22d6bf6e/gnocchi.607cfe29-8083-4c5f-afd9-f62546a35589/1772280000.0_mean_300.0_v3" 201 - "PUT http://localhost:8080/d1/980/AUTH_8fb24172cd4e43ad8ac3884b22d6bf6e/gnocchi.607cfe29-8083-4c5f-afd9-f62546a35589/1772280000.0_mean_300.0_v3" "tx6a8ed5b5fdab431a82dc9-0069b13e6b" "object-server 25" 0.0009 "-" 22 0
Mar 11 10:05:31 standalone object-server[124457]: 172.20.0.100 - - [11/Mar/2026:10:05:31 +0000] "PUT /d1/980/AUTH_8fb24172cd4e43ad8ac3884b22d6bf6e/gnocchi.607cfe29-8083-4c5f-afd9-f62546a35589/1772280000.0_mean_300.0_v3" 201 - "PUT http://localhost:8080/v1/AUTH_8fb24172cd4e43ad8ac3884b22d6bf6e/gnocchi.607cfe29-8083-4c5f-afd9-f62546a35589/1772280000.0_mean_300.0_v3" "tx6a8ed5b5fdab431a82dc9-0069b13e6b" "proxy-server 21" 0.0123 "-" 25 0
Mar 11 10:05:31 standalone proxy-server[126512]: 172.18.0.2 ::1 11/Mar/2026/10/05/31 PUT /v1/AUTH_8fb24172cd4e43ad8ac3884b22d6bf6e/gnocchi.607cfe29-8083-4c5f-afd9-f62546a35589/1772280000.0_mean_300.0_v3 HTTP/1.0 201 - python-swiftclient-3.11.1 gAAAAABpsT4nIeyE... 16 - - tx6a8ed5b5fdab431a82dc9-0069b13e6b - 0.0204 - - 1773223531.795684814 1773223531.816062212 0
Mar 11 10:05:31 standalone container-server[124193]: 172.20.0.100 - - [11/Mar/2026:10:05:31 +0000] "PUT /d1/258/AUTH_8fb24172cd4e43ad8ac3884b22d6bf6e/gnocchi.607cfe29-8083-4c5f-afd9-f62546a35589/none_v3" 201 - "PUT http://localhost:8080/d1/775/AUTH_8fb24172cd4e43ad8ac3884b22d6bf6e/gnocchi.607cfe29-8083-4c5f-afd9-f62546a35589/none_v3" "txce3f7588495e4288b8246-0069b13e6b" "object-server 24" 0.0007 "-" 20 0
Mar 11 10:05:31 standalone object-server[124455]: 172.20.0.100 - - [11/Mar/2026:10:05:31 +0000] "PUT /d1/775/AUTH_8fb24172cd4e43ad8ac3884b22d6bf6e/gnocchi.607cfe29-8083-4c5f-afd9-f62546a35589/none_v3" 201 - "PUT http://localhost:8080/v1/AUTH_8fb24172cd4e43ad8ac3884b22d6bf6e/gnocchi.607cfe29-8083-4c5f-afd9-f62546a35589/none_v3" "txce3f7588495e4288b8246-0069b13e6b" "proxy-server 21" 0.0110 "-" 24 0
Mar 11 10:05:31 standalone proxy-server[126512]: 172.18.0.2 ::1 11/Mar/2026/10/05/31 PUT /v1/AUTH_8fb24172cd4e43ad8ac3884b22d6bf6e/gnocchi.607cfe29-8083-4c5f-afd9-f62546a35589/none_v3 HTTP/1.0 201 - python-swiftclient-3.11.1 gAAAAABpsT4nIeyE... 22 - - txce3f7588495e4288b8246-0069b13e6b - 0.0196 - - 1773223531.820737600 1773223531.840370893 0
Mar 11 10:05:31 standalone container-server[124238]: 172.20.0.100 - - [11/Mar/2026:10:05:31 +0000] "HEAD /d1/809/AUTH_8fb24172cd4e43ad8ac3884b22d6bf6e/gnocchi.e6d58724-8dd1-45c6-a161-38c4faa04c73" 404 - "HEAD http://localhost:8080/v1/AUTH_8fb24172cd4e43ad8ac3884b22d6bf6e/gnocchi.e6d58724-8dd1-45c6-a161-38c4faa04c73?format=json&states=listing" "tx5082c35f3a774c5199b65-0069b13e6b" "proxy-server 21" 0.0006 "-" 23 0
Mar 11 10:05:31 standalone object-server[124457]: 172.20.0.100 - - [11/Mar/2026:10:05:31 +0000] "GET /d1/18/AUTH_8fb24172cd4e43ad8ac3884b22d6bf6e/gnocchi.e6d58724-8dd1-45c6-a161-38c4faa04c73/none_v3" 404 70 "GET http://localhost:8080/v1/AUTH_8fb24172cd4e43ad8ac3884b22d6bf6e/gnocchi.e6d58724-8dd1-45c6-a161-38c4faa04c73/none_v3" "tx5082c35f3a774c5199b65-0069b13e6b" "proxy-server 21" 0.0004 "-" 25 0
Mar 11 10:05:31 standalone proxy-server[126512]: 172.18.0.2 ::1 11/Mar/2026/10/05/31 GET /v1/AUTH_8fb24172cd4e43ad8ac3884b22d6bf6e/gnocchi.e6d58724-8dd1-45c6-a161-38c4faa04c73/none_v3 HTTP/1.0 404 - python-swiftclient-3.11.1 gAAAAABpsT4nIeyE... - 70 - tx5082c35f3a774c5199b65-0069b13e6b - 0.0164 - - 1773223531.853538036 1773223531.869919777 0
Mar 11 10:05:31 standalone account-server[124161]: 172.20.0.100 - - [11/Mar/2026:10:05:31 +0000] "PUT /d1/556/AUTH_8fb24172cd4e43ad8ac3884b22d6bf6e/gnocchi.e6d58724-8dd1-45c6-a161-38c4faa04c73" 201 - "PUT http://172.20.0.100:6001/d1/809/AUTH_8fb24172cd4e43ad8ac3884b22d6bf6e/gnocchi.e6d58724-8dd1-45c6-a161-38c4faa04c73" "txe953453afe2a436788ba1-0069b13e6b" "container-server 20" 0.0058 "-" 20 0
Mar 11 10:05:31 standalone container-server[124193]: 172.20.0.100 - - [11/Mar/2026:10:05:31 +0000] "PUT /d1/809/AUTH_8fb24172cd4e43ad8ac3884b22d6bf6e/gnocchi.e6d58724-8dd1-45c6-a161-38c4faa04c73" 201 - "PUT http://localhost:8080/v1/AUTH_8fb24172cd4e43ad8ac3884b22d6bf6e/gnocchi.e6d58724-8dd1-45c6-a161-38c4faa04c73" "txe953453afe2a436788ba1-0069b13e6b" "proxy-server 21" 0.0152 "-" 20 0
Mar 11 10:05:31 standalone proxy-server[126512]: 172.18.0.2 ::1 11/Mar/2026/10/05/31 PUT /v1/AUTH_8fb24172cd4e43ad8ac3884b22d6bf6e/gnocchi.e6d58724-8dd1-45c6-a161-38c4faa04c73 HTTP/1.0 201 - python-swiftclient-3.11.1 gAAAAABpsT4nIeyE... - - - txe953453afe2a436788ba1-0069b13e6b - 0.0220 - - 1773223531.873210430 1773223531.895190954 0
Mar 11 10:05:31 standalone container-server[124205]: 172.20.0.100 - - [11/Mar/2026:10:05:31 +0000] "HEAD /d1/809/AUTH_8fb24172cd4e43ad8ac3884b22d6bf6e/gnocchi.e6d58724-8dd1-45c6-a161-38c4faa04c73" 204 - "HEAD http://localhost:8080/v1/AUTH_8fb24172cd4e43ad8ac3884b22d6bf6e/gnocchi.e6d58724-8dd1-45c6-a161-38c4faa04c73?format=json&states=listing" "tx8902645700334c7e8dd4d-0069b13e6b" "proxy-server 21" 0.0024 "-" 21 0
Mar 11 10:05:31 standalone proxy-server[126512]: - - 11/Mar/2026/10/05/31 HEAD /v1/AUTH_8fb24172cd4e43ad8ac3884b22d6bf6e/gnocchi.e6d58724-8dd1-45c6-a161-38c4faa04c73%3Fformat%3Djson%26states%3Dlisting HTTP/1.0 204 - Swift - - - - tx8902645700334c7e8dd4d-0069b13e6b - 0.0070 RL - 1773223531.900709867 1773223531.907708645 0
Mar 11 10:05:31 standalone container-server[124205]: 172.20.0.100 - - [11/Mar/2026:10:05:31 +0000] "GET /d1/809/AUTH_8fb24172cd4e43ad8ac3884b22d6bf6e/gnocchi.e6d58724-8dd1-45c6-a161-38c4faa04c73" 200 2 "GET http://localhost:8080/v1/AUTH_8fb24172cd4e43ad8ac3884b22d6bf6e/gnocchi.e6d58724-8dd1-45c6-a161-38c4faa04c73?format=json&states=listing" "tx8902645700334c7e8dd4d-0069b13e6b" "proxy-server 21" 0.0019 "-" 21 0
Mar 11 10:05:31 standalone proxy-server[126512]: 172.18.0.2 ::1 11/Mar/2026/10/05/31 GET /v1/AUTH_8fb24172cd4e43ad8ac3884b22d6bf6e/gnocchi.e6d58724-8dd1-45c6-a161-38c4faa04c73%3Fformat%3Djson%26states%3Dlisting HTTP/1.0 200 - python-swiftclient-3.11.1 gAAAAABpsT4nIeyE... - 2 - tx8902645700334c7e8dd4d-0069b13e6b - 0.0177 - - 1773223531.899313211 1773223531.917027473 0
Mar 11 10:05:31 standalone object-server[124453]: 172.20.0.100 - - [11/Mar/2026:10:05:31 +0000] "GET /d1/951/AUTH_8fb24172cd4e43ad8ac3884b22d6bf6e/gnocchi.e6d58724-8dd1-45c6-a161-38c4faa04c73/1772280000.0_mean_300.0_v3" 404 70 "GET http://localhost:8080/v1/AUTH_8fb24172cd4e43ad8ac3884b22d6bf6e/gnocchi.e6d58724-8dd1-45c6-a161-38c4faa04c73/1772280000.0_mean_300.0_v3" "txc45cb3005d854624b815a-0069b13e6b" "proxy-server 21" 0.0004 "-" 23 0
Mar 11 10:05:31 standalone proxy-server[126512]: 172.18.0.2 ::1 11/Mar/2026/10/05/31 GET /v1/AUTH_8fb24172cd4e43ad8ac3884b22d6bf6e/gnocchi.e6d58724-8dd1-45c6-a161-38c4faa04c73/1772280000.0_mean_300.0_v3 HTTP/1.0 404 - python-swiftclient-3.11.1 gAAAAABpsT4nIeyE... - 70 - txc45cb3005d854624b815a-0069b13e6b - 0.0060 - - 1773223531.921986103 1773223531.928013563 0
Mar 11 10:05:31 standalone container-server[124193]: 172.20.0.100 - - [11/Mar/2026:10:05:31 +0000] "PUT /d1/809/AUTH_8fb24172cd4e43ad8ac3884b22d6bf6e/gnocchi.e6d58724-8dd1-45c6-a161-38c4faa04c73/1772280000.0_mean_300.0_v3" 201 - "PUT http://localhost:8080/d1/951/AUTH_8fb24172cd4e43ad8ac3884b22d6bf6e/gnocchi.e6d58724-8dd1-45c6-a161-38c4faa04c73/1772280000.0_mean_300.0_v3" "tx9ea7f125bde74a31a48be-0069b13e6b" "object-server 22" 0.0014 "-" 20 0
Mar 11 10:05:31 standalone object-server[124452]: 172.20.0.100 - - [11/Mar/2026:10:05:31 +0000] "PUT /d1/951/AUTH_8fb24172cd4e43ad8ac3884b22d6bf6e/gnocchi.e6d58724-8dd1-45c6-a161-38c4faa04c73/1772280000.0_mean_300.0_v3" 201 - "PUT http://localhost:8080/v1/AUTH_8fb24172cd4e43ad8ac3884b22d6bf6e/gnocchi.e6d58724-8dd1-45c6-a161-38c4faa04c73/1772280000.0_mean_300.0_v3" "tx9ea7f125bde74a31a48be-0069b13e6b" "proxy-server 21" 0.0142 "-" 22 0
Mar 11 10:05:31 standalone proxy-server[126512]: 172.18.0.2 ::1 11/Mar/2026/10/05/31 PUT /v1/AUTH_8fb24172cd4e43ad8ac3884b22d6bf6e/gnocchi.e6d58724-8dd1-45c6-a161-38c4faa04c73/1772280000.0_mean_300.0_v3 HTTP/1.0 201 - python-swiftclient-3.11.1 gAAAAABpsT4nIeyE... 16 - - tx9ea7f125bde74a31a48be-0069b13e6b - 0.0210 - - 1773223531.932092428 1773223531.953064680 0
Mar 11 10:05:31 standalone container-server[124217]: 172.20.0.100 - - [11/Mar/2026:10:05:31 +0000] "PUT /d1/809/AUTH_8fb24172cd4e43ad8ac3884b22d6bf6e/gnocchi.e6d58724-8dd1-45c6-a161-38c4faa04c73/none_v3" 201 - "PUT http://localhost:8080/d1/18/AUTH_8fb24172cd4e43ad8ac3884b22d6bf6e/gnocchi.e6d58724-8dd1-45c6-a161-38c4faa04c73/none_v3" "tx859d2bd6817c4b3daea4c-0069b13e6b" "object-server 23" 0.0013 "-" 22 0
Mar 11 10:05:32 standalone object-server[124453]: 172.20.0.100 - - [11/Mar/2026:10:05:32 +0000] "PUT /d1/18/AUTH_8fb24172cd4e43ad8ac3884b22d6bf6e/gnocchi.e6d58724-8dd1-45c6-a161-38c4faa04c73/none_v3" 201 - "PUT http://localhost:8080/v1/AUTH_8fb24172cd4e43ad8ac3884b22d6bf6e/gnocchi.e6d58724-8dd1-45c6-a161-38c4faa04c73/none_v3" "tx859d2bd6817c4b3daea4c-0069b13e6b" "proxy-server 21" 0.0517 "-" 23 0
Mar 11 10:05:32 standalone proxy-server[126512]: 172.18.0.2 ::1 11/Mar/2026/10/05/32 PUT /v1/AUTH_8fb24172cd4e43ad8ac3884b22d6bf6e/gnocchi.e6d58724-8dd1-45c6-a161-38c4faa04c73/none_v3 HTTP/1.0 201 - python-swiftclient-3.11.1 gAAAAABpsT4nIeyE... 22 - - tx859d2bd6817c4b3daea4c-0069b13e6b - 0.0589 - - 1773223531.957576990 1773223532.016506433 0
Mar 11 10:05:32 standalone container-server[124193]: 172.20.0.100 - - [11/Mar/2026:10:05:32 +0000] "HEAD /d1/320/AUTH_8fb24172cd4e43ad8ac3884b22d6bf6e/gnocchi.a4c65316-a701-4623-985d-3c32cca7172c" 404 - "HEAD http://localhost:8080/v1/AUTH_8fb24172cd4e43ad8ac3884b22d6bf6e/gnocchi.a4c65316-a701-4623-985d-3c32cca7172c?format=json&states=listing" "tx66d34b0d8cfc4299aa21d-0069b13e6c" "proxy-server 21" 0.0006 "-" 20 0
Mar 11 10:05:32 standalone object-server[124455]: 172.20.0.100 - - [11/Mar/2026:10:05:32 +0000] "GET /d1/979/AUTH_8fb24172cd4e43ad8ac3884b22d6bf6e/gnocchi.a4c65316-a701-4623-985d-3c32cca7172c/none_v3" 404 70 "GET http://localhost:8080/v1/AUTH_8fb24172cd4e43ad8ac3884b22d6bf6e/gnocchi.a4c65316-a701-4623-985d-3c32cca7172c/none_v3" "tx66d34b0d8cfc4299aa21d-0069b13e6c" "proxy-server 21" 0.0005 "-" 24 0
Mar 11 10:05:32 standalone proxy-server[126512]: 172.18.0.2 ::1 11/Mar/2026/10/05/32 GET /v1/AUTH_8fb24172cd4e43ad8ac3884b22d6bf6e/gnocchi.a4c65316-a701-4623-985d-3c32cca7172c/none_v3 HTTP/1.0 404 - python-swiftclient-3.11.1 gAAAAABpsT4nIeyE... - 70 - tx66d34b0d8cfc4299aa21d-0069b13e6c - 0.0146 - - 1773223532.034807205 1773223532.049390793 0
Mar 11 10:05:32 standalone account-server[124161]: 172.20.0.100 - - [11/Mar/2026:10:05:32 +0000] "PUT /d1/556/AUTH_8fb24172cd4e43ad8ac3884b22d6bf6e/gnocchi.a4c65316-a701-4623-985d-3c32cca7172c" 201 - "PUT http://172.20.0.100:6001/d1/320/AUTH_8fb24172cd4e43ad8ac3884b22d6bf6e/gnocchi.a4c65316-a701-4623-985d-3c32cca7172c" "tx39e42512c77747ccbe55e-0069b13e6c" "container-server 22" 0.0039 "-" 20 0
Mar 11 10:05:32 standalone container-server[124217]: 172.20.0.100 - - [11/Mar/2026:10:05:32 +0000] "PUT /d1/320/AUTH_8fb24172cd4e43ad8ac3884b22d6bf6e/gnocchi.a4c65316-a701-4623-985d-3c32cca7172c" 201 - "PUT http://localhost:8080/v1/AUTH_8fb24172cd4e43ad8ac3884b22d6bf6e/gnocchi.a4c65316-a701-4623-985d-3c32cca7172c" "tx39e42512c77747ccbe55e-0069b13e6c" "proxy-server 21" 0.0140 "-" 22 0
Mar 11 10:05:32 standalone proxy-server[126512]: 172.18.0.2 ::1 11/Mar/2026/10/05/32 PUT /v1/AUTH_8fb24172cd4e43ad8ac3884b22d6bf6e/gnocchi.a4c65316-a701-4623-985d-3c32cca7172c HTTP/1.0 201 - python-swiftclient-3.11.1 gAAAAABpsT4nIeyE... - - - tx39e42512c77747ccbe55e-0069b13e6c - 0.0208 - - 1773223532.053637028 1773223532.074483633 0
Mar 11 10:05:32 standalone container-server[124217]: 172.20.0.100 - - [11/Mar/2026:10:05:32 +0000] "HEAD /d1/320/AUTH_8fb24172cd4e43ad8ac3884b22d6bf6e/gnocchi.a4c65316-a701-4623-985d-3c32cca7172c" 204 - "HEAD http://localhost:8080/v1/AUTH_8fb24172cd4e43ad8ac3884b22d6bf6e/gnocchi.a4c65316-a701-4623-985d-3c32cca7172c?format=json&states=listing" "tx0d8622b47beb42e5bc899-0069b13e6c" "proxy-server 21" 0.0019 "-" 22 0
Mar 11 10:05:32 standalone proxy-server[126512]: - - 11/Mar/2026/10/05/32 HEAD /v1/AUTH_8fb24172cd4e43ad8ac3884b22d6bf6e/gnocchi.a4c65316-a701-4623-985d-3c32cca7172c%3Fformat%3Djson%26states%3Dlisting HTTP/1.0 204 - Swift - - - - tx0d8622b47beb42e5bc899-0069b13e6c - 0.0065 RL - 1773223532.082651854 1773223532.089118958 0
Mar 11 10:05:32 standalone container-server[124205]: 172.20.0.100 - - [11/Mar/2026:10:05:32 +0000] "GET /d1/320/AUTH_8fb24172cd4e43ad8ac3884b22d6bf6e/gnocchi.a4c65316-a701-4623-985d-3c32cca7172c" 200 2 "GET http://localhost:8080/v1/AUTH_8fb24172cd4e43ad8ac3884b22d6bf6e/gnocchi.a4c65316-a701-4623-985d-3c32cca7172c?format=json&states=listing" "tx0d8622b47beb42e5bc899-0069b13e6c" "proxy-server 21" 0.0027 "-" 21 0
Mar 11 10:05:32 standalone proxy-server[126512]: 172.18.0.2 ::1 11/Mar/2026/10/05/32 GET /v1/AUTH_8fb24172cd4e43ad8ac3884b22d6bf6e/gnocchi.a4c65316-a701-4623-985d-3c32cca7172c%3Fformat%3Djson%26states%3Dlisting HTTP/1.0 200 - python-swiftclient-3.11.1 gAAAAABpsT4nIeyE... - 2 - tx0d8622b47beb42e5bc899-0069b13e6c - 0.0200 - - 1773223532.080994129 1773223532.101042509 0
Mar 11 10:05:32 standalone object-server[124455]: 172.20.0.100 - - [11/Mar/2026:10:05:32 +0000] "GET /d1/743/AUTH_8fb24172cd4e43ad8ac3884b22d6bf6e/gnocchi.a4c65316-a701-4623-985d-3c32cca7172c/1772280000.0_mean_300.0_v3" 404 70 "GET http://localhost:8080/v1/AUTH_8fb24172cd4e43ad8ac3884b22d6bf6e/gnocchi.a4c65316-a701-4623-985d-3c32cca7172c/1772280000.0_mean_300.0_v3" "txfe32f42de2984d8596a16-0069b13e6c" "proxy-server 21" 0.0005 "-" 24 0
Mar 11 10:05:32 standalone proxy-server[126512]: 172.18.0.2 ::1 11/Mar/2026/10/05/32 GET /v1/AUTH_8fb24172cd4e43ad8ac3884b22d6bf6e/gnocchi.a4c65316-a701-4623-985d-3c32cca7172c/1772280000.0_mean_300.0_v3 HTTP/1.0 404 - python-swiftclient-3.11.1 gAAAAABpsT4nIeyE... - 70 - txfe32f42de2984d8596a16-0069b13e6c - 0.0078 - - 1773223532.106916189 1773223532.114667892 0
Mar 11 10:05:32 standalone container-server[124217]: 172.20.0.100 - - [11/Mar/2026:10:05:32 +0000] "PUT /d1/320/AUTH_8fb24172cd4e43ad8ac3884b22d6bf6e/gnocchi.a4c65316-a701-4623-985d-3c32cca7172c/1772280000.0_mean_300.0_v3" 201 - "PUT http://localhost:8080/d1/743/AUTH_8fb24172cd4e43ad8ac3884b22d6bf6e/gnocchi.a4c65316-a701-4623-985d-3c32cca7172c/1772280000.0_mean_300.0_v3" "tx751bbad5a825476c8daae-0069b13e6c" "object-server 25" 0.0008 "-" 22 0
Mar 11 10:05:32 standalone object-server[124457]: 172.20.0.100 - - [11/Mar/2026:10:05:32 +0000] "PUT /d1/743/AUTH_8fb24172cd4e43ad8ac3884b22d6bf6e/gnocchi.a4c65316-a701-4623-985d-3c32cca7172c/1772280000.0_mean_300.0_v3" 201 - "PUT http://localhost:8080/v1/AUTH_8fb24172cd4e43ad8ac3884b22d6bf6e/gnocchi.a4c65316-a701-4623-985d-3c32cca7172c/1772280000.0_mean_300.0_v3" "tx751bbad5a825476c8daae-0069b13e6c" "proxy-server 21" 0.0167 "-" 25 0
Mar 11 10:05:32 standalone proxy-server[126512]: 172.18.0.2 ::1 11/Mar/2026/10/05/32 PUT /v1/AUTH_8fb24172cd4e43ad8ac3884b22d6bf6e/gnocchi.a4c65316-a701-4623-985d-3c32cca7172c/1772280000.0_mean_300.0_v3 HTTP/1.0 201 - python-swiftclient-3.11.1 gAAAAABpsT4nIeyE... 16 - - tx751bbad5a825476c8daae-0069b13e6c - 0.0247 - - 1773223532.119591236 1773223532.144312859 0
Mar 11 10:05:32 standalone container-server[124238]: 172.20.0.100 - - [11/Mar/2026:10:05:32 +0000] "PUT /d1/320/AUTH_8fb24172cd4e43ad8ac3884b22d6bf6e/gnocchi.a4c65316-a701-4623-985d-3c32cca7172c/none_v3" 201 - "PUT http://localhost:8080/d1/979/AUTH_8fb24172cd4e43ad8ac3884b22d6bf6e/gnocchi.a4c65316-a701-4623-985d-3c32cca7172c/none_v3" "txce64a0b9a97749df8ed0c-0069b13e6c" "object-server 23" 0.0008 "-" 23 0
Mar 11 10:05:32 standalone object-server[124453]: 172.20.0.100 - - [11/Mar/2026:10:05:32 +0000] "PUT /d1/979/AUTH_8fb24172cd4e43ad8ac3884b22d6bf6e/gnocchi.a4c65316-a701-4623-985d-3c32cca7172c/none_v3" 201 - "PUT http://localhost:8080/v1/AUTH_8fb24172cd4e43ad8ac3884b22d6bf6e/gnocchi.a4c65316-a701-4623-985d-3c32cca7172c/none_v3" "txce64a0b9a97749df8ed0c-0069b13e6c" "proxy-server 21" 0.0113 "-" 23 0
Mar 11 10:05:32 standalone proxy-server[126512]: 172.18.0.2 ::1 11/Mar/2026/10/05/32 PUT /v1/AUTH_8fb24172cd4e43ad8ac3884b22d6bf6e/gnocchi.a4c65316-a701-4623-985d-3c32cca7172c/none_v3 HTTP/1.0 201 - python-swiftclient-3.11.1 gAAAAABpsT4nIeyE... 22 - - txce64a0b9a97749df8ed0c-0069b13e6c - 0.0179 - - 1773223532.148988008 1773223532.166913748 0
Mar 11 10:05:32 standalone container-server[124238]: 172.20.0.100 - - [11/Mar/2026:10:05:32 +0000] "HEAD /d1/63/AUTH_8fb24172cd4e43ad8ac3884b22d6bf6e/gnocchi.ae326567-bc1b-4a9f-b6a4-7e338437e720" 404 - "HEAD http://localhost:8080/v1/AUTH_8fb24172cd4e43ad8ac3884b22d6bf6e/gnocchi.ae326567-bc1b-4a9f-b6a4-7e338437e720?format=json&states=listing" "tx2c8660b52b654412a9f2e-0069b13e6c" "proxy-server 21" 0.0006 "-" 23 0
Mar 11 10:05:32 standalone object-server[124457]: 172.20.0.100 - - [11/Mar/2026:10:05:32 +0000] "GET /d1/78/AUTH_8fb24172cd4e43ad8ac3884b22d6bf6e/gnocchi.ae326567-bc1b-4a9f-b6a4-7e338437e720/none_v3" 404 70 "GET http://localhost:8080/v1/AUTH_8fb24172cd4e43ad8ac3884b22d6bf6e/gnocchi.ae326567-bc1b-4a9f-b6a4-7e338437e720/none_v3" "tx2c8660b52b654412a9f2e-0069b13e6c" "proxy-server 21" 0.0005 "-" 25 0
Mar 11 10:05:32 standalone proxy-server[126512]: 172.18.0.2 ::1 11/Mar/2026/10/05/32 GET /v1/AUTH_8fb24172cd4e43ad8ac3884b22d6bf6e/gnocchi.ae326567-bc1b-4a9f-b6a4-7e338437e720/none_v3 HTTP/1.0 404 - python-swiftclient-3.11.1 gAAAAABpsT4nIeyE... - 70 - tx2c8660b52b654412a9f2e-0069b13e6c - 0.0144 - - 1773223532.185176849 1773223532.199553967 0
Mar 11 10:05:32 standalone account-server[124174]: 172.20.0.100 - - [11/Mar/2026:10:05:32 +0000] "PUT /d1/556/AUTH_8fb24172cd4e43ad8ac3884b22d6bf6e/gnocchi.ae326567-bc1b-4a9f-b6a4-7e338437e720" 201 - "PUT http://172.20.0.100:6001/d1/63/AUTH_8fb24172cd4e43ad8ac3884b22d6bf6e/gnocchi.ae326567-bc1b-4a9f-b6a4-7e338437e720" "txcffa95ade3884189ba1d5-0069b13e6c" "container-server 23" 0.0058 "-" 22 0
Mar 11 10:05:32 standalone container-server[124238]: 172.20.0.100 - - [11/Mar/2026:10:05:32 +0000] "PUT /d1/63/AUTH_8fb24172cd4e43ad8ac3884b22d6bf6e/gnocchi.ae326567-bc1b-4a9f-b6a4-7e338437e720" 201 - "PUT http://localhost:8080/v1/AUTH_8fb24172cd4e43ad8ac3884b22d6bf6e/gnocchi.ae326567-bc1b-4a9f-b6a4-7e338437e720" "txcffa95ade3884189ba1d5-0069b13e6c" "proxy-server 21" 0.0362 "-" 23 0
Mar 11 10:05:32 standalone proxy-server[126512]: 172.18.0.2 ::1 11/Mar/2026/10/05/32 PUT /v1/AUTH_8fb24172cd4e43ad8ac3884b22d6bf6e/gnocchi.ae326567-bc1b-4a9f-b6a4-7e338437e720 HTTP/1.0 201 - python-swiftclient-3.11.1 gAAAAABpsT4nIeyE... - - - txcffa95ade3884189ba1d5-0069b13e6c - 0.0454 - - 1773223532.209830046 1773223532.255247593 0
Mar 11 10:05:32 standalone container-server[124205]: 172.20.0.100 - - [11/Mar/2026:10:05:32 +0000] "HEAD /d1/63/AUTH_8fb24172cd4e43ad8ac3884b22d6bf6e/gnocchi.ae326567-bc1b-4a9f-b6a4-7e338437e720" 204 - "HEAD http://localhost:8080/v1/AUTH_8fb24172cd4e43ad8ac3884b22d6bf6e/gnocchi.ae326567-bc1b-4a9f-b6a4-7e338437e720?format=json&states=listing" "tx4ccf8acdf8054abbab123-0069b13e6c" "proxy-server 21" 0.0025 "-" 21 0
Mar 11 10:05:32 standalone proxy-server[126512]: - - 11/Mar/2026/10/05/32 HEAD /v1/AUTH_8fb24172cd4e43ad8ac3884b22d6bf6e/gnocchi.ae326567-bc1b-4a9f-b6a4-7e338437e720%3Fformat%3Djson%26states%3Dlisting HTTP/1.0 204 - Swift - - - - tx4ccf8acdf8054abbab123-0069b13e6c - 0.0079 RL - 1773223532.262302399 1773223532.270199776 0
Mar 11 10:05:32 standalone container-server[124238]: 172.20.0.100 - - [11/Mar/2026:10:05:32 +0000] "GET /d1/63/AUTH_8fb24172cd4e43ad8ac3884b22d6bf6e/gnocchi.ae326567-bc1b-4a9f-b6a4-7e338437e720" 200 2 "GET http://localhost:8080/v1/AUTH_8fb24172cd4e43ad8ac3884b22d6bf6e/gnocchi.ae326567-bc1b-4a9f-b6a4-7e338437e720?format=json&states=listing" "tx4ccf8acdf8054abbab123-0069b13e6c" "proxy-server 21" 0.0072 "-" 23 0
Mar 11 10:05:32 standalone proxy-server[126512]: 172.18.0.2 ::1 11/Mar/2026/10/05/32 GET /v1/AUTH_8fb24172cd4e43ad8ac3884b22d6bf6e/gnocchi.ae326567-bc1b-4a9f-b6a4-7e338437e720%3Fformat%3Djson%26states%3Dlisting HTTP/1.0 200 - python-swiftclient-3.11.1 gAAAAABpsT4nIeyE... - 2 - tx4ccf8acdf8054abbab123-0069b13e6c - 0.0288 - - 1773223532.260578156 1773223532.289379597 0
Mar 11 10:05:32 standalone object-server[124453]: 172.20.0.100 - - [11/Mar/2026:10:05:32 +0000] "GET /d1/0/AUTH_8fb24172cd4e43ad8ac3884b22d6bf6e/gnocchi.ae326567-bc1b-4a9f-b6a4-7e338437e720/1772280000.0_mean_300.0_v3" 404 70 "GET http://localhost:8080/v1/AUTH_8fb24172cd4e43ad8ac3884b22d6bf6e/gnocchi.ae326567-bc1b-4a9f-b6a4-7e338437e720/1772280000.0_mean_300.0_v3" "txb8d275a5db2b4d1098dd2-0069b13e6c" "proxy-server 21" 0.0004 "-" 23 0
Mar 11 10:05:32 standalone proxy-server[126512]: 172.18.0.2 ::1 11/Mar/2026/10/05/32 GET /v1/AUTH_8fb24172cd4e43ad8ac3884b22d6bf6e/gnocchi.ae326567-bc1b-4a9f-b6a4-7e338437e720/1772280000.0_mean_300.0_v3 HTTP/1.0 404 - python-swiftclient-3.11.1 gAAAAABpsT4nIeyE... - 70 - txb8d275a5db2b4d1098dd2-0069b13e6c - 0.0075 - - 1773223532.297004223 1773223532.304513931 0
Mar 11 10:05:32 standalone container-server[124193]: 172.20.0.100 - - [11/Mar/2026:10:05:32 +0000] "PUT /d1/63/AUTH_8fb24172cd4e43ad8ac3884b22d6bf6e/gnocchi.ae326567-bc1b-4a9f-b6a4-7e338437e720/1772280000.0_mean_300.0_v3" 201 - "PUT http://localhost:8080/d1/0/AUTH_8fb24172cd4e43ad8ac3884b22d6bf6e/gnocchi.ae326567-bc1b-4a9f-b6a4-7e338437e720/1772280000.0_mean_300.0_v3" "txa1e89c29403648a0bf9d5-0069b13e6c" "object-server 24" 0.0007 "-" 20 0
Mar 11 10:05:32 standalone object-server[124455]: 172.20.0.100 - - [11/Mar/2026:10:05:32 +0000] "PUT /d1/0/AUTH_8fb24172cd4e43ad8ac3884b22d6bf6e/gnocchi.ae326567-bc1b-4a9f-b6a4-7e338437e720/1772280000.0_mean_300.0_v3" 201 - "PUT http://localhost:8080/v1/AUTH_8fb24172cd4e43ad8ac3884b22d6bf6e/gnocchi.ae326567-bc1b-4a9f-b6a4-7e338437e720/1772280000.0_mean_300.0_v3" "txa1e89c29403648a0bf9d5-0069b13e6c" "proxy-server 21" 0.0150 "-" 24 0
Mar 11 10:05:32 standalone proxy-server[126512]: 172.18.0.2 ::1 11/Mar/2026/10/05/32 PUT /v1/AUTH_8fb24172cd4e43ad8ac3884b22d6bf6e/gnocchi.ae326567-bc1b-4a9f-b6a4-7e338437e720/1772280000.0_mean_300.0_v3 HTTP/1.0 201 - python-swiftclient-3.11.1 gAAAAABpsT4nIeyE... 16 - - txa1e89c29403648a0bf9d5-0069b13e6c - 0.0246 - - 1773223532.309345245 1773223532.333948374 0
Mar 11 10:05:32 standalone container-server[124193]: 172.20.0.100 - - [11/Mar/2026:10:05:32 +0000] "PUT /d1/63/AUTH_8fb24172cd4e43ad8ac3884b22d6bf6e/gnocchi.ae326567-bc1b-4a9f-b6a4-7e338437e720/none_v3" 201 - "PUT http://localhost:8080/d1/78/AUTH_8fb24172cd4e43ad8ac3884b22d6bf6e/gnocchi.ae326567-bc1b-4a9f-b6a4-7e338437e720/none_v3" "txdb85ec0f7f3c48ce94421-0069b13e6c" "object-server 25" 0.0006 "-" 20 0
Mar 11 10:05:32 standalone object-server[124457]: 172.20.0.100 - - [11/Mar/2026:10:05:32 +0000] "PUT /d1/78/AUTH_8fb24172cd4e43ad8ac3884b22d6bf6e/gnocchi.ae326567-bc1b-4a9f-b6a4-7e338437e720/none_v3" 201 - "PUT http://localhost:8080/v1/AUTH_8fb24172cd4e43ad8ac3884b22d6bf6e/gnocchi.ae326567-bc1b-4a9f-b6a4-7e338437e720/none_v3" "txdb85ec0f7f3c48ce94421-0069b13e6c" "proxy-server 21" 0.0147 "-" 25 0
Mar 11 10:05:32 standalone proxy-server[126512]: 172.18.0.2 ::1 11/Mar/2026/10/05/32 PUT /v1/AUTH_8fb24172cd4e43ad8ac3884b22d6bf6e/gnocchi.ae326567-bc1b-4a9f-b6a4-7e338437e720/none_v3 HTTP/1.0 201 - python-swiftclient-3.11.1 gAAAAABpsT4nIeyE... 22 - - txdb85ec0f7f3c48ce94421-0069b13e6c - 0.0231 - - 1773223532.339066505 1773223532.362145901 0
Mar 11 10:05:40 standalone object-server[124388]: Begin object update sweep
Mar 11 10:05:40 standalone object-server[216718]: Object update sweep starting on /srv/node/d1 (pid: 14)
Mar 11 10:05:40 standalone object-server[216718]: Object update sweep completed on /srv/node/d1 in 0.00s seconds:, 0 successes, 0 failures, 0 quarantines, 0 unlinks, 0 errors, 0 redirects (pid: 14)
Mar 11 10:05:40 standalone object-server[216718]: Object update sweep of d1 completed: 0.00s, 0 successes, 0 failures, 0 quarantines, 0 unlinks, 0 errors, 0 redirects
Mar 11 10:05:40 standalone object-server[124388]: Object update sweep completed: 0.08s
Mar 11 10:07:48 standalone account-server[124179]: 172.20.0.100 - - [11/Mar/2026:10:07:48 +0000] "HEAD /d1/556/AUTH_8fb24172cd4e43ad8ac3884b22d6bf6e" 204 - "HEAD http://localhost:8080/v1/AUTH_8fb24172cd4e43ad8ac3884b22d6bf6e?format=json" "tx0b71fe1d208d46d59409d-0069b13ef4" "proxy-server 21" 0.0064 "-" 23 -
Mar 11 10:07:48 standalone proxy-server[126512]: - - 11/Mar/2026/10/07/48 HEAD /v1/AUTH_8fb24172cd4e43ad8ac3884b22d6bf6e%3Fformat%3Djson HTTP/1.0 204 - Swift - - - - tx0b71fe1d208d46d59409d-0069b13ef4 - 0.0101 RL - 1773223668.392397881 1773223668.402501345 -
Mar 11 10:07:48 standalone container-server[124217]: 172.20.0.100 - - [11/Mar/2026:10:07:48 +0000] "HEAD /d1/97/AUTH_8fb24172cd4e43ad8ac3884b22d6bf6e/gnocchi.6f9a54c0-33bd-40b2-8fe1-fc9823d2952d" 404 - "HEAD http://localhost:8080/v1/AUTH_8fb24172cd4e43ad8ac3884b22d6bf6e/gnocchi.6f9a54c0-33bd-40b2-8fe1-fc9823d2952d?format=json&states=listing" "tx0b71fe1d208d46d59409d-0069b13ef4" "proxy-server 21" 0.0007 "-" 22 0
Mar 11 10:07:48 standalone object-server[124452]: 172.20.0.100 - - [11/Mar/2026:10:07:48 +0000] "GET /d1/95/AUTH_8fb24172cd4e43ad8ac3884b22d6bf6e/gnocchi.6f9a54c0-33bd-40b2-8fe1-fc9823d2952d/none_v3" 404 70 "GET http://localhost:8080/v1/AUTH_8fb24172cd4e43ad8ac3884b22d6bf6e/gnocchi.6f9a54c0-33bd-40b2-8fe1-fc9823d2952d/none_v3" "tx0b71fe1d208d46d59409d-0069b13ef4" "proxy-server 21" 0.0004 "-" 22 0
Mar 11 10:07:48 standalone proxy-server[126512]: 172.18.0.2 ::1 11/Mar/2026/10/07/48 GET /v1/AUTH_8fb24172cd4e43ad8ac3884b22d6bf6e/gnocchi.6f9a54c0-33bd-40b2-8fe1-fc9823d2952d/none_v3 HTTP/1.0 404 - python-swiftclient-3.11.1 gAAAAABpsT4nIeyE... - 70 - tx0b71fe1d208d46d59409d-0069b13ef4 - 0.0196 - - 1773223668.391546249 1773223668.411113739 0
Mar 11 10:07:48 standalone account-server[124164]: 172.20.0.100 - - [11/Mar/2026:10:07:48 +0000] "PUT /d1/556/AUTH_8fb24172cd4e43ad8ac3884b22d6bf6e/gnocchi.6f9a54c0-33bd-40b2-8fe1-fc9823d2952d" 201 - "PUT http://172.20.0.100:6001/d1/97/AUTH_8fb24172cd4e43ad8ac3884b22d6bf6e/gnocchi.6f9a54c0-33bd-40b2-8fe1-fc9823d2952d" "tx2dfaae94002e42a091416-0069b13ef4" "container-server 22" 0.0010 "-" 21 0
Mar 11 10:07:48 standalone container-server[124217]: 172.20.0.100 - - [11/Mar/2026:10:07:48 +0000] "PUT /d1/97/AUTH_8fb24172cd4e43ad8ac3884b22d6bf6e/gnocchi.6f9a54c0-33bd-40b2-8fe1-fc9823d2952d" 201 - "PUT http://localhost:8080/v1/AUTH_8fb24172cd4e43ad8ac3884b22d6bf6e/gnocchi.6f9a54c0-33bd-40b2-8fe1-fc9823d2952d" "tx2dfaae94002e42a091416-0069b13ef4" "proxy-server 21" 0.0121 "-" 22 0
Mar 11 10:07:48 standalone proxy-server[126512]: 172.18.0.2 ::1 11/Mar/2026/10/07/48 PUT /v1/AUTH_8fb24172cd4e43ad8ac3884b22d6bf6e/gnocchi.6f9a54c0-33bd-40b2-8fe1-fc9823d2952d HTTP/1.0 201 - python-swiftclient-3.11.1 gAAAAABpsT4nIeyE... - - - tx2dfaae94002e42a091416-0069b13ef4 - 0.0160 - - 1773223668.413734674 1773223668.429732800 0
Mar 11 10:07:48 standalone container-server[124205]: 172.20.0.100 - - [11/Mar/2026:10:07:48 +0000] "HEAD /d1/97/AUTH_8fb24172cd4e43ad8ac3884b22d6bf6e/gnocchi.6f9a54c0-33bd-40b2-8fe1-fc9823d2952d" 204 - "HEAD http://localhost:8080/v1/AUTH_8fb24172cd4e43ad8ac3884b22d6bf6e/gnocchi.6f9a54c0-33bd-40b2-8fe1-fc9823d2952d?format=json&states=listing" "txa8640b9ec3f54012bd501-0069b13ef4" "proxy-server 21" 0.0012 "-" 21 0
Mar 11 10:07:48 standalone proxy-server[126512]: - - 11/Mar/2026/10/07/48 HEAD /v1/AUTH_8fb24172cd4e43ad8ac3884b22d6bf6e/gnocchi.6f9a54c0-33bd-40b2-8fe1-fc9823d2952d%3Fformat%3Djson%26states%3Dlisting HTTP/1.0 204 - Swift - - - - txa8640b9ec3f54012bd501-0069b13ef4 - 0.0053 RL - 1773223668.435373545 1773223668.440635920 0
Mar 11 10:07:48 standalone container-server[124217]: 172.20.0.100 - - [11/Mar/2026:10:07:48 +0000] "GET /d1/97/AUTH_8fb24172cd4e43ad8ac3884b22d6bf6e/gnocchi.6f9a54c0-33bd-40b2-8fe1-fc9823d2952d" 200 2 "GET http://localhost:8080/v1/AUTH_8fb24172cd4e43ad8ac3884b22d6bf6e/gnocchi.6f9a54c0-33bd-40b2-8fe1-fc9823d2952d?format=json&states=listing" "txa8640b9ec3f54012bd501-0069b13ef4" "proxy-server 21" 0.0016 "-" 22 0
Mar 11 10:07:48 standalone proxy-server[126512]: 172.18.0.2 ::1 11/Mar/2026/10/07/48 GET /v1/AUTH_8fb24172cd4e43ad8ac3884b22d6bf6e/gnocchi.6f9a54c0-33bd-40b2-8fe1-fc9823d2952d%3Fformat%3Djson%26states%3Dlisting HTTP/1.0 200 - python-swiftclient-3.11.1 gAAAAABpsT4nIeyE... - 2 - txa8640b9ec3f54012bd501-0069b13ef4 - 0.0155 - - 1773223668.433151007 1773223668.448644400 0
Mar 11 10:07:48 standalone object-server[124457]: 172.20.0.100 - - [11/Mar/2026:10:07:48 +0000] "GET /d1/876/AUTH_8fb24172cd4e43ad8ac3884b22d6bf6e/gnocchi.6f9a54c0-33bd-40b2-8fe1-fc9823d2952d/1772280000.0_mean_300.0_v3" 404 70 "GET http://localhost:8080/v1/AUTH_8fb24172cd4e43ad8ac3884b22d6bf6e/gnocchi.6f9a54c0-33bd-40b2-8fe1-fc9823d2952d/1772280000.0_mean_300.0_v3" "tx5cbe31ca17aa4645b384d-0069b13ef4" "proxy-server 21" 0.0004 "-" 25 0
Mar 11 10:07:48 standalone proxy-server[126512]: 172.18.0.2 ::1 11/Mar/2026/10/07/48 GET /v1/AUTH_8fb24172cd4e43ad8ac3884b22d6bf6e/gnocchi.6f9a54c0-33bd-40b2-8fe1-fc9823d2952d/1772280000.0_mean_300.0_v3 HTTP/1.0 404 - python-swiftclient-3.11.1 gAAAAABpsT4nIeyE... - 70 - tx5cbe31ca17aa4645b384d-0069b13ef4 - 0.0052 - - 1773223668.452672482 1773223668.457917213 0
Mar 11 10:07:48 standalone container-server[124193]: 172.20.0.100 - - [11/Mar/2026:10:07:48 +0000] "PUT /d1/97/AUTH_8fb24172cd4e43ad8ac3884b22d6bf6e/gnocchi.6f9a54c0-33bd-40b2-8fe1-fc9823d2952d/1772280000.0_mean_300.0_v3" 201 - "PUT http://localhost:8080/d1/876/AUTH_8fb24172cd4e43ad8ac3884b22d6bf6e/gnocchi.6f9a54c0-33bd-40b2-8fe1-fc9823d2952d/1772280000.0_mean_300.0_v3" "txd74510ef400b45998eee2-0069b13ef4" "object-server 24" 0.0005 "-" 20 0
Mar 11 10:07:48 standalone object-server[124455]: 172.20.0.100 - - [11/Mar/2026:10:07:48 +0000] "PUT /d1/876/AUTH_8fb24172cd4e43ad8ac3884b22d6bf6e/gnocchi.6f9a54c0-33bd-40b2-8fe1-fc9823d2952d/1772280000.0_mean_300.0_v3" 201 - "PUT http://localhost:8080/v1/AUTH_8fb24172cd4e43ad8ac3884b22d6bf6e/gnocchi.6f9a54c0-33bd-40b2-8fe1-fc9823d2952d/1772280000.0_mean_300.0_v3" "txd74510ef400b45998eee2-0069b13ef4" "proxy-server 21" 0.0109 "-" 24 0
Mar 11 10:07:48 standalone proxy-server[126512]: 172.18.0.2 ::1 11/Mar/2026/10/07/48 PUT /v1/AUTH_8fb24172cd4e43ad8ac3884b22d6bf6e/gnocchi.6f9a54c0-33bd-40b2-8fe1-fc9823d2952d/1772280000.0_mean_300.0_v3 HTTP/1.0 201 - python-swiftclient-3.11.1 gAAAAABpsT4nIeyE... 16 - - txd74510ef400b45998eee2-0069b13ef4 - 0.0163 - - 1773223668.461311340 1773223668.477605104 0
Mar 11 10:07:48 standalone container-server[124205]: 172.20.0.100 - - [11/Mar/2026:10:07:48 +0000] "PUT /d1/97/AUTH_8fb24172cd4e43ad8ac3884b22d6bf6e/gnocchi.6f9a54c0-33bd-40b2-8fe1-fc9823d2952d/none_v3" 201 - "PUT http://localhost:8080/d1/95/AUTH_8fb24172cd4e43ad8ac3884b22d6bf6e/gnocchi.6f9a54c0-33bd-40b2-8fe1-fc9823d2952d/none_v3" "tx5566e9671a9e47c9b7afd-0069b13ef4" "object-server 23" 0.0004 "-" 21 0
Mar 11 10:07:48 standalone object-server[124453]: 172.20.0.100 - - [11/Mar/2026:10:07:48 +0000] "PUT /d1/95/AUTH_8fb24172cd4e43ad8ac3884b22d6bf6e/gnocchi.6f9a54c0-33bd-40b2-8fe1-fc9823d2952d/none_v3" 201 - "PUT http://localhost:8080/v1/AUTH_8fb24172cd4e43ad8ac3884b22d6bf6e/gnocchi.6f9a54c0-33bd-40b2-8fe1-fc9823d2952d/none_v3" "tx5566e9671a9e47c9b7afd-0069b13ef4" "proxy-server 21" 0.0090 "-" 23 0
Mar 11 10:07:48 standalone proxy-server[126512]: 172.18.0.2 ::1 11/Mar/2026/10/07/48 PUT /v1/AUTH_8fb24172cd4e43ad8ac3884b22d6bf6e/gnocchi.6f9a54c0-33bd-40b2-8fe1-fc9823d2952d/none_v3 HTTP/1.0 201 - python-swiftclient-3.11.1 gAAAAABpsT4nIeyE... 22 - - tx5566e9671a9e47c9b7afd-0069b13ef4 - 0.0151 - - 1773223668.480774879 1773223668.495861292 0
Mar 11 10:07:48 standalone container-server[124238]: 172.20.0.100 - - [11/Mar/2026:10:07:48 +0000] "HEAD /d1/112/AUTH_8fb24172cd4e43ad8ac3884b22d6bf6e/gnocchi.62cdc7e4-5f5f-4809-90c9-3cc6e5ecd744" 404 - "HEAD http://localhost:8080/v1/AUTH_8fb24172cd4e43ad8ac3884b22d6bf6e/gnocchi.62cdc7e4-5f5f-4809-90c9-3cc6e5ecd744?format=json&states=listing" "tx37b8741b551a46e3a55fe-0069b13ef4" "proxy-server 21" 0.0003 "-" 23 0
Mar 11 10:07:48 standalone object-server[124457]: 172.20.0.100 - - [11/Mar/2026:10:07:48 +0000] "GET /d1/216/AUTH_8fb24172cd4e43ad8ac3884b22d6bf6e/gnocchi.62cdc7e4-5f5f-4809-90c9-3cc6e5ecd744/none_v3" 404 70 "GET http://localhost:8080/v1/AUTH_8fb24172cd4e43ad8ac3884b22d6bf6e/gnocchi.62cdc7e4-5f5f-4809-90c9-3cc6e5ecd744/none_v3" "tx37b8741b551a46e3a55fe-0069b13ef4" "proxy-server 21" 0.0003 "-" 25 0
Mar 11 10:07:48 standalone proxy-server[126512]: 172.18.0.2 ::1 11/Mar/2026/10/07/48 GET /v1/AUTH_8fb24172cd4e43ad8ac3884b22d6bf6e/gnocchi.62cdc7e4-5f5f-4809-90c9-3cc6e5ecd744/none_v3 HTTP/1.0 404 - python-swiftclient-3.11.1 gAAAAABpsT4nIeyE... - 70 - tx37b8741b551a46e3a55fe-0069b13ef4 - 0.0111 - - 1773223668.506741047 1773223668.517851830 0
Mar 11 10:07:48 standalone account-server[124179]: 172.20.0.100 - - [11/Mar/2026:10:07:48 +0000] "PUT /d1/556/AUTH_8fb24172cd4e43ad8ac3884b22d6bf6e/gnocchi.62cdc7e4-5f5f-4809-90c9-3cc6e5ecd744" 201 - "PUT http://172.20.0.100:6001/d1/112/AUTH_8fb24172cd4e43ad8ac3884b22d6bf6e/gnocchi.62cdc7e4-5f5f-4809-90c9-3cc6e5ecd744" "tx3060895d734a4d5db747f-0069b13ef4" "container-server 22" 0.0039 "-" 23 0
Mar 11 10:07:48 standalone container-server[124217]: 172.20.0.100 - - [11/Mar/2026:10:07:48 +0000] "PUT /d1/112/AUTH_8fb24172cd4e43ad8ac3884b22d6bf6e/gnocchi.62cdc7e4-5f5f-4809-90c9-3cc6e5ecd744" 201 - "PUT http://localhost:8080/v1/AUTH_8fb24172cd4e43ad8ac3884b22d6bf6e/gnocchi.62cdc7e4-5f5f-4809-90c9-3cc6e5ecd744" "tx3060895d734a4d5db747f-0069b13ef4" "proxy-server 21" 0.0132 "-" 22 0
Mar 11 10:07:48 standalone proxy-server[126512]: 172.18.0.2 ::1 11/Mar/2026/10/07/48 PUT /v1/AUTH_8fb24172cd4e43ad8ac3884b22d6bf6e/gnocchi.62cdc7e4-5f5f-4809-90c9-3cc6e5ecd744 HTTP/1.0 201 - python-swiftclient-3.11.1 gAAAAABpsT4nIeyE... - - - tx3060895d734a4d5db747f-0069b13ef4 - 0.0185 - - 1773223668.520996571 1773223668.539464474 0
Mar 11 10:07:48 standalone container-server[124193]: 172.20.0.100 - - [11/Mar/2026:10:07:48 +0000] "HEAD /d1/112/AUTH_8fb24172cd4e43ad8ac3884b22d6bf6e/gnocchi.62cdc7e4-5f5f-4809-90c9-3cc6e5ecd744" 204 - "HEAD http://localhost:8080/v1/AUTH_8fb24172cd4e43ad8ac3884b22d6bf6e/gnocchi.62cdc7e4-5f5f-4809-90c9-3cc6e5ecd744?format=json&states=listing" "tx0ef97db9534f401fb5c4f-0069b13ef4" "proxy-server 21" 0.0011 "-" 20 0
Mar 11 10:07:48 standalone proxy-server[126512]: - - 11/Mar/2026/10/07/48 HEAD /v1/AUTH_8fb24172cd4e43ad8ac3884b22d6bf6e/gnocchi.62cdc7e4-5f5f-4809-90c9-3cc6e5ecd744%3Fformat%3Djson%26states%3Dlisting HTTP/1.0 204 - Swift - - - - tx0ef97db9534f401fb5c4f-0069b13ef4 - 0.0072 RL - 1773223668.544635296 1773223668.551846981 0
Mar 11 10:07:48 standalone container-server[124205]: 172.20.0.100 - - [11/Mar/2026:10:07:48 +0000] "GET /d1/112/AUTH_8fb24172cd4e43ad8ac3884b22d6bf6e/gnocchi.62cdc7e4-5f5f-4809-90c9-3cc6e5ecd744" 200 2 "GET http://localhost:8080/v1/AUTH_8fb24172cd4e43ad8ac3884b22d6bf6e/gnocchi.62cdc7e4-5f5f-4809-90c9-3cc6e5ecd744?format=json&states=listing" "tx0ef97db9534f401fb5c4f-0069b13ef4" "proxy-server 21" 0.0018 "-" 21 0
Mar 11 10:07:48 standalone proxy-server[126512]: 172.18.0.2 ::1 11/Mar/2026/10/07/48 GET /v1/AUTH_8fb24172cd4e43ad8ac3884b22d6bf6e/gnocchi.62cdc7e4-5f5f-4809-90c9-3cc6e5ecd744%3Fformat%3Djson%26states%3Dlisting HTTP/1.0 200 - python-swiftclient-3.11.1 gAAAAABpsT4nIeyE... - 2 - tx0ef97db9534f401fb5c4f-0069b13ef4 - 0.0192 - - 1773223668.543168306 1773223668.562343121 0
Mar 11 10:07:48 standalone object-server[124452]: 172.20.0.100 - - [11/Mar/2026:10:07:48 +0000] "GET /d1/593/AUTH_8fb24172cd4e43ad8ac3884b22d6bf6e/gnocchi.62cdc7e4-5f5f-4809-90c9-3cc6e5ecd744/1772280000.0_mean_300.0_v3" 404 70 "GET http://localhost:8080/v1/AUTH_8fb24172cd4e43ad8ac3884b22d6bf6e/gnocchi.62cdc7e4-5f5f-4809-90c9-3cc6e5ecd744/1772280000.0_mean_300.0_v3" "tx427b714a1d9844ffaafec-0069b13ef4" "proxy-server 21" 0.0003 "-" 22 0
Mar 11 10:07:48 standalone proxy-server[126512]: 172.18.0.2 ::1 11/Mar/2026/10/07/48 GET /v1/AUTH_8fb24172cd4e43ad8ac3884b22d6bf6e/gnocchi.62cdc7e4-5f5f-4809-90c9-3cc6e5ecd744/1772280000.0_mean_300.0_v3 HTTP/1.0 404 - python-swiftclient-3.11.1 gAAAAABpsT4nIeyE... - 70 - tx427b714a1d9844ffaafec-0069b13ef4 - 0.0050 - - 1773223668.565562010 1773223668.570538521 0
Mar 11 10:07:48 standalone container-server[124205]: 172.20.0.100 - - [11/Mar/2026:10:07:48 +0000] "PUT /d1/112/AUTH_8fb24172cd4e43ad8ac3884b22d6bf6e/gnocchi.62cdc7e4-5f5f-4809-90c9-3cc6e5ecd744/1772280000.0_mean_300.0_v3" 201 - "PUT http://localhost:8080/d1/593/AUTH_8fb24172cd4e43ad8ac3884b22d6bf6e/gnocchi.62cdc7e4-5f5f-4809-90c9-3cc6e5ecd744/1772280000.0_mean_300.0_v3" "tx3014981bd559431680a3b-0069b13ef4" "object-server 24" 0.0004 "-" 21 0
Mar 11 10:07:48 standalone object-server[124455]: 172.20.0.100 - - [11/Mar/2026:10:07:48 +0000] "PUT /d1/593/AUTH_8fb24172cd4e43ad8ac3884b22d6bf6e/gnocchi.62cdc7e4-5f5f-4809-90c9-3cc6e5ecd744/1772280000.0_mean_300.0_v3" 201 - "PUT http://localhost:8080/v1/AUTH_8fb24172cd4e43ad8ac3884b22d6bf6e/gnocchi.62cdc7e4-5f5f-4809-90c9-3cc6e5ecd744/1772280000.0_mean_300.0_v3" "tx3014981bd559431680a3b-0069b13ef4" "proxy-server 21" 0.0082 "-" 24 0
Mar 11 10:07:48 standalone proxy-server[126512]: 172.18.0.2 ::1 11/Mar/2026/10/07/48 PUT /v1/AUTH_8fb24172cd4e43ad8ac3884b22d6bf6e/gnocchi.62cdc7e4-5f5f-4809-90c9-3cc6e5ecd744/1772280000.0_mean_300.0_v3 HTTP/1.0 201 - python-swiftclient-3.11.1 gAAAAABpsT4nIeyE... 16 - - tx3014981bd559431680a3b-0069b13ef4 - 0.0134 - - 1773223668.572891235 1773223668.586278200 0
Mar 11 10:07:48 standalone container-server[124217]: 172.20.0.100 - - [11/Mar/2026:10:07:48 +0000] "PUT /d1/112/AUTH_8fb24172cd4e43ad8ac3884b22d6bf6e/gnocchi.62cdc7e4-5f5f-4809-90c9-3cc6e5ecd744/none_v3" 201 - "PUT http://localhost:8080/d1/216/AUTH_8fb24172cd4e43ad8ac3884b22d6bf6e/gnocchi.62cdc7e4-5f5f-4809-90c9-3cc6e5ecd744/none_v3" "txee3e10538c9b422a985be-0069b13ef4" "object-server 25" 0.0004 "-" 22 0
Mar 11 10:07:48 standalone object-server[124457]: 172.20.0.100 - - [11/Mar/2026:10:07:48 +0000] "PUT /d1/216/AUTH_8fb24172cd4e43ad8ac3884b22d6bf6e/gnocchi.62cdc7e4-5f5f-4809-90c9-3cc6e5ecd744/none_v3" 201 - "PUT http://localhost:8080/v1/AUTH_8fb24172cd4e43ad8ac3884b22d6bf6e/gnocchi.62cdc7e4-5f5f-4809-90c9-3cc6e5ecd744/none_v3" "txee3e10538c9b422a985be-0069b13ef4" "proxy-server 21" 0.0075 "-" 25 0
Mar 11 10:07:48 standalone proxy-server[126512]: 172.18.0.2 ::1 11/Mar/2026/10/07/48 PUT /v1/AUTH_8fb24172cd4e43ad8ac3884b22d6bf6e/gnocchi.62cdc7e4-5f5f-4809-90c9-3cc6e5ecd744/none_v3 HTTP/1.0 201 - python-swiftclient-3.11.1 gAAAAABpsT4nIeyE... 22 - - txee3e10538c9b422a985be-0069b13ef4 - 0.0129 - - 1773223668.591328144 1773223668.604241848 0
Mar 11 10:07:48 standalone container-server[124193]: 172.20.0.100 - - [11/Mar/2026:10:07:48 +0000] "HEAD /d1/590/AUTH_8fb24172cd4e43ad8ac3884b22d6bf6e/gnocchi.13bbd878-12c5-48c4-8414-614c7e471d04" 404 - "HEAD http://localhost:8080/v1/AUTH_8fb24172cd4e43ad8ac3884b22d6bf6e/gnocchi.13bbd878-12c5-48c4-8414-614c7e471d04?format=json&states=listing" "tx01cf72296220485997291-0069b13ef4" "proxy-server 21" 0.0003 "-" 20 0
Mar 11 10:07:48 standalone object-server[124455]: 172.20.0.100 - - [11/Mar/2026:10:07:48 +0000] "GET /d1/566/AUTH_8fb24172cd4e43ad8ac3884b22d6bf6e/gnocchi.13bbd878-12c5-48c4-8414-614c7e471d04/none_v3" 404 70 "GET http://localhost:8080/v1/AUTH_8fb24172cd4e43ad8ac3884b22d6bf6e/gnocchi.13bbd878-12c5-48c4-8414-614c7e471d04/none_v3" "tx01cf72296220485997291-0069b13ef4" "proxy-server 21" 0.0003 "-" 24 0
Mar 11 10:07:48 standalone proxy-server[126512]: 172.18.0.2 ::1 11/Mar/2026/10/07/48 GET /v1/AUTH_8fb24172cd4e43ad8ac3884b22d6bf6e/gnocchi.13bbd878-12c5-48c4-8414-614c7e471d04/none_v3 HTTP/1.0 404 - python-swiftclient-3.11.1 gAAAAABpsT4nIeyE... - 70 - tx01cf72296220485997291-0069b13ef4 - 0.0082 - - 1773223668.613402128 1773223668.621590853 0
Mar 11 10:07:48 standalone account-server[124164]: 172.20.0.100 - - [11/Mar/2026:10:07:48 +0000] "PUT /d1/556/AUTH_8fb24172cd4e43ad8ac3884b22d6bf6e/gnocchi.13bbd878-12c5-48c4-8414-614c7e471d04" 201 - "PUT http://172.20.0.100:6001/d1/590/AUTH_8fb24172cd4e43ad8ac3884b22d6bf6e/gnocchi.13bbd878-12c5-48c4-8414-614c7e471d04" "txf0dddaa09f394c94818dd-0069b13ef4" "container-server 22" 0.0049 "-" 21 0
Mar 11 10:07:48 standalone container-server[124217]: 172.20.0.100 - - [11/Mar/2026:10:07:48 +0000] "PUT /d1/590/AUTH_8fb24172cd4e43ad8ac3884b22d6bf6e/gnocchi.13bbd878-12c5-48c4-8414-614c7e471d04" 201 - "PUT http://localhost:8080/v1/AUTH_8fb24172cd4e43ad8ac3884b22d6bf6e/gnocchi.13bbd878-12c5-48c4-8414-614c7e471d04" "txf0dddaa09f394c94818dd-0069b13ef4" "proxy-server 21" 0.0135 "-" 22 0
Mar 11 10:07:48 standalone proxy-server[126512]: 172.18.0.2 ::1 11/Mar/2026/10/07/48 PUT /v1/AUTH_8fb24172cd4e43ad8ac3884b22d6bf6e/gnocchi.13bbd878-12c5-48c4-8414-614c7e471d04 HTTP/1.0 201 - python-swiftclient-3.11.1 gAAAAABpsT4nIeyE... - - - txf0dddaa09f394c94818dd-0069b13ef4 - 0.0178 - - 1773223668.624150038 1773223668.641955853 0
Mar 11 10:07:48 standalone container-server[124217]: 172.20.0.100 - - [11/Mar/2026:10:07:48 +0000] "HEAD /d1/590/AUTH_8fb24172cd4e43ad8ac3884b22d6bf6e/gnocchi.13bbd878-12c5-48c4-8414-614c7e471d04" 204 - "HEAD http://localhost:8080/v1/AUTH_8fb24172cd4e43ad8ac3884b22d6bf6e/gnocchi.13bbd878-12c5-48c4-8414-614c7e471d04?format=json&states=listing" "txdbc6343a97664ff0a2c56-0069b13ef4" "proxy-server 21" 0.0009 "-" 22 0
Mar 11 10:07:48 standalone proxy-server[126512]: - - 11/Mar/2026/10/07/48 HEAD /v1/AUTH_8fb24172cd4e43ad8ac3884b22d6bf6e/gnocchi.13bbd878-12c5-48c4-8414-614c7e471d04%3Fformat%3Djson%26states%3Dlisting HTTP/1.0 204 - Swift - - - - txdbc6343a97664ff0a2c56-0069b13ef4 - 0.0036 RL - 1773223668.646246433 1773223668.649864435 0
