Mar 11 10:07:49 standalone object-server[124457]: 172.20.0.100 - - [11/Mar/2026:10:07:49 +0000] "GET /d1/798/AUTH_8fb24172cd4e43ad8ac3884b22d6bf6e/gnocchi.88272855-7db2-422a-bb4a-14f5890e9f5a/1772280000.0_mean_300.0_v3" 404 70 "GET http://localhost:8080/v1/AUTH_8fb24172cd4e43ad8ac3884b22d6bf6e/gnocchi.88272855-7db2-422a-bb4a-14f5890e9f5a/1772280000.0_mean_300.0_v3" "txc81595fb91224fb49c3c4-0069b13ef5" "proxy-server 21" 0.0004 "-" 25 0
Mar 11 10:07:49 standalone proxy-server[126512]: 172.18.0.2 ::1 11/Mar/2026/10/07/49 GET /v1/AUTH_8fb24172cd4e43ad8ac3884b22d6bf6e/gnocchi.88272855-7db2-422a-bb4a-14f5890e9f5a/1772280000.0_mean_300.0_v3 HTTP/1.0 404 - python-swiftclient-3.11.1 gAAAAABpsT4nIeyE... - 70 - txc81595fb91224fb49c3c4-0069b13ef5 - 0.0076 - - 1773223669.614182472 1773223669.621750355 0
Mar 11 10:07:49 standalone container-server[124238]: 172.20.0.100 - - [11/Mar/2026:10:07:49 +0000] "PUT /d1/696/AUTH_8fb24172cd4e43ad8ac3884b22d6bf6e/gnocchi.88272855-7db2-422a-bb4a-14f5890e9f5a/1772280000.0_mean_300.0_v3" 201 - "PUT http://localhost:8080/d1/798/AUTH_8fb24172cd4e43ad8ac3884b22d6bf6e/gnocchi.88272855-7db2-422a-bb4a-14f5890e9f5a/1772280000.0_mean_300.0_v3" "tx25f29d19cff74aff84162-0069b13ef5" "object-server 22" 0.0009 "-" 23 0
Mar 11 10:07:49 standalone object-server[124452]: 172.20.0.100 - - [11/Mar/2026:10:07:49 +0000] "PUT /d1/798/AUTH_8fb24172cd4e43ad8ac3884b22d6bf6e/gnocchi.88272855-7db2-422a-bb4a-14f5890e9f5a/1772280000.0_mean_300.0_v3" 201 - "PUT http://localhost:8080/v1/AUTH_8fb24172cd4e43ad8ac3884b22d6bf6e/gnocchi.88272855-7db2-422a-bb4a-14f5890e9f5a/1772280000.0_mean_300.0_v3" "tx25f29d19cff74aff84162-0069b13ef5" "proxy-server 21" 0.0117 "-" 22 0
Mar 11 10:07:49 standalone proxy-server[126512]: 172.18.0.2 ::1 11/Mar/2026/10/07/49 PUT /v1/AUTH_8fb24172cd4e43ad8ac3884b22d6bf6e/gnocchi.88272855-7db2-422a-bb4a-14f5890e9f5a/1772280000.0_mean_300.0_v3 HTTP/1.0 201 - python-swiftclient-3.11.1 gAAAAABpsT4nIeyE... 16 - - tx25f29d19cff74aff84162-0069b13ef5 - 0.0204 - - 1773223669.625706196 1773223669.646059275 0
Mar 11 10:07:49 standalone container-server[124193]: 172.20.0.100 - - [11/Mar/2026:10:07:49 +0000] "PUT /d1/696/AUTH_8fb24172cd4e43ad8ac3884b22d6bf6e/gnocchi.88272855-7db2-422a-bb4a-14f5890e9f5a/none_v3" 201 - "PUT http://localhost:8080/d1/574/AUTH_8fb24172cd4e43ad8ac3884b22d6bf6e/gnocchi.88272855-7db2-422a-bb4a-14f5890e9f5a/none_v3" "tx355c73f73eba491f9afae-0069b13ef5" "object-server 23" 0.0009 "-" 20 0
Mar 11 10:07:49 standalone object-server[124453]: 172.20.0.100 - - [11/Mar/2026:10:07:49 +0000] "PUT /d1/574/AUTH_8fb24172cd4e43ad8ac3884b22d6bf6e/gnocchi.88272855-7db2-422a-bb4a-14f5890e9f5a/none_v3" 201 - "PUT http://localhost:8080/v1/AUTH_8fb24172cd4e43ad8ac3884b22d6bf6e/gnocchi.88272855-7db2-422a-bb4a-14f5890e9f5a/none_v3" "tx355c73f73eba491f9afae-0069b13ef5" "proxy-server 21" 0.0133 "-" 23 0
Mar 11 10:07:49 standalone proxy-server[126512]: 172.18.0.2 ::1 11/Mar/2026/10/07/49 PUT /v1/AUTH_8fb24172cd4e43ad8ac3884b22d6bf6e/gnocchi.88272855-7db2-422a-bb4a-14f5890e9f5a/none_v3 HTTP/1.0 201 - python-swiftclient-3.11.1 gAAAAABpsT4nIeyE... 22 - - tx355c73f73eba491f9afae-0069b13ef5 - 0.0229 - - 1773223669.650385857 1773223669.673245192 0
Mar 11 10:07:49 standalone container-server[124238]: 172.20.0.100 - - [11/Mar/2026:10:07:49 +0000] "HEAD /d1/337/AUTH_8fb24172cd4e43ad8ac3884b22d6bf6e/gnocchi.b4c75eac-6fc2-4e91-8051-108d6bb97746" 404 - "HEAD http://localhost:8080/v1/AUTH_8fb24172cd4e43ad8ac3884b22d6bf6e/gnocchi.b4c75eac-6fc2-4e91-8051-108d6bb97746?format=json&states=listing" "txe5e8595754e64ac0b555c-0069b13ef5" "proxy-server 21" 0.0005 "-" 23 0
Mar 11 10:07:49 standalone object-server[124457]: 172.20.0.100 - - [11/Mar/2026:10:07:49 +0000] "GET /d1/177/AUTH_8fb24172cd4e43ad8ac3884b22d6bf6e/gnocchi.b4c75eac-6fc2-4e91-8051-108d6bb97746/none_v3" 404 70 "GET http://localhost:8080/v1/AUTH_8fb24172cd4e43ad8ac3884b22d6bf6e/gnocchi.b4c75eac-6fc2-4e91-8051-108d6bb97746/none_v3" "txe5e8595754e64ac0b555c-0069b13ef5" "proxy-server 21" 0.0004 "-" 25 0
Mar 11 10:07:49 standalone proxy-server[126512]: 172.18.0.2 ::1 11/Mar/2026/10/07/49 GET /v1/AUTH_8fb24172cd4e43ad8ac3884b22d6bf6e/gnocchi.b4c75eac-6fc2-4e91-8051-108d6bb97746/none_v3 HTTP/1.0 404 - python-swiftclient-3.11.1 gAAAAABpsT4nIeyE... - 70 - txe5e8595754e64ac0b555c-0069b13ef5 - 0.0145 - - 1773223669.685631990 1773223669.700162649 0
Mar 11 10:07:49 standalone account-server[124174]: 172.20.0.100 - - [11/Mar/2026:10:07:49 +0000] "PUT /d1/556/AUTH_8fb24172cd4e43ad8ac3884b22d6bf6e/gnocchi.b4c75eac-6fc2-4e91-8051-108d6bb97746" 201 - "PUT http://172.20.0.100:6001/d1/337/AUTH_8fb24172cd4e43ad8ac3884b22d6bf6e/gnocchi.b4c75eac-6fc2-4e91-8051-108d6bb97746" "txbc77eea9724944fd9eabe-0069b13ef5" "container-server 23" 0.0050 "-" 22 0
Mar 11 10:07:49 standalone container-server[124238]: 172.20.0.100 - - [11/Mar/2026:10:07:49 +0000] "PUT /d1/337/AUTH_8fb24172cd4e43ad8ac3884b22d6bf6e/gnocchi.b4c75eac-6fc2-4e91-8051-108d6bb97746" 201 - "PUT http://localhost:8080/v1/AUTH_8fb24172cd4e43ad8ac3884b22d6bf6e/gnocchi.b4c75eac-6fc2-4e91-8051-108d6bb97746" "txbc77eea9724944fd9eabe-0069b13ef5" "proxy-server 21" 0.0160 "-" 23 0
Mar 11 10:07:49 standalone proxy-server[126512]: 172.18.0.2 ::1 11/Mar/2026/10/07/49 PUT /v1/AUTH_8fb24172cd4e43ad8ac3884b22d6bf6e/gnocchi.b4c75eac-6fc2-4e91-8051-108d6bb97746 HTTP/1.0 201 - python-swiftclient-3.11.1 gAAAAABpsT4nIeyE... - - - txbc77eea9724944fd9eabe-0069b13ef5 - 0.0240 - - 1773223669.704534054 1773223669.728502512 0
Mar 11 10:07:49 standalone container-server[124217]: 172.20.0.100 - - [11/Mar/2026:10:07:49 +0000] "HEAD /d1/337/AUTH_8fb24172cd4e43ad8ac3884b22d6bf6e/gnocchi.b4c75eac-6fc2-4e91-8051-108d6bb97746" 204 - "HEAD http://localhost:8080/v1/AUTH_8fb24172cd4e43ad8ac3884b22d6bf6e/gnocchi.b4c75eac-6fc2-4e91-8051-108d6bb97746?format=json&states=listing" "tx9d6eb78bd20644ecbf4d6-0069b13ef5" "proxy-server 21" 0.0022 "-" 22 0
Mar 11 10:07:49 standalone proxy-server[126512]: - - 11/Mar/2026/10/07/49 HEAD /v1/AUTH_8fb24172cd4e43ad8ac3884b22d6bf6e/gnocchi.b4c75eac-6fc2-4e91-8051-108d6bb97746%3Fformat%3Djson%26states%3Dlisting HTTP/1.0 204 - Swift - - - - tx9d6eb78bd20644ecbf4d6-0069b13ef5 - 0.0076 RL - 1773223669.735344172 1773223669.742956638 0
Mar 11 10:07:49 standalone container-server[124193]: 172.20.0.100 - - [11/Mar/2026:10:07:49 +0000] "GET /d1/337/AUTH_8fb24172cd4e43ad8ac3884b22d6bf6e/gnocchi.b4c75eac-6fc2-4e91-8051-108d6bb97746" 200 2 "GET http://localhost:8080/v1/AUTH_8fb24172cd4e43ad8ac3884b22d6bf6e/gnocchi.b4c75eac-6fc2-4e91-8051-108d6bb97746?format=json&states=listing" "tx9d6eb78bd20644ecbf4d6-0069b13ef5" "proxy-server 21" 0.0037 "-" 20 0
Mar 11 10:07:49 standalone proxy-server[126512]: 172.18.0.2 ::1 11/Mar/2026/10/07/49 GET /v1/AUTH_8fb24172cd4e43ad8ac3884b22d6bf6e/gnocchi.b4c75eac-6fc2-4e91-8051-108d6bb97746%3Fformat%3Djson%26states%3Dlisting HTTP/1.0 200 - python-swiftclient-3.11.1 gAAAAABpsT4nIeyE... - 2 - tx9d6eb78bd20644ecbf4d6-0069b13ef5 - 0.0233 - - 1773223669.733496666 1773223669.756767035 0
Mar 11 10:07:49 standalone object-server[124452]: 172.20.0.100 - - [11/Mar/2026:10:07:49 +0000] "GET /d1/477/AUTH_8fb24172cd4e43ad8ac3884b22d6bf6e/gnocchi.b4c75eac-6fc2-4e91-8051-108d6bb97746/1772280000.0_mean_300.0_v3" 404 70 "GET http://localhost:8080/v1/AUTH_8fb24172cd4e43ad8ac3884b22d6bf6e/gnocchi.b4c75eac-6fc2-4e91-8051-108d6bb97746/1772280000.0_mean_300.0_v3" "txaa34c93c1bf84f83a04bc-0069b13ef5" "proxy-server 21" 0.0004 "-" 22 0
Mar 11 10:07:49 standalone proxy-server[126512]: 172.18.0.2 ::1 11/Mar/2026/10/07/49 GET /v1/AUTH_8fb24172cd4e43ad8ac3884b22d6bf6e/gnocchi.b4c75eac-6fc2-4e91-8051-108d6bb97746/1772280000.0_mean_300.0_v3 HTTP/1.0 404 - python-swiftclient-3.11.1 gAAAAABpsT4nIeyE... - 70 - txaa34c93c1bf84f83a04bc-0069b13ef5 - 0.0080 - - 1773223669.761381388 1773223669.769341946 0
Mar 11 10:07:49 standalone container-server[124217]: 172.20.0.100 - - [11/Mar/2026:10:07:49 +0000] "PUT /d1/337/AUTH_8fb24172cd4e43ad8ac3884b22d6bf6e/gnocchi.b4c75eac-6fc2-4e91-8051-108d6bb97746/1772280000.0_mean_300.0_v3" 201 - "PUT http://localhost:8080/d1/477/AUTH_8fb24172cd4e43ad8ac3884b22d6bf6e/gnocchi.b4c75eac-6fc2-4e91-8051-108d6bb97746/1772280000.0_mean_300.0_v3" "tx57534c750b4b426bb23a2-0069b13ef5" "object-server 22" 0.0010 "-" 22 0
Mar 11 10:07:49 standalone object-server[124452]: 172.20.0.100 - - [11/Mar/2026:10:07:49 +0000] "PUT /d1/477/AUTH_8fb24172cd4e43ad8ac3884b22d6bf6e/gnocchi.b4c75eac-6fc2-4e91-8051-108d6bb97746/1772280000.0_mean_300.0_v3" 201 - "PUT http://localhost:8080/v1/AUTH_8fb24172cd4e43ad8ac3884b22d6bf6e/gnocchi.b4c75eac-6fc2-4e91-8051-108d6bb97746/1772280000.0_mean_300.0_v3" "tx57534c750b4b426bb23a2-0069b13ef5" "proxy-server 21" 0.0110 "-" 22 0
Mar 11 10:07:49 standalone proxy-server[126512]: 172.18.0.2 ::1 11/Mar/2026/10/07/49 PUT /v1/AUTH_8fb24172cd4e43ad8ac3884b22d6bf6e/gnocchi.b4c75eac-6fc2-4e91-8051-108d6bb97746/1772280000.0_mean_300.0_v3 HTTP/1.0 201 - python-swiftclient-3.11.1 gAAAAABpsT4nIeyE... 16 - - tx57534c750b4b426bb23a2-0069b13ef5 - 0.0183 - - 1773223669.776385546 1773223669.794717550 0
Mar 11 10:07:49 standalone container-server[124217]: 172.20.0.100 - - [11/Mar/2026:10:07:49 +0000] "PUT /d1/337/AUTH_8fb24172cd4e43ad8ac3884b22d6bf6e/gnocchi.b4c75eac-6fc2-4e91-8051-108d6bb97746/none_v3" 201 - "PUT http://localhost:8080/d1/177/AUTH_8fb24172cd4e43ad8ac3884b22d6bf6e/gnocchi.b4c75eac-6fc2-4e91-8051-108d6bb97746/none_v3" "txc09585bade7b41538478f-0069b13ef5" "object-server 24" 0.0007 "-" 22 0
Mar 11 10:07:49 standalone object-server[124455]: 172.20.0.100 - - [11/Mar/2026:10:07:49 +0000] "PUT /d1/177/AUTH_8fb24172cd4e43ad8ac3884b22d6bf6e/gnocchi.b4c75eac-6fc2-4e91-8051-108d6bb97746/none_v3" 201 - "PUT http://localhost:8080/v1/AUTH_8fb24172cd4e43ad8ac3884b22d6bf6e/gnocchi.b4c75eac-6fc2-4e91-8051-108d6bb97746/none_v3" "txc09585bade7b41538478f-0069b13ef5" "proxy-server 21" 0.0123 "-" 24 0
Mar 11 10:07:49 standalone proxy-server[126512]: 172.18.0.2 ::1 11/Mar/2026/10/07/49 PUT /v1/AUTH_8fb24172cd4e43ad8ac3884b22d6bf6e/gnocchi.b4c75eac-6fc2-4e91-8051-108d6bb97746/none_v3 HTTP/1.0 201 - python-swiftclient-3.11.1 gAAAAABpsT4nIeyE... 22 - - txc09585bade7b41538478f-0069b13ef5 - 0.0210 - - 1773223669.799112797 1773223669.820112228 0
Mar 11 10:07:49 standalone container-server[124238]: 172.20.0.100 - - [11/Mar/2026:10:07:49 +0000] "HEAD /d1/846/AUTH_8fb24172cd4e43ad8ac3884b22d6bf6e/gnocchi.f827aa78-3a1f-49b7-9f7a-84d1d073ed98" 404 - "HEAD http://localhost:8080/v1/AUTH_8fb24172cd4e43ad8ac3884b22d6bf6e/gnocchi.f827aa78-3a1f-49b7-9f7a-84d1d073ed98?format=json&states=listing" "txe3b1ae5474a04fa38cc24-0069b13ef5" "proxy-server 21" 0.0006 "-" 23 0
Mar 11 10:07:49 standalone object-server[124453]: 172.20.0.100 - - [11/Mar/2026:10:07:49 +0000] "GET /d1/774/AUTH_8fb24172cd4e43ad8ac3884b22d6bf6e/gnocchi.f827aa78-3a1f-49b7-9f7a-84d1d073ed98/none_v3" 404 70 "GET http://localhost:8080/v1/AUTH_8fb24172cd4e43ad8ac3884b22d6bf6e/gnocchi.f827aa78-3a1f-49b7-9f7a-84d1d073ed98/none_v3" "txe3b1ae5474a04fa38cc24-0069b13ef5" "proxy-server 21" 0.0005 "-" 23 0
Mar 11 10:07:49 standalone proxy-server[126512]: 172.18.0.2 ::1 11/Mar/2026/10/07/49 GET /v1/AUTH_8fb24172cd4e43ad8ac3884b22d6bf6e/gnocchi.f827aa78-3a1f-49b7-9f7a-84d1d073ed98/none_v3 HTTP/1.0 404 - python-swiftclient-3.11.1 gAAAAABpsT4nIeyE... - 70 - txe3b1ae5474a04fa38cc24-0069b13ef5 - 0.0158 - - 1773223669.831839561 1773223669.847643614 0
Mar 11 10:07:49 standalone account-server[124161]: 172.20.0.100 - - [11/Mar/2026:10:07:49 +0000] "PUT /d1/556/AUTH_8fb24172cd4e43ad8ac3884b22d6bf6e/gnocchi.f827aa78-3a1f-49b7-9f7a-84d1d073ed98" 201 - "PUT http://172.20.0.100:6001/d1/846/AUTH_8fb24172cd4e43ad8ac3884b22d6bf6e/gnocchi.f827aa78-3a1f-49b7-9f7a-84d1d073ed98" "tx6c345320445b424c9eb45-0069b13ef5" "container-server 20" 0.0066 "-" 20 0
Mar 11 10:07:49 standalone container-server[124193]: 172.20.0.100 - - [11/Mar/2026:10:07:49 +0000] "PUT /d1/846/AUTH_8fb24172cd4e43ad8ac3884b22d6bf6e/gnocchi.f827aa78-3a1f-49b7-9f7a-84d1d073ed98" 201 - "PUT http://localhost:8080/v1/AUTH_8fb24172cd4e43ad8ac3884b22d6bf6e/gnocchi.f827aa78-3a1f-49b7-9f7a-84d1d073ed98" "tx6c345320445b424c9eb45-0069b13ef5" "proxy-server 21" 0.0215 "-" 20 0
Mar 11 10:07:49 standalone proxy-server[126512]: 172.18.0.2 ::1 11/Mar/2026/10/07/49 PUT /v1/AUTH_8fb24172cd4e43ad8ac3884b22d6bf6e/gnocchi.f827aa78-3a1f-49b7-9f7a-84d1d073ed98 HTTP/1.0 201 - python-swiftclient-3.11.1 gAAAAABpsT4nIeyE... - - - tx6c345320445b424c9eb45-0069b13ef5 - 0.0301 - - 1773223669.852612495 1773223669.882667303 0
Mar 11 10:07:49 standalone container-server[124193]: 172.20.0.100 - - [11/Mar/2026:10:07:49 +0000] "HEAD /d1/846/AUTH_8fb24172cd4e43ad8ac3884b22d6bf6e/gnocchi.f827aa78-3a1f-49b7-9f7a-84d1d073ed98" 204 - "HEAD http://localhost:8080/v1/AUTH_8fb24172cd4e43ad8ac3884b22d6bf6e/gnocchi.f827aa78-3a1f-49b7-9f7a-84d1d073ed98?format=json&states=listing" "tx12f43edbd4634b51a934d-0069b13ef5" "proxy-server 21" 0.0028 "-" 20 0
Mar 11 10:07:49 standalone proxy-server[126512]: - - 11/Mar/2026/10/07/49 HEAD /v1/AUTH_8fb24172cd4e43ad8ac3884b22d6bf6e/gnocchi.f827aa78-3a1f-49b7-9f7a-84d1d073ed98%3Fformat%3Djson%26states%3Dlisting HTTP/1.0 204 - Swift - - - - tx12f43edbd4634b51a934d-0069b13ef5 - 0.0087 RL - 1773223669.889952660 1773223669.898602724 0
Mar 11 10:07:49 standalone container-server[124193]: 172.20.0.100 - - [11/Mar/2026:10:07:49 +0000] "GET /d1/846/AUTH_8fb24172cd4e43ad8ac3884b22d6bf6e/gnocchi.f827aa78-3a1f-49b7-9f7a-84d1d073ed98" 200 2 "GET http://localhost:8080/v1/AUTH_8fb24172cd4e43ad8ac3884b22d6bf6e/gnocchi.f827aa78-3a1f-49b7-9f7a-84d1d073ed98?format=json&states=listing" "tx12f43edbd4634b51a934d-0069b13ef5" "proxy-server 21" 0.0033 "-" 20 0
Mar 11 10:07:49 standalone proxy-server[126512]: 172.18.0.2 ::1 11/Mar/2026/10/07/49 GET /v1/AUTH_8fb24172cd4e43ad8ac3884b22d6bf6e/gnocchi.f827aa78-3a1f-49b7-9f7a-84d1d073ed98%3Fformat%3Djson%26states%3Dlisting HTTP/1.0 200 - python-swiftclient-3.11.1 gAAAAABpsT4nIeyE... - 2 - tx12f43edbd4634b51a934d-0069b13ef5 - 0.0234 - - 1773223669.888248920 1773223669.911645174 0
Mar 11 10:07:49 standalone object-server[124453]: 172.20.0.100 - - [11/Mar/2026:10:07:49 +0000] "GET /d1/125/AUTH_8fb24172cd4e43ad8ac3884b22d6bf6e/gnocchi.f827aa78-3a1f-49b7-9f7a-84d1d073ed98/1772280000.0_mean_300.0_v3" 404 70 "GET http://localhost:8080/v1/AUTH_8fb24172cd4e43ad8ac3884b22d6bf6e/gnocchi.f827aa78-3a1f-49b7-9f7a-84d1d073ed98/1772280000.0_mean_300.0_v3" "tx61e4132ada2d4f9e98873-0069b13ef5" "proxy-server 21" 0.0005 "-" 23 0
Mar 11 10:07:49 standalone proxy-server[126512]: 172.18.0.2 ::1 11/Mar/2026/10/07/49 GET /v1/AUTH_8fb24172cd4e43ad8ac3884b22d6bf6e/gnocchi.f827aa78-3a1f-49b7-9f7a-84d1d073ed98/1772280000.0_mean_300.0_v3 HTTP/1.0 404 - python-swiftclient-3.11.1 gAAAAABpsT4nIeyE... - 70 - tx61e4132ada2d4f9e98873-0069b13ef5 - 0.0081 - - 1773223669.916992664 1773223669.925105810 0
Mar 11 10:07:49 standalone container-server[124238]: 172.20.0.100 - - [11/Mar/2026:10:07:49 +0000] "PUT /d1/846/AUTH_8fb24172cd4e43ad8ac3884b22d6bf6e/gnocchi.f827aa78-3a1f-49b7-9f7a-84d1d073ed98/1772280000.0_mean_300.0_v3" 201 - "PUT http://localhost:8080/d1/125/AUTH_8fb24172cd4e43ad8ac3884b22d6bf6e/gnocchi.f827aa78-3a1f-49b7-9f7a-84d1d073ed98/1772280000.0_mean_300.0_v3" "txdfad38f633904dd38b9a2-0069b13ef5" "object-server 25" 0.0009 "-" 23 0
Mar 11 10:07:49 standalone object-server[124457]: 172.20.0.100 - - [11/Mar/2026:10:07:49 +0000] "PUT /d1/125/AUTH_8fb24172cd4e43ad8ac3884b22d6bf6e/gnocchi.f827aa78-3a1f-49b7-9f7a-84d1d073ed98/1772280000.0_mean_300.0_v3" 201 - "PUT http://localhost:8080/v1/AUTH_8fb24172cd4e43ad8ac3884b22d6bf6e/gnocchi.f827aa78-3a1f-49b7-9f7a-84d1d073ed98/1772280000.0_mean_300.0_v3" "txdfad38f633904dd38b9a2-0069b13ef5" "proxy-server 21" 0.0119 "-" 25 0
Mar 11 10:07:49 standalone proxy-server[126512]: 172.18.0.2 ::1 11/Mar/2026/10/07/49 PUT /v1/AUTH_8fb24172cd4e43ad8ac3884b22d6bf6e/gnocchi.f827aa78-3a1f-49b7-9f7a-84d1d073ed98/1772280000.0_mean_300.0_v3 HTTP/1.0 201 - python-swiftclient-3.11.1 gAAAAABpsT4nIeyE... 16 - - txdfad38f633904dd38b9a2-0069b13ef5 - 0.0200 - - 1773223669.929106951 1773223669.949144840 0
Mar 11 10:07:49 standalone container-server[124193]: 172.20.0.100 - - [11/Mar/2026:10:07:49 +0000] "PUT /d1/846/AUTH_8fb24172cd4e43ad8ac3884b22d6bf6e/gnocchi.f827aa78-3a1f-49b7-9f7a-84d1d073ed98/none_v3" 201 - "PUT http://localhost:8080/d1/774/AUTH_8fb24172cd4e43ad8ac3884b22d6bf6e/gnocchi.f827aa78-3a1f-49b7-9f7a-84d1d073ed98/none_v3" "tx78816a9b11cc4a40bf12d-0069b13ef5" "object-server 24" 0.0008 "-" 20 0
Mar 11 10:07:49 standalone object-server[124455]: 172.20.0.100 - - [11/Mar/2026:10:07:49 +0000] "PUT /d1/774/AUTH_8fb24172cd4e43ad8ac3884b22d6bf6e/gnocchi.f827aa78-3a1f-49b7-9f7a-84d1d073ed98/none_v3" 201 - "PUT http://localhost:8080/v1/AUTH_8fb24172cd4e43ad8ac3884b22d6bf6e/gnocchi.f827aa78-3a1f-49b7-9f7a-84d1d073ed98/none_v3" "tx78816a9b11cc4a40bf12d-0069b13ef5" "proxy-server 21" 0.0150 "-" 24 0
Mar 11 10:07:49 standalone proxy-server[126512]: 172.18.0.2 ::1 11/Mar/2026/10/07/49 PUT /v1/AUTH_8fb24172cd4e43ad8ac3884b22d6bf6e/gnocchi.f827aa78-3a1f-49b7-9f7a-84d1d073ed98/none_v3 HTTP/1.0 201 - python-swiftclient-3.11.1 gAAAAABpsT4nIeyE... 22 - - tx78816a9b11cc4a40bf12d-0069b13ef5 - 0.0222 - - 1773223669.954156637 1773223669.976366282 0
Mar 11 10:07:49 standalone container-server[124238]: 172.20.0.100 - - [11/Mar/2026:10:07:49 +0000] "HEAD /d1/829/AUTH_8fb24172cd4e43ad8ac3884b22d6bf6e/gnocchi.30c6d4fa-6d42-42f4-953c-4d4ae68fa39c" 404 - "HEAD http://localhost:8080/v1/AUTH_8fb24172cd4e43ad8ac3884b22d6bf6e/gnocchi.30c6d4fa-6d42-42f4-953c-4d4ae68fa39c?format=json&states=listing" "tx016b9a1a52554723b0ff7-0069b13ef5" "proxy-server 21" 0.0005 "-" 23 0
Mar 11 10:07:49 standalone object-server[124455]: 172.20.0.100 - - [11/Mar/2026:10:07:49 +0000] "GET /d1/459/AUTH_8fb24172cd4e43ad8ac3884b22d6bf6e/gnocchi.30c6d4fa-6d42-42f4-953c-4d4ae68fa39c/none_v3" 404 70 "GET http://localhost:8080/v1/AUTH_8fb24172cd4e43ad8ac3884b22d6bf6e/gnocchi.30c6d4fa-6d42-42f4-953c-4d4ae68fa39c/none_v3" "tx016b9a1a52554723b0ff7-0069b13ef5" "proxy-server 21" 0.0002 "-" 24 0
Mar 11 10:07:49 standalone proxy-server[126512]: 172.18.0.2 ::1 11/Mar/2026/10/07/49 GET /v1/AUTH_8fb24172cd4e43ad8ac3884b22d6bf6e/gnocchi.30c6d4fa-6d42-42f4-953c-4d4ae68fa39c/none_v3 HTTP/1.0 404 - python-swiftclient-3.11.1 gAAAAABpsT4nIeyE... - 70 - tx016b9a1a52554723b0ff7-0069b13ef5 - 0.0080 - - 1773223669.991086483 1773223669.999080181 0
Mar 11 10:07:50 standalone account-server[124174]: 172.20.0.100 - - [11/Mar/2026:10:07:50 +0000] "PUT /d1/556/AUTH_8fb24172cd4e43ad8ac3884b22d6bf6e/gnocchi.30c6d4fa-6d42-42f4-953c-4d4ae68fa39c" 201 - "PUT http://172.20.0.100:6001/d1/829/AUTH_8fb24172cd4e43ad8ac3884b22d6bf6e/gnocchi.30c6d4fa-6d42-42f4-953c-4d4ae68fa39c" "tx20b71f08996941369a944-0069b13ef6" "container-server 20" 0.0067 "-" 22 0
Mar 11 10:07:50 standalone container-server[124193]: 172.20.0.100 - - [11/Mar/2026:10:07:50 +0000] "PUT /d1/829/AUTH_8fb24172cd4e43ad8ac3884b22d6bf6e/gnocchi.30c6d4fa-6d42-42f4-953c-4d4ae68fa39c" 201 - "PUT http://localhost:8080/v1/AUTH_8fb24172cd4e43ad8ac3884b22d6bf6e/gnocchi.30c6d4fa-6d42-42f4-953c-4d4ae68fa39c" "tx20b71f08996941369a944-0069b13ef6" "proxy-server 21" 0.0217 "-" 20 0
Mar 11 10:07:50 standalone proxy-server[126512]: 172.18.0.2 ::1 11/Mar/2026/10/07/50 PUT /v1/AUTH_8fb24172cd4e43ad8ac3884b22d6bf6e/gnocchi.30c6d4fa-6d42-42f4-953c-4d4ae68fa39c HTTP/1.0 201 - python-swiftclient-3.11.1 gAAAAABpsT4nIeyE... - - - tx20b71f08996941369a944-0069b13ef6 - 0.0279 - - 1773223670.001913786 1773223670.029781103 0
Mar 11 10:07:50 standalone container-server[124238]: 172.20.0.100 - - [11/Mar/2026:10:07:50 +0000] "HEAD /d1/829/AUTH_8fb24172cd4e43ad8ac3884b22d6bf6e/gnocchi.30c6d4fa-6d42-42f4-953c-4d4ae68fa39c" 204 - "HEAD http://localhost:8080/v1/AUTH_8fb24172cd4e43ad8ac3884b22d6bf6e/gnocchi.30c6d4fa-6d42-42f4-953c-4d4ae68fa39c?format=json&states=listing" "tx9a66bb27507844de81283-0069b13ef6" "proxy-server 21" 0.0027 "-" 23 0
Mar 11 10:07:50 standalone proxy-server[126512]: - - 11/Mar/2026/10/07/50 HEAD /v1/AUTH_8fb24172cd4e43ad8ac3884b22d6bf6e/gnocchi.30c6d4fa-6d42-42f4-953c-4d4ae68fa39c%3Fformat%3Djson%26states%3Dlisting HTTP/1.0 204 - Swift - - - - tx9a66bb27507844de81283-0069b13ef6 - 0.0082 RL - 1773223670.036688089 1773223670.044855118 0
Mar 11 10:07:50 standalone container-server[124205]: 172.20.0.100 - - [11/Mar/2026:10:07:50 +0000] "GET /d1/829/AUTH_8fb24172cd4e43ad8ac3884b22d6bf6e/gnocchi.30c6d4fa-6d42-42f4-953c-4d4ae68fa39c" 200 2 "GET http://localhost:8080/v1/AUTH_8fb24172cd4e43ad8ac3884b22d6bf6e/gnocchi.30c6d4fa-6d42-42f4-953c-4d4ae68fa39c?format=json&states=listing" "tx9a66bb27507844de81283-0069b13ef6" "proxy-server 21" 0.0039 "-" 21 0
Mar 11 10:07:50 standalone proxy-server[126512]: 172.18.0.2 ::1 11/Mar/2026/10/07/50 GET /v1/AUTH_8fb24172cd4e43ad8ac3884b22d6bf6e/gnocchi.30c6d4fa-6d42-42f4-953c-4d4ae68fa39c%3Fformat%3Djson%26states%3Dlisting HTTP/1.0 200 - python-swiftclient-3.11.1 gAAAAABpsT4nIeyE... - 2 - tx9a66bb27507844de81283-0069b13ef6 - 0.0237 - - 1773223670.034976959 1773223670.058673143 0
Mar 11 10:07:50 standalone object-server[124453]: 172.20.0.100 - - [11/Mar/2026:10:07:50 +0000] "GET /d1/738/AUTH_8fb24172cd4e43ad8ac3884b22d6bf6e/gnocchi.30c6d4fa-6d42-42f4-953c-4d4ae68fa39c/1772280000.0_mean_300.0_v3" 404 70 "GET http://localhost:8080/v1/AUTH_8fb24172cd4e43ad8ac3884b22d6bf6e/gnocchi.30c6d4fa-6d42-42f4-953c-4d4ae68fa39c/1772280000.0_mean_300.0_v3" "tx2ab2e145fc304042b9af6-0069b13ef6" "proxy-server 21" 0.0005 "-" 23 0
Mar 11 10:07:50 standalone proxy-server[126512]: 172.18.0.2 ::1 11/Mar/2026/10/07/50 GET /v1/AUTH_8fb24172cd4e43ad8ac3884b22d6bf6e/gnocchi.30c6d4fa-6d42-42f4-953c-4d4ae68fa39c/1772280000.0_mean_300.0_v3 HTTP/1.0 404 - python-swiftclient-3.11.1 gAAAAABpsT4nIeyE... - 70 - tx2ab2e145fc304042b9af6-0069b13ef6 - 0.0087 - - 1773223670.063414335 1773223670.072128534 0
Mar 11 10:07:50 standalone container-server[124238]: 172.20.0.100 - - [11/Mar/2026:10:07:50 +0000] "PUT /d1/829/AUTH_8fb24172cd4e43ad8ac3884b22d6bf6e/gnocchi.30c6d4fa-6d42-42f4-953c-4d4ae68fa39c/1772280000.0_mean_300.0_v3" 201 - "PUT http://localhost:8080/d1/738/AUTH_8fb24172cd4e43ad8ac3884b22d6bf6e/gnocchi.30c6d4fa-6d42-42f4-953c-4d4ae68fa39c/1772280000.0_mean_300.0_v3" "tx75370ce56f3c472fb6eae-0069b13ef6" "object-server 25" 0.0007 "-" 23 0
Mar 11 10:07:50 standalone object-server[124457]: 172.20.0.100 - - [11/Mar/2026:10:07:50 +0000] "PUT /d1/738/AUTH_8fb24172cd4e43ad8ac3884b22d6bf6e/gnocchi.30c6d4fa-6d42-42f4-953c-4d4ae68fa39c/1772280000.0_mean_300.0_v3" 201 - "PUT http://localhost:8080/v1/AUTH_8fb24172cd4e43ad8ac3884b22d6bf6e/gnocchi.30c6d4fa-6d42-42f4-953c-4d4ae68fa39c/1772280000.0_mean_300.0_v3" "tx75370ce56f3c472fb6eae-0069b13ef6" "proxy-server 21" 0.0129 "-" 25 0
Mar 11 10:07:50 standalone proxy-server[126512]: 172.18.0.2 ::1 11/Mar/2026/10/07/50 PUT /v1/AUTH_8fb24172cd4e43ad8ac3884b22d6bf6e/gnocchi.30c6d4fa-6d42-42f4-953c-4d4ae68fa39c/1772280000.0_mean_300.0_v3 HTTP/1.0 201 - python-swiftclient-3.11.1 gAAAAABpsT4nIeyE... 16 - - tx75370ce56f3c472fb6eae-0069b13ef6 - 0.0224 - - 1773223670.076284170 1773223670.098709583 0
Mar 11 10:07:50 standalone container-server[124193]: 172.20.0.100 - - [11/Mar/2026:10:07:50 +0000] "PUT /d1/829/AUTH_8fb24172cd4e43ad8ac3884b22d6bf6e/gnocchi.30c6d4fa-6d42-42f4-953c-4d4ae68fa39c/none_v3" 201 - "PUT http://localhost:8080/d1/459/AUTH_8fb24172cd4e43ad8ac3884b22d6bf6e/gnocchi.30c6d4fa-6d42-42f4-953c-4d4ae68fa39c/none_v3" "tx74fcec10ffba4025b3520-0069b13ef6" "object-server 22" 0.0013 "-" 20 0
Mar 11 10:07:50 standalone object-server[124452]: 172.20.0.100 - - [11/Mar/2026:10:07:50 +0000] "PUT /d1/459/AUTH_8fb24172cd4e43ad8ac3884b22d6bf6e/gnocchi.30c6d4fa-6d42-42f4-953c-4d4ae68fa39c/none_v3" 201 - "PUT http://localhost:8080/v1/AUTH_8fb24172cd4e43ad8ac3884b22d6bf6e/gnocchi.30c6d4fa-6d42-42f4-953c-4d4ae68fa39c/none_v3" "tx74fcec10ffba4025b3520-0069b13ef6" "proxy-server 21" 0.0101 "-" 22 0
Mar 11 10:07:50 standalone proxy-server[126512]: 172.18.0.2 ::1 11/Mar/2026/10/07/50 PUT /v1/AUTH_8fb24172cd4e43ad8ac3884b22d6bf6e/gnocchi.30c6d4fa-6d42-42f4-953c-4d4ae68fa39c/none_v3 HTTP/1.0 201 - python-swiftclient-3.11.1 gAAAAABpsT4nIeyE... 22 - - tx74fcec10ffba4025b3520-0069b13ef6 - 0.0166 - - 1773223670.104839563 1773223670.121444702 0
Mar 11 10:07:50 standalone container-server[124205]: 172.20.0.100 - - [11/Mar/2026:10:07:50 +0000] "HEAD /d1/719/AUTH_8fb24172cd4e43ad8ac3884b22d6bf6e/gnocchi.bc6d1948-526f-4185-9e82-cc81f869460d" 404 - "HEAD http://localhost:8080/v1/AUTH_8fb24172cd4e43ad8ac3884b22d6bf6e/gnocchi.bc6d1948-526f-4185-9e82-cc81f869460d?format=json&states=listing" "tx5300cdd0e4d94a2db4c1a-0069b13ef6" "proxy-server 21" 0.0006 "-" 21 0
Mar 11 10:07:50 standalone object-server[124457]: 172.20.0.100 - - [11/Mar/2026:10:07:50 +0000] "GET /d1/78/AUTH_8fb24172cd4e43ad8ac3884b22d6bf6e/gnocchi.bc6d1948-526f-4185-9e82-cc81f869460d/none_v3" 404 70 "GET http://localhost:8080/v1/AUTH_8fb24172cd4e43ad8ac3884b22d6bf6e/gnocchi.bc6d1948-526f-4185-9e82-cc81f869460d/none_v3" "tx5300cdd0e4d94a2db4c1a-0069b13ef6" "proxy-server 21" 0.0007 "-" 25 0
Mar 11 10:07:50 standalone proxy-server[126512]: 172.18.0.2 ::1 11/Mar/2026/10/07/50 GET /v1/AUTH_8fb24172cd4e43ad8ac3884b22d6bf6e/gnocchi.bc6d1948-526f-4185-9e82-cc81f869460d/none_v3 HTTP/1.0 404 - python-swiftclient-3.11.1 gAAAAABpsT4nIeyE... - 70 - tx5300cdd0e4d94a2db4c1a-0069b13ef6 - 0.0125 - - 1773223670.137539387 1773223670.150047302 0
Mar 11 10:07:50 standalone account-server[124161]: 172.20.0.100 - - [11/Mar/2026:10:07:50 +0000] "PUT /d1/556/AUTH_8fb24172cd4e43ad8ac3884b22d6bf6e/gnocchi.bc6d1948-526f-4185-9e82-cc81f869460d" 201 - "PUT http://172.20.0.100:6001/d1/719/AUTH_8fb24172cd4e43ad8ac3884b22d6bf6e/gnocchi.bc6d1948-526f-4185-9e82-cc81f869460d" "tx59025b64c5f44ae89deb7-0069b13ef6" "container-server 23" 0.0055 "-" 20 0
Mar 11 10:07:50 standalone container-server[124238]: 172.20.0.100 - - [11/Mar/2026:10:07:50 +0000] "PUT /d1/719/AUTH_8fb24172cd4e43ad8ac3884b22d6bf6e/gnocchi.bc6d1948-526f-4185-9e82-cc81f869460d" 201 - "PUT http://localhost:8080/v1/AUTH_8fb24172cd4e43ad8ac3884b22d6bf6e/gnocchi.bc6d1948-526f-4185-9e82-cc81f869460d" "tx59025b64c5f44ae89deb7-0069b13ef6" "proxy-server 21" 0.0175 "-" 23 0
Mar 11 10:07:50 standalone proxy-server[126512]: 172.18.0.2 ::1 11/Mar/2026/10/07/50 PUT /v1/AUTH_8fb24172cd4e43ad8ac3884b22d6bf6e/gnocchi.bc6d1948-526f-4185-9e82-cc81f869460d HTTP/1.0 201 - python-swiftclient-3.11.1 gAAAAABpsT4nIeyE... - - - tx59025b64c5f44ae89deb7-0069b13ef6 - 0.0233 - - 1773223670.157064199 1773223670.180326223 0
Mar 11 10:07:50 standalone container-server[124238]: 172.20.0.100 - - [11/Mar/2026:10:07:50 +0000] "HEAD /d1/719/AUTH_8fb24172cd4e43ad8ac3884b22d6bf6e/gnocchi.bc6d1948-526f-4185-9e82-cc81f869460d" 204 - "HEAD http://localhost:8080/v1/AUTH_8fb24172cd4e43ad8ac3884b22d6bf6e/gnocchi.bc6d1948-526f-4185-9e82-cc81f869460d?format=json&states=listing" "tx51af8a00444d45d5a1d72-0069b13ef6" "proxy-server 21" 0.0040 "-" 23 0
Mar 11 10:07:50 standalone proxy-server[126512]: - - 11/Mar/2026/10/07/50 HEAD /v1/AUTH_8fb24172cd4e43ad8ac3884b22d6bf6e/gnocchi.bc6d1948-526f-4185-9e82-cc81f869460d%3Fformat%3Djson%26states%3Dlisting HTTP/1.0 204 - Swift - - - - tx51af8a00444d45d5a1d72-0069b13ef6 - 0.0089 RL - 1773223670.186684370 1773223670.195630550 0
Mar 11 10:07:50 standalone container-server[124217]: 172.20.0.100 - - [11/Mar/2026:10:07:50 +0000] "GET /d1/719/AUTH_8fb24172cd4e43ad8ac3884b22d6bf6e/gnocchi.bc6d1948-526f-4185-9e82-cc81f869460d" 200 2 "GET http://localhost:8080/v1/AUTH_8fb24172cd4e43ad8ac3884b22d6bf6e/gnocchi.bc6d1948-526f-4185-9e82-cc81f869460d?format=json&states=listing" "tx51af8a00444d45d5a1d72-0069b13ef6" "proxy-server 21" 0.0035 "-" 22 0
Mar 11 10:07:50 standalone proxy-server[126512]: 172.18.0.2 ::1 11/Mar/2026/10/07/50 GET /v1/AUTH_8fb24172cd4e43ad8ac3884b22d6bf6e/gnocchi.bc6d1948-526f-4185-9e82-cc81f869460d%3Fformat%3Djson%26states%3Dlisting HTTP/1.0 200 - python-swiftclient-3.11.1 gAAAAABpsT4nIeyE... - 2 - tx51af8a00444d45d5a1d72-0069b13ef6 - 0.0203 - - 1773223670.185391665 1773223670.205695391 0
Mar 11 10:07:50 standalone object-server[124453]: 172.20.0.100 - - [11/Mar/2026:10:07:50 +0000] "GET /d1/5/AUTH_8fb24172cd4e43ad8ac3884b22d6bf6e/gnocchi.bc6d1948-526f-4185-9e82-cc81f869460d/1772280000.0_mean_300.0_v3" 404 70 "GET http://localhost:8080/v1/AUTH_8fb24172cd4e43ad8ac3884b22d6bf6e/gnocchi.bc6d1948-526f-4185-9e82-cc81f869460d/1772280000.0_mean_300.0_v3" "txfc08f8a63fdd4aa0a2f06-0069b13ef6" "proxy-server 21" 0.0007 "-" 23 0
Mar 11 10:07:50 standalone proxy-server[126512]: 172.18.0.2 ::1 11/Mar/2026/10/07/50 GET /v1/AUTH_8fb24172cd4e43ad8ac3884b22d6bf6e/gnocchi.bc6d1948-526f-4185-9e82-cc81f869460d/1772280000.0_mean_300.0_v3 HTTP/1.0 404 - python-swiftclient-3.11.1 gAAAAABpsT4nIeyE... - 70 - txfc08f8a63fdd4aa0a2f06-0069b13ef6 - 0.0069 - - 1773223670.211151123 1773223670.218031406 0
Mar 11 10:07:50 standalone container-server[124217]: 172.20.0.100 - - [11/Mar/2026:10:07:50 +0000] "PUT /d1/719/AUTH_8fb24172cd4e43ad8ac3884b22d6bf6e/gnocchi.bc6d1948-526f-4185-9e82-cc81f869460d/1772280000.0_mean_300.0_v3" 201 - "PUT http://localhost:8080/d1/5/AUTH_8fb24172cd4e43ad8ac3884b22d6bf6e/gnocchi.bc6d1948-526f-4185-9e82-cc81f869460d/1772280000.0_mean_300.0_v3" "tx58db3797e9104e24ab88f-0069b13ef6" "object-server 24" 0.0008 "-" 22 0
Mar 11 10:07:50 standalone object-server[124455]: 172.20.0.100 - - [11/Mar/2026:10:07:50 +0000] "PUT /d1/5/AUTH_8fb24172cd4e43ad8ac3884b22d6bf6e/gnocchi.bc6d1948-526f-4185-9e82-cc81f869460d/1772280000.0_mean_300.0_v3" 201 - "PUT http://localhost:8080/v1/AUTH_8fb24172cd4e43ad8ac3884b22d6bf6e/gnocchi.bc6d1948-526f-4185-9e82-cc81f869460d/1772280000.0_mean_300.0_v3" "tx58db3797e9104e24ab88f-0069b13ef6" "proxy-server 21" 0.0124 "-" 24 0
Mar 11 10:07:50 standalone proxy-server[126512]: 172.18.0.2 ::1 11/Mar/2026/10/07/50 PUT /v1/AUTH_8fb24172cd4e43ad8ac3884b22d6bf6e/gnocchi.bc6d1948-526f-4185-9e82-cc81f869460d/1772280000.0_mean_300.0_v3 HTTP/1.0 201 - python-swiftclient-3.11.1 gAAAAABpsT4nIeyE... 16 - - tx58db3797e9104e24ab88f-0069b13ef6 - 0.0210 - - 1773223670.223145247 1773223670.244174957 0
Mar 11 10:07:50 standalone container-server[124217]: 172.20.0.100 - - [11/Mar/2026:10:07:50 +0000] "PUT /d1/719/AUTH_8fb24172cd4e43ad8ac3884b22d6bf6e/gnocchi.bc6d1948-526f-4185-9e82-cc81f869460d/none_v3" 201 - "PUT http://localhost:8080/d1/78/AUTH_8fb24172cd4e43ad8ac3884b22d6bf6e/gnocchi.bc6d1948-526f-4185-9e82-cc81f869460d/none_v3" "txb67ead430ad944c4a8cd6-0069b13ef6" "object-server 24" 0.0006 "-" 22 0
Mar 11 10:07:50 standalone object-server[124455]: 172.20.0.100 - - [11/Mar/2026:10:07:50 +0000] "PUT /d1/78/AUTH_8fb24172cd4e43ad8ac3884b22d6bf6e/gnocchi.bc6d1948-526f-4185-9e82-cc81f869460d/none_v3" 201 - "PUT http://localhost:8080/v1/AUTH_8fb24172cd4e43ad8ac3884b22d6bf6e/gnocchi.bc6d1948-526f-4185-9e82-cc81f869460d/none_v3" "txb67ead430ad944c4a8cd6-0069b13ef6" "proxy-server 21" 0.0093 "-" 24 0
Mar 11 10:07:50 standalone proxy-server[126512]: 172.18.0.2 ::1 11/Mar/2026/10/07/50 PUT /v1/AUTH_8fb24172cd4e43ad8ac3884b22d6bf6e/gnocchi.bc6d1948-526f-4185-9e82-cc81f869460d/none_v3 HTTP/1.0 201 - python-swiftclient-3.11.1 gAAAAABpsT4nIeyE... 22 - - txb67ead430ad944c4a8cd6-0069b13ef6 - 0.0144 - - 1773223670.252273560 1773223670.266693354 0
Mar 11 10:08:36 standalone account-server[124179]: 172.20.0.100 - - [11/Mar/2026:10:08:36 +0000] "HEAD /d1/392/.expiring_objects" 404 - "HEAD http://localhost/v1/.expiring_objects?format=json" "tx6420fe9b113747e28a7e5-0069b13f24" "proxy-server 2" 0.0007 "-" 23 -
Mar 11 10:08:36 standalone object-expirer[124297]: Pass completed in 0s; 0 objects expired (txn: tx6420fe9b113747e28a7e5-0069b13f24)
Mar 11 10:09:42 standalone container-server[124292]: Begin container update sweep
Mar 11 10:09:42 standalone account-server[124179]: 172.20.0.100 - - [11/Mar/2026:10:09:42 +0000] "PUT /d1/556/AUTH_8fb24172cd4e43ad8ac3884b22d6bf6e/gnocchi.f827aa78-3a1f-49b7-9f7a-84d1d073ed98" 201 - "-" "-" "container-updater 2" 0.0011 "-" 23 0
Mar 11 10:09:43 standalone account-server[124179]: 172.20.0.100 - - [11/Mar/2026:10:09:43 +0000] "PUT /d1/556/AUTH_8fb24172cd4e43ad8ac3884b22d6bf6e/gnocchi.a6847277-5660-48f1-b08d-a3ee828e7e19" 201 - "-" "-" "container-updater 2" 0.0005 "-" 23 0
Mar 11 10:09:43 standalone account-server[124174]: 172.20.0.100 - - [11/Mar/2026:10:09:43 +0000] "PUT /d1/556/AUTH_8fb24172cd4e43ad8ac3884b22d6bf6e/gnocchi.beccc4fc-15a9-449a-8296-c9d61e6f94ce" 201 - "-" "-" "container-updater 2" 0.0009 "-" 22 0
Mar 11 10:09:43 standalone account-server[124179]: 172.20.0.100 - - [11/Mar/2026:10:09:43 +0000] "PUT /d1/556/AUTH_8fb24172cd4e43ad8ac3884b22d6bf6e/gnocchi.b4c75eac-6fc2-4e91-8051-108d6bb97746" 201 - "-" "-" "container-updater 2" 0.0007 "-" 23 0
Mar 11 10:09:43 standalone account-server[124174]: 172.20.0.100 - - [11/Mar/2026:10:09:43 +0000] "PUT /d1/556/AUTH_8fb24172cd4e43ad8ac3884b22d6bf6e/gnocchi.6f9a54c0-33bd-40b2-8fe1-fc9823d2952d" 201 - "-" "-" "container-updater 2" 0.0010 "-" 22 0
Mar 11 10:09:43 standalone account-server[124164]: 172.20.0.100 - - [11/Mar/2026:10:09:43 +0000] "PUT /d1/556/AUTH_8fb24172cd4e43ad8ac3884b22d6bf6e/gnocchi.62cdc7e4-5f5f-4809-90c9-3cc6e5ecd744" 201 - "-" "-" "container-updater 2" 0.0004 "-" 21 0
Mar 11 10:09:43 standalone account-server[124174]: 172.20.0.100 - - [11/Mar/2026:10:09:43 +0000] "PUT /d1/556/AUTH_8fb24172cd4e43ad8ac3884b22d6bf6e/gnocchi.bc6d1948-526f-4185-9e82-cc81f869460d" 201 - "-" "-" "container-updater 2" 0.0009 "-" 22 0
Mar 11 10:09:43 standalone account-server[124164]: 172.20.0.100 - - [11/Mar/2026:10:09:43 +0000] "PUT /d1/556/AUTH_8fb24172cd4e43ad8ac3884b22d6bf6e/gnocchi.e6d58724-8dd1-45c6-a161-38c4faa04c73" 201 - "-" "-" "container-updater 2" 0.0004 "-" 21 0
Mar 11 10:09:43 standalone account-server[124174]: 172.20.0.100 - - [11/Mar/2026:10:09:43 +0000] "PUT /d1/556/AUTH_8fb24172cd4e43ad8ac3884b22d6bf6e/gnocchi.5d5111cc-ad99-443b-a683-2aaa5451b045" 201 - "-" "-" "container-updater 2" 0.0011 "-" 22 0
Mar 11 10:09:43 standalone account-server[124174]: 172.20.0.100 - - [11/Mar/2026:10:09:43 +0000] "PUT /d1/556/AUTH_8fb24172cd4e43ad8ac3884b22d6bf6e/gnocchi.607cfe29-8083-4c5f-afd9-f62546a35589" 201 - "-" "-" "container-updater 2" 0.0008 "-" 22 0
Mar 11 10:09:43 standalone account-server[124179]: 172.20.0.100 - - [11/Mar/2026:10:09:43 +0000] "PUT /d1/556/AUTH_8fb24172cd4e43ad8ac3884b22d6bf6e/gnocchi.9901298a-d9e1-4ccf-b866-05be98e74412" 201 - "-" "-" "container-updater 2" 0.0006 "-" 23 0
Mar 11 10:09:44 standalone account-server[124179]: 172.20.0.100 - - [11/Mar/2026:10:09:44 +0000] "PUT /d1/556/AUTH_8fb24172cd4e43ad8ac3884b22d6bf6e/gnocchi.ae326567-bc1b-4a9f-b6a4-7e338437e720" 201 - "-" "-" "container-updater 2" 0.0007 "-" 23 0
Mar 11 10:09:44 standalone account-server[124161]: 172.20.0.100 - - [11/Mar/2026:10:09:44 +0000] "PUT /d1/556/AUTH_8fb24172cd4e43ad8ac3884b22d6bf6e/gnocchi.30c6d4fa-6d42-42f4-953c-4d4ae68fa39c" 201 - "-" "-" "container-updater 2" 0.0004 "-" 20 0
Mar 11 10:09:44 standalone account-server[124174]: 172.20.0.100 - - [11/Mar/2026:10:09:44 +0000] "PUT /d1/556/AUTH_8fb24172cd4e43ad8ac3884b22d6bf6e/gnocchi.85133525-69a2-4a83-b144-ddca393415b3" 201 - "-" "-" "container-updater 2" 0.0009 "-" 22 0
Mar 11 10:09:44 standalone account-server[124174]: 172.20.0.100 - - [11/Mar/2026:10:09:44 +0000] "PUT /d1/556/AUTH_8fb24172cd4e43ad8ac3884b22d6bf6e/gnocchi.b503bcc5-2c4c-48b7-9f93-4dbcb55f232a" 201 - "-" "-" "container-updater 2" 0.0009 "-" 22 0
Mar 11 10:09:44 standalone account-server[124174]: 172.20.0.100 - - [11/Mar/2026:10:09:44 +0000] "PUT /d1/556/AUTH_8fb24172cd4e43ad8ac3884b22d6bf6e/gnocchi.22d1c0de-78f2-4a33-86a6-83b9e1bd52f9" 201 - "-" "-" "container-updater 2" 0.0007 "-" 22 0
Mar 11 10:09:44 standalone account-server[124164]: 172.20.0.100 - - [11/Mar/2026:10:09:44 +0000] "PUT /d1/556/AUTH_8fb24172cd4e43ad8ac3884b22d6bf6e/gnocchi.13bbd878-12c5-48c4-8414-614c7e471d04" 201 - "-" "-" "container-updater 2" 0.0006 "-" 21 0
Mar 11 10:09:44 standalone account-server[124164]: 172.20.0.100 - - [11/Mar/2026:10:09:44 +0000] "PUT /d1/556/AUTH_8fb24172cd4e43ad8ac3884b22d6bf6e/gnocchi.a4c65316-a701-4623-985d-3c32cca7172c" 201 - "-" "-" "container-updater 2" 0.0007 "-" 21 0
Mar 11 10:09:44 standalone account-server[124161]: 172.20.0.100 - - [11/Mar/2026:10:09:44 +0000] "PUT /d1/556/AUTH_8fb24172cd4e43ad8ac3884b22d6bf6e/gnocchi.d1bb3f53-bec6-47a4-8711-6541cf2fe4ad" 201 - "-" "-" "container-updater 2" 0.0007 "-" 20 0
Mar 11 10:09:44 standalone account-server[124174]: 172.20.0.100 - - [11/Mar/2026:10:09:44 +0000] "PUT /d1/556/AUTH_8fb24172cd4e43ad8ac3884b22d6bf6e/gnocchi.88272855-7db2-422a-bb4a-14f5890e9f5a" 201 - "-" "-" "container-updater 2" 0.0014 "-" 22 0
Mar 11 10:09:45 standalone account-server[124161]: 172.20.0.100 - - [11/Mar/2026:10:09:45 +0000] "PUT /d1/556/AUTH_8fb24172cd4e43ad8ac3884b22d6bf6e/gnocchi.5e081eb0-a31a-46b4-91d6-12cf400322e4" 201 - "-" "-" "container-updater 2" 0.0007 "-" 20 0
Mar 11 10:09:45 standalone account-server[124161]: 172.20.0.100 - - [11/Mar/2026:10:09:45 +0000] "PUT /d1/556/AUTH_8fb24172cd4e43ad8ac3884b22d6bf6e/gnocchi.7bc8a93a-9d8b-406d-8af0-89fea8e48d17" 201 - "-" "-" "container-updater 2" 0.0005 "-" 20 0
Mar 11 10:09:45 standalone container-server[124292]: Container update sweep completed: 2.33s
Mar 11 10:10:40 standalone object-server[124388]: Begin object update sweep
Mar 11 10:10:40 standalone object-server[247672]: Object update sweep starting on /srv/node/d1 (pid: 15)
Mar 11 10:10:40 standalone object-server[247672]: Object update sweep completed on /srv/node/d1 in 0.00s seconds:, 0 successes, 0 failures, 0 quarantines, 0 unlinks, 0 errors, 0 redirects (pid: 15)
Mar 11 10:10:40 standalone object-server[247672]: Object update sweep of d1 completed: 0.00s, 0 successes, 0 failures, 0 quarantines, 0 unlinks, 0 errors, 0 redirects
Mar 11 10:10:40 standalone object-server[124388]: Object update sweep completed: 0.08s
Mar 11 10:10:58 standalone account-server[123893]: Devices pass completed: 0.01s
Mar 11 10:12:06 standalone account-server[124174]: 172.20.0.100 - - [11/Mar/2026:10:12:06 +0000] "HEAD /d1/392/.expiring_objects" 404 - "HEAD http://localhost/v1/.expiring_objects?format=json" "tx8df5b4088a1c4b618e1fb-0069b13ff6" "proxy-server 2" 0.0006 "-" 22 -
Mar 11 10:12:06 standalone object-expirer[124297]: Pass completed in 0s; 0 objects expired (txn: tx8df5b4088a1c4b618e1fb-0069b13ff6)
Mar 11 10:14:42 standalone container-server[124292]: Begin container update sweep
Mar 11 10:14:44 standalone container-server[124292]: Container update sweep completed: 1.38s
Mar 11 10:15:40 standalone object-server[124388]: Begin object update sweep
Mar 11 10:15:40 standalone object-server[271738]: Object update sweep starting on /srv/node/d1 (pid: 16)
Mar 11 10:15:40 standalone object-server[271738]: Object update sweep completed on /srv/node/d1 in 0.00s seconds:, 0 successes, 0 failures, 0 quarantines, 0 unlinks, 0 errors, 0 redirects (pid: 16)
Mar 11 10:15:40 standalone object-server[271738]: Object update sweep of d1 completed: 0.00s, 0 successes, 0 failures, 0 quarantines, 0 unlinks, 0 errors, 0 redirects
Mar 11 10:15:40 standalone object-server[124388]: Object update sweep completed: 0.09s
Mar 11 10:17:01 standalone account-server[124174]: 172.20.0.100 - - [11/Mar/2026:10:17:01 +0000] "HEAD /d1/392/.expiring_objects" 404 - "HEAD http://localhost/v1/.expiring_objects?format=json" "tx586c2893c91b4df8a3916-0069b1411d" "proxy-server 2" 0.0008 "-" 22 -
Mar 11 10:17:01 standalone object-expirer[124297]: Pass completed in 0s; 0 objects expired (txn: tx586c2893c91b4df8a3916-0069b1411d)
Mar 11 10:18:33 standalone account-server[124174]: 172.20.0.100 - - [11/Mar/2026:10:18:33 +0000] "HEAD /d1/392/.expiring_objects" 404 - "HEAD http://localhost/v1/.expiring_objects?format=json" "txe950e3ca4f614c4992ad2-0069b14179" "proxy-server 2" 0.0007 "-" 22 -
Mar 11 10:18:33 standalone object-expirer[124297]: Pass completed in 0s; 0 objects expired (txn: txe950e3ca4f614c4992ad2-0069b14179)
Mar 11 10:19:43 standalone container-server[124292]: Begin container update sweep
Mar 11 10:19:44 standalone container-server[124292]: Container update sweep completed: 1.49s
Mar 11 10:20:40 standalone object-server[124388]: Begin object update sweep
Mar 11 10:20:40 standalone object-server[292391]: Object update sweep starting on /srv/node/d1 (pid: 17)
Mar 11 10:20:40 standalone object-server[292391]: Object update sweep completed on /srv/node/d1 in 0.00s seconds:, 0 successes, 0 failures, 0 quarantines, 0 unlinks, 0 errors, 0 redirects (pid: 17)
Mar 11 10:20:40 standalone object-server[292391]: Object update sweep of d1 completed: 0.00s, 0 successes, 0 failures, 0 quarantines, 0 unlinks, 0 errors, 0 redirects
Mar 11 10:20:40 standalone object-server[124388]: Object update sweep completed: 0.08s
Mar 11 10:21:34 standalone account-server[124164]: 172.20.0.100 - - [11/Mar/2026:10:21:34 +0000] "HEAD /d1/392/.expiring_objects" 404 - "HEAD http://localhost/v1/.expiring_objects?format=json" "tx4a9c58d1fd8f4aad99bf5-0069b1422e" "proxy-server 2" 0.0003 "-" 21 -
Mar 11 10:21:34 standalone object-expirer[124297]: Pass completed in 0s; 0 objects expired (txn: tx4a9c58d1fd8f4aad99bf5-0069b1422e)
Mar 11 10:23:02 standalone account-server[124179]: 172.20.0.100 - - [11/Mar/2026:10:23:02 +0000] "HEAD /d1/392/.expiring_objects" 404 - "HEAD http://localhost/v1/.expiring_objects?format=json" "tx99800013571c40569e722-0069b14286" "proxy-server 2" 0.0011 "-" 23 -
Mar 11 10:23:02 standalone object-expirer[124297]: Pass completed in 0s; 0 objects expired (txn: tx99800013571c40569e722-0069b14286)
Mar 11 10:24:21 standalone account-server[124161]: 172.20.0.100 - - [11/Mar/2026:10:24:21 +0000] "HEAD /d1/392/.expiring_objects" 404 - "HEAD http://localhost/v1/.expiring_objects?format=json" "tx36ad60dc2d5342f3b34ae-0069b142d5" "proxy-server 2" 0.0008 "-" 20 -
Mar 11 10:24:21 standalone object-expirer[124297]: Pass completed in 0s; 0 objects expired (txn: tx36ad60dc2d5342f3b34ae-0069b142d5)
Mar 11 10:24:43 standalone container-server[124292]: Begin container update sweep
Mar 11 10:24:44 standalone container-server[124292]: Container update sweep completed: 1.60s
Mar 11 10:25:40 standalone object-server[124388]: Begin object update sweep
Mar 11 10:25:40 standalone object-server[312972]: Object update sweep starting on /srv/node/d1 (pid: 18)
Mar 11 10:25:40 standalone object-server[312972]: Object update sweep completed on /srv/node/d1 in 0.00s seconds:, 0 successes, 0 failures, 0 quarantines, 0 unlinks, 0 errors, 0 redirects (pid: 18)
Mar 11 10:25:40 standalone object-server[312972]: Object update sweep of d1 completed: 0.00s, 0 successes, 0 failures, 0 quarantines, 0 unlinks, 0 errors, 0 redirects
Mar 11 10:25:40 standalone object-server[124388]: Object update sweep completed: 0.10s
Mar 11 10:28:51 standalone account-server[124174]: 172.20.0.100 - - [11/Mar/2026:10:28:51 +0000] "HEAD /d1/392/.expiring_objects" 404 - "HEAD http://localhost/v1/.expiring_objects?format=json" "txc3cdc571df8c42b782a82-0069b143e3" "proxy-server 2" 0.0006 "-" 22 -
Mar 11 10:28:51 standalone object-expirer[124297]: Pass completed in 0s; 0 objects expired (txn: txc3cdc571df8c42b782a82-0069b143e3)
Mar 11 10:29:43 standalone container-server[124292]: Begin container update sweep
Mar 11 10:29:44 standalone container-server[124292]: Container update sweep completed: 1.74s
Mar 11 10:30:40 standalone object-server[124388]: Begin object update sweep
Mar 11 10:30:40 standalone object-server[333370]: Object update sweep starting on /srv/node/d1 (pid: 19)
Mar 11 10:30:40 standalone object-server[333370]: Object update sweep completed on /srv/node/d1 in 0.00s seconds:, 0 successes, 0 failures, 0 quarantines, 0 unlinks, 0 errors, 0 redirects (pid: 19)
Mar 11 10:30:40 standalone object-server[333370]: Object update sweep of d1 completed: 0.00s, 0 successes, 0 failures, 0 quarantines, 0 unlinks, 0 errors, 0 redirects
Mar 11 10:30:40 standalone object-server[124388]: Object update sweep completed: 0.08s