2026-01-28 20:04:31.772 27 WARNING urllib3.connectionpool [-] Retrying (Retry(total=1, connect=None, read=None, redirect=5, status=None)) after connection broken by 'NewConnectionError(': Failed to establish a new connection: [Errno 111] Connection refused')': /v2.0/routers/95c92de5-f052-490b-855b-7f0a8943fbd4/add_router_interface
2026-01-28 20:04:31.772 30 WARNING urllib3.connectionpool [-] Retrying (Retry(total=7, connect=None, read=None, redirect=5, status=None)) after connection broken by 'NewConnectionError(': Failed to establish a new connection: [Errno 111] Connection refused')': /v2.0/routers/f74e636c-510e-4c97-affe-0af766dbbe1b/add_router_interface
2026-01-28 20:04:31.774 28 WARNING urllib3.connectionpool [-] Retrying (Retry(total=3, connect=None, read=None, redirect=5, status=None)) after connection broken by 'NewConnectionError(': Failed to establish a new connection: [Errno 111] Connection refused')': /v2.0/routers/60d4803f-ffe8-4096-982d-42b927cb49b9/add_router_interface
2026-01-28 20:04:31.774 27 WARNING urllib3.connectionpool [-] Retrying (Retry(total=0, connect=None, read=None, redirect=5, status=None)) after connection broken by 'NewConnectionError(': Failed to establish a new connection: [Errno 111] Connection refused')': /v2.0/routers/95c92de5-f052-490b-855b-7f0a8943fbd4/add_router_interface
2026-01-28 20:04:31.774 32 WARNING urllib3.connectionpool [-] Retrying (Retry(total=4, connect=None, read=None, redirect=5, status=None)) after connection broken by 'NewConnectionError(': Failed to establish a new connection: [Errno 111] Connection refused')': /v2.0/routers/ca420b97-d5b1-4706-a2f0-80d41b689634/add_router_interface
2026-01-28 20:04:31.775 31 WARNING urllib3.connectionpool [-] Retrying (Retry(total=7, connect=None, read=None, redirect=5, status=None)) after connection broken by 'NewConnectionError(': Failed to establish a new connection: [Errno 111] Connection refused')': /v2.0/security-groups?tenant_id=9fb360467c8a4ba2bc25e49fb553251a&name=default
2026-01-28 20:04:31.776 28 WARNING urllib3.connectionpool [-] Retrying (Retry(total=2, connect=None, read=None, redirect=5, status=None)) after connection broken by 'NewConnectionError(': Failed to establish a new connection: [Errno 111] Connection refused')': /v2.0/routers/60d4803f-ffe8-4096-982d-42b927cb49b9/add_router_interface
2026-01-28 20:04:31.778 32 WARNING urllib3.connectionpool [-] Retrying (Retry(total=3, connect=None, read=None, redirect=5, status=None)) after connection broken by 'NewConnectionError(': Failed to establish a new connection: [Errno 111] Connection refused')': /v2.0/routers/ca420b97-d5b1-4706-a2f0-80d41b689634/add_router_interface
2026-01-28 20:04:31.778 31 WARNING urllib3.connectionpool [-] Retrying (Retry(total=6, connect=None, read=None, redirect=5, status=None)) after connection broken by 'NewConnectionError(': Failed to establish a new connection: [Errno 111] Connection refused')': /v2.0/security-groups?tenant_id=9fb360467c8a4ba2bc25e49fb553251a&name=default
2026-01-28 20:04:31.780 31 WARNING urllib3.connectionpool [-] Retrying (Retry(total=5, connect=None, read=None, redirect=5, status=None)) after connection broken by 'NewConnectionError(': Failed to establish a new connection: [Errno 111] Connection refused')': /v2.0/security-groups?tenant_id=9fb360467c8a4ba2bc25e49fb553251a&name=default
2026-01-28 20:04:31.781 30 WARNING urllib3.connectionpool [-] Retrying (Retry(total=6, connect=None, read=None, redirect=5, status=None)) after connection broken by 'NewConnectionError(': Failed to establish a new connection: [Errno 111] Connection refused')': /v2.0/routers/f74e636c-510e-4c97-affe-0af766dbbe1b/add_router_interface
2026-01-28 20:04:31.781 32 WARNING urllib3.connectionpool [-] Retrying (Retry(total=2, connect=None, read=None, redirect=5, status=None)) after connection broken by 'NewConnectionError(': Failed to establish a new connection: [Errno 111] Connection refused')': /v2.0/routers/ca420b97-d5b1-4706-a2f0-80d41b689634/add_router_interface
2026-01-28 20:04:31.813 28 WARNING urllib3.connectionpool [-] Retrying (Retry(total=1, connect=None, read=None, redirect=5, status=None)) after connection broken by 'NewConnectionError(': Failed to establish a new connection: [Errno 111] Connection refused')': /v2.0/routers/60d4803f-ffe8-4096-982d-42b927cb49b9/add_router_interface
2026-01-28 20:04:31.832 31 WARNING urllib3.connectionpool [-] Retrying (Retry(total=4, connect=None, read=None, redirect=5, status=None)) after connection broken by 'NewConnectionError(': Failed to establish a new connection: [Errno 111] Connection refused')': /v2.0/security-groups?tenant_id=9fb360467c8a4ba2bc25e49fb553251a&name=default
2026-01-28 20:04:31.832 30 WARNING urllib3.connectionpool [-] Retrying (Retry(total=5, connect=None, read=None, redirect=5, status=None)) after connection broken by 'NewConnectionError(': Failed to establish a new connection: [Errno 111] Connection refused')': /v2.0/routers/f74e636c-510e-4c97-affe-0af766dbbe1b/add_router_interface
2026-01-28 20:04:31.834 31 WARNING urllib3.connectionpool [-] Retrying (Retry(total=3, connect=None, read=None, redirect=5, status=None)) after connection broken by 'NewConnectionError(': Failed to establish a new connection: [Errno 111] Connection refused')': /v2.0/security-groups?tenant_id=9fb360467c8a4ba2bc25e49fb553251a&name=default
2026-01-28 20:04:31.834 28 WARNING urllib3.connectionpool [-] Retrying (Retry(total=0, connect=None, read=None, redirect=5, status=None)) after connection broken by 'NewConnectionError(': Failed to establish a new connection: [Errno 111] Connection refused')': /v2.0/routers/60d4803f-ffe8-4096-982d-42b927cb49b9/add_router_interface
2026-01-28 20:04:31.838 32 WARNING urllib3.connectionpool [-] Retrying (Retry(total=1, connect=None, read=None, redirect=5, status=None)) after connection broken by 'NewConnectionError(': Failed to establish a new connection: [Errno 111] Connection refused')': /v2.0/routers/ca420b97-d5b1-4706-a2f0-80d41b689634/add_router_interface
2026-01-28 20:04:31.845 31 WARNING urllib3.connectionpool [-] Retrying (Retry(total=2, connect=None, read=None, redirect=5, status=None)) after connection broken by 'NewConnectionError(': Failed to establish a new connection: [Errno 111] Connection refused')': /v2.0/security-groups?tenant_id=9fb360467c8a4ba2bc25e49fb553251a&name=default
2026-01-28 20:04:31.849 31 WARNING urllib3.connectionpool [-] Retrying (Retry(total=1, connect=None, read=None, redirect=5, status=None)) after connection broken by 'NewConnectionError(': Failed to establish a new connection: [Errno 111] Connection refused')': /v2.0/security-groups?tenant_id=9fb360467c8a4ba2bc25e49fb553251a&name=default
2026-01-28 20:04:31.850 30 WARNING urllib3.connectionpool [-] Retrying (Retry(total=4, connect=None, read=None, redirect=5, status=None)) after connection broken by 'NewConnectionError(': Failed to establish a new connection: [Errno 111] Connection refused')': /v2.0/routers/f74e636c-510e-4c97-affe-0af766dbbe1b/add_router_interface
2026-01-28 20:04:31.852 32 WARNING urllib3.connectionpool [-] Retrying (Retry(total=0, connect=None, read=None, redirect=5, status=None)) after connection broken by 'NewConnectionError(': Failed to establish a new connection: [Errno 111] Connection refused')': /v2.0/routers/ca420b97-d5b1-4706-a2f0-80d41b689634/add_router_interface
2026-01-28 20:04:31.853 31 WARNING urllib3.connectionpool [-] Retrying (Retry(total=0, connect=None, read=None, redirect=5, status=None)) after connection broken by 'NewConnectionError(': Failed to establish a new connection: [Errno 111] Connection refused')': /v2.0/security-groups?tenant_id=9fb360467c8a4ba2bc25e49fb553251a&name=default
2026-01-28 20:04:31.857 30 WARNING urllib3.connectionpool [-] Retrying (Retry(total=3, connect=None, read=None, redirect=5, status=None)) after connection broken by 'NewConnectionError(': Failed to establish a new connection: [Errno 111] Connection refused')': /v2.0/routers/f74e636c-510e-4c97-affe-0af766dbbe1b/add_router_interface
2026-01-28 20:04:31.864 30 WARNING urllib3.connectionpool [-] Retrying (Retry(total=2, connect=None, read=None, redirect=5, status=None)) after connection broken by 'NewConnectionError(': Failed to establish a new connection: [Errno 111] Connection refused')': /v2.0/routers/f74e636c-510e-4c97-affe-0af766dbbe1b/add_router_interface
2026-01-28 20:04:31.866 30 WARNING urllib3.connectionpool [-] Retrying (Retry(total=1, connect=None, read=None, redirect=5, status=None)) after connection broken by 'NewConnectionError(': Failed to establish a new connection: [Errno 111] Connection refused')': /v2.0/routers/f74e636c-510e-4c97-affe-0af766dbbe1b/add_router_interface
2026-01-28 20:04:31.868 30 WARNING urllib3.connectionpool [-] Retrying (Retry(total=0, connect=None, read=None, redirect=5, status=None)) after connection broken by 'NewConnectionError(': Failed to establish a new connection: [Errno 111] Connection refused')': /v2.0/routers/f74e636c-510e-4c97-affe-0af766dbbe1b/add_router_interface
2026-01-28 20:04:31.831 25 WARNING urllib3.connectionpool [-] Retrying (Retry(total=9, connect=None, read=None, redirect=5, status=None)) after connection broken by 'NewConnectionError(': Failed to establish a new connection: [Errno 111] Connection refused')': /v2.0/networks/f92aab4d-5e96-4c86-bd12-a90fe52242b6: urllib3.exceptions.ProtocolError: ('Connection aborted.', RemoteDisconnected('Remote end closed connection without response'))
2026-01-28 20:04:31.756 29 WARNING urllib3.connectionpool [-] Retrying (Retry(total=9, connect=None, read=None, redirect=5, status=None)) after connection broken by 'NewConnectionError(': Failed to establish a new connection: [Errno 111] Connection refused')': /v3/users/e0c92e666fc942e799b5c94910433de0: urllib3.exceptions.ProtocolError: ('Connection aborted.', RemoteDisconnected('Remote end closed connection without response'))
2026-01-28 20:04:31.900 25 WARNING urllib3.connectionpool [-] Retrying (Retry(total=8, connect=None, read=None, redirect=5, status=None)) after connection broken by 'NewConnectionError(': Failed to establish a new connection: [Errno 111] Connection refused')': /v2.0/networks/f92aab4d-5e96-4c86-bd12-a90fe52242b6: urllib3.exceptions.ProtocolError: ('Connection aborted.', RemoteDisconnected('Remote end closed connection without response'))
2026-01-28 20:04:31.780 27 WARNING urllib3.connectionpool [-] Retrying (Retry(total=9, connect=None, read=None, redirect=5, status=None)) after connection broken by 'NewConnectionError(': Failed to establish a new connection: [Errno 111] Connection refused')': /v2.0/routers/95c92de5-f052-490b-855b-7f0a8943fbd4: urllib3.exceptions.MaxRetryError: HTTPSConnectionPool(host='neutron-public-openstack.apps-crc.testing', port=443): Max retries exceeded with url: /v2.0/routers/95c92de5-f052-490b-855b-7f0a8943fbd4/add_router_interface (Caused by NewConnectionError(': Failed to establish a new connection: [Errno 111] Connection refused'))
2026-01-28 20:04:31.904 29 WARNING urllib3.connectionpool [-] Retrying (Retry(total=8, connect=None, read=None, redirect=5, status=None)) after connection broken by 'NewConnectionError(': Failed to establish a new connection: [Errno 111] Connection refused')': /v3/users/e0c92e666fc942e799b5c94910433de0: urllib3.exceptions.ProtocolError: ('Connection aborted.', RemoteDisconnected('Remote end closed connection without response'))
2026-01-28 20:04:31.853 28 WARNING urllib3.connectionpool [-] Retrying (Retry(total=9, connect=None, read=None, redirect=5, status=None)) after connection broken by 'NewConnectionError(': Failed to establish a new connection: [Errno 111] Connection refused')': /v2.0/routers/60d4803f-ffe8-4096-982d-42b927cb49b9: urllib3.exceptions.MaxRetryError: HTTPSConnectionPool(host='neutron-public-openstack.apps-crc.testing', port=443): Max retries exceeded with url: /v2.0/routers/60d4803f-ffe8-4096-982d-42b927cb49b9/add_router_interface (Caused by NewConnectionError(': Failed to establish a new connection: [Errno 111] Connection refused'))
2026-01-28 20:04:31.863 32 WARNING urllib3.connectionpool [-] Retrying (Retry(total=9, connect=None, read=None, redirect=5, status=None)) after connection broken by 'NewConnectionError(': Failed to establish a new connection: [Errno 111] Connection refused')': /v2.0/routers/ca420b97-d5b1-4706-a2f0-80d41b689634: urllib3.exceptions.MaxRetryError: HTTPSConnectionPool(host='neutron-public-openstack.apps-crc.testing', port=443): Max retries exceeded with url: /v2.0/routers/ca420b97-d5b1-4706-a2f0-80d41b689634/add_router_interface (Caused by NewConnectionError(': Failed to establish a new connection: [Errno 111] Connection refused'))
2026-01-28 20:04:31.876 30 WARNING urllib3.connectionpool [-] Retrying (Retry(total=9, connect=None, read=None, redirect=5, status=None)) after connection broken by 'NewConnectionError(': Failed to establish a new connection: [Errno 111] Connection refused')': /v2.0/routers/f74e636c-510e-4c97-affe-0af766dbbe1b: urllib3.exceptions.MaxRetryError: HTTPSConnectionPool(host='neutron-public-openstack.apps-crc.testing', port=443): Max retries exceeded with url: /v2.0/routers/f74e636c-510e-4c97-affe-0af766dbbe1b/add_router_interface (Caused by NewConnectionError(': Failed to establish a new connection: [Errno 111] Connection refused'))
2026-01-28 20:04:31.917 29 WARNING urllib3.connectionpool [-] Retrying (Retry(total=7, connect=None, read=None, redirect=5, status=None)) after connection broken by 'NewConnectionError(': Failed to establish a new connection: [Errno 111] Connection refused')': /v3/users/e0c92e666fc942e799b5c94910433de0: urllib3.exceptions.ProtocolError: ('Connection aborted.', RemoteDisconnected('Remote end closed connection without response'))
2026-01-28 20:04:31.917 27 WARNING urllib3.connectionpool [-] Retrying (Retry(total=8, connect=None, read=None, redirect=5, status=None)) after connection broken by 'NewConnectionError(': Failed to establish a new connection: [Errno 111] Connection refused')': /v2.0/routers/95c92de5-f052-490b-855b-7f0a8943fbd4: urllib3.exceptions.MaxRetryError: HTTPSConnectionPool(host='neutron-public-openstack.apps-crc.testing', port=443): Max retries exceeded with url: /v2.0/routers/95c92de5-f052-490b-855b-7f0a8943fbd4/add_router_interface (Caused by NewConnectionError(': Failed to establish a new connection: [Errno 111] Connection refused'))
2026-01-28 20:04:31.922 25 WARNING urllib3.connectionpool [-] Retrying (Retry(total=7, connect=None, read=None, redirect=5, status=None)) after connection broken by 'NewConnectionError(': Failed to establish a new connection: [Errno 111] Connection refused')': /v2.0/networks/f92aab4d-5e96-4c86-bd12-a90fe52242b6: urllib3.exceptions.ProtocolError: ('Connection aborted.', RemoteDisconnected('Remote end closed connection without response'))
2026-01-28 20:04:31.918 28 WARNING urllib3.connectionpool [-] Retrying (Retry(total=8, connect=None, read=None, redirect=5, status=None)) after connection broken by 'NewConnectionError(': Failed to establish a new connection: [Errno 111] Connection refused')': /v2.0/routers/60d4803f-ffe8-4096-982d-42b927cb49b9: urllib3.exceptions.MaxRetryError: HTTPSConnectionPool(host='neutron-public-openstack.apps-crc.testing', port=443): Max retries exceeded with url: /v2.0/routers/60d4803f-ffe8-4096-982d-42b927cb49b9/add_router_interface (Caused by NewConnectionError(': Failed to establish a new connection: [Errno 111] Connection refused'))
2026-01-28 20:04:31.928 27 WARNING urllib3.connectionpool [-] Retrying (Retry(total=7, connect=None, read=None, redirect=5, status=None)) after connection broken by 'NewConnectionError(': Failed to establish a new connection: [Errno 111] Connection refused')': /v2.0/routers/95c92de5-f052-490b-855b-7f0a8943fbd4: urllib3.exceptions.MaxRetryError: HTTPSConnectionPool(host='neutron-public-openstack.apps-crc.testing', port=443): Max retries exceeded with url: /v2.0/routers/95c92de5-f052-490b-855b-7f0a8943fbd4/add_router_interface (Caused by NewConnectionError(': Failed to establish a new connection: [Errno 111] Connection refused'))
2026-01-28 20:04:31.928 29 WARNING urllib3.connectionpool [-] Retrying (Retry(total=6, connect=None, read=None, redirect=5, status=None)) after connection broken by 'NewConnectionError(': Failed to establish a new connection: [Errno 111] Connection refused')': /v3/users/e0c92e666fc942e799b5c94910433de0: urllib3.exceptions.ProtocolError: ('Connection aborted.', RemoteDisconnected('Remote end closed connection without response'))
2026-01-28 20:04:31.928 30 WARNING urllib3.connectionpool [-] Retrying (Retry(total=8, connect=None, read=None, redirect=5, status=None)) after connection broken by 'NewConnectionError(': Failed to establish a new connection: [Errno 111] Connection refused')': /v2.0/routers/f74e636c-510e-4c97-affe-0af766dbbe1b: urllib3.exceptions.MaxRetryError: HTTPSConnectionPool(host='neutron-public-openstack.apps-crc.testing', port=443): Max retries exceeded with url: /v2.0/routers/f74e636c-510e-4c97-affe-0af766dbbe1b/add_router_interface (Caused by NewConnectionError(': Failed to establish a new connection: [Errno 111] Connection refused'))
2026-01-28 20:04:31.857 31 ERROR tempest.test [-] teardown of credentials failed: HTTPSConnectionPool(host='neutron-public-openstack.apps-crc.testing', port=443): Max retries exceeded with url: /v2.0/security-groups?tenant_id=9fb360467c8a4ba2bc25e49fb553251a&name=default (Caused by NewConnectionError(': Failed to establish a new connection: [Errno 111] Connection refused')): urllib3.exceptions.MaxRetryError: HTTPSConnectionPool(host='neutron-public-openstack.apps-crc.testing', port=443): Max retries exceeded with url: /v2.0/security-groups?tenant_id=9fb360467c8a4ba2bc25e49fb553251a&name=default (Caused by NewConnectionError(': Failed to establish a new connection: [Errno 111] Connection refused'))
2026-01-28 20:04:31.857 31 ERROR tempest.test
Traceback (most recent call last):
2026-01-28 20:04:31.857 31 ERROR tempest.test
File "/usr/lib/python3.9/site-packages/urllib3/connection.py", line 169, in _new_conn
2026-01-28 20:04:31.857 31 ERROR tempest.test conn = connection.create_connection(
2026-01-28 20:04:31.857 31 ERROR tempest.test
File "/usr/lib/python3.9/site-packages/urllib3/util/connection.py", line 96, in create_connection
2026-01-28 20:04:31.857 31 ERROR tempest.test raise err
2026-01-28 20:04:31.857 31 ERROR tempest.test
File "/usr/lib/python3.9/site-packages/urllib3/util/connection.py", line 86, in create_connection
2026-01-28 20:04:31.857 31 ERROR tempest.test sock.connect(sa)
2026-01-28 20:04:31.857 31 ERROR tempest.test ConnectionRefusedError: [Errno 111] Connection refused
2026-01-28 20:04:31.857 31 ERROR tempest.test
2026-01-28 20:04:31.857 31 ERROR tempest.test During handling of the above exception, another exception occurred:
2026-01-28 20:04:31.857 31 ERROR tempest.test
2026-01-28 20:04:31.857 31 ERROR tempest.test
Traceback (most recent call last):
2026-01-28 20:04:31.857 31 ERROR tempest.test
File "/usr/lib/python3.9/site-packages/urllib3/connectionpool.py", line 700, in urlopen
2026-01-28 20:04:31.857 31 ERROR tempest.test httplib_response = self._make_request(
2026-01-28 20:04:31.857 31 ERROR tempest.test
File "/usr/lib/python3.9/site-packages/urllib3/connectionpool.py", line 383, in _make_request
2026-01-28 20:04:31.857 31 ERROR tempest.test self._validate_conn(conn)
2026-01-28 20:04:31.857 31 ERROR tempest.test
File "/usr/lib/python3.9/site-packages/urllib3/connectionpool.py", line 1015, in _validate_conn
2026-01-28 20:04:31.857 31 ERROR tempest.test conn.connect()
2026-01-28 20:04:31.857 31 ERROR tempest.test
File "/usr/lib/python3.9/site-packages/urllib3/connection.py", line 353, in connect
2026-01-28 20:04:31.857 31 ERROR tempest.test conn = self._new_conn()
2026-01-28 20:04:31.857 31 ERROR tempest.test
File "/usr/lib/python3.9/site-packages/urllib3/connection.py", line 181, in _new_conn
2026-01-28 20:04:31.857 31 ERROR tempest.test raise NewConnectionError(
2026-01-28 20:04:31.857 31 ERROR tempest.test urllib3.exceptions.NewConnectionError: : Failed to establish a new connection: [Errno 111] Connection refused
2026-01-28 20:04:31.857 31 ERROR tempest.test
2026-01-28 20:04:31.857 31 ERROR tempest.test During handling of the above exception, another exception occurred:
2026-01-28 20:04:31.857 31 ERROR tempest.test
2026-01-28 20:04:31.857 31 ERROR tempest.test
Traceback (most recent call last):
2026-01-28 20:04:31.857 31 ERROR tempest.test
File "/usr/lib/python3.9/site-packages/tempest/test.py", line 210, in tearDownClass
2026-01-28 20:04:31.857 31 ERROR tempest.test teardown()
2026-01-28 20:04:31.857 31 ERROR tempest.test
File "/usr/lib/python3.9/site-packages/tempest/test.py", line 757, in clear_credentials
2026-01-28 20:04:31.857 31 ERROR tempest.test cls._creds_provider.clear_creds()
2026-01-28 20:04:31.857 31 ERROR tempest.test
File "/usr/lib/python3.9/site-packages/tempest/lib/common/dynamic_creds.py", line 635, in clear_creds
2026-01-28 20:04:31.857 31 ERROR tempest.test self.cleanup_default_secgroup(
2026-01-28 20:04:31.857 31 ERROR tempest.test
File "/usr/lib/python3.9/site-packages/tempest/lib/common/cred_provider.py", line 139, in cleanup_default_secgroup
2026-01-28 20:04:31.857 31 ERROR tempest.test resp_body = security_group_client.list_security_groups(
2026-01-28 20:04:31.857 31 ERROR tempest.test
File "/usr/lib/python3.9/site-packages/tempest/lib/services/network/security_groups_client.py", line 69, in list_security_groups
2026-01-28 20:04:31.857 31 ERROR tempest.test return self.list_resources(uri, **filters)
2026-01-28 20:04:31.857 31 ERROR tempest.test
File "/usr/lib/python3.9/site-packages/tempest/lib/services/network/base.py", line 35, in list_resources
2026-01-28 20:04:31.857 31 ERROR tempest.test resp, body = self.get(req_uri)
2026-01-28 20:04:31.857 31 ERROR tempest.test
File "/usr/lib/python3.9/site-packages/tempest/lib/common/rest_client.py", line 342, in get
2026-01-28 20:04:31.857 31 ERROR tempest.test return self.request('GET', url, extra_headers, headers,
2026-01-28 20:04:31.857 31 ERROR tempest.test
File "/usr/lib/python3.9/site-packages/tempest/lib/common/rest_client.py", line 746, in request
2026-01-28 20:04:31.857 31 ERROR tempest.test resp, resp_body = self._request(method, url, headers=headers,
2026-01-28 20:04:31.857 31 ERROR tempest.test
File "/usr/lib/python3.9/site-packages/tempest/lib/common/rest_client.py", line 612, in _request
2026-01-28 20:04:31.857 31 ERROR tempest.test resp, resp_body = self.raw_request(
2026-01-28 20:04:31.857 31 ERROR tempest.test
File "/usr/lib/python3.9/site-packages/tempest/lib/common/rest_client.py", line 661, in raw_request
2026-01-28 20:04:31.857 31 ERROR tempest.test resp, resp_body = self.http_obj.request(
2026-01-28 20:04:31.857 31 ERROR tempest.test
File "/usr/lib/python3.9/site-packages/tempest/lib/common/http.py", line 115, in request
2026-01-28 20:04:31.857 31 ERROR tempest.test r = super(ClosingHttp, self).request(method, url, retries=retry,
2026-01-28 20:04:31.857 31 ERROR tempest.test
File "/usr/lib/python3.9/site-packages/urllib3/request.py", line 74, in request
2026-01-28 20:04:31.857 31 ERROR tempest.test return self.request_encode_url(
2026-01-28 20:04:31.857 31 ERROR tempest.test
File "/usr/lib/python3.9/site-packages/urllib3/request.py", line 96, in request_encode_url
2026-01-28 20:04:31.857 31 ERROR tempest.test return self.urlopen(method, url, **extra_kw)
2026-01-28 20:04:31.857 31 ERROR tempest.test
File "/usr/lib/python3.9/site-packages/urllib3/poolmanager.py", line 376, in urlopen
2026-01-28 20:04:31.857 31 ERROR tempest.test response = conn.urlopen(method, u.request_uri, **kw)
2026-01-28 20:04:31.857 31 ERROR tempest.test
File "/usr/lib/python3.9/site-packages/urllib3/connectionpool.py", line 784, in urlopen
2026-01-28 20:04:31.857 31 ERROR tempest.test return self.urlopen(
2026-01-28 20:04:31.857 31 ERROR tempest.test
File "/usr/lib/python3.9/site-packages/urllib3/connectionpool.py", line 784, in urlopen
2026-01-28 20:04:31.857 31 ERROR tempest.test return self.urlopen(
2026-01-28 20:04:31.857 31 ERROR tempest.test
File "/usr/lib/python3.9/site-packages/urllib3/connectionpool.py", line 784, in urlopen
2026-01-28 20:04:31.857 31 ERROR tempest.test return self.urlopen(
2026-01-28 20:04:31.857 31 ERROR tempest.test [Previous line repeated 7 more times]
2026-01-28 20:04:31.857 31 ERROR tempest.test
File "/usr/lib/python3.9/site-packages/urllib3/connectionpool.py", line 756, in urlopen
2026-01-28 20:04:31.857 31 ERROR tempest.test retries = retries.increment(
2026-01-28 20:04:31.857 31 ERROR tempest.test
File "/usr/lib/python3.9/site-packages/urllib3/util/retry.py", line 576, in increment
2026-01-28 20:04:31.857 31 ERROR tempest.test raise MaxRetryError(_pool, url, error or ResponseError(cause))
2026-01-28 20:04:31.857 31 ERROR tempest.test urllib3.exceptions.MaxRetryError: HTTPSConnectionPool(host='neutron-public-openstack.apps-crc.testing', port=443): Max retries exceeded with url: /v2.0/security-groups?tenant_id=9fb360467c8a4ba2bc25e49fb553251a&name=default (Caused by NewConnectionError(': Failed to establish a new connection: [Errno 111] Connection refused'))
2026-01-28 20:04:31.857 31 ERROR tempest.test
2026-01-28 20:04:31.936 25 WARNING urllib3.connectionpool [-] Retrying (Retry(total=6, connect=None, read=None, redirect=5, status=None)) after connection broken by 'NewConnectionError(': Failed to establish a new connection: [Errno 111] Connection refused')': /v2.0/networks/f92aab4d-5e96-4c86-bd12-a90fe52242b6: urllib3.exceptions.ProtocolError: ('Connection aborted.', RemoteDisconnected('Remote end closed connection without response'))
2026-01-28 20:04:31.937 32 WARNING urllib3.connectionpool [-] Retrying (Retry(total=8, connect=None, read=None, redirect=5, status=None)) after connection broken by 'NewConnectionError(': Failed to establish a new connection: [Errno 111] Connection refused')': /v2.0/routers/ca420b97-d5b1-4706-a2f0-80d41b689634: urllib3.exceptions.MaxRetryError: HTTPSConnectionPool(host='neutron-public-openstack.apps-crc.testing', port=443): Max retries exceeded with url: /v2.0/routers/ca420b97-d5b1-4706-a2f0-80d41b689634/add_router_interface (Caused by NewConnectionError(': Failed to establish a new connection: [Errno 111] Connection refused'))
2026-01-28 20:04:31.937 30 WARNING urllib3.connectionpool [-] Retrying (Retry(total=7, connect=None, read=None, redirect=5, status=None)) after connection broken by 'NewConnectionError(': Failed to establish a new connection: [Errno 111] Connection refused')': /v2.0/routers/f74e636c-510e-4c97-affe-0af766dbbe1b: urllib3.exceptions.MaxRetryError: HTTPSConnectionPool(host='neutron-public-openstack.apps-crc.testing', port=443): Max retries exceeded with url: /v2.0/routers/f74e636c-510e-4c97-affe-0af766dbbe1b/add_router_interface (Caused by NewConnectionError(': Failed to establish a new connection: [Errno 111] Connection refused'))
2026-01-28 20:04:31.937 29 WARNING urllib3.connectionpool [-] Retrying (Retry(total=5, connect=None, read=None, redirect=5, status=None)) after connection broken by 'NewConnectionError(': Failed to establish a new connection: [Errno 111] Connection refused')': /v3/users/e0c92e666fc942e799b5c94910433de0: urllib3.exceptions.ProtocolError: ('Connection aborted.', RemoteDisconnected('Remote end closed connection without response'))
2026-01-28 20:04:31.939 28 WARNING urllib3.connectionpool [-] Retrying (Retry(total=7, connect=None, read=None, redirect=5, status=None)) after connection broken by 'NewConnectionError(': Failed to establish a new connection: [Errno 111] Connection refused')': /v2.0/routers/60d4803f-ffe8-4096-982d-42b927cb49b9: urllib3.exceptions.MaxRetryError: HTTPSConnectionPool(host='neutron-public-openstack.apps-crc.testing', port=443): Max retries exceeded with url: /v2.0/routers/60d4803f-ffe8-4096-982d-42b927cb49b9/add_router_interface (Caused by NewConnectionError(': Failed to establish a new connection: [Errno 111] Connection refused'))
2026-01-28 20:04:31.940 32 WARNING urllib3.connectionpool [-] Retrying (Retry(total=7, connect=None, read=None, redirect=5, status=None)) after connection broken by 'NewConnectionError(': Failed to establish a new connection: [Errno 111] Connection refused')': /v2.0/routers/ca420b97-d5b1-4706-a2f0-80d41b689634: urllib3.exceptions.MaxRetryError: HTTPSConnectionPool(host='neutron-public-openstack.apps-crc.testing', port=443): Max retries exceeded with url: /v2.0/routers/ca420b97-d5b1-4706-a2f0-80d41b689634/add_router_interface (Caused by NewConnectionError(': Failed to establish a new connection: [Errno 111] Connection refused'))
2026-01-28 20:04:31.944 32 WARNING urllib3.connectionpool [-] Retrying (Retry(total=6, connect=None, read=None, redirect=5, status=None)) after connection broken by 'NewConnectionError(': Failed to establish a new connection: [Errno 111] Connection refused')': /v2.0/routers/ca420b97-d5b1-4706-a2f0-80d41b689634: urllib3.exceptions.MaxRetryError: HTTPSConnectionPool(host='neutron-public-openstack.apps-crc.testing', port=443): Max retries exceeded with url: /v2.0/routers/ca420b97-d5b1-4706-a2f0-80d41b689634/add_router_interface (Caused by NewConnectionError(': Failed to establish a new connection: [Errno 111] Connection refused'))
2026-01-28 20:04:31.941 27 WARNING urllib3.connectionpool [-] Retrying (Retry(total=6, connect=None, read=None, redirect=5, status=None)) after connection broken by 'NewConnectionError(': Failed to establish a new connection: [Errno 111] Connection refused')': /v2.0/routers/95c92de5-f052-490b-855b-7f0a8943fbd4: urllib3.exceptions.MaxRetryError: HTTPSConnectionPool(host='neutron-public-openstack.apps-crc.testing', port=443): Max retries exceeded with url: /v2.0/routers/95c92de5-f052-490b-855b-7f0a8943fbd4/add_router_interface (Caused by NewConnectionError(': Failed to establish a new connection: [Errno 111] Connection refused'))
2026-01-28 20:04:31.945 29 WARNING urllib3.connectionpool [-] Retrying (Retry(total=4, connect=None, read=None, redirect=5, status=None)) after connection broken by 'NewConnectionError(': Failed to establish a new connection: [Errno 111] Connection refused')': /v3/users/e0c92e666fc942e799b5c94910433de0: urllib3.exceptions.ProtocolError: ('Connection aborted.', RemoteDisconnected('Remote end closed connection without response'))
2026-01-28 20:04:31.954 29 WARNING urllib3.connectionpool [-] Retrying (Retry(total=3, connect=None, read=None, redirect=5, status=None)) after connection broken by 'NewConnectionError(': Failed to establish a new connection: [Errno 111] Connection refused')': /v3/use