Oct 11 11:43:50 standalone account-server[128603]: Starting 2
Oct 11 11:43:50 standalone container-server[128818]: Starting 2
Oct 11 11:43:50 standalone account-server[128676]: Started child 14 from parent 2
Oct 11 11:43:50 standalone account-server[128676]: Started child 15 from parent 2
Oct 11 11:43:50 standalone container-server[128778]: Option allow_versions is deprecated. Configure the versioned_writes middleware in the proxy-server instead. This option will be ignored in a future release.
Oct 11 11:43:50 standalone account-server[128676]: Started child 16 from parent 2
Oct 11 11:43:50 standalone account-server[128676]: Started child 17 from parent 2
Oct 11 11:43:50 standalone container-server[129002]: Option allow_versions is deprecated. Configure the versioned_writes middleware in the proxy-server instead. This option will be ignored in a future release.
Oct 11 11:43:50 standalone container-server[128778]: Started child 20 from parent 2
Oct 11 11:43:50 standalone container-server[129014]: Option allow_versions is deprecated. Configure the versioned_writes middleware in the proxy-server instead. This option will be ignored in a future release.
Oct 11 11:43:50 standalone container-server[128778]: Started child 21 from parent 2
Oct 11 11:43:50 standalone container-server[129015]: Option allow_versions is deprecated. Configure the versioned_writes middleware in the proxy-server instead. This option will be ignored in a future release.
Oct 11 11:43:50 standalone container-server[128778]: Started child 22 from parent 2
Oct 11 11:43:50 standalone container-server[129018]: Option allow_versions is deprecated. Configure the versioned_writes middleware in the proxy-server instead. This option will be ignored in a future release.
Oct 11 11:43:50 standalone container-server[128778]: Started child 23 from parent 2
Oct 11 11:43:50 standalone object-expirer[128900]: Starting 2
Oct 11 11:43:50 standalone object-expirer[128900]: Option auto_create_account_prefix is deprecated. Configure auto_create_account_prefix under the swift-constraints section of swift.conf. This option will be ignored in a future release.
Oct 11 11:43:51 standalone object-server[129050]: Starting 2
Oct 11 11:43:51 standalone object-server[129051]: Started child 20 from parent 2
Oct 11 11:43:51 standalone object-server[129051]: Started child 21 from parent 2
Oct 11 11:43:51 standalone object-server[129051]: Started child 22 from parent 2
Oct 11 11:43:51 standalone object-server[129051]: Started child 23 from parent 2
Oct 11 11:43:57 standalone proxy-server[130751]: Starting Keystone auth_token middleware
Oct 11 11:43:57 standalone proxy-server[130751]: AuthToken middleware is set with keystone_authtoken.service_token_roles_required set to False. This is backwards compatible but deprecated behaviour. Please set this to True.
Oct 11 11:43:57 standalone proxy-server[130965]: Starting Keystone auth_token middleware
Oct 11 11:43:57 standalone proxy-server[130965]: STDERR: The option "bind_port" is not known to keystonemiddleware
Oct 11 11:43:57 standalone proxy-server[130965]: STDERR: The option "workers" is not known to keystonemiddleware
Oct 11 11:43:57 standalone proxy-server[130965]: STDERR: The option "user" is not known to keystonemiddleware
Oct 11 11:43:57 standalone proxy-server[130965]: STDERR: The option "bind_ip" is not known to keystonemiddleware
Oct 11 11:43:57 standalone proxy-server[130965]: STDERR: The option "log_name" is not known to keystonemiddleware
Oct 11 11:43:57 standalone proxy-server[130965]: STDERR: The option "log_facility" is not known to keystonemiddleware
Oct 11 11:43:57 standalone proxy-server[130965]: STDERR: The option "log_level" is not known to keystonemiddleware
Oct 11 11:43:57 standalone proxy-server[130965]: STDERR: The option "log_headers" is not known to keystonemiddleware
Oct 11 11:43:57 standalone proxy-server[130965]: STDERR: The option "log_address" is not known to keystonemiddleware
Oct 11 11:43:57 standalone proxy-server[130965]: STDERR: The option "project_name" is not known to keystonemiddleware
Oct 11 11:43:57 standalone proxy-server[130965]: STDERR: The option "username" is not known to keystonemiddleware
Oct 11 11:43:57 standalone proxy-server[130965]: STDERR: The option "password" is not known to keystonemiddleware
Oct 11 11:43:57 standalone proxy-server[130965]: STDERR: The option "auth_url" is not known to keystonemiddleware
Oct 11 11:43:57 standalone proxy-server[130965]: STDERR: The option "signing_dir" is not known to keystonemiddleware
Oct 11 11:43:57 standalone proxy-server[130965]: STDERR: The option "project_domain_id" is not known to keystonemiddleware
Oct 11 11:43:57 standalone proxy-server[130965]: STDERR: The option "user_domain_id" is not known to keystonemiddleware
Oct 11 11:43:57 standalone proxy-server[130965]: STDERR: The option "__name__" is not known to keystonemiddleware
Oct 11 11:43:57 standalone proxy-server[130965]: AuthToken middleware is set with keystone_authtoken.service_token_roles_required set to False. This is backwards compatible but deprecated behaviour. Please set this to True.
Oct 11 11:43:57 standalone proxy-server[130751]: Started child 20 from parent 2
Oct 11 11:44:03 standalone object-server[129050]: Begin object update sweep
Oct 11 11:44:03 standalone object-server[131495]: Object update sweep starting on /srv/node/d1 (pid: 11)
Oct 11 11:44:03 standalone object-server[131495]: Object update sweep completed on /srv/node/d1 in 0.00s seconds:, 0 successes, 0 failures, 0 quarantines, 0 unlinks, 0 errors, 0 redirects (pid: 11)
Oct 11 11:44:03 standalone object-server[131495]: Object update sweep of d1 completed: 0.00s, 0 successes, 0 failures, 0 quarantines, 0 unlinks, 0 errors, 0 redirects
Oct 11 11:44:03 standalone object-server[129050]: Object update sweep completed: 0.08s
Oct 11 11:45:40 standalone account-server[128989]: 172.20.0.100 - - [11/Oct/2025:11:45:40 +0000] "HEAD /d1/923/.expiring_objects" 404 - "HEAD http://localhost/v1/.expiring_objects?format=json" "tx323d363983644f8cac96c-0068ea4364" "proxy-server 2" 0.0016 "-" 16 -
Oct 11 11:45:40 standalone object-expirer[128900]: Pass completed in 0s; 0 objects expired (txn: tx323d363983644f8cac96c-0068ea4364)
Oct 11 11:47:09 standalone account-server[128989]: 172.20.0.100 - - [11/Oct/2025:11:47:09 +0000] "HEAD /d1/923/.expiring_objects" 404 - "HEAD http://localhost/v1/.expiring_objects?format=json" "txca489b9b02ec44f5a24bd-0068ea43bd" "proxy-server 2" 0.0007 "-" 16 -
Oct 11 11:47:09 standalone object-expirer[128900]: Pass completed in 0s; 0 objects expired (txn: txca489b9b02ec44f5a24bd-0068ea43bd)
Oct 11 11:47:26 standalone container-server[128818]: Begin container update sweep
Oct 11 11:47:26 standalone container-server[128818]: Container update sweep completed: 0.00s
Oct 11 11:47:52 standalone account-server[128989]: 172.20.0.100 - - [11/Oct/2025:11:47:52 +0000] "HEAD /d1/923/.expiring_objects" 404 - "HEAD http://localhost/v1/.expiring_objects?format=json" "tx18d819cf13ed435fa812b-0068ea43e8" "proxy-server 2" 0.0006 "-" 16 -
Oct 11 11:47:52 standalone object-expirer[128900]: Pass completed in 0s; 0 objects expired (txn: tx18d819cf13ed435fa812b-0068ea43e8)
Oct 11 11:49:03 standalone object-server[129050]: Begin object update sweep
Oct 11 11:49:03 standalone object-server[167160]: Object update sweep starting on /srv/node/d1 (pid: 13)
Oct 11 11:49:03 standalone object-server[167160]: Object update sweep completed on /srv/node/d1 in 0.00s seconds:, 0 successes, 0 failures, 0 quarantines, 0 unlinks, 0 errors, 0 redirects (pid: 13)
Oct 11 11:49:03 standalone object-server[167160]: Object update sweep of d1 completed: 0.00s, 0 successes, 0 failures, 0 quarantines, 0 unlinks, 0 errors, 0 redirects
Oct 11 11:49:03 standalone object-server[129050]: Object update sweep completed: 0.08s
Oct 11 11:50:54 standalone account-server[129005]: 172.20.0.100 - - [11/Oct/2025:11:50:54 +0000] "HEAD /d1/923/.expiring_objects" 404 - "HEAD http://localhost/v1/.expiring_objects?format=json" "tx3b12ba6a0975453fb1aaa-0068ea449e" "proxy-server 2" 0.0013 "-" 17 -
Oct 11 11:50:54 standalone object-expirer[128900]: Pass completed in 0s; 0 objects expired (txn: tx3b12ba6a0975453fb1aaa-0068ea449e)
Oct 11 11:52:26 standalone container-server[128818]: Begin container update sweep
Oct 11 11:52:26 standalone container-server[128818]: Container update sweep completed: 0.00s
Oct 11 11:54:03 standalone object-server[129050]: Begin object update sweep
Oct 11 11:54:03 standalone object-server[209450]: Object update sweep starting on /srv/node/d1 (pid: 14)
Oct 11 11:54:03 standalone object-server[209450]: Object update sweep completed on /srv/node/d1 in 0.00s seconds:, 0 successes, 0 failures, 0 quarantines, 0 unlinks, 0 errors, 0 redirects (pid: 14)
Oct 11 11:54:03 standalone object-server[209450]: Object update sweep of d1 completed: 0.00s, 0 successes, 0 failures, 0 quarantines, 0 unlinks, 0 errors, 0 redirects
Oct 11 11:54:03 standalone object-server[129050]: Object update sweep completed: 0.08s
Oct 11 11:54:53 standalone account-server[128989]: 172.20.0.100 - - [11/Oct/2025:11:54:53 +0000] "HEAD /d1/923/.expiring_objects" 404 - "HEAD http://localhost/v1/.expiring_objects?format=json" "tx4e7057f729e34d8eb9931-0068ea458d" "proxy-server 2" 0.0006 "-" 16 -
Oct 11 11:54:53 standalone object-expirer[128900]: Pass completed in 0s; 0 objects expired (txn: tx4e7057f729e34d8eb9931-0068ea458d)
Oct 11 11:55:54 standalone account-server[129005]: 172.20.0.100 - - [11/Oct/2025:11:55:54 +0000] "HEAD /d1/333/AUTH_5bda23834ddc4612bf8f751838c88cec" 404 - "HEAD http://172.18.0.2:8080/v1/AUTH_5bda23834ddc4612bf8f751838c88cec?format=json" "tx219980b1828342d4b948e-0068ea45ca" "proxy-server 20" 0.0006 "-" 17 -
Oct 11 11:55:54 standalone proxy-server[130965]: - - 11/Oct/2025/11/55/54 HEAD /v1/AUTH_5bda23834ddc4612bf8f751838c88cec%3Fformat%3Djson HTTP/1.0 200 - Swift - - - - tx219980b1828342d4b948e-0068ea45ca - 0.0056 RL - 1760183754.594889164 1760183754.600484610 -
Oct 11 11:55:55 standalone object-server[129143]: 172.20.0.100 - - [11/Oct/2025:11:55:55 +0000] "GET /d1/299/AUTH_5bda23834ddc4612bf8f751838c88cec/gnocchi.cf2c3e72-dd00-4800-b204-7d60a8cf9cf0/none_v3" 404 70 "GET http://172.18.0.2:8080/v1/AUTH_5bda23834ddc4612bf8f751838c88cec/gnocchi.cf2c3e72-dd00-4800-b204-7d60a8cf9cf0/none_v3" "tx219980b1828342d4b948e-0068ea45ca" "proxy-server 20" 0.0010 "-" 21 0
Oct 11 11:55:55 standalone proxy-server[130965]: 172.18.0.2 172.18.0.100 11/Oct/2025/11/55/55 GET /v1/AUTH_5bda23834ddc4612bf8f751838c88cec/gnocchi.cf2c3e72-dd00-4800-b204-7d60a8cf9cf0/none_v3 HTTP/1.0 404 - python-swiftclient-3.11.1 gAAAAABo6kXKCvE5... - 70 - tx219980b1828342d4b948e-0068ea45ca - 0.4351 - - 1760183754.589127064 1760183755.024213314 0
Oct 11 11:55:55 standalone account-server[129005]: 172.20.0.100 - - [11/Oct/2025:11:55:55 +0000] "PUT /d1/333/AUTH_5bda23834ddc4612bf8f751838c88cec" 201 - "-" "tx5b5a4cf72e1747818e68e-0068ea45cb" "-" 0.0183 "-" 17 -
Oct 11 11:55:55 standalone proxy-server[130965]: autocreate account '/AUTH_5bda23834ddc4612bf8f751838c88cec' (txn: tx5b5a4cf72e1747818e68e-0068ea45cb)
Oct 11 11:55:55 standalone account-server[129005]: 172.20.0.100 - - [11/Oct/2025:11:55:55 +0000] "HEAD /d1/333/AUTH_5bda23834ddc4612bf8f751838c88cec" 204 - "HEAD http://172.18.0.2:8080/v1/AUTH_5bda23834ddc4612bf8f751838c88cec?format=json" "tx5b5a4cf72e1747818e68e-0068ea45cb" "proxy-server 20" 0.0018 "-" 17 -
Oct 11 11:55:55 standalone account-server[128962]: 172.20.0.100 - - [11/Oct/2025:11:55:55 +0000] "PUT /d1/333/AUTH_5bda23834ddc4612bf8f751838c88cec/gnocchi.cf2c3e72-dd00-4800-b204-7d60a8cf9cf0" 201 - "PUT http://172.20.0.100:6001/d1/245/AUTH_5bda23834ddc4612bf8f751838c88cec/gnocchi.cf2c3e72-dd00-4800-b204-7d60a8cf9cf0" "tx5b5a4cf72e1747818e68e-0068ea45cb" "container-server 21" 0.0030 "-" 14 0
Oct 11 11:55:55 standalone container-server[129014]: 172.20.0.100 - - [11/Oct/2025:11:55:55 +0000] "PUT /d1/245/AUTH_5bda23834ddc4612bf8f751838c88cec/gnocchi.cf2c3e72-dd00-4800-b204-7d60a8cf9cf0" 201 - "PUT http://172.18.0.2:8080/v1/AUTH_5bda23834ddc4612bf8f751838c88cec/gnocchi.cf2c3e72-dd00-4800-b204-7d60a8cf9cf0" "tx5b5a4cf72e1747818e68e-0068ea45cb" "proxy-server 20" 0.0193 "-" 21 0
Oct 11 11:55:55 standalone proxy-server[130965]: 172.18.0.2 172.18.0.100 11/Oct/2025/11/55/55 PUT /v1/AUTH_5bda23834ddc4612bf8f751838c88cec/gnocchi.cf2c3e72-dd00-4800-b204-7d60a8cf9cf0 HTTP/1.0 201 - python-swiftclient-3.11.1 gAAAAABo6kXKCvE5... - - - tx5b5a4cf72e1747818e68e-0068ea45cb - 0.0520 - - 1760183755.030275822 1760183755.082231760 0
Oct 11 11:55:55 standalone container-server[129018]: 172.20.0.100 - - [11/Oct/2025:11:55:55 +0000] "HEAD /d1/245/AUTH_5bda23834ddc4612bf8f751838c88cec/gnocchi.cf2c3e72-dd00-4800-b204-7d60a8cf9cf0" 204 - "HEAD http://172.18.0.2:8080/v1/AUTH_5bda23834ddc4612bf8f751838c88cec/gnocchi.cf2c3e72-dd00-4800-b204-7d60a8cf9cf0?format=json&states=listing" "tx6ebf5fbc4cb24d99ae727-0068ea45cb" "proxy-server 20" 0.0047 "-" 23 0
Oct 11 11:55:55 standalone proxy-server[130965]: - - 11/Oct/2025/11/55/55 HEAD /v1/AUTH_5bda23834ddc4612bf8f751838c88cec/gnocchi.cf2c3e72-dd00-4800-b204-7d60a8cf9cf0%3Fformat%3Djson%26states%3Dlisting HTTP/1.0 204 - Swift - - - - tx6ebf5fbc4cb24d99ae727-0068ea45cb - 0.0079 RL - 1760183755.088066816 1760183755.095989466 0
Oct 11 11:55:55 standalone container-server[129018]: 172.20.0.100 - - [11/Oct/2025:11:55:55 +0000] "GET /d1/245/AUTH_5bda23834ddc4612bf8f751838c88cec/gnocchi.cf2c3e72-dd00-4800-b204-7d60a8cf9cf0" 200 2 "GET http://172.18.0.2:8080/v1/AUTH_5bda23834ddc4612bf8f751838c88cec/gnocchi.cf2c3e72-dd00-4800-b204-7d60a8cf9cf0?format=json&states=listing" "tx6ebf5fbc4cb24d99ae727-0068ea45cb" "proxy-server 20" 0.0034 "-" 23 0
Oct 11 11:55:55 standalone proxy-server[130965]: 172.18.0.2 172.18.0.100 11/Oct/2025/11/55/55 GET /v1/AUTH_5bda23834ddc4612bf8f751838c88cec/gnocchi.cf2c3e72-dd00-4800-b204-7d60a8cf9cf0%3Fformat%3Djson%26states%3Dlisting HTTP/1.0 200 - python-swiftclient-3.11.1 gAAAAABo6kXKCvE5... - 2 - tx6ebf5fbc4cb24d99ae727-0068ea45cb - 0.0176 - - 1760183755.087136745 1760183755.104784966 0
Oct 11 11:55:55 standalone object-server[129144]: 172.20.0.100 - - [11/Oct/2025:11:55:55 +0000] "GET /d1/233/AUTH_5bda23834ddc4612bf8f751838c88cec/gnocchi.cf2c3e72-dd00-4800-b204-7d60a8cf9cf0/1759320000.0_mean_300.0_v3" 404 70 "GET http://172.18.0.2:8080/v1/AUTH_5bda23834ddc4612bf8f751838c88cec/gnocchi.cf2c3e72-dd00-4800-b204-7d60a8cf9cf0/1759320000.0_mean_300.0_v3" "txef4993af406c416a92937-0068ea45cb" "proxy-server 20" 0.0026 "-" 22 0
Oct 11 11:55:55 standalone proxy-server[130965]: 172.18.0.2 172.18.0.100 11/Oct/2025/11/55/55 GET /v1/AUTH_5bda23834ddc4612bf8f751838c88cec/gnocchi.cf2c3e72-dd00-4800-b204-7d60a8cf9cf0/1759320000.0_mean_300.0_v3 HTTP/1.0 404 - python-swiftclient-3.11.1 gAAAAABo6kXKCvE5... - 70 - txef4993af406c416a92937-0068ea45cb - 0.0075 - - 1760183755.110556602 1760183755.118045330 0
Oct 11 11:55:55 standalone container-server[129002]: 172.20.0.100 - - [11/Oct/2025:11:55:55 +0000] "PUT /d1/245/AUTH_5bda23834ddc4612bf8f751838c88cec/gnocchi.cf2c3e72-dd00-4800-b204-7d60a8cf9cf0/1759320000.0_mean_300.0_v3" 201 - "PUT http://172.18.0.2:8080/d1/233/AUTH_5bda23834ddc4612bf8f751838c88cec/gnocchi.cf2c3e72-dd00-4800-b204-7d60a8cf9cf0/1759320000.0_mean_300.0_v3" "tx45a0c0b729fc4d6680222-0068ea45cb" "object-server 23" 0.0016 "-" 20 0
Oct 11 11:55:55 standalone object-server[129145]: 172.20.0.100 - - [11/Oct/2025:11:55:55 +0000] "PUT /d1/233/AUTH_5bda23834ddc4612bf8f751838c88cec/gnocchi.cf2c3e72-dd00-4800-b204-7d60a8cf9cf0/1759320000.0_mean_300.0_v3" 201 - "PUT http://172.18.0.2:8080/v1/AUTH_5bda23834ddc4612bf8f751838c88cec/gnocchi.cf2c3e72-dd00-4800-b204-7d60a8cf9cf0/1759320000.0_mean_300.0_v3" "tx45a0c0b729fc4d6680222-0068ea45cb" "proxy-server 20" 0.0333 "-" 23 0
Oct 11 11:55:55 standalone proxy-server[130965]: 172.18.0.2 172.18.0.100 11/Oct/2025/11/55/55 PUT /v1/AUTH_5bda23834ddc4612bf8f751838c88cec/gnocchi.cf2c3e72-dd00-4800-b204-7d60a8cf9cf0/1759320000.0_mean_300.0_v3 HTTP/1.0 201 - python-swiftclient-3.11.1 gAAAAABo6kXKCvE5... 16 - - tx45a0c0b729fc4d6680222-0068ea45cb - 0.0396 - - 1760183755.121833324 1760183755.161431789 0
Oct 11 11:55:55 standalone container-server[129018]: 172.20.0.100 - - [11/Oct/2025:11:55:55 +0000] "PUT /d1/245/AUTH_5bda23834ddc4612bf8f751838c88cec/gnocchi.cf2c3e72-dd00-4800-b204-7d60a8cf9cf0/none_v3" 201 - "PUT http://172.18.0.2:8080/d1/299/AUTH_5bda23834ddc4612bf8f751838c88cec/gnocchi.cf2c3e72-dd00-4800-b204-7d60a8cf9cf0/none_v3" "txdbf7d771a85d4a8da7e63-0068ea45cb" "object-server 21" 0.0010 "-" 23 0
Oct 11 11:55:55 standalone object-server[129143]: 172.20.0.100 - - [11/Oct/2025:11:55:55 +0000] "PUT /d1/299/AUTH_5bda23834ddc4612bf8f751838c88cec/gnocchi.cf2c3e72-dd00-4800-b204-7d60a8cf9cf0/none_v3" 201 - "PUT http://172.18.0.2:8080/v1/AUTH_5bda23834ddc4612bf8f751838c88cec/gnocchi.cf2c3e72-dd00-4800-b204-7d60a8cf9cf0/none_v3" "txdbf7d771a85d4a8da7e63-0068ea45cb" "proxy-server 20" 0.0311 "-" 21 0
Oct 11 11:55:55 standalone proxy-server[130965]: 172.18.0.2 172.18.0.100 11/Oct/2025/11/55/55 PUT /v1/AUTH_5bda23834ddc4612bf8f751838c88cec/gnocchi.cf2c3e72-dd00-4800-b204-7d60a8cf9cf0/none_v3 HTTP/1.0 201 - python-swiftclient-3.11.1 gAAAAABo6kXKCvE5... 22 - - txdbf7d771a85d4a8da7e63-0068ea45cb - 0.0366 - - 1760183755.165813446 1760183755.202363491 0
Oct 11 11:56:24 standalone object-server[129143]: 172.20.0.100 - - [11/Oct/2025:11:56:24 +0000] "GET /d1/299/AUTH_5bda23834ddc4612bf8f751838c88cec/gnocchi.cf2c3e72-dd00-4800-b204-7d60a8cf9cf0/none_v3" 200 22 "GET http://172.18.0.2:8080/v1/AUTH_5bda23834ddc4612bf8f751838c88cec/gnocchi.cf2c3e72-dd00-4800-b204-7d60a8cf9cf0/none_v3" "txd1e7443d64ae4205b93c0-0068ea45e8" "proxy-server 20" 0.0013 "-" 21 0
Oct 11 11:56:24 standalone proxy-server[130965]: 172.18.0.2 172.18.0.100 11/Oct/2025/11/56/24 GET /v1/AUTH_5bda23834ddc4612bf8f751838c88cec/gnocchi.cf2c3e72-dd00-4800-b204-7d60a8cf9cf0/none_v3 HTTP/1.0 200 - python-swiftclient-3.11.1 gAAAAABo6kXKCvE5... - 22 - txd1e7443d64ae4205b93c0-0068ea45e8 - 0.0394 - - 1760183784.346961260 1760183784.386324167 0
Oct 11 11:56:24 standalone container-server[129018]: 172.20.0.100 - - [11/Oct/2025:11:56:24 +0000] "GET /d1/245/AUTH_5bda23834ddc4612bf8f751838c88cec/gnocchi.cf2c3e72-dd00-4800-b204-7d60a8cf9cf0" 200 357 "GET http://172.18.0.2:8080/v1/AUTH_5bda23834ddc4612bf8f751838c88cec/gnocchi.cf2c3e72-dd00-4800-b204-7d60a8cf9cf0?format=json&states=listing" "txe45720b9f052470fbc59d-0068ea45e8" "proxy-server 20" 0.0259 "-" 23 0
Oct 11 11:56:24 standalone proxy-server[130965]: 172.18.0.2 172.18.0.100 11/Oct/2025/11/56/24 GET /v1/AUTH_5bda23834ddc4612bf8f751838c88cec/gnocchi.cf2c3e72-dd00-4800-b204-7d60a8cf9cf0%3Fformat%3Djson%26states%3Dlisting HTTP/1.0 200 - python-swiftclient-3.11.1 gAAAAABo6kXKCvE5... - 357 - txe45720b9f052470fbc59d-0068ea45e8 - 0.0360 - - 1760183784.390718937 1760183784.426700830 0
Oct 11 11:56:24 standalone container-server[129002]: 172.20.0.100 - - [11/Oct/2025:11:56:24 +0000] "GET /d1/245/AUTH_5bda23834ddc4612bf8f751838c88cec/gnocchi.cf2c3e72-dd00-4800-b204-7d60a8cf9cf0" 200 2 "GET http://172.18.0.2:8080/v1/AUTH_5bda23834ddc4612bf8f751838c88cec/gnocchi.cf2c3e72-dd00-4800-b204-7d60a8cf9cf0?format=json&marker=none_v3&states=listing" "tx0dffaf564bf84c8789a0b-0068ea45e8" "proxy-server 20" 0.0029 "-" 20 0
Oct 11 11:56:24 standalone proxy-server[130965]: 172.18.0.2 172.18.0.100 11/Oct/2025/11/56/24 GET /v1/AUTH_5bda23834ddc4612bf8f751838c88cec/gnocchi.cf2c3e72-dd00-4800-b204-7d60a8cf9cf0%3Fformat%3Djson%26marker%3Dnone_v3%26states%3Dlisting HTTP/1.0 200 - python-swiftclient-3.11.1 gAAAAABo6kXKCvE5... - 2 - tx0dffaf564bf84c8789a0b-0068ea45e8 - 0.0095 - - 1760183784.432025671 1760183784.441548586 0
Oct 11 11:56:24 standalone object-server[129144]: 172.20.0.100 - - [11/Oct/2025:11:56:24 +0000] "GET /d1/233/AUTH_5bda23834ddc4612bf8f751838c88cec/gnocchi.cf2c3e72-dd00-4800-b204-7d60a8cf9cf0/1759320000.0_mean_300.0_v3" 200 16 "GET http://172.18.0.2:8080/v1/AUTH_5bda23834ddc4612bf8f751838c88cec/gnocchi.cf2c3e72-dd00-4800-b204-7d60a8cf9cf0/1759320000.0_mean_300.0_v3" "txcd0ac4bebee541e980f82-0068ea45e8" "proxy-server 20" 0.0009 "-" 22 0
Oct 11 11:56:24 standalone proxy-server[130965]: 172.18.0.2 172.18.0.100 11/Oct/2025/11/56/24 GET /v1/AUTH_5bda23834ddc4612bf8f751838c88cec/gnocchi.cf2c3e72-dd00-4800-b204-7d60a8cf9cf0/1759320000.0_mean_300.0_v3 HTTP/1.0 200 - python-swiftclient-3.11.1 gAAAAABo6kXKCvE5... - 16 - txcd0ac4bebee541e980f82-0068ea45e8 - 0.0120 - - 1760183784.447038412 1760183784.459064722 0
Oct 11 11:56:24 standalone container-server[129014]: 172.20.0.100 - - [11/Oct/2025:11:56:24 +0000] "PUT /d1/245/AUTH_5bda23834ddc4612bf8f751838c88cec/gnocchi.cf2c3e72-dd00-4800-b204-7d60a8cf9cf0/1759320000.0_mean_300.0_v3" 201 - "PUT http://172.18.0.2:8080/d1/233/AUTH_5bda23834ddc4612bf8f751838c88cec/gnocchi.cf2c3e72-dd00-4800-b204-7d60a8cf9cf0/1759320000.0_mean_300.0_v3" "txe9bb3d4247a741068b902-0068ea45e8" "object-server 20" 0.0007 "-" 21 0
Oct 11 11:56:24 standalone object-server[129142]: 172.20.0.100 - - [11/Oct/2025:11:56:24 +0000] "PUT /d1/233/AUTH_5bda23834ddc4612bf8f751838c88cec/gnocchi.cf2c3e72-dd00-4800-b204-7d60a8cf9cf0/1759320000.0_mean_300.0_v3" 201 - "PUT http://172.18.0.2:8080/v1/AUTH_5bda23834ddc4612bf8f751838c88cec/gnocchi.cf2c3e72-dd00-4800-b204-7d60a8cf9cf0/1759320000.0_mean_300.0_v3" "txe9bb3d4247a741068b902-0068ea45e8" "proxy-server 20" 0.0336 "-" 20 0
Oct 11 11:56:24 standalone proxy-server[130965]: 172.18.0.2 172.18.0.100 11/Oct/2025/11/56/24 PUT /v1/AUTH_5bda23834ddc4612bf8f751838c88cec/gnocchi.cf2c3e72-dd00-4800-b204-7d60a8cf9cf0/1759320000.0_mean_300.0_v3 HTTP/1.0 201 - python-swiftclient-3.11.1 gAAAAABo6kXKCvE5... 16 - - txe9bb3d4247a741068b902-0068ea45e8 - 0.0393 - - 1760183784.464507818 1760183784.503828049 0
Oct 11 11:56:24 standalone container-server[129018]: 172.20.0.100 - - [11/Oct/2025:11:56:24 +0000] "PUT /d1/245/AUTH_5bda23834ddc4612bf8f751838c88cec/gnocchi.cf2c3e72-dd00-4800-b204-7d60a8cf9cf0/none_v3" 201 - "PUT http://172.18.0.2:8080/d1/299/AUTH_5bda23834ddc4612bf8f751838c88cec/gnocchi.cf2c3e72-dd00-4800-b204-7d60a8cf9cf0/none_v3" "tx40c5c5bbd4b24614aa6d5-0068ea45e8" "object-server 21" 0.0006 "-" 23 0
Oct 11 11:56:24 standalone object-server[129143]: 172.20.0.100 - - [11/Oct/2025:11:56:24 +0000] "PUT /d1/299/AUTH_5bda23834ddc4612bf8f751838c88cec/gnocchi.cf2c3e72-dd00-4800-b204-7d60a8cf9cf0/none_v3" 201 - "PUT http://172.18.0.2:8080/v1/AUTH_5bda23834ddc4612bf8f751838c88cec/gnocchi.cf2c3e72-dd00-4800-b204-7d60a8cf9cf0/none_v3" "tx40c5c5bbd4b24614aa6d5-0068ea45e8" "proxy-server 20" 0.0096 "-" 21 0
Oct 11 11:56:24 standalone proxy-server[130965]: 172.18.0.2 172.18.0.100 11/Oct/2025/11/56/24 PUT /v1/AUTH_5bda23834ddc4612bf8f751838c88cec/gnocchi.cf2c3e72-dd00-4800-b204-7d60a8cf9cf0/none_v3 HTTP/1.0 201 - python-swiftclient-3.11.1 gAAAAABo6kXKCvE5... 32 - - tx40c5c5bbd4b24614aa6d5-0068ea45e8 - 0.0174 - - 1760183784.507977009 1760183784.525327206 0
Oct 11 11:56:56 standalone account-server[128989]: 172.20.0.100 - - [11/Oct/2025:11:56:56 +0000] "HEAD /d1/333/AUTH_5bda23834ddc4612bf8f751838c88cec" 204 - "HEAD http://172.18.0.2:8080/v1/AUTH_5bda23834ddc4612bf8f751838c88cec?format=json" "tx93835e68b8db40e282e15-0068ea4608" "proxy-server 20" 0.0105 "-" 16 -
Oct 11 11:56:56 standalone proxy-server[130965]: - - 11/Oct/2025/11/56/56 HEAD /v1/AUTH_5bda23834ddc4612bf8f751838c88cec%3Fformat%3Djson HTTP/1.0 204 - Swift - - - - tx93835e68b8db40e282e15-0068ea4608 - 0.0166 RL - 1760183816.940888643 1760183816.957485914 -
Oct 11 11:56:56 standalone container-server[129018]: 172.20.0.100 - - [11/Oct/2025:11:56:56 +0000] "HEAD /d1/833/AUTH_5bda23834ddc4612bf8f751838c88cec/gnocchi.7d31c232-8d8a-491e-b9d2-cb33543fc772" 404 - "HEAD http://172.18.0.2:8080/v1/AUTH_5bda23834ddc4612bf8f751838c88cec/gnocchi.7d31c232-8d8a-491e-b9d2-cb33543fc772?format=json&states=listing" "tx93835e68b8db40e282e15-0068ea4608" "proxy-server 20" 0.0010 "-" 23 0
Oct 11 11:56:56 standalone object-server[129142]: 172.20.0.100 - - [11/Oct/2025:11:56:56 +0000] "GET /d1/893/AUTH_5bda23834ddc4612bf8f751838c88cec/gnocchi.7d31c232-8d8a-491e-b9d2-cb33543fc772/none_v3" 404 70 "GET http://172.18.0.2:8080/v1/AUTH_5bda23834ddc4612bf8f751838c88cec/gnocchi.7d31c232-8d8a-491e-b9d2-cb33543fc772/none_v3" "tx93835e68b8db40e282e15-0068ea4608" "proxy-server 20" 0.0009 "-" 20 0
Oct 11 11:56:56 standalone proxy-server[130965]: 172.18.0.2 172.18.0.100 11/Oct/2025/11/56/56 GET /v1/AUTH_5bda23834ddc4612bf8f751838c88cec/gnocchi.7d31c232-8d8a-491e-b9d2-cb33543fc772/none_v3 HTTP/1.0 404 - python-swiftclient-3.11.1 gAAAAABo6kXKCvE5... - 70 - tx93835e68b8db40e282e15-0068ea4608 - 0.0303 - - 1760183816.939956665 1760183816.970226526 0
Oct 11 11:56:57 standalone account-server[128962]: 172.20.0.100 - - [11/Oct/2025:11:56:57 +0000] "PUT /d1/333/AUTH_5bda23834ddc4612bf8f751838c88cec/gnocchi.7d31c232-8d8a-491e-b9d2-cb33543fc772" 201 - "PUT http://172.20.0.100:6001/d1/833/AUTH_5bda23834ddc4612bf8f751838c88cec/gnocchi.7d31c232-8d8a-491e-b9d2-cb33543fc772" "txc76f09a88f7440889dbd9-0068ea4608" "container-server 22" 0.0022 "-" 14 0
Oct 11 11:56:57 standalone container-server[129015]: 172.20.0.100 - - [11/Oct/2025:11:56:57 +0000] "PUT /d1/833/AUTH_5bda23834ddc4612bf8f751838c88cec/gnocchi.7d31c232-8d8a-491e-b9d2-cb33543fc772" 201 - "PUT http://172.18.0.2:8080/v1/AUTH_5bda23834ddc4612bf8f751838c88cec/gnocchi.7d31c232-8d8a-491e-b9d2-cb33543fc772" "txc76f09a88f7440889dbd9-0068ea4608" "proxy-server 20" 0.0272 "-" 22 0
Oct 11 11:56:57 standalone proxy-server[130965]: 172.18.0.2 172.18.0.100 11/Oct/2025/11/56/57 PUT /v1/AUTH_5bda23834ddc4612bf8f751838c88cec/gnocchi.7d31c232-8d8a-491e-b9d2-cb33543fc772 HTTP/1.0 201 - python-swiftclient-3.11.1 gAAAAABo6kXKCvE5... - - - txc76f09a88f7440889dbd9-0068ea4608 - 0.0333 - - 1760183816.974217653 1760183817.007560730 0
Oct 11 11:56:57 standalone container-server[129018]: 172.20.0.100 - - [11/Oct/2025:11:56:57 +0000] "HEAD /d1/833/AUTH_5bda23834ddc4612bf8f751838c88cec/gnocchi.7d31c232-8d8a-491e-b9d2-cb33543fc772" 204 - "HEAD http://172.18.0.2:8080/v1/AUTH_5bda23834ddc4612bf8f751838c88cec/gnocchi.7d31c232-8d8a-491e-b9d2-cb33543fc772?format=json&states=listing" "tx6cb93a349eba44ffa3d84-0068ea4609" "proxy-server 20" 0.0023 "-" 23 0
Oct 11 11:56:57 standalone proxy-server[130965]: - - 11/Oct/2025/11/56/57 HEAD /v1/AUTH_5bda23834ddc4612bf8f751838c88cec/gnocchi.7d31c232-8d8a-491e-b9d2-cb33543fc772%3Fformat%3Djson%26states%3Dlisting HTTP/1.0 204 - Swift - - - - tx6cb93a349eba44ffa3d84-0068ea4609 - 0.0081 RL - 1760183817.015918016 1760183817.024064302 0
Oct 11 11:56:57 standalone container-server[129015]: 172.20.0.100 - - [11/Oct/2025:11:56:57 +0000] "GET /d1/833/AUTH_5bda23834ddc4612bf8f751838c88cec/gnocchi.7d31c232-8d8a-491e-b9d2-cb33543fc772" 200 2 "GET http://172.18.0.2:8080/v1/AUTH_5bda23834ddc4612bf8f751838c88cec/gnocchi.7d31c232-8d8a-491e-b9d2-cb33543fc772?format=json&states=listing" "tx6cb93a349eba44ffa3d84-0068ea4609" "proxy-server 20" 0.0101 "-" 22 0
Oct 11 11:56:57 standalone proxy-server[130965]: 172.18.0.2 172.18.0.100 11/Oct/2025/11/56/57 GET /v1/AUTH_5bda23834ddc4612bf8f751838c88cec/gnocchi.7d31c232-8d8a-491e-b9d2-cb33543fc772%3Fformat%3Djson%26states%3Dlisting HTTP/1.0 200 - python-swiftclient-3.11.1 gAAAAABo6kXKCvE5... - 2 - tx6cb93a349eba44ffa3d84-0068ea4609 - 0.0309 - - 1760183817.013121128 1760183817.044054985 0
Oct 11 11:56:57 standalone object-server[129144]: 172.20.0.100 - - [11/Oct/2025:11:56:57 +0000] "GET /d1/863/AUTH_5bda23834ddc4612bf8f751838c88cec/gnocchi.7d31c232-8d8a-491e-b9d2-cb33543fc772/1759320000.0_mean_300.0_v3" 404 70 "GET http://172.18.0.2:8080/v1/AUTH_5bda23834ddc4612bf8f751838c88cec/gnocchi.7d31c232-8d8a-491e-b9d2-cb33543fc772/1759320000.0_mean_300.0_v3" "tx95f11e98653c4443ba666-0068ea4609" "proxy-server 20" 0.0007 "-" 22 0
Oct 11 11:56:57 standalone proxy-server[130965]: 172.18.0.2 172.18.0.100 11/Oct/2025/11/56/57 GET /v1/AUTH_5bda23834ddc4612bf8f751838c88cec/gnocchi.7d31c232-8d8a-491e-b9d2-cb33543fc772/1759320000.0_mean_300.0_v3 HTTP/1.0 404 - python-swiftclient-3.11.1 gAAAAABo6kXKCvE5... - 70 - tx95f11e98653c4443ba666-0068ea4609 - 0.0094 - - 1760183817.049890757 1760183817.059260607 0
Oct 11 11:56:57 standalone container-server[129018]: 172.20.0.100 - - [11/Oct/2025:11:56:57 +0000] "PUT /d1/833/AUTH_5bda23834ddc4612bf8f751838c88cec/gnocchi.7d31c232-8d8a-491e-b9d2-cb33543fc772/1759320000.0_mean_300.0_v3" 201 - "PUT http://172.18.0.2:8080/d1/863/AUTH_5bda23834ddc4612bf8f751838c88cec/gnocchi.7d31c232-8d8a-491e-b9d2-cb33543fc772/1759320000.0_mean_300.0_v3" "txf25ae10a6b3243a0a1c85-0068ea4609" "object-server 20" 0.0007 "-" 23 0
Oct 11 11:56:57 standalone object-server[129142]: 172.20.0.100 - - [11/Oct/2025:11:56:57 +0000] "PUT /d1/863/AUTH_5bda23834ddc4612bf8f751838c88cec/gnocchi.7d31c232-8d8a-491e-b9d2-cb33543fc772/1759320000.0_mean_300.0_v3" 201 - "PUT http://172.18.0.2:8080/v1/AUTH_5bda23834ddc4612bf8f751838c88cec/gnocchi.7d31c232-8d8a-491e-b9d2-cb33543fc772/1759320000.0_mean_300.0_v3" "txf25ae10a6b3243a0a1c85-0068ea4609" "proxy-server 20" 0.0283 "-" 20 0
Oct 11 11:56:57 standalone proxy-server[130965]: 172.18.0.2 172.18.0.100 11/Oct/2025/11/56/57 PUT /v1/AUTH_5bda23834ddc4612bf8f751838c88cec/gnocchi.7d31c232-8d8a-491e-b9d2-cb33543fc772/1759320000.0_mean_300.0_v3 HTTP/1.0 201 - python-swiftclient-3.11.1 gAAAAABo6kXKCvE5... 16 - - txf25ae10a6b3243a0a1c85-0068ea4609 - 0.0377 - - 1760183817.065150023 1760183817.102844238 0
Oct 11 11:56:57 standalone container-server[129015]: 172.20.0.100 - - [11/Oct/2025:11:56:57 +0000] "PUT /d1/833/AUTH_5bda23834ddc4612bf8f751838c88cec/gnocchi.7d31c232-8d8a-491e-b9d2-cb33543fc772/none_v3" 201 - "PUT http://172.18.0.2:8080/d1/893/AUTH_5bda23834ddc4612bf8f751838c88cec/gnocchi.7d31c232-8d8a-491e-b9d2-cb33543fc772/none_v3" "tx62212104c3da4541b8b92-0068ea4609" "object-server 20" 0.0007 "-" 22 0
Oct 11 11:56:57 standalone object-server[129142]: 172.20.0.100 - - [11/Oct/2025:11:56:57 +0000] "PUT /d1/893/AUTH_5bda23834ddc4612bf8f751838c88cec/gnocchi.7d31c232-8d8a-491e-b9d2-cb33543fc772/none_v3" 201 - "PUT http://172.18.0.2:8080/v1/AUTH_5bda23834ddc4612bf8f751838c88cec/gnocchi.7d31c232-8d8a-491e-b9d2-cb33543fc772/none_v3" "tx62212104c3da4541b8b92-0068ea4609" "proxy-server 20" 0.0353 "-" 20 0
Oct 11 11:56:57 standalone proxy-server[130965]: 172.18.0.2 172.18.0.100 11/Oct/2025/11/56/57 PUT /v1/AUTH_5bda23834ddc4612bf8f751838c88cec/gnocchi.7d31c232-8d8a-491e-b9d2-cb33543fc772/none_v3 HTTP/1.0 201 - python-swiftclient-3.11.1 gAAAAABo6kXKCvE5... 22 - - tx62212104c3da4541b8b92-0068ea4609 - 0.0459 - - 1760183817.108081341 1760183817.153953552 0
Oct 11 11:56:57 standalone container-server[129018]: 172.20.0.100 - - [11/Oct/2025:11:56:57 +0000] "HEAD /d1/812/AUTH_5bda23834ddc4612bf8f751838c88cec/gnocchi.c04e51f2-46c1-425a-a125-2490a1a7ada1" 404 - "HEAD http://172.18.0.2:8080/v1/AUTH_5bda23834ddc4612bf8f751838c88cec/gnocchi.c04e51f2-46c1-425a-a125-2490a1a7ada1?format=json&states=listing" "tx4415c17481914c5b88dca-0068ea4609" "proxy-server 20" 0.0005 "-" 23 0
Oct 11 11:56:57 standalone object-server[129144]: 172.20.0.100 - - [11/Oct/2025:11:56:57 +0000] "GET /d1/952/AUTH_5bda23834ddc4612bf8f751838c88cec/gnocchi.c04e51f2-46c1-425a-a125-2490a1a7ada1/none_v3" 404 70 "GET http://172.18.0.2:8080/v1/AUTH_5bda23834ddc4612bf8f751838c88cec/gnocchi.c04e51f2-46c1-425a-a125-2490a1a7ada1/none_v3" "tx4415c17481914c5b88dca-0068ea4609" "proxy-server 20" 0.0004 "-" 22 0
Oct 11 11:56:57 standalone proxy-server[130965]: 172.18.0.2 172.18.0.100 11/Oct/2025/11/56/57 GET /v1/AUTH_5bda23834ddc4612bf8f751838c88cec/gnocchi.c04e51f2-46c1-425a-a125-2490a1a7ada1/none_v3 HTTP/1.0 404 - python-swiftclient-3.11.1 gAAAAABo6kXKCvE5... - 70 - tx4415c17481914c5b88dca-0068ea4609 - 0.0132 - - 1760183817.176962852 1760183817.190173626 0
Oct 11 11:56:57 standalone account-server[128989]: 172.20.0.100 - - [11/Oct/2025:11:56:57 +0000] "PUT /d1/333/AUTH_5bda23834ddc4612bf8f751838c88cec/gnocchi.c04e51f2-46c1-425a-a125-2490a1a7ada1" 201 - "PUT http://172.20.0.100:6001/d1/812/AUTH_5bda23834ddc4612bf8f751838c88cec/gnocchi.c04e51f2-46c1-425a-a125-2490a1a7ada1" "txaf4a696e27ff4dad9e004-0068ea4609" "container-server 22" 0.0226 "-" 16 0
Oct 11 11:56:57 standalone container-server[129015]: 172.20.0.100 - - [11/Oct/2025:11:56:57 +0000] "PUT /d1/812/AUTH_5bda23834ddc4612bf8f751838c88cec/gnocchi.c04e51f2-46c1-425a-a125-2490a1a7ada1" 201 - "PUT http://172.18.0.2:8080/v1/AUTH_5bda23834ddc4612bf8f751838c88cec/gnocchi.c04e51f2-46c1-425a-a125-2490a1a7ada1" "txaf4a696e27ff4dad9e004-0068ea4609" "proxy-server 20" 0.0502 "-" 22 0
Oct 11 11:56:57 standalone proxy-server[130965]: 172.18.0.2 172.18.0.100 11/Oct/2025/11/56/57 PUT /v1/AUTH_5bda23834ddc4612bf8f751838c88cec/gnocchi.c04e51f2-46c1-425a-a125-2490a1a7ada1 HTTP/1.0 201 - python-swiftclient-3.11.1 gAAAAABo6kXKCvE5... - - - txaf4a696e27ff4dad9e004-0068ea4609 - 0.0568 - - 1760183817.194042921 1760183817.250801086 0
Oct 11 11:56:57 standalone container-server[129002]: 172.20.0.100 - - [11/Oct/2025:11:56:57 +0000] "HEAD /d1/812/AUTH_5bda23834ddc4612bf8f751838c88cec/gnocchi.c04e51f2-46c1-425a-a125-2490a1a7ada1" 204 - "HEAD http://172.18.0.2:8080/v1/AUTH_5bda23834ddc4612bf8f751838c88cec/gnocchi.c04e51f2-46c1-425a-a125-2490a1a7ada1?format=json&states=listing" "tx3e17e17ae4b94d5ba0ad7-0068ea4609" "proxy-server 20" 0.0018 "-" 20 0
Oct 11 11:56:57 standalone proxy-server[130965]: - - 11/Oct/2025/11/56/57 HEAD /v1/AUTH_5bda23834ddc4612bf8f751838c88cec/gnocchi.c04e51f2-46c1-425a-a125-2490a1a7ada1%3Fformat%3Djson%26states%3Dlisting HTTP/1.0 204 - Swift - - - - tx3e17e17ae4b94d5ba0ad7-0068ea4609 - 0.0082 RL - 1760183817.257101297 1760183817.265314102 0
Oct 11 11:56:57 standalone container-server[129018]: 172.20.0.100 - - [11/Oct/2025:11:56:57 +0000] "GET /d1/812/AUTH_5bda23834ddc4612bf8f751838c88cec/gnocchi.c04e51f2-46c1-425a-a125-2490a1a7ada1" 200 2 "GET http://172.18.0.2:8080/v1/AUTH_5bda23834ddc4612bf8f751838c88cec/gnocchi.c04e51f2-46c1-425a-a125-2490a1a7ada1?format=json&states=listing" "tx3e17e17ae4b94d5ba0ad7-0068ea4609" "proxy-server 20" 0.0024 "-" 23 0
Oct 11 11:56:57 standalone proxy-server[130965]: 172.18.0.2 172.18.0.100 11/Oct/2025/11/56/57 GET /v1/AUTH_5bda23834ddc4612bf8f751838c88cec/gnocchi.c04e51f2-46c1-425a-a125-2490a1a7ada1%3Fformat%3Djson%26states%3Dlisting HTTP/1.0 200 - python-swiftclient-3.11.1 gAAAAABo6kXKCvE5... - 2 - tx3e17e17ae4b94d5ba0ad7-0068ea4609 - 0.0207 - - 1760183817.255650043 1760183817.276300192 0
Oct 11 11:56:57 standalone object-server[129145]: 172.20.0.100 - - [11/Oct/2025:11:56:57 +0000] "GET /d1/911/AUTH_5bda23834ddc4612bf8f751838c88cec/gnocchi.c04e51f2-46c1-425a-a125-2490a1a7ada1/1759320000.0_mean_300.0_v3" 404 70 "GET http://172.18.0.2:8080/v1/AUTH_5bda23834ddc4612bf8f751838c88cec/gnocchi.c04e51f2-46c1-425a-a125-2490a1a7ada1/1759320000.0_mean_300.0_v3" "tx59b4d51e4df945bbb3e2e-0068ea4609" "proxy-server 20" 0.0008 "-" 23 0
Oct 11 11:56:57 standalone proxy-server[130965]: 172.18.0.2 172.18.0.100 11/Oct/2025/11/56/57 GET /v1/AUTH_5bda23834ddc4612bf8f751838c88cec/gnocchi.c04e51f2-46c1-425a-a125-2490a1a7ada1/1759320000.0_mean_300.0_v3 HTTP/1.0 404 - python-swiftclient-3.11.1 gAAAAABo6kXKCvE5... - 70 - tx59b4d51e4df945bbb3e2e-0068ea4609 - 0.0086 - - 1760183817.281124592 1760183817.289680719 0
Oct 11 11:56:57 standalone container-server[129014]: 172.20.0.100 - - [11/Oct/2025:11:56:57 +0000] "PUT /d1/812/AUTH_5bda23834ddc4612bf8f751838c88cec/gnocchi.c04e51f2-46c1-425a-a125-2490a1a7ada1/1759320000.0_mean_300.0_v3" 201 - "PUT http://172.18.0.2:8080/d1/911/AUTH_5bda23834ddc4612bf8f751838c88cec/gnocchi.c04e51f2-46c1-425a-a125-2490a1a7ada1/1759320000.0_mean_300.0_v3" "tx3ed3f48c2ecb41d4b7fa9-0068ea4609" "object-server 21" 0.0007 "-" 21 0
Oct 11 11:56:57 standalone object-server[129143]: 172.20.0.100 - - [11/Oct/2025:11:56:57 +0000] "PUT /d1/911/AUTH_5bda23834ddc4612bf8f751838c88cec/gnocchi.c04e51f2-46c1-425a-a125-2490a1a7ada1/1759320000.0_mean_300.0_v3" 201 - "PUT http://172.18.0.2:8080/v1/AUTH_5bda23834ddc4612bf8f751838c88cec/gnocchi.c04e51f2-46c1-425a-a125-2490a1a7ada1/1759320000.0_mean_300.0_v3" "tx3ed3f48c2ecb41d4b7fa9-0068ea4609" "proxy-server 20" 0.0103 "-" 21 0
Oct 11 11:56:57 standalone proxy-server[130965]: 172.18.0.2 172.18.0.100 11/Oct/2025/11/56/57 PUT /v1/AUTH_5bda23834ddc4612bf8f751838c88cec/gnocchi.c04e51f2-46c1-425a-a125-2490a1a7ada1/1759320000.0_mean_300.0_v3 HTTP/1.0 201 - python-swiftclient-3.11.1 gAAAAABo6kXKCvE5... 16 - - tx3ed3f48c2ecb41d4b7fa9-0068ea4609 - 0.0191 - - 1760183817.294784307 1760183817.313899279 0
Oct 11 11:56:57 standalone container-server[129002]: 172.20.0.100 - - [11/Oct/2025:11:56:57 +0000] "PUT /d1/812/AUTH_5bda23834ddc4612bf8f751838c88cec/gnocchi.c04e51f2-46c1-425a-a125-2490a1a7ada1/none_v3" 201 - "PUT http://172.18.0.2:8080/d1/952/AUTH_5bda23834ddc4612bf8f751838c88cec/gnocchi.c04e51f2-46c1-425a-a125-2490a1a7ada1/none_v3" "txb352ceb84cf045a0a833c-0068ea4609" "object-server 22" 0.0005 "-" 20 0
Oct 11 11:56:57 standalone object-server[129144]: 172.20.0.100 - - [11/Oct/2025:11:56:57 +0000] "PUT /d1/952/AUTH_5bda23834ddc4612bf8f751838c88cec/gnocchi.c04e51f2-46c1-425a-a125-2490a1a7ada1/none_v3" 201 - "PUT http://172.18.0.2:8080/v1/AUTH_5bda23834ddc4612bf8f751838c88cec/gnocchi.c04e51f2-46c1-425a-a125-2490a1a7ada1/none_v3" "txb352ceb84cf045a0a833c-0068ea4609" "proxy-server 20" 0.0251 "-" 22 0
Oct 11 11:56:57 standalone proxy-server[130965]: 172.18.0.2 172.18.0.100 11/Oct/2025/11/56/57 PUT /v1/AUTH_5bda23834ddc4612bf8f751838c88cec/gnocchi.c04e51f2-46c1-425a-a125-2490a1a7ada1/none_v3 HTTP/1.0 201 - python-swiftclient-3.11.1 gAAAAABo6kXKCvE5... 22 - - txb352ceb84cf045a0a833c-0068ea4609 - 0.0339 - - 1760183817.317825079 1760183817.351736069 0
Oct 11 11:57:05 standalone container-server[129002]: 172.20.0.100 - - [11/Oct/2025:11:57:05 +0000] "HEAD /d1/823/AUTH_5bda23834ddc4612bf8f751838c88cec/gnocchi.c47d39c4-13e7-4c4d-a8b5-be5a55033dfa" 404 - "HEAD http://172.18.0.2:8080/v1/AUTH_5bda23834ddc4612bf8f751838c88cec/gnocchi.c47d39c4-13e7-4c4d-a8b5-be5a55033dfa?format=json&states=listing" "tx45183e91417049859ef7b-0068ea4611" "proxy-server 20" 0.0006 "-" 20 0
Oct 11 11:57:05 standalone object-server[129143]: 172.20.0.100 - - [11/Oct/2025:11:57:05 +0000] "GET /d1/494/AUTH_5bda23834ddc4612bf8f751838c88cec/gnocchi.c47d39c4-13e7-4c4d-a8b5-be5a55033dfa/none_v3" 404 70 "GET http://172.18.0.2:8080/v1/AUTH_5bda23834ddc4612bf8f751838c88cec/gnocchi.c47d39c4-13e7-4c4d-a8b5-be5a55033dfa/none_v3" "tx45183e91417049859ef7b-0068ea4611" "proxy-server 20" 0.0006 "-" 21 0
Oct 11 11:57:05 standalone proxy-server[130965]: 172.18.0.2 172.18.0.100 11/Oct/2025/11/57/05 GET /v1/AUTH_5bda23834ddc4612bf8f751838c88cec/gnocchi.c47d39c4-13e7-4c4d-a8b5-be5a55033dfa/none_v3 HTTP/1.0 404 - python-swiftclient-3.11.1 gAAAAABo6kXKCvE5... - 70 - tx45183e91417049859ef7b-0068ea4611 - 0.0144 - - 1760183825.478129864 1760183825.492546558 0
Oct 11 11:57:05 standalone account-server[129005]: 172.20.0.100 - - [11/Oct/2025:11:57:05 +0000] "PUT /d1/333/AUTH_5bda23834ddc4612bf8f751838c88cec/gnocchi.c47d39c4-13e7-4c4d-a8b5-be5a55033dfa" 201 - "PUT http://172.20.0.100:6001/d1/823/AUTH_5bda23834ddc4612bf8f751838c88cec/gnocchi.c47d39c4-13e7-4c4d-a8b5-be5a55033dfa" "tx9a09f50389ab4313bbf04-0068ea4611" "container-server 20" 0.0046 "-" 17 0
Oct 11 11:57:05 standalone container-server[129002]: 172.20.0.100 - - [11/Oct/2025:11:57:05 +0000] "PUT /d1/823/AUTH_5bda23834ddc4612bf8f751838c88cec/gnocchi.c47d39c4-13e7-4c4d-a8b5-be5a55033dfa" 201 - "PUT http://172.18.0.2:8080/v1/AUTH_5bda23834ddc4612bf8f751838c88cec/gnocchi.c47d39c4-13e7-4c4d-a8b5-be5a55033dfa" "tx9a09f50389ab4313bbf04-0068ea4611" "proxy-server 20" 0.0144 "-" 20 0
Oct 11 11:57:05 standalone proxy-server[130965]: 172.18.0.2 172.18.0.100 11/Oct/2025/11/57/05 PUT /v1/AUTH_5bda23834ddc4612bf8f751838c88cec/gnocchi.c47d39c4-13e7-4c4d-a8b5-be5a55033dfa HTTP/1.0 201 - python-swiftclient-3.11.1 gAAAAABo6kXKCvE5... - - - tx9a09f50389ab4313bbf04-0068ea4611 - 0.0185 - - 1760183825.496746540 1760183825.515222549 0
Oct 11 11:57:05 standalone container-server[129018]: 172.20.0.100 - - [11/Oct/2025:11:57:05 +0000] "HEAD /d1/823/AUTH_5bda23834ddc4612bf8f751838c88cec/gnocchi.c47d39c4-13e7-4c4d-a8b5-be5a55033dfa" 204 - "HEAD http://172.18.0.2:8080/v1/AUTH_5bda23834ddc4612bf8f751838c88cec/gnocchi.c47d39c4-13e7-4c4d-a8b5-be5a55033dfa?format=json&states=listing" "tx7126e1877f9e4a42bb1a1-0068ea4611" "proxy-server 20" 0.0011 "-" 23 0
Oct 11 11:57:05 standalone proxy-server[130965]: - - 11/Oct/2025/11/57/05 HEAD /v1/AUTH_5bda23834ddc4612bf8f751838c88cec/gnocchi.c47d39c4-13e7-4c4d-a8b5-be5a55033dfa%3Fformat%3Djson%26states%3Dlisting HTTP/1.0 204 - Swift - - - - tx7126e1877f9e4a42bb1a1-0068ea4611 - 0.0041 RL - 1760183825.521177292 1760183825.525302172 0
Oct 11 11:57:05 standalone container-server[129018]: 172.20.0.100 - - [11/Oct/2025:11:57:05 +0000] "GET /d1/823/AUTH_5bda23834ddc4612bf8f751838c88cec/gnocchi.c47d39c4-13e7-4c4d-a8b5-be5a55033dfa" 200 2 "GET http://172.18.0.2:8080/v1/AUTH_5bda23834ddc4612bf8f751838c88cec/gnocchi.c47d39c4-13e7-4c4d-a8b5-be5a55033dfa?format=json&states=listing" "tx7126e1877f9e4a42bb1a1-0068ea4611" "proxy-server 20" 0.0014 "-" 23 0
Oct 11 11:57:05 standalone proxy-server[130965]: 172.18.0.2 172.18.0.100 11/Oct/2025/11/57/05 GET /v1/AUTH_5bda23834ddc4612bf8f751838c88cec/gnocchi.c47d39c4-13e7-4c4d-a8b5-be5a55033dfa%3Fformat%3Djson%26states%3Dlisting HTTP/1.0 200 - python-swiftclient-3.11.1 gAAAAABo6kXKCvE5... - 2 - tx7126e1877f9e4a42bb1a1-0068ea4611 - 0.0122 - - 1760183825.520052671 1760183825.532231092 0
Oct 11 11:57:05 standalone object-server[129144]: 172.20.0.100 - - [11/Oct/2025:11:57:05 +0000] "GET /d1/826/AUTH_5bda23834ddc4612bf8f751838c88cec/gnocchi.c47d39c4-13e7-4c4d-a8b5-be5a55033dfa/1759320000.0_mean_300.0_v3" 404 70 "GET http://172.18.0.2:8080/v1/AUTH_5bda23834ddc4612bf8f751838c88cec/gnocchi.c47d39c4-13e7-4c4d-a8b5-be5a55033dfa/1759320000.0_mean_300.0_v3" "tx196dba656b8544b1bebb0-0068ea4611" "proxy-server 20" 0.0003 "-" 22 0
Oct 11 11:57:05 standalone proxy-server[130965]: 172.18.0.2 172.18.0.100 11/Oct/2025/11/57/05 GET /v1/AUTH_5bda23834ddc4612bf8f751838c88cec/gnocchi.c47d39c4-13e7-4c4d-a8b5-be5a55033dfa/1759320000.0_mean_300.0_v3 HTTP/1.0 404 - python-swiftclient-3.11.1 gAAAAABo6kXKCvE5... - 70 - tx196dba656b8544b1bebb0-0068ea4611 - 0.0085 - - 1760183825.537561893 1760183825.546045542 0
Oct 11 11:57:05 standalone container-server[129018]: 172.20.0.100 - - [11/Oct/2025:11:57:05 +0000] "PUT /d1/823/AUTH_5bda23834ddc4612bf8f751838c88cec/gnocchi.c47d39c4-13e7-4c4d-a8b5-be5a55033dfa/1759320000.0_mean_300.0_v3" 201 - "PUT http://172.18.0.2:8080/d1/826/AUTH_5bda23834ddc4612bf8f751838c88cec/gnocchi.c47d39c4-13e7-4c4d-a8b5-be5a55033dfa/1759320000.0_mean_300.0_v3" "tx02a1b9fcb1b64f838f5ac-0068ea4611" "object-server 22" 0.0006 "-" 23 0
Oct 11 11:57:05 standalone object-server[129144]: 172.20.0.100 - - [11/Oct/2025:11:57:05 +0000] "PUT /d1/826/AUTH_5bda23834ddc4612bf8f751838c88cec/gnocchi.c47d39c4-13e7-4c4d-a8b5-be5a55033dfa/1759320000.0_mean_300.0_v3" 201 - "PUT http://172.18.0.2:8080/v1/AUTH_5bda23834ddc4612bf8f751838c88cec/gnocchi.c47d39c4-13e7-4c4d-a8b5-be5a55033dfa/1759320000.0_mean_300.0_v3" "tx02a1b9fcb1b64f838f5ac-0068ea4611" "proxy-server 20" 0.0127 "-" 22 0
Oct 11 11:57:05 standalone proxy-server[130965]: 172.18.0.2 172.18.0.100 11/Oct/2025/11/57/05 PUT /v1/AUTH_5bda23834ddc4612bf8f751838c88cec/gnocchi.c47d39c4-13e7-4c4d-a8b5-be5a55033dfa/1759320000.0_mean_300.0_v3 HTTP/1.0 201 - python-swiftclient-3.11.1 gAAAAABo6kXKCvE5... 16 - - tx02a1b9fcb1b64f838f5ac-0068ea4611 - 0.0239 - - 1760183825.551622868 1760183825.575522423 0
Oct 11 11:57:05 standalone container-server[129018]: 172.20.0.100 - - [11/Oct/2025:11:57:05 +0000] "PUT /d1/823/AUTH_5bda23834ddc4612bf8f751838c88cec/gnocchi.c47d39c4-13e7-4c4d-a8b5-be5a55033dfa/none_v3" 201 - "PUT http://172.18.0.2:8080/d1/494/AUTH_5bda23834ddc4612bf8f751838c88cec/gnocchi.c47d39c4-13e7-4c4d-a8b5-be5a55033dfa/none_v3" "tx379a7f59264a49b79ebc1-0068ea4611" "object-server 20" 0.0008 "-" 23 0
Oct 11 11:57:05 standalone object-server[129142]: 172.20.0.100 - - [11/Oct/2025:11:57:05 +0000] "PUT /d1/494/AUTH_5bda23834ddc4612bf8f751838c88cec/gnocchi.c47d39c4-13e7-4c4d-a8b5-be5a55033dfa/none_v3" 201 - "PUT http://172.18.0.2:8080/v1/AUTH_5bda23834ddc4612bf8f751838c88cec/gnocchi.c47d39c4-13e7-4c4d-a8b5-be5a55033dfa/none_v3" "tx379a7f59264a49b79ebc1-0068ea4611" "proxy-server 20" 0.0129 "-" 20 0
Oct 11 11:57:05 standalone proxy-server[130965]: 172.18.0.2 172.18.0.100 11/Oct/2025/11/57/05 PUT /v1/AUTH_5bda23834ddc4612bf8f751838c88cec/gnocchi.c47d39c4-13e7-4c4d-a8b5-be5a55033dfa/none_v3 HTTP/1.0 201 - python-swiftclient-3.11.1 gAAAAABo6kXKCvE5... 22 - - tx379a7f59264a49b79ebc1-0068ea4611 - 0.0189 - - 1760183825.580698013 1760183825.599563599 0
Oct 11 11:57:05 standalone container-server[129018]: 172.20.0.100 - - [11/Oct/2025:11:57:05 +0000] "HEAD /d1/434/AUTH_5bda23834ddc4612bf8f751838c88cec/gnocchi.4addeaeb-2d06-4a34-80ec-ca7a34e97eda" 404 - "HEAD http://172.18.0.2:8080/v1/AUTH_5bda23834ddc4612bf8f751838c88cec/gnocchi.4addeaeb-2d06-4a34-80ec-ca7a34e97eda?format=json&states=listing" "tx6072f83a6c4a4b93b584a-0068ea4611" "proxy-server 20" 0.0006 "-" 23 0
Oct 11 11:57:05 standalone object-server[129144]: 172.20.0.100 - - [11/Oct/2025:11:57:05 +0000] "GET /d1/552/AUTH_5bda23834ddc4612bf8f751838c88cec/gnocchi.4addeaeb-2d06-4a34-80ec-ca7a34e97eda/none_v3" 404 70 "GET http://172.18.0.2:8080/v1/AUTH_5bda23834ddc4612bf8f751838c88cec/gnocchi.4addeaeb-2d06-4a34-80ec-ca7a34e97eda/none_v3" "tx6072f83a6c4a4b93b584a-0068ea4611" "proxy-server 20" 0.0004 "-" 22 0
Oct 11 11:57:05 standalone proxy-server[130965]: 172.18.0.2 172.18.0.100 11/Oct/2025/11/57/05 GET /v1/AUTH_5bda23834ddc4612bf8f751838c88cec/gnocchi.4addeaeb-2d06-4a34-80ec-ca7a34e97eda/none_v3 HTTP/1.0 404 - python-swiftclient-3.11.1 gAAAAABo6kXKCvE5... - 70 - tx6072f83a6c4a4b93b584a-0068ea4611 - 0.0134 - - 1760183825.610061646 1760183825.623428583 0
Oct 11 11:57:05 standalone account-server[128962]: 172.20.0.100 - - [11/Oct/2025:11:57:05 +0000] "PUT /d1/333/AUTH_5bda23834ddc4612bf8f751838c88cec/gnocchi.4addeaeb-2d06-4a34-80ec-ca7a34e97eda" 201 - "PUT http://172.20.0.100:6001/d1/434/AUTH_5bda23834ddc4612bf8f751838c88cec/gnocchi.4addeaeb-2d06-4a34-80ec-ca7a34e97eda" "tx6cd06cf3db5f45459beeb-0068ea4611" "container-server 21" 0.0070 "-" 14 0
Oct 11 11:57:05 standalone container-server[129014]: 172.20.0.100 - - [11/Oct/2025:11:57:05 +0000] "PUT /d1/434/AUTH_5bda23834ddc4612bf8f751838c88cec/gnocchi.4addeaeb-2d06-4a34-80ec-ca7a34e97eda" 201 - "PUT http://172.18.0.2:8080/v1/AUTH_5bda23834ddc4612bf8f751838c88cec/gnocchi.4addeaeb-2d06-4a34-80ec-ca7a34e97eda" "tx6cd06cf3db5f45459beeb-0068ea4611" "proxy-server 20" 0.0182 "-" 21 0
Oct 11 11:57:05 standalone proxy-server[130965]: 172.18.0.2 172.18.0.100 11/Oct/2025/11/57/05 PUT /v1/AUTH_5bda23834ddc4612bf8f751838c88cec/gnocchi.4addeaeb-2d06-4a34-80ec-ca7a34e97eda HTTP/1.0 201 - python-swiftclient-3.11.1 gAAAAABo6kXKCvE5... - - - tx6cd06cf3db5f45459beeb-0068ea4611 - 0.0240 - - 1760183825.626837015 1760183825.650793552 0
Oct 11 11:57:05 standalone container-server[129018]: 172.20.0.100 - - [11/Oct/2025:11:57:05 +0000] "HEAD /d1/434/AUTH_5bda23834ddc4612bf8f751838c88cec/gnocchi.4addeaeb-2d06-4a34-80ec-ca7a34e97eda" 204 - "HEAD http://172.18.0.2:8080/v1/AUTH_5bda23834ddc4612bf8f751838c88cec/gnocchi.4addeaeb-2d06-4a34-80ec-ca7a34e97eda?format=json&states=listing" "txe214ed765ae1474bb9def-0068ea4611" "proxy-server 20" 0.0029 "-" 23 0
Oct 11 11:57:05 standalone proxy-server[130965]: - - 11/Oct/2025/11/57/05 HEAD /v1/AUTH_5bda23834ddc4612bf8f751838c88cec/gnocchi.4addeaeb-2d06-4a34-80ec-ca7a34e97eda%3Fformat%3Djson%26states%3Dlisting HTTP/1.0 204 - Swift - - - - txe214ed765ae1474bb9def-0068ea4611 - 0.0085 RL - 1760183825.656700850 1760183825.665195704 0
Oct 11 11:57:05 standalone container-server[129002]: 172.20.0.100 - - [11/Oct/2025:11:57:05 +0000] "GET /d1/434/AUTH_5bda23834ddc4612bf8f751838c88cec/gnocchi.4addeaeb-2d06-4a34-80ec-ca7a34e97eda" 200 2 "GET http://172.18.0.2:8080/v1/AUTH_5bda23834ddc4612bf8f751838c88cec/gnocchi.4addeaeb-2d06-4a34-80ec-ca7a34e97eda?format=json&states=listing" "txe214ed765ae1474bb9def-0068ea4611" "proxy-server 20" 0.0048 "-" 20 0
Oct 11 11:57:05 standalone proxy-server[130965]: 172.18.0.2 172.18.0.100 11/Oct/2025/11/57/05 GET /v1/AUTH_5bda23834ddc4612bf8f751838c88cec/gnocchi.4addeaeb-2d06-4a34-80ec-ca7a34e97eda%3Fformat%3Djson%26states%3Dlisting HTTP/1.0 200 - python-swiftclient-3.11.1 gAAAAABo6kXKCvE5... - 2 - txe214ed765ae1474bb9def-0068ea4611 - 0.0229 - - 1760183825.655487299 1760183825.678374767 0
Oct 11 11:57:05 standalone object-server[129142]: 172.20.0.100 - - [11/Oct/2025:11:57:05 +0000] "GET /d1/801/AUTH_5bda23834ddc4612bf8f751838c88cec/gnocchi.4addeaeb-2d06-4a34-80ec-ca7a34e97eda/1759320000.0_mean_300.0_v3" 404 70 "GET http://172.18.0.2:8080/v1/AUTH_5bda23834ddc4612bf8f751838c88cec/gnocchi.4addeaeb-2d06-4a34-80ec-ca7a34e97eda/1759320000.0_mean_300.0_v3" "txdb5e9b70540042788166e-0068ea4611" "proxy-server 20" 0.0005 "-" 20 0
Oct 11 11:57:05 standalone proxy-server[130965]: 172.18.0.2 172.18.0.100 11/Oct/2025/11/57/05 GET /v1/AUTH_5bda23834ddc4612bf8f751838c88cec/gnocchi.4addeaeb-2d06-4a34-80ec-ca7a34e97eda/1759320000.0_mean_300.0_v3 HTTP/1.0 404 - python-swiftclient-3.11.1 gAAAAABo6kXKCvE5... - 70 - txdb5e9b70540042788166e-0068ea4611 - 0.0065 - - 1760183825.683630705 1760183825.690119267 0
Oct 11 11:57:05 standalone container-server[129014]: 172.20.0.100 - - [11/Oct/2025:11:57:05 +0000] "PUT /d1/434/AUTH_5bda23834ddc4612bf8f751838c88cec/gnocchi.4addeaeb-2d06-4a34-80ec-ca7a34e97eda/1759320000.0_mean_300.0_v3" 201 - "PUT http://172.18.0.2:8080/d1/801/AUTH_5bda23834ddc4612bf8f751838c88cec/gnocchi.4addeaeb-2d06-4a34-80ec-ca7a34e97eda/1759320000.0_mean_300.0_v3" "tx5c59062745a3403c95135-0068ea4611" "object-server 21" 0.0014 "-" 21 0
