Oct 11 11:57:05 standalone object-server[129143]: 172.20.0.100 - - [11/Oct/2025:11:57:05 +0000] "PUT /d1/801/AUTH_5bda23834ddc4612bf8f751838c88cec/gnocchi.4addeaeb-2d06-4a34-80ec-ca7a34e97eda/1759320000.0_mean_300.0_v3" 201 - "PUT http://172.18.0.2:8080/v1/AUTH_5bda23834ddc4612bf8f751838c88cec/gnocchi.4addeaeb-2d06-4a34-80ec-ca7a34e97eda/1759320000.0_mean_300.0_v3" "tx5c59062745a3403c95135-0068ea4611" "proxy-server 20" 0.0124 "-" 21 0
Oct 11 11:57:05 standalone proxy-server[130965]: 172.18.0.2 172.18.0.100 11/Oct/2025/11/57/05 PUT /v1/AUTH_5bda23834ddc4612bf8f751838c88cec/gnocchi.4addeaeb-2d06-4a34-80ec-ca7a34e97eda/1759320000.0_mean_300.0_v3 HTTP/1.0 201 - python-swiftclient-3.11.1 gAAAAABo6kXKCvE5... 16 - - tx5c59062745a3403c95135-0068ea4611 - 0.0198 - - 1760183825.695020437 1760183825.714826822 0
Oct 11 11:57:05 standalone container-server[129015]: 172.20.0.100 - - [11/Oct/2025:11:57:05 +0000] "PUT /d1/434/AUTH_5bda23834ddc4612bf8f751838c88cec/gnocchi.4addeaeb-2d06-4a34-80ec-ca7a34e97eda/none_v3" 201 - "PUT http://172.18.0.2:8080/d1/552/AUTH_5bda23834ddc4612bf8f751838c88cec/gnocchi.4addeaeb-2d06-4a34-80ec-ca7a34e97eda/none_v3" "tx2dbfcee776b442cbbe751-0068ea4611" "object-server 23" 0.0008 "-" 22 0
Oct 11 11:57:05 standalone object-server[129145]: 172.20.0.100 - - [11/Oct/2025:11:57:05 +0000] "PUT /d1/552/AUTH_5bda23834ddc4612bf8f751838c88cec/gnocchi.4addeaeb-2d06-4a34-80ec-ca7a34e97eda/none_v3" 201 - "PUT http://172.18.0.2:8080/v1/AUTH_5bda23834ddc4612bf8f751838c88cec/gnocchi.4addeaeb-2d06-4a34-80ec-ca7a34e97eda/none_v3" "tx2dbfcee776b442cbbe751-0068ea4611" "proxy-server 20" 0.0125 "-" 23 0
Oct 11 11:57:05 standalone proxy-server[130965]: 172.18.0.2 172.18.0.100 11/Oct/2025/11/57/05 PUT /v1/AUTH_5bda23834ddc4612bf8f751838c88cec/gnocchi.4addeaeb-2d06-4a34-80ec-ca7a34e97eda/none_v3 HTTP/1.0 201 - python-swiftclient-3.11.1 gAAAAABo6kXKCvE5... 22 - - tx2dbfcee776b442cbbe751-0068ea4611 - 0.0186 - - 1760183825.720087767 1760183825.738644361 0
Oct 11 11:57:05 standalone container-server[129018]: 172.20.0.100 - - [11/Oct/2025:11:57:05 +0000] "HEAD /d1/570/AUTH_5bda23834ddc4612bf8f751838c88cec/gnocchi.8e0effbb-a9ea-45fd-b141-52608a270c6c" 404 - "HEAD http://172.18.0.2:8080/v1/AUTH_5bda23834ddc4612bf8f751838c88cec/gnocchi.8e0effbb-a9ea-45fd-b141-52608a270c6c?format=json&states=listing" "tx1cae8cee61ce42c3a2c62-0068ea4611" "proxy-server 20" 0.0006 "-" 23 0
Oct 11 11:57:05 standalone object-server[129143]: 172.20.0.100 - - [11/Oct/2025:11:57:05 +0000] "GET /d1/675/AUTH_5bda23834ddc4612bf8f751838c88cec/gnocchi.8e0effbb-a9ea-45fd-b141-52608a270c6c/none_v3" 404 70 "GET http://172.18.0.2:8080/v1/AUTH_5bda23834ddc4612bf8f751838c88cec/gnocchi.8e0effbb-a9ea-45fd-b141-52608a270c6c/none_v3" "tx1cae8cee61ce42c3a2c62-0068ea4611" "proxy-server 20" 0.0005 "-" 21 0
Oct 11 11:57:05 standalone proxy-server[130965]: 172.18.0.2 172.18.0.100 11/Oct/2025/11/57/05 GET /v1/AUTH_5bda23834ddc4612bf8f751838c88cec/gnocchi.8e0effbb-a9ea-45fd-b141-52608a270c6c/none_v3 HTTP/1.0 404 - python-swiftclient-3.11.1 gAAAAABo6kXKCvE5... - 70 - tx1cae8cee61ce42c3a2c62-0068ea4611 - 0.0737 - - 1760183825.751852036 1760183825.825551033 0
Oct 11 11:57:05 standalone account-server[128989]: 172.20.0.100 - - [11/Oct/2025:11:57:05 +0000] "PUT /d1/333/AUTH_5bda23834ddc4612bf8f751838c88cec/gnocchi.8e0effbb-a9ea-45fd-b141-52608a270c6c" 201 - "PUT http://172.20.0.100:6001/d1/570/AUTH_5bda23834ddc4612bf8f751838c88cec/gnocchi.8e0effbb-a9ea-45fd-b141-52608a270c6c" "txfd30449820f84f04969fd-0068ea4611" "container-server 22" 0.0056 "-" 16 0
Oct 11 11:57:05 standalone container-server[129015]: 172.20.0.100 - - [11/Oct/2025:11:57:05 +0000] "PUT /d1/570/AUTH_5bda23834ddc4612bf8f751838c88cec/gnocchi.8e0effbb-a9ea-45fd-b141-52608a270c6c" 201 - "PUT http://172.18.0.2:8080/v1/AUTH_5bda23834ddc4612bf8f751838c88cec/gnocchi.8e0effbb-a9ea-45fd-b141-52608a270c6c" "txfd30449820f84f04969fd-0068ea4611" "proxy-server 20" 0.0228 "-" 22 0
Oct 11 11:57:05 standalone proxy-server[130965]: 172.18.0.2 172.18.0.100 11/Oct/2025/11/57/05 PUT /v1/AUTH_5bda23834ddc4612bf8f751838c88cec/gnocchi.8e0effbb-a9ea-45fd-b141-52608a270c6c HTTP/1.0 201 - python-swiftclient-3.11.1 gAAAAABo6kXKCvE5... - - - txfd30449820f84f04969fd-0068ea4611 - 0.0275 - - 1760183825.828974247 1760183825.856441975 0
Oct 11 11:57:05 standalone container-server[129018]: 172.20.0.100 - - [11/Oct/2025:11:57:05 +0000] "HEAD /d1/570/AUTH_5bda23834ddc4612bf8f751838c88cec/gnocchi.8e0effbb-a9ea-45fd-b141-52608a270c6c" 204 - "HEAD http://172.18.0.2:8080/v1/AUTH_5bda23834ddc4612bf8f751838c88cec/gnocchi.8e0effbb-a9ea-45fd-b141-52608a270c6c?format=json&states=listing" "tx77270263c6d8457691bef-0068ea4611" "proxy-server 20" 0.0014 "-" 23 0
Oct 11 11:57:05 standalone proxy-server[130965]: - - 11/Oct/2025/11/57/05 HEAD /v1/AUTH_5bda23834ddc4612bf8f751838c88cec/gnocchi.8e0effbb-a9ea-45fd-b141-52608a270c6c%3Fformat%3Djson%26states%3Dlisting HTTP/1.0 204 - Swift - - - - tx77270263c6d8457691bef-0068ea4611 - 0.0045 RL - 1760183825.863612175 1760183825.868128538 0
Oct 11 11:57:05 standalone container-server[129002]: 172.20.0.100 - - [11/Oct/2025:11:57:05 +0000] "GET /d1/570/AUTH_5bda23834ddc4612bf8f751838c88cec/gnocchi.8e0effbb-a9ea-45fd-b141-52608a270c6c" 200 2 "GET http://172.18.0.2:8080/v1/AUTH_5bda23834ddc4612bf8f751838c88cec/gnocchi.8e0effbb-a9ea-45fd-b141-52608a270c6c?format=json&states=listing" "tx77270263c6d8457691bef-0068ea4611" "proxy-server 20" 0.0036 "-" 20 0
Oct 11 11:57:05 standalone proxy-server[130965]: 172.18.0.2 172.18.0.100 11/Oct/2025/11/57/05 GET /v1/AUTH_5bda23834ddc4612bf8f751838c88cec/gnocchi.8e0effbb-a9ea-45fd-b141-52608a270c6c%3Fformat%3Djson%26states%3Dlisting HTTP/1.0 200 - python-swiftclient-3.11.1 gAAAAABo6kXKCvE5... - 2 - tx77270263c6d8457691bef-0068ea4611 - 0.0154 - - 1760183825.862529278 1760183825.877921343 0
Oct 11 11:57:05 standalone object-server[129145]: 172.20.0.100 - - [11/Oct/2025:11:57:05 +0000] "GET /d1/425/AUTH_5bda23834ddc4612bf8f751838c88cec/gnocchi.8e0effbb-a9ea-45fd-b141-52608a270c6c/1759320000.0_mean_300.0_v3" 404 70 "GET http://172.18.0.2:8080/v1/AUTH_5bda23834ddc4612bf8f751838c88cec/gnocchi.8e0effbb-a9ea-45fd-b141-52608a270c6c/1759320000.0_mean_300.0_v3" "tx042695221e8f400eaf173-0068ea4611" "proxy-server 20" 0.0004 "-" 23 0
Oct 11 11:57:05 standalone proxy-server[130965]: 172.18.0.2 172.18.0.100 11/Oct/2025/11/57/05 GET /v1/AUTH_5bda23834ddc4612bf8f751838c88cec/gnocchi.8e0effbb-a9ea-45fd-b141-52608a270c6c/1759320000.0_mean_300.0_v3 HTTP/1.0 404 - python-swiftclient-3.11.1 gAAAAABo6kXKCvE5... - 70 - tx042695221e8f400eaf173-0068ea4611 - 0.0050 - - 1760183825.883757830 1760183825.888742447 0
Oct 11 11:57:05 standalone container-server[129018]: 172.20.0.100 - - [11/Oct/2025:11:57:05 +0000] "PUT /d1/570/AUTH_5bda23834ddc4612bf8f751838c88cec/gnocchi.8e0effbb-a9ea-45fd-b141-52608a270c6c/1759320000.0_mean_300.0_v3" 201 - "PUT http://172.18.0.2:8080/d1/425/AUTH_5bda23834ddc4612bf8f751838c88cec/gnocchi.8e0effbb-a9ea-45fd-b141-52608a270c6c/1759320000.0_mean_300.0_v3" "tx70e951c5fc73407c8e3aa-0068ea4611" "object-server 22" 0.0010 "-" 23 0
Oct 11 11:57:05 standalone object-server[129144]: 172.20.0.100 - - [11/Oct/2025:11:57:05 +0000] "PUT /d1/425/AUTH_5bda23834ddc4612bf8f751838c88cec/gnocchi.8e0effbb-a9ea-45fd-b141-52608a270c6c/1759320000.0_mean_300.0_v3" 201 - "PUT http://172.18.0.2:8080/v1/AUTH_5bda23834ddc4612bf8f751838c88cec/gnocchi.8e0effbb-a9ea-45fd-b141-52608a270c6c/1759320000.0_mean_300.0_v3" "tx70e951c5fc73407c8e3aa-0068ea4611" "proxy-server 20" 0.0147 "-" 22 0
Oct 11 11:57:05 standalone proxy-server[130965]: 172.18.0.2 172.18.0.100 11/Oct/2025/11/57/05 PUT /v1/AUTH_5bda23834ddc4612bf8f751838c88cec/gnocchi.8e0effbb-a9ea-45fd-b141-52608a270c6c/1759320000.0_mean_300.0_v3 HTTP/1.0 201 - python-swiftclient-3.11.1 gAAAAABo6kXKCvE5... 16 - - tx70e951c5fc73407c8e3aa-0068ea4611 - 0.0212 - - 1760183825.893520117 1760183825.914718151 0
Oct 11 11:57:05 standalone container-server[129018]: 172.20.0.100 - - [11/Oct/2025:11:57:05 +0000] "PUT /d1/570/AUTH_5bda23834ddc4612bf8f751838c88cec/gnocchi.8e0effbb-a9ea-45fd-b141-52608a270c6c/none_v3" 201 - "PUT http://172.18.0.2:8080/d1/675/AUTH_5bda23834ddc4612bf8f751838c88cec/gnocchi.8e0effbb-a9ea-45fd-b141-52608a270c6c/none_v3" "tx29a982130a724d66bc375-0068ea4611" "object-server 20" 0.0008 "-" 23 0
Oct 11 11:57:05 standalone object-server[129142]: 172.20.0.100 - - [11/Oct/2025:11:57:05 +0000] "PUT /d1/675/AUTH_5bda23834ddc4612bf8f751838c88cec/gnocchi.8e0effbb-a9ea-45fd-b141-52608a270c6c/none_v3" 201 - "PUT http://172.18.0.2:8080/v1/AUTH_5bda23834ddc4612bf8f751838c88cec/gnocchi.8e0effbb-a9ea-45fd-b141-52608a270c6c/none_v3" "tx29a982130a724d66bc375-0068ea4611" "proxy-server 20" 0.0143 "-" 20 0
Oct 11 11:57:05 standalone proxy-server[130965]: 172.18.0.2 172.18.0.100 11/Oct/2025/11/57/05 PUT /v1/AUTH_5bda23834ddc4612bf8f751838c88cec/gnocchi.8e0effbb-a9ea-45fd-b141-52608a270c6c/none_v3 HTTP/1.0 201 - python-swiftclient-3.11.1 gAAAAABo6kXKCvE5... 22 - - tx29a982130a724d66bc375-0068ea4611 - 0.0202 - - 1760183825.917301655 1760183825.937540770 0
Oct 11 11:57:05 standalone container-server[129014]: 172.20.0.100 - - [11/Oct/2025:11:57:05 +0000] "HEAD /d1/21/AUTH_5bda23834ddc4612bf8f751838c88cec/gnocchi.51f94702-e125-4aa5-894a-8ec46f613ff8" 404 - "HEAD http://172.18.0.2:8080/v1/AUTH_5bda23834ddc4612bf8f751838c88cec/gnocchi.51f94702-e125-4aa5-894a-8ec46f613ff8?format=json&states=listing" "tx0467d5dae5dd464bb11f2-0068ea4611" "proxy-server 20" 0.0008 "-" 21 0
Oct 11 11:57:05 standalone object-server[129142]: 172.20.0.100 - - [11/Oct/2025:11:57:05 +0000] "GET /d1/451/AUTH_5bda23834ddc4612bf8f751838c88cec/gnocchi.51f94702-e125-4aa5-894a-8ec46f613ff8/none_v3" 404 70 "GET http://172.18.0.2:8080/v1/AUTH_5bda23834ddc4612bf8f751838c88cec/gnocchi.51f94702-e125-4aa5-894a-8ec46f613ff8/none_v3" "tx0467d5dae5dd464bb11f2-0068ea4611" "proxy-server 20" 0.0006 "-" 20 0
Oct 11 11:57:05 standalone proxy-server[130965]: 172.18.0.2 172.18.0.100 11/Oct/2025/11/57/05 GET /v1/AUTH_5bda23834ddc4612bf8f751838c88cec/gnocchi.51f94702-e125-4aa5-894a-8ec46f613ff8/none_v3 HTTP/1.0 404 - python-swiftclient-3.11.1 gAAAAABo6kXKCvE5... - 70 - tx0467d5dae5dd464bb11f2-0068ea4611 - 0.0102 - - 1760183825.949992180 1760183825.960181475 0
Oct 11 11:57:05 standalone account-server[128962]: 172.20.0.100 - - [11/Oct/2025:11:57:05 +0000] "PUT /d1/333/AUTH_5bda23834ddc4612bf8f751838c88cec/gnocchi.51f94702-e125-4aa5-894a-8ec46f613ff8" 201 - "PUT http://172.20.0.100:6001/d1/21/AUTH_5bda23834ddc4612bf8f751838c88cec/gnocchi.51f94702-e125-4aa5-894a-8ec46f613ff8" "tx20f0abc5b64449e9a7ead-0068ea4611" "container-server 23" 0.0060 "-" 14 0
Oct 11 11:57:05 standalone container-server[129018]: 172.20.0.100 - - [11/Oct/2025:11:57:05 +0000] "PUT /d1/21/AUTH_5bda23834ddc4612bf8f751838c88cec/gnocchi.51f94702-e125-4aa5-894a-8ec46f613ff8" 201 - "PUT http://172.18.0.2:8080/v1/AUTH_5bda23834ddc4612bf8f751838c88cec/gnocchi.51f94702-e125-4aa5-894a-8ec46f613ff8" "tx20f0abc5b64449e9a7ead-0068ea4611" "proxy-server 20" 0.0271 "-" 23 0
Oct 11 11:57:05 standalone proxy-server[130965]: 172.18.0.2 172.18.0.100 11/Oct/2025/11/57/05 PUT /v1/AUTH_5bda23834ddc4612bf8f751838c88cec/gnocchi.51f94702-e125-4aa5-894a-8ec46f613ff8 HTTP/1.0 201 - python-swiftclient-3.11.1 gAAAAABo6kXKCvE5... - - - tx20f0abc5b64449e9a7ead-0068ea4611 - 0.0320 - - 1760183825.964446783 1760183825.996462107 0
Oct 11 11:57:06 standalone container-server[129002]: 172.20.0.100 - - [11/Oct/2025:11:57:06 +0000] "HEAD /d1/21/AUTH_5bda23834ddc4612bf8f751838c88cec/gnocchi.51f94702-e125-4aa5-894a-8ec46f613ff8" 204 - "HEAD http://172.18.0.2:8080/v1/AUTH_5bda23834ddc4612bf8f751838c88cec/gnocchi.51f94702-e125-4aa5-894a-8ec46f613ff8?format=json&states=listing" "txfa935d5047164e35bc70f-0068ea4612" "proxy-server 20" 0.0025 "-" 20 0
Oct 11 11:57:06 standalone proxy-server[130965]: - - 11/Oct/2025/11/57/06 HEAD /v1/AUTH_5bda23834ddc4612bf8f751838c88cec/gnocchi.51f94702-e125-4aa5-894a-8ec46f613ff8%3Fformat%3Djson%26states%3Dlisting HTTP/1.0 204 - Swift - - - - txfa935d5047164e35bc70f-0068ea4612 - 0.0059 RL - 1760183826.001581430 1760183826.007509470 0
Oct 11 11:57:06 standalone container-server[129015]: 172.20.0.100 - - [11/Oct/2025:11:57:06 +0000] "GET /d1/21/AUTH_5bda23834ddc4612bf8f751838c88cec/gnocchi.51f94702-e125-4aa5-894a-8ec46f613ff8" 200 2 "GET http://172.18.0.2:8080/v1/AUTH_5bda23834ddc4612bf8f751838c88cec/gnocchi.51f94702-e125-4aa5-894a-8ec46f613ff8?format=json&states=listing" "txfa935d5047164e35bc70f-0068ea4612" "proxy-server 20" 0.0035 "-" 22 0
Oct 11 11:57:06 standalone proxy-server[130965]: 172.18.0.2 172.18.0.100 11/Oct/2025/11/57/06 GET /v1/AUTH_5bda23834ddc4612bf8f751838c88cec/gnocchi.51f94702-e125-4aa5-894a-8ec46f613ff8%3Fformat%3Djson%26states%3Dlisting HTTP/1.0 200 - python-swiftclient-3.11.1 gAAAAABo6kXKCvE5... - 2 - txfa935d5047164e35bc70f-0068ea4612 - 0.0177 - - 1760183826.000887156 1760183826.018590212 0
Oct 11 11:57:06 standalone object-server[129143]: 172.20.0.100 - - [11/Oct/2025:11:57:06 +0000] "GET /d1/503/AUTH_5bda23834ddc4612bf8f751838c88cec/gnocchi.51f94702-e125-4aa5-894a-8ec46f613ff8/1759320000.0_mean_300.0_v3" 404 70 "GET http://172.18.0.2:8080/v1/AUTH_5bda23834ddc4612bf8f751838c88cec/gnocchi.51f94702-e125-4aa5-894a-8ec46f613ff8/1759320000.0_mean_300.0_v3" "tx5c228bdaadd34bdb8c7cc-0068ea4612" "proxy-server 20" 0.0006 "-" 21 0
Oct 11 11:57:06 standalone proxy-server[130965]: 172.18.0.2 172.18.0.100 11/Oct/2025/11/57/06 GET /v1/AUTH_5bda23834ddc4612bf8f751838c88cec/gnocchi.51f94702-e125-4aa5-894a-8ec46f613ff8/1759320000.0_mean_300.0_v3 HTTP/1.0 404 - python-swiftclient-3.11.1 gAAAAABo6kXKCvE5... - 70 - tx5c228bdaadd34bdb8c7cc-0068ea4612 - 0.0058 - - 1760183826.025646687 1760183826.031490564 0
Oct 11 11:57:06 standalone container-server[129015]: 172.20.0.100 - - [11/Oct/2025:11:57:06 +0000] "PUT /d1/21/AUTH_5bda23834ddc4612bf8f751838c88cec/gnocchi.51f94702-e125-4aa5-894a-8ec46f613ff8/1759320000.0_mean_300.0_v3" 201 - "PUT http://172.18.0.2:8080/d1/503/AUTH_5bda23834ddc4612bf8f751838c88cec/gnocchi.51f94702-e125-4aa5-894a-8ec46f613ff8/1759320000.0_mean_300.0_v3" "txd1f3b06ae317489d83ad4-0068ea4612" "object-server 21" 0.0011 "-" 22 0
Oct 11 11:57:06 standalone object-server[129143]: 172.20.0.100 - - [11/Oct/2025:11:57:06 +0000] "PUT /d1/503/AUTH_5bda23834ddc4612bf8f751838c88cec/gnocchi.51f94702-e125-4aa5-894a-8ec46f613ff8/1759320000.0_mean_300.0_v3" 201 - "PUT http://172.18.0.2:8080/v1/AUTH_5bda23834ddc4612bf8f751838c88cec/gnocchi.51f94702-e125-4aa5-894a-8ec46f613ff8/1759320000.0_mean_300.0_v3" "txd1f3b06ae317489d83ad4-0068ea4612" "proxy-server 20" 0.0145 "-" 21 0
Oct 11 11:57:06 standalone proxy-server[130965]: 172.18.0.2 172.18.0.100 11/Oct/2025/11/57/06 PUT /v1/AUTH_5bda23834ddc4612bf8f751838c88cec/gnocchi.51f94702-e125-4aa5-894a-8ec46f613ff8/1759320000.0_mean_300.0_v3 HTTP/1.0 201 - python-swiftclient-3.11.1 gAAAAABo6kXKCvE5... 16 - - txd1f3b06ae317489d83ad4-0068ea4612 - 0.0195 - - 1760183826.036479473 1760183826.055969477 0
Oct 11 11:57:06 standalone container-server[129018]: 172.20.0.100 - - [11/Oct/2025:11:57:06 +0000] "PUT /d1/21/AUTH_5bda23834ddc4612bf8f751838c88cec/gnocchi.51f94702-e125-4aa5-894a-8ec46f613ff8/none_v3" 201 - "PUT http://172.18.0.2:8080/d1/451/AUTH_5bda23834ddc4612bf8f751838c88cec/gnocchi.51f94702-e125-4aa5-894a-8ec46f613ff8/none_v3" "txc1d42177bf6144b991a8a-0068ea4612" "object-server 22" 0.0008 "-" 23 0
Oct 11 11:57:06 standalone object-server[129144]: 172.20.0.100 - - [11/Oct/2025:11:57:06 +0000] "PUT /d1/451/AUTH_5bda23834ddc4612bf8f751838c88cec/gnocchi.51f94702-e125-4aa5-894a-8ec46f613ff8/none_v3" 201 - "PUT http://172.18.0.2:8080/v1/AUTH_5bda23834ddc4612bf8f751838c88cec/gnocchi.51f94702-e125-4aa5-894a-8ec46f613ff8/none_v3" "txc1d42177bf6144b991a8a-0068ea4612" "proxy-server 20" 0.0139 "-" 22 0
Oct 11 11:57:06 standalone proxy-server[130965]: 172.18.0.2 172.18.0.100 11/Oct/2025/11/57/06 PUT /v1/AUTH_5bda23834ddc4612bf8f751838c88cec/gnocchi.51f94702-e125-4aa5-894a-8ec46f613ff8/none_v3 HTTP/1.0 201 - python-swiftclient-3.11.1 gAAAAABo6kXKCvE5... 22 - - txc1d42177bf6144b991a8a-0068ea4612 - 0.0237 - - 1760183826.060810089 1760183826.084463835 0
Oct 11 11:57:06 standalone container-server[129014]: 172.20.0.100 - - [11/Oct/2025:11:57:06 +0000] "HEAD /d1/804/AUTH_5bda23834ddc4612bf8f751838c88cec/gnocchi.208706cd-abd5-423d-a4e5-b32bda17db37" 404 - "HEAD http://172.18.0.2:8080/v1/AUTH_5bda23834ddc4612bf8f751838c88cec/gnocchi.208706cd-abd5-423d-a4e5-b32bda17db37?format=json&states=listing" "tx0a17809898fa41628da52-0068ea4612" "proxy-server 20" 0.0007 "-" 21 0
Oct 11 11:57:06 standalone object-server[129143]: 172.20.0.100 - - [11/Oct/2025:11:57:06 +0000] "GET /d1/780/AUTH_5bda23834ddc4612bf8f751838c88cec/gnocchi.208706cd-abd5-423d-a4e5-b32bda17db37/none_v3" 404 70 "GET http://172.18.0.2:8080/v1/AUTH_5bda23834ddc4612bf8f751838c88cec/gnocchi.208706cd-abd5-423d-a4e5-b32bda17db37/none_v3" "tx0a17809898fa41628da52-0068ea4612" "proxy-server 20" 0.0005 "-" 21 0
Oct 11 11:57:06 standalone proxy-server[130965]: 172.18.0.2 172.18.0.100 11/Oct/2025/11/57/06 GET /v1/AUTH_5bda23834ddc4612bf8f751838c88cec/gnocchi.208706cd-abd5-423d-a4e5-b32bda17db37/none_v3 HTTP/1.0 404 - python-swiftclient-3.11.1 gAAAAABo6kXKCvE5... - 70 - tx0a17809898fa41628da52-0068ea4612 - 0.0170 - - 1760183826.101205349 1760183826.118254423 0
Oct 11 11:57:06 standalone account-server[129005]: 172.20.0.100 - - [11/Oct/2025:11:57:06 +0000] "PUT /d1/333/AUTH_5bda23834ddc4612bf8f751838c88cec/gnocchi.208706cd-abd5-423d-a4e5-b32bda17db37" 201 - "PUT http://172.20.0.100:6001/d1/804/AUTH_5bda23834ddc4612bf8f751838c88cec/gnocchi.208706cd-abd5-423d-a4e5-b32bda17db37" "tx0231d7615fbc4b77951f9-0068ea4612" "container-server 22" 0.0051 "-" 17 0
Oct 11 11:57:06 standalone container-server[129015]: 172.20.0.100 - - [11/Oct/2025:11:57:06 +0000] "PUT /d1/804/AUTH_5bda23834ddc4612bf8f751838c88cec/gnocchi.208706cd-abd5-423d-a4e5-b32bda17db37" 201 - "PUT http://172.18.0.2:8080/v1/AUTH_5bda23834ddc4612bf8f751838c88cec/gnocchi.208706cd-abd5-423d-a4e5-b32bda17db37" "tx0231d7615fbc4b77951f9-0068ea4612" "proxy-server 20" 0.0192 "-" 22 0
Oct 11 11:57:06 standalone proxy-server[130965]: 172.18.0.2 172.18.0.100 11/Oct/2025/11/57/06 PUT /v1/AUTH_5bda23834ddc4612bf8f751838c88cec/gnocchi.208706cd-abd5-423d-a4e5-b32bda17db37 HTTP/1.0 201 - python-swiftclient-3.11.1 gAAAAABo6kXKCvE5... - - - tx0231d7615fbc4b77951f9-0068ea4612 - 0.0283 - - 1760183826.123318672 1760183826.151616335 0
Oct 11 11:57:06 standalone container-server[129018]: 172.20.0.100 - - [11/Oct/2025:11:57:06 +0000] "HEAD /d1/804/AUTH_5bda23834ddc4612bf8f751838c88cec/gnocchi.208706cd-abd5-423d-a4e5-b32bda17db37" 204 - "HEAD http://172.18.0.2:8080/v1/AUTH_5bda23834ddc4612bf8f751838c88cec/gnocchi.208706cd-abd5-423d-a4e5-b32bda17db37?format=json&states=listing" "tx310cca064b344d259b219-0068ea4612" "proxy-server 20" 0.0036 "-" 23 0
Oct 11 11:57:06 standalone proxy-server[130965]: - - 11/Oct/2025/11/57/06 HEAD /v1/AUTH_5bda23834ddc4612bf8f751838c88cec/gnocchi.208706cd-abd5-423d-a4e5-b32bda17db37%3Fformat%3Djson%26states%3Dlisting HTTP/1.0 204 - Swift - - - - tx310cca064b344d259b219-0068ea4612 - 0.0104 RL - 1760183826.156547070 1760183826.166907072 0
Oct 11 11:57:06 standalone container-server[129002]: 172.20.0.100 - - [11/Oct/2025:11:57:06 +0000] "GET /d1/804/AUTH_5bda23834ddc4612bf8f751838c88cec/gnocchi.208706cd-abd5-423d-a4e5-b32bda17db37" 200 2 "GET http://172.18.0.2:8080/v1/AUTH_5bda23834ddc4612bf8f751838c88cec/gnocchi.208706cd-abd5-423d-a4e5-b32bda17db37?format=json&states=listing" "tx310cca064b344d259b219-0068ea4612" "proxy-server 20" 0.0065 "-" 20 0
Oct 11 11:57:06 standalone proxy-server[130965]: 172.18.0.2 172.18.0.100 11/Oct/2025/11/57/06 GET /v1/AUTH_5bda23834ddc4612bf8f751838c88cec/gnocchi.208706cd-abd5-423d-a4e5-b32bda17db37%3Fformat%3Djson%26states%3Dlisting HTTP/1.0 200 - python-swiftclient-3.11.1 gAAAAABo6kXKCvE5... - 2 - tx310cca064b344d259b219-0068ea4612 - 0.0300 - - 1760183826.155050993 1760183826.185082674 0
Oct 11 11:57:06 standalone object-server[129143]: 172.20.0.100 - - [11/Oct/2025:11:57:06 +0000] "GET /d1/76/AUTH_5bda23834ddc4612bf8f751838c88cec/gnocchi.208706cd-abd5-423d-a4e5-b32bda17db37/1759320000.0_mean_300.0_v3" 404 70 "GET http://172.18.0.2:8080/v1/AUTH_5bda23834ddc4612bf8f751838c88cec/gnocchi.208706cd-abd5-423d-a4e5-b32bda17db37/1759320000.0_mean_300.0_v3" "tx4655961b70ec4164b15cf-0068ea4612" "proxy-server 20" 0.0004 "-" 21 0
Oct 11 11:57:06 standalone proxy-server[130965]: 172.18.0.2 172.18.0.100 11/Oct/2025/11/57/06 GET /v1/AUTH_5bda23834ddc4612bf8f751838c88cec/gnocchi.208706cd-abd5-423d-a4e5-b32bda17db37/1759320000.0_mean_300.0_v3 HTTP/1.0 404 - python-swiftclient-3.11.1 gAAAAABo6kXKCvE5... - 70 - tx4655961b70ec4164b15cf-0068ea4612 - 0.0093 - - 1760183826.188894510 1760183826.198190689 0
Oct 11 11:57:06 standalone container-server[129015]: 172.20.0.100 - - [11/Oct/2025:11:57:06 +0000] "PUT /d1/804/AUTH_5bda23834ddc4612bf8f751838c88cec/gnocchi.208706cd-abd5-423d-a4e5-b32bda17db37/1759320000.0_mean_300.0_v3" 201 - "PUT http://172.18.0.2:8080/d1/76/AUTH_5bda23834ddc4612bf8f751838c88cec/gnocchi.208706cd-abd5-423d-a4e5-b32bda17db37/1759320000.0_mean_300.0_v3" "txe0d29279864b41f59bb2c-0068ea4612" "object-server 21" 0.0008 "-" 22 0
Oct 11 11:57:06 standalone object-server[129143]: 172.20.0.100 - - [11/Oct/2025:11:57:06 +0000] "PUT /d1/76/AUTH_5bda23834ddc4612bf8f751838c88cec/gnocchi.208706cd-abd5-423d-a4e5-b32bda17db37/1759320000.0_mean_300.0_v3" 201 - "PUT http://172.18.0.2:8080/v1/AUTH_5bda23834ddc4612bf8f751838c88cec/gnocchi.208706cd-abd5-423d-a4e5-b32bda17db37/1759320000.0_mean_300.0_v3" "txe0d29279864b41f59bb2c-0068ea4612" "proxy-server 20" 0.0169 "-" 21 0
Oct 11 11:57:06 standalone proxy-server[130965]: 172.18.0.2 172.18.0.100 11/Oct/2025/11/57/06 PUT /v1/AUTH_5bda23834ddc4612bf8f751838c88cec/gnocchi.208706cd-abd5-423d-a4e5-b32bda17db37/1759320000.0_mean_300.0_v3 HTTP/1.0 201 - python-swiftclient-3.11.1 gAAAAABo6kXKCvE5... 16 - - txe0d29279864b41f59bb2c-0068ea4612 - 0.0262 - - 1760183826.202136517 1760183826.228319883 0
Oct 11 11:57:06 standalone container-server[129002]: 172.20.0.100 - - [11/Oct/2025:11:57:06 +0000] "PUT /d1/804/AUTH_5bda23834ddc4612bf8f751838c88cec/gnocchi.208706cd-abd5-423d-a4e5-b32bda17db37/none_v3" 201 - "PUT http://172.18.0.2:8080/d1/780/AUTH_5bda23834ddc4612bf8f751838c88cec/gnocchi.208706cd-abd5-423d-a4e5-b32bda17db37/none_v3" "tx2e81d958203f4fe0b4919-0068ea4612" "object-server 21" 0.0007 "-" 20 0
Oct 11 11:57:06 standalone object-server[129143]: 172.20.0.100 - - [11/Oct/2025:11:57:06 +0000] "PUT /d1/780/AUTH_5bda23834ddc4612bf8f751838c88cec/gnocchi.208706cd-abd5-423d-a4e5-b32bda17db37/none_v3" 201 - "PUT http://172.18.0.2:8080/v1/AUTH_5bda23834ddc4612bf8f751838c88cec/gnocchi.208706cd-abd5-423d-a4e5-b32bda17db37/none_v3" "tx2e81d958203f4fe0b4919-0068ea4612" "proxy-server 20" 0.0193 "-" 21 0
Oct 11 11:57:06 standalone proxy-server[130965]: 172.18.0.2 172.18.0.100 11/Oct/2025/11/57/06 PUT /v1/AUTH_5bda23834ddc4612bf8f751838c88cec/gnocchi.208706cd-abd5-423d-a4e5-b32bda17db37/none_v3 HTTP/1.0 201 - python-swiftclient-3.11.1 gAAAAABo6kXKCvE5... 22 - - tx2e81d958203f4fe0b4919-0068ea4612 - 0.0293 - - 1760183826.233554125 1760183826.262813330 0
Oct 11 11:57:26 standalone container-server[128818]: Begin container update sweep
Oct 11 11:57:26 standalone account-server[128982]: 172.20.0.100 - - [11/Oct/2025:11:57:26 +0000] "PUT /d1/333/AUTH_5bda23834ddc4612bf8f751838c88cec/gnocchi.4addeaeb-2d06-4a34-80ec-ca7a34e97eda" 201 - "-" "-" "container-updater 2" 0.0025 "-" 15 0
Oct 11 11:57:26 standalone account-server[128962]: 172.20.0.100 - - [11/Oct/2025:11:57:26 +0000] "PUT /d1/333/AUTH_5bda23834ddc4612bf8f751838c88cec/gnocchi.c04e51f2-46c1-425a-a125-2490a1a7ada1" 201 - "-" "-" "container-updater 2" 0.0006 "-" 14 0
Oct 11 11:57:26 standalone account-server[129005]: 172.20.0.100 - - [11/Oct/2025:11:57:26 +0000] "PUT /d1/333/AUTH_5bda23834ddc4612bf8f751838c88cec/gnocchi.cf2c3e72-dd00-4800-b204-7d60a8cf9cf0" 201 - "-" "-" "container-updater 2" 0.0008 "-" 17 0
Oct 11 11:57:26 standalone account-server[129005]: 172.20.0.100 - - [11/Oct/2025:11:57:26 +0000] "PUT /d1/333/AUTH_5bda23834ddc4612bf8f751838c88cec/gnocchi.8e0effbb-a9ea-45fd-b141-52608a270c6c" 201 - "-" "-" "container-updater 2" 0.0007 "-" 17 0
Oct 11 11:57:26 standalone account-server[128962]: 172.20.0.100 - - [11/Oct/2025:11:57:26 +0000] "PUT /d1/333/AUTH_5bda23834ddc4612bf8f751838c88cec/gnocchi.7d31c232-8d8a-491e-b9d2-cb33543fc772" 201 - "-" "-" "container-updater 2" 0.0009 "-" 14 0
Oct 11 11:57:26 standalone account-server[128982]: 172.20.0.100 - - [11/Oct/2025:11:57:26 +0000] "PUT /d1/333/AUTH_5bda23834ddc4612bf8f751838c88cec/gnocchi.208706cd-abd5-423d-a4e5-b32bda17db37" 201 - "-" "-" "container-updater 2" 0.0007 "-" 15 0
Oct 11 11:57:26 standalone account-server[128989]: 172.20.0.100 - - [11/Oct/2025:11:57:26 +0000] "PUT /d1/333/AUTH_5bda23834ddc4612bf8f751838c88cec/gnocchi.c47d39c4-13e7-4c4d-a8b5-be5a55033dfa" 201 - "-" "-" "container-updater 2" 0.0007 "-" 16 0
Oct 11 11:57:27 standalone account-server[129005]: 172.20.0.100 - - [11/Oct/2025:11:57:27 +0000] "PUT /d1/333/AUTH_5bda23834ddc4612bf8f751838c88cec/gnocchi.51f94702-e125-4aa5-894a-8ec46f613ff8" 201 - "-" "-" "container-updater 2" 0.0009 "-" 17 0
Oct 11 11:57:27 standalone container-server[128818]: Container update sweep completed: 0.80s
Oct 11 11:57:34 standalone container-server[129015]: 172.20.0.100 - - [11/Oct/2025:11:57:34 +0000] "HEAD /d1/206/AUTH_5bda23834ddc4612bf8f751838c88cec/gnocchi.b85da839-c8b6-4fbe-a792-a234f63819dd" 404 - "HEAD http://172.18.0.2:8080/v1/AUTH_5bda23834ddc4612bf8f751838c88cec/gnocchi.b85da839-c8b6-4fbe-a792-a234f63819dd?format=json&states=listing" "tx2aaa9a6bbaa74b9199ebb-0068ea462e" "proxy-server 20" 0.0008 "-" 22 0
Oct 11 11:57:34 standalone object-server[129142]: 172.20.0.100 - - [11/Oct/2025:11:57:34 +0000] "GET /d1/836/AUTH_5bda23834ddc4612bf8f751838c88cec/gnocchi.b85da839-c8b6-4fbe-a792-a234f63819dd/none_v3" 404 70 "GET http://172.18.0.2:8080/v1/AUTH_5bda23834ddc4612bf8f751838c88cec/gnocchi.b85da839-c8b6-4fbe-a792-a234f63819dd/none_v3" "tx2aaa9a6bbaa74b9199ebb-0068ea462e" "proxy-server 20" 0.0006 "-" 20 0
Oct 11 11:57:34 standalone proxy-server[130965]: 172.18.0.2 172.18.0.100 11/Oct/2025/11/57/34 GET /v1/AUTH_5bda23834ddc4612bf8f751838c88cec/gnocchi.b85da839-c8b6-4fbe-a792-a234f63819dd/none_v3 HTTP/1.0 404 - python-swiftclient-3.11.1 gAAAAABo6kXKCvE5... - 70 - tx2aaa9a6bbaa74b9199ebb-0068ea462e - 0.0145 - - 1760183854.817373037 1760183854.831861734 0
Oct 11 11:57:34 standalone account-server[128989]: 172.20.0.100 - - [11/Oct/2025:11:57:34 +0000] "PUT /d1/333/AUTH_5bda23834ddc4612bf8f751838c88cec/gnocchi.b85da839-c8b6-4fbe-a792-a234f63819dd" 201 - "PUT http://172.20.0.100:6001/d1/206/AUTH_5bda23834ddc4612bf8f751838c88cec/gnocchi.b85da839-c8b6-4fbe-a792-a234f63819dd" "tx02e0e70c07eb4fd3bfd5a-0068ea462e" "container-server 20" 0.0071 "-" 16 0
Oct 11 11:57:34 standalone container-server[129002]: 172.20.0.100 - - [11/Oct/2025:11:57:34 +0000] "PUT /d1/206/AUTH_5bda23834ddc4612bf8f751838c88cec/gnocchi.b85da839-c8b6-4fbe-a792-a234f63819dd" 201 - "PUT http://172.18.0.2:8080/v1/AUTH_5bda23834ddc4612bf8f751838c88cec/gnocchi.b85da839-c8b6-4fbe-a792-a234f63819dd" "tx02e0e70c07eb4fd3bfd5a-0068ea462e" "proxy-server 20" 0.0203 "-" 20 0
Oct 11 11:57:34 standalone proxy-server[130965]: 172.18.0.2 172.18.0.100 11/Oct/2025/11/57/34 PUT /v1/AUTH_5bda23834ddc4612bf8f751838c88cec/gnocchi.b85da839-c8b6-4fbe-a792-a234f63819dd HTTP/1.0 201 - python-swiftclient-3.11.1 gAAAAABo6kXKCvE5... - - - tx02e0e70c07eb4fd3bfd5a-0068ea462e - 0.0261 - - 1760183854.834535122 1760183854.860629797 0
Oct 11 11:57:34 standalone container-server[129018]: 172.20.0.100 - - [11/Oct/2025:11:57:34 +0000] "HEAD /d1/206/AUTH_5bda23834ddc4612bf8f751838c88cec/gnocchi.b85da839-c8b6-4fbe-a792-a234f63819dd" 204 - "HEAD http://172.18.0.2:8080/v1/AUTH_5bda23834ddc4612bf8f751838c88cec/gnocchi.b85da839-c8b6-4fbe-a792-a234f63819dd?format=json&states=listing" "txd76ee2283db848edba395-0068ea462e" "proxy-server 20" 0.0013 "-" 23 0
Oct 11 11:57:34 standalone proxy-server[130965]: - - 11/Oct/2025/11/57/34 HEAD /v1/AUTH_5bda23834ddc4612bf8f751838c88cec/gnocchi.b85da839-c8b6-4fbe-a792-a234f63819dd%3Fformat%3Djson%26states%3Dlisting HTTP/1.0 204 - Swift - - - - txd76ee2283db848edba395-0068ea462e - 0.0048 RL - 1760183854.866586208 1760183854.871381044 0
Oct 11 11:57:34 standalone container-server[129002]: 172.20.0.100 - - [11/Oct/2025:11:57:34 +0000] "GET /d1/206/AUTH_5bda23834ddc4612bf8f751838c88cec/gnocchi.b85da839-c8b6-4fbe-a792-a234f63819dd" 200 2 "GET http://172.18.0.2:8080/v1/AUTH_5bda23834ddc4612bf8f751838c88cec/gnocchi.b85da839-c8b6-4fbe-a792-a234f63819dd?format=json&states=listing" "txd76ee2283db848edba395-0068ea462e" "proxy-server 20" 0.0034 "-" 20 0
Oct 11 11:57:34 standalone proxy-server[130965]: 172.18.0.2 172.18.0.100 11/Oct/2025/11/57/34 GET /v1/AUTH_5bda23834ddc4612bf8f751838c88cec/gnocchi.b85da839-c8b6-4fbe-a792-a234f63819dd%3Fformat%3Djson%26states%3Dlisting HTTP/1.0 200 - python-swiftclient-3.11.1 gAAAAABo6kXKCvE5... - 2 - txd76ee2283db848edba395-0068ea462e - 0.0144 - - 1760183854.865483761 1760183854.879866600 0
Oct 11 11:57:34 standalone object-server[129142]: 172.20.0.100 - - [11/Oct/2025:11:57:34 +0000] "GET /d1/560/AUTH_5bda23834ddc4612bf8f751838c88cec/gnocchi.b85da839-c8b6-4fbe-a792-a234f63819dd/1759320000.0_mean_300.0_v3" 404 70 "GET http://172.18.0.2:8080/v1/AUTH_5bda23834ddc4612bf8f751838c88cec/gnocchi.b85da839-c8b6-4fbe-a792-a234f63819dd/1759320000.0_mean_300.0_v3" "tx3192c51380884ad2af04a-0068ea462e" "proxy-server 20" 0.0004 "-" 20 0
Oct 11 11:57:34 standalone proxy-server[130965]: 172.18.0.2 172.18.0.100 11/Oct/2025/11/57/34 GET /v1/AUTH_5bda23834ddc4612bf8f751838c88cec/gnocchi.b85da839-c8b6-4fbe-a792-a234f63819dd/1759320000.0_mean_300.0_v3 HTTP/1.0 404 - python-swiftclient-3.11.1 gAAAAABo6kXKCvE5... - 70 - tx3192c51380884ad2af04a-0068ea462e - 0.0052 - - 1760183854.883961916 1760183854.889139175 0
Oct 11 11:57:34 standalone container-server[129018]: 172.20.0.100 - - [11/Oct/2025:11:57:34 +0000] "PUT /d1/206/AUTH_5bda23834ddc4612bf8f751838c88cec/gnocchi.b85da839-c8b6-4fbe-a792-a234f63819dd/1759320000.0_mean_300.0_v3" 201 - "PUT http://172.18.0.2:8080/d1/560/AUTH_5bda23834ddc4612bf8f751838c88cec/gnocchi.b85da839-c8b6-4fbe-a792-a234f63819dd/1759320000.0_mean_300.0_v3" "tx0c010d2032d049d1b64e6-0068ea462e" "object-server 21" 0.0005 "-" 23 0
Oct 11 11:57:34 standalone object-server[129143]: 172.20.0.100 - - [11/Oct/2025:11:57:34 +0000] "PUT /d1/560/AUTH_5bda23834ddc4612bf8f751838c88cec/gnocchi.b85da839-c8b6-4fbe-a792-a234f63819dd/1759320000.0_mean_300.0_v3" 201 - "PUT http://172.18.0.2:8080/v1/AUTH_5bda23834ddc4612bf8f751838c88cec/gnocchi.b85da839-c8b6-4fbe-a792-a234f63819dd/1759320000.0_mean_300.0_v3" "tx0c010d2032d049d1b64e6-0068ea462e" "proxy-server 20" 0.0096 "-" 21 0
Oct 11 11:57:34 standalone proxy-server[130965]: 172.18.0.2 172.18.0.100 11/Oct/2025/11/57/34 PUT /v1/AUTH_5bda23834ddc4612bf8f751838c88cec/gnocchi.b85da839-c8b6-4fbe-a792-a234f63819dd/1759320000.0_mean_300.0_v3 HTTP/1.0 201 - python-swiftclient-3.11.1 gAAAAABo6kXKCvE5... 16 - - tx0c010d2032d049d1b64e6-0068ea462e - 0.0144 - - 1760183854.892272234 1760183854.906693220 0
Oct 11 11:57:34 standalone container-server[129002]: 172.20.0.100 - - [11/Oct/2025:11:57:34 +0000] "PUT /d1/206/AUTH_5bda23834ddc4612bf8f751838c88cec/gnocchi.b85da839-c8b6-4fbe-a792-a234f63819dd/none_v3" 201 - "PUT http://172.18.0.2:8080/d1/836/AUTH_5bda23834ddc4612bf8f751838c88cec/gnocchi.b85da839-c8b6-4fbe-a792-a234f63819dd/none_v3" "tx6197c4fdf6da4c3791807-0068ea462e" "object-server 22" 0.0004 "-" 20 0
Oct 11 11:57:34 standalone object-server[129144]: 172.20.0.100 - - [11/Oct/2025:11:57:34 +0000] "PUT /d1/836/AUTH_5bda23834ddc4612bf8f751838c88cec/gnocchi.b85da839-c8b6-4fbe-a792-a234f63819dd/none_v3" 201 - "PUT http://172.18.0.2:8080/v1/AUTH_5bda23834ddc4612bf8f751838c88cec/gnocchi.b85da839-c8b6-4fbe-a792-a234f63819dd/none_v3" "tx6197c4fdf6da4c3791807-0068ea462e" "proxy-server 20" 0.0085 "-" 22 0
Oct 11 11:57:34 standalone proxy-server[130965]: 172.18.0.2 172.18.0.100 11/Oct/2025/11/57/34 PUT /v1/AUTH_5bda23834ddc4612bf8f751838c88cec/gnocchi.b85da839-c8b6-4fbe-a792-a234f63819dd/none_v3 HTTP/1.0 201 - python-swiftclient-3.11.1 gAAAAABo6kXKCvE5... 22 - - tx6197c4fdf6da4c3791807-0068ea462e - 0.0127 - - 1760183854.909767151 1760183854.922443628 0
Oct 11 11:57:34 standalone object-server[129145]: 172.20.0.100 - - [11/Oct/2025:11:57:34 +0000] "GET /d1/893/AUTH_5bda23834ddc4612bf8f751838c88cec/gnocchi.7d31c232-8d8a-491e-b9d2-cb33543fc772/none_v3" 200 22 "GET http://172.18.0.2:8080/v1/AUTH_5bda23834ddc4612bf8f751838c88cec/gnocchi.7d31c232-8d8a-491e-b9d2-cb33543fc772/none_v3" "txaa99560279bd46b0ac752-0068ea462e" "proxy-server 20" 0.0010 "-" 23 0
Oct 11 11:57:34 standalone proxy-server[130965]: 172.18.0.2 172.18.0.100 11/Oct/2025/11/57/34 GET /v1/AUTH_5bda23834ddc4612bf8f751838c88cec/gnocchi.7d31c232-8d8a-491e-b9d2-cb33543fc772/none_v3 HTTP/1.0 200 - python-swiftclient-3.11.1 gAAAAABo6kXKCvE5... - 22 - txaa99560279bd46b0ac752-0068ea462e - 0.0074 - - 1760183854.952321291 1760183854.959754705 0
Oct 11 11:57:34 standalone container-server[129015]: 172.20.0.100 - - [11/Oct/2025:11:57:34 +0000] "GET /d1/833/AUTH_5bda23834ddc4612bf8f751838c88cec/gnocchi.7d31c232-8d8a-491e-b9d2-cb33543fc772" 200 357 "GET http://172.18.0.2:8080/v1/AUTH_5bda23834ddc4612bf8f751838c88cec/gnocchi.7d31c232-8d8a-491e-b9d2-cb33543fc772?format=json&states=listing" "txc5a80cc02a1d4ef8af3b7-0068ea462e" "proxy-server 20" 0.0026 "-" 22 0
Oct 11 11:57:34 standalone proxy-server[130965]: 172.18.0.2 172.18.0.100 11/Oct/2025/11/57/34 GET /v1/AUTH_5bda23834ddc4612bf8f751838c88cec/gnocchi.7d31c232-8d8a-491e-b9d2-cb33543fc772%3Fformat%3Djson%26states%3Dlisting HTTP/1.0 200 - python-swiftclient-3.11.1 gAAAAABo6kXKCvE5... - 357 - txc5a80cc02a1d4ef8af3b7-0068ea462e - 0.0094 - - 1760183854.963216543 1760183854.972651720 0
Oct 11 11:57:34 standalone container-server[129002]: 172.20.0.100 - - [11/Oct/2025:11:57:34 +0000] "GET /d1/833/AUTH_5bda23834ddc4612bf8f751838c88cec/gnocchi.7d31c232-8d8a-491e-b9d2-cb33543fc772" 200 2 "GET http://172.18.0.2:8080/v1/AUTH_5bda23834ddc4612bf8f751838c88cec/gnocchi.7d31c232-8d8a-491e-b9d2-cb33543fc772?format=json&marker=none_v3&states=listing" "tx88c9d5fd26034ea885346-0068ea462e" "proxy-server 20" 0.0025 "-" 20 0
Oct 11 11:57:34 standalone proxy-server[130965]: 172.18.0.2 172.18.0.100 11/Oct/2025/11/57/34 GET /v1/AUTH_5bda23834ddc4612bf8f751838c88cec/gnocchi.7d31c232-8d8a-491e-b9d2-cb33543fc772%3Fformat%3Djson%26marker%3Dnone_v3%26states%3Dlisting HTTP/1.0 200 - python-swiftclient-3.11.1 gAAAAABo6kXKCvE5... - 2 - tx88c9d5fd26034ea885346-0068ea462e - 0.0104 - - 1760183854.978405952 1760183854.988764763 0
Oct 11 11:57:34 standalone object-server[129145]: 172.20.0.100 - - [11/Oct/2025:11:57:34 +0000] "GET /d1/863/AUTH_5bda23834ddc4612bf8f751838c88cec/gnocchi.7d31c232-8d8a-491e-b9d2-cb33543fc772/1759320000.0_mean_300.0_v3" 200 16 "GET http://172.18.0.2:8080/v1/AUTH_5bda23834ddc4612bf8f751838c88cec/gnocchi.7d31c232-8d8a-491e-b9d2-cb33543fc772/1759320000.0_mean_300.0_v3" "txdb13272320904fdb911be-0068ea462e" "proxy-server 20" 0.0007 "-" 23 0
Oct 11 11:57:34 standalone proxy-server[130965]: 172.18.0.2 172.18.0.100 11/Oct/2025/11/57/34 GET /v1/AUTH_5bda23834ddc4612bf8f751838c88cec/gnocchi.7d31c232-8d8a-491e-b9d2-cb33543fc772/1759320000.0_mean_300.0_v3 HTTP/1.0 200 - python-swiftclient-3.11.1 gAAAAABo6kXKCvE5... - 16 - txdb13272320904fdb911be-0068ea462e - 0.0066 - - 1760183854.991969347 1760183854.998545885 0
Oct 11 11:57:35 standalone container-server[129015]: 172.20.0.100 - - [11/Oct/2025:11:57:35 +0000] "PUT /d1/833/AUTH_5bda23834ddc4612bf8f751838c88cec/gnocchi.7d31c232-8d8a-491e-b9d2-cb33543fc772/1759320000.0_mean_300.0_v3" 201 - "PUT http://172.18.0.2:8080/d1/863/AUTH_5bda23834ddc4612bf8f751838c88cec/gnocchi.7d31c232-8d8a-491e-b9d2-cb33543fc772/1759320000.0_mean_300.0_v3" "txc7b5b71df2f24ad0a1781-0068ea462f" "object-server 20" 0.0006 "-" 22 0
Oct 11 11:57:35 standalone object-server[129142]: 172.20.0.100 - - [11/Oct/2025:11:57:35 +0000] "PUT /d1/863/AUTH_5bda23834ddc4612bf8f751838c88cec/gnocchi.7d31c232-8d8a-491e-b9d2-cb33543fc772/1759320000.0_mean_300.0_v3" 201 - "PUT http://172.18.0.2:8080/v1/AUTH_5bda23834ddc4612bf8f751838c88cec/gnocchi.7d31c232-8d8a-491e-b9d2-cb33543fc772/1759320000.0_mean_300.0_v3" "txc7b5b71df2f24ad0a1781-0068ea462f" "proxy-server 20" 0.0099 "-" 20 0
Oct 11 11:57:35 standalone proxy-server[130965]: 172.18.0.2 172.18.0.100 11/Oct/2025/11/57/35 PUT /v1/AUTH_5bda23834ddc4612bf8f751838c88cec/gnocchi.7d31c232-8d8a-491e-b9d2-cb33543fc772/1759320000.0_mean_300.0_v3 HTTP/1.0 201 - python-swiftclient-3.11.1 gAAAAABo6kXKCvE5... 16 - - txc7b5b71df2f24ad0a1781-0068ea462f - 0.0154 - - 1760183855.001226187 1760183855.016583204 0
Oct 11 11:57:35 standalone container-server[129014]: 172.20.0.100 - - [11/Oct/2025:11:57:35 +0000] "PUT /d1/833/AUTH_5bda23834ddc4612bf8f751838c88cec/gnocchi.7d31c232-8d8a-491e-b9d2-cb33543fc772/none_v3" 201 - "PUT http://172.18.0.2:8080/d1/893/AUTH_5bda23834ddc4612bf8f751838c88cec/gnocchi.7d31c232-8d8a-491e-b9d2-cb33543fc772/none_v3" "txcc6ed5fb17234765a9b90-0068ea462f" "object-server 22" 0.0006 "-" 21 0
Oct 11 11:57:35 standalone object-server[129144]: 172.20.0.100 - - [11/Oct/2025:11:57:35 +0000] "PUT /d1/893/AUTH_5bda23834ddc4612bf8f751838c88cec/gnocchi.7d31c232-8d8a-491e-b9d2-cb33543fc772/none_v3" 201 - "PUT http://172.18.0.2:8080/v1/AUTH_5bda23834ddc4612bf8f751838c88cec/gnocchi.7d31c232-8d8a-491e-b9d2-cb33543fc772/none_v3" "txcc6ed5fb17234765a9b90-0068ea462f" "proxy-server 20" 0.0089 "-" 22 0
Oct 11 11:57:35 standalone proxy-server[130965]: 172.18.0.2 172.18.0.100 11/Oct/2025/11/57/35 PUT /v1/AUTH_5bda23834ddc4612bf8f751838c88cec/gnocchi.7d31c232-8d8a-491e-b9d2-cb33543fc772/none_v3 HTTP/1.0 201 - python-swiftclient-3.11.1 gAAAAABo6kXKCvE5... 33 - - txcc6ed5fb17234765a9b90-0068ea462f - 0.0141 - - 1760183855.019271135 1760183855.033329487 0
Oct 11 11:57:35 standalone object-server[129144]: 172.20.0.100 - - [11/Oct/2025:11:57:35 +0000] "GET /d1/952/AUTH_5bda23834ddc4612bf8f751838c88cec/gnocchi.c04e51f2-46c1-425a-a125-2490a1a7ada1/none_v3" 200 22 "GET http://172.18.0.2:8080/v1/AUTH_5bda23834ddc4612bf8f751838c88cec/gnocchi.c04e51f2-46c1-425a-a125-2490a1a7ada1/none_v3" "txbfd6816881b945509de71-0068ea462f" "proxy-server 20" 0.0008 "-" 22 0
Oct 11 11:57:35 standalone proxy-server[130965]: 172.18.0.2 172.18.0.100 11/Oct/2025/11/57/35 GET /v1/AUTH_5bda23834ddc4612bf8f751838c88cec/gnocchi.c04e51f2-46c1-425a-a125-2490a1a7ada1/none_v3 HTTP/1.0 200 - python-swiftclient-3.11.1 gAAAAABo6kXKCvE5... - 22 - txbfd6816881b945509de71-0068ea462f - 0.0074 - - 1760183855.062504292 1760183855.069864273 0
Oct 11 11:57:35 standalone container-server[129002]: 172.20.0.100 - - [11/Oct/2025:11:57:35 +0000] "GET /d1/812/AUTH_5bda23834ddc4612bf8f751838c88cec/gnocchi.c04e51f2-46c1-425a-a125-2490a1a7ada1" 200 357 "GET http://172.18.0.2:8080/v1/AUTH_5bda23834ddc4612bf8f751838c88cec/gnocchi.c04e51f2-46c1-425a-a125-2490a1a7ada1?format=json&states=listing" "tx48c7e3ff5f7d439987c95-0068ea462f" "proxy-server 20" 0.0025 "-" 20 0
Oct 11 11:57:35 standalone proxy-server[130965]: 172.18.0.2 172.18.0.100 11/Oct/2025/11/57/35 GET /v1/AUTH_5bda23834ddc4612bf8f751838c88cec/gnocchi.c04e51f2-46c1-425a-a125-2490a1a7ada1%3Fformat%3Djson%26states%3Dlisting HTTP/1.0 200 - python-swiftclient-3.11.1 gAAAAABo6kXKCvE5... - 357 - tx48c7e3ff5f7d439987c95-0068ea462f - 0.0087 - - 1760183855.074328423 1760183855.082994461 0
Oct 11 11:57:35 standalone container-server[129002]: 172.20.0.100 - - [11/Oct/2025:11:57:35 +0000] "GET /d1/812/AUTH_5bda23834ddc4612bf8f751838c88cec/gnocchi.c04e51f2-46c1-425a-a125-2490a1a7ada1" 200 2 "GET http://172.18.0.2:8080/v1/AUTH_5bda23834ddc4612bf8f751838c88cec/gnocchi.c04e51f2-46c1-425a-a125-2490a1a7ada1?format=json&marker=none_v3&states=listing" "tx5427810683364a90894c6-0068ea462f" "proxy-server 20" 0.0021 "-" 20 0
Oct 11 11:57:35 standalone proxy-server[130965]: 172.18.0.2 172.18.0.100 11/Oct/2025/11/57/35 GET /v1/AUTH_5bda23834ddc4612bf8f751838c88cec/gnocchi.c04e51f2-46c1-425a-a125-2490a1a7ada1%3Fformat%3Djson%26marker%3Dnone_v3%26states%3Dlisting HTTP/1.0 200 - python-swiftclient-3.11.1 gAAAAABo6kXKCvE5... - 2 - tx5427810683364a90894c6-0068ea462f - 0.0080 - - 1760183855.086144686 1760183855.094191313 0
Oct 11 11:57:35 standalone object-server[129143]: 172.20.0.100 - - [11/Oct/2025:11:57:35 +0000] "GET /d1/911/AUTH_5bda23834ddc4612bf8f751838c88cec/gnocchi.c04e51f2-46c1-425a-a125-2490a1a7ada1/1759320000.0_mean_300.0_v3" 200 16 "GET http://172.18.0.2:8080/v1/AUTH_5bda23834ddc4612bf8f751838c88cec/gnocchi.c04e51f2-46c1-425a-a125-2490a1a7ada1/1759320000.0_mean_300.0_v3" "txd5a42e079ffe4c7a86835-0068ea462f" "proxy-server 20" 0.0011 "-" 21 0
Oct 11 11:57:35 standalone proxy-server[130965]: 172.18.0.2 172.18.0.100 11/Oct/2025/11/57/35 GET /v1/AUTH_5bda23834ddc4612bf8f751838c88cec/gnocchi.c04e51f2-46c1-425a-a125-2490a1a7ada1/1759320000.0_mean_300.0_v3 HTTP/1.0 200 - python-swiftclient-3.11.1 gAAAAABo6kXKCvE5... - 16 - txd5a42e079ffe4c7a86835-0068ea462f - 0.0076 - - 1760183855.098779678 1760183855.106332064 0
Oct 11 11:57:35 standalone container-server[129002]: 172.20.0.100 - - [11/Oct/2025:11:57:35 +0000] "PUT /d1/812/AUTH_5bda23834ddc4612bf8f751838c88cec/gnocchi.c04e51f2-46c1-425a-a125-2490a1a7ada1/1759320000.0_mean_300.0_v3" 201 - "PUT http://172.18.0.2:8080/d1/911/AUTH_5bda23834ddc4612bf8f751838c88cec/gnocchi.c04e51f2-46c1-425a-a125-2490a1a7ada1/1759320000.0_mean_300.0_v3" "tx345fe790893a4f5bac206-0068ea462f" "object-server 22" 0.0005 "-" 20 0
Oct 11 11:57:35 standalone object-server[129144]: 172.20.0.100 - - [11/Oct/2025:11:57:35 +0000] "PUT /d1/911/AUTH_5bda23834ddc4612bf8f751838c88cec/gnocchi.c04e51f2-46c1-425a-a125-2490a1a7ada1/1759320000.0_mean_300.0_v3" 201 - "PUT http://172.18.0.2:8080/v1/AUTH_5bda23834ddc4612bf8f751838c88cec/gnocchi.c04e51f2-46c1-425a-a125-2490a1a7ada1/1759320000.0_mean_300.0_v3" "tx345fe790893a4f5bac206-0068ea462f" "proxy-server 20" 0.0083 "-" 22 0
Oct 11 11:57:35 standalone proxy-server[130965]: 172.18.0.2 172.18.0.100 11/Oct/2025/11/57/35 PUT /v1/AUTH_5bda23834ddc4612bf8f751838c88cec/gnocchi.c04e51f2-46c1-425a-a125-2490a1a7ada1/1759320000.0_mean_300.0_v3 HTTP/1.0 201 - python-swiftclient-3.11.1 gAAAAABo6kXKCvE5... 16 - - tx345fe790893a4f5bac206-0068ea462f - 0.0132 - - 1760183855.110136271 1760183855.123357773 0
Oct 11 11:57:35 standalone container-server[129018]: 172.20.0.100 - - [11/Oct/2025:11:57:35 +0000] "PUT /d1/812/AUTH_5bda23834ddc4612bf8f751838c88cec/gnocchi.c04e51f2-46c1-425a-a125-2490a1a7ada1/none_v3" 201 - "PUT http://172.18.0.2:8080/d1/952/AUTH_5bda23834ddc4612bf8f751838c88cec/gnocchi.c04e51f2-46c1-425a-a125-2490a1a7ada1/none_v3" "tx1bb554e8e01c45f595cce-0068ea462f" "object-server 22" 0.0005 "-" 23 0
Oct 11 11:57:35 standalone object-server[129144]: 172.20.0.100 - - [11/Oct/2025:11:57:35 +0000] "PUT /d1/952/AUTH_5bda23834ddc4612bf8f751838c88cec/gnocchi.c04e51f2-46c1-425a-a125-2490a1a7ada1/none_v3" 201 - "PUT http://172.18.0.2:8080/v1/AUTH_5bda23834ddc4612bf8f751838c88cec/gnocchi.c04e51f2-46c1-425a-a125-2490a1a7ada1/none_v3" "tx1bb554e8e01c45f595cce-0068ea462f" "proxy-server 20" 0.0083 "-" 22 0
Oct 11 11:57:35 standalone proxy-server[130965]: 172.18.0.2 172.18.0.100 11/Oct/2025/11/57/35 PUT /v1/AUTH_5bda23834ddc4612bf8f751838c88cec/gnocchi.c04e51f2-46c1-425a-a125-2490a1a7ada1/none_v3 HTTP/1.0 201 - python-swiftclient-3.11.1 gAAAAABo6kXKCvE5... 33 - - tx1bb554e8e01c45f595cce-0068ea462f - 0.0137 - - 1760183855.126587152 1760183855.140321970 0
Oct 11 11:57:38 standalone object-server[129142]: 172.20.0.100 - - [11/Oct/2025:11:57:38 +0000] "GET /d1/836/AUTH_5bda23834ddc4612bf8f751838c88cec/gnocchi.b85da839-c8b6-4fbe-a792-a234f63819dd/none_v3" 200 22 "GET http://172.18.0.2:8080/v1/AUTH_5bda23834ddc4612bf8f751838c88cec/gnocchi.b85da839-c8b6-4fbe-a792-a234f63819dd/none_v3" "tx4527d2c86dae41458740a-0068ea4632" "proxy-server 20" 0.0016 "-" 20 0
Oct 11 11:57:38 standalone proxy-server[130965]: 172.18.0.2 172.18.0.100 11/Oct/2025/11/57/38 GET /v1/AUTH_5bda23834ddc4612bf8f751838c88cec/gnocchi.b85da839-c8b6-4fbe-a792-a234f63819dd/none_v3 HTTP/1.0 200 - python-swiftclient-3.11.1 gAAAAABo6kXKCvE5... - 22 - tx4527d2c86dae41458740a-0068ea4632 - 0.0108 - - 1760183858.921152592 1760183858.931910753 0
Oct 11 11:57:38 standalone container-server[129014]: 172.20.0.100 - - [11/Oct/2025:11:57:38 +0000] "GET /d1/206/AUTH_5bda23834ddc4612bf8f751838c88cec/gnocchi.b85da839-c8b6-4fbe-a792-a234f63819dd" 200 357 "GET http://172.18.0.2:8080/v1/AUTH_5bda23834ddc4612bf8f751838c88cec/gnocchi.b85da839-c8b6-4fbe-a792-a234f63819dd?format=json&states=listing" "txbc77540cdaa44fc4b0747-0068ea4632" "proxy-server 20" 0.0258 "-" 21 0
Oct 11 11:57:38 standalone proxy-server[130965]: 172.18.0.2 172.18.0.100 11/Oct/2025/11/57/38 GET /v1/AUTH_5bda23834ddc4612bf8f751838c88cec/gnocchi.b85da839-c8b6-4fbe-a792-a234f63819dd%3Fformat%3Djson%26states%3Dlisting HTTP/1.0 200 - python-swiftclient-3.11.1 gAAAAABo6kXKCvE5... - 357 - txbc77540cdaa44fc4b0747-0068ea4632 - 0.0349 - - 1760183858.938332558 1760183858.973276377 0
Oct 11 11:57:38 standalone container-server[129018]: 172.20.0.100 - - [11/Oct/2025:11:57:38 +0000] "GET /d1/206/AUTH_5bda23834ddc4612bf8f751838c88cec/gnocchi.b85da839-c8b6-4fbe-a792-a234f63819dd" 200 2 "GET http://172.18.0.2:8080/v1/AUTH_5bda23834ddc4612bf8f751838c88cec/gnocchi.b85da839-c8b6-4fbe-a792-a234f63819dd?format=json&marker=none_v3&states=listing" "txe4d06dafea224cb98c928-0068ea4632" "proxy-server 20" 0.0053 "-" 23 0
Oct 11 11:57:38 standalone proxy-server[130965]: 172.18.0.2 172.18.0.100 11/Oct/2025/11/57/38 GET /v1/AUTH_5bda23834ddc4612bf8f751838c88cec/gnocchi.b85da839-c8b6-4fbe-a792-a234f63819dd%3Fformat%3Djson%26marker%3Dnone_v3%26states%3Dlisting HTTP/1.0 200 - python-swiftclient-3.11.1 gAAAAABo6kXKCvE5... - 2 - txe4d06dafea224cb98c928-0068ea4632 - 0.0172 - - 1760183858.977838993 1760183858.995049953 0
Oct 11 11:57:39 standalone object-server[129142]: 172.20.0.100 - - [11/Oct/2025:11:57:39 +0000] "GET /d1/560/AUTH_5bda23834ddc4612bf8f751838c88cec/gnocchi.b85da839-c8b6-4fbe-a792-a234f63819dd/1759320000.0_mean_300.0_v3" 200 16 "GET http://172.18.0.2:8080/v1/AUTH_5bda23834ddc4612bf8f751838c88cec/gnocchi.b85da839-c8b6-4fbe-a792-a234f63819dd/1759320000.0_mean_300.0_v3" "tx335e04b964b0480990d32-0068ea4633" "proxy-server 20" 0.0011 "-" 20 0
Oct 11 11:57:39 standalone proxy-server[130965]: 172.18.0.2 172.18.0.100 11/Oct/2025/11/57/39 GET /v1/AUTH_5bda23834ddc4612bf8f751838c88cec/gnocchi.b85da839-c8b6-4fbe-a792-a234f63819dd/1759320000.0_mean_300.0_v3 HTTP/1.0 200 - python-swiftclient-3.11.1 gAAAAABo6kXKCvE5... - 16 - tx335e04b964b0480990d32-0068ea4633 - 0.0105 - - 1760183859.000450850 1760183859.010969400 0
Oct 11 11:57:39 standalone container-server[129014]: 172.20.0.100 - - [11/Oct/2025:11:57:39 +0000] "PUT /d1/206/AUTH_5bda23834ddc4612bf8f751838c88cec/gnocchi.b85da839-c8b6-4fbe-a792-a234f63819dd/1759320000.0_mean_300.0_v3" 201 - "PUT http://172.18.0.2:8080/d1/560/AUTH_5bda23834ddc4612bf8f751838c88cec/gnocchi.b85da839-c8b6-4fbe-a792-a234f63819dd/1759320000.0_mean_300.0_v3" "tx7357b0bd3fc1491dbae46-0068ea4633" "object-server 20" 0.0006 "-" 21 0
Oct 11 11:57:39 standalone object-server[129142]: 172.20.0.100 - - [11/Oct/2025:11:57:39 +0000] "PUT /d1/560/AUTH_5bda23834ddc4612bf8f751838c88cec/gnocchi.b85da839-c8b6-4fbe-a792-a234f63819dd/1759320000.0_mean_300.0_v3" 201 - "PUT http://172.18.0.2:8080/v1/AUTH_5bda23834ddc4612bf8f751838c88cec/gnocchi.b85da839-c8b6-4fbe-a792-a234f63819dd/1759320000.0_mean_300.0_v3" "tx7357b0bd3fc1491dbae46-0068ea4633" "proxy-server 20" 0.0120 "-" 20 0
Oct 11 11:57:39 standalone proxy-server[130965]: 172.18.0.2 172.18.0.100 11/Oct/2025/11/57/39 PUT /v1/AUTH_5bda23834ddc4612bf8f751838c88cec/gnocchi.b85da839-c8b6-4fbe-a792-a234f63819dd/1759320000.0_mean_300.0_v3 HTTP/1.0 201 - python-swiftclient-3.11.1 gAAAAABo6kXKCvE5... 16 - - tx7357b0bd3fc1491dbae46-0068ea4633 - 0.0202 - - 1760183859.015377522 1760183859.035544395 0
Oct 11 11:57:39 standalone container-server[129018]: 172.20.0.100 - - [11/Oct/2025:11:57:39 +0000] "PUT /d1/206/AUTH_5bda23834ddc4612bf8f751838c88cec/gnocchi.b85da839-c8b6-4fbe-a792-a234f63819dd/none_v3" 201 - "PUT http://172.18.0.2:8080/d1/836/AUTH_5bda23834ddc4612bf8f751838c88cec/gnocchi.b85da839-c8b6-4fbe-a792-a234f63819dd/none_v3" "tx39fdeb848f2c4c6e994e5-0068ea4633" "object-server 21" 0.0009 "-" 23 0
Oct 11 11:57:39 standalone object-server[129143]: 172.20.0.100 - - [11/Oct/2025:11:57:39 +0000] "PUT /d1/836/AUTH_5bda23834ddc4612bf8f751838c88cec/gnocchi.b85da839-c8b6-4fbe-a792-a234f63819dd/none_v3" 201 - "PUT http://172.18.0.2:8080/v1/AUTH_5bda23834ddc4612bf8f751838c88cec/gnocchi.b85da839-c8b6-4fbe-a792-a234f63819dd/none_v3" "tx39fdeb848f2c4c6e994e5-0068ea4633" "proxy-server 20" 0.0121 "-" 21 0
Oct 11 11:57:39 standalone proxy-server[130965]: 172.18.0.2 172.18.0.100 11/Oct/2025/11/57/39 PUT /v1/AUTH_5bda23834ddc4612bf8f751838c88cec/gnocchi.b85da839-c8b6-4fbe-a792-a234f63819dd/none_v3 HTTP/1.0 201 - python-swiftclient-3.11.1 gAAAAABo6kXKCvE5... 32 - - tx39fdeb848f2c4c6e994e5-0068ea4633 - 0.0205 - - 1760183859.039119720 1760183859.059662819 0
Oct 11 11:57:49 standalone container-server[129015]: 172.20.0.100 - - [11/Oct/2025:11:57:49 +0000] "HEAD /d1/138/AUTH_5bda23834ddc4612bf8f751838c88cec/gnocchi.bb4b4a09-4087-44aa-897d-c0a14a586f73" 404 - "HEAD http://172.18.0.2:8080/v1/AUTH_5bda23834ddc4612bf8f751838c88cec/gnocchi.bb4b4a09-4087-44aa-897d-c0a14a586f73?format=json&states=listing" "tx7f79d69b38db43739b529-0068ea463d" "proxy-server 20" 0.0004 "-" 22 0
