Oct 11 11:58:51 standalone container-server[129018]: 172.20.0.100 - - [11/Oct/2025:11:58:51 +0000] "HEAD /d1/148/AUTH_5bda23834ddc4612bf8f751838c88cec/gnocchi.1d93a137-c30e-45d0-8241-7b3fb574a6e8" 404 - "HEAD http://172.18.0.2:8080/v1/AUTH_5bda23834ddc4612bf8f751838c88cec/gnocchi.1d93a137-c30e-45d0-8241-7b3fb574a6e8?format=json&states=listing" "tx7ff23f2f99cc43e09a914-0068ea467b" "proxy-server 20" 0.0007 "-" 23 0
Oct 11 11:58:51 standalone object-server[129144]: 172.20.0.100 - - [11/Oct/2025:11:58:51 +0000] "GET /d1/886/AUTH_5bda23834ddc4612bf8f751838c88cec/gnocchi.1d93a137-c30e-45d0-8241-7b3fb574a6e8/none_v3" 404 70 "GET http://172.18.0.2:8080/v1/AUTH_5bda23834ddc4612bf8f751838c88cec/gnocchi.1d93a137-c30e-45d0-8241-7b3fb574a6e8/none_v3" "tx7ff23f2f99cc43e09a914-0068ea467b" "proxy-server 20" 0.0005 "-" 22 0
Oct 11 11:58:51 standalone proxy-server[130965]: 172.18.0.2 172.18.0.100 11/Oct/2025/11/58/51 GET /v1/AUTH_5bda23834ddc4612bf8f751838c88cec/gnocchi.1d93a137-c30e-45d0-8241-7b3fb574a6e8/none_v3 HTTP/1.0 404 - python-swiftclient-3.11.1 gAAAAABo6kXKCvE5... - 70 - tx7ff23f2f99cc43e09a914-0068ea467b - 0.0201 - - 1760183931.789183378 1760183931.809242725 0
Oct 11 11:58:51 standalone account-server[128989]: 172.20.0.100 - - [11/Oct/2025:11:58:51 +0000] "PUT /d1/333/AUTH_5bda23834ddc4612bf8f751838c88cec/gnocchi.1d93a137-c30e-45d0-8241-7b3fb574a6e8" 201 - "PUT http://172.20.0.100:6001/d1/148/AUTH_5bda23834ddc4612bf8f751838c88cec/gnocchi.1d93a137-c30e-45d0-8241-7b3fb574a6e8" "txd01f654366bf41ff9a710-0068ea467b" "container-server 21" 0.0063 "-" 16 0
Oct 11 11:58:51 standalone container-server[129014]: 172.20.0.100 - - [11/Oct/2025:11:58:51 +0000] "PUT /d1/148/AUTH_5bda23834ddc4612bf8f751838c88cec/gnocchi.1d93a137-c30e-45d0-8241-7b3fb574a6e8" 201 - "PUT http://172.18.0.2:8080/v1/AUTH_5bda23834ddc4612bf8f751838c88cec/gnocchi.1d93a137-c30e-45d0-8241-7b3fb574a6e8" "txd01f654366bf41ff9a710-0068ea467b" "proxy-server 20" 0.0218 "-" 21 0
Oct 11 11:58:51 standalone proxy-server[130965]: 172.18.0.2 172.18.0.100 11/Oct/2025/11/58/51 PUT /v1/AUTH_5bda23834ddc4612bf8f751838c88cec/gnocchi.1d93a137-c30e-45d0-8241-7b3fb574a6e8 HTTP/1.0 201 - python-swiftclient-3.11.1 gAAAAABo6kXKCvE5... - - - txd01f654366bf41ff9a710-0068ea467b - 0.0297 - - 1760183931.814087868 1760183931.843765020 0
Oct 11 11:58:51 standalone container-server[129002]: 172.20.0.100 - - [11/Oct/2025:11:58:51 +0000] "HEAD /d1/148/AUTH_5bda23834ddc4612bf8f751838c88cec/gnocchi.1d93a137-c30e-45d0-8241-7b3fb574a6e8" 204 - "HEAD http://172.18.0.2:8080/v1/AUTH_5bda23834ddc4612bf8f751838c88cec/gnocchi.1d93a137-c30e-45d0-8241-7b3fb574a6e8?format=json&states=listing" "tx5115ea85776e4fecaceaf-0068ea467b" "proxy-server 20" 0.0024 "-" 20 0
Oct 11 11:58:51 standalone proxy-server[130965]: - - 11/Oct/2025/11/58/51 HEAD /v1/AUTH_5bda23834ddc4612bf8f751838c88cec/gnocchi.1d93a137-c30e-45d0-8241-7b3fb574a6e8%3Fformat%3Djson%26states%3Dlisting HTTP/1.0 204 - Swift - - - - tx5115ea85776e4fecaceaf-0068ea467b - 0.0072 RL - 1760183931.850053787 1760183931.857240915 0
Oct 11 11:58:51 standalone container-server[129002]: 172.20.0.100 - - [11/Oct/2025:11:58:51 +0000] "GET /d1/148/AUTH_5bda23834ddc4612bf8f751838c88cec/gnocchi.1d93a137-c30e-45d0-8241-7b3fb574a6e8" 200 2 "GET http://172.18.0.2:8080/v1/AUTH_5bda23834ddc4612bf8f751838c88cec/gnocchi.1d93a137-c30e-45d0-8241-7b3fb574a6e8?format=json&states=listing" "tx5115ea85776e4fecaceaf-0068ea467b" "proxy-server 20" 0.0045 "-" 20 0
Oct 11 11:58:51 standalone proxy-server[130965]: 172.18.0.2 172.18.0.100 11/Oct/2025/11/58/51 GET /v1/AUTH_5bda23834ddc4612bf8f751838c88cec/gnocchi.1d93a137-c30e-45d0-8241-7b3fb574a6e8%3Fformat%3Djson%26states%3Dlisting HTTP/1.0 200 - python-swiftclient-3.11.1 gAAAAABo6kXKCvE5... - 2 - tx5115ea85776e4fecaceaf-0068ea467b - 0.0211 - - 1760183931.848524809 1760183931.869638443 0
Oct 11 11:58:51 standalone object-server[129142]: 172.20.0.100 - - [11/Oct/2025:11:58:51 +0000] "GET /d1/512/AUTH_5bda23834ddc4612bf8f751838c88cec/gnocchi.1d93a137-c30e-45d0-8241-7b3fb574a6e8/1759320000.0_mean_300.0_v3" 404 70 "GET http://172.18.0.2:8080/v1/AUTH_5bda23834ddc4612bf8f751838c88cec/gnocchi.1d93a137-c30e-45d0-8241-7b3fb574a6e8/1759320000.0_mean_300.0_v3" "txdee8fd6442d24b7cbabca-0068ea467b" "proxy-server 20" 0.0006 "-" 20 0
Oct 11 11:58:51 standalone proxy-server[130965]: 172.18.0.2 172.18.0.100 11/Oct/2025/11/58/51 GET /v1/AUTH_5bda23834ddc4612bf8f751838c88cec/gnocchi.1d93a137-c30e-45d0-8241-7b3fb574a6e8/1759320000.0_mean_300.0_v3 HTTP/1.0 404 - python-swiftclient-3.11.1 gAAAAABo6kXKCvE5... - 70 - txdee8fd6442d24b7cbabca-0068ea467b - 0.0083 - - 1760183931.875024319 1760183931.883344650 0
Oct 11 11:58:51 standalone container-server[129018]: 172.20.0.100 - - [11/Oct/2025:11:58:51 +0000] "PUT /d1/148/AUTH_5bda23834ddc4612bf8f751838c88cec/gnocchi.1d93a137-c30e-45d0-8241-7b3fb574a6e8/1759320000.0_mean_300.0_v3" 201 - "PUT http://172.18.0.2:8080/d1/512/AUTH_5bda23834ddc4612bf8f751838c88cec/gnocchi.1d93a137-c30e-45d0-8241-7b3fb574a6e8/1759320000.0_mean_300.0_v3" "txcfca1d338a7746d580691-0068ea467b" "object-server 20" 0.0010 "-" 23 0
Oct 11 11:58:51 standalone object-server[129142]: 172.20.0.100 - - [11/Oct/2025:11:58:51 +0000] "PUT /d1/512/AUTH_5bda23834ddc4612bf8f751838c88cec/gnocchi.1d93a137-c30e-45d0-8241-7b3fb574a6e8/1759320000.0_mean_300.0_v3" 201 - "PUT http://172.18.0.2:8080/v1/AUTH_5bda23834ddc4612bf8f751838c88cec/gnocchi.1d93a137-c30e-45d0-8241-7b3fb574a6e8/1759320000.0_mean_300.0_v3" "txcfca1d338a7746d580691-0068ea467b" "proxy-server 20" 0.0134 "-" 20 0
Oct 11 11:58:51 standalone proxy-server[130965]: 172.18.0.2 172.18.0.100 11/Oct/2025/11/58/51 PUT /v1/AUTH_5bda23834ddc4612bf8f751838c88cec/gnocchi.1d93a137-c30e-45d0-8241-7b3fb574a6e8/1759320000.0_mean_300.0_v3 HTTP/1.0 201 - python-swiftclient-3.11.1 gAAAAABo6kXKCvE5... 16 - - txcfca1d338a7746d580691-0068ea467b - 0.0219 - - 1760183931.887718916 1760183931.909638166 0
Oct 11 11:58:51 standalone container-server[129015]: 172.20.0.100 - - [11/Oct/2025:11:58:51 +0000] "PUT /d1/148/AUTH_5bda23834ddc4612bf8f751838c88cec/gnocchi.1d93a137-c30e-45d0-8241-7b3fb574a6e8/none_v3" 201 - "PUT http://172.18.0.2:8080/d1/886/AUTH_5bda23834ddc4612bf8f751838c88cec/gnocchi.1d93a137-c30e-45d0-8241-7b3fb574a6e8/none_v3" "tx63e2c4930b684cb3b3f67-0068ea467b" "object-server 23" 0.0010 "-" 22 0
Oct 11 11:58:51 standalone object-server[129145]: 172.20.0.100 - - [11/Oct/2025:11:58:51 +0000] "PUT /d1/886/AUTH_5bda23834ddc4612bf8f751838c88cec/gnocchi.1d93a137-c30e-45d0-8241-7b3fb574a6e8/none_v3" 201 - "PUT http://172.18.0.2:8080/v1/AUTH_5bda23834ddc4612bf8f751838c88cec/gnocchi.1d93a137-c30e-45d0-8241-7b3fb574a6e8/none_v3" "tx63e2c4930b684cb3b3f67-0068ea467b" "proxy-server 20" 0.0132 "-" 23 0
Oct 11 11:58:51 standalone proxy-server[130965]: 172.18.0.2 172.18.0.100 11/Oct/2025/11/58/51 PUT /v1/AUTH_5bda23834ddc4612bf8f751838c88cec/gnocchi.1d93a137-c30e-45d0-8241-7b3fb574a6e8/none_v3 HTTP/1.0 201 - python-swiftclient-3.11.1 gAAAAABo6kXKCvE5... 22 - - tx63e2c4930b684cb3b3f67-0068ea467b - 0.0211 - - 1760183931.914695024 1760183931.935776472 0
Oct 11 11:59:03 standalone object-server[129050]: Begin object update sweep
Oct 11 11:59:03 standalone object-server[243696]: Object update sweep starting on /srv/node/d1 (pid: 15)
Oct 11 11:59:03 standalone object-server[243696]: Object update sweep completed on /srv/node/d1 in 0.00s seconds:, 0 successes, 0 failures, 0 quarantines, 0 unlinks, 0 errors, 0 redirects (pid: 15)
Oct 11 11:59:03 standalone object-server[243696]: Object update sweep of d1 completed: 0.00s, 0 successes, 0 failures, 0 quarantines, 0 unlinks, 0 errors, 0 redirects
Oct 11 11:59:03 standalone object-server[129050]: Object update sweep completed: 0.07s
Oct 11 11:59:05 standalone account-server[129005]: 172.20.0.100 - - [11/Oct/2025:11:59:05 +0000] "HEAD /d1/923/.expiring_objects" 404 - "HEAD http://localhost/v1/.expiring_objects?format=json" "tx96b143271c514e44bd806-0068ea4689" "proxy-server 2" 0.0010 "-" 17 -
Oct 11 11:59:05 standalone object-expirer[128900]: Pass completed in 0s; 0 objects expired (txn: tx96b143271c514e44bd806-0068ea4689)
Oct 11 12:00:27 standalone account-server[128989]: 172.20.0.100 - - [11/Oct/2025:12:00:27 +0000] "HEAD /d1/923/.expiring_objects" 404 - "HEAD http://localhost/v1/.expiring_objects?format=json" "tx69a4181a46ba4a3d8602e-0068ea46db" "proxy-server 2" 0.0008 "-" 16 -
Oct 11 12:00:27 standalone object-expirer[128900]: Pass completed in 0s; 0 objects expired (txn: tx69a4181a46ba4a3d8602e-0068ea46db)
Oct 11 12:00:45 standalone account-server[128989]: 172.20.0.100 - - [11/Oct/2025:12:00:45 +0000] "HEAD /d1/333/AUTH_5bda23834ddc4612bf8f751838c88cec" 204 - "HEAD http://172.18.0.2:8080/v1/AUTH_5bda23834ddc4612bf8f751838c88cec?format=json" "txc059f65345cc44ebbc111-0068ea46ed" "proxy-server 20" 0.0065 "-" 16 -
Oct 11 12:00:45 standalone proxy-server[130965]: - - 11/Oct/2025/12/00/45 HEAD /v1/AUTH_5bda23834ddc4612bf8f751838c88cec%3Fformat%3Djson HTTP/1.0 204 - Swift - - - - txc059f65345cc44ebbc111-0068ea46ed - 0.0122 RL - 1760184045.908579111 1760184045.920789480 -
Oct 11 12:00:45 standalone container-server[129002]: 172.20.0.100 - - [11/Oct/2025:12:00:45 +0000] "HEAD /d1/760/AUTH_5bda23834ddc4612bf8f751838c88cec/gnocchi.012f6a37-bb79-4eac-b7b2-6c730be1e181" 204 - "HEAD http://172.18.0.2:8080/v1/AUTH_5bda23834ddc4612bf8f751838c88cec/gnocchi.012f6a37-bb79-4eac-b7b2-6c730be1e181?format=json&states=listing" "txc059f65345cc44ebbc111-0068ea46ed" "proxy-server 20" 0.0084 "-" 20 0
Oct 11 12:00:45 standalone object-server[129142]: 172.20.0.100 - - [11/Oct/2025:12:00:45 +0000] "GET /d1/768/AUTH_5bda23834ddc4612bf8f751838c88cec/gnocchi.012f6a37-bb79-4eac-b7b2-6c730be1e181/none_v3" 200 22 "GET http://172.18.0.2:8080/v1/AUTH_5bda23834ddc4612bf8f751838c88cec/gnocchi.012f6a37-bb79-4eac-b7b2-6c730be1e181/none_v3" "txc059f65345cc44ebbc111-0068ea46ed" "proxy-server 20" 0.0009 "-" 20 0
Oct 11 12:00:45 standalone proxy-server[130965]: 172.18.0.2 172.18.0.100 11/Oct/2025/12/00/45 GET /v1/AUTH_5bda23834ddc4612bf8f751838c88cec/gnocchi.012f6a37-bb79-4eac-b7b2-6c730be1e181/none_v3 HTTP/1.0 200 - python-swiftclient-3.11.1 gAAAAABo6kXKCvE5... - 22 - txc059f65345cc44ebbc111-0068ea46ed - 0.0385 - - 1760184045.905640602 1760184045.944162369 0
Oct 11 12:00:45 standalone container-server[129015]: 172.20.0.100 - - [11/Oct/2025:12:00:45 +0000] "GET /d1/760/AUTH_5bda23834ddc4612bf8f751838c88cec/gnocchi.012f6a37-bb79-4eac-b7b2-6c730be1e181" 200 357 "GET http://172.18.0.2:8080/v1/AUTH_5bda23834ddc4612bf8f751838c88cec/gnocchi.012f6a37-bb79-4eac-b7b2-6c730be1e181?format=json&states=listing" "txdbaa35a8ec0f4f9288613-0068ea46ed" "proxy-server 20" 0.0042 "-" 22 0
Oct 11 12:00:45 standalone proxy-server[130965]: 172.18.0.2 172.18.0.100 11/Oct/2025/12/00/45 GET /v1/AUTH_5bda23834ddc4612bf8f751838c88cec/gnocchi.012f6a37-bb79-4eac-b7b2-6c730be1e181%3Fformat%3Djson%26states%3Dlisting HTTP/1.0 200 - python-swiftclient-3.11.1 gAAAAABo6kXKCvE5... - 357 - txdbaa35a8ec0f4f9288613-0068ea46ed - 0.0340 - - 1760184045.950730085 1760184045.984682798 0
Oct 11 12:00:46 standalone container-server[129014]: 172.20.0.100 - - [11/Oct/2025:12:00:46 +0000] "GET /d1/760/AUTH_5bda23834ddc4612bf8f751838c88cec/gnocchi.012f6a37-bb79-4eac-b7b2-6c730be1e181" 200 2 "GET http://172.18.0.2:8080/v1/AUTH_5bda23834ddc4612bf8f751838c88cec/gnocchi.012f6a37-bb79-4eac-b7b2-6c730be1e181?format=json&marker=none_v3&states=listing" "txef37024614cb458395749-0068ea46ed" "proxy-server 20" 0.0053 "-" 21 0
Oct 11 12:00:46 standalone proxy-server[130965]: 172.18.0.2 172.18.0.100 11/Oct/2025/12/00/46 GET /v1/AUTH_5bda23834ddc4612bf8f751838c88cec/gnocchi.012f6a37-bb79-4eac-b7b2-6c730be1e181%3Fformat%3Djson%26marker%3Dnone_v3%26states%3Dlisting HTTP/1.0 200 - python-swiftclient-3.11.1 gAAAAABo6kXKCvE5... - 2 - txef37024614cb458395749-0068ea46ed - 0.0156 - - 1760184045.989734173 1760184046.005296230 0
Oct 11 12:00:46 standalone object-server[129144]: 172.20.0.100 - - [11/Oct/2025:12:00:46 +0000] "GET /d1/722/AUTH_5bda23834ddc4612bf8f751838c88cec/gnocchi.012f6a37-bb79-4eac-b7b2-6c730be1e181/1759320000.0_mean_300.0_v3" 200 16 "GET http://172.18.0.2:8080/v1/AUTH_5bda23834ddc4612bf8f751838c88cec/gnocchi.012f6a37-bb79-4eac-b7b2-6c730be1e181/1759320000.0_mean_300.0_v3" "tx75043d453dd7452795ca6-0068ea46ee" "proxy-server 20" 0.0013 "-" 22 0
Oct 11 12:00:46 standalone proxy-server[130965]: 172.18.0.2 172.18.0.100 11/Oct/2025/12/00/46 GET /v1/AUTH_5bda23834ddc4612bf8f751838c88cec/gnocchi.012f6a37-bb79-4eac-b7b2-6c730be1e181/1759320000.0_mean_300.0_v3 HTTP/1.0 200 - python-swiftclient-3.11.1 gAAAAABo6kXKCvE5... - 16 - tx75043d453dd7452795ca6-0068ea46ee - 0.0103 - - 1760184046.010203362 1760184046.020501852 0
Oct 11 12:00:46 standalone container-server[129014]: 172.20.0.100 - - [11/Oct/2025:12:00:46 +0000] "PUT /d1/760/AUTH_5bda23834ddc4612bf8f751838c88cec/gnocchi.012f6a37-bb79-4eac-b7b2-6c730be1e181/1759320000.0_mean_300.0_v3" 201 - "PUT http://172.18.0.2:8080/d1/722/AUTH_5bda23834ddc4612bf8f751838c88cec/gnocchi.012f6a37-bb79-4eac-b7b2-6c730be1e181/1759320000.0_mean_300.0_v3" "tx38672733db2844a598620-0068ea46ee" "object-server 21" 0.0008 "-" 21 0
Oct 11 12:00:46 standalone object-server[129143]: 172.20.0.100 - - [11/Oct/2025:12:00:46 +0000] "PUT /d1/722/AUTH_5bda23834ddc4612bf8f751838c88cec/gnocchi.012f6a37-bb79-4eac-b7b2-6c730be1e181/1759320000.0_mean_300.0_v3" 201 - "PUT http://172.18.0.2:8080/v1/AUTH_5bda23834ddc4612bf8f751838c88cec/gnocchi.012f6a37-bb79-4eac-b7b2-6c730be1e181/1759320000.0_mean_300.0_v3" "tx38672733db2844a598620-0068ea46ee" "proxy-server 20" 0.0122 "-" 21 0
Oct 11 12:00:46 standalone proxy-server[130965]: 172.18.0.2 172.18.0.100 11/Oct/2025/12/00/46 PUT /v1/AUTH_5bda23834ddc4612bf8f751838c88cec/gnocchi.012f6a37-bb79-4eac-b7b2-6c730be1e181/1759320000.0_mean_300.0_v3 HTTP/1.0 201 - python-swiftclient-3.11.1 gAAAAABo6kXKCvE5... 23 - - tx38672733db2844a598620-0068ea46ee - 0.0211 - - 1760184046.024925232 1760184046.046070576 0
Oct 11 12:00:46 standalone container-server[129014]: 172.20.0.100 - - [11/Oct/2025:12:00:46 +0000] "PUT /d1/760/AUTH_5bda23834ddc4612bf8f751838c88cec/gnocchi.012f6a37-bb79-4eac-b7b2-6c730be1e181/none_v3" 201 - "PUT http://172.18.0.2:8080/d1/768/AUTH_5bda23834ddc4612bf8f751838c88cec/gnocchi.012f6a37-bb79-4eac-b7b2-6c730be1e181/none_v3" "tx23e6a6420f4e4d01b7f12-0068ea46ee" "object-server 22" 0.0007 "-" 21 0
Oct 11 12:00:46 standalone object-server[129144]: 172.20.0.100 - - [11/Oct/2025:12:00:46 +0000] "PUT /d1/768/AUTH_5bda23834ddc4612bf8f751838c88cec/gnocchi.012f6a37-bb79-4eac-b7b2-6c730be1e181/none_v3" 201 - "PUT http://172.18.0.2:8080/v1/AUTH_5bda23834ddc4612bf8f751838c88cec/gnocchi.012f6a37-bb79-4eac-b7b2-6c730be1e181/none_v3" "tx23e6a6420f4e4d01b7f12-0068ea46ee" "proxy-server 20" 0.0120 "-" 22 0
Oct 11 12:00:46 standalone proxy-server[130965]: 172.18.0.2 172.18.0.100 11/Oct/2025/12/00/46 PUT /v1/AUTH_5bda23834ddc4612bf8f751838c88cec/gnocchi.012f6a37-bb79-4eac-b7b2-6c730be1e181/none_v3 HTTP/1.0 201 - python-swiftclient-3.11.1 gAAAAABo6kXKCvE5... 22 - - tx23e6a6420f4e4d01b7f12-0068ea46ee - 0.0205 - - 1760184046.051050186 1760184046.071567297 0
Oct 11 12:00:46 standalone container-server[129002]: 172.20.0.100 - - [11/Oct/2025:12:00:46 +0000] "HEAD /d1/525/AUTH_5bda23834ddc4612bf8f751838c88cec/gnocchi.c4c1d7fe-40e2-4bec-9092-c02f6e3e74cd" 204 - "HEAD http://172.18.0.2:8080/v1/AUTH_5bda23834ddc4612bf8f751838c88cec/gnocchi.c4c1d7fe-40e2-4bec-9092-c02f6e3e74cd?format=json&states=listing" "tx664aae4e08a446dd9711f-0068ea46ee" "proxy-server 20" 0.0079 "-" 20 0
Oct 11 12:00:46 standalone object-server[129143]: 172.20.0.100 - - [11/Oct/2025:12:00:46 +0000] "GET /d1/460/AUTH_5bda23834ddc4612bf8f751838c88cec/gnocchi.c4c1d7fe-40e2-4bec-9092-c02f6e3e74cd/none_v3" 200 22 "GET http://172.18.0.2:8080/v1/AUTH_5bda23834ddc4612bf8f751838c88cec/gnocchi.c4c1d7fe-40e2-4bec-9092-c02f6e3e74cd/none_v3" "tx664aae4e08a446dd9711f-0068ea46ee" "proxy-server 20" 0.0011 "-" 21 0
Oct 11 12:00:46 standalone proxy-server[130965]: 172.18.0.2 172.18.0.100 11/Oct/2025/12/00/46 GET /v1/AUTH_5bda23834ddc4612bf8f751838c88cec/gnocchi.c4c1d7fe-40e2-4bec-9092-c02f6e3e74cd/none_v3 HTTP/1.0 200 - python-swiftclient-3.11.1 gAAAAABo6kXKCvE5... - 22 - tx664aae4e08a446dd9711f-0068ea46ee - 0.0230 - - 1760184046.085537434 1760184046.108550072 0
Oct 11 12:00:46 standalone container-server[129015]: 172.20.0.100 - - [11/Oct/2025:12:00:46 +0000] "GET /d1/525/AUTH_5bda23834ddc4612bf8f751838c88cec/gnocchi.c4c1d7fe-40e2-4bec-9092-c02f6e3e74cd" 200 357 "GET http://172.18.0.2:8080/v1/AUTH_5bda23834ddc4612bf8f751838c88cec/gnocchi.c4c1d7fe-40e2-4bec-9092-c02f6e3e74cd?format=json&states=listing" "txf41515bd7bf247c6a1f15-0068ea46ee" "proxy-server 20" 0.0039 "-" 22 0
Oct 11 12:00:46 standalone proxy-server[130965]: 172.18.0.2 172.18.0.100 11/Oct/2025/12/00/46 GET /v1/AUTH_5bda23834ddc4612bf8f751838c88cec/gnocchi.c4c1d7fe-40e2-4bec-9092-c02f6e3e74cd%3Fformat%3Djson%26states%3Dlisting HTTP/1.0 200 - python-swiftclient-3.11.1 gAAAAABo6kXKCvE5... - 357 - txf41515bd7bf247c6a1f15-0068ea46ee - 0.0134 - - 1760184046.113925934 1760184046.127375841 0
Oct 11 12:00:46 standalone container-server[129002]: 172.20.0.100 - - [11/Oct/2025:12:00:46 +0000] "GET /d1/525/AUTH_5bda23834ddc4612bf8f751838c88cec/gnocchi.c4c1d7fe-40e2-4bec-9092-c02f6e3e74cd" 200 2 "GET http://172.18.0.2:8080/v1/AUTH_5bda23834ddc4612bf8f751838c88cec/gnocchi.c4c1d7fe-40e2-4bec-9092-c02f6e3e74cd?format=json&marker=none_v3&states=listing" "txffcc6da52f954a5a8bdf6-0068ea46ee" "proxy-server 20" 0.0041 "-" 20 0
Oct 11 12:00:46 standalone proxy-server[130965]: 172.18.0.2 172.18.0.100 11/Oct/2025/12/00/46 GET /v1/AUTH_5bda23834ddc4612bf8f751838c88cec/gnocchi.c4c1d7fe-40e2-4bec-9092-c02f6e3e74cd%3Fformat%3Djson%26marker%3Dnone_v3%26states%3Dlisting HTTP/1.0 200 - python-swiftclient-3.11.1 gAAAAABo6kXKCvE5... - 2 - txffcc6da52f954a5a8bdf6-0068ea46ee - 0.0143 - - 1760184046.132110119 1760184046.146434069 0
Oct 11 12:00:46 standalone object-server[129145]: 172.20.0.100 - - [11/Oct/2025:12:00:46 +0000] "GET /d1/48/AUTH_5bda23834ddc4612bf8f751838c88cec/gnocchi.c4c1d7fe-40e2-4bec-9092-c02f6e3e74cd/1759320000.0_mean_300.0_v3" 200 16 "GET http://172.18.0.2:8080/v1/AUTH_5bda23834ddc4612bf8f751838c88cec/gnocchi.c4c1d7fe-40e2-4bec-9092-c02f6e3e74cd/1759320000.0_mean_300.0_v3" "tx11cc2d0ba7ea44f8b587e-0068ea46ee" "proxy-server 20" 0.0011 "-" 23 0
Oct 11 12:00:46 standalone proxy-server[130965]: 172.18.0.2 172.18.0.100 11/Oct/2025/12/00/46 GET /v1/AUTH_5bda23834ddc4612bf8f751838c88cec/gnocchi.c4c1d7fe-40e2-4bec-9092-c02f6e3e74cd/1759320000.0_mean_300.0_v3 HTTP/1.0 200 - python-swiftclient-3.11.1 gAAAAABo6kXKCvE5... - 16 - tx11cc2d0ba7ea44f8b587e-0068ea46ee - 0.0094 - - 1760184046.151670694 1760184046.161023140 0
Oct 11 12:00:46 standalone container-server[129018]: 172.20.0.100 - - [11/Oct/2025:12:00:46 +0000] "PUT /d1/525/AUTH_5bda23834ddc4612bf8f751838c88cec/gnocchi.c4c1d7fe-40e2-4bec-9092-c02f6e3e74cd/1759320000.0_mean_300.0_v3" 201 - "PUT http://172.18.0.2:8080/d1/48/AUTH_5bda23834ddc4612bf8f751838c88cec/gnocchi.c4c1d7fe-40e2-4bec-9092-c02f6e3e74cd/1759320000.0_mean_300.0_v3" "txd1b704b55d0b41b5af601-0068ea46ee" "object-server 20" 0.0009 "-" 23 0
Oct 11 12:00:46 standalone object-server[129142]: 172.20.0.100 - - [11/Oct/2025:12:00:46 +0000] "PUT /d1/48/AUTH_5bda23834ddc4612bf8f751838c88cec/gnocchi.c4c1d7fe-40e2-4bec-9092-c02f6e3e74cd/1759320000.0_mean_300.0_v3" 201 - "PUT http://172.18.0.2:8080/v1/AUTH_5bda23834ddc4612bf8f751838c88cec/gnocchi.c4c1d7fe-40e2-4bec-9092-c02f6e3e74cd/1759320000.0_mean_300.0_v3" "txd1b704b55d0b41b5af601-0068ea46ee" "proxy-server 20" 0.0155 "-" 20 0
Oct 11 12:00:46 standalone proxy-server[130965]: 172.18.0.2 172.18.0.100 11/Oct/2025/12/00/46 PUT /v1/AUTH_5bda23834ddc4612bf8f751838c88cec/gnocchi.c4c1d7fe-40e2-4bec-9092-c02f6e3e74cd/1759320000.0_mean_300.0_v3 HTTP/1.0 201 - python-swiftclient-3.11.1 gAAAAABo6kXKCvE5... 23 - - txd1b704b55d0b41b5af601-0068ea46ee - 0.0238 - - 1760184046.166522980 1760184046.190333843 0
Oct 11 12:00:46 standalone container-server[129015]: 172.20.0.100 - - [11/Oct/2025:12:00:46 +0000] "PUT /d1/525/AUTH_5bda23834ddc4612bf8f751838c88cec/gnocchi.c4c1d7fe-40e2-4bec-9092-c02f6e3e74cd/none_v3" 201 - "PUT http://172.18.0.2:8080/d1/460/AUTH_5bda23834ddc4612bf8f751838c88cec/gnocchi.c4c1d7fe-40e2-4bec-9092-c02f6e3e74cd/none_v3" "tx011fa035884d4b4dbe4aa-0068ea46ee" "object-server 22" 0.0007 "-" 22 0
Oct 11 12:00:46 standalone object-server[129144]: 172.20.0.100 - - [11/Oct/2025:12:00:46 +0000] "PUT /d1/460/AUTH_5bda23834ddc4612bf8f751838c88cec/gnocchi.c4c1d7fe-40e2-4bec-9092-c02f6e3e74cd/none_v3" 201 - "PUT http://172.18.0.2:8080/v1/AUTH_5bda23834ddc4612bf8f751838c88cec/gnocchi.c4c1d7fe-40e2-4bec-9092-c02f6e3e74cd/none_v3" "tx011fa035884d4b4dbe4aa-0068ea46ee" "proxy-server 20" 0.0120 "-" 22 0
Oct 11 12:00:46 standalone proxy-server[130965]: 172.18.0.2 172.18.0.100 11/Oct/2025/12/00/46 PUT /v1/AUTH_5bda23834ddc4612bf8f751838c88cec/gnocchi.c4c1d7fe-40e2-4bec-9092-c02f6e3e74cd/none_v3 HTTP/1.0 201 - python-swiftclient-3.11.1 gAAAAABo6kXKCvE5... 22 - - tx011fa035884d4b4dbe4aa-0068ea46ee - 0.0202 - - 1760184046.194509983 1760184046.214702606 0
Oct 11 12:00:46 standalone container-server[129002]: 172.20.0.100 - - [11/Oct/2025:12:00:46 +0000] "HEAD /d1/136/AUTH_5bda23834ddc4612bf8f751838c88cec/gnocchi.45e600c2-0744-4570-b621-da287d4063e4" 204 - "HEAD http://172.18.0.2:8080/v1/AUTH_5bda23834ddc4612bf8f751838c88cec/gnocchi.45e600c2-0744-4570-b621-da287d4063e4?format=json&states=listing" "tx3109dc90d83e4834bd22d-0068ea46ee" "proxy-server 20" 0.0093 "-" 20 0
Oct 11 12:00:46 standalone object-server[129142]: 172.20.0.100 - - [11/Oct/2025:12:00:46 +0000] "GET /d1/475/AUTH_5bda23834ddc4612bf8f751838c88cec/gnocchi.45e600c2-0744-4570-b621-da287d4063e4/none_v3" 200 22 "GET http://172.18.0.2:8080/v1/AUTH_5bda23834ddc4612bf8f751838c88cec/gnocchi.45e600c2-0744-4570-b621-da287d4063e4/none_v3" "tx3109dc90d83e4834bd22d-0068ea46ee" "proxy-server 20" 0.0013 "-" 20 0
Oct 11 12:00:46 standalone proxy-server[130965]: 172.18.0.2 172.18.0.100 11/Oct/2025/12/00/46 GET /v1/AUTH_5bda23834ddc4612bf8f751838c88cec/gnocchi.45e600c2-0744-4570-b621-da287d4063e4/none_v3 HTTP/1.0 200 - python-swiftclient-3.11.1 gAAAAABo6kXKCvE5... - 22 - tx3109dc90d83e4834bd22d-0068ea46ee - 0.0249 - - 1760184046.227771759 1760184046.252641201 0
Oct 11 12:00:46 standalone container-server[129015]: 172.20.0.100 - - [11/Oct/2025:12:00:46 +0000] "GET /d1/136/AUTH_5bda23834ddc4612bf8f751838c88cec/gnocchi.45e600c2-0744-4570-b621-da287d4063e4" 200 357 "GET http://172.18.0.2:8080/v1/AUTH_5bda23834ddc4612bf8f751838c88cec/gnocchi.45e600c2-0744-4570-b621-da287d4063e4?format=json&states=listing" "txe2c4a97815d04aada5569-0068ea46ee" "proxy-server 20" 0.0041 "-" 22 0
Oct 11 12:00:46 standalone proxy-server[130965]: 172.18.0.2 172.18.0.100 11/Oct/2025/12/00/46 GET /v1/AUTH_5bda23834ddc4612bf8f751838c88cec/gnocchi.45e600c2-0744-4570-b621-da287d4063e4%3Fformat%3Djson%26states%3Dlisting HTTP/1.0 200 - python-swiftclient-3.11.1 gAAAAABo6kXKCvE5... - 357 - txe2c4a97815d04aada5569-0068ea46ee - 0.0131 - - 1760184046.258239269 1760184046.271351099 0
Oct 11 12:00:46 standalone container-server[129002]: 172.20.0.100 - - [11/Oct/2025:12:00:46 +0000] "GET /d1/136/AUTH_5bda23834ddc4612bf8f751838c88cec/gnocchi.45e600c2-0744-4570-b621-da287d4063e4" 200 2 "GET http://172.18.0.2:8080/v1/AUTH_5bda23834ddc4612bf8f751838c88cec/gnocchi.45e600c2-0744-4570-b621-da287d4063e4?format=json&marker=none_v3&states=listing" "txa9116b2b7e32456185d42-0068ea46ee" "proxy-server 20" 0.0043 "-" 20 0
Oct 11 12:00:46 standalone proxy-server[130965]: 172.18.0.2 172.18.0.100 11/Oct/2025/12/00/46 GET /v1/AUTH_5bda23834ddc4612bf8f751838c88cec/gnocchi.45e600c2-0744-4570-b621-da287d4063e4%3Fformat%3Djson%26marker%3Dnone_v3%26states%3Dlisting HTTP/1.0 200 - python-swiftclient-3.11.1 gAAAAABo6kXKCvE5... - 2 - txa9116b2b7e32456185d42-0068ea46ee - 0.0136 - - 1760184046.275539875 1760184046.289095163 0
Oct 11 12:00:46 standalone object-server[129143]: 172.20.0.100 - - [11/Oct/2025:12:00:46 +0000] "GET /d1/870/AUTH_5bda23834ddc4612bf8f751838c88cec/gnocchi.45e600c2-0744-4570-b621-da287d4063e4/1759320000.0_mean_300.0_v3" 200 16 "GET http://172.18.0.2:8080/v1/AUTH_5bda23834ddc4612bf8f751838c88cec/gnocchi.45e600c2-0744-4570-b621-da287d4063e4/1759320000.0_mean_300.0_v3" "tx4863d27cdf2a4da9baf35-0068ea46ee" "proxy-server 20" 0.0011 "-" 21 0
Oct 11 12:00:46 standalone proxy-server[130965]: 172.18.0.2 172.18.0.100 11/Oct/2025/12/00/46 GET /v1/AUTH_5bda23834ddc4612bf8f751838c88cec/gnocchi.45e600c2-0744-4570-b621-da287d4063e4/1759320000.0_mean_300.0_v3 HTTP/1.0 200 - python-swiftclient-3.11.1 gAAAAABo6kXKCvE5... - 16 - tx4863d27cdf2a4da9baf35-0068ea46ee - 0.0106 - - 1760184046.294298172 1760184046.304861546 0
Oct 11 12:00:46 standalone container-server[129002]: 172.20.0.100 - - [11/Oct/2025:12:00:46 +0000] "PUT /d1/136/AUTH_5bda23834ddc4612bf8f751838c88cec/gnocchi.45e600c2-0744-4570-b621-da287d4063e4/1759320000.0_mean_300.0_v3" 201 - "PUT http://172.18.0.2:8080/d1/870/AUTH_5bda23834ddc4612bf8f751838c88cec/gnocchi.45e600c2-0744-4570-b621-da287d4063e4/1759320000.0_mean_300.0_v3" "tx6abb56e9491049e0b102c-0068ea46ee" "object-server 20" 0.0008 "-" 20 0
Oct 11 12:00:46 standalone object-server[129142]: 172.20.0.100 - - [11/Oct/2025:12:00:46 +0000] "PUT /d1/870/AUTH_5bda23834ddc4612bf8f751838c88cec/gnocchi.45e600c2-0744-4570-b621-da287d4063e4/1759320000.0_mean_300.0_v3" 201 - "PUT http://172.18.0.2:8080/v1/AUTH_5bda23834ddc4612bf8f751838c88cec/gnocchi.45e600c2-0744-4570-b621-da287d4063e4/1759320000.0_mean_300.0_v3" "tx6abb56e9491049e0b102c-0068ea46ee" "proxy-server 20" 0.0118 "-" 20 0
Oct 11 12:00:46 standalone proxy-server[130965]: 172.18.0.2 172.18.0.100 11/Oct/2025/12/00/46 PUT /v1/AUTH_5bda23834ddc4612bf8f751838c88cec/gnocchi.45e600c2-0744-4570-b621-da287d4063e4/1759320000.0_mean_300.0_v3 HTTP/1.0 201 - python-swiftclient-3.11.1 gAAAAABo6kXKCvE5... 23 - - tx6abb56e9491049e0b102c-0068ea46ee - 0.0203 - - 1760184046.309330463 1760184046.329618454 0
Oct 11 12:00:46 standalone container-server[129018]: 172.20.0.100 - - [11/Oct/2025:12:00:46 +0000] "PUT /d1/136/AUTH_5bda23834ddc4612bf8f751838c88cec/gnocchi.45e600c2-0744-4570-b621-da287d4063e4/none_v3" 201 - "PUT http://172.18.0.2:8080/d1/475/AUTH_5bda23834ddc4612bf8f751838c88cec/gnocchi.45e600c2-0744-4570-b621-da287d4063e4/none_v3" "txd13a0d47250d4e1a9f505-0068ea46ee" "object-server 20" 0.0007 "-" 23 0
Oct 11 12:00:46 standalone object-server[129142]: 172.20.0.100 - - [11/Oct/2025:12:00:46 +0000] "PUT /d1/475/AUTH_5bda23834ddc4612bf8f751838c88cec/gnocchi.45e600c2-0744-4570-b621-da287d4063e4/none_v3" 201 - "PUT http://172.18.0.2:8080/v1/AUTH_5bda23834ddc4612bf8f751838c88cec/gnocchi.45e600c2-0744-4570-b621-da287d4063e4/none_v3" "txd13a0d47250d4e1a9f505-0068ea46ee" "proxy-server 20" 0.0116 "-" 20 0
Oct 11 12:00:46 standalone proxy-server[130965]: 172.18.0.2 172.18.0.100 11/Oct/2025/12/00/46 PUT /v1/AUTH_5bda23834ddc4612bf8f751838c88cec/gnocchi.45e600c2-0744-4570-b621-da287d4063e4/none_v3 HTTP/1.0 201 - python-swiftclient-3.11.1 gAAAAABo6kXKCvE5... 22 - - txd13a0d47250d4e1a9f505-0068ea46ee - 0.0179 - - 1760184046.333239317 1760184046.351168871 0
Oct 11 12:00:46 standalone container-server[129015]: 172.20.0.100 - - [11/Oct/2025:12:00:46 +0000] "HEAD /d1/931/AUTH_5bda23834ddc4612bf8f751838c88cec/gnocchi.cc368e42-063a-4df4-ad6f-e713b1d31cd5" 204 - "HEAD http://172.18.0.2:8080/v1/AUTH_5bda23834ddc4612bf8f751838c88cec/gnocchi.cc368e42-063a-4df4-ad6f-e713b1d31cd5?format=json&states=listing" "tx81d790639e0e495c9bced-0068ea46ee" "proxy-server 20" 0.0086 "-" 22 0
Oct 11 12:00:46 standalone object-server[129143]: 172.20.0.100 - - [11/Oct/2025:12:00:46 +0000] "GET /d1/765/AUTH_5bda23834ddc4612bf8f751838c88cec/gnocchi.cc368e42-063a-4df4-ad6f-e713b1d31cd5/none_v3" 200 22 "GET http://172.18.0.2:8080/v1/AUTH_5bda23834ddc4612bf8f751838c88cec/gnocchi.cc368e42-063a-4df4-ad6f-e713b1d31cd5/none_v3" "tx81d790639e0e495c9bced-0068ea46ee" "proxy-server 20" 0.0011 "-" 21 0
Oct 11 12:00:46 standalone proxy-server[130965]: 172.18.0.2 172.18.0.100 11/Oct/2025/12/00/46 GET /v1/AUTH_5bda23834ddc4612bf8f751838c88cec/gnocchi.cc368e42-063a-4df4-ad6f-e713b1d31cd5/none_v3 HTTP/1.0 200 - python-swiftclient-3.11.1 gAAAAABo6kXKCvE5... - 22 - tx81d790639e0e495c9bced-0068ea46ee - 0.0215 - - 1760184046.364835024 1760184046.386359692 0
Oct 11 12:00:46 standalone container-server[129018]: 172.20.0.100 - - [11/Oct/2025:12:00:46 +0000] "GET /d1/931/AUTH_5bda23834ddc4612bf8f751838c88cec/gnocchi.cc368e42-063a-4df4-ad6f-e713b1d31cd5" 200 357 "GET http://172.18.0.2:8080/v1/AUTH_5bda23834ddc4612bf8f751838c88cec/gnocchi.cc368e42-063a-4df4-ad6f-e713b1d31cd5?format=json&states=listing" "tx9c0bdfbfbed1461da80b8-0068ea46ee" "proxy-server 20" 0.0044 "-" 23 0
Oct 11 12:00:46 standalone proxy-server[130965]: 172.18.0.2 172.18.0.100 11/Oct/2025/12/00/46 GET /v1/AUTH_5bda23834ddc4612bf8f751838c88cec/gnocchi.cc368e42-063a-4df4-ad6f-e713b1d31cd5%3Fformat%3Djson%26states%3Dlisting HTTP/1.0 200 - python-swiftclient-3.11.1 gAAAAABo6kXKCvE5... - 357 - tx9c0bdfbfbed1461da80b8-0068ea46ee - 0.0165 - - 1760184046.393196106 1760184046.409710169 0
Oct 11 12:00:46 standalone container-server[129002]: 172.20.0.100 - - [11/Oct/2025:12:00:46 +0000] "GET /d1/931/AUTH_5bda23834ddc4612bf8f751838c88cec/gnocchi.cc368e42-063a-4df4-ad6f-e713b1d31cd5" 200 2 "GET http://172.18.0.2:8080/v1/AUTH_5bda23834ddc4612bf8f751838c88cec/gnocchi.cc368e42-063a-4df4-ad6f-e713b1d31cd5?format=json&marker=none_v3&states=listing" "tx31cd12c410914af7b1db1-0068ea46ee" "proxy-server 20" 0.0045 "-" 20 0
Oct 11 12:00:46 standalone proxy-server[130965]: 172.18.0.2 172.18.0.100 11/Oct/2025/12/00/46 GET /v1/AUTH_5bda23834ddc4612bf8f751838c88cec/gnocchi.cc368e42-063a-4df4-ad6f-e713b1d31cd5%3Fformat%3Djson%26marker%3Dnone_v3%26states%3Dlisting HTTP/1.0 200 - python-swiftclient-3.11.1 gAAAAABo6kXKCvE5... - 2 - tx31cd12c410914af7b1db1-0068ea46ee - 0.0159 - - 1760184046.413908482 1760184046.429770231 0
Oct 11 12:00:46 standalone object-server[129144]: 172.20.0.100 - - [11/Oct/2025:12:00:46 +0000] "GET /d1/924/AUTH_5bda23834ddc4612bf8f751838c88cec/gnocchi.cc368e42-063a-4df4-ad6f-e713b1d31cd5/1759320000.0_mean_300.0_v3" 200 16 "GET http://172.18.0.2:8080/v1/AUTH_5bda23834ddc4612bf8f751838c88cec/gnocchi.cc368e42-063a-4df4-ad6f-e713b1d31cd5/1759320000.0_mean_300.0_v3" "tx70fa22a9752d4116b17a9-0068ea46ee" "proxy-server 20" 0.0009 "-" 22 0
Oct 11 12:00:46 standalone proxy-server[130965]: 172.18.0.2 172.18.0.100 11/Oct/2025/12/00/46 GET /v1/AUTH_5bda23834ddc4612bf8f751838c88cec/gnocchi.cc368e42-063a-4df4-ad6f-e713b1d31cd5/1759320000.0_mean_300.0_v3 HTTP/1.0 200 - python-swiftclient-3.11.1 gAAAAABo6kXKCvE5... - 16 - tx70fa22a9752d4116b17a9-0068ea46ee - 0.0105 - - 1760184046.435178041 1760184046.445656061 0
Oct 11 12:00:46 standalone container-server[129018]: 172.20.0.100 - - [11/Oct/2025:12:00:46 +0000] "PUT /d1/931/AUTH_5bda23834ddc4612bf8f751838c88cec/gnocchi.cc368e42-063a-4df4-ad6f-e713b1d31cd5/1759320000.0_mean_300.0_v3" 201 - "PUT http://172.18.0.2:8080/d1/924/AUTH_5bda23834ddc4612bf8f751838c88cec/gnocchi.cc368e42-063a-4df4-ad6f-e713b1d31cd5/1759320000.0_mean_300.0_v3" "txf06d3775c76a4c3e8e4a0-0068ea46ee" "object-server 20" 0.0009 "-" 23 0
Oct 11 12:00:46 standalone object-server[129142]: 172.20.0.100 - - [11/Oct/2025:12:00:46 +0000] "PUT /d1/924/AUTH_5bda23834ddc4612bf8f751838c88cec/gnocchi.cc368e42-063a-4df4-ad6f-e713b1d31cd5/1759320000.0_mean_300.0_v3" 201 - "PUT http://172.18.0.2:8080/v1/AUTH_5bda23834ddc4612bf8f751838c88cec/gnocchi.cc368e42-063a-4df4-ad6f-e713b1d31cd5/1759320000.0_mean_300.0_v3" "txf06d3775c76a4c3e8e4a0-0068ea46ee" "proxy-server 20" 0.0185 "-" 20 0
Oct 11 12:00:46 standalone proxy-server[130965]: 172.18.0.2 172.18.0.100 11/Oct/2025/12/00/46 PUT /v1/AUTH_5bda23834ddc4612bf8f751838c88cec/gnocchi.cc368e42-063a-4df4-ad6f-e713b1d31cd5/1759320000.0_mean_300.0_v3 HTTP/1.0 201 - python-swiftclient-3.11.1 gAAAAABo6kXKCvE5... 23 - - txf06d3775c76a4c3e8e4a0-0068ea46ee - 0.0245 - - 1760184046.498888969 1760184046.523371935 0
Oct 11 12:00:46 standalone container-server[129014]: 172.20.0.100 - - [11/Oct/2025:12:00:46 +0000] "PUT /d1/931/AUTH_5bda23834ddc4612bf8f751838c88cec/gnocchi.cc368e42-063a-4df4-ad6f-e713b1d31cd5/none_v3" 201 - "PUT http://172.18.0.2:8080/d1/765/AUTH_5bda23834ddc4612bf8f751838c88cec/gnocchi.cc368e42-063a-4df4-ad6f-e713b1d31cd5/none_v3" "txc611e1bf63f142ea8c3fd-0068ea46ee" "object-server 22" 0.0006 "-" 21 0
Oct 11 12:00:46 standalone object-server[129144]: 172.20.0.100 - - [11/Oct/2025:12:00:46 +0000] "PUT /d1/765/AUTH_5bda23834ddc4612bf8f751838c88cec/gnocchi.cc368e42-063a-4df4-ad6f-e713b1d31cd5/none_v3" 201 - "PUT http://172.18.0.2:8080/v1/AUTH_5bda23834ddc4612bf8f751838c88cec/gnocchi.cc368e42-063a-4df4-ad6f-e713b1d31cd5/none_v3" "txc611e1bf63f142ea8c3fd-0068ea46ee" "proxy-server 20" 0.0116 "-" 22 0
Oct 11 12:00:46 standalone proxy-server[130965]: 172.18.0.2 172.18.0.100 11/Oct/2025/12/00/46 PUT /v1/AUTH_5bda23834ddc4612bf8f751838c88cec/gnocchi.cc368e42-063a-4df4-ad6f-e713b1d31cd5/none_v3 HTTP/1.0 201 - python-swiftclient-3.11.1 gAAAAABo6kXKCvE5... 22 - - txc611e1bf63f142ea8c3fd-0068ea46ee - 0.0181 - - 1760184046.529221535 1760184046.547320843 0
Oct 11 12:00:46 standalone container-server[129015]: 172.20.0.100 - - [11/Oct/2025:12:00:46 +0000] "HEAD /d1/823/AUTH_5bda23834ddc4612bf8f751838c88cec/gnocchi.c47d39c4-13e7-4c4d-a8b5-be5a55033dfa" 204 - "HEAD http://172.18.0.2:8080/v1/AUTH_5bda23834ddc4612bf8f751838c88cec/gnocchi.c47d39c4-13e7-4c4d-a8b5-be5a55033dfa?format=json&states=listing" "tx5ff1f1c9962046d3b8531-0068ea46ee" "proxy-server 20" 0.0066 "-" 22 0
Oct 11 12:00:46 standalone object-server[129145]: 172.20.0.100 - - [11/Oct/2025:12:00:46 +0000] "GET /d1/494/AUTH_5bda23834ddc4612bf8f751838c88cec/gnocchi.c47d39c4-13e7-4c4d-a8b5-be5a55033dfa/none_v3" 200 32 "GET http://172.18.0.2:8080/v1/AUTH_5bda23834ddc4612bf8f751838c88cec/gnocchi.c47d39c4-13e7-4c4d-a8b5-be5a55033dfa/none_v3" "tx5ff1f1c9962046d3b8531-0068ea46ee" "proxy-server 20" 0.0006 "-" 23 0
Oct 11 12:00:46 standalone proxy-server[130965]: 172.18.0.2 172.18.0.100 11/Oct/2025/12/00/46 GET /v1/AUTH_5bda23834ddc4612bf8f751838c88cec/gnocchi.c47d39c4-13e7-4c4d-a8b5-be5a55033dfa/none_v3 HTTP/1.0 200 - python-swiftclient-3.11.1 gAAAAABo6kXKCvE5... - 32 - tx5ff1f1c9962046d3b8531-0068ea46ee - 0.0165 - - 1760184046.561053753 1760184046.577527285 0
Oct 11 12:00:46 standalone container-server[129018]: 172.20.0.100 - - [11/Oct/2025:12:00:46 +0000] "GET /d1/823/AUTH_5bda23834ddc4612bf8f751838c88cec/gnocchi.c47d39c4-13e7-4c4d-a8b5-be5a55033dfa" 200 357 "GET http://172.18.0.2:8080/v1/AUTH_5bda23834ddc4612bf8f751838c88cec/gnocchi.c47d39c4-13e7-4c4d-a8b5-be5a55033dfa?format=json&states=listing" "txe41ae06aaaf44accae569-0068ea46ee" "proxy-server 20" 0.0029 "-" 23 0
Oct 11 12:00:46 standalone proxy-server[130965]: 172.18.0.2 172.18.0.100 11/Oct/2025/12/00/46 GET /v1/AUTH_5bda23834ddc4612bf8f751838c88cec/gnocchi.c47d39c4-13e7-4c4d-a8b5-be5a55033dfa%3Fformat%3Djson%26states%3Dlisting HTTP/1.0 200 - python-swiftclient-3.11.1 gAAAAABo6kXKCvE5... - 357 - txe41ae06aaaf44accae569-0068ea46ee - 0.0088 - - 1760184046.580770969 1760184046.589547634 0
Oct 11 12:00:46 standalone container-server[129015]: 172.20.0.100 - - [11/Oct/2025:12:00:46 +0000] "GET /d1/823/AUTH_5bda23834ddc4612bf8f751838c88cec/gnocchi.c47d39c4-13e7-4c4d-a8b5-be5a55033dfa" 200 2 "GET http://172.18.0.2:8080/v1/AUTH_5bda23834ddc4612bf8f751838c88cec/gnocchi.c47d39c4-13e7-4c4d-a8b5-be5a55033dfa?format=json&marker=none_v3&states=listing" "tx985df30e38fa4bc5acca2-0068ea46ee" "proxy-server 20" 0.0030 "-" 22 0
Oct 11 12:00:46 standalone proxy-server[130965]: 172.18.0.2 172.18.0.100 11/Oct/2025/12/00/46 GET /v1/AUTH_5bda23834ddc4612bf8f751838c88cec/gnocchi.c47d39c4-13e7-4c4d-a8b5-be5a55033dfa%3Fformat%3Djson%26marker%3Dnone_v3%26states%3Dlisting HTTP/1.0 200 - python-swiftclient-3.11.1 gAAAAABo6kXKCvE5... - 2 - tx985df30e38fa4bc5acca2-0068ea46ee - 0.0083 - - 1760184046.591866732 1760184046.600139856 0
Oct 11 12:00:46 standalone object-server[129145]: 172.20.0.100 - - [11/Oct/2025:12:00:46 +0000] "GET /d1/826/AUTH_5bda23834ddc4612bf8f751838c88cec/gnocchi.c47d39c4-13e7-4c4d-a8b5-be5a55033dfa/1759320000.0_mean_300.0_v3" 200 16 "GET http://172.18.0.2:8080/v1/AUTH_5bda23834ddc4612bf8f751838c88cec/gnocchi.c47d39c4-13e7-4c4d-a8b5-be5a55033dfa/1759320000.0_mean_300.0_v3" "tx407739faf0804b90994e8-0068ea46ee" "proxy-server 20" 0.0007 "-" 23 0
Oct 11 12:00:46 standalone proxy-server[130965]: 172.18.0.2 172.18.0.100 11/Oct/2025/12/00/46 GET /v1/AUTH_5bda23834ddc4612bf8f751838c88cec/gnocchi.c47d39c4-13e7-4c4d-a8b5-be5a55033dfa/1759320000.0_mean_300.0_v3 HTTP/1.0 200 - python-swiftclient-3.11.1 gAAAAABo6kXKCvE5... - 16 - tx407739faf0804b90994e8-0068ea46ee - 0.0056 - - 1760184046.603063583 1760184046.608702183 0
Oct 11 12:00:46 standalone container-server[129014]: 172.20.0.100 - - [11/Oct/2025:12:00:46 +0000] "PUT /d1/823/AUTH_5bda23834ddc4612bf8f751838c88cec/gnocchi.c47d39c4-13e7-4c4d-a8b5-be5a55033dfa/1759320000.0_mean_300.0_v3" 201 - "PUT http://172.18.0.2:8080/d1/826/AUTH_5bda23834ddc4612bf8f751838c88cec/gnocchi.c47d39c4-13e7-4c4d-a8b5-be5a55033dfa/1759320000.0_mean_300.0_v3" "tx3944297631c44943a964f-0068ea46ee" "object-server 20" 0.0009 "-" 21 0
Oct 11 12:00:46 standalone object-server[129142]: 172.20.0.100 - - [11/Oct/2025:12:00:46 +0000] "PUT /d1/826/AUTH_5bda23834ddc4612bf8f751838c88cec/gnocchi.c47d39c4-13e7-4c4d-a8b5-be5a55033dfa/1759320000.0_mean_300.0_v3" 201 - "PUT http://172.18.0.2:8080/v1/AUTH_5bda23834ddc4612bf8f751838c88cec/gnocchi.c47d39c4-13e7-4c4d-a8b5-be5a55033dfa/1759320000.0_mean_300.0_v3" "tx3944297631c44943a964f-0068ea46ee" "proxy-server 20" 0.0117 "-" 20 0
Oct 11 12:00:46 standalone proxy-server[130965]: 172.18.0.2 172.18.0.100 11/Oct/2025/12/00/46 PUT /v1/AUTH_5bda23834ddc4612bf8f751838c88cec/gnocchi.c47d39c4-13e7-4c4d-a8b5-be5a55033dfa/1759320000.0_mean_300.0_v3 HTTP/1.0 201 - python-swiftclient-3.11.1 gAAAAABo6kXKCvE5... 23 - - tx3944297631c44943a964f-0068ea46ee - 0.0189 - - 1760184046.613105774 1760184046.632010698 0
Oct 11 12:00:46 standalone container-server[129014]: 172.20.0.100 - - [11/Oct/2025:12:00:46 +0000] "PUT /d1/823/AUTH_5bda23834ddc4612bf8f751838c88cec/gnocchi.c47d39c4-13e7-4c4d-a8b5-be5a55033dfa/none_v3" 201 - "PUT http://172.18.0.2:8080/d1/494/AUTH_5bda23834ddc4612bf8f751838c88cec/gnocchi.c47d39c4-13e7-4c4d-a8b5-be5a55033dfa/none_v3" "tx6a0a62edf7304613bd2a3-0068ea46ee" "object-server 22" 0.0008 "-" 21 0
Oct 11 12:00:46 standalone object-server[129144]: 172.20.0.100 - - [11/Oct/2025:12:00:46 +0000] "PUT /d1/494/AUTH_5bda23834ddc4612bf8f751838c88cec/gnocchi.c47d39c4-13e7-4c4d-a8b5-be5a55033dfa/none_v3" 201 - "PUT http://172.18.0.2:8080/v1/AUTH_5bda23834ddc4612bf8f751838c88cec/gnocchi.c47d39c4-13e7-4c4d-a8b5-be5a55033dfa/none_v3" "tx6a0a62edf7304613bd2a3-0068ea46ee" "proxy-server 20" 0.0102 "-" 22 0
Oct 11 12:00:46 standalone proxy-server[130965]: 172.18.0.2 172.18.0.100 11/Oct/2025/12/00/46 PUT /v1/AUTH_5bda23834ddc4612bf8f751838c88cec/gnocchi.c47d39c4-13e7-4c4d-a8b5-be5a55033dfa/none_v3 HTTP/1.0 201 - python-swiftclient-3.11.1 gAAAAABo6kXKCvE5... 22 - - tx6a0a62edf7304613bd2a3-0068ea46ee - 0.0159 - - 1760184046.634747028 1760184046.650677443 0
Oct 11 12:00:46 standalone container-server[129018]: 172.20.0.100 - - [11/Oct/2025:12:00:46 +0000] "HEAD /d1/570/AUTH_5bda23834ddc4612bf8f751838c88cec/gnocchi.8e0effbb-a9ea-45fd-b141-52608a270c6c" 204 - "HEAD http://172.18.0.2:8080/v1/AUTH_5bda23834ddc4612bf8f751838c88cec/gnocchi.8e0effbb-a9ea-45fd-b141-52608a270c6c?format=json&states=listing" "txcd60c1146f7242c6a014c-0068ea46ee" "proxy-server 20" 0.0094 "-" 23 0
Oct 11 12:00:46 standalone object-server[129142]: 172.20.0.100 - - [11/Oct/2025:12:00:46 +0000] "GET /d1/675/AUTH_5bda23834ddc4612bf8f751838c88cec/gnocchi.8e0effbb-a9ea-45fd-b141-52608a270c6c/none_v3" 200 32 "GET http://172.18.0.2:8080/v1/AUTH_5bda23834ddc4612bf8f751838c88cec/gnocchi.8e0effbb-a9ea-45fd-b141-52608a270c6c/none_v3" "txcd60c1146f7242c6a014c-0068ea46ee" "proxy-server 20" 0.0013 "-" 20 0
Oct 11 12:00:46 standalone proxy-server[130965]: 172.18.0.2 172.18.0.100 11/Oct/2025/12/00/46 GET /v1/AUTH_5bda23834ddc4612bf8f751838c88cec/gnocchi.8e0effbb-a9ea-45fd-b141-52608a270c6c/none_v3 HTTP/1.0 200 - python-swiftclient-3.11.1 gAAAAABo6kXKCvE5... - 32 - txcd60c1146f7242c6a014c-0068ea46ee - 0.0216 - - 1760184046.659741402 1760184046.681313276 0
Oct 11 12:00:46 standalone container-server[129018]: 172.20.0.100 - - [11/Oct/2025:12:00:46 +0000] "GET /d1/570/AUTH_5bda23834ddc4612bf8f751838c88cec/gnocchi.8e0effbb-a9ea-45fd-b141-52608a270c6c" 200 357 "GET http://172.18.0.2:8080/v1/AUTH_5bda23834ddc4612bf8f751838c88cec/gnocchi.8e0effbb-a9ea-45fd-b141-52608a270c6c?format=json&states=listing" "tx30c6a367735840cb86a87-0068ea46ee" "proxy-server 20" 0.0020 "-" 23 0
Oct 11 12:00:46 standalone proxy-server[130965]: 172.18.0.2 172.18.0.100 11/Oct/2025/12/00/46 GET /v1/AUTH_5bda23834ddc4612bf8f751838c88cec/gnocchi.8e0effbb-a9ea-45fd-b141-52608a270c6c%3Fformat%3Djson%26states%3Dlisting HTTP/1.0 200 - python-swiftclient-3.11.1 gAAAAABo6kXKCvE5... - 357 - tx30c6a367735840cb86a87-0068ea46ee - 0.0081 - - 1760184046.684522390 1760184046.692627430 0
Oct 11 12:00:46 standalone container-server[129014]: 172.20.0.100 - - [11/Oct/2025:12:00:46 +0000] "GET /d1/570/AUTH_5bda23834ddc4612bf8f751838c88cec/gnocchi.8e0effbb-a9ea-45fd-b141-52608a270c6c" 200 2 "GET http://172.18.0.2:8080/v1/AUTH_5bda23834ddc4612bf8f751838c88cec/gnocchi.8e0effbb-a9ea-45fd-b141-52608a270c6c?format=json&marker=none_v3&states=listing" "tx28b8ca4c26824a18ae409-0068ea46ee" "proxy-server 20" 0.0042 "-" 21 0
Oct 11 12:00:46 standalone proxy-server[130965]: 172.18.0.2 172.18.0.100 11/Oct/2025/12/00/46 GET /v1/AUTH_5bda23834ddc4612bf8f751838c88cec/gnocchi.8e0effbb-a9ea-45fd-b141-52608a270c6c%3Fformat%3Djson%26marker%3Dnone_v3%26states%3Dlisting HTTP/1.0 200 - python-swiftclient-3.11.1 gAAAAABo6kXKCvE5... - 2 - tx28b8ca4c26824a18ae409-0068ea46ee - 0.0118 - - 1760184046.695066214 1760184046.706847191 0
Oct 11 12:00:46 standalone object-server[129145]: 172.20.0.100 - - [11/Oct/2025:12:00:46 +0000] "GET /d1/425/AUTH_5bda23834ddc4612bf8f751838c88cec/gnocchi.8e0effbb-a9ea-45fd-b141-52608a270c6c/1759320000.0_mean_300.0_v3" 200 16 "GET http://172.18.0.2:8080/v1/AUTH_5bda23834ddc4612bf8f751838c88cec/gnocchi.8e0effbb-a9ea-45fd-b141-52608a270c6c/1759320000.0_mean_300.0_v3" "tx2c0a0ba82bf347e2be6b2-0068ea46ee" "proxy-server 20" 0.0007 "-" 23 0
Oct 11 12:00:46 standalone proxy-server[130965]: 172.18.0.2 172.18.0.100 11/Oct/2025/12/00/46 GET /v1/AUTH_5bda23834ddc4612bf8f751838c88cec/gnocchi.8e0effbb-a9ea-45fd-b141-52608a270c6c/1759320000.0_mean_300.0_v3 HTTP/1.0 200 - python-swiftclient-3.11.1 gAAAAABo6kXKCvE5... - 16 - tx2c0a0ba82bf347e2be6b2-0068ea46ee - 0.0063 - - 1760184046.710283756 1760184046.716587543 0
Oct 11 12:00:46 standalone container-server[129014]: 172.20.0.100 - - [11/Oct/2025:12:00:46 +0000] "PUT /d1/570/AUTH_5bda23834ddc4612bf8f751838c88cec/gnocchi.8e0effbb-a9ea-45fd-b141-52608a270c6c/1759320000.0_mean_300.0_v3" 201 - "PUT http://172.18.0.2:8080/d1/425/AUTH_5bda23834ddc4612bf8f751838c88cec/gnocchi.8e0effbb-a9ea-45fd-b141-52608a270c6c/1759320000.0_mean_300.0_v3" "tx5b0e65d9f8514667b669b-0068ea46ee" "object-server 20" 0.0007 "-" 21 0
Oct 11 12:00:46 standalone object-server[129142]: 172.20.0.100 - - [11/Oct/2025:12:00:46 +0000] "PUT /d1/425/AUTH_5bda23834ddc4612bf8f751838c88cec/gnocchi.8e0effbb-a9ea-45fd-b141-52608a270c6c/1759320000.0_mean_300.0_v3" 201 - "PUT http://172.18.0.2:8080/v1/AUTH_5bda23834ddc4612bf8f751838c88cec/gnocchi.8e0effbb-a9ea-45fd-b141-52608a270c6c/1759320000.0_mean_300.0_v3" "tx5b0e65d9f8514667b669b-0068ea46ee" "proxy-server 20" 0.0117 "-" 20 0
Oct 11 12:00:46 standalone proxy-server[130965]: 172.18.0.2 172.18.0.100 11/Oct/2025/12/00/46 PUT /v1/AUTH_5bda23834ddc4612bf8f751838c88cec/gnocchi.8e0effbb-a9ea-45fd-b141-52608a270c6c/1759320000.0_mean_300.0_v3 HTTP/1.0 201 - python-swiftclient-3.11.1 gAAAAABo6kXKCvE5... 23 - - tx5b0e65d9f8514667b669b-0068ea46ee - 0.0171 - - 1760184046.719648838 1760184046.736732006 0
Oct 11 12:00:46 standalone container-server[129015]: 172.20.0.100 - - [11/Oct/2025:12:00:46 +0000] "PUT /d1/570/AUTH_5bda23834ddc4612bf8f751838c88cec/gnocchi.8e0effbb-a9ea-45fd-b141-52608a270c6c/none_v3" 201 - "PUT http://172.18.0.2:8080/d1/675/AUTH_5bda23834ddc4612bf8f751838c88cec/gnocchi.8e0effbb-a9ea-45fd-b141-52608a270c6c/none_v3" "tx68bbd62050bf460ebf191-0068ea46ee" "object-server 21" 0.0007 "-" 22 0
Oct 11 12:00:46 standalone object-server[129143]: 172.20.0.100 - - [11/Oct/2025:12:00:46 +0000] "PUT /d1/675/AUTH_5bda23834ddc4612bf8f751838c88cec/gnocchi.8e0effbb-a9ea-45fd-b141-52608a270c6c/none_v3" 201 - "PUT http://172.18.0.2:8080/v1/AUTH_5bda23834ddc4612bf8f751838c88cec/gnocchi.8e0effbb-a9ea-45fd-b141-52608a270c6c/none_v3" "tx68bbd62050bf460ebf191-0068ea46ee" "proxy-server 20" 0.0110 "-" 21 0
Oct 11 12:00:46 standalone proxy-server[130965]: 172.18.0.2 172.18.0.100 11/Oct/2025/12/00/46 PUT /v1/AUTH_5bda23834ddc4612bf8f751838c88cec/gnocchi.8e0effbb-a9ea-45fd-b141-52608a270c6c/none_v3 HTTP/1.0 201 - python-swiftclient-3.11.1 gAAAAABo6kXKCvE5... 22 - - tx68bbd62050bf460ebf191-0068ea46ee - 0.0172 - - 1760184046.738976240 1760184046.756187201 0
Oct 11 12:00:46 standalone container-server[129015]: 172.20.0.100 - - [11/Oct/2025:12:00:46 +0000] "HEAD /d1/21/AUTH_5bda23834ddc4612bf8f751838c88cec/gnocchi.51f94702-e125-4aa5-894a-8ec46f613ff8" 204 - "HEAD http://172.18.0.2:8080/v1/AUTH_5bda23834ddc4612bf8f751838c88cec/gnocchi.51f94702-e125-4aa5-894a-8ec46f613ff8?format=json&states=listing" "txd586fe88603341cb82144-0068ea46ee" "proxy-server 20" 0.0099 "-" 22 0
Oct 11 12:00:46 standalone object-server[129142]: 172.20.0.100 - - [11/Oct/2025:12:00:46 +0000] "GET /d1/451/AUTH_5bda23834ddc4612bf8f751838c88cec/gnocchi.51f94702-e125-4aa5-894a-8ec46f613ff8/none_v3" 200 32 "GET http://172.18.0.2:8080/v1/AUTH_5bda23834ddc4612bf8f751838c88cec/gnocchi.51f94702-e125-4aa5-894a-8ec46f613ff8/none_v3" "txd586fe88603341cb82144-0068ea46ee" "proxy-server 20" 0.0023 "-" 20 0
Oct 11 12:00:46 standalone proxy-server[130965]: 172.18.0.2 172.18.0.100 11/Oct/2025/12/00/46 GET /v1/AUTH_5bda23834ddc4612bf8f751838c88cec/gnocchi.51f94702-e125-4aa5-894a-8ec46f613ff8/none_v3 HTTP/1.0 200 - python-swiftclient-3.11.1 gAAAAABo6kXKCvE5... - 32 - txd586fe88603341cb82144-0068ea46ee - 0.0258 - - 1760184046.764923811 1760184046.790772676 0
Oct 11 12:00:46 standalone container-server[129018]: 172.20.0.100 - - [11/Oct/2025:12:00:46 +0000] "GET /d1/21/AUTH_5bda23834ddc4612bf8f751838c88cec/gnocchi.51f94702-e125-4aa5-894a-8ec46f613ff8" 200 357 "GET http://172.18.0.2:8080/v1/AUTH_5bda23834ddc4612bf8f751838c88cec/gnocchi.51f94702-e125-4aa5-894a-8ec46f613ff8?format=json&states=listing" "tx50004f5d596f4e9b9bed8-0068ea46ee" "proxy-server 20" 0.0055 "-" 23 0
Oct 11 12:00:46 standalone proxy-server[130965]: 172.18.0.2 172.18.0.100 11/Oct/2025/12/00/46 GET /v1/AUTH_5bda23834ddc4612bf8f751838c88cec/gnocchi.51f94702-e125-4aa5-894a-8ec46f613ff8%3Fformat%3Djson%26states%3Dlisting HTTP/1.0 200 - python-swiftclient-3.11.1 gAAAAABo6kXKCvE5... - 357 - tx50004f5d596f4e9b9bed8-0068ea46ee - 0.0142 - - 1760184046.794329166 1760184046.808575630 0
Oct 11 12:00:46 standalone container-server[129015]: 172.20.0.100 - - [11/Oct/2025:12:00:46 +0000] "GET /d1/21/AUTH_5bda23834ddc4612bf8f751838c88cec/gnocchi.51f94702-e125-4aa5-894a-8ec46f613ff8" 200 2 "GET http://172.18.0.2:8080/v1/AUTH_5bda23834ddc4612bf8f751838c88cec/gnocchi.51f94702-e125-4aa5-894a-8ec46f613ff8?format=json&marker=none_v3&states=listing" "tx3cc20b7f2660456c87755-0068ea46ee" "proxy-server 20" 0.0034 "-" 22 0
Oct 11 12:00:46 standalone proxy-server[130965]: 172.18.0.2 172.18.0.100 11/Oct/2025/12/00/46 GET /v1/AUTH_5bda23834ddc4612bf8f751838c88cec/gnocchi.51f94702-e125-4aa5-894a-8ec46f613ff8%3Fformat%3Djson%26marker%3Dnone_v3%26states%3Dlisting HTTP/1.0 200 - python-swiftclient-3.11.1 gAAAAABo6kXKCvE5... - 2 - tx3cc20b7f2660456c87755-0068ea46ee - 0.0110 - - 1760184046.811543226 1760184046.822591066 0
Oct 11 12:00:46 standalone object-server[129145]: 172.20.0.100 - - [11/Oct/2025:12:00:46 +0000] "GET /d1/503/AUTH_5bda23834ddc4612bf8f751838c88cec/gnocchi.51f94702-e125-4aa5-894a-8ec46f613ff8/1759320000.0_mean_300.0_v3" 200 16 "GET http://172.18.0.2:8080/v1/AUTH_5bda23834ddc4612bf8f751838c88cec/gnocchi.51f94702-e125-4aa5-894a-8ec46f613ff8/1759320000.0_mean_300.0_v3" "tx85e7878538964b98be8b3-0068ea46ee" "proxy-server 20" 0.0011 "-" 23 0
Oct 11 12:00:46 standalone proxy-server[130965]: 172.18.0.2 172.18.0.100 11/Oct/2025/12/00/46 GET /v1/AUTH_5bda23834ddc4612bf8f751838c88cec/gnocchi.51f94702-e125-4aa5-894a-8ec46f613ff8/1759320000.0_mean_300.0_v3 HTTP/1.0 200 - python-swiftclient-3.11.1 gAAAAABo6kXKCvE5... - 16 - tx85e7878538964b98be8b3-0068ea46ee - 0.0085 - - 1760184046.826602697 1760184046.835097551 0
Oct 11 12:00:46 standalone container-server[129002]: 172.20.0.100 - - [11/Oct/2025:12:00:46 +0000] "PUT /d1/21/AUTH_5bda23834ddc4612bf8f751838c88cec/gnocchi.51f94702-e125-4aa5-894a-8ec46f613ff8/1759320000.0_mean_300.0_v3" 201 - "PUT http://172.18.0.2:8080/d1/503/AUTH_5bda23834ddc4612bf8f751838c88cec/gnocchi.51f94702-e125-4aa5-894a-8ec46f613ff8/1759320000.0_mean_300.0_v3" "txecf7094a771d44a597ed7-0068ea46ee" "object-server 22" 0.0007 "-" 20 0
Oct 11 12:00:46 standalone object-server[129144]: 172.20.0.100 - - [11/Oct/2025:12:00:46 +0000] "PUT /d1/503/AUTH_5bda23834ddc4612bf8f751838c88cec/gnocchi.51f94702-e125-4aa5-894a-8ec46f613ff8/1759320000.0_mean_300.0_v3" 201 - "PUT http://172.18.0.2:8080/v1/AUTH_5bda23834ddc4612bf8f751838c88cec/gnocchi.51f94702-e125-4aa5-894a-8ec46f613ff8/1759320000.0_mean_300.0_v3" "txecf7094a771d44a597ed7-0068ea46ee" "proxy-server 20" 0.0096 "-" 22 0
