Oct 11 11:57:49 standalone object-server[129145]: 172.20.0.100 - - [11/Oct/2025:11:57:49 +0000] "GET /d1/674/AUTH_5bda23834ddc4612bf8f751838c88cec/gnocchi.bb4b4a09-4087-44aa-897d-c0a14a586f73/none_v3" 404 70 "GET http://172.18.0.2:8080/v1/AUTH_5bda23834ddc4612bf8f751838c88cec/gnocchi.bb4b4a09-4087-44aa-897d-c0a14a586f73/none_v3" "tx7f79d69b38db43739b529-0068ea463d" "proxy-server 20" 0.0008 "-" 23 0
Oct 11 11:57:49 standalone proxy-server[130965]: 172.18.0.2 172.18.0.100 11/Oct/2025/11/57/49 GET /v1/AUTH_5bda23834ddc4612bf8f751838c88cec/gnocchi.bb4b4a09-4087-44aa-897d-c0a14a586f73/none_v3 HTTP/1.0 404 - python-swiftclient-3.11.1 gAAAAABo6kXKCvE5... - 70 - tx7f79d69b38db43739b529-0068ea463d - 0.0107 - - 1760183869.847864389 1760183869.858518124 0
Oct 11 11:57:49 standalone account-server[128989]: 172.20.0.100 - - [11/Oct/2025:11:57:49 +0000] "PUT /d1/333/AUTH_5bda23834ddc4612bf8f751838c88cec/gnocchi.bb4b4a09-4087-44aa-897d-c0a14a586f73" 201 - "PUT http://172.20.0.100:6001/d1/138/AUTH_5bda23834ddc4612bf8f751838c88cec/gnocchi.bb4b4a09-4087-44aa-897d-c0a14a586f73" "txa04fa6e14e814de7b55bd-0068ea463d" "container-server 23" 0.0070 "-" 16 0
Oct 11 11:57:49 standalone container-server[129018]: 172.20.0.100 - - [11/Oct/2025:11:57:49 +0000] "PUT /d1/138/AUTH_5bda23834ddc4612bf8f751838c88cec/gnocchi.bb4b4a09-4087-44aa-897d-c0a14a586f73" 201 - "PUT http://172.18.0.2:8080/v1/AUTH_5bda23834ddc4612bf8f751838c88cec/gnocchi.bb4b4a09-4087-44aa-897d-c0a14a586f73" "txa04fa6e14e814de7b55bd-0068ea463d" "proxy-server 20" 0.0244 "-" 23 0
Oct 11 11:57:49 standalone proxy-server[130965]: 172.18.0.2 172.18.0.100 11/Oct/2025/11/57/49 PUT /v1/AUTH_5bda23834ddc4612bf8f751838c88cec/gnocchi.bb4b4a09-4087-44aa-897d-c0a14a586f73 HTTP/1.0 201 - python-swiftclient-3.11.1 gAAAAABo6kXKCvE5... - - - txa04fa6e14e814de7b55bd-0068ea463d - 0.0288 - - 1760183869.861234188 1760183869.890028238 0
Oct 11 11:57:49 standalone container-server[129002]: 172.20.0.100 - - [11/Oct/2025:11:57:49 +0000] "HEAD /d1/138/AUTH_5bda23834ddc4612bf8f751838c88cec/gnocchi.bb4b4a09-4087-44aa-897d-c0a14a586f73" 204 - "HEAD http://172.18.0.2:8080/v1/AUTH_5bda23834ddc4612bf8f751838c88cec/gnocchi.bb4b4a09-4087-44aa-897d-c0a14a586f73?format=json&states=listing" "tx208302381b9f41e2b30e0-0068ea463d" "proxy-server 20" 0.0022 "-" 20 0
Oct 11 11:57:49 standalone proxy-server[130965]: - - 11/Oct/2025/11/57/49 HEAD /v1/AUTH_5bda23834ddc4612bf8f751838c88cec/gnocchi.bb4b4a09-4087-44aa-897d-c0a14a586f73%3Fformat%3Djson%26states%3Dlisting HTTP/1.0 204 - Swift - - - - tx208302381b9f41e2b30e0-0068ea463d - 0.0056 RL - 1760183869.894105673 1760183869.899725914 0
Oct 11 11:57:49 standalone container-server[129015]: 172.20.0.100 - - [11/Oct/2025:11:57:49 +0000] "GET /d1/138/AUTH_5bda23834ddc4612bf8f751838c88cec/gnocchi.bb4b4a09-4087-44aa-897d-c0a14a586f73" 200 2 "GET http://172.18.0.2:8080/v1/AUTH_5bda23834ddc4612bf8f751838c88cec/gnocchi.bb4b4a09-4087-44aa-897d-c0a14a586f73?format=json&states=listing" "tx208302381b9f41e2b30e0-0068ea463d" "proxy-server 20" 0.0021 "-" 22 0
Oct 11 11:57:49 standalone proxy-server[130965]: 172.18.0.2 172.18.0.100 11/Oct/2025/11/57/49 GET /v1/AUTH_5bda23834ddc4612bf8f751838c88cec/gnocchi.bb4b4a09-4087-44aa-897d-c0a14a586f73%3Fformat%3Djson%26states%3Dlisting HTTP/1.0 200 - python-swiftclient-3.11.1 gAAAAABo6kXKCvE5... - 2 - tx208302381b9f41e2b30e0-0068ea463d - 0.0138 - - 1760183869.893229008 1760183869.907024860 0
Oct 11 11:57:49 standalone object-server[129143]: 172.20.0.100 - - [11/Oct/2025:11:57:49 +0000] "GET /d1/254/AUTH_5bda23834ddc4612bf8f751838c88cec/gnocchi.bb4b4a09-4087-44aa-897d-c0a14a586f73/1759320000.0_mean_300.0_v3" 404 70 "GET http://172.18.0.2:8080/v1/AUTH_5bda23834ddc4612bf8f751838c88cec/gnocchi.bb4b4a09-4087-44aa-897d-c0a14a586f73/1759320000.0_mean_300.0_v3" "txfe3e3d24d432452399cf2-0068ea463d" "proxy-server 20" 0.0004 "-" 21 0
Oct 11 11:57:49 standalone proxy-server[130965]: 172.18.0.2 172.18.0.100 11/Oct/2025/11/57/49 GET /v1/AUTH_5bda23834ddc4612bf8f751838c88cec/gnocchi.bb4b4a09-4087-44aa-897d-c0a14a586f73/1759320000.0_mean_300.0_v3 HTTP/1.0 404 - python-swiftclient-3.11.1 gAAAAABo6kXKCvE5... - 70 - txfe3e3d24d432452399cf2-0068ea463d - 0.0061 - - 1760183869.910203218 1760183869.916337252 0
Oct 11 11:57:49 standalone container-server[129002]: 172.20.0.100 - - [11/Oct/2025:11:57:49 +0000] "PUT /d1/138/AUTH_5bda23834ddc4612bf8f751838c88cec/gnocchi.bb4b4a09-4087-44aa-897d-c0a14a586f73/1759320000.0_mean_300.0_v3" 201 - "PUT http://172.18.0.2:8080/d1/254/AUTH_5bda23834ddc4612bf8f751838c88cec/gnocchi.bb4b4a09-4087-44aa-897d-c0a14a586f73/1759320000.0_mean_300.0_v3" "txdbb9df62abe74d43ba5e5-0068ea463d" "object-server 21" 0.0009 "-" 20 0
Oct 11 11:57:49 standalone object-server[129143]: 172.20.0.100 - - [11/Oct/2025:11:57:49 +0000] "PUT /d1/254/AUTH_5bda23834ddc4612bf8f751838c88cec/gnocchi.bb4b4a09-4087-44aa-897d-c0a14a586f73/1759320000.0_mean_300.0_v3" 201 - "PUT http://172.18.0.2:8080/v1/AUTH_5bda23834ddc4612bf8f751838c88cec/gnocchi.bb4b4a09-4087-44aa-897d-c0a14a586f73/1759320000.0_mean_300.0_v3" "txdbb9df62abe74d43ba5e5-0068ea463d" "proxy-server 20" 0.0112 "-" 21 0
Oct 11 11:57:49 standalone proxy-server[130965]: 172.18.0.2 172.18.0.100 11/Oct/2025/11/57/49 PUT /v1/AUTH_5bda23834ddc4612bf8f751838c88cec/gnocchi.bb4b4a09-4087-44aa-897d-c0a14a586f73/1759320000.0_mean_300.0_v3 HTTP/1.0 201 - python-swiftclient-3.11.1 gAAAAABo6kXKCvE5... 16 - - txdbb9df62abe74d43ba5e5-0068ea463d - 0.0168 - - 1760183869.919502020 1760183869.936343670 0
Oct 11 11:57:49 standalone container-server[129014]: 172.20.0.100 - - [11/Oct/2025:11:57:49 +0000] "PUT /d1/138/AUTH_5bda23834ddc4612bf8f751838c88cec/gnocchi.bb4b4a09-4087-44aa-897d-c0a14a586f73/none_v3" 201 - "PUT http://172.18.0.2:8080/d1/674/AUTH_5bda23834ddc4612bf8f751838c88cec/gnocchi.bb4b4a09-4087-44aa-897d-c0a14a586f73/none_v3" "txb109f53a0bbb460aa5d49-0068ea463d" "object-server 20" 0.0011 "-" 21 0
Oct 11 11:57:49 standalone object-server[129142]: 172.20.0.100 - - [11/Oct/2025:11:57:49 +0000] "PUT /d1/674/AUTH_5bda23834ddc4612bf8f751838c88cec/gnocchi.bb4b4a09-4087-44aa-897d-c0a14a586f73/none_v3" 201 - "PUT http://172.18.0.2:8080/v1/AUTH_5bda23834ddc4612bf8f751838c88cec/gnocchi.bb4b4a09-4087-44aa-897d-c0a14a586f73/none_v3" "txb109f53a0bbb460aa5d49-0068ea463d" "proxy-server 20" 0.0134 "-" 20 0
Oct 11 11:57:49 standalone proxy-server[130965]: 172.18.0.2 172.18.0.100 11/Oct/2025/11/57/49 PUT /v1/AUTH_5bda23834ddc4612bf8f751838c88cec/gnocchi.bb4b4a09-4087-44aa-897d-c0a14a586f73/none_v3 HTTP/1.0 201 - python-swiftclient-3.11.1 gAAAAABo6kXKCvE5... 22 - - txb109f53a0bbb460aa5d49-0068ea463d - 0.0173 - - 1760183869.939283371 1760183869.956629992 0
Oct 11 11:57:50 standalone object-server[129144]: 172.20.0.100 - - [11/Oct/2025:11:57:50 +0000] "GET /d1/674/AUTH_5bda23834ddc4612bf8f751838c88cec/gnocchi.bb4b4a09-4087-44aa-897d-c0a14a586f73/none_v3" 200 22 "GET http://172.18.0.2:8080/v1/AUTH_5bda23834ddc4612bf8f751838c88cec/gnocchi.bb4b4a09-4087-44aa-897d-c0a14a586f73/none_v3" "txcc6247c93bb64c3b9aab0-0068ea463e" "proxy-server 20" 0.0018 "-" 22 0
Oct 11 11:57:50 standalone proxy-server[130965]: 172.18.0.2 172.18.0.100 11/Oct/2025/11/57/50 GET /v1/AUTH_5bda23834ddc4612bf8f751838c88cec/gnocchi.bb4b4a09-4087-44aa-897d-c0a14a586f73/none_v3 HTTP/1.0 200 - python-swiftclient-3.11.1 gAAAAABo6kXKCvE5... - 22 - txcc6247c93bb64c3b9aab0-0068ea463e - 0.0172 - - 1760183870.875387669 1760183870.892637253 0
Oct 11 11:57:50 standalone container-server[129015]: 172.20.0.100 - - [11/Oct/2025:11:57:50 +0000] "GET /d1/138/AUTH_5bda23834ddc4612bf8f751838c88cec/gnocchi.bb4b4a09-4087-44aa-897d-c0a14a586f73" 200 357 "GET http://172.18.0.2:8080/v1/AUTH_5bda23834ddc4612bf8f751838c88cec/gnocchi.bb4b4a09-4087-44aa-897d-c0a14a586f73?format=json&states=listing" "txeb009daea76449dc9c8bc-0068ea463e" "proxy-server 20" 0.0220 "-" 22 0
Oct 11 11:57:50 standalone proxy-server[130965]: 172.18.0.2 172.18.0.100 11/Oct/2025/11/57/50 GET /v1/AUTH_5bda23834ddc4612bf8f751838c88cec/gnocchi.bb4b4a09-4087-44aa-897d-c0a14a586f73%3Fformat%3Djson%26states%3Dlisting HTTP/1.0 200 - python-swiftclient-3.11.1 gAAAAABo6kXKCvE5... - 357 - txeb009daea76449dc9c8bc-0068ea463e - 0.0330 - - 1760183870.898973465 1760183870.931974888 0
Oct 11 11:57:50 standalone container-server[129015]: 172.20.0.100 - - [11/Oct/2025:11:57:50 +0000] "GET /d1/138/AUTH_5bda23834ddc4612bf8f751838c88cec/gnocchi.bb4b4a09-4087-44aa-897d-c0a14a586f73" 200 2 "GET http://172.18.0.2:8080/v1/AUTH_5bda23834ddc4612bf8f751838c88cec/gnocchi.bb4b4a09-4087-44aa-897d-c0a14a586f73?format=json&marker=none_v3&states=listing" "tx82e72e2f180a4911982c1-0068ea463e" "proxy-server 20" 0.0041 "-" 22 0
Oct 11 11:57:50 standalone proxy-server[130965]: 172.18.0.2 172.18.0.100 11/Oct/2025/11/57/50 GET /v1/AUTH_5bda23834ddc4612bf8f751838c88cec/gnocchi.bb4b4a09-4087-44aa-897d-c0a14a586f73%3Fformat%3Djson%26marker%3Dnone_v3%26states%3Dlisting HTTP/1.0 200 - python-swiftclient-3.11.1 gAAAAABo6kXKCvE5... - 2 - tx82e72e2f180a4911982c1-0068ea463e - 0.0131 - - 1760183870.937206984 1760183870.950328350 0
Oct 11 11:57:50 standalone object-server[129145]: 172.20.0.100 - - [11/Oct/2025:11:57:50 +0000] "GET /d1/254/AUTH_5bda23834ddc4612bf8f751838c88cec/gnocchi.bb4b4a09-4087-44aa-897d-c0a14a586f73/1759320000.0_mean_300.0_v3" 200 16 "GET http://172.18.0.2:8080/v1/AUTH_5bda23834ddc4612bf8f751838c88cec/gnocchi.bb4b4a09-4087-44aa-897d-c0a14a586f73/1759320000.0_mean_300.0_v3" "txd7d92f7c991e4b459fbd3-0068ea463e" "proxy-server 20" 0.0011 "-" 23 0
Oct 11 11:57:50 standalone proxy-server[130965]: 172.18.0.2 172.18.0.100 11/Oct/2025/11/57/50 GET /v1/AUTH_5bda23834ddc4612bf8f751838c88cec/gnocchi.bb4b4a09-4087-44aa-897d-c0a14a586f73/1759320000.0_mean_300.0_v3 HTTP/1.0 200 - python-swiftclient-3.11.1 gAAAAABo6kXKCvE5... - 16 - txd7d92f7c991e4b459fbd3-0068ea463e - 0.0101 - - 1760183870.956059694 1760183870.966152668 0
Oct 11 11:57:50 standalone container-server[129014]: 172.20.0.100 - - [11/Oct/2025:11:57:50 +0000] "PUT /d1/138/AUTH_5bda23834ddc4612bf8f751838c88cec/gnocchi.bb4b4a09-4087-44aa-897d-c0a14a586f73/1759320000.0_mean_300.0_v3" 201 - "PUT http://172.18.0.2:8080/d1/254/AUTH_5bda23834ddc4612bf8f751838c88cec/gnocchi.bb4b4a09-4087-44aa-897d-c0a14a586f73/1759320000.0_mean_300.0_v3" "tx76d195fadddb49fca1c82-0068ea463e" "object-server 22" 0.0011 "-" 21 0
Oct 11 11:57:50 standalone object-server[129144]: 172.20.0.100 - - [11/Oct/2025:11:57:50 +0000] "PUT /d1/254/AUTH_5bda23834ddc4612bf8f751838c88cec/gnocchi.bb4b4a09-4087-44aa-897d-c0a14a586f73/1759320000.0_mean_300.0_v3" 201 - "PUT http://172.18.0.2:8080/v1/AUTH_5bda23834ddc4612bf8f751838c88cec/gnocchi.bb4b4a09-4087-44aa-897d-c0a14a586f73/1759320000.0_mean_300.0_v3" "tx76d195fadddb49fca1c82-0068ea463e" "proxy-server 20" 0.0152 "-" 22 0
Oct 11 11:57:50 standalone proxy-server[130965]: 172.18.0.2 172.18.0.100 11/Oct/2025/11/57/50 PUT /v1/AUTH_5bda23834ddc4612bf8f751838c88cec/gnocchi.bb4b4a09-4087-44aa-897d-c0a14a586f73/1759320000.0_mean_300.0_v3 HTTP/1.0 201 - python-swiftclient-3.11.1 gAAAAABo6kXKCvE5... 16 - - tx76d195fadddb49fca1c82-0068ea463e - 0.0239 - - 1760183870.970615149 1760183870.994557619 0
Oct 11 11:57:51 standalone container-server[129018]: 172.20.0.100 - - [11/Oct/2025:11:57:51 +0000] "PUT /d1/138/AUTH_5bda23834ddc4612bf8f751838c88cec/gnocchi.bb4b4a09-4087-44aa-897d-c0a14a586f73/none_v3" 201 - "PUT http://172.18.0.2:8080/d1/674/AUTH_5bda23834ddc4612bf8f751838c88cec/gnocchi.bb4b4a09-4087-44aa-897d-c0a14a586f73/none_v3" "tx25475f6b6d6e438fa7efb-0068ea463e" "object-server 21" 0.0011 "-" 23 0
Oct 11 11:57:51 standalone object-server[129143]: 172.20.0.100 - - [11/Oct/2025:11:57:51 +0000] "PUT /d1/674/AUTH_5bda23834ddc4612bf8f751838c88cec/gnocchi.bb4b4a09-4087-44aa-897d-c0a14a586f73/none_v3" 201 - "PUT http://172.18.0.2:8080/v1/AUTH_5bda23834ddc4612bf8f751838c88cec/gnocchi.bb4b4a09-4087-44aa-897d-c0a14a586f73/none_v3" "tx25475f6b6d6e438fa7efb-0068ea463e" "proxy-server 20" 0.0142 "-" 21 0
Oct 11 11:57:51 standalone proxy-server[130965]: 172.18.0.2 172.18.0.100 11/Oct/2025/11/57/51 PUT /v1/AUTH_5bda23834ddc4612bf8f751838c88cec/gnocchi.bb4b4a09-4087-44aa-897d-c0a14a586f73/none_v3 HTTP/1.0 201 - python-swiftclient-3.11.1 gAAAAABo6kXKCvE5... 31 - - tx25475f6b6d6e438fa7efb-0068ea463e - 0.0225 - - 1760183870.998506308 1760183871.021004438 0
Oct 11 11:58:00 standalone account-server[128982]: 172.20.0.100 - - [11/Oct/2025:11:58:00 +0000] "HEAD /d1/333/AUTH_5bda23834ddc4612bf8f751838c88cec" 204 - "HEAD http://172.18.0.2:8080/v1/AUTH_5bda23834ddc4612bf8f751838c88cec?format=json" "txcee0ec8cb4e544a79ec80-0068ea4648" "proxy-server 20" 0.0084 "-" 15 -
Oct 11 11:58:00 standalone proxy-server[130965]: - - 11/Oct/2025/11/58/00 HEAD /v1/AUTH_5bda23834ddc4612bf8f751838c88cec%3Fformat%3Djson HTTP/1.0 204 - Swift - - - - txcee0ec8cb4e544a79ec80-0068ea4648 - 0.0138 RL - 1760183880.192151546 1760183880.205925465 -
Oct 11 11:58:00 standalone object-server[129143]: 172.20.0.100 - - [11/Oct/2025:11:58:00 +0000] "GET /d1/836/AUTH_5bda23834ddc4612bf8f751838c88cec/gnocchi.b85da839-c8b6-4fbe-a792-a234f63819dd/none_v3" 200 32 "GET http://172.18.0.2:8080/v1/AUTH_5bda23834ddc4612bf8f751838c88cec/gnocchi.b85da839-c8b6-4fbe-a792-a234f63819dd/none_v3" "txcee0ec8cb4e544a79ec80-0068ea4648" "proxy-server 20" 0.0017 "-" 21 0
Oct 11 11:58:00 standalone proxy-server[130965]: 172.18.0.2 172.18.0.100 11/Oct/2025/11/58/00 GET /v1/AUTH_5bda23834ddc4612bf8f751838c88cec/gnocchi.b85da839-c8b6-4fbe-a792-a234f63819dd/none_v3 HTTP/1.0 200 - python-swiftclient-3.11.1 gAAAAABo6kXKCvE5... - 32 - txcee0ec8cb4e544a79ec80-0068ea4648 - 0.0298 - - 1760183880.191076756 1760183880.220912218 0
Oct 11 11:58:00 standalone container-server[129014]: 172.20.0.100 - - [11/Oct/2025:11:58:00 +0000] "GET /d1/206/AUTH_5bda23834ddc4612bf8f751838c88cec/gnocchi.b85da839-c8b6-4fbe-a792-a234f63819dd" 200 357 "GET http://172.18.0.2:8080/v1/AUTH_5bda23834ddc4612bf8f751838c88cec/gnocchi.b85da839-c8b6-4fbe-a792-a234f63819dd?format=json&states=listing" "tx18f70260454a44b3a78fd-0068ea4648" "proxy-server 20" 0.0152 "-" 21 0
Oct 11 11:58:00 standalone proxy-server[130965]: 172.18.0.2 172.18.0.100 11/Oct/2025/11/58/00 GET /v1/AUTH_5bda23834ddc4612bf8f751838c88cec/gnocchi.b85da839-c8b6-4fbe-a792-a234f63819dd%3Fformat%3Djson%26states%3Dlisting HTTP/1.0 200 - python-swiftclient-3.11.1 gAAAAABo6kXKCvE5... - 357 - tx18f70260454a44b3a78fd-0068ea4648 - 0.0257 - - 1760183880.226121426 1760183880.251841068 0
Oct 11 11:58:00 standalone container-server[129014]: 172.20.0.100 - - [11/Oct/2025:11:58:00 +0000] "GET /d1/206/AUTH_5bda23834ddc4612bf8f751838c88cec/gnocchi.b85da839-c8b6-4fbe-a792-a234f63819dd" 200 2 "GET http://172.18.0.2:8080/v1/AUTH_5bda23834ddc4612bf8f751838c88cec/gnocchi.b85da839-c8b6-4fbe-a792-a234f63819dd?format=json&marker=none_v3&states=listing" "tx201cc2a10cdd46d8a15ce-0068ea4648" "proxy-server 20" 0.0027 "-" 21 0
Oct 11 11:58:00 standalone proxy-server[130965]: 172.18.0.2 172.18.0.100 11/Oct/2025/11/58/00 GET /v1/AUTH_5bda23834ddc4612bf8f751838c88cec/gnocchi.b85da839-c8b6-4fbe-a792-a234f63819dd%3Fformat%3Djson%26marker%3Dnone_v3%26states%3Dlisting HTTP/1.0 200 - python-swiftclient-3.11.1 gAAAAABo6kXKCvE5... - 2 - tx201cc2a10cdd46d8a15ce-0068ea4648 - 0.0102 - - 1760183880.260276318 1760183880.270460129 0
Oct 11 11:58:00 standalone object-server[129144]: 172.20.0.100 - - [11/Oct/2025:11:58:00 +0000] "GET /d1/560/AUTH_5bda23834ddc4612bf8f751838c88cec/gnocchi.b85da839-c8b6-4fbe-a792-a234f63819dd/1759320000.0_mean_300.0_v3" 200 16 "GET http://172.18.0.2:8080/v1/AUTH_5bda23834ddc4612bf8f751838c88cec/gnocchi.b85da839-c8b6-4fbe-a792-a234f63819dd/1759320000.0_mean_300.0_v3" "tx57f7c350d9364a0094a4a-0068ea4648" "proxy-server 20" 0.0011 "-" 22 0
Oct 11 11:58:00 standalone proxy-server[130965]: 172.18.0.2 172.18.0.100 11/Oct/2025/11/58/00 GET /v1/AUTH_5bda23834ddc4612bf8f751838c88cec/gnocchi.b85da839-c8b6-4fbe-a792-a234f63819dd/1759320000.0_mean_300.0_v3 HTTP/1.0 200 - python-swiftclient-3.11.1 gAAAAABo6kXKCvE5... - 16 - tx57f7c350d9364a0094a4a-0068ea4648 - 0.0074 - - 1760183880.276804209 1760183880.284168243 0
Oct 11 11:58:00 standalone container-server[129015]: 172.20.0.100 - - [11/Oct/2025:11:58:00 +0000] "PUT /d1/206/AUTH_5bda23834ddc4612bf8f751838c88cec/gnocchi.b85da839-c8b6-4fbe-a792-a234f63819dd/1759320000.0_mean_300.0_v3" 201 - "PUT http://172.18.0.2:8080/d1/560/AUTH_5bda23834ddc4612bf8f751838c88cec/gnocchi.b85da839-c8b6-4fbe-a792-a234f63819dd/1759320000.0_mean_300.0_v3" "tx0fd1147914294784898e5-0068ea4648" "object-server 23" 0.0006 "-" 22 0
Oct 11 11:58:00 standalone object-server[129145]: 172.20.0.100 - - [11/Oct/2025:11:58:00 +0000] "PUT /d1/560/AUTH_5bda23834ddc4612bf8f751838c88cec/gnocchi.b85da839-c8b6-4fbe-a792-a234f63819dd/1759320000.0_mean_300.0_v3" 201 - "PUT http://172.18.0.2:8080/v1/AUTH_5bda23834ddc4612bf8f751838c88cec/gnocchi.b85da839-c8b6-4fbe-a792-a234f63819dd/1759320000.0_mean_300.0_v3" "tx0fd1147914294784898e5-0068ea4648" "proxy-server 20" 0.0094 "-" 23 0
Oct 11 11:58:00 standalone proxy-server[130965]: 172.18.0.2 172.18.0.100 11/Oct/2025/11/58/00 PUT /v1/AUTH_5bda23834ddc4612bf8f751838c88cec/gnocchi.b85da839-c8b6-4fbe-a792-a234f63819dd/1759320000.0_mean_300.0_v3 HTTP/1.0 201 - python-swiftclient-3.11.1 gAAAAABo6kXKCvE5... 16 - - tx0fd1147914294784898e5-0068ea4648 - 0.0174 - - 1760183880.287330151 1760183880.304698706 0
Oct 11 11:58:00 standalone container-server[129018]: 172.20.0.100 - - [11/Oct/2025:11:58:00 +0000] "PUT /d1/206/AUTH_5bda23834ddc4612bf8f751838c88cec/gnocchi.b85da839-c8b6-4fbe-a792-a234f63819dd/none_v3" 201 - "PUT http://172.18.0.2:8080/d1/836/AUTH_5bda23834ddc4612bf8f751838c88cec/gnocchi.b85da839-c8b6-4fbe-a792-a234f63819dd/none_v3" "txea1c5af7bf6c409e80e3f-0068ea4648" "object-server 23" 0.0008 "-" 23 0
Oct 11 11:58:00 standalone object-server[129145]: 172.20.0.100 - - [11/Oct/2025:11:58:00 +0000] "PUT /d1/836/AUTH_5bda23834ddc4612bf8f751838c88cec/gnocchi.b85da839-c8b6-4fbe-a792-a234f63819dd/none_v3" 201 - "PUT http://172.18.0.2:8080/v1/AUTH_5bda23834ddc4612bf8f751838c88cec/gnocchi.b85da839-c8b6-4fbe-a792-a234f63819dd/none_v3" "txea1c5af7bf6c409e80e3f-0068ea4648" "proxy-server 20" 0.0095 "-" 23 0
Oct 11 11:58:00 standalone proxy-server[130965]: 172.18.0.2 172.18.0.100 11/Oct/2025/11/58/00 PUT /v1/AUTH_5bda23834ddc4612bf8f751838c88cec/gnocchi.b85da839-c8b6-4fbe-a792-a234f63819dd/none_v3 HTTP/1.0 201 - python-swiftclient-3.11.1 gAAAAABo6kXKCvE5... 46 - - txea1c5af7bf6c409e80e3f-0068ea4648 - 0.0135 - - 1760183880.307370663 1760183880.320851564 0
Oct 11 11:58:01 standalone object-server[129143]: 172.20.0.100 - - [11/Oct/2025:11:58:01 +0000] "GET /d1/836/AUTH_5bda23834ddc4612bf8f751838c88cec/gnocchi.b85da839-c8b6-4fbe-a792-a234f63819dd/none_v3" 200 46 "GET http://172.18.0.2:8080/v1/AUTH_5bda23834ddc4612bf8f751838c88cec/gnocchi.b85da839-c8b6-4fbe-a792-a234f63819dd/none_v3" "tx535a5f9ae5c24e33b78db-0068ea4649" "proxy-server 20" 0.0017 "-" 21 0
Oct 11 11:58:01 standalone proxy-server[130965]: 172.18.0.2 172.18.0.100 11/Oct/2025/11/58/01 GET /v1/AUTH_5bda23834ddc4612bf8f751838c88cec/gnocchi.b85da839-c8b6-4fbe-a792-a234f63819dd/none_v3 HTTP/1.0 200 - python-swiftclient-3.11.1 gAAAAABo6kXKCvE5... - 46 - tx535a5f9ae5c24e33b78db-0068ea4649 - 0.0099 - - 1760183881.194435120 1760183881.204367638 0
Oct 11 11:58:01 standalone container-server[129002]: 172.20.0.100 - - [11/Oct/2025:11:58:01 +0000] "GET /d1/206/AUTH_5bda23834ddc4612bf8f751838c88cec/gnocchi.b85da839-c8b6-4fbe-a792-a234f63819dd" 200 357 "GET http://172.18.0.2:8080/v1/AUTH_5bda23834ddc4612bf8f751838c88cec/gnocchi.b85da839-c8b6-4fbe-a792-a234f63819dd?format=json&states=listing" "txccaf2cdbdd8143a69f32a-0068ea4649" "proxy-server 20" 0.0166 "-" 20 0
Oct 11 11:58:01 standalone proxy-server[130965]: 172.18.0.2 172.18.0.100 11/Oct/2025/11/58/01 GET /v1/AUTH_5bda23834ddc4612bf8f751838c88cec/gnocchi.b85da839-c8b6-4fbe-a792-a234f63819dd%3Fformat%3Djson%26states%3Dlisting HTTP/1.0 200 - python-swiftclient-3.11.1 gAAAAABo6kXKCvE5... - 357 - txccaf2cdbdd8143a69f32a-0068ea4649 - 0.0240 - - 1760183881.209282637 1760183881.233295679 0
Oct 11 11:58:01 standalone container-server[129018]: 172.20.0.100 - - [11/Oct/2025:11:58:01 +0000] "GET /d1/206/AUTH_5bda23834ddc4612bf8f751838c88cec/gnocchi.b85da839-c8b6-4fbe-a792-a234f63819dd" 200 2 "GET http://172.18.0.2:8080/v1/AUTH_5bda23834ddc4612bf8f751838c88cec/gnocchi.b85da839-c8b6-4fbe-a792-a234f63819dd?format=json&marker=none_v3&states=listing" "tx0574cd79541e4f8bbdcdd-0068ea4649" "proxy-server 20" 0.0029 "-" 23 0
Oct 11 11:58:01 standalone proxy-server[130965]: 172.18.0.2 172.18.0.100 11/Oct/2025/11/58/01 GET /v1/AUTH_5bda23834ddc4612bf8f751838c88cec/gnocchi.b85da839-c8b6-4fbe-a792-a234f63819dd%3Fformat%3Djson%26marker%3Dnone_v3%26states%3Dlisting HTTP/1.0 200 - python-swiftclient-3.11.1 gAAAAABo6kXKCvE5... - 2 - tx0574cd79541e4f8bbdcdd-0068ea4649 - 0.0102 - - 1760183881.236875534 1760183881.247112513 0
Oct 11 11:58:01 standalone object-server[129142]: 172.20.0.100 - - [11/Oct/2025:11:58:01 +0000] "GET /d1/560/AUTH_5bda23834ddc4612bf8f751838c88cec/gnocchi.b85da839-c8b6-4fbe-a792-a234f63819dd/1759320000.0_mean_300.0_v3" 200 16 "GET http://172.18.0.2:8080/v1/AUTH_5bda23834ddc4612bf8f751838c88cec/gnocchi.b85da839-c8b6-4fbe-a792-a234f63819dd/1759320000.0_mean_300.0_v3" "tx43f857367f6342e3b2f3c-0068ea4649" "proxy-server 20" 0.0007 "-" 20 0
Oct 11 11:58:01 standalone proxy-server[130965]: 172.18.0.2 172.18.0.100 11/Oct/2025/11/58/01 GET /v1/AUTH_5bda23834ddc4612bf8f751838c88cec/gnocchi.b85da839-c8b6-4fbe-a792-a234f63819dd/1759320000.0_mean_300.0_v3 HTTP/1.0 200 - python-swiftclient-3.11.1 gAAAAABo6kXKCvE5... - 16 - tx43f857367f6342e3b2f3c-0068ea4649 - 0.0056 - - 1760183881.250303507 1760183881.255929708 0
Oct 11 11:58:01 standalone container-server[129014]: 172.20.0.100 - - [11/Oct/2025:11:58:01 +0000] "PUT /d1/206/AUTH_5bda23834ddc4612bf8f751838c88cec/gnocchi.b85da839-c8b6-4fbe-a792-a234f63819dd/1759320000.0_mean_300.0_v3" 201 - "PUT http://172.18.0.2:8080/d1/560/AUTH_5bda23834ddc4612bf8f751838c88cec/gnocchi.b85da839-c8b6-4fbe-a792-a234f63819dd/1759320000.0_mean_300.0_v3" "tx0304dd612c234e578df4f-0068ea4649" "object-server 20" 0.0018 "-" 21 0
Oct 11 11:58:01 standalone object-server[129142]: 172.20.0.100 - - [11/Oct/2025:11:58:01 +0000] "PUT /d1/560/AUTH_5bda23834ddc4612bf8f751838c88cec/gnocchi.b85da839-c8b6-4fbe-a792-a234f63819dd/1759320000.0_mean_300.0_v3" 201 - "PUT http://172.18.0.2:8080/v1/AUTH_5bda23834ddc4612bf8f751838c88cec/gnocchi.b85da839-c8b6-4fbe-a792-a234f63819dd/1759320000.0_mean_300.0_v3" "tx0304dd612c234e578df4f-0068ea4649" "proxy-server 20" 0.0121 "-" 20 0
Oct 11 11:58:01 standalone proxy-server[130965]: 172.18.0.2 172.18.0.100 11/Oct/2025/11/58/01 PUT /v1/AUTH_5bda23834ddc4612bf8f751838c88cec/gnocchi.b85da839-c8b6-4fbe-a792-a234f63819dd/1759320000.0_mean_300.0_v3 HTTP/1.0 201 - python-swiftclient-3.11.1 gAAAAABo6kXKCvE5... 16 - - tx0304dd612c234e578df4f-0068ea4649 - 0.0169 - - 1760183881.258132458 1760183881.275035858 0
Oct 11 11:58:01 standalone container-server[129002]: 172.20.0.100 - - [11/Oct/2025:11:58:01 +0000] "PUT /d1/206/AUTH_5bda23834ddc4612bf8f751838c88cec/gnocchi.b85da839-c8b6-4fbe-a792-a234f63819dd/none_v3" 201 - "PUT http://172.18.0.2:8080/d1/836/AUTH_5bda23834ddc4612bf8f751838c88cec/gnocchi.b85da839-c8b6-4fbe-a792-a234f63819dd/none_v3" "txd5bdc1c21c7b4497b1a98-0068ea4649" "object-server 23" 0.0010 "-" 20 0
Oct 11 11:58:01 standalone object-server[129145]: 172.20.0.100 - - [11/Oct/2025:11:58:01 +0000] "PUT /d1/836/AUTH_5bda23834ddc4612bf8f751838c88cec/gnocchi.b85da839-c8b6-4fbe-a792-a234f63819dd/none_v3" 201 - "PUT http://172.18.0.2:8080/v1/AUTH_5bda23834ddc4612bf8f751838c88cec/gnocchi.b85da839-c8b6-4fbe-a792-a234f63819dd/none_v3" "txd5bdc1c21c7b4497b1a98-0068ea4649" "proxy-server 20" 0.0110 "-" 23 0
Oct 11 11:58:01 standalone proxy-server[130965]: 172.18.0.2 172.18.0.100 11/Oct/2025/11/58/01 PUT /v1/AUTH_5bda23834ddc4612bf8f751838c88cec/gnocchi.b85da839-c8b6-4fbe-a792-a234f63819dd/none_v3 HTTP/1.0 201 - python-swiftclient-3.11.1 gAAAAABo6kXKCvE5... 51 - - txd5bdc1c21c7b4497b1a98-0068ea4649 - 0.0188 - - 1760183881.277393579 1760183881.296189070 0
Oct 11 11:58:01 standalone object-server[129142]: 172.20.0.100 - - [11/Oct/2025:11:58:01 +0000] "GET /d1/494/AUTH_5bda23834ddc4612bf8f751838c88cec/gnocchi.c47d39c4-13e7-4c4d-a8b5-be5a55033dfa/none_v3" 200 22 "GET http://172.18.0.2:8080/v1/AUTH_5bda23834ddc4612bf8f751838c88cec/gnocchi.c47d39c4-13e7-4c4d-a8b5-be5a55033dfa/none_v3" "txe5a6551db6d348379abce-0068ea4649" "proxy-server 20" 0.0007 "-" 20 0
Oct 11 11:58:01 standalone proxy-server[130965]: 172.18.0.2 172.18.0.100 11/Oct/2025/11/58/01 GET /v1/AUTH_5bda23834ddc4612bf8f751838c88cec/gnocchi.c47d39c4-13e7-4c4d-a8b5-be5a55033dfa/none_v3 HTTP/1.0 200 - python-swiftclient-3.11.1 gAAAAABo6kXKCvE5... - 22 - txe5a6551db6d348379abce-0068ea4649 - 0.0083 - - 1760183881.310097933 1760183881.318349600 0
Oct 11 11:58:01 standalone container-server[129002]: 172.20.0.100 - - [11/Oct/2025:11:58:01 +0000] "GET /d1/823/AUTH_5bda23834ddc4612bf8f751838c88cec/gnocchi.c47d39c4-13e7-4c4d-a8b5-be5a55033dfa" 200 357 "GET http://172.18.0.2:8080/v1/AUTH_5bda23834ddc4612bf8f751838c88cec/gnocchi.c47d39c4-13e7-4c4d-a8b5-be5a55033dfa?format=json&states=listing" "tx292e6e0b1f2d4e54b3081-0068ea4649" "proxy-server 20" 0.0050 "-" 20 0
Oct 11 11:58:01 standalone proxy-server[130965]: 172.18.0.2 172.18.0.100 11/Oct/2025/11/58/01 GET /v1/AUTH_5bda23834ddc4612bf8f751838c88cec/gnocchi.c47d39c4-13e7-4c4d-a8b5-be5a55033dfa%3Fformat%3Djson%26states%3Dlisting HTTP/1.0 200 - python-swiftclient-3.11.1 gAAAAABo6kXKCvE5... - 357 - tx292e6e0b1f2d4e54b3081-0068ea4649 - 0.0112 - - 1760183881.321990967 1760183881.333238840 0
Oct 11 11:58:01 standalone container-server[129018]: 172.20.0.100 - - [11/Oct/2025:11:58:01 +0000] "GET /d1/823/AUTH_5bda23834ddc4612bf8f751838c88cec/gnocchi.c47d39c4-13e7-4c4d-a8b5-be5a55033dfa" 200 2 "GET http://172.18.0.2:8080/v1/AUTH_5bda23834ddc4612bf8f751838c88cec/gnocchi.c47d39c4-13e7-4c4d-a8b5-be5a55033dfa?format=json&marker=none_v3&states=listing" "tx3bced64643a949f688e6a-0068ea4649" "proxy-server 20" 0.0069 "-" 23 0
Oct 11 11:58:01 standalone proxy-server[130965]: 172.18.0.2 172.18.0.100 11/Oct/2025/11/58/01 GET /v1/AUTH_5bda23834ddc4612bf8f751838c88cec/gnocchi.c47d39c4-13e7-4c4d-a8b5-be5a55033dfa%3Fformat%3Djson%26marker%3Dnone_v3%26states%3Dlisting HTTP/1.0 200 - python-swiftclient-3.11.1 gAAAAABo6kXKCvE5... - 2 - tx3bced64643a949f688e6a-0068ea4649 - 0.0134 - - 1760183881.335956573 1760183881.349326134 0
Oct 11 11:58:01 standalone object-server[129145]: 172.20.0.100 - - [11/Oct/2025:11:58:01 +0000] "GET /d1/826/AUTH_5bda23834ddc4612bf8f751838c88cec/gnocchi.c47d39c4-13e7-4c4d-a8b5-be5a55033dfa/1759320000.0_mean_300.0_v3" 200 16 "GET http://172.18.0.2:8080/v1/AUTH_5bda23834ddc4612bf8f751838c88cec/gnocchi.c47d39c4-13e7-4c4d-a8b5-be5a55033dfa/1759320000.0_mean_300.0_v3" "tx7f775519dbb64c4b9618d-0068ea4649" "proxy-server 20" 0.0015 "-" 23 0
Oct 11 11:58:01 standalone proxy-server[130965]: 172.18.0.2 172.18.0.100 11/Oct/2025/11/58/01 GET /v1/AUTH_5bda23834ddc4612bf8f751838c88cec/gnocchi.c47d39c4-13e7-4c4d-a8b5-be5a55033dfa/1759320000.0_mean_300.0_v3 HTTP/1.0 200 - python-swiftclient-3.11.1 gAAAAABo6kXKCvE5... - 16 - tx7f775519dbb64c4b9618d-0068ea4649 - 0.0104 - - 1760183881.354682207 1760183881.365121126 0
Oct 11 11:58:01 standalone container-server[129014]: 172.20.0.100 - - [11/Oct/2025:11:58:01 +0000] "PUT /d1/823/AUTH_5bda23834ddc4612bf8f751838c88cec/gnocchi.c47d39c4-13e7-4c4d-a8b5-be5a55033dfa/1759320000.0_mean_300.0_v3" 201 - "PUT http://172.18.0.2:8080/d1/826/AUTH_5bda23834ddc4612bf8f751838c88cec/gnocchi.c47d39c4-13e7-4c4d-a8b5-be5a55033dfa/1759320000.0_mean_300.0_v3" "tx155e437c78c54e0eafbb0-0068ea4649" "object-server 21" 0.0010 "-" 21 0
Oct 11 11:58:01 standalone object-server[129143]: 172.20.0.100 - - [11/Oct/2025:11:58:01 +0000] "PUT /d1/826/AUTH_5bda23834ddc4612bf8f751838c88cec/gnocchi.c47d39c4-13e7-4c4d-a8b5-be5a55033dfa/1759320000.0_mean_300.0_v3" 201 - "PUT http://172.18.0.2:8080/v1/AUTH_5bda23834ddc4612bf8f751838c88cec/gnocchi.c47d39c4-13e7-4c4d-a8b5-be5a55033dfa/1759320000.0_mean_300.0_v3" "tx155e437c78c54e0eafbb0-0068ea4649" "proxy-server 20" 0.0093 "-" 21 0
Oct 11 11:58:01 standalone proxy-server[130965]: 172.18.0.2 172.18.0.100 11/Oct/2025/11/58/01 PUT /v1/AUTH_5bda23834ddc4612bf8f751838c88cec/gnocchi.c47d39c4-13e7-4c4d-a8b5-be5a55033dfa/1759320000.0_mean_300.0_v3 HTTP/1.0 201 - python-swiftclient-3.11.1 gAAAAABo6kXKCvE5... 16 - - tx155e437c78c54e0eafbb0-0068ea4649 - 0.0152 - - 1760183881.368056059 1760183881.383301973 0
Oct 11 11:58:01 standalone container-server[129014]: 172.20.0.100 - - [11/Oct/2025:11:58:01 +0000] "PUT /d1/823/AUTH_5bda23834ddc4612bf8f751838c88cec/gnocchi.c47d39c4-13e7-4c4d-a8b5-be5a55033dfa/none_v3" 201 - "PUT http://172.18.0.2:8080/d1/494/AUTH_5bda23834ddc4612bf8f751838c88cec/gnocchi.c47d39c4-13e7-4c4d-a8b5-be5a55033dfa/none_v3" "txc49496efaeb4437e873d4-0068ea4649" "object-server 21" 0.0008 "-" 21 0
Oct 11 11:58:01 standalone object-server[129143]: 172.20.0.100 - - [11/Oct/2025:11:58:01 +0000] "PUT /d1/494/AUTH_5bda23834ddc4612bf8f751838c88cec/gnocchi.c47d39c4-13e7-4c4d-a8b5-be5a55033dfa/none_v3" 201 - "PUT http://172.18.0.2:8080/v1/AUTH_5bda23834ddc4612bf8f751838c88cec/gnocchi.c47d39c4-13e7-4c4d-a8b5-be5a55033dfa/none_v3" "txc49496efaeb4437e873d4-0068ea4649" "proxy-server 20" 0.0092 "-" 21 0
Oct 11 11:58:01 standalone proxy-server[130965]: 172.18.0.2 172.18.0.100 11/Oct/2025/11/58/01 PUT /v1/AUTH_5bda23834ddc4612bf8f751838c88cec/gnocchi.c47d39c4-13e7-4c4d-a8b5-be5a55033dfa/none_v3 HTTP/1.0 201 - python-swiftclient-3.11.1 gAAAAABo6kXKCvE5... 32 - - txc49496efaeb4437e873d4-0068ea4649 - 0.0157 - - 1760183881.386562586 1760183881.402225494 0
Oct 11 11:58:01 standalone object-server[129142]: 172.20.0.100 - - [11/Oct/2025:11:58:01 +0000] "GET /d1/675/AUTH_5bda23834ddc4612bf8f751838c88cec/gnocchi.8e0effbb-a9ea-45fd-b141-52608a270c6c/none_v3" 200 22 "GET http://172.18.0.2:8080/v1/AUTH_5bda23834ddc4612bf8f751838c88cec/gnocchi.8e0effbb-a9ea-45fd-b141-52608a270c6c/none_v3" "txa83e332d22664b9291b26-0068ea4649" "proxy-server 20" 0.0011 "-" 20 0
Oct 11 11:58:01 standalone proxy-server[130965]: 172.18.0.2 172.18.0.100 11/Oct/2025/11/58/01 GET /v1/AUTH_5bda23834ddc4612bf8f751838c88cec/gnocchi.8e0effbb-a9ea-45fd-b141-52608a270c6c/none_v3 HTTP/1.0 200 - python-swiftclient-3.11.1 gAAAAABo6kXKCvE5... - 22 - txa83e332d22664b9291b26-0068ea4649 - 0.0098 - - 1760183881.413682222 1760183881.423511744 0
Oct 11 11:58:01 standalone container-server[129015]: 172.20.0.100 - - [11/Oct/2025:11:58:01 +0000] "GET /d1/570/AUTH_5bda23834ddc4612bf8f751838c88cec/gnocchi.8e0effbb-a9ea-45fd-b141-52608a270c6c" 200 357 "GET http://172.18.0.2:8080/v1/AUTH_5bda23834ddc4612bf8f751838c88cec/gnocchi.8e0effbb-a9ea-45fd-b141-52608a270c6c?format=json&states=listing" "tx2d295b43d7ad45b196195-0068ea4649" "proxy-server 20" 0.0020 "-" 22 0
Oct 11 11:58:01 standalone proxy-server[130965]: 172.18.0.2 172.18.0.100 11/Oct/2025/11/58/01 GET /v1/AUTH_5bda23834ddc4612bf8f751838c88cec/gnocchi.8e0effbb-a9ea-45fd-b141-52608a270c6c%3Fformat%3Djson%26states%3Dlisting HTTP/1.0 200 - python-swiftclient-3.11.1 gAAAAABo6kXKCvE5... - 357 - tx2d295b43d7ad45b196195-0068ea4649 - 0.0092 - - 1760183881.427359819 1760183881.436601162 0
Oct 11 11:58:01 standalone container-server[129018]: 172.20.0.100 - - [11/Oct/2025:11:58:01 +0000] "GET /d1/570/AUTH_5bda23834ddc4612bf8f751838c88cec/gnocchi.8e0effbb-a9ea-45fd-b141-52608a270c6c" 200 2 "GET http://172.18.0.2:8080/v1/AUTH_5bda23834ddc4612bf8f751838c88cec/gnocchi.8e0effbb-a9ea-45fd-b141-52608a270c6c?format=json&marker=none_v3&states=listing" "txadb0df03818d4590a6a92-0068ea4649" "proxy-server 20" 0.0020 "-" 23 0
Oct 11 11:58:01 standalone proxy-server[130965]: 172.18.0.2 172.18.0.100 11/Oct/2025/11/58/01 GET /v1/AUTH_5bda23834ddc4612bf8f751838c88cec/gnocchi.8e0effbb-a9ea-45fd-b141-52608a270c6c%3Fformat%3Djson%26marker%3Dnone_v3%26states%3Dlisting HTTP/1.0 200 - python-swiftclient-3.11.1 gAAAAABo6kXKCvE5... - 2 - txadb0df03818d4590a6a92-0068ea4649 - 0.0089 - - 1760183881.439065933 1760183881.447993517 0
Oct 11 11:58:01 standalone object-server[129142]: 172.20.0.100 - - [11/Oct/2025:11:58:01 +0000] "GET /d1/425/AUTH_5bda23834ddc4612bf8f751838c88cec/gnocchi.8e0effbb-a9ea-45fd-b141-52608a270c6c/1759320000.0_mean_300.0_v3" 200 16 "GET http://172.18.0.2:8080/v1/AUTH_5bda23834ddc4612bf8f751838c88cec/gnocchi.8e0effbb-a9ea-45fd-b141-52608a270c6c/1759320000.0_mean_300.0_v3" "tx113c1bca93f9496ba11f7-0068ea4649" "proxy-server 20" 0.0006 "-" 20 0
Oct 11 11:58:01 standalone proxy-server[130965]: 172.18.0.2 172.18.0.100 11/Oct/2025/11/58/01 GET /v1/AUTH_5bda23834ddc4612bf8f751838c88cec/gnocchi.8e0effbb-a9ea-45fd-b141-52608a270c6c/1759320000.0_mean_300.0_v3 HTTP/1.0 200 - python-swiftclient-3.11.1 gAAAAABo6kXKCvE5... - 16 - tx113c1bca93f9496ba11f7-0068ea4649 - 0.0072 - - 1760183881.451057434 1760183881.458253860 0
Oct 11 11:58:01 standalone container-server[129018]: 172.20.0.100 - - [11/Oct/2025:11:58:01 +0000] "PUT /d1/570/AUTH_5bda23834ddc4612bf8f751838c88cec/gnocchi.8e0effbb-a9ea-45fd-b141-52608a270c6c/1759320000.0_mean_300.0_v3" 201 - "PUT http://172.18.0.2:8080/d1/425/AUTH_5bda23834ddc4612bf8f751838c88cec/gnocchi.8e0effbb-a9ea-45fd-b141-52608a270c6c/1759320000.0_mean_300.0_v3" "tx0061558ee5f348d9bc90d-0068ea4649" "object-server 21" 0.0011 "-" 23 0
Oct 11 11:58:01 standalone object-server[129143]: 172.20.0.100 - - [11/Oct/2025:11:58:01 +0000] "PUT /d1/425/AUTH_5bda23834ddc4612bf8f751838c88cec/gnocchi.8e0effbb-a9ea-45fd-b141-52608a270c6c/1759320000.0_mean_300.0_v3" 201 - "PUT http://172.18.0.2:8080/v1/AUTH_5bda23834ddc4612bf8f751838c88cec/gnocchi.8e0effbb-a9ea-45fd-b141-52608a270c6c/1759320000.0_mean_300.0_v3" "tx0061558ee5f348d9bc90d-0068ea4649" "proxy-server 20" 0.0095 "-" 21 0
Oct 11 11:58:01 standalone proxy-server[130965]: 172.18.0.2 172.18.0.100 11/Oct/2025/11/58/01 PUT /v1/AUTH_5bda23834ddc4612bf8f751838c88cec/gnocchi.8e0effbb-a9ea-45fd-b141-52608a270c6c/1759320000.0_mean_300.0_v3 HTTP/1.0 201 - python-swiftclient-3.11.1 gAAAAABo6kXKCvE5... 16 - - tx0061558ee5f348d9bc90d-0068ea4649 - 0.0164 - - 1760183881.460958958 1760183881.477361441 0
Oct 11 11:58:01 standalone container-server[129018]: 172.20.0.100 - - [11/Oct/2025:11:58:01 +0000] "PUT /d1/570/AUTH_5bda23834ddc4612bf8f751838c88cec/gnocchi.8e0effbb-a9ea-45fd-b141-52608a270c6c/none_v3" 201 - "PUT http://172.18.0.2:8080/d1/675/AUTH_5bda23834ddc4612bf8f751838c88cec/gnocchi.8e0effbb-a9ea-45fd-b141-52608a270c6c/none_v3" "txa72f1098229646c688846-0068ea4649" "object-server 20" 0.0005 "-" 23 0
Oct 11 11:58:01 standalone object-server[129142]: 172.20.0.100 - - [11/Oct/2025:11:58:01 +0000] "PUT /d1/675/AUTH_5bda23834ddc4612bf8f751838c88cec/gnocchi.8e0effbb-a9ea-45fd-b141-52608a270c6c/none_v3" 201 - "PUT http://172.18.0.2:8080/v1/AUTH_5bda23834ddc4612bf8f751838c88cec/gnocchi.8e0effbb-a9ea-45fd-b141-52608a270c6c/none_v3" "txa72f1098229646c688846-0068ea4649" "proxy-server 20" 0.0084 "-" 20 0
Oct 11 11:58:01 standalone proxy-server[130965]: 172.18.0.2 172.18.0.100 11/Oct/2025/11/58/01 PUT /v1/AUTH_5bda23834ddc4612bf8f751838c88cec/gnocchi.8e0effbb-a9ea-45fd-b141-52608a270c6c/none_v3 HTTP/1.0 201 - python-swiftclient-3.11.1 gAAAAABo6kXKCvE5... 32 - - txa72f1098229646c688846-0068ea4649 - 0.0142 - - 1760183881.479828119 1760183881.494068146 0
Oct 11 11:58:01 standalone object-server[129145]: 172.20.0.100 - - [11/Oct/2025:11:58:01 +0000] "GET /d1/451/AUTH_5bda23834ddc4612bf8f751838c88cec/gnocchi.51f94702-e125-4aa5-894a-8ec46f613ff8/none_v3" 200 22 "GET http://172.18.0.2:8080/v1/AUTH_5bda23834ddc4612bf8f751838c88cec/gnocchi.51f94702-e125-4aa5-894a-8ec46f613ff8/none_v3" "txec0bc4a6cca347f8b60d5-0068ea4649" "proxy-server 20" 0.0007 "-" 23 0
Oct 11 11:58:01 standalone proxy-server[130965]: 172.18.0.2 172.18.0.100 11/Oct/2025/11/58/01 GET /v1/AUTH_5bda23834ddc4612bf8f751838c88cec/gnocchi.51f94702-e125-4aa5-894a-8ec46f613ff8/none_v3 HTTP/1.0 200 - python-swiftclient-3.11.1 gAAAAABo6kXKCvE5... - 22 - txec0bc4a6cca347f8b60d5-0068ea4649 - 0.0079 - - 1760183881.504301310 1760183881.512151718 0
Oct 11 11:58:01 standalone container-server[129002]: 172.20.0.100 - - [11/Oct/2025:11:58:01 +0000] "GET /d1/21/AUTH_5bda23834ddc4612bf8f751838c88cec/gnocchi.51f94702-e125-4aa5-894a-8ec46f613ff8" 200 357 "GET http://172.18.0.2:8080/v1/AUTH_5bda23834ddc4612bf8f751838c88cec/gnocchi.51f94702-e125-4aa5-894a-8ec46f613ff8?format=json&states=listing" "tx863a255f4b804d708c65f-0068ea4649" "proxy-server 20" 0.0049 "-" 20 0
Oct 11 11:58:01 standalone proxy-server[130965]: 172.18.0.2 172.18.0.100 11/Oct/2025/11/58/01 GET /v1/AUTH_5bda23834ddc4612bf8f751838c88cec/gnocchi.51f94702-e125-4aa5-894a-8ec46f613ff8%3Fformat%3Djson%26states%3Dlisting HTTP/1.0 200 - python-swiftclient-3.11.1 gAAAAABo6kXKCvE5... - 357 - tx863a255f4b804d708c65f-0068ea4649 - 0.0144 - - 1760183881.515189648 1760183881.529548645 0
Oct 11 11:58:01 standalone container-server[129018]: 172.20.0.100 - - [11/Oct/2025:11:58:01 +0000] "GET /d1/21/AUTH_5bda23834ddc4612bf8f751838c88cec/gnocchi.51f94702-e125-4aa5-894a-8ec46f613ff8" 200 2 "GET http://172.18.0.2:8080/v1/AUTH_5bda23834ddc4612bf8f751838c88cec/gnocchi.51f94702-e125-4aa5-894a-8ec46f613ff8?format=json&marker=none_v3&states=listing" "tx8dc8c99d7ba94f6a9efcd-0068ea4649" "proxy-server 20" 0.0084 "-" 23 0
Oct 11 11:58:01 standalone proxy-server[130965]: 172.18.0.2 172.18.0.100 11/Oct/2025/11/58/01 GET /v1/AUTH_5bda23834ddc4612bf8f751838c88cec/gnocchi.51f94702-e125-4aa5-894a-8ec46f613ff8%3Fformat%3Djson%26marker%3Dnone_v3%26states%3Dlisting HTTP/1.0 200 - python-swiftclient-3.11.1 gAAAAABo6kXKCvE5... - 2 - tx8dc8c99d7ba94f6a9efcd-0068ea4649 - 0.0151 - - 1760183881.533076525 1760183881.548173904 0
Oct 11 11:58:01 standalone object-server[129143]: 172.20.0.100 - - [11/Oct/2025:11:58:01 +0000] "GET /d1/503/AUTH_5bda23834ddc4612bf8f751838c88cec/gnocchi.51f94702-e125-4aa5-894a-8ec46f613ff8/1759320000.0_mean_300.0_v3" 200 16 "GET http://172.18.0.2:8080/v1/AUTH_5bda23834ddc4612bf8f751838c88cec/gnocchi.51f94702-e125-4aa5-894a-8ec46f613ff8/1759320000.0_mean_300.0_v3" "txc728e34692984250b8245-0068ea4649" "proxy-server 20" 0.0014 "-" 21 0
Oct 11 11:58:01 standalone proxy-server[130965]: 172.18.0.2 172.18.0.100 11/Oct/2025/11/58/01 GET /v1/AUTH_5bda23834ddc4612bf8f751838c88cec/gnocchi.51f94702-e125-4aa5-894a-8ec46f613ff8/1759320000.0_mean_300.0_v3 HTTP/1.0 200 - python-swiftclient-3.11.1 gAAAAABo6kXKCvE5... - 16 - txc728e34692984250b8245-0068ea4649 - 0.0119 - - 1760183881.557253361 1760183881.569169760 0
Oct 11 11:58:01 standalone container-server[129015]: 172.20.0.100 - - [11/Oct/2025:11:58:01 +0000] "PUT /d1/21/AUTH_5bda23834ddc4612bf8f751838c88cec/gnocchi.51f94702-e125-4aa5-894a-8ec46f613ff8/1759320000.0_mean_300.0_v3" 201 - "PUT http://172.18.0.2:8080/d1/503/AUTH_5bda23834ddc4612bf8f751838c88cec/gnocchi.51f94702-e125-4aa5-894a-8ec46f613ff8/1759320000.0_mean_300.0_v3" "tx47ae681c14f1444ca5ef6-0068ea4649" "object-server 23" 0.0008 "-" 22 0
Oct 11 11:58:01 standalone object-server[129145]: 172.20.0.100 - - [11/Oct/2025:11:58:01 +0000] "PUT /d1/503/AUTH_5bda23834ddc4612bf8f751838c88cec/gnocchi.51f94702-e125-4aa5-894a-8ec46f613ff8/1759320000.0_mean_300.0_v3" 201 - "PUT http://172.18.0.2:8080/v1/AUTH_5bda23834ddc4612bf8f751838c88cec/gnocchi.51f94702-e125-4aa5-894a-8ec46f613ff8/1759320000.0_mean_300.0_v3" "tx47ae681c14f1444ca5ef6-0068ea4649" "proxy-server 20" 0.0136 "-" 23 0
Oct 11 11:58:01 standalone proxy-server[130965]: 172.18.0.2 172.18.0.100 11/Oct/2025/11/58/01 PUT /v1/AUTH_5bda23834ddc4612bf8f751838c88cec/gnocchi.51f94702-e125-4aa5-894a-8ec46f613ff8/1759320000.0_mean_300.0_v3 HTTP/1.0 201 - python-swiftclient-3.11.1 gAAAAABo6kXKCvE5... 16 - - tx47ae681c14f1444ca5ef6-0068ea4649 - 0.0257 - - 1760183881.574037313 1760183881.599763393 0
Oct 11 11:58:01 standalone container-server[129015]: 172.20.0.100 - - [11/Oct/2025:11:58:01 +0000] "PUT /d1/21/AUTH_5bda23834ddc4612bf8f751838c88cec/gnocchi.51f94702-e125-4aa5-894a-8ec46f613ff8/none_v3" 201 - "PUT http://172.18.0.2:8080/d1/451/AUTH_5bda23834ddc4612bf8f751838c88cec/gnocchi.51f94702-e125-4aa5-894a-8ec46f613ff8/none_v3" "txc48d9b36b9244072a7c1e-0068ea4649" "object-server 21" 0.0006 "-" 22 0
Oct 11 11:58:01 standalone object-server[129143]: 172.20.0.100 - - [11/Oct/2025:11:58:01 +0000] "PUT /d1/451/AUTH_5bda23834ddc4612bf8f751838c88cec/gnocchi.51f94702-e125-4aa5-894a-8ec46f613ff8/none_v3" 201 - "PUT http://172.18.0.2:8080/v1/AUTH_5bda23834ddc4612bf8f751838c88cec/gnocchi.51f94702-e125-4aa5-894a-8ec46f613ff8/none_v3" "txc48d9b36b9244072a7c1e-0068ea4649" "proxy-server 20" 0.0189 "-" 21 0
Oct 11 11:58:01 standalone proxy-server[130965]: 172.18.0.2 172.18.0.100 11/Oct/2025/11/58/01 PUT /v1/AUTH_5bda23834ddc4612bf8f751838c88cec/gnocchi.51f94702-e125-4aa5-894a-8ec46f613ff8/none_v3 HTTP/1.0 201 - python-swiftclient-3.11.1 gAAAAABo6kXKCvE5... 32 - - txc48d9b36b9244072a7c1e-0068ea4649 - 0.0343 - - 1760183881.610709667 1760183881.645050526 0
Oct 11 11:58:01 standalone object-server[129143]: 172.20.0.100 - - [11/Oct/2025:11:58:01 +0000] "GET /d1/552/AUTH_5bda23834ddc4612bf8f751838c88cec/gnocchi.4addeaeb-2d06-4a34-80ec-ca7a34e97eda/none_v3" 200 22 "GET http://172.18.0.2:8080/v1/AUTH_5bda23834ddc4612bf8f751838c88cec/gnocchi.4addeaeb-2d06-4a34-80ec-ca7a34e97eda/none_v3" "tx49d8b4f19a654748bf2da-0068ea4649" "proxy-server 20" 0.0010 "-" 21 0
Oct 11 11:58:01 standalone proxy-server[130965]: 172.18.0.2 172.18.0.100 11/Oct/2025/11/58/01 GET /v1/AUTH_5bda23834ddc4612bf8f751838c88cec/gnocchi.4addeaeb-2d06-4a34-80ec-ca7a34e97eda/none_v3 HTTP/1.0 200 - python-swiftclient-3.11.1 gAAAAABo6kXKCvE5... - 22 - tx49d8b4f19a654748bf2da-0068ea4649 - 0.0080 - - 1760183881.658941746 1760183881.666984081 0
Oct 11 11:58:01 standalone container-server[129002]: 172.20.0.100 - - [11/Oct/2025:11:58:01 +0000] "GET /d1/434/AUTH_5bda23834ddc4612bf8f751838c88cec/gnocchi.4addeaeb-2d06-4a34-80ec-ca7a34e97eda" 200 357 "GET http://172.18.0.2:8080/v1/AUTH_5bda23834ddc4612bf8f751838c88cec/gnocchi.4addeaeb-2d06-4a34-80ec-ca7a34e97eda?format=json&states=listing" "tx7221e869e8724f16b68ed-0068ea4649" "proxy-server 20" 0.0027 "-" 20 0
Oct 11 11:58:01 standalone proxy-server[130965]: 172.18.0.2 172.18.0.100 11/Oct/2025/11/58/01 GET /v1/AUTH_5bda23834ddc4612bf8f751838c88cec/gnocchi.4addeaeb-2d06-4a34-80ec-ca7a34e97eda%3Fformat%3Djson%26states%3Dlisting HTTP/1.0 200 - python-swiftclient-3.11.1 gAAAAABo6kXKCvE5... - 357 - tx7221e869e8724f16b68ed-0068ea4649 - 0.0091 - - 1760183881.670979023 1760183881.680117846 0
Oct 11 11:58:01 standalone container-server[129015]: 172.20.0.100 - - [11/Oct/2025:11:58:01 +0000] "GET /d1/434/AUTH_5bda23834ddc4612bf8f751838c88cec/gnocchi.4addeaeb-2d06-4a34-80ec-ca7a34e97eda" 200 2 "GET http://172.18.0.2:8080/v1/AUTH_5bda23834ddc4612bf8f751838c88cec/gnocchi.4addeaeb-2d06-4a34-80ec-ca7a34e97eda?format=json&marker=none_v3&states=listing" "tx49c7e59f6c264ccea3c13-0068ea4649" "proxy-server 20" 0.0018 "-" 22 0
Oct 11 11:58:01 standalone proxy-server[130965]: 172.18.0.2 172.18.0.100 11/Oct/2025/11/58/01 GET /v1/AUTH_5bda23834ddc4612bf8f751838c88cec/gnocchi.4addeaeb-2d06-4a34-80ec-ca7a34e97eda%3Fformat%3Djson%26marker%3Dnone_v3%26states%3Dlisting HTTP/1.0 200 - python-swiftclient-3.11.1 gAAAAABo6kXKCvE5... - 2 - tx49c7e59f6c264ccea3c13-0068ea4649 - 0.0072 - - 1760183881.683818817 1760183881.691036224 0
Oct 11 11:58:01 standalone object-server[129144]: 172.20.0.100 - - [11/Oct/2025:11:58:01 +0000] "GET /d1/801/AUTH_5bda23834ddc4612bf8f751838c88cec/gnocchi.4addeaeb-2d06-4a34-80ec-ca7a34e97eda/1759320000.0_mean_300.0_v3" 200 16 "GET http://172.18.0.2:8080/v1/AUTH_5bda23834ddc4612bf8f751838c88cec/gnocchi.4addeaeb-2d06-4a34-80ec-ca7a34e97eda/1759320000.0_mean_300.0_v3" "txc611e7368bde4b49a3182-0068ea4649" "proxy-server 20" 0.0008 "-" 22 0
Oct 11 11:58:01 standalone proxy-server[130965]: 172.18.0.2 172.18.0.100 11/Oct/2025/11/58/01 GET /v1/AUTH_5bda23834ddc4612bf8f751838c88cec/gnocchi.4addeaeb-2d06-4a34-80ec-ca7a34e97eda/1759320000.0_mean_300.0_v3 HTTP/1.0 200 - python-swiftclient-3.11.1 gAAAAABo6kXKCvE5... - 16 - txc611e7368bde4b49a3182-0068ea4649 - 0.0065 - - 1760183881.695573330 1760183881.702050209 0
Oct 11 11:58:01 standalone container-server[129018]: 172.20.0.100 - - [11/Oct/2025:11:58:01 +0000] "PUT /d1/434/AUTH_5bda23834ddc4612bf8f751838c88cec/gnocchi.4addeaeb-2d06-4a34-80ec-ca7a34e97eda/1759320000.0_mean_300.0_v3" 201 - "PUT http://172.18.0.2:8080/d1/801/AUTH_5bda23834ddc4612bf8f751838c88cec/gnocchi.4addeaeb-2d06-4a34-80ec-ca7a34e97eda/1759320000.0_mean_300.0_v3" "tx6db5985a606b489db62e1-0068ea4649" "object-server 22" 0.0005 "-" 23 0
Oct 11 11:58:01 standalone object-server[129144]: 172.20.0.100 - - [11/Oct/2025:11:58:01 +0000] "PUT /d1/801/AUTH_5bda23834ddc4612bf8f751838c88cec/gnocchi.4addeaeb-2d06-4a34-80ec-ca7a34e97eda/1759320000.0_mean_300.0_v3" 201 - "PUT http://172.18.0.2:8080/v1/AUTH_5bda23834ddc4612bf8f751838c88cec/gnocchi.4addeaeb-2d06-4a34-80ec-ca7a34e97eda/1759320000.0_mean_300.0_v3" "tx6db5985a606b489db62e1-0068ea4649" "proxy-server 20" 0.0089 "-" 22 0
Oct 11 11:58:01 standalone proxy-server[130965]: 172.18.0.2 172.18.0.100 11/Oct/2025/11/58/01 PUT /v1/AUTH_5bda23834ddc4612bf8f751838c88cec/gnocchi.4addeaeb-2d06-4a34-80ec-ca7a34e97eda/1759320000.0_mean_300.0_v3 HTTP/1.0 201 - python-swiftclient-3.11.1 gAAAAABo6kXKCvE5... 16 - - tx6db5985a606b489db62e1-0068ea4649 - 0.0141 - - 1760183881.705506325 1760183881.719587326 0
Oct 11 11:58:01 standalone container-server[129015]: 172.20.0.100 - - [11/Oct/2025:11:58:01 +0000] "PUT /d1/434/AUTH_5bda23834ddc4612bf8f751838c88cec/gnocchi.4addeaeb-2d06-4a34-80ec-ca7a34e97eda/none_v3" 201 - "PUT http://172.18.0.2:8080/d1/552/AUTH_5bda23834ddc4612bf8f751838c88cec/gnocchi.4addeaeb-2d06-4a34-80ec-ca7a34e97eda/none_v3" "tx186ae16d22bb4e719fa32-0068ea4649" "object-server 22" 0.0006 "-" 22 0
Oct 11 11:58:01 standalone object-server[129144]: 172.20.0.100 - - [11/Oct/2025:11:58:01 +0000] "PUT /d1/552/AUTH_5bda23834ddc4612bf8f751838c88cec/gnocchi.4addeaeb-2d06-4a34-80ec-ca7a34e97eda/none_v3" 201 - "PUT http://172.18.0.2:8080/v1/AUTH_5bda23834ddc4612bf8f751838c88cec/gnocchi.4addeaeb-2d06-4a34-80ec-ca7a34e97eda/none_v3" "tx186ae16d22bb4e719fa32-0068ea4649" "proxy-server 20" 0.0149 "-" 22 0
Oct 11 11:58:01 standalone proxy-server[130965]: 172.18.0.2 172.18.0.100 11/Oct/2025/11/58/01 PUT /v1/AUTH_5bda23834ddc4612bf8f751838c88cec/gnocchi.4addeaeb-2d06-4a34-80ec-ca7a34e97eda/none_v3 HTTP/1.0 201 - python-swiftclient-3.11.1 gAAAAABo6kXKCvE5... 32 - - tx186ae16d22bb4e719fa32-0068ea4649 - 0.0229 - - 1760183881.724426508 1760183881.747324705 0
Oct 11 11:58:04 standalone container-server[129018]: 172.20.0.100 - - [11/Oct/2025:11:58:04 +0000] "HEAD /d1/884/AUTH_5bda23834ddc4612bf8f751838c88cec/gnocchi.924fc741-f4c4-4373-89ab-a04a86e8611a" 404 - "HEAD http://172.18.0.2:8080/v1/AUTH_5bda23834ddc4612bf8f751838c88cec/gnocchi.924fc741-f4c4-4373-89ab-a04a86e8611a?format=json&states=listing" "tx18d05131756c4d048e54f-0068ea464c" "proxy-server 20" 0.0006 "-" 23 0
Oct 11 11:58:04 standalone object-server[129145]: 172.20.0.100 - - [11/Oct/2025:11:58:04 +0000] "GET /d1/447/AUTH_5bda23834ddc4612bf8f751838c88cec/gnocchi.924fc741-f4c4-4373-89ab-a04a86e8611a/none_v3" 404 70 "GET http://172.18.0.2:8080/v1/AUTH_5bda23834ddc4612bf8f751838c88cec/gnocchi.924fc741-f4c4-4373-89ab-a04a86e8611a/none_v3" "tx18d05131756c4d048e54f-0068ea464c" "proxy-server 20" 0.0008 "-" 23 0
Oct 11 11:58:04 standalone proxy-server[130965]: 172.18.0.2 172.18.0.100 11/Oct/2025/11/58/04 GET /v1/AUTH_5bda23834ddc4612bf8f751838c88cec/gnocchi.924fc741-f4c4-4373-89ab-a04a86e8611a/none_v3 HTTP/1.0 404 - python-swiftclient-3.11.1 gAAAAABo6kXKCvE5... - 70 - tx18d05131756c4d048e54f-0068ea464c - 0.0131 - - 1760183884.942546129 1760183884.955682278 0
Oct 11 11:58:04 standalone account-server[128962]: 172.20.0.100 - - [11/Oct/2025:11:58:04 +0000] "PUT /d1/333/AUTH_5bda23834ddc4612bf8f751838c88cec/gnocchi.924fc741-f4c4-4373-89ab-a04a86e8611a" 201 - "PUT http://172.20.0.100:6001/d1/884/AUTH_5bda23834ddc4612bf8f751838c88cec/gnocchi.924fc741-f4c4-4373-89ab-a04a86e8611a" "txa0b6a2cc53524f8596d80-0068ea464c" "container-server 20" 0.0022 "-" 14 0
Oct 11 11:58:04 standalone container-server[129002]: 172.20.0.100 - - [11/Oct/2025:11:58:04 +0000] "PUT /d1/884/AUTH_5bda23834ddc4612bf8f751838c88cec/gnocchi.924fc741-f4c4-4373-89ab-a04a86e8611a" 201 - "PUT http://172.18.0.2:8080/v1/AUTH_5bda23834ddc4612bf8f751838c88cec/gnocchi.924fc741-f4c4-4373-89ab-a04a86e8611a" "txa0b6a2cc53524f8596d80-0068ea464c" "proxy-server 20" 0.0171 "-" 20 0
Oct 11 11:58:04 standalone proxy-server[130965]: 172.18.0.2 172.18.0.100 11/Oct/2025/11/58/04 PUT /v1/AUTH_5bda23834ddc4612bf8f751838c88cec/gnocchi.924fc741-f4c4-4373-89ab-a04a86e8611a HTTP/1.0 201 - python-swiftclient-3.11.1 gAAAAABo6kXKCvE5... - - - txa0b6a2cc53524f8596d80-0068ea464c - 0.0236 - - 1760183884.964154720 1760183884.987706900 0
Oct 11 11:58:04 standalone container-server[129018]: 172.20.0.100 - - [11/Oct/2025:11:58:04 +0000] "HEAD /d1/884/AUTH_5bda23834ddc4612bf8f751838c88cec/gnocchi.924fc741-f4c4-4373-89ab-a04a86e8611a" 204 - "HEAD http://172.18.0.2:8080/v1/AUTH_5bda23834ddc4612bf8f751838c88cec/gnocchi.924fc741-f4c4-4373-89ab-a04a86e8611a?format=json&states=listing" "txe7a8551dcb61424d8e1ea-0068ea464c" "proxy-server 20" 0.0022 "-" 23 0
Oct 11 11:58:05 standalone proxy-server[130965]: - - 11/Oct/2025/11/58/05 HEAD /v1/AUTH_5bda23834ddc4612bf8f751838c88cec/gnocchi.924fc741-f4c4-4373-89ab-a04a86e8611a%3Fformat%3Djson%26states%3Dlisting HTTP/1.0 204 - Swift - - - - txe7a8551dcb61424d8e1ea-0068ea464c - 0.0075 RL - 1760183884.994076014 1760183885.001586914 0
Oct 11 11:58:05 standalone container-server[129018]: 172.20.0.100 - - [11/Oct/2025:11:58:05 +0000] "GET /d1/884/AUTH_5bda23834ddc4612bf8f751838c88cec/gnocchi.924fc741-f4c4-4373-89ab-a04a86e8611a" 200 2 "GET http://172.18.0.2:8080/v1/AUTH_5bda23834ddc4612bf8f751838c88cec/gnocchi.924fc741-f4c4-4373-89ab-a04a86e8611a?format=json&states=listing" "txe7a8551dcb61424d8e1ea-0068ea464c" "proxy-server 20" 0.0029 "-" 23 0
