Oct 11 11:58:48 standalone container-server[129015]: 172.20.0.100 - - [11/Oct/2025:11:58:48 +0000] "PUT /d1/678/AUTH_5bda23834ddc4612bf8f751838c88cec/gnocchi.bea00bc7-d59c-4db8-b38a-5b87d65690ec/none_v3" 201 - "PUT http://172.18.0.2:8080/d1/727/AUTH_5bda23834ddc4612bf8f751838c88cec/gnocchi.bea00bc7-d59c-4db8-b38a-5b87d65690ec/none_v3" "tx0d2d6c27fd5f4f95bd24e-0068ea4678" "object-server 22" 0.0008 "-" 22 0
Oct 11 11:58:48 standalone object-server[129144]: 172.20.0.100 - - [11/Oct/2025:11:58:48 +0000] "PUT /d1/727/AUTH_5bda23834ddc4612bf8f751838c88cec/gnocchi.bea00bc7-d59c-4db8-b38a-5b87d65690ec/none_v3" 201 - "PUT http://172.18.0.2:8080/v1/AUTH_5bda23834ddc4612bf8f751838c88cec/gnocchi.bea00bc7-d59c-4db8-b38a-5b87d65690ec/none_v3" "tx0d2d6c27fd5f4f95bd24e-0068ea4678" "proxy-server 20" 0.0154 "-" 22 0
Oct 11 11:58:48 standalone proxy-server[130965]: 172.18.0.2 172.18.0.100 11/Oct/2025/11/58/48 PUT /v1/AUTH_5bda23834ddc4612bf8f751838c88cec/gnocchi.bea00bc7-d59c-4db8-b38a-5b87d65690ec/none_v3 HTTP/1.0 201 - python-swiftclient-3.11.1 gAAAAABo6kXKCvE5... 22 - - tx0d2d6c27fd5f4f95bd24e-0068ea4678 - 0.0237 - - 1760183928.692558289 1760183928.716256857 0
Oct 11 11:58:48 standalone container-server[129002]: 172.20.0.100 - - [11/Oct/2025:11:58:48 +0000] "HEAD /d1/974/AUTH_5bda23834ddc4612bf8f751838c88cec/gnocchi.b2c086a0-4bcf-4c7f-bcf1-fb6852f6b051" 404 - "HEAD http://172.18.0.2:8080/v1/AUTH_5bda23834ddc4612bf8f751838c88cec/gnocchi.b2c086a0-4bcf-4c7f-bcf1-fb6852f6b051?format=json&states=listing" "txe24f23892b8a4f5797d1e-0068ea4678" "proxy-server 20" 0.0006 "-" 20 0
Oct 11 11:58:48 standalone object-server[129145]: 172.20.0.100 - - [11/Oct/2025:11:58:48 +0000] "GET /d1/427/AUTH_5bda23834ddc4612bf8f751838c88cec/gnocchi.b2c086a0-4bcf-4c7f-bcf1-fb6852f6b051/none_v3" 404 70 "GET http://172.18.0.2:8080/v1/AUTH_5bda23834ddc4612bf8f751838c88cec/gnocchi.b2c086a0-4bcf-4c7f-bcf1-fb6852f6b051/none_v3" "txe24f23892b8a4f5797d1e-0068ea4678" "proxy-server 20" 0.0004 "-" 23 0
Oct 11 11:58:48 standalone proxy-server[130965]: 172.18.0.2 172.18.0.100 11/Oct/2025/11/58/48 GET /v1/AUTH_5bda23834ddc4612bf8f751838c88cec/gnocchi.b2c086a0-4bcf-4c7f-bcf1-fb6852f6b051/none_v3 HTTP/1.0 404 - python-swiftclient-3.11.1 gAAAAABo6kXKCvE5... - 70 - txe24f23892b8a4f5797d1e-0068ea4678 - 0.0154 - - 1760183928.734154463 1760183928.749567986 0
Oct 11 11:58:48 standalone account-server[129005]: 172.20.0.100 - - [11/Oct/2025:11:58:48 +0000] "PUT /d1/333/AUTH_5bda23834ddc4612bf8f751838c88cec/gnocchi.b2c086a0-4bcf-4c7f-bcf1-fb6852f6b051" 201 - "PUT http://172.20.0.100:6001/d1/974/AUTH_5bda23834ddc4612bf8f751838c88cec/gnocchi.b2c086a0-4bcf-4c7f-bcf1-fb6852f6b051" "tx52b050b4f2e54cdd8c3bb-0068ea4678" "container-server 22" 0.0055 "-" 17 0
Oct 11 11:58:48 standalone container-server[129015]: 172.20.0.100 - - [11/Oct/2025:11:58:48 +0000] "PUT /d1/974/AUTH_5bda23834ddc4612bf8f751838c88cec/gnocchi.b2c086a0-4bcf-4c7f-bcf1-fb6852f6b051" 201 - "PUT http://172.18.0.2:8080/v1/AUTH_5bda23834ddc4612bf8f751838c88cec/gnocchi.b2c086a0-4bcf-4c7f-bcf1-fb6852f6b051" "tx52b050b4f2e54cdd8c3bb-0068ea4678" "proxy-server 20" 0.0187 "-" 22 0
Oct 11 11:58:48 standalone proxy-server[130965]: 172.18.0.2 172.18.0.100 11/Oct/2025/11/58/48 PUT /v1/AUTH_5bda23834ddc4612bf8f751838c88cec/gnocchi.b2c086a0-4bcf-4c7f-bcf1-fb6852f6b051 HTTP/1.0 201 - python-swiftclient-3.11.1 gAAAAABo6kXKCvE5... - - - tx52b050b4f2e54cdd8c3bb-0068ea4678 - 0.0265 - - 1760183928.753753185 1760183928.780273676 0
Oct 11 11:58:48 standalone container-server[129002]: 172.20.0.100 - - [11/Oct/2025:11:58:48 +0000] "HEAD /d1/974/AUTH_5bda23834ddc4612bf8f751838c88cec/gnocchi.b2c086a0-4bcf-4c7f-bcf1-fb6852f6b051" 204 - "HEAD http://172.18.0.2:8080/v1/AUTH_5bda23834ddc4612bf8f751838c88cec/gnocchi.b2c086a0-4bcf-4c7f-bcf1-fb6852f6b051?format=json&states=listing" "tx3f0bc6ad077845529b791-0068ea4678" "proxy-server 20" 0.0038 "-" 20 0
Oct 11 11:58:48 standalone proxy-server[130965]: - - 11/Oct/2025/11/58/48 HEAD /v1/AUTH_5bda23834ddc4612bf8f751838c88cec/gnocchi.b2c086a0-4bcf-4c7f-bcf1-fb6852f6b051%3Fformat%3Djson%26states%3Dlisting HTTP/1.0 204 - Swift - - - - tx3f0bc6ad077845529b791-0068ea4678 - 0.0135 RL - 1760183928.787671089 1760183928.801176071 0
Oct 11 11:58:48 standalone container-server[129018]: 172.20.0.100 - - [11/Oct/2025:11:58:48 +0000] "GET /d1/974/AUTH_5bda23834ddc4612bf8f751838c88cec/gnocchi.b2c086a0-4bcf-4c7f-bcf1-fb6852f6b051" 200 2 "GET http://172.18.0.2:8080/v1/AUTH_5bda23834ddc4612bf8f751838c88cec/gnocchi.b2c086a0-4bcf-4c7f-bcf1-fb6852f6b051?format=json&states=listing" "tx3f0bc6ad077845529b791-0068ea4678" "proxy-server 20" 0.0043 "-" 23 0
Oct 11 11:58:48 standalone proxy-server[130965]: 172.18.0.2 172.18.0.100 11/Oct/2025/11/58/48 GET /v1/AUTH_5bda23834ddc4612bf8f751838c88cec/gnocchi.b2c086a0-4bcf-4c7f-bcf1-fb6852f6b051%3Fformat%3Djson%26states%3Dlisting HTTP/1.0 200 - python-swiftclient-3.11.1 gAAAAABo6kXKCvE5... - 2 - tx3f0bc6ad077845529b791-0068ea4678 - 0.0337 - - 1760183928.785857439 1760183928.819577456 0
Oct 11 11:58:48 standalone object-server[129143]: 172.20.0.100 - - [11/Oct/2025:11:58:48 +0000] "GET /d1/346/AUTH_5bda23834ddc4612bf8f751838c88cec/gnocchi.b2c086a0-4bcf-4c7f-bcf1-fb6852f6b051/1759320000.0_mean_300.0_v3" 404 70 "GET http://172.18.0.2:8080/v1/AUTH_5bda23834ddc4612bf8f751838c88cec/gnocchi.b2c086a0-4bcf-4c7f-bcf1-fb6852f6b051/1759320000.0_mean_300.0_v3" "txe66a9bbf19224d2c940ce-0068ea4678" "proxy-server 20" 0.0005 "-" 21 0
Oct 11 11:58:48 standalone proxy-server[130965]: 172.18.0.2 172.18.0.100 11/Oct/2025/11/58/48 GET /v1/AUTH_5bda23834ddc4612bf8f751838c88cec/gnocchi.b2c086a0-4bcf-4c7f-bcf1-fb6852f6b051/1759320000.0_mean_300.0_v3 HTTP/1.0 404 - python-swiftclient-3.11.1 gAAAAABo6kXKCvE5... - 70 - txe66a9bbf19224d2c940ce-0068ea4678 - 0.0085 - - 1760183928.829535961 1760183928.838007927 0
Oct 11 11:58:48 standalone container-server[129002]: 172.20.0.100 - - [11/Oct/2025:11:58:48 +0000] "PUT /d1/974/AUTH_5bda23834ddc4612bf8f751838c88cec/gnocchi.b2c086a0-4bcf-4c7f-bcf1-fb6852f6b051/1759320000.0_mean_300.0_v3" 201 - "PUT http://172.18.0.2:8080/d1/346/AUTH_5bda23834ddc4612bf8f751838c88cec/gnocchi.b2c086a0-4bcf-4c7f-bcf1-fb6852f6b051/1759320000.0_mean_300.0_v3" "txdc437ae235ae4e5a8ee49-0068ea4678" "object-server 23" 0.0009 "-" 20 0
Oct 11 11:58:48 standalone object-server[129145]: 172.20.0.100 - - [11/Oct/2025:11:58:48 +0000] "PUT /d1/346/AUTH_5bda23834ddc4612bf8f751838c88cec/gnocchi.b2c086a0-4bcf-4c7f-bcf1-fb6852f6b051/1759320000.0_mean_300.0_v3" 201 - "PUT http://172.18.0.2:8080/v1/AUTH_5bda23834ddc4612bf8f751838c88cec/gnocchi.b2c086a0-4bcf-4c7f-bcf1-fb6852f6b051/1759320000.0_mean_300.0_v3" "txdc437ae235ae4e5a8ee49-0068ea4678" "proxy-server 20" 0.0115 "-" 23 0
Oct 11 11:58:48 standalone proxy-server[130965]: 172.18.0.2 172.18.0.100 11/Oct/2025/11/58/48 PUT /v1/AUTH_5bda23834ddc4612bf8f751838c88cec/gnocchi.b2c086a0-4bcf-4c7f-bcf1-fb6852f6b051/1759320000.0_mean_300.0_v3 HTTP/1.0 201 - python-swiftclient-3.11.1 gAAAAABo6kXKCvE5... 16 - - txdc437ae235ae4e5a8ee49-0068ea4678 - 0.0202 - - 1760183928.845139503 1760183928.865310907 0
Oct 11 11:58:48 standalone container-server[129014]: 172.20.0.100 - - [11/Oct/2025:11:58:48 +0000] "PUT /d1/974/AUTH_5bda23834ddc4612bf8f751838c88cec/gnocchi.b2c086a0-4bcf-4c7f-bcf1-fb6852f6b051/none_v3" 201 - "PUT http://172.18.0.2:8080/d1/427/AUTH_5bda23834ddc4612bf8f751838c88cec/gnocchi.b2c086a0-4bcf-4c7f-bcf1-fb6852f6b051/none_v3" "txf50bbf7a4d33426383943-0068ea4678" "object-server 21" 0.0008 "-" 21 0
Oct 11 11:58:48 standalone object-server[129143]: 172.20.0.100 - - [11/Oct/2025:11:58:48 +0000] "PUT /d1/427/AUTH_5bda23834ddc4612bf8f751838c88cec/gnocchi.b2c086a0-4bcf-4c7f-bcf1-fb6852f6b051/none_v3" 201 - "PUT http://172.18.0.2:8080/v1/AUTH_5bda23834ddc4612bf8f751838c88cec/gnocchi.b2c086a0-4bcf-4c7f-bcf1-fb6852f6b051/none_v3" "txf50bbf7a4d33426383943-0068ea4678" "proxy-server 20" 0.0111 "-" 21 0
Oct 11 11:58:48 standalone proxy-server[130965]: 172.18.0.2 172.18.0.100 11/Oct/2025/11/58/48 PUT /v1/AUTH_5bda23834ddc4612bf8f751838c88cec/gnocchi.b2c086a0-4bcf-4c7f-bcf1-fb6852f6b051/none_v3 HTTP/1.0 201 - python-swiftclient-3.11.1 gAAAAABo6kXKCvE5... 22 - - txf50bbf7a4d33426383943-0068ea4678 - 0.0197 - - 1760183928.869963169 1760183928.889694929 0
Oct 11 11:58:48 standalone container-server[129018]: 172.20.0.100 - - [11/Oct/2025:11:58:48 +0000] "HEAD /d1/918/AUTH_5bda23834ddc4612bf8f751838c88cec/gnocchi.d373da10-2cc6-494e-abbd-da09a2b57b1b" 404 - "HEAD http://172.18.0.2:8080/v1/AUTH_5bda23834ddc4612bf8f751838c88cec/gnocchi.d373da10-2cc6-494e-abbd-da09a2b57b1b?format=json&states=listing" "tx72d70dbf53564ca086888-0068ea4678" "proxy-server 20" 0.0006 "-" 23 0
Oct 11 11:58:48 standalone object-server[129145]: 172.20.0.100 - - [11/Oct/2025:11:58:48 +0000] "GET /d1/899/AUTH_5bda23834ddc4612bf8f751838c88cec/gnocchi.d373da10-2cc6-494e-abbd-da09a2b57b1b/none_v3" 404 70 "GET http://172.18.0.2:8080/v1/AUTH_5bda23834ddc4612bf8f751838c88cec/gnocchi.d373da10-2cc6-494e-abbd-da09a2b57b1b/none_v3" "tx72d70dbf53564ca086888-0068ea4678" "proxy-server 20" 0.0005 "-" 23 0
Oct 11 11:58:48 standalone proxy-server[130965]: 172.18.0.2 172.18.0.100 11/Oct/2025/11/58/48 GET /v1/AUTH_5bda23834ddc4612bf8f751838c88cec/gnocchi.d373da10-2cc6-494e-abbd-da09a2b57b1b/none_v3 HTTP/1.0 404 - python-swiftclient-3.11.1 gAAAAABo6kXKCvE5... - 70 - tx72d70dbf53564ca086888-0068ea4678 - 0.0134 - - 1760183928.904905796 1760183928.918270111 0
Oct 11 11:58:48 standalone account-server[129005]: 172.20.0.100 - - [11/Oct/2025:11:58:48 +0000] "PUT /d1/333/AUTH_5bda23834ddc4612bf8f751838c88cec/gnocchi.d373da10-2cc6-494e-abbd-da09a2b57b1b" 201 - "PUT http://172.20.0.100:6001/d1/918/AUTH_5bda23834ddc4612bf8f751838c88cec/gnocchi.d373da10-2cc6-494e-abbd-da09a2b57b1b" "tx1d70b14b09634f1c96f90-0068ea4678" "container-server 23" 0.0060 "-" 17 0
Oct 11 11:58:48 standalone container-server[129018]: 172.20.0.100 - - [11/Oct/2025:11:58:48 +0000] "PUT /d1/918/AUTH_5bda23834ddc4612bf8f751838c88cec/gnocchi.d373da10-2cc6-494e-abbd-da09a2b57b1b" 201 - "PUT http://172.18.0.2:8080/v1/AUTH_5bda23834ddc4612bf8f751838c88cec/gnocchi.d373da10-2cc6-494e-abbd-da09a2b57b1b" "tx1d70b14b09634f1c96f90-0068ea4678" "proxy-server 20" 0.0236 "-" 23 0
Oct 11 11:58:48 standalone proxy-server[130965]: 172.18.0.2 172.18.0.100 11/Oct/2025/11/58/48 PUT /v1/AUTH_5bda23834ddc4612bf8f751838c88cec/gnocchi.d373da10-2cc6-494e-abbd-da09a2b57b1b HTTP/1.0 201 - python-swiftclient-3.11.1 gAAAAABo6kXKCvE5... - - - tx1d70b14b09634f1c96f90-0068ea4678 - 0.0298 - - 1760183928.922082901 1760183928.951869488 0
Oct 11 11:58:48 standalone container-server[129018]: 172.20.0.100 - - [11/Oct/2025:11:58:48 +0000] "HEAD /d1/918/AUTH_5bda23834ddc4612bf8f751838c88cec/gnocchi.d373da10-2cc6-494e-abbd-da09a2b57b1b" 204 - "HEAD http://172.18.0.2:8080/v1/AUTH_5bda23834ddc4612bf8f751838c88cec/gnocchi.d373da10-2cc6-494e-abbd-da09a2b57b1b?format=json&states=listing" "tx0e1e5395d90c49418580e-0068ea4678" "proxy-server 20" 0.0022 "-" 23 0
Oct 11 11:58:48 standalone proxy-server[130965]: - - 11/Oct/2025/11/58/48 HEAD /v1/AUTH_5bda23834ddc4612bf8f751838c88cec/gnocchi.d373da10-2cc6-494e-abbd-da09a2b57b1b%3Fformat%3Djson%26states%3Dlisting HTTP/1.0 204 - Swift - - - - tx0e1e5395d90c49418580e-0068ea4678 - 0.0068 RL - 1760183928.958727598 1760183928.965509176 0
Oct 11 11:58:48 standalone container-server[129014]: 172.20.0.100 - - [11/Oct/2025:11:58:48 +0000] "GET /d1/918/AUTH_5bda23834ddc4612bf8f751838c88cec/gnocchi.d373da10-2cc6-494e-abbd-da09a2b57b1b" 200 2 "GET http://172.18.0.2:8080/v1/AUTH_5bda23834ddc4612bf8f751838c88cec/gnocchi.d373da10-2cc6-494e-abbd-da09a2b57b1b?format=json&states=listing" "tx0e1e5395d90c49418580e-0068ea4678" "proxy-server 20" 0.0037 "-" 21 0
Oct 11 11:58:48 standalone proxy-server[130965]: 172.18.0.2 172.18.0.100 11/Oct/2025/11/58/48 GET /v1/AUTH_5bda23834ddc4612bf8f751838c88cec/gnocchi.d373da10-2cc6-494e-abbd-da09a2b57b1b%3Fformat%3Djson%26states%3Dlisting HTTP/1.0 200 - python-swiftclient-3.11.1 gAAAAABo6kXKCvE5... - 2 - tx0e1e5395d90c49418580e-0068ea4678 - 0.0213 - - 1760183928.957021713 1760183928.978317738 0
Oct 11 11:58:48 standalone object-server[129142]: 172.20.0.100 - - [11/Oct/2025:11:58:48 +0000] "GET /d1/957/AUTH_5bda23834ddc4612bf8f751838c88cec/gnocchi.d373da10-2cc6-494e-abbd-da09a2b57b1b/1759320000.0_mean_300.0_v3" 404 70 "GET http://172.18.0.2:8080/v1/AUTH_5bda23834ddc4612bf8f751838c88cec/gnocchi.d373da10-2cc6-494e-abbd-da09a2b57b1b/1759320000.0_mean_300.0_v3" "tx9f5f7d9c40bd4368bbb68-0068ea4678" "proxy-server 20" 0.0007 "-" 20 0
Oct 11 11:58:48 standalone proxy-server[130965]: 172.18.0.2 172.18.0.100 11/Oct/2025/11/58/48 GET /v1/AUTH_5bda23834ddc4612bf8f751838c88cec/gnocchi.d373da10-2cc6-494e-abbd-da09a2b57b1b/1759320000.0_mean_300.0_v3 HTTP/1.0 404 - python-swiftclient-3.11.1 gAAAAABo6kXKCvE5... - 70 - tx9f5f7d9c40bd4368bbb68-0068ea4678 - 0.0094 - - 1760183928.984843731 1760183928.994217396 0
Oct 11 11:58:49 standalone container-server[129002]: 172.20.0.100 - - [11/Oct/2025:11:58:49 +0000] "PUT /d1/918/AUTH_5bda23834ddc4612bf8f751838c88cec/gnocchi.d373da10-2cc6-494e-abbd-da09a2b57b1b/1759320000.0_mean_300.0_v3" 201 - "PUT http://172.18.0.2:8080/d1/957/AUTH_5bda23834ddc4612bf8f751838c88cec/gnocchi.d373da10-2cc6-494e-abbd-da09a2b57b1b/1759320000.0_mean_300.0_v3" "tx8ee8a53de5064594b70aa-0068ea4678" "object-server 23" 0.0010 "-" 20 0
Oct 11 11:58:49 standalone object-server[129145]: 172.20.0.100 - - [11/Oct/2025:11:58:49 +0000] "PUT /d1/957/AUTH_5bda23834ddc4612bf8f751838c88cec/gnocchi.d373da10-2cc6-494e-abbd-da09a2b57b1b/1759320000.0_mean_300.0_v3" 201 - "PUT http://172.18.0.2:8080/v1/AUTH_5bda23834ddc4612bf8f751838c88cec/gnocchi.d373da10-2cc6-494e-abbd-da09a2b57b1b/1759320000.0_mean_300.0_v3" "tx8ee8a53de5064594b70aa-0068ea4678" "proxy-server 20" 0.0143 "-" 23 0
Oct 11 11:58:49 standalone proxy-server[130965]: 172.18.0.2 172.18.0.100 11/Oct/2025/11/58/49 PUT /v1/AUTH_5bda23834ddc4612bf8f751838c88cec/gnocchi.d373da10-2cc6-494e-abbd-da09a2b57b1b/1759320000.0_mean_300.0_v3 HTTP/1.0 201 - python-swiftclient-3.11.1 gAAAAABo6kXKCvE5... 16 - - tx8ee8a53de5064594b70aa-0068ea4678 - 0.0228 - - 1760183928.999010086 1760183929.021786928 0
Oct 11 11:58:49 standalone container-server[129015]: 172.20.0.100 - - [11/Oct/2025:11:58:49 +0000] "PUT /d1/918/AUTH_5bda23834ddc4612bf8f751838c88cec/gnocchi.d373da10-2cc6-494e-abbd-da09a2b57b1b/none_v3" 201 - "PUT http://172.18.0.2:8080/d1/899/AUTH_5bda23834ddc4612bf8f751838c88cec/gnocchi.d373da10-2cc6-494e-abbd-da09a2b57b1b/none_v3" "tx41ef3525853048839c288-0068ea4679" "object-server 22" 0.0008 "-" 22 0
Oct 11 11:58:49 standalone object-server[129144]: 172.20.0.100 - - [11/Oct/2025:11:58:49 +0000] "PUT /d1/899/AUTH_5bda23834ddc4612bf8f751838c88cec/gnocchi.d373da10-2cc6-494e-abbd-da09a2b57b1b/none_v3" 201 - "PUT http://172.18.0.2:8080/v1/AUTH_5bda23834ddc4612bf8f751838c88cec/gnocchi.d373da10-2cc6-494e-abbd-da09a2b57b1b/none_v3" "tx41ef3525853048839c288-0068ea4679" "proxy-server 20" 0.0138 "-" 22 0
Oct 11 11:58:49 standalone proxy-server[130965]: 172.18.0.2 172.18.0.100 11/Oct/2025/11/58/49 PUT /v1/AUTH_5bda23834ddc4612bf8f751838c88cec/gnocchi.d373da10-2cc6-494e-abbd-da09a2b57b1b/none_v3 HTTP/1.0 201 - python-swiftclient-3.11.1 gAAAAABo6kXKCvE5... 22 - - tx41ef3525853048839c288-0068ea4679 - 0.0221 - - 1760183929.026199102 1760183929.048252583 0
Oct 11 11:58:49 standalone container-server[129015]: 172.20.0.100 - - [11/Oct/2025:11:58:49 +0000] "HEAD /d1/431/AUTH_5bda23834ddc4612bf8f751838c88cec/gnocchi.be4c3e9a-a09d-4a3c-a842-5886390ed9eb" 404 - "HEAD http://172.18.0.2:8080/v1/AUTH_5bda23834ddc4612bf8f751838c88cec/gnocchi.be4c3e9a-a09d-4a3c-a842-5886390ed9eb?format=json&states=listing" "txd650f6547f22428390120-0068ea4679" "proxy-server 20" 0.0005 "-" 22 0
Oct 11 11:58:49 standalone object-server[129144]: 172.20.0.100 - - [11/Oct/2025:11:58:49 +0000] "GET /d1/433/AUTH_5bda23834ddc4612bf8f751838c88cec/gnocchi.be4c3e9a-a09d-4a3c-a842-5886390ed9eb/none_v3" 404 70 "GET http://172.18.0.2:8080/v1/AUTH_5bda23834ddc4612bf8f751838c88cec/gnocchi.be4c3e9a-a09d-4a3c-a842-5886390ed9eb/none_v3" "txd650f6547f22428390120-0068ea4679" "proxy-server 20" 0.0006 "-" 22 0
Oct 11 11:58:49 standalone proxy-server[130965]: 172.18.0.2 172.18.0.100 11/Oct/2025/11/58/49 GET /v1/AUTH_5bda23834ddc4612bf8f751838c88cec/gnocchi.be4c3e9a-a09d-4a3c-a842-5886390ed9eb/none_v3 HTTP/1.0 404 - python-swiftclient-3.11.1 gAAAAABo6kXKCvE5... - 70 - txd650f6547f22428390120-0068ea4679 - 0.0140 - - 1760183929.064029932 1760183929.078016758 0
Oct 11 11:58:49 standalone account-server[128982]: 172.20.0.100 - - [11/Oct/2025:11:58:49 +0000] "PUT /d1/333/AUTH_5bda23834ddc4612bf8f751838c88cec/gnocchi.be4c3e9a-a09d-4a3c-a842-5886390ed9eb" 201 - "PUT http://172.20.0.100:6001/d1/431/AUTH_5bda23834ddc4612bf8f751838c88cec/gnocchi.be4c3e9a-a09d-4a3c-a842-5886390ed9eb" "txab743e77db8144ea8c002-0068ea4679" "container-server 20" 0.0063 "-" 15 0
Oct 11 11:58:49 standalone container-server[129002]: 172.20.0.100 - - [11/Oct/2025:11:58:49 +0000] "PUT /d1/431/AUTH_5bda23834ddc4612bf8f751838c88cec/gnocchi.be4c3e9a-a09d-4a3c-a842-5886390ed9eb" 201 - "PUT http://172.18.0.2:8080/v1/AUTH_5bda23834ddc4612bf8f751838c88cec/gnocchi.be4c3e9a-a09d-4a3c-a842-5886390ed9eb" "txab743e77db8144ea8c002-0068ea4679" "proxy-server 20" 0.0245 "-" 20 0
Oct 11 11:58:49 standalone proxy-server[130965]: 172.18.0.2 172.18.0.100 11/Oct/2025/11/58/49 PUT /v1/AUTH_5bda23834ddc4612bf8f751838c88cec/gnocchi.be4c3e9a-a09d-4a3c-a842-5886390ed9eb HTTP/1.0 201 - python-swiftclient-3.11.1 gAAAAABo6kXKCvE5... - - - txab743e77db8144ea8c002-0068ea4679 - 0.0320 - - 1760183929.083216906 1760183929.115238428 0
Oct 11 11:58:49 standalone container-server[129002]: 172.20.0.100 - - [11/Oct/2025:11:58:49 +0000] "HEAD /d1/431/AUTH_5bda23834ddc4612bf8f751838c88cec/gnocchi.be4c3e9a-a09d-4a3c-a842-5886390ed9eb" 204 - "HEAD http://172.18.0.2:8080/v1/AUTH_5bda23834ddc4612bf8f751838c88cec/gnocchi.be4c3e9a-a09d-4a3c-a842-5886390ed9eb?format=json&states=listing" "tx4374ab06e52441efadeff-0068ea4679" "proxy-server 20" 0.0019 "-" 20 0
Oct 11 11:58:49 standalone proxy-server[130965]: - - 11/Oct/2025/11/58/49 HEAD /v1/AUTH_5bda23834ddc4612bf8f751838c88cec/gnocchi.be4c3e9a-a09d-4a3c-a842-5886390ed9eb%3Fformat%3Djson%26states%3Dlisting HTTP/1.0 204 - Swift - - - - tx4374ab06e52441efadeff-0068ea4679 - 0.0054 RL - 1760183929.121129036 1760183929.126573324 0
Oct 11 11:58:49 standalone container-server[129002]: 172.20.0.100 - - [11/Oct/2025:11:58:49 +0000] "GET /d1/431/AUTH_5bda23834ddc4612bf8f751838c88cec/gnocchi.be4c3e9a-a09d-4a3c-a842-5886390ed9eb" 200 2 "GET http://172.18.0.2:8080/v1/AUTH_5bda23834ddc4612bf8f751838c88cec/gnocchi.be4c3e9a-a09d-4a3c-a842-5886390ed9eb?format=json&states=listing" "tx4374ab06e52441efadeff-0068ea4679" "proxy-server 20" 0.0031 "-" 20 0
Oct 11 11:58:49 standalone proxy-server[130965]: 172.18.0.2 172.18.0.100 11/Oct/2025/11/58/49 GET /v1/AUTH_5bda23834ddc4612bf8f751838c88cec/gnocchi.be4c3e9a-a09d-4a3c-a842-5886390ed9eb%3Fformat%3Djson%26states%3Dlisting HTTP/1.0 200 - python-swiftclient-3.11.1 gAAAAABo6kXKCvE5... - 2 - tx4374ab06e52441efadeff-0068ea4679 - 0.0174 - - 1760183929.120134354 1760183929.137550831 0
Oct 11 11:58:49 standalone object-server[129144]: 172.20.0.100 - - [11/Oct/2025:11:58:49 +0000] "GET /d1/816/AUTH_5bda23834ddc4612bf8f751838c88cec/gnocchi.be4c3e9a-a09d-4a3c-a842-5886390ed9eb/1759320000.0_mean_300.0_v3" 404 70 "GET http://172.18.0.2:8080/v1/AUTH_5bda23834ddc4612bf8f751838c88cec/gnocchi.be4c3e9a-a09d-4a3c-a842-5886390ed9eb/1759320000.0_mean_300.0_v3" "tx80d0c91d64dd401ea3be3-0068ea4679" "proxy-server 20" 0.0005 "-" 22 0
Oct 11 11:58:49 standalone proxy-server[130965]: 172.18.0.2 172.18.0.100 11/Oct/2025/11/58/49 GET /v1/AUTH_5bda23834ddc4612bf8f751838c88cec/gnocchi.be4c3e9a-a09d-4a3c-a842-5886390ed9eb/1759320000.0_mean_300.0_v3 HTTP/1.0 404 - python-swiftclient-3.11.1 gAAAAABo6kXKCvE5... - 70 - tx80d0c91d64dd401ea3be3-0068ea4679 - 0.0083 - - 1760183929.143630505 1760183929.151916981 0
Oct 11 11:58:49 standalone container-server[129014]: 172.20.0.100 - - [11/Oct/2025:11:58:49 +0000] "PUT /d1/431/AUTH_5bda23834ddc4612bf8f751838c88cec/gnocchi.be4c3e9a-a09d-4a3c-a842-5886390ed9eb/1759320000.0_mean_300.0_v3" 201 - "PUT http://172.18.0.2:8080/d1/816/AUTH_5bda23834ddc4612bf8f751838c88cec/gnocchi.be4c3e9a-a09d-4a3c-a842-5886390ed9eb/1759320000.0_mean_300.0_v3" "tx4eb665979bbf433a8a179-0068ea4679" "object-server 23" 0.0005 "-" 21 0
Oct 11 11:58:49 standalone object-server[129145]: 172.20.0.100 - - [11/Oct/2025:11:58:49 +0000] "PUT /d1/816/AUTH_5bda23834ddc4612bf8f751838c88cec/gnocchi.be4c3e9a-a09d-4a3c-a842-5886390ed9eb/1759320000.0_mean_300.0_v3" 201 - "PUT http://172.18.0.2:8080/v1/AUTH_5bda23834ddc4612bf8f751838c88cec/gnocchi.be4c3e9a-a09d-4a3c-a842-5886390ed9eb/1759320000.0_mean_300.0_v3" "tx4eb665979bbf433a8a179-0068ea4679" "proxy-server 20" 0.0120 "-" 23 0
Oct 11 11:58:49 standalone proxy-server[130965]: 172.18.0.2 172.18.0.100 11/Oct/2025/11/58/49 PUT /v1/AUTH_5bda23834ddc4612bf8f751838c88cec/gnocchi.be4c3e9a-a09d-4a3c-a842-5886390ed9eb/1759320000.0_mean_300.0_v3 HTTP/1.0 201 - python-swiftclient-3.11.1 gAAAAABo6kXKCvE5... 16 - - tx4eb665979bbf433a8a179-0068ea4679 - 0.0193 - - 1760183929.156696081 1760183929.176039457 0
Oct 11 11:58:49 standalone container-server[129014]: 172.20.0.100 - - [11/Oct/2025:11:58:49 +0000] "PUT /d1/431/AUTH_5bda23834ddc4612bf8f751838c88cec/gnocchi.be4c3e9a-a09d-4a3c-a842-5886390ed9eb/none_v3" 201 - "PUT http://172.18.0.2:8080/d1/433/AUTH_5bda23834ddc4612bf8f751838c88cec/gnocchi.be4c3e9a-a09d-4a3c-a842-5886390ed9eb/none_v3" "txe20b1dea79e64efdbabe9-0068ea4679" "object-server 22" 0.0003 "-" 21 0
Oct 11 11:58:49 standalone object-server[129144]: 172.20.0.100 - - [11/Oct/2025:11:58:49 +0000] "PUT /d1/433/AUTH_5bda23834ddc4612bf8f751838c88cec/gnocchi.be4c3e9a-a09d-4a3c-a842-5886390ed9eb/none_v3" 201 - "PUT http://172.18.0.2:8080/v1/AUTH_5bda23834ddc4612bf8f751838c88cec/gnocchi.be4c3e9a-a09d-4a3c-a842-5886390ed9eb/none_v3" "txe20b1dea79e64efdbabe9-0068ea4679" "proxy-server 20" 0.0100 "-" 22 0
Oct 11 11:58:49 standalone proxy-server[130965]: 172.18.0.2 172.18.0.100 11/Oct/2025/11/58/49 PUT /v1/AUTH_5bda23834ddc4612bf8f751838c88cec/gnocchi.be4c3e9a-a09d-4a3c-a842-5886390ed9eb/none_v3 HTTP/1.0 201 - python-swiftclient-3.11.1 gAAAAABo6kXKCvE5... 22 - - txe20b1dea79e64efdbabe9-0068ea4679 - 0.0187 - - 1760183929.181010962 1760183929.199699163 0
Oct 11 11:58:49 standalone container-server[129015]: 172.20.0.100 - - [11/Oct/2025:11:58:49 +0000] "HEAD /d1/758/AUTH_5bda23834ddc4612bf8f751838c88cec/gnocchi.c17e7787-b0c8-4769-bbf0-095202ac4843" 404 - "HEAD http://172.18.0.2:8080/v1/AUTH_5bda23834ddc4612bf8f751838c88cec/gnocchi.c17e7787-b0c8-4769-bbf0-095202ac4843?format=json&states=listing" "txc900cd121eba4026bb5e0-0068ea4679" "proxy-server 20" 0.0006 "-" 22 0
Oct 11 11:58:49 standalone object-server[129142]: 172.20.0.100 - - [11/Oct/2025:11:58:49 +0000] "GET /d1/691/AUTH_5bda23834ddc4612bf8f751838c88cec/gnocchi.c17e7787-b0c8-4769-bbf0-095202ac4843/none_v3" 404 70 "GET http://172.18.0.2:8080/v1/AUTH_5bda23834ddc4612bf8f751838c88cec/gnocchi.c17e7787-b0c8-4769-bbf0-095202ac4843/none_v3" "txc900cd121eba4026bb5e0-0068ea4679" "proxy-server 20" 0.0005 "-" 20 0
Oct 11 11:58:49 standalone proxy-server[130965]: 172.18.0.2 172.18.0.100 11/Oct/2025/11/58/49 GET /v1/AUTH_5bda23834ddc4612bf8f751838c88cec/gnocchi.c17e7787-b0c8-4769-bbf0-095202ac4843/none_v3 HTTP/1.0 404 - python-swiftclient-3.11.1 gAAAAABo6kXKCvE5... - 70 - txc900cd121eba4026bb5e0-0068ea4679 - 0.0146 - - 1760183929.215074778 1760183929.229631186 0
Oct 11 11:58:49 standalone account-server[128962]: 172.20.0.100 - - [11/Oct/2025:11:58:49 +0000] "PUT /d1/333/AUTH_5bda23834ddc4612bf8f751838c88cec/gnocchi.c17e7787-b0c8-4769-bbf0-095202ac4843" 201 - "PUT http://172.20.0.100:6001/d1/758/AUTH_5bda23834ddc4612bf8f751838c88cec/gnocchi.c17e7787-b0c8-4769-bbf0-095202ac4843" "txecb4d36b54174372ae153-0068ea4679" "container-server 23" 0.0062 "-" 14 0
Oct 11 11:58:49 standalone container-server[129018]: 172.20.0.100 - - [11/Oct/2025:11:58:49 +0000] "PUT /d1/758/AUTH_5bda23834ddc4612bf8f751838c88cec/gnocchi.c17e7787-b0c8-4769-bbf0-095202ac4843" 201 - "PUT http://172.18.0.2:8080/v1/AUTH_5bda23834ddc4612bf8f751838c88cec/gnocchi.c17e7787-b0c8-4769-bbf0-095202ac4843" "txecb4d36b54174372ae153-0068ea4679" "proxy-server 20" 0.0229 "-" 23 0
Oct 11 11:58:49 standalone proxy-server[130965]: 172.18.0.2 172.18.0.100 11/Oct/2025/11/58/49 PUT /v1/AUTH_5bda23834ddc4612bf8f751838c88cec/gnocchi.c17e7787-b0c8-4769-bbf0-095202ac4843 HTTP/1.0 201 - python-swiftclient-3.11.1 gAAAAABo6kXKCvE5... - - - txecb4d36b54174372ae153-0068ea4679 - 0.0311 - - 1760183929.233900547 1760183929.265030384 0
Oct 11 11:58:49 standalone container-server[129014]: 172.20.0.100 - - [11/Oct/2025:11:58:49 +0000] "HEAD /d1/758/AUTH_5bda23834ddc4612bf8f751838c88cec/gnocchi.c17e7787-b0c8-4769-bbf0-095202ac4843" 204 - "HEAD http://172.18.0.2:8080/v1/AUTH_5bda23834ddc4612bf8f751838c88cec/gnocchi.c17e7787-b0c8-4769-bbf0-095202ac4843?format=json&states=listing" "txc5ae767d4ea14e8597f1e-0068ea4679" "proxy-server 20" 0.0022 "-" 21 0
Oct 11 11:58:49 standalone proxy-server[130965]: - - 11/Oct/2025/11/58/49 HEAD /v1/AUTH_5bda23834ddc4612bf8f751838c88cec/gnocchi.c17e7787-b0c8-4769-bbf0-095202ac4843%3Fformat%3Djson%26states%3Dlisting HTTP/1.0 204 - Swift - - - - txc5ae767d4ea14e8597f1e-0068ea4679 - 0.0077 RL - 1760183929.270233631 1760183929.277885675 0
Oct 11 11:58:49 standalone container-server[129018]: 172.20.0.100 - - [11/Oct/2025:11:58:49 +0000] "GET /d1/758/AUTH_5bda23834ddc4612bf8f751838c88cec/gnocchi.c17e7787-b0c8-4769-bbf0-095202ac4843" 200 2 "GET http://172.18.0.2:8080/v1/AUTH_5bda23834ddc4612bf8f751838c88cec/gnocchi.c17e7787-b0c8-4769-bbf0-095202ac4843?format=json&states=listing" "txc5ae767d4ea14e8597f1e-0068ea4679" "proxy-server 20" 0.0037 "-" 23 0
Oct 11 11:58:49 standalone proxy-server[130965]: 172.18.0.2 172.18.0.100 11/Oct/2025/11/58/49 GET /v1/AUTH_5bda23834ddc4612bf8f751838c88cec/gnocchi.c17e7787-b0c8-4769-bbf0-095202ac4843%3Fformat%3Djson%26states%3Dlisting HTTP/1.0 200 - python-swiftclient-3.11.1 gAAAAABo6kXKCvE5... - 2 - txc5ae767d4ea14e8597f1e-0068ea4679 - 0.0217 - - 1760183929.268746614 1760183929.290452719 0
Oct 11 11:58:49 standalone object-server[129145]: 172.20.0.100 - - [11/Oct/2025:11:58:49 +0000] "GET /d1/224/AUTH_5bda23834ddc4612bf8f751838c88cec/gnocchi.c17e7787-b0c8-4769-bbf0-095202ac4843/1759320000.0_mean_300.0_v3" 404 70 "GET http://172.18.0.2:8080/v1/AUTH_5bda23834ddc4612bf8f751838c88cec/gnocchi.c17e7787-b0c8-4769-bbf0-095202ac4843/1759320000.0_mean_300.0_v3" "txbeee59282e734429b6fb4-0068ea4679" "proxy-server 20" 0.0006 "-" 23 0
Oct 11 11:58:49 standalone proxy-server[130965]: 172.18.0.2 172.18.0.100 11/Oct/2025/11/58/49 GET /v1/AUTH_5bda23834ddc4612bf8f751838c88cec/gnocchi.c17e7787-b0c8-4769-bbf0-095202ac4843/1759320000.0_mean_300.0_v3 HTTP/1.0 404 - python-swiftclient-3.11.1 gAAAAABo6kXKCvE5... - 70 - txbeee59282e734429b6fb4-0068ea4679 - 0.0087 - - 1760183929.295364618 1760183929.304098129 0
Oct 11 11:58:49 standalone container-server[129002]: 172.20.0.100 - - [11/Oct/2025:11:58:49 +0000] "PUT /d1/758/AUTH_5bda23834ddc4612bf8f751838c88cec/gnocchi.c17e7787-b0c8-4769-bbf0-095202ac4843/1759320000.0_mean_300.0_v3" 201 - "PUT http://172.18.0.2:8080/d1/224/AUTH_5bda23834ddc4612bf8f751838c88cec/gnocchi.c17e7787-b0c8-4769-bbf0-095202ac4843/1759320000.0_mean_300.0_v3" "tx43fa97b150b047ad8580a-0068ea4679" "object-server 20" 0.0010 "-" 20 0
Oct 11 11:58:49 standalone object-server[129142]: 172.20.0.100 - - [11/Oct/2025:11:58:49 +0000] "PUT /d1/224/AUTH_5bda23834ddc4612bf8f751838c88cec/gnocchi.c17e7787-b0c8-4769-bbf0-095202ac4843/1759320000.0_mean_300.0_v3" 201 - "PUT http://172.18.0.2:8080/v1/AUTH_5bda23834ddc4612bf8f751838c88cec/gnocchi.c17e7787-b0c8-4769-bbf0-095202ac4843/1759320000.0_mean_300.0_v3" "tx43fa97b150b047ad8580a-0068ea4679" "proxy-server 20" 0.0124 "-" 20 0
Oct 11 11:58:49 standalone proxy-server[130965]: 172.18.0.2 172.18.0.100 11/Oct/2025/11/58/49 PUT /v1/AUTH_5bda23834ddc4612bf8f751838c88cec/gnocchi.c17e7787-b0c8-4769-bbf0-095202ac4843/1759320000.0_mean_300.0_v3 HTTP/1.0 201 - python-swiftclient-3.11.1 gAAAAABo6kXKCvE5... 16 - - tx43fa97b150b047ad8580a-0068ea4679 - 0.0205 - - 1760183929.307544470 1760183929.328053474 0
Oct 11 11:58:49 standalone container-server[129014]: 172.20.0.100 - - [11/Oct/2025:11:58:49 +0000] "PUT /d1/758/AUTH_5bda23834ddc4612bf8f751838c88cec/gnocchi.c17e7787-b0c8-4769-bbf0-095202ac4843/none_v3" 201 - "PUT http://172.18.0.2:8080/d1/691/AUTH_5bda23834ddc4612bf8f751838c88cec/gnocchi.c17e7787-b0c8-4769-bbf0-095202ac4843/none_v3" "tx20cd5e3fb7b8428182283-0068ea4679" "object-server 21" 0.0008 "-" 21 0
Oct 11 11:58:49 standalone object-server[129143]: 172.20.0.100 - - [11/Oct/2025:11:58:49 +0000] "PUT /d1/691/AUTH_5bda23834ddc4612bf8f751838c88cec/gnocchi.c17e7787-b0c8-4769-bbf0-095202ac4843/none_v3" 201 - "PUT http://172.18.0.2:8080/v1/AUTH_5bda23834ddc4612bf8f751838c88cec/gnocchi.c17e7787-b0c8-4769-bbf0-095202ac4843/none_v3" "tx20cd5e3fb7b8428182283-0068ea4679" "proxy-server 20" 0.0118 "-" 21 0
Oct 11 11:58:49 standalone proxy-server[130965]: 172.18.0.2 172.18.0.100 11/Oct/2025/11/58/49 PUT /v1/AUTH_5bda23834ddc4612bf8f751838c88cec/gnocchi.c17e7787-b0c8-4769-bbf0-095202ac4843/none_v3 HTTP/1.0 201 - python-swiftclient-3.11.1 gAAAAABo6kXKCvE5... 22 - - tx20cd5e3fb7b8428182283-0068ea4679 - 0.0206 - - 1760183929.331312656 1760183929.351957560 0
Oct 11 11:58:49 standalone container-server[129014]: 172.20.0.100 - - [11/Oct/2025:11:58:49 +0000] "HEAD /d1/742/AUTH_5bda23834ddc4612bf8f751838c88cec/gnocchi.5edbd534-7b34-4d4c-b34e-9cd4228d929c" 404 - "HEAD http://172.18.0.2:8080/v1/AUTH_5bda23834ddc4612bf8f751838c88cec/gnocchi.5edbd534-7b34-4d4c-b34e-9cd4228d929c?format=json&states=listing" "txa5292bb1406c4c5887a9a-0068ea4679" "proxy-server 20" 0.0006 "-" 21 0
Oct 11 11:58:49 standalone object-server[129143]: 172.20.0.100 - - [11/Oct/2025:11:58:49 +0000] "GET /d1/45/AUTH_5bda23834ddc4612bf8f751838c88cec/gnocchi.5edbd534-7b34-4d4c-b34e-9cd4228d929c/none_v3" 404 70 "GET http://172.18.0.2:8080/v1/AUTH_5bda23834ddc4612bf8f751838c88cec/gnocchi.5edbd534-7b34-4d4c-b34e-9cd4228d929c/none_v3" "txa5292bb1406c4c5887a9a-0068ea4679" "proxy-server 20" 0.0004 "-" 21 0
Oct 11 11:58:49 standalone proxy-server[130965]: 172.18.0.2 172.18.0.100 11/Oct/2025/11/58/49 GET /v1/AUTH_5bda23834ddc4612bf8f751838c88cec/gnocchi.5edbd534-7b34-4d4c-b34e-9cd4228d929c/none_v3 HTTP/1.0 404 - python-swiftclient-3.11.1 gAAAAABo6kXKCvE5... - 70 - txa5292bb1406c4c5887a9a-0068ea4679 - 0.0204 - - 1760183929.362275362 1760183929.382688761 0
Oct 11 11:58:49 standalone account-server[128962]: 172.20.0.100 - - [11/Oct/2025:11:58:49 +0000] "PUT /d1/333/AUTH_5bda23834ddc4612bf8f751838c88cec/gnocchi.5edbd534-7b34-4d4c-b34e-9cd4228d929c" 201 - "PUT http://172.20.0.100:6001/d1/742/AUTH_5bda23834ddc4612bf8f751838c88cec/gnocchi.5edbd534-7b34-4d4c-b34e-9cd4228d929c" "tx1bd94403bd6b42fe8347c-0068ea4679" "container-server 21" 0.0056 "-" 14 0
Oct 11 11:58:49 standalone container-server[129014]: 172.20.0.100 - - [11/Oct/2025:11:58:49 +0000] "PUT /d1/742/AUTH_5bda23834ddc4612bf8f751838c88cec/gnocchi.5edbd534-7b34-4d4c-b34e-9cd4228d929c" 201 - "PUT http://172.18.0.2:8080/v1/AUTH_5bda23834ddc4612bf8f751838c88cec/gnocchi.5edbd534-7b34-4d4c-b34e-9cd4228d929c" "tx1bd94403bd6b42fe8347c-0068ea4679" "proxy-server 20" 0.0188 "-" 21 0
Oct 11 11:58:49 standalone proxy-server[130965]: 172.18.0.2 172.18.0.100 11/Oct/2025/11/58/49 PUT /v1/AUTH_5bda23834ddc4612bf8f751838c88cec/gnocchi.5edbd534-7b34-4d4c-b34e-9cd4228d929c HTTP/1.0 201 - python-swiftclient-3.11.1 gAAAAABo6kXKCvE5... - - - tx1bd94403bd6b42fe8347c-0068ea4679 - 0.0253 - - 1760183929.386525154 1760183929.411820650 0
Oct 11 11:58:49 standalone container-server[129015]: 172.20.0.100 - - [11/Oct/2025:11:58:49 +0000] "HEAD /d1/742/AUTH_5bda23834ddc4612bf8f751838c88cec/gnocchi.5edbd534-7b34-4d4c-b34e-9cd4228d929c" 204 - "HEAD http://172.18.0.2:8080/v1/AUTH_5bda23834ddc4612bf8f751838c88cec/gnocchi.5edbd534-7b34-4d4c-b34e-9cd4228d929c?format=json&states=listing" "tx7e759d7929bf402b9e493-0068ea4679" "proxy-server 20" 0.0025 "-" 22 0
Oct 11 11:58:49 standalone proxy-server[130965]: - - 11/Oct/2025/11/58/49 HEAD /v1/AUTH_5bda23834ddc4612bf8f751838c88cec/gnocchi.5edbd534-7b34-4d4c-b34e-9cd4228d929c%3Fformat%3Djson%26states%3Dlisting HTTP/1.0 204 - Swift - - - - tx7e759d7929bf402b9e493-0068ea4679 - 0.0075 RL - 1760183929.418100119 1760183929.425640821 0
Oct 11 11:58:49 standalone container-server[129015]: 172.20.0.100 - - [11/Oct/2025:11:58:49 +0000] "GET /d1/742/AUTH_5bda23834ddc4612bf8f751838c88cec/gnocchi.5edbd534-7b34-4d4c-b34e-9cd4228d929c" 200 2 "GET http://172.18.0.2:8080/v1/AUTH_5bda23834ddc4612bf8f751838c88cec/gnocchi.5edbd534-7b34-4d4c-b34e-9cd4228d929c?format=json&states=listing" "tx7e759d7929bf402b9e493-0068ea4679" "proxy-server 20" 0.0035 "-" 22 0
Oct 11 11:58:49 standalone proxy-server[130965]: 172.18.0.2 172.18.0.100 11/Oct/2025/11/58/49 GET /v1/AUTH_5bda23834ddc4612bf8f751838c88cec/gnocchi.5edbd534-7b34-4d4c-b34e-9cd4228d929c%3Fformat%3Djson%26states%3Dlisting HTTP/1.0 200 - python-swiftclient-3.11.1 gAAAAABo6kXKCvE5... - 2 - tx7e759d7929bf402b9e493-0068ea4679 - 0.0220 - - 1760183929.416466951 1760183929.438463688 0
Oct 11 11:58:49 standalone object-server[129144]: 172.20.0.100 - - [11/Oct/2025:11:58:49 +0000] "GET /d1/925/AUTH_5bda23834ddc4612bf8f751838c88cec/gnocchi.5edbd534-7b34-4d4c-b34e-9cd4228d929c/1759320000.0_mean_300.0_v3" 404 70 "GET http://172.18.0.2:8080/v1/AUTH_5bda23834ddc4612bf8f751838c88cec/gnocchi.5edbd534-7b34-4d4c-b34e-9cd4228d929c/1759320000.0_mean_300.0_v3" "tx44ad2c1bfd8643c9a1c8b-0068ea4679" "proxy-server 20" 0.0004 "-" 22 0
Oct 11 11:58:49 standalone proxy-server[130965]: 172.18.0.2 172.18.0.100 11/Oct/2025/11/58/49 GET /v1/AUTH_5bda23834ddc4612bf8f751838c88cec/gnocchi.5edbd534-7b34-4d4c-b34e-9cd4228d929c/1759320000.0_mean_300.0_v3 HTTP/1.0 404 - python-swiftclient-3.11.1 gAAAAABo6kXKCvE5... - 70 - tx44ad2c1bfd8643c9a1c8b-0068ea4679 - 0.0075 - - 1760183929.443284988 1760183929.450811863 0
Oct 11 11:58:49 standalone container-server[129002]: 172.20.0.100 - - [11/Oct/2025:11:58:49 +0000] "PUT /d1/742/AUTH_5bda23834ddc4612bf8f751838c88cec/gnocchi.5edbd534-7b34-4d4c-b34e-9cd4228d929c/1759320000.0_mean_300.0_v3" 201 - "PUT http://172.18.0.2:8080/d1/925/AUTH_5bda23834ddc4612bf8f751838c88cec/gnocchi.5edbd534-7b34-4d4c-b34e-9cd4228d929c/1759320000.0_mean_300.0_v3" "tx56e09d84b8c44196a1c47-0068ea4679" "object-server 20" 0.0010 "-" 20 0
Oct 11 11:58:49 standalone object-server[129142]: 172.20.0.100 - - [11/Oct/2025:11:58:49 +0000] "PUT /d1/925/AUTH_5bda23834ddc4612bf8f751838c88cec/gnocchi.5edbd534-7b34-4d4c-b34e-9cd4228d929c/1759320000.0_mean_300.0_v3" 201 - "PUT http://172.18.0.2:8080/v1/AUTH_5bda23834ddc4612bf8f751838c88cec/gnocchi.5edbd534-7b34-4d4c-b34e-9cd4228d929c/1759320000.0_mean_300.0_v3" "tx56e09d84b8c44196a1c47-0068ea4679" "proxy-server 20" 0.0115 "-" 20 0
Oct 11 11:58:49 standalone proxy-server[130965]: 172.18.0.2 172.18.0.100 11/Oct/2025/11/58/49 PUT /v1/AUTH_5bda23834ddc4612bf8f751838c88cec/gnocchi.5edbd534-7b34-4d4c-b34e-9cd4228d929c/1759320000.0_mean_300.0_v3 HTTP/1.0 201 - python-swiftclient-3.11.1 gAAAAABo6kXKCvE5... 16 - - tx56e09d84b8c44196a1c47-0068ea4679 - 0.0195 - - 1760183929.454864502 1760183929.474377394 0
Oct 11 11:58:49 standalone container-server[129015]: 172.20.0.100 - - [11/Oct/2025:11:58:49 +0000] "PUT /d1/742/AUTH_5bda23834ddc4612bf8f751838c88cec/gnocchi.5edbd534-7b34-4d4c-b34e-9cd4228d929c/none_v3" 201 - "PUT http://172.18.0.2:8080/d1/45/AUTH_5bda23834ddc4612bf8f751838c88cec/gnocchi.5edbd534-7b34-4d4c-b34e-9cd4228d929c/none_v3" "tx7183d6c1e3a64dacbf962-0068ea4679" "object-server 22" 0.0008 "-" 22 0
Oct 11 11:58:49 standalone object-server[129144]: 172.20.0.100 - - [11/Oct/2025:11:58:49 +0000] "PUT /d1/45/AUTH_5bda23834ddc4612bf8f751838c88cec/gnocchi.5edbd534-7b34-4d4c-b34e-9cd4228d929c/none_v3" 201 - "PUT http://172.18.0.2:8080/v1/AUTH_5bda23834ddc4612bf8f751838c88cec/gnocchi.5edbd534-7b34-4d4c-b34e-9cd4228d929c/none_v3" "tx7183d6c1e3a64dacbf962-0068ea4679" "proxy-server 20" 0.0103 "-" 22 0
Oct 11 11:58:49 standalone proxy-server[130965]: 172.18.0.2 172.18.0.100 11/Oct/2025/11/58/49 PUT /v1/AUTH_5bda23834ddc4612bf8f751838c88cec/gnocchi.5edbd534-7b34-4d4c-b34e-9cd4228d929c/none_v3 HTTP/1.0 201 - python-swiftclient-3.11.1 gAAAAABo6kXKCvE5... 22 - - tx7183d6c1e3a64dacbf962-0068ea4679 - 0.0182 - - 1760183929.479040146 1760183929.497208595 0
Oct 11 11:58:49 standalone container-server[129015]: 172.20.0.100 - - [11/Oct/2025:11:58:49 +0000] "HEAD /d1/626/AUTH_5bda23834ddc4612bf8f751838c88cec/gnocchi.e266b699-3837-4f8d-b978-92143a94d2b4" 404 - "HEAD http://172.18.0.2:8080/v1/AUTH_5bda23834ddc4612bf8f751838c88cec/gnocchi.e266b699-3837-4f8d-b978-92143a94d2b4?format=json&states=listing" "tx401ee9fae41e4f27b895c-0068ea4679" "proxy-server 20" 0.0006 "-" 22 0
Oct 11 11:58:49 standalone object-server[129143]: 172.20.0.100 - - [11/Oct/2025:11:58:49 +0000] "GET /d1/306/AUTH_5bda23834ddc4612bf8f751838c88cec/gnocchi.e266b699-3837-4f8d-b978-92143a94d2b4/none_v3" 404 70 "GET http://172.18.0.2:8080/v1/AUTH_5bda23834ddc4612bf8f751838c88cec/gnocchi.e266b699-3837-4f8d-b978-92143a94d2b4/none_v3" "tx401ee9fae41e4f27b895c-0068ea4679" "proxy-server 20" 0.0005 "-" 21 0
Oct 11 11:58:49 standalone proxy-server[130965]: 172.18.0.2 172.18.0.100 11/Oct/2025/11/58/49 GET /v1/AUTH_5bda23834ddc4612bf8f751838c88cec/gnocchi.e266b699-3837-4f8d-b978-92143a94d2b4/none_v3 HTTP/1.0 404 - python-swiftclient-3.11.1 gAAAAABo6kXKCvE5... - 70 - tx401ee9fae41e4f27b895c-0068ea4679 - 0.0152 - - 1760183929.510442734 1760183929.525595427 0
Oct 11 11:58:49 standalone account-server[128962]: 172.20.0.100 - - [11/Oct/2025:11:58:49 +0000] "PUT /d1/333/AUTH_5bda23834ddc4612bf8f751838c88cec/gnocchi.e266b699-3837-4f8d-b978-92143a94d2b4" 201 - "PUT http://172.20.0.100:6001/d1/626/AUTH_5bda23834ddc4612bf8f751838c88cec/gnocchi.e266b699-3837-4f8d-b978-92143a94d2b4" "tx36c4bf41200d4eeca7358-0068ea4679" "container-server 20" 0.0052 "-" 14 0
Oct 11 11:58:49 standalone container-server[129002]: 172.20.0.100 - - [11/Oct/2025:11:58:49 +0000] "PUT /d1/626/AUTH_5bda23834ddc4612bf8f751838c88cec/gnocchi.e266b699-3837-4f8d-b978-92143a94d2b4" 201 - "PUT http://172.18.0.2:8080/v1/AUTH_5bda23834ddc4612bf8f751838c88cec/gnocchi.e266b699-3837-4f8d-b978-92143a94d2b4" "tx36c4bf41200d4eeca7358-0068ea4679" "proxy-server 20" 0.0198 "-" 20 0
Oct 11 11:58:49 standalone proxy-server[130965]: 172.18.0.2 172.18.0.100 11/Oct/2025/11/58/49 PUT /v1/AUTH_5bda23834ddc4612bf8f751838c88cec/gnocchi.e266b699-3837-4f8d-b978-92143a94d2b4 HTTP/1.0 201 - python-swiftclient-3.11.1 gAAAAABo6kXKCvE5... - - - tx36c4bf41200d4eeca7358-0068ea4679 - 0.0282 - - 1760183929.529366732 1760183929.557530403 0
Oct 11 11:58:49 standalone container-server[129014]: 172.20.0.100 - - [11/Oct/2025:11:58:49 +0000] "HEAD /d1/626/AUTH_5bda23834ddc4612bf8f751838c88cec/gnocchi.e266b699-3837-4f8d-b978-92143a94d2b4" 204 - "HEAD http://172.18.0.2:8080/v1/AUTH_5bda23834ddc4612bf8f751838c88cec/gnocchi.e266b699-3837-4f8d-b978-92143a94d2b4?format=json&states=listing" "txf61215069eda4525b05de-0068ea4679" "proxy-server 20" 0.0018 "-" 21 0
Oct 11 11:58:49 standalone proxy-server[130965]: - - 11/Oct/2025/11/58/49 HEAD /v1/AUTH_5bda23834ddc4612bf8f751838c88cec/gnocchi.e266b699-3837-4f8d-b978-92143a94d2b4%3Fformat%3Djson%26states%3Dlisting HTTP/1.0 204 - Swift - - - - txf61215069eda4525b05de-0068ea4679 - 0.0066 RL - 1760183929.564740658 1760183929.571378946 0
Oct 11 11:58:49 standalone container-server[129014]: 172.20.0.100 - - [11/Oct/2025:11:58:49 +0000] "GET /d1/626/AUTH_5bda23834ddc4612bf8f751838c88cec/gnocchi.e266b699-3837-4f8d-b978-92143a94d2b4" 200 2 "GET http://172.18.0.2:8080/v1/AUTH_5bda23834ddc4612bf8f751838c88cec/gnocchi.e266b699-3837-4f8d-b978-92143a94d2b4?format=json&states=listing" "txf61215069eda4525b05de-0068ea4679" "proxy-server 20" 0.0073 "-" 21 0
Oct 11 11:58:49 standalone proxy-server[130965]: 172.18.0.2 172.18.0.100 11/Oct/2025/11/58/49 GET /v1/AUTH_5bda23834ddc4612bf8f751838c88cec/gnocchi.e266b699-3837-4f8d-b978-92143a94d2b4%3Fformat%3Djson%26states%3Dlisting HTTP/1.0 200 - python-swiftclient-3.11.1 gAAAAABo6kXKCvE5... - 2 - txf61215069eda4525b05de-0068ea4679 - 0.0252 - - 1760183929.563080549 1760183929.588304996 0
Oct 11 11:58:49 standalone object-server[129142]: 172.20.0.100 - - [11/Oct/2025:11:58:49 +0000] "GET /d1/921/AUTH_5bda23834ddc4612bf8f751838c88cec/gnocchi.e266b699-3837-4f8d-b978-92143a94d2b4/1759320000.0_mean_300.0_v3" 404 70 "GET http://172.18.0.2:8080/v1/AUTH_5bda23834ddc4612bf8f751838c88cec/gnocchi.e266b699-3837-4f8d-b978-92143a94d2b4/1759320000.0_mean_300.0_v3" "tx3e15b88f79d24f2592a42-0068ea4679" "proxy-server 20" 0.0007 "-" 20 0
Oct 11 11:58:49 standalone proxy-server[130965]: 172.18.0.2 172.18.0.100 11/Oct/2025/11/58/49 GET /v1/AUTH_5bda23834ddc4612bf8f751838c88cec/gnocchi.e266b699-3837-4f8d-b978-92143a94d2b4/1759320000.0_mean_300.0_v3 HTTP/1.0 404 - python-swiftclient-3.11.1 gAAAAABo6kXKCvE5... - 70 - tx3e15b88f79d24f2592a42-0068ea4679 - 0.0104 - - 1760183929.594371557 1760183929.604734898 0
Oct 11 11:58:49 standalone container-server[129002]: 172.20.0.100 - - [11/Oct/2025:11:58:49 +0000] "PUT /d1/626/AUTH_5bda23834ddc4612bf8f751838c88cec/gnocchi.e266b699-3837-4f8d-b978-92143a94d2b4/1759320000.0_mean_300.0_v3" 201 - "PUT http://172.18.0.2:8080/d1/921/AUTH_5bda23834ddc4612bf8f751838c88cec/gnocchi.e266b699-3837-4f8d-b978-92143a94d2b4/1759320000.0_mean_300.0_v3" "tx0288b0a070a3411badd8a-0068ea4679" "object-server 21" 0.0009 "-" 20 0
Oct 11 11:58:49 standalone object-server[129143]: 172.20.0.100 - - [11/Oct/2025:11:58:49 +0000] "PUT /d1/921/AUTH_5bda23834ddc4612bf8f751838c88cec/gnocchi.e266b699-3837-4f8d-b978-92143a94d2b4/1759320000.0_mean_300.0_v3" 201 - "PUT http://172.18.0.2:8080/v1/AUTH_5bda23834ddc4612bf8f751838c88cec/gnocchi.e266b699-3837-4f8d-b978-92143a94d2b4/1759320000.0_mean_300.0_v3" "tx0288b0a070a3411badd8a-0068ea4679" "proxy-server 20" 0.0182 "-" 21 0
Oct 11 11:58:49 standalone proxy-server[130965]: 172.18.0.2 172.18.0.100 11/Oct/2025/11/58/49 PUT /v1/AUTH_5bda23834ddc4612bf8f751838c88cec/gnocchi.e266b699-3837-4f8d-b978-92143a94d2b4/1759320000.0_mean_300.0_v3 HTTP/1.0 201 - python-swiftclient-3.11.1 gAAAAABo6kXKCvE5... 16 - - tx0288b0a070a3411badd8a-0068ea4679 - 0.0377 - - 1760183929.613568306 1760183929.651311874 0
Oct 11 11:58:49 standalone container-server[129018]: 172.20.0.100 - - [11/Oct/2025:11:58:49 +0000] "PUT /d1/626/AUTH_5bda23834ddc4612bf8f751838c88cec/gnocchi.e266b699-3837-4f8d-b978-92143a94d2b4/none_v3" 201 - "PUT http://172.18.0.2:8080/d1/306/AUTH_5bda23834ddc4612bf8f751838c88cec/gnocchi.e266b699-3837-4f8d-b978-92143a94d2b4/none_v3" "tx3a18210538264d1fb063b-0068ea4679" "object-server 22" 0.0006 "-" 23 0
Oct 11 11:58:49 standalone object-server[129144]: 172.20.0.100 - - [11/Oct/2025:11:58:49 +0000] "PUT /d1/306/AUTH_5bda23834ddc4612bf8f751838c88cec/gnocchi.e266b699-3837-4f8d-b978-92143a94d2b4/none_v3" 201 - "PUT http://172.18.0.2:8080/v1/AUTH_5bda23834ddc4612bf8f751838c88cec/gnocchi.e266b699-3837-4f8d-b978-92143a94d2b4/none_v3" "tx3a18210538264d1fb063b-0068ea4679" "proxy-server 20" 0.0113 "-" 22 0
Oct 11 11:58:49 standalone proxy-server[130965]: 172.18.0.2 172.18.0.100 11/Oct/2025/11/58/49 PUT /v1/AUTH_5bda23834ddc4612bf8f751838c88cec/gnocchi.e266b699-3837-4f8d-b978-92143a94d2b4/none_v3 HTTP/1.0 201 - python-swiftclient-3.11.1 gAAAAABo6kXKCvE5... 22 - - tx3a18210538264d1fb063b-0068ea4679 - 0.0185 - - 1760183929.655132055 1760183929.673681259 0
Oct 11 11:58:49 standalone container-server[129002]: 172.20.0.100 - - [11/Oct/2025:11:58:49 +0000] "HEAD /d1/343/AUTH_5bda23834ddc4612bf8f751838c88cec/gnocchi.43d46fca-5178-4966-8125-1afb0e85a1a9" 404 - "HEAD http://172.18.0.2:8080/v1/AUTH_5bda23834ddc4612bf8f751838c88cec/gnocchi.43d46fca-5178-4966-8125-1afb0e85a1a9?format=json&states=listing" "tx72854258a330421c8fd74-0068ea4679" "proxy-server 20" 0.0004 "-" 20 0
Oct 11 11:58:49 standalone object-server[129145]: 172.20.0.100 - - [11/Oct/2025:11:58:49 +0000] "GET /d1/412/AUTH_5bda23834ddc4612bf8f751838c88cec/gnocchi.43d46fca-5178-4966-8125-1afb0e85a1a9/none_v3" 404 70 "GET http://172.18.0.2:8080/v1/AUTH_5bda23834ddc4612bf8f751838c88cec/gnocchi.43d46fca-5178-4966-8125-1afb0e85a1a9/none_v3" "tx72854258a330421c8fd74-0068ea4679" "proxy-server 20" 0.0004 "-" 23 0
Oct 11 11:58:49 standalone proxy-server[130965]: 172.18.0.2 172.18.0.100 11/Oct/2025/11/58/49 GET /v1/AUTH_5bda23834ddc4612bf8f751838c88cec/gnocchi.43d46fca-5178-4966-8125-1afb0e85a1a9/none_v3 HTTP/1.0 404 - python-swiftclient-3.11.1 gAAAAABo6kXKCvE5... - 70 - tx72854258a330421c8fd74-0068ea4679 - 0.0097 - - 1760183929.686079025 1760183929.695765018 0
Oct 11 11:58:49 standalone account-server[129005]: 172.20.0.100 - - [11/Oct/2025:11:58:49 +0000] "PUT /d1/333/AUTH_5bda23834ddc4612bf8f751838c88cec/gnocchi.43d46fca-5178-4966-8125-1afb0e85a1a9" 201 - "PUT http://172.20.0.100:6001/d1/343/AUTH_5bda23834ddc4612bf8f751838c88cec/gnocchi.43d46fca-5178-4966-8125-1afb0e85a1a9" "txa4588b767b7e491db4ed0-0068ea4679" "container-server 23" 0.0061 "-" 17 0
Oct 11 11:58:49 standalone container-server[129018]: 172.20.0.100 - - [11/Oct/2025:11:58:49 +0000] "PUT /d1/343/AUTH_5bda23834ddc4612bf8f751838c88cec/gnocchi.43d46fca-5178-4966-8125-1afb0e85a1a9" 201 - "PUT http://172.18.0.2:8080/v1/AUTH_5bda23834ddc4612bf8f751838c88cec/gnocchi.43d46fca-5178-4966-8125-1afb0e85a1a9" "txa4588b767b7e491db4ed0-0068ea4679" "proxy-server 20" 0.0175 "-" 23 0
Oct 11 11:58:49 standalone proxy-server[130965]: 172.18.0.2 172.18.0.100 11/Oct/2025/11/58/49 PUT /v1/AUTH_5bda23834ddc4612bf8f751838c88cec/gnocchi.43d46fca-5178-4966-8125-1afb0e85a1a9 HTTP/1.0 201 - python-swiftclient-3.11.1 gAAAAABo6kXKCvE5... - - - txa4588b767b7e491db4ed0-0068ea4679 - 0.0222 - - 1760183929.698372364 1760183929.720580578 0
Oct 11 11:58:49 standalone container-server[129018]: 172.20.0.100 - - [11/Oct/2025:11:58:49 +0000] "HEAD /d1/343/AUTH_5bda23834ddc4612bf8f751838c88cec/gnocchi.43d46fca-5178-4966-8125-1afb0e85a1a9" 204 - "HEAD http://172.18.0.2:8080/v1/AUTH_5bda23834ddc4612bf8f751838c88cec/gnocchi.43d46fca-5178-4966-8125-1afb0e85a1a9?format=json&states=listing" "txf058a14a00d94d789e596-0068ea4679" "proxy-server 20" 0.0012 "-" 23 0
Oct 11 11:58:49 standalone proxy-server[130965]: - - 11/Oct/2025/11/58/49 HEAD /v1/AUTH_5bda23834ddc4612bf8f751838c88cec/gnocchi.43d46fca-5178-4966-8125-1afb0e85a1a9%3Fformat%3Djson%26states%3Dlisting HTTP/1.0 204 - Swift - - - - txf058a14a00d94d789e596-0068ea4679 - 0.0037 RL - 1760183929.724182367 1760183929.727899790 0
Oct 11 11:58:49 standalone container-server[129015]: 172.20.0.100 - - [11/Oct/2025:11:58:49 +0000] "GET /d1/343/AUTH_5bda23834ddc4612bf8f751838c88cec/gnocchi.43d46fca-5178-4966-8125-1afb0e85a1a9" 200 2 "GET http://172.18.0.2:8080/v1/AUTH_5bda23834ddc4612bf8f751838c88cec/gnocchi.43d46fca-5178-4966-8125-1afb0e85a1a9?format=json&states=listing" "txf058a14a00d94d789e596-0068ea4679" "proxy-server 20" 0.0018 "-" 22 0
Oct 11 11:58:49 standalone proxy-server[130965]: 172.18.0.2 172.18.0.100 11/Oct/2025/11/58/49 GET /v1/AUTH_5bda23834ddc4612bf8f751838c88cec/gnocchi.43d46fca-5178-4966-8125-1afb0e85a1a9%3Fformat%3Djson%26states%3Dlisting HTTP/1.0 200 - python-swiftclient-3.11.1 gAAAAABo6kXKCvE5... - 2 - txf058a14a00d94d789e596-0068ea4679 - 0.0110 - - 1760183929.723424911 1760183929.734440565 0
Oct 11 11:58:49 standalone object-server[129145]: 172.20.0.100 - - [11/Oct/2025:11:58:49 +0000] "GET /d1/632/AUTH_5bda23834ddc4612bf8f751838c88cec/gnocchi.43d46fca-5178-4966-8125-1afb0e85a1a9/1759320000.0_mean_300.0_v3" 404 70 "GET http://172.18.0.2:8080/v1/AUTH_5bda23834ddc4612bf8f751838c88cec/gnocchi.43d46fca-5178-4966-8125-1afb0e85a1a9/1759320000.0_mean_300.0_v3" "tx71b155f4d2a14c8ab4447-0068ea4679" "proxy-server 20" 0.0004 "-" 23 0
Oct 11 11:58:49 standalone proxy-server[130965]: 172.18.0.2 172.18.0.100 11/Oct/2025/11/58/49 GET /v1/AUTH_5bda23834ddc4612bf8f751838c88cec/gnocchi.43d46fca-5178-4966-8125-1afb0e85a1a9/1759320000.0_mean_300.0_v3 HTTP/1.0 404 - python-swiftclient-3.11.1 gAAAAABo6kXKCvE5... - 70 - tx71b155f4d2a14c8ab4447-0068ea4679 - 0.0049 - - 1760183929.737301350 1760183929.742203951 0
Oct 11 11:58:49 standalone container-server[129015]: 172.20.0.100 - - [11/Oct/2025:11:58:49 +0000] "PUT /d1/343/AUTH_5bda23834ddc4612bf8f751838c88cec/gnocchi.43d46fca-5178-4966-8125-1afb0e85a1a9/1759320000.0_mean_300.0_v3" 201 - "PUT http://172.18.0.2:8080/d1/632/AUTH_5bda23834ddc4612bf8f751838c88cec/gnocchi.43d46fca-5178-4966-8125-1afb0e85a1a9/1759320000.0_mean_300.0_v3" "tx3e6350afaf6341c8b4534-0068ea4679" "object-server 21" 0.0005 "-" 22 0
Oct 11 11:58:49 standalone object-server[129143]: 172.20.0.100 - - [11/Oct/2025:11:58:49 +0000] "PUT /d1/632/AUTH_5bda23834ddc4612bf8f751838c88cec/gnocchi.43d46fca-5178-4966-8125-1afb0e85a1a9/1759320000.0_mean_300.0_v3" 201 - "PUT http://172.18.0.2:8080/v1/AUTH_5bda23834ddc4612bf8f751838c88cec/gnocchi.43d46fca-5178-4966-8125-1afb0e85a1a9/1759320000.0_mean_300.0_v3" "tx3e6350afaf6341c8b4534-0068ea4679" "proxy-server 20" 0.0084 "-" 21 0
Oct 11 11:58:49 standalone proxy-server[130965]: 172.18.0.2 172.18.0.100 11/Oct/2025/11/58/49 PUT /v1/AUTH_5bda23834ddc4612bf8f751838c88cec/gnocchi.43d46fca-5178-4966-8125-1afb0e85a1a9/1759320000.0_mean_300.0_v3 HTTP/1.0 201 - python-swiftclient-3.11.1 gAAAAABo6kXKCvE5... 16 - - tx3e6350afaf6341c8b4534-0068ea4679 - 0.0127 - - 1760183929.744682312 1760183929.757357359 0
Oct 11 11:58:49 standalone container-server[129002]: 172.20.0.100 - - [11/Oct/2025:11:58:49 +0000] "PUT /d1/343/AUTH_5bda23834ddc4612bf8f751838c88cec/gnocchi.43d46fca-5178-4966-8125-1afb0e85a1a9/none_v3" 201 - "PUT http://172.18.0.2:8080/d1/412/AUTH_5bda23834ddc4612bf8f751838c88cec/gnocchi.43d46fca-5178-4966-8125-1afb0e85a1a9/none_v3" "tx54ba38ecfdb9443cb9fe5-0068ea4679" "object-server 23" 0.0005 "-" 20 0
