Jan 22 07:04:50 standalone container-server[127938]: 172.20.0.100 - - [22/Jan/2026:07:04:50 +0000] "PUT /d1/887/AUTH_975a7ac8986449db81078f63a2865f69/gnocchi.be5130c2-cc0b-4c05-bf3c-12d50d6cf5ff" 201 - "PUT http://172.18.0.2:8080/v1/AUTH_975a7ac8986449db81078f63a2865f69/gnocchi.be5130c2-cc0b-4c05-bf3c-12d50d6cf5ff" "tx2347611acd8044bbb6548-006971cc12" "proxy-server 20" 0.0170 "-" 19 0
Jan 22 07:04:50 standalone proxy-server[130057]: 172.18.0.2 172.18.0.100 22/Jan/2026/07/04/50 PUT /v1/AUTH_975a7ac8986449db81078f63a2865f69/gnocchi.be5130c2-cc0b-4c05-bf3c-12d50d6cf5ff HTTP/1.0 201 - python-swiftclient-3.11.1 gAAAAABpcctgVjjM... - - - tx2347611acd8044bbb6548-006971cc12 - 0.0226 - - 1769065490.844043016 1769065490.866674900 0
Jan 22 07:04:50 standalone container-server[127948]: 172.20.0.100 - - [22/Jan/2026:07:04:50 +0000] "HEAD /d1/887/AUTH_975a7ac8986449db81078f63a2865f69/gnocchi.be5130c2-cc0b-4c05-bf3c-12d50d6cf5ff" 204 - "HEAD http://172.18.0.2:8080/v1/AUTH_975a7ac8986449db81078f63a2865f69/gnocchi.be5130c2-cc0b-4c05-bf3c-12d50d6cf5ff?format=json&states=listing" "txfb5f9afce1a24a13bd2c8-006971cc12" "proxy-server 20" 0.0011 "-" 21 0
Jan 22 07:04:50 standalone proxy-server[130057]: - - 22/Jan/2026/07/04/50 HEAD /v1/AUTH_975a7ac8986449db81078f63a2865f69/gnocchi.be5130c2-cc0b-4c05-bf3c-12d50d6cf5ff%3Fformat%3Djson%26states%3Dlisting HTTP/1.0 204 - Swift - - - - txfb5f9afce1a24a13bd2c8-006971cc12 - 0.0035 RL - 1769065490.869777918 1769065490.873316288 0
Jan 22 07:04:50 standalone container-server[127942]: 172.20.0.100 - - [22/Jan/2026:07:04:50 +0000] "GET /d1/887/AUTH_975a7ac8986449db81078f63a2865f69/gnocchi.be5130c2-cc0b-4c05-bf3c-12d50d6cf5ff" 200 2 "GET http://172.18.0.2:8080/v1/AUTH_975a7ac8986449db81078f63a2865f69/gnocchi.be5130c2-cc0b-4c05-bf3c-12d50d6cf5ff?format=json&states=listing" "txfb5f9afce1a24a13bd2c8-006971cc12" "proxy-server 20" 0.0019 "-" 20 0
Jan 22 07:04:50 standalone proxy-server[130057]: 172.18.0.2 172.18.0.100 22/Jan/2026/07/04/50 GET /v1/AUTH_975a7ac8986449db81078f63a2865f69/gnocchi.be5130c2-cc0b-4c05-bf3c-12d50d6cf5ff%3Fformat%3Djson%26states%3Dlisting HTTP/1.0 200 - python-swiftclient-3.11.1 gAAAAABpcctgVjjM... - 2 - txfb5f9afce1a24a13bd2c8-006971cc12 - 0.0102 - - 1769065490.869007826 1769065490.879245520 0
Jan 22 07:04:50 standalone object-server[128214]: 172.20.0.100 - - [22/Jan/2026:07:04:50 +0000] "GET /d1/239/AUTH_975a7ac8986449db81078f63a2865f69/gnocchi.be5130c2-cc0b-4c05-bf3c-12d50d6cf5ff/1769040000.0_mean_300.0_v3" 404 70 "GET http://172.18.0.2:8080/v1/AUTH_975a7ac8986449db81078f63a2865f69/gnocchi.be5130c2-cc0b-4c05-bf3c-12d50d6cf5ff/1769040000.0_mean_300.0_v3" "tx24af2cffc43d426db2e46-006971cc12" "proxy-server 20" 0.0004 "-" 22 0
Jan 22 07:04:50 standalone proxy-server[130057]: 172.18.0.2 172.18.0.100 22/Jan/2026/07/04/50 GET /v1/AUTH_975a7ac8986449db81078f63a2865f69/gnocchi.be5130c2-cc0b-4c05-bf3c-12d50d6cf5ff/1769040000.0_mean_300.0_v3 HTTP/1.0 404 - python-swiftclient-3.11.1 gAAAAABpcctgVjjM... - 70 - tx24af2cffc43d426db2e46-006971cc12 - 0.0065 - - 1769065490.881830454 1769065490.888316154 0
Jan 22 07:04:50 standalone container-server[127956]: 172.20.0.100 - - [22/Jan/2026:07:04:50 +0000] "PUT /d1/887/AUTH_975a7ac8986449db81078f63a2865f69/gnocchi.be5130c2-cc0b-4c05-bf3c-12d50d6cf5ff/1769040000.0_mean_300.0_v3" 201 - "PUT http://172.18.0.2:8080/d1/239/AUTH_975a7ac8986449db81078f63a2865f69/gnocchi.be5130c2-cc0b-4c05-bf3c-12d50d6cf5ff/1769040000.0_mean_300.0_v3" "tx448602d3f42047b1aa1d5-006971cc12" "object-server 25" 0.0008 "-" 22 0
Jan 22 07:04:50 standalone object-server[128227]: 172.20.0.100 - - [22/Jan/2026:07:04:50 +0000] "PUT /d1/239/AUTH_975a7ac8986449db81078f63a2865f69/gnocchi.be5130c2-cc0b-4c05-bf3c-12d50d6cf5ff/1769040000.0_mean_300.0_v3" 201 - "PUT http://172.18.0.2:8080/v1/AUTH_975a7ac8986449db81078f63a2865f69/gnocchi.be5130c2-cc0b-4c05-bf3c-12d50d6cf5ff/1769040000.0_mean_300.0_v3" "tx448602d3f42047b1aa1d5-006971cc12" "proxy-server 20" 0.0093 "-" 25 0
Jan 22 07:04:50 standalone proxy-server[130057]: 172.18.0.2 172.18.0.100 22/Jan/2026/07/04/50 PUT /v1/AUTH_975a7ac8986449db81078f63a2865f69/gnocchi.be5130c2-cc0b-4c05-bf3c-12d50d6cf5ff/1769040000.0_mean_300.0_v3 HTTP/1.0 201 - python-swiftclient-3.11.1 gAAAAABpcctgVjjM... 16 - - tx448602d3f42047b1aa1d5-006971cc12 - 0.0169 - - 1769065490.891994715 1769065490.908917665 0
Jan 22 07:04:50 standalone container-server[127942]: 172.20.0.100 - - [22/Jan/2026:07:04:50 +0000] "PUT /d1/887/AUTH_975a7ac8986449db81078f63a2865f69/gnocchi.be5130c2-cc0b-4c05-bf3c-12d50d6cf5ff/none_v3" 201 - "PUT http://172.18.0.2:8080/d1/320/AUTH_975a7ac8986449db81078f63a2865f69/gnocchi.be5130c2-cc0b-4c05-bf3c-12d50d6cf5ff/none_v3" "tx3693d9fba6bc46d5b29c9-006971cc12" "object-server 24" 0.0005 "-" 20 0
Jan 22 07:04:50 standalone object-server[128222]: 172.20.0.100 - - [22/Jan/2026:07:04:50 +0000] "PUT /d1/320/AUTH_975a7ac8986449db81078f63a2865f69/gnocchi.be5130c2-cc0b-4c05-bf3c-12d50d6cf5ff/none_v3" 201 - "PUT http://172.18.0.2:8080/v1/AUTH_975a7ac8986449db81078f63a2865f69/gnocchi.be5130c2-cc0b-4c05-bf3c-12d50d6cf5ff/none_v3" "tx3693d9fba6bc46d5b29c9-006971cc12" "proxy-server 20" 0.0138 "-" 24 0
Jan 22 07:04:50 standalone proxy-server[130057]: 172.18.0.2 172.18.0.100 22/Jan/2026/07/04/50 PUT /v1/AUTH_975a7ac8986449db81078f63a2865f69/gnocchi.be5130c2-cc0b-4c05-bf3c-12d50d6cf5ff/none_v3 HTTP/1.0 201 - python-swiftclient-3.11.1 gAAAAABpcctgVjjM... 22 - - tx3693d9fba6bc46d5b29c9-006971cc12 - 0.0189 - - 1769065490.913525581 1769065490.932440281 0
Jan 22 07:04:50 standalone container-server[127938]: 172.20.0.100 - - [22/Jan/2026:07:04:50 +0000] "HEAD /d1/157/AUTH_975a7ac8986449db81078f63a2865f69/gnocchi.b16a72fe-19f4-424c-af57-6018d26d6589" 404 - "HEAD http://172.18.0.2:8080/v1/AUTH_975a7ac8986449db81078f63a2865f69/gnocchi.b16a72fe-19f4-424c-af57-6018d26d6589?format=json&states=listing" "txd8b625d8264d4a5baf1ce-006971cc12" "proxy-server 20" 0.0003 "-" 19 0
Jan 22 07:04:50 standalone object-server[128214]: 172.20.0.100 - - [22/Jan/2026:07:04:50 +0000] "GET /d1/3/AUTH_975a7ac8986449db81078f63a2865f69/gnocchi.b16a72fe-19f4-424c-af57-6018d26d6589/none_v3" 404 70 "GET http://172.18.0.2:8080/v1/AUTH_975a7ac8986449db81078f63a2865f69/gnocchi.b16a72fe-19f4-424c-af57-6018d26d6589/none_v3" "txd8b625d8264d4a5baf1ce-006971cc12" "proxy-server 20" 0.0003 "-" 22 0
Jan 22 07:04:50 standalone proxy-server[130057]: 172.18.0.2 172.18.0.100 22/Jan/2026/07/04/50 GET /v1/AUTH_975a7ac8986449db81078f63a2865f69/gnocchi.b16a72fe-19f4-424c-af57-6018d26d6589/none_v3 HTTP/1.0 404 - python-swiftclient-3.11.1 gAAAAABpcctgVjjM... - 70 - txd8b625d8264d4a5baf1ce-006971cc12 - 0.0115 - - 1769065490.944427252 1769065490.955935717 0
Jan 22 07:04:50 standalone account-server[128010]: 172.20.0.100 - - [22/Jan/2026:07:04:50 +0000] "PUT /d1/424/AUTH_975a7ac8986449db81078f63a2865f69/gnocchi.b16a72fe-19f4-424c-af57-6018d26d6589" 201 - "PUT http://172.20.0.100:6001/d1/157/AUTH_975a7ac8986449db81078f63a2865f69/gnocchi.b16a72fe-19f4-424c-af57-6018d26d6589" "txbfb7b6ff016d4f06abb8d-006971cc12" "container-server 22" 0.0051 "-" 23 0
Jan 22 07:04:50 standalone container-server[127956]: 172.20.0.100 - - [22/Jan/2026:07:04:50 +0000] "PUT /d1/157/AUTH_975a7ac8986449db81078f63a2865f69/gnocchi.b16a72fe-19f4-424c-af57-6018d26d6589" 201 - "PUT http://172.18.0.2:8080/v1/AUTH_975a7ac8986449db81078f63a2865f69/gnocchi.b16a72fe-19f4-424c-af57-6018d26d6589" "txbfb7b6ff016d4f06abb8d-006971cc12" "proxy-server 20" 0.0130 "-" 22 0
Jan 22 07:04:50 standalone proxy-server[130057]: 172.18.0.2 172.18.0.100 22/Jan/2026/07/04/50 PUT /v1/AUTH_975a7ac8986449db81078f63a2865f69/gnocchi.b16a72fe-19f4-424c-af57-6018d26d6589 HTTP/1.0 201 - python-swiftclient-3.11.1 gAAAAABpcctgVjjM... - - - txbfb7b6ff016d4f06abb8d-006971cc12 - 0.0185 - - 1769065490.960079193 1769065490.978582621 0
Jan 22 07:04:50 standalone container-server[127942]: 172.20.0.100 - - [22/Jan/2026:07:04:50 +0000] "HEAD /d1/157/AUTH_975a7ac8986449db81078f63a2865f69/gnocchi.b16a72fe-19f4-424c-af57-6018d26d6589" 204 - "HEAD http://172.18.0.2:8080/v1/AUTH_975a7ac8986449db81078f63a2865f69/gnocchi.b16a72fe-19f4-424c-af57-6018d26d6589?format=json&states=listing" "txf9775f30bb5547de95226-006971cc12" "proxy-server 20" 0.0014 "-" 20 0
Jan 22 07:04:50 standalone proxy-server[130057]: - - 22/Jan/2026/07/04/50 HEAD /v1/AUTH_975a7ac8986449db81078f63a2865f69/gnocchi.b16a72fe-19f4-424c-af57-6018d26d6589%3Fformat%3Djson%26states%3Dlisting HTTP/1.0 204 - Swift - - - - txf9775f30bb5547de95226-006971cc12 - 0.0065 RL - 1769065490.982620001 1769065490.989081383 0
Jan 22 07:04:50 standalone container-server[127948]: 172.20.0.100 - - [22/Jan/2026:07:04:50 +0000] "GET /d1/157/AUTH_975a7ac8986449db81078f63a2865f69/gnocchi.b16a72fe-19f4-424c-af57-6018d26d6589" 200 2 "GET http://172.18.0.2:8080/v1/AUTH_975a7ac8986449db81078f63a2865f69/gnocchi.b16a72fe-19f4-424c-af57-6018d26d6589?format=json&states=listing" "txf9775f30bb5547de95226-006971cc12" "proxy-server 20" 0.0018 "-" 21 0
Jan 22 07:04:50 standalone proxy-server[130057]: 172.18.0.2 172.18.0.100 22/Jan/2026/07/04/50 GET /v1/AUTH_975a7ac8986449db81078f63a2865f69/gnocchi.b16a72fe-19f4-424c-af57-6018d26d6589%3Fformat%3Djson%26states%3Dlisting HTTP/1.0 200 - python-swiftclient-3.11.1 gAAAAABpcctgVjjM... - 2 - txf9775f30bb5547de95226-006971cc12 - 0.0161 - - 1769065490.981631517 1769065490.997718811 0
Jan 22 07:04:51 standalone object-server[128227]: 172.20.0.100 - - [22/Jan/2026:07:04:51 +0000] "GET /d1/112/AUTH_975a7ac8986449db81078f63a2865f69/gnocchi.b16a72fe-19f4-424c-af57-6018d26d6589/1769040000.0_mean_300.0_v3" 404 70 "GET http://172.18.0.2:8080/v1/AUTH_975a7ac8986449db81078f63a2865f69/gnocchi.b16a72fe-19f4-424c-af57-6018d26d6589/1769040000.0_mean_300.0_v3" "txc5ff5c8e2f864cb089d42-006971cc13" "proxy-server 20" 0.0003 "-" 25 0
Jan 22 07:04:51 standalone proxy-server[130057]: 172.18.0.2 172.18.0.100 22/Jan/2026/07/04/51 GET /v1/AUTH_975a7ac8986449db81078f63a2865f69/gnocchi.b16a72fe-19f4-424c-af57-6018d26d6589/1769040000.0_mean_300.0_v3 HTTP/1.0 404 - python-swiftclient-3.11.1 gAAAAABpcctgVjjM... - 70 - txc5ff5c8e2f864cb089d42-006971cc13 - 0.0072 - - 1769065491.001073122 1769065491.008300781 0
Jan 22 07:04:51 standalone container-server[127942]: 172.20.0.100 - - [22/Jan/2026:07:04:51 +0000] "PUT /d1/157/AUTH_975a7ac8986449db81078f63a2865f69/gnocchi.b16a72fe-19f4-424c-af57-6018d26d6589/1769040000.0_mean_300.0_v3" 201 - "PUT http://172.18.0.2:8080/d1/112/AUTH_975a7ac8986449db81078f63a2865f69/gnocchi.b16a72fe-19f4-424c-af57-6018d26d6589/1769040000.0_mean_300.0_v3" "tx6a5b8e6f0de74f65add1e-006971cc13" "object-server 22" 0.0005 "-" 20 0
Jan 22 07:04:51 standalone object-server[128214]: 172.20.0.100 - - [22/Jan/2026:07:04:51 +0000] "PUT /d1/112/AUTH_975a7ac8986449db81078f63a2865f69/gnocchi.b16a72fe-19f4-424c-af57-6018d26d6589/1769040000.0_mean_300.0_v3" 201 - "PUT http://172.18.0.2:8080/v1/AUTH_975a7ac8986449db81078f63a2865f69/gnocchi.b16a72fe-19f4-424c-af57-6018d26d6589/1769040000.0_mean_300.0_v3" "tx6a5b8e6f0de74f65add1e-006971cc13" "proxy-server 20" 0.0086 "-" 22 0
Jan 22 07:04:51 standalone proxy-server[130057]: 172.18.0.2 172.18.0.100 22/Jan/2026/07/04/51 PUT /v1/AUTH_975a7ac8986449db81078f63a2865f69/gnocchi.b16a72fe-19f4-424c-af57-6018d26d6589/1769040000.0_mean_300.0_v3 HTTP/1.0 201 - python-swiftclient-3.11.1 gAAAAABpcctgVjjM... 16 - - tx6a5b8e6f0de74f65add1e-006971cc13 - 0.0137 - - 1769065491.011204004 1769065491.024910688 0
Jan 22 07:04:51 standalone container-server[127948]: 172.20.0.100 - - [22/Jan/2026:07:04:51 +0000] "PUT /d1/157/AUTH_975a7ac8986449db81078f63a2865f69/gnocchi.b16a72fe-19f4-424c-af57-6018d26d6589/none_v3" 201 - "PUT http://172.18.0.2:8080/d1/3/AUTH_975a7ac8986449db81078f63a2865f69/gnocchi.b16a72fe-19f4-424c-af57-6018d26d6589/none_v3" "tx45a5b1b6a3544ef482d4c-006971cc13" "object-server 24" 0.0008 "-" 21 0
Jan 22 07:04:51 standalone object-server[128222]: 172.20.0.100 - - [22/Jan/2026:07:04:51 +0000] "PUT /d1/3/AUTH_975a7ac8986449db81078f63a2865f69/gnocchi.b16a72fe-19f4-424c-af57-6018d26d6589/none_v3" 201 - "PUT http://172.18.0.2:8080/v1/AUTH_975a7ac8986449db81078f63a2865f69/gnocchi.b16a72fe-19f4-424c-af57-6018d26d6589/none_v3" "tx45a5b1b6a3544ef482d4c-006971cc13" "proxy-server 20" 0.0113 "-" 24 0
Jan 22 07:04:51 standalone proxy-server[130057]: 172.18.0.2 172.18.0.100 22/Jan/2026/07/04/51 PUT /v1/AUTH_975a7ac8986449db81078f63a2865f69/gnocchi.b16a72fe-19f4-424c-af57-6018d26d6589/none_v3 HTTP/1.0 201 - python-swiftclient-3.11.1 gAAAAABpcctgVjjM... 22 - - tx45a5b1b6a3544ef482d4c-006971cc13 - 0.0196 - - 1769065491.027100325 1769065491.046689510 0
Jan 22 07:04:51 standalone container-server[127948]: 172.20.0.100 - - [22/Jan/2026:07:04:51 +0000] "HEAD /d1/751/AUTH_975a7ac8986449db81078f63a2865f69/gnocchi.30a7a4f4-7076-4b67-a2d6-01c0b4735990" 404 - "HEAD http://172.18.0.2:8080/v1/AUTH_975a7ac8986449db81078f63a2865f69/gnocchi.30a7a4f4-7076-4b67-a2d6-01c0b4735990?format=json&states=listing" "tx383b07abd5484b80856fa-006971cc13" "proxy-server 20" 0.0003 "-" 21 0
Jan 22 07:04:51 standalone object-server[128222]: 172.20.0.100 - - [22/Jan/2026:07:04:51 +0000] "GET /d1/237/AUTH_975a7ac8986449db81078f63a2865f69/gnocchi.30a7a4f4-7076-4b67-a2d6-01c0b4735990/none_v3" 404 70 "GET http://172.18.0.2:8080/v1/AUTH_975a7ac8986449db81078f63a2865f69/gnocchi.30a7a4f4-7076-4b67-a2d6-01c0b4735990/none_v3" "tx383b07abd5484b80856fa-006971cc13" "proxy-server 20" 0.0003 "-" 24 0
Jan 22 07:04:51 standalone proxy-server[130057]: 172.18.0.2 172.18.0.100 22/Jan/2026/07/04/51 GET /v1/AUTH_975a7ac8986449db81078f63a2865f69/gnocchi.30a7a4f4-7076-4b67-a2d6-01c0b4735990/none_v3 HTTP/1.0 404 - python-swiftclient-3.11.1 gAAAAABpcctgVjjM... - 70 - tx383b07abd5484b80856fa-006971cc13 - 0.0137 - - 1769065491.067543030 1769065491.081210613 0
Jan 22 07:04:51 standalone account-server[128010]: 172.20.0.100 - - [22/Jan/2026:07:04:51 +0000] "PUT /d1/424/AUTH_975a7ac8986449db81078f63a2865f69/gnocchi.30a7a4f4-7076-4b67-a2d6-01c0b4735990" 201 - "PUT http://172.20.0.100:6001/d1/751/AUTH_975a7ac8986449db81078f63a2865f69/gnocchi.30a7a4f4-7076-4b67-a2d6-01c0b4735990" "txab88929969a94dcc9fec2-006971cc13" "container-server 20" 0.0063 "-" 23 0
Jan 22 07:04:51 standalone container-server[127942]: 172.20.0.100 - - [22/Jan/2026:07:04:51 +0000] "PUT /d1/751/AUTH_975a7ac8986449db81078f63a2865f69/gnocchi.30a7a4f4-7076-4b67-a2d6-01c0b4735990" 201 - "PUT http://172.18.0.2:8080/v1/AUTH_975a7ac8986449db81078f63a2865f69/gnocchi.30a7a4f4-7076-4b67-a2d6-01c0b4735990" "txab88929969a94dcc9fec2-006971cc13" "proxy-server 20" 0.0171 "-" 20 0
Jan 22 07:04:51 standalone proxy-server[130057]: 172.18.0.2 172.18.0.100 22/Jan/2026/07/04/51 PUT /v1/AUTH_975a7ac8986449db81078f63a2865f69/gnocchi.30a7a4f4-7076-4b67-a2d6-01c0b4735990 HTTP/1.0 201 - python-swiftclient-3.11.1 gAAAAABpcctgVjjM... - - - txab88929969a94dcc9fec2-006971cc13 - 0.0237 - - 1769065491.087249994 1769065491.110923290 0
Jan 22 07:04:51 standalone container-server[127938]: 172.20.0.100 - - [22/Jan/2026:07:04:51 +0000] "HEAD /d1/197/AUTH_975a7ac8986449db81078f63a2865f69/gnocchi.6ab22756-da62-4b22-810b-ffa9f7d63590" 404 - "HEAD http://172.18.0.2:8080/v1/AUTH_975a7ac8986449db81078f63a2865f69/gnocchi.6ab22756-da62-4b22-810b-ffa9f7d63590?format=json&states=listing" "tx84e847eab3b943c1b5a7e-006971cc13" "proxy-server 20" 0.0004 "-" 19 0
Jan 22 07:04:51 standalone object-server[128222]: 172.20.0.100 - - [22/Jan/2026:07:04:51 +0000] "GET /d1/140/AUTH_975a7ac8986449db81078f63a2865f69/gnocchi.6ab22756-da62-4b22-810b-ffa9f7d63590/none_v3" 404 70 "GET http://172.18.0.2:8080/v1/AUTH_975a7ac8986449db81078f63a2865f69/gnocchi.6ab22756-da62-4b22-810b-ffa9f7d63590/none_v3" "tx84e847eab3b943c1b5a7e-006971cc13" "proxy-server 20" 0.0003 "-" 24 0
Jan 22 07:04:51 standalone proxy-server[130057]: 172.18.0.2 172.18.0.100 22/Jan/2026/07/04/51 GET /v1/AUTH_975a7ac8986449db81078f63a2865f69/gnocchi.6ab22756-da62-4b22-810b-ffa9f7d63590/none_v3 HTTP/1.0 404 - python-swiftclient-3.11.1 gAAAAABpcctgVjjM... - 70 - tx84e847eab3b943c1b5a7e-006971cc13 - 0.0080 - - 1769065491.112740040 1769065491.120766401 0
Jan 22 07:04:51 standalone account-server[127993]: 172.20.0.100 - - [22/Jan/2026:07:04:51 +0000] "PUT /d1/424/AUTH_975a7ac8986449db81078f63a2865f69/gnocchi.6ab22756-da62-4b22-810b-ffa9f7d63590" 201 - "PUT http://172.20.0.100:6001/d1/197/AUTH_975a7ac8986449db81078f63a2865f69/gnocchi.6ab22756-da62-4b22-810b-ffa9f7d63590" "tx0334d615f012442e81241-006971cc13" "container-server 20" 0.0050 "-" 19 0
Jan 22 07:04:51 standalone container-server[127942]: 172.20.0.100 - - [22/Jan/2026:07:04:51 +0000] "PUT /d1/197/AUTH_975a7ac8986449db81078f63a2865f69/gnocchi.6ab22756-da62-4b22-810b-ffa9f7d63590" 201 - "PUT http://172.18.0.2:8080/v1/AUTH_975a7ac8986449db81078f63a2865f69/gnocchi.6ab22756-da62-4b22-810b-ffa9f7d63590" "tx0334d615f012442e81241-006971cc13" "proxy-server 20" 0.0133 "-" 20 0
Jan 22 07:04:51 standalone proxy-server[130057]: 172.18.0.2 172.18.0.100 22/Jan/2026/07/04/51 PUT /v1/AUTH_975a7ac8986449db81078f63a2865f69/gnocchi.6ab22756-da62-4b22-810b-ffa9f7d63590 HTTP/1.0 201 - python-swiftclient-3.11.1 gAAAAABpcctgVjjM... - - - tx0334d615f012442e81241-006971cc13 - 0.0166 - - 1769065491.122368813 1769065491.138957262 0
Jan 22 07:04:51 standalone container-server[127942]: 172.20.0.100 - - [22/Jan/2026:07:04:51 +0000] "HEAD /d1/751/AUTH_975a7ac8986449db81078f63a2865f69/gnocchi.30a7a4f4-7076-4b67-a2d6-01c0b4735990" 204 - "HEAD http://172.18.0.2:8080/v1/AUTH_975a7ac8986449db81078f63a2865f69/gnocchi.30a7a4f4-7076-4b67-a2d6-01c0b4735990?format=json&states=listing" "tx8538a8b0273d43cc91248-006971cc13" "proxy-server 20" 0.0011 "-" 20 0
Jan 22 07:04:51 standalone proxy-server[130057]: - - 22/Jan/2026/07/04/51 HEAD /v1/AUTH_975a7ac8986449db81078f63a2865f69/gnocchi.30a7a4f4-7076-4b67-a2d6-01c0b4735990%3Fformat%3Djson%26states%3Dlisting HTTP/1.0 204 - Swift - - - - tx8538a8b0273d43cc91248-006971cc13 - 0.0033 RL - 1769065491.144461870 1769065491.147745371 0
Jan 22 07:04:51 standalone container-server[127948]: 172.20.0.100 - - [22/Jan/2026:07:04:51 +0000] "GET /d1/751/AUTH_975a7ac8986449db81078f63a2865f69/gnocchi.30a7a4f4-7076-4b67-a2d6-01c0b4735990" 200 2 "GET http://172.18.0.2:8080/v1/AUTH_975a7ac8986449db81078f63a2865f69/gnocchi.30a7a4f4-7076-4b67-a2d6-01c0b4735990?format=json&states=listing" "tx8538a8b0273d43cc91248-006971cc13" "proxy-server 20" 0.0016 "-" 21 0
Jan 22 07:04:51 standalone proxy-server[130057]: 172.18.0.2 172.18.0.100 22/Jan/2026/07/04/51 GET /v1/AUTH_975a7ac8986449db81078f63a2865f69/gnocchi.30a7a4f4-7076-4b67-a2d6-01c0b4735990%3Fformat%3Djson%26states%3Dlisting HTTP/1.0 200 - python-swiftclient-3.11.1 gAAAAABpcctgVjjM... - 2 - tx8538a8b0273d43cc91248-006971cc13 - 0.0097 - - 1769065491.143800974 1769065491.153498650 0
Jan 22 07:04:51 standalone container-server[127942]: 172.20.0.100 - - [22/Jan/2026:07:04:51 +0000] "HEAD /d1/197/AUTH_975a7ac8986449db81078f63a2865f69/gnocchi.6ab22756-da62-4b22-810b-ffa9f7d63590" 204 - "HEAD http://172.18.0.2:8080/v1/AUTH_975a7ac8986449db81078f63a2865f69/gnocchi.6ab22756-da62-4b22-810b-ffa9f7d63590?format=json&states=listing" "txf0ffda20a31648d4a027d-006971cc13" "proxy-server 20" 0.0009 "-" 20 0
Jan 22 07:04:51 standalone proxy-server[130057]: - - 22/Jan/2026/07/04/51 HEAD /v1/AUTH_975a7ac8986449db81078f63a2865f69/gnocchi.6ab22756-da62-4b22-810b-ffa9f7d63590%3Fformat%3Djson%26states%3Dlisting HTTP/1.0 204 - Swift - - - - txf0ffda20a31648d4a027d-006971cc13 - 0.0029 RL - 1769065491.156968117 1769065491.159859896 0
Jan 22 07:04:51 standalone container-server[127938]: 172.20.0.100 - - [22/Jan/2026:07:04:51 +0000] "GET /d1/197/AUTH_975a7ac8986449db81078f63a2865f69/gnocchi.6ab22756-da62-4b22-810b-ffa9f7d63590" 200 2 "GET http://172.18.0.2:8080/v1/AUTH_975a7ac8986449db81078f63a2865f69/gnocchi.6ab22756-da62-4b22-810b-ffa9f7d63590?format=json&states=listing" "txf0ffda20a31648d4a027d-006971cc13" "proxy-server 20" 0.0017 "-" 19 0
Jan 22 07:04:51 standalone proxy-server[130057]: 172.18.0.2 172.18.0.100 22/Jan/2026/07/04/51 GET /v1/AUTH_975a7ac8986449db81078f63a2865f69/gnocchi.6ab22756-da62-4b22-810b-ffa9f7d63590%3Fformat%3Djson%26states%3Dlisting HTTP/1.0 200 - python-swiftclient-3.11.1 gAAAAABpcctgVjjM... - 2 - txf0ffda20a31648d4a027d-006971cc13 - 0.0092 - - 1769065491.156344891 1769065491.165500402 0
Jan 22 07:04:51 standalone object-server[128222]: 172.20.0.100 - - [22/Jan/2026:07:04:51 +0000] "GET /d1/570/AUTH_975a7ac8986449db81078f63a2865f69/gnocchi.30a7a4f4-7076-4b67-a2d6-01c0b4735990/1769040000.0_mean_300.0_v3" 404 70 "GET http://172.18.0.2:8080/v1/AUTH_975a7ac8986449db81078f63a2865f69/gnocchi.30a7a4f4-7076-4b67-a2d6-01c0b4735990/1769040000.0_mean_300.0_v3" "tx8f35a7ad75f547eaa79f6-006971cc13" "proxy-server 20" 0.0003 "-" 24 0
Jan 22 07:04:51 standalone proxy-server[130057]: 172.18.0.2 172.18.0.100 22/Jan/2026/07/04/51 GET /v1/AUTH_975a7ac8986449db81078f63a2865f69/gnocchi.30a7a4f4-7076-4b67-a2d6-01c0b4735990/1769040000.0_mean_300.0_v3 HTTP/1.0 404 - python-swiftclient-3.11.1 gAAAAABpcctgVjjM... - 70 - tx8f35a7ad75f547eaa79f6-006971cc13 - 0.0037 - - 1769065491.167523146 1769065491.171186209 0
Jan 22 07:04:51 standalone object-server[128222]: 172.20.0.100 - - [22/Jan/2026:07:04:51 +0000] "GET /d1/32/AUTH_975a7ac8986449db81078f63a2865f69/gnocchi.6ab22756-da62-4b22-810b-ffa9f7d63590/1769040000.0_mean_300.0_v3" 404 70 "GET http://172.18.0.2:8080/v1/AUTH_975a7ac8986449db81078f63a2865f69/gnocchi.6ab22756-da62-4b22-810b-ffa9f7d63590/1769040000.0_mean_300.0_v3" "txf9b90511a0e0436c978f4-006971cc13" "proxy-server 20" 0.0002 "-" 24 0
Jan 22 07:04:51 standalone proxy-server[130057]: 172.18.0.2 172.18.0.100 22/Jan/2026/07/04/51 GET /v1/AUTH_975a7ac8986449db81078f63a2865f69/gnocchi.6ab22756-da62-4b22-810b-ffa9f7d63590/1769040000.0_mean_300.0_v3 HTTP/1.0 404 - python-swiftclient-3.11.1 gAAAAABpcctgVjjM... - 70 - txf9b90511a0e0436c978f4-006971cc13 - 0.0034 - - 1769065491.172975779 1769065491.176345587 0
Jan 22 07:04:51 standalone container-server[127942]: 172.20.0.100 - - [22/Jan/2026:07:04:51 +0000] "PUT /d1/751/AUTH_975a7ac8986449db81078f63a2865f69/gnocchi.30a7a4f4-7076-4b67-a2d6-01c0b4735990/1769040000.0_mean_300.0_v3" 201 - "PUT http://172.18.0.2:8080/d1/570/AUTH_975a7ac8986449db81078f63a2865f69/gnocchi.30a7a4f4-7076-4b67-a2d6-01c0b4735990/1769040000.0_mean_300.0_v3" "tx75d1b6201d06452999a5f-006971cc13" "object-server 23" 0.0004 "-" 20 0
Jan 22 07:04:51 standalone object-server[128216]: 172.20.0.100 - - [22/Jan/2026:07:04:51 +0000] "PUT /d1/570/AUTH_975a7ac8986449db81078f63a2865f69/gnocchi.30a7a4f4-7076-4b67-a2d6-01c0b4735990/1769040000.0_mean_300.0_v3" 201 - "PUT http://172.18.0.2:8080/v1/AUTH_975a7ac8986449db81078f63a2865f69/gnocchi.30a7a4f4-7076-4b67-a2d6-01c0b4735990/1769040000.0_mean_300.0_v3" "tx75d1b6201d06452999a5f-006971cc13" "proxy-server 20" 0.0066 "-" 23 0
Jan 22 07:04:51 standalone proxy-server[130057]: 172.18.0.2 172.18.0.100 22/Jan/2026/07/04/51 PUT /v1/AUTH_975a7ac8986449db81078f63a2865f69/gnocchi.30a7a4f4-7076-4b67-a2d6-01c0b4735990/1769040000.0_mean_300.0_v3 HTTP/1.0 201 - python-swiftclient-3.11.1 gAAAAABpcctgVjjM... 16 - - tx75d1b6201d06452999a5f-006971cc13 - 0.0099 - - 1769065491.178202152 1769065491.188126802 0
Jan 22 07:04:51 standalone container-server[127956]: 172.20.0.100 - - [22/Jan/2026:07:04:51 +0000] "PUT /d1/197/AUTH_975a7ac8986449db81078f63a2865f69/gnocchi.6ab22756-da62-4b22-810b-ffa9f7d63590/1769040000.0_mean_300.0_v3" 201 - "PUT http://172.18.0.2:8080/d1/32/AUTH_975a7ac8986449db81078f63a2865f69/gnocchi.6ab22756-da62-4b22-810b-ffa9f7d63590/1769040000.0_mean_300.0_v3" "tx80b71696cbaa4f42af26e-006971cc13" "object-server 22" 0.0005 "-" 22 0
Jan 22 07:04:51 standalone object-server[128214]: 172.20.0.100 - - [22/Jan/2026:07:04:51 +0000] "PUT /d1/32/AUTH_975a7ac8986449db81078f63a2865f69/gnocchi.6ab22756-da62-4b22-810b-ffa9f7d63590/1769040000.0_mean_300.0_v3" 201 - "PUT http://172.18.0.2:8080/v1/AUTH_975a7ac8986449db81078f63a2865f69/gnocchi.6ab22756-da62-4b22-810b-ffa9f7d63590/1769040000.0_mean_300.0_v3" "tx80b71696cbaa4f42af26e-006971cc13" "proxy-server 20" 0.0104 "-" 22 0
Jan 22 07:04:51 standalone proxy-server[130057]: 172.18.0.2 172.18.0.100 22/Jan/2026/07/04/51 PUT /v1/AUTH_975a7ac8986449db81078f63a2865f69/gnocchi.6ab22756-da62-4b22-810b-ffa9f7d63590/1769040000.0_mean_300.0_v3 HTTP/1.0 201 - python-swiftclient-3.11.1 gAAAAABpcctgVjjM... 16 - - tx80b71696cbaa4f42af26e-006971cc13 - 0.0140 - - 1769065491.189845800 1769065491.203836679 0
Jan 22 07:04:51 standalone container-server[127948]: 172.20.0.100 - - [22/Jan/2026:07:04:51 +0000] "PUT /d1/751/AUTH_975a7ac8986449db81078f63a2865f69/gnocchi.30a7a4f4-7076-4b67-a2d6-01c0b4735990/none_v3" 201 - "PUT http://172.18.0.2:8080/d1/237/AUTH_975a7ac8986449db81078f63a2865f69/gnocchi.30a7a4f4-7076-4b67-a2d6-01c0b4735990/none_v3" "tx651b1f88aaa74c2483878-006971cc13" "object-server 24" 0.0004 "-" 21 0
Jan 22 07:04:51 standalone object-server[128222]: 172.20.0.100 - - [22/Jan/2026:07:04:51 +0000] "PUT /d1/237/AUTH_975a7ac8986449db81078f63a2865f69/gnocchi.30a7a4f4-7076-4b67-a2d6-01c0b4735990/none_v3" 201 - "PUT http://172.18.0.2:8080/v1/AUTH_975a7ac8986449db81078f63a2865f69/gnocchi.30a7a4f4-7076-4b67-a2d6-01c0b4735990/none_v3" "tx651b1f88aaa74c2483878-006971cc13" "proxy-server 20" 0.0090 "-" 24 0
Jan 22 07:04:51 standalone proxy-server[130057]: 172.18.0.2 172.18.0.100 22/Jan/2026/07/04/51 PUT /v1/AUTH_975a7ac8986449db81078f63a2865f69/gnocchi.30a7a4f4-7076-4b67-a2d6-01c0b4735990/none_v3 HTTP/1.0 201 - python-swiftclient-3.11.1 gAAAAABpcctgVjjM... 22 - - tx651b1f88aaa74c2483878-006971cc13 - 0.0180 - - 1769065491.208429813 1769065491.226395845 0
Jan 22 07:04:51 standalone container-server[127938]: 172.20.0.100 - - [22/Jan/2026:07:04:51 +0000] "PUT /d1/197/AUTH_975a7ac8986449db81078f63a2865f69/gnocchi.6ab22756-da62-4b22-810b-ffa9f7d63590/none_v3" 201 - "PUT http://172.18.0.2:8080/d1/140/AUTH_975a7ac8986449db81078f63a2865f69/gnocchi.6ab22756-da62-4b22-810b-ffa9f7d63590/none_v3" "txcb36a81c4fde41598e850-006971cc13" "object-server 25" 0.0008 "-" 19 0
Jan 22 07:04:51 standalone object-server[128227]: 172.20.0.100 - - [22/Jan/2026:07:04:51 +0000] "PUT /d1/140/AUTH_975a7ac8986449db81078f63a2865f69/gnocchi.6ab22756-da62-4b22-810b-ffa9f7d63590/none_v3" 201 - "PUT http://172.18.0.2:8080/v1/AUTH_975a7ac8986449db81078f63a2865f69/gnocchi.6ab22756-da62-4b22-810b-ffa9f7d63590/none_v3" "txcb36a81c4fde41598e850-006971cc13" "proxy-server 20" 0.0103 "-" 25 0
Jan 22 07:04:51 standalone proxy-server[130057]: 172.18.0.2 172.18.0.100 22/Jan/2026/07/04/51 PUT /v1/AUTH_975a7ac8986449db81078f63a2865f69/gnocchi.6ab22756-da62-4b22-810b-ffa9f7d63590/none_v3 HTTP/1.0 201 - python-swiftclient-3.11.1 gAAAAABpcctgVjjM... 22 - - txcb36a81c4fde41598e850-006971cc13 - 0.0153 - - 1769065491.231122255 1769065491.246381283 0
Jan 22 07:04:51 standalone container-server[127948]: 172.20.0.100 - - [22/Jan/2026:07:04:51 +0000] "HEAD /d1/836/AUTH_975a7ac8986449db81078f63a2865f69/gnocchi.50e8e810-1248-4061-a700-2451860a169f" 404 - "HEAD http://172.18.0.2:8080/v1/AUTH_975a7ac8986449db81078f63a2865f69/gnocchi.50e8e810-1248-4061-a700-2451860a169f?format=json&states=listing" "tx52a4bbc9a6334fe180b0e-006971cc13" "proxy-server 20" 0.0004 "-" 21 0
Jan 22 07:04:51 standalone object-server[128214]: 172.20.0.100 - - [22/Jan/2026:07:04:51 +0000] "GET /d1/360/AUTH_975a7ac8986449db81078f63a2865f69/gnocchi.50e8e810-1248-4061-a700-2451860a169f/none_v3" 404 70 "GET http://172.18.0.2:8080/v1/AUTH_975a7ac8986449db81078f63a2865f69/gnocchi.50e8e810-1248-4061-a700-2451860a169f/none_v3" "tx52a4bbc9a6334fe180b0e-006971cc13" "proxy-server 20" 0.0003 "-" 22 0
Jan 22 07:04:51 standalone proxy-server[130057]: 172.18.0.2 172.18.0.100 22/Jan/2026/07/04/51 GET /v1/AUTH_975a7ac8986449db81078f63a2865f69/gnocchi.50e8e810-1248-4061-a700-2451860a169f/none_v3 HTTP/1.0 404 - python-swiftclient-3.11.1 gAAAAABpcctgVjjM... - 70 - tx52a4bbc9a6334fe180b0e-006971cc13 - 0.0077 - - 1769065491.256410837 1769065491.264073372 0
Jan 22 07:04:51 standalone account-server[128010]: 172.20.0.100 - - [22/Jan/2026:07:04:51 +0000] "PUT /d1/424/AUTH_975a7ac8986449db81078f63a2865f69/gnocchi.50e8e810-1248-4061-a700-2451860a169f" 201 - "PUT http://172.20.0.100:6001/d1/836/AUTH_975a7ac8986449db81078f63a2865f69/gnocchi.50e8e810-1248-4061-a700-2451860a169f" "txe3bf61aaad3f484fac1e5-006971cc13" "container-server 20" 0.0049 "-" 23 0
Jan 22 07:04:51 standalone container-server[127942]: 172.20.0.100 - - [22/Jan/2026:07:04:51 +0000] "PUT /d1/836/AUTH_975a7ac8986449db81078f63a2865f69/gnocchi.50e8e810-1248-4061-a700-2451860a169f" 201 - "PUT http://172.18.0.2:8080/v1/AUTH_975a7ac8986449db81078f63a2865f69/gnocchi.50e8e810-1248-4061-a700-2451860a169f" "txe3bf61aaad3f484fac1e5-006971cc13" "proxy-server 20" 0.0163 "-" 20 0
Jan 22 07:04:51 standalone proxy-server[130057]: 172.18.0.2 172.18.0.100 22/Jan/2026/07/04/51 PUT /v1/AUTH_975a7ac8986449db81078f63a2865f69/gnocchi.50e8e810-1248-4061-a700-2451860a169f HTTP/1.0 201 - python-swiftclient-3.11.1 gAAAAABpcctgVjjM... - - - txe3bf61aaad3f484fac1e5-006971cc13 - 0.0206 - - 1769065491.266439915 1769065491.287058115 0
Jan 22 07:04:51 standalone container-server[127948]: 172.20.0.100 - - [22/Jan/2026:07:04:51 +0000] "HEAD /d1/836/AUTH_975a7ac8986449db81078f63a2865f69/gnocchi.50e8e810-1248-4061-a700-2451860a169f" 204 - "HEAD http://172.18.0.2:8080/v1/AUTH_975a7ac8986449db81078f63a2865f69/gnocchi.50e8e810-1248-4061-a700-2451860a169f?format=json&states=listing" "txb5c7c085a90c4a918fcaf-006971cc13" "proxy-server 20" 0.0044 "-" 21 0
Jan 22 07:04:51 standalone proxy-server[130057]: - - 22/Jan/2026/07/04/51 HEAD /v1/AUTH_975a7ac8986449db81078f63a2865f69/gnocchi.50e8e810-1248-4061-a700-2451860a169f%3Fformat%3Djson%26states%3Dlisting HTTP/1.0 204 - Swift - - - - txb5c7c085a90c4a918fcaf-006971cc13 - 0.0076 RL - 1769065491.290767908 1769065491.298383713 0
Jan 22 07:04:51 standalone container-server[127948]: 172.20.0.100 - - [22/Jan/2026:07:04:51 +0000] "GET /d1/836/AUTH_975a7ac8986449db81078f63a2865f69/gnocchi.50e8e810-1248-4061-a700-2451860a169f" 200 2 "GET http://172.18.0.2:8080/v1/AUTH_975a7ac8986449db81078f63a2865f69/gnocchi.50e8e810-1248-4061-a700-2451860a169f?format=json&states=listing" "txb5c7c085a90c4a918fcaf-006971cc13" "proxy-server 20" 0.0021 "-" 21 0
Jan 22 07:04:51 standalone proxy-server[130057]: 172.18.0.2 172.18.0.100 22/Jan/2026/07/04/51 GET /v1/AUTH_975a7ac8986449db81078f63a2865f69/gnocchi.50e8e810-1248-4061-a700-2451860a169f%3Fformat%3Djson%26states%3Dlisting HTTP/1.0 200 - python-swiftclient-3.11.1 gAAAAABpcctgVjjM... - 2 - txb5c7c085a90c4a918fcaf-006971cc13 - 0.0146 - - 1769065491.290022850 1769065491.304599524 0
Jan 22 07:04:51 standalone object-server[128216]: 172.20.0.100 - - [22/Jan/2026:07:04:51 +0000] "GET /d1/863/AUTH_975a7ac8986449db81078f63a2865f69/gnocchi.50e8e810-1248-4061-a700-2451860a169f/1769040000.0_mean_300.0_v3" 404 70 "GET http://172.18.0.2:8080/v1/AUTH_975a7ac8986449db81078f63a2865f69/gnocchi.50e8e810-1248-4061-a700-2451860a169f/1769040000.0_mean_300.0_v3" "tx72c9056ff54141e5a22a6-006971cc13" "proxy-server 20" 0.0005 "-" 23 0
Jan 22 07:04:51 standalone proxy-server[130057]: 172.18.0.2 172.18.0.100 22/Jan/2026/07/04/51 GET /v1/AUTH_975a7ac8986449db81078f63a2865f69/gnocchi.50e8e810-1248-4061-a700-2451860a169f/1769040000.0_mean_300.0_v3 HTTP/1.0 404 - python-swiftclient-3.11.1 gAAAAABpcctgVjjM... - 70 - tx72c9056ff54141e5a22a6-006971cc13 - 0.0049 - - 1769065491.307990074 1769065491.312860966 0
Jan 22 07:04:51 standalone container-server[127942]: 172.20.0.100 - - [22/Jan/2026:07:04:51 +0000] "PUT /d1/836/AUTH_975a7ac8986449db81078f63a2865f69/gnocchi.50e8e810-1248-4061-a700-2451860a169f/1769040000.0_mean_300.0_v3" 201 - "PUT http://172.18.0.2:8080/d1/863/AUTH_975a7ac8986449db81078f63a2865f69/gnocchi.50e8e810-1248-4061-a700-2451860a169f/1769040000.0_mean_300.0_v3" "tx97499dcdbbfc446dbf280-006971cc13" "object-server 24" 0.0007 "-" 20 0
Jan 22 07:04:51 standalone object-server[128222]: 172.20.0.100 - - [22/Jan/2026:07:04:51 +0000] "PUT /d1/863/AUTH_975a7ac8986449db81078f63a2865f69/gnocchi.50e8e810-1248-4061-a700-2451860a169f/1769040000.0_mean_300.0_v3" 201 - "PUT http://172.18.0.2:8080/v1/AUTH_975a7ac8986449db81078f63a2865f69/gnocchi.50e8e810-1248-4061-a700-2451860a169f/1769040000.0_mean_300.0_v3" "tx97499dcdbbfc446dbf280-006971cc13" "proxy-server 20" 0.0092 "-" 24 0
Jan 22 07:04:51 standalone proxy-server[130057]: 172.18.0.2 172.18.0.100 22/Jan/2026/07/04/51 PUT /v1/AUTH_975a7ac8986449db81078f63a2865f69/gnocchi.50e8e810-1248-4061-a700-2451860a169f/1769040000.0_mean_300.0_v3 HTTP/1.0 201 - python-swiftclient-3.11.1 gAAAAABpcctgVjjM... 16 - - tx97499dcdbbfc446dbf280-006971cc13 - 0.0137 - - 1769065491.315519571 1769065491.329266548 0
Jan 22 07:04:51 standalone container-server[127956]: 172.20.0.100 - - [22/Jan/2026:07:04:51 +0000] "PUT /d1/836/AUTH_975a7ac8986449db81078f63a2865f69/gnocchi.50e8e810-1248-4061-a700-2451860a169f/none_v3" 201 - "PUT http://172.18.0.2:8080/d1/360/AUTH_975a7ac8986449db81078f63a2865f69/gnocchi.50e8e810-1248-4061-a700-2451860a169f/none_v3" "txfc371a0ef283493fb2e3c-006971cc13" "object-server 24" 0.0004 "-" 22 0
Jan 22 07:04:51 standalone object-server[128222]: 172.20.0.100 - - [22/Jan/2026:07:04:51 +0000] "PUT /d1/360/AUTH_975a7ac8986449db81078f63a2865f69/gnocchi.50e8e810-1248-4061-a700-2451860a169f/none_v3" 201 - "PUT http://172.18.0.2:8080/v1/AUTH_975a7ac8986449db81078f63a2865f69/gnocchi.50e8e810-1248-4061-a700-2451860a169f/none_v3" "txfc371a0ef283493fb2e3c-006971cc13" "proxy-server 20" 0.0075 "-" 24 0
Jan 22 07:04:51 standalone proxy-server[130057]: 172.18.0.2 172.18.0.100 22/Jan/2026/07/04/51 PUT /v1/AUTH_975a7ac8986449db81078f63a2865f69/gnocchi.50e8e810-1248-4061-a700-2451860a169f/none_v3 HTTP/1.0 201 - python-swiftclient-3.11.1 gAAAAABpcctgVjjM... 22 - - txfc371a0ef283493fb2e3c-006971cc13 - 0.0118 - - 1769065491.331326246 1769065491.343149662 0
Jan 22 07:04:51 standalone container-server[127948]: 172.20.0.100 - - [22/Jan/2026:07:04:51 +0000] "HEAD /d1/533/AUTH_975a7ac8986449db81078f63a2865f69/gnocchi.8e0ccc90-a674-432a-a15f-a3bc7aa3bd9d" 404 - "HEAD http://172.18.0.2:8080/v1/AUTH_975a7ac8986449db81078f63a2865f69/gnocchi.8e0ccc90-a674-432a-a15f-a3bc7aa3bd9d?format=json&states=listing" "tx368a5c6c92aa4eaa902bc-006971cc13" "proxy-server 20" 0.0004 "-" 21 0
Jan 22 07:04:51 standalone object-server[128227]: 172.20.0.100 - - [22/Jan/2026:07:04:51 +0000] "GET /d1/530/AUTH_975a7ac8986449db81078f63a2865f69/gnocchi.8e0ccc90-a674-432a-a15f-a3bc7aa3bd9d/none_v3" 404 70 "GET http://172.18.0.2:8080/v1/AUTH_975a7ac8986449db81078f63a2865f69/gnocchi.8e0ccc90-a674-432a-a15f-a3bc7aa3bd9d/none_v3" "tx368a5c6c92aa4eaa902bc-006971cc13" "proxy-server 20" 0.0004 "-" 25 0
Jan 22 07:04:51 standalone proxy-server[130057]: 172.18.0.2 172.18.0.100 22/Jan/2026/07/04/51 GET /v1/AUTH_975a7ac8986449db81078f63a2865f69/gnocchi.8e0ccc90-a674-432a-a15f-a3bc7aa3bd9d/none_v3 HTTP/1.0 404 - python-swiftclient-3.11.1 gAAAAABpcctgVjjM... - 70 - tx368a5c6c92aa4eaa902bc-006971cc13 - 0.0112 - - 1769065491.350917816 1769065491.362131119 0
Jan 22 07:04:51 standalone account-server[128007]: 172.20.0.100 - - [22/Jan/2026:07:04:51 +0000] "PUT /d1/424/AUTH_975a7ac8986449db81078f63a2865f69/gnocchi.8e0ccc90-a674-432a-a15f-a3bc7aa3bd9d" 201 - "PUT http://172.20.0.100:6001/d1/533/AUTH_975a7ac8986449db81078f63a2865f69/gnocchi.8e0ccc90-a674-432a-a15f-a3bc7aa3bd9d" "tx5ddcc734813245878a2af-006971cc13" "container-server 19" 0.0053 "-" 22 0
Jan 22 07:04:51 standalone container-server[127938]: 172.20.0.100 - - [22/Jan/2026:07:04:51 +0000] "PUT /d1/533/AUTH_975a7ac8986449db81078f63a2865f69/gnocchi.8e0ccc90-a674-432a-a15f-a3bc7aa3bd9d" 201 - "PUT http://172.18.0.2:8080/v1/AUTH_975a7ac8986449db81078f63a2865f69/gnocchi.8e0ccc90-a674-432a-a15f-a3bc7aa3bd9d" "tx5ddcc734813245878a2af-006971cc13" "proxy-server 20" 0.0172 "-" 19 0
Jan 22 07:04:51 standalone proxy-server[130057]: 172.18.0.2 172.18.0.100 22/Jan/2026/07/04/51 PUT /v1/AUTH_975a7ac8986449db81078f63a2865f69/gnocchi.8e0ccc90-a674-432a-a15f-a3bc7aa3bd9d HTTP/1.0 201 - python-swiftclient-3.11.1 gAAAAABpcctgVjjM... - - - tx5ddcc734813245878a2af-006971cc13 - 0.0224 - - 1769065491.364413261 1769065491.386790514 0
Jan 22 07:04:51 standalone container-server[127956]: 172.20.0.100 - - [22/Jan/2026:07:04:51 +0000] "HEAD /d1/533/AUTH_975a7ac8986449db81078f63a2865f69/gnocchi.8e0ccc90-a674-432a-a15f-a3bc7aa3bd9d" 204 - "HEAD http://172.18.0.2:8080/v1/AUTH_975a7ac8986449db81078f63a2865f69/gnocchi.8e0ccc90-a674-432a-a15f-a3bc7aa3bd9d?format=json&states=listing" "tx7fa05f5506bf4e2ba5a0c-006971cc13" "proxy-server 20" 0.0012 "-" 22 0
Jan 22 07:04:51 standalone proxy-server[130057]: - - 22/Jan/2026/07/04/51 HEAD /v1/AUTH_975a7ac8986449db81078f63a2865f69/gnocchi.8e0ccc90-a674-432a-a15f-a3bc7aa3bd9d%3Fformat%3Djson%26states%3Dlisting HTTP/1.0 204 - Swift - - - - tx7fa05f5506bf4e2ba5a0c-006971cc13 - 0.0043 RL - 1769065491.391335726 1769065491.395654917 0
Jan 22 07:04:51 standalone container-server[127956]: 172.20.0.100 - - [22/Jan/2026:07:04:51 +0000] "GET /d1/533/AUTH_975a7ac8986449db81078f63a2865f69/gnocchi.8e0ccc90-a674-432a-a15f-a3bc7aa3bd9d" 200 2 "GET http://172.18.0.2:8080/v1/AUTH_975a7ac8986449db81078f63a2865f69/gnocchi.8e0ccc90-a674-432a-a15f-a3bc7aa3bd9d?format=json&states=listing" "tx7fa05f5506bf4e2ba5a0c-006971cc13" "proxy-server 20" 0.0014 "-" 22 0
Jan 22 07:04:51 standalone proxy-server[130057]: 172.18.0.2 172.18.0.100 22/Jan/2026/07/04/51 GET /v1/AUTH_975a7ac8986449db81078f63a2865f69/gnocchi.8e0ccc90-a674-432a-a15f-a3bc7aa3bd9d%3Fformat%3Djson%26states%3Dlisting HTTP/1.0 200 - python-swiftclient-3.11.1 gAAAAABpcctgVjjM... - 2 - tx7fa05f5506bf4e2ba5a0c-006971cc13 - 0.0120 - - 1769065491.390097380 1769065491.402072430 0
Jan 22 07:04:51 standalone object-server[128227]: 172.20.0.100 - - [22/Jan/2026:07:04:51 +0000] "GET /d1/357/AUTH_975a7ac8986449db81078f63a2865f69/gnocchi.8e0ccc90-a674-432a-a15f-a3bc7aa3bd9d/1769040000.0_mean_300.0_v3" 404 70 "GET http://172.18.0.2:8080/v1/AUTH_975a7ac8986449db81078f63a2865f69/gnocchi.8e0ccc90-a674-432a-a15f-a3bc7aa3bd9d/1769040000.0_mean_300.0_v3" "tx674cca23e0e34233a3958-006971cc13" "proxy-server 20" 0.0004 "-" 25 0
Jan 22 07:04:51 standalone proxy-server[130057]: 172.18.0.2 172.18.0.100 22/Jan/2026/07/04/51 GET /v1/AUTH_975a7ac8986449db81078f63a2865f69/gnocchi.8e0ccc90-a674-432a-a15f-a3bc7aa3bd9d/1769040000.0_mean_300.0_v3 HTTP/1.0 404 - python-swiftclient-3.11.1 gAAAAABpcctgVjjM... - 70 - tx674cca23e0e34233a3958-006971cc13 - 0.0052 - - 1769065491.405071259 1769065491.410264492 0
Jan 22 07:04:51 standalone container-server[127938]: 172.20.0.100 - - [22/Jan/2026:07:04:51 +0000] "PUT /d1/533/AUTH_975a7ac8986449db81078f63a2865f69/gnocchi.8e0ccc90-a674-432a-a15f-a3bc7aa3bd9d/1769040000.0_mean_300.0_v3" 201 - "PUT http://172.18.0.2:8080/d1/357/AUTH_975a7ac8986449db81078f63a2865f69/gnocchi.8e0ccc90-a674-432a-a15f-a3bc7aa3bd9d/1769040000.0_mean_300.0_v3" "tx153520f847a84d758cdc6-006971cc13" "object-server 24" 0.0007 "-" 19 0
Jan 22 07:04:51 standalone object-server[128222]: 172.20.0.100 - - [22/Jan/2026:07:04:51 +0000] "PUT /d1/357/AUTH_975a7ac8986449db81078f63a2865f69/gnocchi.8e0ccc90-a674-432a-a15f-a3bc7aa3bd9d/1769040000.0_mean_300.0_v3" 201 - "PUT http://172.18.0.2:8080/v1/AUTH_975a7ac8986449db81078f63a2865f69/gnocchi.8e0ccc90-a674-432a-a15f-a3bc7aa3bd9d/1769040000.0_mean_300.0_v3" "tx153520f847a84d758cdc6-006971cc13" "proxy-server 20" 0.0107 "-" 24 0
Jan 22 07:04:51 standalone proxy-server[130057]: 172.18.0.2 172.18.0.100 22/Jan/2026/07/04/51 PUT /v1/AUTH_975a7ac8986449db81078f63a2865f69/gnocchi.8e0ccc90-a674-432a-a15f-a3bc7aa3bd9d/1769040000.0_mean_300.0_v3 HTTP/1.0 201 - python-swiftclient-3.11.1 gAAAAABpcctgVjjM... 16 - - tx153520f847a84d758cdc6-006971cc13 - 0.0544 - - 1769065491.412938595 1769065491.467383623 0
Jan 22 07:04:51 standalone container-server[127956]: 172.20.0.100 - - [22/Jan/2026:07:04:51 +0000] "PUT /d1/533/AUTH_975a7ac8986449db81078f63a2865f69/gnocchi.8e0ccc90-a674-432a-a15f-a3bc7aa3bd9d/none_v3" 201 - "PUT http://172.18.0.2:8080/d1/530/AUTH_975a7ac8986449db81078f63a2865f69/gnocchi.8e0ccc90-a674-432a-a15f-a3bc7aa3bd9d/none_v3" "txba9e825843ba429688ef3-006971cc13" "object-server 22" 0.0005 "-" 22 0
Jan 22 07:04:51 standalone object-server[128214]: 172.20.0.100 - - [22/Jan/2026:07:04:51 +0000] "PUT /d1/530/AUTH_975a7ac8986449db81078f63a2865f69/gnocchi.8e0ccc90-a674-432a-a15f-a3bc7aa3bd9d/none_v3" 201 - "PUT http://172.18.0.2:8080/v1/AUTH_975a7ac8986449db81078f63a2865f69/gnocchi.8e0ccc90-a674-432a-a15f-a3bc7aa3bd9d/none_v3" "txba9e825843ba429688ef3-006971cc13" "proxy-server 20" 0.0095 "-" 22 0
Jan 22 07:04:51 standalone proxy-server[130057]: 172.18.0.2 172.18.0.100 22/Jan/2026/07/04/51 PUT /v1/AUTH_975a7ac8986449db81078f63a2865f69/gnocchi.8e0ccc90-a674-432a-a15f-a3bc7aa3bd9d/none_v3 HTTP/1.0 201 - python-swiftclient-3.11.1 gAAAAABpcctgVjjM... 22 - - txba9e825843ba429688ef3-006971cc13 - 0.0179 - - 1769065491.472597837 1769065491.490464211 0
Jan 22 07:04:51 standalone container-server[127956]: 172.20.0.100 - - [22/Jan/2026:07:04:51 +0000] "HEAD /d1/6/AUTH_975a7ac8986449db81078f63a2865f69/gnocchi.4534c422-e6ed-4455-b521-21f6777f9ca3" 404 - "HEAD http://172.18.0.2:8080/v1/AUTH_975a7ac8986449db81078f63a2865f69/gnocchi.4534c422-e6ed-4455-b521-21f6777f9ca3?format=json&states=listing" "tx1d7ae6299ea14f498e564-006971cc13" "proxy-server 20" 0.0002 "-" 22 0
Jan 22 07:04:51 standalone object-server[128214]: 172.20.0.100 - - [22/Jan/2026:07:04:51 +0000] "GET /d1/797/AUTH_975a7ac8986449db81078f63a2865f69/gnocchi.4534c422-e6ed-4455-b521-21f6777f9ca3/none_v3" 404 70 "GET http://172.18.0.2:8080/v1/AUTH_975a7ac8986449db81078f63a2865f69/gnocchi.4534c422-e6ed-4455-b521-21f6777f9ca3/none_v3" "tx1d7ae6299ea14f498e564-006971cc13" "proxy-server 20" 0.0004 "-" 22 0
Jan 22 07:04:51 standalone proxy-server[130057]: 172.18.0.2 172.18.0.100 22/Jan/2026/07/04/51 GET /v1/AUTH_975a7ac8986449db81078f63a2865f69/gnocchi.4534c422-e6ed-4455-b521-21f6777f9ca3/none_v3 HTTP/1.0 404 - python-swiftclient-3.11.1 gAAAAABpcctgVjjM... - 70 - tx1d7ae6299ea14f498e564-006971cc13 - 0.0110 - - 1769065491.502956867 1769065491.513963699 0
Jan 22 07:04:51 standalone account-server[128007]: 172.20.0.100 - - [22/Jan/2026:07:04:51 +0000] "PUT /d1/424/AUTH_975a7ac8986449db81078f63a2865f69/gnocchi.4534c422-e6ed-4455-b521-21f6777f9ca3" 201 - "PUT http://172.20.0.100:6001/d1/6/AUTH_975a7ac8986449db81078f63a2865f69/gnocchi.4534c422-e6ed-4455-b521-21f6777f9ca3" "txc575017d667a4ff79d31c-006971cc13" "container-server 19" 0.0058 "-" 22 0
Jan 22 07:04:51 standalone container-server[127938]: 172.20.0.100 - - [22/Jan/2026:07:04:51 +0000] "PUT /d1/6/AUTH_975a7ac8986449db81078f63a2865f69/gnocchi.4534c422-e6ed-4455-b521-21f6777f9ca3" 201 - "PUT http://172.18.0.2:8080/v1/AUTH_975a7ac8986449db81078f63a2865f69/gnocchi.4534c422-e6ed-4455-b521-21f6777f9ca3" "txc575017d667a4ff79d31c-006971cc13" "proxy-server 20" 0.0161 "-" 19 0
Jan 22 07:04:51 standalone proxy-server[130057]: 172.18.0.2 172.18.0.100 22/Jan/2026/07/04/51 PUT /v1/AUTH_975a7ac8986449db81078f63a2865f69/gnocchi.4534c422-e6ed-4455-b521-21f6777f9ca3 HTTP/1.0 201 - python-swiftclient-3.11.1 gAAAAABpcctgVjjM... - - - txc575017d667a4ff79d31c-006971cc13 - 0.0223 - - 1769065491.517320156 1769065491.539575338 0
Jan 22 07:04:51 standalone container-server[127956]: 172.20.0.100 - - [22/Jan/2026:07:04:51 +0000] "HEAD /d1/418/AUTH_975a7ac8986449db81078f63a2865f69/gnocchi.ffb8ba96-ae70-4525-beae-25af116f8c23" 404 - "HEAD http://172.18.0.2:8080/v1/AUTH_975a7ac8986449db81078f63a2865f69/gnocchi.ffb8ba96-ae70-4525-beae-25af116f8c23?format=json&states=listing" "tx4eb23f849d9d47a8b660a-006971cc13" "proxy-server 20" 0.0002 "-" 22 0
Jan 22 07:04:51 standalone object-server[128216]: 172.20.0.100 - - [22/Jan/2026:07:04:51 +0000] "GET /d1/430/AUTH_975a7ac8986449db81078f63a2865f69/gnocchi.ffb8ba96-ae70-4525-beae-25af116f8c23/none_v3" 404 70 "GET http://172.18.0.2:8080/v1/AUTH_975a7ac8986449db81078f63a2865f69/gnocchi.ffb8ba96-ae70-4525-beae-25af116f8c23/none_v3" "tx4eb23f849d9d47a8b660a-006971cc13" "proxy-server 20" 0.0009 "-" 23 0
Jan 22 07:04:51 standalone proxy-server[130057]: 172.18.0.2 172.18.0.100 22/Jan/2026/07/04/51 GET /v1/AUTH_975a7ac8986449db81078f63a2865f69/gnocchi.ffb8ba96-ae70-4525-beae-25af116f8c23/none_v3 HTTP/1.0 404 - python-swiftclient-3.11.1 gAAAAABpcctgVjjM... - 70 - tx4eb23f849d9d47a8b660a-006971cc13 - 0.0120 - - 1769065491.543013573 1769065491.555029392 0
Jan 22 07:04:51 standalone account-server[128007]: 172.20.0.100 - - [22/Jan/2026:07:04:51 +0000] "PUT /d1/424/AUTH_975a7ac8986449db81078f63a2865f69/gnocchi.ffb8ba96-ae70-4525-beae-25af116f8c23" 201 - "PUT http://172.20.0.100:6001/d1/418/AUTH_975a7ac8986449db81078f63a2865f69/gnocchi.ffb8ba96-ae70-4525-beae-25af116f8c23" "tx7c6b01f790c74718a728f-006971cc13" "container-server 20" 0.0057 "-" 22 0
Jan 22 07:04:51 standalone container-server[127942]: 172.20.0.100 - - [22/Jan/2026:07:04:51 +0000] "PUT /d1/418/AUTH_975a7ac8986449db81078f63a2865f69/gnocchi.ffb8ba96-ae70-4525-beae-25af116f8c23" 201 - "PUT http://172.18.0.2:8080/v1/AUTH_975a7ac8986449db81078f63a2865f69/gnocchi.ffb8ba96-ae70-4525-beae-25af116f8c23" "tx7c6b01f790c74718a728f-006971cc13" "proxy-server 20" 0.0214 "-" 20 0
Jan 22 07:04:51 standalone proxy-server[130057]: 172.18.0.2 172.18.0.100 22/Jan/2026/07/04/51 PUT /v1/AUTH_975a7ac8986449db81078f63a2865f69/gnocchi.ffb8ba96-ae70-4525-beae-25af116f8c23 HTTP/1.0 201 - python-swiftclient-3.11.1 gAAAAABpcctgVjjM... - - - tx7c6b01f790c74718a728f-006971cc13 - 0.0281 - - 1769065491.558155775 1769065491.586260796 0
Jan 22 07:04:51 standalone container-server[127942]: 172.20.0.100 - - [22/Jan/2026:07:04:51 +0000] "HEAD /d1/6/AUTH_975a7ac8986449db81078f63a2865f69/gnocchi.4534c422-e6ed-4455-b521-21f6777f9ca3" 204 - "HEAD http://172.18.0.2:8080/v1/AUTH_975a7ac8986449db81078f63a2865f69/gnocchi.4534c422-e6ed-4455-b521-21f6777f9ca3?format=json&states=listing" "txf23fb9f4458544169ccb5-006971cc13" "proxy-server 20" 0.0025 "-" 20 0
Jan 22 07:04:51 standalone proxy-server[130057]: - - 22/Jan/2026/07/04/51 HEAD /v1/AUTH_975a7ac8986449db81078f63a2865f69/gnocchi.4534c422-e6ed-4455-b521-21f6777f9ca3%3Fformat%3Djson%26states%3Dlisting HTTP/1.0 204 - Swift - - - - txf23fb9f4458544169ccb5-006971cc13 - 0.0075 RL - 1769065491.591962099 1769065491.599434137 0
Jan 22 07:04:51 standalone container-server[127948]: 172.20.0.100 - - [22/Jan/2026:07:04:51 +0000] "GET /d1/6/AUTH_975a7ac8986449db81078f63a2865f69/gnocchi.4534c422-e6ed-4455-b521-21f6777f9ca3" 200 2 "GET http://172.18.0.2:8080/v1/AUTH_975a7ac8986449db81078f63a2865f69/gnocchi.4534c422-e6ed-4455-b521-21f6777f9ca3?format=json&states=listing" "txf23fb9f4458544169ccb5-006971cc13" "proxy-server 20" 0.0032 "-" 21 0
Jan 22 07:04:51 standalone proxy-server[130057]: 172.18.0.2 172.18.0.100 22/Jan/2026/07/04/51 GET /v1/AUTH_975a7ac8986449db81078f63a2865f69/gnocchi.4534c422-e6ed-4455-b521-21f6777f9ca3%3Fformat%3Djson%26states%3Dlisting HTTP/1.0 200 - python-swiftclient-3.11.1 gAAAAABpcctgVjjM... - 2 - txf23fb9f4458544169ccb5-006971cc13 - 0.0207 - - 1769065491.590471506 1769065491.611176252 0
Jan 22 07:04:51 standalone container-server[127956]: 172.20.0.100 - - [22/Jan/2026:07:04:51 +0000] "HEAD /d1/418/AUTH_975a7ac8986449db81078f63a2865f69/gnocchi.ffb8ba96-ae70-4525-beae-25af116f8c23" 204 - "HEAD http://172.18.0.2:8080/v1/AUTH_975a7ac8986449db81078f63a2865f69/gnocchi.ffb8ba96-ae70-4525-beae-25af116f8c23?format=json&states=listing" "tx86bc1e26730c4423b340d-006971cc13" "proxy-server 20" 0.0013 "-" 22 0
Jan 22 07:04:51 standalone proxy-server[130057]: - - 22/Jan/2026/07/04/51 HEAD /v1/AUTH_975a7ac8986449db81078f63a2865f69/gnocchi.ffb8ba96-ae70-4525-beae-25af116f8c23%3Fformat%3Djson%26states%3Dlisting HTTP/1.0 204 - Swift - - - - tx86bc1e26730c4423b340d-006971cc13 - 0.0050 RL - 1769065491.617570400 1769065491.622523546 0
Jan 22 07:04:51 standalone container-server[127956]: 172.20.0.100 - - [22/Jan/2026:07:04:51 +0000] "GET /d1/418/AUTH_975a7ac8986449db81078f63a2865f69/gnocchi.ffb8ba96-ae70-4525-beae-25af116f8c23" 200 2 "GET http://172.18.0.2:8080/v1/AUTH_975a7ac8986449db81078f63a2865f69/gnocchi.ffb8ba96-ae70-4525-beae-25af116f8c23?format=json&states=listing" "tx86bc1e26730c4423b340d-006971cc13" "proxy-server 20" 0.0014 "-" 22 0
Jan 22 07:04:51 standalone proxy-server[130057]: 172.18.0.2 172.18.0.100 22/Jan/2026/07/04/51 GET /v1/AUTH_975a7ac8986449db81078f63a2865f69/gnocchi.ffb8ba96-ae70-4525-beae-25af116f8c23%3Fformat%3Djson%26states%3Dlisting HTTP/1.0 200 - python-swiftclient-3.11.1 gAAAAABpcctgVjjM... - 2 - tx86bc1e26730c4423b340d-006971cc13 - 0.0150 - - 1769065491.616143465 1769065491.631133795 0
Jan 22 07:04:51 standalone object-server[128222]: 172.20.0.100 - - [22/Jan/2026:07:04:51 +0000] "GET /d1/654/AUTH_975a7ac8986449db81078f63a2865f69/gnocchi.4534c422-e6ed-4455-b521-21f6777f9ca3/1769040000.0_mean_300.0_v3" 404 70 "GET http://172.18.0.2:8080/v1/AUTH_975a7ac8986449db81078f63a2865f69/gnocchi.4534c422-e6ed-4455-b521-21f6777f9ca3/1769040000.0_mean_300.0_v3" "tx48a4825e2e814a73b6dd0-006971cc13" "proxy-server 20" 0.0006 "-" 24 0
Jan 22 07:04:51 standalone proxy-server[130057]: 172.18.0.2 172.18.0.100 22/Jan/2026/07/04/51 GET /v1/AUTH_975a7ac8986449db81078f63a2865f69/gnocchi.4534c422-e6ed-4455-b521-21f6777f9ca3/1769040000.0_mean_300.0_v3 HTTP/1.0 404 - python-swiftclient-3.11.1 gAAAAABpcctgVjjM... - 70 - tx48a4825e2e814a73b6dd0-006971cc13 - 0.0081 - - 1769065491.635289192 1769065491.643413544 0
Jan 22 07:04:51 standalone object-server[128216]: 172.20.0.100 - - [22/Jan/2026:07:04:51 +0000] "GET /d1/509/AUTH_975a7ac8986449db81078f63a2865f69/gnocchi.ffb8ba96-ae70-4525-beae-25af116f8c23/1769040000.0_mean_300.0_v3" 404 70 "GET http://172.18.0.2:8080/v1/AUTH_975a7ac8986449db81078f63a2865f69/gnocchi.ffb8ba96-ae70-4525-beae-25af116f8c23/1769040000.0_mean_300.0_v3" "tx30e9f4dc74f9464fa6cfa-006971cc13" "proxy-server 20" 0.0005 "-" 23 0
