Jan 22 06:49:51 standalone account-server[127539]: Starting 2
Jan 22 06:49:51 standalone container-server[127591]: Option allow_versions is deprecated. Configure the versioned_writes middleware in the proxy-server instead. This option will be ignored in a future release.
Jan 22 06:49:51 standalone container-server[127938]: Option allow_versions is deprecated. Configure the versioned_writes middleware in the proxy-server instead. This option will be ignored in a future release.
Jan 22 06:49:51 standalone container-server[127591]: Started child 19 from parent 2
Jan 22 06:49:51 standalone container-server[127942]: Option allow_versions is deprecated. Configure the versioned_writes middleware in the proxy-server instead. This option will be ignored in a future release.
Jan 22 06:49:51 standalone container-server[127591]: Started child 20 from parent 2
Jan 22 06:49:51 standalone container-server[127948]: Option allow_versions is deprecated. Configure the versioned_writes middleware in the proxy-server instead. This option will be ignored in a future release.
Jan 22 06:49:51 standalone container-server[127591]: Started child 21 from parent 2
Jan 22 06:49:51 standalone container-server[127956]: Option allow_versions is deprecated. Configure the versioned_writes middleware in the proxy-server instead. This option will be ignored in a future release.
Jan 22 06:49:51 standalone container-server[127591]: Started child 22 from parent 2
Jan 22 06:49:51 standalone account-server[127702]: Started child 19 from parent 2
Jan 22 06:49:51 standalone account-server[127702]: Started child 21 from parent 2
Jan 22 06:49:51 standalone account-server[127702]: Started child 22 from parent 2
Jan 22 06:49:51 standalone account-server[127702]: Started child 23 from parent 2
Jan 22 06:49:52 standalone container-server[127957]: Starting 2
Jan 22 06:49:52 standalone object-expirer[128040]: Starting 2
Jan 22 06:49:52 standalone object-expirer[128040]: Option auto_create_account_prefix is deprecated. Configure auto_create_account_prefix under the swift-constraints section of swift.conf. This option will be ignored in a future release.
Jan 22 06:49:52 standalone object-server[128080]: Started child 22 from parent 2
Jan 22 06:49:52 standalone object-server[128080]: Started child 23 from parent 2
Jan 22 06:49:52 standalone object-server[128080]: Started child 24 from parent 2
Jan 22 06:49:52 standalone object-server[128080]: Started child 25 from parent 2
Jan 22 06:49:52 standalone object-server[128161]: Starting 2
Jan 22 06:49:55 standalone container-server[127957]: Begin container update sweep
Jan 22 06:49:55 standalone container-server[127957]: Container update sweep completed: 0.00s
Jan 22 06:49:58 standalone proxy-server[129823]: Starting Keystone auth_token middleware
Jan 22 06:49:58 standalone proxy-server[129823]: AuthToken middleware is set with keystone_authtoken.service_token_roles_required set to False. This is backwards compatible but deprecated behaviour. Please set this to True.
Jan 22 06:49:58 standalone proxy-server[130057]: Starting Keystone auth_token middleware
Jan 22 06:49:58 standalone proxy-server[130057]: STDERR: The option "bind_port" is not known to keystonemiddleware
Jan 22 06:49:58 standalone proxy-server[130057]: STDERR: The option "workers" is not known to keystonemiddleware
Jan 22 06:49:58 standalone proxy-server[130057]: STDERR: The option "user" is not known to keystonemiddleware
Jan 22 06:49:58 standalone proxy-server[130057]: STDERR: The option "bind_ip" is not known to keystonemiddleware
Jan 22 06:49:58 standalone proxy-server[130057]: STDERR: The option "log_name" is not known to keystonemiddleware
Jan 22 06:49:58 standalone proxy-server[130057]: STDERR: The option "log_facility" is not known to keystonemiddleware
Jan 22 06:49:58 standalone proxy-server[130057]: STDERR: The option "log_level" is not known to keystonemiddleware
Jan 22 06:49:58 standalone proxy-server[130057]: STDERR: The option "log_headers" is not known to keystonemiddleware
Jan 22 06:49:58 standalone proxy-server[130057]: STDERR: The option "log_address" is not known to keystonemiddleware
Jan 22 06:49:58 standalone proxy-server[130057]: STDERR: The option "project_name" is not known to keystonemiddleware
Jan 22 06:49:58 standalone proxy-server[130057]: STDERR: The option "username" is not known to keystonemiddleware
Jan 22 06:49:58 standalone proxy-server[130057]: STDERR: The option "password" is not known to keystonemiddleware
Jan 22 06:49:58 standalone proxy-server[130057]: STDERR: The option "auth_url" is not known to keystonemiddleware
Jan 22 06:49:58 standalone proxy-server[130057]: STDERR: The option "signing_dir" is not known to keystonemiddleware
Jan 22 06:49:58 standalone proxy-server[130057]: STDERR: The option "project_domain_id" is not known to keystonemiddleware
Jan 22 06:49:58 standalone proxy-server[130057]: STDERR: The option "user_domain_id" is not known to keystonemiddleware
Jan 22 06:49:58 standalone proxy-server[130057]: STDERR: The option "__name__" is not known to keystonemiddleware
Jan 22 06:49:58 standalone proxy-server[130057]: AuthToken middleware is set with keystone_authtoken.service_token_roles_required set to False. This is backwards compatible but deprecated behaviour. Please set this to True.
Jan 22 06:49:58 standalone proxy-server[129823]: Started child 20 from parent 2
Jan 22 06:52:57 standalone account-server[128010]: 172.20.0.100 - - [22/Jan/2026:06:52:57 +0000] "HEAD /d1/571/.expiring_objects" 404 - "HEAD http://localhost/v1/.expiring_objects?format=json" "tx9ec844adb2ea42d6a07b1-006971c949" "proxy-server 2" 0.0018 "-" 23 -
Jan 22 06:52:57 standalone object-expirer[128040]: Pass completed in 0s; 0 objects expired (txn: tx9ec844adb2ea42d6a07b1-006971c949)
Jan 22 06:53:01 standalone account-server[128010]: 172.20.0.100 - - [22/Jan/2026:06:53:01 +0000] "HEAD /d1/571/.expiring_objects" 404 - "HEAD http://localhost/v1/.expiring_objects?format=json" "tx3b7ef68c6a7648b4858d4-006971c94d" "proxy-server 2" 0.0005 "-" 23 -
Jan 22 06:53:01 standalone object-expirer[128040]: Pass completed in 0s; 0 objects expired (txn: tx3b7ef68c6a7648b4858d4-006971c94d)
Jan 22 06:54:35 standalone object-server[128161]: Begin object update sweep
Jan 22 06:54:35 standalone object-server[163115]: Object update sweep starting on /srv/node/d1 (pid: 12)
Jan 22 06:54:35 standalone object-server[163115]: Object update sweep completed on /srv/node/d1 in 0.00s seconds:, 0 successes, 0 failures, 0 quarantines, 0 unlinks, 0 errors, 0 redirects (pid: 12)
Jan 22 06:54:35 standalone object-server[163115]: Object update sweep of d1 completed: 0.00s, 0 successes, 0 failures, 0 quarantines, 0 unlinks, 0 errors, 0 redirects
Jan 22 06:54:35 standalone object-server[128161]: Object update sweep completed: 0.08s
Jan 22 06:54:55 standalone container-server[127957]: Begin container update sweep
Jan 22 06:54:55 standalone container-server[127957]: Container update sweep completed: 0.00s
Jan 22 06:56:59 standalone account-server[127997]: 172.20.0.100 - - [22/Jan/2026:06:56:59 +0000] "HEAD /d1/571/.expiring_objects" 404 - "HEAD http://localhost/v1/.expiring_objects?format=json" "tx447440536c91430e8b3b9-006971ca3b" "proxy-server 2" 0.0009 "-" 21 -
Jan 22 06:56:59 standalone object-expirer[128040]: Pass completed in 0s; 0 objects expired (txn: tx447440536c91430e8b3b9-006971ca3b)
Jan 22 06:59:35 standalone object-server[128161]: Begin object update sweep
Jan 22 06:59:35 standalone object-server[205128]: Object update sweep starting on /srv/node/d1 (pid: 13)
Jan 22 06:59:35 standalone object-server[205128]: Object update sweep completed on /srv/node/d1 in 0.00s seconds:, 0 successes, 0 failures, 0 quarantines, 0 unlinks, 0 errors, 0 redirects (pid: 13)
Jan 22 06:59:35 standalone object-server[205128]: Object update sweep of d1 completed: 0.00s, 0 successes, 0 failures, 0 quarantines, 0 unlinks, 0 errors, 0 redirects
Jan 22 06:59:35 standalone object-server[128161]: Object update sweep completed: 0.09s
Jan 22 06:59:55 standalone container-server[127957]: Begin container update sweep
Jan 22 06:59:55 standalone container-server[127957]: Container update sweep completed: 0.00s
Jan 22 07:01:47 standalone account-server[128010]: 172.20.0.100 - - [22/Jan/2026:07:01:47 +0000] "HEAD /d1/571/.expiring_objects" 404 - "HEAD http://localhost/v1/.expiring_objects?format=json" "tx9bfb4aea133c45128d232-006971cb5b" "proxy-server 2" 0.0007 "-" 23 -
Jan 22 07:01:47 standalone object-expirer[128040]: Pass completed in 0s; 0 objects expired (txn: tx9bfb4aea133c45128d232-006971cb5b)
Jan 22 07:01:52 standalone account-server[128007]: 172.20.0.100 - - [22/Jan/2026:07:01:52 +0000] "HEAD /d1/424/AUTH_975a7ac8986449db81078f63a2865f69" 404 - "HEAD http://172.18.0.2:8080/v1/AUTH_975a7ac8986449db81078f63a2865f69?format=json" "tx15e57aa1edd04d6491dd8-006971cb60" "proxy-server 20" 0.0010 "-" 22 -
Jan 22 07:01:52 standalone proxy-server[130057]: - - 22/Jan/2026/07/01/52 HEAD /v1/AUTH_975a7ac8986449db81078f63a2865f69%3Fformat%3Djson HTTP/1.0 200 - Swift - - - - tx15e57aa1edd04d6491dd8-006971cb60 - 0.0069 RL - 1769065312.606994390 1769065312.613940001 -
Jan 22 07:01:52 standalone object-server[128222]: 172.20.0.100 - - [22/Jan/2026:07:01:52 +0000] "GET /d1/177/AUTH_975a7ac8986449db81078f63a2865f69/gnocchi.2855310c-30cc-4838-8a01-5f4e36b9e626/none_v3" 404 70 "GET http://172.18.0.2:8080/v1/AUTH_975a7ac8986449db81078f63a2865f69/gnocchi.2855310c-30cc-4838-8a01-5f4e36b9e626/none_v3" "tx15e57aa1edd04d6491dd8-006971cb60" "proxy-server 20" 0.0014 "-" 24 0
Jan 22 07:01:52 standalone proxy-server[130057]: 172.18.0.2 172.18.0.100 22/Jan/2026/07/01/52 GET /v1/AUTH_975a7ac8986449db81078f63a2865f69/gnocchi.2855310c-30cc-4838-8a01-5f4e36b9e626/none_v3 HTTP/1.0 404 - python-swiftclient-3.11.1 gAAAAABpcctgVjjM... - 70 - tx15e57aa1edd04d6491dd8-006971cb60 - 0.3812 - - 1769065312.603019714 1769065312.984216213 0
Jan 22 07:01:53 standalone account-server[128010]: 172.20.0.100 - - [22/Jan/2026:07:01:53 +0000] "PUT /d1/424/AUTH_975a7ac8986449db81078f63a2865f69" 201 - "-" "tx988e238a3bb344dfa390f-006971cb60" "-" 0.0127 "-" 23 -
Jan 22 07:01:53 standalone proxy-server[130057]: autocreate account '/AUTH_975a7ac8986449db81078f63a2865f69' (txn: tx988e238a3bb344dfa390f-006971cb60)
Jan 22 07:01:53 standalone account-server[127993]: 172.20.0.100 - - [22/Jan/2026:07:01:53 +0000] "HEAD /d1/424/AUTH_975a7ac8986449db81078f63a2865f69" 204 - "HEAD http://172.18.0.2:8080/v1/AUTH_975a7ac8986449db81078f63a2865f69?format=json" "tx988e238a3bb344dfa390f-006971cb60" "proxy-server 20" 0.0019 "-" 19 -
Jan 22 07:01:53 standalone account-server[128010]: 172.20.0.100 - - [22/Jan/2026:07:01:53 +0000] "PUT /d1/424/AUTH_975a7ac8986449db81078f63a2865f69/gnocchi.2855310c-30cc-4838-8a01-5f4e36b9e626" 201 - "PUT http://172.20.0.100:6001/d1/855/AUTH_975a7ac8986449db81078f63a2865f69/gnocchi.2855310c-30cc-4838-8a01-5f4e36b9e626" "tx988e238a3bb344dfa390f-006971cb60" "container-server 21" 0.0009 "-" 23 0
Jan 22 07:01:53 standalone container-server[127948]: 172.20.0.100 - - [22/Jan/2026:07:01:53 +0000] "PUT /d1/855/AUTH_975a7ac8986449db81078f63a2865f69/gnocchi.2855310c-30cc-4838-8a01-5f4e36b9e626" 201 - "PUT http://172.18.0.2:8080/v1/AUTH_975a7ac8986449db81078f63a2865f69/gnocchi.2855310c-30cc-4838-8a01-5f4e36b9e626" "tx988e238a3bb344dfa390f-006971cb60" "proxy-server 20" 0.0101 "-" 21 0
Jan 22 07:01:53 standalone proxy-server[130057]: 172.18.0.2 172.18.0.100 22/Jan/2026/07/01/53 PUT /v1/AUTH_975a7ac8986449db81078f63a2865f69/gnocchi.2855310c-30cc-4838-8a01-5f4e36b9e626 HTTP/1.0 201 - python-swiftclient-3.11.1 gAAAAABpcctgVjjM... - - - tx988e238a3bb344dfa390f-006971cb60 - 0.0385 - - 1769065312.989059925 1769065313.027572632 0
Jan 22 07:01:53 standalone container-server[127948]: 172.20.0.100 - - [22/Jan/2026:07:01:53 +0000] "HEAD /d1/855/AUTH_975a7ac8986449db81078f63a2865f69/gnocchi.2855310c-30cc-4838-8a01-5f4e36b9e626" 204 - "HEAD http://172.18.0.2:8080/v1/AUTH_975a7ac8986449db81078f63a2865f69/gnocchi.2855310c-30cc-4838-8a01-5f4e36b9e626?format=json&states=listing" "txd73569460fda42e4913f7-006971cb61" "proxy-server 20" 0.0010 "-" 21 0
Jan 22 07:01:53 standalone proxy-server[130057]: - - 22/Jan/2026/07/01/53 HEAD /v1/AUTH_975a7ac8986449db81078f63a2865f69/gnocchi.2855310c-30cc-4838-8a01-5f4e36b9e626%3Fformat%3Djson%26states%3Dlisting HTTP/1.0 204 - Swift - - - - txd73569460fda42e4913f7-006971cb61 - 0.0043 RL - 1769065313.032519817 1769065313.036842346 0
Jan 22 07:01:53 standalone container-server[127938]: 172.20.0.100 - - [22/Jan/2026:07:01:53 +0000] "GET /d1/855/AUTH_975a7ac8986449db81078f63a2865f69/gnocchi.2855310c-30cc-4838-8a01-5f4e36b9e626" 200 2 "GET http://172.18.0.2:8080/v1/AUTH_975a7ac8986449db81078f63a2865f69/gnocchi.2855310c-30cc-4838-8a01-5f4e36b9e626?format=json&states=listing" "txd73569460fda42e4913f7-006971cb61" "proxy-server 20" 0.0037 "-" 19 0
Jan 22 07:01:53 standalone proxy-server[130057]: 172.18.0.2 172.18.0.100 22/Jan/2026/07/01/53 GET /v1/AUTH_975a7ac8986449db81078f63a2865f69/gnocchi.2855310c-30cc-4838-8a01-5f4e36b9e626%3Fformat%3Djson%26states%3Dlisting HTTP/1.0 200 - python-swiftclient-3.11.1 gAAAAABpcctgVjjM... - 2 - txd73569460fda42e4913f7-006971cb61 - 0.0183 - - 1769065313.031043053 1769065313.049382448 0
Jan 22 07:01:53 standalone object-server[128216]: 172.20.0.100 - - [22/Jan/2026:07:01:53 +0000] "GET /d1/380/AUTH_975a7ac8986449db81078f63a2865f69/gnocchi.2855310c-30cc-4838-8a01-5f4e36b9e626/1769040000.0_mean_300.0_v3" 404 70 "GET http://172.18.0.2:8080/v1/AUTH_975a7ac8986449db81078f63a2865f69/gnocchi.2855310c-30cc-4838-8a01-5f4e36b9e626/1769040000.0_mean_300.0_v3" "tx87ea8f57e3ec43ecb4811-006971cb61" "proxy-server 20" 0.0015 "-" 23 0
Jan 22 07:01:53 standalone proxy-server[130057]: 172.18.0.2 172.18.0.100 22/Jan/2026/07/01/53 GET /v1/AUTH_975a7ac8986449db81078f63a2865f69/gnocchi.2855310c-30cc-4838-8a01-5f4e36b9e626/1769040000.0_mean_300.0_v3 HTTP/1.0 404 - python-swiftclient-3.11.1 gAAAAABpcctgVjjM... - 70 - tx87ea8f57e3ec43ecb4811-006971cb61 - 0.0098 - - 1769065313.052980185 1769065313.062771797 0
Jan 22 07:01:53 standalone container-server[127956]: 172.20.0.100 - - [22/Jan/2026:07:01:53 +0000] "PUT /d1/855/AUTH_975a7ac8986449db81078f63a2865f69/gnocchi.2855310c-30cc-4838-8a01-5f4e36b9e626/1769040000.0_mean_300.0_v3" 201 - "PUT http://172.18.0.2:8080/d1/380/AUTH_975a7ac8986449db81078f63a2865f69/gnocchi.2855310c-30cc-4838-8a01-5f4e36b9e626/1769040000.0_mean_300.0_v3" "tx3c052b24df2e4298af479-006971cb61" "object-server 23" 0.0018 "-" 22 0
Jan 22 07:01:53 standalone object-server[128216]: 172.20.0.100 - - [22/Jan/2026:07:01:53 +0000] "PUT /d1/380/AUTH_975a7ac8986449db81078f63a2865f69/gnocchi.2855310c-30cc-4838-8a01-5f4e36b9e626/1769040000.0_mean_300.0_v3" 201 - "PUT http://172.18.0.2:8080/v1/AUTH_975a7ac8986449db81078f63a2865f69/gnocchi.2855310c-30cc-4838-8a01-5f4e36b9e626/1769040000.0_mean_300.0_v3" "tx3c052b24df2e4298af479-006971cb61" "proxy-server 20" 0.0356 "-" 23 0
Jan 22 07:01:53 standalone proxy-server[130057]: 172.18.0.2 172.18.0.100 22/Jan/2026/07/01/53 PUT /v1/AUTH_975a7ac8986449db81078f63a2865f69/gnocchi.2855310c-30cc-4838-8a01-5f4e36b9e626/1769040000.0_mean_300.0_v3 HTTP/1.0 201 - python-swiftclient-3.11.1 gAAAAABpcctgVjjM... 16 - - tx3c052b24df2e4298af479-006971cb61 - 0.0448 - - 1769065313.068240404 1769065313.113045931 0
Jan 22 07:01:53 standalone container-server[127956]: 172.20.0.100 - - [22/Jan/2026:07:01:53 +0000] "PUT /d1/855/AUTH_975a7ac8986449db81078f63a2865f69/gnocchi.2855310c-30cc-4838-8a01-5f4e36b9e626/none_v3" 201 - "PUT http://172.18.0.2:8080/d1/177/AUTH_975a7ac8986449db81078f63a2865f69/gnocchi.2855310c-30cc-4838-8a01-5f4e36b9e626/none_v3" "tx28650eee78d44a239c098-006971cb61" "object-server 24" 0.0008 "-" 22 0
Jan 22 07:01:53 standalone object-server[128222]: 172.20.0.100 - - [22/Jan/2026:07:01:53 +0000] "PUT /d1/177/AUTH_975a7ac8986449db81078f63a2865f69/gnocchi.2855310c-30cc-4838-8a01-5f4e36b9e626/none_v3" 201 - "PUT http://172.18.0.2:8080/v1/AUTH_975a7ac8986449db81078f63a2865f69/gnocchi.2855310c-30cc-4838-8a01-5f4e36b9e626/none_v3" "tx28650eee78d44a239c098-006971cb61" "proxy-server 20" 0.0275 "-" 24 0
Jan 22 07:01:53 standalone proxy-server[130057]: 172.18.0.2 172.18.0.100 22/Jan/2026/07/01/53 PUT /v1/AUTH_975a7ac8986449db81078f63a2865f69/gnocchi.2855310c-30cc-4838-8a01-5f4e36b9e626/none_v3 HTTP/1.0 201 - python-swiftclient-3.11.1 gAAAAABpcctgVjjM... 22 - - tx28650eee78d44a239c098-006971cb61 - 0.0352 - - 1769065313.117781401 1769065313.152949095 0
Jan 22 07:02:22 standalone object-server[128214]: 172.20.0.100 - - [22/Jan/2026:07:02:22 +0000] "GET /d1/177/AUTH_975a7ac8986449db81078f63a2865f69/gnocchi.2855310c-30cc-4838-8a01-5f4e36b9e626/none_v3" 200 22 "GET http://172.18.0.2:8080/v1/AUTH_975a7ac8986449db81078f63a2865f69/gnocchi.2855310c-30cc-4838-8a01-5f4e36b9e626/none_v3" "tx127bffe03d194c939c4ea-006971cb7e" "proxy-server 20" 0.0023 "-" 22 0
Jan 22 07:02:22 standalone proxy-server[130057]: 172.18.0.2 172.18.0.100 22/Jan/2026/07/02/22 GET /v1/AUTH_975a7ac8986449db81078f63a2865f69/gnocchi.2855310c-30cc-4838-8a01-5f4e36b9e626/none_v3 HTTP/1.0 200 - python-swiftclient-3.11.1 gAAAAABpcctgVjjM... - 22 - tx127bffe03d194c939c4ea-006971cb7e - 0.0197 - - 1769065342.314457893 1769065342.334123611 0
Jan 22 07:02:22 standalone container-server[127948]: 172.20.0.100 - - [22/Jan/2026:07:02:22 +0000] "GET /d1/855/AUTH_975a7ac8986449db81078f63a2865f69/gnocchi.2855310c-30cc-4838-8a01-5f4e36b9e626" 200 357 "GET http://172.18.0.2:8080/v1/AUTH_975a7ac8986449db81078f63a2865f69/gnocchi.2855310c-30cc-4838-8a01-5f4e36b9e626?format=json&states=listing" "tx2e3284c0defb40719f47b-006971cb7e" "proxy-server 20" 0.0212 "-" 21 0
Jan 22 07:02:22 standalone proxy-server[130057]: 172.18.0.2 172.18.0.100 22/Jan/2026/07/02/22 GET /v1/AUTH_975a7ac8986449db81078f63a2865f69/gnocchi.2855310c-30cc-4838-8a01-5f4e36b9e626%3Fformat%3Djson%26states%3Dlisting HTTP/1.0 200 - python-swiftclient-3.11.1 gAAAAABpcctgVjjM... - 357 - tx2e3284c0defb40719f47b-006971cb7e - 0.0332 - - 1769065342.339863777 1769065342.373026371 0
Jan 22 07:02:22 standalone container-server[127942]: 172.20.0.100 - - [22/Jan/2026:07:02:22 +0000] "GET /d1/855/AUTH_975a7ac8986449db81078f63a2865f69/gnocchi.2855310c-30cc-4838-8a01-5f4e36b9e626" 200 2 "GET http://172.18.0.2:8080/v1/AUTH_975a7ac8986449db81078f63a2865f69/gnocchi.2855310c-30cc-4838-8a01-5f4e36b9e626?format=json&marker=none_v3&states=listing" "txf8d3b214bddc4b9095752-006971cb7e" "proxy-server 20" 0.0062 "-" 20 0
Jan 22 07:02:22 standalone proxy-server[130057]: 172.18.0.2 172.18.0.100 22/Jan/2026/07/02/22 GET /v1/AUTH_975a7ac8986449db81078f63a2865f69/gnocchi.2855310c-30cc-4838-8a01-5f4e36b9e626%3Fformat%3Djson%26marker%3Dnone_v3%26states%3Dlisting HTTP/1.0 200 - python-swiftclient-3.11.1 gAAAAABpcctgVjjM... - 2 - txf8d3b214bddc4b9095752-006971cb7e - 0.0168 - - 1769065342.377905130 1769065342.394701719 0
Jan 22 07:02:22 standalone object-server[128214]: 172.20.0.100 - - [22/Jan/2026:07:02:22 +0000] "GET /d1/380/AUTH_975a7ac8986449db81078f63a2865f69/gnocchi.2855310c-30cc-4838-8a01-5f4e36b9e626/1769040000.0_mean_300.0_v3" 200 16 "GET http://172.18.0.2:8080/v1/AUTH_975a7ac8986449db81078f63a2865f69/gnocchi.2855310c-30cc-4838-8a01-5f4e36b9e626/1769040000.0_mean_300.0_v3" "tx796bf690ff0b4e1d83398-006971cb7e" "proxy-server 20" 0.0014 "-" 22 0
Jan 22 07:02:22 standalone proxy-server[130057]: 172.18.0.2 172.18.0.100 22/Jan/2026/07/02/22 GET /v1/AUTH_975a7ac8986449db81078f63a2865f69/gnocchi.2855310c-30cc-4838-8a01-5f4e36b9e626/1769040000.0_mean_300.0_v3 HTTP/1.0 200 - python-swiftclient-3.11.1 gAAAAABpcctgVjjM... - 16 - tx796bf690ff0b4e1d83398-006971cb7e - 0.0117 - - 1769065342.399596214 1769065342.411274672 0
Jan 22 07:02:22 standalone container-server[127956]: 172.20.0.100 - - [22/Jan/2026:07:02:22 +0000] "PUT /d1/855/AUTH_975a7ac8986449db81078f63a2865f69/gnocchi.2855310c-30cc-4838-8a01-5f4e36b9e626/1769040000.0_mean_300.0_v3" 201 - "PUT http://172.18.0.2:8080/d1/380/AUTH_975a7ac8986449db81078f63a2865f69/gnocchi.2855310c-30cc-4838-8a01-5f4e36b9e626/1769040000.0_mean_300.0_v3" "txc8e32314e55145ba9d356-006971cb7e" "object-server 22" 0.0007 "-" 22 0
Jan 22 07:02:22 standalone object-server[128214]: 172.20.0.100 - - [22/Jan/2026:07:02:22 +0000] "PUT /d1/380/AUTH_975a7ac8986449db81078f63a2865f69/gnocchi.2855310c-30cc-4838-8a01-5f4e36b9e626/1769040000.0_mean_300.0_v3" 201 - "PUT http://172.18.0.2:8080/v1/AUTH_975a7ac8986449db81078f63a2865f69/gnocchi.2855310c-30cc-4838-8a01-5f4e36b9e626/1769040000.0_mean_300.0_v3" "txc8e32314e55145ba9d356-006971cb7e" "proxy-server 20" 0.0297 "-" 22 0
Jan 22 07:02:22 standalone proxy-server[130057]: 172.18.0.2 172.18.0.100 22/Jan/2026/07/02/22 PUT /v1/AUTH_975a7ac8986449db81078f63a2865f69/gnocchi.2855310c-30cc-4838-8a01-5f4e36b9e626/1769040000.0_mean_300.0_v3 HTTP/1.0 201 - python-swiftclient-3.11.1 gAAAAABpcctgVjjM... 16 - - txc8e32314e55145ba9d356-006971cb7e - 0.0377 - - 1769065342.415209770 1769065342.452942371 0
Jan 22 07:02:22 standalone container-server[127948]: 172.20.0.100 - - [22/Jan/2026:07:02:22 +0000] "PUT /d1/855/AUTH_975a7ac8986449db81078f63a2865f69/gnocchi.2855310c-30cc-4838-8a01-5f4e36b9e626/none_v3" 201 - "PUT http://172.18.0.2:8080/d1/177/AUTH_975a7ac8986449db81078f63a2865f69/gnocchi.2855310c-30cc-4838-8a01-5f4e36b9e626/none_v3" "txdb82b82a756f47e79f35e-006971cb7e" "object-server 25" 0.0009 "-" 21 0
Jan 22 07:02:22 standalone object-server[128227]: 172.20.0.100 - - [22/Jan/2026:07:02:22 +0000] "PUT /d1/177/AUTH_975a7ac8986449db81078f63a2865f69/gnocchi.2855310c-30cc-4838-8a01-5f4e36b9e626/none_v3" 201 - "PUT http://172.18.0.2:8080/v1/AUTH_975a7ac8986449db81078f63a2865f69/gnocchi.2855310c-30cc-4838-8a01-5f4e36b9e626/none_v3" "txdb82b82a756f47e79f35e-006971cb7e" "proxy-server 20" 0.0285 "-" 25 0
Jan 22 07:02:22 standalone proxy-server[130057]: 172.18.0.2 172.18.0.100 22/Jan/2026/07/02/22 PUT /v1/AUTH_975a7ac8986449db81078f63a2865f69/gnocchi.2855310c-30cc-4838-8a01-5f4e36b9e626/none_v3 HTTP/1.0 201 - python-swiftclient-3.11.1 gAAAAABpcctgVjjM... 32 - - txdb82b82a756f47e79f35e-006971cb7e - 0.0367 - - 1769065342.456814051 1769065342.493539572 0
Jan 22 07:02:51 standalone container-server[127942]: 172.20.0.100 - - [22/Jan/2026:07:02:51 +0000] "HEAD /d1/923/AUTH_975a7ac8986449db81078f63a2865f69/gnocchi.4e5f54c8-33cc-4378-8913-55bef5656d2a" 404 - "HEAD http://172.18.0.2:8080/v1/AUTH_975a7ac8986449db81078f63a2865f69/gnocchi.4e5f54c8-33cc-4378-8913-55bef5656d2a?format=json&states=listing" "tx8eea525e8c5747cb8af57-006971cb9b" "proxy-server 20" 0.0009 "-" 20 0
Jan 22 07:02:51 standalone object-server[128227]: 172.20.0.100 - - [22/Jan/2026:07:02:51 +0000] "GET /d1/536/AUTH_975a7ac8986449db81078f63a2865f69/gnocchi.4e5f54c8-33cc-4378-8913-55bef5656d2a/none_v3" 404 70 "GET http://172.18.0.2:8080/v1/AUTH_975a7ac8986449db81078f63a2865f69/gnocchi.4e5f54c8-33cc-4378-8913-55bef5656d2a/none_v3" "tx8eea525e8c5747cb8af57-006971cb9b" "proxy-server 20" 0.0007 "-" 25 0
Jan 22 07:02:51 standalone proxy-server[130057]: 172.18.0.2 172.18.0.100 22/Jan/2026/07/02/51 GET /v1/AUTH_975a7ac8986449db81078f63a2865f69/gnocchi.4e5f54c8-33cc-4378-8913-55bef5656d2a/none_v3 HTTP/1.0 404 - python-swiftclient-3.11.1 gAAAAABpcctgVjjM... - 70 - tx8eea525e8c5747cb8af57-006971cb9b - 0.0153 - - 1769065371.433694601 1769065371.448970795 0
Jan 22 07:02:51 standalone account-server[127993]: 172.20.0.100 - - [22/Jan/2026:07:02:51 +0000] "PUT /d1/424/AUTH_975a7ac8986449db81078f63a2865f69/gnocchi.4e5f54c8-33cc-4378-8913-55bef5656d2a" 201 - "PUT http://172.20.0.100:6001/d1/923/AUTH_975a7ac8986449db81078f63a2865f69/gnocchi.4e5f54c8-33cc-4378-8913-55bef5656d2a" "tx85f14204c0e146f690b99-006971cb9b" "container-server 21" 0.0078 "-" 19 0
Jan 22 07:02:51 standalone container-server[127948]: 172.20.0.100 - - [22/Jan/2026:07:02:51 +0000] "PUT /d1/923/AUTH_975a7ac8986449db81078f63a2865f69/gnocchi.4e5f54c8-33cc-4378-8913-55bef5656d2a" 201 - "PUT http://172.18.0.2:8080/v1/AUTH_975a7ac8986449db81078f63a2865f69/gnocchi.4e5f54c8-33cc-4378-8913-55bef5656d2a" "tx85f14204c0e146f690b99-006971cb9b" "proxy-server 20" 0.0228 "-" 21 0
Jan 22 07:02:51 standalone proxy-server[130057]: 172.18.0.2 172.18.0.100 22/Jan/2026/07/02/51 PUT /v1/AUTH_975a7ac8986449db81078f63a2865f69/gnocchi.4e5f54c8-33cc-4378-8913-55bef5656d2a HTTP/1.0 201 - python-swiftclient-3.11.1 gAAAAABpcctgVjjM... - - - tx85f14204c0e146f690b99-006971cb9b - 0.0319 - - 1769065371.453314543 1769065371.485251427 0
Jan 22 07:02:51 standalone container-server[127956]: 172.20.0.100 - - [22/Jan/2026:07:02:51 +0000] "HEAD /d1/923/AUTH_975a7ac8986449db81078f63a2865f69/gnocchi.4e5f54c8-33cc-4378-8913-55bef5656d2a" 204 - "HEAD http://172.18.0.2:8080/v1/AUTH_975a7ac8986449db81078f63a2865f69/gnocchi.4e5f54c8-33cc-4378-8913-55bef5656d2a?format=json&states=listing" "tx9723bd5171e4445f8daed-006971cb9b" "proxy-server 20" 0.0036 "-" 22 0
Jan 22 07:02:51 standalone proxy-server[130057]: - - 22/Jan/2026/07/02/51 HEAD /v1/AUTH_975a7ac8986449db81078f63a2865f69/gnocchi.4e5f54c8-33cc-4378-8913-55bef5656d2a%3Fformat%3Djson%26states%3Dlisting HTTP/1.0 204 - Swift - - - - tx9723bd5171e4445f8daed-006971cb9b - 0.0098 RL - 1769065371.493518114 1769065371.503276348 0
Jan 22 07:02:51 standalone container-server[127948]: 172.20.0.100 - - [22/Jan/2026:07:02:51 +0000] "GET /d1/923/AUTH_975a7ac8986449db81078f63a2865f69/gnocchi.4e5f54c8-33cc-4378-8913-55bef5656d2a" 200 2 "GET http://172.18.0.2:8080/v1/AUTH_975a7ac8986449db81078f63a2865f69/gnocchi.4e5f54c8-33cc-4378-8913-55bef5656d2a?format=json&states=listing" "tx9723bd5171e4445f8daed-006971cb9b" "proxy-server 20" 0.0039 "-" 21 0
Jan 22 07:02:51 standalone proxy-server[130057]: 172.18.0.2 172.18.0.100 22/Jan/2026/07/02/51 GET /v1/AUTH_975a7ac8986449db81078f63a2865f69/gnocchi.4e5f54c8-33cc-4378-8913-55bef5656d2a%3Fformat%3Djson%26states%3Dlisting HTTP/1.0 200 - python-swiftclient-3.11.1 gAAAAABpcctgVjjM... - 2 - tx9723bd5171e4445f8daed-006971cb9b - 0.0285 - - 1769065371.491940498 1769065371.520460844 0
Jan 22 07:02:51 standalone object-server[128222]: 172.20.0.100 - - [22/Jan/2026:07:02:51 +0000] "GET /d1/339/AUTH_975a7ac8986449db81078f63a2865f69/gnocchi.4e5f54c8-33cc-4378-8913-55bef5656d2a/1769040000.0_mean_300.0_v3" 404 70 "GET http://172.18.0.2:8080/v1/AUTH_975a7ac8986449db81078f63a2865f69/gnocchi.4e5f54c8-33cc-4378-8913-55bef5656d2a/1769040000.0_mean_300.0_v3" "txf64740798ff34003ad1b4-006971cb9b" "proxy-server 20" 0.0004 "-" 24 0
Jan 22 07:02:51 standalone proxy-server[130057]: 172.18.0.2 172.18.0.100 22/Jan/2026/07/02/51 GET /v1/AUTH_975a7ac8986449db81078f63a2865f69/gnocchi.4e5f54c8-33cc-4378-8913-55bef5656d2a/1769040000.0_mean_300.0_v3 HTTP/1.0 404 - python-swiftclient-3.11.1 gAAAAABpcctgVjjM... - 70 - txf64740798ff34003ad1b4-006971cb9b - 0.0069 - - 1769065371.525856972 1769065371.532751799 0
Jan 22 07:02:51 standalone container-server[127956]: 172.20.0.100 - - [22/Jan/2026:07:02:51 +0000] "PUT /d1/923/AUTH_975a7ac8986449db81078f63a2865f69/gnocchi.4e5f54c8-33cc-4378-8913-55bef5656d2a/1769040000.0_mean_300.0_v3" 201 - "PUT http://172.18.0.2:8080/d1/339/AUTH_975a7ac8986449db81078f63a2865f69/gnocchi.4e5f54c8-33cc-4378-8913-55bef5656d2a/1769040000.0_mean_300.0_v3" "tx268514f900f142fe8f333-006971cb9b" "object-server 24" 0.0009 "-" 22 0
Jan 22 07:02:51 standalone object-server[128222]: 172.20.0.100 - - [22/Jan/2026:07:02:51 +0000] "PUT /d1/339/AUTH_975a7ac8986449db81078f63a2865f69/gnocchi.4e5f54c8-33cc-4378-8913-55bef5656d2a/1769040000.0_mean_300.0_v3" 201 - "PUT http://172.18.0.2:8080/v1/AUTH_975a7ac8986449db81078f63a2865f69/gnocchi.4e5f54c8-33cc-4378-8913-55bef5656d2a/1769040000.0_mean_300.0_v3" "tx268514f900f142fe8f333-006971cb9b" "proxy-server 20" 0.0311 "-" 24 0
Jan 22 07:02:51 standalone proxy-server[130057]: 172.18.0.2 172.18.0.100 22/Jan/2026/07/02/51 PUT /v1/AUTH_975a7ac8986449db81078f63a2865f69/gnocchi.4e5f54c8-33cc-4378-8913-55bef5656d2a/1769040000.0_mean_300.0_v3 HTTP/1.0 201 - python-swiftclient-3.11.1 gAAAAABpcctgVjjM... 16 - - tx268514f900f142fe8f333-006971cb9b - 0.0375 - - 1769065371.541225433 1769065371.578694344 0
Jan 22 07:02:51 standalone container-server[127948]: 172.20.0.100 - - [22/Jan/2026:07:02:51 +0000] "PUT /d1/923/AUTH_975a7ac8986449db81078f63a2865f69/gnocchi.4e5f54c8-33cc-4378-8913-55bef5656d2a/none_v3" 201 - "PUT http://172.18.0.2:8080/d1/536/AUTH_975a7ac8986449db81078f63a2865f69/gnocchi.4e5f54c8-33cc-4378-8913-55bef5656d2a/none_v3" "txc08602eb2405481a88e10-006971cb9b" "object-server 24" 0.0011 "-" 21 0
Jan 22 07:02:51 standalone object-server[128222]: 172.20.0.100 - - [22/Jan/2026:07:02:51 +0000] "PUT /d1/536/AUTH_975a7ac8986449db81078f63a2865f69/gnocchi.4e5f54c8-33cc-4378-8913-55bef5656d2a/none_v3" 201 - "PUT http://172.18.0.2:8080/v1/AUTH_975a7ac8986449db81078f63a2865f69/gnocchi.4e5f54c8-33cc-4378-8913-55bef5656d2a/none_v3" "txc08602eb2405481a88e10-006971cb9b" "proxy-server 20" 0.0377 "-" 24 0
Jan 22 07:02:51 standalone proxy-server[130057]: 172.18.0.2 172.18.0.100 22/Jan/2026/07/02/51 PUT /v1/AUTH_975a7ac8986449db81078f63a2865f69/gnocchi.4e5f54c8-33cc-4378-8913-55bef5656d2a/none_v3 HTTP/1.0 201 - python-swiftclient-3.11.1 gAAAAABpcctgVjjM... 22 - - txc08602eb2405481a88e10-006971cb9b - 0.0431 - - 1769065371.594344139 1769065371.637477160 0
Jan 22 07:02:51 standalone container-server[127956]: 172.20.0.100 - - [22/Jan/2026:07:02:51 +0000] "HEAD /d1/794/AUTH_975a7ac8986449db81078f63a2865f69/gnocchi.dda06d8b-15f6-4334-887e-69732262f5be" 404 - "HEAD http://172.18.0.2:8080/v1/AUTH_975a7ac8986449db81078f63a2865f69/gnocchi.dda06d8b-15f6-4334-887e-69732262f5be?format=json&states=listing" "tx0a76affbcc8b498e93b71-006971cb9b" "proxy-server 20" 0.0003 "-" 22 0
Jan 22 07:02:51 standalone object-server[128216]: 172.20.0.100 - - [22/Jan/2026:07:02:51 +0000] "GET /d1/366/AUTH_975a7ac8986449db81078f63a2865f69/gnocchi.dda06d8b-15f6-4334-887e-69732262f5be/none_v3" 404 70 "GET http://172.18.0.2:8080/v1/AUTH_975a7ac8986449db81078f63a2865f69/gnocchi.dda06d8b-15f6-4334-887e-69732262f5be/none_v3" "tx0a76affbcc8b498e93b71-006971cb9b" "proxy-server 20" 0.0005 "-" 23 0
Jan 22 07:02:51 standalone proxy-server[130057]: 172.18.0.2 172.18.0.100 22/Jan/2026/07/02/51 GET /v1/AUTH_975a7ac8986449db81078f63a2865f69/gnocchi.dda06d8b-15f6-4334-887e-69732262f5be/none_v3 HTTP/1.0 404 - python-swiftclient-3.11.1 gAAAAABpcctgVjjM... - 70 - tx0a76affbcc8b498e93b71-006971cb9b - 0.0143 - - 1769065371.652067900 1769065371.666405678 0
Jan 22 07:02:51 standalone account-server[127993]: 172.20.0.100 - - [22/Jan/2026:07:02:51 +0000] "PUT /d1/424/AUTH_975a7ac8986449db81078f63a2865f69/gnocchi.dda06d8b-15f6-4334-887e-69732262f5be" 201 - "PUT http://172.20.0.100:6001/d1/794/AUTH_975a7ac8986449db81078f63a2865f69/gnocchi.dda06d8b-15f6-4334-887e-69732262f5be" "txb79ef87c112e47289b0d7-006971cb9b" "container-server 20" 0.0277 "-" 19 0
Jan 22 07:02:51 standalone container-server[127942]: 172.20.0.100 - - [22/Jan/2026:07:02:51 +0000] "PUT /d1/794/AUTH_975a7ac8986449db81078f63a2865f69/gnocchi.dda06d8b-15f6-4334-887e-69732262f5be" 201 - "PUT http://172.18.0.2:8080/v1/AUTH_975a7ac8986449db81078f63a2865f69/gnocchi.dda06d8b-15f6-4334-887e-69732262f5be" "txb79ef87c112e47289b0d7-006971cb9b" "proxy-server 20" 0.0610 "-" 20 0
Jan 22 07:02:51 standalone proxy-server[130057]: 172.18.0.2 172.18.0.100 22/Jan/2026/07/02/51 PUT /v1/AUTH_975a7ac8986449db81078f63a2865f69/gnocchi.dda06d8b-15f6-4334-887e-69732262f5be HTTP/1.0 201 - python-swiftclient-3.11.1 gAAAAABpcctgVjjM... - - - txb79ef87c112e47289b0d7-006971cb9b - 0.0685 - - 1769065371.674428463 1769065371.742962122 0
Jan 22 07:02:51 standalone container-server[127956]: 172.20.0.100 - - [22/Jan/2026:07:02:51 +0000] "HEAD /d1/794/AUTH_975a7ac8986449db81078f63a2865f69/gnocchi.dda06d8b-15f6-4334-887e-69732262f5be" 204 - "HEAD http://172.18.0.2:8080/v1/AUTH_975a7ac8986449db81078f63a2865f69/gnocchi.dda06d8b-15f6-4334-887e-69732262f5be?format=json&states=listing" "tx95e906c596b747b8b36b2-006971cb9b" "proxy-server 20" 0.0022 "-" 22 0
Jan 22 07:02:51 standalone proxy-server[130057]: - - 22/Jan/2026/07/02/51 HEAD /v1/AUTH_975a7ac8986449db81078f63a2865f69/gnocchi.dda06d8b-15f6-4334-887e-69732262f5be%3Fformat%3Djson%26states%3Dlisting HTTP/1.0 204 - Swift - - - - tx95e906c596b747b8b36b2-006971cb9b - 0.0070 RL - 1769065371.751738071 1769065371.758787155 0
Jan 22 07:02:51 standalone container-server[127956]: 172.20.0.100 - - [22/Jan/2026:07:02:51 +0000] "GET /d1/794/AUTH_975a7ac8986449db81078f63a2865f69/gnocchi.dda06d8b-15f6-4334-887e-69732262f5be" 200 2 "GET http://172.18.0.2:8080/v1/AUTH_975a7ac8986449db81078f63a2865f69/gnocchi.dda06d8b-15f6-4334-887e-69732262f5be?format=json&states=listing" "tx95e906c596b747b8b36b2-006971cb9b" "proxy-server 20" 0.0034 "-" 22 0
Jan 22 07:02:51 standalone proxy-server[130057]: 172.18.0.2 172.18.0.100 22/Jan/2026/07/02/51 GET /v1/AUTH_975a7ac8986449db81078f63a2865f69/gnocchi.dda06d8b-15f6-4334-887e-69732262f5be%3Fformat%3Djson%26states%3Dlisting HTTP/1.0 200 - python-swiftclient-3.11.1 gAAAAABpcctgVjjM... - 2 - tx95e906c596b747b8b36b2-006971cb9b - 0.0207 - - 1769065371.749686480 1769065371.770409584 0
Jan 22 07:02:51 standalone object-server[128216]: 172.20.0.100 - - [22/Jan/2026:07:02:51 +0000] "GET /d1/517/AUTH_975a7ac8986449db81078f63a2865f69/gnocchi.dda06d8b-15f6-4334-887e-69732262f5be/1769040000.0_mean_300.0_v3" 404 70 "GET http://172.18.0.2:8080/v1/AUTH_975a7ac8986449db81078f63a2865f69/gnocchi.dda06d8b-15f6-4334-887e-69732262f5be/1769040000.0_mean_300.0_v3" "tx6728779a2e204b52b0807-006971cb9b" "proxy-server 20" 0.0010 "-" 23 0
Jan 22 07:02:51 standalone proxy-server[130057]: 172.18.0.2 172.18.0.100 22/Jan/2026/07/02/51 GET /v1/AUTH_975a7ac8986449db81078f63a2865f69/gnocchi.dda06d8b-15f6-4334-887e-69732262f5be/1769040000.0_mean_300.0_v3 HTTP/1.0 404 - python-swiftclient-3.11.1 gAAAAABpcctgVjjM... - 70 - tx6728779a2e204b52b0807-006971cb9b - 0.0067 - - 1769065371.779206753 1769065371.785922766 0
Jan 22 07:02:51 standalone container-server[127938]: 172.20.0.100 - - [22/Jan/2026:07:02:51 +0000] "PUT /d1/794/AUTH_975a7ac8986449db81078f63a2865f69/gnocchi.dda06d8b-15f6-4334-887e-69732262f5be/1769040000.0_mean_300.0_v3" 201 - "PUT http://172.18.0.2:8080/d1/517/AUTH_975a7ac8986449db81078f63a2865f69/gnocchi.dda06d8b-15f6-4334-887e-69732262f5be/1769040000.0_mean_300.0_v3" "tx12e49f09c8e94e4f91167-006971cb9b" "object-server 25" 0.0010 "-" 19 0
Jan 22 07:02:51 standalone object-server[128227]: 172.20.0.100 - - [22/Jan/2026:07:02:51 +0000] "PUT /d1/517/AUTH_975a7ac8986449db81078f63a2865f69/gnocchi.dda06d8b-15f6-4334-887e-69732262f5be/1769040000.0_mean_300.0_v3" 201 - "PUT http://172.18.0.2:8080/v1/AUTH_975a7ac8986449db81078f63a2865f69/gnocchi.dda06d8b-15f6-4334-887e-69732262f5be/1769040000.0_mean_300.0_v3" "tx12e49f09c8e94e4f91167-006971cb9b" "proxy-server 20" 0.0127 "-" 25 0
Jan 22 07:02:51 standalone proxy-server[130057]: 172.18.0.2 172.18.0.100 22/Jan/2026/07/02/51 PUT /v1/AUTH_975a7ac8986449db81078f63a2865f69/gnocchi.dda06d8b-15f6-4334-887e-69732262f5be/1769040000.0_mean_300.0_v3 HTTP/1.0 201 - python-swiftclient-3.11.1 gAAAAABpcctgVjjM... 16 - - tx12e49f09c8e94e4f91167-006971cb9b - 0.0176 - - 1769065371.789629459 1769065371.807217836 0
Jan 22 07:02:51 standalone container-server[127942]: 172.20.0.100 - - [22/Jan/2026:07:02:51 +0000] "PUT /d1/794/AUTH_975a7ac8986449db81078f63a2865f69/gnocchi.dda06d8b-15f6-4334-887e-69732262f5be/none_v3" 201 - "PUT http://172.18.0.2:8080/d1/366/AUTH_975a7ac8986449db81078f63a2865f69/gnocchi.dda06d8b-15f6-4334-887e-69732262f5be/none_v3" "txeed34d08685f4541bd56f-006971cb9b" "object-server 22" 0.0006 "-" 20 0
Jan 22 07:02:51 standalone object-server[128214]: 172.20.0.100 - - [22/Jan/2026:07:02:51 +0000] "PUT /d1/366/AUTH_975a7ac8986449db81078f63a2865f69/gnocchi.dda06d8b-15f6-4334-887e-69732262f5be/none_v3" 201 - "PUT http://172.18.0.2:8080/v1/AUTH_975a7ac8986449db81078f63a2865f69/gnocchi.dda06d8b-15f6-4334-887e-69732262f5be/none_v3" "txeed34d08685f4541bd56f-006971cb9b" "proxy-server 20" 0.0143 "-" 22 0
Jan 22 07:02:51 standalone proxy-server[130057]: 172.18.0.2 172.18.0.100 22/Jan/2026/07/02/51 PUT /v1/AUTH_975a7ac8986449db81078f63a2865f69/gnocchi.dda06d8b-15f6-4334-887e-69732262f5be/none_v3 HTTP/1.0 201 - python-swiftclient-3.11.1 gAAAAABpcctgVjjM... 22 - - txeed34d08685f4541bd56f-006971cb9b - 0.0260 - - 1769065371.810455084 1769065371.836488485 0
Jan 22 07:02:58 standalone account-server[127997]: 172.20.0.100 - - [22/Jan/2026:07:02:58 +0000] "HEAD /d1/424/AUTH_975a7ac8986449db81078f63a2865f69" 204 - "HEAD http://172.18.0.2:8080/v1/AUTH_975a7ac8986449db81078f63a2865f69?format=json" "tx38023fe6082c41eda0a8d-006971cba2" "proxy-server 20" 0.0100 "-" 21 -
Jan 22 07:02:58 standalone proxy-server[130057]: - - 22/Jan/2026/07/02/58 HEAD /v1/AUTH_975a7ac8986449db81078f63a2865f69%3Fformat%3Djson HTTP/1.0 204 - Swift - - - - tx38023fe6082c41eda0a8d-006971cba2 - 0.0181 RL - 1769065378.344350100 1769065378.362407684 -
Jan 22 07:02:58 standalone container-server[127942]: 172.20.0.100 - - [22/Jan/2026:07:02:58 +0000] "HEAD /d1/221/AUTH_975a7ac8986449db81078f63a2865f69/gnocchi.9785226c-fd3c-45ea-be8a-b07c82f86000" 404 - "HEAD http://172.18.0.2:8080/v1/AUTH_975a7ac8986449db81078f63a2865f69/gnocchi.9785226c-fd3c-45ea-be8a-b07c82f86000?format=json&states=listing" "tx38023fe6082c41eda0a8d-006971cba2" "proxy-server 20" 0.0010 "-" 20 0
Jan 22 07:02:58 standalone object-server[128214]: 172.20.0.100 - - [22/Jan/2026:07:02:58 +0000] "GET /d1/84/AUTH_975a7ac8986449db81078f63a2865f69/gnocchi.9785226c-fd3c-45ea-be8a-b07c82f86000/none_v3" 404 70 "GET http://172.18.0.2:8080/v1/AUTH_975a7ac8986449db81078f63a2865f69/gnocchi.9785226c-fd3c-45ea-be8a-b07c82f86000/none_v3" "tx38023fe6082c41eda0a8d-006971cba2" "proxy-server 20" 0.0011 "-" 22 0
Jan 22 07:02:58 standalone proxy-server[130057]: 172.18.0.2 172.18.0.100 22/Jan/2026/07/02/58 GET /v1/AUTH_975a7ac8986449db81078f63a2865f69/gnocchi.9785226c-fd3c-45ea-be8a-b07c82f86000/none_v3 HTTP/1.0 404 - python-swiftclient-3.11.1 gAAAAABpcctgVjjM... - 70 - tx38023fe6082c41eda0a8d-006971cba2 - 0.0385 - - 1769065378.342360020 1769065378.380819082 0
Jan 22 07:02:58 standalone account-server[128007]: 172.20.0.100 - - [22/Jan/2026:07:02:58 +0000] "PUT /d1/424/AUTH_975a7ac8986449db81078f63a2865f69/gnocchi.9785226c-fd3c-45ea-be8a-b07c82f86000" 201 - "PUT http://172.20.0.100:6001/d1/221/AUTH_975a7ac8986449db81078f63a2865f69/gnocchi.9785226c-fd3c-45ea-be8a-b07c82f86000" "tx29793fd60fdc4197b0839-006971cba2" "container-server 19" 0.0053 "-" 22 0
Jan 22 07:02:58 standalone container-server[127938]: 172.20.0.100 - - [22/Jan/2026:07:02:58 +0000] "PUT /d1/221/AUTH_975a7ac8986449db81078f63a2865f69/gnocchi.9785226c-fd3c-45ea-be8a-b07c82f86000" 201 - "PUT http://172.18.0.2:8080/v1/AUTH_975a7ac8986449db81078f63a2865f69/gnocchi.9785226c-fd3c-45ea-be8a-b07c82f86000" "tx29793fd60fdc4197b0839-006971cba2" "proxy-server 20" 0.0201 "-" 19 0
Jan 22 07:02:58 standalone proxy-server[130057]: 172.18.0.2 172.18.0.100 22/Jan/2026/07/02/58 PUT /v1/AUTH_975a7ac8986449db81078f63a2865f69/gnocchi.9785226c-fd3c-45ea-be8a-b07c82f86000 HTTP/1.0 201 - python-swiftclient-3.11.1 gAAAAABpcctgVjjM... - - - tx29793fd60fdc4197b0839-006971cba2 - 0.0273 - - 1769065378.390603304 1769065378.417948961 0
Jan 22 07:02:58 standalone container-server[127938]: 172.20.0.100 - - [22/Jan/2026:07:02:58 +0000] "HEAD /d1/221/AUTH_975a7ac8986449db81078f63a2865f69/gnocchi.9785226c-fd3c-45ea-be8a-b07c82f86000" 204 - "HEAD http://172.18.0.2:8080/v1/AUTH_975a7ac8986449db81078f63a2865f69/gnocchi.9785226c-fd3c-45ea-be8a-b07c82f86000?format=json&states=listing" "txe8f4019c359e4d70888c9-006971cba2" "proxy-server 20" 0.0018 "-" 19 0
Jan 22 07:02:58 standalone proxy-server[130057]: - - 22/Jan/2026/07/02/58 HEAD /v1/AUTH_975a7ac8986449db81078f63a2865f69/gnocchi.9785226c-fd3c-45ea-be8a-b07c82f86000%3Fformat%3Djson%26states%3Dlisting HTTP/1.0 204 - Swift - - - - txe8f4019c359e4d70888c9-006971cba2 - 0.0060 RL - 1769065378.430315495 1769065378.436292171 0
Jan 22 07:02:58 standalone container-server[127956]: 172.20.0.100 - - [22/Jan/2026:07:02:58 +0000] "GET /d1/221/AUTH_975a7ac8986449db81078f63a2865f69/gnocchi.9785226c-fd3c-45ea-be8a-b07c82f86000" 200 2 "GET http://172.18.0.2:8080/v1/AUTH_975a7ac8986449db81078f63a2865f69/gnocchi.9785226c-fd3c-45ea-be8a-b07c82f86000?format=json&states=listing" "txe8f4019c359e4d70888c9-006971cba2" "proxy-server 20" 0.0054 "-" 22 0
Jan 22 07:02:58 standalone proxy-server[130057]: 172.18.0.2 172.18.0.100 22/Jan/2026/07/02/58 GET /v1/AUTH_975a7ac8986449db81078f63a2865f69/gnocchi.9785226c-fd3c-45ea-be8a-b07c82f86000%3Fformat%3Djson%26states%3Dlisting HTTP/1.0 200 - python-swiftclient-3.11.1 gAAAAABpcctgVjjM... - 2 - txe8f4019c359e4d70888c9-006971cba2 - 0.0224 - - 1769065378.428548574 1769065378.450996161 0
Jan 22 07:02:58 standalone object-server[128227]: 172.20.0.100 - - [22/Jan/2026:07:02:58 +0000] "GET /d1/25/AUTH_975a7ac8986449db81078f63a2865f69/gnocchi.9785226c-fd3c-45ea-be8a-b07c82f86000/1769040000.0_mean_300.0_v3" 404 70 "GET http://172.18.0.2:8080/v1/AUTH_975a7ac8986449db81078f63a2865f69/gnocchi.9785226c-fd3c-45ea-be8a-b07c82f86000/1769040000.0_mean_300.0_v3" "txb3ce0861f195416eb9e1d-006971cba2" "proxy-server 20" 0.0006 "-" 25 0
Jan 22 07:02:58 standalone proxy-server[130057]: 172.18.0.2 172.18.0.100 22/Jan/2026/07/02/58 GET /v1/AUTH_975a7ac8986449db81078f63a2865f69/gnocchi.9785226c-fd3c-45ea-be8a-b07c82f86000/1769040000.0_mean_300.0_v3 HTTP/1.0 404 - python-swiftclient-3.11.1 gAAAAABpcctgVjjM... - 70 - txb3ce0861f195416eb9e1d-006971cba2 - 0.0078 - - 1769065378.457623959 1769065378.465471268 0
Jan 22 07:02:58 standalone container-server[127938]: 172.20.0.100 - - [22/Jan/2026:07:02:58 +0000] "PUT /d1/221/AUTH_975a7ac8986449db81078f63a2865f69/gnocchi.9785226c-fd3c-45ea-be8a-b07c82f86000/1769040000.0_mean_300.0_v3" 201 - "PUT http://172.18.0.2:8080/d1/25/AUTH_975a7ac8986449db81078f63a2865f69/gnocchi.9785226c-fd3c-45ea-be8a-b07c82f86000/1769040000.0_mean_300.0_v3" "txdf7ccd66d8ed4811b28f8-006971cba2" "object-server 25" 0.0008 "-" 19 0
Jan 22 07:02:58 standalone object-server[128227]: 172.20.0.100 - - [22/Jan/2026:07:02:58 +0000] "PUT /d1/25/AUTH_975a7ac8986449db81078f63a2865f69/gnocchi.9785226c-fd3c-45ea-be8a-b07c82f86000/1769040000.0_mean_300.0_v3" 201 - "PUT http://172.18.0.2:8080/v1/AUTH_975a7ac8986449db81078f63a2865f69/gnocchi.9785226c-fd3c-45ea-be8a-b07c82f86000/1769040000.0_mean_300.0_v3" "txdf7ccd66d8ed4811b28f8-006971cba2" "proxy-server 20" 0.0138 "-" 25 0
Jan 22 07:02:58 standalone proxy-server[130057]: 172.18.0.2 172.18.0.100 22/Jan/2026/07/02/58 PUT /v1/AUTH_975a7ac8986449db81078f63a2865f69/gnocchi.9785226c-fd3c-45ea-be8a-b07c82f86000/1769040000.0_mean_300.0_v3 HTTP/1.0 201 - python-swiftclient-3.11.1 gAAAAABpcctgVjjM... 16 - - txdf7ccd66d8ed4811b28f8-006971cba2 - 0.0216 - - 1769065378.475602865 1769065378.497196913 0
Jan 22 07:02:58 standalone container-server[127938]: 172.20.0.100 - - [22/Jan/2026:07:02:58 +0000] "PUT /d1/221/AUTH_975a7ac8986449db81078f63a2865f69/gnocchi.9785226c-fd3c-45ea-be8a-b07c82f86000/none_v3" 201 - "PUT http://172.18.0.2:8080/d1/84/AUTH_975a7ac8986449db81078f63a2865f69/gnocchi.9785226c-fd3c-45ea-be8a-b07c82f86000/none_v3" "txceef840743a841c192f33-006971cba2" "object-server 22" 0.0007 "-" 19 0
Jan 22 07:02:58 standalone object-server[128214]: 172.20.0.100 - - [22/Jan/2026:07:02:58 +0000] "PUT /d1/84/AUTH_975a7ac8986449db81078f63a2865f69/gnocchi.9785226c-fd3c-45ea-be8a-b07c82f86000/none_v3" 201 - "PUT http://172.18.0.2:8080/v1/AUTH_975a7ac8986449db81078f63a2865f69/gnocchi.9785226c-fd3c-45ea-be8a-b07c82f86000/none_v3" "txceef840743a841c192f33-006971cba2" "proxy-server 20" 0.0108 "-" 22 0
Jan 22 07:02:58 standalone proxy-server[130057]: 172.18.0.2 172.18.0.100 22/Jan/2026/07/02/58 PUT /v1/AUTH_975a7ac8986449db81078f63a2865f69/gnocchi.9785226c-fd3c-45ea-be8a-b07c82f86000/none_v3 HTTP/1.0 201 - python-swiftclient-3.11.1 gAAAAABpcctgVjjM... 22 - - txceef840743a841c192f33-006971cba2 - 0.0164 - - 1769065378.507299423 1769065378.523737907 0
Jan 22 07:02:58 standalone container-server[127942]: 172.20.0.100 - - [22/Jan/2026:07:02:58 +0000] "HEAD /d1/973/AUTH_975a7ac8986449db81078f63a2865f69/gnocchi.1e0a95c0-013e-445f-b5c3-4ab4fd670fa7" 404 - "HEAD http://172.18.0.2:8080/v1/AUTH_975a7ac8986449db81078f63a2865f69/gnocchi.1e0a95c0-013e-445f-b5c3-4ab4fd670fa7?format=json&states=listing" "tx3b5ad0a38c5b4c3facd50-006971cba2" "proxy-server 20" 0.0008 "-" 20 0
Jan 22 07:02:58 standalone object-server[128214]: 172.20.0.100 - - [22/Jan/2026:07:02:58 +0000] "GET /d1/344/AUTH_975a7ac8986449db81078f63a2865f69/gnocchi.1e0a95c0-013e-445f-b5c3-4ab4fd670fa7/none_v3" 404 70 "GET http://172.18.0.2:8080/v1/AUTH_975a7ac8986449db81078f63a2865f69/gnocchi.1e0a95c0-013e-445f-b5c3-4ab4fd670fa7/none_v3" "tx3b5ad0a38c5b4c3facd50-006971cba2" "proxy-server 20" 0.0006 "-" 22 0
Jan 22 07:02:58 standalone proxy-server[130057]: 172.18.0.2 172.18.0.100 22/Jan/2026/07/02/58 GET /v1/AUTH_975a7ac8986449db81078f63a2865f69/gnocchi.1e0a95c0-013e-445f-b5c3-4ab4fd670fa7/none_v3 HTTP/1.0 404 - python-swiftclient-3.11.1 gAAAAABpcctgVjjM... - 70 - tx3b5ad0a38c5b4c3facd50-006971cba2 - 0.0144 - - 1769065378.633142471 1769065378.647555590 0
Jan 22 07:02:58 standalone account-server[127997]: 172.20.0.100 - - [22/Jan/2026:07:02:58 +0000] "PUT /d1/424/AUTH_975a7ac8986449db81078f63a2865f69/gnocchi.1e0a95c0-013e-445f-b5c3-4ab4fd670fa7" 201 - "PUT http://172.20.0.100:6001/d1/973/AUTH_975a7ac8986449db81078f63a2865f69/gnocchi.1e0a95c0-013e-445f-b5c3-4ab4fd670fa7" "txd522e49a5ddd4e2f98141-006971cba2" "container-server 21" 0.0063 "-" 21 0
Jan 22 07:02:58 standalone container-server[127948]: 172.20.0.100 - - [22/Jan/2026:07:02:58 +0000] "PUT /d1/973/AUTH_975a7ac8986449db81078f63a2865f69/gnocchi.1e0a95c0-013e-445f-b5c3-4ab4fd670fa7" 201 - "PUT http://172.18.0.2:8080/v1/AUTH_975a7ac8986449db81078f63a2865f69/gnocchi.1e0a95c0-013e-445f-b5c3-4ab4fd670fa7" "txd522e49a5ddd4e2f98141-006971cba2" "proxy-server 20" 0.0174 "-" 21 0
Jan 22 07:02:58 standalone proxy-server[130057]: 172.18.0.2 172.18.0.100 22/Jan/2026/07/02/58 PUT /v1/AUTH_975a7ac8986449db81078f63a2865f69/gnocchi.1e0a95c0-013e-445f-b5c3-4ab4fd670fa7 HTTP/1.0 201 - python-swiftclient-3.11.1 gAAAAABpcctgVjjM... - - - txd522e49a5ddd4e2f98141-006971cba2 - 0.0219 - - 1769065378.650853157 1769065378.672784805 0
Jan 22 07:02:58 standalone container-server[127948]: 172.20.0.100 - - [22/Jan/2026:07:02:58 +0000] "HEAD /d1/973/AUTH_975a7ac8986449db81078f63a2865f69/gnocchi.1e0a95c0-013e-445f-b5c3-4ab4fd670fa7" 204 - "HEAD http://172.18.0.2:8080/v1/AUTH_975a7ac8986449db81078f63a2865f69/gnocchi.1e0a95c0-013e-445f-b5c3-4ab4fd670fa7?format=json&states=listing" "tx50a66245711745338fbdf-006971cba2" "proxy-server 20" 0.0011 "-" 21 0
Jan 22 07:02:58 standalone proxy-server[130057]: - - 22/Jan/2026/07/02/58 HEAD /v1/AUTH_975a7ac8986449db81078f63a2865f69/gnocchi.1e0a95c0-013e-445f-b5c3-4ab4fd670fa7%3Fformat%3Djson%26states%3Dlisting HTTP/1.0 204 - Swift - - - - tx50a66245711745338fbdf-006971cba2 - 0.0041 RL - 1769065378.676770926 1769065378.680827856 0
Jan 22 07:02:58 standalone container-server[127948]: 172.20.0.100 - - [22/Jan/2026:07:02:58 +0000] "GET /d1/973/AUTH_975a7ac8986449db81078f63a2865f69/gnocchi.1e0a95c0-013e-445f-b5c3-4ab4fd670fa7" 200 2 "GET http://172.18.0.2:8080/v1/AUTH_975a7ac8986449db81078f63a2865f69/gnocchi.1e0a95c0-013e-445f-b5c3-4ab4fd670fa7?format=json&states=listing" "tx50a66245711745338fbdf-006971cba2" "proxy-server 20" 0.0016 "-" 21 0
Jan 22 07:02:58 standalone proxy-server[130057]: 172.18.0.2 172.18.0.100 22/Jan/2026/07/02/58 GET /v1/AUTH_975a7ac8986449db81078f63a2865f69/gnocchi.1e0a95c0-013e-445f-b5c3-4ab4fd670fa7%3Fformat%3Djson%26states%3Dlisting HTTP/1.0 200 - python-swiftclient-3.11.1 gAAAAABpcctgVjjM... - 2 - tx50a66245711745338fbdf-006971cba2 - 0.0123 - - 1769065378.675733328 1769065378.688027143 0
Jan 22 07:02:58 standalone object-server[128222]: 172.20.0.100 - - [22/Jan/2026:07:02:58 +0000] "GET /d1/790/AUTH_975a7ac8986449db81078f63a2865f69/gnocchi.1e0a95c0-013e-445f-b5c3-4ab4fd670fa7/1769040000.0_mean_300.0_v3" 404 70 "GET http://172.18.0.2:8080/v1/AUTH_975a7ac8986449db81078f63a2865f69/gnocchi.1e0a95c0-013e-445f-b5c3-4ab4fd670fa7/1769040000.0_mean_300.0_v3" "txd37a68d0755241b4a50b8-006971cba2" "proxy-server 20" 0.0005 "-" 24 0
Jan 22 07:02:58 standalone proxy-server[130057]: 172.18.0.2 172.18.0.100 22/Jan/2026/07/02/58 GET /v1/AUTH_975a7ac8986449db81078f63a2865f69/gnocchi.1e0a95c0-013e-445f-b5c3-4ab4fd670fa7/1769040000.0_mean_300.0_v3 HTTP/1.0 404 - python-swiftclient-3.11.1 gAAAAABpcctgVjjM... - 70 - txd37a68d0755241b4a50b8-006971cba2 - 0.0444 - - 1769065378.690867662 1769065378.735289097 0
Jan 22 07:02:58 standalone container-server[127956]: 172.20.0.100 - - [22/Jan/2026:07:02:58 +0000] "PUT /d1/973/AUTH_975a7ac8986449db81078f63a2865f69/gnocchi.1e0a95c0-013e-445f-b5c3-4ab4fd670fa7/1769040000.0_mean_300.0_v3" 201 - "PUT http://172.18.0.2:8080/d1/790/AUTH_975a7ac8986449db81078f63a2865f69/gnocchi.1e0a95c0-013e-445f-b5c3-4ab4fd670fa7/1769040000.0_mean_300.0_v3" "tx1223f05bcac64e3eb0023-006971cba2" "object-server 22" 0.0014 "-" 22 0
Jan 22 07:02:58 standalone object-server[128214]: 172.20.0.100 - - [22/Jan/2026:07:02:58 +0000] "PUT /d1/790/AUTH_975a7ac8986449db81078f63a2865f69/gnocchi.1e0a95c0-013e-445f-b5c3-4ab4fd670fa7/1769040000.0_mean_300.0_v3" 201 - "PUT http://172.18.0.2:8080/v1/AUTH_975a7ac8986449db81078f63a2865f69/gnocchi.1e0a95c0-013e-445f-b5c3-4ab4fd670fa7/1769040000.0_mean_300.0_v3" "tx1223f05bcac64e3eb0023-006971cba2" "proxy-server 20" 0.0178 "-" 22 0
Jan 22 07:02:58 standalone proxy-server[130057]: 172.18.0.2 172.18.0.100 22/Jan/2026/07/02/58 PUT /v1/AUTH_975a7ac8986449db81078f63a2865f69/gnocchi.1e0a95c0-013e-445f-b5c3-4ab4fd670fa7/1769040000.0_mean_300.0_v3 HTTP/1.0 201 - python-swiftclient-3.11.1 gAAAAABpcctgVjjM... 16 - - tx1223f05bcac64e3eb0023-006971cba2 - 0.0265 - - 1769065378.739899397 1769065378.766417503 0
