Jan 22 07:03:54 standalone object-server[128214]: 172.20.0.100 - - [22/Jan/2026:07:03:54 +0000] "GET /d1/536/AUTH_975a7ac8986449db81078f63a2865f69/gnocchi.4e5f54c8-33cc-4378-8913-55bef5656d2a/none_v3" 200 33 "GET http://172.18.0.2:8080/v1/AUTH_975a7ac8986449db81078f63a2865f69/gnocchi.4e5f54c8-33cc-4378-8913-55bef5656d2a/none_v3" "txf6a3ac163ae94910ab3cb-006971cbda" "proxy-server 20" 0.0010 "-" 22 0
Jan 22 07:03:54 standalone proxy-server[130057]: 172.18.0.2 172.18.0.100 22/Jan/2026/07/03/54 GET /v1/AUTH_975a7ac8986449db81078f63a2865f69/gnocchi.4e5f54c8-33cc-4378-8913-55bef5656d2a/none_v3 HTTP/1.0 200 - python-swiftclient-3.11.1 gAAAAABpcctgVjjM... - 33 - txf6a3ac163ae94910ab3cb-006971cbda - 0.0079 - - 1769065434.231235504 1769065434.239169598 0
Jan 22 07:03:54 standalone container-server[127942]: 172.20.0.100 - - [22/Jan/2026:07:03:54 +0000] "GET /d1/923/AUTH_975a7ac8986449db81078f63a2865f69/gnocchi.4e5f54c8-33cc-4378-8913-55bef5656d2a" 200 357 "GET http://172.18.0.2:8080/v1/AUTH_975a7ac8986449db81078f63a2865f69/gnocchi.4e5f54c8-33cc-4378-8913-55bef5656d2a?format=json&states=listing" "txf18f4129cd8048039a321-006971cbda" "proxy-server 20" 0.0081 "-" 20 0
Jan 22 07:03:54 standalone proxy-server[130057]: 172.18.0.2 172.18.0.100 22/Jan/2026/07/03/54 GET /v1/AUTH_975a7ac8986449db81078f63a2865f69/gnocchi.4e5f54c8-33cc-4378-8913-55bef5656d2a%3Fformat%3Djson%26states%3Dlisting HTTP/1.0 200 - python-swiftclient-3.11.1 gAAAAABpcctgVjjM... - 357 - txf18f4129cd8048039a321-006971cbda - 0.0148 - - 1769065434.241980791 1769065434.256781101 0
Jan 22 07:03:54 standalone container-server[127942]: 172.20.0.100 - - [22/Jan/2026:07:03:54 +0000] "GET /d1/923/AUTH_975a7ac8986449db81078f63a2865f69/gnocchi.4e5f54c8-33cc-4378-8913-55bef5656d2a" 200 2 "GET http://172.18.0.2:8080/v1/AUTH_975a7ac8986449db81078f63a2865f69/gnocchi.4e5f54c8-33cc-4378-8913-55bef5656d2a?format=json&marker=none_v3&states=listing" "tx3453d82317a14cf19b291-006971cbda" "proxy-server 20" 0.0023 "-" 20 0
Jan 22 07:03:54 standalone proxy-server[130057]: 172.18.0.2 172.18.0.100 22/Jan/2026/07/03/54 GET /v1/AUTH_975a7ac8986449db81078f63a2865f69/gnocchi.4e5f54c8-33cc-4378-8913-55bef5656d2a%3Fformat%3Djson%26marker%3Dnone_v3%26states%3Dlisting HTTP/1.0 200 - python-swiftclient-3.11.1 gAAAAABpcctgVjjM... - 2 - tx3453d82317a14cf19b291-006971cbda - 0.0087 - - 1769065434.259347439 1769065434.268033266 0
Jan 22 07:03:54 standalone object-server[128214]: 172.20.0.100 - - [22/Jan/2026:07:03:54 +0000] "GET /d1/339/AUTH_975a7ac8986449db81078f63a2865f69/gnocchi.4e5f54c8-33cc-4378-8913-55bef5656d2a/1769040000.0_mean_300.0_v3" 200 16 "GET http://172.18.0.2:8080/v1/AUTH_975a7ac8986449db81078f63a2865f69/gnocchi.4e5f54c8-33cc-4378-8913-55bef5656d2a/1769040000.0_mean_300.0_v3" "txdce8a233480f458484df5-006971cbda" "proxy-server 20" 0.0008 "-" 22 0
Jan 22 07:03:54 standalone proxy-server[130057]: 172.18.0.2 172.18.0.100 22/Jan/2026/07/03/54 GET /v1/AUTH_975a7ac8986449db81078f63a2865f69/gnocchi.4e5f54c8-33cc-4378-8913-55bef5656d2a/1769040000.0_mean_300.0_v3 HTTP/1.0 200 - python-swiftclient-3.11.1 gAAAAABpcctgVjjM... - 16 - txdce8a233480f458484df5-006971cbda - 0.0063 - - 1769065434.271171808 1769065434.277457714 0
Jan 22 07:03:54 standalone container-server[127938]: 172.20.0.100 - - [22/Jan/2026:07:03:54 +0000] "PUT /d1/923/AUTH_975a7ac8986449db81078f63a2865f69/gnocchi.4e5f54c8-33cc-4378-8913-55bef5656d2a/1769040000.0_mean_300.0_v3" 201 - "PUT http://172.18.0.2:8080/d1/339/AUTH_975a7ac8986449db81078f63a2865f69/gnocchi.4e5f54c8-33cc-4378-8913-55bef5656d2a/1769040000.0_mean_300.0_v3" "tx89244392509a46afb845e-006971cbda" "object-server 25" 0.0007 "-" 19 0
Jan 22 07:03:54 standalone object-server[128227]: 172.20.0.100 - - [22/Jan/2026:07:03:54 +0000] "PUT /d1/339/AUTH_975a7ac8986449db81078f63a2865f69/gnocchi.4e5f54c8-33cc-4378-8913-55bef5656d2a/1769040000.0_mean_300.0_v3" 201 - "PUT http://172.18.0.2:8080/v1/AUTH_975a7ac8986449db81078f63a2865f69/gnocchi.4e5f54c8-33cc-4378-8913-55bef5656d2a/1769040000.0_mean_300.0_v3" "tx89244392509a46afb845e-006971cbda" "proxy-server 20" 0.0101 "-" 25 0
Jan 22 07:03:54 standalone proxy-server[130057]: 172.18.0.2 172.18.0.100 22/Jan/2026/07/03/54 PUT /v1/AUTH_975a7ac8986449db81078f63a2865f69/gnocchi.4e5f54c8-33cc-4378-8913-55bef5656d2a/1769040000.0_mean_300.0_v3 HTTP/1.0 201 - python-swiftclient-3.11.1 gAAAAABpcctgVjjM... 16 - - tx89244392509a46afb845e-006971cbda - 0.0158 - - 1769065434.282864332 1769065434.298693895 0
Jan 22 07:03:54 standalone container-server[127956]: 172.20.0.100 - - [22/Jan/2026:07:03:54 +0000] "PUT /d1/923/AUTH_975a7ac8986449db81078f63a2865f69/gnocchi.4e5f54c8-33cc-4378-8913-55bef5656d2a/none_v3" 201 - "PUT http://172.18.0.2:8080/d1/536/AUTH_975a7ac8986449db81078f63a2865f69/gnocchi.4e5f54c8-33cc-4378-8913-55bef5656d2a/none_v3" "tx215664739a9d4f4288e59-006971cbda" "object-server 25" 0.0005 "-" 22 0
Jan 22 07:03:54 standalone object-server[128227]: 172.20.0.100 - - [22/Jan/2026:07:03:54 +0000] "PUT /d1/536/AUTH_975a7ac8986449db81078f63a2865f69/gnocchi.4e5f54c8-33cc-4378-8913-55bef5656d2a/none_v3" 201 - "PUT http://172.18.0.2:8080/v1/AUTH_975a7ac8986449db81078f63a2865f69/gnocchi.4e5f54c8-33cc-4378-8913-55bef5656d2a/none_v3" "tx215664739a9d4f4288e59-006971cbda" "proxy-server 20" 0.0091 "-" 25 0
Jan 22 07:03:54 standalone proxy-server[130057]: 172.18.0.2 172.18.0.100 22/Jan/2026/07/03/54 PUT /v1/AUTH_975a7ac8986449db81078f63a2865f69/gnocchi.4e5f54c8-33cc-4378-8913-55bef5656d2a/none_v3 HTTP/1.0 201 - python-swiftclient-3.11.1 gAAAAABpcctgVjjM... 48 - - tx215664739a9d4f4288e59-006971cbda - 0.0147 - - 1769065434.301434278 1769065434.316125870 0
Jan 22 07:03:54 standalone object-server[128227]: 172.20.0.100 - - [22/Jan/2026:07:03:54 +0000] "GET /d1/366/AUTH_975a7ac8986449db81078f63a2865f69/gnocchi.dda06d8b-15f6-4334-887e-69732262f5be/none_v3" 200 33 "GET http://172.18.0.2:8080/v1/AUTH_975a7ac8986449db81078f63a2865f69/gnocchi.dda06d8b-15f6-4334-887e-69732262f5be/none_v3" "txe360d9fad1124f68b7b6a-006971cbda" "proxy-server 20" 0.0010 "-" 25 0
Jan 22 07:03:54 standalone proxy-server[130057]: 172.18.0.2 172.18.0.100 22/Jan/2026/07/03/54 GET /v1/AUTH_975a7ac8986449db81078f63a2865f69/gnocchi.dda06d8b-15f6-4334-887e-69732262f5be/none_v3 HTTP/1.0 200 - python-swiftclient-3.11.1 gAAAAABpcctgVjjM... - 33 - txe360d9fad1124f68b7b6a-006971cbda - 0.0071 - - 1769065434.324181318 1769065434.331244946 0
Jan 22 07:03:54 standalone container-server[127942]: 172.20.0.100 - - [22/Jan/2026:07:03:54 +0000] "GET /d1/794/AUTH_975a7ac8986449db81078f63a2865f69/gnocchi.dda06d8b-15f6-4334-887e-69732262f5be" 200 357 "GET http://172.18.0.2:8080/v1/AUTH_975a7ac8986449db81078f63a2865f69/gnocchi.dda06d8b-15f6-4334-887e-69732262f5be?format=json&states=listing" "txe9cb143958394728992bb-006971cbda" "proxy-server 20" 0.0072 "-" 20 0
Jan 22 07:03:54 standalone proxy-server[130057]: 172.18.0.2 172.18.0.100 22/Jan/2026/07/03/54 GET /v1/AUTH_975a7ac8986449db81078f63a2865f69/gnocchi.dda06d8b-15f6-4334-887e-69732262f5be%3Fformat%3Djson%26states%3Dlisting HTTP/1.0 200 - python-swiftclient-3.11.1 gAAAAABpcctgVjjM... - 357 - txe9cb143958394728992bb-006971cbda - 0.0140 - - 1769065434.333932638 1769065434.347946167 0
Jan 22 07:03:54 standalone container-server[127942]: 172.20.0.100 - - [22/Jan/2026:07:03:54 +0000] "GET /d1/794/AUTH_975a7ac8986449db81078f63a2865f69/gnocchi.dda06d8b-15f6-4334-887e-69732262f5be" 200 2 "GET http://172.18.0.2:8080/v1/AUTH_975a7ac8986449db81078f63a2865f69/gnocchi.dda06d8b-15f6-4334-887e-69732262f5be?format=json&marker=none_v3&states=listing" "tx7a7e2378c1ab4818af4f9-006971cbda" "proxy-server 20" 0.0026 "-" 20 0
Jan 22 07:03:54 standalone proxy-server[130057]: 172.18.0.2 172.18.0.100 22/Jan/2026/07/03/54 GET /v1/AUTH_975a7ac8986449db81078f63a2865f69/gnocchi.dda06d8b-15f6-4334-887e-69732262f5be%3Fformat%3Djson%26marker%3Dnone_v3%26states%3Dlisting HTTP/1.0 200 - python-swiftclient-3.11.1 gAAAAABpcctgVjjM... - 2 - tx7a7e2378c1ab4818af4f9-006971cbda - 0.0096 - - 1769065434.350689650 1769065434.360280275 0
Jan 22 07:03:54 standalone object-server[128227]: 172.20.0.100 - - [22/Jan/2026:07:03:54 +0000] "GET /d1/517/AUTH_975a7ac8986449db81078f63a2865f69/gnocchi.dda06d8b-15f6-4334-887e-69732262f5be/1769040000.0_mean_300.0_v3" 200 16 "GET http://172.18.0.2:8080/v1/AUTH_975a7ac8986449db81078f63a2865f69/gnocchi.dda06d8b-15f6-4334-887e-69732262f5be/1769040000.0_mean_300.0_v3" "tx10cad7566f3749d8aca81-006971cbda" "proxy-server 20" 0.0012 "-" 25 0
Jan 22 07:03:54 standalone proxy-server[130057]: 172.18.0.2 172.18.0.100 22/Jan/2026/07/03/54 GET /v1/AUTH_975a7ac8986449db81078f63a2865f69/gnocchi.dda06d8b-15f6-4334-887e-69732262f5be/1769040000.0_mean_300.0_v3 HTTP/1.0 200 - python-swiftclient-3.11.1 gAAAAABpcctgVjjM... - 16 - tx10cad7566f3749d8aca81-006971cbda - 0.0069 - - 1769065434.362922907 1769065434.369830370 0
Jan 22 07:03:54 standalone container-server[127942]: 172.20.0.100 - - [22/Jan/2026:07:03:54 +0000] "PUT /d1/794/AUTH_975a7ac8986449db81078f63a2865f69/gnocchi.dda06d8b-15f6-4334-887e-69732262f5be/1769040000.0_mean_300.0_v3" 201 - "PUT http://172.18.0.2:8080/d1/517/AUTH_975a7ac8986449db81078f63a2865f69/gnocchi.dda06d8b-15f6-4334-887e-69732262f5be/1769040000.0_mean_300.0_v3" "tx64be76a57f88405c85084-006971cbda" "object-server 24" 0.0005 "-" 20 0
Jan 22 07:03:54 standalone object-server[128222]: 172.20.0.100 - - [22/Jan/2026:07:03:54 +0000] "PUT /d1/517/AUTH_975a7ac8986449db81078f63a2865f69/gnocchi.dda06d8b-15f6-4334-887e-69732262f5be/1769040000.0_mean_300.0_v3" 201 - "PUT http://172.18.0.2:8080/v1/AUTH_975a7ac8986449db81078f63a2865f69/gnocchi.dda06d8b-15f6-4334-887e-69732262f5be/1769040000.0_mean_300.0_v3" "tx64be76a57f88405c85084-006971cbda" "proxy-server 20" 0.0091 "-" 24 0
Jan 22 07:03:54 standalone proxy-server[130057]: 172.18.0.2 172.18.0.100 22/Jan/2026/07/03/54 PUT /v1/AUTH_975a7ac8986449db81078f63a2865f69/gnocchi.dda06d8b-15f6-4334-887e-69732262f5be/1769040000.0_mean_300.0_v3 HTTP/1.0 201 - python-swiftclient-3.11.1 gAAAAABpcctgVjjM... 16 - - tx64be76a57f88405c85084-006971cbda - 0.0149 - - 1769065434.371915340 1769065434.386787415 0
Jan 22 07:03:54 standalone container-server[127948]: 172.20.0.100 - - [22/Jan/2026:07:03:54 +0000] "PUT /d1/794/AUTH_975a7ac8986449db81078f63a2865f69/gnocchi.dda06d8b-15f6-4334-887e-69732262f5be/none_v3" 201 - "PUT http://172.18.0.2:8080/d1/366/AUTH_975a7ac8986449db81078f63a2865f69/gnocchi.dda06d8b-15f6-4334-887e-69732262f5be/none_v3" "tx19fd3e40662544b681e5d-006971cbda" "object-server 25" 0.0010 "-" 21 0
Jan 22 07:03:54 standalone object-server[128227]: 172.20.0.100 - - [22/Jan/2026:07:03:54 +0000] "PUT /d1/366/AUTH_975a7ac8986449db81078f63a2865f69/gnocchi.dda06d8b-15f6-4334-887e-69732262f5be/none_v3" 201 - "PUT http://172.18.0.2:8080/v1/AUTH_975a7ac8986449db81078f63a2865f69/gnocchi.dda06d8b-15f6-4334-887e-69732262f5be/none_v3" "tx19fd3e40662544b681e5d-006971cbda" "proxy-server 20" 0.0114 "-" 25 0
Jan 22 07:03:54 standalone proxy-server[130057]: 172.18.0.2 172.18.0.100 22/Jan/2026/07/03/54 PUT /v1/AUTH_975a7ac8986449db81078f63a2865f69/gnocchi.dda06d8b-15f6-4334-887e-69732262f5be/none_v3 HTTP/1.0 201 - python-swiftclient-3.11.1 gAAAAABpcctgVjjM... 48 - - tx19fd3e40662544b681e5d-006971cbda - 0.0168 - - 1769065434.388766766 1769065434.405517101 0
Jan 22 07:03:55 standalone object-server[128227]: 172.20.0.100 - - [22/Jan/2026:07:03:55 +0000] "GET /d1/102/AUTH_975a7ac8986449db81078f63a2865f69/gnocchi.374b0a58-dee7-4798-8faa-788e713738dd/none_v3" 200 22 "GET http://172.18.0.2:8080/v1/AUTH_975a7ac8986449db81078f63a2865f69/gnocchi.374b0a58-dee7-4798-8faa-788e713738dd/none_v3" "tx7f5ae5e6634148209c1bf-006971cbdb" "proxy-server 20" 0.0016 "-" 25 0
Jan 22 07:03:55 standalone proxy-server[130057]: 172.18.0.2 172.18.0.100 22/Jan/2026/07/03/55 GET /v1/AUTH_975a7ac8986449db81078f63a2865f69/gnocchi.374b0a58-dee7-4798-8faa-788e713738dd/none_v3 HTTP/1.0 200 - python-swiftclient-3.11.1 gAAAAABpcctgVjjM... - 22 - tx7f5ae5e6634148209c1bf-006971cbdb - 0.0114 - - 1769065435.801532269 1769065435.812961578 0
Jan 22 07:03:55 standalone container-server[127938]: 172.20.0.100 - - [22/Jan/2026:07:03:55 +0000] "GET /d1/742/AUTH_975a7ac8986449db81078f63a2865f69/gnocchi.374b0a58-dee7-4798-8faa-788e713738dd" 200 357 "GET http://172.18.0.2:8080/v1/AUTH_975a7ac8986449db81078f63a2865f69/gnocchi.374b0a58-dee7-4798-8faa-788e713738dd?format=json&states=listing" "tx81ed85ed220248e8a1286-006971cbdb" "proxy-server 20" 0.0098 "-" 19 0
Jan 22 07:03:55 standalone proxy-server[130057]: 172.18.0.2 172.18.0.100 22/Jan/2026/07/03/55 GET /v1/AUTH_975a7ac8986449db81078f63a2865f69/gnocchi.374b0a58-dee7-4798-8faa-788e713738dd%3Fformat%3Djson%26states%3Dlisting HTTP/1.0 200 - python-swiftclient-3.11.1 gAAAAABpcctgVjjM... - 357 - tx81ed85ed220248e8a1286-006971cbdb - 0.0281 - - 1769065435.818331957 1769065435.846473217 0
Jan 22 07:03:55 standalone container-server[127956]: 172.20.0.100 - - [22/Jan/2026:07:03:55 +0000] "GET /d1/742/AUTH_975a7ac8986449db81078f63a2865f69/gnocchi.374b0a58-dee7-4798-8faa-788e713738dd" 200 2 "GET http://172.18.0.2:8080/v1/AUTH_975a7ac8986449db81078f63a2865f69/gnocchi.374b0a58-dee7-4798-8faa-788e713738dd?format=json&marker=none_v3&states=listing" "tx0531be6041b74a8092187-006971cbdb" "proxy-server 20" 0.0037 "-" 22 0
Jan 22 07:03:55 standalone proxy-server[130057]: 172.18.0.2 172.18.0.100 22/Jan/2026/07/03/55 GET /v1/AUTH_975a7ac8986449db81078f63a2865f69/gnocchi.374b0a58-dee7-4798-8faa-788e713738dd%3Fformat%3Djson%26marker%3Dnone_v3%26states%3Dlisting HTTP/1.0 200 - python-swiftclient-3.11.1 gAAAAABpcctgVjjM... - 2 - tx0531be6041b74a8092187-006971cbdb - 0.0183 - - 1769065435.850222111 1769065435.868498325 0
Jan 22 07:03:55 standalone object-server[128214]: 172.20.0.100 - - [22/Jan/2026:07:03:55 +0000] "GET /d1/480/AUTH_975a7ac8986449db81078f63a2865f69/gnocchi.374b0a58-dee7-4798-8faa-788e713738dd/1769040000.0_mean_300.0_v3" 200 16 "GET http://172.18.0.2:8080/v1/AUTH_975a7ac8986449db81078f63a2865f69/gnocchi.374b0a58-dee7-4798-8faa-788e713738dd/1769040000.0_mean_300.0_v3" "tx0e3836df9c694236a6968-006971cbdb" "proxy-server 20" 0.0011 "-" 22 0
Jan 22 07:03:55 standalone proxy-server[130057]: 172.18.0.2 172.18.0.100 22/Jan/2026/07/03/55 GET /v1/AUTH_975a7ac8986449db81078f63a2865f69/gnocchi.374b0a58-dee7-4798-8faa-788e713738dd/1769040000.0_mean_300.0_v3 HTTP/1.0 200 - python-swiftclient-3.11.1 gAAAAABpcctgVjjM... - 16 - tx0e3836df9c694236a6968-006971cbdb - 0.0105 - - 1769065435.891838789 1769065435.902308941 0
Jan 22 07:03:55 standalone container-server[127948]: 172.20.0.100 - - [22/Jan/2026:07:03:55 +0000] "PUT /d1/742/AUTH_975a7ac8986449db81078f63a2865f69/gnocchi.374b0a58-dee7-4798-8faa-788e713738dd/1769040000.0_mean_300.0_v3" 201 - "PUT http://172.18.0.2:8080/d1/480/AUTH_975a7ac8986449db81078f63a2865f69/gnocchi.374b0a58-dee7-4798-8faa-788e713738dd/1769040000.0_mean_300.0_v3" "txb5894736893247e9954bc-006971cbdb" "object-server 24" 0.0007 "-" 21 0
Jan 22 07:03:55 standalone object-server[128222]: 172.20.0.100 - - [22/Jan/2026:07:03:55 +0000] "PUT /d1/480/AUTH_975a7ac8986449db81078f63a2865f69/gnocchi.374b0a58-dee7-4798-8faa-788e713738dd/1769040000.0_mean_300.0_v3" 201 - "PUT http://172.18.0.2:8080/v1/AUTH_975a7ac8986449db81078f63a2865f69/gnocchi.374b0a58-dee7-4798-8faa-788e713738dd/1769040000.0_mean_300.0_v3" "txb5894736893247e9954bc-006971cbdb" "proxy-server 20" 0.0110 "-" 24 0
Jan 22 07:03:55 standalone proxy-server[130057]: 172.18.0.2 172.18.0.100 22/Jan/2026/07/03/55 PUT /v1/AUTH_975a7ac8986449db81078f63a2865f69/gnocchi.374b0a58-dee7-4798-8faa-788e713738dd/1769040000.0_mean_300.0_v3 HTTP/1.0 201 - python-swiftclient-3.11.1 gAAAAABpcctgVjjM... 16 - - txb5894736893247e9954bc-006971cbdb - 0.0181 - - 1769065435.905031204 1769065435.923129559 0
Jan 22 07:03:55 standalone container-server[127948]: 172.20.0.100 - - [22/Jan/2026:07:03:55 +0000] "PUT /d1/742/AUTH_975a7ac8986449db81078f63a2865f69/gnocchi.374b0a58-dee7-4798-8faa-788e713738dd/none_v3" 201 - "PUT http://172.18.0.2:8080/d1/102/AUTH_975a7ac8986449db81078f63a2865f69/gnocchi.374b0a58-dee7-4798-8faa-788e713738dd/none_v3" "tx35e418873ffb45e98ab78-006971cbdb" "object-server 22" 0.0007 "-" 21 0
Jan 22 07:03:55 standalone object-server[128214]: 172.20.0.100 - - [22/Jan/2026:07:03:55 +0000] "PUT /d1/102/AUTH_975a7ac8986449db81078f63a2865f69/gnocchi.374b0a58-dee7-4798-8faa-788e713738dd/none_v3" 201 - "PUT http://172.18.0.2:8080/v1/AUTH_975a7ac8986449db81078f63a2865f69/gnocchi.374b0a58-dee7-4798-8faa-788e713738dd/none_v3" "tx35e418873ffb45e98ab78-006971cbdb" "proxy-server 20" 0.0117 "-" 22 0
Jan 22 07:03:55 standalone proxy-server[130057]: 172.18.0.2 172.18.0.100 22/Jan/2026/07/03/55 PUT /v1/AUTH_975a7ac8986449db81078f63a2865f69/gnocchi.374b0a58-dee7-4798-8faa-788e713738dd/none_v3 HTTP/1.0 201 - python-swiftclient-3.11.1 gAAAAABpcctgVjjM... 31 - - tx35e418873ffb45e98ab78-006971cbdb - 0.0203 - - 1769065435.926785707 1769065435.947081327 0
Jan 22 07:04:03 standalone account-server[128007]: 172.20.0.100 - - [22/Jan/2026:07:04:03 +0000] "HEAD /d1/424/AUTH_975a7ac8986449db81078f63a2865f69" 204 - "HEAD http://172.18.0.2:8080/v1/AUTH_975a7ac8986449db81078f63a2865f69?format=json" "txe27ec49836dd4f669b8cf-006971cbe3" "proxy-server 20" 0.0057 "-" 22 -
Jan 22 07:04:03 standalone proxy-server[130057]: - - 22/Jan/2026/07/04/03 HEAD /v1/AUTH_975a7ac8986449db81078f63a2865f69%3Fformat%3Djson HTTP/1.0 204 - Swift - - - - txe27ec49836dd4f669b8cf-006971cbe3 - 0.0122 RL - 1769065443.682845592 1769065443.695026159 -
Jan 22 07:04:03 standalone object-server[128227]: 172.20.0.100 - - [22/Jan/2026:07:04:03 +0000] "GET /d1/102/AUTH_975a7ac8986449db81078f63a2865f69/gnocchi.374b0a58-dee7-4798-8faa-788e713738dd/none_v3" 200 31 "GET http://172.18.0.2:8080/v1/AUTH_975a7ac8986449db81078f63a2865f69/gnocchi.374b0a58-dee7-4798-8faa-788e713738dd/none_v3" "txe27ec49836dd4f669b8cf-006971cbe3" "proxy-server 20" 0.0020 "-" 25 0
Jan 22 07:04:03 standalone proxy-server[130057]: 172.18.0.2 172.18.0.100 22/Jan/2026/07/04/03 GET /v1/AUTH_975a7ac8986449db81078f63a2865f69/gnocchi.374b0a58-dee7-4798-8faa-788e713738dd/none_v3 HTTP/1.0 200 - python-swiftclient-3.11.1 gAAAAABpcctgVjjM... - 31 - txe27ec49836dd4f669b8cf-006971cbe3 - 0.0292 - - 1769065443.681179285 1769065443.710330009 0
Jan 22 07:04:03 standalone container-server[127948]: 172.20.0.100 - - [22/Jan/2026:07:04:03 +0000] "GET /d1/742/AUTH_975a7ac8986449db81078f63a2865f69/gnocchi.374b0a58-dee7-4798-8faa-788e713738dd" 200 357 "GET http://172.18.0.2:8080/v1/AUTH_975a7ac8986449db81078f63a2865f69/gnocchi.374b0a58-dee7-4798-8faa-788e713738dd?format=json&states=listing" "tx7a28c6130aad4e8e98459-006971cbe3" "proxy-server 20" 0.0108 "-" 21 0
Jan 22 07:04:03 standalone proxy-server[130057]: 172.18.0.2 172.18.0.100 22/Jan/2026/07/04/03 GET /v1/AUTH_975a7ac8986449db81078f63a2865f69/gnocchi.374b0a58-dee7-4798-8faa-788e713738dd%3Fformat%3Djson%26states%3Dlisting HTTP/1.0 200 - python-swiftclient-3.11.1 gAAAAABpcctgVjjM... - 357 - tx7a28c6130aad4e8e98459-006971cbe3 - 0.0253 - - 1769065443.714548111 1769065443.739877701 0
Jan 22 07:04:03 standalone container-server[127938]: 172.20.0.100 - - [22/Jan/2026:07:04:03 +0000] "GET /d1/742/AUTH_975a7ac8986449db81078f63a2865f69/gnocchi.374b0a58-dee7-4798-8faa-788e713738dd" 200 2 "GET http://172.18.0.2:8080/v1/AUTH_975a7ac8986449db81078f63a2865f69/gnocchi.374b0a58-dee7-4798-8faa-788e713738dd?format=json&marker=none_v3&states=listing" "txc2ba07e8b34745dca127a-006971cbe3" "proxy-server 20" 0.0036 "-" 19 0
Jan 22 07:04:03 standalone proxy-server[130057]: 172.18.0.2 172.18.0.100 22/Jan/2026/07/04/03 GET /v1/AUTH_975a7ac8986449db81078f63a2865f69/gnocchi.374b0a58-dee7-4798-8faa-788e713738dd%3Fformat%3Djson%26marker%3Dnone_v3%26states%3Dlisting HTTP/1.0 200 - python-swiftclient-3.11.1 gAAAAABpcctgVjjM... - 2 - txc2ba07e8b34745dca127a-006971cbe3 - 0.0255 - - 1769065443.743280172 1769065443.768796206 0
Jan 22 07:04:03 standalone object-server[128222]: 172.20.0.100 - - [22/Jan/2026:07:04:03 +0000] "GET /d1/480/AUTH_975a7ac8986449db81078f63a2865f69/gnocchi.374b0a58-dee7-4798-8faa-788e713738dd/1769040000.0_mean_300.0_v3" 200 16 "GET http://172.18.0.2:8080/v1/AUTH_975a7ac8986449db81078f63a2865f69/gnocchi.374b0a58-dee7-4798-8faa-788e713738dd/1769040000.0_mean_300.0_v3" "txf0e2a08a01d6432c9467f-006971cbe3" "proxy-server 20" 0.0010 "-" 24 0
Jan 22 07:04:03 standalone proxy-server[130057]: 172.18.0.2 172.18.0.100 22/Jan/2026/07/04/03 GET /v1/AUTH_975a7ac8986449db81078f63a2865f69/gnocchi.374b0a58-dee7-4798-8faa-788e713738dd/1769040000.0_mean_300.0_v3 HTTP/1.0 200 - python-swiftclient-3.11.1 gAAAAABpcctgVjjM... - 16 - txf0e2a08a01d6432c9467f-006971cbe3 - 0.0096 - - 1769065443.774185658 1769065443.783829451 0
Jan 22 07:04:03 standalone container-server[127948]: 172.20.0.100 - - [22/Jan/2026:07:04:03 +0000] "PUT /d1/742/AUTH_975a7ac8986449db81078f63a2865f69/gnocchi.374b0a58-dee7-4798-8faa-788e713738dd/1769040000.0_mean_300.0_v3" 201 - "PUT http://172.18.0.2:8080/d1/480/AUTH_975a7ac8986449db81078f63a2865f69/gnocchi.374b0a58-dee7-4798-8faa-788e713738dd/1769040000.0_mean_300.0_v3" "tx1789a9fcecf745109f612-006971cbe3" "object-server 24" 0.0010 "-" 21 0
Jan 22 07:04:03 standalone object-server[128222]: 172.20.0.100 - - [22/Jan/2026:07:04:03 +0000] "PUT /d1/480/AUTH_975a7ac8986449db81078f63a2865f69/gnocchi.374b0a58-dee7-4798-8faa-788e713738dd/1769040000.0_mean_300.0_v3" 201 - "PUT http://172.18.0.2:8080/v1/AUTH_975a7ac8986449db81078f63a2865f69/gnocchi.374b0a58-dee7-4798-8faa-788e713738dd/1769040000.0_mean_300.0_v3" "tx1789a9fcecf745109f612-006971cbe3" "proxy-server 20" 0.0098 "-" 24 0
Jan 22 07:04:03 standalone proxy-server[130057]: 172.18.0.2 172.18.0.100 22/Jan/2026/07/04/03 PUT /v1/AUTH_975a7ac8986449db81078f63a2865f69/gnocchi.374b0a58-dee7-4798-8faa-788e713738dd/1769040000.0_mean_300.0_v3 HTTP/1.0 201 - python-swiftclient-3.11.1 gAAAAABpcctgVjjM... 16 - - tx1789a9fcecf745109f612-006971cbe3 - 0.0165 - - 1769065443.787581682 1769065443.804038286 0
Jan 22 07:04:03 standalone container-server[127948]: 172.20.0.100 - - [22/Jan/2026:07:04:03 +0000] "PUT /d1/742/AUTH_975a7ac8986449db81078f63a2865f69/gnocchi.374b0a58-dee7-4798-8faa-788e713738dd/none_v3" 201 - "PUT http://172.18.0.2:8080/d1/102/AUTH_975a7ac8986449db81078f63a2865f69/gnocchi.374b0a58-dee7-4798-8faa-788e713738dd/none_v3" "tx4ddec64f1fb14a60927c7-006971cbe3" "object-server 23" 0.0009 "-" 21 0
Jan 22 07:04:03 standalone object-server[128216]: 172.20.0.100 - - [22/Jan/2026:07:04:03 +0000] "PUT /d1/102/AUTH_975a7ac8986449db81078f63a2865f69/gnocchi.374b0a58-dee7-4798-8faa-788e713738dd/none_v3" 201 - "PUT http://172.18.0.2:8080/v1/AUTH_975a7ac8986449db81078f63a2865f69/gnocchi.374b0a58-dee7-4798-8faa-788e713738dd/none_v3" "tx4ddec64f1fb14a60927c7-006971cbe3" "proxy-server 20" 0.0215 "-" 23 0
Jan 22 07:04:03 standalone proxy-server[130057]: 172.18.0.2 172.18.0.100 22/Jan/2026/07/04/03 PUT /v1/AUTH_975a7ac8986449db81078f63a2865f69/gnocchi.374b0a58-dee7-4798-8faa-788e713738dd/none_v3 HTTP/1.0 201 - python-swiftclient-3.11.1 gAAAAABpcctgVjjM... 46 - - tx4ddec64f1fb14a60927c7-006971cbe3 - 0.0292 - - 1769065443.812358618 1769065443.841530323 0
Jan 22 07:04:04 standalone object-server[128214]: 172.20.0.100 - - [22/Jan/2026:07:04:04 +0000] "GET /d1/102/AUTH_975a7ac8986449db81078f63a2865f69/gnocchi.374b0a58-dee7-4798-8faa-788e713738dd/none_v3" 200 46 "GET http://172.18.0.2:8080/v1/AUTH_975a7ac8986449db81078f63a2865f69/gnocchi.374b0a58-dee7-4798-8faa-788e713738dd/none_v3" "tx5164d7c76dbf4ac18dcd8-006971cbe4" "proxy-server 20" 0.0008 "-" 22 0
Jan 22 07:04:04 standalone proxy-server[130057]: 172.18.0.2 172.18.0.100 22/Jan/2026/07/04/04 GET /v1/AUTH_975a7ac8986449db81078f63a2865f69/gnocchi.374b0a58-dee7-4798-8faa-788e713738dd/none_v3 HTTP/1.0 200 - python-swiftclient-3.11.1 gAAAAABpcctgVjjM... - 46 - tx5164d7c76dbf4ac18dcd8-006971cbe4 - 0.0081 - - 1769065444.441258669 1769065444.449392557 0
Jan 22 07:04:04 standalone container-server[127938]: 172.20.0.100 - - [22/Jan/2026:07:04:04 +0000] "GET /d1/742/AUTH_975a7ac8986449db81078f63a2865f69/gnocchi.374b0a58-dee7-4798-8faa-788e713738dd" 200 357 "GET http://172.18.0.2:8080/v1/AUTH_975a7ac8986449db81078f63a2865f69/gnocchi.374b0a58-dee7-4798-8faa-788e713738dd?format=json&states=listing" "tx461ee2acd40e4c36a0e86-006971cbe4" "proxy-server 20" 0.0121 "-" 19 0
Jan 22 07:04:04 standalone proxy-server[130057]: 172.18.0.2 172.18.0.100 22/Jan/2026/07/04/04 GET /v1/AUTH_975a7ac8986449db81078f63a2865f69/gnocchi.374b0a58-dee7-4798-8faa-788e713738dd%3Fformat%3Djson%26states%3Dlisting HTTP/1.0 200 - python-swiftclient-3.11.1 gAAAAABpcctgVjjM... - 357 - tx461ee2acd40e4c36a0e86-006971cbe4 - 0.0466 - - 1769065444.453993797 1769065444.500599623 0
Jan 22 07:04:04 standalone container-server[127938]: 172.20.0.100 - - [22/Jan/2026:07:04:04 +0000] "GET /d1/742/AUTH_975a7ac8986449db81078f63a2865f69/gnocchi.374b0a58-dee7-4798-8faa-788e713738dd" 200 2 "GET http://172.18.0.2:8080/v1/AUTH_975a7ac8986449db81078f63a2865f69/gnocchi.374b0a58-dee7-4798-8faa-788e713738dd?format=json&marker=none_v3&states=listing" "txf591a061b547491394223-006971cbe4" "proxy-server 20" 0.0024 "-" 19 0
Jan 22 07:04:04 standalone proxy-server[130057]: 172.18.0.2 172.18.0.100 22/Jan/2026/07/04/04 GET /v1/AUTH_975a7ac8986449db81078f63a2865f69/gnocchi.374b0a58-dee7-4798-8faa-788e713738dd%3Fformat%3Djson%26marker%3Dnone_v3%26states%3Dlisting HTTP/1.0 200 - python-swiftclient-3.11.1 gAAAAABpcctgVjjM... - 2 - txf591a061b547491394223-006971cbe4 - 0.0121 - - 1769065444.503794909 1769065444.515888929 0
Jan 22 07:04:04 standalone object-server[128216]: 172.20.0.100 - - [22/Jan/2026:07:04:04 +0000] "GET /d1/480/AUTH_975a7ac8986449db81078f63a2865f69/gnocchi.374b0a58-dee7-4798-8faa-788e713738dd/1769040000.0_mean_300.0_v3" 200 16 "GET http://172.18.0.2:8080/v1/AUTH_975a7ac8986449db81078f63a2865f69/gnocchi.374b0a58-dee7-4798-8faa-788e713738dd/1769040000.0_mean_300.0_v3" "tx4d0e256a5876496495a10-006971cbe4" "proxy-server 20" 0.0007 "-" 23 0
Jan 22 07:04:04 standalone proxy-server[130057]: 172.18.0.2 172.18.0.100 22/Jan/2026/07/04/04 GET /v1/AUTH_975a7ac8986449db81078f63a2865f69/gnocchi.374b0a58-dee7-4798-8faa-788e713738dd/1769040000.0_mean_300.0_v3 HTTP/1.0 200 - python-swiftclient-3.11.1 gAAAAABpcctgVjjM... - 16 - tx4d0e256a5876496495a10-006971cbe4 - 0.0067 - - 1769065444.523194790 1769065444.529892921 0
Jan 22 07:04:04 standalone container-server[127942]: 172.20.0.100 - - [22/Jan/2026:07:04:04 +0000] "PUT /d1/742/AUTH_975a7ac8986449db81078f63a2865f69/gnocchi.374b0a58-dee7-4798-8faa-788e713738dd/1769040000.0_mean_300.0_v3" 201 - "PUT http://172.18.0.2:8080/d1/480/AUTH_975a7ac8986449db81078f63a2865f69/gnocchi.374b0a58-dee7-4798-8faa-788e713738dd/1769040000.0_mean_300.0_v3" "tx467f102fa218479cb3a20-006971cbe4" "object-server 22" 0.0006 "-" 20 0
Jan 22 07:04:04 standalone object-server[128214]: 172.20.0.100 - - [22/Jan/2026:07:04:04 +0000] "PUT /d1/480/AUTH_975a7ac8986449db81078f63a2865f69/gnocchi.374b0a58-dee7-4798-8faa-788e713738dd/1769040000.0_mean_300.0_v3" 201 - "PUT http://172.18.0.2:8080/v1/AUTH_975a7ac8986449db81078f63a2865f69/gnocchi.374b0a58-dee7-4798-8faa-788e713738dd/1769040000.0_mean_300.0_v3" "tx467f102fa218479cb3a20-006971cbe4" "proxy-server 20" 0.0111 "-" 22 0
Jan 22 07:04:04 standalone proxy-server[130057]: 172.18.0.2 172.18.0.100 22/Jan/2026/07/04/04 PUT /v1/AUTH_975a7ac8986449db81078f63a2865f69/gnocchi.374b0a58-dee7-4798-8faa-788e713738dd/1769040000.0_mean_300.0_v3 HTTP/1.0 201 - python-swiftclient-3.11.1 gAAAAABpcctgVjjM... 16 - - tx467f102fa218479cb3a20-006971cbe4 - 0.0202 - - 1769065444.533769369 1769065444.554002762 0
Jan 22 07:04:04 standalone container-server[127956]: 172.20.0.100 - - [22/Jan/2026:07:04:04 +0000] "PUT /d1/742/AUTH_975a7ac8986449db81078f63a2865f69/gnocchi.374b0a58-dee7-4798-8faa-788e713738dd/none_v3" 201 - "PUT http://172.18.0.2:8080/d1/102/AUTH_975a7ac8986449db81078f63a2865f69/gnocchi.374b0a58-dee7-4798-8faa-788e713738dd/none_v3" "tx6d161a4193744fb7a1268-006971cbe4" "object-server 23" 0.0007 "-" 22 0
Jan 22 07:04:04 standalone object-server[128216]: 172.20.0.100 - - [22/Jan/2026:07:04:04 +0000] "PUT /d1/102/AUTH_975a7ac8986449db81078f63a2865f69/gnocchi.374b0a58-dee7-4798-8faa-788e713738dd/none_v3" 201 - "PUT http://172.18.0.2:8080/v1/AUTH_975a7ac8986449db81078f63a2865f69/gnocchi.374b0a58-dee7-4798-8faa-788e713738dd/none_v3" "tx6d161a4193744fb7a1268-006971cbe4" "proxy-server 20" 0.0079 "-" 23 0
Jan 22 07:04:04 standalone proxy-server[130057]: 172.18.0.2 172.18.0.100 22/Jan/2026/07/04/04 PUT /v1/AUTH_975a7ac8986449db81078f63a2865f69/gnocchi.374b0a58-dee7-4798-8faa-788e713738dd/none_v3 HTTP/1.0 201 - python-swiftclient-3.11.1 gAAAAABpcctgVjjM... 51 - - tx6d161a4193744fb7a1268-006971cbe4 - 0.0128 - - 1769065444.558309078 1769065444.571092129 0
Jan 22 07:04:04 standalone account-server[127997]: 172.20.0.100 - - [22/Jan/2026:07:04:04 +0000] "HEAD /d1/571/.expiring_objects" 404 - "HEAD http://localhost/v1/.expiring_objects?format=json" "txf334a7fd83f3425fbc726-006971cbe4" "proxy-server 2" 0.0004 "-" 21 -
Jan 22 07:04:04 standalone object-expirer[128040]: Pass completed in 0s; 0 objects expired (txn: txf334a7fd83f3425fbc726-006971cbe4)
Jan 22 07:04:07 standalone container-server[127938]: 172.20.0.100 - - [22/Jan/2026:07:04:07 +0000] "HEAD /d1/123/AUTH_975a7ac8986449db81078f63a2865f69/gnocchi.0fc97bba-0f44-4058-8c09-2c72833a76d9" 404 - "HEAD http://172.18.0.2:8080/v1/AUTH_975a7ac8986449db81078f63a2865f69/gnocchi.0fc97bba-0f44-4058-8c09-2c72833a76d9?format=json&states=listing" "tx4aff0851310443929e45c-006971cbe7" "proxy-server 20" 0.0004 "-" 19 0
Jan 22 07:04:07 standalone object-server[128227]: 172.20.0.100 - - [22/Jan/2026:07:04:07 +0000] "GET /d1/500/AUTH_975a7ac8986449db81078f63a2865f69/gnocchi.0fc97bba-0f44-4058-8c09-2c72833a76d9/none_v3" 404 70 "GET http://172.18.0.2:8080/v1/AUTH_975a7ac8986449db81078f63a2865f69/gnocchi.0fc97bba-0f44-4058-8c09-2c72833a76d9/none_v3" "tx4aff0851310443929e45c-006971cbe7" "proxy-server 20" 0.0008 "-" 25 0
Jan 22 07:04:07 standalone proxy-server[130057]: 172.18.0.2 172.18.0.100 22/Jan/2026/07/04/07 GET /v1/AUTH_975a7ac8986449db81078f63a2865f69/gnocchi.0fc97bba-0f44-4058-8c09-2c72833a76d9/none_v3 HTTP/1.0 404 - python-swiftclient-3.11.1 gAAAAABpcctgVjjM... - 70 - tx4aff0851310443929e45c-006971cbe7 - 0.0112 - - 1769065447.247422457 1769065447.258612633 0
Jan 22 07:04:07 standalone account-server[128007]: 172.20.0.100 - - [22/Jan/2026:07:04:07 +0000] "PUT /d1/424/AUTH_975a7ac8986449db81078f63a2865f69/gnocchi.0fc97bba-0f44-4058-8c09-2c72833a76d9" 201 - "PUT http://172.20.0.100:6001/d1/123/AUTH_975a7ac8986449db81078f63a2865f69/gnocchi.0fc97bba-0f44-4058-8c09-2c72833a76d9" "tx8e0f097dc73a49a4a1b22-006971cbe7" "container-server 19" 0.0024 "-" 22 0
Jan 22 07:04:07 standalone container-server[127938]: 172.20.0.100 - - [22/Jan/2026:07:04:07 +0000] "PUT /d1/123/AUTH_975a7ac8986449db81078f63a2865f69/gnocchi.0fc97bba-0f44-4058-8c09-2c72833a76d9" 201 - "PUT http://172.18.0.2:8080/v1/AUTH_975a7ac8986449db81078f63a2865f69/gnocchi.0fc97bba-0f44-4058-8c09-2c72833a76d9" "tx8e0f097dc73a49a4a1b22-006971cbe7" "proxy-server 20" 0.0157 "-" 19 0
Jan 22 07:04:07 standalone proxy-server[130057]: 172.18.0.2 172.18.0.100 22/Jan/2026/07/04/07 PUT /v1/AUTH_975a7ac8986449db81078f63a2865f69/gnocchi.0fc97bba-0f44-4058-8c09-2c72833a76d9 HTTP/1.0 201 - python-swiftclient-3.11.1 gAAAAABpcctgVjjM... - - - tx8e0f097dc73a49a4a1b22-006971cbe7 - 0.0224 - - 1769065447.272770166 1769065447.295206547 0
Jan 22 07:04:07 standalone container-server[127942]: 172.20.0.100 - - [22/Jan/2026:07:04:07 +0000] "HEAD /d1/123/AUTH_975a7ac8986449db81078f63a2865f69/gnocchi.0fc97bba-0f44-4058-8c09-2c72833a76d9" 204 - "HEAD http://172.18.0.2:8080/v1/AUTH_975a7ac8986449db81078f63a2865f69/gnocchi.0fc97bba-0f44-4058-8c09-2c72833a76d9?format=json&states=listing" "txc042e645f57c437ebec7b-006971cbe7" "proxy-server 20" 0.0022 "-" 20 0
Jan 22 07:04:07 standalone proxy-server[130057]: - - 22/Jan/2026/07/04/07 HEAD /v1/AUTH_975a7ac8986449db81078f63a2865f69/gnocchi.0fc97bba-0f44-4058-8c09-2c72833a76d9%3Fformat%3Djson%26states%3Dlisting HTTP/1.0 204 - Swift - - - - txc042e645f57c437ebec7b-006971cbe7 - 0.0070 RL - 1769065447.301859856 1769065447.308837652 0
Jan 22 07:04:07 standalone container-server[127942]: 172.20.0.100 - - [22/Jan/2026:07:04:07 +0000] "GET /d1/123/AUTH_975a7ac8986449db81078f63a2865f69/gnocchi.0fc97bba-0f44-4058-8c09-2c72833a76d9" 200 2 "GET http://172.18.0.2:8080/v1/AUTH_975a7ac8986449db81078f63a2865f69/gnocchi.0fc97bba-0f44-4058-8c09-2c72833a76d9?format=json&states=listing" "txc042e645f57c437ebec7b-006971cbe7" "proxy-server 20" 0.0052 "-" 20 0
Jan 22 07:04:07 standalone proxy-server[130057]: 172.18.0.2 172.18.0.100 22/Jan/2026/07/04/07 GET /v1/AUTH_975a7ac8986449db81078f63a2865f69/gnocchi.0fc97bba-0f44-4058-8c09-2c72833a76d9%3Fformat%3Djson%26states%3Dlisting HTTP/1.0 200 - python-swiftclient-3.11.1 gAAAAABpcctgVjjM... - 2 - txc042e645f57c437ebec7b-006971cbe7 - 0.0227 - - 1769065447.299377680 1769065447.322071791 0
Jan 22 07:04:07 standalone object-server[128227]: 172.20.0.100 - - [22/Jan/2026:07:04:07 +0000] "GET /d1/758/AUTH_975a7ac8986449db81078f63a2865f69/gnocchi.0fc97bba-0f44-4058-8c09-2c72833a76d9/1769040000.0_mean_300.0_v3" 404 70 "GET http://172.18.0.2:8080/v1/AUTH_975a7ac8986449db81078f63a2865f69/gnocchi.0fc97bba-0f44-4058-8c09-2c72833a76d9/1769040000.0_mean_300.0_v3" "tx60f10190af0b4813b2002-006971cbe7" "proxy-server 20" 0.0004 "-" 25 0
Jan 22 07:04:07 standalone proxy-server[130057]: 172.18.0.2 172.18.0.100 22/Jan/2026/07/04/07 GET /v1/AUTH_975a7ac8986449db81078f63a2865f69/gnocchi.0fc97bba-0f44-4058-8c09-2c72833a76d9/1769040000.0_mean_300.0_v3 HTTP/1.0 404 - python-swiftclient-3.11.1 gAAAAABpcctgVjjM... - 70 - tx60f10190af0b4813b2002-006971cbe7 - 0.0060 - - 1769065447.327262163 1769065447.333309650 0
Jan 22 07:04:07 standalone container-server[127956]: 172.20.0.100 - - [22/Jan/2026:07:04:07 +0000] "PUT /d1/123/AUTH_975a7ac8986449db81078f63a2865f69/gnocchi.0fc97bba-0f44-4058-8c09-2c72833a76d9/1769040000.0_mean_300.0_v3" 201 - "PUT http://172.18.0.2:8080/d1/758/AUTH_975a7ac8986449db81078f63a2865f69/gnocchi.0fc97bba-0f44-4058-8c09-2c72833a76d9/1769040000.0_mean_300.0_v3" "tx98c08e0af908405d9eef8-006971cbe7" "object-server 25" 0.0011 "-" 22 0
Jan 22 07:04:07 standalone object-server[128227]: 172.20.0.100 - - [22/Jan/2026:07:04:07 +0000] "PUT /d1/758/AUTH_975a7ac8986449db81078f63a2865f69/gnocchi.0fc97bba-0f44-4058-8c09-2c72833a76d9/1769040000.0_mean_300.0_v3" 201 - "PUT http://172.18.0.2:8080/v1/AUTH_975a7ac8986449db81078f63a2865f69/gnocchi.0fc97bba-0f44-4058-8c09-2c72833a76d9/1769040000.0_mean_300.0_v3" "tx98c08e0af908405d9eef8-006971cbe7" "proxy-server 20" 0.0122 "-" 25 0
Jan 22 07:04:07 standalone proxy-server[130057]: 172.18.0.2 172.18.0.100 22/Jan/2026/07/04/07 PUT /v1/AUTH_975a7ac8986449db81078f63a2865f69/gnocchi.0fc97bba-0f44-4058-8c09-2c72833a76d9/1769040000.0_mean_300.0_v3 HTTP/1.0 201 - python-swiftclient-3.11.1 gAAAAABpcctgVjjM... 16 - - tx98c08e0af908405d9eef8-006971cbe7 - 0.0198 - - 1769065447.337616444 1769065447.357406139 0
Jan 22 07:04:07 standalone container-server[127938]: 172.20.0.100 - - [22/Jan/2026:07:04:07 +0000] "PUT /d1/123/AUTH_975a7ac8986449db81078f63a2865f69/gnocchi.0fc97bba-0f44-4058-8c09-2c72833a76d9/none_v3" 201 - "PUT http://172.18.0.2:8080/d1/500/AUTH_975a7ac8986449db81078f63a2865f69/gnocchi.0fc97bba-0f44-4058-8c09-2c72833a76d9/none_v3" "tx198c56d65e6c464181ff8-006971cbe7" "object-server 23" 0.0005 "-" 19 0
Jan 22 07:04:07 standalone object-server[128216]: 172.20.0.100 - - [22/Jan/2026:07:04:07 +0000] "PUT /d1/500/AUTH_975a7ac8986449db81078f63a2865f69/gnocchi.0fc97bba-0f44-4058-8c09-2c72833a76d9/none_v3" 201 - "PUT http://172.18.0.2:8080/v1/AUTH_975a7ac8986449db81078f63a2865f69/gnocchi.0fc97bba-0f44-4058-8c09-2c72833a76d9/none_v3" "tx198c56d65e6c464181ff8-006971cbe7" "proxy-server 20" 0.0139 "-" 23 0
Jan 22 07:04:07 standalone proxy-server[130057]: 172.18.0.2 172.18.0.100 22/Jan/2026/07/04/07 PUT /v1/AUTH_975a7ac8986449db81078f63a2865f69/gnocchi.0fc97bba-0f44-4058-8c09-2c72833a76d9/none_v3 HTTP/1.0 201 - python-swiftclient-3.11.1 gAAAAABpcctgVjjM... 22 - - tx198c56d65e6c464181ff8-006971cbe7 - 0.0255 - - 1769065447.362415075 1769065447.387912750 0
Jan 22 07:04:07 standalone container-server[127956]: 172.20.0.100 - - [22/Jan/2026:07:04:07 +0000] "HEAD /d1/143/AUTH_975a7ac8986449db81078f63a2865f69/gnocchi.87818cfa-448e-4569-bda1-52c093f50204" 404 - "HEAD http://172.18.0.2:8080/v1/AUTH_975a7ac8986449db81078f63a2865f69/gnocchi.87818cfa-448e-4569-bda1-52c093f50204?format=json&states=listing" "tx71dafe4b007d4e479e199-006971cbe7" "proxy-server 20" 0.0012 "-" 22 0
Jan 22 07:04:07 standalone object-server[128216]: 172.20.0.100 - - [22/Jan/2026:07:04:07 +0000] "GET /d1/371/AUTH_975a7ac8986449db81078f63a2865f69/gnocchi.87818cfa-448e-4569-bda1-52c093f50204/none_v3" 404 70 "GET http://172.18.0.2:8080/v1/AUTH_975a7ac8986449db81078f63a2865f69/gnocchi.87818cfa-448e-4569-bda1-52c093f50204/none_v3" "tx71dafe4b007d4e479e199-006971cbe7" "proxy-server 20" 0.0006 "-" 23 0
Jan 22 07:04:07 standalone proxy-server[130057]: 172.18.0.2 172.18.0.100 22/Jan/2026/07/04/07 GET /v1/AUTH_975a7ac8986449db81078f63a2865f69/gnocchi.87818cfa-448e-4569-bda1-52c093f50204/none_v3 HTTP/1.0 404 - python-swiftclient-3.11.1 gAAAAABpcctgVjjM... - 70 - tx71dafe4b007d4e479e199-006971cbe7 - 0.0233 - - 1769065447.418695450 1769065447.441980362 0
Jan 22 07:04:07 standalone account-server[127997]: 172.20.0.100 - - [22/Jan/2026:07:04:07 +0000] "PUT /d1/424/AUTH_975a7ac8986449db81078f63a2865f69/gnocchi.87818cfa-448e-4569-bda1-52c093f50204" 201 - "PUT http://172.20.0.100:6001/d1/143/AUTH_975a7ac8986449db81078f63a2865f69/gnocchi.87818cfa-448e-4569-bda1-52c093f50204" "tx28359f9ad4d347a484288-006971cbe7" "container-server 22" 0.0047 "-" 21 0
Jan 22 07:04:07 standalone container-server[127956]: 172.20.0.100 - - [22/Jan/2026:07:04:07 +0000] "PUT /d1/143/AUTH_975a7ac8986449db81078f63a2865f69/gnocchi.87818cfa-448e-4569-bda1-52c093f50204" 201 - "PUT http://172.18.0.2:8080/v1/AUTH_975a7ac8986449db81078f63a2865f69/gnocchi.87818cfa-448e-4569-bda1-52c093f50204" "tx28359f9ad4d347a484288-006971cbe7" "proxy-server 20" 0.0168 "-" 22 0
Jan 22 07:04:07 standalone proxy-server[130057]: 172.18.0.2 172.18.0.100 22/Jan/2026/07/04/07 PUT /v1/AUTH_975a7ac8986449db81078f63a2865f69/gnocchi.87818cfa-448e-4569-bda1-52c093f50204 HTTP/1.0 201 - python-swiftclient-3.11.1 gAAAAABpcctgVjjM... - - - tx28359f9ad4d347a484288-006971cbe7 - 0.0353 - - 1769065447.447319508 1769065447.482573748 0
Jan 22 07:04:07 standalone container-server[127938]: 172.20.0.100 - - [22/Jan/2026:07:04:07 +0000] "HEAD /d1/143/AUTH_975a7ac8986449db81078f63a2865f69/gnocchi.87818cfa-448e-4569-bda1-52c093f50204" 204 - "HEAD http://172.18.0.2:8080/v1/AUTH_975a7ac8986449db81078f63a2865f69/gnocchi.87818cfa-448e-4569-bda1-52c093f50204?format=json&states=listing" "tx67ec4bb967e6471f93b6f-006971cbe7" "proxy-server 20" 0.0012 "-" 19 0
Jan 22 07:04:07 standalone proxy-server[130057]: - - 22/Jan/2026/07/04/07 HEAD /v1/AUTH_975a7ac8986449db81078f63a2865f69/gnocchi.87818cfa-448e-4569-bda1-52c093f50204%3Fformat%3Djson%26states%3Dlisting HTTP/1.0 204 - Swift - - - - tx67ec4bb967e6471f93b6f-006971cbe7 - 0.0046 RL - 1769065447.489732504 1769065447.494283676 0
Jan 22 07:04:07 standalone container-server[127956]: 172.20.0.100 - - [22/Jan/2026:07:04:07 +0000] "GET /d1/143/AUTH_975a7ac8986449db81078f63a2865f69/gnocchi.87818cfa-448e-4569-bda1-52c093f50204" 200 2 "GET http://172.18.0.2:8080/v1/AUTH_975a7ac8986449db81078f63a2865f69/gnocchi.87818cfa-448e-4569-bda1-52c093f50204?format=json&states=listing" "tx67ec4bb967e6471f93b6f-006971cbe7" "proxy-server 20" 0.0018 "-" 22 0
Jan 22 07:04:07 standalone proxy-server[130057]: 172.18.0.2 172.18.0.100 22/Jan/2026/07/04/07 GET /v1/AUTH_975a7ac8986449db81078f63a2865f69/gnocchi.87818cfa-448e-4569-bda1-52c093f50204%3Fformat%3Djson%26states%3Dlisting HTTP/1.0 200 - python-swiftclient-3.11.1 gAAAAABpcctgVjjM... - 2 - tx67ec4bb967e6471f93b6f-006971cbe7 - 0.0160 - - 1769065447.487891197 1769065447.503865004 0
Jan 22 07:04:07 standalone object-server[128222]: 172.20.0.100 - - [22/Jan/2026:07:04:07 +0000] "GET /d1/467/AUTH_975a7ac8986449db81078f63a2865f69/gnocchi.87818cfa-448e-4569-bda1-52c093f50204/1769040000.0_mean_300.0_v3" 404 70 "GET http://172.18.0.2:8080/v1/AUTH_975a7ac8986449db81078f63a2865f69/gnocchi.87818cfa-448e-4569-bda1-52c093f50204/1769040000.0_mean_300.0_v3" "tx3f4419d9efd4418f942f7-006971cbe7" "proxy-server 20" 0.0006 "-" 24 0
Jan 22 07:04:07 standalone proxy-server[130057]: 172.18.0.2 172.18.0.100 22/Jan/2026/07/04/07 GET /v1/AUTH_975a7ac8986449db81078f63a2865f69/gnocchi.87818cfa-448e-4569-bda1-52c093f50204/1769040000.0_mean_300.0_v3 HTTP/1.0 404 - python-swiftclient-3.11.1 gAAAAABpcctgVjjM... - 70 - tx3f4419d9efd4418f942f7-006971cbe7 - 0.0085 - - 1769065447.508780241 1769065447.517272949 0
Jan 22 07:04:07 standalone container-server[127956]: 172.20.0.100 - - [22/Jan/2026:07:04:07 +0000] "PUT /d1/143/AUTH_975a7ac8986449db81078f63a2865f69/gnocchi.87818cfa-448e-4569-bda1-52c093f50204/1769040000.0_mean_300.0_v3" 201 - "PUT http://172.18.0.2:8080/d1/467/AUTH_975a7ac8986449db81078f63a2865f69/gnocchi.87818cfa-448e-4569-bda1-52c093f50204/1769040000.0_mean_300.0_v3" "tx1bebccdca6154e4195257-006971cbe7" "object-server 23" 0.0005 "-" 22 0
Jan 22 07:04:07 standalone object-server[128216]: 172.20.0.100 - - [22/Jan/2026:07:04:07 +0000] "PUT /d1/467/AUTH_975a7ac8986449db81078f63a2865f69/gnocchi.87818cfa-448e-4569-bda1-52c093f50204/1769040000.0_mean_300.0_v3" 201 - "PUT http://172.18.0.2:8080/v1/AUTH_975a7ac8986449db81078f63a2865f69/gnocchi.87818cfa-448e-4569-bda1-52c093f50204/1769040000.0_mean_300.0_v3" "tx1bebccdca6154e4195257-006971cbe7" "proxy-server 20" 0.0086 "-" 23 0
Jan 22 07:04:07 standalone proxy-server[130057]: 172.18.0.2 172.18.0.100 22/Jan/2026/07/04/07 PUT /v1/AUTH_975a7ac8986449db81078f63a2865f69/gnocchi.87818cfa-448e-4569-bda1-52c093f50204/1769040000.0_mean_300.0_v3 HTTP/1.0 201 - python-swiftclient-3.11.1 gAAAAABpcctgVjjM... 16 - - tx1bebccdca6154e4195257-006971cbe7 - 0.0147 - - 1769065447.520033836 1769065447.534743786 0
Jan 22 07:04:07 standalone container-server[127942]: 172.20.0.100 - - [22/Jan/2026:07:04:07 +0000] "PUT /d1/143/AUTH_975a7ac8986449db81078f63a2865f69/gnocchi.87818cfa-448e-4569-bda1-52c093f50204/none_v3" 201 - "PUT http://172.18.0.2:8080/d1/371/AUTH_975a7ac8986449db81078f63a2865f69/gnocchi.87818cfa-448e-4569-bda1-52c093f50204/none_v3" "tx61080ce6888b46659dd36-006971cbe7" "object-server 24" 0.0007 "-" 20 0
Jan 22 07:04:07 standalone object-server[128222]: 172.20.0.100 - - [22/Jan/2026:07:04:07 +0000] "PUT /d1/371/AUTH_975a7ac8986449db81078f63a2865f69/gnocchi.87818cfa-448e-4569-bda1-52c093f50204/none_v3" 201 - "PUT http://172.18.0.2:8080/v1/AUTH_975a7ac8986449db81078f63a2865f69/gnocchi.87818cfa-448e-4569-bda1-52c093f50204/none_v3" "tx61080ce6888b46659dd36-006971cbe7" "proxy-server 20" 0.0106 "-" 24 0
Jan 22 07:04:07 standalone proxy-server[130057]: 172.18.0.2 172.18.0.100 22/Jan/2026/07/04/07 PUT /v1/AUTH_975a7ac8986449db81078f63a2865f69/gnocchi.87818cfa-448e-4569-bda1-52c093f50204/none_v3 HTTP/1.0 201 - python-swiftclient-3.11.1 gAAAAABpcctgVjjM... 22 - - tx61080ce6888b46659dd36-006971cbe7 - 0.0204 - - 1769065447.537681341 1769065447.558033466 0
Jan 22 07:04:07 standalone container-server[127942]: 172.20.0.100 - - [22/Jan/2026:07:04:07 +0000] "HEAD /d1/89/AUTH_975a7ac8986449db81078f63a2865f69/gnocchi.ad20b4e3-fcec-43c2-9dfb-36342b4af454" 404 - "HEAD http://172.18.0.2:8080/v1/AUTH_975a7ac8986449db81078f63a2865f69/gnocchi.ad20b4e3-fcec-43c2-9dfb-36342b4af454?format=json&states=listing" "tx991c617ed1d84f2ab3699-006971cbe7" "proxy-server 20" 0.0005 "-" 20 0
Jan 22 07:04:07 standalone object-server[128222]: 172.20.0.100 - - [22/Jan/2026:07:04:07 +0000] "GET /d1/674/AUTH_975a7ac8986449db81078f63a2865f69/gnocchi.ad20b4e3-fcec-43c2-9dfb-36342b4af454/none_v3" 404 70 "GET http://172.18.0.2:8080/v1/AUTH_975a7ac8986449db81078f63a2865f69/gnocchi.ad20b4e3-fcec-43c2-9dfb-36342b4af454/none_v3" "tx991c617ed1d84f2ab3699-006971cbe7" "proxy-server 20" 0.0013 "-" 24 0
Jan 22 07:04:07 standalone proxy-server[130057]: 172.18.0.2 172.18.0.100 22/Jan/2026/07/04/07 GET /v1/AUTH_975a7ac8986449db81078f63a2865f69/gnocchi.ad20b4e3-fcec-43c2-9dfb-36342b4af454/none_v3 HTTP/1.0 404 - python-swiftclient-3.11.1 gAAAAABpcctgVjjM... - 70 - tx991c617ed1d84f2ab3699-006971cbe7 - 0.0182 - - 1769065447.590620995 1769065447.608808279 0
Jan 22 07:04:07 standalone account-server[128010]: 172.20.0.100 - - [22/Jan/2026:07:04:07 +0000] "PUT /d1/424/AUTH_975a7ac8986449db81078f63a2865f69/gnocchi.ad20b4e3-fcec-43c2-9dfb-36342b4af454" 201 - "PUT http://172.20.0.100:6001/d1/89/AUTH_975a7ac8986449db81078f63a2865f69/gnocchi.ad20b4e3-fcec-43c2-9dfb-36342b4af454" "tx35023ef39a144b459082a-006971cbe7" "container-server 19" 0.0046 "-" 23 0
Jan 22 07:04:07 standalone container-server[127938]: 172.20.0.100 - - [22/Jan/2026:07:04:07 +0000] "PUT /d1/89/AUTH_975a7ac8986449db81078f63a2865f69/gnocchi.ad20b4e3-fcec-43c2-9dfb-36342b4af454" 201 - "PUT http://172.18.0.2:8080/v1/AUTH_975a7ac8986449db81078f63a2865f69/gnocchi.ad20b4e3-fcec-43c2-9dfb-36342b4af454" "tx35023ef39a144b459082a-006971cbe7" "proxy-server 20" 0.0126 "-" 19 0
Jan 22 07:04:07 standalone proxy-server[130057]: 172.18.0.2 172.18.0.100 22/Jan/2026/07/04/07 PUT /v1/AUTH_975a7ac8986449db81078f63a2865f69/gnocchi.ad20b4e3-fcec-43c2-9dfb-36342b4af454 HTTP/1.0 201 - python-swiftclient-3.11.1 gAAAAABpcctgVjjM... - - - tx35023ef39a144b459082a-006971cbe7 - 0.0220 - - 1769065447.616191626 1769065447.638191462 0
Jan 22 07:04:07 standalone container-server[127956]: 172.20.0.100 - - [22/Jan/2026:07:04:07 +0000] "HEAD /d1/89/AUTH_975a7ac8986449db81078f63a2865f69/gnocchi.ad20b4e3-fcec-43c2-9dfb-36342b4af454" 204 - "HEAD http://172.18.0.2:8080/v1/AUTH_975a7ac8986449db81078f63a2865f69/gnocchi.ad20b4e3-fcec-43c2-9dfb-36342b4af454?format=json&states=listing" "tx72cc99e7150f4d8b8c054-006971cbe7" "proxy-server 20" 0.0014 "-" 22 0
Jan 22 07:04:07 standalone proxy-server[130057]: - - 22/Jan/2026/07/04/07 HEAD /v1/AUTH_975a7ac8986449db81078f63a2865f69/gnocchi.ad20b4e3-fcec-43c2-9dfb-36342b4af454%3Fformat%3Djson%26states%3Dlisting HTTP/1.0 204 - Swift - - - - tx72cc99e7150f4d8b8c054-006971cbe7 - 0.0062 RL - 1769065447.646034241 1769065447.652203321 0
Jan 22 07:04:07 standalone container-server[127956]: 172.20.0.100 - - [22/Jan/2026:07:04:07 +0000] "GET /d1/89/AUTH_975a7ac8986449db81078f63a2865f69/gnocchi.ad20b4e3-fcec-43c2-9dfb-36342b4af454" 200 2 "GET http://172.18.0.2:8080/v1/AUTH_975a7ac8986449db81078f63a2865f69/gnocchi.ad20b4e3-fcec-43c2-9dfb-36342b4af454?format=json&states=listing" "tx72cc99e7150f4d8b8c054-006971cbe7" "proxy-server 20" 0.0073 "-" 22 0
Jan 22 07:04:07 standalone proxy-server[130057]: 172.18.0.2 172.18.0.100 22/Jan/2026/07/04/07 GET /v1/AUTH_975a7ac8986449db81078f63a2865f69/gnocchi.ad20b4e3-fcec-43c2-9dfb-36342b4af454%3Fformat%3Djson%26states%3Dlisting HTTP/1.0 200 - python-swiftclient-3.11.1 gAAAAABpcctgVjjM... - 2 - tx72cc99e7150f4d8b8c054-006971cbe7 - 0.0237 - - 1769065447.643462658 1769065447.667140722 0
Jan 22 07:04:07 standalone object-server[128214]: 172.20.0.100 - - [22/Jan/2026:07:04:07 +0000] "GET /d1/648/AUTH_975a7ac8986449db81078f63a2865f69/gnocchi.ad20b4e3-fcec-43c2-9dfb-36342b4af454/1769040000.0_mean_300.0_v3" 404 70 "GET http://172.18.0.2:8080/v1/AUTH_975a7ac8986449db81078f63a2865f69/gnocchi.ad20b4e3-fcec-43c2-9dfb-36342b4af454/1769040000.0_mean_300.0_v3" "tx5ebf13cf868c4657bbbc8-006971cbe7" "proxy-server 20" 0.0005 "-" 22 0
Jan 22 07:04:07 standalone proxy-server[130057]: 172.18.0.2 172.18.0.100 22/Jan/2026/07/04/07 GET /v1/AUTH_975a7ac8986449db81078f63a2865f69/gnocchi.ad20b4e3-fcec-43c2-9dfb-36342b4af454/1769040000.0_mean_300.0_v3 HTTP/1.0 404 - python-swiftclient-3.11.1 gAAAAABpcctgVjjM... - 70 - tx5ebf13cf868c4657bbbc8-006971cbe7 - 0.0086 - - 1769065447.672524452 1769065447.681086779 0
Jan 22 07:04:07 standalone container-server[127938]: 172.20.0.100 - - [22/Jan/2026:07:04:07 +0000] "PUT /d1/89/AUTH_975a7ac8986449db81078f63a2865f69/gnocchi.ad20b4e3-fcec-43c2-9dfb-36342b4af454/1769040000.0_mean_300.0_v3" 201 - "PUT http://172.18.0.2:8080/d1/648/AUTH_975a7ac8986449db81078f63a2865f69/gnocchi.ad20b4e3-fcec-43c2-9dfb-36342b4af454/1769040000.0_mean_300.0_v3" "tx59ea6635237741d398945-006971cbe7" "object-server 23" 0.0006 "-" 19 0
Jan 22 07:04:07 standalone object-server[128216]: 172.20.0.100 - - [22/Jan/2026:07:04:07 +0000] "PUT /d1/648/AUTH_975a7ac8986449db81078f63a2865f69/gnocchi.ad20b4e3-fcec-43c2-9dfb-36342b4af454/1769040000.0_mean_300.0_v3" 201 - "PUT http://172.18.0.2:8080/v1/AUTH_975a7ac8986449db81078f63a2865f69/gnocchi.ad20b4e3-fcec-43c2-9dfb-36342b4af454/1769040000.0_mean_300.0_v3" "tx59ea6635237741d398945-006971cbe7" "proxy-server 20" 0.0309 "-" 23 0
Jan 22 07:04:07 standalone proxy-server[130057]: 172.18.0.2 172.18.0.100 22/Jan/2026/07/04/07 PUT /v1/AUTH_975a7ac8986449db81078f63a2865f69/gnocchi.ad20b4e3-fcec-43c2-9dfb-36342b4af454/1769040000.0_mean_300.0_v3 HTTP/1.0 201 - python-swiftclient-3.11.1 gAAAAABpcctgVjjM... 16 - - tx59ea6635237741d398945-006971cbe7 - 0.0370 - - 1769065447.686309338 1769065447.723340273 0
Jan 22 07:04:07 standalone container-server[127942]: 172.20.0.100 - - [22/Jan/2026:07:04:07 +0000] "PUT /d1/89/AUTH_975a7ac8986449db81078f63a2865f69/gnocchi.ad20b4e3-fcec-43c2-9dfb-36342b4af454/none_v3" 201 - "PUT http://172.18.0.2:8080/d1/674/AUTH_975a7ac8986449db81078f63a2865f69/gnocchi.ad20b4e3-fcec-43c2-9dfb-36342b4af454/none_v3" "tx1353d2ae01d344039f272-006971cbe7" "object-server 25" 0.0008 "-" 20 0
Jan 22 07:04:07 standalone object-server[128227]: 172.20.0.100 - - [22/Jan/2026:07:04:07 +0000] "PUT /d1/674/AUTH_975a7ac8986449db81078f63a2865f69/gnocchi.ad20b4e3-fcec-43c2-9dfb-36342b4af454/none_v3" 201 - "PUT http://172.18.0.2:8080/v1/AUTH_975a7ac8986449db81078f63a2865f69/gnocchi.ad20b4e3-fcec-43c2-9dfb-36342b4af454/none_v3" "tx1353d2ae01d344039f272-006971cbe7" "proxy-server 20" 0.0115 "-" 25 0
