Jan 22 07:04:51 standalone proxy-server[130057]: 172.18.0.2 172.18.0.100 22/Jan/2026/07/04/51 GET /v1/AUTH_975a7ac8986449db81078f63a2865f69/gnocchi.ffb8ba96-ae70-4525-beae-25af116f8c23/1769040000.0_mean_300.0_v3 HTTP/1.0 404 - python-swiftclient-3.11.1 gAAAAABpcctgVjjM... - 70 - tx30e9f4dc74f9464fa6cfa-006971cc13 - 0.0075 - - 1769065491.646774769 1769065491.654234171 0
Jan 22 07:04:51 standalone container-server[127956]: 172.20.0.100 - - [22/Jan/2026:07:04:51 +0000] "PUT /d1/6/AUTH_975a7ac8986449db81078f63a2865f69/gnocchi.4534c422-e6ed-4455-b521-21f6777f9ca3/1769040000.0_mean_300.0_v3" 201 - "PUT http://172.18.0.2:8080/d1/654/AUTH_975a7ac8986449db81078f63a2865f69/gnocchi.4534c422-e6ed-4455-b521-21f6777f9ca3/1769040000.0_mean_300.0_v3" "tx33626f3c731c4d48b418e-006971cc13" "object-server 23" 0.0003 "-" 22 0
Jan 22 07:04:51 standalone object-server[128216]: 172.20.0.100 - - [22/Jan/2026:07:04:51 +0000] "PUT /d1/654/AUTH_975a7ac8986449db81078f63a2865f69/gnocchi.4534c422-e6ed-4455-b521-21f6777f9ca3/1769040000.0_mean_300.0_v3" 201 - "PUT http://172.18.0.2:8080/v1/AUTH_975a7ac8986449db81078f63a2865f69/gnocchi.4534c422-e6ed-4455-b521-21f6777f9ca3/1769040000.0_mean_300.0_v3" "tx33626f3c731c4d48b418e-006971cc13" "proxy-server 20" 0.0098 "-" 23 0
Jan 22 07:04:51 standalone proxy-server[130057]: 172.18.0.2 172.18.0.100 22/Jan/2026/07/04/51 PUT /v1/AUTH_975a7ac8986449db81078f63a2865f69/gnocchi.4534c422-e6ed-4455-b521-21f6777f9ca3/1769040000.0_mean_300.0_v3 HTTP/1.0 201 - python-swiftclient-3.11.1 gAAAAABpcctgVjjM... 16 - - tx33626f3c731c4d48b418e-006971cc13 - 0.0168 - - 1769065491.657962561 1769065491.674759388 0
Jan 22 07:04:51 standalone container-server[127948]: 172.20.0.100 - - [22/Jan/2026:07:04:51 +0000] "PUT /d1/418/AUTH_975a7ac8986449db81078f63a2865f69/gnocchi.ffb8ba96-ae70-4525-beae-25af116f8c23/1769040000.0_mean_300.0_v3" 201 - "PUT http://172.18.0.2:8080/d1/509/AUTH_975a7ac8986449db81078f63a2865f69/gnocchi.ffb8ba96-ae70-4525-beae-25af116f8c23/1769040000.0_mean_300.0_v3" "tx9cc2cb83f0984fce94f28-006971cc13" "object-server 25" 0.0008 "-" 21 0
Jan 22 07:04:51 standalone object-server[128227]: 172.20.0.100 - - [22/Jan/2026:07:04:51 +0000] "PUT /d1/509/AUTH_975a7ac8986449db81078f63a2865f69/gnocchi.ffb8ba96-ae70-4525-beae-25af116f8c23/1769040000.0_mean_300.0_v3" 201 - "PUT http://172.18.0.2:8080/v1/AUTH_975a7ac8986449db81078f63a2865f69/gnocchi.ffb8ba96-ae70-4525-beae-25af116f8c23/1769040000.0_mean_300.0_v3" "tx9cc2cb83f0984fce94f28-006971cc13" "proxy-server 20" 0.0114 "-" 25 0
Jan 22 07:04:51 standalone proxy-server[130057]: 172.18.0.2 172.18.0.100 22/Jan/2026/07/04/51 PUT /v1/AUTH_975a7ac8986449db81078f63a2865f69/gnocchi.ffb8ba96-ae70-4525-beae-25af116f8c23/1769040000.0_mean_300.0_v3 HTTP/1.0 201 - python-swiftclient-3.11.1 gAAAAABpcctgVjjM... 16 - - tx9cc2cb83f0984fce94f28-006971cc13 - 0.0187 - - 1769065491.678081989 1769065491.696813583 0
Jan 22 07:04:51 standalone container-server[127938]: 172.20.0.100 - - [22/Jan/2026:07:04:51 +0000] "PUT /d1/6/AUTH_975a7ac8986449db81078f63a2865f69/gnocchi.4534c422-e6ed-4455-b521-21f6777f9ca3/none_v3" 201 - "PUT http://172.18.0.2:8080/d1/797/AUTH_975a7ac8986449db81078f63a2865f69/gnocchi.4534c422-e6ed-4455-b521-21f6777f9ca3/none_v3" "tx512f0fb4bffa4c5c9b5c3-006971cc13" "object-server 23" 0.0008 "-" 19 0
Jan 22 07:04:51 standalone object-server[128216]: 172.20.0.100 - - [22/Jan/2026:07:04:51 +0000] "PUT /d1/797/AUTH_975a7ac8986449db81078f63a2865f69/gnocchi.4534c422-e6ed-4455-b521-21f6777f9ca3/none_v3" 201 - "PUT http://172.18.0.2:8080/v1/AUTH_975a7ac8986449db81078f63a2865f69/gnocchi.4534c422-e6ed-4455-b521-21f6777f9ca3/none_v3" "tx512f0fb4bffa4c5c9b5c3-006971cc13" "proxy-server 20" 0.0098 "-" 23 0
Jan 22 07:04:51 standalone proxy-server[130057]: 172.18.0.2 172.18.0.100 22/Jan/2026/07/04/51 PUT /v1/AUTH_975a7ac8986449db81078f63a2865f69/gnocchi.4534c422-e6ed-4455-b521-21f6777f9ca3/none_v3 HTTP/1.0 201 - python-swiftclient-3.11.1 gAAAAABpcctgVjjM... 22 - - tx512f0fb4bffa4c5c9b5c3-006971cc13 - 0.0168 - - 1769065491.700810432 1769065491.717591286 0
Jan 22 07:04:51 standalone container-server[127942]: 172.20.0.100 - - [22/Jan/2026:07:04:51 +0000] "PUT /d1/418/AUTH_975a7ac8986449db81078f63a2865f69/gnocchi.ffb8ba96-ae70-4525-beae-25af116f8c23/none_v3" 201 - "PUT http://172.18.0.2:8080/d1/430/AUTH_975a7ac8986449db81078f63a2865f69/gnocchi.ffb8ba96-ae70-4525-beae-25af116f8c23/none_v3" "txab5657870416451f99d36-006971cc13" "object-server 24" 0.0009 "-" 20 0
Jan 22 07:04:51 standalone object-server[128222]: 172.20.0.100 - - [22/Jan/2026:07:04:51 +0000] "PUT /d1/430/AUTH_975a7ac8986449db81078f63a2865f69/gnocchi.ffb8ba96-ae70-4525-beae-25af116f8c23/none_v3" 201 - "PUT http://172.18.0.2:8080/v1/AUTH_975a7ac8986449db81078f63a2865f69/gnocchi.ffb8ba96-ae70-4525-beae-25af116f8c23/none_v3" "txab5657870416451f99d36-006971cc13" "proxy-server 20" 0.0114 "-" 24 0
Jan 22 07:04:51 standalone proxy-server[130057]: 172.18.0.2 172.18.0.100 22/Jan/2026/07/04/51 PUT /v1/AUTH_975a7ac8986449db81078f63a2865f69/gnocchi.ffb8ba96-ae70-4525-beae-25af116f8c23/none_v3 HTTP/1.0 201 - python-swiftclient-3.11.1 gAAAAABpcctgVjjM... 22 - - txab5657870416451f99d36-006971cc13 - 0.0184 - - 1769065491.722484589 1769065491.740875006 0
Jan 22 07:04:51 standalone container-server[127942]: 172.20.0.100 - - [22/Jan/2026:07:04:51 +0000] "HEAD /d1/165/AUTH_975a7ac8986449db81078f63a2865f69/gnocchi.289da5a4-b243-40df-80bb-c6e27ac4131a" 404 - "HEAD http://172.18.0.2:8080/v1/AUTH_975a7ac8986449db81078f63a2865f69/gnocchi.289da5a4-b243-40df-80bb-c6e27ac4131a?format=json&states=listing" "tx713d5003f3e741fdb32de-006971cc13" "proxy-server 20" 0.0006 "-" 20 0
Jan 22 07:04:51 standalone object-server[128227]: 172.20.0.100 - - [22/Jan/2026:07:04:51 +0000] "GET /d1/998/AUTH_975a7ac8986449db81078f63a2865f69/gnocchi.289da5a4-b243-40df-80bb-c6e27ac4131a/none_v3" 404 70 "GET http://172.18.0.2:8080/v1/AUTH_975a7ac8986449db81078f63a2865f69/gnocchi.289da5a4-b243-40df-80bb-c6e27ac4131a/none_v3" "tx713d5003f3e741fdb32de-006971cc13" "proxy-server 20" 0.0006 "-" 25 0
Jan 22 07:04:51 standalone proxy-server[130057]: 172.18.0.2 172.18.0.100 22/Jan/2026/07/04/51 GET /v1/AUTH_975a7ac8986449db81078f63a2865f69/gnocchi.289da5a4-b243-40df-80bb-c6e27ac4131a/none_v3 HTTP/1.0 404 - python-swiftclient-3.11.1 gAAAAABpcctgVjjM... - 70 - tx713d5003f3e741fdb32de-006971cc13 - 0.0155 - - 1769065491.753025055 1769065491.768491745 0
Jan 22 07:04:51 standalone account-server[127993]: 172.20.0.100 - - [22/Jan/2026:07:04:51 +0000] "PUT /d1/424/AUTH_975a7ac8986449db81078f63a2865f69/gnocchi.289da5a4-b243-40df-80bb-c6e27ac4131a" 201 - "PUT http://172.20.0.100:6001/d1/165/AUTH_975a7ac8986449db81078f63a2865f69/gnocchi.289da5a4-b243-40df-80bb-c6e27ac4131a" "txa28e2f5dd9784e44aa881-006971cc13" "container-server 20" 0.0060 "-" 19 0
Jan 22 07:04:51 standalone container-server[127942]: 172.20.0.100 - - [22/Jan/2026:07:04:51 +0000] "PUT /d1/165/AUTH_975a7ac8986449db81078f63a2865f69/gnocchi.289da5a4-b243-40df-80bb-c6e27ac4131a" 201 - "PUT http://172.18.0.2:8080/v1/AUTH_975a7ac8986449db81078f63a2865f69/gnocchi.289da5a4-b243-40df-80bb-c6e27ac4131a" "txa28e2f5dd9784e44aa881-006971cc13" "proxy-server 20" 0.0234 "-" 20 0
Jan 22 07:04:51 standalone proxy-server[130057]: 172.18.0.2 172.18.0.100 22/Jan/2026/07/04/51 PUT /v1/AUTH_975a7ac8986449db81078f63a2865f69/gnocchi.289da5a4-b243-40df-80bb-c6e27ac4131a HTTP/1.0 201 - python-swiftclient-3.11.1 gAAAAABpcctgVjjM... - - - txa28e2f5dd9784e44aa881-006971cc13 - 0.0316 - - 1769065491.772364855 1769065491.803980112 0
Jan 22 07:04:51 standalone container-server[127948]: 172.20.0.100 - - [22/Jan/2026:07:04:51 +0000] "HEAD /d1/165/AUTH_975a7ac8986449db81078f63a2865f69/gnocchi.289da5a4-b243-40df-80bb-c6e27ac4131a" 204 - "HEAD http://172.18.0.2:8080/v1/AUTH_975a7ac8986449db81078f63a2865f69/gnocchi.289da5a4-b243-40df-80bb-c6e27ac4131a?format=json&states=listing" "txbee73acec4c14b059f89d-006971cc13" "proxy-server 20" 0.0025 "-" 21 0
Jan 22 07:04:51 standalone proxy-server[130057]: - - 22/Jan/2026/07/04/51 HEAD /v1/AUTH_975a7ac8986449db81078f63a2865f69/gnocchi.289da5a4-b243-40df-80bb-c6e27ac4131a%3Fformat%3Djson%26states%3Dlisting HTTP/1.0 204 - Swift - - - - txbee73acec4c14b059f89d-006971cc13 - 0.0072 RL - 1769065491.810369968 1769065491.817584276 0
Jan 22 07:04:51 standalone container-server[127938]: 172.20.0.100 - - [22/Jan/2026:07:04:51 +0000] "GET /d1/165/AUTH_975a7ac8986449db81078f63a2865f69/gnocchi.289da5a4-b243-40df-80bb-c6e27ac4131a" 200 2 "GET http://172.18.0.2:8080/v1/AUTH_975a7ac8986449db81078f63a2865f69/gnocchi.289da5a4-b243-40df-80bb-c6e27ac4131a?format=json&states=listing" "txbee73acec4c14b059f89d-006971cc13" "proxy-server 20" 0.0018 "-" 19 0
Jan 22 07:04:51 standalone proxy-server[130057]: 172.18.0.2 172.18.0.100 22/Jan/2026/07/04/51 GET /v1/AUTH_975a7ac8986449db81078f63a2865f69/gnocchi.289da5a4-b243-40df-80bb-c6e27ac4131a%3Fformat%3Djson%26states%3Dlisting HTTP/1.0 200 - python-swiftclient-3.11.1 gAAAAABpcctgVjjM... - 2 - txbee73acec4c14b059f89d-006971cc13 - 0.0181 - - 1769065491.808961630 1769065491.827066898 0
Jan 22 07:04:51 standalone object-server[128214]: 172.20.0.100 - - [22/Jan/2026:07:04:51 +0000] "GET /d1/552/AUTH_975a7ac8986449db81078f63a2865f69/gnocchi.289da5a4-b243-40df-80bb-c6e27ac4131a/1769040000.0_mean_300.0_v3" 404 70 "GET http://172.18.0.2:8080/v1/AUTH_975a7ac8986449db81078f63a2865f69/gnocchi.289da5a4-b243-40df-80bb-c6e27ac4131a/1769040000.0_mean_300.0_v3" "txba59ef3b94f74fbdb3f3a-006971cc13" "proxy-server 20" 0.0007 "-" 22 0
Jan 22 07:04:51 standalone proxy-server[130057]: 172.18.0.2 172.18.0.100 22/Jan/2026/07/04/51 GET /v1/AUTH_975a7ac8986449db81078f63a2865f69/gnocchi.289da5a4-b243-40df-80bb-c6e27ac4131a/1769040000.0_mean_300.0_v3 HTTP/1.0 404 - python-swiftclient-3.11.1 gAAAAABpcctgVjjM... - 70 - txba59ef3b94f74fbdb3f3a-006971cc13 - 0.0082 - - 1769065491.831710577 1769065491.839897156 0
Jan 22 07:04:51 standalone container-server[127948]: 172.20.0.100 - - [22/Jan/2026:07:04:51 +0000] "PUT /d1/165/AUTH_975a7ac8986449db81078f63a2865f69/gnocchi.289da5a4-b243-40df-80bb-c6e27ac4131a/1769040000.0_mean_300.0_v3" 201 - "PUT http://172.18.0.2:8080/d1/552/AUTH_975a7ac8986449db81078f63a2865f69/gnocchi.289da5a4-b243-40df-80bb-c6e27ac4131a/1769040000.0_mean_300.0_v3" "tx11f3e9940d2944fab5a1a-006971cc13" "object-server 25" 0.0008 "-" 21 0
Jan 22 07:04:51 standalone object-server[128227]: 172.20.0.100 - - [22/Jan/2026:07:04:51 +0000] "PUT /d1/552/AUTH_975a7ac8986449db81078f63a2865f69/gnocchi.289da5a4-b243-40df-80bb-c6e27ac4131a/1769040000.0_mean_300.0_v3" 201 - "PUT http://172.18.0.2:8080/v1/AUTH_975a7ac8986449db81078f63a2865f69/gnocchi.289da5a4-b243-40df-80bb-c6e27ac4131a/1769040000.0_mean_300.0_v3" "tx11f3e9940d2944fab5a1a-006971cc13" "proxy-server 20" 0.0131 "-" 25 0
Jan 22 07:04:51 standalone proxy-server[130057]: 172.18.0.2 172.18.0.100 22/Jan/2026/07/04/51 PUT /v1/AUTH_975a7ac8986449db81078f63a2865f69/gnocchi.289da5a4-b243-40df-80bb-c6e27ac4131a/1769040000.0_mean_300.0_v3 HTTP/1.0 201 - python-swiftclient-3.11.1 gAAAAABpcctgVjjM... 16 - - tx11f3e9940d2944fab5a1a-006971cc13 - 0.0204 - - 1769065491.843832254 1769065491.864189863 0
Jan 22 07:04:51 standalone container-server[127942]: 172.20.0.100 - - [22/Jan/2026:07:04:51 +0000] "PUT /d1/165/AUTH_975a7ac8986449db81078f63a2865f69/gnocchi.289da5a4-b243-40df-80bb-c6e27ac4131a/none_v3" 201 - "PUT http://172.18.0.2:8080/d1/998/AUTH_975a7ac8986449db81078f63a2865f69/gnocchi.289da5a4-b243-40df-80bb-c6e27ac4131a/none_v3" "tx80f2aecb9a99464abb557-006971cc13" "object-server 25" 0.0008 "-" 20 0
Jan 22 07:04:51 standalone object-server[128227]: 172.20.0.100 - - [22/Jan/2026:07:04:51 +0000] "PUT /d1/998/AUTH_975a7ac8986449db81078f63a2865f69/gnocchi.289da5a4-b243-40df-80bb-c6e27ac4131a/none_v3" 201 - "PUT http://172.18.0.2:8080/v1/AUTH_975a7ac8986449db81078f63a2865f69/gnocchi.289da5a4-b243-40df-80bb-c6e27ac4131a/none_v3" "tx80f2aecb9a99464abb557-006971cc13" "proxy-server 20" 0.0108 "-" 25 0
Jan 22 07:04:51 standalone proxy-server[130057]: 172.18.0.2 172.18.0.100 22/Jan/2026/07/04/51 PUT /v1/AUTH_975a7ac8986449db81078f63a2865f69/gnocchi.289da5a4-b243-40df-80bb-c6e27ac4131a/none_v3 HTTP/1.0 201 - python-swiftclient-3.11.1 gAAAAABpcctgVjjM... 22 - - tx80f2aecb9a99464abb557-006971cc13 - 0.0170 - - 1769065491.867590189 1769065491.884582996 0
Jan 22 07:04:51 standalone container-server[127938]: 172.20.0.100 - - [22/Jan/2026:07:04:51 +0000] "HEAD /d1/553/AUTH_975a7ac8986449db81078f63a2865f69/gnocchi.8460b50d-9dca-4bad-9b2d-061f5f0d7486" 404 - "HEAD http://172.18.0.2:8080/v1/AUTH_975a7ac8986449db81078f63a2865f69/gnocchi.8460b50d-9dca-4bad-9b2d-061f5f0d7486?format=json&states=listing" "tx5e667f3336d5411f99cd0-006971cc13" "proxy-server 20" 0.0003 "-" 19 0
Jan 22 07:04:51 standalone object-server[128227]: 172.20.0.100 - - [22/Jan/2026:07:04:51 +0000] "GET /d1/447/AUTH_975a7ac8986449db81078f63a2865f69/gnocchi.8460b50d-9dca-4bad-9b2d-061f5f0d7486/none_v3" 404 70 "GET http://172.18.0.2:8080/v1/AUTH_975a7ac8986449db81078f63a2865f69/gnocchi.8460b50d-9dca-4bad-9b2d-061f5f0d7486/none_v3" "tx5e667f3336d5411f99cd0-006971cc13" "proxy-server 20" 0.0003 "-" 25 0
Jan 22 07:04:51 standalone proxy-server[130057]: 172.18.0.2 172.18.0.100 22/Jan/2026/07/04/51 GET /v1/AUTH_975a7ac8986449db81078f63a2865f69/gnocchi.8460b50d-9dca-4bad-9b2d-061f5f0d7486/none_v3 HTTP/1.0 404 - python-swiftclient-3.11.1 gAAAAABpcctgVjjM... - 70 - tx5e667f3336d5411f99cd0-006971cc13 - 0.0101 - - 1769065491.897015095 1769065491.907096148 0
Jan 22 07:04:51 standalone account-server[127993]: 172.20.0.100 - - [22/Jan/2026:07:04:51 +0000] "PUT /d1/424/AUTH_975a7ac8986449db81078f63a2865f69/gnocchi.8460b50d-9dca-4bad-9b2d-061f5f0d7486" 201 - "PUT http://172.20.0.100:6001/d1/553/AUTH_975a7ac8986449db81078f63a2865f69/gnocchi.8460b50d-9dca-4bad-9b2d-061f5f0d7486" "txee82340934034520a9819-006971cc13" "container-server 19" 0.0057 "-" 19 0
Jan 22 07:04:51 standalone container-server[127938]: 172.20.0.100 - - [22/Jan/2026:07:04:51 +0000] "PUT /d1/553/AUTH_975a7ac8986449db81078f63a2865f69/gnocchi.8460b50d-9dca-4bad-9b2d-061f5f0d7486" 201 - "PUT http://172.18.0.2:8080/v1/AUTH_975a7ac8986449db81078f63a2865f69/gnocchi.8460b50d-9dca-4bad-9b2d-061f5f0d7486" "txee82340934034520a9819-006971cc13" "proxy-server 20" 0.0147 "-" 19 0
Jan 22 07:04:51 standalone proxy-server[130057]: 172.18.0.2 172.18.0.100 22/Jan/2026/07/04/51 PUT /v1/AUTH_975a7ac8986449db81078f63a2865f69/gnocchi.8460b50d-9dca-4bad-9b2d-061f5f0d7486 HTTP/1.0 201 - python-swiftclient-3.11.1 gAAAAABpcctgVjjM... - - - txee82340934034520a9819-006971cc13 - 0.0201 - - 1769065491.910833359 1769065491.930898905 0
Jan 22 07:04:51 standalone container-server[127938]: 172.20.0.100 - - [22/Jan/2026:07:04:51 +0000] "HEAD /d1/553/AUTH_975a7ac8986449db81078f63a2865f69/gnocchi.8460b50d-9dca-4bad-9b2d-061f5f0d7486" 204 - "HEAD http://172.18.0.2:8080/v1/AUTH_975a7ac8986449db81078f63a2865f69/gnocchi.8460b50d-9dca-4bad-9b2d-061f5f0d7486?format=json&states=listing" "tx5b3b8c712e74407f91b50-006971cc13" "proxy-server 20" 0.0013 "-" 19 0
Jan 22 07:04:51 standalone proxy-server[130057]: - - 22/Jan/2026/07/04/51 HEAD /v1/AUTH_975a7ac8986449db81078f63a2865f69/gnocchi.8460b50d-9dca-4bad-9b2d-061f5f0d7486%3Fformat%3Djson%26states%3Dlisting HTTP/1.0 204 - Swift - - - - tx5b3b8c712e74407f91b50-006971cc13 - 0.0047 RL - 1769065491.936069727 1769065491.940816164 0
Jan 22 07:04:51 standalone container-server[127948]: 172.20.0.100 - - [22/Jan/2026:07:04:51 +0000] "GET /d1/553/AUTH_975a7ac8986449db81078f63a2865f69/gnocchi.8460b50d-9dca-4bad-9b2d-061f5f0d7486" 200 2 "GET http://172.18.0.2:8080/v1/AUTH_975a7ac8986449db81078f63a2865f69/gnocchi.8460b50d-9dca-4bad-9b2d-061f5f0d7486?format=json&states=listing" "tx5b3b8c712e74407f91b50-006971cc13" "proxy-server 20" 0.0032 "-" 21 0
Jan 22 07:04:51 standalone proxy-server[130057]: 172.18.0.2 172.18.0.100 22/Jan/2026/07/04/51 GET /v1/AUTH_975a7ac8986449db81078f63a2865f69/gnocchi.8460b50d-9dca-4bad-9b2d-061f5f0d7486%3Fformat%3Djson%26states%3Dlisting HTTP/1.0 200 - python-swiftclient-3.11.1 gAAAAABpcctgVjjM... - 2 - tx5b3b8c712e74407f91b50-006971cc13 - 0.0197 - - 1769065491.934627295 1769065491.954315662 0
Jan 22 07:04:51 standalone object-server[128227]: 172.20.0.100 - - [22/Jan/2026:07:04:51 +0000] "GET /d1/1012/AUTH_975a7ac8986449db81078f63a2865f69/gnocchi.8460b50d-9dca-4bad-9b2d-061f5f0d7486/1769040000.0_mean_300.0_v3" 404 70 "GET http://172.18.0.2:8080/v1/AUTH_975a7ac8986449db81078f63a2865f69/gnocchi.8460b50d-9dca-4bad-9b2d-061f5f0d7486/1769040000.0_mean_300.0_v3" "tx0e438c06ebc347c286d3f-006971cc13" "proxy-server 20" 0.0003 "-" 25 0
Jan 22 07:04:51 standalone proxy-server[130057]: 172.18.0.2 172.18.0.100 22/Jan/2026/07/04/51 GET /v1/AUTH_975a7ac8986449db81078f63a2865f69/gnocchi.8460b50d-9dca-4bad-9b2d-061f5f0d7486/1769040000.0_mean_300.0_v3 HTTP/1.0 404 - python-swiftclient-3.11.1 gAAAAABpcctgVjjM... - 70 - tx0e438c06ebc347c286d3f-006971cc13 - 0.0070 - - 1769065491.958976030 1769065491.965950489 0
Jan 22 07:04:51 standalone container-server[127938]: 172.20.0.100 - - [22/Jan/2026:07:04:51 +0000] "PUT /d1/553/AUTH_975a7ac8986449db81078f63a2865f69/gnocchi.8460b50d-9dca-4bad-9b2d-061f5f0d7486/1769040000.0_mean_300.0_v3" 201 - "PUT http://172.18.0.2:8080/d1/1012/AUTH_975a7ac8986449db81078f63a2865f69/gnocchi.8460b50d-9dca-4bad-9b2d-061f5f0d7486/1769040000.0_mean_300.0_v3" "tx7c1c5bd9abf4421caf0c8-006971cc13" "object-server 23" 0.0011 "-" 19 0
Jan 22 07:04:51 standalone object-server[128216]: 172.20.0.100 - - [22/Jan/2026:07:04:51 +0000] "PUT /d1/1012/AUTH_975a7ac8986449db81078f63a2865f69/gnocchi.8460b50d-9dca-4bad-9b2d-061f5f0d7486/1769040000.0_mean_300.0_v3" 201 - "PUT http://172.18.0.2:8080/v1/AUTH_975a7ac8986449db81078f63a2865f69/gnocchi.8460b50d-9dca-4bad-9b2d-061f5f0d7486/1769040000.0_mean_300.0_v3" "tx7c1c5bd9abf4421caf0c8-006971cc13" "proxy-server 20" 0.0175 "-" 23 0
Jan 22 07:04:51 standalone proxy-server[130057]: 172.18.0.2 172.18.0.100 22/Jan/2026/07/04/51 PUT /v1/AUTH_975a7ac8986449db81078f63a2865f69/gnocchi.8460b50d-9dca-4bad-9b2d-061f5f0d7486/1769040000.0_mean_300.0_v3 HTTP/1.0 201 - python-swiftclient-3.11.1 gAAAAABpcctgVjjM... 16 - - tx7c1c5bd9abf4421caf0c8-006971cc13 - 0.0230 - - 1769065491.968577623 1769065491.991562843 0
Jan 22 07:04:52 standalone container-server[127942]: 172.20.0.100 - - [22/Jan/2026:07:04:52 +0000] "PUT /d1/553/AUTH_975a7ac8986449db81078f63a2865f69/gnocchi.8460b50d-9dca-4bad-9b2d-061f5f0d7486/none_v3" 201 - "PUT http://172.18.0.2:8080/d1/447/AUTH_975a7ac8986449db81078f63a2865f69/gnocchi.8460b50d-9dca-4bad-9b2d-061f5f0d7486/none_v3" "txe263008cdf2a4919bcb70-006971cc13" "object-server 24" 0.0008 "-" 20 0
Jan 22 07:04:52 standalone object-server[128222]: 172.20.0.100 - - [22/Jan/2026:07:04:52 +0000] "PUT /d1/447/AUTH_975a7ac8986449db81078f63a2865f69/gnocchi.8460b50d-9dca-4bad-9b2d-061f5f0d7486/none_v3" 201 - "PUT http://172.18.0.2:8080/v1/AUTH_975a7ac8986449db81078f63a2865f69/gnocchi.8460b50d-9dca-4bad-9b2d-061f5f0d7486/none_v3" "txe263008cdf2a4919bcb70-006971cc13" "proxy-server 20" 0.0094 "-" 24 0
Jan 22 07:04:52 standalone proxy-server[130057]: 172.18.0.2 172.18.0.100 22/Jan/2026/07/04/52 PUT /v1/AUTH_975a7ac8986449db81078f63a2865f69/gnocchi.8460b50d-9dca-4bad-9b2d-061f5f0d7486/none_v3 HTTP/1.0 201 - python-swiftclient-3.11.1 gAAAAABpcctgVjjM... 22 - - txe263008cdf2a4919bcb70-006971cc13 - 0.0144 - - 1769065491.994203329 1769065492.008591413 0
Jan 22 07:04:52 standalone container-server[127948]: 172.20.0.100 - - [22/Jan/2026:07:04:52 +0000] "HEAD /d1/65/AUTH_975a7ac8986449db81078f63a2865f69/gnocchi.b004436e-cb4c-4dce-b880-6f1dd96afe84" 404 - "HEAD http://172.18.0.2:8080/v1/AUTH_975a7ac8986449db81078f63a2865f69/gnocchi.b004436e-cb4c-4dce-b880-6f1dd96afe84?format=json&states=listing" "tx3c395c1958544ca6a8d94-006971cc14" "proxy-server 20" 0.0005 "-" 21 0
Jan 22 07:04:52 standalone object-server[128227]: 172.20.0.100 - - [22/Jan/2026:07:04:52 +0000] "GET /d1/40/AUTH_975a7ac8986449db81078f63a2865f69/gnocchi.b004436e-cb4c-4dce-b880-6f1dd96afe84/none_v3" 404 70 "GET http://172.18.0.2:8080/v1/AUTH_975a7ac8986449db81078f63a2865f69/gnocchi.b004436e-cb4c-4dce-b880-6f1dd96afe84/none_v3" "tx3c395c1958544ca6a8d94-006971cc14" "proxy-server 20" 0.0004 "-" 25 0
Jan 22 07:04:52 standalone proxy-server[130057]: 172.18.0.2 172.18.0.100 22/Jan/2026/07/04/52 GET /v1/AUTH_975a7ac8986449db81078f63a2865f69/gnocchi.b004436e-cb4c-4dce-b880-6f1dd96afe84/none_v3 HTTP/1.0 404 - python-swiftclient-3.11.1 gAAAAABpcctgVjjM... - 70 - tx3c395c1958544ca6a8d94-006971cc14 - 0.0103 - - 1769065492.020696878 1769065492.030992270 0
Jan 22 07:04:52 standalone account-server[128010]: 172.20.0.100 - - [22/Jan/2026:07:04:52 +0000] "PUT /d1/424/AUTH_975a7ac8986449db81078f63a2865f69/gnocchi.b004436e-cb4c-4dce-b880-6f1dd96afe84" 201 - "PUT http://172.20.0.100:6001/d1/65/AUTH_975a7ac8986449db81078f63a2865f69/gnocchi.b004436e-cb4c-4dce-b880-6f1dd96afe84" "tx5febe9b6509149408583c-006971cc14" "container-server 21" 0.0043 "-" 23 0
Jan 22 07:04:52 standalone container-server[127948]: 172.20.0.100 - - [22/Jan/2026:07:04:52 +0000] "PUT /d1/65/AUTH_975a7ac8986449db81078f63a2865f69/gnocchi.b004436e-cb4c-4dce-b880-6f1dd96afe84" 201 - "PUT http://172.18.0.2:8080/v1/AUTH_975a7ac8986449db81078f63a2865f69/gnocchi.b004436e-cb4c-4dce-b880-6f1dd96afe84" "tx5febe9b6509149408583c-006971cc14" "proxy-server 20" 0.0156 "-" 21 0
Jan 22 07:04:52 standalone proxy-server[130057]: 172.18.0.2 172.18.0.100 22/Jan/2026/07/04/52 PUT /v1/AUTH_975a7ac8986449db81078f63a2865f69/gnocchi.b004436e-cb4c-4dce-b880-6f1dd96afe84 HTTP/1.0 201 - python-swiftclient-3.11.1 gAAAAABpcctgVjjM... - - - tx5febe9b6509149408583c-006971cc14 - 0.0205 - - 1769065492.034832716 1769065492.055372953 0
Jan 22 07:04:52 standalone container-server[127948]: 172.20.0.100 - - [22/Jan/2026:07:04:52 +0000] "HEAD /d1/65/AUTH_975a7ac8986449db81078f63a2865f69/gnocchi.b004436e-cb4c-4dce-b880-6f1dd96afe84" 204 - "HEAD http://172.18.0.2:8080/v1/AUTH_975a7ac8986449db81078f63a2865f69/gnocchi.b004436e-cb4c-4dce-b880-6f1dd96afe84?format=json&states=listing" "txca7892fbadb944449a034-006971cc14" "proxy-server 20" 0.0019 "-" 21 0
Jan 22 07:04:52 standalone proxy-server[130057]: - - 22/Jan/2026/07/04/52 HEAD /v1/AUTH_975a7ac8986449db81078f63a2865f69/gnocchi.b004436e-cb4c-4dce-b880-6f1dd96afe84%3Fformat%3Djson%26states%3Dlisting HTTP/1.0 204 - Swift - - - - txca7892fbadb944449a034-006971cc14 - 0.0054 RL - 1769065492.060842514 1769065492.066231966 0
Jan 22 07:04:52 standalone container-server[127942]: 172.20.0.100 - - [22/Jan/2026:07:04:52 +0000] "GET /d1/65/AUTH_975a7ac8986449db81078f63a2865f69/gnocchi.b004436e-cb4c-4dce-b880-6f1dd96afe84" 200 2 "GET http://172.18.0.2:8080/v1/AUTH_975a7ac8986449db81078f63a2865f69/gnocchi.b004436e-cb4c-4dce-b880-6f1dd96afe84?format=json&states=listing" "txca7892fbadb944449a034-006971cc14" "proxy-server 20" 0.0036 "-" 20 0
Jan 22 07:04:52 standalone proxy-server[130057]: 172.18.0.2 172.18.0.100 22/Jan/2026/07/04/52 GET /v1/AUTH_975a7ac8986449db81078f63a2865f69/gnocchi.b004436e-cb4c-4dce-b880-6f1dd96afe84%3Fformat%3Djson%26states%3Dlisting HTTP/1.0 200 - python-swiftclient-3.11.1 gAAAAABpcctgVjjM... - 2 - txca7892fbadb944449a034-006971cc14 - 0.0171 - - 1769065492.059626102 1769065492.076678991 0
Jan 22 07:04:52 standalone object-server[128216]: 172.20.0.100 - - [22/Jan/2026:07:04:52 +0000] "GET /d1/44/AUTH_975a7ac8986449db81078f63a2865f69/gnocchi.b004436e-cb4c-4dce-b880-6f1dd96afe84/1769040000.0_mean_300.0_v3" 404 70 "GET http://172.18.0.2:8080/v1/AUTH_975a7ac8986449db81078f63a2865f69/gnocchi.b004436e-cb4c-4dce-b880-6f1dd96afe84/1769040000.0_mean_300.0_v3" "tx908f77a305f640a8ae1a9-006971cc14" "proxy-server 20" 0.0005 "-" 23 0
Jan 22 07:04:52 standalone proxy-server[130057]: 172.18.0.2 172.18.0.100 22/Jan/2026/07/04/52 GET /v1/AUTH_975a7ac8986449db81078f63a2865f69/gnocchi.b004436e-cb4c-4dce-b880-6f1dd96afe84/1769040000.0_mean_300.0_v3 HTTP/1.0 404 - python-swiftclient-3.11.1 gAAAAABpcctgVjjM... - 70 - tx908f77a305f640a8ae1a9-006971cc14 - 0.0062 - - 1769065492.080757618 1769065492.086959124 0
Jan 22 07:04:52 standalone container-server[127948]: 172.20.0.100 - - [22/Jan/2026:07:04:52 +0000] "PUT /d1/65/AUTH_975a7ac8986449db81078f63a2865f69/gnocchi.b004436e-cb4c-4dce-b880-6f1dd96afe84/1769040000.0_mean_300.0_v3" 201 - "PUT http://172.18.0.2:8080/d1/44/AUTH_975a7ac8986449db81078f63a2865f69/gnocchi.b004436e-cb4c-4dce-b880-6f1dd96afe84/1769040000.0_mean_300.0_v3" "tx908730628c52493da857c-006971cc14" "object-server 22" 0.0007 "-" 21 0
Jan 22 07:04:52 standalone object-server[128214]: 172.20.0.100 - - [22/Jan/2026:07:04:52 +0000] "PUT /d1/44/AUTH_975a7ac8986449db81078f63a2865f69/gnocchi.b004436e-cb4c-4dce-b880-6f1dd96afe84/1769040000.0_mean_300.0_v3" 201 - "PUT http://172.18.0.2:8080/v1/AUTH_975a7ac8986449db81078f63a2865f69/gnocchi.b004436e-cb4c-4dce-b880-6f1dd96afe84/1769040000.0_mean_300.0_v3" "tx908730628c52493da857c-006971cc14" "proxy-server 20" 0.0112 "-" 22 0
Jan 22 07:04:52 standalone proxy-server[130057]: 172.18.0.2 172.18.0.100 22/Jan/2026/07/04/52 PUT /v1/AUTH_975a7ac8986449db81078f63a2865f69/gnocchi.b004436e-cb4c-4dce-b880-6f1dd96afe84/1769040000.0_mean_300.0_v3 HTTP/1.0 201 - python-swiftclient-3.11.1 gAAAAABpcctgVjjM... 16 - - tx908730628c52493da857c-006971cc14 - 0.0173 - - 1769065492.090354204 1769065492.107697248 0
Jan 22 07:04:52 standalone container-server[127942]: 172.20.0.100 - - [22/Jan/2026:07:04:52 +0000] "PUT /d1/65/AUTH_975a7ac8986449db81078f63a2865f69/gnocchi.b004436e-cb4c-4dce-b880-6f1dd96afe84/none_v3" 201 - "PUT http://172.18.0.2:8080/d1/40/AUTH_975a7ac8986449db81078f63a2865f69/gnocchi.b004436e-cb4c-4dce-b880-6f1dd96afe84/none_v3" "tx29b37d2bfe114a69a2edb-006971cc14" "object-server 25" 0.0016 "-" 20 0
Jan 22 07:04:52 standalone object-server[128227]: 172.20.0.100 - - [22/Jan/2026:07:04:52 +0000] "PUT /d1/40/AUTH_975a7ac8986449db81078f63a2865f69/gnocchi.b004436e-cb4c-4dce-b880-6f1dd96afe84/none_v3" 201 - "PUT http://172.18.0.2:8080/v1/AUTH_975a7ac8986449db81078f63a2865f69/gnocchi.b004436e-cb4c-4dce-b880-6f1dd96afe84/none_v3" "tx29b37d2bfe114a69a2edb-006971cc14" "proxy-server 20" 0.0140 "-" 25 0
Jan 22 07:04:52 standalone proxy-server[130057]: 172.18.0.2 172.18.0.100 22/Jan/2026/07/04/52 PUT /v1/AUTH_975a7ac8986449db81078f63a2865f69/gnocchi.b004436e-cb4c-4dce-b880-6f1dd96afe84/none_v3 HTTP/1.0 201 - python-swiftclient-3.11.1 gAAAAABpcctgVjjM... 22 - - tx29b37d2bfe114a69a2edb-006971cc14 - 0.0205 - - 1769065492.111059904 1769065492.131584167 0
Jan 22 07:04:52 standalone container-server[127956]: 172.20.0.100 - - [22/Jan/2026:07:04:52 +0000] "HEAD /d1/661/AUTH_975a7ac8986449db81078f63a2865f69/gnocchi.bab02ae8-fce9-49ab-98b2-7d4eec4fac2f" 404 - "HEAD http://172.18.0.2:8080/v1/AUTH_975a7ac8986449db81078f63a2865f69/gnocchi.bab02ae8-fce9-49ab-98b2-7d4eec4fac2f?format=json&states=listing" "tx55ed1ccf2afa49a4a070b-006971cc14" "proxy-server 20" 0.0006 "-" 22 0
Jan 22 07:04:52 standalone object-server[128214]: 172.20.0.100 - - [22/Jan/2026:07:04:52 +0000] "GET /d1/319/AUTH_975a7ac8986449db81078f63a2865f69/gnocchi.bab02ae8-fce9-49ab-98b2-7d4eec4fac2f/none_v3" 404 70 "GET http://172.18.0.2:8080/v1/AUTH_975a7ac8986449db81078f63a2865f69/gnocchi.bab02ae8-fce9-49ab-98b2-7d4eec4fac2f/none_v3" "tx55ed1ccf2afa49a4a070b-006971cc14" "proxy-server 20" 0.0005 "-" 22 0
Jan 22 07:04:52 standalone proxy-server[130057]: 172.18.0.2 172.18.0.100 22/Jan/2026/07/04/52 GET /v1/AUTH_975a7ac8986449db81078f63a2865f69/gnocchi.bab02ae8-fce9-49ab-98b2-7d4eec4fac2f/none_v3 HTTP/1.0 404 - python-swiftclient-3.11.1 gAAAAABpcctgVjjM... - 70 - tx55ed1ccf2afa49a4a070b-006971cc14 - 0.0102 - - 1769065492.144348383 1769065492.154508352 0
Jan 22 07:04:52 standalone account-server[127993]: 172.20.0.100 - - [22/Jan/2026:07:04:52 +0000] "PUT /d1/424/AUTH_975a7ac8986449db81078f63a2865f69/gnocchi.bab02ae8-fce9-49ab-98b2-7d4eec4fac2f" 201 - "PUT http://172.20.0.100:6001/d1/661/AUTH_975a7ac8986449db81078f63a2865f69/gnocchi.bab02ae8-fce9-49ab-98b2-7d4eec4fac2f" "tx25e73748280c448ebe2ce-006971cc14" "container-server 21" 0.0048 "-" 19 0
Jan 22 07:04:52 standalone container-server[127948]: 172.20.0.100 - - [22/Jan/2026:07:04:52 +0000] "PUT /d1/661/AUTH_975a7ac8986449db81078f63a2865f69/gnocchi.bab02ae8-fce9-49ab-98b2-7d4eec4fac2f" 201 - "PUT http://172.18.0.2:8080/v1/AUTH_975a7ac8986449db81078f63a2865f69/gnocchi.bab02ae8-fce9-49ab-98b2-7d4eec4fac2f" "tx25e73748280c448ebe2ce-006971cc14" "proxy-server 20" 0.0173 "-" 21 0
Jan 22 07:04:52 standalone proxy-server[130057]: 172.18.0.2 172.18.0.100 22/Jan/2026/07/04/52 PUT /v1/AUTH_975a7ac8986449db81078f63a2865f69/gnocchi.bab02ae8-fce9-49ab-98b2-7d4eec4fac2f HTTP/1.0 201 - python-swiftclient-3.11.1 gAAAAABpcctgVjjM... - - - tx25e73748280c448ebe2ce-006971cc14 - 0.0224 - - 1769065492.157467604 1769065492.179823637 0
Jan 22 07:04:52 standalone container-server[127948]: 172.20.0.100 - - [22/Jan/2026:07:04:52 +0000] "HEAD /d1/661/AUTH_975a7ac8986449db81078f63a2865f69/gnocchi.bab02ae8-fce9-49ab-98b2-7d4eec4fac2f" 204 - "HEAD http://172.18.0.2:8080/v1/AUTH_975a7ac8986449db81078f63a2865f69/gnocchi.bab02ae8-fce9-49ab-98b2-7d4eec4fac2f?format=json&states=listing" "txe680e9498ae34657aef6a-006971cc14" "proxy-server 20" 0.0020 "-" 21 0
Jan 22 07:04:52 standalone proxy-server[130057]: - - 22/Jan/2026/07/04/52 HEAD /v1/AUTH_975a7ac8986449db81078f63a2865f69/gnocchi.bab02ae8-fce9-49ab-98b2-7d4eec4fac2f%3Fformat%3Djson%26states%3Dlisting HTTP/1.0 204 - Swift - - - - txe680e9498ae34657aef6a-006971cc14 - 0.0054 RL - 1769065492.188375473 1769065492.193747520 0
Jan 22 07:04:52 standalone container-server[127956]: 172.20.0.100 - - [22/Jan/2026:07:04:52 +0000] "GET /d1/661/AUTH_975a7ac8986449db81078f63a2865f69/gnocchi.bab02ae8-fce9-49ab-98b2-7d4eec4fac2f" 200 2 "GET http://172.18.0.2:8080/v1/AUTH_975a7ac8986449db81078f63a2865f69/gnocchi.bab02ae8-fce9-49ab-98b2-7d4eec4fac2f?format=json&states=listing" "txe680e9498ae34657aef6a-006971cc14" "proxy-server 20" 0.0037 "-" 22 0
Jan 22 07:04:52 standalone proxy-server[130057]: 172.18.0.2 172.18.0.100 22/Jan/2026/07/04/52 GET /v1/AUTH_975a7ac8986449db81078f63a2865f69/gnocchi.bab02ae8-fce9-49ab-98b2-7d4eec4fac2f%3Fformat%3Djson%26states%3Dlisting HTTP/1.0 200 - python-swiftclient-3.11.1 gAAAAABpcctgVjjM... - 2 - txe680e9498ae34657aef6a-006971cc14 - 0.0163 - - 1769065492.187233686 1769065492.203539133 0
Jan 22 07:04:52 standalone object-server[128222]: 172.20.0.100 - - [22/Jan/2026:07:04:52 +0000] "GET /d1/391/AUTH_975a7ac8986449db81078f63a2865f69/gnocchi.bab02ae8-fce9-49ab-98b2-7d4eec4fac2f/1769040000.0_mean_300.0_v3" 404 70 "GET http://172.18.0.2:8080/v1/AUTH_975a7ac8986449db81078f63a2865f69/gnocchi.bab02ae8-fce9-49ab-98b2-7d4eec4fac2f/1769040000.0_mean_300.0_v3" "tx692127d7acf141408a6d3-006971cc14" "proxy-server 20" 0.0009 "-" 24 0
Jan 22 07:04:52 standalone proxy-server[130057]: 172.18.0.2 172.18.0.100 22/Jan/2026/07/04/52 GET /v1/AUTH_975a7ac8986449db81078f63a2865f69/gnocchi.bab02ae8-fce9-49ab-98b2-7d4eec4fac2f/1769040000.0_mean_300.0_v3 HTTP/1.0 404 - python-swiftclient-3.11.1 gAAAAABpcctgVjjM... - 70 - tx692127d7acf141408a6d3-006971cc14 - 0.0084 - - 1769065492.207790375 1769065492.216196775 0
Jan 22 07:04:52 standalone container-server[127948]: 172.20.0.100 - - [22/Jan/2026:07:04:52 +0000] "PUT /d1/661/AUTH_975a7ac8986449db81078f63a2865f69/gnocchi.bab02ae8-fce9-49ab-98b2-7d4eec4fac2f/1769040000.0_mean_300.0_v3" 201 - "PUT http://172.18.0.2:8080/d1/391/AUTH_975a7ac8986449db81078f63a2865f69/gnocchi.bab02ae8-fce9-49ab-98b2-7d4eec4fac2f/1769040000.0_mean_300.0_v3" "tx1e986e4c66f441b482454-006971cc14" "object-server 22" 0.0007 "-" 21 0
Jan 22 07:04:52 standalone object-server[128214]: 172.20.0.100 - - [22/Jan/2026:07:04:52 +0000] "PUT /d1/391/AUTH_975a7ac8986449db81078f63a2865f69/gnocchi.bab02ae8-fce9-49ab-98b2-7d4eec4fac2f/1769040000.0_mean_300.0_v3" 201 - "PUT http://172.18.0.2:8080/v1/AUTH_975a7ac8986449db81078f63a2865f69/gnocchi.bab02ae8-fce9-49ab-98b2-7d4eec4fac2f/1769040000.0_mean_300.0_v3" "tx1e986e4c66f441b482454-006971cc14" "proxy-server 20" 0.0116 "-" 22 0
Jan 22 07:04:52 standalone proxy-server[130057]: 172.18.0.2 172.18.0.100 22/Jan/2026/07/04/52 PUT /v1/AUTH_975a7ac8986449db81078f63a2865f69/gnocchi.bab02ae8-fce9-49ab-98b2-7d4eec4fac2f/1769040000.0_mean_300.0_v3 HTTP/1.0 201 - python-swiftclient-3.11.1 gAAAAABpcctgVjjM... 16 - - tx1e986e4c66f441b482454-006971cc14 - 0.0171 - - 1769065492.219503641 1769065492.236634970 0
Jan 22 07:04:52 standalone container-server[127942]: 172.20.0.100 - - [22/Jan/2026:07:04:52 +0000] "PUT /d1/661/AUTH_975a7ac8986449db81078f63a2865f69/gnocchi.bab02ae8-fce9-49ab-98b2-7d4eec4fac2f/none_v3" 201 - "PUT http://172.18.0.2:8080/d1/319/AUTH_975a7ac8986449db81078f63a2865f69/gnocchi.bab02ae8-fce9-49ab-98b2-7d4eec4fac2f/none_v3" "tx9d4de57efe3241acbd7a3-006971cc14" "object-server 23" 0.0008 "-" 20 0
Jan 22 07:04:52 standalone object-server[128216]: 172.20.0.100 - - [22/Jan/2026:07:04:52 +0000] "PUT /d1/319/AUTH_975a7ac8986449db81078f63a2865f69/gnocchi.bab02ae8-fce9-49ab-98b2-7d4eec4fac2f/none_v3" 201 - "PUT http://172.18.0.2:8080/v1/AUTH_975a7ac8986449db81078f63a2865f69/gnocchi.bab02ae8-fce9-49ab-98b2-7d4eec4fac2f/none_v3" "tx9d4de57efe3241acbd7a3-006971cc14" "proxy-server 20" 0.0124 "-" 23 0
Jan 22 07:04:52 standalone proxy-server[130057]: 172.18.0.2 172.18.0.100 22/Jan/2026/07/04/52 PUT /v1/AUTH_975a7ac8986449db81078f63a2865f69/gnocchi.bab02ae8-fce9-49ab-98b2-7d4eec4fac2f/none_v3 HTTP/1.0 201 - python-swiftclient-3.11.1 gAAAAABpcctgVjjM... 22 - - tx9d4de57efe3241acbd7a3-006971cc14 - 0.0181 - - 1769065492.239878178 1769065492.257933140 0
Jan 22 07:04:52 standalone container-server[127956]: 172.20.0.100 - - [22/Jan/2026:07:04:52 +0000] "HEAD /d1/286/AUTH_975a7ac8986449db81078f63a2865f69/gnocchi.0811a5e9-7d99-42e8-beed-69e7eaee7916" 404 - "HEAD http://172.18.0.2:8080/v1/AUTH_975a7ac8986449db81078f63a2865f69/gnocchi.0811a5e9-7d99-42e8-beed-69e7eaee7916?format=json&states=listing" "txa1cdaca3d5c64f95b3eeb-006971cc14" "proxy-server 20" 0.0009 "-" 22 0
Jan 22 07:04:52 standalone object-server[128216]: 172.20.0.100 - - [22/Jan/2026:07:04:52 +0000] "GET /d1/534/AUTH_975a7ac8986449db81078f63a2865f69/gnocchi.0811a5e9-7d99-42e8-beed-69e7eaee7916/none_v3" 404 70 "GET http://172.18.0.2:8080/v1/AUTH_975a7ac8986449db81078f63a2865f69/gnocchi.0811a5e9-7d99-42e8-beed-69e7eaee7916/none_v3" "txa1cdaca3d5c64f95b3eeb-006971cc14" "proxy-server 20" 0.0005 "-" 23 0
Jan 22 07:04:52 standalone proxy-server[130057]: 172.18.0.2 172.18.0.100 22/Jan/2026/07/04/52 GET /v1/AUTH_975a7ac8986449db81078f63a2865f69/gnocchi.0811a5e9-7d99-42e8-beed-69e7eaee7916/none_v3 HTTP/1.0 404 - python-swiftclient-3.11.1 gAAAAABpcctgVjjM... - 70 - txa1cdaca3d5c64f95b3eeb-006971cc14 - 0.0101 - - 1769065492.270023346 1769065492.280146360 0
Jan 22 07:04:52 standalone account-server[128007]: 172.20.0.100 - - [22/Jan/2026:07:04:52 +0000] "PUT /d1/424/AUTH_975a7ac8986449db81078f63a2865f69/gnocchi.0811a5e9-7d99-42e8-beed-69e7eaee7916" 201 - "PUT http://172.20.0.100:6001/d1/286/AUTH_975a7ac8986449db81078f63a2865f69/gnocchi.0811a5e9-7d99-42e8-beed-69e7eaee7916" "tx0d7557e29bf04eacb8b47-006971cc14" "container-server 20" 0.0061 "-" 22 0
Jan 22 07:04:52 standalone container-server[127942]: 172.20.0.100 - - [22/Jan/2026:07:04:52 +0000] "PUT /d1/286/AUTH_975a7ac8986449db81078f63a2865f69/gnocchi.0811a5e9-7d99-42e8-beed-69e7eaee7916" 201 - "PUT http://172.18.0.2:8080/v1/AUTH_975a7ac8986449db81078f63a2865f69/gnocchi.0811a5e9-7d99-42e8-beed-69e7eaee7916" "tx0d7557e29bf04eacb8b47-006971cc14" "proxy-server 20" 0.0208 "-" 20 0
Jan 22 07:04:52 standalone proxy-server[130057]: 172.18.0.2 172.18.0.100 22/Jan/2026/07/04/52 PUT /v1/AUTH_975a7ac8986449db81078f63a2865f69/gnocchi.0811a5e9-7d99-42e8-beed-69e7eaee7916 HTTP/1.0 201 - python-swiftclient-3.11.1 gAAAAABpcctgVjjM... - - - tx0d7557e29bf04eacb8b47-006971cc14 - 0.0263 - - 1769065492.283259153 1769065492.309519053 0
Jan 22 07:04:52 standalone container-server[127938]: 172.20.0.100 - - [22/Jan/2026:07:04:52 +0000] "HEAD /d1/286/AUTH_975a7ac8986449db81078f63a2865f69/gnocchi.0811a5e9-7d99-42e8-beed-69e7eaee7916" 204 - "HEAD http://172.18.0.2:8080/v1/AUTH_975a7ac8986449db81078f63a2865f69/gnocchi.0811a5e9-7d99-42e8-beed-69e7eaee7916?format=json&states=listing" "tx1b6bd28df4344f65aeb2b-006971cc14" "proxy-server 20" 0.0025 "-" 19 0
Jan 22 07:04:52 standalone proxy-server[130057]: - - 22/Jan/2026/07/04/52 HEAD /v1/AUTH_975a7ac8986449db81078f63a2865f69/gnocchi.0811a5e9-7d99-42e8-beed-69e7eaee7916%3Fformat%3Djson%26states%3Dlisting HTTP/1.0 204 - Swift - - - - tx1b6bd28df4344f65aeb2b-006971cc14 - 0.0067 RL - 1769065492.314764261 1769065492.321506739 0
Jan 22 07:04:52 standalone container-server[127938]: 172.20.0.100 - - [22/Jan/2026:07:04:52 +0000] "GET /d1/286/AUTH_975a7ac8986449db81078f63a2865f69/gnocchi.0811a5e9-7d99-42e8-beed-69e7eaee7916" 200 2 "GET http://172.18.0.2:8080/v1/AUTH_975a7ac8986449db81078f63a2865f69/gnocchi.0811a5e9-7d99-42e8-beed-69e7eaee7916?format=json&states=listing" "tx1b6bd28df4344f65aeb2b-006971cc14" "proxy-server 20" 0.0035 "-" 19 0
Jan 22 07:04:52 standalone proxy-server[130057]: 172.18.0.2 172.18.0.100 22/Jan/2026/07/04/52 GET /v1/AUTH_975a7ac8986449db81078f63a2865f69/gnocchi.0811a5e9-7d99-42e8-beed-69e7eaee7916%3Fformat%3Djson%26states%3Dlisting HTTP/1.0 200 - python-swiftclient-3.11.1 gAAAAABpcctgVjjM... - 2 - tx1b6bd28df4344f65aeb2b-006971cc14 - 0.0182 - - 1769065492.313602448 1769065492.331821203 0
Jan 22 07:04:52 standalone object-server[128222]: 172.20.0.100 - - [22/Jan/2026:07:04:52 +0000] "GET /d1/503/AUTH_975a7ac8986449db81078f63a2865f69/gnocchi.0811a5e9-7d99-42e8-beed-69e7eaee7916/1769040000.0_mean_300.0_v3" 404 70 "GET http://172.18.0.2:8080/v1/AUTH_975a7ac8986449db81078f63a2865f69/gnocchi.0811a5e9-7d99-42e8-beed-69e7eaee7916/1769040000.0_mean_300.0_v3" "tx8ec674beb318455396527-006971cc14" "proxy-server 20" 0.0004 "-" 24 0
Jan 22 07:04:52 standalone proxy-server[130057]: 172.18.0.2 172.18.0.100 22/Jan/2026/07/04/52 GET /v1/AUTH_975a7ac8986449db81078f63a2865f69/gnocchi.0811a5e9-7d99-42e8-beed-69e7eaee7916/1769040000.0_mean_300.0_v3 HTTP/1.0 404 - python-swiftclient-3.11.1 gAAAAABpcctgVjjM... - 70 - tx8ec674beb318455396527-006971cc14 - 0.0056 - - 1769065492.336457253 1769065492.342091322 0
Jan 22 07:04:52 standalone container-server[127948]: 172.20.0.100 - - [22/Jan/2026:07:04:52 +0000] "PUT /d1/286/AUTH_975a7ac8986449db81078f63a2865f69/gnocchi.0811a5e9-7d99-42e8-beed-69e7eaee7916/1769040000.0_mean_300.0_v3" 201 - "PUT http://172.18.0.2:8080/d1/503/AUTH_975a7ac8986449db81078f63a2865f69/gnocchi.0811a5e9-7d99-42e8-beed-69e7eaee7916/1769040000.0_mean_300.0_v3" "tx8a7fa519c8b0461891778-006971cc14" "object-server 25" 0.0009 "-" 21 0
Jan 22 07:04:52 standalone object-server[128227]: 172.20.0.100 - - [22/Jan/2026:07:04:52 +0000] "PUT /d1/503/AUTH_975a7ac8986449db81078f63a2865f69/gnocchi.0811a5e9-7d99-42e8-beed-69e7eaee7916/1769040000.0_mean_300.0_v3" 201 - "PUT http://172.18.0.2:8080/v1/AUTH_975a7ac8986449db81078f63a2865f69/gnocchi.0811a5e9-7d99-42e8-beed-69e7eaee7916/1769040000.0_mean_300.0_v3" "tx8a7fa519c8b0461891778-006971cc14" "proxy-server 20" 0.0109 "-" 25 0
Jan 22 07:04:52 standalone proxy-server[130057]: 172.18.0.2 172.18.0.100 22/Jan/2026/07/04/52 PUT /v1/AUTH_975a7ac8986449db81078f63a2865f69/gnocchi.0811a5e9-7d99-42e8-beed-69e7eaee7916/1769040000.0_mean_300.0_v3 HTTP/1.0 201 - python-swiftclient-3.11.1 gAAAAABpcctgVjjM... 16 - - tx8a7fa519c8b0461891778-006971cc14 - 0.0167 - - 1769065492.345895052 1769065492.362571955 0
Jan 22 07:04:52 standalone container-server[127942]: 172.20.0.100 - - [22/Jan/2026:07:04:52 +0000] "PUT /d1/286/AUTH_975a7ac8986449db81078f63a2865f69/gnocchi.0811a5e9-7d99-42e8-beed-69e7eaee7916/none_v3" 201 - "PUT http://172.18.0.2:8080/d1/534/AUTH_975a7ac8986449db81078f63a2865f69/gnocchi.0811a5e9-7d99-42e8-beed-69e7eaee7916/none_v3" "tx61f296f83ad642abbb16f-006971cc14" "object-server 25" 0.0008 "-" 20 0
Jan 22 07:04:52 standalone object-server[128227]: 172.20.0.100 - - [22/Jan/2026:07:04:52 +0000] "PUT /d1/534/AUTH_975a7ac8986449db81078f63a2865f69/gnocchi.0811a5e9-7d99-42e8-beed-69e7eaee7916/none_v3" 201 - "PUT http://172.18.0.2:8080/v1/AUTH_975a7ac8986449db81078f63a2865f69/gnocchi.0811a5e9-7d99-42e8-beed-69e7eaee7916/none_v3" "tx61f296f83ad642abbb16f-006971cc14" "proxy-server 20" 0.0117 "-" 25 0
Jan 22 07:04:52 standalone proxy-server[130057]: 172.18.0.2 172.18.0.100 22/Jan/2026/07/04/52 PUT /v1/AUTH_975a7ac8986449db81078f63a2865f69/gnocchi.0811a5e9-7d99-42e8-beed-69e7eaee7916/none_v3 HTTP/1.0 201 - python-swiftclient-3.11.1 gAAAAABpcctgVjjM... 22 - - tx61f296f83ad642abbb16f-006971cc14 - 0.0174 - - 1769065492.366710901 1769065492.384083509 0
Jan 22 07:04:52 standalone container-server[127956]: 172.20.0.100 - - [22/Jan/2026:07:04:52 +0000] "HEAD /d1/830/AUTH_975a7ac8986449db81078f63a2865f69/gnocchi.2e78677c-ac36-4104-be59-dff339161124" 404 - "HEAD http://172.18.0.2:8080/v1/AUTH_975a7ac8986449db81078f63a2865f69/gnocchi.2e78677c-ac36-4104-be59-dff339161124?format=json&states=listing" "txdf557cdc1b7c457aac7bb-006971cc14" "proxy-server 20" 0.0005 "-" 22 0
Jan 22 07:04:52 standalone object-server[128216]: 172.20.0.100 - - [22/Jan/2026:07:04:52 +0000] "GET /d1/632/AUTH_975a7ac8986449db81078f63a2865f69/gnocchi.2e78677c-ac36-4104-be59-dff339161124/none_v3" 404 70 "GET http://172.18.0.2:8080/v1/AUTH_975a7ac8986449db81078f63a2865f69/gnocchi.2e78677c-ac36-4104-be59-dff339161124/none_v3" "txdf557cdc1b7c457aac7bb-006971cc14" "proxy-server 20" 0.0006 "-" 23 0
Jan 22 07:04:52 standalone proxy-server[130057]: 172.18.0.2 172.18.0.100 22/Jan/2026/07/04/52 GET /v1/AUTH_975a7ac8986449db81078f63a2865f69/gnocchi.2e78677c-ac36-4104-be59-dff339161124/none_v3 HTTP/1.0 404 - python-swiftclient-3.11.1 gAAAAABpcctgVjjM... - 70 - txdf557cdc1b7c457aac7bb-006971cc14 - 0.0105 - - 1769065492.397053480 1769065492.407578468 0
Jan 22 07:04:52 standalone account-server[128010]: 172.20.0.100 - - [22/Jan/2026:07:04:52 +0000] "PUT /d1/424/AUTH_975a7ac8986449db81078f63a2865f69/gnocchi.2e78677c-ac36-4104-be59-dff339161124" 201 - "PUT http://172.20.0.100:6001/d1/830/AUTH_975a7ac8986449db81078f63a2865f69/gnocchi.2e78677c-ac36-4104-be59-dff339161124" "txc68ec39625a6438fb9afc-006971cc14" "container-server 21" 0.0063 "-" 23 0
Jan 22 07:04:52 standalone container-server[127948]: 172.20.0.100 - - [22/Jan/2026:07:04:52 +0000] "PUT /d1/830/AUTH_975a7ac8986449db81078f63a2865f69/gnocchi.2e78677c-ac36-4104-be59-dff339161124" 201 - "PUT http://172.18.0.2:8080/v1/AUTH_975a7ac8986449db81078f63a2865f69/gnocchi.2e78677c-ac36-4104-be59-dff339161124" "txc68ec39625a6438fb9afc-006971cc14" "proxy-server 20" 0.0209 "-" 21 0
Jan 22 07:04:52 standalone proxy-server[130057]: 172.18.0.2 172.18.0.100 22/Jan/2026/07/04/52 PUT /v1/AUTH_975a7ac8986449db81078f63a2865f69/gnocchi.2e78677c-ac36-4104-be59-dff339161124 HTTP/1.0 201 - python-swiftclient-3.11.1 gAAAAABpcctgVjjM... - - - txc68ec39625a6438fb9afc-006971cc14 - 0.0268 - - 1769065492.410741806 1769065492.437525272 0
Jan 22 07:04:52 standalone container-server[127942]: 172.20.0.100 - - [22/Jan/2026:07:04:52 +0000] "HEAD /d1/830/AUTH_975a7ac8986449db81078f63a2865f69/gnocchi.2e78677c-ac36-4104-be59-dff339161124" 204 - "HEAD http://172.18.0.2:8080/v1/AUTH_975a7ac8986449db81078f63a2865f69/gnocchi.2e78677c-ac36-4104-be59-dff339161124?format=json&states=listing" "txf8cd1067657c4a8f82fbf-006971cc14" "proxy-server 20" 0.0023 "-" 20 0
Jan 22 07:04:52 standalone proxy-server[130057]: - - 22/Jan/2026/07/04/52 HEAD /v1/AUTH_975a7ac8986449db81078f63a2865f69/gnocchi.2e78677c-ac36-4104-be59-dff339161124%3Fformat%3Djson%26states%3Dlisting HTTP/1.0 204 - Swift - - - - txf8cd1067657c4a8f82fbf-006971cc14 - 0.0078 RL - 1769065492.444465637 1769065492.452287197 0
Jan 22 07:04:52 standalone container-server[127942]: 172.20.0.100 - - [22/Jan/2026:07:04:52 +0000] "GET /d1/830/AUTH_975a7ac8986449db81078f63a2865f69/gnocchi.2e78677c-ac36-4104-be59-dff339161124" 200 2 "GET http://172.18.0.2:8080/v1/AUTH_975a7ac8986449db81078f63a2865f69/gnocchi.2e78677c-ac36-4104-be59-dff339161124?format=json&states=listing" "txf8cd1067657c4a8f82fbf-006971cc14" "proxy-server 20" 0.0036 "-" 20 0
Jan 22 07:04:52 standalone proxy-server[130057]: 172.18.0.2 172.18.0.100 22/Jan/2026/07/04/52 GET /v1/AUTH_975a7ac8986449db81078f63a2865f69/gnocchi.2e78677c-ac36-4104-be59-dff339161124%3Fformat%3Djson%26states%3Dlisting HTTP/1.0 200 - python-swiftclient-3.11.1 gAAAAABpcctgVjjM... - 2 - txf8cd1067657c4a8f82fbf-006971cc14 - 0.0226 - - 1769065492.442500591 1769065492.465097427 0
Jan 22 07:04:52 standalone object-server[128216]: 172.20.0.100 - - [22/Jan/2026:07:04:52 +0000] "GET /d1/302/AUTH_975a7ac8986449db81078f63a2865f69/gnocchi.2e78677c-ac36-4104-be59-dff339161124/1769040000.0_mean_300.0_v3" 404 70 "GET http://172.18.0.2:8080/v1/AUTH_975a7ac8986449db81078f63a2865f69/gnocchi.2e78677c-ac36-4104-be59-dff339161124/1769040000.0_mean_300.0_v3" "tx6c68e7389a7a412f83be2-006971cc14" "proxy-server 20" 0.0005 "-" 23 0
Jan 22 07:04:52 standalone proxy-server[130057]: 172.18.0.2 172.18.0.100 22/Jan/2026/07/04/52 GET /v1/AUTH_975a7ac8986449db81078f63a2865f69/gnocchi.2e78677c-ac36-4104-be59-dff339161124/1769040000.0_mean_300.0_v3 HTTP/1.0 404 - python-swiftclient-3.11.1 gAAAAABpcctgVjjM... - 70 - tx6c68e7389a7a412f83be2-006971cc14 - 0.0080 - - 1769065492.470201492 1769065492.478246212 0
Jan 22 07:04:52 standalone container-server[127948]: 172.20.0.100 - - [22/Jan/2026:07:04:52 +0000] "PUT /d1/830/AUTH_975a7ac8986449db81078f63a2865f69/gnocchi.2e78677c-ac36-4104-be59-dff339161124/1769040000.0_mean_300.0_v3" 201 - "PUT http://172.18.0.2:8080/d1/302/AUTH_975a7ac8986449db81078f63a2865f69/gnocchi.2e78677c-ac36-4104-be59-dff339161124/1769040000.0_mean_300.0_v3" "txea7d7977775d4c23bc288-006971cc14" "object-server 25" 0.0008 "-" 21 0
Jan 22 07:04:52 standalone object-server[128227]: 172.20.0.100 - - [22/Jan/2026:07:04:52 +0000] "PUT /d1/302/AUTH_975a7ac8986449db81078f63a2865f69/gnocchi.2e78677c-ac36-4104-be59-dff339161124/1769040000.0_mean_300.0_v3" 201 - "PUT http://172.18.0.2:8080/v1/AUTH_975a7ac8986449db81078f63a2865f69/gnocchi.2e78677c-ac36-4104-be59-dff339161124/1769040000.0_mean_300.0_v3" "txea7d7977775d4c23bc288-006971cc14" "proxy-server 20" 0.0118 "-" 25 0
Jan 22 07:04:52 standalone proxy-server[130057]: 172.18.0.2 172.18.0.100 22/Jan/2026/07/04/52 PUT /v1/AUTH_975a7ac8986449db81078f63a2865f69/gnocchi.2e78677c-ac36-4104-be59-dff339161124/1769040000.0_mean_300.0_v3 HTTP/1.0 201 - python-swiftclient-3.11.1 gAAAAABpcctgVjjM... 16 - - txea7d7977775d4c23bc288-006971cc14 - 0.0201 - - 1769065492.483855724 1769065492.503920078 0
Jan 22 07:04:52 standalone container-server[127956]: 172.20.0.100 - - [22/Jan/2026:07:04:52 +0000] "PUT /d1/830/AUTH_975a7ac8986449db81078f63a2865f69/gnocchi.2e78677c-ac36-4104-be59-dff339161124/none_v3" 201 - "PUT http://172.18.0.2:8080/d1/632/AUTH_975a7ac8986449db81078f63a2865f69/gnocchi.2e78677c-ac36-4104-be59-dff339161124/none_v3" "txf9b53a7f9c7e4dd3acfc3-006971cc14" "object-server 24" 0.0008 "-" 22 0
Jan 22 07:04:52 standalone object-server[128222]: 172.20.0.100 - - [22/Jan/2026:07:04:52 +0000] "PUT /d1/632/AUTH_975a7ac8986449db81078f63a2865f69/gnocchi.2e78677c-ac36-4104-be59-dff339161124/none_v3" 201 - "PUT http://172.18.0.2:8080/v1/AUTH_975a7ac8986449db81078f63a2865f69/gnocchi.2e78677c-ac36-4104-be59-dff339161124/none_v3" "txf9b53a7f9c7e4dd3acfc3-006971cc14" "proxy-server 20" 0.0118 "-" 24 0
Jan 22 07:04:52 standalone proxy-server[130057]: 172.18.0.2 172.18.0.100 22/Jan/2026/07/04/52 PUT /v1/AUTH_975a7ac8986449db81078f63a2865f69/gnocchi.2e78677c-ac36-4104-be59-dff339161124/none_v3 HTTP/1.0 201 - python-swiftclient-3.11.1 gAAAAABpcctgVjjM... 22 - - txf9b53a7f9c7e4dd3acfc3-006971cc14 - 0.0195 - - 1769065492.508739948 1769065492.528213263 0
Jan 22 07:04:56 standalone container-server[127957]: Begin container update sweep
Jan 22 07:04:56 standalone account-server[127997]: 172.20.0.100 - - [22/Jan/2026:07:04:56 +0000] "PUT /d1/424/AUTH_975a7ac8986449db81078f63a2865f69/gnocchi.f54d72c0-2a2b-4cb1-af40-59d57e8bc65a" 201 - "-" "-" "container-updater 2" 0.0008 "-" 21 0
Jan 22 07:04:56 standalone account-server[128010]: 172.20.0.100 - - [22/Jan/2026:07:04:56 +0000] "PUT /d1/424/AUTH_975a7ac8986449db81078f63a2865f69/gnocchi.374b0a58-dee7-4798-8faa-788e713738dd" 201 - "-" "-" "container-updater 2" 0.0007 "-" 23 0
Jan 22 07:04:56 standalone account-server[127993]: 172.20.0.100 - - [22/Jan/2026:07:04:56 +0000] "PUT /d1/424/AUTH_975a7ac8986449db81078f63a2865f69/gnocchi.8110b9ba-838a-4576-962f-211209b4e80c" 201 - "-" "-" "container-updater 2" 0.0007 "-" 19 0
Jan 22 07:04:56 standalone account-server[128007]: 172.20.0.100 - - [22/Jan/2026:07:04:56 +0000] "PUT /d1/424/AUTH_975a7ac8986449db81078f63a2865f69/gnocchi.87818cfa-448e-4569-bda1-52c093f50204" 201 - "-" "-" "container-updater 2" 0.0008 "-" 22 0
Jan 22 07:04:56 standalone account-server[127993]: 172.20.0.100 - - [22/Jan/2026:07:04:56 +0000] "PUT /d1/424/AUTH_975a7ac8986449db81078f63a2865f69/gnocchi.ecb07aff-89b4-422f-8ad1-088f10bf97e4" 201 - "-" "-" "container-updater 2" 0.0004 "-" 19 0
Jan 22 07:04:56 standalone account-server[127993]: 172.20.0.100 - - [22/Jan/2026:07:04:56 +0000] "PUT /d1/424/AUTH_975a7ac8986449db81078f63a2865f69/gnocchi.2e78677c-ac36-4104-be59-dff339161124" 201 - "-" "-" "container-updater 2" 0.0003 "-" 19 0
Jan 22 07:04:56 standalone account-server[128007]: 172.20.0.100 - - [22/Jan/2026:07:04:56 +0000] "PUT /d1/424/AUTH_975a7ac8986449db81078f63a2865f69/gnocchi.9785226c-fd3c-45ea-be8a-b07c82f86000" 201 - "-" "-" "container-updater 2" 0.0008 "-" 22 0
Jan 22 07:04:56 standalone account-server[128007]: 172.20.0.100 - - [22/Jan/2026:07:04:56 +0000] "PUT /d1/424/AUTH_975a7ac8986449db81078f63a2865f69/gnocchi.c12a120b-4602-4353-9fa0-8fba5df3beba" 201 - "-" "-" "container-updater 2" 0.0007 "-" 22 0
Jan 22 07:04:56 standalone account-server[128007]: 172.20.0.100 - - [22/Jan/2026:07:04:56 +0000] "PUT /d1/424/AUTH_975a7ac8986449db81078f63a2865f69/gnocchi.84c45698-84e4-4c7c-8eb6-651c46ee7acb" 201 - "-" "-" "container-updater 2" 0.0007 "-" 22 0
