Jan 22 07:04:07 standalone proxy-server[130057]: 172.18.0.2 172.18.0.100 22/Jan/2026/07/04/07 PUT /v1/AUTH_975a7ac8986449db81078f63a2865f69/gnocchi.ad20b4e3-fcec-43c2-9dfb-36342b4af454/none_v3 HTTP/1.0 201 - python-swiftclient-3.11.1 gAAAAABpcctgVjjM... 22 - - tx1353d2ae01d344039f272-006971cbe7 - 0.0198 - - 1769065447.726564646 1769065447.746331215 0
Jan 22 07:04:07 standalone container-server[127948]: 172.20.0.100 - - [22/Jan/2026:07:04:07 +0000] "HEAD /d1/338/AUTH_975a7ac8986449db81078f63a2865f69/gnocchi.ecb07aff-89b4-422f-8ad1-088f10bf97e4" 404 - "HEAD http://172.18.0.2:8080/v1/AUTH_975a7ac8986449db81078f63a2865f69/gnocchi.ecb07aff-89b4-422f-8ad1-088f10bf97e4?format=json&states=listing" "tx13dd75769968474d9186b-006971cbe7" "proxy-server 20" 0.0004 "-" 21 0
Jan 22 07:04:07 standalone object-server[128216]: 172.20.0.100 - - [22/Jan/2026:07:04:07 +0000] "GET /d1/532/AUTH_975a7ac8986449db81078f63a2865f69/gnocchi.ecb07aff-89b4-422f-8ad1-088f10bf97e4/none_v3" 404 70 "GET http://172.18.0.2:8080/v1/AUTH_975a7ac8986449db81078f63a2865f69/gnocchi.ecb07aff-89b4-422f-8ad1-088f10bf97e4/none_v3" "tx13dd75769968474d9186b-006971cbe7" "proxy-server 20" 0.0003 "-" 23 0
Jan 22 07:04:07 standalone proxy-server[130057]: 172.18.0.2 172.18.0.100 22/Jan/2026/07/04/07 GET /v1/AUTH_975a7ac8986449db81078f63a2865f69/gnocchi.ecb07aff-89b4-422f-8ad1-088f10bf97e4/none_v3 HTTP/1.0 404 - python-swiftclient-3.11.1 gAAAAABpcctgVjjM... - 70 - tx13dd75769968474d9186b-006971cbe7 - 0.0124 - - 1769065447.764887571 1769065447.777335405 0
Jan 22 07:04:07 standalone account-server[127993]: 172.20.0.100 - - [22/Jan/2026:07:04:07 +0000] "PUT /d1/424/AUTH_975a7ac8986449db81078f63a2865f69/gnocchi.ecb07aff-89b4-422f-8ad1-088f10bf97e4" 201 - "PUT http://172.20.0.100:6001/d1/338/AUTH_975a7ac8986449db81078f63a2865f69/gnocchi.ecb07aff-89b4-422f-8ad1-088f10bf97e4" "tx677078496aae43b1a325f-006971cbe7" "container-server 21" 0.0053 "-" 19 0
Jan 22 07:04:07 standalone container-server[127948]: 172.20.0.100 - - [22/Jan/2026:07:04:07 +0000] "PUT /d1/338/AUTH_975a7ac8986449db81078f63a2865f69/gnocchi.ecb07aff-89b4-422f-8ad1-088f10bf97e4" 201 - "PUT http://172.18.0.2:8080/v1/AUTH_975a7ac8986449db81078f63a2865f69/gnocchi.ecb07aff-89b4-422f-8ad1-088f10bf97e4" "tx677078496aae43b1a325f-006971cbe7" "proxy-server 20" 0.0202 "-" 21 0
Jan 22 07:04:07 standalone proxy-server[130057]: 172.18.0.2 172.18.0.100 22/Jan/2026/07/04/07 PUT /v1/AUTH_975a7ac8986449db81078f63a2865f69/gnocchi.ecb07aff-89b4-422f-8ad1-088f10bf97e4 HTTP/1.0 201 - python-swiftclient-3.11.1 gAAAAABpcctgVjjM... - - - tx677078496aae43b1a325f-006971cbe7 - 0.0280 - - 1769065447.781089544 1769065447.809101343 0
Jan 22 07:04:07 standalone container-server[127948]: 172.20.0.100 - - [22/Jan/2026:07:04:07 +0000] "HEAD /d1/338/AUTH_975a7ac8986449db81078f63a2865f69/gnocchi.ecb07aff-89b4-422f-8ad1-088f10bf97e4" 204 - "HEAD http://172.18.0.2:8080/v1/AUTH_975a7ac8986449db81078f63a2865f69/gnocchi.ecb07aff-89b4-422f-8ad1-088f10bf97e4?format=json&states=listing" "tx6264435cfbf0499fb1959-006971cbe7" "proxy-server 20" 0.0026 "-" 21 0
Jan 22 07:04:07 standalone proxy-server[130057]: - - 22/Jan/2026/07/04/07 HEAD /v1/AUTH_975a7ac8986449db81078f63a2865f69/gnocchi.ecb07aff-89b4-422f-8ad1-088f10bf97e4%3Fformat%3Djson%26states%3Dlisting HTTP/1.0 204 - Swift - - - - tx6264435cfbf0499fb1959-006971cbe7 - 0.0090 RL - 1769065447.815300703 1769065447.824261189 0
Jan 22 07:04:07 standalone container-server[127938]: 172.20.0.100 - - [22/Jan/2026:07:04:07 +0000] "GET /d1/338/AUTH_975a7ac8986449db81078f63a2865f69/gnocchi.ecb07aff-89b4-422f-8ad1-088f10bf97e4" 200 2 "GET http://172.18.0.2:8080/v1/AUTH_975a7ac8986449db81078f63a2865f69/gnocchi.ecb07aff-89b4-422f-8ad1-088f10bf97e4?format=json&states=listing" "tx6264435cfbf0499fb1959-006971cbe7" "proxy-server 20" 0.0017 "-" 19 0
Jan 22 07:04:07 standalone proxy-server[130057]: 172.18.0.2 172.18.0.100 22/Jan/2026/07/04/07 GET /v1/AUTH_975a7ac8986449db81078f63a2865f69/gnocchi.ecb07aff-89b4-422f-8ad1-088f10bf97e4%3Fformat%3Djson%26states%3Dlisting HTTP/1.0 200 - python-swiftclient-3.11.1 gAAAAABpcctgVjjM... - 2 - tx6264435cfbf0499fb1959-006971cbe7 - 0.0212 - - 1769065447.813491106 1769065447.834701777 0
Jan 22 07:04:07 standalone object-server[128214]: 172.20.0.100 - - [22/Jan/2026:07:04:07 +0000] "GET /d1/318/AUTH_975a7ac8986449db81078f63a2865f69/gnocchi.ecb07aff-89b4-422f-8ad1-088f10bf97e4/1769040000.0_mean_300.0_v3" 404 70 "GET http://172.18.0.2:8080/v1/AUTH_975a7ac8986449db81078f63a2865f69/gnocchi.ecb07aff-89b4-422f-8ad1-088f10bf97e4/1769040000.0_mean_300.0_v3" "txd0a49950c2fd4d08921de-006971cbe7" "proxy-server 20" 0.0005 "-" 22 0
Jan 22 07:04:07 standalone proxy-server[130057]: 172.18.0.2 172.18.0.100 22/Jan/2026/07/04/07 GET /v1/AUTH_975a7ac8986449db81078f63a2865f69/gnocchi.ecb07aff-89b4-422f-8ad1-088f10bf97e4/1769040000.0_mean_300.0_v3 HTTP/1.0 404 - python-swiftclient-3.11.1 gAAAAABpcctgVjjM... - 70 - txd0a49950c2fd4d08921de-006971cbe7 - 0.0099 - - 1769065447.839604378 1769065447.849466324 0
Jan 22 07:04:07 standalone container-server[127942]: 172.20.0.100 - - [22/Jan/2026:07:04:07 +0000] "PUT /d1/338/AUTH_975a7ac8986449db81078f63a2865f69/gnocchi.ecb07aff-89b4-422f-8ad1-088f10bf97e4/1769040000.0_mean_300.0_v3" 201 - "PUT http://172.18.0.2:8080/d1/318/AUTH_975a7ac8986449db81078f63a2865f69/gnocchi.ecb07aff-89b4-422f-8ad1-088f10bf97e4/1769040000.0_mean_300.0_v3" "txc1ddc143c07442f7a4ecf-006971cbe7" "object-server 22" 0.0010 "-" 20 0
Jan 22 07:04:07 standalone object-server[128214]: 172.20.0.100 - - [22/Jan/2026:07:04:07 +0000] "PUT /d1/318/AUTH_975a7ac8986449db81078f63a2865f69/gnocchi.ecb07aff-89b4-422f-8ad1-088f10bf97e4/1769040000.0_mean_300.0_v3" 201 - "PUT http://172.18.0.2:8080/v1/AUTH_975a7ac8986449db81078f63a2865f69/gnocchi.ecb07aff-89b4-422f-8ad1-088f10bf97e4/1769040000.0_mean_300.0_v3" "txc1ddc143c07442f7a4ecf-006971cbe7" "proxy-server 20" 0.0133 "-" 22 0
Jan 22 07:04:07 standalone proxy-server[130057]: 172.18.0.2 172.18.0.100 22/Jan/2026/07/04/07 PUT /v1/AUTH_975a7ac8986449db81078f63a2865f69/gnocchi.ecb07aff-89b4-422f-8ad1-088f10bf97e4/1769040000.0_mean_300.0_v3 HTTP/1.0 201 - python-swiftclient-3.11.1 gAAAAABpcctgVjjM... 16 - - txc1ddc143c07442f7a4ecf-006971cbe7 - 0.0228 - - 1769065447.853301525 1769065447.876101732 0
Jan 22 07:04:07 standalone container-server[127948]: 172.20.0.100 - - [22/Jan/2026:07:04:07 +0000] "PUT /d1/338/AUTH_975a7ac8986449db81078f63a2865f69/gnocchi.ecb07aff-89b4-422f-8ad1-088f10bf97e4/none_v3" 201 - "PUT http://172.18.0.2:8080/d1/532/AUTH_975a7ac8986449db81078f63a2865f69/gnocchi.ecb07aff-89b4-422f-8ad1-088f10bf97e4/none_v3" "tx402e50ede6b44c8cba5d3-006971cbe7" "object-server 25" 0.0013 "-" 21 0
Jan 22 07:04:07 standalone object-server[128227]: 172.20.0.100 - - [22/Jan/2026:07:04:07 +0000] "PUT /d1/532/AUTH_975a7ac8986449db81078f63a2865f69/gnocchi.ecb07aff-89b4-422f-8ad1-088f10bf97e4/none_v3" 201 - "PUT http://172.18.0.2:8080/v1/AUTH_975a7ac8986449db81078f63a2865f69/gnocchi.ecb07aff-89b4-422f-8ad1-088f10bf97e4/none_v3" "tx402e50ede6b44c8cba5d3-006971cbe7" "proxy-server 20" 0.0116 "-" 25 0
Jan 22 07:04:07 standalone proxy-server[130057]: 172.18.0.2 172.18.0.100 22/Jan/2026/07/04/07 PUT /v1/AUTH_975a7ac8986449db81078f63a2865f69/gnocchi.ecb07aff-89b4-422f-8ad1-088f10bf97e4/none_v3 HTTP/1.0 201 - python-swiftclient-3.11.1 gAAAAABpcctgVjjM... 22 - - tx402e50ede6b44c8cba5d3-006971cbe7 - 0.0198 - - 1769065447.879733324 1769065447.899538517 0
Jan 22 07:04:07 standalone container-server[127956]: 172.20.0.100 - - [22/Jan/2026:07:04:07 +0000] "HEAD /d1/774/AUTH_975a7ac8986449db81078f63a2865f69/gnocchi.907a90bf-07bd-4009-8ffe-8e9153fdcefd" 404 - "HEAD http://172.18.0.2:8080/v1/AUTH_975a7ac8986449db81078f63a2865f69/gnocchi.907a90bf-07bd-4009-8ffe-8e9153fdcefd?format=json&states=listing" "tx912a27fc2cde47428d5fc-006971cbe7" "proxy-server 20" 0.0004 "-" 22 0
Jan 22 07:04:07 standalone object-server[128227]: 172.20.0.100 - - [22/Jan/2026:07:04:07 +0000] "GET /d1/30/AUTH_975a7ac8986449db81078f63a2865f69/gnocchi.907a90bf-07bd-4009-8ffe-8e9153fdcefd/none_v3" 404 70 "GET http://172.18.0.2:8080/v1/AUTH_975a7ac8986449db81078f63a2865f69/gnocchi.907a90bf-07bd-4009-8ffe-8e9153fdcefd/none_v3" "tx912a27fc2cde47428d5fc-006971cbe7" "proxy-server 20" 0.0005 "-" 25 0
Jan 22 07:04:07 standalone proxy-server[130057]: 172.18.0.2 172.18.0.100 22/Jan/2026/07/04/07 GET /v1/AUTH_975a7ac8986449db81078f63a2865f69/gnocchi.907a90bf-07bd-4009-8ffe-8e9153fdcefd/none_v3 HTTP/1.0 404 - python-swiftclient-3.11.1 gAAAAABpcctgVjjM... - 70 - tx912a27fc2cde47428d5fc-006971cbe7 - 0.0120 - - 1769065447.912620544 1769065447.924635172 0
Jan 22 07:04:07 standalone account-server[127993]: 172.20.0.100 - - [22/Jan/2026:07:04:07 +0000] "PUT /d1/424/AUTH_975a7ac8986449db81078f63a2865f69/gnocchi.907a90bf-07bd-4009-8ffe-8e9153fdcefd" 201 - "PUT http://172.20.0.100:6001/d1/774/AUTH_975a7ac8986449db81078f63a2865f69/gnocchi.907a90bf-07bd-4009-8ffe-8e9153fdcefd" "txce1692f3f0a14a4e83508-006971cbe7" "container-server 19" 0.0059 "-" 19 0
Jan 22 07:04:07 standalone container-server[127938]: 172.20.0.100 - - [22/Jan/2026:07:04:07 +0000] "PUT /d1/774/AUTH_975a7ac8986449db81078f63a2865f69/gnocchi.907a90bf-07bd-4009-8ffe-8e9153fdcefd" 201 - "PUT http://172.18.0.2:8080/v1/AUTH_975a7ac8986449db81078f63a2865f69/gnocchi.907a90bf-07bd-4009-8ffe-8e9153fdcefd" "txce1692f3f0a14a4e83508-006971cbe7" "proxy-server 20" 0.0163 "-" 19 0
Jan 22 07:04:07 standalone proxy-server[130057]: 172.18.0.2 172.18.0.100 22/Jan/2026/07/04/07 PUT /v1/AUTH_975a7ac8986449db81078f63a2865f69/gnocchi.907a90bf-07bd-4009-8ffe-8e9153fdcefd HTTP/1.0 201 - python-swiftclient-3.11.1 gAAAAABpcctgVjjM... - - - txce1692f3f0a14a4e83508-006971cbe7 - 0.0216 - - 1769065447.928289175 1769065447.949916124 0
Jan 22 07:04:07 standalone container-server[127956]: 172.20.0.100 - - [22/Jan/2026:07:04:07 +0000] "HEAD /d1/774/AUTH_975a7ac8986449db81078f63a2865f69/gnocchi.907a90bf-07bd-4009-8ffe-8e9153fdcefd" 204 - "HEAD http://172.18.0.2:8080/v1/AUTH_975a7ac8986449db81078f63a2865f69/gnocchi.907a90bf-07bd-4009-8ffe-8e9153fdcefd?format=json&states=listing" "tx4be5ab1cd2d341ee89a60-006971cbe7" "proxy-server 20" 0.0018 "-" 22 0
Jan 22 07:04:07 standalone proxy-server[130057]: - - 22/Jan/2026/07/04/07 HEAD /v1/AUTH_975a7ac8986449db81078f63a2865f69/gnocchi.907a90bf-07bd-4009-8ffe-8e9153fdcefd%3Fformat%3Djson%26states%3Dlisting HTTP/1.0 204 - Swift - - - - tx4be5ab1cd2d341ee89a60-006971cbe7 - 0.0057 RL - 1769065447.956767082 1769065447.962468624 0
Jan 22 07:04:07 standalone container-server[127942]: 172.20.0.100 - - [22/Jan/2026:07:04:07 +0000] "GET /d1/774/AUTH_975a7ac8986449db81078f63a2865f69/gnocchi.907a90bf-07bd-4009-8ffe-8e9153fdcefd" 200 2 "GET http://172.18.0.2:8080/v1/AUTH_975a7ac8986449db81078f63a2865f69/gnocchi.907a90bf-07bd-4009-8ffe-8e9153fdcefd?format=json&states=listing" "tx4be5ab1cd2d341ee89a60-006971cbe7" "proxy-server 20" 0.0036 "-" 20 0
Jan 22 07:04:07 standalone proxy-server[130057]: 172.18.0.2 172.18.0.100 22/Jan/2026/07/04/07 GET /v1/AUTH_975a7ac8986449db81078f63a2865f69/gnocchi.907a90bf-07bd-4009-8ffe-8e9153fdcefd%3Fformat%3Djson%26states%3Dlisting HTTP/1.0 200 - python-swiftclient-3.11.1 gAAAAABpcctgVjjM... - 2 - tx4be5ab1cd2d341ee89a60-006971cbe7 - 0.0192 - - 1769065447.955247164 1769065447.974486589 0
Jan 22 07:04:07 standalone object-server[128216]: 172.20.0.100 - - [22/Jan/2026:07:04:07 +0000] "GET /d1/137/AUTH_975a7ac8986449db81078f63a2865f69/gnocchi.907a90bf-07bd-4009-8ffe-8e9153fdcefd/1769040000.0_mean_300.0_v3" 404 70 "GET http://172.18.0.2:8080/v1/AUTH_975a7ac8986449db81078f63a2865f69/gnocchi.907a90bf-07bd-4009-8ffe-8e9153fdcefd/1769040000.0_mean_300.0_v3" "tx5b329974459c41ae85434-006971cbe7" "proxy-server 20" 0.0010 "-" 23 0
Jan 22 07:04:08 standalone proxy-server[130057]: 172.18.0.2 172.18.0.100 22/Jan/2026/07/04/07 GET /v1/AUTH_975a7ac8986449db81078f63a2865f69/gnocchi.907a90bf-07bd-4009-8ffe-8e9153fdcefd/1769040000.0_mean_300.0_v3 HTTP/1.0 404 - python-swiftclient-3.11.1 gAAAAABpcctgVjjM... - 70 - tx5b329974459c41ae85434-006971cbe7 - 0.0167 - - 1769065447.982374907 1769065447.999037504 0
Jan 22 07:04:08 standalone container-server[127938]: 172.20.0.100 - - [22/Jan/2026:07:04:08 +0000] "PUT /d1/774/AUTH_975a7ac8986449db81078f63a2865f69/gnocchi.907a90bf-07bd-4009-8ffe-8e9153fdcefd/1769040000.0_mean_300.0_v3" 201 - "PUT http://172.18.0.2:8080/d1/137/AUTH_975a7ac8986449db81078f63a2865f69/gnocchi.907a90bf-07bd-4009-8ffe-8e9153fdcefd/1769040000.0_mean_300.0_v3" "txdc351460f9224a7b91800-006971cbe8" "object-server 23" 0.0007 "-" 19 0
Jan 22 07:04:08 standalone object-server[128216]: 172.20.0.100 - - [22/Jan/2026:07:04:08 +0000] "PUT /d1/137/AUTH_975a7ac8986449db81078f63a2865f69/gnocchi.907a90bf-07bd-4009-8ffe-8e9153fdcefd/1769040000.0_mean_300.0_v3" 201 - "PUT http://172.18.0.2:8080/v1/AUTH_975a7ac8986449db81078f63a2865f69/gnocchi.907a90bf-07bd-4009-8ffe-8e9153fdcefd/1769040000.0_mean_300.0_v3" "txdc351460f9224a7b91800-006971cbe8" "proxy-server 20" 0.0123 "-" 23 0
Jan 22 07:04:08 standalone proxy-server[130057]: 172.18.0.2 172.18.0.100 22/Jan/2026/07/04/08 PUT /v1/AUTH_975a7ac8986449db81078f63a2865f69/gnocchi.907a90bf-07bd-4009-8ffe-8e9153fdcefd/1769040000.0_mean_300.0_v3 HTTP/1.0 201 - python-swiftclient-3.11.1 gAAAAABpcctgVjjM... 16 - - txdc351460f9224a7b91800-006971cbe8 - 0.0175 - - 1769065448.007459879 1769065448.024976015 0
Jan 22 07:04:08 standalone container-server[127956]: 172.20.0.100 - - [22/Jan/2026:07:04:08 +0000] "PUT /d1/774/AUTH_975a7ac8986449db81078f63a2865f69/gnocchi.907a90bf-07bd-4009-8ffe-8e9153fdcefd/none_v3" 201 - "PUT http://172.18.0.2:8080/d1/30/AUTH_975a7ac8986449db81078f63a2865f69/gnocchi.907a90bf-07bd-4009-8ffe-8e9153fdcefd/none_v3" "tx19e70dfa232140ffb9387-006971cbe8" "object-server 22" 0.0007 "-" 22 0
Jan 22 07:04:08 standalone object-server[128214]: 172.20.0.100 - - [22/Jan/2026:07:04:08 +0000] "PUT /d1/30/AUTH_975a7ac8986449db81078f63a2865f69/gnocchi.907a90bf-07bd-4009-8ffe-8e9153fdcefd/none_v3" 201 - "PUT http://172.18.0.2:8080/v1/AUTH_975a7ac8986449db81078f63a2865f69/gnocchi.907a90bf-07bd-4009-8ffe-8e9153fdcefd/none_v3" "tx19e70dfa232140ffb9387-006971cbe8" "proxy-server 20" 0.0099 "-" 22 0
Jan 22 07:04:08 standalone proxy-server[130057]: 172.18.0.2 172.18.0.100 22/Jan/2026/07/04/08 PUT /v1/AUTH_975a7ac8986449db81078f63a2865f69/gnocchi.907a90bf-07bd-4009-8ffe-8e9153fdcefd/none_v3 HTTP/1.0 201 - python-swiftclient-3.11.1 gAAAAABpcctgVjjM... 22 - - tx19e70dfa232140ffb9387-006971cbe8 - 0.0153 - - 1769065448.028055668 1769065448.043375731 0
Jan 22 07:04:13 standalone container-server[127942]: 172.20.0.100 - - [22/Jan/2026:07:04:13 +0000] "HEAD /d1/478/AUTH_975a7ac8986449db81078f63a2865f69/gnocchi.7fbc084d-e52c-4540-9a04-407fb55fc152" 404 - "HEAD http://172.18.0.2:8080/v1/AUTH_975a7ac8986449db81078f63a2865f69/gnocchi.7fbc084d-e52c-4540-9a04-407fb55fc152?format=json&states=listing" "txc8e333cb65ca4d3e9f95a-006971cbed" "proxy-server 20" 0.0005 "-" 20 0
Jan 22 07:04:13 standalone object-server[128222]: 172.20.0.100 - - [22/Jan/2026:07:04:13 +0000] "GET /d1/1003/AUTH_975a7ac8986449db81078f63a2865f69/gnocchi.7fbc084d-e52c-4540-9a04-407fb55fc152/none_v3" 404 70 "GET http://172.18.0.2:8080/v1/AUTH_975a7ac8986449db81078f63a2865f69/gnocchi.7fbc084d-e52c-4540-9a04-407fb55fc152/none_v3" "txc8e333cb65ca4d3e9f95a-006971cbed" "proxy-server 20" 0.0005 "-" 24 0
Jan 22 07:04:13 standalone proxy-server[130057]: 172.18.0.2 172.18.0.100 22/Jan/2026/07/04/13 GET /v1/AUTH_975a7ac8986449db81078f63a2865f69/gnocchi.7fbc084d-e52c-4540-9a04-407fb55fc152/none_v3 HTTP/1.0 404 - python-swiftclient-3.11.1 gAAAAABpcctgVjjM... - 70 - txc8e333cb65ca4d3e9f95a-006971cbed - 0.0111 - - 1769065453.812326193 1769065453.823453665 0
Jan 22 07:04:13 standalone account-server[127993]: 172.20.0.100 - - [22/Jan/2026:07:04:13 +0000] "PUT /d1/424/AUTH_975a7ac8986449db81078f63a2865f69/gnocchi.7fbc084d-e52c-4540-9a04-407fb55fc152" 201 - "PUT http://172.20.0.100:6001/d1/478/AUTH_975a7ac8986449db81078f63a2865f69/gnocchi.7fbc084d-e52c-4540-9a04-407fb55fc152" "tx980d23a7fcdd469ea545e-006971cbed" "container-server 21" 0.0045 "-" 19 0
Jan 22 07:04:13 standalone container-server[127948]: 172.20.0.100 - - [22/Jan/2026:07:04:13 +0000] "PUT /d1/478/AUTH_975a7ac8986449db81078f63a2865f69/gnocchi.7fbc084d-e52c-4540-9a04-407fb55fc152" 201 - "PUT http://172.18.0.2:8080/v1/AUTH_975a7ac8986449db81078f63a2865f69/gnocchi.7fbc084d-e52c-4540-9a04-407fb55fc152" "tx980d23a7fcdd469ea545e-006971cbed" "proxy-server 20" 0.0140 "-" 21 0
Jan 22 07:04:13 standalone proxy-server[130057]: 172.18.0.2 172.18.0.100 22/Jan/2026/07/04/13 PUT /v1/AUTH_975a7ac8986449db81078f63a2865f69/gnocchi.7fbc084d-e52c-4540-9a04-407fb55fc152 HTTP/1.0 201 - python-swiftclient-3.11.1 gAAAAABpcctgVjjM... - - - tx980d23a7fcdd469ea545e-006971cbed - 0.0182 - - 1769065453.825754404 1769065453.844001293 0
Jan 22 07:04:13 standalone container-server[127956]: 172.20.0.100 - - [22/Jan/2026:07:04:13 +0000] "HEAD /d1/478/AUTH_975a7ac8986449db81078f63a2865f69/gnocchi.7fbc084d-e52c-4540-9a04-407fb55fc152" 204 - "HEAD http://172.18.0.2:8080/v1/AUTH_975a7ac8986449db81078f63a2865f69/gnocchi.7fbc084d-e52c-4540-9a04-407fb55fc152?format=json&states=listing" "txdc909dc48e5d4ac0ba744-006971cbed" "proxy-server 20" 0.0014 "-" 22 0
Jan 22 07:04:13 standalone proxy-server[130057]: - - 22/Jan/2026/07/04/13 HEAD /v1/AUTH_975a7ac8986449db81078f63a2865f69/gnocchi.7fbc084d-e52c-4540-9a04-407fb55fc152%3Fformat%3Djson%26states%3Dlisting HTTP/1.0 204 - Swift - - - - txdc909dc48e5d4ac0ba744-006971cbed - 0.0043 RL - 1769065453.847565651 1769065453.851852894 0
Jan 22 07:04:13 standalone container-server[127938]: 172.20.0.100 - - [22/Jan/2026:07:04:13 +0000] "GET /d1/478/AUTH_975a7ac8986449db81078f63a2865f69/gnocchi.7fbc084d-e52c-4540-9a04-407fb55fc152" 200 2 "GET http://172.18.0.2:8080/v1/AUTH_975a7ac8986449db81078f63a2865f69/gnocchi.7fbc084d-e52c-4540-9a04-407fb55fc152?format=json&states=listing" "txdc909dc48e5d4ac0ba744-006971cbed" "proxy-server 20" 0.0017 "-" 19 0
Jan 22 07:04:13 standalone proxy-server[130057]: 172.18.0.2 172.18.0.100 22/Jan/2026/07/04/13 GET /v1/AUTH_975a7ac8986449db81078f63a2865f69/gnocchi.7fbc084d-e52c-4540-9a04-407fb55fc152%3Fformat%3Djson%26states%3Dlisting HTTP/1.0 200 - python-swiftclient-3.11.1 gAAAAABpcctgVjjM... - 2 - txdc909dc48e5d4ac0ba744-006971cbed - 0.0119 - - 1769065453.846735001 1769065453.858669281 0
Jan 22 07:04:13 standalone object-server[128214]: 172.20.0.100 - - [22/Jan/2026:07:04:13 +0000] "GET /d1/63/AUTH_975a7ac8986449db81078f63a2865f69/gnocchi.7fbc084d-e52c-4540-9a04-407fb55fc152/1769040000.0_mean_300.0_v3" 404 70 "GET http://172.18.0.2:8080/v1/AUTH_975a7ac8986449db81078f63a2865f69/gnocchi.7fbc084d-e52c-4540-9a04-407fb55fc152/1769040000.0_mean_300.0_v3" "tx84485a79411844339e483-006971cbed" "proxy-server 20" 0.0004 "-" 22 0
Jan 22 07:04:13 standalone proxy-server[130057]: 172.18.0.2 172.18.0.100 22/Jan/2026/07/04/13 GET /v1/AUTH_975a7ac8986449db81078f63a2865f69/gnocchi.7fbc084d-e52c-4540-9a04-407fb55fc152/1769040000.0_mean_300.0_v3 HTTP/1.0 404 - python-swiftclient-3.11.1 gAAAAABpcctgVjjM... - 70 - tx84485a79411844339e483-006971cbed - 0.0049 - - 1769065453.861102581 1769065453.866023540 0
Jan 22 07:04:13 standalone container-server[127956]: 172.20.0.100 - - [22/Jan/2026:07:04:13 +0000] "PUT /d1/478/AUTH_975a7ac8986449db81078f63a2865f69/gnocchi.7fbc084d-e52c-4540-9a04-407fb55fc152/1769040000.0_mean_300.0_v3" 201 - "PUT http://172.18.0.2:8080/d1/63/AUTH_975a7ac8986449db81078f63a2865f69/gnocchi.7fbc084d-e52c-4540-9a04-407fb55fc152/1769040000.0_mean_300.0_v3" "tx92a58cb09e6e4ba6ad8a4-006971cbed" "object-server 22" 0.0005 "-" 22 0
Jan 22 07:04:13 standalone object-server[128214]: 172.20.0.100 - - [22/Jan/2026:07:04:13 +0000] "PUT /d1/63/AUTH_975a7ac8986449db81078f63a2865f69/gnocchi.7fbc084d-e52c-4540-9a04-407fb55fc152/1769040000.0_mean_300.0_v3" 201 - "PUT http://172.18.0.2:8080/v1/AUTH_975a7ac8986449db81078f63a2865f69/gnocchi.7fbc084d-e52c-4540-9a04-407fb55fc152/1769040000.0_mean_300.0_v3" "tx92a58cb09e6e4ba6ad8a4-006971cbed" "proxy-server 20" 0.0092 "-" 22 0
Jan 22 07:04:13 standalone proxy-server[130057]: 172.18.0.2 172.18.0.100 22/Jan/2026/07/04/13 PUT /v1/AUTH_975a7ac8986449db81078f63a2865f69/gnocchi.7fbc084d-e52c-4540-9a04-407fb55fc152/1769040000.0_mean_300.0_v3 HTTP/1.0 201 - python-swiftclient-3.11.1 gAAAAABpcctgVjjM... 16 - - tx92a58cb09e6e4ba6ad8a4-006971cbed - 0.0136 - - 1769065453.868382931 1769065453.882011414 0
Jan 22 07:04:13 standalone container-server[127956]: 172.20.0.100 - - [22/Jan/2026:07:04:13 +0000] "PUT /d1/478/AUTH_975a7ac8986449db81078f63a2865f69/gnocchi.7fbc084d-e52c-4540-9a04-407fb55fc152/none_v3" 201 - "PUT http://172.18.0.2:8080/d1/1003/AUTH_975a7ac8986449db81078f63a2865f69/gnocchi.7fbc084d-e52c-4540-9a04-407fb55fc152/none_v3" "tx77d023aa9031404e82999-006971cbed" "object-server 24" 0.0006 "-" 22 0
Jan 22 07:04:13 standalone object-server[128222]: 172.20.0.100 - - [22/Jan/2026:07:04:13 +0000] "PUT /d1/1003/AUTH_975a7ac8986449db81078f63a2865f69/gnocchi.7fbc084d-e52c-4540-9a04-407fb55fc152/none_v3" 201 - "PUT http://172.18.0.2:8080/v1/AUTH_975a7ac8986449db81078f63a2865f69/gnocchi.7fbc084d-e52c-4540-9a04-407fb55fc152/none_v3" "tx77d023aa9031404e82999-006971cbed" "proxy-server 20" 0.0098 "-" 24 0
Jan 22 07:04:13 standalone proxy-server[130057]: 172.18.0.2 172.18.0.100 22/Jan/2026/07/04/13 PUT /v1/AUTH_975a7ac8986449db81078f63a2865f69/gnocchi.7fbc084d-e52c-4540-9a04-407fb55fc152/none_v3 HTTP/1.0 201 - python-swiftclient-3.11.1 gAAAAABpcctgVjjM... 22 - - tx77d023aa9031404e82999-006971cbed - 0.0148 - - 1769065453.883881569 1769065453.898677588 0
Jan 22 07:04:19 standalone object-server[128222]: 172.20.0.100 - - [22/Jan/2026:07:04:19 +0000] "GET /d1/1003/AUTH_975a7ac8986449db81078f63a2865f69/gnocchi.7fbc084d-e52c-4540-9a04-407fb55fc152/none_v3" 200 22 "GET http://172.18.0.2:8080/v1/AUTH_975a7ac8986449db81078f63a2865f69/gnocchi.7fbc084d-e52c-4540-9a04-407fb55fc152/none_v3" "tx0315bccc6b13483c98747-006971cbf3" "proxy-server 20" 0.0008 "-" 24 0
Jan 22 07:04:19 standalone proxy-server[130057]: 172.18.0.2 172.18.0.100 22/Jan/2026/07/04/19 GET /v1/AUTH_975a7ac8986449db81078f63a2865f69/gnocchi.7fbc084d-e52c-4540-9a04-407fb55fc152/none_v3 HTTP/1.0 200 - python-swiftclient-3.11.1 gAAAAABpcctgVjjM... - 22 - tx0315bccc6b13483c98747-006971cbf3 - 0.0064 - - 1769065459.490867376 1769065459.497287273 0
Jan 22 07:04:19 standalone container-server[127956]: 172.20.0.100 - - [22/Jan/2026:07:04:19 +0000] "GET /d1/478/AUTH_975a7ac8986449db81078f63a2865f69/gnocchi.7fbc084d-e52c-4540-9a04-407fb55fc152" 200 357 "GET http://172.18.0.2:8080/v1/AUTH_975a7ac8986449db81078f63a2865f69/gnocchi.7fbc084d-e52c-4540-9a04-407fb55fc152?format=json&states=listing" "txee2db69a7e824e2f915d8-006971cbf3" "proxy-server 20" 0.0086 "-" 22 0
Jan 22 07:04:19 standalone proxy-server[130057]: 172.18.0.2 172.18.0.100 22/Jan/2026/07/04/19 GET /v1/AUTH_975a7ac8986449db81078f63a2865f69/gnocchi.7fbc084d-e52c-4540-9a04-407fb55fc152%3Fformat%3Djson%26states%3Dlisting HTTP/1.0 200 - python-swiftclient-3.11.1 gAAAAABpcctgVjjM... - 357 - txee2db69a7e824e2f915d8-006971cbf3 - 0.0152 - - 1769065459.503798962 1769065459.519011259 0
Jan 22 07:04:19 standalone container-server[127956]: 172.20.0.100 - - [22/Jan/2026:07:04:19 +0000] "GET /d1/478/AUTH_975a7ac8986449db81078f63a2865f69/gnocchi.7fbc084d-e52c-4540-9a04-407fb55fc152" 200 2 "GET http://172.18.0.2:8080/v1/AUTH_975a7ac8986449db81078f63a2865f69/gnocchi.7fbc084d-e52c-4540-9a04-407fb55fc152?format=json&marker=none_v3&states=listing" "tx52a49056b5b44da6b9941-006971cbf3" "proxy-server 20" 0.0026 "-" 22 0
Jan 22 07:04:19 standalone proxy-server[130057]: 172.18.0.2 172.18.0.100 22/Jan/2026/07/04/19 GET /v1/AUTH_975a7ac8986449db81078f63a2865f69/gnocchi.7fbc084d-e52c-4540-9a04-407fb55fc152%3Fformat%3Djson%26marker%3Dnone_v3%26states%3Dlisting HTTP/1.0 200 - python-swiftclient-3.11.1 gAAAAABpcctgVjjM... - 2 - tx52a49056b5b44da6b9941-006971cbf3 - 0.0086 - - 1769065459.526991367 1769065459.535557270 0
Jan 22 07:04:19 standalone object-server[128227]: 172.20.0.100 - - [22/Jan/2026:07:04:19 +0000] "GET /d1/63/AUTH_975a7ac8986449db81078f63a2865f69/gnocchi.7fbc084d-e52c-4540-9a04-407fb55fc152/1769040000.0_mean_300.0_v3" 200 16 "GET http://172.18.0.2:8080/v1/AUTH_975a7ac8986449db81078f63a2865f69/gnocchi.7fbc084d-e52c-4540-9a04-407fb55fc152/1769040000.0_mean_300.0_v3" "txc2262e6776b74e91bc764-006971cbf3" "proxy-server 20" 0.0009 "-" 25 0
Jan 22 07:04:19 standalone proxy-server[130057]: 172.18.0.2 172.18.0.100 22/Jan/2026/07/04/19 GET /v1/AUTH_975a7ac8986449db81078f63a2865f69/gnocchi.7fbc084d-e52c-4540-9a04-407fb55fc152/1769040000.0_mean_300.0_v3 HTTP/1.0 200 - python-swiftclient-3.11.1 gAAAAABpcctgVjjM... - 16 - txc2262e6776b74e91bc764-006971cbf3 - 0.0055 - - 1769065459.539192915 1769065459.544724464 0
Jan 22 07:04:19 standalone container-server[127956]: 172.20.0.100 - - [22/Jan/2026:07:04:19 +0000] "PUT /d1/478/AUTH_975a7ac8986449db81078f63a2865f69/gnocchi.7fbc084d-e52c-4540-9a04-407fb55fc152/1769040000.0_mean_300.0_v3" 201 - "PUT http://172.18.0.2:8080/d1/63/AUTH_975a7ac8986449db81078f63a2865f69/gnocchi.7fbc084d-e52c-4540-9a04-407fb55fc152/1769040000.0_mean_300.0_v3" "txc334b5832f0349958e5ce-006971cbf3" "object-server 23" 0.0004 "-" 22 0
Jan 22 07:04:19 standalone object-server[128216]: 172.20.0.100 - - [22/Jan/2026:07:04:19 +0000] "PUT /d1/63/AUTH_975a7ac8986449db81078f63a2865f69/gnocchi.7fbc084d-e52c-4540-9a04-407fb55fc152/1769040000.0_mean_300.0_v3" 201 - "PUT http://172.18.0.2:8080/v1/AUTH_975a7ac8986449db81078f63a2865f69/gnocchi.7fbc084d-e52c-4540-9a04-407fb55fc152/1769040000.0_mean_300.0_v3" "txc334b5832f0349958e5ce-006971cbf3" "proxy-server 20" 0.0108 "-" 23 0
Jan 22 07:04:19 standalone proxy-server[130057]: 172.18.0.2 172.18.0.100 22/Jan/2026/07/04/19 PUT /v1/AUTH_975a7ac8986449db81078f63a2865f69/gnocchi.7fbc084d-e52c-4540-9a04-407fb55fc152/1769040000.0_mean_300.0_v3 HTTP/1.0 201 - python-swiftclient-3.11.1 gAAAAABpcctgVjjM... 16 - - txc334b5832f0349958e5ce-006971cbf3 - 0.0165 - - 1769065459.547595739 1769065459.564099789 0
Jan 22 07:04:19 standalone container-server[127938]: 172.20.0.100 - - [22/Jan/2026:07:04:19 +0000] "PUT /d1/478/AUTH_975a7ac8986449db81078f63a2865f69/gnocchi.7fbc084d-e52c-4540-9a04-407fb55fc152/none_v3" 201 - "PUT http://172.18.0.2:8080/d1/1003/AUTH_975a7ac8986449db81078f63a2865f69/gnocchi.7fbc084d-e52c-4540-9a04-407fb55fc152/none_v3" "txa071418b4f8c48cfb2bfc-006971cbf3" "object-server 23" 0.0006 "-" 19 0
Jan 22 07:04:19 standalone object-server[128216]: 172.20.0.100 - - [22/Jan/2026:07:04:19 +0000] "PUT /d1/1003/AUTH_975a7ac8986449db81078f63a2865f69/gnocchi.7fbc084d-e52c-4540-9a04-407fb55fc152/none_v3" 201 - "PUT http://172.18.0.2:8080/v1/AUTH_975a7ac8986449db81078f63a2865f69/gnocchi.7fbc084d-e52c-4540-9a04-407fb55fc152/none_v3" "txa071418b4f8c48cfb2bfc-006971cbf3" "proxy-server 20" 0.0160 "-" 23 0
Jan 22 07:04:19 standalone proxy-server[130057]: 172.18.0.2 172.18.0.100 22/Jan/2026/07/04/19 PUT /v1/AUTH_975a7ac8986449db81078f63a2865f69/gnocchi.7fbc084d-e52c-4540-9a04-407fb55fc152/none_v3 HTTP/1.0 201 - python-swiftclient-3.11.1 gAAAAABpcctgVjjM... 32 - - txa071418b4f8c48cfb2bfc-006971cbf3 - 0.0230 - - 1769065459.566625357 1769065459.589668512 0
Jan 22 07:04:35 standalone object-server[128161]: Begin object update sweep
Jan 22 07:04:35 standalone object-server[239706]: Object update sweep starting on /srv/node/d1 (pid: 14)
Jan 22 07:04:35 standalone object-server[239706]: Object update sweep completed on /srv/node/d1 in 0.00s seconds:, 0 successes, 0 failures, 0 quarantines, 0 unlinks, 0 errors, 0 redirects (pid: 14)
Jan 22 07:04:35 standalone object-server[239706]: Object update sweep of d1 completed: 0.00s, 0 successes, 0 failures, 0 quarantines, 0 unlinks, 0 errors, 0 redirects
Jan 22 07:04:35 standalone object-server[128161]: Object update sweep completed: 0.06s
Jan 22 07:04:48 standalone container-server[127942]: 172.20.0.100 - - [22/Jan/2026:07:04:48 +0000] "HEAD /d1/670/AUTH_975a7ac8986449db81078f63a2865f69/gnocchi.8110b9ba-838a-4576-962f-211209b4e80c" 404 - "HEAD http://172.18.0.2:8080/v1/AUTH_975a7ac8986449db81078f63a2865f69/gnocchi.8110b9ba-838a-4576-962f-211209b4e80c?format=json&states=listing" "tx9ec10faac5934856b8c72-006971cc10" "proxy-server 20" 0.0009 "-" 20 0
Jan 22 07:04:48 standalone object-server[128216]: 172.20.0.100 - - [22/Jan/2026:07:04:48 +0000] "GET /d1/425/AUTH_975a7ac8986449db81078f63a2865f69/gnocchi.8110b9ba-838a-4576-962f-211209b4e80c/none_v3" 404 70 "GET http://172.18.0.2:8080/v1/AUTH_975a7ac8986449db81078f63a2865f69/gnocchi.8110b9ba-838a-4576-962f-211209b4e80c/none_v3" "tx9ec10faac5934856b8c72-006971cc10" "proxy-server 20" 0.0005 "-" 23 0
Jan 22 07:04:48 standalone proxy-server[130057]: 172.18.0.2 172.18.0.100 22/Jan/2026/07/04/48 GET /v1/AUTH_975a7ac8986449db81078f63a2865f69/gnocchi.8110b9ba-838a-4576-962f-211209b4e80c/none_v3 HTTP/1.0 404 - python-swiftclient-3.11.1 gAAAAABpcctgVjjM... - 70 - tx9ec10faac5934856b8c72-006971cc10 - 0.0116 - - 1769065488.720106840 1769065488.731711388 0
Jan 22 07:04:48 standalone account-server[127993]: 172.20.0.100 - - [22/Jan/2026:07:04:48 +0000] "PUT /d1/424/AUTH_975a7ac8986449db81078f63a2865f69/gnocchi.8110b9ba-838a-4576-962f-211209b4e80c" 201 - "PUT http://172.20.0.100:6001/d1/670/AUTH_975a7ac8986449db81078f63a2865f69/gnocchi.8110b9ba-838a-4576-962f-211209b4e80c" "tx1a46d534260342dda0a48-006971cc10" "container-server 19" 0.0091 "-" 19 0
Jan 22 07:04:48 standalone container-server[127938]: 172.20.0.100 - - [22/Jan/2026:07:04:48 +0000] "PUT /d1/670/AUTH_975a7ac8986449db81078f63a2865f69/gnocchi.8110b9ba-838a-4576-962f-211209b4e80c" 201 - "PUT http://172.18.0.2:8080/v1/AUTH_975a7ac8986449db81078f63a2865f69/gnocchi.8110b9ba-838a-4576-962f-211209b4e80c" "tx1a46d534260342dda0a48-006971cc10" "proxy-server 20" 0.0242 "-" 19 0
Jan 22 07:04:48 standalone proxy-server[130057]: 172.18.0.2 172.18.0.100 22/Jan/2026/07/04/48 PUT /v1/AUTH_975a7ac8986449db81078f63a2865f69/gnocchi.8110b9ba-838a-4576-962f-211209b4e80c HTTP/1.0 201 - python-swiftclient-3.11.1 gAAAAABpcctgVjjM... - - - tx1a46d534260342dda0a48-006971cc10 - 0.0290 - - 1769065488.737541676 1769065488.766532898 0
Jan 22 07:04:48 standalone container-server[127948]: 172.20.0.100 - - [22/Jan/2026:07:04:48 +0000] "HEAD /d1/670/AUTH_975a7ac8986449db81078f63a2865f69/gnocchi.8110b9ba-838a-4576-962f-211209b4e80c" 204 - "HEAD http://172.18.0.2:8080/v1/AUTH_975a7ac8986449db81078f63a2865f69/gnocchi.8110b9ba-838a-4576-962f-211209b4e80c?format=json&states=listing" "txb791af672fc64a4385a1c-006971cc10" "proxy-server 20" 0.0014 "-" 21 0
Jan 22 07:04:48 standalone proxy-server[130057]: - - 22/Jan/2026/07/04/48 HEAD /v1/AUTH_975a7ac8986449db81078f63a2865f69/gnocchi.8110b9ba-838a-4576-962f-211209b4e80c%3Fformat%3Djson%26states%3Dlisting HTTP/1.0 204 - Swift - - - - txb791af672fc64a4385a1c-006971cc10 - 0.0053 RL - 1769065488.773570299 1769065488.778836250 0
Jan 22 07:04:48 standalone container-server[127938]: 172.20.0.100 - - [22/Jan/2026:07:04:48 +0000] "GET /d1/670/AUTH_975a7ac8986449db81078f63a2865f69/gnocchi.8110b9ba-838a-4576-962f-211209b4e80c" 200 2 "GET http://172.18.0.2:8080/v1/AUTH_975a7ac8986449db81078f63a2865f69/gnocchi.8110b9ba-838a-4576-962f-211209b4e80c?format=json&states=listing" "txb791af672fc64a4385a1c-006971cc10" "proxy-server 20" 0.0030 "-" 19 0
Jan 22 07:04:48 standalone proxy-server[130057]: 172.18.0.2 172.18.0.100 22/Jan/2026/07/04/48 GET /v1/AUTH_975a7ac8986449db81078f63a2865f69/gnocchi.8110b9ba-838a-4576-962f-211209b4e80c%3Fformat%3Djson%26states%3Dlisting HTTP/1.0 200 - python-swiftclient-3.11.1 gAAAAABpcctgVjjM... - 2 - txb791af672fc64a4385a1c-006971cc10 - 0.0165 - - 1769065488.772082090 1769065488.788604259 0
Jan 22 07:04:48 standalone object-server[128227]: 172.20.0.100 - - [22/Jan/2026:07:04:48 +0000] "GET /d1/961/AUTH_975a7ac8986449db81078f63a2865f69/gnocchi.8110b9ba-838a-4576-962f-211209b4e80c/1769040000.0_mean_300.0_v3" 404 70 "GET http://172.18.0.2:8080/v1/AUTH_975a7ac8986449db81078f63a2865f69/gnocchi.8110b9ba-838a-4576-962f-211209b4e80c/1769040000.0_mean_300.0_v3" "tx369bd6f4656b412aa7fba-006971cc10" "proxy-server 20" 0.0006 "-" 25 0
Jan 22 07:04:48 standalone proxy-server[130057]: 172.18.0.2 172.18.0.100 22/Jan/2026/07/04/48 GET /v1/AUTH_975a7ac8986449db81078f63a2865f69/gnocchi.8110b9ba-838a-4576-962f-211209b4e80c/1769040000.0_mean_300.0_v3 HTTP/1.0 404 - python-swiftclient-3.11.1 gAAAAABpcctgVjjM... - 70 - tx369bd6f4656b412aa7fba-006971cc10 - 0.0057 - - 1769065488.792355776 1769065488.798063040 0
Jan 22 07:04:48 standalone container-server[127938]: 172.20.0.100 - - [22/Jan/2026:07:04:48 +0000] "PUT /d1/670/AUTH_975a7ac8986449db81078f63a2865f69/gnocchi.8110b9ba-838a-4576-962f-211209b4e80c/1769040000.0_mean_300.0_v3" 201 - "PUT http://172.18.0.2:8080/d1/961/AUTH_975a7ac8986449db81078f63a2865f69/gnocchi.8110b9ba-838a-4576-962f-211209b4e80c/1769040000.0_mean_300.0_v3" "tx20a599ef5be846ea8d834-006971cc10" "object-server 22" 0.0009 "-" 19 0
Jan 22 07:04:48 standalone object-server[128214]: 172.20.0.100 - - [22/Jan/2026:07:04:48 +0000] "PUT /d1/961/AUTH_975a7ac8986449db81078f63a2865f69/gnocchi.8110b9ba-838a-4576-962f-211209b4e80c/1769040000.0_mean_300.0_v3" 201 - "PUT http://172.18.0.2:8080/v1/AUTH_975a7ac8986449db81078f63a2865f69/gnocchi.8110b9ba-838a-4576-962f-211209b4e80c/1769040000.0_mean_300.0_v3" "tx20a599ef5be846ea8d834-006971cc10" "proxy-server 20" 0.0122 "-" 22 0
Jan 22 07:04:48 standalone proxy-server[130057]: 172.18.0.2 172.18.0.100 22/Jan/2026/07/04/48 PUT /v1/AUTH_975a7ac8986449db81078f63a2865f69/gnocchi.8110b9ba-838a-4576-962f-211209b4e80c/1769040000.0_mean_300.0_v3 HTTP/1.0 201 - python-swiftclient-3.11.1 gAAAAABpcctgVjjM... 16 - - tx20a599ef5be846ea8d834-006971cc10 - 0.0177 - - 1769065488.801006556 1769065488.818712234 0
Jan 22 07:04:48 standalone container-server[127942]: 172.20.0.100 - - [22/Jan/2026:07:04:48 +0000] "PUT /d1/670/AUTH_975a7ac8986449db81078f63a2865f69/gnocchi.8110b9ba-838a-4576-962f-211209b4e80c/none_v3" 201 - "PUT http://172.18.0.2:8080/d1/425/AUTH_975a7ac8986449db81078f63a2865f69/gnocchi.8110b9ba-838a-4576-962f-211209b4e80c/none_v3" "tx3e644531e28b415593df8-006971cc10" "object-server 22" 0.0006 "-" 20 0
Jan 22 07:04:48 standalone object-server[128214]: 172.20.0.100 - - [22/Jan/2026:07:04:48 +0000] "PUT /d1/425/AUTH_975a7ac8986449db81078f63a2865f69/gnocchi.8110b9ba-838a-4576-962f-211209b4e80c/none_v3" 201 - "PUT http://172.18.0.2:8080/v1/AUTH_975a7ac8986449db81078f63a2865f69/gnocchi.8110b9ba-838a-4576-962f-211209b4e80c/none_v3" "tx3e644531e28b415593df8-006971cc10" "proxy-server 20" 0.0094 "-" 22 0
Jan 22 07:04:48 standalone proxy-server[130057]: 172.18.0.2 172.18.0.100 22/Jan/2026/07/04/48 PUT /v1/AUTH_975a7ac8986449db81078f63a2865f69/gnocchi.8110b9ba-838a-4576-962f-211209b4e80c/none_v3 HTTP/1.0 201 - python-swiftclient-3.11.1 gAAAAABpcctgVjjM... 22 - - tx3e644531e28b415593df8-006971cc10 - 0.0146 - - 1769065488.821492910 1769065488.836069584 0
Jan 22 07:04:48 standalone container-server[127938]: 172.20.0.100 - - [22/Jan/2026:07:04:48 +0000] "HEAD /d1/94/AUTH_975a7ac8986449db81078f63a2865f69/gnocchi.00f52d67-4e49-4670-80b2-73bb8d65b4a9" 404 - "HEAD http://172.18.0.2:8080/v1/AUTH_975a7ac8986449db81078f63a2865f69/gnocchi.00f52d67-4e49-4670-80b2-73bb8d65b4a9?format=json&states=listing" "tx38f9ab5b9cd8479ca67e6-006971cc10" "proxy-server 20" 0.0004 "-" 19 0
Jan 22 07:04:48 standalone object-server[128227]: 172.20.0.100 - - [22/Jan/2026:07:04:48 +0000] "GET /d1/1013/AUTH_975a7ac8986449db81078f63a2865f69/gnocchi.00f52d67-4e49-4670-80b2-73bb8d65b4a9/none_v3" 404 70 "GET http://172.18.0.2:8080/v1/AUTH_975a7ac8986449db81078f63a2865f69/gnocchi.00f52d67-4e49-4670-80b2-73bb8d65b4a9/none_v3" "tx38f9ab5b9cd8479ca67e6-006971cc10" "proxy-server 20" 0.0003 "-" 25 0
Jan 22 07:04:48 standalone proxy-server[130057]: 172.18.0.2 172.18.0.100 22/Jan/2026/07/04/48 GET /v1/AUTH_975a7ac8986449db81078f63a2865f69/gnocchi.00f52d67-4e49-4670-80b2-73bb8d65b4a9/none_v3 HTTP/1.0 404 - python-swiftclient-3.11.1 gAAAAABpcctgVjjM... - 70 - tx38f9ab5b9cd8479ca67e6-006971cc10 - 0.0088 - - 1769065488.882944822 1769065488.891740561 0
Jan 22 07:04:48 standalone account-server[127997]: 172.20.0.100 - - [22/Jan/2026:07:04:48 +0000] "PUT /d1/424/AUTH_975a7ac8986449db81078f63a2865f69/gnocchi.00f52d67-4e49-4670-80b2-73bb8d65b4a9" 201 - "PUT http://172.20.0.100:6001/d1/94/AUTH_975a7ac8986449db81078f63a2865f69/gnocchi.00f52d67-4e49-4670-80b2-73bb8d65b4a9" "tx020633a7f6f64b3db3d7e-006971cc10" "container-server 20" 0.0039 "-" 21 0
Jan 22 07:04:48 standalone container-server[127942]: 172.20.0.100 - - [22/Jan/2026:07:04:48 +0000] "PUT /d1/94/AUTH_975a7ac8986449db81078f63a2865f69/gnocchi.00f52d67-4e49-4670-80b2-73bb8d65b4a9" 201 - "PUT http://172.18.0.2:8080/v1/AUTH_975a7ac8986449db81078f63a2865f69/gnocchi.00f52d67-4e49-4670-80b2-73bb8d65b4a9" "tx020633a7f6f64b3db3d7e-006971cc10" "proxy-server 20" 0.0117 "-" 20 0
Jan 22 07:04:48 standalone proxy-server[130057]: 172.18.0.2 172.18.0.100 22/Jan/2026/07/04/48 PUT /v1/AUTH_975a7ac8986449db81078f63a2865f69/gnocchi.00f52d67-4e49-4670-80b2-73bb8d65b4a9 HTTP/1.0 201 - python-swiftclient-3.11.1 gAAAAABpcctgVjjM... - - - tx020633a7f6f64b3db3d7e-006971cc10 - 0.0164 - - 1769065488.894979000 1769065488.911366940 0
Jan 22 07:04:48 standalone container-server[127948]: 172.20.0.100 - - [22/Jan/2026:07:04:48 +0000] "HEAD /d1/94/AUTH_975a7ac8986449db81078f63a2865f69/gnocchi.00f52d67-4e49-4670-80b2-73bb8d65b4a9" 204 - "HEAD http://172.18.0.2:8080/v1/AUTH_975a7ac8986449db81078f63a2865f69/gnocchi.00f52d67-4e49-4670-80b2-73bb8d65b4a9?format=json&states=listing" "tx423a7a6ee21142ef8cbeb-006971cc10" "proxy-server 20" 0.0025 "-" 21 0
Jan 22 07:04:48 standalone proxy-server[130057]: - - 22/Jan/2026/07/04/48 HEAD /v1/AUTH_975a7ac8986449db81078f63a2865f69/gnocchi.00f52d67-4e49-4670-80b2-73bb8d65b4a9%3Fformat%3Djson%26states%3Dlisting HTTP/1.0 204 - Swift - - - - tx423a7a6ee21142ef8cbeb-006971cc10 - 0.0077 RL - 1769065488.915107727 1769065488.922795057 0
Jan 22 07:04:48 standalone container-server[127956]: 172.20.0.100 - - [22/Jan/2026:07:04:48 +0000] "GET /d1/94/AUTH_975a7ac8986449db81078f63a2865f69/gnocchi.00f52d67-4e49-4670-80b2-73bb8d65b4a9" 200 2 "GET http://172.18.0.2:8080/v1/AUTH_975a7ac8986449db81078f63a2865f69/gnocchi.00f52d67-4e49-4670-80b2-73bb8d65b4a9?format=json&states=listing" "tx423a7a6ee21142ef8cbeb-006971cc10" "proxy-server 20" 0.0035 "-" 22 0
Jan 22 07:04:48 standalone proxy-server[130057]: 172.18.0.2 172.18.0.100 22/Jan/2026/07/04/48 GET /v1/AUTH_975a7ac8986449db81078f63a2865f69/gnocchi.00f52d67-4e49-4670-80b2-73bb8d65b4a9%3Fformat%3Djson%26states%3Dlisting HTTP/1.0 200 - python-swiftclient-3.11.1 gAAAAABpcctgVjjM... - 2 - tx423a7a6ee21142ef8cbeb-006971cc10 - 0.0192 - - 1769065488.913988352 1769065488.933171272 0
Jan 22 07:04:48 standalone object-server[128222]: 172.20.0.100 - - [22/Jan/2026:07:04:48 +0000] "GET /d1/432/AUTH_975a7ac8986449db81078f63a2865f69/gnocchi.00f52d67-4e49-4670-80b2-73bb8d65b4a9/1769040000.0_mean_300.0_v3" 404 70 "GET http://172.18.0.2:8080/v1/AUTH_975a7ac8986449db81078f63a2865f69/gnocchi.00f52d67-4e49-4670-80b2-73bb8d65b4a9/1769040000.0_mean_300.0_v3" "txc80e9ee4a7e14871ba4b0-006971cc10" "proxy-server 20" 0.0003 "-" 24 0
Jan 22 07:04:48 standalone proxy-server[130057]: 172.18.0.2 172.18.0.100 22/Jan/2026/07/04/48 GET /v1/AUTH_975a7ac8986449db81078f63a2865f69/gnocchi.00f52d67-4e49-4670-80b2-73bb8d65b4a9/1769040000.0_mean_300.0_v3 HTTP/1.0 404 - python-swiftclient-3.11.1 gAAAAABpcctgVjjM... - 70 - txc80e9ee4a7e14871ba4b0-006971cc10 - 0.0052 - - 1769065488.936688185 1769065488.941891670 0
Jan 22 07:04:48 standalone container-server[127956]: 172.20.0.100 - - [22/Jan/2026:07:04:48 +0000] "PUT /d1/94/AUTH_975a7ac8986449db81078f63a2865f69/gnocchi.00f52d67-4e49-4670-80b2-73bb8d65b4a9/1769040000.0_mean_300.0_v3" 201 - "PUT http://172.18.0.2:8080/d1/432/AUTH_975a7ac8986449db81078f63a2865f69/gnocchi.00f52d67-4e49-4670-80b2-73bb8d65b4a9/1769040000.0_mean_300.0_v3" "tx2540a47b35b6419793bae-006971cc10" "object-server 22" 0.0007 "-" 22 0
Jan 22 07:04:48 standalone object-server[128214]: 172.20.0.100 - - [22/Jan/2026:07:04:48 +0000] "PUT /d1/432/AUTH_975a7ac8986449db81078f63a2865f69/gnocchi.00f52d67-4e49-4670-80b2-73bb8d65b4a9/1769040000.0_mean_300.0_v3" 201 - "PUT http://172.18.0.2:8080/v1/AUTH_975a7ac8986449db81078f63a2865f69/gnocchi.00f52d67-4e49-4670-80b2-73bb8d65b4a9/1769040000.0_mean_300.0_v3" "tx2540a47b35b6419793bae-006971cc10" "proxy-server 20" 0.0095 "-" 22 0
Jan 22 07:04:48 standalone proxy-server[130057]: 172.18.0.2 172.18.0.100 22/Jan/2026/07/04/48 PUT /v1/AUTH_975a7ac8986449db81078f63a2865f69/gnocchi.00f52d67-4e49-4670-80b2-73bb8d65b4a9/1769040000.0_mean_300.0_v3 HTTP/1.0 201 - python-swiftclient-3.11.1 gAAAAABpcctgVjjM... 16 - - tx2540a47b35b6419793bae-006971cc10 - 0.0148 - - 1769065488.944261789 1769065488.959064007 0
Jan 22 07:04:48 standalone container-server[127956]: 172.20.0.100 - - [22/Jan/2026:07:04:48 +0000] "PUT /d1/94/AUTH_975a7ac8986449db81078f63a2865f69/gnocchi.00f52d67-4e49-4670-80b2-73bb8d65b4a9/none_v3" 201 - "PUT http://172.18.0.2:8080/d1/1013/AUTH_975a7ac8986449db81078f63a2865f69/gnocchi.00f52d67-4e49-4670-80b2-73bb8d65b4a9/none_v3" "txe688091532c6406d8b2d0-006971cc10" "object-server 22" 0.0006 "-" 22 0
Jan 22 07:04:48 standalone object-server[128214]: 172.20.0.100 - - [22/Jan/2026:07:04:48 +0000] "PUT /d1/1013/AUTH_975a7ac8986449db81078f63a2865f69/gnocchi.00f52d67-4e49-4670-80b2-73bb8d65b4a9/none_v3" 201 - "PUT http://172.18.0.2:8080/v1/AUTH_975a7ac8986449db81078f63a2865f69/gnocchi.00f52d67-4e49-4670-80b2-73bb8d65b4a9/none_v3" "txe688091532c6406d8b2d0-006971cc10" "proxy-server 20" 0.0086 "-" 22 0
Jan 22 07:04:48 standalone proxy-server[130057]: 172.18.0.2 172.18.0.100 22/Jan/2026/07/04/48 PUT /v1/AUTH_975a7ac8986449db81078f63a2865f69/gnocchi.00f52d67-4e49-4670-80b2-73bb8d65b4a9/none_v3 HTTP/1.0 201 - python-swiftclient-3.11.1 gAAAAABpcctgVjjM... 22 - - txe688091532c6406d8b2d0-006971cc10 - 0.0135 - - 1769065488.961545229 1769065488.975069761 0
Jan 22 07:04:49 standalone container-server[127948]: 172.20.0.100 - - [22/Jan/2026:07:04:49 +0000] "HEAD /d1/647/AUTH_975a7ac8986449db81078f63a2865f69/gnocchi.e68f0b3c-b271-4798-9579-ca3fafe120b8" 404 - "HEAD http://172.18.0.2:8080/v1/AUTH_975a7ac8986449db81078f63a2865f69/gnocchi.e68f0b3c-b271-4798-9579-ca3fafe120b8?format=json&states=listing" "tx8e03c17a242f4aa0b1d76-006971cc10" "proxy-server 20" 0.0006 "-" 21 0
Jan 22 07:04:49 standalone object-server[128222]: 172.20.0.100 - - [22/Jan/2026:07:04:49 +0000] "GET /d1/754/AUTH_975a7ac8986449db81078f63a2865f69/gnocchi.e68f0b3c-b271-4798-9579-ca3fafe120b8/none_v3" 404 70 "GET http://172.18.0.2:8080/v1/AUTH_975a7ac8986449db81078f63a2865f69/gnocchi.e68f0b3c-b271-4798-9579-ca3fafe120b8/none_v3" "tx8e03c17a242f4aa0b1d76-006971cc10" "proxy-server 20" 0.0004 "-" 24 0
Jan 22 07:04:49 standalone proxy-server[130057]: 172.18.0.2 172.18.0.100 22/Jan/2026/07/04/49 GET /v1/AUTH_975a7ac8986449db81078f63a2865f69/gnocchi.e68f0b3c-b271-4798-9579-ca3fafe120b8/none_v3 HTTP/1.0 404 - python-swiftclient-3.11.1 gAAAAABpcctgVjjM... - 70 - tx8e03c17a242f4aa0b1d76-006971cc10 - 0.0145 - - 1769065488.999461651 1769065489.014007092 0
Jan 22 07:04:49 standalone account-server[127997]: 172.20.0.100 - - [22/Jan/2026:07:04:49 +0000] "PUT /d1/424/AUTH_975a7ac8986449db81078f63a2865f69/gnocchi.e68f0b3c-b271-4798-9579-ca3fafe120b8" 201 - "PUT http://172.20.0.100:6001/d1/647/AUTH_975a7ac8986449db81078f63a2865f69/gnocchi.e68f0b3c-b271-4798-9579-ca3fafe120b8" "tx4e5978c2dc604e888cec4-006971cc11" "container-server 21" 0.0041 "-" 21 0
Jan 22 07:04:49 standalone container-server[127948]: 172.20.0.100 - - [22/Jan/2026:07:04:49 +0000] "PUT /d1/647/AUTH_975a7ac8986449db81078f63a2865f69/gnocchi.e68f0b3c-b271-4798-9579-ca3fafe120b8" 201 - "PUT http://172.18.0.2:8080/v1/AUTH_975a7ac8986449db81078f63a2865f69/gnocchi.e68f0b3c-b271-4798-9579-ca3fafe120b8" "tx4e5978c2dc604e888cec4-006971cc11" "proxy-server 20" 0.0147 "-" 21 0
Jan 22 07:04:49 standalone proxy-server[130057]: 172.18.0.2 172.18.0.100 22/Jan/2026/07/04/49 PUT /v1/AUTH_975a7ac8986449db81078f63a2865f69/gnocchi.e68f0b3c-b271-4798-9579-ca3fafe120b8 HTTP/1.0 201 - python-swiftclient-3.11.1 gAAAAABpcctgVjjM... - - - tx4e5978c2dc604e888cec4-006971cc11 - 0.0226 - - 1769065489.017591715 1769065489.040232420 0
Jan 22 07:04:49 standalone container-server[127938]: 172.20.0.100 - - [22/Jan/2026:07:04:49 +0000] "HEAD /d1/647/AUTH_975a7ac8986449db81078f63a2865f69/gnocchi.e68f0b3c-b271-4798-9579-ca3fafe120b8" 204 - "HEAD http://172.18.0.2:8080/v1/AUTH_975a7ac8986449db81078f63a2865f69/gnocchi.e68f0b3c-b271-4798-9579-ca3fafe120b8?format=json&states=listing" "txc8eece65b2a446e88eb18-006971cc11" "proxy-server 20" 0.0016 "-" 19 0
Jan 22 07:04:49 standalone proxy-server[130057]: - - 22/Jan/2026/07/04/49 HEAD /v1/AUTH_975a7ac8986449db81078f63a2865f69/gnocchi.e68f0b3c-b271-4798-9579-ca3fafe120b8%3Fformat%3Djson%26states%3Dlisting HTTP/1.0 204 - Swift - - - - txc8eece65b2a446e88eb18-006971cc11 - 0.0046 RL - 1769065489.043715000 1769065489.048290253 0
Jan 22 07:04:49 standalone container-server[127942]: 172.20.0.100 - - [22/Jan/2026:07:04:49 +0000] "GET /d1/647/AUTH_975a7ac8986449db81078f63a2865f69/gnocchi.e68f0b3c-b271-4798-9579-ca3fafe120b8" 200 2 "GET http://172.18.0.2:8080/v1/AUTH_975a7ac8986449db81078f63a2865f69/gnocchi.e68f0b3c-b271-4798-9579-ca3fafe120b8?format=json&states=listing" "txc8eece65b2a446e88eb18-006971cc11" "proxy-server 20" 0.0016 "-" 20 0
Jan 22 07:04:49 standalone proxy-server[130057]: 172.18.0.2 172.18.0.100 22/Jan/2026/07/04/49 GET /v1/AUTH_975a7ac8986449db81078f63a2865f69/gnocchi.e68f0b3c-b271-4798-9579-ca3fafe120b8%3Fformat%3Djson%26states%3Dlisting HTTP/1.0 200 - python-swiftclient-3.11.1 gAAAAABpcctgVjjM... - 2 - txc8eece65b2a446e88eb18-006971cc11 - 0.0124 - - 1769065489.042792082 1769065489.055237055 0
Jan 22 07:04:49 standalone object-server[128222]: 172.20.0.100 - - [22/Jan/2026:07:04:49 +0000] "GET /d1/357/AUTH_975a7ac8986449db81078f63a2865f69/gnocchi.e68f0b3c-b271-4798-9579-ca3fafe120b8/1769040000.0_mean_300.0_v3" 404 70 "GET http://172.18.0.2:8080/v1/AUTH_975a7ac8986449db81078f63a2865f69/gnocchi.e68f0b3c-b271-4798-9579-ca3fafe120b8/1769040000.0_mean_300.0_v3" "tx01642d146a91416d8a4c2-006971cc11" "proxy-server 20" 0.0003 "-" 24 0
Jan 22 07:04:49 standalone proxy-server[130057]: 172.18.0.2 172.18.0.100 22/Jan/2026/07/04/49 GET /v1/AUTH_975a7ac8986449db81078f63a2865f69/gnocchi.e68f0b3c-b271-4798-9579-ca3fafe120b8/1769040000.0_mean_300.0_v3 HTTP/1.0 404 - python-swiftclient-3.11.1 gAAAAABpcctgVjjM... - 70 - tx01642d146a91416d8a4c2-006971cc11 - 0.0047 - - 1769065489.057707548 1769065489.062371254 0
Jan 22 07:04:49 standalone container-server[127956]: 172.20.0.100 - - [22/Jan/2026:07:04:49 +0000] "PUT /d1/647/AUTH_975a7ac8986449db81078f63a2865f69/gnocchi.e68f0b3c-b271-4798-9579-ca3fafe120b8/1769040000.0_mean_300.0_v3" 201 - "PUT http://172.18.0.2:8080/d1/357/AUTH_975a7ac8986449db81078f63a2865f69/gnocchi.e68f0b3c-b271-4798-9579-ca3fafe120b8/1769040000.0_mean_300.0_v3" "txd42ea832959549cc9c3fd-006971cc11" "object-server 23" 0.0008 "-" 22 0
Jan 22 07:04:49 standalone object-server[128216]: 172.20.0.100 - - [22/Jan/2026:07:04:49 +0000] "PUT /d1/357/AUTH_975a7ac8986449db81078f63a2865f69/gnocchi.e68f0b3c-b271-4798-9579-ca3fafe120b8/1769040000.0_mean_300.0_v3" 201 - "PUT http://172.18.0.2:8080/v1/AUTH_975a7ac8986449db81078f63a2865f69/gnocchi.e68f0b3c-b271-4798-9579-ca3fafe120b8/1769040000.0_mean_300.0_v3" "txd42ea832959549cc9c3fd-006971cc11" "proxy-server 20" 0.0081 "-" 23 0
Jan 22 07:04:49 standalone proxy-server[130057]: 172.18.0.2 172.18.0.100 22/Jan/2026/07/04/49 PUT /v1/AUTH_975a7ac8986449db81078f63a2865f69/gnocchi.e68f0b3c-b271-4798-9579-ca3fafe120b8/1769040000.0_mean_300.0_v3 HTTP/1.0 201 - python-swiftclient-3.11.1 gAAAAABpcctgVjjM... 16 - - txd42ea832959549cc9c3fd-006971cc11 - 0.0126 - - 1769065489.064477444 1769065489.077076435 0
Jan 22 07:04:49 standalone container-server[127956]: 172.20.0.100 - - [22/Jan/2026:07:04:49 +0000] "PUT /d1/647/AUTH_975a7ac8986449db81078f63a2865f69/gnocchi.e68f0b3c-b271-4798-9579-ca3fafe120b8/none_v3" 201 - "PUT http://172.18.0.2:8080/d1/754/AUTH_975a7ac8986449db81078f63a2865f69/gnocchi.e68f0b3c-b271-4798-9579-ca3fafe120b8/none_v3" "tx655908edb823400d9c645-006971cc11" "object-server 24" 0.0006 "-" 22 0
Jan 22 07:04:49 standalone object-server[128222]: 172.20.0.100 - - [22/Jan/2026:07:04:49 +0000] "PUT /d1/754/AUTH_975a7ac8986449db81078f63a2865f69/gnocchi.e68f0b3c-b271-4798-9579-ca3fafe120b8/none_v3" 201 - "PUT http://172.18.0.2:8080/v1/AUTH_975a7ac8986449db81078f63a2865f69/gnocchi.e68f0b3c-b271-4798-9579-ca3fafe120b8/none_v3" "tx655908edb823400d9c645-006971cc11" "proxy-server 20" 0.0093 "-" 24 0
Jan 22 07:04:49 standalone proxy-server[130057]: 172.18.0.2 172.18.0.100 22/Jan/2026/07/04/49 PUT /v1/AUTH_975a7ac8986449db81078f63a2865f69/gnocchi.e68f0b3c-b271-4798-9579-ca3fafe120b8/none_v3 HTTP/1.0 201 - python-swiftclient-3.11.1 gAAAAABpcctgVjjM... 22 - - tx655908edb823400d9c645-006971cc11 - 0.0149 - - 1769065489.078941345 1769065489.093865871 0
Jan 22 07:04:49 standalone container-server[127938]: 172.20.0.100 - - [22/Jan/2026:07:04:49 +0000] "HEAD /d1/299/AUTH_975a7ac8986449db81078f63a2865f69/gnocchi.c12a120b-4602-4353-9fa0-8fba5df3beba" 404 - "HEAD http://172.18.0.2:8080/v1/AUTH_975a7ac8986449db81078f63a2865f69/gnocchi.c12a120b-4602-4353-9fa0-8fba5df3beba?format=json&states=listing" "tx5b0377f8b1b24f7b93c34-006971cc11" "proxy-server 20" 0.0004 "-" 19 0
Jan 22 07:04:49 standalone object-server[128222]: 172.20.0.100 - - [22/Jan/2026:07:04:49 +0000] "GET /d1/408/AUTH_975a7ac8986449db81078f63a2865f69/gnocchi.c12a120b-4602-4353-9fa0-8fba5df3beba/none_v3" 404 70 "GET http://172.18.0.2:8080/v1/AUTH_975a7ac8986449db81078f63a2865f69/gnocchi.c12a120b-4602-4353-9fa0-8fba5df3beba/none_v3" "tx5b0377f8b1b24f7b93c34-006971cc11" "proxy-server 20" 0.0004 "-" 24 0
