Jan 21 17:00:35 standalone proxy-server[125651]: 172.18.0.2 ::1 21/Jan/2026/17/00/35 PUT /v1/AUTH_f55cab2312cc42cfbc424042f96235e1/gnocchi.c0a442e2-c516-4a2f-bae7-f342bda551b7/1767960000.0_mean_300.0_v3 HTTP/1.0 201 - python-swiftclient-3.11.1 gAAAAABpcQTsL79W... 23 - - tx0cbb8c1780bc4793af82b-0069710633 - 0.0196 - - 1769014835.864016056 1769014835.883582354 0
Jan 21 17:00:35 standalone container-server[123433]: 172.20.0.100 - - [21/Jan/2026:17:00:35 +0000] "PUT /d1/901/AUTH_f55cab2312cc42cfbc424042f96235e1/gnocchi.c0a442e2-c516-4a2f-bae7-f342bda551b7/none_v3" 201 - "PUT http://localhost:8080/d1/998/AUTH_f55cab2312cc42cfbc424042f96235e1/gnocchi.c0a442e2-c516-4a2f-bae7-f342bda551b7/none_v3" "tx947f11f7bf52405ebc80d-0069710633" "object-server 25" 0.0005 "-" 23 0
Jan 21 17:00:35 standalone object-server[123639]: 172.20.0.100 - - [21/Jan/2026:17:00:35 +0000] "PUT /d1/998/AUTH_f55cab2312cc42cfbc424042f96235e1/gnocchi.c0a442e2-c516-4a2f-bae7-f342bda551b7/none_v3" 201 - "PUT http://localhost:8080/v1/AUTH_f55cab2312cc42cfbc424042f96235e1/gnocchi.c0a442e2-c516-4a2f-bae7-f342bda551b7/none_v3" "tx947f11f7bf52405ebc80d-0069710633" "proxy-server 21" 0.0101 "-" 25 0
Jan 21 17:00:35 standalone proxy-server[125651]: 172.18.0.2 ::1 21/Jan/2026/17/00/35 PUT /v1/AUTH_f55cab2312cc42cfbc424042f96235e1/gnocchi.c0a442e2-c516-4a2f-bae7-f342bda551b7/none_v3 HTTP/1.0 201 - python-swiftclient-3.11.1 gAAAAABpcQTsL79W... 22 - - tx947f11f7bf52405ebc80d-0069710633 - 0.0169 - - 1769014835.887395144 1769014835.904283762 0
Jan 21 17:00:35 standalone container-server[123413]: 172.20.0.100 - - [21/Jan/2026:17:00:35 +0000] "HEAD /d1/34/AUTH_f55cab2312cc42cfbc424042f96235e1/gnocchi.7b991664-ea49-4d43-b9d7-d9d6cdca0576" 204 - "HEAD http://localhost:8080/v1/AUTH_f55cab2312cc42cfbc424042f96235e1/gnocchi.7b991664-ea49-4d43-b9d7-d9d6cdca0576?format=json&states=listing" "txc24383b6ffd345ee85a52-0069710633" "proxy-server 21" 0.0023 "-" 20 0
Jan 21 17:00:35 standalone object-server[123630]: 172.20.0.100 - - [21/Jan/2026:17:00:35 +0000] "GET /d1/868/AUTH_f55cab2312cc42cfbc424042f96235e1/gnocchi.7b991664-ea49-4d43-b9d7-d9d6cdca0576/none_v3" 200 22 "GET http://localhost:8080/v1/AUTH_f55cab2312cc42cfbc424042f96235e1/gnocchi.7b991664-ea49-4d43-b9d7-d9d6cdca0576/none_v3" "txc24383b6ffd345ee85a52-0069710633" "proxy-server 21" 0.0012 "-" 22 0
Jan 21 17:00:35 standalone proxy-server[125651]: 172.18.0.2 ::1 21/Jan/2026/17/00/35 GET /v1/AUTH_f55cab2312cc42cfbc424042f96235e1/gnocchi.7b991664-ea49-4d43-b9d7-d9d6cdca0576/none_v3 HTTP/1.0 200 - python-swiftclient-3.11.1 gAAAAABpcQTsL79W... - 22 - txc24383b6ffd345ee85a52-0069710633 - 0.0171 - - 1769014835.917737007 1769014835.934842348 0
Jan 21 17:00:35 standalone container-server[123417]: 172.20.0.100 - - [21/Jan/2026:17:00:35 +0000] "GET /d1/34/AUTH_f55cab2312cc42cfbc424042f96235e1/gnocchi.7b991664-ea49-4d43-b9d7-d9d6cdca0576" 200 357 "GET http://localhost:8080/v1/AUTH_f55cab2312cc42cfbc424042f96235e1/gnocchi.7b991664-ea49-4d43-b9d7-d9d6cdca0576?format=json&states=listing" "txf727f62fdaf9467c85136-0069710633" "proxy-server 21" 0.0020 "-" 21 0
Jan 21 17:00:35 standalone proxy-server[125651]: 172.18.0.2 ::1 21/Jan/2026/17/00/35 GET /v1/AUTH_f55cab2312cc42cfbc424042f96235e1/gnocchi.7b991664-ea49-4d43-b9d7-d9d6cdca0576%3Fformat%3Djson%26states%3Dlisting HTTP/1.0 200 - python-swiftclient-3.11.1 gAAAAABpcQTsL79W... - 357 - txf727f62fdaf9467c85136-0069710633 - 0.0097 - - 1769014835.940692186 1769014835.950394392 0
Jan 21 17:00:35 standalone container-server[123417]: 172.20.0.100 - - [21/Jan/2026:17:00:35 +0000] "GET /d1/34/AUTH_f55cab2312cc42cfbc424042f96235e1/gnocchi.7b991664-ea49-4d43-b9d7-d9d6cdca0576" 200 2 "GET http://localhost:8080/v1/AUTH_f55cab2312cc42cfbc424042f96235e1/gnocchi.7b991664-ea49-4d43-b9d7-d9d6cdca0576?format=json&marker=none_v3&states=listing" "tx61f78ce53fc245d68767d-0069710633" "proxy-server 21" 0.0026 "-" 21 0
Jan 21 17:00:35 standalone proxy-server[125651]: 172.18.0.2 ::1 21/Jan/2026/17/00/35 GET /v1/AUTH_f55cab2312cc42cfbc424042f96235e1/gnocchi.7b991664-ea49-4d43-b9d7-d9d6cdca0576%3Fformat%3Djson%26marker%3Dnone_v3%26states%3Dlisting HTTP/1.0 200 - python-swiftclient-3.11.1 gAAAAABpcQTsL79W... - 2 - tx61f78ce53fc245d68767d-0069710633 - 0.0087 - - 1769014835.953792572 1769014835.962450027 0
Jan 21 17:00:35 standalone object-server[123639]: 172.20.0.100 - - [21/Jan/2026:17:00:35 +0000] "GET /d1/541/AUTH_f55cab2312cc42cfbc424042f96235e1/gnocchi.7b991664-ea49-4d43-b9d7-d9d6cdca0576/1767960000.0_mean_300.0_v3" 200 16 "GET http://localhost:8080/v1/AUTH_f55cab2312cc42cfbc424042f96235e1/gnocchi.7b991664-ea49-4d43-b9d7-d9d6cdca0576/1767960000.0_mean_300.0_v3" "tx010bbd26f8b74fcab6f75-0069710633" "proxy-server 21" 0.0014 "-" 25 0
Jan 21 17:00:35 standalone proxy-server[125651]: 172.18.0.2 ::1 21/Jan/2026/17/00/35 GET /v1/AUTH_f55cab2312cc42cfbc424042f96235e1/gnocchi.7b991664-ea49-4d43-b9d7-d9d6cdca0576/1767960000.0_mean_300.0_v3 HTTP/1.0 200 - python-swiftclient-3.11.1 gAAAAABpcQTsL79W... - 16 - tx010bbd26f8b74fcab6f75-0069710633 - 0.0077 - - 1769014835.966351271 1769014835.974088907 0
Jan 21 17:00:35 standalone container-server[123417]: 172.20.0.100 - - [21/Jan/2026:17:00:35 +0000] "PUT /d1/34/AUTH_f55cab2312cc42cfbc424042f96235e1/gnocchi.7b991664-ea49-4d43-b9d7-d9d6cdca0576/1767960000.0_mean_300.0_v3" 201 - "PUT http://localhost:8080/d1/541/AUTH_f55cab2312cc42cfbc424042f96235e1/gnocchi.7b991664-ea49-4d43-b9d7-d9d6cdca0576/1767960000.0_mean_300.0_v3" "txa2ee7095f6264f92b2a1f-0069710633" "object-server 24" 0.0005 "-" 21 0
Jan 21 17:00:35 standalone object-server[123638]: 172.20.0.100 - - [21/Jan/2026:17:00:35 +0000] "PUT /d1/541/AUTH_f55cab2312cc42cfbc424042f96235e1/gnocchi.7b991664-ea49-4d43-b9d7-d9d6cdca0576/1767960000.0_mean_300.0_v3" 201 - "PUT http://localhost:8080/v1/AUTH_f55cab2312cc42cfbc424042f96235e1/gnocchi.7b991664-ea49-4d43-b9d7-d9d6cdca0576/1767960000.0_mean_300.0_v3" "txa2ee7095f6264f92b2a1f-0069710633" "proxy-server 21" 0.0102 "-" 24 0
Jan 21 17:00:35 standalone proxy-server[125651]: 172.18.0.2 ::1 21/Jan/2026/17/00/35 PUT /v1/AUTH_f55cab2312cc42cfbc424042f96235e1/gnocchi.7b991664-ea49-4d43-b9d7-d9d6cdca0576/1767960000.0_mean_300.0_v3 HTTP/1.0 201 - python-swiftclient-3.11.1 gAAAAABpcQTsL79W... 23 - - txa2ee7095f6264f92b2a1f-0069710633 - 0.0161 - - 1769014835.977617979 1769014835.993668556 0
Jan 21 17:00:36 standalone container-server[123423]: 172.20.0.100 - - [21/Jan/2026:17:00:36 +0000] "PUT /d1/34/AUTH_f55cab2312cc42cfbc424042f96235e1/gnocchi.7b991664-ea49-4d43-b9d7-d9d6cdca0576/none_v3" 201 - "PUT http://localhost:8080/d1/868/AUTH_f55cab2312cc42cfbc424042f96235e1/gnocchi.7b991664-ea49-4d43-b9d7-d9d6cdca0576/none_v3" "tx2d62a01de71b4ad9a0942-0069710633" "object-server 25" 0.0005 "-" 22 0
Jan 21 17:00:36 standalone object-server[123639]: 172.20.0.100 - - [21/Jan/2026:17:00:36 +0000] "PUT /d1/868/AUTH_f55cab2312cc42cfbc424042f96235e1/gnocchi.7b991664-ea49-4d43-b9d7-d9d6cdca0576/none_v3" 201 - "PUT http://localhost:8080/v1/AUTH_f55cab2312cc42cfbc424042f96235e1/gnocchi.7b991664-ea49-4d43-b9d7-d9d6cdca0576/none_v3" "tx2d62a01de71b4ad9a0942-0069710633" "proxy-server 21" 0.0103 "-" 25 0
Jan 21 17:00:36 standalone proxy-server[125651]: 172.18.0.2 ::1 21/Jan/2026/17/00/36 PUT /v1/AUTH_f55cab2312cc42cfbc424042f96235e1/gnocchi.7b991664-ea49-4d43-b9d7-d9d6cdca0576/none_v3 HTTP/1.0 201 - python-swiftclient-3.11.1 gAAAAABpcQTsL79W... 22 - - tx2d62a01de71b4ad9a0942-0069710633 - 0.0175 - - 1769014835.996171951 1769014836.013693094 0
Jan 21 17:00:36 standalone container-server[123433]: 172.20.0.100 - - [21/Jan/2026:17:00:36 +0000] "HEAD /d1/112/AUTH_f55cab2312cc42cfbc424042f96235e1/gnocchi.641f7394-56f7-4e3b-9d00-160643ec66d4" 204 - "HEAD http://localhost:8080/v1/AUTH_f55cab2312cc42cfbc424042f96235e1/gnocchi.641f7394-56f7-4e3b-9d00-160643ec66d4?format=json&states=listing" "tx4c38959f74534f84a4598-0069710634" "proxy-server 21" 0.0012 "-" 23 0
Jan 21 17:00:36 standalone object-server[123635]: 172.20.0.100 - - [21/Jan/2026:17:00:36 +0000] "GET /d1/978/AUTH_f55cab2312cc42cfbc424042f96235e1/gnocchi.641f7394-56f7-4e3b-9d00-160643ec66d4/none_v3" 200 22 "GET http://localhost:8080/v1/AUTH_f55cab2312cc42cfbc424042f96235e1/gnocchi.641f7394-56f7-4e3b-9d00-160643ec66d4/none_v3" "tx4c38959f74534f84a4598-0069710634" "proxy-server 21" 0.0012 "-" 23 0
Jan 21 17:00:36 standalone proxy-server[125651]: 172.18.0.2 ::1 21/Jan/2026/17/00/36 GET /v1/AUTH_f55cab2312cc42cfbc424042f96235e1/gnocchi.641f7394-56f7-4e3b-9d00-160643ec66d4/none_v3 HTTP/1.0 200 - python-swiftclient-3.11.1 gAAAAABpcQTsL79W... - 22 - tx4c38959f74534f84a4598-0069710634 - 0.0156 - - 1769014836.025038242 1769014836.040590048 0
Jan 21 17:00:36 standalone container-server[123433]: 172.20.0.100 - - [21/Jan/2026:17:00:36 +0000] "GET /d1/112/AUTH_f55cab2312cc42cfbc424042f96235e1/gnocchi.641f7394-56f7-4e3b-9d00-160643ec66d4" 200 357 "GET http://localhost:8080/v1/AUTH_f55cab2312cc42cfbc424042f96235e1/gnocchi.641f7394-56f7-4e3b-9d00-160643ec66d4?format=json&states=listing" "txf21d23dec8114015992f0-0069710634" "proxy-server 21" 0.0017 "-" 23 0
Jan 21 17:00:36 standalone proxy-server[125651]: 172.18.0.2 ::1 21/Jan/2026/17/00/36 GET /v1/AUTH_f55cab2312cc42cfbc424042f96235e1/gnocchi.641f7394-56f7-4e3b-9d00-160643ec66d4%3Fformat%3Djson%26states%3Dlisting HTTP/1.0 200 - python-swiftclient-3.11.1 gAAAAABpcQTsL79W... - 357 - txf21d23dec8114015992f0-0069710634 - 0.0113 - - 1769014836.045129061 1769014836.056383848 0
Jan 21 17:00:36 standalone container-server[123433]: 172.20.0.100 - - [21/Jan/2026:17:00:36 +0000] "GET /d1/112/AUTH_f55cab2312cc42cfbc424042f96235e1/gnocchi.641f7394-56f7-4e3b-9d00-160643ec66d4" 200 2 "GET http://localhost:8080/v1/AUTH_f55cab2312cc42cfbc424042f96235e1/gnocchi.641f7394-56f7-4e3b-9d00-160643ec66d4?format=json&marker=none_v3&states=listing" "txc64e9300fa2b435ea7fcf-0069710634" "proxy-server 21" 0.0014 "-" 23 0
Jan 21 17:00:36 standalone proxy-server[125651]: 172.18.0.2 ::1 21/Jan/2026/17/00/36 GET /v1/AUTH_f55cab2312cc42cfbc424042f96235e1/gnocchi.641f7394-56f7-4e3b-9d00-160643ec66d4%3Fformat%3Djson%26marker%3Dnone_v3%26states%3Dlisting HTTP/1.0 200 - python-swiftclient-3.11.1 gAAAAABpcQTsL79W... - 2 - txc64e9300fa2b435ea7fcf-0069710634 - 0.0099 - - 1769014836.059757233 1769014836.069668055 0
Jan 21 17:00:36 standalone object-server[123638]: 172.20.0.100 - - [21/Jan/2026:17:00:36 +0000] "GET /d1/981/AUTH_f55cab2312cc42cfbc424042f96235e1/gnocchi.641f7394-56f7-4e3b-9d00-160643ec66d4/1767960000.0_mean_300.0_v3" 200 16 "GET http://localhost:8080/v1/AUTH_f55cab2312cc42cfbc424042f96235e1/gnocchi.641f7394-56f7-4e3b-9d00-160643ec66d4/1767960000.0_mean_300.0_v3" "tx2e3ec1aed2df446eae391-0069710634" "proxy-server 21" 0.0012 "-" 24 0
Jan 21 17:00:36 standalone proxy-server[125651]: 172.18.0.2 ::1 21/Jan/2026/17/00/36 GET /v1/AUTH_f55cab2312cc42cfbc424042f96235e1/gnocchi.641f7394-56f7-4e3b-9d00-160643ec66d4/1767960000.0_mean_300.0_v3 HTTP/1.0 200 - python-swiftclient-3.11.1 gAAAAABpcQTsL79W... - 16 - tx2e3ec1aed2df446eae391-0069710634 - 0.0096 - - 1769014836.073750973 1769014836.083365440 0
Jan 21 17:00:36 standalone container-server[123413]: 172.20.0.100 - - [21/Jan/2026:17:00:36 +0000] "PUT /d1/112/AUTH_f55cab2312cc42cfbc424042f96235e1/gnocchi.641f7394-56f7-4e3b-9d00-160643ec66d4/1767960000.0_mean_300.0_v3" 201 - "PUT http://localhost:8080/d1/981/AUTH_f55cab2312cc42cfbc424042f96235e1/gnocchi.641f7394-56f7-4e3b-9d00-160643ec66d4/1767960000.0_mean_300.0_v3" "txd54eacd99cf04c3985249-0069710634" "object-server 23" 0.0008 "-" 20 0
Jan 21 17:00:36 standalone object-server[123635]: 172.20.0.100 - - [21/Jan/2026:17:00:36 +0000] "PUT /d1/981/AUTH_f55cab2312cc42cfbc424042f96235e1/gnocchi.641f7394-56f7-4e3b-9d00-160643ec66d4/1767960000.0_mean_300.0_v3" 201 - "PUT http://localhost:8080/v1/AUTH_f55cab2312cc42cfbc424042f96235e1/gnocchi.641f7394-56f7-4e3b-9d00-160643ec66d4/1767960000.0_mean_300.0_v3" "txd54eacd99cf04c3985249-0069710634" "proxy-server 21" 0.0133 "-" 23 0
Jan 21 17:00:36 standalone proxy-server[125651]: 172.18.0.2 ::1 21/Jan/2026/17/00/36 PUT /v1/AUTH_f55cab2312cc42cfbc424042f96235e1/gnocchi.641f7394-56f7-4e3b-9d00-160643ec66d4/1767960000.0_mean_300.0_v3 HTTP/1.0 201 - python-swiftclient-3.11.1 gAAAAABpcQTsL79W... 23 - - txd54eacd99cf04c3985249-0069710634 - 0.0218 - - 1769014836.086773157 1769014836.108569622 0
Jan 21 17:00:36 standalone container-server[123423]: 172.20.0.100 - - [21/Jan/2026:17:00:36 +0000] "PUT /d1/112/AUTH_f55cab2312cc42cfbc424042f96235e1/gnocchi.641f7394-56f7-4e3b-9d00-160643ec66d4/none_v3" 201 - "PUT http://localhost:8080/d1/978/AUTH_f55cab2312cc42cfbc424042f96235e1/gnocchi.641f7394-56f7-4e3b-9d00-160643ec66d4/none_v3" "tx7a22b9ab9b3740859e8c6-0069710634" "object-server 22" 0.0005 "-" 22 0
Jan 21 17:00:36 standalone object-server[123630]: 172.20.0.100 - - [21/Jan/2026:17:00:36 +0000] "PUT /d1/978/AUTH_f55cab2312cc42cfbc424042f96235e1/gnocchi.641f7394-56f7-4e3b-9d00-160643ec66d4/none_v3" 201 - "PUT http://localhost:8080/v1/AUTH_f55cab2312cc42cfbc424042f96235e1/gnocchi.641f7394-56f7-4e3b-9d00-160643ec66d4/none_v3" "tx7a22b9ab9b3740859e8c6-0069710634" "proxy-server 21" 0.0116 "-" 22 0
Jan 21 17:00:36 standalone proxy-server[125651]: 172.18.0.2 ::1 21/Jan/2026/17/00/36 PUT /v1/AUTH_f55cab2312cc42cfbc424042f96235e1/gnocchi.641f7394-56f7-4e3b-9d00-160643ec66d4/none_v3 HTTP/1.0 201 - python-swiftclient-3.11.1 gAAAAABpcQTsL79W... 22 - - tx7a22b9ab9b3740859e8c6-0069710634 - 0.0202 - - 1769014836.112808704 1769014836.133026838 0
Jan 21 17:01:20 standalone account-server[123427]: 172.20.0.100 - - [21/Jan/2026:17:01:20 +0000] "HEAD /d1/191/.expiring_objects" 404 - "HEAD http://localhost/v1/.expiring_objects?format=json" "tx4aa5f96814c041e9be733-0069710660" "proxy-server 2" 0.0007 "-" 20 -
Jan 21 17:01:20 standalone object-expirer[123303]: Pass completed in 0s; 0 objects expired (txn: tx4aa5f96814c041e9be733-0069710660)
Jan 21 17:02:29 standalone account-server[123427]: 172.20.0.100 - - [21/Jan/2026:17:02:29 +0000] "HEAD /d1/191/.expiring_objects" 404 - "HEAD http://localhost/v1/.expiring_objects?format=json" "tx1501b5cda0d14659bdeba-00697106a5" "proxy-server 2" 0.0007 "-" 20 -
Jan 21 17:02:29 standalone object-expirer[123303]: Pass completed in 0s; 0 objects expired (txn: tx1501b5cda0d14659bdeba-00697106a5)
Jan 21 17:03:45 standalone object-server[123506]: Begin object update sweep
Jan 21 17:03:45 standalone object-server[260423]: Object update sweep starting on /srv/node/d1 (pid: 16)
Jan 21 17:03:45 standalone object-server[260423]: Object update sweep completed on /srv/node/d1 in 0.00s seconds:, 0 successes, 0 failures, 0 quarantines, 0 unlinks, 0 errors, 0 redirects (pid: 16)
Jan 21 17:03:45 standalone object-server[260423]: Object update sweep of d1 completed: 0.00s, 0 successes, 0 failures, 0 quarantines, 0 unlinks, 0 errors, 0 redirects
Jan 21 17:03:45 standalone object-server[123506]: Object update sweep completed: 0.10s
Jan 21 17:04:41 standalone account-server[123441]: 172.20.0.100 - - [21/Jan/2026:17:04:41 +0000] "HEAD /d1/191/.expiring_objects" 404 - "HEAD http://localhost/v1/.expiring_objects?format=json" "tx097eaac1d8e74973ab4a6-0069710729" "proxy-server 2" 0.0008 "-" 22 -
Jan 21 17:04:41 standalone object-expirer[123303]: Pass completed in 0s; 0 objects expired (txn: tx097eaac1d8e74973ab4a6-0069710729)
Jan 21 17:05:33 standalone container-server[123188]: Begin container update sweep
Jan 21 17:05:33 standalone account-server[123448]: 172.20.0.100 - - [21/Jan/2026:17:05:33 +0000] "PUT /d1/609/AUTH_f55cab2312cc42cfbc424042f96235e1/gnocchi.c0a442e2-c516-4a2f-bae7-f342bda551b7" 201 - "-" "-" "container-updater 2" 0.0012 "-" 23 0
Jan 21 17:05:33 standalone account-server[123440]: 172.20.0.100 - - [21/Jan/2026:17:05:33 +0000] "PUT /d1/609/AUTH_f55cab2312cc42cfbc424042f96235e1/gnocchi.7b991664-ea49-4d43-b9d7-d9d6cdca0576" 201 - "-" "-" "container-updater 2" 0.0006 "-" 21 0
Jan 21 17:05:34 standalone account-server[123427]: 172.20.0.100 - - [21/Jan/2026:17:05:34 +0000] "PUT /d1/609/AUTH_f55cab2312cc42cfbc424042f96235e1/gnocchi.355d43cc-120a-45ad-a7de-00fade60e704" 201 - "-" "-" "container-updater 2" 0.0006 "-" 20 0
Jan 21 17:05:34 standalone account-server[123440]: 172.20.0.100 - - [21/Jan/2026:17:05:34 +0000] "PUT /d1/609/AUTH_f55cab2312cc42cfbc424042f96235e1/gnocchi.641f7394-56f7-4e3b-9d00-160643ec66d4" 201 - "-" "-" "container-updater 2" 0.0006 "-" 21 0
Jan 21 17:05:34 standalone container-server[123188]: Container update sweep completed: 1.80s