Jan 21 16:58:34 standalone container-server[123417]: 172.20.0.100 - - [21/Jan/2026:16:58:34 +0000] "HEAD /d1/692/AUTH_f55cab2312cc42cfbc424042f96235e1/gnocchi.fa6e6809-f8af-43aa-bbee-b210b60b89a1" 204 - "HEAD http://localhost:8080/v1/AUTH_f55cab2312cc42cfbc424042f96235e1/gnocchi.fa6e6809-f8af-43aa-bbee-b210b60b89a1?format=json&states=listing" "txa4a288e0528949c1a6c1d-00697105ba" "proxy-server 21" 0.0022 "-" 21 0
Jan 21 16:58:34 standalone proxy-server[125651]: - - 21/Jan/2026/16/58/34 HEAD /v1/AUTH_f55cab2312cc42cfbc424042f96235e1/gnocchi.fa6e6809-f8af-43aa-bbee-b210b60b89a1%3Fformat%3Djson%26states%3Dlisting HTTP/1.0 204 - Swift - - - - txa4a288e0528949c1a6c1d-00697105ba - 0.0067 RL - 1769014714.037955523 1769014714.044686556 0
Jan 21 16:58:34 standalone container-server[123433]: 172.20.0.100 - - [21/Jan/2026:16:58:34 +0000] "GET /d1/692/AUTH_f55cab2312cc42cfbc424042f96235e1/gnocchi.fa6e6809-f8af-43aa-bbee-b210b60b89a1" 200 2 "GET http://localhost:8080/v1/AUTH_f55cab2312cc42cfbc424042f96235e1/gnocchi.fa6e6809-f8af-43aa-bbee-b210b60b89a1?format=json&states=listing" "txa4a288e0528949c1a6c1d-00697105ba" "proxy-server 21" 0.0034 "-" 23 0
Jan 21 16:58:34 standalone proxy-server[125651]: 172.18.0.2 ::1 21/Jan/2026/16/58/34 GET /v1/AUTH_f55cab2312cc42cfbc424042f96235e1/gnocchi.fa6e6809-f8af-43aa-bbee-b210b60b89a1%3Fformat%3Djson%26states%3Dlisting HTTP/1.0 200 - python-swiftclient-3.11.1 gAAAAABpcQTsL79W... - 2 - txa4a288e0528949c1a6c1d-00697105ba - 0.0183 - - 1769014714.036399841 1769014714.054652929 0
Jan 21 16:58:34 standalone object-server[123638]: 172.20.0.100 - - [21/Jan/2026:16:58:34 +0000] "GET /d1/486/AUTH_f55cab2312cc42cfbc424042f96235e1/gnocchi.fa6e6809-f8af-43aa-bbee-b210b60b89a1/1767960000.0_mean_300.0_v3" 404 70 "GET http://localhost:8080/v1/AUTH_f55cab2312cc42cfbc424042f96235e1/gnocchi.fa6e6809-f8af-43aa-bbee-b210b60b89a1/1767960000.0_mean_300.0_v3" "txae559f5222a945518f6f3-00697105ba" "proxy-server 21" 0.0003 "-" 24 0
Jan 21 16:58:34 standalone proxy-server[125651]: 172.18.0.2 ::1 21/Jan/2026/16/58/34 GET /v1/AUTH_f55cab2312cc42cfbc424042f96235e1/gnocchi.fa6e6809-f8af-43aa-bbee-b210b60b89a1/1767960000.0_mean_300.0_v3 HTTP/1.0 404 - python-swiftclient-3.11.1 gAAAAABpcQTsL79W... - 70 - txae559f5222a945518f6f3-00697105ba - 0.0057 - - 1769014714.059705973 1769014714.065404177 0
Jan 21 16:58:34 standalone container-server[123417]: 172.20.0.100 - - [21/Jan/2026:16:58:34 +0000] "PUT /d1/692/AUTH_f55cab2312cc42cfbc424042f96235e1/gnocchi.fa6e6809-f8af-43aa-bbee-b210b60b89a1/1767960000.0_mean_300.0_v3" 201 - "PUT http://localhost:8080/d1/486/AUTH_f55cab2312cc42cfbc424042f96235e1/gnocchi.fa6e6809-f8af-43aa-bbee-b210b60b89a1/1767960000.0_mean_300.0_v3" "txe82331d60f1b4aea82dc9-00697105ba" "object-server 24" 0.0007 "-" 21 0
Jan 21 16:58:34 standalone object-server[123638]: 172.20.0.100 - - [21/Jan/2026:16:58:34 +0000] "PUT /d1/486/AUTH_f55cab2312cc42cfbc424042f96235e1/gnocchi.fa6e6809-f8af-43aa-bbee-b210b60b89a1/1767960000.0_mean_300.0_v3" 201 - "PUT http://localhost:8080/v1/AUTH_f55cab2312cc42cfbc424042f96235e1/gnocchi.fa6e6809-f8af-43aa-bbee-b210b60b89a1/1767960000.0_mean_300.0_v3" "txe82331d60f1b4aea82dc9-00697105ba" "proxy-server 21" 0.0103 "-" 24 0
Jan 21 16:58:34 standalone proxy-server[125651]: 172.18.0.2 ::1 21/Jan/2026/16/58/34 PUT /v1/AUTH_f55cab2312cc42cfbc424042f96235e1/gnocchi.fa6e6809-f8af-43aa-bbee-b210b60b89a1/1767960000.0_mean_300.0_v3 HTTP/1.0 201 - python-swiftclient-3.11.1 gAAAAABpcQTsL79W... 16 - - txe82331d60f1b4aea82dc9-00697105ba - 0.0150 - - 1769014714.071855068 1769014714.086838007 0
Jan 21 16:58:34 standalone container-server[123423]: 172.20.0.100 - - [21/Jan/2026:16:58:34 +0000] "PUT /d1/692/AUTH_f55cab2312cc42cfbc424042f96235e1/gnocchi.fa6e6809-f8af-43aa-bbee-b210b60b89a1/none_v3" 201 - "PUT http://localhost:8080/d1/123/AUTH_f55cab2312cc42cfbc424042f96235e1/gnocchi.fa6e6809-f8af-43aa-bbee-b210b60b89a1/none_v3" "txae9a046d26de4a458b0d5-00697105ba" "object-server 22" 0.0005 "-" 22 0
Jan 21 16:58:34 standalone object-server[123630]: 172.20.0.100 - - [21/Jan/2026:16:58:34 +0000] "PUT /d1/123/AUTH_f55cab2312cc42cfbc424042f96235e1/gnocchi.fa6e6809-f8af-43aa-bbee-b210b60b89a1/none_v3" 201 - "PUT http://localhost:8080/v1/AUTH_f55cab2312cc42cfbc424042f96235e1/gnocchi.fa6e6809-f8af-43aa-bbee-b210b60b89a1/none_v3" "txae9a046d26de4a458b0d5-00697105ba" "proxy-server 21" 0.0116 "-" 22 0
Jan 21 16:58:34 standalone proxy-server[125651]: 172.18.0.2 ::1 21/Jan/2026/16/58/34 PUT /v1/AUTH_f55cab2312cc42cfbc424042f96235e1/gnocchi.fa6e6809-f8af-43aa-bbee-b210b60b89a1/none_v3 HTTP/1.0 201 - python-swiftclient-3.11.1 gAAAAABpcQTsL79W... 22 - - txae9a046d26de4a458b0d5-00697105ba - 0.0172 - - 1769014714.090899944 1769014714.108056784 0
Jan 21 16:58:34 standalone container-server[123423]: 172.20.0.100 - - [21/Jan/2026:16:58:34 +0000] "HEAD /d1/684/AUTH_f55cab2312cc42cfbc424042f96235e1/gnocchi.e37c7763-bff9-45fe-8fee-7781727df700" 404 - "HEAD http://localhost:8080/v1/AUTH_f55cab2312cc42cfbc424042f96235e1/gnocchi.e37c7763-bff9-45fe-8fee-7781727df700?format=json&states=listing" "tx0c562db7eaf5479a8ac01-00697105ba" "proxy-server 21" 0.0004 "-" 22 0
Jan 21 16:58:34 standalone object-server[123635]: 172.20.0.100 - - [21/Jan/2026:16:58:34 +0000] "GET /d1/194/AUTH_f55cab2312cc42cfbc424042f96235e1/gnocchi.e37c7763-bff9-45fe-8fee-7781727df700/none_v3" 404 70 "GET http://localhost:8080/v1/AUTH_f55cab2312cc42cfbc424042f96235e1/gnocchi.e37c7763-bff9-45fe-8fee-7781727df700/none_v3" "tx0c562db7eaf5479a8ac01-00697105ba" "proxy-server 21" 0.0005 "-" 23 0
Jan 21 16:58:34 standalone proxy-server[125651]: 172.18.0.2 ::1 21/Jan/2026/16/58/34 GET /v1/AUTH_f55cab2312cc42cfbc424042f96235e1/gnocchi.e37c7763-bff9-45fe-8fee-7781727df700/none_v3 HTTP/1.0 404 - python-swiftclient-3.11.1 gAAAAABpcQTsL79W... - 70 - tx0c562db7eaf5479a8ac01-00697105ba - 0.0116 - - 1769014714.122021437 1769014714.133601427 0
Jan 21 16:58:34 standalone account-server[123441]: 172.20.0.100 - - [21/Jan/2026:16:58:34 +0000] "PUT /d1/609/AUTH_f55cab2312cc42cfbc424042f96235e1/gnocchi.e37c7763-bff9-45fe-8fee-7781727df700" 201 - "PUT http://172.20.0.100:6001/d1/684/AUTH_f55cab2312cc42cfbc424042f96235e1/gnocchi.e37c7763-bff9-45fe-8fee-7781727df700" "tx44823805e8444f398e16c-00697105ba" "container-server 23" 0.0058 "-" 22 0
Jan 21 16:58:34 standalone container-server[123433]: 172.20.0.100 - - [21/Jan/2026:16:58:34 +0000] "PUT /d1/684/AUTH_f55cab2312cc42cfbc424042f96235e1/gnocchi.e37c7763-bff9-45fe-8fee-7781727df700" 201 - "PUT http://localhost:8080/v1/AUTH_f55cab2312cc42cfbc424042f96235e1/gnocchi.e37c7763-bff9-45fe-8fee-7781727df700" "tx44823805e8444f398e16c-00697105ba" "proxy-server 21" 0.0203 "-" 23 0
Jan 21 16:58:34 standalone proxy-server[125651]: 172.18.0.2 ::1 21/Jan/2026/16/58/34 PUT /v1/AUTH_f55cab2312cc42cfbc424042f96235e1/gnocchi.e37c7763-bff9-45fe-8fee-7781727df700 HTTP/1.0 201 - python-swiftclient-3.11.1 gAAAAABpcQTsL79W... - - - tx44823805e8444f398e16c-00697105ba - 0.0318 - - 1769014714.139287472 1769014714.171130896 0
Jan 21 16:58:34 standalone container-server[123433]: 172.20.0.100 - - [21/Jan/2026:16:58:34 +0000] "HEAD /d1/684/AUTH_f55cab2312cc42cfbc424042f96235e1/gnocchi.e37c7763-bff9-45fe-8fee-7781727df700" 204 - "HEAD http://localhost:8080/v1/AUTH_f55cab2312cc42cfbc424042f96235e1/gnocchi.e37c7763-bff9-45fe-8fee-7781727df700?format=json&states=listing" "tx1399d00f625444aab1bd3-00697105ba" "proxy-server 21" 0.0019 "-" 23 0
Jan 21 16:58:34 standalone proxy-server[125651]: - - 21/Jan/2026/16/58/34 HEAD /v1/AUTH_f55cab2312cc42cfbc424042f96235e1/gnocchi.e37c7763-bff9-45fe-8fee-7781727df700%3Fformat%3Djson%26states%3Dlisting HTTP/1.0 204 - Swift - - - - tx1399d00f625444aab1bd3-00697105ba - 0.0054 RL - 1769014714.177543640 1769014714.182978630 0
Jan 21 16:58:34 standalone container-server[123413]: 172.20.0.100 - - [21/Jan/2026:16:58:34 +0000] "GET /d1/684/AUTH_f55cab2312cc42cfbc424042f96235e1/gnocchi.e37c7763-bff9-45fe-8fee-7781727df700" 200 2 "GET http://localhost:8080/v1/AUTH_f55cab2312cc42cfbc424042f96235e1/gnocchi.e37c7763-bff9-45fe-8fee-7781727df700?format=json&states=listing" "tx1399d00f625444aab1bd3-00697105ba" "proxy-server 21" 0.0040 "-" 20 0
Jan 21 16:58:34 standalone proxy-server[125651]: 172.18.0.2 ::1 21/Jan/2026/16/58/34 GET /v1/AUTH_f55cab2312cc42cfbc424042f96235e1/gnocchi.e37c7763-bff9-45fe-8fee-7781727df700%3Fformat%3Djson%26states%3Dlisting HTTP/1.0 200 - python-swiftclient-3.11.1 gAAAAABpcQTsL79W... - 2 - tx1399d00f625444aab1bd3-00697105ba - 0.0182 - - 1769014714.176257133 1769014714.194411278 0
Jan 21 16:58:34 standalone object-server[123630]: 172.20.0.100 - - [21/Jan/2026:16:58:34 +0000] "GET /d1/62/AUTH_f55cab2312cc42cfbc424042f96235e1/gnocchi.e37c7763-bff9-45fe-8fee-7781727df700/1767960000.0_mean_300.0_v3" 404 70 "GET http://localhost:8080/v1/AUTH_f55cab2312cc42cfbc424042f96235e1/gnocchi.e37c7763-bff9-45fe-8fee-7781727df700/1767960000.0_mean_300.0_v3" "tx7abd33d5494b465aadbc4-00697105ba" "proxy-server 21" 0.0005 "-" 22 0
Jan 21 16:58:34 standalone proxy-server[125651]: 172.18.0.2 ::1 21/Jan/2026/16/58/34 GET /v1/AUTH_f55cab2312cc42cfbc424042f96235e1/gnocchi.e37c7763-bff9-45fe-8fee-7781727df700/1767960000.0_mean_300.0_v3 HTTP/1.0 404 - python-swiftclient-3.11.1 gAAAAABpcQTsL79W... - 70 - tx7abd33d5494b465aadbc4-00697105ba - 0.0107 - - 1769014714.200569630 1769014714.211234093 0
Jan 21 16:58:34 standalone container-server[123417]: 172.20.0.100 - - [21/Jan/2026:16:58:34 +0000] "PUT /d1/684/AUTH_f55cab2312cc42cfbc424042f96235e1/gnocchi.e37c7763-bff9-45fe-8fee-7781727df700/1767960000.0_mean_300.0_v3" 201 - "PUT http://localhost:8080/d1/62/AUTH_f55cab2312cc42cfbc424042f96235e1/gnocchi.e37c7763-bff9-45fe-8fee-7781727df700/1767960000.0_mean_300.0_v3" "tx1522a2e11bc946b0a5471-00697105ba" "object-server 22" 0.0009 "-" 21 0
Jan 21 16:58:34 standalone object-server[123630]: 172.20.0.100 - - [21/Jan/2026:16:58:34 +0000] "PUT /d1/62/AUTH_f55cab2312cc42cfbc424042f96235e1/gnocchi.e37c7763-bff9-45fe-8fee-7781727df700/1767960000.0_mean_300.0_v3" 201 - "PUT http://localhost:8080/v1/AUTH_f55cab2312cc42cfbc424042f96235e1/gnocchi.e37c7763-bff9-45fe-8fee-7781727df700/1767960000.0_mean_300.0_v3" "tx1522a2e11bc946b0a5471-00697105ba" "proxy-server 21" 0.0132 "-" 22 0
Jan 21 16:58:34 standalone proxy-server[125651]: 172.18.0.2 ::1 21/Jan/2026/16/58/34 PUT /v1/AUTH_f55cab2312cc42cfbc424042f96235e1/gnocchi.e37c7763-bff9-45fe-8fee-7781727df700/1767960000.0_mean_300.0_v3 HTTP/1.0 201 - python-swiftclient-3.11.1 gAAAAABpcQTsL79W... 16 - - tx1522a2e11bc946b0a5471-00697105ba - 0.0188 - - 1769014714.215873480 1769014714.234682083 0
Jan 21 16:58:34 standalone container-server[123413]: 172.20.0.100 - - [21/Jan/2026:16:58:34 +0000] "PUT /d1/684/AUTH_f55cab2312cc42cfbc424042f96235e1/gnocchi.e37c7763-bff9-45fe-8fee-7781727df700/none_v3" 201 - "PUT http://localhost:8080/d1/194/AUTH_f55cab2312cc42cfbc424042f96235e1/gnocchi.e37c7763-bff9-45fe-8fee-7781727df700/none_v3" "tx376e57e4f25b491198061-00697105ba" "object-server 25" 0.0008 "-" 20 0
Jan 21 16:58:34 standalone object-server[123639]: 172.20.0.100 - - [21/Jan/2026:16:58:34 +0000] "PUT /d1/194/AUTH_f55cab2312cc42cfbc424042f96235e1/gnocchi.e37c7763-bff9-45fe-8fee-7781727df700/none_v3" 201 - "PUT http://localhost:8080/v1/AUTH_f55cab2312cc42cfbc424042f96235e1/gnocchi.e37c7763-bff9-45fe-8fee-7781727df700/none_v3" "tx376e57e4f25b491198061-00697105ba" "proxy-server 21" 0.0100 "-" 25 0
Jan 21 16:58:34 standalone proxy-server[125651]: 172.18.0.2 ::1 21/Jan/2026/16/58/34 PUT /v1/AUTH_f55cab2312cc42cfbc424042f96235e1/gnocchi.e37c7763-bff9-45fe-8fee-7781727df700/none_v3 HTTP/1.0 201 - python-swiftclient-3.11.1 gAAAAABpcQTsL79W... 22 - - tx376e57e4f25b491198061-00697105ba - 0.0159 - - 1769014714.239042521 1769014714.254905462 0
Jan 21 16:58:34 standalone container-server[123433]: 172.20.0.100 - - [21/Jan/2026:16:58:34 +0000] "HEAD /d1/135/AUTH_f55cab2312cc42cfbc424042f96235e1/gnocchi.2a3a88fd-3743-46f5-9b74-1f0b8f9c951c" 404 - "HEAD http://localhost:8080/v1/AUTH_f55cab2312cc42cfbc424042f96235e1/gnocchi.2a3a88fd-3743-46f5-9b74-1f0b8f9c951c?format=json&states=listing" "tx16b0a7737574442db5dae-00697105ba" "proxy-server 21" 0.0006 "-" 23 0
Jan 21 16:58:34 standalone object-server[123639]: 172.20.0.100 - - [21/Jan/2026:16:58:34 +0000] "GET /d1/199/AUTH_f55cab2312cc42cfbc424042f96235e1/gnocchi.2a3a88fd-3743-46f5-9b74-1f0b8f9c951c/none_v3" 404 70 "GET http://localhost:8080/v1/AUTH_f55cab2312cc42cfbc424042f96235e1/gnocchi.2a3a88fd-3743-46f5-9b74-1f0b8f9c951c/none_v3" "tx16b0a7737574442db5dae-00697105ba" "proxy-server 21" 0.0003 "-" 25 0
Jan 21 16:58:34 standalone proxy-server[125651]: 172.18.0.2 ::1 21/Jan/2026/16/58/34 GET /v1/AUTH_f55cab2312cc42cfbc424042f96235e1/gnocchi.2a3a88fd-3743-46f5-9b74-1f0b8f9c951c/none_v3 HTTP/1.0 404 - python-swiftclient-3.11.1 gAAAAABpcQTsL79W... - 70 - tx16b0a7737574442db5dae-00697105ba - 0.0114 - - 1769014714.270498753 1769014714.281927347 0
Jan 21 16:58:34 standalone account-server[123441]: 172.20.0.100 - - [21/Jan/2026:16:58:34 +0000] "PUT /d1/609/AUTH_f55cab2312cc42cfbc424042f96235e1/gnocchi.2a3a88fd-3743-46f5-9b74-1f0b8f9c951c" 201 - "PUT http://172.20.0.100:6001/d1/135/AUTH_f55cab2312cc42cfbc424042f96235e1/gnocchi.2a3a88fd-3743-46f5-9b74-1f0b8f9c951c" "txbc3114a2e308457a8e60f-00697105ba" "container-server 21" 0.0059 "-" 22 0
Jan 21 16:58:34 standalone container-server[123417]: 172.20.0.100 - - [21/Jan/2026:16:58:34 +0000] "PUT /d1/135/AUTH_f55cab2312cc42cfbc424042f96235e1/gnocchi.2a3a88fd-3743-46f5-9b74-1f0b8f9c951c" 201 - "PUT http://localhost:8080/v1/AUTH_f55cab2312cc42cfbc424042f96235e1/gnocchi.2a3a88fd-3743-46f5-9b74-1f0b8f9c951c" "txbc3114a2e308457a8e60f-00697105ba" "proxy-server 21" 0.0202 "-" 21 0
Jan 21 16:58:34 standalone proxy-server[125651]: 172.18.0.2 ::1 21/Jan/2026/16/58/34 PUT /v1/AUTH_f55cab2312cc42cfbc424042f96235e1/gnocchi.2a3a88fd-3743-46f5-9b74-1f0b8f9c951c HTTP/1.0 201 - python-swiftclient-3.11.1 gAAAAABpcQTsL79W... - - - txbc3114a2e308457a8e60f-00697105ba - 0.0268 - - 1769014714.286323547 1769014714.313169718 0
Jan 21 16:58:34 standalone container-server[123413]: 172.20.0.100 - - [21/Jan/2026:16:58:34 +0000] "HEAD /d1/135/AUTH_f55cab2312cc42cfbc424042f96235e1/gnocchi.2a3a88fd-3743-46f5-9b74-1f0b8f9c951c" 204 - "HEAD http://localhost:8080/v1/AUTH_f55cab2312cc42cfbc424042f96235e1/gnocchi.2a3a88fd-3743-46f5-9b74-1f0b8f9c951c?format=json&states=listing" "tx638b847986344546a1179-00697105ba" "proxy-server 21" 0.0031 "-" 20 0
Jan 21 16:58:34 standalone proxy-server[125651]: - - 21/Jan/2026/16/58/34 HEAD /v1/AUTH_f55cab2312cc42cfbc424042f96235e1/gnocchi.2a3a88fd-3743-46f5-9b74-1f0b8f9c951c%3Fformat%3Djson%26states%3Dlisting HTTP/1.0 204 - Swift - - - - tx638b847986344546a1179-00697105ba - 0.0079 RL - 1769014714.323016167 1769014714.330920935 0
Jan 21 16:58:34 standalone container-server[123413]: 172.20.0.100 - - [21/Jan/2026:16:58:34 +0000] "GET /d1/135/AUTH_f55cab2312cc42cfbc424042f96235e1/gnocchi.2a3a88fd-3743-46f5-9b74-1f0b8f9c951c" 200 2 "GET http://localhost:8080/v1/AUTH_f55cab2312cc42cfbc424042f96235e1/gnocchi.2a3a88fd-3743-46f5-9b74-1f0b8f9c951c?format=json&states=listing" "tx638b847986344546a1179-00697105ba" "proxy-server 21" 0.0037 "-" 20 0
Jan 21 16:58:34 standalone proxy-server[125651]: 172.18.0.2 ::1 21/Jan/2026/16/58/34 GET /v1/AUTH_f55cab2312cc42cfbc424042f96235e1/gnocchi.2a3a88fd-3743-46f5-9b74-1f0b8f9c951c%3Fformat%3Djson%26states%3Dlisting HTTP/1.0 200 - python-swiftclient-3.11.1 gAAAAABpcQTsL79W... - 2 - tx638b847986344546a1179-00697105ba - 0.0231 - - 1769014714.321392298 1769014714.344471693 0
Jan 21 16:58:34 standalone object-server[123638]: 172.20.0.100 - - [21/Jan/2026:16:58:34 +0000] "GET /d1/31/AUTH_f55cab2312cc42cfbc424042f96235e1/gnocchi.2a3a88fd-3743-46f5-9b74-1f0b8f9c951c/1767960000.0_mean_300.0_v3" 404 70 "GET http://localhost:8080/v1/AUTH_f55cab2312cc42cfbc424042f96235e1/gnocchi.2a3a88fd-3743-46f5-9b74-1f0b8f9c951c/1767960000.0_mean_300.0_v3" "tx83ca9d06c12244f586562-00697105ba" "proxy-server 21" 0.0004 "-" 24 0
Jan 21 16:58:34 standalone proxy-server[125651]: 172.18.0.2 ::1 21/Jan/2026/16/58/34 GET /v1/AUTH_f55cab2312cc42cfbc424042f96235e1/gnocchi.2a3a88fd-3743-46f5-9b74-1f0b8f9c951c/1767960000.0_mean_300.0_v3 HTTP/1.0 404 - python-swiftclient-3.11.1 gAAAAABpcQTsL79W... - 70 - tx83ca9d06c12244f586562-00697105ba - 0.0059 - - 1769014714.350275993 1769014714.356132746 0
Jan 21 16:58:34 standalone container-server[123433]: 172.20.0.100 - - [21/Jan/2026:16:58:34 +0000] "PUT /d1/135/AUTH_f55cab2312cc42cfbc424042f96235e1/gnocchi.2a3a88fd-3743-46f5-9b74-1f0b8f9c951c/1767960000.0_mean_300.0_v3" 201 - "PUT http://localhost:8080/d1/31/AUTH_f55cab2312cc42cfbc424042f96235e1/gnocchi.2a3a88fd-3743-46f5-9b74-1f0b8f9c951c/1767960000.0_mean_300.0_v3" "txb57b8ddaa3db416eb0295-00697105ba" "object-server 24" 0.0008 "-" 23 0
Jan 21 16:58:34 standalone object-server[123638]: 172.20.0.100 - - [21/Jan/2026:16:58:34 +0000] "PUT /d1/31/AUTH_f55cab2312cc42cfbc424042f96235e1/gnocchi.2a3a88fd-3743-46f5-9b74-1f0b8f9c951c/1767960000.0_mean_300.0_v3" 201 - "PUT http://localhost:8080/v1/AUTH_f55cab2312cc42cfbc424042f96235e1/gnocchi.2a3a88fd-3743-46f5-9b74-1f0b8f9c951c/1767960000.0_mean_300.0_v3" "txb57b8ddaa3db416eb0295-00697105ba" "proxy-server 21" 0.0110 "-" 24 0
Jan 21 16:58:34 standalone proxy-server[125651]: 172.18.0.2 ::1 21/Jan/2026/16/58/34 PUT /v1/AUTH_f55cab2312cc42cfbc424042f96235e1/gnocchi.2a3a88fd-3743-46f5-9b74-1f0b8f9c951c/1767960000.0_mean_300.0_v3 HTTP/1.0 201 - python-swiftclient-3.11.1 gAAAAABpcQTsL79W... 16 - - txb57b8ddaa3db416eb0295-00697105ba - 0.0163 - - 1769014714.360132456 1769014714.376387119 0
Jan 21 16:58:34 standalone container-server[123433]: 172.20.0.100 - - [21/Jan/2026:16:58:34 +0000] "PUT /d1/135/AUTH_f55cab2312cc42cfbc424042f96235e1/gnocchi.2a3a88fd-3743-46f5-9b74-1f0b8f9c951c/none_v3" 201 - "PUT http://localhost:8080/d1/199/AUTH_f55cab2312cc42cfbc424042f96235e1/gnocchi.2a3a88fd-3743-46f5-9b74-1f0b8f9c951c/none_v3" "txdf3c0dbac5a04f7daa802-00697105ba" "object-server 25" 0.0019 "-" 23 0
Jan 21 16:58:34 standalone object-server[123639]: 172.20.0.100 - - [21/Jan/2026:16:58:34 +0000] "PUT /d1/199/AUTH_f55cab2312cc42cfbc424042f96235e1/gnocchi.2a3a88fd-3743-46f5-9b74-1f0b8f9c951c/none_v3" 201 - "PUT http://localhost:8080/v1/AUTH_f55cab2312cc42cfbc424042f96235e1/gnocchi.2a3a88fd-3743-46f5-9b74-1f0b8f9c951c/none_v3" "txdf3c0dbac5a04f7daa802-00697105ba" "proxy-server 21" 0.0103 "-" 25 0
Jan 21 16:58:34 standalone proxy-server[125651]: 172.18.0.2 ::1 21/Jan/2026/16/58/34 PUT /v1/AUTH_f55cab2312cc42cfbc424042f96235e1/gnocchi.2a3a88fd-3743-46f5-9b74-1f0b8f9c951c/none_v3 HTTP/1.0 201 - python-swiftclient-3.11.1 gAAAAABpcQTsL79W... 22 - - txdf3c0dbac5a04f7daa802-00697105ba - 0.0149 - - 1769014714.380111694 1769014714.394964457 0
Jan 21 16:58:34 standalone container-server[123413]: 172.20.0.100 - - [21/Jan/2026:16:58:34 +0000] "HEAD /d1/363/AUTH_f55cab2312cc42cfbc424042f96235e1/gnocchi.22af166b-3da5-443d-bf3e-5c4207846f2d" 404 - "HEAD http://localhost:8080/v1/AUTH_f55cab2312cc42cfbc424042f96235e1/gnocchi.22af166b-3da5-443d-bf3e-5c4207846f2d?format=json&states=listing" "tx208ce050875b48e498da4-00697105ba" "proxy-server 21" 0.0006 "-" 20 0
Jan 21 16:58:34 standalone object-server[123639]: 172.20.0.100 - - [21/Jan/2026:16:58:34 +0000] "GET /d1/919/AUTH_f55cab2312cc42cfbc424042f96235e1/gnocchi.22af166b-3da5-443d-bf3e-5c4207846f2d/none_v3" 404 70 "GET http://localhost:8080/v1/AUTH_f55cab2312cc42cfbc424042f96235e1/gnocchi.22af166b-3da5-443d-bf3e-5c4207846f2d/none_v3" "tx208ce050875b48e498da4-00697105ba" "proxy-server 21" 0.0005 "-" 25 0
Jan 21 16:58:34 standalone proxy-server[125651]: 172.18.0.2 ::1 21/Jan/2026/16/58/34 GET /v1/AUTH_f55cab2312cc42cfbc424042f96235e1/gnocchi.22af166b-3da5-443d-bf3e-5c4207846f2d/none_v3 HTTP/1.0 404 - python-swiftclient-3.11.1 gAAAAABpcQTsL79W... - 70 - tx208ce050875b48e498da4-00697105ba - 0.0166 - - 1769014714.409770012 1769014714.426384211 0
Jan 21 16:58:34 standalone account-server[123441]: 172.20.0.100 - - [21/Jan/2026:16:58:34 +0000] "PUT /d1/609/AUTH_f55cab2312cc42cfbc424042f96235e1/gnocchi.22af166b-3da5-443d-bf3e-5c4207846f2d" 201 - "PUT http://172.20.0.100:6001/d1/363/AUTH_f55cab2312cc42cfbc424042f96235e1/gnocchi.22af166b-3da5-443d-bf3e-5c4207846f2d" "tx171074abbd8b41f0aad15-00697105ba" "container-server 22" 0.0061 "-" 22 0
Jan 21 16:58:34 standalone container-server[123423]: 172.20.0.100 - - [21/Jan/2026:16:58:34 +0000] "PUT /d1/363/AUTH_f55cab2312cc42cfbc424042f96235e1/gnocchi.22af166b-3da5-443d-bf3e-5c4207846f2d" 201 - "PUT http://localhost:8080/v1/AUTH_f55cab2312cc42cfbc424042f96235e1/gnocchi.22af166b-3da5-443d-bf3e-5c4207846f2d" "tx171074abbd8b41f0aad15-00697105ba" "proxy-server 21" 0.0210 "-" 22 0
Jan 21 16:58:34 standalone proxy-server[125651]: 172.18.0.2 ::1 21/Jan/2026/16/58/34 PUT /v1/AUTH_f55cab2312cc42cfbc424042f96235e1/gnocchi.22af166b-3da5-443d-bf3e-5c4207846f2d HTTP/1.0 201 - python-swiftclient-3.11.1 gAAAAABpcQTsL79W... - - - tx171074abbd8b41f0aad15-00697105ba - 0.0294 - - 1769014714.430871248 1769014714.460245609 0
Jan 21 16:58:34 standalone container-server[123423]: 172.20.0.100 - - [21/Jan/2026:16:58:34 +0000] "HEAD /d1/363/AUTH_f55cab2312cc42cfbc424042f96235e1/gnocchi.22af166b-3da5-443d-bf3e-5c4207846f2d" 204 - "HEAD http://localhost:8080/v1/AUTH_f55cab2312cc42cfbc424042f96235e1/gnocchi.22af166b-3da5-443d-bf3e-5c4207846f2d?format=json&states=listing" "txad9a5f810b4c4fe195db7-00697105ba" "proxy-server 21" 0.0015 "-" 22 0
Jan 21 16:58:34 standalone proxy-server[125651]: - - 21/Jan/2026/16/58/34 HEAD /v1/AUTH_f55cab2312cc42cfbc424042f96235e1/gnocchi.22af166b-3da5-443d-bf3e-5c4207846f2d%3Fformat%3Djson%26states%3Dlisting HTTP/1.0 204 - Swift - - - - txad9a5f810b4c4fe195db7-00697105ba - 0.0050 RL - 1769014714.466195822 1769014714.471188545 0
Jan 21 16:58:34 standalone container-server[123423]: 172.20.0.100 - - [21/Jan/2026:16:58:34 +0000] "GET /d1/363/AUTH_f55cab2312cc42cfbc424042f96235e1/gnocchi.22af166b-3da5-443d-bf3e-5c4207846f2d" 200 2 "GET http://localhost:8080/v1/AUTH_f55cab2312cc42cfbc424042f96235e1/gnocchi.22af166b-3da5-443d-bf3e-5c4207846f2d?format=json&states=listing" "txad9a5f810b4c4fe195db7-00697105ba" "proxy-server 21" 0.0022 "-" 22 0
Jan 21 16:58:34 standalone proxy-server[125651]: 172.18.0.2 ::1 21/Jan/2026/16/58/34 GET /v1/AUTH_f55cab2312cc42cfbc424042f96235e1/gnocchi.22af166b-3da5-443d-bf3e-5c4207846f2d%3Fformat%3Djson%26states%3Dlisting HTTP/1.0 200 - python-swiftclient-3.11.1 gAAAAABpcQTsL79W... - 2 - txad9a5f810b4c4fe195db7-00697105ba - 0.0148 - - 1769014714.464967728 1769014714.479766607 0
Jan 21 16:58:34 standalone object-server[123639]: 172.20.0.100 - - [21/Jan/2026:16:58:34 +0000] "GET /d1/183/AUTH_f55cab2312cc42cfbc424042f96235e1/gnocchi.22af166b-3da5-443d-bf3e-5c4207846f2d/1767960000.0_mean_300.0_v3" 404 70 "GET http://localhost:8080/v1/AUTH_f55cab2312cc42cfbc424042f96235e1/gnocchi.22af166b-3da5-443d-bf3e-5c4207846f2d/1767960000.0_mean_300.0_v3" "tx0dee98ca0c0d402c83782-00697105ba" "proxy-server 21" 0.0003 "-" 25 0
Jan 21 16:58:34 standalone proxy-server[125651]: 172.18.0.2 ::1 21/Jan/2026/16/58/34 GET /v1/AUTH_f55cab2312cc42cfbc424042f96235e1/gnocchi.22af166b-3da5-443d-bf3e-5c4207846f2d/1767960000.0_mean_300.0_v3 HTTP/1.0 404 - python-swiftclient-3.11.1 gAAAAABpcQTsL79W... - 70 - tx0dee98ca0c0d402c83782-00697105ba - 0.0050 - - 1769014714.483805418 1769014714.488796711 0
Jan 21 16:58:34 standalone container-server[123423]: 172.20.0.100 - - [21/Jan/2026:16:58:34 +0000] "PUT /d1/363/AUTH_f55cab2312cc42cfbc424042f96235e1/gnocchi.22af166b-3da5-443d-bf3e-5c4207846f2d/1767960000.0_mean_300.0_v3" 201 - "PUT http://localhost:8080/d1/183/AUTH_f55cab2312cc42cfbc424042f96235e1/gnocchi.22af166b-3da5-443d-bf3e-5c4207846f2d/1767960000.0_mean_300.0_v3" "tx0ff0b51ffa1d44efb729d-00697105ba" "object-server 24" 0.0006 "-" 22 0
Jan 21 16:58:34 standalone object-server[123638]: 172.20.0.100 - - [21/Jan/2026:16:58:34 +0000] "PUT /d1/183/AUTH_f55cab2312cc42cfbc424042f96235e1/gnocchi.22af166b-3da5-443d-bf3e-5c4207846f2d/1767960000.0_mean_300.0_v3" 201 - "PUT http://localhost:8080/v1/AUTH_f55cab2312cc42cfbc424042f96235e1/gnocchi.22af166b-3da5-443d-bf3e-5c4207846f2d/1767960000.0_mean_300.0_v3" "tx0ff0b51ffa1d44efb729d-00697105ba" "proxy-server 21" 0.0078 "-" 24 0
Jan 21 16:58:34 standalone proxy-server[125651]: 172.18.0.2 ::1 21/Jan/2026/16/58/34 PUT /v1/AUTH_f55cab2312cc42cfbc424042f96235e1/gnocchi.22af166b-3da5-443d-bf3e-5c4207846f2d/1767960000.0_mean_300.0_v3 HTTP/1.0 201 - python-swiftclient-3.11.1 gAAAAABpcQTsL79W... 16 - - tx0ff0b51ffa1d44efb729d-00697105ba - 0.0135 - - 1769014714.491685152 1769014714.505218029 0
Jan 21 16:58:34 standalone container-server[123417]: 172.20.0.100 - - [21/Jan/2026:16:58:34 +0000] "PUT /d1/363/AUTH_f55cab2312cc42cfbc424042f96235e1/gnocchi.22af166b-3da5-443d-bf3e-5c4207846f2d/none_v3" 201 - "PUT http://localhost:8080/d1/919/AUTH_f55cab2312cc42cfbc424042f96235e1/gnocchi.22af166b-3da5-443d-bf3e-5c4207846f2d/none_v3" "tx77fe0dd0141b488ba33a4-00697105ba" "object-server 25" 0.0005 "-" 21 0
Jan 21 16:58:34 standalone object-server[123639]: 172.20.0.100 - - [21/Jan/2026:16:58:34 +0000] "PUT /d1/919/AUTH_f55cab2312cc42cfbc424042f96235e1/gnocchi.22af166b-3da5-443d-bf3e-5c4207846f2d/none_v3" 201 - "PUT http://localhost:8080/v1/AUTH_f55cab2312cc42cfbc424042f96235e1/gnocchi.22af166b-3da5-443d-bf3e-5c4207846f2d/none_v3" "tx77fe0dd0141b488ba33a4-00697105ba" "proxy-server 21" 0.0071 "-" 25 0
Jan 21 16:58:34 standalone proxy-server[125651]: 172.18.0.2 ::1 21/Jan/2026/16/58/34 PUT /v1/AUTH_f55cab2312cc42cfbc424042f96235e1/gnocchi.22af166b-3da5-443d-bf3e-5c4207846f2d/none_v3 HTTP/1.0 201 - python-swiftclient-3.11.1 gAAAAABpcQTsL79W... 22 - - tx77fe0dd0141b488ba33a4-00697105ba - 0.0119 - - 1769014714.509440184 1769014714.521296024 0
Jan 21 16:58:34 standalone container-server[123417]: 172.20.0.100 - - [21/Jan/2026:16:58:34 +0000] "HEAD /d1/863/AUTH_f55cab2312cc42cfbc424042f96235e1/gnocchi.92a50ee5-c6b3-4cbf-9650-7fc30faad7a4" 404 - "HEAD http://localhost:8080/v1/AUTH_f55cab2312cc42cfbc424042f96235e1/gnocchi.92a50ee5-c6b3-4cbf-9650-7fc30faad7a4?format=json&states=listing" "txc9353999978841a6b1466-00697105ba" "proxy-server 21" 0.0004 "-" 21 0
Jan 21 16:58:34 standalone object-server[123630]: 172.20.0.100 - - [21/Jan/2026:16:58:34 +0000] "GET /d1/359/AUTH_f55cab2312cc42cfbc424042f96235e1/gnocchi.92a50ee5-c6b3-4cbf-9650-7fc30faad7a4/none_v3" 404 70 "GET http://localhost:8080/v1/AUTH_f55cab2312cc42cfbc424042f96235e1/gnocchi.92a50ee5-c6b3-4cbf-9650-7fc30faad7a4/none_v3" "txc9353999978841a6b1466-00697105ba" "proxy-server 21" 0.0003 "-" 22 0
Jan 21 16:58:34 standalone proxy-server[125651]: 172.18.0.2 ::1 21/Jan/2026/16/58/34 GET /v1/AUTH_f55cab2312cc42cfbc424042f96235e1/gnocchi.92a50ee5-c6b3-4cbf-9650-7fc30faad7a4/none_v3 HTTP/1.0 404 - python-swiftclient-3.11.1 gAAAAABpcQTsL79W... - 70 - txc9353999978841a6b1466-00697105ba - 0.0073 - - 1769014714.530905485 1769014714.538165331 0
Jan 21 16:58:34 standalone account-server[123448]: 172.20.0.100 - - [21/Jan/2026:16:58:34 +0000] "PUT /d1/609/AUTH_f55cab2312cc42cfbc424042f96235e1/gnocchi.92a50ee5-c6b3-4cbf-9650-7fc30faad7a4" 201 - "PUT http://172.20.0.100:6001/d1/863/AUTH_f55cab2312cc42cfbc424042f96235e1/gnocchi.92a50ee5-c6b3-4cbf-9650-7fc30faad7a4" "tx3b833f5d77ee4bea85df6-00697105ba" "container-server 20" 0.0047 "-" 23 0
Jan 21 16:58:34 standalone container-server[123413]: 172.20.0.100 - - [21/Jan/2026:16:58:34 +0000] "PUT /d1/863/AUTH_f55cab2312cc42cfbc424042f96235e1/gnocchi.92a50ee5-c6b3-4cbf-9650-7fc30faad7a4" 201 - "PUT http://localhost:8080/v1/AUTH_f55cab2312cc42cfbc424042f96235e1/gnocchi.92a50ee5-c6b3-4cbf-9650-7fc30faad7a4" "tx3b833f5d77ee4bea85df6-00697105ba" "proxy-server 21" 0.0143 "-" 20 0
Jan 21 16:58:34 standalone proxy-server[125651]: 172.18.0.2 ::1 21/Jan/2026/16/58/34 PUT /v1/AUTH_f55cab2312cc42cfbc424042f96235e1/gnocchi.92a50ee5-c6b3-4cbf-9650-7fc30faad7a4 HTTP/1.0 201 - python-swiftclient-3.11.1 gAAAAABpcQTsL79W... - - - tx3b833f5d77ee4bea85df6-00697105ba - 0.0193 - - 1769014714.540965557 1769014714.560259342 0
Jan 21 16:58:34 standalone container-server[123423]: 172.20.0.100 - - [21/Jan/2026:16:58:34 +0000] "HEAD /d1/863/AUTH_f55cab2312cc42cfbc424042f96235e1/gnocchi.92a50ee5-c6b3-4cbf-9650-7fc30faad7a4" 204 - "HEAD http://localhost:8080/v1/AUTH_f55cab2312cc42cfbc424042f96235e1/gnocchi.92a50ee5-c6b3-4cbf-9650-7fc30faad7a4?format=json&states=listing" "tx27c3b5227f7b4c47b1c1f-00697105ba" "proxy-server 21" 0.0022 "-" 22 0
Jan 21 16:58:34 standalone proxy-server[125651]: - - 21/Jan/2026/16/58/34 HEAD /v1/AUTH_f55cab2312cc42cfbc424042f96235e1/gnocchi.92a50ee5-c6b3-4cbf-9650-7fc30faad7a4%3Fformat%3Djson%26states%3Dlisting HTTP/1.0 204 - Swift - - - - tx27c3b5227f7b4c47b1c1f-00697105ba - 0.0071 RL - 1769014714.565675497 1769014714.572819710 0
Jan 21 16:58:34 standalone container-server[123413]: 172.20.0.100 - - [21/Jan/2026:16:58:34 +0000] "GET /d1/863/AUTH_f55cab2312cc42cfbc424042f96235e1/gnocchi.92a50ee5-c6b3-4cbf-9650-7fc30faad7a4" 200 2 "GET http://localhost:8080/v1/AUTH_f55cab2312cc42cfbc424042f96235e1/gnocchi.92a50ee5-c6b3-4cbf-9650-7fc30faad7a4?format=json&states=listing" "tx27c3b5227f7b4c47b1c1f-00697105ba" "proxy-server 21" 0.0018 "-" 20 0
Jan 21 16:58:34 standalone proxy-server[125651]: 172.18.0.2 ::1 21/Jan/2026/16/58/34 GET /v1/AUTH_f55cab2312cc42cfbc424042f96235e1/gnocchi.92a50ee5-c6b3-4cbf-9650-7fc30faad7a4%3Fformat%3Djson%26states%3Dlisting HTTP/1.0 200 - python-swiftclient-3.11.1 gAAAAABpcQTsL79W... - 2 - tx27c3b5227f7b4c47b1c1f-00697105ba - 0.0165 - - 1769014714.564372301 1769014714.580864429 0
Jan 21 16:58:34 standalone object-server[123638]: 172.20.0.100 - - [21/Jan/2026:16:58:34 +0000] "GET /d1/140/AUTH_f55cab2312cc42cfbc424042f96235e1/gnocchi.92a50ee5-c6b3-4cbf-9650-7fc30faad7a4/1767960000.0_mean_300.0_v3" 404 70 "GET http://localhost:8080/v1/AUTH_f55cab2312cc42cfbc424042f96235e1/gnocchi.92a50ee5-c6b3-4cbf-9650-7fc30faad7a4/1767960000.0_mean_300.0_v3" "txf185f9b0353d4e0e9d201-00697105ba" "proxy-server 21" 0.0003 "-" 24 0
Jan 21 16:58:34 standalone proxy-server[125651]: 172.18.0.2 ::1 21/Jan/2026/16/58/34 GET /v1/AUTH_f55cab2312cc42cfbc424042f96235e1/gnocchi.92a50ee5-c6b3-4cbf-9650-7fc30faad7a4/1767960000.0_mean_300.0_v3 HTTP/1.0 404 - python-swiftclient-3.11.1 gAAAAABpcQTsL79W... - 70 - txf185f9b0353d4e0e9d201-00697105ba - 0.0056 - - 1769014714.585184336 1769014714.590743065 0
Jan 21 16:58:34 standalone container-server[123413]: 172.20.0.100 - - [21/Jan/2026:16:58:34 +0000] "PUT /d1/863/AUTH_f55cab2312cc42cfbc424042f96235e1/gnocchi.92a50ee5-c6b3-4cbf-9650-7fc30faad7a4/1767960000.0_mean_300.0_v3" 201 - "PUT http://localhost:8080/d1/140/AUTH_f55cab2312cc42cfbc424042f96235e1/gnocchi.92a50ee5-c6b3-4cbf-9650-7fc30faad7a4/1767960000.0_mean_300.0_v3" "txad505e47e6ae4d8eafc7a-00697105ba" "object-server 22" 0.0006 "-" 20 0
Jan 21 16:58:34 standalone object-server[123630]: 172.20.0.100 - - [21/Jan/2026:16:58:34 +0000] "PUT /d1/140/AUTH_f55cab2312cc42cfbc424042f96235e1/gnocchi.92a50ee5-c6b3-4cbf-9650-7fc30faad7a4/1767960000.0_mean_300.0_v3" 201 - "PUT http://localhost:8080/v1/AUTH_f55cab2312cc42cfbc424042f96235e1/gnocchi.92a50ee5-c6b3-4cbf-9650-7fc30faad7a4/1767960000.0_mean_300.0_v3" "txad505e47e6ae4d8eafc7a-00697105ba" "proxy-server 21" 0.0099 "-" 22 0
Jan 21 16:58:34 standalone proxy-server[125651]: 172.18.0.2 ::1 21/Jan/2026/16/58/34 PUT /v1/AUTH_f55cab2312cc42cfbc424042f96235e1/gnocchi.92a50ee5-c6b3-4cbf-9650-7fc30faad7a4/1767960000.0_mean_300.0_v3 HTTP/1.0 201 - python-swiftclient-3.11.1 gAAAAABpcQTsL79W... 16 - - txad505e47e6ae4d8eafc7a-00697105ba - 0.0157 - - 1769014714.596337318 1769014714.612042665 0
Jan 21 16:58:34 standalone container-server[123417]: 172.20.0.100 - - [21/Jan/2026:16:58:34 +0000] "PUT /d1/863/AUTH_f55cab2312cc42cfbc424042f96235e1/gnocchi.92a50ee5-c6b3-4cbf-9650-7fc30faad7a4/none_v3" 201 - "PUT http://localhost:8080/d1/359/AUTH_f55cab2312cc42cfbc424042f96235e1/gnocchi.92a50ee5-c6b3-4cbf-9650-7fc30faad7a4/none_v3" "txb2843a1a5cbe415b85175-00697105ba" "object-server 22" 0.0007 "-" 21 0
Jan 21 16:58:34 standalone object-server[123630]: 172.20.0.100 - - [21/Jan/2026:16:58:34 +0000] "PUT /d1/359/AUTH_f55cab2312cc42cfbc424042f96235e1/gnocchi.92a50ee5-c6b3-4cbf-9650-7fc30faad7a4/none_v3" 201 - "PUT http://localhost:8080/v1/AUTH_f55cab2312cc42cfbc424042f96235e1/gnocchi.92a50ee5-c6b3-4cbf-9650-7fc30faad7a4/none_v3" "txb2843a1a5cbe415b85175-00697105ba" "proxy-server 21" 0.0081 "-" 22 0
Jan 21 16:58:34 standalone proxy-server[125651]: 172.18.0.2 ::1 21/Jan/2026/16/58/34 PUT /v1/AUTH_f55cab2312cc42cfbc424042f96235e1/gnocchi.92a50ee5-c6b3-4cbf-9650-7fc30faad7a4/none_v3 HTTP/1.0 201 - python-swiftclient-3.11.1 gAAAAABpcQTsL79W... 22 - - txb2843a1a5cbe415b85175-00697105ba - 0.0133 - - 1769014714.615672588 1769014714.629015446 0
Jan 21 16:58:45 standalone object-server[123506]: Begin object update sweep
Jan 21 16:58:45 standalone object-server[229768]: Object update sweep starting on /srv/node/d1 (pid: 15)
Jan 21 16:58:45 standalone object-server[229768]: Object update sweep completed on /srv/node/d1 in 0.00s seconds:, 0 successes, 0 failures, 0 quarantines, 0 unlinks, 0 errors, 0 redirects (pid: 15)
Jan 21 16:58:45 standalone object-server[229768]: Object update sweep of d1 completed: 0.00s, 0 successes, 0 failures, 0 quarantines, 0 unlinks, 0 errors, 0 redirects
Jan 21 16:58:45 standalone object-server[123506]: Object update sweep completed: 0.09s
Jan 21 17:00:33 standalone container-server[123188]: Begin container update sweep
Jan 21 17:00:33 standalone account-server[123441]: 172.20.0.100 - - [21/Jan/2026:17:00:33 +0000] "PUT /d1/609/AUTH_f55cab2312cc42cfbc424042f96235e1/gnocchi.6a23228a-0e53-4700-ba9e-7a3f454762a6" 201 - "-" "-" "container-updater 2" 0.0008 "-" 22 0
Jan 21 17:00:33 standalone account-server[123441]: 172.20.0.100 - - [21/Jan/2026:17:00:33 +0000] "PUT /d1/609/AUTH_f55cab2312cc42cfbc424042f96235e1/gnocchi.2e1faf66-669c-4cf7-b176-5e08873c5867" 201 - "-" "-" "container-updater 2" 0.0006 "-" 22 0
Jan 21 17:00:33 standalone account-server[123427]: 172.20.0.100 - - [21/Jan/2026:17:00:33 +0000] "PUT /d1/609/AUTH_f55cab2312cc42cfbc424042f96235e1/gnocchi.7b991664-ea49-4d43-b9d7-d9d6cdca0576" 201 - "-" "-" "container-updater 2" 0.0008 "-" 20 0
Jan 21 17:00:33 standalone account-server[123441]: 172.20.0.100 - - [21/Jan/2026:17:00:33 +0000] "PUT /d1/609/AUTH_f55cab2312cc42cfbc424042f96235e1/gnocchi.7d300da9-80e8-4b8e-b572-be521e80f76d" 201 - "-" "-" "container-updater 2" 0.0007 "-" 22 0
Jan 21 17:00:33 standalone account-server[123448]: 172.20.0.100 - - [21/Jan/2026:17:00:33 +0000] "PUT /d1/609/AUTH_f55cab2312cc42cfbc424042f96235e1/gnocchi.b4f2a903-4950-4ea0-826e-a949f16d4765" 201 - "-" "-" "container-updater 2" 0.0005 "-" 23 0
Jan 21 17:00:33 standalone account-server[123427]: 172.20.0.100 - - [21/Jan/2026:17:00:33 +0000] "PUT /d1/609/AUTH_f55cab2312cc42cfbc424042f96235e1/gnocchi.63d2d130-92c7-4718-b8fb-5cd8ed30e395" 201 - "-" "-" "container-updater 2" 0.0007 "-" 20 0
Jan 21 17:00:33 standalone account-server[123448]: 172.20.0.100 - - [21/Jan/2026:17:00:33 +0000] "PUT /d1/609/AUTH_f55cab2312cc42cfbc424042f96235e1/gnocchi.1416e69a-1a59-41fb-9df9-15a625f994f6" 201 - "-" "-" "container-updater 2" 0.0007 "-" 23 0
Jan 21 17:00:34 standalone account-server[123441]: 172.20.0.100 - - [21/Jan/2026:17:00:34 +0000] "PUT /d1/609/AUTH_f55cab2312cc42cfbc424042f96235e1/gnocchi.99196caa-9aa8-437b-a62e-3cd467681917" 201 - "-" "-" "container-updater 2" 0.0009 "-" 22 0
Jan 21 17:00:34 standalone account-server[123441]: 172.20.0.100 - - [21/Jan/2026:17:00:34 +0000] "PUT /d1/609/AUTH_f55cab2312cc42cfbc424042f96235e1/gnocchi.e37c7763-bff9-45fe-8fee-7781727df700" 201 - "-" "-" "container-updater 2" 0.0008 "-" 22 0
Jan 21 17:00:34 standalone account-server[123427]: 172.20.0.100 - - [21/Jan/2026:17:00:34 +0000] "PUT /d1/609/AUTH_f55cab2312cc42cfbc424042f96235e1/gnocchi.2e5c6cdd-b593-4ff3-b5c5-456cd4c87a15" 201 - "-" "-" "container-updater 2" 0.0007 "-" 20 0
Jan 21 17:00:34 standalone account-server[123440]: 172.20.0.100 - - [21/Jan/2026:17:00:34 +0000] "PUT /d1/609/AUTH_f55cab2312cc42cfbc424042f96235e1/gnocchi.d13952a1-39ef-4182-8917-cea5c6f21f50" 201 - "-" "-" "container-updater 2" 0.0007 "-" 21 0
Jan 21 17:00:34 standalone account-server[123448]: 172.20.0.100 - - [21/Jan/2026:17:00:34 +0000] "PUT /d1/609/AUTH_f55cab2312cc42cfbc424042f96235e1/gnocchi.fa6e6809-f8af-43aa-bbee-b210b60b89a1" 201 - "-" "-" "container-updater 2" 0.0004 "-" 23 0
Jan 21 17:00:34 standalone account-server[123427]: 172.20.0.100 - - [21/Jan/2026:17:00:34 +0000] "PUT /d1/609/AUTH_f55cab2312cc42cfbc424042f96235e1/gnocchi.22af166b-3da5-443d-bf3e-5c4207846f2d" 201 - "-" "-" "container-updater 2" 0.0004 "-" 20 0
Jan 21 17:00:35 standalone account-server[123427]: 172.20.0.100 - - [21/Jan/2026:17:00:35 +0000] "PUT /d1/609/AUTH_f55cab2312cc42cfbc424042f96235e1/gnocchi.c0a442e2-c516-4a2f-bae7-f342bda551b7" 201 - "-" "-" "container-updater 2" 0.0005 "-" 20 0
Jan 21 17:00:35 standalone account-server[123440]: 172.20.0.100 - - [21/Jan/2026:17:00:35 +0000] "PUT /d1/609/AUTH_f55cab2312cc42cfbc424042f96235e1/gnocchi.29c768e5-14fd-4a02-abea-148d34981a46" 201 - "-" "-" "container-updater 2" 0.0007 "-" 21 0
Jan 21 17:00:35 standalone account-server[123441]: 172.20.0.100 - - [21/Jan/2026:17:00:35 +0000] "PUT /d1/609/AUTH_f55cab2312cc42cfbc424042f96235e1/gnocchi.2a3a88fd-3743-46f5-9b74-1f0b8f9c951c" 201 - "-" "-" "container-updater 2" 0.0007 "-" 22 0
Jan 21 17:00:35 standalone account-server[123441]: 172.20.0.100 - - [21/Jan/2026:17:00:35 +0000] "PUT /d1/609/AUTH_f55cab2312cc42cfbc424042f96235e1/gnocchi.05939aea-2685-4bea-b554-58fd4a54bff1" 201 - "-" "-" "container-updater 2" 0.0006 "-" 22 0
Jan 21 17:00:35 standalone account-server[123427]: 172.20.0.100 - - [21/Jan/2026:17:00:35 +0000] "PUT /d1/609/AUTH_f55cab2312cc42cfbc424042f96235e1/gnocchi.641f7394-56f7-4e3b-9d00-160643ec66d4" 201 - "-" "-" "container-updater 2" 0.0007 "-" 20 0
Jan 21 17:00:35 standalone account-server[123427]: 172.20.0.100 - - [21/Jan/2026:17:00:35 +0000] "PUT /d1/609/AUTH_f55cab2312cc42cfbc424042f96235e1/gnocchi.0512057d-57fe-47e9-94dd-d354066d1b11" 201 - "-" "-" "container-updater 2" 0.0007 "-" 20 0
Jan 21 17:00:35 standalone account-server[123440]: 172.20.0.100 - - [21/Jan/2026:17:00:35 +0000] "PUT /d1/609/AUTH_f55cab2312cc42cfbc424042f96235e1/gnocchi.b52611d8-af1d-4430-a13b-f87b7218ec7d" 201 - "-" "-" "container-updater 2" 0.0006 "-" 21 0
Jan 21 17:00:35 standalone account-server[123441]: 172.20.0.100 - - [21/Jan/2026:17:00:35 +0000] "HEAD /d1/609/AUTH_f55cab2312cc42cfbc424042f96235e1" 204 - "HEAD http://localhost:8080/v1/AUTH_f55cab2312cc42cfbc424042f96235e1?format=json" "tx6b0ec0da02154393aba73-0069710633" "proxy-server 21" 0.0071 "-" 22 -
Jan 21 17:00:35 standalone proxy-server[125651]: - - 21/Jan/2026/17/00/35 HEAD /v1/AUTH_f55cab2312cc42cfbc424042f96235e1%3Fformat%3Djson HTTP/1.0 204 - Swift - - - - tx6b0ec0da02154393aba73-0069710633 - 0.0117 RL - 1769014835.470700264 1769014835.482365608 -
Jan 21 17:00:35 standalone account-server[123441]: 172.20.0.100 - - [21/Jan/2026:17:00:35 +0000] "PUT /d1/609/AUTH_f55cab2312cc42cfbc424042f96235e1/gnocchi.355d43cc-120a-45ad-a7de-00fade60e704" 201 - "-" "-" "container-updater 2" 0.0008 "-" 22 0
Jan 21 17:00:35 standalone account-server[123441]: 172.20.0.100 - - [21/Jan/2026:17:00:35 +0000] "PUT /d1/609/AUTH_f55cab2312cc42cfbc424042f96235e1/gnocchi.92a50ee5-c6b3-4cbf-9650-7fc30faad7a4" 201 - "-" "-" "container-updater 2" 0.0007 "-" 22 0
Jan 21 17:00:35 standalone container-server[123423]: 172.20.0.100 - - [21/Jan/2026:17:00:35 +0000] "HEAD /d1/654/AUTH_f55cab2312cc42cfbc424042f96235e1/gnocchi.355d43cc-120a-45ad-a7de-00fade60e704" 204 - "HEAD http://localhost:8080/v1/AUTH_f55cab2312cc42cfbc424042f96235e1/gnocchi.355d43cc-120a-45ad-a7de-00fade60e704?format=json&states=listing" "tx6b0ec0da02154393aba73-0069710633" "proxy-server 21" 0.0016 "-" 22 0
Jan 21 17:00:35 standalone object-server[123638]: 172.20.0.100 - - [21/Jan/2026:17:00:35 +0000] "GET /d1/103/AUTH_f55cab2312cc42cfbc424042f96235e1/gnocchi.355d43cc-120a-45ad-a7de-00fade60e704/none_v3" 200 22 "GET http://localhost:8080/v1/AUTH_f55cab2312cc42cfbc424042f96235e1/gnocchi.355d43cc-120a-45ad-a7de-00fade60e704/none_v3" "tx6b0ec0da02154393aba73-0069710633" "proxy-server 21" 0.0022 "-" 24 0
Jan 21 17:00:35 standalone proxy-server[125651]: 172.18.0.2 ::1 21/Jan/2026/17/00/35 GET /v1/AUTH_f55cab2312cc42cfbc424042f96235e1/gnocchi.355d43cc-120a-45ad-a7de-00fade60e704/none_v3 HTTP/1.0 200 - python-swiftclient-3.11.1 gAAAAABpcQTsL79W... - 22 - tx6b0ec0da02154393aba73-0069710633 - 0.2508 - - 1769014835.467640638 1769014835.718465805 0
Jan 21 17:00:35 standalone container-server[123423]: 172.20.0.100 - - [21/Jan/2026:17:00:35 +0000] "GET /d1/654/AUTH_f55cab2312cc42cfbc424042f96235e1/gnocchi.355d43cc-120a-45ad-a7de-00fade60e704" 200 357 "GET http://localhost:8080/v1/AUTH_f55cab2312cc42cfbc424042f96235e1/gnocchi.355d43cc-120a-45ad-a7de-00fade60e704?format=json&states=listing" "txa64589417ee04fdf84661-0069710633" "proxy-server 21" 0.0018 "-" 22 0
Jan 21 17:00:35 standalone proxy-server[125651]: 172.18.0.2 ::1 21/Jan/2026/17/00/35 GET /v1/AUTH_f55cab2312cc42cfbc424042f96235e1/gnocchi.355d43cc-120a-45ad-a7de-00fade60e704%3Fformat%3Djson%26states%3Dlisting HTTP/1.0 200 - python-swiftclient-3.11.1 gAAAAABpcQTsL79W... - 357 - txa64589417ee04fdf84661-0069710633 - 0.0077 - - 1769014835.723918438 1769014835.731605291 0
Jan 21 17:00:35 standalone container-server[123423]: 172.20.0.100 - - [21/Jan/2026:17:00:35 +0000] "GET /d1/654/AUTH_f55cab2312cc42cfbc424042f96235e1/gnocchi.355d43cc-120a-45ad-a7de-00fade60e704" 200 2 "GET http://localhost:8080/v1/AUTH_f55cab2312cc42cfbc424042f96235e1/gnocchi.355d43cc-120a-45ad-a7de-00fade60e704?format=json&marker=none_v3&states=listing" "txa3000495dcce4b2abae4e-0069710633" "proxy-server 21" 0.0016 "-" 22 0
Jan 21 17:00:35 standalone proxy-server[125651]: 172.18.0.2 ::1 21/Jan/2026/17/00/35 GET /v1/AUTH_f55cab2312cc42cfbc424042f96235e1/gnocchi.355d43cc-120a-45ad-a7de-00fade60e704%3Fformat%3Djson%26marker%3Dnone_v3%26states%3Dlisting HTTP/1.0 200 - python-swiftclient-3.11.1 gAAAAABpcQTsL79W... - 2 - txa3000495dcce4b2abae4e-0069710633 - 0.0071 - - 1769014835.734956503 1769014835.742092371 0
Jan 21 17:00:35 standalone object-server[123638]: 172.20.0.100 - - [21/Jan/2026:17:00:35 +0000] "GET /d1/503/AUTH_f55cab2312cc42cfbc424042f96235e1/gnocchi.355d43cc-120a-45ad-a7de-00fade60e704/1767960000.0_mean_300.0_v3" 200 16 "GET http://localhost:8080/v1/AUTH_f55cab2312cc42cfbc424042f96235e1/gnocchi.355d43cc-120a-45ad-a7de-00fade60e704/1767960000.0_mean_300.0_v3" "txe41c5763f5a242abb8dcf-0069710633" "proxy-server 21" 0.0014 "-" 24 0
Jan 21 17:00:35 standalone proxy-server[125651]: 172.18.0.2 ::1 21/Jan/2026/17/00/35 GET /v1/AUTH_f55cab2312cc42cfbc424042f96235e1/gnocchi.355d43cc-120a-45ad-a7de-00fade60e704/1767960000.0_mean_300.0_v3 HTTP/1.0 200 - python-swiftclient-3.11.1 gAAAAABpcQTsL79W... - 16 - txe41c5763f5a242abb8dcf-0069710633 - 0.0090 - - 1769014835.745880604 1769014835.754889727 0
Jan 21 17:00:35 standalone container-server[123188]: Container update sweep completed: 2.71s
Jan 21 17:00:35 standalone container-server[123433]: 172.20.0.100 - - [21/Jan/2026:17:00:35 +0000] "PUT /d1/654/AUTH_f55cab2312cc42cfbc424042f96235e1/gnocchi.355d43cc-120a-45ad-a7de-00fade60e704/1767960000.0_mean_300.0_v3" 201 - "PUT http://localhost:8080/d1/503/AUTH_f55cab2312cc42cfbc424042f96235e1/gnocchi.355d43cc-120a-45ad-a7de-00fade60e704/1767960000.0_mean_300.0_v3" "txedc9059fff2a45c58a796-0069710633" "object-server 24" 0.0009 "-" 23 0
Jan 21 17:00:35 standalone object-server[123638]: 172.20.0.100 - - [21/Jan/2026:17:00:35 +0000] "PUT /d1/503/AUTH_f55cab2312cc42cfbc424042f96235e1/gnocchi.355d43cc-120a-45ad-a7de-00fade60e704/1767960000.0_mean_300.0_v3" 201 - "PUT http://localhost:8080/v1/AUTH_f55cab2312cc42cfbc424042f96235e1/gnocchi.355d43cc-120a-45ad-a7de-00fade60e704/1767960000.0_mean_300.0_v3" "txedc9059fff2a45c58a796-0069710633" "proxy-server 21" 0.0123 "-" 24 0
Jan 21 17:00:35 standalone proxy-server[125651]: 172.18.0.2 ::1 21/Jan/2026/17/00/35 PUT /v1/AUTH_f55cab2312cc42cfbc424042f96235e1/gnocchi.355d43cc-120a-45ad-a7de-00fade60e704/1767960000.0_mean_300.0_v3 HTTP/1.0 201 - python-swiftclient-3.11.1 gAAAAABpcQTsL79W... 23 - - txedc9059fff2a45c58a796-0069710633 - 0.0183 - - 1769014835.758113861 1769014835.776386976 0
Jan 21 17:00:35 standalone container-server[123413]: 172.20.0.100 - - [21/Jan/2026:17:00:35 +0000] "PUT /d1/654/AUTH_f55cab2312cc42cfbc424042f96235e1/gnocchi.355d43cc-120a-45ad-a7de-00fade60e704/none_v3" 201 - "PUT http://localhost:8080/d1/103/AUTH_f55cab2312cc42cfbc424042f96235e1/gnocchi.355d43cc-120a-45ad-a7de-00fade60e704/none_v3" "tx4109ec4af8234604a4d08-0069710633" "object-server 22" 0.0008 "-" 20 0
Jan 21 17:00:35 standalone object-server[123630]: 172.20.0.100 - - [21/Jan/2026:17:00:35 +0000] "PUT /d1/103/AUTH_f55cab2312cc42cfbc424042f96235e1/gnocchi.355d43cc-120a-45ad-a7de-00fade60e704/none_v3" 201 - "PUT http://localhost:8080/v1/AUTH_f55cab2312cc42cfbc424042f96235e1/gnocchi.355d43cc-120a-45ad-a7de-00fade60e704/none_v3" "tx4109ec4af8234604a4d08-0069710633" "proxy-server 21" 0.0113 "-" 22 0
Jan 21 17:00:35 standalone proxy-server[125651]: 172.18.0.2 ::1 21/Jan/2026/17/00/35 PUT /v1/AUTH_f55cab2312cc42cfbc424042f96235e1/gnocchi.355d43cc-120a-45ad-a7de-00fade60e704/none_v3 HTTP/1.0 201 - python-swiftclient-3.11.1 gAAAAABpcQTsL79W... 22 - - tx4109ec4af8234604a4d08-0069710633 - 0.0187 - - 1769014835.781543493 1769014835.800265789 0
Jan 21 17:00:35 standalone container-server[123413]: 172.20.0.100 - - [21/Jan/2026:17:00:35 +0000] "HEAD /d1/901/AUTH_f55cab2312cc42cfbc424042f96235e1/gnocchi.c0a442e2-c516-4a2f-bae7-f342bda551b7" 204 - "HEAD http://localhost:8080/v1/AUTH_f55cab2312cc42cfbc424042f96235e1/gnocchi.c0a442e2-c516-4a2f-bae7-f342bda551b7?format=json&states=listing" "txfee323db4d674dcda6d98-0069710633" "proxy-server 21" 0.0022 "-" 20 0
Jan 21 17:00:35 standalone object-server[123630]: 172.20.0.100 - - [21/Jan/2026:17:00:35 +0000] "GET /d1/998/AUTH_f55cab2312cc42cfbc424042f96235e1/gnocchi.c0a442e2-c516-4a2f-bae7-f342bda551b7/none_v3" 200 22 "GET http://localhost:8080/v1/AUTH_f55cab2312cc42cfbc424042f96235e1/gnocchi.c0a442e2-c516-4a2f-bae7-f342bda551b7/none_v3" "txfee323db4d674dcda6d98-0069710633" "proxy-server 21" 0.0008 "-" 22 0
Jan 21 17:00:35 standalone proxy-server[125651]: 172.18.0.2 ::1 21/Jan/2026/17/00/35 GET /v1/AUTH_f55cab2312cc42cfbc424042f96235e1/gnocchi.c0a442e2-c516-4a2f-bae7-f342bda551b7/none_v3 HTTP/1.0 200 - python-swiftclient-3.11.1 gAAAAABpcQTsL79W... - 22 - txfee323db4d674dcda6d98-0069710633 - 0.0124 - - 1769014835.811375856 1769014835.823757410 0
Jan 21 17:00:35 standalone container-server[123423]: 172.20.0.100 - - [21/Jan/2026:17:00:35 +0000] "GET /d1/901/AUTH_f55cab2312cc42cfbc424042f96235e1/gnocchi.c0a442e2-c516-4a2f-bae7-f342bda551b7" 200 357 "GET http://localhost:8080/v1/AUTH_f55cab2312cc42cfbc424042f96235e1/gnocchi.c0a442e2-c516-4a2f-bae7-f342bda551b7?format=json&states=listing" "tx774991fdc87e4b3192257-0069710633" "proxy-server 21" 0.0038 "-" 22 0
Jan 21 17:00:35 standalone proxy-server[125651]: 172.18.0.2 ::1 21/Jan/2026/17/00/35 GET /v1/AUTH_f55cab2312cc42cfbc424042f96235e1/gnocchi.c0a442e2-c516-4a2f-bae7-f342bda551b7%3Fformat%3Djson%26states%3Dlisting HTTP/1.0 200 - python-swiftclient-3.11.1 gAAAAABpcQTsL79W... - 357 - tx774991fdc87e4b3192257-0069710633 - 0.0099 - - 1769014835.827584505 1769014835.837444305 0
Jan 21 17:00:35 standalone container-server[123417]: 172.20.0.100 - - [21/Jan/2026:17:00:35 +0000] "GET /d1/901/AUTH_f55cab2312cc42cfbc424042f96235e1/gnocchi.c0a442e2-c516-4a2f-bae7-f342bda551b7" 200 2 "GET http://localhost:8080/v1/AUTH_f55cab2312cc42cfbc424042f96235e1/gnocchi.c0a442e2-c516-4a2f-bae7-f342bda551b7?format=json&marker=none_v3&states=listing" "tx22d7542f38f94fd8ab5c6-0069710633" "proxy-server 21" 0.0035 "-" 21 0
Jan 21 17:00:35 standalone proxy-server[125651]: 172.18.0.2 ::1 21/Jan/2026/17/00/35 GET /v1/AUTH_f55cab2312cc42cfbc424042f96235e1/gnocchi.c0a442e2-c516-4a2f-bae7-f342bda551b7%3Fformat%3Djson%26marker%3Dnone_v3%26states%3Dlisting HTTP/1.0 200 - python-swiftclient-3.11.1 gAAAAABpcQTsL79W... - 2 - tx22d7542f38f94fd8ab5c6-0069710633 - 0.0097 - - 1769014835.840590954 1769014835.850316286 0
Jan 21 17:00:35 standalone object-server[123635]: 172.20.0.100 - - [21/Jan/2026:17:00:35 +0000] "GET /d1/823/AUTH_f55cab2312cc42cfbc424042f96235e1/gnocchi.c0a442e2-c516-4a2f-bae7-f342bda551b7/1767960000.0_mean_300.0_v3" 200 16 "GET http://localhost:8080/v1/AUTH_f55cab2312cc42cfbc424042f96235e1/gnocchi.c0a442e2-c516-4a2f-bae7-f342bda551b7/1767960000.0_mean_300.0_v3" "txe91755a3da994a6a84a51-0069710633" "proxy-server 21" 0.0008 "-" 23 0
Jan 21 17:00:35 standalone proxy-server[125651]: 172.18.0.2 ::1 21/Jan/2026/17/00/35 GET /v1/AUTH_f55cab2312cc42cfbc424042f96235e1/gnocchi.c0a442e2-c516-4a2f-bae7-f342bda551b7/1767960000.0_mean_300.0_v3 HTTP/1.0 200 - python-swiftclient-3.11.1 gAAAAABpcQTsL79W... - 16 - txe91755a3da994a6a84a51-0069710633 - 0.0065 - - 1769014835.854046583 1769014835.860562801 0
Jan 21 17:00:35 standalone container-server[123423]: 172.20.0.100 - - [21/Jan/2026:17:00:35 +0000] "PUT /d1/901/AUTH_f55cab2312cc42cfbc424042f96235e1/gnocchi.c0a442e2-c516-4a2f-bae7-f342bda551b7/1767960000.0_mean_300.0_v3" 201 - "PUT http://localhost:8080/d1/823/AUTH_f55cab2312cc42cfbc424042f96235e1/gnocchi.c0a442e2-c516-4a2f-bae7-f342bda551b7/1767960000.0_mean_300.0_v3" "tx0cbb8c1780bc4793af82b-0069710633" "object-server 22" 0.0008 "-" 22 0
Jan 21 17:00:35 standalone object-server[123630]: 172.20.0.100 - - [21/Jan/2026:17:00:35 +0000] "PUT /d1/823/AUTH_f55cab2312cc42cfbc424042f96235e1/gnocchi.c0a442e2-c516-4a2f-bae7-f342bda551b7/1767960000.0_mean_300.0_v3" 201 - "PUT http://localhost:8080/v1/AUTH_f55cab2312cc42cfbc424042f96235e1/gnocchi.c0a442e2-c516-4a2f-bae7-f342bda551b7/1767960000.0_mean_300.0_v3" "tx0cbb8c1780bc4793af82b-0069710633" "proxy-server 21" 0.0126 "-" 22 0
