Jan 21 16:58:33 standalone container-server[123423]: 172.20.0.100 - - [21/Jan/2026:16:58:33 +0000] "PUT /d1/541/AUTH_f55cab2312cc42cfbc424042f96235e1/gnocchi.6a23228a-0e53-4700-ba9e-7a3f454762a6" 201 - "PUT http://localhost:8080/v1/AUTH_f55cab2312cc42cfbc424042f96235e1/gnocchi.6a23228a-0e53-4700-ba9e-7a3f454762a6" "tx5415e56e537945148bb3b-00697105b9" "proxy-server 21" 0.0147 "-" 22 0
Jan 21 16:58:33 standalone proxy-server[125651]: 172.18.0.2 ::1 21/Jan/2026/16/58/33 PUT /v1/AUTH_f55cab2312cc42cfbc424042f96235e1/gnocchi.6a23228a-0e53-4700-ba9e-7a3f454762a6 HTTP/1.0 201 - python-swiftclient-3.11.1 gAAAAABpcQTsL79W... - - - tx5415e56e537945148bb3b-00697105b9 - 0.0207 - - 1769014713.085148096 1769014713.105812073 0
Jan 21 16:58:33 standalone container-server[123423]: 172.20.0.100 - - [21/Jan/2026:16:58:33 +0000] "HEAD /d1/541/AUTH_f55cab2312cc42cfbc424042f96235e1/gnocchi.6a23228a-0e53-4700-ba9e-7a3f454762a6" 204 - "HEAD http://localhost:8080/v1/AUTH_f55cab2312cc42cfbc424042f96235e1/gnocchi.6a23228a-0e53-4700-ba9e-7a3f454762a6?format=json&states=listing" "tx30a543e3dccc4584a3769-00697105b9" "proxy-server 21" 0.0013 "-" 22 0
Jan 21 16:58:33 standalone proxy-server[125651]: - - 21/Jan/2026/16/58/33 HEAD /v1/AUTH_f55cab2312cc42cfbc424042f96235e1/gnocchi.6a23228a-0e53-4700-ba9e-7a3f454762a6%3Fformat%3Djson%26states%3Dlisting HTTP/1.0 204 - Swift - - - - tx30a543e3dccc4584a3769-00697105b9 - 0.0043 RL - 1769014713.110891819 1769014713.115192890 0
Jan 21 16:58:33 standalone container-server[123413]: 172.20.0.100 - - [21/Jan/2026:16:58:33 +0000] "GET /d1/541/AUTH_f55cab2312cc42cfbc424042f96235e1/gnocchi.6a23228a-0e53-4700-ba9e-7a3f454762a6" 200 2 "GET http://localhost:8080/v1/AUTH_f55cab2312cc42cfbc424042f96235e1/gnocchi.6a23228a-0e53-4700-ba9e-7a3f454762a6?format=json&states=listing" "tx30a543e3dccc4584a3769-00697105b9" "proxy-server 21" 0.0024 "-" 20 0
Jan 21 16:58:33 standalone proxy-server[125651]: 172.18.0.2 ::1 21/Jan/2026/16/58/33 GET /v1/AUTH_f55cab2312cc42cfbc424042f96235e1/gnocchi.6a23228a-0e53-4700-ba9e-7a3f454762a6%3Fformat%3Djson%26states%3Dlisting HTTP/1.0 200 - python-swiftclient-3.11.1 gAAAAABpcQTsL79W... - 2 - tx30a543e3dccc4584a3769-00697105b9 - 0.0141 - - 1769014713.109821081 1769014713.123941898 0
Jan 21 16:58:33 standalone object-server[123639]: 172.20.0.100 - - [21/Jan/2026:16:58:33 +0000] "GET /d1/743/AUTH_f55cab2312cc42cfbc424042f96235e1/gnocchi.6a23228a-0e53-4700-ba9e-7a3f454762a6/1767960000.0_mean_300.0_v3" 404 70 "GET http://localhost:8080/v1/AUTH_f55cab2312cc42cfbc424042f96235e1/gnocchi.6a23228a-0e53-4700-ba9e-7a3f454762a6/1767960000.0_mean_300.0_v3" "tx6b3457a47b8e4922a1c98-00697105b9" "proxy-server 21" 0.0004 "-" 25 0
Jan 21 16:58:33 standalone proxy-server[125651]: 172.18.0.2 ::1 21/Jan/2026/16/58/33 GET /v1/AUTH_f55cab2312cc42cfbc424042f96235e1/gnocchi.6a23228a-0e53-4700-ba9e-7a3f454762a6/1767960000.0_mean_300.0_v3 HTTP/1.0 404 - python-swiftclient-3.11.1 gAAAAABpcQTsL79W... - 70 - tx6b3457a47b8e4922a1c98-00697105b9 - 0.0059 - - 1769014713.128198624 1769014713.134083033 0
Jan 21 16:58:33 standalone container-server[123433]: 172.20.0.100 - - [21/Jan/2026:16:58:33 +0000] "PUT /d1/541/AUTH_f55cab2312cc42cfbc424042f96235e1/gnocchi.6a23228a-0e53-4700-ba9e-7a3f454762a6/1767960000.0_mean_300.0_v3" 201 - "PUT http://localhost:8080/d1/743/AUTH_f55cab2312cc42cfbc424042f96235e1/gnocchi.6a23228a-0e53-4700-ba9e-7a3f454762a6/1767960000.0_mean_300.0_v3" "txed95a2e6a7a14abf83525-00697105b9" "object-server 25" 0.0004 "-" 23 0
Jan 21 16:58:33 standalone object-server[123639]: 172.20.0.100 - - [21/Jan/2026:16:58:33 +0000] "PUT /d1/743/AUTH_f55cab2312cc42cfbc424042f96235e1/gnocchi.6a23228a-0e53-4700-ba9e-7a3f454762a6/1767960000.0_mean_300.0_v3" 201 - "PUT http://localhost:8080/v1/AUTH_f55cab2312cc42cfbc424042f96235e1/gnocchi.6a23228a-0e53-4700-ba9e-7a3f454762a6/1767960000.0_mean_300.0_v3" "txed95a2e6a7a14abf83525-00697105b9" "proxy-server 21" 0.0083 "-" 25 0
Jan 21 16:58:33 standalone proxy-server[125651]: 172.18.0.2 ::1 21/Jan/2026/16/58/33 PUT /v1/AUTH_f55cab2312cc42cfbc424042f96235e1/gnocchi.6a23228a-0e53-4700-ba9e-7a3f454762a6/1767960000.0_mean_300.0_v3 HTTP/1.0 201 - python-swiftclient-3.11.1 gAAAAABpcQTsL79W... 16 - - txed95a2e6a7a14abf83525-00697105b9 - 0.0144 - - 1769014713.137478352 1769014713.151864767 0
Jan 21 16:58:33 standalone container-server[123417]: 172.20.0.100 - - [21/Jan/2026:16:58:33 +0000] "PUT /d1/541/AUTH_f55cab2312cc42cfbc424042f96235e1/gnocchi.6a23228a-0e53-4700-ba9e-7a3f454762a6/none_v3" 201 - "PUT http://localhost:8080/d1/699/AUTH_f55cab2312cc42cfbc424042f96235e1/gnocchi.6a23228a-0e53-4700-ba9e-7a3f454762a6/none_v3" "txf7a249c2cc7d4512b1b8e-00697105b9" "object-server 24" 0.0005 "-" 21 0
Jan 21 16:58:33 standalone object-server[123638]: 172.20.0.100 - - [21/Jan/2026:16:58:33 +0000] "PUT /d1/699/AUTH_f55cab2312cc42cfbc424042f96235e1/gnocchi.6a23228a-0e53-4700-ba9e-7a3f454762a6/none_v3" 201 - "PUT http://localhost:8080/v1/AUTH_f55cab2312cc42cfbc424042f96235e1/gnocchi.6a23228a-0e53-4700-ba9e-7a3f454762a6/none_v3" "txf7a249c2cc7d4512b1b8e-00697105b9" "proxy-server 21" 0.0070 "-" 24 0
Jan 21 16:58:33 standalone proxy-server[125651]: 172.18.0.2 ::1 21/Jan/2026/16/58/33 PUT /v1/AUTH_f55cab2312cc42cfbc424042f96235e1/gnocchi.6a23228a-0e53-4700-ba9e-7a3f454762a6/none_v3 HTTP/1.0 201 - python-swiftclient-3.11.1 gAAAAABpcQTsL79W... 22 - - txf7a249c2cc7d4512b1b8e-00697105b9 - 0.0117 - - 1769014713.155314922 1769014713.167016745 0
Jan 21 16:58:33 standalone container-server[123433]: 172.20.0.100 - - [21/Jan/2026:16:58:33 +0000] "HEAD /d1/767/AUTH_f55cab2312cc42cfbc424042f96235e1/gnocchi.2e5c6cdd-b593-4ff3-b5c5-456cd4c87a15" 404 - "HEAD http://localhost:8080/v1/AUTH_f55cab2312cc42cfbc424042f96235e1/gnocchi.2e5c6cdd-b593-4ff3-b5c5-456cd4c87a15?format=json&states=listing" "tx8375c1198cd44e98a6db5-00697105b9" "proxy-server 21" 0.0003 "-" 23 0
Jan 21 16:58:33 standalone object-server[123630]: 172.20.0.100 - - [21/Jan/2026:16:58:33 +0000] "GET /d1/995/AUTH_f55cab2312cc42cfbc424042f96235e1/gnocchi.2e5c6cdd-b593-4ff3-b5c5-456cd4c87a15/none_v3" 404 70 "GET http://localhost:8080/v1/AUTH_f55cab2312cc42cfbc424042f96235e1/gnocchi.2e5c6cdd-b593-4ff3-b5c5-456cd4c87a15/none_v3" "tx8375c1198cd44e98a6db5-00697105b9" "proxy-server 21" 0.0004 "-" 22 0
Jan 21 16:58:33 standalone proxy-server[125651]: 172.18.0.2 ::1 21/Jan/2026/16/58/33 GET /v1/AUTH_f55cab2312cc42cfbc424042f96235e1/gnocchi.2e5c6cdd-b593-4ff3-b5c5-456cd4c87a15/none_v3 HTTP/1.0 404 - python-swiftclient-3.11.1 gAAAAABpcQTsL79W... - 70 - tx8375c1198cd44e98a6db5-00697105b9 - 0.0081 - - 1769014713.177836657 1769014713.185957909 0
Jan 21 16:58:33 standalone account-server[123440]: 172.20.0.100 - - [21/Jan/2026:16:58:33 +0000] "PUT /d1/609/AUTH_f55cab2312cc42cfbc424042f96235e1/gnocchi.2e5c6cdd-b593-4ff3-b5c5-456cd4c87a15" 201 - "PUT http://172.20.0.100:6001/d1/767/AUTH_f55cab2312cc42cfbc424042f96235e1/gnocchi.2e5c6cdd-b593-4ff3-b5c5-456cd4c87a15" "txd9a4e484874b4a65ac888-00697105b9" "container-server 21" 0.0041 "-" 21 0
Jan 21 16:58:33 standalone container-server[123417]: 172.20.0.100 - - [21/Jan/2026:16:58:33 +0000] "PUT /d1/767/AUTH_f55cab2312cc42cfbc424042f96235e1/gnocchi.2e5c6cdd-b593-4ff3-b5c5-456cd4c87a15" 201 - "PUT http://localhost:8080/v1/AUTH_f55cab2312cc42cfbc424042f96235e1/gnocchi.2e5c6cdd-b593-4ff3-b5c5-456cd4c87a15" "txd9a4e484874b4a65ac888-00697105b9" "proxy-server 21" 0.0213 "-" 21 0
Jan 21 16:58:33 standalone proxy-server[125651]: 172.18.0.2 ::1 21/Jan/2026/16/58/33 PUT /v1/AUTH_f55cab2312cc42cfbc424042f96235e1/gnocchi.2e5c6cdd-b593-4ff3-b5c5-456cd4c87a15 HTTP/1.0 201 - python-swiftclient-3.11.1 gAAAAABpcQTsL79W... - - - txd9a4e484874b4a65ac888-00697105b9 - 0.0259 - - 1769014713.188700199 1769014713.214583158 0
Jan 21 16:58:33 standalone container-server[123413]: 172.20.0.100 - - [21/Jan/2026:16:58:33 +0000] "HEAD /d1/418/AUTH_f55cab2312cc42cfbc424042f96235e1/gnocchi.63d2d130-92c7-4718-b8fb-5cd8ed30e395" 404 - "HEAD http://localhost:8080/v1/AUTH_f55cab2312cc42cfbc424042f96235e1/gnocchi.63d2d130-92c7-4718-b8fb-5cd8ed30e395?format=json&states=listing" "tx376cad2fd53f43f38a85f-00697105b9" "proxy-server 21" 0.0003 "-" 20 0
Jan 21 16:58:33 standalone object-server[123635]: 172.20.0.100 - - [21/Jan/2026:16:58:33 +0000] "GET /d1/31/AUTH_f55cab2312cc42cfbc424042f96235e1/gnocchi.63d2d130-92c7-4718-b8fb-5cd8ed30e395/none_v3" 404 70 "GET http://localhost:8080/v1/AUTH_f55cab2312cc42cfbc424042f96235e1/gnocchi.63d2d130-92c7-4718-b8fb-5cd8ed30e395/none_v3" "tx376cad2fd53f43f38a85f-00697105b9" "proxy-server 21" 0.0005 "-" 23 0
Jan 21 16:58:33 standalone proxy-server[125651]: 172.18.0.2 ::1 21/Jan/2026/16/58/33 GET /v1/AUTH_f55cab2312cc42cfbc424042f96235e1/gnocchi.63d2d130-92c7-4718-b8fb-5cd8ed30e395/none_v3 HTTP/1.0 404 - python-swiftclient-3.11.1 gAAAAABpcQTsL79W... - 70 - tx376cad2fd53f43f38a85f-00697105b9 - 0.0080 - - 1769014713.217882872 1769014713.225875616 0
Jan 21 16:58:33 standalone account-server[123448]: 172.20.0.100 - - [21/Jan/2026:16:58:33 +0000] "PUT /d1/609/AUTH_f55cab2312cc42cfbc424042f96235e1/gnocchi.63d2d130-92c7-4718-b8fb-5cd8ed30e395" 201 - "PUT http://172.20.0.100:6001/d1/418/AUTH_f55cab2312cc42cfbc424042f96235e1/gnocchi.63d2d130-92c7-4718-b8fb-5cd8ed30e395" "tx8ca8a7baa76844b9abec6-00697105b9" "container-server 23" 0.0042 "-" 23 0
Jan 21 16:58:33 standalone container-server[123433]: 172.20.0.100 - - [21/Jan/2026:16:58:33 +0000] "PUT /d1/418/AUTH_f55cab2312cc42cfbc424042f96235e1/gnocchi.63d2d130-92c7-4718-b8fb-5cd8ed30e395" 201 - "PUT http://localhost:8080/v1/AUTH_f55cab2312cc42cfbc424042f96235e1/gnocchi.63d2d130-92c7-4718-b8fb-5cd8ed30e395" "tx8ca8a7baa76844b9abec6-00697105b9" "proxy-server 21" 0.0134 "-" 23 0
Jan 21 16:58:33 standalone proxy-server[125651]: 172.18.0.2 ::1 21/Jan/2026/16/58/33 PUT /v1/AUTH_f55cab2312cc42cfbc424042f96235e1/gnocchi.63d2d130-92c7-4718-b8fb-5cd8ed30e395 HTTP/1.0 201 - python-swiftclient-3.11.1 gAAAAABpcQTsL79W... - - - tx8ca8a7baa76844b9abec6-00697105b9 - 0.0167 - - 1769014713.228391647 1769014713.245088339 0
Jan 21 16:58:33 standalone container-server[123417]: 172.20.0.100 - - [21/Jan/2026:16:58:33 +0000] "HEAD /d1/767/AUTH_f55cab2312cc42cfbc424042f96235e1/gnocchi.2e5c6cdd-b593-4ff3-b5c5-456cd4c87a15" 204 - "HEAD http://localhost:8080/v1/AUTH_f55cab2312cc42cfbc424042f96235e1/gnocchi.2e5c6cdd-b593-4ff3-b5c5-456cd4c87a15?format=json&states=listing" "tx55764356bc43480590b2d-00697105b9" "proxy-server 21" 0.0014 "-" 21 0
Jan 21 16:58:33 standalone proxy-server[125651]: - - 21/Jan/2026/16/58/33 HEAD /v1/AUTH_f55cab2312cc42cfbc424042f96235e1/gnocchi.2e5c6cdd-b593-4ff3-b5c5-456cd4c87a15%3Fformat%3Djson%26states%3Dlisting HTTP/1.0 204 - Swift - - - - tx55764356bc43480590b2d-00697105b9 - 0.0039 RL - 1769014713.249476910 1769014713.253349781 0
Jan 21 16:58:33 standalone container-server[123423]: 172.20.0.100 - - [21/Jan/2026:16:58:33 +0000] "GET /d1/767/AUTH_f55cab2312cc42cfbc424042f96235e1/gnocchi.2e5c6cdd-b593-4ff3-b5c5-456cd4c87a15" 200 2 "GET http://localhost:8080/v1/AUTH_f55cab2312cc42cfbc424042f96235e1/gnocchi.2e5c6cdd-b593-4ff3-b5c5-456cd4c87a15?format=json&states=listing" "tx55764356bc43480590b2d-00697105b9" "proxy-server 21" 0.0045 "-" 22 0
Jan 21 16:58:33 standalone proxy-server[125651]: 172.18.0.2 ::1 21/Jan/2026/16/58/33 GET /v1/AUTH_f55cab2312cc42cfbc424042f96235e1/gnocchi.2e5c6cdd-b593-4ff3-b5c5-456cd4c87a15%3Fformat%3Djson%26states%3Dlisting HTTP/1.0 200 - python-swiftclient-3.11.1 gAAAAABpcQTsL79W... - 2 - tx55764356bc43480590b2d-00697105b9 - 0.0153 - - 1769014713.248704433 1769014713.263962269 0
Jan 21 16:58:33 standalone container-server[123413]: 172.20.0.100 - - [21/Jan/2026:16:58:33 +0000] "HEAD /d1/418/AUTH_f55cab2312cc42cfbc424042f96235e1/gnocchi.63d2d130-92c7-4718-b8fb-5cd8ed30e395" 204 - "HEAD http://localhost:8080/v1/AUTH_f55cab2312cc42cfbc424042f96235e1/gnocchi.63d2d130-92c7-4718-b8fb-5cd8ed30e395?format=json&states=listing" "tx924ae9170bc446b0b4ca9-00697105b9" "proxy-server 21" 0.0011 "-" 20 0
Jan 21 16:58:33 standalone proxy-server[125651]: - - 21/Jan/2026/16/58/33 HEAD /v1/AUTH_f55cab2312cc42cfbc424042f96235e1/gnocchi.63d2d130-92c7-4718-b8fb-5cd8ed30e395%3Fformat%3Djson%26states%3Dlisting HTTP/1.0 204 - Swift - - - - tx924ae9170bc446b0b4ca9-00697105b9 - 0.0034 RL - 1769014713.268523216 1769014713.271936417 0
Jan 21 16:58:33 standalone container-server[123417]: 172.20.0.100 - - [21/Jan/2026:16:58:33 +0000] "GET /d1/418/AUTH_f55cab2312cc42cfbc424042f96235e1/gnocchi.63d2d130-92c7-4718-b8fb-5cd8ed30e395" 200 2 "GET http://localhost:8080/v1/AUTH_f55cab2312cc42cfbc424042f96235e1/gnocchi.63d2d130-92c7-4718-b8fb-5cd8ed30e395?format=json&states=listing" "tx924ae9170bc446b0b4ca9-00697105b9" "proxy-server 21" 0.0045 "-" 21 0
Jan 21 16:58:33 standalone proxy-server[125651]: 172.18.0.2 ::1 21/Jan/2026/16/58/33 GET /v1/AUTH_f55cab2312cc42cfbc424042f96235e1/gnocchi.63d2d130-92c7-4718-b8fb-5cd8ed30e395%3Fformat%3Djson%26states%3Dlisting HTTP/1.0 200 - python-swiftclient-3.11.1 gAAAAABpcQTsL79W... - 2 - tx924ae9170bc446b0b4ca9-00697105b9 - 0.0147 - - 1769014713.267653465 1769014713.282369614 0
Jan 21 16:58:33 standalone object-server[123630]: 172.20.0.100 - - [21/Jan/2026:16:58:33 +0000] "GET /d1/400/AUTH_f55cab2312cc42cfbc424042f96235e1/gnocchi.2e5c6cdd-b593-4ff3-b5c5-456cd4c87a15/1767960000.0_mean_300.0_v3" 404 70 "GET http://localhost:8080/v1/AUTH_f55cab2312cc42cfbc424042f96235e1/gnocchi.2e5c6cdd-b593-4ff3-b5c5-456cd4c87a15/1767960000.0_mean_300.0_v3" "tx561b82eea45c476a890dd-00697105b9" "proxy-server 21" 0.0006 "-" 22 0
Jan 21 16:58:33 standalone proxy-server[125651]: 172.18.0.2 ::1 21/Jan/2026/16/58/33 GET /v1/AUTH_f55cab2312cc42cfbc424042f96235e1/gnocchi.2e5c6cdd-b593-4ff3-b5c5-456cd4c87a15/1767960000.0_mean_300.0_v3 HTTP/1.0 404 - python-swiftclient-3.11.1 gAAAAABpcQTsL79W... - 70 - tx561b82eea45c476a890dd-00697105b9 - 0.0062 - - 1769014713.285444498 1769014713.291691542 0
Jan 21 16:58:33 standalone object-server[123635]: 172.20.0.100 - - [21/Jan/2026:16:58:33 +0000] "GET /d1/430/AUTH_f55cab2312cc42cfbc424042f96235e1/gnocchi.63d2d130-92c7-4718-b8fb-5cd8ed30e395/1767960000.0_mean_300.0_v3" 404 70 "GET http://localhost:8080/v1/AUTH_f55cab2312cc42cfbc424042f96235e1/gnocchi.63d2d130-92c7-4718-b8fb-5cd8ed30e395/1767960000.0_mean_300.0_v3" "tx4cec110a875c404285356-00697105b9" "proxy-server 21" 0.0005 "-" 23 0
Jan 21 16:58:33 standalone proxy-server[125651]: 172.18.0.2 ::1 21/Jan/2026/16/58/33 GET /v1/AUTH_f55cab2312cc42cfbc424042f96235e1/gnocchi.63d2d130-92c7-4718-b8fb-5cd8ed30e395/1767960000.0_mean_300.0_v3 HTTP/1.0 404 - python-swiftclient-3.11.1 gAAAAABpcQTsL79W... - 70 - tx4cec110a875c404285356-00697105b9 - 0.0053 - - 1769014713.294144869 1769014713.299398422 0
Jan 21 16:58:33 standalone container-server[123423]: 172.20.0.100 - - [21/Jan/2026:16:58:33 +0000] "PUT /d1/767/AUTH_f55cab2312cc42cfbc424042f96235e1/gnocchi.2e5c6cdd-b593-4ff3-b5c5-456cd4c87a15/1767960000.0_mean_300.0_v3" 201 - "PUT http://localhost:8080/d1/400/AUTH_f55cab2312cc42cfbc424042f96235e1/gnocchi.2e5c6cdd-b593-4ff3-b5c5-456cd4c87a15/1767960000.0_mean_300.0_v3" "tx3abd505105804f0495609-00697105b9" "object-server 23" 0.0006 "-" 22 0
Jan 21 16:58:33 standalone object-server[123635]: 172.20.0.100 - - [21/Jan/2026:16:58:33 +0000] "PUT /d1/400/AUTH_f55cab2312cc42cfbc424042f96235e1/gnocchi.2e5c6cdd-b593-4ff3-b5c5-456cd4c87a15/1767960000.0_mean_300.0_v3" 201 - "PUT http://localhost:8080/v1/AUTH_f55cab2312cc42cfbc424042f96235e1/gnocchi.2e5c6cdd-b593-4ff3-b5c5-456cd4c87a15/1767960000.0_mean_300.0_v3" "tx3abd505105804f0495609-00697105b9" "proxy-server 21" 0.0085 "-" 23 0
Jan 21 16:58:33 standalone proxy-server[125651]: 172.18.0.2 ::1 21/Jan/2026/16/58/33 PUT /v1/AUTH_f55cab2312cc42cfbc424042f96235e1/gnocchi.2e5c6cdd-b593-4ff3-b5c5-456cd4c87a15/1767960000.0_mean_300.0_v3 HTTP/1.0 201 - python-swiftclient-3.11.1 gAAAAABpcQTsL79W... 16 - - tx3abd505105804f0495609-00697105b9 - 0.0133 - - 1769014713.303112745 1769014713.316462517 0
Jan 21 16:58:33 standalone container-server[123413]: 172.20.0.100 - - [21/Jan/2026:16:58:33 +0000] "PUT /d1/418/AUTH_f55cab2312cc42cfbc424042f96235e1/gnocchi.63d2d130-92c7-4718-b8fb-5cd8ed30e395/1767960000.0_mean_300.0_v3" 201 - "PUT http://localhost:8080/d1/430/AUTH_f55cab2312cc42cfbc424042f96235e1/gnocchi.63d2d130-92c7-4718-b8fb-5cd8ed30e395/1767960000.0_mean_300.0_v3" "txdeb8ebcf0ba146d1bb36e-00697105b9" "object-server 23" 0.0012 "-" 20 0
Jan 21 16:58:33 standalone object-server[123635]: 172.20.0.100 - - [21/Jan/2026:16:58:33 +0000] "PUT /d1/430/AUTH_f55cab2312cc42cfbc424042f96235e1/gnocchi.63d2d130-92c7-4718-b8fb-5cd8ed30e395/1767960000.0_mean_300.0_v3" 201 - "PUT http://localhost:8080/v1/AUTH_f55cab2312cc42cfbc424042f96235e1/gnocchi.63d2d130-92c7-4718-b8fb-5cd8ed30e395/1767960000.0_mean_300.0_v3" "txdeb8ebcf0ba146d1bb36e-00697105b9" "proxy-server 21" 0.0089 "-" 23 0
Jan 21 16:58:33 standalone proxy-server[125651]: 172.18.0.2 ::1 21/Jan/2026/16/58/33 PUT /v1/AUTH_f55cab2312cc42cfbc424042f96235e1/gnocchi.63d2d130-92c7-4718-b8fb-5cd8ed30e395/1767960000.0_mean_300.0_v3 HTTP/1.0 201 - python-swiftclient-3.11.1 gAAAAABpcQTsL79W... 16 - - txdeb8ebcf0ba146d1bb36e-00697105b9 - 0.0131 - - 1769014713.319029331 1769014713.332153082 0
Jan 21 16:58:33 standalone container-server[123413]: 172.20.0.100 - - [21/Jan/2026:16:58:33 +0000] "PUT /d1/767/AUTH_f55cab2312cc42cfbc424042f96235e1/gnocchi.2e5c6cdd-b593-4ff3-b5c5-456cd4c87a15/none_v3" 201 - "PUT http://localhost:8080/d1/995/AUTH_f55cab2312cc42cfbc424042f96235e1/gnocchi.2e5c6cdd-b593-4ff3-b5c5-456cd4c87a15/none_v3" "txf42c18038102408d92faf-00697105b9" "object-server 24" 0.0006 "-" 20 0
Jan 21 16:58:33 standalone object-server[123638]: 172.20.0.100 - - [21/Jan/2026:16:58:33 +0000] "PUT /d1/995/AUTH_f55cab2312cc42cfbc424042f96235e1/gnocchi.2e5c6cdd-b593-4ff3-b5c5-456cd4c87a15/none_v3" 201 - "PUT http://localhost:8080/v1/AUTH_f55cab2312cc42cfbc424042f96235e1/gnocchi.2e5c6cdd-b593-4ff3-b5c5-456cd4c87a15/none_v3" "txf42c18038102408d92faf-00697105b9" "proxy-server 21" 0.0085 "-" 24 0
Jan 21 16:58:33 standalone proxy-server[125651]: 172.18.0.2 ::1 21/Jan/2026/16/58/33 PUT /v1/AUTH_f55cab2312cc42cfbc424042f96235e1/gnocchi.2e5c6cdd-b593-4ff3-b5c5-456cd4c87a15/none_v3 HTTP/1.0 201 - python-swiftclient-3.11.1 gAAAAABpcQTsL79W... 22 - - txf42c18038102408d92faf-00697105b9 - 0.0132 - - 1769014713.334787369 1769014713.348013878 0
Jan 21 16:58:33 standalone container-server[123417]: 172.20.0.100 - - [21/Jan/2026:16:58:33 +0000] "PUT /d1/418/AUTH_f55cab2312cc42cfbc424042f96235e1/gnocchi.63d2d130-92c7-4718-b8fb-5cd8ed30e395/none_v3" 201 - "PUT http://localhost:8080/d1/31/AUTH_f55cab2312cc42cfbc424042f96235e1/gnocchi.63d2d130-92c7-4718-b8fb-5cd8ed30e395/none_v3" "txffe095144a7d423797c83-00697105b9" "object-server 25" 0.0010 "-" 21 0
Jan 21 16:58:33 standalone object-server[123639]: 172.20.0.100 - - [21/Jan/2026:16:58:33 +0000] "PUT /d1/31/AUTH_f55cab2312cc42cfbc424042f96235e1/gnocchi.63d2d130-92c7-4718-b8fb-5cd8ed30e395/none_v3" 201 - "PUT http://localhost:8080/v1/AUTH_f55cab2312cc42cfbc424042f96235e1/gnocchi.63d2d130-92c7-4718-b8fb-5cd8ed30e395/none_v3" "txffe095144a7d423797c83-00697105b9" "proxy-server 21" 0.0098 "-" 25 0
Jan 21 16:58:33 standalone proxy-server[125651]: 172.18.0.2 ::1 21/Jan/2026/16/58/33 PUT /v1/AUTH_f55cab2312cc42cfbc424042f96235e1/gnocchi.63d2d130-92c7-4718-b8fb-5cd8ed30e395/none_v3 HTTP/1.0 201 - python-swiftclient-3.11.1 gAAAAABpcQTsL79W... 22 - - txffe095144a7d423797c83-00697105b9 - 0.0145 - - 1769014713.350397110 1769014713.364926815 0
Jan 21 16:58:33 standalone container-server[123423]: 172.20.0.100 - - [21/Jan/2026:16:58:33 +0000] "HEAD /d1/291/AUTH_f55cab2312cc42cfbc424042f96235e1/gnocchi.7d300da9-80e8-4b8e-b572-be521e80f76d" 404 - "HEAD http://localhost:8080/v1/AUTH_f55cab2312cc42cfbc424042f96235e1/gnocchi.7d300da9-80e8-4b8e-b572-be521e80f76d?format=json&states=listing" "tx236155c358e64755a86cf-00697105b9" "proxy-server 21" 0.0005 "-" 22 0
Jan 21 16:58:33 standalone object-server[123638]: 172.20.0.100 - - [21/Jan/2026:16:58:33 +0000] "GET /d1/216/AUTH_f55cab2312cc42cfbc424042f96235e1/gnocchi.7d300da9-80e8-4b8e-b572-be521e80f76d/none_v3" 404 70 "GET http://localhost:8080/v1/AUTH_f55cab2312cc42cfbc424042f96235e1/gnocchi.7d300da9-80e8-4b8e-b572-be521e80f76d/none_v3" "tx236155c358e64755a86cf-00697105b9" "proxy-server 21" 0.0005 "-" 24 0
Jan 21 16:58:33 standalone proxy-server[125651]: 172.18.0.2 ::1 21/Jan/2026/16/58/33 GET /v1/AUTH_f55cab2312cc42cfbc424042f96235e1/gnocchi.7d300da9-80e8-4b8e-b572-be521e80f76d/none_v3 HTTP/1.0 404 - python-swiftclient-3.11.1 gAAAAABpcQTsL79W... - 70 - tx236155c358e64755a86cf-00697105b9 - 0.0155 - - 1769014713.380780458 1769014713.396248579 0
Jan 21 16:58:33 standalone account-server[123448]: 172.20.0.100 - - [21/Jan/2026:16:58:33 +0000] "PUT /d1/609/AUTH_f55cab2312cc42cfbc424042f96235e1/gnocchi.7d300da9-80e8-4b8e-b572-be521e80f76d" 201 - "PUT http://172.20.0.100:6001/d1/291/AUTH_f55cab2312cc42cfbc424042f96235e1/gnocchi.7d300da9-80e8-4b8e-b572-be521e80f76d" "txd7769ee114a04b8087b04-00697105b9" "container-server 22" 0.0063 "-" 23 0
Jan 21 16:58:33 standalone container-server[123423]: 172.20.0.100 - - [21/Jan/2026:16:58:33 +0000] "PUT /d1/291/AUTH_f55cab2312cc42cfbc424042f96235e1/gnocchi.7d300da9-80e8-4b8e-b572-be521e80f76d" 201 - "PUT http://localhost:8080/v1/AUTH_f55cab2312cc42cfbc424042f96235e1/gnocchi.7d300da9-80e8-4b8e-b572-be521e80f76d" "txd7769ee114a04b8087b04-00697105b9" "proxy-server 21" 0.0199 "-" 22 0
Jan 21 16:58:33 standalone proxy-server[125651]: 172.18.0.2 ::1 21/Jan/2026/16/58/33 PUT /v1/AUTH_f55cab2312cc42cfbc424042f96235e1/gnocchi.7d300da9-80e8-4b8e-b572-be521e80f76d HTTP/1.0 201 - python-swiftclient-3.11.1 gAAAAABpcQTsL79W... - - - txd7769ee114a04b8087b04-00697105b9 - 0.0282 - - 1769014713.400807142 1769014713.428958178 0
Jan 21 16:58:33 standalone container-server[123423]: 172.20.0.100 - - [21/Jan/2026:16:58:33 +0000] "HEAD /d1/291/AUTH_f55cab2312cc42cfbc424042f96235e1/gnocchi.7d300da9-80e8-4b8e-b572-be521e80f76d" 204 - "HEAD http://localhost:8080/v1/AUTH_f55cab2312cc42cfbc424042f96235e1/gnocchi.7d300da9-80e8-4b8e-b572-be521e80f76d?format=json&states=listing" "txf88dfee1112048af8c955-00697105b9" "proxy-server 21" 0.0021 "-" 22 0
Jan 21 16:58:33 standalone proxy-server[125651]: - - 21/Jan/2026/16/58/33 HEAD /v1/AUTH_f55cab2312cc42cfbc424042f96235e1/gnocchi.7d300da9-80e8-4b8e-b572-be521e80f76d%3Fformat%3Djson%26states%3Dlisting HTTP/1.0 204 - Swift - - - - txf88dfee1112048af8c955-00697105b9 - 0.0062 RL - 1769014713.438598633 1769014713.444781542 0
Jan 21 16:58:33 standalone container-server[123423]: 172.20.0.100 - - [21/Jan/2026:16:58:33 +0000] "GET /d1/291/AUTH_f55cab2312cc42cfbc424042f96235e1/gnocchi.7d300da9-80e8-4b8e-b572-be521e80f76d" 200 2 "GET http://localhost:8080/v1/AUTH_f55cab2312cc42cfbc424042f96235e1/gnocchi.7d300da9-80e8-4b8e-b572-be521e80f76d?format=json&states=listing" "txf88dfee1112048af8c955-00697105b9" "proxy-server 21" 0.0032 "-" 22 0
Jan 21 16:58:33 standalone proxy-server[125651]: 172.18.0.2 ::1 21/Jan/2026/16/58/33 GET /v1/AUTH_f55cab2312cc42cfbc424042f96235e1/gnocchi.7d300da9-80e8-4b8e-b572-be521e80f76d%3Fformat%3Djson%26states%3Dlisting HTTP/1.0 200 - python-swiftclient-3.11.1 gAAAAABpcQTsL79W... - 2 - txf88dfee1112048af8c955-00697105b9 - 0.0192 - - 1769014713.437232971 1769014713.456398249 0
Jan 21 16:58:33 standalone object-server[123639]: 172.20.0.100 - - [21/Jan/2026:16:58:33 +0000] "GET /d1/84/AUTH_f55cab2312cc42cfbc424042f96235e1/gnocchi.7d300da9-80e8-4b8e-b572-be521e80f76d/1767960000.0_mean_300.0_v3" 404 70 "GET http://localhost:8080/v1/AUTH_f55cab2312cc42cfbc424042f96235e1/gnocchi.7d300da9-80e8-4b8e-b572-be521e80f76d/1767960000.0_mean_300.0_v3" "tx495223b4d1094ad5909c8-00697105b9" "proxy-server 21" 0.0005 "-" 25 0
Jan 21 16:58:33 standalone proxy-server[125651]: 172.18.0.2 ::1 21/Jan/2026/16/58/33 GET /v1/AUTH_f55cab2312cc42cfbc424042f96235e1/gnocchi.7d300da9-80e8-4b8e-b572-be521e80f76d/1767960000.0_mean_300.0_v3 HTTP/1.0 404 - python-swiftclient-3.11.1 gAAAAABpcQTsL79W... - 70 - tx495223b4d1094ad5909c8-00697105b9 - 0.0086 - - 1769014713.462600470 1769014713.471174955 0
Jan 21 16:58:33 standalone container-server[123413]: 172.20.0.100 - - [21/Jan/2026:16:58:33 +0000] "PUT /d1/291/AUTH_f55cab2312cc42cfbc424042f96235e1/gnocchi.7d300da9-80e8-4b8e-b572-be521e80f76d/1767960000.0_mean_300.0_v3" 201 - "PUT http://localhost:8080/d1/84/AUTH_f55cab2312cc42cfbc424042f96235e1/gnocchi.7d300da9-80e8-4b8e-b572-be521e80f76d/1767960000.0_mean_300.0_v3" "tx853baa60bd2f4cd0850e0-00697105b9" "object-server 24" 0.0005 "-" 20 0
Jan 21 16:58:33 standalone object-server[123638]: 172.20.0.100 - - [21/Jan/2026:16:58:33 +0000] "PUT /d1/84/AUTH_f55cab2312cc42cfbc424042f96235e1/gnocchi.7d300da9-80e8-4b8e-b572-be521e80f76d/1767960000.0_mean_300.0_v3" 201 - "PUT http://localhost:8080/v1/AUTH_f55cab2312cc42cfbc424042f96235e1/gnocchi.7d300da9-80e8-4b8e-b572-be521e80f76d/1767960000.0_mean_300.0_v3" "tx853baa60bd2f4cd0850e0-00697105b9" "proxy-server 21" 0.0107 "-" 24 0
Jan 21 16:58:33 standalone proxy-server[125651]: 172.18.0.2 ::1 21/Jan/2026/16/58/33 PUT /v1/AUTH_f55cab2312cc42cfbc424042f96235e1/gnocchi.7d300da9-80e8-4b8e-b572-be521e80f76d/1767960000.0_mean_300.0_v3 HTTP/1.0 201 - python-swiftclient-3.11.1 gAAAAABpcQTsL79W... 16 - - tx853baa60bd2f4cd0850e0-00697105b9 - 0.0227 - - 1769014713.475926638 1769014713.498595953 0
Jan 21 16:58:33 standalone container-server[123423]: 172.20.0.100 - - [21/Jan/2026:16:58:33 +0000] "PUT /d1/291/AUTH_f55cab2312cc42cfbc424042f96235e1/gnocchi.7d300da9-80e8-4b8e-b572-be521e80f76d/none_v3" 201 - "PUT http://localhost:8080/d1/216/AUTH_f55cab2312cc42cfbc424042f96235e1/gnocchi.7d300da9-80e8-4b8e-b572-be521e80f76d/none_v3" "txb2247b31326a4cfda70ed-00697105b9" "object-server 23" 0.0007 "-" 22 0
Jan 21 16:58:33 standalone object-server[123635]: 172.20.0.100 - - [21/Jan/2026:16:58:33 +0000] "PUT /d1/216/AUTH_f55cab2312cc42cfbc424042f96235e1/gnocchi.7d300da9-80e8-4b8e-b572-be521e80f76d/none_v3" 201 - "PUT http://localhost:8080/v1/AUTH_f55cab2312cc42cfbc424042f96235e1/gnocchi.7d300da9-80e8-4b8e-b572-be521e80f76d/none_v3" "txb2247b31326a4cfda70ed-00697105b9" "proxy-server 21" 0.0108 "-" 23 0
Jan 21 16:58:33 standalone proxy-server[125651]: 172.18.0.2 ::1 21/Jan/2026/16/58/33 PUT /v1/AUTH_f55cab2312cc42cfbc424042f96235e1/gnocchi.7d300da9-80e8-4b8e-b572-be521e80f76d/none_v3 HTTP/1.0 201 - python-swiftclient-3.11.1 gAAAAABpcQTsL79W... 22 - - txb2247b31326a4cfda70ed-00697105b9 - 0.0236 - - 1769014713.506022453 1769014713.529574633 0
Jan 21 16:58:33 standalone container-server[123417]: 172.20.0.100 - - [21/Jan/2026:16:58:33 +0000] "HEAD /d1/482/AUTH_f55cab2312cc42cfbc424042f96235e1/gnocchi.0512057d-57fe-47e9-94dd-d354066d1b11" 404 - "HEAD http://localhost:8080/v1/AUTH_f55cab2312cc42cfbc424042f96235e1/gnocchi.0512057d-57fe-47e9-94dd-d354066d1b11?format=json&states=listing" "tx9836a559368c494b95a66-00697105b9" "proxy-server 21" 0.0005 "-" 21 0
Jan 21 16:58:33 standalone object-server[123639]: 172.20.0.100 - - [21/Jan/2026:16:58:33 +0000] "GET /d1/113/AUTH_f55cab2312cc42cfbc424042f96235e1/gnocchi.0512057d-57fe-47e9-94dd-d354066d1b11/none_v3" 404 70 "GET http://localhost:8080/v1/AUTH_f55cab2312cc42cfbc424042f96235e1/gnocchi.0512057d-57fe-47e9-94dd-d354066d1b11/none_v3" "tx9836a559368c494b95a66-00697105b9" "proxy-server 21" 0.0004 "-" 25 0
Jan 21 16:58:33 standalone proxy-server[125651]: 172.18.0.2 ::1 21/Jan/2026/16/58/33 GET /v1/AUTH_f55cab2312cc42cfbc424042f96235e1/gnocchi.0512057d-57fe-47e9-94dd-d354066d1b11/none_v3 HTTP/1.0 404 - python-swiftclient-3.11.1 gAAAAABpcQTsL79W... - 70 - tx9836a559368c494b95a66-00697105b9 - 0.0111 - - 1769014713.541872501 1769014713.552964926 0
Jan 21 16:58:33 standalone account-server[123441]: 172.20.0.100 - - [21/Jan/2026:16:58:33 +0000] "PUT /d1/609/AUTH_f55cab2312cc42cfbc424042f96235e1/gnocchi.0512057d-57fe-47e9-94dd-d354066d1b11" 201 - "PUT http://172.20.0.100:6001/d1/482/AUTH_f55cab2312cc42cfbc424042f96235e1/gnocchi.0512057d-57fe-47e9-94dd-d354066d1b11" "tx58c197cef69e4a759847c-00697105b9" "container-server 23" 0.0043 "-" 22 0
Jan 21 16:58:33 standalone container-server[123433]: 172.20.0.100 - - [21/Jan/2026:16:58:33 +0000] "PUT /d1/482/AUTH_f55cab2312cc42cfbc424042f96235e1/gnocchi.0512057d-57fe-47e9-94dd-d354066d1b11" 201 - "PUT http://localhost:8080/v1/AUTH_f55cab2312cc42cfbc424042f96235e1/gnocchi.0512057d-57fe-47e9-94dd-d354066d1b11" "tx58c197cef69e4a759847c-00697105b9" "proxy-server 21" 0.0192 "-" 23 0
Jan 21 16:58:33 standalone proxy-server[125651]: 172.18.0.2 ::1 21/Jan/2026/16/58/33 PUT /v1/AUTH_f55cab2312cc42cfbc424042f96235e1/gnocchi.0512057d-57fe-47e9-94dd-d354066d1b11 HTTP/1.0 201 - python-swiftclient-3.11.1 gAAAAABpcQTsL79W... - - - tx58c197cef69e4a759847c-00697105b9 - 0.0310 - - 1769014713.557210922 1769014713.588200331 0
Jan 21 16:58:33 standalone container-server[123433]: 172.20.0.100 - - [21/Jan/2026:16:58:33 +0000] "HEAD /d1/482/AUTH_f55cab2312cc42cfbc424042f96235e1/gnocchi.0512057d-57fe-47e9-94dd-d354066d1b11" 204 - "HEAD http://localhost:8080/v1/AUTH_f55cab2312cc42cfbc424042f96235e1/gnocchi.0512057d-57fe-47e9-94dd-d354066d1b11?format=json&states=listing" "tx69a1665757d24c02989de-00697105b9" "proxy-server 21" 0.0019 "-" 23 0
Jan 21 16:58:33 standalone proxy-server[125651]: - - 21/Jan/2026/16/58/33 HEAD /v1/AUTH_f55cab2312cc42cfbc424042f96235e1/gnocchi.0512057d-57fe-47e9-94dd-d354066d1b11%3Fformat%3Djson%26states%3Dlisting HTTP/1.0 204 - Swift - - - - tx69a1665757d24c02989de-00697105b9 - 0.0071 RL - 1769014713.595263243 1769014713.602340937 0
Jan 21 16:58:33 standalone container-server[123417]: 172.20.0.100 - - [21/Jan/2026:16:58:33 +0000] "GET /d1/482/AUTH_f55cab2312cc42cfbc424042f96235e1/gnocchi.0512057d-57fe-47e9-94dd-d354066d1b11" 200 2 "GET http://localhost:8080/v1/AUTH_f55cab2312cc42cfbc424042f96235e1/gnocchi.0512057d-57fe-47e9-94dd-d354066d1b11?format=json&states=listing" "tx69a1665757d24c02989de-00697105b9" "proxy-server 21" 0.0044 "-" 21 0
Jan 21 16:58:33 standalone proxy-server[125651]: 172.18.0.2 ::1 21/Jan/2026/16/58/33 GET /v1/AUTH_f55cab2312cc42cfbc424042f96235e1/gnocchi.0512057d-57fe-47e9-94dd-d354066d1b11%3Fformat%3Djson%26states%3Dlisting HTTP/1.0 200 - python-swiftclient-3.11.1 gAAAAABpcQTsL79W... - 2 - tx69a1665757d24c02989de-00697105b9 - 0.0226 - - 1769014713.593226194 1769014713.615866423 0
Jan 21 16:58:33 standalone object-server[123630]: 172.20.0.100 - - [21/Jan/2026:16:58:33 +0000] "GET /d1/596/AUTH_f55cab2312cc42cfbc424042f96235e1/gnocchi.0512057d-57fe-47e9-94dd-d354066d1b11/1767960000.0_mean_300.0_v3" 404 70 "GET http://localhost:8080/v1/AUTH_f55cab2312cc42cfbc424042f96235e1/gnocchi.0512057d-57fe-47e9-94dd-d354066d1b11/1767960000.0_mean_300.0_v3" "tx8ea2a011ba9d42fba1cc3-00697105b9" "proxy-server 21" 0.0006 "-" 22 0
Jan 21 16:58:33 standalone proxy-server[125651]: 172.18.0.2 ::1 21/Jan/2026/16/58/33 GET /v1/AUTH_f55cab2312cc42cfbc424042f96235e1/gnocchi.0512057d-57fe-47e9-94dd-d354066d1b11/1767960000.0_mean_300.0_v3 HTTP/1.0 404 - python-swiftclient-3.11.1 gAAAAABpcQTsL79W... - 70 - tx8ea2a011ba9d42fba1cc3-00697105b9 - 0.0095 - - 1769014713.621081352 1769014713.630563021 0
Jan 21 16:58:33 standalone container-server[123413]: 172.20.0.100 - - [21/Jan/2026:16:58:33 +0000] "PUT /d1/482/AUTH_f55cab2312cc42cfbc424042f96235e1/gnocchi.0512057d-57fe-47e9-94dd-d354066d1b11/1767960000.0_mean_300.0_v3" 201 - "PUT http://localhost:8080/d1/596/AUTH_f55cab2312cc42cfbc424042f96235e1/gnocchi.0512057d-57fe-47e9-94dd-d354066d1b11/1767960000.0_mean_300.0_v3" "txcbf7e54b1bab4eec9fb0f-00697105b9" "object-server 23" 0.0005 "-" 20 0
Jan 21 16:58:33 standalone object-server[123635]: 172.20.0.100 - - [21/Jan/2026:16:58:33 +0000] "PUT /d1/596/AUTH_f55cab2312cc42cfbc424042f96235e1/gnocchi.0512057d-57fe-47e9-94dd-d354066d1b11/1767960000.0_mean_300.0_v3" 201 - "PUT http://localhost:8080/v1/AUTH_f55cab2312cc42cfbc424042f96235e1/gnocchi.0512057d-57fe-47e9-94dd-d354066d1b11/1767960000.0_mean_300.0_v3" "txcbf7e54b1bab4eec9fb0f-00697105b9" "proxy-server 21" 0.0109 "-" 23 0
Jan 21 16:58:33 standalone proxy-server[125651]: 172.18.0.2 ::1 21/Jan/2026/16/58/33 PUT /v1/AUTH_f55cab2312cc42cfbc424042f96235e1/gnocchi.0512057d-57fe-47e9-94dd-d354066d1b11/1767960000.0_mean_300.0_v3 HTTP/1.0 201 - python-swiftclient-3.11.1 gAAAAABpcQTsL79W... 16 - - txcbf7e54b1bab4eec9fb0f-00697105b9 - 0.0186 - - 1769014713.635375023 1769014713.653967619 0
Jan 21 16:58:33 standalone container-server[123433]: 172.20.0.100 - - [21/Jan/2026:16:58:33 +0000] "PUT /d1/482/AUTH_f55cab2312cc42cfbc424042f96235e1/gnocchi.0512057d-57fe-47e9-94dd-d354066d1b11/none_v3" 201 - "PUT http://localhost:8080/d1/113/AUTH_f55cab2312cc42cfbc424042f96235e1/gnocchi.0512057d-57fe-47e9-94dd-d354066d1b11/none_v3" "txf3135217bf264664a9327-00697105b9" "object-server 24" 0.0008 "-" 23 0
Jan 21 16:58:33 standalone object-server[123638]: 172.20.0.100 - - [21/Jan/2026:16:58:33 +0000] "PUT /d1/113/AUTH_f55cab2312cc42cfbc424042f96235e1/gnocchi.0512057d-57fe-47e9-94dd-d354066d1b11/none_v3" 201 - "PUT http://localhost:8080/v1/AUTH_f55cab2312cc42cfbc424042f96235e1/gnocchi.0512057d-57fe-47e9-94dd-d354066d1b11/none_v3" "txf3135217bf264664a9327-00697105b9" "proxy-server 21" 0.0122 "-" 24 0
Jan 21 16:58:33 standalone proxy-server[125651]: 172.18.0.2 ::1 21/Jan/2026/16/58/33 PUT /v1/AUTH_f55cab2312cc42cfbc424042f96235e1/gnocchi.0512057d-57fe-47e9-94dd-d354066d1b11/none_v3 HTTP/1.0 201 - python-swiftclient-3.11.1 gAAAAABpcQTsL79W... 22 - - txf3135217bf264664a9327-00697105b9 - 0.0237 - - 1769014713.658840179 1769014713.682560444 0
Jan 21 16:58:33 standalone container-server[123423]: 172.20.0.100 - - [21/Jan/2026:16:58:33 +0000] "HEAD /d1/960/AUTH_f55cab2312cc42cfbc424042f96235e1/gnocchi.05939aea-2685-4bea-b554-58fd4a54bff1" 404 - "HEAD http://localhost:8080/v1/AUTH_f55cab2312cc42cfbc424042f96235e1/gnocchi.05939aea-2685-4bea-b554-58fd4a54bff1?format=json&states=listing" "tx9506d8d92c7741d2b0105-00697105b9" "proxy-server 21" 0.0006 "-" 22 0
Jan 21 16:58:33 standalone object-server[123630]: 172.20.0.100 - - [21/Jan/2026:16:58:33 +0000] "GET /d1/383/AUTH_f55cab2312cc42cfbc424042f96235e1/gnocchi.05939aea-2685-4bea-b554-58fd4a54bff1/none_v3" 404 70 "GET http://localhost:8080/v1/AUTH_f55cab2312cc42cfbc424042f96235e1/gnocchi.05939aea-2685-4bea-b554-58fd4a54bff1/none_v3" "tx9506d8d92c7741d2b0105-00697105b9" "proxy-server 21" 0.0005 "-" 22 0
Jan 21 16:58:33 standalone proxy-server[125651]: 172.18.0.2 ::1 21/Jan/2026/16/58/33 GET /v1/AUTH_f55cab2312cc42cfbc424042f96235e1/gnocchi.05939aea-2685-4bea-b554-58fd4a54bff1/none_v3 HTTP/1.0 404 - python-swiftclient-3.11.1 gAAAAABpcQTsL79W... - 70 - tx9506d8d92c7741d2b0105-00697105b9 - 0.0147 - - 1769014713.695971489 1769014713.710684776 0
Jan 21 16:58:33 standalone account-server[123427]: 172.20.0.100 - - [21/Jan/2026:16:58:33 +0000] "PUT /d1/609/AUTH_f55cab2312cc42cfbc424042f96235e1/gnocchi.05939aea-2685-4bea-b554-58fd4a54bff1" 201 - "PUT http://172.20.0.100:6001/d1/960/AUTH_f55cab2312cc42cfbc424042f96235e1/gnocchi.05939aea-2685-4bea-b554-58fd4a54bff1" "tx9bdc9f63b1654c19a12b4-00697105b9" "container-server 21" 0.0059 "-" 20 0
Jan 21 16:58:33 standalone container-server[123417]: 172.20.0.100 - - [21/Jan/2026:16:58:33 +0000] "PUT /d1/960/AUTH_f55cab2312cc42cfbc424042f96235e1/gnocchi.05939aea-2685-4bea-b554-58fd4a54bff1" 201 - "PUT http://localhost:8080/v1/AUTH_f55cab2312cc42cfbc424042f96235e1/gnocchi.05939aea-2685-4bea-b554-58fd4a54bff1" "tx9bdc9f63b1654c19a12b4-00697105b9" "proxy-server 21" 0.0192 "-" 21 0
Jan 21 16:58:33 standalone proxy-server[125651]: 172.18.0.2 ::1 21/Jan/2026/16/58/33 PUT /v1/AUTH_f55cab2312cc42cfbc424042f96235e1/gnocchi.05939aea-2685-4bea-b554-58fd4a54bff1 HTTP/1.0 201 - python-swiftclient-3.11.1 gAAAAABpcQTsL79W... - - - tx9bdc9f63b1654c19a12b4-00697105b9 - 0.0270 - - 1769014713.714890718 1769014713.741862059 0
Jan 21 16:58:33 standalone container-server[123417]: 172.20.0.100 - - [21/Jan/2026:16:58:33 +0000] "HEAD /d1/960/AUTH_f55cab2312cc42cfbc424042f96235e1/gnocchi.05939aea-2685-4bea-b554-58fd4a54bff1" 204 - "HEAD http://localhost:8080/v1/AUTH_f55cab2312cc42cfbc424042f96235e1/gnocchi.05939aea-2685-4bea-b554-58fd4a54bff1?format=json&states=listing" "txcda117eb7ab14a439c5d4-00697105b9" "proxy-server 21" 0.0023 "-" 21 0
Jan 21 16:58:33 standalone proxy-server[125651]: - - 21/Jan/2026/16/58/33 HEAD /v1/AUTH_f55cab2312cc42cfbc424042f96235e1/gnocchi.05939aea-2685-4bea-b554-58fd4a54bff1%3Fformat%3Djson%26states%3Dlisting HTTP/1.0 204 - Swift - - - - txcda117eb7ab14a439c5d4-00697105b9 - 0.0080 RL - 1769014713.748186588 1769014713.756219625 0
Jan 21 16:58:33 standalone container-server[123423]: 172.20.0.100 - - [21/Jan/2026:16:58:33 +0000] "GET /d1/960/AUTH_f55cab2312cc42cfbc424042f96235e1/gnocchi.05939aea-2685-4bea-b554-58fd4a54bff1" 200 2 "GET http://localhost:8080/v1/AUTH_f55cab2312cc42cfbc424042f96235e1/gnocchi.05939aea-2685-4bea-b554-58fd4a54bff1?format=json&states=listing" "txcda117eb7ab14a439c5d4-00697105b9" "proxy-server 21" 0.0032 "-" 22 0
Jan 21 16:58:33 standalone proxy-server[125651]: 172.18.0.2 ::1 21/Jan/2026/16/58/33 GET /v1/AUTH_f55cab2312cc42cfbc424042f96235e1/gnocchi.05939aea-2685-4bea-b554-58fd4a54bff1%3Fformat%3Djson%26states%3Dlisting HTTP/1.0 200 - python-swiftclient-3.11.1 gAAAAABpcQTsL79W... - 2 - txcda117eb7ab14a439c5d4-00697105b9 - 0.0247 - - 1769014713.746530771 1769014713.771259069 0
Jan 21 16:58:33 standalone object-server[123630]: 172.20.0.100 - - [21/Jan/2026:16:58:33 +0000] "GET /d1/469/AUTH_f55cab2312cc42cfbc424042f96235e1/gnocchi.05939aea-2685-4bea-b554-58fd4a54bff1/1767960000.0_mean_300.0_v3" 404 70 "GET http://localhost:8080/v1/AUTH_f55cab2312cc42cfbc424042f96235e1/gnocchi.05939aea-2685-4bea-b554-58fd4a54bff1/1767960000.0_mean_300.0_v3" "txf50896df045147a082af0-00697105b9" "proxy-server 21" 0.0006 "-" 22 0
Jan 21 16:58:33 standalone proxy-server[125651]: 172.18.0.2 ::1 21/Jan/2026/16/58/33 GET /v1/AUTH_f55cab2312cc42cfbc424042f96235e1/gnocchi.05939aea-2685-4bea-b554-58fd4a54bff1/1767960000.0_mean_300.0_v3 HTTP/1.0 404 - python-swiftclient-3.11.1 gAAAAABpcQTsL79W... - 70 - txf50896df045147a082af0-00697105b9 - 0.0097 - - 1769014713.776871920 1769014713.786523581 0
Jan 21 16:58:33 standalone container-server[123417]: 172.20.0.100 - - [21/Jan/2026:16:58:33 +0000] "PUT /d1/960/AUTH_f55cab2312cc42cfbc424042f96235e1/gnocchi.05939aea-2685-4bea-b554-58fd4a54bff1/1767960000.0_mean_300.0_v3" 201 - "PUT http://localhost:8080/d1/469/AUTH_f55cab2312cc42cfbc424042f96235e1/gnocchi.05939aea-2685-4bea-b554-58fd4a54bff1/1767960000.0_mean_300.0_v3" "txd1d44812f2fc463dbc73b-00697105b9" "object-server 22" 0.0009 "-" 21 0
Jan 21 16:58:33 standalone object-server[123630]: 172.20.0.100 - - [21/Jan/2026:16:58:33 +0000] "PUT /d1/469/AUTH_f55cab2312cc42cfbc424042f96235e1/gnocchi.05939aea-2685-4bea-b554-58fd4a54bff1/1767960000.0_mean_300.0_v3" 201 - "PUT http://localhost:8080/v1/AUTH_f55cab2312cc42cfbc424042f96235e1/gnocchi.05939aea-2685-4bea-b554-58fd4a54bff1/1767960000.0_mean_300.0_v3" "txd1d44812f2fc463dbc73b-00697105b9" "proxy-server 21" 0.0187 "-" 22 0
Jan 21 16:58:33 standalone proxy-server[125651]: 172.18.0.2 ::1 21/Jan/2026/16/58/33 PUT /v1/AUTH_f55cab2312cc42cfbc424042f96235e1/gnocchi.05939aea-2685-4bea-b554-58fd4a54bff1/1767960000.0_mean_300.0_v3 HTTP/1.0 201 - python-swiftclient-3.11.1 gAAAAABpcQTsL79W... 16 - - txd1d44812f2fc463dbc73b-00697105b9 - 0.0269 - - 1769014713.790759563 1769014713.817625523 0
Jan 21 16:58:33 standalone container-server[123413]: 172.20.0.100 - - [21/Jan/2026:16:58:33 +0000] "PUT /d1/960/AUTH_f55cab2312cc42cfbc424042f96235e1/gnocchi.05939aea-2685-4bea-b554-58fd4a54bff1/none_v3" 201 - "PUT http://localhost:8080/d1/383/AUTH_f55cab2312cc42cfbc424042f96235e1/gnocchi.05939aea-2685-4bea-b554-58fd4a54bff1/none_v3" "tx84da73f225e44e749b0f4-00697105b9" "object-server 22" 0.0005 "-" 20 0
Jan 21 16:58:33 standalone object-server[123630]: 172.20.0.100 - - [21/Jan/2026:16:58:33 +0000] "PUT /d1/383/AUTH_f55cab2312cc42cfbc424042f96235e1/gnocchi.05939aea-2685-4bea-b554-58fd4a54bff1/none_v3" 201 - "PUT http://localhost:8080/v1/AUTH_f55cab2312cc42cfbc424042f96235e1/gnocchi.05939aea-2685-4bea-b554-58fd4a54bff1/none_v3" "tx84da73f225e44e749b0f4-00697105b9" "proxy-server 21" 0.0102 "-" 22 0
Jan 21 16:58:33 standalone proxy-server[125651]: 172.18.0.2 ::1 21/Jan/2026/16/58/33 PUT /v1/AUTH_f55cab2312cc42cfbc424042f96235e1/gnocchi.05939aea-2685-4bea-b554-58fd4a54bff1/none_v3 HTTP/1.0 201 - python-swiftclient-3.11.1 gAAAAABpcQTsL79W... 22 - - tx84da73f225e44e749b0f4-00697105b9 - 0.0161 - - 1769014713.821276426 1769014713.837345600 0
Jan 21 16:58:33 standalone container-server[123417]: 172.20.0.100 - - [21/Jan/2026:16:58:33 +0000] "HEAD /d1/950/AUTH_f55cab2312cc42cfbc424042f96235e1/gnocchi.b52611d8-af1d-4430-a13b-f87b7218ec7d" 404 - "HEAD http://localhost:8080/v1/AUTH_f55cab2312cc42cfbc424042f96235e1/gnocchi.b52611d8-af1d-4430-a13b-f87b7218ec7d?format=json&states=listing" "txcd185f3064664a009ac85-00697105b9" "proxy-server 21" 0.0005 "-" 21 0
Jan 21 16:58:33 standalone object-server[123635]: 172.20.0.100 - - [21/Jan/2026:16:58:33 +0000] "GET /d1/1022/AUTH_f55cab2312cc42cfbc424042f96235e1/gnocchi.b52611d8-af1d-4430-a13b-f87b7218ec7d/none_v3" 404 70 "GET http://localhost:8080/v1/AUTH_f55cab2312cc42cfbc424042f96235e1/gnocchi.b52611d8-af1d-4430-a13b-f87b7218ec7d/none_v3" "txcd185f3064664a009ac85-00697105b9" "proxy-server 21" 0.0003 "-" 23 0
Jan 21 16:58:33 standalone proxy-server[125651]: 172.18.0.2 ::1 21/Jan/2026/16/58/33 GET /v1/AUTH_f55cab2312cc42cfbc424042f96235e1/gnocchi.b52611d8-af1d-4430-a13b-f87b7218ec7d/none_v3 HTTP/1.0 404 - python-swiftclient-3.11.1 gAAAAABpcQTsL79W... - 70 - txcd185f3064664a009ac85-00697105b9 - 0.0111 - - 1769014713.855362415 1769014713.866500854 0
Jan 21 16:58:33 standalone account-server[123440]: 172.20.0.100 - - [21/Jan/2026:16:58:33 +0000] "PUT /d1/609/AUTH_f55cab2312cc42cfbc424042f96235e1/gnocchi.b52611d8-af1d-4430-a13b-f87b7218ec7d" 201 - "PUT http://172.20.0.100:6001/d1/950/AUTH_f55cab2312cc42cfbc424042f96235e1/gnocchi.b52611d8-af1d-4430-a13b-f87b7218ec7d" "tx753fd6571b464910bf7ca-00697105b9" "container-server 20" 0.0043 "-" 21 0
Jan 21 16:58:33 standalone container-server[123413]: 172.20.0.100 - - [21/Jan/2026:16:58:33 +0000] "PUT /d1/950/AUTH_f55cab2312cc42cfbc424042f96235e1/gnocchi.b52611d8-af1d-4430-a13b-f87b7218ec7d" 201 - "PUT http://localhost:8080/v1/AUTH_f55cab2312cc42cfbc424042f96235e1/gnocchi.b52611d8-af1d-4430-a13b-f87b7218ec7d" "tx753fd6571b464910bf7ca-00697105b9" "proxy-server 21" 0.0126 "-" 20 0
Jan 21 16:58:33 standalone proxy-server[125651]: 172.18.0.2 ::1 21/Jan/2026/16/58/33 PUT /v1/AUTH_f55cab2312cc42cfbc424042f96235e1/gnocchi.b52611d8-af1d-4430-a13b-f87b7218ec7d HTTP/1.0 201 - python-swiftclient-3.11.1 gAAAAABpcQTsL79W... - - - tx753fd6571b464910bf7ca-00697105b9 - 0.0173 - - 1769014713.871742010 1769014713.889030695 0
Jan 21 16:58:33 standalone container-server[123417]: 172.20.0.100 - - [21/Jan/2026:16:58:33 +0000] "HEAD /d1/950/AUTH_f55cab2312cc42cfbc424042f96235e1/gnocchi.b52611d8-af1d-4430-a13b-f87b7218ec7d" 204 - "HEAD http://localhost:8080/v1/AUTH_f55cab2312cc42cfbc424042f96235e1/gnocchi.b52611d8-af1d-4430-a13b-f87b7218ec7d?format=json&states=listing" "tx6c1722ad7cfd4b96a3386-00697105b9" "proxy-server 21" 0.0022 "-" 21 0
Jan 21 16:58:33 standalone proxy-server[125651]: - - 21/Jan/2026/16/58/33 HEAD /v1/AUTH_f55cab2312cc42cfbc424042f96235e1/gnocchi.b52611d8-af1d-4430-a13b-f87b7218ec7d%3Fformat%3Djson%26states%3Dlisting HTTP/1.0 204 - Swift - - - - tx6c1722ad7cfd4b96a3386-00697105b9 - 0.0056 RL - 1769014713.895094872 1769014713.900695324 0
Jan 21 16:58:33 standalone container-server[123417]: 172.20.0.100 - - [21/Jan/2026:16:58:33 +0000] "GET /d1/950/AUTH_f55cab2312cc42cfbc424042f96235e1/gnocchi.b52611d8-af1d-4430-a13b-f87b7218ec7d" 200 2 "GET http://localhost:8080/v1/AUTH_f55cab2312cc42cfbc424042f96235e1/gnocchi.b52611d8-af1d-4430-a13b-f87b7218ec7d?format=json&states=listing" "tx6c1722ad7cfd4b96a3386-00697105b9" "proxy-server 21" 0.0029 "-" 21 0
Jan 21 16:58:33 standalone proxy-server[125651]: 172.18.0.2 ::1 21/Jan/2026/16/58/33 GET /v1/AUTH_f55cab2312cc42cfbc424042f96235e1/gnocchi.b52611d8-af1d-4430-a13b-f87b7218ec7d%3Fformat%3Djson%26states%3Dlisting HTTP/1.0 200 - python-swiftclient-3.11.1 gAAAAABpcQTsL79W... - 2 - tx6c1722ad7cfd4b96a3386-00697105b9 - 0.0157 - - 1769014713.894112587 1769014713.909796238 0
Jan 21 16:58:33 standalone object-server[123638]: 172.20.0.100 - - [21/Jan/2026:16:58:33 +0000] "GET /d1/550/AUTH_f55cab2312cc42cfbc424042f96235e1/gnocchi.b52611d8-af1d-4430-a13b-f87b7218ec7d/1767960000.0_mean_300.0_v3" 404 70 "GET http://localhost:8080/v1/AUTH_f55cab2312cc42cfbc424042f96235e1/gnocchi.b52611d8-af1d-4430-a13b-f87b7218ec7d/1767960000.0_mean_300.0_v3" "txec140cf5208b4e4b8034c-00697105b9" "proxy-server 21" 0.0006 "-" 24 0
Jan 21 16:58:33 standalone proxy-server[125651]: 172.18.0.2 ::1 21/Jan/2026/16/58/33 GET /v1/AUTH_f55cab2312cc42cfbc424042f96235e1/gnocchi.b52611d8-af1d-4430-a13b-f87b7218ec7d/1767960000.0_mean_300.0_v3 HTTP/1.0 404 - python-swiftclient-3.11.1 gAAAAABpcQTsL79W... - 70 - txec140cf5208b4e4b8034c-00697105b9 - 0.0067 - - 1769014713.917133570 1769014713.923795223 0
Jan 21 16:58:33 standalone container-server[123417]: 172.20.0.100 - - [21/Jan/2026:16:58:33 +0000] "PUT /d1/950/AUTH_f55cab2312cc42cfbc424042f96235e1/gnocchi.b52611d8-af1d-4430-a13b-f87b7218ec7d/1767960000.0_mean_300.0_v3" 201 - "PUT http://localhost:8080/d1/550/AUTH_f55cab2312cc42cfbc424042f96235e1/gnocchi.b52611d8-af1d-4430-a13b-f87b7218ec7d/1767960000.0_mean_300.0_v3" "tx459540859d9844d88e87e-00697105b9" "object-server 22" 0.0011 "-" 21 0
Jan 21 16:58:33 standalone object-server[123630]: 172.20.0.100 - - [21/Jan/2026:16:58:33 +0000] "PUT /d1/550/AUTH_f55cab2312cc42cfbc424042f96235e1/gnocchi.b52611d8-af1d-4430-a13b-f87b7218ec7d/1767960000.0_mean_300.0_v3" 201 - "PUT http://localhost:8080/v1/AUTH_f55cab2312cc42cfbc424042f96235e1/gnocchi.b52611d8-af1d-4430-a13b-f87b7218ec7d/1767960000.0_mean_300.0_v3" "tx459540859d9844d88e87e-00697105b9" "proxy-server 21" 0.0125 "-" 22 0
Jan 21 16:58:33 standalone proxy-server[125651]: 172.18.0.2 ::1 21/Jan/2026/16/58/33 PUT /v1/AUTH_f55cab2312cc42cfbc424042f96235e1/gnocchi.b52611d8-af1d-4430-a13b-f87b7218ec7d/1767960000.0_mean_300.0_v3 HTTP/1.0 201 - python-swiftclient-3.11.1 gAAAAABpcQTsL79W... 16 - - tx459540859d9844d88e87e-00697105b9 - 0.0219 - - 1769014713.927937984 1769014713.949793339 0
Jan 21 16:58:33 standalone container-server[123433]: 172.20.0.100 - - [21/Jan/2026:16:58:33 +0000] "PUT /d1/950/AUTH_f55cab2312cc42cfbc424042f96235e1/gnocchi.b52611d8-af1d-4430-a13b-f87b7218ec7d/none_v3" 201 - "PUT http://localhost:8080/d1/1022/AUTH_f55cab2312cc42cfbc424042f96235e1/gnocchi.b52611d8-af1d-4430-a13b-f87b7218ec7d/none_v3" "txfbf0bb5e3b8646e9b1f7e-00697105b9" "object-server 23" 0.0007 "-" 23 0
Jan 21 16:58:33 standalone object-server[123635]: 172.20.0.100 - - [21/Jan/2026:16:58:33 +0000] "PUT /d1/1022/AUTH_f55cab2312cc42cfbc424042f96235e1/gnocchi.b52611d8-af1d-4430-a13b-f87b7218ec7d/none_v3" 201 - "PUT http://localhost:8080/v1/AUTH_f55cab2312cc42cfbc424042f96235e1/gnocchi.b52611d8-af1d-4430-a13b-f87b7218ec7d/none_v3" "txfbf0bb5e3b8646e9b1f7e-00697105b9" "proxy-server 21" 0.0114 "-" 23 0
Jan 21 16:58:33 standalone proxy-server[125651]: 172.18.0.2 ::1 21/Jan/2026/16/58/33 PUT /v1/AUTH_f55cab2312cc42cfbc424042f96235e1/gnocchi.b52611d8-af1d-4430-a13b-f87b7218ec7d/none_v3 HTTP/1.0 201 - python-swiftclient-3.11.1 gAAAAABpcQTsL79W... 22 - - txfbf0bb5e3b8646e9b1f7e-00697105b9 - 0.0189 - - 1769014713.954506159 1769014713.973445177 0
Jan 21 16:58:33 standalone container-server[123413]: 172.20.0.100 - - [21/Jan/2026:16:58:33 +0000] "HEAD /d1/692/AUTH_f55cab2312cc42cfbc424042f96235e1/gnocchi.fa6e6809-f8af-43aa-bbee-b210b60b89a1" 404 - "HEAD http://localhost:8080/v1/AUTH_f55cab2312cc42cfbc424042f96235e1/gnocchi.fa6e6809-f8af-43aa-bbee-b210b60b89a1?format=json&states=listing" "tx3f0eb7c84253495e9ac16-00697105b9" "proxy-server 21" 0.0006 "-" 20 0
Jan 21 16:58:34 standalone object-server[123639]: 172.20.0.100 - - [21/Jan/2026:16:58:34 +0000] "GET /d1/123/AUTH_f55cab2312cc42cfbc424042f96235e1/gnocchi.fa6e6809-f8af-43aa-bbee-b210b60b89a1/none_v3" 404 70 "GET http://localhost:8080/v1/AUTH_f55cab2312cc42cfbc424042f96235e1/gnocchi.fa6e6809-f8af-43aa-bbee-b210b60b89a1/none_v3" "tx3f0eb7c84253495e9ac16-00697105b9" "proxy-server 21" 0.0005 "-" 25 0
Jan 21 16:58:34 standalone proxy-server[125651]: 172.18.0.2 ::1 21/Jan/2026/16/58/34 GET /v1/AUTH_f55cab2312cc42cfbc424042f96235e1/gnocchi.fa6e6809-f8af-43aa-bbee-b210b60b89a1/none_v3 HTTP/1.0 404 - python-swiftclient-3.11.1 gAAAAABpcQTsL79W... - 70 - tx3f0eb7c84253495e9ac16-00697105b9 - 0.0136 - - 1769014713.988250017 1769014714.001858473 0
Jan 21 16:58:34 standalone account-server[123427]: 172.20.0.100 - - [21/Jan/2026:16:58:34 +0000] "PUT /d1/609/AUTH_f55cab2312cc42cfbc424042f96235e1/gnocchi.fa6e6809-f8af-43aa-bbee-b210b60b89a1" 201 - "PUT http://172.20.0.100:6001/d1/692/AUTH_f55cab2312cc42cfbc424042f96235e1/gnocchi.fa6e6809-f8af-43aa-bbee-b210b60b89a1" "tx355526407803406da5e4e-00697105ba" "container-server 23" 0.0061 "-" 20 0
Jan 21 16:58:34 standalone container-server[123433]: 172.20.0.100 - - [21/Jan/2026:16:58:34 +0000] "PUT /d1/692/AUTH_f55cab2312cc42cfbc424042f96235e1/gnocchi.fa6e6809-f8af-43aa-bbee-b210b60b89a1" 201 - "PUT http://localhost:8080/v1/AUTH_f55cab2312cc42cfbc424042f96235e1/gnocchi.fa6e6809-f8af-43aa-bbee-b210b60b89a1" "tx355526407803406da5e4e-00697105ba" "proxy-server 21" 0.0194 "-" 23 0
Jan 21 16:58:34 standalone proxy-server[125651]: 172.18.0.2 ::1 21/Jan/2026/16/58/34 PUT /v1/AUTH_f55cab2312cc42cfbc424042f96235e1/gnocchi.fa6e6809-f8af-43aa-bbee-b210b60b89a1 HTTP/1.0 201 - python-swiftclient-3.11.1 gAAAAABpcQTsL79W... - - - tx355526407803406da5e4e-00697105ba - 0.0258 - - 1769014714.006097078 1769014714.031868458 0
