Jan 21 16:43:34 standalone account-server[122939]: Starting 2
Jan 21 16:43:35 standalone container-server[123188]: Starting 2
Jan 21 16:43:35 standalone container-server[123197]: Option allow_versions is deprecated. Configure the versioned_writes middleware in the proxy-server instead. This option will be ignored in a future release.
Jan 21 16:43:35 standalone container-server[123413]: Option allow_versions is deprecated. Configure the versioned_writes middleware in the proxy-server instead. This option will be ignored in a future release.
Jan 21 16:43:35 standalone container-server[123197]: Started child 20 from parent 2
Jan 21 16:43:35 standalone container-server[123417]: Option allow_versions is deprecated. Configure the versioned_writes middleware in the proxy-server instead. This option will be ignored in a future release.
Jan 21 16:43:35 standalone container-server[123197]: Started child 21 from parent 2
Jan 21 16:43:35 standalone container-server[123423]: Option allow_versions is deprecated. Configure the versioned_writes middleware in the proxy-server instead. This option will be ignored in a future release.
Jan 21 16:43:35 standalone container-server[123197]: Started child 22 from parent 2
Jan 21 16:43:35 standalone account-server[123119]: Started child 20 from parent 2
Jan 21 16:43:35 standalone container-server[123433]: Option allow_versions is deprecated. Configure the versioned_writes middleware in the proxy-server instead. This option will be ignored in a future release.
Jan 21 16:43:35 standalone container-server[123197]: Started child 23 from parent 2
Jan 21 16:43:35 standalone account-server[123119]: Started child 21 from parent 2
Jan 21 16:43:35 standalone account-server[123119]: Started child 22 from parent 2
Jan 21 16:43:35 standalone account-server[123119]: Started child 23 from parent 2
Jan 21 16:43:35 standalone object-expirer[123303]: Starting 2
Jan 21 16:43:35 standalone object-expirer[123303]: Option auto_create_account_prefix is deprecated. Configure auto_create_account_prefix under the swift-constraints section of swift.conf. This option will be ignored in a future release.
Jan 21 16:43:36 standalone object-server[123506]: Starting 2
Jan 21 16:43:36 standalone object-server[123507]: Started child 22 from parent 2
Jan 21 16:43:36 standalone object-server[123507]: Started child 23 from parent 2
Jan 21 16:43:36 standalone object-server[123507]: Started child 24 from parent 2
Jan 21 16:43:36 standalone object-server[123507]: Started child 25 from parent 2
Jan 21 16:43:42 standalone proxy-server[125303]: Starting Keystone auth_token middleware
Jan 21 16:43:42 standalone proxy-server[125303]: AuthToken middleware is set with keystone_authtoken.service_token_roles_required set to False. This is backwards compatible but deprecated behaviour. Please set this to True.
Jan 21 16:43:42 standalone proxy-server[125651]: Starting Keystone auth_token middleware
Jan 21 16:43:42 standalone proxy-server[125651]: STDERR: The option "bind_port" is not known to keystonemiddleware
Jan 21 16:43:42 standalone proxy-server[125651]: STDERR: The option "workers" is not known to keystonemiddleware
Jan 21 16:43:42 standalone proxy-server[125651]: STDERR: The option "user" is not known to keystonemiddleware
Jan 21 16:43:42 standalone proxy-server[125651]: STDERR: The option "bind_ip" is not known to keystonemiddleware
Jan 21 16:43:42 standalone proxy-server[125651]: STDERR: The option "log_name" is not known to keystonemiddleware
Jan 21 16:43:42 standalone proxy-server[125651]: STDERR: The option "log_facility" is not known to keystonemiddleware
Jan 21 16:43:42 standalone proxy-server[125651]: STDERR: The option "log_level" is not known to keystonemiddleware
Jan 21 16:43:42 standalone proxy-server[125651]: STDERR: The option "log_headers" is not known to keystonemiddleware
Jan 21 16:43:42 standalone proxy-server[125651]: STDERR: The option "log_address" is not known to keystonemiddleware
Jan 21 16:43:42 standalone proxy-server[125651]: STDERR: The option "project_name" is not known to keystonemiddleware
Jan 21 16:43:42 standalone proxy-server[125651]: STDERR: The option "username" is not known to keystonemiddleware
Jan 21 16:43:42 standalone proxy-server[125651]: STDERR: The option "password" is not known to keystonemiddleware
Jan 21 16:43:42 standalone proxy-server[125651]: STDERR: The option "auth_url" is not known to keystonemiddleware
Jan 21 16:43:42 standalone proxy-server[125651]: STDERR: The option "signing_dir" is not known to keystonemiddleware
Jan 21 16:43:42 standalone proxy-server[125651]: STDERR: The option "project_domain_id" is not known to keystonemiddleware
Jan 21 16:43:42 standalone proxy-server[125651]: STDERR: The option "user_domain_id" is not known to keystonemiddleware
Jan 21 16:43:42 standalone proxy-server[125651]: STDERR: The option "__name__" is not known to keystonemiddleware
Jan 21 16:43:42 standalone proxy-server[125651]: AuthToken middleware is set with keystone_authtoken.service_token_roles_required set to False. This is backwards compatible but deprecated behaviour. Please set this to True.
Jan 21 16:43:42 standalone proxy-server[125303]: Started child 21 from parent 2
Jan 21 16:43:45 standalone object-server[123506]: Begin object update sweep
Jan 21 16:43:45 standalone object-server[126048]: Object update sweep starting on /srv/node/d1 (pid: 11)
Jan 21 16:43:45 standalone object-server[126048]: Object update sweep completed on /srv/node/d1 in 0.00s seconds:, 0 successes, 0 failures, 0 quarantines, 0 unlinks, 0 errors, 0 redirects (pid: 11)
Jan 21 16:43:45 standalone object-server[126048]: Object update sweep of d1 completed: 0.00s, 0 successes, 0 failures, 0 quarantines, 0 unlinks, 0 errors, 0 redirects
Jan 21 16:43:45 standalone object-server[123506]: Object update sweep completed: 0.05s
Jan 21 16:45:32 standalone container-server[123188]: Begin container update sweep
Jan 21 16:45:32 standalone container-server[123188]: Container update sweep completed: 0.00s
Jan 21 16:46:03 standalone account-server[123440]: 172.20.0.100 - - [21/Jan/2026:16:46:03 +0000] "HEAD /d1/191/.expiring_objects" 404 - "HEAD http://localhost/v1/.expiring_objects?format=json" "tx3114dcc5cc4147ab80875-00697102cb" "proxy-server 2" 0.0017 "-" 21 -
Jan 21 16:46:03 standalone object-expirer[123303]: Pass completed in 0s; 0 objects expired (txn: tx3114dcc5cc4147ab80875-00697102cb)
Jan 21 16:48:27 standalone account-server[123441]: 172.20.0.100 - - [21/Jan/2026:16:48:27 +0000] "HEAD /d1/191/.expiring_objects" 404 - "HEAD http://localhost/v1/.expiring_objects?format=json" "tx4f7085c266ae4e18aa760-006971035b" "proxy-server 2" 0.0017 "-" 22 -
Jan 21 16:48:27 standalone object-expirer[123303]: Pass completed in 0s; 0 objects expired (txn: tx4f7085c266ae4e18aa760-006971035b)
Jan 21 16:48:45 standalone object-server[123506]: Begin object update sweep
Jan 21 16:48:45 standalone object-server[160268]: Object update sweep starting on /srv/node/d1 (pid: 13)
Jan 21 16:48:45 standalone object-server[160268]: Object update sweep completed on /srv/node/d1 in 0.00s seconds:, 0 successes, 0 failures, 0 quarantines, 0 unlinks, 0 errors, 0 redirects (pid: 13)
Jan 21 16:48:45 standalone object-server[160268]: Object update sweep of d1 completed: 0.00s, 0 successes, 0 failures, 0 quarantines, 0 unlinks, 0 errors, 0 redirects
Jan 21 16:48:45 standalone object-server[123506]: Object update sweep completed: 0.09s
Jan 21 16:50:06 standalone account-server[123448]: 172.20.0.100 - - [21/Jan/2026:16:50:06 +0000] "HEAD /d1/609/AUTH_f55cab2312cc42cfbc424042f96235e1" 404 - "HEAD http://localhost:8080/v1/AUTH_f55cab2312cc42cfbc424042f96235e1?format=json" "tx023744d79a5a41eda8617-00697103be" "proxy-server 21" 0.0011 "-" 23 -
Jan 21 16:50:06 standalone proxy-server[125651]: - - 21/Jan/2026/16/50/06 HEAD /v1/AUTH_f55cab2312cc42cfbc424042f96235e1%3Fformat%3Djson HTTP/1.0 200 - Swift - - - - tx023744d79a5a41eda8617-00697103be - 0.0090 RL - 1769014206.955054283 1769014206.964031696 -
Jan 21 16:50:07 standalone proxy-server[125651]: 172.18.0.2 ::1 21/Jan/2026/16/50/07 HEAD /v1/AUTH_f55cab2312cc42cfbc424042f96235e1/glance%3Fformat%3Djson HTTP/1.0 404 - python-swiftclient-3.11.1 gAAAAABpcQO-HqN1... - - - tx023744d79a5a41eda8617-00697103be - 0.4598 - - 1769014206.945812225 1769014207.405594826 -
Jan 21 16:50:07 standalone account-server[123448]: 172.20.0.100 - - [21/Jan/2026:16:50:07 +0000] "PUT /d1/609/AUTH_f55cab2312cc42cfbc424042f96235e1" 201 - "-" "txe3668d61769b450c86fcc-00697103bf" "-" 0.0120 "-" 23 -
Jan 21 16:50:07 standalone proxy-server[125651]: autocreate account '/AUTH_f55cab2312cc42cfbc424042f96235e1' (txn: txe3668d61769b450c86fcc-00697103bf)
Jan 21 16:50:07 standalone account-server[123427]: 172.20.0.100 - - [21/Jan/2026:16:50:07 +0000] "HEAD /d1/609/AUTH_f55cab2312cc42cfbc424042f96235e1" 204 - "HEAD http://localhost:8080/v1/AUTH_f55cab2312cc42cfbc424042f96235e1?format=json" "txe3668d61769b450c86fcc-00697103bf" "proxy-server 21" 0.0020 "-" 20 -
Jan 21 16:50:07 standalone account-server[123427]: 172.20.0.100 - - [21/Jan/2026:16:50:07 +0000] "PUT /d1/609/AUTH_f55cab2312cc42cfbc424042f96235e1/glance" 201 - "PUT http://172.20.0.100:6001/d1/671/AUTH_f55cab2312cc42cfbc424042f96235e1/glance" "txe3668d61769b450c86fcc-00697103bf" "container-server 21" 0.0011 "-" 20 0
Jan 21 16:50:07 standalone container-server[123417]: 172.20.0.100 - - [21/Jan/2026:16:50:07 +0000] "PUT /d1/671/AUTH_f55cab2312cc42cfbc424042f96235e1/glance" 201 - "PUT http://localhost:8080/v1/AUTH_f55cab2312cc42cfbc424042f96235e1/glance" "txe3668d61769b450c86fcc-00697103bf" "proxy-server 21" 0.0199 "-" 21 0
Jan 21 16:50:07 standalone proxy-server[125651]: 172.18.0.2 ::1 21/Jan/2026/16/50/07 PUT /v1/AUTH_f55cab2312cc42cfbc424042f96235e1/glance HTTP/1.0 201 - python-swiftclient-3.11.1 gAAAAABpcQO-HqN1... - - - txe3668d61769b450c86fcc-00697103bf - 0.0480 - - 1769014207.409978628 1769014207.457943916 0
Jan 21 16:50:07 standalone container-server[123417]: 172.20.0.100 - - [21/Jan/2026:16:50:07 +0000] "HEAD /d1/671/AUTH_f55cab2312cc42cfbc424042f96235e1/glance" 204 - "HEAD http://localhost:8080/v1/AUTH_f55cab2312cc42cfbc424042f96235e1/glance?format=json&states=listing" "tx4144b30e9a9f4007a6bcd-00697103bf" "proxy-server 21" 0.0018 "-" 21 0
Jan 21 16:50:07 standalone proxy-server[125651]: - - 21/Jan/2026/16/50/07 HEAD /v1/AUTH_f55cab2312cc42cfbc424042f96235e1/glance%3Fformat%3Djson%26states%3Dlisting HTTP/1.0 204 - Swift - - - - tx4144b30e9a9f4007a6bcd-00697103bf - 0.0155 RL - 1769014207.464738369 1769014207.480285883 0
Jan 21 16:50:26 standalone container-server[123423]: 172.20.0.100 - - [21/Jan/2026:16:50:26 +0000] "PUT /d1/671/AUTH_f55cab2312cc42cfbc424042f96235e1/glance/85307081-d439-41cf-9040-47b3fbb2b3b4" 201 - "PUT http://localhost:8080/d1/697/AUTH_f55cab2312cc42cfbc424042f96235e1/glance/85307081-d439-41cf-9040-47b3fbb2b3b4" "tx4144b30e9a9f4007a6bcd-00697103bf" "object-server 25" 0.0015 "-" 22 0
Jan 21 16:50:26 standalone object-server[123639]: 172.20.0.100 - - [21/Jan/2026:16:50:26 +0000] "PUT /d1/697/AUTH_f55cab2312cc42cfbc424042f96235e1/glance/85307081-d439-41cf-9040-47b3fbb2b3b4" 201 - "PUT http://localhost:8080/v1/AUTH_f55cab2312cc42cfbc424042f96235e1/glance/85307081-d439-41cf-9040-47b3fbb2b3b4" "tx4144b30e9a9f4007a6bcd-00697103bf" "proxy-server 21" 19.3203 "-" 25 0
Jan 21 16:50:26 standalone proxy-server[125651]: 172.18.0.2 ::1 21/Jan/2026/16/50/26 PUT /v1/AUTH_f55cab2312cc42cfbc424042f96235e1/glance/85307081-d439-41cf-9040-47b3fbb2b3b4 HTTP/1.0 201 - python-swiftclient-3.11.1 gAAAAABpcQO-HqN1... 1472724992 - - tx4144b30e9a9f4007a6bcd-00697103bf - 19.3459 - - 1769014207.463752031 1769014226.809651375 0
Jan 21 16:50:32 standalone container-server[123188]: Begin container update sweep
Jan 21 16:50:32 standalone account-server[123448]: 172.20.0.100 - - [21/Jan/2026:16:50:32 +0000] "PUT /d1/609/AUTH_f55cab2312cc42cfbc424042f96235e1/glance" 201 - "-" "-" "container-updater 2" 0.0010 "-" 23 0
Jan 21 16:50:32 standalone container-server[123188]: Container update sweep completed: 0.09s
Jan 21 16:52:41 standalone account-server[123440]: 172.20.0.100 - - [21/Jan/2026:16:52:41 +0000] "HEAD /d1/191/.expiring_objects" 404 - "HEAD http://localhost/v1/.expiring_objects?format=json" "tx60e00746ddd145739f252-0069710459" "proxy-server 2" 0.0005 "-" 21 -
Jan 21 16:52:41 standalone object-expirer[123303]: Pass completed in 0s; 0 objects expired (txn: tx60e00746ddd145739f252-0069710459)
Jan 21 16:52:52 standalone account-server[123441]: 172.20.0.100 - - [21/Jan/2026:16:52:52 +0000] "HEAD /d1/191/.expiring_objects" 404 - "HEAD http://localhost/v1/.expiring_objects?format=json" "txd4a215fdc0834dd3950e9-0069710464" "proxy-server 2" 0.0008 "-" 22 -
Jan 21 16:52:52 standalone object-expirer[123303]: Pass completed in 0s; 0 objects expired (txn: txd4a215fdc0834dd3950e9-0069710464)
Jan 21 16:53:45 standalone object-server[123506]: Begin object update sweep
Jan 21 16:53:45 standalone object-server[199047]: Object update sweep starting on /srv/node/d1 (pid: 14)
Jan 21 16:53:45 standalone object-server[199047]: Object update sweep completed on /srv/node/d1 in 0.00s seconds:, 0 successes, 0 failures, 0 quarantines, 0 unlinks, 0 errors, 0 redirects (pid: 14)
Jan 21 16:53:45 standalone object-server[199047]: Object update sweep of d1 completed: 0.00s, 0 successes, 0 failures, 0 quarantines, 0 unlinks, 0 errors, 0 redirects
Jan 21 16:53:45 standalone object-server[123506]: Object update sweep completed: 0.05s
Jan 21 16:54:47 standalone account-server[122939]: Devices pass completed: 0.00s
Jan 21 16:54:57 standalone account-server[123441]: 172.20.0.100 - - [21/Jan/2026:16:54:57 +0000] "HEAD /d1/191/.expiring_objects" 404 - "HEAD http://localhost/v1/.expiring_objects?format=json" "tx0e305ec53efa4a2f8787a-00697104e1" "proxy-server 2" 0.0004 "-" 22 -
Jan 21 16:54:57 standalone object-expirer[123303]: Pass completed in 0s; 0 objects expired (txn: tx0e305ec53efa4a2f8787a-00697104e1)
Jan 21 16:55:04 standalone account-server[123441]: 172.20.0.100 - - [21/Jan/2026:16:55:04 +0000] "HEAD /d1/609/AUTH_f55cab2312cc42cfbc424042f96235e1" 204 - "HEAD http://localhost:8080/v1/AUTH_f55cab2312cc42cfbc424042f96235e1?format=json" "tx97e5f2d771194306b01ca-00697104e8" "proxy-server 21" 0.0111 "-" 22 -
Jan 21 16:55:04 standalone proxy-server[125651]: - - 21/Jan/2026/16/55/04 HEAD /v1/AUTH_f55cab2312cc42cfbc424042f96235e1%3Fformat%3Djson HTTP/1.0 204 - Swift - - - - tx97e5f2d771194306b01ca-00697104e8 - 0.0176 RL - 1769014504.094942570 1769014504.112569571 -
Jan 21 16:55:04 standalone container-server[123423]: 172.20.0.100 - - [21/Jan/2026:16:55:04 +0000] "HEAD /d1/671/AUTH_f55cab2312cc42cfbc424042f96235e1/glance" 204 - "HEAD http://localhost:8080/v1/AUTH_f55cab2312cc42cfbc424042f96235e1/glance?format=json&states=listing" "tx97e5f2d771194306b01ca-00697104e8" "proxy-server 21" 0.0061 "-" 22 0
Jan 21 16:55:04 standalone proxy-server[125651]: 172.18.0.2 ::1 21/Jan/2026/16/55/04 HEAD /v1/AUTH_f55cab2312cc42cfbc424042f96235e1/glance%3Fformat%3Djson%26states%3Dlisting HTTP/1.0 204 - python-swiftclient-3.11.1 gAAAAABpcQToqvdA... - - - tx97e5f2d771194306b01ca-00697104e8 - 0.1455 - - 1769014504.093695402 1769014504.239158154 0
Jan 21 16:55:08 standalone container-server[123423]: 172.20.0.100 - - [21/Jan/2026:16:55:08 +0000] "PUT /d1/671/AUTH_f55cab2312cc42cfbc424042f96235e1/glance/197551d1-3c68-46c6-99a4-7852bce6a8e4-00001" 201 - "PUT http://localhost:8080/d1/860/AUTH_f55cab2312cc42cfbc424042f96235e1/glance/197551d1-3c68-46c6-99a4-7852bce6a8e4-00001" "tx985f8239378d4b55919ea-00697104e8" "object-server 23" 0.0014 "-" 22 0
Jan 21 16:55:08 standalone object-server[123635]: 172.20.0.100 - - [21/Jan/2026:16:55:08 +0000] "PUT /d1/860/AUTH_f55cab2312cc42cfbc424042f96235e1/glance/197551d1-3c68-46c6-99a4-7852bce6a8e4-00001" 201 - "PUT http://localhost:8080/v1/AUTH_f55cab2312cc42cfbc424042f96235e1/glance/197551d1-3c68-46c6-99a4-7852bce6a8e4-00001" "tx985f8239378d4b55919ea-00697104e8" "proxy-server 21" 3.9714 "-" 23 0
Jan 21 16:55:08 standalone proxy-server[125651]: 172.18.0.2 ::1 21/Jan/2026/16/55/08 PUT /v1/AUTH_f55cab2312cc42cfbc424042f96235e1/glance/197551d1-3c68-46c6-99a4-7852bce6a8e4-00001 HTTP/1.0 201 - python-swiftclient-3.11.1 gAAAAABpcQToqvdA... 21692416 - - tx985f8239378d4b55919ea-00697104e8 - 3.9830 - - 1769014504.248532057 1769014508.231523037 0
Jan 21 16:55:08 standalone container-server[123417]: 172.20.0.100 - - [21/Jan/2026:16:55:08 +0000] "PUT /d1/671/AUTH_f55cab2312cc42cfbc424042f96235e1/glance/197551d1-3c68-46c6-99a4-7852bce6a8e4" 201 - "PUT http://localhost:8080/d1/831/AUTH_f55cab2312cc42cfbc424042f96235e1/glance/197551d1-3c68-46c6-99a4-7852bce6a8e4" "tx7febc1480ee84485bcf8a-00697104ec" "object-server 23" 0.0013 "-" 21 0
Jan 21 16:55:08 standalone object-server[123635]: 172.20.0.100 - - [21/Jan/2026:16:55:08 +0000] "PUT /d1/831/AUTH_f55cab2312cc42cfbc424042f96235e1/glance/197551d1-3c68-46c6-99a4-7852bce6a8e4" 201 - "PUT http://localhost:8080/v1/AUTH_f55cab2312cc42cfbc424042f96235e1/glance/197551d1-3c68-46c6-99a4-7852bce6a8e4" "tx7febc1480ee84485bcf8a-00697104ec" "proxy-server 21" 0.0128 "-" 23 0
Jan 21 16:55:08 standalone proxy-server[125651]: 172.18.0.2 ::1 21/Jan/2026/16/55/08 PUT /v1/AUTH_f55cab2312cc42cfbc424042f96235e1/glance/197551d1-3c68-46c6-99a4-7852bce6a8e4 HTTP/1.0 201 - python-swiftclient-3.11.1 gAAAAABpcQToqvdA... - - - tx7febc1480ee84485bcf8a-00697104ec - 0.0306 - - 1769014508.242912769 1769014508.273463726 0
Jan 21 16:55:08 standalone account-server[123427]: 172.20.0.100 - - [21/Jan/2026:16:55:08 +0000] "HEAD /d1/191/.expiring_objects" 404 - "HEAD http://localhost/v1/.expiring_objects?format=json" "txb365b7e6fdae49f889899-00697104ec" "proxy-server 2" 0.0006 "-" 20 -
Jan 21 16:55:08 standalone object-expirer[123303]: Pass completed in 0s; 0 objects expired (txn: txb365b7e6fdae49f889899-00697104ec)
Jan 21 16:55:09 standalone container-server[123433]: 172.20.0.100 - - [21/Jan/2026:16:55:09 +0000] "HEAD /d1/281/AUTH_f55cab2312cc42cfbc424042f96235e1/gnocchi.29c768e5-14fd-4a02-abea-148d34981a46" 404 - "HEAD http://localhost:8080/v1/AUTH_f55cab2312cc42cfbc424042f96235e1/gnocchi.29c768e5-14fd-4a02-abea-148d34981a46?format=json&states=listing" "tx1a3c3680e5924a21a095a-00697104ec" "proxy-server 21" 0.0014 "-" 23 0
Jan 21 16:55:09 standalone object-server[123630]: 172.20.0.100 - - [21/Jan/2026:16:55:09 +0000] "GET /d1/899/AUTH_f55cab2312cc42cfbc424042f96235e1/gnocchi.29c768e5-14fd-4a02-abea-148d34981a46/none_v3" 404 70 "GET http://localhost:8080/v1/AUTH_f55cab2312cc42cfbc424042f96235e1/gnocchi.29c768e5-14fd-4a02-abea-148d34981a46/none_v3" "tx1a3c3680e5924a21a095a-00697104ec" "proxy-server 21" 0.0008 "-" 22 0
Jan 21 16:55:09 standalone proxy-server[125651]: 172.18.0.2 ::1 21/Jan/2026/16/55/09 GET /v1/AUTH_f55cab2312cc42cfbc424042f96235e1/gnocchi.29c768e5-14fd-4a02-abea-148d34981a46/none_v3 HTTP/1.0 404 - python-swiftclient-3.11.1 gAAAAABpcQTsL79W... - 70 - tx1a3c3680e5924a21a095a-00697104ec - 0.0390 - - 1769014508.986479759 1769014509.025457144 0
Jan 21 16:55:09 standalone account-server[123448]: 172.20.0.100 - - [21/Jan/2026:16:55:09 +0000] "PUT /d1/609/AUTH_f55cab2312cc42cfbc424042f96235e1/gnocchi.29c768e5-14fd-4a02-abea-148d34981a46" 201 - "PUT http://172.20.0.100:6001/d1/281/AUTH_f55cab2312cc42cfbc424042f96235e1/gnocchi.29c768e5-14fd-4a02-abea-148d34981a46" "txeb7d6e10f3ff477496d86-00697104ed" "container-server 22" 0.0020 "-" 23 0
Jan 21 16:55:09 standalone container-server[123423]: 172.20.0.100 - - [21/Jan/2026:16:55:09 +0000] "PUT /d1/281/AUTH_f55cab2312cc42cfbc424042f96235e1/gnocchi.29c768e5-14fd-4a02-abea-148d34981a46" 201 - "PUT http://localhost:8080/v1/AUTH_f55cab2312cc42cfbc424042f96235e1/gnocchi.29c768e5-14fd-4a02-abea-148d34981a46" "txeb7d6e10f3ff477496d86-00697104ed" "proxy-server 21" 0.2859 "-" 22 0
Jan 21 16:55:09 standalone proxy-server[125651]: 172.18.0.2 ::1 21/Jan/2026/16/55/09 PUT /v1/AUTH_f55cab2312cc42cfbc424042f96235e1/gnocchi.29c768e5-14fd-4a02-abea-148d34981a46 HTTP/1.0 201 - python-swiftclient-3.11.1 gAAAAABpcQTsL79W... - - - txeb7d6e10f3ff477496d86-00697104ed - 0.2916 - - 1769014509.028576374 1769014509.320194721 0
Jan 21 16:55:09 standalone container-server[123433]: 172.20.0.100 - - [21/Jan/2026:16:55:09 +0000] "HEAD /d1/281/AUTH_f55cab2312cc42cfbc424042f96235e1/gnocchi.29c768e5-14fd-4a02-abea-148d34981a46" 204 - "HEAD http://localhost:8080/v1/AUTH_f55cab2312cc42cfbc424042f96235e1/gnocchi.29c768e5-14fd-4a02-abea-148d34981a46?format=json&states=listing" "txc8eff8053c0e452f8af2a-00697104ed" "proxy-server 21" 0.0034 "-" 23 0
Jan 21 16:55:09 standalone proxy-server[125651]: - - 21/Jan/2026/16/55/09 HEAD /v1/AUTH_f55cab2312cc42cfbc424042f96235e1/gnocchi.29c768e5-14fd-4a02-abea-148d34981a46%3Fformat%3Djson%26states%3Dlisting HTTP/1.0 204 - Swift - - - - txc8eff8053c0e452f8af2a-00697104ed - 0.0091 RL - 1769014509.327492952 1769014509.336637020 0
Jan 21 16:55:09 standalone container-server[123413]: 172.20.0.100 - - [21/Jan/2026:16:55:09 +0000] "GET /d1/281/AUTH_f55cab2312cc42cfbc424042f96235e1/gnocchi.29c768e5-14fd-4a02-abea-148d34981a46" 200 2 "GET http://localhost:8080/v1/AUTH_f55cab2312cc42cfbc424042f96235e1/gnocchi.29c768e5-14fd-4a02-abea-148d34981a46?format=json&states=listing" "txc8eff8053c0e452f8af2a-00697104ed" "proxy-server 21" 0.0034 "-" 20 0
Jan 21 16:55:09 standalone proxy-server[125651]: 172.18.0.2 ::1 21/Jan/2026/16/55/09 GET /v1/AUTH_f55cab2312cc42cfbc424042f96235e1/gnocchi.29c768e5-14fd-4a02-abea-148d34981a46%3Fformat%3Djson%26states%3Dlisting HTTP/1.0 200 - python-swiftclient-3.11.1 gAAAAABpcQTsL79W... - 2 - txc8eff8053c0e452f8af2a-00697104ed - 0.0225 - - 1769014509.325697899 1769014509.348221540 0
Jan 21 16:55:09 standalone object-server[123630]: 172.20.0.100 - - [21/Jan/2026:16:55:09 +0000] "GET /d1/992/AUTH_f55cab2312cc42cfbc424042f96235e1/gnocchi.29c768e5-14fd-4a02-abea-148d34981a46/1767960000.0_mean_300.0_v3" 404 70 "GET http://localhost:8080/v1/AUTH_f55cab2312cc42cfbc424042f96235e1/gnocchi.29c768e5-14fd-4a02-abea-148d34981a46/1767960000.0_mean_300.0_v3" "tx1ad03eb2d9984c5287a6b-00697104ed" "proxy-server 21" 0.0005 "-" 22 0
Jan 21 16:55:09 standalone proxy-server[125651]: 172.18.0.2 ::1 21/Jan/2026/16/55/09 GET /v1/AUTH_f55cab2312cc42cfbc424042f96235e1/gnocchi.29c768e5-14fd-4a02-abea-148d34981a46/1767960000.0_mean_300.0_v3 HTTP/1.0 404 - python-swiftclient-3.11.1 gAAAAABpcQTsL79W... - 70 - tx1ad03eb2d9984c5287a6b-00697104ed - 0.0074 - - 1769014509.352442026 1769014509.359816074 0
Jan 21 16:55:09 standalone container-server[123413]: 172.20.0.100 - - [21/Jan/2026:16:55:09 +0000] "PUT /d1/281/AUTH_f55cab2312cc42cfbc424042f96235e1/gnocchi.29c768e5-14fd-4a02-abea-148d34981a46/1767960000.0_mean_300.0_v3" 201 - "PUT http://localhost:8080/d1/992/AUTH_f55cab2312cc42cfbc424042f96235e1/gnocchi.29c768e5-14fd-4a02-abea-148d34981a46/1767960000.0_mean_300.0_v3" "tx3e3a9649c4c74771a8a63-00697104ed" "object-server 22" 0.0013 "-" 20 0
Jan 21 16:55:09 standalone object-server[123630]: 172.20.0.100 - - [21/Jan/2026:16:55:09 +0000] "PUT /d1/992/AUTH_f55cab2312cc42cfbc424042f96235e1/gnocchi.29c768e5-14fd-4a02-abea-148d34981a46/1767960000.0_mean_300.0_v3" 201 - "PUT http://localhost:8080/v1/AUTH_f55cab2312cc42cfbc424042f96235e1/gnocchi.29c768e5-14fd-4a02-abea-148d34981a46/1767960000.0_mean_300.0_v3" "tx3e3a9649c4c74771a8a63-00697104ed" "proxy-server 21" 0.1527 "-" 22 0
Jan 21 16:55:09 standalone proxy-server[125651]: 172.18.0.2 ::1 21/Jan/2026/16/55/09 PUT /v1/AUTH_f55cab2312cc42cfbc424042f96235e1/gnocchi.29c768e5-14fd-4a02-abea-148d34981a46/1767960000.0_mean_300.0_v3 HTTP/1.0 201 - python-swiftclient-3.11.1 gAAAAABpcQTsL79W... 16 - - tx3e3a9649c4c74771a8a63-00697104ed - 0.1615 - - 1769014509.363734245 1769014509.525217533 0
Jan 21 16:55:10 standalone container-server[123413]: 172.20.0.100 - - [21/Jan/2026:16:55:10 +0000] "PUT /d1/281/AUTH_f55cab2312cc42cfbc424042f96235e1/gnocchi.29c768e5-14fd-4a02-abea-148d34981a46/none_v3" 201 - "PUT http://localhost:8080/d1/899/AUTH_f55cab2312cc42cfbc424042f96235e1/gnocchi.29c768e5-14fd-4a02-abea-148d34981a46/none_v3" "tx67d234bceccd45afad77c-00697104ed" "object-server 22" 0.0008 "-" 20 0
Jan 21 16:55:10 standalone object-server[123630]: 172.20.0.100 - - [21/Jan/2026:16:55:10 +0000] "PUT /d1/899/AUTH_f55cab2312cc42cfbc424042f96235e1/gnocchi.29c768e5-14fd-4a02-abea-148d34981a46/none_v3" 201 - "PUT http://localhost:8080/v1/AUTH_f55cab2312cc42cfbc424042f96235e1/gnocchi.29c768e5-14fd-4a02-abea-148d34981a46/none_v3" "tx67d234bceccd45afad77c-00697104ed" "proxy-server 21" 0.5409 "-" 22 0
Jan 21 16:55:10 standalone proxy-server[125651]: 172.18.0.2 ::1 21/Jan/2026/16/55/10 PUT /v1/AUTH_f55cab2312cc42cfbc424042f96235e1/gnocchi.29c768e5-14fd-4a02-abea-148d34981a46/none_v3 HTTP/1.0 201 - python-swiftclient-3.11.1 gAAAAABpcQTsL79W... 22 - - tx67d234bceccd45afad77c-00697104ed - 0.5493 - - 1769014509.530653238 1769014510.079940557 0
Jan 21 16:55:32 standalone container-server[123188]: Begin container update sweep
Jan 21 16:55:32 standalone account-server[123440]: 172.20.0.100 - - [21/Jan/2026:16:55:32 +0000] "PUT /d1/609/AUTH_f55cab2312cc42cfbc424042f96235e1/gnocchi.29c768e5-14fd-4a02-abea-148d34981a46" 201 - "-" "-" "container-updater 2" 0.0015 "-" 21 0
Jan 21 16:55:33 standalone account-server[123448]: 172.20.0.100 - - [21/Jan/2026:16:55:33 +0000] "PUT /d1/609/AUTH_f55cab2312cc42cfbc424042f96235e1/glance" 201 - "-" "-" "container-updater 2" 0.0004 "-" 23 0
Jan 21 16:55:33 standalone container-server[123188]: Container update sweep completed: 0.18s
Jan 21 16:55:38 standalone object-server[123635]: 172.20.0.100 - - [21/Jan/2026:16:55:38 +0000] "GET /d1/899/AUTH_f55cab2312cc42cfbc424042f96235e1/gnocchi.29c768e5-14fd-4a02-abea-148d34981a46/none_v3" 200 22 "GET http://localhost:8080/v1/AUTH_f55cab2312cc42cfbc424042f96235e1/gnocchi.29c768e5-14fd-4a02-abea-148d34981a46/none_v3" "txf5dfd693fd9846e1b60ee-006971050a" "proxy-server 21" 0.0013 "-" 23 0
Jan 21 16:55:38 standalone proxy-server[125651]: 172.18.0.2 ::1 21/Jan/2026/16/55/38 GET /v1/AUTH_f55cab2312cc42cfbc424042f96235e1/gnocchi.29c768e5-14fd-4a02-abea-148d34981a46/none_v3 HTTP/1.0 200 - python-swiftclient-3.11.1 gAAAAABpcQTsL79W... - 22 - txf5dfd693fd9846e1b60ee-006971050a - 0.0169 - - 1769014538.779540300 1769014538.796427965 0
Jan 21 16:55:38 standalone container-server[123433]: 172.20.0.100 - - [21/Jan/2026:16:55:38 +0000] "GET /d1/281/AUTH_f55cab2312cc42cfbc424042f96235e1/gnocchi.29c768e5-14fd-4a02-abea-148d34981a46" 200 357 "GET http://localhost:8080/v1/AUTH_f55cab2312cc42cfbc424042f96235e1/gnocchi.29c768e5-14fd-4a02-abea-148d34981a46?format=json&states=listing" "tx0db4de47452b4a78a3e1c-006971050a" "proxy-server 21" 0.0031 "-" 23 0
Jan 21 16:55:38 standalone proxy-server[125651]: 172.18.0.2 ::1 21/Jan/2026/16/55/38 GET /v1/AUTH_f55cab2312cc42cfbc424042f96235e1/gnocchi.29c768e5-14fd-4a02-abea-148d34981a46%3Fformat%3Djson%26states%3Dlisting HTTP/1.0 200 - python-swiftclient-3.11.1 gAAAAABpcQTsL79W... - 357 - tx0db4de47452b4a78a3e1c-006971050a - 0.0164 - - 1769014538.804751158 1769014538.821136475 0
Jan 21 16:55:38 standalone container-server[123433]: 172.20.0.100 - - [21/Jan/2026:16:55:38 +0000] "GET /d1/281/AUTH_f55cab2312cc42cfbc424042f96235e1/gnocchi.29c768e5-14fd-4a02-abea-148d34981a46" 200 2 "GET http://localhost:8080/v1/AUTH_f55cab2312cc42cfbc424042f96235e1/gnocchi.29c768e5-14fd-4a02-abea-148d34981a46?format=json&marker=none_v3&states=listing" "tx62e2edbbd13543a19e749-006971050a" "proxy-server 21" 0.0021 "-" 23 0
Jan 21 16:55:38 standalone proxy-server[125651]: 172.18.0.2 ::1 21/Jan/2026/16/55/38 GET /v1/AUTH_f55cab2312cc42cfbc424042f96235e1/gnocchi.29c768e5-14fd-4a02-abea-148d34981a46%3Fformat%3Djson%26marker%3Dnone_v3%26states%3Dlisting HTTP/1.0 200 - python-swiftclient-3.11.1 gAAAAABpcQTsL79W... - 2 - tx62e2edbbd13543a19e749-006971050a - 0.0110 - - 1769014538.826477289 1769014538.837483883 0
Jan 21 16:55:38 standalone object-server[123630]: 172.20.0.100 - - [21/Jan/2026:16:55:38 +0000] "GET /d1/992/AUTH_f55cab2312cc42cfbc424042f96235e1/gnocchi.29c768e5-14fd-4a02-abea-148d34981a46/1767960000.0_mean_300.0_v3" 200 16 "GET http://localhost:8080/v1/AUTH_f55cab2312cc42cfbc424042f96235e1/gnocchi.29c768e5-14fd-4a02-abea-148d34981a46/1767960000.0_mean_300.0_v3" "tx228e3177489844e08d362-006971050a" "proxy-server 21" 0.0015 "-" 22 0
Jan 21 16:55:38 standalone proxy-server[125651]: 172.18.0.2 ::1 21/Jan/2026/16/55/38 GET /v1/AUTH_f55cab2312cc42cfbc424042f96235e1/gnocchi.29c768e5-14fd-4a02-abea-148d34981a46/1767960000.0_mean_300.0_v3 HTTP/1.0 200 - python-swiftclient-3.11.1 gAAAAABpcQTsL79W... - 16 - tx228e3177489844e08d362-006971050a - 0.0111 - - 1769014538.842373848 1769014538.853436708 0
Jan 21 16:55:38 standalone container-server[123413]: 172.20.0.100 - - [21/Jan/2026:16:55:38 +0000] "PUT /d1/281/AUTH_f55cab2312cc42cfbc424042f96235e1/gnocchi.29c768e5-14fd-4a02-abea-148d34981a46/1767960000.0_mean_300.0_v3" 201 - "PUT http://localhost:8080/d1/992/AUTH_f55cab2312cc42cfbc424042f96235e1/gnocchi.29c768e5-14fd-4a02-abea-148d34981a46/1767960000.0_mean_300.0_v3" "tx2ad6a178b7bd400d8e95d-006971050a" "object-server 25" 0.0008 "-" 20 0
Jan 21 16:55:38 standalone object-server[123639]: 172.20.0.100 - - [21/Jan/2026:16:55:38 +0000] "PUT /d1/992/AUTH_f55cab2312cc42cfbc424042f96235e1/gnocchi.29c768e5-14fd-4a02-abea-148d34981a46/1767960000.0_mean_300.0_v3" 201 - "PUT http://localhost:8080/v1/AUTH_f55cab2312cc42cfbc424042f96235e1/gnocchi.29c768e5-14fd-4a02-abea-148d34981a46/1767960000.0_mean_300.0_v3" "tx2ad6a178b7bd400d8e95d-006971050a" "proxy-server 21" 0.0101 "-" 25 0
Jan 21 16:55:38 standalone proxy-server[125651]: 172.18.0.2 ::1 21/Jan/2026/16/55/38 PUT /v1/AUTH_f55cab2312cc42cfbc424042f96235e1/gnocchi.29c768e5-14fd-4a02-abea-148d34981a46/1767960000.0_mean_300.0_v3 HTTP/1.0 201 - python-swiftclient-3.11.1 gAAAAABpcQTsL79W... 16 - - tx2ad6a178b7bd400d8e95d-006971050a - 0.0193 - - 1769014538.864006996 1769014538.883275509 0
Jan 21 16:55:38 standalone container-server[123423]: 172.20.0.100 - - [21/Jan/2026:16:55:38 +0000] "PUT /d1/281/AUTH_f55cab2312cc42cfbc424042f96235e1/gnocchi.29c768e5-14fd-4a02-abea-148d34981a46/none_v3" 201 - "PUT http://localhost:8080/d1/899/AUTH_f55cab2312cc42cfbc424042f96235e1/gnocchi.29c768e5-14fd-4a02-abea-148d34981a46/none_v3" "tx8ea88e3dd27d449796742-006971050a" "object-server 23" 0.0006 "-" 22 0
Jan 21 16:55:38 standalone object-server[123635]: 172.20.0.100 - - [21/Jan/2026:16:55:38 +0000] "PUT /d1/899/AUTH_f55cab2312cc42cfbc424042f96235e1/gnocchi.29c768e5-14fd-4a02-abea-148d34981a46/none_v3" 201 - "PUT http://localhost:8080/v1/AUTH_f55cab2312cc42cfbc424042f96235e1/gnocchi.29c768e5-14fd-4a02-abea-148d34981a46/none_v3" "tx8ea88e3dd27d449796742-006971050a" "proxy-server 21" 0.0171 "-" 23 0
Jan 21 16:55:38 standalone proxy-server[125651]: 172.18.0.2 ::1 21/Jan/2026/16/55/38 PUT /v1/AUTH_f55cab2312cc42cfbc424042f96235e1/gnocchi.29c768e5-14fd-4a02-abea-148d34981a46/none_v3 HTTP/1.0 201 - python-swiftclient-3.11.1 gAAAAABpcQTsL79W... 32 - - tx8ea88e3dd27d449796742-006971050a - 0.0237 - - 1769014538.889445305 1769014538.913133621 0
Jan 21 16:56:12 standalone account-server[123441]: 172.20.0.100 - - [21/Jan/2026:16:56:12 +0000] "HEAD /d1/609/AUTH_f55cab2312cc42cfbc424042f96235e1" 204 - "HEAD http://localhost:8080/v1/AUTH_f55cab2312cc42cfbc424042f96235e1?format=json" "tx10192f708e074f5d96689-006971052c" "proxy-server 21" 0.0068 "-" 22 -
Jan 21 16:56:12 standalone proxy-server[125651]: - - 21/Jan/2026/16/56/12 HEAD /v1/AUTH_f55cab2312cc42cfbc424042f96235e1%3Fformat%3Djson HTTP/1.0 204 - Swift - - - - tx10192f708e074f5d96689-006971052c - 0.0116 RL - 1769014572.149461031 1769014572.161045313 -
Jan 21 16:56:12 standalone container-server[123413]: 172.20.0.100 - - [21/Jan/2026:16:56:12 +0000] "HEAD /d1/671/AUTH_f55cab2312cc42cfbc424042f96235e1/glance" 204 - "HEAD http://localhost:8080/v1/AUTH_f55cab2312cc42cfbc424042f96235e1/glance?format=json&states=listing" "tx10192f708e074f5d96689-006971052c" "proxy-server 21" 0.0021 "-" 20 0
Jan 21 16:56:12 standalone object-server[123630]: 172.20.0.100 - - [21/Jan/2026:16:56:12 +0000] "GET /d1/831/AUTH_f55cab2312cc42cfbc424042f96235e1/glance/197551d1-3c68-46c6-99a4-7852bce6a8e4" 200 - "GET http://localhost:8080/v1/AUTH_f55cab2312cc42cfbc424042f96235e1/glance/197551d1-3c68-46c6-99a4-7852bce6a8e4" "tx10192f708e074f5d96689-006971052c" "proxy-server 21" 0.0011 "-" 22 0
Jan 21 16:56:12 standalone container-server[123423]: 172.20.0.100 - - [21/Jan/2026:16:56:12 +0000] "GET /d1/671/AUTH_f55cab2312cc42cfbc424042f96235e1/glance" 200 210 "GET http://localhost:8080/v1/AUTH_f55cab2312cc42cfbc424042f96235e1/glance?prefix=197551d1-3c68-46c6-99a4-7852bce6a8e4-&format=json&states=listing" "tx10192f708e074f5d96689-006971052c" "proxy-server 21" 0.0044 "-" 22 0
Jan 21 16:56:12 standalone proxy-server[125651]: - - 21/Jan/2026/16/56/12 GET /v1/AUTH_f55cab2312cc42cfbc424042f96235e1/glance%3Fprefix%3D197551d1-3c68-46c6-99a4-7852bce6a8e4-%26format%3Djson%26states%3Dlisting HTTP/1.0 200 - python-swiftclient-3.11.1%20DLO%20MultipartGET gAAAAABpcQUsEmaZ... - 210 - tx10192f708e074f5d96689-006971052c - 0.0114 DLO - 1769014572.262305737 1769014572.273663044 0
Jan 21 16:56:12 standalone object-server[123635]: 172.20.0.100 - - [21/Jan/2026:16:56:12 +0000] "GET /d1/860/AUTH_f55cab2312cc42cfbc424042f96235e1/glance/197551d1-3c68-46c6-99a4-7852bce6a8e4-00001" 200 21692416 "GET http://localhost:8080/v1/AUTH_f55cab2312cc42cfbc424042f96235e1/glance/197551d1-3c68-46c6-99a4-7852bce6a8e4-00001?multipart-manifest=get" "tx10192f708e074f5d96689-006971052c" "proxy-server 21" 0.0007 "-" 23 0
Jan 21 16:56:12 standalone proxy-server[125651]: - - 21/Jan/2026/16/56/12 GET /v1/AUTH_f55cab2312cc42cfbc424042f96235e1/glance/197551d1-3c68-46c6-99a4-7852bce6a8e4-00001%3Fmultipart-manifest%3Dget HTTP/1.0 200 - python-swiftclient-3.11.1%20%20DLO%20MultipartGET gAAAAABpcQUsEmaZ... - 21692416 - tx10192f708e074f5d96689-006971052c - 0.1136 DLO - 1769014572.274733782 1769014572.388381481 0
Jan 21 16:56:12 standalone proxy-server[125651]: 172.18.0.2 ::1 21/Jan/2026/16/56/12 GET /v1/AUTH_f55cab2312cc42cfbc424042f96235e1/glance/197551d1-3c68-46c6-99a4-7852bce6a8e4 HTTP/1.0 200 - python-swiftclient-3.11.1 gAAAAABpcQUsEmaZ... - 21692416 - tx10192f708e074f5d96689-006971052c - 0.2404 - - 1769014572.148567915 1769014572.388943672 0
Jan 21 16:56:13 standalone container-server[123433]: 172.20.0.100 - - [21/Jan/2026:16:56:13 +0000] "HEAD /d1/831/AUTH_f55cab2312cc42cfbc424042f96235e1/gnocchi.2e1faf66-669c-4cf7-b176-5e08873c5867" 404 - "HEAD http://localhost:8080/v1/AUTH_f55cab2312cc42cfbc424042f96235e1/gnocchi.2e1faf66-669c-4cf7-b176-5e08873c5867?format=json&states=listing" "txa640a638bcf040a2b4b86-006971052d" "proxy-server 21" 0.0004 "-" 23 0
Jan 21 16:56:13 standalone object-server[123635]: 172.20.0.100 - - [21/Jan/2026:16:56:13 +0000] "GET /d1/41/AUTH_f55cab2312cc42cfbc424042f96235e1/gnocchi.2e1faf66-669c-4cf7-b176-5e08873c5867/none_v3" 404 70 "GET http://localhost:8080/v1/AUTH_f55cab2312cc42cfbc424042f96235e1/gnocchi.2e1faf66-669c-4cf7-b176-5e08873c5867/none_v3" "txa640a638bcf040a2b4b86-006971052d" "proxy-server 21" 0.0007 "-" 23 0
Jan 21 16:56:13 standalone proxy-server[125651]: 172.18.0.2 ::1 21/Jan/2026/16/56/13 GET /v1/AUTH_f55cab2312cc42cfbc424042f96235e1/gnocchi.2e1faf66-669c-4cf7-b176-5e08873c5867/none_v3 HTTP/1.0 404 - python-swiftclient-3.11.1 gAAAAABpcQTsL79W... - 70 - txa640a638bcf040a2b4b86-006971052d - 0.0156 - - 1769014573.144852400 1769014573.160423756 0
Jan 21 16:56:13 standalone account-server[123440]: 172.20.0.100 - - [21/Jan/2026:16:56:13 +0000] "PUT /d1/609/AUTH_f55cab2312cc42cfbc424042f96235e1/gnocchi.2e1faf66-669c-4cf7-b176-5e08873c5867" 201 - "PUT http://172.20.0.100:6001/d1/831/AUTH_f55cab2312cc42cfbc424042f96235e1/gnocchi.2e1faf66-669c-4cf7-b176-5e08873c5867" "tx61bae28e2ad147a5a2e50-006971052d" "container-server 22" 0.0021 "-" 21 0
Jan 21 16:56:13 standalone container-server[123423]: 172.20.0.100 - - [21/Jan/2026:16:56:13 +0000] "PUT /d1/831/AUTH_f55cab2312cc42cfbc424042f96235e1/gnocchi.2e1faf66-669c-4cf7-b176-5e08873c5867" 201 - "PUT http://localhost:8080/v1/AUTH_f55cab2312cc42cfbc424042f96235e1/gnocchi.2e1faf66-669c-4cf7-b176-5e08873c5867" "tx61bae28e2ad147a5a2e50-006971052d" "proxy-server 21" 0.0170 "-" 22 0
Jan 21 16:56:13 standalone proxy-server[125651]: 172.18.0.2 ::1 21/Jan/2026/16/56/13 PUT /v1/AUTH_f55cab2312cc42cfbc424042f96235e1/gnocchi.2e1faf66-669c-4cf7-b176-5e08873c5867 HTTP/1.0 201 - python-swiftclient-3.11.1 gAAAAABpcQTsL79W... - - - tx61bae28e2ad147a5a2e50-006971052d - 0.0256 - - 1769014573.166184902 1769014573.191776752 0
Jan 21 16:56:13 standalone container-server[123417]: 172.20.0.100 - - [21/Jan/2026:16:56:13 +0000] "HEAD /d1/831/AUTH_f55cab2312cc42cfbc424042f96235e1/gnocchi.2e1faf66-669c-4cf7-b176-5e08873c5867" 204 - "HEAD http://localhost:8080/v1/AUTH_f55cab2312cc42cfbc424042f96235e1/gnocchi.2e1faf66-669c-4cf7-b176-5e08873c5867?format=json&states=listing" "tx67fe5e70602a4721aa5fd-006971052d" "proxy-server 21" 0.0016 "-" 21 0
Jan 21 16:56:13 standalone proxy-server[125651]: - - 21/Jan/2026/16/56/13 HEAD /v1/AUTH_f55cab2312cc42cfbc424042f96235e1/gnocchi.2e1faf66-669c-4cf7-b176-5e08873c5867%3Fformat%3Djson%26states%3Dlisting HTTP/1.0 204 - Swift - - - - tx67fe5e70602a4721aa5fd-006971052d - 0.0062 RL - 1769014573.202339649 1769014573.208563089 0
Jan 21 16:56:13 standalone container-server[123417]: 172.20.0.100 - - [21/Jan/2026:16:56:13 +0000] "GET /d1/831/AUTH_f55cab2312cc42cfbc424042f96235e1/gnocchi.2e1faf66-669c-4cf7-b176-5e08873c5867" 200 2 "GET http://localhost:8080/v1/AUTH_f55cab2312cc42cfbc424042f96235e1/gnocchi.2e1faf66-669c-4cf7-b176-5e08873c5867?format=json&states=listing" "tx67fe5e70602a4721aa5fd-006971052d" "proxy-server 21" 0.0023 "-" 21 0
Jan 21 16:56:13 standalone proxy-server[125651]: 172.18.0.2 ::1 21/Jan/2026/16/56/13 GET /v1/AUTH_f55cab2312cc42cfbc424042f96235e1/gnocchi.2e1faf66-669c-4cf7-b176-5e08873c5867%3Fformat%3Djson%26states%3Dlisting HTTP/1.0 200 - python-swiftclient-3.11.1 gAAAAABpcQTsL79W... - 2 - tx67fe5e70602a4721aa5fd-006971052d - 0.0200 - - 1769014573.199389219 1769014573.219403028 0
Jan 21 16:56:13 standalone object-server[123638]: 172.20.0.100 - - [21/Jan/2026:16:56:13 +0000] "GET /d1/535/AUTH_f55cab2312cc42cfbc424042f96235e1/gnocchi.2e1faf66-669c-4cf7-b176-5e08873c5867/1767960000.0_mean_300.0_v3" 404 70 "GET http://localhost:8080/v1/AUTH_f55cab2312cc42cfbc424042f96235e1/gnocchi.2e1faf66-669c-4cf7-b176-5e08873c5867/1767960000.0_mean_300.0_v3" "tx7393b3f02c054c638964c-006971052d" "proxy-server 21" 0.0011 "-" 24 0
Jan 21 16:56:13 standalone proxy-server[125651]: 172.18.0.2 ::1 21/Jan/2026/16/56/13 GET /v1/AUTH_f55cab2312cc42cfbc424042f96235e1/gnocchi.2e1faf66-669c-4cf7-b176-5e08873c5867/1767960000.0_mean_300.0_v3 HTTP/1.0 404 - python-swiftclient-3.11.1 gAAAAABpcQTsL79W... - 70 - tx7393b3f02c054c638964c-006971052d - 0.0101 - - 1769014573.225446701 1769014573.235529184 0
Jan 21 16:56:13 standalone container-server[123417]: 172.20.0.100 - - [21/Jan/2026:16:56:13 +0000] "PUT /d1/831/AUTH_f55cab2312cc42cfbc424042f96235e1/gnocchi.2e1faf66-669c-4cf7-b176-5e08873c5867/1767960000.0_mean_300.0_v3" 201 - "PUT http://localhost:8080/d1/535/AUTH_f55cab2312cc42cfbc424042f96235e1/gnocchi.2e1faf66-669c-4cf7-b176-5e08873c5867/1767960000.0_mean_300.0_v3" "tx89da4ed17c6a43af8daf2-006971052d" "object-server 25" 0.0011 "-" 21 0
Jan 21 16:56:13 standalone object-server[123639]: 172.20.0.100 - - [21/Jan/2026:16:56:13 +0000] "PUT /d1/535/AUTH_f55cab2312cc42cfbc424042f96235e1/gnocchi.2e1faf66-669c-4cf7-b176-5e08873c5867/1767960000.0_mean_300.0_v3" 201 - "PUT http://localhost:8080/v1/AUTH_f55cab2312cc42cfbc424042f96235e1/gnocchi.2e1faf66-669c-4cf7-b176-5e08873c5867/1767960000.0_mean_300.0_v3" "tx89da4ed17c6a43af8daf2-006971052d" "proxy-server 21" 0.0130 "-" 25 0
Jan 21 16:56:13 standalone proxy-server[125651]: 172.18.0.2 ::1 21/Jan/2026/16/56/13 PUT /v1/AUTH_f55cab2312cc42cfbc424042f96235e1/gnocchi.2e1faf66-669c-4cf7-b176-5e08873c5867/1767960000.0_mean_300.0_v3 HTTP/1.0 201 - python-swiftclient-3.11.1 gAAAAABpcQTsL79W... 16 - - tx89da4ed17c6a43af8daf2-006971052d - 0.0231 - - 1769014573.240619421 1769014573.263746738 0
Jan 21 16:56:13 standalone container-server[123433]: 172.20.0.100 - - [21/Jan/2026:16:56:13 +0000] "PUT /d1/831/AUTH_f55cab2312cc42cfbc424042f96235e1/gnocchi.2e1faf66-669c-4cf7-b176-5e08873c5867/none_v3" 201 - "PUT http://localhost:8080/d1/41/AUTH_f55cab2312cc42cfbc424042f96235e1/gnocchi.2e1faf66-669c-4cf7-b176-5e08873c5867/none_v3" "tx25c6885240d5459bb59ab-006971052d" "object-server 22" 0.0006 "-" 23 0
Jan 21 16:56:13 standalone object-server[123630]: 172.20.0.100 - - [21/Jan/2026:16:56:13 +0000] "PUT /d1/41/AUTH_f55cab2312cc42cfbc424042f96235e1/gnocchi.2e1faf66-669c-4cf7-b176-5e08873c5867/none_v3" 201 - "PUT http://localhost:8080/v1/AUTH_f55cab2312cc42cfbc424042f96235e1/gnocchi.2e1faf66-669c-4cf7-b176-5e08873c5867/none_v3" "tx25c6885240d5459bb59ab-006971052d" "proxy-server 21" 0.0112 "-" 22 0
Jan 21 16:56:13 standalone proxy-server[125651]: 172.18.0.2 ::1 21/Jan/2026/16/56/13 PUT /v1/AUTH_f55cab2312cc42cfbc424042f96235e1/gnocchi.2e1faf66-669c-4cf7-b176-5e08873c5867/none_v3 HTTP/1.0 201 - python-swiftclient-3.11.1 gAAAAABpcQTsL79W... 22 - - tx25c6885240d5459bb59ab-006971052d - 0.0200 - - 1769014573.269365549 1769014573.289401293 0
Jan 21 16:56:13 standalone container-server[123423]: 172.20.0.100 - - [21/Jan/2026:16:56:13 +0000] "HEAD /d1/641/AUTH_f55cab2312cc42cfbc424042f96235e1/gnocchi.99196caa-9aa8-437b-a62e-3cd467681917" 404 - "HEAD http://localhost:8080/v1/AUTH_f55cab2312cc42cfbc424042f96235e1/gnocchi.99196caa-9aa8-437b-a62e-3cd467681917?format=json&states=listing" "tx8791ab40f89a4521bf966-006971052d" "proxy-server 21" 0.0006 "-" 22 0
Jan 21 16:56:13 standalone object-server[123639]: 172.20.0.100 - - [21/Jan/2026:16:56:13 +0000] "GET /d1/568/AUTH_f55cab2312cc42cfbc424042f96235e1/gnocchi.99196caa-9aa8-437b-a62e-3cd467681917/none_v3" 404 70 "GET http://localhost:8080/v1/AUTH_f55cab2312cc42cfbc424042f96235e1/gnocchi.99196caa-9aa8-437b-a62e-3cd467681917/none_v3" "tx8791ab40f89a4521bf966-006971052d" "proxy-server 21" 0.0005 "-" 25 0
Jan 21 16:56:13 standalone proxy-server[125651]: 172.18.0.2 ::1 21/Jan/2026/16/56/13 GET /v1/AUTH_f55cab2312cc42cfbc424042f96235e1/gnocchi.99196caa-9aa8-437b-a62e-3cd467681917/none_v3 HTTP/1.0 404 - python-swiftclient-3.11.1 gAAAAABpcQTsL79W... - 70 - tx8791ab40f89a4521bf966-006971052d - 0.0144 - - 1769014573.306459904 1769014573.320849180 0
Jan 21 16:56:13 standalone account-server[123441]: 172.20.0.100 - - [21/Jan/2026:16:56:13 +0000] "PUT /d1/609/AUTH_f55cab2312cc42cfbc424042f96235e1/gnocchi.99196caa-9aa8-437b-a62e-3cd467681917" 201 - "PUT http://172.20.0.100:6001/d1/641/AUTH_f55cab2312cc42cfbc424042f96235e1/gnocchi.99196caa-9aa8-437b-a62e-3cd467681917" "tx5e78f2b021744aaaaafcf-006971052d" "container-server 22" 0.0062 "-" 22 0
Jan 21 16:56:13 standalone container-server[123423]: 172.20.0.100 - - [21/Jan/2026:16:56:13 +0000] "PUT /d1/641/AUTH_f55cab2312cc42cfbc424042f96235e1/gnocchi.99196caa-9aa8-437b-a62e-3cd467681917" 201 - "PUT http://localhost:8080/v1/AUTH_f55cab2312cc42cfbc424042f96235e1/gnocchi.99196caa-9aa8-437b-a62e-3cd467681917" "tx5e78f2b021744aaaaafcf-006971052d" "proxy-server 21" 0.0204 "-" 22 0
Jan 21 16:56:13 standalone proxy-server[125651]: 172.18.0.2 ::1 21/Jan/2026/16/56/13 PUT /v1/AUTH_f55cab2312cc42cfbc424042f96235e1/gnocchi.99196caa-9aa8-437b-a62e-3cd467681917 HTTP/1.0 201 - python-swiftclient-3.11.1 gAAAAABpcQTsL79W... - - - tx5e78f2b021744aaaaafcf-006971052d - 0.0281 - - 1769014573.325920582 1769014573.354035378 0
Jan 21 16:56:13 standalone container-server[123433]: 172.20.0.100 - - [21/Jan/2026:16:56:13 +0000] "HEAD /d1/641/AUTH_f55cab2312cc42cfbc424042f96235e1/gnocchi.99196caa-9aa8-437b-a62e-3cd467681917" 204 - "HEAD http://localhost:8080/v1/AUTH_f55cab2312cc42cfbc424042f96235e1/gnocchi.99196caa-9aa8-437b-a62e-3cd467681917?format=json&states=listing" "txb68ca7f768ab4f68b29fe-006971052d" "proxy-server 21" 0.0025 "-" 23 0
Jan 21 16:56:13 standalone proxy-server[125651]: - - 21/Jan/2026/16/56/13 HEAD /v1/AUTH_f55cab2312cc42cfbc424042f96235e1/gnocchi.99196caa-9aa8-437b-a62e-3cd467681917%3Fformat%3Djson%26states%3Dlisting HTTP/1.0 204 - Swift - - - - txb68ca7f768ab4f68b29fe-006971052d - 0.0085 RL - 1769014573.362314701 1769014573.370857954 0
Jan 21 16:56:13 standalone container-server[123413]: 172.20.0.100 - - [21/Jan/2026:16:56:13 +0000] "GET /d1/641/AUTH_f55cab2312cc42cfbc424042f96235e1/gnocchi.99196caa-9aa8-437b-a62e-3cd467681917" 200 2 "GET http://localhost:8080/v1/AUTH_f55cab2312cc42cfbc424042f96235e1/gnocchi.99196caa-9aa8-437b-a62e-3cd467681917?format=json&states=listing" "txb68ca7f768ab4f68b29fe-006971052d" "proxy-server 21" 0.0036 "-" 20 0
Jan 21 16:56:13 standalone proxy-server[125651]: 172.18.0.2 ::1 21/Jan/2026/16/56/13 GET /v1/AUTH_f55cab2312cc42cfbc424042f96235e1/gnocchi.99196caa-9aa8-437b-a62e-3cd467681917%3Fformat%3Djson%26states%3Dlisting HTTP/1.0 200 - python-swiftclient-3.11.1 gAAAAABpcQTsL79W... - 2 - txb68ca7f768ab4f68b29fe-006971052d - 0.0243 - - 1769014573.360363483 1769014573.384704351 0
Jan 21 16:56:13 standalone object-server[123639]: 172.20.0.100 - - [21/Jan/2026:16:56:13 +0000] "GET /d1/4/AUTH_f55cab2312cc42cfbc424042f96235e1/gnocchi.99196caa-9aa8-437b-a62e-3cd467681917/1767960000.0_mean_300.0_v3" 404 70 "GET http://localhost:8080/v1/AUTH_f55cab2312cc42cfbc424042f96235e1/gnocchi.99196caa-9aa8-437b-a62e-3cd467681917/1767960000.0_mean_300.0_v3" "tx38233801975a424e826a7-006971052d" "proxy-server 21" 0.0005 "-" 25 0
Jan 21 16:56:13 standalone proxy-server[125651]: 172.18.0.2 ::1 21/Jan/2026/16/56/13 GET /v1/AUTH_f55cab2312cc42cfbc424042f96235e1/gnocchi.99196caa-9aa8-437b-a62e-3cd467681917/1767960000.0_mean_300.0_v3 HTTP/1.0 404 - python-swiftclient-3.11.1 gAAAAABpcQTsL79W... - 70 - tx38233801975a424e826a7-006971052d - 0.0087 - - 1769014573.390701771 1769014573.399359226 0
Jan 21 16:56:13 standalone container-server[123413]: 172.20.0.100 - - [21/Jan/2026:16:56:13 +0000] "PUT /d1/641/AUTH_f55cab2312cc42cfbc424042f96235e1/gnocchi.99196caa-9aa8-437b-a62e-3cd467681917/1767960000.0_mean_300.0_v3" 201 - "PUT http://localhost:8080/d1/4/AUTH_f55cab2312cc42cfbc424042f96235e1/gnocchi.99196caa-9aa8-437b-a62e-3cd467681917/1767960000.0_mean_300.0_v3" "tx5e8afdb68910474ca893f-006971052d" "object-server 25" 0.0007 "-" 20 0
Jan 21 16:56:13 standalone object-server[123639]: 172.20.0.100 - - [21/Jan/2026:16:56:13 +0000] "PUT /d1/4/AUTH_f55cab2312cc42cfbc424042f96235e1/gnocchi.99196caa-9aa8-437b-a62e-3cd467681917/1767960000.0_mean_300.0_v3" 201 - "PUT http://localhost:8080/v1/AUTH_f55cab2312cc42cfbc424042f96235e1/gnocchi.99196caa-9aa8-437b-a62e-3cd467681917/1767960000.0_mean_300.0_v3" "tx5e8afdb68910474ca893f-006971052d" "proxy-server 21" 0.0113 "-" 25 0
Jan 21 16:56:13 standalone proxy-server[125651]: 172.18.0.2 ::1 21/Jan/2026/16/56/13 PUT /v1/AUTH_f55cab2312cc42cfbc424042f96235e1/gnocchi.99196caa-9aa8-437b-a62e-3cd467681917/1767960000.0_mean_300.0_v3 HTTP/1.0 201 - python-swiftclient-3.11.1 gAAAAABpcQTsL79W... 16 - - tx5e8afdb68910474ca893f-006971052d - 0.0195 - - 1769014573.404193163 1769014573.423661709 0
Jan 21 16:56:13 standalone container-server[123433]: 172.20.0.100 - - [21/Jan/2026:16:56:13 +0000] "PUT /d1/641/AUTH_f55cab2312cc42cfbc424042f96235e1/gnocchi.99196caa-9aa8-437b-a62e-3cd467681917/none_v3" 201 - "PUT http://localhost:8080/d1/568/AUTH_f55cab2312cc42cfbc424042f96235e1/gnocchi.99196caa-9aa8-437b-a62e-3cd467681917/none_v3" "tx107565c22ebd4cff8ccc2-006971052d" "object-server 22" 0.0006 "-" 23 0
Jan 21 16:56:13 standalone object-server[123630]: 172.20.0.100 - - [21/Jan/2026:16:56:13 +0000] "PUT /d1/568/AUTH_f55cab2312cc42cfbc424042f96235e1/gnocchi.99196caa-9aa8-437b-a62e-3cd467681917/none_v3" 201 - "PUT http://localhost:8080/v1/AUTH_f55cab2312cc42cfbc424042f96235e1/gnocchi.99196caa-9aa8-437b-a62e-3cd467681917/none_v3" "tx107565c22ebd4cff8ccc2-006971052d" "proxy-server 21" 0.0116 "-" 22 0
Jan 21 16:56:13 standalone proxy-server[125651]: 172.18.0.2 ::1 21/Jan/2026/16/56/13 PUT /v1/AUTH_f55cab2312cc42cfbc424042f96235e1/gnocchi.99196caa-9aa8-437b-a62e-3cd467681917/none_v3 HTTP/1.0 201 - python-swiftclient-3.11.1 gAAAAABpcQTsL79W... 22 - - tx107565c22ebd4cff8ccc2-006971052d - 0.0199 - - 1769014573.428218365 1769014573.448117733 0
Jan 21 16:56:17 standalone container-server[123433]: 172.20.0.100 - - [21/Jan/2026:16:56:17 +0000] "HEAD /d1/806/AUTH_f55cab2312cc42cfbc424042f96235e1/gnocchi.1416e69a-1a59-41fb-9df9-15a625f994f6" 404 - "HEAD http://localhost:8080/v1/AUTH_f55cab2312cc42cfbc424042f96235e1/gnocchi.1416e69a-1a59-41fb-9df9-15a625f994f6?format=json&states=listing" "tx6d11f5182bd544b19aa77-0069710531" "proxy-server 21" 0.0005 "-" 23 0
Jan 21 16:56:17 standalone object-server[123638]: 172.20.0.100 - - [21/Jan/2026:16:56:17 +0000] "GET /d1/467/AUTH_f55cab2312cc42cfbc424042f96235e1/gnocchi.1416e69a-1a59-41fb-9df9-15a625f994f6/none_v3" 404 70 "GET http://localhost:8080/v1/AUTH_f55cab2312cc42cfbc424042f96235e1/gnocchi.1416e69a-1a59-41fb-9df9-15a625f994f6/none_v3" "tx6d11f5182bd544b19aa77-0069710531" "proxy-server 21" 0.0010 "-" 24 0
Jan 21 16:56:17 standalone proxy-server[125651]: 172.18.0.2 ::1 21/Jan/2026/16/56/17 GET /v1/AUTH_f55cab2312cc42cfbc424042f96235e1/gnocchi.1416e69a-1a59-41fb-9df9-15a625f994f6/none_v3 HTTP/1.0 404 - python-swiftclient-3.11.1 gAAAAABpcQTsL79W... - 70 - tx6d11f5182bd544b19aa77-0069710531 - 0.0141 - - 1769014577.499480486 1769014577.513586283 0
Jan 21 16:56:17 standalone account-server[123441]: 172.20.0.100 - - [21/Jan/2026:16:56:17 +0000] "PUT /d1/609/AUTH_f55cab2312cc42cfbc424042f96235e1/gnocchi.1416e69a-1a59-41fb-9df9-15a625f994f6" 201 - "PUT http://172.20.0.100:6001/d1/806/AUTH_f55cab2312cc42cfbc424042f96235e1/gnocchi.1416e69a-1a59-41fb-9df9-15a625f994f6" "txecf667d233234661802b7-0069710531" "container-server 20" 0.0080 "-" 22 0
