Jan 21 16:56:17 standalone container-server[123413]: 172.20.0.100 - - [21/Jan/2026:16:56:17 +0000] "PUT /d1/806/AUTH_f55cab2312cc42cfbc424042f96235e1/gnocchi.1416e69a-1a59-41fb-9df9-15a625f994f6" 201 - "PUT http://localhost:8080/v1/AUTH_f55cab2312cc42cfbc424042f96235e1/gnocchi.1416e69a-1a59-41fb-9df9-15a625f994f6" "txecf667d233234661802b7-0069710531" "proxy-server 21" 0.0307 "-" 20 0
Jan 21 16:56:17 standalone proxy-server[125651]: 172.18.0.2 ::1 21/Jan/2026/16/56/17 PUT /v1/AUTH_f55cab2312cc42cfbc424042f96235e1/gnocchi.1416e69a-1a59-41fb-9df9-15a625f994f6 HTTP/1.0 201 - python-swiftclient-3.11.1 gAAAAABpcQTsL79W... - - - txecf667d233234661802b7-0069710531 - 0.0413 - - 1769014577.517920017 1769014577.559202194 0
Jan 21 16:56:17 standalone container-server[123417]: 172.20.0.100 - - [21/Jan/2026:16:56:17 +0000] "HEAD /d1/34/AUTH_f55cab2312cc42cfbc424042f96235e1/gnocchi.7b991664-ea49-4d43-b9d7-d9d6cdca0576" 404 - "HEAD http://localhost:8080/v1/AUTH_f55cab2312cc42cfbc424042f96235e1/gnocchi.7b991664-ea49-4d43-b9d7-d9d6cdca0576?format=json&states=listing" "tx97825a94f7384a919601c-0069710531" "proxy-server 21" 0.0010 "-" 21 0
Jan 21 16:56:17 standalone object-server[123638]: 172.20.0.100 - - [21/Jan/2026:16:56:17 +0000] "GET /d1/868/AUTH_f55cab2312cc42cfbc424042f96235e1/gnocchi.7b991664-ea49-4d43-b9d7-d9d6cdca0576/none_v3" 404 70 "GET http://localhost:8080/v1/AUTH_f55cab2312cc42cfbc424042f96235e1/gnocchi.7b991664-ea49-4d43-b9d7-d9d6cdca0576/none_v3" "tx97825a94f7384a919601c-0069710531" "proxy-server 21" 0.0007 "-" 24 0
Jan 21 16:56:17 standalone proxy-server[125651]: 172.18.0.2 ::1 21/Jan/2026/16/56/17 GET /v1/AUTH_f55cab2312cc42cfbc424042f96235e1/gnocchi.7b991664-ea49-4d43-b9d7-d9d6cdca0576/none_v3 HTTP/1.0 404 - python-swiftclient-3.11.1 gAAAAABpcQTsL79W... - 70 - tx97825a94f7384a919601c-0069710531 - 0.0197 - - 1769014577.562901974 1769014577.582634449 0
Jan 21 16:56:17 standalone account-server[123441]: 172.20.0.100 - - [21/Jan/2026:16:56:17 +0000] "PUT /d1/609/AUTH_f55cab2312cc42cfbc424042f96235e1/gnocchi.7b991664-ea49-4d43-b9d7-d9d6cdca0576" 201 - "PUT http://172.20.0.100:6001/d1/34/AUTH_f55cab2312cc42cfbc424042f96235e1/gnocchi.7b991664-ea49-4d43-b9d7-d9d6cdca0576" "tx54d5105f5d2b4086865b2-0069710531" "container-server 23" 0.0069 "-" 22 0
Jan 21 16:56:17 standalone container-server[123433]: 172.20.0.100 - - [21/Jan/2026:16:56:17 +0000] "PUT /d1/34/AUTH_f55cab2312cc42cfbc424042f96235e1/gnocchi.7b991664-ea49-4d43-b9d7-d9d6cdca0576" 201 - "PUT http://localhost:8080/v1/AUTH_f55cab2312cc42cfbc424042f96235e1/gnocchi.7b991664-ea49-4d43-b9d7-d9d6cdca0576" "tx54d5105f5d2b4086865b2-0069710531" "proxy-server 21" 0.0205 "-" 23 0
Jan 21 16:56:17 standalone proxy-server[125651]: 172.18.0.2 ::1 21/Jan/2026/16/56/17 PUT /v1/AUTH_f55cab2312cc42cfbc424042f96235e1/gnocchi.7b991664-ea49-4d43-b9d7-d9d6cdca0576 HTTP/1.0 201 - python-swiftclient-3.11.1 gAAAAABpcQTsL79W... - - - tx54d5105f5d2b4086865b2-0069710531 - 0.0326 - - 1769014577.586433172 1769014577.619007349 0
Jan 21 16:56:17 standalone container-server[123423]: 172.20.0.100 - - [21/Jan/2026:16:56:17 +0000] "HEAD /d1/806/AUTH_f55cab2312cc42cfbc424042f96235e1/gnocchi.1416e69a-1a59-41fb-9df9-15a625f994f6" 204 - "HEAD http://localhost:8080/v1/AUTH_f55cab2312cc42cfbc424042f96235e1/gnocchi.1416e69a-1a59-41fb-9df9-15a625f994f6?format=json&states=listing" "tx16c9d17add374e488d41f-0069710531" "proxy-server 21" 0.0032 "-" 22 0
Jan 21 16:56:17 standalone proxy-server[125651]: - - 21/Jan/2026/16/56/17 HEAD /v1/AUTH_f55cab2312cc42cfbc424042f96235e1/gnocchi.1416e69a-1a59-41fb-9df9-15a625f994f6%3Fformat%3Djson%26states%3Dlisting HTTP/1.0 204 - Swift - - - - tx16c9d17add374e488d41f-0069710531 - 0.0173 RL - 1769014577.626148462 1769014577.643462420 0
Jan 21 16:56:17 standalone container-server[123433]: 172.20.0.100 - - [21/Jan/2026:16:56:17 +0000] "GET /d1/806/AUTH_f55cab2312cc42cfbc424042f96235e1/gnocchi.1416e69a-1a59-41fb-9df9-15a625f994f6" 200 2 "GET http://localhost:8080/v1/AUTH_f55cab2312cc42cfbc424042f96235e1/gnocchi.1416e69a-1a59-41fb-9df9-15a625f994f6?format=json&states=listing" "tx16c9d17add374e488d41f-0069710531" "proxy-server 21" 0.0028 "-" 23 0
Jan 21 16:56:17 standalone proxy-server[125651]: 172.18.0.2 ::1 21/Jan/2026/16/56/17 GET /v1/AUTH_f55cab2312cc42cfbc424042f96235e1/gnocchi.1416e69a-1a59-41fb-9df9-15a625f994f6%3Fformat%3Djson%26states%3Dlisting HTTP/1.0 200 - python-swiftclient-3.11.1 gAAAAABpcQTsL79W... - 2 - tx16c9d17add374e488d41f-0069710531 - 0.0313 - - 1769014577.624454975 1769014577.655762434 0
Jan 21 16:56:17 standalone container-server[123413]: 172.20.0.100 - - [21/Jan/2026:16:56:17 +0000] "HEAD /d1/34/AUTH_f55cab2312cc42cfbc424042f96235e1/gnocchi.7b991664-ea49-4d43-b9d7-d9d6cdca0576" 204 - "HEAD http://localhost:8080/v1/AUTH_f55cab2312cc42cfbc424042f96235e1/gnocchi.7b991664-ea49-4d43-b9d7-d9d6cdca0576?format=json&states=listing" "txba92f9d0345e4ed69fb48-0069710531" "proxy-server 21" 0.0036 "-" 20 0
Jan 21 16:56:17 standalone proxy-server[125651]: - - 21/Jan/2026/16/56/17 HEAD /v1/AUTH_f55cab2312cc42cfbc424042f96235e1/gnocchi.7b991664-ea49-4d43-b9d7-d9d6cdca0576%3Fformat%3Djson%26states%3Dlisting HTTP/1.0 204 - Swift - - - - txba92f9d0345e4ed69fb48-0069710531 - 0.0097 RL - 1769014577.665085077 1769014577.674752712 0
Jan 21 16:56:17 standalone container-server[123413]: 172.20.0.100 - - [21/Jan/2026:16:56:17 +0000] "GET /d1/34/AUTH_f55cab2312cc42cfbc424042f96235e1/gnocchi.7b991664-ea49-4d43-b9d7-d9d6cdca0576" 200 2 "GET http://localhost:8080/v1/AUTH_f55cab2312cc42cfbc424042f96235e1/gnocchi.7b991664-ea49-4d43-b9d7-d9d6cdca0576?format=json&states=listing" "txba92f9d0345e4ed69fb48-0069710531" "proxy-server 21" 0.0051 "-" 20 0
Jan 21 16:56:17 standalone proxy-server[125651]: 172.18.0.2 ::1 21/Jan/2026/16/56/17 GET /v1/AUTH_f55cab2312cc42cfbc424042f96235e1/gnocchi.7b991664-ea49-4d43-b9d7-d9d6cdca0576%3Fformat%3Djson%26states%3Dlisting HTTP/1.0 200 - python-swiftclient-3.11.1 gAAAAABpcQTsL79W... - 2 - txba92f9d0345e4ed69fb48-0069710531 - 0.0257 - - 1769014577.663607836 1769014577.689276695 0
Jan 21 16:56:17 standalone object-server[123635]: 172.20.0.100 - - [21/Jan/2026:16:56:17 +0000] "GET /d1/252/AUTH_f55cab2312cc42cfbc424042f96235e1/gnocchi.1416e69a-1a59-41fb-9df9-15a625f994f6/1767960000.0_mean_300.0_v3" 404 70 "GET http://localhost:8080/v1/AUTH_f55cab2312cc42cfbc424042f96235e1/gnocchi.1416e69a-1a59-41fb-9df9-15a625f994f6/1767960000.0_mean_300.0_v3" "tx58ed2a611aa845fab359a-0069710531" "proxy-server 21" 0.0007 "-" 23 0
Jan 21 16:56:17 standalone proxy-server[125651]: 172.18.0.2 ::1 21/Jan/2026/16/56/17 GET /v1/AUTH_f55cab2312cc42cfbc424042f96235e1/gnocchi.1416e69a-1a59-41fb-9df9-15a625f994f6/1767960000.0_mean_300.0_v3 HTTP/1.0 404 - python-swiftclient-3.11.1 gAAAAABpcQTsL79W... - 70 - tx58ed2a611aa845fab359a-0069710531 - 0.0094 - - 1769014577.693793297 1769014577.703242064 0
Jan 21 16:56:17 standalone object-server[123639]: 172.20.0.100 - - [21/Jan/2026:16:56:17 +0000] "GET /d1/541/AUTH_f55cab2312cc42cfbc424042f96235e1/gnocchi.7b991664-ea49-4d43-b9d7-d9d6cdca0576/1767960000.0_mean_300.0_v3" 404 70 "GET http://localhost:8080/v1/AUTH_f55cab2312cc42cfbc424042f96235e1/gnocchi.7b991664-ea49-4d43-b9d7-d9d6cdca0576/1767960000.0_mean_300.0_v3" "tx5b64f18557854d21af6af-0069710531" "proxy-server 21" 0.0008 "-" 25 0
Jan 21 16:56:17 standalone proxy-server[125651]: 172.18.0.2 ::1 21/Jan/2026/16/56/17 GET /v1/AUTH_f55cab2312cc42cfbc424042f96235e1/gnocchi.7b991664-ea49-4d43-b9d7-d9d6cdca0576/1767960000.0_mean_300.0_v3 HTTP/1.0 404 - python-swiftclient-3.11.1 gAAAAABpcQTsL79W... - 70 - tx5b64f18557854d21af6af-0069710531 - 0.0107 - - 1769014577.706613064 1769014577.717302322 0
Jan 21 16:56:17 standalone container-server[123433]: 172.20.0.100 - - [21/Jan/2026:16:56:17 +0000] "PUT /d1/806/AUTH_f55cab2312cc42cfbc424042f96235e1/gnocchi.1416e69a-1a59-41fb-9df9-15a625f994f6/1767960000.0_mean_300.0_v3" 201 - "PUT http://localhost:8080/d1/252/AUTH_f55cab2312cc42cfbc424042f96235e1/gnocchi.1416e69a-1a59-41fb-9df9-15a625f994f6/1767960000.0_mean_300.0_v3" "txf314f8bc2c384544a9e20-0069710531" "object-server 25" 0.0007 "-" 23 0
Jan 21 16:56:17 standalone object-server[123639]: 172.20.0.100 - - [21/Jan/2026:16:56:17 +0000] "PUT /d1/252/AUTH_f55cab2312cc42cfbc424042f96235e1/gnocchi.1416e69a-1a59-41fb-9df9-15a625f994f6/1767960000.0_mean_300.0_v3" 201 - "PUT http://localhost:8080/v1/AUTH_f55cab2312cc42cfbc424042f96235e1/gnocchi.1416e69a-1a59-41fb-9df9-15a625f994f6/1767960000.0_mean_300.0_v3" "txf314f8bc2c384544a9e20-0069710531" "proxy-server 21" 0.0135 "-" 25 0
Jan 21 16:56:17 standalone proxy-server[125651]: 172.18.0.2 ::1 21/Jan/2026/16/56/17 PUT /v1/AUTH_f55cab2312cc42cfbc424042f96235e1/gnocchi.1416e69a-1a59-41fb-9df9-15a625f994f6/1767960000.0_mean_300.0_v3 HTTP/1.0 201 - python-swiftclient-3.11.1 gAAAAABpcQTsL79W... 16 - - txf314f8bc2c384544a9e20-0069710531 - 0.0228 - - 1769014577.721343756 1769014577.744142532 0
Jan 21 16:56:17 standalone container-server[123433]: 172.20.0.100 - - [21/Jan/2026:16:56:17 +0000] "PUT /d1/34/AUTH_f55cab2312cc42cfbc424042f96235e1/gnocchi.7b991664-ea49-4d43-b9d7-d9d6cdca0576/1767960000.0_mean_300.0_v3" 201 - "PUT http://localhost:8080/d1/541/AUTH_f55cab2312cc42cfbc424042f96235e1/gnocchi.7b991664-ea49-4d43-b9d7-d9d6cdca0576/1767960000.0_mean_300.0_v3" "tx750808218d2f4c16b847a-0069710531" "object-server 24" 0.0007 "-" 23 0
Jan 21 16:56:17 standalone object-server[123638]: 172.20.0.100 - - [21/Jan/2026:16:56:17 +0000] "PUT /d1/541/AUTH_f55cab2312cc42cfbc424042f96235e1/gnocchi.7b991664-ea49-4d43-b9d7-d9d6cdca0576/1767960000.0_mean_300.0_v3" 201 - "PUT http://localhost:8080/v1/AUTH_f55cab2312cc42cfbc424042f96235e1/gnocchi.7b991664-ea49-4d43-b9d7-d9d6cdca0576/1767960000.0_mean_300.0_v3" "tx750808218d2f4c16b847a-0069710531" "proxy-server 21" 0.0438 "-" 24 0
Jan 21 16:56:17 standalone proxy-server[125651]: 172.18.0.2 ::1 21/Jan/2026/16/56/17 PUT /v1/AUTH_f55cab2312cc42cfbc424042f96235e1/gnocchi.7b991664-ea49-4d43-b9d7-d9d6cdca0576/1767960000.0_mean_300.0_v3 HTTP/1.0 201 - python-swiftclient-3.11.1 gAAAAABpcQTsL79W... 16 - - tx750808218d2f4c16b847a-0069710531 - 0.0546 - - 1769014577.753461599 1769014577.808100700 0
Jan 21 16:56:17 standalone container-server[123417]: 172.20.0.100 - - [21/Jan/2026:16:56:17 +0000] "PUT /d1/806/AUTH_f55cab2312cc42cfbc424042f96235e1/gnocchi.1416e69a-1a59-41fb-9df9-15a625f994f6/none_v3" 201 - "PUT http://localhost:8080/d1/467/AUTH_f55cab2312cc42cfbc424042f96235e1/gnocchi.1416e69a-1a59-41fb-9df9-15a625f994f6/none_v3" "tx5a07c72b75f44107b6ef0-0069710531" "object-server 24" 0.0018 "-" 21 0
Jan 21 16:56:17 standalone object-server[123638]: 172.20.0.100 - - [21/Jan/2026:16:56:17 +0000] "PUT /d1/467/AUTH_f55cab2312cc42cfbc424042f96235e1/gnocchi.1416e69a-1a59-41fb-9df9-15a625f994f6/none_v3" 201 - "PUT http://localhost:8080/v1/AUTH_f55cab2312cc42cfbc424042f96235e1/gnocchi.1416e69a-1a59-41fb-9df9-15a625f994f6/none_v3" "tx5a07c72b75f44107b6ef0-0069710531" "proxy-server 21" 0.0254 "-" 24 0
Jan 21 16:56:17 standalone proxy-server[125651]: 172.18.0.2 ::1 21/Jan/2026/16/56/17 PUT /v1/AUTH_f55cab2312cc42cfbc424042f96235e1/gnocchi.1416e69a-1a59-41fb-9df9-15a625f994f6/none_v3 HTTP/1.0 201 - python-swiftclient-3.11.1 gAAAAABpcQTsL79W... 22 - - tx5a07c72b75f44107b6ef0-0069710531 - 0.0378 - - 1769014577.814702749 1769014577.852522850 0
Jan 21 16:56:17 standalone container-server[123423]: 172.20.0.100 - - [21/Jan/2026:16:56:17 +0000] "PUT /d1/34/AUTH_f55cab2312cc42cfbc424042f96235e1/gnocchi.7b991664-ea49-4d43-b9d7-d9d6cdca0576/none_v3" 201 - "PUT http://localhost:8080/d1/868/AUTH_f55cab2312cc42cfbc424042f96235e1/gnocchi.7b991664-ea49-4d43-b9d7-d9d6cdca0576/none_v3" "tx874c827e56fe4f9a9a411-0069710531" "object-server 23" 0.0012 "-" 22 0
Jan 21 16:56:17 standalone object-server[123635]: 172.20.0.100 - - [21/Jan/2026:16:56:17 +0000] "PUT /d1/868/AUTH_f55cab2312cc42cfbc424042f96235e1/gnocchi.7b991664-ea49-4d43-b9d7-d9d6cdca0576/none_v3" 201 - "PUT http://localhost:8080/v1/AUTH_f55cab2312cc42cfbc424042f96235e1/gnocchi.7b991664-ea49-4d43-b9d7-d9d6cdca0576/none_v3" "tx874c827e56fe4f9a9a411-0069710531" "proxy-server 21" 0.0158 "-" 23 0
Jan 21 16:56:17 standalone proxy-server[125651]: 172.18.0.2 ::1 21/Jan/2026/16/56/17 PUT /v1/AUTH_f55cab2312cc42cfbc424042f96235e1/gnocchi.7b991664-ea49-4d43-b9d7-d9d6cdca0576/none_v3 HTTP/1.0 201 - python-swiftclient-3.11.1 gAAAAABpcQTsL79W... 22 - - tx874c827e56fe4f9a9a411-0069710531 - 0.0306 - - 1769014577.864256859 1769014577.894841194 0
Jan 21 16:56:17 standalone container-server[123423]: 172.20.0.100 - - [21/Jan/2026:16:56:17 +0000] "HEAD /d1/901/AUTH_f55cab2312cc42cfbc424042f96235e1/gnocchi.c0a442e2-c516-4a2f-bae7-f342bda551b7" 404 - "HEAD http://localhost:8080/v1/AUTH_f55cab2312cc42cfbc424042f96235e1/gnocchi.c0a442e2-c516-4a2f-bae7-f342bda551b7?format=json&states=listing" "txb9a0feee94f145f8819da-0069710531" "proxy-server 21" 0.0010 "-" 22 0
Jan 21 16:56:17 standalone object-server[123638]: 172.20.0.100 - - [21/Jan/2026:16:56:17 +0000] "GET /d1/998/AUTH_f55cab2312cc42cfbc424042f96235e1/gnocchi.c0a442e2-c516-4a2f-bae7-f342bda551b7/none_v3" 404 70 "GET http://localhost:8080/v1/AUTH_f55cab2312cc42cfbc424042f96235e1/gnocchi.c0a442e2-c516-4a2f-bae7-f342bda551b7/none_v3" "txb9a0feee94f145f8819da-0069710531" "proxy-server 21" 0.0007 "-" 24 0
Jan 21 16:56:17 standalone proxy-server[125651]: 172.18.0.2 ::1 21/Jan/2026/16/56/17 GET /v1/AUTH_f55cab2312cc42cfbc424042f96235e1/gnocchi.c0a442e2-c516-4a2f-bae7-f342bda551b7/none_v3 HTTP/1.0 404 - python-swiftclient-3.11.1 gAAAAABpcQTsL79W... - 70 - txb9a0feee94f145f8819da-0069710531 - 0.0145 - - 1769014577.967563868 1769014577.982095718 0
Jan 21 16:56:18 standalone account-server[123448]: 172.20.0.100 - - [21/Jan/2026:16:56:18 +0000] "PUT /d1/609/AUTH_f55cab2312cc42cfbc424042f96235e1/gnocchi.c0a442e2-c516-4a2f-bae7-f342bda551b7" 201 - "PUT http://172.20.0.100:6001/d1/901/AUTH_f55cab2312cc42cfbc424042f96235e1/gnocchi.c0a442e2-c516-4a2f-bae7-f342bda551b7" "tx72f1fc9a1d6943d5bbfa2-0069710531" "container-server 20" 0.0100 "-" 23 0
Jan 21 16:56:18 standalone container-server[123413]: 172.20.0.100 - - [21/Jan/2026:16:56:18 +0000] "PUT /d1/901/AUTH_f55cab2312cc42cfbc424042f96235e1/gnocchi.c0a442e2-c516-4a2f-bae7-f342bda551b7" 201 - "PUT http://localhost:8080/v1/AUTH_f55cab2312cc42cfbc424042f96235e1/gnocchi.c0a442e2-c516-4a2f-bae7-f342bda551b7" "tx72f1fc9a1d6943d5bbfa2-0069710531" "proxy-server 21" 0.0292 "-" 20 0
Jan 21 16:56:18 standalone proxy-server[125651]: 172.18.0.2 ::1 21/Jan/2026/16/56/18 PUT /v1/AUTH_f55cab2312cc42cfbc424042f96235e1/gnocchi.c0a442e2-c516-4a2f-bae7-f342bda551b7 HTTP/1.0 201 - python-swiftclient-3.11.1 gAAAAABpcQTsL79W... - - - tx72f1fc9a1d6943d5bbfa2-0069710531 - 0.0366 - - 1769014577.987333059 1769014578.023909807 0
Jan 21 16:56:18 standalone container-server[123423]: 172.20.0.100 - - [21/Jan/2026:16:56:18 +0000] "HEAD /d1/901/AUTH_f55cab2312cc42cfbc424042f96235e1/gnocchi.c0a442e2-c516-4a2f-bae7-f342bda551b7" 204 - "HEAD http://localhost:8080/v1/AUTH_f55cab2312cc42cfbc424042f96235e1/gnocchi.c0a442e2-c516-4a2f-bae7-f342bda551b7?format=json&states=listing" "txd9ee30c85ba1426eacc99-0069710532" "proxy-server 21" 0.0029 "-" 22 0
Jan 21 16:56:18 standalone proxy-server[125651]: - - 21/Jan/2026/16/56/18 HEAD /v1/AUTH_f55cab2312cc42cfbc424042f96235e1/gnocchi.c0a442e2-c516-4a2f-bae7-f342bda551b7%3Fformat%3Djson%26states%3Dlisting HTTP/1.0 204 - Swift - - - - txd9ee30c85ba1426eacc99-0069710532 - 0.0085 RL - 1769014578.031952620 1769014578.040477037 0
Jan 21 16:56:18 standalone container-server[123423]: 172.20.0.100 - - [21/Jan/2026:16:56:18 +0000] "GET /d1/901/AUTH_f55cab2312cc42cfbc424042f96235e1/gnocchi.c0a442e2-c516-4a2f-bae7-f342bda551b7" 200 2 "GET http://localhost:8080/v1/AUTH_f55cab2312cc42cfbc424042f96235e1/gnocchi.c0a442e2-c516-4a2f-bae7-f342bda551b7?format=json&states=listing" "txd9ee30c85ba1426eacc99-0069710532" "proxy-server 21" 0.0050 "-" 22 0
Jan 21 16:56:18 standalone proxy-server[125651]: 172.18.0.2 ::1 21/Jan/2026/16/56/18 GET /v1/AUTH_f55cab2312cc42cfbc424042f96235e1/gnocchi.c0a442e2-c516-4a2f-bae7-f342bda551b7%3Fformat%3Djson%26states%3Dlisting HTTP/1.0 200 - python-swiftclient-3.11.1 gAAAAABpcQTsL79W... - 2 - txd9ee30c85ba1426eacc99-0069710532 - 0.0222 - - 1769014578.030186892 1769014578.052365303 0
Jan 21 16:56:18 standalone object-server[123638]: 172.20.0.100 - - [21/Jan/2026:16:56:18 +0000] "GET /d1/823/AUTH_f55cab2312cc42cfbc424042f96235e1/gnocchi.c0a442e2-c516-4a2f-bae7-f342bda551b7/1767960000.0_mean_300.0_v3" 404 70 "GET http://localhost:8080/v1/AUTH_f55cab2312cc42cfbc424042f96235e1/gnocchi.c0a442e2-c516-4a2f-bae7-f342bda551b7/1767960000.0_mean_300.0_v3" "txd358416728ed40bf8338c-0069710532" "proxy-server 21" 0.0008 "-" 24 0
Jan 21 16:56:18 standalone proxy-server[125651]: 172.18.0.2 ::1 21/Jan/2026/16/56/18 GET /v1/AUTH_f55cab2312cc42cfbc424042f96235e1/gnocchi.c0a442e2-c516-4a2f-bae7-f342bda551b7/1767960000.0_mean_300.0_v3 HTTP/1.0 404 - python-swiftclient-3.11.1 gAAAAABpcQTsL79W... - 70 - txd358416728ed40bf8338c-0069710532 - 0.0089 - - 1769014578.059530735 1769014578.068396330 0
Jan 21 16:56:18 standalone container-server[123413]: 172.20.0.100 - - [21/Jan/2026:16:56:18 +0000] "PUT /d1/901/AUTH_f55cab2312cc42cfbc424042f96235e1/gnocchi.c0a442e2-c516-4a2f-bae7-f342bda551b7/1767960000.0_mean_300.0_v3" 201 - "PUT http://localhost:8080/d1/823/AUTH_f55cab2312cc42cfbc424042f96235e1/gnocchi.c0a442e2-c516-4a2f-bae7-f342bda551b7/1767960000.0_mean_300.0_v3" "tx380a9b6a287c457a8ae86-0069710532" "object-server 22" 0.0014 "-" 20 0
Jan 21 16:56:18 standalone object-server[123630]: 172.20.0.100 - - [21/Jan/2026:16:56:18 +0000] "PUT /d1/823/AUTH_f55cab2312cc42cfbc424042f96235e1/gnocchi.c0a442e2-c516-4a2f-bae7-f342bda551b7/1767960000.0_mean_300.0_v3" 201 - "PUT http://localhost:8080/v1/AUTH_f55cab2312cc42cfbc424042f96235e1/gnocchi.c0a442e2-c516-4a2f-bae7-f342bda551b7/1767960000.0_mean_300.0_v3" "tx380a9b6a287c457a8ae86-0069710532" "proxy-server 21" 0.0212 "-" 22 0
Jan 21 16:56:18 standalone proxy-server[125651]: 172.18.0.2 ::1 21/Jan/2026/16/56/18 PUT /v1/AUTH_f55cab2312cc42cfbc424042f96235e1/gnocchi.c0a442e2-c516-4a2f-bae7-f342bda551b7/1767960000.0_mean_300.0_v3 HTTP/1.0 201 - python-swiftclient-3.11.1 gAAAAABpcQTsL79W... 16 - - tx380a9b6a287c457a8ae86-0069710532 - 0.0312 - - 1769014578.074615717 1769014578.105776310 0
Jan 21 16:56:18 standalone container-server[123413]: 172.20.0.100 - - [21/Jan/2026:16:56:18 +0000] "PUT /d1/901/AUTH_f55cab2312cc42cfbc424042f96235e1/gnocchi.c0a442e2-c516-4a2f-bae7-f342bda551b7/none_v3" 201 - "PUT http://localhost:8080/d1/998/AUTH_f55cab2312cc42cfbc424042f96235e1/gnocchi.c0a442e2-c516-4a2f-bae7-f342bda551b7/none_v3" "tx8d1364d941c949c78426e-0069710532" "object-server 24" 0.0011 "-" 20 0
Jan 21 16:56:18 standalone object-server[123638]: 172.20.0.100 - - [21/Jan/2026:16:56:18 +0000] "PUT /d1/998/AUTH_f55cab2312cc42cfbc424042f96235e1/gnocchi.c0a442e2-c516-4a2f-bae7-f342bda551b7/none_v3" 201 - "PUT http://localhost:8080/v1/AUTH_f55cab2312cc42cfbc424042f96235e1/gnocchi.c0a442e2-c516-4a2f-bae7-f342bda551b7/none_v3" "tx8d1364d941c949c78426e-0069710532" "proxy-server 21" 0.0179 "-" 24 0
Jan 21 16:56:18 standalone proxy-server[125651]: 172.18.0.2 ::1 21/Jan/2026/16/56/18 PUT /v1/AUTH_f55cab2312cc42cfbc424042f96235e1/gnocchi.c0a442e2-c516-4a2f-bae7-f342bda551b7/none_v3 HTTP/1.0 201 - python-swiftclient-3.11.1 gAAAAABpcQTsL79W... 22 - - tx8d1364d941c949c78426e-0069710532 - 0.0269 - - 1769014578.111032724 1769014578.137964725 0
Jan 21 16:56:18 standalone container-server[123433]: 172.20.0.100 - - [21/Jan/2026:16:56:18 +0000] "HEAD /d1/654/AUTH_f55cab2312cc42cfbc424042f96235e1/gnocchi.355d43cc-120a-45ad-a7de-00fade60e704" 404 - "HEAD http://localhost:8080/v1/AUTH_f55cab2312cc42cfbc424042f96235e1/gnocchi.355d43cc-120a-45ad-a7de-00fade60e704?format=json&states=listing" "tx58ce44e2ec754a2195feb-0069710532" "proxy-server 21" 0.0006 "-" 23 0
Jan 21 16:56:18 standalone object-server[123630]: 172.20.0.100 - - [21/Jan/2026:16:56:18 +0000] "GET /d1/103/AUTH_f55cab2312cc42cfbc424042f96235e1/gnocchi.355d43cc-120a-45ad-a7de-00fade60e704/none_v3" 404 70 "GET http://localhost:8080/v1/AUTH_f55cab2312cc42cfbc424042f96235e1/gnocchi.355d43cc-120a-45ad-a7de-00fade60e704/none_v3" "tx58ce44e2ec754a2195feb-0069710532" "proxy-server 21" 0.0008 "-" 22 0
Jan 21 16:56:18 standalone proxy-server[125651]: 172.18.0.2 ::1 21/Jan/2026/16/56/18 GET /v1/AUTH_f55cab2312cc42cfbc424042f96235e1/gnocchi.355d43cc-120a-45ad-a7de-00fade60e704/none_v3 HTTP/1.0 404 - python-swiftclient-3.11.1 gAAAAABpcQTsL79W... - 70 - tx58ce44e2ec754a2195feb-0069710532 - 0.0153 - - 1769014578.171574354 1769014578.186864614 0
Jan 21 16:56:18 standalone account-server[123448]: 172.20.0.100 - - [21/Jan/2026:16:56:18 +0000] "PUT /d1/609/AUTH_f55cab2312cc42cfbc424042f96235e1/gnocchi.355d43cc-120a-45ad-a7de-00fade60e704" 201 - "PUT http://172.20.0.100:6001/d1/654/AUTH_f55cab2312cc42cfbc424042f96235e1/gnocchi.355d43cc-120a-45ad-a7de-00fade60e704" "tx44a78417eb904af9a6ba2-0069710532" "container-server 21" 0.0076 "-" 23 0
Jan 21 16:56:18 standalone container-server[123417]: 172.20.0.100 - - [21/Jan/2026:16:56:18 +0000] "PUT /d1/654/AUTH_f55cab2312cc42cfbc424042f96235e1/gnocchi.355d43cc-120a-45ad-a7de-00fade60e704" 201 - "PUT http://localhost:8080/v1/AUTH_f55cab2312cc42cfbc424042f96235e1/gnocchi.355d43cc-120a-45ad-a7de-00fade60e704" "tx44a78417eb904af9a6ba2-0069710532" "proxy-server 21" 0.0328 "-" 21 0
Jan 21 16:56:18 standalone proxy-server[125651]: 172.18.0.2 ::1 21/Jan/2026/16/56/18 PUT /v1/AUTH_f55cab2312cc42cfbc424042f96235e1/gnocchi.355d43cc-120a-45ad-a7de-00fade60e704 HTTP/1.0 201 - python-swiftclient-3.11.1 gAAAAABpcQTsL79W... - - - tx44a78417eb904af9a6ba2-0069710532 - 0.0419 - - 1769014578.192834854 1769014578.234748125 0
Jan 21 16:56:18 standalone container-server[123413]: 172.20.0.100 - - [21/Jan/2026:16:56:18 +0000] "HEAD /d1/654/AUTH_f55cab2312cc42cfbc424042f96235e1/gnocchi.355d43cc-120a-45ad-a7de-00fade60e704" 204 - "HEAD http://localhost:8080/v1/AUTH_f55cab2312cc42cfbc424042f96235e1/gnocchi.355d43cc-120a-45ad-a7de-00fade60e704?format=json&states=listing" "tx7b8c58708f5f426082071-0069710532" "proxy-server 21" 0.0032 "-" 20 0
Jan 21 16:56:18 standalone proxy-server[125651]: - - 21/Jan/2026/16/56/18 HEAD /v1/AUTH_f55cab2312cc42cfbc424042f96235e1/gnocchi.355d43cc-120a-45ad-a7de-00fade60e704%3Fformat%3Djson%26states%3Dlisting HTTP/1.0 204 - Swift - - - - tx7b8c58708f5f426082071-0069710532 - 0.0092 RL - 1769014578.244462252 1769014578.253663778 0
Jan 21 16:56:18 standalone container-server[123433]: 172.20.0.100 - - [21/Jan/2026:16:56:18 +0000] "GET /d1/654/AUTH_f55cab2312cc42cfbc424042f96235e1/gnocchi.355d43cc-120a-45ad-a7de-00fade60e704" 200 2 "GET http://localhost:8080/v1/AUTH_f55cab2312cc42cfbc424042f96235e1/gnocchi.355d43cc-120a-45ad-a7de-00fade60e704?format=json&states=listing" "tx7b8c58708f5f426082071-0069710532" "proxy-server 21" 0.0022 "-" 23 0
Jan 21 16:56:18 standalone proxy-server[125651]: 172.18.0.2 ::1 21/Jan/2026/16/56/18 GET /v1/AUTH_f55cab2312cc42cfbc424042f96235e1/gnocchi.355d43cc-120a-45ad-a7de-00fade60e704%3Fformat%3Djson%26states%3Dlisting HTTP/1.0 200 - python-swiftclient-3.11.1 gAAAAABpcQTsL79W... - 2 - tx7b8c58708f5f426082071-0069710532 - 0.0226 - - 1769014578.242325544 1769014578.264899731 0
Jan 21 16:56:18 standalone object-server[123639]: 172.20.0.100 - - [21/Jan/2026:16:56:18 +0000] "GET /d1/503/AUTH_f55cab2312cc42cfbc424042f96235e1/gnocchi.355d43cc-120a-45ad-a7de-00fade60e704/1767960000.0_mean_300.0_v3" 404 70 "GET http://localhost:8080/v1/AUTH_f55cab2312cc42cfbc424042f96235e1/gnocchi.355d43cc-120a-45ad-a7de-00fade60e704/1767960000.0_mean_300.0_v3" "tx23f0b24709db451b9722a-0069710532" "proxy-server 21" 0.0008 "-" 25 0
Jan 21 16:56:18 standalone proxy-server[125651]: 172.18.0.2 ::1 21/Jan/2026/16/56/18 GET /v1/AUTH_f55cab2312cc42cfbc424042f96235e1/gnocchi.355d43cc-120a-45ad-a7de-00fade60e704/1767960000.0_mean_300.0_v3 HTTP/1.0 404 - python-swiftclient-3.11.1 gAAAAABpcQTsL79W... - 70 - tx23f0b24709db451b9722a-0069710532 - 0.0100 - - 1769014578.272794724 1769014578.282842636 0
Jan 21 16:56:18 standalone container-server[123413]: 172.20.0.100 - - [21/Jan/2026:16:56:18 +0000] "PUT /d1/654/AUTH_f55cab2312cc42cfbc424042f96235e1/gnocchi.355d43cc-120a-45ad-a7de-00fade60e704/1767960000.0_mean_300.0_v3" 201 - "PUT http://localhost:8080/d1/503/AUTH_f55cab2312cc42cfbc424042f96235e1/gnocchi.355d43cc-120a-45ad-a7de-00fade60e704/1767960000.0_mean_300.0_v3" "tx091fd538c2bf4ae986f9b-0069710532" "object-server 23" 0.0013 "-" 20 0
Jan 21 16:56:18 standalone object-server[123635]: 172.20.0.100 - - [21/Jan/2026:16:56:18 +0000] "PUT /d1/503/AUTH_f55cab2312cc42cfbc424042f96235e1/gnocchi.355d43cc-120a-45ad-a7de-00fade60e704/1767960000.0_mean_300.0_v3" 201 - "PUT http://localhost:8080/v1/AUTH_f55cab2312cc42cfbc424042f96235e1/gnocchi.355d43cc-120a-45ad-a7de-00fade60e704/1767960000.0_mean_300.0_v3" "tx091fd538c2bf4ae986f9b-0069710532" "proxy-server 21" 0.0147 "-" 23 0
Jan 21 16:56:18 standalone proxy-server[125651]: 172.18.0.2 ::1 21/Jan/2026/16/56/18 PUT /v1/AUTH_f55cab2312cc42cfbc424042f96235e1/gnocchi.355d43cc-120a-45ad-a7de-00fade60e704/1767960000.0_mean_300.0_v3 HTTP/1.0 201 - python-swiftclient-3.11.1 gAAAAABpcQTsL79W... 16 - - tx091fd538c2bf4ae986f9b-0069710532 - 0.0270 - - 1769014578.289667606 1769014578.316668510 0
Jan 21 16:56:18 standalone container-server[123417]: 172.20.0.100 - - [21/Jan/2026:16:56:18 +0000] "PUT /d1/654/AUTH_f55cab2312cc42cfbc424042f96235e1/gnocchi.355d43cc-120a-45ad-a7de-00fade60e704/none_v3" 201 - "PUT http://localhost:8080/d1/103/AUTH_f55cab2312cc42cfbc424042f96235e1/gnocchi.355d43cc-120a-45ad-a7de-00fade60e704/none_v3" "tx72addf6b4d464aff937e4-0069710532" "object-server 25" 0.0014 "-" 21 0
Jan 21 16:56:18 standalone object-server[123639]: 172.20.0.100 - - [21/Jan/2026:16:56:18 +0000] "PUT /d1/103/AUTH_f55cab2312cc42cfbc424042f96235e1/gnocchi.355d43cc-120a-45ad-a7de-00fade60e704/none_v3" 201 - "PUT http://localhost:8080/v1/AUTH_f55cab2312cc42cfbc424042f96235e1/gnocchi.355d43cc-120a-45ad-a7de-00fade60e704/none_v3" "tx72addf6b4d464aff937e4-0069710532" "proxy-server 21" 0.0144 "-" 25 0
Jan 21 16:56:18 standalone proxy-server[125651]: 172.18.0.2 ::1 21/Jan/2026/16/56/18 PUT /v1/AUTH_f55cab2312cc42cfbc424042f96235e1/gnocchi.355d43cc-120a-45ad-a7de-00fade60e704/none_v3 HTTP/1.0 201 - python-swiftclient-3.11.1 gAAAAABpcQTsL79W... 22 - - tx72addf6b4d464aff937e4-0069710532 - 0.0251 - - 1769014578.324685812 1769014578.349768162 0
Jan 21 16:56:18 standalone container-server[123433]: 172.20.0.100 - - [21/Jan/2026:16:56:18 +0000] "HEAD /d1/112/AUTH_f55cab2312cc42cfbc424042f96235e1/gnocchi.641f7394-56f7-4e3b-9d00-160643ec66d4" 404 - "HEAD http://localhost:8080/v1/AUTH_f55cab2312cc42cfbc424042f96235e1/gnocchi.641f7394-56f7-4e3b-9d00-160643ec66d4?format=json&states=listing" "tx55e9b36ac99241169d638-0069710532" "proxy-server 21" 0.0006 "-" 23 0
Jan 21 16:56:18 standalone object-server[123635]: 172.20.0.100 - - [21/Jan/2026:16:56:18 +0000] "GET /d1/978/AUTH_f55cab2312cc42cfbc424042f96235e1/gnocchi.641f7394-56f7-4e3b-9d00-160643ec66d4/none_v3" 404 70 "GET http://localhost:8080/v1/AUTH_f55cab2312cc42cfbc424042f96235e1/gnocchi.641f7394-56f7-4e3b-9d00-160643ec66d4/none_v3" "tx55e9b36ac99241169d638-0069710532" "proxy-server 21" 0.0006 "-" 23 0
Jan 21 16:56:18 standalone proxy-server[125651]: 172.18.0.2 ::1 21/Jan/2026/16/56/18 GET /v1/AUTH_f55cab2312cc42cfbc424042f96235e1/gnocchi.641f7394-56f7-4e3b-9d00-160643ec66d4/none_v3 HTTP/1.0 404 - python-swiftclient-3.11.1 gAAAAABpcQTsL79W... - 70 - tx55e9b36ac99241169d638-0069710532 - 0.0166 - - 1769014578.378977537 1769014578.395540476 0
Jan 21 16:56:18 standalone account-server[123448]: 172.20.0.100 - - [21/Jan/2026:16:56:18 +0000] "PUT /d1/609/AUTH_f55cab2312cc42cfbc424042f96235e1/gnocchi.641f7394-56f7-4e3b-9d00-160643ec66d4" 201 - "PUT http://172.20.0.100:6001/d1/112/AUTH_f55cab2312cc42cfbc424042f96235e1/gnocchi.641f7394-56f7-4e3b-9d00-160643ec66d4" "txa13f89be95bd43d7b829b-0069710532" "container-server 22" 0.0070 "-" 23 0
Jan 21 16:56:18 standalone container-server[123423]: 172.20.0.100 - - [21/Jan/2026:16:56:18 +0000] "PUT /d1/112/AUTH_f55cab2312cc42cfbc424042f96235e1/gnocchi.641f7394-56f7-4e3b-9d00-160643ec66d4" 201 - "PUT http://localhost:8080/v1/AUTH_f55cab2312cc42cfbc424042f96235e1/gnocchi.641f7394-56f7-4e3b-9d00-160643ec66d4" "txa13f89be95bd43d7b829b-0069710532" "proxy-server 21" 0.0397 "-" 22 0
Jan 21 16:56:18 standalone proxy-server[125651]: 172.18.0.2 ::1 21/Jan/2026/16/56/18 PUT /v1/AUTH_f55cab2312cc42cfbc424042f96235e1/gnocchi.641f7394-56f7-4e3b-9d00-160643ec66d4 HTTP/1.0 201 - python-swiftclient-3.11.1 gAAAAABpcQTsL79W... - - - txa13f89be95bd43d7b829b-0069710532 - 0.0563 - - 1769014578.400456667 1769014578.456768990 0
Jan 21 16:56:18 standalone container-server[123417]: 172.20.0.100 - - [21/Jan/2026:16:56:18 +0000] "HEAD /d1/112/AUTH_f55cab2312cc42cfbc424042f96235e1/gnocchi.641f7394-56f7-4e3b-9d00-160643ec66d4" 204 - "HEAD http://localhost:8080/v1/AUTH_f55cab2312cc42cfbc424042f96235e1/gnocchi.641f7394-56f7-4e3b-9d00-160643ec66d4?format=json&states=listing" "tx7fa1a05792044bf8901df-0069710532" "proxy-server 21" 0.0025 "-" 21 0
Jan 21 16:56:18 standalone proxy-server[125651]: - - 21/Jan/2026/16/56/18 HEAD /v1/AUTH_f55cab2312cc42cfbc424042f96235e1/gnocchi.641f7394-56f7-4e3b-9d00-160643ec66d4%3Fformat%3Djson%26states%3Dlisting HTTP/1.0 204 - Swift - - - - tx7fa1a05792044bf8901df-0069710532 - 0.0069 RL - 1769014578.464389324 1769014578.471294165 0
Jan 21 16:56:18 standalone container-server[123417]: 172.20.0.100 - - [21/Jan/2026:16:56:18 +0000] "GET /d1/112/AUTH_f55cab2312cc42cfbc424042f96235e1/gnocchi.641f7394-56f7-4e3b-9d00-160643ec66d4" 200 2 "GET http://localhost:8080/v1/AUTH_f55cab2312cc42cfbc424042f96235e1/gnocchi.641f7394-56f7-4e3b-9d00-160643ec66d4?format=json&states=listing" "tx7fa1a05792044bf8901df-0069710532" "proxy-server 21" 0.0038 "-" 21 0
Jan 21 16:56:18 standalone proxy-server[125651]: 172.18.0.2 ::1 21/Jan/2026/16/56/18 GET /v1/AUTH_f55cab2312cc42cfbc424042f96235e1/gnocchi.641f7394-56f7-4e3b-9d00-160643ec66d4%3Fformat%3Djson%26states%3Dlisting HTTP/1.0 200 - python-swiftclient-3.11.1 gAAAAABpcQTsL79W... - 2 - tx7fa1a05792044bf8901df-0069710532 - 0.0213 - - 1769014578.462565660 1769014578.483866453 0
Jan 21 16:56:18 standalone object-server[123635]: 172.20.0.100 - - [21/Jan/2026:16:56:18 +0000] "GET /d1/981/AUTH_f55cab2312cc42cfbc424042f96235e1/gnocchi.641f7394-56f7-4e3b-9d00-160643ec66d4/1767960000.0_mean_300.0_v3" 404 70 "GET http://localhost:8080/v1/AUTH_f55cab2312cc42cfbc424042f96235e1/gnocchi.641f7394-56f7-4e3b-9d00-160643ec66d4/1767960000.0_mean_300.0_v3" "txebbcb9174b3e4a18970b8-0069710532" "proxy-server 21" 0.0006 "-" 23 0
Jan 21 16:56:18 standalone proxy-server[125651]: 172.18.0.2 ::1 21/Jan/2026/16/56/18 GET /v1/AUTH_f55cab2312cc42cfbc424042f96235e1/gnocchi.641f7394-56f7-4e3b-9d00-160643ec66d4/1767960000.0_mean_300.0_v3 HTTP/1.0 404 - python-swiftclient-3.11.1 gAAAAABpcQTsL79W... - 70 - txebbcb9174b3e4a18970b8-0069710532 - 0.0119 - - 1769014578.499371290 1769014578.511296511 0
Jan 21 16:56:18 standalone container-server[123423]: 172.20.0.100 - - [21/Jan/2026:16:56:18 +0000] "PUT /d1/112/AUTH_f55cab2312cc42cfbc424042f96235e1/gnocchi.641f7394-56f7-4e3b-9d00-160643ec66d4/1767960000.0_mean_300.0_v3" 201 - "PUT http://localhost:8080/d1/981/AUTH_f55cab2312cc42cfbc424042f96235e1/gnocchi.641f7394-56f7-4e3b-9d00-160643ec66d4/1767960000.0_mean_300.0_v3" "tx5354a2739c70486ea7aa3-0069710532" "object-server 24" 0.0011 "-" 22 0
Jan 21 16:56:18 standalone object-server[123638]: 172.20.0.100 - - [21/Jan/2026:16:56:18 +0000] "PUT /d1/981/AUTH_f55cab2312cc42cfbc424042f96235e1/gnocchi.641f7394-56f7-4e3b-9d00-160643ec66d4/1767960000.0_mean_300.0_v3" 201 - "PUT http://localhost:8080/v1/AUTH_f55cab2312cc42cfbc424042f96235e1/gnocchi.641f7394-56f7-4e3b-9d00-160643ec66d4/1767960000.0_mean_300.0_v3" "tx5354a2739c70486ea7aa3-0069710532" "proxy-server 21" 0.0120 "-" 24 0
Jan 21 16:56:18 standalone proxy-server[125651]: 172.18.0.2 ::1 21/Jan/2026/16/56/18 PUT /v1/AUTH_f55cab2312cc42cfbc424042f96235e1/gnocchi.641f7394-56f7-4e3b-9d00-160643ec66d4/1767960000.0_mean_300.0_v3 HTTP/1.0 201 - python-swiftclient-3.11.1 gAAAAABpcQTsL79W... 16 - - tx5354a2739c70486ea7aa3-0069710532 - 0.0218 - - 1769014578.517113447 1769014578.538890600 0
Jan 21 16:56:18 standalone container-server[123423]: 172.20.0.100 - - [21/Jan/2026:16:56:18 +0000] "PUT /d1/112/AUTH_f55cab2312cc42cfbc424042f96235e1/gnocchi.641f7394-56f7-4e3b-9d00-160643ec66d4/none_v3" 201 - "PUT http://localhost:8080/d1/978/AUTH_f55cab2312cc42cfbc424042f96235e1/gnocchi.641f7394-56f7-4e3b-9d00-160643ec66d4/none_v3" "tx68de357a5bf84b46b80f5-0069710532" "object-server 24" 0.0010 "-" 22 0
Jan 21 16:56:18 standalone object-server[123638]: 172.20.0.100 - - [21/Jan/2026:16:56:18 +0000] "PUT /d1/978/AUTH_f55cab2312cc42cfbc424042f96235e1/gnocchi.641f7394-56f7-4e3b-9d00-160643ec66d4/none_v3" 201 - "PUT http://localhost:8080/v1/AUTH_f55cab2312cc42cfbc424042f96235e1/gnocchi.641f7394-56f7-4e3b-9d00-160643ec66d4/none_v3" "tx68de357a5bf84b46b80f5-0069710532" "proxy-server 21" 0.0117 "-" 24 0
Jan 21 16:56:18 standalone proxy-server[125651]: 172.18.0.2 ::1 21/Jan/2026/16/56/18 PUT /v1/AUTH_f55cab2312cc42cfbc424042f96235e1/gnocchi.641f7394-56f7-4e3b-9d00-160643ec66d4/none_v3 HTTP/1.0 201 - python-swiftclient-3.11.1 gAAAAABpcQTsL79W... 22 - - tx68de357a5bf84b46b80f5-0069710532 - 0.0232 - - 1769014578.543841600 1769014578.567016602 0
Jan 21 16:57:31 standalone account-server[123440]: 172.20.0.100 - - [21/Jan/2026:16:57:31 +0000] "HEAD /d1/191/.expiring_objects" 404 - "HEAD http://localhost/v1/.expiring_objects?format=json" "txb613b686414e4809a8d6a-006971057b" "proxy-server 2" 0.0006 "-" 21 -
Jan 21 16:57:31 standalone object-expirer[123303]: Pass completed in 0s; 0 objects expired (txn: txb613b686414e4809a8d6a-006971057b)
Jan 21 16:58:32 standalone account-server[123427]: 172.20.0.100 - - [21/Jan/2026:16:58:32 +0000] "HEAD /d1/609/AUTH_f55cab2312cc42cfbc424042f96235e1" 204 - "HEAD http://localhost:8080/v1/AUTH_f55cab2312cc42cfbc424042f96235e1?format=json" "tx82f3d0d57045442082862-00697105b8" "proxy-server 21" 0.0049 "-" 20 -
Jan 21 16:58:32 standalone proxy-server[125651]: - - 21/Jan/2026/16/58/32 HEAD /v1/AUTH_f55cab2312cc42cfbc424042f96235e1%3Fformat%3Djson HTTP/1.0 204 - Swift - - - - tx82f3d0d57045442082862-00697105b8 - 0.0083 RL - 1769014712.866266012 1769014712.874577999 -
Jan 21 16:58:32 standalone container-server[123423]: 172.20.0.100 - - [21/Jan/2026:16:58:32 +0000] "HEAD /d1/598/AUTH_f55cab2312cc42cfbc424042f96235e1/gnocchi.d13952a1-39ef-4182-8917-cea5c6f21f50" 404 - "HEAD http://localhost:8080/v1/AUTH_f55cab2312cc42cfbc424042f96235e1/gnocchi.d13952a1-39ef-4182-8917-cea5c6f21f50?format=json&states=listing" "tx82f3d0d57045442082862-00697105b8" "proxy-server 21" 0.0006 "-" 22 0
Jan 21 16:58:32 standalone object-server[123638]: 172.20.0.100 - - [21/Jan/2026:16:58:32 +0000] "GET /d1/392/AUTH_f55cab2312cc42cfbc424042f96235e1/gnocchi.d13952a1-39ef-4182-8917-cea5c6f21f50/none_v3" 404 70 "GET http://localhost:8080/v1/AUTH_f55cab2312cc42cfbc424042f96235e1/gnocchi.d13952a1-39ef-4182-8917-cea5c6f21f50/none_v3" "tx82f3d0d57045442082862-00697105b8" "proxy-server 21" 0.0005 "-" 24 0
Jan 21 16:58:32 standalone proxy-server[125651]: 172.18.0.2 ::1 21/Jan/2026/16/58/32 GET /v1/AUTH_f55cab2312cc42cfbc424042f96235e1/gnocchi.d13952a1-39ef-4182-8917-cea5c6f21f50/none_v3 HTTP/1.0 404 - python-swiftclient-3.11.1 gAAAAABpcQTsL79W... - 70 - tx82f3d0d57045442082862-00697105b8 - 0.0185 - - 1769014712.865463734 1769014712.883961916 0
Jan 21 16:58:32 standalone account-server[123427]: 172.20.0.100 - - [21/Jan/2026:16:58:32 +0000] "PUT /d1/609/AUTH_f55cab2312cc42cfbc424042f96235e1/gnocchi.d13952a1-39ef-4182-8917-cea5c6f21f50" 201 - "PUT http://172.20.0.100:6001/d1/598/AUTH_f55cab2312cc42cfbc424042f96235e1/gnocchi.d13952a1-39ef-4182-8917-cea5c6f21f50" "txe1bd4b5b345d4472bd1ab-00697105b8" "container-server 22" 0.0007 "-" 20 0
Jan 21 16:58:32 standalone container-server[123423]: 172.20.0.100 - - [21/Jan/2026:16:58:32 +0000] "PUT /d1/598/AUTH_f55cab2312cc42cfbc424042f96235e1/gnocchi.d13952a1-39ef-4182-8917-cea5c6f21f50" 201 - "PUT http://localhost:8080/v1/AUTH_f55cab2312cc42cfbc424042f96235e1/gnocchi.d13952a1-39ef-4182-8917-cea5c6f21f50" "txe1bd4b5b345d4472bd1ab-00697105b8" "proxy-server 21" 0.0080 "-" 22 0
Jan 21 16:58:32 standalone proxy-server[125651]: 172.18.0.2 ::1 21/Jan/2026/16/58/32 PUT /v1/AUTH_f55cab2312cc42cfbc424042f96235e1/gnocchi.d13952a1-39ef-4182-8917-cea5c6f21f50 HTTP/1.0 201 - python-swiftclient-3.11.1 gAAAAABpcQTsL79W... - - - txe1bd4b5b345d4472bd1ab-00697105b8 - 0.0115 - - 1769014712.887016773 1769014712.898536205 0
Jan 21 16:58:32 standalone container-server[123413]: 172.20.0.100 - - [21/Jan/2026:16:58:32 +0000] "HEAD /d1/598/AUTH_f55cab2312cc42cfbc424042f96235e1/gnocchi.d13952a1-39ef-4182-8917-cea5c6f21f50" 204 - "HEAD http://localhost:8080/v1/AUTH_f55cab2312cc42cfbc424042f96235e1/gnocchi.d13952a1-39ef-4182-8917-cea5c6f21f50?format=json&states=listing" "tx628a792989a247dd8a6ee-00697105b8" "proxy-server 21" 0.0012 "-" 20 0
Jan 21 16:58:32 standalone proxy-server[125651]: - - 21/Jan/2026/16/58/32 HEAD /v1/AUTH_f55cab2312cc42cfbc424042f96235e1/gnocchi.d13952a1-39ef-4182-8917-cea5c6f21f50%3Fformat%3Djson%26states%3Dlisting HTTP/1.0 204 - Swift - - - - tx628a792989a247dd8a6ee-00697105b8 - 0.0041 RL - 1769014712.902435780 1769014712.906527281 0
Jan 21 16:58:32 standalone container-server[123413]: 172.20.0.100 - - [21/Jan/2026:16:58:32 +0000] "GET /d1/598/AUTH_f55cab2312cc42cfbc424042f96235e1/gnocchi.d13952a1-39ef-4182-8917-cea5c6f21f50" 200 2 "GET http://localhost:8080/v1/AUTH_f55cab2312cc42cfbc424042f96235e1/gnocchi.d13952a1-39ef-4182-8917-cea5c6f21f50?format=json&states=listing" "tx628a792989a247dd8a6ee-00697105b8" "proxy-server 21" 0.0013 "-" 20 0
Jan 21 16:58:32 standalone proxy-server[125651]: 172.18.0.2 ::1 21/Jan/2026/16/58/32 GET /v1/AUTH_f55cab2312cc42cfbc424042f96235e1/gnocchi.d13952a1-39ef-4182-8917-cea5c6f21f50%3Fformat%3Djson%26states%3Dlisting HTTP/1.0 200 - python-swiftclient-3.11.1 gAAAAABpcQTsL79W... - 2 - tx628a792989a247dd8a6ee-00697105b8 - 0.0112 - - 1769014712.901339293 1769014712.912529945 0
Jan 21 16:58:32 standalone object-server[123630]: 172.20.0.100 - - [21/Jan/2026:16:58:32 +0000] "GET /d1/344/AUTH_f55cab2312cc42cfbc424042f96235e1/gnocchi.d13952a1-39ef-4182-8917-cea5c6f21f50/1767960000.0_mean_300.0_v3" 404 70 "GET http://localhost:8080/v1/AUTH_f55cab2312cc42cfbc424042f96235e1/gnocchi.d13952a1-39ef-4182-8917-cea5c6f21f50/1767960000.0_mean_300.0_v3" "tx9c89072744024dff8c35a-00697105b8" "proxy-server 21" 0.0003 "-" 22 0
Jan 21 16:58:32 standalone proxy-server[125651]: 172.18.0.2 ::1 21/Jan/2026/16/58/32 GET /v1/AUTH_f55cab2312cc42cfbc424042f96235e1/gnocchi.d13952a1-39ef-4182-8917-cea5c6f21f50/1767960000.0_mean_300.0_v3 HTTP/1.0 404 - python-swiftclient-3.11.1 gAAAAABpcQTsL79W... - 70 - tx9c89072744024dff8c35a-00697105b8 - 0.0045 - - 1769014712.915334702 1769014712.919875860 0
Jan 21 16:58:32 standalone container-server[123417]: 172.20.0.100 - - [21/Jan/2026:16:58:32 +0000] "PUT /d1/598/AUTH_f55cab2312cc42cfbc424042f96235e1/gnocchi.d13952a1-39ef-4182-8917-cea5c6f21f50/1767960000.0_mean_300.0_v3" 201 - "PUT http://localhost:8080/d1/344/AUTH_f55cab2312cc42cfbc424042f96235e1/gnocchi.d13952a1-39ef-4182-8917-cea5c6f21f50/1767960000.0_mean_300.0_v3" "txc4dceca0f9f6468ba11ae-00697105b8" "object-server 24" 0.0005 "-" 21 0
Jan 21 16:58:32 standalone object-server[123638]: 172.20.0.100 - - [21/Jan/2026:16:58:32 +0000] "PUT /d1/344/AUTH_f55cab2312cc42cfbc424042f96235e1/gnocchi.d13952a1-39ef-4182-8917-cea5c6f21f50/1767960000.0_mean_300.0_v3" 201 - "PUT http://localhost:8080/v1/AUTH_f55cab2312cc42cfbc424042f96235e1/gnocchi.d13952a1-39ef-4182-8917-cea5c6f21f50/1767960000.0_mean_300.0_v3" "txc4dceca0f9f6468ba11ae-00697105b8" "proxy-server 21" 0.0077 "-" 24 0
Jan 21 16:58:32 standalone proxy-server[125651]: 172.18.0.2 ::1 21/Jan/2026/16/58/32 PUT /v1/AUTH_f55cab2312cc42cfbc424042f96235e1/gnocchi.d13952a1-39ef-4182-8917-cea5c6f21f50/1767960000.0_mean_300.0_v3 HTTP/1.0 201 - python-swiftclient-3.11.1 gAAAAABpcQTsL79W... 16 - - txc4dceca0f9f6468ba11ae-00697105b8 - 0.0125 - - 1769014712.923582554 1769014712.936036348 0
Jan 21 16:58:32 standalone container-server[123417]: 172.20.0.100 - - [21/Jan/2026:16:58:32 +0000] "PUT /d1/598/AUTH_f55cab2312cc42cfbc424042f96235e1/gnocchi.d13952a1-39ef-4182-8917-cea5c6f21f50/none_v3" 201 - "PUT http://localhost:8080/d1/392/AUTH_f55cab2312cc42cfbc424042f96235e1/gnocchi.d13952a1-39ef-4182-8917-cea5c6f21f50/none_v3" "tx45b02e9c013a4d899a5e0-00697105b8" "object-server 22" 0.0004 "-" 21 0
Jan 21 16:58:32 standalone object-server[123630]: 172.20.0.100 - - [21/Jan/2026:16:58:32 +0000] "PUT /d1/392/AUTH_f55cab2312cc42cfbc424042f96235e1/gnocchi.d13952a1-39ef-4182-8917-cea5c6f21f50/none_v3" 201 - "PUT http://localhost:8080/v1/AUTH_f55cab2312cc42cfbc424042f96235e1/gnocchi.d13952a1-39ef-4182-8917-cea5c6f21f50/none_v3" "tx45b02e9c013a4d899a5e0-00697105b8" "proxy-server 21" 0.0134 "-" 22 0
Jan 21 16:58:32 standalone proxy-server[125651]: 172.18.0.2 ::1 21/Jan/2026/16/58/32 PUT /v1/AUTH_f55cab2312cc42cfbc424042f96235e1/gnocchi.d13952a1-39ef-4182-8917-cea5c6f21f50/none_v3 HTTP/1.0 201 - python-swiftclient-3.11.1 gAAAAABpcQTsL79W... 22 - - tx45b02e9c013a4d899a5e0-00697105b8 - 0.0188 - - 1769014712.938617706 1769014712.957419634 0
Jan 21 16:58:32 standalone container-server[123417]: 172.20.0.100 - - [21/Jan/2026:16:58:32 +0000] "HEAD /d1/640/AUTH_f55cab2312cc42cfbc424042f96235e1/gnocchi.b4f2a903-4950-4ea0-826e-a949f16d4765" 404 - "HEAD http://localhost:8080/v1/AUTH_f55cab2312cc42cfbc424042f96235e1/gnocchi.b4f2a903-4950-4ea0-826e-a949f16d4765?format=json&states=listing" "txa95d73aca0254904906d0-00697105b8" "proxy-server 21" 0.0003 "-" 21 0
Jan 21 16:58:32 standalone object-server[123639]: 172.20.0.100 - - [21/Jan/2026:16:58:32 +0000] "GET /d1/84/AUTH_f55cab2312cc42cfbc424042f96235e1/gnocchi.b4f2a903-4950-4ea0-826e-a949f16d4765/none_v3" 404 70 "GET http://localhost:8080/v1/AUTH_f55cab2312cc42cfbc424042f96235e1/gnocchi.b4f2a903-4950-4ea0-826e-a949f16d4765/none_v3" "txa95d73aca0254904906d0-00697105b8" "proxy-server 21" 0.0003 "-" 25 0
Jan 21 16:58:32 standalone proxy-server[125651]: 172.18.0.2 ::1 21/Jan/2026/16/58/32 GET /v1/AUTH_f55cab2312cc42cfbc424042f96235e1/gnocchi.b4f2a903-4950-4ea0-826e-a949f16d4765/none_v3 HTTP/1.0 404 - python-swiftclient-3.11.1 gAAAAABpcQTsL79W... - 70 - txa95d73aca0254904906d0-00697105b8 - 0.0097 - - 1769014712.969973326 1769014712.979629755 0
Jan 21 16:58:32 standalone account-server[123448]: 172.20.0.100 - - [21/Jan/2026:16:58:32 +0000] "PUT /d1/609/AUTH_f55cab2312cc42cfbc424042f96235e1/gnocchi.b4f2a903-4950-4ea0-826e-a949f16d4765" 201 - "PUT http://172.20.0.100:6001/d1/640/AUTH_f55cab2312cc42cfbc424042f96235e1/gnocchi.b4f2a903-4950-4ea0-826e-a949f16d4765" "txd14af9ef674540df81d8b-00697105b8" "container-server 21" 0.0038 "-" 23 0
Jan 21 16:58:32 standalone container-server[123417]: 172.20.0.100 - - [21/Jan/2026:16:58:32 +0000] "PUT /d1/640/AUTH_f55cab2312cc42cfbc424042f96235e1/gnocchi.b4f2a903-4950-4ea0-826e-a949f16d4765" 201 - "PUT http://localhost:8080/v1/AUTH_f55cab2312cc42cfbc424042f96235e1/gnocchi.b4f2a903-4950-4ea0-826e-a949f16d4765" "txd14af9ef674540df81d8b-00697105b8" "proxy-server 21" 0.0117 "-" 21 0
Jan 21 16:58:32 standalone proxy-server[125651]: 172.18.0.2 ::1 21/Jan/2026/16/58/32 PUT /v1/AUTH_f55cab2312cc42cfbc424042f96235e1/gnocchi.b4f2a903-4950-4ea0-826e-a949f16d4765 HTTP/1.0 201 - python-swiftclient-3.11.1 gAAAAABpcQTsL79W... - - - txd14af9ef674540df81d8b-00697105b8 - 0.0150 - - 1769014712.983443260 1769014712.998409510 0
Jan 21 16:58:33 standalone container-server[123413]: 172.20.0.100 - - [21/Jan/2026:16:58:33 +0000] "HEAD /d1/640/AUTH_f55cab2312cc42cfbc424042f96235e1/gnocchi.b4f2a903-4950-4ea0-826e-a949f16d4765" 204 - "HEAD http://localhost:8080/v1/AUTH_f55cab2312cc42cfbc424042f96235e1/gnocchi.b4f2a903-4950-4ea0-826e-a949f16d4765?format=json&states=listing" "tx9b05ca5f5b6c47e0a039c-00697105b9" "proxy-server 21" 0.0011 "-" 20 0
Jan 21 16:58:33 standalone proxy-server[125651]: - - 21/Jan/2026/16/58/33 HEAD /v1/AUTH_f55cab2312cc42cfbc424042f96235e1/gnocchi.b4f2a903-4950-4ea0-826e-a949f16d4765%3Fformat%3Djson%26states%3Dlisting HTTP/1.0 204 - Swift - - - - tx9b05ca5f5b6c47e0a039c-00697105b9 - 0.0042 RL - 1769014713.002771378 1769014713.006943941 0
Jan 21 16:58:33 standalone container-server[123433]: 172.20.0.100 - - [21/Jan/2026:16:58:33 +0000] "GET /d1/640/AUTH_f55cab2312cc42cfbc424042f96235e1/gnocchi.b4f2a903-4950-4ea0-826e-a949f16d4765" 200 2 "GET http://localhost:8080/v1/AUTH_f55cab2312cc42cfbc424042f96235e1/gnocchi.b4f2a903-4950-4ea0-826e-a949f16d4765?format=json&states=listing" "tx9b05ca5f5b6c47e0a039c-00697105b9" "proxy-server 21" 0.0018 "-" 23 0
Jan 21 16:58:33 standalone proxy-server[125651]: 172.18.0.2 ::1 21/Jan/2026/16/58/33 GET /v1/AUTH_f55cab2312cc42cfbc424042f96235e1/gnocchi.b4f2a903-4950-4ea0-826e-a949f16d4765%3Fformat%3Djson%26states%3Dlisting HTTP/1.0 200 - python-swiftclient-3.11.1 gAAAAABpcQTsL79W... - 2 - tx9b05ca5f5b6c47e0a039c-00697105b9 - 0.0126 - - 1769014713.001762867 1769014713.014356852 0
Jan 21 16:58:33 standalone object-server[123635]: 172.20.0.100 - - [21/Jan/2026:16:58:33 +0000] "GET /d1/178/AUTH_f55cab2312cc42cfbc424042f96235e1/gnocchi.b4f2a903-4950-4ea0-826e-a949f16d4765/1767960000.0_mean_300.0_v3" 404 70 "GET http://localhost:8080/v1/AUTH_f55cab2312cc42cfbc424042f96235e1/gnocchi.b4f2a903-4950-4ea0-826e-a949f16d4765/1767960000.0_mean_300.0_v3" "txbcea157b3ad0417c8e9c4-00697105b9" "proxy-server 21" 0.0003 "-" 23 0
Jan 21 16:58:33 standalone proxy-server[125651]: 172.18.0.2 ::1 21/Jan/2026/16/58/33 GET /v1/AUTH_f55cab2312cc42cfbc424042f96235e1/gnocchi.b4f2a903-4950-4ea0-826e-a949f16d4765/1767960000.0_mean_300.0_v3 HTTP/1.0 404 - python-swiftclient-3.11.1 gAAAAABpcQTsL79W... - 70 - txbcea157b3ad0417c8e9c4-00697105b9 - 0.0048 - - 1769014713.017590284 1769014713.022369623 0
Jan 21 16:58:33 standalone container-server[123433]: 172.20.0.100 - - [21/Jan/2026:16:58:33 +0000] "PUT /d1/640/AUTH_f55cab2312cc42cfbc424042f96235e1/gnocchi.b4f2a903-4950-4ea0-826e-a949f16d4765/1767960000.0_mean_300.0_v3" 201 - "PUT http://localhost:8080/d1/178/AUTH_f55cab2312cc42cfbc424042f96235e1/gnocchi.b4f2a903-4950-4ea0-826e-a949f16d4765/1767960000.0_mean_300.0_v3" "tx28b21e262f7747a49dfc9-00697105b9" "object-server 25" 0.0004 "-" 23 0
Jan 21 16:58:33 standalone object-server[123639]: 172.20.0.100 - - [21/Jan/2026:16:58:33 +0000] "PUT /d1/178/AUTH_f55cab2312cc42cfbc424042f96235e1/gnocchi.b4f2a903-4950-4ea0-826e-a949f16d4765/1767960000.0_mean_300.0_v3" 201 - "PUT http://localhost:8080/v1/AUTH_f55cab2312cc42cfbc424042f96235e1/gnocchi.b4f2a903-4950-4ea0-826e-a949f16d4765/1767960000.0_mean_300.0_v3" "tx28b21e262f7747a49dfc9-00697105b9" "proxy-server 21" 0.0083 "-" 25 0
Jan 21 16:58:33 standalone proxy-server[125651]: 172.18.0.2 ::1 21/Jan/2026/16/58/33 PUT /v1/AUTH_f55cab2312cc42cfbc424042f96235e1/gnocchi.b4f2a903-4950-4ea0-826e-a949f16d4765/1767960000.0_mean_300.0_v3 HTTP/1.0 201 - python-swiftclient-3.11.1 gAAAAABpcQTsL79W... 16 - - tx28b21e262f7747a49dfc9-00697105b9 - 0.0149 - - 1769014713.025674820 1769014713.040567875 0
Jan 21 16:58:33 standalone container-server[123423]: 172.20.0.100 - - [21/Jan/2026:16:58:33 +0000] "PUT /d1/640/AUTH_f55cab2312cc42cfbc424042f96235e1/gnocchi.b4f2a903-4950-4ea0-826e-a949f16d4765/none_v3" 201 - "PUT http://localhost:8080/d1/84/AUTH_f55cab2312cc42cfbc424042f96235e1/gnocchi.b4f2a903-4950-4ea0-826e-a949f16d4765/none_v3" "txdd9ca90a436444ebbcf4c-00697105b9" "object-server 22" 0.0009 "-" 22 0
Jan 21 16:58:33 standalone object-server[123630]: 172.20.0.100 - - [21/Jan/2026:16:58:33 +0000] "PUT /d1/84/AUTH_f55cab2312cc42cfbc424042f96235e1/gnocchi.b4f2a903-4950-4ea0-826e-a949f16d4765/none_v3" 201 - "PUT http://localhost:8080/v1/AUTH_f55cab2312cc42cfbc424042f96235e1/gnocchi.b4f2a903-4950-4ea0-826e-a949f16d4765/none_v3" "txdd9ca90a436444ebbcf4c-00697105b9" "proxy-server 21" 0.0100 "-" 22 0
Jan 21 16:58:33 standalone proxy-server[125651]: 172.18.0.2 ::1 21/Jan/2026/16/58/33 PUT /v1/AUTH_f55cab2312cc42cfbc424042f96235e1/gnocchi.b4f2a903-4950-4ea0-826e-a949f16d4765/none_v3 HTTP/1.0 201 - python-swiftclient-3.11.1 gAAAAABpcQTsL79W... 22 - - txdd9ca90a436444ebbcf4c-00697105b9 - 0.0153 - - 1769014713.043206215 1769014713.058535337 0
Jan 21 16:58:33 standalone container-server[123417]: 172.20.0.100 - - [21/Jan/2026:16:58:33 +0000] "HEAD /d1/541/AUTH_f55cab2312cc42cfbc424042f96235e1/gnocchi.6a23228a-0e53-4700-ba9e-7a3f454762a6" 404 - "HEAD http://localhost:8080/v1/AUTH_f55cab2312cc42cfbc424042f96235e1/gnocchi.6a23228a-0e53-4700-ba9e-7a3f454762a6?format=json&states=listing" "tx571002d4f258461597d37-00697105b9" "proxy-server 21" 0.0006 "-" 21 0
Jan 21 16:58:33 standalone object-server[123630]: 172.20.0.100 - - [21/Jan/2026:16:58:33 +0000] "GET /d1/699/AUTH_f55cab2312cc42cfbc424042f96235e1/gnocchi.6a23228a-0e53-4700-ba9e-7a3f454762a6/none_v3" 404 70 "GET http://localhost:8080/v1/AUTH_f55cab2312cc42cfbc424042f96235e1/gnocchi.6a23228a-0e53-4700-ba9e-7a3f454762a6/none_v3" "tx571002d4f258461597d37-00697105b9" "proxy-server 21" 0.0004 "-" 22 0
Jan 21 16:58:33 standalone proxy-server[125651]: 172.18.0.2 ::1 21/Jan/2026/16/58/33 GET /v1/AUTH_f55cab2312cc42cfbc424042f96235e1/gnocchi.6a23228a-0e53-4700-ba9e-7a3f454762a6/none_v3 HTTP/1.0 404 - python-swiftclient-3.11.1 gAAAAABpcQTsL79W... - 70 - tx571002d4f258461597d37-00697105b9 - 0.0117 - - 1769014713.069769144 1769014713.081496477 0
Jan 21 16:58:33 standalone account-server[123441]: 172.20.0.100 - - [21/Jan/2026:16:58:33 +0000] "PUT /d1/609/AUTH_f55cab2312cc42cfbc424042f96235e1/gnocchi.6a23228a-0e53-4700-ba9e-7a3f454762a6" 201 - "PUT http://172.20.0.100:6001/d1/541/AUTH_f55cab2312cc42cfbc424042f96235e1/gnocchi.6a23228a-0e53-4700-ba9e-7a3f454762a6" "tx5415e56e537945148bb3b-00697105b9" "container-server 22" 0.0049 "-" 22 0
