Oct 8 07:58:20 standalone container-server[124350]: 172.20.0.100 - - [08/Oct/2025:07:58:20 +0000] "HEAD /d1/422/AUTH_db59a5ced0564b87b7fa1c8832b8e7c1/gnocchi.48724619-432b-45f8-a7c8-1d56f04d699d" 404 - "HEAD http://localhost:8080/v1/AUTH_db59a5ced0564b87b7fa1c8832b8e7c1/gnocchi.48724619-432b-45f8-a7c8-1d56f04d699d?format=json&states=listing" "tx458ab5c7a4584342a1373-0068e6199c" "proxy-server 21" 0.0006 "-" 22 0
Oct 8 07:58:20 standalone object-server[124561]: 172.20.0.100 - - [08/Oct/2025:07:58:20 +0000] "GET /d1/243/AUTH_db59a5ced0564b87b7fa1c8832b8e7c1/gnocchi.48724619-432b-45f8-a7c8-1d56f04d699d/none_v3" 404 70 "GET http://localhost:8080/v1/AUTH_db59a5ced0564b87b7fa1c8832b8e7c1/gnocchi.48724619-432b-45f8-a7c8-1d56f04d699d/none_v3" "tx458ab5c7a4584342a1373-0068e6199c" "proxy-server 21" 0.0005 "-" 25 0
Oct 8 07:58:20 standalone proxy-server[126488]: 172.18.0.2 ::1 08/Oct/2025/07/58/20 GET /v1/AUTH_db59a5ced0564b87b7fa1c8832b8e7c1/gnocchi.48724619-432b-45f8-a7c8-1d56f04d699d/none_v3 HTTP/1.0 404 - python-swiftclient-3.11.1 gAAAAABo5hjnaGaF... - 70 - tx458ab5c7a4584342a1373-0068e6199c - 0.0099 - - 1759910300.958722830 1759910300.968615532 0
Oct 8 07:58:20 standalone account-server[124268]: 172.20.0.100 - - [08/Oct/2025:07:58:20 +0000] "PUT /d1/642/AUTH_db59a5ced0564b87b7fa1c8832b8e7c1/gnocchi.48724619-432b-45f8-a7c8-1d56f04d699d" 201 - "PUT http://172.20.0.100:6001/d1/422/AUTH_db59a5ced0564b87b7fa1c8832b8e7c1/gnocchi.48724619-432b-45f8-a7c8-1d56f04d699d" "tx508b57d940484038b63d3-0068e6199c" "container-server 20" 0.0045 "-" 23 0
Oct 8 07:58:20 standalone container-server[124339]: 172.20.0.100 - - [08/Oct/2025:07:58:20 +0000] "PUT /d1/422/AUTH_db59a5ced0564b87b7fa1c8832b8e7c1/gnocchi.48724619-432b-45f8-a7c8-1d56f04d699d" 201 - "PUT http://localhost:8080/v1/AUTH_db59a5ced0564b87b7fa1c8832b8e7c1/gnocchi.48724619-432b-45f8-a7c8-1d56f04d699d" "tx508b57d940484038b63d3-0068e6199c" "proxy-server 21" 0.0178 "-" 20 0
Oct 8 07:58:20 standalone proxy-server[126488]: 172.18.0.2 ::1 08/Oct/2025/07/58/20 PUT /v1/AUTH_db59a5ced0564b87b7fa1c8832b8e7c1/gnocchi.48724619-432b-45f8-a7c8-1d56f04d699d HTTP/1.0 201 - python-swiftclient-3.11.1 gAAAAABo5hjnaGaF... - - - tx508b57d940484038b63d3-0068e6199c - 0.0217 - - 1759910300.972168922 1759910300.993886232 0
Oct 8 07:58:21 standalone container-server[124353]: 172.20.0.100 - - [08/Oct/2025:07:58:21 +0000] "HEAD /d1/422/AUTH_db59a5ced0564b87b7fa1c8832b8e7c1/gnocchi.48724619-432b-45f8-a7c8-1d56f04d699d" 204 - "HEAD http://localhost:8080/v1/AUTH_db59a5ced0564b87b7fa1c8832b8e7c1/gnocchi.48724619-432b-45f8-a7c8-1d56f04d699d?format=json&states=listing" "txa5ec0006f753465f95763-0068e6199c" "proxy-server 21" 0.0021 "-" 23 0
Oct 8 07:58:21 standalone proxy-server[126488]: - - 08/Oct/2025/07/58/21 HEAD /v1/AUTH_db59a5ced0564b87b7fa1c8832b8e7c1/gnocchi.48724619-432b-45f8-a7c8-1d56f04d699d%3Fformat%3Djson%26states%3Dlisting HTTP/1.0 204 - Swift - - - - txa5ec0006f753465f95763-0068e6199c - 0.0052 RL - 1759910300.999039650 1759910301.004198313 0
Oct 8 07:58:21 standalone container-server[124339]: 172.20.0.100 - - [08/Oct/2025:07:58:21 +0000] "GET /d1/422/AUTH_db59a5ced0564b87b7fa1c8832b8e7c1/gnocchi.48724619-432b-45f8-a7c8-1d56f04d699d" 200 2 "GET http://localhost:8080/v1/AUTH_db59a5ced0564b87b7fa1c8832b8e7c1/gnocchi.48724619-432b-45f8-a7c8-1d56f04d699d?format=json&states=listing" "txa5ec0006f753465f95763-0068e6199c" "proxy-server 21" 0.0024 "-" 20 0
Oct 8 07:58:21 standalone proxy-server[126488]: 172.18.0.2 ::1 08/Oct/2025/07/58/21 GET /v1/AUTH_db59a5ced0564b87b7fa1c8832b8e7c1/gnocchi.48724619-432b-45f8-a7c8-1d56f04d699d%3Fformat%3Djson%26states%3Dlisting HTTP/1.0 200 - python-swiftclient-3.11.1 gAAAAABo5hjnaGaF... - 2 - txa5ec0006f753465f95763-0068e6199c - 0.0125 - - 1759910300.998219728 1759910301.010720968 0
Oct 8 07:58:21 standalone object-server[124561]: 172.20.0.100 - - [08/Oct/2025:07:58:21 +0000] "GET /d1/1012/AUTH_db59a5ced0564b87b7fa1c8832b8e7c1/gnocchi.48724619-432b-45f8-a7c8-1d56f04d699d/1759320000.0_mean_300.0_v3" 404 70 "GET http://localhost:8080/v1/AUTH_db59a5ced0564b87b7fa1c8832b8e7c1/gnocchi.48724619-432b-45f8-a7c8-1d56f04d699d/1759320000.0_mean_300.0_v3" "txa9f0b23d628d4c2db1c78-0068e6199d" "proxy-server 21" 0.0006 "-" 25 0
Oct 8 07:58:21 standalone proxy-server[126488]: 172.18.0.2 ::1 08/Oct/2025/07/58/21 GET /v1/AUTH_db59a5ced0564b87b7fa1c8832b8e7c1/gnocchi.48724619-432b-45f8-a7c8-1d56f04d699d/1759320000.0_mean_300.0_v3 HTTP/1.0 404 - python-swiftclient-3.11.1 gAAAAABo5hjnaGaF... - 70 - txa9f0b23d628d4c2db1c78-0068e6199d - 0.0055 - - 1759910301.015755415 1759910301.021279335 0
Oct 8 07:58:21 standalone container-server[124339]: 172.20.0.100 - - [08/Oct/2025:07:58:21 +0000] "PUT /d1/422/AUTH_db59a5ced0564b87b7fa1c8832b8e7c1/gnocchi.48724619-432b-45f8-a7c8-1d56f04d699d/1759320000.0_mean_300.0_v3" 201 - "PUT http://localhost:8080/d1/1012/AUTH_db59a5ced0564b87b7fa1c8832b8e7c1/gnocchi.48724619-432b-45f8-a7c8-1d56f04d699d/1759320000.0_mean_300.0_v3" "txa8b2c403e0b24a9fa8e37-0068e6199d" "object-server 25" 0.0008 "-" 20 0
Oct 8 07:58:21 standalone object-server[124561]: 172.20.0.100 - - [08/Oct/2025:07:58:21 +0000] "PUT /d1/1012/AUTH_db59a5ced0564b87b7fa1c8832b8e7c1/gnocchi.48724619-432b-45f8-a7c8-1d56f04d699d/1759320000.0_mean_300.0_v3" 201 - "PUT http://localhost:8080/v1/AUTH_db59a5ced0564b87b7fa1c8832b8e7c1/gnocchi.48724619-432b-45f8-a7c8-1d56f04d699d/1759320000.0_mean_300.0_v3" "txa8b2c403e0b24a9fa8e37-0068e6199d" "proxy-server 21" 0.0106 "-" 25 0
Oct 8 07:58:21 standalone proxy-server[126488]: 172.18.0.2 ::1 08/Oct/2025/07/58/21 PUT /v1/AUTH_db59a5ced0564b87b7fa1c8832b8e7c1/gnocchi.48724619-432b-45f8-a7c8-1d56f04d699d/1759320000.0_mean_300.0_v3 HTTP/1.0 201 - python-swiftclient-3.11.1 gAAAAABo5hjnaGaF... 16 - - txa8b2c403e0b24a9fa8e37-0068e6199d - 0.0151 - - 1759910301.025047779 1759910301.040110826 0
Oct 8 07:58:21 standalone container-server[124353]: 172.20.0.100 - - [08/Oct/2025:07:58:21 +0000] "PUT /d1/422/AUTH_db59a5ced0564b87b7fa1c8832b8e7c1/gnocchi.48724619-432b-45f8-a7c8-1d56f04d699d/none_v3" 201 - "PUT http://localhost:8080/d1/243/AUTH_db59a5ced0564b87b7fa1c8832b8e7c1/gnocchi.48724619-432b-45f8-a7c8-1d56f04d699d/none_v3" "tx040f17543317484187d40-0068e6199d" "object-server 23" 0.0008 "-" 23 0
Oct 8 07:58:21 standalone object-server[124553]: 172.20.0.100 - - [08/Oct/2025:07:58:21 +0000] "PUT /d1/243/AUTH_db59a5ced0564b87b7fa1c8832b8e7c1/gnocchi.48724619-432b-45f8-a7c8-1d56f04d699d/none_v3" 201 - "PUT http://localhost:8080/v1/AUTH_db59a5ced0564b87b7fa1c8832b8e7c1/gnocchi.48724619-432b-45f8-a7c8-1d56f04d699d/none_v3" "tx040f17543317484187d40-0068e6199d" "proxy-server 21" 0.0094 "-" 23 0
Oct 8 07:58:21 standalone proxy-server[126488]: 172.18.0.2 ::1 08/Oct/2025/07/58/21 PUT /v1/AUTH_db59a5ced0564b87b7fa1c8832b8e7c1/gnocchi.48724619-432b-45f8-a7c8-1d56f04d699d/none_v3 HTTP/1.0 201 - python-swiftclient-3.11.1 gAAAAABo5hjnaGaF... 22 - - tx040f17543317484187d40-0068e6199d - 0.0138 - - 1759910301.043523073 1759910301.057304382 0
Oct 8 07:58:21 standalone container-server[124339]: 172.20.0.100 - - [08/Oct/2025:07:58:21 +0000] "HEAD /d1/981/AUTH_db59a5ced0564b87b7fa1c8832b8e7c1/gnocchi.d390cd81-c452-40ff-8a3f-0a9da9c4c417" 404 - "HEAD http://localhost:8080/v1/AUTH_db59a5ced0564b87b7fa1c8832b8e7c1/gnocchi.d390cd81-c452-40ff-8a3f-0a9da9c4c417?format=json&states=listing" "txc57e1b5dfc9a463dbd935-0068e6199d" "proxy-server 21" 0.0006 "-" 20 0
Oct 8 07:58:21 standalone object-server[124555]: 172.20.0.100 - - [08/Oct/2025:07:58:21 +0000] "GET /d1/402/AUTH_db59a5ced0564b87b7fa1c8832b8e7c1/gnocchi.d390cd81-c452-40ff-8a3f-0a9da9c4c417/none_v3" 404 70 "GET http://localhost:8080/v1/AUTH_db59a5ced0564b87b7fa1c8832b8e7c1/gnocchi.d390cd81-c452-40ff-8a3f-0a9da9c4c417/none_v3" "txc57e1b5dfc9a463dbd935-0068e6199d" "proxy-server 21" 0.0005 "-" 24 0
Oct 8 07:58:21 standalone proxy-server[126488]: 172.18.0.2 ::1 08/Oct/2025/07/58/21 GET /v1/AUTH_db59a5ced0564b87b7fa1c8832b8e7c1/gnocchi.d390cd81-c452-40ff-8a3f-0a9da9c4c417/none_v3 HTTP/1.0 404 - python-swiftclient-3.11.1 gAAAAABo5hjnaGaF... - 70 - txc57e1b5dfc9a463dbd935-0068e6199d - 0.0094 - - 1759910301.071039915 1759910301.080482483 0
Oct 8 07:58:21 standalone account-server[124222]: 172.20.0.100 - - [08/Oct/2025:07:58:21 +0000] "PUT /d1/642/AUTH_db59a5ced0564b87b7fa1c8832b8e7c1/gnocchi.d390cd81-c452-40ff-8a3f-0a9da9c4c417" 201 - "PUT http://172.20.0.100:6001/d1/981/AUTH_db59a5ced0564b87b7fa1c8832b8e7c1/gnocchi.d390cd81-c452-40ff-8a3f-0a9da9c4c417" "txa71986e4f1a740db9892c-0068e6199d" "container-server 23" 0.0053 "-" 20 0
Oct 8 07:58:21 standalone container-server[124353]: 172.20.0.100 - - [08/Oct/2025:07:58:21 +0000] "PUT /d1/981/AUTH_db59a5ced0564b87b7fa1c8832b8e7c1/gnocchi.d390cd81-c452-40ff-8a3f-0a9da9c4c417" 201 - "PUT http://localhost:8080/v1/AUTH_db59a5ced0564b87b7fa1c8832b8e7c1/gnocchi.d390cd81-c452-40ff-8a3f-0a9da9c4c417" "txa71986e4f1a740db9892c-0068e6199d" "proxy-server 21" 0.0175 "-" 23 0
Oct 8 07:58:21 standalone proxy-server[126488]: 172.18.0.2 ::1 08/Oct/2025/07/58/21 PUT /v1/AUTH_db59a5ced0564b87b7fa1c8832b8e7c1/gnocchi.d390cd81-c452-40ff-8a3f-0a9da9c4c417 HTTP/1.0 201 - python-swiftclient-3.11.1 gAAAAABo5hjnaGaF... - - - txa71986e4f1a740db9892c-0068e6199d - 0.0261 - - 1759910301.089215040 1759910301.115324974 0
Oct 8 07:58:21 standalone container-server[124353]: 172.20.0.100 - - [08/Oct/2025:07:58:21 +0000] "HEAD /d1/981/AUTH_db59a5ced0564b87b7fa1c8832b8e7c1/gnocchi.d390cd81-c452-40ff-8a3f-0a9da9c4c417" 204 - "HEAD http://localhost:8080/v1/AUTH_db59a5ced0564b87b7fa1c8832b8e7c1/gnocchi.d390cd81-c452-40ff-8a3f-0a9da9c4c417?format=json&states=listing" "tx7a9e3d90dd05404d8d47b-0068e6199d" "proxy-server 21" 0.0024 "-" 23 0
Oct 8 07:58:21 standalone proxy-server[126488]: - - 08/Oct/2025/07/58/21 HEAD /v1/AUTH_db59a5ced0564b87b7fa1c8832b8e7c1/gnocchi.d390cd81-c452-40ff-8a3f-0a9da9c4c417%3Fformat%3Djson%26states%3Dlisting HTTP/1.0 204 - Swift - - - - tx7a9e3d90dd05404d8d47b-0068e6199d - 0.0074 RL - 1759910301.123001575 1759910301.130400658 0
Oct 8 07:58:21 standalone container-server[124343]: 172.20.0.100 - - [08/Oct/2025:07:58:21 +0000] "GET /d1/981/AUTH_db59a5ced0564b87b7fa1c8832b8e7c1/gnocchi.d390cd81-c452-40ff-8a3f-0a9da9c4c417" 200 2 "GET http://localhost:8080/v1/AUTH_db59a5ced0564b87b7fa1c8832b8e7c1/gnocchi.d390cd81-c452-40ff-8a3f-0a9da9c4c417?format=json&states=listing" "tx7a9e3d90dd05404d8d47b-0068e6199d" "proxy-server 21" 0.0033 "-" 21 0
Oct 8 07:58:21 standalone proxy-server[126488]: 172.18.0.2 ::1 08/Oct/2025/07/58/21 GET /v1/AUTH_db59a5ced0564b87b7fa1c8832b8e7c1/gnocchi.d390cd81-c452-40ff-8a3f-0a9da9c4c417%3Fformat%3Djson%26states%3Dlisting HTTP/1.0 200 - python-swiftclient-3.11.1 gAAAAABo5hjnaGaF... - 2 - tx7a9e3d90dd05404d8d47b-0068e6199d - 0.0227 - - 1759910301.121214867 1759910301.143878460 0
Oct 8 07:58:21 standalone object-server[124561]: 172.20.0.100 - - [08/Oct/2025:07:58:21 +0000] "GET /d1/96/AUTH_db59a5ced0564b87b7fa1c8832b8e7c1/gnocchi.d390cd81-c452-40ff-8a3f-0a9da9c4c417/1759320000.0_mean_300.0_v3" 404 70 "GET http://localhost:8080/v1/AUTH_db59a5ced0564b87b7fa1c8832b8e7c1/gnocchi.d390cd81-c452-40ff-8a3f-0a9da9c4c417/1759320000.0_mean_300.0_v3" "tx0ab674112be74590b0920-0068e6199d" "proxy-server 21" 0.0004 "-" 25 0
Oct 8 07:58:21 standalone proxy-server[126488]: 172.18.0.2 ::1 08/Oct/2025/07/58/21 GET /v1/AUTH_db59a5ced0564b87b7fa1c8832b8e7c1/gnocchi.d390cd81-c452-40ff-8a3f-0a9da9c4c417/1759320000.0_mean_300.0_v3 HTTP/1.0 404 - python-swiftclient-3.11.1 gAAAAABo5hjnaGaF... - 70 - tx0ab674112be74590b0920-0068e6199d - 0.0085 - - 1759910301.150119543 1759910301.158625603 0
Oct 8 07:58:21 standalone container-server[124350]: 172.20.0.100 - - [08/Oct/2025:07:58:21 +0000] "PUT /d1/981/AUTH_db59a5ced0564b87b7fa1c8832b8e7c1/gnocchi.d390cd81-c452-40ff-8a3f-0a9da9c4c417/1759320000.0_mean_300.0_v3" 201 - "PUT http://localhost:8080/d1/96/AUTH_db59a5ced0564b87b7fa1c8832b8e7c1/gnocchi.d390cd81-c452-40ff-8a3f-0a9da9c4c417/1759320000.0_mean_300.0_v3" "txe8ba15081ae54595a6c75-0068e6199d" "object-server 22" 0.0006 "-" 22 0
Oct 8 07:58:21 standalone object-server[124549]: 172.20.0.100 - - [08/Oct/2025:07:58:21 +0000] "PUT /d1/96/AUTH_db59a5ced0564b87b7fa1c8832b8e7c1/gnocchi.d390cd81-c452-40ff-8a3f-0a9da9c4c417/1759320000.0_mean_300.0_v3" 201 - "PUT http://localhost:8080/v1/AUTH_db59a5ced0564b87b7fa1c8832b8e7c1/gnocchi.d390cd81-c452-40ff-8a3f-0a9da9c4c417/1759320000.0_mean_300.0_v3" "txe8ba15081ae54595a6c75-0068e6199d" "proxy-server 21" 0.0114 "-" 22 0
Oct 8 07:58:21 standalone proxy-server[126488]: 172.18.0.2 ::1 08/Oct/2025/07/58/21 PUT /v1/AUTH_db59a5ced0564b87b7fa1c8832b8e7c1/gnocchi.d390cd81-c452-40ff-8a3f-0a9da9c4c417/1759320000.0_mean_300.0_v3 HTTP/1.0 201 - python-swiftclient-3.11.1 gAAAAABo5hjnaGaF... 16 - - txe8ba15081ae54595a6c75-0068e6199d - 0.0188 - - 1759910301.161699533 1759910301.180531979 0
Oct 8 07:58:21 standalone container-server[124350]: 172.20.0.100 - - [08/Oct/2025:07:58:21 +0000] "PUT /d1/981/AUTH_db59a5ced0564b87b7fa1c8832b8e7c1/gnocchi.d390cd81-c452-40ff-8a3f-0a9da9c4c417/none_v3" 201 - "PUT http://localhost:8080/d1/402/AUTH_db59a5ced0564b87b7fa1c8832b8e7c1/gnocchi.d390cd81-c452-40ff-8a3f-0a9da9c4c417/none_v3" "tx92972a0e57a0409c97b56-0068e6199d" "object-server 24" 0.0005 "-" 22 0
Oct 8 07:58:21 standalone object-server[124555]: 172.20.0.100 - - [08/Oct/2025:07:58:21 +0000] "PUT /d1/402/AUTH_db59a5ced0564b87b7fa1c8832b8e7c1/gnocchi.d390cd81-c452-40ff-8a3f-0a9da9c4c417/none_v3" 201 - "PUT http://localhost:8080/v1/AUTH_db59a5ced0564b87b7fa1c8832b8e7c1/gnocchi.d390cd81-c452-40ff-8a3f-0a9da9c4c417/none_v3" "tx92972a0e57a0409c97b56-0068e6199d" "proxy-server 21" 0.0143 "-" 24 0
Oct 8 07:58:21 standalone proxy-server[126488]: 172.18.0.2 ::1 08/Oct/2025/07/58/21 PUT /v1/AUTH_db59a5ced0564b87b7fa1c8832b8e7c1/gnocchi.d390cd81-c452-40ff-8a3f-0a9da9c4c417/none_v3 HTTP/1.0 201 - python-swiftclient-3.11.1 gAAAAABo5hjnaGaF... 22 - - tx92972a0e57a0409c97b56-0068e6199d - 0.0235 - - 1759910301.183827639 1759910301.207282782 0
Oct 8 07:58:21 standalone container-server[124339]: 172.20.0.100 - - [08/Oct/2025:07:58:21 +0000] "HEAD /d1/316/AUTH_db59a5ced0564b87b7fa1c8832b8e7c1/gnocchi.e88991db-fea1-4d97-bd00-03348cf09766" 404 - "HEAD http://localhost:8080/v1/AUTH_db59a5ced0564b87b7fa1c8832b8e7c1/gnocchi.e88991db-fea1-4d97-bd00-03348cf09766?format=json&states=listing" "tx995bb61519b24c99a9b8a-0068e6199d" "proxy-server 21" 0.0004 "-" 20 0
Oct 8 07:58:21 standalone object-server[124555]: 172.20.0.100 - - [08/Oct/2025:07:58:21 +0000] "GET /d1/104/AUTH_db59a5ced0564b87b7fa1c8832b8e7c1/gnocchi.e88991db-fea1-4d97-bd00-03348cf09766/none_v3" 404 70 "GET http://localhost:8080/v1/AUTH_db59a5ced0564b87b7fa1c8832b8e7c1/gnocchi.e88991db-fea1-4d97-bd00-03348cf09766/none_v3" "tx995bb61519b24c99a9b8a-0068e6199d" "proxy-server 21" 0.0008 "-" 24 0
Oct 8 07:58:21 standalone proxy-server[126488]: 172.18.0.2 ::1 08/Oct/2025/07/58/21 GET /v1/AUTH_db59a5ced0564b87b7fa1c8832b8e7c1/gnocchi.e88991db-fea1-4d97-bd00-03348cf09766/none_v3 HTTP/1.0 404 - python-swiftclient-3.11.1 gAAAAABo5hjnaGaF... - 70 - tx995bb61519b24c99a9b8a-0068e6199d - 0.0146 - - 1759910301.222055674 1759910301.236682177 0
Oct 8 07:58:21 standalone account-server[124222]: 172.20.0.100 - - [08/Oct/2025:07:58:21 +0000] "PUT /d1/642/AUTH_db59a5ced0564b87b7fa1c8832b8e7c1/gnocchi.e88991db-fea1-4d97-bd00-03348cf09766" 201 - "PUT http://172.20.0.100:6001/d1/316/AUTH_db59a5ced0564b87b7fa1c8832b8e7c1/gnocchi.e88991db-fea1-4d97-bd00-03348cf09766" "txd644b0f6787742d09a3b4-0068e6199d" "container-server 22" 0.0046 "-" 20 0
Oct 8 07:58:21 standalone container-server[124350]: 172.20.0.100 - - [08/Oct/2025:07:58:21 +0000] "PUT /d1/316/AUTH_db59a5ced0564b87b7fa1c8832b8e7c1/gnocchi.e88991db-fea1-4d97-bd00-03348cf09766" 201 - "PUT http://localhost:8080/v1/AUTH_db59a5ced0564b87b7fa1c8832b8e7c1/gnocchi.e88991db-fea1-4d97-bd00-03348cf09766" "txd644b0f6787742d09a3b4-0068e6199d" "proxy-server 21" 0.0148 "-" 22 0
Oct 8 07:58:21 standalone proxy-server[126488]: 172.18.0.2 ::1 08/Oct/2025/07/58/21 PUT /v1/AUTH_db59a5ced0564b87b7fa1c8832b8e7c1/gnocchi.e88991db-fea1-4d97-bd00-03348cf09766 HTTP/1.0 201 - python-swiftclient-3.11.1 gAAAAABo5hjnaGaF... - - - txd644b0f6787742d09a3b4-0068e6199d - 0.0221 - - 1759910301.240741730 1759910301.262865305 0
Oct 8 07:58:21 standalone container-server[124350]: 172.20.0.100 - - [08/Oct/2025:07:58:21 +0000] "HEAD /d1/316/AUTH_db59a5ced0564b87b7fa1c8832b8e7c1/gnocchi.e88991db-fea1-4d97-bd00-03348cf09766" 204 - "HEAD http://localhost:8080/v1/AUTH_db59a5ced0564b87b7fa1c8832b8e7c1/gnocchi.e88991db-fea1-4d97-bd00-03348cf09766?format=json&states=listing" "tx45d29d370fd845c38cbdf-0068e6199d" "proxy-server 21" 0.0011 "-" 22 0
Oct 8 07:58:21 standalone proxy-server[126488]: - - 08/Oct/2025/07/58/21 HEAD /v1/AUTH_db59a5ced0564b87b7fa1c8832b8e7c1/gnocchi.e88991db-fea1-4d97-bd00-03348cf09766%3Fformat%3Djson%26states%3Dlisting HTTP/1.0 204 - Swift - - - - tx45d29d370fd845c38cbdf-0068e6199d - 0.0096 RL - 1759910301.275521517 1759910301.285076141 0
Oct 8 07:58:21 standalone container-server[124353]: 172.20.0.100 - - [08/Oct/2025:07:58:21 +0000] "GET /d1/316/AUTH_db59a5ced0564b87b7fa1c8832b8e7c1/gnocchi.e88991db-fea1-4d97-bd00-03348cf09766" 200 2 "GET http://localhost:8080/v1/AUTH_db59a5ced0564b87b7fa1c8832b8e7c1/gnocchi.e88991db-fea1-4d97-bd00-03348cf09766?format=json&states=listing" "tx45d29d370fd845c38cbdf-0068e6199d" "proxy-server 21" 0.0034 "-" 23 0
Oct 8 07:58:21 standalone proxy-server[126488]: 172.18.0.2 ::1 08/Oct/2025/07/58/21 GET /v1/AUTH_db59a5ced0564b87b7fa1c8832b8e7c1/gnocchi.e88991db-fea1-4d97-bd00-03348cf09766%3Fformat%3Djson%26states%3Dlisting HTTP/1.0 200 - python-swiftclient-3.11.1 gAAAAABo5hjnaGaF... - 2 - tx45d29d370fd845c38cbdf-0068e6199d - 0.0296 - - 1759910301.270270348 1759910301.299856901 0
Oct 8 07:58:21 standalone object-server[124553]: 172.20.0.100 - - [08/Oct/2025:07:58:21 +0000] "GET /d1/689/AUTH_db59a5ced0564b87b7fa1c8832b8e7c1/gnocchi.e88991db-fea1-4d97-bd00-03348cf09766/1759320000.0_mean_300.0_v3" 404 70 "GET http://localhost:8080/v1/AUTH_db59a5ced0564b87b7fa1c8832b8e7c1/gnocchi.e88991db-fea1-4d97-bd00-03348cf09766/1759320000.0_mean_300.0_v3" "tx837d3bd7c7a944e3ac953-0068e6199d" "proxy-server 21" 0.0004 "-" 23 0
Oct 8 07:58:21 standalone proxy-server[126488]: 172.18.0.2 ::1 08/Oct/2025/07/58/21 GET /v1/AUTH_db59a5ced0564b87b7fa1c8832b8e7c1/gnocchi.e88991db-fea1-4d97-bd00-03348cf09766/1759320000.0_mean_300.0_v3 HTTP/1.0 404 - python-swiftclient-3.11.1 gAAAAABo5hjnaGaF... - 70 - tx837d3bd7c7a944e3ac953-0068e6199d - 0.0103 - - 1759910301.304476738 1759910301.314775229 0
Oct 8 07:58:21 standalone container-server[124343]: 172.20.0.100 - - [08/Oct/2025:07:58:21 +0000] "PUT /d1/316/AUTH_db59a5ced0564b87b7fa1c8832b8e7c1/gnocchi.e88991db-fea1-4d97-bd00-03348cf09766/1759320000.0_mean_300.0_v3" 201 - "PUT http://localhost:8080/d1/689/AUTH_db59a5ced0564b87b7fa1c8832b8e7c1/gnocchi.e88991db-fea1-4d97-bd00-03348cf09766/1759320000.0_mean_300.0_v3" "tx79375d355e704280a2f5c-0068e6199d" "object-server 25" 0.0005 "-" 21 0
Oct 8 07:58:21 standalone object-server[124561]: 172.20.0.100 - - [08/Oct/2025:07:58:21 +0000] "PUT /d1/689/AUTH_db59a5ced0564b87b7fa1c8832b8e7c1/gnocchi.e88991db-fea1-4d97-bd00-03348cf09766/1759320000.0_mean_300.0_v3" 201 - "PUT http://localhost:8080/v1/AUTH_db59a5ced0564b87b7fa1c8832b8e7c1/gnocchi.e88991db-fea1-4d97-bd00-03348cf09766/1759320000.0_mean_300.0_v3" "tx79375d355e704280a2f5c-0068e6199d" "proxy-server 21" 0.0096 "-" 25 0
Oct 8 07:58:21 standalone proxy-server[126488]: 172.18.0.2 ::1 08/Oct/2025/07/58/21 PUT /v1/AUTH_db59a5ced0564b87b7fa1c8832b8e7c1/gnocchi.e88991db-fea1-4d97-bd00-03348cf09766/1759320000.0_mean_300.0_v3 HTTP/1.0 201 - python-swiftclient-3.11.1 gAAAAABo5hjnaGaF... 16 - - tx79375d355e704280a2f5c-0068e6199d - 0.0209 - - 1759910301.318174362 1759910301.339045286 0
Oct 8 07:58:21 standalone container-server[124339]: 172.20.0.100 - - [08/Oct/2025:07:58:21 +0000] "PUT /d1/316/AUTH_db59a5ced0564b87b7fa1c8832b8e7c1/gnocchi.e88991db-fea1-4d97-bd00-03348cf09766/none_v3" 201 - "PUT http://localhost:8080/d1/104/AUTH_db59a5ced0564b87b7fa1c8832b8e7c1/gnocchi.e88991db-fea1-4d97-bd00-03348cf09766/none_v3" "txca3e28e42bc74c3a89d30-0068e6199d" "object-server 22" 0.0004 "-" 20 0
Oct 8 07:58:21 standalone object-server[124549]: 172.20.0.100 - - [08/Oct/2025:07:58:21 +0000] "PUT /d1/104/AUTH_db59a5ced0564b87b7fa1c8832b8e7c1/gnocchi.e88991db-fea1-4d97-bd00-03348cf09766/none_v3" 201 - "PUT http://localhost:8080/v1/AUTH_db59a5ced0564b87b7fa1c8832b8e7c1/gnocchi.e88991db-fea1-4d97-bd00-03348cf09766/none_v3" "txca3e28e42bc74c3a89d30-0068e6199d" "proxy-server 21" 0.0076 "-" 22 0
Oct 8 07:58:21 standalone proxy-server[126488]: 172.18.0.2 ::1 08/Oct/2025/07/58/21 PUT /v1/AUTH_db59a5ced0564b87b7fa1c8832b8e7c1/gnocchi.e88991db-fea1-4d97-bd00-03348cf09766/none_v3 HTTP/1.0 201 - python-swiftclient-3.11.1 gAAAAABo5hjnaGaF... 22 - - txca3e28e42bc74c3a89d30-0068e6199d - 0.0146 - - 1759910301.342814684 1759910301.357378244 0
Oct 8 07:58:23 standalone account-server[124222]: 172.20.0.100 - - [08/Oct/2025:07:58:23 +0000] "HEAD /d1/613/.expiring_objects" 404 - "HEAD http://localhost/v1/.expiring_objects?format=json" "txd3da48b00374441e8472b-0068e6199f" "proxy-server 2" 0.0010 "-" 20 -
Oct 8 07:58:23 standalone object-expirer[124523]: Pass completed in 0s; 0 objects expired (txn: txd3da48b00374441e8472b-0068e6199f)
Oct 8 07:58:51 standalone container-server[124339]: 172.20.0.100 - - [08/Oct/2025:07:58:51 +0000] "HEAD /d1/19/AUTH_db59a5ced0564b87b7fa1c8832b8e7c1/gnocchi.4bcb0809-002f-4ed5-9b48-98c028476b73" 404 - "HEAD http://localhost:8080/v1/AUTH_db59a5ced0564b87b7fa1c8832b8e7c1/gnocchi.4bcb0809-002f-4ed5-9b48-98c028476b73?format=json&states=listing" "tx1f0e7d3bd188498da0420-0068e619bb" "proxy-server 21" 0.0011 "-" 20 0
Oct 8 07:58:51 standalone object-server[124549]: 172.20.0.100 - - [08/Oct/2025:07:58:51 +0000] "GET /d1/354/AUTH_db59a5ced0564b87b7fa1c8832b8e7c1/gnocchi.4bcb0809-002f-4ed5-9b48-98c028476b73/none_v3" 404 70 "GET http://localhost:8080/v1/AUTH_db59a5ced0564b87b7fa1c8832b8e7c1/gnocchi.4bcb0809-002f-4ed5-9b48-98c028476b73/none_v3" "tx1f0e7d3bd188498da0420-0068e619bb" "proxy-server 21" 0.0005 "-" 22 0
Oct 8 07:58:51 standalone proxy-server[126488]: 172.18.0.2 ::1 08/Oct/2025/07/58/51 GET /v1/AUTH_db59a5ced0564b87b7fa1c8832b8e7c1/gnocchi.4bcb0809-002f-4ed5-9b48-98c028476b73/none_v3 HTTP/1.0 404 - python-swiftclient-3.11.1 gAAAAABo5hjnaGaF... - 70 - tx1f0e7d3bd188498da0420-0068e619bb - 0.0253 - - 1759910331.425191402 1759910331.450506687 0
Oct 8 07:58:51 standalone account-server[124234]: 172.20.0.100 - - [08/Oct/2025:07:58:51 +0000] "PUT /d1/642/AUTH_db59a5ced0564b87b7fa1c8832b8e7c1/gnocchi.4bcb0809-002f-4ed5-9b48-98c028476b73" 201 - "PUT http://172.20.0.100:6001/d1/19/AUTH_db59a5ced0564b87b7fa1c8832b8e7c1/gnocchi.4bcb0809-002f-4ed5-9b48-98c028476b73" "tx0ece76a7b08445ecbbda1-0068e619bb" "container-server 20" 0.0064 "-" 21 0
Oct 8 07:58:51 standalone container-server[124339]: 172.20.0.100 - - [08/Oct/2025:07:58:51 +0000] "PUT /d1/19/AUTH_db59a5ced0564b87b7fa1c8832b8e7c1/gnocchi.4bcb0809-002f-4ed5-9b48-98c028476b73" 201 - "PUT http://localhost:8080/v1/AUTH_db59a5ced0564b87b7fa1c8832b8e7c1/gnocchi.4bcb0809-002f-4ed5-9b48-98c028476b73" "tx0ece76a7b08445ecbbda1-0068e619bb" "proxy-server 21" 0.0236 "-" 20 0
Oct 8 07:58:51 standalone proxy-server[126488]: 172.18.0.2 ::1 08/Oct/2025/07/58/51 PUT /v1/AUTH_db59a5ced0564b87b7fa1c8832b8e7c1/gnocchi.4bcb0809-002f-4ed5-9b48-98c028476b73 HTTP/1.0 201 - python-swiftclient-3.11.1 gAAAAABo5hjnaGaF... - - - tx0ece76a7b08445ecbbda1-0068e619bb - 0.0306 - - 1759910331.455127716 1759910331.485686302 0
Oct 8 07:58:51 standalone container-server[124353]: 172.20.0.100 - - [08/Oct/2025:07:58:51 +0000] "HEAD /d1/835/AUTH_db59a5ced0564b87b7fa1c8832b8e7c1/gnocchi.c32c8ab3-5f04-4841-9480-8b5294361af3" 404 - "HEAD http://localhost:8080/v1/AUTH_db59a5ced0564b87b7fa1c8832b8e7c1/gnocchi.c32c8ab3-5f04-4841-9480-8b5294361af3?format=json&states=listing" "txa6239602980142cfbb6b1-0068e619bb" "proxy-server 21" 0.0006 "-" 23 0
Oct 8 07:58:51 standalone object-server[124553]: 172.20.0.100 - - [08/Oct/2025:07:58:51 +0000] "GET /d1/853/AUTH_db59a5ced0564b87b7fa1c8832b8e7c1/gnocchi.c32c8ab3-5f04-4841-9480-8b5294361af3/none_v3" 404 70 "GET http://localhost:8080/v1/AUTH_db59a5ced0564b87b7fa1c8832b8e7c1/gnocchi.c32c8ab3-5f04-4841-9480-8b5294361af3/none_v3" "txa6239602980142cfbb6b1-0068e619bb" "proxy-server 21" 0.0010 "-" 23 0
Oct 8 07:58:51 standalone proxy-server[126488]: 172.18.0.2 ::1 08/Oct/2025/07/58/51 GET /v1/AUTH_db59a5ced0564b87b7fa1c8832b8e7c1/gnocchi.c32c8ab3-5f04-4841-9480-8b5294361af3/none_v3 HTTP/1.0 404 - python-swiftclient-3.11.1 gAAAAABo5hjnaGaF... - 70 - txa6239602980142cfbb6b1-0068e619bb - 0.0153 - - 1759910331.489860296 1759910331.505140066 0
Oct 8 07:58:51 standalone account-server[124268]: 172.20.0.100 - - [08/Oct/2025:07:58:51 +0000] "PUT /d1/642/AUTH_db59a5ced0564b87b7fa1c8832b8e7c1/gnocchi.c32c8ab3-5f04-4841-9480-8b5294361af3" 201 - "PUT http://172.20.0.100:6001/d1/835/AUTH_db59a5ced0564b87b7fa1c8832b8e7c1/gnocchi.c32c8ab3-5f04-4841-9480-8b5294361af3" "tx6b64fd22e8f1406a80c41-0068e619bb" "container-server 20" 0.0067 "-" 23 0
Oct 8 07:58:51 standalone container-server[124339]: 172.20.0.100 - - [08/Oct/2025:07:58:51 +0000] "PUT /d1/835/AUTH_db59a5ced0564b87b7fa1c8832b8e7c1/gnocchi.c32c8ab3-5f04-4841-9480-8b5294361af3" 201 - "PUT http://localhost:8080/v1/AUTH_db59a5ced0564b87b7fa1c8832b8e7c1/gnocchi.c32c8ab3-5f04-4841-9480-8b5294361af3" "tx6b64fd22e8f1406a80c41-0068e619bb" "proxy-server 21" 0.0206 "-" 20 0
Oct 8 07:58:51 standalone proxy-server[126488]: 172.18.0.2 ::1 08/Oct/2025/07/58/51 PUT /v1/AUTH_db59a5ced0564b87b7fa1c8832b8e7c1/gnocchi.c32c8ab3-5f04-4841-9480-8b5294361af3 HTTP/1.0 201 - python-swiftclient-3.11.1 gAAAAABo5hjnaGaF... - - - tx6b64fd22e8f1406a80c41-0068e619bb - 0.0285 - - 1759910331.509602547 1759910331.538118362 0
Oct 8 07:58:51 standalone container-server[124350]: 172.20.0.100 - - [08/Oct/2025:07:58:51 +0000] "HEAD /d1/19/AUTH_db59a5ced0564b87b7fa1c8832b8e7c1/gnocchi.4bcb0809-002f-4ed5-9b48-98c028476b73" 204 - "HEAD http://localhost:8080/v1/AUTH_db59a5ced0564b87b7fa1c8832b8e7c1/gnocchi.4bcb0809-002f-4ed5-9b48-98c028476b73?format=json&states=listing" "tx30d8b672ad52434d93cfc-0068e619bb" "proxy-server 21" 0.0021 "-" 22 0
Oct 8 07:58:51 standalone proxy-server[126488]: - - 08/Oct/2025/07/58/51 HEAD /v1/AUTH_db59a5ced0564b87b7fa1c8832b8e7c1/gnocchi.4bcb0809-002f-4ed5-9b48-98c028476b73%3Fformat%3Djson%26states%3Dlisting HTTP/1.0 204 - Swift - - - - tx30d8b672ad52434d93cfc-0068e619bb - 0.0081 RL - 1759910331.545202017 1759910331.553350449 0
Oct 8 07:58:51 standalone container-server[124343]: 172.20.0.100 - - [08/Oct/2025:07:58:51 +0000] "GET /d1/19/AUTH_db59a5ced0564b87b7fa1c8832b8e7c1/gnocchi.4bcb0809-002f-4ed5-9b48-98c028476b73" 200 2 "GET http://localhost:8080/v1/AUTH_db59a5ced0564b87b7fa1c8832b8e7c1/gnocchi.4bcb0809-002f-4ed5-9b48-98c028476b73?format=json&states=listing" "tx30d8b672ad52434d93cfc-0068e619bb" "proxy-server 21" 0.0040 "-" 21 0
Oct 8 07:58:51 standalone proxy-server[126488]: 172.18.0.2 ::1 08/Oct/2025/07/58/51 GET /v1/AUTH_db59a5ced0564b87b7fa1c8832b8e7c1/gnocchi.4bcb0809-002f-4ed5-9b48-98c028476b73%3Fformat%3Djson%26states%3Dlisting HTTP/1.0 200 - python-swiftclient-3.11.1 gAAAAABo5hjnaGaF... - 2 - tx30d8b672ad52434d93cfc-0068e619bb - 0.0272 - - 1759910331.543440580 1759910331.570682049 0
Oct 8 07:58:51 standalone container-server[124343]: 172.20.0.100 - - [08/Oct/2025:07:58:51 +0000] "HEAD /d1/835/AUTH_db59a5ced0564b87b7fa1c8832b8e7c1/gnocchi.c32c8ab3-5f04-4841-9480-8b5294361af3" 204 - "HEAD http://localhost:8080/v1/AUTH_db59a5ced0564b87b7fa1c8832b8e7c1/gnocchi.c32c8ab3-5f04-4841-9480-8b5294361af3?format=json&states=listing" "tx9f70075fa4f74d88905d5-0068e619bb" "proxy-server 21" 0.0019 "-" 21 0
Oct 8 07:58:51 standalone proxy-server[126488]: - - 08/Oct/2025/07/58/51 HEAD /v1/AUTH_db59a5ced0564b87b7fa1c8832b8e7c1/gnocchi.c32c8ab3-5f04-4841-9480-8b5294361af3%3Fformat%3Djson%26states%3Dlisting HTTP/1.0 204 - Swift - - - - tx9f70075fa4f74d88905d5-0068e619bb - 0.0068 RL - 1759910331.579475641 1759910331.586274385 0
Oct 8 07:58:51 standalone container-server[124343]: 172.20.0.100 - - [08/Oct/2025:07:58:51 +0000] "GET /d1/835/AUTH_db59a5ced0564b87b7fa1c8832b8e7c1/gnocchi.c32c8ab3-5f04-4841-9480-8b5294361af3" 200 2 "GET http://localhost:8080/v1/AUTH_db59a5ced0564b87b7fa1c8832b8e7c1/gnocchi.c32c8ab3-5f04-4841-9480-8b5294361af3?format=json&states=listing" "tx9f70075fa4f74d88905d5-0068e619bb" "proxy-server 21" 0.0030 "-" 21 0
Oct 8 07:58:51 standalone proxy-server[126488]: 172.18.0.2 ::1 08/Oct/2025/07/58/51 GET /v1/AUTH_db59a5ced0564b87b7fa1c8832b8e7c1/gnocchi.c32c8ab3-5f04-4841-9480-8b5294361af3%3Fformat%3Djson%26states%3Dlisting HTTP/1.0 200 - python-swiftclient-3.11.1 gAAAAABo5hjnaGaF... - 2 - tx9f70075fa4f74d88905d5-0068e619bb - 0.0206 - - 1759910331.577694654 1759910331.598293066 0
Oct 8 07:58:51 standalone object-server[124549]: 172.20.0.100 - - [08/Oct/2025:07:58:51 +0000] "GET /d1/164/AUTH_db59a5ced0564b87b7fa1c8832b8e7c1/gnocchi.4bcb0809-002f-4ed5-9b48-98c028476b73/1759320000.0_mean_300.0_v3" 404 70 "GET http://localhost:8080/v1/AUTH_db59a5ced0564b87b7fa1c8832b8e7c1/gnocchi.4bcb0809-002f-4ed5-9b48-98c028476b73/1759320000.0_mean_300.0_v3" "txd7a51a0f08484eee8778a-0068e619bb" "proxy-server 21" 0.0006 "-" 22 0
Oct 8 07:58:51 standalone proxy-server[126488]: 172.18.0.2 ::1 08/Oct/2025/07/58/51 GET /v1/AUTH_db59a5ced0564b87b7fa1c8832b8e7c1/gnocchi.4bcb0809-002f-4ed5-9b48-98c028476b73/1759320000.0_mean_300.0_v3 HTTP/1.0 404 - python-swiftclient-3.11.1 gAAAAABo5hjnaGaF... - 70 - txd7a51a0f08484eee8778a-0068e619bb - 0.0096 - - 1759910331.603499413 1759910331.613066196 0
Oct 8 07:58:51 standalone object-server[124549]: 172.20.0.100 - - [08/Oct/2025:07:58:51 +0000] "GET /d1/663/AUTH_db59a5ced0564b87b7fa1c8832b8e7c1/gnocchi.c32c8ab3-5f04-4841-9480-8b5294361af3/1759320000.0_mean_300.0_v3" 404 70 "GET http://localhost:8080/v1/AUTH_db59a5ced0564b87b7fa1c8832b8e7c1/gnocchi.c32c8ab3-5f04-4841-9480-8b5294361af3/1759320000.0_mean_300.0_v3" "tx7326215be035462bb35a5-0068e619bb" "proxy-server 21" 0.0005 "-" 22 0
Oct 8 07:58:51 standalone proxy-server[126488]: 172.18.0.2 ::1 08/Oct/2025/07/58/51 GET /v1/AUTH_db59a5ced0564b87b7fa1c8832b8e7c1/gnocchi.c32c8ab3-5f04-4841-9480-8b5294361af3/1759320000.0_mean_300.0_v3 HTTP/1.0 404 - python-swiftclient-3.11.1 gAAAAABo5hjnaGaF... - 70 - tx7326215be035462bb35a5-0068e619bb - 0.0094 - - 1759910331.617171526 1759910331.626564026 0
Oct 8 07:58:51 standalone container-server[124339]: 172.20.0.100 - - [08/Oct/2025:07:58:51 +0000] "PUT /d1/19/AUTH_db59a5ced0564b87b7fa1c8832b8e7c1/gnocchi.4bcb0809-002f-4ed5-9b48-98c028476b73/1759320000.0_mean_300.0_v3" 201 - "PUT http://localhost:8080/d1/164/AUTH_db59a5ced0564b87b7fa1c8832b8e7c1/gnocchi.4bcb0809-002f-4ed5-9b48-98c028476b73/1759320000.0_mean_300.0_v3" "tx3b1adb1195e64079ae860-0068e619bb" "object-server 24" 0.0008 "-" 20 0
Oct 8 07:58:51 standalone object-server[124555]: 172.20.0.100 - - [08/Oct/2025:07:58:51 +0000] "PUT /d1/164/AUTH_db59a5ced0564b87b7fa1c8832b8e7c1/gnocchi.4bcb0809-002f-4ed5-9b48-98c028476b73/1759320000.0_mean_300.0_v3" 201 - "PUT http://localhost:8080/v1/AUTH_db59a5ced0564b87b7fa1c8832b8e7c1/gnocchi.4bcb0809-002f-4ed5-9b48-98c028476b73/1759320000.0_mean_300.0_v3" "tx3b1adb1195e64079ae860-0068e619bb" "proxy-server 21" 0.0130 "-" 24 0
Oct 8 07:58:51 standalone proxy-server[126488]: 172.18.0.2 ::1 08/Oct/2025/07/58/51 PUT /v1/AUTH_db59a5ced0564b87b7fa1c8832b8e7c1/gnocchi.4bcb0809-002f-4ed5-9b48-98c028476b73/1759320000.0_mean_300.0_v3 HTTP/1.0 201 - python-swiftclient-3.11.1 gAAAAABo5hjnaGaF... 16 - - tx3b1adb1195e64079ae860-0068e619bb - 0.0222 - - 1759910331.630534649 1759910331.652762413 0
Oct 8 07:58:51 standalone container-server[124353]: 172.20.0.100 - - [08/Oct/2025:07:58:51 +0000] "PUT /d1/835/AUTH_db59a5ced0564b87b7fa1c8832b8e7c1/gnocchi.c32c8ab3-5f04-4841-9480-8b5294361af3/1759320000.0_mean_300.0_v3" 201 - "PUT http://localhost:8080/d1/663/AUTH_db59a5ced0564b87b7fa1c8832b8e7c1/gnocchi.c32c8ab3-5f04-4841-9480-8b5294361af3/1759320000.0_mean_300.0_v3" "tx119f4cd9fcd5458ea0583-0068e619bb" "object-server 25" 0.0008 "-" 23 0
Oct 8 07:58:51 standalone object-server[124561]: 172.20.0.100 - - [08/Oct/2025:07:58:51 +0000] "PUT /d1/663/AUTH_db59a5ced0564b87b7fa1c8832b8e7c1/gnocchi.c32c8ab3-5f04-4841-9480-8b5294361af3/1759320000.0_mean_300.0_v3" 201 - "PUT http://localhost:8080/v1/AUTH_db59a5ced0564b87b7fa1c8832b8e7c1/gnocchi.c32c8ab3-5f04-4841-9480-8b5294361af3/1759320000.0_mean_300.0_v3" "tx119f4cd9fcd5458ea0583-0068e619bb" "proxy-server 21" 0.0106 "-" 25 0
Oct 8 07:58:51 standalone proxy-server[126488]: 172.18.0.2 ::1 08/Oct/2025/07/58/51 PUT /v1/AUTH_db59a5ced0564b87b7fa1c8832b8e7c1/gnocchi.c32c8ab3-5f04-4841-9480-8b5294361af3/1759320000.0_mean_300.0_v3 HTTP/1.0 201 - python-swiftclient-3.11.1 gAAAAABo5hjnaGaF... 16 - - tx119f4cd9fcd5458ea0583-0068e619bb - 0.0178 - - 1759910331.656184673 1759910331.673978090 0
Oct 8 07:58:51 standalone container-server[124350]: 172.20.0.100 - - [08/Oct/2025:07:58:51 +0000] "PUT /d1/19/AUTH_db59a5ced0564b87b7fa1c8832b8e7c1/gnocchi.4bcb0809-002f-4ed5-9b48-98c028476b73/none_v3" 201 - "PUT http://localhost:8080/d1/354/AUTH_db59a5ced0564b87b7fa1c8832b8e7c1/gnocchi.4bcb0809-002f-4ed5-9b48-98c028476b73/none_v3" "txab2f1e427684406eb0369-0068e619bb" "object-server 22" 0.0009 "-" 22 0
Oct 8 07:58:51 standalone object-server[124549]: 172.20.0.100 - - [08/Oct/2025:07:58:51 +0000] "PUT /d1/354/AUTH_db59a5ced0564b87b7fa1c8832b8e7c1/gnocchi.4bcb0809-002f-4ed5-9b48-98c028476b73/none_v3" 201 - "PUT http://localhost:8080/v1/AUTH_db59a5ced0564b87b7fa1c8832b8e7c1/gnocchi.4bcb0809-002f-4ed5-9b48-98c028476b73/none_v3" "txab2f1e427684406eb0369-0068e619bb" "proxy-server 21" 0.0114 "-" 22 0
Oct 8 07:58:51 standalone proxy-server[126488]: 172.18.0.2 ::1 08/Oct/2025/07/58/51 PUT /v1/AUTH_db59a5ced0564b87b7fa1c8832b8e7c1/gnocchi.4bcb0809-002f-4ed5-9b48-98c028476b73/none_v3 HTTP/1.0 201 - python-swiftclient-3.11.1 gAAAAABo5hjnaGaF... 22 - - txab2f1e427684406eb0369-0068e619bb - 0.0177 - - 1759910331.677306652 1759910331.695032358 0
Oct 8 07:58:51 standalone container-server[124339]: 172.20.0.100 - - [08/Oct/2025:07:58:51 +0000] "PUT /d1/835/AUTH_db59a5ced0564b87b7fa1c8832b8e7c1/gnocchi.c32c8ab3-5f04-4841-9480-8b5294361af3/none_v3" 201 - "PUT http://localhost:8080/d1/853/AUTH_db59a5ced0564b87b7fa1c8832b8e7c1/gnocchi.c32c8ab3-5f04-4841-9480-8b5294361af3/none_v3" "tx4a21ac053d3f4016ad231-0068e619bb" "object-server 25" 0.0009 "-" 20 0
Oct 8 07:58:51 standalone object-server[124561]: 172.20.0.100 - - [08/Oct/2025:07:58:51 +0000] "PUT /d1/853/AUTH_db59a5ced0564b87b7fa1c8832b8e7c1/gnocchi.c32c8ab3-5f04-4841-9480-8b5294361af3/none_v3" 201 - "PUT http://localhost:8080/v1/AUTH_db59a5ced0564b87b7fa1c8832b8e7c1/gnocchi.c32c8ab3-5f04-4841-9480-8b5294361af3/none_v3" "tx4a21ac053d3f4016ad231-0068e619bb" "proxy-server 21" 0.0201 "-" 25 0
Oct 8 07:58:51 standalone proxy-server[126488]: 172.18.0.2 ::1 08/Oct/2025/07/58/51 PUT /v1/AUTH_db59a5ced0564b87b7fa1c8832b8e7c1/gnocchi.c32c8ab3-5f04-4841-9480-8b5294361af3/none_v3 HTTP/1.0 201 - python-swiftclient-3.11.1 gAAAAABo5hjnaGaF... 22 - - tx4a21ac053d3f4016ad231-0068e619bb - 0.0267 - - 1759910331.697957277 1759910331.724686384 0
Oct 8 08:00:38 standalone account-server[124268]: 172.20.0.100 - - [08/Oct/2025:08:00:38 +0000] "HEAD /d1/642/AUTH_db59a5ced0564b87b7fa1c8832b8e7c1" 204 - "HEAD http://localhost:8080/v1/AUTH_db59a5ced0564b87b7fa1c8832b8e7c1?format=json" "tx9f1ae4ddb2b04f22a1451-0068e61a26" "proxy-server 21" 0.0113 "-" 23 -
Oct 8 08:00:38 standalone proxy-server[126488]: - - 08/Oct/2025/08/00/38 HEAD /v1/AUTH_db59a5ced0564b87b7fa1c8832b8e7c1%3Fformat%3Djson HTTP/1.0 204 - Swift - - - - tx9f1ae4ddb2b04f22a1451-0068e61a26 - 0.0193 RL - 1759910438.408880949 1759910438.428188324 -
Oct 8 08:00:38 standalone container-server[124343]: 172.20.0.100 - - [08/Oct/2025:08:00:38 +0000] "HEAD /d1/866/AUTH_db59a5ced0564b87b7fa1c8832b8e7c1/gnocchi.ee25123b-ee45-4678-b90d-34e04adbf176" 204 - "HEAD http://localhost:8080/v1/AUTH_db59a5ced0564b87b7fa1c8832b8e7c1/gnocchi.ee25123b-ee45-4678-b90d-34e04adbf176?format=json&states=listing" "tx9f1ae4ddb2b04f22a1451-0068e61a26" "proxy-server 21" 0.0020 "-" 21 0
Oct 8 08:00:38 standalone object-server[124561]: 172.20.0.100 - - [08/Oct/2025:08:00:38 +0000] "GET /d1/319/AUTH_db59a5ced0564b87b7fa1c8832b8e7c1/gnocchi.ee25123b-ee45-4678-b90d-34e04adbf176/none_v3" 200 22 "GET http://localhost:8080/v1/AUTH_db59a5ced0564b87b7fa1c8832b8e7c1/gnocchi.ee25123b-ee45-4678-b90d-34e04adbf176/none_v3" "tx9f1ae4ddb2b04f22a1451-0068e61a26" "proxy-server 21" 0.0012 "-" 25 0
Oct 8 08:00:38 standalone proxy-server[126488]: 172.18.0.2 ::1 08/Oct/2025/08/00/38 GET /v1/AUTH_db59a5ced0564b87b7fa1c8832b8e7c1/gnocchi.ee25123b-ee45-4678-b90d-34e04adbf176/none_v3 HTTP/1.0 200 - python-swiftclient-3.11.1 gAAAAABo5hjnaGaF... - 22 - tx9f1ae4ddb2b04f22a1451-0068e61a26 - 0.3885 - - 1759910438.407288074 1759910438.795779467 0
Oct 8 08:00:38 standalone container-server[124339]: 172.20.0.100 - - [08/Oct/2025:08:00:38 +0000] "GET /d1/866/AUTH_db59a5ced0564b87b7fa1c8832b8e7c1/gnocchi.ee25123b-ee45-4678-b90d-34e04adbf176" 200 357 "GET http://localhost:8080/v1/AUTH_db59a5ced0564b87b7fa1c8832b8e7c1/gnocchi.ee25123b-ee45-4678-b90d-34e04adbf176?format=json&states=listing" "txd94eaf6a9f024fc7afdfe-0068e61a26" "proxy-server 21" 0.0020 "-" 20 0
Oct 8 08:00:38 standalone proxy-server[126488]: 172.18.0.2 ::1 08/Oct/2025/08/00/38 GET /v1/AUTH_db59a5ced0564b87b7fa1c8832b8e7c1/gnocchi.ee25123b-ee45-4678-b90d-34e04adbf176%3Fformat%3Djson%26states%3Dlisting HTTP/1.0 200 - python-swiftclient-3.11.1 gAAAAABo5hjnaGaF... - 357 - txd94eaf6a9f024fc7afdfe-0068e61a26 - 0.0089 - - 1759910438.800155163 1759910438.809061527 0
Oct 8 08:00:38 standalone container-server[124343]: 172.20.0.100 - - [08/Oct/2025:08:00:38 +0000] "GET /d1/866/AUTH_db59a5ced0564b87b7fa1c8832b8e7c1/gnocchi.ee25123b-ee45-4678-b90d-34e04adbf176" 200 2 "GET http://localhost:8080/v1/AUTH_db59a5ced0564b87b7fa1c8832b8e7c1/gnocchi.ee25123b-ee45-4678-b90d-34e04adbf176?format=json&marker=none_v3&states=listing" "tx08c9ef5e109e43d18b37c-0068e61a26" "proxy-server 21" 0.0035 "-" 21 0
Oct 8 08:00:38 standalone proxy-server[126488]: 172.18.0.2 ::1 08/Oct/2025/08/00/38 GET /v1/AUTH_db59a5ced0564b87b7fa1c8832b8e7c1/gnocchi.ee25123b-ee45-4678-b90d-34e04adbf176%3Fformat%3Djson%26marker%3Dnone_v3%26states%3Dlisting HTTP/1.0 200 - python-swiftclient-3.11.1 gAAAAABo5hjnaGaF... - 2 - tx08c9ef5e109e43d18b37c-0068e61a26 - 0.0102 - - 1759910438.813164473 1759910438.823318958 0
Oct 8 08:00:38 standalone object-server[124555]: 172.20.0.100 - - [08/Oct/2025:08:00:38 +0000] "GET /d1/743/AUTH_db59a5ced0564b87b7fa1c8832b8e7c1/gnocchi.ee25123b-ee45-4678-b90d-34e04adbf176/1759320000.0_mean_300.0_v3" 200 16 "GET http://localhost:8080/v1/AUTH_db59a5ced0564b87b7fa1c8832b8e7c1/gnocchi.ee25123b-ee45-4678-b90d-34e04adbf176/1759320000.0_mean_300.0_v3" "txa31cfbabd0d4425fb6746-0068e61a26" "proxy-server 21" 0.0008 "-" 24 0
Oct 8 08:00:38 standalone proxy-server[126488]: 172.18.0.2 ::1 08/Oct/2025/08/00/38 GET /v1/AUTH_db59a5ced0564b87b7fa1c8832b8e7c1/gnocchi.ee25123b-ee45-4678-b90d-34e04adbf176/1759320000.0_mean_300.0_v3 HTTP/1.0 200 - python-swiftclient-3.11.1 gAAAAABo5hjnaGaF... - 16 - txa31cfbabd0d4425fb6746-0068e61a26 - 0.0124 - - 1759910438.829106092 1759910438.841467381 0
Oct 8 08:00:38 standalone container-server[124350]: 172.20.0.100 - - [08/Oct/2025:08:00:38 +0000] "PUT /d1/866/AUTH_db59a5ced0564b87b7fa1c8832b8e7c1/gnocchi.ee25123b-ee45-4678-b90d-34e04adbf176/1759320000.0_mean_300.0_v3" 201 - "PUT http://localhost:8080/d1/743/AUTH_db59a5ced0564b87b7fa1c8832b8e7c1/gnocchi.ee25123b-ee45-4678-b90d-34e04adbf176/1759320000.0_mean_300.0_v3" "txe2798428192442298df8f-0068e61a26" "object-server 25" 0.0006 "-" 22 0
Oct 8 08:00:38 standalone object-server[124561]: 172.20.0.100 - - [08/Oct/2025:08:00:38 +0000] "PUT /d1/743/AUTH_db59a5ced0564b87b7fa1c8832b8e7c1/gnocchi.ee25123b-ee45-4678-b90d-34e04adbf176/1759320000.0_mean_300.0_v3" 201 - "PUT http://localhost:8080/v1/AUTH_db59a5ced0564b87b7fa1c8832b8e7c1/gnocchi.ee25123b-ee45-4678-b90d-34e04adbf176/1759320000.0_mean_300.0_v3" "txe2798428192442298df8f-0068e61a26" "proxy-server 21" 0.0103 "-" 25 0
Oct 8 08:00:38 standalone proxy-server[126488]: 172.18.0.2 ::1 08/Oct/2025/08/00/38 PUT /v1/AUTH_db59a5ced0564b87b7fa1c8832b8e7c1/gnocchi.ee25123b-ee45-4678-b90d-34e04adbf176/1759320000.0_mean_300.0_v3 HTTP/1.0 201 - python-swiftclient-3.11.1 gAAAAABo5hjnaGaF... 23 - - txe2798428192442298df8f-0068e61a26 - 0.0165 - - 1759910438.846961975 1759910438.863420010 0
Oct 8 08:00:38 standalone container-server[124343]: 172.20.0.100 - - [08/Oct/2025:08:00:38 +0000] "PUT /d1/866/AUTH_db59a5ced0564b87b7fa1c8832b8e7c1/gnocchi.ee25123b-ee45-4678-b90d-34e04adbf176/none_v3" 201 - "PUT http://localhost:8080/d1/319/AUTH_db59a5ced0564b87b7fa1c8832b8e7c1/gnocchi.ee25123b-ee45-4678-b90d-34e04adbf176/none_v3" "txd261e919abda44619b001-0068e61a26" "object-server 22" 0.0005 "-" 21 0
Oct 8 08:00:38 standalone object-server[124549]: 172.20.0.100 - - [08/Oct/2025:08:00:38 +0000] "PUT /d1/319/AUTH_db59a5ced0564b87b7fa1c8832b8e7c1/gnocchi.ee25123b-ee45-4678-b90d-34e04adbf176/none_v3" 201 - "PUT http://localhost:8080/v1/AUTH_db59a5ced0564b87b7fa1c8832b8e7c1/gnocchi.ee25123b-ee45-4678-b90d-34e04adbf176/none_v3" "txd261e919abda44619b001-0068e61a26" "proxy-server 21" 0.0078 "-" 22 0
Oct 8 08:00:38 standalone proxy-server[126488]: 172.18.0.2 ::1 08/Oct/2025/08/00/38 PUT /v1/AUTH_db59a5ced0564b87b7fa1c8832b8e7c1/gnocchi.ee25123b-ee45-4678-b90d-34e04adbf176/none_v3 HTTP/1.0 201 - python-swiftclient-3.11.1 gAAAAABo5hjnaGaF... 22 - - txd261e919abda44619b001-0068e61a26 - 0.0127 - - 1759910438.866808891 1759910438.879553318 0
Oct 8 08:00:38 standalone container-server[124353]: 172.20.0.100 - - [08/Oct/2025:08:00:38 +0000] "HEAD /d1/283/AUTH_db59a5ced0564b87b7fa1c8832b8e7c1/gnocchi.0d450df8-7c70-4b99-b022-e4ea675aeec5" 204 - "HEAD http://localhost:8080/v1/AUTH_db59a5ced0564b87b7fa1c8832b8e7c1/gnocchi.0d450df8-7c70-4b99-b022-e4ea675aeec5?format=json&states=listing" "txe70f61ba638c4ad3b538a-0068e61a26" "proxy-server 21" 0.0022 "-" 23 0
Oct 8 08:00:38 standalone object-server[124549]: 172.20.0.100 - - [08/Oct/2025:08:00:38 +0000] "GET /d1/627/AUTH_db59a5ced0564b87b7fa1c8832b8e7c1/gnocchi.0d450df8-7c70-4b99-b022-e4ea675aeec5/none_v3" 200 22 "GET http://localhost:8080/v1/AUTH_db59a5ced0564b87b7fa1c8832b8e7c1/gnocchi.0d450df8-7c70-4b99-b022-e4ea675aeec5/none_v3" "txe70f61ba638c4ad3b538a-0068e61a26" "proxy-server 21" 0.0008 "-" 22 0
Oct 8 08:00:38 standalone proxy-server[126488]: 172.18.0.2 ::1 08/Oct/2025/08/00/38 GET /v1/AUTH_db59a5ced0564b87b7fa1c8832b8e7c1/gnocchi.0d450df8-7c70-4b99-b022-e4ea675aeec5/none_v3 HTTP/1.0 200 - python-swiftclient-3.11.1 gAAAAABo5hjnaGaF... - 22 - txe70f61ba638c4ad3b538a-0068e61a26 - 0.0135 - - 1759910438.891103506 1759910438.904652357 0
Oct 8 08:00:38 standalone container-server[124343]: 172.20.0.100 - - [08/Oct/2025:08:00:38 +0000] "GET /d1/283/AUTH_db59a5ced0564b87b7fa1c8832b8e7c1/gnocchi.0d450df8-7c70-4b99-b022-e4ea675aeec5" 200 357 "GET http://localhost:8080/v1/AUTH_db59a5ced0564b87b7fa1c8832b8e7c1/gnocchi.0d450df8-7c70-4b99-b022-e4ea675aeec5?format=json&states=listing" "tx0a95ce3e65c64ef9899a4-0068e61a26" "proxy-server 21" 0.0019 "-" 21 0
Oct 8 08:00:38 standalone proxy-server[126488]: 172.18.0.2 ::1 08/Oct/2025/08/00/38 GET /v1/AUTH_db59a5ced0564b87b7fa1c8832b8e7c1/gnocchi.0d450df8-7c70-4b99-b022-e4ea675aeec5%3Fformat%3Djson%26states%3Dlisting HTTP/1.0 200 - python-swiftclient-3.11.1 gAAAAABo5hjnaGaF... - 357 - tx0a95ce3e65c64ef9899a4-0068e61a26 - 0.0074 - - 1759910438.909020662 1759910438.916393995 0
Oct 8 08:00:38 standalone container-server[124350]: 172.20.0.100 - - [08/Oct/2025:08:00:38 +0000] "GET /d1/283/AUTH_db59a5ced0564b87b7fa1c8832b8e7c1/gnocchi.0d450df8-7c70-4b99-b022-e4ea675aeec5" 200 2 "GET http://localhost:8080/v1/AUTH_db59a5ced0564b87b7fa1c8832b8e7c1/gnocchi.0d450df8-7c70-4b99-b022-e4ea675aeec5?format=json&marker=none_v3&states=listing" "tx908255657da048abbe11c-0068e61a26" "proxy-server 21" 0.0019 "-" 22 0
Oct 8 08:00:38 standalone proxy-server[126488]: 172.18.0.2 ::1 08/Oct/2025/08/00/38 GET /v1/AUTH_db59a5ced0564b87b7fa1c8832b8e7c1/gnocchi.0d450df8-7c70-4b99-b022-e4ea675aeec5%3Fformat%3Djson%26marker%3Dnone_v3%26states%3Dlisting HTTP/1.0 200 - python-swiftclient-3.11.1 gAAAAABo5hjnaGaF... - 2 - tx908255657da048abbe11c-0068e61a26 - 0.0099 - - 1759910438.919475317 1759910438.929329395 0
Oct 8 08:00:38 standalone object-server[124549]: 172.20.0.100 - - [08/Oct/2025:08:00:38 +0000] "GET /d1/905/AUTH_db59a5ced0564b87b7fa1c8832b8e7c1/gnocchi.0d450df8-7c70-4b99-b022-e4ea675aeec5/1759320000.0_mean_300.0_v3" 200 16 "GET http://localhost:8080/v1/AUTH_db59a5ced0564b87b7fa1c8832b8e7c1/gnocchi.0d450df8-7c70-4b99-b022-e4ea675aeec5/1759320000.0_mean_300.0_v3" "tx60403066cc1042548efa8-0068e61a26" "proxy-server 21" 0.0009 "-" 22 0
Oct 8 08:00:38 standalone proxy-server[126488]: 172.18.0.2 ::1 08/Oct/2025/08/00/38 GET /v1/AUTH_db59a5ced0564b87b7fa1c8832b8e7c1/gnocchi.0d450df8-7c70-4b99-b022-e4ea675aeec5/1759320000.0_mean_300.0_v3 HTTP/1.0 200 - python-swiftclient-3.11.1 gAAAAABo5hjnaGaF... - 16 - tx60403066cc1042548efa8-0068e61a26 - 0.0067 - - 1759910438.934748173 1759910438.941494465 0
Oct 8 08:00:38 standalone container-server[124343]: 172.20.0.100 - - [08/Oct/2025:08:00:38 +0000] "PUT /d1/283/AUTH_db59a5ced0564b87b7fa1c8832b8e7c1/gnocchi.0d450df8-7c70-4b99-b022-e4ea675aeec5/1759320000.0_mean_300.0_v3" 201 - "PUT http://localhost:8080/d1/905/AUTH_db59a5ced0564b87b7fa1c8832b8e7c1/gnocchi.0d450df8-7c70-4b99-b022-e4ea675aeec5/1759320000.0_mean_300.0_v3" "tx34d7d71a7e1344a0b6ca4-0068e61a26" "object-server 23" 0.0006 "-" 21 0
Oct 8 08:00:38 standalone object-server[124553]: 172.20.0.100 - - [08/Oct/2025:08:00:38 +0000] "PUT /d1/905/AUTH_db59a5ced0564b87b7fa1c8832b8e7c1/gnocchi.0d450df8-7c70-4b99-b022-e4ea675aeec5/1759320000.0_mean_300.0_v3" 201 - "PUT http://localhost:8080/v1/AUTH_db59a5ced0564b87b7fa1c8832b8e7c1/gnocchi.0d450df8-7c70-4b99-b022-e4ea675aeec5/1759320000.0_mean_300.0_v3" "tx34d7d71a7e1344a0b6ca4-0068e61a26" "proxy-server 21" 0.0113 "-" 23 0
Oct 8 08:00:38 standalone proxy-server[126488]: 172.18.0.2 ::1 08/Oct/2025/08/00/38 PUT /v1/AUTH_db59a5ced0564b87b7fa1c8832b8e7c1/gnocchi.0d450df8-7c70-4b99-b022-e4ea675aeec5/1759320000.0_mean_300.0_v3 HTTP/1.0 201 - python-swiftclient-3.11.1 gAAAAABo5hjnaGaF... 23 - - tx34d7d71a7e1344a0b6ca4-0068e61a26 - 0.0204 - - 1759910438.948069572 1759910438.968502998 0
Oct 8 08:00:38 standalone container-server[124343]: 172.20.0.100 - - [08/Oct/2025:08:00:38 +0000] "PUT /d1/283/AUTH_db59a5ced0564b87b7fa1c8832b8e7c1/gnocchi.0d450df8-7c70-4b99-b022-e4ea675aeec5/none_v3" 201 - "PUT http://localhost:8080/d1/627/AUTH_db59a5ced0564b87b7fa1c8832b8e7c1/gnocchi.0d450df8-7c70-4b99-b022-e4ea675aeec5/none_v3" "tx2a38376e7c914fd4b6385-0068e61a26" "object-server 23" 0.0003 "-" 21 0
Oct 8 08:00:38 standalone object-server[124553]: 172.20.0.100 - - [08/Oct/2025:08:00:38 +0000] "PUT /d1/627/AUTH_db59a5ced0564b87b7fa1c8832b8e7c1/gnocchi.0d450df8-7c70-4b99-b022-e4ea675aeec5/none_v3" 201 - "PUT http://localhost:8080/v1/AUTH_db59a5ced0564b87b7fa1c8832b8e7c1/gnocchi.0d450df8-7c70-4b99-b022-e4ea675aeec5/none_v3" "tx2a38376e7c914fd4b6385-0068e61a26" "proxy-server 21" 0.0068 "-" 23 0
Oct 8 08:00:38 standalone proxy-server[126488]: 172.18.0.2 ::1 08/Oct/2025/08/00/38 PUT /v1/AUTH_db59a5ced0564b87b7fa1c8832b8e7c1/gnocchi.0d450df8-7c70-4b99-b022-e4ea675aeec5/none_v3 HTTP/1.0 201 - python-swiftclient-3.11.1 gAAAAABo5hjnaGaF... 22 - - tx2a38376e7c914fd4b6385-0068e61a26 - 0.0124 - - 1759910438.975721121 1759910438.988138199 0
Oct 8 08:00:39 standalone container-server[124343]: 172.20.0.100 - - [08/Oct/2025:08:00:39 +0000] "HEAD /d1/751/AUTH_db59a5ced0564b87b7fa1c8832b8e7c1/gnocchi.8ba0c6f6-0538-4c90-b727-3a8331f2e510" 204 - "HEAD http://localhost:8080/v1/AUTH_db59a5ced0564b87b7fa1c8832b8e7c1/gnocchi.8ba0c6f6-0538-4c90-b727-3a8331f2e510?format=json&states=listing" "txa2c3077f16324b8fa0727-0068e61a27" "proxy-server 21" 0.0014 "-" 21 0
Oct 8 08:00:39 standalone object-server[124549]: 172.20.0.100 - - [08/Oct/2025:08:00:39 +0000] "GET /d1/402/AUTH_db59a5ced0564b87b7fa1c8832b8e7c1/gnocchi.8ba0c6f6-0538-4c90-b727-3a8331f2e510/none_v3" 200 22 "GET http://localhost:8080/v1/AUTH_db59a5ced0564b87b7fa1c8832b8e7c1/gnocchi.8ba0c6f6-0538-4c90-b727-3a8331f2e510/none_v3" "txa2c3077f16324b8fa0727-0068e61a27" "proxy-server 21" 0.0006 "-" 22 0
Oct 8 08:00:39 standalone proxy-server[126488]: 172.18.0.2 ::1 08/Oct/2025/08/00/39 GET /v1/AUTH_db59a5ced0564b87b7fa1c8832b8e7c1/gnocchi.8ba0c6f6-0538-4c90-b727-3a8331f2e510/none_v3 HTTP/1.0 200 - python-swiftclient-3.11.1 gAAAAABo5hjnaGaF... - 22 - txa2c3077f16324b8fa0727-0068e61a27 - 0.0117 - - 1759910439.007899284 1759910439.019606352 0
Oct 8 08:00:39 standalone container-server[124339]: 172.20.0.100 - - [08/Oct/2025:08:00:39 +0000] "GET /d1/751/AUTH_db59a5ced0564b87b7fa1c8832b8e7c1/gnocchi.8ba0c6f6-0538-4c90-b727-3a8331f2e510" 200 357 "GET http://localhost:8080/v1/AUTH_db59a5ced0564b87b7fa1c8832b8e7c1/gnocchi.8ba0c6f6-0538-4c90-b727-3a8331f2e510?format=json&states=listing" "tx4c745a0dd16d4b25b16b3-0068e61a27" "proxy-server 21" 0.0019 "-" 20 0
Oct 8 08:00:39 standalone proxy-server[126488]: 172.18.0.2 ::1 08/Oct/2025/08/00/39 GET /v1/AUTH_db59a5ced0564b87b7fa1c8832b8e7c1/gnocchi.8ba0c6f6-0538-4c90-b727-3a8331f2e510%3Fformat%3Djson%26states%3Dlisting HTTP/1.0 200 - python-swiftclient-3.11.1 gAAAAABo5hjnaGaF... - 357 - tx4c745a0dd16d4b25b16b3-0068e61a27 - 0.0069 - - 1759910439.023854256 1759910439.030774593 0
