Oct 8 07:56:28 standalone proxy-server[126488]: 172.18.0.2 ::1 08/Oct/2025/07/56/28 PUT /v1/AUTH_db59a5ced0564b87b7fa1c8832b8e7c1/gnocchi.d5625526-6834-4a06-a81c-4ee1d720c265 HTTP/1.0 201 - python-swiftclient-3.11.1 gAAAAABo5hjnaGaF... - - - tx9dab7944910f4b0089bf7-0068e6192c - 0.0310 - - 1759910188.855514765 1759910188.886480808 0
Oct 8 07:56:28 standalone container-server[124339]: 172.20.0.100 - - [08/Oct/2025:07:56:28 +0000] "HEAD /d1/120/AUTH_db59a5ced0564b87b7fa1c8832b8e7c1/gnocchi.d5625526-6834-4a06-a81c-4ee1d720c265" 204 - "HEAD http://localhost:8080/v1/AUTH_db59a5ced0564b87b7fa1c8832b8e7c1/gnocchi.d5625526-6834-4a06-a81c-4ee1d720c265?format=json&states=listing" "tx8673b2e596b14bb79402b-0068e6192c" "proxy-server 21" 0.0021 "-" 20 0
Oct 8 07:56:28 standalone proxy-server[126488]: - - 08/Oct/2025/07/56/28 HEAD /v1/AUTH_db59a5ced0564b87b7fa1c8832b8e7c1/gnocchi.d5625526-6834-4a06-a81c-4ee1d720c265%3Fformat%3Djson%26states%3Dlisting HTTP/1.0 204 - Swift - - - - tx8673b2e596b14bb79402b-0068e6192c - 0.0118 RL - 1759910188.898106813 1759910188.909923792 0
Oct 8 07:56:28 standalone container-server[124350]: 172.20.0.100 - - [08/Oct/2025:07:56:28 +0000] "GET /d1/120/AUTH_db59a5ced0564b87b7fa1c8832b8e7c1/gnocchi.d5625526-6834-4a06-a81c-4ee1d720c265" 200 2 "GET http://localhost:8080/v1/AUTH_db59a5ced0564b87b7fa1c8832b8e7c1/gnocchi.d5625526-6834-4a06-a81c-4ee1d720c265?format=json&states=listing" "tx8673b2e596b14bb79402b-0068e6192c" "proxy-server 21" 0.0038 "-" 22 0
Oct 8 07:56:28 standalone proxy-server[126488]: 172.18.0.2 ::1 08/Oct/2025/07/56/28 GET /v1/AUTH_db59a5ced0564b87b7fa1c8832b8e7c1/gnocchi.d5625526-6834-4a06-a81c-4ee1d720c265%3Fformat%3Djson%26states%3Dlisting HTTP/1.0 200 - python-swiftclient-3.11.1 gAAAAABo5hjnaGaF... - 2 - tx8673b2e596b14bb79402b-0068e6192c - 0.0311 - - 1759910188.895032167 1759910188.926103830 0
Oct 8 07:56:28 standalone object-server[124561]: 172.20.0.100 - - [08/Oct/2025:07:56:28 +0000] "GET /d1/220/AUTH_db59a5ced0564b87b7fa1c8832b8e7c1/gnocchi.d5625526-6834-4a06-a81c-4ee1d720c265/1759320000.0_mean_300.0_v3" 404 70 "GET http://localhost:8080/v1/AUTH_db59a5ced0564b87b7fa1c8832b8e7c1/gnocchi.d5625526-6834-4a06-a81c-4ee1d720c265/1759320000.0_mean_300.0_v3" "txf9da8fccdf484154a4614-0068e6192c" "proxy-server 21" 0.0005 "-" 25 0
Oct 8 07:56:28 standalone proxy-server[126488]: 172.18.0.2 ::1 08/Oct/2025/07/56/28 GET /v1/AUTH_db59a5ced0564b87b7fa1c8832b8e7c1/gnocchi.d5625526-6834-4a06-a81c-4ee1d720c265/1759320000.0_mean_300.0_v3 HTTP/1.0 404 - python-swiftclient-3.11.1 gAAAAABo5hjnaGaF... - 70 - txf9da8fccdf484154a4614-0068e6192c - 0.0096 - - 1759910188.931461334 1759910188.941066980 0
Oct 8 07:56:28 standalone container-server[124350]: 172.20.0.100 - - [08/Oct/2025:07:56:28 +0000] "PUT /d1/120/AUTH_db59a5ced0564b87b7fa1c8832b8e7c1/gnocchi.d5625526-6834-4a06-a81c-4ee1d720c265/1759320000.0_mean_300.0_v3" 201 - "PUT http://localhost:8080/d1/220/AUTH_db59a5ced0564b87b7fa1c8832b8e7c1/gnocchi.d5625526-6834-4a06-a81c-4ee1d720c265/1759320000.0_mean_300.0_v3" "txb577fc9a341442ae8a58a-0068e6192c" "object-server 25" 0.0012 "-" 22 0
Oct 8 07:56:28 standalone object-server[124561]: 172.20.0.100 - - [08/Oct/2025:07:56:28 +0000] "PUT /d1/220/AUTH_db59a5ced0564b87b7fa1c8832b8e7c1/gnocchi.d5625526-6834-4a06-a81c-4ee1d720c265/1759320000.0_mean_300.0_v3" 201 - "PUT http://localhost:8080/v1/AUTH_db59a5ced0564b87b7fa1c8832b8e7c1/gnocchi.d5625526-6834-4a06-a81c-4ee1d720c265/1759320000.0_mean_300.0_v3" "txb577fc9a341442ae8a58a-0068e6192c" "proxy-server 21" 0.0148 "-" 25 0
Oct 8 07:56:28 standalone proxy-server[126488]: 172.18.0.2 ::1 08/Oct/2025/07/56/28 PUT /v1/AUTH_db59a5ced0564b87b7fa1c8832b8e7c1/gnocchi.d5625526-6834-4a06-a81c-4ee1d720c265/1759320000.0_mean_300.0_v3 HTTP/1.0 201 - python-swiftclient-3.11.1 gAAAAABo5hjnaGaF... 16 - - txb577fc9a341442ae8a58a-0068e6192c - 0.0238 - - 1759910188.947222233 1759910188.971033573 0
Oct 8 07:56:29 standalone container-server[124339]: 172.20.0.100 - - [08/Oct/2025:07:56:29 +0000] "PUT /d1/120/AUTH_db59a5ced0564b87b7fa1c8832b8e7c1/gnocchi.d5625526-6834-4a06-a81c-4ee1d720c265/none_v3" 201 - "PUT http://localhost:8080/d1/1007/AUTH_db59a5ced0564b87b7fa1c8832b8e7c1/gnocchi.d5625526-6834-4a06-a81c-4ee1d720c265/none_v3" "txaceed2f323474607b5b10-0068e6192c" "object-server 22" 0.0006 "-" 20 0
Oct 8 07:56:29 standalone object-server[124549]: 172.20.0.100 - - [08/Oct/2025:07:56:29 +0000] "PUT /d1/1007/AUTH_db59a5ced0564b87b7fa1c8832b8e7c1/gnocchi.d5625526-6834-4a06-a81c-4ee1d720c265/none_v3" 201 - "PUT http://localhost:8080/v1/AUTH_db59a5ced0564b87b7fa1c8832b8e7c1/gnocchi.d5625526-6834-4a06-a81c-4ee1d720c265/none_v3" "txaceed2f323474607b5b10-0068e6192c" "proxy-server 21" 0.0256 "-" 22 0
Oct 8 07:56:29 standalone proxy-server[126488]: 172.18.0.2 ::1 08/Oct/2025/07/56/29 PUT /v1/AUTH_db59a5ced0564b87b7fa1c8832b8e7c1/gnocchi.d5625526-6834-4a06-a81c-4ee1d720c265/none_v3 HTTP/1.0 201 - python-swiftclient-3.11.1 gAAAAABo5hjnaGaF... 22 - - txaceed2f323474607b5b10-0068e6192c - 0.0343 - - 1759910188.976160288 1759910189.010410309 0
Oct 8 07:56:29 standalone container-server[124343]: 172.20.0.100 - - [08/Oct/2025:07:56:29 +0000] "HEAD /d1/751/AUTH_db59a5ced0564b87b7fa1c8832b8e7c1/gnocchi.8ba0c6f6-0538-4c90-b727-3a8331f2e510" 404 - "HEAD http://localhost:8080/v1/AUTH_db59a5ced0564b87b7fa1c8832b8e7c1/gnocchi.8ba0c6f6-0538-4c90-b727-3a8331f2e510?format=json&states=listing" "txd09c2a6b1be545c0ab65a-0068e6192d" "proxy-server 21" 0.0004 "-" 21 0
Oct 8 07:56:29 standalone object-server[124549]: 172.20.0.100 - - [08/Oct/2025:07:56:29 +0000] "GET /d1/402/AUTH_db59a5ced0564b87b7fa1c8832b8e7c1/gnocchi.8ba0c6f6-0538-4c90-b727-3a8331f2e510/none_v3" 404 70 "GET http://localhost:8080/v1/AUTH_db59a5ced0564b87b7fa1c8832b8e7c1/gnocchi.8ba0c6f6-0538-4c90-b727-3a8331f2e510/none_v3" "txd09c2a6b1be545c0ab65a-0068e6192d" "proxy-server 21" 0.0008 "-" 22 0
Oct 8 07:56:29 standalone proxy-server[126488]: 172.18.0.2 ::1 08/Oct/2025/07/56/29 GET /v1/AUTH_db59a5ced0564b87b7fa1c8832b8e7c1/gnocchi.8ba0c6f6-0538-4c90-b727-3a8331f2e510/none_v3 HTTP/1.0 404 - python-swiftclient-3.11.1 gAAAAABo5hjnaGaF... - 70 - txd09c2a6b1be545c0ab65a-0068e6192d - 0.0165 - - 1759910189.030962706 1759910189.047416687 0
Oct 8 07:56:29 standalone account-server[124268]: 172.20.0.100 - - [08/Oct/2025:07:56:29 +0000] "PUT /d1/642/AUTH_db59a5ced0564b87b7fa1c8832b8e7c1/gnocchi.8ba0c6f6-0538-4c90-b727-3a8331f2e510" 201 - "PUT http://172.20.0.100:6001/d1/751/AUTH_db59a5ced0564b87b7fa1c8832b8e7c1/gnocchi.8ba0c6f6-0538-4c90-b727-3a8331f2e510" "tx5d3365df1fd74d4c9c25f-0068e6192d" "container-server 20" 0.0078 "-" 23 0
Oct 8 07:56:29 standalone container-server[124339]: 172.20.0.100 - - [08/Oct/2025:07:56:29 +0000] "PUT /d1/751/AUTH_db59a5ced0564b87b7fa1c8832b8e7c1/gnocchi.8ba0c6f6-0538-4c90-b727-3a8331f2e510" 201 - "PUT http://localhost:8080/v1/AUTH_db59a5ced0564b87b7fa1c8832b8e7c1/gnocchi.8ba0c6f6-0538-4c90-b727-3a8331f2e510" "tx5d3365df1fd74d4c9c25f-0068e6192d" "proxy-server 21" 0.0273 "-" 20 0
Oct 8 07:56:29 standalone proxy-server[126488]: 172.18.0.2 ::1 08/Oct/2025/07/56/29 PUT /v1/AUTH_db59a5ced0564b87b7fa1c8832b8e7c1/gnocchi.8ba0c6f6-0538-4c90-b727-3a8331f2e510 HTTP/1.0 201 - python-swiftclient-3.11.1 gAAAAABo5hjnaGaF... - - - tx5d3365df1fd74d4c9c25f-0068e6192d - 0.0366 - - 1759910189.052333117 1759910189.088954449 0
Oct 8 07:56:29 standalone container-server[124350]: 172.20.0.100 - - [08/Oct/2025:07:56:29 +0000] "HEAD /d1/751/AUTH_db59a5ced0564b87b7fa1c8832b8e7c1/gnocchi.8ba0c6f6-0538-4c90-b727-3a8331f2e510" 204 - "HEAD http://localhost:8080/v1/AUTH_db59a5ced0564b87b7fa1c8832b8e7c1/gnocchi.8ba0c6f6-0538-4c90-b727-3a8331f2e510?format=json&states=listing" "txc5efb8f3192a45139540f-0068e6192d" "proxy-server 21" 0.0031 "-" 22 0
Oct 8 07:56:29 standalone proxy-server[126488]: - - 08/Oct/2025/07/56/29 HEAD /v1/AUTH_db59a5ced0564b87b7fa1c8832b8e7c1/gnocchi.8ba0c6f6-0538-4c90-b727-3a8331f2e510%3Fformat%3Djson%26states%3Dlisting HTTP/1.0 204 - Swift - - - - txc5efb8f3192a45139540f-0068e6192d - 0.0104 RL - 1759910189.100501299 1759910189.110913992 0
Oct 8 07:56:29 standalone container-server[124353]: 172.20.0.100 - - [08/Oct/2025:07:56:29 +0000] "GET /d1/751/AUTH_db59a5ced0564b87b7fa1c8832b8e7c1/gnocchi.8ba0c6f6-0538-4c90-b727-3a8331f2e510" 200 2 "GET http://localhost:8080/v1/AUTH_db59a5ced0564b87b7fa1c8832b8e7c1/gnocchi.8ba0c6f6-0538-4c90-b727-3a8331f2e510?format=json&states=listing" "txc5efb8f3192a45139540f-0068e6192d" "proxy-server 21" 0.0017 "-" 23 0
Oct 8 07:56:29 standalone proxy-server[126488]: 172.18.0.2 ::1 08/Oct/2025/07/56/29 GET /v1/AUTH_db59a5ced0564b87b7fa1c8832b8e7c1/gnocchi.8ba0c6f6-0538-4c90-b727-3a8331f2e510%3Fformat%3Djson%26states%3Dlisting HTTP/1.0 200 - python-swiftclient-3.11.1 gAAAAABo5hjnaGaF... - 2 - txc5efb8f3192a45139540f-0068e6192d - 0.0295 - - 1759910189.098520279 1759910189.128034115 0
Oct 8 07:56:29 standalone object-server[124553]: 172.20.0.100 - - [08/Oct/2025:07:56:29 +0000] "GET /d1/38/AUTH_db59a5ced0564b87b7fa1c8832b8e7c1/gnocchi.8ba0c6f6-0538-4c90-b727-3a8331f2e510/1759320000.0_mean_300.0_v3" 404 70 "GET http://localhost:8080/v1/AUTH_db59a5ced0564b87b7fa1c8832b8e7c1/gnocchi.8ba0c6f6-0538-4c90-b727-3a8331f2e510/1759320000.0_mean_300.0_v3" "tx79af333b87f44d62bdb44-0068e6192d" "proxy-server 21" 0.0003 "-" 23 0
Oct 8 07:56:29 standalone proxy-server[126488]: 172.18.0.2 ::1 08/Oct/2025/07/56/29 GET /v1/AUTH_db59a5ced0564b87b7fa1c8832b8e7c1/gnocchi.8ba0c6f6-0538-4c90-b727-3a8331f2e510/1759320000.0_mean_300.0_v3 HTTP/1.0 404 - python-swiftclient-3.11.1 gAAAAABo5hjnaGaF... - 70 - tx79af333b87f44d62bdb44-0068e6192d - 0.0090 - - 1759910189.134030819 1759910189.143005848 0
Oct 8 07:56:29 standalone container-server[124343]: 172.20.0.100 - - [08/Oct/2025:07:56:29 +0000] "PUT /d1/751/AUTH_db59a5ced0564b87b7fa1c8832b8e7c1/gnocchi.8ba0c6f6-0538-4c90-b727-3a8331f2e510/1759320000.0_mean_300.0_v3" 201 - "PUT http://localhost:8080/d1/38/AUTH_db59a5ced0564b87b7fa1c8832b8e7c1/gnocchi.8ba0c6f6-0538-4c90-b727-3a8331f2e510/1759320000.0_mean_300.0_v3" "txc1633c0269a94a8cbaeea-0068e6192d" "object-server 22" 0.0038 "-" 21 0
Oct 8 07:56:29 standalone object-server[124549]: 172.20.0.100 - - [08/Oct/2025:07:56:29 +0000] "PUT /d1/38/AUTH_db59a5ced0564b87b7fa1c8832b8e7c1/gnocchi.8ba0c6f6-0538-4c90-b727-3a8331f2e510/1759320000.0_mean_300.0_v3" 201 - "PUT http://localhost:8080/v1/AUTH_db59a5ced0564b87b7fa1c8832b8e7c1/gnocchi.8ba0c6f6-0538-4c90-b727-3a8331f2e510/1759320000.0_mean_300.0_v3" "txc1633c0269a94a8cbaeea-0068e6192d" "proxy-server 21" 0.0275 "-" 22 0
Oct 8 07:56:29 standalone proxy-server[126488]: 172.18.0.2 ::1 08/Oct/2025/07/56/29 PUT /v1/AUTH_db59a5ced0564b87b7fa1c8832b8e7c1/gnocchi.8ba0c6f6-0538-4c90-b727-3a8331f2e510/1759320000.0_mean_300.0_v3 HTTP/1.0 201 - python-swiftclient-3.11.1 gAAAAABo5hjnaGaF... 16 - - txc1633c0269a94a8cbaeea-0068e6192d - 0.0399 - - 1759910189.149221182 1759910189.189113379 0
Oct 8 07:56:29 standalone container-server[124343]: 172.20.0.100 - - [08/Oct/2025:07:56:29 +0000] "PUT /d1/751/AUTH_db59a5ced0564b87b7fa1c8832b8e7c1/gnocchi.8ba0c6f6-0538-4c90-b727-3a8331f2e510/none_v3" 201 - "PUT http://localhost:8080/d1/402/AUTH_db59a5ced0564b87b7fa1c8832b8e7c1/gnocchi.8ba0c6f6-0538-4c90-b727-3a8331f2e510/none_v3" "txa4c0582c64e84ba38096a-0068e6192d" "object-server 22" 0.0009 "-" 21 0
Oct 8 07:56:29 standalone object-server[124549]: 172.20.0.100 - - [08/Oct/2025:07:56:29 +0000] "PUT /d1/402/AUTH_db59a5ced0564b87b7fa1c8832b8e7c1/gnocchi.8ba0c6f6-0538-4c90-b727-3a8331f2e510/none_v3" 201 - "PUT http://localhost:8080/v1/AUTH_db59a5ced0564b87b7fa1c8832b8e7c1/gnocchi.8ba0c6f6-0538-4c90-b727-3a8331f2e510/none_v3" "txa4c0582c64e84ba38096a-0068e6192d" "proxy-server 21" 0.0127 "-" 22 0
Oct 8 07:56:29 standalone proxy-server[126488]: 172.18.0.2 ::1 08/Oct/2025/07/56/29 PUT /v1/AUTH_db59a5ced0564b87b7fa1c8832b8e7c1/gnocchi.8ba0c6f6-0538-4c90-b727-3a8331f2e510/none_v3 HTTP/1.0 201 - python-swiftclient-3.11.1 gAAAAABo5hjnaGaF... 22 - - txa4c0582c64e84ba38096a-0068e6192d - 0.0216 - - 1759910189.194211483 1759910189.215798378 0
Oct 8 07:56:29 standalone container-server[124339]: 172.20.0.100 - - [08/Oct/2025:07:56:29 +0000] "HEAD /d1/844/AUTH_db59a5ced0564b87b7fa1c8832b8e7c1/gnocchi.8457d34d-699b-407e-b963-0f0a843a3f13" 404 - "HEAD http://localhost:8080/v1/AUTH_db59a5ced0564b87b7fa1c8832b8e7c1/gnocchi.8457d34d-699b-407e-b963-0f0a843a3f13?format=json&states=listing" "tx3ce9be9ecf554a049d18c-0068e6192d" "proxy-server 21" 0.0009 "-" 20 0
Oct 8 07:56:29 standalone object-server[124561]: 172.20.0.100 - - [08/Oct/2025:07:56:29 +0000] "GET /d1/795/AUTH_db59a5ced0564b87b7fa1c8832b8e7c1/gnocchi.8457d34d-699b-407e-b963-0f0a843a3f13/none_v3" 404 70 "GET http://localhost:8080/v1/AUTH_db59a5ced0564b87b7fa1c8832b8e7c1/gnocchi.8457d34d-699b-407e-b963-0f0a843a3f13/none_v3" "tx3ce9be9ecf554a049d18c-0068e6192d" "proxy-server 21" 0.0005 "-" 25 0
Oct 8 07:56:29 standalone proxy-server[126488]: 172.18.0.2 ::1 08/Oct/2025/07/56/29 GET /v1/AUTH_db59a5ced0564b87b7fa1c8832b8e7c1/gnocchi.8457d34d-699b-407e-b963-0f0a843a3f13/none_v3 HTTP/1.0 404 - python-swiftclient-3.11.1 gAAAAABo5hjnaGaF... - 70 - tx3ce9be9ecf554a049d18c-0068e6192d - 0.0188 - - 1759910189.235790253 1759910189.254564285 0
Oct 8 07:56:29 standalone account-server[124234]: 172.20.0.100 - - [08/Oct/2025:07:56:29 +0000] "PUT /d1/642/AUTH_db59a5ced0564b87b7fa1c8832b8e7c1/gnocchi.8457d34d-699b-407e-b963-0f0a843a3f13" 201 - "PUT http://172.20.0.100:6001/d1/844/AUTH_db59a5ced0564b87b7fa1c8832b8e7c1/gnocchi.8457d34d-699b-407e-b963-0f0a843a3f13" "txbd57569a323b48cbb8868-0068e6192d" "container-server 21" 0.0087 "-" 21 0
Oct 8 07:56:29 standalone container-server[124343]: 172.20.0.100 - - [08/Oct/2025:07:56:29 +0000] "PUT /d1/844/AUTH_db59a5ced0564b87b7fa1c8832b8e7c1/gnocchi.8457d34d-699b-407e-b963-0f0a843a3f13" 201 - "PUT http://localhost:8080/v1/AUTH_db59a5ced0564b87b7fa1c8832b8e7c1/gnocchi.8457d34d-699b-407e-b963-0f0a843a3f13" "txbd57569a323b48cbb8868-0068e6192d" "proxy-server 21" 0.0273 "-" 21 0
Oct 8 07:56:29 standalone proxy-server[126488]: 172.18.0.2 ::1 08/Oct/2025/07/56/29 PUT /v1/AUTH_db59a5ced0564b87b7fa1c8832b8e7c1/gnocchi.8457d34d-699b-407e-b963-0f0a843a3f13 HTTP/1.0 201 - python-swiftclient-3.11.1 gAAAAABo5hjnaGaF... - - - txbd57569a323b48cbb8868-0068e6192d - 0.0353 - - 1759910189.260997772 1759910189.296338081 0
Oct 8 07:56:29 standalone container-server[124350]: 172.20.0.100 - - [08/Oct/2025:07:56:29 +0000] "HEAD /d1/844/AUTH_db59a5ced0564b87b7fa1c8832b8e7c1/gnocchi.8457d34d-699b-407e-b963-0f0a843a3f13" 204 - "HEAD http://localhost:8080/v1/AUTH_db59a5ced0564b87b7fa1c8832b8e7c1/gnocchi.8457d34d-699b-407e-b963-0f0a843a3f13?format=json&states=listing" "tx0a3bf5bc840041a48a393-0068e6192d" "proxy-server 21" 0.0013 "-" 22 0
Oct 8 07:56:29 standalone proxy-server[126488]: - - 08/Oct/2025/07/56/29 HEAD /v1/AUTH_db59a5ced0564b87b7fa1c8832b8e7c1/gnocchi.8457d34d-699b-407e-b963-0f0a843a3f13%3Fformat%3Djson%26states%3Dlisting HTTP/1.0 204 - Swift - - - - tx0a3bf5bc840041a48a393-0068e6192d - 0.0107 RL - 1759910189.303748131 1759910189.314488888 0
Oct 8 07:56:29 standalone container-server[124339]: 172.20.0.100 - - [08/Oct/2025:07:56:29 +0000] "GET /d1/844/AUTH_db59a5ced0564b87b7fa1c8832b8e7c1/gnocchi.8457d34d-699b-407e-b963-0f0a843a3f13" 200 2 "GET http://localhost:8080/v1/AUTH_db59a5ced0564b87b7fa1c8832b8e7c1/gnocchi.8457d34d-699b-407e-b963-0f0a843a3f13?format=json&states=listing" "tx0a3bf5bc840041a48a393-0068e6192d" "proxy-server 21" 0.0047 "-" 20 0
Oct 8 07:56:29 standalone proxy-server[126488]: 172.18.0.2 ::1 08/Oct/2025/07/56/29 GET /v1/AUTH_db59a5ced0564b87b7fa1c8832b8e7c1/gnocchi.8457d34d-699b-407e-b963-0f0a843a3f13%3Fformat%3Djson%26states%3Dlisting HTTP/1.0 200 - python-swiftclient-3.11.1 gAAAAABo5hjnaGaF... - 2 - tx0a3bf5bc840041a48a393-0068e6192d - 0.0376 - - 1759910189.302161694 1759910189.339779377 0
Oct 8 07:56:29 standalone object-server[124553]: 172.20.0.100 - - [08/Oct/2025:07:56:29 +0000] "GET /d1/453/AUTH_db59a5ced0564b87b7fa1c8832b8e7c1/gnocchi.8457d34d-699b-407e-b963-0f0a843a3f13/1759320000.0_mean_300.0_v3" 404 70 "GET http://localhost:8080/v1/AUTH_db59a5ced0564b87b7fa1c8832b8e7c1/gnocchi.8457d34d-699b-407e-b963-0f0a843a3f13/1759320000.0_mean_300.0_v3" "tx74a5f007dabc4e91ad0b5-0068e6192d" "proxy-server 21" 0.0004 "-" 23 0
Oct 8 07:56:29 standalone proxy-server[126488]: 172.18.0.2 ::1 08/Oct/2025/07/56/29 GET /v1/AUTH_db59a5ced0564b87b7fa1c8832b8e7c1/gnocchi.8457d34d-699b-407e-b963-0f0a843a3f13/1759320000.0_mean_300.0_v3 HTTP/1.0 404 - python-swiftclient-3.11.1 gAAAAABo5hjnaGaF... - 70 - tx74a5f007dabc4e91ad0b5-0068e6192d - 0.0090 - - 1759910189.351909637 1759910189.360902309 0
Oct 8 07:56:29 standalone container-server[124343]: 172.20.0.100 - - [08/Oct/2025:07:56:29 +0000] "PUT /d1/844/AUTH_db59a5ced0564b87b7fa1c8832b8e7c1/gnocchi.8457d34d-699b-407e-b963-0f0a843a3f13/1759320000.0_mean_300.0_v3" 201 - "PUT http://localhost:8080/d1/453/AUTH_db59a5ced0564b87b7fa1c8832b8e7c1/gnocchi.8457d34d-699b-407e-b963-0f0a843a3f13/1759320000.0_mean_300.0_v3" "txb4453d07352f446392f69-0068e6192d" "object-server 22" 0.0014 "-" 21 0
Oct 8 07:56:29 standalone object-server[124549]: 172.20.0.100 - - [08/Oct/2025:07:56:29 +0000] "PUT /d1/453/AUTH_db59a5ced0564b87b7fa1c8832b8e7c1/gnocchi.8457d34d-699b-407e-b963-0f0a843a3f13/1759320000.0_mean_300.0_v3" 201 - "PUT http://localhost:8080/v1/AUTH_db59a5ced0564b87b7fa1c8832b8e7c1/gnocchi.8457d34d-699b-407e-b963-0f0a843a3f13/1759320000.0_mean_300.0_v3" "txb4453d07352f446392f69-0068e6192d" "proxy-server 21" 0.0196 "-" 22 0
Oct 8 07:56:29 standalone proxy-server[126488]: 172.18.0.2 ::1 08/Oct/2025/07/56/29 PUT /v1/AUTH_db59a5ced0564b87b7fa1c8832b8e7c1/gnocchi.8457d34d-699b-407e-b963-0f0a843a3f13/1759320000.0_mean_300.0_v3 HTTP/1.0 201 - python-swiftclient-3.11.1 gAAAAABo5hjnaGaF... 16 - - txb4453d07352f446392f69-0068e6192d - 0.0287 - - 1759910189.366983891 1759910189.395729303 0
Oct 8 07:56:29 standalone container-server[124353]: 172.20.0.100 - - [08/Oct/2025:07:56:29 +0000] "PUT /d1/844/AUTH_db59a5ced0564b87b7fa1c8832b8e7c1/gnocchi.8457d34d-699b-407e-b963-0f0a843a3f13/none_v3" 201 - "PUT http://localhost:8080/d1/795/AUTH_db59a5ced0564b87b7fa1c8832b8e7c1/gnocchi.8457d34d-699b-407e-b963-0f0a843a3f13/none_v3" "tx39e8ebe8d07840fa9e585-0068e6192d" "object-server 22" 0.0012 "-" 23 0
Oct 8 07:56:29 standalone object-server[124549]: 172.20.0.100 - - [08/Oct/2025:07:56:29 +0000] "PUT /d1/795/AUTH_db59a5ced0564b87b7fa1c8832b8e7c1/gnocchi.8457d34d-699b-407e-b963-0f0a843a3f13/none_v3" 201 - "PUT http://localhost:8080/v1/AUTH_db59a5ced0564b87b7fa1c8832b8e7c1/gnocchi.8457d34d-699b-407e-b963-0f0a843a3f13/none_v3" "tx39e8ebe8d07840fa9e585-0068e6192d" "proxy-server 21" 0.0160 "-" 22 0
Oct 8 07:56:29 standalone proxy-server[126488]: 172.18.0.2 ::1 08/Oct/2025/07/56/29 PUT /v1/AUTH_db59a5ced0564b87b7fa1c8832b8e7c1/gnocchi.8457d34d-699b-407e-b963-0f0a843a3f13/none_v3 HTTP/1.0 201 - python-swiftclient-3.11.1 gAAAAABo5hjnaGaF... 22 - - tx39e8ebe8d07840fa9e585-0068e6192d - 0.0238 - - 1759910189.409891605 1759910189.433643341 0
Oct 8 07:56:29 standalone container-server[124350]: 172.20.0.100 - - [08/Oct/2025:07:56:29 +0000] "HEAD /d1/866/AUTH_db59a5ced0564b87b7fa1c8832b8e7c1/gnocchi.ee25123b-ee45-4678-b90d-34e04adbf176" 404 - "HEAD http://localhost:8080/v1/AUTH_db59a5ced0564b87b7fa1c8832b8e7c1/gnocchi.ee25123b-ee45-4678-b90d-34e04adbf176?format=json&states=listing" "txa6171f22edd9443db108d-0068e6192d" "proxy-server 21" 0.0007 "-" 22 0
Oct 8 07:56:29 standalone object-server[124553]: 172.20.0.100 - - [08/Oct/2025:07:56:29 +0000] "GET /d1/319/AUTH_db59a5ced0564b87b7fa1c8832b8e7c1/gnocchi.ee25123b-ee45-4678-b90d-34e04adbf176/none_v3" 404 70 "GET http://localhost:8080/v1/AUTH_db59a5ced0564b87b7fa1c8832b8e7c1/gnocchi.ee25123b-ee45-4678-b90d-34e04adbf176/none_v3" "txa6171f22edd9443db108d-0068e6192d" "proxy-server 21" 0.0005 "-" 23 0
Oct 8 07:56:29 standalone proxy-server[126488]: 172.18.0.2 ::1 08/Oct/2025/07/56/29 GET /v1/AUTH_db59a5ced0564b87b7fa1c8832b8e7c1/gnocchi.ee25123b-ee45-4678-b90d-34e04adbf176/none_v3 HTTP/1.0 404 - python-swiftclient-3.11.1 gAAAAABo5hjnaGaF... - 70 - txa6171f22edd9443db108d-0068e6192d - 0.0187 - - 1759910189.457830429 1759910189.476565599 0
Oct 8 07:56:29 standalone account-server[124268]: 172.20.0.100 - - [08/Oct/2025:07:56:29 +0000] "PUT /d1/642/AUTH_db59a5ced0564b87b7fa1c8832b8e7c1/gnocchi.ee25123b-ee45-4678-b90d-34e04adbf176" 201 - "PUT http://172.20.0.100:6001/d1/866/AUTH_db59a5ced0564b87b7fa1c8832b8e7c1/gnocchi.ee25123b-ee45-4678-b90d-34e04adbf176" "txdacb2e92b46245f385f13-0068e6192d" "container-server 23" 0.0092 "-" 23 0
Oct 8 07:56:29 standalone container-server[124353]: 172.20.0.100 - - [08/Oct/2025:07:56:29 +0000] "PUT /d1/866/AUTH_db59a5ced0564b87b7fa1c8832b8e7c1/gnocchi.ee25123b-ee45-4678-b90d-34e04adbf176" 201 - "PUT http://localhost:8080/v1/AUTH_db59a5ced0564b87b7fa1c8832b8e7c1/gnocchi.ee25123b-ee45-4678-b90d-34e04adbf176" "txdacb2e92b46245f385f13-0068e6192d" "proxy-server 21" 0.0297 "-" 23 0
Oct 8 07:56:29 standalone proxy-server[126488]: 172.18.0.2 ::1 08/Oct/2025/07/56/29 PUT /v1/AUTH_db59a5ced0564b87b7fa1c8832b8e7c1/gnocchi.ee25123b-ee45-4678-b90d-34e04adbf176 HTTP/1.0 201 - python-swiftclient-3.11.1 gAAAAABo5hjnaGaF... - - - txdacb2e92b46245f385f13-0068e6192d - 0.0427 - - 1759910189.482962847 1759910189.525700569 0
Oct 8 07:56:29 standalone container-server[124350]: 172.20.0.100 - - [08/Oct/2025:07:56:29 +0000] "HEAD /d1/866/AUTH_db59a5ced0564b87b7fa1c8832b8e7c1/gnocchi.ee25123b-ee45-4678-b90d-34e04adbf176" 204 - "HEAD http://localhost:8080/v1/AUTH_db59a5ced0564b87b7fa1c8832b8e7c1/gnocchi.ee25123b-ee45-4678-b90d-34e04adbf176?format=json&states=listing" "tx3d9c8ef4d37e4320a16e4-0068e6192d" "proxy-server 21" 0.0034 "-" 22 0
Oct 8 07:56:29 standalone proxy-server[126488]: - - 08/Oct/2025/07/56/29 HEAD /v1/AUTH_db59a5ced0564b87b7fa1c8832b8e7c1/gnocchi.ee25123b-ee45-4678-b90d-34e04adbf176%3Fformat%3Djson%26states%3Dlisting HTTP/1.0 204 - Swift - - - - tx3d9c8ef4d37e4320a16e4-0068e6192d - 0.0115 RL - 1759910189.537084579 1759910189.548624039 0
Oct 8 07:56:29 standalone container-server[124343]: 172.20.0.100 - - [08/Oct/2025:07:56:29 +0000] "GET /d1/866/AUTH_db59a5ced0564b87b7fa1c8832b8e7c1/gnocchi.ee25123b-ee45-4678-b90d-34e04adbf176" 200 2 "GET http://localhost:8080/v1/AUTH_db59a5ced0564b87b7fa1c8832b8e7c1/gnocchi.ee25123b-ee45-4678-b90d-34e04adbf176?format=json&states=listing" "tx3d9c8ef4d37e4320a16e4-0068e6192d" "proxy-server 21" 0.0032 "-" 21 0
Oct 8 07:56:29 standalone proxy-server[126488]: 172.18.0.2 ::1 08/Oct/2025/07/56/29 GET /v1/AUTH_db59a5ced0564b87b7fa1c8832b8e7c1/gnocchi.ee25123b-ee45-4678-b90d-34e04adbf176%3Fformat%3Djson%26states%3Dlisting HTTP/1.0 200 - python-swiftclient-3.11.1 gAAAAABo5hjnaGaF... - 2 - tx3d9c8ef4d37e4320a16e4-0068e6192d - 0.0307 - - 1759910189.533002853 1759910189.563703775 0
Oct 8 07:56:29 standalone object-server[124555]: 172.20.0.100 - - [08/Oct/2025:07:56:29 +0000] "GET /d1/743/AUTH_db59a5ced0564b87b7fa1c8832b8e7c1/gnocchi.ee25123b-ee45-4678-b90d-34e04adbf176/1759320000.0_mean_300.0_v3" 404 70 "GET http://localhost:8080/v1/AUTH_db59a5ced0564b87b7fa1c8832b8e7c1/gnocchi.ee25123b-ee45-4678-b90d-34e04adbf176/1759320000.0_mean_300.0_v3" "tx013f3cf8cf0545a8b519f-0068e6192d" "proxy-server 21" 0.0007 "-" 24 0
Oct 8 07:56:29 standalone proxy-server[126488]: 172.18.0.2 ::1 08/Oct/2025/07/56/29 GET /v1/AUTH_db59a5ced0564b87b7fa1c8832b8e7c1/gnocchi.ee25123b-ee45-4678-b90d-34e04adbf176/1759320000.0_mean_300.0_v3 HTTP/1.0 404 - python-swiftclient-3.11.1 gAAAAABo5hjnaGaF... - 70 - tx013f3cf8cf0545a8b519f-0068e6192d - 0.0118 - - 1759910189.571260214 1759910189.583096743 0
Oct 8 07:56:29 standalone container-server[124353]: 172.20.0.100 - - [08/Oct/2025:07:56:29 +0000] "PUT /d1/866/AUTH_db59a5ced0564b87b7fa1c8832b8e7c1/gnocchi.ee25123b-ee45-4678-b90d-34e04adbf176/1759320000.0_mean_300.0_v3" 201 - "PUT http://localhost:8080/d1/743/AUTH_db59a5ced0564b87b7fa1c8832b8e7c1/gnocchi.ee25123b-ee45-4678-b90d-34e04adbf176/1759320000.0_mean_300.0_v3" "tx4c0396ac31d0454da31b5-0068e6192d" "object-server 25" 0.0014 "-" 23 0
Oct 8 07:56:29 standalone object-server[124561]: 172.20.0.100 - - [08/Oct/2025:07:56:29 +0000] "PUT /d1/743/AUTH_db59a5ced0564b87b7fa1c8832b8e7c1/gnocchi.ee25123b-ee45-4678-b90d-34e04adbf176/1759320000.0_mean_300.0_v3" 201 - "PUT http://localhost:8080/v1/AUTH_db59a5ced0564b87b7fa1c8832b8e7c1/gnocchi.ee25123b-ee45-4678-b90d-34e04adbf176/1759320000.0_mean_300.0_v3" "tx4c0396ac31d0454da31b5-0068e6192d" "proxy-server 21" 0.0188 "-" 25 0
Oct 8 07:56:29 standalone proxy-server[126488]: 172.18.0.2 ::1 08/Oct/2025/07/56/29 PUT /v1/AUTH_db59a5ced0564b87b7fa1c8832b8e7c1/gnocchi.ee25123b-ee45-4678-b90d-34e04adbf176/1759320000.0_mean_300.0_v3 HTTP/1.0 201 - python-swiftclient-3.11.1 gAAAAABo5hjnaGaF... 16 - - tx4c0396ac31d0454da31b5-0068e6192d - 0.0291 - - 1759910189.589938879 1759910189.619058132 0
Oct 8 07:56:29 standalone container-server[124339]: 172.20.0.100 - - [08/Oct/2025:07:56:29 +0000] "PUT /d1/866/AUTH_db59a5ced0564b87b7fa1c8832b8e7c1/gnocchi.ee25123b-ee45-4678-b90d-34e04adbf176/none_v3" 201 - "PUT http://localhost:8080/d1/319/AUTH_db59a5ced0564b87b7fa1c8832b8e7c1/gnocchi.ee25123b-ee45-4678-b90d-34e04adbf176/none_v3" "tx8d44783ce9f546518d86a-0068e6192d" "object-server 25" 0.0008 "-" 20 0
Oct 8 07:56:29 standalone object-server[124561]: 172.20.0.100 - - [08/Oct/2025:07:56:29 +0000] "PUT /d1/319/AUTH_db59a5ced0564b87b7fa1c8832b8e7c1/gnocchi.ee25123b-ee45-4678-b90d-34e04adbf176/none_v3" 201 - "PUT http://localhost:8080/v1/AUTH_db59a5ced0564b87b7fa1c8832b8e7c1/gnocchi.ee25123b-ee45-4678-b90d-34e04adbf176/none_v3" "tx8d44783ce9f546518d86a-0068e6192d" "proxy-server 21" 0.0123 "-" 25 0
Oct 8 07:56:29 standalone proxy-server[126488]: 172.18.0.2 ::1 08/Oct/2025/07/56/29 PUT /v1/AUTH_db59a5ced0564b87b7fa1c8832b8e7c1/gnocchi.ee25123b-ee45-4678-b90d-34e04adbf176/none_v3 HTTP/1.0 201 - python-swiftclient-3.11.1 gAAAAABo5hjnaGaF... 22 - - tx8d44783ce9f546518d86a-0068e6192d - 0.0218 - - 1759910189.624652863 1759910189.646442175 0
Oct 8 07:56:29 standalone container-server[124343]: 172.20.0.100 - - [08/Oct/2025:07:56:29 +0000] "HEAD /d1/283/AUTH_db59a5ced0564b87b7fa1c8832b8e7c1/gnocchi.0d450df8-7c70-4b99-b022-e4ea675aeec5" 404 - "HEAD http://localhost:8080/v1/AUTH_db59a5ced0564b87b7fa1c8832b8e7c1/gnocchi.0d450df8-7c70-4b99-b022-e4ea675aeec5?format=json&states=listing" "tx1adf73d0083d4ffc85bd8-0068e6192d" "proxy-server 21" 0.0005 "-" 21 0
Oct 8 07:56:29 standalone object-server[124555]: 172.20.0.100 - - [08/Oct/2025:07:56:29 +0000] "GET /d1/627/AUTH_db59a5ced0564b87b7fa1c8832b8e7c1/gnocchi.0d450df8-7c70-4b99-b022-e4ea675aeec5/none_v3" 404 70 "GET http://localhost:8080/v1/AUTH_db59a5ced0564b87b7fa1c8832b8e7c1/gnocchi.0d450df8-7c70-4b99-b022-e4ea675aeec5/none_v3" "tx1adf73d0083d4ffc85bd8-0068e6192d" "proxy-server 21" 0.0006 "-" 24 0
Oct 8 07:56:29 standalone proxy-server[126488]: 172.18.0.2 ::1 08/Oct/2025/07/56/29 GET /v1/AUTH_db59a5ced0564b87b7fa1c8832b8e7c1/gnocchi.0d450df8-7c70-4b99-b022-e4ea675aeec5/none_v3 HTTP/1.0 404 - python-swiftclient-3.11.1 gAAAAABo5hjnaGaF... - 70 - tx1adf73d0083d4ffc85bd8-0068e6192d - 0.0181 - - 1759910189.665009975 1759910189.683063269 0
Oct 8 07:56:29 standalone account-server[124247]: 172.20.0.100 - - [08/Oct/2025:07:56:29 +0000] "PUT /d1/642/AUTH_db59a5ced0564b87b7fa1c8832b8e7c1/gnocchi.0d450df8-7c70-4b99-b022-e4ea675aeec5" 201 - "PUT http://172.20.0.100:6001/d1/283/AUTH_db59a5ced0564b87b7fa1c8832b8e7c1/gnocchi.0d450df8-7c70-4b99-b022-e4ea675aeec5" "tx78968fcde6124e9085026-0068e6192d" "container-server 23" 0.0112 "-" 22 0
Oct 8 07:56:29 standalone container-server[124353]: 172.20.0.100 - - [08/Oct/2025:07:56:29 +0000] "PUT /d1/283/AUTH_db59a5ced0564b87b7fa1c8832b8e7c1/gnocchi.0d450df8-7c70-4b99-b022-e4ea675aeec5" 201 - "PUT http://localhost:8080/v1/AUTH_db59a5ced0564b87b7fa1c8832b8e7c1/gnocchi.0d450df8-7c70-4b99-b022-e4ea675aeec5" "tx78968fcde6124e9085026-0068e6192d" "proxy-server 21" 0.0312 "-" 23 0
Oct 8 07:56:29 standalone proxy-server[126488]: 172.18.0.2 ::1 08/Oct/2025/07/56/29 PUT /v1/AUTH_db59a5ced0564b87b7fa1c8832b8e7c1/gnocchi.0d450df8-7c70-4b99-b022-e4ea675aeec5 HTTP/1.0 201 - python-swiftclient-3.11.1 gAAAAABo5hjnaGaF... - - - tx78968fcde6124e9085026-0068e6192d - 0.0401 - - 1759910189.690092325 1759910189.730197906 0
Oct 8 07:56:29 standalone container-server[124353]: 172.20.0.100 - - [08/Oct/2025:07:56:29 +0000] "HEAD /d1/283/AUTH_db59a5ced0564b87b7fa1c8832b8e7c1/gnocchi.0d450df8-7c70-4b99-b022-e4ea675aeec5" 204 - "HEAD http://localhost:8080/v1/AUTH_db59a5ced0564b87b7fa1c8832b8e7c1/gnocchi.0d450df8-7c70-4b99-b022-e4ea675aeec5?format=json&states=listing" "txdbf2cc5fed37429882a7f-0068e6192d" "proxy-server 21" 0.0028 "-" 23 0
Oct 8 07:56:29 standalone proxy-server[126488]: - - 08/Oct/2025/07/56/29 HEAD /v1/AUTH_db59a5ced0564b87b7fa1c8832b8e7c1/gnocchi.0d450df8-7c70-4b99-b022-e4ea675aeec5%3Fformat%3Djson%26states%3Dlisting HTTP/1.0 204 - Swift - - - - txdbf2cc5fed37429882a7f-0068e6192d - 0.0090 RL - 1759910189.739976168 1759910189.748947144 0
Oct 8 07:56:29 standalone container-server[124343]: 172.20.0.100 - - [08/Oct/2025:07:56:29 +0000] "GET /d1/283/AUTH_db59a5ced0564b87b7fa1c8832b8e7c1/gnocchi.0d450df8-7c70-4b99-b022-e4ea675aeec5" 200 2 "GET http://localhost:8080/v1/AUTH_db59a5ced0564b87b7fa1c8832b8e7c1/gnocchi.0d450df8-7c70-4b99-b022-e4ea675aeec5?format=json&states=listing" "txdbf2cc5fed37429882a7f-0068e6192d" "proxy-server 21" 0.0030 "-" 21 0
Oct 8 07:56:29 standalone proxy-server[126488]: 172.18.0.2 ::1 08/Oct/2025/07/56/29 GET /v1/AUTH_db59a5ced0564b87b7fa1c8832b8e7c1/gnocchi.0d450df8-7c70-4b99-b022-e4ea675aeec5%3Fformat%3Djson%26states%3Dlisting HTTP/1.0 200 - python-swiftclient-3.11.1 gAAAAABo5hjnaGaF... - 2 - txdbf2cc5fed37429882a7f-0068e6192d - 0.0271 - - 1759910189.737478256 1759910189.764617443 0
Oct 8 07:56:29 standalone object-server[124549]: 172.20.0.100 - - [08/Oct/2025:07:56:29 +0000] "GET /d1/905/AUTH_db59a5ced0564b87b7fa1c8832b8e7c1/gnocchi.0d450df8-7c70-4b99-b022-e4ea675aeec5/1759320000.0_mean_300.0_v3" 404 70 "GET http://localhost:8080/v1/AUTH_db59a5ced0564b87b7fa1c8832b8e7c1/gnocchi.0d450df8-7c70-4b99-b022-e4ea675aeec5/1759320000.0_mean_300.0_v3" "tx1ca0b917f12d4ca79b052-0068e6192d" "proxy-server 21" 0.0008 "-" 22 0
Oct 8 07:56:29 standalone proxy-server[126488]: 172.18.0.2 ::1 08/Oct/2025/07/56/29 GET /v1/AUTH_db59a5ced0564b87b7fa1c8832b8e7c1/gnocchi.0d450df8-7c70-4b99-b022-e4ea675aeec5/1759320000.0_mean_300.0_v3 HTTP/1.0 404 - python-swiftclient-3.11.1 gAAAAABo5hjnaGaF... - 70 - tx1ca0b917f12d4ca79b052-0068e6192d - 0.0124 - - 1759910189.772017479 1759910189.784440517 0
Oct 8 07:56:29 standalone container-server[124350]: 172.20.0.100 - - [08/Oct/2025:07:56:29 +0000] "PUT /d1/283/AUTH_db59a5ced0564b87b7fa1c8832b8e7c1/gnocchi.0d450df8-7c70-4b99-b022-e4ea675aeec5/1759320000.0_mean_300.0_v3" 201 - "PUT http://localhost:8080/d1/905/AUTH_db59a5ced0564b87b7fa1c8832b8e7c1/gnocchi.0d450df8-7c70-4b99-b022-e4ea675aeec5/1759320000.0_mean_300.0_v3" "txc17aa1c7c47d41d1bced4-0068e6192d" "object-server 24" 0.0011 "-" 22 0
Oct 8 07:56:29 standalone object-server[124555]: 172.20.0.100 - - [08/Oct/2025:07:56:29 +0000] "PUT /d1/905/AUTH_db59a5ced0564b87b7fa1c8832b8e7c1/gnocchi.0d450df8-7c70-4b99-b022-e4ea675aeec5/1759320000.0_mean_300.0_v3" 201 - "PUT http://localhost:8080/v1/AUTH_db59a5ced0564b87b7fa1c8832b8e7c1/gnocchi.0d450df8-7c70-4b99-b022-e4ea675aeec5/1759320000.0_mean_300.0_v3" "txc17aa1c7c47d41d1bced4-0068e6192d" "proxy-server 21" 0.0152 "-" 24 0
Oct 8 07:56:29 standalone proxy-server[126488]: 172.18.0.2 ::1 08/Oct/2025/07/56/29 PUT /v1/AUTH_db59a5ced0564b87b7fa1c8832b8e7c1/gnocchi.0d450df8-7c70-4b99-b022-e4ea675aeec5/1759320000.0_mean_300.0_v3 HTTP/1.0 201 - python-swiftclient-3.11.1 gAAAAABo5hjnaGaF... 16 - - txc17aa1c7c47d41d1bced4-0068e6192d - 0.0238 - - 1759910189.789498329 1759910189.813251019 0
Oct 8 07:56:29 standalone container-server[124339]: 172.20.0.100 - - [08/Oct/2025:07:56:29 +0000] "PUT /d1/283/AUTH_db59a5ced0564b87b7fa1c8832b8e7c1/gnocchi.0d450df8-7c70-4b99-b022-e4ea675aeec5/none_v3" 201 - "PUT http://localhost:8080/d1/627/AUTH_db59a5ced0564b87b7fa1c8832b8e7c1/gnocchi.0d450df8-7c70-4b99-b022-e4ea675aeec5/none_v3" "txbd850896bbae48aab8e35-0068e6192d" "object-server 22" 0.0007 "-" 20 0
Oct 8 07:56:29 standalone object-server[124549]: 172.20.0.100 - - [08/Oct/2025:07:56:29 +0000] "PUT /d1/627/AUTH_db59a5ced0564b87b7fa1c8832b8e7c1/gnocchi.0d450df8-7c70-4b99-b022-e4ea675aeec5/none_v3" 201 - "PUT http://localhost:8080/v1/AUTH_db59a5ced0564b87b7fa1c8832b8e7c1/gnocchi.0d450df8-7c70-4b99-b022-e4ea675aeec5/none_v3" "txbd850896bbae48aab8e35-0068e6192d" "proxy-server 21" 0.0119 "-" 22 0
Oct 8 07:56:29 standalone proxy-server[126488]: 172.18.0.2 ::1 08/Oct/2025/07/56/29 PUT /v1/AUTH_db59a5ced0564b87b7fa1c8832b8e7c1/gnocchi.0d450df8-7c70-4b99-b022-e4ea675aeec5/none_v3 HTTP/1.0 201 - python-swiftclient-3.11.1 gAAAAABo5hjnaGaF... 22 - - txbd850896bbae48aab8e35-0068e6192d - 0.0211 - - 1759910189.820173264 1759910189.841257334 0
Oct 8 07:57:02 standalone account-server[124268]: 172.20.0.100 - - [08/Oct/2025:07:57:02 +0000] "HEAD /d1/613/.expiring_objects" 404 - "HEAD http://localhost/v1/.expiring_objects?format=json" "tx399ca29503864fb1880c8-0068e6194e" "proxy-server 2" 0.0008 "-" 23 -
Oct 8 07:57:02 standalone object-expirer[124523]: Pass completed in 0s; 0 objects expired (txn: tx399ca29503864fb1880c8-0068e6194e)
Oct 8 07:57:26 standalone container-server[124124]: Begin container update sweep
Oct 8 07:57:26 standalone account-server[124222]: 172.20.0.100 - - [08/Oct/2025:07:57:26 +0000] "PUT /d1/642/AUTH_db59a5ced0564b87b7fa1c8832b8e7c1/gnocchi.8457d34d-699b-407e-b963-0f0a843a3f13" 201 - "-" "-" "container-updater 2" 0.0013 "-" 20 0
Oct 8 07:57:26 standalone account-server[124247]: 172.20.0.100 - - [08/Oct/2025:07:57:26 +0000] "PUT /d1/642/AUTH_db59a5ced0564b87b7fa1c8832b8e7c1/gnocchi.131da140-fb7c-4207-b0fe-4eb4eac3e19f" 201 - "-" "-" "container-updater 2" 0.0013 "-" 22 0
Oct 8 07:57:26 standalone account-server[124268]: 172.20.0.100 - - [08/Oct/2025:07:57:26 +0000] "PUT /d1/642/AUTH_db59a5ced0564b87b7fa1c8832b8e7c1/gnocchi.d5625526-6834-4a06-a81c-4ee1d720c265" 201 - "-" "-" "container-updater 2" 0.0007 "-" 23 0
Oct 8 07:57:26 standalone account-server[124234]: 172.20.0.100 - - [08/Oct/2025:07:57:26 +0000] "PUT /d1/642/AUTH_db59a5ced0564b87b7fa1c8832b8e7c1/gnocchi.ee25123b-ee45-4678-b90d-34e04adbf176" 201 - "-" "-" "container-updater 2" 0.0005 "-" 21 0
Oct 8 07:57:26 standalone account-server[124247]: 172.20.0.100 - - [08/Oct/2025:07:57:26 +0000] "PUT /d1/642/AUTH_db59a5ced0564b87b7fa1c8832b8e7c1/gnocchi.8ba0c6f6-0538-4c90-b727-3a8331f2e510" 201 - "-" "-" "container-updater 2" 0.0005 "-" 22 0
Oct 8 07:57:26 standalone account-server[124222]: 172.20.0.100 - - [08/Oct/2025:07:57:26 +0000] "PUT /d1/642/AUTH_db59a5ced0564b87b7fa1c8832b8e7c1/gnocchi.463a1371-24bc-4176-9af7-afbf0bcdc350" 201 - "-" "-" "container-updater 2" 0.0005 "-" 20 0
Oct 8 07:57:26 standalone account-server[124268]: 172.20.0.100 - - [08/Oct/2025:07:57:26 +0000] "PUT /d1/642/AUTH_db59a5ced0564b87b7fa1c8832b8e7c1/gnocchi.0d450df8-7c70-4b99-b022-e4ea675aeec5" 201 - "-" "-" "container-updater 2" 0.0008 "-" 23 0
Oct 8 07:57:26 standalone account-server[124222]: 172.20.0.100 - - [08/Oct/2025:07:57:26 +0000] "PUT /d1/642/AUTH_db59a5ced0564b87b7fa1c8832b8e7c1/gnocchi.9388e9b6-513e-4a4e-915e-4cfdc14ddfc5" 201 - "-" "-" "container-updater 2" 0.0006 "-" 20 0
Oct 8 07:57:26 standalone account-server[124234]: 172.20.0.100 - - [08/Oct/2025:07:57:26 +0000] "PUT /d1/642/AUTH_db59a5ced0564b87b7fa1c8832b8e7c1/glance" 201 - "-" "-" "container-updater 2" 0.0007 "-" 21 0
Oct 8 07:57:26 standalone container-server[124124]: Container update sweep completed: 0.80s
Oct 8 07:57:31 standalone account-server[124234]: 172.20.0.100 - - [08/Oct/2025:07:57:31 +0000] "HEAD /d1/613/.expiring_objects" 404 - "HEAD http://localhost/v1/.expiring_objects?format=json" "tx276e04559af243f58eeff-0068e6196b" "proxy-server 2" 0.0008 "-" 21 -
Oct 8 07:57:31 standalone object-expirer[124523]: Pass completed in 0s; 0 objects expired (txn: tx276e04559af243f58eeff-0068e6196b)
Oct 8 07:58:19 standalone account-server[124234]: 172.20.0.100 - - [08/Oct/2025:07:58:19 +0000] "HEAD /d1/642/AUTH_db59a5ced0564b87b7fa1c8832b8e7c1" 204 - "HEAD http://localhost:8080/v1/AUTH_db59a5ced0564b87b7fa1c8832b8e7c1?format=json" "txa6b08e23ec154c488ee6d-0068e6199b" "proxy-server 21" 0.0048 "-" 21 -
Oct 8 07:58:19 standalone proxy-server[126488]: - - 08/Oct/2025/07/58/19 HEAD /v1/AUTH_db59a5ced0564b87b7fa1c8832b8e7c1%3Fformat%3Djson HTTP/1.0 204 - Swift - - - - txa6b08e23ec154c488ee6d-0068e6199b - 0.0088 RL - 1759910299.926512480 1759910299.935316801 -
Oct 8 07:58:19 standalone container-server[124353]: 172.20.0.100 - - [08/Oct/2025:07:58:19 +0000] "HEAD /d1/849/AUTH_db59a5ced0564b87b7fa1c8832b8e7c1/gnocchi.924da81e-bf64-42ce-87ee-850643e867b0" 404 - "HEAD http://localhost:8080/v1/AUTH_db59a5ced0564b87b7fa1c8832b8e7c1/gnocchi.924da81e-bf64-42ce-87ee-850643e867b0?format=json&states=listing" "txa6b08e23ec154c488ee6d-0068e6199b" "proxy-server 21" 0.0006 "-" 23 0
Oct 8 07:58:19 standalone object-server[124549]: 172.20.0.100 - - [08/Oct/2025:07:58:19 +0000] "GET /d1/61/AUTH_db59a5ced0564b87b7fa1c8832b8e7c1/gnocchi.924da81e-bf64-42ce-87ee-850643e867b0/none_v3" 404 70 "GET http://localhost:8080/v1/AUTH_db59a5ced0564b87b7fa1c8832b8e7c1/gnocchi.924da81e-bf64-42ce-87ee-850643e867b0/none_v3" "txa6b08e23ec154c488ee6d-0068e6199b" "proxy-server 21" 0.0005 "-" 22 0
Oct 8 07:58:19 standalone proxy-server[126488]: 172.18.0.2 ::1 08/Oct/2025/07/58/19 GET /v1/AUTH_db59a5ced0564b87b7fa1c8832b8e7c1/gnocchi.924da81e-bf64-42ce-87ee-850643e867b0/none_v3 HTTP/1.0 404 - python-swiftclient-3.11.1 gAAAAABo5hjnaGaF... - 70 - txa6b08e23ec154c488ee6d-0068e6199b - 0.0188 - - 1759910299.925670147 1759910299.944436789 0
Oct 8 07:58:19 standalone account-server[124222]: 172.20.0.100 - - [08/Oct/2025:07:58:19 +0000] "PUT /d1/642/AUTH_db59a5ced0564b87b7fa1c8832b8e7c1/gnocchi.924da81e-bf64-42ce-87ee-850643e867b0" 201 - "PUT http://172.20.0.100:6001/d1/849/AUTH_db59a5ced0564b87b7fa1c8832b8e7c1/gnocchi.924da81e-bf64-42ce-87ee-850643e867b0" "txec943d6dd0ee45cda5ecc-0068e6199b" "container-server 23" 0.0016 "-" 20 0
Oct 8 07:58:19 standalone container-server[124353]: 172.20.0.100 - - [08/Oct/2025:07:58:19 +0000] "PUT /d1/849/AUTH_db59a5ced0564b87b7fa1c8832b8e7c1/gnocchi.924da81e-bf64-42ce-87ee-850643e867b0" 201 - "PUT http://localhost:8080/v1/AUTH_db59a5ced0564b87b7fa1c8832b8e7c1/gnocchi.924da81e-bf64-42ce-87ee-850643e867b0" "txec943d6dd0ee45cda5ecc-0068e6199b" "proxy-server 21" 0.0121 "-" 23 0
Oct 8 07:58:19 standalone proxy-server[126488]: 172.18.0.2 ::1 08/Oct/2025/07/58/19 PUT /v1/AUTH_db59a5ced0564b87b7fa1c8832b8e7c1/gnocchi.924da81e-bf64-42ce-87ee-850643e867b0 HTTP/1.0 201 - python-swiftclient-3.11.1 gAAAAABo5hjnaGaF... - - - txec943d6dd0ee45cda5ecc-0068e6199b - 0.0157 - - 1759910299.947396517 1759910299.963109016 0
Oct 8 07:58:19 standalone container-server[124343]: 172.20.0.100 - - [08/Oct/2025:07:58:19 +0000] "HEAD /d1/849/AUTH_db59a5ced0564b87b7fa1c8832b8e7c1/gnocchi.924da81e-bf64-42ce-87ee-850643e867b0" 204 - "HEAD http://localhost:8080/v1/AUTH_db59a5ced0564b87b7fa1c8832b8e7c1/gnocchi.924da81e-bf64-42ce-87ee-850643e867b0?format=json&states=listing" "tx85c0c4a23f9744498a806-0068e6199b" "proxy-server 21" 0.0011 "-" 21 0
Oct 8 07:58:19 standalone proxy-server[126488]: - - 08/Oct/2025/07/58/19 HEAD /v1/AUTH_db59a5ced0564b87b7fa1c8832b8e7c1/gnocchi.924da81e-bf64-42ce-87ee-850643e867b0%3Fformat%3Djson%26states%3Dlisting HTTP/1.0 204 - Swift - - - - tx85c0c4a23f9744498a806-0068e6199b - 0.0044 RL - 1759910299.971425056 1759910299.975779295 0
Oct 8 07:58:19 standalone container-server[124343]: 172.20.0.100 - - [08/Oct/2025:07:58:19 +0000] "GET /d1/849/AUTH_db59a5ced0564b87b7fa1c8832b8e7c1/gnocchi.924da81e-bf64-42ce-87ee-850643e867b0" 200 2 "GET http://localhost:8080/v1/AUTH_db59a5ced0564b87b7fa1c8832b8e7c1/gnocchi.924da81e-bf64-42ce-87ee-850643e867b0?format=json&states=listing" "tx85c0c4a23f9744498a806-0068e6199b" "proxy-server 21" 0.0014 "-" 21 0
Oct 8 07:58:19 standalone proxy-server[126488]: 172.18.0.2 ::1 08/Oct/2025/07/58/19 GET /v1/AUTH_db59a5ced0564b87b7fa1c8832b8e7c1/gnocchi.924da81e-bf64-42ce-87ee-850643e867b0%3Fformat%3Djson%26states%3Dlisting HTTP/1.0 200 - python-swiftclient-3.11.1 gAAAAABo5hjnaGaF... - 2 - tx85c0c4a23f9744498a806-0068e6199b - 0.0153 - - 1759910299.966322422 1759910299.981580973 0
Oct 8 07:58:19 standalone object-server[124561]: 172.20.0.100 - - [08/Oct/2025:07:58:19 +0000] "GET /d1/48/AUTH_db59a5ced0564b87b7fa1c8832b8e7c1/gnocchi.924da81e-bf64-42ce-87ee-850643e867b0/1759320000.0_mean_300.0_v3" 404 70 "GET http://localhost:8080/v1/AUTH_db59a5ced0564b87b7fa1c8832b8e7c1/gnocchi.924da81e-bf64-42ce-87ee-850643e867b0/1759320000.0_mean_300.0_v3" "tx65db68f961c04f46aa88f-0068e6199b" "proxy-server 21" 0.0003 "-" 25 0
Oct 8 07:58:19 standalone proxy-server[126488]: 172.18.0.2 ::1 08/Oct/2025/07/58/19 GET /v1/AUTH_db59a5ced0564b87b7fa1c8832b8e7c1/gnocchi.924da81e-bf64-42ce-87ee-850643e867b0/1759320000.0_mean_300.0_v3 HTTP/1.0 404 - python-swiftclient-3.11.1 gAAAAABo5hjnaGaF... - 70 - tx65db68f961c04f46aa88f-0068e6199b - 0.0051 - - 1759910299.984545708 1759910299.989649773 0
Oct 8 07:58:20 standalone container-server[124350]: 172.20.0.100 - - [08/Oct/2025:07:58:20 +0000] "PUT /d1/849/AUTH_db59a5ced0564b87b7fa1c8832b8e7c1/gnocchi.924da81e-bf64-42ce-87ee-850643e867b0/1759320000.0_mean_300.0_v3" 201 - "PUT http://localhost:8080/d1/48/AUTH_db59a5ced0564b87b7fa1c8832b8e7c1/gnocchi.924da81e-bf64-42ce-87ee-850643e867b0/1759320000.0_mean_300.0_v3" "txd96af26780c04aafa3f5c-0068e6199b" "object-server 24" 0.0005 "-" 22 0
Oct 8 07:58:20 standalone object-server[124555]: 172.20.0.100 - - [08/Oct/2025:07:58:20 +0000] "PUT /d1/48/AUTH_db59a5ced0564b87b7fa1c8832b8e7c1/gnocchi.924da81e-bf64-42ce-87ee-850643e867b0/1759320000.0_mean_300.0_v3" 201 - "PUT http://localhost:8080/v1/AUTH_db59a5ced0564b87b7fa1c8832b8e7c1/gnocchi.924da81e-bf64-42ce-87ee-850643e867b0/1759320000.0_mean_300.0_v3" "txd96af26780c04aafa3f5c-0068e6199b" "proxy-server 21" 0.0071 "-" 24 0
Oct 8 07:58:20 standalone proxy-server[126488]: 172.18.0.2 ::1 08/Oct/2025/07/58/20 PUT /v1/AUTH_db59a5ced0564b87b7fa1c8832b8e7c1/gnocchi.924da81e-bf64-42ce-87ee-850643e867b0/1759320000.0_mean_300.0_v3 HTTP/1.0 201 - python-swiftclient-3.11.1 gAAAAABo5hjnaGaF... 16 - - txd96af26780c04aafa3f5c-0068e6199b - 0.0111 - - 1759910299.991976500 1759910300.003066301 0
Oct 8 07:58:20 standalone container-server[124350]: 172.20.0.100 - - [08/Oct/2025:07:58:20 +0000] "PUT /d1/849/AUTH_db59a5ced0564b87b7fa1c8832b8e7c1/gnocchi.924da81e-bf64-42ce-87ee-850643e867b0/none_v3" 201 - "PUT http://localhost:8080/d1/61/AUTH_db59a5ced0564b87b7fa1c8832b8e7c1/gnocchi.924da81e-bf64-42ce-87ee-850643e867b0/none_v3" "tx94597640ca5542c1975f7-0068e6199c" "object-server 24" 0.0004 "-" 22 0
Oct 8 07:58:20 standalone object-server[124555]: 172.20.0.100 - - [08/Oct/2025:07:58:20 +0000] "PUT /d1/61/AUTH_db59a5ced0564b87b7fa1c8832b8e7c1/gnocchi.924da81e-bf64-42ce-87ee-850643e867b0/none_v3" 201 - "PUT http://localhost:8080/v1/AUTH_db59a5ced0564b87b7fa1c8832b8e7c1/gnocchi.924da81e-bf64-42ce-87ee-850643e867b0/none_v3" "tx94597640ca5542c1975f7-0068e6199c" "proxy-server 21" 0.0077 "-" 24 0
Oct 8 07:58:20 standalone proxy-server[126488]: 172.18.0.2 ::1 08/Oct/2025/07/58/20 PUT /v1/AUTH_db59a5ced0564b87b7fa1c8832b8e7c1/gnocchi.924da81e-bf64-42ce-87ee-850643e867b0/none_v3 HTTP/1.0 201 - python-swiftclient-3.11.1 gAAAAABo5hjnaGaF... 22 - - tx94597640ca5542c1975f7-0068e6199c - 0.0133 - - 1759910300.006882191 1759910300.020215988 0
Oct 8 07:58:20 standalone container-server[124343]: 172.20.0.100 - - [08/Oct/2025:07:58:20 +0000] "HEAD /d1/944/AUTH_db59a5ced0564b87b7fa1c8832b8e7c1/gnocchi.4d6d62d6-f048-4817-a9ce-2cc225270b73" 404 - "HEAD http://localhost:8080/v1/AUTH_db59a5ced0564b87b7fa1c8832b8e7c1/gnocchi.4d6d62d6-f048-4817-a9ce-2cc225270b73?format=json&states=listing" "tx8c2c3b82018f406d95cdd-0068e6199c" "proxy-server 21" 0.0005 "-" 21 0
Oct 8 07:58:20 standalone object-server[124555]: 172.20.0.100 - - [08/Oct/2025:07:58:20 +0000] "GET /d1/899/AUTH_db59a5ced0564b87b7fa1c8832b8e7c1/gnocchi.4d6d62d6-f048-4817-a9ce-2cc225270b73/none_v3" 404 70 "GET http://localhost:8080/v1/AUTH_db59a5ced0564b87b7fa1c8832b8e7c1/gnocchi.4d6d62d6-f048-4817-a9ce-2cc225270b73/none_v3" "tx8c2c3b82018f406d95cdd-0068e6199c" "proxy-server 21" 0.0003 "-" 24 0
Oct 8 07:58:20 standalone proxy-server[126488]: 172.18.0.2 ::1 08/Oct/2025/07/58/20 GET /v1/AUTH_db59a5ced0564b87b7fa1c8832b8e7c1/gnocchi.4d6d62d6-f048-4817-a9ce-2cc225270b73/none_v3 HTTP/1.0 404 - python-swiftclient-3.11.1 gAAAAABo5hjnaGaF... - 70 - tx8c2c3b82018f406d95cdd-0068e6199c - 0.0083 - - 1759910300.088015079 1759910300.096291304 0
Oct 8 07:58:20 standalone account-server[124234]: 172.20.0.100 - - [08/Oct/2025:07:58:20 +0000] "PUT /d1/642/AUTH_db59a5ced0564b87b7fa1c8832b8e7c1/gnocchi.4d6d62d6-f048-4817-a9ce-2cc225270b73" 201 - "PUT http://172.20.0.100:6001/d1/944/AUTH_db59a5ced0564b87b7fa1c8832b8e7c1/gnocchi.4d6d62d6-f048-4817-a9ce-2cc225270b73" "tx17bcfb9dc3a64a389965a-0068e6199c" "container-server 22" 0.0042 "-" 21 0
Oct 8 07:58:20 standalone container-server[124350]: 172.20.0.100 - - [08/Oct/2025:07:58:20 +0000] "PUT /d1/944/AUTH_db59a5ced0564b87b7fa1c8832b8e7c1/gnocchi.4d6d62d6-f048-4817-a9ce-2cc225270b73" 201 - "PUT http://localhost:8080/v1/AUTH_db59a5ced0564b87b7fa1c8832b8e7c1/gnocchi.4d6d62d6-f048-4817-a9ce-2cc225270b73" "tx17bcfb9dc3a64a389965a-0068e6199c" "proxy-server 21" 0.0129 "-" 22 0
Oct 8 07:58:20 standalone proxy-server[126488]: 172.18.0.2 ::1 08/Oct/2025/07/58/20 PUT /v1/AUTH_db59a5ced0564b87b7fa1c8832b8e7c1/gnocchi.4d6d62d6-f048-4817-a9ce-2cc225270b73 HTTP/1.0 201 - python-swiftclient-3.11.1 gAAAAABo5hjnaGaF... - - - tx17bcfb9dc3a64a389965a-0068e6199c - 0.0171 - - 1759910300.099376202 1759910300.116465807 0
Oct 8 07:58:20 standalone container-server[124353]: 172.20.0.100 - - [08/Oct/2025:07:58:20 +0000] "HEAD /d1/944/AUTH_db59a5ced0564b87b7fa1c8832b8e7c1/gnocchi.4d6d62d6-f048-4817-a9ce-2cc225270b73" 204 - "HEAD http://localhost:8080/v1/AUTH_db59a5ced0564b87b7fa1c8832b8e7c1/gnocchi.4d6d62d6-f048-4817-a9ce-2cc225270b73?format=json&states=listing" "tx0f2eddd6e795486594a46-0068e6199c" "proxy-server 21" 0.0012 "-" 23 0
Oct 8 07:58:20 standalone proxy-server[126488]: - - 08/Oct/2025/07/58/20 HEAD /v1/AUTH_db59a5ced0564b87b7fa1c8832b8e7c1/gnocchi.4d6d62d6-f048-4817-a9ce-2cc225270b73%3Fformat%3Djson%26states%3Dlisting HTTP/1.0 204 - Swift - - - - tx0f2eddd6e795486594a46-0068e6199c - 0.0039 RL - 1759910300.125675201 1759910300.129587889 0
Oct 8 07:58:20 standalone container-server[124353]: 172.20.0.100 - - [08/Oct/2025:07:58:20 +0000] "GET /d1/944/AUTH_db59a5ced0564b87b7fa1c8832b8e7c1/gnocchi.4d6d62d6-f048-4817-a9ce-2cc225270b73" 200 2 "GET http://localhost:8080/v1/AUTH_db59a5ced0564b87b7fa1c8832b8e7c1/gnocchi.4d6d62d6-f048-4817-a9ce-2cc225270b73?format=json&states=listing" "tx0f2eddd6e795486594a46-0068e6199c" "proxy-server 21" 0.0016 "-" 23 0
Oct 8 07:58:20 standalone proxy-server[126488]: 172.18.0.2 ::1 08/Oct/2025/07/58/20 GET /v1/AUTH_db59a5ced0564b87b7fa1c8832b8e7c1/gnocchi.4d6d62d6-f048-4817-a9ce-2cc225270b73%3Fformat%3Djson%26states%3Dlisting HTTP/1.0 200 - python-swiftclient-3.11.1 gAAAAABo5hjnaGaF... - 2 - tx0f2eddd6e795486594a46-0068e6199c - 0.0118 - - 1759910300.124059439 1759910300.135877132 0
Oct 8 07:58:20 standalone object-server[124553]: 172.20.0.100 - - [08/Oct/2025:07:58:20 +0000] "GET /d1/463/AUTH_db59a5ced0564b87b7fa1c8832b8e7c1/gnocchi.4d6d62d6-f048-4817-a9ce-2cc225270b73/1759320000.0_mean_300.0_v3" 404 70 "GET http://localhost:8080/v1/AUTH_db59a5ced0564b87b7fa1c8832b8e7c1/gnocchi.4d6d62d6-f048-4817-a9ce-2cc225270b73/1759320000.0_mean_300.0_v3" "tx2f0b940133964e9991199-0068e6199c" "proxy-server 21" 0.0003 "-" 23 0
Oct 8 07:58:20 standalone proxy-server[126488]: 172.18.0.2 ::1 08/Oct/2025/07/58/20 GET /v1/AUTH_db59a5ced0564b87b7fa1c8832b8e7c1/gnocchi.4d6d62d6-f048-4817-a9ce-2cc225270b73/1759320000.0_mean_300.0_v3 HTTP/1.0 404 - python-swiftclient-3.11.1 gAAAAABo5hjnaGaF... - 70 - tx2f0b940133964e9991199-0068e6199c - 0.0047 - - 1759910300.139442205 1759910300.144179106 0
Oct 8 07:58:20 standalone container-server[124343]: 172.20.0.100 - - [08/Oct/2025:07:58:20 +0000] "PUT /d1/944/AUTH_db59a5ced0564b87b7fa1c8832b8e7c1/gnocchi.4d6d62d6-f048-4817-a9ce-2cc225270b73/1759320000.0_mean_300.0_v3" 201 - "PUT http://localhost:8080/d1/463/AUTH_db59a5ced0564b87b7fa1c8832b8e7c1/gnocchi.4d6d62d6-f048-4817-a9ce-2cc225270b73/1759320000.0_mean_300.0_v3" "tx4b44d16e0225461b84f91-0068e6199c" "object-server 24" 0.0005 "-" 21 0
Oct 8 07:58:20 standalone object-server[124555]: 172.20.0.100 - - [08/Oct/2025:07:58:20 +0000] "PUT /d1/463/AUTH_db59a5ced0564b87b7fa1c8832b8e7c1/gnocchi.4d6d62d6-f048-4817-a9ce-2cc225270b73/1759320000.0_mean_300.0_v3" 201 - "PUT http://localhost:8080/v1/AUTH_db59a5ced0564b87b7fa1c8832b8e7c1/gnocchi.4d6d62d6-f048-4817-a9ce-2cc225270b73/1759320000.0_mean_300.0_v3" "tx4b44d16e0225461b84f91-0068e6199c" "proxy-server 21" 0.0086 "-" 24 0
Oct 8 07:58:20 standalone proxy-server[126488]: 172.18.0.2 ::1 08/Oct/2025/07/58/20 PUT /v1/AUTH_db59a5ced0564b87b7fa1c8832b8e7c1/gnocchi.4d6d62d6-f048-4817-a9ce-2cc225270b73/1759320000.0_mean_300.0_v3 HTTP/1.0 201 - python-swiftclient-3.11.1 gAAAAABo5hjnaGaF... 16 - - tx4b44d16e0225461b84f91-0068e6199c - 0.0167 - - 1759910300.147140980 1759910300.163795471 0
Oct 8 07:58:20 standalone container-server[124343]: 172.20.0.100 - - [08/Oct/2025:07:58:20 +0000] "PUT /d1/944/AUTH_db59a5ced0564b87b7fa1c8832b8e7c1/gnocchi.4d6d62d6-f048-4817-a9ce-2cc225270b73/none_v3" 201 - "PUT http://localhost:8080/d1/899/AUTH_db59a5ced0564b87b7fa1c8832b8e7c1/gnocchi.4d6d62d6-f048-4817-a9ce-2cc225270b73/none_v3" "txb20758ac8daa4701b8fca-0068e6199c" "object-server 25" 0.0004 "-" 21 0
