Oct 8 08:00:39 standalone container-server[124350]: 172.20.0.100 - - [08/Oct/2025:08:00:39 +0000] "GET /d1/751/AUTH_db59a5ced0564b87b7fa1c8832b8e7c1/gnocchi.8ba0c6f6-0538-4c90-b727-3a8331f2e510" 200 2 "GET http://localhost:8080/v1/AUTH_db59a5ced0564b87b7fa1c8832b8e7c1/gnocchi.8ba0c6f6-0538-4c90-b727-3a8331f2e510?format=json&marker=none_v3&states=listing" "tx1094b4fc1fde4a7c8aa0b-0068e61a27" "proxy-server 21" 0.0020 "-" 22 0
Oct 8 08:00:39 standalone proxy-server[126488]: 172.18.0.2 ::1 08/Oct/2025/08/00/39 GET /v1/AUTH_db59a5ced0564b87b7fa1c8832b8e7c1/gnocchi.8ba0c6f6-0538-4c90-b727-3a8331f2e510%3Fformat%3Djson%26marker%3Dnone_v3%26states%3Dlisting HTTP/1.0 200 - python-swiftclient-3.11.1 gAAAAABo5hjnaGaF... - 2 - tx1094b4fc1fde4a7c8aa0b-0068e61a27 - 0.0067 - - 1759910439.033700466 1759910439.040390253 0
Oct 8 08:00:39 standalone object-server[124553]: 172.20.0.100 - - [08/Oct/2025:08:00:39 +0000] "GET /d1/38/AUTH_db59a5ced0564b87b7fa1c8832b8e7c1/gnocchi.8ba0c6f6-0538-4c90-b727-3a8331f2e510/1759320000.0_mean_300.0_v3" 200 16 "GET http://localhost:8080/v1/AUTH_db59a5ced0564b87b7fa1c8832b8e7c1/gnocchi.8ba0c6f6-0538-4c90-b727-3a8331f2e510/1759320000.0_mean_300.0_v3" "tx9e6e696d5e454560bfefa-0068e61a27" "proxy-server 21" 0.0010 "-" 23 0
Oct 8 08:00:39 standalone proxy-server[126488]: 172.18.0.2 ::1 08/Oct/2025/08/00/39 GET /v1/AUTH_db59a5ced0564b87b7fa1c8832b8e7c1/gnocchi.8ba0c6f6-0538-4c90-b727-3a8331f2e510/1759320000.0_mean_300.0_v3 HTTP/1.0 200 - python-swiftclient-3.11.1 gAAAAABo5hjnaGaF... - 16 - tx9e6e696d5e454560bfefa-0068e61a27 - 0.0066 - - 1759910439.045103788 1759910439.051721573 0
Oct 8 08:00:39 standalone container-server[124339]: 172.20.0.100 - - [08/Oct/2025:08:00:39 +0000] "PUT /d1/751/AUTH_db59a5ced0564b87b7fa1c8832b8e7c1/gnocchi.8ba0c6f6-0538-4c90-b727-3a8331f2e510/1759320000.0_mean_300.0_v3" 201 - "PUT http://localhost:8080/d1/38/AUTH_db59a5ced0564b87b7fa1c8832b8e7c1/gnocchi.8ba0c6f6-0538-4c90-b727-3a8331f2e510/1759320000.0_mean_300.0_v3" "txe9af60a44b454328ae217-0068e61a27" "object-server 25" 0.0007 "-" 20 0
Oct 8 08:00:39 standalone object-server[124561]: 172.20.0.100 - - [08/Oct/2025:08:00:39 +0000] "PUT /d1/38/AUTH_db59a5ced0564b87b7fa1c8832b8e7c1/gnocchi.8ba0c6f6-0538-4c90-b727-3a8331f2e510/1759320000.0_mean_300.0_v3" 201 - "PUT http://localhost:8080/v1/AUTH_db59a5ced0564b87b7fa1c8832b8e7c1/gnocchi.8ba0c6f6-0538-4c90-b727-3a8331f2e510/1759320000.0_mean_300.0_v3" "txe9af60a44b454328ae217-0068e61a27" "proxy-server 21" 0.0076 "-" 25 0
Oct 8 08:00:39 standalone proxy-server[126488]: 172.18.0.2 ::1 08/Oct/2025/08/00/39 PUT /v1/AUTH_db59a5ced0564b87b7fa1c8832b8e7c1/gnocchi.8ba0c6f6-0538-4c90-b727-3a8331f2e510/1759320000.0_mean_300.0_v3 HTTP/1.0 201 - python-swiftclient-3.11.1 gAAAAABo5hjnaGaF... 23 - - txe9af60a44b454328ae217-0068e61a27 - 0.0117 - - 1759910439.054673195 1759910439.066408157 0
Oct 8 08:00:39 standalone container-server[124353]: 172.20.0.100 - - [08/Oct/2025:08:00:39 +0000] "PUT /d1/751/AUTH_db59a5ced0564b87b7fa1c8832b8e7c1/gnocchi.8ba0c6f6-0538-4c90-b727-3a8331f2e510/none_v3" 201 - "PUT http://localhost:8080/d1/402/AUTH_db59a5ced0564b87b7fa1c8832b8e7c1/gnocchi.8ba0c6f6-0538-4c90-b727-3a8331f2e510/none_v3" "tx674965d9354641a09c65c-0068e61a27" "object-server 25" 0.0005 "-" 23 0
Oct 8 08:00:39 standalone object-server[124561]: 172.20.0.100 - - [08/Oct/2025:08:00:39 +0000] "PUT /d1/402/AUTH_db59a5ced0564b87b7fa1c8832b8e7c1/gnocchi.8ba0c6f6-0538-4c90-b727-3a8331f2e510/none_v3" 201 - "PUT http://localhost:8080/v1/AUTH_db59a5ced0564b87b7fa1c8832b8e7c1/gnocchi.8ba0c6f6-0538-4c90-b727-3a8331f2e510/none_v3" "tx674965d9354641a09c65c-0068e61a27" "proxy-server 21" 0.0080 "-" 25 0
Oct 8 08:00:39 standalone proxy-server[126488]: 172.18.0.2 ::1 08/Oct/2025/08/00/39 PUT /v1/AUTH_db59a5ced0564b87b7fa1c8832b8e7c1/gnocchi.8ba0c6f6-0538-4c90-b727-3a8331f2e510/none_v3 HTTP/1.0 201 - python-swiftclient-3.11.1 gAAAAABo5hjnaGaF... 22 - - tx674965d9354641a09c65c-0068e61a27 - 0.0127 - - 1759910439.070135593 1759910439.082849264 0
Oct 8 08:00:39 standalone container-server[124353]: 172.20.0.100 - - [08/Oct/2025:08:00:39 +0000] "HEAD /d1/844/AUTH_db59a5ced0564b87b7fa1c8832b8e7c1/gnocchi.8457d34d-699b-407e-b963-0f0a843a3f13" 204 - "HEAD http://localhost:8080/v1/AUTH_db59a5ced0564b87b7fa1c8832b8e7c1/gnocchi.8457d34d-699b-407e-b963-0f0a843a3f13?format=json&states=listing" "txf515d0b794384e12bd0bd-0068e61a27" "proxy-server 21" 0.0017 "-" 23 0
Oct 8 08:00:39 standalone object-server[124561]: 172.20.0.100 - - [08/Oct/2025:08:00:39 +0000] "GET /d1/795/AUTH_db59a5ced0564b87b7fa1c8832b8e7c1/gnocchi.8457d34d-699b-407e-b963-0f0a843a3f13/none_v3" 200 22 "GET http://localhost:8080/v1/AUTH_db59a5ced0564b87b7fa1c8832b8e7c1/gnocchi.8457d34d-699b-407e-b963-0f0a843a3f13/none_v3" "txf515d0b794384e12bd0bd-0068e61a27" "proxy-server 21" 0.0007 "-" 25 0
Oct 8 08:00:39 standalone proxy-server[126488]: 172.18.0.2 ::1 08/Oct/2025/08/00/39 GET /v1/AUTH_db59a5ced0564b87b7fa1c8832b8e7c1/gnocchi.8457d34d-699b-407e-b963-0f0a843a3f13/none_v3 HTTP/1.0 200 - python-swiftclient-3.11.1 gAAAAABo5hjnaGaF... - 22 - txf515d0b794384e12bd0bd-0068e61a27 - 0.0111 - - 1759910439.093049049 1759910439.104186058 0
Oct 8 08:00:39 standalone container-server[124353]: 172.20.0.100 - - [08/Oct/2025:08:00:39 +0000] "GET /d1/844/AUTH_db59a5ced0564b87b7fa1c8832b8e7c1/gnocchi.8457d34d-699b-407e-b963-0f0a843a3f13" 200 357 "GET http://localhost:8080/v1/AUTH_db59a5ced0564b87b7fa1c8832b8e7c1/gnocchi.8457d34d-699b-407e-b963-0f0a843a3f13?format=json&states=listing" "txc4cde9f2d3274152a6149-0068e61a27" "proxy-server 21" 0.0028 "-" 23 0
Oct 8 08:00:39 standalone proxy-server[126488]: 172.18.0.2 ::1 08/Oct/2025/08/00/39 GET /v1/AUTH_db59a5ced0564b87b7fa1c8832b8e7c1/gnocchi.8457d34d-699b-407e-b963-0f0a843a3f13%3Fformat%3Djson%26states%3Dlisting HTTP/1.0 200 - python-swiftclient-3.11.1 gAAAAABo5hjnaGaF... - 357 - txc4cde9f2d3274152a6149-0068e61a27 - 0.0080 - - 1759910439.107810497 1759910439.115827560 0
Oct 8 08:00:39 standalone container-server[124339]: 172.20.0.100 - - [08/Oct/2025:08:00:39 +0000] "GET /d1/844/AUTH_db59a5ced0564b87b7fa1c8832b8e7c1/gnocchi.8457d34d-699b-407e-b963-0f0a843a3f13" 200 2 "GET http://localhost:8080/v1/AUTH_db59a5ced0564b87b7fa1c8832b8e7c1/gnocchi.8457d34d-699b-407e-b963-0f0a843a3f13?format=json&marker=none_v3&states=listing" "txffe4fe5a7aca4d91b2613-0068e61a27" "proxy-server 21" 0.0026 "-" 20 0
Oct 8 08:00:39 standalone proxy-server[126488]: 172.18.0.2 ::1 08/Oct/2025/08/00/39 GET /v1/AUTH_db59a5ced0564b87b7fa1c8832b8e7c1/gnocchi.8457d34d-699b-407e-b963-0f0a843a3f13%3Fformat%3Djson%26marker%3Dnone_v3%26states%3Dlisting HTTP/1.0 200 - python-swiftclient-3.11.1 gAAAAABo5hjnaGaF... - 2 - txffe4fe5a7aca4d91b2613-0068e61a27 - 0.0075 - - 1759910439.118251085 1759910439.125765800 0
Oct 8 08:00:39 standalone object-server[124549]: 172.20.0.100 - - [08/Oct/2025:08:00:39 +0000] "GET /d1/453/AUTH_db59a5ced0564b87b7fa1c8832b8e7c1/gnocchi.8457d34d-699b-407e-b963-0f0a843a3f13/1759320000.0_mean_300.0_v3" 200 16 "GET http://localhost:8080/v1/AUTH_db59a5ced0564b87b7fa1c8832b8e7c1/gnocchi.8457d34d-699b-407e-b963-0f0a843a3f13/1759320000.0_mean_300.0_v3" "tx456c789937184428ab7a3-0068e61a27" "proxy-server 21" 0.0006 "-" 22 0
Oct 8 08:00:39 standalone proxy-server[126488]: 172.18.0.2 ::1 08/Oct/2025/08/00/39 GET /v1/AUTH_db59a5ced0564b87b7fa1c8832b8e7c1/gnocchi.8457d34d-699b-407e-b963-0f0a843a3f13/1759320000.0_mean_300.0_v3 HTTP/1.0 200 - python-swiftclient-3.11.1 gAAAAABo5hjnaGaF... - 16 - tx456c789937184428ab7a3-0068e61a27 - 0.0077 - - 1759910439.132470846 1759910439.140199184 0
Oct 8 08:00:39 standalone container-server[124339]: 172.20.0.100 - - [08/Oct/2025:08:00:39 +0000] "PUT /d1/844/AUTH_db59a5ced0564b87b7fa1c8832b8e7c1/gnocchi.8457d34d-699b-407e-b963-0f0a843a3f13/1759320000.0_mean_300.0_v3" 201 - "PUT http://localhost:8080/d1/453/AUTH_db59a5ced0564b87b7fa1c8832b8e7c1/gnocchi.8457d34d-699b-407e-b963-0f0a843a3f13/1759320000.0_mean_300.0_v3" "tx91f2258549b0441f966ee-0068e61a27" "object-server 24" 0.0007 "-" 20 0
Oct 8 08:00:39 standalone object-server[124555]: 172.20.0.100 - - [08/Oct/2025:08:00:39 +0000] "PUT /d1/453/AUTH_db59a5ced0564b87b7fa1c8832b8e7c1/gnocchi.8457d34d-699b-407e-b963-0f0a843a3f13/1759320000.0_mean_300.0_v3" 201 - "PUT http://localhost:8080/v1/AUTH_db59a5ced0564b87b7fa1c8832b8e7c1/gnocchi.8457d34d-699b-407e-b963-0f0a843a3f13/1759320000.0_mean_300.0_v3" "tx91f2258549b0441f966ee-0068e61a27" "proxy-server 21" 0.0113 "-" 24 0
Oct 8 08:00:39 standalone proxy-server[126488]: 172.18.0.2 ::1 08/Oct/2025/08/00/39 PUT /v1/AUTH_db59a5ced0564b87b7fa1c8832b8e7c1/gnocchi.8457d34d-699b-407e-b963-0f0a843a3f13/1759320000.0_mean_300.0_v3 HTTP/1.0 201 - python-swiftclient-3.11.1 gAAAAABo5hjnaGaF... 23 - - tx91f2258549b0441f966ee-0068e61a27 - 0.0193 - - 1759910439.143715143 1759910439.163042307 0
Oct 8 08:00:39 standalone container-server[124339]: 172.20.0.100 - - [08/Oct/2025:08:00:39 +0000] "PUT /d1/844/AUTH_db59a5ced0564b87b7fa1c8832b8e7c1/gnocchi.8457d34d-699b-407e-b963-0f0a843a3f13/none_v3" 201 - "PUT http://localhost:8080/d1/795/AUTH_db59a5ced0564b87b7fa1c8832b8e7c1/gnocchi.8457d34d-699b-407e-b963-0f0a843a3f13/none_v3" "tx8af5b31305344430bba27-0068e61a27" "object-server 22" 0.0005 "-" 20 0
Oct 8 08:00:39 standalone object-server[124549]: 172.20.0.100 - - [08/Oct/2025:08:00:39 +0000] "PUT /d1/795/AUTH_db59a5ced0564b87b7fa1c8832b8e7c1/gnocchi.8457d34d-699b-407e-b963-0f0a843a3f13/none_v3" 201 - "PUT http://localhost:8080/v1/AUTH_db59a5ced0564b87b7fa1c8832b8e7c1/gnocchi.8457d34d-699b-407e-b963-0f0a843a3f13/none_v3" "tx8af5b31305344430bba27-0068e61a27" "proxy-server 21" 0.0126 "-" 22 0
Oct 8 08:00:39 standalone proxy-server[126488]: 172.18.0.2 ::1 08/Oct/2025/08/00/39 PUT /v1/AUTH_db59a5ced0564b87b7fa1c8832b8e7c1/gnocchi.8457d34d-699b-407e-b963-0f0a843a3f13/none_v3 HTTP/1.0 201 - python-swiftclient-3.11.1 gAAAAABo5hjnaGaF... 22 - - tx8af5b31305344430bba27-0068e61a27 - 0.0190 - - 1759910439.167803049 1759910439.186783075 0
Oct 8 08:01:10 standalone object-server[124491]: Begin object update sweep
Oct 8 08:01:10 standalone object-server[246432]: Object update sweep starting on /srv/node/d1 (pid: 15)
Oct 8 08:01:10 standalone object-server[246432]: Object update sweep completed on /srv/node/d1 in 0.00s seconds:, 0 successes, 0 failures, 0 quarantines, 0 unlinks, 0 errors, 0 redirects (pid: 15)
Oct 8 08:01:10 standalone object-server[246432]: Object update sweep of d1 completed: 0.00s, 0 successes, 0 failures, 0 quarantines, 0 unlinks, 0 errors, 0 redirects
Oct 8 08:01:10 standalone object-server[124491]: Object update sweep completed: 0.08s
Oct 8 08:01:38 standalone account-server[123924]: Devices pass completed: 0.00s
Oct 8 08:02:26 standalone container-server[124124]: Begin container update sweep
Oct 8 08:02:26 standalone account-server[124234]: 172.20.0.100 - - [08/Oct/2025:08:02:26 +0000] "PUT /d1/642/AUTH_db59a5ced0564b87b7fa1c8832b8e7c1/gnocchi.1b01c064-0212-47a9-b0b2-c94dbf5916b3" 201 - "-" "-" "container-updater 2" 0.0018 "-" 21 0
Oct 8 08:02:26 standalone account-server[124234]: 172.20.0.100 - - [08/Oct/2025:08:02:26 +0000] "PUT /d1/642/AUTH_db59a5ced0564b87b7fa1c8832b8e7c1/gnocchi.8ba0c6f6-0538-4c90-b727-3a8331f2e510" 201 - "-" "-" "container-updater 2" 0.0005 "-" 21 0
Oct 8 08:02:26 standalone account-server[124234]: 172.20.0.100 - - [08/Oct/2025:08:02:26 +0000] "PUT /d1/642/AUTH_db59a5ced0564b87b7fa1c8832b8e7c1/gnocchi.57f35eaf-c3ff-406a-8d87-a56837c10428" 201 - "-" "-" "container-updater 2" 0.0006 "-" 21 0
Oct 8 08:02:26 standalone account-server[124268]: 172.20.0.100 - - [08/Oct/2025:08:02:26 +0000] "PUT /d1/642/AUTH_db59a5ced0564b87b7fa1c8832b8e7c1/gnocchi.57cfaea2-1328-420a-819d-cc17f90d1207" 201 - "-" "-" "container-updater 2" 0.0006 "-" 23 0
Oct 8 08:02:26 standalone account-server[124247]: 172.20.0.100 - - [08/Oct/2025:08:02:26 +0000] "PUT /d1/642/AUTH_db59a5ced0564b87b7fa1c8832b8e7c1/gnocchi.4fe935f9-ed00-452b-8521-d95f2bd3031b" 201 - "-" "-" "container-updater 2" 0.0007 "-" 22 0
Oct 8 08:02:26 standalone account-server[124222]: 172.20.0.100 - - [08/Oct/2025:08:02:26 +0000] "PUT /d1/642/AUTH_db59a5ced0564b87b7fa1c8832b8e7c1/gnocchi.48724619-432b-45f8-a7c8-1d56f04d699d" 201 - "-" "-" "container-updater 2" 0.0006 "-" 20 0
Oct 8 08:02:26 standalone account-server[124222]: 172.20.0.100 - - [08/Oct/2025:08:02:26 +0000] "PUT /d1/642/AUTH_db59a5ced0564b87b7fa1c8832b8e7c1/gnocchi.8457d34d-699b-407e-b963-0f0a843a3f13" 201 - "-" "-" "container-updater 2" 0.0008 "-" 20 0
Oct 8 08:02:27 standalone account-server[124222]: 172.20.0.100 - - [08/Oct/2025:08:02:27 +0000] "PUT /d1/642/AUTH_db59a5ced0564b87b7fa1c8832b8e7c1/gnocchi.308e4140-77a6-436a-8bb5-be31bf6ec2ae" 201 - "-" "-" "container-updater 2" 0.0008 "-" 20 0
Oct 8 08:02:27 standalone account-server[124268]: 172.20.0.100 - - [08/Oct/2025:08:02:27 +0000] "PUT /d1/642/AUTH_db59a5ced0564b87b7fa1c8832b8e7c1/gnocchi.4bcb0809-002f-4ed5-9b48-98c028476b73" 201 - "-" "-" "container-updater 2" 0.0007 "-" 23 0
Oct 8 08:02:27 standalone account-server[124268]: 172.20.0.100 - - [08/Oct/2025:08:02:27 +0000] "PUT /d1/642/AUTH_db59a5ced0564b87b7fa1c8832b8e7c1/gnocchi.d390cd81-c452-40ff-8a3f-0a9da9c4c417" 201 - "-" "-" "container-updater 2" 0.0008 "-" 23 0
Oct 8 08:02:27 standalone account-server[124247]: 172.20.0.100 - - [08/Oct/2025:08:02:27 +0000] "PUT /d1/642/AUTH_db59a5ced0564b87b7fa1c8832b8e7c1/gnocchi.4d6d62d6-f048-4817-a9ce-2cc225270b73" 201 - "-" "-" "container-updater 2" 0.0011 "-" 22 0
Oct 8 08:02:27 standalone account-server[124268]: 172.20.0.100 - - [08/Oct/2025:08:02:27 +0000] "PUT /d1/642/AUTH_db59a5ced0564b87b7fa1c8832b8e7c1/gnocchi.ab361647-de50-4cdb-863d-b7c8b01c3230" 201 - "-" "-" "container-updater 2" 0.0004 "-" 23 0
Oct 8 08:02:27 standalone account-server[124234]: 172.20.0.100 - - [08/Oct/2025:08:02:27 +0000] "PUT /d1/642/AUTH_db59a5ced0564b87b7fa1c8832b8e7c1/gnocchi.c32c8ab3-5f04-4841-9480-8b5294361af3" 201 - "-" "-" "container-updater 2" 0.0004 "-" 21 0
Oct 8 08:02:27 standalone account-server[124234]: 172.20.0.100 - - [08/Oct/2025:08:02:27 +0000] "PUT /d1/642/AUTH_db59a5ced0564b87b7fa1c8832b8e7c1/gnocchi.ee25123b-ee45-4678-b90d-34e04adbf176" 201 - "-" "-" "container-updater 2" 0.0004 "-" 21 0
Oct 8 08:02:27 standalone account-server[124268]: 172.20.0.100 - - [08/Oct/2025:08:02:27 +0000] "PUT /d1/642/AUTH_db59a5ced0564b87b7fa1c8832b8e7c1/gnocchi.924da81e-bf64-42ce-87ee-850643e867b0" 201 - "-" "-" "container-updater 2" 0.0006 "-" 23 0
Oct 8 08:02:27 standalone account-server[124222]: 172.20.0.100 - - [08/Oct/2025:08:02:27 +0000] "PUT /d1/642/AUTH_db59a5ced0564b87b7fa1c8832b8e7c1/gnocchi.e88991db-fea1-4d97-bd00-03348cf09766" 201 - "-" "-" "container-updater 2" 0.0008 "-" 20 0
Oct 8 08:02:27 standalone account-server[124247]: 172.20.0.100 - - [08/Oct/2025:08:02:27 +0000] "PUT /d1/642/AUTH_db59a5ced0564b87b7fa1c8832b8e7c1/gnocchi.0d450df8-7c70-4b99-b022-e4ea675aeec5" 201 - "-" "-" "container-updater 2" 0.0006 "-" 22 0
Oct 8 08:02:28 standalone account-server[124268]: 172.20.0.100 - - [08/Oct/2025:08:02:28 +0000] "PUT /d1/642/AUTH_db59a5ced0564b87b7fa1c8832b8e7c1/gnocchi.4bbc368b-8281-4473-8c65-7f6bde66dc9c" 201 - "-" "-" "container-updater 2" 0.0005 "-" 23 0
Oct 8 08:02:28 standalone container-server[124124]: Container update sweep completed: 2.11s
Oct 8 08:03:17 standalone account-server[124222]: 172.20.0.100 - - [08/Oct/2025:08:03:17 +0000] "HEAD /d1/613/.expiring_objects" 404 - "HEAD http://localhost/v1/.expiring_objects?format=json" "txa98d1df1c976487f9a93b-0068e61ac5" "proxy-server 2" 0.0012 "-" 20 -
Oct 8 08:03:17 standalone object-expirer[124523]: Pass completed in 0s; 0 objects expired (txn: txa98d1df1c976487f9a93b-0068e61ac5)
Oct 8 08:06:10 standalone object-server[124491]: Begin object update sweep
Oct 8 08:06:10 standalone object-server[272424]: Object update sweep starting on /srv/node/d1 (pid: 16)
Oct 8 08:06:10 standalone object-server[272424]: Object update sweep completed on /srv/node/d1 in 0.00s seconds:, 0 successes, 0 failures, 0 quarantines, 0 unlinks, 0 errors, 0 redirects (pid: 16)
Oct 8 08:06:10 standalone object-server[272424]: Object update sweep of d1 completed: 0.00s, 0 successes, 0 failures, 0 quarantines, 0 unlinks, 0 errors, 0 redirects
Oct 8 08:06:10 standalone object-server[124491]: Object update sweep completed: 0.08s
Oct 8 08:07:26 standalone container-server[124124]: Begin container update sweep
Oct 8 08:07:27 standalone container-server[124124]: Container update sweep completed: 1.75s
Oct 8 08:07:41 standalone account-server[124234]: 172.20.0.100 - - [08/Oct/2025:08:07:41 +0000] "HEAD /d1/613/.expiring_objects" 404 - "HEAD http://localhost/v1/.expiring_objects?format=json" "txf7e9508c444149b79bd3b-0068e61bcd" "proxy-server 2" 0.0009 "-" 21 -
Oct 8 08:07:41 standalone object-expirer[124523]: Pass completed in 0s; 0 objects expired (txn: txf7e9508c444149b79bd3b-0068e61bcd)
Oct 8 08:08:09 standalone account-server[124222]: 172.20.0.100 - - [08/Oct/2025:08:08:09 +0000] "HEAD /d1/613/.expiring_objects" 404 - "HEAD http://localhost/v1/.expiring_objects?format=json" "tx09a0517333bb4bd1a0f12-0068e61be9" "proxy-server 2" 0.0008 "-" 20 -
Oct 8 08:08:09 standalone object-expirer[124523]: Pass completed in 0s; 0 objects expired (txn: tx09a0517333bb4bd1a0f12-0068e61be9)
Oct 8 08:10:15 standalone account-server[124222]: 172.20.0.5 - - [08/Oct/2025:08:10:14 +0000] "HEAD /d1/745/AUTH_cf1a1f48682646c1974f0eb4f766f46f" 404 - "HEAD http://swift-public-openstack.apps-crc.testing/v1/AUTH_cf1a1f48682646c1974f0eb4f766f46f?format=json" "tx69ee1ec9880544d1bd7cf-0068e61c66" "proxy-server 13" 0.0010 "-" 20 -
Oct 8 08:10:15 standalone account-server[124247]: 172.20.0.5 - - [08/Oct/2025:08:10:15 +0000] "GET /d1/745/AUTH_cf1a1f48682646c1974f0eb4f766f46f" 404 - "GET http://swift-public-openstack.apps-crc.testing/v1/AUTH_cf1a1f48682646c1974f0eb4f766f46f?format=json" "tx69ee1ec9880544d1bd7cf-0068e61c66" "proxy-server 13" 0.0013 "-" 22 -
Oct 8 08:11:10 standalone object-server[124491]: Begin object update sweep
Oct 8 08:11:10 standalone object-server[292991]: Object update sweep starting on /srv/node/d1 (pid: 17)
Oct 8 08:11:10 standalone object-server[292991]: Object update sweep completed on /srv/node/d1 in 0.00s seconds:, 0 successes, 0 failures, 0 quarantines, 0 unlinks, 0 errors, 0 redirects (pid: 17)
Oct 8 08:11:10 standalone object-server[292991]: Object update sweep of d1 completed: 0.00s, 0 successes, 0 failures, 0 quarantines, 0 unlinks, 0 errors, 0 redirects
Oct 8 08:11:10 standalone object-server[124491]: Object update sweep completed: 0.09s
Oct 8 08:12:26 standalone container-server[124124]: Begin container update sweep
Oct 8 08:12:28 standalone container-server[124124]: Container update sweep completed: 1.69s
Oct 8 08:12:51 standalone account-server[124268]: 172.20.0.100 - - [08/Oct/2025:08:12:51 +0000] "HEAD /d1/613/.expiring_objects" 404 - "HEAD http://localhost/v1/.expiring_objects?format=json" "txd2e1faecd29b47b3b6922-0068e61d03" "proxy-server 2" 0.0009 "-" 23 -
Oct 8 08:12:51 standalone object-expirer[124523]: Pass completed in 0s; 0 objects expired (txn: txd2e1faecd29b47b3b6922-0068e61d03)
Oct 8 08:16:10 standalone object-server[124491]: Begin object update sweep
Oct 8 08:16:10 standalone object-server[313358]: Object update sweep starting on /srv/node/d1 (pid: 18)
Oct 8 08:16:10 standalone object-server[313358]: Object update sweep completed on /srv/node/d1 in 0.00s seconds:, 0 successes, 0 failures, 0 quarantines, 0 unlinks, 0 errors, 0 redirects (pid: 18)
Oct 8 08:16:10 standalone object-server[313358]: Object update sweep of d1 completed: 0.00s, 0 successes, 0 failures, 0 quarantines, 0 unlinks, 0 errors, 0 redirects
Oct 8 08:16:10 standalone object-server[124491]: Object update sweep completed: 0.09s
Oct 8 08:17:26 standalone container-server[124124]: Begin container update sweep
Oct 8 08:17:28 standalone container-server[124124]: Container update sweep completed: 1.71s
Oct 8 08:17:37 standalone account-server[124234]: 172.20.0.100 - - [08/Oct/2025:08:17:37 +0000] "HEAD /d1/613/.expiring_objects" 404 - "HEAD http://localhost/v1/.expiring_objects?format=json" "tx950732eebe604386a885e-0068e61e21" "proxy-server 2" 0.0014 "-" 21 -
Oct 8 08:17:37 standalone object-expirer[124523]: Pass completed in 0s; 0 objects expired (txn: tx950732eebe604386a885e-0068e61e21)
Oct 8 08:17:49 standalone account-server[124234]: 172.20.0.5 - - [08/Oct/2025:08:17:49 +0000] "HEAD /d1/642/AUTH_db59a5ced0564b87b7fa1c8832b8e7c1" 204 - "HEAD http://swift-internal.openstack.svc:8080/v1/AUTH_db59a5ced0564b87b7fa1c8832b8e7c1?format=json" "txd7cde8771f5a41feaf0ec-0068e61e2d" "proxy-server 10" 0.0110 "-" 21 -
Oct 8 08:17:50 standalone container-server[124350]: 172.20.0.5 - - [08/Oct/2025:08:17:50 +0000] "HEAD /d1/284/AUTH_db59a5ced0564b87b7fa1c8832b8e7c1/glance" 204 - "HEAD http://swift-internal.openstack.svc:8080/v1/AUTH_db59a5ced0564b87b7fa1c8832b8e7c1/glance?format=json&states=listing" "txd7cde8771f5a41feaf0ec-0068e61e2d" "proxy-server 10" 0.0034 "-" 22 0
Oct 8 08:17:52 standalone container-server[124343]: 172.20.0.100 - - [08/Oct/2025:08:17:52 +0000] "PUT /d1/284/AUTH_db59a5ced0564b87b7fa1c8832b8e7c1/glance/e925da5e-e0d9-44cf-8473-9419bf97603b-00001" 201 - "PUT http://swift-internal.openstack.svc:8080/d1/513/AUTH_db59a5ced0564b87b7fa1c8832b8e7c1/glance/e925da5e-e0d9-44cf-8473-9419bf97603b-00001" "tx67310c9938b4497cbe5b9-0068e61e2e" "object-server 23" 0.0009 "-" 21 0
Oct 8 08:17:52 standalone object-server[124553]: 172.20.0.5 - - [08/Oct/2025:08:17:52 +0000] "PUT /d1/513/AUTH_db59a5ced0564b87b7fa1c8832b8e7c1/glance/e925da5e-e0d9-44cf-8473-9419bf97603b-00001" 201 - "PUT http://swift-internal.openstack.svc:8080/v1/AUTH_db59a5ced0564b87b7fa1c8832b8e7c1/glance/e925da5e-e0d9-44cf-8473-9419bf97603b-00001" "tx67310c9938b4497cbe5b9-0068e61e2e" "proxy-server 10" 2.3001 "-" 23 0
Oct 8 08:17:55 standalone container-server[124353]: 172.20.0.100 - - [08/Oct/2025:08:17:55 +0000] "PUT /d1/284/AUTH_db59a5ced0564b87b7fa1c8832b8e7c1/glance/e925da5e-e0d9-44cf-8473-9419bf97603b-00002" 201 - "PUT http://swift-internal.openstack.svc:8080/d1/699/AUTH_db59a5ced0564b87b7fa1c8832b8e7c1/glance/e925da5e-e0d9-44cf-8473-9419bf97603b-00002" "tx55000a76ab374d4cb22d4-0068e61e30" "object-server 22" 0.0009 "-" 23 0
Oct 8 08:17:55 standalone object-server[124549]: 172.20.0.5 - - [08/Oct/2025:08:17:55 +0000] "PUT /d1/699/AUTH_db59a5ced0564b87b7fa1c8832b8e7c1/glance/e925da5e-e0d9-44cf-8473-9419bf97603b-00002" 201 - "PUT http://swift-internal.openstack.svc:8080/v1/AUTH_db59a5ced0564b87b7fa1c8832b8e7c1/glance/e925da5e-e0d9-44cf-8473-9419bf97603b-00002" "tx55000a76ab374d4cb22d4-0068e61e30" "proxy-server 10" 2.2444 "-" 22 0
Oct 8 08:17:56 standalone container-server[124350]: 172.20.0.100 - - [08/Oct/2025:08:17:56 +0000] "PUT /d1/284/AUTH_db59a5ced0564b87b7fa1c8832b8e7c1/glance/e925da5e-e0d9-44cf-8473-9419bf97603b-00003" 201 - "PUT http://swift-internal.openstack.svc:8080/d1/682/AUTH_db59a5ced0564b87b7fa1c8832b8e7c1/glance/e925da5e-e0d9-44cf-8473-9419bf97603b-00003" "txdc948ae468fe49f1b1b38-0068e61e33" "object-server 25" 0.0009 "-" 22 0
Oct 8 08:17:56 standalone object-server[124561]: 172.20.0.5 - - [08/Oct/2025:08:17:56 +0000] "PUT /d1/682/AUTH_db59a5ced0564b87b7fa1c8832b8e7c1/glance/e925da5e-e0d9-44cf-8473-9419bf97603b-00003" 201 - "PUT http://swift-internal.openstack.svc:8080/v1/AUTH_db59a5ced0564b87b7fa1c8832b8e7c1/glance/e925da5e-e0d9-44cf-8473-9419bf97603b-00003" "txdc948ae468fe49f1b1b38-0068e61e33" "proxy-server 10" 1.3362 "-" 25 0
Oct 8 08:17:56 standalone container-server[124350]: 172.20.0.100 - - [08/Oct/2025:08:17:56 +0000] "PUT /d1/284/AUTH_db59a5ced0564b87b7fa1c8832b8e7c1/glance/e925da5e-e0d9-44cf-8473-9419bf97603b" 201 - "PUT http://swift-internal.openstack.svc:8080/d1/660/AUTH_db59a5ced0564b87b7fa1c8832b8e7c1/glance/e925da5e-e0d9-44cf-8473-9419bf97603b" "tx461a09fccdb2499d8b3a4-0068e61e34" "object-server 25" 0.0013 "-" 22 0
Oct 8 08:17:56 standalone object-server[124561]: 172.20.0.5 - - [08/Oct/2025:08:17:56 +0000] "PUT /d1/660/AUTH_db59a5ced0564b87b7fa1c8832b8e7c1/glance/e925da5e-e0d9-44cf-8473-9419bf97603b" 201 - "PUT http://swift-internal.openstack.svc:8080/v1/AUTH_db59a5ced0564b87b7fa1c8832b8e7c1/glance/e925da5e-e0d9-44cf-8473-9419bf97603b" "tx461a09fccdb2499d8b3a4-0068e61e34" "proxy-server 10" 0.0139 "-" 25 0
Oct 8 08:21:10 standalone object-server[124491]: Begin object update sweep
Oct 8 08:21:10 standalone object-server[333904]: Object update sweep starting on /srv/node/d1 (pid: 19)
Oct 8 08:21:10 standalone object-server[333904]: Object update sweep completed on /srv/node/d1 in 0.00s seconds:, 0 successes, 0 failures, 0 quarantines, 0 unlinks, 0 errors, 0 redirects (pid: 19)
Oct 8 08:21:10 standalone object-server[333904]: Object update sweep of d1 completed: 0.00s, 0 successes, 0 failures, 0 quarantines, 0 unlinks, 0 errors, 0 redirects
Oct 8 08:21:10 standalone object-server[124491]: Object update sweep completed: 0.09s
Oct 8 08:22:26 standalone container-server[124124]: Begin container update sweep
Oct 8 08:22:27 standalone account-server[124268]: 172.20.0.100 - - [08/Oct/2025:08:22:27 +0000] "PUT /d1/642/AUTH_db59a5ced0564b87b7fa1c8832b8e7c1/glance" 201 - "-" "-" "container-updater 2" 0.0015 "-" 23 0
Oct 8 08:22:28 standalone container-server[124124]: Container update sweep completed: 1.81s
Oct 8 08:22:36 standalone account-server[124268]: 172.20.0.100 - - [08/Oct/2025:08:22:36 +0000] "HEAD /d1/613/.expiring_objects" 404 - "HEAD http://localhost/v1/.expiring_objects?format=json" "tx41bd75216a954af1b39cc-0068e61f4c" "proxy-server 2" 0.0007 "-" 23 -
Oct 8 08:22:36 standalone object-expirer[124523]: Pass completed in 0s; 0 objects expired (txn: tx41bd75216a954af1b39cc-0068e61f4c)
Oct 8 08:23:55 standalone account-server[124234]: 172.20.0.5 - - [08/Oct/2025:08:23:55 +0000] "HEAD /d1/745/AUTH_cf1a1f48682646c1974f0eb4f766f46f" 404 - "HEAD http://swift-internal.openstack.svc:8080/v1/AUTH_cf1a1f48682646c1974f0eb4f766f46f?format=json" "txd80a308fd7074ca290d3b-0068e61f9b" "proxy-server 10" 0.0012 "-" 21 -
Oct 8 08:23:55 standalone account-server[124247]: 172.20.0.5 - - [08/Oct/2025:08:23:55 +0000] "GET /d1/745/AUTH_cf1a1f48682646c1974f0eb4f766f46f" 404 - "GET http://swift-internal.openstack.svc:8080/v1/AUTH_cf1a1f48682646c1974f0eb4f766f46f?format=json" "txd80a308fd7074ca290d3b-0068e61f9b" "proxy-server 10" 0.0005 "-" 22 -
Oct 8 08:23:55 standalone account-server[124268]: 172.20.0.5 - - [08/Oct/2025:08:23:55 +0000] "HEAD /d1/642/AUTH_db59a5ced0564b87b7fa1c8832b8e7c1" 204 - "HEAD http://swift-internal.openstack.svc:8080/v1/AUTH_db59a5ced0564b87b7fa1c8832b8e7c1?format=json" "tx1939bd8733654a4494871-0068e61f9b" "proxy-server 10" 0.0148 "-" 23 -
Oct 8 08:23:55 standalone account-server[124234]: 172.20.0.5 - - [08/Oct/2025:08:23:55 +0000] "GET /d1/642/AUTH_db59a5ced0564b87b7fa1c8832b8e7c1" 200 2960 "GET http://swift-internal.openstack.svc:8080/v1/AUTH_db59a5ced0564b87b7fa1c8832b8e7c1?format=json" "tx1939bd8733654a4494871-0068e61f9b" "proxy-server 10" 0.0025 "-" 21 -
Oct 8 08:23:56 standalone account-server[124247]: 172.20.0.5 - - [08/Oct/2025:08:23:56 +0000] "HEAD /d1/745/AUTH_cf1a1f48682646c1974f0eb4f766f46f" 404 - "HEAD http://swift-internal.openstack.svc:8080/v1/AUTH_cf1a1f48682646c1974f0eb4f766f46f?format=json" "txc53557a532af46a082745-0068e61f9c" "proxy-server 13" 0.0005 "-" 22 -
Oct 8 08:23:56 standalone account-server[124222]: 172.20.0.5 - - [08/Oct/2025:08:23:56 +0000] "HEAD /d1/642/AUTH_db59a5ced0564b87b7fa1c8832b8e7c1" 204 - "HEAD http://swift-internal.openstack.svc:8080/v1/AUTH_db59a5ced0564b87b7fa1c8832b8e7c1?format=json" "txaf8c70d6779c47dbbd5f9-0068e61f9c" "proxy-server 11" 0.0035 "-" 20 -
Oct 8 08:24:35 standalone account-server[124268]: 172.20.0.5 - - [08/Oct/2025:08:24:35 +0000] "HEAD /d1/745/AUTH_cf1a1f48682646c1974f0eb4f766f46f" 404 - "HEAD http://swift-internal.openstack.svc:8080/v1/AUTH_cf1a1f48682646c1974f0eb4f766f46f?format=json" "tx0a180193027a42ca93863-0068e61fc2" "proxy-server 11" 0.0007 "-" 23 -
Oct 8 08:24:35 standalone account-server[124247]: 172.20.0.5 - - [08/Oct/2025:08:24:35 +0000] "HEAD /d1/642/AUTH_db59a5ced0564b87b7fa1c8832b8e7c1" 204 - "HEAD http://swift-internal.openstack.svc:8080/v1/AUTH_db59a5ced0564b87b7fa1c8832b8e7c1?format=json" "tx0955c347bba244ab89b19-0068e61fc3" "proxy-server 13" 0.0033 "-" 22 -
Oct 8 08:24:36 standalone account-server[124268]: 172.20.0.5 - - [08/Oct/2025:08:24:36 +0000] "GET /d1/745/AUTH_cf1a1f48682646c1974f0eb4f766f46f" 404 - "GET http://swift-internal.openstack.svc:8080/v1/AUTH_cf1a1f48682646c1974f0eb4f766f46f?format=json" "tx1a3c097db7134d668be71-0068e61fc4" "proxy-server 11" 0.0005 "-" 23 -
Oct 8 08:24:36 standalone account-server[124222]: 172.20.0.5 - - [08/Oct/2025:08:24:36 +0000] "GET /d1/642/AUTH_db59a5ced0564b87b7fa1c8832b8e7c1" 200 2960 "GET http://swift-internal.openstack.svc:8080/v1/AUTH_db59a5ced0564b87b7fa1c8832b8e7c1?format=json" "txc2357826726d4a71a8197-0068e61fc4" "proxy-server 11" 0.0079 "-" 20 -
Oct 8 08:24:45 standalone account-server[124222]: 172.20.0.5 - - [08/Oct/2025:08:24:45 +0000] "HEAD /d1/745/AUTH_cf1a1f48682646c1974f0eb4f766f46f" 404 - "HEAD http://swift-internal.openstack.svc:8080/v1/AUTH_cf1a1f48682646c1974f0eb4f766f46f?format=json" "tx5580fb81fade414889c1d-0068e61fcd" "proxy-server 11" 0.0010 "-" 20 -
Oct 8 08:24:45 standalone account-server[124222]: 172.20.0.5 - - [08/Oct/2025:08:24:45 +0000] "HEAD /d1/642/AUTH_db59a5ced0564b87b7fa1c8832b8e7c1" 204 - "HEAD http://swift-internal.openstack.svc:8080/v1/AUTH_db59a5ced0564b87b7fa1c8832b8e7c1?format=json" "tx5371f752540846ff95a2c-0068e61fcd" "proxy-server 11" 0.0026 "-" 20 -
Oct 8 08:24:45 standalone account-server[124247]: 172.20.0.5 - - [08/Oct/2025:08:24:45 +0000] "GET /d1/745/AUTH_cf1a1f48682646c1974f0eb4f766f46f" 404 - "GET http://swift-internal.openstack.svc:8080/v1/AUTH_cf1a1f48682646c1974f0eb4f766f46f?format=json" "tx390a6c0cfdb84320baca5-0068e61fcd" "proxy-server 11" 0.0004 "-" 22 -
Oct 8 08:24:46 standalone account-server[124268]: 172.20.0.5 - - [08/Oct/2025:08:24:46 +0000] "GET /d1/642/AUTH_db59a5ced0564b87b7fa1c8832b8e7c1" 200 2960 "GET http://swift-internal.openstack.svc:8080/v1/AUTH_db59a5ced0564b87b7fa1c8832b8e7c1?format=json" "tx2a14e3cc60b24cba8bcb0-0068e61fce" "proxy-server 13" 0.0027 "-" 23 -
Oct 8 08:26:10 standalone object-server[124491]: Begin object update sweep
Oct 8 08:26:10 standalone object-server[352329]: Object update sweep starting on /srv/node/d1 (pid: 20)
Oct 8 08:26:10 standalone object-server[352329]: Object update sweep completed on /srv/node/d1 in 0.00s seconds:, 0 successes, 0 failures, 0 quarantines, 0 unlinks, 0 errors, 0 redirects (pid: 20)
Oct 8 08:26:10 standalone object-server[352329]: Object update sweep of d1 completed: 0.00s, 0 successes, 0 failures, 0 quarantines, 0 unlinks, 0 errors, 0 redirects
Oct 8 08:26:10 standalone object-server[124491]: Object update sweep completed: 0.11s
Oct 8 08:26:16 standalone account-server[124247]: 172.20.0.100 - - [08/Oct/2025:08:26:16 +0000] "HEAD /d1/613/.expiring_objects" 404 - "HEAD http://localhost/v1/.expiring_objects?format=json" "tx4294eb2143db4bd5b9b29-0068e62028" "proxy-server 2" 0.0009 "-" 22 -
Oct 8 08:26:16 standalone object-expirer[124523]: Pass completed in 0s; 0 objects expired (txn: tx4294eb2143db4bd5b9b29-0068e62028)
Oct 8 08:27:26 standalone container-server[124124]: Begin container update sweep
Oct 8 08:27:28 standalone container-server[124124]: Container update sweep completed: 1.53s
Oct 8 08:28:45 standalone account-server[124247]: 172.20.0.100 - - [08/Oct/2025:08:28:45 +0000] "HEAD /d1/613/.expiring_objects" 404 - "HEAD http://localhost/v1/.expiring_objects?format=json" "tx2dd3b70725484720bf9f2-0068e620bd" "proxy-server 2" 0.0009 "-" 22 -
Oct 8 08:28:45 standalone object-expirer[124523]: Pass completed in 0s; 0 objects expired (txn: tx2dd3b70725484720bf9f2-0068e620bd)
Oct 8 08:29:44 standalone account-server[124234]: 172.20.0.5 - - [08/Oct/2025:08:29:44 +0000] "HEAD /d1/745/AUTH_cf1a1f48682646c1974f0eb4f766f46f" 404 - "HEAD http://swift-internal.openstack.svc:8080/v1/AUTH_cf1a1f48682646c1974f0eb4f766f46f?format=json" "tx2e15e3a97e294531a7e33-0068e620f8" "proxy-server 11" 0.0008 "-" 21 -
Oct 8 08:29:44 standalone account-server[124222]: 172.20.0.5 - - [08/Oct/2025:08:29:44 +0000] "HEAD /d1/745/AUTH_cf1a1f48682646c1974f0eb4f766f46f" 404 - "HEAD http://swift-internal.openstack.svc:8080/v1/AUTH_cf1a1f48682646c1974f0eb4f766f46f?format=json" "tx2e15e3a97e294531a7e33-0068e620f8" "proxy-server 11" 0.0013 "-" 20 -
Oct 8 08:29:45 standalone account-server[124234]: 172.20.0.5 - - [08/Oct/2025:08:29:45 +0000] "HEAD /d1/642/AUTH_db59a5ced0564b87b7fa1c8832b8e7c1" 204 - "HEAD http://swift-internal.openstack.svc:8080/v1/AUTH_db59a5ced0564b87b7fa1c8832b8e7c1?format=json" "txbf3fe93e2f274839b0975-0068e620f9" "proxy-server 7" 0.0025 "-" 21 -
Oct 8 08:29:45 standalone account-server[124268]: 172.20.0.5 - - [08/Oct/2025:08:29:45 +0000] "HEAD /d1/642/AUTH_db59a5ced0564b87b7fa1c8832b8e7c1" 204 - "HEAD http://swift-internal.openstack.svc:8080/v1/AUTH_db59a5ced0564b87b7fa1c8832b8e7c1?format=json" "txbf3fe93e2f274839b0975-0068e620f9" "proxy-server 7" 0.0033 "-" 23 -
Oct 8 08:29:45 standalone account-server[124268]: 172.20.0.5 - - [08/Oct/2025:08:29:45 +0000] "GET /d1/745/AUTH_cf1a1f48682646c1974f0eb4f766f46f" 404 - "GET http://swift-internal.openstack.svc:8080/v1/AUTH_cf1a1f48682646c1974f0eb4f766f46f?format=json" "txb6dda76c1c1a4a3893225-0068e620f9" "proxy-server 11" 0.0006 "-" 23 -
Oct 8 08:29:45 standalone account-server[124234]: 172.20.0.5 - - [08/Oct/2025:08:29:45 +0000] "GET /d1/642/AUTH_db59a5ced0564b87b7fa1c8832b8e7c1" 200 2960 "GET http://swift-internal.openstack.svc:8080/v1/AUTH_db59a5ced0564b87b7fa1c8832b8e7c1?format=json" "tx9af3d018a2b64603ba206-0068e620f9" "proxy-server 11" 0.0032 "-" 21 -
Oct 8 08:31:10 standalone object-server[124491]: Begin object update sweep
Oct 8 08:31:10 standalone object-server[363161]: Object update sweep starting on /srv/node/d1 (pid: 21)
Oct 8 08:31:10 standalone object-server[363161]: Object update sweep completed on /srv/node/d1 in 0.00s seconds:, 0 successes, 0 failures, 0 quarantines, 0 unlinks, 0 errors, 0 redirects (pid: 21)
Oct 8 08:31:10 standalone object-server[363161]: Object update sweep of d1 completed: 0.00s, 0 successes, 0 failures, 0 quarantines, 0 unlinks, 0 errors, 0 redirects
Oct 8 08:31:11 standalone object-server[124491]: Object update sweep completed: 0.10s
Oct 8 08:32:26 standalone container-server[124124]: Begin container update sweep
Oct 8 08:32:28 standalone container-server[124124]: Container update sweep completed: 1.85s
Oct 8 08:32:34 standalone account-server[124222]: 172.20.0.100 - - [08/Oct/2025:08:32:34 +0000] "HEAD /d1/613/.expiring_objects" 404 - "HEAD http://localhost/v1/.expiring_objects?format=json" "tx69417b9a05f0464097b65-0068e621a2" "proxy-server 2" 0.0014 "-" 20 -
Oct 8 08:32:34 standalone object-expirer[124523]: Pass completed in 0s; 0 objects expired (txn: tx69417b9a05f0464097b65-0068e621a2)
Oct 8 08:33:06 standalone account-server[124234]: 172.20.0.100 - - [08/Oct/2025:08:33:06 +0000] "HEAD /d1/613/.expiring_objects" 404 - "HEAD http://localhost/v1/.expiring_objects?format=json" "tx3169ed07777b4408bbf71-0068e621c2" "proxy-server 2" 0.0007 "-" 21 -
Oct 8 08:33:06 standalone object-expirer[124523]: Pass completed in 0s; 0 objects expired (txn: tx3169ed07777b4408bbf71-0068e621c2)
Oct 8 08:33:26 standalone account-server[124268]: 172.20.0.100 - - [08/Oct/2025:08:33:26 +0000] "HEAD /d1/613/.expiring_objects" 404 - "HEAD http://localhost/v1/.expiring_objects?format=json" "tx5ddf345b2f5e4c88acada-0068e621d6" "proxy-server 2" 0.0007 "-" 23 -
Oct 8 08:33:26 standalone object-expirer[124523]: Pass completed in 0s; 0 objects expired (txn: tx5ddf345b2f5e4c88acada-0068e621d6)
Oct 8 08:34:45 standalone account-server[124222]: 172.20.0.5 - - [08/Oct/2025:08:34:45 +0000] "HEAD /d1/745/AUTH_cf1a1f48682646c1974f0eb4f766f46f" 404 - "HEAD http://swift-internal.openstack.svc:8080/v1/AUTH_cf1a1f48682646c1974f0eb4f766f46f?format=json" "tx5ae892b042ff4287ad27e-0068e62225" "proxy-server 9" 0.0009 "-" 20 -
Oct 8 08:34:45 standalone account-server[124247]: 172.20.0.5 - - [08/Oct/2025:08:34:45 +0000] "GET /d1/745/AUTH_cf1a1f48682646c1974f0eb4f766f46f" 404 - "GET http://swift-internal.openstack.svc:8080/v1/AUTH_cf1a1f48682646c1974f0eb4f766f46f?format=json" "tx5ae892b042ff4287ad27e-0068e62225" "proxy-server 9" 0.0007 "-" 22 -
Oct 8 08:34:45 standalone account-server[124268]: 172.20.0.5 - - [08/Oct/2025:08:34:45 +0000] "HEAD /d1/642/AUTH_db59a5ced0564b87b7fa1c8832b8e7c1" 204 - "HEAD http://swift-internal.openstack.svc:8080/v1/AUTH_db59a5ced0564b87b7fa1c8832b8e7c1?format=json" "txd8a2f529451845c09cce1-0068e62225" "proxy-server 9" 0.0029 "-" 23 -
Oct 8 08:34:45 standalone account-server[124222]: 172.20.0.5 - - [08/Oct/2025:08:34:45 +0000] "GET /d1/642/AUTH_db59a5ced0564b87b7fa1c8832b8e7c1" 200 2960 "GET http://swift-internal.openstack.svc:8080/v1/AUTH_db59a5ced0564b87b7fa1c8832b8e7c1?format=json" "txd8a2f529451845c09cce1-0068e62225" "proxy-server 9" 0.0034 "-" 20 -
Oct 8 08:34:45 standalone account-server[124268]: 172.20.0.5 - - [08/Oct/2025:08:34:45 +0000] "HEAD /d1/745/AUTH_cf1a1f48682646c1974f0eb4f766f46f" 404 - "HEAD http://swift-internal.openstack.svc:8080/v1/AUTH_cf1a1f48682646c1974f0eb4f766f46f?format=json" "tx1b0fb94f05c54593add7f-0068e62225" "proxy-server 9" 0.0005 "-" 23 -
Oct 8 08:34:46 standalone account-server[124222]: 172.20.0.5 - - [08/Oct/2025:08:34:46 +0000] "HEAD /d1/642/AUTH_db59a5ced0564b87b7fa1c8832b8e7c1" 204 - "HEAD http://swift-internal.openstack.svc:8080/v1/AUTH_db59a5ced0564b87b7fa1c8832b8e7c1?format=json" "tx3cb803a6e10c4c50a890e-0068e62226" "proxy-server 14" 0.0031 "-" 20 -
Oct 8 08:35:15 standalone proxy-server[126307]: SIGTERM received (2)
Oct 8 08:35:15 standalone proxy-server[126307]: Exited (2)
Oct 8 08:36:11 standalone object-server[124491]: Begin object update sweep
Oct 8 08:36:11 standalone object-server[377360]: Object update sweep starting on /srv/node/d1 (pid: 22)
Oct 8 08:36:11 standalone object-server[377360]: Object update sweep completed on /srv/node/d1 in 0.00s seconds:, 0 successes, 0 failures, 0 quarantines, 0 unlinks, 0 errors, 0 redirects (pid: 22)
Oct 8 08:36:11 standalone object-server[377360]: Object update sweep of d1 completed: 0.00s, 0 successes, 0 failures, 0 quarantines, 0 unlinks, 0 errors, 0 redirects
Oct 8 08:36:11 standalone object-server[124491]: Object update sweep completed: 0.08s
Oct 8 08:37:26 standalone container-server[124124]: Begin container update sweep
Oct 8 08:37:28 standalone container-server[124124]: Container update sweep completed: 1.81s
Oct 8 08:38:13 standalone account-server[124234]: 172.20.0.100 - - [08/Oct/2025:08:38:13 +0000] "HEAD /d1/613/.expiring_objects" 404 - "HEAD http://localhost/v1/.expiring_objects?format=json" "tx1e02edd5370a429a92fa7-0068e622f5" "proxy-server 2" 0.0007 "-" 21 -
Oct 8 08:38:13 standalone object-expirer[124523]: Pass completed in 0s; 0 objects expired (txn: tx1e02edd5370a429a92fa7-0068e622f5)
Oct 8 08:39:45 standalone account-server[124247]: 172.20.0.5 - - [08/Oct/2025:08:39:45 +0000] "HEAD /d1/745/AUTH_cf1a1f48682646c1974f0eb4f766f46f" 404 - "HEAD http://swift-internal.openstack.svc:8080/v1/AUTH_cf1a1f48682646c1974f0eb4f766f46f?format=json" "txa416968626934ca1bca50-0068e62351" "proxy-server 12" 0.0012 "-" 22 -
Oct 8 08:39:46 standalone account-server[124247]: 172.20.0.5 - - [08/Oct/2025:08:39:46 +0000] "HEAD /d1/745/AUTH_cf1a1f48682646c1974f0eb4f766f46f" 404 - "HEAD http://swift-internal.openstack.svc:8080/v1/AUTH_cf1a1f48682646c1974f0eb4f766f46f?format=json" "txa416968626934ca1bca50-0068e62351" "proxy-server 12" 0.0005 "-" 22 -
Oct 8 08:39:46 standalone account-server[124222]: 172.20.0.5 - - [08/Oct/2025:08:39:46 +0000] "HEAD /d1/642/AUTH_db59a5ced0564b87b7fa1c8832b8e7c1" 204 - "HEAD http://swift-internal.openstack.svc:8080/v1/AUTH_db59a5ced0564b87b7fa1c8832b8e7c1?format=json" "tx062cd88a0e7d412895f7b-0068e62352" "proxy-server 12" 0.0086 "-" 20 -
Oct 8 08:39:46 standalone account-server[124268]: 172.20.0.5 - - [08/Oct/2025:08:39:46 +0000] "HEAD /d1/642/AUTH_db59a5ced0564b87b7fa1c8832b8e7c1" 204 - "HEAD http://swift-internal.openstack.svc:8080/v1/AUTH_db59a5ced0564b87b7fa1c8832b8e7c1?format=json" "tx062cd88a0e7d412895f7b-0068e62352" "proxy-server 12" 0.0030 "-" 23 -
Oct 8 08:39:46 standalone account-server[124222]: 172.20.0.5 - - [08/Oct/2025:08:39:46 +0000] "GET /d1/745/AUTH_cf1a1f48682646c1974f0eb4f766f46f" 404 - "GET http://swift-internal.openstack.svc:8080/v1/AUTH_cf1a1f48682646c1974f0eb4f766f46f?format=json" "txe41f91d846724cb6928e3-0068e62352" "proxy-server 12" 0.0006 "-" 20 -
Oct 8 08:39:46 standalone account-server[124234]: 172.20.0.5 - - [08/Oct/2025:08:39:46 +0000] "GET /d1/642/AUTH_db59a5ced0564b87b7fa1c8832b8e7c1" 200 2960 "GET http://swift-internal.openstack.svc:8080/v1/AUTH_db59a5ced0564b87b7fa1c8832b8e7c1?format=json" "txabfad0efa2be41688536c-0068e62352" "proxy-server 11" 0.0058 "-" 21 -
Oct 8 08:41:11 standalone object-server[124491]: Begin object update sweep
Oct 8 08:41:11 standalone object-server[397955]: Object update sweep starting on /srv/node/d1 (pid: 23)
Oct 8 08:41:11 standalone object-server[397955]: Object update sweep completed on /srv/node/d1 in 0.00s seconds:, 0 successes, 0 failures, 0 quarantines, 0 unlinks, 0 errors, 0 redirects (pid: 23)
Oct 8 08:41:11 standalone object-server[397955]: Object update sweep of d1 completed: 0.00s, 0 successes, 0 failures, 0 quarantines, 0 unlinks, 0 errors, 0 redirects
Oct 8 08:41:11 standalone object-server[124491]: Object update sweep completed: 0.09s
Oct 8 08:41:14 standalone account-server[124234]: 172.20.0.100 - - [08/Oct/2025:08:41:14 +0000] "HEAD /d1/613/.expiring_objects" 404 - "HEAD http://localhost/v1/.expiring_objects?format=json" "tx92a62d3d2ac54c21aae8f-0068e623aa" "proxy-server 2" 0.0015 "-" 21 -
Oct 8 08:41:14 standalone object-expirer[124523]: Pass completed in 0s; 0 objects expired (txn: tx92a62d3d2ac54c21aae8f-0068e623aa)
Oct 8 08:42:26 standalone container-server[124124]: Begin container update sweep
Oct 8 08:42:28 standalone container-server[124124]: Container update sweep completed: 1.53s
Oct 8 08:44:45 standalone account-server[124234]: 172.20.0.5 - - [08/Oct/2025:08:44:45 +0000] "HEAD /d1/745/AUTH_cf1a1f48682646c1974f0eb4f766f46f" 404 - "HEAD http://swift-internal.openstack.svc:8080/v1/AUTH_cf1a1f48682646c1974f0eb4f766f46f?format=json" "txe17ffb2946364807b0edd-0068e6247d" "proxy-server 12" 0.0007 "-" 21 -
Oct 8 08:44:45 standalone account-server[124222]: 172.20.0.5 - - [08/Oct/2025:08:44:45 +0000] "GET /d1/745/AUTH_cf1a1f48682646c1974f0eb4f766f46f" 404 - "GET http://swift-internal.openstack.svc:8080/v1/AUTH_cf1a1f48682646c1974f0eb4f766f46f?format=json" "txe17ffb2946364807b0edd-0068e6247d" "proxy-server 12" 0.0052 "-" 20 -
Oct 8 08:44:45 standalone account-server[124247]: 172.20.0.5 - - [08/Oct/2025:08:44:45 +0000] "HEAD /d1/642/AUTH_db59a5ced0564b87b7fa1c8832b8e7c1" 204 - "HEAD http://swift-internal.openstack.svc:8080/v1/AUTH_db59a5ced0564b87b7fa1c8832b8e7c1?format=json" "tx9d74d8d5185a409d99058-0068e6247d" "proxy-server 8" 0.0014 "-" 22 -
Oct 8 08:44:45 standalone account-server[124247]: 172.20.0.5 - - [08/Oct/2025:08:44:45 +0000] "GET /d1/642/AUTH_db59a5ced0564b87b7fa1c8832b8e7c1" 200 2960 "GET http://swift-internal.openstack.svc:8080/v1/AUTH_db59a5ced0564b87b7fa1c8832b8e7c1?format=json" "tx9d74d8d5185a409d99058-0068e6247d" "proxy-server 8" 0.0024 "-" 22 -
Oct 8 08:44:45 standalone account-server[124222]: 172.20.0.5 - - [08/Oct/2025:08:44:45 +0000] "HEAD /d1/745/AUTH_cf1a1f48682646c1974f0eb4f766f46f" 404 - "HEAD http://swift-internal.openstack.svc:8080/v1/AUTH_cf1a1f48682646c1974f0eb4f766f46f?format=json" "tx2f514d625cd14298b815e-0068e6247d" "proxy-server 8" 0.0005 "-" 20 -
Oct 8 08:44:45 standalone account-server[124234]: 172.20.0.5 - - [08/Oct/2025:08:44:45 +0000] "HEAD /d1/642/AUTH_db59a5ced0564b87b7fa1c8832b8e7c1" 204 - "HEAD http://swift-internal.openstack.svc:8080/v1/AUTH_db59a5ced0564b87b7fa1c8832b8e7c1?format=json" "txa58027591e114e76b86dc-0068e6247d" "proxy-server 11" 0.0027 "-" 21 -
Oct 8 08:45:09 standalone account-server[124247]: 172.20.0.100 - - [08/Oct/2025:08:45:09 +0000] "HEAD /d1/613/.expiring_objects" 404 - "HEAD http://localhost/v1/.expiring_objects?format=json" "txba8d6459895e45b9ab047-0068e62495" "proxy-server 2" 0.0007 "-" 22 -
Oct 8 08:45:09 standalone object-expirer[124523]: Pass completed in 0s; 0 objects expired (txn: txba8d6459895e45b9ab047-0068e62495)
Oct 8 08:46:11 standalone object-server[124491]: Begin object update sweep
Oct 8 08:46:11 standalone object-server[414850]: Object update sweep starting on /srv/node/d1 (pid: 24)
Oct 8 08:46:11 standalone object-server[414850]: Object update sweep completed on /srv/node/d1 in 0.00s seconds:, 0 successes, 0 failures, 0 quarantines, 0 unlinks, 0 errors, 0 redirects (pid: 24)
Oct 8 08:46:11 standalone object-server[414850]: Object update sweep of d1 completed: 0.00s, 0 successes, 0 failures, 0 quarantines, 0 unlinks, 0 errors, 0 redirects
Oct 8 08:46:11 standalone object-server[124491]: Object update sweep completed: 0.08s
Oct 8 08:47:26 standalone container-server[124124]: Begin container update sweep
Oct 8 08:47:28 standalone container-server[124124]: Container update sweep completed: 1.58s
Oct 8 08:48:18 standalone account-server[124222]: 172.20.0.100 - - [08/Oct/2025:08:48:18 +0000] "HEAD /d1/613/.expiring_objects" 404 - "HEAD http://localhost/v1/.expiring_objects?format=json" "tx384185157d854c1982552-0068e62552" "proxy-server 2" 0.0022 "-" 20 -
Oct 8 08:48:18 standalone object-expirer[124523]: Pass completed in 0s; 0 objects expired (txn: tx384185157d854c1982552-0068e62552)
Oct 8 08:49:45 standalone account-server[124234]: 172.20.0.5 - - [08/Oct/2025:08:49:45 +0000] "HEAD /d1/745/AUTH_cf1a1f48682646c1974f0eb4f766f46f" 404 - "HEAD http://swift-internal.openstack.svc:8080/v1/AUTH_cf1a1f48682646c1974f0eb4f766f46f?format=json" "tx052e87ceedab47c09a06a-0068e625a9" "proxy-server 6" 0.0007 "-" 21 -
Oct 8 08:49:45 standalone account-server[124247]: 172.20.0.5 - - [08/Oct/2025:08:49:45 +0000] "HEAD /d1/745/AUTH_cf1a1f48682646c1974f0eb4f766f46f" 404 - "HEAD http://swift-internal.openstack.svc:8080/v1/AUTH_cf1a1f48682646c1974f0eb4f766f46f?format=json" "tx052e87ceedab47c09a06a-0068e625a9" "proxy-server 6" 0.0003 "-" 22 -
Oct 8 08:49:45 standalone account-server[124247]: 172.20.0.5 - - [08/Oct/2025:08:49:45 +0000] "HEAD /d1/642/AUTH_db59a5ced0564b87b7fa1c8832b8e7c1" 204 - "HEAD http://swift-internal.openstack.svc:8080/v1/AUTH_db59a5ced0564b87b7fa1c8832b8e7c1?format=json" "tx65ff304b0afd47b1bb6df-0068e625a9" "proxy-server 11" 0.0018 "-" 22 -
Oct 8 08:49:45 standalone account-server[124268]: 172.20.0.5 - - [08/Oct/2025:08:49:45 +0000] "HEAD /d1/642/AUTH_db59a5ced0564b87b7fa1c8832b8e7c1" 204 - "HEAD http://swift-internal.openstack.svc:8080/v1/AUTH_db59a5ced0564b87b7fa1c8832b8e7c1?format=json" "tx65ff304b0afd47b1bb6df-0068e625a9" "proxy-server 11" 0.0027 "-" 23 -
Oct 8 08:49:45 standalone account-server[124268]: 172.20.0.5 - - [08/Oct/2025:08:49:45 +0000] "GET /d1/745/AUTH_cf1a1f48682646c1974f0eb4f766f46f" 404 - "GET http://swift-internal.openstack.svc:8080/v1/AUTH_cf1a1f48682646c1974f0eb4f766f46f?format=json" "tx54922cdd6da44dee914ac-0068e625a9" "proxy-server 11" 0.0005 "-" 23 -
Oct 8 08:49:45 standalone account-server[124234]: 172.20.0.5 - - [08/Oct/2025:08:49:45 +0000] "GET /d1/642/AUTH_db59a5ced0564b87b7fa1c8832b8e7c1" 200 2960 "GET http://swift-internal.openstack.svc:8080/v1/AUTH_db59a5ced0564b87b7fa1c8832b8e7c1?format=json" "tx73c019c18cbe4448b9d45-0068e625a9" "proxy-server 9" 0.0017 "-" 21 -
Oct 8 08:50:06 standalone account-server[124247]: 172.20.0.100 - - [08/Oct/2025:08:50:06 +0000] "HEAD /d1/613/.expiring_objects" 404 - "HEAD http://localhost/v1/.expiring_objects?format=json" "tx050a688d49844327b404f-0068e625be" "proxy-server 2" 0.0010 "-" 22 -
Oct 8 08:50:06 standalone object-expirer[124523]: Pass completed in 0s; 0 objects expired (txn: tx050a688d49844327b404f-0068e625be)
Oct 8 08:51:11 standalone object-server[124491]: Begin object update sweep
Oct 8 08:51:11 standalone object-server[442036]: Object update sweep starting on /srv/node/d1 (pid: 25)
Oct 8 08:51:11 standalone object-server[442036]: Object update sweep completed on /srv/node/d1 in 0.00s seconds:, 0 successes, 0 failures, 0 quarantines, 0 unlinks, 0 errors, 0 redirects (pid: 25)
Oct 8 08:51:11 standalone object-server[442036]: Object update sweep of d1 completed: 0.00s, 0 successes, 0 failures, 0 quarantines, 0 unlinks, 0 errors, 0 redirects
Oct 8 08:51:11 standalone object-server[124491]: Object update sweep completed: 0.08s
Oct 8 08:52:26 standalone container-server[124124]: Begin container update sweep
Oct 8 08:52:28 standalone container-server[124124]: Container update sweep completed: 1.23s
Oct 8 08:54:10 standalone account-server[124234]: 172.20.0.100 - - [08/Oct/2025:08:54:10 +0000] "HEAD /d1/613/.expiring_objects" 404 - "HEAD http://localhost/v1/.expiring_objects?format=json" "txa699cdbad3074dc282642-0068e626b2" "proxy-server 2" 0.0005 "-" 21 -
Oct 8 08:54:10 standalone object-expirer[124523]: Pass completed in 0s; 0 objects expired (txn: txa699cdbad3074dc282642-0068e626b2)
Oct 8 08:54:44 standalone account-server[124268]: 172.20.0.5 - - [08/Oct/2025:08:54:44 +0000] "HEAD /d1/745/AUTH_cf1a1f48682646c1974f0eb4f766f46f" 404 - "HEAD http://swift-internal.openstack.svc:8080/v1/AUTH_cf1a1f48682646c1974f0eb4f766f46f?format=json" "txb3bb102983c24e64877f3-0068e626d4" "proxy-server 8" 0.0010 "-" 23 -
Oct 8 08:54:45 standalone account-server[124268]: 172.20.0.5 - - [08/Oct/2025:08:54:45 +0000] "HEAD /d1/745/AUTH_cf1a1f48682646c1974f0eb4f766f46f" 404 - "HEAD http://swift-internal.openstack.svc:8080/v1/AUTH_cf1a1f48682646c1974f0eb4f766f46f?format=json" "txb3bb102983c24e64877f3-0068e626d4" "proxy-server 8" 0.0005 "-" 23 -
