Oct 8 07:43:22 standalone account-server[123924]: Starting 2
Oct 8 07:43:22 standalone account-server[123989]: Started child 20 from parent 2
Oct 8 07:43:22 standalone account-server[123989]: Started child 21 from parent 2
Oct 8 07:43:22 standalone account-server[123989]: Started child 22 from parent 2
Oct 8 07:43:22 standalone account-server[123989]: Started child 23 from parent 2
Oct 8 07:43:22 standalone container-server[124124]: Starting 2
Oct 8 07:43:22 standalone container-server[124095]: Option allow_versions is deprecated. Configure the versioned_writes middleware in the proxy-server instead. This option will be ignored in a future release.
Oct 8 07:43:22 standalone container-server[124339]: Option allow_versions is deprecated. Configure the versioned_writes middleware in the proxy-server instead. This option will be ignored in a future release.
Oct 8 07:43:22 standalone container-server[124095]: Started child 20 from parent 2
Oct 8 07:43:22 standalone container-server[124343]: Option allow_versions is deprecated. Configure the versioned_writes middleware in the proxy-server instead. This option will be ignored in a future release.
Oct 8 07:43:22 standalone container-server[124095]: Started child 21 from parent 2
Oct 8 07:43:22 standalone container-server[124350]: Option allow_versions is deprecated. Configure the versioned_writes middleware in the proxy-server instead. This option will be ignored in a future release.
Oct 8 07:43:22 standalone container-server[124095]: Started child 22 from parent 2
Oct 8 07:43:22 standalone container-server[124353]: Option allow_versions is deprecated. Configure the versioned_writes middleware in the proxy-server instead. This option will be ignored in a future release.
Oct 8 07:43:22 standalone container-server[124095]: Started child 23 from parent 2
Oct 8 07:43:23 standalone object-server[124396]: Started child 22 from parent 2
Oct 8 07:43:23 standalone object-server[124396]: Started child 23 from parent 2
Oct 8 07:43:23 standalone object-server[124396]: Started child 24 from parent 2
Oct 8 07:43:23 standalone object-server[124396]: Started child 25 from parent 2
Oct 8 07:43:23 standalone object-server[124491]: Starting 2
Oct 8 07:43:23 standalone object-expirer[124523]: Starting 2
Oct 8 07:43:23 standalone object-expirer[124523]: Option auto_create_account_prefix is deprecated. Configure auto_create_account_prefix under the swift-constraints section of swift.conf. This option will be ignored in a future release.
Oct 8 07:43:30 standalone proxy-server[126307]: Starting Keystone auth_token middleware
Oct 8 07:43:30 standalone proxy-server[126307]: AuthToken middleware is set with keystone_authtoken.service_token_roles_required set to False. This is backwards compatible but deprecated behaviour. Please set this to True.
Oct 8 07:43:30 standalone proxy-server[126488]: Starting Keystone auth_token middleware
Oct 8 07:43:30 standalone proxy-server[126488]: STDERR: The option "bind_port" is not known to keystonemiddleware
Oct 8 07:43:30 standalone proxy-server[126488]: STDERR: The option "workers" is not known to keystonemiddleware
Oct 8 07:43:30 standalone proxy-server[126488]: STDERR: The option "user" is not known to keystonemiddleware
Oct 8 07:43:30 standalone proxy-server[126488]: STDERR: The option "bind_ip" is not known to keystonemiddleware
Oct 8 07:43:30 standalone proxy-server[126488]: STDERR: The option "log_name" is not known to keystonemiddleware
Oct 8 07:43:30 standalone proxy-server[126488]: STDERR: The option "log_facility" is not known to keystonemiddleware
Oct 8 07:43:30 standalone proxy-server[126488]: STDERR: The option "log_level" is not known to keystonemiddleware
Oct 8 07:43:30 standalone proxy-server[126488]: STDERR: The option "log_headers" is not known to keystonemiddleware
Oct 8 07:43:30 standalone proxy-server[126488]: STDERR: The option "log_address" is not known to keystonemiddleware
Oct 8 07:43:30 standalone proxy-server[126488]: STDERR: The option "project_name" is not known to keystonemiddleware
Oct 8 07:43:30 standalone proxy-server[126488]: STDERR: The option "username" is not known to keystonemiddleware
Oct 8 07:43:30 standalone proxy-server[126488]: STDERR: The option "password" is not known to keystonemiddleware
Oct 8 07:43:30 standalone proxy-server[126488]: STDERR: The option "auth_url" is not known to keystonemiddleware
Oct 8 07:43:30 standalone proxy-server[126488]: STDERR: The option "signing_dir" is not known to keystonemiddleware
Oct 8 07:43:30 standalone proxy-server[126488]: STDERR: The option "project_domain_id" is not known to keystonemiddleware
Oct 8 07:43:30 standalone proxy-server[126488]: STDERR: The option "user_domain_id" is not known to keystonemiddleware
Oct 8 07:43:30 standalone proxy-server[126488]: STDERR: The option "__name__" is not known to keystonemiddleware
Oct 8 07:43:30 standalone proxy-server[126488]: AuthToken middleware is set with keystone_authtoken.service_token_roles_required set to False. This is backwards compatible but deprecated behaviour. Please set this to True.
Oct 8 07:43:30 standalone proxy-server[126307]: Started child 21 from parent 2
Oct 8 07:44:20 standalone account-server[124234]: 172.20.0.100 - - [08/Oct/2025:07:44:20 +0000] "HEAD /d1/613/.expiring_objects" 404 - "HEAD http://localhost/v1/.expiring_objects?format=json" "txb84ffeded9974d9b9be6a-0068e61654" "proxy-server 2" 0.0018 "-" 21 -
Oct 8 07:44:20 standalone object-expirer[124523]: Pass completed in 0s; 0 objects expired (txn: txb84ffeded9974d9b9be6a-0068e61654)
Oct 8 07:44:39 standalone account-server[124247]: 172.20.0.100 - - [08/Oct/2025:07:44:39 +0000] "HEAD /d1/613/.expiring_objects" 404 - "HEAD http://localhost/v1/.expiring_objects?format=json" "tx373931a1bd96483f90974-0068e61667" "proxy-server 2" 0.0027 "-" 22 -
Oct 8 07:44:39 standalone object-expirer[124523]: Pass completed in 0s; 0 objects expired (txn: tx373931a1bd96483f90974-0068e61667)
Oct 8 07:44:42 standalone account-server[124247]: 172.20.0.100 - - [08/Oct/2025:07:44:42 +0000] "HEAD /d1/613/.expiring_objects" 404 - "HEAD http://localhost/v1/.expiring_objects?format=json" "tx0a974b5f6e154f50b627c-0068e6166a" "proxy-server 2" 0.0007 "-" 22 -
Oct 8 07:44:42 standalone object-expirer[124523]: Pass completed in 0s; 0 objects expired (txn: tx0a974b5f6e154f50b627c-0068e6166a)
Oct 8 07:46:10 standalone object-server[124491]: Begin object update sweep
Oct 8 07:46:10 standalone object-server[144436]: Object update sweep starting on /srv/node/d1 (pid: 11)
Oct 8 07:46:10 standalone object-server[144436]: Object update sweep completed on /srv/node/d1 in 0.00s seconds:, 0 successes, 0 failures, 0 quarantines, 0 unlinks, 0 errors, 0 redirects (pid: 11)
Oct 8 07:46:10 standalone object-server[144436]: Object update sweep of d1 completed: 0.00s, 0 successes, 0 failures, 0 quarantines, 0 unlinks, 0 errors, 0 redirects
Oct 8 07:46:10 standalone object-server[124491]: Object update sweep completed: 0.08s
Oct 8 07:46:41 standalone account-server[124234]: 172.20.0.100 - - [08/Oct/2025:07:46:41 +0000] "HEAD /d1/613/.expiring_objects" 404 - "HEAD http://localhost/v1/.expiring_objects?format=json" "tx572939188d244239aabb1-0068e616e1" "proxy-server 2" 0.0006 "-" 21 -
Oct 8 07:46:41 standalone object-expirer[124523]: Pass completed in 0s; 0 objects expired (txn: tx572939188d244239aabb1-0068e616e1)
Oct 8 07:47:25 standalone container-server[124124]: Begin container update sweep
Oct 8 07:47:25 standalone container-server[124124]: Container update sweep completed: 0.00s
Oct 8 07:48:41 standalone account-server[124247]: 172.20.0.100 - - [08/Oct/2025:07:48:41 +0000] "HEAD /d1/613/.expiring_objects" 404 - "HEAD http://localhost/v1/.expiring_objects?format=json" "tx618905b7c1c546e68ea95-0068e61759" "proxy-server 2" 0.0004 "-" 22 -
Oct 8 07:48:41 standalone object-expirer[124523]: Pass completed in 0s; 0 objects expired (txn: tx618905b7c1c546e68ea95-0068e61759)
Oct 8 07:49:20 standalone account-server[124222]: 172.20.0.100 - - [08/Oct/2025:07:49:20 +0000] "HEAD /d1/613/.expiring_objects" 404 - "HEAD http://localhost/v1/.expiring_objects?format=json" "txf228c439f5b84676aa4bc-0068e61780" "proxy-server 2" 0.0011 "-" 20 -
Oct 8 07:49:20 standalone object-expirer[124523]: Pass completed in 0s; 0 objects expired (txn: txf228c439f5b84676aa4bc-0068e61780)
Oct 8 07:50:08 standalone account-server[124268]: 172.20.0.100 - - [08/Oct/2025:07:50:08 +0000] "HEAD /d1/642/AUTH_db59a5ced0564b87b7fa1c8832b8e7c1" 404 - "HEAD http://localhost:8080/v1/AUTH_db59a5ced0564b87b7fa1c8832b8e7c1?format=json" "txe1c84fde269f45c083523-0068e617b0" "proxy-server 21" 0.0012 "-" 23 -
Oct 8 07:50:08 standalone proxy-server[126488]: - - 08/Oct/2025/07/50/08 HEAD /v1/AUTH_db59a5ced0564b87b7fa1c8832b8e7c1%3Fformat%3Djson HTTP/1.0 200 - Swift - - - - txe1c84fde269f45c083523-0068e617b0 - 0.0177 RL - 1759909808.404601097 1759909808.422336817 -
Oct 8 07:50:08 standalone proxy-server[126488]: 172.18.0.2 ::1 08/Oct/2025/07/50/08 HEAD /v1/AUTH_db59a5ced0564b87b7fa1c8832b8e7c1/glance%3Fformat%3Djson HTTP/1.0 404 - python-swiftclient-3.11.1 gAAAAABo5hewWjgD... - - - txe1c84fde269f45c083523-0068e617b0 - 0.5300 - - 1759909808.393315792 1759909808.923305750 -
Oct 8 07:50:08 standalone account-server[124247]: 172.20.0.100 - - [08/Oct/2025:07:50:08 +0000] "PUT /d1/642/AUTH_db59a5ced0564b87b7fa1c8832b8e7c1" 201 - "-" "txaf099222b17449af90b9b-0068e617b0" "-" 0.0187 "-" 22 -
Oct 8 07:50:08 standalone proxy-server[126488]: autocreate account '/AUTH_db59a5ced0564b87b7fa1c8832b8e7c1' (txn: txaf099222b17449af90b9b-0068e617b0)
Oct 8 07:50:08 standalone account-server[124222]: 172.20.0.100 - - [08/Oct/2025:07:50:08 +0000] "HEAD /d1/642/AUTH_db59a5ced0564b87b7fa1c8832b8e7c1" 204 - "HEAD http://localhost:8080/v1/AUTH_db59a5ced0564b87b7fa1c8832b8e7c1?format=json" "txaf099222b17449af90b9b-0068e617b0" "proxy-server 21" 0.0026 "-" 20 -
Oct 8 07:50:09 standalone account-server[124222]: 172.20.0.100 - - [08/Oct/2025:07:50:09 +0000] "PUT /d1/642/AUTH_db59a5ced0564b87b7fa1c8832b8e7c1/glance" 201 - "PUT http://172.20.0.100:6001/d1/284/AUTH_db59a5ced0564b87b7fa1c8832b8e7c1/glance" "txaf099222b17449af90b9b-0068e617b0" "container-server 21" 0.0013 "-" 20 0
Oct 8 07:50:09 standalone container-server[124343]: 172.20.0.100 - - [08/Oct/2025:07:50:09 +0000] "PUT /d1/284/AUTH_db59a5ced0564b87b7fa1c8832b8e7c1/glance" 201 - "PUT http://localhost:8080/v1/AUTH_db59a5ced0564b87b7fa1c8832b8e7c1/glance" "txaf099222b17449af90b9b-0068e617b0" "proxy-server 21" 0.0423 "-" 21 0
Oct 8 07:50:09 standalone proxy-server[126488]: 172.18.0.2 ::1 08/Oct/2025/07/50/09 PUT /v1/AUTH_db59a5ced0564b87b7fa1c8832b8e7c1/glance HTTP/1.0 201 - python-swiftclient-3.11.1 gAAAAABo5hewWjgD... - - - txaf099222b17449af90b9b-0068e617b0 - 0.0795 - - 1759909808.928868294 1759909809.008396387 0
Oct 8 07:50:09 standalone container-server[124353]: 172.20.0.100 - - [08/Oct/2025:07:50:09 +0000] "HEAD /d1/284/AUTH_db59a5ced0564b87b7fa1c8832b8e7c1/glance" 204 - "HEAD http://localhost:8080/v1/AUTH_db59a5ced0564b87b7fa1c8832b8e7c1/glance?format=json&states=listing" "txd4e62e2482b74d38bccc9-0068e617b1" "proxy-server 21" 0.0036 "-" 23 0
Oct 8 07:50:09 standalone proxy-server[126488]: - - 08/Oct/2025/07/50/09 HEAD /v1/AUTH_db59a5ced0564b87b7fa1c8832b8e7c1/glance%3Fformat%3Djson%26states%3Dlisting HTTP/1.0 204 - Swift - - - - txd4e62e2482b74d38bccc9-0068e617b1 - 0.0160 RL - 1759909809.020165205 1759909809.036193609 0
Oct 8 07:50:27 standalone container-server[124343]: 172.20.0.100 - - [08/Oct/2025:07:50:27 +0000] "PUT /d1/284/AUTH_db59a5ced0564b87b7fa1c8832b8e7c1/glance/f3683c19-933b-4ed2-9b1c-733f9dfc1639" 201 - "PUT http://localhost:8080/d1/908/AUTH_db59a5ced0564b87b7fa1c8832b8e7c1/glance/f3683c19-933b-4ed2-9b1c-733f9dfc1639" "txd4e62e2482b74d38bccc9-0068e617b1" "object-server 25" 0.0014 "-" 21 0
Oct 8 07:50:27 standalone object-server[124561]: 172.20.0.100 - - [08/Oct/2025:07:50:27 +0000] "PUT /d1/908/AUTH_db59a5ced0564b87b7fa1c8832b8e7c1/glance/f3683c19-933b-4ed2-9b1c-733f9dfc1639" 201 - "PUT http://localhost:8080/v1/AUTH_db59a5ced0564b87b7fa1c8832b8e7c1/glance/f3683c19-933b-4ed2-9b1c-733f9dfc1639" "txd4e62e2482b74d38bccc9-0068e617b1" "proxy-server 21" 18.5996 "-" 25 0
Oct 8 07:50:27 standalone proxy-server[126488]: 172.18.0.2 ::1 08/Oct/2025/07/50/27 PUT /v1/AUTH_db59a5ced0564b87b7fa1c8832b8e7c1/glance/f3683c19-933b-4ed2-9b1c-733f9dfc1639 HTTP/1.0 201 - python-swiftclient-3.11.1 gAAAAABo5hewWjgD... 1445986304 - - txd4e62e2482b74d38bccc9-0068e617b1 - 18.6266 - - 1759909809.018045664 1759909827.644616127 0
Oct 8 07:51:10 standalone object-server[124491]: Begin object update sweep
Oct 8 07:51:10 standalone object-server[181808]: Object update sweep starting on /srv/node/d1 (pid: 13)
Oct 8 07:51:10 standalone object-server[181808]: Object update sweep completed on /srv/node/d1 in 0.00s seconds:, 0 successes, 0 failures, 0 quarantines, 0 unlinks, 0 errors, 0 redirects (pid: 13)
Oct 8 07:51:10 standalone object-server[181808]: Object update sweep of d1 completed: 0.00s, 0 successes, 0 failures, 0 quarantines, 0 unlinks, 0 errors, 0 redirects
Oct 8 07:51:10 standalone object-server[124491]: Object update sweep completed: 0.09s
Oct 8 07:52:05 standalone account-server[124234]: 172.20.0.100 - - [08/Oct/2025:07:52:05 +0000] "HEAD /d1/613/.expiring_objects" 404 - "HEAD http://localhost/v1/.expiring_objects?format=json" "txab0912b171014c409dd96-0068e61825" "proxy-server 2" 0.0008 "-" 21 -
Oct 8 07:52:05 standalone object-expirer[124523]: Pass completed in 0s; 0 objects expired (txn: txab0912b171014c409dd96-0068e61825)
Oct 8 07:52:25 standalone container-server[124124]: Begin container update sweep
Oct 8 07:52:25 standalone account-server[124268]: 172.20.0.100 - - [08/Oct/2025:07:52:25 +0000] "PUT /d1/642/AUTH_db59a5ced0564b87b7fa1c8832b8e7c1/glance" 201 - "-" "-" "container-updater 2" 0.0013 "-" 23 0
Oct 8 07:52:26 standalone container-server[124124]: Container update sweep completed: 0.09s
Oct 8 07:55:15 standalone account-server[124222]: 172.20.0.100 - - [08/Oct/2025:07:55:15 +0000] "HEAD /d1/642/AUTH_db59a5ced0564b87b7fa1c8832b8e7c1" 204 - "HEAD http://localhost:8080/v1/AUTH_db59a5ced0564b87b7fa1c8832b8e7c1?format=json" "tx6fc7aca4f4d04cc09fea1-0068e618e3" "proxy-server 21" 0.0107 "-" 20 -
Oct 8 07:55:15 standalone proxy-server[126488]: - - 08/Oct/2025/07/55/15 HEAD /v1/AUTH_db59a5ced0564b87b7fa1c8832b8e7c1%3Fformat%3Djson HTTP/1.0 204 - Swift - - - - tx6fc7aca4f4d04cc09fea1-0068e618e3 - 0.0161 RL - 1759910115.720208645 1759910115.736319542 -
Oct 8 07:55:15 standalone container-server[124350]: 172.20.0.100 - - [08/Oct/2025:07:55:15 +0000] "HEAD /d1/284/AUTH_db59a5ced0564b87b7fa1c8832b8e7c1/glance" 204 - "HEAD http://localhost:8080/v1/AUTH_db59a5ced0564b87b7fa1c8832b8e7c1/glance?format=json&states=listing" "tx6fc7aca4f4d04cc09fea1-0068e618e3" "proxy-server 21" 0.0049 "-" 22 0
Oct 8 07:55:15 standalone proxy-server[126488]: 172.18.0.2 ::1 08/Oct/2025/07/55/15 HEAD /v1/AUTH_db59a5ced0564b87b7fa1c8832b8e7c1/glance%3Fformat%3Djson%26states%3Dlisting HTTP/1.0 204 - python-swiftclient-3.11.1 gAAAAABo5hjjcbIo... - - - tx6fc7aca4f4d04cc09fea1-0068e618e3 - 0.1287 - - 1759910115.719171286 1759910115.847827911 0
Oct 8 07:55:18 standalone container-server[124343]: 172.20.0.100 - - [08/Oct/2025:07:55:18 +0000] "PUT /d1/284/AUTH_db59a5ced0564b87b7fa1c8832b8e7c1/glance/de788c09-2f1b-4846-aa15-b8f581612adb-00001" 201 - "PUT http://localhost:8080/d1/519/AUTH_db59a5ced0564b87b7fa1c8832b8e7c1/glance/de788c09-2f1b-4846-aa15-b8f581612adb-00001" "tx703146b05890483a887d4-0068e618e3" "object-server 22" 0.0012 "-" 21 0
Oct 8 07:55:18 standalone object-server[124549]: 172.20.0.100 - - [08/Oct/2025:07:55:18 +0000] "PUT /d1/519/AUTH_db59a5ced0564b87b7fa1c8832b8e7c1/glance/de788c09-2f1b-4846-aa15-b8f581612adb-00001" 201 - "PUT http://localhost:8080/v1/AUTH_db59a5ced0564b87b7fa1c8832b8e7c1/glance/de788c09-2f1b-4846-aa15-b8f581612adb-00001" "tx703146b05890483a887d4-0068e618e3" "proxy-server 21" 2.8879 "-" 22 0
Oct 8 07:55:18 standalone proxy-server[126488]: 172.18.0.2 ::1 08/Oct/2025/07/55/18 PUT /v1/AUTH_db59a5ced0564b87b7fa1c8832b8e7c1/glance/de788c09-2f1b-4846-aa15-b8f581612adb-00001 HTTP/1.0 201 - python-swiftclient-3.11.1 gAAAAABo5hjjcbIo... 21692416 - - tx703146b05890483a887d4-0068e618e3 - 2.8999 - - 1759910115.864659309 1759910118.764523745 0
Oct 8 07:55:18 standalone container-server[124343]: 172.20.0.100 - - [08/Oct/2025:07:55:18 +0000] "PUT /d1/284/AUTH_db59a5ced0564b87b7fa1c8832b8e7c1/glance/de788c09-2f1b-4846-aa15-b8f581612adb" 201 - "PUT http://localhost:8080/d1/197/AUTH_db59a5ced0564b87b7fa1c8832b8e7c1/glance/de788c09-2f1b-4846-aa15-b8f581612adb" "txc7c60add29ae4ee389b2d-0068e618e6" "object-server 22" 0.0009 "-" 21 0
Oct 8 07:55:18 standalone object-server[124549]: 172.20.0.100 - - [08/Oct/2025:07:55:18 +0000] "PUT /d1/197/AUTH_db59a5ced0564b87b7fa1c8832b8e7c1/glance/de788c09-2f1b-4846-aa15-b8f581612adb" 201 - "PUT http://localhost:8080/v1/AUTH_db59a5ced0564b87b7fa1c8832b8e7c1/glance/de788c09-2f1b-4846-aa15-b8f581612adb" "txc7c60add29ae4ee389b2d-0068e618e6" "proxy-server 21" 0.0122 "-" 22 0
Oct 8 07:55:18 standalone proxy-server[126488]: 172.18.0.2 ::1 08/Oct/2025/07/55/18 PUT /v1/AUTH_db59a5ced0564b87b7fa1c8832b8e7c1/glance/de788c09-2f1b-4846-aa15-b8f581612adb HTTP/1.0 201 - python-swiftclient-3.11.1 gAAAAABo5hjjcbIo... - - - txc7c60add29ae4ee389b2d-0068e618e6 - 0.0220 - - 1759910118.770286798 1759910118.792260170 0
Oct 8 07:55:19 standalone container-server[124350]: 172.20.0.100 - - [08/Oct/2025:07:55:19 +0000] "HEAD /d1/227/AUTH_db59a5ced0564b87b7fa1c8832b8e7c1/gnocchi.9388e9b6-513e-4a4e-915e-4cfdc14ddfc5" 404 - "HEAD http://localhost:8080/v1/AUTH_db59a5ced0564b87b7fa1c8832b8e7c1/gnocchi.9388e9b6-513e-4a4e-915e-4cfdc14ddfc5?format=json&states=listing" "txd33d0f01f762439a8cc11-0068e618e7" "proxy-server 21" 0.0009 "-" 22 0
Oct 8 07:55:19 standalone object-server[124553]: 172.20.0.100 - - [08/Oct/2025:07:55:19 +0000] "GET /d1/511/AUTH_db59a5ced0564b87b7fa1c8832b8e7c1/gnocchi.9388e9b6-513e-4a4e-915e-4cfdc14ddfc5/none_v3" 404 70 "GET http://localhost:8080/v1/AUTH_db59a5ced0564b87b7fa1c8832b8e7c1/gnocchi.9388e9b6-513e-4a4e-915e-4cfdc14ddfc5/none_v3" "txd33d0f01f762439a8cc11-0068e618e7" "proxy-server 21" 0.0008 "-" 23 0
Oct 8 07:55:19 standalone proxy-server[126488]: 172.18.0.2 ::1 08/Oct/2025/07/55/19 GET /v1/AUTH_db59a5ced0564b87b7fa1c8832b8e7c1/gnocchi.9388e9b6-513e-4a4e-915e-4cfdc14ddfc5/none_v3 HTTP/1.0 404 - python-swiftclient-3.11.1 gAAAAABo5hjnaGaF... - 70 - txd33d0f01f762439a8cc11-0068e618e7 - 0.0381 - - 1759910119.461230755 1759910119.499299765 0
Oct 8 07:55:19 standalone account-server[124268]: 172.20.0.100 - - [08/Oct/2025:07:55:19 +0000] "PUT /d1/642/AUTH_db59a5ced0564b87b7fa1c8832b8e7c1/gnocchi.9388e9b6-513e-4a4e-915e-4cfdc14ddfc5" 201 - "PUT http://172.20.0.100:6001/d1/227/AUTH_db59a5ced0564b87b7fa1c8832b8e7c1/gnocchi.9388e9b6-513e-4a4e-915e-4cfdc14ddfc5" "txe96d796739b143ed9110f-0068e618e7" "container-server 22" 0.0018 "-" 23 0
Oct 8 07:55:19 standalone container-server[124350]: 172.20.0.100 - - [08/Oct/2025:07:55:19 +0000] "PUT /d1/227/AUTH_db59a5ced0564b87b7fa1c8832b8e7c1/gnocchi.9388e9b6-513e-4a4e-915e-4cfdc14ddfc5" 201 - "PUT http://localhost:8080/v1/AUTH_db59a5ced0564b87b7fa1c8832b8e7c1/gnocchi.9388e9b6-513e-4a4e-915e-4cfdc14ddfc5" "txe96d796739b143ed9110f-0068e618e7" "proxy-server 21" 0.0206 "-" 22 0
Oct 8 07:55:19 standalone proxy-server[126488]: 172.18.0.2 ::1 08/Oct/2025/07/55/19 PUT /v1/AUTH_db59a5ced0564b87b7fa1c8832b8e7c1/gnocchi.9388e9b6-513e-4a4e-915e-4cfdc14ddfc5 HTTP/1.0 201 - python-swiftclient-3.11.1 gAAAAABo5hjnaGaF... - - - txe96d796739b143ed9110f-0068e618e7 - 0.0263 - - 1759910119.503607750 1759910119.529903173 0
Oct 8 07:55:19 standalone container-server[124350]: 172.20.0.100 - - [08/Oct/2025:07:55:19 +0000] "HEAD /d1/227/AUTH_db59a5ced0564b87b7fa1c8832b8e7c1/gnocchi.9388e9b6-513e-4a4e-915e-4cfdc14ddfc5" 204 - "HEAD http://localhost:8080/v1/AUTH_db59a5ced0564b87b7fa1c8832b8e7c1/gnocchi.9388e9b6-513e-4a4e-915e-4cfdc14ddfc5?format=json&states=listing" "tx310a6e9552fe407588ab7-0068e618e7" "proxy-server 21" 0.0025 "-" 22 0
Oct 8 07:55:19 standalone proxy-server[126488]: - - 08/Oct/2025/07/55/19 HEAD /v1/AUTH_db59a5ced0564b87b7fa1c8832b8e7c1/gnocchi.9388e9b6-513e-4a4e-915e-4cfdc14ddfc5%3Fformat%3Djson%26states%3Dlisting HTTP/1.0 204 - Swift - - - - tx310a6e9552fe407588ab7-0068e618e7 - 0.0080 RL - 1759910119.541266203 1759910119.549299955 0
Oct 8 07:55:19 standalone container-server[124343]: 172.20.0.100 - - [08/Oct/2025:07:55:19 +0000] "GET /d1/227/AUTH_db59a5ced0564b87b7fa1c8832b8e7c1/gnocchi.9388e9b6-513e-4a4e-915e-4cfdc14ddfc5" 200 2 "GET http://localhost:8080/v1/AUTH_db59a5ced0564b87b7fa1c8832b8e7c1/gnocchi.9388e9b6-513e-4a4e-915e-4cfdc14ddfc5?format=json&states=listing" "tx310a6e9552fe407588ab7-0068e618e7" "proxy-server 21" 0.0045 "-" 21 0
Oct 8 07:55:19 standalone proxy-server[126488]: 172.18.0.2 ::1 08/Oct/2025/07/55/19 GET /v1/AUTH_db59a5ced0564b87b7fa1c8832b8e7c1/gnocchi.9388e9b6-513e-4a4e-915e-4cfdc14ddfc5%3Fformat%3Djson%26states%3Dlisting HTTP/1.0 200 - python-swiftclient-3.11.1 gAAAAABo5hjnaGaF... - 2 - tx310a6e9552fe407588ab7-0068e618e7 - 0.0238 - - 1759910119.539691210 1759910119.563466072 0
Oct 8 07:55:19 standalone object-server[124555]: 172.20.0.100 - - [08/Oct/2025:07:55:19 +0000] "GET /d1/339/AUTH_db59a5ced0564b87b7fa1c8832b8e7c1/gnocchi.9388e9b6-513e-4a4e-915e-4cfdc14ddfc5/1759320000.0_mean_300.0_v3" 404 70 "GET http://localhost:8080/v1/AUTH_db59a5ced0564b87b7fa1c8832b8e7c1/gnocchi.9388e9b6-513e-4a4e-915e-4cfdc14ddfc5/1759320000.0_mean_300.0_v3" "tx792e43ce47454af4998df-0068e618e7" "proxy-server 21" 0.0008 "-" 24 0
Oct 8 07:55:19 standalone proxy-server[126488]: 172.18.0.2 ::1 08/Oct/2025/07/55/19 GET /v1/AUTH_db59a5ced0564b87b7fa1c8832b8e7c1/gnocchi.9388e9b6-513e-4a4e-915e-4cfdc14ddfc5/1759320000.0_mean_300.0_v3 HTTP/1.0 404 - python-swiftclient-3.11.1 gAAAAABo5hjnaGaF... - 70 - tx792e43ce47454af4998df-0068e618e7 - 0.0080 - - 1759910119.569980860 1759910119.578030109 0
Oct 8 07:55:19 standalone container-server[124343]: 172.20.0.100 - - [08/Oct/2025:07:55:19 +0000] "PUT /d1/227/AUTH_db59a5ced0564b87b7fa1c8832b8e7c1/gnocchi.9388e9b6-513e-4a4e-915e-4cfdc14ddfc5/1759320000.0_mean_300.0_v3" 201 - "PUT http://localhost:8080/d1/339/AUTH_db59a5ced0564b87b7fa1c8832b8e7c1/gnocchi.9388e9b6-513e-4a4e-915e-4cfdc14ddfc5/1759320000.0_mean_300.0_v3" "tx4ef25f9d19744a7180dee-0068e618e7" "object-server 25" 0.0008 "-" 21 0
Oct 8 07:55:19 standalone object-server[124561]: 172.20.0.100 - - [08/Oct/2025:07:55:19 +0000] "PUT /d1/339/AUTH_db59a5ced0564b87b7fa1c8832b8e7c1/gnocchi.9388e9b6-513e-4a4e-915e-4cfdc14ddfc5/1759320000.0_mean_300.0_v3" 201 - "PUT http://localhost:8080/v1/AUTH_db59a5ced0564b87b7fa1c8832b8e7c1/gnocchi.9388e9b6-513e-4a4e-915e-4cfdc14ddfc5/1759320000.0_mean_300.0_v3" "tx4ef25f9d19744a7180dee-0068e618e7" "proxy-server 21" 0.0126 "-" 25 0
Oct 8 07:55:19 standalone proxy-server[126488]: 172.18.0.2 ::1 08/Oct/2025/07/55/19 PUT /v1/AUTH_db59a5ced0564b87b7fa1c8832b8e7c1/gnocchi.9388e9b6-513e-4a4e-915e-4cfdc14ddfc5/1759320000.0_mean_300.0_v3 HTTP/1.0 201 - python-swiftclient-3.11.1 gAAAAABo5hjnaGaF... 16 - - tx4ef25f9d19744a7180dee-0068e618e7 - 0.0214 - - 1759910119.582880020 1759910119.604274988 0
Oct 8 07:55:19 standalone container-server[124343]: 172.20.0.100 - - [08/Oct/2025:07:55:19 +0000] "PUT /d1/227/AUTH_db59a5ced0564b87b7fa1c8832b8e7c1/gnocchi.9388e9b6-513e-4a4e-915e-4cfdc14ddfc5/none_v3" 201 - "PUT http://localhost:8080/d1/511/AUTH_db59a5ced0564b87b7fa1c8832b8e7c1/gnocchi.9388e9b6-513e-4a4e-915e-4cfdc14ddfc5/none_v3" "txe0a61ea1dacc4b88be146-0068e618e7" "object-server 24" 0.0008 "-" 21 0
Oct 8 07:55:19 standalone object-server[124555]: 172.20.0.100 - - [08/Oct/2025:07:55:19 +0000] "PUT /d1/511/AUTH_db59a5ced0564b87b7fa1c8832b8e7c1/gnocchi.9388e9b6-513e-4a4e-915e-4cfdc14ddfc5/none_v3" 201 - "PUT http://localhost:8080/v1/AUTH_db59a5ced0564b87b7fa1c8832b8e7c1/gnocchi.9388e9b6-513e-4a4e-915e-4cfdc14ddfc5/none_v3" "txe0a61ea1dacc4b88be146-0068e618e7" "proxy-server 21" 0.0316 "-" 24 0
Oct 8 07:55:19 standalone proxy-server[126488]: 172.18.0.2 ::1 08/Oct/2025/07/55/19 PUT /v1/AUTH_db59a5ced0564b87b7fa1c8832b8e7c1/gnocchi.9388e9b6-513e-4a4e-915e-4cfdc14ddfc5/none_v3 HTTP/1.0 201 - python-swiftclient-3.11.1 gAAAAABo5hjnaGaF... 22 - - txe0a61ea1dacc4b88be146-0068e618e7 - 0.0398 - - 1759910119.609338045 1759910119.649116516 0
Oct 8 07:55:49 standalone object-server[124555]: 172.20.0.100 - - [08/Oct/2025:07:55:49 +0000] "GET /d1/511/AUTH_db59a5ced0564b87b7fa1c8832b8e7c1/gnocchi.9388e9b6-513e-4a4e-915e-4cfdc14ddfc5/none_v3" 200 22 "GET http://localhost:8080/v1/AUTH_db59a5ced0564b87b7fa1c8832b8e7c1/gnocchi.9388e9b6-513e-4a4e-915e-4cfdc14ddfc5/none_v3" "tx892ba1c8d0634481a5258-0068e61905" "proxy-server 21" 0.0015 "-" 24 0
Oct 8 07:55:49 standalone proxy-server[126488]: 172.18.0.2 ::1 08/Oct/2025/07/55/49 GET /v1/AUTH_db59a5ced0564b87b7fa1c8832b8e7c1/gnocchi.9388e9b6-513e-4a4e-915e-4cfdc14ddfc5/none_v3 HTTP/1.0 200 - python-swiftclient-3.11.1 gAAAAABo5hjnaGaF... - 22 - tx892ba1c8d0634481a5258-0068e61905 - 0.0120 - - 1759910149.360619307 1759910149.372587919 0
Oct 8 07:55:49 standalone container-server[124350]: 172.20.0.100 - - [08/Oct/2025:07:55:49 +0000] "GET /d1/227/AUTH_db59a5ced0564b87b7fa1c8832b8e7c1/gnocchi.9388e9b6-513e-4a4e-915e-4cfdc14ddfc5" 200 357 "GET http://localhost:8080/v1/AUTH_db59a5ced0564b87b7fa1c8832b8e7c1/gnocchi.9388e9b6-513e-4a4e-915e-4cfdc14ddfc5?format=json&states=listing" "tx8cf3f5ad295d493a8103b-0068e61905" "proxy-server 21" 0.0231 "-" 22 0
Oct 8 07:55:49 standalone proxy-server[126488]: 172.18.0.2 ::1 08/Oct/2025/07/55/49 GET /v1/AUTH_db59a5ced0564b87b7fa1c8832b8e7c1/gnocchi.9388e9b6-513e-4a4e-915e-4cfdc14ddfc5%3Fformat%3Djson%26states%3Dlisting HTTP/1.0 200 - python-swiftclient-3.11.1 gAAAAABo5hjnaGaF... - 357 - tx8cf3f5ad295d493a8103b-0068e61905 - 0.0332 - - 1759910149.377814770 1759910149.411042929 0
Oct 8 07:55:49 standalone container-server[124353]: 172.20.0.100 - - [08/Oct/2025:07:55:49 +0000] "GET /d1/227/AUTH_db59a5ced0564b87b7fa1c8832b8e7c1/gnocchi.9388e9b6-513e-4a4e-915e-4cfdc14ddfc5" 200 2 "GET http://localhost:8080/v1/AUTH_db59a5ced0564b87b7fa1c8832b8e7c1/gnocchi.9388e9b6-513e-4a4e-915e-4cfdc14ddfc5?format=json&marker=none_v3&states=listing" "tx1823626e2daf42839ce34-0068e61905" "proxy-server 21" 0.0041 "-" 23 0
Oct 8 07:55:49 standalone proxy-server[126488]: 172.18.0.2 ::1 08/Oct/2025/07/55/49 GET /v1/AUTH_db59a5ced0564b87b7fa1c8832b8e7c1/gnocchi.9388e9b6-513e-4a4e-915e-4cfdc14ddfc5%3Fformat%3Djson%26marker%3Dnone_v3%26states%3Dlisting HTTP/1.0 200 - python-swiftclient-3.11.1 gAAAAABo5hjnaGaF... - 2 - tx1823626e2daf42839ce34-0068e61905 - 0.0208 - - 1759910149.416952610 1759910149.437716961 0
Oct 8 07:55:49 standalone object-server[124555]: 172.20.0.100 - - [08/Oct/2025:07:55:49 +0000] "GET /d1/339/AUTH_db59a5ced0564b87b7fa1c8832b8e7c1/gnocchi.9388e9b6-513e-4a4e-915e-4cfdc14ddfc5/1759320000.0_mean_300.0_v3" 200 16 "GET http://localhost:8080/v1/AUTH_db59a5ced0564b87b7fa1c8832b8e7c1/gnocchi.9388e9b6-513e-4a4e-915e-4cfdc14ddfc5/1759320000.0_mean_300.0_v3" "tx85a84e4f978c4fb8abd34-0068e61905" "proxy-server 21" 0.0014 "-" 24 0
Oct 8 07:55:49 standalone proxy-server[126488]: 172.18.0.2 ::1 08/Oct/2025/07/55/49 GET /v1/AUTH_db59a5ced0564b87b7fa1c8832b8e7c1/gnocchi.9388e9b6-513e-4a4e-915e-4cfdc14ddfc5/1759320000.0_mean_300.0_v3 HTTP/1.0 200 - python-swiftclient-3.11.1 gAAAAABo5hjnaGaF... - 16 - tx85a84e4f978c4fb8abd34-0068e61905 - 0.0129 - - 1759910149.444551229 1759910149.457466125 0
Oct 8 07:55:49 standalone container-server[124350]: 172.20.0.100 - - [08/Oct/2025:07:55:49 +0000] "PUT /d1/227/AUTH_db59a5ced0564b87b7fa1c8832b8e7c1/gnocchi.9388e9b6-513e-4a4e-915e-4cfdc14ddfc5/1759320000.0_mean_300.0_v3" 201 - "PUT http://localhost:8080/d1/339/AUTH_db59a5ced0564b87b7fa1c8832b8e7c1/gnocchi.9388e9b6-513e-4a4e-915e-4cfdc14ddfc5/1759320000.0_mean_300.0_v3" "txefa38c4ee69e4a5cb27df-0068e61905" "object-server 24" 0.0011 "-" 22 0
Oct 8 07:55:49 standalone object-server[124555]: 172.20.0.100 - - [08/Oct/2025:07:55:49 +0000] "PUT /d1/339/AUTH_db59a5ced0564b87b7fa1c8832b8e7c1/gnocchi.9388e9b6-513e-4a4e-915e-4cfdc14ddfc5/1759320000.0_mean_300.0_v3" 201 - "PUT http://localhost:8080/v1/AUTH_db59a5ced0564b87b7fa1c8832b8e7c1/gnocchi.9388e9b6-513e-4a4e-915e-4cfdc14ddfc5/1759320000.0_mean_300.0_v3" "txefa38c4ee69e4a5cb27df-0068e61905" "proxy-server 21" 0.0132 "-" 24 0
Oct 8 07:55:49 standalone proxy-server[126488]: 172.18.0.2 ::1 08/Oct/2025/07/55/49 PUT /v1/AUTH_db59a5ced0564b87b7fa1c8832b8e7c1/gnocchi.9388e9b6-513e-4a4e-915e-4cfdc14ddfc5/1759320000.0_mean_300.0_v3 HTTP/1.0 201 - python-swiftclient-3.11.1 gAAAAABo5hjnaGaF... 16 - - txefa38c4ee69e4a5cb27df-0068e61905 - 0.0245 - - 1759910149.463172674 1759910149.487718821 0
Oct 8 07:55:49 standalone container-server[124343]: 172.20.0.100 - - [08/Oct/2025:07:55:49 +0000] "PUT /d1/227/AUTH_db59a5ced0564b87b7fa1c8832b8e7c1/gnocchi.9388e9b6-513e-4a4e-915e-4cfdc14ddfc5/none_v3" 201 - "PUT http://localhost:8080/d1/511/AUTH_db59a5ced0564b87b7fa1c8832b8e7c1/gnocchi.9388e9b6-513e-4a4e-915e-4cfdc14ddfc5/none_v3" "tx9567935c069148ea87c08-0068e61905" "object-server 25" 0.0006 "-" 21 0
Oct 8 07:55:49 standalone object-server[124561]: 172.20.0.100 - - [08/Oct/2025:07:55:49 +0000] "PUT /d1/511/AUTH_db59a5ced0564b87b7fa1c8832b8e7c1/gnocchi.9388e9b6-513e-4a4e-915e-4cfdc14ddfc5/none_v3" 201 - "PUT http://localhost:8080/v1/AUTH_db59a5ced0564b87b7fa1c8832b8e7c1/gnocchi.9388e9b6-513e-4a4e-915e-4cfdc14ddfc5/none_v3" "tx9567935c069148ea87c08-0068e61905" "proxy-server 21" 0.0134 "-" 25 0
Oct 8 07:55:49 standalone proxy-server[126488]: 172.18.0.2 ::1 08/Oct/2025/07/55/49 PUT /v1/AUTH_db59a5ced0564b87b7fa1c8832b8e7c1/gnocchi.9388e9b6-513e-4a4e-915e-4cfdc14ddfc5/none_v3 HTTP/1.0 201 - python-swiftclient-3.11.1 gAAAAABo5hjnaGaF... 32 - - tx9567935c069148ea87c08-0068e61905 - 0.0240 - - 1759910149.497163534 1759910149.521136284 0
Oct 8 07:56:10 standalone object-server[124491]: Begin object update sweep
Oct 8 07:56:10 standalone object-server[216275]: Object update sweep starting on /srv/node/d1 (pid: 14)
Oct 8 07:56:10 standalone object-server[216275]: Object update sweep completed on /srv/node/d1 in 0.00s seconds:, 0 successes, 0 failures, 0 quarantines, 0 unlinks, 0 errors, 0 redirects (pid: 14)
Oct 8 07:56:10 standalone object-server[216275]: Object update sweep of d1 completed: 0.00s, 0 successes, 0 failures, 0 quarantines, 0 unlinks, 0 errors, 0 redirects
Oct 8 07:56:10 standalone object-server[124491]: Object update sweep completed: 0.08s
Oct 8 07:56:22 standalone account-server[124234]: 172.20.0.100 - - [08/Oct/2025:07:56:22 +0000] "HEAD /d1/642/AUTH_db59a5ced0564b87b7fa1c8832b8e7c1" 204 - "HEAD http://localhost:8080/v1/AUTH_db59a5ced0564b87b7fa1c8832b8e7c1?format=json" "txccb19907fb9940ee8a789-0068e61926" "proxy-server 21" 0.0074 "-" 21 -
Oct 8 07:56:22 standalone proxy-server[126488]: - - 08/Oct/2025/07/56/22 HEAD /v1/AUTH_db59a5ced0564b87b7fa1c8832b8e7c1%3Fformat%3Djson HTTP/1.0 204 - Swift - - - - txccb19907fb9940ee8a789-0068e61926 - 0.0147 RL - 1759910182.843703985 1759910182.858443975 -
Oct 8 07:56:22 standalone container-server[124343]: 172.20.0.100 - - [08/Oct/2025:07:56:22 +0000] "HEAD /d1/284/AUTH_db59a5ced0564b87b7fa1c8832b8e7c1/glance" 204 - "HEAD http://localhost:8080/v1/AUTH_db59a5ced0564b87b7fa1c8832b8e7c1/glance?format=json&states=listing" "txccb19907fb9940ee8a789-0068e61926" "proxy-server 21" 0.0306 "-" 21 0
Oct 8 07:56:22 standalone object-server[124561]: 172.20.0.100 - - [08/Oct/2025:07:56:22 +0000] "GET /d1/197/AUTH_db59a5ced0564b87b7fa1c8832b8e7c1/glance/de788c09-2f1b-4846-aa15-b8f581612adb" 200 - "GET http://localhost:8080/v1/AUTH_db59a5ced0564b87b7fa1c8832b8e7c1/glance/de788c09-2f1b-4846-aa15-b8f581612adb" "txccb19907fb9940ee8a789-0068e61926" "proxy-server 21" 0.0020 "-" 25 0
Oct 8 07:56:22 standalone container-server[124350]: 172.20.0.100 - - [08/Oct/2025:07:56:22 +0000] "GET /d1/284/AUTH_db59a5ced0564b87b7fa1c8832b8e7c1/glance" 200 210 "GET http://localhost:8080/v1/AUTH_db59a5ced0564b87b7fa1c8832b8e7c1/glance?prefix=de788c09-2f1b-4846-aa15-b8f581612adb-&format=json&states=listing" "txccb19907fb9940ee8a789-0068e61926" "proxy-server 21" 0.0021 "-" 22 0
Oct 8 07:56:22 standalone proxy-server[126488]: - - 08/Oct/2025/07/56/22 GET /v1/AUTH_db59a5ced0564b87b7fa1c8832b8e7c1/glance%3Fprefix%3Dde788c09-2f1b-4846-aa15-b8f581612adb-%26format%3Djson%26states%3Dlisting HTTP/1.0 200 - python-swiftclient-3.11.1%20DLO%20MultipartGET gAAAAABo5hkmBvV5... - 210 - txccb19907fb9940ee8a789-0068e61926 - 0.0074 DLO - 1759910182.985540390 1759910182.992907286 0
Oct 8 07:56:22 standalone object-server[124561]: 172.20.0.100 - - [08/Oct/2025:07:56:22 +0000] "GET /d1/519/AUTH_db59a5ced0564b87b7fa1c8832b8e7c1/glance/de788c09-2f1b-4846-aa15-b8f581612adb-00001" 200 21692416 "GET http://localhost:8080/v1/AUTH_db59a5ced0564b87b7fa1c8832b8e7c1/glance/de788c09-2f1b-4846-aa15-b8f581612adb-00001?multipart-manifest=get" "txccb19907fb9940ee8a789-0068e61926" "proxy-server 21" 0.0010 "-" 25 0
Oct 8 07:56:23 standalone proxy-server[126488]: - - 08/Oct/2025/07/56/23 GET /v1/AUTH_db59a5ced0564b87b7fa1c8832b8e7c1/glance/de788c09-2f1b-4846-aa15-b8f581612adb-00001%3Fmultipart-manifest%3Dget HTTP/1.0 200 - python-swiftclient-3.11.1%20%20DLO%20MultipartGET gAAAAABo5hkmBvV5... - 21692416 - txccb19907fb9940ee8a789-0068e61926 - 0.1422 DLO - 1759910182.994117022 1759910183.136289597 0
Oct 8 07:56:23 standalone proxy-server[126488]: 172.18.0.2 ::1 08/Oct/2025/07/56/23 GET /v1/AUTH_db59a5ced0564b87b7fa1c8832b8e7c1/glance/de788c09-2f1b-4846-aa15-b8f581612adb HTTP/1.0 200 - python-swiftclient-3.11.1 gAAAAABo5hkmBvV5... - 21692416 - txccb19907fb9940ee8a789-0068e61926 - 0.2956 - - 1759910182.841203690 1759910183.136840820 0
Oct 8 07:56:24 standalone container-server[124339]: 172.20.0.100 - - [08/Oct/2025:07:56:24 +0000] "HEAD /d1/409/AUTH_db59a5ced0564b87b7fa1c8832b8e7c1/gnocchi.463a1371-24bc-4176-9af7-afbf0bcdc350" 404 - "HEAD http://localhost:8080/v1/AUTH_db59a5ced0564b87b7fa1c8832b8e7c1/gnocchi.463a1371-24bc-4176-9af7-afbf0bcdc350?format=json&states=listing" "txaa238be031734ffb8399c-0068e61928" "proxy-server 21" 0.0017 "-" 20 0
Oct 8 07:56:24 standalone object-server[124549]: 172.20.0.100 - - [08/Oct/2025:07:56:24 +0000] "GET /d1/221/AUTH_db59a5ced0564b87b7fa1c8832b8e7c1/gnocchi.463a1371-24bc-4176-9af7-afbf0bcdc350/none_v3" 404 70 "GET http://localhost:8080/v1/AUTH_db59a5ced0564b87b7fa1c8832b8e7c1/gnocchi.463a1371-24bc-4176-9af7-afbf0bcdc350/none_v3" "txaa238be031734ffb8399c-0068e61928" "proxy-server 21" 0.0012 "-" 22 0
Oct 8 07:56:24 standalone proxy-server[126488]: 172.18.0.2 ::1 08/Oct/2025/07/56/24 GET /v1/AUTH_db59a5ced0564b87b7fa1c8832b8e7c1/gnocchi.463a1371-24bc-4176-9af7-afbf0bcdc350/none_v3 HTTP/1.0 404 - python-swiftclient-3.11.1 gAAAAABo5hjnaGaF... - 70 - txaa238be031734ffb8399c-0068e61928 - 0.0135 - - 1759910184.011907816 1759910184.025454283 0
Oct 8 07:56:24 standalone account-server[124234]: 172.20.0.100 - - [08/Oct/2025:07:56:24 +0000] "PUT /d1/642/AUTH_db59a5ced0564b87b7fa1c8832b8e7c1/gnocchi.463a1371-24bc-4176-9af7-afbf0bcdc350" 201 - "PUT http://172.20.0.100:6001/d1/409/AUTH_db59a5ced0564b87b7fa1c8832b8e7c1/gnocchi.463a1371-24bc-4176-9af7-afbf0bcdc350" "tx242a300dc17a4e62aaa67-0068e61928" "container-server 22" 0.0023 "-" 21 0
Oct 8 07:56:24 standalone container-server[124350]: 172.20.0.100 - - [08/Oct/2025:07:56:24 +0000] "PUT /d1/409/AUTH_db59a5ced0564b87b7fa1c8832b8e7c1/gnocchi.463a1371-24bc-4176-9af7-afbf0bcdc350" 201 - "PUT http://localhost:8080/v1/AUTH_db59a5ced0564b87b7fa1c8832b8e7c1/gnocchi.463a1371-24bc-4176-9af7-afbf0bcdc350" "tx242a300dc17a4e62aaa67-0068e61928" "proxy-server 21" 0.0121 "-" 22 0
Oct 8 07:56:24 standalone proxy-server[126488]: 172.18.0.2 ::1 08/Oct/2025/07/56/24 PUT /v1/AUTH_db59a5ced0564b87b7fa1c8832b8e7c1/gnocchi.463a1371-24bc-4176-9af7-afbf0bcdc350 HTTP/1.0 201 - python-swiftclient-3.11.1 gAAAAABo5hjnaGaF... - - - tx242a300dc17a4e62aaa67-0068e61928 - 0.0161 - - 1759910184.029091120 1759910184.045203209 0
Oct 8 07:56:24 standalone container-server[124350]: 172.20.0.100 - - [08/Oct/2025:07:56:24 +0000] "HEAD /d1/409/AUTH_db59a5ced0564b87b7fa1c8832b8e7c1/gnocchi.463a1371-24bc-4176-9af7-afbf0bcdc350" 204 - "HEAD http://localhost:8080/v1/AUTH_db59a5ced0564b87b7fa1c8832b8e7c1/gnocchi.463a1371-24bc-4176-9af7-afbf0bcdc350?format=json&states=listing" "tx66f8a570d7764f67a18a3-0068e61928" "proxy-server 21" 0.0010 "-" 22 0
Oct 8 07:56:24 standalone proxy-server[126488]: - - 08/Oct/2025/07/56/24 HEAD /v1/AUTH_db59a5ced0564b87b7fa1c8832b8e7c1/gnocchi.463a1371-24bc-4176-9af7-afbf0bcdc350%3Fformat%3Djson%26states%3Dlisting HTTP/1.0 204 - Swift - - - - tx66f8a570d7764f67a18a3-0068e61928 - 0.0032 RL - 1759910184.049446583 1759910184.052664995 0
Oct 8 07:56:24 standalone container-server[124350]: 172.20.0.100 - - [08/Oct/2025:07:56:24 +0000] "GET /d1/409/AUTH_db59a5ced0564b87b7fa1c8832b8e7c1/gnocchi.463a1371-24bc-4176-9af7-afbf0bcdc350" 200 2 "GET http://localhost:8080/v1/AUTH_db59a5ced0564b87b7fa1c8832b8e7c1/gnocchi.463a1371-24bc-4176-9af7-afbf0bcdc350?format=json&states=listing" "tx66f8a570d7764f67a18a3-0068e61928" "proxy-server 21" 0.0014 "-" 22 0
Oct 8 07:56:24 standalone proxy-server[126488]: 172.18.0.2 ::1 08/Oct/2025/07/56/24 GET /v1/AUTH_db59a5ced0564b87b7fa1c8832b8e7c1/gnocchi.463a1371-24bc-4176-9af7-afbf0bcdc350%3Fformat%3Djson%26states%3Dlisting HTTP/1.0 200 - python-swiftclient-3.11.1 gAAAAABo5hjnaGaF... - 2 - tx66f8a570d7764f67a18a3-0068e61928 - 0.0093 - - 1759910184.048570871 1759910184.057834387 0
Oct 8 07:56:24 standalone object-server[124549]: 172.20.0.100 - - [08/Oct/2025:07:56:24 +0000] "GET /d1/326/AUTH_db59a5ced0564b87b7fa1c8832b8e7c1/gnocchi.463a1371-24bc-4176-9af7-afbf0bcdc350/1759320000.0_mean_300.0_v3" 404 70 "GET http://localhost:8080/v1/AUTH_db59a5ced0564b87b7fa1c8832b8e7c1/gnocchi.463a1371-24bc-4176-9af7-afbf0bcdc350/1759320000.0_mean_300.0_v3" "tx7d446ec452d445128c725-0068e61928" "proxy-server 21" 0.0005 "-" 22 0
Oct 8 07:56:24 standalone proxy-server[126488]: 172.18.0.2 ::1 08/Oct/2025/07/56/24 GET /v1/AUTH_db59a5ced0564b87b7fa1c8832b8e7c1/gnocchi.463a1371-24bc-4176-9af7-afbf0bcdc350/1759320000.0_mean_300.0_v3 HTTP/1.0 404 - python-swiftclient-3.11.1 gAAAAABo5hjnaGaF... - 70 - tx7d446ec452d445128c725-0068e61928 - 0.0053 - - 1759910184.060774803 1759910184.066066265 0
Oct 8 07:56:24 standalone container-server[124339]: 172.20.0.100 - - [08/Oct/2025:07:56:24 +0000] "PUT /d1/409/AUTH_db59a5ced0564b87b7fa1c8832b8e7c1/gnocchi.463a1371-24bc-4176-9af7-afbf0bcdc350/1759320000.0_mean_300.0_v3" 201 - "PUT http://localhost:8080/d1/326/AUTH_db59a5ced0564b87b7fa1c8832b8e7c1/gnocchi.463a1371-24bc-4176-9af7-afbf0bcdc350/1759320000.0_mean_300.0_v3" "txdd8b327603b0419cac9de-0068e61928" "object-server 23" 0.0011 "-" 20 0
Oct 8 07:56:24 standalone object-server[124553]: 172.20.0.100 - - [08/Oct/2025:07:56:24 +0000] "PUT /d1/326/AUTH_db59a5ced0564b87b7fa1c8832b8e7c1/gnocchi.463a1371-24bc-4176-9af7-afbf0bcdc350/1759320000.0_mean_300.0_v3" 201 - "PUT http://localhost:8080/v1/AUTH_db59a5ced0564b87b7fa1c8832b8e7c1/gnocchi.463a1371-24bc-4176-9af7-afbf0bcdc350/1759320000.0_mean_300.0_v3" "txdd8b327603b0419cac9de-0068e61928" "proxy-server 21" 0.0301 "-" 23 0
Oct 8 07:56:24 standalone proxy-server[126488]: 172.18.0.2 ::1 08/Oct/2025/07/56/24 PUT /v1/AUTH_db59a5ced0564b87b7fa1c8832b8e7c1/gnocchi.463a1371-24bc-4176-9af7-afbf0bcdc350/1759320000.0_mean_300.0_v3 HTTP/1.0 201 - python-swiftclient-3.11.1 gAAAAABo5hjnaGaF... 16 - - txdd8b327603b0419cac9de-0068e61928 - 0.0352 - - 1759910184.068570614 1759910184.103759289 0
Oct 8 07:56:24 standalone container-server[124353]: 172.20.0.100 - - [08/Oct/2025:07:56:24 +0000] "PUT /d1/409/AUTH_db59a5ced0564b87b7fa1c8832b8e7c1/gnocchi.463a1371-24bc-4176-9af7-afbf0bcdc350/none_v3" 201 - "PUT http://localhost:8080/d1/221/AUTH_db59a5ced0564b87b7fa1c8832b8e7c1/gnocchi.463a1371-24bc-4176-9af7-afbf0bcdc350/none_v3" "tx79711237ef114c00a5c2e-0068e61928" "object-server 24" 0.0008 "-" 23 0
Oct 8 07:56:24 standalone object-server[124555]: 172.20.0.100 - - [08/Oct/2025:07:56:24 +0000] "PUT /d1/221/AUTH_db59a5ced0564b87b7fa1c8832b8e7c1/gnocchi.463a1371-24bc-4176-9af7-afbf0bcdc350/none_v3" 201 - "PUT http://localhost:8080/v1/AUTH_db59a5ced0564b87b7fa1c8832b8e7c1/gnocchi.463a1371-24bc-4176-9af7-afbf0bcdc350/none_v3" "tx79711237ef114c00a5c2e-0068e61928" "proxy-server 21" 0.0108 "-" 24 0
Oct 8 07:56:24 standalone proxy-server[126488]: 172.18.0.2 ::1 08/Oct/2025/07/56/24 PUT /v1/AUTH_db59a5ced0564b87b7fa1c8832b8e7c1/gnocchi.463a1371-24bc-4176-9af7-afbf0bcdc350/none_v3 HTTP/1.0 201 - python-swiftclient-3.11.1 gAAAAABo5hjnaGaF... 22 - - tx79711237ef114c00a5c2e-0068e61928 - 0.0191 - - 1759910184.107164383 1759910184.126250029 0
Oct 8 07:56:24 standalone container-server[124350]: 172.20.0.100 - - [08/Oct/2025:07:56:24 +0000] "HEAD /d1/905/AUTH_db59a5ced0564b87b7fa1c8832b8e7c1/gnocchi.131da140-fb7c-4207-b0fe-4eb4eac3e19f" 404 - "HEAD http://localhost:8080/v1/AUTH_db59a5ced0564b87b7fa1c8832b8e7c1/gnocchi.131da140-fb7c-4207-b0fe-4eb4eac3e19f?format=json&states=listing" "tx242b157472e847b0bcadf-0068e61928" "proxy-server 21" 0.0004 "-" 22 0
Oct 8 07:56:24 standalone object-server[124555]: 172.20.0.100 - - [08/Oct/2025:07:56:24 +0000] "GET /d1/675/AUTH_db59a5ced0564b87b7fa1c8832b8e7c1/gnocchi.131da140-fb7c-4207-b0fe-4eb4eac3e19f/none_v3" 404 70 "GET http://localhost:8080/v1/AUTH_db59a5ced0564b87b7fa1c8832b8e7c1/gnocchi.131da140-fb7c-4207-b0fe-4eb4eac3e19f/none_v3" "tx242b157472e847b0bcadf-0068e61928" "proxy-server 21" 0.0005 "-" 24 0
Oct 8 07:56:24 standalone proxy-server[126488]: 172.18.0.2 ::1 08/Oct/2025/07/56/24 GET /v1/AUTH_db59a5ced0564b87b7fa1c8832b8e7c1/gnocchi.131da140-fb7c-4207-b0fe-4eb4eac3e19f/none_v3 HTTP/1.0 404 - python-swiftclient-3.11.1 gAAAAABo5hjnaGaF... - 70 - tx242b157472e847b0bcadf-0068e61928 - 0.0086 - - 1759910184.138120890 1759910184.146696329 0
Oct 8 07:56:24 standalone account-server[124234]: 172.20.0.100 - - [08/Oct/2025:07:56:24 +0000] "PUT /d1/642/AUTH_db59a5ced0564b87b7fa1c8832b8e7c1/gnocchi.131da140-fb7c-4207-b0fe-4eb4eac3e19f" 201 - "PUT http://172.20.0.100:6001/d1/905/AUTH_db59a5ced0564b87b7fa1c8832b8e7c1/gnocchi.131da140-fb7c-4207-b0fe-4eb4eac3e19f" "tx8fa90b1633cf4db0b3acd-0068e61928" "container-server 23" 0.0064 "-" 21 0
Oct 8 07:56:24 standalone container-server[124353]: 172.20.0.100 - - [08/Oct/2025:07:56:24 +0000] "PUT /d1/905/AUTH_db59a5ced0564b87b7fa1c8832b8e7c1/gnocchi.131da140-fb7c-4207-b0fe-4eb4eac3e19f" 201 - "PUT http://localhost:8080/v1/AUTH_db59a5ced0564b87b7fa1c8832b8e7c1/gnocchi.131da140-fb7c-4207-b0fe-4eb4eac3e19f" "tx8fa90b1633cf4db0b3acd-0068e61928" "proxy-server 21" 0.0205 "-" 23 0
Oct 8 07:56:24 standalone proxy-server[126488]: 172.18.0.2 ::1 08/Oct/2025/07/56/24 PUT /v1/AUTH_db59a5ced0564b87b7fa1c8832b8e7c1/gnocchi.131da140-fb7c-4207-b0fe-4eb4eac3e19f HTTP/1.0 201 - python-swiftclient-3.11.1 gAAAAABo5hjnaGaF... - - - tx8fa90b1633cf4db0b3acd-0068e61928 - 0.0248 - - 1759910184.151893854 1759910184.176730394 0
Oct 8 07:56:24 standalone container-server[124343]: 172.20.0.100 - - [08/Oct/2025:07:56:24 +0000] "HEAD /d1/905/AUTH_db59a5ced0564b87b7fa1c8832b8e7c1/gnocchi.131da140-fb7c-4207-b0fe-4eb4eac3e19f" 204 - "HEAD http://localhost:8080/v1/AUTH_db59a5ced0564b87b7fa1c8832b8e7c1/gnocchi.131da140-fb7c-4207-b0fe-4eb4eac3e19f?format=json&states=listing" "txe2253240a5294946976e8-0068e61928" "proxy-server 21" 0.0015 "-" 21 0
Oct 8 07:56:24 standalone proxy-server[126488]: - - 08/Oct/2025/07/56/24 HEAD /v1/AUTH_db59a5ced0564b87b7fa1c8832b8e7c1/gnocchi.131da140-fb7c-4207-b0fe-4eb4eac3e19f%3Fformat%3Djson%26states%3Dlisting HTTP/1.0 204 - Swift - - - - txe2253240a5294946976e8-0068e61928 - 0.0055 RL - 1759910184.184512615 1759910184.190032721 0
Oct 8 07:56:24 standalone container-server[124353]: 172.20.0.100 - - [08/Oct/2025:07:56:24 +0000] "GET /d1/905/AUTH_db59a5ced0564b87b7fa1c8832b8e7c1/gnocchi.131da140-fb7c-4207-b0fe-4eb4eac3e19f" 200 2 "GET http://localhost:8080/v1/AUTH_db59a5ced0564b87b7fa1c8832b8e7c1/gnocchi.131da140-fb7c-4207-b0fe-4eb4eac3e19f?format=json&states=listing" "txe2253240a5294946976e8-0068e61928" "proxy-server 21" 0.0027 "-" 23 0
Oct 8 07:56:24 standalone proxy-server[126488]: 172.18.0.2 ::1 08/Oct/2025/07/56/24 GET /v1/AUTH_db59a5ced0564b87b7fa1c8832b8e7c1/gnocchi.131da140-fb7c-4207-b0fe-4eb4eac3e19f%3Fformat%3Djson%26states%3Dlisting HTTP/1.0 200 - python-swiftclient-3.11.1 gAAAAABo5hjnaGaF... - 2 - txe2253240a5294946976e8-0068e61928 - 0.0142 - - 1759910184.183564663 1759910184.197782516 0
Oct 8 07:56:24 standalone object-server[124561]: 172.20.0.100 - - [08/Oct/2025:07:56:24 +0000] "GET /d1/731/AUTH_db59a5ced0564b87b7fa1c8832b8e7c1/gnocchi.131da140-fb7c-4207-b0fe-4eb4eac3e19f/1759320000.0_mean_300.0_v3" 404 70 "GET http://localhost:8080/v1/AUTH_db59a5ced0564b87b7fa1c8832b8e7c1/gnocchi.131da140-fb7c-4207-b0fe-4eb4eac3e19f/1759320000.0_mean_300.0_v3" "tx2fcd3f162b81475ab773a-0068e61928" "proxy-server 21" 0.0007 "-" 25 0
Oct 8 07:56:24 standalone proxy-server[126488]: 172.18.0.2 ::1 08/Oct/2025/07/56/24 GET /v1/AUTH_db59a5ced0564b87b7fa1c8832b8e7c1/gnocchi.131da140-fb7c-4207-b0fe-4eb4eac3e19f/1759320000.0_mean_300.0_v3 HTTP/1.0 404 - python-swiftclient-3.11.1 gAAAAABo5hjnaGaF... - 70 - tx2fcd3f162b81475ab773a-0068e61928 - 0.0071 - - 1759910184.205568314 1759910184.212627411 0
Oct 8 07:56:24 standalone container-server[124339]: 172.20.0.100 - - [08/Oct/2025:07:56:24 +0000] "PUT /d1/905/AUTH_db59a5ced0564b87b7fa1c8832b8e7c1/gnocchi.131da140-fb7c-4207-b0fe-4eb4eac3e19f/1759320000.0_mean_300.0_v3" 201 - "PUT http://localhost:8080/d1/731/AUTH_db59a5ced0564b87b7fa1c8832b8e7c1/gnocchi.131da140-fb7c-4207-b0fe-4eb4eac3e19f/1759320000.0_mean_300.0_v3" "tx28e7a5bbe7734995accb3-0068e61928" "object-server 23" 0.0007 "-" 20 0
Oct 8 07:56:24 standalone object-server[124553]: 172.20.0.100 - - [08/Oct/2025:07:56:24 +0000] "PUT /d1/731/AUTH_db59a5ced0564b87b7fa1c8832b8e7c1/gnocchi.131da140-fb7c-4207-b0fe-4eb4eac3e19f/1759320000.0_mean_300.0_v3" 201 - "PUT http://localhost:8080/v1/AUTH_db59a5ced0564b87b7fa1c8832b8e7c1/gnocchi.131da140-fb7c-4207-b0fe-4eb4eac3e19f/1759320000.0_mean_300.0_v3" "tx28e7a5bbe7734995accb3-0068e61928" "proxy-server 21" 0.0163 "-" 23 0
Oct 8 07:56:24 standalone proxy-server[126488]: 172.18.0.2 ::1 08/Oct/2025/07/56/24 PUT /v1/AUTH_db59a5ced0564b87b7fa1c8832b8e7c1/gnocchi.131da140-fb7c-4207-b0fe-4eb4eac3e19f/1759320000.0_mean_300.0_v3 HTTP/1.0 201 - python-swiftclient-3.11.1 gAAAAABo5hjnaGaF... 16 - - tx28e7a5bbe7734995accb3-0068e61928 - 0.0209 - - 1759910184.218942642 1759910184.239815235 0
Oct 8 07:56:24 standalone container-server[124353]: 172.20.0.100 - - [08/Oct/2025:07:56:24 +0000] "PUT /d1/905/AUTH_db59a5ced0564b87b7fa1c8832b8e7c1/gnocchi.131da140-fb7c-4207-b0fe-4eb4eac3e19f/none_v3" 201 - "PUT http://localhost:8080/d1/675/AUTH_db59a5ced0564b87b7fa1c8832b8e7c1/gnocchi.131da140-fb7c-4207-b0fe-4eb4eac3e19f/none_v3" "txf81c5746f55c4120891b2-0068e61928" "object-server 24" 0.0006 "-" 23 0
Oct 8 07:56:24 standalone object-server[124555]: 172.20.0.100 - - [08/Oct/2025:07:56:24 +0000] "PUT /d1/675/AUTH_db59a5ced0564b87b7fa1c8832b8e7c1/gnocchi.131da140-fb7c-4207-b0fe-4eb4eac3e19f/none_v3" 201 - "PUT http://localhost:8080/v1/AUTH_db59a5ced0564b87b7fa1c8832b8e7c1/gnocchi.131da140-fb7c-4207-b0fe-4eb4eac3e19f/none_v3" "txf81c5746f55c4120891b2-0068e61928" "proxy-server 21" 0.0104 "-" 24 0
Oct 8 07:56:24 standalone proxy-server[126488]: 172.18.0.2 ::1 08/Oct/2025/07/56/24 PUT /v1/AUTH_db59a5ced0564b87b7fa1c8832b8e7c1/gnocchi.131da140-fb7c-4207-b0fe-4eb4eac3e19f/none_v3 HTTP/1.0 201 - python-swiftclient-3.11.1 gAAAAABo5hjnaGaF... 22 - - txf81c5746f55c4120891b2-0068e61928 - 0.0154 - - 1759910184.280986309 1759910184.296378613 0
Oct 8 07:56:28 standalone container-server[124339]: 172.20.0.100 - - [08/Oct/2025:07:56:28 +0000] "HEAD /d1/120/AUTH_db59a5ced0564b87b7fa1c8832b8e7c1/gnocchi.d5625526-6834-4a06-a81c-4ee1d720c265" 404 - "HEAD http://localhost:8080/v1/AUTH_db59a5ced0564b87b7fa1c8832b8e7c1/gnocchi.d5625526-6834-4a06-a81c-4ee1d720c265?format=json&states=listing" "txb60ede20ce1e4a7cb97bb-0068e6192c" "proxy-server 21" 0.0008 "-" 20 0
Oct 8 07:56:28 standalone object-server[124553]: 172.20.0.100 - - [08/Oct/2025:07:56:28 +0000] "GET /d1/1007/AUTH_db59a5ced0564b87b7fa1c8832b8e7c1/gnocchi.d5625526-6834-4a06-a81c-4ee1d720c265/none_v3" 404 70 "GET http://localhost:8080/v1/AUTH_db59a5ced0564b87b7fa1c8832b8e7c1/gnocchi.d5625526-6834-4a06-a81c-4ee1d720c265/none_v3" "txb60ede20ce1e4a7cb97bb-0068e6192c" "proxy-server 21" 0.0009 "-" 23 0
Oct 8 07:56:28 standalone proxy-server[126488]: 172.18.0.2 ::1 08/Oct/2025/07/56/28 GET /v1/AUTH_db59a5ced0564b87b7fa1c8832b8e7c1/gnocchi.d5625526-6834-4a06-a81c-4ee1d720c265/none_v3 HTTP/1.0 404 - python-swiftclient-3.11.1 gAAAAABo5hjnaGaF... - 70 - txb60ede20ce1e4a7cb97bb-0068e6192c - 0.0231 - - 1759910188.824162245 1759910188.847287655 0
Oct 8 07:56:28 standalone account-server[124234]: 172.20.0.100 - - [08/Oct/2025:07:56:28 +0000] "PUT /d1/642/AUTH_db59a5ced0564b87b7fa1c8832b8e7c1/gnocchi.d5625526-6834-4a06-a81c-4ee1d720c265" 201 - "PUT http://172.20.0.100:6001/d1/120/AUTH_db59a5ced0564b87b7fa1c8832b8e7c1/gnocchi.d5625526-6834-4a06-a81c-4ee1d720c265" "tx9dab7944910f4b0089bf7-0068e6192c" "container-server 21" 0.0076 "-" 21 0
Oct 8 07:56:28 standalone container-server[124343]: 172.20.0.100 - - [08/Oct/2025:07:56:28 +0000] "PUT /d1/120/AUTH_db59a5ced0564b87b7fa1c8832b8e7c1/gnocchi.d5625526-6834-4a06-a81c-4ee1d720c265" 201 - "PUT http://localhost:8080/v1/AUTH_db59a5ced0564b87b7fa1c8832b8e7c1/gnocchi.d5625526-6834-4a06-a81c-4ee1d720c265" "tx9dab7944910f4b0089bf7-0068e6192c" "proxy-server 21" 0.0176 "-" 21 0
