Oct 8 07:58:20 standalone object-server[124561]: 172.20.0.100 - - [08/Oct/2025:07:58:20 +0000] "PUT /d1/899/AUTH_db59a5ced0564b87b7fa1c8832b8e7c1/gnocchi.4d6d62d6-f048-4817-a9ce-2cc225270b73/none_v3" 201 - "PUT http://localhost:8080/v1/AUTH_db59a5ced0564b87b7fa1c8832b8e7c1/gnocchi.4d6d62d6-f048-4817-a9ce-2cc225270b73/none_v3" "txb20758ac8daa4701b8fca-0068e6199c" "proxy-server 21" 0.0066 "-" 25 0
Oct 8 07:58:20 standalone proxy-server[126488]: 172.18.0.2 ::1 08/Oct/2025/07/58/20 PUT /v1/AUTH_db59a5ced0564b87b7fa1c8832b8e7c1/gnocchi.4d6d62d6-f048-4817-a9ce-2cc225270b73/none_v3 HTTP/1.0 201 - python-swiftclient-3.11.1 gAAAAABo5hjnaGaF... 22 - - txb20758ac8daa4701b8fca-0068e6199c - 0.0111 - - 1759910300.166749716 1759910300.177817822 0
Oct 8 07:58:20 standalone container-server[124353]: 172.20.0.100 - - [08/Oct/2025:07:58:20 +0000] "HEAD /d1/167/AUTH_db59a5ced0564b87b7fa1c8832b8e7c1/gnocchi.4fe935f9-ed00-452b-8521-d95f2bd3031b" 404 - "HEAD http://localhost:8080/v1/AUTH_db59a5ced0564b87b7fa1c8832b8e7c1/gnocchi.4fe935f9-ed00-452b-8521-d95f2bd3031b?format=json&states=listing" "tx7f51e64867364a16ace12-0068e6199c" "proxy-server 21" 0.0003 "-" 23 0
Oct 8 07:58:20 standalone object-server[124561]: 172.20.0.100 - - [08/Oct/2025:07:58:20 +0000] "GET /d1/15/AUTH_db59a5ced0564b87b7fa1c8832b8e7c1/gnocchi.4fe935f9-ed00-452b-8521-d95f2bd3031b/none_v3" 404 70 "GET http://localhost:8080/v1/AUTH_db59a5ced0564b87b7fa1c8832b8e7c1/gnocchi.4fe935f9-ed00-452b-8521-d95f2bd3031b/none_v3" "tx7f51e64867364a16ace12-0068e6199c" "proxy-server 21" 0.0003 "-" 25 0
Oct 8 07:58:20 standalone proxy-server[126488]: 172.18.0.2 ::1 08/Oct/2025/07/58/20 GET /v1/AUTH_db59a5ced0564b87b7fa1c8832b8e7c1/gnocchi.4fe935f9-ed00-452b-8521-d95f2bd3031b/none_v3 HTTP/1.0 404 - python-swiftclient-3.11.1 gAAAAABo5hjnaGaF... - 70 - tx7f51e64867364a16ace12-0068e6199c - 0.0069 - - 1759910300.185989618 1759910300.192853451 0
Oct 8 07:58:20 standalone account-server[124268]: 172.20.0.100 - - [08/Oct/2025:07:58:20 +0000] "PUT /d1/642/AUTH_db59a5ced0564b87b7fa1c8832b8e7c1/gnocchi.4fe935f9-ed00-452b-8521-d95f2bd3031b" 201 - "PUT http://172.20.0.100:6001/d1/167/AUTH_db59a5ced0564b87b7fa1c8832b8e7c1/gnocchi.4fe935f9-ed00-452b-8521-d95f2bd3031b" "tx94cfd895b00b401d91934-0068e6199c" "container-server 20" 0.0060 "-" 23 0
Oct 8 07:58:20 standalone container-server[124339]: 172.20.0.100 - - [08/Oct/2025:07:58:20 +0000] "PUT /d1/167/AUTH_db59a5ced0564b87b7fa1c8832b8e7c1/gnocchi.4fe935f9-ed00-452b-8521-d95f2bd3031b" 201 - "PUT http://localhost:8080/v1/AUTH_db59a5ced0564b87b7fa1c8832b8e7c1/gnocchi.4fe935f9-ed00-452b-8521-d95f2bd3031b" "tx94cfd895b00b401d91934-0068e6199c" "proxy-server 21" 0.0221 "-" 20 0
Oct 8 07:58:20 standalone proxy-server[126488]: 172.18.0.2 ::1 08/Oct/2025/07/58/20 PUT /v1/AUTH_db59a5ced0564b87b7fa1c8832b8e7c1/gnocchi.4fe935f9-ed00-452b-8521-d95f2bd3031b HTTP/1.0 201 - python-swiftclient-3.11.1 gAAAAABo5hjnaGaF... - - - tx94cfd895b00b401d91934-0068e6199c - 0.0262 - - 1759910300.195379019 1759910300.221589088 0
Oct 8 07:58:20 standalone container-server[124353]: 172.20.0.100 - - [08/Oct/2025:07:58:20 +0000] "HEAD /d1/167/AUTH_db59a5ced0564b87b7fa1c8832b8e7c1/gnocchi.4fe935f9-ed00-452b-8521-d95f2bd3031b" 204 - "HEAD http://localhost:8080/v1/AUTH_db59a5ced0564b87b7fa1c8832b8e7c1/gnocchi.4fe935f9-ed00-452b-8521-d95f2bd3031b?format=json&states=listing" "txa1278b97851646548a4f8-0068e6199c" "proxy-server 21" 0.0012 "-" 23 0
Oct 8 07:58:20 standalone proxy-server[126488]: - - 08/Oct/2025/07/58/20 HEAD /v1/AUTH_db59a5ced0564b87b7fa1c8832b8e7c1/gnocchi.4fe935f9-ed00-452b-8521-d95f2bd3031b%3Fformat%3Djson%26states%3Dlisting HTTP/1.0 204 - Swift - - - - txa1278b97851646548a4f8-0068e6199c - 0.0040 RL - 1759910300.229293823 1759910300.233289242 0
Oct 8 07:58:20 standalone container-server[124350]: 172.20.0.100 - - [08/Oct/2025:07:58:20 +0000] "GET /d1/167/AUTH_db59a5ced0564b87b7fa1c8832b8e7c1/gnocchi.4fe935f9-ed00-452b-8521-d95f2bd3031b" 200 2 "GET http://localhost:8080/v1/AUTH_db59a5ced0564b87b7fa1c8832b8e7c1/gnocchi.4fe935f9-ed00-452b-8521-d95f2bd3031b?format=json&states=listing" "txa1278b97851646548a4f8-0068e6199c" "proxy-server 21" 0.0016 "-" 22 0
Oct 8 07:58:20 standalone proxy-server[126488]: 172.18.0.2 ::1 08/Oct/2025/07/58/20 GET /v1/AUTH_db59a5ced0564b87b7fa1c8832b8e7c1/gnocchi.4fe935f9-ed00-452b-8521-d95f2bd3031b%3Fformat%3Djson%26states%3Dlisting HTTP/1.0 200 - python-swiftclient-3.11.1 gAAAAABo5hjnaGaF... - 2 - txa1278b97851646548a4f8-0068e6199c - 0.0120 - - 1759910300.228411674 1759910300.240376234 0
Oct 8 07:58:20 standalone object-server[124555]: 172.20.0.100 - - [08/Oct/2025:07:58:20 +0000] "GET /d1/974/AUTH_db59a5ced0564b87b7fa1c8832b8e7c1/gnocchi.4fe935f9-ed00-452b-8521-d95f2bd3031b/1759320000.0_mean_300.0_v3" 404 70 "GET http://localhost:8080/v1/AUTH_db59a5ced0564b87b7fa1c8832b8e7c1/gnocchi.4fe935f9-ed00-452b-8521-d95f2bd3031b/1759320000.0_mean_300.0_v3" "tx93ddcfe664354ca6a4dbf-0068e6199c" "proxy-server 21" 0.0003 "-" 24 0
Oct 8 07:58:20 standalone proxy-server[126488]: 172.18.0.2 ::1 08/Oct/2025/07/58/20 GET /v1/AUTH_db59a5ced0564b87b7fa1c8832b8e7c1/gnocchi.4fe935f9-ed00-452b-8521-d95f2bd3031b/1759320000.0_mean_300.0_v3 HTTP/1.0 404 - python-swiftclient-3.11.1 gAAAAABo5hjnaGaF... - 70 - tx93ddcfe664354ca6a4dbf-0068e6199c - 0.0044 - - 1759910300.243207932 1759910300.247646809 0
Oct 8 07:58:20 standalone container-server[124343]: 172.20.0.100 - - [08/Oct/2025:07:58:20 +0000] "PUT /d1/167/AUTH_db59a5ced0564b87b7fa1c8832b8e7c1/gnocchi.4fe935f9-ed00-452b-8521-d95f2bd3031b/1759320000.0_mean_300.0_v3" 201 - "PUT http://localhost:8080/d1/974/AUTH_db59a5ced0564b87b7fa1c8832b8e7c1/gnocchi.4fe935f9-ed00-452b-8521-d95f2bd3031b/1759320000.0_mean_300.0_v3" "tx3064f0a28cd141b29770d-0068e6199c" "object-server 25" 0.0005 "-" 21 0
Oct 8 07:58:20 standalone object-server[124561]: 172.20.0.100 - - [08/Oct/2025:07:58:20 +0000] "PUT /d1/974/AUTH_db59a5ced0564b87b7fa1c8832b8e7c1/gnocchi.4fe935f9-ed00-452b-8521-d95f2bd3031b/1759320000.0_mean_300.0_v3" 201 - "PUT http://localhost:8080/v1/AUTH_db59a5ced0564b87b7fa1c8832b8e7c1/gnocchi.4fe935f9-ed00-452b-8521-d95f2bd3031b/1759320000.0_mean_300.0_v3" "tx3064f0a28cd141b29770d-0068e6199c" "proxy-server 21" 0.0073 "-" 25 0
Oct 8 07:58:20 standalone proxy-server[126488]: 172.18.0.2 ::1 08/Oct/2025/07/58/20 PUT /v1/AUTH_db59a5ced0564b87b7fa1c8832b8e7c1/gnocchi.4fe935f9-ed00-452b-8521-d95f2bd3031b/1759320000.0_mean_300.0_v3 HTTP/1.0 201 - python-swiftclient-3.11.1 gAAAAABo5hjnaGaF... 16 - - tx3064f0a28cd141b29770d-0068e6199c - 0.0115 - - 1759910300.249694109 1759910300.261239052 0
Oct 8 07:58:20 standalone container-server[124339]: 172.20.0.100 - - [08/Oct/2025:07:58:20 +0000] "PUT /d1/167/AUTH_db59a5ced0564b87b7fa1c8832b8e7c1/gnocchi.4fe935f9-ed00-452b-8521-d95f2bd3031b/none_v3" 201 - "PUT http://localhost:8080/d1/15/AUTH_db59a5ced0564b87b7fa1c8832b8e7c1/gnocchi.4fe935f9-ed00-452b-8521-d95f2bd3031b/none_v3" "tx8859a293639c4aff8653b-0068e6199c" "object-server 22" 0.0004 "-" 20 0
Oct 8 07:58:20 standalone object-server[124549]: 172.20.0.100 - - [08/Oct/2025:07:58:20 +0000] "PUT /d1/15/AUTH_db59a5ced0564b87b7fa1c8832b8e7c1/gnocchi.4fe935f9-ed00-452b-8521-d95f2bd3031b/none_v3" 201 - "PUT http://localhost:8080/v1/AUTH_db59a5ced0564b87b7fa1c8832b8e7c1/gnocchi.4fe935f9-ed00-452b-8521-d95f2bd3031b/none_v3" "tx8859a293639c4aff8653b-0068e6199c" "proxy-server 21" 0.0070 "-" 22 0
Oct 8 07:58:20 standalone proxy-server[126488]: 172.18.0.2 ::1 08/Oct/2025/07/58/20 PUT /v1/AUTH_db59a5ced0564b87b7fa1c8832b8e7c1/gnocchi.4fe935f9-ed00-452b-8521-d95f2bd3031b/none_v3 HTTP/1.0 201 - python-swiftclient-3.11.1 gAAAAABo5hjnaGaF... 22 - - tx8859a293639c4aff8653b-0068e6199c - 0.0117 - - 1759910300.263965845 1759910300.275616884 0
Oct 8 07:58:20 standalone container-server[124353]: 172.20.0.100 - - [08/Oct/2025:07:58:20 +0000] "HEAD /d1/881/AUTH_db59a5ced0564b87b7fa1c8832b8e7c1/gnocchi.1b01c064-0212-47a9-b0b2-c94dbf5916b3" 404 - "HEAD http://localhost:8080/v1/AUTH_db59a5ced0564b87b7fa1c8832b8e7c1/gnocchi.1b01c064-0212-47a9-b0b2-c94dbf5916b3?format=json&states=listing" "txab234ba21e9540f59119e-0068e6199c" "proxy-server 21" 0.0003 "-" 23 0
Oct 8 07:58:20 standalone object-server[124553]: 172.20.0.100 - - [08/Oct/2025:07:58:20 +0000] "GET /d1/866/AUTH_db59a5ced0564b87b7fa1c8832b8e7c1/gnocchi.1b01c064-0212-47a9-b0b2-c94dbf5916b3/none_v3" 404 70 "GET http://localhost:8080/v1/AUTH_db59a5ced0564b87b7fa1c8832b8e7c1/gnocchi.1b01c064-0212-47a9-b0b2-c94dbf5916b3/none_v3" "txab234ba21e9540f59119e-0068e6199c" "proxy-server 21" 0.0003 "-" 23 0
Oct 8 07:58:20 standalone proxy-server[126488]: 172.18.0.2 ::1 08/Oct/2025/07/58/20 GET /v1/AUTH_db59a5ced0564b87b7fa1c8832b8e7c1/gnocchi.1b01c064-0212-47a9-b0b2-c94dbf5916b3/none_v3 HTTP/1.0 404 - python-swiftclient-3.11.1 gAAAAABo5hjnaGaF... - 70 - txab234ba21e9540f59119e-0068e6199c - 0.0072 - - 1759910300.283315897 1759910300.290519476 0
Oct 8 07:58:20 standalone account-server[124247]: 172.20.0.100 - - [08/Oct/2025:07:58:20 +0000] "PUT /d1/642/AUTH_db59a5ced0564b87b7fa1c8832b8e7c1/gnocchi.1b01c064-0212-47a9-b0b2-c94dbf5916b3" 201 - "PUT http://172.20.0.100:6001/d1/881/AUTH_db59a5ced0564b87b7fa1c8832b8e7c1/gnocchi.1b01c064-0212-47a9-b0b2-c94dbf5916b3" "tx0422ebf6c16b4a3294a90-0068e6199c" "container-server 20" 0.0045 "-" 22 0
Oct 8 07:58:20 standalone container-server[124339]: 172.20.0.100 - - [08/Oct/2025:07:58:20 +0000] "PUT /d1/881/AUTH_db59a5ced0564b87b7fa1c8832b8e7c1/gnocchi.1b01c064-0212-47a9-b0b2-c94dbf5916b3" 201 - "PUT http://localhost:8080/v1/AUTH_db59a5ced0564b87b7fa1c8832b8e7c1/gnocchi.1b01c064-0212-47a9-b0b2-c94dbf5916b3" "tx0422ebf6c16b4a3294a90-0068e6199c" "proxy-server 21" 0.0131 "-" 20 0
Oct 8 07:58:20 standalone proxy-server[126488]: 172.18.0.2 ::1 08/Oct/2025/07/58/20 PUT /v1/AUTH_db59a5ced0564b87b7fa1c8832b8e7c1/gnocchi.1b01c064-0212-47a9-b0b2-c94dbf5916b3 HTTP/1.0 201 - python-swiftclient-3.11.1 gAAAAABo5hjnaGaF... - - - tx0422ebf6c16b4a3294a90-0068e6199c - 0.0169 - - 1759910300.292587996 1759910300.309532404 0
Oct 8 07:58:20 standalone container-server[124343]: 172.20.0.100 - - [08/Oct/2025:07:58:20 +0000] "HEAD /d1/881/AUTH_db59a5ced0564b87b7fa1c8832b8e7c1/gnocchi.1b01c064-0212-47a9-b0b2-c94dbf5916b3" 204 - "HEAD http://localhost:8080/v1/AUTH_db59a5ced0564b87b7fa1c8832b8e7c1/gnocchi.1b01c064-0212-47a9-b0b2-c94dbf5916b3?format=json&states=listing" "txdb739ad0bd1a43f993df7-0068e6199c" "proxy-server 21" 0.0010 "-" 21 0
Oct 8 07:58:20 standalone proxy-server[126488]: - - 08/Oct/2025/07/58/20 HEAD /v1/AUTH_db59a5ced0564b87b7fa1c8832b8e7c1/gnocchi.1b01c064-0212-47a9-b0b2-c94dbf5916b3%3Fformat%3Djson%26states%3Dlisting HTTP/1.0 204 - Swift - - - - txdb739ad0bd1a43f993df7-0068e6199c - 0.0033 RL - 1759910300.312865734 1759910300.316170454 0
Oct 8 07:58:20 standalone container-server[124343]: 172.20.0.100 - - [08/Oct/2025:07:58:20 +0000] "GET /d1/881/AUTH_db59a5ced0564b87b7fa1c8832b8e7c1/gnocchi.1b01c064-0212-47a9-b0b2-c94dbf5916b3" 200 2 "GET http://localhost:8080/v1/AUTH_db59a5ced0564b87b7fa1c8832b8e7c1/gnocchi.1b01c064-0212-47a9-b0b2-c94dbf5916b3?format=json&states=listing" "txdb739ad0bd1a43f993df7-0068e6199c" "proxy-server 21" 0.0014 "-" 21 0
Oct 8 07:58:20 standalone proxy-server[126488]: 172.18.0.2 ::1 08/Oct/2025/07/58/20 GET /v1/AUTH_db59a5ced0564b87b7fa1c8832b8e7c1/gnocchi.1b01c064-0212-47a9-b0b2-c94dbf5916b3%3Fformat%3Djson%26states%3Dlisting HTTP/1.0 200 - python-swiftclient-3.11.1 gAAAAABo5hjnaGaF... - 2 - txdb739ad0bd1a43f993df7-0068e6199c - 0.0093 - - 1759910300.312062740 1759910300.321314812 0
Oct 8 07:58:20 standalone object-server[124561]: 172.20.0.100 - - [08/Oct/2025:07:58:20 +0000] "GET /d1/719/AUTH_db59a5ced0564b87b7fa1c8832b8e7c1/gnocchi.1b01c064-0212-47a9-b0b2-c94dbf5916b3/1759320000.0_mean_300.0_v3" 404 70 "GET http://localhost:8080/v1/AUTH_db59a5ced0564b87b7fa1c8832b8e7c1/gnocchi.1b01c064-0212-47a9-b0b2-c94dbf5916b3/1759320000.0_mean_300.0_v3" "txcb798d7674ab4e1397d0d-0068e6199c" "proxy-server 21" 0.0003 "-" 25 0
Oct 8 07:58:20 standalone proxy-server[126488]: 172.18.0.2 ::1 08/Oct/2025/07/58/20 GET /v1/AUTH_db59a5ced0564b87b7fa1c8832b8e7c1/gnocchi.1b01c064-0212-47a9-b0b2-c94dbf5916b3/1759320000.0_mean_300.0_v3 HTTP/1.0 404 - python-swiftclient-3.11.1 gAAAAABo5hjnaGaF... - 70 - txcb798d7674ab4e1397d0d-0068e6199c - 0.0039 - - 1759910300.323681593 1759910300.327534199 0
Oct 8 07:58:20 standalone container-server[124343]: 172.20.0.100 - - [08/Oct/2025:07:58:20 +0000] "PUT /d1/881/AUTH_db59a5ced0564b87b7fa1c8832b8e7c1/gnocchi.1b01c064-0212-47a9-b0b2-c94dbf5916b3/1759320000.0_mean_300.0_v3" 201 - "PUT http://localhost:8080/d1/719/AUTH_db59a5ced0564b87b7fa1c8832b8e7c1/gnocchi.1b01c064-0212-47a9-b0b2-c94dbf5916b3/1759320000.0_mean_300.0_v3" "txc779e0ff94d34420a3ee8-0068e6199c" "object-server 23" 0.0005 "-" 21 0
Oct 8 07:58:20 standalone object-server[124553]: 172.20.0.100 - - [08/Oct/2025:07:58:20 +0000] "PUT /d1/719/AUTH_db59a5ced0564b87b7fa1c8832b8e7c1/gnocchi.1b01c064-0212-47a9-b0b2-c94dbf5916b3/1759320000.0_mean_300.0_v3" 201 - "PUT http://localhost:8080/v1/AUTH_db59a5ced0564b87b7fa1c8832b8e7c1/gnocchi.1b01c064-0212-47a9-b0b2-c94dbf5916b3/1759320000.0_mean_300.0_v3" "txc779e0ff94d34420a3ee8-0068e6199c" "proxy-server 21" 0.0098 "-" 23 0
Oct 8 07:58:20 standalone proxy-server[126488]: 172.18.0.2 ::1 08/Oct/2025/07/58/20 PUT /v1/AUTH_db59a5ced0564b87b7fa1c8832b8e7c1/gnocchi.1b01c064-0212-47a9-b0b2-c94dbf5916b3/1759320000.0_mean_300.0_v3 HTTP/1.0 201 - python-swiftclient-3.11.1 gAAAAABo5hjnaGaF... 16 - - txc779e0ff94d34420a3ee8-0068e6199c - 0.0149 - - 1759910300.332079411 1759910300.346930027 0
Oct 8 07:58:20 standalone container-server[124343]: 172.20.0.100 - - [08/Oct/2025:07:58:20 +0000] "PUT /d1/881/AUTH_db59a5ced0564b87b7fa1c8832b8e7c1/gnocchi.1b01c064-0212-47a9-b0b2-c94dbf5916b3/none_v3" 201 - "PUT http://localhost:8080/d1/866/AUTH_db59a5ced0564b87b7fa1c8832b8e7c1/gnocchi.1b01c064-0212-47a9-b0b2-c94dbf5916b3/none_v3" "tx41c20ca0205a4593ad558-0068e6199c" "object-server 24" 0.0003 "-" 21 0
Oct 8 07:58:20 standalone object-server[124555]: 172.20.0.100 - - [08/Oct/2025:07:58:20 +0000] "PUT /d1/866/AUTH_db59a5ced0564b87b7fa1c8832b8e7c1/gnocchi.1b01c064-0212-47a9-b0b2-c94dbf5916b3/none_v3" 201 - "PUT http://localhost:8080/v1/AUTH_db59a5ced0564b87b7fa1c8832b8e7c1/gnocchi.1b01c064-0212-47a9-b0b2-c94dbf5916b3/none_v3" "tx41c20ca0205a4593ad558-0068e6199c" "proxy-server 21" 0.0068 "-" 24 0
Oct 8 07:58:20 standalone proxy-server[126488]: 172.18.0.2 ::1 08/Oct/2025/07/58/20 PUT /v1/AUTH_db59a5ced0564b87b7fa1c8832b8e7c1/gnocchi.1b01c064-0212-47a9-b0b2-c94dbf5916b3/none_v3 HTTP/1.0 201 - python-swiftclient-3.11.1 gAAAAABo5hjnaGaF... 22 - - tx41c20ca0205a4593ad558-0068e6199c - 0.0105 - - 1759910300.349368095 1759910300.359896898 0
Oct 8 07:58:20 standalone container-server[124343]: 172.20.0.100 - - [08/Oct/2025:07:58:20 +0000] "HEAD /d1/592/AUTH_db59a5ced0564b87b7fa1c8832b8e7c1/gnocchi.308e4140-77a6-436a-8bb5-be31bf6ec2ae" 404 - "HEAD http://localhost:8080/v1/AUTH_db59a5ced0564b87b7fa1c8832b8e7c1/gnocchi.308e4140-77a6-436a-8bb5-be31bf6ec2ae?format=json&states=listing" "tx74222192cb1e44cdb7304-0068e6199c" "proxy-server 21" 0.0003 "-" 21 0
Oct 8 07:58:20 standalone object-server[124553]: 172.20.0.100 - - [08/Oct/2025:07:58:20 +0000] "GET /d1/1000/AUTH_db59a5ced0564b87b7fa1c8832b8e7c1/gnocchi.308e4140-77a6-436a-8bb5-be31bf6ec2ae/none_v3" 404 70 "GET http://localhost:8080/v1/AUTH_db59a5ced0564b87b7fa1c8832b8e7c1/gnocchi.308e4140-77a6-436a-8bb5-be31bf6ec2ae/none_v3" "tx74222192cb1e44cdb7304-0068e6199c" "proxy-server 21" 0.0004 "-" 23 0
Oct 8 07:58:20 standalone proxy-server[126488]: 172.18.0.2 ::1 08/Oct/2025/07/58/20 GET /v1/AUTH_db59a5ced0564b87b7fa1c8832b8e7c1/gnocchi.308e4140-77a6-436a-8bb5-be31bf6ec2ae/none_v3 HTTP/1.0 404 - python-swiftclient-3.11.1 gAAAAABo5hjnaGaF... - 70 - tx74222192cb1e44cdb7304-0068e6199c - 0.0071 - - 1759910300.367290974 1759910300.374428511 0
Oct 8 07:58:20 standalone account-server[124247]: 172.20.0.100 - - [08/Oct/2025:07:58:20 +0000] "PUT /d1/642/AUTH_db59a5ced0564b87b7fa1c8832b8e7c1/gnocchi.308e4140-77a6-436a-8bb5-be31bf6ec2ae" 201 - "PUT http://172.20.0.100:6001/d1/592/AUTH_db59a5ced0564b87b7fa1c8832b8e7c1/gnocchi.308e4140-77a6-436a-8bb5-be31bf6ec2ae" "txa9422b53b3774ce792b8c-0068e6199c" "container-server 23" 0.0036 "-" 22 0
Oct 8 07:58:20 standalone container-server[124353]: 172.20.0.100 - - [08/Oct/2025:07:58:20 +0000] "PUT /d1/592/AUTH_db59a5ced0564b87b7fa1c8832b8e7c1/gnocchi.308e4140-77a6-436a-8bb5-be31bf6ec2ae" 201 - "PUT http://localhost:8080/v1/AUTH_db59a5ced0564b87b7fa1c8832b8e7c1/gnocchi.308e4140-77a6-436a-8bb5-be31bf6ec2ae" "txa9422b53b3774ce792b8c-0068e6199c" "proxy-server 21" 0.0118 "-" 23 0
Oct 8 07:58:20 standalone proxy-server[126488]: 172.18.0.2 ::1 08/Oct/2025/07/58/20 PUT /v1/AUTH_db59a5ced0564b87b7fa1c8832b8e7c1/gnocchi.308e4140-77a6-436a-8bb5-be31bf6ec2ae HTTP/1.0 201 - python-swiftclient-3.11.1 gAAAAABo5hjnaGaF... - - - txa9422b53b3774ce792b8c-0068e6199c - 0.0156 - - 1759910300.376249790 1759910300.391843081 0
Oct 8 07:58:20 standalone container-server[124339]: 172.20.0.100 - - [08/Oct/2025:07:58:20 +0000] "HEAD /d1/592/AUTH_db59a5ced0564b87b7fa1c8832b8e7c1/gnocchi.308e4140-77a6-436a-8bb5-be31bf6ec2ae" 204 - "HEAD http://localhost:8080/v1/AUTH_db59a5ced0564b87b7fa1c8832b8e7c1/gnocchi.308e4140-77a6-436a-8bb5-be31bf6ec2ae?format=json&states=listing" "tx3d74caa2a9a94339b1809-0068e6199c" "proxy-server 21" 0.0012 "-" 20 0
Oct 8 07:58:20 standalone proxy-server[126488]: - - 08/Oct/2025/07/58/20 HEAD /v1/AUTH_db59a5ced0564b87b7fa1c8832b8e7c1/gnocchi.308e4140-77a6-436a-8bb5-be31bf6ec2ae%3Fformat%3Djson%26states%3Dlisting HTTP/1.0 204 - Swift - - - - tx3d74caa2a9a94339b1809-0068e6199c - 0.0038 RL - 1759910300.398994207 1759910300.402764559 0
Oct 8 07:58:20 standalone container-server[124343]: 172.20.0.100 - - [08/Oct/2025:07:58:20 +0000] "GET /d1/592/AUTH_db59a5ced0564b87b7fa1c8832b8e7c1/gnocchi.308e4140-77a6-436a-8bb5-be31bf6ec2ae" 200 2 "GET http://localhost:8080/v1/AUTH_db59a5ced0564b87b7fa1c8832b8e7c1/gnocchi.308e4140-77a6-436a-8bb5-be31bf6ec2ae?format=json&states=listing" "tx3d74caa2a9a94339b1809-0068e6199c" "proxy-server 21" 0.0016 "-" 21 0
Oct 8 07:58:20 standalone proxy-server[126488]: 172.18.0.2 ::1 08/Oct/2025/07/58/20 GET /v1/AUTH_db59a5ced0564b87b7fa1c8832b8e7c1/gnocchi.308e4140-77a6-436a-8bb5-be31bf6ec2ae%3Fformat%3Djson%26states%3Dlisting HTTP/1.0 200 - python-swiftclient-3.11.1 gAAAAABo5hjnaGaF... - 2 - tx3d74caa2a9a94339b1809-0068e6199c - 0.0117 - - 1759910300.398124218 1759910300.409789085 0
Oct 8 07:58:20 standalone object-server[124553]: 172.20.0.100 - - [08/Oct/2025:07:58:20 +0000] "GET /d1/230/AUTH_db59a5ced0564b87b7fa1c8832b8e7c1/gnocchi.308e4140-77a6-436a-8bb5-be31bf6ec2ae/1759320000.0_mean_300.0_v3" 404 70 "GET http://localhost:8080/v1/AUTH_db59a5ced0564b87b7fa1c8832b8e7c1/gnocchi.308e4140-77a6-436a-8bb5-be31bf6ec2ae/1759320000.0_mean_300.0_v3" "txadbefaae1f44459091b4e-0068e6199c" "proxy-server 21" 0.0004 "-" 23 0
Oct 8 07:58:20 standalone proxy-server[126488]: 172.18.0.2 ::1 08/Oct/2025/07/58/20 GET /v1/AUTH_db59a5ced0564b87b7fa1c8832b8e7c1/gnocchi.308e4140-77a6-436a-8bb5-be31bf6ec2ae/1759320000.0_mean_300.0_v3 HTTP/1.0 404 - python-swiftclient-3.11.1 gAAAAABo5hjnaGaF... - 70 - txadbefaae1f44459091b4e-0068e6199c - 0.0060 - - 1759910300.412987709 1759910300.418989897 0
Oct 8 07:58:20 standalone container-server[124339]: 172.20.0.100 - - [08/Oct/2025:07:58:20 +0000] "PUT /d1/592/AUTH_db59a5ced0564b87b7fa1c8832b8e7c1/gnocchi.308e4140-77a6-436a-8bb5-be31bf6ec2ae/1759320000.0_mean_300.0_v3" 201 - "PUT http://localhost:8080/d1/230/AUTH_db59a5ced0564b87b7fa1c8832b8e7c1/gnocchi.308e4140-77a6-436a-8bb5-be31bf6ec2ae/1759320000.0_mean_300.0_v3" "txfa9f21f0a8c7493fbe860-0068e6199c" "object-server 22" 0.0005 "-" 20 0
Oct 8 07:58:20 standalone object-server[124549]: 172.20.0.100 - - [08/Oct/2025:07:58:20 +0000] "PUT /d1/230/AUTH_db59a5ced0564b87b7fa1c8832b8e7c1/gnocchi.308e4140-77a6-436a-8bb5-be31bf6ec2ae/1759320000.0_mean_300.0_v3" 201 - "PUT http://localhost:8080/v1/AUTH_db59a5ced0564b87b7fa1c8832b8e7c1/gnocchi.308e4140-77a6-436a-8bb5-be31bf6ec2ae/1759320000.0_mean_300.0_v3" "txfa9f21f0a8c7493fbe860-0068e6199c" "proxy-server 21" 0.0088 "-" 22 0
Oct 8 07:58:20 standalone proxy-server[126488]: 172.18.0.2 ::1 08/Oct/2025/07/58/20 PUT /v1/AUTH_db59a5ced0564b87b7fa1c8832b8e7c1/gnocchi.308e4140-77a6-436a-8bb5-be31bf6ec2ae/1759320000.0_mean_300.0_v3 HTTP/1.0 201 - python-swiftclient-3.11.1 gAAAAABo5hjnaGaF... 16 - - txfa9f21f0a8c7493fbe860-0068e6199c - 0.0153 - - 1759910300.422219038 1759910300.437526464 0
Oct 8 07:58:20 standalone container-server[124353]: 172.20.0.100 - - [08/Oct/2025:07:58:20 +0000] "PUT /d1/592/AUTH_db59a5ced0564b87b7fa1c8832b8e7c1/gnocchi.308e4140-77a6-436a-8bb5-be31bf6ec2ae/none_v3" 201 - "PUT http://localhost:8080/d1/1000/AUTH_db59a5ced0564b87b7fa1c8832b8e7c1/gnocchi.308e4140-77a6-436a-8bb5-be31bf6ec2ae/none_v3" "tx681c3a4108b04be9a380d-0068e6199c" "object-server 23" 0.0009 "-" 23 0
Oct 8 07:58:20 standalone object-server[124553]: 172.20.0.100 - - [08/Oct/2025:07:58:20 +0000] "PUT /d1/1000/AUTH_db59a5ced0564b87b7fa1c8832b8e7c1/gnocchi.308e4140-77a6-436a-8bb5-be31bf6ec2ae/none_v3" 201 - "PUT http://localhost:8080/v1/AUTH_db59a5ced0564b87b7fa1c8832b8e7c1/gnocchi.308e4140-77a6-436a-8bb5-be31bf6ec2ae/none_v3" "tx681c3a4108b04be9a380d-0068e6199c" "proxy-server 21" 0.0108 "-" 23 0
Oct 8 07:58:20 standalone proxy-server[126488]: 172.18.0.2 ::1 08/Oct/2025/07/58/20 PUT /v1/AUTH_db59a5ced0564b87b7fa1c8832b8e7c1/gnocchi.308e4140-77a6-436a-8bb5-be31bf6ec2ae/none_v3 HTTP/1.0 201 - python-swiftclient-3.11.1 gAAAAABo5hjnaGaF... 22 - - tx681c3a4108b04be9a380d-0068e6199c - 0.0158 - - 1759910300.439830303 1759910300.455655098 0
Oct 8 07:58:20 standalone container-server[124343]: 172.20.0.100 - - [08/Oct/2025:07:58:20 +0000] "HEAD /d1/589/AUTH_db59a5ced0564b87b7fa1c8832b8e7c1/gnocchi.57cfaea2-1328-420a-819d-cc17f90d1207" 404 - "HEAD http://localhost:8080/v1/AUTH_db59a5ced0564b87b7fa1c8832b8e7c1/gnocchi.57cfaea2-1328-420a-819d-cc17f90d1207?format=json&states=listing" "tx25e7c26f27a6432c9fea9-0068e6199c" "proxy-server 21" 0.0003 "-" 21 0
Oct 8 07:58:20 standalone object-server[124553]: 172.20.0.100 - - [08/Oct/2025:07:58:20 +0000] "GET /d1/237/AUTH_db59a5ced0564b87b7fa1c8832b8e7c1/gnocchi.57cfaea2-1328-420a-819d-cc17f90d1207/none_v3" 404 70 "GET http://localhost:8080/v1/AUTH_db59a5ced0564b87b7fa1c8832b8e7c1/gnocchi.57cfaea2-1328-420a-819d-cc17f90d1207/none_v3" "tx25e7c26f27a6432c9fea9-0068e6199c" "proxy-server 21" 0.0005 "-" 23 0
Oct 8 07:58:20 standalone proxy-server[126488]: 172.18.0.2 ::1 08/Oct/2025/07/58/20 GET /v1/AUTH_db59a5ced0564b87b7fa1c8832b8e7c1/gnocchi.57cfaea2-1328-420a-819d-cc17f90d1207/none_v3 HTTP/1.0 404 - python-swiftclient-3.11.1 gAAAAABo5hjnaGaF... - 70 - tx25e7c26f27a6432c9fea9-0068e6199c - 0.0082 - - 1759910300.463877678 1759910300.472100973 0
Oct 8 07:58:20 standalone account-server[124222]: 172.20.0.100 - - [08/Oct/2025:07:58:20 +0000] "PUT /d1/642/AUTH_db59a5ced0564b87b7fa1c8832b8e7c1/gnocchi.57cfaea2-1328-420a-819d-cc17f90d1207" 201 - "PUT http://172.20.0.100:6001/d1/589/AUTH_db59a5ced0564b87b7fa1c8832b8e7c1/gnocchi.57cfaea2-1328-420a-819d-cc17f90d1207" "tx5da0753333b14d198cc9c-0068e6199c" "container-server 23" 0.0063 "-" 20 0
Oct 8 07:58:20 standalone container-server[124353]: 172.20.0.100 - - [08/Oct/2025:07:58:20 +0000] "PUT /d1/589/AUTH_db59a5ced0564b87b7fa1c8832b8e7c1/gnocchi.57cfaea2-1328-420a-819d-cc17f90d1207" 201 - "PUT http://localhost:8080/v1/AUTH_db59a5ced0564b87b7fa1c8832b8e7c1/gnocchi.57cfaea2-1328-420a-819d-cc17f90d1207" "tx5da0753333b14d198cc9c-0068e6199c" "proxy-server 21" 0.0189 "-" 23 0
Oct 8 07:58:20 standalone proxy-server[126488]: 172.18.0.2 ::1 08/Oct/2025/07/58/20 PUT /v1/AUTH_db59a5ced0564b87b7fa1c8832b8e7c1/gnocchi.57cfaea2-1328-420a-819d-cc17f90d1207 HTTP/1.0 201 - python-swiftclient-3.11.1 gAAAAABo5hjnaGaF... - - - tx5da0753333b14d198cc9c-0068e6199c - 0.0240 - - 1759910300.474292755 1759910300.498328209 0
Oct 8 07:58:20 standalone container-server[124353]: 172.20.0.100 - - [08/Oct/2025:07:58:20 +0000] "HEAD /d1/589/AUTH_db59a5ced0564b87b7fa1c8832b8e7c1/gnocchi.57cfaea2-1328-420a-819d-cc17f90d1207" 204 - "HEAD http://localhost:8080/v1/AUTH_db59a5ced0564b87b7fa1c8832b8e7c1/gnocchi.57cfaea2-1328-420a-819d-cc17f90d1207?format=json&states=listing" "tx5d91a1c5e3934472b2852-0068e6199c" "proxy-server 21" 0.0021 "-" 23 0
Oct 8 07:58:20 standalone proxy-server[126488]: - - 08/Oct/2025/07/58/20 HEAD /v1/AUTH_db59a5ced0564b87b7fa1c8832b8e7c1/gnocchi.57cfaea2-1328-420a-819d-cc17f90d1207%3Fformat%3Djson%26states%3Dlisting HTTP/1.0 204 - Swift - - - - tx5d91a1c5e3934472b2852-0068e6199c - 0.0051 RL - 1759910300.503697634 1759910300.508815289 0
Oct 8 07:58:20 standalone container-server[124339]: 172.20.0.100 - - [08/Oct/2025:07:58:20 +0000] "GET /d1/589/AUTH_db59a5ced0564b87b7fa1c8832b8e7c1/gnocchi.57cfaea2-1328-420a-819d-cc17f90d1207" 200 2 "GET http://localhost:8080/v1/AUTH_db59a5ced0564b87b7fa1c8832b8e7c1/gnocchi.57cfaea2-1328-420a-819d-cc17f90d1207?format=json&states=listing" "tx5d91a1c5e3934472b2852-0068e6199c" "proxy-server 21" 0.0021 "-" 20 0
Oct 8 07:58:20 standalone proxy-server[126488]: 172.18.0.2 ::1 08/Oct/2025/07/58/20 GET /v1/AUTH_db59a5ced0564b87b7fa1c8832b8e7c1/gnocchi.57cfaea2-1328-420a-819d-cc17f90d1207%3Fformat%3Djson%26states%3Dlisting HTTP/1.0 200 - python-swiftclient-3.11.1 gAAAAABo5hjnaGaF... - 2 - tx5d91a1c5e3934472b2852-0068e6199c - 0.0126 - - 1759910300.502805233 1759910300.515404701 0
Oct 8 07:58:20 standalone object-server[124561]: 172.20.0.100 - - [08/Oct/2025:07:58:20 +0000] "GET /d1/652/AUTH_db59a5ced0564b87b7fa1c8832b8e7c1/gnocchi.57cfaea2-1328-420a-819d-cc17f90d1207/1759320000.0_mean_300.0_v3" 404 70 "GET http://localhost:8080/v1/AUTH_db59a5ced0564b87b7fa1c8832b8e7c1/gnocchi.57cfaea2-1328-420a-819d-cc17f90d1207/1759320000.0_mean_300.0_v3" "txf6b2855b8552405e846d2-0068e6199c" "proxy-server 21" 0.0005 "-" 25 0
Oct 8 07:58:20 standalone proxy-server[126488]: 172.18.0.2 ::1 08/Oct/2025/07/58/20 GET /v1/AUTH_db59a5ced0564b87b7fa1c8832b8e7c1/gnocchi.57cfaea2-1328-420a-819d-cc17f90d1207/1759320000.0_mean_300.0_v3 HTTP/1.0 404 - python-swiftclient-3.11.1 gAAAAABo5hjnaGaF... - 70 - txf6b2855b8552405e846d2-0068e6199c - 0.0051 - - 1759910300.521629333 1759910300.526693106 0
Oct 8 07:58:20 standalone container-server[124350]: 172.20.0.100 - - [08/Oct/2025:07:58:20 +0000] "PUT /d1/589/AUTH_db59a5ced0564b87b7fa1c8832b8e7c1/gnocchi.57cfaea2-1328-420a-819d-cc17f90d1207/1759320000.0_mean_300.0_v3" 201 - "PUT http://localhost:8080/d1/652/AUTH_db59a5ced0564b87b7fa1c8832b8e7c1/gnocchi.57cfaea2-1328-420a-819d-cc17f90d1207/1759320000.0_mean_300.0_v3" "tx2885a9791d4649129ec63-0068e6199c" "object-server 23" 0.0009 "-" 22 0
Oct 8 07:58:20 standalone object-server[124553]: 172.20.0.100 - - [08/Oct/2025:07:58:20 +0000] "PUT /d1/652/AUTH_db59a5ced0564b87b7fa1c8832b8e7c1/gnocchi.57cfaea2-1328-420a-819d-cc17f90d1207/1759320000.0_mean_300.0_v3" 201 - "PUT http://localhost:8080/v1/AUTH_db59a5ced0564b87b7fa1c8832b8e7c1/gnocchi.57cfaea2-1328-420a-819d-cc17f90d1207/1759320000.0_mean_300.0_v3" "tx2885a9791d4649129ec63-0068e6199c" "proxy-server 21" 0.0123 "-" 23 0
Oct 8 07:58:20 standalone proxy-server[126488]: 172.18.0.2 ::1 08/Oct/2025/07/58/20 PUT /v1/AUTH_db59a5ced0564b87b7fa1c8832b8e7c1/gnocchi.57cfaea2-1328-420a-819d-cc17f90d1207/1759320000.0_mean_300.0_v3 HTTP/1.0 201 - python-swiftclient-3.11.1 gAAAAABo5hjnaGaF... 16 - - tx2885a9791d4649129ec63-0068e6199c - 0.0172 - - 1759910300.530886173 1759910300.548057318 0
Oct 8 07:58:20 standalone container-server[124353]: 172.20.0.100 - - [08/Oct/2025:07:58:20 +0000] "PUT /d1/589/AUTH_db59a5ced0564b87b7fa1c8832b8e7c1/gnocchi.57cfaea2-1328-420a-819d-cc17f90d1207/none_v3" 201 - "PUT http://localhost:8080/d1/237/AUTH_db59a5ced0564b87b7fa1c8832b8e7c1/gnocchi.57cfaea2-1328-420a-819d-cc17f90d1207/none_v3" "txe503d48969e6482dbfb88-0068e6199c" "object-server 25" 0.0006 "-" 23 0
Oct 8 07:58:20 standalone object-server[124561]: 172.20.0.100 - - [08/Oct/2025:07:58:20 +0000] "PUT /d1/237/AUTH_db59a5ced0564b87b7fa1c8832b8e7c1/gnocchi.57cfaea2-1328-420a-819d-cc17f90d1207/none_v3" 201 - "PUT http://localhost:8080/v1/AUTH_db59a5ced0564b87b7fa1c8832b8e7c1/gnocchi.57cfaea2-1328-420a-819d-cc17f90d1207/none_v3" "txe503d48969e6482dbfb88-0068e6199c" "proxy-server 21" 0.0116 "-" 25 0
Oct 8 07:58:20 standalone proxy-server[126488]: 172.18.0.2 ::1 08/Oct/2025/07/58/20 PUT /v1/AUTH_db59a5ced0564b87b7fa1c8832b8e7c1/gnocchi.57cfaea2-1328-420a-819d-cc17f90d1207/none_v3 HTTP/1.0 201 - python-swiftclient-3.11.1 gAAAAABo5hjnaGaF... 22 - - txe503d48969e6482dbfb88-0068e6199c - 0.0165 - - 1759910300.552715778 1759910300.569234133 0
Oct 8 07:58:20 standalone container-server[124350]: 172.20.0.100 - - [08/Oct/2025:07:58:20 +0000] "HEAD /d1/878/AUTH_db59a5ced0564b87b7fa1c8832b8e7c1/gnocchi.57f35eaf-c3ff-406a-8d87-a56837c10428" 404 - "HEAD http://localhost:8080/v1/AUTH_db59a5ced0564b87b7fa1c8832b8e7c1/gnocchi.57f35eaf-c3ff-406a-8d87-a56837c10428?format=json&states=listing" "tx35cf283b48d64bb283b08-0068e6199c" "proxy-server 21" 0.0006 "-" 22 0
Oct 8 07:58:20 standalone object-server[124561]: 172.20.0.100 - - [08/Oct/2025:07:58:20 +0000] "GET /d1/678/AUTH_db59a5ced0564b87b7fa1c8832b8e7c1/gnocchi.57f35eaf-c3ff-406a-8d87-a56837c10428/none_v3" 404 70 "GET http://localhost:8080/v1/AUTH_db59a5ced0564b87b7fa1c8832b8e7c1/gnocchi.57f35eaf-c3ff-406a-8d87-a56837c10428/none_v3" "tx35cf283b48d64bb283b08-0068e6199c" "proxy-server 21" 0.0005 "-" 25 0
Oct 8 07:58:20 standalone proxy-server[126488]: 172.18.0.2 ::1 08/Oct/2025/07/58/20 GET /v1/AUTH_db59a5ced0564b87b7fa1c8832b8e7c1/gnocchi.57f35eaf-c3ff-406a-8d87-a56837c10428/none_v3 HTTP/1.0 404 - python-swiftclient-3.11.1 gAAAAABo5hjnaGaF... - 70 - tx35cf283b48d64bb283b08-0068e6199c - 0.0094 - - 1759910300.583438396 1759910300.592826843 0
Oct 8 07:58:20 standalone account-server[124268]: 172.20.0.100 - - [08/Oct/2025:07:58:20 +0000] "PUT /d1/642/AUTH_db59a5ced0564b87b7fa1c8832b8e7c1/gnocchi.57f35eaf-c3ff-406a-8d87-a56837c10428" 201 - "PUT http://172.20.0.100:6001/d1/878/AUTH_db59a5ced0564b87b7fa1c8832b8e7c1/gnocchi.57f35eaf-c3ff-406a-8d87-a56837c10428" "txad69949bd719462894d38-0068e6199c" "container-server 21" 0.0050 "-" 23 0
Oct 8 07:58:20 standalone container-server[124343]: 172.20.0.100 - - [08/Oct/2025:07:58:20 +0000] "PUT /d1/878/AUTH_db59a5ced0564b87b7fa1c8832b8e7c1/gnocchi.57f35eaf-c3ff-406a-8d87-a56837c10428" 201 - "PUT http://localhost:8080/v1/AUTH_db59a5ced0564b87b7fa1c8832b8e7c1/gnocchi.57f35eaf-c3ff-406a-8d87-a56837c10428" "txad69949bd719462894d38-0068e6199c" "proxy-server 21" 0.0129 "-" 21 0
Oct 8 07:58:20 standalone proxy-server[126488]: 172.18.0.2 ::1 08/Oct/2025/07/58/20 PUT /v1/AUTH_db59a5ced0564b87b7fa1c8832b8e7c1/gnocchi.57f35eaf-c3ff-406a-8d87-a56837c10428 HTTP/1.0 201 - python-swiftclient-3.11.1 gAAAAABo5hjnaGaF... - - - txad69949bd719462894d38-0068e6199c - 0.0167 - - 1759910300.596529007 1759910300.613220692 0
Oct 8 07:58:20 standalone container-server[124350]: 172.20.0.100 - - [08/Oct/2025:07:58:20 +0000] "HEAD /d1/878/AUTH_db59a5ced0564b87b7fa1c8832b8e7c1/gnocchi.57f35eaf-c3ff-406a-8d87-a56837c10428" 204 - "HEAD http://localhost:8080/v1/AUTH_db59a5ced0564b87b7fa1c8832b8e7c1/gnocchi.57f35eaf-c3ff-406a-8d87-a56837c10428?format=json&states=listing" "txb27731bb3c5f4901a78dc-0068e6199c" "proxy-server 21" 0.0022 "-" 22 0
Oct 8 07:58:20 standalone proxy-server[126488]: - - 08/Oct/2025/07/58/20 HEAD /v1/AUTH_db59a5ced0564b87b7fa1c8832b8e7c1/gnocchi.57f35eaf-c3ff-406a-8d87-a56837c10428%3Fformat%3Djson%26states%3Dlisting HTTP/1.0 204 - Swift - - - - txb27731bb3c5f4901a78dc-0068e6199c - 0.0053 RL - 1759910300.618667364 1759910300.623952389 0
Oct 8 07:58:20 standalone container-server[124343]: 172.20.0.100 - - [08/Oct/2025:07:58:20 +0000] "GET /d1/878/AUTH_db59a5ced0564b87b7fa1c8832b8e7c1/gnocchi.57f35eaf-c3ff-406a-8d87-a56837c10428" 200 2 "GET http://localhost:8080/v1/AUTH_db59a5ced0564b87b7fa1c8832b8e7c1/gnocchi.57f35eaf-c3ff-406a-8d87-a56837c10428?format=json&states=listing" "txb27731bb3c5f4901a78dc-0068e6199c" "proxy-server 21" 0.0017 "-" 21 0
Oct 8 07:58:20 standalone proxy-server[126488]: 172.18.0.2 ::1 08/Oct/2025/07/58/20 GET /v1/AUTH_db59a5ced0564b87b7fa1c8832b8e7c1/gnocchi.57f35eaf-c3ff-406a-8d87-a56837c10428%3Fformat%3Djson%26states%3Dlisting HTTP/1.0 200 - python-swiftclient-3.11.1 gAAAAABo5hjnaGaF... - 2 - txb27731bb3c5f4901a78dc-0068e6199c - 0.0129 - - 1759910300.617753267 1759910300.630643368 0
Oct 8 07:58:20 standalone object-server[124553]: 172.20.0.100 - - [08/Oct/2025:07:58:20 +0000] "GET /d1/944/AUTH_db59a5ced0564b87b7fa1c8832b8e7c1/gnocchi.57f35eaf-c3ff-406a-8d87-a56837c10428/1759320000.0_mean_300.0_v3" 404 70 "GET http://localhost:8080/v1/AUTH_db59a5ced0564b87b7fa1c8832b8e7c1/gnocchi.57f35eaf-c3ff-406a-8d87-a56837c10428/1759320000.0_mean_300.0_v3" "tx7b344bbd5a4446a992370-0068e6199c" "proxy-server 21" 0.0004 "-" 23 0
Oct 8 07:58:20 standalone proxy-server[126488]: 172.18.0.2 ::1 08/Oct/2025/07/58/20 GET /v1/AUTH_db59a5ced0564b87b7fa1c8832b8e7c1/gnocchi.57f35eaf-c3ff-406a-8d87-a56837c10428/1759320000.0_mean_300.0_v3 HTTP/1.0 404 - python-swiftclient-3.11.1 gAAAAABo5hjnaGaF... - 70 - tx7b344bbd5a4446a992370-0068e6199c - 0.0049 - - 1759910300.636393070 1759910300.641336203 0
Oct 8 07:58:20 standalone container-server[124339]: 172.20.0.100 - - [08/Oct/2025:07:58:20 +0000] "PUT /d1/878/AUTH_db59a5ced0564b87b7fa1c8832b8e7c1/gnocchi.57f35eaf-c3ff-406a-8d87-a56837c10428/1759320000.0_mean_300.0_v3" 201 - "PUT http://localhost:8080/d1/944/AUTH_db59a5ced0564b87b7fa1c8832b8e7c1/gnocchi.57f35eaf-c3ff-406a-8d87-a56837c10428/1759320000.0_mean_300.0_v3" "tx2acf5a58456549f9b381c-0068e6199c" "object-server 23" 0.0005 "-" 20 0
Oct 8 07:58:20 standalone object-server[124553]: 172.20.0.100 - - [08/Oct/2025:07:58:20 +0000] "PUT /d1/944/AUTH_db59a5ced0564b87b7fa1c8832b8e7c1/gnocchi.57f35eaf-c3ff-406a-8d87-a56837c10428/1759320000.0_mean_300.0_v3" 201 - "PUT http://localhost:8080/v1/AUTH_db59a5ced0564b87b7fa1c8832b8e7c1/gnocchi.57f35eaf-c3ff-406a-8d87-a56837c10428/1759320000.0_mean_300.0_v3" "tx2acf5a58456549f9b381c-0068e6199c" "proxy-server 21" 0.0088 "-" 23 0
Oct 8 07:58:20 standalone proxy-server[126488]: 172.18.0.2 ::1 08/Oct/2025/07/58/20 PUT /v1/AUTH_db59a5ced0564b87b7fa1c8832b8e7c1/gnocchi.57f35eaf-c3ff-406a-8d87-a56837c10428/1759320000.0_mean_300.0_v3 HTTP/1.0 201 - python-swiftclient-3.11.1 gAAAAABo5hjnaGaF... 16 - - tx2acf5a58456549f9b381c-0068e6199c - 0.0136 - - 1759910300.651834011 1759910300.665403128 0
Oct 8 07:58:20 standalone container-server[124353]: 172.20.0.100 - - [08/Oct/2025:07:58:20 +0000] "PUT /d1/878/AUTH_db59a5ced0564b87b7fa1c8832b8e7c1/gnocchi.57f35eaf-c3ff-406a-8d87-a56837c10428/none_v3" 201 - "PUT http://localhost:8080/d1/678/AUTH_db59a5ced0564b87b7fa1c8832b8e7c1/gnocchi.57f35eaf-c3ff-406a-8d87-a56837c10428/none_v3" "tx3192da39d4c4451ea47c5-0068e6199c" "object-server 23" 0.0005 "-" 23 0
Oct 8 07:58:20 standalone object-server[124553]: 172.20.0.100 - - [08/Oct/2025:07:58:20 +0000] "PUT /d1/678/AUTH_db59a5ced0564b87b7fa1c8832b8e7c1/gnocchi.57f35eaf-c3ff-406a-8d87-a56837c10428/none_v3" 201 - "PUT http://localhost:8080/v1/AUTH_db59a5ced0564b87b7fa1c8832b8e7c1/gnocchi.57f35eaf-c3ff-406a-8d87-a56837c10428/none_v3" "tx3192da39d4c4451ea47c5-0068e6199c" "proxy-server 21" 0.0093 "-" 23 0
Oct 8 07:58:20 standalone proxy-server[126488]: 172.18.0.2 ::1 08/Oct/2025/07/58/20 PUT /v1/AUTH_db59a5ced0564b87b7fa1c8832b8e7c1/gnocchi.57f35eaf-c3ff-406a-8d87-a56837c10428/none_v3 HTTP/1.0 201 - python-swiftclient-3.11.1 gAAAAABo5hjnaGaF... 22 - - tx3192da39d4c4451ea47c5-0068e6199c - 0.0172 - - 1759910300.669384956 1759910300.686568260 0
Oct 8 07:58:20 standalone container-server[124353]: 172.20.0.100 - - [08/Oct/2025:07:58:20 +0000] "HEAD /d1/665/AUTH_db59a5ced0564b87b7fa1c8832b8e7c1/gnocchi.4bbc368b-8281-4473-8c65-7f6bde66dc9c" 404 - "HEAD http://localhost:8080/v1/AUTH_db59a5ced0564b87b7fa1c8832b8e7c1/gnocchi.4bbc368b-8281-4473-8c65-7f6bde66dc9c?format=json&states=listing" "tx2fb0bc2ce58d4fc2a2104-0068e6199c" "proxy-server 21" 0.0006 "-" 23 0
Oct 8 07:58:20 standalone object-server[124549]: 172.20.0.100 - - [08/Oct/2025:07:58:20 +0000] "GET /d1/706/AUTH_db59a5ced0564b87b7fa1c8832b8e7c1/gnocchi.4bbc368b-8281-4473-8c65-7f6bde66dc9c/none_v3" 404 70 "GET http://localhost:8080/v1/AUTH_db59a5ced0564b87b7fa1c8832b8e7c1/gnocchi.4bbc368b-8281-4473-8c65-7f6bde66dc9c/none_v3" "tx2fb0bc2ce58d4fc2a2104-0068e6199c" "proxy-server 21" 0.0005 "-" 22 0
Oct 8 07:58:20 standalone proxy-server[126488]: 172.18.0.2 ::1 08/Oct/2025/07/58/20 GET /v1/AUTH_db59a5ced0564b87b7fa1c8832b8e7c1/gnocchi.4bbc368b-8281-4473-8c65-7f6bde66dc9c/none_v3 HTTP/1.0 404 - python-swiftclient-3.11.1 gAAAAABo5hjnaGaF... - 70 - tx2fb0bc2ce58d4fc2a2104-0068e6199c - 0.0093 - - 1759910300.700733185 1759910300.710070610 0
Oct 8 07:58:20 standalone account-server[124222]: 172.20.0.100 - - [08/Oct/2025:07:58:20 +0000] "PUT /d1/642/AUTH_db59a5ced0564b87b7fa1c8832b8e7c1/gnocchi.4bbc368b-8281-4473-8c65-7f6bde66dc9c" 201 - "PUT http://172.20.0.100:6001/d1/665/AUTH_db59a5ced0564b87b7fa1c8832b8e7c1/gnocchi.4bbc368b-8281-4473-8c65-7f6bde66dc9c" "tx5f32460690e1498390566-0068e6199c" "container-server 20" 0.0070 "-" 20 0
Oct 8 07:58:20 standalone container-server[124339]: 172.20.0.100 - - [08/Oct/2025:07:58:20 +0000] "PUT /d1/665/AUTH_db59a5ced0564b87b7fa1c8832b8e7c1/gnocchi.4bbc368b-8281-4473-8c65-7f6bde66dc9c" 201 - "PUT http://localhost:8080/v1/AUTH_db59a5ced0564b87b7fa1c8832b8e7c1/gnocchi.4bbc368b-8281-4473-8c65-7f6bde66dc9c" "tx5f32460690e1498390566-0068e6199c" "proxy-server 21" 0.0164 "-" 20 0
Oct 8 07:58:20 standalone proxy-server[126488]: 172.18.0.2 ::1 08/Oct/2025/07/58/20 PUT /v1/AUTH_db59a5ced0564b87b7fa1c8832b8e7c1/gnocchi.4bbc368b-8281-4473-8c65-7f6bde66dc9c HTTP/1.0 201 - python-swiftclient-3.11.1 gAAAAABo5hjnaGaF... - - - tx5f32460690e1498390566-0068e6199c - 0.0202 - - 1759910300.713687897 1759910300.733894587 0
Oct 8 07:58:20 standalone container-server[124339]: 172.20.0.100 - - [08/Oct/2025:07:58:20 +0000] "HEAD /d1/665/AUTH_db59a5ced0564b87b7fa1c8832b8e7c1/gnocchi.4bbc368b-8281-4473-8c65-7f6bde66dc9c" 204 - "HEAD http://localhost:8080/v1/AUTH_db59a5ced0564b87b7fa1c8832b8e7c1/gnocchi.4bbc368b-8281-4473-8c65-7f6bde66dc9c?format=json&states=listing" "txf8a10e7039634715b3c4d-0068e6199c" "proxy-server 21" 0.0011 "-" 20 0
Oct 8 07:58:20 standalone proxy-server[126488]: - - 08/Oct/2025/07/58/20 HEAD /v1/AUTH_db59a5ced0564b87b7fa1c8832b8e7c1/gnocchi.4bbc368b-8281-4473-8c65-7f6bde66dc9c%3Fformat%3Djson%26states%3Dlisting HTTP/1.0 204 - Swift - - - - txf8a10e7039634715b3c4d-0068e6199c - 0.0034 RL - 1759910300.739917040 1759910300.743337870 0
Oct 8 07:58:20 standalone container-server[124353]: 172.20.0.100 - - [08/Oct/2025:07:58:20 +0000] "GET /d1/665/AUTH_db59a5ced0564b87b7fa1c8832b8e7c1/gnocchi.4bbc368b-8281-4473-8c65-7f6bde66dc9c" 200 2 "GET http://localhost:8080/v1/AUTH_db59a5ced0564b87b7fa1c8832b8e7c1/gnocchi.4bbc368b-8281-4473-8c65-7f6bde66dc9c?format=json&states=listing" "txf8a10e7039634715b3c4d-0068e6199c" "proxy-server 21" 0.0046 "-" 23 0
Oct 8 07:58:20 standalone proxy-server[126488]: 172.18.0.2 ::1 08/Oct/2025/07/58/20 GET /v1/AUTH_db59a5ced0564b87b7fa1c8832b8e7c1/gnocchi.4bbc368b-8281-4473-8c65-7f6bde66dc9c%3Fformat%3Djson%26states%3Dlisting HTTP/1.0 200 - python-swiftclient-3.11.1 gAAAAABo5hjnaGaF... - 2 - txf8a10e7039634715b3c4d-0068e6199c - 0.0145 - - 1759910300.739077568 1759910300.753599644 0
Oct 8 07:58:20 standalone object-server[124549]: 172.20.0.100 - - [08/Oct/2025:07:58:20 +0000] "GET /d1/473/AUTH_db59a5ced0564b87b7fa1c8832b8e7c1/gnocchi.4bbc368b-8281-4473-8c65-7f6bde66dc9c/1759320000.0_mean_300.0_v3" 404 70 "GET http://localhost:8080/v1/AUTH_db59a5ced0564b87b7fa1c8832b8e7c1/gnocchi.4bbc368b-8281-4473-8c65-7f6bde66dc9c/1759320000.0_mean_300.0_v3" "tx1933362d9415488ea931b-0068e6199c" "proxy-server 21" 0.0005 "-" 22 0
Oct 8 07:58:20 standalone proxy-server[126488]: 172.18.0.2 ::1 08/Oct/2025/07/58/20 GET /v1/AUTH_db59a5ced0564b87b7fa1c8832b8e7c1/gnocchi.4bbc368b-8281-4473-8c65-7f6bde66dc9c/1759320000.0_mean_300.0_v3 HTTP/1.0 404 - python-swiftclient-3.11.1 gAAAAABo5hjnaGaF... - 70 - tx1933362d9415488ea931b-0068e6199c - 0.0054 - - 1759910300.758202076 1759910300.763639927 0
Oct 8 07:58:20 standalone container-server[124343]: 172.20.0.100 - - [08/Oct/2025:07:58:20 +0000] "PUT /d1/665/AUTH_db59a5ced0564b87b7fa1c8832b8e7c1/gnocchi.4bbc368b-8281-4473-8c65-7f6bde66dc9c/1759320000.0_mean_300.0_v3" 201 - "PUT http://localhost:8080/d1/473/AUTH_db59a5ced0564b87b7fa1c8832b8e7c1/gnocchi.4bbc368b-8281-4473-8c65-7f6bde66dc9c/1759320000.0_mean_300.0_v3" "tx7804e288171546369d564-0068e6199c" "object-server 24" 0.0010 "-" 21 0
Oct 8 07:58:20 standalone object-server[124555]: 172.20.0.100 - - [08/Oct/2025:07:58:20 +0000] "PUT /d1/473/AUTH_db59a5ced0564b87b7fa1c8832b8e7c1/gnocchi.4bbc368b-8281-4473-8c65-7f6bde66dc9c/1759320000.0_mean_300.0_v3" 201 - "PUT http://localhost:8080/v1/AUTH_db59a5ced0564b87b7fa1c8832b8e7c1/gnocchi.4bbc368b-8281-4473-8c65-7f6bde66dc9c/1759320000.0_mean_300.0_v3" "tx7804e288171546369d564-0068e6199c" "proxy-server 21" 0.0119 "-" 24 0
Oct 8 07:58:20 standalone proxy-server[126488]: 172.18.0.2 ::1 08/Oct/2025/07/58/20 PUT /v1/AUTH_db59a5ced0564b87b7fa1c8832b8e7c1/gnocchi.4bbc368b-8281-4473-8c65-7f6bde66dc9c/1759320000.0_mean_300.0_v3 HTTP/1.0 201 - python-swiftclient-3.11.1 gAAAAABo5hjnaGaF... 16 - - tx7804e288171546369d564-0068e6199c - 0.0180 - - 1759910300.769449234 1759910300.787492514 0
Oct 8 07:58:20 standalone container-server[124339]: 172.20.0.100 - - [08/Oct/2025:07:58:20 +0000] "PUT /d1/665/AUTH_db59a5ced0564b87b7fa1c8832b8e7c1/gnocchi.4bbc368b-8281-4473-8c65-7f6bde66dc9c/none_v3" 201 - "PUT http://localhost:8080/d1/706/AUTH_db59a5ced0564b87b7fa1c8832b8e7c1/gnocchi.4bbc368b-8281-4473-8c65-7f6bde66dc9c/none_v3" "tx1c2938831f9e4af8a4934-0068e6199c" "object-server 25" 0.0008 "-" 20 0
Oct 8 07:58:20 standalone object-server[124561]: 172.20.0.100 - - [08/Oct/2025:07:58:20 +0000] "PUT /d1/706/AUTH_db59a5ced0564b87b7fa1c8832b8e7c1/gnocchi.4bbc368b-8281-4473-8c65-7f6bde66dc9c/none_v3" 201 - "PUT http://localhost:8080/v1/AUTH_db59a5ced0564b87b7fa1c8832b8e7c1/gnocchi.4bbc368b-8281-4473-8c65-7f6bde66dc9c/none_v3" "tx1c2938831f9e4af8a4934-0068e6199c" "proxy-server 21" 0.0115 "-" 25 0
Oct 8 07:58:20 standalone proxy-server[126488]: 172.18.0.2 ::1 08/Oct/2025/07/58/20 PUT /v1/AUTH_db59a5ced0564b87b7fa1c8832b8e7c1/gnocchi.4bbc368b-8281-4473-8c65-7f6bde66dc9c/none_v3 HTTP/1.0 201 - python-swiftclient-3.11.1 gAAAAABo5hjnaGaF... 22 - - tx1c2938831f9e4af8a4934-0068e6199c - 0.0207 - - 1759910300.792410374 1759910300.813117743 0
Oct 8 07:58:20 standalone container-server[124343]: 172.20.0.100 - - [08/Oct/2025:07:58:20 +0000] "HEAD /d1/466/AUTH_db59a5ced0564b87b7fa1c8832b8e7c1/gnocchi.ab361647-de50-4cdb-863d-b7c8b01c3230" 404 - "HEAD http://localhost:8080/v1/AUTH_db59a5ced0564b87b7fa1c8832b8e7c1/gnocchi.ab361647-de50-4cdb-863d-b7c8b01c3230?format=json&states=listing" "tx6a78ad362ab74b0592a55-0068e6199c" "proxy-server 21" 0.0007 "-" 21 0
Oct 8 07:58:20 standalone object-server[124553]: 172.20.0.100 - - [08/Oct/2025:07:58:20 +0000] "GET /d1/220/AUTH_db59a5ced0564b87b7fa1c8832b8e7c1/gnocchi.ab361647-de50-4cdb-863d-b7c8b01c3230/none_v3" 404 70 "GET http://localhost:8080/v1/AUTH_db59a5ced0564b87b7fa1c8832b8e7c1/gnocchi.ab361647-de50-4cdb-863d-b7c8b01c3230/none_v3" "tx6a78ad362ab74b0592a55-0068e6199c" "proxy-server 21" 0.0005 "-" 23 0
Oct 8 07:58:20 standalone proxy-server[126488]: 172.18.0.2 ::1 08/Oct/2025/07/58/20 GET /v1/AUTH_db59a5ced0564b87b7fa1c8832b8e7c1/gnocchi.ab361647-de50-4cdb-863d-b7c8b01c3230/none_v3 HTTP/1.0 404 - python-swiftclient-3.11.1 gAAAAABo5hjnaGaF... - 70 - tx6a78ad362ab74b0592a55-0068e6199c - 0.0114 - - 1759910300.828193903 1759910300.839628458 0
Oct 8 07:58:20 standalone account-server[124247]: 172.20.0.100 - - [08/Oct/2025:07:58:20 +0000] "PUT /d1/642/AUTH_db59a5ced0564b87b7fa1c8832b8e7c1/gnocchi.ab361647-de50-4cdb-863d-b7c8b01c3230" 201 - "PUT http://172.20.0.100:6001/d1/466/AUTH_db59a5ced0564b87b7fa1c8832b8e7c1/gnocchi.ab361647-de50-4cdb-863d-b7c8b01c3230" "txb6dc8335de9f4e59b3f95-0068e6199c" "container-server 23" 0.0054 "-" 22 0
Oct 8 07:58:20 standalone container-server[124353]: 172.20.0.100 - - [08/Oct/2025:07:58:20 +0000] "PUT /d1/466/AUTH_db59a5ced0564b87b7fa1c8832b8e7c1/gnocchi.ab361647-de50-4cdb-863d-b7c8b01c3230" 201 - "PUT http://localhost:8080/v1/AUTH_db59a5ced0564b87b7fa1c8832b8e7c1/gnocchi.ab361647-de50-4cdb-863d-b7c8b01c3230" "txb6dc8335de9f4e59b3f95-0068e6199c" "proxy-server 21" 0.0176 "-" 23 0
Oct 8 07:58:20 standalone proxy-server[126488]: 172.18.0.2 ::1 08/Oct/2025/07/58/20 PUT /v1/AUTH_db59a5ced0564b87b7fa1c8832b8e7c1/gnocchi.ab361647-de50-4cdb-863d-b7c8b01c3230 HTTP/1.0 201 - python-swiftclient-3.11.1 gAAAAABo5hjnaGaF... - - - txb6dc8335de9f4e59b3f95-0068e6199c - 0.0230 - - 1759910300.845332384 1759910300.868306875 0
Oct 8 07:58:20 standalone container-server[124339]: 172.20.0.100 - - [08/Oct/2025:07:58:20 +0000] "HEAD /d1/466/AUTH_db59a5ced0564b87b7fa1c8832b8e7c1/gnocchi.ab361647-de50-4cdb-863d-b7c8b01c3230" 204 - "HEAD http://localhost:8080/v1/AUTH_db59a5ced0564b87b7fa1c8832b8e7c1/gnocchi.ab361647-de50-4cdb-863d-b7c8b01c3230?format=json&states=listing" "tx10442ea328bf48f6b2e39-0068e6199c" "proxy-server 21" 0.0021 "-" 20 0
Oct 8 07:58:20 standalone proxy-server[126488]: - - 08/Oct/2025/07/58/20 HEAD /v1/AUTH_db59a5ced0564b87b7fa1c8832b8e7c1/gnocchi.ab361647-de50-4cdb-863d-b7c8b01c3230%3Fformat%3Djson%26states%3Dlisting HTTP/1.0 204 - Swift - - - - tx10442ea328bf48f6b2e39-0068e6199c - 0.0060 RL - 1759910300.875147343 1759910300.881140232 0
Oct 8 07:58:20 standalone container-server[124353]: 172.20.0.100 - - [08/Oct/2025:07:58:20 +0000] "GET /d1/466/AUTH_db59a5ced0564b87b7fa1c8832b8e7c1/gnocchi.ab361647-de50-4cdb-863d-b7c8b01c3230" 200 2 "GET http://localhost:8080/v1/AUTH_db59a5ced0564b87b7fa1c8832b8e7c1/gnocchi.ab361647-de50-4cdb-863d-b7c8b01c3230?format=json&states=listing" "tx10442ea328bf48f6b2e39-0068e6199c" "proxy-server 21" 0.0034 "-" 23 0
Oct 8 07:58:20 standalone proxy-server[126488]: 172.18.0.2 ::1 08/Oct/2025/07/58/20 GET /v1/AUTH_db59a5ced0564b87b7fa1c8832b8e7c1/gnocchi.ab361647-de50-4cdb-863d-b7c8b01c3230%3Fformat%3Djson%26states%3Dlisting HTTP/1.0 200 - python-swiftclient-3.11.1 gAAAAABo5hjnaGaF... - 2 - tx10442ea328bf48f6b2e39-0068e6199c - 0.0166 - - 1759910300.874111891 1759910300.890747786 0
Oct 8 07:58:20 standalone object-server[124555]: 172.20.0.100 - - [08/Oct/2025:07:58:20 +0000] "GET /d1/592/AUTH_db59a5ced0564b87b7fa1c8832b8e7c1/gnocchi.ab361647-de50-4cdb-863d-b7c8b01c3230/1759320000.0_mean_300.0_v3" 404 70 "GET http://localhost:8080/v1/AUTH_db59a5ced0564b87b7fa1c8832b8e7c1/gnocchi.ab361647-de50-4cdb-863d-b7c8b01c3230/1759320000.0_mean_300.0_v3" "txf7468392642a49a29b25a-0068e6199c" "proxy-server 21" 0.0005 "-" 24 0
Oct 8 07:58:20 standalone proxy-server[126488]: 172.18.0.2 ::1 08/Oct/2025/07/58/20 GET /v1/AUTH_db59a5ced0564b87b7fa1c8832b8e7c1/gnocchi.ab361647-de50-4cdb-863d-b7c8b01c3230/1759320000.0_mean_300.0_v3 HTTP/1.0 404 - python-swiftclient-3.11.1 gAAAAABo5hjnaGaF... - 70 - txf7468392642a49a29b25a-0068e6199c - 0.0059 - - 1759910300.895933628 1759910300.901803017 0
Oct 8 07:58:20 standalone container-server[124343]: 172.20.0.100 - - [08/Oct/2025:07:58:20 +0000] "PUT /d1/466/AUTH_db59a5ced0564b87b7fa1c8832b8e7c1/gnocchi.ab361647-de50-4cdb-863d-b7c8b01c3230/1759320000.0_mean_300.0_v3" 201 - "PUT http://localhost:8080/d1/592/AUTH_db59a5ced0564b87b7fa1c8832b8e7c1/gnocchi.ab361647-de50-4cdb-863d-b7c8b01c3230/1759320000.0_mean_300.0_v3" "tx68ea8583f06a4aa689c76-0068e6199c" "object-server 24" 0.0008 "-" 21 0
Oct 8 07:58:20 standalone object-server[124555]: 172.20.0.100 - - [08/Oct/2025:07:58:20 +0000] "PUT /d1/592/AUTH_db59a5ced0564b87b7fa1c8832b8e7c1/gnocchi.ab361647-de50-4cdb-863d-b7c8b01c3230/1759320000.0_mean_300.0_v3" 201 - "PUT http://localhost:8080/v1/AUTH_db59a5ced0564b87b7fa1c8832b8e7c1/gnocchi.ab361647-de50-4cdb-863d-b7c8b01c3230/1759320000.0_mean_300.0_v3" "tx68ea8583f06a4aa689c76-0068e6199c" "proxy-server 21" 0.0114 "-" 24 0
Oct 8 07:58:20 standalone proxy-server[126488]: 172.18.0.2 ::1 08/Oct/2025/07/58/20 PUT /v1/AUTH_db59a5ced0564b87b7fa1c8832b8e7c1/gnocchi.ab361647-de50-4cdb-863d-b7c8b01c3230/1759320000.0_mean_300.0_v3 HTTP/1.0 201 - python-swiftclient-3.11.1 gAAAAABo5hjnaGaF... 16 - - tx68ea8583f06a4aa689c76-0068e6199c - 0.0167 - - 1759910300.905943155 1759910300.922596931 0
Oct 8 07:58:20 standalone container-server[124339]: 172.20.0.100 - - [08/Oct/2025:07:58:20 +0000] "PUT /d1/466/AUTH_db59a5ced0564b87b7fa1c8832b8e7c1/gnocchi.ab361647-de50-4cdb-863d-b7c8b01c3230/none_v3" 201 - "PUT http://localhost:8080/d1/220/AUTH_db59a5ced0564b87b7fa1c8832b8e7c1/gnocchi.ab361647-de50-4cdb-863d-b7c8b01c3230/none_v3" "txf3ab3aa2fdd94f64bc0cc-0068e6199c" "object-server 22" 0.0009 "-" 20 0
Oct 8 07:58:20 standalone object-server[124549]: 172.20.0.100 - - [08/Oct/2025:07:58:20 +0000] "PUT /d1/220/AUTH_db59a5ced0564b87b7fa1c8832b8e7c1/gnocchi.ab361647-de50-4cdb-863d-b7c8b01c3230/none_v3" 201 - "PUT http://localhost:8080/v1/AUTH_db59a5ced0564b87b7fa1c8832b8e7c1/gnocchi.ab361647-de50-4cdb-863d-b7c8b01c3230/none_v3" "txf3ab3aa2fdd94f64bc0cc-0068e6199c" "proxy-server 21" 0.0116 "-" 22 0
Oct 8 07:58:20 standalone proxy-server[126488]: 172.18.0.2 ::1 08/Oct/2025/07/58/20 PUT /v1/AUTH_db59a5ced0564b87b7fa1c8832b8e7c1/gnocchi.ab361647-de50-4cdb-863d-b7c8b01c3230/none_v3 HTTP/1.0 201 - python-swiftclient-3.11.1 gAAAAABo5hjnaGaF... 22 - - txf3ab3aa2fdd94f64bc0cc-0068e6199c - 0.0174 - - 1759910300.926707268 1759910300.944107533 0
