Nov 25 13:14:55.744167 np0005535648.novalocal sudo[140510]: stack : PWD=/ ; USER=root ; COMMAND=/usr/local/bin/cinder-rootwrap /etc/cinder/rootwrap.conf env LC_ALL=C lvs --noheadings --unit=g -o vg_name,name,size --nosuffix --readonly stack-volumes-lvmdriver-1
Nov 25 13:14:56.154556 np0005535648.novalocal cinder-volume[108227]: DEBUG oslo_concurrency.processutils [None req-491d5d4d-6bd8-4c69-b30c-e3f1a50de9da tempest-VolumesListTestJSON-1844525341 None] CMD "sudo cinder-rootwrap /etc/cinder/rootwrap.conf env LC_ALL=C lvs --noheadings --unit=g -o vg_name,name,size --nosuffix --readonly stack-volumes-lvmdriver-1" returned: 0 in 0.430s {{(pid=108227) execute /usr/local/lib/python3.12/site-packages/oslo_concurrency/processutils.py:372}}
Nov 25 13:14:56.154556 np0005535648.novalocal cinder-volume[108227]: DEBUG oslo_concurrency.processutils [None req-491d5d4d-6bd8-4c69-b30c-e3f1a50de9da tempest-VolumesListTestJSON-1844525341 None] Running cmd (subprocess): sudo cinder-rootwrap /etc/cinder/rootwrap.conf env LC_ALL=C lvs --noheadings --unit=g -o size,data_percent --separator : --nosuffix /dev/stack-volumes-lvmdriver-1/stack-volumes-lvmdriver-1-pool {{(pid=108227) execute /usr/local/lib/python3.12/site-packages/oslo_concurrency/processutils.py:349}}
Nov 25 13:14:56.184646 np0005535648.novalocal sudo[140521]: stack : PWD=/ ; USER=root ; COMMAND=/usr/local/bin/cinder-rootwrap /etc/cinder/rootwrap.conf env LC_ALL=C lvs --noheadings --unit=g -o size,data_percent --separator : --nosuffix /dev/stack-volumes-lvmdriver-1/stack-volumes-lvmdriver-1-pool
Nov 25 13:14:56.322570 np0005535648.novalocal cinder-volume[108227]: DEBUG cinder.coordination [None req-a63e5bee-1cfa-4efe-9f37-d5b53236bbb0 tempest-VolumesListTestJSON-1844525341 None] Acquiring lock "cinder-0e7a5231-05ee-41cb-9a95-76421eac50d1-delete_volume" by "delete_volume" {{(pid=108227) __acquire /opt/stack/cinder/cinder/coordination.py:143}}
Nov 25 13:14:56.332444 np0005535648.novalocal cinder-volume[108227]: DEBUG cinder.coordination [None req-a63e5bee-1cfa-4efe-9f37-d5b53236bbb0 tempest-VolumesListTestJSON-1844525341 None] Lock "cinder-0e7a5231-05ee-41cb-9a95-76421eac50d1-delete_volume" acquired by "delete_volume" :: waited 0.010s {{(pid=108227) __acquire /opt/stack/cinder/cinder/coordination.py:146}}
Nov 25 13:14:56.371111 np0005535648.novalocal cinder-volume[108227]: INFO cinder.volume.targets.iscsi [None req-a63e5bee-1cfa-4efe-9f37-d5b53236bbb0 tempest-VolumesListTestJSON-1844525341 None] Skipping remove_export. No iscsi_target is presently exported for volume: 0e7a5231-05ee-41cb-9a95-76421eac50d1
Nov 25 13:14:56.374390 np0005535648.novalocal cinder-volume[108227]: DEBUG oslo_concurrency.processutils [None req-a63e5bee-1cfa-4efe-9f37-d5b53236bbb0 tempest-VolumesListTestJSON-1844525341 None] Running cmd (subprocess): sudo cinder-rootwrap /etc/cinder/rootwrap.conf env LC_ALL=C lvs --noheadings --unit=g -o vg_name,name,size --nosuffix --readonly stack-volumes-lvmdriver-1/volume-0e7a5231-05ee-41cb-9a95-76421eac50d1 {{(pid=108227) execute /usr/local/lib/python3.12/site-packages/oslo_concurrency/processutils.py:349}}
Nov 25 13:14:56.401710 np0005535648.novalocal sudo[140524]: stack : PWD=/ ; USER=root ; COMMAND=/usr/local/bin/cinder-rootwrap /etc/cinder/rootwrap.conf env LC_ALL=C lvs --noheadings --unit=g -o vg_name,name,size --nosuffix --readonly stack-volumes-lvmdriver-1/volume-0e7a5231-05ee-41cb-9a95-76421eac50d1
Nov 25 13:14:56.598577 np0005535648.novalocal cinder-volume[108227]: DEBUG oslo_concurrency.processutils [None req-491d5d4d-6bd8-4c69-b30c-e3f1a50de9da tempest-VolumesListTestJSON-1844525341 None] CMD "sudo cinder-rootwrap /etc/cinder/rootwrap.conf env LC_ALL=C lvs --noheadings --unit=g -o size,data_percent --separator : --nosuffix /dev/stack-volumes-lvmdriver-1/stack-volumes-lvmdriver-1-pool" returned: 0 in 0.445s {{(pid=108227) execute /usr/local/lib/python3.12/site-packages/oslo_concurrency/processutils.py:372}}
Nov 25 13:14:56.598966 np0005535648.novalocal cinder-volume[108227]: DEBUG oslo_concurrency.processutils [None req-491d5d4d-6bd8-4c69-b30c-e3f1a50de9da tempest-VolumesListTestJSON-1844525341 None] Running cmd (subprocess): sudo cinder-rootwrap /etc/cinder/rootwrap.conf env LC_ALL=C lvs --noheadings --unit=g -o vg_name,name,size --nosuffix --readonly stack-volumes-lvmdriver-1 {{(pid=108227) execute /usr/local/lib/python3.12/site-packages/oslo_concurrency/processutils.py:349}}
Nov 25 13:14:56.614097 np0005535648.novalocal sudo[140529]: stack : PWD=/ ; USER=root ; COMMAND=/usr/local/bin/cinder-rootwrap /etc/cinder/rootwrap.conf env LC_ALL=C lvs --noheadings --unit=g -o vg_name,name,size --nosuffix --readonly stack-volumes-lvmdriver-1
Nov 25 13:14:56.782730 np0005535648.novalocal cinder-volume[108227]: DEBUG oslo_concurrency.processutils [None req-a63e5bee-1cfa-4efe-9f37-d5b53236bbb0 tempest-VolumesListTestJSON-1844525341 None] CMD "sudo cinder-rootwrap /etc/cinder/rootwrap.conf env LC_ALL=C lvs --noheadings --unit=g -o vg_name,name,size --nosuffix --readonly stack-volumes-lvmdriver-1/volume-0e7a5231-05ee-41cb-9a95-76421eac50d1" returned: 0 in 0.409s {{(pid=108227) execute /usr/local/lib/python3.12/site-packages/oslo_concurrency/processutils.py:372}}
Nov 25 13:14:56.783024 np0005535648.novalocal cinder-volume[108227]: DEBUG oslo_concurrency.processutils [None req-a63e5bee-1cfa-4efe-9f37-d5b53236bbb0 tempest-VolumesListTestJSON-1844525341 None] Running cmd (subprocess): sudo cinder-rootwrap /etc/cinder/rootwrap.conf env LC_ALL=C lvdisplay --noheading -C -o Attr --readonly stack-volumes-lvmdriver-1/volume-0e7a5231-05ee-41cb-9a95-76421eac50d1 {{(pid=108227) execute /usr/local/lib/python3.12/site-packages/oslo_concurrency/processutils.py:349}}
Nov 25 13:14:56.806456 np0005535648.novalocal sudo[140534]: stack : PWD=/ ; USER=root ; COMMAND=/usr/local/bin/cinder-rootwrap /etc/cinder/rootwrap.conf env LC_ALL=C lvdisplay --noheading -C -o Attr --readonly stack-volumes-lvmdriver-1/volume-0e7a5231-05ee-41cb-9a95-76421eac50d1
Nov 25 13:14:56.964254 np0005535648.novalocal cinder-volume[108227]: DEBUG oslo_concurrency.processutils [None req-491d5d4d-6bd8-4c69-b30c-e3f1a50de9da tempest-VolumesListTestJSON-1844525341 None] CMD "sudo cinder-rootwrap /etc/cinder/rootwrap.conf env LC_ALL=C lvs --noheadings --unit=g -o vg_name,name,size --nosuffix --readonly stack-volumes-lvmdriver-1" returned: 0 in 0.365s {{(pid=108227) execute /usr/local/lib/python3.12/site-packages/oslo_concurrency/processutils.py:372}}
Nov 25 13:14:56.965971 np0005535648.novalocal cinder-volume[108227]: DEBUG cinder.manager [None req-491d5d4d-6bd8-4c69-b30c-e3f1a50de9da tempest-VolumesListTestJSON-1844525341 None] Notifying Schedulers of capabilities ... {{(pid=108227) _publish_service_capabilities /opt/stack/cinder/cinder/manager.py:202}}
Nov 25 13:14:56.970067 np0005535648.novalocal cinder-volume[108227]: INFO cinder.volume.manager [None req-491d5d4d-6bd8-4c69-b30c-e3f1a50de9da tempest-VolumesListTestJSON-1844525341 None] Deleted volume successfully.
Nov 25 13:14:56.985998 np0005535648.novalocal cinder-volume[108227]: DEBUG cinder.coordination [None req-491d5d4d-6bd8-4c69-b30c-e3f1a50de9da tempest-VolumesListTestJSON-1844525341 None] Lock "cinder-3248dcef-3e0d-415d-95e0-2043fc97c75e-delete_volume" released by "delete_volume" :: held 2.903s {{(pid=108227) __release /opt/stack/cinder/cinder/coordination.py:157}}
Nov 25 13:14:57.146089 np0005535648.novalocal cinder-volume[108227]: DEBUG oslo_concurrency.processutils [None req-a63e5bee-1cfa-4efe-9f37-d5b53236bbb0 tempest-VolumesListTestJSON-1844525341 None] CMD "sudo cinder-rootwrap /etc/cinder/rootwrap.conf env LC_ALL=C lvdisplay --noheading -C -o Attr --readonly stack-volumes-lvmdriver-1/volume-0e7a5231-05ee-41cb-9a95-76421eac50d1" returned: 0 in 0.363s {{(pid=108227) execute /usr/local/lib/python3.12/site-packages/oslo_concurrency/processutils.py:372}}
Nov 25 13:14:57.147675 np0005535648.novalocal cinder-volume[108227]: DEBUG oslo_concurrency.processutils [None req-a63e5bee-1cfa-4efe-9f37-d5b53236bbb0 tempest-VolumesListTestJSON-1844525341 None] Running cmd (subprocess): sudo cinder-rootwrap /etc/cinder/rootwrap.conf lvremove --config activation { retry_deactivation = 1} -f stack-volumes-lvmdriver-1/volume-0e7a5231-05ee-41cb-9a95-76421eac50d1 {{(pid=108227) execute /usr/local/lib/python3.12/site-packages/oslo_concurrency/processutils.py:349}}
Nov 25 13:14:57.164937 np0005535648.novalocal sudo[140544]: stack : PWD=/ ; USER=root ; COMMAND=/usr/local/bin/cinder-rootwrap /etc/cinder/rootwrap.conf lvremove --config 'activation { retry_deactivation = 1} ' -f stack-volumes-lvmdriver-1/volume-0e7a5231-05ee-41cb-9a95-76421eac50d1
Nov 25 13:14:57.600890 np0005535648.novalocal cinder-volume[108227]: DEBUG oslo_concurrency.processutils [None req-a63e5bee-1cfa-4efe-9f37-d5b53236bbb0 tempest-VolumesListTestJSON-1844525341 None] CMD "sudo cinder-rootwrap /etc/cinder/rootwrap.conf lvremove --config activation { retry_deactivation = 1} -f stack-volumes-lvmdriver-1/volume-0e7a5231-05ee-41cb-9a95-76421eac50d1" returned: 0 in 0.452s {{(pid=108227) execute /usr/local/lib/python3.12/site-packages/oslo_concurrency/processutils.py:372}}
Nov 25 13:14:57.600890 np0005535648.novalocal cinder-volume[108227]: INFO cinder.volume.drivers.lvm [None req-a63e5bee-1cfa-4efe-9f37-d5b53236bbb0 tempest-VolumesListTestJSON-1844525341 None] Successfully deleted volume: 0e7a5231-05ee-41cb-9a95-76421eac50d1
Nov 25 13:14:57.645586 np0005535648.novalocal cinder-volume[108227]: DEBUG cinder.quota [None req-a63e5bee-1cfa-4efe-9f37-d5b53236bbb0 tempest-VolumesListTestJSON-1844525341 None] Created reservations ['a6ac883b-ae55-41ab-aef6-40c2e2ab4022', '5abc99f1-3187-4976-9f36-8d911f00f21d', 'df740340-1b3f-4a8d-b3af-9b06e0f45426', '19c538e3-954d-4e48-b11a-72bd4975a6df'] {{(pid=108227) reserve /opt/stack/cinder/cinder/quota.py:752}}
Nov 25 13:14:57.683643 np0005535648.novalocal cinder-volume[108227]: DEBUG cinder.volume.drivers.lvm [None req-a63e5bee-1cfa-4efe-9f37-d5b53236bbb0 tempest-VolumesListTestJSON-1844525341 None] Updating volume stats {{(pid=108227) _update_volume_stats /opt/stack/cinder/cinder/volume/drivers/lvm.py:228}}
Nov 25 13:14:57.684411 np0005535648.novalocal cinder-volume[108227]: DEBUG oslo_concurrency.processutils [None req-a63e5bee-1cfa-4efe-9f37-d5b53236bbb0 tempest-VolumesListTestJSON-1844525341 None] Running cmd (subprocess): sudo cinder-rootwrap /etc/cinder/rootwrap.conf env LC_ALL=C vgs --noheadings --unit=g -o name,size,free,lv_count,uuid --separator : --nosuffix stack-volumes-lvmdriver-1 {{(pid=108227) execute /usr/local/lib/python3.12/site-packages/oslo_concurrency/processutils.py:349}}
Nov 25 13:14:57.710258 np0005535648.novalocal sudo[140551]: stack : PWD=/ ; USER=root ; COMMAND=/usr/local/bin/cinder-rootwrap /etc/cinder/rootwrap.conf env LC_ALL=C vgs --noheadings --unit=g -o name,size,free,lv_count,uuid --separator : --nosuffix stack-volumes-lvmdriver-1
Nov 25 13:14:58.063436 np0005535648.novalocal cinder-volume[108227]: DEBUG oslo_concurrency.processutils [None req-a63e5bee-1cfa-4efe-9f37-d5b53236bbb0 tempest-VolumesListTestJSON-1844525341 None] CMD "sudo cinder-rootwrap /etc/cinder/rootwrap.conf env LC_ALL=C vgs --noheadings --unit=g -o name,size,free,lv_count,uuid --separator : --nosuffix stack-volumes-lvmdriver-1" returned: 0 in 0.379s {{(pid=108227) execute /usr/local/lib/python3.12/site-packages/oslo_concurrency/processutils.py:372}}
Nov 25 13:14:58.064583 np0005535648.novalocal cinder-volume[108227]: DEBUG oslo_concurrency.processutils [None req-a63e5bee-1cfa-4efe-9f37-d5b53236bbb0 tempest-VolumesListTestJSON-1844525341 None] Running cmd (subprocess): sudo cinder-rootwrap /etc/cinder/rootwrap.conf env LC_ALL=C lvs --noheadings --unit=g -o vg_name,name,size --nosuffix --readonly stack-volumes-lvmdriver-1 {{(pid=108227) execute /usr/local/lib/python3.12/site-packages/oslo_concurrency/processutils.py:349}}
Nov 25 13:14:58.086892 np0005535648.novalocal sudo[140557]: stack : PWD=/ ; USER=root ; COMMAND=/usr/local/bin/cinder-rootwrap /etc/cinder/rootwrap.conf env LC_ALL=C lvs --noheadings --unit=g -o vg_name,name,size --nosuffix --readonly stack-volumes-lvmdriver-1
Nov 25 13:14:58.446495 np0005535648.novalocal cinder-volume[108227]: DEBUG oslo_concurrency.processutils [None req-a63e5bee-1cfa-4efe-9f37-d5b53236bbb0 tempest-VolumesListTestJSON-1844525341 None] CMD "sudo cinder-rootwrap /etc/cinder/rootwrap.conf env LC_ALL=C lvs --noheadings --unit=g -o vg_name,name,size --nosuffix --readonly stack-volumes-lvmdriver-1" returned: 0 in 0.382s {{(pid=108227) execute /usr/local/lib/python3.12/site-packages/oslo_concurrency/processutils.py:372}}
Nov 25 13:14:58.447813 np0005535648.novalocal cinder-volume[108227]: DEBUG oslo_concurrency.processutils [None req-a63e5bee-1cfa-4efe-9f37-d5b53236bbb0 tempest-VolumesListTestJSON-1844525341 None] Running cmd (subprocess): sudo cinder-rootwrap /etc/cinder/rootwrap.conf env LC_ALL=C lvs --noheadings --unit=g -o size,data_percent --separator : --nosuffix /dev/stack-volumes-lvmdriver-1/stack-volumes-lvmdriver-1-pool {{(pid=108227) execute /usr/local/lib/python3.12/site-packages/oslo_concurrency/processutils.py:349}}
Nov 25 13:14:58.469836 np0005535648.novalocal sudo[140562]: stack : PWD=/ ; USER=root ; COMMAND=/usr/local/bin/cinder-rootwrap /etc/cinder/rootwrap.conf env LC_ALL=C lvs --noheadings --unit=g -o size,data_percent --separator : --nosuffix /dev/stack-volumes-lvmdriver-1/stack-volumes-lvmdriver-1-pool
Nov 25 13:14:58.885803 np0005535648.novalocal cinder-volume[108227]: DEBUG oslo_concurrency.processutils [None req-a63e5bee-1cfa-4efe-9f37-d5b53236bbb0 tempest-VolumesListTestJSON-1844525341 None] CMD "sudo cinder-rootwrap /etc/cinder/rootwrap.conf env LC_ALL=C lvs --noheadings --unit=g -o size,data_percent --separator : --nosuffix /dev/stack-volumes-lvmdriver-1/stack-volumes-lvmdriver-1-pool" returned: 0 in 0.438s {{(pid=108227) execute /usr/local/lib/python3.12/site-packages/oslo_concurrency/processutils.py:372}}
Nov 25 13:14:58.887592 np0005535648.novalocal cinder-volume[108227]: DEBUG oslo_concurrency.processutils [None req-a63e5bee-1cfa-4efe-9f37-d5b53236bbb0 tempest-VolumesListTestJSON-1844525341 None] Running cmd (subprocess): sudo cinder-rootwrap /etc/cinder/rootwrap.conf env LC_ALL=C lvs --noheadings --unit=g -o vg_name,name,size --nosuffix --readonly stack-volumes-lvmdriver-1 {{(pid=108227) execute /usr/local/lib/python3.12/site-packages/oslo_concurrency/processutils.py:349}}
Nov 25 13:14:58.919167 np0005535648.novalocal sudo[140567]: stack : PWD=/ ; USER=root ; COMMAND=/usr/local/bin/cinder-rootwrap /etc/cinder/rootwrap.conf env LC_ALL=C lvs --noheadings --unit=g -o vg_name,name,size --nosuffix --readonly stack-volumes-lvmdriver-1
Nov 25 13:14:59.334247 np0005535648.novalocal cinder-volume[108227]: DEBUG oslo_concurrency.processutils [None req-a63e5bee-1cfa-4efe-9f37-d5b53236bbb0 tempest-VolumesListTestJSON-1844525341 None] CMD "sudo cinder-rootwrap /etc/cinder/rootwrap.conf env LC_ALL=C lvs --noheadings --unit=g -o vg_name,name,size --nosuffix --readonly stack-volumes-lvmdriver-1" returned: 0 in 0.446s {{(pid=108227) execute /usr/local/lib/python3.12/site-packages/oslo_concurrency/processutils.py:372}}
Nov 25 13:14:59.335112 np0005535648.novalocal cinder-volume[108227]: DEBUG cinder.manager [None req-a63e5bee-1cfa-4efe-9f37-d5b53236bbb0 tempest-VolumesListTestJSON-1844525341 None] Notifying Schedulers of capabilities ... {{(pid=108227) _publish_service_capabilities /opt/stack/cinder/cinder/manager.py:202}}
Nov 25 13:14:59.339785 np0005535648.novalocal cinder-volume[108227]: INFO cinder.volume.manager [None req-a63e5bee-1cfa-4efe-9f37-d5b53236bbb0 tempest-VolumesListTestJSON-1844525341 None] Deleted volume successfully.
Nov 25 13:14:59.343594 np0005535648.novalocal cinder-volume[108227]: DEBUG dbcounter [-] [108227] Writing DB stats cinder:SELECT=120,cinder:UPDATE=134,cinder:INSERT=60,cinder:DELETE=17 {{(pid=108227) stat_writer /usr/local/lib/python3.12/site-packages/dbcounter.py:115}}
Nov 25 13:14:59.356670 np0005535648.novalocal cinder-volume[108227]: DEBUG cinder.coordination [None req-a63e5bee-1cfa-4efe-9f37-d5b53236bbb0 tempest-VolumesListTestJSON-1844525341 None] Lock "cinder-0e7a5231-05ee-41cb-9a95-76421eac50d1-delete_volume" released by "delete_volume" :: held 3.024s {{(pid=108227) __release /opt/stack/cinder/cinder/coordination.py:157}}
Nov 25 13:15:04.207446 np0005535648.novalocal cinder-volume[108227]: DEBUG dbcounter [-] [108227] Writing DB stats cinder:UPDATE=137,cinder:SELECT=132,cinder:INSERT=60,cinder:DELETE=9 {{(pid=108227) stat_writer /usr/local/lib/python3.12/site-packages/dbcounter.py:115}}
Nov 25 13:15:04.216953 np0005535648.novalocal cinder-volume[108227]: DEBUG cinder.volume.flows.manager.create_volume [None req-53941e63-eae2-4a6d-a1e1-1016c793a614 tempest-VolumesSnapshotTestJSON-2115482626 None] Volume reschedule parameters: True retry: {'num_attempts': 1, 'backends': ['np0005535648.novalocal@lvmdriver-1#lvmdriver-1'], 'hosts': ['np0005535648.novalocal@lvmdriver-1#lvmdriver-1']} {{(pid=108227) get_flow /opt/stack/cinder/cinder/volume/flows/manager/create_volume.py:1384}}
Nov 25 13:15:04.226315 np0005535648.novalocal cinder-volume[108227]: DEBUG cinder.volume.manager [None req-53941e63-eae2-4a6d-a1e1-1016c793a614 tempest-VolumesSnapshotTestJSON-2115482626 None] Flow 'volume_create_manager' (86cae07e-6dde-4d15-bf20-89d873c6546b) transitioned into state 'RUNNING' from state 'PENDING' {{(pid=108227) _flow_receiver /usr/local/lib/python3.12/site-packages/taskflow/listeners/logging.py:145}}
Nov 25 13:15:04.229411 np0005535648.novalocal cinder-volume[108227]: DEBUG cinder.volume.manager [None req-53941e63-eae2-4a6d-a1e1-1016c793a614 tempest-VolumesSnapshotTestJSON-2115482626 None] Task 'cinder.volume.flows.manager.create_volume.ExtractVolumeRefTask;volume:create' (e4653f89-a7d7-4207-8087-2b8ea7d79e1f) transitioned into state 'RUNNING' from state 'PENDING' {{(pid=108227) _task_receiver /usr/local/lib/python3.12/site-packages/taskflow/listeners/logging.py:194}}
Nov 25 13:15:04.238216 np0005535648.novalocal cinder-volume[108227]: DEBUG cinder.volume.manager [None req-53941e63-eae2-4a6d-a1e1-1016c793a614 tempest-VolumesSnapshotTestJSON-2115482626 None] Task 'cinder.volume.flows.manager.create_volume.ExtractVolumeRefTask;volume:create' (e4653f89-a7d7-4207-8087-2b8ea7d79e1f) transitioned into state 'SUCCESS' from state 'RUNNING' with result 'Volume(_name_id=None,admin_metadata=,attach_status='detached',availability_zone='nova',bootable=False,cluster=,cluster_name=None,consistencygroup=,consistencygroup_id=None,created_at=2025-11-25T18:15:04Z,deleted=False,deleted_at=None,display_description=None,display_name='tempest-VolumesSnapshotTestJSON-Volume-1586922092',ec2_id=None,encryption_key_id=None,glance_metadata=,group=,group_id=None,host='np0005535648.novalocal@lvmdriver-1#lvmdriver-1',id=16946f1a-76b8-4912-a33d-0d1021858840,launched_at=None,metadata={},migration_status=None,multiattach=False,previous_status=None,project_id='45e76a628b4447cb8b26093f8e853348',provider_auth=None,provider_geometry=None,provider_id=None,provider_location=None,replication_driver_data=None,replication_extended_status=None,replication_status=None,scheduled_at=2025-11-25T18:15:04Z,service_uuid=None,shared_targets=True,size=1,snapshot_id=None,snapshots=,source_volid=None,status='creating',terminated_at=None,updated_at=2025-11-25T18:15:04Z,use_quota=True,user_id='60c6ae29249d495986cc475bf1f4dab5',volume_attachment=VolumeAttachmentList,volume_type=VolumeType(42ef2ac8-46e2-415f-ad47-5f278d4fe376),volume_type_id=42ef2ac8-46e2-415f-ad47-5f278d4fe376)' {{(pid=108227) _task_receiver /usr/local/lib/python3.12/site-packages/taskflow/listeners/logging.py:182}}
Nov 25 13:15:04.240687 np0005535648.novalocal cinder-volume[108227]: DEBUG cinder.volume.manager [None req-53941e63-eae2-4a6d-a1e1-1016c793a614 tempest-VolumesSnapshotTestJSON-2115482626 None] Task 'cinder.volume.flows.manager.create_volume.OnFailureRescheduleTask;volume:create' (4701a52e-f3f5-485e-88fc-dc2b56ef3dca) transitioned into state 'RUNNING' from state 'PENDING' {{(pid=108227) _task_receiver /usr/local/lib/python3.12/site-packages/taskflow/listeners/logging.py:194}}
Nov 25 13:15:04.242520 np0005535648.novalocal cinder-volume[108227]: DEBUG cinder.volume.manager [None req-53941e63-eae2-4a6d-a1e1-1016c793a614 tempest-VolumesSnapshotTestJSON-2115482626 None] Task 'cinder.volume.flows.manager.create_volume.OnFailureRescheduleTask;volume:create' (4701a52e-f3f5-485e-88fc-dc2b56ef3dca) transitioned into state 'SUCCESS' from state 'RUNNING' with result 'None' {{(pid=108227) _task_receiver /usr/local/lib/python3.12/site-packages/taskflow/listeners/logging.py:182}}
Nov 25 13:15:04.244864 np0005535648.novalocal cinder-volume[108227]: DEBUG cinder.volume.manager [None req-53941e63-eae2-4a6d-a1e1-1016c793a614 tempest-VolumesSnapshotTestJSON-2115482626 None] Task 'cinder.volume.flows.manager.create_volume.ExtractVolumeSpecTask;volume:create' (e4e06eea-5e37-4c88-ac12-f2290e230149) transitioned into state 'RUNNING' from state 'PENDING' {{(pid=108227) _task_receiver /usr/local/lib/python3.12/site-packages/taskflow/listeners/logging.py:194}}
Nov 25 13:15:04.246897 np0005535648.novalocal cinder-volume[108227]: DEBUG cinder.volume.manager [None req-53941e63-eae2-4a6d-a1e1-1016c793a614 tempest-VolumesSnapshotTestJSON-2115482626 None] Task 'cinder.volume.flows.manager.create_volume.ExtractVolumeSpecTask;volume:create' (e4e06eea-5e37-4c88-ac12-f2290e230149) transitioned into state 'SUCCESS' from state 'RUNNING' with result '{'status': 'creating', 'type': 'raw', 'volume_id': '16946f1a-76b8-4912-a33d-0d1021858840', 'volume_name': 'volume-16946f1a-76b8-4912-a33d-0d1021858840', 'volume_size': 1}' {{(pid=108227) _task_receiver /usr/local/lib/python3.12/site-packages/taskflow/listeners/logging.py:182}}
Nov 25 13:15:04.249886 np0005535648.novalocal cinder-volume[108227]: DEBUG cinder.volume.manager [None req-53941e63-eae2-4a6d-a1e1-1016c793a614 tempest-VolumesSnapshotTestJSON-2115482626 None] Task 'cinder.volume.flows.manager.create_volume.NotifyVolumeActionTask;volume:create, create.start' (bae8b4cb-122f-4eef-b761-a39743713471) transitioned into state 'RUNNING' from state 'PENDING' {{(pid=108227) _task_receiver /usr/local/lib/python3.12/site-packages/taskflow/listeners/logging.py:194}}
Nov 25 13:15:04.251783 np0005535648.novalocal cinder-volume[108227]: DEBUG cinder.volume.manager [None req-53941e63-eae2-4a6d-a1e1-1016c793a614 tempest-VolumesSnapshotTestJSON-2115482626 None] Task 'cinder.volume.flows.manager.create_volume.NotifyVolumeActionTask;volume:create, create.start' (bae8b4cb-122f-4eef-b761-a39743713471) transitioned into state 'SUCCESS' from state 'RUNNING' with result 'None' {{(pid=108227) _task_receiver /usr/local/lib/python3.12/site-packages/taskflow/listeners/logging.py:182}}
Nov 25 13:15:04.253024 np0005535648.novalocal cinder-volume[108227]: DEBUG cinder.volume.manager [None req-53941e63-eae2-4a6d-a1e1-1016c793a614 tempest-VolumesSnapshotTestJSON-2115482626 None] Task 'cinder.volume.flows.manager.create_volume.CreateVolumeFromSpecTask;volume:create' (e988e6cd-8693-4b20-89d7-4e225e57f83e) transitioned into state 'RUNNING' from state 'PENDING' {{(pid=108227) _task_receiver /usr/local/lib/python3.12/site-packages/taskflow/listeners/logging.py:194}}
Nov 25 13:15:04.253460 np0005535648.novalocal cinder-volume[108227]: INFO cinder.volume.flows.manager.create_volume [None req-53941e63-eae2-4a6d-a1e1-1016c793a614 tempest-VolumesSnapshotTestJSON-2115482626 None] Volume 16946f1a-76b8-4912-a33d-0d1021858840: being created as raw with specification: {'status': 'creating', 'volume_name': 'volume-16946f1a-76b8-4912-a33d-0d1021858840', 'volume_size': 1}
Nov 25 13:15:04.253865 np0005535648.novalocal cinder-volume[108227]: DEBUG oslo_concurrency.processutils [None req-53941e63-eae2-4a6d-a1e1-1016c793a614 tempest-VolumesSnapshotTestJSON-2115482626 None] Running cmd (subprocess): sudo cinder-rootwrap /etc/cinder/rootwrap.conf env LC_ALL=C lvcreate -T -V 1g -n volume-16946f1a-76b8-4912-a33d-0d1021858840 stack-volumes-lvmdriver-1/stack-volumes-lvmdriver-1-pool {{(pid=108227) execute /usr/local/lib/python3.12/site-packages/oslo_concurrency/processutils.py:349}}
Nov 25 13:15:04.275086 np0005535648.novalocal sudo[140615]: stack : PWD=/ ; USER=root ; COMMAND=/usr/local/bin/cinder-rootwrap /etc/cinder/rootwrap.conf env LC_ALL=C lvcreate -T -V 1g -n volume-16946f1a-76b8-4912-a33d-0d1021858840 stack-volumes-lvmdriver-1/stack-volumes-lvmdriver-1-pool
Nov 25 13:15:04.803605 np0005535648.novalocal cinder-volume[108227]: DEBUG oslo_concurrency.processutils [None req-53941e63-eae2-4a6d-a1e1-1016c793a614 tempest-VolumesSnapshotTestJSON-2115482626 None] CMD "sudo cinder-rootwrap /etc/cinder/rootwrap.conf env LC_ALL=C lvcreate -T -V 1g -n volume-16946f1a-76b8-4912-a33d-0d1021858840 stack-volumes-lvmdriver-1/stack-volumes-lvmdriver-1-pool" returned: 0 in 0.549s {{(pid=108227) execute /usr/local/lib/python3.12/site-packages/oslo_concurrency/processutils.py:372}}
Nov 25 13:15:04.805800 np0005535648.novalocal cinder-volume[108227]: DEBUG cinder.volume.manager [None req-53941e63-eae2-4a6d-a1e1-1016c793a614 tempest-VolumesSnapshotTestJSON-2115482626 None] Task 'cinder.volume.flows.manager.create_volume.CreateVolumeFromSpecTask;volume:create' (e988e6cd-8693-4b20-89d7-4e225e57f83e) transitioned into state 'SUCCESS' from state 'RUNNING' with result '{'status': 'creating', 'volume_name': 'volume-16946f1a-76b8-4912-a33d-0d1021858840', 'volume_size': 1}' {{(pid=108227) _task_receiver /usr/local/lib/python3.12/site-packages/taskflow/listeners/logging.py:182}}
Nov 25 13:15:04.807357 np0005535648.novalocal cinder-volume[108227]: DEBUG cinder.volume.manager [None req-53941e63-eae2-4a6d-a1e1-1016c793a614 tempest-VolumesSnapshotTestJSON-2115482626 None] Task 'cinder.volume.flows.manager.create_volume.CreateVolumeOnFinishTask;volume:create, create.end' (284186ca-efc8-4591-9a1d-b8c9db80fd78) transitioned into state 'RUNNING' from state 'PENDING' {{(pid=108227) _task_receiver /usr/local/lib/python3.12/site-packages/taskflow/listeners/logging.py:194}}
Nov 25 13:15:04.817356 np0005535648.novalocal cinder-volume[108227]: INFO cinder.volume.flows.manager.create_volume [None req-53941e63-eae2-4a6d-a1e1-1016c793a614 tempest-VolumesSnapshotTestJSON-2115482626 None] Volume volume-16946f1a-76b8-4912-a33d-0d1021858840 (16946f1a-76b8-4912-a33d-0d1021858840): created successfully
Nov 25 13:15:04.818526 np0005535648.novalocal cinder-volume[108227]: DEBUG cinder.volume.manager [None req-53941e63-eae2-4a6d-a1e1-1016c793a614 tempest-VolumesSnapshotTestJSON-2115482626 None] Task 'cinder.volume.flows.manager.create_volume.CreateVolumeOnFinishTask;volume:create, create.end' (284186ca-efc8-4591-9a1d-b8c9db80fd78) transitioned into state 'SUCCESS' from state 'RUNNING' with result 'None' {{(pid=108227) _task_receiver /usr/local/lib/python3.12/site-packages/taskflow/listeners/logging.py:182}}
Nov 25 13:15:04.820280 np0005535648.novalocal cinder-volume[108227]: DEBUG cinder.volume.manager [None req-53941e63-eae2-4a6d-a1e1-1016c793a614 tempest-VolumesSnapshotTestJSON-2115482626 None] Flow 'volume_create_manager' (86cae07e-6dde-4d15-bf20-89d873c6546b) transitioned into state 'SUCCESS' from state 'RUNNING' {{(pid=108227) _flow_receiver /usr/local/lib/python3.12/site-packages/taskflow/listeners/logging.py:145}}
Nov 25 13:15:04.824409 np0005535648.novalocal cinder-volume[108227]: INFO cinder.volume.manager [None req-53941e63-eae2-4a6d-a1e1-1016c793a614 tempest-VolumesSnapshotTestJSON-2115482626 None] Created volume successfully.
Nov 25 13:15:05.464196 np0005535648.novalocal cinder-volume[108227]: DEBUG oslo_concurrency.processutils [None req-c2319f5d-e397-499a-acc7-7a2ebf40f756 tempest-VolumesSnapshotTestJSON-2115482626 None] Running cmd (subprocess): sudo cinder-rootwrap /etc/cinder/rootwrap.conf env LC_ALL=C lvs --noheadings --unit=g -o vg_name,name,size --nosuffix --readonly stack-volumes-lvmdriver-1/volume-16946f1a-76b8-4912-a33d-0d1021858840 {{(pid=108227) execute /usr/local/lib/python3.12/site-packages/oslo_concurrency/processutils.py:349}}
Nov 25 13:15:05.486827 np0005535648.novalocal sudo[140634]: stack : PWD=/ ; USER=root ; COMMAND=/usr/local/bin/cinder-rootwrap /etc/cinder/rootwrap.conf env LC_ALL=C lvs --noheadings --unit=g -o vg_name,name,size --nosuffix --readonly stack-volumes-lvmdriver-1/volume-16946f1a-76b8-4912-a33d-0d1021858840
Nov 25 13:15:05.843072 np0005535648.novalocal cinder-volume[108227]: DEBUG oslo_concurrency.processutils [None req-c2319f5d-e397-499a-acc7-7a2ebf40f756 tempest-VolumesSnapshotTestJSON-2115482626 None] CMD "sudo cinder-rootwrap /etc/cinder/rootwrap.conf env LC_ALL=C lvs --noheadings --unit=g -o vg_name,name,size --nosuffix --readonly stack-volumes-lvmdriver-1/volume-16946f1a-76b8-4912-a33d-0d1021858840" returned: 0 in 0.379s {{(pid=108227) execute /usr/local/lib/python3.12/site-packages/oslo_concurrency/processutils.py:372}}
Nov 25 13:15:05.844148 np0005535648.novalocal cinder-volume[108227]: DEBUG oslo_concurrency.processutils [None req-c2319f5d-e397-499a-acc7-7a2ebf40f756 tempest-VolumesSnapshotTestJSON-2115482626 None] Running cmd (subprocess): sudo cinder-rootwrap /etc/cinder/rootwrap.conf env LC_ALL=C lvcreate --name _snapshot-b82ec413-29d0-4497-aaa7-baeef082e692 --snapshot stack-volumes-lvmdriver-1/volume-16946f1a-76b8-4912-a33d-0d1021858840 {{(pid=108227) execute /usr/local/lib/python3.12/site-packages/oslo_concurrency/processutils.py:349}}
Nov 25 13:15:05.866256 np0005535648.novalocal sudo[140658]: stack : PWD=/ ; USER=root ; COMMAND=/usr/local/bin/cinder-rootwrap /etc/cinder/rootwrap.conf env LC_ALL=C lvcreate --name _snapshot-b82ec413-29d0-4497-aaa7-baeef082e692 --snapshot stack-volumes-lvmdriver-1/volume-16946f1a-76b8-4912-a33d-0d1021858840
Nov 25 13:15:06.285059 np0005535648.novalocal cinder-volume[108227]: DEBUG oslo_concurrency.processutils [None req-c2319f5d-e397-499a-acc7-7a2ebf40f756 tempest-VolumesSnapshotTestJSON-2115482626 None] CMD "sudo cinder-rootwrap /etc/cinder/rootwrap.conf env LC_ALL=C lvcreate --name _snapshot-b82ec413-29d0-4497-aaa7-baeef082e692 --snapshot stack-volumes-lvmdriver-1/volume-16946f1a-76b8-4912-a33d-0d1021858840" returned: 0 in 0.440s {{(pid=108227) execute /usr/local/lib/python3.12/site-packages/oslo_concurrency/processutils.py:372}}
Nov 25 13:15:06.310731 np0005535648.novalocal cinder-volume[108227]: INFO cinder.volume.manager [None req-c2319f5d-e397-499a-acc7-7a2ebf40f756 tempest-VolumesSnapshotTestJSON-2115482626 None] Create snapshot completed successfully
Nov 25 13:15:06.764772 np0005535648.novalocal cinder-volume[108227]: DEBUG cinder.volume.driver [None req-67ffcbe0-3db1-4cd0-8230-097e3140147a tempest-VolumesSnapshotTestJSON-2115482626 None] Creating a new backup for volume volume-16946f1a-76b8-4912-a33d-0d1021858840. {{(pid=108227) _get_backup_volume_temp_volume /opt/stack/cinder/cinder/volume/driver.py:1266}}
Nov 25 13:15:06.780155 np0005535648.novalocal cinder-volume[108227]: DEBUG oslo_concurrency.processutils [None req-67ffcbe0-3db1-4cd0-8230-097e3140147a tempest-VolumesSnapshotTestJSON-2115482626 None] Running cmd (subprocess): sudo cinder-rootwrap /etc/cinder/rootwrap.conf env LC_ALL=C lvs --noheadings --unit=g -o vg_name,name,size --nosuffix --readonly stack-volumes-lvmdriver-1/_snapshot-b82ec413-29d0-4497-aaa7-baeef082e692 {{(pid=108227) execute /usr/local/lib/python3.12/site-packages/oslo_concurrency/processutils.py:349}}
Nov 25 13:15:06.807091 np0005535648.novalocal sudo[140670]: stack : PWD=/ ; USER=root ; COMMAND=/usr/local/bin/cinder-rootwrap /etc/cinder/rootwrap.conf env LC_ALL=C lvs --noheadings --unit=g -o vg_name,name,size --nosuffix --readonly stack-volumes-lvmdriver-1/_snapshot-b82ec413-29d0-4497-aaa7-baeef082e692
Nov 25 13:15:07.166772 np0005535648.novalocal cinder-volume[108227]: DEBUG oslo_concurrency.processutils [None req-67ffcbe0-3db1-4cd0-8230-097e3140147a tempest-VolumesSnapshotTestJSON-2115482626 None] CMD "sudo cinder-rootwrap /etc/cinder/rootwrap.conf env LC_ALL=C lvs --noheadings --unit=g -o vg_name,name,size --nosuffix --readonly stack-volumes-lvmdriver-1/_snapshot-b82ec413-29d0-4497-aaa7-baeef082e692" returned: 0 in 0.386s {{(pid=108227) execute /usr/local/lib/python3.12/site-packages/oslo_concurrency/processutils.py:372}}
Nov 25 13:15:07.168009 np0005535648.novalocal cinder-volume[108227]: DEBUG oslo_concurrency.processutils [None req-67ffcbe0-3db1-4cd0-8230-097e3140147a tempest-VolumesSnapshotTestJSON-2115482626 None] Running cmd (subprocess): sudo cinder-rootwrap /etc/cinder/rootwrap.conf env LC_ALL=C lvcreate --name volume-c64faead-1248-4645-aff9-818c115be292 --snapshot stack-volumes-lvmdriver-1/_snapshot-b82ec413-29d0-4497-aaa7-baeef082e692 {{(pid=108227) execute /usr/local/lib/python3.12/site-packages/oslo_concurrency/processutils.py:349}}
Nov 25 13:15:07.190501 np0005535648.novalocal sudo[140675]: stack : PWD=/ ; USER=root ; COMMAND=/usr/local/bin/cinder-rootwrap /etc/cinder/rootwrap.conf env LC_ALL=C lvcreate --name volume-c64faead-1248-4645-aff9-818c115be292 --snapshot stack-volumes-lvmdriver-1/_snapshot-b82ec413-29d0-4497-aaa7-baeef082e692
Nov 25 13:15:07.604974 np0005535648.novalocal cinder-volume[108227]: DEBUG oslo_concurrency.processutils [None req-67ffcbe0-3db1-4cd0-8230-097e3140147a tempest-VolumesSnapshotTestJSON-2115482626 None] CMD "sudo cinder-rootwrap /etc/cinder/rootwrap.conf env LC_ALL=C lvcreate --name volume-c64faead-1248-4645-aff9-818c115be292 --snapshot stack-volumes-lvmdriver-1/_snapshot-b82ec413-29d0-4497-aaa7-baeef082e692" returned: 0 in 0.437s {{(pid=108227) execute /usr/local/lib/python3.12/site-packages/oslo_concurrency/processutils.py:372}}
Nov 25 13:15:07.605852 np0005535648.novalocal cinder-volume[108227]: DEBUG oslo_concurrency.processutils [None req-67ffcbe0-3db1-4cd0-8230-097e3140147a tempest-VolumesSnapshotTestJSON-2115482626 None] Running cmd (subprocess): sudo cinder-rootwrap /etc/cinder/rootwrap.conf lvchange -a y --yes -K stack-volumes-lvmdriver-1/_snapshot-b82ec413-29d0-4497-aaa7-baeef082e692 {{(pid=108227) execute /usr/local/lib/python3.12/site-packages/oslo_concurrency/processutils.py:349}}
Nov 25 13:15:07.629752 np0005535648.novalocal sudo[140681]: stack : PWD=/ ; USER=root ; COMMAND=/usr/local/bin/cinder-rootwrap /etc/cinder/rootwrap.conf lvchange -a y --yes -K stack-volumes-lvmdriver-1/_snapshot-b82ec413-29d0-4497-aaa7-baeef082e692
Nov 25 13:15:08.077227 np0005535648.novalocal cinder-volume[108227]: DEBUG oslo_concurrency.processutils [None req-67ffcbe0-3db1-4cd0-8230-097e3140147a tempest-VolumesSnapshotTestJSON-2115482626 None] CMD "sudo cinder-rootwrap /etc/cinder/rootwrap.conf lvchange -a y --yes -K stack-volumes-lvmdriver-1/_snapshot-b82ec413-29d0-4497-aaa7-baeef082e692" returned: 0 in 0.470s {{(pid=108227) execute /usr/local/lib/python3.12/site-packages/oslo_concurrency/processutils.py:372}}
Nov 25 13:15:08.078082 np0005535648.novalocal cinder-volume[108227]: DEBUG oslo_concurrency.processutils [None req-67ffcbe0-3db1-4cd0-8230-097e3140147a tempest-VolumesSnapshotTestJSON-2115482626 None] Running cmd (subprocess): sudo cinder-rootwrap /etc/cinder/rootwrap.conf lvchange -a y --yes -k n stack-volumes-lvmdriver-1/volume-c64faead-1248-4645-aff9-818c115be292 {{(pid=108227) execute /usr/local/lib/python3.12/site-packages/oslo_concurrency/processutils.py:349}}
Nov 25 13:15:08.101550 np0005535648.novalocal sudo[140692]: stack : PWD=/ ; USER=root ; COMMAND=/usr/local/bin/cinder-rootwrap /etc/cinder/rootwrap.conf lvchange -a y --yes -k n stack-volumes-lvmdriver-1/volume-c64faead-1248-4645-aff9-818c115be292
Nov 25 13:15:08.527919 np0005535648.novalocal cinder-volume[108227]: DEBUG oslo_concurrency.processutils [None req-67ffcbe0-3db1-4cd0-8230-097e3140147a tempest-VolumesSnapshotTestJSON-2115482626 None] CMD "sudo cinder-rootwrap /etc/cinder/rootwrap.conf lvchange -a y --yes -k n stack-volumes-lvmdriver-1/volume-c64faead-1248-4645-aff9-818c115be292" returned: 0 in 0.450s {{(pid=108227) execute /usr/local/lib/python3.12/site-packages/oslo_concurrency/processutils.py:372}}
Nov 25 13:15:08.562673 np0005535648.novalocal cinder-volume[108227]: INFO cinder.volume.manager [None req-67ffcbe0-3db1-4cd0-8230-097e3140147a tempest-VolumesSnapshotTestJSON-2115482626 None] Calling backup continue_backup for: Backup(availability_zone='nova',container='tempest-volumessnapshottestjson-backup-container-1316716783',created_at=2025-11-25T18:15:06Z,data_timestamp=2025-11-25T18:15:05Z,deleted=False,deleted_at=None,display_description=None,display_name='tempest-VolumesSnapshotTestJSON-Backup-628971887',encryption_key_id=None,fail_reason=None,host='np0005535648.novalocal',id=8f30e44d-b9df-4e1d-bcc8-e43ef7677cbe,metadata={},num_dependent_backups=0,object_count=0,parent=None,parent_id=None,project_id='45e76a628b4447cb8b26093f8e853348',restore_volume_id=None,service='cinder.backup.drivers.swift.SwiftBackupDriver',service_metadata=None,size=1,snapshot_id='b82ec413-29d0-4497-aaa7-baeef082e692',status='creating',temp_snapshot_id=None,temp_volume_id='c64faead-1248-4645-aff9-818c115be292',updated_at=None,user_id='60c6ae29249d495986cc475bf1f4dab5',volume_id=16946f1a-76b8-4912-a33d-0d1021858840)
Nov 25 13:15:08.566710 np0005535648.novalocal cinder-volume[108227]: INFO cinder.rpc [None req-67ffcbe0-3db1-4cd0-8230-097e3140147a tempest-VolumesSnapshotTestJSON-2115482626 None] Automatically selected cinder-backup objects version 1.39 as minimum service version.
Nov 25 13:15:08.571970 np0005535648.novalocal cinder-volume[108227]: INFO cinder.rpc [None req-67ffcbe0-3db1-4cd0-8230-097e3140147a tempest-VolumesSnapshotTestJSON-2115482626 None] Automatically selected cinder-backup RPC version 2.4 as minimum service version.
Nov 25 13:15:08.572386 np0005535648.novalocal cinder-volume[108227]: DEBUG cinder.backup.rpcapi [None req-67ffcbe0-3db1-4cd0-8230-097e3140147a tempest-VolumesSnapshotTestJSON-2115482626 None] continue_backup in rpcapi backup_id 8f30e44d-b9df-4e1d-bcc8-e43ef7677cbe {{(pid=108227) continue_backup /opt/stack/cinder/cinder/backup/rpcapi.py:65}}
Nov 25 13:15:09.688147 np0005535648.novalocal cinder-volume[108227]: DEBUG oslo_concurrency.processutils [None req-67ffcbe0-3db1-4cd0-8230-097e3140147a tempest-VolumesSnapshotTestJSON-2115482626 None] Running cmd (subprocess): sudo cinder-rootwrap /etc/cinder/rootwrap.conf lvchange -a y --yes -K stack-volumes-lvmdriver-1/volume-c64faead-1248-4645-aff9-818c115be292 {{(pid=108227) execute /usr/local/lib/python3.12/site-packages/oslo_concurrency/processutils.py:349}}
Nov 25 13:15:09.715948 np0005535648.novalocal sudo[140726]: stack : PWD=/ ; USER=root ; COMMAND=/usr/local/bin/cinder-rootwrap /etc/cinder/rootwrap.conf lvchange -a y --yes -K stack-volumes-lvmdriver-1/volume-c64faead-1248-4645-aff9-818c115be292
Nov 25 13:15:10.086895 np0005535648.novalocal cinder-volume[108227]: DEBUG oslo_concurrency.processutils [None req-67ffcbe0-3db1-4cd0-8230-097e3140147a tempest-VolumesSnapshotTestJSON-2115482626 None] CMD "sudo cinder-rootwrap /etc/cinder/rootwrap.conf lvchange -a y --yes -K stack-volumes-lvmdriver-1/volume-c64faead-1248-4645-aff9-818c115be292" returned: 0 in 0.399s {{(pid=108227) execute /usr/local/lib/python3.12/site-packages/oslo_concurrency/processutils.py:372}}
Nov 25 13:15:10.103136 np0005535648.novalocal cinder-volume[108227]: INFO cinder.volume.targets.lio [None req-67ffcbe0-3db1-4cd0-8230-097e3140147a tempest-VolumesSnapshotTestJSON-2115482626 None] Creating iscsi_target for volume: volume-c64faead-1248-4645-aff9-818c115be292
Nov 25 13:15:10.103416 np0005535648.novalocal cinder-volume[108227]: DEBUG oslo_concurrency.lockutils [None req-67ffcbe0-3db1-4cd0-8230-097e3140147a tempest-VolumesSnapshotTestJSON-2115482626 None] Acquiring lock "lioadm" by "cinder.volume.targets.lio.LioAdm._execute" {{(pid=108227) inner /usr/local/lib/python3.12/site-packages/oslo_concurrency/lockutils.py:405}}
Nov 25 13:15:10.104236 np0005535648.novalocal cinder-volume[108227]: DEBUG oslo_concurrency.lockutils [None req-67ffcbe0-3db1-4cd0-8230-097e3140147a tempest-VolumesSnapshotTestJSON-2115482626 None] Lock "lioadm" acquired by "cinder.volume.targets.lio.LioAdm._execute" :: waited 0.001s {{(pid=108227) inner /usr/local/lib/python3.12/site-packages/oslo_concurrency/lockutils.py:410}}
Nov 25 13:15:10.105031 np0005535648.novalocal cinder-volume[108227]: DEBUG oslo_concurrency.processutils [None req-67ffcbe0-3db1-4cd0-8230-097e3140147a tempest-VolumesSnapshotTestJSON-2115482626 None] Running cmd (subprocess): sudo cinder-rootwrap /etc/cinder/rootwrap.conf cinder-rtstool create /dev/stack-volumes-lvmdriver-1/volume-c64faead-1248-4645-aff9-818c115be292 iqn.2010-10.org.openstack:volume-c64faead-1248-4645-aff9-818c115be292 DCE6d5LSAxL6msUzfHiN FB3P3u7U6HzSMgHd False -p3260 -a38.102.83.58 {{(pid=108227) execute /usr/local/lib/python3.12/site-packages/oslo_concurrency/processutils.py:349}}
Nov 25 13:15:10.136230 np0005535648.novalocal sudo[140732]: stack : PWD=/ ; USER=root ; COMMAND=/usr/local/bin/cinder-rootwrap /etc/cinder/rootwrap.conf cinder-rtstool create /dev/stack-volumes-lvmdriver-1/volume-c64faead-1248-4645-aff9-818c115be292 iqn.2010-10.org.openstack:volume-c64faead-1248-4645-aff9-818c115be292 DCE6d5LSAxL6msUzfHiN FB3P3u7U6HzSMgHd False -p3260 -a38.102.83.58
Nov 25 13:15:10.692313 np0005535648.novalocal cinder-volume[108227]: DEBUG oslo_concurrency.processutils [None req-67ffcbe0-3db1-4cd0-8230-097e3140147a tempest-VolumesSnapshotTestJSON-2115482626 None] CMD "sudo cinder-rootwrap /etc/cinder/rootwrap.conf cinder-rtstool create /dev/stack-volumes-lvmdriver-1/volume-c64faead-1248-4645-aff9-818c115be292 iqn.2010-10.org.openstack:volume-c64faead-1248-4645-aff9-818c115be292 DCE6d5LSAxL6msUzfHiN FB3P3u7U6HzSMgHd False -p3260 -a38.102.83.58" returned: 0 in 0.586s {{(pid=108227) execute /usr/local/lib/python3.12/site-packages/oslo_concurrency/processutils.py:372}}
Nov 25 13:15:10.692313 np0005535648.novalocal cinder-volume[108227]: DEBUG oslo_concurrency.lockutils [None req-67ffcbe0-3db1-4cd0-8230-097e3140147a tempest-VolumesSnapshotTestJSON-2115482626 None] Lock "lioadm" "released" by "cinder.volume.targets.lio.LioAdm._execute" :: held 0.588s {{(pid=108227) inner /usr/local/lib/python3.12/site-packages/oslo_concurrency/lockutils.py:424}}
Nov 25 13:15:10.692986 np0005535648.novalocal cinder-volume[108227]: DEBUG oslo_concurrency.lockutils [None req-67ffcbe0-3db1-4cd0-8230-097e3140147a tempest-VolumesSnapshotTestJSON-2115482626 None] Acquiring lock "lioadm" by "cinder.volume.targets.lio.LioAdm._execute" {{(pid=108227) inner /usr/local/lib/python3.12/site-packages/oslo_concurrency/lockutils.py:405}}
Nov 25 13:15:10.693795 np0005535648.novalocal cinder-volume[108227]: DEBUG oslo_concurrency.lockutils [None req-67ffcbe0-3db1-4cd0-8230-097e3140147a tempest-VolumesSnapshotTestJSON-2115482626 None] Lock "lioadm" acquired by "cinder.volume.targets.lio.LioAdm._execute" :: waited 0.001s {{(pid=108227) inner /usr/local/lib/python3.12/site-packages/oslo_concurrency/lockutils.py:410}}
Nov 25 13:15:10.694448 np0005535648.novalocal cinder-volume[108227]: DEBUG oslo_concurrency.processutils [None req-67ffcbe0-3db1-4cd0-8230-097e3140147a tempest-VolumesSnapshotTestJSON-2115482626 None] Running cmd (subprocess): sudo cinder-rootwrap /etc/cinder/rootwrap.conf cinder-rtstool get-targets {{(pid=108227) execute /usr/local/lib/python3.12/site-packages/oslo_concurrency/processutils.py:349}}
Nov 25 13:15:10.723349 np0005535648.novalocal sudo[140776]: stack : PWD=/ ; USER=root ; COMMAND=/usr/local/bin/cinder-rootwrap /etc/cinder/rootwrap.conf cinder-rtstool get-targets
Nov 25 13:15:11.329627 np0005535648.novalocal cinder-volume[108227]: DEBUG oslo_concurrency.processutils [None req-67ffcbe0-3db1-4cd0-8230-097e3140147a tempest-VolumesSnapshotTestJSON-2115482626 None] CMD "sudo cinder-rootwrap /etc/cinder/rootwrap.conf cinder-rtstool get-targets" returned: 0 in 0.635s {{(pid=108227) execute /usr/local/lib/python3.12/site-packages/oslo_concurrency/processutils.py:372}}
Nov 25 13:15:11.330188 np0005535648.novalocal cinder-volume[108227]: DEBUG oslo_concurrency.lockutils [None req-67ffcbe0-3db1-4cd0-8230-097e3140147a tempest-VolumesSnapshotTestJSON-2115482626 None] Lock "lioadm" "released" by "cinder.volume.targets.lio.LioAdm._execute" :: held 0.637s {{(pid=108227) inner /usr/local/lib/python3.12/site-packages/oslo_concurrency/lockutils.py:424}}
Nov 25 13:15:11.330612 np0005535648.novalocal cinder-volume[108227]: DEBUG oslo_concurrency.lockutils [None req-67ffcbe0-3db1-4cd0-8230-097e3140147a tempest-VolumesSnapshotTestJSON-2115482626 None] Acquiring lock "lioadm" by "cinder.volume.targets.lio.LioAdm._execute" {{(pid=108227) inner /usr/local/lib/python3.12/site-packages/oslo_concurrency/lockutils.py:405}}
Nov 25 13:15:11.331455 np0005535648.novalocal cinder-volume[108227]: DEBUG oslo_concurrency.lockutils [None req-67ffcbe0-3db1-4cd0-8230-097e3140147a tempest-VolumesSnapshotTestJSON-2115482626 None] Lock "lioadm" acquired by "cinder.volume.targets.lio.LioAdm._execute" :: waited 0.001s {{(pid=108227) inner /usr/local/lib/python3.12/site-packages/oslo_concurrency/lockutils.py:410}}
Nov 25 13:15:11.332113 np0005535648.novalocal cinder-volume[108227]: DEBUG oslo_concurrency.processutils [None req-67ffcbe0-3db1-4cd0-8230-097e3140147a tempest-VolumesSnapshotTestJSON-2115482626 None] Running cmd (subprocess): sudo cinder-rootwrap /etc/cinder/rootwrap.conf cinder-rtstool save {{(pid=108227) execute /usr/local/lib/python3.12/site-packages/oslo_concurrency/processutils.py:349}}
Nov 25 13:15:11.361456 np0005535648.novalocal sudo[140782]: stack : PWD=/ ; USER=root ; COMMAND=/usr/local/bin/cinder-rootwrap /etc/cinder/rootwrap.conf cinder-rtstool save
Nov 25 13:15:11.987440 np0005535648.novalocal cinder-volume[108227]: DEBUG oslo_concurrency.processutils [None req-67ffcbe0-3db1-4cd0-8230-097e3140147a tempest-VolumesSnapshotTestJSON-2115482626 None] CMD "sudo cinder-rootwrap /etc/cinder/rootwrap.conf cinder-rtstool save" returned: 0 in 0.655s {{(pid=108227) execute /usr/local/lib/python3.12/site-packages/oslo_concurrency/processutils.py:372}}
Nov 25 13:15:11.987881 np0005535648.novalocal cinder-volume[108227]: DEBUG oslo_concurrency.lockutils [None req-67ffcbe0-3db1-4cd0-8230-097e3140147a tempest-VolumesSnapshotTestJSON-2115482626 None] Lock "lioadm" "released" by "cinder.volume.targets.lio.LioAdm._execute" :: held 0.657s {{(pid=108227) inner /usr/local/lib/python3.12/site-packages/oslo_concurrency/lockutils.py:424}}
Nov 25 13:15:11.988188 np0005535648.novalocal cinder-volume[108227]: DEBUG cinder.volume.targets.iscsi [None req-67ffcbe0-3db1-4cd0-8230-097e3140147a tempest-VolumesSnapshotTestJSON-2115482626 None] Set provider_location to: 38.102.83.58:3260,iqn.2010-10.org.openstack:volume-c64faead-1248-4645-aff9-818c115be292 iqn.2010-10.org.openstack:volume-c64faead-1248-4645-aff9-818c115be292 0 {{(pid=108227) create_export /opt/stack/cinder/cinder/volume/targets/iscsi.py:205}}
Nov 25 13:15:11.999123 np0005535648.novalocal cinder-volume[108227]: DEBUG oslo_concurrency.lockutils [None req-67ffcbe0-3db1-4cd0-8230-097e3140147a tempest-VolumesSnapshotTestJSON-2115482626 None] Acquiring lock "lioadm" by "cinder.volume.targets.lio.LioAdm._execute" {{(pid=108227) inner /usr/local/lib/python3.12/site-packages/oslo_concurrency/lockutils.py:405}}
Nov 25 13:15:11.999667 np0005535648.novalocal cinder-volume[108227]: DEBUG oslo_concurrency.lockutils [None req-67ffcbe0-3db1-4cd0-8230-097e3140147a tempest-VolumesSnapshotTestJSON-2115482626 None] Lock "lioadm" acquired by "cinder.volume.targets.lio.LioAdm._execute" :: waited 0.001s {{(pid=108227) inner /usr/local/lib/python3.12/site-packages/oslo_concurrency/lockutils.py:410}}
Nov 25 13:15:12.000170 np0005535648.novalocal cinder-volume[108227]: DEBUG oslo_concurrency.processutils [None req-67ffcbe0-3db1-4cd0-8230-097e3140147a tempest-VolumesSnapshotTestJSON-2115482626 None] Running cmd (subprocess): sudo cinder-rootwrap /etc/cinder/rootwrap.conf cinder-rtstool add-initiator iqn.2010-10.org.openstack:volume-c64faead-1248-4645-aff9-818c115be292 DCE6d5LSAxL6msUzfHiN FB3P3u7U6HzSMgHd iqn.1994-05.com.redhat:521f6b681fe5 {{(pid=108227) execute /usr/local/lib/python3.12/site-packages/oslo_concurrency/processutils.py:349}}
Nov 25 13:15:12.026772 np0005535648.novalocal sudo[140789]: stack : PWD=/ ; USER=root ; COMMAND=/usr/local/bin/cinder-rootwrap /etc/cinder/rootwrap.conf cinder-rtstool add-initiator iqn.2010-10.org.openstack:volume-c64faead-1248-4645-aff9-818c115be292 DCE6d5LSAxL6msUzfHiN FB3P3u7U6HzSMgHd iqn.1994-05.com.redhat:521f6b681fe5
Nov 25 13:15:12.605956 np0005535648.novalocal cinder-volume[108227]: DEBUG oslo_concurrency.processutils [None req-67ffcbe0-3db1-4cd0-8230-097e3140147a tempest-VolumesSnapshotTestJSON-2115482626 None] CMD "sudo cinder-rootwrap /etc/cinder/rootwrap.conf cinder-rtstool add-initiator iqn.2010-10.org.openstack:volume-c64faead-1248-4645-aff9-818c115be292 DCE6d5LSAxL6msUzfHiN FB3P3u7U6HzSMgHd iqn.1994-05.com.redhat:521f6b681fe5" returned: 0 in 0.605s {{(pid=108227) execute /usr/local/lib/python3.12/site-packages/oslo_concurrency/processutils.py:372}}
Nov 25 13:15:12.606382 np0005535648.novalocal cinder-volume[108227]: DEBUG oslo_concurrency.lockutils [None req-67ffcbe0-3db1-4cd0-8230-097e3140147a tempest-VolumesSnapshotTestJSON-2115482626 None] Lock "lioadm" "released" by "cinder.volume.targets.lio.LioAdm._execute" :: held 0.607s {{(pid=108227) inner /usr/local/lib/python3.12/site-packages/oslo_concurrency/lockutils.py:424}}
Nov 25 13:15:12.606599 np0005535648.novalocal cinder-volume[108227]: DEBUG oslo_concurrency.lockutils [None req-67ffcbe0-3db1-4cd0-8230-097e3140147a tempest-VolumesSnapshotTestJSON-2115482626 None] Acquiring lock "lioadm" by "cinder.volume.targets.lio.LioAdm._execute" {{(pid=108227) inner /usr/local/lib/python3.12/site-packages/oslo_concurrency/lockutils.py:405}}
