Nov 25 13:06:22.689879 np0005535648.novalocal cinder-volume[108227]: DEBUG cinder.volume.manager [None req-0b722dfc-b50d-4123-bfeb-ba6b1dc4da8c tempest-SnapshotMetadataTestJSON-2053639902 None] Flow 'volume_create_manager' (63780349-3383-434b-a011-57ec78644c62) transitioned into state 'RUNNING' from state 'PENDING' {{(pid=108227) _flow_receiver /usr/local/lib/python3.12/site-packages/taskflow/listeners/logging.py:145}}
Nov 25 13:06:22.691773 np0005535648.novalocal cinder-volume[108227]: DEBUG cinder.volume.manager [None req-0b722dfc-b50d-4123-bfeb-ba6b1dc4da8c tempest-SnapshotMetadataTestJSON-2053639902 None] Task 'cinder.volume.flows.manager.create_volume.ExtractVolumeRefTask;volume:create' (44a55605-6b9a-423f-91dc-52f00eff3328) transitioned into state 'RUNNING' from state 'PENDING' {{(pid=108227) _task_receiver /usr/local/lib/python3.12/site-packages/taskflow/listeners/logging.py:194}}
Nov 25 13:06:22.698268 np0005535648.novalocal cinder-volume[108227]: DEBUG cinder.volume.manager [None req-0b722dfc-b50d-4123-bfeb-ba6b1dc4da8c tempest-SnapshotMetadataTestJSON-2053639902 None] Task 'cinder.volume.flows.manager.create_volume.ExtractVolumeRefTask;volume:create' (44a55605-6b9a-423f-91dc-52f00eff3328) transitioned into state 'SUCCESS' from state 'RUNNING' with result 'Volume(_name_id=None,admin_metadata=,attach_status='detached',availability_zone='nova',bootable=False,cluster=,cluster_name=None,consistencygroup=,consistencygroup_id=None,created_at=2025-11-25T18:06:22Z,deleted=False,deleted_at=None,display_description=None,display_name='tempest-SnapshotMetadataTestJSON-Volume-372590668',ec2_id=None,encryption_key_id=None,glance_metadata=,group=,group_id=None,host='np0005535648.novalocal@lvmdriver-1#lvmdriver-1',id=9f213773-4239-473e-be13-c7ea8a212eb0,launched_at=None,metadata={},migration_status=None,multiattach=False,previous_status=None,project_id='7cc64e85f43e4606b8f4149637a35f0d',provider_auth=None,provider_geometry=None,provider_id=None,provider_location=None,replication_driver_data=None,replication_extended_status=None,replication_status=None,scheduled_at=2025-11-25T18:06:22Z,service_uuid=None,shared_targets=True,size=1,snapshot_id=None,snapshots=,source_volid=None,status='creating',terminated_at=None,updated_at=2025-11-25T18:06:22Z,use_quota=True,user_id='00c022b36e32462cab57a75bc9eb7d08',volume_attachment=VolumeAttachmentList,volume_type=VolumeType(42ef2ac8-46e2-415f-ad47-5f278d4fe376),volume_type_id=42ef2ac8-46e2-415f-ad47-5f278d4fe376)' {{(pid=108227) _task_receiver /usr/local/lib/python3.12/site-packages/taskflow/listeners/logging.py:182}}
Nov 25 13:06:22.699791 np0005535648.novalocal cinder-volume[108227]: DEBUG cinder.volume.manager [None req-0b722dfc-b50d-4123-bfeb-ba6b1dc4da8c tempest-SnapshotMetadataTestJSON-2053639902 None] Task 'cinder.volume.flows.manager.create_volume.OnFailureRescheduleTask;volume:create' (5e8d065f-7dae-49a0-8901-5ae65dc898d8) transitioned into state 'RUNNING' from state 'PENDING' {{(pid=108227) _task_receiver /usr/local/lib/python3.12/site-packages/taskflow/listeners/logging.py:194}}
Nov 25 13:06:22.701131 np0005535648.novalocal cinder-volume[108227]: DEBUG cinder.volume.manager [None req-0b722dfc-b50d-4123-bfeb-ba6b1dc4da8c tempest-SnapshotMetadataTestJSON-2053639902 None] Task 'cinder.volume.flows.manager.create_volume.OnFailureRescheduleTask;volume:create' (5e8d065f-7dae-49a0-8901-5ae65dc898d8) transitioned into state 'SUCCESS' from state 'RUNNING' with result 'None' {{(pid=108227) _task_receiver /usr/local/lib/python3.12/site-packages/taskflow/listeners/logging.py:182}}
Nov 25 13:06:22.702491 np0005535648.novalocal cinder-volume[108227]: DEBUG cinder.volume.manager [None req-0b722dfc-b50d-4123-bfeb-ba6b1dc4da8c tempest-SnapshotMetadataTestJSON-2053639902 None] Task 'cinder.volume.flows.manager.create_volume.ExtractVolumeSpecTask;volume:create' (45fa9aed-11a6-4a03-a6de-6f33e6aff499) transitioned into state 'RUNNING' from state 'PENDING' {{(pid=108227) _task_receiver /usr/local/lib/python3.12/site-packages/taskflow/listeners/logging.py:194}}
Nov 25 13:06:22.703689 np0005535648.novalocal cinder-volume[108227]: DEBUG cinder.volume.manager [None req-0b722dfc-b50d-4123-bfeb-ba6b1dc4da8c tempest-SnapshotMetadataTestJSON-2053639902 None] Task 'cinder.volume.flows.manager.create_volume.ExtractVolumeSpecTask;volume:create' (45fa9aed-11a6-4a03-a6de-6f33e6aff499) transitioned into state 'SUCCESS' from state 'RUNNING' with result '{'status': 'creating', 'type': 'raw', 'volume_id': '9f213773-4239-473e-be13-c7ea8a212eb0', 'volume_name': 'volume-9f213773-4239-473e-be13-c7ea8a212eb0', 'volume_size': 1}' {{(pid=108227) _task_receiver /usr/local/lib/python3.12/site-packages/taskflow/listeners/logging.py:182}}
Nov 25 13:06:22.704997 np0005535648.novalocal cinder-volume[108227]: DEBUG cinder.volume.manager [None req-0b722dfc-b50d-4123-bfeb-ba6b1dc4da8c tempest-SnapshotMetadataTestJSON-2053639902 None] Task 'cinder.volume.flows.manager.create_volume.NotifyVolumeActionTask;volume:create, create.start' (17ee405e-ba5c-4982-8062-7ddb42a6a5c5) transitioned into state 'RUNNING' from state 'PENDING' {{(pid=108227) _task_receiver /usr/local/lib/python3.12/site-packages/taskflow/listeners/logging.py:194}}
Nov 25 13:06:22.706106 np0005535648.novalocal cinder-volume[108227]: DEBUG cinder.volume.manager [None req-0b722dfc-b50d-4123-bfeb-ba6b1dc4da8c tempest-SnapshotMetadataTestJSON-2053639902 None] Task 'cinder.volume.flows.manager.create_volume.NotifyVolumeActionTask;volume:create, create.start' (17ee405e-ba5c-4982-8062-7ddb42a6a5c5) transitioned into state 'SUCCESS' from state 'RUNNING' with result 'None' {{(pid=108227) _task_receiver /usr/local/lib/python3.12/site-packages/taskflow/listeners/logging.py:182}}
Nov 25 13:06:22.707453 np0005535648.novalocal cinder-volume[108227]: DEBUG cinder.volume.manager [None req-0b722dfc-b50d-4123-bfeb-ba6b1dc4da8c tempest-SnapshotMetadataTestJSON-2053639902 None] Task 'cinder.volume.flows.manager.create_volume.CreateVolumeFromSpecTask;volume:create' (4d23542b-ae11-48bc-a3f3-49ca6cec18ac) transitioned into state 'RUNNING' from state 'PENDING' {{(pid=108227) _task_receiver /usr/local/lib/python3.12/site-packages/taskflow/listeners/logging.py:194}}
Nov 25 13:06:22.707800 np0005535648.novalocal cinder-volume[108227]: INFO cinder.volume.flows.manager.create_volume [None req-0b722dfc-b50d-4123-bfeb-ba6b1dc4da8c tempest-SnapshotMetadataTestJSON-2053639902 None] Volume 9f213773-4239-473e-be13-c7ea8a212eb0: being created as raw with specification: {'status': 'creating', 'volume_name': 'volume-9f213773-4239-473e-be13-c7ea8a212eb0', 'volume_size': 1}
Nov 25 13:06:22.708266 np0005535648.novalocal cinder-volume[108227]: DEBUG oslo_concurrency.processutils [None req-0b722dfc-b50d-4123-bfeb-ba6b1dc4da8c tempest-SnapshotMetadataTestJSON-2053639902 None] Running cmd (subprocess): sudo cinder-rootwrap /etc/cinder/rootwrap.conf env LC_ALL=C lvcreate -T -V 1g -n volume-9f213773-4239-473e-be13-c7ea8a212eb0 stack-volumes-lvmdriver-1/stack-volumes-lvmdriver-1-pool {{(pid=108227) execute /usr/local/lib/python3.12/site-packages/oslo_concurrency/processutils.py:349}}
Nov 25 13:06:22.732929 np0005535648.novalocal sudo[133317]: stack : PWD=/ ; USER=root ; COMMAND=/usr/local/bin/cinder-rootwrap /etc/cinder/rootwrap.conf env LC_ALL=C lvcreate -T -V 1g -n volume-9f213773-4239-473e-be13-c7ea8a212eb0 stack-volumes-lvmdriver-1/stack-volumes-lvmdriver-1-pool
Nov 25 13:06:23.170114 np0005535648.novalocal cinder-volume[108227]: DEBUG oslo_concurrency.processutils [None req-0b722dfc-b50d-4123-bfeb-ba6b1dc4da8c tempest-SnapshotMetadataTestJSON-2053639902 None] CMD "sudo cinder-rootwrap /etc/cinder/rootwrap.conf env LC_ALL=C lvcreate -T -V 1g -n volume-9f213773-4239-473e-be13-c7ea8a212eb0 stack-volumes-lvmdriver-1/stack-volumes-lvmdriver-1-pool" returned: 0 in 0.461s {{(pid=108227) execute /usr/local/lib/python3.12/site-packages/oslo_concurrency/processutils.py:372}}
Nov 25 13:06:23.172426 np0005535648.novalocal cinder-volume[108227]: DEBUG cinder.volume.manager [None req-0b722dfc-b50d-4123-bfeb-ba6b1dc4da8c tempest-SnapshotMetadataTestJSON-2053639902 None] Task 'cinder.volume.flows.manager.create_volume.CreateVolumeFromSpecTask;volume:create' (4d23542b-ae11-48bc-a3f3-49ca6cec18ac) transitioned into state 'SUCCESS' from state 'RUNNING' with result '{'status': 'creating', 'volume_name': 'volume-9f213773-4239-473e-be13-c7ea8a212eb0', 'volume_size': 1}' {{(pid=108227) _task_receiver /usr/local/lib/python3.12/site-packages/taskflow/listeners/logging.py:182}}
Nov 25 13:06:23.174662 np0005535648.novalocal cinder-volume[108227]: DEBUG cinder.volume.manager [None req-0b722dfc-b50d-4123-bfeb-ba6b1dc4da8c tempest-SnapshotMetadataTestJSON-2053639902 None] Task 'cinder.volume.flows.manager.create_volume.CreateVolumeOnFinishTask;volume:create, create.end' (79510764-85d9-431f-b98c-e36e9a3d0437) transitioned into state 'RUNNING' from state 'PENDING' {{(pid=108227) _task_receiver /usr/local/lib/python3.12/site-packages/taskflow/listeners/logging.py:194}}
Nov 25 13:06:23.183428 np0005535648.novalocal cinder-volume[108227]: INFO cinder.volume.flows.manager.create_volume [None req-0b722dfc-b50d-4123-bfeb-ba6b1dc4da8c tempest-SnapshotMetadataTestJSON-2053639902 None] Volume volume-9f213773-4239-473e-be13-c7ea8a212eb0 (9f213773-4239-473e-be13-c7ea8a212eb0): created successfully
Nov 25 13:06:23.185179 np0005535648.novalocal cinder-volume[108227]: DEBUG cinder.volume.manager [None req-0b722dfc-b50d-4123-bfeb-ba6b1dc4da8c tempest-SnapshotMetadataTestJSON-2053639902 None] Task 'cinder.volume.flows.manager.create_volume.CreateVolumeOnFinishTask;volume:create, create.end' (79510764-85d9-431f-b98c-e36e9a3d0437) transitioned into state 'SUCCESS' from state 'RUNNING' with result 'None' {{(pid=108227) _task_receiver /usr/local/lib/python3.12/site-packages/taskflow/listeners/logging.py:182}}
Nov 25 13:06:23.187740 np0005535648.novalocal cinder-volume[108227]: DEBUG cinder.volume.manager [None req-0b722dfc-b50d-4123-bfeb-ba6b1dc4da8c tempest-SnapshotMetadataTestJSON-2053639902 None] Flow 'volume_create_manager' (63780349-3383-434b-a011-57ec78644c62) transitioned into state 'SUCCESS' from state 'RUNNING' {{(pid=108227) _flow_receiver /usr/local/lib/python3.12/site-packages/taskflow/listeners/logging.py:145}}
Nov 25 13:06:23.193502 np0005535648.novalocal cinder-volume[108227]: INFO cinder.volume.manager [None req-0b722dfc-b50d-4123-bfeb-ba6b1dc4da8c tempest-SnapshotMetadataTestJSON-2053639902 None] Created volume successfully.
Nov 25 13:06:23.853619 np0005535648.novalocal cinder-volume[108227]: DEBUG oslo_concurrency.processutils [None req-e4461ce2-10fb-4d15-ab5c-fe5173cc4f4b tempest-SnapshotMetadataTestJSON-2053639902 None] Running cmd (subprocess): sudo cinder-rootwrap /etc/cinder/rootwrap.conf env LC_ALL=C lvs --noheadings --unit=g -o vg_name,name,size --nosuffix --readonly stack-volumes-lvmdriver-1/volume-9f213773-4239-473e-be13-c7ea8a212eb0 {{(pid=108227) execute /usr/local/lib/python3.12/site-packages/oslo_concurrency/processutils.py:349}}
Nov 25 13:06:23.872302 np0005535648.novalocal sudo[133330]: stack : PWD=/ ; USER=root ; COMMAND=/usr/local/bin/cinder-rootwrap /etc/cinder/rootwrap.conf env LC_ALL=C lvs --noheadings --unit=g -o vg_name,name,size --nosuffix --readonly stack-volumes-lvmdriver-1/volume-9f213773-4239-473e-be13-c7ea8a212eb0
Nov 25 13:06:24.207383 np0005535648.novalocal cinder-volume[108227]: DEBUG oslo_concurrency.processutils [None req-e4461ce2-10fb-4d15-ab5c-fe5173cc4f4b tempest-SnapshotMetadataTestJSON-2053639902 None] CMD "sudo cinder-rootwrap /etc/cinder/rootwrap.conf env LC_ALL=C lvs --noheadings --unit=g -o vg_name,name,size --nosuffix --readonly stack-volumes-lvmdriver-1/volume-9f213773-4239-473e-be13-c7ea8a212eb0" returned: 0 in 0.354s {{(pid=108227) execute /usr/local/lib/python3.12/site-packages/oslo_concurrency/processutils.py:372}}
Nov 25 13:06:24.208230 np0005535648.novalocal cinder-volume[108227]: DEBUG oslo_concurrency.processutils [None req-e4461ce2-10fb-4d15-ab5c-fe5173cc4f4b tempest-SnapshotMetadataTestJSON-2053639902 None] Running cmd (subprocess): sudo cinder-rootwrap /etc/cinder/rootwrap.conf env LC_ALL=C lvcreate --name _snapshot-f1cd1438-aeb6-4c35-9ca7-715bcb808272 --snapshot stack-volumes-lvmdriver-1/volume-9f213773-4239-473e-be13-c7ea8a212eb0 {{(pid=108227) execute /usr/local/lib/python3.12/site-packages/oslo_concurrency/processutils.py:349}}
Nov 25 13:06:24.224341 np0005535648.novalocal sudo[133335]: stack : PWD=/ ; USER=root ; COMMAND=/usr/local/bin/cinder-rootwrap /etc/cinder/rootwrap.conf env LC_ALL=C lvcreate --name _snapshot-f1cd1438-aeb6-4c35-9ca7-715bcb808272 --snapshot stack-volumes-lvmdriver-1/volume-9f213773-4239-473e-be13-c7ea8a212eb0
Nov 25 13:06:24.630960 np0005535648.novalocal cinder-volume[108227]: DEBUG oslo_concurrency.processutils [None req-e4461ce2-10fb-4d15-ab5c-fe5173cc4f4b tempest-SnapshotMetadataTestJSON-2053639902 None] CMD "sudo cinder-rootwrap /etc/cinder/rootwrap.conf env LC_ALL=C lvcreate --name _snapshot-f1cd1438-aeb6-4c35-9ca7-715bcb808272 --snapshot stack-volumes-lvmdriver-1/volume-9f213773-4239-473e-be13-c7ea8a212eb0" returned: 0 in 0.422s {{(pid=108227) execute /usr/local/lib/python3.12/site-packages/oslo_concurrency/processutils.py:372}}
Nov 25 13:06:24.646202 np0005535648.novalocal cinder-volume[108227]: INFO cinder.volume.manager [None req-e4461ce2-10fb-4d15-ab5c-fe5173cc4f4b tempest-SnapshotMetadataTestJSON-2053639902 None] Create snapshot completed successfully
Nov 25 13:06:25.320082 np0005535648.novalocal cinder-volume[108227]: DEBUG cinder.coordination [None req-f02492fc-7ffd-47d8-a6c2-35522d4ce0ad tempest-SnapshotMetadataTestJSON-2053639902 None] Acquiring lock "cinder-f1cd1438-aeb6-4c35-9ca7-715bcb808272-delete_snapshot" by "delete_snapshot" {{(pid=108227) __acquire /opt/stack/cinder/cinder/coordination.py:143}}
Nov 25 13:06:25.324874 np0005535648.novalocal cinder-volume[108227]: DEBUG cinder.coordination [None req-f02492fc-7ffd-47d8-a6c2-35522d4ce0ad tempest-SnapshotMetadataTestJSON-2053639902 None] Lock "cinder-f1cd1438-aeb6-4c35-9ca7-715bcb808272-delete_snapshot" acquired by "delete_snapshot" :: waited 0.005s {{(pid=108227) __acquire /opt/stack/cinder/cinder/coordination.py:146}}
Nov 25 13:06:25.325764 np0005535648.novalocal cinder-volume[108227]: DEBUG oslo_concurrency.processutils [None req-f02492fc-7ffd-47d8-a6c2-35522d4ce0ad tempest-SnapshotMetadataTestJSON-2053639902 None] Running cmd (subprocess): sudo cinder-rootwrap /etc/cinder/rootwrap.conf env LC_ALL=C lvs --noheadings --unit=g -o vg_name,name,size --nosuffix --readonly stack-volumes-lvmdriver-1/_snapshot-f1cd1438-aeb6-4c35-9ca7-715bcb808272 {{(pid=108227) execute /usr/local/lib/python3.12/site-packages/oslo_concurrency/processutils.py:349}}
Nov 25 13:06:25.351720 np0005535648.novalocal sudo[133380]: stack : PWD=/ ; USER=root ; COMMAND=/usr/local/bin/cinder-rootwrap /etc/cinder/rootwrap.conf env LC_ALL=C lvs --noheadings --unit=g -o vg_name,name,size --nosuffix --readonly stack-volumes-lvmdriver-1/_snapshot-f1cd1438-aeb6-4c35-9ca7-715bcb808272
Nov 25 13:06:25.732523 np0005535648.novalocal cinder-volume[108227]: DEBUG oslo_concurrency.processutils [None req-f02492fc-7ffd-47d8-a6c2-35522d4ce0ad tempest-SnapshotMetadataTestJSON-2053639902 None] CMD "sudo cinder-rootwrap /etc/cinder/rootwrap.conf env LC_ALL=C lvs --noheadings --unit=g -o vg_name,name,size --nosuffix --readonly stack-volumes-lvmdriver-1/_snapshot-f1cd1438-aeb6-4c35-9ca7-715bcb808272" returned: 0 in 0.406s {{(pid=108227) execute /usr/local/lib/python3.12/site-packages/oslo_concurrency/processutils.py:372}}
Nov 25 13:06:25.736184 np0005535648.novalocal cinder-volume[108227]: DEBUG oslo_concurrency.processutils [None req-f02492fc-7ffd-47d8-a6c2-35522d4ce0ad tempest-SnapshotMetadataTestJSON-2053639902 None] Running cmd (subprocess): sudo cinder-rootwrap /etc/cinder/rootwrap.conf lvremove --config activation { retry_deactivation = 1} -f stack-volumes-lvmdriver-1/_snapshot-f1cd1438-aeb6-4c35-9ca7-715bcb808272 {{(pid=108227) execute /usr/local/lib/python3.12/site-packages/oslo_concurrency/processutils.py:349}}
Nov 25 13:06:25.755839 np0005535648.novalocal sudo[133394]: stack : PWD=/ ; USER=root ; COMMAND=/usr/local/bin/cinder-rootwrap /etc/cinder/rootwrap.conf lvremove --config 'activation { retry_deactivation = 1} ' -f stack-volumes-lvmdriver-1/_snapshot-f1cd1438-aeb6-4c35-9ca7-715bcb808272
Nov 25 13:06:26.165936 np0005535648.novalocal cinder-volume[108227]: DEBUG oslo_concurrency.processutils [None req-f02492fc-7ffd-47d8-a6c2-35522d4ce0ad tempest-SnapshotMetadataTestJSON-2053639902 None] CMD "sudo cinder-rootwrap /etc/cinder/rootwrap.conf lvremove --config activation { retry_deactivation = 1} -f stack-volumes-lvmdriver-1/_snapshot-f1cd1438-aeb6-4c35-9ca7-715bcb808272" returned: 0 in 0.432s {{(pid=108227) execute /usr/local/lib/python3.12/site-packages/oslo_concurrency/processutils.py:372}}
Nov 25 13:06:26.199232 np0005535648.novalocal cinder-volume[108227]: WARNING cinder.quota [None req-f02492fc-7ffd-47d8-a6c2-35522d4ce0ad tempest-SnapshotMetadataTestJSON-2053639902 None] Deprecated: Default quota for resource: snapshots_lvmdriver-1 is set by the default quota flag: quota_snapshots_lvmdriver-1, it is now deprecated. Please use the default quota class for default quota.
Nov 25 13:06:26.210421 np0005535648.novalocal cinder-volume[108227]: DEBUG cinder.quota [None req-f02492fc-7ffd-47d8-a6c2-35522d4ce0ad tempest-SnapshotMetadataTestJSON-2053639902 None] Created reservations ['6f545249-30ee-4f24-ad00-4f312cda11b5', 'eda6045b-5f90-4a66-852e-38f96045a242', 'acaf56dd-d6ea-4315-89dc-0f0ebff9c284', '9ff76dac-eda6-4cbc-8b11-2bb11dfdc650'] {{(pid=108227) reserve /opt/stack/cinder/cinder/quota.py:752}}
Nov 25 13:06:26.240441 np0005535648.novalocal cinder-volume[108227]: INFO cinder.volume.manager [None req-f02492fc-7ffd-47d8-a6c2-35522d4ce0ad tempest-SnapshotMetadataTestJSON-2053639902 None] Delete snapshot completed successfully.
Nov 25 13:06:26.243680 np0005535648.novalocal cinder-volume[108227]: DEBUG cinder.coordination [None req-f02492fc-7ffd-47d8-a6c2-35522d4ce0ad tempest-SnapshotMetadataTestJSON-2053639902 None] Lock "cinder-f1cd1438-aeb6-4c35-9ca7-715bcb808272-delete_snapshot" released by "delete_snapshot" :: held 0.919s {{(pid=108227) __release /opt/stack/cinder/cinder/coordination.py:157}}
Nov 25 13:06:26.478263 np0005535648.novalocal cinder-volume[108227]: DEBUG cinder.coordination [None req-7d61d539-6c5c-4c22-80e0-455e4606a7ed tempest-SnapshotMetadataTestJSON-2053639902 None] Acquiring lock "cinder-9f213773-4239-473e-be13-c7ea8a212eb0-delete_volume" by "delete_volume" {{(pid=108227) __acquire /opt/stack/cinder/cinder/coordination.py:143}}
Nov 25 13:06:26.487586 np0005535648.novalocal cinder-volume[108227]: DEBUG cinder.coordination [None req-7d61d539-6c5c-4c22-80e0-455e4606a7ed tempest-SnapshotMetadataTestJSON-2053639902 None] Lock "cinder-9f213773-4239-473e-be13-c7ea8a212eb0-delete_volume" acquired by "delete_volume" :: waited 0.009s {{(pid=108227) __acquire /opt/stack/cinder/cinder/coordination.py:146}}
Nov 25 13:06:26.522581 np0005535648.novalocal cinder-volume[108227]: INFO cinder.volume.targets.iscsi [None req-7d61d539-6c5c-4c22-80e0-455e4606a7ed tempest-SnapshotMetadataTestJSON-2053639902 None] Skipping remove_export. No iscsi_target is presently exported for volume: 9f213773-4239-473e-be13-c7ea8a212eb0
Nov 25 13:06:26.524581 np0005535648.novalocal cinder-volume[108227]: DEBUG oslo_concurrency.processutils [None req-7d61d539-6c5c-4c22-80e0-455e4606a7ed tempest-SnapshotMetadataTestJSON-2053639902 None] Running cmd (subprocess): sudo cinder-rootwrap /etc/cinder/rootwrap.conf env LC_ALL=C lvs --noheadings --unit=g -o vg_name,name,size --nosuffix --readonly stack-volumes-lvmdriver-1/volume-9f213773-4239-473e-be13-c7ea8a212eb0 {{(pid=108227) execute /usr/local/lib/python3.12/site-packages/oslo_concurrency/processutils.py:349}}
Nov 25 13:06:26.556315 np0005535648.novalocal sudo[133403]: stack : PWD=/ ; USER=root ; COMMAND=/usr/local/bin/cinder-rootwrap /etc/cinder/rootwrap.conf env LC_ALL=C lvs --noheadings --unit=g -o vg_name,name,size --nosuffix --readonly stack-volumes-lvmdriver-1/volume-9f213773-4239-473e-be13-c7ea8a212eb0
Nov 25 13:06:26.934929 np0005535648.novalocal cinder-volume[108227]: DEBUG oslo_concurrency.processutils [None req-7d61d539-6c5c-4c22-80e0-455e4606a7ed tempest-SnapshotMetadataTestJSON-2053639902 None] CMD "sudo cinder-rootwrap /etc/cinder/rootwrap.conf env LC_ALL=C lvs --noheadings --unit=g -o vg_name,name,size --nosuffix --readonly stack-volumes-lvmdriver-1/volume-9f213773-4239-473e-be13-c7ea8a212eb0" returned: 0 in 0.409s {{(pid=108227) execute /usr/local/lib/python3.12/site-packages/oslo_concurrency/processutils.py:372}}
Nov 25 13:06:26.934929 np0005535648.novalocal cinder-volume[108227]: DEBUG oslo_concurrency.processutils [None req-7d61d539-6c5c-4c22-80e0-455e4606a7ed tempest-SnapshotMetadataTestJSON-2053639902 None] Running cmd (subprocess): sudo cinder-rootwrap /etc/cinder/rootwrap.conf env LC_ALL=C lvdisplay --noheading -C -o Attr --readonly stack-volumes-lvmdriver-1/volume-9f213773-4239-473e-be13-c7ea8a212eb0 {{(pid=108227) execute /usr/local/lib/python3.12/site-packages/oslo_concurrency/processutils.py:349}}
Nov 25 13:06:26.964755 np0005535648.novalocal sudo[133408]: stack : PWD=/ ; USER=root ; COMMAND=/usr/local/bin/cinder-rootwrap /etc/cinder/rootwrap.conf env LC_ALL=C lvdisplay --noheading -C -o Attr --readonly stack-volumes-lvmdriver-1/volume-9f213773-4239-473e-be13-c7ea8a212eb0
Nov 25 13:06:27.387918 np0005535648.novalocal cinder-volume[108227]: DEBUG oslo_concurrency.processutils [None req-7d61d539-6c5c-4c22-80e0-455e4606a7ed tempest-SnapshotMetadataTestJSON-2053639902 None] CMD "sudo cinder-rootwrap /etc/cinder/rootwrap.conf env LC_ALL=C lvdisplay --noheading -C -o Attr --readonly stack-volumes-lvmdriver-1/volume-9f213773-4239-473e-be13-c7ea8a212eb0" returned: 0 in 0.453s {{(pid=108227) execute /usr/local/lib/python3.12/site-packages/oslo_concurrency/processutils.py:372}}
Nov 25 13:06:27.389703 np0005535648.novalocal cinder-volume[108227]: DEBUG oslo_concurrency.processutils [None req-7d61d539-6c5c-4c22-80e0-455e4606a7ed tempest-SnapshotMetadataTestJSON-2053639902 None] Running cmd (subprocess): sudo cinder-rootwrap /etc/cinder/rootwrap.conf lvremove --config activation { retry_deactivation = 1} -f stack-volumes-lvmdriver-1/volume-9f213773-4239-473e-be13-c7ea8a212eb0 {{(pid=108227) execute /usr/local/lib/python3.12/site-packages/oslo_concurrency/processutils.py:349}}
Nov 25 13:06:27.408278 np0005535648.novalocal sudo[133415]: stack : PWD=/ ; USER=root ; COMMAND=/usr/local/bin/cinder-rootwrap /etc/cinder/rootwrap.conf lvremove --config 'activation { retry_deactivation = 1} ' -f stack-volumes-lvmdriver-1/volume-9f213773-4239-473e-be13-c7ea8a212eb0
Nov 25 13:06:27.855117 np0005535648.novalocal cinder-volume[108227]: DEBUG oslo_concurrency.processutils [None req-7d61d539-6c5c-4c22-80e0-455e4606a7ed tempest-SnapshotMetadataTestJSON-2053639902 None] CMD "sudo cinder-rootwrap /etc/cinder/rootwrap.conf lvremove --config activation { retry_deactivation = 1} -f stack-volumes-lvmdriver-1/volume-9f213773-4239-473e-be13-c7ea8a212eb0" returned: 0 in 0.465s {{(pid=108227) execute /usr/local/lib/python3.12/site-packages/oslo_concurrency/processutils.py:372}}
Nov 25 13:06:27.855117 np0005535648.novalocal cinder-volume[108227]: INFO cinder.volume.drivers.lvm [None req-7d61d539-6c5c-4c22-80e0-455e4606a7ed tempest-SnapshotMetadataTestJSON-2053639902 None] Successfully deleted volume: 9f213773-4239-473e-be13-c7ea8a212eb0
Nov 25 13:06:27.897686 np0005535648.novalocal cinder-volume[108227]: DEBUG cinder.quota [None req-7d61d539-6c5c-4c22-80e0-455e4606a7ed tempest-SnapshotMetadataTestJSON-2053639902 None] Created reservations ['ebb59807-97aa-4363-8c24-2991246ac651', '0b3ddd71-da31-4b6e-bdf7-a9a1633b1c01', '3d900f65-1ce7-4814-8de8-6b621f03604f', 'ebc72d43-c924-40d7-be4e-3462b5a5292b'] {{(pid=108227) reserve /opt/stack/cinder/cinder/quota.py:752}}
Nov 25 13:06:27.932557 np0005535648.novalocal cinder-volume[108227]: DEBUG cinder.volume.drivers.lvm [None req-7d61d539-6c5c-4c22-80e0-455e4606a7ed tempest-SnapshotMetadataTestJSON-2053639902 None] Updating volume stats {{(pid=108227) _update_volume_stats /opt/stack/cinder/cinder/volume/drivers/lvm.py:228}}
Nov 25 13:06:27.932557 np0005535648.novalocal cinder-volume[108227]: DEBUG oslo_concurrency.processutils [None req-7d61d539-6c5c-4c22-80e0-455e4606a7ed tempest-SnapshotMetadataTestJSON-2053639902 None] Running cmd (subprocess): sudo cinder-rootwrap /etc/cinder/rootwrap.conf env LC_ALL=C vgs --noheadings --unit=g -o name,size,free,lv_count,uuid --separator : --nosuffix stack-volumes-lvmdriver-1 {{(pid=108227) execute /usr/local/lib/python3.12/site-packages/oslo_concurrency/processutils.py:349}}
Nov 25 13:06:27.946395 np0005535648.novalocal sudo[133427]: stack : PWD=/ ; USER=root ; COMMAND=/usr/local/bin/cinder-rootwrap /etc/cinder/rootwrap.conf env LC_ALL=C vgs --noheadings --unit=g -o name,size,free,lv_count,uuid --separator : --nosuffix stack-volumes-lvmdriver-1
Nov 25 13:06:28.380605 np0005535648.novalocal cinder-volume[108227]: DEBUG oslo_concurrency.processutils [None req-7d61d539-6c5c-4c22-80e0-455e4606a7ed tempest-SnapshotMetadataTestJSON-2053639902 None] CMD "sudo cinder-rootwrap /etc/cinder/rootwrap.conf env LC_ALL=C vgs --noheadings --unit=g -o name,size,free,lv_count,uuid --separator : --nosuffix stack-volumes-lvmdriver-1" returned: 0 in 0.448s {{(pid=108227) execute /usr/local/lib/python3.12/site-packages/oslo_concurrency/processutils.py:372}}
Nov 25 13:06:28.380605 np0005535648.novalocal cinder-volume[108227]: DEBUG oslo_concurrency.processutils [None req-7d61d539-6c5c-4c22-80e0-455e4606a7ed tempest-SnapshotMetadataTestJSON-2053639902 None] Running cmd (subprocess): sudo cinder-rootwrap /etc/cinder/rootwrap.conf env LC_ALL=C lvs --noheadings --unit=g -o vg_name,name,size --nosuffix --readonly stack-volumes-lvmdriver-1 {{(pid=108227) execute /usr/local/lib/python3.12/site-packages/oslo_concurrency/processutils.py:349}}
Nov 25 13:06:28.413368 np0005535648.novalocal sudo[133442]: stack : PWD=/ ; USER=root ; COMMAND=/usr/local/bin/cinder-rootwrap /etc/cinder/rootwrap.conf env LC_ALL=C lvs --noheadings --unit=g -o vg_name,name,size --nosuffix --readonly stack-volumes-lvmdriver-1
Nov 25 13:06:28.803691 np0005535648.novalocal cinder-volume[108227]: DEBUG oslo_concurrency.processutils [None req-7d61d539-6c5c-4c22-80e0-455e4606a7ed tempest-SnapshotMetadataTestJSON-2053639902 None] CMD "sudo cinder-rootwrap /etc/cinder/rootwrap.conf env LC_ALL=C lvs --noheadings --unit=g -o vg_name,name,size --nosuffix --readonly stack-volumes-lvmdriver-1" returned: 0 in 0.424s {{(pid=108227) execute /usr/local/lib/python3.12/site-packages/oslo_concurrency/processutils.py:372}}
Nov 25 13:06:28.804551 np0005535648.novalocal cinder-volume[108227]: DEBUG oslo_concurrency.processutils [None req-7d61d539-6c5c-4c22-80e0-455e4606a7ed tempest-SnapshotMetadataTestJSON-2053639902 None] Running cmd (subprocess): sudo cinder-rootwrap /etc/cinder/rootwrap.conf env LC_ALL=C lvs --noheadings --unit=g -o size,data_percent --separator : --nosuffix /dev/stack-volumes-lvmdriver-1/stack-volumes-lvmdriver-1-pool {{(pid=108227) execute /usr/local/lib/python3.12/site-packages/oslo_concurrency/processutils.py:349}}
Nov 25 13:06:28.834443 np0005535648.novalocal sudo[133492]: stack : PWD=/ ; USER=root ; COMMAND=/usr/local/bin/cinder-rootwrap /etc/cinder/rootwrap.conf env LC_ALL=C lvs --noheadings --unit=g -o size,data_percent --separator : --nosuffix /dev/stack-volumes-lvmdriver-1/stack-volumes-lvmdriver-1-pool
Nov 25 13:06:29.192810 np0005535648.novalocal cinder-volume[108227]: DEBUG oslo_concurrency.processutils [None req-7d61d539-6c5c-4c22-80e0-455e4606a7ed tempest-SnapshotMetadataTestJSON-2053639902 None] CMD "sudo cinder-rootwrap /etc/cinder/rootwrap.conf env LC_ALL=C lvs --noheadings --unit=g -o size,data_percent --separator : --nosuffix /dev/stack-volumes-lvmdriver-1/stack-volumes-lvmdriver-1-pool" returned: 0 in 0.385s {{(pid=108227) execute /usr/local/lib/python3.12/site-packages/oslo_concurrency/processutils.py:372}}
Nov 25 13:06:29.192810 np0005535648.novalocal cinder-volume[108227]: DEBUG oslo_concurrency.processutils [None req-7d61d539-6c5c-4c22-80e0-455e4606a7ed tempest-SnapshotMetadataTestJSON-2053639902 None] Running cmd (subprocess): sudo cinder-rootwrap /etc/cinder/rootwrap.conf env LC_ALL=C lvs --noheadings --unit=g -o vg_name,name,size --nosuffix --readonly stack-volumes-lvmdriver-1 {{(pid=108227) execute /usr/local/lib/python3.12/site-packages/oslo_concurrency/processutils.py:349}}
Nov 25 13:06:29.216173 np0005535648.novalocal sudo[133500]: stack : PWD=/ ; USER=root ; COMMAND=/usr/local/bin/cinder-rootwrap /etc/cinder/rootwrap.conf env LC_ALL=C lvs --noheadings --unit=g -o vg_name,name,size --nosuffix --readonly stack-volumes-lvmdriver-1
Nov 25 13:06:29.473034 np0005535648.novalocal cinder-volume[108227]: INFO cinder.volume.manager [req-6fae2a09-ad51-48d0-b15e-475070b07fbb req-e8007936-27b3-4289-ad9f-fdfa5de6d0b9 tempest-AttachVolumeMultiAttachTest-105428239 None] Terminate volume connection completed successfully.
Nov 25 13:06:29.473247 np0005535648.novalocal cinder-volume[108227]: DEBUG cinder.volume.manager [req-6fae2a09-ad51-48d0-b15e-475070b07fbb req-e8007936-27b3-4289-ad9f-fdfa5de6d0b9 tempest-AttachVolumeMultiAttachTest-105428239 None] Deleting attachment b9aa3b70-aa50-4caa-90ec-9657dbb758d2. {{(pid=108227) attachment_delete /opt/stack/cinder/cinder/volume/manager.py:5023}}
Nov 25 13:06:29.603402 np0005535648.novalocal cinder-volume[108227]: DEBUG oslo_concurrency.processutils [None req-7d61d539-6c5c-4c22-80e0-455e4606a7ed tempest-SnapshotMetadataTestJSON-2053639902 None] CMD "sudo cinder-rootwrap /etc/cinder/rootwrap.conf env LC_ALL=C lvs --noheadings --unit=g -o vg_name,name,size --nosuffix --readonly stack-volumes-lvmdriver-1" returned: 0 in 0.412s {{(pid=108227) execute /usr/local/lib/python3.12/site-packages/oslo_concurrency/processutils.py:372}}
Nov 25 13:06:29.604648 np0005535648.novalocal cinder-volume[108227]: DEBUG cinder.manager [None req-7d61d539-6c5c-4c22-80e0-455e4606a7ed tempest-SnapshotMetadataTestJSON-2053639902 None] Notifying Schedulers of capabilities ... {{(pid=108227) _publish_service_capabilities /opt/stack/cinder/cinder/manager.py:202}}
Nov 25 13:06:29.609281 np0005535648.novalocal cinder-volume[108227]: INFO cinder.volume.manager [None req-7d61d539-6c5c-4c22-80e0-455e4606a7ed tempest-SnapshotMetadataTestJSON-2053639902 None] Deleted volume successfully.
Nov 25 13:06:29.617011 np0005535648.novalocal cinder-volume[108227]: DEBUG cinder.coordination [None req-7d61d539-6c5c-4c22-80e0-455e4606a7ed tempest-SnapshotMetadataTestJSON-2053639902 None] Lock "cinder-9f213773-4239-473e-be13-c7ea8a212eb0-delete_volume" released by "delete_volume" :: held 3.130s {{(pid=108227) __release /opt/stack/cinder/cinder/coordination.py:157}}
Nov 25 13:06:29.945793 np0005535648.novalocal cinder-volume[108227]: DEBUG cinder.volume.flows.manager.create_volume [None req-1bbea57f-f9c9-483f-a7eb-82f2d46f8ae8 tempest-VolumesDeleteCascade-1196604805 None] Volume reschedule parameters: True retry: {'num_attempts': 1, 'backends': ['np0005535648.novalocal@lvmdriver-1#lvmdriver-1'], 'hosts': ['np0005535648.novalocal@lvmdriver-1#lvmdriver-1']} {{(pid=108227) get_flow /opt/stack/cinder/cinder/volume/flows/manager/create_volume.py:1384}}
Nov 25 13:06:29.953265 np0005535648.novalocal cinder-volume[108227]: DEBUG cinder.volume.manager [None req-1bbea57f-f9c9-483f-a7eb-82f2d46f8ae8 tempest-VolumesDeleteCascade-1196604805 None] Flow 'volume_create_manager' (d8f0e5d2-58ce-4c5f-a588-0a3eaa26a5e5) transitioned into state 'RUNNING' from state 'PENDING' {{(pid=108227) _flow_receiver /usr/local/lib/python3.12/site-packages/taskflow/listeners/logging.py:145}}
Nov 25 13:06:29.954772 np0005535648.novalocal cinder-volume[108227]: DEBUG cinder.volume.manager [None req-1bbea57f-f9c9-483f-a7eb-82f2d46f8ae8 tempest-VolumesDeleteCascade-1196604805 None] Task 'cinder.volume.flows.manager.create_volume.ExtractVolumeRefTask;volume:create' (5dddbc50-4d30-4179-b9e7-0fa017f8594f) transitioned into state 'RUNNING' from state 'PENDING' {{(pid=108227) _task_receiver /usr/local/lib/python3.12/site-packages/taskflow/listeners/logging.py:194}}
Nov 25 13:06:29.962478 np0005535648.novalocal cinder-volume[108227]: DEBUG cinder.volume.manager [None req-1bbea57f-f9c9-483f-a7eb-82f2d46f8ae8 tempest-VolumesDeleteCascade-1196604805 None] Task 'cinder.volume.flows.manager.create_volume.ExtractVolumeRefTask;volume:create' (5dddbc50-4d30-4179-b9e7-0fa017f8594f) transitioned into state 'SUCCESS' from state 'RUNNING' with result 'Volume(_name_id=None,admin_metadata=,attach_status='detached',availability_zone='nova',bootable=False,cluster=,cluster_name=None,consistencygroup=,consistencygroup_id=None,created_at=2025-11-25T18:06:29Z,deleted=False,deleted_at=None,display_description=None,display_name='tempest-VolumesDeleteCascade-Volume-284307906',ec2_id=None,encryption_key_id=None,glance_metadata=,group=,group_id=None,host='np0005535648.novalocal@lvmdriver-1#lvmdriver-1',id=96f7018b-ef8e-4b99-8142-5c112325539b,launched_at=None,metadata={},migration_status=None,multiattach=False,previous_status=None,project_id='33739dabcf2643cf8c43b4dcab7f91fd',provider_auth=None,provider_geometry=None,provider_id=None,provider_location=None,replication_driver_data=None,replication_extended_status=None,replication_status=None,scheduled_at=2025-11-25T18:06:29Z,service_uuid=None,shared_targets=True,size=1,snapshot_id=None,snapshots=,source_volid=None,status='creating',terminated_at=None,updated_at=2025-11-25T18:06:29Z,use_quota=True,user_id='292a5db17ae04355a4d9a601a5d09ad3',volume_attachment=VolumeAttachmentList,volume_type=VolumeType(42ef2ac8-46e2-415f-ad47-5f278d4fe376),volume_type_id=42ef2ac8-46e2-415f-ad47-5f278d4fe376)' {{(pid=108227) _task_receiver /usr/local/lib/python3.12/site-packages/taskflow/listeners/logging.py:182}}
Nov 25 13:06:29.964118 np0005535648.novalocal cinder-volume[108227]: DEBUG cinder.volume.manager [None req-1bbea57f-f9c9-483f-a7eb-82f2d46f8ae8 tempest-VolumesDeleteCascade-1196604805 None] Task 'cinder.volume.flows.manager.create_volume.OnFailureRescheduleTask;volume:create' (99c6fec5-bc7c-414f-ad36-cb4e445fdebd) transitioned into state 'RUNNING' from state 'PENDING' {{(pid=108227) _task_receiver /usr/local/lib/python3.12/site-packages/taskflow/listeners/logging.py:194}}
Nov 25 13:06:29.965971 np0005535648.novalocal cinder-volume[108227]: DEBUG cinder.volume.manager [None req-1bbea57f-f9c9-483f-a7eb-82f2d46f8ae8 tempest-VolumesDeleteCascade-1196604805 None] Task 'cinder.volume.flows.manager.create_volume.OnFailureRescheduleTask;volume:create' (99c6fec5-bc7c-414f-ad36-cb4e445fdebd) transitioned into state 'SUCCESS' from state 'RUNNING' with result 'None' {{(pid=108227) _task_receiver /usr/local/lib/python3.12/site-packages/taskflow/listeners/logging.py:182}}
Nov 25 13:06:29.966962 np0005535648.novalocal cinder-volume[108227]: DEBUG cinder.volume.manager [None req-1bbea57f-f9c9-483f-a7eb-82f2d46f8ae8 tempest-VolumesDeleteCascade-1196604805 None] Task 'cinder.volume.flows.manager.create_volume.ExtractVolumeSpecTask;volume:create' (88d54361-77fb-4271-9e1e-172cc5a084a7) transitioned into state 'RUNNING' from state 'PENDING' {{(pid=108227) _task_receiver /usr/local/lib/python3.12/site-packages/taskflow/listeners/logging.py:194}}
Nov 25 13:06:29.968179 np0005535648.novalocal cinder-volume[108227]: DEBUG cinder.volume.manager [None req-1bbea57f-f9c9-483f-a7eb-82f2d46f8ae8 tempest-VolumesDeleteCascade-1196604805 None] Task 'cinder.volume.flows.manager.create_volume.ExtractVolumeSpecTask;volume:create' (88d54361-77fb-4271-9e1e-172cc5a084a7) transitioned into state 'SUCCESS' from state 'RUNNING' with result '{'status': 'creating', 'type': 'raw', 'volume_id': '96f7018b-ef8e-4b99-8142-5c112325539b', 'volume_name': 'volume-96f7018b-ef8e-4b99-8142-5c112325539b', 'volume_size': 1}' {{(pid=108227) _task_receiver /usr/local/lib/python3.12/site-packages/taskflow/listeners/logging.py:182}}
Nov 25 13:06:29.969910 np0005535648.novalocal cinder-volume[108227]: DEBUG cinder.volume.manager [None req-1bbea57f-f9c9-483f-a7eb-82f2d46f8ae8 tempest-VolumesDeleteCascade-1196604805 None] Task 'cinder.volume.flows.manager.create_volume.NotifyVolumeActionTask;volume:create, create.start' (f4dec8cb-4956-4ca2-9f6a-0d8a4e7be88d) transitioned into state 'RUNNING' from state 'PENDING' {{(pid=108227) _task_receiver /usr/local/lib/python3.12/site-packages/taskflow/listeners/logging.py:194}}
Nov 25 13:06:29.970997 np0005535648.novalocal cinder-volume[108227]: DEBUG cinder.volume.manager [None req-1bbea57f-f9c9-483f-a7eb-82f2d46f8ae8 tempest-VolumesDeleteCascade-1196604805 None] Task 'cinder.volume.flows.manager.create_volume.NotifyVolumeActionTask;volume:create, create.start' (f4dec8cb-4956-4ca2-9f6a-0d8a4e7be88d) transitioned into state 'SUCCESS' from state 'RUNNING' with result 'None' {{(pid=108227) _task_receiver /usr/local/lib/python3.12/site-packages/taskflow/listeners/logging.py:182}}
Nov 25 13:06:29.972425 np0005535648.novalocal cinder-volume[108227]: DEBUG cinder.volume.manager [None req-1bbea57f-f9c9-483f-a7eb-82f2d46f8ae8 tempest-VolumesDeleteCascade-1196604805 None] Task 'cinder.volume.flows.manager.create_volume.CreateVolumeFromSpecTask;volume:create' (fd469da3-7a2f-40af-9706-453bbdc30930) transitioned into state 'RUNNING' from state 'PENDING' {{(pid=108227) _task_receiver /usr/local/lib/python3.12/site-packages/taskflow/listeners/logging.py:194}}
Nov 25 13:06:29.972867 np0005535648.novalocal cinder-volume[108227]: INFO cinder.volume.flows.manager.create_volume [None req-1bbea57f-f9c9-483f-a7eb-82f2d46f8ae8 tempest-VolumesDeleteCascade-1196604805 None] Volume 96f7018b-ef8e-4b99-8142-5c112325539b: being created as raw with specification: {'status': 'creating', 'volume_name': 'volume-96f7018b-ef8e-4b99-8142-5c112325539b', 'volume_size': 1}
Nov 25 13:06:29.973273 np0005535648.novalocal cinder-volume[108227]: DEBUG oslo_concurrency.processutils [None req-1bbea57f-f9c9-483f-a7eb-82f2d46f8ae8 tempest-VolumesDeleteCascade-1196604805 None] Running cmd (subprocess): sudo cinder-rootwrap /etc/cinder/rootwrap.conf env LC_ALL=C lvcreate -T -V 1g -n volume-96f7018b-ef8e-4b99-8142-5c112325539b stack-volumes-lvmdriver-1/stack-volumes-lvmdriver-1-pool {{(pid=108227) execute /usr/local/lib/python3.12/site-packages/oslo_concurrency/processutils.py:349}}
Nov 25 13:06:30.000531 np0005535648.novalocal sudo[133511]: stack : PWD=/ ; USER=root ; COMMAND=/usr/local/bin/cinder-rootwrap /etc/cinder/rootwrap.conf env LC_ALL=C lvcreate -T -V 1g -n volume-96f7018b-ef8e-4b99-8142-5c112325539b stack-volumes-lvmdriver-1/stack-volumes-lvmdriver-1-pool
Nov 25 13:06:30.433233 np0005535648.novalocal cinder-volume[108227]: DEBUG oslo_concurrency.processutils [None req-1bbea57f-f9c9-483f-a7eb-82f2d46f8ae8 tempest-VolumesDeleteCascade-1196604805 None] CMD "sudo cinder-rootwrap /etc/cinder/rootwrap.conf env LC_ALL=C lvcreate -T -V 1g -n volume-96f7018b-ef8e-4b99-8142-5c112325539b stack-volumes-lvmdriver-1/stack-volumes-lvmdriver-1-pool" returned: 0 in 0.459s {{(pid=108227) execute /usr/local/lib/python3.12/site-packages/oslo_concurrency/processutils.py:372}}
Nov 25 13:06:30.436876 np0005535648.novalocal cinder-volume[108227]: DEBUG cinder.volume.manager [None req-1bbea57f-f9c9-483f-a7eb-82f2d46f8ae8 tempest-VolumesDeleteCascade-1196604805 None] Task 'cinder.volume.flows.manager.create_volume.CreateVolumeFromSpecTask;volume:create' (fd469da3-7a2f-40af-9706-453bbdc30930) transitioned into state 'SUCCESS' from state 'RUNNING' with result '{'status': 'creating', 'volume_name': 'volume-96f7018b-ef8e-4b99-8142-5c112325539b', 'volume_size': 1}' {{(pid=108227) _task_receiver /usr/local/lib/python3.12/site-packages/taskflow/listeners/logging.py:182}}
Nov 25 13:06:30.438624 np0005535648.novalocal cinder-volume[108227]: DEBUG cinder.volume.manager [None req-1bbea57f-f9c9-483f-a7eb-82f2d46f8ae8 tempest-VolumesDeleteCascade-1196604805 None] Task 'cinder.volume.flows.manager.create_volume.CreateVolumeOnFinishTask;volume:create, create.end' (3cafcffd-1578-4172-aa38-04771bf8cec6) transitioned into state 'RUNNING' from state 'PENDING' {{(pid=108227) _task_receiver /usr/local/lib/python3.12/site-packages/taskflow/listeners/logging.py:194}}
Nov 25 13:06:30.446324 np0005535648.novalocal cinder-volume[108227]: INFO cinder.volume.flows.manager.create_volume [None req-1bbea57f-f9c9-483f-a7eb-82f2d46f8ae8 tempest-VolumesDeleteCascade-1196604805 None] Volume volume-96f7018b-ef8e-4b99-8142-5c112325539b (96f7018b-ef8e-4b99-8142-5c112325539b): created successfully
Nov 25 13:06:30.447453 np0005535648.novalocal cinder-volume[108227]: DEBUG cinder.volume.manager [None req-1bbea57f-f9c9-483f-a7eb-82f2d46f8ae8 tempest-VolumesDeleteCascade-1196604805 None] Task 'cinder.volume.flows.manager.create_volume.CreateVolumeOnFinishTask;volume:create, create.end' (3cafcffd-1578-4172-aa38-04771bf8cec6) transitioned into state 'SUCCESS' from state 'RUNNING' with result 'None' {{(pid=108227) _task_receiver /usr/local/lib/python3.12/site-packages/taskflow/listeners/logging.py:182}}
Nov 25 13:06:30.449131 np0005535648.novalocal cinder-volume[108227]: DEBUG cinder.volume.manager [None req-1bbea57f-f9c9-483f-a7eb-82f2d46f8ae8 tempest-VolumesDeleteCascade-1196604805 None] Flow 'volume_create_manager' (d8f0e5d2-58ce-4c5f-a588-0a3eaa26a5e5) transitioned into state 'SUCCESS' from state 'RUNNING' {{(pid=108227) _flow_receiver /usr/local/lib/python3.12/site-packages/taskflow/listeners/logging.py:145}}
Nov 25 13:06:30.452850 np0005535648.novalocal cinder-volume[108227]: INFO cinder.volume.manager [None req-1bbea57f-f9c9-483f-a7eb-82f2d46f8ae8 tempest-VolumesDeleteCascade-1196604805 None] Created volume successfully.
Nov 25 13:06:31.094634 np0005535648.novalocal cinder-volume[108227]: DEBUG oslo_concurrency.processutils [None req-283a7b98-4414-45ae-bb5c-99f06c69170f tempest-VolumesDeleteCascade-1196604805 None] Running cmd (subprocess): sudo cinder-rootwrap /etc/cinder/rootwrap.conf env LC_ALL=C lvs --noheadings --unit=g -o vg_name,name,size --nosuffix --readonly stack-volumes-lvmdriver-1/volume-96f7018b-ef8e-4b99-8142-5c112325539b {{(pid=108227) execute /usr/local/lib/python3.12/site-packages/oslo_concurrency/processutils.py:349}}
Nov 25 13:06:31.120015 np0005535648.novalocal sudo[133522]: stack : PWD=/ ; USER=root ; COMMAND=/usr/local/bin/cinder-rootwrap /etc/cinder/rootwrap.conf env LC_ALL=C lvs --noheadings --unit=g -o vg_name,name,size --nosuffix --readonly stack-volumes-lvmdriver-1/volume-96f7018b-ef8e-4b99-8142-5c112325539b
Nov 25 13:06:31.436369 np0005535648.novalocal cinder-volume[108227]: DEBUG oslo_concurrency.processutils [None req-283a7b98-4414-45ae-bb5c-99f06c69170f tempest-VolumesDeleteCascade-1196604805 None] CMD "sudo cinder-rootwrap /etc/cinder/rootwrap.conf env LC_ALL=C lvs --noheadings --unit=g -o vg_name,name,size --nosuffix --readonly stack-volumes-lvmdriver-1/volume-96f7018b-ef8e-4b99-8142-5c112325539b" returned: 0 in 0.341s {{(pid=108227) execute /usr/local/lib/python3.12/site-packages/oslo_concurrency/processutils.py:372}}
Nov 25 13:06:31.437722 np0005535648.novalocal cinder-volume[108227]: DEBUG oslo_concurrency.processutils [None req-283a7b98-4414-45ae-bb5c-99f06c69170f tempest-VolumesDeleteCascade-1196604805 None] Running cmd (subprocess): sudo cinder-rootwrap /etc/cinder/rootwrap.conf env LC_ALL=C lvcreate --name _snapshot-1c410b2d-ca42-46df-9593-bccdc27270d5 --snapshot stack-volumes-lvmdriver-1/volume-96f7018b-ef8e-4b99-8142-5c112325539b {{(pid=108227) execute /usr/local/lib/python3.12/site-packages/oslo_concurrency/processutils.py:349}}
Nov 25 13:06:31.467807 np0005535648.novalocal sudo[133528]: stack : PWD=/ ; USER=root ; COMMAND=/usr/local/bin/cinder-rootwrap /etc/cinder/rootwrap.conf env LC_ALL=C lvcreate --name _snapshot-1c410b2d-ca42-46df-9593-bccdc27270d5 --snapshot stack-volumes-lvmdriver-1/volume-96f7018b-ef8e-4b99-8142-5c112325539b
Nov 25 13:06:31.893769 np0005535648.novalocal cinder-volume[108227]: DEBUG oslo_concurrency.processutils [None req-283a7b98-4414-45ae-bb5c-99f06c69170f tempest-VolumesDeleteCascade-1196604805 None] CMD "sudo cinder-rootwrap /etc/cinder/rootwrap.conf env LC_ALL=C lvcreate --name _snapshot-1c410b2d-ca42-46df-9593-bccdc27270d5 --snapshot stack-volumes-lvmdriver-1/volume-96f7018b-ef8e-4b99-8142-5c112325539b" returned: 0 in 0.454s {{(pid=108227) execute /usr/local/lib/python3.12/site-packages/oslo_concurrency/processutils.py:372}}
Nov 25 13:06:31.951604 np0005535648.novalocal cinder-volume[108227]: INFO cinder.volume.manager [None req-283a7b98-4414-45ae-bb5c-99f06c69170f tempest-VolumesDeleteCascade-1196604805 None] Create snapshot completed successfully
Nov 25 13:06:32.270639 np0005535648.novalocal cinder-volume[108227]: DEBUG oslo_concurrency.processutils [None req-c9e88bd8-73b5-456c-87eb-1d59f0ce0ef0 tempest-VolumesDeleteCascade-1196604805 None] Running cmd (subprocess): sudo cinder-rootwrap /etc/cinder/rootwrap.conf env LC_ALL=C lvs --noheadings --unit=g -o vg_name,name,size --nosuffix --readonly stack-volumes-lvmdriver-1/volume-96f7018b-ef8e-4b99-8142-5c112325539b {{(pid=108227) execute /usr/local/lib/python3.12/site-packages/oslo_concurrency/processutils.py:349}}
Nov 25 13:06:32.289188 np0005535648.novalocal sudo[133540]: stack : PWD=/ ; USER=root ; COMMAND=/usr/local/bin/cinder-rootwrap /etc/cinder/rootwrap.conf env LC_ALL=C lvs --noheadings --unit=g -o vg_name,name,size --nosuffix --readonly stack-volumes-lvmdriver-1/volume-96f7018b-ef8e-4b99-8142-5c112325539b
Nov 25 13:06:32.644378 np0005535648.novalocal cinder-volume[108227]: DEBUG oslo_concurrency.processutils [None req-c9e88bd8-73b5-456c-87eb-1d59f0ce0ef0 tempest-VolumesDeleteCascade-1196604805 None] CMD "sudo cinder-rootwrap /etc/cinder/rootwrap.conf env LC_ALL=C lvs --noheadings --unit=g -o vg_name,name,size --nosuffix --readonly stack-volumes-lvmdriver-1/volume-96f7018b-ef8e-4b99-8142-5c112325539b" returned: 0 in 0.373s {{(pid=108227) execute /usr/local/lib/python3.12/site-packages/oslo_concurrency/processutils.py:372}}
Nov 25 13:06:32.646654 np0005535648.novalocal cinder-volume[108227]: DEBUG oslo_concurrency.processutils [None req-c9e88bd8-73b5-456c-87eb-1d59f0ce0ef0 tempest-VolumesDeleteCascade-1196604805 None] Running cmd (subprocess): sudo cinder-rootwrap /etc/cinder/rootwrap.conf env LC_ALL=C lvcreate --name _snapshot-1509196e-697a-446f-8652-00da0d7ff30e --snapshot stack-volumes-lvmdriver-1/volume-96f7018b-ef8e-4b99-8142-5c112325539b {{(pid=108227) execute /usr/local/lib/python3.12/site-packages/oslo_concurrency/processutils.py:349}}
Nov 25 13:06:32.666457 np0005535648.novalocal sudo[133546]: stack : PWD=/ ; USER=root ; COMMAND=/usr/local/bin/cinder-rootwrap /etc/cinder/rootwrap.conf env LC_ALL=C lvcreate --name _snapshot-1509196e-697a-446f-8652-00da0d7ff30e --snapshot stack-volumes-lvmdriver-1/volume-96f7018b-ef8e-4b99-8142-5c112325539b
Nov 25 13:06:33.107029 np0005535648.novalocal cinder-volume[108227]: DEBUG oslo_concurrency.processutils [None req-c9e88bd8-73b5-456c-87eb-1d59f0ce0ef0 tempest-VolumesDeleteCascade-1196604805 None] CMD "sudo cinder-rootwrap /etc/cinder/rootwrap.conf env LC_ALL=C lvcreate --name _snapshot-1509196e-697a-446f-8652-00da0d7ff30e --snapshot stack-volumes-lvmdriver-1/volume-96f7018b-ef8e-4b99-8142-5c112325539b" returned: 0 in 0.459s {{(pid=108227) execute /usr/local/lib/python3.12/site-packages/oslo_concurrency/processutils.py:372}}
Nov 25 13:06:33.124031 np0005535648.novalocal cinder-volume[108227]: INFO cinder.volume.manager [None req-c9e88bd8-73b5-456c-87eb-1d59f0ce0ef0 tempest-VolumesDeleteCascade-1196604805 None] Create snapshot completed successfully
Nov 25 13:06:33.360249 np0005535648.novalocal cinder-volume[108227]: DEBUG cinder.coordination [None req-ac73520b-f093-4bae-9213-153b992392ca tempest-VolumesDeleteCascade-1196604805 None] Acquiring lock "cinder-96f7018b-ef8e-4b99-8142-5c112325539b-delete_volume" by "delete_volume" {{(pid=108227) __acquire /opt/stack/cinder/cinder/coordination.py:143}}
Nov 25 13:06:33.364811 np0005535648.novalocal cinder-volume[108227]: DEBUG cinder.coordination [None req-ac73520b-f093-4bae-9213-153b992392ca tempest-VolumesDeleteCascade-1196604805 None] Lock "cinder-96f7018b-ef8e-4b99-8142-5c112325539b-delete_volume" acquired by "delete_volume" :: waited 0.005s {{(pid=108227) __acquire /opt/stack/cinder/cinder/coordination.py:146}}
Nov 25 13:06:33.379880 np0005535648.novalocal cinder-volume[108227]: INFO cinder.volume.targets.iscsi [None req-ac73520b-f093-4bae-9213-153b992392ca tempest-VolumesDeleteCascade-1196604805 None] Skipping remove_export. No iscsi_target is presently exported for volume: 96f7018b-ef8e-4b99-8142-5c112325539b
Nov 25 13:06:33.380045 np0005535648.novalocal cinder-volume[108227]: DEBUG cinder.volume.manager [None req-ac73520b-f093-4bae-9213-153b992392ca tempest-VolumesDeleteCascade-1196604805 None] Performing cascade delete. {{(pid=108227) delete_volume /opt/stack/cinder/cinder/volume/manager.py:995}}
Nov 25 13:06:33.389125 np0005535648.novalocal cinder-volume[108227]: DEBUG cinder.coordination [None req-ac73520b-f093-4bae-9213-153b992392ca tempest-VolumesDeleteCascade-1196604805 None] Acquiring lock "cinder-1509196e-697a-446f-8652-00da0d7ff30e-delete_snapshot" by "delete_snapshot" {{(pid=108227) __acquire /opt/stack/cinder/cinder/coordination.py:143}}
Nov 25 13:06:33.393335 np0005535648.novalocal cinder-volume[108227]: DEBUG cinder.coordination [None req-ac73520b-f093-4bae-9213-153b992392ca tempest-VolumesDeleteCascade-1196604805 None] Lock "cinder-1509196e-697a-446f-8652-00da0d7ff30e-delete_snapshot" acquired by "delete_snapshot" :: waited 0.004s {{(pid=108227) __acquire /opt/stack/cinder/cinder/coordination.py:146}}
