Nov 25 13:17:04.149628 np0005535648.novalocal cinder-volume[108227]: DEBUG cinder.volume.manager [None req-01421467-05fa-4cae-8565-7b24ff64fbe4 tempest-VolumesTransfersTest-1790933480 None] Task 'cinder.volume.flows.manager.create_volume.CreateVolumeOnFinishTask;volume:create, create.end' (3e3140ce-71ed-4a35-b4ab-8dd7eb2817b1) transitioned into state 'SUCCESS' from state 'RUNNING' with result 'None' {{(pid=108227) _task_receiver /usr/local/lib/python3.12/site-packages/taskflow/listeners/logging.py:182}}
Nov 25 13:17:04.151119 np0005535648.novalocal cinder-volume[108227]: DEBUG cinder.volume.manager [None req-01421467-05fa-4cae-8565-7b24ff64fbe4 tempest-VolumesTransfersTest-1790933480 None] Flow 'volume_create_manager' (ef66339e-538d-4241-9a37-6ac8ef59d20b) transitioned into state 'SUCCESS' from state 'RUNNING' {{(pid=108227) _flow_receiver /usr/local/lib/python3.12/site-packages/taskflow/listeners/logging.py:145}}
Nov 25 13:17:04.154286 np0005535648.novalocal cinder-volume[108227]: INFO cinder.volume.manager [None req-01421467-05fa-4cae-8565-7b24ff64fbe4 tempest-VolumesTransfersTest-1790933480 None] Created volume successfully.
Nov 25 13:17:05.078441 np0005535648.novalocal cinder-volume[108227]: INFO cinder.volume.manager [None req-15813614-a084-4b86-be1e-c142781ac74d tempest-VolumesTransfersTest-986915935 None] Transfer volume completed successfully.
Nov 25 13:17:05.870580 np0005535648.novalocal cinder-volume[108227]: DEBUG cinder.coordination [None req-a318428b-b9bc-4a40-9d78-53b7f6460fbb tempest-VolumesTransfersTest-846221412 None] Acquiring lock "cinder-99bc8aeb-c368-4a7f-b822-c5e746d4c4d7-delete_volume" by "delete_volume" {{(pid=108227) __acquire /opt/stack/cinder/cinder/coordination.py:143}}
Nov 25 13:17:05.882440 np0005535648.novalocal cinder-volume[108227]: DEBUG cinder.coordination [None req-a318428b-b9bc-4a40-9d78-53b7f6460fbb tempest-VolumesTransfersTest-846221412 None] Lock "cinder-99bc8aeb-c368-4a7f-b822-c5e746d4c4d7-delete_volume" acquired by "delete_volume" :: waited 0.012s {{(pid=108227) __acquire /opt/stack/cinder/cinder/coordination.py:146}}
Nov 25 13:17:05.910431 np0005535648.novalocal cinder-volume[108227]: INFO cinder.volume.targets.iscsi [None req-a318428b-b9bc-4a40-9d78-53b7f6460fbb tempest-VolumesTransfersTest-846221412 None] Skipping remove_export. No iscsi_target is presently exported for volume: 99bc8aeb-c368-4a7f-b822-c5e746d4c4d7
Nov 25 13:17:05.911290 np0005535648.novalocal cinder-volume[108227]: DEBUG oslo_concurrency.processutils [None req-a318428b-b9bc-4a40-9d78-53b7f6460fbb tempest-VolumesTransfersTest-846221412 None] Running cmd (subprocess): sudo cinder-rootwrap /etc/cinder/rootwrap.conf env LC_ALL=C lvs --noheadings --unit=g -o vg_name,name,size --nosuffix --readonly stack-volumes-lvmdriver-1/volume-99bc8aeb-c368-4a7f-b822-c5e746d4c4d7 {{(pid=108227) execute /usr/local/lib/python3.12/site-packages/oslo_concurrency/processutils.py:349}}
Nov 25 13:17:05.941386 np0005535648.novalocal sudo[142367]: stack : PWD=/ ; USER=root ; COMMAND=/usr/local/bin/cinder-rootwrap /etc/cinder/rootwrap.conf env LC_ALL=C lvs --noheadings --unit=g -o vg_name,name,size --nosuffix --readonly stack-volumes-lvmdriver-1/volume-99bc8aeb-c368-4a7f-b822-c5e746d4c4d7
Nov 25 13:17:06.333470 np0005535648.novalocal cinder-volume[108227]: DEBUG oslo_concurrency.processutils [None req-a318428b-b9bc-4a40-9d78-53b7f6460fbb tempest-VolumesTransfersTest-846221412 None] CMD "sudo cinder-rootwrap /etc/cinder/rootwrap.conf env LC_ALL=C lvs --noheadings --unit=g -o vg_name,name,size --nosuffix --readonly stack-volumes-lvmdriver-1/volume-99bc8aeb-c368-4a7f-b822-c5e746d4c4d7" returned: 0 in 0.422s {{(pid=108227) execute /usr/local/lib/python3.12/site-packages/oslo_concurrency/processutils.py:372}}
Nov 25 13:17:06.337141 np0005535648.novalocal cinder-volume[108227]: DEBUG oslo_concurrency.processutils [None req-a318428b-b9bc-4a40-9d78-53b7f6460fbb tempest-VolumesTransfersTest-846221412 None] Running cmd (subprocess): sudo cinder-rootwrap /etc/cinder/rootwrap.conf env LC_ALL=C lvdisplay --noheading -C -o Attr --readonly stack-volumes-lvmdriver-1/volume-99bc8aeb-c368-4a7f-b822-c5e746d4c4d7 {{(pid=108227) execute /usr/local/lib/python3.12/site-packages/oslo_concurrency/processutils.py:349}}
Nov 25 13:17:06.361986 np0005535648.novalocal sudo[142372]: stack : PWD=/ ; USER=root ; COMMAND=/usr/local/bin/cinder-rootwrap /etc/cinder/rootwrap.conf env LC_ALL=C lvdisplay --noheading -C -o Attr --readonly stack-volumes-lvmdriver-1/volume-99bc8aeb-c368-4a7f-b822-c5e746d4c4d7
Nov 25 13:17:06.744468 np0005535648.novalocal cinder-volume[108227]: DEBUG oslo_concurrency.processutils [None req-a318428b-b9bc-4a40-9d78-53b7f6460fbb tempest-VolumesTransfersTest-846221412 None] CMD "sudo cinder-rootwrap /etc/cinder/rootwrap.conf env LC_ALL=C lvdisplay --noheading -C -o Attr --readonly stack-volumes-lvmdriver-1/volume-99bc8aeb-c368-4a7f-b822-c5e746d4c4d7" returned: 0 in 0.407s {{(pid=108227) execute /usr/local/lib/python3.12/site-packages/oslo_concurrency/processutils.py:372}}
Nov 25 13:17:06.746136 np0005535648.novalocal cinder-volume[108227]: DEBUG oslo_concurrency.processutils [None req-a318428b-b9bc-4a40-9d78-53b7f6460fbb tempest-VolumesTransfersTest-846221412 None] Running cmd (subprocess): sudo cinder-rootwrap /etc/cinder/rootwrap.conf lvremove --config activation { retry_deactivation = 1} -f stack-volumes-lvmdriver-1/volume-99bc8aeb-c368-4a7f-b822-c5e746d4c4d7 {{(pid=108227) execute /usr/local/lib/python3.12/site-packages/oslo_concurrency/processutils.py:349}}
Nov 25 13:17:06.775315 np0005535648.novalocal sudo[142377]: stack : PWD=/ ; USER=root ; COMMAND=/usr/local/bin/cinder-rootwrap /etc/cinder/rootwrap.conf lvremove --config 'activation { retry_deactivation = 1} ' -f stack-volumes-lvmdriver-1/volume-99bc8aeb-c368-4a7f-b822-c5e746d4c4d7
Nov 25 13:17:07.229483 np0005535648.novalocal cinder-volume[108227]: DEBUG oslo_concurrency.processutils [None req-a318428b-b9bc-4a40-9d78-53b7f6460fbb tempest-VolumesTransfersTest-846221412 None] CMD "sudo cinder-rootwrap /etc/cinder/rootwrap.conf lvremove --config activation { retry_deactivation = 1} -f stack-volumes-lvmdriver-1/volume-99bc8aeb-c368-4a7f-b822-c5e746d4c4d7" returned: 0 in 0.483s {{(pid=108227) execute /usr/local/lib/python3.12/site-packages/oslo_concurrency/processutils.py:372}}
Nov 25 13:17:07.230381 np0005535648.novalocal cinder-volume[108227]: INFO cinder.volume.drivers.lvm [None req-a318428b-b9bc-4a40-9d78-53b7f6460fbb tempest-VolumesTransfersTest-846221412 None] Successfully deleted volume: 99bc8aeb-c368-4a7f-b822-c5e746d4c4d7
Nov 25 13:17:07.261248 np0005535648.novalocal cinder-volume[108227]: DEBUG cinder.quota [None req-a318428b-b9bc-4a40-9d78-53b7f6460fbb tempest-VolumesTransfersTest-846221412 None] Created reservations ['4a9b5994-3167-4ce9-805c-93cac79695e1', 'ea5f7862-a4a9-493c-bde2-1a0e02ecc2b9', 'a46856cc-40f5-4ff6-9ab5-4b3a04759378', '95c6cb1a-770f-4cb8-826c-99bdb63a1d7f'] {{(pid=108227) reserve /opt/stack/cinder/cinder/quota.py:752}}
Nov 25 13:17:07.304572 np0005535648.novalocal cinder-volume[108227]: DEBUG cinder.volume.drivers.lvm [None req-a318428b-b9bc-4a40-9d78-53b7f6460fbb tempest-VolumesTransfersTest-846221412 None] Updating volume stats {{(pid=108227) _update_volume_stats /opt/stack/cinder/cinder/volume/drivers/lvm.py:228}}
Nov 25 13:17:07.305139 np0005535648.novalocal cinder-volume[108227]: DEBUG oslo_concurrency.processutils [None req-a318428b-b9bc-4a40-9d78-53b7f6460fbb tempest-VolumesTransfersTest-846221412 None] Running cmd (subprocess): sudo cinder-rootwrap /etc/cinder/rootwrap.conf env LC_ALL=C vgs --noheadings --unit=g -o name,size,free,lv_count,uuid --separator : --nosuffix stack-volumes-lvmdriver-1 {{(pid=108227) execute /usr/local/lib/python3.12/site-packages/oslo_concurrency/processutils.py:349}}
Nov 25 13:17:07.331743 np0005535648.novalocal sudo[142384]: stack : PWD=/ ; USER=root ; COMMAND=/usr/local/bin/cinder-rootwrap /etc/cinder/rootwrap.conf env LC_ALL=C vgs --noheadings --unit=g -o name,size,free,lv_count,uuid --separator : --nosuffix stack-volumes-lvmdriver-1
Nov 25 13:17:07.724188 np0005535648.novalocal cinder-volume[108227]: DEBUG oslo_concurrency.processutils [None req-a318428b-b9bc-4a40-9d78-53b7f6460fbb tempest-VolumesTransfersTest-846221412 None] CMD "sudo cinder-rootwrap /etc/cinder/rootwrap.conf env LC_ALL=C vgs --noheadings --unit=g -o name,size,free,lv_count,uuid --separator : --nosuffix stack-volumes-lvmdriver-1" returned: 0 in 0.419s {{(pid=108227) execute /usr/local/lib/python3.12/site-packages/oslo_concurrency/processutils.py:372}}
Nov 25 13:17:07.725438 np0005535648.novalocal cinder-volume[108227]: DEBUG oslo_concurrency.processutils [None req-a318428b-b9bc-4a40-9d78-53b7f6460fbb tempest-VolumesTransfersTest-846221412 None] Running cmd (subprocess): sudo cinder-rootwrap /etc/cinder/rootwrap.conf env LC_ALL=C lvs --noheadings --unit=g -o vg_name,name,size --nosuffix --readonly stack-volumes-lvmdriver-1 {{(pid=108227) execute /usr/local/lib/python3.12/site-packages/oslo_concurrency/processutils.py:349}}
Nov 25 13:17:07.750923 np0005535648.novalocal sudo[142390]: stack : PWD=/ ; USER=root ; COMMAND=/usr/local/bin/cinder-rootwrap /etc/cinder/rootwrap.conf env LC_ALL=C lvs --noheadings --unit=g -o vg_name,name,size --nosuffix --readonly stack-volumes-lvmdriver-1
Nov 25 13:17:08.099020 np0005535648.novalocal cinder-volume[108227]: DEBUG oslo_concurrency.processutils [None req-a318428b-b9bc-4a40-9d78-53b7f6460fbb tempest-VolumesTransfersTest-846221412 None] CMD "sudo cinder-rootwrap /etc/cinder/rootwrap.conf env LC_ALL=C lvs --noheadings --unit=g -o vg_name,name,size --nosuffix --readonly stack-volumes-lvmdriver-1" returned: 0 in 0.373s {{(pid=108227) execute /usr/local/lib/python3.12/site-packages/oslo_concurrency/processutils.py:372}}
Nov 25 13:17:08.099922 np0005535648.novalocal cinder-volume[108227]: DEBUG oslo_concurrency.processutils [None req-a318428b-b9bc-4a40-9d78-53b7f6460fbb tempest-VolumesTransfersTest-846221412 None] Running cmd (subprocess): sudo cinder-rootwrap /etc/cinder/rootwrap.conf env LC_ALL=C lvs --noheadings --unit=g -o size,data_percent --separator : --nosuffix /dev/stack-volumes-lvmdriver-1/stack-volumes-lvmdriver-1-pool {{(pid=108227) execute /usr/local/lib/python3.12/site-packages/oslo_concurrency/processutils.py:349}}
Nov 25 13:17:08.122745 np0005535648.novalocal sudo[142395]: stack : PWD=/ ; USER=root ; COMMAND=/usr/local/bin/cinder-rootwrap /etc/cinder/rootwrap.conf env LC_ALL=C lvs --noheadings --unit=g -o size,data_percent --separator : --nosuffix /dev/stack-volumes-lvmdriver-1/stack-volumes-lvmdriver-1-pool
Nov 25 13:17:08.233328 np0005535648.novalocal cinder-volume[108227]: DEBUG cinder.volume.flows.manager.create_volume [None req-01949198-9a30-4a73-879e-e6f9133ab344 tempest-VolumesTransfersTest-1790933480 None] Volume reschedule parameters: True retry: {'num_attempts': 1, 'backends': ['np0005535648.novalocal@lvmdriver-1#lvmdriver-1'], 'hosts': ['np0005535648.novalocal@lvmdriver-1#lvmdriver-1']} {{(pid=108227) get_flow /opt/stack/cinder/cinder/volume/flows/manager/create_volume.py:1384}}
Nov 25 13:17:08.241777 np0005535648.novalocal cinder-volume[108227]: DEBUG cinder.volume.manager [None req-01949198-9a30-4a73-879e-e6f9133ab344 tempest-VolumesTransfersTest-1790933480 None] Flow 'volume_create_manager' (16540164-25e9-4efe-a2a2-14345fac87b8) transitioned into state 'RUNNING' from state 'PENDING' {{(pid=108227) _flow_receiver /usr/local/lib/python3.12/site-packages/taskflow/listeners/logging.py:145}}
Nov 25 13:17:08.244416 np0005535648.novalocal cinder-volume[108227]: DEBUG cinder.volume.manager [None req-01949198-9a30-4a73-879e-e6f9133ab344 tempest-VolumesTransfersTest-1790933480 None] Task 'cinder.volume.flows.manager.create_volume.ExtractVolumeRefTask;volume:create' (6cee958e-a92a-4db3-8bd1-53c9d388b3cb) transitioned into state 'RUNNING' from state 'PENDING' {{(pid=108227) _task_receiver /usr/local/lib/python3.12/site-packages/taskflow/listeners/logging.py:194}}
Nov 25 13:17:08.302292 np0005535648.novalocal cinder-volume[108227]: DEBUG cinder.volume.manager [None req-01949198-9a30-4a73-879e-e6f9133ab344 tempest-VolumesTransfersTest-1790933480 None] Task 'cinder.volume.flows.manager.create_volume.ExtractVolumeRefTask;volume:create' (6cee958e-a92a-4db3-8bd1-53c9d388b3cb) transitioned into state 'SUCCESS' from state 'RUNNING' with result 'Volume(_name_id=None,admin_metadata=,attach_status='detached',availability_zone='nova',bootable=False,cluster=,cluster_name=None,consistencygroup=,consistencygroup_id=None,created_at=2025-11-25T18:17:08Z,deleted=False,deleted_at=None,display_description=None,display_name='tempest-VolumesTransfersTest-Volume-1358984726',ec2_id=None,encryption_key_id=None,glance_metadata=,group=,group_id=None,host='np0005535648.novalocal@lvmdriver-1#lvmdriver-1',id=14af0dae-6c19-486e-a71a-705046f23856,launched_at=None,metadata={},migration_status=None,multiattach=False,previous_status=None,project_id='1b5921ffad7a48988742e1197655d648',provider_auth=None,provider_geometry=None,provider_id=None,provider_location=None,replication_driver_data=None,replication_extended_status=None,replication_status=None,scheduled_at=2025-11-25T18:17:08Z,service_uuid=None,shared_targets=True,size=1,snapshot_id=None,snapshots=,source_volid=None,status='creating',terminated_at=None,updated_at=2025-11-25T18:17:08Z,use_quota=True,user_id='ad3c7bd9aebf4da299f787000cf98212',volume_attachment=VolumeAttachmentList,volume_type=VolumeType(42ef2ac8-46e2-415f-ad47-5f278d4fe376),volume_type_id=42ef2ac8-46e2-415f-ad47-5f278d4fe376)' {{(pid=108227) _task_receiver /usr/local/lib/python3.12/site-packages/taskflow/listeners/logging.py:182}}
Nov 25 13:17:08.305959 np0005535648.novalocal cinder-volume[108227]: DEBUG cinder.volume.manager [None req-01949198-9a30-4a73-879e-e6f9133ab344 tempest-VolumesTransfersTest-1790933480 None] Task 'cinder.volume.flows.manager.create_volume.OnFailureRescheduleTask;volume:create' (f114b05d-3795-4965-a825-10f92e74c035) transitioned into state 'RUNNING' from state 'PENDING' {{(pid=108227) _task_receiver /usr/local/lib/python3.12/site-packages/taskflow/listeners/logging.py:194}}
Nov 25 13:17:08.309076 np0005535648.novalocal cinder-volume[108227]: DEBUG cinder.volume.manager [None req-01949198-9a30-4a73-879e-e6f9133ab344 tempest-VolumesTransfersTest-1790933480 None] Task 'cinder.volume.flows.manager.create_volume.OnFailureRescheduleTask;volume:create' (f114b05d-3795-4965-a825-10f92e74c035) transitioned into state 'SUCCESS' from state 'RUNNING' with result 'None' {{(pid=108227) _task_receiver /usr/local/lib/python3.12/site-packages/taskflow/listeners/logging.py:182}}
Nov 25 13:17:08.314342 np0005535648.novalocal cinder-volume[108227]: DEBUG cinder.volume.manager [None req-01949198-9a30-4a73-879e-e6f9133ab344 tempest-VolumesTransfersTest-1790933480 None] Task 'cinder.volume.flows.manager.create_volume.ExtractVolumeSpecTask;volume:create' (f82c8821-4e4c-46d2-8c11-2105cdfbd1cc) transitioned into state 'RUNNING' from state 'PENDING' {{(pid=108227) _task_receiver /usr/local/lib/python3.12/site-packages/taskflow/listeners/logging.py:194}}
Nov 25 13:17:08.317877 np0005535648.novalocal cinder-volume[108227]: DEBUG cinder.volume.manager [None req-01949198-9a30-4a73-879e-e6f9133ab344 tempest-VolumesTransfersTest-1790933480 None] Task 'cinder.volume.flows.manager.create_volume.ExtractVolumeSpecTask;volume:create' (f82c8821-4e4c-46d2-8c11-2105cdfbd1cc) transitioned into state 'SUCCESS' from state 'RUNNING' with result '{'status': 'creating', 'type': 'raw', 'volume_id': '14af0dae-6c19-486e-a71a-705046f23856', 'volume_name': 'volume-14af0dae-6c19-486e-a71a-705046f23856', 'volume_size': 1}' {{(pid=108227) _task_receiver /usr/local/lib/python3.12/site-packages/taskflow/listeners/logging.py:182}}
Nov 25 13:17:08.320733 np0005535648.novalocal cinder-volume[108227]: DEBUG cinder.volume.manager [None req-01949198-9a30-4a73-879e-e6f9133ab344 tempest-VolumesTransfersTest-1790933480 None] Task 'cinder.volume.flows.manager.create_volume.NotifyVolumeActionTask;volume:create, create.start' (47905670-9e83-41ca-9ab2-755a067737a4) transitioned into state 'RUNNING' from state 'PENDING' {{(pid=108227) _task_receiver /usr/local/lib/python3.12/site-packages/taskflow/listeners/logging.py:194}}
Nov 25 13:17:08.322701 np0005535648.novalocal cinder-volume[108227]: DEBUG cinder.volume.manager [None req-01949198-9a30-4a73-879e-e6f9133ab344 tempest-VolumesTransfersTest-1790933480 None] Task 'cinder.volume.flows.manager.create_volume.NotifyVolumeActionTask;volume:create, create.start' (47905670-9e83-41ca-9ab2-755a067737a4) transitioned into state 'SUCCESS' from state 'RUNNING' with result 'None' {{(pid=108227) _task_receiver /usr/local/lib/python3.12/site-packages/taskflow/listeners/logging.py:182}}
Nov 25 13:17:08.324976 np0005535648.novalocal cinder-volume[108227]: DEBUG cinder.volume.manager [None req-01949198-9a30-4a73-879e-e6f9133ab344 tempest-VolumesTransfersTest-1790933480 None] Task 'cinder.volume.flows.manager.create_volume.CreateVolumeFromSpecTask;volume:create' (2c733edb-cf45-4421-848c-9a0328f09695) transitioned into state 'RUNNING' from state 'PENDING' {{(pid=108227) _task_receiver /usr/local/lib/python3.12/site-packages/taskflow/listeners/logging.py:194}}
Nov 25 13:17:08.325439 np0005535648.novalocal cinder-volume[108227]: INFO cinder.volume.flows.manager.create_volume [None req-01949198-9a30-4a73-879e-e6f9133ab344 tempest-VolumesTransfersTest-1790933480 None] Volume 14af0dae-6c19-486e-a71a-705046f23856: being created as raw with specification: {'status': 'creating', 'volume_name': 'volume-14af0dae-6c19-486e-a71a-705046f23856', 'volume_size': 1}
Nov 25 13:17:08.326016 np0005535648.novalocal cinder-volume[108227]: DEBUG oslo_concurrency.processutils [None req-01949198-9a30-4a73-879e-e6f9133ab344 tempest-VolumesTransfersTest-1790933480 None] Running cmd (subprocess): sudo cinder-rootwrap /etc/cinder/rootwrap.conf env LC_ALL=C lvcreate -T -V 1g -n volume-14af0dae-6c19-486e-a71a-705046f23856 stack-volumes-lvmdriver-1/stack-volumes-lvmdriver-1-pool {{(pid=108227) execute /usr/local/lib/python3.12/site-packages/oslo_concurrency/processutils.py:349}}
Nov 25 13:17:08.353059 np0005535648.novalocal sudo[142398]: stack : PWD=/ ; USER=root ; COMMAND=/usr/local/bin/cinder-rootwrap /etc/cinder/rootwrap.conf env LC_ALL=C lvcreate -T -V 1g -n volume-14af0dae-6c19-486e-a71a-705046f23856 stack-volumes-lvmdriver-1/stack-volumes-lvmdriver-1-pool
Nov 25 13:17:08.522948 np0005535648.novalocal cinder-volume[108227]: DEBUG oslo_concurrency.processutils [None req-a318428b-b9bc-4a40-9d78-53b7f6460fbb tempest-VolumesTransfersTest-846221412 None] CMD "sudo cinder-rootwrap /etc/cinder/rootwrap.conf env LC_ALL=C lvs --noheadings --unit=g -o size,data_percent --separator : --nosuffix /dev/stack-volumes-lvmdriver-1/stack-volumes-lvmdriver-1-pool" returned: 0 in 0.420s {{(pid=108227) execute /usr/local/lib/python3.12/site-packages/oslo_concurrency/processutils.py:372}}
Nov 25 13:17:08.522948 np0005535648.novalocal cinder-volume[108227]: DEBUG oslo_concurrency.processutils [None req-a318428b-b9bc-4a40-9d78-53b7f6460fbb tempest-VolumesTransfersTest-846221412 None] Running cmd (subprocess): sudo cinder-rootwrap /etc/cinder/rootwrap.conf env LC_ALL=C lvs --noheadings --unit=g -o vg_name,name,size --nosuffix --readonly stack-volumes-lvmdriver-1 {{(pid=108227) execute /usr/local/lib/python3.12/site-packages/oslo_concurrency/processutils.py:349}}
Nov 25 13:17:08.545284 np0005535648.novalocal sudo[142404]: stack : PWD=/ ; USER=root ; COMMAND=/usr/local/bin/cinder-rootwrap /etc/cinder/rootwrap.conf env LC_ALL=C lvs --noheadings --unit=g -o vg_name,name,size --nosuffix --readonly stack-volumes-lvmdriver-1
Nov 25 13:17:08.818395 np0005535648.novalocal cinder-volume[108227]: DEBUG oslo_concurrency.processutils [None req-01949198-9a30-4a73-879e-e6f9133ab344 tempest-VolumesTransfersTest-1790933480 None] CMD "sudo cinder-rootwrap /etc/cinder/rootwrap.conf env LC_ALL=C lvcreate -T -V 1g -n volume-14af0dae-6c19-486e-a71a-705046f23856 stack-volumes-lvmdriver-1/stack-volumes-lvmdriver-1-pool" returned: 0 in 0.492s {{(pid=108227) execute /usr/local/lib/python3.12/site-packages/oslo_concurrency/processutils.py:372}}
Nov 25 13:17:08.820817 np0005535648.novalocal cinder-volume[108227]: DEBUG cinder.volume.manager [None req-01949198-9a30-4a73-879e-e6f9133ab344 tempest-VolumesTransfersTest-1790933480 None] Task 'cinder.volume.flows.manager.create_volume.CreateVolumeFromSpecTask;volume:create' (2c733edb-cf45-4421-848c-9a0328f09695) transitioned into state 'SUCCESS' from state 'RUNNING' with result '{'status': 'creating', 'volume_name': 'volume-14af0dae-6c19-486e-a71a-705046f23856', 'volume_size': 1}' {{(pid=108227) _task_receiver /usr/local/lib/python3.12/site-packages/taskflow/listeners/logging.py:182}}
Nov 25 13:17:08.822767 np0005535648.novalocal cinder-volume[108227]: DEBUG cinder.volume.manager [None req-01949198-9a30-4a73-879e-e6f9133ab344 tempest-VolumesTransfersTest-1790933480 None] Task 'cinder.volume.flows.manager.create_volume.CreateVolumeOnFinishTask;volume:create, create.end' (b58f1c7b-88e7-45ec-a2f2-8836570c6a9a) transitioned into state 'RUNNING' from state 'PENDING' {{(pid=108227) _task_receiver /usr/local/lib/python3.12/site-packages/taskflow/listeners/logging.py:194}}
Nov 25 13:17:08.838038 np0005535648.novalocal cinder-volume[108227]: INFO cinder.volume.flows.manager.create_volume [None req-01949198-9a30-4a73-879e-e6f9133ab344 tempest-VolumesTransfersTest-1790933480 None] Volume volume-14af0dae-6c19-486e-a71a-705046f23856 (14af0dae-6c19-486e-a71a-705046f23856): created successfully
Nov 25 13:17:08.839725 np0005535648.novalocal cinder-volume[108227]: DEBUG cinder.volume.manager [None req-01949198-9a30-4a73-879e-e6f9133ab344 tempest-VolumesTransfersTest-1790933480 None] Task 'cinder.volume.flows.manager.create_volume.CreateVolumeOnFinishTask;volume:create, create.end' (b58f1c7b-88e7-45ec-a2f2-8836570c6a9a) transitioned into state 'SUCCESS' from state 'RUNNING' with result 'None' {{(pid=108227) _task_receiver /usr/local/lib/python3.12/site-packages/taskflow/listeners/logging.py:182}}
Nov 25 13:17:08.842246 np0005535648.novalocal cinder-volume[108227]: DEBUG cinder.volume.manager [None req-01949198-9a30-4a73-879e-e6f9133ab344 tempest-VolumesTransfersTest-1790933480 None] Flow 'volume_create_manager' (16540164-25e9-4efe-a2a2-14345fac87b8) transitioned into state 'SUCCESS' from state 'RUNNING' {{(pid=108227) _flow_receiver /usr/local/lib/python3.12/site-packages/taskflow/listeners/logging.py:145}}
Nov 25 13:17:08.847762 np0005535648.novalocal cinder-volume[108227]: INFO cinder.volume.manager [None req-01949198-9a30-4a73-879e-e6f9133ab344 tempest-VolumesTransfersTest-1790933480 None] Created volume successfully.
Nov 25 13:17:08.888647 np0005535648.novalocal cinder-volume[108227]: DEBUG oslo_concurrency.processutils [None req-a318428b-b9bc-4a40-9d78-53b7f6460fbb tempest-VolumesTransfersTest-846221412 None] CMD "sudo cinder-rootwrap /etc/cinder/rootwrap.conf env LC_ALL=C lvs --noheadings --unit=g -o vg_name,name,size --nosuffix --readonly stack-volumes-lvmdriver-1" returned: 0 in 0.367s {{(pid=108227) execute /usr/local/lib/python3.12/site-packages/oslo_concurrency/processutils.py:372}}
Nov 25 13:17:08.889879 np0005535648.novalocal cinder-volume[108227]: DEBUG cinder.manager [None req-a318428b-b9bc-4a40-9d78-53b7f6460fbb tempest-VolumesTransfersTest-846221412 None] Notifying Schedulers of capabilities ... {{(pid=108227) _publish_service_capabilities /opt/stack/cinder/cinder/manager.py:202}}
Nov 25 13:17:08.894142 np0005535648.novalocal cinder-volume[108227]: INFO cinder.volume.manager [None req-a318428b-b9bc-4a40-9d78-53b7f6460fbb tempest-VolumesTransfersTest-846221412 None] Deleted volume successfully.
Nov 25 13:17:08.908765 np0005535648.novalocal cinder-volume[108227]: DEBUG cinder.coordination [None req-a318428b-b9bc-4a40-9d78-53b7f6460fbb tempest-VolumesTransfersTest-846221412 None] Lock "cinder-99bc8aeb-c368-4a7f-b822-c5e746d4c4d7-delete_volume" released by "delete_volume" :: held 3.026s {{(pid=108227) __release /opt/stack/cinder/cinder/coordination.py:157}}
Nov 25 13:17:09.489454 np0005535648.novalocal cinder-volume[108227]: DEBUG cinder.coordination [None req-50713910-320f-4213-9470-8d4691036e54 tempest-VolumesTransfersTest-846221412 None] Acquiring lock "cinder-14af0dae-6c19-486e-a71a-705046f23856-delete_volume" by "delete_volume" {{(pid=108227) __acquire /opt/stack/cinder/cinder/coordination.py:143}}
Nov 25 13:17:09.497932 np0005535648.novalocal cinder-volume[108227]: DEBUG cinder.coordination [None req-50713910-320f-4213-9470-8d4691036e54 tempest-VolumesTransfersTest-846221412 None] Lock "cinder-14af0dae-6c19-486e-a71a-705046f23856-delete_volume" acquired by "delete_volume" :: waited 0.008s {{(pid=108227) __acquire /opt/stack/cinder/cinder/coordination.py:146}}
Nov 25 13:17:09.520319 np0005535648.novalocal cinder-volume[108227]: INFO cinder.volume.targets.iscsi [None req-50713910-320f-4213-9470-8d4691036e54 tempest-VolumesTransfersTest-846221412 None] Skipping remove_export. No iscsi_target is presently exported for volume: 14af0dae-6c19-486e-a71a-705046f23856
Nov 25 13:17:09.521057 np0005535648.novalocal cinder-volume[108227]: DEBUG oslo_concurrency.processutils [None req-50713910-320f-4213-9470-8d4691036e54 tempest-VolumesTransfersTest-846221412 None] Running cmd (subprocess): sudo cinder-rootwrap /etc/cinder/rootwrap.conf env LC_ALL=C lvs --noheadings --unit=g -o vg_name,name,size --nosuffix --readonly stack-volumes-lvmdriver-1/volume-14af0dae-6c19-486e-a71a-705046f23856 {{(pid=108227) execute /usr/local/lib/python3.12/site-packages/oslo_concurrency/processutils.py:349}}
Nov 25 13:17:09.546101 np0005535648.novalocal sudo[142428]: stack : PWD=/ ; USER=root ; COMMAND=/usr/local/bin/cinder-rootwrap /etc/cinder/rootwrap.conf env LC_ALL=C lvs --noheadings --unit=g -o vg_name,name,size --nosuffix --readonly stack-volumes-lvmdriver-1/volume-14af0dae-6c19-486e-a71a-705046f23856
Nov 25 13:17:09.927753 np0005535648.novalocal cinder-volume[108227]: DEBUG oslo_concurrency.processutils [None req-50713910-320f-4213-9470-8d4691036e54 tempest-VolumesTransfersTest-846221412 None] CMD "sudo cinder-rootwrap /etc/cinder/rootwrap.conf env LC_ALL=C lvs --noheadings --unit=g -o vg_name,name,size --nosuffix --readonly stack-volumes-lvmdriver-1/volume-14af0dae-6c19-486e-a71a-705046f23856" returned: 0 in 0.406s {{(pid=108227) execute /usr/local/lib/python3.12/site-packages/oslo_concurrency/processutils.py:372}}
Nov 25 13:17:09.928951 np0005535648.novalocal cinder-volume[108227]: DEBUG oslo_concurrency.processutils [None req-50713910-320f-4213-9470-8d4691036e54 tempest-VolumesTransfersTest-846221412 None] Running cmd (subprocess): sudo cinder-rootwrap /etc/cinder/rootwrap.conf env LC_ALL=C lvdisplay --noheading -C -o Attr --readonly stack-volumes-lvmdriver-1/volume-14af0dae-6c19-486e-a71a-705046f23856 {{(pid=108227) execute /usr/local/lib/python3.12/site-packages/oslo_concurrency/processutils.py:349}}
Nov 25 13:17:09.947672 np0005535648.novalocal sudo[142445]: stack : PWD=/ ; USER=root ; COMMAND=/usr/local/bin/cinder-rootwrap /etc/cinder/rootwrap.conf env LC_ALL=C lvdisplay --noheading -C -o Attr --readonly stack-volumes-lvmdriver-1/volume-14af0dae-6c19-486e-a71a-705046f23856
Nov 25 13:17:10.332117 np0005535648.novalocal cinder-volume[108227]: DEBUG oslo_concurrency.processutils [None req-50713910-320f-4213-9470-8d4691036e54 tempest-VolumesTransfersTest-846221412 None] CMD "sudo cinder-rootwrap /etc/cinder/rootwrap.conf env LC_ALL=C lvdisplay --noheading -C -o Attr --readonly stack-volumes-lvmdriver-1/volume-14af0dae-6c19-486e-a71a-705046f23856" returned: 0 in 0.403s {{(pid=108227) execute /usr/local/lib/python3.12/site-packages/oslo_concurrency/processutils.py:372}}
Nov 25 13:17:10.333486 np0005535648.novalocal cinder-volume[108227]: DEBUG oslo_concurrency.processutils [None req-50713910-320f-4213-9470-8d4691036e54 tempest-VolumesTransfersTest-846221412 None] Running cmd (subprocess): sudo cinder-rootwrap /etc/cinder/rootwrap.conf lvremove --config activation { retry_deactivation = 1} -f stack-volumes-lvmdriver-1/volume-14af0dae-6c19-486e-a71a-705046f23856 {{(pid=108227) execute /usr/local/lib/python3.12/site-packages/oslo_concurrency/processutils.py:349}}
Nov 25 13:17:10.358454 np0005535648.novalocal sudo[142450]: stack : PWD=/ ; USER=root ; COMMAND=/usr/local/bin/cinder-rootwrap /etc/cinder/rootwrap.conf lvremove --config 'activation { retry_deactivation = 1} ' -f stack-volumes-lvmdriver-1/volume-14af0dae-6c19-486e-a71a-705046f23856
Nov 25 13:17:10.832179 np0005535648.novalocal cinder-volume[108227]: DEBUG oslo_concurrency.processutils [None req-50713910-320f-4213-9470-8d4691036e54 tempest-VolumesTransfersTest-846221412 None] CMD "sudo cinder-rootwrap /etc/cinder/rootwrap.conf lvremove --config activation { retry_deactivation = 1} -f stack-volumes-lvmdriver-1/volume-14af0dae-6c19-486e-a71a-705046f23856" returned: 0 in 0.498s {{(pid=108227) execute /usr/local/lib/python3.12/site-packages/oslo_concurrency/processutils.py:372}}
Nov 25 13:17:10.833222 np0005535648.novalocal cinder-volume[108227]: INFO cinder.volume.drivers.lvm [None req-50713910-320f-4213-9470-8d4691036e54 tempest-VolumesTransfersTest-846221412 None] Successfully deleted volume: 14af0dae-6c19-486e-a71a-705046f23856
Nov 25 13:17:10.878101 np0005535648.novalocal cinder-volume[108227]: DEBUG cinder.quota [None req-50713910-320f-4213-9470-8d4691036e54 tempest-VolumesTransfersTest-846221412 None] Created reservations ['dc36bdd2-0978-4de8-8f7f-5fc5863149cf', '9f6f7361-2135-4c75-a1fe-bdf67f9a8885', '343e59f7-271e-4639-af36-391f1c81dce1', '444596b0-e8a9-469f-bb44-958d278163c2'] {{(pid=108227) reserve /opt/stack/cinder/cinder/quota.py:752}}
Nov 25 13:17:10.966012 np0005535648.novalocal cinder-volume[108227]: DEBUG cinder.volume.drivers.lvm [None req-50713910-320f-4213-9470-8d4691036e54 tempest-VolumesTransfersTest-846221412 None] Updating volume stats {{(pid=108227) _update_volume_stats /opt/stack/cinder/cinder/volume/drivers/lvm.py:228}}
Nov 25 13:17:10.966615 np0005535648.novalocal cinder-volume[108227]: DEBUG oslo_concurrency.processutils [None req-50713910-320f-4213-9470-8d4691036e54 tempest-VolumesTransfersTest-846221412 None] Running cmd (subprocess): sudo cinder-rootwrap /etc/cinder/rootwrap.conf env LC_ALL=C vgs --noheadings --unit=g -o name,size,free,lv_count,uuid --separator : --nosuffix stack-volumes-lvmdriver-1 {{(pid=108227) execute /usr/local/lib/python3.12/site-packages/oslo_concurrency/processutils.py:349}}
Nov 25 13:17:10.997778 np0005535648.novalocal sudo[142457]: stack : PWD=/ ; USER=root ; COMMAND=/usr/local/bin/cinder-rootwrap /etc/cinder/rootwrap.conf env LC_ALL=C vgs --noheadings --unit=g -o name,size,free,lv_count,uuid --separator : --nosuffix stack-volumes-lvmdriver-1
Nov 25 13:17:11.369727 np0005535648.novalocal cinder-volume[108227]: DEBUG oslo_concurrency.processutils [None req-50713910-320f-4213-9470-8d4691036e54 tempest-VolumesTransfersTest-846221412 None] CMD "sudo cinder-rootwrap /etc/cinder/rootwrap.conf env LC_ALL=C vgs --noheadings --unit=g -o name,size,free,lv_count,uuid --separator : --nosuffix stack-volumes-lvmdriver-1" returned: 0 in 0.402s {{(pid=108227) execute /usr/local/lib/python3.12/site-packages/oslo_concurrency/processutils.py:372}}
Nov 25 13:17:11.370873 np0005535648.novalocal cinder-volume[108227]: DEBUG oslo_concurrency.processutils [None req-50713910-320f-4213-9470-8d4691036e54 tempest-VolumesTransfersTest-846221412 None] Running cmd (subprocess): sudo cinder-rootwrap /etc/cinder/rootwrap.conf env LC_ALL=C lvs --noheadings --unit=g -o vg_name,name,size --nosuffix --readonly stack-volumes-lvmdriver-1 {{(pid=108227) execute /usr/local/lib/python3.12/site-packages/oslo_concurrency/processutils.py:349}}
Nov 25 13:17:11.401007 np0005535648.novalocal sudo[142462]: stack : PWD=/ ; USER=root ; COMMAND=/usr/local/bin/cinder-rootwrap /etc/cinder/rootwrap.conf env LC_ALL=C lvs --noheadings --unit=g -o vg_name,name,size --nosuffix --readonly stack-volumes-lvmdriver-1
Nov 25 13:17:11.827997 np0005535648.novalocal cinder-volume[108227]: DEBUG oslo_concurrency.processutils [None req-50713910-320f-4213-9470-8d4691036e54 tempest-VolumesTransfersTest-846221412 None] CMD "sudo cinder-rootwrap /etc/cinder/rootwrap.conf env LC_ALL=C lvs --noheadings --unit=g -o vg_name,name,size --nosuffix --readonly stack-volumes-lvmdriver-1" returned: 0 in 0.457s {{(pid=108227) execute /usr/local/lib/python3.12/site-packages/oslo_concurrency/processutils.py:372}}
Nov 25 13:17:11.828445 np0005535648.novalocal cinder-volume[108227]: DEBUG oslo_concurrency.processutils [None req-50713910-320f-4213-9470-8d4691036e54 tempest-VolumesTransfersTest-846221412 None] Running cmd (subprocess): sudo cinder-rootwrap /etc/cinder/rootwrap.conf env LC_ALL=C lvs --noheadings --unit=g -o size,data_percent --separator : --nosuffix /dev/stack-volumes-lvmdriver-1/stack-volumes-lvmdriver-1-pool {{(pid=108227) execute /usr/local/lib/python3.12/site-packages/oslo_concurrency/processutils.py:349}}
Nov 25 13:17:11.856814 np0005535648.novalocal sudo[142470]: stack : PWD=/ ; USER=root ; COMMAND=/usr/local/bin/cinder-rootwrap /etc/cinder/rootwrap.conf env LC_ALL=C lvs --noheadings --unit=g -o size,data_percent --separator : --nosuffix /dev/stack-volumes-lvmdriver-1/stack-volumes-lvmdriver-1-pool
Nov 25 13:17:12.238815 np0005535648.novalocal cinder-volume[108227]: DEBUG oslo_concurrency.processutils [None req-50713910-320f-4213-9470-8d4691036e54 tempest-VolumesTransfersTest-846221412 None] CMD "sudo cinder-rootwrap /etc/cinder/rootwrap.conf env LC_ALL=C lvs --noheadings --unit=g -o size,data_percent --separator : --nosuffix /dev/stack-volumes-lvmdriver-1/stack-volumes-lvmdriver-1-pool" returned: 0 in 0.408s {{(pid=108227) execute /usr/local/lib/python3.12/site-packages/oslo_concurrency/processutils.py:372}}
Nov 25 13:17:12.240309 np0005535648.novalocal cinder-volume[108227]: DEBUG oslo_concurrency.processutils [None req-50713910-320f-4213-9470-8d4691036e54 tempest-VolumesTransfersTest-846221412 None] Running cmd (subprocess): sudo cinder-rootwrap /etc/cinder/rootwrap.conf env LC_ALL=C lvs --noheadings --unit=g -o vg_name,name,size --nosuffix --readonly stack-volumes-lvmdriver-1 {{(pid=108227) execute /usr/local/lib/python3.12/site-packages/oslo_concurrency/processutils.py:349}}
Nov 25 13:17:12.267073 np0005535648.novalocal sudo[142476]: stack : PWD=/ ; USER=root ; COMMAND=/usr/local/bin/cinder-rootwrap /etc/cinder/rootwrap.conf env LC_ALL=C lvs --noheadings --unit=g -o vg_name,name,size --nosuffix --readonly stack-volumes-lvmdriver-1
Nov 25 13:17:12.620964 np0005535648.novalocal cinder-volume[108227]: DEBUG oslo_concurrency.processutils [None req-50713910-320f-4213-9470-8d4691036e54 tempest-VolumesTransfersTest-846221412 None] CMD "sudo cinder-rootwrap /etc/cinder/rootwrap.conf env LC_ALL=C lvs --noheadings --unit=g -o vg_name,name,size --nosuffix --readonly stack-volumes-lvmdriver-1" returned: 0 in 0.381s {{(pid=108227) execute /usr/local/lib/python3.12/site-packages/oslo_concurrency/processutils.py:372}}
Nov 25 13:17:12.622042 np0005535648.novalocal cinder-volume[108227]: DEBUG cinder.manager [None req-50713910-320f-4213-9470-8d4691036e54 tempest-VolumesTransfersTest-846221412 None] Notifying Schedulers of capabilities ... {{(pid=108227) _publish_service_capabilities /opt/stack/cinder/cinder/manager.py:202}}
Nov 25 13:17:12.625497 np0005535648.novalocal cinder-volume[108227]: INFO cinder.volume.manager [None req-50713910-320f-4213-9470-8d4691036e54 tempest-VolumesTransfersTest-846221412 None] Deleted volume successfully.
Nov 25 13:17:12.634801 np0005535648.novalocal cinder-volume[108227]: DEBUG cinder.coordination [None req-50713910-320f-4213-9470-8d4691036e54 tempest-VolumesTransfersTest-846221412 None] Lock "cinder-14af0dae-6c19-486e-a71a-705046f23856-delete_volume" released by "delete_volume" :: held 3.137s {{(pid=108227) __release /opt/stack/cinder/cinder/coordination.py:157}}
Nov 25 13:17:17.814277 np0005535648.novalocal cinder-volume[108227]: DEBUG cinder.volume.flows.manager.create_volume [None req-2f3c0b00-ccbf-4507-b868-e75f2ad2c880 tempest-ServerActionsTestOtherB-205847236 None] Volume reschedule parameters: True retry: {'num_attempts': 1, 'backends': ['np0005535648.novalocal@lvmdriver-1#lvmdriver-1'], 'hosts': ['np0005535648.novalocal@lvmdriver-1#lvmdriver-1']} {{(pid=108227) get_flow /opt/stack/cinder/cinder/volume/flows/manager/create_volume.py:1384}}
Nov 25 13:17:17.830707 np0005535648.novalocal cinder-volume[108227]: DEBUG cinder.volume.manager [None req-2f3c0b00-ccbf-4507-b868-e75f2ad2c880 tempest-ServerActionsTestOtherB-205847236 None] Flow 'volume_create_manager' (2c43d900-6a6b-40ab-95f6-abdba984d5ee) transitioned into state 'RUNNING' from state 'PENDING' {{(pid=108227) _flow_receiver /usr/local/lib/python3.12/site-packages/taskflow/listeners/logging.py:145}}
Nov 25 13:17:17.837727 np0005535648.novalocal cinder-volume[108227]: DEBUG cinder.volume.manager [None req-2f3c0b00-ccbf-4507-b868-e75f2ad2c880 tempest-ServerActionsTestOtherB-205847236 None] Task 'cinder.volume.flows.manager.create_volume.ExtractVolumeRefTask;volume:create' (2bc9f111-374a-459f-8d64-0877e5baa118) transitioned into state 'RUNNING' from state 'PENDING' {{(pid=108227) _task_receiver /usr/local/lib/python3.12/site-packages/taskflow/listeners/logging.py:194}}
Nov 25 13:17:17.851398 np0005535648.novalocal cinder-volume[108227]: DEBUG cinder.volume.manager [None req-2f3c0b00-ccbf-4507-b868-e75f2ad2c880 tempest-ServerActionsTestOtherB-205847236 None] Task 'cinder.volume.flows.manager.create_volume.ExtractVolumeRefTask;volume:create' (2bc9f111-374a-459f-8d64-0877e5baa118) transitioned into state 'SUCCESS' from state 'RUNNING' with result 'Volume(_name_id=None,admin_metadata=,attach_status='detached',availability_zone='nova',bootable=False,cluster=,cluster_name=None,consistencygroup=,consistencygroup_id=None,created_at=2025-11-25T18:17:17Z,deleted=False,deleted_at=None,display_description=None,display_name='tempest-ServerActionsTestOtherB-volume-825540774',ec2_id=None,encryption_key_id=None,glance_metadata=,group=,group_id=None,host='np0005535648.novalocal@lvmdriver-1#lvmdriver-1',id=d5d85e9e-53bc-4d82-a55b-5cfc2fe1f1a7,launched_at=None,metadata={},migration_status=None,multiattach=False,previous_status=None,project_id='684cecb5362d45ff85e90096019cc322',provider_auth=None,provider_geometry=None,provider_id=None,provider_location=None,replication_driver_data=None,replication_extended_status=None,replication_status=None,scheduled_at=2025-11-25T18:17:17Z,service_uuid=None,shared_targets=True,size=1,snapshot_id=None,snapshots=,source_volid=None,status='creating',terminated_at=None,updated_at=2025-11-25T18:17:17Z,use_quota=True,user_id='0722a6dfe6194e529f2398116d49a50d',volume_attachment=VolumeAttachmentList,volume_type=VolumeType(42ef2ac8-46e2-415f-ad47-5f278d4fe376),volume_type_id=42ef2ac8-46e2-415f-ad47-5f278d4fe376)' {{(pid=108227) _task_receiver /usr/local/lib/python3.12/site-packages/taskflow/listeners/logging.py:182}}
Nov 25 13:17:17.855297 np0005535648.novalocal cinder-volume[108227]: DEBUG cinder.volume.manager [None req-2f3c0b00-ccbf-4507-b868-e75f2ad2c880 tempest-ServerActionsTestOtherB-205847236 None] Task 'cinder.volume.flows.manager.create_volume.OnFailureRescheduleTask;volume:create' (4906c0e3-d0ee-41e8-abfb-dd2b31905369) transitioned into state 'RUNNING' from state 'PENDING' {{(pid=108227) _task_receiver /usr/local/lib/python3.12/site-packages/taskflow/listeners/logging.py:194}}
Nov 25 13:17:17.858649 np0005535648.novalocal cinder-volume[108227]: DEBUG cinder.volume.manager [None req-2f3c0b00-ccbf-4507-b868-e75f2ad2c880 tempest-ServerActionsTestOtherB-205847236 None] Task 'cinder.volume.flows.manager.create_volume.OnFailureRescheduleTask;volume:create' (4906c0e3-d0ee-41e8-abfb-dd2b31905369) transitioned into state 'SUCCESS' from state 'RUNNING' with result 'None' {{(pid=108227) _task_receiver /usr/local/lib/python3.12/site-packages/taskflow/listeners/logging.py:182}}
Nov 25 13:17:17.864299 np0005535648.novalocal cinder-volume[108227]: DEBUG cinder.volume.manager [None req-2f3c0b00-ccbf-4507-b868-e75f2ad2c880 tempest-ServerActionsTestOtherB-205847236 None] Task 'cinder.volume.flows.manager.create_volume.ExtractVolumeSpecTask;volume:create' (e265895c-b971-4810-a944-ff6c57a799d1) transitioned into state 'RUNNING' from state 'PENDING' {{(pid=108227) _task_receiver /usr/local/lib/python3.12/site-packages/taskflow/listeners/logging.py:194}}
Nov 25 13:17:17.867412 np0005535648.novalocal cinder-volume[108227]: DEBUG cinder.volume.manager [None req-2f3c0b00-ccbf-4507-b868-e75f2ad2c880 tempest-ServerActionsTestOtherB-205847236 None] Task 'cinder.volume.flows.manager.create_volume.ExtractVolumeSpecTask;volume:create' (e265895c-b971-4810-a944-ff6c57a799d1) transitioned into state 'SUCCESS' from state 'RUNNING' with result '{'status': 'creating', 'type': 'raw', 'volume_id': 'd5d85e9e-53bc-4d82-a55b-5cfc2fe1f1a7', 'volume_name': 'volume-d5d85e9e-53bc-4d82-a55b-5cfc2fe1f1a7', 'volume_size': 1}' {{(pid=108227) _task_receiver /usr/local/lib/python3.12/site-packages/taskflow/listeners/logging.py:182}}
Nov 25 13:17:17.870082 np0005535648.novalocal cinder-volume[108227]: DEBUG cinder.volume.manager [None req-2f3c0b00-ccbf-4507-b868-e75f2ad2c880 tempest-ServerActionsTestOtherB-205847236 None] Task 'cinder.volume.flows.manager.create_volume.NotifyVolumeActionTask;volume:create, create.start' (cfe7609d-6d32-4c4e-87d1-f9c85c921890) transitioned into state 'RUNNING' from state 'PENDING' {{(pid=108227) _task_receiver /usr/local/lib/python3.12/site-packages/taskflow/listeners/logging.py:194}}
Nov 25 13:17:17.871971 np0005535648.novalocal cinder-volume[108227]: DEBUG cinder.volume.manager [None req-2f3c0b00-ccbf-4507-b868-e75f2ad2c880 tempest-ServerActionsTestOtherB-205847236 None] Task 'cinder.volume.flows.manager.create_volume.NotifyVolumeActionTask;volume:create, create.start' (cfe7609d-6d32-4c4e-87d1-f9c85c921890) transitioned into state 'SUCCESS' from state 'RUNNING' with result 'None' {{(pid=108227) _task_receiver /usr/local/lib/python3.12/site-packages/taskflow/listeners/logging.py:182}}
Nov 25 13:17:17.873865 np0005535648.novalocal cinder-volume[108227]: DEBUG cinder.volume.manager [None req-2f3c0b00-ccbf-4507-b868-e75f2ad2c880 tempest-ServerActionsTestOtherB-205847236 None] Task 'cinder.volume.flows.manager.create_volume.CreateVolumeFromSpecTask;volume:create' (29b1ab4c-7b11-4ecd-9afe-5f4fdebcfb19) transitioned into state 'RUNNING' from state 'PENDING' {{(pid=108227) _task_receiver /usr/local/lib/python3.12/site-packages/taskflow/listeners/logging.py:194}}
Nov 25 13:17:17.874387 np0005535648.novalocal cinder-volume[108227]: INFO cinder.volume.flows.manager.create_volume [None req-2f3c0b00-ccbf-4507-b868-e75f2ad2c880 tempest-ServerActionsTestOtherB-205847236 None] Volume d5d85e9e-53bc-4d82-a55b-5cfc2fe1f1a7: being created as raw with specification: {'status': 'creating', 'volume_name': 'volume-d5d85e9e-53bc-4d82-a55b-5cfc2fe1f1a7', 'volume_size': 1}
Nov 25 13:17:17.874919 np0005535648.novalocal cinder-volume[108227]: DEBUG oslo_concurrency.processutils [None req-2f3c0b00-ccbf-4507-b868-e75f2ad2c880 tempest-ServerActionsTestOtherB-205847236 None] Running cmd (subprocess): sudo cinder-rootwrap /etc/cinder/rootwrap.conf env LC_ALL=C lvcreate -T -V 1g -n volume-d5d85e9e-53bc-4d82-a55b-5cfc2fe1f1a7 stack-volumes-lvmdriver-1/stack-volumes-lvmdriver-1-pool {{(pid=108227) execute /usr/local/lib/python3.12/site-packages/oslo_concurrency/processutils.py:349}}
Nov 25 13:17:17.900643 np0005535648.novalocal sudo[142558]: stack : PWD=/ ; USER=root ; COMMAND=/usr/local/bin/cinder-rootwrap /etc/cinder/rootwrap.conf env LC_ALL=C lvcreate -T -V 1g -n volume-d5d85e9e-53bc-4d82-a55b-5cfc2fe1f1a7 stack-volumes-lvmdriver-1/stack-volumes-lvmdriver-1-pool
Nov 25 13:17:18.369962 np0005535648.novalocal cinder-volume[108227]: DEBUG oslo_concurrency.processutils [None req-2f3c0b00-ccbf-4507-b868-e75f2ad2c880 tempest-ServerActionsTestOtherB-205847236 None] CMD "sudo cinder-rootwrap /etc/cinder/rootwrap.conf env LC_ALL=C lvcreate -T -V 1g -n volume-d5d85e9e-53bc-4d82-a55b-5cfc2fe1f1a7 stack-volumes-lvmdriver-1/stack-volumes-lvmdriver-1-pool" returned: 0 in 0.495s {{(pid=108227) execute /usr/local/lib/python3.12/site-packages/oslo_concurrency/processutils.py:372}}
Nov 25 13:17:18.379890 np0005535648.novalocal cinder-volume[108227]: DEBUG cinder.volume.manager [None req-2f3c0b00-ccbf-4507-b868-e75f2ad2c880 tempest-ServerActionsTestOtherB-205847236 None] Task 'cinder.volume.flows.manager.create_volume.CreateVolumeFromSpecTask;volume:create' (29b1ab4c-7b11-4ecd-9afe-5f4fdebcfb19) transitioned into state 'SUCCESS' from state 'RUNNING' with result '{'status': 'creating', 'volume_name': 'volume-d5d85e9e-53bc-4d82-a55b-5cfc2fe1f1a7', 'volume_size': 1}' {{(pid=108227) _task_receiver /usr/local/lib/python3.12/site-packages/taskflow/listeners/logging.py:182}}
Nov 25 13:17:18.383200 np0005535648.novalocal cinder-volume[108227]: DEBUG cinder.volume.manager [None req-2f3c0b00-ccbf-4507-b868-e75f2ad2c880 tempest-ServerActionsTestOtherB-205847236 None] Task 'cinder.volume.flows.manager.create_volume.CreateVolumeOnFinishTask;volume:create, create.end' (cc21b63c-7f30-4b73-b4b2-bd26453b212f) transitioned into state 'RUNNING' from state 'PENDING' {{(pid=108227) _task_receiver /usr/local/lib/python3.12/site-packages/taskflow/listeners/logging.py:194}}
Nov 25 13:17:18.423395 np0005535648.novalocal cinder-volume[108227]: INFO cinder.volume.flows.manager.create_volume [None req-2f3c0b00-ccbf-4507-b868-e75f2ad2c880 tempest-ServerActionsTestOtherB-205847236 None] Volume volume-d5d85e9e-53bc-4d82-a55b-5cfc2fe1f1a7 (d5d85e9e-53bc-4d82-a55b-5cfc2fe1f1a7): created successfully
Nov 25 13:17:18.425858 np0005535648.novalocal cinder-volume[108227]: DEBUG cinder.volume.manager [None req-2f3c0b00-ccbf-4507-b868-e75f2ad2c880 tempest-ServerActionsTestOtherB-205847236 None] Task 'cinder.volume.flows.manager.create_volume.CreateVolumeOnFinishTask;volume:create, create.end' (cc21b63c-7f30-4b73-b4b2-bd26453b212f) transitioned into state 'SUCCESS' from state 'RUNNING' with result 'None' {{(pid=108227) _task_receiver /usr/local/lib/python3.12/site-packages/taskflow/listeners/logging.py:182}}
Nov 25 13:17:18.429688 np0005535648.novalocal cinder-volume[108227]: DEBUG cinder.volume.manager [None req-2f3c0b00-ccbf-4507-b868-e75f2ad2c880 tempest-ServerActionsTestOtherB-205847236 None] Flow 'volume_create_manager' (2c43d900-6a6b-40ab-95f6-abdba984d5ee) transitioned into state 'SUCCESS' from state 'RUNNING' {{(pid=108227) _flow_receiver /usr/local/lib/python3.12/site-packages/taskflow/listeners/logging.py:145}}
Nov 25 13:17:18.452631 np0005535648.novalocal cinder-volume[108227]: INFO cinder.volume.manager [None req-2f3c0b00-ccbf-4507-b868-e75f2ad2c880 tempest-ServerActionsTestOtherB-205847236 None] Created volume successfully.
Nov 25 13:17:21.978369 np0005535648.novalocal cinder-volume[108227]: DEBUG oslo_concurrency.processutils [req-451ed0c2-5d06-43a9-ba35-7877f3df713f req-cbf98cf2-458e-41af-aaf7-c85c2641cd44 tempest-ServerActionsTestOtherB-205847236 None] Running cmd (subprocess): sudo cinder-rootwrap /etc/cinder/rootwrap.conf lvchange -a y --yes -K stack-volumes-lvmdriver-1/volume-d5d85e9e-53bc-4d82-a55b-5cfc2fe1f1a7 {{(pid=108227) execute /usr/local/lib/python3.12/site-packages/oslo_concurrency/processutils.py:349}}
Nov 25 13:17:21.998325 np0005535648.novalocal sudo[142599]: stack : PWD=/ ; USER=root ; COMMAND=/usr/local/bin/cinder-rootwrap /etc/cinder/rootwrap.conf lvchange -a y --yes -K stack-volumes-lvmdriver-1/volume-d5d85e9e-53bc-4d82-a55b-5cfc2fe1f1a7
Nov 25 13:17:22.372577 np0005535648.novalocal cinder-volume[108227]: DEBUG oslo_concurrency.processutils [req-451ed0c2-5d06-43a9-ba35-7877f3df713f req-cbf98cf2-458e-41af-aaf7-c85c2641cd44 tempest-ServerActionsTestOtherB-205847236 None] CMD "sudo cinder-rootwrap /etc/cinder/rootwrap.conf lvchange -a y --yes -K stack-volumes-lvmdriver-1/volume-d5d85e9e-53bc-4d82-a55b-5cfc2fe1f1a7" returned: 0 in 0.393s {{(pid=108227) execute /usr/local/lib/python3.12/site-packages/oslo_concurrency/processutils.py:372}}
Nov 25 13:17:22.385330 np0005535648.novalocal cinder-volume[108227]: INFO cinder.volume.targets.lio [req-451ed0c2-5d06-43a9-ba35-7877f3df713f req-cbf98cf2-458e-41af-aaf7-c85c2641cd44 tempest-ServerActionsTestOtherB-205847236 None] Creating iscsi_target for volume: volume-d5d85e9e-53bc-4d82-a55b-5cfc2fe1f1a7
Nov 25 13:17:22.385709 np0005535648.novalocal cinder-volume[108227]: DEBUG oslo_concurrency.lockutils [req-451ed0c2-5d06-43a9-ba35-7877f3df713f req-cbf98cf2-458e-41af-aaf7-c85c2641cd44 tempest-ServerActionsTestOtherB-205847236 None] Acquiring lock "lioadm" by "cinder.volume.targets.lio.LioAdm._execute" {{(pid=108227) inner /usr/local/lib/python3.12/site-packages/oslo_concurrency/lockutils.py:405}}
Nov 25 13:17:22.386480 np0005535648.novalocal cinder-volume[108227]: DEBUG oslo_concurrency.lockutils [req-451ed0c2-5d06-43a9-ba35-7877f3df713f req-cbf98cf2-458e-41af-aaf7-c85c2641cd44 tempest-ServerActionsTestOtherB-205847236 None] Lock "lioadm" acquired by "cinder.volume.targets.lio.LioAdm._execute" :: waited 0.001s {{(pid=108227) inner /usr/local/lib/python3.12/site-packages/oslo_concurrency/lockutils.py:410}}
