Nov 25 13:17:48.990766 np0005535648.novalocal cinder-volume[108227]: DEBUG cinder.volume.targets.iscsi [req-550b9ad3-51cd-42fe-978e-5a7bc6bc188f req-7b47cffe-1883-410b-911d-a5e9c5f4c0c8 tempest-ServerActionsTestOtherB-205847236 None] Set provider_location to: 38.102.83.58:3260,iqn.2010-10.org.openstack:volume-d5d85e9e-53bc-4d82-a55b-5cfc2fe1f1a7 iqn.2010-10.org.openstack:volume-d5d85e9e-53bc-4d82-a55b-5cfc2fe1f1a7 0 {{(pid=108227) create_export /opt/stack/cinder/cinder/volume/targets/iscsi.py:205}}
Nov 25 13:17:48.999736 np0005535648.novalocal cinder-volume[108227]: DEBUG oslo_concurrency.lockutils [req-550b9ad3-51cd-42fe-978e-5a7bc6bc188f req-7b47cffe-1883-410b-911d-a5e9c5f4c0c8 tempest-ServerActionsTestOtherB-205847236 None] Acquiring lock "lioadm" by "cinder.volume.targets.lio.LioAdm._execute" {{(pid=108227) inner /usr/local/lib/python3.12/site-packages/oslo_concurrency/lockutils.py:405}}
Nov 25 13:17:49.000322 np0005535648.novalocal cinder-volume[108227]: DEBUG oslo_concurrency.lockutils [req-550b9ad3-51cd-42fe-978e-5a7bc6bc188f req-7b47cffe-1883-410b-911d-a5e9c5f4c0c8 tempest-ServerActionsTestOtherB-205847236 None] Lock "lioadm" acquired by "cinder.volume.targets.lio.LioAdm._execute" :: waited 0.001s {{(pid=108227) inner /usr/local/lib/python3.12/site-packages/oslo_concurrency/lockutils.py:410}}
Nov 25 13:17:49.000949 np0005535648.novalocal cinder-volume[108227]: DEBUG oslo_concurrency.processutils [req-550b9ad3-51cd-42fe-978e-5a7bc6bc188f req-7b47cffe-1883-410b-911d-a5e9c5f4c0c8 tempest-ServerActionsTestOtherB-205847236 None] Running cmd (subprocess): sudo cinder-rootwrap /etc/cinder/rootwrap.conf cinder-rtstool add-initiator iqn.2010-10.org.openstack:volume-d5d85e9e-53bc-4d82-a55b-5cfc2fe1f1a7 5tHRES8Zu6BdSXHPXcDD gr229LBr9Lgt4XHr iqn.1994-05.com.redhat:521f6b681fe5 {{(pid=108227) execute /usr/local/lib/python3.12/site-packages/oslo_concurrency/processutils.py:349}}
Nov 25 13:17:49.025648 np0005535648.novalocal sudo[142990]: stack : PWD=/ ; USER=root ; COMMAND=/usr/local/bin/cinder-rootwrap /etc/cinder/rootwrap.conf cinder-rtstool add-initiator iqn.2010-10.org.openstack:volume-d5d85e9e-53bc-4d82-a55b-5cfc2fe1f1a7 5tHRES8Zu6BdSXHPXcDD gr229LBr9Lgt4XHr iqn.1994-05.com.redhat:521f6b681fe5
Nov 25 13:17:49.533095 np0005535648.novalocal cinder-volume[108227]: DEBUG oslo_concurrency.processutils [req-550b9ad3-51cd-42fe-978e-5a7bc6bc188f req-7b47cffe-1883-410b-911d-a5e9c5f4c0c8 tempest-ServerActionsTestOtherB-205847236 None] CMD "sudo cinder-rootwrap /etc/cinder/rootwrap.conf cinder-rtstool add-initiator iqn.2010-10.org.openstack:volume-d5d85e9e-53bc-4d82-a55b-5cfc2fe1f1a7 5tHRES8Zu6BdSXHPXcDD gr229LBr9Lgt4XHr iqn.1994-05.com.redhat:521f6b681fe5" returned: 0 in 0.532s {{(pid=108227) execute /usr/local/lib/python3.12/site-packages/oslo_concurrency/processutils.py:372}}
Nov 25 13:17:49.533457 np0005535648.novalocal cinder-volume[108227]: DEBUG oslo_concurrency.lockutils [req-550b9ad3-51cd-42fe-978e-5a7bc6bc188f req-7b47cffe-1883-410b-911d-a5e9c5f4c0c8 tempest-ServerActionsTestOtherB-205847236 None] Lock "lioadm" "released" by "cinder.volume.targets.lio.LioAdm._execute" :: held 0.533s {{(pid=108227) inner /usr/local/lib/python3.12/site-packages/oslo_concurrency/lockutils.py:424}}
Nov 25 13:17:49.533740 np0005535648.novalocal cinder-volume[108227]: DEBUG oslo_concurrency.lockutils [req-550b9ad3-51cd-42fe-978e-5a7bc6bc188f req-7b47cffe-1883-410b-911d-a5e9c5f4c0c8 tempest-ServerActionsTestOtherB-205847236 None] Acquiring lock "lioadm" by "cinder.volume.targets.lio.LioAdm._execute" {{(pid=108227) inner /usr/local/lib/python3.12/site-packages/oslo_concurrency/lockutils.py:405}}
Nov 25 13:17:49.534201 np0005535648.novalocal cinder-volume[108227]: DEBUG oslo_concurrency.lockutils [req-550b9ad3-51cd-42fe-978e-5a7bc6bc188f req-7b47cffe-1883-410b-911d-a5e9c5f4c0c8 tempest-ServerActionsTestOtherB-205847236 None] Lock "lioadm" acquired by "cinder.volume.targets.lio.LioAdm._execute" :: waited 0.000s {{(pid=108227) inner /usr/local/lib/python3.12/site-packages/oslo_concurrency/lockutils.py:410}}
Nov 25 13:17:49.534580 np0005535648.novalocal cinder-volume[108227]: DEBUG oslo_concurrency.processutils [req-550b9ad3-51cd-42fe-978e-5a7bc6bc188f req-7b47cffe-1883-410b-911d-a5e9c5f4c0c8 tempest-ServerActionsTestOtherB-205847236 None] Running cmd (subprocess): sudo cinder-rootwrap /etc/cinder/rootwrap.conf cinder-rtstool save {{(pid=108227) execute /usr/local/lib/python3.12/site-packages/oslo_concurrency/processutils.py:349}}
Nov 25 13:17:49.551347 np0005535648.novalocal sudo[143001]: stack : PWD=/ ; USER=root ; COMMAND=/usr/local/bin/cinder-rootwrap /etc/cinder/rootwrap.conf cinder-rtstool save
Nov 25 13:17:50.134140 np0005535648.novalocal cinder-volume[108227]: DEBUG oslo_concurrency.processutils [req-550b9ad3-51cd-42fe-978e-5a7bc6bc188f req-7b47cffe-1883-410b-911d-a5e9c5f4c0c8 tempest-ServerActionsTestOtherB-205847236 None] CMD "sudo cinder-rootwrap /etc/cinder/rootwrap.conf cinder-rtstool save" returned: 0 in 0.599s {{(pid=108227) execute /usr/local/lib/python3.12/site-packages/oslo_concurrency/processutils.py:372}}
Nov 25 13:17:50.134565 np0005535648.novalocal cinder-volume[108227]: DEBUG oslo_concurrency.lockutils [req-550b9ad3-51cd-42fe-978e-5a7bc6bc188f req-7b47cffe-1883-410b-911d-a5e9c5f4c0c8 tempest-ServerActionsTestOtherB-205847236 None] Lock "lioadm" "released" by "cinder.volume.targets.lio.LioAdm._execute" :: held 0.600s {{(pid=108227) inner /usr/local/lib/python3.12/site-packages/oslo_concurrency/lockutils.py:424}}
Nov 25 13:17:50.154520 np0005535648.novalocal cinder-volume[108227]: DEBUG cinder.volume.manager [req-550b9ad3-51cd-42fe-978e-5a7bc6bc188f req-7b47cffe-1883-410b-911d-a5e9c5f4c0c8 tempest-ServerActionsTestOtherB-205847236 None] Connection info returned from driver {'target_discovered': False, 'target_portal': '38.102.83.58:3260', 'target_iqn': 'iqn.2010-10.org.openstack:volume-d5d85e9e-53bc-4d82-a55b-5cfc2fe1f1a7', 'target_lun': 0, 'volume_id': 'd5d85e9e-53bc-4d82-a55b-5cfc2fe1f1a7', 'auth_method': 'CHAP', 'auth_username': '5tHRES8Zu6BdSXHPXcDD', 'auth_password': '***', 'encrypted': False, 'qos_specs': None, 'access_mode': 'rw', 'cacheable': False, 'driver_volume_type': 'iscsi', 'attachment_id': 'e57db3e6-5f57-4d12-9da0-8e5830d1450f', 'enforce_multipath': True} {{(pid=108227) _connection_create /opt/stack/cinder/cinder/volume/manager.py:4892}}
Nov 25 13:17:50.182718 np0005535648.novalocal cinder-volume[108227]: INFO cinder.volume.manager [req-550b9ad3-51cd-42fe-978e-5a7bc6bc188f req-7b47cffe-1883-410b-911d-a5e9c5f4c0c8 tempest-ServerActionsTestOtherB-205847236 None] attachment_update completed successfully.
Nov 25 13:17:50.923561 np0005535648.novalocal cinder-volume[108227]: DEBUG oslo_concurrency.processutils [None req-1046d4fe-336a-4434-9d70-4eedf042c4f5 tempest-VolumesSnapshotTestJSON-2115482626 None] Running cmd (subprocess): sudo cinder-rootwrap /etc/cinder/rootwrap.conf env LC_ALL=C lvs --noheadings --unit=g -o vg_name,name,size --nosuffix --readonly stack-volumes-lvmdriver-1/volume-16946f1a-76b8-4912-a33d-0d1021858840 {{(pid=108227) execute /usr/local/lib/python3.12/site-packages/oslo_concurrency/processutils.py:349}}
Nov 25 13:17:50.950819 np0005535648.novalocal sudo[143007]: stack : PWD=/ ; USER=root ; COMMAND=/usr/local/bin/cinder-rootwrap /etc/cinder/rootwrap.conf env LC_ALL=C lvs --noheadings --unit=g -o vg_name,name,size --nosuffix --readonly stack-volumes-lvmdriver-1/volume-16946f1a-76b8-4912-a33d-0d1021858840
Nov 25 13:17:51.383754 np0005535648.novalocal cinder-volume[108227]: DEBUG oslo_concurrency.processutils [None req-1046d4fe-336a-4434-9d70-4eedf042c4f5 tempest-VolumesSnapshotTestJSON-2115482626 None] CMD "sudo cinder-rootwrap /etc/cinder/rootwrap.conf env LC_ALL=C lvs --noheadings --unit=g -o vg_name,name,size --nosuffix --readonly stack-volumes-lvmdriver-1/volume-16946f1a-76b8-4912-a33d-0d1021858840" returned: 0 in 0.460s {{(pid=108227) execute /usr/local/lib/python3.12/site-packages/oslo_concurrency/processutils.py:372}}
Nov 25 13:17:51.385087 np0005535648.novalocal cinder-volume[108227]: DEBUG oslo_concurrency.processutils [None req-1046d4fe-336a-4434-9d70-4eedf042c4f5 tempest-VolumesSnapshotTestJSON-2115482626 None] Running cmd (subprocess): sudo cinder-rootwrap /etc/cinder/rootwrap.conf env LC_ALL=C lvcreate --name _snapshot-63adbc62-1392-428f-93db-f258d3d87533 --snapshot stack-volumes-lvmdriver-1/volume-16946f1a-76b8-4912-a33d-0d1021858840 {{(pid=108227) execute /usr/local/lib/python3.12/site-packages/oslo_concurrency/processutils.py:349}}
Nov 25 13:17:51.406448 np0005535648.novalocal sudo[143018]: stack : PWD=/ ; USER=root ; COMMAND=/usr/local/bin/cinder-rootwrap /etc/cinder/rootwrap.conf env LC_ALL=C lvcreate --name _snapshot-63adbc62-1392-428f-93db-f258d3d87533 --snapshot stack-volumes-lvmdriver-1/volume-16946f1a-76b8-4912-a33d-0d1021858840
Nov 25 13:17:51.836879 np0005535648.novalocal cinder-volume[108227]: DEBUG oslo_concurrency.processutils [None req-1046d4fe-336a-4434-9d70-4eedf042c4f5 tempest-VolumesSnapshotTestJSON-2115482626 None] CMD "sudo cinder-rootwrap /etc/cinder/rootwrap.conf env LC_ALL=C lvcreate --name _snapshot-63adbc62-1392-428f-93db-f258d3d87533 --snapshot stack-volumes-lvmdriver-1/volume-16946f1a-76b8-4912-a33d-0d1021858840" returned: 0 in 0.452s {{(pid=108227) execute /usr/local/lib/python3.12/site-packages/oslo_concurrency/processutils.py:372}}
Nov 25 13:17:51.857707 np0005535648.novalocal cinder-volume[108227]: INFO cinder.volume.manager [None req-1046d4fe-336a-4434-9d70-4eedf042c4f5 tempest-VolumesSnapshotTestJSON-2115482626 None] Create snapshot completed successfully
Nov 25 13:17:52.062372 np0005535648.novalocal cinder-volume[108227]: DEBUG oslo_concurrency.processutils [None req-c69b508b-7e20-4c7e-b248-08a4c6d3e3c4 tempest-VolumesSnapshotTestJSON-2115482626 None] Running cmd (subprocess): sudo cinder-rootwrap /etc/cinder/rootwrap.conf env LC_ALL=C lvs --noheadings --unit=g -o vg_name,name,size --nosuffix --readonly stack-volumes-lvmdriver-1/volume-16946f1a-76b8-4912-a33d-0d1021858840 {{(pid=108227) execute /usr/local/lib/python3.12/site-packages/oslo_concurrency/processutils.py:349}}
Nov 25 13:17:52.090597 np0005535648.novalocal sudo[143038]: stack : PWD=/ ; USER=root ; COMMAND=/usr/local/bin/cinder-rootwrap /etc/cinder/rootwrap.conf env LC_ALL=C lvs --noheadings --unit=g -o vg_name,name,size --nosuffix --readonly stack-volumes-lvmdriver-1/volume-16946f1a-76b8-4912-a33d-0d1021858840
Nov 25 13:17:52.497843 np0005535648.novalocal cinder-volume[108227]: DEBUG oslo_concurrency.processutils [None req-c69b508b-7e20-4c7e-b248-08a4c6d3e3c4 tempest-VolumesSnapshotTestJSON-2115482626 None] CMD "sudo cinder-rootwrap /etc/cinder/rootwrap.conf env LC_ALL=C lvs --noheadings --unit=g -o vg_name,name,size --nosuffix --readonly stack-volumes-lvmdriver-1/volume-16946f1a-76b8-4912-a33d-0d1021858840" returned: 0 in 0.435s {{(pid=108227) execute /usr/local/lib/python3.12/site-packages/oslo_concurrency/processutils.py:372}}
Nov 25 13:17:52.498941 np0005535648.novalocal cinder-volume[108227]: DEBUG oslo_concurrency.processutils [None req-c69b508b-7e20-4c7e-b248-08a4c6d3e3c4 tempest-VolumesSnapshotTestJSON-2115482626 None] Running cmd (subprocess): sudo cinder-rootwrap /etc/cinder/rootwrap.conf env LC_ALL=C lvcreate --name _snapshot-f57419e3-a887-442d-8aff-fa9d915e2201 --snapshot stack-volumes-lvmdriver-1/volume-16946f1a-76b8-4912-a33d-0d1021858840 {{(pid=108227) execute /usr/local/lib/python3.12/site-packages/oslo_concurrency/processutils.py:349}}
Nov 25 13:17:52.516712 np0005535648.novalocal sudo[143043]: stack : PWD=/ ; USER=root ; COMMAND=/usr/local/bin/cinder-rootwrap /etc/cinder/rootwrap.conf env LC_ALL=C lvcreate --name _snapshot-f57419e3-a887-442d-8aff-fa9d915e2201 --snapshot stack-volumes-lvmdriver-1/volume-16946f1a-76b8-4912-a33d-0d1021858840
Nov 25 13:17:52.932557 np0005535648.novalocal cinder-volume[108227]: DEBUG oslo_concurrency.processutils [None req-c69b508b-7e20-4c7e-b248-08a4c6d3e3c4 tempest-VolumesSnapshotTestJSON-2115482626 None] CMD "sudo cinder-rootwrap /etc/cinder/rootwrap.conf env LC_ALL=C lvcreate --name _snapshot-f57419e3-a887-442d-8aff-fa9d915e2201 --snapshot stack-volumes-lvmdriver-1/volume-16946f1a-76b8-4912-a33d-0d1021858840" returned: 0 in 0.433s {{(pid=108227) execute /usr/local/lib/python3.12/site-packages/oslo_concurrency/processutils.py:372}}
Nov 25 13:17:52.949240 np0005535648.novalocal cinder-volume[108227]: INFO cinder.volume.manager [None req-c69b508b-7e20-4c7e-b248-08a4c6d3e3c4 tempest-VolumesSnapshotTestJSON-2115482626 None] Create snapshot completed successfully
Nov 25 13:17:53.125113 np0005535648.novalocal cinder-volume[108227]: DEBUG cinder.coordination [None req-b7b72327-a4a6-4942-b398-c6ff12a74f92 tempest-VolumesSnapshotTestJSON-2115482626 None] Acquiring lock "cinder-f57419e3-a887-442d-8aff-fa9d915e2201-delete_snapshot" by "delete_snapshot" {{(pid=108227) __acquire /opt/stack/cinder/cinder/coordination.py:143}}
Nov 25 13:17:53.133161 np0005535648.novalocal cinder-volume[108227]: DEBUG cinder.coordination [None req-b7b72327-a4a6-4942-b398-c6ff12a74f92 tempest-VolumesSnapshotTestJSON-2115482626 None] Lock "cinder-f57419e3-a887-442d-8aff-fa9d915e2201-delete_snapshot" acquired by "delete_snapshot" :: waited 0.008s {{(pid=108227) __acquire /opt/stack/cinder/cinder/coordination.py:146}}
Nov 25 13:17:53.134919 np0005535648.novalocal cinder-volume[108227]: DEBUG oslo_concurrency.processutils [None req-b7b72327-a4a6-4942-b398-c6ff12a74f92 tempest-VolumesSnapshotTestJSON-2115482626 None] Running cmd (subprocess): sudo cinder-rootwrap /etc/cinder/rootwrap.conf env LC_ALL=C lvs --noheadings --unit=g -o vg_name,name,size --nosuffix --readonly stack-volumes-lvmdriver-1/_snapshot-f57419e3-a887-442d-8aff-fa9d915e2201 {{(pid=108227) execute /usr/local/lib/python3.12/site-packages/oslo_concurrency/processutils.py:349}}
Nov 25 13:17:53.162900 np0005535648.novalocal sudo[143085]: stack : PWD=/ ; USER=root ; COMMAND=/usr/local/bin/cinder-rootwrap /etc/cinder/rootwrap.conf env LC_ALL=C lvs --noheadings --unit=g -o vg_name,name,size --nosuffix --readonly stack-volumes-lvmdriver-1/_snapshot-f57419e3-a887-442d-8aff-fa9d915e2201
Nov 25 13:17:53.518366 np0005535648.novalocal cinder-volume[108227]: DEBUG oslo_concurrency.processutils [None req-b7b72327-a4a6-4942-b398-c6ff12a74f92 tempest-VolumesSnapshotTestJSON-2115482626 None] CMD "sudo cinder-rootwrap /etc/cinder/rootwrap.conf env LC_ALL=C lvs --noheadings --unit=g -o vg_name,name,size --nosuffix --readonly stack-volumes-lvmdriver-1/_snapshot-f57419e3-a887-442d-8aff-fa9d915e2201" returned: 0 in 0.384s {{(pid=108227) execute /usr/local/lib/python3.12/site-packages/oslo_concurrency/processutils.py:372}}
Nov 25 13:17:53.519160 np0005535648.novalocal cinder-volume[108227]: DEBUG oslo_concurrency.processutils [None req-b7b72327-a4a6-4942-b398-c6ff12a74f92 tempest-VolumesSnapshotTestJSON-2115482626 None] Running cmd (subprocess): sudo cinder-rootwrap /etc/cinder/rootwrap.conf lvremove --config activation { retry_deactivation = 1} -f stack-volumes-lvmdriver-1/_snapshot-f57419e3-a887-442d-8aff-fa9d915e2201 {{(pid=108227) execute /usr/local/lib/python3.12/site-packages/oslo_concurrency/processutils.py:349}}
Nov 25 13:17:53.536656 np0005535648.novalocal sudo[143097]: stack : PWD=/ ; USER=root ; COMMAND=/usr/local/bin/cinder-rootwrap /etc/cinder/rootwrap.conf lvremove --config 'activation { retry_deactivation = 1} ' -f stack-volumes-lvmdriver-1/_snapshot-f57419e3-a887-442d-8aff-fa9d915e2201
Nov 25 13:17:53.925429 np0005535648.novalocal cinder-volume[108227]: DEBUG oslo_concurrency.processutils [None req-b7b72327-a4a6-4942-b398-c6ff12a74f92 tempest-VolumesSnapshotTestJSON-2115482626 None] CMD "sudo cinder-rootwrap /etc/cinder/rootwrap.conf lvremove --config activation { retry_deactivation = 1} -f stack-volumes-lvmdriver-1/_snapshot-f57419e3-a887-442d-8aff-fa9d915e2201" returned: 0 in 0.405s {{(pid=108227) execute /usr/local/lib/python3.12/site-packages/oslo_concurrency/processutils.py:372}}
Nov 25 13:17:53.952839 np0005535648.novalocal cinder-volume[108227]: DEBUG cinder.quota [None req-b7b72327-a4a6-4942-b398-c6ff12a74f92 tempest-VolumesSnapshotTestJSON-2115482626 None] Created reservations ['b0e21321-e481-412f-9c7a-3db439a7a73d', 'c3141c1d-a07c-42a4-84ae-79a9f679f433', '5ac642c6-ed53-4e06-b8f8-d448d3e665c4', 'b985fb11-8ea5-4b00-8c04-64f57ec2b121'] {{(pid=108227) reserve /opt/stack/cinder/cinder/quota.py:752}}
Nov 25 13:17:53.974758 np0005535648.novalocal cinder-volume[108227]: INFO cinder.volume.manager [None req-b7b72327-a4a6-4942-b398-c6ff12a74f92 tempest-VolumesSnapshotTestJSON-2115482626 None] Delete snapshot completed successfully.
Nov 25 13:17:53.978426 np0005535648.novalocal cinder-volume[108227]: DEBUG cinder.coordination [None req-b7b72327-a4a6-4942-b398-c6ff12a74f92 tempest-VolumesSnapshotTestJSON-2115482626 None] Lock "cinder-f57419e3-a887-442d-8aff-fa9d915e2201-delete_snapshot" released by "delete_snapshot" :: held 0.845s {{(pid=108227) __release /opt/stack/cinder/cinder/coordination.py:157}}
Nov 25 13:17:54.219908 np0005535648.novalocal cinder-volume[108227]: DEBUG cinder.coordination [None req-0de86388-d6d1-4505-aaa7-2b4f3ffaf6e2 tempest-VolumesSnapshotTestJSON-2115482626 None] Acquiring lock "cinder-16371473-eb40-4704-9d32-cf808b0b1567-delete_snapshot" by "delete_snapshot" {{(pid=108227) __acquire /opt/stack/cinder/cinder/coordination.py:143}}
Nov 25 13:17:54.231832 np0005535648.novalocal cinder-volume[108227]: DEBUG cinder.coordination [None req-0de86388-d6d1-4505-aaa7-2b4f3ffaf6e2 tempest-VolumesSnapshotTestJSON-2115482626 None] Lock "cinder-16371473-eb40-4704-9d32-cf808b0b1567-delete_snapshot" acquired by "delete_snapshot" :: waited 0.012s {{(pid=108227) __acquire /opt/stack/cinder/cinder/coordination.py:146}}
Nov 25 13:17:54.233371 np0005535648.novalocal cinder-volume[108227]: DEBUG oslo_concurrency.processutils [None req-0de86388-d6d1-4505-aaa7-2b4f3ffaf6e2 tempest-VolumesSnapshotTestJSON-2115482626 None] Running cmd (subprocess): sudo cinder-rootwrap /etc/cinder/rootwrap.conf env LC_ALL=C lvs --noheadings --unit=g -o vg_name,name,size --nosuffix --readonly stack-volumes-lvmdriver-1/_snapshot-16371473-eb40-4704-9d32-cf808b0b1567 {{(pid=108227) execute /usr/local/lib/python3.12/site-packages/oslo_concurrency/processutils.py:349}}
Nov 25 13:17:54.262431 np0005535648.novalocal sudo[143105]: stack : PWD=/ ; USER=root ; COMMAND=/usr/local/bin/cinder-rootwrap /etc/cinder/rootwrap.conf env LC_ALL=C lvs --noheadings --unit=g -o vg_name,name,size --nosuffix --readonly stack-volumes-lvmdriver-1/_snapshot-16371473-eb40-4704-9d32-cf808b0b1567
Nov 25 13:17:54.634170 np0005535648.novalocal cinder-volume[108227]: DEBUG oslo_concurrency.processutils [None req-0de86388-d6d1-4505-aaa7-2b4f3ffaf6e2 tempest-VolumesSnapshotTestJSON-2115482626 None] CMD "sudo cinder-rootwrap /etc/cinder/rootwrap.conf env LC_ALL=C lvs --noheadings --unit=g -o vg_name,name,size --nosuffix --readonly stack-volumes-lvmdriver-1/_snapshot-16371473-eb40-4704-9d32-cf808b0b1567" returned: 0 in 0.400s {{(pid=108227) execute /usr/local/lib/python3.12/site-packages/oslo_concurrency/processutils.py:372}}
Nov 25 13:17:54.635801 np0005535648.novalocal cinder-volume[108227]: DEBUG oslo_concurrency.processutils [None req-0de86388-d6d1-4505-aaa7-2b4f3ffaf6e2 tempest-VolumesSnapshotTestJSON-2115482626 None] Running cmd (subprocess): sudo cinder-rootwrap /etc/cinder/rootwrap.conf lvremove --config activation { retry_deactivation = 1} -f stack-volumes-lvmdriver-1/_snapshot-16371473-eb40-4704-9d32-cf808b0b1567 {{(pid=108227) execute /usr/local/lib/python3.12/site-packages/oslo_concurrency/processutils.py:349}}
Nov 25 13:17:54.661216 np0005535648.novalocal sudo[143111]: stack : PWD=/ ; USER=root ; COMMAND=/usr/local/bin/cinder-rootwrap /etc/cinder/rootwrap.conf lvremove --config 'activation { retry_deactivation = 1} ' -f stack-volumes-lvmdriver-1/_snapshot-16371473-eb40-4704-9d32-cf808b0b1567
Nov 25 13:17:55.151519 np0005535648.novalocal cinder-volume[108227]: DEBUG oslo_concurrency.processutils [None req-0de86388-d6d1-4505-aaa7-2b4f3ffaf6e2 tempest-VolumesSnapshotTestJSON-2115482626 None] CMD "sudo cinder-rootwrap /etc/cinder/rootwrap.conf lvremove --config activation { retry_deactivation = 1} -f stack-volumes-lvmdriver-1/_snapshot-16371473-eb40-4704-9d32-cf808b0b1567" returned: 0 in 0.515s {{(pid=108227) execute /usr/local/lib/python3.12/site-packages/oslo_concurrency/processutils.py:372}}
Nov 25 13:17:55.196739 np0005535648.novalocal cinder-volume[108227]: DEBUG cinder.quota [None req-0de86388-d6d1-4505-aaa7-2b4f3ffaf6e2 tempest-VolumesSnapshotTestJSON-2115482626 None] Created reservations ['15f63739-fb6b-49c8-9c23-dc696b81546a', '2dddc291-1ffe-421a-9692-836c94b5df43', 'ffadbf57-356a-4afd-95f2-666b3edd4057', '81e7b7d2-c2d1-48c2-9a24-5333cdbf298e'] {{(pid=108227) reserve /opt/stack/cinder/cinder/quota.py:752}}
Nov 25 13:17:55.252349 np0005535648.novalocal cinder-volume[108227]: INFO cinder.volume.manager [None req-0de86388-d6d1-4505-aaa7-2b4f3ffaf6e2 tempest-VolumesSnapshotTestJSON-2115482626 None] Delete snapshot completed successfully.
Nov 25 13:17:55.260116 np0005535648.novalocal cinder-volume[108227]: DEBUG cinder.coordination [None req-0de86388-d6d1-4505-aaa7-2b4f3ffaf6e2 tempest-VolumesSnapshotTestJSON-2115482626 None] Lock "cinder-16371473-eb40-4704-9d32-cf808b0b1567-delete_snapshot" released by "delete_snapshot" :: held 1.028s {{(pid=108227) __release /opt/stack/cinder/cinder/coordination.py:157}}
Nov 25 13:17:55.316284 np0005535648.novalocal cinder-volume[108227]: DEBUG cinder.coordination [None req-c02c180a-dfb8-43b5-bb67-6281d7771303 tempest-VolumesSnapshotTestJSON-2115482626 None] Acquiring lock "cinder-63adbc62-1392-428f-93db-f258d3d87533-delete_snapshot" by "delete_snapshot" {{(pid=108227) __acquire /opt/stack/cinder/cinder/coordination.py:143}}
Nov 25 13:17:55.325051 np0005535648.novalocal cinder-volume[108227]: DEBUG cinder.coordination [None req-c02c180a-dfb8-43b5-bb67-6281d7771303 tempest-VolumesSnapshotTestJSON-2115482626 None] Lock "cinder-63adbc62-1392-428f-93db-f258d3d87533-delete_snapshot" acquired by "delete_snapshot" :: waited 0.009s {{(pid=108227) __acquire /opt/stack/cinder/cinder/coordination.py:146}}
Nov 25 13:17:55.326605 np0005535648.novalocal cinder-volume[108227]: DEBUG oslo_concurrency.processutils [None req-c02c180a-dfb8-43b5-bb67-6281d7771303 tempest-VolumesSnapshotTestJSON-2115482626 None] Running cmd (subprocess): sudo cinder-rootwrap /etc/cinder/rootwrap.conf env LC_ALL=C lvs --noheadings --unit=g -o vg_name,name,size --nosuffix --readonly stack-volumes-lvmdriver-1/_snapshot-63adbc62-1392-428f-93db-f258d3d87533 {{(pid=108227) execute /usr/local/lib/python3.12/site-packages/oslo_concurrency/processutils.py:349}}
Nov 25 13:17:55.354004 np0005535648.novalocal sudo[143119]: stack : PWD=/ ; USER=root ; COMMAND=/usr/local/bin/cinder-rootwrap /etc/cinder/rootwrap.conf env LC_ALL=C lvs --noheadings --unit=g -o vg_name,name,size --nosuffix --readonly stack-volumes-lvmdriver-1/_snapshot-63adbc62-1392-428f-93db-f258d3d87533
Nov 25 13:17:55.698821 np0005535648.novalocal cinder-volume[108227]: DEBUG oslo_concurrency.processutils [None req-c02c180a-dfb8-43b5-bb67-6281d7771303 tempest-VolumesSnapshotTestJSON-2115482626 None] CMD "sudo cinder-rootwrap /etc/cinder/rootwrap.conf env LC_ALL=C lvs --noheadings --unit=g -o vg_name,name,size --nosuffix --readonly stack-volumes-lvmdriver-1/_snapshot-63adbc62-1392-428f-93db-f258d3d87533" returned: 0 in 0.372s {{(pid=108227) execute /usr/local/lib/python3.12/site-packages/oslo_concurrency/processutils.py:372}}
Nov 25 13:17:55.700097 np0005535648.novalocal cinder-volume[108227]: DEBUG oslo_concurrency.processutils [None req-c02c180a-dfb8-43b5-bb67-6281d7771303 tempest-VolumesSnapshotTestJSON-2115482626 None] Running cmd (subprocess): sudo cinder-rootwrap /etc/cinder/rootwrap.conf lvremove --config activation { retry_deactivation = 1} -f stack-volumes-lvmdriver-1/_snapshot-63adbc62-1392-428f-93db-f258d3d87533 {{(pid=108227) execute /usr/local/lib/python3.12/site-packages/oslo_concurrency/processutils.py:349}}
Nov 25 13:17:55.721941 np0005535648.novalocal sudo[143124]: stack : PWD=/ ; USER=root ; COMMAND=/usr/local/bin/cinder-rootwrap /etc/cinder/rootwrap.conf lvremove --config 'activation { retry_deactivation = 1} ' -f stack-volumes-lvmdriver-1/_snapshot-63adbc62-1392-428f-93db-f258d3d87533
Nov 25 13:17:56.075675 np0005535648.novalocal cinder-volume[108227]: DEBUG oslo_concurrency.processutils [None req-c02c180a-dfb8-43b5-bb67-6281d7771303 tempest-VolumesSnapshotTestJSON-2115482626 None] CMD "sudo cinder-rootwrap /etc/cinder/rootwrap.conf lvremove --config activation { retry_deactivation = 1} -f stack-volumes-lvmdriver-1/_snapshot-63adbc62-1392-428f-93db-f258d3d87533" returned: 0 in 0.375s {{(pid=108227) execute /usr/local/lib/python3.12/site-packages/oslo_concurrency/processutils.py:372}}
Nov 25 13:17:56.110225 np0005535648.novalocal cinder-volume[108227]: DEBUG cinder.quota [None req-c02c180a-dfb8-43b5-bb67-6281d7771303 tempest-VolumesSnapshotTestJSON-2115482626 None] Created reservations ['0e8978e1-c3d2-4e3d-9f18-19889eebbc59', '2e68b8a7-131b-4287-a601-059c7bb10a7c', 'b78c82f5-95ca-4767-a65c-bc8216b08ceb', '4af10e3a-b677-453a-956a-e1b5c90e4731'] {{(pid=108227) reserve /opt/stack/cinder/cinder/quota.py:752}}
Nov 25 13:17:56.137038 np0005535648.novalocal cinder-volume[108227]: INFO cinder.volume.manager [None req-c02c180a-dfb8-43b5-bb67-6281d7771303 tempest-VolumesSnapshotTestJSON-2115482626 None] Delete snapshot completed successfully.
Nov 25 13:17:56.142049 np0005535648.novalocal cinder-volume[108227]: DEBUG cinder.coordination [None req-c02c180a-dfb8-43b5-bb67-6281d7771303 tempest-VolumesSnapshotTestJSON-2115482626 None] Lock "cinder-63adbc62-1392-428f-93db-f258d3d87533-delete_snapshot" released by "delete_snapshot" :: held 0.817s {{(pid=108227) __release /opt/stack/cinder/cinder/coordination.py:157}}
Nov 25 13:17:58.774609 np0005535648.novalocal cinder-volume[108227]: DEBUG oslo_concurrency.lockutils [req-d4369b92-db84-4d86-b883-165c7b6be273 req-0e83007d-4d65-4dc0-be6c-34540eac9299 tempest-VolumesSnapshotTestJSON-2115482626 None] Acquiring lock "lioadm" by "cinder.volume.targets.lio.LioAdm._execute" {{(pid=108227) inner /usr/local/lib/python3.12/site-packages/oslo_concurrency/lockutils.py:405}}
Nov 25 13:17:58.774609 np0005535648.novalocal cinder-volume[108227]: DEBUG oslo_concurrency.lockutils [req-d4369b92-db84-4d86-b883-165c7b6be273 req-0e83007d-4d65-4dc0-be6c-34540eac9299 tempest-VolumesSnapshotTestJSON-2115482626 None] Lock "lioadm" acquired by "cinder.volume.targets.lio.LioAdm._execute" :: waited 0.001s {{(pid=108227) inner /usr/local/lib/python3.12/site-packages/oslo_concurrency/lockutils.py:410}}
Nov 25 13:17:58.774609 np0005535648.novalocal cinder-volume[108227]: DEBUG oslo_concurrency.processutils [req-d4369b92-db84-4d86-b883-165c7b6be273 req-0e83007d-4d65-4dc0-be6c-34540eac9299 tempest-VolumesSnapshotTestJSON-2115482626 None] Running cmd (subprocess): sudo cinder-rootwrap /etc/cinder/rootwrap.conf cinder-rtstool delete-initiator iqn.2010-10.org.openstack:volume-16946f1a-76b8-4912-a33d-0d1021858840 iqn.1994-05.com.redhat:521f6b681fe5 {{(pid=108227) execute /usr/local/lib/python3.12/site-packages/oslo_concurrency/processutils.py:349}}
Nov 25 13:17:58.798999 np0005535648.novalocal sudo[143199]: stack : PWD=/ ; USER=root ; COMMAND=/usr/local/bin/cinder-rootwrap /etc/cinder/rootwrap.conf cinder-rtstool delete-initiator iqn.2010-10.org.openstack:volume-16946f1a-76b8-4912-a33d-0d1021858840 iqn.1994-05.com.redhat:521f6b681fe5
Nov 25 13:17:59.362649 np0005535648.novalocal cinder-volume[108227]: DEBUG oslo_concurrency.processutils [req-d4369b92-db84-4d86-b883-165c7b6be273 req-0e83007d-4d65-4dc0-be6c-34540eac9299 tempest-VolumesSnapshotTestJSON-2115482626 None] CMD "sudo cinder-rootwrap /etc/cinder/rootwrap.conf cinder-rtstool delete-initiator iqn.2010-10.org.openstack:volume-16946f1a-76b8-4912-a33d-0d1021858840 iqn.1994-05.com.redhat:521f6b681fe5" returned: 0 in 0.586s {{(pid=108227) execute /usr/local/lib/python3.12/site-packages/oslo_concurrency/processutils.py:372}}
Nov 25 13:17:59.362649 np0005535648.novalocal cinder-volume[108227]: DEBUG oslo_concurrency.lockutils [req-d4369b92-db84-4d86-b883-165c7b6be273 req-0e83007d-4d65-4dc0-be6c-34540eac9299 tempest-VolumesSnapshotTestJSON-2115482626 None] Lock "lioadm" "released" by "cinder.volume.targets.lio.LioAdm._execute" :: held 0.587s {{(pid=108227) inner /usr/local/lib/python3.12/site-packages/oslo_concurrency/lockutils.py:424}}
Nov 25 13:17:59.362649 np0005535648.novalocal cinder-volume[108227]: DEBUG oslo_concurrency.lockutils [req-d4369b92-db84-4d86-b883-165c7b6be273 req-0e83007d-4d65-4dc0-be6c-34540eac9299 tempest-VolumesSnapshotTestJSON-2115482626 None] Acquiring lock "lioadm" by "cinder.volume.targets.lio.LioAdm._execute" {{(pid=108227) inner /usr/local/lib/python3.12/site-packages/oslo_concurrency/lockutils.py:405}}
Nov 25 13:17:59.362649 np0005535648.novalocal cinder-volume[108227]: DEBUG oslo_concurrency.lockutils [req-d4369b92-db84-4d86-b883-165c7b6be273 req-0e83007d-4d65-4dc0-be6c-34540eac9299 tempest-VolumesSnapshotTestJSON-2115482626 None] Lock "lioadm" acquired by "cinder.volume.targets.lio.LioAdm._execute" :: waited 0.000s {{(pid=108227) inner /usr/local/lib/python3.12/site-packages/oslo_concurrency/lockutils.py:410}}
Nov 25 13:17:59.362649 np0005535648.novalocal cinder-volume[108227]: DEBUG oslo_concurrency.processutils [req-d4369b92-db84-4d86-b883-165c7b6be273 req-0e83007d-4d65-4dc0-be6c-34540eac9299 tempest-VolumesSnapshotTestJSON-2115482626 None] Running cmd (subprocess): sudo cinder-rootwrap /etc/cinder/rootwrap.conf cinder-rtstool save {{(pid=108227) execute /usr/local/lib/python3.12/site-packages/oslo_concurrency/processutils.py:349}}
Nov 25 13:17:59.382259 np0005535648.novalocal sudo[143205]: stack : PWD=/ ; USER=root ; COMMAND=/usr/local/bin/cinder-rootwrap /etc/cinder/rootwrap.conf cinder-rtstool save
Nov 25 13:17:59.908190 np0005535648.novalocal cinder-volume[108227]: DEBUG oslo_concurrency.processutils [req-d4369b92-db84-4d86-b883-165c7b6be273 req-0e83007d-4d65-4dc0-be6c-34540eac9299 tempest-VolumesSnapshotTestJSON-2115482626 None] CMD "sudo cinder-rootwrap /etc/cinder/rootwrap.conf cinder-rtstool save" returned: 0 in 0.543s {{(pid=108227) execute /usr/local/lib/python3.12/site-packages/oslo_concurrency/processutils.py:372}}
Nov 25 13:17:59.908190 np0005535648.novalocal cinder-volume[108227]: DEBUG oslo_concurrency.lockutils [req-d4369b92-db84-4d86-b883-165c7b6be273 req-0e83007d-4d65-4dc0-be6c-34540eac9299 tempest-VolumesSnapshotTestJSON-2115482626 None] Lock "lioadm" "released" by "cinder.volume.targets.lio.LioAdm._execute" :: held 0.545s {{(pid=108227) inner /usr/local/lib/python3.12/site-packages/oslo_concurrency/lockutils.py:424}}
Nov 25 13:17:59.908190 np0005535648.novalocal cinder-volume[108227]: INFO cinder.volume.manager [req-d4369b92-db84-4d86-b883-165c7b6be273 req-0e83007d-4d65-4dc0-be6c-34540eac9299 tempest-VolumesSnapshotTestJSON-2115482626 None] Terminate volume connection completed successfully.
Nov 25 13:17:59.910424 np0005535648.novalocal cinder-volume[108227]: DEBUG cinder.volume.manager [req-d4369b92-db84-4d86-b883-165c7b6be273 req-0e83007d-4d65-4dc0-be6c-34540eac9299 tempest-VolumesSnapshotTestJSON-2115482626 None] Deleting attachment 9c3b012f-7e96-4362-9514-d6fa1f9a9ba6. {{(pid=108227) attachment_delete /opt/stack/cinder/cinder/volume/manager.py:5023}}
Nov 25 13:17:59.911375 np0005535648.novalocal cinder-volume[108227]: DEBUG oslo_concurrency.lockutils [req-d4369b92-db84-4d86-b883-165c7b6be273 req-0e83007d-4d65-4dc0-be6c-34540eac9299 tempest-VolumesSnapshotTestJSON-2115482626 None] Acquiring lock "lioadm" by "cinder.volume.targets.lio.LioAdm._execute" {{(pid=108227) inner /usr/local/lib/python3.12/site-packages/oslo_concurrency/lockutils.py:405}}
Nov 25 13:17:59.912282 np0005535648.novalocal cinder-volume[108227]: DEBUG oslo_concurrency.lockutils [req-d4369b92-db84-4d86-b883-165c7b6be273 req-0e83007d-4d65-4dc0-be6c-34540eac9299 tempest-VolumesSnapshotTestJSON-2115482626 None] Lock "lioadm" acquired by "cinder.volume.targets.lio.LioAdm._execute" :: waited 0.001s {{(pid=108227) inner /usr/local/lib/python3.12/site-packages/oslo_concurrency/lockutils.py:410}}
Nov 25 13:17:59.913578 np0005535648.novalocal cinder-volume[108227]: DEBUG oslo_concurrency.processutils [req-d4369b92-db84-4d86-b883-165c7b6be273 req-0e83007d-4d65-4dc0-be6c-34540eac9299 tempest-VolumesSnapshotTestJSON-2115482626 None] Running cmd (subprocess): sudo cinder-rootwrap /etc/cinder/rootwrap.conf cinder-rtstool get-targets {{(pid=108227) execute /usr/local/lib/python3.12/site-packages/oslo_concurrency/processutils.py:349}}
Nov 25 13:17:59.934848 np0005535648.novalocal sudo[143211]: stack : PWD=/ ; USER=root ; COMMAND=/usr/local/bin/cinder-rootwrap /etc/cinder/rootwrap.conf cinder-rtstool get-targets
Nov 25 13:18:00.503116 np0005535648.novalocal cinder-volume[108227]: DEBUG oslo_concurrency.processutils [req-d4369b92-db84-4d86-b883-165c7b6be273 req-0e83007d-4d65-4dc0-be6c-34540eac9299 tempest-VolumesSnapshotTestJSON-2115482626 None] CMD "sudo cinder-rootwrap /etc/cinder/rootwrap.conf cinder-rtstool get-targets" returned: 0 in 0.588s {{(pid=108227) execute /usr/local/lib/python3.12/site-packages/oslo_concurrency/processutils.py:372}}
Nov 25 13:18:00.503116 np0005535648.novalocal cinder-volume[108227]: DEBUG oslo_concurrency.lockutils [req-d4369b92-db84-4d86-b883-165c7b6be273 req-0e83007d-4d65-4dc0-be6c-34540eac9299 tempest-VolumesSnapshotTestJSON-2115482626 None] Lock "lioadm" "released" by "cinder.volume.targets.lio.LioAdm._execute" :: held 0.590s {{(pid=108227) inner /usr/local/lib/python3.12/site-packages/oslo_concurrency/lockutils.py:424}}
Nov 25 13:18:00.503116 np0005535648.novalocal cinder-volume[108227]: INFO cinder.volume.targets.lio [req-d4369b92-db84-4d86-b883-165c7b6be273 req-0e83007d-4d65-4dc0-be6c-34540eac9299 tempest-VolumesSnapshotTestJSON-2115482626 None] Removing iscsi_target: 16946f1a-76b8-4912-a33d-0d1021858840
Nov 25 13:18:00.503116 np0005535648.novalocal cinder-volume[108227]: DEBUG oslo_concurrency.lockutils [req-d4369b92-db84-4d86-b883-165c7b6be273 req-0e83007d-4d65-4dc0-be6c-34540eac9299 tempest-VolumesSnapshotTestJSON-2115482626 None] Acquiring lock "lioadm" by "cinder.volume.targets.lio.LioAdm._execute" {{(pid=108227) inner /usr/local/lib/python3.12/site-packages/oslo_concurrency/lockutils.py:405}}
Nov 25 13:18:00.505671 np0005535648.novalocal cinder-volume[108227]: DEBUG oslo_concurrency.lockutils [req-d4369b92-db84-4d86-b883-165c7b6be273 req-0e83007d-4d65-4dc0-be6c-34540eac9299 tempest-VolumesSnapshotTestJSON-2115482626 None] Lock "lioadm" acquired by "cinder.volume.targets.lio.LioAdm._execute" :: waited 0.001s {{(pid=108227) inner /usr/local/lib/python3.12/site-packages/oslo_concurrency/lockutils.py:410}}
Nov 25 13:18:00.506522 np0005535648.novalocal cinder-volume[108227]: DEBUG oslo_concurrency.processutils [req-d4369b92-db84-4d86-b883-165c7b6be273 req-0e83007d-4d65-4dc0-be6c-34540eac9299 tempest-VolumesSnapshotTestJSON-2115482626 None] Running cmd (subprocess): sudo cinder-rootwrap /etc/cinder/rootwrap.conf cinder-rtstool delete iqn.2010-10.org.openstack:volume-16946f1a-76b8-4912-a33d-0d1021858840 {{(pid=108227) execute /usr/local/lib/python3.12/site-packages/oslo_concurrency/processutils.py:349}}
Nov 25 13:18:00.526412 np0005535648.novalocal sudo[143217]: stack : PWD=/ ; USER=root ; COMMAND=/usr/local/bin/cinder-rootwrap /etc/cinder/rootwrap.conf cinder-rtstool delete iqn.2010-10.org.openstack:volume-16946f1a-76b8-4912-a33d-0d1021858840
Nov 25 13:18:01.192331 np0005535648.novalocal cinder-volume[108227]: DEBUG oslo_concurrency.processutils [req-d4369b92-db84-4d86-b883-165c7b6be273 req-0e83007d-4d65-4dc0-be6c-34540eac9299 tempest-VolumesSnapshotTestJSON-2115482626 None] CMD "sudo cinder-rootwrap /etc/cinder/rootwrap.conf cinder-rtstool delete iqn.2010-10.org.openstack:volume-16946f1a-76b8-4912-a33d-0d1021858840" returned: 0 in 0.682s {{(pid=108227) execute /usr/local/lib/python3.12/site-packages/oslo_concurrency/processutils.py:372}}
Nov 25 13:18:01.194070 np0005535648.novalocal cinder-volume[108227]: DEBUG oslo_concurrency.lockutils [req-d4369b92-db84-4d86-b883-165c7b6be273 req-0e83007d-4d65-4dc0-be6c-34540eac9299 tempest-VolumesSnapshotTestJSON-2115482626 None] Lock "lioadm" "released" by "cinder.volume.targets.lio.LioAdm._execute" :: held 0.691s {{(pid=108227) inner /usr/local/lib/python3.12/site-packages/oslo_concurrency/lockutils.py:424}}
Nov 25 13:18:01.194339 np0005535648.novalocal cinder-volume[108227]: DEBUG oslo_concurrency.lockutils [req-d4369b92-db84-4d86-b883-165c7b6be273 req-0e83007d-4d65-4dc0-be6c-34540eac9299 tempest-VolumesSnapshotTestJSON-2115482626 None] Acquiring lock "lioadm" by "cinder.volume.targets.lio.LioAdm._execute" {{(pid=108227) inner /usr/local/lib/python3.12/site-packages/oslo_concurrency/lockutils.py:405}}
Nov 25 13:18:01.198131 np0005535648.novalocal cinder-volume[108227]: DEBUG oslo_concurrency.lockutils [req-d4369b92-db84-4d86-b883-165c7b6be273 req-0e83007d-4d65-4dc0-be6c-34540eac9299 tempest-VolumesSnapshotTestJSON-2115482626 None] Lock "lioadm" acquired by "cinder.volume.targets.lio.LioAdm._execute" :: waited 0.003s {{(pid=108227) inner /usr/local/lib/python3.12/site-packages/oslo_concurrency/lockutils.py:410}}
Nov 25 13:18:01.198987 np0005535648.novalocal cinder-volume[108227]: DEBUG oslo_concurrency.processutils [req-d4369b92-db84-4d86-b883-165c7b6be273 req-0e83007d-4d65-4dc0-be6c-34540eac9299 tempest-VolumesSnapshotTestJSON-2115482626 None] Running cmd (subprocess): sudo cinder-rootwrap /etc/cinder/rootwrap.conf cinder-rtstool save {{(pid=108227) execute /usr/local/lib/python3.12/site-packages/oslo_concurrency/processutils.py:349}}
Nov 25 13:18:01.218418 np0005535648.novalocal sudo[143232]: stack : PWD=/ ; USER=root ; COMMAND=/usr/local/bin/cinder-rootwrap /etc/cinder/rootwrap.conf cinder-rtstool save
Nov 25 13:18:01.751961 np0005535648.novalocal cinder-volume[108227]: DEBUG oslo_concurrency.processutils [req-d4369b92-db84-4d86-b883-165c7b6be273 req-0e83007d-4d65-4dc0-be6c-34540eac9299 tempest-VolumesSnapshotTestJSON-2115482626 None] CMD "sudo cinder-rootwrap /etc/cinder/rootwrap.conf cinder-rtstool save" returned: 0 in 0.553s {{(pid=108227) execute /usr/local/lib/python3.12/site-packages/oslo_concurrency/processutils.py:372}}
Nov 25 13:18:01.752364 np0005535648.novalocal cinder-volume[108227]: DEBUG oslo_concurrency.lockutils [req-d4369b92-db84-4d86-b883-165c7b6be273 req-0e83007d-4d65-4dc0-be6c-34540eac9299 tempest-VolumesSnapshotTestJSON-2115482626 None] Lock "lioadm" "released" by "cinder.volume.targets.lio.LioAdm._execute" :: held 0.555s {{(pid=108227) inner /usr/local/lib/python3.12/site-packages/oslo_concurrency/lockutils.py:424}}
Nov 25 13:18:02.317150 np0005535648.novalocal cinder-volume[108227]: DEBUG oslo_concurrency.lockutils [req-b9f87704-5969-4faf-ac05-d6e4fc40b2df req-c3adb42f-8240-4a03-9dc9-f689da76affa tempest-ServerActionsTestOtherB-205847236 None] Acquiring lock "lioadm" by "cinder.volume.targets.lio.LioAdm._execute" {{(pid=108227) inner /usr/local/lib/python3.12/site-packages/oslo_concurrency/lockutils.py:405}}
Nov 25 13:18:02.317815 np0005535648.novalocal cinder-volume[108227]: DEBUG oslo_concurrency.lockutils [req-b9f87704-5969-4faf-ac05-d6e4fc40b2df req-c3adb42f-8240-4a03-9dc9-f689da76affa tempest-ServerActionsTestOtherB-205847236 None] Lock "lioadm" acquired by "cinder.volume.targets.lio.LioAdm._execute" :: waited 0.001s {{(pid=108227) inner /usr/local/lib/python3.12/site-packages/oslo_concurrency/lockutils.py:410}}
Nov 25 13:18:02.318394 np0005535648.novalocal cinder-volume[108227]: DEBUG oslo_concurrency.processutils [req-b9f87704-5969-4faf-ac05-d6e4fc40b2df req-c3adb42f-8240-4a03-9dc9-f689da76affa tempest-ServerActionsTestOtherB-205847236 None] Running cmd (subprocess): sudo cinder-rootwrap /etc/cinder/rootwrap.conf cinder-rtstool delete-initiator iqn.2010-10.org.openstack:volume-d5d85e9e-53bc-4d82-a55b-5cfc2fe1f1a7 iqn.1994-05.com.redhat:521f6b681fe5 {{(pid=108227) execute /usr/local/lib/python3.12/site-packages/oslo_concurrency/processutils.py:349}}
Nov 25 13:18:02.346626 np0005535648.novalocal sudo[143307]: stack : PWD=/ ; USER=root ; COMMAND=/usr/local/bin/cinder-rootwrap /etc/cinder/rootwrap.conf cinder-rtstool delete-initiator iqn.2010-10.org.openstack:volume-d5d85e9e-53bc-4d82-a55b-5cfc2fe1f1a7 iqn.1994-05.com.redhat:521f6b681fe5
Nov 25 13:18:02.860387 np0005535648.novalocal cinder-volume[108227]: DEBUG oslo_concurrency.processutils [req-b9f87704-5969-4faf-ac05-d6e4fc40b2df req-c3adb42f-8240-4a03-9dc9-f689da76affa tempest-ServerActionsTestOtherB-205847236 None] CMD "sudo cinder-rootwrap /etc/cinder/rootwrap.conf cinder-rtstool delete-initiator iqn.2010-10.org.openstack:volume-d5d85e9e-53bc-4d82-a55b-5cfc2fe1f1a7 iqn.1994-05.com.redhat:521f6b681fe5" returned: 0 in 0.542s {{(pid=108227) execute /usr/local/lib/python3.12/site-packages/oslo_concurrency/processutils.py:372}}
Nov 25 13:18:02.860658 np0005535648.novalocal cinder-volume[108227]: DEBUG oslo_concurrency.lockutils [req-b9f87704-5969-4faf-ac05-d6e4fc40b2df req-c3adb42f-8240-4a03-9dc9-f689da76affa tempest-ServerActionsTestOtherB-205847236 None] Lock "lioadm" "released" by "cinder.volume.targets.lio.LioAdm._execute" :: held 0.543s {{(pid=108227) inner /usr/local/lib/python3.12/site-packages/oslo_concurrency/lockutils.py:424}}
Nov 25 13:18:02.861203 np0005535648.novalocal cinder-volume[108227]: DEBUG oslo_concurrency.lockutils [req-b9f87704-5969-4faf-ac05-d6e4fc40b2df req-c3adb42f-8240-4a03-9dc9-f689da76affa tempest-ServerActionsTestOtherB-205847236 None] Acquiring lock "lioadm" by "cinder.volume.targets.lio.LioAdm._execute" {{(pid=108227) inner /usr/local/lib/python3.12/site-packages/oslo_concurrency/lockutils.py:405}}
Nov 25 13:18:02.861203 np0005535648.novalocal cinder-volume[108227]: DEBUG oslo_concurrency.lockutils [req-b9f87704-5969-4faf-ac05-d6e4fc40b2df req-c3adb42f-8240-4a03-9dc9-f689da76affa tempest-ServerActionsTestOtherB-205847236 None] Lock "lioadm" acquired by "cinder.volume.targets.lio.LioAdm._execute" :: waited 0.000s {{(pid=108227) inner /usr/local/lib/python3.12/site-packages/oslo_concurrency/lockutils.py:410}}
Nov 25 13:18:02.863057 np0005535648.novalocal cinder-volume[108227]: DEBUG oslo_concurrency.processutils [req-b9f87704-5969-4faf-ac05-d6e4fc40b2df req-c3adb42f-8240-4a03-9dc9-f689da76affa tempest-ServerActionsTestOtherB-205847236 None] Running cmd (subprocess): sudo cinder-rootwrap /etc/cinder/rootwrap.conf cinder-rtstool save {{(pid=108227) execute /usr/local/lib/python3.12/site-packages/oslo_concurrency/processutils.py:349}}
Nov 25 13:18:02.880651 np0005535648.novalocal sudo[143313]: stack : PWD=/ ; USER=root ; COMMAND=/usr/local/bin/cinder-rootwrap /etc/cinder/rootwrap.conf cinder-rtstool save
Nov 25 13:18:03.401123 np0005535648.novalocal cinder-volume[108227]: DEBUG oslo_concurrency.processutils [req-b9f87704-5969-4faf-ac05-d6e4fc40b2df req-c3adb42f-8240-4a03-9dc9-f689da76affa tempest-ServerActionsTestOtherB-205847236 None] CMD "sudo cinder-rootwrap /etc/cinder/rootwrap.conf cinder-rtstool save" returned: 0 in 0.539s {{(pid=108227) execute /usr/local/lib/python3.12/site-packages/oslo_concurrency/processutils.py:372}}
Nov 25 13:18:03.401499 np0005535648.novalocal cinder-volume[108227]: DEBUG oslo_concurrency.lockutils [req-b9f87704-5969-4faf-ac05-d6e4fc40b2df req-c3adb42f-8240-4a03-9dc9-f689da76affa tempest-ServerActionsTestOtherB-205847236 None] Lock "lioadm" "released" by "cinder.volume.targets.lio.LioAdm._execute" :: held 0.540s {{(pid=108227) inner /usr/local/lib/python3.12/site-packages/oslo_concurrency/lockutils.py:424}}
Nov 25 13:18:03.402445 np0005535648.novalocal cinder-volume[108227]: INFO cinder.volume.manager [req-b9f87704-5969-4faf-ac05-d6e4fc40b2df req-c3adb42f-8240-4a03-9dc9-f689da76affa tempest-ServerActionsTestOtherB-205847236 None] Terminate volume connection completed successfully.
Nov 25 13:18:03.402445 np0005535648.novalocal cinder-volume[108227]: DEBUG cinder.volume.manager [req-b9f87704-5969-4faf-ac05-d6e4fc40b2df req-c3adb42f-8240-4a03-9dc9-f689da76affa tempest-ServerActionsTestOtherB-205847236 None] Deleting attachment e57db3e6-5f57-4d12-9da0-8e5830d1450f. {{(pid=108227) attachment_delete /opt/stack/cinder/cinder/volume/manager.py:5023}}
Nov 25 13:18:10.474893 np0005535648.novalocal cinder-volume[108227]: DEBUG cinder.volume.flows.manager.create_volume [None req-9fecbf69-3c34-402f-8fe2-32cb130e18cd tempest-VolumesSnapshotTestJSON-2115482626 None] Volume reschedule parameters: True retry: {'num_attempts': 1, 'backends': ['np0005535648.novalocal@lvmdriver-1#lvmdriver-1'], 'hosts': ['np0005535648.novalocal@lvmdriver-1#lvmdriver-1']} {{(pid=108227) get_flow /opt/stack/cinder/cinder/volume/flows/manager/create_volume.py:1384}}
Nov 25 13:18:10.488557 np0005535648.novalocal cinder-volume[108227]: DEBUG cinder.volume.manager [None req-9fecbf69-3c34-402f-8fe2-32cb130e18cd tempest-VolumesSnapshotTestJSON-2115482626 None] Flow 'volume_create_manager' (912ac17b-6220-485c-a629-6cde07063911) transitioned into state 'RUNNING' from state 'PENDING' {{(pid=108227) _flow_receiver /usr/local/lib/python3.12/site-packages/taskflow/listeners/logging.py:145}}
Nov 25 13:18:10.491138 np0005535648.novalocal cinder-volume[108227]: DEBUG cinder.volume.manager [None req-9fecbf69-3c34-402f-8fe2-32cb130e18cd tempest-VolumesSnapshotTestJSON-2115482626 None] Task 'cinder.volume.flows.manager.create_volume.ExtractVolumeRefTask;volume:create' (f8905ae7-9c6e-4cad-91d4-4d25fa2fdbaf) transitioned into state 'RUNNING' from state 'PENDING' {{(pid=108227) _task_receiver /usr/local/lib/python3.12/site-packages/taskflow/listeners/logging.py:194}}
Nov 25 13:18:10.495700 np0005535648.novalocal cinder-volume[108227]: DEBUG oslo_concurrency.processutils [req-b9f87704-5969-4faf-ac05-d6e4fc40b2df req-a231e734-d632-450e-893e-f9357e9a681c tempest-ServerActionsTestOtherB-205847236 None] Running cmd (subprocess): sudo cinder-rootwrap /etc/cinder/rootwrap.conf lvchange -a y --yes -K stack-volumes-lvmdriver-1/volume-d5d85e9e-53bc-4d82-a55b-5cfc2fe1f1a7 {{(pid=108227) execute /usr/local/lib/python3.12/site-packages/oslo_concurrency/processutils.py:349}}
Nov 25 13:18:10.509410 np0005535648.novalocal cinder-volume[108227]: DEBUG cinder.volume.manager [None req-9fecbf69-3c34-402f-8fe2-32cb130e18cd tempest-VolumesSnapshotTestJSON-2115482626 None] Task 'cinder.volume.flows.manager.create_volume.ExtractVolumeRefTask;volume:create' (f8905ae7-9c6e-4cad-91d4-4d25fa2fdbaf) transitioned into state 'SUCCESS' from state 'RUNNING' with result 'Volume(_name_id=None,admin_metadata=,attach_status='detached',availability_zone='nova',bootable=False,cluster=,cluster_name=None,consistencygroup=,consistencygroup_id=None,created_at=2025-11-25T18:18:10Z,deleted=False,deleted_at=None,display_description=None,display_name='tempest-VolumesSnapshotTestJSON-Volume-135737988',ec2_id=None,encryption_key_id=None,glance_metadata=,group=,group_id=None,host='np0005535648.novalocal@lvmdriver-1#lvmdriver-1',id=8421896c-182d-4f64-9ff0-d130aa8d07c0,launched_at=None,metadata={},migration_status=None,multiattach=False,previous_status=None,project_id='45e76a628b4447cb8b26093f8e853348',provider_auth=None,provider_geometry=None,provider_id=None,provider_location=None,replication_driver_data=None,replication_extended_status=None,replication_status=None,scheduled_at=2025-11-25T18:18:10Z,service_uuid=None,shared_targets=True,size=1,snapshot_id=None,snapshots=,source_volid=None,status='creating',terminated_at=None,updated_at=2025-11-25T18:18:10Z,use_quota=True,user_id='60c6ae29249d495986cc475bf1f4dab5',volume_attachment=VolumeAttachmentList,volume_type=VolumeType(42ef2ac8-46e2-415f-ad47-5f278d4fe376),volume_type_id=42ef2ac8-46e2-415f-ad47-5f278d4fe376)' {{(pid=108227) _task_receiver /usr/local/lib/python3.12/site-packages/taskflow/listeners/logging.py:182}}
Nov 25 13:18:10.511871 np0005535648.novalocal cinder-volume[108227]: DEBUG cinder.volume.manager [None req-9fecbf69-3c34-402f-8fe2-32cb130e18cd tempest-VolumesSnapshotTestJSON-2115482626 None] Task 'cinder.volume.flows.manager.create_volume.OnFailureRescheduleTask;volume:create' (de1f7232-a16c-4c41-8476-827c657643be) transitioned into state 'RUNNING' from state 'PENDING' {{(pid=108227) _task_receiver /usr/local/lib/python3.12/site-packages/taskflow/listeners/logging.py:194}}
Nov 25 13:18:10.514154 np0005535648.novalocal cinder-volume[108227]: DEBUG cinder.volume.manager [None req-9fecbf69-3c34-402f-8fe2-32cb130e18cd tempest-VolumesSnapshotTestJSON-2115482626 None] Task 'cinder.volume.flows.manager.create_volume.OnFailureRescheduleTask;volume:create' (de1f7232-a16c-4c41-8476-827c657643be) transitioned into state 'SUCCESS' from state 'RUNNING' with result 'None' {{(pid=108227) _task_receiver /usr/local/lib/python3.12/site-packages/taskflow/listeners/logging.py:182}}
Nov 25 13:18:10.515698 np0005535648.novalocal cinder-volume[108227]: DEBUG cinder.volume.manager [None req-9fecbf69-3c34-402f-8fe2-32cb130e18cd tempest-VolumesSnapshotTestJSON-2115482626 None] Task 'cinder.volume.flows.manager.create_volume.ExtractVolumeSpecTask;volume:create' (22b012eb-3a3d-4fd4-80b0-49d18e4899b0) transitioned into state 'RUNNING' from state 'PENDING' {{(pid=108227) _task_receiver /usr/local/lib/python3.12/site-packages/taskflow/listeners/logging.py:194}}
