Nov 25 13:14:35.262074 np0005535648.novalocal cinder-volume[108227]: DEBUG cinder.volume.manager [None req-c2226f1a-5031-4179-8bf5-168148e2df8c tempest-VolumesCloneTest-246836441 None] Task 'cinder.volume.flows.manager.create_volume.CreateVolumeFromSpecTask;volume:create' (dde4f346-522d-46bb-b267-531e8a3847d6) transitioned into state 'RUNNING' from state 'PENDING' {{(pid=108227) _task_receiver /usr/local/lib/python3.12/site-packages/taskflow/listeners/logging.py:194}}
Nov 25 13:14:35.262414 np0005535648.novalocal cinder-volume[108227]: INFO cinder.volume.flows.manager.create_volume [None req-c2226f1a-5031-4179-8bf5-168148e2df8c tempest-VolumesCloneTest-246836441 None] Volume 22ba9575-dd75-4052-89da-960ff3ac45c4: being created as source_vol with specification: {'status': 'creating', 'volume_name': 'volume-22ba9575-dd75-4052-89da-960ff3ac45c4', 'volume_size': 2, 'source_volid': '0fd2aa96-62ed-430c-b5c3-47107381d257', 'source_volstatus': 'available'}
Nov 25 13:14:35.267587 np0005535648.novalocal cinder-volume[108227]: DEBUG oslo_concurrency.processutils [None req-c2226f1a-5031-4179-8bf5-168148e2df8c tempest-VolumesCloneTest-246836441 None] Running cmd (subprocess): sudo cinder-rootwrap /etc/cinder/rootwrap.conf env LC_ALL=C lvs --noheadings --unit=g -o vg_name,name,size --nosuffix --readonly stack-volumes-lvmdriver-1/volume-0fd2aa96-62ed-430c-b5c3-47107381d257 {{(pid=108227) execute /usr/local/lib/python3.12/site-packages/oslo_concurrency/processutils.py:349}}
Nov 25 13:14:35.292120 np0005535648.novalocal sudo[140035]: stack : PWD=/ ; USER=root ; COMMAND=/usr/local/bin/cinder-rootwrap /etc/cinder/rootwrap.conf env LC_ALL=C lvs --noheadings --unit=g -o vg_name,name,size --nosuffix --readonly stack-volumes-lvmdriver-1/volume-0fd2aa96-62ed-430c-b5c3-47107381d257
Nov 25 13:14:35.692134 np0005535648.novalocal cinder-volume[108227]: DEBUG oslo_concurrency.processutils [None req-c2226f1a-5031-4179-8bf5-168148e2df8c tempest-VolumesCloneTest-246836441 None] CMD "sudo cinder-rootwrap /etc/cinder/rootwrap.conf env LC_ALL=C lvs --noheadings --unit=g -o vg_name,name,size --nosuffix --readonly stack-volumes-lvmdriver-1/volume-0fd2aa96-62ed-430c-b5c3-47107381d257" returned: 0 in 0.424s {{(pid=108227) execute /usr/local/lib/python3.12/site-packages/oslo_concurrency/processutils.py:372}}
Nov 25 13:14:35.693909 np0005535648.novalocal cinder-volume[108227]: DEBUG oslo_concurrency.processutils [None req-c2226f1a-5031-4179-8bf5-168148e2df8c tempest-VolumesCloneTest-246836441 None] Running cmd (subprocess): sudo cinder-rootwrap /etc/cinder/rootwrap.conf env LC_ALL=C lvcreate --name volume-22ba9575-dd75-4052-89da-960ff3ac45c4 --snapshot stack-volumes-lvmdriver-1/volume-0fd2aa96-62ed-430c-b5c3-47107381d257 {{(pid=108227) execute /usr/local/lib/python3.12/site-packages/oslo_concurrency/processutils.py:349}}
Nov 25 13:14:35.709402 np0005535648.novalocal sudo[140041]: stack : PWD=/ ; USER=root ; COMMAND=/usr/local/bin/cinder-rootwrap /etc/cinder/rootwrap.conf env LC_ALL=C lvcreate --name volume-22ba9575-dd75-4052-89da-960ff3ac45c4 --snapshot stack-volumes-lvmdriver-1/volume-0fd2aa96-62ed-430c-b5c3-47107381d257
Nov 25 13:14:36.094179 np0005535648.novalocal cinder-volume[108227]: DEBUG oslo_concurrency.processutils [None req-c2226f1a-5031-4179-8bf5-168148e2df8c tempest-VolumesCloneTest-246836441 None] CMD "sudo cinder-rootwrap /etc/cinder/rootwrap.conf env LC_ALL=C lvcreate --name volume-22ba9575-dd75-4052-89da-960ff3ac45c4 --snapshot stack-volumes-lvmdriver-1/volume-0fd2aa96-62ed-430c-b5c3-47107381d257" returned: 0 in 0.400s {{(pid=108227) execute /usr/local/lib/python3.12/site-packages/oslo_concurrency/processutils.py:372}}
Nov 25 13:14:36.094990 np0005535648.novalocal cinder-volume[108227]: DEBUG cinder.volume.drivers.lvm [None req-c2226f1a-5031-4179-8bf5-168148e2df8c tempest-VolumesCloneTest-246836441 None] Resize the new volume to 2. {{(pid=108227) create_cloned_volume /opt/stack/cinder/cinder/volume/drivers/lvm.py:555}}
Nov 25 13:14:36.095842 np0005535648.novalocal cinder-volume[108227]: DEBUG oslo_concurrency.processutils [None req-c2226f1a-5031-4179-8bf5-168148e2df8c tempest-VolumesCloneTest-246836441 None] Running cmd (subprocess): sudo cinder-rootwrap /etc/cinder/rootwrap.conf env LC_ALL=C lvdisplay --noheading -C -o Attr --readonly stack-volumes-lvmdriver-1/volume-22ba9575-dd75-4052-89da-960ff3ac45c4 {{(pid=108227) execute /usr/local/lib/python3.12/site-packages/oslo_concurrency/processutils.py:349}}
Nov 25 13:14:36.112185 np0005535648.novalocal sudo[140052]: stack : PWD=/ ; USER=root ; COMMAND=/usr/local/bin/cinder-rootwrap /etc/cinder/rootwrap.conf env LC_ALL=C lvdisplay --noheading -C -o Attr --readonly stack-volumes-lvmdriver-1/volume-22ba9575-dd75-4052-89da-960ff3ac45c4
Nov 25 13:14:36.530682 np0005535648.novalocal cinder-volume[108227]: DEBUG oslo_concurrency.processutils [None req-c2226f1a-5031-4179-8bf5-168148e2df8c tempest-VolumesCloneTest-246836441 None] CMD "sudo cinder-rootwrap /etc/cinder/rootwrap.conf env LC_ALL=C lvdisplay --noheading -C -o Attr --readonly stack-volumes-lvmdriver-1/volume-22ba9575-dd75-4052-89da-960ff3ac45c4" returned: 0 in 0.434s {{(pid=108227) execute /usr/local/lib/python3.12/site-packages/oslo_concurrency/processutils.py:372}}
Nov 25 13:14:36.532047 np0005535648.novalocal cinder-volume[108227]: DEBUG oslo_concurrency.processutils [None req-c2226f1a-5031-4179-8bf5-168148e2df8c tempest-VolumesCloneTest-246836441 None] Running cmd (subprocess): sudo cinder-rootwrap /etc/cinder/rootwrap.conf env LC_ALL=C lvextend -L 2g stack-volumes-lvmdriver-1/volume-22ba9575-dd75-4052-89da-960ff3ac45c4 {{(pid=108227) execute /usr/local/lib/python3.12/site-packages/oslo_concurrency/processutils.py:349}}
Nov 25 13:14:36.551298 np0005535648.novalocal sudo[140057]: stack : PWD=/ ; USER=root ; COMMAND=/usr/local/bin/cinder-rootwrap /etc/cinder/rootwrap.conf env LC_ALL=C lvextend -L 2g stack-volumes-lvmdriver-1/volume-22ba9575-dd75-4052-89da-960ff3ac45c4
Nov 25 13:14:36.926962 np0005535648.novalocal cinder-volume[108227]: DEBUG oslo_concurrency.processutils [None req-c2226f1a-5031-4179-8bf5-168148e2df8c tempest-VolumesCloneTest-246836441 None] CMD "sudo cinder-rootwrap /etc/cinder/rootwrap.conf env LC_ALL=C lvextend -L 2g stack-volumes-lvmdriver-1/volume-22ba9575-dd75-4052-89da-960ff3ac45c4" returned: 0 in 0.395s {{(pid=108227) execute /usr/local/lib/python3.12/site-packages/oslo_concurrency/processutils.py:372}}
Nov 25 13:14:36.928755 np0005535648.novalocal cinder-volume[108227]: DEBUG oslo_concurrency.processutils [None req-c2226f1a-5031-4179-8bf5-168148e2df8c tempest-VolumesCloneTest-246836441 None] Running cmd (subprocess): sudo cinder-rootwrap /etc/cinder/rootwrap.conf lvchange -a y --yes -k n stack-volumes-lvmdriver-1/volume-22ba9575-dd75-4052-89da-960ff3ac45c4 {{(pid=108227) execute /usr/local/lib/python3.12/site-packages/oslo_concurrency/processutils.py:349}}
Nov 25 13:14:36.955669 np0005535648.novalocal sudo[140064]: stack : PWD=/ ; USER=root ; COMMAND=/usr/local/bin/cinder-rootwrap /etc/cinder/rootwrap.conf lvchange -a y --yes -k n stack-volumes-lvmdriver-1/volume-22ba9575-dd75-4052-89da-960ff3ac45c4
Nov 25 13:14:37.404267 np0005535648.novalocal cinder-volume[108227]: DEBUG oslo_concurrency.processutils [None req-c2226f1a-5031-4179-8bf5-168148e2df8c tempest-VolumesCloneTest-246836441 None] CMD "sudo cinder-rootwrap /etc/cinder/rootwrap.conf lvchange -a y --yes -k n stack-volumes-lvmdriver-1/volume-22ba9575-dd75-4052-89da-960ff3ac45c4" returned: 0 in 0.475s {{(pid=108227) execute /usr/local/lib/python3.12/site-packages/oslo_concurrency/processutils.py:372}}
Nov 25 13:14:37.408592 np0005535648.novalocal cinder-volume[108227]: DEBUG cinder.volume.manager [None req-c2226f1a-5031-4179-8bf5-168148e2df8c tempest-VolumesCloneTest-246836441 None] Task 'cinder.volume.flows.manager.create_volume.CreateVolumeFromSpecTask;volume:create' (dde4f346-522d-46bb-b267-531e8a3847d6) transitioned into state 'SUCCESS' from state 'RUNNING' with result '{'status': 'creating', 'volume_name': 'volume-22ba9575-dd75-4052-89da-960ff3ac45c4', 'volume_size': 2, 'source_volid': '0fd2aa96-62ed-430c-b5c3-47107381d257', 'source_volstatus': 'available'}' {{(pid=108227) _task_receiver /usr/local/lib/python3.12/site-packages/taskflow/listeners/logging.py:182}}
Nov 25 13:14:37.411427 np0005535648.novalocal cinder-volume[108227]: DEBUG cinder.volume.manager [None req-c2226f1a-5031-4179-8bf5-168148e2df8c tempest-VolumesCloneTest-246836441 None] Task 'cinder.volume.flows.manager.create_volume.CreateVolumeOnFinishTask;volume:create, create.end' (619664db-9383-4fe4-9967-089010001fa7) transitioned into state 'RUNNING' from state 'PENDING' {{(pid=108227) _task_receiver /usr/local/lib/python3.12/site-packages/taskflow/listeners/logging.py:194}}
Nov 25 13:14:37.420318 np0005535648.novalocal cinder-volume[108227]: INFO cinder.volume.flows.manager.create_volume [None req-c2226f1a-5031-4179-8bf5-168148e2df8c tempest-VolumesCloneTest-246836441 None] Volume volume-22ba9575-dd75-4052-89da-960ff3ac45c4 (22ba9575-dd75-4052-89da-960ff3ac45c4): created successfully
Nov 25 13:14:37.422179 np0005535648.novalocal cinder-volume[108227]: DEBUG cinder.volume.manager [None req-c2226f1a-5031-4179-8bf5-168148e2df8c tempest-VolumesCloneTest-246836441 None] Task 'cinder.volume.flows.manager.create_volume.CreateVolumeOnFinishTask;volume:create, create.end' (619664db-9383-4fe4-9967-089010001fa7) transitioned into state 'SUCCESS' from state 'RUNNING' with result 'None' {{(pid=108227) _task_receiver /usr/local/lib/python3.12/site-packages/taskflow/listeners/logging.py:182}}
Nov 25 13:14:37.424753 np0005535648.novalocal cinder-volume[108227]: DEBUG cinder.volume.manager [None req-c2226f1a-5031-4179-8bf5-168148e2df8c tempest-VolumesCloneTest-246836441 None] Flow 'volume_create_manager' (1a41970e-69fb-45f4-b3f0-c573630804e4) transitioned into state 'SUCCESS' from state 'RUNNING' {{(pid=108227) _flow_receiver /usr/local/lib/python3.12/site-packages/taskflow/listeners/logging.py:145}}
Nov 25 13:14:37.441353 np0005535648.novalocal cinder-volume[108227]: INFO cinder.volume.manager [None req-c2226f1a-5031-4179-8bf5-168148e2df8c tempest-VolumesCloneTest-246836441 None] Created volume successfully.
Nov 25 13:14:38.507508 np0005535648.novalocal cinder-volume[108227]: DEBUG cinder.coordination [None req-b0423c10-8929-457b-9a00-cbaf18e9d4af tempest-VolumesCloneTest-246836441 None] Acquiring lock "cinder-22ba9575-dd75-4052-89da-960ff3ac45c4-delete_volume" by "delete_volume" {{(pid=108227) __acquire /opt/stack/cinder/cinder/coordination.py:143}}
Nov 25 13:14:38.516176 np0005535648.novalocal cinder-volume[108227]: DEBUG cinder.coordination [None req-b0423c10-8929-457b-9a00-cbaf18e9d4af tempest-VolumesCloneTest-246836441 None] Lock "cinder-22ba9575-dd75-4052-89da-960ff3ac45c4-delete_volume" acquired by "delete_volume" :: waited 0.009s {{(pid=108227) __acquire /opt/stack/cinder/cinder/coordination.py:146}}
Nov 25 13:14:38.533886 np0005535648.novalocal cinder-volume[108227]: INFO cinder.volume.targets.iscsi [None req-b0423c10-8929-457b-9a00-cbaf18e9d4af tempest-VolumesCloneTest-246836441 None] Skipping remove_export. No iscsi_target is presently exported for volume: 22ba9575-dd75-4052-89da-960ff3ac45c4
Nov 25 13:14:38.534623 np0005535648.novalocal cinder-volume[108227]: DEBUG oslo_concurrency.processutils [None req-b0423c10-8929-457b-9a00-cbaf18e9d4af tempest-VolumesCloneTest-246836441 None] Running cmd (subprocess): sudo cinder-rootwrap /etc/cinder/rootwrap.conf env LC_ALL=C lvs --noheadings --unit=g -o vg_name,name,size --nosuffix --readonly stack-volumes-lvmdriver-1/volume-22ba9575-dd75-4052-89da-960ff3ac45c4 {{(pid=108227) execute /usr/local/lib/python3.12/site-packages/oslo_concurrency/processutils.py:349}}
Nov 25 13:14:38.562398 np0005535648.novalocal sudo[140078]: stack : PWD=/ ; USER=root ; COMMAND=/usr/local/bin/cinder-rootwrap /etc/cinder/rootwrap.conf env LC_ALL=C lvs --noheadings --unit=g -o vg_name,name,size --nosuffix --readonly stack-volumes-lvmdriver-1/volume-22ba9575-dd75-4052-89da-960ff3ac45c4
Nov 25 13:14:38.964494 np0005535648.novalocal cinder-volume[108227]: DEBUG oslo_concurrency.processutils [None req-b0423c10-8929-457b-9a00-cbaf18e9d4af tempest-VolumesCloneTest-246836441 None] CMD "sudo cinder-rootwrap /etc/cinder/rootwrap.conf env LC_ALL=C lvs --noheadings --unit=g -o vg_name,name,size --nosuffix --readonly stack-volumes-lvmdriver-1/volume-22ba9575-dd75-4052-89da-960ff3ac45c4" returned: 0 in 0.429s {{(pid=108227) execute /usr/local/lib/python3.12/site-packages/oslo_concurrency/processutils.py:372}}
Nov 25 13:14:38.965172 np0005535648.novalocal cinder-volume[108227]: DEBUG oslo_concurrency.processutils [None req-b0423c10-8929-457b-9a00-cbaf18e9d4af tempest-VolumesCloneTest-246836441 None] Running cmd (subprocess): sudo cinder-rootwrap /etc/cinder/rootwrap.conf env LC_ALL=C lvdisplay --noheading -C -o Attr --readonly stack-volumes-lvmdriver-1/volume-22ba9575-dd75-4052-89da-960ff3ac45c4 {{(pid=108227) execute /usr/local/lib/python3.12/site-packages/oslo_concurrency/processutils.py:349}}
Nov 25 13:14:38.989516 np0005535648.novalocal sudo[140083]: stack : PWD=/ ; USER=root ; COMMAND=/usr/local/bin/cinder-rootwrap /etc/cinder/rootwrap.conf env LC_ALL=C lvdisplay --noheading -C -o Attr --readonly stack-volumes-lvmdriver-1/volume-22ba9575-dd75-4052-89da-960ff3ac45c4
Nov 25 13:14:39.369366 np0005535648.novalocal cinder-volume[108227]: DEBUG oslo_concurrency.processutils [None req-b0423c10-8929-457b-9a00-cbaf18e9d4af tempest-VolumesCloneTest-246836441 None] CMD "sudo cinder-rootwrap /etc/cinder/rootwrap.conf env LC_ALL=C lvdisplay --noheading -C -o Attr --readonly stack-volumes-lvmdriver-1/volume-22ba9575-dd75-4052-89da-960ff3ac45c4" returned: 0 in 0.404s {{(pid=108227) execute /usr/local/lib/python3.12/site-packages/oslo_concurrency/processutils.py:372}}
Nov 25 13:14:39.369969 np0005535648.novalocal cinder-volume[108227]: DEBUG oslo_concurrency.processutils [None req-b0423c10-8929-457b-9a00-cbaf18e9d4af tempest-VolumesCloneTest-246836441 None] Running cmd (subprocess): sudo cinder-rootwrap /etc/cinder/rootwrap.conf lvremove --config activation { retry_deactivation = 1} -f stack-volumes-lvmdriver-1/volume-22ba9575-dd75-4052-89da-960ff3ac45c4 {{(pid=108227) execute /usr/local/lib/python3.12/site-packages/oslo_concurrency/processutils.py:349}}
Nov 25 13:14:39.402697 np0005535648.novalocal sudo[140092]: stack : PWD=/ ; USER=root ; COMMAND=/usr/local/bin/cinder-rootwrap /etc/cinder/rootwrap.conf lvremove --config 'activation { retry_deactivation = 1} ' -f stack-volumes-lvmdriver-1/volume-22ba9575-dd75-4052-89da-960ff3ac45c4
Nov 25 13:14:39.834520 np0005535648.novalocal cinder-volume[108227]: DEBUG oslo_concurrency.processutils [None req-b0423c10-8929-457b-9a00-cbaf18e9d4af tempest-VolumesCloneTest-246836441 None] CMD "sudo cinder-rootwrap /etc/cinder/rootwrap.conf lvremove --config activation { retry_deactivation = 1} -f stack-volumes-lvmdriver-1/volume-22ba9575-dd75-4052-89da-960ff3ac45c4" returned: 0 in 0.464s {{(pid=108227) execute /usr/local/lib/python3.12/site-packages/oslo_concurrency/processutils.py:372}}
Nov 25 13:14:39.836018 np0005535648.novalocal cinder-volume[108227]: INFO cinder.volume.drivers.lvm [None req-b0423c10-8929-457b-9a00-cbaf18e9d4af tempest-VolumesCloneTest-246836441 None] Successfully deleted volume: 22ba9575-dd75-4052-89da-960ff3ac45c4
Nov 25 13:14:39.872121 np0005535648.novalocal cinder-volume[108227]: DEBUG cinder.quota [None req-b0423c10-8929-457b-9a00-cbaf18e9d4af tempest-VolumesCloneTest-246836441 None] Created reservations ['23eb5b6a-ebf4-455a-92fe-5044f8a45cc9', '619daa10-db96-4f8f-883a-12ea3d3f8043', 'd3013dcc-5206-424e-96eb-fb7131cc54cb', '7e8dd0dd-38bf-41ea-9dc8-bd900075aab6'] {{(pid=108227) reserve /opt/stack/cinder/cinder/quota.py:752}}
Nov 25 13:14:39.907468 np0005535648.novalocal cinder-volume[108227]: DEBUG cinder.volume.drivers.lvm [None req-b0423c10-8929-457b-9a00-cbaf18e9d4af tempest-VolumesCloneTest-246836441 None] Updating volume stats {{(pid=108227) _update_volume_stats /opt/stack/cinder/cinder/volume/drivers/lvm.py:228}}
Nov 25 13:14:39.907860 np0005535648.novalocal cinder-volume[108227]: DEBUG oslo_concurrency.processutils [None req-b0423c10-8929-457b-9a00-cbaf18e9d4af tempest-VolumesCloneTest-246836441 None] Running cmd (subprocess): sudo cinder-rootwrap /etc/cinder/rootwrap.conf env LC_ALL=C vgs --noheadings --unit=g -o name,size,free,lv_count,uuid --separator : --nosuffix stack-volumes-lvmdriver-1 {{(pid=108227) execute /usr/local/lib/python3.12/site-packages/oslo_concurrency/processutils.py:349}}
Nov 25 13:14:39.938949 np0005535648.novalocal sudo[140166]: stack : PWD=/ ; USER=root ; COMMAND=/usr/local/bin/cinder-rootwrap /etc/cinder/rootwrap.conf env LC_ALL=C vgs --noheadings --unit=g -o name,size,free,lv_count,uuid --separator : --nosuffix stack-volumes-lvmdriver-1
Nov 25 13:14:40.276197 np0005535648.novalocal cinder-volume[108227]: DEBUG oslo_concurrency.processutils [None req-b0423c10-8929-457b-9a00-cbaf18e9d4af tempest-VolumesCloneTest-246836441 None] CMD "sudo cinder-rootwrap /etc/cinder/rootwrap.conf env LC_ALL=C vgs --noheadings --unit=g -o name,size,free,lv_count,uuid --separator : --nosuffix stack-volumes-lvmdriver-1" returned: 0 in 0.368s {{(pid=108227) execute /usr/local/lib/python3.12/site-packages/oslo_concurrency/processutils.py:372}}
Nov 25 13:14:40.277129 np0005535648.novalocal cinder-volume[108227]: DEBUG oslo_concurrency.processutils [None req-b0423c10-8929-457b-9a00-cbaf18e9d4af tempest-VolumesCloneTest-246836441 None] Running cmd (subprocess): sudo cinder-rootwrap /etc/cinder/rootwrap.conf env LC_ALL=C lvs --noheadings --unit=g -o vg_name,name,size --nosuffix --readonly stack-volumes-lvmdriver-1 {{(pid=108227) execute /usr/local/lib/python3.12/site-packages/oslo_concurrency/processutils.py:349}}
Nov 25 13:14:40.296390 np0005535648.novalocal sudo[140171]: stack : PWD=/ ; USER=root ; COMMAND=/usr/local/bin/cinder-rootwrap /etc/cinder/rootwrap.conf env LC_ALL=C lvs --noheadings --unit=g -o vg_name,name,size --nosuffix --readonly stack-volumes-lvmdriver-1
Nov 25 13:14:40.731223 np0005535648.novalocal cinder-volume[108227]: DEBUG cinder.coordination [None req-95fbdc4f-5a10-4642-b257-1f3fad6b06fb tempest-VolumesCloneTest-246836441 None] Acquiring lock "cinder-0fd2aa96-62ed-430c-b5c3-47107381d257-delete_volume" by "delete_volume" {{(pid=108227) __acquire /opt/stack/cinder/cinder/coordination.py:143}}
Nov 25 13:14:40.742294 np0005535648.novalocal cinder-volume[108227]: DEBUG cinder.coordination [None req-95fbdc4f-5a10-4642-b257-1f3fad6b06fb tempest-VolumesCloneTest-246836441 None] Lock "cinder-0fd2aa96-62ed-430c-b5c3-47107381d257-delete_volume" acquired by "delete_volume" :: waited 0.012s {{(pid=108227) __acquire /opt/stack/cinder/cinder/coordination.py:146}}
Nov 25 13:14:40.763838 np0005535648.novalocal cinder-volume[108227]: INFO cinder.volume.targets.iscsi [None req-95fbdc4f-5a10-4642-b257-1f3fad6b06fb tempest-VolumesCloneTest-246836441 None] Skipping remove_export. No iscsi_target is presently exported for volume: 0fd2aa96-62ed-430c-b5c3-47107381d257
Nov 25 13:14:40.764989 np0005535648.novalocal cinder-volume[108227]: DEBUG oslo_concurrency.processutils [None req-95fbdc4f-5a10-4642-b257-1f3fad6b06fb tempest-VolumesCloneTest-246836441 None] Running cmd (subprocess): sudo cinder-rootwrap /etc/cinder/rootwrap.conf env LC_ALL=C lvs --noheadings --unit=g -o vg_name,name,size --nosuffix --readonly stack-volumes-lvmdriver-1/volume-0fd2aa96-62ed-430c-b5c3-47107381d257 {{(pid=108227) execute /usr/local/lib/python3.12/site-packages/oslo_concurrency/processutils.py:349}}
Nov 25 13:14:40.775569 np0005535648.novalocal cinder-volume[108227]: DEBUG oslo_concurrency.processutils [None req-b0423c10-8929-457b-9a00-cbaf18e9d4af tempest-VolumesCloneTest-246836441 None] CMD "sudo cinder-rootwrap /etc/cinder/rootwrap.conf env LC_ALL=C lvs --noheadings --unit=g -o vg_name,name,size --nosuffix --readonly stack-volumes-lvmdriver-1" returned: 0 in 0.497s {{(pid=108227) execute /usr/local/lib/python3.12/site-packages/oslo_concurrency/processutils.py:372}}
Nov 25 13:14:40.775701 np0005535648.novalocal cinder-volume[108227]: DEBUG oslo_concurrency.processutils [None req-b0423c10-8929-457b-9a00-cbaf18e9d4af tempest-VolumesCloneTest-246836441 None] Running cmd (subprocess): sudo cinder-rootwrap /etc/cinder/rootwrap.conf env LC_ALL=C lvs --noheadings --unit=g -o size,data_percent --separator : --nosuffix /dev/stack-volumes-lvmdriver-1/stack-volumes-lvmdriver-1-pool {{(pid=108227) execute /usr/local/lib/python3.12/site-packages/oslo_concurrency/processutils.py:349}}
Nov 25 13:14:40.794462 np0005535648.novalocal sudo[140177]: stack : PWD=/ ; USER=root ; COMMAND=/usr/local/bin/cinder-rootwrap /etc/cinder/rootwrap.conf env LC_ALL=C lvs --noheadings --unit=g -o vg_name,name,size --nosuffix --readonly stack-volumes-lvmdriver-1/volume-0fd2aa96-62ed-430c-b5c3-47107381d257
Nov 25 13:14:40.820648 np0005535648.novalocal sudo[140178]: stack : PWD=/ ; USER=root ; COMMAND=/usr/local/bin/cinder-rootwrap /etc/cinder/rootwrap.conf env LC_ALL=C lvs --noheadings --unit=g -o size,data_percent --separator : --nosuffix /dev/stack-volumes-lvmdriver-1/stack-volumes-lvmdriver-1-pool
Nov 25 13:14:41.140636 np0005535648.novalocal cinder-volume[108227]: DEBUG oslo_concurrency.processutils [None req-95fbdc4f-5a10-4642-b257-1f3fad6b06fb tempest-VolumesCloneTest-246836441 None] CMD "sudo cinder-rootwrap /etc/cinder/rootwrap.conf env LC_ALL=C lvs --noheadings --unit=g -o vg_name,name,size --nosuffix --readonly stack-volumes-lvmdriver-1/volume-0fd2aa96-62ed-430c-b5c3-47107381d257" returned: 0 in 0.375s {{(pid=108227) execute /usr/local/lib/python3.12/site-packages/oslo_concurrency/processutils.py:372}}
Nov 25 13:14:41.144452 np0005535648.novalocal cinder-volume[108227]: DEBUG oslo_concurrency.processutils [None req-95fbdc4f-5a10-4642-b257-1f3fad6b06fb tempest-VolumesCloneTest-246836441 None] Running cmd (subprocess): sudo cinder-rootwrap /etc/cinder/rootwrap.conf env LC_ALL=C lvdisplay --noheading -C -o Attr --readonly stack-volumes-lvmdriver-1/volume-0fd2aa96-62ed-430c-b5c3-47107381d257 {{(pid=108227) execute /usr/local/lib/python3.12/site-packages/oslo_concurrency/processutils.py:349}}
Nov 25 13:14:41.162900 np0005535648.novalocal sudo[140203]: stack : PWD=/ ; USER=root ; COMMAND=/usr/local/bin/cinder-rootwrap /etc/cinder/rootwrap.conf env LC_ALL=C lvdisplay --noheading -C -o Attr --readonly stack-volumes-lvmdriver-1/volume-0fd2aa96-62ed-430c-b5c3-47107381d257
Nov 25 13:14:41.181242 np0005535648.novalocal cinder-volume[108227]: DEBUG oslo_concurrency.processutils [None req-b0423c10-8929-457b-9a00-cbaf18e9d4af tempest-VolumesCloneTest-246836441 None] CMD "sudo cinder-rootwrap /etc/cinder/rootwrap.conf env LC_ALL=C lvs --noheadings --unit=g -o size,data_percent --separator : --nosuffix /dev/stack-volumes-lvmdriver-1/stack-volumes-lvmdriver-1-pool" returned: 0 in 0.405s {{(pid=108227) execute /usr/local/lib/python3.12/site-packages/oslo_concurrency/processutils.py:372}}
Nov 25 13:14:41.182411 np0005535648.novalocal cinder-volume[108227]: DEBUG oslo_concurrency.processutils [None req-b0423c10-8929-457b-9a00-cbaf18e9d4af tempest-VolumesCloneTest-246836441 None] Running cmd (subprocess): sudo cinder-rootwrap /etc/cinder/rootwrap.conf env LC_ALL=C lvs --noheadings --unit=g -o vg_name,name,size --nosuffix --readonly stack-volumes-lvmdriver-1 {{(pid=108227) execute /usr/local/lib/python3.12/site-packages/oslo_concurrency/processutils.py:349}}
Nov 25 13:14:41.206923 np0005535648.novalocal sudo[140207]: stack : PWD=/ ; USER=root ; COMMAND=/usr/local/bin/cinder-rootwrap /etc/cinder/rootwrap.conf env LC_ALL=C lvs --noheadings --unit=g -o vg_name,name,size --nosuffix --readonly stack-volumes-lvmdriver-1
Nov 25 13:14:41.521352 np0005535648.novalocal cinder-volume[108227]: DEBUG oslo_concurrency.processutils [None req-95fbdc4f-5a10-4642-b257-1f3fad6b06fb tempest-VolumesCloneTest-246836441 None] CMD "sudo cinder-rootwrap /etc/cinder/rootwrap.conf env LC_ALL=C lvdisplay --noheading -C -o Attr --readonly stack-volumes-lvmdriver-1/volume-0fd2aa96-62ed-430c-b5c3-47107381d257" returned: 0 in 0.379s {{(pid=108227) execute /usr/local/lib/python3.12/site-packages/oslo_concurrency/processutils.py:372}}
Nov 25 13:14:41.527215 np0005535648.novalocal cinder-volume[108227]: DEBUG oslo_concurrency.processutils [None req-95fbdc4f-5a10-4642-b257-1f3fad6b06fb tempest-VolumesCloneTest-246836441 None] Running cmd (subprocess): sudo cinder-rootwrap /etc/cinder/rootwrap.conf lvremove --config activation { retry_deactivation = 1} -f stack-volumes-lvmdriver-1/volume-0fd2aa96-62ed-430c-b5c3-47107381d257 {{(pid=108227) execute /usr/local/lib/python3.12/site-packages/oslo_concurrency/processutils.py:349}}
Nov 25 13:14:41.544967 np0005535648.novalocal sudo[140213]: stack : PWD=/ ; USER=root ; COMMAND=/usr/local/bin/cinder-rootwrap /etc/cinder/rootwrap.conf lvremove --config 'activation { retry_deactivation = 1} ' -f stack-volumes-lvmdriver-1/volume-0fd2aa96-62ed-430c-b5c3-47107381d257
Nov 25 13:14:41.561700 np0005535648.novalocal cinder-volume[108227]: DEBUG oslo_concurrency.processutils [None req-b0423c10-8929-457b-9a00-cbaf18e9d4af tempest-VolumesCloneTest-246836441 None] CMD "sudo cinder-rootwrap /etc/cinder/rootwrap.conf env LC_ALL=C lvs --noheadings --unit=g -o vg_name,name,size --nosuffix --readonly stack-volumes-lvmdriver-1" returned: 0 in 0.379s {{(pid=108227) execute /usr/local/lib/python3.12/site-packages/oslo_concurrency/processutils.py:372}}
Nov 25 13:14:41.563740 np0005535648.novalocal cinder-volume[108227]: DEBUG cinder.manager [None req-b0423c10-8929-457b-9a00-cbaf18e9d4af tempest-VolumesCloneTest-246836441 None] Notifying Schedulers of capabilities ... {{(pid=108227) _publish_service_capabilities /opt/stack/cinder/cinder/manager.py:202}}
Nov 25 13:14:41.571157 np0005535648.novalocal cinder-volume[108227]: INFO cinder.volume.manager [None req-b0423c10-8929-457b-9a00-cbaf18e9d4af tempest-VolumesCloneTest-246836441 None] Deleted volume successfully.
Nov 25 13:14:41.589898 np0005535648.novalocal cinder-volume[108227]: DEBUG cinder.coordination [None req-b0423c10-8929-457b-9a00-cbaf18e9d4af tempest-VolumesCloneTest-246836441 None] Lock "cinder-22ba9575-dd75-4052-89da-960ff3ac45c4-delete_volume" released by "delete_volume" :: held 3.072s {{(pid=108227) __release /opt/stack/cinder/cinder/coordination.py:157}}
Nov 25 13:14:42.012130 np0005535648.novalocal cinder-volume[108227]: DEBUG oslo_concurrency.processutils [None req-95fbdc4f-5a10-4642-b257-1f3fad6b06fb tempest-VolumesCloneTest-246836441 None] CMD "sudo cinder-rootwrap /etc/cinder/rootwrap.conf lvremove --config activation { retry_deactivation = 1} -f stack-volumes-lvmdriver-1/volume-0fd2aa96-62ed-430c-b5c3-47107381d257" returned: 0 in 0.489s {{(pid=108227) execute /usr/local/lib/python3.12/site-packages/oslo_concurrency/processutils.py:372}}
Nov 25 13:14:42.012516 np0005535648.novalocal cinder-volume[108227]: INFO cinder.volume.drivers.lvm [None req-95fbdc4f-5a10-4642-b257-1f3fad6b06fb tempest-VolumesCloneTest-246836441 None] Successfully deleted volume: 0fd2aa96-62ed-430c-b5c3-47107381d257
Nov 25 13:14:42.049623 np0005535648.novalocal cinder-volume[108227]: DEBUG cinder.quota [None req-95fbdc4f-5a10-4642-b257-1f3fad6b06fb tempest-VolumesCloneTest-246836441 None] Created reservations ['55ab209d-5d6c-412b-84cb-ea3710f9c660', '05a71448-6513-4102-bdea-c9c47ad9142e', '57d9e7fc-091b-4778-ab97-dbcd66a3dd10', 'ae398005-9bff-4a7b-a2c3-9729b350b7ef'] {{(pid=108227) reserve /opt/stack/cinder/cinder/quota.py:752}}
Nov 25 13:14:42.082277 np0005535648.novalocal cinder-volume[108227]: DEBUG cinder.volume.drivers.lvm [None req-95fbdc4f-5a10-4642-b257-1f3fad6b06fb tempest-VolumesCloneTest-246836441 None] Updating volume stats {{(pid=108227) _update_volume_stats /opt/stack/cinder/cinder/volume/drivers/lvm.py:228}}
Nov 25 13:14:42.082669 np0005535648.novalocal cinder-volume[108227]: DEBUG oslo_concurrency.processutils [None req-95fbdc4f-5a10-4642-b257-1f3fad6b06fb tempest-VolumesCloneTest-246836441 None] Running cmd (subprocess): sudo cinder-rootwrap /etc/cinder/rootwrap.conf env LC_ALL=C vgs --noheadings --unit=g -o name,size,free,lv_count,uuid --separator : --nosuffix stack-volumes-lvmdriver-1 {{(pid=108227) execute /usr/local/lib/python3.12/site-packages/oslo_concurrency/processutils.py:349}}
Nov 25 13:14:42.115111 np0005535648.novalocal sudo[140221]: stack : PWD=/ ; USER=root ; COMMAND=/usr/local/bin/cinder-rootwrap /etc/cinder/rootwrap.conf env LC_ALL=C vgs --noheadings --unit=g -o name,size,free,lv_count,uuid --separator : --nosuffix stack-volumes-lvmdriver-1
Nov 25 13:14:42.490403 np0005535648.novalocal cinder-volume[108227]: DEBUG oslo_concurrency.processutils [None req-95fbdc4f-5a10-4642-b257-1f3fad6b06fb tempest-VolumesCloneTest-246836441 None] CMD "sudo cinder-rootwrap /etc/cinder/rootwrap.conf env LC_ALL=C vgs --noheadings --unit=g -o name,size,free,lv_count,uuid --separator : --nosuffix stack-volumes-lvmdriver-1" returned: 0 in 0.407s {{(pid=108227) execute /usr/local/lib/python3.12/site-packages/oslo_concurrency/processutils.py:372}}
Nov 25 13:14:42.491905 np0005535648.novalocal cinder-volume[108227]: DEBUG oslo_concurrency.processutils [None req-95fbdc4f-5a10-4642-b257-1f3fad6b06fb tempest-VolumesCloneTest-246836441 None] Running cmd (subprocess): sudo cinder-rootwrap /etc/cinder/rootwrap.conf env LC_ALL=C lvs --noheadings --unit=g -o vg_name,name,size --nosuffix --readonly stack-volumes-lvmdriver-1 {{(pid=108227) execute /usr/local/lib/python3.12/site-packages/oslo_concurrency/processutils.py:349}}
Nov 25 13:14:42.512108 np0005535648.novalocal sudo[140226]: stack : PWD=/ ; USER=root ; COMMAND=/usr/local/bin/cinder-rootwrap /etc/cinder/rootwrap.conf env LC_ALL=C lvs --noheadings --unit=g -o vg_name,name,size --nosuffix --readonly stack-volumes-lvmdriver-1
Nov 25 13:14:42.915625 np0005535648.novalocal cinder-volume[108227]: DEBUG oslo_concurrency.processutils [None req-95fbdc4f-5a10-4642-b257-1f3fad6b06fb tempest-VolumesCloneTest-246836441 None] CMD "sudo cinder-rootwrap /etc/cinder/rootwrap.conf env LC_ALL=C lvs --noheadings --unit=g -o vg_name,name,size --nosuffix --readonly stack-volumes-lvmdriver-1" returned: 0 in 0.424s {{(pid=108227) execute /usr/local/lib/python3.12/site-packages/oslo_concurrency/processutils.py:372}}
Nov 25 13:14:42.916747 np0005535648.novalocal cinder-volume[108227]: DEBUG oslo_concurrency.processutils [None req-95fbdc4f-5a10-4642-b257-1f3fad6b06fb tempest-VolumesCloneTest-246836441 None] Running cmd (subprocess): sudo cinder-rootwrap /etc/cinder/rootwrap.conf env LC_ALL=C lvs --noheadings --unit=g -o size,data_percent --separator : --nosuffix /dev/stack-volumes-lvmdriver-1/stack-volumes-lvmdriver-1-pool {{(pid=108227) execute /usr/local/lib/python3.12/site-packages/oslo_concurrency/processutils.py:349}}
Nov 25 13:14:42.935383 np0005535648.novalocal sudo[140231]: stack : PWD=/ ; USER=root ; COMMAND=/usr/local/bin/cinder-rootwrap /etc/cinder/rootwrap.conf env LC_ALL=C lvs --noheadings --unit=g -o size,data_percent --separator : --nosuffix /dev/stack-volumes-lvmdriver-1/stack-volumes-lvmdriver-1-pool
Nov 25 13:14:43.019715 np0005535648.novalocal cinder-volume[108227]: DEBUG oslo_concurrency.processutils [req-8cc228a5-0b9c-4ec6-abc5-e3b8fc0fe433 req-5e575118-0786-4f23-a5c7-0f0e72f64d9e tempest-ImageDependencyTests-35774386 None] Running cmd (subprocess): sudo cinder-rootwrap /etc/cinder/rootwrap.conf env LC_ALL=C lvs --noheadings --unit=g -o vg_name,name,size --nosuffix --readonly stack-volumes-lvmdriver-1/volume-3f559a77-0b60-4ae4-9cad-6788ebaa5e69 {{(pid=108227) execute /usr/local/lib/python3.12/site-packages/oslo_concurrency/processutils.py:349}}
Nov 25 13:14:43.056829 np0005535648.novalocal sudo[140238]: stack : PWD=/ ; USER=root ; COMMAND=/usr/local/bin/cinder-rootwrap /etc/cinder/rootwrap.conf env LC_ALL=C lvs --noheadings --unit=g -o vg_name,name,size --nosuffix --readonly stack-volumes-lvmdriver-1/volume-3f559a77-0b60-4ae4-9cad-6788ebaa5e69
Nov 25 13:14:43.317466 np0005535648.novalocal cinder-volume[108227]: DEBUG oslo_concurrency.processutils [None req-95fbdc4f-5a10-4642-b257-1f3fad6b06fb tempest-VolumesCloneTest-246836441 None] CMD "sudo cinder-rootwrap /etc/cinder/rootwrap.conf env LC_ALL=C lvs --noheadings --unit=g -o size,data_percent --separator : --nosuffix /dev/stack-volumes-lvmdriver-1/stack-volumes-lvmdriver-1-pool" returned: 0 in 0.400s {{(pid=108227) execute /usr/local/lib/python3.12/site-packages/oslo_concurrency/processutils.py:372}}
Nov 25 13:14:43.324752 np0005535648.novalocal cinder-volume[108227]: DEBUG oslo_concurrency.processutils [None req-95fbdc4f-5a10-4642-b257-1f3fad6b06fb tempest-VolumesCloneTest-246836441 None] Running cmd (subprocess): sudo cinder-rootwrap /etc/cinder/rootwrap.conf env LC_ALL=C lvs --noheadings --unit=g -o vg_name,name,size --nosuffix --readonly stack-volumes-lvmdriver-1 {{(pid=108227) execute /usr/local/lib/python3.12/site-packages/oslo_concurrency/processutils.py:349}}
Nov 25 13:14:43.351607 np0005535648.novalocal sudo[140244]: stack : PWD=/ ; USER=root ; COMMAND=/usr/local/bin/cinder-rootwrap /etc/cinder/rootwrap.conf env LC_ALL=C lvs --noheadings --unit=g -o vg_name,name,size --nosuffix --readonly stack-volumes-lvmdriver-1
Nov 25 13:14:43.460959 np0005535648.novalocal cinder-volume[108227]: DEBUG oslo_concurrency.processutils [req-8cc228a5-0b9c-4ec6-abc5-e3b8fc0fe433 req-5e575118-0786-4f23-a5c7-0f0e72f64d9e tempest-ImageDependencyTests-35774386 None] CMD "sudo cinder-rootwrap /etc/cinder/rootwrap.conf env LC_ALL=C lvs --noheadings --unit=g -o vg_name,name,size --nosuffix --readonly stack-volumes-lvmdriver-1/volume-3f559a77-0b60-4ae4-9cad-6788ebaa5e69" returned: 0 in 0.439s {{(pid=108227) execute /usr/local/lib/python3.12/site-packages/oslo_concurrency/processutils.py:372}}
Nov 25 13:14:43.463110 np0005535648.novalocal cinder-volume[108227]: DEBUG oslo_concurrency.processutils [req-8cc228a5-0b9c-4ec6-abc5-e3b8fc0fe433 req-5e575118-0786-4f23-a5c7-0f0e72f64d9e tempest-ImageDependencyTests-35774386 None] Running cmd (subprocess): sudo cinder-rootwrap /etc/cinder/rootwrap.conf env LC_ALL=C lvcreate --name _snapshot-b102a959-0b90-4d51-a793-208c2bab5b4d --snapshot stack-volumes-lvmdriver-1/volume-3f559a77-0b60-4ae4-9cad-6788ebaa5e69 {{(pid=108227) execute /usr/local/lib/python3.12/site-packages/oslo_concurrency/processutils.py:349}}
Nov 25 13:14:43.491284 np0005535648.novalocal sudo[140249]: stack : PWD=/ ; USER=root ; COMMAND=/usr/local/bin/cinder-rootwrap /etc/cinder/rootwrap.conf env LC_ALL=C lvcreate --name _snapshot-b102a959-0b90-4d51-a793-208c2bab5b4d --snapshot stack-volumes-lvmdriver-1/volume-3f559a77-0b60-4ae4-9cad-6788ebaa5e69
Nov 25 13:14:43.718308 np0005535648.novalocal cinder-volume[108227]: DEBUG oslo_concurrency.processutils [None req-95fbdc4f-5a10-4642-b257-1f3fad6b06fb tempest-VolumesCloneTest-246836441 None] CMD "sudo cinder-rootwrap /etc/cinder/rootwrap.conf env LC_ALL=C lvs --noheadings --unit=g -o vg_name,name,size --nosuffix --readonly stack-volumes-lvmdriver-1" returned: 0 in 0.395s {{(pid=108227) execute /usr/local/lib/python3.12/site-packages/oslo_concurrency/processutils.py:372}}
Nov 25 13:14:43.720764 np0005535648.novalocal cinder-volume[108227]: DEBUG cinder.manager [None req-95fbdc4f-5a10-4642-b257-1f3fad6b06fb tempest-VolumesCloneTest-246836441 None] Notifying Schedulers of capabilities ... {{(pid=108227) _publish_service_capabilities /opt/stack/cinder/cinder/manager.py:202}}
Nov 25 13:14:43.726585 np0005535648.novalocal cinder-volume[108227]: INFO cinder.volume.manager [None req-95fbdc4f-5a10-4642-b257-1f3fad6b06fb tempest-VolumesCloneTest-246836441 None] Deleted volume successfully.
Nov 25 13:14:43.744624 np0005535648.novalocal cinder-volume[108227]: DEBUG cinder.coordination [None req-95fbdc4f-5a10-4642-b257-1f3fad6b06fb tempest-VolumesCloneTest-246836441 None] Lock "cinder-0fd2aa96-62ed-430c-b5c3-47107381d257-delete_volume" released by "delete_volume" :: held 3.004s {{(pid=108227) __release /opt/stack/cinder/cinder/coordination.py:157}}
Nov 25 13:14:43.944193 np0005535648.novalocal cinder-volume[108227]: DEBUG oslo_concurrency.processutils [req-8cc228a5-0b9c-4ec6-abc5-e3b8fc0fe433 req-5e575118-0786-4f23-a5c7-0f0e72f64d9e tempest-ImageDependencyTests-35774386 None] CMD "sudo cinder-rootwrap /etc/cinder/rootwrap.conf env LC_ALL=C lvcreate --name _snapshot-b102a959-0b90-4d51-a793-208c2bab5b4d --snapshot stack-volumes-lvmdriver-1/volume-3f559a77-0b60-4ae4-9cad-6788ebaa5e69" returned: 0 in 0.480s {{(pid=108227) execute /usr/local/lib/python3.12/site-packages/oslo_concurrency/processutils.py:372}}
Nov 25 13:14:44.003117 np0005535648.novalocal cinder-volume[108227]: INFO cinder.volume.manager [req-8cc228a5-0b9c-4ec6-abc5-e3b8fc0fe433 req-5e575118-0786-4f23-a5c7-0f0e72f64d9e tempest-ImageDependencyTests-35774386 None] Create snapshot completed successfully
Nov 25 13:14:45.123080 np0005535648.novalocal cinder-volume[108227]: DEBUG cinder.coordination [None req-295adf68-70c7-49b2-86f0-160d124cc298 tempest-ImageDependencyTests-35774386 None] Acquiring lock "cinder-b102a959-0b90-4d51-a793-208c2bab5b4d-delete_snapshot" by "delete_snapshot" {{(pid=108227) __acquire /opt/stack/cinder/cinder/coordination.py:143}}
Nov 25 13:14:45.128358 np0005535648.novalocal cinder-volume[108227]: DEBUG cinder.coordination [None req-295adf68-70c7-49b2-86f0-160d124cc298 tempest-ImageDependencyTests-35774386 None] Lock "cinder-b102a959-0b90-4d51-a793-208c2bab5b4d-delete_snapshot" acquired by "delete_snapshot" :: waited 0.008s {{(pid=108227) __acquire /opt/stack/cinder/cinder/coordination.py:146}}
Nov 25 13:14:45.129935 np0005535648.novalocal cinder-volume[108227]: DEBUG oslo_concurrency.processutils [None req-295adf68-70c7-49b2-86f0-160d124cc298 tempest-ImageDependencyTests-35774386 None] Running cmd (subprocess): sudo cinder-rootwrap /etc/cinder/rootwrap.conf env LC_ALL=C lvs --noheadings --unit=g -o vg_name,name,size --nosuffix --readonly stack-volumes-lvmdriver-1/_snapshot-b102a959-0b90-4d51-a793-208c2bab5b4d {{(pid=108227) execute /usr/local/lib/python3.12/site-packages/oslo_concurrency/processutils.py:349}}
Nov 25 13:14:45.164460 np0005535648.novalocal sudo[140284]: stack : PWD=/ ; USER=root ; COMMAND=/usr/local/bin/cinder-rootwrap /etc/cinder/rootwrap.conf env LC_ALL=C lvs --noheadings --unit=g -o vg_name,name,size --nosuffix --readonly stack-volumes-lvmdriver-1/_snapshot-b102a959-0b90-4d51-a793-208c2bab5b4d
Nov 25 13:14:45.538648 np0005535648.novalocal cinder-volume[108227]: DEBUG oslo_concurrency.processutils [None req-295adf68-70c7-49b2-86f0-160d124cc298 tempest-ImageDependencyTests-35774386 None] CMD "sudo cinder-rootwrap /etc/cinder/rootwrap.conf env LC_ALL=C lvs --noheadings --unit=g -o vg_name,name,size --nosuffix --readonly stack-volumes-lvmdriver-1/_snapshot-b102a959-0b90-4d51-a793-208c2bab5b4d" returned: 0 in 0.409s {{(pid=108227) execute /usr/local/lib/python3.12/site-packages/oslo_concurrency/processutils.py:372}}
Nov 25 13:14:45.539572 np0005535648.novalocal cinder-volume[108227]: DEBUG oslo_concurrency.processutils [None req-295adf68-70c7-49b2-86f0-160d124cc298 tempest-ImageDependencyTests-35774386 None] Running cmd (subprocess): sudo cinder-rootwrap /etc/cinder/rootwrap.conf lvremove --config activation { retry_deactivation = 1} -f stack-volumes-lvmdriver-1/_snapshot-b102a959-0b90-4d51-a793-208c2bab5b4d {{(pid=108227) execute /usr/local/lib/python3.12/site-packages/oslo_concurrency/processutils.py:349}}
Nov 25 13:14:45.559964 np0005535648.novalocal sudo[140330]: stack : PWD=/ ; USER=root ; COMMAND=/usr/local/bin/cinder-rootwrap /etc/cinder/rootwrap.conf lvremove --config 'activation { retry_deactivation = 1} ' -f stack-volumes-lvmdriver-1/_snapshot-b102a959-0b90-4d51-a793-208c2bab5b4d
Nov 25 13:14:45.717614 np0005535648.novalocal cinder-volume[108227]: DEBUG oslo_service.periodic_task [None req-a305c737-4a04-48cc-9e8a-2ca30bc29f27 None None] Running periodic task VolumeManager.publish_service_capabilities {{(pid=108227) run_periodic_tasks /usr/local/lib/python3.12/site-packages/oslo_service/periodic_task.py:210}}
Nov 25 13:14:45.718382 np0005535648.novalocal cinder-volume[108227]: DEBUG cinder.volume.drivers.lvm [None req-a305c737-4a04-48cc-9e8a-2ca30bc29f27 None None] Updating volume stats {{(pid=108227) _update_volume_stats /opt/stack/cinder/cinder/volume/drivers/lvm.py:228}}
Nov 25 13:14:45.718961 np0005535648.novalocal cinder-volume[108227]: DEBUG oslo_concurrency.processutils [None req-a305c737-4a04-48cc-9e8a-2ca30bc29f27 None None] Running cmd (subprocess): sudo cinder-rootwrap /etc/cinder/rootwrap.conf env LC_ALL=C vgs --noheadings --unit=g -o name,size,free,lv_count,uuid --separator : --nosuffix stack-volumes-lvmdriver-1 {{(pid=108227) execute /usr/local/lib/python3.12/site-packages/oslo_concurrency/processutils.py:349}}
Nov 25 13:14:45.738424 np0005535648.novalocal sudo[140345]: stack : PWD=/ ; USER=root ; COMMAND=/usr/local/bin/cinder-rootwrap /etc/cinder/rootwrap.conf env LC_ALL=C vgs --noheadings --unit=g -o name,size,free,lv_count,uuid --separator : --nosuffix stack-volumes-lvmdriver-1
Nov 25 13:14:45.984115 np0005535648.novalocal cinder-volume[108227]: DEBUG oslo_concurrency.processutils [None req-295adf68-70c7-49b2-86f0-160d124cc298 tempest-ImageDependencyTests-35774386 None] CMD "sudo cinder-rootwrap /etc/cinder/rootwrap.conf lvremove --config activation { retry_deactivation = 1} -f stack-volumes-lvmdriver-1/_snapshot-b102a959-0b90-4d51-a793-208c2bab5b4d" returned: 0 in 0.443s {{(pid=108227) execute /usr/local/lib/python3.12/site-packages/oslo_concurrency/processutils.py:372}}
Nov 25 13:14:46.037766 np0005535648.novalocal cinder-volume[108227]: DEBUG cinder.quota [None req-295adf68-70c7-49b2-86f0-160d124cc298 tempest-ImageDependencyTests-35774386 None] Created reservations ['bcbdc2d1-4960-4754-b522-837807711c24', '335e37f7-1387-4da6-bf49-912292a09b3f', '1e0d20fe-af48-4b9e-bc49-5053e63b5939', 'cc6ece0b-6f17-4c3e-ae45-9529ba6cc15f'] {{(pid=108227) reserve /opt/stack/cinder/cinder/quota.py:752}}
Nov 25 13:14:46.082676 np0005535648.novalocal cinder-volume[108227]: INFO cinder.volume.manager [None req-295adf68-70c7-49b2-86f0-160d124cc298 tempest-ImageDependencyTests-35774386 None] Delete snapshot completed successfully.
Nov 25 13:14:46.086690 np0005535648.novalocal cinder-volume[108227]: DEBUG cinder.coordination [None req-295adf68-70c7-49b2-86f0-160d124cc298 tempest-ImageDependencyTests-35774386 None] Lock "cinder-b102a959-0b90-4d51-a793-208c2bab5b4d-delete_snapshot" released by "delete_snapshot" :: held 0.958s {{(pid=108227) __release /opt/stack/cinder/cinder/coordination.py:157}}
Nov 25 13:14:46.090490 np0005535648.novalocal cinder-volume[108227]: DEBUG oslo_concurrency.processutils [None req-a305c737-4a04-48cc-9e8a-2ca30bc29f27 None None] CMD "sudo cinder-rootwrap /etc/cinder/rootwrap.conf env LC_ALL=C vgs --noheadings --unit=g -o name,size,free,lv_count,uuid --separator : --nosuffix stack-volumes-lvmdriver-1" returned: 0 in 0.372s {{(pid=108227) execute /usr/local/lib/python3.12/site-packages/oslo_concurrency/processutils.py:372}}
Nov 25 13:14:46.091002 np0005535648.novalocal cinder-volume[108227]: DEBUG oslo_concurrency.processutils [None req-a305c737-4a04-48cc-9e8a-2ca30bc29f27 None None] Running cmd (subprocess): sudo cinder-rootwrap /etc/cinder/rootwrap.conf env LC_ALL=C lvs --noheadings --unit=g -o vg_name,name,size --nosuffix --readonly stack-volumes-lvmdriver-1 {{(pid=108227) execute /usr/local/lib/python3.12/site-packages/oslo_concurrency/processutils.py:349}}
Nov 25 13:14:46.109710 np0005535648.novalocal sudo[140357]: stack : PWD=/ ; USER=root ; COMMAND=/usr/local/bin/cinder-rootwrap /etc/cinder/rootwrap.conf env LC_ALL=C lvs --noheadings --unit=g -o vg_name,name,size --nosuffix --readonly stack-volumes-lvmdriver-1
Nov 25 13:14:46.141057 np0005535648.novalocal cinder-volume[108227]: DEBUG cinder.volume.flows.manager.create_volume [None req-4bef6a69-d246-42db-875a-b14ee441d6fa tempest-VolumesListTestJSON-1844525341 None] Volume reschedule parameters: True retry: {'num_attempts': 1, 'backends': ['np0005535648.novalocal@lvmdriver-1#lvmdriver-1'], 'hosts': ['np0005535648.novalocal@lvmdriver-1#lvmdriver-1']} {{(pid=108227) get_flow /opt/stack/cinder/cinder/volume/flows/manager/create_volume.py:1384}}
Nov 25 13:14:46.150159 np0005535648.novalocal cinder-volume[108227]: DEBUG cinder.volume.manager [None req-4bef6a69-d246-42db-875a-b14ee441d6fa tempest-VolumesListTestJSON-1844525341 None] Flow 'volume_create_manager' (b03d4944-8653-4e9d-bf71-7de536b85e22) transitioned into state 'RUNNING' from state 'PENDING' {{(pid=108227) _flow_receiver /usr/local/lib/python3.12/site-packages/taskflow/listeners/logging.py:145}}
Nov 25 13:14:46.153564 np0005535648.novalocal cinder-volume[108227]: DEBUG cinder.volume.manager [None req-4bef6a69-d246-42db-875a-b14ee441d6fa tempest-VolumesListTestJSON-1844525341 None] Task 'cinder.volume.flows.manager.create_volume.ExtractVolumeRefTask;volume:create' (8d97546a-10c9-4369-bd0a-fcd7b80e48e9) transitioned into state 'RUNNING' from state 'PENDING' {{(pid=108227) _task_receiver /usr/local/lib/python3.12/site-packages/taskflow/listeners/logging.py:194}}
Nov 25 13:14:46.165898 np0005535648.novalocal cinder-volume[108227]: DEBUG cinder.volume.manager [None req-4bef6a69-d246-42db-875a-b14ee441d6fa tempest-VolumesListTestJSON-1844525341 None] Task 'cinder.volume.flows.manager.create_volume.ExtractVolumeRefTask;volume:create' (8d97546a-10c9-4369-bd0a-fcd7b80e48e9) transitioned into state 'SUCCESS' from state 'RUNNING' with result 'Volume(_name_id=None,admin_metadata=,attach_status='detached',availability_zone='nova',bootable=False,cluster=,cluster_name=None,consistencygroup=,consistencygroup_id=None,created_at=2025-11-25T18:14:46Z,deleted=False,deleted_at=None,display_description=None,display_name='tempest-VolumesListTestJSON-Volume-461157584',ec2_id=None,encryption_key_id=None,glance_metadata=,group=,group_id=None,host='np0005535648.novalocal@lvmdriver-1#lvmdriver-1',id=0e7a5231-05ee-41cb-9a95-76421eac50d1,launched_at=None,metadata={Type='work'},migration_status=None,multiattach=False,previous_status=None,project_id='24326e6a87d14459a886d87042256a77',provider_auth=None,provider_geometry=None,provider_id=None,provider_location=None,replication_driver_data=None,replication_extended_status=None,replication_status=None,scheduled_at=2025-11-25T18:14:46Z,service_uuid=None,shared_targets=True,size=1,snapshot_id=None,snapshots=,source_volid=None,status='creating',terminated_at=None,updated_at=2025-11-25T18:14:46Z,use_quota=True,user_id='e3208ba8264d449b8ebda517690250ae',volume_attachment=VolumeAttachmentList,volume_type=VolumeType(42ef2ac8-46e2-415f-ad47-5f278d4fe376),volume_type_id=42ef2ac8-46e2-415f-ad47-5f278d4fe376)' {{(pid=108227) _task_receiver /usr/local/lib/python3.12/site-packages/taskflow/listeners/logging.py:182}}
Nov 25 13:14:46.168907 np0005535648.novalocal cinder-volume[108227]: DEBUG cinder.volume.manager [None req-4bef6a69-d246-42db-875a-b14ee441d6fa tempest-VolumesListTestJSON-1844525341 None] Task 'cinder.volume.flows.manager.create_volume.OnFailureRescheduleTask;volume:create' (cccf6830-5895-4172-9936-4e17a229cfd2) transitioned into state 'RUNNING' from state 'PENDING' {{(pid=108227) _task_receiver /usr/local/lib/python3.12/site-packages/taskflow/listeners/logging.py:194}}
Nov 25 13:14:46.170920 np0005535648.novalocal cinder-volume[108227]: DEBUG cinder.volume.manager [None req-4bef6a69-d246-42db-875a-b14ee441d6fa tempest-VolumesListTestJSON-1844525341 None] Task 'cinder.volume.flows.manager.create_volume.OnFailureRescheduleTask;volume:create' (cccf6830-5895-4172-9936-4e17a229cfd2) transitioned into state 'SUCCESS' from state 'RUNNING' with result 'None' {{(pid=108227) _task_receiver /usr/local/lib/python3.12/site-packages/taskflow/listeners/logging.py:182}}
Nov 25 13:14:46.172660 np0005535648.novalocal cinder-volume[108227]: DEBUG cinder.volume.manager [None req-4bef6a69-d246-42db-875a-b14ee441d6fa tempest-VolumesListTestJSON-1844525341 None] Task 'cinder.volume.flows.manager.create_volume.ExtractVolumeSpecTask;volume:create' (487c2610-e2e7-4553-9bef-5be698eca867) transitioned into state 'RUNNING' from state 'PENDING' {{(pid=108227) _task_receiver /usr/local/lib/python3.12/site-packages/taskflow/listeners/logging.py:194}}
Nov 25 13:14:46.174567 np0005535648.novalocal cinder-volume[108227]: DEBUG cinder.volume.manager [None req-4bef6a69-d246-42db-875a-b14ee441d6fa tempest-VolumesListTestJSON-1844525341 None] Task 'cinder.volume.flows.manager.create_volume.ExtractVolumeSpecTask;volume:create' (487c2610-e2e7-4553-9bef-5be698eca867) transitioned into state 'SUCCESS' from state 'RUNNING' with result '{'status': 'creating', 'type': 'raw', 'volume_id': '0e7a5231-05ee-41cb-9a95-76421eac50d1', 'volume_name': 'volume-0e7a5231-05ee-41cb-9a95-76421eac50d1', 'volume_size': 1}' {{(pid=108227) _task_receiver /usr/local/lib/python3.12/site-packages/taskflow/listeners/logging.py:182}}
Nov 25 13:14:46.176498 np0005535648.novalocal cinder-volume[108227]: DEBUG cinder.volume.manager [None req-4bef6a69-d246-42db-875a-b14ee441d6fa tempest-VolumesListTestJSON-1844525341 None] Task 'cinder.volume.flows.manager.create_volume.NotifyVolumeActionTask;volume:create, create.start' (a168b741-2ff9-4945-92ee-56d0661acf5e) transitioned into state 'RUNNING' from state 'PENDING' {{(pid=108227) _task_receiver /usr/local/lib/python3.12/site-packages/taskflow/listeners/logging.py:194}}
