Nov 25 13:15:12.607028 np0005535648.novalocal cinder-volume[108227]: DEBUG oslo_concurrency.lockutils [None req-67ffcbe0-3db1-4cd0-8230-097e3140147a tempest-VolumesSnapshotTestJSON-2115482626 None] Lock "lioadm" acquired by "cinder.volume.targets.lio.LioAdm._execute" :: waited 0.000s {{(pid=108227) inner /usr/local/lib/python3.12/site-packages/oslo_concurrency/lockutils.py:410}}
Nov 25 13:15:12.607419 np0005535648.novalocal cinder-volume[108227]: DEBUG oslo_concurrency.processutils [None req-67ffcbe0-3db1-4cd0-8230-097e3140147a tempest-VolumesSnapshotTestJSON-2115482626 None] Running cmd (subprocess): sudo cinder-rootwrap /etc/cinder/rootwrap.conf cinder-rtstool save {{(pid=108227) execute /usr/local/lib/python3.12/site-packages/oslo_concurrency/processutils.py:349}}
Nov 25 13:15:12.626781 np0005535648.novalocal sudo[140796]: stack : PWD=/ ; USER=root ; COMMAND=/usr/local/bin/cinder-rootwrap /etc/cinder/rootwrap.conf cinder-rtstool save
Nov 25 13:15:13.141231 np0005535648.novalocal cinder-volume[108227]: DEBUG oslo_concurrency.processutils [None req-67ffcbe0-3db1-4cd0-8230-097e3140147a tempest-VolumesSnapshotTestJSON-2115482626 None] CMD "sudo cinder-rootwrap /etc/cinder/rootwrap.conf cinder-rtstool save" returned: 0 in 0.533s {{(pid=108227) execute /usr/local/lib/python3.12/site-packages/oslo_concurrency/processutils.py:372}}
Nov 25 13:15:13.141765 np0005535648.novalocal cinder-volume[108227]: DEBUG oslo_concurrency.lockutils [None req-67ffcbe0-3db1-4cd0-8230-097e3140147a tempest-VolumesSnapshotTestJSON-2115482626 None] Lock "lioadm" "released" by "cinder.volume.targets.lio.LioAdm._execute" :: held 0.535s {{(pid=108227) inner /usr/local/lib/python3.12/site-packages/oslo_concurrency/lockutils.py:424}}
Nov 25 13:15:13.152507 np0005535648.novalocal cinder-volume[108227]: INFO cinder.volume.manager [None req-67ffcbe0-3db1-4cd0-8230-097e3140147a tempest-VolumesSnapshotTestJSON-2115482626 None] Initialize volume connection completed successfully.
Nov 25 13:15:20.325214 np0005535648.novalocal cinder-volume[108227]: DEBUG oslo_concurrency.lockutils [req-493dd647-027a-4cad-9ed6-2b6abf2b8327 req-34c18f51-f29e-4dd5-a6a6-36c9469c59e3 tempest-ImageDependencyTests-35774386 None] Acquiring lock "lioadm" by "cinder.volume.targets.lio.LioAdm._execute" {{(pid=108227) inner /usr/local/lib/python3.12/site-packages/oslo_concurrency/lockutils.py:405}}
Nov 25 13:15:20.325738 np0005535648.novalocal cinder-volume[108227]: DEBUG oslo_concurrency.lockutils [req-493dd647-027a-4cad-9ed6-2b6abf2b8327 req-34c18f51-f29e-4dd5-a6a6-36c9469c59e3 tempest-ImageDependencyTests-35774386 None] Lock "lioadm" acquired by "cinder.volume.targets.lio.LioAdm._execute" :: waited 0.001s {{(pid=108227) inner /usr/local/lib/python3.12/site-packages/oslo_concurrency/lockutils.py:410}}
Nov 25 13:15:20.326016 np0005535648.novalocal cinder-volume[108227]: DEBUG oslo_concurrency.processutils [req-493dd647-027a-4cad-9ed6-2b6abf2b8327 req-34c18f51-f29e-4dd5-a6a6-36c9469c59e3 tempest-ImageDependencyTests-35774386 None] Running cmd (subprocess): sudo cinder-rootwrap /etc/cinder/rootwrap.conf cinder-rtstool delete-initiator iqn.2010-10.org.openstack:volume-3f559a77-0b60-4ae4-9cad-6788ebaa5e69 iqn.1994-05.com.redhat:521f6b681fe5 {{(pid=108227) execute /usr/local/lib/python3.12/site-packages/oslo_concurrency/processutils.py:349}}
Nov 25 13:15:20.354199 np0005535648.novalocal sudo[141027]: stack : PWD=/ ; USER=root ; COMMAND=/usr/local/bin/cinder-rootwrap /etc/cinder/rootwrap.conf cinder-rtstool delete-initiator iqn.2010-10.org.openstack:volume-3f559a77-0b60-4ae4-9cad-6788ebaa5e69 iqn.1994-05.com.redhat:521f6b681fe5
Nov 25 13:15:20.892784 np0005535648.novalocal cinder-volume[108227]: DEBUG oslo_concurrency.processutils [req-493dd647-027a-4cad-9ed6-2b6abf2b8327 req-34c18f51-f29e-4dd5-a6a6-36c9469c59e3 tempest-ImageDependencyTests-35774386 None] CMD "sudo cinder-rootwrap /etc/cinder/rootwrap.conf cinder-rtstool delete-initiator iqn.2010-10.org.openstack:volume-3f559a77-0b60-4ae4-9cad-6788ebaa5e69 iqn.1994-05.com.redhat:521f6b681fe5" returned: 0 in 0.566s {{(pid=108227) execute /usr/local/lib/python3.12/site-packages/oslo_concurrency/processutils.py:372}}
Nov 25 13:15:20.893247 np0005535648.novalocal cinder-volume[108227]: DEBUG oslo_concurrency.lockutils [req-493dd647-027a-4cad-9ed6-2b6abf2b8327 req-34c18f51-f29e-4dd5-a6a6-36c9469c59e3 tempest-ImageDependencyTests-35774386 None] Lock "lioadm" "released" by "cinder.volume.targets.lio.LioAdm._execute" :: held 0.567s {{(pid=108227) inner /usr/local/lib/python3.12/site-packages/oslo_concurrency/lockutils.py:424}}
Nov 25 13:15:20.893688 np0005535648.novalocal cinder-volume[108227]: DEBUG oslo_concurrency.lockutils [req-493dd647-027a-4cad-9ed6-2b6abf2b8327 req-34c18f51-f29e-4dd5-a6a6-36c9469c59e3 tempest-ImageDependencyTests-35774386 None] Acquiring lock "lioadm" by "cinder.volume.targets.lio.LioAdm._execute" {{(pid=108227) inner /usr/local/lib/python3.12/site-packages/oslo_concurrency/lockutils.py:405}}
Nov 25 13:15:20.894954 np0005535648.novalocal cinder-volume[108227]: DEBUG oslo_concurrency.lockutils [req-493dd647-027a-4cad-9ed6-2b6abf2b8327 req-34c18f51-f29e-4dd5-a6a6-36c9469c59e3 tempest-ImageDependencyTests-35774386 None] Lock "lioadm" acquired by "cinder.volume.targets.lio.LioAdm._execute" :: waited 0.001s {{(pid=108227) inner /usr/local/lib/python3.12/site-packages/oslo_concurrency/lockutils.py:410}}
Nov 25 13:15:20.895742 np0005535648.novalocal cinder-volume[108227]: DEBUG oslo_concurrency.processutils [req-493dd647-027a-4cad-9ed6-2b6abf2b8327 req-34c18f51-f29e-4dd5-a6a6-36c9469c59e3 tempest-ImageDependencyTests-35774386 None] Running cmd (subprocess): sudo cinder-rootwrap /etc/cinder/rootwrap.conf cinder-rtstool save {{(pid=108227) execute /usr/local/lib/python3.12/site-packages/oslo_concurrency/processutils.py:349}}
Nov 25 13:15:20.916881 np0005535648.novalocal sudo[141035]: stack : PWD=/ ; USER=root ; COMMAND=/usr/local/bin/cinder-rootwrap /etc/cinder/rootwrap.conf cinder-rtstool save
Nov 25 13:15:21.445041 np0005535648.novalocal cinder-volume[108227]: DEBUG oslo_concurrency.processutils [req-493dd647-027a-4cad-9ed6-2b6abf2b8327 req-34c18f51-f29e-4dd5-a6a6-36c9469c59e3 tempest-ImageDependencyTests-35774386 None] CMD "sudo cinder-rootwrap /etc/cinder/rootwrap.conf cinder-rtstool save" returned: 0 in 0.549s {{(pid=108227) execute /usr/local/lib/python3.12/site-packages/oslo_concurrency/processutils.py:372}}
Nov 25 13:15:21.445782 np0005535648.novalocal cinder-volume[108227]: DEBUG oslo_concurrency.lockutils [req-493dd647-027a-4cad-9ed6-2b6abf2b8327 req-34c18f51-f29e-4dd5-a6a6-36c9469c59e3 tempest-ImageDependencyTests-35774386 None] Lock "lioadm" "released" by "cinder.volume.targets.lio.LioAdm._execute" :: held 0.551s {{(pid=108227) inner /usr/local/lib/python3.12/site-packages/oslo_concurrency/lockutils.py:424}}
Nov 25 13:15:21.446411 np0005535648.novalocal cinder-volume[108227]: INFO cinder.volume.manager [req-493dd647-027a-4cad-9ed6-2b6abf2b8327 req-34c18f51-f29e-4dd5-a6a6-36c9469c59e3 tempest-ImageDependencyTests-35774386 None] Terminate volume connection completed successfully.
Nov 25 13:15:21.446937 np0005535648.novalocal cinder-volume[108227]: DEBUG cinder.volume.manager [req-493dd647-027a-4cad-9ed6-2b6abf2b8327 req-34c18f51-f29e-4dd5-a6a6-36c9469c59e3 tempest-ImageDependencyTests-35774386 None] Deleting attachment ddae12eb-b52b-494d-8220-ba3dafd1ef71. {{(pid=108227) attachment_delete /opt/stack/cinder/cinder/volume/manager.py:5023}}
Nov 25 13:15:21.447847 np0005535648.novalocal cinder-volume[108227]: DEBUG oslo_concurrency.lockutils [req-493dd647-027a-4cad-9ed6-2b6abf2b8327 req-34c18f51-f29e-4dd5-a6a6-36c9469c59e3 tempest-ImageDependencyTests-35774386 None] Acquiring lock "lioadm" by "cinder.volume.targets.lio.LioAdm._execute" {{(pid=108227) inner /usr/local/lib/python3.12/site-packages/oslo_concurrency/lockutils.py:405}}
Nov 25 13:15:21.448719 np0005535648.novalocal cinder-volume[108227]: DEBUG oslo_concurrency.lockutils [req-493dd647-027a-4cad-9ed6-2b6abf2b8327 req-34c18f51-f29e-4dd5-a6a6-36c9469c59e3 tempest-ImageDependencyTests-35774386 None] Lock "lioadm" acquired by "cinder.volume.targets.lio.LioAdm._execute" :: waited 0.001s {{(pid=108227) inner /usr/local/lib/python3.12/site-packages/oslo_concurrency/lockutils.py:410}}
Nov 25 13:15:21.449611 np0005535648.novalocal cinder-volume[108227]: DEBUG oslo_concurrency.processutils [req-493dd647-027a-4cad-9ed6-2b6abf2b8327 req-34c18f51-f29e-4dd5-a6a6-36c9469c59e3 tempest-ImageDependencyTests-35774386 None] Running cmd (subprocess): sudo cinder-rootwrap /etc/cinder/rootwrap.conf cinder-rtstool get-targets {{(pid=108227) execute /usr/local/lib/python3.12/site-packages/oslo_concurrency/processutils.py:349}}
Nov 25 13:15:21.471420 np0005535648.novalocal sudo[141044]: stack : PWD=/ ; USER=root ; COMMAND=/usr/local/bin/cinder-rootwrap /etc/cinder/rootwrap.conf cinder-rtstool get-targets
Nov 25 13:15:21.992323 np0005535648.novalocal cinder-volume[108227]: DEBUG oslo_concurrency.processutils [req-493dd647-027a-4cad-9ed6-2b6abf2b8327 req-34c18f51-f29e-4dd5-a6a6-36c9469c59e3 tempest-ImageDependencyTests-35774386 None] CMD "sudo cinder-rootwrap /etc/cinder/rootwrap.conf cinder-rtstool get-targets" returned: 0 in 0.543s {{(pid=108227) execute /usr/local/lib/python3.12/site-packages/oslo_concurrency/processutils.py:372}}
Nov 25 13:15:21.992905 np0005535648.novalocal cinder-volume[108227]: DEBUG oslo_concurrency.lockutils [req-493dd647-027a-4cad-9ed6-2b6abf2b8327 req-34c18f51-f29e-4dd5-a6a6-36c9469c59e3 tempest-ImageDependencyTests-35774386 None] Lock "lioadm" "released" by "cinder.volume.targets.lio.LioAdm._execute" :: held 0.544s {{(pid=108227) inner /usr/local/lib/python3.12/site-packages/oslo_concurrency/lockutils.py:424}}
Nov 25 13:15:21.993053 np0005535648.novalocal cinder-volume[108227]: INFO cinder.volume.targets.lio [req-493dd647-027a-4cad-9ed6-2b6abf2b8327 req-34c18f51-f29e-4dd5-a6a6-36c9469c59e3 tempest-ImageDependencyTests-35774386 None] Removing iscsi_target: 3f559a77-0b60-4ae4-9cad-6788ebaa5e69
Nov 25 13:15:21.993252 np0005535648.novalocal cinder-volume[108227]: DEBUG oslo_concurrency.lockutils [req-493dd647-027a-4cad-9ed6-2b6abf2b8327 req-34c18f51-f29e-4dd5-a6a6-36c9469c59e3 tempest-ImageDependencyTests-35774386 None] Acquiring lock "lioadm" by "cinder.volume.targets.lio.LioAdm._execute" {{(pid=108227) inner /usr/local/lib/python3.12/site-packages/oslo_concurrency/lockutils.py:405}}
Nov 25 13:15:21.993651 np0005535648.novalocal cinder-volume[108227]: DEBUG oslo_concurrency.lockutils [req-493dd647-027a-4cad-9ed6-2b6abf2b8327 req-34c18f51-f29e-4dd5-a6a6-36c9469c59e3 tempest-ImageDependencyTests-35774386 None] Lock "lioadm" acquired by "cinder.volume.targets.lio.LioAdm._execute" :: waited 0.000s {{(pid=108227) inner /usr/local/lib/python3.12/site-packages/oslo_concurrency/lockutils.py:410}}
Nov 25 13:15:21.994127 np0005535648.novalocal cinder-volume[108227]: DEBUG oslo_concurrency.processutils [req-493dd647-027a-4cad-9ed6-2b6abf2b8327 req-34c18f51-f29e-4dd5-a6a6-36c9469c59e3 tempest-ImageDependencyTests-35774386 None] Running cmd (subprocess): sudo cinder-rootwrap /etc/cinder/rootwrap.conf cinder-rtstool delete iqn.2010-10.org.openstack:volume-3f559a77-0b60-4ae4-9cad-6788ebaa5e69 {{(pid=108227) execute /usr/local/lib/python3.12/site-packages/oslo_concurrency/processutils.py:349}}
Nov 25 13:15:22.014168 np0005535648.novalocal sudo[141050]: stack : PWD=/ ; USER=root ; COMMAND=/usr/local/bin/cinder-rootwrap /etc/cinder/rootwrap.conf cinder-rtstool delete iqn.2010-10.org.openstack:volume-3f559a77-0b60-4ae4-9cad-6788ebaa5e69
Nov 25 13:15:22.622979 np0005535648.novalocal cinder-volume[108227]: DEBUG oslo_concurrency.processutils [req-493dd647-027a-4cad-9ed6-2b6abf2b8327 req-34c18f51-f29e-4dd5-a6a6-36c9469c59e3 tempest-ImageDependencyTests-35774386 None] CMD "sudo cinder-rootwrap /etc/cinder/rootwrap.conf cinder-rtstool delete iqn.2010-10.org.openstack:volume-3f559a77-0b60-4ae4-9cad-6788ebaa5e69" returned: 0 in 0.629s {{(pid=108227) execute /usr/local/lib/python3.12/site-packages/oslo_concurrency/processutils.py:372}}
Nov 25 13:15:22.623369 np0005535648.novalocal cinder-volume[108227]: DEBUG oslo_concurrency.lockutils [req-493dd647-027a-4cad-9ed6-2b6abf2b8327 req-34c18f51-f29e-4dd5-a6a6-36c9469c59e3 tempest-ImageDependencyTests-35774386 None] Lock "lioadm" "released" by "cinder.volume.targets.lio.LioAdm._execute" :: held 0.630s {{(pid=108227) inner /usr/local/lib/python3.12/site-packages/oslo_concurrency/lockutils.py:424}}
Nov 25 13:15:22.624060 np0005535648.novalocal cinder-volume[108227]: DEBUG oslo_concurrency.lockutils [req-493dd647-027a-4cad-9ed6-2b6abf2b8327 req-34c18f51-f29e-4dd5-a6a6-36c9469c59e3 tempest-ImageDependencyTests-35774386 None] Acquiring lock "lioadm" by "cinder.volume.targets.lio.LioAdm._execute" {{(pid=108227) inner /usr/local/lib/python3.12/site-packages/oslo_concurrency/lockutils.py:405}}
Nov 25 13:15:22.624060 np0005535648.novalocal cinder-volume[108227]: DEBUG oslo_concurrency.lockutils [req-493dd647-027a-4cad-9ed6-2b6abf2b8327 req-34c18f51-f29e-4dd5-a6a6-36c9469c59e3 tempest-ImageDependencyTests-35774386 None] Lock "lioadm" acquired by "cinder.volume.targets.lio.LioAdm._execute" :: waited 0.000s {{(pid=108227) inner /usr/local/lib/python3.12/site-packages/oslo_concurrency/lockutils.py:410}}
Nov 25 13:15:22.624241 np0005535648.novalocal cinder-volume[108227]: DEBUG oslo_concurrency.processutils [req-493dd647-027a-4cad-9ed6-2b6abf2b8327 req-34c18f51-f29e-4dd5-a6a6-36c9469c59e3 tempest-ImageDependencyTests-35774386 None] Running cmd (subprocess): sudo cinder-rootwrap /etc/cinder/rootwrap.conf cinder-rtstool save {{(pid=108227) execute /usr/local/lib/python3.12/site-packages/oslo_concurrency/processutils.py:349}}
Nov 25 13:15:22.646351 np0005535648.novalocal sudo[141063]: stack : PWD=/ ; USER=root ; COMMAND=/usr/local/bin/cinder-rootwrap /etc/cinder/rootwrap.conf cinder-rtstool save
Nov 25 13:15:23.165651 np0005535648.novalocal cinder-volume[108227]: DEBUG oslo_concurrency.processutils [req-493dd647-027a-4cad-9ed6-2b6abf2b8327 req-34c18f51-f29e-4dd5-a6a6-36c9469c59e3 tempest-ImageDependencyTests-35774386 None] CMD "sudo cinder-rootwrap /etc/cinder/rootwrap.conf cinder-rtstool save" returned: 0 in 0.541s {{(pid=108227) execute /usr/local/lib/python3.12/site-packages/oslo_concurrency/processutils.py:372}}
Nov 25 13:15:23.165651 np0005535648.novalocal cinder-volume[108227]: DEBUG oslo_concurrency.lockutils [req-493dd647-027a-4cad-9ed6-2b6abf2b8327 req-34c18f51-f29e-4dd5-a6a6-36c9469c59e3 tempest-ImageDependencyTests-35774386 None] Lock "lioadm" "released" by "cinder.volume.targets.lio.LioAdm._execute" :: held 0.542s {{(pid=108227) inner /usr/local/lib/python3.12/site-packages/oslo_concurrency/lockutils.py:424}}
Nov 25 13:15:23.398366 np0005535648.novalocal cinder-volume[108227]: DEBUG cinder.coordination [req-493dd647-027a-4cad-9ed6-2b6abf2b8327 req-141f065d-a969-4388-bc7e-0dcdd2dc5add tempest-ImageDependencyTests-35774386 None] Acquiring lock "cinder-3f559a77-0b60-4ae4-9cad-6788ebaa5e69-delete_volume" by "delete_volume" {{(pid=108227) __acquire /opt/stack/cinder/cinder/coordination.py:143}}
Nov 25 13:15:23.406407 np0005535648.novalocal cinder-volume[108227]: DEBUG cinder.coordination [req-493dd647-027a-4cad-9ed6-2b6abf2b8327 req-141f065d-a969-4388-bc7e-0dcdd2dc5add tempest-ImageDependencyTests-35774386 None] Lock "cinder-3f559a77-0b60-4ae4-9cad-6788ebaa5e69-delete_volume" acquired by "delete_volume" :: waited 0.009s {{(pid=108227) __acquire /opt/stack/cinder/cinder/coordination.py:146}}
Nov 25 13:15:23.427300 np0005535648.novalocal cinder-volume[108227]: DEBUG oslo_concurrency.lockutils [req-493dd647-027a-4cad-9ed6-2b6abf2b8327 req-141f065d-a969-4388-bc7e-0dcdd2dc5add tempest-ImageDependencyTests-35774386 None] Acquiring lock "lioadm" by "cinder.volume.targets.lio.LioAdm._execute" {{(pid=108227) inner /usr/local/lib/python3.12/site-packages/oslo_concurrency/lockutils.py:405}}
Nov 25 13:15:23.427618 np0005535648.novalocal cinder-volume[108227]: DEBUG oslo_concurrency.lockutils [req-493dd647-027a-4cad-9ed6-2b6abf2b8327 req-141f065d-a969-4388-bc7e-0dcdd2dc5add tempest-ImageDependencyTests-35774386 None] Lock "lioadm" acquired by "cinder.volume.targets.lio.LioAdm._execute" :: waited 0.000s {{(pid=108227) inner /usr/local/lib/python3.12/site-packages/oslo_concurrency/lockutils.py:410}}
Nov 25 13:15:23.427901 np0005535648.novalocal cinder-volume[108227]: DEBUG oslo_concurrency.processutils [req-493dd647-027a-4cad-9ed6-2b6abf2b8327 req-141f065d-a969-4388-bc7e-0dcdd2dc5add tempest-ImageDependencyTests-35774386 None] Running cmd (subprocess): sudo cinder-rootwrap /etc/cinder/rootwrap.conf cinder-rtstool get-targets {{(pid=108227) execute /usr/local/lib/python3.12/site-packages/oslo_concurrency/processutils.py:349}}
Nov 25 13:15:23.451389 np0005535648.novalocal sudo[141091]: stack : PWD=/ ; USER=root ; COMMAND=/usr/local/bin/cinder-rootwrap /etc/cinder/rootwrap.conf cinder-rtstool get-targets
Nov 25 13:15:23.982826 np0005535648.novalocal cinder-volume[108227]: DEBUG oslo_concurrency.processutils [req-493dd647-027a-4cad-9ed6-2b6abf2b8327 req-141f065d-a969-4388-bc7e-0dcdd2dc5add tempest-ImageDependencyTests-35774386 None] CMD "sudo cinder-rootwrap /etc/cinder/rootwrap.conf cinder-rtstool get-targets" returned: 0 in 0.554s {{(pid=108227) execute /usr/local/lib/python3.12/site-packages/oslo_concurrency/processutils.py:372}}
Nov 25 13:15:23.983376 np0005535648.novalocal cinder-volume[108227]: DEBUG oslo_concurrency.lockutils [req-493dd647-027a-4cad-9ed6-2b6abf2b8327 req-141f065d-a969-4388-bc7e-0dcdd2dc5add tempest-ImageDependencyTests-35774386 None] Lock "lioadm" "released" by "cinder.volume.targets.lio.LioAdm._execute" :: held 0.556s {{(pid=108227) inner /usr/local/lib/python3.12/site-packages/oslo_concurrency/lockutils.py:424}}
Nov 25 13:15:23.983804 np0005535648.novalocal cinder-volume[108227]: INFO cinder.volume.targets.iscsi [req-493dd647-027a-4cad-9ed6-2b6abf2b8327 req-141f065d-a969-4388-bc7e-0dcdd2dc5add tempest-ImageDependencyTests-35774386 None] Skipping remove_export. No iscsi_target is presently exported for volume: 3f559a77-0b60-4ae4-9cad-6788ebaa5e69
Nov 25 13:15:23.984673 np0005535648.novalocal cinder-volume[108227]: DEBUG oslo_concurrency.processutils [req-493dd647-027a-4cad-9ed6-2b6abf2b8327 req-141f065d-a969-4388-bc7e-0dcdd2dc5add tempest-ImageDependencyTests-35774386 None] Running cmd (subprocess): sudo cinder-rootwrap /etc/cinder/rootwrap.conf env LC_ALL=C lvs --noheadings --unit=g -o vg_name,name,size --nosuffix --readonly stack-volumes-lvmdriver-1/volume-3f559a77-0b60-4ae4-9cad-6788ebaa5e69 {{(pid=108227) execute /usr/local/lib/python3.12/site-packages/oslo_concurrency/processutils.py:349}}
Nov 25 13:15:24.009153 np0005535648.novalocal sudo[141097]: stack : PWD=/ ; USER=root ; COMMAND=/usr/local/bin/cinder-rootwrap /etc/cinder/rootwrap.conf env LC_ALL=C lvs --noheadings --unit=g -o vg_name,name,size --nosuffix --readonly stack-volumes-lvmdriver-1/volume-3f559a77-0b60-4ae4-9cad-6788ebaa5e69
Nov 25 13:15:24.380594 np0005535648.novalocal cinder-volume[108227]: DEBUG oslo_concurrency.processutils [req-493dd647-027a-4cad-9ed6-2b6abf2b8327 req-141f065d-a969-4388-bc7e-0dcdd2dc5add tempest-ImageDependencyTests-35774386 None] CMD "sudo cinder-rootwrap /etc/cinder/rootwrap.conf env LC_ALL=C lvs --noheadings --unit=g -o vg_name,name,size --nosuffix --readonly stack-volumes-lvmdriver-1/volume-3f559a77-0b60-4ae4-9cad-6788ebaa5e69" returned: 0 in 0.396s {{(pid=108227) execute /usr/local/lib/python3.12/site-packages/oslo_concurrency/processutils.py:372}}
Nov 25 13:15:24.381502 np0005535648.novalocal cinder-volume[108227]: DEBUG oslo_concurrency.processutils [req-493dd647-027a-4cad-9ed6-2b6abf2b8327 req-141f065d-a969-4388-bc7e-0dcdd2dc5add tempest-ImageDependencyTests-35774386 None] Running cmd (subprocess): sudo cinder-rootwrap /etc/cinder/rootwrap.conf env LC_ALL=C lvdisplay --noheading -C -o Attr --readonly stack-volumes-lvmdriver-1/volume-3f559a77-0b60-4ae4-9cad-6788ebaa5e69 {{(pid=108227) execute /usr/local/lib/python3.12/site-packages/oslo_concurrency/processutils.py:349}}
Nov 25 13:15:24.395285 np0005535648.novalocal sudo[141103]: stack : PWD=/ ; USER=root ; COMMAND=/usr/local/bin/cinder-rootwrap /etc/cinder/rootwrap.conf env LC_ALL=C lvdisplay --noheading -C -o Attr --readonly stack-volumes-lvmdriver-1/volume-3f559a77-0b60-4ae4-9cad-6788ebaa5e69
Nov 25 13:15:24.748601 np0005535648.novalocal cinder-volume[108227]: DEBUG oslo_concurrency.processutils [req-493dd647-027a-4cad-9ed6-2b6abf2b8327 req-141f065d-a969-4388-bc7e-0dcdd2dc5add tempest-ImageDependencyTests-35774386 None] CMD "sudo cinder-rootwrap /etc/cinder/rootwrap.conf env LC_ALL=C lvdisplay --noheading -C -o Attr --readonly stack-volumes-lvmdriver-1/volume-3f559a77-0b60-4ae4-9cad-6788ebaa5e69" returned: 0 in 0.367s {{(pid=108227) execute /usr/local/lib/python3.12/site-packages/oslo_concurrency/processutils.py:372}}
Nov 25 13:15:24.749734 np0005535648.novalocal cinder-volume[108227]: DEBUG oslo_concurrency.processutils [req-493dd647-027a-4cad-9ed6-2b6abf2b8327 req-141f065d-a969-4388-bc7e-0dcdd2dc5add tempest-ImageDependencyTests-35774386 None] Running cmd (subprocess): sudo cinder-rootwrap /etc/cinder/rootwrap.conf lvremove --config activation { retry_deactivation = 1} -f stack-volumes-lvmdriver-1/volume-3f559a77-0b60-4ae4-9cad-6788ebaa5e69 {{(pid=108227) execute /usr/local/lib/python3.12/site-packages/oslo_concurrency/processutils.py:349}}
Nov 25 13:15:24.766188 np0005535648.novalocal sudo[141108]: stack : PWD=/ ; USER=root ; COMMAND=/usr/local/bin/cinder-rootwrap /etc/cinder/rootwrap.conf lvremove --config 'activation { retry_deactivation = 1} ' -f stack-volumes-lvmdriver-1/volume-3f559a77-0b60-4ae4-9cad-6788ebaa5e69
Nov 25 13:15:25.205021 np0005535648.novalocal cinder-volume[108227]: DEBUG oslo_concurrency.processutils [req-493dd647-027a-4cad-9ed6-2b6abf2b8327 req-141f065d-a969-4388-bc7e-0dcdd2dc5add tempest-ImageDependencyTests-35774386 None] CMD "sudo cinder-rootwrap /etc/cinder/rootwrap.conf lvremove --config activation { retry_deactivation = 1} -f stack-volumes-lvmdriver-1/volume-3f559a77-0b60-4ae4-9cad-6788ebaa5e69" returned: 0 in 0.454s {{(pid=108227) execute /usr/local/lib/python3.12/site-packages/oslo_concurrency/processutils.py:372}}
Nov 25 13:15:25.205021 np0005535648.novalocal cinder-volume[108227]: INFO cinder.volume.drivers.lvm [req-493dd647-027a-4cad-9ed6-2b6abf2b8327 req-141f065d-a969-4388-bc7e-0dcdd2dc5add tempest-ImageDependencyTests-35774386 None] Successfully deleted volume: 3f559a77-0b60-4ae4-9cad-6788ebaa5e69
Nov 25 13:15:25.244130 np0005535648.novalocal cinder-volume[108227]: DEBUG cinder.quota [req-493dd647-027a-4cad-9ed6-2b6abf2b8327 req-141f065d-a969-4388-bc7e-0dcdd2dc5add tempest-ImageDependencyTests-35774386 None] Created reservations ['5262f67f-0706-41ea-accc-10401a4a1bdb', 'b7c2fa5f-2e75-466d-bc11-c5ee08f7ca9c', '7239cae1-0c84-4c61-bde0-8492a80bc7f1', '2d6494a2-43b9-4aea-98aa-62354aeac958'] {{(pid=108227) reserve /opt/stack/cinder/cinder/quota.py:752}}
Nov 25 13:15:25.295092 np0005535648.novalocal cinder-volume[108227]: DEBUG cinder.volume.drivers.lvm [req-493dd647-027a-4cad-9ed6-2b6abf2b8327 req-141f065d-a969-4388-bc7e-0dcdd2dc5add tempest-ImageDependencyTests-35774386 None] Updating volume stats {{(pid=108227) _update_volume_stats /opt/stack/cinder/cinder/volume/drivers/lvm.py:228}}
Nov 25 13:15:25.295767 np0005535648.novalocal cinder-volume[108227]: DEBUG oslo_concurrency.processutils [req-493dd647-027a-4cad-9ed6-2b6abf2b8327 req-141f065d-a969-4388-bc7e-0dcdd2dc5add tempest-ImageDependencyTests-35774386 None] Running cmd (subprocess): sudo cinder-rootwrap /etc/cinder/rootwrap.conf env LC_ALL=C vgs --noheadings --unit=g -o name,size,free,lv_count,uuid --separator : --nosuffix stack-volumes-lvmdriver-1 {{(pid=108227) execute /usr/local/lib/python3.12/site-packages/oslo_concurrency/processutils.py:349}}
Nov 25 13:15:25.324217 np0005535648.novalocal sudo[141116]: stack : PWD=/ ; USER=root ; COMMAND=/usr/local/bin/cinder-rootwrap /etc/cinder/rootwrap.conf env LC_ALL=C vgs --noheadings --unit=g -o name,size,free,lv_count,uuid --separator : --nosuffix stack-volumes-lvmdriver-1
Nov 25 13:15:25.703975 np0005535648.novalocal cinder-volume[108227]: DEBUG oslo_concurrency.processutils [req-493dd647-027a-4cad-9ed6-2b6abf2b8327 req-141f065d-a969-4388-bc7e-0dcdd2dc5add tempest-ImageDependencyTests-35774386 None] CMD "sudo cinder-rootwrap /etc/cinder/rootwrap.conf env LC_ALL=C vgs --noheadings --unit=g -o name,size,free,lv_count,uuid --separator : --nosuffix stack-volumes-lvmdriver-1" returned: 0 in 0.408s {{(pid=108227) execute /usr/local/lib/python3.12/site-packages/oslo_concurrency/processutils.py:372}}
Nov 25 13:15:25.704751 np0005535648.novalocal cinder-volume[108227]: DEBUG oslo_concurrency.processutils [req-493dd647-027a-4cad-9ed6-2b6abf2b8327 req-141f065d-a969-4388-bc7e-0dcdd2dc5add tempest-ImageDependencyTests-35774386 None] Running cmd (subprocess): sudo cinder-rootwrap /etc/cinder/rootwrap.conf env LC_ALL=C lvs --noheadings --unit=g -o vg_name,name,size --nosuffix --readonly stack-volumes-lvmdriver-1 {{(pid=108227) execute /usr/local/lib/python3.12/site-packages/oslo_concurrency/processutils.py:349}}
Nov 25 13:15:25.722572 np0005535648.novalocal sudo[141121]: stack : PWD=/ ; USER=root ; COMMAND=/usr/local/bin/cinder-rootwrap /etc/cinder/rootwrap.conf env LC_ALL=C lvs --noheadings --unit=g -o vg_name,name,size --nosuffix --readonly stack-volumes-lvmdriver-1
Nov 25 13:15:26.120009 np0005535648.novalocal cinder-volume[108227]: DEBUG oslo_concurrency.processutils [req-493dd647-027a-4cad-9ed6-2b6abf2b8327 req-141f065d-a969-4388-bc7e-0dcdd2dc5add tempest-ImageDependencyTests-35774386 None] CMD "sudo cinder-rootwrap /etc/cinder/rootwrap.conf env LC_ALL=C lvs --noheadings --unit=g -o vg_name,name,size --nosuffix --readonly stack-volumes-lvmdriver-1" returned: 0 in 0.415s {{(pid=108227) execute /usr/local/lib/python3.12/site-packages/oslo_concurrency/processutils.py:372}}
Nov 25 13:15:26.120807 np0005535648.novalocal cinder-volume[108227]: DEBUG oslo_concurrency.processutils [req-493dd647-027a-4cad-9ed6-2b6abf2b8327 req-141f065d-a969-4388-bc7e-0dcdd2dc5add tempest-ImageDependencyTests-35774386 None] Running cmd (subprocess): sudo cinder-rootwrap /etc/cinder/rootwrap.conf env LC_ALL=C lvs --noheadings --unit=g -o size,data_percent --separator : --nosuffix /dev/stack-volumes-lvmdriver-1/stack-volumes-lvmdriver-1-pool {{(pid=108227) execute /usr/local/lib/python3.12/site-packages/oslo_concurrency/processutils.py:349}}
Nov 25 13:15:26.145476 np0005535648.novalocal sudo[141126]: stack : PWD=/ ; USER=root ; COMMAND=/usr/local/bin/cinder-rootwrap /etc/cinder/rootwrap.conf env LC_ALL=C lvs --noheadings --unit=g -o size,data_percent --separator : --nosuffix /dev/stack-volumes-lvmdriver-1/stack-volumes-lvmdriver-1-pool
Nov 25 13:15:26.547943 np0005535648.novalocal cinder-volume[108227]: DEBUG oslo_concurrency.processutils [req-493dd647-027a-4cad-9ed6-2b6abf2b8327 req-141f065d-a969-4388-bc7e-0dcdd2dc5add tempest-ImageDependencyTests-35774386 None] CMD "sudo cinder-rootwrap /etc/cinder/rootwrap.conf env LC_ALL=C lvs --noheadings --unit=g -o size,data_percent --separator : --nosuffix /dev/stack-volumes-lvmdriver-1/stack-volumes-lvmdriver-1-pool" returned: 0 in 0.427s {{(pid=108227) execute /usr/local/lib/python3.12/site-packages/oslo_concurrency/processutils.py:372}}
Nov 25 13:15:26.550068 np0005535648.novalocal cinder-volume[108227]: DEBUG oslo_concurrency.processutils [req-493dd647-027a-4cad-9ed6-2b6abf2b8327 req-141f065d-a969-4388-bc7e-0dcdd2dc5add tempest-ImageDependencyTests-35774386 None] Running cmd (subprocess): sudo cinder-rootwrap /etc/cinder/rootwrap.conf env LC_ALL=C lvs --noheadings --unit=g -o vg_name,name,size --nosuffix --readonly stack-volumes-lvmdriver-1 {{(pid=108227) execute /usr/local/lib/python3.12/site-packages/oslo_concurrency/processutils.py:349}}
Nov 25 13:15:26.570494 np0005535648.novalocal sudo[141131]: stack : PWD=/ ; USER=root ; COMMAND=/usr/local/bin/cinder-rootwrap /etc/cinder/rootwrap.conf env LC_ALL=C lvs --noheadings --unit=g -o vg_name,name,size --nosuffix --readonly stack-volumes-lvmdriver-1
Nov 25 13:15:26.967794 np0005535648.novalocal cinder-volume[108227]: DEBUG oslo_concurrency.processutils [req-493dd647-027a-4cad-9ed6-2b6abf2b8327 req-141f065d-a969-4388-bc7e-0dcdd2dc5add tempest-ImageDependencyTests-35774386 None] CMD "sudo cinder-rootwrap /etc/cinder/rootwrap.conf env LC_ALL=C lvs --noheadings --unit=g -o vg_name,name,size --nosuffix --readonly stack-volumes-lvmdriver-1" returned: 0 in 0.417s {{(pid=108227) execute /usr/local/lib/python3.12/site-packages/oslo_concurrency/processutils.py:372}}
Nov 25 13:15:26.969125 np0005535648.novalocal cinder-volume[108227]: DEBUG cinder.manager [req-493dd647-027a-4cad-9ed6-2b6abf2b8327 req-141f065d-a969-4388-bc7e-0dcdd2dc5add tempest-ImageDependencyTests-35774386 None] Notifying Schedulers of capabilities ... {{(pid=108227) _publish_service_capabilities /opt/stack/cinder/cinder/manager.py:202}}
Nov 25 13:15:26.976408 np0005535648.novalocal cinder-volume[108227]: INFO cinder.volume.manager [req-493dd647-027a-4cad-9ed6-2b6abf2b8327 req-141f065d-a969-4388-bc7e-0dcdd2dc5add tempest-ImageDependencyTests-35774386 None] Deleted volume successfully.
Nov 25 13:15:26.988208 np0005535648.novalocal cinder-volume[108227]: DEBUG cinder.coordination [req-493dd647-027a-4cad-9ed6-2b6abf2b8327 req-141f065d-a969-4388-bc7e-0dcdd2dc5add tempest-ImageDependencyTests-35774386 None] Lock "cinder-3f559a77-0b60-4ae4-9cad-6788ebaa5e69-delete_volume" released by "delete_volume" :: held 3.582s {{(pid=108227) __release /opt/stack/cinder/cinder/coordination.py:157}}
Nov 25 13:15:27.412896 np0005535648.novalocal cinder-volume[108227]: DEBUG oslo_concurrency.lockutils [None req-67ffcbe0-3db1-4cd0-8230-097e3140147a tempest-VolumesSnapshotTestJSON-2115482626 None] Acquiring lock "lioadm" by "cinder.volume.targets.lio.LioAdm._execute" {{(pid=108227) inner /usr/local/lib/python3.12/site-packages/oslo_concurrency/lockutils.py:405}}
Nov 25 13:15:27.414250 np0005535648.novalocal cinder-volume[108227]: DEBUG oslo_concurrency.lockutils [None req-67ffcbe0-3db1-4cd0-8230-097e3140147a tempest-VolumesSnapshotTestJSON-2115482626 None] Lock "lioadm" acquired by "cinder.volume.targets.lio.LioAdm._execute" :: waited 0.000s {{(pid=108227) inner /usr/local/lib/python3.12/site-packages/oslo_concurrency/lockutils.py:410}}
Nov 25 13:15:27.414250 np0005535648.novalocal cinder-volume[108227]: DEBUG oslo_concurrency.processutils [None req-67ffcbe0-3db1-4cd0-8230-097e3140147a tempest-VolumesSnapshotTestJSON-2115482626 None] Running cmd (subprocess): sudo cinder-rootwrap /etc/cinder/rootwrap.conf cinder-rtstool delete-initiator iqn.2010-10.org.openstack:volume-c64faead-1248-4645-aff9-818c115be292 iqn.1994-05.com.redhat:521f6b681fe5 {{(pid=108227) execute /usr/local/lib/python3.12/site-packages/oslo_concurrency/processutils.py:349}}
Nov 25 13:15:27.439757 np0005535648.novalocal sudo[141171]: stack : PWD=/ ; USER=root ; COMMAND=/usr/local/bin/cinder-rootwrap /etc/cinder/rootwrap.conf cinder-rtstool delete-initiator iqn.2010-10.org.openstack:volume-c64faead-1248-4645-aff9-818c115be292 iqn.1994-05.com.redhat:521f6b681fe5
Nov 25 13:15:28.014806 np0005535648.novalocal cinder-volume[108227]: DEBUG oslo_concurrency.processutils [None req-67ffcbe0-3db1-4cd0-8230-097e3140147a tempest-VolumesSnapshotTestJSON-2115482626 None] CMD "sudo cinder-rootwrap /etc/cinder/rootwrap.conf cinder-rtstool delete-initiator iqn.2010-10.org.openstack:volume-c64faead-1248-4645-aff9-818c115be292 iqn.1994-05.com.redhat:521f6b681fe5" returned: 0 in 0.601s {{(pid=108227) execute /usr/local/lib/python3.12/site-packages/oslo_concurrency/processutils.py:372}}
Nov 25 13:15:28.015387 np0005535648.novalocal cinder-volume[108227]: DEBUG oslo_concurrency.lockutils [None req-67ffcbe0-3db1-4cd0-8230-097e3140147a tempest-VolumesSnapshotTestJSON-2115482626 None] Lock "lioadm" "released" by "cinder.volume.targets.lio.LioAdm._execute" :: held 0.602s {{(pid=108227) inner /usr/local/lib/python3.12/site-packages/oslo_concurrency/lockutils.py:424}}
Nov 25 13:15:28.015784 np0005535648.novalocal cinder-volume[108227]: DEBUG oslo_concurrency.lockutils [None req-67ffcbe0-3db1-4cd0-8230-097e3140147a tempest-VolumesSnapshotTestJSON-2115482626 None] Acquiring lock "lioadm" by "cinder.volume.targets.lio.LioAdm._execute" {{(pid=108227) inner /usr/local/lib/python3.12/site-packages/oslo_concurrency/lockutils.py:405}}
Nov 25 13:15:28.016509 np0005535648.novalocal cinder-volume[108227]: DEBUG oslo_concurrency.lockutils [None req-67ffcbe0-3db1-4cd0-8230-097e3140147a tempest-VolumesSnapshotTestJSON-2115482626 None] Lock "lioadm" acquired by "cinder.volume.targets.lio.LioAdm._execute" :: waited 0.001s {{(pid=108227) inner /usr/local/lib/python3.12/site-packages/oslo_concurrency/lockutils.py:410}}
Nov 25 13:15:28.017369 np0005535648.novalocal cinder-volume[108227]: DEBUG oslo_concurrency.processutils [None req-67ffcbe0-3db1-4cd0-8230-097e3140147a tempest-VolumesSnapshotTestJSON-2115482626 None] Running cmd (subprocess): sudo cinder-rootwrap /etc/cinder/rootwrap.conf cinder-rtstool save {{(pid=108227) execute /usr/local/lib/python3.12/site-packages/oslo_concurrency/processutils.py:349}}
Nov 25 13:15:28.037476 np0005535648.novalocal sudo[141184]: stack : PWD=/ ; USER=root ; COMMAND=/usr/local/bin/cinder-rootwrap /etc/cinder/rootwrap.conf cinder-rtstool save
Nov 25 13:15:28.643509 np0005535648.novalocal cinder-volume[108227]: DEBUG oslo_concurrency.processutils [None req-67ffcbe0-3db1-4cd0-8230-097e3140147a tempest-VolumesSnapshotTestJSON-2115482626 None] CMD "sudo cinder-rootwrap /etc/cinder/rootwrap.conf cinder-rtstool save" returned: 0 in 0.626s {{(pid=108227) execute /usr/local/lib/python3.12/site-packages/oslo_concurrency/processutils.py:372}}
Nov 25 13:15:28.644242 np0005535648.novalocal cinder-volume[108227]: DEBUG oslo_concurrency.lockutils [None req-67ffcbe0-3db1-4cd0-8230-097e3140147a tempest-VolumesSnapshotTestJSON-2115482626 None] Lock "lioadm" "released" by "cinder.volume.targets.lio.LioAdm._execute" :: held 0.628s {{(pid=108227) inner /usr/local/lib/python3.12/site-packages/oslo_concurrency/lockutils.py:424}}
Nov 25 13:15:28.644979 np0005535648.novalocal cinder-volume[108227]: INFO cinder.volume.manager [None req-67ffcbe0-3db1-4cd0-8230-097e3140147a tempest-VolumesSnapshotTestJSON-2115482626 None] Terminate volume connection completed successfully.
Nov 25 13:15:28.923298 np0005535648.novalocal cinder-volume[108227]: DEBUG oslo_concurrency.lockutils [None req-67ffcbe0-3db1-4cd0-8230-097e3140147a tempest-VolumesSnapshotTestJSON-2115482626 None] Acquiring lock "lioadm" by "cinder.volume.targets.lio.LioAdm._execute" {{(pid=108227) inner /usr/local/lib/python3.12/site-packages/oslo_concurrency/lockutils.py:405}}
Nov 25 13:15:28.923298 np0005535648.novalocal cinder-volume[108227]: DEBUG oslo_concurrency.lockutils [None req-67ffcbe0-3db1-4cd0-8230-097e3140147a tempest-VolumesSnapshotTestJSON-2115482626 None] Lock "lioadm" acquired by "cinder.volume.targets.lio.LioAdm._execute" :: waited 0.001s {{(pid=108227) inner /usr/local/lib/python3.12/site-packages/oslo_concurrency/lockutils.py:410}}
Nov 25 13:15:28.923298 np0005535648.novalocal cinder-volume[108227]: DEBUG oslo_concurrency.processutils [None req-67ffcbe0-3db1-4cd0-8230-097e3140147a tempest-VolumesSnapshotTestJSON-2115482626 None] Running cmd (subprocess): sudo cinder-rootwrap /etc/cinder/rootwrap.conf cinder-rtstool get-targets {{(pid=108227) execute /usr/local/lib/python3.12/site-packages/oslo_concurrency/processutils.py:349}}
Nov 25 13:15:28.957425 np0005535648.novalocal sudo[141195]: stack : PWD=/ ; USER=root ; COMMAND=/usr/local/bin/cinder-rootwrap /etc/cinder/rootwrap.conf cinder-rtstool get-targets
Nov 25 13:15:29.442850 np0005535648.novalocal cinder-volume[108227]: DEBUG oslo_concurrency.processutils [None req-67ffcbe0-3db1-4cd0-8230-097e3140147a tempest-VolumesSnapshotTestJSON-2115482626 None] CMD "sudo cinder-rootwrap /etc/cinder/rootwrap.conf cinder-rtstool get-targets" returned: 0 in 0.519s {{(pid=108227) execute /usr/local/lib/python3.12/site-packages/oslo_concurrency/processutils.py:372}}
Nov 25 13:15:29.443253 np0005535648.novalocal cinder-volume[108227]: DEBUG oslo_concurrency.lockutils [None req-67ffcbe0-3db1-4cd0-8230-097e3140147a tempest-VolumesSnapshotTestJSON-2115482626 None] Lock "lioadm" "released" by "cinder.volume.targets.lio.LioAdm._execute" :: held 0.520s {{(pid=108227) inner /usr/local/lib/python3.12/site-packages/oslo_concurrency/lockutils.py:424}}
Nov 25 13:15:29.443490 np0005535648.novalocal cinder-volume[108227]: INFO cinder.volume.targets.lio [None req-67ffcbe0-3db1-4cd0-8230-097e3140147a tempest-VolumesSnapshotTestJSON-2115482626 None] Removing iscsi_target: c64faead-1248-4645-aff9-818c115be292
Nov 25 13:15:29.443687 np0005535648.novalocal cinder-volume[108227]: DEBUG oslo_concurrency.lockutils [None req-67ffcbe0-3db1-4cd0-8230-097e3140147a tempest-VolumesSnapshotTestJSON-2115482626 None] Acquiring lock "lioadm" by "cinder.volume.targets.lio.LioAdm._execute" {{(pid=108227) inner /usr/local/lib/python3.12/site-packages/oslo_concurrency/lockutils.py:405}}
Nov 25 13:15:29.444101 np0005535648.novalocal cinder-volume[108227]: DEBUG oslo_concurrency.lockutils [None req-67ffcbe0-3db1-4cd0-8230-097e3140147a tempest-VolumesSnapshotTestJSON-2115482626 None] Lock "lioadm" acquired by "cinder.volume.targets.lio.LioAdm._execute" :: waited 0.000s {{(pid=108227) inner /usr/local/lib/python3.12/site-packages/oslo_concurrency/lockutils.py:410}}
Nov 25 13:15:29.444499 np0005535648.novalocal cinder-volume[108227]: DEBUG oslo_concurrency.processutils [None req-67ffcbe0-3db1-4cd0-8230-097e3140147a tempest-VolumesSnapshotTestJSON-2115482626 None] Running cmd (subprocess): sudo cinder-rootwrap /etc/cinder/rootwrap.conf cinder-rtstool delete iqn.2010-10.org.openstack:volume-c64faead-1248-4645-aff9-818c115be292 {{(pid=108227) execute /usr/local/lib/python3.12/site-packages/oslo_concurrency/processutils.py:349}}
Nov 25 13:15:29.462628 np0005535648.novalocal sudo[141201]: stack : PWD=/ ; USER=root ; COMMAND=/usr/local/bin/cinder-rootwrap /etc/cinder/rootwrap.conf cinder-rtstool delete iqn.2010-10.org.openstack:volume-c64faead-1248-4645-aff9-818c115be292
Nov 25 13:15:30.017058 np0005535648.novalocal cinder-volume[108227]: DEBUG oslo_concurrency.processutils [None req-67ffcbe0-3db1-4cd0-8230-097e3140147a tempest-VolumesSnapshotTestJSON-2115482626 None] CMD "sudo cinder-rootwrap /etc/cinder/rootwrap.conf cinder-rtstool delete iqn.2010-10.org.openstack:volume-c64faead-1248-4645-aff9-818c115be292" returned: 0 in 0.572s {{(pid=108227) execute /usr/local/lib/python3.12/site-packages/oslo_concurrency/processutils.py:372}}
Nov 25 13:15:30.017283 np0005535648.novalocal cinder-volume[108227]: DEBUG oslo_concurrency.lockutils [None req-67ffcbe0-3db1-4cd0-8230-097e3140147a tempest-VolumesSnapshotTestJSON-2115482626 None] Lock "lioadm" "released" by "cinder.volume.targets.lio.LioAdm._execute" :: held 0.573s {{(pid=108227) inner /usr/local/lib/python3.12/site-packages/oslo_concurrency/lockutils.py:424}}
Nov 25 13:15:30.017427 np0005535648.novalocal cinder-volume[108227]: DEBUG oslo_concurrency.lockutils [None req-67ffcbe0-3db1-4cd0-8230-097e3140147a tempest-VolumesSnapshotTestJSON-2115482626 None] Acquiring lock "lioadm" by "cinder.volume.targets.lio.LioAdm._execute" {{(pid=108227) inner /usr/local/lib/python3.12/site-packages/oslo_concurrency/lockutils.py:405}}
Nov 25 13:15:30.017737 np0005535648.novalocal cinder-volume[108227]: DEBUG oslo_concurrency.lockutils [None req-67ffcbe0-3db1-4cd0-8230-097e3140147a tempest-VolumesSnapshotTestJSON-2115482626 None] Lock "lioadm" acquired by "cinder.volume.targets.lio.LioAdm._execute" :: waited 0.000s {{(pid=108227) inner /usr/local/lib/python3.12/site-packages/oslo_concurrency/lockutils.py:410}}
Nov 25 13:15:30.018029 np0005535648.novalocal cinder-volume[108227]: DEBUG oslo_concurrency.processutils [None req-67ffcbe0-3db1-4cd0-8230-097e3140147a tempest-VolumesSnapshotTestJSON-2115482626 None] Running cmd (subprocess): sudo cinder-rootwrap /etc/cinder/rootwrap.conf cinder-rtstool save {{(pid=108227) execute /usr/local/lib/python3.12/site-packages/oslo_concurrency/processutils.py:349}}
Nov 25 13:15:30.037469 np0005535648.novalocal sudo[141207]: stack : PWD=/ ; USER=root ; COMMAND=/usr/local/bin/cinder-rootwrap /etc/cinder/rootwrap.conf cinder-rtstool save
Nov 25 13:15:30.553061 np0005535648.novalocal cinder-volume[108227]: DEBUG oslo_concurrency.processutils [None req-67ffcbe0-3db1-4cd0-8230-097e3140147a tempest-VolumesSnapshotTestJSON-2115482626 None] CMD "sudo cinder-rootwrap /etc/cinder/rootwrap.conf cinder-rtstool save" returned: 0 in 0.534s {{(pid=108227) execute /usr/local/lib/python3.12/site-packages/oslo_concurrency/processutils.py:372}}
Nov 25 13:15:30.554599 np0005535648.novalocal cinder-volume[108227]: DEBUG oslo_concurrency.lockutils [None req-67ffcbe0-3db1-4cd0-8230-097e3140147a tempest-VolumesSnapshotTestJSON-2115482626 None] Lock "lioadm" "released" by "cinder.volume.targets.lio.LioAdm._execute" :: held 0.536s {{(pid=108227) inner /usr/local/lib/python3.12/site-packages/oslo_concurrency/lockutils.py:424}}
Nov 25 13:15:30.554599 np0005535648.novalocal cinder-volume[108227]: INFO cinder.volume.manager [None req-67ffcbe0-3db1-4cd0-8230-097e3140147a tempest-VolumesSnapshotTestJSON-2115482626 None] Remove volume export completed successfully.
Nov 25 13:15:30.943785 np0005535648.novalocal cinder-volume[108227]: DEBUG cinder.coordination [None req-67ffcbe0-3db1-4cd0-8230-097e3140147a tempest-VolumesSnapshotTestJSON-2115482626 None] Acquiring lock "cinder-c64faead-1248-4645-aff9-818c115be292-delete_volume" by "delete_volume" {{(pid=108227) __acquire /opt/stack/cinder/cinder/coordination.py:143}}
Nov 25 13:15:30.954810 np0005535648.novalocal cinder-volume[108227]: DEBUG cinder.coordination [None req-67ffcbe0-3db1-4cd0-8230-097e3140147a tempest-VolumesSnapshotTestJSON-2115482626 None] Lock "cinder-c64faead-1248-4645-aff9-818c115be292-delete_volume" acquired by "delete_volume" :: waited 0.011s {{(pid=108227) __acquire /opt/stack/cinder/cinder/coordination.py:146}}
Nov 25 13:15:30.981113 np0005535648.novalocal cinder-volume[108227]: DEBUG oslo_concurrency.lockutils [None req-67ffcbe0-3db1-4cd0-8230-097e3140147a tempest-VolumesSnapshotTestJSON-2115482626 None] Acquiring lock "lioadm" by "cinder.volume.targets.lio.LioAdm._execute" {{(pid=108227) inner /usr/local/lib/python3.12/site-packages/oslo_concurrency/lockutils.py:405}}
Nov 25 13:15:30.981285 np0005535648.novalocal cinder-volume[108227]: DEBUG oslo_concurrency.lockutils [None req-67ffcbe0-3db1-4cd0-8230-097e3140147a tempest-VolumesSnapshotTestJSON-2115482626 None] Lock "lioadm" acquired by "cinder.volume.targets.lio.LioAdm._execute" :: waited 0.001s {{(pid=108227) inner /usr/local/lib/python3.12/site-packages/oslo_concurrency/lockutils.py:410}}
Nov 25 13:15:30.981703 np0005535648.novalocal cinder-volume[108227]: DEBUG oslo_concurrency.processutils [None req-67ffcbe0-3db1-4cd0-8230-097e3140147a tempest-VolumesSnapshotTestJSON-2115482626 None] Running cmd (subprocess): sudo cinder-rootwrap /etc/cinder/rootwrap.conf cinder-rtstool get-targets {{(pid=108227) execute /usr/local/lib/python3.12/site-packages/oslo_concurrency/processutils.py:349}}
Nov 25 13:15:31.001968 np0005535648.novalocal sudo[141230]: stack : PWD=/ ; USER=root ; COMMAND=/usr/local/bin/cinder-rootwrap /etc/cinder/rootwrap.conf cinder-rtstool get-targets
Nov 25 13:15:31.518742 np0005535648.novalocal cinder-volume[108227]: DEBUG oslo_concurrency.processutils [None req-67ffcbe0-3db1-4cd0-8230-097e3140147a tempest-VolumesSnapshotTestJSON-2115482626 None] CMD "sudo cinder-rootwrap /etc/cinder/rootwrap.conf cinder-rtstool get-targets" returned: 0 in 0.537s {{(pid=108227) execute /usr/local/lib/python3.12/site-packages/oslo_concurrency/processutils.py:372}}
Nov 25 13:15:31.519130 np0005535648.novalocal cinder-volume[108227]: DEBUG oslo_concurrency.lockutils [None req-67ffcbe0-3db1-4cd0-8230-097e3140147a tempest-VolumesSnapshotTestJSON-2115482626 None] Lock "lioadm" "released" by "cinder.volume.targets.lio.LioAdm._execute" :: held 0.538s {{(pid=108227) inner /usr/local/lib/python3.12/site-packages/oslo_concurrency/lockutils.py:424}}
Nov 25 13:15:31.519390 np0005535648.novalocal cinder-volume[108227]: INFO cinder.volume.targets.iscsi [None req-67ffcbe0-3db1-4cd0-8230-097e3140147a tempest-VolumesSnapshotTestJSON-2115482626 None] Skipping remove_export. No iscsi_target is presently exported for volume: c64faead-1248-4645-aff9-818c115be292
Nov 25 13:15:31.520078 np0005535648.novalocal cinder-volume[108227]: DEBUG oslo_concurrency.processutils [None req-67ffcbe0-3db1-4cd0-8230-097e3140147a tempest-VolumesSnapshotTestJSON-2115482626 None] Running cmd (subprocess): sudo cinder-rootwrap /etc/cinder/rootwrap.conf env LC_ALL=C lvs --noheadings --unit=g -o vg_name,name,size --nosuffix --readonly stack-volumes-lvmdriver-1/volume-c64faead-1248-4645-aff9-818c115be292 {{(pid=108227) execute /usr/local/lib/python3.12/site-packages/oslo_concurrency/processutils.py:349}}
Nov 25 13:15:31.536417 np0005535648.novalocal sudo[141236]: stack : PWD=/ ; USER=root ; COMMAND=/usr/local/bin/cinder-rootwrap /etc/cinder/rootwrap.conf env LC_ALL=C lvs --noheadings --unit=g -o vg_name,name,size --nosuffix --readonly stack-volumes-lvmdriver-1/volume-c64faead-1248-4645-aff9-818c115be292
Nov 25 13:15:31.875170 np0005535648.novalocal cinder-volume[108227]: DEBUG oslo_concurrency.processutils [None req-67ffcbe0-3db1-4cd0-8230-097e3140147a tempest-VolumesSnapshotTestJSON-2115482626 None] CMD "sudo cinder-rootwrap /etc/cinder/rootwrap.conf env LC_ALL=C lvs --noheadings --unit=g -o vg_name,name,size --nosuffix --readonly stack-volumes-lvmdriver-1/volume-c64faead-1248-4645-aff9-818c115be292" returned: 0 in 0.354s {{(pid=108227) execute /usr/local/lib/python3.12/site-packages/oslo_concurrency/processutils.py:372}}
Nov 25 13:15:31.877814 np0005535648.novalocal cinder-volume[108227]: DEBUG oslo_concurrency.processutils [None req-67ffcbe0-3db1-4cd0-8230-097e3140147a tempest-VolumesSnapshotTestJSON-2115482626 None] Running cmd (subprocess): sudo cinder-rootwrap /etc/cinder/rootwrap.conf env LC_ALL=C lvdisplay --noheading -C -o Attr --readonly stack-volumes-lvmdriver-1/volume-c64faead-1248-4645-aff9-818c115be292 {{(pid=108227) execute /usr/local/lib/python3.12/site-packages/oslo_concurrency/processutils.py:349}}
Nov 25 13:15:31.900888 np0005535648.novalocal sudo[141253]: stack : PWD=/ ; USER=root ; COMMAND=/usr/local/bin/cinder-rootwrap /etc/cinder/rootwrap.conf env LC_ALL=C lvdisplay --noheading -C -o Attr --readonly stack-volumes-lvmdriver-1/volume-c64faead-1248-4645-aff9-818c115be292
Nov 25 13:15:32.253247 np0005535648.novalocal cinder-volume[108227]: DEBUG oslo_concurrency.processutils [None req-67ffcbe0-3db1-4cd0-8230-097e3140147a tempest-VolumesSnapshotTestJSON-2115482626 None] CMD "sudo cinder-rootwrap /etc/cinder/rootwrap.conf env LC_ALL=C lvdisplay --noheading -C -o Attr --readonly stack-volumes-lvmdriver-1/volume-c64faead-1248-4645-aff9-818c115be292" returned: 0 in 0.375s {{(pid=108227) execute /usr/local/lib/python3.12/site-packages/oslo_concurrency/processutils.py:372}}
Nov 25 13:15:32.254753 np0005535648.novalocal cinder-volume[108227]: DEBUG oslo_concurrency.processutils [None req-67ffcbe0-3db1-4cd0-8230-097e3140147a tempest-VolumesSnapshotTestJSON-2115482626 None] Running cmd (subprocess): sudo cinder-rootwrap /etc/cinder/rootwrap.conf lvremove --config activation { retry_deactivation = 1} -f stack-volumes-lvmdriver-1/volume-c64faead-1248-4645-aff9-818c115be292 {{(pid=108227) execute /usr/local/lib/python3.12/site-packages/oslo_concurrency/processutils.py:349}}
Nov 25 13:15:32.275263 np0005535648.novalocal sudo[141258]: stack : PWD=/ ; USER=root ; COMMAND=/usr/local/bin/cinder-rootwrap /etc/cinder/rootwrap.conf lvremove --config 'activation { retry_deactivation = 1} ' -f stack-volumes-lvmdriver-1/volume-c64faead-1248-4645-aff9-818c115be292
Nov 25 13:15:32.656380 np0005535648.novalocal cinder-volume[108227]: DEBUG oslo_concurrency.processutils [None req-67ffcbe0-3db1-4cd0-8230-097e3140147a tempest-VolumesSnapshotTestJSON-2115482626 None] CMD "sudo cinder-rootwrap /etc/cinder/rootwrap.conf lvremove --config activation { retry_deactivation = 1} -f stack-volumes-lvmdriver-1/volume-c64faead-1248-4645-aff9-818c115be292" returned: 0 in 0.401s {{(pid=108227) execute /usr/local/lib/python3.12/site-packages/oslo_concurrency/processutils.py:372}}
Nov 25 13:15:32.657129 np0005535648.novalocal cinder-volume[108227]: INFO cinder.volume.drivers.lvm [None req-67ffcbe0-3db1-4cd0-8230-097e3140147a tempest-VolumesSnapshotTestJSON-2115482626 None] Successfully deleted volume: c64faead-1248-4645-aff9-818c115be292
Nov 25 13:15:32.689370 np0005535648.novalocal cinder-volume[108227]: INFO cinder.volume.manager [None req-67ffcbe0-3db1-4cd0-8230-097e3140147a tempest-VolumesSnapshotTestJSON-2115482626 None] Deleted volume successfully.
Nov 25 13:15:32.694354 np0005535648.novalocal cinder-volume[108227]: DEBUG cinder.coordination [None req-67ffcbe0-3db1-4cd0-8230-097e3140147a tempest-VolumesSnapshotTestJSON-2115482626 None] Lock "cinder-c64faead-1248-4645-aff9-818c115be292-delete_volume" released by "delete_volume" :: held 1.740s {{(pid=108227) __release /opt/stack/cinder/cinder/coordination.py:157}}
Nov 25 13:15:32.979274 np0005535648.novalocal cinder-volume[108227]: DEBUG cinder.coordination [None req-bbf84cdb-1193-4df9-bed3-faece51f64af tempest-VolumesSnapshotTestJSON-2115482626 None] Acquiring lock "cinder-b82ec413-29d0-4497-aaa7-baeef082e692-delete_snapshot" by "delete_snapshot" {{(pid=108227) __acquire /opt/stack/cinder/cinder/coordination.py:143}}
