Nov 25 13:06:39.248749 np0005535648.novalocal cinder-volume[108227]: DEBUG cinder.volume.manager [None req-82fce3d0-cb46-4270-8057-ad0e66e8d96d tempest-VolumesDeleteCascade-1196604805 None] Task 'cinder.volume.flows.manager.create_volume.ExtractVolumeRefTask;volume:create' (997b9b04-2457-4a8c-8549-24dd76bd051f) transitioned into state 'RUNNING' from state 'PENDING' {{(pid=108227) _task_receiver /usr/local/lib/python3.12/site-packages/taskflow/listeners/logging.py:194}}
Nov 25 13:06:39.256594 np0005535648.novalocal cinder-volume[108227]: DEBUG cinder.volume.manager [None req-82fce3d0-cb46-4270-8057-ad0e66e8d96d tempest-VolumesDeleteCascade-1196604805 None] Task 'cinder.volume.flows.manager.create_volume.ExtractVolumeRefTask;volume:create' (997b9b04-2457-4a8c-8549-24dd76bd051f) transitioned into state 'SUCCESS' from state 'RUNNING' with result 'Volume(_name_id=None,admin_metadata=,attach_status='detached',availability_zone='nova',bootable=False,cluster=,cluster_name=None,consistencygroup=,consistencygroup_id=None,created_at=2025-11-25T18:06:39Z,deleted=False,deleted_at=None,display_description=None,display_name='tempest-VolumesDeleteCascade-Volume-101609000',ec2_id=None,encryption_key_id=None,glance_metadata=,group=,group_id=None,host='np0005535648.novalocal@lvmdriver-1#lvmdriver-1',id=4a4fa9f3-6464-45b7-80e4-eb2533d840eb,launched_at=None,metadata={},migration_status=None,multiattach=False,previous_status=None,project_id='33739dabcf2643cf8c43b4dcab7f91fd',provider_auth=None,provider_geometry=None,provider_id=None,provider_location=None,replication_driver_data=None,replication_extended_status=None,replication_status=None,scheduled_at=2025-11-25T18:06:39Z,service_uuid=None,shared_targets=True,size=1,snapshot_id=ba773860-7eca-441d-a7ee-84bc40ed485e,snapshots=,source_volid=None,status='creating',terminated_at=None,updated_at=2025-11-25T18:06:39Z,use_quota=True,user_id='292a5db17ae04355a4d9a601a5d09ad3',volume_attachment=VolumeAttachmentList,volume_type=VolumeType(42ef2ac8-46e2-415f-ad47-5f278d4fe376),volume_type_id=42ef2ac8-46e2-415f-ad47-5f278d4fe376)' {{(pid=108227) _task_receiver /usr/local/lib/python3.12/site-packages/taskflow/listeners/logging.py:182}}
Nov 25 13:06:39.258460 np0005535648.novalocal cinder-volume[108227]: DEBUG cinder.volume.manager [None req-82fce3d0-cb46-4270-8057-ad0e66e8d96d tempest-VolumesDeleteCascade-1196604805 None] Task 'cinder.volume.flows.manager.create_volume.OnFailureRescheduleTask;volume:create' (c5754a70-f4cf-466c-bad3-341d8c775211) transitioned into state 'RUNNING' from state 'PENDING' {{(pid=108227) _task_receiver /usr/local/lib/python3.12/site-packages/taskflow/listeners/logging.py:194}}
Nov 25 13:06:39.259783 np0005535648.novalocal cinder-volume[108227]: DEBUG cinder.volume.manager [None req-82fce3d0-cb46-4270-8057-ad0e66e8d96d tempest-VolumesDeleteCascade-1196604805 None] Task 'cinder.volume.flows.manager.create_volume.OnFailureRescheduleTask;volume:create' (c5754a70-f4cf-466c-bad3-341d8c775211) transitioned into state 'SUCCESS' from state 'RUNNING' with result 'None' {{(pid=108227) _task_receiver /usr/local/lib/python3.12/site-packages/taskflow/listeners/logging.py:182}}
Nov 25 13:06:39.261327 np0005535648.novalocal cinder-volume[108227]: DEBUG cinder.volume.manager [None req-82fce3d0-cb46-4270-8057-ad0e66e8d96d tempest-VolumesDeleteCascade-1196604805 None] Task 'cinder.volume.flows.manager.create_volume.ExtractVolumeSpecTask;volume:create' (a6cd76db-1b8d-46f5-ab03-0c910aa3526e) transitioned into state 'RUNNING' from state 'PENDING' {{(pid=108227) _task_receiver /usr/local/lib/python3.12/site-packages/taskflow/listeners/logging.py:194}}
Nov 25 13:06:39.262687 np0005535648.novalocal cinder-volume[108227]: DEBUG cinder.volume.manager [None req-82fce3d0-cb46-4270-8057-ad0e66e8d96d tempest-VolumesDeleteCascade-1196604805 None] Task 'cinder.volume.flows.manager.create_volume.ExtractVolumeSpecTask;volume:create' (a6cd76db-1b8d-46f5-ab03-0c910aa3526e) transitioned into state 'SUCCESS' from state 'RUNNING' with result '{'status': 'creating', 'type': 'snap', 'volume_id': '4a4fa9f3-6464-45b7-80e4-eb2533d840eb', 'volume_name': 'volume-4a4fa9f3-6464-45b7-80e4-eb2533d840eb', 'volume_size': 1, 'snapshot_id': 'ba773860-7eca-441d-a7ee-84bc40ed485e'}' {{(pid=108227) _task_receiver /usr/local/lib/python3.12/site-packages/taskflow/listeners/logging.py:182}}
Nov 25 13:06:39.263984 np0005535648.novalocal cinder-volume[108227]: DEBUG cinder.volume.manager [None req-82fce3d0-cb46-4270-8057-ad0e66e8d96d tempest-VolumesDeleteCascade-1196604805 None] Task 'cinder.volume.flows.manager.create_volume.NotifyVolumeActionTask;volume:create, create.start' (5768e297-335e-46e9-aefc-63994940103d) transitioned into state 'RUNNING' from state 'PENDING' {{(pid=108227) _task_receiver /usr/local/lib/python3.12/site-packages/taskflow/listeners/logging.py:194}}
Nov 25 13:06:39.265317 np0005535648.novalocal cinder-volume[108227]: DEBUG cinder.volume.manager [None req-82fce3d0-cb46-4270-8057-ad0e66e8d96d tempest-VolumesDeleteCascade-1196604805 None] Task 'cinder.volume.flows.manager.create_volume.NotifyVolumeActionTask;volume:create, create.start' (5768e297-335e-46e9-aefc-63994940103d) transitioned into state 'SUCCESS' from state 'RUNNING' with result 'None' {{(pid=108227) _task_receiver /usr/local/lib/python3.12/site-packages/taskflow/listeners/logging.py:182}}
Nov 25 13:06:39.266639 np0005535648.novalocal cinder-volume[108227]: DEBUG cinder.volume.manager [None req-82fce3d0-cb46-4270-8057-ad0e66e8d96d tempest-VolumesDeleteCascade-1196604805 None] Task 'cinder.volume.flows.manager.create_volume.CreateVolumeFromSpecTask;volume:create' (3e1abb46-b6af-4785-8f9c-e51afc41c879) transitioned into state 'RUNNING' from state 'PENDING' {{(pid=108227) _task_receiver /usr/local/lib/python3.12/site-packages/taskflow/listeners/logging.py:194}}
Nov 25 13:06:39.267001 np0005535648.novalocal cinder-volume[108227]: INFO cinder.volume.flows.manager.create_volume [None req-82fce3d0-cb46-4270-8057-ad0e66e8d96d tempest-VolumesDeleteCascade-1196604805 None] Volume 4a4fa9f3-6464-45b7-80e4-eb2533d840eb: being created as snap with specification: {'status': 'creating', 'volume_name': 'volume-4a4fa9f3-6464-45b7-80e4-eb2533d840eb', 'volume_size': 1, 'snapshot_id': 'ba773860-7eca-441d-a7ee-84bc40ed485e'}
Nov 25 13:06:39.280666 np0005535648.novalocal cinder-volume[108227]: DEBUG oslo_concurrency.processutils [None req-82fce3d0-cb46-4270-8057-ad0e66e8d96d tempest-VolumesDeleteCascade-1196604805 None] Running cmd (subprocess): sudo cinder-rootwrap /etc/cinder/rootwrap.conf env LC_ALL=C lvs --noheadings --unit=g -o vg_name,name,size --nosuffix --readonly stack-volumes-lvmdriver-1/_snapshot-ba773860-7eca-441d-a7ee-84bc40ed485e {{(pid=108227) execute /usr/local/lib/python3.12/site-packages/oslo_concurrency/processutils.py:349}}
Nov 25 13:06:39.306454 np0005535648.novalocal sudo[133700]: stack : PWD=/ ; USER=root ; COMMAND=/usr/local/bin/cinder-rootwrap /etc/cinder/rootwrap.conf env LC_ALL=C lvs --noheadings --unit=g -o vg_name,name,size --nosuffix --readonly stack-volumes-lvmdriver-1/_snapshot-ba773860-7eca-441d-a7ee-84bc40ed485e
Nov 25 13:06:39.713587 np0005535648.novalocal cinder-volume[108227]: DEBUG oslo_concurrency.processutils [None req-82fce3d0-cb46-4270-8057-ad0e66e8d96d tempest-VolumesDeleteCascade-1196604805 None] CMD "sudo cinder-rootwrap /etc/cinder/rootwrap.conf env LC_ALL=C lvs --noheadings --unit=g -o vg_name,name,size --nosuffix --readonly stack-volumes-lvmdriver-1/_snapshot-ba773860-7eca-441d-a7ee-84bc40ed485e" returned: 0 in 0.433s {{(pid=108227) execute /usr/local/lib/python3.12/site-packages/oslo_concurrency/processutils.py:372}}
Nov 25 13:06:39.714780 np0005535648.novalocal cinder-volume[108227]: DEBUG oslo_concurrency.processutils [None req-82fce3d0-cb46-4270-8057-ad0e66e8d96d tempest-VolumesDeleteCascade-1196604805 None] Running cmd (subprocess): sudo cinder-rootwrap /etc/cinder/rootwrap.conf env LC_ALL=C lvcreate --name volume-4a4fa9f3-6464-45b7-80e4-eb2533d840eb --snapshot stack-volumes-lvmdriver-1/_snapshot-ba773860-7eca-441d-a7ee-84bc40ed485e {{(pid=108227) execute /usr/local/lib/python3.12/site-packages/oslo_concurrency/processutils.py:349}}
Nov 25 13:06:39.734747 np0005535648.novalocal sudo[133706]: stack : PWD=/ ; USER=root ; COMMAND=/usr/local/bin/cinder-rootwrap /etc/cinder/rootwrap.conf env LC_ALL=C lvcreate --name volume-4a4fa9f3-6464-45b7-80e4-eb2533d840eb --snapshot stack-volumes-lvmdriver-1/_snapshot-ba773860-7eca-441d-a7ee-84bc40ed485e
Nov 25 13:06:40.126519 np0005535648.novalocal cinder-volume[108227]: DEBUG oslo_concurrency.processutils [None req-82fce3d0-cb46-4270-8057-ad0e66e8d96d tempest-VolumesDeleteCascade-1196604805 None] CMD "sudo cinder-rootwrap /etc/cinder/rootwrap.conf env LC_ALL=C lvcreate --name volume-4a4fa9f3-6464-45b7-80e4-eb2533d840eb --snapshot stack-volumes-lvmdriver-1/_snapshot-ba773860-7eca-441d-a7ee-84bc40ed485e" returned: 0 in 0.412s {{(pid=108227) execute /usr/local/lib/python3.12/site-packages/oslo_concurrency/processutils.py:372}}
Nov 25 13:06:40.127716 np0005535648.novalocal cinder-volume[108227]: DEBUG oslo_concurrency.processutils [None req-82fce3d0-cb46-4270-8057-ad0e66e8d96d tempest-VolumesDeleteCascade-1196604805 None] Running cmd (subprocess): sudo cinder-rootwrap /etc/cinder/rootwrap.conf lvchange -a y --yes -K stack-volumes-lvmdriver-1/_snapshot-ba773860-7eca-441d-a7ee-84bc40ed485e {{(pid=108227) execute /usr/local/lib/python3.12/site-packages/oslo_concurrency/processutils.py:349}}
Nov 25 13:06:40.150110 np0005535648.novalocal sudo[133729]: stack : PWD=/ ; USER=root ; COMMAND=/usr/local/bin/cinder-rootwrap /etc/cinder/rootwrap.conf lvchange -a y --yes -K stack-volumes-lvmdriver-1/_snapshot-ba773860-7eca-441d-a7ee-84bc40ed485e
Nov 25 13:06:40.571580 np0005535648.novalocal cinder-volume[108227]: DEBUG oslo_concurrency.processutils [None req-82fce3d0-cb46-4270-8057-ad0e66e8d96d tempest-VolumesDeleteCascade-1196604805 None] CMD "sudo cinder-rootwrap /etc/cinder/rootwrap.conf lvchange -a y --yes -K stack-volumes-lvmdriver-1/_snapshot-ba773860-7eca-441d-a7ee-84bc40ed485e" returned: 0 in 0.440s {{(pid=108227) execute /usr/local/lib/python3.12/site-packages/oslo_concurrency/processutils.py:372}}
Nov 25 13:06:40.571580 np0005535648.novalocal cinder-volume[108227]: DEBUG oslo_concurrency.processutils [None req-82fce3d0-cb46-4270-8057-ad0e66e8d96d tempest-VolumesDeleteCascade-1196604805 None] Running cmd (subprocess): sudo cinder-rootwrap /etc/cinder/rootwrap.conf lvchange -a y --yes -k n stack-volumes-lvmdriver-1/volume-4a4fa9f3-6464-45b7-80e4-eb2533d840eb {{(pid=108227) execute /usr/local/lib/python3.12/site-packages/oslo_concurrency/processutils.py:349}}
Nov 25 13:06:40.592408 np0005535648.novalocal sudo[133743]: stack : PWD=/ ; USER=root ; COMMAND=/usr/local/bin/cinder-rootwrap /etc/cinder/rootwrap.conf lvchange -a y --yes -k n stack-volumes-lvmdriver-1/volume-4a4fa9f3-6464-45b7-80e4-eb2533d840eb
Nov 25 13:06:41.068297 np0005535648.novalocal cinder-volume[108227]: DEBUG oslo_concurrency.processutils [None req-82fce3d0-cb46-4270-8057-ad0e66e8d96d tempest-VolumesDeleteCascade-1196604805 None] CMD "sudo cinder-rootwrap /etc/cinder/rootwrap.conf lvchange -a y --yes -k n stack-volumes-lvmdriver-1/volume-4a4fa9f3-6464-45b7-80e4-eb2533d840eb" returned: 0 in 0.499s {{(pid=108227) execute /usr/local/lib/python3.12/site-packages/oslo_concurrency/processutils.py:372}}
Nov 25 13:06:41.078692 np0005535648.novalocal cinder-volume[108227]: DEBUG cinder.volume.manager [None req-82fce3d0-cb46-4270-8057-ad0e66e8d96d tempest-VolumesDeleteCascade-1196604805 None] Task 'cinder.volume.flows.manager.create_volume.CreateVolumeFromSpecTask;volume:create' (3e1abb46-b6af-4785-8f9c-e51afc41c879) transitioned into state 'SUCCESS' from state 'RUNNING' with result '{'status': 'creating', 'volume_name': 'volume-4a4fa9f3-6464-45b7-80e4-eb2533d840eb', 'volume_size': 1, 'snapshot_id': 'ba773860-7eca-441d-a7ee-84bc40ed485e'}' {{(pid=108227) _task_receiver /usr/local/lib/python3.12/site-packages/taskflow/listeners/logging.py:182}}
Nov 25 13:06:41.080768 np0005535648.novalocal cinder-volume[108227]: DEBUG cinder.volume.manager [None req-82fce3d0-cb46-4270-8057-ad0e66e8d96d tempest-VolumesDeleteCascade-1196604805 None] Task 'cinder.volume.flows.manager.create_volume.CreateVolumeOnFinishTask;volume:create, create.end' (8c577ca7-a062-4b10-a440-4f9eff65449b) transitioned into state 'RUNNING' from state 'PENDING' {{(pid=108227) _task_receiver /usr/local/lib/python3.12/site-packages/taskflow/listeners/logging.py:194}}
Nov 25 13:06:41.085829 np0005535648.novalocal cinder-volume[108227]: INFO cinder.volume.flows.manager.create_volume [None req-82fce3d0-cb46-4270-8057-ad0e66e8d96d tempest-VolumesDeleteCascade-1196604805 None] Volume volume-4a4fa9f3-6464-45b7-80e4-eb2533d840eb (4a4fa9f3-6464-45b7-80e4-eb2533d840eb): created successfully
Nov 25 13:06:41.087218 np0005535648.novalocal cinder-volume[108227]: DEBUG cinder.volume.manager [None req-82fce3d0-cb46-4270-8057-ad0e66e8d96d tempest-VolumesDeleteCascade-1196604805 None] Task 'cinder.volume.flows.manager.create_volume.CreateVolumeOnFinishTask;volume:create, create.end' (8c577ca7-a062-4b10-a440-4f9eff65449b) transitioned into state 'SUCCESS' from state 'RUNNING' with result 'None' {{(pid=108227) _task_receiver /usr/local/lib/python3.12/site-packages/taskflow/listeners/logging.py:182}}
Nov 25 13:06:41.089329 np0005535648.novalocal cinder-volume[108227]: DEBUG cinder.volume.manager [None req-82fce3d0-cb46-4270-8057-ad0e66e8d96d tempest-VolumesDeleteCascade-1196604805 None] Flow 'volume_create_manager' (dd232fe9-d1db-4e72-826f-0da2bc659867) transitioned into state 'SUCCESS' from state 'RUNNING' {{(pid=108227) _flow_receiver /usr/local/lib/python3.12/site-packages/taskflow/listeners/logging.py:145}}
Nov 25 13:06:41.098608 np0005535648.novalocal cinder-volume[108227]: INFO cinder.volume.manager [None req-82fce3d0-cb46-4270-8057-ad0e66e8d96d tempest-VolumesDeleteCascade-1196604805 None] Created volume successfully.
Nov 25 13:06:41.445628 np0005535648.novalocal cinder-volume[108227]: DEBUG cinder.coordination [None req-42320e3d-44cb-47a7-8b5b-3f07882c94eb tempest-VolumesDeleteCascade-1196604805 None] Acquiring lock "cinder-c0599e1e-3b52-4c65-afa2-bd68e2f770e8-delete_volume" by "delete_volume" {{(pid=108227) __acquire /opt/stack/cinder/cinder/coordination.py:143}}
Nov 25 13:06:41.455720 np0005535648.novalocal cinder-volume[108227]: DEBUG cinder.coordination [None req-42320e3d-44cb-47a7-8b5b-3f07882c94eb tempest-VolumesDeleteCascade-1196604805 None] Lock "cinder-c0599e1e-3b52-4c65-afa2-bd68e2f770e8-delete_volume" acquired by "delete_volume" :: waited 0.010s {{(pid=108227) __acquire /opt/stack/cinder/cinder/coordination.py:146}}
Nov 25 13:06:41.470038 np0005535648.novalocal cinder-volume[108227]: INFO cinder.volume.targets.iscsi [None req-42320e3d-44cb-47a7-8b5b-3f07882c94eb tempest-VolumesDeleteCascade-1196604805 None] Skipping remove_export. No iscsi_target is presently exported for volume: c0599e1e-3b52-4c65-afa2-bd68e2f770e8
Nov 25 13:06:41.470311 np0005535648.novalocal cinder-volume[108227]: DEBUG cinder.volume.manager [None req-42320e3d-44cb-47a7-8b5b-3f07882c94eb tempest-VolumesDeleteCascade-1196604805 None] Performing cascade delete. {{(pid=108227) delete_volume /opt/stack/cinder/cinder/volume/manager.py:995}}
Nov 25 13:06:41.474873 np0005535648.novalocal cinder-volume[108227]: DEBUG cinder.coordination [None req-42320e3d-44cb-47a7-8b5b-3f07882c94eb tempest-VolumesDeleteCascade-1196604805 None] Acquiring lock "cinder-ba773860-7eca-441d-a7ee-84bc40ed485e-delete_snapshot" by "delete_snapshot" {{(pid=108227) __acquire /opt/stack/cinder/cinder/coordination.py:143}}
Nov 25 13:06:41.485197 np0005535648.novalocal cinder-volume[108227]: DEBUG cinder.coordination [None req-42320e3d-44cb-47a7-8b5b-3f07882c94eb tempest-VolumesDeleteCascade-1196604805 None] Lock "cinder-ba773860-7eca-441d-a7ee-84bc40ed485e-delete_snapshot" acquired by "delete_snapshot" :: waited 0.011s {{(pid=108227) __acquire /opt/stack/cinder/cinder/coordination.py:146}}
Nov 25 13:06:41.485965 np0005535648.novalocal cinder-volume[108227]: DEBUG oslo_concurrency.processutils [None req-42320e3d-44cb-47a7-8b5b-3f07882c94eb tempest-VolumesDeleteCascade-1196604805 None] Running cmd (subprocess): sudo cinder-rootwrap /etc/cinder/rootwrap.conf env LC_ALL=C lvs --noheadings --unit=g -o vg_name,name,size --nosuffix --readonly stack-volumes-lvmdriver-1/_snapshot-ba773860-7eca-441d-a7ee-84bc40ed485e {{(pid=108227) execute /usr/local/lib/python3.12/site-packages/oslo_concurrency/processutils.py:349}}
Nov 25 13:06:41.513119 np0005535648.novalocal sudo[133756]: stack : PWD=/ ; USER=root ; COMMAND=/usr/local/bin/cinder-rootwrap /etc/cinder/rootwrap.conf env LC_ALL=C lvs --noheadings --unit=g -o vg_name,name,size --nosuffix --readonly stack-volumes-lvmdriver-1/_snapshot-ba773860-7eca-441d-a7ee-84bc40ed485e
Nov 25 13:06:41.895184 np0005535648.novalocal cinder-volume[108227]: DEBUG oslo_concurrency.processutils [None req-42320e3d-44cb-47a7-8b5b-3f07882c94eb tempest-VolumesDeleteCascade-1196604805 None] CMD "sudo cinder-rootwrap /etc/cinder/rootwrap.conf env LC_ALL=C lvs --noheadings --unit=g -o vg_name,name,size --nosuffix --readonly stack-volumes-lvmdriver-1/_snapshot-ba773860-7eca-441d-a7ee-84bc40ed485e" returned: 0 in 0.406s {{(pid=108227) execute /usr/local/lib/python3.12/site-packages/oslo_concurrency/processutils.py:372}}
Nov 25 13:06:41.895184 np0005535648.novalocal cinder-volume[108227]: DEBUG oslo_concurrency.processutils [None req-42320e3d-44cb-47a7-8b5b-3f07882c94eb tempest-VolumesDeleteCascade-1196604805 None] Running cmd (subprocess): sudo cinder-rootwrap /etc/cinder/rootwrap.conf lvremove --config activation { retry_deactivation = 1} -f stack-volumes-lvmdriver-1/_snapshot-ba773860-7eca-441d-a7ee-84bc40ed485e {{(pid=108227) execute /usr/local/lib/python3.12/site-packages/oslo_concurrency/processutils.py:349}}
Nov 25 13:06:41.917920 np0005535648.novalocal sudo[133761]: stack : PWD=/ ; USER=root ; COMMAND=/usr/local/bin/cinder-rootwrap /etc/cinder/rootwrap.conf lvremove --config 'activation { retry_deactivation = 1} ' -f stack-volumes-lvmdriver-1/_snapshot-ba773860-7eca-441d-a7ee-84bc40ed485e
Nov 25 13:06:42.367343 np0005535648.novalocal cinder-volume[108227]: DEBUG oslo_concurrency.processutils [None req-42320e3d-44cb-47a7-8b5b-3f07882c94eb tempest-VolumesDeleteCascade-1196604805 None] CMD "sudo cinder-rootwrap /etc/cinder/rootwrap.conf lvremove --config activation { retry_deactivation = 1} -f stack-volumes-lvmdriver-1/_snapshot-ba773860-7eca-441d-a7ee-84bc40ed485e" returned: 0 in 0.475s {{(pid=108227) execute /usr/local/lib/python3.12/site-packages/oslo_concurrency/processutils.py:372}}
Nov 25 13:06:42.481709 np0005535648.novalocal cinder-volume[108227]: DEBUG cinder.quota [None req-42320e3d-44cb-47a7-8b5b-3f07882c94eb tempest-VolumesDeleteCascade-1196604805 None] Created reservations ['a87648b9-dda9-48bd-a31f-bfca0b811c33', '5d633a02-fde9-40fd-814d-cbe5b2a07d88', 'c1220908-4f18-4685-a8e7-9044970e2d10', 'cd4e249e-491c-4422-a85a-550b6cddfac7'] {{(pid=108227) reserve /opt/stack/cinder/cinder/quota.py:752}}
Nov 25 13:06:42.552072 np0005535648.novalocal cinder-volume[108227]: INFO cinder.volume.manager [None req-42320e3d-44cb-47a7-8b5b-3f07882c94eb tempest-VolumesDeleteCascade-1196604805 None] Delete snapshot completed successfully.
Nov 25 13:06:42.555509 np0005535648.novalocal cinder-volume[108227]: DEBUG cinder.coordination [None req-42320e3d-44cb-47a7-8b5b-3f07882c94eb tempest-VolumesDeleteCascade-1196604805 None] Lock "cinder-ba773860-7eca-441d-a7ee-84bc40ed485e-delete_snapshot" released by "delete_snapshot" :: held 1.070s {{(pid=108227) __release /opt/stack/cinder/cinder/coordination.py:157}}
Nov 25 13:06:42.555878 np0005535648.novalocal cinder-volume[108227]: DEBUG cinder.volume.manager [None req-42320e3d-44cb-47a7-8b5b-3f07882c94eb tempest-VolumesDeleteCascade-1196604805 None] Snapshots deleted, issuing volume delete {{(pid=108227) delete_volume /opt/stack/cinder/cinder/volume/manager.py:1010}}
Nov 25 13:06:42.556942 np0005535648.novalocal cinder-volume[108227]: DEBUG oslo_concurrency.processutils [None req-42320e3d-44cb-47a7-8b5b-3f07882c94eb tempest-VolumesDeleteCascade-1196604805 None] Running cmd (subprocess): sudo cinder-rootwrap /etc/cinder/rootwrap.conf env LC_ALL=C lvs --noheadings --unit=g -o vg_name,name,size --nosuffix --readonly stack-volumes-lvmdriver-1/volume-c0599e1e-3b52-4c65-afa2-bd68e2f770e8 {{(pid=108227) execute /usr/local/lib/python3.12/site-packages/oslo_concurrency/processutils.py:349}}
Nov 25 13:06:42.588042 np0005535648.novalocal sudo[133806]: stack : PWD=/ ; USER=root ; COMMAND=/usr/local/bin/cinder-rootwrap /etc/cinder/rootwrap.conf env LC_ALL=C lvs --noheadings --unit=g -o vg_name,name,size --nosuffix --readonly stack-volumes-lvmdriver-1/volume-c0599e1e-3b52-4c65-afa2-bd68e2f770e8
Nov 25 13:06:42.963062 np0005535648.novalocal cinder-volume[108227]: DEBUG oslo_concurrency.processutils [None req-42320e3d-44cb-47a7-8b5b-3f07882c94eb tempest-VolumesDeleteCascade-1196604805 None] CMD "sudo cinder-rootwrap /etc/cinder/rootwrap.conf env LC_ALL=C lvs --noheadings --unit=g -o vg_name,name,size --nosuffix --readonly stack-volumes-lvmdriver-1/volume-c0599e1e-3b52-4c65-afa2-bd68e2f770e8" returned: 0 in 0.404s {{(pid=108227) execute /usr/local/lib/python3.12/site-packages/oslo_concurrency/processutils.py:372}}
Nov 25 13:06:42.963062 np0005535648.novalocal cinder-volume[108227]: DEBUG oslo_concurrency.processutils [None req-42320e3d-44cb-47a7-8b5b-3f07882c94eb tempest-VolumesDeleteCascade-1196604805 None] Running cmd (subprocess): sudo cinder-rootwrap /etc/cinder/rootwrap.conf env LC_ALL=C lvdisplay --noheading -C -o Attr --readonly stack-volumes-lvmdriver-1/volume-c0599e1e-3b52-4c65-afa2-bd68e2f770e8 {{(pid=108227) execute /usr/local/lib/python3.12/site-packages/oslo_concurrency/processutils.py:349}}
Nov 25 13:06:42.978699 np0005535648.novalocal sudo[133813]: stack : PWD=/ ; USER=root ; COMMAND=/usr/local/bin/cinder-rootwrap /etc/cinder/rootwrap.conf env LC_ALL=C lvdisplay --noheading -C -o Attr --readonly stack-volumes-lvmdriver-1/volume-c0599e1e-3b52-4c65-afa2-bd68e2f770e8
Nov 25 13:06:43.287729 np0005535648.novalocal cinder-volume[108227]: DEBUG oslo_concurrency.processutils [None req-42320e3d-44cb-47a7-8b5b-3f07882c94eb tempest-VolumesDeleteCascade-1196604805 None] CMD "sudo cinder-rootwrap /etc/cinder/rootwrap.conf env LC_ALL=C lvdisplay --noheading -C -o Attr --readonly stack-volumes-lvmdriver-1/volume-c0599e1e-3b52-4c65-afa2-bd68e2f770e8" returned: 0 in 0.325s {{(pid=108227) execute /usr/local/lib/python3.12/site-packages/oslo_concurrency/processutils.py:372}}
Nov 25 13:06:43.289589 np0005535648.novalocal cinder-volume[108227]: DEBUG oslo_concurrency.processutils [None req-42320e3d-44cb-47a7-8b5b-3f07882c94eb tempest-VolumesDeleteCascade-1196604805 None] Running cmd (subprocess): sudo cinder-rootwrap /etc/cinder/rootwrap.conf lvremove --config activation { retry_deactivation = 1} -f stack-volumes-lvmdriver-1/volume-c0599e1e-3b52-4c65-afa2-bd68e2f770e8 {{(pid=108227) execute /usr/local/lib/python3.12/site-packages/oslo_concurrency/processutils.py:349}}
Nov 25 13:06:43.313998 np0005535648.novalocal sudo[133820]: stack : PWD=/ ; USER=root ; COMMAND=/usr/local/bin/cinder-rootwrap /etc/cinder/rootwrap.conf lvremove --config 'activation { retry_deactivation = 1} ' -f stack-volumes-lvmdriver-1/volume-c0599e1e-3b52-4c65-afa2-bd68e2f770e8
Nov 25 13:06:43.752683 np0005535648.novalocal cinder-volume[108227]: DEBUG oslo_concurrency.processutils [None req-42320e3d-44cb-47a7-8b5b-3f07882c94eb tempest-VolumesDeleteCascade-1196604805 None] CMD "sudo cinder-rootwrap /etc/cinder/rootwrap.conf lvremove --config activation { retry_deactivation = 1} -f stack-volumes-lvmdriver-1/volume-c0599e1e-3b52-4c65-afa2-bd68e2f770e8" returned: 0 in 0.459s {{(pid=108227) execute /usr/local/lib/python3.12/site-packages/oslo_concurrency/processutils.py:372}}
Nov 25 13:06:43.752683 np0005535648.novalocal cinder-volume[108227]: INFO cinder.volume.drivers.lvm [None req-42320e3d-44cb-47a7-8b5b-3f07882c94eb tempest-VolumesDeleteCascade-1196604805 None] Successfully deleted volume: c0599e1e-3b52-4c65-afa2-bd68e2f770e8
Nov 25 13:06:43.783559 np0005535648.novalocal cinder-volume[108227]: DEBUG cinder.quota [None req-42320e3d-44cb-47a7-8b5b-3f07882c94eb tempest-VolumesDeleteCascade-1196604805 None] Created reservations ['904884f1-a230-4cb6-aa01-70ff715bb776', 'bfe2428a-41ed-4422-8833-03360f8d5da2', '16812ee2-241c-47c3-9eb4-148341b5b4f7', '4a9e6623-76a0-47fd-9980-6ff7997da296'] {{(pid=108227) reserve /opt/stack/cinder/cinder/quota.py:752}}
Nov 25 13:06:43.811663 np0005535648.novalocal cinder-volume[108227]: DEBUG cinder.volume.drivers.lvm [None req-42320e3d-44cb-47a7-8b5b-3f07882c94eb tempest-VolumesDeleteCascade-1196604805 None] Updating volume stats {{(pid=108227) _update_volume_stats /opt/stack/cinder/cinder/volume/drivers/lvm.py:228}}
Nov 25 13:06:43.811663 np0005535648.novalocal cinder-volume[108227]: DEBUG oslo_concurrency.processutils [None req-42320e3d-44cb-47a7-8b5b-3f07882c94eb tempest-VolumesDeleteCascade-1196604805 None] Running cmd (subprocess): sudo cinder-rootwrap /etc/cinder/rootwrap.conf env LC_ALL=C vgs --noheadings --unit=g -o name,size,free,lv_count,uuid --separator : --nosuffix stack-volumes-lvmdriver-1 {{(pid=108227) execute /usr/local/lib/python3.12/site-packages/oslo_concurrency/processutils.py:349}}
Nov 25 13:06:43.836206 np0005535648.novalocal sudo[133828]: stack : PWD=/ ; USER=root ; COMMAND=/usr/local/bin/cinder-rootwrap /etc/cinder/rootwrap.conf env LC_ALL=C vgs --noheadings --unit=g -o name,size,free,lv_count,uuid --separator : --nosuffix stack-volumes-lvmdriver-1
Nov 25 13:06:44.268965 np0005535648.novalocal cinder-volume[108227]: DEBUG oslo_concurrency.processutils [None req-42320e3d-44cb-47a7-8b5b-3f07882c94eb tempest-VolumesDeleteCascade-1196604805 None] CMD "sudo cinder-rootwrap /etc/cinder/rootwrap.conf env LC_ALL=C vgs --noheadings --unit=g -o name,size,free,lv_count,uuid --separator : --nosuffix stack-volumes-lvmdriver-1" returned: 0 in 0.455s {{(pid=108227) execute /usr/local/lib/python3.12/site-packages/oslo_concurrency/processutils.py:372}}
Nov 25 13:06:44.269801 np0005535648.novalocal cinder-volume[108227]: DEBUG oslo_concurrency.processutils [None req-42320e3d-44cb-47a7-8b5b-3f07882c94eb tempest-VolumesDeleteCascade-1196604805 None] Running cmd (subprocess): sudo cinder-rootwrap /etc/cinder/rootwrap.conf env LC_ALL=C lvs --noheadings --unit=g -o vg_name,name,size --nosuffix --readonly stack-volumes-lvmdriver-1 {{(pid=108227) execute /usr/local/lib/python3.12/site-packages/oslo_concurrency/processutils.py:349}}
Nov 25 13:06:44.293124 np0005535648.novalocal sudo[133836]: stack : PWD=/ ; USER=root ; COMMAND=/usr/local/bin/cinder-rootwrap /etc/cinder/rootwrap.conf env LC_ALL=C lvs --noheadings --unit=g -o vg_name,name,size --nosuffix --readonly stack-volumes-lvmdriver-1
Nov 25 13:06:44.681817 np0005535648.novalocal cinder-volume[108227]: DEBUG oslo_concurrency.processutils [None req-42320e3d-44cb-47a7-8b5b-3f07882c94eb tempest-VolumesDeleteCascade-1196604805 None] CMD "sudo cinder-rootwrap /etc/cinder/rootwrap.conf env LC_ALL=C lvs --noheadings --unit=g -o vg_name,name,size --nosuffix --readonly stack-volumes-lvmdriver-1" returned: 0 in 0.412s {{(pid=108227) execute /usr/local/lib/python3.12/site-packages/oslo_concurrency/processutils.py:372}}
Nov 25 13:06:44.682447 np0005535648.novalocal cinder-volume[108227]: DEBUG oslo_concurrency.processutils [None req-42320e3d-44cb-47a7-8b5b-3f07882c94eb tempest-VolumesDeleteCascade-1196604805 None] Running cmd (subprocess): sudo cinder-rootwrap /etc/cinder/rootwrap.conf env LC_ALL=C lvs --noheadings --unit=g -o size,data_percent --separator : --nosuffix /dev/stack-volumes-lvmdriver-1/stack-volumes-lvmdriver-1-pool {{(pid=108227) execute /usr/local/lib/python3.12/site-packages/oslo_concurrency/processutils.py:349}}
Nov 25 13:06:44.704991 np0005535648.novalocal sudo[133855]: stack : PWD=/ ; USER=root ; COMMAND=/usr/local/bin/cinder-rootwrap /etc/cinder/rootwrap.conf env LC_ALL=C lvs --noheadings --unit=g -o size,data_percent --separator : --nosuffix /dev/stack-volumes-lvmdriver-1/stack-volumes-lvmdriver-1-pool
Nov 25 13:06:44.730141 np0005535648.novalocal cinder-volume[108227]: DEBUG cinder.coordination [None req-38263685-2f31-4517-9b0a-8297901ddef1 tempest-VolumesDeleteCascade-1196604805 None] Acquiring lock "cinder-4a4fa9f3-6464-45b7-80e4-eb2533d840eb-delete_volume" by "delete_volume" {{(pid=108227) __acquire /opt/stack/cinder/cinder/coordination.py:143}}
Nov 25 13:06:44.740612 np0005535648.novalocal cinder-volume[108227]: DEBUG cinder.coordination [None req-38263685-2f31-4517-9b0a-8297901ddef1 tempest-VolumesDeleteCascade-1196604805 None] Lock "cinder-4a4fa9f3-6464-45b7-80e4-eb2533d840eb-delete_volume" acquired by "delete_volume" :: waited 0.011s {{(pid=108227) __acquire /opt/stack/cinder/cinder/coordination.py:146}}
Nov 25 13:06:44.758853 np0005535648.novalocal cinder-volume[108227]: INFO cinder.volume.targets.iscsi [None req-38263685-2f31-4517-9b0a-8297901ddef1 tempest-VolumesDeleteCascade-1196604805 None] Skipping remove_export. No iscsi_target is presently exported for volume: 4a4fa9f3-6464-45b7-80e4-eb2533d840eb
Nov 25 13:06:44.759431 np0005535648.novalocal cinder-volume[108227]: DEBUG oslo_concurrency.processutils [None req-38263685-2f31-4517-9b0a-8297901ddef1 tempest-VolumesDeleteCascade-1196604805 None] Running cmd (subprocess): sudo cinder-rootwrap /etc/cinder/rootwrap.conf env LC_ALL=C lvs --noheadings --unit=g -o vg_name,name,size --nosuffix --readonly stack-volumes-lvmdriver-1/volume-4a4fa9f3-6464-45b7-80e4-eb2533d840eb {{(pid=108227) execute /usr/local/lib/python3.12/site-packages/oslo_concurrency/processutils.py:349}}
Nov 25 13:06:44.781440 np0005535648.novalocal sudo[133858]: stack : PWD=/ ; USER=root ; COMMAND=/usr/local/bin/cinder-rootwrap /etc/cinder/rootwrap.conf env LC_ALL=C lvs --noheadings --unit=g -o vg_name,name,size --nosuffix --readonly stack-volumes-lvmdriver-1/volume-4a4fa9f3-6464-45b7-80e4-eb2533d840eb
Nov 25 13:06:45.088202 np0005535648.novalocal cinder-volume[108227]: DEBUG oslo_concurrency.processutils [None req-42320e3d-44cb-47a7-8b5b-3f07882c94eb tempest-VolumesDeleteCascade-1196604805 None] CMD "sudo cinder-rootwrap /etc/cinder/rootwrap.conf env LC_ALL=C lvs --noheadings --unit=g -o size,data_percent --separator : --nosuffix /dev/stack-volumes-lvmdriver-1/stack-volumes-lvmdriver-1-pool" returned: 0 in 0.404s {{(pid=108227) execute /usr/local/lib/python3.12/site-packages/oslo_concurrency/processutils.py:372}}
Nov 25 13:06:45.090086 np0005535648.novalocal cinder-volume[108227]: DEBUG oslo_concurrency.processutils [None req-42320e3d-44cb-47a7-8b5b-3f07882c94eb tempest-VolumesDeleteCascade-1196604805 None] Running cmd (subprocess): sudo cinder-rootwrap /etc/cinder/rootwrap.conf env LC_ALL=C lvs --noheadings --unit=g -o vg_name,name,size --nosuffix --readonly stack-volumes-lvmdriver-1 {{(pid=108227) execute /usr/local/lib/python3.12/site-packages/oslo_concurrency/processutils.py:349}}
Nov 25 13:06:45.111914 np0005535648.novalocal sudo[133864]: stack : PWD=/ ; USER=root ; COMMAND=/usr/local/bin/cinder-rootwrap /etc/cinder/rootwrap.conf env LC_ALL=C lvs --noheadings --unit=g -o vg_name,name,size --nosuffix --readonly stack-volumes-lvmdriver-1
Nov 25 13:06:45.119148 np0005535648.novalocal cinder-volume[108227]: DEBUG oslo_concurrency.processutils [None req-38263685-2f31-4517-9b0a-8297901ddef1 tempest-VolumesDeleteCascade-1196604805 None] CMD "sudo cinder-rootwrap /etc/cinder/rootwrap.conf env LC_ALL=C lvs --noheadings --unit=g -o vg_name,name,size --nosuffix --readonly stack-volumes-lvmdriver-1/volume-4a4fa9f3-6464-45b7-80e4-eb2533d840eb" returned: 0 in 0.359s {{(pid=108227) execute /usr/local/lib/python3.12/site-packages/oslo_concurrency/processutils.py:372}}
Nov 25 13:06:45.119936 np0005535648.novalocal cinder-volume[108227]: DEBUG oslo_concurrency.processutils [None req-38263685-2f31-4517-9b0a-8297901ddef1 tempest-VolumesDeleteCascade-1196604805 None] Running cmd (subprocess): sudo cinder-rootwrap /etc/cinder/rootwrap.conf env LC_ALL=C lvdisplay --noheading -C -o Attr --readonly stack-volumes-lvmdriver-1/volume-4a4fa9f3-6464-45b7-80e4-eb2533d840eb {{(pid=108227) execute /usr/local/lib/python3.12/site-packages/oslo_concurrency/processutils.py:349}}
Nov 25 13:06:45.148836 np0005535648.novalocal sudo[133867]: stack : PWD=/ ; USER=root ; COMMAND=/usr/local/bin/cinder-rootwrap /etc/cinder/rootwrap.conf env LC_ALL=C lvdisplay --noheading -C -o Attr --readonly stack-volumes-lvmdriver-1/volume-4a4fa9f3-6464-45b7-80e4-eb2533d840eb
Nov 25 13:06:45.464280 np0005535648.novalocal cinder-volume[108227]: DEBUG oslo_concurrency.processutils [None req-42320e3d-44cb-47a7-8b5b-3f07882c94eb tempest-VolumesDeleteCascade-1196604805 None] CMD "sudo cinder-rootwrap /etc/cinder/rootwrap.conf env LC_ALL=C lvs --noheadings --unit=g -o vg_name,name,size --nosuffix --readonly stack-volumes-lvmdriver-1" returned: 0 in 0.374s {{(pid=108227) execute /usr/local/lib/python3.12/site-packages/oslo_concurrency/processutils.py:372}}
Nov 25 13:06:45.466701 np0005535648.novalocal cinder-volume[108227]: DEBUG cinder.manager [None req-42320e3d-44cb-47a7-8b5b-3f07882c94eb tempest-VolumesDeleteCascade-1196604805 None] Notifying Schedulers of capabilities ... {{(pid=108227) _publish_service_capabilities /opt/stack/cinder/cinder/manager.py:202}}
Nov 25 13:06:45.468987 np0005535648.novalocal cinder-volume[108227]: INFO cinder.volume.manager [None req-42320e3d-44cb-47a7-8b5b-3f07882c94eb tempest-VolumesDeleteCascade-1196604805 None] Deleted volume successfully.
Nov 25 13:06:45.473988 np0005535648.novalocal cinder-volume[108227]: DEBUG dbcounter [-] [108227] Writing DB stats cinder:UPDATE=64,cinder:SELECT=67,cinder:DELETE=5,cinder:INSERT=16 {{(pid=108227) stat_writer /usr/local/lib/python3.12/site-packages/dbcounter.py:115}}
Nov 25 13:06:45.483760 np0005535648.novalocal cinder-volume[108227]: DEBUG cinder.coordination [None req-42320e3d-44cb-47a7-8b5b-3f07882c94eb tempest-VolumesDeleteCascade-1196604805 None] Lock "cinder-c0599e1e-3b52-4c65-afa2-bd68e2f770e8-delete_volume" released by "delete_volume" :: held 4.029s {{(pid=108227) __release /opt/stack/cinder/cinder/coordination.py:157}}
Nov 25 13:06:45.537453 np0005535648.novalocal cinder-volume[108227]: DEBUG oslo_concurrency.processutils [None req-38263685-2f31-4517-9b0a-8297901ddef1 tempest-VolumesDeleteCascade-1196604805 None] CMD "sudo cinder-rootwrap /etc/cinder/rootwrap.conf env LC_ALL=C lvdisplay --noheading -C -o Attr --readonly stack-volumes-lvmdriver-1/volume-4a4fa9f3-6464-45b7-80e4-eb2533d840eb" returned: 0 in 0.417s {{(pid=108227) execute /usr/local/lib/python3.12/site-packages/oslo_concurrency/processutils.py:372}}
Nov 25 13:06:45.539163 np0005535648.novalocal cinder-volume[108227]: DEBUG oslo_concurrency.processutils [None req-38263685-2f31-4517-9b0a-8297901ddef1 tempest-VolumesDeleteCascade-1196604805 None] Running cmd (subprocess): sudo cinder-rootwrap /etc/cinder/rootwrap.conf lvremove --config activation { retry_deactivation = 1} -f stack-volumes-lvmdriver-1/volume-4a4fa9f3-6464-45b7-80e4-eb2533d840eb {{(pid=108227) execute /usr/local/lib/python3.12/site-packages/oslo_concurrency/processutils.py:349}}
Nov 25 13:06:45.557158 np0005535648.novalocal sudo[133875]: stack : PWD=/ ; USER=root ; COMMAND=/usr/local/bin/cinder-rootwrap /etc/cinder/rootwrap.conf lvremove --config 'activation { retry_deactivation = 1} ' -f stack-volumes-lvmdriver-1/volume-4a4fa9f3-6464-45b7-80e4-eb2533d840eb
Nov 25 13:06:45.700446 np0005535648.novalocal cinder-volume[108227]: DEBUG oslo_service.periodic_task [None req-a305c737-4a04-48cc-9e8a-2ca30bc29f27 None None] Running periodic task VolumeManager.publish_service_capabilities {{(pid=108227) run_periodic_tasks /usr/local/lib/python3.12/site-packages/oslo_service/periodic_task.py:210}}
Nov 25 13:06:45.701104 np0005535648.novalocal cinder-volume[108227]: DEBUG cinder.volume.drivers.lvm [None req-a305c737-4a04-48cc-9e8a-2ca30bc29f27 None None] Updating volume stats {{(pid=108227) _update_volume_stats /opt/stack/cinder/cinder/volume/drivers/lvm.py:228}}
Nov 25 13:06:45.703989 np0005535648.novalocal cinder-volume[108227]: DEBUG oslo_concurrency.processutils [None req-a305c737-4a04-48cc-9e8a-2ca30bc29f27 None None] Running cmd (subprocess): sudo cinder-rootwrap /etc/cinder/rootwrap.conf env LC_ALL=C vgs --noheadings --unit=g -o name,size,free,lv_count,uuid --separator : --nosuffix stack-volumes-lvmdriver-1 {{(pid=108227) execute /usr/local/lib/python3.12/site-packages/oslo_concurrency/processutils.py:349}}
Nov 25 13:06:45.728169 np0005535648.novalocal sudo[133878]: stack : PWD=/ ; USER=root ; COMMAND=/usr/local/bin/cinder-rootwrap /etc/cinder/rootwrap.conf env LC_ALL=C vgs --noheadings --unit=g -o name,size,free,lv_count,uuid --separator : --nosuffix stack-volumes-lvmdriver-1
Nov 25 13:06:45.996569 np0005535648.novalocal cinder-volume[108227]: DEBUG oslo_concurrency.processutils [None req-38263685-2f31-4517-9b0a-8297901ddef1 tempest-VolumesDeleteCascade-1196604805 None] CMD "sudo cinder-rootwrap /etc/cinder/rootwrap.conf lvremove --config activation { retry_deactivation = 1} -f stack-volumes-lvmdriver-1/volume-4a4fa9f3-6464-45b7-80e4-eb2533d840eb" returned: 0 in 0.457s {{(pid=108227) execute /usr/local/lib/python3.12/site-packages/oslo_concurrency/processutils.py:372}}
Nov 25 13:06:45.996944 np0005535648.novalocal cinder-volume[108227]: INFO cinder.volume.drivers.lvm [None req-38263685-2f31-4517-9b0a-8297901ddef1 tempest-VolumesDeleteCascade-1196604805 None] Successfully deleted volume: 4a4fa9f3-6464-45b7-80e4-eb2533d840eb
Nov 25 13:06:46.023372 np0005535648.novalocal cinder-volume[108227]: DEBUG cinder.quota [None req-38263685-2f31-4517-9b0a-8297901ddef1 tempest-VolumesDeleteCascade-1196604805 None] Created reservations ['16fb6e30-e545-4f15-b306-ada13833efba', 'cc0341f2-5b5a-452f-9577-f5f3190e8539', 'd7dcc4cf-01ef-4428-b563-c15ec21e7a15', 'af48275a-b6ca-475a-b5c3-b5cafa1878da'] {{(pid=108227) reserve /opt/stack/cinder/cinder/quota.py:752}}
Nov 25 13:06:46.058465 np0005535648.novalocal cinder-volume[108227]: DEBUG cinder.volume.drivers.lvm [None req-38263685-2f31-4517-9b0a-8297901ddef1 tempest-VolumesDeleteCascade-1196604805 None] Updating volume stats {{(pid=108227) _update_volume_stats /opt/stack/cinder/cinder/volume/drivers/lvm.py:228}}
Nov 25 13:06:46.058465 np0005535648.novalocal cinder-volume[108227]: DEBUG oslo_concurrency.processutils [None req-38263685-2f31-4517-9b0a-8297901ddef1 tempest-VolumesDeleteCascade-1196604805 None] Running cmd (subprocess): sudo cinder-rootwrap /etc/cinder/rootwrap.conf env LC_ALL=C vgs --noheadings --unit=g -o name,size,free,lv_count,uuid --separator : --nosuffix stack-volumes-lvmdriver-1 {{(pid=108227) execute /usr/local/lib/python3.12/site-packages/oslo_concurrency/processutils.py:349}}
Nov 25 13:06:46.072044 np0005535648.novalocal cinder-volume[108227]: DEBUG oslo_concurrency.processutils [None req-a305c737-4a04-48cc-9e8a-2ca30bc29f27 None None] CMD "sudo cinder-rootwrap /etc/cinder/rootwrap.conf env LC_ALL=C vgs --noheadings --unit=g -o name,size,free,lv_count,uuid --separator : --nosuffix stack-volumes-lvmdriver-1" returned: 0 in 0.369s {{(pid=108227) execute /usr/local/lib/python3.12/site-packages/oslo_concurrency/processutils.py:372}}
Nov 25 13:06:46.072531 np0005535648.novalocal cinder-volume[108227]: DEBUG oslo_concurrency.processutils [None req-a305c737-4a04-48cc-9e8a-2ca30bc29f27 None None] Running cmd (subprocess): sudo cinder-rootwrap /etc/cinder/rootwrap.conf env LC_ALL=C lvs --noheadings --unit=g -o vg_name,name,size --nosuffix --readonly stack-volumes-lvmdriver-1 {{(pid=108227) execute /usr/local/lib/python3.12/site-packages/oslo_concurrency/processutils.py:349}}
Nov 25 13:06:46.083326 np0005535648.novalocal sudo[133893]: stack : PWD=/ ; USER=root ; COMMAND=/usr/local/bin/cinder-rootwrap /etc/cinder/rootwrap.conf env LC_ALL=C vgs --noheadings --unit=g -o name,size,free,lv_count,uuid --separator : --nosuffix stack-volumes-lvmdriver-1
Nov 25 13:06:46.091782 np0005535648.novalocal sudo[133895]: stack : PWD=/ ; USER=root ; COMMAND=/usr/local/bin/cinder-rootwrap /etc/cinder/rootwrap.conf env LC_ALL=C lvs --noheadings --unit=g -o vg_name,name,size --nosuffix --readonly stack-volumes-lvmdriver-1
Nov 25 13:06:46.442040 np0005535648.novalocal cinder-volume[108227]: DEBUG oslo_concurrency.processutils [None req-38263685-2f31-4517-9b0a-8297901ddef1 tempest-VolumesDeleteCascade-1196604805 None] CMD "sudo cinder-rootwrap /etc/cinder/rootwrap.conf env LC_ALL=C vgs --noheadings --unit=g -o name,size,free,lv_count,uuid --separator : --nosuffix stack-volumes-lvmdriver-1" returned: 0 in 0.384s {{(pid=108227) execute /usr/local/lib/python3.12/site-packages/oslo_concurrency/processutils.py:372}}
Nov 25 13:06:46.442525 np0005535648.novalocal cinder-volume[108227]: DEBUG oslo_concurrency.processutils [None req-38263685-2f31-4517-9b0a-8297901ddef1 tempest-VolumesDeleteCascade-1196604805 None] Running cmd (subprocess): sudo cinder-rootwrap /etc/cinder/rootwrap.conf env LC_ALL=C lvs --noheadings --unit=g -o vg_name,name,size --nosuffix --readonly stack-volumes-lvmdriver-1 {{(pid=108227) execute /usr/local/lib/python3.12/site-packages/oslo_concurrency/processutils.py:349}}
Nov 25 13:06:46.470066 np0005535648.novalocal sudo[133903]: stack : PWD=/ ; USER=root ; COMMAND=/usr/local/bin/cinder-rootwrap /etc/cinder/rootwrap.conf env LC_ALL=C lvs --noheadings --unit=g -o vg_name,name,size --nosuffix --readonly stack-volumes-lvmdriver-1
Nov 25 13:06:46.497947 np0005535648.novalocal cinder-volume[108227]: DEBUG oslo_concurrency.processutils [None req-a305c737-4a04-48cc-9e8a-2ca30bc29f27 None None] CMD "sudo cinder-rootwrap /etc/cinder/rootwrap.conf env LC_ALL=C lvs --noheadings --unit=g -o vg_name,name,size --nosuffix --readonly stack-volumes-lvmdriver-1" returned: 0 in 0.425s {{(pid=108227) execute /usr/local/lib/python3.12/site-packages/oslo_concurrency/processutils.py:372}}
Nov 25 13:06:46.501675 np0005535648.novalocal cinder-volume[108227]: DEBUG oslo_concurrency.processutils [None req-a305c737-4a04-48cc-9e8a-2ca30bc29f27 None None] Running cmd (subprocess): sudo cinder-rootwrap /etc/cinder/rootwrap.conf env LC_ALL=C lvs --noheadings --unit=g -o size,data_percent --separator : --nosuffix /dev/stack-volumes-lvmdriver-1/stack-volumes-lvmdriver-1-pool {{(pid=108227) execute /usr/local/lib/python3.12/site-packages/oslo_concurrency/processutils.py:349}}
Nov 25 13:06:46.523905 np0005535648.novalocal sudo[133907]: stack : PWD=/ ; USER=root ; COMMAND=/usr/local/bin/cinder-rootwrap /etc/cinder/rootwrap.conf env LC_ALL=C lvs --noheadings --unit=g -o size,data_percent --separator : --nosuffix /dev/stack-volumes-lvmdriver-1/stack-volumes-lvmdriver-1-pool
Nov 25 13:06:46.849693 np0005535648.novalocal cinder-volume[108227]: DEBUG oslo_concurrency.processutils [None req-38263685-2f31-4517-9b0a-8297901ddef1 tempest-VolumesDeleteCascade-1196604805 None] CMD "sudo cinder-rootwrap /etc/cinder/rootwrap.conf env LC_ALL=C lvs --noheadings --unit=g -o vg_name,name,size --nosuffix --readonly stack-volumes-lvmdriver-1" returned: 0 in 0.403s {{(pid=108227) execute /usr/local/lib/python3.12/site-packages/oslo_concurrency/processutils.py:372}}
Nov 25 13:06:46.850323 np0005535648.novalocal cinder-volume[108227]: DEBUG oslo_concurrency.processutils [None req-38263685-2f31-4517-9b0a-8297901ddef1 tempest-VolumesDeleteCascade-1196604805 None] Running cmd (subprocess): sudo cinder-rootwrap /etc/cinder/rootwrap.conf env LC_ALL=C lvs --noheadings --unit=g -o size,data_percent --separator : --nosuffix /dev/stack-volumes-lvmdriver-1/stack-volumes-lvmdriver-1-pool {{(pid=108227) execute /usr/local/lib/python3.12/site-packages/oslo_concurrency/processutils.py:349}}
Nov 25 13:06:46.875088 np0005535648.novalocal sudo[133914]: stack : PWD=/ ; USER=root ; COMMAND=/usr/local/bin/cinder-rootwrap /etc/cinder/rootwrap.conf env LC_ALL=C lvs --noheadings --unit=g -o size,data_percent --separator : --nosuffix /dev/stack-volumes-lvmdriver-1/stack-volumes-lvmdriver-1-pool
Nov 25 13:06:46.930565 np0005535648.novalocal cinder-volume[108227]: DEBUG oslo_concurrency.processutils [None req-a305c737-4a04-48cc-9e8a-2ca30bc29f27 None None] CMD "sudo cinder-rootwrap /etc/cinder/rootwrap.conf env LC_ALL=C lvs --noheadings --unit=g -o size,data_percent --separator : --nosuffix /dev/stack-volumes-lvmdriver-1/stack-volumes-lvmdriver-1-pool" returned: 0 in 0.430s {{(pid=108227) execute /usr/local/lib/python3.12/site-packages/oslo_concurrency/processutils.py:372}}
Nov 25 13:06:46.930565 np0005535648.novalocal cinder-volume[108227]: DEBUG oslo_concurrency.processutils [None req-a305c737-4a04-48cc-9e8a-2ca30bc29f27 None None] Running cmd (subprocess): sudo cinder-rootwrap /etc/cinder/rootwrap.conf env LC_ALL=C lvs --noheadings --unit=g -o vg_name,name,size --nosuffix --readonly stack-volumes-lvmdriver-1 {{(pid=108227) execute /usr/local/lib/python3.12/site-packages/oslo_concurrency/processutils.py:349}}
Nov 25 13:06:46.950038 np0005535648.novalocal sudo[133921]: stack : PWD=/ ; USER=root ; COMMAND=/usr/local/bin/cinder-rootwrap /etc/cinder/rootwrap.conf env LC_ALL=C lvs --noheadings --unit=g -o vg_name,name,size --nosuffix --readonly stack-volumes-lvmdriver-1
Nov 25 13:06:47.250016 np0005535648.novalocal cinder-volume[108227]: DEBUG oslo_concurrency.processutils [None req-38263685-2f31-4517-9b0a-8297901ddef1 tempest-VolumesDeleteCascade-1196604805 None] CMD "sudo cinder-rootwrap /etc/cinder/rootwrap.conf env LC_ALL=C lvs --noheadings --unit=g -o size,data_percent --separator : --nosuffix /dev/stack-volumes-lvmdriver-1/stack-volumes-lvmdriver-1-pool" returned: 0 in 0.399s {{(pid=108227) execute /usr/local/lib/python3.12/site-packages/oslo_concurrency/processutils.py:372}}
Nov 25 13:06:47.253388 np0005535648.novalocal cinder-volume[108227]: DEBUG oslo_concurrency.processutils [None req-38263685-2f31-4517-9b0a-8297901ddef1 tempest-VolumesDeleteCascade-1196604805 None] Running cmd (subprocess): sudo cinder-rootwrap /etc/cinder/rootwrap.conf env LC_ALL=C lvs --noheadings --unit=g -o vg_name,name,size --nosuffix --readonly stack-volumes-lvmdriver-1 {{(pid=108227) execute /usr/local/lib/python3.12/site-packages/oslo_concurrency/processutils.py:349}}
Nov 25 13:06:47.269272 np0005535648.novalocal sudo[133927]: stack : PWD=/ ; USER=root ; COMMAND=/usr/local/bin/cinder-rootwrap /etc/cinder/rootwrap.conf env LC_ALL=C lvs --noheadings --unit=g -o vg_name,name,size --nosuffix --readonly stack-volumes-lvmdriver-1
Nov 25 13:06:47.282961 np0005535648.novalocal cinder-volume[108227]: DEBUG oslo_concurrency.processutils [None req-a305c737-4a04-48cc-9e8a-2ca30bc29f27 None None] CMD "sudo cinder-rootwrap /etc/cinder/rootwrap.conf env LC_ALL=C lvs --noheadings --unit=g -o vg_name,name,size --nosuffix --readonly stack-volumes-lvmdriver-1" returned: 0 in 0.353s {{(pid=108227) execute /usr/local/lib/python3.12/site-packages/oslo_concurrency/processutils.py:372}}
Nov 25 13:06:47.283988 np0005535648.novalocal cinder-volume[108227]: DEBUG cinder.manager [None req-a305c737-4a04-48cc-9e8a-2ca30bc29f27 None None] Notifying Schedulers of capabilities ... {{(pid=108227) _publish_service_capabilities /opt/stack/cinder/cinder/manager.py:202}}
Nov 25 13:06:47.613378 np0005535648.novalocal cinder-volume[108227]: DEBUG oslo_concurrency.processutils [None req-38263685-2f31-4517-9b0a-8297901ddef1 tempest-VolumesDeleteCascade-1196604805 None] CMD "sudo cinder-rootwrap /etc/cinder/rootwrap.conf env LC_ALL=C lvs --noheadings --unit=g -o vg_name,name,size --nosuffix --readonly stack-volumes-lvmdriver-1" returned: 0 in 0.362s {{(pid=108227) execute /usr/local/lib/python3.12/site-packages/oslo_concurrency/processutils.py:372}}
Nov 25 13:06:47.613657 np0005535648.novalocal cinder-volume[108227]: DEBUG cinder.manager [None req-38263685-2f31-4517-9b0a-8297901ddef1 tempest-VolumesDeleteCascade-1196604805 None] Notifying Schedulers of capabilities ... {{(pid=108227) _publish_service_capabilities /opt/stack/cinder/cinder/manager.py:202}}
Nov 25 13:06:47.616509 np0005535648.novalocal cinder-volume[108227]: INFO cinder.volume.manager [None req-38263685-2f31-4517-9b0a-8297901ddef1 tempest-VolumesDeleteCascade-1196604805 None] Deleted volume successfully.
Nov 25 13:06:47.633773 np0005535648.novalocal cinder-volume[108227]: DEBUG cinder.coordination [None req-38263685-2f31-4517-9b0a-8297901ddef1 tempest-VolumesDeleteCascade-1196604805 None] Lock "cinder-4a4fa9f3-6464-45b7-80e4-eb2533d840eb-delete_volume" released by "delete_volume" :: held 2.893s {{(pid=108227) __release /opt/stack/cinder/cinder/coordination.py:157}}
Nov 25 13:06:49.111774 np0005535648.novalocal cinder-volume[108227]: DEBUG dbcounter [-] [108227] Writing DB stats cinder:SELECT=76,cinder:UPDATE=73,cinder:DELETE=7,cinder:INSERT=15 {{(pid=108227) stat_writer /usr/local/lib/python3.12/site-packages/dbcounter.py:115}}
Nov 25 13:06:49.125096 np0005535648.novalocal cinder-volume[108227]: DEBUG cinder.volume.flows.manager.create_volume [None req-57e397ea-3aad-4e73-a878-50ca1d0a6455 tempest-VolumesTransfersV355Test-1867113257 None] Volume reschedule parameters: True retry: {'num_attempts': 1, 'backends': ['np0005535648.novalocal@lvmdriver-1#lvmdriver-1'], 'hosts': ['np0005535648.novalocal@lvmdriver-1#lvmdriver-1']} {{(pid=108227) get_flow /opt/stack/cinder/cinder/volume/flows/manager/create_volume.py:1384}}
Nov 25 13:06:49.141672 np0005535648.novalocal cinder-volume[108227]: DEBUG cinder.volume.manager [None req-57e397ea-3aad-4e73-a878-50ca1d0a6455 tempest-VolumesTransfersV355Test-1867113257 None] Flow 'volume_create_manager' (ceb774ee-8a34-44a6-8cd2-89a216979294) transitioned into state 'RUNNING' from state 'PENDING' {{(pid=108227) _flow_receiver /usr/local/lib/python3.12/site-packages/taskflow/listeners/logging.py:145}}
