Nov 25 13:16:29.195340 np0005535648.novalocal cinder-volume[108227]: DEBUG cinder.volume.manager [req-577731df-fde5-4749-a3b1-64802371001b req-5b71e8cd-0a13-4ea2-ab93-8d6dadb6c2d7 tempest-VolumesSnapshotTestJSON-2115482626 None] Connection info returned from driver {'target_discovered': False, 'target_portal': '38.102.83.58:3260', 'target_iqn': 'iqn.2010-10.org.openstack:volume-37ea8ae9-854f-4ce6-a17c-151c2370adc5', 'target_lun': 0, 'volume_id': '37ea8ae9-854f-4ce6-a17c-151c2370adc5', 'auth_method': 'CHAP', 'auth_username': 'A2c9kBBnDMhYj3AyziJG', 'auth_password': '***', 'encrypted': False, 'qos_specs': None, 'access_mode': 'rw', 'cacheable': False, 'driver_volume_type': 'iscsi', 'attachment_id': '4eea9fce-9e5b-48cb-b39b-d67c9ea5e877', 'enforce_multipath': True} {{(pid=108227) _connection_create /opt/stack/cinder/cinder/volume/manager.py:4892}}
Nov 25 13:16:29.226689 np0005535648.novalocal cinder-volume[108227]: INFO cinder.volume.manager [req-577731df-fde5-4749-a3b1-64802371001b req-5b71e8cd-0a13-4ea2-ab93-8d6dadb6c2d7 tempest-VolumesSnapshotTestJSON-2115482626 None] attachment_update completed successfully.
Nov 25 13:16:36.131755 np0005535648.novalocal cinder-volume[108227]: DEBUG oslo_concurrency.processutils [None req-df718d47-d9f6-4af1-93dd-e432359c24b3 tempest-VolumesSnapshotTestJSON-2115482626 None] Running cmd (subprocess): sudo cinder-rootwrap /etc/cinder/rootwrap.conf env LC_ALL=C lvs --noheadings --unit=g -o vg_name,name,size --nosuffix --readonly stack-volumes-lvmdriver-1/volume-37ea8ae9-854f-4ce6-a17c-151c2370adc5 {{(pid=108227) execute /usr/local/lib/python3.12/site-packages/oslo_concurrency/processutils.py:349}}
Nov 25 13:16:36.159940 np0005535648.novalocal sudo[141896]: stack : PWD=/ ; USER=root ; COMMAND=/usr/local/bin/cinder-rootwrap /etc/cinder/rootwrap.conf env LC_ALL=C lvs --noheadings --unit=g -o vg_name,name,size --nosuffix --readonly stack-volumes-lvmdriver-1/volume-37ea8ae9-854f-4ce6-a17c-151c2370adc5
Nov 25 13:16:36.576299 np0005535648.novalocal cinder-volume[108227]: DEBUG oslo_concurrency.processutils [None req-df718d47-d9f6-4af1-93dd-e432359c24b3 tempest-VolumesSnapshotTestJSON-2115482626 None] CMD "sudo cinder-rootwrap /etc/cinder/rootwrap.conf env LC_ALL=C lvs --noheadings --unit=g -o vg_name,name,size --nosuffix --readonly stack-volumes-lvmdriver-1/volume-37ea8ae9-854f-4ce6-a17c-151c2370adc5" returned: 0 in 0.445s {{(pid=108227) execute /usr/local/lib/python3.12/site-packages/oslo_concurrency/processutils.py:372}}
Nov 25 13:16:36.578205 np0005535648.novalocal cinder-volume[108227]: DEBUG oslo_concurrency.processutils [None req-df718d47-d9f6-4af1-93dd-e432359c24b3 tempest-VolumesSnapshotTestJSON-2115482626 None] Running cmd (subprocess): sudo cinder-rootwrap /etc/cinder/rootwrap.conf env LC_ALL=C lvcreate --name _snapshot-63d6563b-3e23-444d-a39a-bce8804f94c4 --snapshot stack-volumes-lvmdriver-1/volume-37ea8ae9-854f-4ce6-a17c-151c2370adc5 {{(pid=108227) execute /usr/local/lib/python3.12/site-packages/oslo_concurrency/processutils.py:349}}
Nov 25 13:16:36.597643 np0005535648.novalocal sudo[141901]: stack : PWD=/ ; USER=root ; COMMAND=/usr/local/bin/cinder-rootwrap /etc/cinder/rootwrap.conf env LC_ALL=C lvcreate --name _snapshot-63d6563b-3e23-444d-a39a-bce8804f94c4 --snapshot stack-volumes-lvmdriver-1/volume-37ea8ae9-854f-4ce6-a17c-151c2370adc5
Nov 25 13:16:37.082478 np0005535648.novalocal cinder-volume[108227]: DEBUG oslo_concurrency.processutils [None req-df718d47-d9f6-4af1-93dd-e432359c24b3 tempest-VolumesSnapshotTestJSON-2115482626 None] CMD "sudo cinder-rootwrap /etc/cinder/rootwrap.conf env LC_ALL=C lvcreate --name _snapshot-63d6563b-3e23-444d-a39a-bce8804f94c4 --snapshot stack-volumes-lvmdriver-1/volume-37ea8ae9-854f-4ce6-a17c-151c2370adc5" returned: 0 in 0.504s {{(pid=108227) execute /usr/local/lib/python3.12/site-packages/oslo_concurrency/processutils.py:372}}
Nov 25 13:16:37.127806 np0005535648.novalocal cinder-volume[108227]: INFO cinder.volume.manager [None req-df718d47-d9f6-4af1-93dd-e432359c24b3 tempest-VolumesSnapshotTestJSON-2115482626 None] Create snapshot completed successfully
Nov 25 13:16:37.299264 np0005535648.novalocal cinder-volume[108227]: DEBUG oslo_concurrency.processutils [None req-ba4d787c-27bb-4e02-8c5d-804807eaf217 tempest-VolumesSnapshotTestJSON-2115482626 None] Running cmd (subprocess): sudo cinder-rootwrap /etc/cinder/rootwrap.conf env LC_ALL=C lvs --noheadings --unit=g -o vg_name,name,size --nosuffix --readonly stack-volumes-lvmdriver-1/volume-37ea8ae9-854f-4ce6-a17c-151c2370adc5 {{(pid=108227) execute /usr/local/lib/python3.12/site-packages/oslo_concurrency/processutils.py:349}}
Nov 25 13:16:37.328109 np0005535648.novalocal sudo[141916]: stack : PWD=/ ; USER=root ; COMMAND=/usr/local/bin/cinder-rootwrap /etc/cinder/rootwrap.conf env LC_ALL=C lvs --noheadings --unit=g -o vg_name,name,size --nosuffix --readonly stack-volumes-lvmdriver-1/volume-37ea8ae9-854f-4ce6-a17c-151c2370adc5
Nov 25 13:16:37.715041 np0005535648.novalocal cinder-volume[108227]: DEBUG oslo_concurrency.processutils [None req-ba4d787c-27bb-4e02-8c5d-804807eaf217 tempest-VolumesSnapshotTestJSON-2115482626 None] CMD "sudo cinder-rootwrap /etc/cinder/rootwrap.conf env LC_ALL=C lvs --noheadings --unit=g -o vg_name,name,size --nosuffix --readonly stack-volumes-lvmdriver-1/volume-37ea8ae9-854f-4ce6-a17c-151c2370adc5" returned: 0 in 0.416s {{(pid=108227) execute /usr/local/lib/python3.12/site-packages/oslo_concurrency/processutils.py:372}}
Nov 25 13:16:37.716276 np0005535648.novalocal cinder-volume[108227]: DEBUG oslo_concurrency.processutils [None req-ba4d787c-27bb-4e02-8c5d-804807eaf217 tempest-VolumesSnapshotTestJSON-2115482626 None] Running cmd (subprocess): sudo cinder-rootwrap /etc/cinder/rootwrap.conf env LC_ALL=C lvcreate --name _snapshot-a20cc8f7-4b30-48e1-8d69-cf0be2f50c58 --snapshot stack-volumes-lvmdriver-1/volume-37ea8ae9-854f-4ce6-a17c-151c2370adc5 {{(pid=108227) execute /usr/local/lib/python3.12/site-packages/oslo_concurrency/processutils.py:349}}
Nov 25 13:16:37.742429 np0005535648.novalocal sudo[141921]: stack : PWD=/ ; USER=root ; COMMAND=/usr/local/bin/cinder-rootwrap /etc/cinder/rootwrap.conf env LC_ALL=C lvcreate --name _snapshot-a20cc8f7-4b30-48e1-8d69-cf0be2f50c58 --snapshot stack-volumes-lvmdriver-1/volume-37ea8ae9-854f-4ce6-a17c-151c2370adc5
Nov 25 13:16:38.149864 np0005535648.novalocal cinder-volume[108227]: DEBUG oslo_concurrency.processutils [None req-ba4d787c-27bb-4e02-8c5d-804807eaf217 tempest-VolumesSnapshotTestJSON-2115482626 None] CMD "sudo cinder-rootwrap /etc/cinder/rootwrap.conf env LC_ALL=C lvcreate --name _snapshot-a20cc8f7-4b30-48e1-8d69-cf0be2f50c58 --snapshot stack-volumes-lvmdriver-1/volume-37ea8ae9-854f-4ce6-a17c-151c2370adc5" returned: 0 in 0.433s {{(pid=108227) execute /usr/local/lib/python3.12/site-packages/oslo_concurrency/processutils.py:372}}
Nov 25 13:16:38.196966 np0005535648.novalocal cinder-volume[108227]: INFO cinder.volume.manager [None req-ba4d787c-27bb-4e02-8c5d-804807eaf217 tempest-VolumesSnapshotTestJSON-2115482626 None] Create snapshot completed successfully
Nov 25 13:16:38.464010 np0005535648.novalocal cinder-volume[108227]: DEBUG oslo_concurrency.processutils [None req-90d13409-757e-4119-81e6-a277593533fb tempest-VolumesSnapshotTestJSON-2115482626 None] Running cmd (subprocess): sudo cinder-rootwrap /etc/cinder/rootwrap.conf env LC_ALL=C lvs --noheadings --unit=g -o vg_name,name,size --nosuffix --readonly stack-volumes-lvmdriver-1/volume-37ea8ae9-854f-4ce6-a17c-151c2370adc5 {{(pid=108227) execute /usr/local/lib/python3.12/site-packages/oslo_concurrency/processutils.py:349}}
Nov 25 13:16:38.505868 np0005535648.novalocal sudo[141935]: stack : PWD=/ ; USER=root ; COMMAND=/usr/local/bin/cinder-rootwrap /etc/cinder/rootwrap.conf env LC_ALL=C lvs --noheadings --unit=g -o vg_name,name,size --nosuffix --readonly stack-volumes-lvmdriver-1/volume-37ea8ae9-854f-4ce6-a17c-151c2370adc5
Nov 25 13:16:38.885816 np0005535648.novalocal cinder-volume[108227]: DEBUG oslo_concurrency.processutils [None req-90d13409-757e-4119-81e6-a277593533fb tempest-VolumesSnapshotTestJSON-2115482626 None] CMD "sudo cinder-rootwrap /etc/cinder/rootwrap.conf env LC_ALL=C lvs --noheadings --unit=g -o vg_name,name,size --nosuffix --readonly stack-volumes-lvmdriver-1/volume-37ea8ae9-854f-4ce6-a17c-151c2370adc5" returned: 0 in 0.422s {{(pid=108227) execute /usr/local/lib/python3.12/site-packages/oslo_concurrency/processutils.py:372}}
Nov 25 13:16:38.887055 np0005535648.novalocal cinder-volume[108227]: DEBUG oslo_concurrency.processutils [None req-90d13409-757e-4119-81e6-a277593533fb tempest-VolumesSnapshotTestJSON-2115482626 None] Running cmd (subprocess): sudo cinder-rootwrap /etc/cinder/rootwrap.conf env LC_ALL=C lvcreate --name _snapshot-5b2c97a6-4201-4bec-b435-d18478b06105 --snapshot stack-volumes-lvmdriver-1/volume-37ea8ae9-854f-4ce6-a17c-151c2370adc5 {{(pid=108227) execute /usr/local/lib/python3.12/site-packages/oslo_concurrency/processutils.py:349}}
Nov 25 13:16:38.913850 np0005535648.novalocal sudo[141940]: stack : PWD=/ ; USER=root ; COMMAND=/usr/local/bin/cinder-rootwrap /etc/cinder/rootwrap.conf env LC_ALL=C lvcreate --name _snapshot-5b2c97a6-4201-4bec-b435-d18478b06105 --snapshot stack-volumes-lvmdriver-1/volume-37ea8ae9-854f-4ce6-a17c-151c2370adc5
Nov 25 13:16:39.331981 np0005535648.novalocal cinder-volume[108227]: DEBUG oslo_concurrency.processutils [None req-90d13409-757e-4119-81e6-a277593533fb tempest-VolumesSnapshotTestJSON-2115482626 None] CMD "sudo cinder-rootwrap /etc/cinder/rootwrap.conf env LC_ALL=C lvcreate --name _snapshot-5b2c97a6-4201-4bec-b435-d18478b06105 --snapshot stack-volumes-lvmdriver-1/volume-37ea8ae9-854f-4ce6-a17c-151c2370adc5" returned: 0 in 0.445s {{(pid=108227) execute /usr/local/lib/python3.12/site-packages/oslo_concurrency/processutils.py:372}}
Nov 25 13:16:39.364813 np0005535648.novalocal cinder-volume[108227]: INFO cinder.volume.manager [None req-90d13409-757e-4119-81e6-a277593533fb tempest-VolumesSnapshotTestJSON-2115482626 None] Create snapshot completed successfully
Nov 25 13:16:39.529661 np0005535648.novalocal cinder-volume[108227]: DEBUG cinder.coordination [None req-c7834ace-f991-4b86-b5a3-4926d8bd383f tempest-VolumesSnapshotTestJSON-2115482626 None] Acquiring lock "cinder-63d6563b-3e23-444d-a39a-bce8804f94c4-delete_snapshot" by "delete_snapshot" {{(pid=108227) __acquire /opt/stack/cinder/cinder/coordination.py:143}}
Nov 25 13:16:39.537873 np0005535648.novalocal cinder-volume[108227]: DEBUG cinder.coordination [None req-c7834ace-f991-4b86-b5a3-4926d8bd383f tempest-VolumesSnapshotTestJSON-2115482626 None] Lock "cinder-63d6563b-3e23-444d-a39a-bce8804f94c4-delete_snapshot" acquired by "delete_snapshot" :: waited 0.008s {{(pid=108227) __acquire /opt/stack/cinder/cinder/coordination.py:146}}
Nov 25 13:16:39.539758 np0005535648.novalocal cinder-volume[108227]: DEBUG oslo_concurrency.processutils [None req-c7834ace-f991-4b86-b5a3-4926d8bd383f tempest-VolumesSnapshotTestJSON-2115482626 None] Running cmd (subprocess): sudo cinder-rootwrap /etc/cinder/rootwrap.conf env LC_ALL=C lvs --noheadings --unit=g -o vg_name,name,size --nosuffix --readonly stack-volumes-lvmdriver-1/_snapshot-63d6563b-3e23-444d-a39a-bce8804f94c4 {{(pid=108227) execute /usr/local/lib/python3.12/site-packages/oslo_concurrency/processutils.py:349}}
Nov 25 13:16:39.567900 np0005535648.novalocal sudo[141953]: stack : PWD=/ ; USER=root ; COMMAND=/usr/local/bin/cinder-rootwrap /etc/cinder/rootwrap.conf env LC_ALL=C lvs --noheadings --unit=g -o vg_name,name,size --nosuffix --readonly stack-volumes-lvmdriver-1/_snapshot-63d6563b-3e23-444d-a39a-bce8804f94c4
Nov 25 13:16:40.025009 np0005535648.novalocal cinder-volume[108227]: DEBUG oslo_concurrency.processutils [None req-c7834ace-f991-4b86-b5a3-4926d8bd383f tempest-VolumesSnapshotTestJSON-2115482626 None] CMD "sudo cinder-rootwrap /etc/cinder/rootwrap.conf env LC_ALL=C lvs --noheadings --unit=g -o vg_name,name,size --nosuffix --readonly stack-volumes-lvmdriver-1/_snapshot-63d6563b-3e23-444d-a39a-bce8804f94c4" returned: 0 in 0.483s {{(pid=108227) execute /usr/local/lib/python3.12/site-packages/oslo_concurrency/processutils.py:372}}
Nov 25 13:16:40.025009 np0005535648.novalocal cinder-volume[108227]: DEBUG oslo_concurrency.processutils [None req-c7834ace-f991-4b86-b5a3-4926d8bd383f tempest-VolumesSnapshotTestJSON-2115482626 None] Running cmd (subprocess): sudo cinder-rootwrap /etc/cinder/rootwrap.conf lvremove --config activation { retry_deactivation = 1} -f stack-volumes-lvmdriver-1/_snapshot-63d6563b-3e23-444d-a39a-bce8804f94c4 {{(pid=108227) execute /usr/local/lib/python3.12/site-packages/oslo_concurrency/processutils.py:349}}
Nov 25 13:16:40.049217 np0005535648.novalocal sudo[141958]: stack : PWD=/ ; USER=root ; COMMAND=/usr/local/bin/cinder-rootwrap /etc/cinder/rootwrap.conf lvremove --config 'activation { retry_deactivation = 1} ' -f stack-volumes-lvmdriver-1/_snapshot-63d6563b-3e23-444d-a39a-bce8804f94c4
Nov 25 13:16:40.443678 np0005535648.novalocal cinder-volume[108227]: DEBUG oslo_concurrency.processutils [None req-c7834ace-f991-4b86-b5a3-4926d8bd383f tempest-VolumesSnapshotTestJSON-2115482626 None] CMD "sudo cinder-rootwrap /etc/cinder/rootwrap.conf lvremove --config activation { retry_deactivation = 1} -f stack-volumes-lvmdriver-1/_snapshot-63d6563b-3e23-444d-a39a-bce8804f94c4" returned: 0 in 0.419s {{(pid=108227) execute /usr/local/lib/python3.12/site-packages/oslo_concurrency/processutils.py:372}}
Nov 25 13:16:40.509442 np0005535648.novalocal cinder-volume[108227]: DEBUG cinder.quota [None req-c7834ace-f991-4b86-b5a3-4926d8bd383f tempest-VolumesSnapshotTestJSON-2115482626 None] Created reservations ['8bceb996-fc60-4224-bc82-4b70eef2ead9', 'f383ce44-a422-4457-b870-9dee95e07d01', '696a63cf-6c39-4183-b775-c8bced08083e', 'f46c4c28-64c8-4480-8e86-8daf04e49a1b'] {{(pid=108227) reserve /opt/stack/cinder/cinder/quota.py:752}}
Nov 25 13:16:40.549670 np0005535648.novalocal cinder-volume[108227]: INFO cinder.volume.manager [None req-c7834ace-f991-4b86-b5a3-4926d8bd383f tempest-VolumesSnapshotTestJSON-2115482626 None] Delete snapshot completed successfully.
Nov 25 13:16:40.557224 np0005535648.novalocal cinder-volume[108227]: DEBUG cinder.coordination [None req-c7834ace-f991-4b86-b5a3-4926d8bd383f tempest-VolumesSnapshotTestJSON-2115482626 None] Lock "cinder-63d6563b-3e23-444d-a39a-bce8804f94c4-delete_snapshot" released by "delete_snapshot" :: held 1.020s {{(pid=108227) __release /opt/stack/cinder/cinder/coordination.py:157}}
Nov 25 13:16:40.641029 np0005535648.novalocal cinder-volume[108227]: DEBUG cinder.coordination [None req-a9c46098-7cc8-4f93-8217-dc7eab4159b5 tempest-VolumesSnapshotTestJSON-2115482626 None] Acquiring lock "cinder-5b2c97a6-4201-4bec-b435-d18478b06105-delete_snapshot" by "delete_snapshot" {{(pid=108227) __acquire /opt/stack/cinder/cinder/coordination.py:143}}
Nov 25 13:16:40.647433 np0005535648.novalocal cinder-volume[108227]: DEBUG cinder.coordination [None req-a9c46098-7cc8-4f93-8217-dc7eab4159b5 tempest-VolumesSnapshotTestJSON-2115482626 None] Lock "cinder-5b2c97a6-4201-4bec-b435-d18478b06105-delete_snapshot" acquired by "delete_snapshot" :: waited 0.007s {{(pid=108227) __acquire /opt/stack/cinder/cinder/coordination.py:146}}
Nov 25 13:16:40.649339 np0005535648.novalocal cinder-volume[108227]: DEBUG oslo_concurrency.processutils [None req-a9c46098-7cc8-4f93-8217-dc7eab4159b5 tempest-VolumesSnapshotTestJSON-2115482626 None] Running cmd (subprocess): sudo cinder-rootwrap /etc/cinder/rootwrap.conf env LC_ALL=C lvs --noheadings --unit=g -o vg_name,name,size --nosuffix --readonly stack-volumes-lvmdriver-1/_snapshot-5b2c97a6-4201-4bec-b435-d18478b06105 {{(pid=108227) execute /usr/local/lib/python3.12/site-packages/oslo_concurrency/processutils.py:349}}
Nov 25 13:16:40.677390 np0005535648.novalocal sudo[141964]: stack : PWD=/ ; USER=root ; COMMAND=/usr/local/bin/cinder-rootwrap /etc/cinder/rootwrap.conf env LC_ALL=C lvs --noheadings --unit=g -o vg_name,name,size --nosuffix --readonly stack-volumes-lvmdriver-1/_snapshot-5b2c97a6-4201-4bec-b435-d18478b06105
Nov 25 13:16:41.038790 np0005535648.novalocal cinder-volume[108227]: DEBUG oslo_concurrency.processutils [None req-a9c46098-7cc8-4f93-8217-dc7eab4159b5 tempest-VolumesSnapshotTestJSON-2115482626 None] CMD "sudo cinder-rootwrap /etc/cinder/rootwrap.conf env LC_ALL=C lvs --noheadings --unit=g -o vg_name,name,size --nosuffix --readonly stack-volumes-lvmdriver-1/_snapshot-5b2c97a6-4201-4bec-b435-d18478b06105" returned: 0 in 0.390s {{(pid=108227) execute /usr/local/lib/python3.12/site-packages/oslo_concurrency/processutils.py:372}}
Nov 25 13:16:41.039734 np0005535648.novalocal cinder-volume[108227]: DEBUG oslo_concurrency.processutils [None req-a9c46098-7cc8-4f93-8217-dc7eab4159b5 tempest-VolumesSnapshotTestJSON-2115482626 None] Running cmd (subprocess): sudo cinder-rootwrap /etc/cinder/rootwrap.conf lvremove --config activation { retry_deactivation = 1} -f stack-volumes-lvmdriver-1/_snapshot-5b2c97a6-4201-4bec-b435-d18478b06105 {{(pid=108227) execute /usr/local/lib/python3.12/site-packages/oslo_concurrency/processutils.py:349}}
Nov 25 13:16:41.056798 np0005535648.novalocal sudo[141971]: stack : PWD=/ ; USER=root ; COMMAND=/usr/local/bin/cinder-rootwrap /etc/cinder/rootwrap.conf lvremove --config 'activation { retry_deactivation = 1} ' -f stack-volumes-lvmdriver-1/_snapshot-5b2c97a6-4201-4bec-b435-d18478b06105
Nov 25 13:16:41.474492 np0005535648.novalocal cinder-volume[108227]: DEBUG oslo_concurrency.processutils [None req-a9c46098-7cc8-4f93-8217-dc7eab4159b5 tempest-VolumesSnapshotTestJSON-2115482626 None] CMD "sudo cinder-rootwrap /etc/cinder/rootwrap.conf lvremove --config activation { retry_deactivation = 1} -f stack-volumes-lvmdriver-1/_snapshot-5b2c97a6-4201-4bec-b435-d18478b06105" returned: 0 in 0.435s {{(pid=108227) execute /usr/local/lib/python3.12/site-packages/oslo_concurrency/processutils.py:372}}
Nov 25 13:16:41.505874 np0005535648.novalocal cinder-volume[108227]: DEBUG cinder.quota [None req-a9c46098-7cc8-4f93-8217-dc7eab4159b5 tempest-VolumesSnapshotTestJSON-2115482626 None] Created reservations ['233b1781-affb-4c05-a53a-3c905ae5847f', '7fffb379-a8cb-423d-babe-c801da544bbc', '3011a492-7b7f-4275-a39a-ba2c34bbb910', '2afbf194-94a4-433d-9fdf-6dbfab0a2c93'] {{(pid=108227) reserve /opt/stack/cinder/cinder/quota.py:752}}
Nov 25 13:16:41.526613 np0005535648.novalocal cinder-volume[108227]: INFO cinder.volume.manager [None req-a9c46098-7cc8-4f93-8217-dc7eab4159b5 tempest-VolumesSnapshotTestJSON-2115482626 None] Delete snapshot completed successfully.
Nov 25 13:16:41.529147 np0005535648.novalocal cinder-volume[108227]: DEBUG cinder.coordination [None req-a9c46098-7cc8-4f93-8217-dc7eab4159b5 tempest-VolumesSnapshotTestJSON-2115482626 None] Lock "cinder-5b2c97a6-4201-4bec-b435-d18478b06105-delete_snapshot" released by "delete_snapshot" :: held 0.882s {{(pid=108227) __release /opt/stack/cinder/cinder/coordination.py:157}}
Nov 25 13:16:41.740502 np0005535648.novalocal cinder-volume[108227]: DEBUG cinder.coordination [None req-02e7b26e-256f-4f04-993e-2ae133d77fa1 tempest-VolumesSnapshotTestJSON-2115482626 None] Acquiring lock "cinder-a20cc8f7-4b30-48e1-8d69-cf0be2f50c58-delete_snapshot" by "delete_snapshot" {{(pid=108227) __acquire /opt/stack/cinder/cinder/coordination.py:143}}
Nov 25 13:16:41.748132 np0005535648.novalocal cinder-volume[108227]: DEBUG cinder.coordination [None req-02e7b26e-256f-4f04-993e-2ae133d77fa1 tempest-VolumesSnapshotTestJSON-2115482626 None] Lock "cinder-a20cc8f7-4b30-48e1-8d69-cf0be2f50c58-delete_snapshot" acquired by "delete_snapshot" :: waited 0.008s {{(pid=108227) __acquire /opt/stack/cinder/cinder/coordination.py:146}}
Nov 25 13:16:41.749601 np0005535648.novalocal cinder-volume[108227]: DEBUG oslo_concurrency.processutils [None req-02e7b26e-256f-4f04-993e-2ae133d77fa1 tempest-VolumesSnapshotTestJSON-2115482626 None] Running cmd (subprocess): sudo cinder-rootwrap /etc/cinder/rootwrap.conf env LC_ALL=C lvs --noheadings --unit=g -o vg_name,name,size --nosuffix --readonly stack-volumes-lvmdriver-1/_snapshot-a20cc8f7-4b30-48e1-8d69-cf0be2f50c58 {{(pid=108227) execute /usr/local/lib/python3.12/site-packages/oslo_concurrency/processutils.py:349}}
Nov 25 13:16:41.769700 np0005535648.novalocal sudo[141981]: stack : PWD=/ ; USER=root ; COMMAND=/usr/local/bin/cinder-rootwrap /etc/cinder/rootwrap.conf env LC_ALL=C lvs --noheadings --unit=g -o vg_name,name,size --nosuffix --readonly stack-volumes-lvmdriver-1/_snapshot-a20cc8f7-4b30-48e1-8d69-cf0be2f50c58
Nov 25 13:16:42.110734 np0005535648.novalocal cinder-volume[108227]: DEBUG oslo_concurrency.processutils [None req-02e7b26e-256f-4f04-993e-2ae133d77fa1 tempest-VolumesSnapshotTestJSON-2115482626 None] CMD "sudo cinder-rootwrap /etc/cinder/rootwrap.conf env LC_ALL=C lvs --noheadings --unit=g -o vg_name,name,size --nosuffix --readonly stack-volumes-lvmdriver-1/_snapshot-a20cc8f7-4b30-48e1-8d69-cf0be2f50c58" returned: 0 in 0.361s {{(pid=108227) execute /usr/local/lib/python3.12/site-packages/oslo_concurrency/processutils.py:372}}
Nov 25 13:16:42.111619 np0005535648.novalocal cinder-volume[108227]: DEBUG oslo_concurrency.processutils [None req-02e7b26e-256f-4f04-993e-2ae133d77fa1 tempest-VolumesSnapshotTestJSON-2115482626 None] Running cmd (subprocess): sudo cinder-rootwrap /etc/cinder/rootwrap.conf lvremove --config activation { retry_deactivation = 1} -f stack-volumes-lvmdriver-1/_snapshot-a20cc8f7-4b30-48e1-8d69-cf0be2f50c58 {{(pid=108227) execute /usr/local/lib/python3.12/site-packages/oslo_concurrency/processutils.py:349}}
Nov 25 13:16:42.130109 np0005535648.novalocal sudo[141987]: stack : PWD=/ ; USER=root ; COMMAND=/usr/local/bin/cinder-rootwrap /etc/cinder/rootwrap.conf lvremove --config 'activation { retry_deactivation = 1} ' -f stack-volumes-lvmdriver-1/_snapshot-a20cc8f7-4b30-48e1-8d69-cf0be2f50c58
Nov 25 13:16:42.588189 np0005535648.novalocal cinder-volume[108227]: DEBUG oslo_concurrency.processutils [None req-02e7b26e-256f-4f04-993e-2ae133d77fa1 tempest-VolumesSnapshotTestJSON-2115482626 None] CMD "sudo cinder-rootwrap /etc/cinder/rootwrap.conf lvremove --config activation { retry_deactivation = 1} -f stack-volumes-lvmdriver-1/_snapshot-a20cc8f7-4b30-48e1-8d69-cf0be2f50c58" returned: 0 in 0.476s {{(pid=108227) execute /usr/local/lib/python3.12/site-packages/oslo_concurrency/processutils.py:372}}
Nov 25 13:16:42.637478 np0005535648.novalocal cinder-volume[108227]: DEBUG cinder.quota [None req-02e7b26e-256f-4f04-993e-2ae133d77fa1 tempest-VolumesSnapshotTestJSON-2115482626 None] Created reservations ['6c564701-a7f1-4c5f-a699-1448cc02fb1d', '952c3340-5ec4-4e7b-af89-c2d9f2810391', '7882b518-cd1c-4ed3-a7f7-b006be390448', '66f0e2e8-e84b-4b76-9969-2a793012ef1b'] {{(pid=108227) reserve /opt/stack/cinder/cinder/quota.py:752}}
Nov 25 13:16:42.676572 np0005535648.novalocal cinder-volume[108227]: INFO cinder.volume.manager [None req-02e7b26e-256f-4f04-993e-2ae133d77fa1 tempest-VolumesSnapshotTestJSON-2115482626 None] Delete snapshot completed successfully.
Nov 25 13:16:42.681959 np0005535648.novalocal cinder-volume[108227]: DEBUG cinder.coordination [None req-02e7b26e-256f-4f04-993e-2ae133d77fa1 tempest-VolumesSnapshotTestJSON-2115482626 None] Lock "cinder-a20cc8f7-4b30-48e1-8d69-cf0be2f50c58-delete_snapshot" released by "delete_snapshot" :: held 0.934s {{(pid=108227) __release /opt/stack/cinder/cinder/coordination.py:157}}
Nov 25 13:16:44.417823 np0005535648.novalocal cinder-volume[108227]: DEBUG oslo_concurrency.lockutils [req-23707eec-c988-4c0a-9dc6-57b682b4d810 req-c728fa73-c9a8-4522-8ce2-b8cd6114d1d1 tempest-VolumesSnapshotTestJSON-2115482626 None] Acquiring lock "lioadm" by "cinder.volume.targets.lio.LioAdm._execute" {{(pid=108227) inner /usr/local/lib/python3.12/site-packages/oslo_concurrency/lockutils.py:405}}
Nov 25 13:16:44.418847 np0005535648.novalocal cinder-volume[108227]: DEBUG oslo_concurrency.lockutils [req-23707eec-c988-4c0a-9dc6-57b682b4d810 req-c728fa73-c9a8-4522-8ce2-b8cd6114d1d1 tempest-VolumesSnapshotTestJSON-2115482626 None] Lock "lioadm" acquired by "cinder.volume.targets.lio.LioAdm._execute" :: waited 0.001s {{(pid=108227) inner /usr/local/lib/python3.12/site-packages/oslo_concurrency/lockutils.py:410}}
Nov 25 13:16:44.419463 np0005535648.novalocal cinder-volume[108227]: DEBUG oslo_concurrency.processutils [req-23707eec-c988-4c0a-9dc6-57b682b4d810 req-c728fa73-c9a8-4522-8ce2-b8cd6114d1d1 tempest-VolumesSnapshotTestJSON-2115482626 None] Running cmd (subprocess): sudo cinder-rootwrap /etc/cinder/rootwrap.conf cinder-rtstool delete-initiator iqn.2010-10.org.openstack:volume-37ea8ae9-854f-4ce6-a17c-151c2370adc5 iqn.1994-05.com.redhat:521f6b681fe5 {{(pid=108227) execute /usr/local/lib/python3.12/site-packages/oslo_concurrency/processutils.py:349}}
Nov 25 13:16:44.446606 np0005535648.novalocal sudo[142031]: stack : PWD=/ ; USER=root ; COMMAND=/usr/local/bin/cinder-rootwrap /etc/cinder/rootwrap.conf cinder-rtstool delete-initiator iqn.2010-10.org.openstack:volume-37ea8ae9-854f-4ce6-a17c-151c2370adc5 iqn.1994-05.com.redhat:521f6b681fe5
Nov 25 13:16:45.027648 np0005535648.novalocal cinder-volume[108227]: DEBUG oslo_concurrency.processutils [req-23707eec-c988-4c0a-9dc6-57b682b4d810 req-c728fa73-c9a8-4522-8ce2-b8cd6114d1d1 tempest-VolumesSnapshotTestJSON-2115482626 None] CMD "sudo cinder-rootwrap /etc/cinder/rootwrap.conf cinder-rtstool delete-initiator iqn.2010-10.org.openstack:volume-37ea8ae9-854f-4ce6-a17c-151c2370adc5 iqn.1994-05.com.redhat:521f6b681fe5" returned: 0 in 0.608s {{(pid=108227) execute /usr/local/lib/python3.12/site-packages/oslo_concurrency/processutils.py:372}}
Nov 25 13:16:45.028051 np0005535648.novalocal cinder-volume[108227]: DEBUG oslo_concurrency.lockutils [req-23707eec-c988-4c0a-9dc6-57b682b4d810 req-c728fa73-c9a8-4522-8ce2-b8cd6114d1d1 tempest-VolumesSnapshotTestJSON-2115482626 None] Lock "lioadm" "released" by "cinder.volume.targets.lio.LioAdm._execute" :: held 0.609s {{(pid=108227) inner /usr/local/lib/python3.12/site-packages/oslo_concurrency/lockutils.py:424}}
Nov 25 13:16:45.028300 np0005535648.novalocal cinder-volume[108227]: DEBUG oslo_concurrency.lockutils [req-23707eec-c988-4c0a-9dc6-57b682b4d810 req-c728fa73-c9a8-4522-8ce2-b8cd6114d1d1 tempest-VolumesSnapshotTestJSON-2115482626 None] Acquiring lock "lioadm" by "cinder.volume.targets.lio.LioAdm._execute" {{(pid=108227) inner /usr/local/lib/python3.12/site-packages/oslo_concurrency/lockutils.py:405}}
Nov 25 13:16:45.028792 np0005535648.novalocal cinder-volume[108227]: DEBUG oslo_concurrency.lockutils [req-23707eec-c988-4c0a-9dc6-57b682b4d810 req-c728fa73-c9a8-4522-8ce2-b8cd6114d1d1 tempest-VolumesSnapshotTestJSON-2115482626 None] Lock "lioadm" acquired by "cinder.volume.targets.lio.LioAdm._execute" :: waited 0.001s {{(pid=108227) inner /usr/local/lib/python3.12/site-packages/oslo_concurrency/lockutils.py:410}}
Nov 25 13:16:45.029551 np0005535648.novalocal cinder-volume[108227]: DEBUG oslo_concurrency.processutils [req-23707eec-c988-4c0a-9dc6-57b682b4d810 req-c728fa73-c9a8-4522-8ce2-b8cd6114d1d1 tempest-VolumesSnapshotTestJSON-2115482626 None] Running cmd (subprocess): sudo cinder-rootwrap /etc/cinder/rootwrap.conf cinder-rtstool save {{(pid=108227) execute /usr/local/lib/python3.12/site-packages/oslo_concurrency/processutils.py:349}}
Nov 25 13:16:45.053120 np0005535648.novalocal sudo[142037]: stack : PWD=/ ; USER=root ; COMMAND=/usr/local/bin/cinder-rootwrap /etc/cinder/rootwrap.conf cinder-rtstool save
Nov 25 13:16:45.580620 np0005535648.novalocal cinder-volume[108227]: DEBUG oslo_concurrency.processutils [req-23707eec-c988-4c0a-9dc6-57b682b4d810 req-c728fa73-c9a8-4522-8ce2-b8cd6114d1d1 tempest-VolumesSnapshotTestJSON-2115482626 None] CMD "sudo cinder-rootwrap /etc/cinder/rootwrap.conf cinder-rtstool save" returned: 0 in 0.550s {{(pid=108227) execute /usr/local/lib/python3.12/site-packages/oslo_concurrency/processutils.py:372}}
Nov 25 13:16:45.580620 np0005535648.novalocal cinder-volume[108227]: DEBUG oslo_concurrency.lockutils [req-23707eec-c988-4c0a-9dc6-57b682b4d810 req-c728fa73-c9a8-4522-8ce2-b8cd6114d1d1 tempest-VolumesSnapshotTestJSON-2115482626 None] Lock "lioadm" "released" by "cinder.volume.targets.lio.LioAdm._execute" :: held 0.551s {{(pid=108227) inner /usr/local/lib/python3.12/site-packages/oslo_concurrency/lockutils.py:424}}
Nov 25 13:16:45.580620 np0005535648.novalocal cinder-volume[108227]: INFO cinder.volume.manager [req-23707eec-c988-4c0a-9dc6-57b682b4d810 req-c728fa73-c9a8-4522-8ce2-b8cd6114d1d1 tempest-VolumesSnapshotTestJSON-2115482626 None] Terminate volume connection completed successfully.
Nov 25 13:16:45.581193 np0005535648.novalocal cinder-volume[108227]: DEBUG cinder.volume.manager [req-23707eec-c988-4c0a-9dc6-57b682b4d810 req-c728fa73-c9a8-4522-8ce2-b8cd6114d1d1 tempest-VolumesSnapshotTestJSON-2115482626 None] Deleting attachment 4eea9fce-9e5b-48cb-b39b-d67c9ea5e877. {{(pid=108227) attachment_delete /opt/stack/cinder/cinder/volume/manager.py:5023}}
Nov 25 13:16:45.581193 np0005535648.novalocal cinder-volume[108227]: DEBUG oslo_concurrency.lockutils [req-23707eec-c988-4c0a-9dc6-57b682b4d810 req-c728fa73-c9a8-4522-8ce2-b8cd6114d1d1 tempest-VolumesSnapshotTestJSON-2115482626 None] Acquiring lock "lioadm" by "cinder.volume.targets.lio.LioAdm._execute" {{(pid=108227) inner /usr/local/lib/python3.12/site-packages/oslo_concurrency/lockutils.py:405}}
Nov 25 13:16:45.581494 np0005535648.novalocal cinder-volume[108227]: DEBUG oslo_concurrency.lockutils [req-23707eec-c988-4c0a-9dc6-57b682b4d810 req-c728fa73-c9a8-4522-8ce2-b8cd6114d1d1 tempest-VolumesSnapshotTestJSON-2115482626 None] Lock "lioadm" acquired by "cinder.volume.targets.lio.LioAdm._execute" :: waited 0.000s {{(pid=108227) inner /usr/local/lib/python3.12/site-packages/oslo_concurrency/lockutils.py:410}}
Nov 25 13:16:45.582143 np0005535648.novalocal cinder-volume[108227]: DEBUG oslo_concurrency.processutils [req-23707eec-c988-4c0a-9dc6-57b682b4d810 req-c728fa73-c9a8-4522-8ce2-b8cd6114d1d1 tempest-VolumesSnapshotTestJSON-2115482626 None] Running cmd (subprocess): sudo cinder-rootwrap /etc/cinder/rootwrap.conf cinder-rtstool get-targets {{(pid=108227) execute /usr/local/lib/python3.12/site-packages/oslo_concurrency/processutils.py:349}}
Nov 25 13:16:45.605388 np0005535648.novalocal sudo[142043]: stack : PWD=/ ; USER=root ; COMMAND=/usr/local/bin/cinder-rootwrap /etc/cinder/rootwrap.conf cinder-rtstool get-targets
Nov 25 13:16:45.727055 np0005535648.novalocal cinder-volume[108227]: DEBUG oslo_service.periodic_task [None req-a305c737-4a04-48cc-9e8a-2ca30bc29f27 None None] Running periodic task VolumeManager.publish_service_capabilities {{(pid=108227) run_periodic_tasks /usr/local/lib/python3.12/site-packages/oslo_service/periodic_task.py:210}}
Nov 25 13:16:45.727923 np0005535648.novalocal cinder-volume[108227]: DEBUG cinder.volume.drivers.lvm [None req-a305c737-4a04-48cc-9e8a-2ca30bc29f27 None None] Updating volume stats {{(pid=108227) _update_volume_stats /opt/stack/cinder/cinder/volume/drivers/lvm.py:228}}
Nov 25 13:16:45.727923 np0005535648.novalocal cinder-volume[108227]: DEBUG oslo_concurrency.processutils [None req-a305c737-4a04-48cc-9e8a-2ca30bc29f27 None None] Running cmd (subprocess): sudo cinder-rootwrap /etc/cinder/rootwrap.conf env LC_ALL=C vgs --noheadings --unit=g -o name,size,free,lv_count,uuid --separator : --nosuffix stack-volumes-lvmdriver-1 {{(pid=108227) execute /usr/local/lib/python3.12/site-packages/oslo_concurrency/processutils.py:349}}
Nov 25 13:16:45.754735 np0005535648.novalocal sudo[142046]: stack : PWD=/ ; USER=root ; COMMAND=/usr/local/bin/cinder-rootwrap /etc/cinder/rootwrap.conf env LC_ALL=C vgs --noheadings --unit=g -o name,size,free,lv_count,uuid --separator : --nosuffix stack-volumes-lvmdriver-1
Nov 25 13:16:46.144641 np0005535648.novalocal cinder-volume[108227]: DEBUG oslo_concurrency.processutils [req-23707eec-c988-4c0a-9dc6-57b682b4d810 req-c728fa73-c9a8-4522-8ce2-b8cd6114d1d1 tempest-VolumesSnapshotTestJSON-2115482626 None] CMD "sudo cinder-rootwrap /etc/cinder/rootwrap.conf cinder-rtstool get-targets" returned: 0 in 0.562s {{(pid=108227) execute /usr/local/lib/python3.12/site-packages/oslo_concurrency/processutils.py:372}}
Nov 25 13:16:46.144641 np0005535648.novalocal cinder-volume[108227]: DEBUG oslo_concurrency.lockutils [req-23707eec-c988-4c0a-9dc6-57b682b4d810 req-c728fa73-c9a8-4522-8ce2-b8cd6114d1d1 tempest-VolumesSnapshotTestJSON-2115482626 None] Lock "lioadm" "released" by "cinder.volume.targets.lio.LioAdm._execute" :: held 0.563s {{(pid=108227) inner /usr/local/lib/python3.12/site-packages/oslo_concurrency/lockutils.py:424}}
Nov 25 13:16:46.145000 np0005535648.novalocal cinder-volume[108227]: INFO cinder.volume.targets.lio [req-23707eec-c988-4c0a-9dc6-57b682b4d810 req-c728fa73-c9a8-4522-8ce2-b8cd6114d1d1 tempest-VolumesSnapshotTestJSON-2115482626 None] Removing iscsi_target: 37ea8ae9-854f-4ce6-a17c-151c2370adc5
Nov 25 13:16:46.145227 np0005535648.novalocal cinder-volume[108227]: DEBUG oslo_concurrency.lockutils [req-23707eec-c988-4c0a-9dc6-57b682b4d810 req-c728fa73-c9a8-4522-8ce2-b8cd6114d1d1 tempest-VolumesSnapshotTestJSON-2115482626 None] Acquiring lock "lioadm" by "cinder.volume.targets.lio.LioAdm._execute" {{(pid=108227) inner /usr/local/lib/python3.12/site-packages/oslo_concurrency/lockutils.py:405}}
Nov 25 13:16:46.146193 np0005535648.novalocal cinder-volume[108227]: DEBUG oslo_concurrency.lockutils [req-23707eec-c988-4c0a-9dc6-57b682b4d810 req-c728fa73-c9a8-4522-8ce2-b8cd6114d1d1 tempest-VolumesSnapshotTestJSON-2115482626 None] Lock "lioadm" acquired by "cinder.volume.targets.lio.LioAdm._execute" :: waited 0.001s {{(pid=108227) inner /usr/local/lib/python3.12/site-packages/oslo_concurrency/lockutils.py:410}}
Nov 25 13:16:46.147496 np0005535648.novalocal cinder-volume[108227]: DEBUG oslo_concurrency.processutils [req-23707eec-c988-4c0a-9dc6-57b682b4d810 req-c728fa73-c9a8-4522-8ce2-b8cd6114d1d1 tempest-VolumesSnapshotTestJSON-2115482626 None] Running cmd (subprocess): sudo cinder-rootwrap /etc/cinder/rootwrap.conf cinder-rtstool delete iqn.2010-10.org.openstack:volume-37ea8ae9-854f-4ce6-a17c-151c2370adc5 {{(pid=108227) execute /usr/local/lib/python3.12/site-packages/oslo_concurrency/processutils.py:349}}
Nov 25 13:16:46.165089 np0005535648.novalocal sudo[142053]: stack : PWD=/ ; USER=root ; COMMAND=/usr/local/bin/cinder-rootwrap /etc/cinder/rootwrap.conf cinder-rtstool delete iqn.2010-10.org.openstack:volume-37ea8ae9-854f-4ce6-a17c-151c2370adc5
Nov 25 13:16:46.166933 np0005535648.novalocal cinder-volume[108227]: DEBUG oslo_concurrency.processutils [None req-a305c737-4a04-48cc-9e8a-2ca30bc29f27 None None] CMD "sudo cinder-rootwrap /etc/cinder/rootwrap.conf env LC_ALL=C vgs --noheadings --unit=g -o name,size,free,lv_count,uuid --separator : --nosuffix stack-volumes-lvmdriver-1" returned: 0 in 0.439s {{(pid=108227) execute /usr/local/lib/python3.12/site-packages/oslo_concurrency/processutils.py:372}}
Nov 25 13:16:46.167681 np0005535648.novalocal cinder-volume[108227]: DEBUG oslo_concurrency.processutils [None req-a305c737-4a04-48cc-9e8a-2ca30bc29f27 None None] Running cmd (subprocess): sudo cinder-rootwrap /etc/cinder/rootwrap.conf env LC_ALL=C lvs --noheadings --unit=g -o vg_name,name,size --nosuffix --readonly stack-volumes-lvmdriver-1 {{(pid=108227) execute /usr/local/lib/python3.12/site-packages/oslo_concurrency/processutils.py:349}}
Nov 25 13:16:46.192877 np0005535648.novalocal sudo[142056]: stack : PWD=/ ; USER=root ; COMMAND=/usr/local/bin/cinder-rootwrap /etc/cinder/rootwrap.conf env LC_ALL=C lvs --noheadings --unit=g -o vg_name,name,size --nosuffix --readonly stack-volumes-lvmdriver-1
Nov 25 13:16:46.556726 np0005535648.novalocal cinder-volume[108227]: DEBUG oslo_concurrency.processutils [None req-a305c737-4a04-48cc-9e8a-2ca30bc29f27 None None] CMD "sudo cinder-rootwrap /etc/cinder/rootwrap.conf env LC_ALL=C lvs --noheadings --unit=g -o vg_name,name,size --nosuffix --readonly stack-volumes-lvmdriver-1" returned: 0 in 0.388s {{(pid=108227) execute /usr/local/lib/python3.12/site-packages/oslo_concurrency/processutils.py:372}}
Nov 25 13:16:46.557655 np0005535648.novalocal cinder-volume[108227]: DEBUG oslo_concurrency.processutils [None req-a305c737-4a04-48cc-9e8a-2ca30bc29f27 None None] Running cmd (subprocess): sudo cinder-rootwrap /etc/cinder/rootwrap.conf env LC_ALL=C lvs --noheadings --unit=g -o size,data_percent --separator : --nosuffix /dev/stack-volumes-lvmdriver-1/stack-volumes-lvmdriver-1-pool {{(pid=108227) execute /usr/local/lib/python3.12/site-packages/oslo_concurrency/processutils.py:349}}
Nov 25 13:16:46.582024 np0005535648.novalocal sudo[142064]: stack : PWD=/ ; USER=root ; COMMAND=/usr/local/bin/cinder-rootwrap /etc/cinder/rootwrap.conf env LC_ALL=C lvs --noheadings --unit=g -o size,data_percent --separator : --nosuffix /dev/stack-volumes-lvmdriver-1/stack-volumes-lvmdriver-1-pool
Nov 25 13:16:46.767698 np0005535648.novalocal cinder-volume[108227]: DEBUG oslo_concurrency.processutils [req-23707eec-c988-4c0a-9dc6-57b682b4d810 req-c728fa73-c9a8-4522-8ce2-b8cd6114d1d1 tempest-VolumesSnapshotTestJSON-2115482626 None] CMD "sudo cinder-rootwrap /etc/cinder/rootwrap.conf cinder-rtstool delete iqn.2010-10.org.openstack:volume-37ea8ae9-854f-4ce6-a17c-151c2370adc5" returned: 0 in 0.621s {{(pid=108227) execute /usr/local/lib/python3.12/site-packages/oslo_concurrency/processutils.py:372}}
Nov 25 13:16:46.768160 np0005535648.novalocal cinder-volume[108227]: DEBUG oslo_concurrency.lockutils [req-23707eec-c988-4c0a-9dc6-57b682b4d810 req-c728fa73-c9a8-4522-8ce2-b8cd6114d1d1 tempest-VolumesSnapshotTestJSON-2115482626 None] Lock "lioadm" "released" by "cinder.volume.targets.lio.LioAdm._execute" :: held 0.622s {{(pid=108227) inner /usr/local/lib/python3.12/site-packages/oslo_concurrency/lockutils.py:424}}
Nov 25 13:16:46.768160 np0005535648.novalocal cinder-volume[108227]: DEBUG oslo_concurrency.lockutils [req-23707eec-c988-4c0a-9dc6-57b682b4d810 req-c728fa73-c9a8-4522-8ce2-b8cd6114d1d1 tempest-VolumesSnapshotTestJSON-2115482626 None] Acquiring lock "lioadm" by "cinder.volume.targets.lio.LioAdm._execute" {{(pid=108227) inner /usr/local/lib/python3.12/site-packages/oslo_concurrency/lockutils.py:405}}
Nov 25 13:16:46.768624 np0005535648.novalocal cinder-volume[108227]: DEBUG oslo_concurrency.lockutils [req-23707eec-c988-4c0a-9dc6-57b682b4d810 req-c728fa73-c9a8-4522-8ce2-b8cd6114d1d1 tempest-VolumesSnapshotTestJSON-2115482626 None] Lock "lioadm" acquired by "cinder.volume.targets.lio.LioAdm._execute" :: waited 0.000s {{(pid=108227) inner /usr/local/lib/python3.12/site-packages/oslo_concurrency/lockutils.py:410}}
Nov 25 13:16:46.769887 np0005535648.novalocal cinder-volume[108227]: DEBUG oslo_concurrency.processutils [req-23707eec-c988-4c0a-9dc6-57b682b4d810 req-c728fa73-c9a8-4522-8ce2-b8cd6114d1d1 tempest-VolumesSnapshotTestJSON-2115482626 None] Running cmd (subprocess): sudo cinder-rootwrap /etc/cinder/rootwrap.conf cinder-rtstool save {{(pid=108227) execute /usr/local/lib/python3.12/site-packages/oslo_concurrency/processutils.py:349}}
Nov 25 13:16:46.792330 np0005535648.novalocal sudo[142069]: stack : PWD=/ ; USER=root ; COMMAND=/usr/local/bin/cinder-rootwrap /etc/cinder/rootwrap.conf cinder-rtstool save
Nov 25 13:16:46.933963 np0005535648.novalocal cinder-volume[108227]: DEBUG oslo_concurrency.processutils [None req-a305c737-4a04-48cc-9e8a-2ca30bc29f27 None None] CMD "sudo cinder-rootwrap /etc/cinder/rootwrap.conf env LC_ALL=C lvs --noheadings --unit=g -o size,data_percent --separator : --nosuffix /dev/stack-volumes-lvmdriver-1/stack-volumes-lvmdriver-1-pool" returned: 0 in 0.376s {{(pid=108227) execute /usr/local/lib/python3.12/site-packages/oslo_concurrency/processutils.py:372}}
Nov 25 13:16:46.934915 np0005535648.novalocal cinder-volume[108227]: DEBUG oslo_concurrency.processutils [None req-a305c737-4a04-48cc-9e8a-2ca30bc29f27 None None] Running cmd (subprocess): sudo cinder-rootwrap /etc/cinder/rootwrap.conf env LC_ALL=C lvs --noheadings --unit=g -o vg_name,name,size --nosuffix --readonly stack-volumes-lvmdriver-1 {{(pid=108227) execute /usr/local/lib/python3.12/site-packages/oslo_concurrency/processutils.py:349}}
Nov 25 13:16:46.958333 np0005535648.novalocal sudo[142074]: stack : PWD=/ ; USER=root ; COMMAND=/usr/local/bin/cinder-rootwrap /etc/cinder/rootwrap.conf env LC_ALL=C lvs --noheadings --unit=g -o vg_name,name,size --nosuffix --readonly stack-volumes-lvmdriver-1
Nov 25 13:16:47.357067 np0005535648.novalocal cinder-volume[108227]: DEBUG oslo_concurrency.processutils [req-23707eec-c988-4c0a-9dc6-57b682b4d810 req-c728fa73-c9a8-4522-8ce2-b8cd6114d1d1 tempest-VolumesSnapshotTestJSON-2115482626 None] CMD "sudo cinder-rootwrap /etc/cinder/rootwrap.conf cinder-rtstool save" returned: 0 in 0.585s {{(pid=108227) execute /usr/local/lib/python3.12/site-packages/oslo_concurrency/processutils.py:372}}
Nov 25 13:16:47.357067 np0005535648.novalocal cinder-volume[108227]: DEBUG oslo_concurrency.lockutils [req-23707eec-c988-4c0a-9dc6-57b682b4d810 req-c728fa73-c9a8-4522-8ce2-b8cd6114d1d1 tempest-VolumesSnapshotTestJSON-2115482626 None] Lock "lioadm" "released" by "cinder.volume.targets.lio.LioAdm._execute" :: held 0.587s {{(pid=108227) inner /usr/local/lib/python3.12/site-packages/oslo_concurrency/lockutils.py:424}}
Nov 25 13:16:47.369138 np0005535648.novalocal cinder-volume[108227]: DEBUG oslo_concurrency.processutils [None req-a305c737-4a04-48cc-9e8a-2ca30bc29f27 None None] CMD "sudo cinder-rootwrap /etc/cinder/rootwrap.conf env LC_ALL=C lvs --noheadings --unit=g -o vg_name,name,size --nosuffix --readonly stack-volumes-lvmdriver-1" returned: 0 in 0.434s {{(pid=108227) execute /usr/local/lib/python3.12/site-packages/oslo_concurrency/processutils.py:372}}
Nov 25 13:16:47.369961 np0005535648.novalocal cinder-volume[108227]: DEBUG cinder.manager [None req-a305c737-4a04-48cc-9e8a-2ca30bc29f27 None None] Notifying Schedulers of capabilities ... {{(pid=108227) _publish_service_capabilities /opt/stack/cinder/cinder/manager.py:202}}
Nov 25 13:16:54.412949 np0005535648.novalocal cinder-volume[108227]: DEBUG dbcounter [-] [108227] Writing DB stats cinder:SELECT=30,cinder:UPDATE=24,cinder:INSERT=30,cinder:DELETE=1 {{(pid=108227) stat_writer /usr/local/lib/python3.12/site-packages/dbcounter.py:115}}
Nov 25 13:16:54.417024 np0005535648.novalocal cinder-volume[108227]: DEBUG dbcounter [-] [108227] Writing DB stats cinder:SELECT=34,cinder:UPDATE=19,cinder:INSERT=24,cinder:DELETE=2 {{(pid=108227) stat_writer /usr/local/lib/python3.12/site-packages/dbcounter.py:115}}
Nov 25 13:16:55.566346 np0005535648.novalocal cinder-volume[108227]: DEBUG cinder.coordination [None req-46aacf94-30f8-4c30-9512-501251b8ce10 tempest-VolumesSnapshotTestJSON-2115482626 None] Acquiring lock "cinder-37ea8ae9-854f-4ce6-a17c-151c2370adc5-delete_volume" by "delete_volume" {{(pid=108227) __acquire /opt/stack/cinder/cinder/coordination.py:143}}
Nov 25 13:16:55.575508 np0005535648.novalocal cinder-volume[108227]: DEBUG cinder.coordination [None req-46aacf94-30f8-4c30-9512-501251b8ce10 tempest-VolumesSnapshotTestJSON-2115482626 None] Lock "cinder-37ea8ae9-854f-4ce6-a17c-151c2370adc5-delete_volume" acquired by "delete_volume" :: waited 0.009s {{(pid=108227) __acquire /opt/stack/cinder/cinder/coordination.py:146}}
Nov 25 13:16:55.596074 np0005535648.novalocal cinder-volume[108227]: DEBUG oslo_concurrency.lockutils [None req-46aacf94-30f8-4c30-9512-501251b8ce10 tempest-VolumesSnapshotTestJSON-2115482626 None] Acquiring lock "lioadm" by "cinder.volume.targets.lio.LioAdm._execute" {{(pid=108227) inner /usr/local/lib/python3.12/site-packages/oslo_concurrency/lockutils.py:405}}
Nov 25 13:16:55.596480 np0005535648.novalocal cinder-volume[108227]: DEBUG oslo_concurrency.lockutils [None req-46aacf94-30f8-4c30-9512-501251b8ce10 tempest-VolumesSnapshotTestJSON-2115482626 None] Lock "lioadm" acquired by "cinder.volume.targets.lio.LioAdm._execute" :: waited 0.001s {{(pid=108227) inner /usr/local/lib/python3.12/site-packages/oslo_concurrency/lockutils.py:410}}
Nov 25 13:16:55.597607 np0005535648.novalocal cinder-volume[108227]: DEBUG oslo_concurrency.processutils [None req-46aacf94-30f8-4c30-9512-501251b8ce10 tempest-VolumesSnapshotTestJSON-2115482626 None] Running cmd (subprocess): sudo cinder-rootwrap /etc/cinder/rootwrap.conf cinder-rtstool get-targets {{(pid=108227) execute /usr/local/lib/python3.12/site-packages/oslo_concurrency/processutils.py:349}}
Nov 25 13:16:55.619838 np0005535648.novalocal sudo[142193]: stack : PWD=/ ; USER=root ; COMMAND=/usr/local/bin/cinder-rootwrap /etc/cinder/rootwrap.conf cinder-rtstool get-targets
Nov 25 13:16:56.145966 np0005535648.novalocal cinder-volume[108227]: DEBUG oslo_concurrency.processutils [None req-46aacf94-30f8-4c30-9512-501251b8ce10 tempest-VolumesSnapshotTestJSON-2115482626 None] CMD "sudo cinder-rootwrap /etc/cinder/rootwrap.conf cinder-rtstool get-targets" returned: 0 in 0.549s {{(pid=108227) execute /usr/local/lib/python3.12/site-packages/oslo_concurrency/processutils.py:372}}
Nov 25 13:16:56.146235 np0005535648.novalocal cinder-volume[108227]: DEBUG oslo_concurrency.lockutils [None req-46aacf94-30f8-4c30-9512-501251b8ce10 tempest-VolumesSnapshotTestJSON-2115482626 None] Lock "lioadm" "released" by "cinder.volume.targets.lio.LioAdm._execute" :: held 0.550s {{(pid=108227) inner /usr/local/lib/python3.12/site-packages/oslo_concurrency/lockutils.py:424}}
Nov 25 13:16:56.146415 np0005535648.novalocal cinder-volume[108227]: INFO cinder.volume.targets.iscsi [None req-46aacf94-30f8-4c30-9512-501251b8ce10 tempest-VolumesSnapshotTestJSON-2115482626 None] Skipping remove_export. No iscsi_target is presently exported for volume: 37ea8ae9-854f-4ce6-a17c-151c2370adc5
Nov 25 13:16:56.148703 np0005535648.novalocal cinder-volume[108227]: DEBUG oslo_concurrency.processutils [None req-46aacf94-30f8-4c30-9512-501251b8ce10 tempest-VolumesSnapshotTestJSON-2115482626 None] Running cmd (subprocess): sudo cinder-rootwrap /etc/cinder/rootwrap.conf env LC_ALL=C lvs --noheadings --unit=g -o vg_name,name,size --nosuffix --readonly stack-volumes-lvmdriver-1/volume-37ea8ae9-854f-4ce6-a17c-151c2370adc5 {{(pid=108227) execute /usr/local/lib/python3.12/site-packages/oslo_concurrency/processutils.py:349}}
Nov 25 13:16:56.167882 np0005535648.novalocal sudo[142199]: stack : PWD=/ ; USER=root ; COMMAND=/usr/local/bin/cinder-rootwrap /etc/cinder/rootwrap.conf env LC_ALL=C lvs --noheadings --unit=g -o vg_name,name,size --nosuffix --readonly stack-volumes-lvmdriver-1/volume-37ea8ae9-854f-4ce6-a17c-151c2370adc5
Nov 25 13:16:56.560076 np0005535648.novalocal cinder-volume[108227]: DEBUG oslo_concurrency.processutils [None req-46aacf94-30f8-4c30-9512-501251b8ce10 tempest-VolumesSnapshotTestJSON-2115482626 None] CMD "sudo cinder-rootwrap /etc/cinder/rootwrap.conf env LC_ALL=C lvs --noheadings --unit=g -o vg_name,name,size --nosuffix --readonly stack-volumes-lvmdriver-1/volume-37ea8ae9-854f-4ce6-a17c-151c2370adc5" returned: 0 in 0.412s {{(pid=108227) execute /usr/local/lib/python3.12/site-packages/oslo_concurrency/processutils.py:372}}
Nov 25 13:16:56.560705 np0005535648.novalocal cinder-volume[108227]: DEBUG oslo_concurrency.processutils [None req-46aacf94-30f8-4c30-9512-501251b8ce10 tempest-VolumesSnapshotTestJSON-2115482626 None] Running cmd (subprocess): sudo cinder-rootwrap /etc/cinder/rootwrap.conf env LC_ALL=C lvdisplay --noheading -C -o Attr --readonly stack-volumes-lvmdriver-1/volume-37ea8ae9-854f-4ce6-a17c-151c2370adc5 {{(pid=108227) execute /usr/local/lib/python3.12/site-packages/oslo_concurrency/processutils.py:349}}
Nov 25 13:16:56.583686 np0005535648.novalocal sudo[142204]: stack : PWD=/ ; USER=root ; COMMAND=/usr/local/bin/cinder-rootwrap /etc/cinder/rootwrap.conf env LC_ALL=C lvdisplay --noheading -C -o Attr --readonly stack-volumes-lvmdriver-1/volume-37ea8ae9-854f-4ce6-a17c-151c2370adc5
Nov 25 13:16:56.973746 np0005535648.novalocal cinder-volume[108227]: DEBUG oslo_concurrency.processutils [None req-46aacf94-30f8-4c30-9512-501251b8ce10 tempest-VolumesSnapshotTestJSON-2115482626 None] CMD "sudo cinder-rootwrap /etc/cinder/rootwrap.conf env LC_ALL=C lvdisplay --noheading -C -o Attr --readonly stack-volumes-lvmdriver-1/volume-37ea8ae9-854f-4ce6-a17c-151c2370adc5" returned: 0 in 0.412s {{(pid=108227) execute /usr/local/lib/python3.12/site-packages/oslo_concurrency/processutils.py:372}}
Nov 25 13:16:56.975084 np0005535648.novalocal cinder-volume[108227]: DEBUG oslo_concurrency.processutils [None req-46aacf94-30f8-4c30-9512-501251b8ce10 tempest-VolumesSnapshotTestJSON-2115482626 None] Running cmd (subprocess): sudo cinder-rootwrap /etc/cinder/rootwrap.conf lvremove --config activation { retry_deactivation = 1} -f stack-volumes-lvmdriver-1/volume-37ea8ae9-854f-4ce6-a17c-151c2370adc5 {{(pid=108227) execute /usr/local/lib/python3.12/site-packages/oslo_concurrency/processutils.py:349}}
Nov 25 13:16:56.992529 np0005535648.novalocal sudo[142209]: stack : PWD=/ ; USER=root ; COMMAND=/usr/local/bin/cinder-rootwrap /etc/cinder/rootwrap.conf lvremove --config 'activation { retry_deactivation = 1} ' -f stack-volumes-lvmdriver-1/volume-37ea8ae9-854f-4ce6-a17c-151c2370adc5
Nov 25 13:16:57.446975 np0005535648.novalocal cinder-volume[108227]: DEBUG oslo_concurrency.processutils [None req-46aacf94-30f8-4c30-9512-501251b8ce10 tempest-VolumesSnapshotTestJSON-2115482626 None] CMD "sudo cinder-rootwrap /etc/cinder/rootwrap.conf lvremove --config activation { retry_deactivation = 1} -f stack-volumes-lvmdriver-1/volume-37ea8ae9-854f-4ce6-a17c-151c2370adc5" returned: 0 in 0.470s {{(pid=108227) execute /usr/local/lib/python3.12/site-packages/oslo_concurrency/processutils.py:372}}
Nov 25 13:16:57.447888 np0005535648.novalocal cinder-volume[108227]: INFO cinder.volume.drivers.lvm [None req-46aacf94-30f8-4c30-9512-501251b8ce10 tempest-VolumesSnapshotTestJSON-2115482626 None] Successfully deleted volume: 37ea8ae9-854f-4ce6-a17c-151c2370adc5
