Feb 19 22:43:35 standalone proxy-server[129581]: 172.18.0.2 172.18.0.100 19/Feb/2026/22/43/35 GET /v1/AUTH_ace14f9797444234851be39e9e4ade66/gnocchi.335a5903-37e0-495b-a193-2cd66d1a719e/1771200000.0_mean_300.0_v3 HTTP/1.0 404 - python-swiftclient-3.11.1 gAAAAABpl5GWIcjM... - 70 - tx3bf5813eac5d4f668ef2b-0069979217 - 0.0053 - - 1771541015.019089699 1771541015.024403811 0
Feb 19 22:43:35 standalone container-server[127495]: 172.20.0.100 - - [19/Feb/2026:22:43:35 +0000] "PUT /d1/176/AUTH_ace14f9797444234851be39e9e4ade66/gnocchi.335a5903-37e0-495b-a193-2cd66d1a719e/1771200000.0_mean_300.0_v3" 201 - "PUT http://172.18.0.2:8080/d1/506/AUTH_ace14f9797444234851be39e9e4ade66/gnocchi.335a5903-37e0-495b-a193-2cd66d1a719e/1771200000.0_mean_300.0_v3" "tx017a2bb6c4f34d6d8b080-0069979217" "object-server 24" 0.0006 "-" 21 0
Feb 19 22:43:35 standalone object-server[127606]: 172.20.0.100 - - [19/Feb/2026:22:43:35 +0000] "PUT /d1/506/AUTH_ace14f9797444234851be39e9e4ade66/gnocchi.335a5903-37e0-495b-a193-2cd66d1a719e/1771200000.0_mean_300.0_v3" 201 - "PUT http://172.18.0.2:8080/v1/AUTH_ace14f9797444234851be39e9e4ade66/gnocchi.335a5903-37e0-495b-a193-2cd66d1a719e/1771200000.0_mean_300.0_v3" "tx017a2bb6c4f34d6d8b080-0069979217" "proxy-server 12" 0.0105 "-" 24 0
Feb 19 22:43:35 standalone proxy-server[129581]: 172.18.0.2 172.18.0.100 19/Feb/2026/22/43/35 PUT /v1/AUTH_ace14f9797444234851be39e9e4ade66/gnocchi.335a5903-37e0-495b-a193-2cd66d1a719e/1771200000.0_mean_300.0_v3 HTTP/1.0 201 - python-swiftclient-3.11.1 gAAAAABpl5GWIcjM... 16 - - tx017a2bb6c4f34d6d8b080-0069979217 - 0.0161 - - 1771541015.027522564 1771541015.043653011 0
Feb 19 22:43:35 standalone container-server[127499]: 172.20.0.100 - - [19/Feb/2026:22:43:35 +0000] "PUT /d1/176/AUTH_ace14f9797444234851be39e9e4ade66/gnocchi.335a5903-37e0-495b-a193-2cd66d1a719e/none_v3" 201 - "PUT http://172.18.0.2:8080/d1/188/AUTH_ace14f9797444234851be39e9e4ade66/gnocchi.335a5903-37e0-495b-a193-2cd66d1a719e/none_v3" "tx5384a312a7d34723a35b6-0069979217" "object-server 24" 0.0008 "-" 22 0
Feb 19 22:43:35 standalone object-server[127606]: 172.20.0.100 - - [19/Feb/2026:22:43:35 +0000] "PUT /d1/188/AUTH_ace14f9797444234851be39e9e4ade66/gnocchi.335a5903-37e0-495b-a193-2cd66d1a719e/none_v3" 201 - "PUT http://172.18.0.2:8080/v1/AUTH_ace14f9797444234851be39e9e4ade66/gnocchi.335a5903-37e0-495b-a193-2cd66d1a719e/none_v3" "tx5384a312a7d34723a35b6-0069979217" "proxy-server 12" 0.0184 "-" 24 0
Feb 19 22:43:35 standalone proxy-server[129581]: 172.18.0.2 172.18.0.100 19/Feb/2026/22/43/35 PUT /v1/AUTH_ace14f9797444234851be39e9e4ade66/gnocchi.335a5903-37e0-495b-a193-2cd66d1a719e/none_v3 HTTP/1.0 201 - python-swiftclient-3.11.1 gAAAAABpl5GWIcjM... 22 - - tx5384a312a7d34723a35b6-0069979217 - 0.0250 - - 1771541015.048080683 1771541015.073037386 0
Feb 19 22:43:35 standalone object-server[127607]: 172.20.0.100 - - [19/Feb/2026:22:43:35 +0000] "GET /d1/598/AUTH_ace14f9797444234851be39e9e4ade66/gnocchi.6a468bdd-a343-4031-9c10-2b693923782b/none_v3" 200 33 "GET http://172.18.0.2:8080/v1/AUTH_ace14f9797444234851be39e9e4ade66/gnocchi.6a468bdd-a343-4031-9c10-2b693923782b/none_v3" "tx62632c451b40403a9e955-0069979217" "proxy-server 12" 0.0007 "-" 25 0
Feb 19 22:43:35 standalone proxy-server[129581]: 172.18.0.2 172.18.0.100 19/Feb/2026/22/43/35 GET /v1/AUTH_ace14f9797444234851be39e9e4ade66/gnocchi.6a468bdd-a343-4031-9c10-2b693923782b/none_v3 HTTP/1.0 200 - python-swiftclient-3.11.1 gAAAAABpl5GWIcjM... - 33 - tx62632c451b40403a9e955-0069979217 - 0.0071 - - 1771541015.218024731 1771541015.225137949 0
Feb 19 22:43:35 standalone container-server[127495]: 172.20.0.100 - - [19/Feb/2026:22:43:35 +0000] "GET /d1/673/AUTH_ace14f9797444234851be39e9e4ade66/gnocchi.6a468bdd-a343-4031-9c10-2b693923782b" 200 357 "GET http://172.18.0.2:8080/v1/AUTH_ace14f9797444234851be39e9e4ade66/gnocchi.6a468bdd-a343-4031-9c10-2b693923782b?format=json&states=listing" "tx187333e217c145dcb1c98-0069979217" "proxy-server 12" 0.0072 "-" 21 0
Feb 19 22:43:35 standalone proxy-server[129581]: 172.18.0.2 172.18.0.100 19/Feb/2026/22/43/35 GET /v1/AUTH_ace14f9797444234851be39e9e4ade66/gnocchi.6a468bdd-a343-4031-9c10-2b693923782b%3Fformat%3Djson%26states%3Dlisting HTTP/1.0 200 - python-swiftclient-3.11.1 gAAAAABpl5GWIcjM... - 357 - tx187333e217c145dcb1c98-0069979217 - 0.0132 - - 1771541015.228555441 1771541015.241801500 0
Feb 19 22:43:35 standalone container-server[127499]: 172.20.0.100 - - [19/Feb/2026:22:43:35 +0000] "GET /d1/673/AUTH_ace14f9797444234851be39e9e4ade66/gnocchi.6a468bdd-a343-4031-9c10-2b693923782b" 200 2 "GET http://172.18.0.2:8080/v1/AUTH_ace14f9797444234851be39e9e4ade66/gnocchi.6a468bdd-a343-4031-9c10-2b693923782b?format=json&marker=none_v3&states=listing" "txb7548c4c2d974b0b8115c-0069979217" "proxy-server 12" 0.0019 "-" 22 0
Feb 19 22:43:35 standalone proxy-server[129581]: 172.18.0.2 172.18.0.100 19/Feb/2026/22/43/35 GET /v1/AUTH_ace14f9797444234851be39e9e4ade66/gnocchi.6a468bdd-a343-4031-9c10-2b693923782b%3Fformat%3Djson%26marker%3Dnone_v3%26states%3Dlisting HTTP/1.0 200 - python-swiftclient-3.11.1 gAAAAABpl5GWIcjM... - 2 - txb7548c4c2d974b0b8115c-0069979217 - 0.0077 - - 1771541015.244704723 1771541015.252356052 0
Feb 19 22:43:35 standalone object-server[127606]: 172.20.0.100 - - [19/Feb/2026:22:43:35 +0000] "GET /d1/273/AUTH_ace14f9797444234851be39e9e4ade66/gnocchi.6a468bdd-a343-4031-9c10-2b693923782b/1771200000.0_mean_300.0_v3" 200 16 "GET http://172.18.0.2:8080/v1/AUTH_ace14f9797444234851be39e9e4ade66/gnocchi.6a468bdd-a343-4031-9c10-2b693923782b/1771200000.0_mean_300.0_v3" "tx95e59c99680d491381460-0069979217" "proxy-server 12" 0.0009 "-" 24 0
Feb 19 22:43:35 standalone proxy-server[129581]: 172.18.0.2 172.18.0.100 19/Feb/2026/22/43/35 GET /v1/AUTH_ace14f9797444234851be39e9e4ade66/gnocchi.6a468bdd-a343-4031-9c10-2b693923782b/1771200000.0_mean_300.0_v3 HTTP/1.0 200 - python-swiftclient-3.11.1 gAAAAABpl5GWIcjM... - 16 - tx95e59c99680d491381460-0069979217 - 0.0070 - - 1771541015.255515814 1771541015.262536526 0
Feb 19 22:43:35 standalone container-server[127495]: 172.20.0.100 - - [19/Feb/2026:22:43:35 +0000] "PUT /d1/673/AUTH_ace14f9797444234851be39e9e4ade66/gnocchi.6a468bdd-a343-4031-9c10-2b693923782b/1771200000.0_mean_300.0_v3" 201 - "PUT http://172.18.0.2:8080/d1/273/AUTH_ace14f9797444234851be39e9e4ade66/gnocchi.6a468bdd-a343-4031-9c10-2b693923782b/1771200000.0_mean_300.0_v3" "txf4efc1125b914e50bfecd-0069979217" "object-server 25" 0.0006 "-" 21 0
Feb 19 22:43:35 standalone object-server[127607]: 172.20.0.100 - - [19/Feb/2026:22:43:35 +0000] "PUT /d1/273/AUTH_ace14f9797444234851be39e9e4ade66/gnocchi.6a468bdd-a343-4031-9c10-2b693923782b/1771200000.0_mean_300.0_v3" 201 - "PUT http://172.18.0.2:8080/v1/AUTH_ace14f9797444234851be39e9e4ade66/gnocchi.6a468bdd-a343-4031-9c10-2b693923782b/1771200000.0_mean_300.0_v3" "txf4efc1125b914e50bfecd-0069979217" "proxy-server 12" 0.0085 "-" 25 0
Feb 19 22:43:35 standalone proxy-server[129581]: 172.18.0.2 172.18.0.100 19/Feb/2026/22/43/35 PUT /v1/AUTH_ace14f9797444234851be39e9e4ade66/gnocchi.6a468bdd-a343-4031-9c10-2b693923782b/1771200000.0_mean_300.0_v3 HTTP/1.0 201 - python-swiftclient-3.11.1 gAAAAABpl5GWIcjM... 16 - - txf4efc1125b914e50bfecd-0069979217 - 0.0158 - - 1771541015.265441418 1771541015.281257153 0
Feb 19 22:43:35 standalone container-server[127495]: 172.20.0.100 - - [19/Feb/2026:22:43:35 +0000] "PUT /d1/673/AUTH_ace14f9797444234851be39e9e4ade66/gnocchi.6a468bdd-a343-4031-9c10-2b693923782b/none_v3" 201 - "PUT http://172.18.0.2:8080/d1/598/AUTH_ace14f9797444234851be39e9e4ade66/gnocchi.6a468bdd-a343-4031-9c10-2b693923782b/none_v3" "txce19cf147b974acd9512a-0069979217" "object-server 24" 0.0003 "-" 21 0
Feb 19 22:43:35 standalone object-server[127606]: 172.20.0.100 - - [19/Feb/2026:22:43:35 +0000] "PUT /d1/598/AUTH_ace14f9797444234851be39e9e4ade66/gnocchi.6a468bdd-a343-4031-9c10-2b693923782b/none_v3" 201 - "PUT http://172.18.0.2:8080/v1/AUTH_ace14f9797444234851be39e9e4ade66/gnocchi.6a468bdd-a343-4031-9c10-2b693923782b/none_v3" "txce19cf147b974acd9512a-0069979217" "proxy-server 12" 0.0105 "-" 24 0
Feb 19 22:43:35 standalone proxy-server[129581]: 172.18.0.2 172.18.0.100 19/Feb/2026/22/43/35 PUT /v1/AUTH_ace14f9797444234851be39e9e4ade66/gnocchi.6a468bdd-a343-4031-9c10-2b693923782b/none_v3 HTTP/1.0 201 - python-swiftclient-3.11.1 gAAAAABpl5GWIcjM... 48 - - txce19cf147b974acd9512a-0069979217 - 0.0152 - - 1771541015.283888102 1771541015.299105644 0
Feb 19 22:43:35 standalone object-server[127606]: 172.20.0.100 - - [19/Feb/2026:22:43:35 +0000] "GET /d1/429/AUTH_ace14f9797444234851be39e9e4ade66/gnocchi.809fe76a-1140-4a73-b4b9-7bbcb99c4fd3/none_v3" 200 33 "GET http://172.18.0.2:8080/v1/AUTH_ace14f9797444234851be39e9e4ade66/gnocchi.809fe76a-1140-4a73-b4b9-7bbcb99c4fd3/none_v3" "txc0d0ffc7044e430a93c88-0069979217" "proxy-server 12" 0.0008 "-" 24 0
Feb 19 22:43:35 standalone proxy-server[129581]: 172.18.0.2 172.18.0.100 19/Feb/2026/22/43/35 GET /v1/AUTH_ace14f9797444234851be39e9e4ade66/gnocchi.809fe76a-1140-4a73-b4b9-7bbcb99c4fd3/none_v3 HTTP/1.0 200 - python-swiftclient-3.11.1 gAAAAABpl5GWIcjM... - 33 - txc0d0ffc7044e430a93c88-0069979217 - 0.0060 - - 1771541015.314932823 1771541015.320929766 0
Feb 19 22:43:35 standalone container-server[127494]: 172.20.0.100 - - [19/Feb/2026:22:43:35 +0000] "GET /d1/10/AUTH_ace14f9797444234851be39e9e4ade66/gnocchi.809fe76a-1140-4a73-b4b9-7bbcb99c4fd3" 200 357 "GET http://172.18.0.2:8080/v1/AUTH_ace14f9797444234851be39e9e4ade66/gnocchi.809fe76a-1140-4a73-b4b9-7bbcb99c4fd3?format=json&states=listing" "tx304842cf7922400aa856b-0069979217" "proxy-server 12" 0.0063 "-" 20 0
Feb 19 22:43:35 standalone proxy-server[129581]: 172.18.0.2 172.18.0.100 19/Feb/2026/22/43/35 GET /v1/AUTH_ace14f9797444234851be39e9e4ade66/gnocchi.809fe76a-1140-4a73-b4b9-7bbcb99c4fd3%3Fformat%3Djson%26states%3Dlisting HTTP/1.0 200 - python-swiftclient-3.11.1 gAAAAABpl5GWIcjM... - 357 - tx304842cf7922400aa856b-0069979217 - 0.0111 - - 1771541015.324355364 1771541015.335425377 0
Feb 19 22:43:35 standalone container-server[127499]: 172.20.0.100 - - [19/Feb/2026:22:43:35 +0000] "GET /d1/10/AUTH_ace14f9797444234851be39e9e4ade66/gnocchi.809fe76a-1140-4a73-b4b9-7bbcb99c4fd3" 200 2 "GET http://172.18.0.2:8080/v1/AUTH_ace14f9797444234851be39e9e4ade66/gnocchi.809fe76a-1140-4a73-b4b9-7bbcb99c4fd3?format=json&marker=none_v3&states=listing" "tx95df306be4bf49f08b7ce-0069979217" "proxy-server 12" 0.0024 "-" 22 0
Feb 19 22:43:35 standalone proxy-server[129581]: 172.18.0.2 172.18.0.100 19/Feb/2026/22/43/35 GET /v1/AUTH_ace14f9797444234851be39e9e4ade66/gnocchi.809fe76a-1140-4a73-b4b9-7bbcb99c4fd3%3Fformat%3Djson%26marker%3Dnone_v3%26states%3Dlisting HTTP/1.0 200 - python-swiftclient-3.11.1 gAAAAABpl5GWIcjM... - 2 - tx95df306be4bf49f08b7ce-0069979217 - 0.0122 - - 1771541015.339273214 1771541015.351479769 0
Feb 19 22:43:35 standalone object-server[127606]: 172.20.0.100 - - [19/Feb/2026:22:43:35 +0000] "GET /d1/652/AUTH_ace14f9797444234851be39e9e4ade66/gnocchi.809fe76a-1140-4a73-b4b9-7bbcb99c4fd3/1771200000.0_mean_300.0_v3" 200 16 "GET http://172.18.0.2:8080/v1/AUTH_ace14f9797444234851be39e9e4ade66/gnocchi.809fe76a-1140-4a73-b4b9-7bbcb99c4fd3/1771200000.0_mean_300.0_v3" "txa7a33ffeefd746c8931a7-0069979217" "proxy-server 12" 0.0006 "-" 24 0
Feb 19 22:43:35 standalone proxy-server[129581]: 172.18.0.2 172.18.0.100 19/Feb/2026/22/43/35 GET /v1/AUTH_ace14f9797444234851be39e9e4ade66/gnocchi.809fe76a-1140-4a73-b4b9-7bbcb99c4fd3/1771200000.0_mean_300.0_v3 HTTP/1.0 200 - python-swiftclient-3.11.1 gAAAAABpl5GWIcjM... - 16 - txa7a33ffeefd746c8931a7-0069979217 - 0.0047 - - 1771541015.357116222 1771541015.361803770 0
Feb 19 22:43:35 standalone container-server[127499]: 172.20.0.100 - - [19/Feb/2026:22:43:35 +0000] "PUT /d1/10/AUTH_ace14f9797444234851be39e9e4ade66/gnocchi.809fe76a-1140-4a73-b4b9-7bbcb99c4fd3/1771200000.0_mean_300.0_v3" 201 - "PUT http://172.18.0.2:8080/d1/652/AUTH_ace14f9797444234851be39e9e4ade66/gnocchi.809fe76a-1140-4a73-b4b9-7bbcb99c4fd3/1771200000.0_mean_300.0_v3" "tx58632e8677434aaea575d-0069979217" "object-server 24" 0.0006 "-" 22 0
Feb 19 22:43:35 standalone object-server[127606]: 172.20.0.100 - - [19/Feb/2026:22:43:35 +0000] "PUT /d1/652/AUTH_ace14f9797444234851be39e9e4ade66/gnocchi.809fe76a-1140-4a73-b4b9-7bbcb99c4fd3/1771200000.0_mean_300.0_v3" 201 - "PUT http://172.18.0.2:8080/v1/AUTH_ace14f9797444234851be39e9e4ade66/gnocchi.809fe76a-1140-4a73-b4b9-7bbcb99c4fd3/1771200000.0_mean_300.0_v3" "tx58632e8677434aaea575d-0069979217" "proxy-server 12" 0.0079 "-" 24 0
Feb 19 22:43:35 standalone proxy-server[129581]: 172.18.0.2 172.18.0.100 19/Feb/2026/22/43/35 PUT /v1/AUTH_ace14f9797444234851be39e9e4ade66/gnocchi.809fe76a-1140-4a73-b4b9-7bbcb99c4fd3/1771200000.0_mean_300.0_v3 HTTP/1.0 201 - python-swiftclient-3.11.1 gAAAAABpl5GWIcjM... 16 - - tx58632e8677434aaea575d-0069979217 - 0.0110 - - 1771541015.364401340 1771541015.375421524 0
Feb 19 22:43:35 standalone container-server[127495]: 172.20.0.100 - - [19/Feb/2026:22:43:35 +0000] "PUT /d1/10/AUTH_ace14f9797444234851be39e9e4ade66/gnocchi.809fe76a-1140-4a73-b4b9-7bbcb99c4fd3/none_v3" 201 - "PUT http://172.18.0.2:8080/d1/429/AUTH_ace14f9797444234851be39e9e4ade66/gnocchi.809fe76a-1140-4a73-b4b9-7bbcb99c4fd3/none_v3" "txeb9b10c05ebf49708a76e-0069979217" "object-server 24" 0.0005 "-" 21 0
Feb 19 22:43:35 standalone object-server[127606]: 172.20.0.100 - - [19/Feb/2026:22:43:35 +0000] "PUT /d1/429/AUTH_ace14f9797444234851be39e9e4ade66/gnocchi.809fe76a-1140-4a73-b4b9-7bbcb99c4fd3/none_v3" 201 - "PUT http://172.18.0.2:8080/v1/AUTH_ace14f9797444234851be39e9e4ade66/gnocchi.809fe76a-1140-4a73-b4b9-7bbcb99c4fd3/none_v3" "txeb9b10c05ebf49708a76e-0069979217" "proxy-server 12" 0.0064 "-" 24 0
Feb 19 22:43:35 standalone proxy-server[129581]: 172.18.0.2 172.18.0.100 19/Feb/2026/22/43/35 PUT /v1/AUTH_ace14f9797444234851be39e9e4ade66/gnocchi.809fe76a-1140-4a73-b4b9-7bbcb99c4fd3/none_v3 HTTP/1.0 201 - python-swiftclient-3.11.1 gAAAAABpl5GWIcjM... 48 - - txeb9b10c05ebf49708a76e-0069979217 - 0.0098 - - 1771541015.377907276 1771541015.387737036 0
Feb 19 22:43:36 standalone account-server[127373]: 172.20.0.100 - - [19/Feb/2026:22:43:36 +0000] "HEAD /d1/1016/AUTH_ace14f9797444234851be39e9e4ade66" 204 - "HEAD http://172.18.0.2:8080/v1/AUTH_ace14f9797444234851be39e9e4ade66?format=json" "tx6313ce7c211b4c49bb038-0069979218" "proxy-server 12" 0.0077 "-" 20 -
Feb 19 22:43:36 standalone proxy-server[129581]: - - 19/Feb/2026/22/43/36 HEAD /v1/AUTH_ace14f9797444234851be39e9e4ade66%3Fformat%3Djson HTTP/1.0 204 - Swift - - - - tx6313ce7c211b4c49bb038-0069979218 - 0.0130 RL - 1771541016.613935947 1771541016.626898527 -
Feb 19 22:43:36 standalone object-server[127604]: 172.20.0.100 - - [19/Feb/2026:22:43:36 +0000] "GET /d1/188/AUTH_ace14f9797444234851be39e9e4ade66/gnocchi.335a5903-37e0-495b-a193-2cd66d1a719e/none_v3" 200 22 "GET http://172.18.0.2:8080/v1/AUTH_ace14f9797444234851be39e9e4ade66/gnocchi.335a5903-37e0-495b-a193-2cd66d1a719e/none_v3" "tx6313ce7c211b4c49bb038-0069979218" "proxy-server 12" 0.0012 "-" 22 0
Feb 19 22:43:36 standalone proxy-server[129581]: 172.18.0.2 172.18.0.100 19/Feb/2026/22/43/36 GET /v1/AUTH_ace14f9797444234851be39e9e4ade66/gnocchi.335a5903-37e0-495b-a193-2cd66d1a719e/none_v3 HTTP/1.0 200 - python-swiftclient-3.11.1 gAAAAABpl5GWIcjM... - 22 - tx6313ce7c211b4c49bb038-0069979218 - 0.0227 - - 1771541016.613104105 1771541016.635814905 0
Feb 19 22:43:36 standalone container-server[127495]: 172.20.0.100 - - [19/Feb/2026:22:43:36 +0000] "GET /d1/176/AUTH_ace14f9797444234851be39e9e4ade66/gnocchi.335a5903-37e0-495b-a193-2cd66d1a719e" 200 357 "GET http://172.18.0.2:8080/v1/AUTH_ace14f9797444234851be39e9e4ade66/gnocchi.335a5903-37e0-495b-a193-2cd66d1a719e?format=json&states=listing" "tx3c291bf8bec940e6981f5-0069979218" "proxy-server 12" 0.0099 "-" 21 0
Feb 19 22:43:36 standalone proxy-server[129581]: 172.18.0.2 172.18.0.100 19/Feb/2026/22/43/36 GET /v1/AUTH_ace14f9797444234851be39e9e4ade66/gnocchi.335a5903-37e0-495b-a193-2cd66d1a719e%3Fformat%3Djson%26states%3Dlisting HTTP/1.0 200 - python-swiftclient-3.11.1 gAAAAABpl5GWIcjM... - 357 - tx3c291bf8bec940e6981f5-0069979218 - 0.0171 - - 1771541016.640293598 1771541016.657426357 0
Feb 19 22:43:36 standalone container-server[127499]: 172.20.0.100 - - [19/Feb/2026:22:43:36 +0000] "GET /d1/176/AUTH_ace14f9797444234851be39e9e4ade66/gnocchi.335a5903-37e0-495b-a193-2cd66d1a719e" 200 2 "GET http://172.18.0.2:8080/v1/AUTH_ace14f9797444234851be39e9e4ade66/gnocchi.335a5903-37e0-495b-a193-2cd66d1a719e?format=json&marker=none_v3&states=listing" "txaa78467f075a4ca4978b6-0069979218" "proxy-server 12" 0.0037 "-" 22 0
Feb 19 22:43:36 standalone proxy-server[129581]: 172.18.0.2 172.18.0.100 19/Feb/2026/22/43/36 GET /v1/AUTH_ace14f9797444234851be39e9e4ade66/gnocchi.335a5903-37e0-495b-a193-2cd66d1a719e%3Fformat%3Djson%26marker%3Dnone_v3%26states%3Dlisting HTTP/1.0 200 - python-swiftclient-3.11.1 gAAAAABpl5GWIcjM... - 2 - txaa78467f075a4ca4978b6-0069979218 - 0.0110 - - 1771541016.660955429 1771541016.671988249 0
Feb 19 22:43:36 standalone object-server[127605]: 172.20.0.100 - - [19/Feb/2026:22:43:36 +0000] "GET /d1/506/AUTH_ace14f9797444234851be39e9e4ade66/gnocchi.335a5903-37e0-495b-a193-2cd66d1a719e/1771200000.0_mean_300.0_v3" 200 16 "GET http://172.18.0.2:8080/v1/AUTH_ace14f9797444234851be39e9e4ade66/gnocchi.335a5903-37e0-495b-a193-2cd66d1a719e/1771200000.0_mean_300.0_v3" "txb4d79bbe6d3b4782a79a1-0069979218" "proxy-server 12" 0.0011 "-" 23 0
Feb 19 22:43:36 standalone proxy-server[129581]: 172.18.0.2 172.18.0.100 19/Feb/2026/22/43/36 GET /v1/AUTH_ace14f9797444234851be39e9e4ade66/gnocchi.335a5903-37e0-495b-a193-2cd66d1a719e/1771200000.0_mean_300.0_v3 HTTP/1.0 200 - python-swiftclient-3.11.1 gAAAAABpl5GWIcjM... - 16 - txb4d79bbe6d3b4782a79a1-0069979218 - 0.0089 - - 1771541016.676955938 1771541016.685899496 0
Feb 19 22:43:36 standalone container-server[127499]: 172.20.0.100 - - [19/Feb/2026:22:43:36 +0000] "PUT /d1/176/AUTH_ace14f9797444234851be39e9e4ade66/gnocchi.335a5903-37e0-495b-a193-2cd66d1a719e/1771200000.0_mean_300.0_v3" 201 - "PUT http://172.18.0.2:8080/d1/506/AUTH_ace14f9797444234851be39e9e4ade66/gnocchi.335a5903-37e0-495b-a193-2cd66d1a719e/1771200000.0_mean_300.0_v3" "tx7d1345722b9e4f07ae3e6-0069979218" "object-server 25" 0.0008 "-" 22 0
Feb 19 22:43:36 standalone object-server[127607]: 172.20.0.100 - - [19/Feb/2026:22:43:36 +0000] "PUT /d1/506/AUTH_ace14f9797444234851be39e9e4ade66/gnocchi.335a5903-37e0-495b-a193-2cd66d1a719e/1771200000.0_mean_300.0_v3" 201 - "PUT http://172.18.0.2:8080/v1/AUTH_ace14f9797444234851be39e9e4ade66/gnocchi.335a5903-37e0-495b-a193-2cd66d1a719e/1771200000.0_mean_300.0_v3" "tx7d1345722b9e4f07ae3e6-0069979218" "proxy-server 12" 0.0142 "-" 25 0
Feb 19 22:43:36 standalone proxy-server[129581]: 172.18.0.2 172.18.0.100 19/Feb/2026/22/43/36 PUT /v1/AUTH_ace14f9797444234851be39e9e4ade66/gnocchi.335a5903-37e0-495b-a193-2cd66d1a719e/1771200000.0_mean_300.0_v3 HTTP/1.0 201 - python-swiftclient-3.11.1 gAAAAABpl5GWIcjM... 16 - - tx7d1345722b9e4f07ae3e6-0069979218 - 0.0219 - - 1771541016.690467358 1771541016.712402582 0
Feb 19 22:43:36 standalone container-server[127508]: 172.20.0.100 - - [19/Feb/2026:22:43:36 +0000] "PUT /d1/176/AUTH_ace14f9797444234851be39e9e4ade66/gnocchi.335a5903-37e0-495b-a193-2cd66d1a719e/none_v3" 201 - "PUT http://172.18.0.2:8080/d1/188/AUTH_ace14f9797444234851be39e9e4ade66/gnocchi.335a5903-37e0-495b-a193-2cd66d1a719e/none_v3" "tx6eb877834fbd4ace90ad8-0069979218" "object-server 24" 0.0008 "-" 23 0
Feb 19 22:43:36 standalone object-server[127606]: 172.20.0.100 - - [19/Feb/2026:22:43:36 +0000] "PUT /d1/188/AUTH_ace14f9797444234851be39e9e4ade66/gnocchi.335a5903-37e0-495b-a193-2cd66d1a719e/none_v3" 201 - "PUT http://172.18.0.2:8080/v1/AUTH_ace14f9797444234851be39e9e4ade66/gnocchi.335a5903-37e0-495b-a193-2cd66d1a719e/none_v3" "tx6eb877834fbd4ace90ad8-0069979218" "proxy-server 12" 0.0097 "-" 24 0
Feb 19 22:43:36 standalone proxy-server[129581]: 172.18.0.2 172.18.0.100 19/Feb/2026/22/43/36 PUT /v1/AUTH_ace14f9797444234851be39e9e4ade66/gnocchi.335a5903-37e0-495b-a193-2cd66d1a719e/none_v3 HTTP/1.0 201 - python-swiftclient-3.11.1 gAAAAABpl5GWIcjM... 31 - - tx6eb877834fbd4ace90ad8-0069979218 - 0.0154 - - 1771541016.716275930 1771541016.731649876 0
Feb 19 22:43:41 standalone account-server[127373]: 172.20.0.100 - - [19/Feb/2026:22:43:41 +0000] "HEAD /d1/747/.expiring_objects" 404 - "HEAD http://localhost/v1/.expiring_objects?format=json" "txcbad6451a9304308a037e-006997921d" "proxy-server 2" 0.0015 "-" 20 -
Feb 19 22:43:41 standalone object-expirer[127339]: Pass completed in 0s; 0 objects expired (txn: txcbad6451a9304308a037e-006997921d)
Feb 19 22:43:44 standalone object-server[127604]: 172.20.0.100 - - [19/Feb/2026:22:43:44 +0000] "GET /d1/188/AUTH_ace14f9797444234851be39e9e4ade66/gnocchi.335a5903-37e0-495b-a193-2cd66d1a719e/none_v3" 200 31 "GET http://172.18.0.2:8080/v1/AUTH_ace14f9797444234851be39e9e4ade66/gnocchi.335a5903-37e0-495b-a193-2cd66d1a719e/none_v3" "tx211b1b1037464d8891da0-0069979220" "proxy-server 12" 0.0015 "-" 22 0
Feb 19 22:43:44 standalone proxy-server[129581]: 172.18.0.2 172.18.0.100 19/Feb/2026/22/43/44 GET /v1/AUTH_ace14f9797444234851be39e9e4ade66/gnocchi.335a5903-37e0-495b-a193-2cd66d1a719e/none_v3 HTTP/1.0 200 - python-swiftclient-3.11.1 gAAAAABpl5GWIcjM... - 31 - tx211b1b1037464d8891da0-0069979220 - 0.0125 - - 1771541024.892276525 1771541024.904777765 0
Feb 19 22:43:44 standalone container-server[127495]: 172.20.0.100 - - [19/Feb/2026:22:43:44 +0000] "GET /d1/176/AUTH_ace14f9797444234851be39e9e4ade66/gnocchi.335a5903-37e0-495b-a193-2cd66d1a719e" 200 357 "GET http://172.18.0.2:8080/v1/AUTH_ace14f9797444234851be39e9e4ade66/gnocchi.335a5903-37e0-495b-a193-2cd66d1a719e?format=json&states=listing" "tx9f98f5da32c64cc18a6a7-0069979220" "proxy-server 12" 0.0092 "-" 21 0
Feb 19 22:43:44 standalone proxy-server[129581]: 172.18.0.2 172.18.0.100 19/Feb/2026/22/43/44 GET /v1/AUTH_ace14f9797444234851be39e9e4ade66/gnocchi.335a5903-37e0-495b-a193-2cd66d1a719e%3Fformat%3Djson%26states%3Dlisting HTTP/1.0 200 - python-swiftclient-3.11.1 gAAAAABpl5GWIcjM... - 357 - tx9f98f5da32c64cc18a6a7-0069979220 - 0.0183 - - 1771541024.910383940 1771541024.928647280 0
Feb 19 22:43:44 standalone container-server[127494]: 172.20.0.100 - - [19/Feb/2026:22:43:44 +0000] "GET /d1/176/AUTH_ace14f9797444234851be39e9e4ade66/gnocchi.335a5903-37e0-495b-a193-2cd66d1a719e" 200 2 "GET http://172.18.0.2:8080/v1/AUTH_ace14f9797444234851be39e9e4ade66/gnocchi.335a5903-37e0-495b-a193-2cd66d1a719e?format=json&marker=none_v3&states=listing" "txaa1a7b1ffa334419a56e7-0069979220" "proxy-server 12" 0.0037 "-" 20 0
Feb 19 22:43:44 standalone proxy-server[129581]: 172.18.0.2 172.18.0.100 19/Feb/2026/22/43/44 GET /v1/AUTH_ace14f9797444234851be39e9e4ade66/gnocchi.335a5903-37e0-495b-a193-2cd66d1a719e%3Fformat%3Djson%26marker%3Dnone_v3%26states%3Dlisting HTTP/1.0 200 - python-swiftclient-3.11.1 gAAAAABpl5GWIcjM... - 2 - txaa1a7b1ffa334419a56e7-0069979220 - 0.0102 - - 1771541024.932242393 1771541024.942416906 0
Feb 19 22:43:44 standalone object-server[127607]: 172.20.0.100 - - [19/Feb/2026:22:43:44 +0000] "GET /d1/506/AUTH_ace14f9797444234851be39e9e4ade66/gnocchi.335a5903-37e0-495b-a193-2cd66d1a719e/1771200000.0_mean_300.0_v3" 200 16 "GET http://172.18.0.2:8080/v1/AUTH_ace14f9797444234851be39e9e4ade66/gnocchi.335a5903-37e0-495b-a193-2cd66d1a719e/1771200000.0_mean_300.0_v3" "tx45db3cea5ec14083ac926-0069979220" "proxy-server 12" 0.0006 "-" 25 0
Feb 19 22:43:44 standalone proxy-server[129581]: 172.18.0.2 172.18.0.100 19/Feb/2026/22/43/44 GET /v1/AUTH_ace14f9797444234851be39e9e4ade66/gnocchi.335a5903-37e0-495b-a193-2cd66d1a719e/1771200000.0_mean_300.0_v3 HTTP/1.0 200 - python-swiftclient-3.11.1 gAAAAABpl5GWIcjM... - 16 - tx45db3cea5ec14083ac926-0069979220 - 0.0058 - - 1771541024.946680784 1771541024.952511549 0
Feb 19 22:43:44 standalone container-server[127508]: 172.20.0.100 - - [19/Feb/2026:22:43:44 +0000] "PUT /d1/176/AUTH_ace14f9797444234851be39e9e4ade66/gnocchi.335a5903-37e0-495b-a193-2cd66d1a719e/1771200000.0_mean_300.0_v3" 201 - "PUT http://172.18.0.2:8080/d1/506/AUTH_ace14f9797444234851be39e9e4ade66/gnocchi.335a5903-37e0-495b-a193-2cd66d1a719e/1771200000.0_mean_300.0_v3" "tx48e0b9f51af34d70bd12d-0069979220" "object-server 24" 0.0008 "-" 23 0
Feb 19 22:43:44 standalone object-server[127606]: 172.20.0.100 - - [19/Feb/2026:22:43:44 +0000] "PUT /d1/506/AUTH_ace14f9797444234851be39e9e4ade66/gnocchi.335a5903-37e0-495b-a193-2cd66d1a719e/1771200000.0_mean_300.0_v3" 201 - "PUT http://172.18.0.2:8080/v1/AUTH_ace14f9797444234851be39e9e4ade66/gnocchi.335a5903-37e0-495b-a193-2cd66d1a719e/1771200000.0_mean_300.0_v3" "tx48e0b9f51af34d70bd12d-0069979220" "proxy-server 12" 0.0113 "-" 24 0
Feb 19 22:43:44 standalone proxy-server[129581]: 172.18.0.2 172.18.0.100 19/Feb/2026/22/43/44 PUT /v1/AUTH_ace14f9797444234851be39e9e4ade66/gnocchi.335a5903-37e0-495b-a193-2cd66d1a719e/1771200000.0_mean_300.0_v3 HTTP/1.0 201 - python-swiftclient-3.11.1 gAAAAABpl5GWIcjM... 16 - - tx48e0b9f51af34d70bd12d-0069979220 - 0.0169 - - 1771541024.955949306 1771541024.972892523 0
Feb 19 22:43:44 standalone container-server[127494]: 172.20.0.100 - - [19/Feb/2026:22:43:44 +0000] "PUT /d1/176/AUTH_ace14f9797444234851be39e9e4ade66/gnocchi.335a5903-37e0-495b-a193-2cd66d1a719e/none_v3" 201 - "PUT http://172.18.0.2:8080/d1/188/AUTH_ace14f9797444234851be39e9e4ade66/gnocchi.335a5903-37e0-495b-a193-2cd66d1a719e/none_v3" "txaa3a7285598641a79bc8d-0069979220" "object-server 23" 0.0007 "-" 20 0
Feb 19 22:43:44 standalone object-server[127605]: 172.20.0.100 - - [19/Feb/2026:22:43:44 +0000] "PUT /d1/188/AUTH_ace14f9797444234851be39e9e4ade66/gnocchi.335a5903-37e0-495b-a193-2cd66d1a719e/none_v3" 201 - "PUT http://172.18.0.2:8080/v1/AUTH_ace14f9797444234851be39e9e4ade66/gnocchi.335a5903-37e0-495b-a193-2cd66d1a719e/none_v3" "txaa3a7285598641a79bc8d-0069979220" "proxy-server 12" 0.0112 "-" 23 0
Feb 19 22:43:44 standalone proxy-server[129581]: 172.18.0.2 172.18.0.100 19/Feb/2026/22/43/44 PUT /v1/AUTH_ace14f9797444234851be39e9e4ade66/gnocchi.335a5903-37e0-495b-a193-2cd66d1a719e/none_v3 HTTP/1.0 201 - python-swiftclient-3.11.1 gAAAAABpl5GWIcjM... 46 - - txaa3a7285598641a79bc8d-0069979220 - 0.0179 - - 1771541024.976374388 1771541024.994284868 0
Feb 19 22:43:45 standalone object-server[127605]: 172.20.0.100 - - [19/Feb/2026:22:43:45 +0000] "GET /d1/188/AUTH_ace14f9797444234851be39e9e4ade66/gnocchi.335a5903-37e0-495b-a193-2cd66d1a719e/none_v3" 200 46 "GET http://172.18.0.2:8080/v1/AUTH_ace14f9797444234851be39e9e4ade66/gnocchi.335a5903-37e0-495b-a193-2cd66d1a719e/none_v3" "txbe9fbf6ac09d4b34b1fc3-0069979221" "proxy-server 12" 0.0019 "-" 23 0
Feb 19 22:43:45 standalone proxy-server[129581]: 172.18.0.2 172.18.0.100 19/Feb/2026/22/43/45 GET /v1/AUTH_ace14f9797444234851be39e9e4ade66/gnocchi.335a5903-37e0-495b-a193-2cd66d1a719e/none_v3 HTTP/1.0 200 - python-swiftclient-3.11.1 gAAAAABpl5GWIcjM... - 46 - txbe9fbf6ac09d4b34b1fc3-0069979221 - 0.0133 - - 1771541025.741621494 1771541025.754872084 0
Feb 19 22:43:45 standalone container-server[127499]: 172.20.0.100 - - [19/Feb/2026:22:43:45 +0000] "GET /d1/176/AUTH_ace14f9797444234851be39e9e4ade66/gnocchi.335a5903-37e0-495b-a193-2cd66d1a719e" 200 357 "GET http://172.18.0.2:8080/v1/AUTH_ace14f9797444234851be39e9e4ade66/gnocchi.335a5903-37e0-495b-a193-2cd66d1a719e?format=json&states=listing" "tx278ae338c0eb48e283056-0069979221" "proxy-server 12" 0.0113 "-" 22 0
Feb 19 22:43:45 standalone proxy-server[129581]: 172.18.0.2 172.18.0.100 19/Feb/2026/22/43/45 GET /v1/AUTH_ace14f9797444234851be39e9e4ade66/gnocchi.335a5903-37e0-495b-a193-2cd66d1a719e%3Fformat%3Djson%26states%3Dlisting HTTP/1.0 200 - python-swiftclient-3.11.1 gAAAAABpl5GWIcjM... - 357 - tx278ae338c0eb48e283056-0069979221 - 0.0233 - - 1771541025.763215303 1771541025.786471367 0
Feb 19 22:43:45 standalone container-server[127508]: 172.20.0.100 - - [19/Feb/2026:22:43:45 +0000] "GET /d1/176/AUTH_ace14f9797444234851be39e9e4ade66/gnocchi.335a5903-37e0-495b-a193-2cd66d1a719e" 200 2 "GET http://172.18.0.2:8080/v1/AUTH_ace14f9797444234851be39e9e4ade66/gnocchi.335a5903-37e0-495b-a193-2cd66d1a719e?format=json&marker=none_v3&states=listing" "tx9b176dd02bb34914ab649-0069979221" "proxy-server 12" 0.0035 "-" 23 0
Feb 19 22:43:45 standalone proxy-server[129581]: 172.18.0.2 172.18.0.100 19/Feb/2026/22/43/45 GET /v1/AUTH_ace14f9797444234851be39e9e4ade66/gnocchi.335a5903-37e0-495b-a193-2cd66d1a719e%3Fformat%3Djson%26marker%3Dnone_v3%26states%3Dlisting HTTP/1.0 200 - python-swiftclient-3.11.1 gAAAAABpl5GWIcjM... - 2 - tx9b176dd02bb34914ab649-0069979221 - 0.0143 - - 1771541025.790635824 1771541025.804917097 0
Feb 19 22:43:45 standalone object-server[127604]: 172.20.0.100 - - [19/Feb/2026:22:43:45 +0000] "GET /d1/506/AUTH_ace14f9797444234851be39e9e4ade66/gnocchi.335a5903-37e0-495b-a193-2cd66d1a719e/1771200000.0_mean_300.0_v3" 200 16 "GET http://172.18.0.2:8080/v1/AUTH_ace14f9797444234851be39e9e4ade66/gnocchi.335a5903-37e0-495b-a193-2cd66d1a719e/1771200000.0_mean_300.0_v3" "tx64737dd4d868418c9d844-0069979221" "proxy-server 12" 0.0011 "-" 22 0
Feb 19 22:43:45 standalone proxy-server[129581]: 172.18.0.2 172.18.0.100 19/Feb/2026/22/43/45 GET /v1/AUTH_ace14f9797444234851be39e9e4ade66/gnocchi.335a5903-37e0-495b-a193-2cd66d1a719e/1771200000.0_mean_300.0_v3 HTTP/1.0 200 - python-swiftclient-3.11.1 gAAAAABpl5GWIcjM... - 16 - tx64737dd4d868418c9d844-0069979221 - 0.0113 - - 1771541025.809171200 1771541025.820498466 0
Feb 19 22:43:45 standalone container-server[127495]: 172.20.0.100 - - [19/Feb/2026:22:43:45 +0000] "PUT /d1/176/AUTH_ace14f9797444234851be39e9e4ade66/gnocchi.335a5903-37e0-495b-a193-2cd66d1a719e/1771200000.0_mean_300.0_v3" 201 - "PUT http://172.18.0.2:8080/d1/506/AUTH_ace14f9797444234851be39e9e4ade66/gnocchi.335a5903-37e0-495b-a193-2cd66d1a719e/1771200000.0_mean_300.0_v3" "txa4b73eb770c44bbbab1e9-0069979221" "object-server 23" 0.0007 "-" 21 0
Feb 19 22:43:45 standalone object-server[127605]: 172.20.0.100 - - [19/Feb/2026:22:43:45 +0000] "PUT /d1/506/AUTH_ace14f9797444234851be39e9e4ade66/gnocchi.335a5903-37e0-495b-a193-2cd66d1a719e/1771200000.0_mean_300.0_v3" 201 - "PUT http://172.18.0.2:8080/v1/AUTH_ace14f9797444234851be39e9e4ade66/gnocchi.335a5903-37e0-495b-a193-2cd66d1a719e/1771200000.0_mean_300.0_v3" "txa4b73eb770c44bbbab1e9-0069979221" "proxy-server 12" 0.0114 "-" 23 0
Feb 19 22:43:45 standalone proxy-server[129581]: 172.18.0.2 172.18.0.100 19/Feb/2026/22/43/45 PUT /v1/AUTH_ace14f9797444234851be39e9e4ade66/gnocchi.335a5903-37e0-495b-a193-2cd66d1a719e/1771200000.0_mean_300.0_v3 HTTP/1.0 201 - python-swiftclient-3.11.1 gAAAAABpl5GWIcjM... 16 - - txa4b73eb770c44bbbab1e9-0069979221 - 0.0207 - - 1771541025.824906349 1771541025.845620394 0
Feb 19 22:43:45 standalone container-server[127508]: 172.20.0.100 - - [19/Feb/2026:22:43:45 +0000] "PUT /d1/176/AUTH_ace14f9797444234851be39e9e4ade66/gnocchi.335a5903-37e0-495b-a193-2cd66d1a719e/none_v3" 201 - "PUT http://172.18.0.2:8080/d1/188/AUTH_ace14f9797444234851be39e9e4ade66/gnocchi.335a5903-37e0-495b-a193-2cd66d1a719e/none_v3" "tx58e8af1c978b4f7da3a82-0069979221" "object-server 22" 0.0009 "-" 23 0
Feb 19 22:43:45 standalone object-server[127604]: 172.20.0.100 - - [19/Feb/2026:22:43:45 +0000] "PUT /d1/188/AUTH_ace14f9797444234851be39e9e4ade66/gnocchi.335a5903-37e0-495b-a193-2cd66d1a719e/none_v3" 201 - "PUT http://172.18.0.2:8080/v1/AUTH_ace14f9797444234851be39e9e4ade66/gnocchi.335a5903-37e0-495b-a193-2cd66d1a719e/none_v3" "tx58e8af1c978b4f7da3a82-0069979221" "proxy-server 12" 0.0107 "-" 22 0
Feb 19 22:43:45 standalone proxy-server[129581]: 172.18.0.2 172.18.0.100 19/Feb/2026/22/43/45 PUT /v1/AUTH_ace14f9797444234851be39e9e4ade66/gnocchi.335a5903-37e0-495b-a193-2cd66d1a719e/none_v3 HTTP/1.0 201 - python-swiftclient-3.11.1 gAAAAABpl5GWIcjM... 51 - - tx58e8af1c978b4f7da3a82-0069979221 - 0.0199 - - 1771541025.850706577 1771541025.870563745 0
Feb 19 22:43:48 standalone container-server[127495]: 172.20.0.100 - - [19/Feb/2026:22:43:48 +0000] "HEAD /d1/551/AUTH_ace14f9797444234851be39e9e4ade66/gnocchi.573e7a8b-810f-43c7-af90-3f5fa1d90a99" 404 - "HEAD http://172.18.0.2:8080/v1/AUTH_ace14f9797444234851be39e9e4ade66/gnocchi.573e7a8b-810f-43c7-af90-3f5fa1d90a99?format=json&states=listing" "tx0440a335ec104fc88d31f-0069979224" "proxy-server 12" 0.0009 "-" 21 0
Feb 19 22:43:48 standalone object-server[127605]: 172.20.0.100 - - [19/Feb/2026:22:43:48 +0000] "GET /d1/183/AUTH_ace14f9797444234851be39e9e4ade66/gnocchi.573e7a8b-810f-43c7-af90-3f5fa1d90a99/none_v3" 404 70 "GET http://172.18.0.2:8080/v1/AUTH_ace14f9797444234851be39e9e4ade66/gnocchi.573e7a8b-810f-43c7-af90-3f5fa1d90a99/none_v3" "tx0440a335ec104fc88d31f-0069979224" "proxy-server 12" 0.0005 "-" 23 0
Feb 19 22:43:48 standalone proxy-server[129581]: 172.18.0.2 172.18.0.100 19/Feb/2026/22/43/48 GET /v1/AUTH_ace14f9797444234851be39e9e4ade66/gnocchi.573e7a8b-810f-43c7-af90-3f5fa1d90a99/none_v3 HTTP/1.0 404 - python-swiftclient-3.11.1 gAAAAABpl5GWIcjM... - 70 - tx0440a335ec104fc88d31f-0069979224 - 0.0113 - - 1771541028.508263111 1771541028.519566059 0
Feb 19 22:43:48 standalone account-server[127373]: 172.20.0.100 - - [19/Feb/2026:22:43:48 +0000] "PUT /d1/1016/AUTH_ace14f9797444234851be39e9e4ade66/gnocchi.573e7a8b-810f-43c7-af90-3f5fa1d90a99" 201 - "PUT http://172.20.0.100:6001/d1/551/AUTH_ace14f9797444234851be39e9e4ade66/gnocchi.573e7a8b-810f-43c7-af90-3f5fa1d90a99" "txa0b66796269e457697894-0069979224" "container-server 21" 0.0016 "-" 20 0
Feb 19 22:43:48 standalone container-server[127495]: 172.20.0.100 - - [19/Feb/2026:22:43:48 +0000] "PUT /d1/551/AUTH_ace14f9797444234851be39e9e4ade66/gnocchi.573e7a8b-810f-43c7-af90-3f5fa1d90a99" 201 - "PUT http://172.18.0.2:8080/v1/AUTH_ace14f9797444234851be39e9e4ade66/gnocchi.573e7a8b-810f-43c7-af90-3f5fa1d90a99" "txa0b66796269e457697894-0069979224" "proxy-server 12" 0.0428 "-" 21 0
Feb 19 22:43:48 standalone proxy-server[129581]: 172.18.0.2 172.18.0.100 19/Feb/2026/22/43/48 PUT /v1/AUTH_ace14f9797444234851be39e9e4ade66/gnocchi.573e7a8b-810f-43c7-af90-3f5fa1d90a99 HTTP/1.0 201 - python-swiftclient-3.11.1 gAAAAABpl5GWIcjM... - - - txa0b66796269e457697894-0069979224 - 0.0486 - - 1771541028.524414539 1771541028.572967052 0
Feb 19 22:43:48 standalone container-server[127508]: 172.20.0.100 - - [19/Feb/2026:22:43:48 +0000] "HEAD /d1/551/AUTH_ace14f9797444234851be39e9e4ade66/gnocchi.573e7a8b-810f-43c7-af90-3f5fa1d90a99" 204 - "HEAD http://172.18.0.2:8080/v1/AUTH_ace14f9797444234851be39e9e4ade66/gnocchi.573e7a8b-810f-43c7-af90-3f5fa1d90a99?format=json&states=listing" "txb997021f31b143b89c92b-0069979224" "proxy-server 12" 0.0060 "-" 23 0
Feb 19 22:43:48 standalone proxy-server[129581]: - - 19/Feb/2026/22/43/48 HEAD /v1/AUTH_ace14f9797444234851be39e9e4ade66/gnocchi.573e7a8b-810f-43c7-af90-3f5fa1d90a99%3Fformat%3Djson%26states%3Dlisting HTTP/1.0 204 - Swift - - - - txb997021f31b143b89c92b-0069979224 - 0.0163 RL - 1771541028.577429533 1771541028.593694925 0
Feb 19 22:43:48 standalone container-server[127499]: 172.20.0.100 - - [19/Feb/2026:22:43:48 +0000] "GET /d1/551/AUTH_ace14f9797444234851be39e9e4ade66/gnocchi.573e7a8b-810f-43c7-af90-3f5fa1d90a99" 200 2 "GET http://172.18.0.2:8080/v1/AUTH_ace14f9797444234851be39e9e4ade66/gnocchi.573e7a8b-810f-43c7-af90-3f5fa1d90a99?format=json&states=listing" "txb997021f31b143b89c92b-0069979224" "proxy-server 12" 0.0043 "-" 22 0
Feb 19 22:43:48 standalone proxy-server[129581]: 172.18.0.2 172.18.0.100 19/Feb/2026/22/43/48 GET /v1/AUTH_ace14f9797444234851be39e9e4ade66/gnocchi.573e7a8b-810f-43c7-af90-3f5fa1d90a99%3Fformat%3Djson%26states%3Dlisting HTTP/1.0 200 - python-swiftclient-3.11.1 gAAAAABpl5GWIcjM... - 2 - txb997021f31b143b89c92b-0069979224 - 0.0361 - - 1771541028.576401949 1771541028.612512589 0
Feb 19 22:43:48 standalone object-server[127604]: 172.20.0.100 - - [19/Feb/2026:22:43:48 +0000] "GET /d1/212/AUTH_ace14f9797444234851be39e9e4ade66/gnocchi.573e7a8b-810f-43c7-af90-3f5fa1d90a99/1771200000.0_mean_300.0_v3" 404 70 "GET http://172.18.0.2:8080/v1/AUTH_ace14f9797444234851be39e9e4ade66/gnocchi.573e7a8b-810f-43c7-af90-3f5fa1d90a99/1771200000.0_mean_300.0_v3" "tx4f70cb385f2c48da8fa10-0069979224" "proxy-server 12" 0.0003 "-" 22 0
Feb 19 22:43:48 standalone proxy-server[129581]: 172.18.0.2 172.18.0.100 19/Feb/2026/22/43/48 GET /v1/AUTH_ace14f9797444234851be39e9e4ade66/gnocchi.573e7a8b-810f-43c7-af90-3f5fa1d90a99/1771200000.0_mean_300.0_v3 HTTP/1.0 404 - python-swiftclient-3.11.1 gAAAAABpl5GWIcjM... - 70 - tx4f70cb385f2c48da8fa10-0069979224 - 0.0046 - - 1771541028.616041660 1771541028.620619774 0
Feb 19 22:43:48 standalone container-server[127494]: 172.20.0.100 - - [19/Feb/2026:22:43:48 +0000] "PUT /d1/551/AUTH_ace14f9797444234851be39e9e4ade66/gnocchi.573e7a8b-810f-43c7-af90-3f5fa1d90a99/1771200000.0_mean_300.0_v3" 201 - "PUT http://172.18.0.2:8080/d1/212/AUTH_ace14f9797444234851be39e9e4ade66/gnocchi.573e7a8b-810f-43c7-af90-3f5fa1d90a99/1771200000.0_mean_300.0_v3" "txee8ffef802084de6bae51-0069979224" "object-server 23" 0.0006 "-" 20 0
Feb 19 22:43:48 standalone object-server[127605]: 172.20.0.100 - - [19/Feb/2026:22:43:48 +0000] "PUT /d1/212/AUTH_ace14f9797444234851be39e9e4ade66/gnocchi.573e7a8b-810f-43c7-af90-3f5fa1d90a99/1771200000.0_mean_300.0_v3" 201 - "PUT http://172.18.0.2:8080/v1/AUTH_ace14f9797444234851be39e9e4ade66/gnocchi.573e7a8b-810f-43c7-af90-3f5fa1d90a99/1771200000.0_mean_300.0_v3" "txee8ffef802084de6bae51-0069979224" "proxy-server 12" 0.0530 "-" 23 0
Feb 19 22:43:48 standalone proxy-server[129581]: 172.18.0.2 172.18.0.100 19/Feb/2026/22/43/48 PUT /v1/AUTH_ace14f9797444234851be39e9e4ade66/gnocchi.573e7a8b-810f-43c7-af90-3f5fa1d90a99/1771200000.0_mean_300.0_v3 HTTP/1.0 201 - python-swiftclient-3.11.1 gAAAAABpl5GWIcjM... 16 - - txee8ffef802084de6bae51-0069979224 - 0.0592 - - 1771541028.623137712 1771541028.682380915 0
Feb 19 22:43:48 standalone container-server[127508]: 172.20.0.100 - - [19/Feb/2026:22:43:48 +0000] "PUT /d1/551/AUTH_ace14f9797444234851be39e9e4ade66/gnocchi.573e7a8b-810f-43c7-af90-3f5fa1d90a99/none_v3" 201 - "PUT http://172.18.0.2:8080/d1/183/AUTH_ace14f9797444234851be39e9e4ade66/gnocchi.573e7a8b-810f-43c7-af90-3f5fa1d90a99/none_v3" "txe079552e7980449cbb2cb-0069979224" "object-server 24" 0.0008 "-" 23 0
Feb 19 22:43:48 standalone object-server[127606]: 172.20.0.100 - - [19/Feb/2026:22:43:48 +0000] "PUT /d1/183/AUTH_ace14f9797444234851be39e9e4ade66/gnocchi.573e7a8b-810f-43c7-af90-3f5fa1d90a99/none_v3" 201 - "PUT http://172.18.0.2:8080/v1/AUTH_ace14f9797444234851be39e9e4ade66/gnocchi.573e7a8b-810f-43c7-af90-3f5fa1d90a99/none_v3" "txe079552e7980449cbb2cb-0069979224" "proxy-server 12" 0.1333 "-" 24 0
Feb 19 22:43:48 standalone proxy-server[129581]: 172.18.0.2 172.18.0.100 19/Feb/2026/22/43/48 PUT /v1/AUTH_ace14f9797444234851be39e9e4ade66/gnocchi.573e7a8b-810f-43c7-af90-3f5fa1d90a99/none_v3 HTTP/1.0 201 - python-swiftclient-3.11.1 gAAAAABpl5GWIcjM... 22 - - txe079552e7980449cbb2cb-0069979224 - 0.1396 - - 1771541028.685784578 1771541028.825340509 0
Feb 19 22:43:48 standalone container-server[127494]: 172.20.0.100 - - [19/Feb/2026:22:43:48 +0000] "HEAD /d1/922/AUTH_ace14f9797444234851be39e9e4ade66/gnocchi.26f269df-e57c-4482-ad26-e09aea71e8c6" 404 - "HEAD http://172.18.0.2:8080/v1/AUTH_ace14f9797444234851be39e9e4ade66/gnocchi.26f269df-e57c-4482-ad26-e09aea71e8c6?format=json&states=listing" "tx21f88d7dc8914245b21dc-0069979224" "proxy-server 12" 0.0003 "-" 20 0
Feb 19 22:43:48 standalone object-server[127607]: 172.20.0.100 - - [19/Feb/2026:22:43:48 +0000] "GET /d1/566/AUTH_ace14f9797444234851be39e9e4ade66/gnocchi.26f269df-e57c-4482-ad26-e09aea71e8c6/none_v3" 404 70 "GET http://172.18.0.2:8080/v1/AUTH_ace14f9797444234851be39e9e4ade66/gnocchi.26f269df-e57c-4482-ad26-e09aea71e8c6/none_v3" "tx21f88d7dc8914245b21dc-0069979224" "proxy-server 12" 0.0007 "-" 25 0
Feb 19 22:43:48 standalone proxy-server[129581]: 172.18.0.2 172.18.0.100 19/Feb/2026/22/43/48 GET /v1/AUTH_ace14f9797444234851be39e9e4ade66/gnocchi.26f269df-e57c-4482-ad26-e09aea71e8c6/none_v3 HTTP/1.0 404 - python-swiftclient-3.11.1 gAAAAABpl5GWIcjM... - 70 - tx21f88d7dc8914245b21dc-0069979224 - 0.0135 - - 1771541028.843693018 1771541028.857213497 0
Feb 19 22:43:48 standalone account-server[127390]: 172.20.0.100 - - [19/Feb/2026:22:43:48 +0000] "PUT /d1/1016/AUTH_ace14f9797444234851be39e9e4ade66/gnocchi.26f269df-e57c-4482-ad26-e09aea71e8c6" 201 - "PUT http://172.20.0.100:6001/d1/922/AUTH_ace14f9797444234851be39e9e4ade66/gnocchi.26f269df-e57c-4482-ad26-e09aea71e8c6" "txc581beb975b74a35a155f-0069979224" "container-server 21" 0.0379 "-" 22 0
Feb 19 22:43:48 standalone container-server[127495]: 172.20.0.100 - - [19/Feb/2026:22:43:48 +0000] "PUT /d1/922/AUTH_ace14f9797444234851be39e9e4ade66/gnocchi.26f269df-e57c-4482-ad26-e09aea71e8c6" 201 - "PUT http://172.18.0.2:8080/v1/AUTH_ace14f9797444234851be39e9e4ade66/gnocchi.26f269df-e57c-4482-ad26-e09aea71e8c6" "txc581beb975b74a35a155f-0069979224" "proxy-server 12" 0.0840 "-" 21 0
Feb 19 22:43:48 standalone proxy-server[129581]: 172.18.0.2 172.18.0.100 19/Feb/2026/22/43/48 PUT /v1/AUTH_ace14f9797444234851be39e9e4ade66/gnocchi.26f269df-e57c-4482-ad26-e09aea71e8c6 HTTP/1.0 201 - python-swiftclient-3.11.1 gAAAAABpl5GWIcjM... - - - txc581beb975b74a35a155f-0069979224 - 0.0948 - - 1771541028.861629486 1771541028.956474304 0
Feb 19 22:43:48 standalone container-server[127495]: 172.20.0.100 - - [19/Feb/2026:22:43:48 +0000] "HEAD /d1/922/AUTH_ace14f9797444234851be39e9e4ade66/gnocchi.26f269df-e57c-4482-ad26-e09aea71e8c6" 204 - "HEAD http://172.18.0.2:8080/v1/AUTH_ace14f9797444234851be39e9e4ade66/gnocchi.26f269df-e57c-4482-ad26-e09aea71e8c6?format=json&states=listing" "tx2fc833572e284e61b0805-0069979224" "proxy-server 12" 0.0044 "-" 21 0
Feb 19 22:43:48 standalone proxy-server[129581]: - - 19/Feb/2026/22/43/48 HEAD /v1/AUTH_ace14f9797444234851be39e9e4ade66/gnocchi.26f269df-e57c-4482-ad26-e09aea71e8c6%3Fformat%3Djson%26states%3Dlisting HTTP/1.0 204 - Swift - - - - tx2fc833572e284e61b0805-0069979224 - 0.0142 RL - 1771541028.968914986 1771541028.983137608 0
Feb 19 22:43:48 standalone container-server[127508]: 172.20.0.100 - - [19/Feb/2026:22:43:48 +0000] "GET /d1/922/AUTH_ace14f9797444234851be39e9e4ade66/gnocchi.26f269df-e57c-4482-ad26-e09aea71e8c6" 200 2 "GET http://172.18.0.2:8080/v1/AUTH_ace14f9797444234851be39e9e4ade66/gnocchi.26f269df-e57c-4482-ad26-e09aea71e8c6?format=json&states=listing" "tx2fc833572e284e61b0805-0069979224" "proxy-server 12" 0.0025 "-" 23 0
Feb 19 22:43:49 standalone proxy-server[129581]: 172.18.0.2 172.18.0.100 19/Feb/2026/22/43/49 GET /v1/AUTH_ace14f9797444234851be39e9e4ade66/gnocchi.26f269df-e57c-4482-ad26-e09aea71e8c6%3Fformat%3Djson%26states%3Dlisting HTTP/1.0 200 - python-swiftclient-3.11.1 gAAAAABpl5GWIcjM... - 2 - tx2fc833572e284e61b0805-0069979224 - 0.0361 - - 1771541028.964275360 1771541029.000364304 0
Feb 19 22:43:49 standalone object-server[127607]: 172.20.0.100 - - [19/Feb/2026:22:43:49 +0000] "GET /d1/510/AUTH_ace14f9797444234851be39e9e4ade66/gnocchi.26f269df-e57c-4482-ad26-e09aea71e8c6/1771200000.0_mean_300.0_v3" 404 70 "GET http://172.18.0.2:8080/v1/AUTH_ace14f9797444234851be39e9e4ade66/gnocchi.26f269df-e57c-4482-ad26-e09aea71e8c6/1771200000.0_mean_300.0_v3" "tx9da51ba9f29b426bacc1b-0069979225" "proxy-server 12" 0.0007 "-" 25 0
Feb 19 22:43:49 standalone proxy-server[129581]: 172.18.0.2 172.18.0.100 19/Feb/2026/22/43/49 GET /v1/AUTH_ace14f9797444234851be39e9e4ade66/gnocchi.26f269df-e57c-4482-ad26-e09aea71e8c6/1771200000.0_mean_300.0_v3 HTTP/1.0 404 - python-swiftclient-3.11.1 gAAAAABpl5GWIcjM... - 70 - tx9da51ba9f29b426bacc1b-0069979225 - 0.0121 - - 1771541029.007838964 1771541029.019957066 0
Feb 19 22:43:49 standalone container-server[127495]: 172.20.0.100 - - [19/Feb/2026:22:43:49 +0000] "PUT /d1/922/AUTH_ace14f9797444234851be39e9e4ade66/gnocchi.26f269df-e57c-4482-ad26-e09aea71e8c6/1771200000.0_mean_300.0_v3" 201 - "PUT http://172.18.0.2:8080/d1/510/AUTH_ace14f9797444234851be39e9e4ade66/gnocchi.26f269df-e57c-4482-ad26-e09aea71e8c6/1771200000.0_mean_300.0_v3" "tx58d74ce42305443280157-0069979225" "object-server 22" 0.0021 "-" 21 0
Feb 19 22:43:49 standalone object-server[127604]: 172.20.0.100 - - [19/Feb/2026:22:43:49 +0000] "PUT /d1/510/AUTH_ace14f9797444234851be39e9e4ade66/gnocchi.26f269df-e57c-4482-ad26-e09aea71e8c6/1771200000.0_mean_300.0_v3" 201 - "PUT http://172.18.0.2:8080/v1/AUTH_ace14f9797444234851be39e9e4ade66/gnocchi.26f269df-e57c-4482-ad26-e09aea71e8c6/1771200000.0_mean_300.0_v3" "tx58d74ce42305443280157-0069979225" "proxy-server 12" 0.0436 "-" 22 0
Feb 19 22:43:49 standalone proxy-server[129581]: 172.18.0.2 172.18.0.100 19/Feb/2026/22/43/49 PUT /v1/AUTH_ace14f9797444234851be39e9e4ade66/gnocchi.26f269df-e57c-4482-ad26-e09aea71e8c6/1771200000.0_mean_300.0_v3 HTTP/1.0 201 - python-swiftclient-3.11.1 gAAAAABpl5GWIcjM... 16 - - tx58d74ce42305443280157-0069979225 - 0.0519 - - 1771541029.024507046 1771541029.076423883 0
Feb 19 22:43:49 standalone container-server[127508]: 172.20.0.100 - - [19/Feb/2026:22:43:49 +0000] "PUT /d1/922/AUTH_ace14f9797444234851be39e9e4ade66/gnocchi.26f269df-e57c-4482-ad26-e09aea71e8c6/none_v3" 201 - "PUT http://172.18.0.2:8080/d1/566/AUTH_ace14f9797444234851be39e9e4ade66/gnocchi.26f269df-e57c-4482-ad26-e09aea71e8c6/none_v3" "tx7d76ef950db2440f8d6ec-0069979225" "object-server 23" 0.0009 "-" 23 0
Feb 19 22:43:49 standalone object-server[127605]: 172.20.0.100 - - [19/Feb/2026:22:43:49 +0000] "PUT /d1/566/AUTH_ace14f9797444234851be39e9e4ade66/gnocchi.26f269df-e57c-4482-ad26-e09aea71e8c6/none_v3" 201 - "PUT http://172.18.0.2:8080/v1/AUTH_ace14f9797444234851be39e9e4ade66/gnocchi.26f269df-e57c-4482-ad26-e09aea71e8c6/none_v3" "tx7d76ef950db2440f8d6ec-0069979225" "proxy-server 12" 0.0506 "-" 23 0
Feb 19 22:43:49 standalone proxy-server[129581]: 172.18.0.2 172.18.0.100 19/Feb/2026/22/43/49 PUT /v1/AUTH_ace14f9797444234851be39e9e4ade66/gnocchi.26f269df-e57c-4482-ad26-e09aea71e8c6/none_v3 HTTP/1.0 201 - python-swiftclient-3.11.1 gAAAAABpl5GWIcjM... 22 - - tx7d76ef950db2440f8d6ec-0069979225 - 0.0622 - - 1771541029.081740618 1771541029.143965483 0
Feb 19 22:43:49 standalone container-server[127494]: 172.20.0.100 - - [19/Feb/2026:22:43:49 +0000] "HEAD /d1/402/AUTH_ace14f9797444234851be39e9e4ade66/gnocchi.721b349b-0b2e-4472-8f36-3c5de4792d24" 404 - "HEAD http://172.18.0.2:8080/v1/AUTH_ace14f9797444234851be39e9e4ade66/gnocchi.721b349b-0b2e-4472-8f36-3c5de4792d24?format=json&states=listing" "tx1240ec2024714bc093f5b-0069979225" "proxy-server 12" 0.0009 "-" 20 0
Feb 19 22:43:49 standalone object-server[127605]: 172.20.0.100 - - [19/Feb/2026:22:43:49 +0000] "GET /d1/346/AUTH_ace14f9797444234851be39e9e4ade66/gnocchi.721b349b-0b2e-4472-8f36-3c5de4792d24/none_v3" 404 70 "GET http://172.18.0.2:8080/v1/AUTH_ace14f9797444234851be39e9e4ade66/gnocchi.721b349b-0b2e-4472-8f36-3c5de4792d24/none_v3" "tx1240ec2024714bc093f5b-0069979225" "proxy-server 12" 0.0005 "-" 23 0
Feb 19 22:43:49 standalone proxy-server[129581]: 172.18.0.2 172.18.0.100 19/Feb/2026/22/43/49 GET /v1/AUTH_ace14f9797444234851be39e9e4ade66/gnocchi.721b349b-0b2e-4472-8f36-3c5de4792d24/none_v3 HTTP/1.0 404 - python-swiftclient-3.11.1 gAAAAABpl5GWIcjM... - 70 - tx1240ec2024714bc093f5b-0069979225 - 0.0207 - - 1771541029.171972752 1771541029.192624569 0
Feb 19 22:43:49 standalone account-server[127390]: 172.20.0.100 - - [19/Feb/2026:22:43:49 +0000] "PUT /d1/1016/AUTH_ace14f9797444234851be39e9e4ade66/gnocchi.721b349b-0b2e-4472-8f36-3c5de4792d24" 201 - "PUT http://172.20.0.100:6001/d1/402/AUTH_ace14f9797444234851be39e9e4ade66/gnocchi.721b349b-0b2e-4472-8f36-3c5de4792d24" "tx85c5fe7ac8c74503b4b08-0069979225" "container-server 23" 0.0096 "-" 22 0
Feb 19 22:43:49 standalone container-server[127508]: 172.20.0.100 - - [19/Feb/2026:22:43:49 +0000] "PUT /d1/402/AUTH_ace14f9797444234851be39e9e4ade66/gnocchi.721b349b-0b2e-4472-8f36-3c5de4792d24" 201 - "PUT http://172.18.0.2:8080/v1/AUTH_ace14f9797444234851be39e9e4ade66/gnocchi.721b349b-0b2e-4472-8f36-3c5de4792d24" "tx85c5fe7ac8c74503b4b08-0069979225" "proxy-server 12" 0.0269 "-" 23 0
Feb 19 22:43:49 standalone proxy-server[129581]: 172.18.0.2 172.18.0.100 19/Feb/2026/22/43/49 PUT /v1/AUTH_ace14f9797444234851be39e9e4ade66/gnocchi.721b349b-0b2e-4472-8f36-3c5de4792d24 HTTP/1.0 201 - python-swiftclient-3.11.1 gAAAAABpl5GWIcjM... - - - tx85c5fe7ac8c74503b4b08-0069979225 - 0.0370 - - 1771541029.197899818 1771541029.234863043 0
Feb 19 22:43:49 standalone container-server[127494]: 172.20.0.100 - - [19/Feb/2026:22:43:49 +0000] "HEAD /d1/402/AUTH_ace14f9797444234851be39e9e4ade66/gnocchi.721b349b-0b2e-4472-8f36-3c5de4792d24" 204 - "HEAD http://172.18.0.2:8080/v1/AUTH_ace14f9797444234851be39e9e4ade66/gnocchi.721b349b-0b2e-4472-8f36-3c5de4792d24?format=json&states=listing" "txaef90427bc124e2586337-0069979225" "proxy-server 12" 0.0023 "-" 20 0
Feb 19 22:43:49 standalone proxy-server[129581]: - - 19/Feb/2026/22/43/49 HEAD /v1/AUTH_ace14f9797444234851be39e9e4ade66/gnocchi.721b349b-0b2e-4472-8f36-3c5de4792d24%3Fformat%3Djson%26states%3Dlisting HTTP/1.0 204 - Swift - - - - txaef90427bc124e2586337-0069979225 - 0.0088 RL - 1771541029.243502378 1771541029.252351522 0
Feb 19 22:43:49 standalone container-server[127494]: 172.20.0.100 - - [19/Feb/2026:22:43:49 +0000] "GET /d1/402/AUTH_ace14f9797444234851be39e9e4ade66/gnocchi.721b349b-0b2e-4472-8f36-3c5de4792d24" 200 2 "GET http://172.18.0.2:8080/v1/AUTH_ace14f9797444234851be39e9e4ade66/gnocchi.721b349b-0b2e-4472-8f36-3c5de4792d24?format=json&states=listing" "txaef90427bc124e2586337-0069979225" "proxy-server 12" 0.0046 "-" 20 0
Feb 19 22:43:49 standalone proxy-server[129581]: 172.18.0.2 172.18.0.100 19/Feb/2026/22/43/49 GET /v1/AUTH_ace14f9797444234851be39e9e4ade66/gnocchi.721b349b-0b2e-4472-8f36-3c5de4792d24%3Fformat%3Djson%26states%3Dlisting HTTP/1.0 200 - python-swiftclient-3.11.1 gAAAAABpl5GWIcjM... - 2 - txaef90427bc124e2586337-0069979225 - 0.0281 - - 1771541029.241042137 1771541029.269115448 0
