Feb 19 22:43:20 standalone container-server[127499]: 172.20.0.100 - - [19/Feb/2026:22:43:20 +0000] "PUT /d1/912/AUTH_ace14f9797444234851be39e9e4ade66/gnocchi.34124325-1c01-4519-b656-3ac9bc837e8b" 201 - "PUT http://172.18.0.2:8080/v1/AUTH_ace14f9797444234851be39e9e4ade66/gnocchi.34124325-1c01-4519-b656-3ac9bc837e8b" "tx3572b2b8061347939526f-0069979208" "proxy-server 12" 0.0214 "-" 22 0
Feb 19 22:43:20 standalone proxy-server[129581]: 172.18.0.2 172.18.0.100 19/Feb/2026/22/43/20 PUT /v1/AUTH_ace14f9797444234851be39e9e4ade66/gnocchi.34124325-1c01-4519-b656-3ac9bc837e8b HTTP/1.0 201 - python-swiftclient-3.11.1 gAAAAABpl5GWIcjM... - - - tx3572b2b8061347939526f-0069979208 - 0.0296 - - 1771541000.462239265 1771541000.491868734 0
Feb 19 22:43:20 standalone container-server[127495]: 172.20.0.100 - - [19/Feb/2026:22:43:20 +0000] "HEAD /d1/912/AUTH_ace14f9797444234851be39e9e4ade66/gnocchi.34124325-1c01-4519-b656-3ac9bc837e8b" 204 - "HEAD http://172.18.0.2:8080/v1/AUTH_ace14f9797444234851be39e9e4ade66/gnocchi.34124325-1c01-4519-b656-3ac9bc837e8b?format=json&states=listing" "tx8618fc34c03949c898b68-0069979208" "proxy-server 12" 0.0022 "-" 21 0
Feb 19 22:43:20 standalone proxy-server[129581]: - - 19/Feb/2026/22/43/20 HEAD /v1/AUTH_ace14f9797444234851be39e9e4ade66/gnocchi.34124325-1c01-4519-b656-3ac9bc837e8b%3Fformat%3Djson%26states%3Dlisting HTTP/1.0 204 - Swift - - - - tx8618fc34c03949c898b68-0069979208 - 0.0078 RL - 1771541000.500332594 1771541000.508132458 0
Feb 19 22:43:20 standalone container-server[127495]: 172.20.0.100 - - [19/Feb/2026:22:43:20 +0000] "GET /d1/912/AUTH_ace14f9797444234851be39e9e4ade66/gnocchi.34124325-1c01-4519-b656-3ac9bc837e8b" 200 2 "GET http://172.18.0.2:8080/v1/AUTH_ace14f9797444234851be39e9e4ade66/gnocchi.34124325-1c01-4519-b656-3ac9bc837e8b?format=json&states=listing" "tx8618fc34c03949c898b68-0069979208" "proxy-server 12" 0.0033 "-" 21 0
Feb 19 22:43:20 standalone proxy-server[129581]: 172.18.0.2 172.18.0.100 19/Feb/2026/22/43/20 GET /v1/AUTH_ace14f9797444234851be39e9e4ade66/gnocchi.34124325-1c01-4519-b656-3ac9bc837e8b%3Fformat%3Djson%26states%3Dlisting HTTP/1.0 200 - python-swiftclient-3.11.1 gAAAAABpl5GWIcjM... - 2 - tx8618fc34c03949c898b68-0069979208 - 0.0228 - - 1771541000.498702765 1771541000.521460772 0
Feb 19 22:43:20 standalone object-server[127606]: 172.20.0.100 - - [19/Feb/2026:22:43:20 +0000] "GET /d1/302/AUTH_ace14f9797444234851be39e9e4ade66/gnocchi.34124325-1c01-4519-b656-3ac9bc837e8b/1771200000.0_mean_300.0_v3" 404 70 "GET http://172.18.0.2:8080/v1/AUTH_ace14f9797444234851be39e9e4ade66/gnocchi.34124325-1c01-4519-b656-3ac9bc837e8b/1771200000.0_mean_300.0_v3" "tx99e3323a2b3f4c4c8b097-0069979208" "proxy-server 12" 0.0005 "-" 24 0
Feb 19 22:43:20 standalone proxy-server[129581]: 172.18.0.2 172.18.0.100 19/Feb/2026/22/43/20 GET /v1/AUTH_ace14f9797444234851be39e9e4ade66/gnocchi.34124325-1c01-4519-b656-3ac9bc837e8b/1771200000.0_mean_300.0_v3 HTTP/1.0 404 - python-swiftclient-3.11.1 gAAAAABpl5GWIcjM... - 70 - tx99e3323a2b3f4c4c8b097-0069979208 - 0.0089 - - 1771541000.530618191 1771541000.539508820 0
Feb 19 22:43:20 standalone container-server[127494]: 172.20.0.100 - - [19/Feb/2026:22:43:20 +0000] "PUT /d1/912/AUTH_ace14f9797444234851be39e9e4ade66/gnocchi.34124325-1c01-4519-b656-3ac9bc837e8b/1771200000.0_mean_300.0_v3" 201 - "PUT http://172.18.0.2:8080/d1/302/AUTH_ace14f9797444234851be39e9e4ade66/gnocchi.34124325-1c01-4519-b656-3ac9bc837e8b/1771200000.0_mean_300.0_v3" "tx9727d8fd00e6417aafb8e-0069979208" "object-server 23" 0.0011 "-" 20 0
Feb 19 22:43:20 standalone object-server[127605]: 172.20.0.100 - - [19/Feb/2026:22:43:20 +0000] "PUT /d1/302/AUTH_ace14f9797444234851be39e9e4ade66/gnocchi.34124325-1c01-4519-b656-3ac9bc837e8b/1771200000.0_mean_300.0_v3" 201 - "PUT http://172.18.0.2:8080/v1/AUTH_ace14f9797444234851be39e9e4ade66/gnocchi.34124325-1c01-4519-b656-3ac9bc837e8b/1771200000.0_mean_300.0_v3" "tx9727d8fd00e6417aafb8e-0069979208" "proxy-server 12" 0.0137 "-" 23 0
Feb 19 22:43:20 standalone proxy-server[129581]: 172.18.0.2 172.18.0.100 19/Feb/2026/22/43/20 PUT /v1/AUTH_ace14f9797444234851be39e9e4ade66/gnocchi.34124325-1c01-4519-b656-3ac9bc837e8b/1771200000.0_mean_300.0_v3 HTTP/1.0 201 - python-swiftclient-3.11.1 gAAAAABpl5GWIcjM... 16 - - tx9727d8fd00e6417aafb8e-0069979208 - 0.0224 - - 1771541000.544221878 1771541000.566635847 0
Feb 19 22:43:20 standalone container-server[127495]: 172.20.0.100 - - [19/Feb/2026:22:43:20 +0000] "PUT /d1/912/AUTH_ace14f9797444234851be39e9e4ade66/gnocchi.34124325-1c01-4519-b656-3ac9bc837e8b/none_v3" 201 - "PUT http://172.18.0.2:8080/d1/454/AUTH_ace14f9797444234851be39e9e4ade66/gnocchi.34124325-1c01-4519-b656-3ac9bc837e8b/none_v3" "tx791261d1c24d412cbb592-0069979208" "object-server 24" 0.0008 "-" 21 0
Feb 19 22:43:20 standalone object-server[127606]: 172.20.0.100 - - [19/Feb/2026:22:43:20 +0000] "PUT /d1/454/AUTH_ace14f9797444234851be39e9e4ade66/gnocchi.34124325-1c01-4519-b656-3ac9bc837e8b/none_v3" 201 - "PUT http://172.18.0.2:8080/v1/AUTH_ace14f9797444234851be39e9e4ade66/gnocchi.34124325-1c01-4519-b656-3ac9bc837e8b/none_v3" "tx791261d1c24d412cbb592-0069979208" "proxy-server 12" 0.0119 "-" 24 0
Feb 19 22:43:20 standalone proxy-server[129581]: 172.18.0.2 172.18.0.100 19/Feb/2026/22/43/20 PUT /v1/AUTH_ace14f9797444234851be39e9e4ade66/gnocchi.34124325-1c01-4519-b656-3ac9bc837e8b/none_v3 HTTP/1.0 201 - python-swiftclient-3.11.1 gAAAAABpl5GWIcjM... 22 - - tx791261d1c24d412cbb592-0069979208 - 0.0201 - - 1771541000.571443558 1771541000.591581583 0
Feb 19 22:43:20 standalone object-server[127605]: 172.20.0.100 - - [19/Feb/2026:22:43:20 +0000] "GET /d1/454/AUTH_ace14f9797444234851be39e9e4ade66/gnocchi.34124325-1c01-4519-b656-3ac9bc837e8b/none_v3" 200 22 "GET http://172.18.0.2:8080/v1/AUTH_ace14f9797444234851be39e9e4ade66/gnocchi.34124325-1c01-4519-b656-3ac9bc837e8b/none_v3" "tx8297cd12edcf4fa5b63aa-0069979208" "proxy-server 12" 0.0012 "-" 23 0
Feb 19 22:43:20 standalone proxy-server[129581]: 172.18.0.2 172.18.0.100 19/Feb/2026/22/43/20 GET /v1/AUTH_ace14f9797444234851be39e9e4ade66/gnocchi.34124325-1c01-4519-b656-3ac9bc837e8b/none_v3 HTTP/1.0 200 - python-swiftclient-3.11.1 gAAAAABpl5GWIcjM... - 22 - tx8297cd12edcf4fa5b63aa-0069979208 - 0.0102 - - 1771541000.642208338 1771541000.652455091 0
Feb 19 22:43:20 standalone container-server[127494]: 172.20.0.100 - - [19/Feb/2026:22:43:20 +0000] "GET /d1/912/AUTH_ace14f9797444234851be39e9e4ade66/gnocchi.34124325-1c01-4519-b656-3ac9bc837e8b" 200 357 "GET http://172.18.0.2:8080/v1/AUTH_ace14f9797444234851be39e9e4ade66/gnocchi.34124325-1c01-4519-b656-3ac9bc837e8b?format=json&states=listing" "tx84d1e71c3ea04fa4a67d9-0069979208" "proxy-server 12" 0.0177 "-" 20 0
Feb 19 22:43:20 standalone proxy-server[129581]: 172.18.0.2 172.18.0.100 19/Feb/2026/22/43/20 GET /v1/AUTH_ace14f9797444234851be39e9e4ade66/gnocchi.34124325-1c01-4519-b656-3ac9bc837e8b%3Fformat%3Djson%26states%3Dlisting HTTP/1.0 200 - python-swiftclient-3.11.1 gAAAAABpl5GWIcjM... - 357 - tx84d1e71c3ea04fa4a67d9-0069979208 - 0.0271 - - 1771541000.656044483 1771541000.683148623 0
Feb 19 22:43:20 standalone container-server[127508]: 172.20.0.100 - - [19/Feb/2026:22:43:20 +0000] "GET /d1/912/AUTH_ace14f9797444234851be39e9e4ade66/gnocchi.34124325-1c01-4519-b656-3ac9bc837e8b" 200 2 "GET http://172.18.0.2:8080/v1/AUTH_ace14f9797444234851be39e9e4ade66/gnocchi.34124325-1c01-4519-b656-3ac9bc837e8b?format=json&marker=none_v3&states=listing" "txfff2ba2bff594c8d9f564-0069979208" "proxy-server 12" 0.0021 "-" 23 0
Feb 19 22:43:20 standalone proxy-server[129581]: 172.18.0.2 172.18.0.100 19/Feb/2026/22/43/20 GET /v1/AUTH_ace14f9797444234851be39e9e4ade66/gnocchi.34124325-1c01-4519-b656-3ac9bc837e8b%3Fformat%3Djson%26marker%3Dnone_v3%26states%3Dlisting HTTP/1.0 200 - python-swiftclient-3.11.1 gAAAAABpl5GWIcjM... - 2 - txfff2ba2bff594c8d9f564-0069979208 - 0.0101 - - 1771541000.687424660 1771541000.697495699 0
Feb 19 22:43:20 standalone object-server[127604]: 172.20.0.100 - - [19/Feb/2026:22:43:20 +0000] "GET /d1/302/AUTH_ace14f9797444234851be39e9e4ade66/gnocchi.34124325-1c01-4519-b656-3ac9bc837e8b/1771200000.0_mean_300.0_v3" 200 16 "GET http://172.18.0.2:8080/v1/AUTH_ace14f9797444234851be39e9e4ade66/gnocchi.34124325-1c01-4519-b656-3ac9bc837e8b/1771200000.0_mean_300.0_v3" "tx7b20c22f065343a893855-0069979208" "proxy-server 12" 0.0012 "-" 22 0
Feb 19 22:43:20 standalone proxy-server[129581]: 172.18.0.2 172.18.0.100 19/Feb/2026/22/43/20 GET /v1/AUTH_ace14f9797444234851be39e9e4ade66/gnocchi.34124325-1c01-4519-b656-3ac9bc837e8b/1771200000.0_mean_300.0_v3 HTTP/1.0 200 - python-swiftclient-3.11.1 gAAAAABpl5GWIcjM... - 16 - tx7b20c22f065343a893855-0069979208 - 0.0097 - - 1771541000.703457117 1771541000.713197231 0
Feb 19 22:43:20 standalone container-server[127495]: 172.20.0.100 - - [19/Feb/2026:22:43:20 +0000] "PUT /d1/912/AUTH_ace14f9797444234851be39e9e4ade66/gnocchi.34124325-1c01-4519-b656-3ac9bc837e8b/1771200000.0_mean_300.0_v3" 201 - "PUT http://172.18.0.2:8080/d1/302/AUTH_ace14f9797444234851be39e9e4ade66/gnocchi.34124325-1c01-4519-b656-3ac9bc837e8b/1771200000.0_mean_300.0_v3" "txfdeeb295b142474e9ab84-0069979208" "object-server 24" 0.0010 "-" 21 0
Feb 19 22:43:20 standalone object-server[127606]: 172.20.0.100 - - [19/Feb/2026:22:43:20 +0000] "PUT /d1/302/AUTH_ace14f9797444234851be39e9e4ade66/gnocchi.34124325-1c01-4519-b656-3ac9bc837e8b/1771200000.0_mean_300.0_v3" 201 - "PUT http://172.18.0.2:8080/v1/AUTH_ace14f9797444234851be39e9e4ade66/gnocchi.34124325-1c01-4519-b656-3ac9bc837e8b/1771200000.0_mean_300.0_v3" "txfdeeb295b142474e9ab84-0069979208" "proxy-server 12" 0.0123 "-" 24 0
Feb 19 22:43:20 standalone proxy-server[129581]: 172.18.0.2 172.18.0.100 19/Feb/2026/22/43/20 PUT /v1/AUTH_ace14f9797444234851be39e9e4ade66/gnocchi.34124325-1c01-4519-b656-3ac9bc837e8b/1771200000.0_mean_300.0_v3 HTTP/1.0 201 - python-swiftclient-3.11.1 gAAAAABpl5GWIcjM... 16 - - txfdeeb295b142474e9ab84-0069979208 - 0.0200 - - 1771541000.717575788 1771541000.737621069 0
Feb 19 22:43:20 standalone container-server[127494]: 172.20.0.100 - - [19/Feb/2026:22:43:20 +0000] "PUT /d1/912/AUTH_ace14f9797444234851be39e9e4ade66/gnocchi.34124325-1c01-4519-b656-3ac9bc837e8b/none_v3" 201 - "PUT http://172.18.0.2:8080/d1/454/AUTH_ace14f9797444234851be39e9e4ade66/gnocchi.34124325-1c01-4519-b656-3ac9bc837e8b/none_v3" "txa52852a3ee6b495587637-0069979208" "object-server 24" 0.0009 "-" 20 0
Feb 19 22:43:20 standalone object-server[127606]: 172.20.0.100 - - [19/Feb/2026:22:43:20 +0000] "PUT /d1/454/AUTH_ace14f9797444234851be39e9e4ade66/gnocchi.34124325-1c01-4519-b656-3ac9bc837e8b/none_v3" 201 - "PUT http://172.18.0.2:8080/v1/AUTH_ace14f9797444234851be39e9e4ade66/gnocchi.34124325-1c01-4519-b656-3ac9bc837e8b/none_v3" "txa52852a3ee6b495587637-0069979208" "proxy-server 12" 0.0122 "-" 24 0
Feb 19 22:43:20 standalone proxy-server[129581]: 172.18.0.2 172.18.0.100 19/Feb/2026/22/43/20 PUT /v1/AUTH_ace14f9797444234851be39e9e4ade66/gnocchi.34124325-1c01-4519-b656-3ac9bc837e8b/none_v3 HTTP/1.0 201 - python-swiftclient-3.11.1 gAAAAABpl5GWIcjM... 31 - - txa52852a3ee6b495587637-0069979208 - 0.0194 - - 1771541000.742164850 1771541000.761574507 0
Feb 19 22:43:29 standalone object-server[127604]: 172.20.0.100 - - [19/Feb/2026:22:43:29 +0000] "GET /d1/556/AUTH_ace14f9797444234851be39e9e4ade66/gnocchi.be9dfb22-65f5-4c40-9ceb-95a22e4321c7/none_v3" 200 32 "GET http://172.18.0.2:8080/v1/AUTH_ace14f9797444234851be39e9e4ade66/gnocchi.be9dfb22-65f5-4c40-9ceb-95a22e4321c7/none_v3" "tx693d7822d48f47b390475-0069979211" "proxy-server 12" 0.0009 "-" 22 0
Feb 19 22:43:29 standalone proxy-server[129581]: 172.18.0.2 172.18.0.100 19/Feb/2026/22/43/29 GET /v1/AUTH_ace14f9797444234851be39e9e4ade66/gnocchi.be9dfb22-65f5-4c40-9ceb-95a22e4321c7/none_v3 HTTP/1.0 200 - python-swiftclient-3.11.1 gAAAAABpl5GWIcjM... - 32 - tx693d7822d48f47b390475-0069979211 - 0.0115 - - 1771541009.881983042 1771541009.893482924 0
Feb 19 22:43:29 standalone container-server[127495]: 172.20.0.100 - - [19/Feb/2026:22:43:29 +0000] "GET /d1/809/AUTH_ace14f9797444234851be39e9e4ade66/gnocchi.be9dfb22-65f5-4c40-9ceb-95a22e4321c7" 200 357 "GET http://172.18.0.2:8080/v1/AUTH_ace14f9797444234851be39e9e4ade66/gnocchi.be9dfb22-65f5-4c40-9ceb-95a22e4321c7?format=json&states=listing" "txa36b7a8259ce4b3093e32-0069979211" "proxy-server 12" 0.0093 "-" 21 0
Feb 19 22:43:29 standalone proxy-server[129581]: 172.18.0.2 172.18.0.100 19/Feb/2026/22/43/29 GET /v1/AUTH_ace14f9797444234851be39e9e4ade66/gnocchi.be9dfb22-65f5-4c40-9ceb-95a22e4321c7%3Fformat%3Djson%26states%3Dlisting HTTP/1.0 200 - python-swiftclient-3.11.1 gAAAAABpl5GWIcjM... - 357 - txa36b7a8259ce4b3093e32-0069979211 - 0.0175 - - 1771541009.898153305 1771541009.915641308 0
Feb 19 22:43:29 standalone container-server[127494]: 172.20.0.100 - - [19/Feb/2026:22:43:29 +0000] "GET /d1/809/AUTH_ace14f9797444234851be39e9e4ade66/gnocchi.be9dfb22-65f5-4c40-9ceb-95a22e4321c7" 200 2 "GET http://172.18.0.2:8080/v1/AUTH_ace14f9797444234851be39e9e4ade66/gnocchi.be9dfb22-65f5-4c40-9ceb-95a22e4321c7?format=json&marker=none_v3&states=listing" "tx442763f31bc7438196475-0069979211" "proxy-server 12" 0.0047 "-" 20 0
Feb 19 22:43:29 standalone proxy-server[129581]: 172.18.0.2 172.18.0.100 19/Feb/2026/22/43/29 GET /v1/AUTH_ace14f9797444234851be39e9e4ade66/gnocchi.be9dfb22-65f5-4c40-9ceb-95a22e4321c7%3Fformat%3Djson%26marker%3Dnone_v3%26states%3Dlisting HTTP/1.0 200 - python-swiftclient-3.11.1 gAAAAABpl5GWIcjM... - 2 - tx442763f31bc7438196475-0069979211 - 0.0164 - - 1771541009.919218779 1771541009.935610056 0
Feb 19 22:43:29 standalone object-server[127605]: 172.20.0.100 - - [19/Feb/2026:22:43:29 +0000] "GET /d1/32/AUTH_ace14f9797444234851be39e9e4ade66/gnocchi.be9dfb22-65f5-4c40-9ceb-95a22e4321c7/1771200000.0_mean_300.0_v3" 200 16 "GET http://172.18.0.2:8080/v1/AUTH_ace14f9797444234851be39e9e4ade66/gnocchi.be9dfb22-65f5-4c40-9ceb-95a22e4321c7/1771200000.0_mean_300.0_v3" "tx4ec646b96b074366a4e47-0069979211" "proxy-server 12" 0.0011 "-" 23 0
Feb 19 22:43:29 standalone proxy-server[129581]: 172.18.0.2 172.18.0.100 19/Feb/2026/22/43/29 GET /v1/AUTH_ace14f9797444234851be39e9e4ade66/gnocchi.be9dfb22-65f5-4c40-9ceb-95a22e4321c7/1771200000.0_mean_300.0_v3 HTTP/1.0 200 - python-swiftclient-3.11.1 gAAAAABpl5GWIcjM... - 16 - tx4ec646b96b074366a4e47-0069979211 - 0.0067 - - 1771541009.943499565 1771541009.950212955 0
Feb 19 22:43:29 standalone container-server[127495]: 172.20.0.100 - - [19/Feb/2026:22:43:29 +0000] "PUT /d1/809/AUTH_ace14f9797444234851be39e9e4ade66/gnocchi.be9dfb22-65f5-4c40-9ceb-95a22e4321c7/1771200000.0_mean_300.0_v3" 201 - "PUT http://172.18.0.2:8080/d1/32/AUTH_ace14f9797444234851be39e9e4ade66/gnocchi.be9dfb22-65f5-4c40-9ceb-95a22e4321c7/1771200000.0_mean_300.0_v3" "tx657cbb7714644f8aa1a20-0069979211" "object-server 23" 0.0006 "-" 21 0
Feb 19 22:43:29 standalone object-server[127605]: 172.20.0.100 - - [19/Feb/2026:22:43:29 +0000] "PUT /d1/32/AUTH_ace14f9797444234851be39e9e4ade66/gnocchi.be9dfb22-65f5-4c40-9ceb-95a22e4321c7/1771200000.0_mean_300.0_v3" 201 - "PUT http://172.18.0.2:8080/v1/AUTH_ace14f9797444234851be39e9e4ade66/gnocchi.be9dfb22-65f5-4c40-9ceb-95a22e4321c7/1771200000.0_mean_300.0_v3" "tx657cbb7714644f8aa1a20-0069979211" "proxy-server 12" 0.0094 "-" 23 0
Feb 19 22:43:29 standalone proxy-server[129581]: 172.18.0.2 172.18.0.100 19/Feb/2026/22/43/29 PUT /v1/AUTH_ace14f9797444234851be39e9e4ade66/gnocchi.be9dfb22-65f5-4c40-9ceb-95a22e4321c7/1771200000.0_mean_300.0_v3 HTTP/1.0 201 - python-swiftclient-3.11.1 gAAAAABpl5GWIcjM... 16 - - tx657cbb7714644f8aa1a20-0069979211 - 0.0177 - - 1771541009.952694416 1771541009.970391273 0
Feb 19 22:43:30 standalone container-server[127495]: 172.20.0.100 - - [19/Feb/2026:22:43:30 +0000] "PUT /d1/809/AUTH_ace14f9797444234851be39e9e4ade66/gnocchi.be9dfb22-65f5-4c40-9ceb-95a22e4321c7/none_v3" 201 - "PUT http://172.18.0.2:8080/d1/556/AUTH_ace14f9797444234851be39e9e4ade66/gnocchi.be9dfb22-65f5-4c40-9ceb-95a22e4321c7/none_v3" "tx8efcce1284244aaf91d65-0069979211" "object-server 24" 0.0007 "-" 21 0
Feb 19 22:43:30 standalone object-server[127606]: 172.20.0.100 - - [19/Feb/2026:22:43:30 +0000] "PUT /d1/556/AUTH_ace14f9797444234851be39e9e4ade66/gnocchi.be9dfb22-65f5-4c40-9ceb-95a22e4321c7/none_v3" 201 - "PUT http://172.18.0.2:8080/v1/AUTH_ace14f9797444234851be39e9e4ade66/gnocchi.be9dfb22-65f5-4c40-9ceb-95a22e4321c7/none_v3" "tx8efcce1284244aaf91d65-0069979211" "proxy-server 12" 0.0255 "-" 24 0
Feb 19 22:43:30 standalone proxy-server[129581]: 172.18.0.2 172.18.0.100 19/Feb/2026/22/43/30 PUT /v1/AUTH_ace14f9797444234851be39e9e4ade66/gnocchi.be9dfb22-65f5-4c40-9ceb-95a22e4321c7/none_v3 HTTP/1.0 201 - python-swiftclient-3.11.1 gAAAAABpl5GWIcjM... 46 - - tx8efcce1284244aaf91d65-0069979211 - 0.0370 - - 1771541009.974881649 1771541010.011902571 0
Feb 19 22:43:31 standalone object-server[127604]: 172.20.0.100 - - [19/Feb/2026:22:43:31 +0000] "GET /d1/556/AUTH_ace14f9797444234851be39e9e4ade66/gnocchi.be9dfb22-65f5-4c40-9ceb-95a22e4321c7/none_v3" 200 46 "GET http://172.18.0.2:8080/v1/AUTH_ace14f9797444234851be39e9e4ade66/gnocchi.be9dfb22-65f5-4c40-9ceb-95a22e4321c7/none_v3" "tx4ca8ce5c48f0416081e86-0069979213" "proxy-server 12" 0.0009 "-" 22 0
Feb 19 22:43:31 standalone proxy-server[129581]: 172.18.0.2 172.18.0.100 19/Feb/2026/22/43/31 GET /v1/AUTH_ace14f9797444234851be39e9e4ade66/gnocchi.be9dfb22-65f5-4c40-9ceb-95a22e4321c7/none_v3 HTTP/1.0 200 - python-swiftclient-3.11.1 gAAAAABpl5GWIcjM... - 46 - tx4ca8ce5c48f0416081e86-0069979213 - 0.0122 - - 1771541011.029957771 1771541011.042184353 0
Feb 19 22:43:31 standalone container-server[127499]: 172.20.0.100 - - [19/Feb/2026:22:43:31 +0000] "GET /d1/809/AUTH_ace14f9797444234851be39e9e4ade66/gnocchi.be9dfb22-65f5-4c40-9ceb-95a22e4321c7" 200 357 "GET http://172.18.0.2:8080/v1/AUTH_ace14f9797444234851be39e9e4ade66/gnocchi.be9dfb22-65f5-4c40-9ceb-95a22e4321c7?format=json&states=listing" "tx7c67e46a6d7240c09ccf3-0069979213" "proxy-server 12" 0.0167 "-" 22 0
Feb 19 22:43:31 standalone proxy-server[129581]: 172.18.0.2 172.18.0.100 19/Feb/2026/22/43/31 GET /v1/AUTH_ace14f9797444234851be39e9e4ade66/gnocchi.be9dfb22-65f5-4c40-9ceb-95a22e4321c7%3Fformat%3Djson%26states%3Dlisting HTTP/1.0 200 - python-swiftclient-3.11.1 gAAAAABpl5GWIcjM... - 357 - tx7c67e46a6d7240c09ccf3-0069979213 - 0.0271 - - 1771541011.050774813 1771541011.077883244 0
Feb 19 22:43:31 standalone container-server[127508]: 172.20.0.100 - - [19/Feb/2026:22:43:31 +0000] "GET /d1/809/AUTH_ace14f9797444234851be39e9e4ade66/gnocchi.be9dfb22-65f5-4c40-9ceb-95a22e4321c7" 200 2 "GET http://172.18.0.2:8080/v1/AUTH_ace14f9797444234851be39e9e4ade66/gnocchi.be9dfb22-65f5-4c40-9ceb-95a22e4321c7?format=json&marker=none_v3&states=listing" "txcf37a4c8c19e4dbe8ba13-0069979213" "proxy-server 12" 0.0019 "-" 23 0
Feb 19 22:43:31 standalone proxy-server[129581]: 172.18.0.2 172.18.0.100 19/Feb/2026/22/43/31 GET /v1/AUTH_ace14f9797444234851be39e9e4ade66/gnocchi.be9dfb22-65f5-4c40-9ceb-95a22e4321c7%3Fformat%3Djson%26marker%3Dnone_v3%26states%3Dlisting HTTP/1.0 200 - python-swiftclient-3.11.1 gAAAAABpl5GWIcjM... - 2 - txcf37a4c8c19e4dbe8ba13-0069979213 - 0.0106 - - 1771541011.080875635 1771541011.091517925 0
Feb 19 22:43:31 standalone object-server[127607]: 172.20.0.100 - - [19/Feb/2026:22:43:31 +0000] "GET /d1/32/AUTH_ace14f9797444234851be39e9e4ade66/gnocchi.be9dfb22-65f5-4c40-9ceb-95a22e4321c7/1771200000.0_mean_300.0_v3" 200 16 "GET http://172.18.0.2:8080/v1/AUTH_ace14f9797444234851be39e9e4ade66/gnocchi.be9dfb22-65f5-4c40-9ceb-95a22e4321c7/1771200000.0_mean_300.0_v3" "tx1a893a9cf0d64aeda3abe-0069979213" "proxy-server 12" 0.0007 "-" 25 0
Feb 19 22:43:31 standalone proxy-server[129581]: 172.18.0.2 172.18.0.100 19/Feb/2026/22/43/31 GET /v1/AUTH_ace14f9797444234851be39e9e4ade66/gnocchi.be9dfb22-65f5-4c40-9ceb-95a22e4321c7/1771200000.0_mean_300.0_v3 HTTP/1.0 200 - python-swiftclient-3.11.1 gAAAAABpl5GWIcjM... - 16 - tx1a893a9cf0d64aeda3abe-0069979213 - 0.0062 - - 1771541011.095558643 1771541011.101757765 0
Feb 19 22:43:31 standalone container-server[127495]: 172.20.0.100 - - [19/Feb/2026:22:43:31 +0000] "PUT /d1/809/AUTH_ace14f9797444234851be39e9e4ade66/gnocchi.be9dfb22-65f5-4c40-9ceb-95a22e4321c7/1771200000.0_mean_300.0_v3" 201 - "PUT http://172.18.0.2:8080/d1/32/AUTH_ace14f9797444234851be39e9e4ade66/gnocchi.be9dfb22-65f5-4c40-9ceb-95a22e4321c7/1771200000.0_mean_300.0_v3" "txcd3132f5a4d842158fcde-0069979213" "object-server 22" 0.0005 "-" 21 0
Feb 19 22:43:31 standalone object-server[127604]: 172.20.0.100 - - [19/Feb/2026:22:43:31 +0000] "PUT /d1/32/AUTH_ace14f9797444234851be39e9e4ade66/gnocchi.be9dfb22-65f5-4c40-9ceb-95a22e4321c7/1771200000.0_mean_300.0_v3" 201 - "PUT http://172.18.0.2:8080/v1/AUTH_ace14f9797444234851be39e9e4ade66/gnocchi.be9dfb22-65f5-4c40-9ceb-95a22e4321c7/1771200000.0_mean_300.0_v3" "txcd3132f5a4d842158fcde-0069979213" "proxy-server 12" 0.0093 "-" 22 0
Feb 19 22:43:31 standalone proxy-server[129581]: 172.18.0.2 172.18.0.100 19/Feb/2026/22/43/31 PUT /v1/AUTH_ace14f9797444234851be39e9e4ade66/gnocchi.be9dfb22-65f5-4c40-9ceb-95a22e4321c7/1771200000.0_mean_300.0_v3 HTTP/1.0 201 - python-swiftclient-3.11.1 gAAAAABpl5GWIcjM... 16 - - txcd3132f5a4d842158fcde-0069979213 - 0.0138 - - 1771541011.104410410 1771541011.118210316 0
Feb 19 22:43:31 standalone container-server[127495]: 172.20.0.100 - - [19/Feb/2026:22:43:31 +0000] "PUT /d1/809/AUTH_ace14f9797444234851be39e9e4ade66/gnocchi.be9dfb22-65f5-4c40-9ceb-95a22e4321c7/none_v3" 201 - "PUT http://172.18.0.2:8080/d1/556/AUTH_ace14f9797444234851be39e9e4ade66/gnocchi.be9dfb22-65f5-4c40-9ceb-95a22e4321c7/none_v3" "tx320199d22fb64a7d89c14-0069979213" "object-server 22" 0.0004 "-" 21 0
Feb 19 22:43:31 standalone object-server[127604]: 172.20.0.100 - - [19/Feb/2026:22:43:31 +0000] "PUT /d1/556/AUTH_ace14f9797444234851be39e9e4ade66/gnocchi.be9dfb22-65f5-4c40-9ceb-95a22e4321c7/none_v3" 201 - "PUT http://172.18.0.2:8080/v1/AUTH_ace14f9797444234851be39e9e4ade66/gnocchi.be9dfb22-65f5-4c40-9ceb-95a22e4321c7/none_v3" "tx320199d22fb64a7d89c14-0069979213" "proxy-server 12" 0.0085 "-" 22 0
Feb 19 22:43:31 standalone proxy-server[129581]: 172.18.0.2 172.18.0.100 19/Feb/2026/22/43/31 PUT /v1/AUTH_ace14f9797444234851be39e9e4ade66/gnocchi.be9dfb22-65f5-4c40-9ceb-95a22e4321c7/none_v3 HTTP/1.0 201 - python-swiftclient-3.11.1 gAAAAABpl5GWIcjM... 51 - - tx320199d22fb64a7d89c14-0069979213 - 0.0163 - - 1771541011.121615648 1771541011.137949467 0
Feb 19 22:43:31 standalone object-server[127607]: 172.20.0.100 - - [19/Feb/2026:22:43:31 +0000] "GET /d1/179/AUTH_ace14f9797444234851be39e9e4ade66/gnocchi.f246469d-a705-40c1-8536-129ee14f5319/none_v3" 200 22 "GET http://172.18.0.2:8080/v1/AUTH_ace14f9797444234851be39e9e4ade66/gnocchi.f246469d-a705-40c1-8536-129ee14f5319/none_v3" "tx8571e868e8fa44c696983-0069979213" "proxy-server 12" 0.0006 "-" 25 0
Feb 19 22:43:31 standalone proxy-server[129581]: 172.18.0.2 172.18.0.100 19/Feb/2026/22/43/31 GET /v1/AUTH_ace14f9797444234851be39e9e4ade66/gnocchi.f246469d-a705-40c1-8536-129ee14f5319/none_v3 HTTP/1.0 200 - python-swiftclient-3.11.1 gAAAAABpl5GWIcjM... - 22 - tx8571e868e8fa44c696983-0069979213 - 0.0051 - - 1771541011.146656275 1771541011.151789665 0
Feb 19 22:43:31 standalone container-server[127508]: 172.20.0.100 - - [19/Feb/2026:22:43:31 +0000] "GET /d1/739/AUTH_ace14f9797444234851be39e9e4ade66/gnocchi.f246469d-a705-40c1-8536-129ee14f5319" 200 357 "GET http://172.18.0.2:8080/v1/AUTH_ace14f9797444234851be39e9e4ade66/gnocchi.f246469d-a705-40c1-8536-129ee14f5319?format=json&states=listing" "tx8fe3404babc24f44a777f-0069979213" "proxy-server 12" 0.0020 "-" 23 0
Feb 19 22:43:31 standalone proxy-server[129581]: 172.18.0.2 172.18.0.100 19/Feb/2026/22/43/31 GET /v1/AUTH_ace14f9797444234851be39e9e4ade66/gnocchi.f246469d-a705-40c1-8536-129ee14f5319%3Fformat%3Djson%26states%3Dlisting HTTP/1.0 200 - python-swiftclient-3.11.1 gAAAAABpl5GWIcjM... - 357 - tx8fe3404babc24f44a777f-0069979213 - 0.0090 - - 1771541011.156614542 1771541011.165608883 0
Feb 19 22:43:31 standalone container-server[127495]: 172.20.0.100 - - [19/Feb/2026:22:43:31 +0000] "GET /d1/739/AUTH_ace14f9797444234851be39e9e4ade66/gnocchi.f246469d-a705-40c1-8536-129ee14f5319" 200 2 "GET http://172.18.0.2:8080/v1/AUTH_ace14f9797444234851be39e9e4ade66/gnocchi.f246469d-a705-40c1-8536-129ee14f5319?format=json&marker=none_v3&states=listing" "tx50301939fe9f4c8081d26-0069979213" "proxy-server 12" 0.0016 "-" 21 0
Feb 19 22:43:31 standalone proxy-server[129581]: 172.18.0.2 172.18.0.100 19/Feb/2026/22/43/31 GET /v1/AUTH_ace14f9797444234851be39e9e4ade66/gnocchi.f246469d-a705-40c1-8536-129ee14f5319%3Fformat%3Djson%26marker%3Dnone_v3%26states%3Dlisting HTTP/1.0 200 - python-swiftclient-3.11.1 gAAAAABpl5GWIcjM... - 2 - tx50301939fe9f4c8081d26-0069979213 - 0.0051 - - 1771541011.167685986 1771541011.172781467 0
Feb 19 22:43:31 standalone object-server[127604]: 172.20.0.100 - - [19/Feb/2026:22:43:31 +0000] "GET /d1/664/AUTH_ace14f9797444234851be39e9e4ade66/gnocchi.f246469d-a705-40c1-8536-129ee14f5319/1771200000.0_mean_300.0_v3" 200 16 "GET http://172.18.0.2:8080/v1/AUTH_ace14f9797444234851be39e9e4ade66/gnocchi.f246469d-a705-40c1-8536-129ee14f5319/1771200000.0_mean_300.0_v3" "txa02963c464ff484c9d9b8-0069979213" "proxy-server 12" 0.0011 "-" 22 0
Feb 19 22:43:31 standalone proxy-server[129581]: 172.18.0.2 172.18.0.100 19/Feb/2026/22/43/31 GET /v1/AUTH_ace14f9797444234851be39e9e4ade66/gnocchi.f246469d-a705-40c1-8536-129ee14f5319/1771200000.0_mean_300.0_v3 HTTP/1.0 200 - python-swiftclient-3.11.1 gAAAAABpl5GWIcjM... - 16 - txa02963c464ff484c9d9b8-0069979213 - 0.0091 - - 1771541011.176427841 1771541011.185557842 0
Feb 19 22:43:31 standalone container-server[127499]: 172.20.0.100 - - [19/Feb/2026:22:43:31 +0000] "PUT /d1/739/AUTH_ace14f9797444234851be39e9e4ade66/gnocchi.f246469d-a705-40c1-8536-129ee14f5319/1771200000.0_mean_300.0_v3" 201 - "PUT http://172.18.0.2:8080/d1/664/AUTH_ace14f9797444234851be39e9e4ade66/gnocchi.f246469d-a705-40c1-8536-129ee14f5319/1771200000.0_mean_300.0_v3" "tx3e6253bc4d6845e280435-0069979213" "object-server 25" 0.0007 "-" 22 0
Feb 19 22:43:31 standalone object-server[127607]: 172.20.0.100 - - [19/Feb/2026:22:43:31 +0000] "PUT /d1/664/AUTH_ace14f9797444234851be39e9e4ade66/gnocchi.f246469d-a705-40c1-8536-129ee14f5319/1771200000.0_mean_300.0_v3" 201 - "PUT http://172.18.0.2:8080/v1/AUTH_ace14f9797444234851be39e9e4ade66/gnocchi.f246469d-a705-40c1-8536-129ee14f5319/1771200000.0_mean_300.0_v3" "tx3e6253bc4d6845e280435-0069979213" "proxy-server 12" 0.0101 "-" 25 0
Feb 19 22:43:31 standalone proxy-server[129581]: 172.18.0.2 172.18.0.100 19/Feb/2026/22/43/31 PUT /v1/AUTH_ace14f9797444234851be39e9e4ade66/gnocchi.f246469d-a705-40c1-8536-129ee14f5319/1771200000.0_mean_300.0_v3 HTTP/1.0 201 - python-swiftclient-3.11.1 gAAAAABpl5GWIcjM... 16 - - tx3e6253bc4d6845e280435-0069979213 - 0.0142 - - 1771541011.187415838 1771541011.201639652 0
Feb 19 22:43:31 standalone container-server[127499]: 172.20.0.100 - - [19/Feb/2026:22:43:31 +0000] "PUT /d1/739/AUTH_ace14f9797444234851be39e9e4ade66/gnocchi.f246469d-a705-40c1-8536-129ee14f5319/none_v3" 201 - "PUT http://172.18.0.2:8080/d1/179/AUTH_ace14f9797444234851be39e9e4ade66/gnocchi.f246469d-a705-40c1-8536-129ee14f5319/none_v3" "tx132237501ab949b6b936b-0069979213" "object-server 23" 0.0005 "-" 22 0
Feb 19 22:43:31 standalone object-server[127605]: 172.20.0.100 - - [19/Feb/2026:22:43:31 +0000] "PUT /d1/179/AUTH_ace14f9797444234851be39e9e4ade66/gnocchi.f246469d-a705-40c1-8536-129ee14f5319/none_v3" 201 - "PUT http://172.18.0.2:8080/v1/AUTH_ace14f9797444234851be39e9e4ade66/gnocchi.f246469d-a705-40c1-8536-129ee14f5319/none_v3" "tx132237501ab949b6b936b-0069979213" "proxy-server 12" 0.0078 "-" 23 0
Feb 19 22:43:31 standalone proxy-server[129581]: 172.18.0.2 172.18.0.100 19/Feb/2026/22/43/31 PUT /v1/AUTH_ace14f9797444234851be39e9e4ade66/gnocchi.f246469d-a705-40c1-8536-129ee14f5319/none_v3 HTTP/1.0 201 - python-swiftclient-3.11.1 gAAAAABpl5GWIcjM... 32 - - tx132237501ab949b6b936b-0069979213 - 0.0188 - - 1771541011.203994036 1771541011.222755432 0
Feb 19 22:43:31 standalone object-server[127607]: 172.20.0.100 - - [19/Feb/2026:22:43:31 +0000] "GET /d1/427/AUTH_ace14f9797444234851be39e9e4ade66/gnocchi.0efd424f-7916-437b-b13d-0af65c16def4/none_v3" 200 22 "GET http://172.18.0.2:8080/v1/AUTH_ace14f9797444234851be39e9e4ade66/gnocchi.0efd424f-7916-437b-b13d-0af65c16def4/none_v3" "txb6aaf671cd12489596800-0069979213" "proxy-server 12" 0.0006 "-" 25 0
Feb 19 22:43:31 standalone proxy-server[129581]: 172.18.0.2 172.18.0.100 19/Feb/2026/22/43/31 GET /v1/AUTH_ace14f9797444234851be39e9e4ade66/gnocchi.0efd424f-7916-437b-b13d-0af65c16def4/none_v3 HTTP/1.0 200 - python-swiftclient-3.11.1 gAAAAABpl5GWIcjM... - 22 - txb6aaf671cd12489596800-0069979213 - 0.0053 - - 1771541011.230448723 1771541011.235714674 0
Feb 19 22:43:31 standalone container-server[127495]: 172.20.0.100 - - [19/Feb/2026:22:43:31 +0000] "GET /d1/339/AUTH_ace14f9797444234851be39e9e4ade66/gnocchi.0efd424f-7916-437b-b13d-0af65c16def4" 200 357 "GET http://172.18.0.2:8080/v1/AUTH_ace14f9797444234851be39e9e4ade66/gnocchi.0efd424f-7916-437b-b13d-0af65c16def4?format=json&states=listing" "txa0760039efff4f43b4801-0069979213" "proxy-server 12" 0.0019 "-" 21 0
Feb 19 22:43:31 standalone proxy-server[129581]: 172.18.0.2 172.18.0.100 19/Feb/2026/22/43/31 GET /v1/AUTH_ace14f9797444234851be39e9e4ade66/gnocchi.0efd424f-7916-437b-b13d-0af65c16def4%3Fformat%3Djson%26states%3Dlisting HTTP/1.0 200 - python-swiftclient-3.11.1 gAAAAABpl5GWIcjM... - 357 - txa0760039efff4f43b4801-0069979213 - 0.0059 - - 1771541011.239518642 1771541011.245408297 0
Feb 19 22:43:31 standalone container-server[127494]: 172.20.0.100 - - [19/Feb/2026:22:43:31 +0000] "GET /d1/339/AUTH_ace14f9797444234851be39e9e4ade66/gnocchi.0efd424f-7916-437b-b13d-0af65c16def4" 200 2 "GET http://172.18.0.2:8080/v1/AUTH_ace14f9797444234851be39e9e4ade66/gnocchi.0efd424f-7916-437b-b13d-0af65c16def4?format=json&marker=none_v3&states=listing" "txc54723f84ced471e9149e-0069979213" "proxy-server 12" 0.0017 "-" 20 0
Feb 19 22:43:31 standalone proxy-server[129581]: 172.18.0.2 172.18.0.100 19/Feb/2026/22/43/31 GET /v1/AUTH_ace14f9797444234851be39e9e4ade66/gnocchi.0efd424f-7916-437b-b13d-0af65c16def4%3Fformat%3Djson%26marker%3Dnone_v3%26states%3Dlisting HTTP/1.0 200 - python-swiftclient-3.11.1 gAAAAABpl5GWIcjM... - 2 - txc54723f84ced471e9149e-0069979213 - 0.0058 - - 1771541011.247045279 1771541011.252838612 0
Feb 19 22:43:31 standalone object-server[127604]: 172.20.0.100 - - [19/Feb/2026:22:43:31 +0000] "GET /d1/378/AUTH_ace14f9797444234851be39e9e4ade66/gnocchi.0efd424f-7916-437b-b13d-0af65c16def4/1771200000.0_mean_300.0_v3" 200 16 "GET http://172.18.0.2:8080/v1/AUTH_ace14f9797444234851be39e9e4ade66/gnocchi.0efd424f-7916-437b-b13d-0af65c16def4/1771200000.0_mean_300.0_v3" "tx27619820edb04b87ab05a-0069979213" "proxy-server 12" 0.0009 "-" 22 0
Feb 19 22:43:31 standalone proxy-server[129581]: 172.18.0.2 172.18.0.100 19/Feb/2026/22/43/31 GET /v1/AUTH_ace14f9797444234851be39e9e4ade66/gnocchi.0efd424f-7916-437b-b13d-0af65c16def4/1771200000.0_mean_300.0_v3 HTTP/1.0 200 - python-swiftclient-3.11.1 gAAAAABpl5GWIcjM... - 16 - tx27619820edb04b87ab05a-0069979213 - 0.0056 - - 1771541011.257021189 1771541011.262573719 0
Feb 19 22:43:31 standalone container-server[127508]: 172.20.0.100 - - [19/Feb/2026:22:43:31 +0000] "PUT /d1/339/AUTH_ace14f9797444234851be39e9e4ade66/gnocchi.0efd424f-7916-437b-b13d-0af65c16def4/1771200000.0_mean_300.0_v3" 201 - "PUT http://172.18.0.2:8080/d1/378/AUTH_ace14f9797444234851be39e9e4ade66/gnocchi.0efd424f-7916-437b-b13d-0af65c16def4/1771200000.0_mean_300.0_v3" "tx2a797acf17094f068019a-0069979213" "object-server 23" 0.0005 "-" 23 0
Feb 19 22:43:31 standalone object-server[127605]: 172.20.0.100 - - [19/Feb/2026:22:43:31 +0000] "PUT /d1/378/AUTH_ace14f9797444234851be39e9e4ade66/gnocchi.0efd424f-7916-437b-b13d-0af65c16def4/1771200000.0_mean_300.0_v3" 201 - "PUT http://172.18.0.2:8080/v1/AUTH_ace14f9797444234851be39e9e4ade66/gnocchi.0efd424f-7916-437b-b13d-0af65c16def4/1771200000.0_mean_300.0_v3" "tx2a797acf17094f068019a-0069979213" "proxy-server 12" 0.0076 "-" 23 0
Feb 19 22:43:31 standalone proxy-server[129581]: 172.18.0.2 172.18.0.100 19/Feb/2026/22/43/31 PUT /v1/AUTH_ace14f9797444234851be39e9e4ade66/gnocchi.0efd424f-7916-437b-b13d-0af65c16def4/1771200000.0_mean_300.0_v3 HTTP/1.0 201 - python-swiftclient-3.11.1 gAAAAABpl5GWIcjM... 16 - - tx2a797acf17094f068019a-0069979213 - 0.0116 - - 1771541011.264756203 1771541011.276381493 0
Feb 19 22:43:31 standalone container-server[127508]: 172.20.0.100 - - [19/Feb/2026:22:43:31 +0000] "PUT /d1/339/AUTH_ace14f9797444234851be39e9e4ade66/gnocchi.0efd424f-7916-437b-b13d-0af65c16def4/none_v3" 201 - "PUT http://172.18.0.2:8080/d1/427/AUTH_ace14f9797444234851be39e9e4ade66/gnocchi.0efd424f-7916-437b-b13d-0af65c16def4/none_v3" "tx2bf1a739d5ee4576ac561-0069979213" "object-server 25" 0.0003 "-" 23 0
Feb 19 22:43:31 standalone object-server[127607]: 172.20.0.100 - - [19/Feb/2026:22:43:31 +0000] "PUT /d1/427/AUTH_ace14f9797444234851be39e9e4ade66/gnocchi.0efd424f-7916-437b-b13d-0af65c16def4/none_v3" 201 - "PUT http://172.18.0.2:8080/v1/AUTH_ace14f9797444234851be39e9e4ade66/gnocchi.0efd424f-7916-437b-b13d-0af65c16def4/none_v3" "tx2bf1a739d5ee4576ac561-0069979213" "proxy-server 12" 0.0071 "-" 25 0
Feb 19 22:43:31 standalone proxy-server[129581]: 172.18.0.2 172.18.0.100 19/Feb/2026/22/43/31 PUT /v1/AUTH_ace14f9797444234851be39e9e4ade66/gnocchi.0efd424f-7916-437b-b13d-0af65c16def4/none_v3 HTTP/1.0 201 - python-swiftclient-3.11.1 gAAAAABpl5GWIcjM... 32 - - tx2bf1a739d5ee4576ac561-0069979213 - 0.0107 - - 1771541011.278162003 1771541011.288825750 0
Feb 19 22:43:31 standalone object-server[127607]: 172.20.0.100 - - [19/Feb/2026:22:43:31 +0000] "GET /d1/283/AUTH_ace14f9797444234851be39e9e4ade66/gnocchi.fafa7e5a-da9c-4831-ae4b-173edd20bbd7/none_v3" 200 22 "GET http://172.18.0.2:8080/v1/AUTH_ace14f9797444234851be39e9e4ade66/gnocchi.fafa7e5a-da9c-4831-ae4b-173edd20bbd7/none_v3" "txa89b39903d17420aa4978-0069979213" "proxy-server 12" 0.0005 "-" 25 0
Feb 19 22:43:31 standalone proxy-server[129581]: 172.18.0.2 172.18.0.100 19/Feb/2026/22/43/31 GET /v1/AUTH_ace14f9797444234851be39e9e4ade66/gnocchi.fafa7e5a-da9c-4831-ae4b-173edd20bbd7/none_v3 HTTP/1.0 200 - python-swiftclient-3.11.1 gAAAAABpl5GWIcjM... - 22 - txa89b39903d17420aa4978-0069979213 - 0.0049 - - 1771541011.297315836 1771541011.302166700 0
Feb 19 22:43:31 standalone container-server[127499]: 172.20.0.100 - - [19/Feb/2026:22:43:31 +0000] "GET /d1/284/AUTH_ace14f9797444234851be39e9e4ade66/gnocchi.fafa7e5a-da9c-4831-ae4b-173edd20bbd7" 200 357 "GET http://172.18.0.2:8080/v1/AUTH_ace14f9797444234851be39e9e4ade66/gnocchi.fafa7e5a-da9c-4831-ae4b-173edd20bbd7?format=json&states=listing" "tx4b3c237e58f84e56bdff5-0069979213" "proxy-server 12" 0.0020 "-" 22 0
Feb 19 22:43:31 standalone proxy-server[129581]: 172.18.0.2 172.18.0.100 19/Feb/2026/22/43/31 GET /v1/AUTH_ace14f9797444234851be39e9e4ade66/gnocchi.fafa7e5a-da9c-4831-ae4b-173edd20bbd7%3Fformat%3Djson%26states%3Dlisting HTTP/1.0 200 - python-swiftclient-3.11.1 gAAAAABpl5GWIcjM... - 357 - tx4b3c237e58f84e56bdff5-0069979213 - 0.0061 - - 1771541011.304921389 1771541011.311044455 0
Feb 19 22:43:31 standalone container-server[127508]: 172.20.0.100 - - [19/Feb/2026:22:43:31 +0000] "GET /d1/284/AUTH_ace14f9797444234851be39e9e4ade66/gnocchi.fafa7e5a-da9c-4831-ae4b-173edd20bbd7" 200 2 "GET http://172.18.0.2:8080/v1/AUTH_ace14f9797444234851be39e9e4ade66/gnocchi.fafa7e5a-da9c-4831-ae4b-173edd20bbd7?format=json&marker=none_v3&states=listing" "tx86169bf6d2b64dd3a6350-0069979213" "proxy-server 12" 0.0017 "-" 23 0
Feb 19 22:43:31 standalone proxy-server[129581]: 172.18.0.2 172.18.0.100 19/Feb/2026/22/43/31 GET /v1/AUTH_ace14f9797444234851be39e9e4ade66/gnocchi.fafa7e5a-da9c-4831-ae4b-173edd20bbd7%3Fformat%3Djson%26marker%3Dnone_v3%26states%3Dlisting HTTP/1.0 200 - python-swiftclient-3.11.1 gAAAAABpl5GWIcjM... - 2 - tx86169bf6d2b64dd3a6350-0069979213 - 0.0057 - - 1771541011.314968824 1771541011.320640802 0
Feb 19 22:43:31 standalone object-server[127607]: 172.20.0.100 - - [19/Feb/2026:22:43:31 +0000] "GET /d1/621/AUTH_ace14f9797444234851be39e9e4ade66/gnocchi.fafa7e5a-da9c-4831-ae4b-173edd20bbd7/1771200000.0_mean_300.0_v3" 200 16 "GET http://172.18.0.2:8080/v1/AUTH_ace14f9797444234851be39e9e4ade66/gnocchi.fafa7e5a-da9c-4831-ae4b-173edd20bbd7/1771200000.0_mean_300.0_v3" "tx46a212d78d2648b4bc9d1-0069979213" "proxy-server 12" 0.0006 "-" 25 0
Feb 19 22:43:31 standalone proxy-server[129581]: 172.18.0.2 172.18.0.100 19/Feb/2026/22/43/31 GET /v1/AUTH_ace14f9797444234851be39e9e4ade66/gnocchi.fafa7e5a-da9c-4831-ae4b-173edd20bbd7/1771200000.0_mean_300.0_v3 HTTP/1.0 200 - python-swiftclient-3.11.1 gAAAAABpl5GWIcjM... - 16 - tx46a212d78d2648b4bc9d1-0069979213 - 0.0043 - - 1771541011.323458672 1771541011.327807903 0
Feb 19 22:43:31 standalone container-server[127495]: 172.20.0.100 - - [19/Feb/2026:22:43:31 +0000] "PUT /d1/284/AUTH_ace14f9797444234851be39e9e4ade66/gnocchi.fafa7e5a-da9c-4831-ae4b-173edd20bbd7/1771200000.0_mean_300.0_v3" 201 - "PUT http://172.18.0.2:8080/d1/621/AUTH_ace14f9797444234851be39e9e4ade66/gnocchi.fafa7e5a-da9c-4831-ae4b-173edd20bbd7/1771200000.0_mean_300.0_v3" "tx2933cfd191d342cf9120a-0069979213" "object-server 22" 0.0004 "-" 21 0
Feb 19 22:43:31 standalone object-server[127604]: 172.20.0.100 - - [19/Feb/2026:22:43:31 +0000] "PUT /d1/621/AUTH_ace14f9797444234851be39e9e4ade66/gnocchi.fafa7e5a-da9c-4831-ae4b-173edd20bbd7/1771200000.0_mean_300.0_v3" 201 - "PUT http://172.18.0.2:8080/v1/AUTH_ace14f9797444234851be39e9e4ade66/gnocchi.fafa7e5a-da9c-4831-ae4b-173edd20bbd7/1771200000.0_mean_300.0_v3" "tx2933cfd191d342cf9120a-0069979213" "proxy-server 12" 0.0075 "-" 22 0
Feb 19 22:43:31 standalone proxy-server[129581]: 172.18.0.2 172.18.0.100 19/Feb/2026/22/43/31 PUT /v1/AUTH_ace14f9797444234851be39e9e4ade66/gnocchi.fafa7e5a-da9c-4831-ae4b-173edd20bbd7/1771200000.0_mean_300.0_v3 HTTP/1.0 201 - python-swiftclient-3.11.1 gAAAAABpl5GWIcjM... 16 - - tx2933cfd191d342cf9120a-0069979213 - 0.0112 - - 1771541011.332888842 1771541011.344099283 0
Feb 19 22:43:31 standalone container-server[127495]: 172.20.0.100 - - [19/Feb/2026:22:43:31 +0000] "PUT /d1/284/AUTH_ace14f9797444234851be39e9e4ade66/gnocchi.fafa7e5a-da9c-4831-ae4b-173edd20bbd7/none_v3" 201 - "PUT http://172.18.0.2:8080/d1/283/AUTH_ace14f9797444234851be39e9e4ade66/gnocchi.fafa7e5a-da9c-4831-ae4b-173edd20bbd7/none_v3" "tx5436df23d54947049853f-0069979213" "object-server 23" 0.0005 "-" 21 0
Feb 19 22:43:31 standalone object-server[127605]: 172.20.0.100 - - [19/Feb/2026:22:43:31 +0000] "PUT /d1/283/AUTH_ace14f9797444234851be39e9e4ade66/gnocchi.fafa7e5a-da9c-4831-ae4b-173edd20bbd7/none_v3" 201 - "PUT http://172.18.0.2:8080/v1/AUTH_ace14f9797444234851be39e9e4ade66/gnocchi.fafa7e5a-da9c-4831-ae4b-173edd20bbd7/none_v3" "tx5436df23d54947049853f-0069979213" "proxy-server 12" 0.0086 "-" 23 0
Feb 19 22:43:31 standalone proxy-server[129581]: 172.18.0.2 172.18.0.100 19/Feb/2026/22/43/31 PUT /v1/AUTH_ace14f9797444234851be39e9e4ade66/gnocchi.fafa7e5a-da9c-4831-ae4b-173edd20bbd7/none_v3 HTTP/1.0 201 - python-swiftclient-3.11.1 gAAAAABpl5GWIcjM... 32 - - tx5436df23d54947049853f-0069979213 - 0.0137 - - 1771541011.346064806 1771541011.359797478 0
Feb 19 22:43:31 standalone object-server[127607]: 172.20.0.100 - - [19/Feb/2026:22:43:31 +0000] "GET /d1/467/AUTH_ace14f9797444234851be39e9e4ade66/gnocchi.2e6b699b-cc5f-46a4-9381-672a203be253/none_v3" 200 22 "GET http://172.18.0.2:8080/v1/AUTH_ace14f9797444234851be39e9e4ade66/gnocchi.2e6b699b-cc5f-46a4-9381-672a203be253/none_v3" "tx245121b2653e4150aa9af-0069979213" "proxy-server 12" 0.0009 "-" 25 0
Feb 19 22:43:31 standalone proxy-server[129581]: 172.18.0.2 172.18.0.100 19/Feb/2026/22/43/31 GET /v1/AUTH_ace14f9797444234851be39e9e4ade66/gnocchi.2e6b699b-cc5f-46a4-9381-672a203be253/none_v3 HTTP/1.0 200 - python-swiftclient-3.11.1 gAAAAABpl5GWIcjM... - 22 - tx245121b2653e4150aa9af-0069979213 - 0.0054 - - 1771541011.367579699 1771541011.372970581 0
Feb 19 22:43:31 standalone container-server[127499]: 172.20.0.100 - - [19/Feb/2026:22:43:31 +0000] "GET /d1/391/AUTH_ace14f9797444234851be39e9e4ade66/gnocchi.2e6b699b-cc5f-46a4-9381-672a203be253" 200 357 "GET http://172.18.0.2:8080/v1/AUTH_ace14f9797444234851be39e9e4ade66/gnocchi.2e6b699b-cc5f-46a4-9381-672a203be253?format=json&states=listing" "tx8e70b1cb4ba8428aaac03-0069979213" "proxy-server 12" 0.0025 "-" 22 0
Feb 19 22:43:31 standalone proxy-server[129581]: 172.18.0.2 172.18.0.100 19/Feb/2026/22/43/31 GET /v1/AUTH_ace14f9797444234851be39e9e4ade66/gnocchi.2e6b699b-cc5f-46a4-9381-672a203be253%3Fformat%3Djson%26states%3Dlisting HTTP/1.0 200 - python-swiftclient-3.11.1 gAAAAABpl5GWIcjM... - 357 - tx8e70b1cb4ba8428aaac03-0069979213 - 0.0068 - - 1771541011.375555277 1771541011.382396460 0
Feb 19 22:43:31 standalone container-server[127499]: 172.20.0.100 - - [19/Feb/2026:22:43:31 +0000] "GET /d1/391/AUTH_ace14f9797444234851be39e9e4ade66/gnocchi.2e6b699b-cc5f-46a4-9381-672a203be253" 200 2 "GET http://172.18.0.2:8080/v1/AUTH_ace14f9797444234851be39e9e4ade66/gnocchi.2e6b699b-cc5f-46a4-9381-672a203be253?format=json&marker=none_v3&states=listing" "tx9f129f66c364429da780f-0069979213" "proxy-server 12" 0.0015 "-" 22 0
Feb 19 22:43:31 standalone proxy-server[129581]: 172.18.0.2 172.18.0.100 19/Feb/2026/22/43/31 GET /v1/AUTH_ace14f9797444234851be39e9e4ade66/gnocchi.2e6b699b-cc5f-46a4-9381-672a203be253%3Fformat%3Djson%26marker%3Dnone_v3%26states%3Dlisting HTTP/1.0 200 - python-swiftclient-3.11.1 gAAAAABpl5GWIcjM... - 2 - tx9f129f66c364429da780f-0069979213 - 0.0055 - - 1771541011.384438038 1771541011.389915466 0
Feb 19 22:43:31 standalone object-server[127607]: 172.20.0.100 - - [19/Feb/2026:22:43:31 +0000] "GET /d1/496/AUTH_ace14f9797444234851be39e9e4ade66/gnocchi.2e6b699b-cc5f-46a4-9381-672a203be253/1771200000.0_mean_300.0_v3" 200 16 "GET http://172.18.0.2:8080/v1/AUTH_ace14f9797444234851be39e9e4ade66/gnocchi.2e6b699b-cc5f-46a4-9381-672a203be253/1771200000.0_mean_300.0_v3" "txeca72f73afe04f08b137e-0069979213" "proxy-server 12" 0.0006 "-" 25 0
Feb 19 22:43:31 standalone proxy-server[129581]: 172.18.0.2 172.18.0.100 19/Feb/2026/22/43/31 GET /v1/AUTH_ace14f9797444234851be39e9e4ade66/gnocchi.2e6b699b-cc5f-46a4-9381-672a203be253/1771200000.0_mean_300.0_v3 HTTP/1.0 200 - python-swiftclient-3.11.1 gAAAAABpl5GWIcjM... - 16 - txeca72f73afe04f08b137e-0069979213 - 0.0047 - - 1771541011.392444611 1771541011.397106886 0
Feb 19 22:43:31 standalone container-server[127494]: 172.20.0.100 - - [19/Feb/2026:22:43:31 +0000] "PUT /d1/391/AUTH_ace14f9797444234851be39e9e4ade66/gnocchi.2e6b699b-cc5f-46a4-9381-672a203be253/1771200000.0_mean_300.0_v3" 201 - "PUT http://172.18.0.2:8080/d1/496/AUTH_ace14f9797444234851be39e9e4ade66/gnocchi.2e6b699b-cc5f-46a4-9381-672a203be253/1771200000.0_mean_300.0_v3" "txa4ddceede1eb481e87ef3-0069979213" "object-server 22" 0.0005 "-" 20 0
Feb 19 22:43:31 standalone object-server[127604]: 172.20.0.100 - - [19/Feb/2026:22:43:31 +0000] "PUT /d1/496/AUTH_ace14f9797444234851be39e9e4ade66/gnocchi.2e6b699b-cc5f-46a4-9381-672a203be253/1771200000.0_mean_300.0_v3" 201 - "PUT http://172.18.0.2:8080/v1/AUTH_ace14f9797444234851be39e9e4ade66/gnocchi.2e6b699b-cc5f-46a4-9381-672a203be253/1771200000.0_mean_300.0_v3" "txa4ddceede1eb481e87ef3-0069979213" "proxy-server 12" 0.0122 "-" 22 0
Feb 19 22:43:31 standalone proxy-server[129581]: 172.18.0.2 172.18.0.100 19/Feb/2026/22/43/31 PUT /v1/AUTH_ace14f9797444234851be39e9e4ade66/gnocchi.2e6b699b-cc5f-46a4-9381-672a203be253/1771200000.0_mean_300.0_v3 HTTP/1.0 201 - python-swiftclient-3.11.1 gAAAAABpl5GWIcjM... 16 - - txa4ddceede1eb481e87ef3-0069979213 - 0.0201 - - 1771541011.400540829 1771541011.420591354 0
Feb 19 22:43:31 standalone container-server[127508]: 172.20.0.100 - - [19/Feb/2026:22:43:31 +0000] "PUT /d1/391/AUTH_ace14f9797444234851be39e9e4ade66/gnocchi.2e6b699b-cc5f-46a4-9381-672a203be253/none_v3" 201 - "PUT http://172.18.0.2:8080/d1/467/AUTH_ace14f9797444234851be39e9e4ade66/gnocchi.2e6b699b-cc5f-46a4-9381-672a203be253/none_v3" "txccce5c28b7dd416087d04-0069979213" "object-server 23" 0.0006 "-" 23 0
Feb 19 22:43:31 standalone object-server[127605]: 172.20.0.100 - - [19/Feb/2026:22:43:31 +0000] "PUT /d1/467/AUTH_ace14f9797444234851be39e9e4ade66/gnocchi.2e6b699b-cc5f-46a4-9381-672a203be253/none_v3" 201 - "PUT http://172.18.0.2:8080/v1/AUTH_ace14f9797444234851be39e9e4ade66/gnocchi.2e6b699b-cc5f-46a4-9381-672a203be253/none_v3" "txccce5c28b7dd416087d04-0069979213" "proxy-server 12" 0.0081 "-" 23 0
Feb 19 22:43:31 standalone proxy-server[129581]: 172.18.0.2 172.18.0.100 19/Feb/2026/22/43/31 PUT /v1/AUTH_ace14f9797444234851be39e9e4ade66/gnocchi.2e6b699b-cc5f-46a4-9381-672a203be253/none_v3 HTTP/1.0 201 - python-swiftclient-3.11.1 gAAAAABpl5GWIcjM... 32 - - txccce5c28b7dd416087d04-0069979213 - 0.0139 - - 1771541011.424632788 1771541011.438522577 0
Feb 19 22:43:34 standalone object-server[127497]: Begin object update sweep
Feb 19 22:43:34 standalone object-server[234956]: Object update sweep starting on /srv/node/d1 (pid: 14)
Feb 19 22:43:34 standalone object-server[234956]: Object update sweep completed on /srv/node/d1 in 0.00s seconds:, 0 successes, 0 failures, 0 quarantines, 0 unlinks, 0 errors, 0 redirects (pid: 14)
Feb 19 22:43:34 standalone object-server[234956]: Object update sweep of d1 completed: 0.00s, 0 successes, 0 failures, 0 quarantines, 0 unlinks, 0 errors, 0 redirects
Feb 19 22:43:34 standalone object-server[127497]: Object update sweep completed: 0.10s
Feb 19 22:43:34 standalone container-server[127508]: 172.20.0.100 - - [19/Feb/2026:22:43:34 +0000] "HEAD /d1/176/AUTH_ace14f9797444234851be39e9e4ade66/gnocchi.335a5903-37e0-495b-a193-2cd66d1a719e" 404 - "HEAD http://172.18.0.2:8080/v1/AUTH_ace14f9797444234851be39e9e4ade66/gnocchi.335a5903-37e0-495b-a193-2cd66d1a719e?format=json&states=listing" "tx1405592c5d284105a68c9-0069979216" "proxy-server 12" 0.0005 "-" 23 0
Feb 19 22:43:34 standalone object-server[127604]: 172.20.0.100 - - [19/Feb/2026:22:43:34 +0000] "GET /d1/188/AUTH_ace14f9797444234851be39e9e4ade66/gnocchi.335a5903-37e0-495b-a193-2cd66d1a719e/none_v3" 404 70 "GET http://172.18.0.2:8080/v1/AUTH_ace14f9797444234851be39e9e4ade66/gnocchi.335a5903-37e0-495b-a193-2cd66d1a719e/none_v3" "tx1405592c5d284105a68c9-0069979216" "proxy-server 12" 0.0007 "-" 22 0
Feb 19 22:43:34 standalone proxy-server[129581]: 172.18.0.2 172.18.0.100 19/Feb/2026/22/43/34 GET /v1/AUTH_ace14f9797444234851be39e9e4ade66/gnocchi.335a5903-37e0-495b-a193-2cd66d1a719e/none_v3 HTTP/1.0 404 - python-swiftclient-3.11.1 gAAAAABpl5GWIcjM... - 70 - tx1405592c5d284105a68c9-0069979216 - 0.0158 - - 1771541014.952799320 1771541014.968621969 0
Feb 19 22:43:34 standalone account-server[127373]: 172.20.0.100 - - [19/Feb/2026:22:43:34 +0000] "PUT /d1/1016/AUTH_ace14f9797444234851be39e9e4ade66/gnocchi.335a5903-37e0-495b-a193-2cd66d1a719e" 201 - "PUT http://172.20.0.100:6001/d1/176/AUTH_ace14f9797444234851be39e9e4ade66/gnocchi.335a5903-37e0-495b-a193-2cd66d1a719e" "tx183267175da4424a9a64c-0069979216" "container-server 21" 0.0061 "-" 20 0
Feb 19 22:43:34 standalone container-server[127495]: 172.20.0.100 - - [19/Feb/2026:22:43:34 +0000] "PUT /d1/176/AUTH_ace14f9797444234851be39e9e4ade66/gnocchi.335a5903-37e0-495b-a193-2cd66d1a719e" 201 - "PUT http://172.18.0.2:8080/v1/AUTH_ace14f9797444234851be39e9e4ade66/gnocchi.335a5903-37e0-495b-a193-2cd66d1a719e" "tx183267175da4424a9a64c-0069979216" "proxy-server 12" 0.0176 "-" 21 0
Feb 19 22:43:34 standalone proxy-server[129581]: 172.18.0.2 172.18.0.100 19/Feb/2026/22/43/34 PUT /v1/AUTH_ace14f9797444234851be39e9e4ade66/gnocchi.335a5903-37e0-495b-a193-2cd66d1a719e HTTP/1.0 201 - python-swiftclient-3.11.1 gAAAAABpl5GWIcjM... - - - tx183267175da4424a9a64c-0069979216 - 0.0248 - - 1771541014.971912146 1771541014.996698380 0
Feb 19 22:43:35 standalone container-server[127499]: 172.20.0.100 - - [19/Feb/2026:22:43:35 +0000] "HEAD /d1/176/AUTH_ace14f9797444234851be39e9e4ade66/gnocchi.335a5903-37e0-495b-a193-2cd66d1a719e" 204 - "HEAD http://172.18.0.2:8080/v1/AUTH_ace14f9797444234851be39e9e4ade66/gnocchi.335a5903-37e0-495b-a193-2cd66d1a719e?format=json&states=listing" "tx2aa01f54a6a7476bb8715-0069979217" "proxy-server 12" 0.0016 "-" 22 0
Feb 19 22:43:35 standalone proxy-server[129581]: - - 19/Feb/2026/22/43/35 HEAD /v1/AUTH_ace14f9797444234851be39e9e4ade66/gnocchi.335a5903-37e0-495b-a193-2cd66d1a719e%3Fformat%3Djson%26states%3Dlisting HTTP/1.0 204 - Swift - - - - tx2aa01f54a6a7476bb8715-0069979217 - 0.0053 RL - 1771541015.002701759 1771541015.007965326 0
Feb 19 22:43:35 standalone container-server[127508]: 172.20.0.100 - - [19/Feb/2026:22:43:35 +0000] "GET /d1/176/AUTH_ace14f9797444234851be39e9e4ade66/gnocchi.335a5903-37e0-495b-a193-2cd66d1a719e" 200 2 "GET http://172.18.0.2:8080/v1/AUTH_ace14f9797444234851be39e9e4ade66/gnocchi.335a5903-37e0-495b-a193-2cd66d1a719e?format=json&states=listing" "tx2aa01f54a6a7476bb8715-0069979217" "proxy-server 12" 0.0021 "-" 23 0
Feb 19 22:43:35 standalone proxy-server[129581]: 172.18.0.2 172.18.0.100 19/Feb/2026/22/43/35 GET /v1/AUTH_ace14f9797444234851be39e9e4ade66/gnocchi.335a5903-37e0-495b-a193-2cd66d1a719e%3Fformat%3Djson%26states%3Dlisting HTTP/1.0 200 - python-swiftclient-3.11.1 gAAAAABpl5GWIcjM... - 2 - tx2aa01f54a6a7476bb8715-0069979217 - 0.0142 - - 1771541015.001529932 1771541015.015706062 0
Feb 19 22:43:35 standalone object-server[127605]: 172.20.0.100 - - [19/Feb/2026:22:43:35 +0000] "GET /d1/506/AUTH_ace14f9797444234851be39e9e4ade66/gnocchi.335a5903-37e0-495b-a193-2cd66d1a719e/1771200000.0_mean_300.0_v3" 404 70 "GET http://172.18.0.2:8080/v1/AUTH_ace14f9797444234851be39e9e4ade66/gnocchi.335a5903-37e0-495b-a193-2cd66d1a719e/1771200000.0_mean_300.0_v3" "tx3bf5813eac5d4f668ef2b-0069979217" "proxy-server 12" 0.0003 "-" 23 0
