Feb 19 22:42:35 standalone container-server[127494]: 172.20.0.100 - - [19/Feb/2026:22:42:35 +0000] "PUT /d1/284/AUTH_ace14f9797444234851be39e9e4ade66/gnocchi.fafa7e5a-da9c-4831-ae4b-173edd20bbd7/none_v3" 201 - "PUT http://172.18.0.2:8080/d1/283/AUTH_ace14f9797444234851be39e9e4ade66/gnocchi.fafa7e5a-da9c-4831-ae4b-173edd20bbd7/none_v3" "txc134191c94bd4de781f6e-00699791db" "object-server 23" 0.0009 "-" 20 0
Feb 19 22:42:35 standalone object-server[127605]: 172.20.0.100 - - [19/Feb/2026:22:42:35 +0000] "PUT /d1/283/AUTH_ace14f9797444234851be39e9e4ade66/gnocchi.fafa7e5a-da9c-4831-ae4b-173edd20bbd7/none_v3" 201 - "PUT http://172.18.0.2:8080/v1/AUTH_ace14f9797444234851be39e9e4ade66/gnocchi.fafa7e5a-da9c-4831-ae4b-173edd20bbd7/none_v3" "txc134191c94bd4de781f6e-00699791db" "proxy-server 12" 0.0098 "-" 23 0
Feb 19 22:42:35 standalone proxy-server[129581]: 172.18.0.2 172.18.0.100 19/Feb/2026/22/42/35 PUT /v1/AUTH_ace14f9797444234851be39e9e4ade66/gnocchi.fafa7e5a-da9c-4831-ae4b-173edd20bbd7/none_v3 HTTP/1.0 201 - python-swiftclient-3.11.1 gAAAAABpl5GWIcjM... 22 - - txc134191c94bd4de781f6e-00699791db - 0.0150 - - 1771540955.885555267 1771540955.900550604 0
Feb 19 22:42:35 standalone container-server[127495]: 172.20.0.100 - - [19/Feb/2026:22:42:35 +0000] "HEAD /d1/391/AUTH_ace14f9797444234851be39e9e4ade66/gnocchi.2e6b699b-cc5f-46a4-9381-672a203be253" 404 - "HEAD http://172.18.0.2:8080/v1/AUTH_ace14f9797444234851be39e9e4ade66/gnocchi.2e6b699b-cc5f-46a4-9381-672a203be253?format=json&states=listing" "txeece59b2289e45cd8e91c-00699791db" "proxy-server 12" 0.0007 "-" 21 0
Feb 19 22:42:35 standalone object-server[127607]: 172.20.0.100 - - [19/Feb/2026:22:42:35 +0000] "GET /d1/467/AUTH_ace14f9797444234851be39e9e4ade66/gnocchi.2e6b699b-cc5f-46a4-9381-672a203be253/none_v3" 404 70 "GET http://172.18.0.2:8080/v1/AUTH_ace14f9797444234851be39e9e4ade66/gnocchi.2e6b699b-cc5f-46a4-9381-672a203be253/none_v3" "txeece59b2289e45cd8e91c-00699791db" "proxy-server 12" 0.0006 "-" 25 0
Feb 19 22:42:35 standalone proxy-server[129581]: 172.18.0.2 172.18.0.100 19/Feb/2026/22/42/35 GET /v1/AUTH_ace14f9797444234851be39e9e4ade66/gnocchi.2e6b699b-cc5f-46a4-9381-672a203be253/none_v3 HTTP/1.0 404 - python-swiftclient-3.11.1 gAAAAABpl5GWIcjM... - 70 - txeece59b2289e45cd8e91c-00699791db - 0.0125 - - 1771540955.911076069 1771540955.923546553 0
Feb 19 22:42:35 standalone account-server[127387]: 172.20.0.100 - - [19/Feb/2026:22:42:35 +0000] "PUT /d1/1016/AUTH_ace14f9797444234851be39e9e4ade66/gnocchi.2e6b699b-cc5f-46a4-9381-672a203be253" 201 - "PUT http://172.20.0.100:6001/d1/391/AUTH_ace14f9797444234851be39e9e4ade66/gnocchi.2e6b699b-cc5f-46a4-9381-672a203be253" "tx044eb17c450946c38c7d4-00699791db" "container-server 22" 0.0077 "-" 21 0
Feb 19 22:42:35 standalone container-server[127499]: 172.20.0.100 - - [19/Feb/2026:22:42:35 +0000] "PUT /d1/391/AUTH_ace14f9797444234851be39e9e4ade66/gnocchi.2e6b699b-cc5f-46a4-9381-672a203be253" 201 - "PUT http://172.18.0.2:8080/v1/AUTH_ace14f9797444234851be39e9e4ade66/gnocchi.2e6b699b-cc5f-46a4-9381-672a203be253" "tx044eb17c450946c38c7d4-00699791db" "proxy-server 12" 0.0193 "-" 22 0
Feb 19 22:42:35 standalone proxy-server[129581]: 172.18.0.2 172.18.0.100 19/Feb/2026/22/42/35 PUT /v1/AUTH_ace14f9797444234851be39e9e4ade66/gnocchi.2e6b699b-cc5f-46a4-9381-672a203be253 HTTP/1.0 201 - python-swiftclient-3.11.1 gAAAAABpl5GWIcjM... - - - tx044eb17c450946c38c7d4-00699791db - 0.0253 - - 1771540955.926326990 1771540955.951595068 0
Feb 19 22:42:35 standalone container-server[127499]: 172.20.0.100 - - [19/Feb/2026:22:42:35 +0000] "HEAD /d1/391/AUTH_ace14f9797444234851be39e9e4ade66/gnocchi.2e6b699b-cc5f-46a4-9381-672a203be253" 204 - "HEAD http://172.18.0.2:8080/v1/AUTH_ace14f9797444234851be39e9e4ade66/gnocchi.2e6b699b-cc5f-46a4-9381-672a203be253?format=json&states=listing" "tx80a71c10b52542ac8055f-00699791db" "proxy-server 12" 0.0016 "-" 22 0
Feb 19 22:42:35 standalone proxy-server[129581]: - - 19/Feb/2026/22/42/35 HEAD /v1/AUTH_ace14f9797444234851be39e9e4ade66/gnocchi.2e6b699b-cc5f-46a4-9381-672a203be253%3Fformat%3Djson%26states%3Dlisting HTTP/1.0 204 - Swift - - - - tx80a71c10b52542ac8055f-00699791db - 0.0049 RL - 1771540955.956177950 1771540955.961116076 0
Feb 19 22:42:35 standalone container-server[127499]: 172.20.0.100 - - [19/Feb/2026:22:42:35 +0000] "GET /d1/391/AUTH_ace14f9797444234851be39e9e4ade66/gnocchi.2e6b699b-cc5f-46a4-9381-672a203be253" 200 2 "GET http://172.18.0.2:8080/v1/AUTH_ace14f9797444234851be39e9e4ade66/gnocchi.2e6b699b-cc5f-46a4-9381-672a203be253?format=json&states=listing" "tx80a71c10b52542ac8055f-00699791db" "proxy-server 12" 0.0029 "-" 22 0
Feb 19 22:42:35 standalone proxy-server[129581]: 172.18.0.2 172.18.0.100 19/Feb/2026/22/42/35 GET /v1/AUTH_ace14f9797444234851be39e9e4ade66/gnocchi.2e6b699b-cc5f-46a4-9381-672a203be253%3Fformat%3Djson%26states%3Dlisting HTTP/1.0 200 - python-swiftclient-3.11.1 gAAAAABpl5GWIcjM... - 2 - tx80a71c10b52542ac8055f-00699791db - 0.0156 - - 1771540955.955072403 1771540955.970635414 0
Feb 19 22:42:35 standalone object-server[127606]: 172.20.0.100 - - [19/Feb/2026:22:42:35 +0000] "GET /d1/496/AUTH_ace14f9797444234851be39e9e4ade66/gnocchi.2e6b699b-cc5f-46a4-9381-672a203be253/1771200000.0_mean_300.0_v3" 404 70 "GET http://172.18.0.2:8080/v1/AUTH_ace14f9797444234851be39e9e4ade66/gnocchi.2e6b699b-cc5f-46a4-9381-672a203be253/1771200000.0_mean_300.0_v3" "tx1b975c604f244ebaadfcd-00699791db" "proxy-server 12" 0.0003 "-" 24 0
Feb 19 22:42:35 standalone proxy-server[129581]: 172.18.0.2 172.18.0.100 19/Feb/2026/22/42/35 GET /v1/AUTH_ace14f9797444234851be39e9e4ade66/gnocchi.2e6b699b-cc5f-46a4-9381-672a203be253/1771200000.0_mean_300.0_v3 HTTP/1.0 404 - python-swiftclient-3.11.1 gAAAAABpl5GWIcjM... - 70 - tx1b975c604f244ebaadfcd-00699791db - 0.0057 - - 1771540955.974110603 1771540955.979801178 0
Feb 19 22:42:35 standalone container-server[127495]: 172.20.0.100 - - [19/Feb/2026:22:42:35 +0000] "PUT /d1/391/AUTH_ace14f9797444234851be39e9e4ade66/gnocchi.2e6b699b-cc5f-46a4-9381-672a203be253/1771200000.0_mean_300.0_v3" 201 - "PUT http://172.18.0.2:8080/d1/496/AUTH_ace14f9797444234851be39e9e4ade66/gnocchi.2e6b699b-cc5f-46a4-9381-672a203be253/1771200000.0_mean_300.0_v3" "tx84db6d3bebc94cc69506a-00699791db" "object-server 25" 0.0013 "-" 21 0
Feb 19 22:42:36 standalone object-server[127607]: 172.20.0.100 - - [19/Feb/2026:22:42:36 +0000] "PUT /d1/496/AUTH_ace14f9797444234851be39e9e4ade66/gnocchi.2e6b699b-cc5f-46a4-9381-672a203be253/1771200000.0_mean_300.0_v3" 201 - "PUT http://172.18.0.2:8080/v1/AUTH_ace14f9797444234851be39e9e4ade66/gnocchi.2e6b699b-cc5f-46a4-9381-672a203be253/1771200000.0_mean_300.0_v3" "tx84db6d3bebc94cc69506a-00699791db" "proxy-server 12" 0.0131 "-" 25 0
Feb 19 22:42:36 standalone proxy-server[129581]: 172.18.0.2 172.18.0.100 19/Feb/2026/22/42/36 PUT /v1/AUTH_ace14f9797444234851be39e9e4ade66/gnocchi.2e6b699b-cc5f-46a4-9381-672a203be253/1771200000.0_mean_300.0_v3 HTTP/1.0 201 - python-swiftclient-3.11.1 gAAAAABpl5GWIcjM... 16 - - tx84db6d3bebc94cc69506a-00699791db - 0.0194 - - 1771540955.982311010 1771540956.001738548 0
Feb 19 22:42:36 standalone container-server[127499]: 172.20.0.100 - - [19/Feb/2026:22:42:36 +0000] "PUT /d1/391/AUTH_ace14f9797444234851be39e9e4ade66/gnocchi.2e6b699b-cc5f-46a4-9381-672a203be253/none_v3" 201 - "PUT http://172.18.0.2:8080/d1/467/AUTH_ace14f9797444234851be39e9e4ade66/gnocchi.2e6b699b-cc5f-46a4-9381-672a203be253/none_v3" "tx3b798eba6d554c20a9f08-00699791dc" "object-server 23" 0.0008 "-" 22 0
Feb 19 22:42:36 standalone object-server[127605]: 172.20.0.100 - - [19/Feb/2026:22:42:36 +0000] "PUT /d1/467/AUTH_ace14f9797444234851be39e9e4ade66/gnocchi.2e6b699b-cc5f-46a4-9381-672a203be253/none_v3" 201 - "PUT http://172.18.0.2:8080/v1/AUTH_ace14f9797444234851be39e9e4ade66/gnocchi.2e6b699b-cc5f-46a4-9381-672a203be253/none_v3" "tx3b798eba6d554c20a9f08-00699791dc" "proxy-server 12" 0.0105 "-" 23 0
Feb 19 22:42:36 standalone proxy-server[129581]: 172.18.0.2 172.18.0.100 19/Feb/2026/22/42/36 PUT /v1/AUTH_ace14f9797444234851be39e9e4ade66/gnocchi.2e6b699b-cc5f-46a4-9381-672a203be253/none_v3 HTTP/1.0 201 - python-swiftclient-3.11.1 gAAAAABpl5GWIcjM... 22 - - tx3b798eba6d554c20a9f08-00699791dc - 0.0175 - - 1771540956.004904985 1771540956.022402763 0
Feb 19 22:42:36 standalone container-server[127494]: 172.20.0.100 - - [19/Feb/2026:22:42:36 +0000] "HEAD /d1/339/AUTH_ace14f9797444234851be39e9e4ade66/gnocchi.0efd424f-7916-437b-b13d-0af65c16def4" 404 - "HEAD http://172.18.0.2:8080/v1/AUTH_ace14f9797444234851be39e9e4ade66/gnocchi.0efd424f-7916-437b-b13d-0af65c16def4?format=json&states=listing" "tx8d36159fae924e12810c6-00699791dc" "proxy-server 12" 0.0014 "-" 20 0
Feb 19 22:42:36 standalone object-server[127604]: 172.20.0.100 - - [19/Feb/2026:22:42:36 +0000] "GET /d1/427/AUTH_ace14f9797444234851be39e9e4ade66/gnocchi.0efd424f-7916-437b-b13d-0af65c16def4/none_v3" 404 70 "GET http://172.18.0.2:8080/v1/AUTH_ace14f9797444234851be39e9e4ade66/gnocchi.0efd424f-7916-437b-b13d-0af65c16def4/none_v3" "tx8d36159fae924e12810c6-00699791dc" "proxy-server 12" 0.0005 "-" 22 0
Feb 19 22:42:36 standalone proxy-server[129581]: 172.18.0.2 172.18.0.100 19/Feb/2026/22/42/36 GET /v1/AUTH_ace14f9797444234851be39e9e4ade66/gnocchi.0efd424f-7916-437b-b13d-0af65c16def4/none_v3 HTTP/1.0 404 - python-swiftclient-3.11.1 gAAAAABpl5GWIcjM... - 70 - tx8d36159fae924e12810c6-00699791dc - 0.0134 - - 1771540956.035541773 1771540956.048921108 0
Feb 19 22:42:36 standalone account-server[127404]: 172.20.0.100 - - [19/Feb/2026:22:42:36 +0000] "PUT /d1/1016/AUTH_ace14f9797444234851be39e9e4ade66/gnocchi.0efd424f-7916-437b-b13d-0af65c16def4" 201 - "PUT http://172.20.0.100:6001/d1/339/AUTH_ace14f9797444234851be39e9e4ade66/gnocchi.0efd424f-7916-437b-b13d-0af65c16def4" "txf81a903f6ae345658d010-00699791dc" "container-server 21" 0.0073 "-" 23 0
Feb 19 22:42:36 standalone container-server[127495]: 172.20.0.100 - - [19/Feb/2026:22:42:36 +0000] "PUT /d1/339/AUTH_ace14f9797444234851be39e9e4ade66/gnocchi.0efd424f-7916-437b-b13d-0af65c16def4" 201 - "PUT http://172.18.0.2:8080/v1/AUTH_ace14f9797444234851be39e9e4ade66/gnocchi.0efd424f-7916-437b-b13d-0af65c16def4" "txf81a903f6ae345658d010-00699791dc" "proxy-server 12" 0.0195 "-" 21 0
Feb 19 22:42:36 standalone proxy-server[129581]: 172.18.0.2 172.18.0.100 19/Feb/2026/22/42/36 PUT /v1/AUTH_ace14f9797444234851be39e9e4ade66/gnocchi.0efd424f-7916-437b-b13d-0af65c16def4 HTTP/1.0 201 - python-swiftclient-3.11.1 gAAAAABpl5GWIcjM... - - - txf81a903f6ae345658d010-00699791dc - 0.0257 - - 1771540956.052671432 1771540956.078327894 0
Feb 19 22:42:36 standalone container-server[127494]: 172.20.0.100 - - [19/Feb/2026:22:42:36 +0000] "HEAD /d1/339/AUTH_ace14f9797444234851be39e9e4ade66/gnocchi.0efd424f-7916-437b-b13d-0af65c16def4" 204 - "HEAD http://172.18.0.2:8080/v1/AUTH_ace14f9797444234851be39e9e4ade66/gnocchi.0efd424f-7916-437b-b13d-0af65c16def4?format=json&states=listing" "tx1e40fd1691bc4aeb8f9c3-00699791dc" "proxy-server 12" 0.0019 "-" 20 0
Feb 19 22:42:36 standalone proxy-server[129581]: - - 19/Feb/2026/22/42/36 HEAD /v1/AUTH_ace14f9797444234851be39e9e4ade66/gnocchi.0efd424f-7916-437b-b13d-0af65c16def4%3Fformat%3Djson%26states%3Dlisting HTTP/1.0 204 - Swift - - - - tx1e40fd1691bc4aeb8f9c3-00699791dc - 0.0057 RL - 1771540956.083302259 1771540956.088958979 0
Feb 19 22:42:36 standalone container-server[127495]: 172.20.0.100 - - [19/Feb/2026:22:42:36 +0000] "GET /d1/339/AUTH_ace14f9797444234851be39e9e4ade66/gnocchi.0efd424f-7916-437b-b13d-0af65c16def4" 200 2 "GET http://172.18.0.2:8080/v1/AUTH_ace14f9797444234851be39e9e4ade66/gnocchi.0efd424f-7916-437b-b13d-0af65c16def4?format=json&states=listing" "tx1e40fd1691bc4aeb8f9c3-00699791dc" "proxy-server 12" 0.0027 "-" 21 0
Feb 19 22:42:36 standalone proxy-server[129581]: 172.18.0.2 172.18.0.100 19/Feb/2026/22/42/36 GET /v1/AUTH_ace14f9797444234851be39e9e4ade66/gnocchi.0efd424f-7916-437b-b13d-0af65c16def4%3Fformat%3Djson%26states%3Dlisting HTTP/1.0 200 - python-swiftclient-3.11.1 gAAAAABpl5GWIcjM... - 2 - tx1e40fd1691bc4aeb8f9c3-00699791dc - 0.0173 - - 1771540956.081882477 1771540956.099210501 0
Feb 19 22:42:36 standalone object-server[127604]: 172.20.0.100 - - [19/Feb/2026:22:42:36 +0000] "GET /d1/378/AUTH_ace14f9797444234851be39e9e4ade66/gnocchi.0efd424f-7916-437b-b13d-0af65c16def4/1771200000.0_mean_300.0_v3" 404 70 "GET http://172.18.0.2:8080/v1/AUTH_ace14f9797444234851be39e9e4ade66/gnocchi.0efd424f-7916-437b-b13d-0af65c16def4/1771200000.0_mean_300.0_v3" "tx4fe1e0cc9c9b4e359642c-00699791dc" "proxy-server 12" 0.0005 "-" 22 0
Feb 19 22:42:36 standalone proxy-server[129581]: 172.18.0.2 172.18.0.100 19/Feb/2026/22/42/36 GET /v1/AUTH_ace14f9797444234851be39e9e4ade66/gnocchi.0efd424f-7916-437b-b13d-0af65c16def4/1771200000.0_mean_300.0_v3 HTTP/1.0 404 - python-swiftclient-3.11.1 gAAAAABpl5GWIcjM... - 70 - tx4fe1e0cc9c9b4e359642c-00699791dc - 0.0073 - - 1771540956.102871180 1771540956.110137939 0
Feb 19 22:42:36 standalone container-server[127494]: 172.20.0.100 - - [19/Feb/2026:22:42:36 +0000] "PUT /d1/339/AUTH_ace14f9797444234851be39e9e4ade66/gnocchi.0efd424f-7916-437b-b13d-0af65c16def4/1771200000.0_mean_300.0_v3" 201 - "PUT http://172.18.0.2:8080/d1/378/AUTH_ace14f9797444234851be39e9e4ade66/gnocchi.0efd424f-7916-437b-b13d-0af65c16def4/1771200000.0_mean_300.0_v3" "txb424e6b5731c40ca89f65-00699791dc" "object-server 22" 0.0007 "-" 20 0
Feb 19 22:42:36 standalone object-server[127604]: 172.20.0.100 - - [19/Feb/2026:22:42:36 +0000] "PUT /d1/378/AUTH_ace14f9797444234851be39e9e4ade66/gnocchi.0efd424f-7916-437b-b13d-0af65c16def4/1771200000.0_mean_300.0_v3" 201 - "PUT http://172.18.0.2:8080/v1/AUTH_ace14f9797444234851be39e9e4ade66/gnocchi.0efd424f-7916-437b-b13d-0af65c16def4/1771200000.0_mean_300.0_v3" "txb424e6b5731c40ca89f65-00699791dc" "proxy-server 12" 0.0121 "-" 22 0
Feb 19 22:42:36 standalone proxy-server[129581]: 172.18.0.2 172.18.0.100 19/Feb/2026/22/42/36 PUT /v1/AUTH_ace14f9797444234851be39e9e4ade66/gnocchi.0efd424f-7916-437b-b13d-0af65c16def4/1771200000.0_mean_300.0_v3 HTTP/1.0 201 - python-swiftclient-3.11.1 gAAAAABpl5GWIcjM... 16 - - txb424e6b5731c40ca89f65-00699791dc - 0.0205 - - 1771540956.113373756 1771540956.133905411 0
Feb 19 22:42:36 standalone container-server[127508]: 172.20.0.100 - - [19/Feb/2026:22:42:36 +0000] "PUT /d1/339/AUTH_ace14f9797444234851be39e9e4ade66/gnocchi.0efd424f-7916-437b-b13d-0af65c16def4/none_v3" 201 - "PUT http://172.18.0.2:8080/d1/427/AUTH_ace14f9797444234851be39e9e4ade66/gnocchi.0efd424f-7916-437b-b13d-0af65c16def4/none_v3" "txf40adde165af4b9e94828-00699791dc" "object-server 25" 0.0005 "-" 23 0
Feb 19 22:42:36 standalone object-server[127607]: 172.20.0.100 - - [19/Feb/2026:22:42:36 +0000] "PUT /d1/427/AUTH_ace14f9797444234851be39e9e4ade66/gnocchi.0efd424f-7916-437b-b13d-0af65c16def4/none_v3" 201 - "PUT http://172.18.0.2:8080/v1/AUTH_ace14f9797444234851be39e9e4ade66/gnocchi.0efd424f-7916-437b-b13d-0af65c16def4/none_v3" "txf40adde165af4b9e94828-00699791dc" "proxy-server 12" 0.0152 "-" 25 0
Feb 19 22:42:36 standalone proxy-server[129581]: 172.18.0.2 172.18.0.100 19/Feb/2026/22/42/36 PUT /v1/AUTH_ace14f9797444234851be39e9e4ade66/gnocchi.0efd424f-7916-437b-b13d-0af65c16def4/none_v3 HTTP/1.0 201 - python-swiftclient-3.11.1 gAAAAABpl5GWIcjM... 22 - - txf40adde165af4b9e94828-00699791dc - 0.0289 - - 1771540956.137218237 1771540956.166100979 0
Feb 19 22:42:36 standalone container-server[127495]: 172.20.0.100 - - [19/Feb/2026:22:42:36 +0000] "HEAD /d1/260/AUTH_ace14f9797444234851be39e9e4ade66/gnocchi.580b2238-e332-4fe1-a978-ff9d338feea3" 404 - "HEAD http://172.18.0.2:8080/v1/AUTH_ace14f9797444234851be39e9e4ade66/gnocchi.580b2238-e332-4fe1-a978-ff9d338feea3?format=json&states=listing" "tx650c87b8810c40c38bde7-00699791dc" "proxy-server 12" 0.0004 "-" 21 0
Feb 19 22:42:36 standalone object-server[127605]: 172.20.0.100 - - [19/Feb/2026:22:42:36 +0000] "GET /d1/500/AUTH_ace14f9797444234851be39e9e4ade66/gnocchi.580b2238-e332-4fe1-a978-ff9d338feea3/none_v3" 404 70 "GET http://172.18.0.2:8080/v1/AUTH_ace14f9797444234851be39e9e4ade66/gnocchi.580b2238-e332-4fe1-a978-ff9d338feea3/none_v3" "tx650c87b8810c40c38bde7-00699791dc" "proxy-server 12" 0.0004 "-" 23 0
Feb 19 22:42:36 standalone proxy-server[129581]: 172.18.0.2 172.18.0.100 19/Feb/2026/22/42/36 GET /v1/AUTH_ace14f9797444234851be39e9e4ade66/gnocchi.580b2238-e332-4fe1-a978-ff9d338feea3/none_v3 HTTP/1.0 404 - python-swiftclient-3.11.1 gAAAAABpl5GWIcjM... - 70 - tx650c87b8810c40c38bde7-00699791dc - 0.0155 - - 1771540956.182275295 1771540956.197819710 0
Feb 19 22:42:36 standalone account-server[127390]: 172.20.0.100 - - [19/Feb/2026:22:42:36 +0000] "PUT /d1/1016/AUTH_ace14f9797444234851be39e9e4ade66/gnocchi.580b2238-e332-4fe1-a978-ff9d338feea3" 201 - "PUT http://172.20.0.100:6001/d1/260/AUTH_ace14f9797444234851be39e9e4ade66/gnocchi.580b2238-e332-4fe1-a978-ff9d338feea3" "tx51f5d4ef5eb9478ba455e-00699791dc" "container-server 20" 0.0053 "-" 22 0
Feb 19 22:42:36 standalone container-server[127494]: 172.20.0.100 - - [19/Feb/2026:22:42:36 +0000] "PUT /d1/260/AUTH_ace14f9797444234851be39e9e4ade66/gnocchi.580b2238-e332-4fe1-a978-ff9d338feea3" 201 - "PUT http://172.18.0.2:8080/v1/AUTH_ace14f9797444234851be39e9e4ade66/gnocchi.580b2238-e332-4fe1-a978-ff9d338feea3" "tx51f5d4ef5eb9478ba455e-00699791dc" "proxy-server 12" 0.0146 "-" 20 0
Feb 19 22:42:36 standalone proxy-server[129581]: 172.18.0.2 172.18.0.100 19/Feb/2026/22/42/36 PUT /v1/AUTH_ace14f9797444234851be39e9e4ade66/gnocchi.580b2238-e332-4fe1-a978-ff9d338feea3 HTTP/1.0 201 - python-swiftclient-3.11.1 gAAAAABpl5GWIcjM... - - - tx51f5d4ef5eb9478ba455e-00699791dc - 0.0228 - - 1771540956.202144861 1771540956.224933147 0
Feb 19 22:42:36 standalone container-server[127495]: 172.20.0.100 - - [19/Feb/2026:22:42:36 +0000] "HEAD /d1/260/AUTH_ace14f9797444234851be39e9e4ade66/gnocchi.580b2238-e332-4fe1-a978-ff9d338feea3" 204 - "HEAD http://172.18.0.2:8080/v1/AUTH_ace14f9797444234851be39e9e4ade66/gnocchi.580b2238-e332-4fe1-a978-ff9d338feea3?format=json&states=listing" "txaaccb32e0e4b4684a276f-00699791dc" "proxy-server 12" 0.0014 "-" 21 0
Feb 19 22:42:36 standalone proxy-server[129581]: - - 19/Feb/2026/22/42/36 HEAD /v1/AUTH_ace14f9797444234851be39e9e4ade66/gnocchi.580b2238-e332-4fe1-a978-ff9d338feea3%3Fformat%3Djson%26states%3Dlisting HTTP/1.0 204 - Swift - - - - txaaccb32e0e4b4684a276f-00699791dc - 0.0064 RL - 1771540956.233392477 1771540956.239804506 0
Feb 19 22:42:36 standalone container-server[127508]: 172.20.0.100 - - [19/Feb/2026:22:42:36 +0000] "GET /d1/260/AUTH_ace14f9797444234851be39e9e4ade66/gnocchi.580b2238-e332-4fe1-a978-ff9d338feea3" 200 2 "GET http://172.18.0.2:8080/v1/AUTH_ace14f9797444234851be39e9e4ade66/gnocchi.580b2238-e332-4fe1-a978-ff9d338feea3?format=json&states=listing" "txaaccb32e0e4b4684a276f-00699791dc" "proxy-server 12" 0.0018 "-" 23 0
Feb 19 22:42:36 standalone proxy-server[129581]: 172.18.0.2 172.18.0.100 19/Feb/2026/22/42/36 GET /v1/AUTH_ace14f9797444234851be39e9e4ade66/gnocchi.580b2238-e332-4fe1-a978-ff9d338feea3%3Fformat%3Djson%26states%3Dlisting HTTP/1.0 200 - python-swiftclient-3.11.1 gAAAAABpl5GWIcjM... - 2 - txaaccb32e0e4b4684a276f-00699791dc - 0.0207 - - 1771540956.231299400 1771540956.251974583 0
Feb 19 22:42:36 standalone object-server[127606]: 172.20.0.100 - - [19/Feb/2026:22:42:36 +0000] "GET /d1/604/AUTH_ace14f9797444234851be39e9e4ade66/gnocchi.580b2238-e332-4fe1-a978-ff9d338feea3/1771200000.0_mean_300.0_v3" 404 70 "GET http://172.18.0.2:8080/v1/AUTH_ace14f9797444234851be39e9e4ade66/gnocchi.580b2238-e332-4fe1-a978-ff9d338feea3/1771200000.0_mean_300.0_v3" "tx9e0a3163e2554bfabbe1e-00699791dc" "proxy-server 12" 0.0003 "-" 24 0
Feb 19 22:42:36 standalone proxy-server[129581]: 172.18.0.2 172.18.0.100 19/Feb/2026/22/42/36 GET /v1/AUTH_ace14f9797444234851be39e9e4ade66/gnocchi.580b2238-e332-4fe1-a978-ff9d338feea3/1771200000.0_mean_300.0_v3 HTTP/1.0 404 - python-swiftclient-3.11.1 gAAAAABpl5GWIcjM... - 70 - tx9e0a3163e2554bfabbe1e-00699791dc - 0.0087 - - 1771540956.258258581 1771540956.266979933 0
Feb 19 22:42:36 standalone container-server[127499]: 172.20.0.100 - - [19/Feb/2026:22:42:36 +0000] "PUT /d1/260/AUTH_ace14f9797444234851be39e9e4ade66/gnocchi.580b2238-e332-4fe1-a978-ff9d338feea3/1771200000.0_mean_300.0_v3" 201 - "PUT http://172.18.0.2:8080/d1/604/AUTH_ace14f9797444234851be39e9e4ade66/gnocchi.580b2238-e332-4fe1-a978-ff9d338feea3/1771200000.0_mean_300.0_v3" "tx1d133efcadb1407a94155-00699791dc" "object-server 25" 0.0013 "-" 22 0
Feb 19 22:42:36 standalone object-server[127607]: 172.20.0.100 - - [19/Feb/2026:22:42:36 +0000] "PUT /d1/604/AUTH_ace14f9797444234851be39e9e4ade66/gnocchi.580b2238-e332-4fe1-a978-ff9d338feea3/1771200000.0_mean_300.0_v3" 201 - "PUT http://172.18.0.2:8080/v1/AUTH_ace14f9797444234851be39e9e4ade66/gnocchi.580b2238-e332-4fe1-a978-ff9d338feea3/1771200000.0_mean_300.0_v3" "tx1d133efcadb1407a94155-00699791dc" "proxy-server 12" 0.0159 "-" 25 0
Feb 19 22:42:36 standalone proxy-server[129581]: 172.18.0.2 172.18.0.100 19/Feb/2026/22/42/36 PUT /v1/AUTH_ace14f9797444234851be39e9e4ade66/gnocchi.580b2238-e332-4fe1-a978-ff9d338feea3/1771200000.0_mean_300.0_v3 HTTP/1.0 201 - python-swiftclient-3.11.1 gAAAAABpl5GWIcjM... 16 - - tx1d133efcadb1407a94155-00699791dc - 0.0336 - - 1771540956.272112608 1771540956.305702448 0
Feb 19 22:42:36 standalone container-server[127499]: 172.20.0.100 - - [19/Feb/2026:22:42:36 +0000] "PUT /d1/260/AUTH_ace14f9797444234851be39e9e4ade66/gnocchi.580b2238-e332-4fe1-a978-ff9d338feea3/none_v3" 201 - "PUT http://172.18.0.2:8080/d1/500/AUTH_ace14f9797444234851be39e9e4ade66/gnocchi.580b2238-e332-4fe1-a978-ff9d338feea3/none_v3" "tx5b09cf4b63564989b0c85-00699791dc" "object-server 22" 0.0013 "-" 22 0
Feb 19 22:42:36 standalone object-server[127604]: 172.20.0.100 - - [19/Feb/2026:22:42:36 +0000] "PUT /d1/500/AUTH_ace14f9797444234851be39e9e4ade66/gnocchi.580b2238-e332-4fe1-a978-ff9d338feea3/none_v3" 201 - "PUT http://172.18.0.2:8080/v1/AUTH_ace14f9797444234851be39e9e4ade66/gnocchi.580b2238-e332-4fe1-a978-ff9d338feea3/none_v3" "tx5b09cf4b63564989b0c85-00699791dc" "proxy-server 12" 0.0160 "-" 22 0
Feb 19 22:42:36 standalone proxy-server[129581]: 172.18.0.2 172.18.0.100 19/Feb/2026/22/42/36 PUT /v1/AUTH_ace14f9797444234851be39e9e4ade66/gnocchi.580b2238-e332-4fe1-a978-ff9d338feea3/none_v3 HTTP/1.0 201 - python-swiftclient-3.11.1 gAAAAABpl5GWIcjM... 22 - - tx5b09cf4b63564989b0c85-00699791dc - 0.0344 - - 1771540956.310161829 1771540956.344541550 0
Feb 19 22:43:03 standalone container-server[127426]: Begin container update sweep
Feb 19 22:43:03 standalone account-server[127390]: 172.20.0.100 - - [19/Feb/2026:22:43:03 +0000] "PUT /d1/1016/AUTH_ace14f9797444234851be39e9e4ade66/gnocchi.809fe76a-1140-4a73-b4b9-7bbcb99c4fd3" 201 - "-" "-" "container-updater 2" 0.0010 "-" 22 0
Feb 19 22:43:03 standalone account-server[127404]: 172.20.0.100 - - [19/Feb/2026:22:43:03 +0000] "PUT /d1/1016/AUTH_ace14f9797444234851be39e9e4ade66/gnocchi.0efd424f-7916-437b-b13d-0af65c16def4" 201 - "-" "-" "container-updater 2" 0.0007 "-" 23 0
Feb 19 22:43:04 standalone account-server[127387]: 172.20.0.100 - - [19/Feb/2026:22:43:04 +0000] "PUT /d1/1016/AUTH_ace14f9797444234851be39e9e4ade66/gnocchi.d78bc8e1-8e01-4460-9ee3-104ff5b4a8c1" 201 - "-" "-" "container-updater 2" 0.0007 "-" 21 0
Feb 19 22:43:04 standalone account-server[127387]: 172.20.0.100 - - [19/Feb/2026:22:43:04 +0000] "PUT /d1/1016/AUTH_ace14f9797444234851be39e9e4ade66/gnocchi.6a468bdd-a343-4031-9c10-2b693923782b" 201 - "-" "-" "container-updater 2" 0.0007 "-" 21 0
Feb 19 22:43:04 standalone account-server[127387]: 172.20.0.100 - - [19/Feb/2026:22:43:04 +0000] "PUT /d1/1016/AUTH_ace14f9797444234851be39e9e4ade66/gnocchi.fafa7e5a-da9c-4831-ae4b-173edd20bbd7" 201 - "-" "-" "container-updater 2" 0.0006 "-" 21 0
Feb 19 22:43:04 standalone account-server[127387]: 172.20.0.100 - - [19/Feb/2026:22:43:04 +0000] "PUT /d1/1016/AUTH_ace14f9797444234851be39e9e4ade66/gnocchi.580b2238-e332-4fe1-a978-ff9d338feea3" 201 - "-" "-" "container-updater 2" 0.0006 "-" 21 0
Feb 19 22:43:04 standalone account-server[127373]: 172.20.0.100 - - [19/Feb/2026:22:43:04 +0000] "PUT /d1/1016/AUTH_ace14f9797444234851be39e9e4ade66/gnocchi.f246469d-a705-40c1-8536-129ee14f5319" 201 - "-" "-" "container-updater 2" 0.0005 "-" 20 0
Feb 19 22:43:04 standalone account-server[127390]: 172.20.0.100 - - [19/Feb/2026:22:43:04 +0000] "PUT /d1/1016/AUTH_ace14f9797444234851be39e9e4ade66/gnocchi.2e6b699b-cc5f-46a4-9381-672a203be253" 201 - "-" "-" "container-updater 2" 0.0004 "-" 22 0
Feb 19 22:43:04 standalone container-server[127426]: Container update sweep completed: 0.77s
Feb 19 22:43:05 standalone container-server[127499]: 172.20.0.100 - - [19/Feb/2026:22:43:05 +0000] "HEAD /d1/809/AUTH_ace14f9797444234851be39e9e4ade66/gnocchi.be9dfb22-65f5-4c40-9ceb-95a22e4321c7" 404 - "HEAD http://172.18.0.2:8080/v1/AUTH_ace14f9797444234851be39e9e4ade66/gnocchi.be9dfb22-65f5-4c40-9ceb-95a22e4321c7?format=json&states=listing" "tx2b74dc3b5fa3482285fbe-00699791f9" "proxy-server 12" 0.0006 "-" 22 0
Feb 19 22:43:05 standalone object-server[127605]: 172.20.0.100 - - [19/Feb/2026:22:43:05 +0000] "GET /d1/556/AUTH_ace14f9797444234851be39e9e4ade66/gnocchi.be9dfb22-65f5-4c40-9ceb-95a22e4321c7/none_v3" 404 70 "GET http://172.18.0.2:8080/v1/AUTH_ace14f9797444234851be39e9e4ade66/gnocchi.be9dfb22-65f5-4c40-9ceb-95a22e4321c7/none_v3" "tx2b74dc3b5fa3482285fbe-00699791f9" "proxy-server 12" 0.0005 "-" 23 0
Feb 19 22:43:05 standalone proxy-server[129581]: 172.18.0.2 172.18.0.100 19/Feb/2026/22/43/05 GET /v1/AUTH_ace14f9797444234851be39e9e4ade66/gnocchi.be9dfb22-65f5-4c40-9ceb-95a22e4321c7/none_v3 HTTP/1.0 404 - python-swiftclient-3.11.1 gAAAAABpl5GWIcjM... - 70 - tx2b74dc3b5fa3482285fbe-00699791f9 - 0.0142 - - 1771540985.821506023 1771540985.835743666 0
Feb 19 22:43:05 standalone account-server[127387]: 172.20.0.100 - - [19/Feb/2026:22:43:05 +0000] "PUT /d1/1016/AUTH_ace14f9797444234851be39e9e4ade66/gnocchi.be9dfb22-65f5-4c40-9ceb-95a22e4321c7" 201 - "PUT http://172.20.0.100:6001/d1/809/AUTH_ace14f9797444234851be39e9e4ade66/gnocchi.be9dfb22-65f5-4c40-9ceb-95a22e4321c7" "txfa99ab60fbad4be4b3d76-00699791f9" "container-server 22" 0.0087 "-" 21 0
Feb 19 22:43:05 standalone container-server[127499]: 172.20.0.100 - - [19/Feb/2026:22:43:05 +0000] "PUT /d1/809/AUTH_ace14f9797444234851be39e9e4ade66/gnocchi.be9dfb22-65f5-4c40-9ceb-95a22e4321c7" 201 - "PUT http://172.18.0.2:8080/v1/AUTH_ace14f9797444234851be39e9e4ade66/gnocchi.be9dfb22-65f5-4c40-9ceb-95a22e4321c7" "txfa99ab60fbad4be4b3d76-00699791f9" "proxy-server 12" 0.0210 "-" 22 0
Feb 19 22:43:05 standalone proxy-server[129581]: 172.18.0.2 172.18.0.100 19/Feb/2026/22/43/05 PUT /v1/AUTH_ace14f9797444234851be39e9e4ade66/gnocchi.be9dfb22-65f5-4c40-9ceb-95a22e4321c7 HTTP/1.0 201 - python-swiftclient-3.11.1 gAAAAABpl5GWIcjM... - - - txfa99ab60fbad4be4b3d76-00699791f9 - 0.0276 - - 1771540985.839287519 1771540985.866932631 0
Feb 19 22:43:05 standalone container-server[127495]: 172.20.0.100 - - [19/Feb/2026:22:43:05 +0000] "HEAD /d1/809/AUTH_ace14f9797444234851be39e9e4ade66/gnocchi.be9dfb22-65f5-4c40-9ceb-95a22e4321c7" 204 - "HEAD http://172.18.0.2:8080/v1/AUTH_ace14f9797444234851be39e9e4ade66/gnocchi.be9dfb22-65f5-4c40-9ceb-95a22e4321c7?format=json&states=listing" "tx3ff6380b748e4c9cbca63-00699791f9" "proxy-server 12" 0.0017 "-" 21 0
Feb 19 22:43:05 standalone proxy-server[129581]: - - 19/Feb/2026/22/43/05 HEAD /v1/AUTH_ace14f9797444234851be39e9e4ade66/gnocchi.be9dfb22-65f5-4c40-9ceb-95a22e4321c7%3Fformat%3Djson%26states%3Dlisting HTTP/1.0 204 - Swift - - - - tx3ff6380b748e4c9cbca63-00699791f9 - 0.0057 RL - 1771540985.871605396 1771540985.877260685 0
Feb 19 22:43:05 standalone container-server[127508]: 172.20.0.100 - - [19/Feb/2026:22:43:05 +0000] "GET /d1/809/AUTH_ace14f9797444234851be39e9e4ade66/gnocchi.be9dfb22-65f5-4c40-9ceb-95a22e4321c7" 200 2 "GET http://172.18.0.2:8080/v1/AUTH_ace14f9797444234851be39e9e4ade66/gnocchi.be9dfb22-65f5-4c40-9ceb-95a22e4321c7?format=json&states=listing" "tx3ff6380b748e4c9cbca63-00699791f9" "proxy-server 12" 0.0019 "-" 23 0
Feb 19 22:43:05 standalone proxy-server[129581]: 172.18.0.2 172.18.0.100 19/Feb/2026/22/43/05 GET /v1/AUTH_ace14f9797444234851be39e9e4ade66/gnocchi.be9dfb22-65f5-4c40-9ceb-95a22e4321c7%3Fformat%3Djson%26states%3Dlisting HTTP/1.0 200 - python-swiftclient-3.11.1 gAAAAABpl5GWIcjM... - 2 - tx3ff6380b748e4c9cbca63-00699791f9 - 0.0157 - - 1771540985.870437860 1771540985.886149883 0
Feb 19 22:43:05 standalone object-server[127606]: 172.20.0.100 - - [19/Feb/2026:22:43:05 +0000] "GET /d1/32/AUTH_ace14f9797444234851be39e9e4ade66/gnocchi.be9dfb22-65f5-4c40-9ceb-95a22e4321c7/1771200000.0_mean_300.0_v3" 404 70 "GET http://172.18.0.2:8080/v1/AUTH_ace14f9797444234851be39e9e4ade66/gnocchi.be9dfb22-65f5-4c40-9ceb-95a22e4321c7/1771200000.0_mean_300.0_v3" "tx3d9bdee29ebb4dc58cca8-00699791f9" "proxy-server 12" 0.0005 "-" 24 0
Feb 19 22:43:05 standalone proxy-server[129581]: 172.18.0.2 172.18.0.100 19/Feb/2026/22/43/05 GET /v1/AUTH_ace14f9797444234851be39e9e4ade66/gnocchi.be9dfb22-65f5-4c40-9ceb-95a22e4321c7/1771200000.0_mean_300.0_v3 HTTP/1.0 404 - python-swiftclient-3.11.1 gAAAAABpl5GWIcjM... - 70 - tx3d9bdee29ebb4dc58cca8-00699791f9 - 0.0062 - - 1771540985.888714075 1771540985.894914865 0
Feb 19 22:43:05 standalone container-server[127494]: 172.20.0.100 - - [19/Feb/2026:22:43:05 +0000] "PUT /d1/809/AUTH_ace14f9797444234851be39e9e4ade66/gnocchi.be9dfb22-65f5-4c40-9ceb-95a22e4321c7/1771200000.0_mean_300.0_v3" 201 - "PUT http://172.18.0.2:8080/d1/32/AUTH_ace14f9797444234851be39e9e4ade66/gnocchi.be9dfb22-65f5-4c40-9ceb-95a22e4321c7/1771200000.0_mean_300.0_v3" "tx2bc195d1977d450796cbb-00699791f9" "object-server 23" 0.0006 "-" 20 0
Feb 19 22:43:05 standalone object-server[127605]: 172.20.0.100 - - [19/Feb/2026:22:43:05 +0000] "PUT /d1/32/AUTH_ace14f9797444234851be39e9e4ade66/gnocchi.be9dfb22-65f5-4c40-9ceb-95a22e4321c7/1771200000.0_mean_300.0_v3" 201 - "PUT http://172.18.0.2:8080/v1/AUTH_ace14f9797444234851be39e9e4ade66/gnocchi.be9dfb22-65f5-4c40-9ceb-95a22e4321c7/1771200000.0_mean_300.0_v3" "tx2bc195d1977d450796cbb-00699791f9" "proxy-server 12" 0.0516 "-" 23 0
Feb 19 22:43:05 standalone proxy-server[129581]: 172.18.0.2 172.18.0.100 19/Feb/2026/22/43/05 PUT /v1/AUTH_ace14f9797444234851be39e9e4ade66/gnocchi.be9dfb22-65f5-4c40-9ceb-95a22e4321c7/1771200000.0_mean_300.0_v3 HTTP/1.0 201 - python-swiftclient-3.11.1 gAAAAABpl5GWIcjM... 16 - - tx2bc195d1977d450796cbb-00699791f9 - 0.0581 - - 1771540985.897053003 1771540985.955116987 0
Feb 19 22:43:05 standalone container-server[127499]: 172.20.0.100 - - [19/Feb/2026:22:43:05 +0000] "PUT /d1/809/AUTH_ace14f9797444234851be39e9e4ade66/gnocchi.be9dfb22-65f5-4c40-9ceb-95a22e4321c7/none_v3" 201 - "PUT http://172.18.0.2:8080/d1/556/AUTH_ace14f9797444234851be39e9e4ade66/gnocchi.be9dfb22-65f5-4c40-9ceb-95a22e4321c7/none_v3" "tx3e20333db90c4ca49a6bc-00699791f9" "object-server 23" 0.0007 "-" 22 0
Feb 19 22:43:05 standalone object-server[127605]: 172.20.0.100 - - [19/Feb/2026:22:43:05 +0000] "PUT /d1/556/AUTH_ace14f9797444234851be39e9e4ade66/gnocchi.be9dfb22-65f5-4c40-9ceb-95a22e4321c7/none_v3" 201 - "PUT http://172.18.0.2:8080/v1/AUTH_ace14f9797444234851be39e9e4ade66/gnocchi.be9dfb22-65f5-4c40-9ceb-95a22e4321c7/none_v3" "tx3e20333db90c4ca49a6bc-00699791f9" "proxy-server 12" 0.0105 "-" 23 0
Feb 19 22:43:05 standalone proxy-server[129581]: 172.18.0.2 172.18.0.100 19/Feb/2026/22/43/05 PUT /v1/AUTH_ace14f9797444234851be39e9e4ade66/gnocchi.be9dfb22-65f5-4c40-9ceb-95a22e4321c7/none_v3 HTTP/1.0 201 - python-swiftclient-3.11.1 gAAAAABpl5GWIcjM... 22 - - tx3e20333db90c4ca49a6bc-00699791f9 - 0.0183 - - 1771540985.959249258 1771540985.977566957 0
Feb 19 22:43:06 standalone object-server[127605]: 172.20.0.100 - - [19/Feb/2026:22:43:06 +0000] "GET /d1/598/AUTH_ace14f9797444234851be39e9e4ade66/gnocchi.6a468bdd-a343-4031-9c10-2b693923782b/none_v3" 200 22 "GET http://172.18.0.2:8080/v1/AUTH_ace14f9797444234851be39e9e4ade66/gnocchi.6a468bdd-a343-4031-9c10-2b693923782b/none_v3" "txa7a9bd4583ff4a44bc832-00699791fa" "proxy-server 12" 0.0012 "-" 23 0
Feb 19 22:43:06 standalone proxy-server[129581]: 172.18.0.2 172.18.0.100 19/Feb/2026/22/43/06 GET /v1/AUTH_ace14f9797444234851be39e9e4ade66/gnocchi.6a468bdd-a343-4031-9c10-2b693923782b/none_v3 HTTP/1.0 200 - python-swiftclient-3.11.1 gAAAAABpl5GWIcjM... - 22 - txa7a9bd4583ff4a44bc832-00699791fa - 0.0081 - - 1771540986.059158564 1771540986.067286968 0
Feb 19 22:43:06 standalone container-server[127508]: 172.20.0.100 - - [19/Feb/2026:22:43:06 +0000] "GET /d1/673/AUTH_ace14f9797444234851be39e9e4ade66/gnocchi.6a468bdd-a343-4031-9c10-2b693923782b" 200 357 "GET http://172.18.0.2:8080/v1/AUTH_ace14f9797444234851be39e9e4ade66/gnocchi.6a468bdd-a343-4031-9c10-2b693923782b?format=json&states=listing" "tx4789f55b99e04af786cc1-00699791fa" "proxy-server 12" 0.0020 "-" 23 0
Feb 19 22:43:06 standalone proxy-server[129581]: 172.18.0.2 172.18.0.100 19/Feb/2026/22/43/06 GET /v1/AUTH_ace14f9797444234851be39e9e4ade66/gnocchi.6a468bdd-a343-4031-9c10-2b693923782b%3Fformat%3Djson%26states%3Dlisting HTTP/1.0 200 - python-swiftclient-3.11.1 gAAAAABpl5GWIcjM... - 357 - tx4789f55b99e04af786cc1-00699791fa - 0.0078 - - 1771540986.072301626 1771540986.080140114 0
Feb 19 22:43:06 standalone container-server[127495]: 172.20.0.100 - - [19/Feb/2026:22:43:06 +0000] "GET /d1/673/AUTH_ace14f9797444234851be39e9e4ade66/gnocchi.6a468bdd-a343-4031-9c10-2b693923782b" 200 2 "GET http://172.18.0.2:8080/v1/AUTH_ace14f9797444234851be39e9e4ade66/gnocchi.6a468bdd-a343-4031-9c10-2b693923782b?format=json&marker=none_v3&states=listing" "tx62166f9c2663414dbac1e-00699791fa" "proxy-server 12" 0.0038 "-" 21 0
Feb 19 22:43:06 standalone proxy-server[129581]: 172.18.0.2 172.18.0.100 19/Feb/2026/22/43/06 GET /v1/AUTH_ace14f9797444234851be39e9e4ade66/gnocchi.6a468bdd-a343-4031-9c10-2b693923782b%3Fformat%3Djson%26marker%3Dnone_v3%26states%3Dlisting HTTP/1.0 200 - python-swiftclient-3.11.1 gAAAAABpl5GWIcjM... - 2 - tx62166f9c2663414dbac1e-00699791fa - 0.0126 - - 1771540986.084231615 1771540986.096863508 0
Feb 19 22:43:06 standalone object-server[127606]: 172.20.0.100 - - [19/Feb/2026:22:43:06 +0000] "GET /d1/273/AUTH_ace14f9797444234851be39e9e4ade66/gnocchi.6a468bdd-a343-4031-9c10-2b693923782b/1771200000.0_mean_300.0_v3" 200 16 "GET http://172.18.0.2:8080/v1/AUTH_ace14f9797444234851be39e9e4ade66/gnocchi.6a468bdd-a343-4031-9c10-2b693923782b/1771200000.0_mean_300.0_v3" "txd7ac7a10fd1a4c9390b44-00699791fa" "proxy-server 12" 0.0015 "-" 24 0
Feb 19 22:43:06 standalone proxy-server[129581]: 172.18.0.2 172.18.0.100 19/Feb/2026/22/43/06 GET /v1/AUTH_ace14f9797444234851be39e9e4ade66/gnocchi.6a468bdd-a343-4031-9c10-2b693923782b/1771200000.0_mean_300.0_v3 HTTP/1.0 200 - python-swiftclient-3.11.1 gAAAAABpl5GWIcjM... - 16 - txd7ac7a10fd1a4c9390b44-00699791fa - 0.0113 - - 1771540986.103395224 1771540986.114710569 0
Feb 19 22:43:06 standalone container-server[127494]: 172.20.0.100 - - [19/Feb/2026:22:43:06 +0000] "PUT /d1/673/AUTH_ace14f9797444234851be39e9e4ade66/gnocchi.6a468bdd-a343-4031-9c10-2b693923782b/1771200000.0_mean_300.0_v3" 201 - "PUT http://172.18.0.2:8080/d1/273/AUTH_ace14f9797444234851be39e9e4ade66/gnocchi.6a468bdd-a343-4031-9c10-2b693923782b/1771200000.0_mean_300.0_v3" "txcb09eb2e38c94091afa62-00699791fa" "object-server 23" 0.0008 "-" 20 0
Feb 19 22:43:06 standalone object-server[127605]: 172.20.0.100 - - [19/Feb/2026:22:43:06 +0000] "PUT /d1/273/AUTH_ace14f9797444234851be39e9e4ade66/gnocchi.6a468bdd-a343-4031-9c10-2b693923782b/1771200000.0_mean_300.0_v3" 201 - "PUT http://172.18.0.2:8080/v1/AUTH_ace14f9797444234851be39e9e4ade66/gnocchi.6a468bdd-a343-4031-9c10-2b693923782b/1771200000.0_mean_300.0_v3" "txcb09eb2e38c94091afa62-00699791fa" "proxy-server 12" 0.0190 "-" 23 0
Feb 19 22:43:06 standalone proxy-server[129581]: 172.18.0.2 172.18.0.100 19/Feb/2026/22/43/06 PUT /v1/AUTH_ace14f9797444234851be39e9e4ade66/gnocchi.6a468bdd-a343-4031-9c10-2b693923782b/1771200000.0_mean_300.0_v3 HTTP/1.0 201 - python-swiftclient-3.11.1 gAAAAABpl5GWIcjM... 16 - - txcb09eb2e38c94091afa62-00699791fa - 0.0280 - - 1771540986.119633436 1771540986.147663116 0
Feb 19 22:43:06 standalone container-server[127494]: 172.20.0.100 - - [19/Feb/2026:22:43:06 +0000] "PUT /d1/673/AUTH_ace14f9797444234851be39e9e4ade66/gnocchi.6a468bdd-a343-4031-9c10-2b693923782b/none_v3" 201 - "PUT http://172.18.0.2:8080/d1/598/AUTH_ace14f9797444234851be39e9e4ade66/gnocchi.6a468bdd-a343-4031-9c10-2b693923782b/none_v3" "tx0764f740c29e410d821d4-00699791fa" "object-server 25" 0.0006 "-" 20 0
Feb 19 22:43:06 standalone object-server[127607]: 172.20.0.100 - - [19/Feb/2026:22:43:06 +0000] "PUT /d1/598/AUTH_ace14f9797444234851be39e9e4ade66/gnocchi.6a468bdd-a343-4031-9c10-2b693923782b/none_v3" 201 - "PUT http://172.18.0.2:8080/v1/AUTH_ace14f9797444234851be39e9e4ade66/gnocchi.6a468bdd-a343-4031-9c10-2b693923782b/none_v3" "tx0764f740c29e410d821d4-00699791fa" "proxy-server 12" 0.0095 "-" 25 0
Feb 19 22:43:06 standalone proxy-server[129581]: 172.18.0.2 172.18.0.100 19/Feb/2026/22/43/06 PUT /v1/AUTH_ace14f9797444234851be39e9e4ade66/gnocchi.6a468bdd-a343-4031-9c10-2b693923782b/none_v3 HTTP/1.0 201 - python-swiftclient-3.11.1 gAAAAABpl5GWIcjM... 33 - - tx0764f740c29e410d821d4-00699791fa - 0.0185 - - 1771540986.151843071 1771540986.170388699 0
Feb 19 22:43:06 standalone object-server[127606]: 172.20.0.100 - - [19/Feb/2026:22:43:06 +0000] "GET /d1/429/AUTH_ace14f9797444234851be39e9e4ade66/gnocchi.809fe76a-1140-4a73-b4b9-7bbcb99c4fd3/none_v3" 200 22 "GET http://172.18.0.2:8080/v1/AUTH_ace14f9797444234851be39e9e4ade66/gnocchi.809fe76a-1140-4a73-b4b9-7bbcb99c4fd3/none_v3" "txe29f05bf54af403ba3820-00699791fa" "proxy-server 12" 0.0019 "-" 24 0
Feb 19 22:43:06 standalone proxy-server[129581]: 172.18.0.2 172.18.0.100 19/Feb/2026/22/43/06 GET /v1/AUTH_ace14f9797444234851be39e9e4ade66/gnocchi.809fe76a-1140-4a73-b4b9-7bbcb99c4fd3/none_v3 HTTP/1.0 200 - python-swiftclient-3.11.1 gAAAAABpl5GWIcjM... - 22 - txe29f05bf54af403ba3820-00699791fa - 0.0107 - - 1771540986.182086468 1771540986.192778587 0
Feb 19 22:43:06 standalone container-server[127495]: 172.20.0.100 - - [19/Feb/2026:22:43:06 +0000] "GET /d1/10/AUTH_ace14f9797444234851be39e9e4ade66/gnocchi.809fe76a-1140-4a73-b4b9-7bbcb99c4fd3" 200 357 "GET http://172.18.0.2:8080/v1/AUTH_ace14f9797444234851be39e9e4ade66/gnocchi.809fe76a-1140-4a73-b4b9-7bbcb99c4fd3?format=json&states=listing" "tx350f839a4f2d4542b10d1-00699791fa" "proxy-server 12" 0.0024 "-" 21 0
Feb 19 22:43:06 standalone proxy-server[129581]: 172.18.0.2 172.18.0.100 19/Feb/2026/22/43/06 GET /v1/AUTH_ace14f9797444234851be39e9e4ade66/gnocchi.809fe76a-1140-4a73-b4b9-7bbcb99c4fd3%3Fformat%3Djson%26states%3Dlisting HTTP/1.0 200 - python-swiftclient-3.11.1 gAAAAABpl5GWIcjM... - 357 - tx350f839a4f2d4542b10d1-00699791fa - 0.0103 - - 1771540986.196705341 1771540986.206958294 0
Feb 19 22:43:06 standalone container-server[127499]: 172.20.0.100 - - [19/Feb/2026:22:43:06 +0000] "GET /d1/10/AUTH_ace14f9797444234851be39e9e4ade66/gnocchi.809fe76a-1140-4a73-b4b9-7bbcb99c4fd3" 200 2 "GET http://172.18.0.2:8080/v1/AUTH_ace14f9797444234851be39e9e4ade66/gnocchi.809fe76a-1140-4a73-b4b9-7bbcb99c4fd3?format=json&marker=none_v3&states=listing" "txc392a2f573a34976bd9b4-00699791fa" "proxy-server 12" 0.0036 "-" 22 0
Feb 19 22:43:06 standalone proxy-server[129581]: 172.18.0.2 172.18.0.100 19/Feb/2026/22/43/06 GET /v1/AUTH_ace14f9797444234851be39e9e4ade66/gnocchi.809fe76a-1140-4a73-b4b9-7bbcb99c4fd3%3Fformat%3Djson%26marker%3Dnone_v3%26states%3Dlisting HTTP/1.0 200 - python-swiftclient-3.11.1 gAAAAABpl5GWIcjM... - 2 - txc392a2f573a34976bd9b4-00699791fa - 0.0120 - - 1771540986.213856697 1771540986.225890160 0
Feb 19 22:43:06 standalone object-server[127605]: 172.20.0.100 - - [19/Feb/2026:22:43:06 +0000] "GET /d1/652/AUTH_ace14f9797444234851be39e9e4ade66/gnocchi.809fe76a-1140-4a73-b4b9-7bbcb99c4fd3/1771200000.0_mean_300.0_v3" 200 16 "GET http://172.18.0.2:8080/v1/AUTH_ace14f9797444234851be39e9e4ade66/gnocchi.809fe76a-1140-4a73-b4b9-7bbcb99c4fd3/1771200000.0_mean_300.0_v3" "tx70a721e0bf5240b785d2a-00699791fa" "proxy-server 12" 0.0020 "-" 23 0
Feb 19 22:43:06 standalone proxy-server[129581]: 172.18.0.2 172.18.0.100 19/Feb/2026/22/43/06 GET /v1/AUTH_ace14f9797444234851be39e9e4ade66/gnocchi.809fe76a-1140-4a73-b4b9-7bbcb99c4fd3/1771200000.0_mean_300.0_v3 HTTP/1.0 200 - python-swiftclient-3.11.1 gAAAAABpl5GWIcjM... - 16 - tx70a721e0bf5240b785d2a-00699791fa - 0.0123 - - 1771540986.230334282 1771540986.242646694 0
Feb 19 22:43:06 standalone container-server[127508]: 172.20.0.100 - - [19/Feb/2026:22:43:06 +0000] "PUT /d1/10/AUTH_ace14f9797444234851be39e9e4ade66/gnocchi.809fe76a-1140-4a73-b4b9-7bbcb99c4fd3/1771200000.0_mean_300.0_v3" 201 - "PUT http://172.18.0.2:8080/d1/652/AUTH_ace14f9797444234851be39e9e4ade66/gnocchi.809fe76a-1140-4a73-b4b9-7bbcb99c4fd3/1771200000.0_mean_300.0_v3" "tx51f0a31833234dac81b50-00699791fa" "object-server 25" 0.0006 "-" 23 0
Feb 19 22:43:06 standalone object-server[127607]: 172.20.0.100 - - [19/Feb/2026:22:43:06 +0000] "PUT /d1/652/AUTH_ace14f9797444234851be39e9e4ade66/gnocchi.809fe76a-1140-4a73-b4b9-7bbcb99c4fd3/1771200000.0_mean_300.0_v3" 201 - "PUT http://172.18.0.2:8080/v1/AUTH_ace14f9797444234851be39e9e4ade66/gnocchi.809fe76a-1140-4a73-b4b9-7bbcb99c4fd3/1771200000.0_mean_300.0_v3" "tx51f0a31833234dac81b50-00699791fa" "proxy-server 12" 0.0097 "-" 25 0
Feb 19 22:43:06 standalone proxy-server[129581]: 172.18.0.2 172.18.0.100 19/Feb/2026/22/43/06 PUT /v1/AUTH_ace14f9797444234851be39e9e4ade66/gnocchi.809fe76a-1140-4a73-b4b9-7bbcb99c4fd3/1771200000.0_mean_300.0_v3 HTTP/1.0 201 - python-swiftclient-3.11.1 gAAAAABpl5GWIcjM... 16 - - tx51f0a31833234dac81b50-00699791fa - 0.0170 - - 1771540986.247330189 1771540986.264303446 0
Feb 19 22:43:06 standalone container-server[127508]: 172.20.0.100 - - [19/Feb/2026:22:43:06 +0000] "PUT /d1/10/AUTH_ace14f9797444234851be39e9e4ade66/gnocchi.809fe76a-1140-4a73-b4b9-7bbcb99c4fd3/none_v3" 201 - "PUT http://172.18.0.2:8080/d1/429/AUTH_ace14f9797444234851be39e9e4ade66/gnocchi.809fe76a-1140-4a73-b4b9-7bbcb99c4fd3/none_v3" "txfa53cdd9566a4409a09b9-00699791fa" "object-server 25" 0.0004 "-" 23 0
Feb 19 22:43:06 standalone object-server[127607]: 172.20.0.100 - - [19/Feb/2026:22:43:06 +0000] "PUT /d1/429/AUTH_ace14f9797444234851be39e9e4ade66/gnocchi.809fe76a-1140-4a73-b4b9-7bbcb99c4fd3/none_v3" 201 - "PUT http://172.18.0.2:8080/v1/AUTH_ace14f9797444234851be39e9e4ade66/gnocchi.809fe76a-1140-4a73-b4b9-7bbcb99c4fd3/none_v3" "txfa53cdd9566a4409a09b9-00699791fa" "proxy-server 12" 0.0098 "-" 25 0
Feb 19 22:43:06 standalone proxy-server[129581]: 172.18.0.2 172.18.0.100 19/Feb/2026/22/43/06 PUT /v1/AUTH_ace14f9797444234851be39e9e4ade66/gnocchi.809fe76a-1140-4a73-b4b9-7bbcb99c4fd3/none_v3 HTTP/1.0 201 - python-swiftclient-3.11.1 gAAAAABpl5GWIcjM... 33 - - txfa53cdd9566a4409a09b9-00699791fa - 0.0162 - - 1771540986.268378258 1771540986.284602165 0
Feb 19 22:43:10 standalone object-server[127606]: 172.20.0.100 - - [19/Feb/2026:22:43:10 +0000] "GET /d1/556/AUTH_ace14f9797444234851be39e9e4ade66/gnocchi.be9dfb22-65f5-4c40-9ceb-95a22e4321c7/none_v3" 200 22 "GET http://172.18.0.2:8080/v1/AUTH_ace14f9797444234851be39e9e4ade66/gnocchi.be9dfb22-65f5-4c40-9ceb-95a22e4321c7/none_v3" "tx892b4f0e411d48909b595-00699791fe" "proxy-server 12" 0.0014 "-" 24 0
Feb 19 22:43:10 standalone proxy-server[129581]: 172.18.0.2 172.18.0.100 19/Feb/2026/22/43/10 GET /v1/AUTH_ace14f9797444234851be39e9e4ade66/gnocchi.be9dfb22-65f5-4c40-9ceb-95a22e4321c7/none_v3 HTTP/1.0 200 - python-swiftclient-3.11.1 gAAAAABpl5GWIcjM... - 22 - tx892b4f0e411d48909b595-00699791fe - 0.0085 - - 1771540990.033406258 1771540990.041877270 0
Feb 19 22:43:10 standalone container-server[127499]: 172.20.0.100 - - [19/Feb/2026:22:43:10 +0000] "GET /d1/809/AUTH_ace14f9797444234851be39e9e4ade66/gnocchi.be9dfb22-65f5-4c40-9ceb-95a22e4321c7" 200 357 "GET http://172.18.0.2:8080/v1/AUTH_ace14f9797444234851be39e9e4ade66/gnocchi.be9dfb22-65f5-4c40-9ceb-95a22e4321c7?format=json&states=listing" "tx5ce54377710f4dec987c4-00699791fe" "proxy-server 12" 0.0164 "-" 22 0
Feb 19 22:43:10 standalone proxy-server[129581]: 172.18.0.2 172.18.0.100 19/Feb/2026/22/43/10 GET /v1/AUTH_ace14f9797444234851be39e9e4ade66/gnocchi.be9dfb22-65f5-4c40-9ceb-95a22e4321c7%3Fformat%3Djson%26states%3Dlisting HTTP/1.0 200 - python-swiftclient-3.11.1 gAAAAABpl5GWIcjM... - 357 - tx5ce54377710f4dec987c4-00699791fe - 0.0232 - - 1771540990.047301531 1771540990.070549488 0
Feb 19 22:43:10 standalone container-server[127508]: 172.20.0.100 - - [19/Feb/2026:22:43:10 +0000] "GET /d1/809/AUTH_ace14f9797444234851be39e9e4ade66/gnocchi.be9dfb22-65f5-4c40-9ceb-95a22e4321c7" 200 2 "GET http://172.18.0.2:8080/v1/AUTH_ace14f9797444234851be39e9e4ade66/gnocchi.be9dfb22-65f5-4c40-9ceb-95a22e4321c7?format=json&marker=none_v3&states=listing" "tx1802b62805d240759ac59-00699791fe" "proxy-server 12" 0.0023 "-" 23 0
Feb 19 22:43:10 standalone proxy-server[129581]: 172.18.0.2 172.18.0.100 19/Feb/2026/22/43/10 GET /v1/AUTH_ace14f9797444234851be39e9e4ade66/gnocchi.be9dfb22-65f5-4c40-9ceb-95a22e4321c7%3Fformat%3Djson%26marker%3Dnone_v3%26states%3Dlisting HTTP/1.0 200 - python-swiftclient-3.11.1 gAAAAABpl5GWIcjM... - 2 - tx1802b62805d240759ac59-00699791fe - 0.0101 - - 1771540990.074100971 1771540990.084220648 0
Feb 19 22:43:10 standalone object-server[127607]: 172.20.0.100 - - [19/Feb/2026:22:43:10 +0000] "GET /d1/32/AUTH_ace14f9797444234851be39e9e4ade66/gnocchi.be9dfb22-65f5-4c40-9ceb-95a22e4321c7/1771200000.0_mean_300.0_v3" 200 16 "GET http://172.18.0.2:8080/v1/AUTH_ace14f9797444234851be39e9e4ade66/gnocchi.be9dfb22-65f5-4c40-9ceb-95a22e4321c7/1771200000.0_mean_300.0_v3" "tx36a9614f0c174921b1443-00699791fe" "proxy-server 12" 0.0012 "-" 25 0
Feb 19 22:43:10 standalone proxy-server[129581]: 172.18.0.2 172.18.0.100 19/Feb/2026/22/43/10 GET /v1/AUTH_ace14f9797444234851be39e9e4ade66/gnocchi.be9dfb22-65f5-4c40-9ceb-95a22e4321c7/1771200000.0_mean_300.0_v3 HTTP/1.0 200 - python-swiftclient-3.11.1 gAAAAABpl5GWIcjM... - 16 - tx36a9614f0c174921b1443-00699791fe - 0.0091 - - 1771540990.088910580 1771540990.097981215 0
Feb 19 22:43:10 standalone container-server[127508]: 172.20.0.100 - - [19/Feb/2026:22:43:10 +0000] "PUT /d1/809/AUTH_ace14f9797444234851be39e9e4ade66/gnocchi.be9dfb22-65f5-4c40-9ceb-95a22e4321c7/1771200000.0_mean_300.0_v3" 201 - "PUT http://172.18.0.2:8080/d1/32/AUTH_ace14f9797444234851be39e9e4ade66/gnocchi.be9dfb22-65f5-4c40-9ceb-95a22e4321c7/1771200000.0_mean_300.0_v3" "tx738a0ea2a537423fb1e58-00699791fe" "object-server 24" 0.0004 "-" 23 0
Feb 19 22:43:10 standalone object-server[127606]: 172.20.0.100 - - [19/Feb/2026:22:43:10 +0000] "PUT /d1/32/AUTH_ace14f9797444234851be39e9e4ade66/gnocchi.be9dfb22-65f5-4c40-9ceb-95a22e4321c7/1771200000.0_mean_300.0_v3" 201 - "PUT http://172.18.0.2:8080/v1/AUTH_ace14f9797444234851be39e9e4ade66/gnocchi.be9dfb22-65f5-4c40-9ceb-95a22e4321c7/1771200000.0_mean_300.0_v3" "tx738a0ea2a537423fb1e58-00699791fe" "proxy-server 12" 0.0105 "-" 24 0
Feb 19 22:43:10 standalone proxy-server[129581]: 172.18.0.2 172.18.0.100 19/Feb/2026/22/43/10 PUT /v1/AUTH_ace14f9797444234851be39e9e4ade66/gnocchi.be9dfb22-65f5-4c40-9ceb-95a22e4321c7/1771200000.0_mean_300.0_v3 HTTP/1.0 201 - python-swiftclient-3.11.1 gAAAAABpl5GWIcjM... 16 - - tx738a0ea2a537423fb1e58-00699791fe - 0.0175 - - 1771540990.101891518 1771540990.119438887 0
Feb 19 22:43:10 standalone container-server[127494]: 172.20.0.100 - - [19/Feb/2026:22:43:10 +0000] "PUT /d1/809/AUTH_ace14f9797444234851be39e9e4ade66/gnocchi.be9dfb22-65f5-4c40-9ceb-95a22e4321c7/none_v3" 201 - "PUT http://172.18.0.2:8080/d1/556/AUTH_ace14f9797444234851be39e9e4ade66/gnocchi.be9dfb22-65f5-4c40-9ceb-95a22e4321c7/none_v3" "tx02a4caa85f164222a4e6a-00699791fe" "object-server 22" 0.0008 "-" 20 0
Feb 19 22:43:10 standalone object-server[127604]: 172.20.0.100 - - [19/Feb/2026:22:43:10 +0000] "PUT /d1/556/AUTH_ace14f9797444234851be39e9e4ade66/gnocchi.be9dfb22-65f5-4c40-9ceb-95a22e4321c7/none_v3" 201 - "PUT http://172.18.0.2:8080/v1/AUTH_ace14f9797444234851be39e9e4ade66/gnocchi.be9dfb22-65f5-4c40-9ceb-95a22e4321c7/none_v3" "tx02a4caa85f164222a4e6a-00699791fe" "proxy-server 12" 0.0112 "-" 22 0
Feb 19 22:43:10 standalone proxy-server[129581]: 172.18.0.2 172.18.0.100 19/Feb/2026/22/43/10 PUT /v1/AUTH_ace14f9797444234851be39e9e4ade66/gnocchi.be9dfb22-65f5-4c40-9ceb-95a22e4321c7/none_v3 HTTP/1.0 201 - python-swiftclient-3.11.1 gAAAAABpl5GWIcjM... 32 - - tx02a4caa85f164222a4e6a-00699791fe - 0.0185 - - 1771540990.123571396 1771540990.142076254 0
Feb 19 22:43:20 standalone container-server[127499]: 172.20.0.100 - - [19/Feb/2026:22:43:20 +0000] "HEAD /d1/912/AUTH_ace14f9797444234851be39e9e4ade66/gnocchi.34124325-1c01-4519-b656-3ac9bc837e8b" 404 - "HEAD http://172.18.0.2:8080/v1/AUTH_ace14f9797444234851be39e9e4ade66/gnocchi.34124325-1c01-4519-b656-3ac9bc837e8b?format=json&states=listing" "txd34fe5575e024995b6c41-0069979208" "proxy-server 12" 0.0007 "-" 22 0
Feb 19 22:43:20 standalone object-server[127606]: 172.20.0.100 - - [19/Feb/2026:22:43:20 +0000] "GET /d1/454/AUTH_ace14f9797444234851be39e9e4ade66/gnocchi.34124325-1c01-4519-b656-3ac9bc837e8b/none_v3" 404 70 "GET http://172.18.0.2:8080/v1/AUTH_ace14f9797444234851be39e9e4ade66/gnocchi.34124325-1c01-4519-b656-3ac9bc837e8b/none_v3" "txd34fe5575e024995b6c41-0069979208" "proxy-server 12" 0.0012 "-" 24 0
Feb 19 22:43:20 standalone proxy-server[129581]: 172.18.0.2 172.18.0.100 19/Feb/2026/22/43/20 GET /v1/AUTH_ace14f9797444234851be39e9e4ade66/gnocchi.34124325-1c01-4519-b656-3ac9bc837e8b/none_v3 HTTP/1.0 404 - python-swiftclient-3.11.1 gAAAAABpl5GWIcjM... - 70 - txd34fe5575e024995b6c41-0069979208 - 0.0220 - - 1771541000.434970140 1771541000.456972122 0
Feb 19 22:43:20 standalone account-server[127390]: 172.20.0.100 - - [19/Feb/2026:22:43:20 +0000] "PUT /d1/1016/AUTH_ace14f9797444234851be39e9e4ade66/gnocchi.34124325-1c01-4519-b656-3ac9bc837e8b" 201 - "PUT http://172.20.0.100:6001/d1/912/AUTH_ace14f9797444234851be39e9e4ade66/gnocchi.34124325-1c01-4519-b656-3ac9bc837e8b" "tx3572b2b8061347939526f-0069979208" "container-server 22" 0.0043 "-" 22 0
