Feb 19 22:29:18 standalone account-server[127035]: Starting 2
Feb 19 22:29:19 standalone account-server[127170]: Started child 20 from parent 2
Feb 19 22:29:19 standalone account-server[127170]: Started child 21 from parent 2
Feb 19 22:29:19 standalone account-server[127170]: Started child 22 from parent 2
Feb 19 22:29:19 standalone account-server[127170]: Started child 23 from parent 2
Feb 19 22:29:19 standalone container-server[127177]: Option allow_versions is deprecated. Configure the versioned_writes middleware in the proxy-server instead. This option will be ignored in a future release.
Feb 19 22:29:19 standalone container-server[127494]: Option allow_versions is deprecated. Configure the versioned_writes middleware in the proxy-server instead. This option will be ignored in a future release.
Feb 19 22:29:19 standalone container-server[127177]: Started child 20 from parent 2
Feb 19 22:29:19 standalone container-server[127495]: Option allow_versions is deprecated. Configure the versioned_writes middleware in the proxy-server instead. This option will be ignored in a future release.
Feb 19 22:29:19 standalone container-server[127177]: Started child 21 from parent 2
Feb 19 22:29:19 standalone container-server[127499]: Option allow_versions is deprecated. Configure the versioned_writes middleware in the proxy-server instead. This option will be ignored in a future release.
Feb 19 22:29:19 standalone container-server[127177]: Started child 22 from parent 2
Feb 19 22:29:19 standalone container-server[127508]: Option allow_versions is deprecated. Configure the versioned_writes middleware in the proxy-server instead. This option will be ignored in a future release.
Feb 19 22:29:19 standalone container-server[127177]: Started child 23 from parent 2
Feb 19 22:29:19 standalone object-expirer[127339]: Starting 2
Feb 19 22:29:19 standalone object-expirer[127339]: Option auto_create_account_prefix is deprecated. Configure auto_create_account_prefix under the swift-constraints section of swift.conf. This option will be ignored in a future release.
Feb 19 22:29:19 standalone container-server[127426]: Starting 2
Feb 19 22:29:20 standalone object-server[127497]: Starting 2
Feb 19 22:29:20 standalone object-server[127519]: Started child 22 from parent 2
Feb 19 22:29:20 standalone object-server[127519]: Started child 23 from parent 2
Feb 19 22:29:20 standalone object-server[127519]: Started child 24 from parent 2
Feb 19 22:29:20 standalone object-server[127519]: Started child 25 from parent 2
Feb 19 22:29:26 standalone proxy-server[129364]: Starting Keystone auth_token middleware
Feb 19 22:29:26 standalone proxy-server[129364]: AuthToken middleware is set with keystone_authtoken.service_token_roles_required set to False. This is backwards compatible but deprecated behaviour. Please set this to True.
Feb 19 22:29:26 standalone proxy-server[129581]: Starting Keystone auth_token middleware
Feb 19 22:29:26 standalone proxy-server[129581]: STDERR: The option "bind_port" is not known to keystonemiddleware
Feb 19 22:29:26 standalone proxy-server[129581]: STDERR: The option "workers" is not known to keystonemiddleware
Feb 19 22:29:26 standalone proxy-server[129581]: STDERR: The option "user" is not known to keystonemiddleware
Feb 19 22:29:26 standalone proxy-server[129581]: STDERR: The option "bind_ip" is not known to keystonemiddleware
Feb 19 22:29:26 standalone proxy-server[129581]: STDERR: The option "log_name" is not known to keystonemiddleware
Feb 19 22:29:26 standalone proxy-server[129581]: STDERR: The option "log_facility" is not known to keystonemiddleware
Feb 19 22:29:26 standalone proxy-server[129581]: STDERR: The option "log_level" is not known to keystonemiddleware
Feb 19 22:29:26 standalone proxy-server[129581]: STDERR: The option "log_headers" is not known to keystonemiddleware
Feb 19 22:29:26 standalone proxy-server[129581]: STDERR: The option "log_address" is not known to keystonemiddleware
Feb 19 22:29:26 standalone proxy-server[129581]: STDERR: The option "project_name" is not known to keystonemiddleware
Feb 19 22:29:26 standalone proxy-server[129581]: STDERR: The option "username" is not known to keystonemiddleware
Feb 19 22:29:26 standalone proxy-server[129581]: STDERR: The option "password" is not known to keystonemiddleware
Feb 19 22:29:26 standalone proxy-server[129581]: STDERR: The option "auth_url" is not known to keystonemiddleware
Feb 19 22:29:26 standalone proxy-server[129581]: STDERR: The option "signing_dir" is not known to keystonemiddleware
Feb 19 22:29:26 standalone proxy-server[129581]: STDERR: The option "project_domain_id" is not known to keystonemiddleware
Feb 19 22:29:26 standalone proxy-server[129581]: STDERR: The option "user_domain_id" is not known to keystonemiddleware
Feb 19 22:29:26 standalone proxy-server[129581]: STDERR: The option "__name__" is not known to keystonemiddleware
Feb 19 22:29:26 standalone proxy-server[129581]: AuthToken middleware is set with keystone_authtoken.service_token_roles_required set to False. This is backwards compatible but deprecated behaviour. Please set this to True.
Feb 19 22:29:26 standalone proxy-server[129364]: Started child 12 from parent 2
Feb 19 22:32:09 standalone account-server[127387]: 172.20.0.100 - - [19/Feb/2026:22:32:09 +0000] "HEAD /d1/747/.expiring_objects" 404 - "HEAD http://localhost/v1/.expiring_objects?format=json" "tx5d4eb0b6e8514859a82d0-0069978f69" "proxy-server 2" 0.0010 "-" 21 -
Feb 19 22:32:09 standalone object-expirer[127339]: Pass completed in 0s; 0 objects expired (txn: tx5d4eb0b6e8514859a82d0-0069978f69)
Feb 19 22:32:45 standalone account-server[127373]: 172.20.0.100 - - [19/Feb/2026:22:32:45 +0000] "HEAD /d1/747/.expiring_objects" 404 - "HEAD http://localhost/v1/.expiring_objects?format=json" "tx30ed50f27209430394b7b-0069978f8d" "proxy-server 2" 0.0019 "-" 20 -
Feb 19 22:32:45 standalone object-expirer[127339]: Pass completed in 0s; 0 objects expired (txn: tx30ed50f27209430394b7b-0069978f8d)
Feb 19 22:33:03 standalone container-server[127426]: Begin container update sweep
Feb 19 22:33:03 standalone container-server[127426]: Container update sweep completed: 0.00s
Feb 19 22:33:34 standalone object-server[127497]: Begin object update sweep
Feb 19 22:33:34 standalone object-server[158178]: Object update sweep starting on /srv/node/d1 (pid: 12)
Feb 19 22:33:34 standalone object-server[158178]: Object update sweep completed on /srv/node/d1 in 0.00s seconds:, 0 successes, 0 failures, 0 quarantines, 0 unlinks, 0 errors, 0 redirects (pid: 12)
Feb 19 22:33:34 standalone object-server[158178]: Object update sweep of d1 completed: 0.00s, 0 successes, 0 failures, 0 quarantines, 0 unlinks, 0 errors, 0 redirects
Feb 19 22:33:34 standalone object-server[127497]: Object update sweep completed: 0.05s
Feb 19 22:36:16 standalone account-server[127373]: 172.20.0.100 - - [19/Feb/2026:22:36:16 +0000] "HEAD /d1/747/.expiring_objects" 404 - "HEAD http://localhost/v1/.expiring_objects?format=json" "tx39fba38c7f914d91a1438-0069979060" "proxy-server 2" 0.0006 "-" 20 -
Feb 19 22:36:16 standalone object-expirer[127339]: Pass completed in 0s; 0 objects expired (txn: tx39fba38c7f914d91a1438-0069979060)
Feb 19 22:38:03 standalone container-server[127426]: Begin container update sweep
Feb 19 22:38:03 standalone container-server[127426]: Container update sweep completed: 0.00s
Feb 19 22:38:34 standalone object-server[127497]: Begin object update sweep
Feb 19 22:38:34 standalone object-server[200740]: Object update sweep starting on /srv/node/d1 (pid: 13)
Feb 19 22:38:34 standalone object-server[200740]: Object update sweep completed on /srv/node/d1 in 0.00s seconds:, 0 successes, 0 failures, 0 quarantines, 0 unlinks, 0 errors, 0 redirects (pid: 13)
Feb 19 22:38:34 standalone object-server[200740]: Object update sweep of d1 completed: 0.00s, 0 successes, 0 failures, 0 quarantines, 0 unlinks, 0 errors, 0 redirects
Feb 19 22:38:34 standalone object-server[127497]: Object update sweep completed: 0.07s
Feb 19 22:40:57 standalone account-server[127387]: 172.20.0.100 - - [19/Feb/2026:22:40:57 +0000] "HEAD /d1/747/.expiring_objects" 404 - "HEAD http://localhost/v1/.expiring_objects?format=json" "tx357bc7db025046149fbc0-0069979179" "proxy-server 2" 0.0009 "-" 21 -
Feb 19 22:40:57 standalone object-expirer[127339]: Pass completed in 0s; 0 objects expired (txn: tx357bc7db025046149fbc0-0069979179)
Feb 19 22:41:14 standalone account-server[127387]: 172.20.0.100 - - [19/Feb/2026:22:41:14 +0000] "HEAD /d1/747/.expiring_objects" 404 - "HEAD http://localhost/v1/.expiring_objects?format=json" "txd6b4a17b5b764f87af2be-006997918a" "proxy-server 2" 0.0006 "-" 21 -
Feb 19 22:41:14 standalone object-expirer[127339]: Pass completed in 0s; 0 objects expired (txn: txd6b4a17b5b764f87af2be-006997918a)
Feb 19 22:41:27 standalone account-server[127390]: 172.20.0.100 - - [19/Feb/2026:22:41:27 +0000] "HEAD /d1/1016/AUTH_ace14f9797444234851be39e9e4ade66" 404 - "HEAD http://172.18.0.2:8080/v1/AUTH_ace14f9797444234851be39e9e4ade66?format=json" "tx89cd20207b5f4531a99bd-0069979197" "proxy-server 12" 0.0012 "-" 22 -
Feb 19 22:41:27 standalone proxy-server[129581]: - - 19/Feb/2026/22/41/27 HEAD /v1/AUTH_ace14f9797444234851be39e9e4ade66%3Fformat%3Djson HTTP/1.0 200 - Swift - - - - tx89cd20207b5f4531a99bd-0069979197 - 0.0059 RL - 1771540887.009449720 1771540887.015359402 -
Feb 19 22:41:27 standalone object-server[127606]: 172.20.0.100 - - [19/Feb/2026:22:41:27 +0000] "GET /d1/625/AUTH_ace14f9797444234851be39e9e4ade66/gnocchi.d78bc8e1-8e01-4460-9ee3-104ff5b4a8c1/none_v3" 404 70 "GET http://172.18.0.2:8080/v1/AUTH_ace14f9797444234851be39e9e4ade66/gnocchi.d78bc8e1-8e01-4460-9ee3-104ff5b4a8c1/none_v3" "tx89cd20207b5f4531a99bd-0069979197" "proxy-server 12" 0.0013 "-" 24 0
Feb 19 22:41:27 standalone proxy-server[129581]: 172.18.0.2 172.18.0.100 19/Feb/2026/22/41/27 GET /v1/AUTH_ace14f9797444234851be39e9e4ade66/gnocchi.d78bc8e1-8e01-4460-9ee3-104ff5b4a8c1/none_v3 HTTP/1.0 404 - python-swiftclient-3.11.1 gAAAAABpl5GWIcjM... - 70 - tx89cd20207b5f4531a99bd-0069979197 - 0.4597 - - 1771540887.006849766 1771540887.466544628 0
Feb 19 22:41:27 standalone account-server[127387]: 172.20.0.100 - - [19/Feb/2026:22:41:27 +0000] "PUT /d1/1016/AUTH_ace14f9797444234851be39e9e4ade66" 201 - "-" "txef6949c3bf9a4c5b8efb5-0069979197" "-" 0.0184 "-" 21 -
Feb 19 22:41:27 standalone proxy-server[129581]: autocreate account '/AUTH_ace14f9797444234851be39e9e4ade66' (txn: txef6949c3bf9a4c5b8efb5-0069979197)
Feb 19 22:41:27 standalone account-server[127387]: 172.20.0.100 - - [19/Feb/2026:22:41:27 +0000] "HEAD /d1/1016/AUTH_ace14f9797444234851be39e9e4ade66" 204 - "HEAD http://172.18.0.2:8080/v1/AUTH_ace14f9797444234851be39e9e4ade66?format=json" "txef6949c3bf9a4c5b8efb5-0069979197" "proxy-server 12" 0.0026 "-" 21 -
Feb 19 22:41:27 standalone account-server[127387]: 172.20.0.100 - - [19/Feb/2026:22:41:27 +0000] "PUT /d1/1016/AUTH_ace14f9797444234851be39e9e4ade66/gnocchi.d78bc8e1-8e01-4460-9ee3-104ff5b4a8c1" 201 - "PUT http://172.20.0.100:6001/d1/990/AUTH_ace14f9797444234851be39e9e4ade66/gnocchi.d78bc8e1-8e01-4460-9ee3-104ff5b4a8c1" "txef6949c3bf9a4c5b8efb5-0069979197" "container-server 22" 0.0017 "-" 21 0
Feb 19 22:41:27 standalone container-server[127499]: 172.20.0.100 - - [19/Feb/2026:22:41:27 +0000] "PUT /d1/990/AUTH_ace14f9797444234851be39e9e4ade66/gnocchi.d78bc8e1-8e01-4460-9ee3-104ff5b4a8c1" 201 - "PUT http://172.18.0.2:8080/v1/AUTH_ace14f9797444234851be39e9e4ade66/gnocchi.d78bc8e1-8e01-4460-9ee3-104ff5b4a8c1" "txef6949c3bf9a4c5b8efb5-0069979197" "proxy-server 12" 0.0203 "-" 22 0
Feb 19 22:41:27 standalone proxy-server[129581]: 172.18.0.2 172.18.0.100 19/Feb/2026/22/41/27 PUT /v1/AUTH_ace14f9797444234851be39e9e4ade66/gnocchi.d78bc8e1-8e01-4460-9ee3-104ff5b4a8c1 HTTP/1.0 201 - python-swiftclient-3.11.1 gAAAAABpl5GWIcjM... - - - txef6949c3bf9a4c5b8efb5-0069979197 - 0.0648 - - 1771540887.471366167 1771540887.536172867 0
Feb 19 22:41:27 standalone container-server[127499]: 172.20.0.100 - - [19/Feb/2026:22:41:27 +0000] "HEAD /d1/990/AUTH_ace14f9797444234851be39e9e4ade66/gnocchi.d78bc8e1-8e01-4460-9ee3-104ff5b4a8c1" 204 - "HEAD http://172.18.0.2:8080/v1/AUTH_ace14f9797444234851be39e9e4ade66/gnocchi.d78bc8e1-8e01-4460-9ee3-104ff5b4a8c1?format=json&states=listing" "tx7b11dc06dc154a52bc7cf-0069979197" "proxy-server 12" 0.0027 "-" 22 0
Feb 19 22:41:27 standalone proxy-server[129581]: - - 19/Feb/2026/22/41/27 HEAD /v1/AUTH_ace14f9797444234851be39e9e4ade66/gnocchi.d78bc8e1-8e01-4460-9ee3-104ff5b4a8c1%3Fformat%3Djson%26states%3Dlisting HTTP/1.0 204 - Swift - - - - tx7b11dc06dc154a52bc7cf-0069979197 - 0.0087 RL - 1771540887.545689583 1771540887.554436207 0
Feb 19 22:41:27 standalone container-server[127495]: 172.20.0.100 - - [19/Feb/2026:22:41:27 +0000] "GET /d1/990/AUTH_ace14f9797444234851be39e9e4ade66/gnocchi.d78bc8e1-8e01-4460-9ee3-104ff5b4a8c1" 200 2 "GET http://172.18.0.2:8080/v1/AUTH_ace14f9797444234851be39e9e4ade66/gnocchi.d78bc8e1-8e01-4460-9ee3-104ff5b4a8c1?format=json&states=listing" "tx7b11dc06dc154a52bc7cf-0069979197" "proxy-server 12" 0.0066 "-" 21 0
Feb 19 22:41:27 standalone proxy-server[129581]: 172.18.0.2 172.18.0.100 19/Feb/2026/22/41/27 GET /v1/AUTH_ace14f9797444234851be39e9e4ade66/gnocchi.d78bc8e1-8e01-4460-9ee3-104ff5b4a8c1%3Fformat%3Djson%26states%3Dlisting HTTP/1.0 200 - python-swiftclient-3.11.1 gAAAAABpl5GWIcjM... - 2 - tx7b11dc06dc154a52bc7cf-0069979197 - 0.0265 - - 1771540887.543722868 1771540887.570211411 0
Feb 19 22:41:27 standalone object-server[127607]: 172.20.0.100 - - [19/Feb/2026:22:41:27 +0000] "GET /d1/810/AUTH_ace14f9797444234851be39e9e4ade66/gnocchi.d78bc8e1-8e01-4460-9ee3-104ff5b4a8c1/1771200000.0_mean_300.0_v3" 404 70 "GET http://172.18.0.2:8080/v1/AUTH_ace14f9797444234851be39e9e4ade66/gnocchi.d78bc8e1-8e01-4460-9ee3-104ff5b4a8c1/1771200000.0_mean_300.0_v3" "txcbc5c9f17e1d40969c36a-0069979197" "proxy-server 12" 0.0007 "-" 25 0
Feb 19 22:41:27 standalone proxy-server[129581]: 172.18.0.2 172.18.0.100 19/Feb/2026/22/41/27 GET /v1/AUTH_ace14f9797444234851be39e9e4ade66/gnocchi.d78bc8e1-8e01-4460-9ee3-104ff5b4a8c1/1771200000.0_mean_300.0_v3 HTTP/1.0 404 - python-swiftclient-3.11.1 gAAAAABpl5GWIcjM... - 70 - txcbc5c9f17e1d40969c36a-0069979197 - 0.0084 - - 1771540887.576740503 1771540887.585116148 0
Feb 19 22:41:27 standalone container-server[127495]: 172.20.0.100 - - [19/Feb/2026:22:41:27 +0000] "PUT /d1/990/AUTH_ace14f9797444234851be39e9e4ade66/gnocchi.d78bc8e1-8e01-4460-9ee3-104ff5b4a8c1/1771200000.0_mean_300.0_v3" 201 - "PUT http://172.18.0.2:8080/d1/810/AUTH_ace14f9797444234851be39e9e4ade66/gnocchi.d78bc8e1-8e01-4460-9ee3-104ff5b4a8c1/1771200000.0_mean_300.0_v3" "txc1958acc34b74573b6b87-0069979197" "object-server 25" 0.0014 "-" 21 0
Feb 19 22:41:27 standalone object-server[127607]: 172.20.0.100 - - [19/Feb/2026:22:41:27 +0000] "PUT /d1/810/AUTH_ace14f9797444234851be39e9e4ade66/gnocchi.d78bc8e1-8e01-4460-9ee3-104ff5b4a8c1/1771200000.0_mean_300.0_v3" 201 - "PUT http://172.18.0.2:8080/v1/AUTH_ace14f9797444234851be39e9e4ade66/gnocchi.d78bc8e1-8e01-4460-9ee3-104ff5b4a8c1/1771200000.0_mean_300.0_v3" "txc1958acc34b74573b6b87-0069979197" "proxy-server 12" 0.0263 "-" 25 0
Feb 19 22:41:27 standalone proxy-server[129581]: 172.18.0.2 172.18.0.100 19/Feb/2026/22/41/27 PUT /v1/AUTH_ace14f9797444234851be39e9e4ade66/gnocchi.d78bc8e1-8e01-4460-9ee3-104ff5b4a8c1/1771200000.0_mean_300.0_v3 HTTP/1.0 201 - python-swiftclient-3.11.1 gAAAAABpl5GWIcjM... 16 - - txc1958acc34b74573b6b87-0069979197 - 0.0339 - - 1771540887.589181900 1771540887.623131037 0
Feb 19 22:41:27 standalone container-server[127508]: 172.20.0.100 - - [19/Feb/2026:22:41:27 +0000] "PUT /d1/990/AUTH_ace14f9797444234851be39e9e4ade66/gnocchi.d78bc8e1-8e01-4460-9ee3-104ff5b4a8c1/none_v3" 201 - "PUT http://172.18.0.2:8080/d1/625/AUTH_ace14f9797444234851be39e9e4ade66/gnocchi.d78bc8e1-8e01-4460-9ee3-104ff5b4a8c1/none_v3" "tx9997c4b7d2324d7a9c4bc-0069979197" "object-server 23" 0.0016 "-" 23 0
Feb 19 22:41:27 standalone object-server[127605]: 172.20.0.100 - - [19/Feb/2026:22:41:27 +0000] "PUT /d1/625/AUTH_ace14f9797444234851be39e9e4ade66/gnocchi.d78bc8e1-8e01-4460-9ee3-104ff5b4a8c1/none_v3" 201 - "PUT http://172.18.0.2:8080/v1/AUTH_ace14f9797444234851be39e9e4ade66/gnocchi.d78bc8e1-8e01-4460-9ee3-104ff5b4a8c1/none_v3" "tx9997c4b7d2324d7a9c4bc-0069979197" "proxy-server 12" 0.0355 "-" 23 0
Feb 19 22:41:27 standalone proxy-server[129581]: 172.18.0.2 172.18.0.100 19/Feb/2026/22/41/27 PUT /v1/AUTH_ace14f9797444234851be39e9e4ade66/gnocchi.d78bc8e1-8e01-4460-9ee3-104ff5b4a8c1/none_v3 HTTP/1.0 201 - python-swiftclient-3.11.1 gAAAAABpl5GWIcjM... 22 - - tx9997c4b7d2324d7a9c4bc-0069979197 - 0.0449 - - 1771540887.627367735 1771540887.672230959 0
Feb 19 22:41:56 standalone object-server[127604]: 172.20.0.100 - - [19/Feb/2026:22:41:56 +0000] "GET /d1/625/AUTH_ace14f9797444234851be39e9e4ade66/gnocchi.d78bc8e1-8e01-4460-9ee3-104ff5b4a8c1/none_v3" 200 22 "GET http://172.18.0.2:8080/v1/AUTH_ace14f9797444234851be39e9e4ade66/gnocchi.d78bc8e1-8e01-4460-9ee3-104ff5b4a8c1/none_v3" "tx8e7393c7ce6c473f83366-00699791b4" "proxy-server 12" 0.0022 "-" 22 0
Feb 19 22:41:56 standalone proxy-server[129581]: 172.18.0.2 172.18.0.100 19/Feb/2026/22/41/56 GET /v1/AUTH_ace14f9797444234851be39e9e4ade66/gnocchi.d78bc8e1-8e01-4460-9ee3-104ff5b4a8c1/none_v3 HTTP/1.0 200 - python-swiftclient-3.11.1 gAAAAABpl5GWIcjM... - 22 - tx8e7393c7ce6c473f83366-00699791b4 - 0.0158 - - 1771540916.791430235 1771540916.807268143 0
Feb 19 22:41:56 standalone container-server[127495]: 172.20.0.100 - - [19/Feb/2026:22:41:56 +0000] "GET /d1/990/AUTH_ace14f9797444234851be39e9e4ade66/gnocchi.d78bc8e1-8e01-4460-9ee3-104ff5b4a8c1" 200 357 "GET http://172.18.0.2:8080/v1/AUTH_ace14f9797444234851be39e9e4ade66/gnocchi.d78bc8e1-8e01-4460-9ee3-104ff5b4a8c1?format=json&states=listing" "tx81211f81ac684c349e064-00699791b4" "proxy-server 12" 0.0132 "-" 21 0
Feb 19 22:41:56 standalone proxy-server[129581]: 172.18.0.2 172.18.0.100 19/Feb/2026/22/41/56 GET /v1/AUTH_ace14f9797444234851be39e9e4ade66/gnocchi.d78bc8e1-8e01-4460-9ee3-104ff5b4a8c1%3Fformat%3Djson%26states%3Dlisting HTTP/1.0 200 - python-swiftclient-3.11.1 gAAAAABpl5GWIcjM... - 357 - tx81211f81ac684c349e064-00699791b4 - 0.0194 - - 1771540916.810743570 1771540916.830125570 0
Feb 19 22:41:56 standalone container-server[127495]: 172.20.0.100 - - [19/Feb/2026:22:41:56 +0000] "GET /d1/990/AUTH_ace14f9797444234851be39e9e4ade66/gnocchi.d78bc8e1-8e01-4460-9ee3-104ff5b4a8c1" 200 2 "GET http://172.18.0.2:8080/v1/AUTH_ace14f9797444234851be39e9e4ade66/gnocchi.d78bc8e1-8e01-4460-9ee3-104ff5b4a8c1?format=json&marker=none_v3&states=listing" "txc16a6fcdd3d94b09b1866-00699791b4" "proxy-server 12" 0.0023 "-" 21 0
Feb 19 22:41:56 standalone proxy-server[129581]: 172.18.0.2 172.18.0.100 19/Feb/2026/22/41/56 GET /v1/AUTH_ace14f9797444234851be39e9e4ade66/gnocchi.d78bc8e1-8e01-4460-9ee3-104ff5b4a8c1%3Fformat%3Djson%26marker%3Dnone_v3%26states%3Dlisting HTTP/1.0 200 - python-swiftclient-3.11.1 gAAAAABpl5GWIcjM... - 2 - txc16a6fcdd3d94b09b1866-00699791b4 - 0.0067 - - 1771540916.832777262 1771540916.839429855 0
Feb 19 22:41:56 standalone object-server[127604]: 172.20.0.100 - - [19/Feb/2026:22:41:56 +0000] "GET /d1/810/AUTH_ace14f9797444234851be39e9e4ade66/gnocchi.d78bc8e1-8e01-4460-9ee3-104ff5b4a8c1/1771200000.0_mean_300.0_v3" 200 16 "GET http://172.18.0.2:8080/v1/AUTH_ace14f9797444234851be39e9e4ade66/gnocchi.d78bc8e1-8e01-4460-9ee3-104ff5b4a8c1/1771200000.0_mean_300.0_v3" "tx3318a6f9bd0b4a4e8968c-00699791b4" "proxy-server 12" 0.0009 "-" 22 0
Feb 19 22:41:56 standalone proxy-server[129581]: 172.18.0.2 172.18.0.100 19/Feb/2026/22/41/56 GET /v1/AUTH_ace14f9797444234851be39e9e4ade66/gnocchi.d78bc8e1-8e01-4460-9ee3-104ff5b4a8c1/1771200000.0_mean_300.0_v3 HTTP/1.0 200 - python-swiftclient-3.11.1 gAAAAABpl5GWIcjM... - 16 - tx3318a6f9bd0b4a4e8968c-00699791b4 - 0.0056 - - 1771540916.842265844 1771540916.847875357 0
Feb 19 22:41:56 standalone container-server[127494]: 172.20.0.100 - - [19/Feb/2026:22:41:56 +0000] "PUT /d1/990/AUTH_ace14f9797444234851be39e9e4ade66/gnocchi.d78bc8e1-8e01-4460-9ee3-104ff5b4a8c1/1771200000.0_mean_300.0_v3" 201 - "PUT http://172.18.0.2:8080/d1/810/AUTH_ace14f9797444234851be39e9e4ade66/gnocchi.d78bc8e1-8e01-4460-9ee3-104ff5b4a8c1/1771200000.0_mean_300.0_v3" "txc5f29fcc721c40909b762-00699791b4" "object-server 23" 0.0008 "-" 20 0
Feb 19 22:41:56 standalone object-server[127605]: 172.20.0.100 - - [19/Feb/2026:22:41:56 +0000] "PUT /d1/810/AUTH_ace14f9797444234851be39e9e4ade66/gnocchi.d78bc8e1-8e01-4460-9ee3-104ff5b4a8c1/1771200000.0_mean_300.0_v3" 201 - "PUT http://172.18.0.2:8080/v1/AUTH_ace14f9797444234851be39e9e4ade66/gnocchi.d78bc8e1-8e01-4460-9ee3-104ff5b4a8c1/1771200000.0_mean_300.0_v3" "txc5f29fcc721c40909b762-00699791b4" "proxy-server 12" 0.0114 "-" 23 0
Feb 19 22:41:56 standalone proxy-server[129581]: 172.18.0.2 172.18.0.100 19/Feb/2026/22/41/56 PUT /v1/AUTH_ace14f9797444234851be39e9e4ade66/gnocchi.d78bc8e1-8e01-4460-9ee3-104ff5b4a8c1/1771200000.0_mean_300.0_v3 HTTP/1.0 201 - python-swiftclient-3.11.1 gAAAAABpl5GWIcjM... 16 - - txc5f29fcc721c40909b762-00699791b4 - 0.0171 - - 1771540916.850081444 1771540916.867192030 0
Feb 19 22:41:56 standalone container-server[127508]: 172.20.0.100 - - [19/Feb/2026:22:41:56 +0000] "PUT /d1/990/AUTH_ace14f9797444234851be39e9e4ade66/gnocchi.d78bc8e1-8e01-4460-9ee3-104ff5b4a8c1/none_v3" 201 - "PUT http://172.18.0.2:8080/d1/625/AUTH_ace14f9797444234851be39e9e4ade66/gnocchi.d78bc8e1-8e01-4460-9ee3-104ff5b4a8c1/none_v3" "tx71c2b61a10ed456eb9d4e-00699791b4" "object-server 25" 0.0005 "-" 23 0
Feb 19 22:41:56 standalone object-server[127607]: 172.20.0.100 - - [19/Feb/2026:22:41:56 +0000] "PUT /d1/625/AUTH_ace14f9797444234851be39e9e4ade66/gnocchi.d78bc8e1-8e01-4460-9ee3-104ff5b4a8c1/none_v3" 201 - "PUT http://172.18.0.2:8080/v1/AUTH_ace14f9797444234851be39e9e4ade66/gnocchi.d78bc8e1-8e01-4460-9ee3-104ff5b4a8c1/none_v3" "tx71c2b61a10ed456eb9d4e-00699791b4" "proxy-server 12" 0.0097 "-" 25 0
Feb 19 22:41:56 standalone proxy-server[129581]: 172.18.0.2 172.18.0.100 19/Feb/2026/22/41/56 PUT /v1/AUTH_ace14f9797444234851be39e9e4ade66/gnocchi.d78bc8e1-8e01-4460-9ee3-104ff5b4a8c1/none_v3 HTTP/1.0 201 - python-swiftclient-3.11.1 gAAAAABpl5GWIcjM... 32 - - tx71c2b61a10ed456eb9d4e-00699791b4 - 0.0147 - - 1771540916.869851112 1771540916.884600401 0
Feb 19 22:42:26 standalone container-server[127508]: 172.20.0.100 - - [19/Feb/2026:22:42:26 +0000] "HEAD /d1/673/AUTH_ace14f9797444234851be39e9e4ade66/gnocchi.6a468bdd-a343-4031-9c10-2b693923782b" 404 - "HEAD http://172.18.0.2:8080/v1/AUTH_ace14f9797444234851be39e9e4ade66/gnocchi.6a468bdd-a343-4031-9c10-2b693923782b?format=json&states=listing" "tx1bab94ab39994fc0a1c19-00699791d2" "proxy-server 12" 0.0013 "-" 23 0
Feb 19 22:42:26 standalone object-server[127605]: 172.20.0.100 - - [19/Feb/2026:22:42:26 +0000] "GET /d1/598/AUTH_ace14f9797444234851be39e9e4ade66/gnocchi.6a468bdd-a343-4031-9c10-2b693923782b/none_v3" 404 70 "GET http://172.18.0.2:8080/v1/AUTH_ace14f9797444234851be39e9e4ade66/gnocchi.6a468bdd-a343-4031-9c10-2b693923782b/none_v3" "tx1bab94ab39994fc0a1c19-00699791d2" "proxy-server 12" 0.0004 "-" 23 0
Feb 19 22:42:26 standalone proxy-server[129581]: 172.18.0.2 172.18.0.100 19/Feb/2026/22/42/26 GET /v1/AUTH_ace14f9797444234851be39e9e4ade66/gnocchi.6a468bdd-a343-4031-9c10-2b693923782b/none_v3 HTTP/1.0 404 - python-swiftclient-3.11.1 gAAAAABpl5GWIcjM... - 70 - tx1bab94ab39994fc0a1c19-00699791d2 - 0.0153 - - 1771540946.904431105 1771540946.919760704 0
Feb 19 22:42:26 standalone account-server[127373]: 172.20.0.100 - - [19/Feb/2026:22:42:26 +0000] "PUT /d1/1016/AUTH_ace14f9797444234851be39e9e4ade66/gnocchi.6a468bdd-a343-4031-9c10-2b693923782b" 201 - "PUT http://172.20.0.100:6001/d1/673/AUTH_ace14f9797444234851be39e9e4ade66/gnocchi.6a468bdd-a343-4031-9c10-2b693923782b" "txf645fbda81b84fea8b0b7-00699791d2" "container-server 20" 0.0061 "-" 20 0
Feb 19 22:42:26 standalone container-server[127494]: 172.20.0.100 - - [19/Feb/2026:22:42:26 +0000] "PUT /d1/673/AUTH_ace14f9797444234851be39e9e4ade66/gnocchi.6a468bdd-a343-4031-9c10-2b693923782b" 201 - "PUT http://172.18.0.2:8080/v1/AUTH_ace14f9797444234851be39e9e4ade66/gnocchi.6a468bdd-a343-4031-9c10-2b693923782b" "txf645fbda81b84fea8b0b7-00699791d2" "proxy-server 12" 0.0168 "-" 20 0
Feb 19 22:42:26 standalone proxy-server[129581]: 172.18.0.2 172.18.0.100 19/Feb/2026/22/42/26 PUT /v1/AUTH_ace14f9797444234851be39e9e4ade66/gnocchi.6a468bdd-a343-4031-9c10-2b693923782b HTTP/1.0 201 - python-swiftclient-3.11.1 gAAAAABpl5GWIcjM... - - - txf645fbda81b84fea8b0b7-00699791d2 - 0.0212 - - 1771540946.922441721 1771540946.943618536 0
Feb 19 22:42:26 standalone container-server[127495]: 172.20.0.100 - - [19/Feb/2026:22:42:26 +0000] "HEAD /d1/673/AUTH_ace14f9797444234851be39e9e4ade66/gnocchi.6a468bdd-a343-4031-9c10-2b693923782b" 204 - "HEAD http://172.18.0.2:8080/v1/AUTH_ace14f9797444234851be39e9e4ade66/gnocchi.6a468bdd-a343-4031-9c10-2b693923782b?format=json&states=listing" "tx38fb30c2487e4a8d90ee5-00699791d2" "proxy-server 12" 0.0018 "-" 21 0
Feb 19 22:42:26 standalone proxy-server[129581]: - - 19/Feb/2026/22/42/26 HEAD /v1/AUTH_ace14f9797444234851be39e9e4ade66/gnocchi.6a468bdd-a343-4031-9c10-2b693923782b%3Fformat%3Djson%26states%3Dlisting HTTP/1.0 204 - Swift - - - - tx38fb30c2487e4a8d90ee5-00699791d2 - 0.0048 RL - 1771540946.947396517 1771540946.952172518 0
Feb 19 22:42:26 standalone container-server[127495]: 172.20.0.100 - - [19/Feb/2026:22:42:26 +0000] "GET /d1/673/AUTH_ace14f9797444234851be39e9e4ade66/gnocchi.6a468bdd-a343-4031-9c10-2b693923782b" 200 2 "GET http://172.18.0.2:8080/v1/AUTH_ace14f9797444234851be39e9e4ade66/gnocchi.6a468bdd-a343-4031-9c10-2b693923782b?format=json&states=listing" "tx38fb30c2487e4a8d90ee5-00699791d2" "proxy-server 12" 0.0020 "-" 21 0
Feb 19 22:42:26 standalone proxy-server[129581]: 172.18.0.2 172.18.0.100 19/Feb/2026/22/42/26 GET /v1/AUTH_ace14f9797444234851be39e9e4ade66/gnocchi.6a468bdd-a343-4031-9c10-2b693923782b%3Fformat%3Djson%26states%3Dlisting HTTP/1.0 200 - python-swiftclient-3.11.1 gAAAAABpl5GWIcjM... - 2 - tx38fb30c2487e4a8d90ee5-00699791d2 - 0.0120 - - 1771540946.946477413 1771540946.958473206 0
Feb 19 22:42:26 standalone object-server[127606]: 172.20.0.100 - - [19/Feb/2026:22:42:26 +0000] "GET /d1/273/AUTH_ace14f9797444234851be39e9e4ade66/gnocchi.6a468bdd-a343-4031-9c10-2b693923782b/1771200000.0_mean_300.0_v3" 404 70 "GET http://172.18.0.2:8080/v1/AUTH_ace14f9797444234851be39e9e4ade66/gnocchi.6a468bdd-a343-4031-9c10-2b693923782b/1771200000.0_mean_300.0_v3" "txb789f3f958b046e39c84b-00699791d2" "proxy-server 12" 0.0003 "-" 24 0
Feb 19 22:42:26 standalone proxy-server[129581]: 172.18.0.2 172.18.0.100 19/Feb/2026/22/42/26 GET /v1/AUTH_ace14f9797444234851be39e9e4ade66/gnocchi.6a468bdd-a343-4031-9c10-2b693923782b/1771200000.0_mean_300.0_v3 HTTP/1.0 404 - python-swiftclient-3.11.1 gAAAAABpl5GWIcjM... - 70 - txb789f3f958b046e39c84b-00699791d2 - 0.0132 - - 1771540946.961746216 1771540946.974908352 0
Feb 19 22:42:26 standalone container-server[127494]: 172.20.0.100 - - [19/Feb/2026:22:42:26 +0000] "PUT /d1/673/AUTH_ace14f9797444234851be39e9e4ade66/gnocchi.6a468bdd-a343-4031-9c10-2b693923782b/1771200000.0_mean_300.0_v3" 201 - "PUT http://172.18.0.2:8080/d1/273/AUTH_ace14f9797444234851be39e9e4ade66/gnocchi.6a468bdd-a343-4031-9c10-2b693923782b/1771200000.0_mean_300.0_v3" "txc87c7d4332b341e4b4b2e-00699791d2" "object-server 25" 0.0007 "-" 20 0
Feb 19 22:42:26 standalone object-server[127607]: 172.20.0.100 - - [19/Feb/2026:22:42:26 +0000] "PUT /d1/273/AUTH_ace14f9797444234851be39e9e4ade66/gnocchi.6a468bdd-a343-4031-9c10-2b693923782b/1771200000.0_mean_300.0_v3" 201 - "PUT http://172.18.0.2:8080/v1/AUTH_ace14f9797444234851be39e9e4ade66/gnocchi.6a468bdd-a343-4031-9c10-2b693923782b/1771200000.0_mean_300.0_v3" "txc87c7d4332b341e4b4b2e-00699791d2" "proxy-server 12" 0.0088 "-" 25 0
Feb 19 22:42:26 standalone proxy-server[129581]: 172.18.0.2 172.18.0.100 19/Feb/2026/22/42/26 PUT /v1/AUTH_ace14f9797444234851be39e9e4ade66/gnocchi.6a468bdd-a343-4031-9c10-2b693923782b/1771200000.0_mean_300.0_v3 HTTP/1.0 201 - python-swiftclient-3.11.1 gAAAAABpl5GWIcjM... 16 - - txc87c7d4332b341e4b4b2e-00699791d2 - 0.0141 - - 1771540946.977780819 1771540946.991878033 0
Feb 19 22:42:27 standalone container-server[127499]: 172.20.0.100 - - [19/Feb/2026:22:42:27 +0000] "PUT /d1/673/AUTH_ace14f9797444234851be39e9e4ade66/gnocchi.6a468bdd-a343-4031-9c10-2b693923782b/none_v3" 201 - "PUT http://172.18.0.2:8080/d1/598/AUTH_ace14f9797444234851be39e9e4ade66/gnocchi.6a468bdd-a343-4031-9c10-2b693923782b/none_v3" "tx7ac54fa4ed6244069b10c-00699791d2" "object-server 25" 0.0007 "-" 22 0
Feb 19 22:42:27 standalone object-server[127607]: 172.20.0.100 - - [19/Feb/2026:22:42:27 +0000] "PUT /d1/598/AUTH_ace14f9797444234851be39e9e4ade66/gnocchi.6a468bdd-a343-4031-9c10-2b693923782b/none_v3" 201 - "PUT http://172.18.0.2:8080/v1/AUTH_ace14f9797444234851be39e9e4ade66/gnocchi.6a468bdd-a343-4031-9c10-2b693923782b/none_v3" "tx7ac54fa4ed6244069b10c-00699791d2" "proxy-server 12" 0.0084 "-" 25 0
Feb 19 22:42:27 standalone proxy-server[129581]: 172.18.0.2 172.18.0.100 19/Feb/2026/22/42/27 PUT /v1/AUTH_ace14f9797444234851be39e9e4ade66/gnocchi.6a468bdd-a343-4031-9c10-2b693923782b/none_v3 HTTP/1.0 201 - python-swiftclient-3.11.1 gAAAAABpl5GWIcjM... 22 - - tx7ac54fa4ed6244069b10c-00699791d2 - 0.0129 - - 1771540946.994400740 1771540947.007263899 0
Feb 19 22:42:27 standalone container-server[127495]: 172.20.0.100 - - [19/Feb/2026:22:42:27 +0000] "HEAD /d1/10/AUTH_ace14f9797444234851be39e9e4ade66/gnocchi.809fe76a-1140-4a73-b4b9-7bbcb99c4fd3" 404 - "HEAD http://172.18.0.2:8080/v1/AUTH_ace14f9797444234851be39e9e4ade66/gnocchi.809fe76a-1140-4a73-b4b9-7bbcb99c4fd3?format=json&states=listing" "txf97245a49e054eb5875ca-00699791d3" "proxy-server 12" 0.0004 "-" 21 0
Feb 19 22:42:27 standalone object-server[127604]: 172.20.0.100 - - [19/Feb/2026:22:42:27 +0000] "GET /d1/429/AUTH_ace14f9797444234851be39e9e4ade66/gnocchi.809fe76a-1140-4a73-b4b9-7bbcb99c4fd3/none_v3" 404 70 "GET http://172.18.0.2:8080/v1/AUTH_ace14f9797444234851be39e9e4ade66/gnocchi.809fe76a-1140-4a73-b4b9-7bbcb99c4fd3/none_v3" "txf97245a49e054eb5875ca-00699791d3" "proxy-server 12" 0.0004 "-" 22 0
Feb 19 22:42:27 standalone proxy-server[129581]: 172.18.0.2 172.18.0.100 19/Feb/2026/22/42/27 GET /v1/AUTH_ace14f9797444234851be39e9e4ade66/gnocchi.809fe76a-1140-4a73-b4b9-7bbcb99c4fd3/none_v3 HTTP/1.0 404 - python-swiftclient-3.11.1 gAAAAABpl5GWIcjM... - 70 - txf97245a49e054eb5875ca-00699791d3 - 0.0095 - - 1771540947.016696692 1771540947.026195049 0
Feb 19 22:42:27 standalone account-server[127373]: 172.20.0.100 - - [19/Feb/2026:22:42:27 +0000] "PUT /d1/1016/AUTH_ace14f9797444234851be39e9e4ade66/gnocchi.809fe76a-1140-4a73-b4b9-7bbcb99c4fd3" 201 - "PUT http://172.20.0.100:6001/d1/10/AUTH_ace14f9797444234851be39e9e4ade66/gnocchi.809fe76a-1140-4a73-b4b9-7bbcb99c4fd3" "tx34517c0252cf4f929f613-00699791d3" "container-server 21" 0.0041 "-" 20 0
Feb 19 22:42:27 standalone container-server[127495]: 172.20.0.100 - - [19/Feb/2026:22:42:27 +0000] "PUT /d1/10/AUTH_ace14f9797444234851be39e9e4ade66/gnocchi.809fe76a-1140-4a73-b4b9-7bbcb99c4fd3" 201 - "PUT http://172.18.0.2:8080/v1/AUTH_ace14f9797444234851be39e9e4ade66/gnocchi.809fe76a-1140-4a73-b4b9-7bbcb99c4fd3" "tx34517c0252cf4f929f613-00699791d3" "proxy-server 12" 0.0151 "-" 21 0
Feb 19 22:42:27 standalone proxy-server[129581]: 172.18.0.2 172.18.0.100 19/Feb/2026/22/42/27 PUT /v1/AUTH_ace14f9797444234851be39e9e4ade66/gnocchi.809fe76a-1140-4a73-b4b9-7bbcb99c4fd3 HTTP/1.0 201 - python-swiftclient-3.11.1 gAAAAABpl5GWIcjM... - - - tx34517c0252cf4f929f613-00699791d3 - 0.0185 - - 1771540947.028590679 1771540947.047071218 0
Feb 19 22:42:27 standalone container-server[127499]: 172.20.0.100 - - [19/Feb/2026:22:42:27 +0000] "HEAD /d1/10/AUTH_ace14f9797444234851be39e9e4ade66/gnocchi.809fe76a-1140-4a73-b4b9-7bbcb99c4fd3" 204 - "HEAD http://172.18.0.2:8080/v1/AUTH_ace14f9797444234851be39e9e4ade66/gnocchi.809fe76a-1140-4a73-b4b9-7bbcb99c4fd3?format=json&states=listing" "txae42317990c54eb591ae5-00699791d3" "proxy-server 12" 0.0014 "-" 22 0
Feb 19 22:42:27 standalone proxy-server[129581]: - - 19/Feb/2026/22/42/27 HEAD /v1/AUTH_ace14f9797444234851be39e9e4ade66/gnocchi.809fe76a-1140-4a73-b4b9-7bbcb99c4fd3%3Fformat%3Djson%26states%3Dlisting HTTP/1.0 204 - Swift - - - - txae42317990c54eb591ae5-00699791d3 - 0.0088 RL - 1771540947.051061869 1771540947.059899569 0
Feb 19 22:42:27 standalone container-server[127508]: 172.20.0.100 - - [19/Feb/2026:22:42:27 +0000] "GET /d1/10/AUTH_ace14f9797444234851be39e9e4ade66/gnocchi.809fe76a-1140-4a73-b4b9-7bbcb99c4fd3" 200 2 "GET http://172.18.0.2:8080/v1/AUTH_ace14f9797444234851be39e9e4ade66/gnocchi.809fe76a-1140-4a73-b4b9-7bbcb99c4fd3?format=json&states=listing" "txae42317990c54eb591ae5-00699791d3" "proxy-server 12" 0.0026 "-" 23 0
Feb 19 22:42:27 standalone proxy-server[129581]: 172.18.0.2 172.18.0.100 19/Feb/2026/22/42/27 GET /v1/AUTH_ace14f9797444234851be39e9e4ade66/gnocchi.809fe76a-1140-4a73-b4b9-7bbcb99c4fd3%3Fformat%3Djson%26states%3Dlisting HTTP/1.0 200 - python-swiftclient-3.11.1 gAAAAABpl5GWIcjM... - 2 - txae42317990c54eb591ae5-00699791d3 - 0.0198 - - 1771540947.050031424 1771540947.069848537 0
Feb 19 22:42:27 standalone object-server[127604]: 172.20.0.100 - - [19/Feb/2026:22:42:27 +0000] "GET /d1/652/AUTH_ace14f9797444234851be39e9e4ade66/gnocchi.809fe76a-1140-4a73-b4b9-7bbcb99c4fd3/1771200000.0_mean_300.0_v3" 404 70 "GET http://172.18.0.2:8080/v1/AUTH_ace14f9797444234851be39e9e4ade66/gnocchi.809fe76a-1140-4a73-b4b9-7bbcb99c4fd3/1771200000.0_mean_300.0_v3" "txfe52b16b734e40a292f9d-00699791d3" "proxy-server 12" 0.0007 "-" 22 0
Feb 19 22:42:27 standalone proxy-server[129581]: 172.18.0.2 172.18.0.100 19/Feb/2026/22/42/27 GET /v1/AUTH_ace14f9797444234851be39e9e4ade66/gnocchi.809fe76a-1140-4a73-b4b9-7bbcb99c4fd3/1771200000.0_mean_300.0_v3 HTTP/1.0 404 - python-swiftclient-3.11.1 gAAAAABpl5GWIcjM... - 70 - txfe52b16b734e40a292f9d-00699791d3 - 0.0062 - - 1771540947.077780485 1771540947.083948135 0
Feb 19 22:42:27 standalone container-server[127495]: 172.20.0.100 - - [19/Feb/2026:22:42:27 +0000] "PUT /d1/10/AUTH_ace14f9797444234851be39e9e4ade66/gnocchi.809fe76a-1140-4a73-b4b9-7bbcb99c4fd3/1771200000.0_mean_300.0_v3" 201 - "PUT http://172.18.0.2:8080/d1/652/AUTH_ace14f9797444234851be39e9e4ade66/gnocchi.809fe76a-1140-4a73-b4b9-7bbcb99c4fd3/1771200000.0_mean_300.0_v3" "tx6c30fbf8ca1b48aba4f1c-00699791d3" "object-server 24" 0.0005 "-" 21 0
Feb 19 22:42:27 standalone object-server[127606]: 172.20.0.100 - - [19/Feb/2026:22:42:27 +0000] "PUT /d1/652/AUTH_ace14f9797444234851be39e9e4ade66/gnocchi.809fe76a-1140-4a73-b4b9-7bbcb99c4fd3/1771200000.0_mean_300.0_v3" 201 - "PUT http://172.18.0.2:8080/v1/AUTH_ace14f9797444234851be39e9e4ade66/gnocchi.809fe76a-1140-4a73-b4b9-7bbcb99c4fd3/1771200000.0_mean_300.0_v3" "tx6c30fbf8ca1b48aba4f1c-00699791d3" "proxy-server 12" 0.0203 "-" 24 0
Feb 19 22:42:27 standalone proxy-server[129581]: 172.18.0.2 172.18.0.100 19/Feb/2026/22/42/27 PUT /v1/AUTH_ace14f9797444234851be39e9e4ade66/gnocchi.809fe76a-1140-4a73-b4b9-7bbcb99c4fd3/1771200000.0_mean_300.0_v3 HTTP/1.0 201 - python-swiftclient-3.11.1 gAAAAABpl5GWIcjM... 16 - - tx6c30fbf8ca1b48aba4f1c-00699791d3 - 0.0250 - - 1771540947.087538958 1771540947.112543583 0
Feb 19 22:42:27 standalone container-server[127495]: 172.20.0.100 - - [19/Feb/2026:22:42:27 +0000] "PUT /d1/10/AUTH_ace14f9797444234851be39e9e4ade66/gnocchi.809fe76a-1140-4a73-b4b9-7bbcb99c4fd3/none_v3" 201 - "PUT http://172.18.0.2:8080/d1/429/AUTH_ace14f9797444234851be39e9e4ade66/gnocchi.809fe76a-1140-4a73-b4b9-7bbcb99c4fd3/none_v3" "txe33f450962f14ddab700a-00699791d3" "object-server 25" 0.0006 "-" 21 0
Feb 19 22:42:27 standalone object-server[127607]: 172.20.0.100 - - [19/Feb/2026:22:42:27 +0000] "PUT /d1/429/AUTH_ace14f9797444234851be39e9e4ade66/gnocchi.809fe76a-1140-4a73-b4b9-7bbcb99c4fd3/none_v3" 201 - "PUT http://172.18.0.2:8080/v1/AUTH_ace14f9797444234851be39e9e4ade66/gnocchi.809fe76a-1140-4a73-b4b9-7bbcb99c4fd3/none_v3" "txe33f450962f14ddab700a-00699791d3" "proxy-server 12" 0.0070 "-" 25 0
Feb 19 22:42:27 standalone proxy-server[129581]: 172.18.0.2 172.18.0.100 19/Feb/2026/22/42/27 PUT /v1/AUTH_ace14f9797444234851be39e9e4ade66/gnocchi.809fe76a-1140-4a73-b4b9-7bbcb99c4fd3/none_v3 HTTP/1.0 201 - python-swiftclient-3.11.1 gAAAAABpl5GWIcjM... 22 - - txe33f450962f14ddab700a-00699791d3 - 0.0114 - - 1771540947.115309477 1771540947.126661062 0
Feb 19 22:42:35 standalone account-server[127404]: 172.20.0.100 - - [19/Feb/2026:22:42:35 +0000] "HEAD /d1/1016/AUTH_ace14f9797444234851be39e9e4ade66" 204 - "HEAD http://172.18.0.2:8080/v1/AUTH_ace14f9797444234851be39e9e4ade66?format=json" "tx724de6bd57af4ffba978b-00699791db" "proxy-server 12" 0.0057 "-" 23 -
Feb 19 22:42:35 standalone proxy-server[129581]: - - 19/Feb/2026/22/42/35 HEAD /v1/AUTH_ace14f9797444234851be39e9e4ade66%3Fformat%3Djson HTTP/1.0 204 - Swift - - - - tx724de6bd57af4ffba978b-00699791db - 0.0089 RL - 1771540955.594378710 1771540955.603250027 -
Feb 19 22:42:35 standalone container-server[127495]: 172.20.0.100 - - [19/Feb/2026:22:42:35 +0000] "HEAD /d1/739/AUTH_ace14f9797444234851be39e9e4ade66/gnocchi.f246469d-a705-40c1-8536-129ee14f5319" 404 - "HEAD http://172.18.0.2:8080/v1/AUTH_ace14f9797444234851be39e9e4ade66/gnocchi.f246469d-a705-40c1-8536-129ee14f5319?format=json&states=listing" "tx724de6bd57af4ffba978b-00699791db" "proxy-server 12" 0.0008 "-" 21 0
Feb 19 22:42:35 standalone object-server[127605]: 172.20.0.100 - - [19/Feb/2026:22:42:35 +0000] "GET /d1/179/AUTH_ace14f9797444234851be39e9e4ade66/gnocchi.f246469d-a705-40c1-8536-129ee14f5319/none_v3" 404 70 "GET http://172.18.0.2:8080/v1/AUTH_ace14f9797444234851be39e9e4ade66/gnocchi.f246469d-a705-40c1-8536-129ee14f5319/none_v3" "tx724de6bd57af4ffba978b-00699791db" "proxy-server 12" 0.0007 "-" 23 0
Feb 19 22:42:35 standalone proxy-server[129581]: 172.18.0.2 172.18.0.100 19/Feb/2026/22/42/35 GET /v1/AUTH_ace14f9797444234851be39e9e4ade66/gnocchi.f246469d-a705-40c1-8536-129ee14f5319/none_v3 HTTP/1.0 404 - python-swiftclient-3.11.1 gAAAAABpl5GWIcjM... - 70 - tx724de6bd57af4ffba978b-00699791db - 0.0203 - - 1771540955.593666077 1771540955.613950968 0
Feb 19 22:42:35 standalone account-server[127387]: 172.20.0.100 - - [19/Feb/2026:22:42:35 +0000] "PUT /d1/1016/AUTH_ace14f9797444234851be39e9e4ade66/gnocchi.f246469d-a705-40c1-8536-129ee14f5319" 201 - "PUT http://172.20.0.100:6001/d1/739/AUTH_ace14f9797444234851be39e9e4ade66/gnocchi.f246469d-a705-40c1-8536-129ee14f5319" "txc4434588d31d4c83b09d0-00699791db" "container-server 23" 0.0021 "-" 21 0
Feb 19 22:42:35 standalone container-server[127508]: 172.20.0.100 - - [19/Feb/2026:22:42:35 +0000] "PUT /d1/739/AUTH_ace14f9797444234851be39e9e4ade66/gnocchi.f246469d-a705-40c1-8536-129ee14f5319" 201 - "PUT http://172.18.0.2:8080/v1/AUTH_ace14f9797444234851be39e9e4ade66/gnocchi.f246469d-a705-40c1-8536-129ee14f5319" "txc4434588d31d4c83b09d0-00699791db" "proxy-server 12" 0.0200 "-" 23 0
Feb 19 22:42:35 standalone proxy-server[129581]: 172.18.0.2 172.18.0.100 19/Feb/2026/22/42/35 PUT /v1/AUTH_ace14f9797444234851be39e9e4ade66/gnocchi.f246469d-a705-40c1-8536-129ee14f5319 HTTP/1.0 201 - python-swiftclient-3.11.1 gAAAAABpl5GWIcjM... - - - txc4434588d31d4c83b09d0-00699791db - 0.0251 - - 1771540955.616977453 1771540955.642045021 0
Feb 19 22:42:35 standalone container-server[127495]: 172.20.0.100 - - [19/Feb/2026:22:42:35 +0000] "HEAD /d1/739/AUTH_ace14f9797444234851be39e9e4ade66/gnocchi.f246469d-a705-40c1-8536-129ee14f5319" 204 - "HEAD http://172.18.0.2:8080/v1/AUTH_ace14f9797444234851be39e9e4ade66/gnocchi.f246469d-a705-40c1-8536-129ee14f5319?format=json&states=listing" "tx4a4ea164c1024ab88d300-00699791db" "proxy-server 12" 0.0041 "-" 21 0
Feb 19 22:42:35 standalone proxy-server[129581]: - - 19/Feb/2026/22/42/35 HEAD /v1/AUTH_ace14f9797444234851be39e9e4ade66/gnocchi.f246469d-a705-40c1-8536-129ee14f5319%3Fformat%3Djson%26states%3Dlisting HTTP/1.0 204 - Swift - - - - tx4a4ea164c1024ab88d300-00699791db - 0.0082 RL - 1771540955.648146868 1771540955.656357288 0
Feb 19 22:42:35 standalone container-server[127508]: 172.20.0.100 - - [19/Feb/2026:22:42:35 +0000] "GET /d1/739/AUTH_ace14f9797444234851be39e9e4ade66/gnocchi.f246469d-a705-40c1-8536-129ee14f5319" 200 2 "GET http://172.18.0.2:8080/v1/AUTH_ace14f9797444234851be39e9e4ade66/gnocchi.f246469d-a705-40c1-8536-129ee14f5319?format=json&states=listing" "tx4a4ea164c1024ab88d300-00699791db" "proxy-server 12" 0.0037 "-" 23 0
Feb 19 22:42:35 standalone proxy-server[129581]: 172.18.0.2 172.18.0.100 19/Feb/2026/22/42/35 GET /v1/AUTH_ace14f9797444234851be39e9e4ade66/gnocchi.f246469d-a705-40c1-8536-129ee14f5319%3Fformat%3Djson%26states%3Dlisting HTTP/1.0 200 - python-swiftclient-3.11.1 gAAAAABpl5GWIcjM... - 2 - tx4a4ea164c1024ab88d300-00699791db - 0.0183 - - 1771540955.647209167 1771540955.665462971 0
Feb 19 22:42:35 standalone object-server[127606]: 172.20.0.100 - - [19/Feb/2026:22:42:35 +0000] "GET /d1/664/AUTH_ace14f9797444234851be39e9e4ade66/gnocchi.f246469d-a705-40c1-8536-129ee14f5319/1771200000.0_mean_300.0_v3" 404 70 "GET http://172.18.0.2:8080/v1/AUTH_ace14f9797444234851be39e9e4ade66/gnocchi.f246469d-a705-40c1-8536-129ee14f5319/1771200000.0_mean_300.0_v3" "txeb45d822ca014d87928dd-00699791db" "proxy-server 12" 0.0004 "-" 24 0
Feb 19 22:42:35 standalone proxy-server[129581]: 172.18.0.2 172.18.0.100 19/Feb/2026/22/42/35 GET /v1/AUTH_ace14f9797444234851be39e9e4ade66/gnocchi.f246469d-a705-40c1-8536-129ee14f5319/1771200000.0_mean_300.0_v3 HTTP/1.0 404 - python-swiftclient-3.11.1 gAAAAABpl5GWIcjM... - 70 - txeb45d822ca014d87928dd-00699791db - 0.0049 - - 1771540955.670337439 1771540955.675206661 0
Feb 19 22:42:35 standalone container-server[127499]: 172.20.0.100 - - [19/Feb/2026:22:42:35 +0000] "PUT /d1/739/AUTH_ace14f9797444234851be39e9e4ade66/gnocchi.f246469d-a705-40c1-8536-129ee14f5319/1771200000.0_mean_300.0_v3" 201 - "PUT http://172.18.0.2:8080/d1/664/AUTH_ace14f9797444234851be39e9e4ade66/gnocchi.f246469d-a705-40c1-8536-129ee14f5319/1771200000.0_mean_300.0_v3" "tx0b0e5f3db4af4f96a42f5-00699791db" "object-server 22" 0.0006 "-" 22 0
Feb 19 22:42:35 standalone object-server[127604]: 172.20.0.100 - - [19/Feb/2026:22:42:35 +0000] "PUT /d1/664/AUTH_ace14f9797444234851be39e9e4ade66/gnocchi.f246469d-a705-40c1-8536-129ee14f5319/1771200000.0_mean_300.0_v3" 201 - "PUT http://172.18.0.2:8080/v1/AUTH_ace14f9797444234851be39e9e4ade66/gnocchi.f246469d-a705-40c1-8536-129ee14f5319/1771200000.0_mean_300.0_v3" "tx0b0e5f3db4af4f96a42f5-00699791db" "proxy-server 12" 0.0368 "-" 22 0
Feb 19 22:42:35 standalone proxy-server[129581]: 172.18.0.2 172.18.0.100 19/Feb/2026/22/42/35 PUT /v1/AUTH_ace14f9797444234851be39e9e4ade66/gnocchi.f246469d-a705-40c1-8536-129ee14f5319/1771200000.0_mean_300.0_v3 HTTP/1.0 201 - python-swiftclient-3.11.1 gAAAAABpl5GWIcjM... 16 - - tx0b0e5f3db4af4f96a42f5-00699791db - 0.0433 - - 1771540955.679157734 1771540955.722487926 0
Feb 19 22:42:35 standalone container-server[127508]: 172.20.0.100 - - [19/Feb/2026:22:42:35 +0000] "PUT /d1/739/AUTH_ace14f9797444234851be39e9e4ade66/gnocchi.f246469d-a705-40c1-8536-129ee14f5319/none_v3" 201 - "PUT http://172.18.0.2:8080/d1/179/AUTH_ace14f9797444234851be39e9e4ade66/gnocchi.f246469d-a705-40c1-8536-129ee14f5319/none_v3" "tx26ec5f4443f643b097e21-00699791db" "object-server 23" 0.0010 "-" 23 0
Feb 19 22:42:35 standalone object-server[127605]: 172.20.0.100 - - [19/Feb/2026:22:42:35 +0000] "PUT /d1/179/AUTH_ace14f9797444234851be39e9e4ade66/gnocchi.f246469d-a705-40c1-8536-129ee14f5319/none_v3" 201 - "PUT http://172.18.0.2:8080/v1/AUTH_ace14f9797444234851be39e9e4ade66/gnocchi.f246469d-a705-40c1-8536-129ee14f5319/none_v3" "tx26ec5f4443f643b097e21-00699791db" "proxy-server 12" 0.0165 "-" 23 0
Feb 19 22:42:35 standalone proxy-server[129581]: 172.18.0.2 172.18.0.100 19/Feb/2026/22/42/35 PUT /v1/AUTH_ace14f9797444234851be39e9e4ade66/gnocchi.f246469d-a705-40c1-8536-129ee14f5319/none_v3 HTTP/1.0 201 - python-swiftclient-3.11.1 gAAAAABpl5GWIcjM... 22 - - tx26ec5f4443f643b097e21-00699791db - 0.0232 - - 1771540955.726050615 1771540955.749233723 0
Feb 19 22:42:35 standalone container-server[127499]: 172.20.0.100 - - [19/Feb/2026:22:42:35 +0000] "HEAD /d1/284/AUTH_ace14f9797444234851be39e9e4ade66/gnocchi.fafa7e5a-da9c-4831-ae4b-173edd20bbd7" 404 - "HEAD http://172.18.0.2:8080/v1/AUTH_ace14f9797444234851be39e9e4ade66/gnocchi.fafa7e5a-da9c-4831-ae4b-173edd20bbd7?format=json&states=listing" "txced6eb9f93cf42e386d0b-00699791db" "proxy-server 12" 0.0004 "-" 22 0
Feb 19 22:42:35 standalone object-server[127607]: 172.20.0.100 - - [19/Feb/2026:22:42:35 +0000] "GET /d1/283/AUTH_ace14f9797444234851be39e9e4ade66/gnocchi.fafa7e5a-da9c-4831-ae4b-173edd20bbd7/none_v3" 404 70 "GET http://172.18.0.2:8080/v1/AUTH_ace14f9797444234851be39e9e4ade66/gnocchi.fafa7e5a-da9c-4831-ae4b-173edd20bbd7/none_v3" "txced6eb9f93cf42e386d0b-00699791db" "proxy-server 12" 0.0007 "-" 25 0
Feb 19 22:42:35 standalone proxy-server[129581]: 172.18.0.2 172.18.0.100 19/Feb/2026/22/42/35 GET /v1/AUTH_ace14f9797444234851be39e9e4ade66/gnocchi.fafa7e5a-da9c-4831-ae4b-173edd20bbd7/none_v3 HTTP/1.0 404 - python-swiftclient-3.11.1 gAAAAABpl5GWIcjM... - 70 - txced6eb9f93cf42e386d0b-00699791db - 0.0099 - - 1771540955.764104843 1771540955.774036169 0
Feb 19 22:42:35 standalone account-server[127404]: 172.20.0.100 - - [19/Feb/2026:22:42:35 +0000] "PUT /d1/1016/AUTH_ace14f9797444234851be39e9e4ade66/gnocchi.fafa7e5a-da9c-4831-ae4b-173edd20bbd7" 201 - "PUT http://172.20.0.100:6001/d1/284/AUTH_ace14f9797444234851be39e9e4ade66/gnocchi.fafa7e5a-da9c-4831-ae4b-173edd20bbd7" "txe0900736cfef43cf83f6f-00699791db" "container-server 21" 0.0068 "-" 23 0
Feb 19 22:42:35 standalone container-server[127495]: 172.20.0.100 - - [19/Feb/2026:22:42:35 +0000] "PUT /d1/284/AUTH_ace14f9797444234851be39e9e4ade66/gnocchi.fafa7e5a-da9c-4831-ae4b-173edd20bbd7" 201 - "PUT http://172.18.0.2:8080/v1/AUTH_ace14f9797444234851be39e9e4ade66/gnocchi.fafa7e5a-da9c-4831-ae4b-173edd20bbd7" "txe0900736cfef43cf83f6f-00699791db" "proxy-server 12" 0.0235 "-" 21 0
Feb 19 22:42:35 standalone proxy-server[129581]: 172.18.0.2 172.18.0.100 19/Feb/2026/22/42/35 PUT /v1/AUTH_ace14f9797444234851be39e9e4ade66/gnocchi.fafa7e5a-da9c-4831-ae4b-173edd20bbd7 HTTP/1.0 201 - python-swiftclient-3.11.1 gAAAAABpl5GWIcjM... - - - txe0900736cfef43cf83f6f-00699791db - 0.0289 - - 1771540955.778417826 1771540955.807280064 0
Feb 19 22:42:35 standalone container-server[127495]: 172.20.0.100 - - [19/Feb/2026:22:42:35 +0000] "HEAD /d1/284/AUTH_ace14f9797444234851be39e9e4ade66/gnocchi.fafa7e5a-da9c-4831-ae4b-173edd20bbd7" 204 - "HEAD http://172.18.0.2:8080/v1/AUTH_ace14f9797444234851be39e9e4ade66/gnocchi.fafa7e5a-da9c-4831-ae4b-173edd20bbd7?format=json&states=listing" "tx29289ceb40aa49ba90695-00699791db" "proxy-server 12" 0.0027 "-" 21 0
Feb 19 22:42:35 standalone proxy-server[129581]: - - 19/Feb/2026/22/42/35 HEAD /v1/AUTH_ace14f9797444234851be39e9e4ade66/gnocchi.fafa7e5a-da9c-4831-ae4b-173edd20bbd7%3Fformat%3Djson%26states%3Dlisting HTTP/1.0 204 - Swift - - - - tx29289ceb40aa49ba90695-00699791db - 0.0064 RL - 1771540955.811303139 1771540955.817718744 0
Feb 19 22:42:35 standalone container-server[127495]: 172.20.0.100 - - [19/Feb/2026:22:42:35 +0000] "GET /d1/284/AUTH_ace14f9797444234851be39e9e4ade66/gnocchi.fafa7e5a-da9c-4831-ae4b-173edd20bbd7" 200 2 "GET http://172.18.0.2:8080/v1/AUTH_ace14f9797444234851be39e9e4ade66/gnocchi.fafa7e5a-da9c-4831-ae4b-173edd20bbd7?format=json&states=listing" "tx29289ceb40aa49ba90695-00699791db" "proxy-server 12" 0.0033 "-" 21 0
Feb 19 22:42:35 standalone proxy-server[129581]: 172.18.0.2 172.18.0.100 19/Feb/2026/22/42/35 GET /v1/AUTH_ace14f9797444234851be39e9e4ade66/gnocchi.fafa7e5a-da9c-4831-ae4b-173edd20bbd7%3Fformat%3Djson%26states%3Dlisting HTTP/1.0 200 - python-swiftclient-3.11.1 gAAAAABpl5GWIcjM... - 2 - tx29289ceb40aa49ba90695-00699791db - 0.0164 - - 1771540955.810496569 1771540955.826882839 0
Feb 19 22:42:35 standalone object-server[127606]: 172.20.0.100 - - [19/Feb/2026:22:42:35 +0000] "GET /d1/621/AUTH_ace14f9797444234851be39e9e4ade66/gnocchi.fafa7e5a-da9c-4831-ae4b-173edd20bbd7/1771200000.0_mean_300.0_v3" 404 70 "GET http://172.18.0.2:8080/v1/AUTH_ace14f9797444234851be39e9e4ade66/gnocchi.fafa7e5a-da9c-4831-ae4b-173edd20bbd7/1771200000.0_mean_300.0_v3" "tx0ba27acd933f4154a1d57-00699791db" "proxy-server 12" 0.0003 "-" 24 0
Feb 19 22:42:35 standalone proxy-server[129581]: 172.18.0.2 172.18.0.100 19/Feb/2026/22/42/35 GET /v1/AUTH_ace14f9797444234851be39e9e4ade66/gnocchi.fafa7e5a-da9c-4831-ae4b-173edd20bbd7/1771200000.0_mean_300.0_v3 HTTP/1.0 404 - python-swiftclient-3.11.1 gAAAAABpl5GWIcjM... - 70 - tx0ba27acd933f4154a1d57-00699791db - 0.0338 - - 1771540955.829772711 1771540955.863621473 0
Feb 19 22:42:35 standalone container-server[127495]: 172.20.0.100 - - [19/Feb/2026:22:42:35 +0000] "PUT /d1/284/AUTH_ace14f9797444234851be39e9e4ade66/gnocchi.fafa7e5a-da9c-4831-ae4b-173edd20bbd7/1771200000.0_mean_300.0_v3" 201 - "PUT http://172.18.0.2:8080/d1/621/AUTH_ace14f9797444234851be39e9e4ade66/gnocchi.fafa7e5a-da9c-4831-ae4b-173edd20bbd7/1771200000.0_mean_300.0_v3" "tx0d9bfe85cbb0418eb1860-00699791db" "object-server 23" 0.0011 "-" 21 0
Feb 19 22:42:35 standalone object-server[127605]: 172.20.0.100 - - [19/Feb/2026:22:42:35 +0000] "PUT /d1/621/AUTH_ace14f9797444234851be39e9e4ade66/gnocchi.fafa7e5a-da9c-4831-ae4b-173edd20bbd7/1771200000.0_mean_300.0_v3" 201 - "PUT http://172.18.0.2:8080/v1/AUTH_ace14f9797444234851be39e9e4ade66/gnocchi.fafa7e5a-da9c-4831-ae4b-173edd20bbd7/1771200000.0_mean_300.0_v3" "tx0d9bfe85cbb0418eb1860-00699791db" "proxy-server 12" 0.0110 "-" 23 0
Feb 19 22:42:35 standalone proxy-server[129581]: 172.18.0.2 172.18.0.100 19/Feb/2026/22/42/35 PUT /v1/AUTH_ace14f9797444234851be39e9e4ade66/gnocchi.fafa7e5a-da9c-4831-ae4b-173edd20bbd7/1771200000.0_mean_300.0_v3 HTTP/1.0 201 - python-swiftclient-3.11.1 gAAAAABpl5GWIcjM... 16 - - tx0d9bfe85cbb0418eb1860-00699791db - 0.0154 - - 1771540955.866713285 1771540955.882148504 0
