Dec 05 22:40:37 np0005548588.novalocal object-server[96906]: ::1 - - [06/Dec/2025:03:40:37 +0000] "PUT /2/25633/AUTH_95cdd8211195472a81c78a7e409c4e1d/gnocchi.edd161ea-546a-45f9-bd3f-26d244ecbadc/none_v3" 201 - "PUT http://[::1]:8080/v1/AUTH_95cdd8211195472a81c78a7e409c4e1d/gnocchi.edd161ea-546a-45f9-bd3f-26d244ecbadc/none_v3" "tx0b82d7e4cafa4944a5a1a-006933a5b5" "proxy-server 97783" 0.0180 "-" 96906 0
Dec 05 22:40:37 np0005548588.novalocal object-server[96905]: ::1 - - [06/Dec/2025:03:40:37 +0000] "PUT /3/25633/AUTH_95cdd8211195472a81c78a7e409c4e1d/gnocchi.edd161ea-546a-45f9-bd3f-26d244ecbadc/none_v3" 201 - "PUT http://[::1]:8080/v1/AUTH_95cdd8211195472a81c78a7e409c4e1d/gnocchi.edd161ea-546a-45f9-bd3f-26d244ecbadc/none_v3" "tx0b82d7e4cafa4944a5a1a-006933a5b5" "proxy-server 97783" 0.0201 "-" 96905 0
Dec 05 22:40:37 np0005548588.novalocal container-server[96608]: ::1 - - [06/Dec/2025:03:40:37 +0000] "PUT /3/102754/AUTH_95cdd8211195472a81c78a7e409c4e1d/gnocchi.0f7eeea8-ac13-40d4-9326-3d9496a7de4f/none_v3" 201 - "PUT http://[::1]:8080/1/68582/AUTH_95cdd8211195472a81c78a7e409c4e1d/gnocchi.0f7eeea8-ac13-40d4-9326-3d9496a7de4f/none_v3" "tx5dea310f0a3a4e89b85ed-006933a5b5" "object-server 96906" 0.0005 "-" 96608 0
Dec 05 22:40:37 np0005548588.novalocal proxy-server[97783]: ::1 ::1 06/Dec/2025/03/40/37 PUT /v1/AUTH_95cdd8211195472a81c78a7e409c4e1d/gnocchi.edd161ea-546a-45f9-bd3f-26d244ecbadc/none_v3 HTTP/1.0 201 - python-swiftclient-4.6.0 gAAAAABpM6Wpc2YR... 31 - - tx0b82d7e4cafa4944a5a1a-006933a5b5 - 0.0296 - - 1764992437.565336466 1764992437.594949722 0
Dec 05 22:40:37 np0005548588.novalocal object-server[96906]: ::1 - - [06/Dec/2025:03:40:37 +0000] "PUT /1/68582/AUTH_95cdd8211195472a81c78a7e409c4e1d/gnocchi.0f7eeea8-ac13-40d4-9326-3d9496a7de4f/none_v3" 201 - "PUT http://[::1]:8080/v1/AUTH_95cdd8211195472a81c78a7e409c4e1d/gnocchi.0f7eeea8-ac13-40d4-9326-3d9496a7de4f/none_v3" "tx5dea310f0a3a4e89b85ed-006933a5b5" "proxy-server 97783" 0.0131 "-" 96906 0
Dec 05 22:40:37 np0005548588.novalocal object-server[96905]: ::1 - - [06/Dec/2025:03:40:37 +0000] "PUT /2/68582/AUTH_95cdd8211195472a81c78a7e409c4e1d/gnocchi.0f7eeea8-ac13-40d4-9326-3d9496a7de4f/none_v3" 201 - "PUT http://[::1]:8080/v1/AUTH_95cdd8211195472a81c78a7e409c4e1d/gnocchi.0f7eeea8-ac13-40d4-9326-3d9496a7de4f/none_v3" "tx5dea310f0a3a4e89b85ed-006933a5b5" "proxy-server 97783" 0.0169 "-" 96905 0
Dec 05 22:40:37 np0005548588.novalocal container-server[96609]: ::1 - - [06/Dec/2025:03:40:37 +0000] "PUT /2/102754/AUTH_95cdd8211195472a81c78a7e409c4e1d/gnocchi.0f7eeea8-ac13-40d4-9326-3d9496a7de4f/none_v3" 201 - "PUT http://[::1]:8080/3/68582/AUTH_95cdd8211195472a81c78a7e409c4e1d/gnocchi.0f7eeea8-ac13-40d4-9326-3d9496a7de4f/none_v3" "tx5dea310f0a3a4e89b85ed-006933a5b5" "object-server 96905" 0.0005 "-" 96609 0
Dec 05 22:40:37 np0005548588.novalocal object-server[96905]: ::1 - - [06/Dec/2025:03:40:37 +0000] "PUT /3/68582/AUTH_95cdd8211195472a81c78a7e409c4e1d/gnocchi.0f7eeea8-ac13-40d4-9326-3d9496a7de4f/none_v3" 201 - "PUT http://[::1]:8080/v1/AUTH_95cdd8211195472a81c78a7e409c4e1d/gnocchi.0f7eeea8-ac13-40d4-9326-3d9496a7de4f/none_v3" "tx5dea310f0a3a4e89b85ed-006933a5b5" "proxy-server 97783" 0.0208 "-" 96905 0
Dec 05 22:40:37 np0005548588.novalocal proxy-server[97783]: ::1 ::1 06/Dec/2025/03/40/37 PUT /v1/AUTH_95cdd8211195472a81c78a7e409c4e1d/gnocchi.0f7eeea8-ac13-40d4-9326-3d9496a7de4f/none_v3 HTTP/1.0 201 - python-swiftclient-4.6.0 gAAAAABpM6Wcv9qp... 22 - - tx5dea310f0a3a4e89b85ed-006933a5b5 - 0.0268 - - 1764992437.573906898 1764992437.600728273 0
Dec 05 22:40:37 np0005548588.novalocal container-server[96608]: ::1 - - [06/Dec/2025:03:40:37 +0000] "HEAD /1/109242/AUTH_95cdd8211195472a81c78a7e409c4e1d/gnocchi.146f48f2-8b67-43d9-8bd1-2753ddafc05d" 404 - "HEAD http://[::1]:8080/v1/AUTH_95cdd8211195472a81c78a7e409c4e1d/gnocchi.146f48f2-8b67-43d9-8bd1-2753ddafc05d" "tx3e04c409804b4b0f91fdf-006933a5b5" "proxy-server 97783" 0.0004 "-" 96608 0
Dec 05 22:40:37 np0005548588.novalocal container-server[96608]: ::1 - - [06/Dec/2025:03:40:37 +0000] "HEAD /2/109242/AUTH_95cdd8211195472a81c78a7e409c4e1d/gnocchi.146f48f2-8b67-43d9-8bd1-2753ddafc05d" 404 - "HEAD http://[::1]:8080/v1/AUTH_95cdd8211195472a81c78a7e409c4e1d/gnocchi.146f48f2-8b67-43d9-8bd1-2753ddafc05d" "tx3e04c409804b4b0f91fdf-006933a5b5" "proxy-server 97783" 0.0004 "-" 96608 0
Dec 05 22:40:37 np0005548588.novalocal container-server[96608]: ::1 - - [06/Dec/2025:03:40:37 +0000] "HEAD /3/109242/AUTH_95cdd8211195472a81c78a7e409c4e1d/gnocchi.146f48f2-8b67-43d9-8bd1-2753ddafc05d" 404 - "HEAD http://[::1]:8080/v1/AUTH_95cdd8211195472a81c78a7e409c4e1d/gnocchi.146f48f2-8b67-43d9-8bd1-2753ddafc05d" "tx3e04c409804b4b0f91fdf-006933a5b5" "proxy-server 97783" 0.0002 "-" 96608 0
Dec 05 22:40:37 np0005548588.novalocal proxy-server[97783]: - - 06/Dec/2025/03/40/37 HEAD /v1/AUTH_95cdd8211195472a81c78a7e409c4e1d/gnocchi.146f48f2-8b67-43d9-8bd1-2753ddafc05d HTTP/1.0 404 - Swift - - - - tx3e04c409804b4b0f91fdf-006933a5b5 - 0.0145 CS - 1764992437.603906393 1764992437.618397951 0
Dec 05 22:40:37 np0005548588.novalocal object-server[96905]: ::1 - - [06/Dec/2025:03:40:37 +0000] "GET /1/106671/AUTH_95cdd8211195472a81c78a7e409c4e1d/gnocchi.146f48f2-8b67-43d9-8bd1-2753ddafc05d/none_v3" 404 70 "GET http://[::1]:8080/v1/AUTH_95cdd8211195472a81c78a7e409c4e1d/gnocchi.146f48f2-8b67-43d9-8bd1-2753ddafc05d/none_v3" "tx3e04c409804b4b0f91fdf-006933a5b5" "proxy-server 97783" 0.0004 "-" 96905 0
Dec 05 22:40:37 np0005548588.novalocal object-server[96906]: ::1 - - [06/Dec/2025:03:40:37 +0000] "GET /2/106671/AUTH_95cdd8211195472a81c78a7e409c4e1d/gnocchi.146f48f2-8b67-43d9-8bd1-2753ddafc05d/none_v3" 404 70 "GET http://[::1]:8080/v1/AUTH_95cdd8211195472a81c78a7e409c4e1d/gnocchi.146f48f2-8b67-43d9-8bd1-2753ddafc05d/none_v3" "tx3e04c409804b4b0f91fdf-006933a5b5" "proxy-server 97783" 0.0003 "-" 96906 0
Dec 05 22:40:37 np0005548588.novalocal object-server[96905]: ::1 - - [06/Dec/2025:03:40:37 +0000] "GET /3/106671/AUTH_95cdd8211195472a81c78a7e409c4e1d/gnocchi.146f48f2-8b67-43d9-8bd1-2753ddafc05d/none_v3" 404 70 "GET http://[::1]:8080/v1/AUTH_95cdd8211195472a81c78a7e409c4e1d/gnocchi.146f48f2-8b67-43d9-8bd1-2753ddafc05d/none_v3" "tx3e04c409804b4b0f91fdf-006933a5b5" "proxy-server 97783" 0.0003 "-" 96905 0
Dec 05 22:40:37 np0005548588.novalocal container-server[96609]: ::1 - - [06/Dec/2025:03:40:37 +0000] "HEAD /3/181994/AUTH_95cdd8211195472a81c78a7e409c4e1d/gnocchi.e4beaa19-c24a-4e2c-880a-75cdcf9a6265" 404 - "HEAD http://[::1]:8080/v1/AUTH_95cdd8211195472a81c78a7e409c4e1d/gnocchi.e4beaa19-c24a-4e2c-880a-75cdcf9a6265" "tx45d4c3424eed4a1bba575-006933a5b5" "proxy-server 97783" 0.0003 "-" 96609 0
Dec 05 22:40:37 np0005548588.novalocal proxy-server[97783]: ::1 ::1 06/Dec/2025/03/40/37 GET /v1/AUTH_95cdd8211195472a81c78a7e409c4e1d/gnocchi.146f48f2-8b67-43d9-8bd1-2753ddafc05d/none_v3 HTTP/1.0 404 - python-swiftclient-4.6.0 gAAAAABpM6Wpc2YR... - 70 - tx3e04c409804b4b0f91fdf-006933a5b5 - 0.0432 - - 1764992437.602750063 1764992437.645947933 0
Dec 05 22:40:37 np0005548588.novalocal container-server[96608]: ::1 - - [06/Dec/2025:03:40:37 +0000] "HEAD /2/181994/AUTH_95cdd8211195472a81c78a7e409c4e1d/gnocchi.e4beaa19-c24a-4e2c-880a-75cdcf9a6265" 404 - "HEAD http://[::1]:8080/v1/AUTH_95cdd8211195472a81c78a7e409c4e1d/gnocchi.e4beaa19-c24a-4e2c-880a-75cdcf9a6265" "tx45d4c3424eed4a1bba575-006933a5b5" "proxy-server 97783" 0.0004 "-" 96608 0
Dec 05 22:40:37 np0005548588.novalocal container-server[96609]: ::1 - - [06/Dec/2025:03:40:37 +0000] "HEAD /1/181994/AUTH_95cdd8211195472a81c78a7e409c4e1d/gnocchi.e4beaa19-c24a-4e2c-880a-75cdcf9a6265" 404 - "HEAD http://[::1]:8080/v1/AUTH_95cdd8211195472a81c78a7e409c4e1d/gnocchi.e4beaa19-c24a-4e2c-880a-75cdcf9a6265" "tx45d4c3424eed4a1bba575-006933a5b5" "proxy-server 97783" 0.0003 "-" 96609 0
Dec 05 22:40:37 np0005548588.novalocal proxy-server[97783]: - - 06/Dec/2025/03/40/37 HEAD /v1/AUTH_95cdd8211195472a81c78a7e409c4e1d/gnocchi.e4beaa19-c24a-4e2c-880a-75cdcf9a6265 HTTP/1.0 404 - Swift - - - - tx45d4c3424eed4a1bba575-006933a5b5 - 0.0160 CS - 1764992437.637507677 1764992437.653466463 0
Dec 05 22:40:37 np0005548588.novalocal object-server[96906]: ::1 - - [06/Dec/2025:03:40:37 +0000] "GET /2/112035/AUTH_95cdd8211195472a81c78a7e409c4e1d/gnocchi.e4beaa19-c24a-4e2c-880a-75cdcf9a6265/none_v3" 404 70 "GET http://[::1]:8080/v1/AUTH_95cdd8211195472a81c78a7e409c4e1d/gnocchi.e4beaa19-c24a-4e2c-880a-75cdcf9a6265/none_v3" "tx45d4c3424eed4a1bba575-006933a5b5" "proxy-server 97783" 0.0003 "-" 96906 0
Dec 05 22:40:37 np0005548588.novalocal object-server[96905]: ::1 - - [06/Dec/2025:03:40:37 +0000] "GET /1/112035/AUTH_95cdd8211195472a81c78a7e409c4e1d/gnocchi.e4beaa19-c24a-4e2c-880a-75cdcf9a6265/none_v3" 404 70 "GET http://[::1]:8080/v1/AUTH_95cdd8211195472a81c78a7e409c4e1d/gnocchi.e4beaa19-c24a-4e2c-880a-75cdcf9a6265/none_v3" "tx45d4c3424eed4a1bba575-006933a5b5" "proxy-server 97783" 0.0003 "-" 96905 0
Dec 05 22:40:37 np0005548588.novalocal object-server[96905]: ::1 - - [06/Dec/2025:03:40:37 +0000] "GET /3/112035/AUTH_95cdd8211195472a81c78a7e409c4e1d/gnocchi.e4beaa19-c24a-4e2c-880a-75cdcf9a6265/none_v3" 404 70 "GET http://[::1]:8080/v1/AUTH_95cdd8211195472a81c78a7e409c4e1d/gnocchi.e4beaa19-c24a-4e2c-880a-75cdcf9a6265/none_v3" "tx45d4c3424eed4a1bba575-006933a5b5" "proxy-server 97783" 0.0003 "-" 96905 0
Dec 05 22:40:37 np0005548588.novalocal proxy-server[97783]: ::1 ::1 06/Dec/2025/03/40/37 GET /v1/AUTH_95cdd8211195472a81c78a7e409c4e1d/gnocchi.e4beaa19-c24a-4e2c-880a-75cdcf9a6265/none_v3 HTTP/1.0 404 - python-swiftclient-4.6.0 gAAAAABpM6Wcv9qp... - 70 - tx45d4c3424eed4a1bba575-006933a5b5 - 0.0447 - - 1764992437.635374308 1764992437.680060387 0
Dec 05 22:40:37 np0005548588.novalocal account-server[96310]: ::1 - - [06/Dec/2025:03:40:37 +0000] "PUT /1/39867/AUTH_95cdd8211195472a81c78a7e409c4e1d/gnocchi.146f48f2-8b67-43d9-8bd1-2753ddafc05d" 201 - "PUT http://[::1]:6001/3/109242/AUTH_95cdd8211195472a81c78a7e409c4e1d/gnocchi.146f48f2-8b67-43d9-8bd1-2753ddafc05d" "txa1f06e63cf61469093fdb-006933a5b5" "container-server 96609" 0.0067 "-" 96310 0
Dec 05 22:40:37 np0005548588.novalocal container-server[96609]: ::1 - - [06/Dec/2025:03:40:37 +0000] "PUT /3/109242/AUTH_95cdd8211195472a81c78a7e409c4e1d/gnocchi.146f48f2-8b67-43d9-8bd1-2753ddafc05d" 201 - "PUT http://[::1]:8080/v1/AUTH_95cdd8211195472a81c78a7e409c4e1d/gnocchi.146f48f2-8b67-43d9-8bd1-2753ddafc05d" "txa1f06e63cf61469093fdb-006933a5b5" "proxy-server 97783" 0.0205 "-" 96609 0
Dec 05 22:40:37 np0005548588.novalocal account-server[96310]: ::1 - - [06/Dec/2025:03:40:37 +0000] "PUT /2/39867/AUTH_95cdd8211195472a81c78a7e409c4e1d/gnocchi.146f48f2-8b67-43d9-8bd1-2753ddafc05d" 201 - "PUT http://[::1]:6001/1/109242/AUTH_95cdd8211195472a81c78a7e409c4e1d/gnocchi.146f48f2-8b67-43d9-8bd1-2753ddafc05d" "txa1f06e63cf61469093fdb-006933a5b5" "container-server 96608" 0.0082 "-" 96310 0
Dec 05 22:40:37 np0005548588.novalocal account-server[96309]: ::1 - - [06/Dec/2025:03:40:37 +0000] "PUT /2/39867/AUTH_95cdd8211195472a81c78a7e409c4e1d/gnocchi.e4beaa19-c24a-4e2c-880a-75cdcf9a6265" 201 - "PUT http://[::1]:6001/2/181994/AUTH_95cdd8211195472a81c78a7e409c4e1d/gnocchi.e4beaa19-c24a-4e2c-880a-75cdcf9a6265" "tx8464e1fcd5834229be3d0-006933a5b5" "container-server 96609" 0.0051 "-" 96309 0
Dec 05 22:40:37 np0005548588.novalocal account-server[96310]: ::1 - - [06/Dec/2025:03:40:37 +0000] "PUT /3/39867/AUTH_95cdd8211195472a81c78a7e409c4e1d/gnocchi.146f48f2-8b67-43d9-8bd1-2753ddafc05d" 201 - "PUT http://[::1]:6001/2/109242/AUTH_95cdd8211195472a81c78a7e409c4e1d/gnocchi.146f48f2-8b67-43d9-8bd1-2753ddafc05d" "txa1f06e63cf61469093fdb-006933a5b5" "container-server 96608" 0.0052 "-" 96310 0
Dec 05 22:40:37 np0005548588.novalocal container-server[96609]: ::1 - - [06/Dec/2025:03:40:37 +0000] "PUT /2/181994/AUTH_95cdd8211195472a81c78a7e409c4e1d/gnocchi.e4beaa19-c24a-4e2c-880a-75cdcf9a6265" 201 - "PUT http://[::1]:8080/v1/AUTH_95cdd8211195472a81c78a7e409c4e1d/gnocchi.e4beaa19-c24a-4e2c-880a-75cdcf9a6265" "tx8464e1fcd5834229be3d0-006933a5b5" "proxy-server 97783" 0.0160 "-" 96609 0
Dec 05 22:40:37 np0005548588.novalocal container-server[96608]: ::1 - - [06/Dec/2025:03:40:37 +0000] "PUT /2/109242/AUTH_95cdd8211195472a81c78a7e409c4e1d/gnocchi.146f48f2-8b67-43d9-8bd1-2753ddafc05d" 201 - "PUT http://[::1]:8080/v1/AUTH_95cdd8211195472a81c78a7e409c4e1d/gnocchi.146f48f2-8b67-43d9-8bd1-2753ddafc05d" "txa1f06e63cf61469093fdb-006933a5b5" "proxy-server 97783" 0.0270 "-" 96608 0
Dec 05 22:40:37 np0005548588.novalocal container-server[96608]: ::1 - - [06/Dec/2025:03:40:37 +0000] "PUT /1/109242/AUTH_95cdd8211195472a81c78a7e409c4e1d/gnocchi.146f48f2-8b67-43d9-8bd1-2753ddafc05d" 201 - "PUT http://[::1]:8080/v1/AUTH_95cdd8211195472a81c78a7e409c4e1d/gnocchi.146f48f2-8b67-43d9-8bd1-2753ddafc05d" "txa1f06e63cf61469093fdb-006933a5b5" "proxy-server 97783" 0.0410 "-" 96608 0
Dec 05 22:40:37 np0005548588.novalocal proxy-server[97783]: ::1 ::1 06/Dec/2025/03/40/37 PUT /v1/AUTH_95cdd8211195472a81c78a7e409c4e1d/gnocchi.146f48f2-8b67-43d9-8bd1-2753ddafc05d HTTP/1.0 201 - python-swiftclient-4.6.0 gAAAAABpM6Wpc2YR... - - - txa1f06e63cf61469093fdb-006933a5b5 - 0.0566 - - 1764992437.652936935 1764992437.709563971 0
Dec 05 22:40:37 np0005548588.novalocal account-server[96310]: ::1 - - [06/Dec/2025:03:40:37 +0000] "PUT /3/39867/AUTH_95cdd8211195472a81c78a7e409c4e1d/gnocchi.e4beaa19-c24a-4e2c-880a-75cdcf9a6265" 201 - "PUT http://[::1]:6001/1/181994/AUTH_95cdd8211195472a81c78a7e409c4e1d/gnocchi.e4beaa19-c24a-4e2c-880a-75cdcf9a6265" "tx8464e1fcd5834229be3d0-006933a5b5" "container-server 96608" 0.0044 "-" 96310 0
Dec 05 22:40:37 np0005548588.novalocal container-server[96608]: ::1 - - [06/Dec/2025:03:40:37 +0000] "PUT /1/181994/AUTH_95cdd8211195472a81c78a7e409c4e1d/gnocchi.e4beaa19-c24a-4e2c-880a-75cdcf9a6265" 201 - "PUT http://[::1]:8080/v1/AUTH_95cdd8211195472a81c78a7e409c4e1d/gnocchi.e4beaa19-c24a-4e2c-880a-75cdcf9a6265" "tx8464e1fcd5834229be3d0-006933a5b5" "proxy-server 97783" 0.0137 "-" 96608 0
Dec 05 22:40:37 np0005548588.novalocal account-server[96310]: ::1 - - [06/Dec/2025:03:40:37 +0000] "PUT /1/39867/AUTH_95cdd8211195472a81c78a7e409c4e1d/gnocchi.e4beaa19-c24a-4e2c-880a-75cdcf9a6265" 201 - "PUT http://[::1]:6001/3/181994/AUTH_95cdd8211195472a81c78a7e409c4e1d/gnocchi.e4beaa19-c24a-4e2c-880a-75cdcf9a6265" "tx8464e1fcd5834229be3d0-006933a5b5" "container-server 96608" 0.0037 "-" 96310 0
Dec 05 22:40:37 np0005548588.novalocal container-server[96608]: ::1 - - [06/Dec/2025:03:40:37 +0000] "PUT /3/181994/AUTH_95cdd8211195472a81c78a7e409c4e1d/gnocchi.e4beaa19-c24a-4e2c-880a-75cdcf9a6265" 201 - "PUT http://[::1]:8080/v1/AUTH_95cdd8211195472a81c78a7e409c4e1d/gnocchi.e4beaa19-c24a-4e2c-880a-75cdcf9a6265" "tx8464e1fcd5834229be3d0-006933a5b5" "proxy-server 97783" 0.0285 "-" 96608 0
Dec 05 22:40:37 np0005548588.novalocal proxy-server[97783]: ::1 ::1 06/Dec/2025/03/40/37 PUT /v1/AUTH_95cdd8211195472a81c78a7e409c4e1d/gnocchi.e4beaa19-c24a-4e2c-880a-75cdcf9a6265 HTTP/1.0 201 - python-swiftclient-4.6.0 gAAAAABpM6Wcv9qp... - - - tx8464e1fcd5834229be3d0-006933a5b5 - 0.0366 - - 1764992437.683381319 1764992437.720022440 0
Dec 05 22:40:37 np0005548588.novalocal container-server[96608]: ::1 - - [06/Dec/2025:03:40:37 +0000] "HEAD /1/109242/AUTH_95cdd8211195472a81c78a7e409c4e1d/gnocchi.146f48f2-8b67-43d9-8bd1-2753ddafc05d" 204 - "HEAD http://[::1]:8080/v1/AUTH_95cdd8211195472a81c78a7e409c4e1d/gnocchi.146f48f2-8b67-43d9-8bd1-2753ddafc05d" "tx5f35eb06f165440ca54cf-006933a5b5" "proxy-server 97783" 0.0019 "-" 96608 0
Dec 05 22:40:37 np0005548588.novalocal proxy-server[97783]: - - 06/Dec/2025/03/40/37 HEAD /v1/AUTH_95cdd8211195472a81c78a7e409c4e1d/gnocchi.146f48f2-8b67-43d9-8bd1-2753ddafc05d HTTP/1.0 204 - Swift - - - - tx5f35eb06f165440ca54cf-006933a5b5 - 0.0067 CS - 1764992437.718041420 1764992437.724756002 0
Dec 05 22:40:37 np0005548588.novalocal container-server[96608]: ::1 - - [06/Dec/2025:03:40:37 +0000] "HEAD /1/181994/AUTH_95cdd8211195472a81c78a7e409c4e1d/gnocchi.e4beaa19-c24a-4e2c-880a-75cdcf9a6265" 204 - "HEAD http://[::1]:8080/v1/AUTH_95cdd8211195472a81c78a7e409c4e1d/gnocchi.e4beaa19-c24a-4e2c-880a-75cdcf9a6265" "tx9463e6f97e8f4aeba78c2-006933a5b5" "proxy-server 97783" 0.0017 "-" 96608 0
Dec 05 22:40:37 np0005548588.novalocal proxy-server[97783]: - - 06/Dec/2025/03/40/37 HEAD /v1/AUTH_95cdd8211195472a81c78a7e409c4e1d/gnocchi.e4beaa19-c24a-4e2c-880a-75cdcf9a6265 HTTP/1.0 204 - Swift - - - - tx9463e6f97e8f4aeba78c2-006933a5b5 - 0.0043 CS - 1764992437.723729372 1764992437.728073835 0
Dec 05 22:40:37 np0005548588.novalocal container-server[96609]: ::1 - - [06/Dec/2025:03:40:37 +0000] "GET /1/109242/AUTH_95cdd8211195472a81c78a7e409c4e1d/gnocchi.146f48f2-8b67-43d9-8bd1-2753ddafc05d" 200 2 "GET http://[::1]:8080/v1/AUTH_95cdd8211195472a81c78a7e409c4e1d/gnocchi.146f48f2-8b67-43d9-8bd1-2753ddafc05d?format=json&states=listing" "tx5f35eb06f165440ca54cf-006933a5b5" "proxy-server 97783" 0.0026 "-" 96609 0
Dec 05 22:40:37 np0005548588.novalocal proxy-server[97783]: ::1 ::1 06/Dec/2025/03/40/37 GET /v1/AUTH_95cdd8211195472a81c78a7e409c4e1d/gnocchi.146f48f2-8b67-43d9-8bd1-2753ddafc05d%3Fformat%3Djson%26states%3Dlisting HTTP/1.0 200 - python-swiftclient-4.6.0 gAAAAABpM6Wpc2YR... - 2 - tx5f35eb06f165440ca54cf-006933a5b5 - 0.0207 - - 1764992437.712096214 1764992437.732802629 0
Dec 05 22:40:37 np0005548588.novalocal container-server[96609]: ::1 - - [06/Dec/2025:03:40:37 +0000] "GET /2/181994/AUTH_95cdd8211195472a81c78a7e409c4e1d/gnocchi.e4beaa19-c24a-4e2c-880a-75cdcf9a6265" 200 2 "GET http://[::1]:8080/v1/AUTH_95cdd8211195472a81c78a7e409c4e1d/gnocchi.e4beaa19-c24a-4e2c-880a-75cdcf9a6265?format=json&states=listing" "tx9463e6f97e8f4aeba78c2-006933a5b5" "proxy-server 97783" 0.0016 "-" 96609 0
Dec 05 22:40:37 np0005548588.novalocal proxy-server[97783]: ::1 ::1 06/Dec/2025/03/40/37 GET /v1/AUTH_95cdd8211195472a81c78a7e409c4e1d/gnocchi.e4beaa19-c24a-4e2c-880a-75cdcf9a6265%3Fformat%3Djson%26states%3Dlisting HTTP/1.0 200 - python-swiftclient-4.6.0 gAAAAABpM6Wcv9qp... - 2 - tx9463e6f97e8f4aeba78c2-006933a5b5 - 0.0122 - - 1764992437.723205805 1764992437.735439539 0
Dec 05 22:40:37 np0005548588.novalocal object-server[96906]: ::1 - - [06/Dec/2025:03:40:37 +0000] "GET /2/238000/AUTH_95cdd8211195472a81c78a7e409c4e1d/gnocchi.e4beaa19-c24a-4e2c-880a-75cdcf9a6265/1764720000.0_mean_300.0_v3" 404 70 "GET http://[::1]:8080/v1/AUTH_95cdd8211195472a81c78a7e409c4e1d/gnocchi.e4beaa19-c24a-4e2c-880a-75cdcf9a6265/1764720000.0_mean_300.0_v3" "tx8842446bf4fd44198813b-006933a5b5" "proxy-server 97783" 0.0003 "-" 96906 0
Dec 05 22:40:37 np0005548588.novalocal object-server[96906]: ::1 - - [06/Dec/2025:03:40:37 +0000] "GET /3/257215/AUTH_95cdd8211195472a81c78a7e409c4e1d/gnocchi.146f48f2-8b67-43d9-8bd1-2753ddafc05d/1764720000.0_mean_300.0_v3" 404 70 "GET http://[::1]:8080/v1/AUTH_95cdd8211195472a81c78a7e409c4e1d/gnocchi.146f48f2-8b67-43d9-8bd1-2753ddafc05d/1764720000.0_mean_300.0_v3" "tx94429997fc444fa0abed7-006933a5b5" "proxy-server 97783" 0.0002 "-" 96906 0
Dec 05 22:40:37 np0005548588.novalocal object-server[96906]: ::1 - - [06/Dec/2025:03:40:37 +0000] "GET /1/238000/AUTH_95cdd8211195472a81c78a7e409c4e1d/gnocchi.e4beaa19-c24a-4e2c-880a-75cdcf9a6265/1764720000.0_mean_300.0_v3" 404 70 "GET http://[::1]:8080/v1/AUTH_95cdd8211195472a81c78a7e409c4e1d/gnocchi.e4beaa19-c24a-4e2c-880a-75cdcf9a6265/1764720000.0_mean_300.0_v3" "tx8842446bf4fd44198813b-006933a5b5" "proxy-server 97783" 0.0002 "-" 96906 0
Dec 05 22:40:37 np0005548588.novalocal object-server[96906]: ::1 - - [06/Dec/2025:03:40:37 +0000] "GET /3/238000/AUTH_95cdd8211195472a81c78a7e409c4e1d/gnocchi.e4beaa19-c24a-4e2c-880a-75cdcf9a6265/1764720000.0_mean_300.0_v3" 404 70 "GET http://[::1]:8080/v1/AUTH_95cdd8211195472a81c78a7e409c4e1d/gnocchi.e4beaa19-c24a-4e2c-880a-75cdcf9a6265/1764720000.0_mean_300.0_v3" "tx8842446bf4fd44198813b-006933a5b5" "proxy-server 97783" 0.0002 "-" 96906 0
Dec 05 22:40:37 np0005548588.novalocal object-server[96905]: ::1 - - [06/Dec/2025:03:40:37 +0000] "GET /1/257215/AUTH_95cdd8211195472a81c78a7e409c4e1d/gnocchi.146f48f2-8b67-43d9-8bd1-2753ddafc05d/1764720000.0_mean_300.0_v3" 404 70 "GET http://[::1]:8080/v1/AUTH_95cdd8211195472a81c78a7e409c4e1d/gnocchi.146f48f2-8b67-43d9-8bd1-2753ddafc05d/1764720000.0_mean_300.0_v3" "tx94429997fc444fa0abed7-006933a5b5" "proxy-server 97783" 0.0002 "-" 96905 0
Dec 05 22:40:37 np0005548588.novalocal proxy-server[97783]: ::1 ::1 06/Dec/2025/03/40/37 GET /v1/AUTH_95cdd8211195472a81c78a7e409c4e1d/gnocchi.e4beaa19-c24a-4e2c-880a-75cdcf9a6265/1764720000.0_mean_300.0_v3 HTTP/1.0 404 - python-swiftclient-4.6.0 gAAAAABpM6Wcv9qp... - 70 - tx8842446bf4fd44198813b-006933a5b5 - 0.0169 - - 1764992437.738341331 1764992437.755290508 0
Dec 05 22:40:37 np0005548588.novalocal object-server[96906]: ::1 - - [06/Dec/2025:03:40:37 +0000] "GET /2/257215/AUTH_95cdd8211195472a81c78a7e409c4e1d/gnocchi.146f48f2-8b67-43d9-8bd1-2753ddafc05d/1764720000.0_mean_300.0_v3" 404 70 "GET http://[::1]:8080/v1/AUTH_95cdd8211195472a81c78a7e409c4e1d/gnocchi.146f48f2-8b67-43d9-8bd1-2753ddafc05d/1764720000.0_mean_300.0_v3" "tx94429997fc444fa0abed7-006933a5b5" "proxy-server 97783" 0.0002 "-" 96906 0
Dec 05 22:40:37 np0005548588.novalocal proxy-server[97783]: ::1 ::1 06/Dec/2025/03/40/37 GET /v1/AUTH_95cdd8211195472a81c78a7e409c4e1d/gnocchi.146f48f2-8b67-43d9-8bd1-2753ddafc05d/1764720000.0_mean_300.0_v3 HTTP/1.0 404 - python-swiftclient-4.6.0 gAAAAABpM6Wpc2YR... - 70 - tx94429997fc444fa0abed7-006933a5b5 - 0.0202 - - 1764992437.738676310 1764992437.758903503 0
Dec 05 22:40:37 np0005548588.novalocal container-server[96609]: ::1 - - [06/Dec/2025:03:40:37 +0000] "PUT /2/109242/AUTH_95cdd8211195472a81c78a7e409c4e1d/gnocchi.146f48f2-8b67-43d9-8bd1-2753ddafc05d/1764720000.0_mean_300.0_v3" 201 - "PUT http://[::1]:8080/1/257215/AUTH_95cdd8211195472a81c78a7e409c4e1d/gnocchi.146f48f2-8b67-43d9-8bd1-2753ddafc05d/1764720000.0_mean_300.0_v3" "tx5532d429c51c492d9cb57-006933a5b5" "object-server 96906" 0.0005 "-" 96609 0
Dec 05 22:40:37 np0005548588.novalocal object-server[96906]: ::1 - - [06/Dec/2025:03:40:37 +0000] "PUT /1/257215/AUTH_95cdd8211195472a81c78a7e409c4e1d/gnocchi.146f48f2-8b67-43d9-8bd1-2753ddafc05d/1764720000.0_mean_300.0_v3" 201 - "PUT http://[::1]:8080/v1/AUTH_95cdd8211195472a81c78a7e409c4e1d/gnocchi.146f48f2-8b67-43d9-8bd1-2753ddafc05d/1764720000.0_mean_300.0_v3" "tx5532d429c51c492d9cb57-006933a5b5" "proxy-server 97783" 0.0136 "-" 96906 0
Dec 05 22:40:37 np0005548588.novalocal container-server[96609]: ::1 - - [06/Dec/2025:03:40:37 +0000] "PUT /3/181994/AUTH_95cdd8211195472a81c78a7e409c4e1d/gnocchi.e4beaa19-c24a-4e2c-880a-75cdcf9a6265/1764720000.0_mean_300.0_v3" 201 - "PUT http://[::1]:8080/3/238000/AUTH_95cdd8211195472a81c78a7e409c4e1d/gnocchi.e4beaa19-c24a-4e2c-880a-75cdcf9a6265/1764720000.0_mean_300.0_v3" "tx97aa9192b83d43dabeeb8-006933a5b5" "object-server 96906" 0.0003 "-" 96609 0
Dec 05 22:40:37 np0005548588.novalocal object-server[96906]: ::1 - - [06/Dec/2025:03:40:37 +0000] "PUT /3/238000/AUTH_95cdd8211195472a81c78a7e409c4e1d/gnocchi.e4beaa19-c24a-4e2c-880a-75cdcf9a6265/1764720000.0_mean_300.0_v3" 201 - "PUT http://[::1]:8080/v1/AUTH_95cdd8211195472a81c78a7e409c4e1d/gnocchi.e4beaa19-c24a-4e2c-880a-75cdcf9a6265/1764720000.0_mean_300.0_v3" "tx97aa9192b83d43dabeeb8-006933a5b5" "proxy-server 97783" 0.0167 "-" 96906 0
Dec 05 22:40:37 np0005548588.novalocal container-server[96609]: ::1 - - [06/Dec/2025:03:40:37 +0000] "PUT /2/181994/AUTH_95cdd8211195472a81c78a7e409c4e1d/gnocchi.e4beaa19-c24a-4e2c-880a-75cdcf9a6265/1764720000.0_mean_300.0_v3" 201 - "PUT http://[::1]:8080/2/238000/AUTH_95cdd8211195472a81c78a7e409c4e1d/gnocchi.e4beaa19-c24a-4e2c-880a-75cdcf9a6265/1764720000.0_mean_300.0_v3" "tx97aa9192b83d43dabeeb8-006933a5b5" "object-server 96905" 0.0003 "-" 96609 0
Dec 05 22:40:37 np0005548588.novalocal object-server[96905]: ::1 - - [06/Dec/2025:03:40:37 +0000] "PUT /2/238000/AUTH_95cdd8211195472a81c78a7e409c4e1d/gnocchi.e4beaa19-c24a-4e2c-880a-75cdcf9a6265/1764720000.0_mean_300.0_v3" 201 - "PUT http://[::1]:8080/v1/AUTH_95cdd8211195472a81c78a7e409c4e1d/gnocchi.e4beaa19-c24a-4e2c-880a-75cdcf9a6265/1764720000.0_mean_300.0_v3" "tx97aa9192b83d43dabeeb8-006933a5b5" "proxy-server 97783" 0.0196 "-" 96905 0
Dec 05 22:40:37 np0005548588.novalocal container-server[96608]: ::1 - - [06/Dec/2025:03:40:37 +0000] "PUT /1/181994/AUTH_95cdd8211195472a81c78a7e409c4e1d/gnocchi.e4beaa19-c24a-4e2c-880a-75cdcf9a6265/1764720000.0_mean_300.0_v3" 201 - "PUT http://[::1]:8080/1/238000/AUTH_95cdd8211195472a81c78a7e409c4e1d/gnocchi.e4beaa19-c24a-4e2c-880a-75cdcf9a6265/1764720000.0_mean_300.0_v3" "tx97aa9192b83d43dabeeb8-006933a5b5" "object-server 96905" 0.0007 "-" 96608 0
Dec 05 22:40:37 np0005548588.novalocal container-server[96609]: ::1 - - [06/Dec/2025:03:40:37 +0000] "PUT /3/109242/AUTH_95cdd8211195472a81c78a7e409c4e1d/gnocchi.146f48f2-8b67-43d9-8bd1-2753ddafc05d/1764720000.0_mean_300.0_v3" 201 - "PUT http://[::1]:8080/2/257215/AUTH_95cdd8211195472a81c78a7e409c4e1d/gnocchi.146f48f2-8b67-43d9-8bd1-2753ddafc05d/1764720000.0_mean_300.0_v3" "tx5532d429c51c492d9cb57-006933a5b5" "object-server 96905" 0.0003 "-" 96609 0
Dec 05 22:40:37 np0005548588.novalocal object-server[96905]: ::1 - - [06/Dec/2025:03:40:37 +0000] "PUT /1/238000/AUTH_95cdd8211195472a81c78a7e409c4e1d/gnocchi.e4beaa19-c24a-4e2c-880a-75cdcf9a6265/1764720000.0_mean_300.0_v3" 201 - "PUT http://[::1]:8080/v1/AUTH_95cdd8211195472a81c78a7e409c4e1d/gnocchi.e4beaa19-c24a-4e2c-880a-75cdcf9a6265/1764720000.0_mean_300.0_v3" "tx97aa9192b83d43dabeeb8-006933a5b5" "proxy-server 97783" 0.0224 "-" 96905 0
Dec 05 22:40:37 np0005548588.novalocal object-server[96905]: ::1 - - [06/Dec/2025:03:40:37 +0000] "PUT /2/257215/AUTH_95cdd8211195472a81c78a7e409c4e1d/gnocchi.146f48f2-8b67-43d9-8bd1-2753ddafc05d/1764720000.0_mean_300.0_v3" 201 - "PUT http://[::1]:8080/v1/AUTH_95cdd8211195472a81c78a7e409c4e1d/gnocchi.146f48f2-8b67-43d9-8bd1-2753ddafc05d/1764720000.0_mean_300.0_v3" "tx5532d429c51c492d9cb57-006933a5b5" "proxy-server 97783" 0.0161 "-" 96905 0
Dec 05 22:40:37 np0005548588.novalocal container-server[96609]: ::1 - - [06/Dec/2025:03:40:37 +0000] "PUT /1/109242/AUTH_95cdd8211195472a81c78a7e409c4e1d/gnocchi.146f48f2-8b67-43d9-8bd1-2753ddafc05d/1764720000.0_mean_300.0_v3" 201 - "PUT http://[::1]:8080/3/257215/AUTH_95cdd8211195472a81c78a7e409c4e1d/gnocchi.146f48f2-8b67-43d9-8bd1-2753ddafc05d/1764720000.0_mean_300.0_v3" "tx5532d429c51c492d9cb57-006933a5b5" "object-server 96905" 0.0007 "-" 96609 0
Dec 05 22:40:37 np0005548588.novalocal proxy-server[97783]: ::1 ::1 06/Dec/2025/03/40/37 PUT /v1/AUTH_95cdd8211195472a81c78a7e409c4e1d/gnocchi.e4beaa19-c24a-4e2c-880a-75cdcf9a6265/1764720000.0_mean_300.0_v3 HTTP/1.0 201 - python-swiftclient-4.6.0 gAAAAABpM6Wcv9qp... 16 - - tx97aa9192b83d43dabeeb8-006933a5b5 - 0.0290 - - 1764992437.759662390 1764992437.788654804 0
Dec 05 22:40:37 np0005548588.novalocal object-server[96905]: ::1 - - [06/Dec/2025:03:40:37 +0000] "PUT /3/257215/AUTH_95cdd8211195472a81c78a7e409c4e1d/gnocchi.146f48f2-8b67-43d9-8bd1-2753ddafc05d/1764720000.0_mean_300.0_v3" 201 - "PUT http://[::1]:8080/v1/AUTH_95cdd8211195472a81c78a7e409c4e1d/gnocchi.146f48f2-8b67-43d9-8bd1-2753ddafc05d/1764720000.0_mean_300.0_v3" "tx5532d429c51c492d9cb57-006933a5b5" "proxy-server 97783" 0.0149 "-" 96905 0
Dec 05 22:40:37 np0005548588.novalocal proxy-server[97783]: ::1 ::1 06/Dec/2025/03/40/37 PUT /v1/AUTH_95cdd8211195472a81c78a7e409c4e1d/gnocchi.146f48f2-8b67-43d9-8bd1-2753ddafc05d/1764720000.0_mean_300.0_v3 HTTP/1.0 201 - python-swiftclient-4.6.0 gAAAAABpM6Wpc2YR... 16 - - tx5532d429c51c492d9cb57-006933a5b5 - 0.0256 - - 1764992437.764418602 1764992437.789984941 0
Dec 05 22:40:37 np0005548588.novalocal container-server[96608]: ::1 - - [06/Dec/2025:03:40:37 +0000] "PUT /2/181994/AUTH_95cdd8211195472a81c78a7e409c4e1d/gnocchi.e4beaa19-c24a-4e2c-880a-75cdcf9a6265/none_v3" 201 - "PUT http://[::1]:8080/2/112035/AUTH_95cdd8211195472a81c78a7e409c4e1d/gnocchi.e4beaa19-c24a-4e2c-880a-75cdcf9a6265/none_v3" "tx9573a43b68aa41bb85971-006933a5b5" "object-server 96906" 0.0007 "-" 96608 0
Dec 05 22:40:37 np0005548588.novalocal object-server[96906]: ::1 - - [06/Dec/2025:03:40:37 +0000] "PUT /2/112035/AUTH_95cdd8211195472a81c78a7e409c4e1d/gnocchi.e4beaa19-c24a-4e2c-880a-75cdcf9a6265/none_v3" 201 - "PUT http://[::1]:8080/v1/AUTH_95cdd8211195472a81c78a7e409c4e1d/gnocchi.e4beaa19-c24a-4e2c-880a-75cdcf9a6265/none_v3" "tx9573a43b68aa41bb85971-006933a5b5" "proxy-server 97783" 0.0166 "-" 96906 0
Dec 05 22:40:37 np0005548588.novalocal container-server[96608]: ::1 - - [06/Dec/2025:03:40:37 +0000] "PUT /1/109242/AUTH_95cdd8211195472a81c78a7e409c4e1d/gnocchi.146f48f2-8b67-43d9-8bd1-2753ddafc05d/none_v3" 201 - "PUT http://[::1]:8080/2/106671/AUTH_95cdd8211195472a81c78a7e409c4e1d/gnocchi.146f48f2-8b67-43d9-8bd1-2753ddafc05d/none_v3" "txa4bf74acb0c942b0b478b-006933a5b5" "object-server 96906" 0.0003 "-" 96608 0
Dec 05 22:40:37 np0005548588.novalocal object-server[96906]: ::1 - - [06/Dec/2025:03:40:37 +0000] "PUT /2/106671/AUTH_95cdd8211195472a81c78a7e409c4e1d/gnocchi.146f48f2-8b67-43d9-8bd1-2753ddafc05d/none_v3" 201 - "PUT http://[::1]:8080/v1/AUTH_95cdd8211195472a81c78a7e409c4e1d/gnocchi.146f48f2-8b67-43d9-8bd1-2753ddafc05d/none_v3" "txa4bf74acb0c942b0b478b-006933a5b5" "proxy-server 97783" 0.0130 "-" 96906 0
Dec 05 22:40:37 np0005548588.novalocal container-server[96608]: ::1 - - [06/Dec/2025:03:40:37 +0000] "PUT /2/109242/AUTH_95cdd8211195472a81c78a7e409c4e1d/gnocchi.146f48f2-8b67-43d9-8bd1-2753ddafc05d/none_v3" 201 - "PUT http://[::1]:8080/3/106671/AUTH_95cdd8211195472a81c78a7e409c4e1d/gnocchi.146f48f2-8b67-43d9-8bd1-2753ddafc05d/none_v3" "txa4bf74acb0c942b0b478b-006933a5b5" "object-server 96905" 0.0003 "-" 96608 0
Dec 05 22:40:37 np0005548588.novalocal container-server[96608]: ::1 - - [06/Dec/2025:03:40:37 +0000] "PUT /3/109242/AUTH_95cdd8211195472a81c78a7e409c4e1d/gnocchi.146f48f2-8b67-43d9-8bd1-2753ddafc05d/none_v3" 201 - "PUT http://[::1]:8080/1/106671/AUTH_95cdd8211195472a81c78a7e409c4e1d/gnocchi.146f48f2-8b67-43d9-8bd1-2753ddafc05d/none_v3" "txa4bf74acb0c942b0b478b-006933a5b5" "object-server 96905" 0.0004 "-" 96608 0
Dec 05 22:40:37 np0005548588.novalocal container-server[96609]: ::1 - - [06/Dec/2025:03:40:37 +0000] "PUT /3/181994/AUTH_95cdd8211195472a81c78a7e409c4e1d/gnocchi.e4beaa19-c24a-4e2c-880a-75cdcf9a6265/none_v3" 201 - "PUT http://[::1]:8080/3/112035/AUTH_95cdd8211195472a81c78a7e409c4e1d/gnocchi.e4beaa19-c24a-4e2c-880a-75cdcf9a6265/none_v3" "tx9573a43b68aa41bb85971-006933a5b5" "object-server 96905" 0.0005 "-" 96609 0
Dec 05 22:40:37 np0005548588.novalocal container-server[96608]: ::1 - - [06/Dec/2025:03:40:37 +0000] "PUT /1/181994/AUTH_95cdd8211195472a81c78a7e409c4e1d/gnocchi.e4beaa19-c24a-4e2c-880a-75cdcf9a6265/none_v3" 201 - "PUT http://[::1]:8080/1/112035/AUTH_95cdd8211195472a81c78a7e409c4e1d/gnocchi.e4beaa19-c24a-4e2c-880a-75cdcf9a6265/none_v3" "tx9573a43b68aa41bb85971-006933a5b5" "object-server 96905" 0.0005 "-" 96608 0
Dec 05 22:40:37 np0005548588.novalocal object-server[96905]: ::1 - - [06/Dec/2025:03:40:37 +0000] "PUT /1/106671/AUTH_95cdd8211195472a81c78a7e409c4e1d/gnocchi.146f48f2-8b67-43d9-8bd1-2753ddafc05d/none_v3" 201 - "PUT http://[::1]:8080/v1/AUTH_95cdd8211195472a81c78a7e409c4e1d/gnocchi.146f48f2-8b67-43d9-8bd1-2753ddafc05d/none_v3" "txa4bf74acb0c942b0b478b-006933a5b5" "proxy-server 97783" 0.0160 "-" 96905 0
Dec 05 22:40:37 np0005548588.novalocal object-server[96905]: ::1 - - [06/Dec/2025:03:40:37 +0000] "PUT /3/106671/AUTH_95cdd8211195472a81c78a7e409c4e1d/gnocchi.146f48f2-8b67-43d9-8bd1-2753ddafc05d/none_v3" 201 - "PUT http://[::1]:8080/v1/AUTH_95cdd8211195472a81c78a7e409c4e1d/gnocchi.146f48f2-8b67-43d9-8bd1-2753ddafc05d/none_v3" "txa4bf74acb0c942b0b478b-006933a5b5" "proxy-server 97783" 0.0153 "-" 96905 0
Dec 05 22:40:37 np0005548588.novalocal proxy-server[97783]: ::1 ::1 06/Dec/2025/03/40/37 PUT /v1/AUTH_95cdd8211195472a81c78a7e409c4e1d/gnocchi.146f48f2-8b67-43d9-8bd1-2753ddafc05d/none_v3 HTTP/1.0 201 - python-swiftclient-4.6.0 gAAAAABpM6Wpc2YR... 22 - - txa4bf74acb0c942b0b478b-006933a5b5 - 0.0239 - - 1764992437.795805216 1764992437.819699526 0
Dec 05 22:40:37 np0005548588.novalocal object-server[96905]: ::1 - - [06/Dec/2025:03:40:37 +0000] "PUT /1/112035/AUTH_95cdd8211195472a81c78a7e409c4e1d/gnocchi.e4beaa19-c24a-4e2c-880a-75cdcf9a6265/none_v3" 201 - "PUT http://[::1]:8080/v1/AUTH_95cdd8211195472a81c78a7e409c4e1d/gnocchi.e4beaa19-c24a-4e2c-880a-75cdcf9a6265/none_v3" "tx9573a43b68aa41bb85971-006933a5b5" "proxy-server 97783" 0.0220 "-" 96905 0
Dec 05 22:40:37 np0005548588.novalocal object-server[96905]: ::1 - - [06/Dec/2025:03:40:37 +0000] "PUT /3/112035/AUTH_95cdd8211195472a81c78a7e409c4e1d/gnocchi.e4beaa19-c24a-4e2c-880a-75cdcf9a6265/none_v3" 201 - "PUT http://[::1]:8080/v1/AUTH_95cdd8211195472a81c78a7e409c4e1d/gnocchi.e4beaa19-c24a-4e2c-880a-75cdcf9a6265/none_v3" "tx9573a43b68aa41bb85971-006933a5b5" "proxy-server 97783" 0.0265 "-" 96905 0
Dec 05 22:40:37 np0005548588.novalocal proxy-server[97783]: ::1 ::1 06/Dec/2025/03/40/37 PUT /v1/AUTH_95cdd8211195472a81c78a7e409c4e1d/gnocchi.e4beaa19-c24a-4e2c-880a-75cdcf9a6265/none_v3 HTTP/1.0 201 - python-swiftclient-4.6.0 gAAAAABpM6Wcv9qp... 22 - - tx9573a43b68aa41bb85971-006933a5b5 - 0.0348 - - 1764992437.790797472 1764992437.825628996 0
Dec 05 22:40:37 np0005548588.novalocal container-server[96609]: ::1 - - [06/Dec/2025:03:40:37 +0000] "HEAD /3/205956/AUTH_95cdd8211195472a81c78a7e409c4e1d/gnocchi.29c44350-f800-41cc-a3ec-ed71bc5e026e" 404 - "HEAD http://[::1]:8080/v1/AUTH_95cdd8211195472a81c78a7e409c4e1d/gnocchi.29c44350-f800-41cc-a3ec-ed71bc5e026e" "tx361d09440bd24c9ca5375-006933a5b5" "proxy-server 97783" 0.0007 "-" 96609 0
Dec 05 22:40:37 np0005548588.novalocal container-server[96609]: ::1 - - [06/Dec/2025:03:40:37 +0000] "HEAD /1/205956/AUTH_95cdd8211195472a81c78a7e409c4e1d/gnocchi.29c44350-f800-41cc-a3ec-ed71bc5e026e" 404 - "HEAD http://[::1]:8080/v1/AUTH_95cdd8211195472a81c78a7e409c4e1d/gnocchi.29c44350-f800-41cc-a3ec-ed71bc5e026e" "tx361d09440bd24c9ca5375-006933a5b5" "proxy-server 97783" 0.0002 "-" 96609 0
Dec 05 22:40:37 np0005548588.novalocal container-server[96608]: ::1 - - [06/Dec/2025:03:40:37 +0000] "HEAD /2/205956/AUTH_95cdd8211195472a81c78a7e409c4e1d/gnocchi.29c44350-f800-41cc-a3ec-ed71bc5e026e" 404 - "HEAD http://[::1]:8080/v1/AUTH_95cdd8211195472a81c78a7e409c4e1d/gnocchi.29c44350-f800-41cc-a3ec-ed71bc5e026e" "tx361d09440bd24c9ca5375-006933a5b5" "proxy-server 97783" 0.0004 "-" 96608 0
Dec 05 22:40:37 np0005548588.novalocal proxy-server[97783]: - - 06/Dec/2025/03/40/37 HEAD /v1/AUTH_95cdd8211195472a81c78a7e409c4e1d/gnocchi.29c44350-f800-41cc-a3ec-ed71bc5e026e HTTP/1.0 404 - Swift - - - - tx361d09440bd24c9ca5375-006933a5b5 - 0.0112 CS - 1764992437.847645283 1764992437.858875275 0
Dec 05 22:40:37 np0005548588.novalocal container-server[96609]: ::1 - - [06/Dec/2025:03:40:37 +0000] "HEAD /3/108111/AUTH_95cdd8211195472a81c78a7e409c4e1d/gnocchi.8d15e913-ac93-4030-946d-6a940f7d60f2" 404 - "HEAD http://[::1]:8080/v1/AUTH_95cdd8211195472a81c78a7e409c4e1d/gnocchi.8d15e913-ac93-4030-946d-6a940f7d60f2" "txb44cbafb70744a6b89abd-006933a5b5" "proxy-server 97783" 0.0002 "-" 96609 0
Dec 05 22:40:37 np0005548588.novalocal object-server[96905]: ::1 - - [06/Dec/2025:03:40:37 +0000] "GET /3/89684/AUTH_95cdd8211195472a81c78a7e409c4e1d/gnocchi.29c44350-f800-41cc-a3ec-ed71bc5e026e/none_v3" 404 70 "GET http://[::1]:8080/v1/AUTH_95cdd8211195472a81c78a7e409c4e1d/gnocchi.29c44350-f800-41cc-a3ec-ed71bc5e026e/none_v3" "tx361d09440bd24c9ca5375-006933a5b5" "proxy-server 97783" 0.0004 "-" 96905 0
Dec 05 22:40:37 np0005548588.novalocal container-server[96608]: ::1 - - [06/Dec/2025:03:40:37 +0000] "HEAD /1/108111/AUTH_95cdd8211195472a81c78a7e409c4e1d/gnocchi.8d15e913-ac93-4030-946d-6a940f7d60f2" 404 - "HEAD http://[::1]:8080/v1/AUTH_95cdd8211195472a81c78a7e409c4e1d/gnocchi.8d15e913-ac93-4030-946d-6a940f7d60f2" "txb44cbafb70744a6b89abd-006933a5b5" "proxy-server 97783" 0.0004 "-" 96608 0
Dec 05 22:40:37 np0005548588.novalocal container-server[96609]: ::1 - - [06/Dec/2025:03:40:37 +0000] "HEAD /2/108111/AUTH_95cdd8211195472a81c78a7e409c4e1d/gnocchi.8d15e913-ac93-4030-946d-6a940f7d60f2" 404 - "HEAD http://[::1]:8080/v1/AUTH_95cdd8211195472a81c78a7e409c4e1d/gnocchi.8d15e913-ac93-4030-946d-6a940f7d60f2" "txb44cbafb70744a6b89abd-006933a5b5" "proxy-server 97783" 0.0002 "-" 96609 0
Dec 05 22:40:37 np0005548588.novalocal object-server[96906]: ::1 - - [06/Dec/2025:03:40:37 +0000] "GET /2/89684/AUTH_95cdd8211195472a81c78a7e409c4e1d/gnocchi.29c44350-f800-41cc-a3ec-ed71bc5e026e/none_v3" 404 70 "GET http://[::1]:8080/v1/AUTH_95cdd8211195472a81c78a7e409c4e1d/gnocchi.29c44350-f800-41cc-a3ec-ed71bc5e026e/none_v3" "tx361d09440bd24c9ca5375-006933a5b5" "proxy-server 97783" 0.0004 "-" 96906 0
Dec 05 22:40:37 np0005548588.novalocal proxy-server[97783]: - - 06/Dec/2025/03/40/37 HEAD /v1/AUTH_95cdd8211195472a81c78a7e409c4e1d/gnocchi.8d15e913-ac93-4030-946d-6a940f7d60f2 HTTP/1.0 404 - Swift - - - - txb44cbafb70744a6b89abd-006933a5b5 - 0.0097 CS - 1764992437.857913256 1764992437.867655516 0
Dec 05 22:40:37 np0005548588.novalocal object-server[96905]: ::1 - - [06/Dec/2025:03:40:37 +0000] "GET /1/89684/AUTH_95cdd8211195472a81c78a7e409c4e1d/gnocchi.29c44350-f800-41cc-a3ec-ed71bc5e026e/none_v3" 404 70 "GET http://[::1]:8080/v1/AUTH_95cdd8211195472a81c78a7e409c4e1d/gnocchi.29c44350-f800-41cc-a3ec-ed71bc5e026e/none_v3" "tx361d09440bd24c9ca5375-006933a5b5" "proxy-server 97783" 0.0002 "-" 96905 0
Dec 05 22:40:37 np0005548588.novalocal proxy-server[97783]: ::1 ::1 06/Dec/2025/03/40/37 GET /v1/AUTH_95cdd8211195472a81c78a7e409c4e1d/gnocchi.29c44350-f800-41cc-a3ec-ed71bc5e026e/none_v3 HTTP/1.0 404 - python-swiftclient-4.6.0 gAAAAABpM6Wcv9qp... - 70 - tx361d09440bd24c9ca5375-006933a5b5 - 0.0246 - - 1764992437.846971989 1764992437.871613503 0
Dec 05 22:40:37 np0005548588.novalocal object-server[96905]: ::1 - - [06/Dec/2025:03:40:37 +0000] "GET /1/136733/AUTH_95cdd8211195472a81c78a7e409c4e1d/gnocchi.8d15e913-ac93-4030-946d-6a940f7d60f2/none_v3" 404 70 "GET http://[::1]:8080/v1/AUTH_95cdd8211195472a81c78a7e409c4e1d/gnocchi.8d15e913-ac93-4030-946d-6a940f7d60f2/none_v3" "txb44cbafb70744a6b89abd-006933a5b5" "proxy-server 97783" 0.0001 "-" 96905 0
Dec 05 22:40:37 np0005548588.novalocal object-server[96906]: ::1 - - [06/Dec/2025:03:40:37 +0000] "GET /3/136733/AUTH_95cdd8211195472a81c78a7e409c4e1d/gnocchi.8d15e913-ac93-4030-946d-6a940f7d60f2/none_v3" 404 70 "GET http://[::1]:8080/v1/AUTH_95cdd8211195472a81c78a7e409c4e1d/gnocchi.8d15e913-ac93-4030-946d-6a940f7d60f2/none_v3" "txb44cbafb70744a6b89abd-006933a5b5" "proxy-server 97783" 0.0003 "-" 96906 0
Dec 05 22:40:37 np0005548588.novalocal object-server[96905]: ::1 - - [06/Dec/2025:03:40:37 +0000] "GET /2/136733/AUTH_95cdd8211195472a81c78a7e409c4e1d/gnocchi.8d15e913-ac93-4030-946d-6a940f7d60f2/none_v3" 404 70 "GET http://[::1]:8080/v1/AUTH_95cdd8211195472a81c78a7e409c4e1d/gnocchi.8d15e913-ac93-4030-946d-6a940f7d60f2/none_v3" "txb44cbafb70744a6b89abd-006933a5b5" "proxy-server 97783" 0.0002 "-" 96905 0
Dec 05 22:40:37 np0005548588.novalocal proxy-server[97783]: ::1 ::1 06/Dec/2025/03/40/37 GET /v1/AUTH_95cdd8211195472a81c78a7e409c4e1d/gnocchi.8d15e913-ac93-4030-946d-6a940f7d60f2/none_v3 HTTP/1.0 404 - python-swiftclient-4.6.0 gAAAAABpM6Wpc2YR... - 70 - txb44cbafb70744a6b89abd-006933a5b5 - 0.0241 - - 1764992437.856552601 1764992437.880643845 0
Dec 05 22:40:37 np0005548588.novalocal account-server[96310]: ::1 - - [06/Dec/2025:03:40:37 +0000] "PUT /1/39867/AUTH_95cdd8211195472a81c78a7e409c4e1d/gnocchi.29c44350-f800-41cc-a3ec-ed71bc5e026e" 201 - "PUT http://[::1]:6001/2/205956/AUTH_95cdd8211195472a81c78a7e409c4e1d/gnocchi.29c44350-f800-41cc-a3ec-ed71bc5e026e" "txb485523753b54edfb3437-006933a5b5" "container-server 96609" 0.0036 "-" 96310 0
Dec 05 22:40:37 np0005548588.novalocal account-server[96309]: ::1 - - [06/Dec/2025:03:40:37 +0000] "PUT /3/39867/AUTH_95cdd8211195472a81c78a7e409c4e1d/gnocchi.29c44350-f800-41cc-a3ec-ed71bc5e026e" 201 - "PUT http://[::1]:6001/3/205956/AUTH_95cdd8211195472a81c78a7e409c4e1d/gnocchi.29c44350-f800-41cc-a3ec-ed71bc5e026e" "txb485523753b54edfb3437-006933a5b5" "container-server 96608" 0.0036 "-" 96309 0
Dec 05 22:40:37 np0005548588.novalocal container-server[96608]: ::1 - - [06/Dec/2025:03:40:37 +0000] "PUT /3/205956/AUTH_95cdd8211195472a81c78a7e409c4e1d/gnocchi.29c44350-f800-41cc-a3ec-ed71bc5e026e" 201 - "PUT http://[::1]:8080/v1/AUTH_95cdd8211195472a81c78a7e409c4e1d/gnocchi.29c44350-f800-41cc-a3ec-ed71bc5e026e" "txb485523753b54edfb3437-006933a5b5" "proxy-server 97783" 0.0211 "-" 96608 0
Dec 05 22:40:37 np0005548588.novalocal account-server[96309]: ::1 - - [06/Dec/2025:03:40:37 +0000] "PUT /2/39867/AUTH_95cdd8211195472a81c78a7e409c4e1d/gnocchi.8d15e913-ac93-4030-946d-6a940f7d60f2" 201 - "PUT http://[::1]:6001/1/108111/AUTH_95cdd8211195472a81c78a7e409c4e1d/gnocchi.8d15e913-ac93-4030-946d-6a940f7d60f2" "tx52a9401fafcb4a96994b0-006933a5b5" "container-server 96608" 0.0046 "-" 96309 0
Dec 05 22:40:37 np0005548588.novalocal container-server[96608]: ::1 - - [06/Dec/2025:03:40:37 +0000] "PUT /1/108111/AUTH_95cdd8211195472a81c78a7e409c4e1d/gnocchi.8d15e913-ac93-4030-946d-6a940f7d60f2" 201 - "PUT http://[::1]:8080/v1/AUTH_95cdd8211195472a81c78a7e409c4e1d/gnocchi.8d15e913-ac93-4030-946d-6a940f7d60f2" "tx52a9401fafcb4a96994b0-006933a5b5" "proxy-server 97783" 0.0159 "-" 96608 0
Dec 05 22:40:37 np0005548588.novalocal container-server[96609]: ::1 - - [06/Dec/2025:03:40:37 +0000] "PUT /2/205956/AUTH_95cdd8211195472a81c78a7e409c4e1d/gnocchi.29c44350-f800-41cc-a3ec-ed71bc5e026e" 201 - "PUT http://[::1]:8080/v1/AUTH_95cdd8211195472a81c78a7e409c4e1d/gnocchi.29c44350-f800-41cc-a3ec-ed71bc5e026e" "txb485523753b54edfb3437-006933a5b5" "proxy-server 97783" 0.0456 "-" 96609 0
Dec 05 22:40:37 np0005548588.novalocal account-server[96309]: ::1 - - [06/Dec/2025:03:40:37 +0000] "PUT /3/39867/AUTH_95cdd8211195472a81c78a7e409c4e1d/gnocchi.8d15e913-ac93-4030-946d-6a940f7d60f2" 201 - "PUT http://[::1]:6001/2/108111/AUTH_95cdd8211195472a81c78a7e409c4e1d/gnocchi.8d15e913-ac93-4030-946d-6a940f7d60f2" "tx52a9401fafcb4a96994b0-006933a5b5" "container-server 96609" 0.0043 "-" 96309 0
Dec 05 22:40:37 np0005548588.novalocal container-server[96609]: ::1 - - [06/Dec/2025:03:40:37 +0000] "PUT /2/108111/AUTH_95cdd8211195472a81c78a7e409c4e1d/gnocchi.8d15e913-ac93-4030-946d-6a940f7d60f2" 201 - "PUT http://[::1]:8080/v1/AUTH_95cdd8211195472a81c78a7e409c4e1d/gnocchi.8d15e913-ac93-4030-946d-6a940f7d60f2" "tx52a9401fafcb4a96994b0-006933a5b5" "proxy-server 97783" 0.0151 "-" 96609 0
Dec 05 22:40:37 np0005548588.novalocal account-server[96309]: ::1 - - [06/Dec/2025:03:40:37 +0000] "PUT /2/39867/AUTH_95cdd8211195472a81c78a7e409c4e1d/gnocchi.29c44350-f800-41cc-a3ec-ed71bc5e026e" 201 - "PUT http://[::1]:6001/1/205956/AUTH_95cdd8211195472a81c78a7e409c4e1d/gnocchi.29c44350-f800-41cc-a3ec-ed71bc5e026e" "txb485523753b54edfb3437-006933a5b5" "container-server 96609" 0.0033 "-" 96309 0
Dec 05 22:40:37 np0005548588.novalocal container-server[96609]: ::1 - - [06/Dec/2025:03:40:37 +0000] "PUT /1/205956/AUTH_95cdd8211195472a81c78a7e409c4e1d/gnocchi.29c44350-f800-41cc-a3ec-ed71bc5e026e" 201 - "PUT http://[::1]:8080/v1/AUTH_95cdd8211195472a81c78a7e409c4e1d/gnocchi.29c44350-f800-41cc-a3ec-ed71bc5e026e" "txb485523753b54edfb3437-006933a5b5" "proxy-server 97783" 0.0441 "-" 96609 0
Dec 05 22:40:37 np0005548588.novalocal proxy-server[97783]: ::1 ::1 06/Dec/2025/03/40/37 PUT /v1/AUTH_95cdd8211195472a81c78a7e409c4e1d/gnocchi.29c44350-f800-41cc-a3ec-ed71bc5e026e HTTP/1.0 201 - python-swiftclient-4.6.0 gAAAAABpM6Wcv9qp... - - - txb485523753b54edfb3437-006933a5b5 - 0.0592 - - 1764992437.873639822 1764992437.932832003 0
Dec 05 22:40:37 np0005548588.novalocal account-server[96309]: ::1 - - [06/Dec/2025:03:40:37 +0000] "PUT /1/39867/AUTH_95cdd8211195472a81c78a7e409c4e1d/gnocchi.8d15e913-ac93-4030-946d-6a940f7d60f2" 201 - "PUT http://[::1]:6001/3/108111/AUTH_95cdd8211195472a81c78a7e409c4e1d/gnocchi.8d15e913-ac93-4030-946d-6a940f7d60f2" "tx52a9401fafcb4a96994b0-006933a5b5" "container-server 96609" 0.0033 "-" 96309 0
Dec 05 22:40:37 np0005548588.novalocal container-server[96609]: ::1 - - [06/Dec/2025:03:40:37 +0000] "PUT /3/108111/AUTH_95cdd8211195472a81c78a7e409c4e1d/gnocchi.8d15e913-ac93-4030-946d-6a940f7d60f2" 201 - "PUT http://[::1]:8080/v1/AUTH_95cdd8211195472a81c78a7e409c4e1d/gnocchi.8d15e913-ac93-4030-946d-6a940f7d60f2" "tx52a9401fafcb4a96994b0-006933a5b5" "proxy-server 97783" 0.0324 "-" 96609 0
Dec 05 22:40:37 np0005548588.novalocal proxy-server[97783]: ::1 ::1 06/Dec/2025/03/40/37 PUT /v1/AUTH_95cdd8211195472a81c78a7e409c4e1d/gnocchi.8d15e913-ac93-4030-946d-6a940f7d60f2 HTTP/1.0 201 - python-swiftclient-4.6.0 gAAAAABpM6Wpc2YR... - - - tx52a9401fafcb4a96994b0-006933a5b5 - 0.0523 - - 1764992437.883076668 1764992437.935379267 0
Dec 05 22:40:37 np0005548588.novalocal container-server[96608]: ::1 - - [06/Dec/2025:03:40:37 +0000] "HEAD /3/205956/AUTH_95cdd8211195472a81c78a7e409c4e1d/gnocchi.29c44350-f800-41cc-a3ec-ed71bc5e026e" 204 - "HEAD http://[::1]:8080/v1/AUTH_95cdd8211195472a81c78a7e409c4e1d/gnocchi.29c44350-f800-41cc-a3ec-ed71bc5e026e" "txd3a2e5aca38f412aac551-006933a5b5" "proxy-server 97783" 0.0019 "-" 96608 0
Dec 05 22:40:37 np0005548588.novalocal proxy-server[97783]: - - 06/Dec/2025/03/40/37 HEAD /v1/AUTH_95cdd8211195472a81c78a7e409c4e1d/gnocchi.29c44350-f800-41cc-a3ec-ed71bc5e026e HTTP/1.0 204 - Swift - - - - txd3a2e5aca38f412aac551-006933a5b5 - 0.0052 CS - 1764992437.936993361 1764992437.942150593 0
Dec 05 22:40:37 np0005548588.novalocal container-server[96609]: ::1 - - [06/Dec/2025:03:40:37 +0000] "HEAD /1/108111/AUTH_95cdd8211195472a81c78a7e409c4e1d/gnocchi.8d15e913-ac93-4030-946d-6a940f7d60f2" 204 - "HEAD http://[::1]:8080/v1/AUTH_95cdd8211195472a81c78a7e409c4e1d/gnocchi.8d15e913-ac93-4030-946d-6a940f7d60f2" "tx318cdbd8ad3b47e28c1ca-006933a5b5" "proxy-server 97783" 0.0012 "-" 96609 0
Dec 05 22:40:37 np0005548588.novalocal proxy-server[97783]: - - 06/Dec/2025/03/40/37 HEAD /v1/AUTH_95cdd8211195472a81c78a7e409c4e1d/gnocchi.8d15e913-ac93-4030-946d-6a940f7d60f2 HTTP/1.0 204 - Swift - - - - tx318cdbd8ad3b47e28c1ca-006933a5b5 - 0.0052 CS - 1764992437.940135479 1764992437.945290804 0
Dec 05 22:40:37 np0005548588.novalocal container-server[96609]: ::1 - - [06/Dec/2025:03:40:37 +0000] "GET /3/205956/AUTH_95cdd8211195472a81c78a7e409c4e1d/gnocchi.29c44350-f800-41cc-a3ec-ed71bc5e026e" 200 2 "GET http://[::1]:8080/v1/AUTH_95cdd8211195472a81c78a7e409c4e1d/gnocchi.29c44350-f800-41cc-a3ec-ed71bc5e026e?format=json&states=listing" "txd3a2e5aca38f412aac551-006933a5b5" "proxy-server 97783" 0.0016 "-" 96609 0
Dec 05 22:40:37 np0005548588.novalocal proxy-server[97783]: ::1 ::1 06/Dec/2025/03/40/37 GET /v1/AUTH_95cdd8211195472a81c78a7e409c4e1d/gnocchi.29c44350-f800-41cc-a3ec-ed71bc5e026e%3Fformat%3Djson%26states%3Dlisting HTTP/1.0 200 - python-swiftclient-4.6.0 gAAAAABpM6Wcv9qp... - 2 - txd3a2e5aca38f412aac551-006933a5b5 - 0.0131 - - 1764992437.936552763 1764992437.949609756 0
Dec 05 22:40:37 np0005548588.novalocal container-server[96608]: ::1 - - [06/Dec/2025:03:40:37 +0000] "GET /2/108111/AUTH_95cdd8211195472a81c78a7e409c4e1d/gnocchi.8d15e913-ac93-4030-946d-6a940f7d60f2" 200 2 "GET http://[::1]:8080/v1/AUTH_95cdd8211195472a81c78a7e409c4e1d/gnocchi.8d15e913-ac93-4030-946d-6a940f7d60f2?format=json&states=listing" "tx318cdbd8ad3b47e28c1ca-006933a5b5" "proxy-server 97783" 0.0027 "-" 96608 0
Dec 05 22:40:37 np0005548588.novalocal proxy-server[97783]: ::1 ::1 06/Dec/2025/03/40/37 GET /v1/AUTH_95cdd8211195472a81c78a7e409c4e1d/gnocchi.8d15e913-ac93-4030-946d-6a940f7d60f2%3Fformat%3Djson%26states%3Dlisting HTTP/1.0 200 - python-swiftclient-4.6.0 gAAAAABpM6Wpc2YR... - 2 - tx318cdbd8ad3b47e28c1ca-006933a5b5 - 0.0133 - - 1764992437.939504862 1764992437.952775478 0
Dec 05 22:40:37 np0005548588.novalocal object-server[96905]: ::1 - - [06/Dec/2025:03:40:37 +0000] "GET /2/160533/AUTH_95cdd8211195472a81c78a7e409c4e1d/gnocchi.29c44350-f800-41cc-a3ec-ed71bc5e026e/1764720000.0_mean_300.0_v3" 404 70 "GET http://[::1]:8080/v1/AUTH_95cdd8211195472a81c78a7e409c4e1d/gnocchi.29c44350-f800-41cc-a3ec-ed71bc5e026e/1764720000.0_mean_300.0_v3" "txae89e0d60440413abd9d8-006933a5b5" "proxy-server 97783" 0.0003 "-" 96905 0
Dec 05 22:40:37 np0005548588.novalocal object-server[96905]: ::1 - - [06/Dec/2025:03:40:37 +0000] "GET /3/196380/AUTH_95cdd8211195472a81c78a7e409c4e1d/gnocchi.8d15e913-ac93-4030-946d-6a940f7d60f2/1764720000.0_mean_300.0_v3" 404 70 "GET http://[::1]:8080/v1/AUTH_95cdd8211195472a81c78a7e409c4e1d/gnocchi.8d15e913-ac93-4030-946d-6a940f7d60f2/1764720000.0_mean_300.0_v3" "tx932e7f4d58b24245b7b81-006933a5b5" "proxy-server 97783" 0.0005 "-" 96905 0
Dec 05 22:40:37 np0005548588.novalocal object-server[96906]: ::1 - - [06/Dec/2025:03:40:37 +0000] "GET /3/160533/AUTH_95cdd8211195472a81c78a7e409c4e1d/gnocchi.29c44350-f800-41cc-a3ec-ed71bc5e026e/1764720000.0_mean_300.0_v3" 404 70 "GET http://[::1]:8080/v1/AUTH_95cdd8211195472a81c78a7e409c4e1d/gnocchi.29c44350-f800-41cc-a3ec-ed71bc5e026e/1764720000.0_mean_300.0_v3" "txae89e0d60440413abd9d8-006933a5b5" "proxy-server 97783" 0.0004 "-" 96906 0
Dec 05 22:40:37 np0005548588.novalocal object-server[96905]: ::1 - - [06/Dec/2025:03:40:37 +0000] "GET /2/196380/AUTH_95cdd8211195472a81c78a7e409c4e1d/gnocchi.8d15e913-ac93-4030-946d-6a940f7d60f2/1764720000.0_mean_300.0_v3" 404 70 "GET http://[::1]:8080/v1/AUTH_95cdd8211195472a81c78a7e409c4e1d/gnocchi.8d15e913-ac93-4030-946d-6a940f7d60f2/1764720000.0_mean_300.0_v3" "tx932e7f4d58b24245b7b81-006933a5b5" "proxy-server 97783" 0.0002 "-" 96905 0
Dec 05 22:40:37 np0005548588.novalocal object-server[96905]: ::1 - - [06/Dec/2025:03:40:37 +0000] "GET /1/160533/AUTH_95cdd8211195472a81c78a7e409c4e1d/gnocchi.29c44350-f800-41cc-a3ec-ed71bc5e026e/1764720000.0_mean_300.0_v3" 404 70 "GET http://[::1]:8080/v1/AUTH_95cdd8211195472a81c78a7e409c4e1d/gnocchi.29c44350-f800-41cc-a3ec-ed71bc5e026e/1764720000.0_mean_300.0_v3" "txae89e0d60440413abd9d8-006933a5b5" "proxy-server 97783" 0.0001 "-" 96905 0
