Dec 05 22:40:37 np0005548588.novalocal object-server[96905]: ::1 - - [06/Dec/2025:03:40:37 +0000] "GET /1/196380/AUTH_95cdd8211195472a81c78a7e409c4e1d/gnocchi.8d15e913-ac93-4030-946d-6a940f7d60f2/1764720000.0_mean_300.0_v3" 404 70 "GET http://[::1]:8080/v1/AUTH_95cdd8211195472a81c78a7e409c4e1d/gnocchi.8d15e913-ac93-4030-946d-6a940f7d60f2/1764720000.0_mean_300.0_v3" "tx932e7f4d58b24245b7b81-006933a5b5" "proxy-server 97783" 0.0001 "-" 96905 0
Dec 05 22:40:37 np0005548588.novalocal proxy-server[97783]: ::1 ::1 06/Dec/2025/03/40/37 GET /v1/AUTH_95cdd8211195472a81c78a7e409c4e1d/gnocchi.29c44350-f800-41cc-a3ec-ed71bc5e026e/1764720000.0_mean_300.0_v3 HTTP/1.0 404 - python-swiftclient-4.6.0 gAAAAABpM6Wcv9qp... - 70 - txae89e0d60440413abd9d8-006933a5b5 - 0.0101 - - 1764992437.953482866 1764992437.963559151 0
Dec 05 22:40:37 np0005548588.novalocal proxy-server[97783]: ::1 ::1 06/Dec/2025/03/40/37 GET /v1/AUTH_95cdd8211195472a81c78a7e409c4e1d/gnocchi.8d15e913-ac93-4030-946d-6a940f7d60f2/1764720000.0_mean_300.0_v3 HTTP/1.0 404 - python-swiftclient-4.6.0 gAAAAABpM6Wpc2YR... - 70 - tx932e7f4d58b24245b7b81-006933a5b5 - 0.0082 - - 1764992437.956338644 1764992437.964581966 0
Dec 05 22:40:37 np0005548588.novalocal container-server[96609]: ::1 - - [06/Dec/2025:03:40:37 +0000] "PUT /3/205956/AUTH_95cdd8211195472a81c78a7e409c4e1d/gnocchi.29c44350-f800-41cc-a3ec-ed71bc5e026e/1764720000.0_mean_300.0_v3" 201 - "PUT http://[::1]:8080/2/160533/AUTH_95cdd8211195472a81c78a7e409c4e1d/gnocchi.29c44350-f800-41cc-a3ec-ed71bc5e026e/1764720000.0_mean_300.0_v3" "tx1b4a294ab5de46639a4e1-006933a5b5" "object-server 96905" 0.0006 "-" 96609 0
Dec 05 22:40:37 np0005548588.novalocal object-server[96905]: ::1 - - [06/Dec/2025:03:40:37 +0000] "PUT /2/160533/AUTH_95cdd8211195472a81c78a7e409c4e1d/gnocchi.29c44350-f800-41cc-a3ec-ed71bc5e026e/1764720000.0_mean_300.0_v3" 201 - "PUT http://[::1]:8080/v1/AUTH_95cdd8211195472a81c78a7e409c4e1d/gnocchi.29c44350-f800-41cc-a3ec-ed71bc5e026e/1764720000.0_mean_300.0_v3" "tx1b4a294ab5de46639a4e1-006933a5b5" "proxy-server 97783" 0.0169 "-" 96905 0
Dec 05 22:40:37 np0005548588.novalocal container-server[96609]: ::1 - - [06/Dec/2025:03:40:37 +0000] "PUT /3/108111/AUTH_95cdd8211195472a81c78a7e409c4e1d/gnocchi.8d15e913-ac93-4030-946d-6a940f7d60f2/1764720000.0_mean_300.0_v3" 201 - "PUT http://[::1]:8080/3/196380/AUTH_95cdd8211195472a81c78a7e409c4e1d/gnocchi.8d15e913-ac93-4030-946d-6a940f7d60f2/1764720000.0_mean_300.0_v3" "txcee61ff57a4c4763b4dae-006933a5b5" "object-server 96906" 0.0004 "-" 96609 0
Dec 05 22:40:37 np0005548588.novalocal container-server[96608]: ::1 - - [06/Dec/2025:03:40:37 +0000] "PUT /1/205956/AUTH_95cdd8211195472a81c78a7e409c4e1d/gnocchi.29c44350-f800-41cc-a3ec-ed71bc5e026e/1764720000.0_mean_300.0_v3" 201 - "PUT http://[::1]:8080/1/160533/AUTH_95cdd8211195472a81c78a7e409c4e1d/gnocchi.29c44350-f800-41cc-a3ec-ed71bc5e026e/1764720000.0_mean_300.0_v3" "tx1b4a294ab5de46639a4e1-006933a5b5" "object-server 96905" 0.0004 "-" 96608 0
Dec 05 22:40:37 np0005548588.novalocal object-server[96905]: ::1 - - [06/Dec/2025:03:40:37 +0000] "PUT /1/160533/AUTH_95cdd8211195472a81c78a7e409c4e1d/gnocchi.29c44350-f800-41cc-a3ec-ed71bc5e026e/1764720000.0_mean_300.0_v3" 201 - "PUT http://[::1]:8080/v1/AUTH_95cdd8211195472a81c78a7e409c4e1d/gnocchi.29c44350-f800-41cc-a3ec-ed71bc5e026e/1764720000.0_mean_300.0_v3" "tx1b4a294ab5de46639a4e1-006933a5b5" "proxy-server 97783" 0.0173 "-" 96905 0
Dec 05 22:40:37 np0005548588.novalocal object-server[96906]: ::1 - - [06/Dec/2025:03:40:37 +0000] "PUT /3/196380/AUTH_95cdd8211195472a81c78a7e409c4e1d/gnocchi.8d15e913-ac93-4030-946d-6a940f7d60f2/1764720000.0_mean_300.0_v3" 201 - "PUT http://[::1]:8080/v1/AUTH_95cdd8211195472a81c78a7e409c4e1d/gnocchi.8d15e913-ac93-4030-946d-6a940f7d60f2/1764720000.0_mean_300.0_v3" "txcee61ff57a4c4763b4dae-006933a5b5" "proxy-server 97783" 0.0112 "-" 96906 0
Dec 05 22:40:37 np0005548588.novalocal container-server[96608]: ::1 - - [06/Dec/2025:03:40:37 +0000] "PUT /2/205956/AUTH_95cdd8211195472a81c78a7e409c4e1d/gnocchi.29c44350-f800-41cc-a3ec-ed71bc5e026e/1764720000.0_mean_300.0_v3" 201 - "PUT http://[::1]:8080/3/160533/AUTH_95cdd8211195472a81c78a7e409c4e1d/gnocchi.29c44350-f800-41cc-a3ec-ed71bc5e026e/1764720000.0_mean_300.0_v3" "tx1b4a294ab5de46639a4e1-006933a5b5" "object-server 96905" 0.0004 "-" 96608 0
Dec 05 22:40:37 np0005548588.novalocal container-server[96609]: ::1 - - [06/Dec/2025:03:40:37 +0000] "PUT /2/108111/AUTH_95cdd8211195472a81c78a7e409c4e1d/gnocchi.8d15e913-ac93-4030-946d-6a940f7d60f2/1764720000.0_mean_300.0_v3" 201 - "PUT http://[::1]:8080/1/196380/AUTH_95cdd8211195472a81c78a7e409c4e1d/gnocchi.8d15e913-ac93-4030-946d-6a940f7d60f2/1764720000.0_mean_300.0_v3" "txcee61ff57a4c4763b4dae-006933a5b5" "object-server 96905" 0.0005 "-" 96609 0
Dec 05 22:40:37 np0005548588.novalocal object-server[96905]: ::1 - - [06/Dec/2025:03:40:37 +0000] "PUT /3/160533/AUTH_95cdd8211195472a81c78a7e409c4e1d/gnocchi.29c44350-f800-41cc-a3ec-ed71bc5e026e/1764720000.0_mean_300.0_v3" 201 - "PUT http://[::1]:8080/v1/AUTH_95cdd8211195472a81c78a7e409c4e1d/gnocchi.29c44350-f800-41cc-a3ec-ed71bc5e026e/1764720000.0_mean_300.0_v3" "tx1b4a294ab5de46639a4e1-006933a5b5" "proxy-server 97783" 0.0230 "-" 96905 0
Dec 05 22:40:37 np0005548588.novalocal object-server[96905]: ::1 - - [06/Dec/2025:03:40:37 +0000] "PUT /1/196380/AUTH_95cdd8211195472a81c78a7e409c4e1d/gnocchi.8d15e913-ac93-4030-946d-6a940f7d60f2/1764720000.0_mean_300.0_v3" 201 - "PUT http://[::1]:8080/v1/AUTH_95cdd8211195472a81c78a7e409c4e1d/gnocchi.8d15e913-ac93-4030-946d-6a940f7d60f2/1764720000.0_mean_300.0_v3" "txcee61ff57a4c4763b4dae-006933a5b5" "proxy-server 97783" 0.0163 "-" 96905 0
Dec 05 22:40:37 np0005548588.novalocal proxy-server[97783]: ::1 ::1 06/Dec/2025/03/40/37 PUT /v1/AUTH_95cdd8211195472a81c78a7e409c4e1d/gnocchi.29c44350-f800-41cc-a3ec-ed71bc5e026e/1764720000.0_mean_300.0_v3 HTTP/1.0 201 - python-swiftclient-4.6.0 gAAAAABpM6Wcv9qp... 16 - - tx1b4a294ab5de46639a4e1-006933a5b5 - 0.0285 - - 1764992437.966129780 1764992437.994586706 0
Dec 05 22:40:37 np0005548588.novalocal container-server[96608]: ::1 - - [06/Dec/2025:03:40:37 +0000] "PUT /1/108111/AUTH_95cdd8211195472a81c78a7e409c4e1d/gnocchi.8d15e913-ac93-4030-946d-6a940f7d60f2/1764720000.0_mean_300.0_v3" 201 - "PUT http://[::1]:8080/2/196380/AUTH_95cdd8211195472a81c78a7e409c4e1d/gnocchi.8d15e913-ac93-4030-946d-6a940f7d60f2/1764720000.0_mean_300.0_v3" "txcee61ff57a4c4763b4dae-006933a5b5" "object-server 96905" 0.0005 "-" 96608 0
Dec 05 22:40:37 np0005548588.novalocal object-server[96905]: ::1 - - [06/Dec/2025:03:40:37 +0000] "PUT /2/196380/AUTH_95cdd8211195472a81c78a7e409c4e1d/gnocchi.8d15e913-ac93-4030-946d-6a940f7d60f2/1764720000.0_mean_300.0_v3" 201 - "PUT http://[::1]:8080/v1/AUTH_95cdd8211195472a81c78a7e409c4e1d/gnocchi.8d15e913-ac93-4030-946d-6a940f7d60f2/1764720000.0_mean_300.0_v3" "txcee61ff57a4c4763b4dae-006933a5b5" "proxy-server 97783" 0.0155 "-" 96905 0
Dec 05 22:40:37 np0005548588.novalocal proxy-server[97783]: ::1 ::1 06/Dec/2025/03/40/37 PUT /v1/AUTH_95cdd8211195472a81c78a7e409c4e1d/gnocchi.8d15e913-ac93-4030-946d-6a940f7d60f2/1764720000.0_mean_300.0_v3 HTTP/1.0 201 - python-swiftclient-4.6.0 gAAAAABpM6Wpc2YR... 16 - - txcee61ff57a4c4763b4dae-006933a5b5 - 0.0271 - - 1764992437.970449209 1764992437.997580051 0
Dec 05 22:40:38 np0005548588.novalocal container-server[96609]: ::1 - - [06/Dec/2025:03:40:38 +0000] "PUT /1/205956/AUTH_95cdd8211195472a81c78a7e409c4e1d/gnocchi.29c44350-f800-41cc-a3ec-ed71bc5e026e/none_v3" 201 - "PUT http://[::1]:8080/3/89684/AUTH_95cdd8211195472a81c78a7e409c4e1d/gnocchi.29c44350-f800-41cc-a3ec-ed71bc5e026e/none_v3" "tx66fec170a12847b5af96a-006933a5b5" "object-server 96906" 0.0006 "-" 96609 0
Dec 05 22:40:38 np0005548588.novalocal object-server[96906]: ::1 - - [06/Dec/2025:03:40:38 +0000] "PUT /3/89684/AUTH_95cdd8211195472a81c78a7e409c4e1d/gnocchi.29c44350-f800-41cc-a3ec-ed71bc5e026e/none_v3" 201 - "PUT http://[::1]:8080/v1/AUTH_95cdd8211195472a81c78a7e409c4e1d/gnocchi.29c44350-f800-41cc-a3ec-ed71bc5e026e/none_v3" "tx66fec170a12847b5af96a-006933a5b5" "proxy-server 97783" 0.0134 "-" 96906 0
Dec 05 22:40:38 np0005548588.novalocal container-server[96608]: ::1 - - [06/Dec/2025:03:40:38 +0000] "PUT /2/205956/AUTH_95cdd8211195472a81c78a7e409c4e1d/gnocchi.29c44350-f800-41cc-a3ec-ed71bc5e026e/none_v3" 201 - "PUT http://[::1]:8080/1/89684/AUTH_95cdd8211195472a81c78a7e409c4e1d/gnocchi.29c44350-f800-41cc-a3ec-ed71bc5e026e/none_v3" "tx66fec170a12847b5af96a-006933a5b5" "object-server 96905" 0.0005 "-" 96608 0
Dec 05 22:40:38 np0005548588.novalocal object-server[96905]: ::1 - - [06/Dec/2025:03:40:38 +0000] "PUT /1/89684/AUTH_95cdd8211195472a81c78a7e409c4e1d/gnocchi.29c44350-f800-41cc-a3ec-ed71bc5e026e/none_v3" 201 - "PUT http://[::1]:8080/v1/AUTH_95cdd8211195472a81c78a7e409c4e1d/gnocchi.29c44350-f800-41cc-a3ec-ed71bc5e026e/none_v3" "tx66fec170a12847b5af96a-006933a5b5" "proxy-server 97783" 0.0158 "-" 96905 0
Dec 05 22:40:38 np0005548588.novalocal container-server[96609]: ::1 - - [06/Dec/2025:03:40:38 +0000] "PUT /3/205956/AUTH_95cdd8211195472a81c78a7e409c4e1d/gnocchi.29c44350-f800-41cc-a3ec-ed71bc5e026e/none_v3" 201 - "PUT http://[::1]:8080/2/89684/AUTH_95cdd8211195472a81c78a7e409c4e1d/gnocchi.29c44350-f800-41cc-a3ec-ed71bc5e026e/none_v3" "tx66fec170a12847b5af96a-006933a5b5" "object-server 96905" 0.0005 "-" 96609 0
Dec 05 22:40:38 np0005548588.novalocal object-server[96905]: ::1 - - [06/Dec/2025:03:40:38 +0000] "PUT /2/89684/AUTH_95cdd8211195472a81c78a7e409c4e1d/gnocchi.29c44350-f800-41cc-a3ec-ed71bc5e026e/none_v3" 201 - "PUT http://[::1]:8080/v1/AUTH_95cdd8211195472a81c78a7e409c4e1d/gnocchi.29c44350-f800-41cc-a3ec-ed71bc5e026e/none_v3" "tx66fec170a12847b5af96a-006933a5b5" "proxy-server 97783" 0.0176 "-" 96905 0
Dec 05 22:40:38 np0005548588.novalocal container-server[96608]: ::1 - - [06/Dec/2025:03:40:38 +0000] "PUT /1/108111/AUTH_95cdd8211195472a81c78a7e409c4e1d/gnocchi.8d15e913-ac93-4030-946d-6a940f7d60f2/none_v3" 201 - "PUT http://[::1]:8080/2/136733/AUTH_95cdd8211195472a81c78a7e409c4e1d/gnocchi.8d15e913-ac93-4030-946d-6a940f7d60f2/none_v3" "tx283742de6dfc4f778fab0-006933a5b6" "object-server 96905" 0.0004 "-" 96608 0
Dec 05 22:40:38 np0005548588.novalocal container-server[96609]: ::1 - - [06/Dec/2025:03:40:38 +0000] "PUT /2/108111/AUTH_95cdd8211195472a81c78a7e409c4e1d/gnocchi.8d15e913-ac93-4030-946d-6a940f7d60f2/none_v3" 201 - "PUT http://[::1]:8080/1/136733/AUTH_95cdd8211195472a81c78a7e409c4e1d/gnocchi.8d15e913-ac93-4030-946d-6a940f7d60f2/none_v3" "tx283742de6dfc4f778fab0-006933a5b6" "object-server 96905" 0.0006 "-" 96609 0
Dec 05 22:40:38 np0005548588.novalocal object-server[96905]: ::1 - - [06/Dec/2025:03:40:38 +0000] "PUT /2/136733/AUTH_95cdd8211195472a81c78a7e409c4e1d/gnocchi.8d15e913-ac93-4030-946d-6a940f7d60f2/none_v3" 201 - "PUT http://[::1]:8080/v1/AUTH_95cdd8211195472a81c78a7e409c4e1d/gnocchi.8d15e913-ac93-4030-946d-6a940f7d60f2/none_v3" "tx283742de6dfc4f778fab0-006933a5b6" "proxy-server 97783" 0.0140 "-" 96905 0
Dec 05 22:40:38 np0005548588.novalocal proxy-server[97783]: ::1 ::1 06/Dec/2025/03/40/38 PUT /v1/AUTH_95cdd8211195472a81c78a7e409c4e1d/gnocchi.29c44350-f800-41cc-a3ec-ed71bc5e026e/none_v3 HTTP/1.0 201 - python-swiftclient-4.6.0 gAAAAABpM6Wcv9qp... 22 - - tx66fec170a12847b5af96a-006933a5b5 - 0.0258 - - 1764992437.996951103 1764992438.022797346 0
Dec 05 22:40:38 np0005548588.novalocal object-server[96905]: ::1 - - [06/Dec/2025:03:40:38 +0000] "PUT /1/136733/AUTH_95cdd8211195472a81c78a7e409c4e1d/gnocchi.8d15e913-ac93-4030-946d-6a940f7d60f2/none_v3" 201 - "PUT http://[::1]:8080/v1/AUTH_95cdd8211195472a81c78a7e409c4e1d/gnocchi.8d15e913-ac93-4030-946d-6a940f7d60f2/none_v3" "tx283742de6dfc4f778fab0-006933a5b6" "proxy-server 97783" 0.0155 "-" 96905 0
Dec 05 22:40:38 np0005548588.novalocal container-server[96609]: ::1 - - [06/Dec/2025:03:40:38 +0000] "PUT /3/108111/AUTH_95cdd8211195472a81c78a7e409c4e1d/gnocchi.8d15e913-ac93-4030-946d-6a940f7d60f2/none_v3" 201 - "PUT http://[::1]:8080/3/136733/AUTH_95cdd8211195472a81c78a7e409c4e1d/gnocchi.8d15e913-ac93-4030-946d-6a940f7d60f2/none_v3" "tx283742de6dfc4f778fab0-006933a5b6" "object-server 96905" 0.0005 "-" 96609 0
Dec 05 22:40:38 np0005548588.novalocal object-server[96905]: ::1 - - [06/Dec/2025:03:40:38 +0000] "PUT /3/136733/AUTH_95cdd8211195472a81c78a7e409c4e1d/gnocchi.8d15e913-ac93-4030-946d-6a940f7d60f2/none_v3" 201 - "PUT http://[::1]:8080/v1/AUTH_95cdd8211195472a81c78a7e409c4e1d/gnocchi.8d15e913-ac93-4030-946d-6a940f7d60f2/none_v3" "tx283742de6dfc4f778fab0-006933a5b6" "proxy-server 97783" 0.0225 "-" 96905 0
Dec 05 22:40:38 np0005548588.novalocal proxy-server[97783]: ::1 ::1 06/Dec/2025/03/40/38 PUT /v1/AUTH_95cdd8211195472a81c78a7e409c4e1d/gnocchi.8d15e913-ac93-4030-946d-6a940f7d60f2/none_v3 HTTP/1.0 201 - python-swiftclient-4.6.0 gAAAAABpM6Wpc2YR... 22 - - tx283742de6dfc4f778fab0-006933a5b6 - 0.0283 - - 1764992438.002447605 1764992438.030797005 0
Dec 05 22:40:38 np0005548588.novalocal systemd[1]: Starting SETroubleshoot daemon for processing new SELinux denial logs...
Dec 05 22:40:38 np0005548588.novalocal container-server[96609]: ::1 - - [06/Dec/2025:03:40:38 +0000] "HEAD /1/242950/AUTH_95cdd8211195472a81c78a7e409c4e1d/gnocchi.b2ac6d6f-6590-444c-8eaf-e53b134e6e79" 404 - "HEAD http://[::1]:8080/v1/AUTH_95cdd8211195472a81c78a7e409c4e1d/gnocchi.b2ac6d6f-6590-444c-8eaf-e53b134e6e79" "txac87e646f5cf4e1899b36-006933a5b6" "proxy-server 97783" 0.0003 "-" 96609 0
Dec 05 22:40:38 np0005548588.novalocal container-server[96608]: ::1 - - [06/Dec/2025:03:40:38 +0000] "HEAD /2/242950/AUTH_95cdd8211195472a81c78a7e409c4e1d/gnocchi.b2ac6d6f-6590-444c-8eaf-e53b134e6e79" 404 - "HEAD http://[::1]:8080/v1/AUTH_95cdd8211195472a81c78a7e409c4e1d/gnocchi.b2ac6d6f-6590-444c-8eaf-e53b134e6e79" "txac87e646f5cf4e1899b36-006933a5b6" "proxy-server 97783" 0.0007 "-" 96608 0
Dec 05 22:40:38 np0005548588.novalocal container-server[96608]: ::1 - - [06/Dec/2025:03:40:38 +0000] "HEAD /3/183749/AUTH_95cdd8211195472a81c78a7e409c4e1d/gnocchi.c20b5395-43dc-4196-9ba7-ab7c89b3abfb" 404 - "HEAD http://[::1]:8080/v1/AUTH_95cdd8211195472a81c78a7e409c4e1d/gnocchi.c20b5395-43dc-4196-9ba7-ab7c89b3abfb" "tx80e1b01b458649a2b7dfb-006933a5b6" "proxy-server 97783" 0.0002 "-" 96608 0
Dec 05 22:40:38 np0005548588.novalocal container-server[96609]: ::1 - - [06/Dec/2025:03:40:38 +0000] "HEAD /3/242950/AUTH_95cdd8211195472a81c78a7e409c4e1d/gnocchi.b2ac6d6f-6590-444c-8eaf-e53b134e6e79" 404 - "HEAD http://[::1]:8080/v1/AUTH_95cdd8211195472a81c78a7e409c4e1d/gnocchi.b2ac6d6f-6590-444c-8eaf-e53b134e6e79" "txac87e646f5cf4e1899b36-006933a5b6" "proxy-server 97783" 0.0002 "-" 96609 0
Dec 05 22:40:38 np0005548588.novalocal container-server[96609]: ::1 - - [06/Dec/2025:03:40:38 +0000] "HEAD /1/183749/AUTH_95cdd8211195472a81c78a7e409c4e1d/gnocchi.c20b5395-43dc-4196-9ba7-ab7c89b3abfb" 404 - "HEAD http://[::1]:8080/v1/AUTH_95cdd8211195472a81c78a7e409c4e1d/gnocchi.c20b5395-43dc-4196-9ba7-ab7c89b3abfb" "tx80e1b01b458649a2b7dfb-006933a5b6" "proxy-server 97783" 0.0001 "-" 96609 0
Dec 05 22:40:38 np0005548588.novalocal proxy-server[97783]: - - 06/Dec/2025/03/40/38 HEAD /v1/AUTH_95cdd8211195472a81c78a7e409c4e1d/gnocchi.b2ac6d6f-6590-444c-8eaf-e53b134e6e79 HTTP/1.0 404 - Swift - - - - txac87e646f5cf4e1899b36-006933a5b6 - 0.0106 CS - 1764992438.046406031 1764992438.057052851 0
Dec 05 22:40:38 np0005548588.novalocal container-server[96608]: ::1 - - [06/Dec/2025:03:40:38 +0000] "HEAD /2/183749/AUTH_95cdd8211195472a81c78a7e409c4e1d/gnocchi.c20b5395-43dc-4196-9ba7-ab7c89b3abfb" 404 - "HEAD http://[::1]:8080/v1/AUTH_95cdd8211195472a81c78a7e409c4e1d/gnocchi.c20b5395-43dc-4196-9ba7-ab7c89b3abfb" "tx80e1b01b458649a2b7dfb-006933a5b6" "proxy-server 97783" 0.0002 "-" 96608 0
Dec 05 22:40:38 np0005548588.novalocal object-server[96906]: ::1 - - [06/Dec/2025:03:40:38 +0000] "GET /1/190603/AUTH_95cdd8211195472a81c78a7e409c4e1d/gnocchi.b2ac6d6f-6590-444c-8eaf-e53b134e6e79/none_v3" 404 70 "GET http://[::1]:8080/v1/AUTH_95cdd8211195472a81c78a7e409c4e1d/gnocchi.b2ac6d6f-6590-444c-8eaf-e53b134e6e79/none_v3" "txac87e646f5cf4e1899b36-006933a5b6" "proxy-server 97783" 0.0004 "-" 96906 0
Dec 05 22:40:38 np0005548588.novalocal proxy-server[97783]: - - 06/Dec/2025/03/40/38 HEAD /v1/AUTH_95cdd8211195472a81c78a7e409c4e1d/gnocchi.c20b5395-43dc-4196-9ba7-ab7c89b3abfb HTTP/1.0 404 - Swift - - - - tx80e1b01b458649a2b7dfb-006933a5b6 - 0.0103 CS - 1764992438.052914858 1764992438.063178778 0
Dec 05 22:40:38 np0005548588.novalocal object-server[96905]: ::1 - - [06/Dec/2025:03:40:38 +0000] "GET /1/50938/AUTH_95cdd8211195472a81c78a7e409c4e1d/gnocchi.c20b5395-43dc-4196-9ba7-ab7c89b3abfb/none_v3" 404 70 "GET http://[::1]:8080/v1/AUTH_95cdd8211195472a81c78a7e409c4e1d/gnocchi.c20b5395-43dc-4196-9ba7-ab7c89b3abfb/none_v3" "tx80e1b01b458649a2b7dfb-006933a5b6" "proxy-server 97783" 0.0003 "-" 96905 0
Dec 05 22:40:38 np0005548588.novalocal object-server[96906]: ::1 - - [06/Dec/2025:03:40:38 +0000] "GET /3/190603/AUTH_95cdd8211195472a81c78a7e409c4e1d/gnocchi.b2ac6d6f-6590-444c-8eaf-e53b134e6e79/none_v3" 404 70 "GET http://[::1]:8080/v1/AUTH_95cdd8211195472a81c78a7e409c4e1d/gnocchi.b2ac6d6f-6590-444c-8eaf-e53b134e6e79/none_v3" "txac87e646f5cf4e1899b36-006933a5b6" "proxy-server 97783" 0.0005 "-" 96906 0
Dec 05 22:40:38 np0005548588.novalocal object-server[96905]: ::1 - - [06/Dec/2025:03:40:38 +0000] "GET /2/50938/AUTH_95cdd8211195472a81c78a7e409c4e1d/gnocchi.c20b5395-43dc-4196-9ba7-ab7c89b3abfb/none_v3" 404 70 "GET http://[::1]:8080/v1/AUTH_95cdd8211195472a81c78a7e409c4e1d/gnocchi.c20b5395-43dc-4196-9ba7-ab7c89b3abfb/none_v3" "tx80e1b01b458649a2b7dfb-006933a5b6" "proxy-server 97783" 0.0003 "-" 96905 0
Dec 05 22:40:38 np0005548588.novalocal object-server[96905]: ::1 - - [06/Dec/2025:03:40:38 +0000] "GET /2/190603/AUTH_95cdd8211195472a81c78a7e409c4e1d/gnocchi.b2ac6d6f-6590-444c-8eaf-e53b134e6e79/none_v3" 404 70 "GET http://[::1]:8080/v1/AUTH_95cdd8211195472a81c78a7e409c4e1d/gnocchi.b2ac6d6f-6590-444c-8eaf-e53b134e6e79/none_v3" "txac87e646f5cf4e1899b36-006933a5b6" "proxy-server 97783" 0.0003 "-" 96905 0
Dec 05 22:40:38 np0005548588.novalocal proxy-server[97783]: ::1 ::1 06/Dec/2025/03/40/38 GET /v1/AUTH_95cdd8211195472a81c78a7e409c4e1d/gnocchi.b2ac6d6f-6590-444c-8eaf-e53b134e6e79/none_v3 HTTP/1.0 404 - python-swiftclient-4.6.0 gAAAAABpM6Wcv9qp... - 70 - txac87e646f5cf4e1899b36-006933a5b6 - 0.0269 - - 1764992438.045590162 1764992438.072492599 0
Dec 05 22:40:38 np0005548588.novalocal object-server[96906]: ::1 - - [06/Dec/2025:03:40:38 +0000] "GET /3/50938/AUTH_95cdd8211195472a81c78a7e409c4e1d/gnocchi.c20b5395-43dc-4196-9ba7-ab7c89b3abfb/none_v3" 404 70 "GET http://[::1]:8080/v1/AUTH_95cdd8211195472a81c78a7e409c4e1d/gnocchi.c20b5395-43dc-4196-9ba7-ab7c89b3abfb/none_v3" "tx80e1b01b458649a2b7dfb-006933a5b6" "proxy-server 97783" 0.0003 "-" 96906 0
Dec 05 22:40:38 np0005548588.novalocal proxy-server[97783]: ::1 ::1 06/Dec/2025/03/40/38 GET /v1/AUTH_95cdd8211195472a81c78a7e409c4e1d/gnocchi.c20b5395-43dc-4196-9ba7-ab7c89b3abfb/none_v3 HTTP/1.0 404 - python-swiftclient-4.6.0 gAAAAABpM6Wpc2YR... - 70 - tx80e1b01b458649a2b7dfb-006933a5b6 - 0.0214 - - 1764992438.052241802 1764992438.073632002 0
Dec 05 22:40:38 np0005548588.novalocal account-server[96309]: ::1 - - [06/Dec/2025:03:40:38 +0000] "PUT /3/39867/AUTH_95cdd8211195472a81c78a7e409c4e1d/gnocchi.b2ac6d6f-6590-444c-8eaf-e53b134e6e79" 201 - "PUT http://[::1]:6001/1/242950/AUTH_95cdd8211195472a81c78a7e409c4e1d/gnocchi.b2ac6d6f-6590-444c-8eaf-e53b134e6e79" "txab82e5f31a11419a9e6c2-006933a5b6" "container-server 96609" 0.0043 "-" 96309 0
Dec 05 22:40:38 np0005548588.novalocal container-server[96609]: ::1 - - [06/Dec/2025:03:40:38 +0000] "PUT /1/242950/AUTH_95cdd8211195472a81c78a7e409c4e1d/gnocchi.b2ac6d6f-6590-444c-8eaf-e53b134e6e79" 201 - "PUT http://[::1]:8080/v1/AUTH_95cdd8211195472a81c78a7e409c4e1d/gnocchi.b2ac6d6f-6590-444c-8eaf-e53b134e6e79" "txab82e5f31a11419a9e6c2-006933a5b6" "proxy-server 97783" 0.0245 "-" 96609 0
Dec 05 22:40:38 np0005548588.novalocal account-server[96310]: ::1 - - [06/Dec/2025:03:40:38 +0000] "PUT /1/39867/AUTH_95cdd8211195472a81c78a7e409c4e1d/gnocchi.b2ac6d6f-6590-444c-8eaf-e53b134e6e79" 201 - "PUT http://[::1]:6001/3/242950/AUTH_95cdd8211195472a81c78a7e409c4e1d/gnocchi.b2ac6d6f-6590-444c-8eaf-e53b134e6e79" "txab82e5f31a11419a9e6c2-006933a5b6" "container-server 96608" 0.0042 "-" 96310 0
Dec 05 22:40:38 np0005548588.novalocal account-server[96309]: ::1 - - [06/Dec/2025:03:40:38 +0000] "PUT /3/39867/AUTH_95cdd8211195472a81c78a7e409c4e1d/gnocchi.c20b5395-43dc-4196-9ba7-ab7c89b3abfb" 201 - "PUT http://[::1]:6001/3/183749/AUTH_95cdd8211195472a81c78a7e409c4e1d/gnocchi.c20b5395-43dc-4196-9ba7-ab7c89b3abfb" "tx3e8f6f048bfb43239f424-006933a5b6" "container-server 96609" 0.0064 "-" 96309 0
Dec 05 22:40:38 np0005548588.novalocal container-server[96609]: ::1 - - [06/Dec/2025:03:40:38 +0000] "PUT /3/183749/AUTH_95cdd8211195472a81c78a7e409c4e1d/gnocchi.c20b5395-43dc-4196-9ba7-ab7c89b3abfb" 201 - "PUT http://[::1]:8080/v1/AUTH_95cdd8211195472a81c78a7e409c4e1d/gnocchi.c20b5395-43dc-4196-9ba7-ab7c89b3abfb" "tx3e8f6f048bfb43239f424-006933a5b6" "proxy-server 97783" 0.0164 "-" 96609 0
Dec 05 22:40:38 np0005548588.novalocal account-server[96310]: ::1 - - [06/Dec/2025:03:40:38 +0000] "PUT /2/39867/AUTH_95cdd8211195472a81c78a7e409c4e1d/gnocchi.c20b5395-43dc-4196-9ba7-ab7c89b3abfb" 201 - "PUT http://[::1]:6001/1/183749/AUTH_95cdd8211195472a81c78a7e409c4e1d/gnocchi.c20b5395-43dc-4196-9ba7-ab7c89b3abfb" "tx3e8f6f048bfb43239f424-006933a5b6" "container-server 96609" 0.0044 "-" 96310 0
Dec 05 22:40:38 np0005548588.novalocal container-server[96609]: ::1 - - [06/Dec/2025:03:40:38 +0000] "PUT /1/183749/AUTH_95cdd8211195472a81c78a7e409c4e1d/gnocchi.c20b5395-43dc-4196-9ba7-ab7c89b3abfb" 201 - "PUT http://[::1]:8080/v1/AUTH_95cdd8211195472a81c78a7e409c4e1d/gnocchi.c20b5395-43dc-4196-9ba7-ab7c89b3abfb" "tx3e8f6f048bfb43239f424-006933a5b6" "proxy-server 97783" 0.0254 "-" 96609 0
Dec 05 22:40:38 np0005548588.novalocal container-server[96608]: ::1 - - [06/Dec/2025:03:40:38 +0000] "PUT /3/242950/AUTH_95cdd8211195472a81c78a7e409c4e1d/gnocchi.b2ac6d6f-6590-444c-8eaf-e53b134e6e79" 201 - "PUT http://[::1]:8080/v1/AUTH_95cdd8211195472a81c78a7e409c4e1d/gnocchi.b2ac6d6f-6590-444c-8eaf-e53b134e6e79" "txab82e5f31a11419a9e6c2-006933a5b6" "proxy-server 97783" 0.0360 "-" 96608 0
Dec 05 22:40:38 np0005548588.novalocal account-server[96310]: ::1 - - [06/Dec/2025:03:40:38 +0000] "PUT /2/39867/AUTH_95cdd8211195472a81c78a7e409c4e1d/gnocchi.b2ac6d6f-6590-444c-8eaf-e53b134e6e79" 201 - "PUT http://[::1]:6001/2/242950/AUTH_95cdd8211195472a81c78a7e409c4e1d/gnocchi.b2ac6d6f-6590-444c-8eaf-e53b134e6e79" "txab82e5f31a11419a9e6c2-006933a5b6" "container-server 96608" 0.0050 "-" 96310 0
Dec 05 22:40:38 np0005548588.novalocal container-server[96608]: ::1 - - [06/Dec/2025:03:40:38 +0000] "PUT /2/242950/AUTH_95cdd8211195472a81c78a7e409c4e1d/gnocchi.b2ac6d6f-6590-444c-8eaf-e53b134e6e79" 201 - "PUT http://[::1]:8080/v1/AUTH_95cdd8211195472a81c78a7e409c4e1d/gnocchi.b2ac6d6f-6590-444c-8eaf-e53b134e6e79" "txab82e5f31a11419a9e6c2-006933a5b6" "proxy-server 97783" 0.0284 "-" 96608 0
Dec 05 22:40:38 np0005548588.novalocal proxy-server[97783]: ::1 ::1 06/Dec/2025/03/40/38 PUT /v1/AUTH_95cdd8211195472a81c78a7e409c4e1d/gnocchi.b2ac6d6f-6590-444c-8eaf-e53b134e6e79 HTTP/1.0 201 - python-swiftclient-4.6.0 gAAAAABpM6Wcv9qp... - - - txab82e5f31a11419a9e6c2-006933a5b6 - 0.0485 - - 1764992438.074801207 1764992438.123256922 0
Dec 05 22:40:38 np0005548588.novalocal account-server[96310]: ::1 - - [06/Dec/2025:03:40:38 +0000] "PUT /1/39867/AUTH_95cdd8211195472a81c78a7e409c4e1d/gnocchi.c20b5395-43dc-4196-9ba7-ab7c89b3abfb" 201 - "PUT http://[::1]:6001/2/183749/AUTH_95cdd8211195472a81c78a7e409c4e1d/gnocchi.c20b5395-43dc-4196-9ba7-ab7c89b3abfb" "tx3e8f6f048bfb43239f424-006933a5b6" "container-server 96608" 0.0044 "-" 96310 0
Dec 05 22:40:38 np0005548588.novalocal container-server[96608]: ::1 - - [06/Dec/2025:03:40:38 +0000] "PUT /2/183749/AUTH_95cdd8211195472a81c78a7e409c4e1d/gnocchi.c20b5395-43dc-4196-9ba7-ab7c89b3abfb" 201 - "PUT http://[::1]:8080/v1/AUTH_95cdd8211195472a81c78a7e409c4e1d/gnocchi.c20b5395-43dc-4196-9ba7-ab7c89b3abfb" "tx3e8f6f048bfb43239f424-006933a5b6" "proxy-server 97783" 0.0243 "-" 96608 0
Dec 05 22:40:38 np0005548588.novalocal proxy-server[97783]: ::1 ::1 06/Dec/2025/03/40/38 PUT /v1/AUTH_95cdd8211195472a81c78a7e409c4e1d/gnocchi.c20b5395-43dc-4196-9ba7-ab7c89b3abfb HTTP/1.0 201 - python-swiftclient-4.6.0 gAAAAABpM6Wpc2YR... - - - tx3e8f6f048bfb43239f424-006933a5b6 - 0.0550 - - 1764992438.075442076 1764992438.130441427 0
Dec 05 22:40:38 np0005548588.novalocal container-server[96609]: ::1 - - [06/Dec/2025:03:40:38 +0000] "HEAD /1/242950/AUTH_95cdd8211195472a81c78a7e409c4e1d/gnocchi.b2ac6d6f-6590-444c-8eaf-e53b134e6e79" 204 - "HEAD http://[::1]:8080/v1/AUTH_95cdd8211195472a81c78a7e409c4e1d/gnocchi.b2ac6d6f-6590-444c-8eaf-e53b134e6e79" "txe02930f3f0f948a1ad49a-006933a5b6" "proxy-server 97783" 0.0030 "-" 96609 0
Dec 05 22:40:38 np0005548588.novalocal proxy-server[97783]: - - 06/Dec/2025/03/40/38 HEAD /v1/AUTH_95cdd8211195472a81c78a7e409c4e1d/gnocchi.b2ac6d6f-6590-444c-8eaf-e53b134e6e79 HTTP/1.0 204 - Swift - - - - txe02930f3f0f948a1ad49a-006933a5b6 - 0.0060 CS - 1764992438.128242731 1764992438.134272099 0
Dec 05 22:40:38 np0005548588.novalocal container-server[96608]: ::1 - - [06/Dec/2025:03:40:38 +0000] "HEAD /3/183749/AUTH_95cdd8211195472a81c78a7e409c4e1d/gnocchi.c20b5395-43dc-4196-9ba7-ab7c89b3abfb" 204 - "HEAD http://[::1]:8080/v1/AUTH_95cdd8211195472a81c78a7e409c4e1d/gnocchi.c20b5395-43dc-4196-9ba7-ab7c89b3abfb" "tx268561b1c2a74aae84f0b-006933a5b6" "proxy-server 97783" 0.0012 "-" 96608 0
Dec 05 22:40:38 np0005548588.novalocal proxy-server[97783]: - - 06/Dec/2025/03/40/38 HEAD /v1/AUTH_95cdd8211195472a81c78a7e409c4e1d/gnocchi.c20b5395-43dc-4196-9ba7-ab7c89b3abfb HTTP/1.0 204 - Swift - - - - tx268561b1c2a74aae84f0b-006933a5b6 - 0.0140 CS - 1764992438.135430098 1764992438.149468660 0
Dec 05 22:40:38 np0005548588.novalocal container-server[96608]: ::1 - - [06/Dec/2025:03:40:38 +0000] "GET /1/242950/AUTH_95cdd8211195472a81c78a7e409c4e1d/gnocchi.b2ac6d6f-6590-444c-8eaf-e53b134e6e79" 200 2 "GET http://[::1]:8080/v1/AUTH_95cdd8211195472a81c78a7e409c4e1d/gnocchi.b2ac6d6f-6590-444c-8eaf-e53b134e6e79?format=json&states=listing" "txe02930f3f0f948a1ad49a-006933a5b6" "proxy-server 97783" 0.0016 "-" 96608 0
Dec 05 22:40:38 np0005548588.novalocal proxy-server[97783]: ::1 ::1 06/Dec/2025/03/40/38 GET /v1/AUTH_95cdd8211195472a81c78a7e409c4e1d/gnocchi.b2ac6d6f-6590-444c-8eaf-e53b134e6e79%3Fformat%3Djson%26states%3Dlisting HTTP/1.0 200 - python-swiftclient-4.6.0 gAAAAABpM6Wcv9qp... - 2 - txe02930f3f0f948a1ad49a-006933a5b6 - 0.0310 - - 1764992438.127621889 1764992438.158665180 0
Dec 05 22:40:38 np0005548588.novalocal container-server[96608]: ::1 - - [06/Dec/2025:03:40:38 +0000] "GET /1/183749/AUTH_95cdd8211195472a81c78a7e409c4e1d/gnocchi.c20b5395-43dc-4196-9ba7-ab7c89b3abfb" 200 2 "GET http://[::1]:8080/v1/AUTH_95cdd8211195472a81c78a7e409c4e1d/gnocchi.c20b5395-43dc-4196-9ba7-ab7c89b3abfb?format=json&states=listing" "tx268561b1c2a74aae84f0b-006933a5b6" "proxy-server 97783" 0.0015 "-" 96608 0
Dec 05 22:40:38 np0005548588.novalocal proxy-server[97783]: ::1 ::1 06/Dec/2025/03/40/38 GET /v1/AUTH_95cdd8211195472a81c78a7e409c4e1d/gnocchi.c20b5395-43dc-4196-9ba7-ab7c89b3abfb%3Fformat%3Djson%26states%3Dlisting HTTP/1.0 200 - python-swiftclient-4.6.0 gAAAAABpM6Wpc2YR... - 2 - tx268561b1c2a74aae84f0b-006933a5b6 - 0.0348 - - 1764992438.132909536 1764992438.167705536 0
Dec 05 22:40:38 np0005548588.novalocal object-server[96905]: ::1 - - [06/Dec/2025:03:40:38 +0000] "GET /2/132389/AUTH_95cdd8211195472a81c78a7e409c4e1d/gnocchi.b2ac6d6f-6590-444c-8eaf-e53b134e6e79/1764720000.0_mean_300.0_v3" 404 70 "GET http://[::1]:8080/v1/AUTH_95cdd8211195472a81c78a7e409c4e1d/gnocchi.b2ac6d6f-6590-444c-8eaf-e53b134e6e79/1764720000.0_mean_300.0_v3" "tx5c83732b4d6c4dca949ff-006933a5b6" "proxy-server 97783" 0.0006 "-" 96905 0
Dec 05 22:40:38 np0005548588.novalocal object-server[96905]: ::1 - - [06/Dec/2025:03:40:38 +0000] "GET /3/254703/AUTH_95cdd8211195472a81c78a7e409c4e1d/gnocchi.c20b5395-43dc-4196-9ba7-ab7c89b3abfb/1764720000.0_mean_300.0_v3" 404 70 "GET http://[::1]:8080/v1/AUTH_95cdd8211195472a81c78a7e409c4e1d/gnocchi.c20b5395-43dc-4196-9ba7-ab7c89b3abfb/1764720000.0_mean_300.0_v3" "tx6538f566892c4ce183460-006933a5b6" "proxy-server 97783" 0.0009 "-" 96905 0
Dec 05 22:40:38 np0005548588.novalocal object-server[96905]: ::1 - - [06/Dec/2025:03:40:38 +0000] "GET /3/132389/AUTH_95cdd8211195472a81c78a7e409c4e1d/gnocchi.b2ac6d6f-6590-444c-8eaf-e53b134e6e79/1764720000.0_mean_300.0_v3" 404 70 "GET http://[::1]:8080/v1/AUTH_95cdd8211195472a81c78a7e409c4e1d/gnocchi.b2ac6d6f-6590-444c-8eaf-e53b134e6e79/1764720000.0_mean_300.0_v3" "tx5c83732b4d6c4dca949ff-006933a5b6" "proxy-server 97783" 0.0007 "-" 96905 0
Dec 05 22:40:38 np0005548588.novalocal object-server[96906]: ::1 - - [06/Dec/2025:03:40:38 +0000] "GET /2/254703/AUTH_95cdd8211195472a81c78a7e409c4e1d/gnocchi.c20b5395-43dc-4196-9ba7-ab7c89b3abfb/1764720000.0_mean_300.0_v3" 404 70 "GET http://[::1]:8080/v1/AUTH_95cdd8211195472a81c78a7e409c4e1d/gnocchi.c20b5395-43dc-4196-9ba7-ab7c89b3abfb/1764720000.0_mean_300.0_v3" "tx6538f566892c4ce183460-006933a5b6" "proxy-server 97783" 0.0004 "-" 96906 0
Dec 05 22:40:38 np0005548588.novalocal object-server[96906]: ::1 - - [06/Dec/2025:03:40:38 +0000] "GET /1/132389/AUTH_95cdd8211195472a81c78a7e409c4e1d/gnocchi.b2ac6d6f-6590-444c-8eaf-e53b134e6e79/1764720000.0_mean_300.0_v3" 404 70 "GET http://[::1]:8080/v1/AUTH_95cdd8211195472a81c78a7e409c4e1d/gnocchi.b2ac6d6f-6590-444c-8eaf-e53b134e6e79/1764720000.0_mean_300.0_v3" "tx5c83732b4d6c4dca949ff-006933a5b6" "proxy-server 97783" 0.0005 "-" 96906 0
Dec 05 22:40:38 np0005548588.novalocal proxy-server[97783]: ::1 ::1 06/Dec/2025/03/40/38 GET /v1/AUTH_95cdd8211195472a81c78a7e409c4e1d/gnocchi.b2ac6d6f-6590-444c-8eaf-e53b134e6e79/1764720000.0_mean_300.0_v3 HTTP/1.0 404 - python-swiftclient-4.6.0 gAAAAABpM6Wcv9qp... - 70 - tx5c83732b4d6c4dca949ff-006933a5b6 - 0.0423 - - 1764992438.166339159 1764992438.208594799 0
Dec 05 22:40:38 np0005548588.novalocal object-server[96905]: ::1 - - [06/Dec/2025:03:40:38 +0000] "GET /1/254703/AUTH_95cdd8211195472a81c78a7e409c4e1d/gnocchi.c20b5395-43dc-4196-9ba7-ab7c89b3abfb/1764720000.0_mean_300.0_v3" 404 70 "GET http://[::1]:8080/v1/AUTH_95cdd8211195472a81c78a7e409c4e1d/gnocchi.c20b5395-43dc-4196-9ba7-ab7c89b3abfb/1764720000.0_mean_300.0_v3" "tx6538f566892c4ce183460-006933a5b6" "proxy-server 97783" 0.0007 "-" 96905 0
Dec 05 22:40:38 np0005548588.novalocal proxy-server[97783]: ::1 ::1 06/Dec/2025/03/40/38 GET /v1/AUTH_95cdd8211195472a81c78a7e409c4e1d/gnocchi.c20b5395-43dc-4196-9ba7-ab7c89b3abfb/1764720000.0_mean_300.0_v3 HTTP/1.0 404 - python-swiftclient-4.6.0 gAAAAABpM6Wpc2YR... - 70 - tx6538f566892c4ce183460-006933a5b6 - 0.0352 - - 1764992438.175912619 1764992438.211122513 0
Dec 05 22:40:38 np0005548588.novalocal sudo[104246]: cinder : PWD=/ ; USER=root ; COMMAND=/usr/bin/cinder-rootwrap /etc/cinder/rootwrap.conf cinder-rtstool delete-initiator iqn.2010-10.org.openstack:volume-f0ba35fa-7e31-4dd1-a248-8a7e38b958d1 iqn.1994-05.com.redhat:5b2c26d424b7
Dec 05 22:40:38 np0005548588.novalocal systemd[1]: Started Session c129 of User root.
Dec 05 22:40:38 np0005548588.novalocal sudo[104246]: pam_unix(sudo:session): session opened for user root(uid=0) by (uid=165)
Dec 05 22:40:38 np0005548588.novalocal container-server[96609]: ::1 - - [06/Dec/2025:03:40:38 +0000] "PUT /3/242950/AUTH_95cdd8211195472a81c78a7e409c4e1d/gnocchi.b2ac6d6f-6590-444c-8eaf-e53b134e6e79/1764720000.0_mean_300.0_v3" 201 - "PUT http://[::1]:8080/2/132389/AUTH_95cdd8211195472a81c78a7e409c4e1d/gnocchi.b2ac6d6f-6590-444c-8eaf-e53b134e6e79/1764720000.0_mean_300.0_v3" "txf67c495a9b4248d59932d-006933a5b6" "object-server 96906" 0.0005 "-" 96609 0
Dec 05 22:40:38 np0005548588.novalocal object-server[96906]: ::1 - - [06/Dec/2025:03:40:38 +0000] "PUT /2/132389/AUTH_95cdd8211195472a81c78a7e409c4e1d/gnocchi.b2ac6d6f-6590-444c-8eaf-e53b134e6e79/1764720000.0_mean_300.0_v3" 201 - "PUT http://[::1]:8080/v1/AUTH_95cdd8211195472a81c78a7e409c4e1d/gnocchi.b2ac6d6f-6590-444c-8eaf-e53b134e6e79/1764720000.0_mean_300.0_v3" "txf67c495a9b4248d59932d-006933a5b6" "proxy-server 97783" 0.2256 "-" 96906 0
Dec 05 22:40:38 np0005548588.novalocal container-server[96609]: ::1 - - [06/Dec/2025:03:40:38 +0000] "PUT /2/242950/AUTH_95cdd8211195472a81c78a7e409c4e1d/gnocchi.b2ac6d6f-6590-444c-8eaf-e53b134e6e79/1764720000.0_mean_300.0_v3" 201 - "PUT http://[::1]:8080/1/132389/AUTH_95cdd8211195472a81c78a7e409c4e1d/gnocchi.b2ac6d6f-6590-444c-8eaf-e53b134e6e79/1764720000.0_mean_300.0_v3" "txf67c495a9b4248d59932d-006933a5b6" "object-server 96906" 0.0003 "-" 96609 0
Dec 05 22:40:38 np0005548588.novalocal container-server[96608]: ::1 - - [06/Dec/2025:03:40:38 +0000] "PUT /1/242950/AUTH_95cdd8211195472a81c78a7e409c4e1d/gnocchi.b2ac6d6f-6590-444c-8eaf-e53b134e6e79/1764720000.0_mean_300.0_v3" 201 - "PUT http://[::1]:8080/3/132389/AUTH_95cdd8211195472a81c78a7e409c4e1d/gnocchi.b2ac6d6f-6590-444c-8eaf-e53b134e6e79/1764720000.0_mean_300.0_v3" "txf67c495a9b4248d59932d-006933a5b6" "object-server 96905" 0.0005 "-" 96608 0
Dec 05 22:40:38 np0005548588.novalocal container-server[96609]: ::1 - - [06/Dec/2025:03:40:38 +0000] "PUT /3/183749/AUTH_95cdd8211195472a81c78a7e409c4e1d/gnocchi.c20b5395-43dc-4196-9ba7-ab7c89b3abfb/1764720000.0_mean_300.0_v3" 201 - "PUT http://[::1]:8080/3/254703/AUTH_95cdd8211195472a81c78a7e409c4e1d/gnocchi.c20b5395-43dc-4196-9ba7-ab7c89b3abfb/1764720000.0_mean_300.0_v3" "tx4359701c9699428c8ce8e-006933a5b6" "object-server 96905" 0.0003 "-" 96609 0
Dec 05 22:40:38 np0005548588.novalocal object-server[96905]: ::1 - - [06/Dec/2025:03:40:38 +0000] "PUT /3/132389/AUTH_95cdd8211195472a81c78a7e409c4e1d/gnocchi.b2ac6d6f-6590-444c-8eaf-e53b134e6e79/1764720000.0_mean_300.0_v3" 201 - "PUT http://[::1]:8080/v1/AUTH_95cdd8211195472a81c78a7e409c4e1d/gnocchi.b2ac6d6f-6590-444c-8eaf-e53b134e6e79/1764720000.0_mean_300.0_v3" "txf67c495a9b4248d59932d-006933a5b6" "proxy-server 97783" 0.2163 "-" 96905 0
Dec 05 22:40:38 np0005548588.novalocal object-server[96905]: ::1 - - [06/Dec/2025:03:40:38 +0000] "PUT /3/254703/AUTH_95cdd8211195472a81c78a7e409c4e1d/gnocchi.c20b5395-43dc-4196-9ba7-ab7c89b3abfb/1764720000.0_mean_300.0_v3" 201 - "PUT http://[::1]:8080/v1/AUTH_95cdd8211195472a81c78a7e409c4e1d/gnocchi.c20b5395-43dc-4196-9ba7-ab7c89b3abfb/1764720000.0_mean_300.0_v3" "tx4359701c9699428c8ce8e-006933a5b6" "proxy-server 97783" 0.2148 "-" 96905 0
Dec 05 22:40:38 np0005548588.novalocal object-server[96906]: ::1 - - [06/Dec/2025:03:40:38 +0000] "PUT /1/132389/AUTH_95cdd8211195472a81c78a7e409c4e1d/gnocchi.b2ac6d6f-6590-444c-8eaf-e53b134e6e79/1764720000.0_mean_300.0_v3" 201 - "PUT http://[::1]:8080/v1/AUTH_95cdd8211195472a81c78a7e409c4e1d/gnocchi.b2ac6d6f-6590-444c-8eaf-e53b134e6e79/1764720000.0_mean_300.0_v3" "txf67c495a9b4248d59932d-006933a5b6" "proxy-server 97783" 0.2267 "-" 96906 0
Dec 05 22:40:38 np0005548588.novalocal container-server[96609]: ::1 - - [06/Dec/2025:03:40:38 +0000] "PUT /1/183749/AUTH_95cdd8211195472a81c78a7e409c4e1d/gnocchi.c20b5395-43dc-4196-9ba7-ab7c89b3abfb/1764720000.0_mean_300.0_v3" 201 - "PUT http://[::1]:8080/1/254703/AUTH_95cdd8211195472a81c78a7e409c4e1d/gnocchi.c20b5395-43dc-4196-9ba7-ab7c89b3abfb/1764720000.0_mean_300.0_v3" "tx4359701c9699428c8ce8e-006933a5b6" "object-server 96905" 0.0004 "-" 96609 0
Dec 05 22:40:38 np0005548588.novalocal container-server[96608]: ::1 - - [06/Dec/2025:03:40:38 +0000] "PUT /2/183749/AUTH_95cdd8211195472a81c78a7e409c4e1d/gnocchi.c20b5395-43dc-4196-9ba7-ab7c89b3abfb/1764720000.0_mean_300.0_v3" 201 - "PUT http://[::1]:8080/2/254703/AUTH_95cdd8211195472a81c78a7e409c4e1d/gnocchi.c20b5395-43dc-4196-9ba7-ab7c89b3abfb/1764720000.0_mean_300.0_v3" "tx4359701c9699428c8ce8e-006933a5b6" "object-server 96906" 0.0003 "-" 96608 0
Dec 05 22:40:38 np0005548588.novalocal proxy-server[97783]: ::1 ::1 06/Dec/2025/03/40/38 PUT /v1/AUTH_95cdd8211195472a81c78a7e409c4e1d/gnocchi.b2ac6d6f-6590-444c-8eaf-e53b134e6e79/1764720000.0_mean_300.0_v3 HTTP/1.0 201 - python-swiftclient-4.6.0 gAAAAABpM6Wcv9qp... 16 - - txf67c495a9b4248d59932d-006933a5b6 - 0.2489 - - 1764992438.218015432 1764992438.466891527 0
Dec 05 22:40:38 np0005548588.novalocal object-server[96905]: ::1 - - [06/Dec/2025:03:40:38 +0000] "PUT /1/254703/AUTH_95cdd8211195472a81c78a7e409c4e1d/gnocchi.c20b5395-43dc-4196-9ba7-ab7c89b3abfb/1764720000.0_mean_300.0_v3" 201 - "PUT http://[::1]:8080/v1/AUTH_95cdd8211195472a81c78a7e409c4e1d/gnocchi.c20b5395-43dc-4196-9ba7-ab7c89b3abfb/1764720000.0_mean_300.0_v3" "tx4359701c9699428c8ce8e-006933a5b6" "proxy-server 97783" 0.2152 "-" 96905 0
Dec 05 22:40:38 np0005548588.novalocal object-server[96906]: ::1 - - [06/Dec/2025:03:40:38 +0000] "PUT /2/254703/AUTH_95cdd8211195472a81c78a7e409c4e1d/gnocchi.c20b5395-43dc-4196-9ba7-ab7c89b3abfb/1764720000.0_mean_300.0_v3" 201 - "PUT http://[::1]:8080/v1/AUTH_95cdd8211195472a81c78a7e409c4e1d/gnocchi.c20b5395-43dc-4196-9ba7-ab7c89b3abfb/1764720000.0_mean_300.0_v3" "tx4359701c9699428c8ce8e-006933a5b6" "proxy-server 97783" 0.2300 "-" 96906 0
Dec 05 22:40:38 np0005548588.novalocal proxy-server[97783]: ::1 ::1 06/Dec/2025/03/40/38 PUT /v1/AUTH_95cdd8211195472a81c78a7e409c4e1d/gnocchi.c20b5395-43dc-4196-9ba7-ab7c89b3abfb/1764720000.0_mean_300.0_v3 HTTP/1.0 201 - python-swiftclient-4.6.0 gAAAAABpM6Wpc2YR... 16 - - tx4359701c9699428c8ce8e-006933a5b6 - 0.2523 - - 1764992438.216336966 1764992438.468598366 0
Dec 05 22:40:38 np0005548588.novalocal container-server[96608]: ::1 - - [06/Dec/2025:03:40:38 +0000] "PUT /3/183749/AUTH_95cdd8211195472a81c78a7e409c4e1d/gnocchi.c20b5395-43dc-4196-9ba7-ab7c89b3abfb/none_v3" 201 - "PUT http://[::1]:8080/3/50938/AUTH_95cdd8211195472a81c78a7e409c4e1d/gnocchi.c20b5395-43dc-4196-9ba7-ab7c89b3abfb/none_v3" "txf83492657dda4cce8a55b-006933a5b6" "object-server 96905" 0.0004 "-" 96608 0
Dec 05 22:40:38 np0005548588.novalocal object-server[96905]: ::1 - - [06/Dec/2025:03:40:38 +0000] "PUT /3/50938/AUTH_95cdd8211195472a81c78a7e409c4e1d/gnocchi.c20b5395-43dc-4196-9ba7-ab7c89b3abfb/none_v3" 201 - "PUT http://[::1]:8080/v1/AUTH_95cdd8211195472a81c78a7e409c4e1d/gnocchi.c20b5395-43dc-4196-9ba7-ab7c89b3abfb/none_v3" "txf83492657dda4cce8a55b-006933a5b6" "proxy-server 97783" 0.0159 "-" 96905 0
Dec 05 22:40:38 np0005548588.novalocal container-server[96609]: ::1 - - [06/Dec/2025:03:40:38 +0000] "PUT /1/183749/AUTH_95cdd8211195472a81c78a7e409c4e1d/gnocchi.c20b5395-43dc-4196-9ba7-ab7c89b3abfb/none_v3" 201 - "PUT http://[::1]:8080/1/50938/AUTH_95cdd8211195472a81c78a7e409c4e1d/gnocchi.c20b5395-43dc-4196-9ba7-ab7c89b3abfb/none_v3" "txf83492657dda4cce8a55b-006933a5b6" "object-server 96906" 0.0007 "-" 96609 0
Dec 05 22:40:38 np0005548588.novalocal container-server[96609]: ::1 - - [06/Dec/2025:03:40:38 +0000] "PUT /1/242950/AUTH_95cdd8211195472a81c78a7e409c4e1d/gnocchi.b2ac6d6f-6590-444c-8eaf-e53b134e6e79/none_v3" 201 - "PUT http://[::1]:8080/1/190603/AUTH_95cdd8211195472a81c78a7e409c4e1d/gnocchi.b2ac6d6f-6590-444c-8eaf-e53b134e6e79/none_v3" "tx690ff1b255a943469eb16-006933a5b6" "object-server 96905" 0.0004 "-" 96609 0
Dec 05 22:40:38 np0005548588.novalocal object-server[96905]: ::1 - - [06/Dec/2025:03:40:38 +0000] "PUT /1/190603/AUTH_95cdd8211195472a81c78a7e409c4e1d/gnocchi.b2ac6d6f-6590-444c-8eaf-e53b134e6e79/none_v3" 201 - "PUT http://[::1]:8080/v1/AUTH_95cdd8211195472a81c78a7e409c4e1d/gnocchi.b2ac6d6f-6590-444c-8eaf-e53b134e6e79/none_v3" "tx690ff1b255a943469eb16-006933a5b6" "proxy-server 97783" 0.0144 "-" 96905 0
Dec 05 22:40:38 np0005548588.novalocal object-server[96906]: ::1 - - [06/Dec/2025:03:40:38 +0000] "PUT /1/50938/AUTH_95cdd8211195472a81c78a7e409c4e1d/gnocchi.c20b5395-43dc-4196-9ba7-ab7c89b3abfb/none_v3" 201 - "PUT http://[::1]:8080/v1/AUTH_95cdd8211195472a81c78a7e409c4e1d/gnocchi.c20b5395-43dc-4196-9ba7-ab7c89b3abfb/none_v3" "txf83492657dda4cce8a55b-006933a5b6" "proxy-server 97783" 0.0210 "-" 96906 0
Dec 05 22:40:38 np0005548588.novalocal container-server[96608]: ::1 - - [06/Dec/2025:03:40:38 +0000] "PUT /2/183749/AUTH_95cdd8211195472a81c78a7e409c4e1d/gnocchi.c20b5395-43dc-4196-9ba7-ab7c89b3abfb/none_v3" 201 - "PUT http://[::1]:8080/2/50938/AUTH_95cdd8211195472a81c78a7e409c4e1d/gnocchi.c20b5395-43dc-4196-9ba7-ab7c89b3abfb/none_v3" "txf83492657dda4cce8a55b-006933a5b6" "object-server 96906" 0.0003 "-" 96608 0
Dec 05 22:40:38 np0005548588.novalocal object-server[96906]: ::1 - - [06/Dec/2025:03:40:38 +0000] "PUT /2/50938/AUTH_95cdd8211195472a81c78a7e409c4e1d/gnocchi.c20b5395-43dc-4196-9ba7-ab7c89b3abfb/none_v3" 201 - "PUT http://[::1]:8080/v1/AUTH_95cdd8211195472a81c78a7e409c4e1d/gnocchi.c20b5395-43dc-4196-9ba7-ab7c89b3abfb/none_v3" "txf83492657dda4cce8a55b-006933a5b6" "proxy-server 97783" 0.0221 "-" 96906 0
Dec 05 22:40:38 np0005548588.novalocal proxy-server[97783]: ::1 ::1 06/Dec/2025/03/40/38 PUT /v1/AUTH_95cdd8211195472a81c78a7e409c4e1d/gnocchi.c20b5395-43dc-4196-9ba7-ab7c89b3abfb/none_v3 HTTP/1.0 201 - python-swiftclient-4.6.0 gAAAAABpM6Wpc2YR... 22 - - txf83492657dda4cce8a55b-006933a5b6 - 0.0314 - - 1764992438.471121311 1764992438.502538443 0
Dec 05 22:40:38 np0005548588.novalocal container-server[96609]: ::1 - - [06/Dec/2025:03:40:38 +0000] "PUT /2/242950/AUTH_95cdd8211195472a81c78a7e409c4e1d/gnocchi.b2ac6d6f-6590-444c-8eaf-e53b134e6e79/none_v3" 201 - "PUT http://[::1]:8080/2/190603/AUTH_95cdd8211195472a81c78a7e409c4e1d/gnocchi.b2ac6d6f-6590-444c-8eaf-e53b134e6e79/none_v3" "tx690ff1b255a943469eb16-006933a5b6" "object-server 96906" 0.0004 "-" 96609 0
Dec 05 22:40:38 np0005548588.novalocal container-server[96608]: ::1 - - [06/Dec/2025:03:40:38 +0000] "PUT /3/242950/AUTH_95cdd8211195472a81c78a7e409c4e1d/gnocchi.b2ac6d6f-6590-444c-8eaf-e53b134e6e79/none_v3" 201 - "PUT http://[::1]:8080/3/190603/AUTH_95cdd8211195472a81c78a7e409c4e1d/gnocchi.b2ac6d6f-6590-444c-8eaf-e53b134e6e79/none_v3" "tx690ff1b255a943469eb16-006933a5b6" "object-server 96906" 0.0003 "-" 96608 0
Dec 05 22:40:38 np0005548588.novalocal object-server[96906]: ::1 - - [06/Dec/2025:03:40:38 +0000] "PUT /2/190603/AUTH_95cdd8211195472a81c78a7e409c4e1d/gnocchi.b2ac6d6f-6590-444c-8eaf-e53b134e6e79/none_v3" 201 - "PUT http://[::1]:8080/v1/AUTH_95cdd8211195472a81c78a7e409c4e1d/gnocchi.b2ac6d6f-6590-444c-8eaf-e53b134e6e79/none_v3" "tx690ff1b255a943469eb16-006933a5b6" "proxy-server 97783" 0.0295 "-" 96906 0
Dec 05 22:40:38 np0005548588.novalocal object-server[96906]: ::1 - - [06/Dec/2025:03:40:38 +0000] "PUT /3/190603/AUTH_95cdd8211195472a81c78a7e409c4e1d/gnocchi.b2ac6d6f-6590-444c-8eaf-e53b134e6e79/none_v3" 201 - "PUT http://[::1]:8080/v1/AUTH_95cdd8211195472a81c78a7e409c4e1d/gnocchi.b2ac6d6f-6590-444c-8eaf-e53b134e6e79/none_v3" "tx690ff1b255a943469eb16-006933a5b6" "proxy-server 97783" 0.0331 "-" 96906 0
Dec 05 22:40:38 np0005548588.novalocal proxy-server[97783]: ::1 ::1 06/Dec/2025/03/40/38 PUT /v1/AUTH_95cdd8211195472a81c78a7e409c4e1d/gnocchi.b2ac6d6f-6590-444c-8eaf-e53b134e6e79/none_v3 HTTP/1.0 201 - python-swiftclient-4.6.0 gAAAAABpM6Wcv9qp... 22 - - tx690ff1b255a943469eb16-006933a5b6 - 0.0484 - - 1764992438.470022202 1764992438.518409252 0
Dec 05 22:40:38 np0005548588.novalocal object-server[96906]: ::1 - - [06/Dec/2025:03:40:38 +0000] "GET /2/240220/AUTH_95cdd8211195472a81c78a7e409c4e1d/gnocchi.1d6e112a-ae5c-4068-93e2-5f35449a127d/none_v3" 200 22 "GET http://[::1]:8080/v1/AUTH_95cdd8211195472a81c78a7e409c4e1d/gnocchi.1d6e112a-ae5c-4068-93e2-5f35449a127d/none_v3" "tx6287dda1521c488da9f1b-006933a5b6" "proxy-server 97783" 0.0012 "-" 96906 0
Dec 05 22:40:38 np0005548588.novalocal proxy-server[97783]: ::1 ::1 06/Dec/2025/03/40/38 GET /v1/AUTH_95cdd8211195472a81c78a7e409c4e1d/gnocchi.1d6e112a-ae5c-4068-93e2-5f35449a127d/none_v3 HTTP/1.0 200 - python-swiftclient-4.6.0 gAAAAABpM6Wpc2YR... - 22 - tx6287dda1521c488da9f1b-006933a5b6 - 0.0219 - - 1764992438.514240980 1764992438.536171675 0
Dec 05 22:40:38 np0005548588.novalocal container-server[96608]: ::1 - - [06/Dec/2025:03:40:38 +0000] "GET /3/52031/AUTH_95cdd8211195472a81c78a7e409c4e1d/gnocchi.1d6e112a-ae5c-4068-93e2-5f35449a127d" 200 357 "GET http://[::1]:8080/v1/AUTH_95cdd8211195472a81c78a7e409c4e1d/gnocchi.1d6e112a-ae5c-4068-93e2-5f35449a127d?format=json&states=listing" "tx7decba480f3345ebb5f55-006933a5b6" "proxy-server 97783" 0.0292 "-" 96608 0
Dec 05 22:40:38 np0005548588.novalocal proxy-server[97783]: ::1 ::1 06/Dec/2025/03/40/38 GET /v1/AUTH_95cdd8211195472a81c78a7e409c4e1d/gnocchi.1d6e112a-ae5c-4068-93e2-5f35449a127d%3Fformat%3Djson%26states%3Dlisting HTTP/1.0 200 - python-swiftclient-4.6.0 gAAAAABpM6Wpc2YR... - 357 - tx7decba480f3345ebb5f55-006933a5b6 - 0.0377 - - 1764992438.538874865 1764992438.576582909 0
Dec 05 22:40:38 np0005548588.novalocal container-server[96608]: ::1 - - [06/Dec/2025:03:40:38 +0000] "GET /2/52031/AUTH_95cdd8211195472a81c78a7e409c4e1d/gnocchi.1d6e112a-ae5c-4068-93e2-5f35449a127d" 200 2 "GET http://[::1]:8080/v1/AUTH_95cdd8211195472a81c78a7e409c4e1d/gnocchi.1d6e112a-ae5c-4068-93e2-5f35449a127d?format=json&marker=none_v3&states=listing" "tx60e297c74c5e4b07a78a9-006933a5b6" "proxy-server 97783" 0.0062 "-" 96608 0
Dec 05 22:40:38 np0005548588.novalocal proxy-server[97783]: ::1 ::1 06/Dec/2025/03/40/38 GET /v1/AUTH_95cdd8211195472a81c78a7e409c4e1d/gnocchi.1d6e112a-ae5c-4068-93e2-5f35449a127d%3Fformat%3Djson%26marker%3Dnone_v3%26states%3Dlisting HTTP/1.0 200 - python-swiftclient-4.6.0 gAAAAABpM6Wpc2YR... - 2 - tx60e297c74c5e4b07a78a9-006933a5b6 - 0.0158 - - 1764992438.578840017 1764992438.594603539 0
Dec 05 22:40:38 np0005548588.novalocal object-server[96905]: ::1 - - [06/Dec/2025:03:40:38 +0000] "GET /3/31722/AUTH_95cdd8211195472a81c78a7e409c4e1d/gnocchi.1d6e112a-ae5c-4068-93e2-5f35449a127d/1764720000.0_mean_300.0_v3" 200 16 "GET http://[::1]:8080/v1/AUTH_95cdd8211195472a81c78a7e409c4e1d/gnocchi.1d6e112a-ae5c-4068-93e2-5f35449a127d/1764720000.0_mean_300.0_v3" "tx4ed99ae21b62421f9c4fc-006933a5b6" "proxy-server 97783" 0.0009 "-" 96905 0
Dec 05 22:40:38 np0005548588.novalocal proxy-server[97783]: ::1 ::1 06/Dec/2025/03/40/38 GET /v1/AUTH_95cdd8211195472a81c78a7e409c4e1d/gnocchi.1d6e112a-ae5c-4068-93e2-5f35449a127d/1764720000.0_mean_300.0_v3 HTTP/1.0 200 - python-swiftclient-4.6.0 gAAAAABpM6Wpc2YR... - 16 - tx4ed99ae21b62421f9c4fc-006933a5b6 - 0.0063 - - 1764992438.597665071 1764992438.603997231 0
Dec 05 22:40:38 np0005548588.novalocal container-server[96608]: ::1 - - [06/Dec/2025:03:40:38 +0000] "PUT /3/52031/AUTH_95cdd8211195472a81c78a7e409c4e1d/gnocchi.1d6e112a-ae5c-4068-93e2-5f35449a127d/1764720000.0_mean_300.0_v3" 201 - "PUT http://[::1]:8080/1/31722/AUTH_95cdd8211195472a81c78a7e409c4e1d/gnocchi.1d6e112a-ae5c-4068-93e2-5f35449a127d/1764720000.0_mean_300.0_v3" "txaffff0f7ee1746e5ad94d-006933a5b6" "object-server 96905" 0.0005 "-" 96608 0
Dec 05 22:40:38 np0005548588.novalocal object-server[96905]: ::1 - - [06/Dec/2025:03:40:38 +0000] "PUT /1/31722/AUTH_95cdd8211195472a81c78a7e409c4e1d/gnocchi.1d6e112a-ae5c-4068-93e2-5f35449a127d/1764720000.0_mean_300.0_v3" 201 - "PUT http://[::1]:8080/v1/AUTH_95cdd8211195472a81c78a7e409c4e1d/gnocchi.1d6e112a-ae5c-4068-93e2-5f35449a127d/1764720000.0_mean_300.0_v3" "txaffff0f7ee1746e5ad94d-006933a5b6" "proxy-server 97783" 0.0081 "-" 96905 0
Dec 05 22:40:38 np0005548588.novalocal container-server[96609]: ::1 - - [06/Dec/2025:03:40:38 +0000] "PUT /2/52031/AUTH_95cdd8211195472a81c78a7e409c4e1d/gnocchi.1d6e112a-ae5c-4068-93e2-5f35449a127d/1764720000.0_mean_300.0_v3" 201 - "PUT http://[::1]:8080/2/31722/AUTH_95cdd8211195472a81c78a7e409c4e1d/gnocchi.1d6e112a-ae5c-4068-93e2-5f35449a127d/1764720000.0_mean_300.0_v3" "txaffff0f7ee1746e5ad94d-006933a5b6" "object-server 96905" 0.0006 "-" 96609 0
Dec 05 22:40:38 np0005548588.novalocal container-server[96608]: ::1 - - [06/Dec/2025:03:40:38 +0000] "PUT /1/52031/AUTH_95cdd8211195472a81c78a7e409c4e1d/gnocchi.1d6e112a-ae5c-4068-93e2-5f35449a127d/1764720000.0_mean_300.0_v3" 201 - "PUT http://[::1]:8080/3/31722/AUTH_95cdd8211195472a81c78a7e409c4e1d/gnocchi.1d6e112a-ae5c-4068-93e2-5f35449a127d/1764720000.0_mean_300.0_v3" "txaffff0f7ee1746e5ad94d-006933a5b6" "object-server 96906" 0.0006 "-" 96608 0
Dec 05 22:40:38 np0005548588.novalocal object-server[96905]: ::1 - - [06/Dec/2025:03:40:38 +0000] "PUT /2/31722/AUTH_95cdd8211195472a81c78a7e409c4e1d/gnocchi.1d6e112a-ae5c-4068-93e2-5f35449a127d/1764720000.0_mean_300.0_v3" 201 - "PUT http://[::1]:8080/v1/AUTH_95cdd8211195472a81c78a7e409c4e1d/gnocchi.1d6e112a-ae5c-4068-93e2-5f35449a127d/1764720000.0_mean_300.0_v3" "txaffff0f7ee1746e5ad94d-006933a5b6" "proxy-server 97783" 0.0108 "-" 96905 0
Dec 05 22:40:38 np0005548588.novalocal object-server[96906]: ::1 - - [06/Dec/2025:03:40:38 +0000] "PUT /3/31722/AUTH_95cdd8211195472a81c78a7e409c4e1d/gnocchi.1d6e112a-ae5c-4068-93e2-5f35449a127d/1764720000.0_mean_300.0_v3" 201 - "PUT http://[::1]:8080/v1/AUTH_95cdd8211195472a81c78a7e409c4e1d/gnocchi.1d6e112a-ae5c-4068-93e2-5f35449a127d/1764720000.0_mean_300.0_v3" "txaffff0f7ee1746e5ad94d-006933a5b6" "proxy-server 97783" 0.0107 "-" 96906 0
Dec 05 22:40:38 np0005548588.novalocal proxy-server[97783]: ::1 ::1 06/Dec/2025/03/40/38 PUT /v1/AUTH_95cdd8211195472a81c78a7e409c4e1d/gnocchi.1d6e112a-ae5c-4068-93e2-5f35449a127d/1764720000.0_mean_300.0_v3 HTTP/1.0 201 - python-swiftclient-4.6.0 gAAAAABpM6Wpc2YR... 16 - - txaffff0f7ee1746e5ad94d-006933a5b6 - 0.0184 - - 1764992438.606404543 1764992438.624824762 0
Dec 05 22:40:38 np0005548588.novalocal container-server[96609]: ::1 - - [06/Dec/2025:03:40:38 +0000] "PUT /2/52031/AUTH_95cdd8211195472a81c78a7e409c4e1d/gnocchi.1d6e112a-ae5c-4068-93e2-5f35449a127d/none_v3" 201 - "PUT http://[::1]:8080/3/240220/AUTH_95cdd8211195472a81c78a7e409c4e1d/gnocchi.1d6e112a-ae5c-4068-93e2-5f35449a127d/none_v3" "txc434d88bf5514272b44cd-006933a5b6" "object-server 96905" 0.0005 "-" 96609 0
