Nov 28 19:40:40 np0005539311.novalocal container-server[96358]: ::1 - - [29/Nov/2025:00:40:40 +0000] "PUT /3/159593/AUTH_1f36317bec034bb2906d703b614505b0/gnocchi.1753e439-a6c8-4f8c-a831-ae06f36244b9/none_v3" 201 - "PUT http://[::1]:8080/2/81609/AUTH_1f36317bec034bb2906d703b614505b0/gnocchi.1753e439-a6c8-4f8c-a831-ae06f36244b9/none_v3" "txb0ef3f61b6854f088d80d-00692a4108" "object-server 96662" 0.0006 "-" 96358 0
Nov 28 19:40:40 np0005539311.novalocal container-server[96355]: ::1 - - [29/Nov/2025:00:40:40 +0000] "PUT /1/159593/AUTH_1f36317bec034bb2906d703b614505b0/gnocchi.1753e439-a6c8-4f8c-a831-ae06f36244b9/none_v3" 201 - "PUT http://[::1]:8080/1/81609/AUTH_1f36317bec034bb2906d703b614505b0/gnocchi.1753e439-a6c8-4f8c-a831-ae06f36244b9/none_v3" "txb0ef3f61b6854f088d80d-00692a4108" "object-server 96659" 0.0007 "-" 96355 0
Nov 28 19:40:40 np0005539311.novalocal object-server[96659]: ::1 - - [29/Nov/2025:00:40:40 +0000] "PUT /1/81609/AUTH_1f36317bec034bb2906d703b614505b0/gnocchi.1753e439-a6c8-4f8c-a831-ae06f36244b9/none_v3" 201 - "PUT http://[::1]:8080/v1/AUTH_1f36317bec034bb2906d703b614505b0/gnocchi.1753e439-a6c8-4f8c-a831-ae06f36244b9/none_v3" "txb0ef3f61b6854f088d80d-00692a4108" "proxy-server 89446" 0.0200 "-" 96659 0
Nov 28 19:40:40 np0005539311.novalocal object-server[96662]: ::1 - - [29/Nov/2025:00:40:40 +0000] "PUT /2/81609/AUTH_1f36317bec034bb2906d703b614505b0/gnocchi.1753e439-a6c8-4f8c-a831-ae06f36244b9/none_v3" 201 - "PUT http://[::1]:8080/v1/AUTH_1f36317bec034bb2906d703b614505b0/gnocchi.1753e439-a6c8-4f8c-a831-ae06f36244b9/none_v3" "txb0ef3f61b6854f088d80d-00692a4108" "proxy-server 89446" 0.0237 "-" 96662 0
Nov 28 19:40:40 np0005539311.novalocal proxy-server[89446]: ::1 ::1 29/Nov/2025/00/40/40 PUT /v1/AUTH_1f36317bec034bb2906d703b614505b0/gnocchi.1753e439-a6c8-4f8c-a831-ae06f36244b9/none_v3 HTTP/1.0 201 - python-swiftclient-4.2.0 gAAAAABpKkDhMctJ... 33 - - txb0ef3f61b6854f088d80d-00692a4108 - 0.0322 - - 1764376840.101066589 1764376840.133234024 0
Nov 28 19:40:40 np0005539311.novalocal object-server[96659]: ::1 - - [29/Nov/2025:00:40:40 +0000] "GET /3/237046/AUTH_1f36317bec034bb2906d703b614505b0/gnocchi.36822ff3-d864-423a-befd-204b51dfcaba/none_v3" 200 22 "GET http://[::1]:8080/v1/AUTH_1f36317bec034bb2906d703b614505b0/gnocchi.36822ff3-d864-423a-befd-204b51dfcaba/none_v3" "txeaf818e817fe4d83bb882-00692a4108" "proxy-server 89446" 0.0006 "-" 96659 0
Nov 28 19:40:40 np0005539311.novalocal proxy-server[89446]: ::1 ::1 29/Nov/2025/00/40/40 GET /v1/AUTH_1f36317bec034bb2906d703b614505b0/gnocchi.36822ff3-d864-423a-befd-204b51dfcaba/none_v3 HTTP/1.0 200 - python-swiftclient-4.2.0 gAAAAABpKkDhMctJ... - 22 - txeaf818e817fe4d83bb882-00692a4108 - 0.0061 - - 1764376840.143912792 1764376840.149985790 0
Nov 28 19:40:40 np0005539311.novalocal container-server[96355]: ::1 - - [29/Nov/2025:00:40:40 +0000] "GET /1/92777/AUTH_1f36317bec034bb2906d703b614505b0/gnocchi.36822ff3-d864-423a-befd-204b51dfcaba" 200 357 "GET http://[::1]:8080/v1/AUTH_1f36317bec034bb2906d703b614505b0/gnocchi.36822ff3-d864-423a-befd-204b51dfcaba?format=json&states=listing" "txcdc8667cb2b8435d9f8fc-00692a4108" "proxy-server 89446" 0.0030 "-" 96355 0
Nov 28 19:40:40 np0005539311.novalocal proxy-server[89446]: ::1 ::1 29/Nov/2025/00/40/40 GET /v1/AUTH_1f36317bec034bb2906d703b614505b0/gnocchi.36822ff3-d864-423a-befd-204b51dfcaba%3Fformat%3Djson%26states%3Dlisting HTTP/1.0 200 - python-swiftclient-4.2.0 gAAAAABpKkDhMctJ... - 357 - txcdc8667cb2b8435d9f8fc-00692a4108 - 0.0100 - - 1764376840.153687477 1764376840.163657904 0
Nov 28 19:40:40 np0005539311.novalocal container-server[96355]: ::1 - - [29/Nov/2025:00:40:40 +0000] "GET /2/92777/AUTH_1f36317bec034bb2906d703b614505b0/gnocchi.36822ff3-d864-423a-befd-204b51dfcaba" 200 2 "GET http://[::1]:8080/v1/AUTH_1f36317bec034bb2906d703b614505b0/gnocchi.36822ff3-d864-423a-befd-204b51dfcaba?format=json&marker=none_v3&states=listing" "txdf1ec7c5e3e046d3a8156-00692a4108" "proxy-server 89446" 0.0032 "-" 96355 0
Nov 28 19:40:40 np0005539311.novalocal proxy-server[89446]: ::1 ::1 29/Nov/2025/00/40/40 GET /v1/AUTH_1f36317bec034bb2906d703b614505b0/gnocchi.36822ff3-d864-423a-befd-204b51dfcaba%3Fformat%3Djson%26marker%3Dnone_v3%26states%3Dlisting HTTP/1.0 200 - python-swiftclient-4.2.0 gAAAAABpKkDhMctJ... - 2 - txdf1ec7c5e3e046d3a8156-00692a4108 - 0.0096 - - 1764376840.166324139 1764376840.175887108 0
Nov 28 19:40:40 np0005539311.novalocal object-server[96660]: ::1 - - [29/Nov/2025:00:40:40 +0000] "GET /1/66707/AUTH_1f36317bec034bb2906d703b614505b0/gnocchi.e9d3bd0a-269d-4370-bec3-b2e2476d3dd4/none_v3" 200 22 "GET http://[::1]:8080/v1/AUTH_1f36317bec034bb2906d703b614505b0/gnocchi.e9d3bd0a-269d-4370-bec3-b2e2476d3dd4/none_v3" "tx71119d8e93cc4e82808b4-00692a4108" "proxy-server 89446" 0.0006 "-" 96660 0
Nov 28 19:40:40 np0005539311.novalocal proxy-server[89446]: ::1 ::1 29/Nov/2025/00/40/40 GET /v1/AUTH_1f36317bec034bb2906d703b614505b0/gnocchi.e9d3bd0a-269d-4370-bec3-b2e2476d3dd4/none_v3 HTTP/1.0 200 - python-swiftclient-4.2.0 gAAAAABpKkDhAXpn... - 22 - tx71119d8e93cc4e82808b4-00692a4108 - 0.0063 - - 1764376840.176733017 1764376840.183007240 0
Nov 28 19:40:40 np0005539311.novalocal object-server[96662]: ::1 - - [29/Nov/2025:00:40:40 +0000] "GET /2/147642/AUTH_1f36317bec034bb2906d703b614505b0/gnocchi.36822ff3-d864-423a-befd-204b51dfcaba/1763640000.0_mean_300.0_v3" 200 16 "GET http://[::1]:8080/v1/AUTH_1f36317bec034bb2906d703b614505b0/gnocchi.36822ff3-d864-423a-befd-204b51dfcaba/1763640000.0_mean_300.0_v3" "txf9389a50a59a47e4af698-00692a4108" "proxy-server 89446" 0.0006 "-" 96662 0
Nov 28 19:40:40 np0005539311.novalocal proxy-server[89446]: ::1 ::1 29/Nov/2025/00/40/40 GET /v1/AUTH_1f36317bec034bb2906d703b614505b0/gnocchi.36822ff3-d864-423a-befd-204b51dfcaba/1763640000.0_mean_300.0_v3 HTTP/1.0 200 - python-swiftclient-4.2.0 gAAAAABpKkDhMctJ... - 16 - txf9389a50a59a47e4af698-00692a4108 - 0.0050 - - 1764376840.179763317 1764376840.184731245 0
Nov 28 19:40:40 np0005539311.novalocal container-server[96355]: ::1 - - [29/Nov/2025:00:40:40 +0000] "GET /3/233703/AUTH_1f36317bec034bb2906d703b614505b0/gnocchi.e9d3bd0a-269d-4370-bec3-b2e2476d3dd4" 200 357 "GET http://[::1]:8080/v1/AUTH_1f36317bec034bb2906d703b614505b0/gnocchi.e9d3bd0a-269d-4370-bec3-b2e2476d3dd4?format=json&states=listing" "tx80df20578e2144d09dd65-00692a4108" "proxy-server 89446" 0.0028 "-" 96355 0
Nov 28 19:40:40 np0005539311.novalocal proxy-server[89446]: ::1 ::1 29/Nov/2025/00/40/40 GET /v1/AUTH_1f36317bec034bb2906d703b614505b0/gnocchi.e9d3bd0a-269d-4370-bec3-b2e2476d3dd4%3Fformat%3Djson%26states%3Dlisting HTTP/1.0 200 - python-swiftclient-4.2.0 gAAAAABpKkDhAXpn... - 357 - tx80df20578e2144d09dd65-00692a4108 - 0.0081 - - 1764376840.185844183 1764376840.193973064 0
Nov 28 19:40:40 np0005539311.novalocal container-server[96358]: ::1 - - [29/Nov/2025:00:40:40 +0000] "GET /3/233703/AUTH_1f36317bec034bb2906d703b614505b0/gnocchi.e9d3bd0a-269d-4370-bec3-b2e2476d3dd4" 200 2 "GET http://[::1]:8080/v1/AUTH_1f36317bec034bb2906d703b614505b0/gnocchi.e9d3bd0a-269d-4370-bec3-b2e2476d3dd4?format=json&marker=none_v3&states=listing" "txb1a45d943ad14c3f8ad02-00692a4108" "proxy-server 89446" 0.0026 "-" 96358 0
Nov 28 19:40:40 np0005539311.novalocal container-server[96355]: ::1 - - [29/Nov/2025:00:40:40 +0000] "PUT /2/92777/AUTH_1f36317bec034bb2906d703b614505b0/gnocchi.36822ff3-d864-423a-befd-204b51dfcaba/1763640000.0_mean_300.0_v3" 201 - "PUT http://[::1]:8080/2/147642/AUTH_1f36317bec034bb2906d703b614505b0/gnocchi.36822ff3-d864-423a-befd-204b51dfcaba/1763640000.0_mean_300.0_v3" "tx8576cd145ffd44f78d093-00692a4108" "object-server 96659" 0.0009 "-" 96355 0
Nov 28 19:40:40 np0005539311.novalocal container-server[96356]: ::1 - - [29/Nov/2025:00:40:40 +0000] "PUT /3/92777/AUTH_1f36317bec034bb2906d703b614505b0/gnocchi.36822ff3-d864-423a-befd-204b51dfcaba/1763640000.0_mean_300.0_v3" 201 - "PUT http://[::1]:8080/1/147642/AUTH_1f36317bec034bb2906d703b614505b0/gnocchi.36822ff3-d864-423a-befd-204b51dfcaba/1763640000.0_mean_300.0_v3" "tx8576cd145ffd44f78d093-00692a4108" "object-server 96659" 0.0005 "-" 96356 0
Nov 28 19:40:40 np0005539311.novalocal container-server[96356]: ::1 - - [29/Nov/2025:00:40:40 +0000] "PUT /1/92777/AUTH_1f36317bec034bb2906d703b614505b0/gnocchi.36822ff3-d864-423a-befd-204b51dfcaba/1763640000.0_mean_300.0_v3" 201 - "PUT http://[::1]:8080/3/147642/AUTH_1f36317bec034bb2906d703b614505b0/gnocchi.36822ff3-d864-423a-befd-204b51dfcaba/1763640000.0_mean_300.0_v3" "tx8576cd145ffd44f78d093-00692a4108" "object-server 96660" 0.0003 "-" 96356 0
Nov 28 19:40:40 np0005539311.novalocal object-server[96659]: ::1 - - [29/Nov/2025:00:40:40 +0000] "PUT /1/147642/AUTH_1f36317bec034bb2906d703b614505b0/gnocchi.36822ff3-d864-423a-befd-204b51dfcaba/1763640000.0_mean_300.0_v3" 201 - "PUT http://[::1]:8080/v1/AUTH_1f36317bec034bb2906d703b614505b0/gnocchi.36822ff3-d864-423a-befd-204b51dfcaba/1763640000.0_mean_300.0_v3" "tx8576cd145ffd44f78d093-00692a4108" "proxy-server 89446" 0.0114 "-" 96659 0
Nov 28 19:40:40 np0005539311.novalocal proxy-server[89446]: ::1 ::1 29/Nov/2025/00/40/40 GET /v1/AUTH_1f36317bec034bb2906d703b614505b0/gnocchi.e9d3bd0a-269d-4370-bec3-b2e2476d3dd4%3Fformat%3Djson%26marker%3Dnone_v3%26states%3Dlisting HTTP/1.0 200 - python-swiftclient-4.2.0 gAAAAABpKkDhAXpn... - 2 - txb1a45d943ad14c3f8ad02-00692a4108 - 0.0077 - - 1764376840.196206808 1764376840.203952789 0
Nov 28 19:40:40 np0005539311.novalocal object-server[96659]: ::1 - - [29/Nov/2025:00:40:40 +0000] "PUT /2/147642/AUTH_1f36317bec034bb2906d703b614505b0/gnocchi.36822ff3-d864-423a-befd-204b51dfcaba/1763640000.0_mean_300.0_v3" 201 - "PUT http://[::1]:8080/v1/AUTH_1f36317bec034bb2906d703b614505b0/gnocchi.36822ff3-d864-423a-befd-204b51dfcaba/1763640000.0_mean_300.0_v3" "tx8576cd145ffd44f78d093-00692a4108" "proxy-server 89446" 0.0111 "-" 96659 0
Nov 28 19:40:40 np0005539311.novalocal object-server[96660]: ::1 - - [29/Nov/2025:00:40:40 +0000] "PUT /3/147642/AUTH_1f36317bec034bb2906d703b614505b0/gnocchi.36822ff3-d864-423a-befd-204b51dfcaba/1763640000.0_mean_300.0_v3" 201 - "PUT http://[::1]:8080/v1/AUTH_1f36317bec034bb2906d703b614505b0/gnocchi.36822ff3-d864-423a-befd-204b51dfcaba/1763640000.0_mean_300.0_v3" "tx8576cd145ffd44f78d093-00692a4108" "proxy-server 89446" 0.0121 "-" 96660 0
Nov 28 19:40:40 np0005539311.novalocal proxy-server[89446]: ::1 ::1 29/Nov/2025/00/40/40 PUT /v1/AUTH_1f36317bec034bb2906d703b614505b0/gnocchi.36822ff3-d864-423a-befd-204b51dfcaba/1763640000.0_mean_300.0_v3 HTTP/1.0 201 - python-swiftclient-4.2.0 gAAAAABpKkDhMctJ... 16 - - tx8576cd145ffd44f78d093-00692a4108 - 0.0168 - - 1764376840.188422441 1764376840.205179930 0
Nov 28 19:40:40 np0005539311.novalocal object-server[96659]: ::1 - - [29/Nov/2025:00:40:40 +0000] "GET /2/99674/AUTH_1f36317bec034bb2906d703b614505b0/gnocchi.e9d3bd0a-269d-4370-bec3-b2e2476d3dd4/1763640000.0_mean_300.0_v3" 200 16 "GET http://[::1]:8080/v1/AUTH_1f36317bec034bb2906d703b614505b0/gnocchi.e9d3bd0a-269d-4370-bec3-b2e2476d3dd4/1763640000.0_mean_300.0_v3" "tx9b9d90144f0948e49192d-00692a4108" "proxy-server 89446" 0.0006 "-" 96659 0
Nov 28 19:40:40 np0005539311.novalocal proxy-server[89446]: ::1 ::1 29/Nov/2025/00/40/40 GET /v1/AUTH_1f36317bec034bb2906d703b614505b0/gnocchi.e9d3bd0a-269d-4370-bec3-b2e2476d3dd4/1763640000.0_mean_300.0_v3 HTTP/1.0 200 - python-swiftclient-4.2.0 gAAAAABpKkDhAXpn... - 16 - tx9b9d90144f0948e49192d-00692a4108 - 0.0066 - - 1764376840.206898689 1764376840.213482380 0
Nov 28 19:40:40 np0005539311.novalocal container-server[96356]: ::1 - - [29/Nov/2025:00:40:40 +0000] "PUT /3/233703/AUTH_1f36317bec034bb2906d703b614505b0/gnocchi.e9d3bd0a-269d-4370-bec3-b2e2476d3dd4/1763640000.0_mean_300.0_v3" 201 - "PUT http://[::1]:8080/3/99674/AUTH_1f36317bec034bb2906d703b614505b0/gnocchi.e9d3bd0a-269d-4370-bec3-b2e2476d3dd4/1763640000.0_mean_300.0_v3" "tx5de1451b876d461d97f05-00692a4108" "object-server 96662" 0.0004 "-" 96356 0
Nov 28 19:40:40 np0005539311.novalocal object-server[96662]: ::1 - - [29/Nov/2025:00:40:40 +0000] "PUT /3/99674/AUTH_1f36317bec034bb2906d703b614505b0/gnocchi.e9d3bd0a-269d-4370-bec3-b2e2476d3dd4/1763640000.0_mean_300.0_v3" 201 - "PUT http://[::1]:8080/v1/AUTH_1f36317bec034bb2906d703b614505b0/gnocchi.e9d3bd0a-269d-4370-bec3-b2e2476d3dd4/1763640000.0_mean_300.0_v3" "tx5de1451b876d461d97f05-00692a4108" "proxy-server 89446" 0.0081 "-" 96662 0
Nov 28 19:40:40 np0005539311.novalocal container-server[96356]: ::1 - - [29/Nov/2025:00:40:40 +0000] "PUT /2/233703/AUTH_1f36317bec034bb2906d703b614505b0/gnocchi.e9d3bd0a-269d-4370-bec3-b2e2476d3dd4/1763640000.0_mean_300.0_v3" 201 - "PUT http://[::1]:8080/2/99674/AUTH_1f36317bec034bb2906d703b614505b0/gnocchi.e9d3bd0a-269d-4370-bec3-b2e2476d3dd4/1763640000.0_mean_300.0_v3" "tx5de1451b876d461d97f05-00692a4108" "object-server 96660" 0.0003 "-" 96356 0
Nov 28 19:40:40 np0005539311.novalocal container-server[96355]: ::1 - - [29/Nov/2025:00:40:40 +0000] "PUT /2/92777/AUTH_1f36317bec034bb2906d703b614505b0/gnocchi.36822ff3-d864-423a-befd-204b51dfcaba/none_v3" 201 - "PUT http://[::1]:8080/2/237046/AUTH_1f36317bec034bb2906d703b614505b0/gnocchi.36822ff3-d864-423a-befd-204b51dfcaba/none_v3" "tx0b184a7bed8e4964b523a-00692a4108" "object-server 96661" 0.0004 "-" 96355 0
Nov 28 19:40:40 np0005539311.novalocal container-server[96357]: ::1 - - [29/Nov/2025:00:40:40 +0000] "PUT /3/92777/AUTH_1f36317bec034bb2906d703b614505b0/gnocchi.36822ff3-d864-423a-befd-204b51dfcaba/none_v3" 201 - "PUT http://[::1]:8080/1/237046/AUTH_1f36317bec034bb2906d703b614505b0/gnocchi.36822ff3-d864-423a-befd-204b51dfcaba/none_v3" "tx0b184a7bed8e4964b523a-00692a4108" "object-server 96661" 0.0012 "-" 96357 0
Nov 28 19:40:40 np0005539311.novalocal object-server[96660]: ::1 - - [29/Nov/2025:00:40:40 +0000] "PUT /2/99674/AUTH_1f36317bec034bb2906d703b614505b0/gnocchi.e9d3bd0a-269d-4370-bec3-b2e2476d3dd4/1763640000.0_mean_300.0_v3" 201 - "PUT http://[::1]:8080/v1/AUTH_1f36317bec034bb2906d703b614505b0/gnocchi.e9d3bd0a-269d-4370-bec3-b2e2476d3dd4/1763640000.0_mean_300.0_v3" "tx5de1451b876d461d97f05-00692a4108" "proxy-server 89446" 0.0090 "-" 96660 0
Nov 28 19:40:40 np0005539311.novalocal container-server[96358]: ::1 - - [29/Nov/2025:00:40:40 +0000] "PUT /1/92777/AUTH_1f36317bec034bb2906d703b614505b0/gnocchi.36822ff3-d864-423a-befd-204b51dfcaba/none_v3" 201 - "PUT http://[::1]:8080/3/237046/AUTH_1f36317bec034bb2906d703b614505b0/gnocchi.36822ff3-d864-423a-befd-204b51dfcaba/none_v3" "tx0b184a7bed8e4964b523a-00692a4108" "object-server 96661" 0.0005 "-" 96358 0
Nov 28 19:40:40 np0005539311.novalocal object-server[96661]: ::1 - - [29/Nov/2025:00:40:40 +0000] "PUT /2/237046/AUTH_1f36317bec034bb2906d703b614505b0/gnocchi.36822ff3-d864-423a-befd-204b51dfcaba/none_v3" 201 - "PUT http://[::1]:8080/v1/AUTH_1f36317bec034bb2906d703b614505b0/gnocchi.36822ff3-d864-423a-befd-204b51dfcaba/none_v3" "tx0b184a7bed8e4964b523a-00692a4108" "proxy-server 89446" 0.0146 "-" 96661 0
Nov 28 19:40:40 np0005539311.novalocal object-server[96661]: ::1 - - [29/Nov/2025:00:40:40 +0000] "PUT /1/237046/AUTH_1f36317bec034bb2906d703b614505b0/gnocchi.36822ff3-d864-423a-befd-204b51dfcaba/none_v3" 201 - "PUT http://[::1]:8080/v1/AUTH_1f36317bec034bb2906d703b614505b0/gnocchi.36822ff3-d864-423a-befd-204b51dfcaba/none_v3" "tx0b184a7bed8e4964b523a-00692a4108" "proxy-server 89446" 0.0172 "-" 96661 0
Nov 28 19:40:40 np0005539311.novalocal object-server[96661]: ::1 - - [29/Nov/2025:00:40:40 +0000] "PUT /3/237046/AUTH_1f36317bec034bb2906d703b614505b0/gnocchi.36822ff3-d864-423a-befd-204b51dfcaba/none_v3" 201 - "PUT http://[::1]:8080/v1/AUTH_1f36317bec034bb2906d703b614505b0/gnocchi.36822ff3-d864-423a-befd-204b51dfcaba/none_v3" "tx0b184a7bed8e4964b523a-00692a4108" "proxy-server 89446" 0.0186 "-" 96661 0
Nov 28 19:40:40 np0005539311.novalocal proxy-server[89446]: ::1 ::1 29/Nov/2025/00/40/40 PUT /v1/AUTH_1f36317bec034bb2906d703b614505b0/gnocchi.36822ff3-d864-423a-befd-204b51dfcaba/none_v3 HTTP/1.0 201 - python-swiftclient-4.2.0 gAAAAABpKkDhMctJ... 33 - - tx0b184a7bed8e4964b523a-00692a4108 - 0.0232 - - 1764376840.209132433 1764376840.232311487 0
Nov 28 19:40:40 np0005539311.novalocal container-server[96357]: ::1 - - [29/Nov/2025:00:40:40 +0000] "PUT /1/233703/AUTH_1f36317bec034bb2906d703b614505b0/gnocchi.e9d3bd0a-269d-4370-bec3-b2e2476d3dd4/1763640000.0_mean_300.0_v3" 201 - "PUT http://[::1]:8080/1/99674/AUTH_1f36317bec034bb2906d703b614505b0/gnocchi.e9d3bd0a-269d-4370-bec3-b2e2476d3dd4/1763640000.0_mean_300.0_v3" "tx5de1451b876d461d97f05-00692a4108" "object-server 96661" 0.0008 "-" 96357 0
Nov 28 19:40:40 np0005539311.novalocal object-server[96661]: ::1 - - [29/Nov/2025:00:40:40 +0000] "PUT /1/99674/AUTH_1f36317bec034bb2906d703b614505b0/gnocchi.e9d3bd0a-269d-4370-bec3-b2e2476d3dd4/1763640000.0_mean_300.0_v3" 201 - "PUT http://[::1]:8080/v1/AUTH_1f36317bec034bb2906d703b614505b0/gnocchi.e9d3bd0a-269d-4370-bec3-b2e2476d3dd4/1763640000.0_mean_300.0_v3" "tx5de1451b876d461d97f05-00692a4108" "proxy-server 89446" 0.0143 "-" 96661 0
Nov 28 19:40:40 np0005539311.novalocal proxy-server[89446]: ::1 ::1 29/Nov/2025/00/40/40 PUT /v1/AUTH_1f36317bec034bb2906d703b614505b0/gnocchi.e9d3bd0a-269d-4370-bec3-b2e2476d3dd4/1763640000.0_mean_300.0_v3 HTTP/1.0 201 - python-swiftclient-4.2.0 gAAAAABpKkDhAXpn... 16 - - tx5de1451b876d461d97f05-00692a4108 - 0.0196 - - 1764376840.215417147 1764376840.235007524 0
Nov 28 19:40:40 np0005539311.novalocal container-server[96358]: ::1 - - [29/Nov/2025:00:40:40 +0000] "PUT /2/233703/AUTH_1f36317bec034bb2906d703b614505b0/gnocchi.e9d3bd0a-269d-4370-bec3-b2e2476d3dd4/none_v3" 201 - "PUT http://[::1]:8080/1/66707/AUTH_1f36317bec034bb2906d703b614505b0/gnocchi.e9d3bd0a-269d-4370-bec3-b2e2476d3dd4/none_v3" "tx786d036c02214bb684934-00692a4108" "object-server 96659" 0.0007 "-" 96358 0
Nov 28 19:40:40 np0005539311.novalocal container-server[96358]: ::1 - - [29/Nov/2025:00:40:40 +0000] "PUT /3/233703/AUTH_1f36317bec034bb2906d703b614505b0/gnocchi.e9d3bd0a-269d-4370-bec3-b2e2476d3dd4/none_v3" 201 - "PUT http://[::1]:8080/3/66707/AUTH_1f36317bec034bb2906d703b614505b0/gnocchi.e9d3bd0a-269d-4370-bec3-b2e2476d3dd4/none_v3" "tx786d036c02214bb684934-00692a4108" "object-server 96662" 0.0004 "-" 96358 0
Nov 28 19:40:40 np0005539311.novalocal object-server[96659]: ::1 - - [29/Nov/2025:00:40:40 +0000] "PUT /1/66707/AUTH_1f36317bec034bb2906d703b614505b0/gnocchi.e9d3bd0a-269d-4370-bec3-b2e2476d3dd4/none_v3" 201 - "PUT http://[::1]:8080/v1/AUTH_1f36317bec034bb2906d703b614505b0/gnocchi.e9d3bd0a-269d-4370-bec3-b2e2476d3dd4/none_v3" "tx786d036c02214bb684934-00692a4108" "proxy-server 89446" 0.0115 "-" 96659 0
Nov 28 19:40:40 np0005539311.novalocal container-server[96356]: ::1 - - [29/Nov/2025:00:40:40 +0000] "PUT /1/233703/AUTH_1f36317bec034bb2906d703b614505b0/gnocchi.e9d3bd0a-269d-4370-bec3-b2e2476d3dd4/none_v3" 201 - "PUT http://[::1]:8080/2/66707/AUTH_1f36317bec034bb2906d703b614505b0/gnocchi.e9d3bd0a-269d-4370-bec3-b2e2476d3dd4/none_v3" "tx786d036c02214bb684934-00692a4108" "object-server 96662" 0.0006 "-" 96356 0
Nov 28 19:40:40 np0005539311.novalocal object-server[96662]: ::1 - - [29/Nov/2025:00:40:40 +0000] "PUT /3/66707/AUTH_1f36317bec034bb2906d703b614505b0/gnocchi.e9d3bd0a-269d-4370-bec3-b2e2476d3dd4/none_v3" 201 - "PUT http://[::1]:8080/v1/AUTH_1f36317bec034bb2906d703b614505b0/gnocchi.e9d3bd0a-269d-4370-bec3-b2e2476d3dd4/none_v3" "tx786d036c02214bb684934-00692a4108" "proxy-server 89446" 0.0122 "-" 96662 0
Nov 28 19:40:40 np0005539311.novalocal object-server[96662]: ::1 - - [29/Nov/2025:00:40:40 +0000] "PUT /2/66707/AUTH_1f36317bec034bb2906d703b614505b0/gnocchi.e9d3bd0a-269d-4370-bec3-b2e2476d3dd4/none_v3" 201 - "PUT http://[::1]:8080/v1/AUTH_1f36317bec034bb2906d703b614505b0/gnocchi.e9d3bd0a-269d-4370-bec3-b2e2476d3dd4/none_v3" "tx786d036c02214bb684934-00692a4108" "proxy-server 89446" 0.0120 "-" 96662 0
Nov 28 19:40:40 np0005539311.novalocal proxy-server[89446]: ::1 ::1 29/Nov/2025/00/40/40 PUT /v1/AUTH_1f36317bec034bb2906d703b614505b0/gnocchi.e9d3bd0a-269d-4370-bec3-b2e2476d3dd4/none_v3 HTTP/1.0 201 - python-swiftclient-4.2.0 gAAAAABpKkDhAXpn... 32 - - tx786d036c02214bb684934-00692a4108 - 0.0183 - - 1764376840.237270355 1764376840.255539417 0
Nov 28 19:40:40 np0005539311.novalocal object-server[96659]: ::1 - - [29/Nov/2025:00:40:40 +0000] "GET /1/257628/AUTH_1f36317bec034bb2906d703b614505b0/gnocchi.bfe13856-7e6b-47be-bab5-52c7c172c1dd/none_v3" 200 22 "GET http://[::1]:8080/v1/AUTH_1f36317bec034bb2906d703b614505b0/gnocchi.bfe13856-7e6b-47be-bab5-52c7c172c1dd/none_v3" "txa0d391cea384489094bc4-00692a4108" "proxy-server 89446" 0.0006 "-" 96659 0
Nov 28 19:40:40 np0005539311.novalocal proxy-server[89446]: ::1 ::1 29/Nov/2025/00/40/40 GET /v1/AUTH_1f36317bec034bb2906d703b614505b0/gnocchi.bfe13856-7e6b-47be-bab5-52c7c172c1dd/none_v3 HTTP/1.0 200 - python-swiftclient-4.2.0 gAAAAABpKkDhAXpn... - 22 - txa0d391cea384489094bc4-00692a4108 - 0.0052 - - 1764376840.273740530 1764376840.278961182 0
Nov 28 19:40:40 np0005539311.novalocal object-server[96661]: ::1 - - [29/Nov/2025:00:40:40 +0000] "GET /3/105931/AUTH_1f36317bec034bb2906d703b614505b0/gnocchi.06ba0abe-3e4e-42f7-abd5-450a7b910de9/none_v3" 200 22 "GET http://[::1]:8080/v1/AUTH_1f36317bec034bb2906d703b614505b0/gnocchi.06ba0abe-3e4e-42f7-abd5-450a7b910de9/none_v3" "txe6fa4f4673b04eab9c873-00692a4108" "proxy-server 89446" 0.0006 "-" 96661 0
Nov 28 19:40:40 np0005539311.novalocal proxy-server[89446]: ::1 ::1 29/Nov/2025/00/40/40 GET /v1/AUTH_1f36317bec034bb2906d703b614505b0/gnocchi.06ba0abe-3e4e-42f7-abd5-450a7b910de9/none_v3 HTTP/1.0 200 - python-swiftclient-4.2.0 gAAAAABpKkDhMctJ... - 22 - txe6fa4f4673b04eab9c873-00692a4108 - 0.0069 - - 1764376840.283099651 1764376840.289981365 0
Nov 28 19:40:40 np0005539311.novalocal container-server[96357]: ::1 - - [29/Nov/2025:00:40:40 +0000] "GET /2/242999/AUTH_1f36317bec034bb2906d703b614505b0/gnocchi.bfe13856-7e6b-47be-bab5-52c7c172c1dd" 200 357 "GET http://[::1]:8080/v1/AUTH_1f36317bec034bb2906d703b614505b0/gnocchi.bfe13856-7e6b-47be-bab5-52c7c172c1dd?format=json&states=listing" "tx760e57865f0446bf8822e-00692a4108" "proxy-server 89446" 0.0026 "-" 96357 0
Nov 28 19:40:40 np0005539311.novalocal object-server[96659]: ::1 - - [29/Nov/2025:00:40:40 +0000] "GET /1/108389/AUTH_1f36317bec034bb2906d703b614505b0/gnocchi.1f4868b4-8acf-4a51-9c81-aa64ed1af369/none_v3" 200 22 "GET http://[::1]:8080/v1/AUTH_1f36317bec034bb2906d703b614505b0/gnocchi.1f4868b4-8acf-4a51-9c81-aa64ed1af369/none_v3" "txac48062ce8224d2b81b20-00692a4108" "proxy-server 89446" 0.0005 "-" 96659 0
Nov 28 19:40:40 np0005539311.novalocal proxy-server[89446]: ::1 ::1 29/Nov/2025/00/40/40 GET /v1/AUTH_1f36317bec034bb2906d703b614505b0/gnocchi.bfe13856-7e6b-47be-bab5-52c7c172c1dd%3Fformat%3Djson%26states%3Dlisting HTTP/1.0 200 - python-swiftclient-4.2.0 gAAAAABpKkDhAXpn... - 357 - tx760e57865f0446bf8822e-00692a4108 - 0.0093 - - 1764376840.285697699 1764376840.295006037 0
Nov 28 19:40:40 np0005539311.novalocal proxy-server[89446]: ::1 ::1 29/Nov/2025/00/40/40 GET /v1/AUTH_1f36317bec034bb2906d703b614505b0/gnocchi.1f4868b4-8acf-4a51-9c81-aa64ed1af369/none_v3 HTTP/1.0 200 - python-swiftclient-4.2.0 gAAAAABpKkDhMctJ... - 22 - txac48062ce8224d2b81b20-00692a4108 - 0.0045 - - 1764376840.291571379 1764376840.296088934 0
Nov 28 19:40:40 np0005539311.novalocal container-server[96356]: ::1 - - [29/Nov/2025:00:40:40 +0000] "GET /3/243932/AUTH_1f36317bec034bb2906d703b614505b0/gnocchi.06ba0abe-3e4e-42f7-abd5-450a7b910de9" 200 357 "GET http://[::1]:8080/v1/AUTH_1f36317bec034bb2906d703b614505b0/gnocchi.06ba0abe-3e4e-42f7-abd5-450a7b910de9?format=json&states=listing" "tx5347b445559b47609e1de-00692a4108" "proxy-server 89446" 0.0028 "-" 96356 0
Nov 28 19:40:40 np0005539311.novalocal proxy-server[89446]: ::1 ::1 29/Nov/2025/00/40/40 GET /v1/AUTH_1f36317bec034bb2906d703b614505b0/gnocchi.06ba0abe-3e4e-42f7-abd5-450a7b910de9%3Fformat%3Djson%26states%3Dlisting HTTP/1.0 200 - python-swiftclient-4.2.0 gAAAAABpKkDhMctJ... - 357 - tx5347b445559b47609e1de-00692a4108 - 0.0097 - - 1764376840.298120260 1764376840.307821989 0
Nov 28 19:40:40 np0005539311.novalocal container-server[96356]: ::1 - - [29/Nov/2025:00:40:40 +0000] "GET /3/242999/AUTH_1f36317bec034bb2906d703b614505b0/gnocchi.bfe13856-7e6b-47be-bab5-52c7c172c1dd" 200 2 "GET http://[::1]:8080/v1/AUTH_1f36317bec034bb2906d703b614505b0/gnocchi.bfe13856-7e6b-47be-bab5-52c7c172c1dd?format=json&marker=none_v3&states=listing" "tx0ea433109c49465d9c025-00692a4108" "proxy-server 89446" 0.0018 "-" 96356 0
Nov 28 19:40:40 np0005539311.novalocal proxy-server[89446]: ::1 ::1 29/Nov/2025/00/40/40 GET /v1/AUTH_1f36317bec034bb2906d703b614505b0/gnocchi.bfe13856-7e6b-47be-bab5-52c7c172c1dd%3Fformat%3Djson%26marker%3Dnone_v3%26states%3Dlisting HTTP/1.0 200 - python-swiftclient-4.2.0 gAAAAABpKkDhAXpn... - 2 - tx0ea433109c49465d9c025-00692a4108 - 0.0096 - - 1764376840.300601006 1764376840.310222149 0
Nov 28 19:40:40 np0005539311.novalocal container-server[96355]: ::1 - - [29/Nov/2025:00:40:40 +0000] "GET /2/243932/AUTH_1f36317bec034bb2906d703b614505b0/gnocchi.06ba0abe-3e4e-42f7-abd5-450a7b910de9" 200 2 "GET http://[::1]:8080/v1/AUTH_1f36317bec034bb2906d703b614505b0/gnocchi.06ba0abe-3e4e-42f7-abd5-450a7b910de9?format=json&marker=none_v3&states=listing" "txbf3696263ecf46e7b992a-00692a4108" "proxy-server 89446" 0.0019 "-" 96355 0
Nov 28 19:40:40 np0005539311.novalocal object-server[96661]: ::1 - - [29/Nov/2025:00:40:40 +0000] "GET /2/68848/AUTH_1f36317bec034bb2906d703b614505b0/gnocchi.bfe13856-7e6b-47be-bab5-52c7c172c1dd/1763640000.0_mean_300.0_v3" 200 16 "GET http://[::1]:8080/v1/AUTH_1f36317bec034bb2906d703b614505b0/gnocchi.bfe13856-7e6b-47be-bab5-52c7c172c1dd/1763640000.0_mean_300.0_v3" "txe788f144c15c4a018272b-00692a4108" "proxy-server 89446" 0.0006 "-" 96661 0
Nov 28 19:40:40 np0005539311.novalocal proxy-server[89446]: ::1 ::1 29/Nov/2025/00/40/40 GET /v1/AUTH_1f36317bec034bb2906d703b614505b0/gnocchi.06ba0abe-3e4e-42f7-abd5-450a7b910de9%3Fformat%3Djson%26marker%3Dnone_v3%26states%3Dlisting HTTP/1.0 200 - python-swiftclient-4.2.0 gAAAAABpKkDhMctJ... - 2 - txbf3696263ecf46e7b992a-00692a4108 - 0.0072 - - 1764376840.311038256 1764376840.318238974 0
Nov 28 19:40:40 np0005539311.novalocal proxy-server[89446]: ::1 ::1 29/Nov/2025/00/40/40 GET /v1/AUTH_1f36317bec034bb2906d703b614505b0/gnocchi.bfe13856-7e6b-47be-bab5-52c7c172c1dd/1763640000.0_mean_300.0_v3 HTTP/1.0 200 - python-swiftclient-4.2.0 gAAAAABpKkDhAXpn... - 16 - txe788f144c15c4a018272b-00692a4108 - 0.0051 - - 1764376840.314502954 1764376840.319589376 0
Nov 28 19:40:40 np0005539311.novalocal container-server[96355]: ::1 - - [29/Nov/2025:00:40:40 +0000] "GET /2/161441/AUTH_1f36317bec034bb2906d703b614505b0/gnocchi.1f4868b4-8acf-4a51-9c81-aa64ed1af369" 200 357 "GET http://[::1]:8080/v1/AUTH_1f36317bec034bb2906d703b614505b0/gnocchi.1f4868b4-8acf-4a51-9c81-aa64ed1af369?format=json&states=listing" "tx9662b55586914b998c1ac-00692a4108" "proxy-server 89446" 0.0025 "-" 96355 0
Nov 28 19:40:40 np0005539311.novalocal proxy-server[89446]: ::1 ::1 29/Nov/2025/00/40/40 GET /v1/AUTH_1f36317bec034bb2906d703b614505b0/gnocchi.1f4868b4-8acf-4a51-9c81-aa64ed1af369%3Fformat%3Djson%26states%3Dlisting HTTP/1.0 200 - python-swiftclient-4.2.0 gAAAAABpKkDhMctJ... - 357 - tx9662b55586914b998c1ac-00692a4108 - 0.0080 - - 1764376840.321189165 1764376840.329233170 0
Nov 28 19:40:40 np0005539311.novalocal container-server[96357]: ::1 - - [29/Nov/2025:00:40:40 +0000] "GET /1/161441/AUTH_1f36317bec034bb2906d703b614505b0/gnocchi.1f4868b4-8acf-4a51-9c81-aa64ed1af369" 200 2 "GET http://[::1]:8080/v1/AUTH_1f36317bec034bb2906d703b614505b0/gnocchi.1f4868b4-8acf-4a51-9c81-aa64ed1af369?format=json&marker=none_v3&states=listing" "txd788776656eb413099881-00692a4108" "proxy-server 89446" 0.0019 "-" 96357 0
Nov 28 19:40:40 np0005539311.novalocal container-server[96357]: ::1 - - [29/Nov/2025:00:40:40 +0000] "PUT /2/242999/AUTH_1f36317bec034bb2906d703b614505b0/gnocchi.bfe13856-7e6b-47be-bab5-52c7c172c1dd/1763640000.0_mean_300.0_v3" 201 - "PUT http://[::1]:8080/3/68848/AUTH_1f36317bec034bb2906d703b614505b0/gnocchi.bfe13856-7e6b-47be-bab5-52c7c172c1dd/1763640000.0_mean_300.0_v3" "tx0ff4a31b7a664ef7af525-00692a4108" "object-server 96661" 0.0005 "-" 96357 0
Nov 28 19:40:40 np0005539311.novalocal container-server[96356]: ::1 - - [29/Nov/2025:00:40:40 +0000] "PUT /3/242999/AUTH_1f36317bec034bb2906d703b614505b0/gnocchi.bfe13856-7e6b-47be-bab5-52c7c172c1dd/1763640000.0_mean_300.0_v3" 201 - "PUT http://[::1]:8080/1/68848/AUTH_1f36317bec034bb2906d703b614505b0/gnocchi.bfe13856-7e6b-47be-bab5-52c7c172c1dd/1763640000.0_mean_300.0_v3" "tx0ff4a31b7a664ef7af525-00692a4108" "object-server 96659" 0.0005 "-" 96356 0
Nov 28 19:40:40 np0005539311.novalocal container-server[96358]: ::1 - - [29/Nov/2025:00:40:40 +0000] "PUT /1/242999/AUTH_1f36317bec034bb2906d703b614505b0/gnocchi.bfe13856-7e6b-47be-bab5-52c7c172c1dd/1763640000.0_mean_300.0_v3" 201 - "PUT http://[::1]:8080/2/68848/AUTH_1f36317bec034bb2906d703b614505b0/gnocchi.bfe13856-7e6b-47be-bab5-52c7c172c1dd/1763640000.0_mean_300.0_v3" "tx0ff4a31b7a664ef7af525-00692a4108" "object-server 96659" 0.0006 "-" 96358 0
Nov 28 19:40:40 np0005539311.novalocal proxy-server[89446]: ::1 ::1 29/Nov/2025/00/40/40 GET /v1/AUTH_1f36317bec034bb2906d703b614505b0/gnocchi.1f4868b4-8acf-4a51-9c81-aa64ed1af369%3Fformat%3Djson%26marker%3Dnone_v3%26states%3Dlisting HTTP/1.0 200 - python-swiftclient-4.2.0 gAAAAABpKkDhMctJ... - 2 - txd788776656eb413099881-00692a4108 - 0.0078 - - 1764376840.331462860 1764376840.339298010 0
Nov 28 19:40:40 np0005539311.novalocal object-server[96659]: ::1 - - [29/Nov/2025:00:40:40 +0000] "PUT /1/68848/AUTH_1f36317bec034bb2906d703b614505b0/gnocchi.bfe13856-7e6b-47be-bab5-52c7c172c1dd/1763640000.0_mean_300.0_v3" 201 - "PUT http://[::1]:8080/v1/AUTH_1f36317bec034bb2906d703b614505b0/gnocchi.bfe13856-7e6b-47be-bab5-52c7c172c1dd/1763640000.0_mean_300.0_v3" "tx0ff4a31b7a664ef7af525-00692a4108" "proxy-server 89446" 0.0114 "-" 96659 0
Nov 28 19:40:40 np0005539311.novalocal object-server[96661]: ::1 - - [29/Nov/2025:00:40:40 +0000] "PUT /3/68848/AUTH_1f36317bec034bb2906d703b614505b0/gnocchi.bfe13856-7e6b-47be-bab5-52c7c172c1dd/1763640000.0_mean_300.0_v3" 201 - "PUT http://[::1]:8080/v1/AUTH_1f36317bec034bb2906d703b614505b0/gnocchi.bfe13856-7e6b-47be-bab5-52c7c172c1dd/1763640000.0_mean_300.0_v3" "tx0ff4a31b7a664ef7af525-00692a4108" "proxy-server 89446" 0.0108 "-" 96661 0
Nov 28 19:40:40 np0005539311.novalocal object-server[96659]: ::1 - - [29/Nov/2025:00:40:40 +0000] "PUT /2/68848/AUTH_1f36317bec034bb2906d703b614505b0/gnocchi.bfe13856-7e6b-47be-bab5-52c7c172c1dd/1763640000.0_mean_300.0_v3" 201 - "PUT http://[::1]:8080/v1/AUTH_1f36317bec034bb2906d703b614505b0/gnocchi.bfe13856-7e6b-47be-bab5-52c7c172c1dd/1763640000.0_mean_300.0_v3" "tx0ff4a31b7a664ef7af525-00692a4108" "proxy-server 89446" 0.0111 "-" 96659 0
Nov 28 19:40:40 np0005539311.novalocal proxy-server[89446]: ::1 ::1 29/Nov/2025/00/40/40 PUT /v1/AUTH_1f36317bec034bb2906d703b614505b0/gnocchi.bfe13856-7e6b-47be-bab5-52c7c172c1dd/1763640000.0_mean_300.0_v3 HTTP/1.0 201 - python-swiftclient-4.2.0 gAAAAABpKkDhAXpn... 16 - - tx0ff4a31b7a664ef7af525-00692a4108 - 0.0176 - - 1764376840.323736429 1764376840.341377735 0
Nov 28 19:40:40 np0005539311.novalocal object-server[96659]: ::1 - - [29/Nov/2025:00:40:40 +0000] "GET /2/63561/AUTH_1f36317bec034bb2906d703b614505b0/gnocchi.06ba0abe-3e4e-42f7-abd5-450a7b910de9/1763640000.0_mean_300.0_v3" 200 16 "GET http://[::1]:8080/v1/AUTH_1f36317bec034bb2906d703b614505b0/gnocchi.06ba0abe-3e4e-42f7-abd5-450a7b910de9/1763640000.0_mean_300.0_v3" "tx7bcf3b0a8ef844a793dae-00692a4108" "proxy-server 89446" 0.0013 "-" 96659 0
Nov 28 19:40:40 np0005539311.novalocal proxy-server[89446]: ::1 ::1 29/Nov/2025/00/40/40 GET /v1/AUTH_1f36317bec034bb2906d703b614505b0/gnocchi.06ba0abe-3e4e-42f7-abd5-450a7b910de9/1763640000.0_mean_300.0_v3 HTTP/1.0 200 - python-swiftclient-4.2.0 gAAAAABpKkDhMctJ... - 16 - tx7bcf3b0a8ef844a793dae-00692a4108 - 0.0107 - - 1764376840.342934370 1764376840.353649378 0
Nov 28 19:40:40 np0005539311.novalocal object-server[96659]: ::1 - - [29/Nov/2025:00:40:40 +0000] "GET /1/4669/AUTH_1f36317bec034bb2906d703b614505b0/gnocchi.1f4868b4-8acf-4a51-9c81-aa64ed1af369/1763640000.0_mean_300.0_v3" 200 16 "GET http://[::1]:8080/v1/AUTH_1f36317bec034bb2906d703b614505b0/gnocchi.1f4868b4-8acf-4a51-9c81-aa64ed1af369/1763640000.0_mean_300.0_v3" "tx0a2fbe7aa71a4b20aa3a4-00692a4108" "proxy-server 89446" 0.0006 "-" 96659 0
Nov 28 19:40:40 np0005539311.novalocal container-server[96356]: ::1 - - [29/Nov/2025:00:40:40 +0000] "PUT /3/242999/AUTH_1f36317bec034bb2906d703b614505b0/gnocchi.bfe13856-7e6b-47be-bab5-52c7c172c1dd/none_v3" 201 - "PUT http://[::1]:8080/1/257628/AUTH_1f36317bec034bb2906d703b614505b0/gnocchi.bfe13856-7e6b-47be-bab5-52c7c172c1dd/none_v3" "tx01505a4a213d44a1ae711-00692a4108" "object-server 96661" 0.0005 "-" 96356 0
Nov 28 19:40:40 np0005539311.novalocal container-server[96357]: ::1 - - [29/Nov/2025:00:40:40 +0000] "PUT /1/242999/AUTH_1f36317bec034bb2906d703b614505b0/gnocchi.bfe13856-7e6b-47be-bab5-52c7c172c1dd/none_v3" 201 - "PUT http://[::1]:8080/3/257628/AUTH_1f36317bec034bb2906d703b614505b0/gnocchi.bfe13856-7e6b-47be-bab5-52c7c172c1dd/none_v3" "tx01505a4a213d44a1ae711-00692a4108" "object-server 96660" 0.0006 "-" 96357 0
Nov 28 19:40:40 np0005539311.novalocal proxy-server[89446]: ::1 ::1 29/Nov/2025/00/40/40 GET /v1/AUTH_1f36317bec034bb2906d703b614505b0/gnocchi.1f4868b4-8acf-4a51-9c81-aa64ed1af369/1763640000.0_mean_300.0_v3 HTTP/1.0 200 - python-swiftclient-4.2.0 gAAAAABpKkDhMctJ... - 16 - tx0a2fbe7aa71a4b20aa3a4-00692a4108 - 0.0061 - - 1764376840.356444120 1764376840.362498522 0
Nov 28 19:40:40 np0005539311.novalocal object-server[96661]: ::1 - - [29/Nov/2025:00:40:40 +0000] "PUT /1/257628/AUTH_1f36317bec034bb2906d703b614505b0/gnocchi.bfe13856-7e6b-47be-bab5-52c7c172c1dd/none_v3" 201 - "PUT http://[::1]:8080/v1/AUTH_1f36317bec034bb2906d703b614505b0/gnocchi.bfe13856-7e6b-47be-bab5-52c7c172c1dd/none_v3" "tx01505a4a213d44a1ae711-00692a4108" "proxy-server 89446" 0.0110 "-" 96661 0
Nov 28 19:40:40 np0005539311.novalocal object-server[96660]: ::1 - - [29/Nov/2025:00:40:40 +0000] "PUT /3/257628/AUTH_1f36317bec034bb2906d703b614505b0/gnocchi.bfe13856-7e6b-47be-bab5-52c7c172c1dd/none_v3" 201 - "PUT http://[::1]:8080/v1/AUTH_1f36317bec034bb2906d703b614505b0/gnocchi.bfe13856-7e6b-47be-bab5-52c7c172c1dd/none_v3" "tx01505a4a213d44a1ae711-00692a4108" "proxy-server 89446" 0.0108 "-" 96660 0
Nov 28 19:40:40 np0005539311.novalocal container-server[96357]: ::1 - - [29/Nov/2025:00:40:40 +0000] "PUT /2/242999/AUTH_1f36317bec034bb2906d703b614505b0/gnocchi.bfe13856-7e6b-47be-bab5-52c7c172c1dd/none_v3" 201 - "PUT http://[::1]:8080/2/257628/AUTH_1f36317bec034bb2906d703b614505b0/gnocchi.bfe13856-7e6b-47be-bab5-52c7c172c1dd/none_v3" "tx01505a4a213d44a1ae711-00692a4108" "object-server 96659" 0.0004 "-" 96357 0
Nov 28 19:40:40 np0005539311.novalocal object-server[96659]: ::1 - - [29/Nov/2025:00:40:40 +0000] "PUT /2/257628/AUTH_1f36317bec034bb2906d703b614505b0/gnocchi.bfe13856-7e6b-47be-bab5-52c7c172c1dd/none_v3" 201 - "PUT http://[::1]:8080/v1/AUTH_1f36317bec034bb2906d703b614505b0/gnocchi.bfe13856-7e6b-47be-bab5-52c7c172c1dd/none_v3" "tx01505a4a213d44a1ae711-00692a4108" "proxy-server 89446" 0.0106 "-" 96659 0
Nov 28 19:40:40 np0005539311.novalocal proxy-server[89446]: ::1 ::1 29/Nov/2025/00/40/40 PUT /v1/AUTH_1f36317bec034bb2906d703b614505b0/gnocchi.bfe13856-7e6b-47be-bab5-52c7c172c1dd/none_v3 HTTP/1.0 201 - python-swiftclient-4.2.0 gAAAAABpKkDhAXpn... 32 - - tx01505a4a213d44a1ae711-00692a4108 - 0.0228 - - 1764376840.346400738 1764376840.369180202 0
Nov 28 19:40:40 np0005539311.novalocal container-server[96356]: ::1 - - [29/Nov/2025:00:40:40 +0000] "PUT /2/243932/AUTH_1f36317bec034bb2906d703b614505b0/gnocchi.06ba0abe-3e4e-42f7-abd5-450a7b910de9/1763640000.0_mean_300.0_v3" 201 - "PUT http://[::1]:8080/3/63561/AUTH_1f36317bec034bb2906d703b614505b0/gnocchi.06ba0abe-3e4e-42f7-abd5-450a7b910de9/1763640000.0_mean_300.0_v3" "txc397f9bab8a443e985cbc-00692a4108" "object-server 96661" 0.0004 "-" 96356 0
Nov 28 19:40:40 np0005539311.novalocal container-server[96356]: ::1 - - [29/Nov/2025:00:40:40 +0000] "PUT /3/243932/AUTH_1f36317bec034bb2906d703b614505b0/gnocchi.06ba0abe-3e4e-42f7-abd5-450a7b910de9/1763640000.0_mean_300.0_v3" 201 - "PUT http://[::1]:8080/1/63561/AUTH_1f36317bec034bb2906d703b614505b0/gnocchi.06ba0abe-3e4e-42f7-abd5-450a7b910de9/1763640000.0_mean_300.0_v3" "txc397f9bab8a443e985cbc-00692a4108" "object-server 96659" 0.0004 "-" 96356 0
Nov 28 19:40:40 np0005539311.novalocal object-server[96661]: ::1 - - [29/Nov/2025:00:40:40 +0000] "PUT /3/63561/AUTH_1f36317bec034bb2906d703b614505b0/gnocchi.06ba0abe-3e4e-42f7-abd5-450a7b910de9/1763640000.0_mean_300.0_v3" 201 - "PUT http://[::1]:8080/v1/AUTH_1f36317bec034bb2906d703b614505b0/gnocchi.06ba0abe-3e4e-42f7-abd5-450a7b910de9/1763640000.0_mean_300.0_v3" "txc397f9bab8a443e985cbc-00692a4108" "proxy-server 89446" 0.0096 "-" 96661 0
Nov 28 19:40:40 np0005539311.novalocal container-server[96357]: ::1 - - [29/Nov/2025:00:40:40 +0000] "PUT /1/243932/AUTH_1f36317bec034bb2906d703b614505b0/gnocchi.06ba0abe-3e4e-42f7-abd5-450a7b910de9/1763640000.0_mean_300.0_v3" 201 - "PUT http://[::1]:8080/2/63561/AUTH_1f36317bec034bb2906d703b614505b0/gnocchi.06ba0abe-3e4e-42f7-abd5-450a7b910de9/1763640000.0_mean_300.0_v3" "txc397f9bab8a443e985cbc-00692a4108" "object-server 96659" 0.0004 "-" 96357 0
Nov 28 19:40:40 np0005539311.novalocal object-server[96659]: ::1 - - [29/Nov/2025:00:40:40 +0000] "PUT /1/63561/AUTH_1f36317bec034bb2906d703b614505b0/gnocchi.06ba0abe-3e4e-42f7-abd5-450a7b910de9/1763640000.0_mean_300.0_v3" 201 - "PUT http://[::1]:8080/v1/AUTH_1f36317bec034bb2906d703b614505b0/gnocchi.06ba0abe-3e4e-42f7-abd5-450a7b910de9/1763640000.0_mean_300.0_v3" "txc397f9bab8a443e985cbc-00692a4108" "proxy-server 89446" 0.0099 "-" 96659 0
Nov 28 19:40:40 np0005539311.novalocal object-server[96659]: ::1 - - [29/Nov/2025:00:40:40 +0000] "PUT /2/63561/AUTH_1f36317bec034bb2906d703b614505b0/gnocchi.06ba0abe-3e4e-42f7-abd5-450a7b910de9/1763640000.0_mean_300.0_v3" 201 - "PUT http://[::1]:8080/v1/AUTH_1f36317bec034bb2906d703b614505b0/gnocchi.06ba0abe-3e4e-42f7-abd5-450a7b910de9/1763640000.0_mean_300.0_v3" "txc397f9bab8a443e985cbc-00692a4108" "proxy-server 89446" 0.0119 "-" 96659 0
Nov 28 19:40:40 np0005539311.novalocal proxy-server[89446]: ::1 ::1 29/Nov/2025/00/40/40 PUT /v1/AUTH_1f36317bec034bb2906d703b614505b0/gnocchi.06ba0abe-3e4e-42f7-abd5-450a7b910de9/1763640000.0_mean_300.0_v3 HTTP/1.0 201 - python-swiftclient-4.2.0 gAAAAABpKkDhMctJ... 16 - - txc397f9bab8a443e985cbc-00692a4108 - 0.0172 - - 1764376840.364694834 1764376840.381879091 0
Nov 28 19:40:40 np0005539311.novalocal container-server[96356]: ::1 - - [29/Nov/2025:00:40:40 +0000] "PUT /1/161441/AUTH_1f36317bec034bb2906d703b614505b0/gnocchi.1f4868b4-8acf-4a51-9c81-aa64ed1af369/1763640000.0_mean_300.0_v3" 201 - "PUT http://[::1]:8080/3/4669/AUTH_1f36317bec034bb2906d703b614505b0/gnocchi.1f4868b4-8acf-4a51-9c81-aa64ed1af369/1763640000.0_mean_300.0_v3" "tx821754e87fd845e1a1c1f-00692a4108" "object-server 96662" 0.0013 "-" 96356 0
Nov 28 19:40:40 np0005539311.novalocal container-server[96355]: ::1 - - [29/Nov/2025:00:40:40 +0000] "PUT /2/161441/AUTH_1f36317bec034bb2906d703b614505b0/gnocchi.1f4868b4-8acf-4a51-9c81-aa64ed1af369/1763640000.0_mean_300.0_v3" 201 - "PUT http://[::1]:8080/2/4669/AUTH_1f36317bec034bb2906d703b614505b0/gnocchi.1f4868b4-8acf-4a51-9c81-aa64ed1af369/1763640000.0_mean_300.0_v3" "tx821754e87fd845e1a1c1f-00692a4108" "object-server 96661" 0.0004 "-" 96355 0
Nov 28 19:40:40 np0005539311.novalocal object-server[96662]: ::1 - - [29/Nov/2025:00:40:40 +0000] "PUT /3/4669/AUTH_1f36317bec034bb2906d703b614505b0/gnocchi.1f4868b4-8acf-4a51-9c81-aa64ed1af369/1763640000.0_mean_300.0_v3" 201 - "PUT http://[::1]:8080/v1/AUTH_1f36317bec034bb2906d703b614505b0/gnocchi.1f4868b4-8acf-4a51-9c81-aa64ed1af369/1763640000.0_mean_300.0_v3" "tx821754e87fd845e1a1c1f-00692a4108" "proxy-server 89446" 0.0124 "-" 96662 0
Nov 28 19:40:40 np0005539311.novalocal object-server[96661]: ::1 - - [29/Nov/2025:00:40:40 +0000] "PUT /2/4669/AUTH_1f36317bec034bb2906d703b614505b0/gnocchi.1f4868b4-8acf-4a51-9c81-aa64ed1af369/1763640000.0_mean_300.0_v3" 201 - "PUT http://[::1]:8080/v1/AUTH_1f36317bec034bb2906d703b614505b0/gnocchi.1f4868b4-8acf-4a51-9c81-aa64ed1af369/1763640000.0_mean_300.0_v3" "tx821754e87fd845e1a1c1f-00692a4108" "proxy-server 89446" 0.0128 "-" 96661 0
Nov 28 19:40:40 np0005539311.novalocal object-server[96660]: ::1 - - [29/Nov/2025:00:40:40 +0000] "GET /1/143533/AUTH_1f36317bec034bb2906d703b614505b0/gnocchi.b6280581-3348-467e-847e-72731e13ed79/none_v3" 200 22 "GET http://[::1]:8080/v1/AUTH_1f36317bec034bb2906d703b614505b0/gnocchi.b6280581-3348-467e-847e-72731e13ed79/none_v3" "tx4e38688ee2b2440db842a-00692a4108" "proxy-server 89446" 0.0005 "-" 96660 0
Nov 28 19:40:40 np0005539311.novalocal container-server[96355]: ::1 - - [29/Nov/2025:00:40:40 +0000] "PUT /3/161441/AUTH_1f36317bec034bb2906d703b614505b0/gnocchi.1f4868b4-8acf-4a51-9c81-aa64ed1af369/1763640000.0_mean_300.0_v3" 201 - "PUT http://[::1]:8080/1/4669/AUTH_1f36317bec034bb2906d703b614505b0/gnocchi.1f4868b4-8acf-4a51-9c81-aa64ed1af369/1763640000.0_mean_300.0_v3" "tx821754e87fd845e1a1c1f-00692a4108" "object-server 96661" 0.0005 "-" 96355 0
Nov 28 19:40:40 np0005539311.novalocal object-server[96661]: ::1 - - [29/Nov/2025:00:40:40 +0000] "PUT /1/4669/AUTH_1f36317bec034bb2906d703b614505b0/gnocchi.1f4868b4-8acf-4a51-9c81-aa64ed1af369/1763640000.0_mean_300.0_v3" 201 - "PUT http://[::1]:8080/v1/AUTH_1f36317bec034bb2906d703b614505b0/gnocchi.1f4868b4-8acf-4a51-9c81-aa64ed1af369/1763640000.0_mean_300.0_v3" "tx821754e87fd845e1a1c1f-00692a4108" "proxy-server 89446" 0.0115 "-" 96661 0
Nov 28 19:40:40 np0005539311.novalocal proxy-server[89446]: ::1 ::1 29/Nov/2025/00/40/40 GET /v1/AUTH_1f36317bec034bb2906d703b614505b0/gnocchi.b6280581-3348-467e-847e-72731e13ed79/none_v3 HTTP/1.0 200 - python-swiftclient-4.2.0 gAAAAABpKkDhAXpn... - 22 - tx4e38688ee2b2440db842a-00692a4108 - 0.0060 - - 1764376840.399405003 1764376840.405429363 0
Nov 28 19:40:40 np0005539311.novalocal proxy-server[89446]: ::1 ::1 29/Nov/2025/00/40/40 PUT /v1/AUTH_1f36317bec034bb2906d703b614505b0/gnocchi.1f4868b4-8acf-4a51-9c81-aa64ed1af369/1763640000.0_mean_300.0_v3 HTTP/1.0 201 - python-swiftclient-4.2.0 gAAAAABpKkDhMctJ... 16 - - tx821754e87fd845e1a1c1f-00692a4108 - 0.0225 - - 1764376840.384180784 1764376840.406652689 0
Nov 28 19:40:40 np0005539311.novalocal container-server[96358]: ::1 - - [29/Nov/2025:00:40:40 +0000] "GET /1/170794/AUTH_1f36317bec034bb2906d703b614505b0/gnocchi.b6280581-3348-467e-847e-72731e13ed79" 200 357 "GET http://[::1]:8080/v1/AUTH_1f36317bec034bb2906d703b614505b0/gnocchi.b6280581-3348-467e-847e-72731e13ed79?format=json&states=listing" "tx76064f8a895f4ab4ad9f0-00692a4108" "proxy-server 89446" 0.0042 "-" 96358 0
Nov 28 19:40:40 np0005539311.novalocal proxy-server[89446]: ::1 ::1 29/Nov/2025/00/40/40 GET /v1/AUTH_1f36317bec034bb2906d703b614505b0/gnocchi.b6280581-3348-467e-847e-72731e13ed79%3Fformat%3Djson%26states%3Dlisting HTTP/1.0 200 - python-swiftclient-4.2.0 gAAAAABpKkDhAXpn... - 357 - tx76064f8a895f4ab4ad9f0-00692a4108 - 0.0111 - - 1764376840.408206701 1764376840.419349194 0
Nov 28 19:40:40 np0005539311.novalocal container-server[96355]: ::1 - - [29/Nov/2025:00:40:40 +0000] "PUT /1/243932/AUTH_1f36317bec034bb2906d703b614505b0/gnocchi.06ba0abe-3e4e-42f7-abd5-450a7b910de9/none_v3" 201 - "PUT http://[::1]:8080/2/105931/AUTH_1f36317bec034bb2906d703b614505b0/gnocchi.06ba0abe-3e4e-42f7-abd5-450a7b910de9/none_v3" "tx273f184092fd48c893d55-00692a4108" "object-server 96661" 0.0005 "-" 96355 0
Nov 28 19:40:40 np0005539311.novalocal container-server[96357]: ::1 - - [29/Nov/2025:00:40:40 +0000] "GET /1/170794/AUTH_1f36317bec034bb2906d703b614505b0/gnocchi.b6280581-3348-467e-847e-72731e13ed79" 200 2 "GET http://[::1]:8080/v1/AUTH_1f36317bec034bb2906d703b614505b0/gnocchi.b6280581-3348-467e-847e-72731e13ed79?format=json&marker=none_v3&states=listing" "tx50245f4445a3461899421-00692a4108" "proxy-server 89446" 0.0020 "-" 96357 0
Nov 28 19:40:40 np0005539311.novalocal container-server[96355]: ::1 - - [29/Nov/2025:00:40:40 +0000] "PUT /2/243932/AUTH_1f36317bec034bb2906d703b614505b0/gnocchi.06ba0abe-3e4e-42f7-abd5-450a7b910de9/none_v3" 201 - "PUT http://[::1]:8080/1/105931/AUTH_1f36317bec034bb2906d703b614505b0/gnocchi.06ba0abe-3e4e-42f7-abd5-450a7b910de9/none_v3" "tx273f184092fd48c893d55-00692a4108" "object-server 96661" 0.0005 "-" 96355 0
Nov 28 19:40:40 np0005539311.novalocal object-server[96661]: ::1 - - [29/Nov/2025:00:40:40 +0000] "PUT /2/105931/AUTH_1f36317bec034bb2906d703b614505b0/gnocchi.06ba0abe-3e4e-42f7-abd5-450a7b910de9/none_v3" 201 - "PUT http://[::1]:8080/v1/AUTH_1f36317bec034bb2906d703b614505b0/gnocchi.06ba0abe-3e4e-42f7-abd5-450a7b910de9/none_v3" "tx273f184092fd48c893d55-00692a4108" "proxy-server 89446" 0.0105 "-" 96661 0
Nov 28 19:40:40 np0005539311.novalocal object-server[96661]: ::1 - - [29/Nov/2025:00:40:40 +0000] "PUT /1/105931/AUTH_1f36317bec034bb2906d703b614505b0/gnocchi.06ba0abe-3e4e-42f7-abd5-450a7b910de9/none_v3" 201 - "PUT http://[::1]:8080/v1/AUTH_1f36317bec034bb2906d703b614505b0/gnocchi.06ba0abe-3e4e-42f7-abd5-450a7b910de9/none_v3" "tx273f184092fd48c893d55-00692a4108" "proxy-server 89446" 0.0094 "-" 96661 0
Nov 28 19:40:40 np0005539311.novalocal proxy-server[89446]: ::1 ::1 29/Nov/2025/00/40/40 GET /v1/AUTH_1f36317bec034bb2906d703b614505b0/gnocchi.b6280581-3348-467e-847e-72731e13ed79%3Fformat%3Djson%26marker%3Dnone_v3%26states%3Dlisting HTTP/1.0 200 - python-swiftclient-4.2.0 gAAAAABpKkDhAXpn... - 2 - tx50245f4445a3461899421-00692a4108 - 0.0086 - - 1764376840.421654940 1764376840.430230379 0
Nov 28 19:40:40 np0005539311.novalocal container-server[96358]: ::1 - - [29/Nov/2025:00:40:40 +0000] "PUT /3/243932/AUTH_1f36317bec034bb2906d703b614505b0/gnocchi.06ba0abe-3e4e-42f7-abd5-450a7b910de9/none_v3" 201 - "PUT http://[::1]:8080/3/105931/AUTH_1f36317bec034bb2906d703b614505b0/gnocchi.06ba0abe-3e4e-42f7-abd5-450a7b910de9/none_v3" "tx273f184092fd48c893d55-00692a4108" "object-server 96661" 0.0008 "-" 96358 0
Nov 28 19:40:40 np0005539311.novalocal object-server[96661]: ::1 - - [29/Nov/2025:00:40:40 +0000] "PUT /3/105931/AUTH_1f36317bec034bb2906d703b614505b0/gnocchi.06ba0abe-3e4e-42f7-abd5-450a7b910de9/none_v3" 201 - "PUT http://[::1]:8080/v1/AUTH_1f36317bec034bb2906d703b614505b0/gnocchi.06ba0abe-3e4e-42f7-abd5-450a7b910de9/none_v3" "tx273f184092fd48c893d55-00692a4108" "proxy-server 89446" 0.0125 "-" 96661 0
Nov 28 19:40:40 np0005539311.novalocal proxy-server[89446]: ::1 ::1 29/Nov/2025/00/40/40 PUT /v1/AUTH_1f36317bec034bb2906d703b614505b0/gnocchi.06ba0abe-3e4e-42f7-abd5-450a7b910de9/none_v3 HTTP/1.0 201 - python-swiftclient-4.2.0 gAAAAABpKkDhMctJ... 32 - - tx273f184092fd48c893d55-00692a4108 - 0.0204 - - 1764376840.411735773 1764376840.432165384 0
Nov 28 19:40:40 np0005539311.novalocal object-server[96660]: ::1 - - [29/Nov/2025:00:40:40 +0000] "GET /2/197366/AUTH_1f36317bec034bb2906d703b614505b0/gnocchi.b6280581-3348-467e-847e-72731e13ed79/1763640000.0_mean_300.0_v3" 200 16 "GET http://[::1]:8080/v1/AUTH_1f36317bec034bb2906d703b614505b0/gnocchi.b6280581-3348-467e-847e-72731e13ed79/1763640000.0_mean_300.0_v3" "tx4336f13f8eaa465593c37-00692a4108" "proxy-server 89446" 0.0007 "-" 96660 0
Nov 28 19:40:40 np0005539311.novalocal proxy-server[89446]: ::1 ::1 29/Nov/2025/00/40/40 GET /v1/AUTH_1f36317bec034bb2906d703b614505b0/gnocchi.b6280581-3348-467e-847e-72731e13ed79/1763640000.0_mean_300.0_v3 HTTP/1.0 200 - python-swiftclient-4.2.0 gAAAAABpKkDhAXpn... - 16 - tx4336f13f8eaa465593c37-00692a4108 - 0.0092 - - 1764376840.433115959 1764376840.442347527 0
Nov 28 19:40:40 np0005539311.novalocal container-server[96356]: ::1 - - [29/Nov/2025:00:40:40 +0000] "PUT /1/161441/AUTH_1f36317bec034bb2906d703b614505b0/gnocchi.1f4868b4-8acf-4a51-9c81-aa64ed1af369/none_v3" 201 - "PUT http://[::1]:8080/3/108389/AUTH_1f36317bec034bb2906d703b614505b0/gnocchi.1f4868b4-8acf-4a51-9c81-aa64ed1af369/none_v3" "tx7022be1c94614709be841-00692a4108" "object-server 96660" 0.0004 "-" 96356 0
Nov 28 19:40:40 np0005539311.novalocal container-server[96357]: ::1 - - [29/Nov/2025:00:40:40 +0000] "PUT /3/161441/AUTH_1f36317bec034bb2906d703b614505b0/gnocchi.1f4868b4-8acf-4a51-9c81-aa64ed1af369/none_v3" 201 - "PUT http://[::1]:8080/2/108389/AUTH_1f36317bec034bb2906d703b614505b0/gnocchi.1f4868b4-8acf-4a51-9c81-aa64ed1af369/none_v3" "tx7022be1c94614709be841-00692a4108" "object-server 96661" 0.0004 "-" 96357 0
Nov 28 19:40:40 np0005539311.novalocal container-server[96355]: ::1 - - [29/Nov/2025:00:40:40 +0000] "PUT /2/161441/AUTH_1f36317bec034bb2906d703b614505b0/gnocchi.1f4868b4-8acf-4a51-9c81-aa64ed1af369/none_v3" 201 - "PUT http://[::1]:8080/1/108389/AUTH_1f36317bec034bb2906d703b614505b0/gnocchi.1f4868b4-8acf-4a51-9c81-aa64ed1af369/none_v3" "tx7022be1c94614709be841-00692a4108" "object-server 96661" 0.0004 "-" 96355 0
Nov 28 19:40:40 np0005539311.novalocal object-server[96661]: ::1 - - [29/Nov/2025:00:40:40 +0000] "PUT /1/108389/AUTH_1f36317bec034bb2906d703b614505b0/gnocchi.1f4868b4-8acf-4a51-9c81-aa64ed1af369/none_v3" 201 - "PUT http://[::1]:8080/v1/AUTH_1f36317bec034bb2906d703b614505b0/gnocchi.1f4868b4-8acf-4a51-9c81-aa64ed1af369/none_v3" "tx7022be1c94614709be841-00692a4108" "proxy-server 89446" 0.0124 "-" 96661 0
Nov 28 19:40:40 np0005539311.novalocal object-server[96661]: ::1 - - [29/Nov/2025:00:40:40 +0000] "PUT /2/108389/AUTH_1f36317bec034bb2906d703b614505b0/gnocchi.1f4868b4-8acf-4a51-9c81-aa64ed1af369/none_v3" 201 - "PUT http://[::1]:8080/v1/AUTH_1f36317bec034bb2906d703b614505b0/gnocchi.1f4868b4-8acf-4a51-9c81-aa64ed1af369/none_v3" "tx7022be1c94614709be841-00692a4108" "proxy-server 89446" 0.0119 "-" 96661 0
