Nov 28 19:40:02 np0005539311.novalocal object-server[96660]: ::1 - - [29/Nov/2025:00:40:02 +0000] "GET /1/78603/AUTH_1f36317bec034bb2906d703b614505b0/gnocchi.4ce8f042-47a0-4c83-bfd0-9df186d14ea2/none_v3" 404 70 "GET http://[::1]:8080/v1/AUTH_1f36317bec034bb2906d703b614505b0/gnocchi.4ce8f042-47a0-4c83-bfd0-9df186d14ea2/none_v3" "tx8d6a5e488fc44c39bddda-00692a40e1" "proxy-server 89446" 0.0004 "-" 96660 0
Nov 28 19:40:02 np0005539311.novalocal container-server[96358]: ::1 - - [29/Nov/2025:00:40:02 +0000] "PUT /3/249392/AUTH_1f36317bec034bb2906d703b614505b0/gnocchi.0b9fba65-9a70-4fc9-8d5b-553c3b666ec0" 201 - "PUT http://[::1]:8080/v1/AUTH_1f36317bec034bb2906d703b614505b0/gnocchi.0b9fba65-9a70-4fc9-8d5b-553c3b666ec0" "txb3060c59f6ac43ec9559b-00692a40e2" "proxy-server 89446" 0.0264 "-" 96358 0
Nov 28 19:40:02 np0005539311.novalocal object-server[96660]: ::1 - - [29/Nov/2025:00:40:02 +0000] "GET /2/78603/AUTH_1f36317bec034bb2906d703b614505b0/gnocchi.4ce8f042-47a0-4c83-bfd0-9df186d14ea2/none_v3" 404 70 "GET http://[::1]:8080/v1/AUTH_1f36317bec034bb2906d703b614505b0/gnocchi.4ce8f042-47a0-4c83-bfd0-9df186d14ea2/none_v3" "tx8d6a5e488fc44c39bddda-00692a40e1" "proxy-server 89446" 0.0002 "-" 96660 0
Nov 28 19:40:02 np0005539311.novalocal account-server[96064]: ::1 - - [29/Nov/2025:00:40:02 +0000] "PUT /3/183006/AUTH_1f36317bec034bb2906d703b614505b0/gnocchi.0b9fba65-9a70-4fc9-8d5b-553c3b666ec0" 201 - "PUT http://[::1]:6001/1/249392/AUTH_1f36317bec034bb2906d703b614505b0/gnocchi.0b9fba65-9a70-4fc9-8d5b-553c3b666ec0" "txb3060c59f6ac43ec9559b-00692a40e2" "container-server 96356" 0.0065 "-" 96064 0
Nov 28 19:40:02 np0005539311.novalocal proxy-server[89446]: ::1 ::1 29/Nov/2025/00/40/02 GET /v1/AUTH_1f36317bec034bb2906d703b614505b0/gnocchi.4ce8f042-47a0-4c83-bfd0-9df186d14ea2/none_v3 HTTP/1.0 404 - python-swiftclient-4.2.0 gAAAAABpKkDhAXpn... - 70 - tx8d6a5e488fc44c39bddda-00692a40e1 - 0.7777 - - 1764376801.487082958 1764376802.264751196 0
Nov 28 19:40:02 np0005539311.novalocal container-server[96356]: ::1 - - [29/Nov/2025:00:40:02 +0000] "PUT /1/249392/AUTH_1f36317bec034bb2906d703b614505b0/gnocchi.0b9fba65-9a70-4fc9-8d5b-553c3b666ec0" 201 - "PUT http://[::1]:8080/v1/AUTH_1f36317bec034bb2906d703b614505b0/gnocchi.0b9fba65-9a70-4fc9-8d5b-553c3b666ec0" "txb3060c59f6ac43ec9559b-00692a40e2" "proxy-server 89446" 0.0294 "-" 96356 0
Nov 28 19:40:02 np0005539311.novalocal account-server[96064]: ::1 - - [29/Nov/2025:00:40:02 +0000] "PUT /2/183006/AUTH_1f36317bec034bb2906d703b614505b0/gnocchi.0b9fba65-9a70-4fc9-8d5b-553c3b666ec0" 201 - "PUT http://[::1]:6001/2/249392/AUTH_1f36317bec034bb2906d703b614505b0/gnocchi.0b9fba65-9a70-4fc9-8d5b-553c3b666ec0" "txb3060c59f6ac43ec9559b-00692a40e2" "container-server 96358" 0.0038 "-" 96064 0
Nov 28 19:40:02 np0005539311.novalocal container-server[96358]: ::1 - - [29/Nov/2025:00:40:02 +0000] "PUT /2/249392/AUTH_1f36317bec034bb2906d703b614505b0/gnocchi.0b9fba65-9a70-4fc9-8d5b-553c3b666ec0" 201 - "PUT http://[::1]:8080/v1/AUTH_1f36317bec034bb2906d703b614505b0/gnocchi.0b9fba65-9a70-4fc9-8d5b-553c3b666ec0" "txb3060c59f6ac43ec9559b-00692a40e2" "proxy-server 89446" 0.0219 "-" 96358 0
Nov 28 19:40:02 np0005539311.novalocal account-server[96129]: Beginning replication run
Nov 28 19:40:02 np0005539311.novalocal proxy-server[89446]: ::1 ::1 29/Nov/2025/00/40/02 PUT /v1/AUTH_1f36317bec034bb2906d703b614505b0/gnocchi.0b9fba65-9a70-4fc9-8d5b-553c3b666ec0 HTTP/1.0 201 - python-swiftclient-4.2.0 gAAAAABpKkDhMctJ... - - - txb3060c59f6ac43ec9559b-00692a40e2 - 0.6446 - - 1764376802.232752323 1764376802.877331972 0
Nov 28 19:40:02 np0005539311.novalocal account-server[96064]: ::1 - - [29/Nov/2025:00:40:02 +0000] "PUT /2/183006/AUTH_1f36317bec034bb2906d703b614505b0/gnocchi.4ce8f042-47a0-4c83-bfd0-9df186d14ea2" 201 - "PUT http://[::1]:6001/2/76945/AUTH_1f36317bec034bb2906d703b614505b0/gnocchi.4ce8f042-47a0-4c83-bfd0-9df186d14ea2" "tx0eb9113c72df40479ba26-00692a40e2" "container-server 96355" 0.0047 "-" 96064 0
Nov 28 19:40:02 np0005539311.novalocal container-server[96355]: ::1 - - [29/Nov/2025:00:40:02 +0000] "PUT /2/76945/AUTH_1f36317bec034bb2906d703b614505b0/gnocchi.4ce8f042-47a0-4c83-bfd0-9df186d14ea2" 201 - "PUT http://[::1]:8080/v1/AUTH_1f36317bec034bb2906d703b614505b0/gnocchi.4ce8f042-47a0-4c83-bfd0-9df186d14ea2" "tx0eb9113c72df40479ba26-00692a40e2" "proxy-server 89446" 0.0222 "-" 96355 0
Nov 28 19:40:02 np0005539311.novalocal container-server[96356]: ::1 - - [29/Nov/2025:00:40:02 +0000] "HEAD /3/249392/AUTH_1f36317bec034bb2906d703b614505b0/gnocchi.0b9fba65-9a70-4fc9-8d5b-553c3b666ec0" 204 - "HEAD http://[::1]:8080/v1/AUTH_1f36317bec034bb2906d703b614505b0/gnocchi.0b9fba65-9a70-4fc9-8d5b-553c3b666ec0?format=json&states=listing" "tx005aa29da4f24b8ea3d5e-00692a40e2" "proxy-server 89446" 0.0050 "-" 96356 0
Nov 28 19:40:02 np0005539311.novalocal object-server[103121]: Begin object audit "forever" mode (ALL)
Nov 28 19:40:02 np0005539311.novalocal object-server[103120]: Begin object audit "forever" mode (ZBF)
Nov 28 19:40:02 np0005539311.novalocal object-server[103120]: Object audit (ZBF). Since Sat Nov 29 00:40:02 2025: Locally: 1 passed, 0 quarantined, 0 errors, files/sec: 361.14, bytes/sec: 0.00, Total time: 0.00, Auditing time: 0.00, Rate: 0.00
Nov 28 19:40:02 np0005539311.novalocal account-server[96063]: ::1 - - [29/Nov/2025:00:40:02 +0000] "PUT /3/183006/AUTH_1f36317bec034bb2906d703b614505b0/gnocchi.4ce8f042-47a0-4c83-bfd0-9df186d14ea2" 201 - "PUT http://[::1]:6001/3/76945/AUTH_1f36317bec034bb2906d703b614505b0/gnocchi.4ce8f042-47a0-4c83-bfd0-9df186d14ea2" "tx0eb9113c72df40479ba26-00692a40e2" "container-server 96357" 0.0013 "-" 96063 0
Nov 28 19:40:02 np0005539311.novalocal account-server[96061]: ::1 - - [29/Nov/2025:00:40:02 +0000] "PUT /1/183006/AUTH_1f36317bec034bb2906d703b614505b0/gnocchi.4ce8f042-47a0-4c83-bfd0-9df186d14ea2" 201 - "PUT http://[::1]:6001/1/76945/AUTH_1f36317bec034bb2906d703b614505b0/gnocchi.4ce8f042-47a0-4c83-bfd0-9df186d14ea2" "tx0eb9113c72df40479ba26-00692a40e2" "container-server 96357" 0.0012 "-" 96061 0
Nov 28 19:40:02 np0005539311.novalocal container-server[96357]: ::1 - - [29/Nov/2025:00:40:02 +0000] "PUT /3/76945/AUTH_1f36317bec034bb2906d703b614505b0/gnocchi.4ce8f042-47a0-4c83-bfd0-9df186d14ea2" 201 - "PUT http://[::1]:8080/v1/AUTH_1f36317bec034bb2906d703b614505b0/gnocchi.4ce8f042-47a0-4c83-bfd0-9df186d14ea2" "tx0eb9113c72df40479ba26-00692a40e2" "proxy-server 89446" 0.0393 "-" 96357 0
Nov 28 19:40:02 np0005539311.novalocal container-server[96357]: ::1 - - [29/Nov/2025:00:40:02 +0000] "PUT /1/76945/AUTH_1f36317bec034bb2906d703b614505b0/gnocchi.4ce8f042-47a0-4c83-bfd0-9df186d14ea2" 201 - "PUT http://[::1]:8080/v1/AUTH_1f36317bec034bb2906d703b614505b0/gnocchi.4ce8f042-47a0-4c83-bfd0-9df186d14ea2" "tx0eb9113c72df40479ba26-00692a40e2" "proxy-server 89446" 0.0243 "-" 96357 0
Nov 28 19:40:02 np0005539311.novalocal proxy-server[89446]: ::1 ::1 29/Nov/2025/00/40/02 PUT /v1/AUTH_1f36317bec034bb2906d703b614505b0/gnocchi.4ce8f042-47a0-4c83-bfd0-9df186d14ea2 HTTP/1.0 201 - python-swiftclient-4.2.0 gAAAAABpKkDhAXpn... - - - tx0eb9113c72df40479ba26-00692a40e2 - 0.6460 - - 1764376802.269199133 1764376802.915154457 0
Nov 28 19:40:02 np0005539311.novalocal container-server[96358]: ::1 - - [29/Nov/2025:00:40:02 +0000] "GET /1/249392/AUTH_1f36317bec034bb2906d703b614505b0/gnocchi.0b9fba65-9a70-4fc9-8d5b-553c3b666ec0" 200 2 "GET http://[::1]:8080/v1/AUTH_1f36317bec034bb2906d703b614505b0/gnocchi.0b9fba65-9a70-4fc9-8d5b-553c3b666ec0?format=json&states=listing" "tx005aa29da4f24b8ea3d5e-00692a40e2" "proxy-server 89446" 0.0053 "-" 96358 0
Nov 28 19:40:02 np0005539311.novalocal proxy-server[89446]: ::1 ::1 29/Nov/2025/00/40/02 GET /v1/AUTH_1f36317bec034bb2906d703b614505b0/gnocchi.0b9fba65-9a70-4fc9-8d5b-553c3b666ec0%3Fformat%3Djson%26states%3Dlisting HTTP/1.0 200 - python-swiftclient-4.2.0 gAAAAABpKkDhMctJ... - 2 - tx005aa29da4f24b8ea3d5e-00692a40e2 - 0.0391 - - 1764376802.883013964 1764376802.922115803 0
Nov 28 19:40:02 np0005539311.novalocal object-server[96659]: ::1 - - [29/Nov/2025:00:40:02 +0000] "GET /2/3588/AUTH_1f36317bec034bb2906d703b614505b0/gnocchi.0b9fba65-9a70-4fc9-8d5b-553c3b666ec0/1763640000.0_mean_300.0_v3" 404 70 "GET http://[::1]:8080/v1/AUTH_1f36317bec034bb2906d703b614505b0/gnocchi.0b9fba65-9a70-4fc9-8d5b-553c3b666ec0/1763640000.0_mean_300.0_v3" "txeeb45230ab8946bcafbb1-00692a40e2" "proxy-server 89446" 0.0003 "-" 96659 0
Nov 28 19:40:02 np0005539311.novalocal object-server[96659]: ::1 - - [29/Nov/2025:00:40:02 +0000] "GET /1/3588/AUTH_1f36317bec034bb2906d703b614505b0/gnocchi.0b9fba65-9a70-4fc9-8d5b-553c3b666ec0/1763640000.0_mean_300.0_v3" 404 70 "GET http://[::1]:8080/v1/AUTH_1f36317bec034bb2906d703b614505b0/gnocchi.0b9fba65-9a70-4fc9-8d5b-553c3b666ec0/1763640000.0_mean_300.0_v3" "txeeb45230ab8946bcafbb1-00692a40e2" "proxy-server 89446" 0.0002 "-" 96659 0
Nov 28 19:40:02 np0005539311.novalocal object-server[96662]: ::1 - - [29/Nov/2025:00:40:02 +0000] "GET /3/3588/AUTH_1f36317bec034bb2906d703b614505b0/gnocchi.0b9fba65-9a70-4fc9-8d5b-553c3b666ec0/1763640000.0_mean_300.0_v3" 404 70 "GET http://[::1]:8080/v1/AUTH_1f36317bec034bb2906d703b614505b0/gnocchi.0b9fba65-9a70-4fc9-8d5b-553c3b666ec0/1763640000.0_mean_300.0_v3" "txeeb45230ab8946bcafbb1-00692a40e2" "proxy-server 89446" 0.0003 "-" 96662 0
Nov 28 19:40:02 np0005539311.novalocal proxy-server[89446]: ::1 ::1 29/Nov/2025/00/40/02 GET /v1/AUTH_1f36317bec034bb2906d703b614505b0/gnocchi.0b9fba65-9a70-4fc9-8d5b-553c3b666ec0/1763640000.0_mean_300.0_v3 HTTP/1.0 404 - python-swiftclient-4.2.0 gAAAAABpKkDhMctJ... - 70 - txeeb45230ab8946bcafbb1-00692a40e2 - 0.0150 - - 1764376802.925676107 1764376802.940724850 0
Nov 28 19:40:02 np0005539311.novalocal container-server[96356]: ::1 - - [29/Nov/2025:00:40:02 +0000] "HEAD /1/76945/AUTH_1f36317bec034bb2906d703b614505b0/gnocchi.4ce8f042-47a0-4c83-bfd0-9df186d14ea2" 204 - "HEAD http://[::1]:8080/v1/AUTH_1f36317bec034bb2906d703b614505b0/gnocchi.4ce8f042-47a0-4c83-bfd0-9df186d14ea2?format=json&states=listing" "tx63985c190490421bbd594-00692a40e2" "proxy-server 89446" 0.0027 "-" 96356 0
Nov 28 19:40:02 np0005539311.novalocal container-server[96356]: ::1 - - [29/Nov/2025:00:40:02 +0000] "GET /2/76945/AUTH_1f36317bec034bb2906d703b614505b0/gnocchi.4ce8f042-47a0-4c83-bfd0-9df186d14ea2" 200 2 "GET http://[::1]:8080/v1/AUTH_1f36317bec034bb2906d703b614505b0/gnocchi.4ce8f042-47a0-4c83-bfd0-9df186d14ea2?format=json&states=listing" "tx63985c190490421bbd594-00692a40e2" "proxy-server 89446" 0.0068 "-" 96356 0
Nov 28 19:40:02 np0005539311.novalocal proxy-server[89446]: ::1 ::1 29/Nov/2025/00/40/02 GET /v1/AUTH_1f36317bec034bb2906d703b614505b0/gnocchi.4ce8f042-47a0-4c83-bfd0-9df186d14ea2%3Fformat%3Djson%26states%3Dlisting HTTP/1.0 200 - python-swiftclient-4.2.0 gAAAAABpKkDhAXpn... - 2 - tx63985c190490421bbd594-00692a40e2 - 0.0353 - - 1764376802.932304621 1764376802.967610121 0
Nov 28 19:40:02 np0005539311.novalocal container-server[96356]: ::1 - - [29/Nov/2025:00:40:02 +0000] "PUT /3/249392/AUTH_1f36317bec034bb2906d703b614505b0/gnocchi.0b9fba65-9a70-4fc9-8d5b-553c3b666ec0/1763640000.0_mean_300.0_v3" 201 - "PUT http://[::1]:8080/3/3588/AUTH_1f36317bec034bb2906d703b614505b0/gnocchi.0b9fba65-9a70-4fc9-8d5b-553c3b666ec0/1763640000.0_mean_300.0_v3" "txdbb0f18319744404b1907-00692a40e2" "object-server 96662" 0.0025 "-" 96356 0
Nov 28 19:40:02 np0005539311.novalocal container-server[96358]: ::1 - - [29/Nov/2025:00:40:02 +0000] "PUT /1/249392/AUTH_1f36317bec034bb2906d703b614505b0/gnocchi.0b9fba65-9a70-4fc9-8d5b-553c3b666ec0/1763640000.0_mean_300.0_v3" 201 - "PUT http://[::1]:8080/1/3588/AUTH_1f36317bec034bb2906d703b614505b0/gnocchi.0b9fba65-9a70-4fc9-8d5b-553c3b666ec0/1763640000.0_mean_300.0_v3" "txdbb0f18319744404b1907-00692a40e2" "object-server 96660" 0.0010 "-" 96358 0
Nov 28 19:40:02 np0005539311.novalocal object-server[96662]: ::1 - - [29/Nov/2025:00:40:02 +0000] "PUT /3/3588/AUTH_1f36317bec034bb2906d703b614505b0/gnocchi.0b9fba65-9a70-4fc9-8d5b-553c3b666ec0/1763640000.0_mean_300.0_v3" 201 - "PUT http://[::1]:8080/v1/AUTH_1f36317bec034bb2906d703b614505b0/gnocchi.0b9fba65-9a70-4fc9-8d5b-553c3b666ec0/1763640000.0_mean_300.0_v3" "txdbb0f18319744404b1907-00692a40e2" "proxy-server 89446" 0.0167 "-" 96662 0
Nov 28 19:40:02 np0005539311.novalocal object-server[96660]: ::1 - - [29/Nov/2025:00:40:02 +0000] "PUT /1/3588/AUTH_1f36317bec034bb2906d703b614505b0/gnocchi.0b9fba65-9a70-4fc9-8d5b-553c3b666ec0/1763640000.0_mean_300.0_v3" 201 - "PUT http://[::1]:8080/v1/AUTH_1f36317bec034bb2906d703b614505b0/gnocchi.0b9fba65-9a70-4fc9-8d5b-553c3b666ec0/1763640000.0_mean_300.0_v3" "txdbb0f18319744404b1907-00692a40e2" "proxy-server 89446" 0.0181 "-" 96660 0
Nov 28 19:40:02 np0005539311.novalocal container-server[96358]: ::1 - - [29/Nov/2025:00:40:02 +0000] "PUT /2/249392/AUTH_1f36317bec034bb2906d703b614505b0/gnocchi.0b9fba65-9a70-4fc9-8d5b-553c3b666ec0/1763640000.0_mean_300.0_v3" 201 - "PUT http://[::1]:8080/2/3588/AUTH_1f36317bec034bb2906d703b614505b0/gnocchi.0b9fba65-9a70-4fc9-8d5b-553c3b666ec0/1763640000.0_mean_300.0_v3" "txdbb0f18319744404b1907-00692a40e2" "object-server 96661" 0.0008 "-" 96358 0
Nov 28 19:40:02 np0005539311.novalocal object-server[96661]: ::1 - - [29/Nov/2025:00:40:02 +0000] "PUT /2/3588/AUTH_1f36317bec034bb2906d703b614505b0/gnocchi.0b9fba65-9a70-4fc9-8d5b-553c3b666ec0/1763640000.0_mean_300.0_v3" 201 - "PUT http://[::1]:8080/v1/AUTH_1f36317bec034bb2906d703b614505b0/gnocchi.0b9fba65-9a70-4fc9-8d5b-553c3b666ec0/1763640000.0_mean_300.0_v3" "txdbb0f18319744404b1907-00692a40e2" "proxy-server 89446" 0.0213 "-" 96661 0
Nov 28 19:40:02 np0005539311.novalocal object-server[96661]: ::1 - - [29/Nov/2025:00:40:02 +0000] "GET /3/76065/AUTH_1f36317bec034bb2906d703b614505b0/gnocchi.4ce8f042-47a0-4c83-bfd0-9df186d14ea2/1763640000.0_mean_300.0_v3" 404 70 "GET http://[::1]:8080/v1/AUTH_1f36317bec034bb2906d703b614505b0/gnocchi.4ce8f042-47a0-4c83-bfd0-9df186d14ea2/1763640000.0_mean_300.0_v3" "tx23269377a12e4b9586577-00692a40e2" "proxy-server 89446" 0.0005 "-" 96661 0
Nov 28 19:40:02 np0005539311.novalocal proxy-server[89446]: ::1 ::1 29/Nov/2025/00/40/02 PUT /v1/AUTH_1f36317bec034bb2906d703b614505b0/gnocchi.0b9fba65-9a70-4fc9-8d5b-553c3b666ec0/1763640000.0_mean_300.0_v3 HTTP/1.0 201 - python-swiftclient-4.2.0 gAAAAABpKkDhMctJ... 16 - - txdbb0f18319744404b1907-00692a40e2 - 0.0342 - - 1764376802.944566011 1764376802.978807211 0
Nov 28 19:40:02 np0005539311.novalocal object-server[96662]: ::1 - - [29/Nov/2025:00:40:02 +0000] "GET /1/76065/AUTH_1f36317bec034bb2906d703b614505b0/gnocchi.4ce8f042-47a0-4c83-bfd0-9df186d14ea2/1763640000.0_mean_300.0_v3" 404 70 "GET http://[::1]:8080/v1/AUTH_1f36317bec034bb2906d703b614505b0/gnocchi.4ce8f042-47a0-4c83-bfd0-9df186d14ea2/1763640000.0_mean_300.0_v3" "tx23269377a12e4b9586577-00692a40e2" "proxy-server 89446" 0.0003 "-" 96662 0
Nov 28 19:40:02 np0005539311.novalocal object-server[96662]: ::1 - - [29/Nov/2025:00:40:02 +0000] "GET /2/76065/AUTH_1f36317bec034bb2906d703b614505b0/gnocchi.4ce8f042-47a0-4c83-bfd0-9df186d14ea2/1763640000.0_mean_300.0_v3" 404 70 "GET http://[::1]:8080/v1/AUTH_1f36317bec034bb2906d703b614505b0/gnocchi.4ce8f042-47a0-4c83-bfd0-9df186d14ea2/1763640000.0_mean_300.0_v3" "tx23269377a12e4b9586577-00692a40e2" "proxy-server 89446" 0.0003 "-" 96662 0
Nov 28 19:40:02 np0005539311.novalocal account-server[96129]: Replication run OVER
Nov 28 19:40:02 np0005539311.novalocal account-server[96129]: Attempted to replicate 3 dbs in 0.12698 seconds (23.62645/s)
Nov 28 19:40:02 np0005539311.novalocal account-server[96129]: Removed 0 dbs
Nov 28 19:40:02 np0005539311.novalocal account-server[96129]: 6 successes, 0 failures
Nov 28 19:40:02 np0005539311.novalocal account-server[96129]: diff:0 diff_capped:0 empty:0 hashmatch:0 no_change:6 remote_merge:0 rsync:0 ts_repl:0
Nov 28 19:40:03 np0005539311.novalocal proxy-server[89446]: ::1 ::1 29/Nov/2025/00/40/03 GET /v1/AUTH_1f36317bec034bb2906d703b614505b0/gnocchi.4ce8f042-47a0-4c83-bfd0-9df186d14ea2/1763640000.0_mean_300.0_v3 HTTP/1.0 404 - python-swiftclient-4.2.0 gAAAAABpKkDhAXpn... - 70 - tx23269377a12e4b9586577-00692a40e2 - 0.0280 - - 1764376802.973986149 1764376803.001944542 0
Nov 28 19:40:03 np0005539311.novalocal container-server[96358]: ::1 - - [29/Nov/2025:00:40:03 +0000] "PUT /2/249392/AUTH_1f36317bec034bb2906d703b614505b0/gnocchi.0b9fba65-9a70-4fc9-8d5b-553c3b666ec0/none_v3" 201 - "PUT http://[::1]:8080/2/156553/AUTH_1f36317bec034bb2906d703b614505b0/gnocchi.0b9fba65-9a70-4fc9-8d5b-553c3b666ec0/none_v3" "tx8b719ebba25544179324d-00692a40e2" "object-server 96661" 0.0007 "-" 96358 0
Nov 28 19:40:03 np0005539311.novalocal object-server[96661]: ::1 - - [29/Nov/2025:00:40:03 +0000] "PUT /2/156553/AUTH_1f36317bec034bb2906d703b614505b0/gnocchi.0b9fba65-9a70-4fc9-8d5b-553c3b666ec0/none_v3" 201 - "PUT http://[::1]:8080/v1/AUTH_1f36317bec034bb2906d703b614505b0/gnocchi.0b9fba65-9a70-4fc9-8d5b-553c3b666ec0/none_v3" "tx8b719ebba25544179324d-00692a40e2" "proxy-server 89446" 0.0106 "-" 96661 0
Nov 28 19:40:03 np0005539311.novalocal container-server[96358]: ::1 - - [29/Nov/2025:00:40:03 +0000] "PUT /3/249392/AUTH_1f36317bec034bb2906d703b614505b0/gnocchi.0b9fba65-9a70-4fc9-8d5b-553c3b666ec0/none_v3" 201 - "PUT http://[::1]:8080/1/156553/AUTH_1f36317bec034bb2906d703b614505b0/gnocchi.0b9fba65-9a70-4fc9-8d5b-553c3b666ec0/none_v3" "tx8b719ebba25544179324d-00692a40e2" "object-server 96660" 0.0007 "-" 96358 0
Nov 28 19:40:03 np0005539311.novalocal container-server[96358]: ::1 - - [29/Nov/2025:00:40:03 +0000] "PUT /1/249392/AUTH_1f36317bec034bb2906d703b614505b0/gnocchi.0b9fba65-9a70-4fc9-8d5b-553c3b666ec0/none_v3" 201 - "PUT http://[::1]:8080/3/156553/AUTH_1f36317bec034bb2906d703b614505b0/gnocchi.0b9fba65-9a70-4fc9-8d5b-553c3b666ec0/none_v3" "tx8b719ebba25544179324d-00692a40e2" "object-server 96661" 0.0004 "-" 96358 0
Nov 28 19:40:03 np0005539311.novalocal object-server[96660]: ::1 - - [29/Nov/2025:00:40:03 +0000] "PUT /1/156553/AUTH_1f36317bec034bb2906d703b614505b0/gnocchi.0b9fba65-9a70-4fc9-8d5b-553c3b666ec0/none_v3" 201 - "PUT http://[::1]:8080/v1/AUTH_1f36317bec034bb2906d703b614505b0/gnocchi.0b9fba65-9a70-4fc9-8d5b-553c3b666ec0/none_v3" "tx8b719ebba25544179324d-00692a40e2" "proxy-server 89446" 0.0164 "-" 96660 0
Nov 28 19:40:03 np0005539311.novalocal object-server[96661]: ::1 - - [29/Nov/2025:00:40:03 +0000] "PUT /3/156553/AUTH_1f36317bec034bb2906d703b614505b0/gnocchi.0b9fba65-9a70-4fc9-8d5b-553c3b666ec0/none_v3" 201 - "PUT http://[::1]:8080/v1/AUTH_1f36317bec034bb2906d703b614505b0/gnocchi.0b9fba65-9a70-4fc9-8d5b-553c3b666ec0/none_v3" "tx8b719ebba25544179324d-00692a40e2" "proxy-server 89446" 0.0162 "-" 96661 0
Nov 28 19:40:03 np0005539311.novalocal proxy-server[89446]: ::1 ::1 29/Nov/2025/00/40/03 PUT /v1/AUTH_1f36317bec034bb2906d703b614505b0/gnocchi.0b9fba65-9a70-4fc9-8d5b-553c3b666ec0/none_v3 HTTP/1.0 201 - python-swiftclient-4.2.0 gAAAAABpKkDhMctJ... 22 - - tx8b719ebba25544179324d-00692a40e2 - 0.0330 - - 1764376802.986496687 1764376803.019492149 0
Nov 28 19:40:03 np0005539311.novalocal container-server[96356]: ::1 - - [29/Nov/2025:00:40:03 +0000] "PUT /2/76945/AUTH_1f36317bec034bb2906d703b614505b0/gnocchi.4ce8f042-47a0-4c83-bfd0-9df186d14ea2/1763640000.0_mean_300.0_v3" 201 - "PUT http://[::1]:8080/1/76065/AUTH_1f36317bec034bb2906d703b614505b0/gnocchi.4ce8f042-47a0-4c83-bfd0-9df186d14ea2/1763640000.0_mean_300.0_v3" "tx191beebd702f4cd6b1070-00692a40e3" "object-server 96659" 0.0009 "-" 96356 0
Nov 28 19:40:03 np0005539311.novalocal container-server[96357]: ::1 - - [29/Nov/2025:00:40:03 +0000] "PUT /3/76945/AUTH_1f36317bec034bb2906d703b614505b0/gnocchi.4ce8f042-47a0-4c83-bfd0-9df186d14ea2/1763640000.0_mean_300.0_v3" 201 - "PUT http://[::1]:8080/2/76065/AUTH_1f36317bec034bb2906d703b614505b0/gnocchi.4ce8f042-47a0-4c83-bfd0-9df186d14ea2/1763640000.0_mean_300.0_v3" "tx191beebd702f4cd6b1070-00692a40e3" "object-server 96661" 0.0008 "-" 96357 0
Nov 28 19:40:03 np0005539311.novalocal object-server[96659]: ::1 - - [29/Nov/2025:00:40:03 +0000] "PUT /1/76065/AUTH_1f36317bec034bb2906d703b614505b0/gnocchi.4ce8f042-47a0-4c83-bfd0-9df186d14ea2/1763640000.0_mean_300.0_v3" 201 - "PUT http://[::1]:8080/v1/AUTH_1f36317bec034bb2906d703b614505b0/gnocchi.4ce8f042-47a0-4c83-bfd0-9df186d14ea2/1763640000.0_mean_300.0_v3" "tx191beebd702f4cd6b1070-00692a40e3" "proxy-server 89446" 0.0096 "-" 96659 0
Nov 28 19:40:03 np0005539311.novalocal container-server[96357]: ::1 - - [29/Nov/2025:00:40:03 +0000] "PUT /1/76945/AUTH_1f36317bec034bb2906d703b614505b0/gnocchi.4ce8f042-47a0-4c83-bfd0-9df186d14ea2/1763640000.0_mean_300.0_v3" 201 - "PUT http://[::1]:8080/3/76065/AUTH_1f36317bec034bb2906d703b614505b0/gnocchi.4ce8f042-47a0-4c83-bfd0-9df186d14ea2/1763640000.0_mean_300.0_v3" "tx191beebd702f4cd6b1070-00692a40e3" "object-server 96662" 0.0004 "-" 96357 0
Nov 28 19:40:03 np0005539311.novalocal object-server[96662]: ::1 - - [29/Nov/2025:00:40:03 +0000] "PUT /3/76065/AUTH_1f36317bec034bb2906d703b614505b0/gnocchi.4ce8f042-47a0-4c83-bfd0-9df186d14ea2/1763640000.0_mean_300.0_v3" 201 - "PUT http://[::1]:8080/v1/AUTH_1f36317bec034bb2906d703b614505b0/gnocchi.4ce8f042-47a0-4c83-bfd0-9df186d14ea2/1763640000.0_mean_300.0_v3" "tx191beebd702f4cd6b1070-00692a40e3" "proxy-server 89446" 0.0112 "-" 96662 0
Nov 28 19:40:03 np0005539311.novalocal object-server[96661]: ::1 - - [29/Nov/2025:00:40:03 +0000] "PUT /2/76065/AUTH_1f36317bec034bb2906d703b614505b0/gnocchi.4ce8f042-47a0-4c83-bfd0-9df186d14ea2/1763640000.0_mean_300.0_v3" 201 - "PUT http://[::1]:8080/v1/AUTH_1f36317bec034bb2906d703b614505b0/gnocchi.4ce8f042-47a0-4c83-bfd0-9df186d14ea2/1763640000.0_mean_300.0_v3" "tx191beebd702f4cd6b1070-00692a40e3" "proxy-server 89446" 0.0118 "-" 96661 0
Nov 28 19:40:03 np0005539311.novalocal proxy-server[89446]: ::1 ::1 29/Nov/2025/00/40/03 PUT /v1/AUTH_1f36317bec034bb2906d703b614505b0/gnocchi.4ce8f042-47a0-4c83-bfd0-9df186d14ea2/1763640000.0_mean_300.0_v3 HTTP/1.0 201 - python-swiftclient-4.2.0 gAAAAABpKkDhAXpn... 16 - - tx191beebd702f4cd6b1070-00692a40e3 - 0.0198 - - 1764376803.009734631 1764376803.029489040 0
Nov 28 19:40:03 np0005539311.novalocal container-server[96355]: ::1 - - [29/Nov/2025:00:40:03 +0000] "HEAD /1/160619/AUTH_1f36317bec034bb2906d703b614505b0/gnocchi.56a99272-a480-4476-990f-b1384a2cfb74" 404 - "HEAD http://[::1]:8080/v1/AUTH_1f36317bec034bb2906d703b614505b0/gnocchi.56a99272-a480-4476-990f-b1384a2cfb74?format=json&states=listing" "tx9b4d2dd07a8840eea22fd-00692a40e3" "proxy-server 89446" 0.0003 "-" 96355 0
Nov 28 19:40:03 np0005539311.novalocal container-server[96356]: ::1 - - [29/Nov/2025:00:40:03 +0000] "HEAD /2/160619/AUTH_1f36317bec034bb2906d703b614505b0/gnocchi.56a99272-a480-4476-990f-b1384a2cfb74" 404 - "HEAD http://[::1]:8080/v1/AUTH_1f36317bec034bb2906d703b614505b0/gnocchi.56a99272-a480-4476-990f-b1384a2cfb74?format=json&states=listing" "tx9b4d2dd07a8840eea22fd-00692a40e3" "proxy-server 89446" 0.0005 "-" 96356 0
Nov 28 19:40:03 np0005539311.novalocal container-server[96355]: ::1 - - [29/Nov/2025:00:40:03 +0000] "HEAD /3/160619/AUTH_1f36317bec034bb2906d703b614505b0/gnocchi.56a99272-a480-4476-990f-b1384a2cfb74" 404 - "HEAD http://[::1]:8080/v1/AUTH_1f36317bec034bb2906d703b614505b0/gnocchi.56a99272-a480-4476-990f-b1384a2cfb74?format=json&states=listing" "tx9b4d2dd07a8840eea22fd-00692a40e3" "proxy-server 89446" 0.0003 "-" 96355 0
Nov 28 19:40:03 np0005539311.novalocal object-server[96661]: ::1 - - [29/Nov/2025:00:40:03 +0000] "GET /2/62311/AUTH_1f36317bec034bb2906d703b614505b0/gnocchi.56a99272-a480-4476-990f-b1384a2cfb74/none_v3" 404 70 "GET http://[::1]:8080/v1/AUTH_1f36317bec034bb2906d703b614505b0/gnocchi.56a99272-a480-4476-990f-b1384a2cfb74/none_v3" "tx9b4d2dd07a8840eea22fd-00692a40e3" "proxy-server 89446" 0.0005 "-" 96661 0
Nov 28 19:40:03 np0005539311.novalocal container-server[96356]: ::1 - - [29/Nov/2025:00:40:03 +0000] "PUT /2/76945/AUTH_1f36317bec034bb2906d703b614505b0/gnocchi.4ce8f042-47a0-4c83-bfd0-9df186d14ea2/none_v3" 201 - "PUT http://[::1]:8080/2/78603/AUTH_1f36317bec034bb2906d703b614505b0/gnocchi.4ce8f042-47a0-4c83-bfd0-9df186d14ea2/none_v3" "tx8309dda1eb3e4f379f2a6-00692a40e3" "object-server 96662" 0.0006 "-" 96356 0
Nov 28 19:40:03 np0005539311.novalocal container-server[96355]: ::1 - - [29/Nov/2025:00:40:03 +0000] "PUT /3/76945/AUTH_1f36317bec034bb2906d703b614505b0/gnocchi.4ce8f042-47a0-4c83-bfd0-9df186d14ea2/none_v3" 201 - "PUT http://[::1]:8080/1/78603/AUTH_1f36317bec034bb2906d703b614505b0/gnocchi.4ce8f042-47a0-4c83-bfd0-9df186d14ea2/none_v3" "tx8309dda1eb3e4f379f2a6-00692a40e3" "object-server 96660" 0.0007 "-" 96355 0
Nov 28 19:40:03 np0005539311.novalocal object-server[96660]: ::1 - - [29/Nov/2025:00:40:03 +0000] "PUT /1/78603/AUTH_1f36317bec034bb2906d703b614505b0/gnocchi.4ce8f042-47a0-4c83-bfd0-9df186d14ea2/none_v3" 201 - "PUT http://[::1]:8080/v1/AUTH_1f36317bec034bb2906d703b614505b0/gnocchi.4ce8f042-47a0-4c83-bfd0-9df186d14ea2/none_v3" "tx8309dda1eb3e4f379f2a6-00692a40e3" "proxy-server 89446" 0.0114 "-" 96660 0
Nov 28 19:40:03 np0005539311.novalocal container-server[96356]: ::1 - - [29/Nov/2025:00:40:03 +0000] "PUT /1/76945/AUTH_1f36317bec034bb2906d703b614505b0/gnocchi.4ce8f042-47a0-4c83-bfd0-9df186d14ea2/none_v3" 201 - "PUT http://[::1]:8080/3/78603/AUTH_1f36317bec034bb2906d703b614505b0/gnocchi.4ce8f042-47a0-4c83-bfd0-9df186d14ea2/none_v3" "tx8309dda1eb3e4f379f2a6-00692a40e3" "object-server 96661" 0.0004 "-" 96356 0
Nov 28 19:40:03 np0005539311.novalocal object-server[96662]: ::1 - - [29/Nov/2025:00:40:03 +0000] "PUT /2/78603/AUTH_1f36317bec034bb2906d703b614505b0/gnocchi.4ce8f042-47a0-4c83-bfd0-9df186d14ea2/none_v3" 201 - "PUT http://[::1]:8080/v1/AUTH_1f36317bec034bb2906d703b614505b0/gnocchi.4ce8f042-47a0-4c83-bfd0-9df186d14ea2/none_v3" "tx8309dda1eb3e4f379f2a6-00692a40e3" "proxy-server 89446" 0.0117 "-" 96662 0
Nov 28 19:40:03 np0005539311.novalocal object-server[96661]: ::1 - - [29/Nov/2025:00:40:03 +0000] "GET /3/62311/AUTH_1f36317bec034bb2906d703b614505b0/gnocchi.56a99272-a480-4476-990f-b1384a2cfb74/none_v3" 404 70 "GET http://[::1]:8080/v1/AUTH_1f36317bec034bb2906d703b614505b0/gnocchi.56a99272-a480-4476-990f-b1384a2cfb74/none_v3" "tx9b4d2dd07a8840eea22fd-00692a40e3" "proxy-server 89446" 0.0002 "-" 96661 0
Nov 28 19:40:03 np0005539311.novalocal object-server[96661]: ::1 - - [29/Nov/2025:00:40:03 +0000] "PUT /3/78603/AUTH_1f36317bec034bb2906d703b614505b0/gnocchi.4ce8f042-47a0-4c83-bfd0-9df186d14ea2/none_v3" 201 - "PUT http://[::1]:8080/v1/AUTH_1f36317bec034bb2906d703b614505b0/gnocchi.4ce8f042-47a0-4c83-bfd0-9df186d14ea2/none_v3" "tx8309dda1eb3e4f379f2a6-00692a40e3" "proxy-server 89446" 0.0136 "-" 96661 0
Nov 28 19:40:03 np0005539311.novalocal object-server[96661]: ::1 - - [29/Nov/2025:00:40:03 +0000] "GET /1/62311/AUTH_1f36317bec034bb2906d703b614505b0/gnocchi.56a99272-a480-4476-990f-b1384a2cfb74/none_v3" 404 70 "GET http://[::1]:8080/v1/AUTH_1f36317bec034bb2906d703b614505b0/gnocchi.56a99272-a480-4476-990f-b1384a2cfb74/none_v3" "tx9b4d2dd07a8840eea22fd-00692a40e3" "proxy-server 89446" 0.0002 "-" 96661 0
Nov 28 19:40:03 np0005539311.novalocal proxy-server[89446]: ::1 ::1 29/Nov/2025/00/40/03 PUT /v1/AUTH_1f36317bec034bb2906d703b614505b0/gnocchi.4ce8f042-47a0-4c83-bfd0-9df186d14ea2/none_v3 HTTP/1.0 201 - python-swiftclient-4.2.0 gAAAAABpKkDhAXpn... 22 - - tx8309dda1eb3e4f379f2a6-00692a40e3 - 0.0233 - - 1764376803.033637524 1764376803.056967974 0
Nov 28 19:40:03 np0005539311.novalocal proxy-server[89446]: ::1 ::1 29/Nov/2025/00/40/03 GET /v1/AUTH_1f36317bec034bb2906d703b614505b0/gnocchi.56a99272-a480-4476-990f-b1384a2cfb74/none_v3 HTTP/1.0 404 - python-swiftclient-4.2.0 gAAAAABpKkDhMctJ... - 70 - tx9b4d2dd07a8840eea22fd-00692a40e3 - 0.0282 - - 1764376803.030580282 1764376803.058817863 0
Nov 28 19:40:03 np0005539311.novalocal account-server[96061]: ::1 - - [29/Nov/2025:00:40:03 +0000] "PUT /2/183006/AUTH_1f36317bec034bb2906d703b614505b0/gnocchi.56a99272-a480-4476-990f-b1384a2cfb74" 201 - "PUT http://[::1]:6001/2/160619/AUTH_1f36317bec034bb2906d703b614505b0/gnocchi.56a99272-a480-4476-990f-b1384a2cfb74" "tx28ad4d4c850e49e7b204d-00692a40e3" "container-server 96356" 0.0016 "-" 96061 0
Nov 28 19:40:03 np0005539311.novalocal container-server[96356]: ::1 - - [29/Nov/2025:00:40:03 +0000] "PUT /2/160619/AUTH_1f36317bec034bb2906d703b614505b0/gnocchi.56a99272-a480-4476-990f-b1384a2cfb74" 201 - "PUT http://[::1]:8080/v1/AUTH_1f36317bec034bb2906d703b614505b0/gnocchi.56a99272-a480-4476-990f-b1384a2cfb74" "tx28ad4d4c850e49e7b204d-00692a40e3" "proxy-server 89446" 0.0138 "-" 96356 0
Nov 28 19:40:03 np0005539311.novalocal account-server[96063]: ::1 - - [29/Nov/2025:00:40:03 +0000] "PUT /3/183006/AUTH_1f36317bec034bb2906d703b614505b0/gnocchi.56a99272-a480-4476-990f-b1384a2cfb74" 201 - "PUT http://[::1]:6001/1/160619/AUTH_1f36317bec034bb2906d703b614505b0/gnocchi.56a99272-a480-4476-990f-b1384a2cfb74" "tx28ad4d4c850e49e7b204d-00692a40e3" "container-server 96357" 0.0012 "-" 96063 0
Nov 28 19:40:03 np0005539311.novalocal container-server[96357]: ::1 - - [29/Nov/2025:00:40:03 +0000] "PUT /1/160619/AUTH_1f36317bec034bb2906d703b614505b0/gnocchi.56a99272-a480-4476-990f-b1384a2cfb74" 201 - "PUT http://[::1]:8080/v1/AUTH_1f36317bec034bb2906d703b614505b0/gnocchi.56a99272-a480-4476-990f-b1384a2cfb74" "tx28ad4d4c850e49e7b204d-00692a40e3" "proxy-server 89446" 0.0155 "-" 96357 0
Nov 28 19:40:03 np0005539311.novalocal account-server[96062]: ::1 - - [29/Nov/2025:00:40:03 +0000] "PUT /1/183006/AUTH_1f36317bec034bb2906d703b614505b0/gnocchi.56a99272-a480-4476-990f-b1384a2cfb74" 201 - "PUT http://[::1]:6001/3/160619/AUTH_1f36317bec034bb2906d703b614505b0/gnocchi.56a99272-a480-4476-990f-b1384a2cfb74" "tx28ad4d4c850e49e7b204d-00692a40e3" "container-server 96357" 0.0012 "-" 96062 0
Nov 28 19:40:03 np0005539311.novalocal container-server[96357]: ::1 - - [29/Nov/2025:00:40:03 +0000] "PUT /3/160619/AUTH_1f36317bec034bb2906d703b614505b0/gnocchi.56a99272-a480-4476-990f-b1384a2cfb74" 201 - "PUT http://[::1]:8080/v1/AUTH_1f36317bec034bb2906d703b614505b0/gnocchi.56a99272-a480-4476-990f-b1384a2cfb74" "tx28ad4d4c850e49e7b204d-00692a40e3" "proxy-server 89446" 0.0118 "-" 96357 0
Nov 28 19:40:03 np0005539311.novalocal proxy-server[89446]: ::1 ::1 29/Nov/2025/00/40/03 PUT /v1/AUTH_1f36317bec034bb2906d703b614505b0/gnocchi.56a99272-a480-4476-990f-b1384a2cfb74 HTTP/1.0 201 - python-swiftclient-4.2.0 gAAAAABpKkDhMctJ... - - - tx28ad4d4c850e49e7b204d-00692a40e3 - 0.0358 - - 1764376803.064918756 1764376803.100753546 0
Nov 28 19:40:03 np0005539311.novalocal container-server[96357]: ::1 - - [29/Nov/2025:00:40:03 +0000] "HEAD /3/160619/AUTH_1f36317bec034bb2906d703b614505b0/gnocchi.56a99272-a480-4476-990f-b1384a2cfb74" 204 - "HEAD http://[::1]:8080/v1/AUTH_1f36317bec034bb2906d703b614505b0/gnocchi.56a99272-a480-4476-990f-b1384a2cfb74?format=json&states=listing" "tx3f7bf4f1d26d4739b255e-00692a40e3" "proxy-server 89446" 0.0022 "-" 96357 0
Nov 28 19:40:03 np0005539311.novalocal container-server[96356]: ::1 - - [29/Nov/2025:00:40:03 +0000] "GET /1/160619/AUTH_1f36317bec034bb2906d703b614505b0/gnocchi.56a99272-a480-4476-990f-b1384a2cfb74" 200 2 "GET http://[::1]:8080/v1/AUTH_1f36317bec034bb2906d703b614505b0/gnocchi.56a99272-a480-4476-990f-b1384a2cfb74?format=json&states=listing" "tx3f7bf4f1d26d4739b255e-00692a40e3" "proxy-server 89446" 0.0032 "-" 96356 0
Nov 28 19:40:03 np0005539311.novalocal proxy-server[89446]: ::1 ::1 29/Nov/2025/00/40/03 GET /v1/AUTH_1f36317bec034bb2906d703b614505b0/gnocchi.56a99272-a480-4476-990f-b1384a2cfb74%3Fformat%3Djson%26states%3Dlisting HTTP/1.0 200 - python-swiftclient-4.2.0 gAAAAABpKkDhMctJ... - 2 - tx3f7bf4f1d26d4739b255e-00692a40e3 - 0.0171 - - 1764376803.104445457 1764376803.121568441 0
Nov 28 19:40:03 np0005539311.novalocal object-server[96659]: ::1 - - [29/Nov/2025:00:40:03 +0000] "GET /2/196544/AUTH_1f36317bec034bb2906d703b614505b0/gnocchi.56a99272-a480-4476-990f-b1384a2cfb74/1763640000.0_mean_300.0_v3" 404 70 "GET http://[::1]:8080/v1/AUTH_1f36317bec034bb2906d703b614505b0/gnocchi.56a99272-a480-4476-990f-b1384a2cfb74/1763640000.0_mean_300.0_v3" "tx31c685dfa8c54c65bb19e-00692a40e3" "proxy-server 89446" 0.0003 "-" 96659 0
Nov 28 19:40:03 np0005539311.novalocal container-server[96358]: ::1 - - [29/Nov/2025:00:40:03 +0000] "HEAD /1/27713/AUTH_1f36317bec034bb2906d703b614505b0/gnocchi.7472d3d4-2cf0-490e-b0f2-096b4d9a6226" 404 - "HEAD http://[::1]:8080/v1/AUTH_1f36317bec034bb2906d703b614505b0/gnocchi.7472d3d4-2cf0-490e-b0f2-096b4d9a6226?format=json&states=listing" "txa84251dae55d4fe2be5e9-00692a40e3" "proxy-server 89446" 0.0003 "-" 96358 0
Nov 28 19:40:03 np0005539311.novalocal container-server[96358]: ::1 - - [29/Nov/2025:00:40:03 +0000] "HEAD /2/27713/AUTH_1f36317bec034bb2906d703b614505b0/gnocchi.7472d3d4-2cf0-490e-b0f2-096b4d9a6226" 404 - "HEAD http://[::1]:8080/v1/AUTH_1f36317bec034bb2906d703b614505b0/gnocchi.7472d3d4-2cf0-490e-b0f2-096b4d9a6226?format=json&states=listing" "txa84251dae55d4fe2be5e9-00692a40e3" "proxy-server 89446" 0.0002 "-" 96358 0
Nov 28 19:40:03 np0005539311.novalocal object-server[96659]: ::1 - - [29/Nov/2025:00:40:03 +0000] "GET /3/196544/AUTH_1f36317bec034bb2906d703b614505b0/gnocchi.56a99272-a480-4476-990f-b1384a2cfb74/1763640000.0_mean_300.0_v3" 404 70 "GET http://[::1]:8080/v1/AUTH_1f36317bec034bb2906d703b614505b0/gnocchi.56a99272-a480-4476-990f-b1384a2cfb74/1763640000.0_mean_300.0_v3" "tx31c685dfa8c54c65bb19e-00692a40e3" "proxy-server 89446" 0.0002 "-" 96659 0
Nov 28 19:40:03 np0005539311.novalocal container-server[96358]: ::1 - - [29/Nov/2025:00:40:03 +0000] "HEAD /3/27713/AUTH_1f36317bec034bb2906d703b614505b0/gnocchi.7472d3d4-2cf0-490e-b0f2-096b4d9a6226" 404 - "HEAD http://[::1]:8080/v1/AUTH_1f36317bec034bb2906d703b614505b0/gnocchi.7472d3d4-2cf0-490e-b0f2-096b4d9a6226?format=json&states=listing" "txa84251dae55d4fe2be5e9-00692a40e3" "proxy-server 89446" 0.0002 "-" 96358 0
Nov 28 19:40:03 np0005539311.novalocal object-server[96662]: ::1 - - [29/Nov/2025:00:40:03 +0000] "GET /1/196544/AUTH_1f36317bec034bb2906d703b614505b0/gnocchi.56a99272-a480-4476-990f-b1384a2cfb74/1763640000.0_mean_300.0_v3" 404 70 "GET http://[::1]:8080/v1/AUTH_1f36317bec034bb2906d703b614505b0/gnocchi.56a99272-a480-4476-990f-b1384a2cfb74/1763640000.0_mean_300.0_v3" "tx31c685dfa8c54c65bb19e-00692a40e3" "proxy-server 89446" 0.0003 "-" 96662 0
Nov 28 19:40:03 np0005539311.novalocal proxy-server[89446]: ::1 ::1 29/Nov/2025/00/40/03 GET /v1/AUTH_1f36317bec034bb2906d703b614505b0/gnocchi.56a99272-a480-4476-990f-b1384a2cfb74/1763640000.0_mean_300.0_v3 HTTP/1.0 404 - python-swiftclient-4.2.0 gAAAAABpKkDhMctJ... - 70 - tx31c685dfa8c54c65bb19e-00692a40e3 - 0.0160 - - 1764376803.124876976 1764376803.140882492 0
Nov 28 19:40:03 np0005539311.novalocal object-server[96659]: ::1 - - [29/Nov/2025:00:40:03 +0000] "GET /3/35140/AUTH_1f36317bec034bb2906d703b614505b0/gnocchi.7472d3d4-2cf0-490e-b0f2-096b4d9a6226/none_v3" 404 70 "GET http://[::1]:8080/v1/AUTH_1f36317bec034bb2906d703b614505b0/gnocchi.7472d3d4-2cf0-490e-b0f2-096b4d9a6226/none_v3" "txa84251dae55d4fe2be5e9-00692a40e3" "proxy-server 89446" 0.0001 "-" 96659 0
Nov 28 19:40:03 np0005539311.novalocal object-server[96662]: ::1 - - [29/Nov/2025:00:40:03 +0000] "GET /2/35140/AUTH_1f36317bec034bb2906d703b614505b0/gnocchi.7472d3d4-2cf0-490e-b0f2-096b4d9a6226/none_v3" 404 70 "GET http://[::1]:8080/v1/AUTH_1f36317bec034bb2906d703b614505b0/gnocchi.7472d3d4-2cf0-490e-b0f2-096b4d9a6226/none_v3" "txa84251dae55d4fe2be5e9-00692a40e3" "proxy-server 89446" 0.0002 "-" 96662 0
Nov 28 19:40:03 np0005539311.novalocal object-server[96661]: ::1 - - [29/Nov/2025:00:40:03 +0000] "GET /1/35140/AUTH_1f36317bec034bb2906d703b614505b0/gnocchi.7472d3d4-2cf0-490e-b0f2-096b4d9a6226/none_v3" 404 70 "GET http://[::1]:8080/v1/AUTH_1f36317bec034bb2906d703b614505b0/gnocchi.7472d3d4-2cf0-490e-b0f2-096b4d9a6226/none_v3" "txa84251dae55d4fe2be5e9-00692a40e3" "proxy-server 89446" 0.0003 "-" 96661 0
Nov 28 19:40:03 np0005539311.novalocal proxy-server[89446]: ::1 ::1 29/Nov/2025/00/40/03 GET /v1/AUTH_1f36317bec034bb2906d703b614505b0/gnocchi.7472d3d4-2cf0-490e-b0f2-096b4d9a6226/none_v3 HTTP/1.0 404 - python-swiftclient-4.2.0 gAAAAABpKkDhAXpn... - 70 - txa84251dae55d4fe2be5e9-00692a40e3 - 0.0313 - - 1764376803.129135370 1764376803.160434723 0
Nov 28 19:40:03 np0005539311.novalocal container-server[96358]: ::1 - - [29/Nov/2025:00:40:03 +0000] "PUT /1/160619/AUTH_1f36317bec034bb2906d703b614505b0/gnocchi.56a99272-a480-4476-990f-b1384a2cfb74/1763640000.0_mean_300.0_v3" 201 - "PUT http://[::1]:8080/3/196544/AUTH_1f36317bec034bb2906d703b614505b0/gnocchi.56a99272-a480-4476-990f-b1384a2cfb74/1763640000.0_mean_300.0_v3" "tx9c57acfd6e874a3e8aacc-00692a40e3" "object-server 96659" 0.0004 "-" 96358 0
Nov 28 19:40:03 np0005539311.novalocal object-server[96659]: ::1 - - [29/Nov/2025:00:40:03 +0000] "PUT /3/196544/AUTH_1f36317bec034bb2906d703b614505b0/gnocchi.56a99272-a480-4476-990f-b1384a2cfb74/1763640000.0_mean_300.0_v3" 201 - "PUT http://[::1]:8080/v1/AUTH_1f36317bec034bb2906d703b614505b0/gnocchi.56a99272-a480-4476-990f-b1384a2cfb74/1763640000.0_mean_300.0_v3" "tx9c57acfd6e874a3e8aacc-00692a40e3" "proxy-server 89446" 0.0267 "-" 96659 0
Nov 28 19:40:03 np0005539311.novalocal container-server[96357]: ::1 - - [29/Nov/2025:00:40:03 +0000] "PUT /2/160619/AUTH_1f36317bec034bb2906d703b614505b0/gnocchi.56a99272-a480-4476-990f-b1384a2cfb74/1763640000.0_mean_300.0_v3" 201 - "PUT http://[::1]:8080/1/196544/AUTH_1f36317bec034bb2906d703b614505b0/gnocchi.56a99272-a480-4476-990f-b1384a2cfb74/1763640000.0_mean_300.0_v3" "tx9c57acfd6e874a3e8aacc-00692a40e3" "object-server 96659" 0.0005 "-" 96357 0
Nov 28 19:40:03 np0005539311.novalocal object-server[96659]: ::1 - - [29/Nov/2025:00:40:03 +0000] "PUT /1/196544/AUTH_1f36317bec034bb2906d703b614505b0/gnocchi.56a99272-a480-4476-990f-b1384a2cfb74/1763640000.0_mean_300.0_v3" 201 - "PUT http://[::1]:8080/v1/AUTH_1f36317bec034bb2906d703b614505b0/gnocchi.56a99272-a480-4476-990f-b1384a2cfb74/1763640000.0_mean_300.0_v3" "tx9c57acfd6e874a3e8aacc-00692a40e3" "proxy-server 89446" 0.0296 "-" 96659 0
Nov 28 19:40:03 np0005539311.novalocal account-server[96064]: ::1 - - [29/Nov/2025:00:40:03 +0000] "PUT /2/183006/AUTH_1f36317bec034bb2906d703b614505b0/gnocchi.7472d3d4-2cf0-490e-b0f2-096b4d9a6226" 201 - "PUT http://[::1]:6001/2/27713/AUTH_1f36317bec034bb2906d703b614505b0/gnocchi.7472d3d4-2cf0-490e-b0f2-096b4d9a6226" "tx1e914e0b9d2e4735a3865-00692a40e3" "container-server 96357" 0.0056 "-" 96064 0
Nov 28 19:40:03 np0005539311.novalocal container-server[96357]: ::1 - - [29/Nov/2025:00:40:03 +0000] "PUT /2/27713/AUTH_1f36317bec034bb2906d703b614505b0/gnocchi.7472d3d4-2cf0-490e-b0f2-096b4d9a6226" 201 - "PUT http://[::1]:8080/v1/AUTH_1f36317bec034bb2906d703b614505b0/gnocchi.7472d3d4-2cf0-490e-b0f2-096b4d9a6226" "tx1e914e0b9d2e4735a3865-00692a40e3" "proxy-server 89446" 0.0193 "-" 96357 0
Nov 28 19:40:03 np0005539311.novalocal account-server[96061]: ::1 - - [29/Nov/2025:00:40:03 +0000] "PUT /3/183006/AUTH_1f36317bec034bb2906d703b614505b0/gnocchi.7472d3d4-2cf0-490e-b0f2-096b4d9a6226" 201 - "PUT http://[::1]:6001/1/27713/AUTH_1f36317bec034bb2906d703b614505b0/gnocchi.7472d3d4-2cf0-490e-b0f2-096b4d9a6226" "tx1e914e0b9d2e4735a3865-00692a40e3" "container-server 96358" 0.0098 "-" 96061 0
Nov 28 19:40:03 np0005539311.novalocal container-server[96355]: ::1 - - [29/Nov/2025:00:40:03 +0000] "PUT /3/160619/AUTH_1f36317bec034bb2906d703b614505b0/gnocchi.56a99272-a480-4476-990f-b1384a2cfb74/1763640000.0_mean_300.0_v3" 201 - "PUT http://[::1]:8080/2/196544/AUTH_1f36317bec034bb2906d703b614505b0/gnocchi.56a99272-a480-4476-990f-b1384a2cfb74/1763640000.0_mean_300.0_v3" "tx9c57acfd6e874a3e8aacc-00692a40e3" "object-server 96662" 0.0005 "-" 96355 0
Nov 28 19:40:03 np0005539311.novalocal container-server[96358]: ::1 - - [29/Nov/2025:00:40:03 +0000] "PUT /1/27713/AUTH_1f36317bec034bb2906d703b614505b0/gnocchi.7472d3d4-2cf0-490e-b0f2-096b4d9a6226" 201 - "PUT http://[::1]:8080/v1/AUTH_1f36317bec034bb2906d703b614505b0/gnocchi.7472d3d4-2cf0-490e-b0f2-096b4d9a6226" "tx1e914e0b9d2e4735a3865-00692a40e3" "proxy-server 89446" 0.0216 "-" 96358 0
Nov 28 19:40:03 np0005539311.novalocal object-server[96662]: ::1 - - [29/Nov/2025:00:40:03 +0000] "PUT /2/196544/AUTH_1f36317bec034bb2906d703b614505b0/gnocchi.56a99272-a480-4476-990f-b1384a2cfb74/1763640000.0_mean_300.0_v3" 201 - "PUT http://[::1]:8080/v1/AUTH_1f36317bec034bb2906d703b614505b0/gnocchi.56a99272-a480-4476-990f-b1384a2cfb74/1763640000.0_mean_300.0_v3" "tx9c57acfd6e874a3e8aacc-00692a40e3" "proxy-server 89446" 0.0388 "-" 96662 0
Nov 28 19:40:03 np0005539311.novalocal account-server[96064]: ::1 - - [29/Nov/2025:00:40:03 +0000] "PUT /1/183006/AUTH_1f36317bec034bb2906d703b614505b0/gnocchi.7472d3d4-2cf0-490e-b0f2-096b4d9a6226" 201 - "PUT http://[::1]:6001/3/27713/AUTH_1f36317bec034bb2906d703b614505b0/gnocchi.7472d3d4-2cf0-490e-b0f2-096b4d9a6226" "tx1e914e0b9d2e4735a3865-00692a40e3" "container-server 96355" 0.0051 "-" 96064 0
Nov 28 19:40:03 np0005539311.novalocal proxy-server[89446]: ::1 ::1 29/Nov/2025/00/40/03 PUT /v1/AUTH_1f36317bec034bb2906d703b614505b0/gnocchi.56a99272-a480-4476-990f-b1384a2cfb74/1763640000.0_mean_300.0_v3 HTTP/1.0 201 - python-swiftclient-4.2.0 gAAAAABpKkDhMctJ... 16 - - tx9c57acfd6e874a3e8aacc-00692a40e3 - 0.0477 - - 1764376803.145244598 1764376803.192898750 0
Nov 28 19:40:03 np0005539311.novalocal container-server[96355]: ::1 - - [29/Nov/2025:00:40:03 +0000] "PUT /3/27713/AUTH_1f36317bec034bb2906d703b614505b0/gnocchi.7472d3d4-2cf0-490e-b0f2-096b4d9a6226" 201 - "PUT http://[::1]:8080/v1/AUTH_1f36317bec034bb2906d703b614505b0/gnocchi.7472d3d4-2cf0-490e-b0f2-096b4d9a6226" "tx1e914e0b9d2e4735a3865-00692a40e3" "proxy-server 89446" 0.0275 "-" 96355 0
Nov 28 19:40:03 np0005539311.novalocal proxy-server[89446]: ::1 ::1 29/Nov/2025/00/40/03 PUT /v1/AUTH_1f36317bec034bb2906d703b614505b0/gnocchi.7472d3d4-2cf0-490e-b0f2-096b4d9a6226 HTTP/1.0 201 - python-swiftclient-4.2.0 gAAAAABpKkDhAXpn... - - - tx1e914e0b9d2e4735a3865-00692a40e3 - 0.0413 - - 1764376803.163001299 1764376803.204347849 0
Nov 28 19:40:03 np0005539311.novalocal container-server[96357]: ::1 - - [29/Nov/2025:00:40:03 +0000] "PUT /3/160619/AUTH_1f36317bec034bb2906d703b614505b0/gnocchi.56a99272-a480-4476-990f-b1384a2cfb74/none_v3" 201 - "PUT http://[::1]:8080/3/62311/AUTH_1f36317bec034bb2906d703b614505b0/gnocchi.56a99272-a480-4476-990f-b1384a2cfb74/none_v3" "tx63956bb8b94a403baafdd-00692a40e3" "object-server 96660" 0.0004 "-" 96357 0
Nov 28 19:40:03 np0005539311.novalocal object-server[96660]: ::1 - - [29/Nov/2025:00:40:03 +0000] "PUT /3/62311/AUTH_1f36317bec034bb2906d703b614505b0/gnocchi.56a99272-a480-4476-990f-b1384a2cfb74/none_v3" 201 - "PUT http://[::1]:8080/v1/AUTH_1f36317bec034bb2906d703b614505b0/gnocchi.56a99272-a480-4476-990f-b1384a2cfb74/none_v3" "tx63956bb8b94a403baafdd-00692a40e3" "proxy-server 89446" 0.0102 "-" 96660 0
Nov 28 19:40:03 np0005539311.novalocal container-server[96355]: ::1 - - [29/Nov/2025:00:40:03 +0000] "HEAD /2/27713/AUTH_1f36317bec034bb2906d703b614505b0/gnocchi.7472d3d4-2cf0-490e-b0f2-096b4d9a6226" 204 - "HEAD http://[::1]:8080/v1/AUTH_1f36317bec034bb2906d703b614505b0/gnocchi.7472d3d4-2cf0-490e-b0f2-096b4d9a6226?format=json&states=listing" "txd3a23723782543df9fdca-00692a40e3" "proxy-server 89446" 0.0017 "-" 96355 0
Nov 28 19:40:03 np0005539311.novalocal container-server[96355]: ::1 - - [29/Nov/2025:00:40:03 +0000] "PUT /1/160619/AUTH_1f36317bec034bb2906d703b614505b0/gnocchi.56a99272-a480-4476-990f-b1384a2cfb74/none_v3" 201 - "PUT http://[::1]:8080/2/62311/AUTH_1f36317bec034bb2906d703b614505b0/gnocchi.56a99272-a480-4476-990f-b1384a2cfb74/none_v3" "tx63956bb8b94a403baafdd-00692a40e3" "object-server 96659" 0.0003 "-" 96355 0
Nov 28 19:40:03 np0005539311.novalocal object-server[96659]: ::1 - - [29/Nov/2025:00:40:03 +0000] "PUT /2/62311/AUTH_1f36317bec034bb2906d703b614505b0/gnocchi.56a99272-a480-4476-990f-b1384a2cfb74/none_v3" 201 - "PUT http://[::1]:8080/v1/AUTH_1f36317bec034bb2906d703b614505b0/gnocchi.56a99272-a480-4476-990f-b1384a2cfb74/none_v3" "tx63956bb8b94a403baafdd-00692a40e3" "proxy-server 89446" 0.0181 "-" 96659 0
Nov 28 19:40:03 np0005539311.novalocal container-server[96355]: ::1 - - [29/Nov/2025:00:40:03 +0000] "PUT /2/160619/AUTH_1f36317bec034bb2906d703b614505b0/gnocchi.56a99272-a480-4476-990f-b1384a2cfb74/none_v3" 201 - "PUT http://[::1]:8080/1/62311/AUTH_1f36317bec034bb2906d703b614505b0/gnocchi.56a99272-a480-4476-990f-b1384a2cfb74/none_v3" "tx63956bb8b94a403baafdd-00692a40e3" "object-server 96660" 0.0003 "-" 96355 0
Nov 28 19:40:03 np0005539311.novalocal object-server[96660]: ::1 - - [29/Nov/2025:00:40:03 +0000] "PUT /1/62311/AUTH_1f36317bec034bb2906d703b614505b0/gnocchi.56a99272-a480-4476-990f-b1384a2cfb74/none_v3" 201 - "PUT http://[::1]:8080/v1/AUTH_1f36317bec034bb2906d703b614505b0/gnocchi.56a99272-a480-4476-990f-b1384a2cfb74/none_v3" "tx63956bb8b94a403baafdd-00692a40e3" "proxy-server 89446" 0.0188 "-" 96660 0
Nov 28 19:40:03 np0005539311.novalocal proxy-server[89446]: ::1 ::1 29/Nov/2025/00/40/03 PUT /v1/AUTH_1f36317bec034bb2906d703b614505b0/gnocchi.56a99272-a480-4476-990f-b1384a2cfb74/none_v3 HTTP/1.0 201 - python-swiftclient-4.2.0 gAAAAABpKkDhMctJ... 22 - - tx63956bb8b94a403baafdd-00692a40e3 - 0.0265 - - 1764376803.195542574 1764376803.222013950 0
Nov 28 19:40:03 np0005539311.novalocal container-server[96356]: ::1 - - [29/Nov/2025:00:40:03 +0000] "GET /2/27713/AUTH_1f36317bec034bb2906d703b614505b0/gnocchi.7472d3d4-2cf0-490e-b0f2-096b4d9a6226" 200 2 "GET http://[::1]:8080/v1/AUTH_1f36317bec034bb2906d703b614505b0/gnocchi.7472d3d4-2cf0-490e-b0f2-096b4d9a6226?format=json&states=listing" "txd3a23723782543df9fdca-00692a40e3" "proxy-server 89446" 0.0017 "-" 96356 0
Nov 28 19:40:03 np0005539311.novalocal object-server[103120]: Object audit (ZBF) "forever" mode completed: 0.32s. Total quarantined: 0, Total errors: 0, Total files/sec: 52.61, Total bytes/sec: 0.00, Auditing time: 0.31, Rate: 0.97
Nov 28 19:40:03 np0005539311.novalocal proxy-server[89446]: ::1 ::1 29/Nov/2025/00/40/03 GET /v1/AUTH_1f36317bec034bb2906d703b614505b0/gnocchi.7472d3d4-2cf0-490e-b0f2-096b4d9a6226%3Fformat%3Djson%26states%3Dlisting HTTP/1.0 200 - python-swiftclient-4.2.0 gAAAAABpKkDhAXpn... - 2 - txd3a23723782543df9fdca-00692a40e3 - 0.0180 - - 1764376803.208522320 1764376803.226477861 0
Nov 28 19:40:03 np0005539311.novalocal object-server[96662]: ::1 - - [29/Nov/2025:00:40:03 +0000] "GET /1/161324/AUTH_1f36317bec034bb2906d703b614505b0/gnocchi.7472d3d4-2cf0-490e-b0f2-096b4d9a6226/1763640000.0_mean_300.0_v3" 404 70 "GET http://[::1]:8080/v1/AUTH_1f36317bec034bb2906d703b614505b0/gnocchi.7472d3d4-2cf0-490e-b0f2-096b4d9a6226/1763640000.0_mean_300.0_v3" "txc970368dc5ac42a1925da-00692a40e3" "proxy-server 89446" 0.0003 "-" 96662 0
Nov 28 19:40:03 np0005539311.novalocal object-server[96661]: ::1 - - [29/Nov/2025:00:40:03 +0000] "GET /3/161324/AUTH_1f36317bec034bb2906d703b614505b0/gnocchi.7472d3d4-2cf0-490e-b0f2-096b4d9a6226/1763640000.0_mean_300.0_v3" 404 70 "GET http://[::1]:8080/v1/AUTH_1f36317bec034bb2906d703b614505b0/gnocchi.7472d3d4-2cf0-490e-b0f2-096b4d9a6226/1763640000.0_mean_300.0_v3" "txc970368dc5ac42a1925da-00692a40e3" "proxy-server 89446" 0.0003 "-" 96661 0
Nov 28 19:40:03 np0005539311.novalocal object-server[96661]: ::1 - - [29/Nov/2025:00:40:03 +0000] "GET /2/161324/AUTH_1f36317bec034bb2906d703b614505b0/gnocchi.7472d3d4-2cf0-490e-b0f2-096b4d9a6226/1763640000.0_mean_300.0_v3" 404 70 "GET http://[::1]:8080/v1/AUTH_1f36317bec034bb2906d703b614505b0/gnocchi.7472d3d4-2cf0-490e-b0f2-096b4d9a6226/1763640000.0_mean_300.0_v3" "txc970368dc5ac42a1925da-00692a40e3" "proxy-server 89446" 0.0001 "-" 96661 0
Nov 28 19:40:03 np0005539311.novalocal proxy-server[89446]: ::1 ::1 29/Nov/2025/00/40/03 GET /v1/AUTH_1f36317bec034bb2906d703b614505b0/gnocchi.7472d3d4-2cf0-490e-b0f2-096b4d9a6226/1763640000.0_mean_300.0_v3 HTTP/1.0 404 - python-swiftclient-4.2.0 gAAAAABpKkDhAXpn... - 70 - txc970368dc5ac42a1925da-00692a40e3 - 0.0088 - - 1764376803.232414961 1764376803.241200447 0
Nov 28 19:40:03 np0005539311.novalocal container-server[96357]: ::1 - - [29/Nov/2025:00:40:03 +0000] "PUT /3/27713/AUTH_1f36317bec034bb2906d703b614505b0/gnocchi.7472d3d4-2cf0-490e-b0f2-096b4d9a6226/1763640000.0_mean_300.0_v3" 201 - "PUT http://[::1]:8080/2/161324/AUTH_1f36317bec034bb2906d703b614505b0/gnocchi.7472d3d4-2cf0-490e-b0f2-096b4d9a6226/1763640000.0_mean_300.0_v3" "tx3c983f9ab3e54a0b881ea-00692a40e3" "object-server 96662" 0.0005 "-" 96357 0
Nov 28 19:40:03 np0005539311.novalocal object-server[96662]: ::1 - - [29/Nov/2025:00:40:03 +0000] "PUT /2/161324/AUTH_1f36317bec034bb2906d703b614505b0/gnocchi.7472d3d4-2cf0-490e-b0f2-096b4d9a6226/1763640000.0_mean_300.0_v3" 201 - "PUT http://[::1]:8080/v1/AUTH_1f36317bec034bb2906d703b614505b0/gnocchi.7472d3d4-2cf0-490e-b0f2-096b4d9a6226/1763640000.0_mean_300.0_v3" "tx3c983f9ab3e54a0b881ea-00692a40e3" "proxy-server 89446" 0.0307 "-" 96662 0
Nov 28 19:40:03 np0005539311.novalocal container-server[96357]: ::1 - - [29/Nov/2025:00:40:03 +0000] "PUT /2/27713/AUTH_1f36317bec034bb2906d703b614505b0/gnocchi.7472d3d4-2cf0-490e-b0f2-096b4d9a6226/1763640000.0_mean_300.0_v3" 201 - "PUT http://[::1]:8080/1/161324/AUTH_1f36317bec034bb2906d703b614505b0/gnocchi.7472d3d4-2cf0-490e-b0f2-096b4d9a6226/1763640000.0_mean_300.0_v3" "tx3c983f9ab3e54a0b881ea-00692a40e3" "object-server 96661" 0.0003 "-" 96357 0
Nov 28 19:40:03 np0005539311.novalocal container-server[96356]: ::1 - - [29/Nov/2025:00:40:03 +0000] "PUT /1/27713/AUTH_1f36317bec034bb2906d703b614505b0/gnocchi.7472d3d4-2cf0-490e-b0f2-096b4d9a6226/1763640000.0_mean_300.0_v3" 201 - "PUT http://[::1]:8080/3/161324/AUTH_1f36317bec034bb2906d703b614505b0/gnocchi.7472d3d4-2cf0-490e-b0f2-096b4d9a6226/1763640000.0_mean_300.0_v3" "tx3c983f9ab3e54a0b881ea-00692a40e3" "object-server 96660" 0.0006 "-" 96356 0
