Nov 28 19:41:04 np0005539311.novalocal account-server[96064]: ::1 - - [29/Nov/2025:00:41:04 +0000] "PUT /3/183006/AUTH_1f36317bec034bb2906d703b614505b0/gnocchi.7ba66aef-aa61-4916-8aac-a8487bf67107" 201 - "PUT http://[::1]:6001/1/210463/AUTH_1f36317bec034bb2906d703b614505b0/gnocchi.7ba66aef-aa61-4916-8aac-a8487bf67107" "tx449d25028de24ae2bd8eb-00692a4120" "container-server 96357" 0.0047 "-" 96064 0
Nov 28 19:41:04 np0005539311.novalocal account-server[96061]: ::1 - - [29/Nov/2025:00:41:04 +0000] "PUT /1/183006/AUTH_1f36317bec034bb2906d703b614505b0/gnocchi.7ba66aef-aa61-4916-8aac-a8487bf67107" 201 - "PUT http://[::1]:6001/3/210463/AUTH_1f36317bec034bb2906d703b614505b0/gnocchi.7ba66aef-aa61-4916-8aac-a8487bf67107" "tx449d25028de24ae2bd8eb-00692a4120" "container-server 96357" 0.0035 "-" 96061 0
Nov 28 19:41:04 np0005539311.novalocal container-server[96357]: ::1 - - [29/Nov/2025:00:41:04 +0000] "PUT /1/210463/AUTH_1f36317bec034bb2906d703b614505b0/gnocchi.7ba66aef-aa61-4916-8aac-a8487bf67107" 201 - "PUT http://[::1]:8080/v1/AUTH_1f36317bec034bb2906d703b614505b0/gnocchi.7ba66aef-aa61-4916-8aac-a8487bf67107" "tx449d25028de24ae2bd8eb-00692a4120" "proxy-server 89446" 0.0219 "-" 96357 0
Nov 28 19:41:04 np0005539311.novalocal container-server[96357]: ::1 - - [29/Nov/2025:00:41:04 +0000] "PUT /3/210463/AUTH_1f36317bec034bb2906d703b614505b0/gnocchi.7ba66aef-aa61-4916-8aac-a8487bf67107" 201 - "PUT http://[::1]:8080/v1/AUTH_1f36317bec034bb2906d703b614505b0/gnocchi.7ba66aef-aa61-4916-8aac-a8487bf67107" "tx449d25028de24ae2bd8eb-00692a4120" "proxy-server 89446" 0.0139 "-" 96357 0
Nov 28 19:41:04 np0005539311.novalocal object-server[96659]: ::1 - - [29/Nov/2025:00:41:04 +0000] "GET /1/152895/AUTH_1f36317bec034bb2906d703b614505b0/gnocchi.b4267832-53b1-4abb-85d6-0e4fb86c922f/none_v3" 404 70 "GET http://[::1]:8080/v1/AUTH_1f36317bec034bb2906d703b614505b0/gnocchi.b4267832-53b1-4abb-85d6-0e4fb86c922f/none_v3" "tx893e931405294e05b2116-00692a4120" "proxy-server 89446" 0.0003 "-" 96659 0
Nov 28 19:41:04 np0005539311.novalocal proxy-server[89446]: ::1 ::1 29/Nov/2025/00/41/04 PUT /v1/AUTH_1f36317bec034bb2906d703b614505b0/gnocchi.7ba66aef-aa61-4916-8aac-a8487bf67107 HTTP/1.0 201 - python-swiftclient-4.2.0 gAAAAABpKkDhAXpn... - - - tx449d25028de24ae2bd8eb-00692a4120 - 0.0407 - - 1764376864.513517618 1764376864.554262638 0
Nov 28 19:41:04 np0005539311.novalocal object-server[96662]: ::1 - - [29/Nov/2025:00:41:04 +0000] "GET /3/152895/AUTH_1f36317bec034bb2906d703b614505b0/gnocchi.b4267832-53b1-4abb-85d6-0e4fb86c922f/none_v3" 404 70 "GET http://[::1]:8080/v1/AUTH_1f36317bec034bb2906d703b614505b0/gnocchi.b4267832-53b1-4abb-85d6-0e4fb86c922f/none_v3" "tx893e931405294e05b2116-00692a4120" "proxy-server 89446" 0.0003 "-" 96662 0
Nov 28 19:41:04 np0005539311.novalocal object-server[96662]: ::1 - - [29/Nov/2025:00:41:04 +0000] "GET /2/152895/AUTH_1f36317bec034bb2906d703b614505b0/gnocchi.b4267832-53b1-4abb-85d6-0e4fb86c922f/none_v3" 404 70 "GET http://[::1]:8080/v1/AUTH_1f36317bec034bb2906d703b614505b0/gnocchi.b4267832-53b1-4abb-85d6-0e4fb86c922f/none_v3" "tx893e931405294e05b2116-00692a4120" "proxy-server 89446" 0.0001 "-" 96662 0
Nov 28 19:41:04 np0005539311.novalocal proxy-server[89446]: ::1 ::1 29/Nov/2025/00/41/04 GET /v1/AUTH_1f36317bec034bb2906d703b614505b0/gnocchi.b4267832-53b1-4abb-85d6-0e4fb86c922f/none_v3 HTTP/1.0 404 - python-swiftclient-4.2.0 gAAAAABpKkDhMctJ... - 70 - tx893e931405294e05b2116-00692a4120 - 0.0336 - - 1764376864.523846388 1764376864.557427406 0
Nov 28 19:41:04 np0005539311.novalocal container-server[96357]: ::1 - - [29/Nov/2025:00:41:04 +0000] "HEAD /3/210463/AUTH_1f36317bec034bb2906d703b614505b0/gnocchi.7ba66aef-aa61-4916-8aac-a8487bf67107" 204 - "HEAD http://[::1]:8080/v1/AUTH_1f36317bec034bb2906d703b614505b0/gnocchi.7ba66aef-aa61-4916-8aac-a8487bf67107?format=json&states=listing" "tx97ead712328443fb83314-00692a4120" "proxy-server 89446" 0.0012 "-" 96357 0
Nov 28 19:41:04 np0005539311.novalocal setroubleshoot[104713]: SELinux is preventing /usr/sbin/dnsmasq from using the dac_override capability. For complete SELinux messages run: sealert -l fc04261f-5ea8-4d7f-935d-865ce62c97f3
Nov 28 19:41:04 np0005539311.novalocal setroubleshoot[104713]: SELinux is preventing /usr/sbin/dnsmasq from using the dac_override capability. ***** Plugin dac_override (53.1 confidence) suggests ********************** If you want to help identify if domain needs this access or you have a file with the wrong permissions on your system Then turn on full auditing to get path information about the offending file and generate the error again. Do Turn on full auditing # auditctl -w /etc/shadow -p w Try to recreate AVC. Then execute # ausearch -m avc -ts recent If you see PATH record check ownership/permissions on file, and fix it, otherwise report as a bugzilla. ***** Plugin catchall_boolean (42.6 confidence) suggests ****************** If you want to allow os to dnsmasq dac override Then you must tell SELinux about this by enabling the 'os_dnsmasq_dac_override' boolean. Do setsebool -P os_dnsmasq_dac_override 1 ***** Plugin catchall (5.76 confidence) suggests ************************** If you believe that dnsmasq should have the dac_override capability by default. Then you should report this as a bug. You can generate a local policy module to allow this access. Do allow this access for now by executing: # ausearch -c 'dnsmasq' --raw | audit2allow -M my-dnsmasq # semodule -X 300 -i my-dnsmasq.pp
Nov 28 19:41:04 np0005539311.novalocal container-server[96356]: ::1 - - [29/Nov/2025:00:41:04 +0000] "GET /3/210463/AUTH_1f36317bec034bb2906d703b614505b0/gnocchi.7ba66aef-aa61-4916-8aac-a8487bf67107" 200 2 "GET http://[::1]:8080/v1/AUTH_1f36317bec034bb2906d703b614505b0/gnocchi.7ba66aef-aa61-4916-8aac-a8487bf67107?format=json&states=listing" "tx97ead712328443fb83314-00692a4120" "proxy-server 89446" 0.0016 "-" 96356 0
Nov 28 19:41:04 np0005539311.novalocal account-server[96063]: ::1 - - [29/Nov/2025:00:41:04 +0000] "PUT /3/183006/AUTH_1f36317bec034bb2906d703b614505b0/gnocchi.b4267832-53b1-4abb-85d6-0e4fb86c922f" 201 - "PUT http://[::1]:6001/3/22300/AUTH_1f36317bec034bb2906d703b614505b0/gnocchi.b4267832-53b1-4abb-85d6-0e4fb86c922f" "txe248a062d5be4745b9e66-00692a4120" "container-server 96356" 0.0093 "-" 96063 0
Nov 28 19:41:04 np0005539311.novalocal container-server[96356]: ::1 - - [29/Nov/2025:00:41:04 +0000] "PUT /3/22300/AUTH_1f36317bec034bb2906d703b614505b0/gnocchi.b4267832-53b1-4abb-85d6-0e4fb86c922f" 201 - "PUT http://[::1]:8080/v1/AUTH_1f36317bec034bb2906d703b614505b0/gnocchi.b4267832-53b1-4abb-85d6-0e4fb86c922f" "txe248a062d5be4745b9e66-00692a4120" "proxy-server 89446" 0.0982 "-" 96356 0
Nov 28 19:41:04 np0005539311.novalocal proxy-server[89446]: ::1 ::1 29/Nov/2025/00/41/04 GET /v1/AUTH_1f36317bec034bb2906d703b614505b0/gnocchi.7ba66aef-aa61-4916-8aac-a8487bf67107%3Fformat%3Djson%26states%3Dlisting HTTP/1.0 200 - python-swiftclient-4.2.0 gAAAAABpKkDhAXpn... - 2 - tx97ead712328443fb83314-00692a4120 - 0.1062 - - 1764376864.556662321 1764376864.662836552 0
Nov 28 19:41:04 np0005539311.novalocal account-server[96061]: ::1 - - [29/Nov/2025:00:41:04 +0000] "PUT /2/183006/AUTH_1f36317bec034bb2906d703b614505b0/gnocchi.b4267832-53b1-4abb-85d6-0e4fb86c922f" 201 - "PUT http://[::1]:6001/2/22300/AUTH_1f36317bec034bb2906d703b614505b0/gnocchi.b4267832-53b1-4abb-85d6-0e4fb86c922f" "txe248a062d5be4745b9e66-00692a4120" "container-server 96358" 0.0142 "-" 96061 0
Nov 28 19:41:04 np0005539311.novalocal object-server[96660]: ::1 - - [29/Nov/2025:00:41:04 +0000] "GET /3/46299/AUTH_1f36317bec034bb2906d703b614505b0/gnocchi.7ba66aef-aa61-4916-8aac-a8487bf67107/1763640000.0_mean_300.0_v3" 404 70 "GET http://[::1]:8080/v1/AUTH_1f36317bec034bb2906d703b614505b0/gnocchi.7ba66aef-aa61-4916-8aac-a8487bf67107/1763640000.0_mean_300.0_v3" "tx0de07e227f964d54824b1-00692a4120" "proxy-server 89446" 0.0004 "-" 96660 0
Nov 28 19:41:04 np0005539311.novalocal object-server[96660]: ::1 - - [29/Nov/2025:00:41:04 +0000] "GET /1/46299/AUTH_1f36317bec034bb2906d703b614505b0/gnocchi.7ba66aef-aa61-4916-8aac-a8487bf67107/1763640000.0_mean_300.0_v3" 404 70 "GET http://[::1]:8080/v1/AUTH_1f36317bec034bb2906d703b614505b0/gnocchi.7ba66aef-aa61-4916-8aac-a8487bf67107/1763640000.0_mean_300.0_v3" "tx0de07e227f964d54824b1-00692a4120" "proxy-server 89446" 0.0003 "-" 96660 0
Nov 28 19:41:04 np0005539311.novalocal container-server[96358]: ::1 - - [29/Nov/2025:00:41:04 +0000] "PUT /2/22300/AUTH_1f36317bec034bb2906d703b614505b0/gnocchi.b4267832-53b1-4abb-85d6-0e4fb86c922f" 201 - "PUT http://[::1]:8080/v1/AUTH_1f36317bec034bb2906d703b614505b0/gnocchi.b4267832-53b1-4abb-85d6-0e4fb86c922f" "txe248a062d5be4745b9e66-00692a4120" "proxy-server 89446" 0.1167 "-" 96358 0
Nov 28 19:41:04 np0005539311.novalocal object-server[96660]: ::1 - - [29/Nov/2025:00:41:04 +0000] "GET /2/46299/AUTH_1f36317bec034bb2906d703b614505b0/gnocchi.7ba66aef-aa61-4916-8aac-a8487bf67107/1763640000.0_mean_300.0_v3" 404 70 "GET http://[::1]:8080/v1/AUTH_1f36317bec034bb2906d703b614505b0/gnocchi.7ba66aef-aa61-4916-8aac-a8487bf67107/1763640000.0_mean_300.0_v3" "tx0de07e227f964d54824b1-00692a4120" "proxy-server 89446" 0.0003 "-" 96660 0
Nov 28 19:41:04 np0005539311.novalocal proxy-server[89446]: ::1 ::1 29/Nov/2025/00/41/04 GET /v1/AUTH_1f36317bec034bb2906d703b614505b0/gnocchi.7ba66aef-aa61-4916-8aac-a8487bf67107/1763640000.0_mean_300.0_v3 HTTP/1.0 404 - python-swiftclient-4.2.0 gAAAAABpKkDhAXpn... - 70 - tx0de07e227f964d54824b1-00692a4120 - 0.0165 - - 1764376864.665973425 1764376864.682431698 0
Nov 28 19:41:04 np0005539311.novalocal account-server[96062]: ::1 - - [29/Nov/2025:00:41:04 +0000] "PUT /1/183006/AUTH_1f36317bec034bb2906d703b614505b0/gnocchi.b4267832-53b1-4abb-85d6-0e4fb86c922f" 201 - "PUT http://[::1]:6001/1/22300/AUTH_1f36317bec034bb2906d703b614505b0/gnocchi.b4267832-53b1-4abb-85d6-0e4fb86c922f" "txe248a062d5be4745b9e66-00692a4120" "container-server 96358" 0.0102 "-" 96062 0
Nov 28 19:41:04 np0005539311.novalocal container-server[96358]: ::1 - - [29/Nov/2025:00:41:04 +0000] "PUT /1/22300/AUTH_1f36317bec034bb2906d703b614505b0/gnocchi.b4267832-53b1-4abb-85d6-0e4fb86c922f" 201 - "PUT http://[::1]:8080/v1/AUTH_1f36317bec034bb2906d703b614505b0/gnocchi.b4267832-53b1-4abb-85d6-0e4fb86c922f" "txe248a062d5be4745b9e66-00692a4120" "proxy-server 89446" 0.0354 "-" 96358 0
Nov 28 19:41:04 np0005539311.novalocal proxy-server[89446]: ::1 ::1 29/Nov/2025/00/41/04 PUT /v1/AUTH_1f36317bec034bb2906d703b614505b0/gnocchi.b4267832-53b1-4abb-85d6-0e4fb86c922f HTTP/1.0 201 - python-swiftclient-4.2.0 gAAAAABpKkDhMctJ... - - - txe248a062d5be4745b9e66-00692a4120 - 0.1389 - - 1764376864.560120106 1764376864.698980093 0
Nov 28 19:41:04 np0005539311.novalocal container-server[96355]: ::1 - - [29/Nov/2025:00:41:04 +0000] "HEAD /2/22300/AUTH_1f36317bec034bb2906d703b614505b0/gnocchi.b4267832-53b1-4abb-85d6-0e4fb86c922f" 204 - "HEAD http://[::1]:8080/v1/AUTH_1f36317bec034bb2906d703b614505b0/gnocchi.b4267832-53b1-4abb-85d6-0e4fb86c922f?format=json&states=listing" "tx8068a591590748beb270c-00692a4120" "proxy-server 89446" 0.0012 "-" 96355 0
Nov 28 19:41:04 np0005539311.novalocal container-server[96356]: ::1 - - [29/Nov/2025:00:41:04 +0000] "PUT /3/210463/AUTH_1f36317bec034bb2906d703b614505b0/gnocchi.7ba66aef-aa61-4916-8aac-a8487bf67107/1763640000.0_mean_300.0_v3" 201 - "PUT http://[::1]:8080/2/46299/AUTH_1f36317bec034bb2906d703b614505b0/gnocchi.7ba66aef-aa61-4916-8aac-a8487bf67107/1763640000.0_mean_300.0_v3" "txb23554da8985435bbfc12-00692a4120" "object-server 96662" 0.0007 "-" 96356 0
Nov 28 19:41:04 np0005539311.novalocal object-server[96662]: ::1 - - [29/Nov/2025:00:41:04 +0000] "PUT /2/46299/AUTH_1f36317bec034bb2906d703b614505b0/gnocchi.7ba66aef-aa61-4916-8aac-a8487bf67107/1763640000.0_mean_300.0_v3" 201 - "PUT http://[::1]:8080/v1/AUTH_1f36317bec034bb2906d703b614505b0/gnocchi.7ba66aef-aa61-4916-8aac-a8487bf67107/1763640000.0_mean_300.0_v3" "txb23554da8985435bbfc12-00692a4120" "proxy-server 89446" 0.0210 "-" 96662 0
Nov 28 19:41:04 np0005539311.novalocal container-server[96357]: ::1 - - [29/Nov/2025:00:41:04 +0000] "GET /3/22300/AUTH_1f36317bec034bb2906d703b614505b0/gnocchi.b4267832-53b1-4abb-85d6-0e4fb86c922f" 200 2 "GET http://[::1]:8080/v1/AUTH_1f36317bec034bb2906d703b614505b0/gnocchi.b4267832-53b1-4abb-85d6-0e4fb86c922f?format=json&states=listing" "tx8068a591590748beb270c-00692a4120" "proxy-server 89446" 0.0019 "-" 96357 0
Nov 28 19:41:04 np0005539311.novalocal container-server[96355]: ::1 - - [29/Nov/2025:00:41:04 +0000] "PUT /2/210463/AUTH_1f36317bec034bb2906d703b614505b0/gnocchi.7ba66aef-aa61-4916-8aac-a8487bf67107/1763640000.0_mean_300.0_v3" 201 - "PUT http://[::1]:8080/3/46299/AUTH_1f36317bec034bb2906d703b614505b0/gnocchi.7ba66aef-aa61-4916-8aac-a8487bf67107/1763640000.0_mean_300.0_v3" "txb23554da8985435bbfc12-00692a4120" "object-server 96660" 0.0007 "-" 96355 0
Nov 28 19:41:04 np0005539311.novalocal proxy-server[89446]: ::1 ::1 29/Nov/2025/00/41/04 GET /v1/AUTH_1f36317bec034bb2906d703b614505b0/gnocchi.b4267832-53b1-4abb-85d6-0e4fb86c922f%3Fformat%3Djson%26states%3Dlisting HTTP/1.0 200 - python-swiftclient-4.2.0 gAAAAABpKkDhMctJ... - 2 - tx8068a591590748beb270c-00692a4120 - 0.0178 - - 1764376864.702991247 1764376864.720764399 0
Nov 28 19:41:04 np0005539311.novalocal object-server[96660]: ::1 - - [29/Nov/2025:00:41:04 +0000] "PUT /3/46299/AUTH_1f36317bec034bb2906d703b614505b0/gnocchi.7ba66aef-aa61-4916-8aac-a8487bf67107/1763640000.0_mean_300.0_v3" 201 - "PUT http://[::1]:8080/v1/AUTH_1f36317bec034bb2906d703b614505b0/gnocchi.7ba66aef-aa61-4916-8aac-a8487bf67107/1763640000.0_mean_300.0_v3" "txb23554da8985435bbfc12-00692a4120" "proxy-server 89446" 0.0313 "-" 96660 0
Nov 28 19:41:04 np0005539311.novalocal container-server[96357]: ::1 - - [29/Nov/2025:00:41:04 +0000] "PUT /1/210463/AUTH_1f36317bec034bb2906d703b614505b0/gnocchi.7ba66aef-aa61-4916-8aac-a8487bf67107/1763640000.0_mean_300.0_v3" 201 - "PUT http://[::1]:8080/1/46299/AUTH_1f36317bec034bb2906d703b614505b0/gnocchi.7ba66aef-aa61-4916-8aac-a8487bf67107/1763640000.0_mean_300.0_v3" "txb23554da8985435bbfc12-00692a4120" "object-server 96661" 0.0006 "-" 96357 0
Nov 28 19:41:04 np0005539311.novalocal object-server[96661]: ::1 - - [29/Nov/2025:00:41:04 +0000] "PUT /1/46299/AUTH_1f36317bec034bb2906d703b614505b0/gnocchi.7ba66aef-aa61-4916-8aac-a8487bf67107/1763640000.0_mean_300.0_v3" 201 - "PUT http://[::1]:8080/v1/AUTH_1f36317bec034bb2906d703b614505b0/gnocchi.7ba66aef-aa61-4916-8aac-a8487bf67107/1763640000.0_mean_300.0_v3" "txb23554da8985435bbfc12-00692a4120" "proxy-server 89446" 0.0389 "-" 96661 0
Nov 28 19:41:04 np0005539311.novalocal proxy-server[89446]: ::1 ::1 29/Nov/2025/00/41/04 PUT /v1/AUTH_1f36317bec034bb2906d703b614505b0/gnocchi.7ba66aef-aa61-4916-8aac-a8487bf67107/1763640000.0_mean_300.0_v3 HTTP/1.0 201 - python-swiftclient-4.2.0 gAAAAABpKkDhAXpn... 16 - - txb23554da8985435bbfc12-00692a4120 - 0.0461 - - 1764376864.684760332 1764376864.730859041 0
Nov 28 19:41:04 np0005539311.novalocal object-server[96660]: ::1 - - [29/Nov/2025:00:41:04 +0000] "GET /2/76499/AUTH_1f36317bec034bb2906d703b614505b0/gnocchi.b4267832-53b1-4abb-85d6-0e4fb86c922f/1763640000.0_mean_300.0_v3" 404 70 "GET http://[::1]:8080/v1/AUTH_1f36317bec034bb2906d703b614505b0/gnocchi.b4267832-53b1-4abb-85d6-0e4fb86c922f/1763640000.0_mean_300.0_v3" "tx17714663f4824d30979f1-00692a4120" "proxy-server 89446" 0.0048 "-" 96660 0
Nov 28 19:41:04 np0005539311.novalocal object-server[96659]: ::1 - - [29/Nov/2025:00:41:04 +0000] "GET /1/76499/AUTH_1f36317bec034bb2906d703b614505b0/gnocchi.b4267832-53b1-4abb-85d6-0e4fb86c922f/1763640000.0_mean_300.0_v3" 404 70 "GET http://[::1]:8080/v1/AUTH_1f36317bec034bb2906d703b614505b0/gnocchi.b4267832-53b1-4abb-85d6-0e4fb86c922f/1763640000.0_mean_300.0_v3" "tx17714663f4824d30979f1-00692a4120" "proxy-server 89446" 0.0006 "-" 96659 0
Nov 28 19:41:04 np0005539311.novalocal object-server[96661]: ::1 - - [29/Nov/2025:00:41:04 +0000] "GET /3/76499/AUTH_1f36317bec034bb2906d703b614505b0/gnocchi.b4267832-53b1-4abb-85d6-0e4fb86c922f/1763640000.0_mean_300.0_v3" 404 70 "GET http://[::1]:8080/v1/AUTH_1f36317bec034bb2906d703b614505b0/gnocchi.b4267832-53b1-4abb-85d6-0e4fb86c922f/1763640000.0_mean_300.0_v3" "tx17714663f4824d30979f1-00692a4120" "proxy-server 89446" 0.0002 "-" 96661 0
Nov 28 19:41:04 np0005539311.novalocal container-server[96356]: ::1 - - [29/Nov/2025:00:41:04 +0000] "PUT /1/210463/AUTH_1f36317bec034bb2906d703b614505b0/gnocchi.7ba66aef-aa61-4916-8aac-a8487bf67107/none_v3" 201 - "PUT http://[::1]:8080/3/32917/AUTH_1f36317bec034bb2906d703b614505b0/gnocchi.7ba66aef-aa61-4916-8aac-a8487bf67107/none_v3" "tx3390cdfd97e44cc4b3210-00692a4120" "object-server 96661" 0.0006 "-" 96356 0
Nov 28 19:41:04 np0005539311.novalocal object-server[96661]: ::1 - - [29/Nov/2025:00:41:04 +0000] "PUT /3/32917/AUTH_1f36317bec034bb2906d703b614505b0/gnocchi.7ba66aef-aa61-4916-8aac-a8487bf67107/none_v3" 201 - "PUT http://[::1]:8080/v1/AUTH_1f36317bec034bb2906d703b614505b0/gnocchi.7ba66aef-aa61-4916-8aac-a8487bf67107/none_v3" "tx3390cdfd97e44cc4b3210-00692a4120" "proxy-server 89446" 0.0124 "-" 96661 0
Nov 28 19:41:04 np0005539311.novalocal container-server[96358]: ::1 - - [29/Nov/2025:00:41:04 +0000] "PUT /3/210463/AUTH_1f36317bec034bb2906d703b614505b0/gnocchi.7ba66aef-aa61-4916-8aac-a8487bf67107/none_v3" 201 - "PUT http://[::1]:8080/1/32917/AUTH_1f36317bec034bb2906d703b614505b0/gnocchi.7ba66aef-aa61-4916-8aac-a8487bf67107/none_v3" "tx3390cdfd97e44cc4b3210-00692a4120" "object-server 96660" 0.0007 "-" 96358 0
Nov 28 19:41:04 np0005539311.novalocal object-server[96660]: ::1 - - [29/Nov/2025:00:41:04 +0000] "PUT /1/32917/AUTH_1f36317bec034bb2906d703b614505b0/gnocchi.7ba66aef-aa61-4916-8aac-a8487bf67107/none_v3" 201 - "PUT http://[::1]:8080/v1/AUTH_1f36317bec034bb2906d703b614505b0/gnocchi.7ba66aef-aa61-4916-8aac-a8487bf67107/none_v3" "tx3390cdfd97e44cc4b3210-00692a4120" "proxy-server 89446" 0.0153 "-" 96660 0
Nov 28 19:41:04 np0005539311.novalocal container-server[96358]: ::1 - - [29/Nov/2025:00:41:04 +0000] "PUT /2/210463/AUTH_1f36317bec034bb2906d703b614505b0/gnocchi.7ba66aef-aa61-4916-8aac-a8487bf67107/none_v3" 201 - "PUT http://[::1]:8080/2/32917/AUTH_1f36317bec034bb2906d703b614505b0/gnocchi.7ba66aef-aa61-4916-8aac-a8487bf67107/none_v3" "tx3390cdfd97e44cc4b3210-00692a4120" "object-server 96662" 0.0003 "-" 96358 0
Nov 28 19:41:04 np0005539311.novalocal proxy-server[89446]: ::1 ::1 29/Nov/2025/00/41/04 GET /v1/AUTH_1f36317bec034bb2906d703b614505b0/gnocchi.b4267832-53b1-4abb-85d6-0e4fb86c922f/1763640000.0_mean_300.0_v3 HTTP/1.0 404 - python-swiftclient-4.2.0 gAAAAABpKkDhMctJ... - 70 - tx17714663f4824d30979f1-00692a4120 - 0.0318 - - 1764376864.730183363 1764376864.762015581 0
Nov 28 19:41:04 np0005539311.novalocal object-server[96662]: ::1 - - [29/Nov/2025:00:41:04 +0000] "PUT /2/32917/AUTH_1f36317bec034bb2906d703b614505b0/gnocchi.7ba66aef-aa61-4916-8aac-a8487bf67107/none_v3" 201 - "PUT http://[::1]:8080/v1/AUTH_1f36317bec034bb2906d703b614505b0/gnocchi.7ba66aef-aa61-4916-8aac-a8487bf67107/none_v3" "tx3390cdfd97e44cc4b3210-00692a4120" "proxy-server 89446" 0.0156 "-" 96662 0
Nov 28 19:41:04 np0005539311.novalocal proxy-server[89446]: ::1 ::1 29/Nov/2025/00/41/04 PUT /v1/AUTH_1f36317bec034bb2906d703b614505b0/gnocchi.7ba66aef-aa61-4916-8aac-a8487bf67107/none_v3 HTTP/1.0 201 - python-swiftclient-4.2.0 gAAAAABpKkDhAXpn... 22 - - tx3390cdfd97e44cc4b3210-00692a4120 - 0.0318 - - 1764376864.736240864 1764376864.768078327 0
Nov 28 19:41:04 np0005539311.novalocal container-server[96357]: ::1 - - [29/Nov/2025:00:41:04 +0000] "HEAD /2/126252/AUTH_1f36317bec034bb2906d703b614505b0/gnocchi.cc70b8eb-eac0-41d1-b5c3-540d90088828" 404 - "HEAD http://[::1]:8080/v1/AUTH_1f36317bec034bb2906d703b614505b0/gnocchi.cc70b8eb-eac0-41d1-b5c3-540d90088828?format=json&states=listing" "txb28974b377a84023b08e3-00692a4120" "proxy-server 89446" 0.0004 "-" 96357 0
Nov 28 19:41:04 np0005539311.novalocal container-server[96356]: ::1 - - [29/Nov/2025:00:41:04 +0000] "PUT /2/22300/AUTH_1f36317bec034bb2906d703b614505b0/gnocchi.b4267832-53b1-4abb-85d6-0e4fb86c922f/1763640000.0_mean_300.0_v3" 201 - "PUT http://[::1]:8080/1/76499/AUTH_1f36317bec034bb2906d703b614505b0/gnocchi.b4267832-53b1-4abb-85d6-0e4fb86c922f/1763640000.0_mean_300.0_v3" "txcc89dc5ee134403c8fd72-00692a4120" "object-server 96662" 0.0007 "-" 96356 0
Nov 28 19:41:04 np0005539311.novalocal object-server[96662]: ::1 - - [29/Nov/2025:00:41:04 +0000] "PUT /1/76499/AUTH_1f36317bec034bb2906d703b614505b0/gnocchi.b4267832-53b1-4abb-85d6-0e4fb86c922f/1763640000.0_mean_300.0_v3" 201 - "PUT http://[::1]:8080/v1/AUTH_1f36317bec034bb2906d703b614505b0/gnocchi.b4267832-53b1-4abb-85d6-0e4fb86c922f/1763640000.0_mean_300.0_v3" "txcc89dc5ee134403c8fd72-00692a4120" "proxy-server 89446" 0.0118 "-" 96662 0
Nov 28 19:41:04 np0005539311.novalocal container-server[96356]: ::1 - - [29/Nov/2025:00:41:04 +0000] "PUT /3/22300/AUTH_1f36317bec034bb2906d703b614505b0/gnocchi.b4267832-53b1-4abb-85d6-0e4fb86c922f/1763640000.0_mean_300.0_v3" 201 - "PUT http://[::1]:8080/2/76499/AUTH_1f36317bec034bb2906d703b614505b0/gnocchi.b4267832-53b1-4abb-85d6-0e4fb86c922f/1763640000.0_mean_300.0_v3" "txcc89dc5ee134403c8fd72-00692a4120" "object-server 96659" 0.0005 "-" 96356 0
Nov 28 19:41:04 np0005539311.novalocal container-server[96358]: ::1 - - [29/Nov/2025:00:41:04 +0000] "PUT /1/22300/AUTH_1f36317bec034bb2906d703b614505b0/gnocchi.b4267832-53b1-4abb-85d6-0e4fb86c922f/1763640000.0_mean_300.0_v3" 201 - "PUT http://[::1]:8080/3/76499/AUTH_1f36317bec034bb2906d703b614505b0/gnocchi.b4267832-53b1-4abb-85d6-0e4fb86c922f/1763640000.0_mean_300.0_v3" "txcc89dc5ee134403c8fd72-00692a4120" "object-server 96660" 0.0019 "-" 96358 0
Nov 28 19:41:04 np0005539311.novalocal object-server[96659]: ::1 - - [29/Nov/2025:00:41:04 +0000] "PUT /2/76499/AUTH_1f36317bec034bb2906d703b614505b0/gnocchi.b4267832-53b1-4abb-85d6-0e4fb86c922f/1763640000.0_mean_300.0_v3" 201 - "PUT http://[::1]:8080/v1/AUTH_1f36317bec034bb2906d703b614505b0/gnocchi.b4267832-53b1-4abb-85d6-0e4fb86c922f/1763640000.0_mean_300.0_v3" "txcc89dc5ee134403c8fd72-00692a4120" "proxy-server 89446" 0.0149 "-" 96659 0
Nov 28 19:41:04 np0005539311.novalocal object-server[96660]: ::1 - - [29/Nov/2025:00:41:04 +0000] "PUT /3/76499/AUTH_1f36317bec034bb2906d703b614505b0/gnocchi.b4267832-53b1-4abb-85d6-0e4fb86c922f/1763640000.0_mean_300.0_v3" 201 - "PUT http://[::1]:8080/v1/AUTH_1f36317bec034bb2906d703b614505b0/gnocchi.b4267832-53b1-4abb-85d6-0e4fb86c922f/1763640000.0_mean_300.0_v3" "txcc89dc5ee134403c8fd72-00692a4120" "proxy-server 89446" 0.0154 "-" 96660 0
Nov 28 19:41:04 np0005539311.novalocal container-server[96357]: ::1 - - [29/Nov/2025:00:41:04 +0000] "HEAD /1/126252/AUTH_1f36317bec034bb2906d703b614505b0/gnocchi.cc70b8eb-eac0-41d1-b5c3-540d90088828" 404 - "HEAD http://[::1]:8080/v1/AUTH_1f36317bec034bb2906d703b614505b0/gnocchi.cc70b8eb-eac0-41d1-b5c3-540d90088828?format=json&states=listing" "txb28974b377a84023b08e3-00692a4120" "proxy-server 89446" 0.0004 "-" 96357 0
Nov 28 19:41:04 np0005539311.novalocal proxy-server[89446]: ::1 ::1 29/Nov/2025/00/41/04 PUT /v1/AUTH_1f36317bec034bb2906d703b614505b0/gnocchi.b4267832-53b1-4abb-85d6-0e4fb86c922f/1763640000.0_mean_300.0_v3 HTTP/1.0 201 - python-swiftclient-4.2.0 gAAAAABpKkDhMctJ... 16 - - txcc89dc5ee134403c8fd72-00692a4120 - 0.0270 - - 1764376864.769627810 1764376864.796633959 0
Nov 28 19:41:04 np0005539311.novalocal container-server[96358]: ::1 - - [29/Nov/2025:00:41:04 +0000] "HEAD /3/126252/AUTH_1f36317bec034bb2906d703b614505b0/gnocchi.cc70b8eb-eac0-41d1-b5c3-540d90088828" 404 - "HEAD http://[::1]:8080/v1/AUTH_1f36317bec034bb2906d703b614505b0/gnocchi.cc70b8eb-eac0-41d1-b5c3-540d90088828?format=json&states=listing" "txb28974b377a84023b08e3-00692a4120" "proxy-server 89446" 0.0004 "-" 96358 0
Nov 28 19:41:04 np0005539311.novalocal object-server[96661]: ::1 - - [29/Nov/2025:00:41:04 +0000] "GET /2/257969/AUTH_1f36317bec034bb2906d703b614505b0/gnocchi.cc70b8eb-eac0-41d1-b5c3-540d90088828/none_v3" 404 70 "GET http://[::1]:8080/v1/AUTH_1f36317bec034bb2906d703b614505b0/gnocchi.cc70b8eb-eac0-41d1-b5c3-540d90088828/none_v3" "txb28974b377a84023b08e3-00692a4120" "proxy-server 89446" 0.0006 "-" 96661 0
Nov 28 19:41:04 np0005539311.novalocal object-server[96661]: ::1 - - [29/Nov/2025:00:41:04 +0000] "GET /3/257969/AUTH_1f36317bec034bb2906d703b614505b0/gnocchi.cc70b8eb-eac0-41d1-b5c3-540d90088828/none_v3" 404 70 "GET http://[::1]:8080/v1/AUTH_1f36317bec034bb2906d703b614505b0/gnocchi.cc70b8eb-eac0-41d1-b5c3-540d90088828/none_v3" "txb28974b377a84023b08e3-00692a4120" "proxy-server 89446" 0.0002 "-" 96661 0
Nov 28 19:41:04 np0005539311.novalocal object-server[96661]: ::1 - - [29/Nov/2025:00:41:04 +0000] "GET /1/257969/AUTH_1f36317bec034bb2906d703b614505b0/gnocchi.cc70b8eb-eac0-41d1-b5c3-540d90088828/none_v3" 404 70 "GET http://[::1]:8080/v1/AUTH_1f36317bec034bb2906d703b614505b0/gnocchi.cc70b8eb-eac0-41d1-b5c3-540d90088828/none_v3" "txb28974b377a84023b08e3-00692a4120" "proxy-server 89446" 0.0002 "-" 96661 0
Nov 28 19:41:04 np0005539311.novalocal proxy-server[89446]: ::1 ::1 29/Nov/2025/00/41/04 GET /v1/AUTH_1f36317bec034bb2906d703b614505b0/gnocchi.cc70b8eb-eac0-41d1-b5c3-540d90088828/none_v3 HTTP/1.0 404 - python-swiftclient-4.2.0 gAAAAABpKkDhAXpn... - 70 - txb28974b377a84023b08e3-00692a4120 - 0.0395 - - 1764376864.783853292 1764376864.823397875 0
Nov 28 19:41:04 np0005539311.novalocal container-server[96358]: ::1 - - [29/Nov/2025:00:41:04 +0000] "PUT /3/22300/AUTH_1f36317bec034bb2906d703b614505b0/gnocchi.b4267832-53b1-4abb-85d6-0e4fb86c922f/none_v3" 201 - "PUT http://[::1]:8080/1/152895/AUTH_1f36317bec034bb2906d703b614505b0/gnocchi.b4267832-53b1-4abb-85d6-0e4fb86c922f/none_v3" "txbf1685a7de214fe1b7639-00692a4120" "object-server 96662" 0.0005 "-" 96358 0
Nov 28 19:41:04 np0005539311.novalocal object-server[96662]: ::1 - - [29/Nov/2025:00:41:04 +0000] "PUT /1/152895/AUTH_1f36317bec034bb2906d703b614505b0/gnocchi.b4267832-53b1-4abb-85d6-0e4fb86c922f/none_v3" 201 - "PUT http://[::1]:8080/v1/AUTH_1f36317bec034bb2906d703b614505b0/gnocchi.b4267832-53b1-4abb-85d6-0e4fb86c922f/none_v3" "txbf1685a7de214fe1b7639-00692a4120" "proxy-server 89446" 0.0385 "-" 96662 0
Nov 28 19:41:04 np0005539311.novalocal container-server[96357]: ::1 - - [29/Nov/2025:00:41:04 +0000] "PUT /2/22300/AUTH_1f36317bec034bb2906d703b614505b0/gnocchi.b4267832-53b1-4abb-85d6-0e4fb86c922f/none_v3" 201 - "PUT http://[::1]:8080/2/152895/AUTH_1f36317bec034bb2906d703b614505b0/gnocchi.b4267832-53b1-4abb-85d6-0e4fb86c922f/none_v3" "txbf1685a7de214fe1b7639-00692a4120" "object-server 96659" 0.0005 "-" 96357 0
Nov 28 19:41:04 np0005539311.novalocal object-server[96659]: ::1 - - [29/Nov/2025:00:41:04 +0000] "PUT /2/152895/AUTH_1f36317bec034bb2906d703b614505b0/gnocchi.b4267832-53b1-4abb-85d6-0e4fb86c922f/none_v3" 201 - "PUT http://[::1]:8080/v1/AUTH_1f36317bec034bb2906d703b614505b0/gnocchi.b4267832-53b1-4abb-85d6-0e4fb86c922f/none_v3" "txbf1685a7de214fe1b7639-00692a4120" "proxy-server 89446" 0.0395 "-" 96659 0
Nov 28 19:41:04 np0005539311.novalocal container-server[96356]: ::1 - - [29/Nov/2025:00:41:04 +0000] "PUT /1/22300/AUTH_1f36317bec034bb2906d703b614505b0/gnocchi.b4267832-53b1-4abb-85d6-0e4fb86c922f/none_v3" 201 - "PUT http://[::1]:8080/3/152895/AUTH_1f36317bec034bb2906d703b614505b0/gnocchi.b4267832-53b1-4abb-85d6-0e4fb86c922f/none_v3" "txbf1685a7de214fe1b7639-00692a4120" "object-server 96660" 0.0005 "-" 96356 0
Nov 28 19:41:04 np0005539311.novalocal object-server[96660]: ::1 - - [29/Nov/2025:00:41:04 +0000] "PUT /3/152895/AUTH_1f36317bec034bb2906d703b614505b0/gnocchi.b4267832-53b1-4abb-85d6-0e4fb86c922f/none_v3" 201 - "PUT http://[::1]:8080/v1/AUTH_1f36317bec034bb2906d703b614505b0/gnocchi.b4267832-53b1-4abb-85d6-0e4fb86c922f/none_v3" "txbf1685a7de214fe1b7639-00692a4120" "proxy-server 89446" 0.0392 "-" 96660 0
Nov 28 19:41:04 np0005539311.novalocal proxy-server[89446]: ::1 ::1 29/Nov/2025/00/41/04 PUT /v1/AUTH_1f36317bec034bb2906d703b614505b0/gnocchi.b4267832-53b1-4abb-85d6-0e4fb86c922f/none_v3 HTTP/1.0 201 - python-swiftclient-4.2.0 gAAAAABpKkDhMctJ... 22 - - txbf1685a7de214fe1b7639-00692a4120 - 0.0558 - - 1764376864.808225870 1764376864.864012241 0
Nov 28 19:41:04 np0005539311.novalocal account-server[96062]: ::1 - - [29/Nov/2025:00:41:04 +0000] "PUT /3/183006/AUTH_1f36317bec034bb2906d703b614505b0/gnocchi.cc70b8eb-eac0-41d1-b5c3-540d90088828" 201 - "PUT http://[::1]:6001/2/126252/AUTH_1f36317bec034bb2906d703b614505b0/gnocchi.cc70b8eb-eac0-41d1-b5c3-540d90088828" "tx70252589098e428988a2a-00692a4120" "container-server 96357" 0.0165 "-" 96062 0
Nov 28 19:41:04 np0005539311.novalocal container-server[96357]: ::1 - - [29/Nov/2025:00:41:04 +0000] "PUT /2/126252/AUTH_1f36317bec034bb2906d703b614505b0/gnocchi.cc70b8eb-eac0-41d1-b5c3-540d90088828" 201 - "PUT http://[::1]:8080/v1/AUTH_1f36317bec034bb2906d703b614505b0/gnocchi.cc70b8eb-eac0-41d1-b5c3-540d90088828" "tx70252589098e428988a2a-00692a4120" "proxy-server 89446" 0.0391 "-" 96357 0
Nov 28 19:41:04 np0005539311.novalocal container-server[96357]: ::1 - - [29/Nov/2025:00:41:04 +0000] "HEAD /1/151045/AUTH_1f36317bec034bb2906d703b614505b0/gnocchi.b5779a48-07d4-49fe-8e0f-fc9c7e1b0935" 404 - "HEAD http://[::1]:8080/v1/AUTH_1f36317bec034bb2906d703b614505b0/gnocchi.b5779a48-07d4-49fe-8e0f-fc9c7e1b0935?format=json&states=listing" "txc961a76d04ef40a889b00-00692a4120" "proxy-server 89446" 0.0005 "-" 96357 0
Nov 28 19:41:04 np0005539311.novalocal container-server[96358]: ::1 - - [29/Nov/2025:00:41:04 +0000] "HEAD /2/151045/AUTH_1f36317bec034bb2906d703b614505b0/gnocchi.b5779a48-07d4-49fe-8e0f-fc9c7e1b0935" 404 - "HEAD http://[::1]:8080/v1/AUTH_1f36317bec034bb2906d703b614505b0/gnocchi.b5779a48-07d4-49fe-8e0f-fc9c7e1b0935?format=json&states=listing" "txc961a76d04ef40a889b00-00692a4120" "proxy-server 89446" 0.0004 "-" 96358 0
Nov 28 19:41:04 np0005539311.novalocal container-server[96357]: ::1 - - [29/Nov/2025:00:41:04 +0000] "HEAD /3/151045/AUTH_1f36317bec034bb2906d703b614505b0/gnocchi.b5779a48-07d4-49fe-8e0f-fc9c7e1b0935" 404 - "HEAD http://[::1]:8080/v1/AUTH_1f36317bec034bb2906d703b614505b0/gnocchi.b5779a48-07d4-49fe-8e0f-fc9c7e1b0935?format=json&states=listing" "txc961a76d04ef40a889b00-00692a4120" "proxy-server 89446" 0.0002 "-" 96357 0
Nov 28 19:41:04 np0005539311.novalocal object-server[96661]: ::1 - - [29/Nov/2025:00:41:04 +0000] "GET /1/98647/AUTH_1f36317bec034bb2906d703b614505b0/gnocchi.b5779a48-07d4-49fe-8e0f-fc9c7e1b0935/none_v3" 404 70 "GET http://[::1]:8080/v1/AUTH_1f36317bec034bb2906d703b614505b0/gnocchi.b5779a48-07d4-49fe-8e0f-fc9c7e1b0935/none_v3" "txc961a76d04ef40a889b00-00692a4120" "proxy-server 89446" 0.0003 "-" 96661 0
Nov 28 19:41:04 np0005539311.novalocal object-server[96661]: ::1 - - [29/Nov/2025:00:41:04 +0000] "GET /3/98647/AUTH_1f36317bec034bb2906d703b614505b0/gnocchi.b5779a48-07d4-49fe-8e0f-fc9c7e1b0935/none_v3" 404 70 "GET http://[::1]:8080/v1/AUTH_1f36317bec034bb2906d703b614505b0/gnocchi.b5779a48-07d4-49fe-8e0f-fc9c7e1b0935/none_v3" "txc961a76d04ef40a889b00-00692a4120" "proxy-server 89446" 0.0002 "-" 96661 0
Nov 28 19:41:04 np0005539311.novalocal account-server[96064]: ::1 - - [29/Nov/2025:00:41:04 +0000] "PUT /2/183006/AUTH_1f36317bec034bb2906d703b614505b0/gnocchi.cc70b8eb-eac0-41d1-b5c3-540d90088828" 201 - "PUT http://[::1]:6001/1/126252/AUTH_1f36317bec034bb2906d703b614505b0/gnocchi.cc70b8eb-eac0-41d1-b5c3-540d90088828" "tx70252589098e428988a2a-00692a4120" "container-server 96355" 0.0123 "-" 96064 0
Nov 28 19:41:04 np0005539311.novalocal account-server[96063]: ::1 - - [29/Nov/2025:00:41:04 +0000] "PUT /1/183006/AUTH_1f36317bec034bb2906d703b614505b0/gnocchi.cc70b8eb-eac0-41d1-b5c3-540d90088828" 201 - "PUT http://[::1]:6001/3/126252/AUTH_1f36317bec034bb2906d703b614505b0/gnocchi.cc70b8eb-eac0-41d1-b5c3-540d90088828" "tx70252589098e428988a2a-00692a4120" "container-server 96355" 0.0110 "-" 96063 0
Nov 28 19:41:04 np0005539311.novalocal container-server[96355]: ::1 - - [29/Nov/2025:00:41:04 +0000] "PUT /1/126252/AUTH_1f36317bec034bb2906d703b614505b0/gnocchi.cc70b8eb-eac0-41d1-b5c3-540d90088828" 201 - "PUT http://[::1]:8080/v1/AUTH_1f36317bec034bb2906d703b614505b0/gnocchi.cc70b8eb-eac0-41d1-b5c3-540d90088828" "tx70252589098e428988a2a-00692a4120" "proxy-server 89446" 0.0773 "-" 96355 0
Nov 28 19:41:04 np0005539311.novalocal object-server[96661]: ::1 - - [29/Nov/2025:00:41:04 +0000] "GET /2/98647/AUTH_1f36317bec034bb2906d703b614505b0/gnocchi.b5779a48-07d4-49fe-8e0f-fc9c7e1b0935/none_v3" 404 70 "GET http://[::1]:8080/v1/AUTH_1f36317bec034bb2906d703b614505b0/gnocchi.b5779a48-07d4-49fe-8e0f-fc9c7e1b0935/none_v3" "txc961a76d04ef40a889b00-00692a4120" "proxy-server 89446" 0.0003 "-" 96661 0
Nov 28 19:41:04 np0005539311.novalocal container-server[96355]: ::1 - - [29/Nov/2025:00:41:04 +0000] "PUT /3/126252/AUTH_1f36317bec034bb2906d703b614505b0/gnocchi.cc70b8eb-eac0-41d1-b5c3-540d90088828" 201 - "PUT http://[::1]:8080/v1/AUTH_1f36317bec034bb2906d703b614505b0/gnocchi.cc70b8eb-eac0-41d1-b5c3-540d90088828" "tx70252589098e428988a2a-00692a4120" "proxy-server 89446" 0.0332 "-" 96355 0
Nov 28 19:41:04 np0005539311.novalocal proxy-server[89446]: ::1 ::1 29/Nov/2025/00/41/04 GET /v1/AUTH_1f36317bec034bb2906d703b614505b0/gnocchi.b5779a48-07d4-49fe-8e0f-fc9c7e1b0935/none_v3 HTTP/1.0 404 - python-swiftclient-4.2.0 gAAAAABpKkDhMctJ... - 70 - txc961a76d04ef40a889b00-00692a4120 - 0.0333 - - 1764376864.883133173 1764376864.916399002 0
Nov 28 19:41:04 np0005539311.novalocal proxy-server[89446]: ::1 ::1 29/Nov/2025/00/41/04 PUT /v1/AUTH_1f36317bec034bb2906d703b614505b0/gnocchi.cc70b8eb-eac0-41d1-b5c3-540d90088828 HTTP/1.0 201 - python-swiftclient-4.2.0 gAAAAABpKkDhAXpn... - - - tx70252589098e428988a2a-00692a4120 - 0.0879 - - 1764376864.831576586 1764376864.919442892 0
Nov 28 19:41:04 np0005539311.novalocal container-server[96357]: ::1 - - [29/Nov/2025:00:41:04 +0000] "HEAD /3/126252/AUTH_1f36317bec034bb2906d703b614505b0/gnocchi.cc70b8eb-eac0-41d1-b5c3-540d90088828" 204 - "HEAD http://[::1]:8080/v1/AUTH_1f36317bec034bb2906d703b614505b0/gnocchi.cc70b8eb-eac0-41d1-b5c3-540d90088828?format=json&states=listing" "tx58e986865abf42e39c862-00692a4120" "proxy-server 89446" 0.0015 "-" 96357 0
Nov 28 19:41:04 np0005539311.novalocal container-server[96356]: ::1 - - [29/Nov/2025:00:41:04 +0000] "GET /2/126252/AUTH_1f36317bec034bb2906d703b614505b0/gnocchi.cc70b8eb-eac0-41d1-b5c3-540d90088828" 200 2 "GET http://[::1]:8080/v1/AUTH_1f36317bec034bb2906d703b614505b0/gnocchi.cc70b8eb-eac0-41d1-b5c3-540d90088828?format=json&states=listing" "tx58e986865abf42e39c862-00692a4120" "proxy-server 89446" 0.0027 "-" 96356 0
Nov 28 19:41:04 np0005539311.novalocal account-server[96061]: ::1 - - [29/Nov/2025:00:41:04 +0000] "PUT /2/183006/AUTH_1f36317bec034bb2906d703b614505b0/gnocchi.b5779a48-07d4-49fe-8e0f-fc9c7e1b0935" 201 - "PUT http://[::1]:6001/2/151045/AUTH_1f36317bec034bb2906d703b614505b0/gnocchi.b5779a48-07d4-49fe-8e0f-fc9c7e1b0935" "tx194d4b6cff694d6dae77c-00692a4120" "container-server 96355" 0.0094 "-" 96061 0
Nov 28 19:41:04 np0005539311.novalocal proxy-server[89446]: ::1 ::1 29/Nov/2025/00/41/04 GET /v1/AUTH_1f36317bec034bb2906d703b614505b0/gnocchi.cc70b8eb-eac0-41d1-b5c3-540d90088828%3Fformat%3Djson%26states%3Dlisting HTTP/1.0 200 - python-swiftclient-4.2.0 gAAAAABpKkDhAXpn... - 2 - tx58e986865abf42e39c862-00692a4120 - 0.0218 - - 1764376864.929192543 1764376864.950959682 0
Nov 28 19:41:04 np0005539311.novalocal container-server[96355]: ::1 - - [29/Nov/2025:00:41:04 +0000] "PUT /2/151045/AUTH_1f36317bec034bb2906d703b614505b0/gnocchi.b5779a48-07d4-49fe-8e0f-fc9c7e1b0935" 201 - "PUT http://[::1]:8080/v1/AUTH_1f36317bec034bb2906d703b614505b0/gnocchi.b5779a48-07d4-49fe-8e0f-fc9c7e1b0935" "tx194d4b6cff694d6dae77c-00692a4120" "proxy-server 89446" 0.0236 "-" 96355 0
Nov 28 19:41:04 np0005539311.novalocal account-server[96062]: ::1 - - [29/Nov/2025:00:41:04 +0000] "PUT /1/183006/AUTH_1f36317bec034bb2906d703b614505b0/gnocchi.b5779a48-07d4-49fe-8e0f-fc9c7e1b0935" 201 - "PUT http://[::1]:6001/1/151045/AUTH_1f36317bec034bb2906d703b614505b0/gnocchi.b5779a48-07d4-49fe-8e0f-fc9c7e1b0935" "tx194d4b6cff694d6dae77c-00692a4120" "container-server 96358" 0.0112 "-" 96062 0
Nov 28 19:41:04 np0005539311.novalocal account-server[96061]: ::1 - - [29/Nov/2025:00:41:04 +0000] "PUT /3/183006/AUTH_1f36317bec034bb2906d703b614505b0/gnocchi.b5779a48-07d4-49fe-8e0f-fc9c7e1b0935" 201 - "PUT http://[::1]:6001/3/151045/AUTH_1f36317bec034bb2906d703b614505b0/gnocchi.b5779a48-07d4-49fe-8e0f-fc9c7e1b0935" "tx194d4b6cff694d6dae77c-00692a4120" "container-server 96356" 0.0090 "-" 96061 0
Nov 28 19:41:04 np0005539311.novalocal container-server[96358]: ::1 - - [29/Nov/2025:00:41:04 +0000] "PUT /1/151045/AUTH_1f36317bec034bb2906d703b614505b0/gnocchi.b5779a48-07d4-49fe-8e0f-fc9c7e1b0935" 201 - "PUT http://[::1]:8080/v1/AUTH_1f36317bec034bb2906d703b614505b0/gnocchi.b5779a48-07d4-49fe-8e0f-fc9c7e1b0935" "tx194d4b6cff694d6dae77c-00692a4120" "proxy-server 89446" 0.0309 "-" 96358 0
Nov 28 19:41:04 np0005539311.novalocal container-server[96356]: ::1 - - [29/Nov/2025:00:41:04 +0000] "PUT /3/151045/AUTH_1f36317bec034bb2906d703b614505b0/gnocchi.b5779a48-07d4-49fe-8e0f-fc9c7e1b0935" 201 - "PUT http://[::1]:8080/v1/AUTH_1f36317bec034bb2906d703b614505b0/gnocchi.b5779a48-07d4-49fe-8e0f-fc9c7e1b0935" "tx194d4b6cff694d6dae77c-00692a4120" "proxy-server 89446" 0.0336 "-" 96356 0
Nov 28 19:41:04 np0005539311.novalocal object-server[96661]: ::1 - - [29/Nov/2025:00:41:04 +0000] "GET /1/76977/AUTH_1f36317bec034bb2906d703b614505b0/gnocchi.cc70b8eb-eac0-41d1-b5c3-540d90088828/1763640000.0_mean_300.0_v3" 404 70 "GET http://[::1]:8080/v1/AUTH_1f36317bec034bb2906d703b614505b0/gnocchi.cc70b8eb-eac0-41d1-b5c3-540d90088828/1763640000.0_mean_300.0_v3" "tx47fe6c06db1a4a859a3d9-00692a4120" "proxy-server 89446" 0.0003 "-" 96661 0
Nov 28 19:41:04 np0005539311.novalocal object-server[96660]: ::1 - - [29/Nov/2025:00:41:04 +0000] "GET /2/76977/AUTH_1f36317bec034bb2906d703b614505b0/gnocchi.cc70b8eb-eac0-41d1-b5c3-540d90088828/1763640000.0_mean_300.0_v3" 404 70 "GET http://[::1]:8080/v1/AUTH_1f36317bec034bb2906d703b614505b0/gnocchi.cc70b8eb-eac0-41d1-b5c3-540d90088828/1763640000.0_mean_300.0_v3" "tx47fe6c06db1a4a859a3d9-00692a4120" "proxy-server 89446" 0.0002 "-" 96660 0
Nov 28 19:41:04 np0005539311.novalocal proxy-server[89446]: ::1 ::1 29/Nov/2025/00/41/04 PUT /v1/AUTH_1f36317bec034bb2906d703b614505b0/gnocchi.b5779a48-07d4-49fe-8e0f-fc9c7e1b0935 HTTP/1.0 201 - python-swiftclient-4.2.0 gAAAAABpKkDhMctJ... - - - tx194d4b6cff694d6dae77c-00692a4120 - 0.0442 - - 1764376864.921567440 1764376864.965745687 0
Nov 28 19:41:04 np0005539311.novalocal object-server[96662]: ::1 - - [29/Nov/2025:00:41:04 +0000] "GET /3/76977/AUTH_1f36317bec034bb2906d703b614505b0/gnocchi.cc70b8eb-eac0-41d1-b5c3-540d90088828/1763640000.0_mean_300.0_v3" 404 70 "GET http://[::1]:8080/v1/AUTH_1f36317bec034bb2906d703b614505b0/gnocchi.cc70b8eb-eac0-41d1-b5c3-540d90088828/1763640000.0_mean_300.0_v3" "tx47fe6c06db1a4a859a3d9-00692a4120" "proxy-server 89446" 0.0004 "-" 96662 0
Nov 28 19:41:04 np0005539311.novalocal proxy-server[89446]: ::1 ::1 29/Nov/2025/00/41/04 GET /v1/AUTH_1f36317bec034bb2906d703b614505b0/gnocchi.cc70b8eb-eac0-41d1-b5c3-540d90088828/1763640000.0_mean_300.0_v3 HTTP/1.0 404 - python-swiftclient-4.2.0 gAAAAABpKkDhAXpn... - 70 - tx47fe6c06db1a4a859a3d9-00692a4120 - 0.0174 - - 1764376864.954817057 1764376864.972208500 0
Nov 28 19:41:04 np0005539311.novalocal container-server[96356]: ::1 - - [29/Nov/2025:00:41:04 +0000] "HEAD /1/151045/AUTH_1f36317bec034bb2906d703b614505b0/gnocchi.b5779a48-07d4-49fe-8e0f-fc9c7e1b0935" 204 - "HEAD http://[::1]:8080/v1/AUTH_1f36317bec034bb2906d703b614505b0/gnocchi.b5779a48-07d4-49fe-8e0f-fc9c7e1b0935?format=json&states=listing" "tx34a7e671a42249209b859-00692a4120" "proxy-server 89446" 0.0016 "-" 96356 0
Nov 28 19:41:04 np0005539311.novalocal container-server[96357]: ::1 - - [29/Nov/2025:00:41:04 +0000] "GET /1/151045/AUTH_1f36317bec034bb2906d703b614505b0/gnocchi.b5779a48-07d4-49fe-8e0f-fc9c7e1b0935" 200 2 "GET http://[::1]:8080/v1/AUTH_1f36317bec034bb2906d703b614505b0/gnocchi.b5779a48-07d4-49fe-8e0f-fc9c7e1b0935?format=json&states=listing" "tx34a7e671a42249209b859-00692a4120" "proxy-server 89446" 0.0021 "-" 96357 0
Nov 28 19:41:04 np0005539311.novalocal proxy-server[89446]: ::1 ::1 29/Nov/2025/00/41/04 GET /v1/AUTH_1f36317bec034bb2906d703b614505b0/gnocchi.b5779a48-07d4-49fe-8e0f-fc9c7e1b0935%3Fformat%3Djson%26states%3Dlisting HTTP/1.0 200 - python-swiftclient-4.2.0 gAAAAABpKkDhMctJ... - 2 - tx34a7e671a42249209b859-00692a4120 - 0.0259 - - 1764376864.969409466 1764376864.995331764 0
Nov 28 19:41:05 np0005539311.novalocal object-server[96661]: ::1 - - [29/Nov/2025:00:41:05 +0000] "GET /2/12076/AUTH_1f36317bec034bb2906d703b614505b0/gnocchi.b5779a48-07d4-49fe-8e0f-fc9c7e1b0935/1763640000.0_mean_300.0_v3" 404 70 "GET http://[::1]:8080/v1/AUTH_1f36317bec034bb2906d703b614505b0/gnocchi.b5779a48-07d4-49fe-8e0f-fc9c7e1b0935/1763640000.0_mean_300.0_v3" "txbb229ad65b024e4b9fa2d-00692a4121" "proxy-server 89446" 0.0003 "-" 96661 0
Nov 28 19:41:05 np0005539311.novalocal object-server[96660]: ::1 - - [29/Nov/2025:00:41:05 +0000] "GET /1/12076/AUTH_1f36317bec034bb2906d703b614505b0/gnocchi.b5779a48-07d4-49fe-8e0f-fc9c7e1b0935/1763640000.0_mean_300.0_v3" 404 70 "GET http://[::1]:8080/v1/AUTH_1f36317bec034bb2906d703b614505b0/gnocchi.b5779a48-07d4-49fe-8e0f-fc9c7e1b0935/1763640000.0_mean_300.0_v3" "txbb229ad65b024e4b9fa2d-00692a4121" "proxy-server 89446" 0.0002 "-" 96660 0
Nov 28 19:41:05 np0005539311.novalocal object-server[96660]: ::1 - - [29/Nov/2025:00:41:05 +0000] "GET /3/12076/AUTH_1f36317bec034bb2906d703b614505b0/gnocchi.b5779a48-07d4-49fe-8e0f-fc9c7e1b0935/1763640000.0_mean_300.0_v3" 404 70 "GET http://[::1]:8080/v1/AUTH_1f36317bec034bb2906d703b614505b0/gnocchi.b5779a48-07d4-49fe-8e0f-fc9c7e1b0935/1763640000.0_mean_300.0_v3" "txbb229ad65b024e4b9fa2d-00692a4121" "proxy-server 89446" 0.0011 "-" 96660 0
Nov 28 19:41:05 np0005539311.novalocal container-server[96355]: ::1 - - [29/Nov/2025:00:41:05 +0000] "PUT /1/126252/AUTH_1f36317bec034bb2906d703b614505b0/gnocchi.cc70b8eb-eac0-41d1-b5c3-540d90088828/1763640000.0_mean_300.0_v3" 201 - "PUT http://[::1]:8080/1/76977/AUTH_1f36317bec034bb2906d703b614505b0/gnocchi.cc70b8eb-eac0-41d1-b5c3-540d90088828/1763640000.0_mean_300.0_v3" "tx8d76ee5a1e29428089c5e-00692a4120" "object-server 96659" 0.0007 "-" 96355 0
Nov 28 19:41:05 np0005539311.novalocal object-server[96659]: ::1 - - [29/Nov/2025:00:41:05 +0000] "PUT /1/76977/AUTH_1f36317bec034bb2906d703b614505b0/gnocchi.cc70b8eb-eac0-41d1-b5c3-540d90088828/1763640000.0_mean_300.0_v3" 201 - "PUT http://[::1]:8080/v1/AUTH_1f36317bec034bb2906d703b614505b0/gnocchi.cc70b8eb-eac0-41d1-b5c3-540d90088828/1763640000.0_mean_300.0_v3" "tx8d76ee5a1e29428089c5e-00692a4120" "proxy-server 89446" 0.0137 "-" 96659 0
Nov 28 19:41:05 np0005539311.novalocal proxy-server[89446]: ::1 ::1 29/Nov/2025/00/41/05 GET /v1/AUTH_1f36317bec034bb2906d703b614505b0/gnocchi.b5779a48-07d4-49fe-8e0f-fc9c7e1b0935/1763640000.0_mean_300.0_v3 HTTP/1.0 404 - python-swiftclient-4.2.0 gAAAAABpKkDhMctJ... - 70 - txbb229ad65b024e4b9fa2d-00692a4121 - 0.0152 - - 1764376865.000652552 1764376865.015855551 0
Nov 28 19:41:05 np0005539311.novalocal container-server[96355]: ::1 - - [29/Nov/2025:00:41:05 +0000] "PUT /3/126252/AUTH_1f36317bec034bb2906d703b614505b0/gnocchi.cc70b8eb-eac0-41d1-b5c3-540d90088828/1763640000.0_mean_300.0_v3" 201 - "PUT http://[::1]:8080/2/76977/AUTH_1f36317bec034bb2906d703b614505b0/gnocchi.cc70b8eb-eac0-41d1-b5c3-540d90088828/1763640000.0_mean_300.0_v3" "tx8d76ee5a1e29428089c5e-00692a4120" "object-server 96662" 0.0007 "-" 96355 0
Nov 28 19:41:05 np0005539311.novalocal object-server[96662]: ::1 - - [29/Nov/2025:00:41:05 +0000] "PUT /2/76977/AUTH_1f36317bec034bb2906d703b614505b0/gnocchi.cc70b8eb-eac0-41d1-b5c3-540d90088828/1763640000.0_mean_300.0_v3" 201 - "PUT http://[::1]:8080/v1/AUTH_1f36317bec034bb2906d703b614505b0/gnocchi.cc70b8eb-eac0-41d1-b5c3-540d90088828/1763640000.0_mean_300.0_v3" "tx8d76ee5a1e29428089c5e-00692a4120" "proxy-server 89446" 0.0158 "-" 96662 0
Nov 28 19:41:05 np0005539311.novalocal container-server[96357]: ::1 - - [29/Nov/2025:00:41:05 +0000] "PUT /2/126252/AUTH_1f36317bec034bb2906d703b614505b0/gnocchi.cc70b8eb-eac0-41d1-b5c3-540d90088828/1763640000.0_mean_300.0_v3" 201 - "PUT http://[::1]:8080/3/76977/AUTH_1f36317bec034bb2906d703b614505b0/gnocchi.cc70b8eb-eac0-41d1-b5c3-540d90088828/1763640000.0_mean_300.0_v3" "tx8d76ee5a1e29428089c5e-00692a4120" "object-server 96660" 0.0006 "-" 96357 0
Nov 28 19:41:05 np0005539311.novalocal object-server[96660]: ::1 - - [29/Nov/2025:00:41:05 +0000] "PUT /3/76977/AUTH_1f36317bec034bb2906d703b614505b0/gnocchi.cc70b8eb-eac0-41d1-b5c3-540d90088828/1763640000.0_mean_300.0_v3" 201 - "PUT http://[::1]:8080/v1/AUTH_1f36317bec034bb2906d703b614505b0/gnocchi.cc70b8eb-eac0-41d1-b5c3-540d90088828/1763640000.0_mean_300.0_v3" "tx8d76ee5a1e29428089c5e-00692a4120" "proxy-server 89446" 0.0223 "-" 96660 0
Nov 28 19:41:05 np0005539311.novalocal proxy-server[89446]: ::1 ::1 29/Nov/2025/00/41/05 PUT /v1/AUTH_1f36317bec034bb2906d703b614505b0/gnocchi.cc70b8eb-eac0-41d1-b5c3-540d90088828/1763640000.0_mean_300.0_v3 HTTP/1.0 201 - python-swiftclient-4.2.0 gAAAAABpKkDhAXpn... 16 - - tx8d76ee5a1e29428089c5e-00692a4120 - 0.0435 - - 1764376864.984826326 1764376865.028346777 0
Nov 28 19:41:05 np0005539311.novalocal container-server[96356]: ::1 - - [29/Nov/2025:00:41:05 +0000] "PUT /3/151045/AUTH_1f36317bec034bb2906d703b614505b0/gnocchi.b5779a48-07d4-49fe-8e0f-fc9c7e1b0935/1763640000.0_mean_300.0_v3" 201 - "PUT http://[::1]:8080/3/12076/AUTH_1f36317bec034bb2906d703b614505b0/gnocchi.b5779a48-07d4-49fe-8e0f-fc9c7e1b0935/1763640000.0_mean_300.0_v3" "tx0b000a4303314b74b4f6f-00692a4121" "object-server 96662" 0.0010 "-" 96356 0
Nov 28 19:41:05 np0005539311.novalocal object-server[96662]: ::1 - - [29/Nov/2025:00:41:05 +0000] "PUT /3/12076/AUTH_1f36317bec034bb2906d703b614505b0/gnocchi.b5779a48-07d4-49fe-8e0f-fc9c7e1b0935/1763640000.0_mean_300.0_v3" 201 - "PUT http://[::1]:8080/v1/AUTH_1f36317bec034bb2906d703b614505b0/gnocchi.b5779a48-07d4-49fe-8e0f-fc9c7e1b0935/1763640000.0_mean_300.0_v3" "tx0b000a4303314b74b4f6f-00692a4121" "proxy-server 89446" 0.0163 "-" 96662 0
Nov 28 19:41:05 np0005539311.novalocal container-server[96355]: ::1 - - [29/Nov/2025:00:41:05 +0000] "PUT /2/151045/AUTH_1f36317bec034bb2906d703b614505b0/gnocchi.b5779a48-07d4-49fe-8e0f-fc9c7e1b0935/1763640000.0_mean_300.0_v3" 201 - "PUT http://[::1]:8080/2/12076/AUTH_1f36317bec034bb2906d703b614505b0/gnocchi.b5779a48-07d4-49fe-8e0f-fc9c7e1b0935/1763640000.0_mean_300.0_v3" "tx0b000a4303314b74b4f6f-00692a4121" "object-server 96660" 0.0152 "-" 96355 0
Nov 28 19:41:05 np0005539311.novalocal container-server[96356]: ::1 - - [29/Nov/2025:00:41:05 +0000] "PUT /1/151045/AUTH_1f36317bec034bb2906d703b614505b0/gnocchi.b5779a48-07d4-49fe-8e0f-fc9c7e1b0935/1763640000.0_mean_300.0_v3" 201 - "PUT http://[::1]:8080/1/12076/AUTH_1f36317bec034bb2906d703b614505b0/gnocchi.b5779a48-07d4-49fe-8e0f-fc9c7e1b0935/1763640000.0_mean_300.0_v3" "tx0b000a4303314b74b4f6f-00692a4121" "object-server 96660" 0.0117 "-" 96356 0
Nov 28 19:41:05 np0005539311.novalocal object-server[96660]: ::1 - - [29/Nov/2025:00:41:05 +0000] "PUT /2/12076/AUTH_1f36317bec034bb2906d703b614505b0/gnocchi.b5779a48-07d4-49fe-8e0f-fc9c7e1b0935/1763640000.0_mean_300.0_v3" 201 - "PUT http://[::1]:8080/v1/AUTH_1f36317bec034bb2906d703b614505b0/gnocchi.b5779a48-07d4-49fe-8e0f-fc9c7e1b0935/1763640000.0_mean_300.0_v3" "tx0b000a4303314b74b4f6f-00692a4121" "proxy-server 89446" 0.0320 "-" 96660 0
Nov 28 19:41:05 np0005539311.novalocal object-server[96660]: ::1 - - [29/Nov/2025:00:41:05 +0000] "PUT /1/12076/AUTH_1f36317bec034bb2906d703b614505b0/gnocchi.b5779a48-07d4-49fe-8e0f-fc9c7e1b0935/1763640000.0_mean_300.0_v3" 201 - "PUT http://[::1]:8080/v1/AUTH_1f36317bec034bb2906d703b614505b0/gnocchi.b5779a48-07d4-49fe-8e0f-fc9c7e1b0935/1763640000.0_mean_300.0_v3" "tx0b000a4303314b74b4f6f-00692a4121" "proxy-server 89446" 0.0391 "-" 96660 0
Nov 28 19:41:05 np0005539311.novalocal container-server[96356]: ::1 - - [29/Nov/2025:00:41:05 +0000] "PUT /2/126252/AUTH_1f36317bec034bb2906d703b614505b0/gnocchi.cc70b8eb-eac0-41d1-b5c3-540d90088828/none_v3" 201 - "PUT http://[::1]:8080/3/257969/AUTH_1f36317bec034bb2906d703b614505b0/gnocchi.cc70b8eb-eac0-41d1-b5c3-540d90088828/none_v3" "txfda046584e17409ca300d-00692a4121" "object-server 96662" 0.0008 "-" 96356 0
Nov 28 19:41:05 np0005539311.novalocal proxy-server[89446]: ::1 ::1 29/Nov/2025/00/41/05 PUT /v1/AUTH_1f36317bec034bb2906d703b614505b0/gnocchi.b5779a48-07d4-49fe-8e0f-fc9c7e1b0935/1763640000.0_mean_300.0_v3 HTTP/1.0 201 - python-swiftclient-4.2.0 gAAAAABpKkDhMctJ... 16 - - tx0b000a4303314b74b4f6f-00692a4121 - 0.0488 - - 1764376865.019253016 1764376865.068021059 0
Nov 28 19:41:05 np0005539311.novalocal object-server[96662]: ::1 - - [29/Nov/2025:00:41:05 +0000] "PUT /3/257969/AUTH_1f36317bec034bb2906d703b614505b0/gnocchi.cc70b8eb-eac0-41d1-b5c3-540d90088828/none_v3" 201 - "PUT http://[::1]:8080/v1/AUTH_1f36317bec034bb2906d703b614505b0/gnocchi.cc70b8eb-eac0-41d1-b5c3-540d90088828/none_v3" "txfda046584e17409ca300d-00692a4121" "proxy-server 89446" 0.0256 "-" 96662 0
Nov 28 19:41:05 np0005539311.novalocal container-server[96355]: ::1 - - [29/Nov/2025:00:41:05 +0000] "PUT /1/126252/AUTH_1f36317bec034bb2906d703b614505b0/gnocchi.cc70b8eb-eac0-41d1-b5c3-540d90088828/none_v3" 201 - "PUT http://[::1]:8080/2/257969/AUTH_1f36317bec034bb2906d703b614505b0/gnocchi.cc70b8eb-eac0-41d1-b5c3-540d90088828/none_v3" "txfda046584e17409ca300d-00692a4121" "object-server 96659" 0.0006 "-" 96355 0
Nov 28 19:41:05 np0005539311.novalocal object-server[96659]: ::1 - - [29/Nov/2025:00:41:05 +0000] "PUT /2/257969/AUTH_1f36317bec034bb2906d703b614505b0/gnocchi.cc70b8eb-eac0-41d1-b5c3-540d90088828/none_v3" 201 - "PUT http://[::1]:8080/v1/AUTH_1f36317bec034bb2906d703b614505b0/gnocchi.cc70b8eb-eac0-41d1-b5c3-540d90088828/none_v3" "txfda046584e17409ca300d-00692a4121" "proxy-server 89446" 0.0293 "-" 96659 0
