Nov 28 19:40:03 np0005539311.novalocal object-server[96661]: ::1 - - [29/Nov/2025:00:40:03 +0000] "PUT /1/161324/AUTH_1f36317bec034bb2906d703b614505b0/gnocchi.7472d3d4-2cf0-490e-b0f2-096b4d9a6226/1763640000.0_mean_300.0_v3" 201 - "PUT http://[::1]:8080/v1/AUTH_1f36317bec034bb2906d703b614505b0/gnocchi.7472d3d4-2cf0-490e-b0f2-096b4d9a6226/1763640000.0_mean_300.0_v3" "tx3c983f9ab3e54a0b881ea-00692a40e3" "proxy-server 89446" 0.0299 "-" 96661 0
Nov 28 19:40:03 np0005539311.novalocal object-server[96660]: ::1 - - [29/Nov/2025:00:40:03 +0000] "PUT /3/161324/AUTH_1f36317bec034bb2906d703b614505b0/gnocchi.7472d3d4-2cf0-490e-b0f2-096b4d9a6226/1763640000.0_mean_300.0_v3" 201 - "PUT http://[::1]:8080/v1/AUTH_1f36317bec034bb2906d703b614505b0/gnocchi.7472d3d4-2cf0-490e-b0f2-096b4d9a6226/1763640000.0_mean_300.0_v3" "tx3c983f9ab3e54a0b881ea-00692a40e3" "proxy-server 89446" 0.0295 "-" 96660 0
Nov 28 19:40:03 np0005539311.novalocal proxy-server[89446]: ::1 ::1 29/Nov/2025/00/40/03 PUT /v1/AUTH_1f36317bec034bb2906d703b614505b0/gnocchi.7472d3d4-2cf0-490e-b0f2-096b4d9a6226/1763640000.0_mean_300.0_v3 HTTP/1.0 201 - python-swiftclient-4.2.0 gAAAAABpKkDhAXpn... 16 - - tx3c983f9ab3e54a0b881ea-00692a40e3 - 0.0394 - - 1764376803.248581886 1764376803.288009882 0
Nov 28 19:40:03 np0005539311.novalocal container-server[96355]: ::1 - - [29/Nov/2025:00:40:03 +0000] "PUT /1/27713/AUTH_1f36317bec034bb2906d703b614505b0/gnocchi.7472d3d4-2cf0-490e-b0f2-096b4d9a6226/none_v3" 201 - "PUT http://[::1]:8080/1/35140/AUTH_1f36317bec034bb2906d703b614505b0/gnocchi.7472d3d4-2cf0-490e-b0f2-096b4d9a6226/none_v3" "tx7d3e4d2cb06b49908023d-00692a40e3" "object-server 96660" 0.0004 "-" 96355 0
Nov 28 19:40:03 np0005539311.novalocal container-server[96355]: ::1 - - [29/Nov/2025:00:40:03 +0000] "PUT /3/27713/AUTH_1f36317bec034bb2906d703b614505b0/gnocchi.7472d3d4-2cf0-490e-b0f2-096b4d9a6226/none_v3" 201 - "PUT http://[::1]:8080/3/35140/AUTH_1f36317bec034bb2906d703b614505b0/gnocchi.7472d3d4-2cf0-490e-b0f2-096b4d9a6226/none_v3" "tx7d3e4d2cb06b49908023d-00692a40e3" "object-server 96662" 0.0002 "-" 96355 0
Nov 28 19:40:03 np0005539311.novalocal object-server[96662]: ::1 - - [29/Nov/2025:00:40:03 +0000] "PUT /3/35140/AUTH_1f36317bec034bb2906d703b614505b0/gnocchi.7472d3d4-2cf0-490e-b0f2-096b4d9a6226/none_v3" 201 - "PUT http://[::1]:8080/v1/AUTH_1f36317bec034bb2906d703b614505b0/gnocchi.7472d3d4-2cf0-490e-b0f2-096b4d9a6226/none_v3" "tx7d3e4d2cb06b49908023d-00692a40e3" "proxy-server 89446" 0.0101 "-" 96662 0
Nov 28 19:40:03 np0005539311.novalocal object-server[96660]: ::1 - - [29/Nov/2025:00:40:03 +0000] "PUT /1/35140/AUTH_1f36317bec034bb2906d703b614505b0/gnocchi.7472d3d4-2cf0-490e-b0f2-096b4d9a6226/none_v3" 201 - "PUT http://[::1]:8080/v1/AUTH_1f36317bec034bb2906d703b614505b0/gnocchi.7472d3d4-2cf0-490e-b0f2-096b4d9a6226/none_v3" "tx7d3e4d2cb06b49908023d-00692a40e3" "proxy-server 89446" 0.0104 "-" 96660 0
Nov 28 19:40:03 np0005539311.novalocal container-server[96355]: ::1 - - [29/Nov/2025:00:40:03 +0000] "PUT /2/27713/AUTH_1f36317bec034bb2906d703b614505b0/gnocchi.7472d3d4-2cf0-490e-b0f2-096b4d9a6226/none_v3" 201 - "PUT http://[::1]:8080/2/35140/AUTH_1f36317bec034bb2906d703b614505b0/gnocchi.7472d3d4-2cf0-490e-b0f2-096b4d9a6226/none_v3" "tx7d3e4d2cb06b49908023d-00692a40e3" "object-server 96662" 0.0003 "-" 96355 0
Nov 28 19:40:03 np0005539311.novalocal object-server[96662]: ::1 - - [29/Nov/2025:00:40:03 +0000] "PUT /2/35140/AUTH_1f36317bec034bb2906d703b614505b0/gnocchi.7472d3d4-2cf0-490e-b0f2-096b4d9a6226/none_v3" 201 - "PUT http://[::1]:8080/v1/AUTH_1f36317bec034bb2906d703b614505b0/gnocchi.7472d3d4-2cf0-490e-b0f2-096b4d9a6226/none_v3" "tx7d3e4d2cb06b49908023d-00692a40e3" "proxy-server 89446" 0.0113 "-" 96662 0
Nov 28 19:40:03 np0005539311.novalocal proxy-server[89446]: ::1 ::1 29/Nov/2025/00/40/03 PUT /v1/AUTH_1f36317bec034bb2906d703b614505b0/gnocchi.7472d3d4-2cf0-490e-b0f2-096b4d9a6226/none_v3 HTTP/1.0 201 - python-swiftclient-4.2.0 gAAAAABpKkDhAXpn... 22 - - tx7d3e4d2cb06b49908023d-00692a40e3 - 0.0213 - - 1764376803.290355444 1764376803.311624050 0
Nov 28 19:40:03 np0005539311.novalocal systemd[1]: dbus-:1.1-org.fedoraproject.SetroubleshootPrivileged@8.service: Deactivated successfully.
Nov 28 19:40:03 np0005539311.novalocal systemd[1]: dbus-:1.1-org.fedoraproject.SetroubleshootPrivileged@8.service: Consumed 1.293s CPU time.
Nov 28 19:40:03 np0005539311.novalocal systemd[1]: setroubleshootd.service: Deactivated successfully.
Nov 28 19:40:03 np0005539311.novalocal systemd[1]: setroubleshootd.service: Consumed 1.431s CPU time.
Nov 28 19:40:03 np0005539311.novalocal container-server[96358]: ::1 - - [29/Nov/2025:00:40:03 +0000] "HEAD /2/32037/AUTH_1f36317bec034bb2906d703b614505b0/gnocchi.776c2978-ac5d-4acf-a94c-8b7957c154da" 404 - "HEAD http://[::1]:8080/v1/AUTH_1f36317bec034bb2906d703b614505b0/gnocchi.776c2978-ac5d-4acf-a94c-8b7957c154da?format=json&states=listing" "txe270442405914aab85f44-00692a40e3" "proxy-server 89446" 0.0005 "-" 96358 0
Nov 28 19:40:03 np0005539311.novalocal container-server[96357]: ::1 - - [29/Nov/2025:00:40:03 +0000] "HEAD /3/32037/AUTH_1f36317bec034bb2906d703b614505b0/gnocchi.776c2978-ac5d-4acf-a94c-8b7957c154da" 404 - "HEAD http://[::1]:8080/v1/AUTH_1f36317bec034bb2906d703b614505b0/gnocchi.776c2978-ac5d-4acf-a94c-8b7957c154da?format=json&states=listing" "txe270442405914aab85f44-00692a40e3" "proxy-server 89446" 0.0004 "-" 96357 0
Nov 28 19:40:03 np0005539311.novalocal container-server[96356]: ::1 - - [29/Nov/2025:00:40:03 +0000] "HEAD /1/32037/AUTH_1f36317bec034bb2906d703b614505b0/gnocchi.776c2978-ac5d-4acf-a94c-8b7957c154da" 404 - "HEAD http://[::1]:8080/v1/AUTH_1f36317bec034bb2906d703b614505b0/gnocchi.776c2978-ac5d-4acf-a94c-8b7957c154da?format=json&states=listing" "txe270442405914aab85f44-00692a40e3" "proxy-server 89446" 0.0004 "-" 96356 0
Nov 28 19:40:03 np0005539311.novalocal object-server[96660]: ::1 - - [29/Nov/2025:00:40:03 +0000] "GET /3/94783/AUTH_1f36317bec034bb2906d703b614505b0/gnocchi.776c2978-ac5d-4acf-a94c-8b7957c154da/none_v3" 404 70 "GET http://[::1]:8080/v1/AUTH_1f36317bec034bb2906d703b614505b0/gnocchi.776c2978-ac5d-4acf-a94c-8b7957c154da/none_v3" "txe270442405914aab85f44-00692a40e3" "proxy-server 89446" 0.0003 "-" 96660 0
Nov 28 19:40:03 np0005539311.novalocal object-server[96659]: ::1 - - [29/Nov/2025:00:40:03 +0000] "GET /1/94783/AUTH_1f36317bec034bb2906d703b614505b0/gnocchi.776c2978-ac5d-4acf-a94c-8b7957c154da/none_v3" 404 70 "GET http://[::1]:8080/v1/AUTH_1f36317bec034bb2906d703b614505b0/gnocchi.776c2978-ac5d-4acf-a94c-8b7957c154da/none_v3" "txe270442405914aab85f44-00692a40e3" "proxy-server 89446" 0.0003 "-" 96659 0
Nov 28 19:40:03 np0005539311.novalocal object-server[96660]: ::1 - - [29/Nov/2025:00:40:03 +0000] "GET /2/94783/AUTH_1f36317bec034bb2906d703b614505b0/gnocchi.776c2978-ac5d-4acf-a94c-8b7957c154da/none_v3" 404 70 "GET http://[::1]:8080/v1/AUTH_1f36317bec034bb2906d703b614505b0/gnocchi.776c2978-ac5d-4acf-a94c-8b7957c154da/none_v3" "txe270442405914aab85f44-00692a40e3" "proxy-server 89446" 0.0003 "-" 96660 0
Nov 28 19:40:03 np0005539311.novalocal proxy-server[89446]: ::1 ::1 29/Nov/2025/00/40/03 GET /v1/AUTH_1f36317bec034bb2906d703b614505b0/gnocchi.776c2978-ac5d-4acf-a94c-8b7957c154da/none_v3 HTTP/1.0 404 - python-swiftclient-4.2.0 gAAAAABpKkDhAXpn... - 70 - txe270442405914aab85f44-00692a40e3 - 0.0286 - - 1764376803.759454489 1764376803.788073540 0
Nov 28 19:40:03 np0005539311.novalocal account-server[96061]: ::1 - - [29/Nov/2025:00:40:03 +0000] "PUT /1/183006/AUTH_1f36317bec034bb2906d703b614505b0/gnocchi.776c2978-ac5d-4acf-a94c-8b7957c154da" 201 - "PUT http://[::1]:6001/3/32037/AUTH_1f36317bec034bb2906d703b614505b0/gnocchi.776c2978-ac5d-4acf-a94c-8b7957c154da" "tx45b2a9b1c39b4e909fcb3-00692a40e3" "container-server 96357" 0.0063 "-" 96061 0
Nov 28 19:40:03 np0005539311.novalocal container-server[96357]: ::1 - - [29/Nov/2025:00:40:03 +0000] "PUT /3/32037/AUTH_1f36317bec034bb2906d703b614505b0/gnocchi.776c2978-ac5d-4acf-a94c-8b7957c154da" 201 - "PUT http://[::1]:8080/v1/AUTH_1f36317bec034bb2906d703b614505b0/gnocchi.776c2978-ac5d-4acf-a94c-8b7957c154da" "tx45b2a9b1c39b4e909fcb3-00692a40e3" "proxy-server 89446" 0.0204 "-" 96357 0
Nov 28 19:40:03 np0005539311.novalocal account-server[96062]: ::1 - - [29/Nov/2025:00:40:03 +0000] "PUT /3/183006/AUTH_1f36317bec034bb2906d703b614505b0/gnocchi.776c2978-ac5d-4acf-a94c-8b7957c154da" 201 - "PUT http://[::1]:6001/1/32037/AUTH_1f36317bec034bb2906d703b614505b0/gnocchi.776c2978-ac5d-4acf-a94c-8b7957c154da" "tx45b2a9b1c39b4e909fcb3-00692a40e3" "container-server 96356" 0.0062 "-" 96062 0
Nov 28 19:40:03 np0005539311.novalocal container-server[96356]: ::1 - - [29/Nov/2025:00:40:03 +0000] "PUT /1/32037/AUTH_1f36317bec034bb2906d703b614505b0/gnocchi.776c2978-ac5d-4acf-a94c-8b7957c154da" 201 - "PUT http://[::1]:8080/v1/AUTH_1f36317bec034bb2906d703b614505b0/gnocchi.776c2978-ac5d-4acf-a94c-8b7957c154da" "tx45b2a9b1c39b4e909fcb3-00692a40e3" "proxy-server 89446" 0.0293 "-" 96356 0
Nov 28 19:40:03 np0005539311.novalocal account-server[96064]: ::1 - - [29/Nov/2025:00:40:03 +0000] "PUT /2/183006/AUTH_1f36317bec034bb2906d703b614505b0/gnocchi.776c2978-ac5d-4acf-a94c-8b7957c154da" 201 - "PUT http://[::1]:6001/2/32037/AUTH_1f36317bec034bb2906d703b614505b0/gnocchi.776c2978-ac5d-4acf-a94c-8b7957c154da" "tx45b2a9b1c39b4e909fcb3-00692a40e3" "container-server 96356" 0.0073 "-" 96064 0
Nov 28 19:40:03 np0005539311.novalocal container-server[96356]: ::1 - - [29/Nov/2025:00:40:03 +0000] "PUT /2/32037/AUTH_1f36317bec034bb2906d703b614505b0/gnocchi.776c2978-ac5d-4acf-a94c-8b7957c154da" 201 - "PUT http://[::1]:8080/v1/AUTH_1f36317bec034bb2906d703b614505b0/gnocchi.776c2978-ac5d-4acf-a94c-8b7957c154da" "tx45b2a9b1c39b4e909fcb3-00692a40e3" "proxy-server 89446" 0.0212 "-" 96356 0
Nov 28 19:40:03 np0005539311.novalocal proxy-server[89446]: ::1 ::1 29/Nov/2025/00/40/03 PUT /v1/AUTH_1f36317bec034bb2906d703b614505b0/gnocchi.776c2978-ac5d-4acf-a94c-8b7957c154da HTTP/1.0 201 - python-swiftclient-4.2.0 gAAAAABpKkDhAXpn... - - - tx45b2a9b1c39b4e909fcb3-00692a40e3 - 0.0507 - - 1764376803.791030645 1764376803.841722012 0
Nov 28 19:40:03 np0005539311.novalocal container-server[96356]: ::1 - - [29/Nov/2025:00:40:03 +0000] "HEAD /1/32037/AUTH_1f36317bec034bb2906d703b614505b0/gnocchi.776c2978-ac5d-4acf-a94c-8b7957c154da" 204 - "HEAD http://[::1]:8080/v1/AUTH_1f36317bec034bb2906d703b614505b0/gnocchi.776c2978-ac5d-4acf-a94c-8b7957c154da?format=json&states=listing" "txaa1b8f14b5ec447fbc3d1-00692a40e3" "proxy-server 89446" 0.0015 "-" 96356 0
Nov 28 19:40:03 np0005539311.novalocal container-server[96357]: ::1 - - [29/Nov/2025:00:40:03 +0000] "HEAD /2/60281/AUTH_1f36317bec034bb2906d703b614505b0/gnocchi.e3381506-c08d-4e1e-8baf-94660b6033c0" 404 - "HEAD http://[::1]:8080/v1/AUTH_1f36317bec034bb2906d703b614505b0/gnocchi.e3381506-c08d-4e1e-8baf-94660b6033c0?format=json&states=listing" "tx74d53d2e41bf4bc095dff-00692a40e3" "proxy-server 89446" 0.0008 "-" 96357 0
Nov 28 19:40:03 np0005539311.novalocal container-server[96357]: ::1 - - [29/Nov/2025:00:40:03 +0000] "HEAD /3/60281/AUTH_1f36317bec034bb2906d703b614505b0/gnocchi.e3381506-c08d-4e1e-8baf-94660b6033c0" 404 - "HEAD http://[::1]:8080/v1/AUTH_1f36317bec034bb2906d703b614505b0/gnocchi.e3381506-c08d-4e1e-8baf-94660b6033c0?format=json&states=listing" "tx74d53d2e41bf4bc095dff-00692a40e3" "proxy-server 89446" 0.0003 "-" 96357 0
Nov 28 19:40:03 np0005539311.novalocal container-server[96356]: ::1 - - [29/Nov/2025:00:40:03 +0000] "GET /1/32037/AUTH_1f36317bec034bb2906d703b614505b0/gnocchi.776c2978-ac5d-4acf-a94c-8b7957c154da" 200 2 "GET http://[::1]:8080/v1/AUTH_1f36317bec034bb2906d703b614505b0/gnocchi.776c2978-ac5d-4acf-a94c-8b7957c154da?format=json&states=listing" "txaa1b8f14b5ec447fbc3d1-00692a40e3" "proxy-server 89446" 0.0025 "-" 96356 0
Nov 28 19:40:03 np0005539311.novalocal container-server[96357]: ::1 - - [29/Nov/2025:00:40:03 +0000] "HEAD /1/60281/AUTH_1f36317bec034bb2906d703b614505b0/gnocchi.e3381506-c08d-4e1e-8baf-94660b6033c0" 404 - "HEAD http://[::1]:8080/v1/AUTH_1f36317bec034bb2906d703b614505b0/gnocchi.e3381506-c08d-4e1e-8baf-94660b6033c0?format=json&states=listing" "tx74d53d2e41bf4bc095dff-00692a40e3" "proxy-server 89446" 0.0003 "-" 96357 0
Nov 28 19:40:03 np0005539311.novalocal proxy-server[89446]: ::1 ::1 29/Nov/2025/00/40/03 GET /v1/AUTH_1f36317bec034bb2906d703b614505b0/gnocchi.776c2978-ac5d-4acf-a94c-8b7957c154da%3Fformat%3Djson%26states%3Dlisting HTTP/1.0 200 - python-swiftclient-4.2.0 gAAAAABpKkDhAXpn... - 2 - txaa1b8f14b5ec447fbc3d1-00692a40e3 - 0.0140 - - 1764376803.845132351 1764376803.859169722 0
Nov 28 19:40:03 np0005539311.novalocal object-server[96659]: ::1 - - [29/Nov/2025:00:40:03 +0000] "GET /2/165041/AUTH_1f36317bec034bb2906d703b614505b0/gnocchi.e3381506-c08d-4e1e-8baf-94660b6033c0/none_v3" 404 70 "GET http://[::1]:8080/v1/AUTH_1f36317bec034bb2906d703b614505b0/gnocchi.e3381506-c08d-4e1e-8baf-94660b6033c0/none_v3" "tx74d53d2e41bf4bc095dff-00692a40e3" "proxy-server 89446" 0.0003 "-" 96659 0
Nov 28 19:40:03 np0005539311.novalocal object-server[96660]: ::1 - - [29/Nov/2025:00:40:03 +0000] "GET /1/165041/AUTH_1f36317bec034bb2906d703b614505b0/gnocchi.e3381506-c08d-4e1e-8baf-94660b6033c0/none_v3" 404 70 "GET http://[::1]:8080/v1/AUTH_1f36317bec034bb2906d703b614505b0/gnocchi.e3381506-c08d-4e1e-8baf-94660b6033c0/none_v3" "tx74d53d2e41bf4bc095dff-00692a40e3" "proxy-server 89446" 0.0003 "-" 96660 0
Nov 28 19:40:03 np0005539311.novalocal object-server[96661]: ::1 - - [29/Nov/2025:00:40:03 +0000] "GET /2/30757/AUTH_1f36317bec034bb2906d703b614505b0/gnocchi.776c2978-ac5d-4acf-a94c-8b7957c154da/1763640000.0_mean_300.0_v3" 404 70 "GET http://[::1]:8080/v1/AUTH_1f36317bec034bb2906d703b614505b0/gnocchi.776c2978-ac5d-4acf-a94c-8b7957c154da/1763640000.0_mean_300.0_v3" "txf67e3309c2364aa590659-00692a40e3" "proxy-server 89446" 0.0003 "-" 96661 0
Nov 28 19:40:03 np0005539311.novalocal object-server[96660]: ::1 - - [29/Nov/2025:00:40:03 +0000] "GET /3/165041/AUTH_1f36317bec034bb2906d703b614505b0/gnocchi.e3381506-c08d-4e1e-8baf-94660b6033c0/none_v3" 404 70 "GET http://[::1]:8080/v1/AUTH_1f36317bec034bb2906d703b614505b0/gnocchi.e3381506-c08d-4e1e-8baf-94660b6033c0/none_v3" "tx74d53d2e41bf4bc095dff-00692a40e3" "proxy-server 89446" 0.0003 "-" 96660 0
Nov 28 19:40:03 np0005539311.novalocal proxy-server[89446]: ::1 ::1 29/Nov/2025/00/40/03 GET /v1/AUTH_1f36317bec034bb2906d703b614505b0/gnocchi.e3381506-c08d-4e1e-8baf-94660b6033c0/none_v3 HTTP/1.0 404 - python-swiftclient-4.2.0 gAAAAABpKkDhMctJ... - 70 - tx74d53d2e41bf4bc095dff-00692a40e3 - 0.0306 - - 1764376803.846889496 1764376803.877526760 0
Nov 28 19:40:03 np0005539311.novalocal object-server[96660]: ::1 - - [29/Nov/2025:00:40:03 +0000] "GET /1/30757/AUTH_1f36317bec034bb2906d703b614505b0/gnocchi.776c2978-ac5d-4acf-a94c-8b7957c154da/1763640000.0_mean_300.0_v3" 404 70 "GET http://[::1]:8080/v1/AUTH_1f36317bec034bb2906d703b614505b0/gnocchi.776c2978-ac5d-4acf-a94c-8b7957c154da/1763640000.0_mean_300.0_v3" "txf67e3309c2364aa590659-00692a40e3" "proxy-server 89446" 0.0010 "-" 96660 0
Nov 28 19:40:03 np0005539311.novalocal object-server[96662]: ::1 - - [29/Nov/2025:00:40:03 +0000] "GET /3/30757/AUTH_1f36317bec034bb2906d703b614505b0/gnocchi.776c2978-ac5d-4acf-a94c-8b7957c154da/1763640000.0_mean_300.0_v3" 404 70 "GET http://[::1]:8080/v1/AUTH_1f36317bec034bb2906d703b614505b0/gnocchi.776c2978-ac5d-4acf-a94c-8b7957c154da/1763640000.0_mean_300.0_v3" "txf67e3309c2364aa590659-00692a40e3" "proxy-server 89446" 0.0003 "-" 96662 0
Nov 28 19:40:03 np0005539311.novalocal proxy-server[89446]: ::1 ::1 29/Nov/2025/00/40/03 GET /v1/AUTH_1f36317bec034bb2906d703b614505b0/gnocchi.776c2978-ac5d-4acf-a94c-8b7957c154da/1763640000.0_mean_300.0_v3 HTTP/1.0 404 - python-swiftclient-4.2.0 gAAAAABpKkDhAXpn... - 70 - txf67e3309c2364aa590659-00692a40e3 - 0.0168 - - 1764376803.865409374 1764376803.882216454 0
Nov 28 19:40:03 np0005539311.novalocal container-server[96355]: ::1 - - [29/Nov/2025:00:40:03 +0000] "PUT /3/32037/AUTH_1f36317bec034bb2906d703b614505b0/gnocchi.776c2978-ac5d-4acf-a94c-8b7957c154da/1763640000.0_mean_300.0_v3" 201 - "PUT http://[::1]:8080/2/30757/AUTH_1f36317bec034bb2906d703b614505b0/gnocchi.776c2978-ac5d-4acf-a94c-8b7957c154da/1763640000.0_mean_300.0_v3" "tx1acf19028e314e59b82a7-00692a40e3" "object-server 96661" 0.0007 "-" 96355 0
Nov 28 19:40:03 np0005539311.novalocal object-server[96661]: ::1 - - [29/Nov/2025:00:40:03 +0000] "PUT /2/30757/AUTH_1f36317bec034bb2906d703b614505b0/gnocchi.776c2978-ac5d-4acf-a94c-8b7957c154da/1763640000.0_mean_300.0_v3" 201 - "PUT http://[::1]:8080/v1/AUTH_1f36317bec034bb2906d703b614505b0/gnocchi.776c2978-ac5d-4acf-a94c-8b7957c154da/1763640000.0_mean_300.0_v3" "tx1acf19028e314e59b82a7-00692a40e3" "proxy-server 89446" 0.0150 "-" 96661 0
Nov 28 19:40:03 np0005539311.novalocal account-server[96062]: ::1 - - [29/Nov/2025:00:40:03 +0000] "PUT /2/183006/AUTH_1f36317bec034bb2906d703b614505b0/gnocchi.e3381506-c08d-4e1e-8baf-94660b6033c0" 201 - "PUT http://[::1]:6001/1/60281/AUTH_1f36317bec034bb2906d703b614505b0/gnocchi.e3381506-c08d-4e1e-8baf-94660b6033c0" "tx7f7811a2053d46c29d7f2-00692a40e3" "container-server 96355" 0.0070 "-" 96062 0
Nov 28 19:40:03 np0005539311.novalocal container-server[96355]: ::1 - - [29/Nov/2025:00:40:03 +0000] "PUT /1/60281/AUTH_1f36317bec034bb2906d703b614505b0/gnocchi.e3381506-c08d-4e1e-8baf-94660b6033c0" 201 - "PUT http://[::1]:8080/v1/AUTH_1f36317bec034bb2906d703b614505b0/gnocchi.e3381506-c08d-4e1e-8baf-94660b6033c0" "tx7f7811a2053d46c29d7f2-00692a40e3" "proxy-server 89446" 0.0218 "-" 96355 0
Nov 28 19:40:03 np0005539311.novalocal container-server[96358]: ::1 - - [29/Nov/2025:00:40:03 +0000] "PUT /2/32037/AUTH_1f36317bec034bb2906d703b614505b0/gnocchi.776c2978-ac5d-4acf-a94c-8b7957c154da/1763640000.0_mean_300.0_v3" 201 - "PUT http://[::1]:8080/3/30757/AUTH_1f36317bec034bb2906d703b614505b0/gnocchi.776c2978-ac5d-4acf-a94c-8b7957c154da/1763640000.0_mean_300.0_v3" "tx1acf19028e314e59b82a7-00692a40e3" "object-server 96661" 0.0006 "-" 96358 0
Nov 28 19:40:03 np0005539311.novalocal object-server[96661]: ::1 - - [29/Nov/2025:00:40:03 +0000] "PUT /3/30757/AUTH_1f36317bec034bb2906d703b614505b0/gnocchi.776c2978-ac5d-4acf-a94c-8b7957c154da/1763640000.0_mean_300.0_v3" 201 - "PUT http://[::1]:8080/v1/AUTH_1f36317bec034bb2906d703b614505b0/gnocchi.776c2978-ac5d-4acf-a94c-8b7957c154da/1763640000.0_mean_300.0_v3" "tx1acf19028e314e59b82a7-00692a40e3" "proxy-server 89446" 0.0281 "-" 96661 0
Nov 28 19:40:03 np0005539311.novalocal account-server[96063]: ::1 - - [29/Nov/2025:00:40:03 +0000] "PUT /1/183006/AUTH_1f36317bec034bb2906d703b614505b0/gnocchi.e3381506-c08d-4e1e-8baf-94660b6033c0" 201 - "PUT http://[::1]:6001/3/60281/AUTH_1f36317bec034bb2906d703b614505b0/gnocchi.e3381506-c08d-4e1e-8baf-94660b6033c0" "tx7f7811a2053d46c29d7f2-00692a40e3" "container-server 96357" 0.0087 "-" 96063 0
Nov 28 19:40:03 np0005539311.novalocal container-server[96357]: ::1 - - [29/Nov/2025:00:40:03 +0000] "PUT /1/32037/AUTH_1f36317bec034bb2906d703b614505b0/gnocchi.776c2978-ac5d-4acf-a94c-8b7957c154da/1763640000.0_mean_300.0_v3" 201 - "PUT http://[::1]:8080/1/30757/AUTH_1f36317bec034bb2906d703b614505b0/gnocchi.776c2978-ac5d-4acf-a94c-8b7957c154da/1763640000.0_mean_300.0_v3" "tx1acf19028e314e59b82a7-00692a40e3" "object-server 96660" 0.0004 "-" 96357 0
Nov 28 19:40:03 np0005539311.novalocal container-server[96357]: ::1 - - [29/Nov/2025:00:40:03 +0000] "PUT /3/60281/AUTH_1f36317bec034bb2906d703b614505b0/gnocchi.e3381506-c08d-4e1e-8baf-94660b6033c0" 201 - "PUT http://[::1]:8080/v1/AUTH_1f36317bec034bb2906d703b614505b0/gnocchi.e3381506-c08d-4e1e-8baf-94660b6033c0" "tx7f7811a2053d46c29d7f2-00692a40e3" "proxy-server 89446" 0.0383 "-" 96357 0
Nov 28 19:40:03 np0005539311.novalocal object-server[96660]: ::1 - - [29/Nov/2025:00:40:03 +0000] "PUT /1/30757/AUTH_1f36317bec034bb2906d703b614505b0/gnocchi.776c2978-ac5d-4acf-a94c-8b7957c154da/1763640000.0_mean_300.0_v3" 201 - "PUT http://[::1]:8080/v1/AUTH_1f36317bec034bb2906d703b614505b0/gnocchi.776c2978-ac5d-4acf-a94c-8b7957c154da/1763640000.0_mean_300.0_v3" "tx1acf19028e314e59b82a7-00692a40e3" "proxy-server 89446" 0.0325 "-" 96660 0
Nov 28 19:40:03 np0005539311.novalocal proxy-server[89446]: ::1 ::1 29/Nov/2025/00/40/03 PUT /v1/AUTH_1f36317bec034bb2906d703b614505b0/gnocchi.776c2978-ac5d-4acf-a94c-8b7957c154da/1763640000.0_mean_300.0_v3 HTTP/1.0 201 - python-swiftclient-4.2.0 gAAAAABpKkDhAXpn... 16 - - tx1acf19028e314e59b82a7-00692a40e3 - 0.0448 - - 1764376803.885102034 1764376803.929941416 0
Nov 28 19:40:03 np0005539311.novalocal account-server[96063]: ::1 - - [29/Nov/2025:00:40:03 +0000] "PUT /3/183006/AUTH_1f36317bec034bb2906d703b614505b0/gnocchi.e3381506-c08d-4e1e-8baf-94660b6033c0" 201 - "PUT http://[::1]:6001/2/60281/AUTH_1f36317bec034bb2906d703b614505b0/gnocchi.e3381506-c08d-4e1e-8baf-94660b6033c0" "tx7f7811a2053d46c29d7f2-00692a40e3" "container-server 96357" 0.0038 "-" 96063 0
Nov 28 19:40:03 np0005539311.novalocal container-server[96357]: ::1 - - [29/Nov/2025:00:40:03 +0000] "PUT /2/60281/AUTH_1f36317bec034bb2906d703b614505b0/gnocchi.e3381506-c08d-4e1e-8baf-94660b6033c0" 201 - "PUT http://[::1]:8080/v1/AUTH_1f36317bec034bb2906d703b614505b0/gnocchi.e3381506-c08d-4e1e-8baf-94660b6033c0" "tx7f7811a2053d46c29d7f2-00692a40e3" "proxy-server 89446" 0.0152 "-" 96357 0
Nov 28 19:40:03 np0005539311.novalocal proxy-server[89446]: ::1 ::1 29/Nov/2025/00/40/03 PUT /v1/AUTH_1f36317bec034bb2906d703b614505b0/gnocchi.e3381506-c08d-4e1e-8baf-94660b6033c0 HTTP/1.0 201 - python-swiftclient-4.2.0 gAAAAABpKkDhMctJ... - - - tx7f7811a2053d46c29d7f2-00692a40e3 - 0.0614 - - 1764376803.881068945 1764376803.942426682 0
Nov 28 19:40:03 np0005539311.novalocal container-server[96355]: ::1 - - [29/Nov/2025:00:40:03 +0000] "HEAD /2/60281/AUTH_1f36317bec034bb2906d703b614505b0/gnocchi.e3381506-c08d-4e1e-8baf-94660b6033c0" 204 - "HEAD http://[::1]:8080/v1/AUTH_1f36317bec034bb2906d703b614505b0/gnocchi.e3381506-c08d-4e1e-8baf-94660b6033c0?format=json&states=listing" "tx77fcb46daf874e22a89a8-00692a40e3" "proxy-server 89446" 0.0016 "-" 96355 0
Nov 28 19:40:03 np0005539311.novalocal container-server[96356]: ::1 - - [29/Nov/2025:00:40:03 +0000] "PUT /2/32037/AUTH_1f36317bec034bb2906d703b614505b0/gnocchi.776c2978-ac5d-4acf-a94c-8b7957c154da/none_v3" 201 - "PUT http://[::1]:8080/1/94783/AUTH_1f36317bec034bb2906d703b614505b0/gnocchi.776c2978-ac5d-4acf-a94c-8b7957c154da/none_v3" "txc262dc8d669849ecb75c2-00692a40e3" "object-server 96659" 0.0006 "-" 96356 0
Nov 28 19:40:03 np0005539311.novalocal object-server[96659]: ::1 - - [29/Nov/2025:00:40:03 +0000] "PUT /1/94783/AUTH_1f36317bec034bb2906d703b614505b0/gnocchi.776c2978-ac5d-4acf-a94c-8b7957c154da/none_v3" 201 - "PUT http://[::1]:8080/v1/AUTH_1f36317bec034bb2906d703b614505b0/gnocchi.776c2978-ac5d-4acf-a94c-8b7957c154da/none_v3" "txc262dc8d669849ecb75c2-00692a40e3" "proxy-server 89446" 0.0114 "-" 96659 0
Nov 28 19:40:03 np0005539311.novalocal container-server[96358]: ::1 - - [29/Nov/2025:00:40:03 +0000] "PUT /3/32037/AUTH_1f36317bec034bb2906d703b614505b0/gnocchi.776c2978-ac5d-4acf-a94c-8b7957c154da/none_v3" 201 - "PUT http://[::1]:8080/3/94783/AUTH_1f36317bec034bb2906d703b614505b0/gnocchi.776c2978-ac5d-4acf-a94c-8b7957c154da/none_v3" "txc262dc8d669849ecb75c2-00692a40e3" "object-server 96661" 0.0006 "-" 96358 0
Nov 28 19:40:03 np0005539311.novalocal container-server[96356]: ::1 - - [29/Nov/2025:00:40:03 +0000] "PUT /1/32037/AUTH_1f36317bec034bb2906d703b614505b0/gnocchi.776c2978-ac5d-4acf-a94c-8b7957c154da/none_v3" 201 - "PUT http://[::1]:8080/2/94783/AUTH_1f36317bec034bb2906d703b614505b0/gnocchi.776c2978-ac5d-4acf-a94c-8b7957c154da/none_v3" "txc262dc8d669849ecb75c2-00692a40e3" "object-server 96659" 0.0004 "-" 96356 0
Nov 28 19:40:03 np0005539311.novalocal object-server[96661]: ::1 - - [29/Nov/2025:00:40:03 +0000] "PUT /3/94783/AUTH_1f36317bec034bb2906d703b614505b0/gnocchi.776c2978-ac5d-4acf-a94c-8b7957c154da/none_v3" 201 - "PUT http://[::1]:8080/v1/AUTH_1f36317bec034bb2906d703b614505b0/gnocchi.776c2978-ac5d-4acf-a94c-8b7957c154da/none_v3" "txc262dc8d669849ecb75c2-00692a40e3" "proxy-server 89446" 0.0137 "-" 96661 0
Nov 28 19:40:03 np0005539311.novalocal object-server[96659]: ::1 - - [29/Nov/2025:00:40:03 +0000] "PUT /2/94783/AUTH_1f36317bec034bb2906d703b614505b0/gnocchi.776c2978-ac5d-4acf-a94c-8b7957c154da/none_v3" 201 - "PUT http://[::1]:8080/v1/AUTH_1f36317bec034bb2906d703b614505b0/gnocchi.776c2978-ac5d-4acf-a94c-8b7957c154da/none_v3" "txc262dc8d669849ecb75c2-00692a40e3" "proxy-server 89446" 0.0148 "-" 96659 0
Nov 28 19:40:03 np0005539311.novalocal proxy-server[89446]: ::1 ::1 29/Nov/2025/00/40/03 PUT /v1/AUTH_1f36317bec034bb2906d703b614505b0/gnocchi.776c2978-ac5d-4acf-a94c-8b7957c154da/none_v3 HTTP/1.0 201 - python-swiftclient-4.2.0 gAAAAABpKkDhAXpn... 22 - - txc262dc8d669849ecb75c2-00692a40e3 - 0.0295 - - 1764376803.932704210 1764376803.962199211 0
Nov 28 19:40:03 np0005539311.novalocal container-server[96358]: ::1 - - [29/Nov/2025:00:40:03 +0000] "GET /2/60281/AUTH_1f36317bec034bb2906d703b614505b0/gnocchi.e3381506-c08d-4e1e-8baf-94660b6033c0" 200 2 "GET http://[::1]:8080/v1/AUTH_1f36317bec034bb2906d703b614505b0/gnocchi.e3381506-c08d-4e1e-8baf-94660b6033c0?format=json&states=listing" "tx77fcb46daf874e22a89a8-00692a40e3" "proxy-server 89446" 0.0018 "-" 96358 0
Nov 28 19:40:03 np0005539311.novalocal proxy-server[89446]: ::1 ::1 29/Nov/2025/00/40/03 GET /v1/AUTH_1f36317bec034bb2906d703b614505b0/gnocchi.e3381506-c08d-4e1e-8baf-94660b6033c0%3Fformat%3Djson%26states%3Dlisting HTTP/1.0 200 - python-swiftclient-4.2.0 gAAAAABpKkDhMctJ... - 2 - tx77fcb46daf874e22a89a8-00692a40e3 - 0.0228 - - 1764376803.945635080 1764376803.968462706 0
Nov 28 19:40:03 np0005539311.novalocal object-server[96659]: ::1 - - [29/Nov/2025:00:40:03 +0000] "GET /3/51786/AUTH_1f36317bec034bb2906d703b614505b0/gnocchi.e3381506-c08d-4e1e-8baf-94660b6033c0/1763640000.0_mean_300.0_v3" 404 70 "GET http://[::1]:8080/v1/AUTH_1f36317bec034bb2906d703b614505b0/gnocchi.e3381506-c08d-4e1e-8baf-94660b6033c0/1763640000.0_mean_300.0_v3" "txcd1a4e8daa7044599ec90-00692a40e3" "proxy-server 89446" 0.0003 "-" 96659 0
Nov 28 19:40:03 np0005539311.novalocal object-server[96659]: ::1 - - [29/Nov/2025:00:40:03 +0000] "GET /2/51786/AUTH_1f36317bec034bb2906d703b614505b0/gnocchi.e3381506-c08d-4e1e-8baf-94660b6033c0/1763640000.0_mean_300.0_v3" 404 70 "GET http://[::1]:8080/v1/AUTH_1f36317bec034bb2906d703b614505b0/gnocchi.e3381506-c08d-4e1e-8baf-94660b6033c0/1763640000.0_mean_300.0_v3" "txcd1a4e8daa7044599ec90-00692a40e3" "proxy-server 89446" 0.0002 "-" 96659 0
Nov 28 19:40:03 np0005539311.novalocal object-server[96660]: ::1 - - [29/Nov/2025:00:40:03 +0000] "GET /1/51786/AUTH_1f36317bec034bb2906d703b614505b0/gnocchi.e3381506-c08d-4e1e-8baf-94660b6033c0/1763640000.0_mean_300.0_v3" 404 70 "GET http://[::1]:8080/v1/AUTH_1f36317bec034bb2906d703b614505b0/gnocchi.e3381506-c08d-4e1e-8baf-94660b6033c0/1763640000.0_mean_300.0_v3" "txcd1a4e8daa7044599ec90-00692a40e3" "proxy-server 89446" 0.0019 "-" 96660 0
Nov 28 19:40:03 np0005539311.novalocal proxy-server[89446]: ::1 ::1 29/Nov/2025/00/40/03 GET /v1/AUTH_1f36317bec034bb2906d703b614505b0/gnocchi.e3381506-c08d-4e1e-8baf-94660b6033c0/1763640000.0_mean_300.0_v3 HTTP/1.0 404 - python-swiftclient-4.2.0 gAAAAABpKkDhMctJ... - 70 - txcd1a4e8daa7044599ec90-00692a40e3 - 0.0145 - - 1764376803.971193790 1764376803.985725880 0
Nov 28 19:40:03 np0005539311.novalocal container-server[96356]: ::1 - - [29/Nov/2025:00:40:03 +0000] "HEAD /1/149528/AUTH_1f36317bec034bb2906d703b614505b0/gnocchi.0f7e31e4-d7cd-4b3d-9731-4c0c0208155b" 404 - "HEAD http://[::1]:8080/v1/AUTH_1f36317bec034bb2906d703b614505b0/gnocchi.0f7e31e4-d7cd-4b3d-9731-4c0c0208155b?format=json&states=listing" "tx005fc98fa69640c997dbe-00692a40e3" "proxy-server 89446" 0.0003 "-" 96356 0
Nov 28 19:40:03 np0005539311.novalocal container-server[96357]: ::1 - - [29/Nov/2025:00:40:03 +0000] "HEAD /2/149528/AUTH_1f36317bec034bb2906d703b614505b0/gnocchi.0f7e31e4-d7cd-4b3d-9731-4c0c0208155b" 404 - "HEAD http://[::1]:8080/v1/AUTH_1f36317bec034bb2906d703b614505b0/gnocchi.0f7e31e4-d7cd-4b3d-9731-4c0c0208155b?format=json&states=listing" "tx005fc98fa69640c997dbe-00692a40e3" "proxy-server 89446" 0.0003 "-" 96357 0
Nov 28 19:40:04 np0005539311.novalocal container-server[96355]: ::1 - - [29/Nov/2025:00:40:04 +0000] "HEAD /3/149528/AUTH_1f36317bec034bb2906d703b614505b0/gnocchi.0f7e31e4-d7cd-4b3d-9731-4c0c0208155b" 404 - "HEAD http://[::1]:8080/v1/AUTH_1f36317bec034bb2906d703b614505b0/gnocchi.0f7e31e4-d7cd-4b3d-9731-4c0c0208155b?format=json&states=listing" "tx005fc98fa69640c997dbe-00692a40e3" "proxy-server 89446" 0.0003 "-" 96355 0
Nov 28 19:40:04 np0005539311.novalocal container-server[96358]: ::1 - - [29/Nov/2025:00:40:04 +0000] "PUT /1/60281/AUTH_1f36317bec034bb2906d703b614505b0/gnocchi.e3381506-c08d-4e1e-8baf-94660b6033c0/1763640000.0_mean_300.0_v3" 201 - "PUT http://[::1]:8080/3/51786/AUTH_1f36317bec034bb2906d703b614505b0/gnocchi.e3381506-c08d-4e1e-8baf-94660b6033c0/1763640000.0_mean_300.0_v3" "txf5372bfdf8de43d29a6ec-00692a40e3" "object-server 96660" 0.0005 "-" 96358 0
Nov 28 19:40:04 np0005539311.novalocal container-server[96357]: ::1 - - [29/Nov/2025:00:40:04 +0000] "PUT /2/60281/AUTH_1f36317bec034bb2906d703b614505b0/gnocchi.e3381506-c08d-4e1e-8baf-94660b6033c0/1763640000.0_mean_300.0_v3" 201 - "PUT http://[::1]:8080/1/51786/AUTH_1f36317bec034bb2906d703b614505b0/gnocchi.e3381506-c08d-4e1e-8baf-94660b6033c0/1763640000.0_mean_300.0_v3" "txf5372bfdf8de43d29a6ec-00692a40e3" "object-server 96660" 0.0004 "-" 96357 0
Nov 28 19:40:04 np0005539311.novalocal container-server[96355]: ::1 - - [29/Nov/2025:00:40:04 +0000] "PUT /3/60281/AUTH_1f36317bec034bb2906d703b614505b0/gnocchi.e3381506-c08d-4e1e-8baf-94660b6033c0/1763640000.0_mean_300.0_v3" 201 - "PUT http://[::1]:8080/2/51786/AUTH_1f36317bec034bb2906d703b614505b0/gnocchi.e3381506-c08d-4e1e-8baf-94660b6033c0/1763640000.0_mean_300.0_v3" "txf5372bfdf8de43d29a6ec-00692a40e3" "object-server 96659" 0.0004 "-" 96355 0
Nov 28 19:40:04 np0005539311.novalocal object-server[96660]: ::1 - - [29/Nov/2025:00:40:04 +0000] "PUT /1/51786/AUTH_1f36317bec034bb2906d703b614505b0/gnocchi.e3381506-c08d-4e1e-8baf-94660b6033c0/1763640000.0_mean_300.0_v3" 201 - "PUT http://[::1]:8080/v1/AUTH_1f36317bec034bb2906d703b614505b0/gnocchi.e3381506-c08d-4e1e-8baf-94660b6033c0/1763640000.0_mean_300.0_v3" "txf5372bfdf8de43d29a6ec-00692a40e3" "proxy-server 89446" 0.0106 "-" 96660 0
Nov 28 19:40:04 np0005539311.novalocal object-server[96660]: ::1 - - [29/Nov/2025:00:40:04 +0000] "PUT /3/51786/AUTH_1f36317bec034bb2906d703b614505b0/gnocchi.e3381506-c08d-4e1e-8baf-94660b6033c0/1763640000.0_mean_300.0_v3" 201 - "PUT http://[::1]:8080/v1/AUTH_1f36317bec034bb2906d703b614505b0/gnocchi.e3381506-c08d-4e1e-8baf-94660b6033c0/1763640000.0_mean_300.0_v3" "txf5372bfdf8de43d29a6ec-00692a40e3" "proxy-server 89446" 0.0128 "-" 96660 0
Nov 28 19:40:04 np0005539311.novalocal object-server[96659]: ::1 - - [29/Nov/2025:00:40:04 +0000] "PUT /2/51786/AUTH_1f36317bec034bb2906d703b614505b0/gnocchi.e3381506-c08d-4e1e-8baf-94660b6033c0/1763640000.0_mean_300.0_v3" 201 - "PUT http://[::1]:8080/v1/AUTH_1f36317bec034bb2906d703b614505b0/gnocchi.e3381506-c08d-4e1e-8baf-94660b6033c0/1763640000.0_mean_300.0_v3" "txf5372bfdf8de43d29a6ec-00692a40e3" "proxy-server 89446" 0.0125 "-" 96659 0
Nov 28 19:40:04 np0005539311.novalocal object-server[96662]: ::1 - - [29/Nov/2025:00:40:04 +0000] "GET /3/128260/AUTH_1f36317bec034bb2906d703b614505b0/gnocchi.0f7e31e4-d7cd-4b3d-9731-4c0c0208155b/none_v3" 404 70 "GET http://[::1]:8080/v1/AUTH_1f36317bec034bb2906d703b614505b0/gnocchi.0f7e31e4-d7cd-4b3d-9731-4c0c0208155b/none_v3" "tx005fc98fa69640c997dbe-00692a40e3" "proxy-server 89446" 0.0003 "-" 96662 0
Nov 28 19:40:04 np0005539311.novalocal proxy-server[89446]: ::1 ::1 29/Nov/2025/00/40/04 PUT /v1/AUTH_1f36317bec034bb2906d703b614505b0/gnocchi.e3381506-c08d-4e1e-8baf-94660b6033c0/1763640000.0_mean_300.0_v3 HTTP/1.0 201 - python-swiftclient-4.2.0 gAAAAABpKkDhMctJ... 16 - - txf5372bfdf8de43d29a6ec-00692a40e3 - 0.0188 - - 1764376803.988102436 1764376804.006863356 0
Nov 28 19:40:04 np0005539311.novalocal object-server[96660]: ::1 - - [29/Nov/2025:00:40:04 +0000] "GET /2/128260/AUTH_1f36317bec034bb2906d703b614505b0/gnocchi.0f7e31e4-d7cd-4b3d-9731-4c0c0208155b/none_v3" 404 70 "GET http://[::1]:8080/v1/AUTH_1f36317bec034bb2906d703b614505b0/gnocchi.0f7e31e4-d7cd-4b3d-9731-4c0c0208155b/none_v3" "tx005fc98fa69640c997dbe-00692a40e3" "proxy-server 89446" 0.0002 "-" 96660 0
Nov 28 19:40:04 np0005539311.novalocal object-server[96661]: ::1 - - [29/Nov/2025:00:40:04 +0000] "GET /1/128260/AUTH_1f36317bec034bb2906d703b614505b0/gnocchi.0f7e31e4-d7cd-4b3d-9731-4c0c0208155b/none_v3" 404 70 "GET http://[::1]:8080/v1/AUTH_1f36317bec034bb2906d703b614505b0/gnocchi.0f7e31e4-d7cd-4b3d-9731-4c0c0208155b/none_v3" "tx005fc98fa69640c997dbe-00692a40e3" "proxy-server 89446" 0.0003 "-" 96661 0
Nov 28 19:40:04 np0005539311.novalocal proxy-server[89446]: ::1 ::1 29/Nov/2025/00/40/04 GET /v1/AUTH_1f36317bec034bb2906d703b614505b0/gnocchi.0f7e31e4-d7cd-4b3d-9731-4c0c0208155b/none_v3 HTTP/1.0 404 - python-swiftclient-4.2.0 gAAAAABpKkDhAXpn... - 70 - tx005fc98fa69640c997dbe-00692a40e3 - 0.0202 - - 1764376803.992356062 1764376804.012567282 0
Nov 28 19:40:04 np0005539311.novalocal account-server[96064]: ::1 - - [29/Nov/2025:00:40:04 +0000] "PUT /1/183006/AUTH_1f36317bec034bb2906d703b614505b0/gnocchi.0f7e31e4-d7cd-4b3d-9731-4c0c0208155b" 201 - "PUT http://[::1]:6001/1/149528/AUTH_1f36317bec034bb2906d703b614505b0/gnocchi.0f7e31e4-d7cd-4b3d-9731-4c0c0208155b" "txe4d611aa0bfb434db723f-00692a40e4" "container-server 96358" 0.0073 "-" 96064 0
Nov 28 19:40:04 np0005539311.novalocal container-server[96358]: ::1 - - [29/Nov/2025:00:40:04 +0000] "PUT /1/149528/AUTH_1f36317bec034bb2906d703b614505b0/gnocchi.0f7e31e4-d7cd-4b3d-9731-4c0c0208155b" 201 - "PUT http://[::1]:8080/v1/AUTH_1f36317bec034bb2906d703b614505b0/gnocchi.0f7e31e4-d7cd-4b3d-9731-4c0c0208155b" "txe4d611aa0bfb434db723f-00692a40e4" "proxy-server 89446" 0.0247 "-" 96358 0
Nov 28 19:40:04 np0005539311.novalocal container-server[96357]: ::1 - - [29/Nov/2025:00:40:04 +0000] "PUT /3/60281/AUTH_1f36317bec034bb2906d703b614505b0/gnocchi.e3381506-c08d-4e1e-8baf-94660b6033c0/none_v3" 201 - "PUT http://[::1]:8080/1/165041/AUTH_1f36317bec034bb2906d703b614505b0/gnocchi.e3381506-c08d-4e1e-8baf-94660b6033c0/none_v3" "tx2e47ed36294e4800833d6-00692a40e4" "object-server 96660" 0.0017 "-" 96357 0
Nov 28 19:40:04 np0005539311.novalocal container-server[96358]: ::1 - - [29/Nov/2025:00:40:04 +0000] "PUT /2/60281/AUTH_1f36317bec034bb2906d703b614505b0/gnocchi.e3381506-c08d-4e1e-8baf-94660b6033c0/none_v3" 201 - "PUT http://[::1]:8080/2/165041/AUTH_1f36317bec034bb2906d703b614505b0/gnocchi.e3381506-c08d-4e1e-8baf-94660b6033c0/none_v3" "tx2e47ed36294e4800833d6-00692a40e4" "object-server 96661" 0.0005 "-" 96358 0
Nov 28 19:40:04 np0005539311.novalocal account-server[96064]: ::1 - - [29/Nov/2025:00:40:04 +0000] "PUT /2/183006/AUTH_1f36317bec034bb2906d703b614505b0/gnocchi.0f7e31e4-d7cd-4b3d-9731-4c0c0208155b" 201 - "PUT http://[::1]:6001/2/149528/AUTH_1f36317bec034bb2906d703b614505b0/gnocchi.0f7e31e4-d7cd-4b3d-9731-4c0c0208155b" "txe4d611aa0bfb434db723f-00692a40e4" "container-server 96356" 0.0056 "-" 96064 0
Nov 28 19:40:04 np0005539311.novalocal object-server[96661]: ::1 - - [29/Nov/2025:00:40:04 +0000] "PUT /2/165041/AUTH_1f36317bec034bb2906d703b614505b0/gnocchi.e3381506-c08d-4e1e-8baf-94660b6033c0/none_v3" 201 - "PUT http://[::1]:8080/v1/AUTH_1f36317bec034bb2906d703b614505b0/gnocchi.e3381506-c08d-4e1e-8baf-94660b6033c0/none_v3" "tx2e47ed36294e4800833d6-00692a40e4" "proxy-server 89446" 0.0348 "-" 96661 0
Nov 28 19:40:04 np0005539311.novalocal container-server[96356]: ::1 - - [29/Nov/2025:00:40:04 +0000] "PUT /2/149528/AUTH_1f36317bec034bb2906d703b614505b0/gnocchi.0f7e31e4-d7cd-4b3d-9731-4c0c0208155b" 201 - "PUT http://[::1]:8080/v1/AUTH_1f36317bec034bb2906d703b614505b0/gnocchi.0f7e31e4-d7cd-4b3d-9731-4c0c0208155b" "txe4d611aa0bfb434db723f-00692a40e4" "proxy-server 89446" 0.0310 "-" 96356 0
Nov 28 19:40:04 np0005539311.novalocal object-server[96660]: ::1 - - [29/Nov/2025:00:40:04 +0000] "PUT /1/165041/AUTH_1f36317bec034bb2906d703b614505b0/gnocchi.e3381506-c08d-4e1e-8baf-94660b6033c0/none_v3" 201 - "PUT http://[::1]:8080/v1/AUTH_1f36317bec034bb2906d703b614505b0/gnocchi.e3381506-c08d-4e1e-8baf-94660b6033c0/none_v3" "tx2e47ed36294e4800833d6-00692a40e4" "proxy-server 89446" 0.0343 "-" 96660 0
Nov 28 19:40:04 np0005539311.novalocal container-server[96357]: ::1 - - [29/Nov/2025:00:40:04 +0000] "PUT /1/60281/AUTH_1f36317bec034bb2906d703b614505b0/gnocchi.e3381506-c08d-4e1e-8baf-94660b6033c0/none_v3" 201 - "PUT http://[::1]:8080/3/165041/AUTH_1f36317bec034bb2906d703b614505b0/gnocchi.e3381506-c08d-4e1e-8baf-94660b6033c0/none_v3" "tx2e47ed36294e4800833d6-00692a40e4" "object-server 96662" 0.0003 "-" 96357 0
Nov 28 19:40:04 np0005539311.novalocal object-server[96662]: ::1 - - [29/Nov/2025:00:40:04 +0000] "PUT /3/165041/AUTH_1f36317bec034bb2906d703b614505b0/gnocchi.e3381506-c08d-4e1e-8baf-94660b6033c0/none_v3" 201 - "PUT http://[::1]:8080/v1/AUTH_1f36317bec034bb2906d703b614505b0/gnocchi.e3381506-c08d-4e1e-8baf-94660b6033c0/none_v3" "tx2e47ed36294e4800833d6-00692a40e4" "proxy-server 89446" 0.0146 "-" 96662 0
Nov 28 19:40:04 np0005539311.novalocal proxy-server[89446]: ::1 ::1 29/Nov/2025/00/40/04 PUT /v1/AUTH_1f36317bec034bb2906d703b614505b0/gnocchi.e3381506-c08d-4e1e-8baf-94660b6033c0/none_v3 HTTP/1.0 201 - python-swiftclient-4.2.0 gAAAAABpKkDhMctJ... 22 - - tx2e47ed36294e4800833d6-00692a40e4 - 0.0506 - - 1764376804.009141684 1764376804.059717178 0
Nov 28 19:40:04 np0005539311.novalocal account-server[96064]: ::1 - - [29/Nov/2025:00:40:04 +0000] "PUT /3/183006/AUTH_1f36317bec034bb2906d703b614505b0/gnocchi.0f7e31e4-d7cd-4b3d-9731-4c0c0208155b" 201 - "PUT http://[::1]:6001/3/149528/AUTH_1f36317bec034bb2906d703b614505b0/gnocchi.0f7e31e4-d7cd-4b3d-9731-4c0c0208155b" "txe4d611aa0bfb434db723f-00692a40e4" "container-server 96357" 0.0111 "-" 96064 0
Nov 28 19:40:04 np0005539311.novalocal container-server[96357]: ::1 - - [29/Nov/2025:00:40:04 +0000] "PUT /3/149528/AUTH_1f36317bec034bb2906d703b614505b0/gnocchi.0f7e31e4-d7cd-4b3d-9731-4c0c0208155b" 201 - "PUT http://[::1]:8080/v1/AUTH_1f36317bec034bb2906d703b614505b0/gnocchi.0f7e31e4-d7cd-4b3d-9731-4c0c0208155b" "txe4d611aa0bfb434db723f-00692a40e4" "proxy-server 89446" 0.0424 "-" 96357 0
Nov 28 19:40:04 np0005539311.novalocal proxy-server[89446]: ::1 ::1 29/Nov/2025/00/40/04 PUT /v1/AUTH_1f36317bec034bb2906d703b614505b0/gnocchi.0f7e31e4-d7cd-4b3d-9731-4c0c0208155b HTTP/1.0 201 - python-swiftclient-4.2.0 gAAAAABpKkDhAXpn... - - - txe4d611aa0bfb434db723f-00692a40e4 - 0.0537 - - 1764376804.016163349 1764376804.069912672 0
Nov 28 19:40:04 np0005539311.novalocal container-server[96358]: ::1 - - [29/Nov/2025:00:40:04 +0000] "HEAD /2/149528/AUTH_1f36317bec034bb2906d703b614505b0/gnocchi.0f7e31e4-d7cd-4b3d-9731-4c0c0208155b" 204 - "HEAD http://[::1]:8080/v1/AUTH_1f36317bec034bb2906d703b614505b0/gnocchi.0f7e31e4-d7cd-4b3d-9731-4c0c0208155b?format=json&states=listing" "txc4d4c65f2ef94906b405b-00692a40e4" "proxy-server 89446" 0.0014 "-" 96358 0
Nov 28 19:40:04 np0005539311.novalocal container-server[96358]: ::1 - - [29/Nov/2025:00:40:04 +0000] "HEAD /2/33455/AUTH_1f36317bec034bb2906d703b614505b0/gnocchi.ac704943-8fc6-4042-889f-0bba13cae64d" 404 - "HEAD http://[::1]:8080/v1/AUTH_1f36317bec034bb2906d703b614505b0/gnocchi.ac704943-8fc6-4042-889f-0bba13cae64d?format=json&states=listing" "tx31925c69332a48a69ed81-00692a40e4" "proxy-server 89446" 0.0004 "-" 96358 0
Nov 28 19:40:04 np0005539311.novalocal container-server[96356]: ::1 - - [29/Nov/2025:00:40:04 +0000] "HEAD /3/33455/AUTH_1f36317bec034bb2906d703b614505b0/gnocchi.ac704943-8fc6-4042-889f-0bba13cae64d" 404 - "HEAD http://[::1]:8080/v1/AUTH_1f36317bec034bb2906d703b614505b0/gnocchi.ac704943-8fc6-4042-889f-0bba13cae64d?format=json&states=listing" "tx31925c69332a48a69ed81-00692a40e4" "proxy-server 89446" 0.0004 "-" 96356 0
Nov 28 19:40:04 np0005539311.novalocal container-server[96355]: ::1 - - [29/Nov/2025:00:40:04 +0000] "GET /1/149528/AUTH_1f36317bec034bb2906d703b614505b0/gnocchi.0f7e31e4-d7cd-4b3d-9731-4c0c0208155b" 200 2 "GET http://[::1]:8080/v1/AUTH_1f36317bec034bb2906d703b614505b0/gnocchi.0f7e31e4-d7cd-4b3d-9731-4c0c0208155b?format=json&states=listing" "txc4d4c65f2ef94906b405b-00692a40e4" "proxy-server 89446" 0.0060 "-" 96355 0
Nov 28 19:40:04 np0005539311.novalocal container-server[96356]: ::1 - - [29/Nov/2025:00:40:04 +0000] "HEAD /1/33455/AUTH_1f36317bec034bb2906d703b614505b0/gnocchi.ac704943-8fc6-4042-889f-0bba13cae64d" 404 - "HEAD http://[::1]:8080/v1/AUTH_1f36317bec034bb2906d703b614505b0/gnocchi.ac704943-8fc6-4042-889f-0bba13cae64d?format=json&states=listing" "tx31925c69332a48a69ed81-00692a40e4" "proxy-server 89446" 0.0003 "-" 96356 0
Nov 28 19:40:04 np0005539311.novalocal proxy-server[89446]: ::1 ::1 29/Nov/2025/00/40/04 GET /v1/AUTH_1f36317bec034bb2906d703b614505b0/gnocchi.0f7e31e4-d7cd-4b3d-9731-4c0c0208155b%3Fformat%3Djson%26states%3Dlisting HTTP/1.0 200 - python-swiftclient-4.2.0 gAAAAABpKkDhAXpn... - 2 - txc4d4c65f2ef94906b405b-00692a40e4 - 0.0175 - - 1764376804.072681904 1764376804.090135574 0
Nov 28 19:40:04 np0005539311.novalocal object-server[96660]: ::1 - - [29/Nov/2025:00:40:04 +0000] "GET /1/164364/AUTH_1f36317bec034bb2906d703b614505b0/gnocchi.ac704943-8fc6-4042-889f-0bba13cae64d/none_v3" 404 70 "GET http://[::1]:8080/v1/AUTH_1f36317bec034bb2906d703b614505b0/gnocchi.ac704943-8fc6-4042-889f-0bba13cae64d/none_v3" "tx31925c69332a48a69ed81-00692a40e4" "proxy-server 89446" 0.0003 "-" 96660 0
Nov 28 19:40:04 np0005539311.novalocal object-server[96662]: ::1 - - [29/Nov/2025:00:40:04 +0000] "GET /3/34162/AUTH_1f36317bec034bb2906d703b614505b0/gnocchi.0f7e31e4-d7cd-4b3d-9731-4c0c0208155b/1763640000.0_mean_300.0_v3" 404 70 "GET http://[::1]:8080/v1/AUTH_1f36317bec034bb2906d703b614505b0/gnocchi.0f7e31e4-d7cd-4b3d-9731-4c0c0208155b/1763640000.0_mean_300.0_v3" "txfc4e3f2e91ca475695e85-00692a40e4" "proxy-server 89446" 0.0003 "-" 96662 0
Nov 28 19:40:04 np0005539311.novalocal object-server[96661]: ::1 - - [29/Nov/2025:00:40:04 +0000] "GET /3/164364/AUTH_1f36317bec034bb2906d703b614505b0/gnocchi.ac704943-8fc6-4042-889f-0bba13cae64d/none_v3" 404 70 "GET http://[::1]:8080/v1/AUTH_1f36317bec034bb2906d703b614505b0/gnocchi.ac704943-8fc6-4042-889f-0bba13cae64d/none_v3" "tx31925c69332a48a69ed81-00692a40e4" "proxy-server 89446" 0.0003 "-" 96661 0
Nov 28 19:40:04 np0005539311.novalocal object-server[96660]: ::1 - - [29/Nov/2025:00:40:04 +0000] "GET /1/34162/AUTH_1f36317bec034bb2906d703b614505b0/gnocchi.0f7e31e4-d7cd-4b3d-9731-4c0c0208155b/1763640000.0_mean_300.0_v3" 404 70 "GET http://[::1]:8080/v1/AUTH_1f36317bec034bb2906d703b614505b0/gnocchi.0f7e31e4-d7cd-4b3d-9731-4c0c0208155b/1763640000.0_mean_300.0_v3" "txfc4e3f2e91ca475695e85-00692a40e4" "proxy-server 89446" 0.0003 "-" 96660 0
Nov 28 19:40:04 np0005539311.novalocal object-server[96662]: ::1 - - [29/Nov/2025:00:40:04 +0000] "GET /2/164364/AUTH_1f36317bec034bb2906d703b614505b0/gnocchi.ac704943-8fc6-4042-889f-0bba13cae64d/none_v3" 404 70 "GET http://[::1]:8080/v1/AUTH_1f36317bec034bb2906d703b614505b0/gnocchi.ac704943-8fc6-4042-889f-0bba13cae64d/none_v3" "tx31925c69332a48a69ed81-00692a40e4" "proxy-server 89446" 0.0003 "-" 96662 0
Nov 28 19:40:04 np0005539311.novalocal object-server[96662]: ::1 - - [29/Nov/2025:00:40:04 +0000] "GET /2/34162/AUTH_1f36317bec034bb2906d703b614505b0/gnocchi.0f7e31e4-d7cd-4b3d-9731-4c0c0208155b/1763640000.0_mean_300.0_v3" 404 70 "GET http://[::1]:8080/v1/AUTH_1f36317bec034bb2906d703b614505b0/gnocchi.0f7e31e4-d7cd-4b3d-9731-4c0c0208155b/1763640000.0_mean_300.0_v3" "txfc4e3f2e91ca475695e85-00692a40e4" "proxy-server 89446" 0.0002 "-" 96662 0
Nov 28 19:40:04 np0005539311.novalocal proxy-server[89446]: ::1 ::1 29/Nov/2025/00/40/04 GET /v1/AUTH_1f36317bec034bb2906d703b614505b0/gnocchi.ac704943-8fc6-4042-889f-0bba13cae64d/none_v3 HTTP/1.0 404 - python-swiftclient-4.2.0 gAAAAABpKkDhMctJ... - 70 - tx31925c69332a48a69ed81-00692a40e4 - 0.0288 - - 1764376804.078291655 1764376804.107093096 0
Nov 28 19:40:04 np0005539311.novalocal proxy-server[89446]: ::1 ::1 29/Nov/2025/00/40/04 GET /v1/AUTH_1f36317bec034bb2906d703b614505b0/gnocchi.0f7e31e4-d7cd-4b3d-9731-4c0c0208155b/1763640000.0_mean_300.0_v3 HTTP/1.0 404 - python-swiftclient-4.2.0 gAAAAABpKkDhAXpn... - 70 - txfc4e3f2e91ca475695e85-00692a40e4 - 0.0145 - - 1764376804.093729973 1764376804.108265400 0
Nov 28 19:40:04 np0005539311.novalocal container-server[96355]: ::1 - - [29/Nov/2025:00:40:04 +0000] "PUT /3/149528/AUTH_1f36317bec034bb2906d703b614505b0/gnocchi.0f7e31e4-d7cd-4b3d-9731-4c0c0208155b/1763640000.0_mean_300.0_v3" 201 - "PUT http://[::1]:8080/2/34162/AUTH_1f36317bec034bb2906d703b614505b0/gnocchi.0f7e31e4-d7cd-4b3d-9731-4c0c0208155b/1763640000.0_mean_300.0_v3" "tx74a52f843ec54faba5878-00692a40e4" "object-server 96661" 0.0005 "-" 96355 0
Nov 28 19:40:04 np0005539311.novalocal object-server[96661]: ::1 - - [29/Nov/2025:00:40:04 +0000] "PUT /2/34162/AUTH_1f36317bec034bb2906d703b614505b0/gnocchi.0f7e31e4-d7cd-4b3d-9731-4c0c0208155b/1763640000.0_mean_300.0_v3" 201 - "PUT http://[::1]:8080/v1/AUTH_1f36317bec034bb2906d703b614505b0/gnocchi.0f7e31e4-d7cd-4b3d-9731-4c0c0208155b/1763640000.0_mean_300.0_v3" "tx74a52f843ec54faba5878-00692a40e4" "proxy-server 89446" 0.0103 "-" 96661 0
Nov 28 19:40:04 np0005539311.novalocal container-server[96355]: ::1 - - [29/Nov/2025:00:40:04 +0000] "PUT /2/149528/AUTH_1f36317bec034bb2906d703b614505b0/gnocchi.0f7e31e4-d7cd-4b3d-9731-4c0c0208155b/1763640000.0_mean_300.0_v3" 201 - "PUT http://[::1]:8080/1/34162/AUTH_1f36317bec034bb2906d703b614505b0/gnocchi.0f7e31e4-d7cd-4b3d-9731-4c0c0208155b/1763640000.0_mean_300.0_v3" "tx74a52f843ec54faba5878-00692a40e4" "object-server 96660" 0.0003 "-" 96355 0
Nov 28 19:40:04 np0005539311.novalocal object-server[96660]: ::1 - - [29/Nov/2025:00:40:04 +0000] "PUT /1/34162/AUTH_1f36317bec034bb2906d703b614505b0/gnocchi.0f7e31e4-d7cd-4b3d-9731-4c0c0208155b/1763640000.0_mean_300.0_v3" 201 - "PUT http://[::1]:8080/v1/AUTH_1f36317bec034bb2906d703b614505b0/gnocchi.0f7e31e4-d7cd-4b3d-9731-4c0c0208155b/1763640000.0_mean_300.0_v3" "tx74a52f843ec54faba5878-00692a40e4" "proxy-server 89446" 0.0141 "-" 96660 0
Nov 28 19:40:04 np0005539311.novalocal account-server[96062]: ::1 - - [29/Nov/2025:00:40:04 +0000] "PUT /1/183006/AUTH_1f36317bec034bb2906d703b614505b0/gnocchi.ac704943-8fc6-4042-889f-0bba13cae64d" 201 - "PUT http://[::1]:6001/3/33455/AUTH_1f36317bec034bb2906d703b614505b0/gnocchi.ac704943-8fc6-4042-889f-0bba13cae64d" "tx37c9c1c1186e424581ddd-00692a40e4" "container-server 96357" 0.0040 "-" 96062 0
Nov 28 19:40:04 np0005539311.novalocal account-server[96061]: ::1 - - [29/Nov/2025:00:40:04 +0000] "PUT /2/183006/AUTH_1f36317bec034bb2906d703b614505b0/gnocchi.ac704943-8fc6-4042-889f-0bba13cae64d" 201 - "PUT http://[::1]:6001/2/33455/AUTH_1f36317bec034bb2906d703b614505b0/gnocchi.ac704943-8fc6-4042-889f-0bba13cae64d" "tx37c9c1c1186e424581ddd-00692a40e4" "container-server 96358" 0.0051 "-" 96061 0
Nov 28 19:40:04 np0005539311.novalocal container-server[96358]: ::1 - - [29/Nov/2025:00:40:04 +0000] "PUT /2/33455/AUTH_1f36317bec034bb2906d703b614505b0/gnocchi.ac704943-8fc6-4042-889f-0bba13cae64d" 201 - "PUT http://[::1]:8080/v1/AUTH_1f36317bec034bb2906d703b614505b0/gnocchi.ac704943-8fc6-4042-889f-0bba13cae64d" "tx37c9c1c1186e424581ddd-00692a40e4" "proxy-server 89446" 0.0172 "-" 96358 0
Nov 28 19:40:04 np0005539311.novalocal container-server[96357]: ::1 - - [29/Nov/2025:00:40:04 +0000] "PUT /3/33455/AUTH_1f36317bec034bb2906d703b614505b0/gnocchi.ac704943-8fc6-4042-889f-0bba13cae64d" 201 - "PUT http://[::1]:8080/v1/AUTH_1f36317bec034bb2906d703b614505b0/gnocchi.ac704943-8fc6-4042-889f-0bba13cae64d" "tx37c9c1c1186e424581ddd-00692a40e4" "proxy-server 89446" 0.0244 "-" 96357 0
Nov 28 19:40:04 np0005539311.novalocal container-server[96357]: ::1 - - [29/Nov/2025:00:40:04 +0000] "PUT /1/149528/AUTH_1f36317bec034bb2906d703b614505b0/gnocchi.0f7e31e4-d7cd-4b3d-9731-4c0c0208155b/1763640000.0_mean_300.0_v3" 201 - "PUT http://[::1]:8080/3/34162/AUTH_1f36317bec034bb2906d703b614505b0/gnocchi.0f7e31e4-d7cd-4b3d-9731-4c0c0208155b/1763640000.0_mean_300.0_v3" "tx74a52f843ec54faba5878-00692a40e4" "object-server 96660" 0.0006 "-" 96357 0
Nov 28 19:40:04 np0005539311.novalocal object-server[96660]: ::1 - - [29/Nov/2025:00:40:04 +0000] "PUT /3/34162/AUTH_1f36317bec034bb2906d703b614505b0/gnocchi.0f7e31e4-d7cd-4b3d-9731-4c0c0208155b/1763640000.0_mean_300.0_v3" 201 - "PUT http://[::1]:8080/v1/AUTH_1f36317bec034bb2906d703b614505b0/gnocchi.0f7e31e4-d7cd-4b3d-9731-4c0c0208155b/1763640000.0_mean_300.0_v3" "tx74a52f843ec54faba5878-00692a40e4" "proxy-server 89446" 0.0256 "-" 96660 0
Nov 28 19:40:04 np0005539311.novalocal account-server[96064]: ::1 - - [29/Nov/2025:00:40:04 +0000] "PUT /3/183006/AUTH_1f36317bec034bb2906d703b614505b0/gnocchi.ac704943-8fc6-4042-889f-0bba13cae64d" 201 - "PUT http://[::1]:6001/1/33455/AUTH_1f36317bec034bb2906d703b614505b0/gnocchi.ac704943-8fc6-4042-889f-0bba13cae64d" "tx37c9c1c1186e424581ddd-00692a40e4" "container-server 96357" 0.0040 "-" 96064 0
Nov 28 19:40:04 np0005539311.novalocal proxy-server[89446]: ::1 ::1 29/Nov/2025/00/40/04 PUT /v1/AUTH_1f36317bec034bb2906d703b614505b0/gnocchi.0f7e31e4-d7cd-4b3d-9731-4c0c0208155b/1763640000.0_mean_300.0_v3 HTTP/1.0 201 - python-swiftclient-4.2.0 gAAAAABpKkDhAXpn... 16 - - tx74a52f843ec54faba5878-00692a40e4 - 0.0361 - - 1764376804.110732317 1764376804.146881104 0
Nov 28 19:40:04 np0005539311.novalocal container-server[96357]: ::1 - - [29/Nov/2025:00:40:04 +0000] "PUT /1/33455/AUTH_1f36317bec034bb2906d703b614505b0/gnocchi.ac704943-8fc6-4042-889f-0bba13cae64d" 201 - "PUT http://[::1]:8080/v1/AUTH_1f36317bec034bb2906d703b614505b0/gnocchi.ac704943-8fc6-4042-889f-0bba13cae64d" "tx37c9c1c1186e424581ddd-00692a40e4" "proxy-server 89446" 0.0174 "-" 96357 0
