Nov 28 19:40:43 np0005539311.novalocal proxy-server[89446]: ::1 ::1 29/Nov/2025/00/40/43 GET /v1/AUTH_1f36317bec034bb2906d703b614505b0/gnocchi.0b9fba65-9a70-4fc9-8d5b-553c3b666ec0%3Fformat%3Djson%26states%3Dlisting HTTP/1.0 200 - python-swiftclient-4.2.0 gAAAAABpKkDhMctJ... - 357 - txe957e17917c64309903df-00692a410b - 0.0170 - - 1764376843.609277010 1764376843.626305342 0
Nov 28 19:40:43 np0005539311.novalocal container-server[96357]: ::1 - - [29/Nov/2025:00:40:43 +0000] "PUT /1/245408/AUTH_1f36317bec034bb2906d703b614505b0/gnocchi.faaf7385-58ce-4d04-aa08-a4137629f25b/1763640000.0_mean_300.0_v3" 201 - "PUT http://[::1]:8080/1/146481/AUTH_1f36317bec034bb2906d703b614505b0/gnocchi.faaf7385-58ce-4d04-aa08-a4137629f25b/1763640000.0_mean_300.0_v3" "tx384fbb0d5bce4e59aa962-00692a410b" "object-server 96659" 0.0004 "-" 96357 0
Nov 28 19:40:43 np0005539311.novalocal container-server[96356]: ::1 - - [29/Nov/2025:00:40:43 +0000] "GET /3/249392/AUTH_1f36317bec034bb2906d703b614505b0/gnocchi.0b9fba65-9a70-4fc9-8d5b-553c3b666ec0" 200 2 "GET http://[::1]:8080/v1/AUTH_1f36317bec034bb2906d703b614505b0/gnocchi.0b9fba65-9a70-4fc9-8d5b-553c3b666ec0?format=json&marker=none_v3&states=listing" "txdc359e8507f249ad87ee2-00692a410b" "proxy-server 89446" 0.0073 "-" 96356 0
Nov 28 19:40:43 np0005539311.novalocal object-server[96659]: ::1 - - [29/Nov/2025:00:40:43 +0000] "PUT /1/146481/AUTH_1f36317bec034bb2906d703b614505b0/gnocchi.faaf7385-58ce-4d04-aa08-a4137629f25b/1763640000.0_mean_300.0_v3" 201 - "PUT http://[::1]:8080/v1/AUTH_1f36317bec034bb2906d703b614505b0/gnocchi.faaf7385-58ce-4d04-aa08-a4137629f25b/1763640000.0_mean_300.0_v3" "tx384fbb0d5bce4e59aa962-00692a410b" "proxy-server 89446" 0.0105 "-" 96659 0
Nov 28 19:40:43 np0005539311.novalocal container-server[96355]: ::1 - - [29/Nov/2025:00:40:43 +0000] "PUT /3/245408/AUTH_1f36317bec034bb2906d703b614505b0/gnocchi.faaf7385-58ce-4d04-aa08-a4137629f25b/1763640000.0_mean_300.0_v3" 201 - "PUT http://[::1]:8080/2/146481/AUTH_1f36317bec034bb2906d703b614505b0/gnocchi.faaf7385-58ce-4d04-aa08-a4137629f25b/1763640000.0_mean_300.0_v3" "tx384fbb0d5bce4e59aa962-00692a410b" "object-server 96662" 0.0004 "-" 96355 0
Nov 28 19:40:43 np0005539311.novalocal container-server[96358]: ::1 - - [29/Nov/2025:00:40:43 +0000] "PUT /2/245408/AUTH_1f36317bec034bb2906d703b614505b0/gnocchi.faaf7385-58ce-4d04-aa08-a4137629f25b/1763640000.0_mean_300.0_v3" 201 - "PUT http://[::1]:8080/3/146481/AUTH_1f36317bec034bb2906d703b614505b0/gnocchi.faaf7385-58ce-4d04-aa08-a4137629f25b/1763640000.0_mean_300.0_v3" "tx384fbb0d5bce4e59aa962-00692a410b" "object-server 96659" 0.0006 "-" 96358 0
Nov 28 19:40:43 np0005539311.novalocal object-server[96662]: ::1 - - [29/Nov/2025:00:40:43 +0000] "PUT /2/146481/AUTH_1f36317bec034bb2906d703b614505b0/gnocchi.faaf7385-58ce-4d04-aa08-a4137629f25b/1763640000.0_mean_300.0_v3" 201 - "PUT http://[::1]:8080/v1/AUTH_1f36317bec034bb2906d703b614505b0/gnocchi.faaf7385-58ce-4d04-aa08-a4137629f25b/1763640000.0_mean_300.0_v3" "tx384fbb0d5bce4e59aa962-00692a410b" "proxy-server 89446" 0.0134 "-" 96662 0
Nov 28 19:40:43 np0005539311.novalocal object-server[96659]: ::1 - - [29/Nov/2025:00:40:43 +0000] "PUT /3/146481/AUTH_1f36317bec034bb2906d703b614505b0/gnocchi.faaf7385-58ce-4d04-aa08-a4137629f25b/1763640000.0_mean_300.0_v3" 201 - "PUT http://[::1]:8080/v1/AUTH_1f36317bec034bb2906d703b614505b0/gnocchi.faaf7385-58ce-4d04-aa08-a4137629f25b/1763640000.0_mean_300.0_v3" "tx384fbb0d5bce4e59aa962-00692a410b" "proxy-server 89446" 0.0131 "-" 96659 0
Nov 28 19:40:43 np0005539311.novalocal proxy-server[89446]: ::1 ::1 29/Nov/2025/00/40/43 GET /v1/AUTH_1f36317bec034bb2906d703b614505b0/gnocchi.0b9fba65-9a70-4fc9-8d5b-553c3b666ec0%3Fformat%3Djson%26marker%3Dnone_v3%26states%3Dlisting HTTP/1.0 200 - python-swiftclient-4.2.0 gAAAAABpKkDhMctJ... - 2 - txdc359e8507f249ad87ee2-00692a410b - 0.0159 - - 1764376843.630634546 1764376843.646560907 0
Nov 28 19:40:43 np0005539311.novalocal proxy-server[89446]: ::1 ::1 29/Nov/2025/00/40/43 PUT /v1/AUTH_1f36317bec034bb2906d703b614505b0/gnocchi.faaf7385-58ce-4d04-aa08-a4137629f25b/1763640000.0_mean_300.0_v3 HTTP/1.0 201 - python-swiftclient-4.2.0 gAAAAABpKkDhAXpn... 23 - - tx384fbb0d5bce4e59aa962-00692a410b - 0.0244 - - 1764376843.623284578 1764376843.647705555 0
Nov 28 19:40:43 np0005539311.novalocal object-server[96659]: ::1 - - [29/Nov/2025:00:40:43 +0000] "GET /1/3588/AUTH_1f36317bec034bb2906d703b614505b0/gnocchi.0b9fba65-9a70-4fc9-8d5b-553c3b666ec0/1763640000.0_mean_300.0_v3" 200 22 "GET http://[::1]:8080/v1/AUTH_1f36317bec034bb2906d703b614505b0/gnocchi.0b9fba65-9a70-4fc9-8d5b-553c3b666ec0/1763640000.0_mean_300.0_v3" "tx3a4c83ecfeaf4a2491690-00692a410b" "proxy-server 89446" 0.0006 "-" 96659 0
Nov 28 19:40:43 np0005539311.novalocal proxy-server[89446]: ::1 ::1 29/Nov/2025/00/40/43 GET /v1/AUTH_1f36317bec034bb2906d703b614505b0/gnocchi.0b9fba65-9a70-4fc9-8d5b-553c3b666ec0/1763640000.0_mean_300.0_v3 HTTP/1.0 200 - python-swiftclient-4.2.0 gAAAAABpKkDhMctJ... - 22 - tx3a4c83ecfeaf4a2491690-00692a410b - 0.0133 - - 1764376843.649854183 1764376843.663151026 0
Nov 28 19:40:43 np0005539311.novalocal container-server[96357]: ::1 - - [29/Nov/2025:00:40:43 +0000] "PUT /1/245408/AUTH_1f36317bec034bb2906d703b614505b0/gnocchi.faaf7385-58ce-4d04-aa08-a4137629f25b/none_v3" 201 - "PUT http://[::1]:8080/1/161826/AUTH_1f36317bec034bb2906d703b614505b0/gnocchi.faaf7385-58ce-4d04-aa08-a4137629f25b/none_v3" "txabedf33907d74b72b5fd8-00692a410b" "object-server 96661" 0.0005 "-" 96357 0
Nov 28 19:40:43 np0005539311.novalocal object-server[96661]: ::1 - - [29/Nov/2025:00:40:43 +0000] "PUT /1/161826/AUTH_1f36317bec034bb2906d703b614505b0/gnocchi.faaf7385-58ce-4d04-aa08-a4137629f25b/none_v3" 201 - "PUT http://[::1]:8080/v1/AUTH_1f36317bec034bb2906d703b614505b0/gnocchi.faaf7385-58ce-4d04-aa08-a4137629f25b/none_v3" "txabedf33907d74b72b5fd8-00692a410b" "proxy-server 89446" 0.0158 "-" 96661 0
Nov 28 19:40:43 np0005539311.novalocal container-server[96357]: ::1 - - [29/Nov/2025:00:40:43 +0000] "PUT /2/245408/AUTH_1f36317bec034bb2906d703b614505b0/gnocchi.faaf7385-58ce-4d04-aa08-a4137629f25b/none_v3" 201 - "PUT http://[::1]:8080/2/161826/AUTH_1f36317bec034bb2906d703b614505b0/gnocchi.faaf7385-58ce-4d04-aa08-a4137629f25b/none_v3" "txabedf33907d74b72b5fd8-00692a410b" "object-server 96662" 0.0005 "-" 96357 0
Nov 28 19:40:43 np0005539311.novalocal container-server[96357]: ::1 - - [29/Nov/2025:00:40:43 +0000] "PUT /3/245408/AUTH_1f36317bec034bb2906d703b614505b0/gnocchi.faaf7385-58ce-4d04-aa08-a4137629f25b/none_v3" 201 - "PUT http://[::1]:8080/3/161826/AUTH_1f36317bec034bb2906d703b614505b0/gnocchi.faaf7385-58ce-4d04-aa08-a4137629f25b/none_v3" "txabedf33907d74b72b5fd8-00692a410b" "object-server 96660" 0.0004 "-" 96357 0
Nov 28 19:40:43 np0005539311.novalocal object-server[96662]: ::1 - - [29/Nov/2025:00:40:43 +0000] "PUT /2/161826/AUTH_1f36317bec034bb2906d703b614505b0/gnocchi.faaf7385-58ce-4d04-aa08-a4137629f25b/none_v3" 201 - "PUT http://[::1]:8080/v1/AUTH_1f36317bec034bb2906d703b614505b0/gnocchi.faaf7385-58ce-4d04-aa08-a4137629f25b/none_v3" "txabedf33907d74b72b5fd8-00692a410b" "proxy-server 89446" 0.0149 "-" 96662 0
Nov 28 19:40:43 np0005539311.novalocal object-server[96660]: ::1 - - [29/Nov/2025:00:40:43 +0000] "PUT /3/161826/AUTH_1f36317bec034bb2906d703b614505b0/gnocchi.faaf7385-58ce-4d04-aa08-a4137629f25b/none_v3" 201 - "PUT http://[::1]:8080/v1/AUTH_1f36317bec034bb2906d703b614505b0/gnocchi.faaf7385-58ce-4d04-aa08-a4137629f25b/none_v3" "txabedf33907d74b72b5fd8-00692a410b" "proxy-server 89446" 0.0177 "-" 96660 0
Nov 28 19:40:43 np0005539311.novalocal container-server[96357]: ::1 - - [29/Nov/2025:00:40:43 +0000] "PUT /3/249392/AUTH_1f36317bec034bb2906d703b614505b0/gnocchi.0b9fba65-9a70-4fc9-8d5b-553c3b666ec0/1763640000.0_mean_300.0_v3" 201 - "PUT http://[::1]:8080/1/3588/AUTH_1f36317bec034bb2906d703b614505b0/gnocchi.0b9fba65-9a70-4fc9-8d5b-553c3b666ec0/1763640000.0_mean_300.0_v3" "tx628aa624633a43b1ab548-00692a410b" "object-server 96659" 0.0004 "-" 96357 0
Nov 28 19:40:43 np0005539311.novalocal container-server[96356]: ::1 - - [29/Nov/2025:00:40:43 +0000] "PUT /2/249392/AUTH_1f36317bec034bb2906d703b614505b0/gnocchi.0b9fba65-9a70-4fc9-8d5b-553c3b666ec0/1763640000.0_mean_300.0_v3" 201 - "PUT http://[::1]:8080/3/3588/AUTH_1f36317bec034bb2906d703b614505b0/gnocchi.0b9fba65-9a70-4fc9-8d5b-553c3b666ec0/1763640000.0_mean_300.0_v3" "tx628aa624633a43b1ab548-00692a410b" "object-server 96659" 0.0006 "-" 96356 0
Nov 28 19:40:43 np0005539311.novalocal proxy-server[89446]: ::1 ::1 29/Nov/2025/00/40/43 PUT /v1/AUTH_1f36317bec034bb2906d703b614505b0/gnocchi.faaf7385-58ce-4d04-aa08-a4137629f25b/none_v3 HTTP/1.0 201 - python-swiftclient-4.2.0 gAAAAABpKkDhAXpn... 44 - - txabedf33907d74b72b5fd8-00692a410b - 0.0374 - - 1764376843.651045084 1764376843.688473463 0
Nov 28 19:40:43 np0005539311.novalocal object-server[96659]: ::1 - - [29/Nov/2025:00:40:43 +0000] "PUT /1/3588/AUTH_1f36317bec034bb2906d703b614505b0/gnocchi.0b9fba65-9a70-4fc9-8d5b-553c3b666ec0/1763640000.0_mean_300.0_v3" 201 - "PUT http://[::1]:8080/v1/AUTH_1f36317bec034bb2906d703b614505b0/gnocchi.0b9fba65-9a70-4fc9-8d5b-553c3b666ec0/1763640000.0_mean_300.0_v3" "tx628aa624633a43b1ab548-00692a410b" "proxy-server 89446" 0.0138 "-" 96659 0
Nov 28 19:40:43 np0005539311.novalocal object-server[96659]: ::1 - - [29/Nov/2025:00:40:43 +0000] "PUT /3/3588/AUTH_1f36317bec034bb2906d703b614505b0/gnocchi.0b9fba65-9a70-4fc9-8d5b-553c3b666ec0/1763640000.0_mean_300.0_v3" 201 - "PUT http://[::1]:8080/v1/AUTH_1f36317bec034bb2906d703b614505b0/gnocchi.0b9fba65-9a70-4fc9-8d5b-553c3b666ec0/1763640000.0_mean_300.0_v3" "tx628aa624633a43b1ab548-00692a410b" "proxy-server 89446" 0.0131 "-" 96659 0
Nov 28 19:40:43 np0005539311.novalocal container-server[96356]: ::1 - - [29/Nov/2025:00:40:43 +0000] "PUT /1/249392/AUTH_1f36317bec034bb2906d703b614505b0/gnocchi.0b9fba65-9a70-4fc9-8d5b-553c3b666ec0/1763640000.0_mean_300.0_v3" 201 - "PUT http://[::1]:8080/2/3588/AUTH_1f36317bec034bb2906d703b614505b0/gnocchi.0b9fba65-9a70-4fc9-8d5b-553c3b666ec0/1763640000.0_mean_300.0_v3" "tx628aa624633a43b1ab548-00692a410b" "object-server 96659" 0.0009 "-" 96356 0
Nov 28 19:40:43 np0005539311.novalocal object-server[96659]: ::1 - - [29/Nov/2025:00:40:43 +0000] "PUT /2/3588/AUTH_1f36317bec034bb2906d703b614505b0/gnocchi.0b9fba65-9a70-4fc9-8d5b-553c3b666ec0/1763640000.0_mean_300.0_v3" 201 - "PUT http://[::1]:8080/v1/AUTH_1f36317bec034bb2906d703b614505b0/gnocchi.0b9fba65-9a70-4fc9-8d5b-553c3b666ec0/1763640000.0_mean_300.0_v3" "tx628aa624633a43b1ab548-00692a410b" "proxy-server 89446" 0.0137 "-" 96659 0
Nov 28 19:40:43 np0005539311.novalocal proxy-server[89446]: ::1 ::1 29/Nov/2025/00/40/43 PUT /v1/AUTH_1f36317bec034bb2906d703b614505b0/gnocchi.0b9fba65-9a70-4fc9-8d5b-553c3b666ec0/1763640000.0_mean_300.0_v3 HTTP/1.0 201 - python-swiftclient-4.2.0 gAAAAABpKkDhMctJ... 22 - - tx628aa624633a43b1ab548-00692a410b - 0.0250 - - 1764376843.667395353 1764376843.692386389 0
Nov 28 19:40:43 np0005539311.novalocal object-server[96660]: ::1 - - [29/Nov/2025:00:40:43 +0000] "GET /3/78603/AUTH_1f36317bec034bb2906d703b614505b0/gnocchi.4ce8f042-47a0-4c83-bfd0-9df186d14ea2/none_v3" 200 27 "GET http://[::1]:8080/v1/AUTH_1f36317bec034bb2906d703b614505b0/gnocchi.4ce8f042-47a0-4c83-bfd0-9df186d14ea2/none_v3" "txa0644af51e914ea383364-00692a410b" "proxy-server 89446" 0.0005 "-" 96660 0
Nov 28 19:40:43 np0005539311.novalocal proxy-server[89446]: ::1 ::1 29/Nov/2025/00/40/43 GET /v1/AUTH_1f36317bec034bb2906d703b614505b0/gnocchi.4ce8f042-47a0-4c83-bfd0-9df186d14ea2/none_v3 HTTP/1.0 200 - python-swiftclient-4.2.0 gAAAAABpKkDhAXpn... - 27 - txa0644af51e914ea383364-00692a410b - 0.0066 - - 1764376843.703016281 1764376843.709663153 0
Nov 28 19:40:43 np0005539311.novalocal container-server[96356]: ::1 - - [29/Nov/2025:00:40:43 +0000] "PUT /2/249392/AUTH_1f36317bec034bb2906d703b614505b0/gnocchi.0b9fba65-9a70-4fc9-8d5b-553c3b666ec0/none_v3" 201 - "PUT http://[::1]:8080/2/156553/AUTH_1f36317bec034bb2906d703b614505b0/gnocchi.0b9fba65-9a70-4fc9-8d5b-553c3b666ec0/none_v3" "tx22a0160a6a1c4ea783b6c-00692a410b" "object-server 96661" 0.0008 "-" 96356 0
Nov 28 19:40:43 np0005539311.novalocal container-server[96355]: ::1 - - [29/Nov/2025:00:40:43 +0000] "PUT /1/249392/AUTH_1f36317bec034bb2906d703b614505b0/gnocchi.0b9fba65-9a70-4fc9-8d5b-553c3b666ec0/none_v3" 201 - "PUT http://[::1]:8080/1/156553/AUTH_1f36317bec034bb2906d703b614505b0/gnocchi.0b9fba65-9a70-4fc9-8d5b-553c3b666ec0/none_v3" "tx22a0160a6a1c4ea783b6c-00692a410b" "object-server 96660" 0.0004 "-" 96355 0
Nov 28 19:40:43 np0005539311.novalocal container-server[96356]: ::1 - - [29/Nov/2025:00:40:43 +0000] "PUT /3/249392/AUTH_1f36317bec034bb2906d703b614505b0/gnocchi.0b9fba65-9a70-4fc9-8d5b-553c3b666ec0/none_v3" 201 - "PUT http://[::1]:8080/3/156553/AUTH_1f36317bec034bb2906d703b614505b0/gnocchi.0b9fba65-9a70-4fc9-8d5b-553c3b666ec0/none_v3" "tx22a0160a6a1c4ea783b6c-00692a410b" "object-server 96661" 0.0003 "-" 96356 0
Nov 28 19:40:43 np0005539311.novalocal object-server[96661]: ::1 - - [29/Nov/2025:00:40:43 +0000] "PUT /2/156553/AUTH_1f36317bec034bb2906d703b614505b0/gnocchi.0b9fba65-9a70-4fc9-8d5b-553c3b666ec0/none_v3" 201 - "PUT http://[::1]:8080/v1/AUTH_1f36317bec034bb2906d703b614505b0/gnocchi.0b9fba65-9a70-4fc9-8d5b-553c3b666ec0/none_v3" "tx22a0160a6a1c4ea783b6c-00692a410b" "proxy-server 89446" 0.0119 "-" 96661 0
Nov 28 19:40:43 np0005539311.novalocal object-server[96660]: ::1 - - [29/Nov/2025:00:40:43 +0000] "PUT /1/156553/AUTH_1f36317bec034bb2906d703b614505b0/gnocchi.0b9fba65-9a70-4fc9-8d5b-553c3b666ec0/none_v3" 201 - "PUT http://[::1]:8080/v1/AUTH_1f36317bec034bb2906d703b614505b0/gnocchi.0b9fba65-9a70-4fc9-8d5b-553c3b666ec0/none_v3" "tx22a0160a6a1c4ea783b6c-00692a410b" "proxy-server 89446" 0.0124 "-" 96660 0
Nov 28 19:40:43 np0005539311.novalocal object-server[96661]: ::1 - - [29/Nov/2025:00:40:43 +0000] "PUT /3/156553/AUTH_1f36317bec034bb2906d703b614505b0/gnocchi.0b9fba65-9a70-4fc9-8d5b-553c3b666ec0/none_v3" 201 - "PUT http://[::1]:8080/v1/AUTH_1f36317bec034bb2906d703b614505b0/gnocchi.0b9fba65-9a70-4fc9-8d5b-553c3b666ec0/none_v3" "tx22a0160a6a1c4ea783b6c-00692a410b" "proxy-server 89446" 0.0113 "-" 96661 0
Nov 28 19:40:43 np0005539311.novalocal proxy-server[89446]: ::1 ::1 29/Nov/2025/00/40/43 PUT /v1/AUTH_1f36317bec034bb2906d703b614505b0/gnocchi.0b9fba65-9a70-4fc9-8d5b-553c3b666ec0/none_v3 HTTP/1.0 201 - python-swiftclient-4.2.0 gAAAAABpKkDhMctJ... 42 - - tx22a0160a6a1c4ea783b6c-00692a410b - 0.0214 - - 1764376843.697014570 1764376843.718381405 0
Nov 28 19:40:43 np0005539311.novalocal container-server[96358]: ::1 - - [29/Nov/2025:00:40:43 +0000] "GET /3/76945/AUTH_1f36317bec034bb2906d703b614505b0/gnocchi.4ce8f042-47a0-4c83-bfd0-9df186d14ea2" 200 357 "GET http://[::1]:8080/v1/AUTH_1f36317bec034bb2906d703b614505b0/gnocchi.4ce8f042-47a0-4c83-bfd0-9df186d14ea2?format=json&states=listing" "tx3ef57ed816c041d89c7ab-00692a410b" "proxy-server 89446" 0.0077 "-" 96358 0
Nov 28 19:40:43 np0005539311.novalocal proxy-server[89446]: ::1 ::1 29/Nov/2025/00/40/43 GET /v1/AUTH_1f36317bec034bb2906d703b614505b0/gnocchi.4ce8f042-47a0-4c83-bfd0-9df186d14ea2%3Fformat%3Djson%26states%3Dlisting HTTP/1.0 200 - python-swiftclient-4.2.0 gAAAAABpKkDhAXpn... - 357 - tx3ef57ed816c041d89c7ab-00692a410b - 0.0143 - - 1764376843.712837934 1764376843.727095127 0
Nov 28 19:40:43 np0005539311.novalocal container-server[96357]: ::1 - - [29/Nov/2025:00:40:43 +0000] "GET /1/76945/AUTH_1f36317bec034bb2906d703b614505b0/gnocchi.4ce8f042-47a0-4c83-bfd0-9df186d14ea2" 200 2 "GET http://[::1]:8080/v1/AUTH_1f36317bec034bb2906d703b614505b0/gnocchi.4ce8f042-47a0-4c83-bfd0-9df186d14ea2?format=json&marker=none_v3&states=listing" "tx110d041aef384deaaaa5d-00692a410b" "proxy-server 89446" 0.0068 "-" 96357 0
Nov 28 19:40:43 np0005539311.novalocal proxy-server[89446]: ::1 ::1 29/Nov/2025/00/40/43 GET /v1/AUTH_1f36317bec034bb2906d703b614505b0/gnocchi.4ce8f042-47a0-4c83-bfd0-9df186d14ea2%3Fformat%3Djson%26marker%3Dnone_v3%26states%3Dlisting HTTP/1.0 200 - python-swiftclient-4.2.0 gAAAAABpKkDhAXpn... - 2 - tx110d041aef384deaaaa5d-00692a410b - 0.0131 - - 1764376843.729409218 1764376843.742552519 0
Nov 28 19:40:43 np0005539311.novalocal object-server[96661]: ::1 - - [29/Nov/2025:00:40:43 +0000] "GET /2/76065/AUTH_1f36317bec034bb2906d703b614505b0/gnocchi.4ce8f042-47a0-4c83-bfd0-9df186d14ea2/1763640000.0_mean_300.0_v3" 200 18 "GET http://[::1]:8080/v1/AUTH_1f36317bec034bb2906d703b614505b0/gnocchi.4ce8f042-47a0-4c83-bfd0-9df186d14ea2/1763640000.0_mean_300.0_v3" "txee182e7039e749b18d475-00692a410b" "proxy-server 89446" 0.0009 "-" 96661 0
Nov 28 19:40:43 np0005539311.novalocal proxy-server[89446]: ::1 ::1 29/Nov/2025/00/40/43 GET /v1/AUTH_1f36317bec034bb2906d703b614505b0/gnocchi.4ce8f042-47a0-4c83-bfd0-9df186d14ea2/1763640000.0_mean_300.0_v3 HTTP/1.0 200 - python-swiftclient-4.2.0 gAAAAABpKkDhAXpn... - 18 - txee182e7039e749b18d475-00692a410b - 0.0064 - - 1764376843.747054577 1764376843.753434896 0
Nov 28 19:40:43 np0005539311.novalocal container-server[96355]: ::1 - - [29/Nov/2025:00:40:43 +0000] "PUT /3/76945/AUTH_1f36317bec034bb2906d703b614505b0/gnocchi.4ce8f042-47a0-4c83-bfd0-9df186d14ea2/1763640000.0_mean_300.0_v3" 201 - "PUT http://[::1]:8080/1/76065/AUTH_1f36317bec034bb2906d703b614505b0/gnocchi.4ce8f042-47a0-4c83-bfd0-9df186d14ea2/1763640000.0_mean_300.0_v3" "txb31136ac1cdb4ec4b6dd0-00692a410b" "object-server 96660" 0.0006 "-" 96355 0
Nov 28 19:40:43 np0005539311.novalocal object-server[96660]: ::1 - - [29/Nov/2025:00:40:43 +0000] "PUT /1/76065/AUTH_1f36317bec034bb2906d703b614505b0/gnocchi.4ce8f042-47a0-4c83-bfd0-9df186d14ea2/1763640000.0_mean_300.0_v3" 201 - "PUT http://[::1]:8080/v1/AUTH_1f36317bec034bb2906d703b614505b0/gnocchi.4ce8f042-47a0-4c83-bfd0-9df186d14ea2/1763640000.0_mean_300.0_v3" "txb31136ac1cdb4ec4b6dd0-00692a410b" "proxy-server 89446" 0.0107 "-" 96660 0
Nov 28 19:40:43 np0005539311.novalocal container-server[96358]: ::1 - - [29/Nov/2025:00:40:43 +0000] "PUT /2/76945/AUTH_1f36317bec034bb2906d703b614505b0/gnocchi.4ce8f042-47a0-4c83-bfd0-9df186d14ea2/1763640000.0_mean_300.0_v3" 201 - "PUT http://[::1]:8080/3/76065/AUTH_1f36317bec034bb2906d703b614505b0/gnocchi.4ce8f042-47a0-4c83-bfd0-9df186d14ea2/1763640000.0_mean_300.0_v3" "txb31136ac1cdb4ec4b6dd0-00692a410b" "object-server 96660" 0.0007 "-" 96358 0
Nov 28 19:40:43 np0005539311.novalocal object-server[96660]: ::1 - - [29/Nov/2025:00:40:43 +0000] "PUT /3/76065/AUTH_1f36317bec034bb2906d703b614505b0/gnocchi.4ce8f042-47a0-4c83-bfd0-9df186d14ea2/1763640000.0_mean_300.0_v3" 201 - "PUT http://[::1]:8080/v1/AUTH_1f36317bec034bb2906d703b614505b0/gnocchi.4ce8f042-47a0-4c83-bfd0-9df186d14ea2/1763640000.0_mean_300.0_v3" "txb31136ac1cdb4ec4b6dd0-00692a410b" "proxy-server 89446" 0.0119 "-" 96660 0
Nov 28 19:40:43 np0005539311.novalocal container-server[96356]: ::1 - - [29/Nov/2025:00:40:43 +0000] "PUT /1/76945/AUTH_1f36317bec034bb2906d703b614505b0/gnocchi.4ce8f042-47a0-4c83-bfd0-9df186d14ea2/1763640000.0_mean_300.0_v3" 201 - "PUT http://[::1]:8080/2/76065/AUTH_1f36317bec034bb2906d703b614505b0/gnocchi.4ce8f042-47a0-4c83-bfd0-9df186d14ea2/1763640000.0_mean_300.0_v3" "txb31136ac1cdb4ec4b6dd0-00692a410b" "object-server 96662" 0.0020 "-" 96356 0
Nov 28 19:40:43 np0005539311.novalocal object-server[96662]: ::1 - - [29/Nov/2025:00:40:43 +0000] "PUT /2/76065/AUTH_1f36317bec034bb2906d703b614505b0/gnocchi.4ce8f042-47a0-4c83-bfd0-9df186d14ea2/1763640000.0_mean_300.0_v3" 201 - "PUT http://[::1]:8080/v1/AUTH_1f36317bec034bb2906d703b614505b0/gnocchi.4ce8f042-47a0-4c83-bfd0-9df186d14ea2/1763640000.0_mean_300.0_v3" "txb31136ac1cdb4ec4b6dd0-00692a410b" "proxy-server 89446" 0.0211 "-" 96662 0
Nov 28 19:40:43 np0005539311.novalocal proxy-server[89446]: ::1 ::1 29/Nov/2025/00/40/43 PUT /v1/AUTH_1f36317bec034bb2906d703b614505b0/gnocchi.4ce8f042-47a0-4c83-bfd0-9df186d14ea2/1763640000.0_mean_300.0_v3 HTTP/1.0 201 - python-swiftclient-4.2.0 gAAAAABpKkDhAXpn... 18 - - txb31136ac1cdb4ec4b6dd0-00692a410b - 0.0267 - - 1764376843.755816936 1764376843.782519102 0
Nov 28 19:40:43 np0005539311.novalocal container-server[96357]: ::1 - - [29/Nov/2025:00:40:43 +0000] "PUT /3/76945/AUTH_1f36317bec034bb2906d703b614505b0/gnocchi.4ce8f042-47a0-4c83-bfd0-9df186d14ea2/none_v3" 201 - "PUT http://[::1]:8080/3/78603/AUTH_1f36317bec034bb2906d703b614505b0/gnocchi.4ce8f042-47a0-4c83-bfd0-9df186d14ea2/none_v3" "txfe8dfce6385d41efab621-00692a410b" "object-server 96659" 0.0006 "-" 96357 0
Nov 28 19:40:43 np0005539311.novalocal object-server[96659]: ::1 - - [29/Nov/2025:00:40:43 +0000] "PUT /3/78603/AUTH_1f36317bec034bb2906d703b614505b0/gnocchi.4ce8f042-47a0-4c83-bfd0-9df186d14ea2/none_v3" 201 - "PUT http://[::1]:8080/v1/AUTH_1f36317bec034bb2906d703b614505b0/gnocchi.4ce8f042-47a0-4c83-bfd0-9df186d14ea2/none_v3" "txfe8dfce6385d41efab621-00692a410b" "proxy-server 89446" 0.0126 "-" 96659 0
Nov 28 19:40:43 np0005539311.novalocal container-server[96356]: ::1 - - [29/Nov/2025:00:40:43 +0000] "PUT /1/76945/AUTH_1f36317bec034bb2906d703b614505b0/gnocchi.4ce8f042-47a0-4c83-bfd0-9df186d14ea2/none_v3" 201 - "PUT http://[::1]:8080/2/78603/AUTH_1f36317bec034bb2906d703b614505b0/gnocchi.4ce8f042-47a0-4c83-bfd0-9df186d14ea2/none_v3" "txfe8dfce6385d41efab621-00692a410b" "object-server 96659" 0.0017 "-" 96356 0
Nov 28 19:40:43 np0005539311.novalocal container-server[96357]: ::1 - - [29/Nov/2025:00:40:43 +0000] "PUT /2/76945/AUTH_1f36317bec034bb2906d703b614505b0/gnocchi.4ce8f042-47a0-4c83-bfd0-9df186d14ea2/none_v3" 201 - "PUT http://[::1]:8080/1/78603/AUTH_1f36317bec034bb2906d703b614505b0/gnocchi.4ce8f042-47a0-4c83-bfd0-9df186d14ea2/none_v3" "txfe8dfce6385d41efab621-00692a410b" "object-server 96660" 0.0005 "-" 96357 0
Nov 28 19:40:43 np0005539311.novalocal object-server[96659]: ::1 - - [29/Nov/2025:00:40:43 +0000] "PUT /2/78603/AUTH_1f36317bec034bb2906d703b614505b0/gnocchi.4ce8f042-47a0-4c83-bfd0-9df186d14ea2/none_v3" 201 - "PUT http://[::1]:8080/v1/AUTH_1f36317bec034bb2906d703b614505b0/gnocchi.4ce8f042-47a0-4c83-bfd0-9df186d14ea2/none_v3" "txfe8dfce6385d41efab621-00692a410b" "proxy-server 89446" 0.0165 "-" 96659 0
Nov 28 19:40:43 np0005539311.novalocal object-server[96660]: ::1 - - [29/Nov/2025:00:40:43 +0000] "PUT /1/78603/AUTH_1f36317bec034bb2906d703b614505b0/gnocchi.4ce8f042-47a0-4c83-bfd0-9df186d14ea2/none_v3" 201 - "PUT http://[::1]:8080/v1/AUTH_1f36317bec034bb2906d703b614505b0/gnocchi.4ce8f042-47a0-4c83-bfd0-9df186d14ea2/none_v3" "txfe8dfce6385d41efab621-00692a410b" "proxy-server 89446" 0.0146 "-" 96660 0
Nov 28 19:40:43 np0005539311.novalocal proxy-server[89446]: ::1 ::1 29/Nov/2025/00/40/43 PUT /v1/AUTH_1f36317bec034bb2906d703b614505b0/gnocchi.4ce8f042-47a0-4c83-bfd0-9df186d14ea2/none_v3 HTTP/1.0 201 - python-swiftclient-4.2.0 gAAAAABpKkDhAXpn... 35 - - txfe8dfce6385d41efab621-00692a410b - 0.0232 - - 1764376843.784979105 1764376843.808167219 0
Nov 28 19:40:43 np0005539311.novalocal object-server[96661]: ::1 - - [29/Nov/2025:00:40:43 +0000] "GET /2/35140/AUTH_1f36317bec034bb2906d703b614505b0/gnocchi.7472d3d4-2cf0-490e-b0f2-096b4d9a6226/none_v3" 200 32 "GET http://[::1]:8080/v1/AUTH_1f36317bec034bb2906d703b614505b0/gnocchi.7472d3d4-2cf0-490e-b0f2-096b4d9a6226/none_v3" "tx8a9f412c35114367a8b15-00692a410b" "proxy-server 89446" 0.0011 "-" 96661 0
Nov 28 19:40:43 np0005539311.novalocal proxy-server[89446]: ::1 ::1 29/Nov/2025/00/40/43 GET /v1/AUTH_1f36317bec034bb2906d703b614505b0/gnocchi.7472d3d4-2cf0-490e-b0f2-096b4d9a6226/none_v3 HTTP/1.0 200 - python-swiftclient-4.2.0 gAAAAABpKkDhAXpn... - 32 - tx8a9f412c35114367a8b15-00692a410b - 0.0100 - - 1764376843.818691254 1764376843.828651667 0
Nov 28 19:40:43 np0005539311.novalocal container-server[96358]: ::1 - - [29/Nov/2025:00:40:43 +0000] "GET /1/27713/AUTH_1f36317bec034bb2906d703b614505b0/gnocchi.7472d3d4-2cf0-490e-b0f2-096b4d9a6226" 200 357 "GET http://[::1]:8080/v1/AUTH_1f36317bec034bb2906d703b614505b0/gnocchi.7472d3d4-2cf0-490e-b0f2-096b4d9a6226?format=json&states=listing" "txa8d97ebbb9e446b7b6f53-00692a410b" "proxy-server 89446" 0.0075 "-" 96358 0
Nov 28 19:40:43 np0005539311.novalocal proxy-server[89446]: ::1 ::1 29/Nov/2025/00/40/43 GET /v1/AUTH_1f36317bec034bb2906d703b614505b0/gnocchi.7472d3d4-2cf0-490e-b0f2-096b4d9a6226%3Fformat%3Djson%26states%3Dlisting HTTP/1.0 200 - python-swiftclient-4.2.0 gAAAAABpKkDhAXpn... - 357 - txa8d97ebbb9e446b7b6f53-00692a410b - 0.0161 - - 1764376843.832211018 1764376843.848343134 0
Nov 28 19:40:43 np0005539311.novalocal container-server[96356]: ::1 - - [29/Nov/2025:00:40:43 +0000] "GET /1/27713/AUTH_1f36317bec034bb2906d703b614505b0/gnocchi.7472d3d4-2cf0-490e-b0f2-096b4d9a6226" 200 2 "GET http://[::1]:8080/v1/AUTH_1f36317bec034bb2906d703b614505b0/gnocchi.7472d3d4-2cf0-490e-b0f2-096b4d9a6226?format=json&marker=none_v3&states=listing" "tx563a40e0b2db4f4e8ab86-00692a410b" "proxy-server 89446" 0.0019 "-" 96356 0
Nov 28 19:40:43 np0005539311.novalocal proxy-server[89446]: ::1 ::1 29/Nov/2025/00/40/43 GET /v1/AUTH_1f36317bec034bb2906d703b614505b0/gnocchi.7472d3d4-2cf0-490e-b0f2-096b4d9a6226%3Fformat%3Djson%26marker%3Dnone_v3%26states%3Dlisting HTTP/1.0 200 - python-swiftclient-4.2.0 gAAAAABpKkDhAXpn... - 2 - tx563a40e0b2db4f4e8ab86-00692a410b - 0.0150 - - 1764376843.854022026 1764376843.868979931 0
Nov 28 19:40:43 np0005539311.novalocal object-server[96660]: ::1 - - [29/Nov/2025:00:40:43 +0000] "GET /1/161324/AUTH_1f36317bec034bb2906d703b614505b0/gnocchi.7472d3d4-2cf0-490e-b0f2-096b4d9a6226/1763640000.0_mean_300.0_v3" 200 23 "GET http://[::1]:8080/v1/AUTH_1f36317bec034bb2906d703b614505b0/gnocchi.7472d3d4-2cf0-490e-b0f2-096b4d9a6226/1763640000.0_mean_300.0_v3" "tx893032c39eb2452781d23-00692a410b" "proxy-server 89446" 0.0012 "-" 96660 0
Nov 28 19:40:43 np0005539311.novalocal proxy-server[89446]: ::1 ::1 29/Nov/2025/00/40/43 GET /v1/AUTH_1f36317bec034bb2906d703b614505b0/gnocchi.7472d3d4-2cf0-490e-b0f2-096b4d9a6226/1763640000.0_mean_300.0_v3 HTTP/1.0 200 - python-swiftclient-4.2.0 gAAAAABpKkDhAXpn... - 23 - tx893032c39eb2452781d23-00692a410b - 0.0086 - - 1764376843.872400522 1764376843.881030321 0
Nov 28 19:40:43 np0005539311.novalocal container-server[96355]: ::1 - - [29/Nov/2025:00:40:43 +0000] "PUT /3/27713/AUTH_1f36317bec034bb2906d703b614505b0/gnocchi.7472d3d4-2cf0-490e-b0f2-096b4d9a6226/1763640000.0_mean_300.0_v3" 201 - "PUT http://[::1]:8080/2/161324/AUTH_1f36317bec034bb2906d703b614505b0/gnocchi.7472d3d4-2cf0-490e-b0f2-096b4d9a6226/1763640000.0_mean_300.0_v3" "txcd6a25406e3240d78d6ba-00692a410b" "object-server 96660" 0.0004 "-" 96355 0
Nov 28 19:40:43 np0005539311.novalocal object-server[96660]: ::1 - - [29/Nov/2025:00:40:43 +0000] "PUT /2/161324/AUTH_1f36317bec034bb2906d703b614505b0/gnocchi.7472d3d4-2cf0-490e-b0f2-096b4d9a6226/1763640000.0_mean_300.0_v3" 201 - "PUT http://[::1]:8080/v1/AUTH_1f36317bec034bb2906d703b614505b0/gnocchi.7472d3d4-2cf0-490e-b0f2-096b4d9a6226/1763640000.0_mean_300.0_v3" "txcd6a25406e3240d78d6ba-00692a410b" "proxy-server 89446" 0.0102 "-" 96660 0
Nov 28 19:40:43 np0005539311.novalocal container-server[96356]: ::1 - - [29/Nov/2025:00:40:43 +0000] "PUT /2/27713/AUTH_1f36317bec034bb2906d703b614505b0/gnocchi.7472d3d4-2cf0-490e-b0f2-096b4d9a6226/1763640000.0_mean_300.0_v3" 201 - "PUT http://[::1]:8080/1/161324/AUTH_1f36317bec034bb2906d703b614505b0/gnocchi.7472d3d4-2cf0-490e-b0f2-096b4d9a6226/1763640000.0_mean_300.0_v3" "txcd6a25406e3240d78d6ba-00692a410b" "object-server 96661" 0.0004 "-" 96356 0
Nov 28 19:40:43 np0005539311.novalocal container-server[96356]: ::1 - - [29/Nov/2025:00:40:43 +0000] "PUT /1/27713/AUTH_1f36317bec034bb2906d703b614505b0/gnocchi.7472d3d4-2cf0-490e-b0f2-096b4d9a6226/1763640000.0_mean_300.0_v3" 201 - "PUT http://[::1]:8080/3/161324/AUTH_1f36317bec034bb2906d703b614505b0/gnocchi.7472d3d4-2cf0-490e-b0f2-096b4d9a6226/1763640000.0_mean_300.0_v3" "txcd6a25406e3240d78d6ba-00692a410b" "object-server 96661" 0.0003 "-" 96356 0
Nov 28 19:40:43 np0005539311.novalocal object-server[96661]: ::1 - - [29/Nov/2025:00:40:43 +0000] "PUT /1/161324/AUTH_1f36317bec034bb2906d703b614505b0/gnocchi.7472d3d4-2cf0-490e-b0f2-096b4d9a6226/1763640000.0_mean_300.0_v3" 201 - "PUT http://[::1]:8080/v1/AUTH_1f36317bec034bb2906d703b614505b0/gnocchi.7472d3d4-2cf0-490e-b0f2-096b4d9a6226/1763640000.0_mean_300.0_v3" "txcd6a25406e3240d78d6ba-00692a410b" "proxy-server 89446" 0.0092 "-" 96661 0
Nov 28 19:40:43 np0005539311.novalocal object-server[96661]: ::1 - - [29/Nov/2025:00:40:43 +0000] "PUT /3/161324/AUTH_1f36317bec034bb2906d703b614505b0/gnocchi.7472d3d4-2cf0-490e-b0f2-096b4d9a6226/1763640000.0_mean_300.0_v3" 201 - "PUT http://[::1]:8080/v1/AUTH_1f36317bec034bb2906d703b614505b0/gnocchi.7472d3d4-2cf0-490e-b0f2-096b4d9a6226/1763640000.0_mean_300.0_v3" "txcd6a25406e3240d78d6ba-00692a410b" "proxy-server 89446" 0.0136 "-" 96661 0
Nov 28 19:40:43 np0005539311.novalocal proxy-server[89446]: ::1 ::1 29/Nov/2025/00/40/43 PUT /v1/AUTH_1f36317bec034bb2906d703b614505b0/gnocchi.7472d3d4-2cf0-490e-b0f2-096b4d9a6226/1763640000.0_mean_300.0_v3 HTTP/1.0 201 - python-swiftclient-4.2.0 gAAAAABpKkDhAXpn... 23 - - txcd6a25406e3240d78d6ba-00692a410b - 0.0218 - - 1764376843.883262873 1764376843.905023575 0
Nov 28 19:40:43 np0005539311.novalocal container-server[96358]: ::1 - - [29/Nov/2025:00:40:43 +0000] "PUT /3/27713/AUTH_1f36317bec034bb2906d703b614505b0/gnocchi.7472d3d4-2cf0-490e-b0f2-096b4d9a6226/none_v3" 201 - "PUT http://[::1]:8080/2/35140/AUTH_1f36317bec034bb2906d703b614505b0/gnocchi.7472d3d4-2cf0-490e-b0f2-096b4d9a6226/none_v3" "txb11970a3fe92440ba52ce-00692a410b" "object-server 96662" 0.0007 "-" 96358 0
Nov 28 19:40:43 np0005539311.novalocal container-server[96357]: ::1 - - [29/Nov/2025:00:40:43 +0000] "PUT /2/27713/AUTH_1f36317bec034bb2906d703b614505b0/gnocchi.7472d3d4-2cf0-490e-b0f2-096b4d9a6226/none_v3" 201 - "PUT http://[::1]:8080/1/35140/AUTH_1f36317bec034bb2906d703b614505b0/gnocchi.7472d3d4-2cf0-490e-b0f2-096b4d9a6226/none_v3" "txb11970a3fe92440ba52ce-00692a410b" "object-server 96660" 0.0010 "-" 96357 0
Nov 28 19:40:43 np0005539311.novalocal object-server[96662]: ::1 - - [29/Nov/2025:00:40:43 +0000] "PUT /2/35140/AUTH_1f36317bec034bb2906d703b614505b0/gnocchi.7472d3d4-2cf0-490e-b0f2-096b4d9a6226/none_v3" 201 - "PUT http://[::1]:8080/v1/AUTH_1f36317bec034bb2906d703b614505b0/gnocchi.7472d3d4-2cf0-490e-b0f2-096b4d9a6226/none_v3" "txb11970a3fe92440ba52ce-00692a410b" "proxy-server 89446" 0.0126 "-" 96662 0
Nov 28 19:40:43 np0005539311.novalocal object-server[96660]: ::1 - - [29/Nov/2025:00:40:43 +0000] "PUT /1/35140/AUTH_1f36317bec034bb2906d703b614505b0/gnocchi.7472d3d4-2cf0-490e-b0f2-096b4d9a6226/none_v3" 201 - "PUT http://[::1]:8080/v1/AUTH_1f36317bec034bb2906d703b614505b0/gnocchi.7472d3d4-2cf0-490e-b0f2-096b4d9a6226/none_v3" "txb11970a3fe92440ba52ce-00692a410b" "proxy-server 89446" 0.0150 "-" 96660 0
Nov 28 19:40:43 np0005539311.novalocal container-server[96355]: ::1 - - [29/Nov/2025:00:40:43 +0000] "PUT /1/27713/AUTH_1f36317bec034bb2906d703b614505b0/gnocchi.7472d3d4-2cf0-490e-b0f2-096b4d9a6226/none_v3" 201 - "PUT http://[::1]:8080/3/35140/AUTH_1f36317bec034bb2906d703b614505b0/gnocchi.7472d3d4-2cf0-490e-b0f2-096b4d9a6226/none_v3" "txb11970a3fe92440ba52ce-00692a410b" "object-server 96661" 0.0004 "-" 96355 0
Nov 28 19:40:43 np0005539311.novalocal object-server[96661]: ::1 - - [29/Nov/2025:00:40:43 +0000] "PUT /3/35140/AUTH_1f36317bec034bb2906d703b614505b0/gnocchi.7472d3d4-2cf0-490e-b0f2-096b4d9a6226/none_v3" 201 - "PUT http://[::1]:8080/v1/AUTH_1f36317bec034bb2906d703b614505b0/gnocchi.7472d3d4-2cf0-490e-b0f2-096b4d9a6226/none_v3" "txb11970a3fe92440ba52ce-00692a410b" "proxy-server 89446" 0.0163 "-" 96661 0
Nov 28 19:40:43 np0005539311.novalocal proxy-server[89446]: ::1 ::1 29/Nov/2025/00/40/43 PUT /v1/AUTH_1f36317bec034bb2906d703b614505b0/gnocchi.7472d3d4-2cf0-490e-b0f2-096b4d9a6226/none_v3 HTTP/1.0 201 - python-swiftclient-4.2.0 gAAAAABpKkDhAXpn... 44 - - txb11970a3fe92440ba52ce-00692a410b - 0.0279 - - 1764376843.909150124 1764376843.937043428 0
Nov 28 19:40:44 np0005539311.novalocal sudo[104222]: neutron : PWD=/ ; USER=root ; COMMAND=/usr/bin/neutron-rootwrap /etc/neutron/rootwrap.conf privsep-helper --config-file /usr/share/neutron/neutron-dist.conf --config-file /etc/neutron/neutron.conf --config-file /etc/neutron/dhcp_agent.ini --config-dir /etc/neutron/conf.d/neutron-dhcp-agent --privsep_context neutron.privileged.dhcp_release_cmd --privsep_sock_path /tmp/tmp4c_fjlpq/privsep.sock
Nov 28 19:40:44 np0005539311.novalocal kernel: qr-2481ef5b-a0: left promiscuous mode
Nov 28 19:40:44 np0005539311.novalocal systemd[1]: Started Session c143 of User root.
Nov 28 19:40:44 np0005539311.novalocal sudo[104222]: pam_unix(sudo:session): session opened for user root(uid=0) by (uid=981)
Nov 28 19:40:44 np0005539311.novalocal kernel: qg-4e548c06-99: left promiscuous mode
Nov 28 19:40:44 np0005539311.novalocal object-server[96660]: ::1 - - [29/Nov/2025:00:40:44 +0000] "GET /2/156553/AUTH_1f36317bec034bb2906d703b614505b0/gnocchi.0b9fba65-9a70-4fc9-8d5b-553c3b666ec0/none_v3" 200 42 "GET http://[::1]:8080/v1/AUTH_1f36317bec034bb2906d703b614505b0/gnocchi.0b9fba65-9a70-4fc9-8d5b-553c3b666ec0/none_v3" "tx932e44cc760640f191489-00692a410c" "proxy-server 89446" 0.0007 "-" 96660 0
Nov 28 19:40:44 np0005539311.novalocal proxy-server[89446]: ::1 ::1 29/Nov/2025/00/40/44 GET /v1/AUTH_1f36317bec034bb2906d703b614505b0/gnocchi.0b9fba65-9a70-4fc9-8d5b-553c3b666ec0/none_v3 HTTP/1.0 200 - python-swiftclient-4.2.0 gAAAAABpKkDhMctJ... - 42 - tx932e44cc760640f191489-00692a410c - 0.0282 - - 1764376844.382871389 1764376844.411088943 0
Nov 28 19:40:44 np0005539311.novalocal object-server[96659]: ::1 - - [29/Nov/2025:00:40:44 +0000] "GET /2/161826/AUTH_1f36317bec034bb2906d703b614505b0/gnocchi.faaf7385-58ce-4d04-aa08-a4137629f25b/none_v3" 200 44 "GET http://[::1]:8080/v1/AUTH_1f36317bec034bb2906d703b614505b0/gnocchi.faaf7385-58ce-4d04-aa08-a4137629f25b/none_v3" "tx38f27ea006c648878cf4f-00692a410c" "proxy-server 89446" 0.0007 "-" 96659 0
Nov 28 19:40:44 np0005539311.novalocal proxy-server[89446]: ::1 ::1 29/Nov/2025/00/40/44 GET /v1/AUTH_1f36317bec034bb2906d703b614505b0/gnocchi.faaf7385-58ce-4d04-aa08-a4137629f25b/none_v3 HTTP/1.0 200 - python-swiftclient-4.2.0 gAAAAABpKkDhAXpn... - 44 - tx38f27ea006c648878cf4f-00692a410c - 0.0084 - - 1764376844.405655622 1764376844.414086580 0
Nov 28 19:40:44 np0005539311.novalocal container-server[96356]: ::1 - - [29/Nov/2025:00:40:44 +0000] "GET /1/249392/AUTH_1f36317bec034bb2906d703b614505b0/gnocchi.0b9fba65-9a70-4fc9-8d5b-553c3b666ec0" 200 357 "GET http://[::1]:8080/v1/AUTH_1f36317bec034bb2906d703b614505b0/gnocchi.0b9fba65-9a70-4fc9-8d5b-553c3b666ec0?format=json&states=listing" "tx8e71fd321c6f46f1b60aa-00692a410c" "proxy-server 89446" 0.0056 "-" 96356 0
Nov 28 19:40:44 np0005539311.novalocal proxy-server[89446]: ::1 ::1 29/Nov/2025/00/40/44 GET /v1/AUTH_1f36317bec034bb2906d703b614505b0/gnocchi.0b9fba65-9a70-4fc9-8d5b-553c3b666ec0%3Fformat%3Djson%26states%3Dlisting HTTP/1.0 200 - python-swiftclient-4.2.0 gAAAAABpKkDhMctJ... - 357 - tx8e71fd321c6f46f1b60aa-00692a410c - 0.0156 - - 1764376844.415230989 1764376844.430824280 0
Nov 28 19:40:44 np0005539311.novalocal container-server[96355]: ::1 - - [29/Nov/2025:00:40:44 +0000] "GET /2/245408/AUTH_1f36317bec034bb2906d703b614505b0/gnocchi.faaf7385-58ce-4d04-aa08-a4137629f25b" 200 357 "GET http://[::1]:8080/v1/AUTH_1f36317bec034bb2906d703b614505b0/gnocchi.faaf7385-58ce-4d04-aa08-a4137629f25b?format=json&states=listing" "tx3b16612ed477474fb65d6-00692a410c" "proxy-server 89446" 0.0067 "-" 96355 0
Nov 28 19:40:44 np0005539311.novalocal proxy-server[89446]: ::1 ::1 29/Nov/2025/00/40/44 GET /v1/AUTH_1f36317bec034bb2906d703b614505b0/gnocchi.faaf7385-58ce-4d04-aa08-a4137629f25b%3Fformat%3Djson%26states%3Dlisting HTTP/1.0 200 - python-swiftclient-4.2.0 gAAAAABpKkDhAXpn... - 357 - tx3b16612ed477474fb65d6-00692a410c - 0.0167 - - 1764376844.419952393 1764376844.436678886 0
Nov 28 19:40:44 np0005539311.novalocal container-server[96357]: ::1 - - [29/Nov/2025:00:40:44 +0000] "GET /2/249392/AUTH_1f36317bec034bb2906d703b614505b0/gnocchi.0b9fba65-9a70-4fc9-8d5b-553c3b666ec0" 200 2 "GET http://[::1]:8080/v1/AUTH_1f36317bec034bb2906d703b614505b0/gnocchi.0b9fba65-9a70-4fc9-8d5b-553c3b666ec0?format=json&marker=none_v3&states=listing" "tx7f08f0dcdc1e4aa2a8eef-00692a410c" "proxy-server 89446" 0.0062 "-" 96357 0
Nov 28 19:40:44 np0005539311.novalocal container-server[96358]: ::1 - - [29/Nov/2025:00:40:44 +0000] "GET /3/245408/AUTH_1f36317bec034bb2906d703b614505b0/gnocchi.faaf7385-58ce-4d04-aa08-a4137629f25b" 200 2 "GET http://[::1]:8080/v1/AUTH_1f36317bec034bb2906d703b614505b0/gnocchi.faaf7385-58ce-4d04-aa08-a4137629f25b?format=json&marker=none_v3&states=listing" "tx7abc99f713b54551837d3-00692a410c" "proxy-server 89446" 0.0071 "-" 96358 0
Nov 28 19:40:44 np0005539311.novalocal proxy-server[89446]: ::1 ::1 29/Nov/2025/00/40/44 GET /v1/AUTH_1f36317bec034bb2906d703b614505b0/gnocchi.0b9fba65-9a70-4fc9-8d5b-553c3b666ec0%3Fformat%3Djson%26marker%3Dnone_v3%26states%3Dlisting HTTP/1.0 200 - python-swiftclient-4.2.0 gAAAAABpKkDhMctJ... - 2 - tx7f08f0dcdc1e4aa2a8eef-00692a410c - 0.0197 - - 1764376844.434130430 1764376844.453796387 0
Nov 28 19:40:44 np0005539311.novalocal proxy-server[89446]: ::1 ::1 29/Nov/2025/00/40/44 GET /v1/AUTH_1f36317bec034bb2906d703b614505b0/gnocchi.faaf7385-58ce-4d04-aa08-a4137629f25b%3Fformat%3Djson%26marker%3Dnone_v3%26states%3Dlisting HTTP/1.0 200 - python-swiftclient-4.2.0 gAAAAABpKkDhAXpn... - 2 - tx7abc99f713b54551837d3-00692a410c - 0.0148 - - 1764376844.440819979 1764376844.455618858 0
Nov 28 19:40:44 np0005539311.novalocal object-server[96659]: ::1 - - [29/Nov/2025:00:40:44 +0000] "GET /2/146481/AUTH_1f36317bec034bb2906d703b614505b0/gnocchi.faaf7385-58ce-4d04-aa08-a4137629f25b/1763640000.0_mean_300.0_v3" 200 23 "GET http://[::1]:8080/v1/AUTH_1f36317bec034bb2906d703b614505b0/gnocchi.faaf7385-58ce-4d04-aa08-a4137629f25b/1763640000.0_mean_300.0_v3" "tx8dcec488fd6a4267a69b9-00692a410c" "proxy-server 89446" 0.0006 "-" 96659 0
Nov 28 19:40:44 np0005539311.novalocal proxy-server[89446]: ::1 ::1 29/Nov/2025/00/40/44 GET /v1/AUTH_1f36317bec034bb2906d703b614505b0/gnocchi.faaf7385-58ce-4d04-aa08-a4137629f25b/1763640000.0_mean_300.0_v3 HTTP/1.0 200 - python-swiftclient-4.2.0 gAAAAABpKkDhAXpn... - 23 - tx8dcec488fd6a4267a69b9-00692a410c - 0.0078 - - 1764376844.458558798 1764376844.466310501 0
Nov 28 19:40:44 np0005539311.novalocal object-server[96660]: ::1 - - [29/Nov/2025:00:40:44 +0000] "GET /1/3588/AUTH_1f36317bec034bb2906d703b614505b0/gnocchi.0b9fba65-9a70-4fc9-8d5b-553c3b666ec0/1763640000.0_mean_300.0_v3" 200 22 "GET http://[::1]:8080/v1/AUTH_1f36317bec034bb2906d703b614505b0/gnocchi.0b9fba65-9a70-4fc9-8d5b-553c3b666ec0/1763640000.0_mean_300.0_v3" "tx06f08f5dd912459d86e74-00692a410c" "proxy-server 89446" 0.0006 "-" 96660 0
Nov 28 19:40:44 np0005539311.novalocal proxy-server[89446]: ::1 ::1 29/Nov/2025/00/40/44 GET /v1/AUTH_1f36317bec034bb2906d703b614505b0/gnocchi.0b9fba65-9a70-4fc9-8d5b-553c3b666ec0/1763640000.0_mean_300.0_v3 HTTP/1.0 200 - python-swiftclient-4.2.0 gAAAAABpKkDhMctJ... - 22 - tx06f08f5dd912459d86e74-00692a410c - 0.0132 - - 1764376844.456663132 1764376844.469874382 0
Nov 28 19:40:44 np0005539311.novalocal container-server[96356]: ::1 - - [29/Nov/2025:00:40:44 +0000] "PUT /1/245408/AUTH_1f36317bec034bb2906d703b614505b0/gnocchi.faaf7385-58ce-4d04-aa08-a4137629f25b/1763640000.0_mean_300.0_v3" 201 - "PUT http://[::1]:8080/2/146481/AUTH_1f36317bec034bb2906d703b614505b0/gnocchi.faaf7385-58ce-4d04-aa08-a4137629f25b/1763640000.0_mean_300.0_v3" "tx62cab8e56ea144f2aed51-00692a410c" "object-server 96661" 0.0005 "-" 96356 0
Nov 28 19:40:44 np0005539311.novalocal object-server[96661]: ::1 - - [29/Nov/2025:00:40:44 +0000] "PUT /2/146481/AUTH_1f36317bec034bb2906d703b614505b0/gnocchi.faaf7385-58ce-4d04-aa08-a4137629f25b/1763640000.0_mean_300.0_v3" 201 - "PUT http://[::1]:8080/v1/AUTH_1f36317bec034bb2906d703b614505b0/gnocchi.faaf7385-58ce-4d04-aa08-a4137629f25b/1763640000.0_mean_300.0_v3" "tx62cab8e56ea144f2aed51-00692a410c" "proxy-server 89446" 0.0275 "-" 96661 0
Nov 28 19:40:44 np0005539311.novalocal container-server[96358]: ::1 - - [29/Nov/2025:00:40:44 +0000] "PUT /2/249392/AUTH_1f36317bec034bb2906d703b614505b0/gnocchi.0b9fba65-9a70-4fc9-8d5b-553c3b666ec0/1763640000.0_mean_300.0_v3" 201 - "PUT http://[::1]:8080/1/3588/AUTH_1f36317bec034bb2906d703b614505b0/gnocchi.0b9fba65-9a70-4fc9-8d5b-553c3b666ec0/1763640000.0_mean_300.0_v3" "tx1e91250c78284d02ab3b6-00692a410c" "object-server 96660" 0.0007 "-" 96358 0
Nov 28 19:40:44 np0005539311.novalocal container-server[96358]: ::1 - - [29/Nov/2025:00:40:44 +0000] "PUT /1/249392/AUTH_1f36317bec034bb2906d703b614505b0/gnocchi.0b9fba65-9a70-4fc9-8d5b-553c3b666ec0/1763640000.0_mean_300.0_v3" 201 - "PUT http://[::1]:8080/3/3588/AUTH_1f36317bec034bb2906d703b614505b0/gnocchi.0b9fba65-9a70-4fc9-8d5b-553c3b666ec0/1763640000.0_mean_300.0_v3" "tx1e91250c78284d02ab3b6-00692a410c" "object-server 96659" 0.0003 "-" 96358 0
Nov 28 19:40:44 np0005539311.novalocal container-server[96356]: ::1 - - [29/Nov/2025:00:40:44 +0000] "PUT /2/245408/AUTH_1f36317bec034bb2906d703b614505b0/gnocchi.faaf7385-58ce-4d04-aa08-a4137629f25b/1763640000.0_mean_300.0_v3" 201 - "PUT http://[::1]:8080/1/146481/AUTH_1f36317bec034bb2906d703b614505b0/gnocchi.faaf7385-58ce-4d04-aa08-a4137629f25b/1763640000.0_mean_300.0_v3" "tx62cab8e56ea144f2aed51-00692a410c" "object-server 96659" 0.0007 "-" 96356 0
Nov 28 19:40:44 np0005539311.novalocal object-server[96660]: ::1 - - [29/Nov/2025:00:40:44 +0000] "PUT /1/3588/AUTH_1f36317bec034bb2906d703b614505b0/gnocchi.0b9fba65-9a70-4fc9-8d5b-553c3b666ec0/1763640000.0_mean_300.0_v3" 201 - "PUT http://[::1]:8080/v1/AUTH_1f36317bec034bb2906d703b614505b0/gnocchi.0b9fba65-9a70-4fc9-8d5b-553c3b666ec0/1763640000.0_mean_300.0_v3" "tx1e91250c78284d02ab3b6-00692a410c" "proxy-server 89446" 0.0192 "-" 96660 0
Nov 28 19:40:44 np0005539311.novalocal object-server[96659]: ::1 - - [29/Nov/2025:00:40:44 +0000] "PUT /3/3588/AUTH_1f36317bec034bb2906d703b614505b0/gnocchi.0b9fba65-9a70-4fc9-8d5b-553c3b666ec0/1763640000.0_mean_300.0_v3" 201 - "PUT http://[::1]:8080/v1/AUTH_1f36317bec034bb2906d703b614505b0/gnocchi.0b9fba65-9a70-4fc9-8d5b-553c3b666ec0/1763640000.0_mean_300.0_v3" "tx1e91250c78284d02ab3b6-00692a410c" "proxy-server 89446" 0.0185 "-" 96659 0
Nov 28 19:40:44 np0005539311.novalocal container-server[96356]: ::1 - - [29/Nov/2025:00:40:44 +0000] "PUT /3/249392/AUTH_1f36317bec034bb2906d703b614505b0/gnocchi.0b9fba65-9a70-4fc9-8d5b-553c3b666ec0/1763640000.0_mean_300.0_v3" 201 - "PUT http://[::1]:8080/2/3588/AUTH_1f36317bec034bb2906d703b614505b0/gnocchi.0b9fba65-9a70-4fc9-8d5b-553c3b666ec0/1763640000.0_mean_300.0_v3" "tx1e91250c78284d02ab3b6-00692a410c" "object-server 96659" 0.0003 "-" 96356 0
Nov 28 19:40:44 np0005539311.novalocal object-server[96659]: ::1 - - [29/Nov/2025:00:40:44 +0000] "PUT /1/146481/AUTH_1f36317bec034bb2906d703b614505b0/gnocchi.faaf7385-58ce-4d04-aa08-a4137629f25b/1763640000.0_mean_300.0_v3" 201 - "PUT http://[::1]:8080/v1/AUTH_1f36317bec034bb2906d703b614505b0/gnocchi.faaf7385-58ce-4d04-aa08-a4137629f25b/1763640000.0_mean_300.0_v3" "tx62cab8e56ea144f2aed51-00692a410c" "proxy-server 89446" 0.0363 "-" 96659 0
Nov 28 19:40:44 np0005539311.novalocal container-server[96357]: ::1 - - [29/Nov/2025:00:40:44 +0000] "PUT /3/245408/AUTH_1f36317bec034bb2906d703b614505b0/gnocchi.faaf7385-58ce-4d04-aa08-a4137629f25b/1763640000.0_mean_300.0_v3" 201 - "PUT http://[::1]:8080/3/146481/AUTH_1f36317bec034bb2906d703b614505b0/gnocchi.faaf7385-58ce-4d04-aa08-a4137629f25b/1763640000.0_mean_300.0_v3" "tx62cab8e56ea144f2aed51-00692a410c" "object-server 96661" 0.0005 "-" 96357 0
Nov 28 19:40:44 np0005539311.novalocal object-server[96659]: ::1 - - [29/Nov/2025:00:40:44 +0000] "PUT /2/3588/AUTH_1f36317bec034bb2906d703b614505b0/gnocchi.0b9fba65-9a70-4fc9-8d5b-553c3b666ec0/1763640000.0_mean_300.0_v3" 201 - "PUT http://[::1]:8080/v1/AUTH_1f36317bec034bb2906d703b614505b0/gnocchi.0b9fba65-9a70-4fc9-8d5b-553c3b666ec0/1763640000.0_mean_300.0_v3" "tx1e91250c78284d02ab3b6-00692a410c" "proxy-server 89446" 0.0257 "-" 96659 0
Nov 28 19:40:44 np0005539311.novalocal object-server[96661]: ::1 - - [29/Nov/2025:00:40:44 +0000] "PUT /3/146481/AUTH_1f36317bec034bb2906d703b614505b0/gnocchi.faaf7385-58ce-4d04-aa08-a4137629f25b/1763640000.0_mean_300.0_v3" 201 - "PUT http://[::1]:8080/v1/AUTH_1f36317bec034bb2906d703b614505b0/gnocchi.faaf7385-58ce-4d04-aa08-a4137629f25b/1763640000.0_mean_300.0_v3" "tx62cab8e56ea144f2aed51-00692a410c" "proxy-server 89446" 0.0354 "-" 96661 0
Nov 28 19:40:44 np0005539311.novalocal proxy-server[89446]: ::1 ::1 29/Nov/2025/00/40/44 PUT /v1/AUTH_1f36317bec034bb2906d703b614505b0/gnocchi.0b9fba65-9a70-4fc9-8d5b-553c3b666ec0/1763640000.0_mean_300.0_v3 HTTP/1.0 201 - python-swiftclient-4.2.0 gAAAAABpKkDhMctJ... 22 - - tx1e91250c78284d02ab3b6-00692a410c - 0.0407 - - 1764376844.478817463 1764376844.519469976 0
Nov 28 19:40:44 np0005539311.novalocal proxy-server[89446]: ::1 ::1 29/Nov/2025/00/40/44 PUT /v1/AUTH_1f36317bec034bb2906d703b614505b0/gnocchi.faaf7385-58ce-4d04-aa08-a4137629f25b/1763640000.0_mean_300.0_v3 HTTP/1.0 201 - python-swiftclient-4.2.0 gAAAAABpKkDhAXpn... 23 - - tx62cab8e56ea144f2aed51-00692a410c - 0.0516 - - 1764376844.468944311 1764376844.520505428 0
Nov 28 19:40:44 np0005539311.novalocal container-server[96356]: ::1 - - [29/Nov/2025:00:40:44 +0000] "PUT /1/245408/AUTH_1f36317bec034bb2906d703b614505b0/gnocchi.faaf7385-58ce-4d04-aa08-a4137629f25b/none_v3" 201 - "PUT http://[::1]:8080/1/161826/AUTH_1f36317bec034bb2906d703b614505b0/gnocchi.faaf7385-58ce-4d04-aa08-a4137629f25b/none_v3" "txe22cf5f0dd1f4998b55b5-00692a410c" "object-server 96659" 0.0005 "-" 96356 0
Nov 28 19:40:44 np0005539311.novalocal object-server[96659]: ::1 - - [29/Nov/2025:00:40:44 +0000] "PUT /1/161826/AUTH_1f36317bec034bb2906d703b614505b0/gnocchi.faaf7385-58ce-4d04-aa08-a4137629f25b/none_v3" 201 - "PUT http://[::1]:8080/v1/AUTH_1f36317bec034bb2906d703b614505b0/gnocchi.faaf7385-58ce-4d04-aa08-a4137629f25b/none_v3" "txe22cf5f0dd1f4998b55b5-00692a410c" "proxy-server 89446" 0.0125 "-" 96659 0
Nov 28 19:40:44 np0005539311.novalocal container-server[96355]: ::1 - - [29/Nov/2025:00:40:44 +0000] "PUT /2/249392/AUTH_1f36317bec034bb2906d703b614505b0/gnocchi.0b9fba65-9a70-4fc9-8d5b-553c3b666ec0/none_v3" 201 - "PUT http://[::1]:8080/2/156553/AUTH_1f36317bec034bb2906d703b614505b0/gnocchi.0b9fba65-9a70-4fc9-8d5b-553c3b666ec0/none_v3" "tx728b32ee9b3d4c3598b82-00692a410c" "object-server 96660" 0.0006 "-" 96355 0
Nov 28 19:40:44 np0005539311.novalocal container-server[96357]: ::1 - - [29/Nov/2025:00:40:44 +0000] "PUT /3/249392/AUTH_1f36317bec034bb2906d703b614505b0/gnocchi.0b9fba65-9a70-4fc9-8d5b-553c3b666ec0/none_v3" 201 - "PUT http://[::1]:8080/3/156553/AUTH_1f36317bec034bb2906d703b614505b0/gnocchi.0b9fba65-9a70-4fc9-8d5b-553c3b666ec0/none_v3" "tx728b32ee9b3d4c3598b82-00692a410c" "object-server 96661" 0.0005 "-" 96357 0
Nov 28 19:40:44 np0005539311.novalocal object-server[96660]: ::1 - - [29/Nov/2025:00:40:44 +0000] "PUT /2/156553/AUTH_1f36317bec034bb2906d703b614505b0/gnocchi.0b9fba65-9a70-4fc9-8d5b-553c3b666ec0/none_v3" 201 - "PUT http://[::1]:8080/v1/AUTH_1f36317bec034bb2906d703b614505b0/gnocchi.0b9fba65-9a70-4fc9-8d5b-553c3b666ec0/none_v3" "tx728b32ee9b3d4c3598b82-00692a410c" "proxy-server 89446" 0.0113 "-" 96660 0
Nov 28 19:40:44 np0005539311.novalocal container-server[96357]: ::1 - - [29/Nov/2025:00:40:44 +0000] "PUT /3/245408/AUTH_1f36317bec034bb2906d703b614505b0/gnocchi.faaf7385-58ce-4d04-aa08-a4137629f25b/none_v3" 201 - "PUT http://[::1]:8080/2/161826/AUTH_1f36317bec034bb2906d703b614505b0/gnocchi.faaf7385-58ce-4d04-aa08-a4137629f25b/none_v3" "txe22cf5f0dd1f4998b55b5-00692a410c" "object-server 96662" 0.0003 "-" 96357 0
Nov 28 19:40:44 np0005539311.novalocal object-server[96661]: ::1 - - [29/Nov/2025:00:40:44 +0000] "PUT /3/156553/AUTH_1f36317bec034bb2906d703b614505b0/gnocchi.0b9fba65-9a70-4fc9-8d5b-553c3b666ec0/none_v3" 201 - "PUT http://[::1]:8080/v1/AUTH_1f36317bec034bb2906d703b614505b0/gnocchi.0b9fba65-9a70-4fc9-8d5b-553c3b666ec0/none_v3" "tx728b32ee9b3d4c3598b82-00692a410c" "proxy-server 89446" 0.0116 "-" 96661 0
Nov 28 19:40:44 np0005539311.novalocal container-server[96357]: ::1 - - [29/Nov/2025:00:40:44 +0000] "PUT /1/249392/AUTH_1f36317bec034bb2906d703b614505b0/gnocchi.0b9fba65-9a70-4fc9-8d5b-553c3b666ec0/none_v3" 201 - "PUT http://[::1]:8080/1/156553/AUTH_1f36317bec034bb2906d703b614505b0/gnocchi.0b9fba65-9a70-4fc9-8d5b-553c3b666ec0/none_v3" "tx728b32ee9b3d4c3598b82-00692a410c" "object-server 96659" 0.0003 "-" 96357 0
Nov 28 19:40:44 np0005539311.novalocal object-server[96659]: ::1 - - [29/Nov/2025:00:40:44 +0000] "PUT /1/156553/AUTH_1f36317bec034bb2906d703b614505b0/gnocchi.0b9fba65-9a70-4fc9-8d5b-553c3b666ec0/none_v3" 201 - "PUT http://[::1]:8080/v1/AUTH_1f36317bec034bb2906d703b614505b0/gnocchi.0b9fba65-9a70-4fc9-8d5b-553c3b666ec0/none_v3" "tx728b32ee9b3d4c3598b82-00692a410c" "proxy-server 89446" 0.0136 "-" 96659 0
Nov 28 19:40:44 np0005539311.novalocal proxy-server[89446]: ::1 ::1 29/Nov/2025/00/40/44 PUT /v1/AUTH_1f36317bec034bb2906d703b614505b0/gnocchi.0b9fba65-9a70-4fc9-8d5b-553c3b666ec0/none_v3 HTTP/1.0 201 - python-swiftclient-4.2.0 gAAAAABpKkDhMctJ... 50 - - tx728b32ee9b3d4c3598b82-00692a410c - 0.0252 - - 1764376844.521806240 1764376844.547001362 0
Nov 28 19:40:44 np0005539311.novalocal object-server[96662]: ::1 - - [29/Nov/2025:00:40:44 +0000] "PUT /2/161826/AUTH_1f36317bec034bb2906d703b614505b0/gnocchi.faaf7385-58ce-4d04-aa08-a4137629f25b/none_v3" 201 - "PUT http://[::1]:8080/v1/AUTH_1f36317bec034bb2906d703b614505b0/gnocchi.faaf7385-58ce-4d04-aa08-a4137629f25b/none_v3" "txe22cf5f0dd1f4998b55b5-00692a410c" "proxy-server 89446" 0.0192 "-" 96662 0
