Nov 28 19:40:26 np0005539311.novalocal account-server[96063]: ::1 - - [29/Nov/2025:00:40:26 +0000] "PUT /2/183006/AUTH_1f36317bec034bb2906d703b614505b0/gnocchi.1753e439-a6c8-4f8c-a831-ae06f36244b9" 201 - "PUT http://[::1]:6001/2/159593/AUTH_1f36317bec034bb2906d703b614505b0/gnocchi.1753e439-a6c8-4f8c-a831-ae06f36244b9" "tx46065f2ab5a34f649609c-00692a40fa" "container-server 96357" 0.0043 "-" 96063 0
Nov 28 19:40:26 np0005539311.novalocal account-server[96062]: ::1 - - [29/Nov/2025:00:40:26 +0000] "PUT /3/183006/AUTH_1f36317bec034bb2906d703b614505b0/gnocchi.1753e439-a6c8-4f8c-a831-ae06f36244b9" 201 - "PUT http://[::1]:6001/1/159593/AUTH_1f36317bec034bb2906d703b614505b0/gnocchi.1753e439-a6c8-4f8c-a831-ae06f36244b9" "tx46065f2ab5a34f649609c-00692a40fa" "container-server 96355" 0.0057 "-" 96062 0
Nov 28 19:40:26 np0005539311.novalocal container-server[96357]: ::1 - - [29/Nov/2025:00:40:26 +0000] "PUT /2/159593/AUTH_1f36317bec034bb2906d703b614505b0/gnocchi.1753e439-a6c8-4f8c-a831-ae06f36244b9" 201 - "PUT http://[::1]:8080/v1/AUTH_1f36317bec034bb2906d703b614505b0/gnocchi.1753e439-a6c8-4f8c-a831-ae06f36244b9" "tx46065f2ab5a34f649609c-00692a40fa" "proxy-server 89446" 0.0155 "-" 96357 0
Nov 28 19:40:26 np0005539311.novalocal container-server[96355]: ::1 - - [29/Nov/2025:00:40:26 +0000] "PUT /1/159593/AUTH_1f36317bec034bb2906d703b614505b0/gnocchi.1753e439-a6c8-4f8c-a831-ae06f36244b9" 201 - "PUT http://[::1]:8080/v1/AUTH_1f36317bec034bb2906d703b614505b0/gnocchi.1753e439-a6c8-4f8c-a831-ae06f36244b9" "tx46065f2ab5a34f649609c-00692a40fa" "proxy-server 89446" 0.0184 "-" 96355 0
Nov 28 19:40:26 np0005539311.novalocal container-server[96355]: ::1 - - [29/Nov/2025:00:40:26 +0000] "PUT /3/224625/AUTH_1f36317bec034bb2906d703b614505b0/gnocchi.f3d3521f-28e7-4480-aa88-c4907a22d994/1763640000.0_mean_300.0_v3" 201 - "PUT http://[::1]:8080/2/219104/AUTH_1f36317bec034bb2906d703b614505b0/gnocchi.f3d3521f-28e7-4480-aa88-c4907a22d994/1763640000.0_mean_300.0_v3" "tx5ceb038048f546d08a565-00692a40fa" "object-server 96660" 0.0007 "-" 96355 0
Nov 28 19:40:26 np0005539311.novalocal object-server[96660]: ::1 - - [29/Nov/2025:00:40:26 +0000] "PUT /2/219104/AUTH_1f36317bec034bb2906d703b614505b0/gnocchi.f3d3521f-28e7-4480-aa88-c4907a22d994/1763640000.0_mean_300.0_v3" 201 - "PUT http://[::1]:8080/v1/AUTH_1f36317bec034bb2906d703b614505b0/gnocchi.f3d3521f-28e7-4480-aa88-c4907a22d994/1763640000.0_mean_300.0_v3" "tx5ceb038048f546d08a565-00692a40fa" "proxy-server 89446" 0.0171 "-" 96660 0
Nov 28 19:40:26 np0005539311.novalocal proxy-server[89446]: ::1 ::1 29/Nov/2025/00/40/26 PUT /v1/AUTH_1f36317bec034bb2906d703b614505b0/gnocchi.f3d3521f-28e7-4480-aa88-c4907a22d994/1763640000.0_mean_300.0_v3 HTTP/1.0 201 - python-swiftclient-4.2.0 gAAAAABpKkDhAXpn... 16 - - tx5ceb038048f546d08a565-00692a40fa - 0.0232 - - 1764376826.757132292 1764376826.780343533 0
Nov 28 19:40:26 np0005539311.novalocal account-server[96062]: ::1 - - [29/Nov/2025:00:40:26 +0000] "PUT /1/183006/AUTH_1f36317bec034bb2906d703b614505b0/gnocchi.1753e439-a6c8-4f8c-a831-ae06f36244b9" 201 - "PUT http://[::1]:6001/3/159593/AUTH_1f36317bec034bb2906d703b614505b0/gnocchi.1753e439-a6c8-4f8c-a831-ae06f36244b9" "tx46065f2ab5a34f649609c-00692a40fa" "container-server 96355" 0.0048 "-" 96062 0
Nov 28 19:40:26 np0005539311.novalocal container-server[96355]: ::1 - - [29/Nov/2025:00:40:26 +0000] "PUT /3/159593/AUTH_1f36317bec034bb2906d703b614505b0/gnocchi.1753e439-a6c8-4f8c-a831-ae06f36244b9" 201 - "PUT http://[::1]:8080/v1/AUTH_1f36317bec034bb2906d703b614505b0/gnocchi.1753e439-a6c8-4f8c-a831-ae06f36244b9" "tx46065f2ab5a34f649609c-00692a40fa" "proxy-server 89446" 0.0150 "-" 96355 0
Nov 28 19:40:26 np0005539311.novalocal proxy-server[89446]: ::1 ::1 29/Nov/2025/00/40/26 PUT /v1/AUTH_1f36317bec034bb2906d703b614505b0/gnocchi.1753e439-a6c8-4f8c-a831-ae06f36244b9 HTTP/1.0 201 - python-swiftclient-4.2.0 gAAAAABpKkDhMctJ... - - - tx46065f2ab5a34f649609c-00692a40fa - 0.0315 - - 1764376826.752608061 1764376826.784095287 0
Nov 28 19:40:26 np0005539311.novalocal container-server[96357]: ::1 - - [29/Nov/2025:00:40:26 +0000] "HEAD /3/159593/AUTH_1f36317bec034bb2906d703b614505b0/gnocchi.1753e439-a6c8-4f8c-a831-ae06f36244b9" 204 - "HEAD http://[::1]:8080/v1/AUTH_1f36317bec034bb2906d703b614505b0/gnocchi.1753e439-a6c8-4f8c-a831-ae06f36244b9?format=json&states=listing" "tx80c461aae4c047009cc91-00692a40fa" "proxy-server 89446" 0.0017 "-" 96357 0
Nov 28 19:40:26 np0005539311.novalocal object-server[90077]: Starting object reconstruction pass.
Nov 28 19:40:26 np0005539311.novalocal object-server[90077]: Nothing reconstructed for 0.0003211498260498047 seconds.
Nov 28 19:40:26 np0005539311.novalocal object-server[90077]: Object reconstruction complete. (0.00 minutes)
Nov 28 19:40:26 np0005539311.novalocal container-server[96355]: ::1 - - [29/Nov/2025:00:40:26 +0000] "PUT /2/224625/AUTH_1f36317bec034bb2906d703b614505b0/gnocchi.f3d3521f-28e7-4480-aa88-c4907a22d994/none_v3" 201 - "PUT http://[::1]:8080/1/202357/AUTH_1f36317bec034bb2906d703b614505b0/gnocchi.f3d3521f-28e7-4480-aa88-c4907a22d994/none_v3" "tx9f0cfe3c53cf4ee5a5c8d-00692a40fa" "object-server 96661" 0.0010 "-" 96355 0
Nov 28 19:40:26 np0005539311.novalocal object-server[96661]: ::1 - - [29/Nov/2025:00:40:26 +0000] "PUT /1/202357/AUTH_1f36317bec034bb2906d703b614505b0/gnocchi.f3d3521f-28e7-4480-aa88-c4907a22d994/none_v3" 201 - "PUT http://[::1]:8080/v1/AUTH_1f36317bec034bb2906d703b614505b0/gnocchi.f3d3521f-28e7-4480-aa88-c4907a22d994/none_v3" "tx9f0cfe3c53cf4ee5a5c8d-00692a40fa" "proxy-server 89446" 0.0135 "-" 96661 0
Nov 28 19:40:26 np0005539311.novalocal container-server[96355]: ::1 - - [29/Nov/2025:00:40:26 +0000] "PUT /1/224625/AUTH_1f36317bec034bb2906d703b614505b0/gnocchi.f3d3521f-28e7-4480-aa88-c4907a22d994/none_v3" 201 - "PUT http://[::1]:8080/2/202357/AUTH_1f36317bec034bb2906d703b614505b0/gnocchi.f3d3521f-28e7-4480-aa88-c4907a22d994/none_v3" "tx9f0cfe3c53cf4ee5a5c8d-00692a40fa" "object-server 96659" 0.0003 "-" 96355 0
Nov 28 19:40:26 np0005539311.novalocal container-server[96358]: ::1 - - [29/Nov/2025:00:40:26 +0000] "GET /2/159593/AUTH_1f36317bec034bb2906d703b614505b0/gnocchi.1753e439-a6c8-4f8c-a831-ae06f36244b9" 200 2 "GET http://[::1]:8080/v1/AUTH_1f36317bec034bb2906d703b614505b0/gnocchi.1753e439-a6c8-4f8c-a831-ae06f36244b9?format=json&states=listing" "tx80c461aae4c047009cc91-00692a40fa" "proxy-server 89446" 0.0030 "-" 96358 0
Nov 28 19:40:26 np0005539311.novalocal object-server[96659]: ::1 - - [29/Nov/2025:00:40:26 +0000] "PUT /2/202357/AUTH_1f36317bec034bb2906d703b614505b0/gnocchi.f3d3521f-28e7-4480-aa88-c4907a22d994/none_v3" 201 - "PUT http://[::1]:8080/v1/AUTH_1f36317bec034bb2906d703b614505b0/gnocchi.f3d3521f-28e7-4480-aa88-c4907a22d994/none_v3" "tx9f0cfe3c53cf4ee5a5c8d-00692a40fa" "proxy-server 89446" 0.0129 "-" 96659 0
Nov 28 19:40:26 np0005539311.novalocal container-server[96358]: ::1 - - [29/Nov/2025:00:40:26 +0000] "PUT /3/224625/AUTH_1f36317bec034bb2906d703b614505b0/gnocchi.f3d3521f-28e7-4480-aa88-c4907a22d994/none_v3" 201 - "PUT http://[::1]:8080/3/202357/AUTH_1f36317bec034bb2906d703b614505b0/gnocchi.f3d3521f-28e7-4480-aa88-c4907a22d994/none_v3" "tx9f0cfe3c53cf4ee5a5c8d-00692a40fa" "object-server 96662" 0.0006 "-" 96358 0
Nov 28 19:40:26 np0005539311.novalocal proxy-server[89446]: ::1 ::1 29/Nov/2025/00/40/26 GET /v1/AUTH_1f36317bec034bb2906d703b614505b0/gnocchi.1753e439-a6c8-4f8c-a831-ae06f36244b9%3Fformat%3Djson%26states%3Dlisting HTTP/1.0 200 - python-swiftclient-4.2.0 gAAAAABpKkDhMctJ... - 2 - tx80c461aae4c047009cc91-00692a40fa - 0.0165 - - 1764376826.790344477 1764376826.806869030 0
Nov 28 19:40:26 np0005539311.novalocal object-server[96662]: ::1 - - [29/Nov/2025:00:40:26 +0000] "PUT /3/202357/AUTH_1f36317bec034bb2906d703b614505b0/gnocchi.f3d3521f-28e7-4480-aa88-c4907a22d994/none_v3" 201 - "PUT http://[::1]:8080/v1/AUTH_1f36317bec034bb2906d703b614505b0/gnocchi.f3d3521f-28e7-4480-aa88-c4907a22d994/none_v3" "tx9f0cfe3c53cf4ee5a5c8d-00692a40fa" "proxy-server 89446" 0.0155 "-" 96662 0
Nov 28 19:40:26 np0005539311.novalocal proxy-server[89446]: ::1 ::1 29/Nov/2025/00/40/26 PUT /v1/AUTH_1f36317bec034bb2906d703b614505b0/gnocchi.f3d3521f-28e7-4480-aa88-c4907a22d994/none_v3 HTTP/1.0 201 - python-swiftclient-4.2.0 gAAAAABpKkDhAXpn... 22 - - tx9f0cfe3c53cf4ee5a5c8d-00692a40fa - 0.0253 - - 1764376826.783700466 1764376826.808972120 0
Nov 28 19:40:26 np0005539311.novalocal object-server[96659]: ::1 - - [29/Nov/2025:00:40:26 +0000] "GET /1/102091/AUTH_1f36317bec034bb2906d703b614505b0/gnocchi.1753e439-a6c8-4f8c-a831-ae06f36244b9/1763640000.0_mean_300.0_v3" 404 70 "GET http://[::1]:8080/v1/AUTH_1f36317bec034bb2906d703b614505b0/gnocchi.1753e439-a6c8-4f8c-a831-ae06f36244b9/1763640000.0_mean_300.0_v3" "tx67b45225773d425ea3798-00692a40fa" "proxy-server 89446" 0.0003 "-" 96659 0
Nov 28 19:40:26 np0005539311.novalocal object-server[96660]: ::1 - - [29/Nov/2025:00:40:26 +0000] "GET /2/102091/AUTH_1f36317bec034bb2906d703b614505b0/gnocchi.1753e439-a6c8-4f8c-a831-ae06f36244b9/1763640000.0_mean_300.0_v3" 404 70 "GET http://[::1]:8080/v1/AUTH_1f36317bec034bb2906d703b614505b0/gnocchi.1753e439-a6c8-4f8c-a831-ae06f36244b9/1763640000.0_mean_300.0_v3" "tx67b45225773d425ea3798-00692a40fa" "proxy-server 89446" 0.0003 "-" 96660 0
Nov 28 19:40:26 np0005539311.novalocal object-server[96660]: ::1 - - [29/Nov/2025:00:40:26 +0000] "GET /3/102091/AUTH_1f36317bec034bb2906d703b614505b0/gnocchi.1753e439-a6c8-4f8c-a831-ae06f36244b9/1763640000.0_mean_300.0_v3" 404 70 "GET http://[::1]:8080/v1/AUTH_1f36317bec034bb2906d703b614505b0/gnocchi.1753e439-a6c8-4f8c-a831-ae06f36244b9/1763640000.0_mean_300.0_v3" "tx67b45225773d425ea3798-00692a40fa" "proxy-server 89446" 0.0002 "-" 96660 0
Nov 28 19:40:26 np0005539311.novalocal proxy-server[89446]: ::1 ::1 29/Nov/2025/00/40/26 GET /v1/AUTH_1f36317bec034bb2906d703b614505b0/gnocchi.1753e439-a6c8-4f8c-a831-ae06f36244b9/1763640000.0_mean_300.0_v3 HTTP/1.0 404 - python-swiftclient-4.2.0 gAAAAABpKkDhMctJ... - 70 - tx67b45225773d425ea3798-00692a40fa - 0.0115 - - 1764376826.809772491 1764376826.821304560 0
Nov 28 19:40:26 np0005539311.novalocal kernel: iscsi: registered transport (tcp)
Nov 28 19:40:26 np0005539311.novalocal kernel: scsi host2: iSCSI Initiator over TCP/IP
Nov 28 19:40:26 np0005539311.novalocal container-server[96355]: ::1 - - [29/Nov/2025:00:40:26 +0000] "PUT /3/159593/AUTH_1f36317bec034bb2906d703b614505b0/gnocchi.1753e439-a6c8-4f8c-a831-ae06f36244b9/1763640000.0_mean_300.0_v3" 201 - "PUT http://[::1]:8080/2/102091/AUTH_1f36317bec034bb2906d703b614505b0/gnocchi.1753e439-a6c8-4f8c-a831-ae06f36244b9/1763640000.0_mean_300.0_v3" "txe37068b1bbaf471fab39a-00692a40fa" "object-server 96659" 0.0007 "-" 96355 0
Nov 28 19:40:26 np0005539311.novalocal container-server[96356]: ::1 - - [29/Nov/2025:00:40:26 +0000] "PUT /2/159593/AUTH_1f36317bec034bb2906d703b614505b0/gnocchi.1753e439-a6c8-4f8c-a831-ae06f36244b9/1763640000.0_mean_300.0_v3" 201 - "PUT http://[::1]:8080/1/102091/AUTH_1f36317bec034bb2906d703b614505b0/gnocchi.1753e439-a6c8-4f8c-a831-ae06f36244b9/1763640000.0_mean_300.0_v3" "txe37068b1bbaf471fab39a-00692a40fa" "object-server 96660" 0.0008 "-" 96356 0
Nov 28 19:40:26 np0005539311.novalocal iscsid[80424]: iscsid: Connection1:0 to [target: iqn.2010-10.org.openstack:volume-6a2a6915-7164-4940-b0df-6899aea6dcd8, portal: ::1,3260] through [iface: default] is operational now
Nov 28 19:40:26 np0005539311.novalocal object-server[96660]: ::1 - - [29/Nov/2025:00:40:26 +0000] "PUT /1/102091/AUTH_1f36317bec034bb2906d703b614505b0/gnocchi.1753e439-a6c8-4f8c-a831-ae06f36244b9/1763640000.0_mean_300.0_v3" 201 - "PUT http://[::1]:8080/v1/AUTH_1f36317bec034bb2906d703b614505b0/gnocchi.1753e439-a6c8-4f8c-a831-ae06f36244b9/1763640000.0_mean_300.0_v3" "txe37068b1bbaf471fab39a-00692a40fa" "proxy-server 89446" 0.0148 "-" 96660 0
Nov 28 19:40:26 np0005539311.novalocal container-server[96357]: ::1 - - [29/Nov/2025:00:40:26 +0000] "PUT /1/159593/AUTH_1f36317bec034bb2906d703b614505b0/gnocchi.1753e439-a6c8-4f8c-a831-ae06f36244b9/1763640000.0_mean_300.0_v3" 201 - "PUT http://[::1]:8080/3/102091/AUTH_1f36317bec034bb2906d703b614505b0/gnocchi.1753e439-a6c8-4f8c-a831-ae06f36244b9/1763640000.0_mean_300.0_v3" "txe37068b1bbaf471fab39a-00692a40fa" "object-server 96660" 0.0008 "-" 96357 0
Nov 28 19:40:26 np0005539311.novalocal object-server[96659]: ::1 - - [29/Nov/2025:00:40:26 +0000] "PUT /2/102091/AUTH_1f36317bec034bb2906d703b614505b0/gnocchi.1753e439-a6c8-4f8c-a831-ae06f36244b9/1763640000.0_mean_300.0_v3" 201 - "PUT http://[::1]:8080/v1/AUTH_1f36317bec034bb2906d703b614505b0/gnocchi.1753e439-a6c8-4f8c-a831-ae06f36244b9/1763640000.0_mean_300.0_v3" "txe37068b1bbaf471fab39a-00692a40fa" "proxy-server 89446" 0.0145 "-" 96659 0
Nov 28 19:40:26 np0005539311.novalocal object-server[96660]: ::1 - - [29/Nov/2025:00:40:26 +0000] "PUT /3/102091/AUTH_1f36317bec034bb2906d703b614505b0/gnocchi.1753e439-a6c8-4f8c-a831-ae06f36244b9/1763640000.0_mean_300.0_v3" 201 - "PUT http://[::1]:8080/v1/AUTH_1f36317bec034bb2906d703b614505b0/gnocchi.1753e439-a6c8-4f8c-a831-ae06f36244b9/1763640000.0_mean_300.0_v3" "txe37068b1bbaf471fab39a-00692a40fa" "proxy-server 89446" 0.0150 "-" 96660 0
Nov 28 19:40:26 np0005539311.novalocal proxy-server[89446]: ::1 ::1 29/Nov/2025/00/40/26 PUT /v1/AUTH_1f36317bec034bb2906d703b614505b0/gnocchi.1753e439-a6c8-4f8c-a831-ae06f36244b9/1763640000.0_mean_300.0_v3 HTTP/1.0 201 - python-swiftclient-4.2.0 gAAAAABpKkDhMctJ... 16 - - txe37068b1bbaf471fab39a-00692a40fa - 0.0227 - - 1764376826.823288202 1764376826.845958233 0
Nov 28 19:40:26 np0005539311.novalocal container-server[96356]: ::1 - - [29/Nov/2025:00:40:26 +0000] "PUT /1/159593/AUTH_1f36317bec034bb2906d703b614505b0/gnocchi.1753e439-a6c8-4f8c-a831-ae06f36244b9/none_v3" 201 - "PUT http://[::1]:8080/2/81609/AUTH_1f36317bec034bb2906d703b614505b0/gnocchi.1753e439-a6c8-4f8c-a831-ae06f36244b9/none_v3" "tx8802b3fe0d294e16b56e2-00692a40fa" "object-server 96662" 0.0004 "-" 96356 0
Nov 28 19:40:26 np0005539311.novalocal container-server[96356]: ::1 - - [29/Nov/2025:00:40:26 +0000] "PUT /3/159593/AUTH_1f36317bec034bb2906d703b614505b0/gnocchi.1753e439-a6c8-4f8c-a831-ae06f36244b9/none_v3" 201 - "PUT http://[::1]:8080/3/81609/AUTH_1f36317bec034bb2906d703b614505b0/gnocchi.1753e439-a6c8-4f8c-a831-ae06f36244b9/none_v3" "tx8802b3fe0d294e16b56e2-00692a40fa" "object-server 96660" 0.0003 "-" 96356 0
Nov 28 19:40:26 np0005539311.novalocal container-server[96358]: ::1 - - [29/Nov/2025:00:40:26 +0000] "PUT /2/159593/AUTH_1f36317bec034bb2906d703b614505b0/gnocchi.1753e439-a6c8-4f8c-a831-ae06f36244b9/none_v3" 201 - "PUT http://[::1]:8080/1/81609/AUTH_1f36317bec034bb2906d703b614505b0/gnocchi.1753e439-a6c8-4f8c-a831-ae06f36244b9/none_v3" "tx8802b3fe0d294e16b56e2-00692a40fa" "object-server 96659" 0.0005 "-" 96358 0
Nov 28 19:40:26 np0005539311.novalocal object-server[96660]: ::1 - - [29/Nov/2025:00:40:26 +0000] "PUT /3/81609/AUTH_1f36317bec034bb2906d703b614505b0/gnocchi.1753e439-a6c8-4f8c-a831-ae06f36244b9/none_v3" 201 - "PUT http://[::1]:8080/v1/AUTH_1f36317bec034bb2906d703b614505b0/gnocchi.1753e439-a6c8-4f8c-a831-ae06f36244b9/none_v3" "tx8802b3fe0d294e16b56e2-00692a40fa" "proxy-server 89446" 0.0105 "-" 96660 0
Nov 28 19:40:26 np0005539311.novalocal container-server[96355]: ::1 - - [29/Nov/2025:00:40:26 +0000] "HEAD /1/92777/AUTH_1f36317bec034bb2906d703b614505b0/gnocchi.36822ff3-d864-423a-befd-204b51dfcaba" 404 - "HEAD http://[::1]:8080/v1/AUTH_1f36317bec034bb2906d703b614505b0/gnocchi.36822ff3-d864-423a-befd-204b51dfcaba?format=json&states=listing" "tx64b2929d79154e8ba9bb8-00692a40fa" "proxy-server 89446" 0.0004 "-" 96355 0
Nov 28 19:40:26 np0005539311.novalocal object-server[96662]: ::1 - - [29/Nov/2025:00:40:26 +0000] "PUT /2/81609/AUTH_1f36317bec034bb2906d703b614505b0/gnocchi.1753e439-a6c8-4f8c-a831-ae06f36244b9/none_v3" 201 - "PUT http://[::1]:8080/v1/AUTH_1f36317bec034bb2906d703b614505b0/gnocchi.1753e439-a6c8-4f8c-a831-ae06f36244b9/none_v3" "tx8802b3fe0d294e16b56e2-00692a40fa" "proxy-server 89446" 0.0104 "-" 96662 0
Nov 28 19:40:26 np0005539311.novalocal object-server[96659]: ::1 - - [29/Nov/2025:00:40:26 +0000] "PUT /1/81609/AUTH_1f36317bec034bb2906d703b614505b0/gnocchi.1753e439-a6c8-4f8c-a831-ae06f36244b9/none_v3" 201 - "PUT http://[::1]:8080/v1/AUTH_1f36317bec034bb2906d703b614505b0/gnocchi.1753e439-a6c8-4f8c-a831-ae06f36244b9/none_v3" "tx8802b3fe0d294e16b56e2-00692a40fa" "proxy-server 89446" 0.0116 "-" 96659 0
Nov 28 19:40:26 np0005539311.novalocal container-server[96355]: ::1 - - [29/Nov/2025:00:40:26 +0000] "HEAD /3/92777/AUTH_1f36317bec034bb2906d703b614505b0/gnocchi.36822ff3-d864-423a-befd-204b51dfcaba" 404 - "HEAD http://[::1]:8080/v1/AUTH_1f36317bec034bb2906d703b614505b0/gnocchi.36822ff3-d864-423a-befd-204b51dfcaba?format=json&states=listing" "tx64b2929d79154e8ba9bb8-00692a40fa" "proxy-server 89446" 0.0002 "-" 96355 0
Nov 28 19:40:26 np0005539311.novalocal proxy-server[89446]: ::1 ::1 29/Nov/2025/00/40/26 PUT /v1/AUTH_1f36317bec034bb2906d703b614505b0/gnocchi.1753e439-a6c8-4f8c-a831-ae06f36244b9/none_v3 HTTP/1.0 201 - python-swiftclient-4.2.0 gAAAAABpKkDhMctJ... 22 - - tx8802b3fe0d294e16b56e2-00692a40fa - 0.0231 - - 1764376826.849561930 1764376826.872631550 0
Nov 28 19:40:26 np0005539311.novalocal container-server[96355]: ::1 - - [29/Nov/2025:00:40:26 +0000] "HEAD /2/92777/AUTH_1f36317bec034bb2906d703b614505b0/gnocchi.36822ff3-d864-423a-befd-204b51dfcaba" 404 - "HEAD http://[::1]:8080/v1/AUTH_1f36317bec034bb2906d703b614505b0/gnocchi.36822ff3-d864-423a-befd-204b51dfcaba?format=json&states=listing" "tx64b2929d79154e8ba9bb8-00692a40fa" "proxy-server 89446" 0.0004 "-" 96355 0
Nov 28 19:40:26 np0005539311.novalocal object-server[96659]: ::1 - - [29/Nov/2025:00:40:26 +0000] "GET /2/237046/AUTH_1f36317bec034bb2906d703b614505b0/gnocchi.36822ff3-d864-423a-befd-204b51dfcaba/none_v3" 404 70 "GET http://[::1]:8080/v1/AUTH_1f36317bec034bb2906d703b614505b0/gnocchi.36822ff3-d864-423a-befd-204b51dfcaba/none_v3" "tx64b2929d79154e8ba9bb8-00692a40fa" "proxy-server 89446" 0.0003 "-" 96659 0
Nov 28 19:40:26 np0005539311.novalocal kernel: scsi 2:0:0:0: Direct-Access LIO-ORG IBLOCK 4.0 PQ: 0 ANSI: 6
Nov 28 19:40:26 np0005539311.novalocal kernel: scsi 2:0:0:0: alua: supports implicit and explicit TPGS
Nov 28 19:40:26 np0005539311.novalocal kernel: scsi 2:0:0:0: alua: device naa.6001405d38daf8eba3f411791b53b212 port group 0 rel port 1
Nov 28 19:40:26 np0005539311.novalocal kernel: scsi 2:0:0:0: Attached scsi generic sg1 type 0
Nov 28 19:40:26 np0005539311.novalocal object-server[96659]: ::1 - - [29/Nov/2025:00:40:26 +0000] "GET /1/237046/AUTH_1f36317bec034bb2906d703b614505b0/gnocchi.36822ff3-d864-423a-befd-204b51dfcaba/none_v3" 404 70 "GET http://[::1]:8080/v1/AUTH_1f36317bec034bb2906d703b614505b0/gnocchi.36822ff3-d864-423a-befd-204b51dfcaba/none_v3" "tx64b2929d79154e8ba9bb8-00692a40fa" "proxy-server 89446" 0.0003 "-" 96659 0
Nov 28 19:40:26 np0005539311.novalocal object-server[96661]: ::1 - - [29/Nov/2025:00:40:26 +0000] "GET /3/237046/AUTH_1f36317bec034bb2906d703b614505b0/gnocchi.36822ff3-d864-423a-befd-204b51dfcaba/none_v3" 404 70 "GET http://[::1]:8080/v1/AUTH_1f36317bec034bb2906d703b614505b0/gnocchi.36822ff3-d864-423a-befd-204b51dfcaba/none_v3" "tx64b2929d79154e8ba9bb8-00692a40fa" "proxy-server 89446" 0.0003 "-" 96661 0
Nov 28 19:40:26 np0005539311.novalocal kernel: scsi 2:0:0:0: alua: transition timeout set to 60 seconds
Nov 28 19:40:26 np0005539311.novalocal kernel: scsi 2:0:0:0: alua: port group 00 state A non-preferred supports TOlUSNA
Nov 28 19:40:26 np0005539311.novalocal proxy-server[89446]: ::1 ::1 29/Nov/2025/00/40/26 GET /v1/AUTH_1f36317bec034bb2906d703b614505b0/gnocchi.36822ff3-d864-423a-befd-204b51dfcaba/none_v3 HTTP/1.0 404 - python-swiftclient-4.2.0 gAAAAABpKkDhAXpn... - 70 - tx64b2929d79154e8ba9bb8-00692a40fa - 0.0292 - - 1764376826.863172531 1764376826.892387152 0
Nov 28 19:40:26 np0005539311.novalocal kernel: sd 2:0:0:0: [sda] 2097152 512-byte logical blocks: (1.07 GB/1.00 GiB)
Nov 28 19:40:26 np0005539311.novalocal kernel: sd 2:0:0:0: [sda] Write Protect is off
Nov 28 19:40:26 np0005539311.novalocal kernel: sd 2:0:0:0: [sda] Mode Sense: 43 00 10 08
Nov 28 19:40:26 np0005539311.novalocal kernel: sd 2:0:0:0: [sda] Write cache: enabled, read cache: enabled, supports DPO and FUA
Nov 28 19:40:26 np0005539311.novalocal kernel: MODE SENSE: unimplemented page/subpage: 0x0a/0x05
Nov 28 19:40:26 np0005539311.novalocal kernel: sd 2:0:0:0: [sda] Preferred minimum I/O size 65536 bytes
Nov 28 19:40:26 np0005539311.novalocal kernel: sd 2:0:0:0: [sda] Optimal transfer size 65536 bytes
Nov 28 19:40:26 np0005539311.novalocal kernel: MODE SENSE: unimplemented page/subpage: 0x0a/0x05
Nov 28 19:40:26 np0005539311.novalocal account-server[96061]: ::1 - - [29/Nov/2025:00:40:26 +0000] "PUT /2/183006/AUTH_1f36317bec034bb2906d703b614505b0/gnocchi.36822ff3-d864-423a-befd-204b51dfcaba" 201 - "PUT http://[::1]:6001/2/92777/AUTH_1f36317bec034bb2906d703b614505b0/gnocchi.36822ff3-d864-423a-befd-204b51dfcaba" "tx765f4ac196474b7c9fd0e-00692a40fa" "container-server 96356" 0.0053 "-" 96061 0
Nov 28 19:40:26 np0005539311.novalocal container-server[96356]: ::1 - - [29/Nov/2025:00:40:26 +0000] "PUT /2/92777/AUTH_1f36317bec034bb2906d703b614505b0/gnocchi.36822ff3-d864-423a-befd-204b51dfcaba" 201 - "PUT http://[::1]:8080/v1/AUTH_1f36317bec034bb2906d703b614505b0/gnocchi.36822ff3-d864-423a-befd-204b51dfcaba" "tx765f4ac196474b7c9fd0e-00692a40fa" "proxy-server 89446" 0.0179 "-" 96356 0
Nov 28 19:40:26 np0005539311.novalocal kernel: GPT:Primary header thinks Alt. header is not at the end of the disk.
Nov 28 19:40:26 np0005539311.novalocal kernel: GPT:229375 != 2097151
Nov 28 19:40:26 np0005539311.novalocal kernel: GPT:Alternate GPT header not at the end of the disk.
Nov 28 19:40:26 np0005539311.novalocal kernel: GPT:229375 != 2097151
Nov 28 19:40:26 np0005539311.novalocal kernel: GPT: Use GNU Parted to correct GPT errors.
Nov 28 19:40:26 np0005539311.novalocal kernel: sda: sda1 sda15
Nov 28 19:40:26 np0005539311.novalocal kernel: sd 2:0:0:0: [sda] Attached SCSI disk
Nov 28 19:40:26 np0005539311.novalocal account-server[96063]: ::1 - - [29/Nov/2025:00:40:26 +0000] "PUT /1/183006/AUTH_1f36317bec034bb2906d703b614505b0/gnocchi.36822ff3-d864-423a-befd-204b51dfcaba" 201 - "PUT http://[::1]:6001/3/92777/AUTH_1f36317bec034bb2906d703b614505b0/gnocchi.36822ff3-d864-423a-befd-204b51dfcaba" "tx765f4ac196474b7c9fd0e-00692a40fa" "container-server 96358" 0.0058 "-" 96063 0
Nov 28 19:40:26 np0005539311.novalocal container-server[96358]: ::1 - - [29/Nov/2025:00:40:26 +0000] "PUT /3/92777/AUTH_1f36317bec034bb2906d703b614505b0/gnocchi.36822ff3-d864-423a-befd-204b51dfcaba" 201 - "PUT http://[::1]:8080/v1/AUTH_1f36317bec034bb2906d703b614505b0/gnocchi.36822ff3-d864-423a-befd-204b51dfcaba" "tx765f4ac196474b7c9fd0e-00692a40fa" "proxy-server 89446" 0.0147 "-" 96358 0
Nov 28 19:40:26 np0005539311.novalocal container-server[96358]: ::1 - - [29/Nov/2025:00:40:26 +0000] "HEAD /1/233703/AUTH_1f36317bec034bb2906d703b614505b0/gnocchi.e9d3bd0a-269d-4370-bec3-b2e2476d3dd4" 404 - "HEAD http://[::1]:8080/v1/AUTH_1f36317bec034bb2906d703b614505b0/gnocchi.e9d3bd0a-269d-4370-bec3-b2e2476d3dd4?format=json&states=listing" "txe3da7fe298c34e279ff91-00692a40fa" "proxy-server 89446" 0.0003 "-" 96358 0
Nov 28 19:40:26 np0005539311.novalocal container-server[96355]: ::1 - - [29/Nov/2025:00:40:26 +0000] "HEAD /3/233703/AUTH_1f36317bec034bb2906d703b614505b0/gnocchi.e9d3bd0a-269d-4370-bec3-b2e2476d3dd4" 404 - "HEAD http://[::1]:8080/v1/AUTH_1f36317bec034bb2906d703b614505b0/gnocchi.e9d3bd0a-269d-4370-bec3-b2e2476d3dd4?format=json&states=listing" "txe3da7fe298c34e279ff91-00692a40fa" "proxy-server 89446" 0.0003 "-" 96355 0
Nov 28 19:40:26 np0005539311.novalocal container-server[96357]: ::1 - - [29/Nov/2025:00:40:26 +0000] "HEAD /2/233703/AUTH_1f36317bec034bb2906d703b614505b0/gnocchi.e9d3bd0a-269d-4370-bec3-b2e2476d3dd4" 404 - "HEAD http://[::1]:8080/v1/AUTH_1f36317bec034bb2906d703b614505b0/gnocchi.e9d3bd0a-269d-4370-bec3-b2e2476d3dd4?format=json&states=listing" "txe3da7fe298c34e279ff91-00692a40fa" "proxy-server 89446" 0.0003 "-" 96357 0
Nov 28 19:40:26 np0005539311.novalocal object-server[96659]: ::1 - - [29/Nov/2025:00:40:26 +0000] "GET /1/66707/AUTH_1f36317bec034bb2906d703b614505b0/gnocchi.e9d3bd0a-269d-4370-bec3-b2e2476d3dd4/none_v3" 404 70 "GET http://[::1]:8080/v1/AUTH_1f36317bec034bb2906d703b614505b0/gnocchi.e9d3bd0a-269d-4370-bec3-b2e2476d3dd4/none_v3" "txe3da7fe298c34e279ff91-00692a40fa" "proxy-server 89446" 0.0002 "-" 96659 0
Nov 28 19:40:26 np0005539311.novalocal account-server[96062]: ::1 - - [29/Nov/2025:00:40:26 +0000] "PUT /3/183006/AUTH_1f36317bec034bb2906d703b614505b0/gnocchi.36822ff3-d864-423a-befd-204b51dfcaba" 201 - "PUT http://[::1]:6001/1/92777/AUTH_1f36317bec034bb2906d703b614505b0/gnocchi.36822ff3-d864-423a-befd-204b51dfcaba" "tx765f4ac196474b7c9fd0e-00692a40fa" "container-server 96358" 0.0236 "-" 96062 0
Nov 28 19:40:26 np0005539311.novalocal container-server[96358]: ::1 - - [29/Nov/2025:00:40:26 +0000] "PUT /1/92777/AUTH_1f36317bec034bb2906d703b614505b0/gnocchi.36822ff3-d864-423a-befd-204b51dfcaba" 201 - "PUT http://[::1]:8080/v1/AUTH_1f36317bec034bb2906d703b614505b0/gnocchi.36822ff3-d864-423a-befd-204b51dfcaba" "tx765f4ac196474b7c9fd0e-00692a40fa" "proxy-server 89446" 0.0453 "-" 96358 0
Nov 28 19:40:26 np0005539311.novalocal object-server[96662]: ::1 - - [29/Nov/2025:00:40:26 +0000] "GET /3/66707/AUTH_1f36317bec034bb2906d703b614505b0/gnocchi.e9d3bd0a-269d-4370-bec3-b2e2476d3dd4/none_v3" 404 70 "GET http://[::1]:8080/v1/AUTH_1f36317bec034bb2906d703b614505b0/gnocchi.e9d3bd0a-269d-4370-bec3-b2e2476d3dd4/none_v3" "txe3da7fe298c34e279ff91-00692a40fa" "proxy-server 89446" 0.0003 "-" 96662 0
Nov 28 19:40:26 np0005539311.novalocal proxy-server[89446]: ::1 ::1 29/Nov/2025/00/40/26 PUT /v1/AUTH_1f36317bec034bb2906d703b614505b0/gnocchi.36822ff3-d864-423a-befd-204b51dfcaba HTTP/1.0 201 - python-swiftclient-4.2.0 gAAAAABpKkDhAXpn... - - - tx765f4ac196474b7c9fd0e-00692a40fa - 0.0531 - - 1764376826.894970179 1764376826.948032141 0
Nov 28 19:40:26 np0005539311.novalocal object-server[96662]: ::1 - - [29/Nov/2025:00:40:26 +0000] "GET /2/66707/AUTH_1f36317bec034bb2906d703b614505b0/gnocchi.e9d3bd0a-269d-4370-bec3-b2e2476d3dd4/none_v3" 404 70 "GET http://[::1]:8080/v1/AUTH_1f36317bec034bb2906d703b614505b0/gnocchi.e9d3bd0a-269d-4370-bec3-b2e2476d3dd4/none_v3" "txe3da7fe298c34e279ff91-00692a40fa" "proxy-server 89446" 0.0001 "-" 96662 0
Nov 28 19:40:26 np0005539311.novalocal proxy-server[89446]: ::1 ::1 29/Nov/2025/00/40/26 GET /v1/AUTH_1f36317bec034bb2906d703b614505b0/gnocchi.e9d3bd0a-269d-4370-bec3-b2e2476d3dd4/none_v3 HTTP/1.0 404 - python-swiftclient-4.2.0 gAAAAABpKkDhMctJ... - 70 - txe3da7fe298c34e279ff91-00692a40fa - 0.0168 - - 1764376826.933363199 1764376826.950127602 0
Nov 28 19:40:26 np0005539311.novalocal container-server[96356]: ::1 - - [29/Nov/2025:00:40:26 +0000] "HEAD /2/92777/AUTH_1f36317bec034bb2906d703b614505b0/gnocchi.36822ff3-d864-423a-befd-204b51dfcaba" 204 - "HEAD http://[::1]:8080/v1/AUTH_1f36317bec034bb2906d703b614505b0/gnocchi.36822ff3-d864-423a-befd-204b51dfcaba?format=json&states=listing" "tx1ea0c13eea8e437693187-00692a40fa" "proxy-server 89446" 0.0013 "-" 96356 0
Nov 28 19:40:27 np0005539311.novalocal object-server[96727]: 102/102 (100.00%) partitions replicated in 1.45s (70.34/sec, 0s remaining)
Nov 28 19:40:27 np0005539311.novalocal object-server[96727]: 204 successes, 0 failures
Nov 28 19:40:27 np0005539311.novalocal object-server[96727]: 102 suffixes checked - 31.37% hashed, 0.00% synced
Nov 28 19:40:27 np0005539311.novalocal object-server[96727]: Partition times: max 0.0512s, min 0.0038s, med 0.0082s
Nov 28 19:40:27 np0005539311.novalocal object-server[96727]: Object replication complete. (0.02 minutes)
Nov 28 19:40:27 np0005539311.novalocal account-server[96064]: ::1 - - [29/Nov/2025:00:40:27 +0000] "PUT /3/183006/AUTH_1f36317bec034bb2906d703b614505b0/gnocchi.e9d3bd0a-269d-4370-bec3-b2e2476d3dd4" 201 - "PUT http://[::1]:6001/2/233703/AUTH_1f36317bec034bb2906d703b614505b0/gnocchi.e9d3bd0a-269d-4370-bec3-b2e2476d3dd4" "tx6f50795e72644c4f8a280-00692a40fa" "container-server 96356" 0.0197 "-" 96064 0
Nov 28 19:40:27 np0005539311.novalocal container-server[96356]: ::1 - - [29/Nov/2025:00:40:27 +0000] "PUT /2/233703/AUTH_1f36317bec034bb2906d703b614505b0/gnocchi.e9d3bd0a-269d-4370-bec3-b2e2476d3dd4" 201 - "PUT http://[::1]:8080/v1/AUTH_1f36317bec034bb2906d703b614505b0/gnocchi.e9d3bd0a-269d-4370-bec3-b2e2476d3dd4" "tx6f50795e72644c4f8a280-00692a40fa" "proxy-server 89446" 0.1510 "-" 96356 0
Nov 28 19:40:27 np0005539311.novalocal account-server[96061]: ::1 - - [29/Nov/2025:00:40:27 +0000] "PUT /1/183006/AUTH_1f36317bec034bb2906d703b614505b0/gnocchi.e9d3bd0a-269d-4370-bec3-b2e2476d3dd4" 201 - "PUT http://[::1]:6001/3/233703/AUTH_1f36317bec034bb2906d703b614505b0/gnocchi.e9d3bd0a-269d-4370-bec3-b2e2476d3dd4" "tx6f50795e72644c4f8a280-00692a40fa" "container-server 96358" 0.0151 "-" 96061 0
Nov 28 19:40:27 np0005539311.novalocal container-server[96358]: ::1 - - [29/Nov/2025:00:40:27 +0000] "GET /1/92777/AUTH_1f36317bec034bb2906d703b614505b0/gnocchi.36822ff3-d864-423a-befd-204b51dfcaba" 200 2 "GET http://[::1]:8080/v1/AUTH_1f36317bec034bb2906d703b614505b0/gnocchi.36822ff3-d864-423a-befd-204b51dfcaba?format=json&states=listing" "tx1ea0c13eea8e437693187-00692a40fa" "proxy-server 89446" 0.0048 "-" 96358 0
Nov 28 19:40:27 np0005539311.novalocal container-server[96358]: ::1 - - [29/Nov/2025:00:40:27 +0000] "PUT /3/233703/AUTH_1f36317bec034bb2906d703b614505b0/gnocchi.e9d3bd0a-269d-4370-bec3-b2e2476d3dd4" 201 - "PUT http://[::1]:8080/v1/AUTH_1f36317bec034bb2906d703b614505b0/gnocchi.e9d3bd0a-269d-4370-bec3-b2e2476d3dd4" "tx6f50795e72644c4f8a280-00692a40fa" "proxy-server 89446" 0.1652 "-" 96358 0
Nov 28 19:40:27 np0005539311.novalocal proxy-server[89446]: ::1 ::1 29/Nov/2025/00/40/27 GET /v1/AUTH_1f36317bec034bb2906d703b614505b0/gnocchi.36822ff3-d864-423a-befd-204b51dfcaba%3Fformat%3Djson%26states%3Dlisting HTTP/1.0 200 - python-swiftclient-4.2.0 gAAAAABpKkDhAXpn... - 2 - tx1ea0c13eea8e437693187-00692a40fa - 0.1712 - - 1764376826.950834036 1764376827.121991396 0
Nov 28 19:40:27 np0005539311.novalocal object-server[96661]: ::1 - - [29/Nov/2025:00:40:27 +0000] "GET /3/147642/AUTH_1f36317bec034bb2906d703b614505b0/gnocchi.36822ff3-d864-423a-befd-204b51dfcaba/1763640000.0_mean_300.0_v3" 404 70 "GET http://[::1]:8080/v1/AUTH_1f36317bec034bb2906d703b614505b0/gnocchi.36822ff3-d864-423a-befd-204b51dfcaba/1763640000.0_mean_300.0_v3" "tx84a3a1d91c8e41f59ae84-00692a40fb" "proxy-server 89446" 0.0003 "-" 96661 0
Nov 28 19:40:27 np0005539311.novalocal object-server[96659]: ::1 - - [29/Nov/2025:00:40:27 +0000] "GET /1/147642/AUTH_1f36317bec034bb2906d703b614505b0/gnocchi.36822ff3-d864-423a-befd-204b51dfcaba/1763640000.0_mean_300.0_v3" 404 70 "GET http://[::1]:8080/v1/AUTH_1f36317bec034bb2906d703b614505b0/gnocchi.36822ff3-d864-423a-befd-204b51dfcaba/1763640000.0_mean_300.0_v3" "tx84a3a1d91c8e41f59ae84-00692a40fb" "proxy-server 89446" 0.0002 "-" 96659 0
Nov 28 19:40:27 np0005539311.novalocal object-server[96659]: ::1 - - [29/Nov/2025:00:40:27 +0000] "GET /2/147642/AUTH_1f36317bec034bb2906d703b614505b0/gnocchi.36822ff3-d864-423a-befd-204b51dfcaba/1763640000.0_mean_300.0_v3" 404 70 "GET http://[::1]:8080/v1/AUTH_1f36317bec034bb2906d703b614505b0/gnocchi.36822ff3-d864-423a-befd-204b51dfcaba/1763640000.0_mean_300.0_v3" "tx84a3a1d91c8e41f59ae84-00692a40fb" "proxy-server 89446" 0.0001 "-" 96659 0
Nov 28 19:40:27 np0005539311.novalocal account-server[96064]: ::1 - - [29/Nov/2025:00:40:27 +0000] "PUT /2/183006/AUTH_1f36317bec034bb2906d703b614505b0/gnocchi.e9d3bd0a-269d-4370-bec3-b2e2476d3dd4" 201 - "PUT http://[::1]:6001/1/233703/AUTH_1f36317bec034bb2906d703b614505b0/gnocchi.e9d3bd0a-269d-4370-bec3-b2e2476d3dd4" "tx6f50795e72644c4f8a280-00692a40fa" "container-server 96358" 0.0115 "-" 96064 0
Nov 28 19:40:27 np0005539311.novalocal proxy-server[89446]: ::1 ::1 29/Nov/2025/00/40/27 GET /v1/AUTH_1f36317bec034bb2906d703b614505b0/gnocchi.36822ff3-d864-423a-befd-204b51dfcaba/1763640000.0_mean_300.0_v3 HTTP/1.0 404 - python-swiftclient-4.2.0 gAAAAABpKkDhAXpn... - 70 - tx84a3a1d91c8e41f59ae84-00692a40fb - 0.0085 - - 1764376827.125535965 1764376827.133987427 0
Nov 28 19:40:27 np0005539311.novalocal container-server[96358]: ::1 - - [29/Nov/2025:00:40:27 +0000] "PUT /1/233703/AUTH_1f36317bec034bb2906d703b614505b0/gnocchi.e9d3bd0a-269d-4370-bec3-b2e2476d3dd4" 201 - "PUT http://[::1]:8080/v1/AUTH_1f36317bec034bb2906d703b614505b0/gnocchi.e9d3bd0a-269d-4370-bec3-b2e2476d3dd4" "tx6f50795e72644c4f8a280-00692a40fa" "proxy-server 89446" 0.0426 "-" 96358 0
Nov 28 19:40:27 np0005539311.novalocal proxy-server[89446]: ::1 ::1 29/Nov/2025/00/40/27 PUT /v1/AUTH_1f36317bec034bb2906d703b614505b0/gnocchi.e9d3bd0a-269d-4370-bec3-b2e2476d3dd4 HTTP/1.0 201 - python-swiftclient-4.2.0 gAAAAABpKkDhMctJ... - - - tx6f50795e72644c4f8a280-00692a40fa - 0.1896 - - 1764376826.952639580 1764376827.142208815 0
Nov 28 19:40:27 np0005539311.novalocal container-server[96355]: ::1 - - [29/Nov/2025:00:40:27 +0000] "HEAD /2/233703/AUTH_1f36317bec034bb2906d703b614505b0/gnocchi.e9d3bd0a-269d-4370-bec3-b2e2476d3dd4" 204 - "HEAD http://[::1]:8080/v1/AUTH_1f36317bec034bb2906d703b614505b0/gnocchi.e9d3bd0a-269d-4370-bec3-b2e2476d3dd4?format=json&states=listing" "txcb20cf1e669c4d888ba6b-00692a40fb" "proxy-server 89446" 0.0012 "-" 96355 0
Nov 28 19:40:27 np0005539311.novalocal container-server[96356]: ::1 - - [29/Nov/2025:00:40:27 +0000] "GET /3/233703/AUTH_1f36317bec034bb2906d703b614505b0/gnocchi.e9d3bd0a-269d-4370-bec3-b2e2476d3dd4" 200 2 "GET http://[::1]:8080/v1/AUTH_1f36317bec034bb2906d703b614505b0/gnocchi.e9d3bd0a-269d-4370-bec3-b2e2476d3dd4?format=json&states=listing" "txcb20cf1e669c4d888ba6b-00692a40fb" "proxy-server 89446" 0.0018 "-" 96356 0
Nov 28 19:40:27 np0005539311.novalocal proxy-server[89446]: ::1 ::1 29/Nov/2025/00/40/27 GET /v1/AUTH_1f36317bec034bb2906d703b614505b0/gnocchi.e9d3bd0a-269d-4370-bec3-b2e2476d3dd4%3Fformat%3Djson%26states%3Dlisting HTTP/1.0 200 - python-swiftclient-4.2.0 gAAAAABpKkDhMctJ... - 2 - txcb20cf1e669c4d888ba6b-00692a40fb - 0.0118 - - 1764376827.145239115 1764376827.157049417 0
Nov 28 19:40:27 np0005539311.novalocal object-server[96659]: ::1 - - [29/Nov/2025:00:40:27 +0000] "GET /3/99674/AUTH_1f36317bec034bb2906d703b614505b0/gnocchi.e9d3bd0a-269d-4370-bec3-b2e2476d3dd4/1763640000.0_mean_300.0_v3" 404 70 "GET http://[::1]:8080/v1/AUTH_1f36317bec034bb2906d703b614505b0/gnocchi.e9d3bd0a-269d-4370-bec3-b2e2476d3dd4/1763640000.0_mean_300.0_v3" "tx7efcb52532834669a0a59-00692a40fb" "proxy-server 89446" 0.0003 "-" 96659 0
Nov 28 19:40:27 np0005539311.novalocal object-server[96659]: ::1 - - [29/Nov/2025:00:40:27 +0000] "GET /2/99674/AUTH_1f36317bec034bb2906d703b614505b0/gnocchi.e9d3bd0a-269d-4370-bec3-b2e2476d3dd4/1763640000.0_mean_300.0_v3" 404 70 "GET http://[::1]:8080/v1/AUTH_1f36317bec034bb2906d703b614505b0/gnocchi.e9d3bd0a-269d-4370-bec3-b2e2476d3dd4/1763640000.0_mean_300.0_v3" "tx7efcb52532834669a0a59-00692a40fb" "proxy-server 89446" 0.0002 "-" 96659 0
Nov 28 19:40:27 np0005539311.novalocal object-server[96662]: ::1 - - [29/Nov/2025:00:40:27 +0000] "GET /1/99674/AUTH_1f36317bec034bb2906d703b614505b0/gnocchi.e9d3bd0a-269d-4370-bec3-b2e2476d3dd4/1763640000.0_mean_300.0_v3" 404 70 "GET http://[::1]:8080/v1/AUTH_1f36317bec034bb2906d703b614505b0/gnocchi.e9d3bd0a-269d-4370-bec3-b2e2476d3dd4/1763640000.0_mean_300.0_v3" "tx7efcb52532834669a0a59-00692a40fb" "proxy-server 89446" 0.0005 "-" 96662 0
Nov 28 19:40:27 np0005539311.novalocal proxy-server[89446]: ::1 ::1 29/Nov/2025/00/40/27 GET /v1/AUTH_1f36317bec034bb2906d703b614505b0/gnocchi.e9d3bd0a-269d-4370-bec3-b2e2476d3dd4/1763640000.0_mean_300.0_v3 HTTP/1.0 404 - python-swiftclient-4.2.0 gAAAAABpKkDhMctJ... - 70 - tx7efcb52532834669a0a59-00692a40fb - 0.0093 - - 1764376827.160055637 1764376827.169307947 0
Nov 28 19:40:27 np0005539311.novalocal container-server[96356]: ::1 - - [29/Nov/2025:00:40:27 +0000] "PUT /2/92777/AUTH_1f36317bec034bb2906d703b614505b0/gnocchi.36822ff3-d864-423a-befd-204b51dfcaba/1763640000.0_mean_300.0_v3" 201 - "PUT http://[::1]:8080/1/147642/AUTH_1f36317bec034bb2906d703b614505b0/gnocchi.36822ff3-d864-423a-befd-204b51dfcaba/1763640000.0_mean_300.0_v3" "tx29790c59d32c43abb98a4-00692a40fb" "object-server 96659" 0.0007 "-" 96356 0
Nov 28 19:40:27 np0005539311.novalocal object-server[96659]: ::1 - - [29/Nov/2025:00:40:27 +0000] "PUT /1/147642/AUTH_1f36317bec034bb2906d703b614505b0/gnocchi.36822ff3-d864-423a-befd-204b51dfcaba/1763640000.0_mean_300.0_v3" 201 - "PUT http://[::1]:8080/v1/AUTH_1f36317bec034bb2906d703b614505b0/gnocchi.36822ff3-d864-423a-befd-204b51dfcaba/1763640000.0_mean_300.0_v3" "tx29790c59d32c43abb98a4-00692a40fb" "proxy-server 89446" 0.0659 "-" 96659 0
Nov 28 19:40:27 np0005539311.novalocal container-server[96356]: ::1 - - [29/Nov/2025:00:40:27 +0000] "PUT /1/233703/AUTH_1f36317bec034bb2906d703b614505b0/gnocchi.e9d3bd0a-269d-4370-bec3-b2e2476d3dd4/1763640000.0_mean_300.0_v3" 201 - "PUT http://[::1]:8080/1/99674/AUTH_1f36317bec034bb2906d703b614505b0/gnocchi.e9d3bd0a-269d-4370-bec3-b2e2476d3dd4/1763640000.0_mean_300.0_v3" "tx5a91115834374b5bb74e9-00692a40fb" "object-server 96662" 0.0003 "-" 96356 0
Nov 28 19:40:27 np0005539311.novalocal object-server[96662]: ::1 - - [29/Nov/2025:00:40:27 +0000] "PUT /1/99674/AUTH_1f36317bec034bb2906d703b614505b0/gnocchi.e9d3bd0a-269d-4370-bec3-b2e2476d3dd4/1763640000.0_mean_300.0_v3" 201 - "PUT http://[::1]:8080/v1/AUTH_1f36317bec034bb2906d703b614505b0/gnocchi.e9d3bd0a-269d-4370-bec3-b2e2476d3dd4/1763640000.0_mean_300.0_v3" "tx5a91115834374b5bb74e9-00692a40fb" "proxy-server 89446" 0.0317 "-" 96662 0
Nov 28 19:40:27 np0005539311.novalocal container-server[96355]: ::1 - - [29/Nov/2025:00:40:27 +0000] "PUT /1/92777/AUTH_1f36317bec034bb2906d703b614505b0/gnocchi.36822ff3-d864-423a-befd-204b51dfcaba/1763640000.0_mean_300.0_v3" 201 - "PUT http://[::1]:8080/3/147642/AUTH_1f36317bec034bb2906d703b614505b0/gnocchi.36822ff3-d864-423a-befd-204b51dfcaba/1763640000.0_mean_300.0_v3" "tx29790c59d32c43abb98a4-00692a40fb" "object-server 96661" 0.0009 "-" 96355 0
Nov 28 19:40:27 np0005539311.novalocal container-server[96356]: ::1 - - [29/Nov/2025:00:40:27 +0000] "PUT /3/92777/AUTH_1f36317bec034bb2906d703b614505b0/gnocchi.36822ff3-d864-423a-befd-204b51dfcaba/1763640000.0_mean_300.0_v3" 201 - "PUT http://[::1]:8080/2/147642/AUTH_1f36317bec034bb2906d703b614505b0/gnocchi.36822ff3-d864-423a-befd-204b51dfcaba/1763640000.0_mean_300.0_v3" "tx29790c59d32c43abb98a4-00692a40fb" "object-server 96661" 0.0003 "-" 96356 0
Nov 28 19:40:27 np0005539311.novalocal object-server[96661]: ::1 - - [29/Nov/2025:00:40:27 +0000] "PUT /3/147642/AUTH_1f36317bec034bb2906d703b614505b0/gnocchi.36822ff3-d864-423a-befd-204b51dfcaba/1763640000.0_mean_300.0_v3" 201 - "PUT http://[::1]:8080/v1/AUTH_1f36317bec034bb2906d703b614505b0/gnocchi.36822ff3-d864-423a-befd-204b51dfcaba/1763640000.0_mean_300.0_v3" "tx29790c59d32c43abb98a4-00692a40fb" "proxy-server 89446" 0.0678 "-" 96661 0
Nov 28 19:40:27 np0005539311.novalocal object-server[96661]: ::1 - - [29/Nov/2025:00:40:27 +0000] "PUT /2/147642/AUTH_1f36317bec034bb2906d703b614505b0/gnocchi.36822ff3-d864-423a-befd-204b51dfcaba/1763640000.0_mean_300.0_v3" 201 - "PUT http://[::1]:8080/v1/AUTH_1f36317bec034bb2906d703b614505b0/gnocchi.36822ff3-d864-423a-befd-204b51dfcaba/1763640000.0_mean_300.0_v3" "tx29790c59d32c43abb98a4-00692a40fb" "proxy-server 89446" 0.0686 "-" 96661 0
Nov 28 19:40:27 np0005539311.novalocal proxy-server[89446]: ::1 ::1 29/Nov/2025/00/40/27 PUT /v1/AUTH_1f36317bec034bb2906d703b614505b0/gnocchi.36822ff3-d864-423a-befd-204b51dfcaba/1763640000.0_mean_300.0_v3 HTTP/1.0 201 - python-swiftclient-4.2.0 gAAAAABpKkDhAXpn... 16 - - tx29790c59d32c43abb98a4-00692a40fb - 0.0774 - - 1764376827.136697054 1764376827.214057446 0
Nov 28 19:40:27 np0005539311.novalocal container-server[96357]: ::1 - - [29/Nov/2025:00:40:27 +0000] "PUT /3/233703/AUTH_1f36317bec034bb2906d703b614505b0/gnocchi.e9d3bd0a-269d-4370-bec3-b2e2476d3dd4/1763640000.0_mean_300.0_v3" 201 - "PUT http://[::1]:8080/3/99674/AUTH_1f36317bec034bb2906d703b614505b0/gnocchi.e9d3bd0a-269d-4370-bec3-b2e2476d3dd4/1763640000.0_mean_300.0_v3" "tx5a91115834374b5bb74e9-00692a40fb" "object-server 96661" 0.0005 "-" 96357 0
Nov 28 19:40:27 np0005539311.novalocal container-server[96357]: ::1 - - [29/Nov/2025:00:40:27 +0000] "PUT /2/233703/AUTH_1f36317bec034bb2906d703b614505b0/gnocchi.e9d3bd0a-269d-4370-bec3-b2e2476d3dd4/1763640000.0_mean_300.0_v3" 201 - "PUT http://[::1]:8080/2/99674/AUTH_1f36317bec034bb2906d703b614505b0/gnocchi.e9d3bd0a-269d-4370-bec3-b2e2476d3dd4/1763640000.0_mean_300.0_v3" "tx5a91115834374b5bb74e9-00692a40fb" "object-server 96661" 0.0004 "-" 96357 0
Nov 28 19:40:27 np0005539311.novalocal object-server[96661]: ::1 - - [29/Nov/2025:00:40:27 +0000] "PUT /3/99674/AUTH_1f36317bec034bb2906d703b614505b0/gnocchi.e9d3bd0a-269d-4370-bec3-b2e2476d3dd4/1763640000.0_mean_300.0_v3" 201 - "PUT http://[::1]:8080/v1/AUTH_1f36317bec034bb2906d703b614505b0/gnocchi.e9d3bd0a-269d-4370-bec3-b2e2476d3dd4/1763640000.0_mean_300.0_v3" "tx5a91115834374b5bb74e9-00692a40fb" "proxy-server 89446" 0.0505 "-" 96661 0
Nov 28 19:40:27 np0005539311.novalocal object-server[96661]: ::1 - - [29/Nov/2025:00:40:27 +0000] "PUT /2/99674/AUTH_1f36317bec034bb2906d703b614505b0/gnocchi.e9d3bd0a-269d-4370-bec3-b2e2476d3dd4/1763640000.0_mean_300.0_v3" 201 - "PUT http://[::1]:8080/v1/AUTH_1f36317bec034bb2906d703b614505b0/gnocchi.e9d3bd0a-269d-4370-bec3-b2e2476d3dd4/1763640000.0_mean_300.0_v3" "tx5a91115834374b5bb74e9-00692a40fb" "proxy-server 89446" 0.0533 "-" 96661 0
Nov 28 19:40:27 np0005539311.novalocal proxy-server[89446]: ::1 ::1 29/Nov/2025/00/40/27 PUT /v1/AUTH_1f36317bec034bb2906d703b614505b0/gnocchi.e9d3bd0a-269d-4370-bec3-b2e2476d3dd4/1763640000.0_mean_300.0_v3 HTTP/1.0 201 - python-swiftclient-4.2.0 gAAAAABpKkDhMctJ... 16 - - tx5a91115834374b5bb74e9-00692a40fb - 0.0595 - - 1764376827.172140598 1764376827.231591702 0
Nov 28 19:40:27 np0005539311.novalocal container-server[96356]: ::1 - - [29/Nov/2025:00:40:27 +0000] "PUT /1/92777/AUTH_1f36317bec034bb2906d703b614505b0/gnocchi.36822ff3-d864-423a-befd-204b51dfcaba/none_v3" 201 - "PUT http://[::1]:8080/3/237046/AUTH_1f36317bec034bb2906d703b614505b0/gnocchi.36822ff3-d864-423a-befd-204b51dfcaba/none_v3" "tx299d0f5fa2e144a5a9652-00692a40fb" "object-server 96659" 0.0006 "-" 96356 0
Nov 28 19:40:27 np0005539311.novalocal object-server[96659]: ::1 - - [29/Nov/2025:00:40:27 +0000] "PUT /3/237046/AUTH_1f36317bec034bb2906d703b614505b0/gnocchi.36822ff3-d864-423a-befd-204b51dfcaba/none_v3" 201 - "PUT http://[::1]:8080/v1/AUTH_1f36317bec034bb2906d703b614505b0/gnocchi.36822ff3-d864-423a-befd-204b51dfcaba/none_v3" "tx299d0f5fa2e144a5a9652-00692a40fb" "proxy-server 89446" 0.0379 "-" 96659 0
Nov 28 19:40:27 np0005539311.novalocal container-server[96356]: ::1 - - [29/Nov/2025:00:40:27 +0000] "PUT /3/92777/AUTH_1f36317bec034bb2906d703b614505b0/gnocchi.36822ff3-d864-423a-befd-204b51dfcaba/none_v3" 201 - "PUT http://[::1]:8080/2/237046/AUTH_1f36317bec034bb2906d703b614505b0/gnocchi.36822ff3-d864-423a-befd-204b51dfcaba/none_v3" "tx299d0f5fa2e144a5a9652-00692a40fb" "object-server 96662" 0.0004 "-" 96356 0
Nov 28 19:40:27 np0005539311.novalocal container-server[96358]: ::1 - - [29/Nov/2025:00:40:27 +0000] "PUT /2/92777/AUTH_1f36317bec034bb2906d703b614505b0/gnocchi.36822ff3-d864-423a-befd-204b51dfcaba/none_v3" 201 - "PUT http://[::1]:8080/1/237046/AUTH_1f36317bec034bb2906d703b614505b0/gnocchi.36822ff3-d864-423a-befd-204b51dfcaba/none_v3" "tx299d0f5fa2e144a5a9652-00692a40fb" "object-server 96661" 0.0006 "-" 96358 0
Nov 28 19:40:27 np0005539311.novalocal object-server[96661]: ::1 - - [29/Nov/2025:00:40:27 +0000] "PUT /1/237046/AUTH_1f36317bec034bb2906d703b614505b0/gnocchi.36822ff3-d864-423a-befd-204b51dfcaba/none_v3" 201 - "PUT http://[::1]:8080/v1/AUTH_1f36317bec034bb2906d703b614505b0/gnocchi.36822ff3-d864-423a-befd-204b51dfcaba/none_v3" "tx299d0f5fa2e144a5a9652-00692a40fb" "proxy-server 89446" 0.0390 "-" 96661 0
Nov 28 19:40:27 np0005539311.novalocal object-server[96662]: ::1 - - [29/Nov/2025:00:40:27 +0000] "PUT /2/237046/AUTH_1f36317bec034bb2906d703b614505b0/gnocchi.36822ff3-d864-423a-befd-204b51dfcaba/none_v3" 201 - "PUT http://[::1]:8080/v1/AUTH_1f36317bec034bb2906d703b614505b0/gnocchi.36822ff3-d864-423a-befd-204b51dfcaba/none_v3" "tx299d0f5fa2e144a5a9652-00692a40fb" "proxy-server 89446" 0.0392 "-" 96662 0
Nov 28 19:40:27 np0005539311.novalocal proxy-server[89446]: ::1 ::1 29/Nov/2025/00/40/27 PUT /v1/AUTH_1f36317bec034bb2906d703b614505b0/gnocchi.36822ff3-d864-423a-befd-204b51dfcaba/none_v3 HTTP/1.0 201 - python-swiftclient-4.2.0 gAAAAABpKkDhAXpn... 22 - - tx299d0f5fa2e144a5a9652-00692a40fb - 0.0462 - - 1764376827.216210604 1764376827.262427568 0
Nov 28 19:40:27 np0005539311.novalocal container-server[96358]: ::1 - - [29/Nov/2025:00:40:27 +0000] "PUT /3/233703/AUTH_1f36317bec034bb2906d703b614505b0/gnocchi.e9d3bd0a-269d-4370-bec3-b2e2476d3dd4/none_v3" 201 - "PUT http://[::1]:8080/3/66707/AUTH_1f36317bec034bb2906d703b614505b0/gnocchi.e9d3bd0a-269d-4370-bec3-b2e2476d3dd4/none_v3" "tx025bc04321774e8898827-00692a40fb" "object-server 96660" 0.0005 "-" 96358 0
Nov 28 19:40:27 np0005539311.novalocal container-server[96356]: ::1 - - [29/Nov/2025:00:40:27 +0000] "PUT /2/233703/AUTH_1f36317bec034bb2906d703b614505b0/gnocchi.e9d3bd0a-269d-4370-bec3-b2e2476d3dd4/none_v3" 201 - "PUT http://[::1]:8080/1/66707/AUTH_1f36317bec034bb2906d703b614505b0/gnocchi.e9d3bd0a-269d-4370-bec3-b2e2476d3dd4/none_v3" "tx025bc04321774e8898827-00692a40fb" "object-server 96659" 0.0005 "-" 96356 0
Nov 28 19:40:27 np0005539311.novalocal object-server[96660]: ::1 - - [29/Nov/2025:00:40:27 +0000] "PUT /3/66707/AUTH_1f36317bec034bb2906d703b614505b0/gnocchi.e9d3bd0a-269d-4370-bec3-b2e2476d3dd4/none_v3" 201 - "PUT http://[::1]:8080/v1/AUTH_1f36317bec034bb2906d703b614505b0/gnocchi.e9d3bd0a-269d-4370-bec3-b2e2476d3dd4/none_v3" "tx025bc04321774e8898827-00692a40fb" "proxy-server 89446" 0.0262 "-" 96660 0
Nov 28 19:40:27 np0005539311.novalocal object-server[96659]: ::1 - - [29/Nov/2025:00:40:27 +0000] "PUT /1/66707/AUTH_1f36317bec034bb2906d703b614505b0/gnocchi.e9d3bd0a-269d-4370-bec3-b2e2476d3dd4/none_v3" 201 - "PUT http://[::1]:8080/v1/AUTH_1f36317bec034bb2906d703b614505b0/gnocchi.e9d3bd0a-269d-4370-bec3-b2e2476d3dd4/none_v3" "tx025bc04321774e8898827-00692a40fb" "proxy-server 89446" 0.0267 "-" 96659 0
Nov 28 19:40:27 np0005539311.novalocal container-server[96358]: ::1 - - [29/Nov/2025:00:40:27 +0000] "PUT /1/233703/AUTH_1f36317bec034bb2906d703b614505b0/gnocchi.e9d3bd0a-269d-4370-bec3-b2e2476d3dd4/none_v3" 201 - "PUT http://[::1]:8080/2/66707/AUTH_1f36317bec034bb2906d703b614505b0/gnocchi.e9d3bd0a-269d-4370-bec3-b2e2476d3dd4/none_v3" "tx025bc04321774e8898827-00692a40fb" "object-server 96661" 0.0007 "-" 96358 0
Nov 28 19:40:27 np0005539311.novalocal object-server[96661]: ::1 - - [29/Nov/2025:00:40:27 +0000] "PUT /2/66707/AUTH_1f36317bec034bb2906d703b614505b0/gnocchi.e9d3bd0a-269d-4370-bec3-b2e2476d3dd4/none_v3" 201 - "PUT http://[::1]:8080/v1/AUTH_1f36317bec034bb2906d703b614505b0/gnocchi.e9d3bd0a-269d-4370-bec3-b2e2476d3dd4/none_v3" "tx025bc04321774e8898827-00692a40fb" "proxy-server 89446" 0.0280 "-" 96661 0
Nov 28 19:40:27 np0005539311.novalocal proxy-server[89446]: ::1 ::1 29/Nov/2025/00/40/27 PUT /v1/AUTH_1f36317bec034bb2906d703b614505b0/gnocchi.e9d3bd0a-269d-4370-bec3-b2e2476d3dd4/none_v3 HTTP/1.0 201 - python-swiftclient-4.2.0 gAAAAABpKkDhMctJ... 22 - - tx025bc04321774e8898827-00692a40fb - 0.0365 - - 1764376827.233562469 1764376827.270064354 0
Nov 28 19:40:27 np0005539311.novalocal container-server[96358]: ::1 - - [29/Nov/2025:00:40:27 +0000] "HEAD /1/242999/AUTH_1f36317bec034bb2906d703b614505b0/gnocchi.bfe13856-7e6b-47be-bab5-52c7c172c1dd" 404 - "HEAD http://[::1]:8080/v1/AUTH_1f36317bec034bb2906d703b614505b0/gnocchi.bfe13856-7e6b-47be-bab5-52c7c172c1dd?format=json&states=listing" "tx74a25ba0f6074ee098f1d-00692a40fb" "proxy-server 89446" 0.0005 "-" 96358 0
Nov 28 19:40:27 np0005539311.novalocal container-server[96357]: ::1 - - [29/Nov/2025:00:40:27 +0000] "HEAD /3/242999/AUTH_1f36317bec034bb2906d703b614505b0/gnocchi.bfe13856-7e6b-47be-bab5-52c7c172c1dd" 404 - "HEAD http://[::1]:8080/v1/AUTH_1f36317bec034bb2906d703b614505b0/gnocchi.bfe13856-7e6b-47be-bab5-52c7c172c1dd?format=json&states=listing" "tx74a25ba0f6074ee098f1d-00692a40fb" "proxy-server 89446" 0.0004 "-" 96357 0
Nov 28 19:40:27 np0005539311.novalocal container-server[96358]: ::1 - - [29/Nov/2025:00:40:27 +0000] "HEAD /2/242999/AUTH_1f36317bec034bb2906d703b614505b0/gnocchi.bfe13856-7e6b-47be-bab5-52c7c172c1dd" 404 - "HEAD http://[::1]:8080/v1/AUTH_1f36317bec034bb2906d703b614505b0/gnocchi.bfe13856-7e6b-47be-bab5-52c7c172c1dd?format=json&states=listing" "tx74a25ba0f6074ee098f1d-00692a40fb" "proxy-server 89446" 0.0004 "-" 96358 0
Nov 28 19:40:27 np0005539311.novalocal object-server[96660]: ::1 - - [29/Nov/2025:00:40:27 +0000] "GET /2/257628/AUTH_1f36317bec034bb2906d703b614505b0/gnocchi.bfe13856-7e6b-47be-bab5-52c7c172c1dd/none_v3" 404 70 "GET http://[::1]:8080/v1/AUTH_1f36317bec034bb2906d703b614505b0/gnocchi.bfe13856-7e6b-47be-bab5-52c7c172c1dd/none_v3" "tx74a25ba0f6074ee098f1d-00692a40fb" "proxy-server 89446" 0.0004 "-" 96660 0
Nov 28 19:40:27 np0005539311.novalocal object-server[96661]: ::1 - - [29/Nov/2025:00:40:27 +0000] "GET /1/257628/AUTH_1f36317bec034bb2906d703b614505b0/gnocchi.bfe13856-7e6b-47be-bab5-52c7c172c1dd/none_v3" 404 70 "GET http://[::1]:8080/v1/AUTH_1f36317bec034bb2906d703b614505b0/gnocchi.bfe13856-7e6b-47be-bab5-52c7c172c1dd/none_v3" "tx74a25ba0f6074ee098f1d-00692a40fb" "proxy-server 89446" 0.0006 "-" 96661 0
