Nov 28 19:40:58 np0005539311.novalocal object-server[96659]: ::1 - - [29/Nov/2025:00:40:58 +0000] "PUT /1/233931/AUTH_1f36317bec034bb2906d703b614505b0/gnocchi.869fbd89-c3b2-47ad-af6b-55384771a134/1763640000.0_mean_300.0_v3" 201 - "PUT http://[::1]:8080/v1/AUTH_1f36317bec034bb2906d703b614505b0/gnocchi.869fbd89-c3b2-47ad-af6b-55384771a134/1763640000.0_mean_300.0_v3" "txe0f4875a97a0485c88bf2-00692a411a" "proxy-server 89446" 0.0142 "-" 96659 0
Nov 28 19:40:58 np0005539311.novalocal object-server[96661]: ::1 - - [29/Nov/2025:00:40:58 +0000] "PUT /2/171070/AUTH_1f36317bec034bb2906d703b614505b0/gnocchi.78bcf186-dd26-44a1-a414-dd9e860cd2ac/1763640000.0_mean_300.0_v3" 201 - "PUT http://[::1]:8080/v1/AUTH_1f36317bec034bb2906d703b614505b0/gnocchi.78bcf186-dd26-44a1-a414-dd9e860cd2ac/1763640000.0_mean_300.0_v3" "tx9b78e069cbf747c7906db-00692a411a" "proxy-server 89446" 0.0229 "-" 96661 0
Nov 28 19:40:58 np0005539311.novalocal object-server[96659]: ::1 - - [29/Nov/2025:00:40:58 +0000] "PUT /1/171070/AUTH_1f36317bec034bb2906d703b614505b0/gnocchi.78bcf186-dd26-44a1-a414-dd9e860cd2ac/1763640000.0_mean_300.0_v3" 201 - "PUT http://[::1]:8080/v1/AUTH_1f36317bec034bb2906d703b614505b0/gnocchi.78bcf186-dd26-44a1-a414-dd9e860cd2ac/1763640000.0_mean_300.0_v3" "tx9b78e069cbf747c7906db-00692a411a" "proxy-server 89446" 0.0225 "-" 96659 0
Nov 28 19:40:58 np0005539311.novalocal object-server[96661]: ::1 - - [29/Nov/2025:00:40:58 +0000] "PUT /3/233931/AUTH_1f36317bec034bb2906d703b614505b0/gnocchi.869fbd89-c3b2-47ad-af6b-55384771a134/1763640000.0_mean_300.0_v3" 201 - "PUT http://[::1]:8080/v1/AUTH_1f36317bec034bb2906d703b614505b0/gnocchi.869fbd89-c3b2-47ad-af6b-55384771a134/1763640000.0_mean_300.0_v3" "txe0f4875a97a0485c88bf2-00692a411a" "proxy-server 89446" 0.0192 "-" 96661 0
Nov 28 19:40:58 np0005539311.novalocal proxy-server[89446]: ::1 ::1 29/Nov/2025/00/40/58 PUT /v1/AUTH_1f36317bec034bb2906d703b614505b0/gnocchi.78bcf186-dd26-44a1-a414-dd9e860cd2ac/1763640000.0_mean_300.0_v3 HTTP/1.0 201 - python-swiftclient-4.2.0 gAAAAABpKkDhMctJ... 16 - - tx9b78e069cbf747c7906db-00692a411a - 0.0326 - - 1764376858.348971844 1764376858.381580591 0
Nov 28 19:40:58 np0005539311.novalocal proxy-server[89446]: ::1 ::1 29/Nov/2025/00/40/58 PUT /v1/AUTH_1f36317bec034bb2906d703b614505b0/gnocchi.869fbd89-c3b2-47ad-af6b-55384771a134/1763640000.0_mean_300.0_v3 HTTP/1.0 201 - python-swiftclient-4.2.0 gAAAAABpKkDhAXpn... 16 - - txe0f4875a97a0485c88bf2-00692a411a - 0.0341 - - 1764376858.348391056 1764376858.382515669 0
Nov 28 19:40:58 np0005539311.novalocal container-server[96357]: ::1 - - [29/Nov/2025:00:40:58 +0000] "PUT /3/66408/AUTH_1f36317bec034bb2906d703b614505b0/gnocchi.78bcf186-dd26-44a1-a414-dd9e860cd2ac/none_v3" 201 - "PUT http://[::1]:8080/1/39375/AUTH_1f36317bec034bb2906d703b614505b0/gnocchi.78bcf186-dd26-44a1-a414-dd9e860cd2ac/none_v3" "tx4dcce2a99e254f958eaa0-00692a411a" "object-server 96661" 0.0005 "-" 96357 0
Nov 28 19:40:58 np0005539311.novalocal container-server[96355]: ::1 - - [29/Nov/2025:00:40:58 +0000] "PUT /1/66408/AUTH_1f36317bec034bb2906d703b614505b0/gnocchi.78bcf186-dd26-44a1-a414-dd9e860cd2ac/none_v3" 201 - "PUT http://[::1]:8080/3/39375/AUTH_1f36317bec034bb2906d703b614505b0/gnocchi.78bcf186-dd26-44a1-a414-dd9e860cd2ac/none_v3" "tx4dcce2a99e254f958eaa0-00692a411a" "object-server 96660" 0.0004 "-" 96355 0
Nov 28 19:40:58 np0005539311.novalocal object-server[96660]: ::1 - - [29/Nov/2025:00:40:58 +0000] "PUT /3/39375/AUTH_1f36317bec034bb2906d703b614505b0/gnocchi.78bcf186-dd26-44a1-a414-dd9e860cd2ac/none_v3" 201 - "PUT http://[::1]:8080/v1/AUTH_1f36317bec034bb2906d703b614505b0/gnocchi.78bcf186-dd26-44a1-a414-dd9e860cd2ac/none_v3" "tx4dcce2a99e254f958eaa0-00692a411a" "proxy-server 89446" 0.0152 "-" 96660 0
Nov 28 19:40:58 np0005539311.novalocal object-server[96661]: ::1 - - [29/Nov/2025:00:40:58 +0000] "PUT /1/39375/AUTH_1f36317bec034bb2906d703b614505b0/gnocchi.78bcf186-dd26-44a1-a414-dd9e860cd2ac/none_v3" 201 - "PUT http://[::1]:8080/v1/AUTH_1f36317bec034bb2906d703b614505b0/gnocchi.78bcf186-dd26-44a1-a414-dd9e860cd2ac/none_v3" "tx4dcce2a99e254f958eaa0-00692a411a" "proxy-server 89446" 0.0170 "-" 96661 0
Nov 28 19:40:58 np0005539311.novalocal container-server[96358]: ::1 - - [29/Nov/2025:00:40:58 +0000] "PUT /1/251263/AUTH_1f36317bec034bb2906d703b614505b0/gnocchi.869fbd89-c3b2-47ad-af6b-55384771a134/none_v3" 201 - "PUT http://[::1]:8080/3/123318/AUTH_1f36317bec034bb2906d703b614505b0/gnocchi.869fbd89-c3b2-47ad-af6b-55384771a134/none_v3" "tx88a2f9f4c4f84466979e3-00692a411a" "object-server 96660" 0.0004 "-" 96358 0
Nov 28 19:40:58 np0005539311.novalocal container-server[96357]: ::1 - - [29/Nov/2025:00:40:58 +0000] "PUT /2/66408/AUTH_1f36317bec034bb2906d703b614505b0/gnocchi.78bcf186-dd26-44a1-a414-dd9e860cd2ac/none_v3" 201 - "PUT http://[::1]:8080/2/39375/AUTH_1f36317bec034bb2906d703b614505b0/gnocchi.78bcf186-dd26-44a1-a414-dd9e860cd2ac/none_v3" "tx4dcce2a99e254f958eaa0-00692a411a" "object-server 96661" 0.0004 "-" 96357 0
Nov 28 19:40:58 np0005539311.novalocal object-server[96660]: ::1 - - [29/Nov/2025:00:40:58 +0000] "PUT /3/123318/AUTH_1f36317bec034bb2906d703b614505b0/gnocchi.869fbd89-c3b2-47ad-af6b-55384771a134/none_v3" 201 - "PUT http://[::1]:8080/v1/AUTH_1f36317bec034bb2906d703b614505b0/gnocchi.869fbd89-c3b2-47ad-af6b-55384771a134/none_v3" "tx88a2f9f4c4f84466979e3-00692a411a" "proxy-server 89446" 0.0103 "-" 96660 0
Nov 28 19:40:58 np0005539311.novalocal container-server[96355]: ::1 - - [29/Nov/2025:00:40:58 +0000] "PUT /2/251263/AUTH_1f36317bec034bb2906d703b614505b0/gnocchi.869fbd89-c3b2-47ad-af6b-55384771a134/none_v3" 201 - "PUT http://[::1]:8080/2/123318/AUTH_1f36317bec034bb2906d703b614505b0/gnocchi.869fbd89-c3b2-47ad-af6b-55384771a134/none_v3" "tx88a2f9f4c4f84466979e3-00692a411a" "object-server 96662" 0.0003 "-" 96355 0
Nov 28 19:40:58 np0005539311.novalocal object-server[96662]: ::1 - - [29/Nov/2025:00:40:58 +0000] "PUT /2/123318/AUTH_1f36317bec034bb2906d703b614505b0/gnocchi.869fbd89-c3b2-47ad-af6b-55384771a134/none_v3" 201 - "PUT http://[::1]:8080/v1/AUTH_1f36317bec034bb2906d703b614505b0/gnocchi.869fbd89-c3b2-47ad-af6b-55384771a134/none_v3" "tx88a2f9f4c4f84466979e3-00692a411a" "proxy-server 89446" 0.0121 "-" 96662 0
Nov 28 19:40:58 np0005539311.novalocal container-server[96355]: ::1 - - [29/Nov/2025:00:40:58 +0000] "PUT /3/251263/AUTH_1f36317bec034bb2906d703b614505b0/gnocchi.869fbd89-c3b2-47ad-af6b-55384771a134/none_v3" 201 - "PUT http://[::1]:8080/1/123318/AUTH_1f36317bec034bb2906d703b614505b0/gnocchi.869fbd89-c3b2-47ad-af6b-55384771a134/none_v3" "tx88a2f9f4c4f84466979e3-00692a411a" "object-server 96661" 0.0003 "-" 96355 0
Nov 28 19:40:58 np0005539311.novalocal object-server[96661]: ::1 - - [29/Nov/2025:00:40:58 +0000] "PUT /2/39375/AUTH_1f36317bec034bb2906d703b614505b0/gnocchi.78bcf186-dd26-44a1-a414-dd9e860cd2ac/none_v3" 201 - "PUT http://[::1]:8080/v1/AUTH_1f36317bec034bb2906d703b614505b0/gnocchi.78bcf186-dd26-44a1-a414-dd9e860cd2ac/none_v3" "tx4dcce2a99e254f958eaa0-00692a411a" "proxy-server 89446" 0.0223 "-" 96661 0
Nov 28 19:40:58 np0005539311.novalocal proxy-server[89446]: ::1 ::1 29/Nov/2025/00/40/58 PUT /v1/AUTH_1f36317bec034bb2906d703b614505b0/gnocchi.78bcf186-dd26-44a1-a414-dd9e860cd2ac/none_v3 HTTP/1.0 201 - python-swiftclient-4.2.0 gAAAAABpKkDhMctJ... 22 - - tx4dcce2a99e254f958eaa0-00692a411a - 0.0277 - - 1764376858.384001493 1764376858.411746025 0
Nov 28 19:40:58 np0005539311.novalocal object-server[96661]: ::1 - - [29/Nov/2025:00:40:58 +0000] "PUT /1/123318/AUTH_1f36317bec034bb2906d703b614505b0/gnocchi.869fbd89-c3b2-47ad-af6b-55384771a134/none_v3" 201 - "PUT http://[::1]:8080/v1/AUTH_1f36317bec034bb2906d703b614505b0/gnocchi.869fbd89-c3b2-47ad-af6b-55384771a134/none_v3" "tx88a2f9f4c4f84466979e3-00692a411a" "proxy-server 89446" 0.0142 "-" 96661 0
Nov 28 19:40:58 np0005539311.novalocal proxy-server[89446]: ::1 ::1 29/Nov/2025/00/40/58 PUT /v1/AUTH_1f36317bec034bb2906d703b614505b0/gnocchi.869fbd89-c3b2-47ad-af6b-55384771a134/none_v3 HTTP/1.0 201 - python-swiftclient-4.2.0 gAAAAABpKkDhAXpn... 22 - - tx88a2f9f4c4f84466979e3-00692a411a - 0.0278 - - 1764376858.389723539 1764376858.417496681 0
Nov 28 19:40:58 np0005539311.novalocal container-server[96355]: ::1 - - [29/Nov/2025:00:40:58 +0000] "HEAD /2/188483/AUTH_1f36317bec034bb2906d703b614505b0/gnocchi.f9d8a56d-3590-408d-b2ee-ffa7fd11e901" 404 - "HEAD http://[::1]:8080/v1/AUTH_1f36317bec034bb2906d703b614505b0/gnocchi.f9d8a56d-3590-408d-b2ee-ffa7fd11e901?format=json&states=listing" "tx564421efd7b242778c7ad-00692a411a" "proxy-server 89446" 0.0002 "-" 96355 0
Nov 28 19:40:58 np0005539311.novalocal container-server[96357]: ::1 - - [29/Nov/2025:00:40:58 +0000] "HEAD /3/188483/AUTH_1f36317bec034bb2906d703b614505b0/gnocchi.f9d8a56d-3590-408d-b2ee-ffa7fd11e901" 404 - "HEAD http://[::1]:8080/v1/AUTH_1f36317bec034bb2906d703b614505b0/gnocchi.f9d8a56d-3590-408d-b2ee-ffa7fd11e901?format=json&states=listing" "tx564421efd7b242778c7ad-00692a411a" "proxy-server 89446" 0.0003 "-" 96357 0
Nov 28 19:40:58 np0005539311.novalocal container-server[96358]: ::1 - - [29/Nov/2025:00:40:58 +0000] "HEAD /1/188483/AUTH_1f36317bec034bb2906d703b614505b0/gnocchi.f9d8a56d-3590-408d-b2ee-ffa7fd11e901" 404 - "HEAD http://[::1]:8080/v1/AUTH_1f36317bec034bb2906d703b614505b0/gnocchi.f9d8a56d-3590-408d-b2ee-ffa7fd11e901?format=json&states=listing" "tx564421efd7b242778c7ad-00692a411a" "proxy-server 89446" 0.0003 "-" 96358 0
Nov 28 19:40:58 np0005539311.novalocal object-server[96659]: ::1 - - [29/Nov/2025:00:40:58 +0000] "GET /2/218468/AUTH_1f36317bec034bb2906d703b614505b0/gnocchi.f9d8a56d-3590-408d-b2ee-ffa7fd11e901/none_v3" 404 70 "GET http://[::1]:8080/v1/AUTH_1f36317bec034bb2906d703b614505b0/gnocchi.f9d8a56d-3590-408d-b2ee-ffa7fd11e901/none_v3" "tx564421efd7b242778c7ad-00692a411a" "proxy-server 89446" 0.0003 "-" 96659 0
Nov 28 19:40:58 np0005539311.novalocal container-server[96355]: ::1 - - [29/Nov/2025:00:40:58 +0000] "HEAD /1/197000/AUTH_1f36317bec034bb2906d703b614505b0/gnocchi.d3f4047e-444a-4358-b584-415d3b01fed0" 404 - "HEAD http://[::1]:8080/v1/AUTH_1f36317bec034bb2906d703b614505b0/gnocchi.d3f4047e-444a-4358-b584-415d3b01fed0?format=json&states=listing" "txaeb6c43781494f3aaf20a-00692a411a" "proxy-server 89446" 0.0002 "-" 96355 0
Nov 28 19:40:58 np0005539311.novalocal object-server[96659]: ::1 - - [29/Nov/2025:00:40:58 +0000] "GET /3/218468/AUTH_1f36317bec034bb2906d703b614505b0/gnocchi.f9d8a56d-3590-408d-b2ee-ffa7fd11e901/none_v3" 404 70 "GET http://[::1]:8080/v1/AUTH_1f36317bec034bb2906d703b614505b0/gnocchi.f9d8a56d-3590-408d-b2ee-ffa7fd11e901/none_v3" "tx564421efd7b242778c7ad-00692a411a" "proxy-server 89446" 0.0005 "-" 96659 0
Nov 28 19:40:58 np0005539311.novalocal container-server[96355]: ::1 - - [29/Nov/2025:00:40:58 +0000] "HEAD /3/197000/AUTH_1f36317bec034bb2906d703b614505b0/gnocchi.d3f4047e-444a-4358-b584-415d3b01fed0" 404 - "HEAD http://[::1]:8080/v1/AUTH_1f36317bec034bb2906d703b614505b0/gnocchi.d3f4047e-444a-4358-b584-415d3b01fed0?format=json&states=listing" "txaeb6c43781494f3aaf20a-00692a411a" "proxy-server 89446" 0.0002 "-" 96355 0
Nov 28 19:40:58 np0005539311.novalocal container-server[96355]: ::1 - - [29/Nov/2025:00:40:58 +0000] "HEAD /2/197000/AUTH_1f36317bec034bb2906d703b614505b0/gnocchi.d3f4047e-444a-4358-b584-415d3b01fed0" 404 - "HEAD http://[::1]:8080/v1/AUTH_1f36317bec034bb2906d703b614505b0/gnocchi.d3f4047e-444a-4358-b584-415d3b01fed0?format=json&states=listing" "txaeb6c43781494f3aaf20a-00692a411a" "proxy-server 89446" 0.0002 "-" 96355 0
Nov 28 19:40:58 np0005539311.novalocal object-server[96662]: ::1 - - [29/Nov/2025:00:40:58 +0000] "GET /1/218468/AUTH_1f36317bec034bb2906d703b614505b0/gnocchi.f9d8a56d-3590-408d-b2ee-ffa7fd11e901/none_v3" 404 70 "GET http://[::1]:8080/v1/AUTH_1f36317bec034bb2906d703b614505b0/gnocchi.f9d8a56d-3590-408d-b2ee-ffa7fd11e901/none_v3" "tx564421efd7b242778c7ad-00692a411a" "proxy-server 89446" 0.0003 "-" 96662 0
Nov 28 19:40:58 np0005539311.novalocal proxy-server[89446]: ::1 ::1 29/Nov/2025/00/40/58 GET /v1/AUTH_1f36317bec034bb2906d703b614505b0/gnocchi.f9d8a56d-3590-408d-b2ee-ffa7fd11e901/none_v3 HTTP/1.0 404 - python-swiftclient-4.2.0 gAAAAABpKkDhMctJ... - 70 - tx564421efd7b242778c7ad-00692a411a - 0.0203 - - 1764376858.420928240 1764376858.441209555 0
Nov 28 19:40:58 np0005539311.novalocal object-server[96659]: ::1 - - [29/Nov/2025:00:40:58 +0000] "GET /1/121216/AUTH_1f36317bec034bb2906d703b614505b0/gnocchi.d3f4047e-444a-4358-b584-415d3b01fed0/none_v3" 404 70 "GET http://[::1]:8080/v1/AUTH_1f36317bec034bb2906d703b614505b0/gnocchi.d3f4047e-444a-4358-b584-415d3b01fed0/none_v3" "txaeb6c43781494f3aaf20a-00692a411a" "proxy-server 89446" 0.0003 "-" 96659 0
Nov 28 19:40:58 np0005539311.novalocal object-server[96661]: ::1 - - [29/Nov/2025:00:40:58 +0000] "GET /3/121216/AUTH_1f36317bec034bb2906d703b614505b0/gnocchi.d3f4047e-444a-4358-b584-415d3b01fed0/none_v3" 404 70 "GET http://[::1]:8080/v1/AUTH_1f36317bec034bb2906d703b614505b0/gnocchi.d3f4047e-444a-4358-b584-415d3b01fed0/none_v3" "txaeb6c43781494f3aaf20a-00692a411a" "proxy-server 89446" 0.0003 "-" 96661 0
Nov 28 19:40:58 np0005539311.novalocal account-server[96064]: ::1 - - [29/Nov/2025:00:40:58 +0000] "PUT /2/183006/AUTH_1f36317bec034bb2906d703b614505b0/gnocchi.f9d8a56d-3590-408d-b2ee-ffa7fd11e901" 201 - "PUT http://[::1]:6001/3/188483/AUTH_1f36317bec034bb2906d703b614505b0/gnocchi.f9d8a56d-3590-408d-b2ee-ffa7fd11e901" "txca73891ad66d45e09e29f-00692a411a" "container-server 96358" 0.0053 "-" 96064 0
Nov 28 19:40:58 np0005539311.novalocal container-server[96358]: ::1 - - [29/Nov/2025:00:40:58 +0000] "PUT /3/188483/AUTH_1f36317bec034bb2906d703b614505b0/gnocchi.f9d8a56d-3590-408d-b2ee-ffa7fd11e901" 201 - "PUT http://[::1]:8080/v1/AUTH_1f36317bec034bb2906d703b614505b0/gnocchi.f9d8a56d-3590-408d-b2ee-ffa7fd11e901" "txca73891ad66d45e09e29f-00692a411a" "proxy-server 89446" 0.0189 "-" 96358 0
Nov 28 19:40:58 np0005539311.novalocal object-server[96659]: ::1 - - [29/Nov/2025:00:40:58 +0000] "GET /2/121216/AUTH_1f36317bec034bb2906d703b614505b0/gnocchi.d3f4047e-444a-4358-b584-415d3b01fed0/none_v3" 404 70 "GET http://[::1]:8080/v1/AUTH_1f36317bec034bb2906d703b614505b0/gnocchi.d3f4047e-444a-4358-b584-415d3b01fed0/none_v3" "txaeb6c43781494f3aaf20a-00692a411a" "proxy-server 89446" 0.0004 "-" 96659 0
Nov 28 19:40:58 np0005539311.novalocal proxy-server[89446]: ::1 ::1 29/Nov/2025/00/40/58 GET /v1/AUTH_1f36317bec034bb2906d703b614505b0/gnocchi.d3f4047e-444a-4358-b584-415d3b01fed0/none_v3 HTTP/1.0 404 - python-swiftclient-4.2.0 gAAAAABpKkDhAXpn... - 70 - txaeb6c43781494f3aaf20a-00692a411a - 0.0428 - - 1764376858.429975510 1764376858.472762108 0
Nov 28 19:40:58 np0005539311.novalocal account-server[96063]: ::1 - - [29/Nov/2025:00:40:58 +0000] "PUT /3/183006/AUTH_1f36317bec034bb2906d703b614505b0/gnocchi.f9d8a56d-3590-408d-b2ee-ffa7fd11e901" 201 - "PUT http://[::1]:6001/2/188483/AUTH_1f36317bec034bb2906d703b614505b0/gnocchi.f9d8a56d-3590-408d-b2ee-ffa7fd11e901" "txca73891ad66d45e09e29f-00692a411a" "container-server 96357" 0.0042 "-" 96063 0
Nov 28 19:40:58 np0005539311.novalocal container-server[96357]: ::1 - - [29/Nov/2025:00:40:58 +0000] "PUT /2/188483/AUTH_1f36317bec034bb2906d703b614505b0/gnocchi.f9d8a56d-3590-408d-b2ee-ffa7fd11e901" 201 - "PUT http://[::1]:8080/v1/AUTH_1f36317bec034bb2906d703b614505b0/gnocchi.f9d8a56d-3590-408d-b2ee-ffa7fd11e901" "txca73891ad66d45e09e29f-00692a411a" "proxy-server 89446" 0.0144 "-" 96357 0
Nov 28 19:40:58 np0005539311.novalocal account-server[96063]: ::1 - - [29/Nov/2025:00:40:58 +0000] "PUT /1/183006/AUTH_1f36317bec034bb2906d703b614505b0/gnocchi.f9d8a56d-3590-408d-b2ee-ffa7fd11e901" 201 - "PUT http://[::1]:6001/1/188483/AUTH_1f36317bec034bb2906d703b614505b0/gnocchi.f9d8a56d-3590-408d-b2ee-ffa7fd11e901" "txca73891ad66d45e09e29f-00692a411a" "container-server 96357" 0.0049 "-" 96063 0
Nov 28 19:40:58 np0005539311.novalocal container-server[96357]: ::1 - - [29/Nov/2025:00:40:58 +0000] "PUT /1/188483/AUTH_1f36317bec034bb2906d703b614505b0/gnocchi.f9d8a56d-3590-408d-b2ee-ffa7fd11e901" 201 - "PUT http://[::1]:8080/v1/AUTH_1f36317bec034bb2906d703b614505b0/gnocchi.f9d8a56d-3590-408d-b2ee-ffa7fd11e901" "txca73891ad66d45e09e29f-00692a411a" "proxy-server 89446" 0.0323 "-" 96357 0
Nov 28 19:40:58 np0005539311.novalocal proxy-server[89446]: ::1 ::1 29/Nov/2025/00/40/58 PUT /v1/AUTH_1f36317bec034bb2906d703b614505b0/gnocchi.f9d8a56d-3590-408d-b2ee-ffa7fd11e901 HTTP/1.0 201 - python-swiftclient-4.2.0 gAAAAABpKkDhMctJ... - - - txca73891ad66d45e09e29f-00692a411a - 0.0415 - - 1764376858.443866014 1764376858.485347509 0
Nov 28 19:40:58 np0005539311.novalocal account-server[96064]: ::1 - - [29/Nov/2025:00:40:58 +0000] "PUT /2/183006/AUTH_1f36317bec034bb2906d703b614505b0/gnocchi.d3f4047e-444a-4358-b584-415d3b01fed0" 201 - "PUT http://[::1]:6001/3/197000/AUTH_1f36317bec034bb2906d703b614505b0/gnocchi.d3f4047e-444a-4358-b584-415d3b01fed0" "tx462fdc80bcf3453e816f7-00692a411a" "container-server 96358" 0.0042 "-" 96064 0
Nov 28 19:40:58 np0005539311.novalocal container-server[96358]: ::1 - - [29/Nov/2025:00:40:58 +0000] "PUT /3/197000/AUTH_1f36317bec034bb2906d703b614505b0/gnocchi.d3f4047e-444a-4358-b584-415d3b01fed0" 201 - "PUT http://[::1]:8080/v1/AUTH_1f36317bec034bb2906d703b614505b0/gnocchi.d3f4047e-444a-4358-b584-415d3b01fed0" "tx462fdc80bcf3453e816f7-00692a411a" "proxy-server 89446" 0.0147 "-" 96358 0
Nov 28 19:40:58 np0005539311.novalocal container-server[96357]: ::1 - - [29/Nov/2025:00:40:58 +0000] "HEAD /1/188483/AUTH_1f36317bec034bb2906d703b614505b0/gnocchi.f9d8a56d-3590-408d-b2ee-ffa7fd11e901" 204 - "HEAD http://[::1]:8080/v1/AUTH_1f36317bec034bb2906d703b614505b0/gnocchi.f9d8a56d-3590-408d-b2ee-ffa7fd11e901?format=json&states=listing" "tx12962ec846c04aaba4298-00692a411a" "proxy-server 89446" 0.0015 "-" 96357 0
Nov 28 19:40:58 np0005539311.novalocal container-server[96358]: ::1 - - [29/Nov/2025:00:40:58 +0000] "GET /3/188483/AUTH_1f36317bec034bb2906d703b614505b0/gnocchi.f9d8a56d-3590-408d-b2ee-ffa7fd11e901" 200 2 "GET http://[::1]:8080/v1/AUTH_1f36317bec034bb2906d703b614505b0/gnocchi.f9d8a56d-3590-408d-b2ee-ffa7fd11e901?format=json&states=listing" "tx12962ec846c04aaba4298-00692a411a" "proxy-server 89446" 0.0020 "-" 96358 0
Nov 28 19:40:58 np0005539311.novalocal proxy-server[89446]: ::1 ::1 29/Nov/2025/00/40/58 GET /v1/AUTH_1f36317bec034bb2906d703b614505b0/gnocchi.f9d8a56d-3590-408d-b2ee-ffa7fd11e901%3Fformat%3Djson%26states%3Dlisting HTTP/1.0 200 - python-swiftclient-4.2.0 gAAAAABpKkDhMctJ... - 2 - tx12962ec846c04aaba4298-00692a411a - 0.0164 - - 1764376858.491748810 1764376858.508114338 0
Nov 28 19:40:58 np0005539311.novalocal account-server[96063]: ::1 - - [29/Nov/2025:00:40:58 +0000] "PUT /1/183006/AUTH_1f36317bec034bb2906d703b614505b0/gnocchi.d3f4047e-444a-4358-b584-415d3b01fed0" 201 - "PUT http://[::1]:6001/1/197000/AUTH_1f36317bec034bb2906d703b614505b0/gnocchi.d3f4047e-444a-4358-b584-415d3b01fed0" "tx462fdc80bcf3453e816f7-00692a411a" "container-server 96355" 0.0042 "-" 96063 0
Nov 28 19:40:58 np0005539311.novalocal container-server[96355]: ::1 - - [29/Nov/2025:00:40:58 +0000] "PUT /1/197000/AUTH_1f36317bec034bb2906d703b614505b0/gnocchi.d3f4047e-444a-4358-b584-415d3b01fed0" 201 - "PUT http://[::1]:8080/v1/AUTH_1f36317bec034bb2906d703b614505b0/gnocchi.d3f4047e-444a-4358-b584-415d3b01fed0" "tx462fdc80bcf3453e816f7-00692a411a" "proxy-server 89446" 0.0216 "-" 96355 0
Nov 28 19:40:58 np0005539311.novalocal object-server[96659]: ::1 - - [29/Nov/2025:00:40:58 +0000] "GET /1/215553/AUTH_1f36317bec034bb2906d703b614505b0/gnocchi.f9d8a56d-3590-408d-b2ee-ffa7fd11e901/1763640000.0_mean_300.0_v3" 404 70 "GET http://[::1]:8080/v1/AUTH_1f36317bec034bb2906d703b614505b0/gnocchi.f9d8a56d-3590-408d-b2ee-ffa7fd11e901/1763640000.0_mean_300.0_v3" "tx2947f5d44b7640449b14b-00692a411a" "proxy-server 89446" 0.0003 "-" 96659 0
Nov 28 19:40:58 np0005539311.novalocal account-server[96063]: ::1 - - [29/Nov/2025:00:40:58 +0000] "PUT /3/183006/AUTH_1f36317bec034bb2906d703b614505b0/gnocchi.d3f4047e-444a-4358-b584-415d3b01fed0" 201 - "PUT http://[::1]:6001/2/197000/AUTH_1f36317bec034bb2906d703b614505b0/gnocchi.d3f4047e-444a-4358-b584-415d3b01fed0" "tx462fdc80bcf3453e816f7-00692a411a" "container-server 96355" 0.0045 "-" 96063 0
Nov 28 19:40:58 np0005539311.novalocal object-server[96659]: ::1 - - [29/Nov/2025:00:40:58 +0000] "GET /3/215553/AUTH_1f36317bec034bb2906d703b614505b0/gnocchi.f9d8a56d-3590-408d-b2ee-ffa7fd11e901/1763640000.0_mean_300.0_v3" 404 70 "GET http://[::1]:8080/v1/AUTH_1f36317bec034bb2906d703b614505b0/gnocchi.f9d8a56d-3590-408d-b2ee-ffa7fd11e901/1763640000.0_mean_300.0_v3" "tx2947f5d44b7640449b14b-00692a411a" "proxy-server 89446" 0.0002 "-" 96659 0
Nov 28 19:40:58 np0005539311.novalocal container-server[96355]: ::1 - - [29/Nov/2025:00:40:58 +0000] "PUT /2/197000/AUTH_1f36317bec034bb2906d703b614505b0/gnocchi.d3f4047e-444a-4358-b584-415d3b01fed0" 201 - "PUT http://[::1]:8080/v1/AUTH_1f36317bec034bb2906d703b614505b0/gnocchi.d3f4047e-444a-4358-b584-415d3b01fed0" "tx462fdc80bcf3453e816f7-00692a411a" "proxy-server 89446" 0.0365 "-" 96355 0
Nov 28 19:40:58 np0005539311.novalocal object-server[96661]: ::1 - - [29/Nov/2025:00:40:58 +0000] "GET /2/215553/AUTH_1f36317bec034bb2906d703b614505b0/gnocchi.f9d8a56d-3590-408d-b2ee-ffa7fd11e901/1763640000.0_mean_300.0_v3" 404 70 "GET http://[::1]:8080/v1/AUTH_1f36317bec034bb2906d703b614505b0/gnocchi.f9d8a56d-3590-408d-b2ee-ffa7fd11e901/1763640000.0_mean_300.0_v3" "tx2947f5d44b7640449b14b-00692a411a" "proxy-server 89446" 0.0003 "-" 96661 0
Nov 28 19:40:58 np0005539311.novalocal proxy-server[89446]: ::1 ::1 29/Nov/2025/00/40/58 GET /v1/AUTH_1f36317bec034bb2906d703b614505b0/gnocchi.f9d8a56d-3590-408d-b2ee-ffa7fd11e901/1763640000.0_mean_300.0_v3 HTTP/1.0 404 - python-swiftclient-4.2.0 gAAAAABpKkDhMctJ... - 70 - tx2947f5d44b7640449b14b-00692a411a - 0.0118 - - 1764376858.511070728 1764376858.522888184 0
Nov 28 19:40:58 np0005539311.novalocal proxy-server[89446]: ::1 ::1 29/Nov/2025/00/40/58 PUT /v1/AUTH_1f36317bec034bb2906d703b614505b0/gnocchi.d3f4047e-444a-4358-b584-415d3b01fed0 HTTP/1.0 201 - python-swiftclient-4.2.0 gAAAAABpKkDhAXpn... - - - tx462fdc80bcf3453e816f7-00692a411a - 0.0488 - - 1764376858.475192308 1764376858.523955822 0
Nov 28 19:40:58 np0005539311.novalocal container-server[96356]: ::1 - - [29/Nov/2025:00:40:58 +0000] "HEAD /1/197000/AUTH_1f36317bec034bb2906d703b614505b0/gnocchi.d3f4047e-444a-4358-b584-415d3b01fed0" 204 - "HEAD http://[::1]:8080/v1/AUTH_1f36317bec034bb2906d703b614505b0/gnocchi.d3f4047e-444a-4358-b584-415d3b01fed0?format=json&states=listing" "tx1266988e385e4ce7b9536-00692a411a" "proxy-server 89446" 0.0012 "-" 96356 0
Nov 28 19:40:58 np0005539311.novalocal container-server[96356]: ::1 - - [29/Nov/2025:00:40:58 +0000] "PUT /1/188483/AUTH_1f36317bec034bb2906d703b614505b0/gnocchi.f9d8a56d-3590-408d-b2ee-ffa7fd11e901/1763640000.0_mean_300.0_v3" 201 - "PUT http://[::1]:8080/3/215553/AUTH_1f36317bec034bb2906d703b614505b0/gnocchi.f9d8a56d-3590-408d-b2ee-ffa7fd11e901/1763640000.0_mean_300.0_v3" "tx796d784f188348c4af5ce-00692a411a" "object-server 96661" 0.0005 "-" 96356 0
Nov 28 19:40:58 np0005539311.novalocal container-server[96358]: ::1 - - [29/Nov/2025:00:40:58 +0000] "PUT /3/188483/AUTH_1f36317bec034bb2906d703b614505b0/gnocchi.f9d8a56d-3590-408d-b2ee-ffa7fd11e901/1763640000.0_mean_300.0_v3" 201 - "PUT http://[::1]:8080/2/215553/AUTH_1f36317bec034bb2906d703b614505b0/gnocchi.f9d8a56d-3590-408d-b2ee-ffa7fd11e901/1763640000.0_mean_300.0_v3" "tx796d784f188348c4af5ce-00692a411a" "object-server 96661" 0.0006 "-" 96358 0
Nov 28 19:40:58 np0005539311.novalocal container-server[96358]: ::1 - - [29/Nov/2025:00:40:58 +0000] "GET /1/197000/AUTH_1f36317bec034bb2906d703b614505b0/gnocchi.d3f4047e-444a-4358-b584-415d3b01fed0" 200 2 "GET http://[::1]:8080/v1/AUTH_1f36317bec034bb2906d703b614505b0/gnocchi.d3f4047e-444a-4358-b584-415d3b01fed0?format=json&states=listing" "tx1266988e385e4ce7b9536-00692a411a" "proxy-server 89446" 0.0024 "-" 96358 0
Nov 28 19:40:58 np0005539311.novalocal container-server[96355]: ::1 - - [29/Nov/2025:00:40:58 +0000] "PUT /2/188483/AUTH_1f36317bec034bb2906d703b614505b0/gnocchi.f9d8a56d-3590-408d-b2ee-ffa7fd11e901/1763640000.0_mean_300.0_v3" 201 - "PUT http://[::1]:8080/1/215553/AUTH_1f36317bec034bb2906d703b614505b0/gnocchi.f9d8a56d-3590-408d-b2ee-ffa7fd11e901/1763640000.0_mean_300.0_v3" "tx796d784f188348c4af5ce-00692a411a" "object-server 96660" 0.0012 "-" 96355 0
Nov 28 19:40:58 np0005539311.novalocal proxy-server[89446]: ::1 ::1 29/Nov/2025/00/40/58 GET /v1/AUTH_1f36317bec034bb2906d703b614505b0/gnocchi.d3f4047e-444a-4358-b584-415d3b01fed0%3Fformat%3Djson%26states%3Dlisting HTTP/1.0 200 - python-swiftclient-4.2.0 gAAAAABpKkDhAXpn... - 2 - tx1266988e385e4ce7b9536-00692a411a - 0.0181 - - 1764376858.530695677 1764376858.548757076 0
Nov 28 19:40:58 np0005539311.novalocal object-server[96661]: ::1 - - [29/Nov/2025:00:40:58 +0000] "PUT /2/215553/AUTH_1f36317bec034bb2906d703b614505b0/gnocchi.f9d8a56d-3590-408d-b2ee-ffa7fd11e901/1763640000.0_mean_300.0_v3" 201 - "PUT http://[::1]:8080/v1/AUTH_1f36317bec034bb2906d703b614505b0/gnocchi.f9d8a56d-3590-408d-b2ee-ffa7fd11e901/1763640000.0_mean_300.0_v3" "tx796d784f188348c4af5ce-00692a411a" "proxy-server 89446" 0.0154 "-" 96661 0
Nov 28 19:40:58 np0005539311.novalocal object-server[96661]: ::1 - - [29/Nov/2025:00:40:58 +0000] "PUT /3/215553/AUTH_1f36317bec034bb2906d703b614505b0/gnocchi.f9d8a56d-3590-408d-b2ee-ffa7fd11e901/1763640000.0_mean_300.0_v3" 201 - "PUT http://[::1]:8080/v1/AUTH_1f36317bec034bb2906d703b614505b0/gnocchi.f9d8a56d-3590-408d-b2ee-ffa7fd11e901/1763640000.0_mean_300.0_v3" "tx796d784f188348c4af5ce-00692a411a" "proxy-server 89446" 0.0157 "-" 96661 0
Nov 28 19:40:58 np0005539311.novalocal object-server[96660]: ::1 - - [29/Nov/2025:00:40:58 +0000] "PUT /1/215553/AUTH_1f36317bec034bb2906d703b614505b0/gnocchi.f9d8a56d-3590-408d-b2ee-ffa7fd11e901/1763640000.0_mean_300.0_v3" 201 - "PUT http://[::1]:8080/v1/AUTH_1f36317bec034bb2906d703b614505b0/gnocchi.f9d8a56d-3590-408d-b2ee-ffa7fd11e901/1763640000.0_mean_300.0_v3" "tx796d784f188348c4af5ce-00692a411a" "proxy-server 89446" 0.0180 "-" 96660 0
Nov 28 19:40:58 np0005539311.novalocal proxy-server[89446]: ::1 ::1 29/Nov/2025/00/40/58 PUT /v1/AUTH_1f36317bec034bb2906d703b614505b0/gnocchi.f9d8a56d-3590-408d-b2ee-ffa7fd11e901/1763640000.0_mean_300.0_v3 HTTP/1.0 201 - python-swiftclient-4.2.0 gAAAAABpKkDhMctJ... 16 - - tx796d784f188348c4af5ce-00692a411a - 0.0274 - - 1764376858.526295185 1764376858.553732872 0
Nov 28 19:40:58 np0005539311.novalocal object-server[96662]: ::1 - - [29/Nov/2025:00:40:58 +0000] "GET /3/148152/AUTH_1f36317bec034bb2906d703b614505b0/gnocchi.d3f4047e-444a-4358-b584-415d3b01fed0/1763640000.0_mean_300.0_v3" 404 70 "GET http://[::1]:8080/v1/AUTH_1f36317bec034bb2906d703b614505b0/gnocchi.d3f4047e-444a-4358-b584-415d3b01fed0/1763640000.0_mean_300.0_v3" "txc0953b48b25a4f27b75d0-00692a411a" "proxy-server 89446" 0.0003 "-" 96662 0
Nov 28 19:40:58 np0005539311.novalocal object-server[96662]: ::1 - - [29/Nov/2025:00:40:58 +0000] "GET /1/148152/AUTH_1f36317bec034bb2906d703b614505b0/gnocchi.d3f4047e-444a-4358-b584-415d3b01fed0/1763640000.0_mean_300.0_v3" 404 70 "GET http://[::1]:8080/v1/AUTH_1f36317bec034bb2906d703b614505b0/gnocchi.d3f4047e-444a-4358-b584-415d3b01fed0/1763640000.0_mean_300.0_v3" "txc0953b48b25a4f27b75d0-00692a411a" "proxy-server 89446" 0.0002 "-" 96662 0
Nov 28 19:40:58 np0005539311.novalocal object-server[96662]: ::1 - - [29/Nov/2025:00:40:58 +0000] "GET /2/148152/AUTH_1f36317bec034bb2906d703b614505b0/gnocchi.d3f4047e-444a-4358-b584-415d3b01fed0/1763640000.0_mean_300.0_v3" 404 70 "GET http://[::1]:8080/v1/AUTH_1f36317bec034bb2906d703b614505b0/gnocchi.d3f4047e-444a-4358-b584-415d3b01fed0/1763640000.0_mean_300.0_v3" "txc0953b48b25a4f27b75d0-00692a411a" "proxy-server 89446" 0.0002 "-" 96662 0
Nov 28 19:40:58 np0005539311.novalocal proxy-server[89446]: ::1 ::1 29/Nov/2025/00/40/58 GET /v1/AUTH_1f36317bec034bb2906d703b614505b0/gnocchi.d3f4047e-444a-4358-b584-415d3b01fed0/1763640000.0_mean_300.0_v3 HTTP/1.0 404 - python-swiftclient-4.2.0 gAAAAABpKkDhAXpn... - 70 - txc0953b48b25a4f27b75d0-00692a411a - 0.0194 - - 1764376858.552972317 1764376858.572421074 0
Nov 28 19:40:58 np0005539311.novalocal container-server[96355]: ::1 - - [29/Nov/2025:00:40:58 +0000] "PUT /1/188483/AUTH_1f36317bec034bb2906d703b614505b0/gnocchi.f9d8a56d-3590-408d-b2ee-ffa7fd11e901/none_v3" 201 - "PUT http://[::1]:8080/2/218468/AUTH_1f36317bec034bb2906d703b614505b0/gnocchi.f9d8a56d-3590-408d-b2ee-ffa7fd11e901/none_v3" "txec65036a4901474a86ec7-00692a411a" "object-server 96660" 0.0005 "-" 96355 0
Nov 28 19:40:58 np0005539311.novalocal object-server[96660]: ::1 - - [29/Nov/2025:00:40:58 +0000] "PUT /2/218468/AUTH_1f36317bec034bb2906d703b614505b0/gnocchi.f9d8a56d-3590-408d-b2ee-ffa7fd11e901/none_v3" 201 - "PUT http://[::1]:8080/v1/AUTH_1f36317bec034bb2906d703b614505b0/gnocchi.f9d8a56d-3590-408d-b2ee-ffa7fd11e901/none_v3" "txec65036a4901474a86ec7-00692a411a" "proxy-server 89446" 0.0111 "-" 96660 0
Nov 28 19:40:58 np0005539311.novalocal container-server[96358]: ::1 - - [29/Nov/2025:00:40:58 +0000] "PUT /3/188483/AUTH_1f36317bec034bb2906d703b614505b0/gnocchi.f9d8a56d-3590-408d-b2ee-ffa7fd11e901/none_v3" 201 - "PUT http://[::1]:8080/1/218468/AUTH_1f36317bec034bb2906d703b614505b0/gnocchi.f9d8a56d-3590-408d-b2ee-ffa7fd11e901/none_v3" "txec65036a4901474a86ec7-00692a411a" "object-server 96661" 0.0005 "-" 96358 0
Nov 28 19:40:58 np0005539311.novalocal object-server[96661]: ::1 - - [29/Nov/2025:00:40:58 +0000] "PUT /1/218468/AUTH_1f36317bec034bb2906d703b614505b0/gnocchi.f9d8a56d-3590-408d-b2ee-ffa7fd11e901/none_v3" 201 - "PUT http://[::1]:8080/v1/AUTH_1f36317bec034bb2906d703b614505b0/gnocchi.f9d8a56d-3590-408d-b2ee-ffa7fd11e901/none_v3" "txec65036a4901474a86ec7-00692a411a" "proxy-server 89446" 0.0131 "-" 96661 0
Nov 28 19:40:58 np0005539311.novalocal container-server[96355]: ::1 - - [29/Nov/2025:00:40:58 +0000] "PUT /2/188483/AUTH_1f36317bec034bb2906d703b614505b0/gnocchi.f9d8a56d-3590-408d-b2ee-ffa7fd11e901/none_v3" 201 - "PUT http://[::1]:8080/3/218468/AUTH_1f36317bec034bb2906d703b614505b0/gnocchi.f9d8a56d-3590-408d-b2ee-ffa7fd11e901/none_v3" "txec65036a4901474a86ec7-00692a411a" "object-server 96661" 0.0007 "-" 96355 0
Nov 28 19:40:58 np0005539311.novalocal object-server[96661]: ::1 - - [29/Nov/2025:00:40:58 +0000] "PUT /3/218468/AUTH_1f36317bec034bb2906d703b614505b0/gnocchi.f9d8a56d-3590-408d-b2ee-ffa7fd11e901/none_v3" 201 - "PUT http://[::1]:8080/v1/AUTH_1f36317bec034bb2906d703b614505b0/gnocchi.f9d8a56d-3590-408d-b2ee-ffa7fd11e901/none_v3" "txec65036a4901474a86ec7-00692a411a" "proxy-server 89446" 0.0125 "-" 96661 0
Nov 28 19:40:58 np0005539311.novalocal proxy-server[89446]: ::1 ::1 29/Nov/2025/00/40/58 PUT /v1/AUTH_1f36317bec034bb2906d703b614505b0/gnocchi.f9d8a56d-3590-408d-b2ee-ffa7fd11e901/none_v3 HTTP/1.0 201 - python-swiftclient-4.2.0 gAAAAABpKkDhMctJ... 22 - - txec65036a4901474a86ec7-00692a411a - 0.0249 - - 1764376858.558013439 1764376858.582869053 0
Nov 28 19:40:58 np0005539311.novalocal container-server[96356]: ::1 - - [29/Nov/2025:00:40:58 +0000] "PUT /2/197000/AUTH_1f36317bec034bb2906d703b614505b0/gnocchi.d3f4047e-444a-4358-b584-415d3b01fed0/1763640000.0_mean_300.0_v3" 201 - "PUT http://[::1]:8080/3/148152/AUTH_1f36317bec034bb2906d703b614505b0/gnocchi.d3f4047e-444a-4358-b584-415d3b01fed0/1763640000.0_mean_300.0_v3" "tx3054a1a5ca5449f8b7f37-00692a411a" "object-server 96662" 0.0008 "-" 96356 0
Nov 28 19:40:58 np0005539311.novalocal object-server[96662]: ::1 - - [29/Nov/2025:00:40:58 +0000] "PUT /3/148152/AUTH_1f36317bec034bb2906d703b614505b0/gnocchi.d3f4047e-444a-4358-b584-415d3b01fed0/1763640000.0_mean_300.0_v3" 201 - "PUT http://[::1]:8080/v1/AUTH_1f36317bec034bb2906d703b614505b0/gnocchi.d3f4047e-444a-4358-b584-415d3b01fed0/1763640000.0_mean_300.0_v3" "tx3054a1a5ca5449f8b7f37-00692a411a" "proxy-server 89446" 0.0142 "-" 96662 0
Nov 28 19:40:58 np0005539311.novalocal container-server[96358]: ::1 - - [29/Nov/2025:00:40:58 +0000] "PUT /1/197000/AUTH_1f36317bec034bb2906d703b614505b0/gnocchi.d3f4047e-444a-4358-b584-415d3b01fed0/1763640000.0_mean_300.0_v3" 201 - "PUT http://[::1]:8080/1/148152/AUTH_1f36317bec034bb2906d703b614505b0/gnocchi.d3f4047e-444a-4358-b584-415d3b01fed0/1763640000.0_mean_300.0_v3" "tx3054a1a5ca5449f8b7f37-00692a411a" "object-server 96660" 0.0005 "-" 96358 0
Nov 28 19:40:58 np0005539311.novalocal object-server[96660]: ::1 - - [29/Nov/2025:00:40:58 +0000] "PUT /1/148152/AUTH_1f36317bec034bb2906d703b614505b0/gnocchi.d3f4047e-444a-4358-b584-415d3b01fed0/1763640000.0_mean_300.0_v3" 201 - "PUT http://[::1]:8080/v1/AUTH_1f36317bec034bb2906d703b614505b0/gnocchi.d3f4047e-444a-4358-b584-415d3b01fed0/1763640000.0_mean_300.0_v3" "tx3054a1a5ca5449f8b7f37-00692a411a" "proxy-server 89446" 0.0132 "-" 96660 0
Nov 28 19:40:58 np0005539311.novalocal container-server[96357]: ::1 - - [29/Nov/2025:00:40:58 +0000] "PUT /3/197000/AUTH_1f36317bec034bb2906d703b614505b0/gnocchi.d3f4047e-444a-4358-b584-415d3b01fed0/1763640000.0_mean_300.0_v3" 201 - "PUT http://[::1]:8080/2/148152/AUTH_1f36317bec034bb2906d703b614505b0/gnocchi.d3f4047e-444a-4358-b584-415d3b01fed0/1763640000.0_mean_300.0_v3" "tx3054a1a5ca5449f8b7f37-00692a411a" "object-server 96661" 0.0009 "-" 96357 0
Nov 28 19:40:58 np0005539311.novalocal container-server[96358]: ::1 - - [29/Nov/2025:00:40:58 +0000] "HEAD /2/235633/AUTH_1f36317bec034bb2906d703b614505b0/gnocchi.e90683f1-a606-4f12-a86e-e303683c3fc6" 404 - "HEAD http://[::1]:8080/v1/AUTH_1f36317bec034bb2906d703b614505b0/gnocchi.e90683f1-a606-4f12-a86e-e303683c3fc6?format=json&states=listing" "tx50d682850d1740cf94fe6-00692a411a" "proxy-server 89446" 0.0003 "-" 96358 0
Nov 28 19:40:58 np0005539311.novalocal object-server[96661]: ::1 - - [29/Nov/2025:00:40:58 +0000] "PUT /2/148152/AUTH_1f36317bec034bb2906d703b614505b0/gnocchi.d3f4047e-444a-4358-b584-415d3b01fed0/1763640000.0_mean_300.0_v3" 201 - "PUT http://[::1]:8080/v1/AUTH_1f36317bec034bb2906d703b614505b0/gnocchi.d3f4047e-444a-4358-b584-415d3b01fed0/1763640000.0_mean_300.0_v3" "tx3054a1a5ca5449f8b7f37-00692a411a" "proxy-server 89446" 0.0184 "-" 96661 0
Nov 28 19:40:58 np0005539311.novalocal proxy-server[89446]: ::1 ::1 29/Nov/2025/00/40/58 PUT /v1/AUTH_1f36317bec034bb2906d703b614505b0/gnocchi.d3f4047e-444a-4358-b584-415d3b01fed0/1763640000.0_mean_300.0_v3 HTTP/1.0 201 - python-swiftclient-4.2.0 gAAAAABpKkDhAXpn... 16 - - tx3054a1a5ca5449f8b7f37-00692a411a - 0.0283 - - 1764376858.575330257 1764376858.603673458 0
Nov 28 19:40:58 np0005539311.novalocal container-server[96357]: ::1 - - [29/Nov/2025:00:40:58 +0000] "HEAD /3/235633/AUTH_1f36317bec034bb2906d703b614505b0/gnocchi.e90683f1-a606-4f12-a86e-e303683c3fc6" 404 - "HEAD http://[::1]:8080/v1/AUTH_1f36317bec034bb2906d703b614505b0/gnocchi.e90683f1-a606-4f12-a86e-e303683c3fc6?format=json&states=listing" "tx50d682850d1740cf94fe6-00692a411a" "proxy-server 89446" 0.0005 "-" 96357 0
Nov 28 19:40:58 np0005539311.novalocal container-server[96358]: ::1 - - [29/Nov/2025:00:40:58 +0000] "HEAD /1/235633/AUTH_1f36317bec034bb2906d703b614505b0/gnocchi.e90683f1-a606-4f12-a86e-e303683c3fc6" 404 - "HEAD http://[::1]:8080/v1/AUTH_1f36317bec034bb2906d703b614505b0/gnocchi.e90683f1-a606-4f12-a86e-e303683c3fc6?format=json&states=listing" "tx50d682850d1740cf94fe6-00692a411a" "proxy-server 89446" 0.0003 "-" 96358 0
Nov 28 19:40:58 np0005539311.novalocal object-server[96659]: ::1 - - [29/Nov/2025:00:40:58 +0000] "GET /3/223585/AUTH_1f36317bec034bb2906d703b614505b0/gnocchi.e90683f1-a606-4f12-a86e-e303683c3fc6/none_v3" 404 70 "GET http://[::1]:8080/v1/AUTH_1f36317bec034bb2906d703b614505b0/gnocchi.e90683f1-a606-4f12-a86e-e303683c3fc6/none_v3" "tx50d682850d1740cf94fe6-00692a411a" "proxy-server 89446" 0.0003 "-" 96659 0
Nov 28 19:40:58 np0005539311.novalocal object-server[96660]: ::1 - - [29/Nov/2025:00:40:58 +0000] "GET /1/223585/AUTH_1f36317bec034bb2906d703b614505b0/gnocchi.e90683f1-a606-4f12-a86e-e303683c3fc6/none_v3" 404 70 "GET http://[::1]:8080/v1/AUTH_1f36317bec034bb2906d703b614505b0/gnocchi.e90683f1-a606-4f12-a86e-e303683c3fc6/none_v3" "tx50d682850d1740cf94fe6-00692a411a" "proxy-server 89446" 0.0006 "-" 96660 0
Nov 28 19:40:58 np0005539311.novalocal object-server[96662]: ::1 - - [29/Nov/2025:00:40:58 +0000] "GET /2/223585/AUTH_1f36317bec034bb2906d703b614505b0/gnocchi.e90683f1-a606-4f12-a86e-e303683c3fc6/none_v3" 404 70 "GET http://[::1]:8080/v1/AUTH_1f36317bec034bb2906d703b614505b0/gnocchi.e90683f1-a606-4f12-a86e-e303683c3fc6/none_v3" "tx50d682850d1740cf94fe6-00692a411a" "proxy-server 89446" 0.0002 "-" 96662 0
Nov 28 19:40:58 np0005539311.novalocal proxy-server[89446]: ::1 ::1 29/Nov/2025/00/40/58 GET /v1/AUTH_1f36317bec034bb2906d703b614505b0/gnocchi.e90683f1-a606-4f12-a86e-e303683c3fc6/none_v3 HTTP/1.0 404 - python-swiftclient-4.2.0 gAAAAABpKkDhMctJ... - 70 - tx50d682850d1740cf94fe6-00692a411a - 0.0346 - - 1764376858.596538067 1764376858.631128788 0
Nov 28 19:40:58 np0005539311.novalocal container-server[96355]: ::1 - - [29/Nov/2025:00:40:58 +0000] "PUT /2/197000/AUTH_1f36317bec034bb2906d703b614505b0/gnocchi.d3f4047e-444a-4358-b584-415d3b01fed0/none_v3" 201 - "PUT http://[::1]:8080/2/121216/AUTH_1f36317bec034bb2906d703b614505b0/gnocchi.d3f4047e-444a-4358-b584-415d3b01fed0/none_v3" "tx378e7ad2c58641409286f-00692a411a" "object-server 96661" 0.0004 "-" 96355 0
Nov 28 19:40:58 np0005539311.novalocal object-server[96661]: ::1 - - [29/Nov/2025:00:40:58 +0000] "PUT /2/121216/AUTH_1f36317bec034bb2906d703b614505b0/gnocchi.d3f4047e-444a-4358-b584-415d3b01fed0/none_v3" 201 - "PUT http://[::1]:8080/v1/AUTH_1f36317bec034bb2906d703b614505b0/gnocchi.d3f4047e-444a-4358-b584-415d3b01fed0/none_v3" "tx378e7ad2c58641409286f-00692a411a" "proxy-server 89446" 0.0106 "-" 96661 0
Nov 28 19:40:58 np0005539311.novalocal container-server[96356]: ::1 - - [29/Nov/2025:00:40:58 +0000] "PUT /1/197000/AUTH_1f36317bec034bb2906d703b614505b0/gnocchi.d3f4047e-444a-4358-b584-415d3b01fed0/none_v3" 201 - "PUT http://[::1]:8080/3/121216/AUTH_1f36317bec034bb2906d703b614505b0/gnocchi.d3f4047e-444a-4358-b584-415d3b01fed0/none_v3" "tx378e7ad2c58641409286f-00692a411a" "object-server 96660" 0.0007 "-" 96356 0
Nov 28 19:40:58 np0005539311.novalocal container-server[96356]: ::1 - - [29/Nov/2025:00:40:58 +0000] "PUT /3/197000/AUTH_1f36317bec034bb2906d703b614505b0/gnocchi.d3f4047e-444a-4358-b584-415d3b01fed0/none_v3" 201 - "PUT http://[::1]:8080/1/121216/AUTH_1f36317bec034bb2906d703b614505b0/gnocchi.d3f4047e-444a-4358-b584-415d3b01fed0/none_v3" "tx378e7ad2c58641409286f-00692a411a" "object-server 96660" 0.0009 "-" 96356 0
Nov 28 19:40:58 np0005539311.novalocal object-server[96660]: ::1 - - [29/Nov/2025:00:40:58 +0000] "PUT /1/121216/AUTH_1f36317bec034bb2906d703b614505b0/gnocchi.d3f4047e-444a-4358-b584-415d3b01fed0/none_v3" 201 - "PUT http://[::1]:8080/v1/AUTH_1f36317bec034bb2906d703b614505b0/gnocchi.d3f4047e-444a-4358-b584-415d3b01fed0/none_v3" "tx378e7ad2c58641409286f-00692a411a" "proxy-server 89446" 0.0185 "-" 96660 0
Nov 28 19:40:58 np0005539311.novalocal object-server[96660]: ::1 - - [29/Nov/2025:00:40:58 +0000] "PUT /3/121216/AUTH_1f36317bec034bb2906d703b614505b0/gnocchi.d3f4047e-444a-4358-b584-415d3b01fed0/none_v3" 201 - "PUT http://[::1]:8080/v1/AUTH_1f36317bec034bb2906d703b614505b0/gnocchi.d3f4047e-444a-4358-b584-415d3b01fed0/none_v3" "tx378e7ad2c58641409286f-00692a411a" "proxy-server 89446" 0.0234 "-" 96660 0
Nov 28 19:40:58 np0005539311.novalocal proxy-server[89446]: ::1 ::1 29/Nov/2025/00/40/58 PUT /v1/AUTH_1f36317bec034bb2906d703b614505b0/gnocchi.d3f4047e-444a-4358-b584-415d3b01fed0/none_v3 HTTP/1.0 201 - python-swiftclient-4.2.0 gAAAAABpKkDhAXpn... 22 - - tx378e7ad2c58641409286f-00692a411a - 0.0371 - - 1764376858.606299877 1764376858.643411875 0
Nov 28 19:40:58 np0005539311.novalocal account-server[96063]: ::1 - - [29/Nov/2025:00:40:58 +0000] "PUT /3/183006/AUTH_1f36317bec034bb2906d703b614505b0/gnocchi.e90683f1-a606-4f12-a86e-e303683c3fc6" 201 - "PUT http://[::1]:6001/1/235633/AUTH_1f36317bec034bb2906d703b614505b0/gnocchi.e90683f1-a606-4f12-a86e-e303683c3fc6" "tx97654b7899044e8787c49-00692a411a" "container-server 96356" 0.0068 "-" 96063 0
Nov 28 19:40:58 np0005539311.novalocal account-server[96062]: ::1 - - [29/Nov/2025:00:40:58 +0000] "PUT /2/183006/AUTH_1f36317bec034bb2906d703b614505b0/gnocchi.e90683f1-a606-4f12-a86e-e303683c3fc6" 201 - "PUT http://[::1]:6001/3/235633/AUTH_1f36317bec034bb2906d703b614505b0/gnocchi.e90683f1-a606-4f12-a86e-e303683c3fc6" "tx97654b7899044e8787c49-00692a411a" "container-server 96357" 0.0043 "-" 96062 0
Nov 28 19:40:58 np0005539311.novalocal container-server[96356]: ::1 - - [29/Nov/2025:00:40:58 +0000] "PUT /1/235633/AUTH_1f36317bec034bb2906d703b614505b0/gnocchi.e90683f1-a606-4f12-a86e-e303683c3fc6" 201 - "PUT http://[::1]:8080/v1/AUTH_1f36317bec034bb2906d703b614505b0/gnocchi.e90683f1-a606-4f12-a86e-e303683c3fc6" "tx97654b7899044e8787c49-00692a411a" "proxy-server 89446" 0.0212 "-" 96356 0
Nov 28 19:40:58 np0005539311.novalocal container-server[96357]: ::1 - - [29/Nov/2025:00:40:58 +0000] "PUT /3/235633/AUTH_1f36317bec034bb2906d703b614505b0/gnocchi.e90683f1-a606-4f12-a86e-e303683c3fc6" 201 - "PUT http://[::1]:8080/v1/AUTH_1f36317bec034bb2906d703b614505b0/gnocchi.e90683f1-a606-4f12-a86e-e303683c3fc6" "tx97654b7899044e8787c49-00692a411a" "proxy-server 89446" 0.0254 "-" 96357 0
Nov 28 19:40:58 np0005539311.novalocal account-server[96063]: ::1 - - [29/Nov/2025:00:40:58 +0000] "PUT /1/183006/AUTH_1f36317bec034bb2906d703b614505b0/gnocchi.e90683f1-a606-4f12-a86e-e303683c3fc6" 201 - "PUT http://[::1]:6001/2/235633/AUTH_1f36317bec034bb2906d703b614505b0/gnocchi.e90683f1-a606-4f12-a86e-e303683c3fc6" "tx97654b7899044e8787c49-00692a411a" "container-server 96357" 0.0041 "-" 96063 0
Nov 28 19:40:58 np0005539311.novalocal container-server[96357]: ::1 - - [29/Nov/2025:00:40:58 +0000] "PUT /2/235633/AUTH_1f36317bec034bb2906d703b614505b0/gnocchi.e90683f1-a606-4f12-a86e-e303683c3fc6" 201 - "PUT http://[::1]:8080/v1/AUTH_1f36317bec034bb2906d703b614505b0/gnocchi.e90683f1-a606-4f12-a86e-e303683c3fc6" "tx97654b7899044e8787c49-00692a411a" "proxy-server 89446" 0.0172 "-" 96357 0
Nov 28 19:40:58 np0005539311.novalocal proxy-server[89446]: ::1 ::1 29/Nov/2025/00/40/58 PUT /v1/AUTH_1f36317bec034bb2906d703b614505b0/gnocchi.e90683f1-a606-4f12-a86e-e303683c3fc6 HTTP/1.0 201 - python-swiftclient-4.2.0 gAAAAABpKkDhMctJ... - - - tx97654b7899044e8787c49-00692a411a - 0.0462 - - 1764376858.634451389 1764376858.680622578 0
Nov 28 19:40:58 np0005539311.novalocal container-server[96355]: ::1 - - [29/Nov/2025:00:40:58 +0000] "HEAD /1/235633/AUTH_1f36317bec034bb2906d703b614505b0/gnocchi.e90683f1-a606-4f12-a86e-e303683c3fc6" 204 - "HEAD http://[::1]:8080/v1/AUTH_1f36317bec034bb2906d703b614505b0/gnocchi.e90683f1-a606-4f12-a86e-e303683c3fc6?format=json&states=listing" "tx9785ba064556414393865-00692a411a" "proxy-server 89446" 0.0015 "-" 96355 0
Nov 28 19:40:58 np0005539311.novalocal container-server[96357]: ::1 - - [29/Nov/2025:00:40:58 +0000] "GET /3/235633/AUTH_1f36317bec034bb2906d703b614505b0/gnocchi.e90683f1-a606-4f12-a86e-e303683c3fc6" 200 2 "GET http://[::1]:8080/v1/AUTH_1f36317bec034bb2906d703b614505b0/gnocchi.e90683f1-a606-4f12-a86e-e303683c3fc6?format=json&states=listing" "tx9785ba064556414393865-00692a411a" "proxy-server 89446" 0.0025 "-" 96357 0
Nov 28 19:40:58 np0005539311.novalocal proxy-server[89446]: ::1 ::1 29/Nov/2025/00/40/58 GET /v1/AUTH_1f36317bec034bb2906d703b614505b0/gnocchi.e90683f1-a606-4f12-a86e-e303683c3fc6%3Fformat%3Djson%26states%3Dlisting HTTP/1.0 200 - python-swiftclient-4.2.0 gAAAAABpKkDhMctJ... - 2 - tx9785ba064556414393865-00692a411a - 0.0167 - - 1764376858.685008526 1764376858.701707125 0
Nov 28 19:40:58 np0005539311.novalocal object-server[96661]: ::1 - - [29/Nov/2025:00:40:58 +0000] "GET /3/235946/AUTH_1f36317bec034bb2906d703b614505b0/gnocchi.e90683f1-a606-4f12-a86e-e303683c3fc6/1763640000.0_mean_300.0_v3" 404 70 "GET http://[::1]:8080/v1/AUTH_1f36317bec034bb2906d703b614505b0/gnocchi.e90683f1-a606-4f12-a86e-e303683c3fc6/1763640000.0_mean_300.0_v3" "txa9815ba3c45d4bf9be983-00692a411a" "proxy-server 89446" 0.0005 "-" 96661 0
Nov 28 19:40:58 np0005539311.novalocal object-server[96659]: ::1 - - [29/Nov/2025:00:40:58 +0000] "GET /2/235946/AUTH_1f36317bec034bb2906d703b614505b0/gnocchi.e90683f1-a606-4f12-a86e-e303683c3fc6/1763640000.0_mean_300.0_v3" 404 70 "GET http://[::1]:8080/v1/AUTH_1f36317bec034bb2906d703b614505b0/gnocchi.e90683f1-a606-4f12-a86e-e303683c3fc6/1763640000.0_mean_300.0_v3" "txa9815ba3c45d4bf9be983-00692a411a" "proxy-server 89446" 0.0003 "-" 96659 0
Nov 28 19:40:58 np0005539311.novalocal object-server[96659]: ::1 - - [29/Nov/2025:00:40:58 +0000] "GET /1/235946/AUTH_1f36317bec034bb2906d703b614505b0/gnocchi.e90683f1-a606-4f12-a86e-e303683c3fc6/1763640000.0_mean_300.0_v3" 404 70 "GET http://[::1]:8080/v1/AUTH_1f36317bec034bb2906d703b614505b0/gnocchi.e90683f1-a606-4f12-a86e-e303683c3fc6/1763640000.0_mean_300.0_v3" "txa9815ba3c45d4bf9be983-00692a411a" "proxy-server 89446" 0.0004 "-" 96659 0
Nov 28 19:40:58 np0005539311.novalocal proxy-server[89446]: ::1 ::1 29/Nov/2025/00/40/58 GET /v1/AUTH_1f36317bec034bb2906d703b614505b0/gnocchi.e90683f1-a606-4f12-a86e-e303683c3fc6/1763640000.0_mean_300.0_v3 HTTP/1.0 404 - python-swiftclient-4.2.0 gAAAAABpKkDhMctJ... - 70 - txa9815ba3c45d4bf9be983-00692a411a - 0.0118 - - 1764376858.705745459 1764376858.717534065 0
Nov 28 19:40:58 np0005539311.novalocal container-server[96356]: ::1 - - [29/Nov/2025:00:40:58 +0000] "PUT /3/235633/AUTH_1f36317bec034bb2906d703b614505b0/gnocchi.e90683f1-a606-4f12-a86e-e303683c3fc6/1763640000.0_mean_300.0_v3" 201 - "PUT http://[::1]:8080/1/235946/AUTH_1f36317bec034bb2906d703b614505b0/gnocchi.e90683f1-a606-4f12-a86e-e303683c3fc6/1763640000.0_mean_300.0_v3" "txf752291f3eec48239587b-00692a411a" "object-server 96661" 0.0006 "-" 96356 0
Nov 28 19:40:58 np0005539311.novalocal container-server[96355]: ::1 - - [29/Nov/2025:00:40:58 +0000] "PUT /1/235633/AUTH_1f36317bec034bb2906d703b614505b0/gnocchi.e90683f1-a606-4f12-a86e-e303683c3fc6/1763640000.0_mean_300.0_v3" 201 - "PUT http://[::1]:8080/2/235946/AUTH_1f36317bec034bb2906d703b614505b0/gnocchi.e90683f1-a606-4f12-a86e-e303683c3fc6/1763640000.0_mean_300.0_v3" "txf752291f3eec48239587b-00692a411a" "object-server 96662" 0.0005 "-" 96355 0
Nov 28 19:40:58 np0005539311.novalocal object-server[96662]: ::1 - - [29/Nov/2025:00:40:58 +0000] "PUT /2/235946/AUTH_1f36317bec034bb2906d703b614505b0/gnocchi.e90683f1-a606-4f12-a86e-e303683c3fc6/1763640000.0_mean_300.0_v3" 201 - "PUT http://[::1]:8080/v1/AUTH_1f36317bec034bb2906d703b614505b0/gnocchi.e90683f1-a606-4f12-a86e-e303683c3fc6/1763640000.0_mean_300.0_v3" "txf752291f3eec48239587b-00692a411a" "proxy-server 89446" 0.0112 "-" 96662 0
Nov 28 19:40:58 np0005539311.novalocal container-server[96356]: ::1 - - [29/Nov/2025:00:40:58 +0000] "PUT /2/235633/AUTH_1f36317bec034bb2906d703b614505b0/gnocchi.e90683f1-a606-4f12-a86e-e303683c3fc6/1763640000.0_mean_300.0_v3" 201 - "PUT http://[::1]:8080/3/235946/AUTH_1f36317bec034bb2906d703b614505b0/gnocchi.e90683f1-a606-4f12-a86e-e303683c3fc6/1763640000.0_mean_300.0_v3" "txf752291f3eec48239587b-00692a411a" "object-server 96662" 0.0015 "-" 96356 0
Nov 28 19:40:58 np0005539311.novalocal object-server[96662]: ::1 - - [29/Nov/2025:00:40:58 +0000] "PUT /3/235946/AUTH_1f36317bec034bb2906d703b614505b0/gnocchi.e90683f1-a606-4f12-a86e-e303683c3fc6/1763640000.0_mean_300.0_v3" 201 - "PUT http://[::1]:8080/v1/AUTH_1f36317bec034bb2906d703b614505b0/gnocchi.e90683f1-a606-4f12-a86e-e303683c3fc6/1763640000.0_mean_300.0_v3" "txf752291f3eec48239587b-00692a411a" "proxy-server 89446" 0.0112 "-" 96662 0
Nov 28 19:40:58 np0005539311.novalocal object-server[96661]: ::1 - - [29/Nov/2025:00:40:58 +0000] "PUT /1/235946/AUTH_1f36317bec034bb2906d703b614505b0/gnocchi.e90683f1-a606-4f12-a86e-e303683c3fc6/1763640000.0_mean_300.0_v3" 201 - "PUT http://[::1]:8080/v1/AUTH_1f36317bec034bb2906d703b614505b0/gnocchi.e90683f1-a606-4f12-a86e-e303683c3fc6/1763640000.0_mean_300.0_v3" "txf752291f3eec48239587b-00692a411a" "proxy-server 89446" 0.0150 "-" 96661 0
Nov 28 19:40:58 np0005539311.novalocal proxy-server[89446]: ::1 ::1 29/Nov/2025/00/40/58 PUT /v1/AUTH_1f36317bec034bb2906d703b614505b0/gnocchi.e90683f1-a606-4f12-a86e-e303683c3fc6/1763640000.0_mean_300.0_v3 HTTP/1.0 201 - python-swiftclient-4.2.0 gAAAAABpKkDhMctJ... 16 - - txf752291f3eec48239587b-00692a411a - 0.0271 - - 1764376858.722030163 1764376858.749160051 0
Nov 28 19:40:58 np0005539311.novalocal container-server[96356]: ::1 - - [29/Nov/2025:00:40:58 +0000] "PUT /1/235633/AUTH_1f36317bec034bb2906d703b614505b0/gnocchi.e90683f1-a606-4f12-a86e-e303683c3fc6/none_v3" 201 - "PUT http://[::1]:8080/3/223585/AUTH_1f36317bec034bb2906d703b614505b0/gnocchi.e90683f1-a606-4f12-a86e-e303683c3fc6/none_v3" "txfc502b4f8948415fb4a25-00692a411a" "object-server 96659" 0.0007 "-" 96356 0
Nov 28 19:40:58 np0005539311.novalocal object-server[96659]: ::1 - - [29/Nov/2025:00:40:58 +0000] "PUT /3/223585/AUTH_1f36317bec034bb2906d703b614505b0/gnocchi.e90683f1-a606-4f12-a86e-e303683c3fc6/none_v3" 201 - "PUT http://[::1]:8080/v1/AUTH_1f36317bec034bb2906d703b614505b0/gnocchi.e90683f1-a606-4f12-a86e-e303683c3fc6/none_v3" "txfc502b4f8948415fb4a25-00692a411a" "proxy-server 89446" 0.0092 "-" 96659 0
Nov 28 19:40:58 np0005539311.novalocal container-server[96356]: ::1 - - [29/Nov/2025:00:40:58 +0000] "PUT /3/235633/AUTH_1f36317bec034bb2906d703b614505b0/gnocchi.e90683f1-a606-4f12-a86e-e303683c3fc6/none_v3" 201 - "PUT http://[::1]:8080/2/223585/AUTH_1f36317bec034bb2906d703b614505b0/gnocchi.e90683f1-a606-4f12-a86e-e303683c3fc6/none_v3" "txfc502b4f8948415fb4a25-00692a411a" "object-server 96662" 0.0004 "-" 96356 0
Nov 28 19:40:58 np0005539311.novalocal object-server[96662]: ::1 - - [29/Nov/2025:00:40:58 +0000] "PUT /2/223585/AUTH_1f36317bec034bb2906d703b614505b0/gnocchi.e90683f1-a606-4f12-a86e-e303683c3fc6/none_v3" 201 - "PUT http://[::1]:8080/v1/AUTH_1f36317bec034bb2906d703b614505b0/gnocchi.e90683f1-a606-4f12-a86e-e303683c3fc6/none_v3" "txfc502b4f8948415fb4a25-00692a411a" "proxy-server 89446" 0.0105 "-" 96662 0
