Nov 28 19:40:30 np0005539311.novalocal container-server[96358]: ::1 - - [29/Nov/2025:00:40:30 +0000] "PUT /1/157058/AUTH_1f36317bec034bb2906d703b614505b0/gnocchi.89e6e2a3-8d90-472d-9ebd-dc087ee5a7a6" 201 - "PUT http://[::1]:8080/v1/AUTH_1f36317bec034bb2906d703b614505b0/gnocchi.89e6e2a3-8d90-472d-9ebd-dc087ee5a7a6" "txc41eddc1e41b4c5489cdb-00692a40fe" "proxy-server 89446" 0.0321 "-" 96358 0
Nov 28 19:40:30 np0005539311.novalocal container-server[96355]: ::1 - - [29/Nov/2025:00:40:30 +0000] "PUT /3/157058/AUTH_1f36317bec034bb2906d703b614505b0/gnocchi.89e6e2a3-8d90-472d-9ebd-dc087ee5a7a6" 201 - "PUT http://[::1]:8080/v1/AUTH_1f36317bec034bb2906d703b614505b0/gnocchi.89e6e2a3-8d90-472d-9ebd-dc087ee5a7a6" "txc41eddc1e41b4c5489cdb-00692a40fe" "proxy-server 89446" 0.0333 "-" 96355 0
Nov 28 19:40:30 np0005539311.novalocal account-server[96062]: ::1 - - [29/Nov/2025:00:40:30 +0000] "PUT /3/183006/AUTH_1f36317bec034bb2906d703b614505b0/gnocchi.ee9e7749-f060-4f0a-9d0d-b3a85ddcc771" 201 - "PUT http://[::1]:6001/1/16912/AUTH_1f36317bec034bb2906d703b614505b0/gnocchi.ee9e7749-f060-4f0a-9d0d-b3a85ddcc771" "txc611eec858614e9c9f209-00692a40fe" "container-server 96358" 0.0035 "-" 96062 0
Nov 28 19:40:30 np0005539311.novalocal proxy-server[89446]: ::1 ::1 29/Nov/2025/00/40/30 PUT /v1/AUTH_1f36317bec034bb2906d703b614505b0/gnocchi.89e6e2a3-8d90-472d-9ebd-dc087ee5a7a6 HTTP/1.0 201 - python-swiftclient-4.2.0 gAAAAABpKkDhMctJ... - - - txc41eddc1e41b4c5489cdb-00692a40fe - 0.0433 - - 1764376830.697597742 1764376830.740896463 0
Nov 28 19:40:30 np0005539311.novalocal container-server[96358]: ::1 - - [29/Nov/2025:00:40:30 +0000] "PUT /1/16912/AUTH_1f36317bec034bb2906d703b614505b0/gnocchi.ee9e7749-f060-4f0a-9d0d-b3a85ddcc771" 201 - "PUT http://[::1]:8080/v1/AUTH_1f36317bec034bb2906d703b614505b0/gnocchi.ee9e7749-f060-4f0a-9d0d-b3a85ddcc771" "txc611eec858614e9c9f209-00692a40fe" "proxy-server 89446" 0.0206 "-" 96358 0
Nov 28 19:40:30 np0005539311.novalocal account-server[96061]: ::1 - - [29/Nov/2025:00:40:30 +0000] "PUT /1/183006/AUTH_1f36317bec034bb2906d703b614505b0/gnocchi.ee9e7749-f060-4f0a-9d0d-b3a85ddcc771" 201 - "PUT http://[::1]:6001/3/16912/AUTH_1f36317bec034bb2906d703b614505b0/gnocchi.ee9e7749-f060-4f0a-9d0d-b3a85ddcc771" "txc611eec858614e9c9f209-00692a40fe" "container-server 96355" 0.0035 "-" 96061 0
Nov 28 19:40:30 np0005539311.novalocal container-server[96355]: ::1 - - [29/Nov/2025:00:40:30 +0000] "PUT /3/16912/AUTH_1f36317bec034bb2906d703b614505b0/gnocchi.ee9e7749-f060-4f0a-9d0d-b3a85ddcc771" 201 - "PUT http://[::1]:8080/v1/AUTH_1f36317bec034bb2906d703b614505b0/gnocchi.ee9e7749-f060-4f0a-9d0d-b3a85ddcc771" "txc611eec858614e9c9f209-00692a40fe" "proxy-server 89446" 0.0225 "-" 96355 0
Nov 28 19:40:30 np0005539311.novalocal proxy-server[89446]: ::1 ::1 29/Nov/2025/00/40/30 PUT /v1/AUTH_1f36317bec034bb2906d703b614505b0/gnocchi.ee9e7749-f060-4f0a-9d0d-b3a85ddcc771 HTTP/1.0 201 - python-swiftclient-4.2.0 gAAAAABpKkDhAXpn... - - - txc611eec858614e9c9f209-00692a40fe - 0.0458 - - 1764376830.702137947 1764376830.747908592 0
Nov 28 19:40:30 np0005539311.novalocal container-server[96355]: ::1 - - [29/Nov/2025:00:40:30 +0000] "HEAD /2/157058/AUTH_1f36317bec034bb2906d703b614505b0/gnocchi.89e6e2a3-8d90-472d-9ebd-dc087ee5a7a6" 204 - "HEAD http://[::1]:8080/v1/AUTH_1f36317bec034bb2906d703b614505b0/gnocchi.89e6e2a3-8d90-472d-9ebd-dc087ee5a7a6?format=json&states=listing" "tx487e783a182e40bc8a7cb-00692a40fe" "proxy-server 89446" 0.0019 "-" 96355 0
Nov 28 19:40:30 np0005539311.novalocal container-server[96357]: ::1 - - [29/Nov/2025:00:40:30 +0000] "HEAD /3/16912/AUTH_1f36317bec034bb2906d703b614505b0/gnocchi.ee9e7749-f060-4f0a-9d0d-b3a85ddcc771" 204 - "HEAD http://[::1]:8080/v1/AUTH_1f36317bec034bb2906d703b614505b0/gnocchi.ee9e7749-f060-4f0a-9d0d-b3a85ddcc771?format=json&states=listing" "tx9ef4111fcff344078259d-00692a40fe" "proxy-server 89446" 0.0014 "-" 96357 0
Nov 28 19:40:30 np0005539311.novalocal container-server[96355]: ::1 - - [29/Nov/2025:00:40:30 +0000] "GET /1/157058/AUTH_1f36317bec034bb2906d703b614505b0/gnocchi.89e6e2a3-8d90-472d-9ebd-dc087ee5a7a6" 200 2 "GET http://[::1]:8080/v1/AUTH_1f36317bec034bb2906d703b614505b0/gnocchi.89e6e2a3-8d90-472d-9ebd-dc087ee5a7a6?format=json&states=listing" "tx487e783a182e40bc8a7cb-00692a40fe" "proxy-server 89446" 0.0028 "-" 96355 0
Nov 28 19:40:30 np0005539311.novalocal proxy-server[89446]: ::1 ::1 29/Nov/2025/00/40/30 GET /v1/AUTH_1f36317bec034bb2906d703b614505b0/gnocchi.89e6e2a3-8d90-472d-9ebd-dc087ee5a7a6%3Fformat%3Djson%26states%3Dlisting HTTP/1.0 200 - python-swiftclient-4.2.0 gAAAAABpKkDhMctJ... - 2 - tx487e783a182e40bc8a7cb-00692a40fe - 0.0189 - - 1764376830.745141983 1764376830.764041901 0
Nov 28 19:40:30 np0005539311.novalocal container-server[96355]: ::1 - - [29/Nov/2025:00:40:30 +0000] "GET /1/16912/AUTH_1f36317bec034bb2906d703b614505b0/gnocchi.ee9e7749-f060-4f0a-9d0d-b3a85ddcc771" 200 2 "GET http://[::1]:8080/v1/AUTH_1f36317bec034bb2906d703b614505b0/gnocchi.ee9e7749-f060-4f0a-9d0d-b3a85ddcc771?format=json&states=listing" "tx9ef4111fcff344078259d-00692a40fe" "proxy-server 89446" 0.0029 "-" 96355 0
Nov 28 19:40:30 np0005539311.novalocal object-server[96661]: ::1 - - [29/Nov/2025:00:40:30 +0000] "GET /2/202740/AUTH_1f36317bec034bb2906d703b614505b0/gnocchi.89e6e2a3-8d90-472d-9ebd-dc087ee5a7a6/1763640000.0_mean_300.0_v3" 404 70 "GET http://[::1]:8080/v1/AUTH_1f36317bec034bb2906d703b614505b0/gnocchi.89e6e2a3-8d90-472d-9ebd-dc087ee5a7a6/1763640000.0_mean_300.0_v3" "txdd3059729bc34fafb4828-00692a40fe" "proxy-server 89446" 0.0003 "-" 96661 0
Nov 28 19:40:30 np0005539311.novalocal proxy-server[89446]: ::1 ::1 29/Nov/2025/00/40/30 GET /v1/AUTH_1f36317bec034bb2906d703b614505b0/gnocchi.ee9e7749-f060-4f0a-9d0d-b3a85ddcc771%3Fformat%3Djson%26states%3Dlisting HTTP/1.0 200 - python-swiftclient-4.2.0 gAAAAABpKkDhAXpn... - 2 - tx9ef4111fcff344078259d-00692a40fe - 0.0190 - - 1764376830.753716707 1764376830.772744417 0
Nov 28 19:40:30 np0005539311.novalocal object-server[96662]: ::1 - - [29/Nov/2025:00:40:30 +0000] "GET /3/202740/AUTH_1f36317bec034bb2906d703b614505b0/gnocchi.89e6e2a3-8d90-472d-9ebd-dc087ee5a7a6/1763640000.0_mean_300.0_v3" 404 70 "GET http://[::1]:8080/v1/AUTH_1f36317bec034bb2906d703b614505b0/gnocchi.89e6e2a3-8d90-472d-9ebd-dc087ee5a7a6/1763640000.0_mean_300.0_v3" "txdd3059729bc34fafb4828-00692a40fe" "proxy-server 89446" 0.0003 "-" 96662 0
Nov 28 19:40:30 np0005539311.novalocal object-server[96660]: ::1 - - [29/Nov/2025:00:40:30 +0000] "GET /2/17253/AUTH_1f36317bec034bb2906d703b614505b0/gnocchi.ee9e7749-f060-4f0a-9d0d-b3a85ddcc771/1763640000.0_mean_300.0_v3" 404 70 "GET http://[::1]:8080/v1/AUTH_1f36317bec034bb2906d703b614505b0/gnocchi.ee9e7749-f060-4f0a-9d0d-b3a85ddcc771/1763640000.0_mean_300.0_v3" "tx6bec42b3e177418eba1e1-00692a40fe" "proxy-server 89446" 0.0019 "-" 96660 0
Nov 28 19:40:30 np0005539311.novalocal object-server[96659]: ::1 - - [29/Nov/2025:00:40:30 +0000] "GET /1/202740/AUTH_1f36317bec034bb2906d703b614505b0/gnocchi.89e6e2a3-8d90-472d-9ebd-dc087ee5a7a6/1763640000.0_mean_300.0_v3" 404 70 "GET http://[::1]:8080/v1/AUTH_1f36317bec034bb2906d703b614505b0/gnocchi.89e6e2a3-8d90-472d-9ebd-dc087ee5a7a6/1763640000.0_mean_300.0_v3" "txdd3059729bc34fafb4828-00692a40fe" "proxy-server 89446" 0.0004 "-" 96659 0
Nov 28 19:40:30 np0005539311.novalocal proxy-server[89446]: ::1 ::1 29/Nov/2025/00/40/30 GET /v1/AUTH_1f36317bec034bb2906d703b614505b0/gnocchi.89e6e2a3-8d90-472d-9ebd-dc087ee5a7a6/1763640000.0_mean_300.0_v3 HTTP/1.0 404 - python-swiftclient-4.2.0 gAAAAABpKkDhMctJ... - 70 - txdd3059729bc34fafb4828-00692a40fe - 0.0170 - - 1764376830.767900229 1764376830.784917355 0
Nov 28 19:40:30 np0005539311.novalocal object-server[96662]: ::1 - - [29/Nov/2025:00:40:30 +0000] "GET /3/17253/AUTH_1f36317bec034bb2906d703b614505b0/gnocchi.ee9e7749-f060-4f0a-9d0d-b3a85ddcc771/1763640000.0_mean_300.0_v3" 404 70 "GET http://[::1]:8080/v1/AUTH_1f36317bec034bb2906d703b614505b0/gnocchi.ee9e7749-f060-4f0a-9d0d-b3a85ddcc771/1763640000.0_mean_300.0_v3" "tx6bec42b3e177418eba1e1-00692a40fe" "proxy-server 89446" 0.0003 "-" 96662 0
Nov 28 19:40:30 np0005539311.novalocal object-server[96661]: ::1 - - [29/Nov/2025:00:40:30 +0000] "GET /1/17253/AUTH_1f36317bec034bb2906d703b614505b0/gnocchi.ee9e7749-f060-4f0a-9d0d-b3a85ddcc771/1763640000.0_mean_300.0_v3" 404 70 "GET http://[::1]:8080/v1/AUTH_1f36317bec034bb2906d703b614505b0/gnocchi.ee9e7749-f060-4f0a-9d0d-b3a85ddcc771/1763640000.0_mean_300.0_v3" "tx6bec42b3e177418eba1e1-00692a40fe" "proxy-server 89446" 0.0004 "-" 96661 0
Nov 28 19:40:30 np0005539311.novalocal proxy-server[89446]: ::1 ::1 29/Nov/2025/00/40/30 GET /v1/AUTH_1f36317bec034bb2906d703b614505b0/gnocchi.ee9e7749-f060-4f0a-9d0d-b3a85ddcc771/1763640000.0_mean_300.0_v3 HTTP/1.0 404 - python-swiftclient-4.2.0 gAAAAABpKkDhAXpn... - 70 - tx6bec42b3e177418eba1e1-00692a40fe - 0.0206 - - 1764376830.776299000 1764376830.796869993 0
Nov 28 19:40:30 np0005539311.novalocal container-server[96356]: ::1 - - [29/Nov/2025:00:40:30 +0000] "PUT /3/157058/AUTH_1f36317bec034bb2906d703b614505b0/gnocchi.89e6e2a3-8d90-472d-9ebd-dc087ee5a7a6/1763640000.0_mean_300.0_v3" 201 - "PUT http://[::1]:8080/1/202740/AUTH_1f36317bec034bb2906d703b614505b0/gnocchi.89e6e2a3-8d90-472d-9ebd-dc087ee5a7a6/1763640000.0_mean_300.0_v3" "tx3538cc5b295045c8aa39c-00692a40fe" "object-server 96659" 0.0006 "-" 96356 0
Nov 28 19:40:30 np0005539311.novalocal container-server[96357]: ::1 - - [29/Nov/2025:00:40:30 +0000] "PUT /1/157058/AUTH_1f36317bec034bb2906d703b614505b0/gnocchi.89e6e2a3-8d90-472d-9ebd-dc087ee5a7a6/1763640000.0_mean_300.0_v3" 201 - "PUT http://[::1]:8080/2/202740/AUTH_1f36317bec034bb2906d703b614505b0/gnocchi.89e6e2a3-8d90-472d-9ebd-dc087ee5a7a6/1763640000.0_mean_300.0_v3" "tx3538cc5b295045c8aa39c-00692a40fe" "object-server 96659" 0.0007 "-" 96357 0
Nov 28 19:40:30 np0005539311.novalocal object-server[96659]: ::1 - - [29/Nov/2025:00:40:30 +0000] "PUT /1/202740/AUTH_1f36317bec034bb2906d703b614505b0/gnocchi.89e6e2a3-8d90-472d-9ebd-dc087ee5a7a6/1763640000.0_mean_300.0_v3" 201 - "PUT http://[::1]:8080/v1/AUTH_1f36317bec034bb2906d703b614505b0/gnocchi.89e6e2a3-8d90-472d-9ebd-dc087ee5a7a6/1763640000.0_mean_300.0_v3" "tx3538cc5b295045c8aa39c-00692a40fe" "proxy-server 89446" 0.0173 "-" 96659 0
Nov 28 19:40:30 np0005539311.novalocal object-server[96659]: ::1 - - [29/Nov/2025:00:40:30 +0000] "PUT /2/202740/AUTH_1f36317bec034bb2906d703b614505b0/gnocchi.89e6e2a3-8d90-472d-9ebd-dc087ee5a7a6/1763640000.0_mean_300.0_v3" 201 - "PUT http://[::1]:8080/v1/AUTH_1f36317bec034bb2906d703b614505b0/gnocchi.89e6e2a3-8d90-472d-9ebd-dc087ee5a7a6/1763640000.0_mean_300.0_v3" "tx3538cc5b295045c8aa39c-00692a40fe" "proxy-server 89446" 0.0198 "-" 96659 0
Nov 28 19:40:30 np0005539311.novalocal container-server[96355]: ::1 - - [29/Nov/2025:00:40:30 +0000] "PUT /2/157058/AUTH_1f36317bec034bb2906d703b614505b0/gnocchi.89e6e2a3-8d90-472d-9ebd-dc087ee5a7a6/1763640000.0_mean_300.0_v3" 201 - "PUT http://[::1]:8080/3/202740/AUTH_1f36317bec034bb2906d703b614505b0/gnocchi.89e6e2a3-8d90-472d-9ebd-dc087ee5a7a6/1763640000.0_mean_300.0_v3" "tx3538cc5b295045c8aa39c-00692a40fe" "object-server 96662" 0.0030 "-" 96355 0
Nov 28 19:40:30 np0005539311.novalocal container-server[96358]: ::1 - - [29/Nov/2025:00:40:30 +0000] "PUT /2/16912/AUTH_1f36317bec034bb2906d703b614505b0/gnocchi.ee9e7749-f060-4f0a-9d0d-b3a85ddcc771/1763640000.0_mean_300.0_v3" 201 - "PUT http://[::1]:8080/3/17253/AUTH_1f36317bec034bb2906d703b614505b0/gnocchi.ee9e7749-f060-4f0a-9d0d-b3a85ddcc771/1763640000.0_mean_300.0_v3" "txf27d57daeda54c7fbce92-00692a40fe" "object-server 96660" 0.0008 "-" 96358 0
Nov 28 19:40:30 np0005539311.novalocal object-server[96662]: ::1 - - [29/Nov/2025:00:40:30 +0000] "PUT /3/202740/AUTH_1f36317bec034bb2906d703b614505b0/gnocchi.89e6e2a3-8d90-472d-9ebd-dc087ee5a7a6/1763640000.0_mean_300.0_v3" 201 - "PUT http://[::1]:8080/v1/AUTH_1f36317bec034bb2906d703b614505b0/gnocchi.89e6e2a3-8d90-472d-9ebd-dc087ee5a7a6/1763640000.0_mean_300.0_v3" "tx3538cc5b295045c8aa39c-00692a40fe" "proxy-server 89446" 0.0245 "-" 96662 0
Nov 28 19:40:30 np0005539311.novalocal object-server[96660]: ::1 - - [29/Nov/2025:00:40:30 +0000] "PUT /3/17253/AUTH_1f36317bec034bb2906d703b614505b0/gnocchi.ee9e7749-f060-4f0a-9d0d-b3a85ddcc771/1763640000.0_mean_300.0_v3" 201 - "PUT http://[::1]:8080/v1/AUTH_1f36317bec034bb2906d703b614505b0/gnocchi.ee9e7749-f060-4f0a-9d0d-b3a85ddcc771/1763640000.0_mean_300.0_v3" "txf27d57daeda54c7fbce92-00692a40fe" "proxy-server 89446" 0.0145 "-" 96660 0
Nov 28 19:40:30 np0005539311.novalocal proxy-server[89446]: ::1 ::1 29/Nov/2025/00/40/30 PUT /v1/AUTH_1f36317bec034bb2906d703b614505b0/gnocchi.89e6e2a3-8d90-472d-9ebd-dc087ee5a7a6/1763640000.0_mean_300.0_v3 HTTP/1.0 201 - python-swiftclient-4.2.0 gAAAAABpKkDhMctJ... 16 - - tx3538cc5b295045c8aa39c-00692a40fe - 0.0323 - - 1764376830.787961483 1764376830.820284605 0
Nov 28 19:40:30 np0005539311.novalocal container-server[96355]: ::1 - - [29/Nov/2025:00:40:30 +0000] "PUT /1/16912/AUTH_1f36317bec034bb2906d703b614505b0/gnocchi.ee9e7749-f060-4f0a-9d0d-b3a85ddcc771/1763640000.0_mean_300.0_v3" 201 - "PUT http://[::1]:8080/1/17253/AUTH_1f36317bec034bb2906d703b614505b0/gnocchi.ee9e7749-f060-4f0a-9d0d-b3a85ddcc771/1763640000.0_mean_300.0_v3" "txf27d57daeda54c7fbce92-00692a40fe" "object-server 96661" 0.0006 "-" 96355 0
Nov 28 19:40:30 np0005539311.novalocal object-server[96661]: ::1 - - [29/Nov/2025:00:40:30 +0000] "PUT /1/17253/AUTH_1f36317bec034bb2906d703b614505b0/gnocchi.ee9e7749-f060-4f0a-9d0d-b3a85ddcc771/1763640000.0_mean_300.0_v3" 201 - "PUT http://[::1]:8080/v1/AUTH_1f36317bec034bb2906d703b614505b0/gnocchi.ee9e7749-f060-4f0a-9d0d-b3a85ddcc771/1763640000.0_mean_300.0_v3" "txf27d57daeda54c7fbce92-00692a40fe" "proxy-server 89446" 0.0170 "-" 96661 0
Nov 28 19:40:30 np0005539311.novalocal container-server[96355]: ::1 - - [29/Nov/2025:00:40:30 +0000] "PUT /3/16912/AUTH_1f36317bec034bb2906d703b614505b0/gnocchi.ee9e7749-f060-4f0a-9d0d-b3a85ddcc771/1763640000.0_mean_300.0_v3" 201 - "PUT http://[::1]:8080/2/17253/AUTH_1f36317bec034bb2906d703b614505b0/gnocchi.ee9e7749-f060-4f0a-9d0d-b3a85ddcc771/1763640000.0_mean_300.0_v3" "txf27d57daeda54c7fbce92-00692a40fe" "object-server 96659" 0.0006 "-" 96355 0
Nov 28 19:40:30 np0005539311.novalocal object-server[96659]: ::1 - - [29/Nov/2025:00:40:30 +0000] "PUT /2/17253/AUTH_1f36317bec034bb2906d703b614505b0/gnocchi.ee9e7749-f060-4f0a-9d0d-b3a85ddcc771/1763640000.0_mean_300.0_v3" 201 - "PUT http://[::1]:8080/v1/AUTH_1f36317bec034bb2906d703b614505b0/gnocchi.ee9e7749-f060-4f0a-9d0d-b3a85ddcc771/1763640000.0_mean_300.0_v3" "txf27d57daeda54c7fbce92-00692a40fe" "proxy-server 89446" 0.0148 "-" 96659 0
Nov 28 19:40:30 np0005539311.novalocal proxy-server[89446]: ::1 ::1 29/Nov/2025/00/40/30 PUT /v1/AUTH_1f36317bec034bb2906d703b614505b0/gnocchi.ee9e7749-f060-4f0a-9d0d-b3a85ddcc771/1763640000.0_mean_300.0_v3 HTTP/1.0 201 - python-swiftclient-4.2.0 gAAAAABpKkDhAXpn... 16 - - txf27d57daeda54c7fbce92-00692a40fe - 0.0302 - - 1764376830.799800873 1764376830.830038309 0
Nov 28 19:40:30 np0005539311.novalocal container-server[96357]: ::1 - - [29/Nov/2025:00:40:30 +0000] "PUT /1/16912/AUTH_1f36317bec034bb2906d703b614505b0/gnocchi.ee9e7749-f060-4f0a-9d0d-b3a85ddcc771/none_v3" 201 - "PUT http://[::1]:8080/1/256448/AUTH_1f36317bec034bb2906d703b614505b0/gnocchi.ee9e7749-f060-4f0a-9d0d-b3a85ddcc771/none_v3" "tx5b47484f07b04ebda6143-00692a40fe" "object-server 96661" 0.0005 "-" 96357 0
Nov 28 19:40:30 np0005539311.novalocal object-server[96661]: ::1 - - [29/Nov/2025:00:40:30 +0000] "PUT /1/256448/AUTH_1f36317bec034bb2906d703b614505b0/gnocchi.ee9e7749-f060-4f0a-9d0d-b3a85ddcc771/none_v3" 201 - "PUT http://[::1]:8080/v1/AUTH_1f36317bec034bb2906d703b614505b0/gnocchi.ee9e7749-f060-4f0a-9d0d-b3a85ddcc771/none_v3" "tx5b47484f07b04ebda6143-00692a40fe" "proxy-server 89446" 0.0117 "-" 96661 0
Nov 28 19:40:30 np0005539311.novalocal container-server[96356]: ::1 - - [29/Nov/2025:00:40:30 +0000] "PUT /3/16912/AUTH_1f36317bec034bb2906d703b614505b0/gnocchi.ee9e7749-f060-4f0a-9d0d-b3a85ddcc771/none_v3" 201 - "PUT http://[::1]:8080/2/256448/AUTH_1f36317bec034bb2906d703b614505b0/gnocchi.ee9e7749-f060-4f0a-9d0d-b3a85ddcc771/none_v3" "tx5b47484f07b04ebda6143-00692a40fe" "object-server 96662" 0.0008 "-" 96356 0
Nov 28 19:40:30 np0005539311.novalocal object-server[96662]: ::1 - - [29/Nov/2025:00:40:30 +0000] "PUT /2/256448/AUTH_1f36317bec034bb2906d703b614505b0/gnocchi.ee9e7749-f060-4f0a-9d0d-b3a85ddcc771/none_v3" 201 - "PUT http://[::1]:8080/v1/AUTH_1f36317bec034bb2906d703b614505b0/gnocchi.ee9e7749-f060-4f0a-9d0d-b3a85ddcc771/none_v3" "tx5b47484f07b04ebda6143-00692a40fe" "proxy-server 89446" 0.0136 "-" 96662 0
Nov 28 19:40:30 np0005539311.novalocal container-server[96358]: ::1 - - [29/Nov/2025:00:40:30 +0000] "PUT /1/157058/AUTH_1f36317bec034bb2906d703b614505b0/gnocchi.89e6e2a3-8d90-472d-9ebd-dc087ee5a7a6/none_v3" 201 - "PUT http://[::1]:8080/2/188022/AUTH_1f36317bec034bb2906d703b614505b0/gnocchi.89e6e2a3-8d90-472d-9ebd-dc087ee5a7a6/none_v3" "txe970873204a744de89997-00692a40fe" "object-server 96660" 0.0008 "-" 96358 0
Nov 28 19:40:30 np0005539311.novalocal container-server[96356]: ::1 - - [29/Nov/2025:00:40:30 +0000] "PUT /2/16912/AUTH_1f36317bec034bb2906d703b614505b0/gnocchi.ee9e7749-f060-4f0a-9d0d-b3a85ddcc771/none_v3" 201 - "PUT http://[::1]:8080/3/256448/AUTH_1f36317bec034bb2906d703b614505b0/gnocchi.ee9e7749-f060-4f0a-9d0d-b3a85ddcc771/none_v3" "tx5b47484f07b04ebda6143-00692a40fe" "object-server 96660" 0.0004 "-" 96356 0
Nov 28 19:40:30 np0005539311.novalocal object-server[96660]: ::1 - - [29/Nov/2025:00:40:30 +0000] "PUT /2/188022/AUTH_1f36317bec034bb2906d703b614505b0/gnocchi.89e6e2a3-8d90-472d-9ebd-dc087ee5a7a6/none_v3" 201 - "PUT http://[::1]:8080/v1/AUTH_1f36317bec034bb2906d703b614505b0/gnocchi.89e6e2a3-8d90-472d-9ebd-dc087ee5a7a6/none_v3" "txe970873204a744de89997-00692a40fe" "proxy-server 89446" 0.0220 "-" 96660 0
Nov 28 19:40:30 np0005539311.novalocal container-server[96358]: ::1 - - [29/Nov/2025:00:40:30 +0000] "PUT /3/157058/AUTH_1f36317bec034bb2906d703b614505b0/gnocchi.89e6e2a3-8d90-472d-9ebd-dc087ee5a7a6/none_v3" 201 - "PUT http://[::1]:8080/1/188022/AUTH_1f36317bec034bb2906d703b614505b0/gnocchi.89e6e2a3-8d90-472d-9ebd-dc087ee5a7a6/none_v3" "txe970873204a744de89997-00692a40fe" "object-server 96660" 0.0004 "-" 96358 0
Nov 28 19:40:30 np0005539311.novalocal object-server[96660]: ::1 - - [29/Nov/2025:00:40:30 +0000] "PUT /3/256448/AUTH_1f36317bec034bb2906d703b614505b0/gnocchi.ee9e7749-f060-4f0a-9d0d-b3a85ddcc771/none_v3" 201 - "PUT http://[::1]:8080/v1/AUTH_1f36317bec034bb2906d703b614505b0/gnocchi.ee9e7749-f060-4f0a-9d0d-b3a85ddcc771/none_v3" "tx5b47484f07b04ebda6143-00692a40fe" "proxy-server 89446" 0.0164 "-" 96660 0
Nov 28 19:40:30 np0005539311.novalocal object-server[96660]: ::1 - - [29/Nov/2025:00:40:30 +0000] "PUT /1/188022/AUTH_1f36317bec034bb2906d703b614505b0/gnocchi.89e6e2a3-8d90-472d-9ebd-dc087ee5a7a6/none_v3" 201 - "PUT http://[::1]:8080/v1/AUTH_1f36317bec034bb2906d703b614505b0/gnocchi.89e6e2a3-8d90-472d-9ebd-dc087ee5a7a6/none_v3" "txe970873204a744de89997-00692a40fe" "proxy-server 89446" 0.0235 "-" 96660 0
Nov 28 19:40:30 np0005539311.novalocal proxy-server[89446]: ::1 ::1 29/Nov/2025/00/40/30 PUT /v1/AUTH_1f36317bec034bb2906d703b614505b0/gnocchi.ee9e7749-f060-4f0a-9d0d-b3a85ddcc771/none_v3 HTTP/1.0 201 - python-swiftclient-4.2.0 gAAAAABpKkDhAXpn... 22 - - tx5b47484f07b04ebda6143-00692a40fe - 0.0231 - - 1764376830.832637072 1764376830.855710745 0
Nov 28 19:40:30 np0005539311.novalocal container-server[96355]: ::1 - - [29/Nov/2025:00:40:30 +0000] "PUT /2/157058/AUTH_1f36317bec034bb2906d703b614505b0/gnocchi.89e6e2a3-8d90-472d-9ebd-dc087ee5a7a6/none_v3" 201 - "PUT http://[::1]:8080/3/188022/AUTH_1f36317bec034bb2906d703b614505b0/gnocchi.89e6e2a3-8d90-472d-9ebd-dc087ee5a7a6/none_v3" "txe970873204a744de89997-00692a40fe" "object-server 96659" 0.0005 "-" 96355 0
Nov 28 19:40:30 np0005539311.novalocal object-server[96659]: ::1 - - [29/Nov/2025:00:40:30 +0000] "PUT /3/188022/AUTH_1f36317bec034bb2906d703b614505b0/gnocchi.89e6e2a3-8d90-472d-9ebd-dc087ee5a7a6/none_v3" 201 - "PUT http://[::1]:8080/v1/AUTH_1f36317bec034bb2906d703b614505b0/gnocchi.89e6e2a3-8d90-472d-9ebd-dc087ee5a7a6/none_v3" "txe970873204a744de89997-00692a40fe" "proxy-server 89446" 0.0233 "-" 96659 0
Nov 28 19:40:30 np0005539311.novalocal proxy-server[89446]: ::1 ::1 29/Nov/2025/00/40/30 PUT /v1/AUTH_1f36317bec034bb2906d703b614505b0/gnocchi.89e6e2a3-8d90-472d-9ebd-dc087ee5a7a6/none_v3 HTTP/1.0 201 - python-swiftclient-4.2.0 gAAAAABpKkDhMctJ... 22 - - txe970873204a744de89997-00692a40fe - 0.0342 - - 1764376830.823638439 1764376830.857846975 0
Nov 28 19:40:30 np0005539311.novalocal container-server[96355]: ::1 - - [29/Nov/2025:00:40:30 +0000] "HEAD /1/121884/AUTH_1f36317bec034bb2906d703b614505b0/gnocchi.2fb7e3fa-c312-4739-acd5-1c97834b9b5f" 404 - "HEAD http://[::1]:8080/v1/AUTH_1f36317bec034bb2906d703b614505b0/gnocchi.2fb7e3fa-c312-4739-acd5-1c97834b9b5f?format=json&states=listing" "txe5d01bf3e0dc4c4a8e78e-00692a40fe" "proxy-server 89446" 0.0004 "-" 96355 0
Nov 28 19:40:30 np0005539311.novalocal container-server[96358]: ::1 - - [29/Nov/2025:00:40:30 +0000] "HEAD /3/121884/AUTH_1f36317bec034bb2906d703b614505b0/gnocchi.2fb7e3fa-c312-4739-acd5-1c97834b9b5f" 404 - "HEAD http://[::1]:8080/v1/AUTH_1f36317bec034bb2906d703b614505b0/gnocchi.2fb7e3fa-c312-4739-acd5-1c97834b9b5f?format=json&states=listing" "txe5d01bf3e0dc4c4a8e78e-00692a40fe" "proxy-server 89446" 0.0003 "-" 96358 0
Nov 28 19:40:30 np0005539311.novalocal container-server[96355]: ::1 - - [29/Nov/2025:00:40:30 +0000] "HEAD /2/121884/AUTH_1f36317bec034bb2906d703b614505b0/gnocchi.2fb7e3fa-c312-4739-acd5-1c97834b9b5f" 404 - "HEAD http://[::1]:8080/v1/AUTH_1f36317bec034bb2906d703b614505b0/gnocchi.2fb7e3fa-c312-4739-acd5-1c97834b9b5f?format=json&states=listing" "txe5d01bf3e0dc4c4a8e78e-00692a40fe" "proxy-server 89446" 0.0004 "-" 96355 0
Nov 28 19:40:30 np0005539311.novalocal object-server[96660]: ::1 - - [29/Nov/2025:00:40:30 +0000] "GET /1/212412/AUTH_1f36317bec034bb2906d703b614505b0/gnocchi.2fb7e3fa-c312-4739-acd5-1c97834b9b5f/none_v3" 404 70 "GET http://[::1]:8080/v1/AUTH_1f36317bec034bb2906d703b614505b0/gnocchi.2fb7e3fa-c312-4739-acd5-1c97834b9b5f/none_v3" "txe5d01bf3e0dc4c4a8e78e-00692a40fe" "proxy-server 89446" 0.0003 "-" 96660 0
Nov 28 19:40:30 np0005539311.novalocal object-server[96661]: ::1 - - [29/Nov/2025:00:40:30 +0000] "GET /2/212412/AUTH_1f36317bec034bb2906d703b614505b0/gnocchi.2fb7e3fa-c312-4739-acd5-1c97834b9b5f/none_v3" 404 70 "GET http://[::1]:8080/v1/AUTH_1f36317bec034bb2906d703b614505b0/gnocchi.2fb7e3fa-c312-4739-acd5-1c97834b9b5f/none_v3" "txe5d01bf3e0dc4c4a8e78e-00692a40fe" "proxy-server 89446" 0.0003 "-" 96661 0
Nov 28 19:40:30 np0005539311.novalocal object-server[96660]: ::1 - - [29/Nov/2025:00:40:30 +0000] "GET /3/212412/AUTH_1f36317bec034bb2906d703b614505b0/gnocchi.2fb7e3fa-c312-4739-acd5-1c97834b9b5f/none_v3" 404 70 "GET http://[::1]:8080/v1/AUTH_1f36317bec034bb2906d703b614505b0/gnocchi.2fb7e3fa-c312-4739-acd5-1c97834b9b5f/none_v3" "txe5d01bf3e0dc4c4a8e78e-00692a40fe" "proxy-server 89446" 0.0003 "-" 96660 0
Nov 28 19:40:30 np0005539311.novalocal proxy-server[89446]: ::1 ::1 29/Nov/2025/00/40/30 GET /v1/AUTH_1f36317bec034bb2906d703b614505b0/gnocchi.2fb7e3fa-c312-4739-acd5-1c97834b9b5f/none_v3 HTTP/1.0 404 - python-swiftclient-4.2.0 gAAAAABpKkDhAXpn... - 70 - txe5d01bf3e0dc4c4a8e78e-00692a40fe - 0.0198 - - 1764376830.865251780 1764376830.885051489 0
Nov 28 19:40:30 np0005539311.novalocal account-server[96064]: ::1 - - [29/Nov/2025:00:40:30 +0000] "PUT /3/183006/AUTH_1f36317bec034bb2906d703b614505b0/gnocchi.2fb7e3fa-c312-4739-acd5-1c97834b9b5f" 201 - "PUT http://[::1]:6001/2/121884/AUTH_1f36317bec034bb2906d703b614505b0/gnocchi.2fb7e3fa-c312-4739-acd5-1c97834b9b5f" "txd2ba8b14039d43c681786-00692a40fe" "container-server 96355" 0.0062 "-" 96064 0
Nov 28 19:40:30 np0005539311.novalocal container-server[96355]: ::1 - - [29/Nov/2025:00:40:30 +0000] "PUT /2/121884/AUTH_1f36317bec034bb2906d703b614505b0/gnocchi.2fb7e3fa-c312-4739-acd5-1c97834b9b5f" 201 - "PUT http://[::1]:8080/v1/AUTH_1f36317bec034bb2906d703b614505b0/gnocchi.2fb7e3fa-c312-4739-acd5-1c97834b9b5f" "txd2ba8b14039d43c681786-00692a40fe" "proxy-server 89446" 0.0225 "-" 96355 0
Nov 28 19:40:30 np0005539311.novalocal account-server[96062]: ::1 - - [29/Nov/2025:00:40:30 +0000] "PUT /2/183006/AUTH_1f36317bec034bb2906d703b614505b0/gnocchi.2fb7e3fa-c312-4739-acd5-1c97834b9b5f" 201 - "PUT http://[::1]:6001/3/121884/AUTH_1f36317bec034bb2906d703b614505b0/gnocchi.2fb7e3fa-c312-4739-acd5-1c97834b9b5f" "txd2ba8b14039d43c681786-00692a40fe" "container-server 96357" 0.0050 "-" 96062 0
Nov 28 19:40:30 np0005539311.novalocal account-server[96064]: ::1 - - [29/Nov/2025:00:40:30 +0000] "PUT /1/183006/AUTH_1f36317bec034bb2906d703b614505b0/gnocchi.2fb7e3fa-c312-4739-acd5-1c97834b9b5f" 201 - "PUT http://[::1]:6001/1/121884/AUTH_1f36317bec034bb2906d703b614505b0/gnocchi.2fb7e3fa-c312-4739-acd5-1c97834b9b5f" "txd2ba8b14039d43c681786-00692a40fe" "container-server 96357" 0.0056 "-" 96064 0
Nov 28 19:40:30 np0005539311.novalocal container-server[96357]: ::1 - - [29/Nov/2025:00:40:30 +0000] "PUT /3/121884/AUTH_1f36317bec034bb2906d703b614505b0/gnocchi.2fb7e3fa-c312-4739-acd5-1c97834b9b5f" 201 - "PUT http://[::1]:8080/v1/AUTH_1f36317bec034bb2906d703b614505b0/gnocchi.2fb7e3fa-c312-4739-acd5-1c97834b9b5f" "txd2ba8b14039d43c681786-00692a40fe" "proxy-server 89446" 0.0157 "-" 96357 0
Nov 28 19:40:30 np0005539311.novalocal container-server[96357]: ::1 - - [29/Nov/2025:00:40:30 +0000] "PUT /1/121884/AUTH_1f36317bec034bb2906d703b614505b0/gnocchi.2fb7e3fa-c312-4739-acd5-1c97834b9b5f" 201 - "PUT http://[::1]:8080/v1/AUTH_1f36317bec034bb2906d703b614505b0/gnocchi.2fb7e3fa-c312-4739-acd5-1c97834b9b5f" "txd2ba8b14039d43c681786-00692a40fe" "proxy-server 89446" 0.0268 "-" 96357 0
Nov 28 19:40:30 np0005539311.novalocal proxy-server[89446]: ::1 ::1 29/Nov/2025/00/40/30 PUT /v1/AUTH_1f36317bec034bb2906d703b614505b0/gnocchi.2fb7e3fa-c312-4739-acd5-1c97834b9b5f HTTP/1.0 201 - python-swiftclient-4.2.0 gAAAAABpKkDhAXpn... - - - txd2ba8b14039d43c681786-00692a40fe - 0.0315 - - 1764376830.888135672 1764376830.919642925 0
Nov 28 19:40:30 np0005539311.novalocal container-server[96356]: ::1 - - [29/Nov/2025:00:40:30 +0000] "HEAD /2/121884/AUTH_1f36317bec034bb2906d703b614505b0/gnocchi.2fb7e3fa-c312-4739-acd5-1c97834b9b5f" 204 - "HEAD http://[::1]:8080/v1/AUTH_1f36317bec034bb2906d703b614505b0/gnocchi.2fb7e3fa-c312-4739-acd5-1c97834b9b5f?format=json&states=listing" "tx386e37032cac4cd58787d-00692a40fe" "proxy-server 89446" 0.0016 "-" 96356 0
Nov 28 19:40:30 np0005539311.novalocal container-server[96356]: ::1 - - [29/Nov/2025:00:40:30 +0000] "GET /1/121884/AUTH_1f36317bec034bb2906d703b614505b0/gnocchi.2fb7e3fa-c312-4739-acd5-1c97834b9b5f" 200 2 "GET http://[::1]:8080/v1/AUTH_1f36317bec034bb2906d703b614505b0/gnocchi.2fb7e3fa-c312-4739-acd5-1c97834b9b5f?format=json&states=listing" "tx386e37032cac4cd58787d-00692a40fe" "proxy-server 89446" 0.0025 "-" 96356 0
Nov 28 19:40:30 np0005539311.novalocal proxy-server[89446]: ::1 ::1 29/Nov/2025/00/40/30 GET /v1/AUTH_1f36317bec034bb2906d703b614505b0/gnocchi.2fb7e3fa-c312-4739-acd5-1c97834b9b5f%3Fformat%3Djson%26states%3Dlisting HTTP/1.0 200 - python-swiftclient-4.2.0 gAAAAABpKkDhAXpn... - 2 - tx386e37032cac4cd58787d-00692a40fe - 0.0118 - - 1764376830.923064947 1764376830.934818029 0
Nov 28 19:40:30 np0005539311.novalocal object-server[96662]: ::1 - - [29/Nov/2025:00:40:30 +0000] "GET /2/36983/AUTH_1f36317bec034bb2906d703b614505b0/gnocchi.2fb7e3fa-c312-4739-acd5-1c97834b9b5f/1763640000.0_mean_300.0_v3" 404 70 "GET http://[::1]:8080/v1/AUTH_1f36317bec034bb2906d703b614505b0/gnocchi.2fb7e3fa-c312-4739-acd5-1c97834b9b5f/1763640000.0_mean_300.0_v3" "tx6d92a98dd5ab4583ad6cf-00692a40fe" "proxy-server 89446" 0.0004 "-" 96662 0
Nov 28 19:40:30 np0005539311.novalocal object-server[96661]: ::1 - - [29/Nov/2025:00:40:30 +0000] "GET /1/36983/AUTH_1f36317bec034bb2906d703b614505b0/gnocchi.2fb7e3fa-c312-4739-acd5-1c97834b9b5f/1763640000.0_mean_300.0_v3" 404 70 "GET http://[::1]:8080/v1/AUTH_1f36317bec034bb2906d703b614505b0/gnocchi.2fb7e3fa-c312-4739-acd5-1c97834b9b5f/1763640000.0_mean_300.0_v3" "tx6d92a98dd5ab4583ad6cf-00692a40fe" "proxy-server 89446" 0.0003 "-" 96661 0
Nov 28 19:40:30 np0005539311.novalocal object-server[96662]: ::1 - - [29/Nov/2025:00:40:30 +0000] "GET /3/36983/AUTH_1f36317bec034bb2906d703b614505b0/gnocchi.2fb7e3fa-c312-4739-acd5-1c97834b9b5f/1763640000.0_mean_300.0_v3" 404 70 "GET http://[::1]:8080/v1/AUTH_1f36317bec034bb2906d703b614505b0/gnocchi.2fb7e3fa-c312-4739-acd5-1c97834b9b5f/1763640000.0_mean_300.0_v3" "tx6d92a98dd5ab4583ad6cf-00692a40fe" "proxy-server 89446" 0.0003 "-" 96662 0
Nov 28 19:40:30 np0005539311.novalocal proxy-server[89446]: ::1 ::1 29/Nov/2025/00/40/30 GET /v1/AUTH_1f36317bec034bb2906d703b614505b0/gnocchi.2fb7e3fa-c312-4739-acd5-1c97834b9b5f/1763640000.0_mean_300.0_v3 HTTP/1.0 404 - python-swiftclient-4.2.0 gAAAAABpKkDhAXpn... - 70 - tx6d92a98dd5ab4583ad6cf-00692a40fe - 0.0092 - - 1764376830.938195944 1764376830.947392225 0
Nov 28 19:40:30 np0005539311.novalocal container-server[96357]: ::1 - - [29/Nov/2025:00:40:30 +0000] "PUT /3/121884/AUTH_1f36317bec034bb2906d703b614505b0/gnocchi.2fb7e3fa-c312-4739-acd5-1c97834b9b5f/1763640000.0_mean_300.0_v3" 201 - "PUT http://[::1]:8080/3/36983/AUTH_1f36317bec034bb2906d703b614505b0/gnocchi.2fb7e3fa-c312-4739-acd5-1c97834b9b5f/1763640000.0_mean_300.0_v3" "txef92014c1cc54778bad9e-00692a40fe" "object-server 96661" 0.0006 "-" 96357 0
Nov 28 19:40:30 np0005539311.novalocal container-server[96358]: ::1 - - [29/Nov/2025:00:40:30 +0000] "PUT /1/121884/AUTH_1f36317bec034bb2906d703b614505b0/gnocchi.2fb7e3fa-c312-4739-acd5-1c97834b9b5f/1763640000.0_mean_300.0_v3" 201 - "PUT http://[::1]:8080/1/36983/AUTH_1f36317bec034bb2906d703b614505b0/gnocchi.2fb7e3fa-c312-4739-acd5-1c97834b9b5f/1763640000.0_mean_300.0_v3" "txef92014c1cc54778bad9e-00692a40fe" "object-server 96662" 0.0007 "-" 96358 0
Nov 28 19:40:30 np0005539311.novalocal object-server[96661]: ::1 - - [29/Nov/2025:00:40:30 +0000] "PUT /3/36983/AUTH_1f36317bec034bb2906d703b614505b0/gnocchi.2fb7e3fa-c312-4739-acd5-1c97834b9b5f/1763640000.0_mean_300.0_v3" 201 - "PUT http://[::1]:8080/v1/AUTH_1f36317bec034bb2906d703b614505b0/gnocchi.2fb7e3fa-c312-4739-acd5-1c97834b9b5f/1763640000.0_mean_300.0_v3" "txef92014c1cc54778bad9e-00692a40fe" "proxy-server 89446" 0.0144 "-" 96661 0
Nov 28 19:40:30 np0005539311.novalocal object-server[96662]: ::1 - - [29/Nov/2025:00:40:30 +0000] "PUT /1/36983/AUTH_1f36317bec034bb2906d703b614505b0/gnocchi.2fb7e3fa-c312-4739-acd5-1c97834b9b5f/1763640000.0_mean_300.0_v3" 201 - "PUT http://[::1]:8080/v1/AUTH_1f36317bec034bb2906d703b614505b0/gnocchi.2fb7e3fa-c312-4739-acd5-1c97834b9b5f/1763640000.0_mean_300.0_v3" "txef92014c1cc54778bad9e-00692a40fe" "proxy-server 89446" 0.0147 "-" 96662 0
Nov 28 19:40:30 np0005539311.novalocal container-server[96356]: ::1 - - [29/Nov/2025:00:40:30 +0000] "PUT /2/121884/AUTH_1f36317bec034bb2906d703b614505b0/gnocchi.2fb7e3fa-c312-4739-acd5-1c97834b9b5f/1763640000.0_mean_300.0_v3" 201 - "PUT http://[::1]:8080/2/36983/AUTH_1f36317bec034bb2906d703b614505b0/gnocchi.2fb7e3fa-c312-4739-acd5-1c97834b9b5f/1763640000.0_mean_300.0_v3" "txef92014c1cc54778bad9e-00692a40fe" "object-server 96660" 0.0027 "-" 96356 0
Nov 28 19:40:30 np0005539311.novalocal object-server[96660]: ::1 - - [29/Nov/2025:00:40:30 +0000] "PUT /2/36983/AUTH_1f36317bec034bb2906d703b614505b0/gnocchi.2fb7e3fa-c312-4739-acd5-1c97834b9b5f/1763640000.0_mean_300.0_v3" 201 - "PUT http://[::1]:8080/v1/AUTH_1f36317bec034bb2906d703b614505b0/gnocchi.2fb7e3fa-c312-4739-acd5-1c97834b9b5f/1763640000.0_mean_300.0_v3" "txef92014c1cc54778bad9e-00692a40fe" "proxy-server 89446" 0.0173 "-" 96660 0
Nov 28 19:40:30 np0005539311.novalocal proxy-server[89446]: ::1 ::1 29/Nov/2025/00/40/30 PUT /v1/AUTH_1f36317bec034bb2906d703b614505b0/gnocchi.2fb7e3fa-c312-4739-acd5-1c97834b9b5f/1763640000.0_mean_300.0_v3 HTTP/1.0 201 - python-swiftclient-4.2.0 gAAAAABpKkDhAXpn... 16 - - txef92014c1cc54778bad9e-00692a40fe - 0.0231 - - 1764376830.949642897 1764376830.972704649 0
Nov 28 19:40:30 np0005539311.novalocal container-server[96358]: ::1 - - [29/Nov/2025:00:40:30 +0000] "PUT /1/121884/AUTH_1f36317bec034bb2906d703b614505b0/gnocchi.2fb7e3fa-c312-4739-acd5-1c97834b9b5f/none_v3" 201 - "PUT http://[::1]:8080/2/212412/AUTH_1f36317bec034bb2906d703b614505b0/gnocchi.2fb7e3fa-c312-4739-acd5-1c97834b9b5f/none_v3" "txd446c15b650d4171880cb-00692a40fe" "object-server 96661" 0.0009 "-" 96358 0
Nov 28 19:40:31 np0005539311.novalocal object-server[96661]: ::1 - - [29/Nov/2025:00:40:31 +0000] "PUT /2/212412/AUTH_1f36317bec034bb2906d703b614505b0/gnocchi.2fb7e3fa-c312-4739-acd5-1c97834b9b5f/none_v3" 201 - "PUT http://[::1]:8080/v1/AUTH_1f36317bec034bb2906d703b614505b0/gnocchi.2fb7e3fa-c312-4739-acd5-1c97834b9b5f/none_v3" "txd446c15b650d4171880cb-00692a40fe" "proxy-server 89446" 0.0207 "-" 96661 0
Nov 28 19:40:31 np0005539311.novalocal container-server[96358]: ::1 - - [29/Nov/2025:00:40:31 +0000] "PUT /2/121884/AUTH_1f36317bec034bb2906d703b614505b0/gnocchi.2fb7e3fa-c312-4739-acd5-1c97834b9b5f/none_v3" 201 - "PUT http://[::1]:8080/3/212412/AUTH_1f36317bec034bb2906d703b614505b0/gnocchi.2fb7e3fa-c312-4739-acd5-1c97834b9b5f/none_v3" "txd446c15b650d4171880cb-00692a40fe" "object-server 96659" 0.0007 "-" 96358 0
Nov 28 19:40:31 np0005539311.novalocal container-server[96358]: ::1 - - [29/Nov/2025:00:40:31 +0000] "PUT /3/121884/AUTH_1f36317bec034bb2906d703b614505b0/gnocchi.2fb7e3fa-c312-4739-acd5-1c97834b9b5f/none_v3" 201 - "PUT http://[::1]:8080/1/212412/AUTH_1f36317bec034bb2906d703b614505b0/gnocchi.2fb7e3fa-c312-4739-acd5-1c97834b9b5f/none_v3" "txd446c15b650d4171880cb-00692a40fe" "object-server 96659" 0.0006 "-" 96358 0
Nov 28 19:40:31 np0005539311.novalocal object-server[96659]: ::1 - - [29/Nov/2025:00:40:31 +0000] "PUT /3/212412/AUTH_1f36317bec034bb2906d703b614505b0/gnocchi.2fb7e3fa-c312-4739-acd5-1c97834b9b5f/none_v3" 201 - "PUT http://[::1]:8080/v1/AUTH_1f36317bec034bb2906d703b614505b0/gnocchi.2fb7e3fa-c312-4739-acd5-1c97834b9b5f/none_v3" "txd446c15b650d4171880cb-00692a40fe" "proxy-server 89446" 0.0260 "-" 96659 0
Nov 28 19:40:31 np0005539311.novalocal object-server[96659]: ::1 - - [29/Nov/2025:00:40:31 +0000] "PUT /1/212412/AUTH_1f36317bec034bb2906d703b614505b0/gnocchi.2fb7e3fa-c312-4739-acd5-1c97834b9b5f/none_v3" 201 - "PUT http://[::1]:8080/v1/AUTH_1f36317bec034bb2906d703b614505b0/gnocchi.2fb7e3fa-c312-4739-acd5-1c97834b9b5f/none_v3" "txd446c15b650d4171880cb-00692a40fe" "proxy-server 89446" 0.0285 "-" 96659 0
Nov 28 19:40:31 np0005539311.novalocal proxy-server[89446]: ::1 ::1 29/Nov/2025/00/40/31 PUT /v1/AUTH_1f36317bec034bb2906d703b614505b0/gnocchi.2fb7e3fa-c312-4739-acd5-1c97834b9b5f/none_v3 HTTP/1.0 201 - python-swiftclient-4.2.0 gAAAAABpKkDhAXpn... 22 - - txd446c15b650d4171880cb-00692a40fe - 0.0343 - - 1764376830.976520777 1764376831.010844707 0
Nov 28 19:40:32 np0005539311.novalocal kernel: qbr1414a551-c5: port 2(tap1414a551-c5) entered disabled state
Nov 28 19:40:32 np0005539311.novalocal kernel: tap1414a551-c5 (unregistering): left allmulticast mode
Nov 28 19:40:32 np0005539311.novalocal kernel: tap1414a551-c5 (unregistering): left promiscuous mode
Nov 28 19:40:32 np0005539311.novalocal kernel: qbr1414a551-c5: port 2(tap1414a551-c5) entered disabled state
Nov 28 19:40:32 np0005539311.novalocal NetworkManager[858]: [1764376832.2977] device (tap1414a551-c5): state change: activated -> unmanaged (reason 'unmanaged', managed-type: 'removed')
Nov 28 19:40:32 np0005539311.novalocal NetworkManager[858]: [1764376832.2982] device (tap1414a551-c5): released from controller device qbr1414a551-c5
Nov 28 19:40:32 np0005539311.novalocal systemd[1]: machine-qemu\x2d2\x2dinstance\x2d00000002.scope: Deactivated successfully.
Nov 28 19:40:32 np0005539311.novalocal systemd[1]: machine-qemu\x2d2\x2dinstance\x2d00000002.scope: Consumed 2.431s CPU time.
Nov 28 19:40:32 np0005539311.novalocal systemd-machined[93486]: Machine qemu-2-instance-00000002 terminated.
Nov 28 19:40:32 np0005539311.novalocal object-server[96661]: ::1 - - [29/Nov/2025:00:40:32 +0000] "GET /3/166665/AUTH_1f36317bec034bb2906d703b614505b0/gnocchi.68a85d7a-3295-4e3b-9c5e-6f1eb70e6c19/none_v3" 200 22 "GET http://[::1]:8080/v1/AUTH_1f36317bec034bb2906d703b614505b0/gnocchi.68a85d7a-3295-4e3b-9c5e-6f1eb70e6c19/none_v3" "txc21fff61c6474381a6671-00692a4100" "proxy-server 89446" 0.0008 "-" 96661 0
Nov 28 19:40:32 np0005539311.novalocal object-server[96661]: ::1 - - [29/Nov/2025:00:40:32 +0000] "GET /1/142805/AUTH_1f36317bec034bb2906d703b614505b0/gnocchi.66f4b3ca-92b4-4177-b66f-0a94c237bfb2/none_v3" 200 22 "GET http://[::1]:8080/v1/AUTH_1f36317bec034bb2906d703b614505b0/gnocchi.66f4b3ca-92b4-4177-b66f-0a94c237bfb2/none_v3" "txa3cef5971d814f709b690-00692a4100" "proxy-server 89446" 0.0004 "-" 96661 0
Nov 28 19:40:32 np0005539311.novalocal proxy-server[89446]: ::1 ::1 29/Nov/2025/00/40/32 GET /v1/AUTH_1f36317bec034bb2906d703b614505b0/gnocchi.68a85d7a-3295-4e3b-9c5e-6f1eb70e6c19/none_v3 HTTP/1.0 200 - python-swiftclient-4.2.0 gAAAAABpKkDhMctJ... - 22 - txc21fff61c6474381a6671-00692a4100 - 0.0093 - - 1764376832.396972656 1764376832.406299114 0
Nov 28 19:40:32 np0005539311.novalocal proxy-server[89446]: ::1 ::1 29/Nov/2025/00/40/32 GET /v1/AUTH_1f36317bec034bb2906d703b614505b0/gnocchi.66f4b3ca-92b4-4177-b66f-0a94c237bfb2/none_v3 HTTP/1.0 200 - python-swiftclient-4.2.0 gAAAAABpKkDhAXpn... - 22 - txa3cef5971d814f709b690-00692a4100 - 0.0079 - - 1764376832.400528669 1764376832.408392668 0
Nov 28 19:40:32 np0005539311.novalocal container-server[96357]: ::1 - - [29/Nov/2025:00:40:32 +0000] "GET /2/55634/AUTH_1f36317bec034bb2906d703b614505b0/gnocchi.66f4b3ca-92b4-4177-b66f-0a94c237bfb2" 200 357 "GET http://[::1]:8080/v1/AUTH_1f36317bec034bb2906d703b614505b0/gnocchi.66f4b3ca-92b4-4177-b66f-0a94c237bfb2?format=json&states=listing" "tx4800c83eefdb4bfd92584-00692a4100" "proxy-server 89446" 0.0176 "-" 96357 0
Nov 28 19:40:32 np0005539311.novalocal container-server[96356]: ::1 - - [29/Nov/2025:00:40:32 +0000] "GET /2/23634/AUTH_1f36317bec034bb2906d703b614505b0/gnocchi.68a85d7a-3295-4e3b-9c5e-6f1eb70e6c19" 200 357 "GET http://[::1]:8080/v1/AUTH_1f36317bec034bb2906d703b614505b0/gnocchi.68a85d7a-3295-4e3b-9c5e-6f1eb70e6c19?format=json&states=listing" "tx7774b30ab59a474e89bad-00692a4100" "proxy-server 89446" 0.0193 "-" 96356 0
Nov 28 19:40:32 np0005539311.novalocal proxy-server[89446]: ::1 ::1 29/Nov/2025/00/40/32 GET /v1/AUTH_1f36317bec034bb2906d703b614505b0/gnocchi.66f4b3ca-92b4-4177-b66f-0a94c237bfb2%3Fformat%3Djson%26states%3Dlisting HTTP/1.0 200 - python-swiftclient-4.2.0 gAAAAABpKkDhAXpn... - 357 - tx4800c83eefdb4bfd92584-00692a4100 - 0.0259 - - 1764376832.413148165 1764376832.439014435 0
Nov 28 19:40:32 np0005539311.novalocal proxy-server[89446]: ::1 ::1 29/Nov/2025/00/40/32 GET /v1/AUTH_1f36317bec034bb2906d703b614505b0/gnocchi.68a85d7a-3295-4e3b-9c5e-6f1eb70e6c19%3Fformat%3Djson%26states%3Dlisting HTTP/1.0 200 - python-swiftclient-4.2.0 gAAAAABpKkDhMctJ... - 357 - tx7774b30ab59a474e89bad-00692a4100 - 0.0305 - - 1764376832.409723759 1764376832.440192938 0
Nov 28 19:40:32 np0005539311.novalocal container-server[96355]: ::1 - - [29/Nov/2025:00:40:32 +0000] "GET /2/55634/AUTH_1f36317bec034bb2906d703b614505b0/gnocchi.66f4b3ca-92b4-4177-b66f-0a94c237bfb2" 200 2 "GET http://[::1]:8080/v1/AUTH_1f36317bec034bb2906d703b614505b0/gnocchi.66f4b3ca-92b4-4177-b66f-0a94c237bfb2?format=json&marker=none_v3&states=listing" "txafb44c22cab5402e8d426-00692a4100" "proxy-server 89446" 0.0038 "-" 96355 0
Nov 28 19:40:32 np0005539311.novalocal proxy-server[89446]: ::1 ::1 29/Nov/2025/00/40/32 GET /v1/AUTH_1f36317bec034bb2906d703b614505b0/gnocchi.66f4b3ca-92b4-4177-b66f-0a94c237bfb2%3Fformat%3Djson%26marker%3Dnone_v3%26states%3Dlisting HTTP/1.0 200 - python-swiftclient-4.2.0 gAAAAABpKkDhAXpn... - 2 - txafb44c22cab5402e8d426-00692a4100 - 0.0096 - - 1764376832.441043615 1764376832.450669289 0
Nov 28 19:40:32 np0005539311.novalocal container-server[96356]: ::1 - - [29/Nov/2025:00:40:32 +0000] "GET /1/23634/AUTH_1f36317bec034bb2906d703b614505b0/gnocchi.68a85d7a-3295-4e3b-9c5e-6f1eb70e6c19" 200 2 "GET http://[::1]:8080/v1/AUTH_1f36317bec034bb2906d703b614505b0/gnocchi.68a85d7a-3295-4e3b-9c5e-6f1eb70e6c19?format=json&marker=none_v3&states=listing" "tx617116c010ae4402bff2b-00692a4100" "proxy-server 89446" 0.0068 "-" 96356 0
Nov 28 19:40:32 np0005539311.novalocal proxy-server[89446]: ::1 ::1 29/Nov/2025/00/40/32 GET /v1/AUTH_1f36317bec034bb2906d703b614505b0/gnocchi.68a85d7a-3295-4e3b-9c5e-6f1eb70e6c19%3Fformat%3Djson%26marker%3Dnone_v3%26states%3Dlisting HTTP/1.0 200 - python-swiftclient-4.2.0 gAAAAABpKkDhMctJ... - 2 - tx617116c010ae4402bff2b-00692a4100 - 0.0162 - - 1764376832.443863392 1764376832.460036278 0
Nov 28 19:40:32 np0005539311.novalocal object-server[96661]: ::1 - - [29/Nov/2025:00:40:32 +0000] "GET /3/181226/AUTH_1f36317bec034bb2906d703b614505b0/gnocchi.66f4b3ca-92b4-4177-b66f-0a94c237bfb2/1763640000.0_mean_300.0_v3" 200 16 "GET http://[::1]:8080/v1/AUTH_1f36317bec034bb2906d703b614505b0/gnocchi.66f4b3ca-92b4-4177-b66f-0a94c237bfb2/1763640000.0_mean_300.0_v3" "tx721c5b5363cd4de8bcadd-00692a4100" "proxy-server 89446" 0.0006 "-" 96661 0
Nov 28 19:40:32 np0005539311.novalocal proxy-server[89446]: ::1 ::1 29/Nov/2025/00/40/32 GET /v1/AUTH_1f36317bec034bb2906d703b614505b0/gnocchi.66f4b3ca-92b4-4177-b66f-0a94c237bfb2/1763640000.0_mean_300.0_v3 HTTP/1.0 200 - python-swiftclient-4.2.0 gAAAAABpKkDhAXpn... - 16 - tx721c5b5363cd4de8bcadd-00692a4100 - 0.0070 - - 1764376832.454910517 1764376832.461946011 0
Nov 28 19:40:32 np0005539311.novalocal object-server[96661]: ::1 - - [29/Nov/2025:00:40:32 +0000] "GET /3/238882/AUTH_1f36317bec034bb2906d703b614505b0/gnocchi.68a85d7a-3295-4e3b-9c5e-6f1eb70e6c19/1763640000.0_mean_300.0_v3" 200 16 "GET http://[::1]:8080/v1/AUTH_1f36317bec034bb2906d703b614505b0/gnocchi.68a85d7a-3295-4e3b-9c5e-6f1eb70e6c19/1763640000.0_mean_300.0_v3" "tx4ad17880dff14596a1ab9-00692a4100" "proxy-server 89446" 0.0004 "-" 96661 0
Nov 28 19:40:32 np0005539311.novalocal proxy-server[89446]: ::1 ::1 29/Nov/2025/00/40/32 GET /v1/AUTH_1f36317bec034bb2906d703b614505b0/gnocchi.68a85d7a-3295-4e3b-9c5e-6f1eb70e6c19/1763640000.0_mean_300.0_v3 HTTP/1.0 200 - python-swiftclient-4.2.0 gAAAAABpKkDhMctJ... - 16 - tx4ad17880dff14596a1ab9-00692a4100 - 0.0056 - - 1764376832.464300394 1764376832.469887018 0
Nov 28 19:40:32 np0005539311.novalocal container-server[96357]: ::1 - - [29/Nov/2025:00:40:32 +0000] "PUT /3/23634/AUTH_1f36317bec034bb2906d703b614505b0/gnocchi.68a85d7a-3295-4e3b-9c5e-6f1eb70e6c19/1763640000.0_mean_300.0_v3" 201 - "PUT http://[::1]:8080/3/238882/AUTH_1f36317bec034bb2906d703b614505b0/gnocchi.68a85d7a-3295-4e3b-9c5e-6f1eb70e6c19/1763640000.0_mean_300.0_v3" "txa315b2b0c0b24526922cd-00692a4100" "object-server 96662" 0.0005 "-" 96357 0
Nov 28 19:40:32 np0005539311.novalocal container-server[96358]: ::1 - - [29/Nov/2025:00:40:32 +0000] "PUT /3/55634/AUTH_1f36317bec034bb2906d703b614505b0/gnocchi.66f4b3ca-92b4-4177-b66f-0a94c237bfb2/1763640000.0_mean_300.0_v3" 201 - "PUT http://[::1]:8080/2/181226/AUTH_1f36317bec034bb2906d703b614505b0/gnocchi.66f4b3ca-92b4-4177-b66f-0a94c237bfb2/1763640000.0_mean_300.0_v3" "tx129da7e8f8c94f648eb27-00692a4100" "object-server 96659" 0.0006 "-" 96358 0
Nov 28 19:40:32 np0005539311.novalocal container-server[96357]: ::1 - - [29/Nov/2025:00:40:32 +0000] "PUT /1/23634/AUTH_1f36317bec034bb2906d703b614505b0/gnocchi.68a85d7a-3295-4e3b-9c5e-6f1eb70e6c19/1763640000.0_mean_300.0_v3" 201 - "PUT http://[::1]:8080/2/238882/AUTH_1f36317bec034bb2906d703b614505b0/gnocchi.68a85d7a-3295-4e3b-9c5e-6f1eb70e6c19/1763640000.0_mean_300.0_v3" "txa315b2b0c0b24526922cd-00692a4100" "object-server 96660" 0.0004 "-" 96357 0
Nov 28 19:40:32 np0005539311.novalocal object-server[96660]: ::1 - - [29/Nov/2025:00:40:32 +0000] "PUT /2/238882/AUTH_1f36317bec034bb2906d703b614505b0/gnocchi.68a85d7a-3295-4e3b-9c5e-6f1eb70e6c19/1763640000.0_mean_300.0_v3" 201 - "PUT http://[::1]:8080/v1/AUTH_1f36317bec034bb2906d703b614505b0/gnocchi.68a85d7a-3295-4e3b-9c5e-6f1eb70e6c19/1763640000.0_mean_300.0_v3" "txa315b2b0c0b24526922cd-00692a4100" "proxy-server 89446" 0.0107 "-" 96660 0
Nov 28 19:40:32 np0005539311.novalocal object-server[96662]: ::1 - - [29/Nov/2025:00:40:32 +0000] "PUT /3/238882/AUTH_1f36317bec034bb2906d703b614505b0/gnocchi.68a85d7a-3295-4e3b-9c5e-6f1eb70e6c19/1763640000.0_mean_300.0_v3" 201 - "PUT http://[::1]:8080/v1/AUTH_1f36317bec034bb2906d703b614505b0/gnocchi.68a85d7a-3295-4e3b-9c5e-6f1eb70e6c19/1763640000.0_mean_300.0_v3" "txa315b2b0c0b24526922cd-00692a4100" "proxy-server 89446" 0.0112 "-" 96662 0
Nov 28 19:40:32 np0005539311.novalocal object-server[96659]: ::1 - - [29/Nov/2025:00:40:32 +0000] "PUT /2/181226/AUTH_1f36317bec034bb2906d703b614505b0/gnocchi.66f4b3ca-92b4-4177-b66f-0a94c237bfb2/1763640000.0_mean_300.0_v3" 201 - "PUT http://[::1]:8080/v1/AUTH_1f36317bec034bb2906d703b614505b0/gnocchi.66f4b3ca-92b4-4177-b66f-0a94c237bfb2/1763640000.0_mean_300.0_v3" "tx129da7e8f8c94f648eb27-00692a4100" "proxy-server 89446" 0.0189 "-" 96659 0
Nov 28 19:40:32 np0005539311.novalocal container-server[96355]: ::1 - - [29/Nov/2025:00:40:32 +0000] "PUT /2/23634/AUTH_1f36317bec034bb2906d703b614505b0/gnocchi.68a85d7a-3295-4e3b-9c5e-6f1eb70e6c19/1763640000.0_mean_300.0_v3" 201 - "PUT http://[::1]:8080/1/238882/AUTH_1f36317bec034bb2906d703b614505b0/gnocchi.68a85d7a-3295-4e3b-9c5e-6f1eb70e6c19/1763640000.0_mean_300.0_v3" "txa315b2b0c0b24526922cd-00692a4100" "object-server 96659" 0.0005 "-" 96355 0
Nov 28 19:40:32 np0005539311.novalocal object-server[96659]: ::1 - - [29/Nov/2025:00:40:32 +0000] "PUT /1/238882/AUTH_1f36317bec034bb2906d703b614505b0/gnocchi.68a85d7a-3295-4e3b-9c5e-6f1eb70e6c19/1763640000.0_mean_300.0_v3" 201 - "PUT http://[::1]:8080/v1/AUTH_1f36317bec034bb2906d703b614505b0/gnocchi.68a85d7a-3295-4e3b-9c5e-6f1eb70e6c19/1763640000.0_mean_300.0_v3" "txa315b2b0c0b24526922cd-00692a4100" "proxy-server 89446" 0.0138 "-" 96659 0
Nov 28 19:40:32 np0005539311.novalocal container-server[96355]: ::1 - - [29/Nov/2025:00:40:32 +0000] "PUT /2/55634/AUTH_1f36317bec034bb2906d703b614505b0/gnocchi.66f4b3ca-92b4-4177-b66f-0a94c237bfb2/1763640000.0_mean_300.0_v3" 201 - "PUT http://[::1]:8080/3/181226/AUTH_1f36317bec034bb2906d703b614505b0/gnocchi.66f4b3ca-92b4-4177-b66f-0a94c237bfb2/1763640000.0_mean_300.0_v3" "tx129da7e8f8c94f648eb27-00692a4100" "object-server 96662" 0.0005 "-" 96355 0
Nov 28 19:40:32 np0005539311.novalocal container-server[96358]: ::1 - - [29/Nov/2025:00:40:32 +0000] "PUT /1/55634/AUTH_1f36317bec034bb2906d703b614505b0/gnocchi.66f4b3ca-92b4-4177-b66f-0a94c237bfb2/1763640000.0_mean_300.0_v3" 201 - "PUT http://[::1]:8080/1/181226/AUTH_1f36317bec034bb2906d703b614505b0/gnocchi.66f4b3ca-92b4-4177-b66f-0a94c237bfb2/1763640000.0_mean_300.0_v3" "tx129da7e8f8c94f648eb27-00692a4100" "object-server 96662" 0.0005 "-" 96358 0
Nov 28 19:40:32 np0005539311.novalocal proxy-server[89446]: ::1 ::1 29/Nov/2025/00/40/32 PUT /v1/AUTH_1f36317bec034bb2906d703b614505b0/gnocchi.68a85d7a-3295-4e3b-9c5e-6f1eb70e6c19/1763640000.0_mean_300.0_v3 HTTP/1.0 201 - python-swiftclient-4.2.0 gAAAAABpKkDhMctJ... 16 - - txa315b2b0c0b24526922cd-00692a4100 - 0.0203 - - 1764376832.475932598 1764376832.496218681 0
Nov 28 19:40:32 np0005539311.novalocal object-server[96662]: ::1 - - [29/Nov/2025:00:40:32 +0000] "PUT /3/181226/AUTH_1f36317bec034bb2906d703b614505b0/gnocchi.66f4b3ca-92b4-4177-b66f-0a94c237bfb2/1763640000.0_mean_300.0_v3" 201 - "PUT http://[::1]:8080/v1/AUTH_1f36317bec034bb2906d703b614505b0/gnocchi.66f4b3ca-92b4-4177-b66f-0a94c237bfb2/1763640000.0_mean_300.0_v3" "tx129da7e8f8c94f648eb27-00692a4100" "proxy-server 89446" 0.0225 "-" 96662 0
Nov 28 19:40:32 np0005539311.novalocal kernel: MODE SENSE: unimplemented page/subpage: 0x0a/0x05
Nov 28 19:40:32 np0005539311.novalocal object-server[96662]: ::1 - - [29/Nov/2025:00:40:32 +0000] "PUT /1/181226/AUTH_1f36317bec034bb2906d703b614505b0/gnocchi.66f4b3ca-92b4-4177-b66f-0a94c237bfb2/1763640000.0_mean_300.0_v3" 201 - "PUT http://[::1]:8080/v1/AUTH_1f36317bec034bb2906d703b614505b0/gnocchi.66f4b3ca-92b4-4177-b66f-0a94c237bfb2/1763640000.0_mean_300.0_v3" "tx129da7e8f8c94f648eb27-00692a4100" "proxy-server 89446" 0.0215 "-" 96662 0
Nov 28 19:40:32 np0005539311.novalocal proxy-server[89446]: ::1 ::1 29/Nov/2025/00/40/32 PUT /v1/AUTH_1f36317bec034bb2906d703b614505b0/gnocchi.66f4b3ca-92b4-4177-b66f-0a94c237bfb2/1763640000.0_mean_300.0_v3 HTTP/1.0 201 - python-swiftclient-4.2.0 gAAAAABpKkDhAXpn... 16 - - tx129da7e8f8c94f648eb27-00692a4100 - 0.0383 - - 1764376832.465338707 1764376832.503629208 0
Nov 28 19:40:32 np0005539311.novalocal kernel: GPT:Primary header thinks Alt. header is not at the end of the disk.
Nov 28 19:40:32 np0005539311.novalocal kernel: GPT:229375 != 2097151
Nov 28 19:40:32 np0005539311.novalocal kernel: GPT:Alternate GPT header not at the end of the disk.
Nov 28 19:40:32 np0005539311.novalocal kernel: GPT:229375 != 2097151
Nov 28 19:40:32 np0005539311.novalocal kernel: GPT: Use GNU Parted to correct GPT errors.
Nov 28 19:40:32 np0005539311.novalocal kernel: sda: sda1 sda15
Nov 28 19:40:32 np0005539311.novalocal container-server[96355]: ::1 - - [29/Nov/2025:00:40:32 +0000] "PUT /3/23634/AUTH_1f36317bec034bb2906d703b614505b0/gnocchi.68a85d7a-3295-4e3b-9c5e-6f1eb70e6c19/none_v3" 201 - "PUT http://[::1]:8080/1/166665/AUTH_1f36317bec034bb2906d703b614505b0/gnocchi.68a85d7a-3295-4e3b-9c5e-6f1eb70e6c19/none_v3" "tx3cee80a58929483dbc993-00692a4100" "object-server 96660" 0.0012 "-" 96355 0
Nov 28 19:40:32 np0005539311.novalocal object-server[96660]: ::1 - - [29/Nov/2025:00:40:32 +0000] "PUT /1/166665/AUTH_1f36317bec034bb2906d703b614505b0/gnocchi.68a85d7a-3295-4e3b-9c5e-6f1eb70e6c19/none_v3" 201 - "PUT http://[::1]:8080/v1/AUTH_1f36317bec034bb2906d703b614505b0/gnocchi.68a85d7a-3295-4e3b-9c5e-6f1eb70e6c19/none_v3" "tx3cee80a58929483dbc993-00692a4100" "proxy-server 89446" 0.0116 "-" 96660 0
