Nov 28 19:40:44 np0005539311.novalocal container-server[96355]: ::1 - - [29/Nov/2025:00:40:44 +0000] "PUT /2/245408/AUTH_1f36317bec034bb2906d703b614505b0/gnocchi.faaf7385-58ce-4d04-aa08-a4137629f25b/none_v3" 201 - "PUT http://[::1]:8080/3/161826/AUTH_1f36317bec034bb2906d703b614505b0/gnocchi.faaf7385-58ce-4d04-aa08-a4137629f25b/none_v3" "txe22cf5f0dd1f4998b55b5-00692a410c" "object-server 96662" 0.0005 "-" 96355 0
Nov 28 19:40:44 np0005539311.novalocal object-server[96662]: ::1 - - [29/Nov/2025:00:40:44 +0000] "PUT /3/161826/AUTH_1f36317bec034bb2906d703b614505b0/gnocchi.faaf7385-58ce-4d04-aa08-a4137629f25b/none_v3" 201 - "PUT http://[::1]:8080/v1/AUTH_1f36317bec034bb2906d703b614505b0/gnocchi.faaf7385-58ce-4d04-aa08-a4137629f25b/none_v3" "txe22cf5f0dd1f4998b55b5-00692a410c" "proxy-server 89446" 0.0231 "-" 96662 0
Nov 28 19:40:44 np0005539311.novalocal proxy-server[89446]: ::1 ::1 29/Nov/2025/00/40/44 PUT /v1/AUTH_1f36317bec034bb2906d703b614505b0/gnocchi.faaf7385-58ce-4d04-aa08-a4137629f25b/none_v3 HTTP/1.0 201 - python-swiftclient-4.2.0 gAAAAABpKkDhAXpn... 51 - - txe22cf5f0dd1f4998b55b5-00692a410c - 0.0313 - - 1764376844.523250580 1764376844.554589510 0
Nov 28 19:40:44 np0005539311.novalocal object-server[96662]: ::1 - - [29/Nov/2025:00:40:44 +0000] "GET /1/78603/AUTH_1f36317bec034bb2906d703b614505b0/gnocchi.4ce8f042-47a0-4c83-bfd0-9df186d14ea2/none_v3" 200 35 "GET http://[::1]:8080/v1/AUTH_1f36317bec034bb2906d703b614505b0/gnocchi.4ce8f042-47a0-4c83-bfd0-9df186d14ea2/none_v3" "tx6dbb170fe171482b8b8ea-00692a410c" "proxy-server 89446" 0.0006 "-" 96662 0
Nov 28 19:40:44 np0005539311.novalocal proxy-server[89446]: ::1 ::1 29/Nov/2025/00/40/44 GET /v1/AUTH_1f36317bec034bb2906d703b614505b0/gnocchi.4ce8f042-47a0-4c83-bfd0-9df186d14ea2/none_v3 HTTP/1.0 200 - python-swiftclient-4.2.0 gAAAAABpKkDhMctJ... - 35 - tx6dbb170fe171482b8b8ea-00692a410c - 0.0066 - - 1764376844.558408260 1764376844.564971209 0
Nov 28 19:40:44 np0005539311.novalocal container-server[96356]: ::1 - - [29/Nov/2025:00:40:44 +0000] "GET /1/76945/AUTH_1f36317bec034bb2906d703b614505b0/gnocchi.4ce8f042-47a0-4c83-bfd0-9df186d14ea2" 200 357 "GET http://[::1]:8080/v1/AUTH_1f36317bec034bb2906d703b614505b0/gnocchi.4ce8f042-47a0-4c83-bfd0-9df186d14ea2?format=json&states=listing" "txd59eebc8b48449ffac8c0-00692a410c" "proxy-server 89446" 0.0071 "-" 96356 0
Nov 28 19:40:44 np0005539311.novalocal proxy-server[89446]: ::1 ::1 29/Nov/2025/00/40/44 GET /v1/AUTH_1f36317bec034bb2906d703b614505b0/gnocchi.4ce8f042-47a0-4c83-bfd0-9df186d14ea2%3Fformat%3Djson%26states%3Dlisting HTTP/1.0 200 - python-swiftclient-4.2.0 gAAAAABpKkDhMctJ... - 357 - txd59eebc8b48449ffac8c0-00692a410c - 0.0137 - - 1764376844.567728996 1764376844.581454992 0
Nov 28 19:40:44 np0005539311.novalocal object-server[96659]: ::1 - - [29/Nov/2025:00:40:44 +0000] "GET /2/35140/AUTH_1f36317bec034bb2906d703b614505b0/gnocchi.7472d3d4-2cf0-490e-b0f2-096b4d9a6226/none_v3" 200 44 "GET http://[::1]:8080/v1/AUTH_1f36317bec034bb2906d703b614505b0/gnocchi.7472d3d4-2cf0-490e-b0f2-096b4d9a6226/none_v3" "tx962df35d281d4aecb406d-00692a410c" "proxy-server 89446" 0.0007 "-" 96659 0
Nov 28 19:40:44 np0005539311.novalocal proxy-server[89446]: ::1 ::1 29/Nov/2025/00/40/44 GET /v1/AUTH_1f36317bec034bb2906d703b614505b0/gnocchi.7472d3d4-2cf0-490e-b0f2-096b4d9a6226/none_v3 HTTP/1.0 200 - python-swiftclient-4.2.0 gAAAAABpKkDhAXpn... - 44 - tx962df35d281d4aecb406d-00692a410c - 0.0121 - - 1764376844.578534365 1764376844.590587854 0
Nov 28 19:40:44 np0005539311.novalocal container-server[96356]: ::1 - - [29/Nov/2025:00:40:44 +0000] "GET /3/76945/AUTH_1f36317bec034bb2906d703b614505b0/gnocchi.4ce8f042-47a0-4c83-bfd0-9df186d14ea2" 200 2 "GET http://[::1]:8080/v1/AUTH_1f36317bec034bb2906d703b614505b0/gnocchi.4ce8f042-47a0-4c83-bfd0-9df186d14ea2?format=json&marker=none_v3&states=listing" "tx9643db907fd148e5b173d-00692a410c" "proxy-server 89446" 0.0068 "-" 96356 0
Nov 28 19:40:44 np0005539311.novalocal proxy-server[89446]: ::1 ::1 29/Nov/2025/00/40/44 GET /v1/AUTH_1f36317bec034bb2906d703b614505b0/gnocchi.4ce8f042-47a0-4c83-bfd0-9df186d14ea2%3Fformat%3Djson%26marker%3Dnone_v3%26states%3Dlisting HTTP/1.0 200 - python-swiftclient-4.2.0 gAAAAABpKkDhMctJ... - 2 - tx9643db907fd148e5b173d-00692a410c - 0.0130 - - 1764376844.584923506 1764376844.597953558 0
Nov 28 19:40:44 np0005539311.novalocal object-server[96661]: ::1 - - [29/Nov/2025:00:40:44 +0000] "GET /3/76065/AUTH_1f36317bec034bb2906d703b614505b0/gnocchi.4ce8f042-47a0-4c83-bfd0-9df186d14ea2/1763640000.0_mean_300.0_v3" 200 18 "GET http://[::1]:8080/v1/AUTH_1f36317bec034bb2906d703b614505b0/gnocchi.4ce8f042-47a0-4c83-bfd0-9df186d14ea2/1763640000.0_mean_300.0_v3" "txc8b539b6243d406b8d83b-00692a410c" "proxy-server 89446" 0.0006 "-" 96661 0
Nov 28 19:40:44 np0005539311.novalocal proxy-server[89446]: ::1 ::1 29/Nov/2025/00/40/44 GET /v1/AUTH_1f36317bec034bb2906d703b614505b0/gnocchi.4ce8f042-47a0-4c83-bfd0-9df186d14ea2/1763640000.0_mean_300.0_v3 HTTP/1.0 200 - python-swiftclient-4.2.0 gAAAAABpKkDhMctJ... - 18 - txc8b539b6243d406b8d83b-00692a410c - 0.0048 - - 1764376844.600733280 1764376844.605537176 0
Nov 28 19:40:44 np0005539311.novalocal container-server[96357]: ::1 - - [29/Nov/2025:00:40:44 +0000] "GET /2/27713/AUTH_1f36317bec034bb2906d703b614505b0/gnocchi.7472d3d4-2cf0-490e-b0f2-096b4d9a6226" 200 357 "GET http://[::1]:8080/v1/AUTH_1f36317bec034bb2906d703b614505b0/gnocchi.7472d3d4-2cf0-490e-b0f2-096b4d9a6226?format=json&states=listing" "tx6914f46197fd46a99fc20-00692a410c" "proxy-server 89446" 0.0124 "-" 96357 0
Nov 28 19:40:44 np0005539311.novalocal proxy-server[89446]: ::1 ::1 29/Nov/2025/00/40/44 GET /v1/AUTH_1f36317bec034bb2906d703b614505b0/gnocchi.7472d3d4-2cf0-490e-b0f2-096b4d9a6226%3Fformat%3Djson%26states%3Dlisting HTTP/1.0 200 - python-swiftclient-4.2.0 gAAAAABpKkDhAXpn... - 357 - tx6914f46197fd46a99fc20-00692a410c - 0.0184 - - 1764376844.594303370 1764376844.612742424 0
Nov 28 19:40:44 np0005539311.novalocal container-server[96358]: ::1 - - [29/Nov/2025:00:40:44 +0000] "PUT /3/76945/AUTH_1f36317bec034bb2906d703b614505b0/gnocchi.4ce8f042-47a0-4c83-bfd0-9df186d14ea2/1763640000.0_mean_300.0_v3" 201 - "PUT http://[::1]:8080/2/76065/AUTH_1f36317bec034bb2906d703b614505b0/gnocchi.4ce8f042-47a0-4c83-bfd0-9df186d14ea2/1763640000.0_mean_300.0_v3" "tx40a67924667a4481b5013-00692a410c" "object-server 96660" 0.0011 "-" 96358 0
Nov 28 19:40:44 np0005539311.novalocal container-server[96356]: ::1 - - [29/Nov/2025:00:40:44 +0000] "PUT /1/76945/AUTH_1f36317bec034bb2906d703b614505b0/gnocchi.4ce8f042-47a0-4c83-bfd0-9df186d14ea2/1763640000.0_mean_300.0_v3" 201 - "PUT http://[::1]:8080/1/76065/AUTH_1f36317bec034bb2906d703b614505b0/gnocchi.4ce8f042-47a0-4c83-bfd0-9df186d14ea2/1763640000.0_mean_300.0_v3" "tx40a67924667a4481b5013-00692a410c" "object-server 96660" 0.0017 "-" 96356 0
Nov 28 19:40:44 np0005539311.novalocal object-server[96660]: ::1 - - [29/Nov/2025:00:40:44 +0000] "PUT /1/76065/AUTH_1f36317bec034bb2906d703b614505b0/gnocchi.4ce8f042-47a0-4c83-bfd0-9df186d14ea2/1763640000.0_mean_300.0_v3" 201 - "PUT http://[::1]:8080/v1/AUTH_1f36317bec034bb2906d703b614505b0/gnocchi.4ce8f042-47a0-4c83-bfd0-9df186d14ea2/1763640000.0_mean_300.0_v3" "tx40a67924667a4481b5013-00692a410c" "proxy-server 89446" 0.0138 "-" 96660 0
Nov 28 19:40:44 np0005539311.novalocal object-server[96660]: ::1 - - [29/Nov/2025:00:40:44 +0000] "PUT /2/76065/AUTH_1f36317bec034bb2906d703b614505b0/gnocchi.4ce8f042-47a0-4c83-bfd0-9df186d14ea2/1763640000.0_mean_300.0_v3" 201 - "PUT http://[::1]:8080/v1/AUTH_1f36317bec034bb2906d703b614505b0/gnocchi.4ce8f042-47a0-4c83-bfd0-9df186d14ea2/1763640000.0_mean_300.0_v3" "tx40a67924667a4481b5013-00692a410c" "proxy-server 89446" 0.0138 "-" 96660 0
Nov 28 19:40:44 np0005539311.novalocal container-server[96356]: ::1 - - [29/Nov/2025:00:40:44 +0000] "PUT /2/76945/AUTH_1f36317bec034bb2906d703b614505b0/gnocchi.4ce8f042-47a0-4c83-bfd0-9df186d14ea2/1763640000.0_mean_300.0_v3" 201 - "PUT http://[::1]:8080/3/76065/AUTH_1f36317bec034bb2906d703b614505b0/gnocchi.4ce8f042-47a0-4c83-bfd0-9df186d14ea2/1763640000.0_mean_300.0_v3" "tx40a67924667a4481b5013-00692a410c" "object-server 96660" 0.0005 "-" 96356 0
Nov 28 19:40:44 np0005539311.novalocal container-server[96358]: ::1 - - [29/Nov/2025:00:40:44 +0000] "GET /3/27713/AUTH_1f36317bec034bb2906d703b614505b0/gnocchi.7472d3d4-2cf0-490e-b0f2-096b4d9a6226" 200 2 "GET http://[::1]:8080/v1/AUTH_1f36317bec034bb2906d703b614505b0/gnocchi.7472d3d4-2cf0-490e-b0f2-096b4d9a6226?format=json&marker=none_v3&states=listing" "txb5dc0429740b4a87ad84c-00692a410c" "proxy-server 89446" 0.0103 "-" 96358 0
Nov 28 19:40:44 np0005539311.novalocal object-server[96660]: ::1 - - [29/Nov/2025:00:40:44 +0000] "PUT /3/76065/AUTH_1f36317bec034bb2906d703b614505b0/gnocchi.4ce8f042-47a0-4c83-bfd0-9df186d14ea2/1763640000.0_mean_300.0_v3" 201 - "PUT http://[::1]:8080/v1/AUTH_1f36317bec034bb2906d703b614505b0/gnocchi.4ce8f042-47a0-4c83-bfd0-9df186d14ea2/1763640000.0_mean_300.0_v3" "tx40a67924667a4481b5013-00692a410c" "proxy-server 89446" 0.0160 "-" 96660 0
Nov 28 19:40:44 np0005539311.novalocal proxy-server[89446]: ::1 ::1 29/Nov/2025/00/40/44 PUT /v1/AUTH_1f36317bec034bb2906d703b614505b0/gnocchi.4ce8f042-47a0-4c83-bfd0-9df186d14ea2/1763640000.0_mean_300.0_v3 HTTP/1.0 201 - python-swiftclient-4.2.0 gAAAAABpKkDhMctJ... 18 - - tx40a67924667a4481b5013-00692a410c - 0.0258 - - 1764376844.607545376 1764376844.633383274 0
Nov 28 19:40:44 np0005539311.novalocal proxy-server[89446]: ::1 ::1 29/Nov/2025/00/40/44 GET /v1/AUTH_1f36317bec034bb2906d703b614505b0/gnocchi.7472d3d4-2cf0-490e-b0f2-096b4d9a6226%3Fformat%3Djson%26marker%3Dnone_v3%26states%3Dlisting HTTP/1.0 200 - python-swiftclient-4.2.0 gAAAAABpKkDhAXpn... - 2 - txb5dc0429740b4a87ad84c-00692a410c - 0.0195 - - 1764376844.614917040 1764376844.634436846 0
Nov 28 19:40:44 np0005539311.novalocal dnsmasq[103220]: exiting on receipt of SIGTERM
Nov 28 19:40:44 np0005539311.novalocal object-server[96661]: ::1 - - [29/Nov/2025:00:40:44 +0000] "GET /3/161324/AUTH_1f36317bec034bb2906d703b614505b0/gnocchi.7472d3d4-2cf0-490e-b0f2-096b4d9a6226/1763640000.0_mean_300.0_v3" 200 23 "GET http://[::1]:8080/v1/AUTH_1f36317bec034bb2906d703b614505b0/gnocchi.7472d3d4-2cf0-490e-b0f2-096b4d9a6226/1763640000.0_mean_300.0_v3" "txde8542de8c8149b6969c1-00692a410c" "proxy-server 89446" 0.0006 "-" 96661 0
Nov 28 19:40:44 np0005539311.novalocal container-server[96357]: ::1 - - [29/Nov/2025:00:40:44 +0000] "PUT /1/76945/AUTH_1f36317bec034bb2906d703b614505b0/gnocchi.4ce8f042-47a0-4c83-bfd0-9df186d14ea2/none_v3" 201 - "PUT http://[::1]:8080/3/78603/AUTH_1f36317bec034bb2906d703b614505b0/gnocchi.4ce8f042-47a0-4c83-bfd0-9df186d14ea2/none_v3" "tx0ec1d76cae6e490797d36-00692a410c" "object-server 96660" 0.0005 "-" 96357 0
Nov 28 19:40:44 np0005539311.novalocal object-server[96660]: ::1 - - [29/Nov/2025:00:40:44 +0000] "PUT /3/78603/AUTH_1f36317bec034bb2906d703b614505b0/gnocchi.4ce8f042-47a0-4c83-bfd0-9df186d14ea2/none_v3" 201 - "PUT http://[::1]:8080/v1/AUTH_1f36317bec034bb2906d703b614505b0/gnocchi.4ce8f042-47a0-4c83-bfd0-9df186d14ea2/none_v3" "tx0ec1d76cae6e490797d36-00692a410c" "proxy-server 89446" 0.0105 "-" 96660 0
Nov 28 19:40:44 np0005539311.novalocal container-server[96357]: ::1 - - [29/Nov/2025:00:40:44 +0000] "PUT /3/76945/AUTH_1f36317bec034bb2906d703b614505b0/gnocchi.4ce8f042-47a0-4c83-bfd0-9df186d14ea2/none_v3" 201 - "PUT http://[::1]:8080/2/78603/AUTH_1f36317bec034bb2906d703b614505b0/gnocchi.4ce8f042-47a0-4c83-bfd0-9df186d14ea2/none_v3" "tx0ec1d76cae6e490797d36-00692a410c" "object-server 96661" 0.0003 "-" 96357 0
Nov 28 19:40:44 np0005539311.novalocal container-server[96356]: ::1 - - [29/Nov/2025:00:40:44 +0000] "PUT /2/76945/AUTH_1f36317bec034bb2906d703b614505b0/gnocchi.4ce8f042-47a0-4c83-bfd0-9df186d14ea2/none_v3" 201 - "PUT http://[::1]:8080/1/78603/AUTH_1f36317bec034bb2906d703b614505b0/gnocchi.4ce8f042-47a0-4c83-bfd0-9df186d14ea2/none_v3" "tx0ec1d76cae6e490797d36-00692a410c" "object-server 96661" 0.0007 "-" 96356 0
Nov 28 19:40:44 np0005539311.novalocal object-server[96661]: ::1 - - [29/Nov/2025:00:40:44 +0000] "PUT /2/78603/AUTH_1f36317bec034bb2906d703b614505b0/gnocchi.4ce8f042-47a0-4c83-bfd0-9df186d14ea2/none_v3" 201 - "PUT http://[::1]:8080/v1/AUTH_1f36317bec034bb2906d703b614505b0/gnocchi.4ce8f042-47a0-4c83-bfd0-9df186d14ea2/none_v3" "tx0ec1d76cae6e490797d36-00692a410c" "proxy-server 89446" 0.0135 "-" 96661 0
Nov 28 19:40:44 np0005539311.novalocal object-server[96661]: ::1 - - [29/Nov/2025:00:40:44 +0000] "PUT /1/78603/AUTH_1f36317bec034bb2906d703b614505b0/gnocchi.4ce8f042-47a0-4c83-bfd0-9df186d14ea2/none_v3" 201 - "PUT http://[::1]:8080/v1/AUTH_1f36317bec034bb2906d703b614505b0/gnocchi.4ce8f042-47a0-4c83-bfd0-9df186d14ea2/none_v3" "tx0ec1d76cae6e490797d36-00692a410c" "proxy-server 89446" 0.0129 "-" 96661 0
Nov 28 19:40:44 np0005539311.novalocal proxy-server[89446]: ::1 ::1 29/Nov/2025/00/40/44 GET /v1/AUTH_1f36317bec034bb2906d703b614505b0/gnocchi.7472d3d4-2cf0-490e-b0f2-096b4d9a6226/1763640000.0_mean_300.0_v3 HTTP/1.0 200 - python-swiftclient-4.2.0 gAAAAABpKkDhAXpn... - 23 - txde8542de8c8149b6969c1-00692a410c - 0.0218 - - 1764376844.638092518 1764376844.659913301 0
Nov 28 19:40:44 np0005539311.novalocal proxy-server[89446]: ::1 ::1 29/Nov/2025/00/40/44 PUT /v1/AUTH_1f36317bec034bb2906d703b614505b0/gnocchi.4ce8f042-47a0-4c83-bfd0-9df186d14ea2/none_v3 HTTP/1.0 201 - python-swiftclient-4.2.0 gAAAAABpKkDhMctJ... 44 - - tx0ec1d76cae6e490797d36-00692a410c - 0.0236 - - 1764376844.637777567 1764376844.661379814 0
Nov 28 19:40:44 np0005539311.novalocal object-server[96659]: ::1 - - [29/Nov/2025:00:40:44 +0000] "GET /3/161826/AUTH_1f36317bec034bb2906d703b614505b0/gnocchi.faaf7385-58ce-4d04-aa08-a4137629f25b/none_v3" 200 51 "GET http://[::1]:8080/v1/AUTH_1f36317bec034bb2906d703b614505b0/gnocchi.faaf7385-58ce-4d04-aa08-a4137629f25b/none_v3" "txb9c5db75de5b43d6bd424-00692a410c" "proxy-server 89446" 0.0006 "-" 96659 0
Nov 28 19:40:44 np0005539311.novalocal kernel: tap7aa45a8c-a5: left promiscuous mode
Nov 28 19:40:44 np0005539311.novalocal container-server[96357]: ::1 - - [29/Nov/2025:00:40:44 +0000] "PUT /1/27713/AUTH_1f36317bec034bb2906d703b614505b0/gnocchi.7472d3d4-2cf0-490e-b0f2-096b4d9a6226/1763640000.0_mean_300.0_v3" 201 - "PUT http://[::1]:8080/3/161324/AUTH_1f36317bec034bb2906d703b614505b0/gnocchi.7472d3d4-2cf0-490e-b0f2-096b4d9a6226/1763640000.0_mean_300.0_v3" "txa50e257c897a430095efd-00692a410c" "object-server 96660" 0.0004 "-" 96357 0
Nov 28 19:40:44 np0005539311.novalocal object-server[96660]: ::1 - - [29/Nov/2025:00:40:44 +0000] "PUT /3/161324/AUTH_1f36317bec034bb2906d703b614505b0/gnocchi.7472d3d4-2cf0-490e-b0f2-096b4d9a6226/1763640000.0_mean_300.0_v3" 201 - "PUT http://[::1]:8080/v1/AUTH_1f36317bec034bb2906d703b614505b0/gnocchi.7472d3d4-2cf0-490e-b0f2-096b4d9a6226/1763640000.0_mean_300.0_v3" "txa50e257c897a430095efd-00692a410c" "proxy-server 89446" 0.0090 "-" 96660 0
Nov 28 19:40:44 np0005539311.novalocal proxy-server[89446]: ::1 ::1 29/Nov/2025/00/40/44 GET /v1/AUTH_1f36317bec034bb2906d703b614505b0/gnocchi.faaf7385-58ce-4d04-aa08-a4137629f25b/none_v3 HTTP/1.0 200 - python-swiftclient-4.2.0 gAAAAABpKkDhMctJ... - 51 - txb9c5db75de5b43d6bd424-00692a410c - 0.0068 - - 1764376844.671457529 1764376844.678262472 0
Nov 28 19:40:44 np0005539311.novalocal container-server[96356]: ::1 - - [29/Nov/2025:00:40:44 +0000] "PUT /2/27713/AUTH_1f36317bec034bb2906d703b614505b0/gnocchi.7472d3d4-2cf0-490e-b0f2-096b4d9a6226/1763640000.0_mean_300.0_v3" 201 - "PUT http://[::1]:8080/2/161324/AUTH_1f36317bec034bb2906d703b614505b0/gnocchi.7472d3d4-2cf0-490e-b0f2-096b4d9a6226/1763640000.0_mean_300.0_v3" "txa50e257c897a430095efd-00692a410c" "object-server 96662" 0.0006 "-" 96356 0
Nov 28 19:40:44 np0005539311.novalocal object-server[96662]: ::1 - - [29/Nov/2025:00:40:44 +0000] "PUT /2/161324/AUTH_1f36317bec034bb2906d703b614505b0/gnocchi.7472d3d4-2cf0-490e-b0f2-096b4d9a6226/1763640000.0_mean_300.0_v3" 201 - "PUT http://[::1]:8080/v1/AUTH_1f36317bec034bb2906d703b614505b0/gnocchi.7472d3d4-2cf0-490e-b0f2-096b4d9a6226/1763640000.0_mean_300.0_v3" "txa50e257c897a430095efd-00692a410c" "proxy-server 89446" 0.0111 "-" 96662 0
Nov 28 19:40:44 np0005539311.novalocal container-server[96356]: ::1 - - [29/Nov/2025:00:40:44 +0000] "PUT /3/27713/AUTH_1f36317bec034bb2906d703b614505b0/gnocchi.7472d3d4-2cf0-490e-b0f2-096b4d9a6226/1763640000.0_mean_300.0_v3" 201 - "PUT http://[::1]:8080/1/161324/AUTH_1f36317bec034bb2906d703b614505b0/gnocchi.7472d3d4-2cf0-490e-b0f2-096b4d9a6226/1763640000.0_mean_300.0_v3" "txa50e257c897a430095efd-00692a410c" "object-server 96662" 0.0003 "-" 96356 0
Nov 28 19:40:44 np0005539311.novalocal object-server[96662]: ::1 - - [29/Nov/2025:00:40:44 +0000] "PUT /1/161324/AUTH_1f36317bec034bb2906d703b614505b0/gnocchi.7472d3d4-2cf0-490e-b0f2-096b4d9a6226/1763640000.0_mean_300.0_v3" 201 - "PUT http://[::1]:8080/v1/AUTH_1f36317bec034bb2906d703b614505b0/gnocchi.7472d3d4-2cf0-490e-b0f2-096b4d9a6226/1763640000.0_mean_300.0_v3" "txa50e257c897a430095efd-00692a410c" "proxy-server 89446" 0.0132 "-" 96662 0
Nov 28 19:40:44 np0005539311.novalocal proxy-server[89446]: ::1 ::1 29/Nov/2025/00/40/44 PUT /v1/AUTH_1f36317bec034bb2906d703b614505b0/gnocchi.7472d3d4-2cf0-490e-b0f2-096b4d9a6226/1763640000.0_mean_300.0_v3 HTTP/1.0 201 - python-swiftclient-4.2.0 gAAAAABpKkDhAXpn... 23 - - txa50e257c897a430095efd-00692a410c - 0.0212 - - 1764376844.663206577 1764376844.684386969 0
Nov 28 19:40:44 np0005539311.novalocal container-server[96355]: ::1 - - [29/Nov/2025:00:40:44 +0000] "GET /1/245408/AUTH_1f36317bec034bb2906d703b614505b0/gnocchi.faaf7385-58ce-4d04-aa08-a4137629f25b" 200 357 "GET http://[::1]:8080/v1/AUTH_1f36317bec034bb2906d703b614505b0/gnocchi.faaf7385-58ce-4d04-aa08-a4137629f25b?format=json&states=listing" "tx4eab835404ad4c2babdf7-00692a410c" "proxy-server 89446" 0.0073 "-" 96355 0
Nov 28 19:40:44 np0005539311.novalocal proxy-server[89446]: ::1 ::1 29/Nov/2025/00/40/44 GET /v1/AUTH_1f36317bec034bb2906d703b614505b0/gnocchi.faaf7385-58ce-4d04-aa08-a4137629f25b%3Fformat%3Djson%26states%3Dlisting HTTP/1.0 200 - python-swiftclient-4.2.0 gAAAAABpKkDhMctJ... - 357 - tx4eab835404ad4c2babdf7-00692a410c - 0.0189 - - 1764376844.688124895 1764376844.707009792 0
Nov 28 19:40:44 np0005539311.novalocal container-server[96356]: ::1 - - [29/Nov/2025:00:40:44 +0000] "PUT /2/27713/AUTH_1f36317bec034bb2906d703b614505b0/gnocchi.7472d3d4-2cf0-490e-b0f2-096b4d9a6226/none_v3" 201 - "PUT http://[::1]:8080/1/35140/AUTH_1f36317bec034bb2906d703b614505b0/gnocchi.7472d3d4-2cf0-490e-b0f2-096b4d9a6226/none_v3" "txc35735976d07441bada05-00692a410c" "object-server 96662" 0.0007 "-" 96356 0
Nov 28 19:40:44 np0005539311.novalocal container-server[96357]: ::1 - - [29/Nov/2025:00:40:44 +0000] "PUT /3/27713/AUTH_1f36317bec034bb2906d703b614505b0/gnocchi.7472d3d4-2cf0-490e-b0f2-096b4d9a6226/none_v3" 201 - "PUT http://[::1]:8080/2/35140/AUTH_1f36317bec034bb2906d703b614505b0/gnocchi.7472d3d4-2cf0-490e-b0f2-096b4d9a6226/none_v3" "txc35735976d07441bada05-00692a410c" "object-server 96660" 0.0005 "-" 96357 0
Nov 28 19:40:44 np0005539311.novalocal object-server[96662]: ::1 - - [29/Nov/2025:00:40:44 +0000] "PUT /1/35140/AUTH_1f36317bec034bb2906d703b614505b0/gnocchi.7472d3d4-2cf0-490e-b0f2-096b4d9a6226/none_v3" 201 - "PUT http://[::1]:8080/v1/AUTH_1f36317bec034bb2906d703b614505b0/gnocchi.7472d3d4-2cf0-490e-b0f2-096b4d9a6226/none_v3" "txc35735976d07441bada05-00692a410c" "proxy-server 89446" 0.0139 "-" 96662 0
Nov 28 19:40:44 np0005539311.novalocal object-server[96660]: ::1 - - [29/Nov/2025:00:40:44 +0000] "PUT /2/35140/AUTH_1f36317bec034bb2906d703b614505b0/gnocchi.7472d3d4-2cf0-490e-b0f2-096b4d9a6226/none_v3" 201 - "PUT http://[::1]:8080/v1/AUTH_1f36317bec034bb2906d703b614505b0/gnocchi.7472d3d4-2cf0-490e-b0f2-096b4d9a6226/none_v3" "txc35735976d07441bada05-00692a410c" "proxy-server 89446" 0.0125 "-" 96660 0
Nov 28 19:40:44 np0005539311.novalocal container-server[96357]: ::1 - - [29/Nov/2025:00:40:44 +0000] "PUT /1/27713/AUTH_1f36317bec034bb2906d703b614505b0/gnocchi.7472d3d4-2cf0-490e-b0f2-096b4d9a6226/none_v3" 201 - "PUT http://[::1]:8080/3/35140/AUTH_1f36317bec034bb2906d703b614505b0/gnocchi.7472d3d4-2cf0-490e-b0f2-096b4d9a6226/none_v3" "txc35735976d07441bada05-00692a410c" "object-server 96659" 0.0003 "-" 96357 0
Nov 28 19:40:44 np0005539311.novalocal object-server[96659]: ::1 - - [29/Nov/2025:00:40:44 +0000] "PUT /3/35140/AUTH_1f36317bec034bb2906d703b614505b0/gnocchi.7472d3d4-2cf0-490e-b0f2-096b4d9a6226/none_v3" 201 - "PUT http://[::1]:8080/v1/AUTH_1f36317bec034bb2906d703b614505b0/gnocchi.7472d3d4-2cf0-490e-b0f2-096b4d9a6226/none_v3" "txc35735976d07441bada05-00692a410c" "proxy-server 89446" 0.0158 "-" 96659 0
Nov 28 19:40:44 np0005539311.novalocal proxy-server[89446]: ::1 ::1 29/Nov/2025/00/40/44 PUT /v1/AUTH_1f36317bec034bb2906d703b614505b0/gnocchi.7472d3d4-2cf0-490e-b0f2-096b4d9a6226/none_v3 HTTP/1.0 201 - python-swiftclient-4.2.0 gAAAAABpKkDhAXpn... 51 - - txc35735976d07441bada05-00692a410c - 0.0250 - - 1764376844.695199251 1764376844.720243216 0
Nov 28 19:40:44 np0005539311.novalocal container-server[96357]: ::1 - - [29/Nov/2025:00:40:44 +0000] "GET /2/245408/AUTH_1f36317bec034bb2906d703b614505b0/gnocchi.faaf7385-58ce-4d04-aa08-a4137629f25b" 200 2 "GET http://[::1]:8080/v1/AUTH_1f36317bec034bb2906d703b614505b0/gnocchi.faaf7385-58ce-4d04-aa08-a4137629f25b?format=json&marker=none_v3&states=listing" "txb9fa3c99e89d49a999f4e-00692a410c" "proxy-server 89446" 0.0070 "-" 96357 0
Nov 28 19:40:44 np0005539311.novalocal proxy-server[89446]: ::1 ::1 29/Nov/2025/00/40/44 GET /v1/AUTH_1f36317bec034bb2906d703b614505b0/gnocchi.faaf7385-58ce-4d04-aa08-a4137629f25b%3Fformat%3Djson%26marker%3Dnone_v3%26states%3Dlisting HTTP/1.0 200 - python-swiftclient-4.2.0 gAAAAABpKkDhMctJ... - 2 - txb9fa3c99e89d49a999f4e-00692a410c - 0.0159 - - 1764376844.710072994 1764376844.725968599 0
Nov 28 19:40:44 np0005539311.novalocal object-server[96662]: ::1 - - [29/Nov/2025:00:40:44 +0000] "GET /1/146481/AUTH_1f36317bec034bb2906d703b614505b0/gnocchi.faaf7385-58ce-4d04-aa08-a4137629f25b/1763640000.0_mean_300.0_v3" 200 23 "GET http://[::1]:8080/v1/AUTH_1f36317bec034bb2906d703b614505b0/gnocchi.faaf7385-58ce-4d04-aa08-a4137629f25b/1763640000.0_mean_300.0_v3" "txb8a6a8115f4c4addad635-00692a410c" "proxy-server 89446" 0.0007 "-" 96662 0
Nov 28 19:40:44 np0005539311.novalocal proxy-server[89446]: ::1 ::1 29/Nov/2025/00/40/44 GET /v1/AUTH_1f36317bec034bb2906d703b614505b0/gnocchi.faaf7385-58ce-4d04-aa08-a4137629f25b/1763640000.0_mean_300.0_v3 HTTP/1.0 200 - python-swiftclient-4.2.0 gAAAAABpKkDhMctJ... - 23 - txb8a6a8115f4c4addad635-00692a410c - 0.0063 - - 1764376844.729008675 1764376844.735275030 0
Nov 28 19:40:44 np0005539311.novalocal systemd[1]: run-netns-qrouter\x2d5e16f0cb\x2db867\x2d49cf\x2d831a\x2d6e254ef03ca7.mount: Deactivated successfully.
Nov 28 19:40:44 np0005539311.novalocal object-server[96659]: ::1 - - [29/Nov/2025:00:40:44 +0000] "GET /3/156553/AUTH_1f36317bec034bb2906d703b614505b0/gnocchi.0b9fba65-9a70-4fc9-8d5b-553c3b666ec0/none_v3" 200 50 "GET http://[::1]:8080/v1/AUTH_1f36317bec034bb2906d703b614505b0/gnocchi.0b9fba65-9a70-4fc9-8d5b-553c3b666ec0/none_v3" "tx24c2f81242bf4c129680c-00692a410c" "proxy-server 89446" 0.0006 "-" 96659 0
Nov 28 19:40:44 np0005539311.novalocal proxy-server[89446]: ::1 ::1 29/Nov/2025/00/40/44 GET /v1/AUTH_1f36317bec034bb2906d703b614505b0/gnocchi.0b9fba65-9a70-4fc9-8d5b-553c3b666ec0/none_v3 HTTP/1.0 200 - python-swiftclient-4.2.0 gAAAAABpKkDhAXpn... - 50 - tx24c2f81242bf4c129680c-00692a410c - 0.0213 - - 1764376844.738383532 1764376844.759669781 0
Nov 28 19:40:44 np0005539311.novalocal container-server[96355]: ::1 - - [29/Nov/2025:00:40:44 +0000] "PUT /1/245408/AUTH_1f36317bec034bb2906d703b614505b0/gnocchi.faaf7385-58ce-4d04-aa08-a4137629f25b/1763640000.0_mean_300.0_v3" 201 - "PUT http://[::1]:8080/3/146481/AUTH_1f36317bec034bb2906d703b614505b0/gnocchi.faaf7385-58ce-4d04-aa08-a4137629f25b/1763640000.0_mean_300.0_v3" "tx1e5edaf099bb4f34b7ea0-00692a410c" "object-server 96659" 0.0005 "-" 96355 0
Nov 28 19:40:44 np0005539311.novalocal container-server[96356]: ::1 - - [29/Nov/2025:00:40:44 +0000] "PUT /2/245408/AUTH_1f36317bec034bb2906d703b614505b0/gnocchi.faaf7385-58ce-4d04-aa08-a4137629f25b/1763640000.0_mean_300.0_v3" 201 - "PUT http://[::1]:8080/1/146481/AUTH_1f36317bec034bb2906d703b614505b0/gnocchi.faaf7385-58ce-4d04-aa08-a4137629f25b/1763640000.0_mean_300.0_v3" "tx1e5edaf099bb4f34b7ea0-00692a410c" "object-server 96662" 0.0007 "-" 96356 0
Nov 28 19:40:44 np0005539311.novalocal object-server[96659]: ::1 - - [29/Nov/2025:00:40:44 +0000] "PUT /3/146481/AUTH_1f36317bec034bb2906d703b614505b0/gnocchi.faaf7385-58ce-4d04-aa08-a4137629f25b/1763640000.0_mean_300.0_v3" 201 - "PUT http://[::1]:8080/v1/AUTH_1f36317bec034bb2906d703b614505b0/gnocchi.faaf7385-58ce-4d04-aa08-a4137629f25b/1763640000.0_mean_300.0_v3" "tx1e5edaf099bb4f34b7ea0-00692a410c" "proxy-server 89446" 0.0143 "-" 96659 0
Nov 28 19:40:44 np0005539311.novalocal container-server[96357]: ::1 - - [29/Nov/2025:00:40:44 +0000] "PUT /3/245408/AUTH_1f36317bec034bb2906d703b614505b0/gnocchi.faaf7385-58ce-4d04-aa08-a4137629f25b/1763640000.0_mean_300.0_v3" 201 - "PUT http://[::1]:8080/2/146481/AUTH_1f36317bec034bb2906d703b614505b0/gnocchi.faaf7385-58ce-4d04-aa08-a4137629f25b/1763640000.0_mean_300.0_v3" "tx1e5edaf099bb4f34b7ea0-00692a410c" "object-server 96662" 0.0006 "-" 96357 0
Nov 28 19:40:44 np0005539311.novalocal object-server[96662]: ::1 - - [29/Nov/2025:00:40:44 +0000] "PUT /1/146481/AUTH_1f36317bec034bb2906d703b614505b0/gnocchi.faaf7385-58ce-4d04-aa08-a4137629f25b/1763640000.0_mean_300.0_v3" 201 - "PUT http://[::1]:8080/v1/AUTH_1f36317bec034bb2906d703b614505b0/gnocchi.faaf7385-58ce-4d04-aa08-a4137629f25b/1763640000.0_mean_300.0_v3" "tx1e5edaf099bb4f34b7ea0-00692a410c" "proxy-server 89446" 0.0137 "-" 96662 0
Nov 28 19:40:44 np0005539311.novalocal object-server[96662]: ::1 - - [29/Nov/2025:00:40:44 +0000] "PUT /2/146481/AUTH_1f36317bec034bb2906d703b614505b0/gnocchi.faaf7385-58ce-4d04-aa08-a4137629f25b/1763640000.0_mean_300.0_v3" 201 - "PUT http://[::1]:8080/v1/AUTH_1f36317bec034bb2906d703b614505b0/gnocchi.faaf7385-58ce-4d04-aa08-a4137629f25b/1763640000.0_mean_300.0_v3" "tx1e5edaf099bb4f34b7ea0-00692a410c" "proxy-server 89446" 0.0160 "-" 96662 0
Nov 28 19:40:44 np0005539311.novalocal proxy-server[89446]: ::1 ::1 29/Nov/2025/00/40/44 PUT /v1/AUTH_1f36317bec034bb2906d703b614505b0/gnocchi.faaf7385-58ce-4d04-aa08-a4137629f25b/1763640000.0_mean_300.0_v3 HTTP/1.0 201 - python-swiftclient-4.2.0 gAAAAABpKkDhMctJ... 23 - - tx1e5edaf099bb4f34b7ea0-00692a410c - 0.0323 - - 1764376844.737634659 1764376844.769897699 0
Nov 28 19:40:44 np0005539311.novalocal container-server[96355]: ::1 - - [29/Nov/2025:00:40:44 +0000] "GET /3/249392/AUTH_1f36317bec034bb2906d703b614505b0/gnocchi.0b9fba65-9a70-4fc9-8d5b-553c3b666ec0" 200 357 "GET http://[::1]:8080/v1/AUTH_1f36317bec034bb2906d703b614505b0/gnocchi.0b9fba65-9a70-4fc9-8d5b-553c3b666ec0?format=json&states=listing" "txf6a0008efc5f4ff589d73-00692a410c" "proxy-server 89446" 0.0108 "-" 96355 0
Nov 28 19:40:44 np0005539311.novalocal proxy-server[89446]: ::1 ::1 29/Nov/2025/00/40/44 GET /v1/AUTH_1f36317bec034bb2906d703b614505b0/gnocchi.0b9fba65-9a70-4fc9-8d5b-553c3b666ec0%3Fformat%3Djson%26states%3Dlisting HTTP/1.0 200 - python-swiftclient-4.2.0 gAAAAABpKkDhAXpn... - 357 - txf6a0008efc5f4ff589d73-00692a410c - 0.0216 - - 1764376844.763379097 1764376844.784931898 0
Nov 28 19:40:44 np0005539311.novalocal container-server[96357]: ::1 - - [29/Nov/2025:00:40:44 +0000] "PUT /1/245408/AUTH_1f36317bec034bb2906d703b614505b0/gnocchi.faaf7385-58ce-4d04-aa08-a4137629f25b/none_v3" 201 - "PUT http://[::1]:8080/1/161826/AUTH_1f36317bec034bb2906d703b614505b0/gnocchi.faaf7385-58ce-4d04-aa08-a4137629f25b/none_v3" "tx0c379d86a83d420fb1c95-00692a410c" "object-server 96660" 0.0006 "-" 96357 0
Nov 28 19:40:44 np0005539311.novalocal object-server[96660]: ::1 - - [29/Nov/2025:00:40:44 +0000] "PUT /1/161826/AUTH_1f36317bec034bb2906d703b614505b0/gnocchi.faaf7385-58ce-4d04-aa08-a4137629f25b/none_v3" 201 - "PUT http://[::1]:8080/v1/AUTH_1f36317bec034bb2906d703b614505b0/gnocchi.faaf7385-58ce-4d04-aa08-a4137629f25b/none_v3" "tx0c379d86a83d420fb1c95-00692a410c" "proxy-server 89446" 0.0094 "-" 96660 0
Nov 28 19:40:44 np0005539311.novalocal container-server[96357]: ::1 - - [29/Nov/2025:00:40:44 +0000] "PUT /3/245408/AUTH_1f36317bec034bb2906d703b614505b0/gnocchi.faaf7385-58ce-4d04-aa08-a4137629f25b/none_v3" 201 - "PUT http://[::1]:8080/3/161826/AUTH_1f36317bec034bb2906d703b614505b0/gnocchi.faaf7385-58ce-4d04-aa08-a4137629f25b/none_v3" "tx0c379d86a83d420fb1c95-00692a410c" "object-server 96659" 0.0004 "-" 96357 0
Nov 28 19:40:44 np0005539311.novalocal container-server[96356]: ::1 - - [29/Nov/2025:00:40:44 +0000] "PUT /2/245408/AUTH_1f36317bec034bb2906d703b614505b0/gnocchi.faaf7385-58ce-4d04-aa08-a4137629f25b/none_v3" 201 - "PUT http://[::1]:8080/2/161826/AUTH_1f36317bec034bb2906d703b614505b0/gnocchi.faaf7385-58ce-4d04-aa08-a4137629f25b/none_v3" "tx0c379d86a83d420fb1c95-00692a410c" "object-server 96659" 0.0006 "-" 96356 0
Nov 28 19:40:44 np0005539311.novalocal object-server[96659]: ::1 - - [29/Nov/2025:00:40:44 +0000] "PUT /3/161826/AUTH_1f36317bec034bb2906d703b614505b0/gnocchi.faaf7385-58ce-4d04-aa08-a4137629f25b/none_v3" 201 - "PUT http://[::1]:8080/v1/AUTH_1f36317bec034bb2906d703b614505b0/gnocchi.faaf7385-58ce-4d04-aa08-a4137629f25b/none_v3" "tx0c379d86a83d420fb1c95-00692a410c" "proxy-server 89446" 0.0090 "-" 96659 0
Nov 28 19:40:44 np0005539311.novalocal object-server[96659]: ::1 - - [29/Nov/2025:00:40:44 +0000] "PUT /2/161826/AUTH_1f36317bec034bb2906d703b614505b0/gnocchi.faaf7385-58ce-4d04-aa08-a4137629f25b/none_v3" 201 - "PUT http://[::1]:8080/v1/AUTH_1f36317bec034bb2906d703b614505b0/gnocchi.faaf7385-58ce-4d04-aa08-a4137629f25b/none_v3" "tx0c379d86a83d420fb1c95-00692a410c" "proxy-server 89446" 0.0107 "-" 96659 0
Nov 28 19:40:44 np0005539311.novalocal proxy-server[89446]: ::1 ::1 29/Nov/2025/00/40/44 PUT /v1/AUTH_1f36317bec034bb2906d703b614505b0/gnocchi.faaf7385-58ce-4d04-aa08-a4137629f25b/none_v3 HTTP/1.0 201 - python-swiftclient-4.2.0 gAAAAABpKkDhMctJ... 60 - - tx0c379d86a83d420fb1c95-00692a410c - 0.0213 - - 1764376844.772327662 1764376844.793657780 0
Nov 28 19:40:44 np0005539311.novalocal container-server[96358]: ::1 - - [29/Nov/2025:00:40:44 +0000] "GET /1/249392/AUTH_1f36317bec034bb2906d703b614505b0/gnocchi.0b9fba65-9a70-4fc9-8d5b-553c3b666ec0" 200 2 "GET http://[::1]:8080/v1/AUTH_1f36317bec034bb2906d703b614505b0/gnocchi.0b9fba65-9a70-4fc9-8d5b-553c3b666ec0?format=json&marker=none_v3&states=listing" "tx2eeea6db166141928b25e-00692a410c" "proxy-server 89446" 0.0072 "-" 96358 0
Nov 28 19:40:44 np0005539311.novalocal proxy-server[89446]: ::1 ::1 29/Nov/2025/00/40/44 GET /v1/AUTH_1f36317bec034bb2906d703b614505b0/gnocchi.0b9fba65-9a70-4fc9-8d5b-553c3b666ec0%3Fformat%3Djson%26marker%3Dnone_v3%26states%3Dlisting HTTP/1.0 200 - python-swiftclient-4.2.0 gAAAAABpKkDhAXpn... - 2 - tx2eeea6db166141928b25e-00692a410c - 0.0161 - - 1764376844.787915945 1764376844.804052830 0
Nov 28 19:40:44 np0005539311.novalocal object-server[96659]: ::1 - - [29/Nov/2025:00:40:44 +0000] "GET /2/35140/AUTH_1f36317bec034bb2906d703b614505b0/gnocchi.7472d3d4-2cf0-490e-b0f2-096b4d9a6226/none_v3" 200 51 "GET http://[::1]:8080/v1/AUTH_1f36317bec034bb2906d703b614505b0/gnocchi.7472d3d4-2cf0-490e-b0f2-096b4d9a6226/none_v3" "tx9013add1fc554e309bc79-00692a410c" "proxy-server 89446" 0.0006 "-" 96659 0
Nov 28 19:40:44 np0005539311.novalocal proxy-server[89446]: ::1 ::1 29/Nov/2025/00/40/44 GET /v1/AUTH_1f36317bec034bb2906d703b614505b0/gnocchi.7472d3d4-2cf0-490e-b0f2-096b4d9a6226/none_v3 HTTP/1.0 200 - python-swiftclient-4.2.0 gAAAAABpKkDhMctJ... - 51 - tx9013add1fc554e309bc79-00692a410c - 0.0067 - - 1764376844.803188801 1764376844.809884787 0
Nov 28 19:40:44 np0005539311.novalocal object-server[96659]: ::1 - - [29/Nov/2025:00:40:44 +0000] "GET /3/3588/AUTH_1f36317bec034bb2906d703b614505b0/gnocchi.0b9fba65-9a70-4fc9-8d5b-553c3b666ec0/1763640000.0_mean_300.0_v3" 200 22 "GET http://[::1]:8080/v1/AUTH_1f36317bec034bb2906d703b614505b0/gnocchi.0b9fba65-9a70-4fc9-8d5b-553c3b666ec0/1763640000.0_mean_300.0_v3" "tx06436ef0b318436d81089-00692a410c" "proxy-server 89446" 0.0006 "-" 96659 0
Nov 28 19:40:44 np0005539311.novalocal proxy-server[89446]: ::1 ::1 29/Nov/2025/00/40/44 GET /v1/AUTH_1f36317bec034bb2906d703b614505b0/gnocchi.0b9fba65-9a70-4fc9-8d5b-553c3b666ec0/1763640000.0_mean_300.0_v3 HTTP/1.0 200 - python-swiftclient-4.2.0 gAAAAABpKkDhAXpn... - 22 - tx06436ef0b318436d81089-00692a410c - 0.0078 - - 1764376844.807123184 1764376844.814959764 0
Nov 28 19:40:44 np0005539311.novalocal container-server[96357]: ::1 - - [29/Nov/2025:00:40:44 +0000] "GET /2/27713/AUTH_1f36317bec034bb2906d703b614505b0/gnocchi.7472d3d4-2cf0-490e-b0f2-096b4d9a6226" 200 357 "GET http://[::1]:8080/v1/AUTH_1f36317bec034bb2906d703b614505b0/gnocchi.7472d3d4-2cf0-490e-b0f2-096b4d9a6226?format=json&states=listing" "txbf640f51133b40b98bc1a-00692a410c" "proxy-server 89446" 0.0057 "-" 96357 0
Nov 28 19:40:44 np0005539311.novalocal proxy-server[89446]: ::1 ::1 29/Nov/2025/00/40/44 GET /v1/AUTH_1f36317bec034bb2906d703b614505b0/gnocchi.7472d3d4-2cf0-490e-b0f2-096b4d9a6226%3Fformat%3Djson%26states%3Dlisting HTTP/1.0 200 - python-swiftclient-4.2.0 gAAAAABpKkDhMctJ... - 357 - txbf640f51133b40b98bc1a-00692a410c - 0.0129 - - 1764376844.812479973 1764376844.825349569 0
Nov 28 19:40:44 np0005539311.novalocal container-server[96355]: ::1 - - [29/Nov/2025:00:40:44 +0000] "PUT /1/249392/AUTH_1f36317bec034bb2906d703b614505b0/gnocchi.0b9fba65-9a70-4fc9-8d5b-553c3b666ec0/1763640000.0_mean_300.0_v3" 201 - "PUT http://[::1]:8080/3/3588/AUTH_1f36317bec034bb2906d703b614505b0/gnocchi.0b9fba65-9a70-4fc9-8d5b-553c3b666ec0/1763640000.0_mean_300.0_v3" "tx25935aa593864d138c13c-00692a410c" "object-server 96661" 0.0005 "-" 96355 0
Nov 28 19:40:44 np0005539311.novalocal container-server[96357]: ::1 - - [29/Nov/2025:00:40:44 +0000] "PUT /3/249392/AUTH_1f36317bec034bb2906d703b614505b0/gnocchi.0b9fba65-9a70-4fc9-8d5b-553c3b666ec0/1763640000.0_mean_300.0_v3" 201 - "PUT http://[::1]:8080/2/3588/AUTH_1f36317bec034bb2906d703b614505b0/gnocchi.0b9fba65-9a70-4fc9-8d5b-553c3b666ec0/1763640000.0_mean_300.0_v3" "tx25935aa593864d138c13c-00692a410c" "object-server 96660" 0.0013 "-" 96357 0
Nov 28 19:40:44 np0005539311.novalocal object-server[96661]: ::1 - - [29/Nov/2025:00:40:44 +0000] "PUT /3/3588/AUTH_1f36317bec034bb2906d703b614505b0/gnocchi.0b9fba65-9a70-4fc9-8d5b-553c3b666ec0/1763640000.0_mean_300.0_v3" 201 - "PUT http://[::1]:8080/v1/AUTH_1f36317bec034bb2906d703b614505b0/gnocchi.0b9fba65-9a70-4fc9-8d5b-553c3b666ec0/1763640000.0_mean_300.0_v3" "tx25935aa593864d138c13c-00692a410c" "proxy-server 89446" 0.0101 "-" 96661 0
Nov 28 19:40:44 np0005539311.novalocal container-server[96355]: ::1 - - [29/Nov/2025:00:40:44 +0000] "PUT /2/249392/AUTH_1f36317bec034bb2906d703b614505b0/gnocchi.0b9fba65-9a70-4fc9-8d5b-553c3b666ec0/1763640000.0_mean_300.0_v3" 201 - "PUT http://[::1]:8080/1/3588/AUTH_1f36317bec034bb2906d703b614505b0/gnocchi.0b9fba65-9a70-4fc9-8d5b-553c3b666ec0/1763640000.0_mean_300.0_v3" "tx25935aa593864d138c13c-00692a410c" "object-server 96661" 0.0002 "-" 96355 0
Nov 28 19:40:44 np0005539311.novalocal object-server[96661]: ::1 - - [29/Nov/2025:00:40:44 +0000] "PUT /1/3588/AUTH_1f36317bec034bb2906d703b614505b0/gnocchi.0b9fba65-9a70-4fc9-8d5b-553c3b666ec0/1763640000.0_mean_300.0_v3" 201 - "PUT http://[::1]:8080/v1/AUTH_1f36317bec034bb2906d703b614505b0/gnocchi.0b9fba65-9a70-4fc9-8d5b-553c3b666ec0/1763640000.0_mean_300.0_v3" "tx25935aa593864d138c13c-00692a410c" "proxy-server 89446" 0.0097 "-" 96661 0
Nov 28 19:40:44 np0005539311.novalocal object-server[96660]: ::1 - - [29/Nov/2025:00:40:44 +0000] "PUT /2/3588/AUTH_1f36317bec034bb2906d703b614505b0/gnocchi.0b9fba65-9a70-4fc9-8d5b-553c3b666ec0/1763640000.0_mean_300.0_v3" 201 - "PUT http://[::1]:8080/v1/AUTH_1f36317bec034bb2906d703b614505b0/gnocchi.0b9fba65-9a70-4fc9-8d5b-553c3b666ec0/1763640000.0_mean_300.0_v3" "tx25935aa593864d138c13c-00692a410c" "proxy-server 89446" 0.0122 "-" 96660 0
Nov 28 19:40:44 np0005539311.novalocal proxy-server[89446]: ::1 ::1 29/Nov/2025/00/40/44 PUT /v1/AUTH_1f36317bec034bb2906d703b614505b0/gnocchi.0b9fba65-9a70-4fc9-8d5b-553c3b666ec0/1763640000.0_mean_300.0_v3 HTTP/1.0 201 - python-swiftclient-4.2.0 gAAAAABpKkDhAXpn... 22 - - tx25935aa593864d138c13c-00692a410c - 0.0204 - - 1764376844.817213535 1764376844.837627172 0
Nov 28 19:40:44 np0005539311.novalocal container-server[96357]: ::1 - - [29/Nov/2025:00:40:44 +0000] "GET /3/27713/AUTH_1f36317bec034bb2906d703b614505b0/gnocchi.7472d3d4-2cf0-490e-b0f2-096b4d9a6226" 200 2 "GET http://[::1]:8080/v1/AUTH_1f36317bec034bb2906d703b614505b0/gnocchi.7472d3d4-2cf0-490e-b0f2-096b4d9a6226?format=json&marker=none_v3&states=listing" "tx6b4fa22c41f941639d7e6-00692a410c" "proxy-server 89446" 0.0096 "-" 96357 0
Nov 28 19:40:44 np0005539311.novalocal systemd[1]: Starting SETroubleshoot daemon for processing new SELinux denial logs...
Nov 28 19:40:44 np0005539311.novalocal proxy-server[89446]: ::1 ::1 29/Nov/2025/00/40/44 GET /v1/AUTH_1f36317bec034bb2906d703b614505b0/gnocchi.7472d3d4-2cf0-490e-b0f2-096b4d9a6226%3Fformat%3Djson%26marker%3Dnone_v3%26states%3Dlisting HTTP/1.0 200 - python-swiftclient-4.2.0 gAAAAABpKkDhMctJ... - 2 - tx6b4fa22c41f941639d7e6-00692a410c - 0.0262 - - 1764376844.827445745 1764376844.853685141 0
Nov 28 19:40:44 np0005539311.novalocal container-server[96358]: ::1 - - [29/Nov/2025:00:40:44 +0000] "PUT /3/249392/AUTH_1f36317bec034bb2906d703b614505b0/gnocchi.0b9fba65-9a70-4fc9-8d5b-553c3b666ec0/none_v3" 201 - "PUT http://[::1]:8080/3/156553/AUTH_1f36317bec034bb2906d703b614505b0/gnocchi.0b9fba65-9a70-4fc9-8d5b-553c3b666ec0/none_v3" "tx40673746dcfd473d81e44-00692a410c" "object-server 96662" 0.0007 "-" 96358 0
Nov 28 19:40:44 np0005539311.novalocal container-server[96355]: ::1 - - [29/Nov/2025:00:40:44 +0000] "PUT /2/249392/AUTH_1f36317bec034bb2906d703b614505b0/gnocchi.0b9fba65-9a70-4fc9-8d5b-553c3b666ec0/none_v3" 201 - "PUT http://[::1]:8080/1/156553/AUTH_1f36317bec034bb2906d703b614505b0/gnocchi.0b9fba65-9a70-4fc9-8d5b-553c3b666ec0/none_v3" "tx40673746dcfd473d81e44-00692a410c" "object-server 96659" 0.0004 "-" 96355 0
Nov 28 19:40:44 np0005539311.novalocal object-server[96659]: ::1 - - [29/Nov/2025:00:40:44 +0000] "PUT /1/156553/AUTH_1f36317bec034bb2906d703b614505b0/gnocchi.0b9fba65-9a70-4fc9-8d5b-553c3b666ec0/none_v3" 201 - "PUT http://[::1]:8080/v1/AUTH_1f36317bec034bb2906d703b614505b0/gnocchi.0b9fba65-9a70-4fc9-8d5b-553c3b666ec0/none_v3" "tx40673746dcfd473d81e44-00692a410c" "proxy-server 89446" 0.0096 "-" 96659 0
Nov 28 19:40:44 np0005539311.novalocal object-server[96662]: ::1 - - [29/Nov/2025:00:40:44 +0000] "PUT /3/156553/AUTH_1f36317bec034bb2906d703b614505b0/gnocchi.0b9fba65-9a70-4fc9-8d5b-553c3b666ec0/none_v3" 201 - "PUT http://[::1]:8080/v1/AUTH_1f36317bec034bb2906d703b614505b0/gnocchi.0b9fba65-9a70-4fc9-8d5b-553c3b666ec0/none_v3" "tx40673746dcfd473d81e44-00692a410c" "proxy-server 89446" 0.0113 "-" 96662 0
Nov 28 19:40:44 np0005539311.novalocal container-server[96356]: ::1 - - [29/Nov/2025:00:40:44 +0000] "PUT /1/249392/AUTH_1f36317bec034bb2906d703b614505b0/gnocchi.0b9fba65-9a70-4fc9-8d5b-553c3b666ec0/none_v3" 201 - "PUT http://[::1]:8080/2/156553/AUTH_1f36317bec034bb2906d703b614505b0/gnocchi.0b9fba65-9a70-4fc9-8d5b-553c3b666ec0/none_v3" "tx40673746dcfd473d81e44-00692a410c" "object-server 96660" 0.0006 "-" 96356 0
Nov 28 19:40:44 np0005539311.novalocal object-server[96660]: ::1 - - [29/Nov/2025:00:40:44 +0000] "PUT /2/156553/AUTH_1f36317bec034bb2906d703b614505b0/gnocchi.0b9fba65-9a70-4fc9-8d5b-553c3b666ec0/none_v3" 201 - "PUT http://[::1]:8080/v1/AUTH_1f36317bec034bb2906d703b614505b0/gnocchi.0b9fba65-9a70-4fc9-8d5b-553c3b666ec0/none_v3" "tx40673746dcfd473d81e44-00692a410c" "proxy-server 89446" 0.0125 "-" 96660 0
Nov 28 19:40:44 np0005539311.novalocal proxy-server[89446]: ::1 ::1 29/Nov/2025/00/40/44 PUT /v1/AUTH_1f36317bec034bb2906d703b614505b0/gnocchi.0b9fba65-9a70-4fc9-8d5b-553c3b666ec0/none_v3 HTTP/1.0 201 - python-swiftclient-4.2.0 gAAAAABpKkDhAXpn... 59 - - tx40673746dcfd473d81e44-00692a410c - 0.0282 - - 1764376844.839609623 1764376844.867820501 0
Nov 28 19:40:44 np0005539311.novalocal object-server[96659]: ::1 - - [29/Nov/2025:00:40:44 +0000] "GET /2/161324/AUTH_1f36317bec034bb2906d703b614505b0/gnocchi.7472d3d4-2cf0-490e-b0f2-096b4d9a6226/1763640000.0_mean_300.0_v3" 200 23 "GET http://[::1]:8080/v1/AUTH_1f36317bec034bb2906d703b614505b0/gnocchi.7472d3d4-2cf0-490e-b0f2-096b4d9a6226/1763640000.0_mean_300.0_v3" "txa8d3f655835d4300b5d38-00692a410c" "proxy-server 89446" 0.0007 "-" 96659 0
Nov 28 19:40:44 np0005539311.novalocal proxy-server[89446]: ::1 ::1 29/Nov/2025/00/40/44 GET /v1/AUTH_1f36317bec034bb2906d703b614505b0/gnocchi.7472d3d4-2cf0-490e-b0f2-096b4d9a6226/1763640000.0_mean_300.0_v3 HTTP/1.0 200 - python-swiftclient-4.2.0 gAAAAABpKkDhMctJ... - 23 - txa8d3f655835d4300b5d38-00692a410c - 0.0133 - - 1764376844.862620115 1764376844.875947714 0
Nov 28 19:40:44 np0005539311.novalocal object-server[96661]: ::1 - - [29/Nov/2025:00:40:44 +0000] "GET /1/78603/AUTH_1f36317bec034bb2906d703b614505b0/gnocchi.4ce8f042-47a0-4c83-bfd0-9df186d14ea2/none_v3" 200 44 "GET http://[::1]:8080/v1/AUTH_1f36317bec034bb2906d703b614505b0/gnocchi.4ce8f042-47a0-4c83-bfd0-9df186d14ea2/none_v3" "txceae932b249140028ab37-00692a410c" "proxy-server 89446" 0.0007 "-" 96661 0
Nov 28 19:40:44 np0005539311.novalocal proxy-server[89446]: ::1 ::1 29/Nov/2025/00/40/44 GET /v1/AUTH_1f36317bec034bb2906d703b614505b0/gnocchi.4ce8f042-47a0-4c83-bfd0-9df186d14ea2/none_v3 HTTP/1.0 200 - python-swiftclient-4.2.0 gAAAAABpKkDhAXpn... - 44 - txceae932b249140028ab37-00692a410c - 0.0133 - - 1764376844.879477501 1764376844.892792225 0
Nov 28 19:40:44 np0005539311.novalocal container-server[96355]: ::1 - - [29/Nov/2025:00:40:44 +0000] "PUT /1/27713/AUTH_1f36317bec034bb2906d703b614505b0/gnocchi.7472d3d4-2cf0-490e-b0f2-096b4d9a6226/1763640000.0_mean_300.0_v3" 201 - "PUT http://[::1]:8080/1/161324/AUTH_1f36317bec034bb2906d703b614505b0/gnocchi.7472d3d4-2cf0-490e-b0f2-096b4d9a6226/1763640000.0_mean_300.0_v3" "txb6068e94c12c475bbe0d2-00692a410c" "object-server 96660" 0.0004 "-" 96355 0
Nov 28 19:40:44 np0005539311.novalocal object-server[96660]: ::1 - - [29/Nov/2025:00:40:44 +0000] "PUT /1/161324/AUTH_1f36317bec034bb2906d703b614505b0/gnocchi.7472d3d4-2cf0-490e-b0f2-096b4d9a6226/1763640000.0_mean_300.0_v3" 201 - "PUT http://[::1]:8080/v1/AUTH_1f36317bec034bb2906d703b614505b0/gnocchi.7472d3d4-2cf0-490e-b0f2-096b4d9a6226/1763640000.0_mean_300.0_v3" "txb6068e94c12c475bbe0d2-00692a410c" "proxy-server 89446" 0.0117 "-" 96660 0
Nov 28 19:40:44 np0005539311.novalocal container-server[96355]: ::1 - - [29/Nov/2025:00:40:44 +0000] "PUT /2/27713/AUTH_1f36317bec034bb2906d703b614505b0/gnocchi.7472d3d4-2cf0-490e-b0f2-096b4d9a6226/1763640000.0_mean_300.0_v3" 201 - "PUT http://[::1]:8080/3/161324/AUTH_1f36317bec034bb2906d703b614505b0/gnocchi.7472d3d4-2cf0-490e-b0f2-096b4d9a6226/1763640000.0_mean_300.0_v3" "txb6068e94c12c475bbe0d2-00692a410c" "object-server 96661" 0.0003 "-" 96355 0
Nov 28 19:40:44 np0005539311.novalocal object-server[96661]: ::1 - - [29/Nov/2025:00:40:44 +0000] "PUT /3/161324/AUTH_1f36317bec034bb2906d703b614505b0/gnocchi.7472d3d4-2cf0-490e-b0f2-096b4d9a6226/1763640000.0_mean_300.0_v3" 201 - "PUT http://[::1]:8080/v1/AUTH_1f36317bec034bb2906d703b614505b0/gnocchi.7472d3d4-2cf0-490e-b0f2-096b4d9a6226/1763640000.0_mean_300.0_v3" "txb6068e94c12c475bbe0d2-00692a410c" "proxy-server 89446" 0.0110 "-" 96661 0
Nov 28 19:40:44 np0005539311.novalocal container-server[96356]: ::1 - - [29/Nov/2025:00:40:44 +0000] "PUT /3/27713/AUTH_1f36317bec034bb2906d703b614505b0/gnocchi.7472d3d4-2cf0-490e-b0f2-096b4d9a6226/1763640000.0_mean_300.0_v3" 201 - "PUT http://[::1]:8080/2/161324/AUTH_1f36317bec034bb2906d703b614505b0/gnocchi.7472d3d4-2cf0-490e-b0f2-096b4d9a6226/1763640000.0_mean_300.0_v3" "txb6068e94c12c475bbe0d2-00692a410c" "object-server 96660" 0.0008 "-" 96356 0
Nov 28 19:40:44 np0005539311.novalocal object-server[96660]: ::1 - - [29/Nov/2025:00:40:44 +0000] "PUT /2/161324/AUTH_1f36317bec034bb2906d703b614505b0/gnocchi.7472d3d4-2cf0-490e-b0f2-096b4d9a6226/1763640000.0_mean_300.0_v3" 201 - "PUT http://[::1]:8080/v1/AUTH_1f36317bec034bb2906d703b614505b0/gnocchi.7472d3d4-2cf0-490e-b0f2-096b4d9a6226/1763640000.0_mean_300.0_v3" "txb6068e94c12c475bbe0d2-00692a410c" "proxy-server 89446" 0.0143 "-" 96660 0
Nov 28 19:40:44 np0005539311.novalocal proxy-server[89446]: ::1 ::1 29/Nov/2025/00/40/44 PUT /v1/AUTH_1f36317bec034bb2906d703b614505b0/gnocchi.7472d3d4-2cf0-490e-b0f2-096b4d9a6226/1763640000.0_mean_300.0_v3 HTTP/1.0 201 - python-swiftclient-4.2.0 gAAAAABpKkDhMctJ... 23 - - txb6068e94c12c475bbe0d2-00692a410c - 0.0255 - - 1764376844.880039930 1764376844.905588627 0
Nov 28 19:40:44 np0005539311.novalocal container-server[96358]: ::1 - - [29/Nov/2025:00:40:44 +0000] "GET /3/76945/AUTH_1f36317bec034bb2906d703b614505b0/gnocchi.4ce8f042-47a0-4c83-bfd0-9df186d14ea2" 200 357 "GET http://[::1]:8080/v1/AUTH_1f36317bec034bb2906d703b614505b0/gnocchi.4ce8f042-47a0-4c83-bfd0-9df186d14ea2?format=json&states=listing" "tx79889b29020c401ba447c-00692a410c" "proxy-server 89446" 0.0089 "-" 96358 0
Nov 28 19:40:44 np0005539311.novalocal proxy-server[89446]: ::1 ::1 29/Nov/2025/00/40/44 GET /v1/AUTH_1f36317bec034bb2906d703b614505b0/gnocchi.4ce8f042-47a0-4c83-bfd0-9df186d14ea2%3Fformat%3Djson%26states%3Dlisting HTTP/1.0 200 - python-swiftclient-4.2.0 gAAAAABpKkDhAXpn... - 357 - tx79889b29020c401ba447c-00692a410c - 0.0169 - - 1764376844.896738052 1764376844.913666964 0
Nov 28 19:40:44 np0005539311.novalocal container-server[96356]: ::1 - - [29/Nov/2025:00:40:44 +0000] "PUT /3/27713/AUTH_1f36317bec034bb2906d703b614505b0/gnocchi.7472d3d4-2cf0-490e-b0f2-096b4d9a6226/none_v3" 201 - "PUT http://[::1]:8080/3/35140/AUTH_1f36317bec034bb2906d703b614505b0/gnocchi.7472d3d4-2cf0-490e-b0f2-096b4d9a6226/none_v3" "txa1e691d5872d4ea6bc32f-00692a410c" "object-server 96660" 0.0006 "-" 96356 0
Nov 28 19:40:44 np0005539311.novalocal object-server[96660]: ::1 - - [29/Nov/2025:00:40:44 +0000] "PUT /3/35140/AUTH_1f36317bec034bb2906d703b614505b0/gnocchi.7472d3d4-2cf0-490e-b0f2-096b4d9a6226/none_v3" 201 - "PUT http://[::1]:8080/v1/AUTH_1f36317bec034bb2906d703b614505b0/gnocchi.7472d3d4-2cf0-490e-b0f2-096b4d9a6226/none_v3" "txa1e691d5872d4ea6bc32f-00692a410c" "proxy-server 89446" 0.0084 "-" 96660 0
Nov 28 19:40:44 np0005539311.novalocal container-server[96355]: ::1 - - [29/Nov/2025:00:40:44 +0000] "GET /3/76945/AUTH_1f36317bec034bb2906d703b614505b0/gnocchi.4ce8f042-47a0-4c83-bfd0-9df186d14ea2" 200 2 "GET http://[::1]:8080/v1/AUTH_1f36317bec034bb2906d703b614505b0/gnocchi.4ce8f042-47a0-4c83-bfd0-9df186d14ea2?format=json&marker=none_v3&states=listing" "txedf81ade7e8b42eba0465-00692a410c" "proxy-server 89446" 0.0020 "-" 96355 0
Nov 28 19:40:44 np0005539311.novalocal container-server[96358]: ::1 - - [29/Nov/2025:00:40:44 +0000] "PUT /1/27713/AUTH_1f36317bec034bb2906d703b614505b0/gnocchi.7472d3d4-2cf0-490e-b0f2-096b4d9a6226/none_v3" 201 - "PUT http://[::1]:8080/2/35140/AUTH_1f36317bec034bb2906d703b614505b0/gnocchi.7472d3d4-2cf0-490e-b0f2-096b4d9a6226/none_v3" "txa1e691d5872d4ea6bc32f-00692a410c" "object-server 96660" 0.0004 "-" 96358 0
Nov 28 19:40:44 np0005539311.novalocal container-server[96358]: ::1 - - [29/Nov/2025:00:40:44 +0000] "PUT /2/27713/AUTH_1f36317bec034bb2906d703b614505b0/gnocchi.7472d3d4-2cf0-490e-b0f2-096b4d9a6226/none_v3" 201 - "PUT http://[::1]:8080/1/35140/AUTH_1f36317bec034bb2906d703b614505b0/gnocchi.7472d3d4-2cf0-490e-b0f2-096b4d9a6226/none_v3" "txa1e691d5872d4ea6bc32f-00692a410c" "object-server 96661" 0.0003 "-" 96358 0
Nov 28 19:40:44 np0005539311.novalocal object-server[96660]: ::1 - - [29/Nov/2025:00:40:44 +0000] "PUT /2/35140/AUTH_1f36317bec034bb2906d703b614505b0/gnocchi.7472d3d4-2cf0-490e-b0f2-096b4d9a6226/none_v3" 201 - "PUT http://[::1]:8080/v1/AUTH_1f36317bec034bb2906d703b614505b0/gnocchi.7472d3d4-2cf0-490e-b0f2-096b4d9a6226/none_v3" "txa1e691d5872d4ea6bc32f-00692a410c" "proxy-server 89446" 0.0141 "-" 96660 0
Nov 28 19:40:44 np0005539311.novalocal object-server[96661]: ::1 - - [29/Nov/2025:00:40:44 +0000] "PUT /1/35140/AUTH_1f36317bec034bb2906d703b614505b0/gnocchi.7472d3d4-2cf0-490e-b0f2-096b4d9a6226/none_v3" 201 - "PUT http://[::1]:8080/v1/AUTH_1f36317bec034bb2906d703b614505b0/gnocchi.7472d3d4-2cf0-490e-b0f2-096b4d9a6226/none_v3" "txa1e691d5872d4ea6bc32f-00692a410c" "proxy-server 89446" 0.0137 "-" 96661 0
Nov 28 19:40:44 np0005539311.novalocal proxy-server[89446]: ::1 ::1 29/Nov/2025/00/40/44 GET /v1/AUTH_1f36317bec034bb2906d703b614505b0/gnocchi.4ce8f042-47a0-4c83-bfd0-9df186d14ea2%3Fformat%3Djson%26marker%3Dnone_v3%26states%3Dlisting HTTP/1.0 200 - python-swiftclient-4.2.0 gAAAAABpKkDhAXpn... - 2 - txedf81ade7e8b42eba0465-00692a410c - 0.0105 - - 1764376844.916863441 1764376844.927377462 0
Nov 28 19:40:44 np0005539311.novalocal proxy-server[89446]: ::1 ::1 29/Nov/2025/00/40/44 PUT /v1/AUTH_1f36317bec034bb2906d703b614505b0/gnocchi.7472d3d4-2cf0-490e-b0f2-096b4d9a6226/none_v3 HTTP/1.0 201 - python-swiftclient-4.2.0 gAAAAABpKkDhMctJ... 60 - - txa1e691d5872d4ea6bc32f-00692a410c - 0.0208 - - 1764376844.907839775 1764376844.928597689 0
Nov 28 19:40:44 np0005539311.novalocal object-server[96660]: ::1 - - [29/Nov/2025:00:40:44 +0000] "GET /3/76065/AUTH_1f36317bec034bb2906d703b614505b0/gnocchi.4ce8f042-47a0-4c83-bfd0-9df186d14ea2/1763640000.0_mean_300.0_v3" 200 18 "GET http://[::1]:8080/v1/AUTH_1f36317bec034bb2906d703b614505b0/gnocchi.4ce8f042-47a0-4c83-bfd0-9df186d14ea2/1763640000.0_mean_300.0_v3" "txad8c8f77f4d640dcad379-00692a410c" "proxy-server 89446" 0.0006 "-" 96660 0
