Nov 28 19:40:04 np0005539311.novalocal proxy-server[89446]: ::1 ::1 29/Nov/2025/00/40/04 PUT /v1/AUTH_1f36317bec034bb2906d703b614505b0/gnocchi.ac704943-8fc6-4042-889f-0bba13cae64d HTTP/1.0 201 - python-swiftclient-4.2.0 gAAAAABpKkDhMctJ... - - - tx37c9c1c1186e424581ddd-00692a40e4 - 0.0412 - - 1764376804.109251022 1764376804.150455952 0
Nov 28 19:40:04 np0005539311.novalocal container-server[96355]: ::1 - - [29/Nov/2025:00:40:04 +0000] "HEAD /3/33455/AUTH_1f36317bec034bb2906d703b614505b0/gnocchi.ac704943-8fc6-4042-889f-0bba13cae64d" 204 - "HEAD http://[::1]:8080/v1/AUTH_1f36317bec034bb2906d703b614505b0/gnocchi.ac704943-8fc6-4042-889f-0bba13cae64d?format=json&states=listing" "tx3296bc38c25b4f8eba9a6-00692a40e4" "proxy-server 89446" 0.0012 "-" 96355 0
Nov 28 19:40:04 np0005539311.novalocal container-server[96356]: ::1 - - [29/Nov/2025:00:40:04 +0000] "GET /1/33455/AUTH_1f36317bec034bb2906d703b614505b0/gnocchi.ac704943-8fc6-4042-889f-0bba13cae64d" 200 2 "GET http://[::1]:8080/v1/AUTH_1f36317bec034bb2906d703b614505b0/gnocchi.ac704943-8fc6-4042-889f-0bba13cae64d?format=json&states=listing" "tx3296bc38c25b4f8eba9a6-00692a40e4" "proxy-server 89446" 0.0021 "-" 96356 0
Nov 28 19:40:04 np0005539311.novalocal proxy-server[89446]: ::1 ::1 29/Nov/2025/00/40/04 GET /v1/AUTH_1f36317bec034bb2906d703b614505b0/gnocchi.ac704943-8fc6-4042-889f-0bba13cae64d%3Fformat%3Djson%26states%3Dlisting HTTP/1.0 200 - python-swiftclient-4.2.0 gAAAAABpKkDhMctJ... - 2 - tx3296bc38c25b4f8eba9a6-00692a40e4 - 0.0128 - - 1764376804.155137539 1764376804.167940140 0
Nov 28 19:40:04 np0005539311.novalocal container-server[96357]: ::1 - - [29/Nov/2025:00:40:04 +0000] "PUT /3/149528/AUTH_1f36317bec034bb2906d703b614505b0/gnocchi.0f7e31e4-d7cd-4b3d-9731-4c0c0208155b/none_v3" 201 - "PUT http://[::1]:8080/2/128260/AUTH_1f36317bec034bb2906d703b614505b0/gnocchi.0f7e31e4-d7cd-4b3d-9731-4c0c0208155b/none_v3" "tx2d464b07151b48299f4ab-00692a40e4" "object-server 96660" 0.0007 "-" 96357 0
Nov 28 19:40:04 np0005539311.novalocal object-server[96660]: ::1 - - [29/Nov/2025:00:40:04 +0000] "PUT /2/128260/AUTH_1f36317bec034bb2906d703b614505b0/gnocchi.0f7e31e4-d7cd-4b3d-9731-4c0c0208155b/none_v3" 201 - "PUT http://[::1]:8080/v1/AUTH_1f36317bec034bb2906d703b614505b0/gnocchi.0f7e31e4-d7cd-4b3d-9731-4c0c0208155b/none_v3" "tx2d464b07151b48299f4ab-00692a40e4" "proxy-server 89446" 0.0153 "-" 96660 0
Nov 28 19:40:04 np0005539311.novalocal container-server[96355]: ::1 - - [29/Nov/2025:00:40:04 +0000] "PUT /1/149528/AUTH_1f36317bec034bb2906d703b614505b0/gnocchi.0f7e31e4-d7cd-4b3d-9731-4c0c0208155b/none_v3" 201 - "PUT http://[::1]:8080/3/128260/AUTH_1f36317bec034bb2906d703b614505b0/gnocchi.0f7e31e4-d7cd-4b3d-9731-4c0c0208155b/none_v3" "tx2d464b07151b48299f4ab-00692a40e4" "object-server 96661" 0.0007 "-" 96355 0
Nov 28 19:40:04 np0005539311.novalocal object-server[96661]: ::1 - - [29/Nov/2025:00:40:04 +0000] "PUT /3/128260/AUTH_1f36317bec034bb2906d703b614505b0/gnocchi.0f7e31e4-d7cd-4b3d-9731-4c0c0208155b/none_v3" 201 - "PUT http://[::1]:8080/v1/AUTH_1f36317bec034bb2906d703b614505b0/gnocchi.0f7e31e4-d7cd-4b3d-9731-4c0c0208155b/none_v3" "tx2d464b07151b48299f4ab-00692a40e4" "proxy-server 89446" 0.0186 "-" 96661 0
Nov 28 19:40:04 np0005539311.novalocal container-server[96355]: ::1 - - [29/Nov/2025:00:40:04 +0000] "PUT /2/149528/AUTH_1f36317bec034bb2906d703b614505b0/gnocchi.0f7e31e4-d7cd-4b3d-9731-4c0c0208155b/none_v3" 201 - "PUT http://[::1]:8080/1/128260/AUTH_1f36317bec034bb2906d703b614505b0/gnocchi.0f7e31e4-d7cd-4b3d-9731-4c0c0208155b/none_v3" "tx2d464b07151b48299f4ab-00692a40e4" "object-server 96660" 0.0005 "-" 96355 0
Nov 28 19:40:04 np0005539311.novalocal object-server[96660]: ::1 - - [29/Nov/2025:00:40:04 +0000] "PUT /1/128260/AUTH_1f36317bec034bb2906d703b614505b0/gnocchi.0f7e31e4-d7cd-4b3d-9731-4c0c0208155b/none_v3" 201 - "PUT http://[::1]:8080/v1/AUTH_1f36317bec034bb2906d703b614505b0/gnocchi.0f7e31e4-d7cd-4b3d-9731-4c0c0208155b/none_v3" "tx2d464b07151b48299f4ab-00692a40e4" "proxy-server 89446" 0.0228 "-" 96660 0
Nov 28 19:40:04 np0005539311.novalocal proxy-server[89446]: ::1 ::1 29/Nov/2025/00/40/04 PUT /v1/AUTH_1f36317bec034bb2906d703b614505b0/gnocchi.0f7e31e4-d7cd-4b3d-9731-4c0c0208155b/none_v3 HTTP/1.0 201 - python-swiftclient-4.2.0 gAAAAABpKkDhAXpn... 22 - - tx2d464b07151b48299f4ab-00692a40e4 - 0.0306 - - 1764376804.149923563 1764376804.180492401 0
Nov 28 19:40:04 np0005539311.novalocal object-server[96662]: ::1 - - [29/Nov/2025:00:40:04 +0000] "GET /1/137199/AUTH_1f36317bec034bb2906d703b614505b0/gnocchi.ac704943-8fc6-4042-889f-0bba13cae64d/1763640000.0_mean_300.0_v3" 404 70 "GET http://[::1]:8080/v1/AUTH_1f36317bec034bb2906d703b614505b0/gnocchi.ac704943-8fc6-4042-889f-0bba13cae64d/1763640000.0_mean_300.0_v3" "tx7deecee9d58f4b3986310-00692a40e4" "proxy-server 89446" 0.0003 "-" 96662 0
Nov 28 19:40:04 np0005539311.novalocal object-server[96661]: ::1 - - [29/Nov/2025:00:40:04 +0000] "GET /2/137199/AUTH_1f36317bec034bb2906d703b614505b0/gnocchi.ac704943-8fc6-4042-889f-0bba13cae64d/1763640000.0_mean_300.0_v3" 404 70 "GET http://[::1]:8080/v1/AUTH_1f36317bec034bb2906d703b614505b0/gnocchi.ac704943-8fc6-4042-889f-0bba13cae64d/1763640000.0_mean_300.0_v3" "tx7deecee9d58f4b3986310-00692a40e4" "proxy-server 89446" 0.0003 "-" 96661 0
Nov 28 19:40:04 np0005539311.novalocal object-server[96662]: ::1 - - [29/Nov/2025:00:40:04 +0000] "GET /3/137199/AUTH_1f36317bec034bb2906d703b614505b0/gnocchi.ac704943-8fc6-4042-889f-0bba13cae64d/1763640000.0_mean_300.0_v3" 404 70 "GET http://[::1]:8080/v1/AUTH_1f36317bec034bb2906d703b614505b0/gnocchi.ac704943-8fc6-4042-889f-0bba13cae64d/1763640000.0_mean_300.0_v3" "tx7deecee9d58f4b3986310-00692a40e4" "proxy-server 89446" 0.0003 "-" 96662 0
Nov 28 19:40:04 np0005539311.novalocal proxy-server[89446]: ::1 ::1 29/Nov/2025/00/40/04 GET /v1/AUTH_1f36317bec034bb2906d703b614505b0/gnocchi.ac704943-8fc6-4042-889f-0bba13cae64d/1763640000.0_mean_300.0_v3 HTTP/1.0 404 - python-swiftclient-4.2.0 gAAAAABpKkDhMctJ... - 70 - tx7deecee9d58f4b3986310-00692a40e4 - 0.0150 - - 1764376804.179628611 1764376804.194619179 0
Nov 28 19:40:04 np0005539311.novalocal container-server[96355]: ::1 - - [29/Nov/2025:00:40:04 +0000] "HEAD /1/139326/AUTH_1f36317bec034bb2906d703b614505b0/gnocchi.d023a43a-316e-4f5d-aba0-7b7c315eda66" 404 - "HEAD http://[::1]:8080/v1/AUTH_1f36317bec034bb2906d703b614505b0/gnocchi.d023a43a-316e-4f5d-aba0-7b7c315eda66?format=json&states=listing" "txf3e07308a26e42fa84984-00692a40e4" "proxy-server 89446" 0.0003 "-" 96355 0
Nov 28 19:40:04 np0005539311.novalocal container-server[96358]: ::1 - - [29/Nov/2025:00:40:04 +0000] "HEAD /2/139326/AUTH_1f36317bec034bb2906d703b614505b0/gnocchi.d023a43a-316e-4f5d-aba0-7b7c315eda66" 404 - "HEAD http://[::1]:8080/v1/AUTH_1f36317bec034bb2906d703b614505b0/gnocchi.d023a43a-316e-4f5d-aba0-7b7c315eda66?format=json&states=listing" "txf3e07308a26e42fa84984-00692a40e4" "proxy-server 89446" 0.0003 "-" 96358 0
Nov 28 19:40:04 np0005539311.novalocal container-server[96355]: ::1 - - [29/Nov/2025:00:40:04 +0000] "HEAD /3/139326/AUTH_1f36317bec034bb2906d703b614505b0/gnocchi.d023a43a-316e-4f5d-aba0-7b7c315eda66" 404 - "HEAD http://[::1]:8080/v1/AUTH_1f36317bec034bb2906d703b614505b0/gnocchi.d023a43a-316e-4f5d-aba0-7b7c315eda66?format=json&states=listing" "txf3e07308a26e42fa84984-00692a40e4" "proxy-server 89446" 0.0002 "-" 96355 0
Nov 28 19:40:04 np0005539311.novalocal object-server[96659]: ::1 - - [29/Nov/2025:00:40:04 +0000] "GET /1/120523/AUTH_1f36317bec034bb2906d703b614505b0/gnocchi.d023a43a-316e-4f5d-aba0-7b7c315eda66/none_v3" 404 70 "GET http://[::1]:8080/v1/AUTH_1f36317bec034bb2906d703b614505b0/gnocchi.d023a43a-316e-4f5d-aba0-7b7c315eda66/none_v3" "txf3e07308a26e42fa84984-00692a40e4" "proxy-server 89446" 0.0004 "-" 96659 0
Nov 28 19:40:04 np0005539311.novalocal object-server[96661]: ::1 - - [29/Nov/2025:00:40:04 +0000] "GET /3/120523/AUTH_1f36317bec034bb2906d703b614505b0/gnocchi.d023a43a-316e-4f5d-aba0-7b7c315eda66/none_v3" 404 70 "GET http://[::1]:8080/v1/AUTH_1f36317bec034bb2906d703b614505b0/gnocchi.d023a43a-316e-4f5d-aba0-7b7c315eda66/none_v3" "txf3e07308a26e42fa84984-00692a40e4" "proxy-server 89446" 0.0002 "-" 96661 0
Nov 28 19:40:04 np0005539311.novalocal object-server[96662]: ::1 - - [29/Nov/2025:00:40:04 +0000] "GET /2/120523/AUTH_1f36317bec034bb2906d703b614505b0/gnocchi.d023a43a-316e-4f5d-aba0-7b7c315eda66/none_v3" 404 70 "GET http://[::1]:8080/v1/AUTH_1f36317bec034bb2906d703b614505b0/gnocchi.d023a43a-316e-4f5d-aba0-7b7c315eda66/none_v3" "txf3e07308a26e42fa84984-00692a40e4" "proxy-server 89446" 0.0006 "-" 96662 0
Nov 28 19:40:04 np0005539311.novalocal proxy-server[89446]: ::1 ::1 29/Nov/2025/00/40/04 GET /v1/AUTH_1f36317bec034bb2906d703b614505b0/gnocchi.d023a43a-316e-4f5d-aba0-7b7c315eda66/none_v3 HTTP/1.0 404 - python-swiftclient-4.2.0 gAAAAABpKkDhAXpn... - 70 - txf3e07308a26e42fa84984-00692a40e4 - 0.0219 - - 1764376804.191625357 1764376804.213503122 0
Nov 28 19:40:04 np0005539311.novalocal container-server[96357]: ::1 - - [29/Nov/2025:00:40:04 +0000] "PUT /1/33455/AUTH_1f36317bec034bb2906d703b614505b0/gnocchi.ac704943-8fc6-4042-889f-0bba13cae64d/1763640000.0_mean_300.0_v3" 201 - "PUT http://[::1]:8080/1/137199/AUTH_1f36317bec034bb2906d703b614505b0/gnocchi.ac704943-8fc6-4042-889f-0bba13cae64d/1763640000.0_mean_300.0_v3" "txe012f69fe53646edbed69-00692a40e4" "object-server 96661" 0.0006 "-" 96357 0
Nov 28 19:40:04 np0005539311.novalocal object-server[96661]: ::1 - - [29/Nov/2025:00:40:04 +0000] "PUT /1/137199/AUTH_1f36317bec034bb2906d703b614505b0/gnocchi.ac704943-8fc6-4042-889f-0bba13cae64d/1763640000.0_mean_300.0_v3" 201 - "PUT http://[::1]:8080/v1/AUTH_1f36317bec034bb2906d703b614505b0/gnocchi.ac704943-8fc6-4042-889f-0bba13cae64d/1763640000.0_mean_300.0_v3" "txe012f69fe53646edbed69-00692a40e4" "proxy-server 89446" 0.0110 "-" 96661 0
Nov 28 19:40:04 np0005539311.novalocal container-server[96357]: ::1 - - [29/Nov/2025:00:40:04 +0000] "PUT /2/33455/AUTH_1f36317bec034bb2906d703b614505b0/gnocchi.ac704943-8fc6-4042-889f-0bba13cae64d/1763640000.0_mean_300.0_v3" 201 - "PUT http://[::1]:8080/3/137199/AUTH_1f36317bec034bb2906d703b614505b0/gnocchi.ac704943-8fc6-4042-889f-0bba13cae64d/1763640000.0_mean_300.0_v3" "txe012f69fe53646edbed69-00692a40e4" "object-server 96660" 0.0004 "-" 96357 0
Nov 28 19:40:04 np0005539311.novalocal object-server[96660]: ::1 - - [29/Nov/2025:00:40:04 +0000] "PUT /3/137199/AUTH_1f36317bec034bb2906d703b614505b0/gnocchi.ac704943-8fc6-4042-889f-0bba13cae64d/1763640000.0_mean_300.0_v3" 201 - "PUT http://[::1]:8080/v1/AUTH_1f36317bec034bb2906d703b614505b0/gnocchi.ac704943-8fc6-4042-889f-0bba13cae64d/1763640000.0_mean_300.0_v3" "txe012f69fe53646edbed69-00692a40e4" "proxy-server 89446" 0.0124 "-" 96660 0
Nov 28 19:40:04 np0005539311.novalocal container-server[96356]: ::1 - - [29/Nov/2025:00:40:04 +0000] "PUT /3/33455/AUTH_1f36317bec034bb2906d703b614505b0/gnocchi.ac704943-8fc6-4042-889f-0bba13cae64d/1763640000.0_mean_300.0_v3" 201 - "PUT http://[::1]:8080/2/137199/AUTH_1f36317bec034bb2906d703b614505b0/gnocchi.ac704943-8fc6-4042-889f-0bba13cae64d/1763640000.0_mean_300.0_v3" "txe012f69fe53646edbed69-00692a40e4" "object-server 96660" 0.0012 "-" 96356 0
Nov 28 19:40:04 np0005539311.novalocal object-server[96660]: ::1 - - [29/Nov/2025:00:40:04 +0000] "PUT /2/137199/AUTH_1f36317bec034bb2906d703b614505b0/gnocchi.ac704943-8fc6-4042-889f-0bba13cae64d/1763640000.0_mean_300.0_v3" 201 - "PUT http://[::1]:8080/v1/AUTH_1f36317bec034bb2906d703b614505b0/gnocchi.ac704943-8fc6-4042-889f-0bba13cae64d/1763640000.0_mean_300.0_v3" "txe012f69fe53646edbed69-00692a40e4" "proxy-server 89446" 0.0276 "-" 96660 0
Nov 28 19:40:04 np0005539311.novalocal account-server[96064]: ::1 - - [29/Nov/2025:00:40:04 +0000] "PUT /1/183006/AUTH_1f36317bec034bb2906d703b614505b0/gnocchi.d023a43a-316e-4f5d-aba0-7b7c315eda66" 201 - "PUT http://[::1]:6001/3/139326/AUTH_1f36317bec034bb2906d703b614505b0/gnocchi.d023a43a-316e-4f5d-aba0-7b7c315eda66" "tx8abfd106a21748a4a66ca-00692a40e4" "container-server 96356" 0.0054 "-" 96064 0
Nov 28 19:40:04 np0005539311.novalocal container-server[96356]: ::1 - - [29/Nov/2025:00:40:04 +0000] "PUT /3/139326/AUTH_1f36317bec034bb2906d703b614505b0/gnocchi.d023a43a-316e-4f5d-aba0-7b7c315eda66" 201 - "PUT http://[::1]:8080/v1/AUTH_1f36317bec034bb2906d703b614505b0/gnocchi.d023a43a-316e-4f5d-aba0-7b7c315eda66" "tx8abfd106a21748a4a66ca-00692a40e4" "proxy-server 89446" 0.0166 "-" 96356 0
Nov 28 19:40:04 np0005539311.novalocal account-server[96062]: ::1 - - [29/Nov/2025:00:40:04 +0000] "PUT /2/183006/AUTH_1f36317bec034bb2906d703b614505b0/gnocchi.d023a43a-316e-4f5d-aba0-7b7c315eda66" 201 - "PUT http://[::1]:6001/1/139326/AUTH_1f36317bec034bb2906d703b614505b0/gnocchi.d023a43a-316e-4f5d-aba0-7b7c315eda66" "tx8abfd106a21748a4a66ca-00692a40e4" "container-server 96358" 0.0059 "-" 96062 0
Nov 28 19:40:04 np0005539311.novalocal container-server[96358]: ::1 - - [29/Nov/2025:00:40:04 +0000] "PUT /1/139326/AUTH_1f36317bec034bb2906d703b614505b0/gnocchi.d023a43a-316e-4f5d-aba0-7b7c315eda66" 201 - "PUT http://[::1]:8080/v1/AUTH_1f36317bec034bb2906d703b614505b0/gnocchi.d023a43a-316e-4f5d-aba0-7b7c315eda66" "tx8abfd106a21748a4a66ca-00692a40e4" "proxy-server 89446" 0.0177 "-" 96358 0
Nov 28 19:40:04 np0005539311.novalocal proxy-server[89446]: ::1 ::1 29/Nov/2025/00/40/04 PUT /v1/AUTH_1f36317bec034bb2906d703b614505b0/gnocchi.ac704943-8fc6-4042-889f-0bba13cae64d/1763640000.0_mean_300.0_v3 HTTP/1.0 201 - python-swiftclient-4.2.0 gAAAAABpKkDhMctJ... 16 - - txe012f69fe53646edbed69-00692a40e4 - 0.0388 - - 1764376804.201982260 1764376804.240754128 0
Nov 28 19:40:04 np0005539311.novalocal account-server[96064]: ::1 - - [29/Nov/2025:00:40:04 +0000] "PUT /3/183006/AUTH_1f36317bec034bb2906d703b614505b0/gnocchi.d023a43a-316e-4f5d-aba0-7b7c315eda66" 201 - "PUT http://[::1]:6001/2/139326/AUTH_1f36317bec034bb2906d703b614505b0/gnocchi.d023a43a-316e-4f5d-aba0-7b7c315eda66" "tx8abfd106a21748a4a66ca-00692a40e4" "container-server 96355" 0.0046 "-" 96064 0
Nov 28 19:40:04 np0005539311.novalocal container-server[96355]: ::1 - - [29/Nov/2025:00:40:04 +0000] "PUT /2/139326/AUTH_1f36317bec034bb2906d703b614505b0/gnocchi.d023a43a-316e-4f5d-aba0-7b7c315eda66" 201 - "PUT http://[::1]:8080/v1/AUTH_1f36317bec034bb2906d703b614505b0/gnocchi.d023a43a-316e-4f5d-aba0-7b7c315eda66" "tx8abfd106a21748a4a66ca-00692a40e4" "proxy-server 89446" 0.0261 "-" 96355 0
Nov 28 19:40:04 np0005539311.novalocal proxy-server[89446]: ::1 ::1 29/Nov/2025/00/40/04 PUT /v1/AUTH_1f36317bec034bb2906d703b614505b0/gnocchi.d023a43a-316e-4f5d-aba0-7b7c315eda66 HTTP/1.0 201 - python-swiftclient-4.2.0 gAAAAABpKkDhAXpn... - - - tx8abfd106a21748a4a66ca-00692a40e4 - 0.0366 - - 1764376804.215620756 1764376804.252225876 0
Nov 28 19:40:04 np0005539311.novalocal container-server[96356]: ::1 - - [29/Nov/2025:00:40:04 +0000] "HEAD /3/139326/AUTH_1f36317bec034bb2906d703b614505b0/gnocchi.d023a43a-316e-4f5d-aba0-7b7c315eda66" 204 - "HEAD http://[::1]:8080/v1/AUTH_1f36317bec034bb2906d703b614505b0/gnocchi.d023a43a-316e-4f5d-aba0-7b7c315eda66?format=json&states=listing" "txb3de998bd4dd4eb090519-00692a40e4" "proxy-server 89446" 0.0015 "-" 96356 0
Nov 28 19:40:04 np0005539311.novalocal container-server[96357]: ::1 - - [29/Nov/2025:00:40:04 +0000] "PUT /1/33455/AUTH_1f36317bec034bb2906d703b614505b0/gnocchi.ac704943-8fc6-4042-889f-0bba13cae64d/none_v3" 201 - "PUT http://[::1]:8080/3/164364/AUTH_1f36317bec034bb2906d703b614505b0/gnocchi.ac704943-8fc6-4042-889f-0bba13cae64d/none_v3" "tx3ecf7ab0113046958bdc3-00692a40e4" "object-server 96662" 0.0006 "-" 96357 0
Nov 28 19:40:04 np0005539311.novalocal object-server[96662]: ::1 - - [29/Nov/2025:00:40:04 +0000] "PUT /3/164364/AUTH_1f36317bec034bb2906d703b614505b0/gnocchi.ac704943-8fc6-4042-889f-0bba13cae64d/none_v3" 201 - "PUT http://[::1]:8080/v1/AUTH_1f36317bec034bb2906d703b614505b0/gnocchi.ac704943-8fc6-4042-889f-0bba13cae64d/none_v3" "tx3ecf7ab0113046958bdc3-00692a40e4" "proxy-server 89446" 0.0108 "-" 96662 0
Nov 28 19:40:04 np0005539311.novalocal container-server[96358]: ::1 - - [29/Nov/2025:00:40:04 +0000] "PUT /3/33455/AUTH_1f36317bec034bb2906d703b614505b0/gnocchi.ac704943-8fc6-4042-889f-0bba13cae64d/none_v3" 201 - "PUT http://[::1]:8080/1/164364/AUTH_1f36317bec034bb2906d703b614505b0/gnocchi.ac704943-8fc6-4042-889f-0bba13cae64d/none_v3" "tx3ecf7ab0113046958bdc3-00692a40e4" "object-server 96660" 0.0020 "-" 96358 0
Nov 28 19:40:04 np0005539311.novalocal object-server[96660]: ::1 - - [29/Nov/2025:00:40:04 +0000] "PUT /1/164364/AUTH_1f36317bec034bb2906d703b614505b0/gnocchi.ac704943-8fc6-4042-889f-0bba13cae64d/none_v3" 201 - "PUT http://[::1]:8080/v1/AUTH_1f36317bec034bb2906d703b614505b0/gnocchi.ac704943-8fc6-4042-889f-0bba13cae64d/none_v3" "tx3ecf7ab0113046958bdc3-00692a40e4" "proxy-server 89446" 0.0108 "-" 96660 0
Nov 28 19:40:04 np0005539311.novalocal container-server[96355]: ::1 - - [29/Nov/2025:00:40:04 +0000] "PUT /2/33455/AUTH_1f36317bec034bb2906d703b614505b0/gnocchi.ac704943-8fc6-4042-889f-0bba13cae64d/none_v3" 201 - "PUT http://[::1]:8080/2/164364/AUTH_1f36317bec034bb2906d703b614505b0/gnocchi.ac704943-8fc6-4042-889f-0bba13cae64d/none_v3" "tx3ecf7ab0113046958bdc3-00692a40e4" "object-server 96661" 0.0004 "-" 96355 0
Nov 28 19:40:04 np0005539311.novalocal object-server[96661]: ::1 - - [29/Nov/2025:00:40:04 +0000] "PUT /2/164364/AUTH_1f36317bec034bb2906d703b614505b0/gnocchi.ac704943-8fc6-4042-889f-0bba13cae64d/none_v3" 201 - "PUT http://[::1]:8080/v1/AUTH_1f36317bec034bb2906d703b614505b0/gnocchi.ac704943-8fc6-4042-889f-0bba13cae64d/none_v3" "tx3ecf7ab0113046958bdc3-00692a40e4" "proxy-server 89446" 0.0142 "-" 96661 0
Nov 28 19:40:04 np0005539311.novalocal proxy-server[89446]: ::1 ::1 29/Nov/2025/00/40/04 PUT /v1/AUTH_1f36317bec034bb2906d703b614505b0/gnocchi.ac704943-8fc6-4042-889f-0bba13cae64d/none_v3 HTTP/1.0 201 - python-swiftclient-4.2.0 gAAAAABpKkDhMctJ... 22 - - tx3ecf7ab0113046958bdc3-00692a40e4 - 0.0206 - - 1764376804.246649265 1764376804.267209291 0
Nov 28 19:40:04 np0005539311.novalocal container-server[96355]: ::1 - - [29/Nov/2025:00:40:04 +0000] "GET /1/139326/AUTH_1f36317bec034bb2906d703b614505b0/gnocchi.d023a43a-316e-4f5d-aba0-7b7c315eda66" 200 2 "GET http://[::1]:8080/v1/AUTH_1f36317bec034bb2906d703b614505b0/gnocchi.d023a43a-316e-4f5d-aba0-7b7c315eda66?format=json&states=listing" "txb3de998bd4dd4eb090519-00692a40e4" "proxy-server 89446" 0.0074 "-" 96355 0
Nov 28 19:40:04 np0005539311.novalocal proxy-server[89446]: ::1 ::1 29/Nov/2025/00/40/04 GET /v1/AUTH_1f36317bec034bb2906d703b614505b0/gnocchi.d023a43a-316e-4f5d-aba0-7b7c315eda66%3Fformat%3Djson%26states%3Dlisting HTTP/1.0 200 - python-swiftclient-4.2.0 gAAAAABpKkDhAXpn... - 2 - txb3de998bd4dd4eb090519-00692a40e4 - 0.0206 - - 1764376804.255570412 1764376804.276162863 0
Nov 28 19:40:04 np0005539311.novalocal object-server[96661]: ::1 - - [29/Nov/2025:00:40:04 +0000] "GET /2/241318/AUTH_1f36317bec034bb2906d703b614505b0/gnocchi.d023a43a-316e-4f5d-aba0-7b7c315eda66/1763640000.0_mean_300.0_v3" 404 70 "GET http://[::1]:8080/v1/AUTH_1f36317bec034bb2906d703b614505b0/gnocchi.d023a43a-316e-4f5d-aba0-7b7c315eda66/1763640000.0_mean_300.0_v3" "txdf15e400e3fd4f23af0e1-00692a40e4" "proxy-server 89446" 0.0003 "-" 96661 0
Nov 28 19:40:04 np0005539311.novalocal container-server[96358]: ::1 - - [29/Nov/2025:00:40:04 +0000] "HEAD /3/239067/AUTH_1f36317bec034bb2906d703b614505b0/gnocchi.4e2edbe1-d34d-4104-a646-ac014e3b01d0" 404 - "HEAD http://[::1]:8080/v1/AUTH_1f36317bec034bb2906d703b614505b0/gnocchi.4e2edbe1-d34d-4104-a646-ac014e3b01d0?format=json&states=listing" "tx16eed34433ef407a843f2-00692a40e4" "proxy-server 89446" 0.0004 "-" 96358 0
Nov 28 19:40:04 np0005539311.novalocal object-server[96661]: ::1 - - [29/Nov/2025:00:40:04 +0000] "GET /3/241318/AUTH_1f36317bec034bb2906d703b614505b0/gnocchi.d023a43a-316e-4f5d-aba0-7b7c315eda66/1763640000.0_mean_300.0_v3" 404 70 "GET http://[::1]:8080/v1/AUTH_1f36317bec034bb2906d703b614505b0/gnocchi.d023a43a-316e-4f5d-aba0-7b7c315eda66/1763640000.0_mean_300.0_v3" "txdf15e400e3fd4f23af0e1-00692a40e4" "proxy-server 89446" 0.0002 "-" 96661 0
Nov 28 19:40:04 np0005539311.novalocal object-server[96660]: ::1 - - [29/Nov/2025:00:40:04 +0000] "GET /1/241318/AUTH_1f36317bec034bb2906d703b614505b0/gnocchi.d023a43a-316e-4f5d-aba0-7b7c315eda66/1763640000.0_mean_300.0_v3" 404 70 "GET http://[::1]:8080/v1/AUTH_1f36317bec034bb2906d703b614505b0/gnocchi.d023a43a-316e-4f5d-aba0-7b7c315eda66/1763640000.0_mean_300.0_v3" "txdf15e400e3fd4f23af0e1-00692a40e4" "proxy-server 89446" 0.0002 "-" 96660 0
Nov 28 19:40:04 np0005539311.novalocal container-server[96357]: ::1 - - [29/Nov/2025:00:40:04 +0000] "HEAD /1/239067/AUTH_1f36317bec034bb2906d703b614505b0/gnocchi.4e2edbe1-d34d-4104-a646-ac014e3b01d0" 404 - "HEAD http://[::1]:8080/v1/AUTH_1f36317bec034bb2906d703b614505b0/gnocchi.4e2edbe1-d34d-4104-a646-ac014e3b01d0?format=json&states=listing" "tx16eed34433ef407a843f2-00692a40e4" "proxy-server 89446" 0.0004 "-" 96357 0
Nov 28 19:40:04 np0005539311.novalocal proxy-server[89446]: ::1 ::1 29/Nov/2025/00/40/04 GET /v1/AUTH_1f36317bec034bb2906d703b614505b0/gnocchi.d023a43a-316e-4f5d-aba0-7b7c315eda66/1763640000.0_mean_300.0_v3 HTTP/1.0 404 - python-swiftclient-4.2.0 gAAAAABpKkDhAXpn... - 70 - txdf15e400e3fd4f23af0e1-00692a40e4 - 0.0125 - - 1764376804.279493093 1764376804.291957855 0
Nov 28 19:40:04 np0005539311.novalocal container-server[96357]: ::1 - - [29/Nov/2025:00:40:04 +0000] "HEAD /2/239067/AUTH_1f36317bec034bb2906d703b614505b0/gnocchi.4e2edbe1-d34d-4104-a646-ac014e3b01d0" 404 - "HEAD http://[::1]:8080/v1/AUTH_1f36317bec034bb2906d703b614505b0/gnocchi.4e2edbe1-d34d-4104-a646-ac014e3b01d0?format=json&states=listing" "tx16eed34433ef407a843f2-00692a40e4" "proxy-server 89446" 0.0003 "-" 96357 0
Nov 28 19:40:04 np0005539311.novalocal object-server[96662]: ::1 - - [29/Nov/2025:00:40:04 +0000] "GET /2/73945/AUTH_1f36317bec034bb2906d703b614505b0/gnocchi.4e2edbe1-d34d-4104-a646-ac014e3b01d0/none_v3" 404 70 "GET http://[::1]:8080/v1/AUTH_1f36317bec034bb2906d703b614505b0/gnocchi.4e2edbe1-d34d-4104-a646-ac014e3b01d0/none_v3" "tx16eed34433ef407a843f2-00692a40e4" "proxy-server 89446" 0.0005 "-" 96662 0
Nov 28 19:40:04 np0005539311.novalocal object-server[96661]: ::1 - - [29/Nov/2025:00:40:04 +0000] "GET /3/73945/AUTH_1f36317bec034bb2906d703b614505b0/gnocchi.4e2edbe1-d34d-4104-a646-ac014e3b01d0/none_v3" 404 70 "GET http://[::1]:8080/v1/AUTH_1f36317bec034bb2906d703b614505b0/gnocchi.4e2edbe1-d34d-4104-a646-ac014e3b01d0/none_v3" "tx16eed34433ef407a843f2-00692a40e4" "proxy-server 89446" 0.0004 "-" 96661 0
Nov 28 19:40:04 np0005539311.novalocal object-server[96660]: ::1 - - [29/Nov/2025:00:40:04 +0000] "GET /1/73945/AUTH_1f36317bec034bb2906d703b614505b0/gnocchi.4e2edbe1-d34d-4104-a646-ac014e3b01d0/none_v3" 404 70 "GET http://[::1]:8080/v1/AUTH_1f36317bec034bb2906d703b614505b0/gnocchi.4e2edbe1-d34d-4104-a646-ac014e3b01d0/none_v3" "tx16eed34433ef407a843f2-00692a40e4" "proxy-server 89446" 0.0003 "-" 96660 0
Nov 28 19:40:04 np0005539311.novalocal proxy-server[89446]: ::1 ::1 29/Nov/2025/00/40/04 GET /v1/AUTH_1f36317bec034bb2906d703b614505b0/gnocchi.4e2edbe1-d34d-4104-a646-ac014e3b01d0/none_v3 HTTP/1.0 404 - python-swiftclient-4.2.0 gAAAAABpKkDhMctJ... - 70 - tx16eed34433ef407a843f2-00692a40e4 - 0.0413 - - 1764376804.283017635 1764376804.324284315 0
Nov 28 19:40:04 np0005539311.novalocal container-server[96357]: ::1 - - [29/Nov/2025:00:40:04 +0000] "PUT /3/139326/AUTH_1f36317bec034bb2906d703b614505b0/gnocchi.d023a43a-316e-4f5d-aba0-7b7c315eda66/1763640000.0_mean_300.0_v3" 201 - "PUT http://[::1]:8080/1/241318/AUTH_1f36317bec034bb2906d703b614505b0/gnocchi.d023a43a-316e-4f5d-aba0-7b7c315eda66/1763640000.0_mean_300.0_v3" "txd943a00d3c4842a0874c3-00692a40e4" "object-server 96661" 0.0006 "-" 96357 0
Nov 28 19:40:04 np0005539311.novalocal object-server[96661]: ::1 - - [29/Nov/2025:00:40:04 +0000] "PUT /1/241318/AUTH_1f36317bec034bb2906d703b614505b0/gnocchi.d023a43a-316e-4f5d-aba0-7b7c315eda66/1763640000.0_mean_300.0_v3" 201 - "PUT http://[::1]:8080/v1/AUTH_1f36317bec034bb2906d703b614505b0/gnocchi.d023a43a-316e-4f5d-aba0-7b7c315eda66/1763640000.0_mean_300.0_v3" "txd943a00d3c4842a0874c3-00692a40e4" "proxy-server 89446" 0.0361 "-" 96661 0
Nov 28 19:40:04 np0005539311.novalocal container-server[96357]: ::1 - - [29/Nov/2025:00:40:04 +0000] "PUT /1/139326/AUTH_1f36317bec034bb2906d703b614505b0/gnocchi.d023a43a-316e-4f5d-aba0-7b7c315eda66/1763640000.0_mean_300.0_v3" 201 - "PUT http://[::1]:8080/2/241318/AUTH_1f36317bec034bb2906d703b614505b0/gnocchi.d023a43a-316e-4f5d-aba0-7b7c315eda66/1763640000.0_mean_300.0_v3" "txd943a00d3c4842a0874c3-00692a40e4" "object-server 96662" 0.0005 "-" 96357 0
Nov 28 19:40:04 np0005539311.novalocal object-server[96662]: ::1 - - [29/Nov/2025:00:40:04 +0000] "PUT /2/241318/AUTH_1f36317bec034bb2906d703b614505b0/gnocchi.d023a43a-316e-4f5d-aba0-7b7c315eda66/1763640000.0_mean_300.0_v3" 201 - "PUT http://[::1]:8080/v1/AUTH_1f36317bec034bb2906d703b614505b0/gnocchi.d023a43a-316e-4f5d-aba0-7b7c315eda66/1763640000.0_mean_300.0_v3" "txd943a00d3c4842a0874c3-00692a40e4" "proxy-server 89446" 0.0373 "-" 96662 0
Nov 28 19:40:04 np0005539311.novalocal container-server[96355]: ::1 - - [29/Nov/2025:00:40:04 +0000] "PUT /2/139326/AUTH_1f36317bec034bb2906d703b614505b0/gnocchi.d023a43a-316e-4f5d-aba0-7b7c315eda66/1763640000.0_mean_300.0_v3" 201 - "PUT http://[::1]:8080/3/241318/AUTH_1f36317bec034bb2906d703b614505b0/gnocchi.d023a43a-316e-4f5d-aba0-7b7c315eda66/1763640000.0_mean_300.0_v3" "txd943a00d3c4842a0874c3-00692a40e4" "object-server 96662" 0.0005 "-" 96355 0
Nov 28 19:40:04 np0005539311.novalocal object-server[96662]: ::1 - - [29/Nov/2025:00:40:04 +0000] "PUT /3/241318/AUTH_1f36317bec034bb2906d703b614505b0/gnocchi.d023a43a-316e-4f5d-aba0-7b7c315eda66/1763640000.0_mean_300.0_v3" 201 - "PUT http://[::1]:8080/v1/AUTH_1f36317bec034bb2906d703b614505b0/gnocchi.d023a43a-316e-4f5d-aba0-7b7c315eda66/1763640000.0_mean_300.0_v3" "txd943a00d3c4842a0874c3-00692a40e4" "proxy-server 89446" 0.0449 "-" 96662 0
Nov 28 19:40:04 np0005539311.novalocal proxy-server[89446]: ::1 ::1 29/Nov/2025/00/40/04 PUT /v1/AUTH_1f36317bec034bb2906d703b614505b0/gnocchi.d023a43a-316e-4f5d-aba0-7b7c315eda66/1763640000.0_mean_300.0_v3 HTTP/1.0 201 - python-swiftclient-4.2.0 gAAAAABpKkDhAXpn... 16 - - txd943a00d3c4842a0874c3-00692a40e4 - 0.0514 - - 1764376804.294518471 1764376804.345877171 0
Nov 28 19:40:04 np0005539311.novalocal account-server[96063]: ::1 - - [29/Nov/2025:00:40:04 +0000] "PUT /2/183006/AUTH_1f36317bec034bb2906d703b614505b0/gnocchi.4e2edbe1-d34d-4104-a646-ac014e3b01d0" 201 - "PUT http://[::1]:6001/2/239067/AUTH_1f36317bec034bb2906d703b614505b0/gnocchi.4e2edbe1-d34d-4104-a646-ac014e3b01d0" "txa15c0ebee04f48cb9d256-00692a40e4" "container-server 96356" 0.0131 "-" 96063 0
Nov 28 19:40:04 np0005539311.novalocal container-server[96356]: ::1 - - [29/Nov/2025:00:40:04 +0000] "PUT /2/239067/AUTH_1f36317bec034bb2906d703b614505b0/gnocchi.4e2edbe1-d34d-4104-a646-ac014e3b01d0" 201 - "PUT http://[::1]:8080/v1/AUTH_1f36317bec034bb2906d703b614505b0/gnocchi.4e2edbe1-d34d-4104-a646-ac014e3b01d0" "txa15c0ebee04f48cb9d256-00692a40e4" "proxy-server 89446" 0.0332 "-" 96356 0
Nov 28 19:40:04 np0005539311.novalocal account-server[96062]: ::1 - - [29/Nov/2025:00:40:04 +0000] "PUT /3/183006/AUTH_1f36317bec034bb2906d703b614505b0/gnocchi.4e2edbe1-d34d-4104-a646-ac014e3b01d0" 201 - "PUT http://[::1]:6001/1/239067/AUTH_1f36317bec034bb2906d703b614505b0/gnocchi.4e2edbe1-d34d-4104-a646-ac014e3b01d0" "txa15c0ebee04f48cb9d256-00692a40e4" "container-server 96358" 0.0204 "-" 96062 0
Nov 28 19:40:04 np0005539311.novalocal container-server[96358]: ::1 - - [29/Nov/2025:00:40:04 +0000] "PUT /1/239067/AUTH_1f36317bec034bb2906d703b614505b0/gnocchi.4e2edbe1-d34d-4104-a646-ac014e3b01d0" 201 - "PUT http://[::1]:8080/v1/AUTH_1f36317bec034bb2906d703b614505b0/gnocchi.4e2edbe1-d34d-4104-a646-ac014e3b01d0" "txa15c0ebee04f48cb9d256-00692a40e4" "proxy-server 89446" 0.0449 "-" 96358 0
Nov 28 19:40:04 np0005539311.novalocal container-server[96355]: ::1 - - [29/Nov/2025:00:40:04 +0000] "PUT /3/139326/AUTH_1f36317bec034bb2906d703b614505b0/gnocchi.d023a43a-316e-4f5d-aba0-7b7c315eda66/none_v3" 201 - "PUT http://[::1]:8080/3/120523/AUTH_1f36317bec034bb2906d703b614505b0/gnocchi.d023a43a-316e-4f5d-aba0-7b7c315eda66/none_v3" "tx4d725fa67e3b4d68a7a47-00692a40e4" "object-server 96660" 0.0005 "-" 96355 0
Nov 28 19:40:04 np0005539311.novalocal container-server[96356]: ::1 - - [29/Nov/2025:00:40:04 +0000] "PUT /2/139326/AUTH_1f36317bec034bb2906d703b614505b0/gnocchi.d023a43a-316e-4f5d-aba0-7b7c315eda66/none_v3" 201 - "PUT http://[::1]:8080/2/120523/AUTH_1f36317bec034bb2906d703b614505b0/gnocchi.d023a43a-316e-4f5d-aba0-7b7c315eda66/none_v3" "tx4d725fa67e3b4d68a7a47-00692a40e4" "object-server 96660" 0.0004 "-" 96356 0
Nov 28 19:40:04 np0005539311.novalocal object-server[96660]: ::1 - - [29/Nov/2025:00:40:04 +0000] "PUT /3/120523/AUTH_1f36317bec034bb2906d703b614505b0/gnocchi.d023a43a-316e-4f5d-aba0-7b7c315eda66/none_v3" 201 - "PUT http://[::1]:8080/v1/AUTH_1f36317bec034bb2906d703b614505b0/gnocchi.d023a43a-316e-4f5d-aba0-7b7c315eda66/none_v3" "tx4d725fa67e3b4d68a7a47-00692a40e4" "proxy-server 89446" 0.0233 "-" 96660 0
Nov 28 19:40:04 np0005539311.novalocal object-server[96660]: ::1 - - [29/Nov/2025:00:40:04 +0000] "PUT /2/120523/AUTH_1f36317bec034bb2906d703b614505b0/gnocchi.d023a43a-316e-4f5d-aba0-7b7c315eda66/none_v3" 201 - "PUT http://[::1]:8080/v1/AUTH_1f36317bec034bb2906d703b614505b0/gnocchi.d023a43a-316e-4f5d-aba0-7b7c315eda66/none_v3" "tx4d725fa67e3b4d68a7a47-00692a40e4" "proxy-server 89446" 0.0222 "-" 96660 0
Nov 28 19:40:04 np0005539311.novalocal container-server[96355]: ::1 - - [29/Nov/2025:00:40:04 +0000] "PUT /1/139326/AUTH_1f36317bec034bb2906d703b614505b0/gnocchi.d023a43a-316e-4f5d-aba0-7b7c315eda66/none_v3" 201 - "PUT http://[::1]:8080/1/120523/AUTH_1f36317bec034bb2906d703b614505b0/gnocchi.d023a43a-316e-4f5d-aba0-7b7c315eda66/none_v3" "tx4d725fa67e3b4d68a7a47-00692a40e4" "object-server 96660" 0.0004 "-" 96355 0
Nov 28 19:40:04 np0005539311.novalocal object-server[96660]: ::1 - - [29/Nov/2025:00:40:04 +0000] "PUT /1/120523/AUTH_1f36317bec034bb2906d703b614505b0/gnocchi.d023a43a-316e-4f5d-aba0-7b7c315eda66/none_v3" 201 - "PUT http://[::1]:8080/v1/AUTH_1f36317bec034bb2906d703b614505b0/gnocchi.d023a43a-316e-4f5d-aba0-7b7c315eda66/none_v3" "tx4d725fa67e3b4d68a7a47-00692a40e4" "proxy-server 89446" 0.0252 "-" 96660 0
Nov 28 19:40:04 np0005539311.novalocal proxy-server[89446]: ::1 ::1 29/Nov/2025/00/40/04 PUT /v1/AUTH_1f36317bec034bb2906d703b614505b0/gnocchi.d023a43a-316e-4f5d-aba0-7b7c315eda66/none_v3 HTTP/1.0 201 - python-swiftclient-4.2.0 gAAAAABpKkDhAXpn... 22 - - tx4d725fa67e3b4d68a7a47-00692a40e4 - 0.0340 - - 1764376804.348107815 1764376804.382070065 0
Nov 28 19:40:04 np0005539311.novalocal account-server[96064]: ::1 - - [29/Nov/2025:00:40:04 +0000] "PUT /1/183006/AUTH_1f36317bec034bb2906d703b614505b0/gnocchi.4e2edbe1-d34d-4104-a646-ac014e3b01d0" 201 - "PUT http://[::1]:6001/3/239067/AUTH_1f36317bec034bb2906d703b614505b0/gnocchi.4e2edbe1-d34d-4104-a646-ac014e3b01d0" "txa15c0ebee04f48cb9d256-00692a40e4" "container-server 96358" 0.0056 "-" 96064 0
Nov 28 19:40:04 np0005539311.novalocal container-server[96358]: ::1 - - [29/Nov/2025:00:40:04 +0000] "PUT /3/239067/AUTH_1f36317bec034bb2906d703b614505b0/gnocchi.4e2edbe1-d34d-4104-a646-ac014e3b01d0" 201 - "PUT http://[::1]:8080/v1/AUTH_1f36317bec034bb2906d703b614505b0/gnocchi.4e2edbe1-d34d-4104-a646-ac014e3b01d0" "txa15c0ebee04f48cb9d256-00692a40e4" "proxy-server 89446" 0.0321 "-" 96358 0
Nov 28 19:40:04 np0005539311.novalocal proxy-server[89446]: ::1 ::1 29/Nov/2025/00/40/04 PUT /v1/AUTH_1f36317bec034bb2906d703b614505b0/gnocchi.4e2edbe1-d34d-4104-a646-ac014e3b01d0 HTTP/1.0 201 - python-swiftclient-4.2.0 gAAAAABpKkDhMctJ... - - - txa15c0ebee04f48cb9d256-00692a40e4 - 0.0603 - - 1764376804.327730417 1764376804.388062954 0
Nov 28 19:40:04 np0005539311.novalocal container-server[96358]: ::1 - - [29/Nov/2025:00:40:04 +0000] "HEAD /1/145425/AUTH_1f36317bec034bb2906d703b614505b0/gnocchi.38219a57-106b-4569-898a-def617e4b5af" 404 - "HEAD http://[::1]:8080/v1/AUTH_1f36317bec034bb2906d703b614505b0/gnocchi.38219a57-106b-4569-898a-def617e4b5af?format=json&states=listing" "tx6812d2de4b5a4111bbc7d-00692a40e4" "proxy-server 89446" 0.0007 "-" 96358 0
Nov 28 19:40:04 np0005539311.novalocal container-server[96357]: ::1 - - [29/Nov/2025:00:40:04 +0000] "HEAD /2/145425/AUTH_1f36317bec034bb2906d703b614505b0/gnocchi.38219a57-106b-4569-898a-def617e4b5af" 404 - "HEAD http://[::1]:8080/v1/AUTH_1f36317bec034bb2906d703b614505b0/gnocchi.38219a57-106b-4569-898a-def617e4b5af?format=json&states=listing" "tx6812d2de4b5a4111bbc7d-00692a40e4" "proxy-server 89446" 0.0005 "-" 96357 0
Nov 28 19:40:04 np0005539311.novalocal container-server[96358]: ::1 - - [29/Nov/2025:00:40:04 +0000] "HEAD /2/239067/AUTH_1f36317bec034bb2906d703b614505b0/gnocchi.4e2edbe1-d34d-4104-a646-ac014e3b01d0" 204 - "HEAD http://[::1]:8080/v1/AUTH_1f36317bec034bb2906d703b614505b0/gnocchi.4e2edbe1-d34d-4104-a646-ac014e3b01d0?format=json&states=listing" "tx7ab6de712e18442d8b874-00692a40e4" "proxy-server 89446" 0.0019 "-" 96358 0
Nov 28 19:40:04 np0005539311.novalocal container-server[96355]: ::1 - - [29/Nov/2025:00:40:04 +0000] "HEAD /3/145425/AUTH_1f36317bec034bb2906d703b614505b0/gnocchi.38219a57-106b-4569-898a-def617e4b5af" 404 - "HEAD http://[::1]:8080/v1/AUTH_1f36317bec034bb2906d703b614505b0/gnocchi.38219a57-106b-4569-898a-def617e4b5af?format=json&states=listing" "tx6812d2de4b5a4111bbc7d-00692a40e4" "proxy-server 89446" 0.0003 "-" 96355 0
Nov 28 19:40:04 np0005539311.novalocal object-server[96661]: ::1 - - [29/Nov/2025:00:40:04 +0000] "GET /2/189910/AUTH_1f36317bec034bb2906d703b614505b0/gnocchi.38219a57-106b-4569-898a-def617e4b5af/none_v3" 404 70 "GET http://[::1]:8080/v1/AUTH_1f36317bec034bb2906d703b614505b0/gnocchi.38219a57-106b-4569-898a-def617e4b5af/none_v3" "tx6812d2de4b5a4111bbc7d-00692a40e4" "proxy-server 89446" 0.0003 "-" 96661 0
Nov 28 19:40:04 np0005539311.novalocal object-server[96662]: ::1 - - [29/Nov/2025:00:40:04 +0000] "GET /1/189910/AUTH_1f36317bec034bb2906d703b614505b0/gnocchi.38219a57-106b-4569-898a-def617e4b5af/none_v3" 404 70 "GET http://[::1]:8080/v1/AUTH_1f36317bec034bb2906d703b614505b0/gnocchi.38219a57-106b-4569-898a-def617e4b5af/none_v3" "tx6812d2de4b5a4111bbc7d-00692a40e4" "proxy-server 89446" 0.0005 "-" 96662 0
Nov 28 19:40:04 np0005539311.novalocal container-server[96357]: ::1 - - [29/Nov/2025:00:40:04 +0000] "GET /2/239067/AUTH_1f36317bec034bb2906d703b614505b0/gnocchi.4e2edbe1-d34d-4104-a646-ac014e3b01d0" 200 2 "GET http://[::1]:8080/v1/AUTH_1f36317bec034bb2906d703b614505b0/gnocchi.4e2edbe1-d34d-4104-a646-ac014e3b01d0?format=json&states=listing" "tx7ab6de712e18442d8b874-00692a40e4" "proxy-server 89446" 0.0031 "-" 96357 0
Nov 28 19:40:04 np0005539311.novalocal object-server[96661]: ::1 - - [29/Nov/2025:00:40:04 +0000] "GET /3/189910/AUTH_1f36317bec034bb2906d703b614505b0/gnocchi.38219a57-106b-4569-898a-def617e4b5af/none_v3" 404 70 "GET http://[::1]:8080/v1/AUTH_1f36317bec034bb2906d703b614505b0/gnocchi.38219a57-106b-4569-898a-def617e4b5af/none_v3" "tx6812d2de4b5a4111bbc7d-00692a40e4" "proxy-server 89446" 0.0002 "-" 96661 0
Nov 28 19:40:04 np0005539311.novalocal proxy-server[89446]: ::1 ::1 29/Nov/2025/00/40/04 GET /v1/AUTH_1f36317bec034bb2906d703b614505b0/gnocchi.4e2edbe1-d34d-4104-a646-ac014e3b01d0%3Fformat%3Djson%26states%3Dlisting HTTP/1.0 200 - python-swiftclient-4.2.0 gAAAAABpKkDhMctJ... - 2 - tx7ab6de712e18442d8b874-00692a40e4 - 0.0172 - - 1764376804.393006325 1764376804.410169125 0
Nov 28 19:40:04 np0005539311.novalocal proxy-server[89446]: ::1 ::1 29/Nov/2025/00/40/04 GET /v1/AUTH_1f36317bec034bb2906d703b614505b0/gnocchi.38219a57-106b-4569-898a-def617e4b5af/none_v3 HTTP/1.0 404 - python-swiftclient-4.2.0 gAAAAABpKkDhAXpn... - 70 - tx6812d2de4b5a4111bbc7d-00692a40e4 - 0.0207 - - 1764376804.390717268 1764376804.411398888 0
Nov 28 19:40:04 np0005539311.novalocal object-server[96659]: ::1 - - [29/Nov/2025:00:40:04 +0000] "GET /1/125382/AUTH_1f36317bec034bb2906d703b614505b0/gnocchi.4e2edbe1-d34d-4104-a646-ac014e3b01d0/1763640000.0_mean_300.0_v3" 404 70 "GET http://[::1]:8080/v1/AUTH_1f36317bec034bb2906d703b614505b0/gnocchi.4e2edbe1-d34d-4104-a646-ac014e3b01d0/1763640000.0_mean_300.0_v3" "tx90adc91761ad45b2972c0-00692a40e4" "proxy-server 89446" 0.0003 "-" 96659 0
Nov 28 19:40:04 np0005539311.novalocal object-server[96661]: ::1 - - [29/Nov/2025:00:40:04 +0000] "GET /2/125382/AUTH_1f36317bec034bb2906d703b614505b0/gnocchi.4e2edbe1-d34d-4104-a646-ac014e3b01d0/1763640000.0_mean_300.0_v3" 404 70 "GET http://[::1]:8080/v1/AUTH_1f36317bec034bb2906d703b614505b0/gnocchi.4e2edbe1-d34d-4104-a646-ac014e3b01d0/1763640000.0_mean_300.0_v3" "tx90adc91761ad45b2972c0-00692a40e4" "proxy-server 89446" 0.0003 "-" 96661 0
Nov 28 19:40:04 np0005539311.novalocal object-server[96659]: ::1 - - [29/Nov/2025:00:40:04 +0000] "GET /3/125382/AUTH_1f36317bec034bb2906d703b614505b0/gnocchi.4e2edbe1-d34d-4104-a646-ac014e3b01d0/1763640000.0_mean_300.0_v3" 404 70 "GET http://[::1]:8080/v1/AUTH_1f36317bec034bb2906d703b614505b0/gnocchi.4e2edbe1-d34d-4104-a646-ac014e3b01d0/1763640000.0_mean_300.0_v3" "tx90adc91761ad45b2972c0-00692a40e4" "proxy-server 89446" 0.0002 "-" 96659 0
Nov 28 19:40:04 np0005539311.novalocal proxy-server[89446]: ::1 ::1 29/Nov/2025/00/40/04 GET /v1/AUTH_1f36317bec034bb2906d703b614505b0/gnocchi.4e2edbe1-d34d-4104-a646-ac014e3b01d0/1763640000.0_mean_300.0_v3 HTTP/1.0 404 - python-swiftclient-4.2.0 gAAAAABpKkDhMctJ... - 70 - tx90adc91761ad45b2972c0-00692a40e4 - 0.0179 - - 1764376804.413631916 1764376804.431556702 0
Nov 28 19:40:04 np0005539311.novalocal account-server[96061]: ::1 - - [29/Nov/2025:00:40:04 +0000] "PUT /2/183006/AUTH_1f36317bec034bb2906d703b614505b0/gnocchi.38219a57-106b-4569-898a-def617e4b5af" 201 - "PUT http://[::1]:6001/2/145425/AUTH_1f36317bec034bb2906d703b614505b0/gnocchi.38219a57-106b-4569-898a-def617e4b5af" "tx09275356554044ff922c2-00692a40e4" "container-server 96355" 0.0067 "-" 96061 0
Nov 28 19:40:04 np0005539311.novalocal container-server[96355]: ::1 - - [29/Nov/2025:00:40:04 +0000] "PUT /2/145425/AUTH_1f36317bec034bb2906d703b614505b0/gnocchi.38219a57-106b-4569-898a-def617e4b5af" 201 - "PUT http://[::1]:8080/v1/AUTH_1f36317bec034bb2906d703b614505b0/gnocchi.38219a57-106b-4569-898a-def617e4b5af" "tx09275356554044ff922c2-00692a40e4" "proxy-server 89446" 0.0171 "-" 96355 0
Nov 28 19:40:04 np0005539311.novalocal account-server[96061]: ::1 - - [29/Nov/2025:00:40:04 +0000] "PUT /1/183006/AUTH_1f36317bec034bb2906d703b614505b0/gnocchi.38219a57-106b-4569-898a-def617e4b5af" 201 - "PUT http://[::1]:6001/3/145425/AUTH_1f36317bec034bb2906d703b614505b0/gnocchi.38219a57-106b-4569-898a-def617e4b5af" "tx09275356554044ff922c2-00692a40e4" "container-server 96357" 0.0040 "-" 96061 0
Nov 28 19:40:04 np0005539311.novalocal container-server[96357]: ::1 - - [29/Nov/2025:00:40:04 +0000] "PUT /3/145425/AUTH_1f36317bec034bb2906d703b614505b0/gnocchi.38219a57-106b-4569-898a-def617e4b5af" 201 - "PUT http://[::1]:8080/v1/AUTH_1f36317bec034bb2906d703b614505b0/gnocchi.38219a57-106b-4569-898a-def617e4b5af" "tx09275356554044ff922c2-00692a40e4" "proxy-server 89446" 0.0166 "-" 96357 0
Nov 28 19:40:04 np0005539311.novalocal account-server[96062]: ::1 - - [29/Nov/2025:00:40:04 +0000] "PUT /3/183006/AUTH_1f36317bec034bb2906d703b614505b0/gnocchi.38219a57-106b-4569-898a-def617e4b5af" 201 - "PUT http://[::1]:6001/1/145425/AUTH_1f36317bec034bb2906d703b614505b0/gnocchi.38219a57-106b-4569-898a-def617e4b5af" "tx09275356554044ff922c2-00692a40e4" "container-server 96358" 0.0040 "-" 96062 0
Nov 28 19:40:04 np0005539311.novalocal container-server[96358]: ::1 - - [29/Nov/2025:00:40:04 +0000] "PUT /1/145425/AUTH_1f36317bec034bb2906d703b614505b0/gnocchi.38219a57-106b-4569-898a-def617e4b5af" 201 - "PUT http://[::1]:8080/v1/AUTH_1f36317bec034bb2906d703b614505b0/gnocchi.38219a57-106b-4569-898a-def617e4b5af" "tx09275356554044ff922c2-00692a40e4" "proxy-server 89446" 0.0251 "-" 96358 0
Nov 28 19:40:04 np0005539311.novalocal container-server[96355]: ::1 - - [29/Nov/2025:00:40:04 +0000] "PUT /3/239067/AUTH_1f36317bec034bb2906d703b614505b0/gnocchi.4e2edbe1-d34d-4104-a646-ac014e3b01d0/1763640000.0_mean_300.0_v3" 201 - "PUT http://[::1]:8080/1/125382/AUTH_1f36317bec034bb2906d703b614505b0/gnocchi.4e2edbe1-d34d-4104-a646-ac014e3b01d0/1763640000.0_mean_300.0_v3" "tx27e1fc8ddcfe4812ae2b6-00692a40e4" "object-server 96661" 0.0005 "-" 96355 0
Nov 28 19:40:04 np0005539311.novalocal object-server[96661]: ::1 - - [29/Nov/2025:00:40:04 +0000] "PUT /1/125382/AUTH_1f36317bec034bb2906d703b614505b0/gnocchi.4e2edbe1-d34d-4104-a646-ac014e3b01d0/1763640000.0_mean_300.0_v3" 201 - "PUT http://[::1]:8080/v1/AUTH_1f36317bec034bb2906d703b614505b0/gnocchi.4e2edbe1-d34d-4104-a646-ac014e3b01d0/1763640000.0_mean_300.0_v3" "tx27e1fc8ddcfe4812ae2b6-00692a40e4" "proxy-server 89446" 0.0100 "-" 96661 0
Nov 28 19:40:04 np0005539311.novalocal container-server[96355]: ::1 - - [29/Nov/2025:00:40:04 +0000] "PUT /1/239067/AUTH_1f36317bec034bb2906d703b614505b0/gnocchi.4e2edbe1-d34d-4104-a646-ac014e3b01d0/1763640000.0_mean_300.0_v3" 201 - "PUT http://[::1]:8080/3/125382/AUTH_1f36317bec034bb2906d703b614505b0/gnocchi.4e2edbe1-d34d-4104-a646-ac014e3b01d0/1763640000.0_mean_300.0_v3" "tx27e1fc8ddcfe4812ae2b6-00692a40e4" "object-server 96661" 0.0004 "-" 96355 0
Nov 28 19:40:04 np0005539311.novalocal object-server[96661]: ::1 - - [29/Nov/2025:00:40:04 +0000] "PUT /3/125382/AUTH_1f36317bec034bb2906d703b614505b0/gnocchi.4e2edbe1-d34d-4104-a646-ac014e3b01d0/1763640000.0_mean_300.0_v3" 201 - "PUT http://[::1]:8080/v1/AUTH_1f36317bec034bb2906d703b614505b0/gnocchi.4e2edbe1-d34d-4104-a646-ac014e3b01d0/1763640000.0_mean_300.0_v3" "tx27e1fc8ddcfe4812ae2b6-00692a40e4" "proxy-server 89446" 0.0116 "-" 96661 0
Nov 28 19:40:04 np0005539311.novalocal container-server[96358]: ::1 - - [29/Nov/2025:00:40:04 +0000] "PUT /2/239067/AUTH_1f36317bec034bb2906d703b614505b0/gnocchi.4e2edbe1-d34d-4104-a646-ac014e3b01d0/1763640000.0_mean_300.0_v3" 201 - "PUT http://[::1]:8080/2/125382/AUTH_1f36317bec034bb2906d703b614505b0/gnocchi.4e2edbe1-d34d-4104-a646-ac014e3b01d0/1763640000.0_mean_300.0_v3" "tx27e1fc8ddcfe4812ae2b6-00692a40e4" "object-server 96661" 0.0010 "-" 96358 0
Nov 28 19:40:04 np0005539311.novalocal proxy-server[89446]: ::1 ::1 29/Nov/2025/00/40/04 PUT /v1/AUTH_1f36317bec034bb2906d703b614505b0/gnocchi.38219a57-106b-4569-898a-def617e4b5af HTTP/1.0 201 - python-swiftclient-4.2.0 gAAAAABpKkDhAXpn... - - - tx09275356554044ff922c2-00692a40e4 - 0.0420 - - 1764376804.413297176 1764376804.455297947 0
Nov 28 19:40:04 np0005539311.novalocal object-server[96661]: ::1 - - [29/Nov/2025:00:40:04 +0000] "PUT /2/125382/AUTH_1f36317bec034bb2906d703b614505b0/gnocchi.4e2edbe1-d34d-4104-a646-ac014e3b01d0/1763640000.0_mean_300.0_v3" 201 - "PUT http://[::1]:8080/v1/AUTH_1f36317bec034bb2906d703b614505b0/gnocchi.4e2edbe1-d34d-4104-a646-ac014e3b01d0/1763640000.0_mean_300.0_v3" "tx27e1fc8ddcfe4812ae2b6-00692a40e4" "proxy-server 89446" 0.0117 "-" 96661 0
Nov 28 19:40:04 np0005539311.novalocal proxy-server[89446]: ::1 ::1 29/Nov/2025/00/40/04 PUT /v1/AUTH_1f36317bec034bb2906d703b614505b0/gnocchi.4e2edbe1-d34d-4104-a646-ac014e3b01d0/1763640000.0_mean_300.0_v3 HTTP/1.0 201 - python-swiftclient-4.2.0 gAAAAABpKkDhMctJ... 16 - - tx27e1fc8ddcfe4812ae2b6-00692a40e4 - 0.0202 - - 1764376804.436707020 1764376804.456953764 0
Nov 28 19:40:04 np0005539311.novalocal container-server[96356]: ::1 - - [29/Nov/2025:00:40:04 +0000] "HEAD /3/145425/AUTH_1f36317bec034bb2906d703b614505b0/gnocchi.38219a57-106b-4569-898a-def617e4b5af" 204 - "HEAD http://[::1]:8080/v1/AUTH_1f36317bec034bb2906d703b614505b0/gnocchi.38219a57-106b-4569-898a-def617e4b5af?format=json&states=listing" "txad03fbb56a614d1aa95d6-00692a40e4" "proxy-server 89446" 0.0018 "-" 96356 0
Nov 28 19:40:04 np0005539311.novalocal container-server[96357]: ::1 - - [29/Nov/2025:00:40:04 +0000] "GET /3/145425/AUTH_1f36317bec034bb2906d703b614505b0/gnocchi.38219a57-106b-4569-898a-def617e4b5af" 200 2 "GET http://[::1]:8080/v1/AUTH_1f36317bec034bb2906d703b614505b0/gnocchi.38219a57-106b-4569-898a-def617e4b5af?format=json&states=listing" "txad03fbb56a614d1aa95d6-00692a40e4" "proxy-server 89446" 0.0022 "-" 96357 0
Nov 28 19:40:04 np0005539311.novalocal proxy-server[89446]: ::1 ::1 29/Nov/2025/00/40/04 GET /v1/AUTH_1f36317bec034bb2906d703b614505b0/gnocchi.38219a57-106b-4569-898a-def617e4b5af%3Fformat%3Djson%26states%3Dlisting HTTP/1.0 200 - python-swiftclient-4.2.0 gAAAAABpKkDhAXpn... - 2 - txad03fbb56a614d1aa95d6-00692a40e4 - 0.0160 - - 1764376804.458753824 1764376804.474729776 0
Nov 28 19:40:04 np0005539311.novalocal container-server[96357]: ::1 - - [29/Nov/2025:00:40:04 +0000] "PUT /2/239067/AUTH_1f36317bec034bb2906d703b614505b0/gnocchi.4e2edbe1-d34d-4104-a646-ac014e3b01d0/none_v3" 201 - "PUT http://[::1]:8080/2/73945/AUTH_1f36317bec034bb2906d703b614505b0/gnocchi.4e2edbe1-d34d-4104-a646-ac014e3b01d0/none_v3" "tx91f1b43cf00a456bb9de5-00692a40e4" "object-server 96660" 0.0006 "-" 96357 0
Nov 28 19:40:04 np0005539311.novalocal object-server[96660]: ::1 - - [29/Nov/2025:00:40:04 +0000] "PUT /2/73945/AUTH_1f36317bec034bb2906d703b614505b0/gnocchi.4e2edbe1-d34d-4104-a646-ac014e3b01d0/none_v3" 201 - "PUT http://[::1]:8080/v1/AUTH_1f36317bec034bb2906d703b614505b0/gnocchi.4e2edbe1-d34d-4104-a646-ac014e3b01d0/none_v3" "tx91f1b43cf00a456bb9de5-00692a40e4" "proxy-server 89446" 0.0111 "-" 96660 0
Nov 28 19:40:04 np0005539311.novalocal container-server[96356]: ::1 - - [29/Nov/2025:00:40:04 +0000] "PUT /3/239067/AUTH_1f36317bec034bb2906d703b614505b0/gnocchi.4e2edbe1-d34d-4104-a646-ac014e3b01d0/none_v3" 201 - "PUT http://[::1]:8080/3/73945/AUTH_1f36317bec034bb2906d703b614505b0/gnocchi.4e2edbe1-d34d-4104-a646-ac014e3b01d0/none_v3" "tx91f1b43cf00a456bb9de5-00692a40e4" "object-server 96662" 0.0007 "-" 96356 0
Nov 28 19:40:04 np0005539311.novalocal object-server[96662]: ::1 - - [29/Nov/2025:00:40:04 +0000] "PUT /3/73945/AUTH_1f36317bec034bb2906d703b614505b0/gnocchi.4e2edbe1-d34d-4104-a646-ac014e3b01d0/none_v3" 201 - "PUT http://[::1]:8080/v1/AUTH_1f36317bec034bb2906d703b614505b0/gnocchi.4e2edbe1-d34d-4104-a646-ac014e3b01d0/none_v3" "tx91f1b43cf00a456bb9de5-00692a40e4" "proxy-server 89446" 0.0135 "-" 96662 0
Nov 28 19:40:04 np0005539311.novalocal container-server[96356]: ::1 - - [29/Nov/2025:00:40:04 +0000] "PUT /1/239067/AUTH_1f36317bec034bb2906d703b614505b0/gnocchi.4e2edbe1-d34d-4104-a646-ac014e3b01d0/none_v3" 201 - "PUT http://[::1]:8080/1/73945/AUTH_1f36317bec034bb2906d703b614505b0/gnocchi.4e2edbe1-d34d-4104-a646-ac014e3b01d0/none_v3" "tx91f1b43cf00a456bb9de5-00692a40e4" "object-server 96659" 0.0004 "-" 96356 0
Nov 28 19:40:04 np0005539311.novalocal object-server[96659]: ::1 - - [29/Nov/2025:00:40:04 +0000] "PUT /1/73945/AUTH_1f36317bec034bb2906d703b614505b0/gnocchi.4e2edbe1-d34d-4104-a646-ac014e3b01d0/none_v3" 201 - "PUT http://[::1]:8080/v1/AUTH_1f36317bec034bb2906d703b614505b0/gnocchi.4e2edbe1-d34d-4104-a646-ac014e3b01d0/none_v3" "tx91f1b43cf00a456bb9de5-00692a40e4" "proxy-server 89446" 0.0149 "-" 96659 0
Nov 28 19:40:04 np0005539311.novalocal object-server[96659]: ::1 - - [29/Nov/2025:00:40:04 +0000] "GET /1/114258/AUTH_1f36317bec034bb2906d703b614505b0/gnocchi.38219a57-106b-4569-898a-def617e4b5af/1763640000.0_mean_300.0_v3" 404 70 "GET http://[::1]:8080/v1/AUTH_1f36317bec034bb2906d703b614505b0/gnocchi.38219a57-106b-4569-898a-def617e4b5af/1763640000.0_mean_300.0_v3" "txce5bb4479ef74547a8010-00692a40e4" "proxy-server 89446" 0.0002 "-" 96659 0
Nov 28 19:40:04 np0005539311.novalocal proxy-server[89446]: ::1 ::1 29/Nov/2025/00/40/04 PUT /v1/AUTH_1f36317bec034bb2906d703b614505b0/gnocchi.4e2edbe1-d34d-4104-a646-ac014e3b01d0/none_v3 HTTP/1.0 201 - python-swiftclient-4.2.0 gAAAAABpKkDhMctJ... 22 - - tx91f1b43cf00a456bb9de5-00692a40e4 - 0.0234 - - 1764376804.459260702 1764376804.482708693 0
Nov 28 19:40:04 np0005539311.novalocal object-server[96660]: ::1 - - [29/Nov/2025:00:40:04 +0000] "GET /3/114258/AUTH_1f36317bec034bb2906d703b614505b0/gnocchi.38219a57-106b-4569-898a-def617e4b5af/1763640000.0_mean_300.0_v3" 404 70 "GET http://[::1]:8080/v1/AUTH_1f36317bec034bb2906d703b614505b0/gnocchi.38219a57-106b-4569-898a-def617e4b5af/1763640000.0_mean_300.0_v3" "txce5bb4479ef74547a8010-00692a40e4" "proxy-server 89446" 0.0002 "-" 96660 0
Nov 28 19:40:04 np0005539311.novalocal object-server[96662]: ::1 - - [29/Nov/2025:00:40:04 +0000] "GET /2/114258/AUTH_1f36317bec034bb2906d703b614505b0/gnocchi.38219a57-106b-4569-898a-def617e4b5af/1763640000.0_mean_300.0_v3" 404 70 "GET http://[::1]:8080/v1/AUTH_1f36317bec034bb2906d703b614505b0/gnocchi.38219a57-106b-4569-898a-def617e4b5af/1763640000.0_mean_300.0_v3" "txce5bb4479ef74547a8010-00692a40e4" "proxy-server 89446" 0.0002 "-" 96662 0
Nov 28 19:40:04 np0005539311.novalocal proxy-server[89446]: ::1 ::1 29/Nov/2025/00/40/04 GET /v1/AUTH_1f36317bec034bb2906d703b614505b0/gnocchi.38219a57-106b-4569-898a-def617e4b5af/1763640000.0_mean_300.0_v3 HTTP/1.0 404 - python-swiftclient-4.2.0 gAAAAABpKkDhAXpn... - 70 - txce5bb4479ef74547a8010-00692a40e4 - 0.0101 - - 1764376804.478563547 1764376804.488640547 0
Nov 28 19:40:04 np0005539311.novalocal container-server[96355]: ::1 - - [29/Nov/2025:00:40:04 +0000] "PUT /1/145425/AUTH_1f36317bec034bb2906d703b614505b0/gnocchi.38219a57-106b-4569-898a-def617e4b5af/1763640000.0_mean_300.0_v3" 201 - "PUT http://[::1]:8080/3/114258/AUTH_1f36317bec034bb2906d703b614505b0/gnocchi.38219a57-106b-4569-898a-def617e4b5af/1763640000.0_mean_300.0_v3" "tx9815846a41f641eaa5dc0-00692a40e4" "object-server 96661" 0.0006 "-" 96355 0
Nov 28 19:40:04 np0005539311.novalocal object-server[96661]: ::1 - - [29/Nov/2025:00:40:04 +0000] "PUT /3/114258/AUTH_1f36317bec034bb2906d703b614505b0/gnocchi.38219a57-106b-4569-898a-def617e4b5af/1763640000.0_mean_300.0_v3" 201 - "PUT http://[::1]:8080/v1/AUTH_1f36317bec034bb2906d703b614505b0/gnocchi.38219a57-106b-4569-898a-def617e4b5af/1763640000.0_mean_300.0_v3" "tx9815846a41f641eaa5dc0-00692a40e4" "proxy-server 89446" 0.0094 "-" 96661 0
