Oct 3 10:52:32 standalone account-server[125037]: Starting 2
Oct 3 10:52:34 standalone account-server[125306]: Started child 20 from parent 2
Oct 3 10:52:34 standalone account-server[125306]: Started child 21 from parent 2
Oct 3 10:52:34 standalone account-server[125306]: Started child 22 from parent 2
Oct 3 10:52:34 standalone account-server[125306]: Started child 23 from parent 2
Oct 3 10:52:34 standalone container-server[125495]: Option allow_versions is deprecated. Configure the versioned_writes middleware in the proxy-server instead. This option will be ignored in a future release.
Oct 3 10:52:34 standalone container-server[125679]: Option allow_versions is deprecated. Configure the versioned_writes middleware in the proxy-server instead. This option will be ignored in a future release.
Oct 3 10:52:34 standalone container-server[125495]: Started child 14 from parent 2
Oct 3 10:52:34 standalone container-server[125681]: Option allow_versions is deprecated. Configure the versioned_writes middleware in the proxy-server instead. This option will be ignored in a future release.
Oct 3 10:52:34 standalone container-server[125495]: Started child 15 from parent 2
Oct 3 10:52:34 standalone container-server[125683]: Option allow_versions is deprecated. Configure the versioned_writes middleware in the proxy-server instead. This option will be ignored in a future release.
Oct 3 10:52:34 standalone container-server[125495]: Started child 16 from parent 2
Oct 3 10:52:34 standalone container-server[125694]: Option allow_versions is deprecated. Configure the versioned_writes middleware in the proxy-server instead. This option will be ignored in a future release.
Oct 3 10:52:34 standalone container-server[125495]: Started child 20 from parent 2
Oct 3 10:52:34 standalone container-server[125606]: Starting 2
Oct 3 10:52:34 standalone object-expirer[125634]: Starting 2
Oct 3 10:52:34 standalone object-expirer[125634]: Option auto_create_account_prefix is deprecated. Configure auto_create_account_prefix under the swift-constraints section of swift.conf. This option will be ignored in a future release.
Oct 3 10:52:34 standalone object-server[125730]: Started child 22 from parent 2
Oct 3 10:52:35 standalone object-server[125730]: Started child 23 from parent 2
Oct 3 10:52:35 standalone object-server[125730]: Started child 24 from parent 2
Oct 3 10:52:35 standalone object-server[125730]: Started child 25 from parent 2
Oct 3 10:52:35 standalone object-server[125808]: Starting 2
Oct 3 10:52:41 standalone proxy-server[127383]: Starting Keystone auth_token middleware
Oct 3 10:52:41 standalone proxy-server[127383]: AuthToken middleware is set with keystone_authtoken.service_token_roles_required set to False. This is backwards compatible but deprecated behaviour. Please set this to True.
Oct 3 10:52:41 standalone proxy-server[127504]: Starting Keystone auth_token middleware
Oct 3 10:52:41 standalone proxy-server[127504]: STDERR: The option "bind_port" is not known to keystonemiddleware
Oct 3 10:52:41 standalone proxy-server[127504]: STDERR: The option "workers" is not known to keystonemiddleware
Oct 3 10:52:41 standalone proxy-server[127504]: STDERR: The option "user" is not known to keystonemiddleware
Oct 3 10:52:41 standalone proxy-server[127504]: STDERR: The option "bind_ip" is not known to keystonemiddleware
Oct 3 10:52:41 standalone proxy-server[127504]: STDERR: The option "log_name" is not known to keystonemiddleware
Oct 3 10:52:41 standalone proxy-server[127504]: STDERR: The option "log_facility" is not known to keystonemiddleware
Oct 3 10:52:41 standalone proxy-server[127504]: STDERR: The option "log_level" is not known to keystonemiddleware
Oct 3 10:52:41 standalone proxy-server[127504]: STDERR: The option "log_headers" is not known to keystonemiddleware
Oct 3 10:52:41 standalone proxy-server[127504]: STDERR: The option "log_address" is not known to keystonemiddleware
Oct 3 10:52:41 standalone proxy-server[127504]: STDERR: The option "project_name" is not known to keystonemiddleware
Oct 3 10:52:41 standalone proxy-server[127504]: STDERR: The option "username" is not known to keystonemiddleware
Oct 3 10:52:41 standalone proxy-server[127504]: STDERR: The option "password" is not known to keystonemiddleware
Oct 3 10:52:41 standalone proxy-server[127504]: STDERR: The option "auth_url" is not known to keystonemiddleware
Oct 3 10:52:41 standalone proxy-server[127504]: STDERR: The option "signing_dir" is not known to keystonemiddleware
Oct 3 10:52:41 standalone proxy-server[127504]: STDERR: The option "project_domain_id" is not known to keystonemiddleware
Oct 3 10:52:41 standalone proxy-server[127504]: STDERR: The option "user_domain_id" is not known to keystonemiddleware
Oct 3 10:52:41 standalone proxy-server[127504]: STDERR: The option "__name__" is not known to keystonemiddleware
Oct 3 10:52:41 standalone proxy-server[127504]: AuthToken middleware is set with keystone_authtoken.service_token_roles_required set to False. This is backwards compatible but deprecated behaviour. Please set this to True.
Oct 3 10:52:41 standalone proxy-server[127383]: Started child 12 from parent 2
Oct 3 10:53:25 standalone object-server[125808]: Begin object update sweep
Oct 3 10:53:25 standalone object-server[132170]: Object update sweep starting on /srv/node/d1 (pid: 11)
Oct 3 10:53:25 standalone object-server[132170]: Object update sweep completed on /srv/node/d1 in 0.00s seconds:, 0 successes, 0 failures, 0 quarantines, 0 unlinks, 0 errors, 0 redirects (pid: 11)
Oct 3 10:53:25 standalone object-server[132170]: Object update sweep of d1 completed: 0.00s, 0 successes, 0 failures, 0 quarantines, 0 unlinks, 0 errors, 0 redirects
Oct 3 10:53:25 standalone object-server[125808]: Object update sweep completed: 0.08s
Oct 3 10:55:50 standalone account-server[125640]: 172.20.0.100 - - [03/Oct/2025:10:55:50 +0000] "HEAD /d1/548/.expiring_objects" 404 - "HEAD http://localhost/v1/.expiring_objects?format=json" "txe5c4879aa01646c799795-0068dfabb6" "proxy-server 2" 0.0011 "-" 23 -
Oct 3 10:55:50 standalone object-expirer[125634]: Pass completed in 0s; 0 objects expired (txn: txe5c4879aa01646c799795-0068dfabb6)
Oct 3 10:56:21 standalone container-server[125606]: Begin container update sweep
Oct 3 10:56:21 standalone container-server[125606]: Container update sweep completed: 0.00s
Oct 3 10:58:25 standalone object-server[125808]: Begin object update sweep
Oct 3 10:58:25 standalone object-server[167696]: Object update sweep starting on /srv/node/d1 (pid: 13)
Oct 3 10:58:25 standalone object-server[167696]: Object update sweep completed on /srv/node/d1 in 0.00s seconds:, 0 successes, 0 failures, 0 quarantines, 0 unlinks, 0 errors, 0 redirects (pid: 13)
Oct 3 10:58:25 standalone object-server[167696]: Object update sweep of d1 completed: 0.00s, 0 successes, 0 failures, 0 quarantines, 0 unlinks, 0 errors, 0 redirects
Oct 3 10:58:25 standalone object-server[125808]: Object update sweep completed: 0.07s
Oct 3 10:58:50 standalone account-server[125640]: 172.20.0.100 - - [03/Oct/2025:10:58:50 +0000] "HEAD /d1/548/.expiring_objects" 404 - "HEAD http://localhost/v1/.expiring_objects?format=json" "tx2fedbf9dd5a34fb78c768-0068dfac6a" "proxy-server 2" 0.0009 "-" 23 -
Oct 3 10:58:50 standalone object-expirer[125634]: Pass completed in 0s; 0 objects expired (txn: tx2fedbf9dd5a34fb78c768-0068dfac6a)
Oct 3 10:59:06 standalone account-server[125640]: 172.20.0.100 - - [03/Oct/2025:10:59:06 +0000] "HEAD /d1/252/AUTH_dd15d313c43947ae9dbb6c90519464c0" 404 - "HEAD http://localhost:8080/v1/AUTH_dd15d313c43947ae9dbb6c90519464c0?format=json" "tx4c48390628cc42088ee4f-0068dfac7a" "proxy-server 12" 0.0004 "-" 23 -
Oct 3 10:59:06 standalone proxy-server[127504]: - - 03/Oct/2025/10/59/06 HEAD /v1/AUTH_dd15d313c43947ae9dbb6c90519464c0%3Fformat%3Djson HTTP/1.0 200 - Swift - - - - tx4c48390628cc42088ee4f-0068dfac7a - 0.0066 RL - 1759489146.170217752 1759489146.176768303 -
Oct 3 10:59:06 standalone proxy-server[127504]: 172.18.0.2 ::1 03/Oct/2025/10/59/06 HEAD /v1/AUTH_dd15d313c43947ae9dbb6c90519464c0/glance%3Fformat%3Djson HTTP/1.0 404 - python-swiftclient-3.11.1 gAAAAABo36x6jsyq... - - - tx4c48390628cc42088ee4f-0068dfac7a - 0.4156 - - 1759489146.155003309 1759489146.570578575 -
Oct 3 10:59:06 standalone account-server[125610]: 172.20.0.100 - - [03/Oct/2025:10:59:06 +0000] "PUT /d1/252/AUTH_dd15d313c43947ae9dbb6c90519464c0" 201 - "-" "tx94869e8dbfca4c1ca5df8-0068dfac7a" "-" 0.0164 "-" 20 -
Oct 3 10:59:06 standalone proxy-server[127504]: autocreate account '/AUTH_dd15d313c43947ae9dbb6c90519464c0' (txn: tx94869e8dbfca4c1ca5df8-0068dfac7a)
Oct 3 10:59:06 standalone account-server[125630]: 172.20.0.100 - - [03/Oct/2025:10:59:06 +0000] "HEAD /d1/252/AUTH_dd15d313c43947ae9dbb6c90519464c0" 204 - "HEAD http://localhost:8080/v1/AUTH_dd15d313c43947ae9dbb6c90519464c0?format=json" "tx94869e8dbfca4c1ca5df8-0068dfac7a" "proxy-server 12" 0.0042 "-" 22 -
Oct 3 10:59:06 standalone account-server[125640]: 172.20.0.100 - - [03/Oct/2025:10:59:06 +0000] "PUT /d1/252/AUTH_dd15d313c43947ae9dbb6c90519464c0/glance" 201 - "PUT http://172.20.0.100:6001/d1/210/AUTH_dd15d313c43947ae9dbb6c90519464c0/glance" "tx94869e8dbfca4c1ca5df8-0068dfac7a" "container-server 20" 0.0016 "-" 23 0
Oct 3 10:59:06 standalone container-server[125694]: 172.20.0.100 - - [03/Oct/2025:10:59:06 +0000] "PUT /d1/210/AUTH_dd15d313c43947ae9dbb6c90519464c0/glance" 201 - "PUT http://localhost:8080/v1/AUTH_dd15d313c43947ae9dbb6c90519464c0/glance" "tx94869e8dbfca4c1ca5df8-0068dfac7a" "proxy-server 12" 0.0114 "-" 20 0
Oct 3 10:59:06 standalone proxy-server[127504]: 172.18.0.2 ::1 03/Oct/2025/10/59/06 PUT /v1/AUTH_dd15d313c43947ae9dbb6c90519464c0/glance HTTP/1.0 201 - python-swiftclient-3.11.1 gAAAAABo36x6jsyq... - - - tx94869e8dbfca4c1ca5df8-0068dfac7a - 0.0434 - - 1759489146.575317621 1759489146.618690252 0
Oct 3 10:59:06 standalone container-server[125694]: 172.20.0.100 - - [03/Oct/2025:10:59:06 +0000] "HEAD /d1/210/AUTH_dd15d313c43947ae9dbb6c90519464c0/glance" 204 - "HEAD http://localhost:8080/v1/AUTH_dd15d313c43947ae9dbb6c90519464c0/glance?format=json&states=listing" "tx78747e4015864fbd870e5-0068dfac7a" "proxy-server 12" 0.0013 "-" 20 0
Oct 3 10:59:06 standalone proxy-server[127504]: - - 03/Oct/2025/10/59/06 HEAD /v1/AUTH_dd15d313c43947ae9dbb6c90519464c0/glance%3Fformat%3Djson%26states%3Dlisting HTTP/1.0 204 - Swift - - - - tx78747e4015864fbd870e5-0068dfac7a - 0.0091 RL - 1759489146.623487473 1759489146.632614136 0
Oct 3 10:59:23 standalone container-server[125679]: 172.20.0.100 - - [03/Oct/2025:10:59:23 +0000] "PUT /d1/210/AUTH_dd15d313c43947ae9dbb6c90519464c0/glance/0dcda23c-c464-4d23-9e1a-60e953201876" 201 - "PUT http://localhost:8080/d1/853/AUTH_dd15d313c43947ae9dbb6c90519464c0/glance/0dcda23c-c464-4d23-9e1a-60e953201876" "tx78747e4015864fbd870e5-0068dfac7a" "object-server 25" 0.0012 "-" 14 0
Oct 3 10:59:23 standalone object-server[125841]: 172.20.0.100 - - [03/Oct/2025:10:59:23 +0000] "PUT /d1/853/AUTH_dd15d313c43947ae9dbb6c90519464c0/glance/0dcda23c-c464-4d23-9e1a-60e953201876" 201 - "PUT http://localhost:8080/v1/AUTH_dd15d313c43947ae9dbb6c90519464c0/glance/0dcda23c-c464-4d23-9e1a-60e953201876" "tx78747e4015864fbd870e5-0068dfac7a" "proxy-server 12" 17.2987 "-" 25 0
Oct 3 10:59:23 standalone proxy-server[127504]: 172.18.0.2 ::1 03/Oct/2025/10/59/23 PUT /v1/AUTH_dd15d313c43947ae9dbb6c90519464c0/glance/0dcda23c-c464-4d23-9e1a-60e953201876 HTTP/1.0 201 - python-swiftclient-3.11.1 gAAAAABo36x6jsyq... 1445986304 - - tx78747e4015864fbd870e5-0068dfac7a - 17.3142 - - 1759489146.622710228 1759489163.936877012 0
Oct 3 11:01:21 standalone container-server[125606]: Begin container update sweep
Oct 3 11:01:21 standalone account-server[125610]: 172.20.0.100 - - [03/Oct/2025:11:01:21 +0000] "PUT /d1/252/AUTH_dd15d313c43947ae9dbb6c90519464c0/glance" 201 - "-" "-" "container-updater 2" 0.0013 "-" 20 0
Oct 3 11:01:21 standalone container-server[125606]: Container update sweep completed: 0.13s
Oct 3 11:03:25 standalone object-server[125808]: Begin object update sweep
Oct 3 11:03:25 standalone object-server[205678]: Object update sweep starting on /srv/node/d1 (pid: 14)
Oct 3 11:03:25 standalone object-server[205678]: Object update sweep completed on /srv/node/d1 in 0.00s seconds:, 0 successes, 0 failures, 0 quarantines, 0 unlinks, 0 errors, 0 redirects (pid: 14)
Oct 3 11:03:25 standalone object-server[205678]: Object update sweep of d1 completed: 0.00s, 0 successes, 0 failures, 0 quarantines, 0 unlinks, 0 errors, 0 redirects
Oct 3 11:03:25 standalone object-server[125808]: Object update sweep completed: 0.08s
Oct 3 11:03:45 standalone account-server[125619]: 172.20.0.100 - - [03/Oct/2025:11:03:45 +0000] "HEAD /d1/548/.expiring_objects" 404 - "HEAD http://localhost/v1/.expiring_objects?format=json" "tx9e8233aa82884ac6ad142-0068dfad91" "proxy-server 2" 0.0015 "-" 21 -
Oct 3 11:03:45 standalone object-expirer[125634]: Pass completed in 0s; 0 objects expired (txn: tx9e8233aa82884ac6ad142-0068dfad91)
Oct 3 11:04:06 standalone account-server[125619]: 172.20.0.100 - - [03/Oct/2025:11:04:06 +0000] "HEAD /d1/252/AUTH_dd15d313c43947ae9dbb6c90519464c0" 204 - "HEAD http://localhost:8080/v1/AUTH_dd15d313c43947ae9dbb6c90519464c0?format=json" "tx4f9502dff8984a89b8567-0068dfada6" "proxy-server 12" 0.0082 "-" 21 -
Oct 3 11:04:06 standalone proxy-server[127504]: - - 03/Oct/2025/11/04/06 HEAD /v1/AUTH_dd15d313c43947ae9dbb6c90519464c0%3Fformat%3Djson HTTP/1.0 204 - Swift - - - - tx4f9502dff8984a89b8567-0068dfada6 - 0.0130 RL - 1759489446.985839605 1759489446.998818874 -
Oct 3 11:04:07 standalone container-server[125694]: 172.20.0.100 - - [03/Oct/2025:11:04:07 +0000] "HEAD /d1/210/AUTH_dd15d313c43947ae9dbb6c90519464c0/glance" 204 - "HEAD http://localhost:8080/v1/AUTH_dd15d313c43947ae9dbb6c90519464c0/glance?format=json&states=listing" "tx4f9502dff8984a89b8567-0068dfada6" "proxy-server 12" 0.0016 "-" 20 0
Oct 3 11:04:07 standalone proxy-server[127504]: 172.18.0.2 ::1 03/Oct/2025/11/04/07 HEAD /v1/AUTH_dd15d313c43947ae9dbb6c90519464c0/glance%3Fformat%3Djson%26states%3Dlisting HTTP/1.0 204 - python-swiftclient-3.11.1 gAAAAABo362mNbgd... - - - tx4f9502dff8984a89b8567-0068dfada6 - 0.1274 - - 1759489446.984498262 1759489447.111874342 0
Oct 3 11:04:09 standalone container-server[125683]: 172.20.0.100 - - [03/Oct/2025:11:04:09 +0000] "PUT /d1/210/AUTH_dd15d313c43947ae9dbb6c90519464c0/glance/656ffe49-17ad-41a6-8173-1a9d94882191-00001" 201 - "PUT http://localhost:8080/d1/374/AUTH_dd15d313c43947ae9dbb6c90519464c0/glance/656ffe49-17ad-41a6-8173-1a9d94882191-00001" "txd6a8b58cebb4433a8a99c-0068dfada7" "object-server 23" 0.0012 "-" 16 0
Oct 3 11:04:09 standalone object-server[125837]: 172.20.0.100 - - [03/Oct/2025:11:04:09 +0000] "PUT /d1/374/AUTH_dd15d313c43947ae9dbb6c90519464c0/glance/656ffe49-17ad-41a6-8173-1a9d94882191-00001" 201 - "PUT http://localhost:8080/v1/AUTH_dd15d313c43947ae9dbb6c90519464c0/glance/656ffe49-17ad-41a6-8173-1a9d94882191-00001" "txd6a8b58cebb4433a8a99c-0068dfada7" "proxy-server 12" 2.8117 "-" 23 0
Oct 3 11:04:09 standalone proxy-server[127504]: 172.18.0.2 ::1 03/Oct/2025/11/04/09 PUT /v1/AUTH_dd15d313c43947ae9dbb6c90519464c0/glance/656ffe49-17ad-41a6-8173-1a9d94882191-00001 HTTP/1.0 201 - python-swiftclient-3.11.1 gAAAAABo362mNbgd... 21692416 - - txd6a8b58cebb4433a8a99c-0068dfada7 - 2.8200 - - 1759489447.117991686 1759489449.937946081 0
Oct 3 11:04:09 standalone container-server[125683]: 172.20.0.100 - - [03/Oct/2025:11:04:09 +0000] "PUT /d1/210/AUTH_dd15d313c43947ae9dbb6c90519464c0/glance/656ffe49-17ad-41a6-8173-1a9d94882191" 201 - "PUT http://localhost:8080/d1/884/AUTH_dd15d313c43947ae9dbb6c90519464c0/glance/656ffe49-17ad-41a6-8173-1a9d94882191" "txb0429c1a1fcc43948e738-0068dfada9" "object-server 25" 0.0003 "-" 16 0
Oct 3 11:04:09 standalone object-server[125841]: 172.20.0.100 - - [03/Oct/2025:11:04:09 +0000] "PUT /d1/884/AUTH_dd15d313c43947ae9dbb6c90519464c0/glance/656ffe49-17ad-41a6-8173-1a9d94882191" 201 - "PUT http://localhost:8080/v1/AUTH_dd15d313c43947ae9dbb6c90519464c0/glance/656ffe49-17ad-41a6-8173-1a9d94882191" "txb0429c1a1fcc43948e738-0068dfada9" "proxy-server 12" 0.0078 "-" 25 0
Oct 3 11:04:09 standalone proxy-server[127504]: 172.18.0.2 ::1 03/Oct/2025/11/04/09 PUT /v1/AUTH_dd15d313c43947ae9dbb6c90519464c0/glance/656ffe49-17ad-41a6-8173-1a9d94882191 HTTP/1.0 201 - python-swiftclient-3.11.1 gAAAAABo362mNbgd... - - - txb0429c1a1fcc43948e738-0068dfada9 - 0.0165 - - 1759489449.946406364 1759489449.962946892 0
Oct 3 11:04:10 standalone container-server[125683]: 172.20.0.100 - - [03/Oct/2025:11:04:10 +0000] "HEAD /d1/618/AUTH_dd15d313c43947ae9dbb6c90519464c0/gnocchi.cf323445-2c4a-4d80-8f86-4b9b476f2297" 404 - "HEAD http://localhost:8080/v1/AUTH_dd15d313c43947ae9dbb6c90519464c0/gnocchi.cf323445-2c4a-4d80-8f86-4b9b476f2297?format=json&states=listing" "tx7ae02e68986e442dadcc2-0068dfadaa" "proxy-server 12" 0.0012 "-" 16 0
Oct 3 11:04:10 standalone object-server[125839]: 172.20.0.100 - - [03/Oct/2025:11:04:10 +0000] "GET /d1/773/AUTH_dd15d313c43947ae9dbb6c90519464c0/gnocchi.cf323445-2c4a-4d80-8f86-4b9b476f2297/none_v3" 404 70 "GET http://localhost:8080/v1/AUTH_dd15d313c43947ae9dbb6c90519464c0/gnocchi.cf323445-2c4a-4d80-8f86-4b9b476f2297/none_v3" "tx7ae02e68986e442dadcc2-0068dfadaa" "proxy-server 12" 0.0016 "-" 24 0
Oct 3 11:04:10 standalone proxy-server[127504]: 172.18.0.2 ::1 03/Oct/2025/11/04/10 GET /v1/AUTH_dd15d313c43947ae9dbb6c90519464c0/gnocchi.cf323445-2c4a-4d80-8f86-4b9b476f2297/none_v3 HTTP/1.0 404 - python-swiftclient-3.11.1 gAAAAABo362qBNLY... - 70 - tx7ae02e68986e442dadcc2-0068dfadaa - 0.0576 - - 1759489450.657636404 1759489450.715252876 0
Oct 3 11:04:10 standalone account-server[125640]: 172.20.0.100 - - [03/Oct/2025:11:04:10 +0000] "PUT /d1/252/AUTH_dd15d313c43947ae9dbb6c90519464c0/gnocchi.cf323445-2c4a-4d80-8f86-4b9b476f2297" 201 - "PUT http://172.20.0.100:6001/d1/618/AUTH_dd15d313c43947ae9dbb6c90519464c0/gnocchi.cf323445-2c4a-4d80-8f86-4b9b476f2297" "tx769c2ec96b344d97b0d70-0068dfadaa" "container-server 15" 0.0032 "-" 23 0
Oct 3 11:04:10 standalone container-server[125681]: 172.20.0.100 - - [03/Oct/2025:11:04:10 +0000] "PUT /d1/618/AUTH_dd15d313c43947ae9dbb6c90519464c0/gnocchi.cf323445-2c4a-4d80-8f86-4b9b476f2297" 201 - "PUT http://localhost:8080/v1/AUTH_dd15d313c43947ae9dbb6c90519464c0/gnocchi.cf323445-2c4a-4d80-8f86-4b9b476f2297" "tx769c2ec96b344d97b0d70-0068dfadaa" "proxy-server 12" 0.0215 "-" 15 0
Oct 3 11:04:10 standalone proxy-server[127504]: 172.18.0.2 ::1 03/Oct/2025/11/04/10 PUT /v1/AUTH_dd15d313c43947ae9dbb6c90519464c0/gnocchi.cf323445-2c4a-4d80-8f86-4b9b476f2297 HTTP/1.0 201 - python-swiftclient-3.11.1 gAAAAABo362qBNLY... - - - tx769c2ec96b344d97b0d70-0068dfadaa - 0.0266 - - 1759489450.720201254 1759489450.746822119 0
Oct 3 11:04:10 standalone container-server[125694]: 172.20.0.100 - - [03/Oct/2025:11:04:10 +0000] "HEAD /d1/618/AUTH_dd15d313c43947ae9dbb6c90519464c0/gnocchi.cf323445-2c4a-4d80-8f86-4b9b476f2297" 204 - "HEAD http://localhost:8080/v1/AUTH_dd15d313c43947ae9dbb6c90519464c0/gnocchi.cf323445-2c4a-4d80-8f86-4b9b476f2297?format=json&states=listing" "txd5d645ceb2d844ab9afa6-0068dfadaa" "proxy-server 12" 0.0020 "-" 20 0
Oct 3 11:04:10 standalone proxy-server[127504]: - - 03/Oct/2025/11/04/10 HEAD /v1/AUTH_dd15d313c43947ae9dbb6c90519464c0/gnocchi.cf323445-2c4a-4d80-8f86-4b9b476f2297%3Fformat%3Djson%26states%3Dlisting HTTP/1.0 204 - Swift - - - - txd5d645ceb2d844ab9afa6-0068dfadaa - 0.0057 RL - 1759489450.756072521 1759489450.761761427 0
Oct 3 11:04:10 standalone container-server[125679]: 172.20.0.100 - - [03/Oct/2025:11:04:10 +0000] "GET /d1/618/AUTH_dd15d313c43947ae9dbb6c90519464c0/gnocchi.cf323445-2c4a-4d80-8f86-4b9b476f2297" 200 2 "GET http://localhost:8080/v1/AUTH_dd15d313c43947ae9dbb6c90519464c0/gnocchi.cf323445-2c4a-4d80-8f86-4b9b476f2297?format=json&states=listing" "txd5d645ceb2d844ab9afa6-0068dfadaa" "proxy-server 12" 0.0053 "-" 14 0
Oct 3 11:04:10 standalone proxy-server[127504]: 172.18.0.2 ::1 03/Oct/2025/11/04/10 GET /v1/AUTH_dd15d313c43947ae9dbb6c90519464c0/gnocchi.cf323445-2c4a-4d80-8f86-4b9b476f2297%3Fformat%3Djson%26states%3Dlisting HTTP/1.0 200 - python-swiftclient-3.11.1 gAAAAABo362qBNLY... - 2 - txd5d645ceb2d844ab9afa6-0068dfadaa - 0.0182 - - 1759489450.755127668 1759489450.773347139 0
Oct 3 11:04:10 standalone object-server[125829]: 172.20.0.100 - - [03/Oct/2025:11:04:10 +0000] "GET /d1/557/AUTH_dd15d313c43947ae9dbb6c90519464c0/gnocchi.cf323445-2c4a-4d80-8f86-4b9b476f2297/1759320000.0_mean_300.0_v3" 404 70 "GET http://localhost:8080/v1/AUTH_dd15d313c43947ae9dbb6c90519464c0/gnocchi.cf323445-2c4a-4d80-8f86-4b9b476f2297/1759320000.0_mean_300.0_v3" "txb42b568093b944cd8bff1-0068dfadaa" "proxy-server 12" 0.0014 "-" 22 0
Oct 3 11:04:10 standalone proxy-server[127504]: 172.18.0.2 ::1 03/Oct/2025/11/04/10 GET /v1/AUTH_dd15d313c43947ae9dbb6c90519464c0/gnocchi.cf323445-2c4a-4d80-8f86-4b9b476f2297/1759320000.0_mean_300.0_v3 HTTP/1.0 404 - python-swiftclient-3.11.1 gAAAAABo362qBNLY... - 70 - txb42b568093b944cd8bff1-0068dfadaa - 0.0072 - - 1759489450.778829813 1759489450.786047220 0
Oct 3 11:04:10 standalone container-server[125681]: 172.20.0.100 - - [03/Oct/2025:11:04:10 +0000] "PUT /d1/618/AUTH_dd15d313c43947ae9dbb6c90519464c0/gnocchi.cf323445-2c4a-4d80-8f86-4b9b476f2297/1759320000.0_mean_300.0_v3" 201 - "PUT http://localhost:8080/d1/557/AUTH_dd15d313c43947ae9dbb6c90519464c0/gnocchi.cf323445-2c4a-4d80-8f86-4b9b476f2297/1759320000.0_mean_300.0_v3" "tx82d9eb348d84441eb7b44-0068dfadaa" "object-server 25" 0.0010 "-" 15 0
Oct 3 11:04:10 standalone object-server[125841]: 172.20.0.100 - - [03/Oct/2025:11:04:10 +0000] "PUT /d1/557/AUTH_dd15d313c43947ae9dbb6c90519464c0/gnocchi.cf323445-2c4a-4d80-8f86-4b9b476f2297/1759320000.0_mean_300.0_v3" 201 - "PUT http://localhost:8080/v1/AUTH_dd15d313c43947ae9dbb6c90519464c0/gnocchi.cf323445-2c4a-4d80-8f86-4b9b476f2297/1759320000.0_mean_300.0_v3" "tx82d9eb348d84441eb7b44-0068dfadaa" "proxy-server 12" 0.0129 "-" 25 0
Oct 3 11:04:10 standalone proxy-server[127504]: 172.18.0.2 ::1 03/Oct/2025/11/04/10 PUT /v1/AUTH_dd15d313c43947ae9dbb6c90519464c0/gnocchi.cf323445-2c4a-4d80-8f86-4b9b476f2297/1759320000.0_mean_300.0_v3 HTTP/1.0 201 - python-swiftclient-3.11.1 gAAAAABo362qBNLY... 16 - - tx82d9eb348d84441eb7b44-0068dfadaa - 0.0183 - - 1759489450.790337801 1759489450.808686495 0
Oct 3 11:04:10 standalone container-server[125679]: 172.20.0.100 - - [03/Oct/2025:11:04:10 +0000] "PUT /d1/618/AUTH_dd15d313c43947ae9dbb6c90519464c0/gnocchi.cf323445-2c4a-4d80-8f86-4b9b476f2297/none_v3" 201 - "PUT http://localhost:8080/d1/773/AUTH_dd15d313c43947ae9dbb6c90519464c0/gnocchi.cf323445-2c4a-4d80-8f86-4b9b476f2297/none_v3" "tx9b3e3fd1b4614dd9a287f-0068dfadaa" "object-server 24" 0.0008 "-" 14 0
Oct 3 11:04:10 standalone object-server[125839]: 172.20.0.100 - - [03/Oct/2025:11:04:10 +0000] "PUT /d1/773/AUTH_dd15d313c43947ae9dbb6c90519464c0/gnocchi.cf323445-2c4a-4d80-8f86-4b9b476f2297/none_v3" 201 - "PUT http://localhost:8080/v1/AUTH_dd15d313c43947ae9dbb6c90519464c0/gnocchi.cf323445-2c4a-4d80-8f86-4b9b476f2297/none_v3" "tx9b3e3fd1b4614dd9a287f-0068dfadaa" "proxy-server 12" 0.0400 "-" 24 0
Oct 3 11:04:10 standalone proxy-server[127504]: 172.18.0.2 ::1 03/Oct/2025/11/04/10 PUT /v1/AUTH_dd15d313c43947ae9dbb6c90519464c0/gnocchi.cf323445-2c4a-4d80-8f86-4b9b476f2297/none_v3 HTTP/1.0 201 - python-swiftclient-3.11.1 gAAAAABo362qBNLY... 22 - - tx9b3e3fd1b4614dd9a287f-0068dfadaa - 0.0468 - - 1759489450.812307358 1759489450.859063148 0
Oct 3 11:04:40 standalone object-server[125841]: 172.20.0.100 - - [03/Oct/2025:11:04:40 +0000] "GET /d1/773/AUTH_dd15d313c43947ae9dbb6c90519464c0/gnocchi.cf323445-2c4a-4d80-8f86-4b9b476f2297/none_v3" 200 22 "GET http://localhost:8080/v1/AUTH_dd15d313c43947ae9dbb6c90519464c0/gnocchi.cf323445-2c4a-4d80-8f86-4b9b476f2297/none_v3" "tx95f88febf82441c69e63f-0068dfadc8" "proxy-server 12" 0.0015 "-" 25 0
Oct 3 11:04:40 standalone proxy-server[127504]: 172.18.0.2 ::1 03/Oct/2025/11/04/40 GET /v1/AUTH_dd15d313c43947ae9dbb6c90519464c0/gnocchi.cf323445-2c4a-4d80-8f86-4b9b476f2297/none_v3 HTTP/1.0 200 - python-swiftclient-3.11.1 gAAAAABo362qBNLY... - 22 - tx95f88febf82441c69e63f-0068dfadc8 - 0.0095 - - 1759489480.341423988 1759489480.350877285 0
Oct 3 11:04:40 standalone container-server[125694]: 172.20.0.100 - - [03/Oct/2025:11:04:40 +0000] "GET /d1/618/AUTH_dd15d313c43947ae9dbb6c90519464c0/gnocchi.cf323445-2c4a-4d80-8f86-4b9b476f2297" 200 357 "GET http://localhost:8080/v1/AUTH_dd15d313c43947ae9dbb6c90519464c0/gnocchi.cf323445-2c4a-4d80-8f86-4b9b476f2297?format=json&states=listing" "tx1ecd800a80974926a0ebb-0068dfadc8" "proxy-server 12" 0.0163 "-" 20 0
Oct 3 11:04:40 standalone proxy-server[127504]: 172.18.0.2 ::1 03/Oct/2025/11/04/40 GET /v1/AUTH_dd15d313c43947ae9dbb6c90519464c0/gnocchi.cf323445-2c4a-4d80-8f86-4b9b476f2297%3Fformat%3Djson%26states%3Dlisting HTTP/1.0 200 - python-swiftclient-3.11.1 gAAAAABo362qBNLY... - 357 - tx1ecd800a80974926a0ebb-0068dfadc8 - 0.0221 - - 1759489480.356973886 1759489480.379122972 0
Oct 3 11:04:40 standalone container-server[125679]: 172.20.0.100 - - [03/Oct/2025:11:04:40 +0000] "GET /d1/618/AUTH_dd15d313c43947ae9dbb6c90519464c0/gnocchi.cf323445-2c4a-4d80-8f86-4b9b476f2297" 200 2 "GET http://localhost:8080/v1/AUTH_dd15d313c43947ae9dbb6c90519464c0/gnocchi.cf323445-2c4a-4d80-8f86-4b9b476f2297?format=json&marker=none_v3&states=listing" "tx66170c4e232e41dc98ac8-0068dfadc8" "proxy-server 12" 0.0024 "-" 14 0
Oct 3 11:04:40 standalone proxy-server[127504]: 172.18.0.2 ::1 03/Oct/2025/11/04/40 GET /v1/AUTH_dd15d313c43947ae9dbb6c90519464c0/gnocchi.cf323445-2c4a-4d80-8f86-4b9b476f2297%3Fformat%3Djson%26marker%3Dnone_v3%26states%3Dlisting HTTP/1.0 200 - python-swiftclient-3.11.1 gAAAAABo362qBNLY... - 2 - tx66170c4e232e41dc98ac8-0068dfadc8 - 0.0121 - - 1759489480.390950680 1759489480.403090000 0
Oct 3 11:04:40 standalone object-server[125837]: 172.20.0.100 - - [03/Oct/2025:11:04:40 +0000] "GET /d1/557/AUTH_dd15d313c43947ae9dbb6c90519464c0/gnocchi.cf323445-2c4a-4d80-8f86-4b9b476f2297/1759320000.0_mean_300.0_v3" 200 16 "GET http://localhost:8080/v1/AUTH_dd15d313c43947ae9dbb6c90519464c0/gnocchi.cf323445-2c4a-4d80-8f86-4b9b476f2297/1759320000.0_mean_300.0_v3" "tx1f9135e14b2440a085339-0068dfadc8" "proxy-server 12" 0.0010 "-" 23 0
Oct 3 11:04:40 standalone proxy-server[127504]: 172.18.0.2 ::1 03/Oct/2025/11/04/40 GET /v1/AUTH_dd15d313c43947ae9dbb6c90519464c0/gnocchi.cf323445-2c4a-4d80-8f86-4b9b476f2297/1759320000.0_mean_300.0_v3 HTTP/1.0 200 - python-swiftclient-3.11.1 gAAAAABo362qBNLY... - 16 - tx1f9135e14b2440a085339-0068dfadc8 - 0.0167 - - 1759489480.408576012 1759489480.425295830 0
Oct 3 11:04:40 standalone container-server[125679]: 172.20.0.100 - - [03/Oct/2025:11:04:40 +0000] "PUT /d1/618/AUTH_dd15d313c43947ae9dbb6c90519464c0/gnocchi.cf323445-2c4a-4d80-8f86-4b9b476f2297/1759320000.0_mean_300.0_v3" 201 - "PUT http://localhost:8080/d1/557/AUTH_dd15d313c43947ae9dbb6c90519464c0/gnocchi.cf323445-2c4a-4d80-8f86-4b9b476f2297/1759320000.0_mean_300.0_v3" "tx4401f92884d14182b9315-0068dfadc8" "object-server 24" 0.0006 "-" 14 0
Oct 3 11:04:40 standalone object-server[125839]: 172.20.0.100 - - [03/Oct/2025:11:04:40 +0000] "PUT /d1/557/AUTH_dd15d313c43947ae9dbb6c90519464c0/gnocchi.cf323445-2c4a-4d80-8f86-4b9b476f2297/1759320000.0_mean_300.0_v3" 201 - "PUT http://localhost:8080/v1/AUTH_dd15d313c43947ae9dbb6c90519464c0/gnocchi.cf323445-2c4a-4d80-8f86-4b9b476f2297/1759320000.0_mean_300.0_v3" "tx4401f92884d14182b9315-0068dfadc8" "proxy-server 12" 0.0112 "-" 24 0
Oct 3 11:04:40 standalone proxy-server[127504]: 172.18.0.2 ::1 03/Oct/2025/11/04/40 PUT /v1/AUTH_dd15d313c43947ae9dbb6c90519464c0/gnocchi.cf323445-2c4a-4d80-8f86-4b9b476f2297/1759320000.0_mean_300.0_v3 HTTP/1.0 201 - python-swiftclient-3.11.1 gAAAAABo362qBNLY... 16 - - tx4401f92884d14182b9315-0068dfadc8 - 0.0197 - - 1759489480.428607464 1759489480.448258400 0
Oct 3 11:04:40 standalone container-server[125681]: 172.20.0.100 - - [03/Oct/2025:11:04:40 +0000] "PUT /d1/618/AUTH_dd15d313c43947ae9dbb6c90519464c0/gnocchi.cf323445-2c4a-4d80-8f86-4b9b476f2297/none_v3" 201 - "PUT http://localhost:8080/d1/773/AUTH_dd15d313c43947ae9dbb6c90519464c0/gnocchi.cf323445-2c4a-4d80-8f86-4b9b476f2297/none_v3" "txdef95f814dde4112b2186-0068dfadc8" "object-server 24" 0.0006 "-" 15 0
Oct 3 11:04:40 standalone object-server[125839]: 172.20.0.100 - - [03/Oct/2025:11:04:40 +0000] "PUT /d1/773/AUTH_dd15d313c43947ae9dbb6c90519464c0/gnocchi.cf323445-2c4a-4d80-8f86-4b9b476f2297/none_v3" 201 - "PUT http://localhost:8080/v1/AUTH_dd15d313c43947ae9dbb6c90519464c0/gnocchi.cf323445-2c4a-4d80-8f86-4b9b476f2297/none_v3" "txdef95f814dde4112b2186-0068dfadc8" "proxy-server 12" 0.0101 "-" 24 0
Oct 3 11:04:40 standalone proxy-server[127504]: 172.18.0.2 ::1 03/Oct/2025/11/04/40 PUT /v1/AUTH_dd15d313c43947ae9dbb6c90519464c0/gnocchi.cf323445-2c4a-4d80-8f86-4b9b476f2297/none_v3 HTTP/1.0 201 - python-swiftclient-3.11.1 gAAAAABo362qBNLY... 32 - - txdef95f814dde4112b2186-0068dfadc8 - 0.0166 - - 1759489480.451285839 1759489480.467846632 0
Oct 3 11:05:14 standalone account-server[125640]: 172.20.0.100 - - [03/Oct/2025:11:05:14 +0000] "HEAD /d1/252/AUTH_dd15d313c43947ae9dbb6c90519464c0" 204 - "HEAD http://localhost:8080/v1/AUTH_dd15d313c43947ae9dbb6c90519464c0?format=json" "tx41fa42f680194e88aaff2-0068dfadea" "proxy-server 12" 0.0075 "-" 23 -
Oct 3 11:05:14 standalone proxy-server[127504]: - - 03/Oct/2025/11/05/14 HEAD /v1/AUTH_dd15d313c43947ae9dbb6c90519464c0%3Fformat%3Djson HTTP/1.0 204 - Swift - - - - tx41fa42f680194e88aaff2-0068dfadea - 0.0152 RL - 1759489514.013544559 1759489514.028709888 -
Oct 3 11:05:14 standalone container-server[125679]: 172.20.0.100 - - [03/Oct/2025:11:05:14 +0000] "HEAD /d1/210/AUTH_dd15d313c43947ae9dbb6c90519464c0/glance" 204 - "HEAD http://localhost:8080/v1/AUTH_dd15d313c43947ae9dbb6c90519464c0/glance?format=json&states=listing" "tx41fa42f680194e88aaff2-0068dfadea" "proxy-server 12" 0.0124 "-" 14 0
Oct 3 11:05:14 standalone object-server[125839]: 172.20.0.100 - - [03/Oct/2025:11:05:14 +0000] "GET /d1/884/AUTH_dd15d313c43947ae9dbb6c90519464c0/glance/656ffe49-17ad-41a6-8173-1a9d94882191" 200 - "GET http://localhost:8080/v1/AUTH_dd15d313c43947ae9dbb6c90519464c0/glance/656ffe49-17ad-41a6-8173-1a9d94882191" "tx41fa42f680194e88aaff2-0068dfadea" "proxy-server 12" 0.0013 "-" 24 0
Oct 3 11:05:14 standalone container-server[125683]: 172.20.0.100 - - [03/Oct/2025:11:05:14 +0000] "GET /d1/210/AUTH_dd15d313c43947ae9dbb6c90519464c0/glance" 200 210 "GET http://localhost:8080/v1/AUTH_dd15d313c43947ae9dbb6c90519464c0/glance?prefix=656ffe49-17ad-41a6-8173-1a9d94882191-&format=json&states=listing" "tx41fa42f680194e88aaff2-0068dfadea" "proxy-server 12" 0.0036 "-" 16 0
Oct 3 11:05:14 standalone proxy-server[127504]: - - 03/Oct/2025/11/05/14 GET /v1/AUTH_dd15d313c43947ae9dbb6c90519464c0/glance%3Fprefix%3D656ffe49-17ad-41a6-8173-1a9d94882191-%26format%3Djson%26states%3Dlisting HTTP/1.0 200 - python-swiftclient-3.11.1%20DLO%20MultipartGET gAAAAABo363pGfo1... - 210 - tx41fa42f680194e88aaff2-0068dfadea - 0.0069 DLO - 1759489514.142921925 1759489514.149846315 0
Oct 3 11:05:14 standalone object-server[125829]: 172.20.0.100 - - [03/Oct/2025:11:05:14 +0000] "GET /d1/374/AUTH_dd15d313c43947ae9dbb6c90519464c0/glance/656ffe49-17ad-41a6-8173-1a9d94882191-00001" 200 21692416 "GET http://localhost:8080/v1/AUTH_dd15d313c43947ae9dbb6c90519464c0/glance/656ffe49-17ad-41a6-8173-1a9d94882191-00001?multipart-manifest=get" "tx41fa42f680194e88aaff2-0068dfadea" "proxy-server 12" 0.0010 "-" 22 0
Oct 3 11:05:14 standalone proxy-server[127504]: - - 03/Oct/2025/11/05/14 GET /v1/AUTH_dd15d313c43947ae9dbb6c90519464c0/glance/656ffe49-17ad-41a6-8173-1a9d94882191-00001%3Fmultipart-manifest%3Dget HTTP/1.0 200 - python-swiftclient-3.11.1%20%20DLO%20MultipartGET gAAAAABo363pGfo1... - 21692416 - tx41fa42f680194e88aaff2-0068dfadea - 0.0946 DLO - 1759489514.150516748 1759489514.245153427 0
Oct 3 11:05:14 standalone proxy-server[127504]: 172.18.0.2 ::1 03/Oct/2025/11/05/14 GET /v1/AUTH_dd15d313c43947ae9dbb6c90519464c0/glance/656ffe49-17ad-41a6-8173-1a9d94882191 HTTP/1.0 200 - python-swiftclient-3.11.1 gAAAAABo363pGfo1... - 21692416 - tx41fa42f680194e88aaff2-0068dfadea - 0.2353 - - 1759489514.010533094 1759489514.245806932 0
Oct 3 11:05:15 standalone container-server[125681]: 172.20.0.100 - - [03/Oct/2025:11:05:15 +0000] "HEAD /d1/898/AUTH_dd15d313c43947ae9dbb6c90519464c0/gnocchi.c1a32cca-f104-4d79-ba74-46b634a5bdbf" 404 - "HEAD http://localhost:8080/v1/AUTH_dd15d313c43947ae9dbb6c90519464c0/gnocchi.c1a32cca-f104-4d79-ba74-46b634a5bdbf?format=json&states=listing" "tx8b936113ddcc4a819a93e-0068dfadeb" "proxy-server 12" 0.0015 "-" 15 0
Oct 3 11:05:15 standalone object-server[125839]: 172.20.0.100 - - [03/Oct/2025:11:05:15 +0000] "GET /d1/831/AUTH_dd15d313c43947ae9dbb6c90519464c0/gnocchi.c1a32cca-f104-4d79-ba74-46b634a5bdbf/none_v3" 404 70 "GET http://localhost:8080/v1/AUTH_dd15d313c43947ae9dbb6c90519464c0/gnocchi.c1a32cca-f104-4d79-ba74-46b634a5bdbf/none_v3" "tx8b936113ddcc4a819a93e-0068dfadeb" "proxy-server 12" 0.0007 "-" 24 0
Oct 3 11:05:15 standalone proxy-server[127504]: 172.18.0.2 ::1 03/Oct/2025/11/05/15 GET /v1/AUTH_dd15d313c43947ae9dbb6c90519464c0/gnocchi.c1a32cca-f104-4d79-ba74-46b634a5bdbf/none_v3 HTTP/1.0 404 - python-swiftclient-3.11.1 gAAAAABo362qBNLY... - 70 - tx8b936113ddcc4a819a93e-0068dfadeb - 0.0136 - - 1759489515.061994314 1759489515.075606823 0
Oct 3 11:05:15 standalone account-server[125610]: 172.20.0.100 - - [03/Oct/2025:11:05:15 +0000] "PUT /d1/252/AUTH_dd15d313c43947ae9dbb6c90519464c0/gnocchi.c1a32cca-f104-4d79-ba74-46b634a5bdbf" 201 - "PUT http://172.20.0.100:6001/d1/898/AUTH_dd15d313c43947ae9dbb6c90519464c0/gnocchi.c1a32cca-f104-4d79-ba74-46b634a5bdbf" "tx9c5a4cbad31243d392b12-0068dfadeb" "container-server 14" 0.0016 "-" 20 0
Oct 3 11:05:15 standalone container-server[125679]: 172.20.0.100 - - [03/Oct/2025:11:05:15 +0000] "PUT /d1/898/AUTH_dd15d313c43947ae9dbb6c90519464c0/gnocchi.c1a32cca-f104-4d79-ba74-46b634a5bdbf" 201 - "PUT http://localhost:8080/v1/AUTH_dd15d313c43947ae9dbb6c90519464c0/gnocchi.c1a32cca-f104-4d79-ba74-46b634a5bdbf" "tx9c5a4cbad31243d392b12-0068dfadeb" "proxy-server 12" 0.0165 "-" 14 0
Oct 3 11:05:15 standalone proxy-server[127504]: 172.18.0.2 ::1 03/Oct/2025/11/05/15 PUT /v1/AUTH_dd15d313c43947ae9dbb6c90519464c0/gnocchi.c1a32cca-f104-4d79-ba74-46b634a5bdbf HTTP/1.0 201 - python-swiftclient-3.11.1 gAAAAABo362qBNLY... - - - tx9c5a4cbad31243d392b12-0068dfadeb - 0.0281 - - 1759489515.080081224 1759489515.108185768 0
Oct 3 11:05:15 standalone container-server[125694]: 172.20.0.100 - - [03/Oct/2025:11:05:15 +0000] "HEAD /d1/898/AUTH_dd15d313c43947ae9dbb6c90519464c0/gnocchi.c1a32cca-f104-4d79-ba74-46b634a5bdbf" 204 - "HEAD http://localhost:8080/v1/AUTH_dd15d313c43947ae9dbb6c90519464c0/gnocchi.c1a32cca-f104-4d79-ba74-46b634a5bdbf?format=json&states=listing" "tx0b5bdc6a734f4b85a6a8c-0068dfadeb" "proxy-server 12" 0.0019 "-" 20 0
Oct 3 11:05:15 standalone proxy-server[127504]: - - 03/Oct/2025/11/05/15 HEAD /v1/AUTH_dd15d313c43947ae9dbb6c90519464c0/gnocchi.c1a32cca-f104-4d79-ba74-46b634a5bdbf%3Fformat%3Djson%26states%3Dlisting HTTP/1.0 204 - Swift - - - - tx0b5bdc6a734f4b85a6a8c-0068dfadeb - 0.0098 RL - 1759489515.117933989 1759489515.127740860 0
Oct 3 11:05:15 standalone container-server[125681]: 172.20.0.100 - - [03/Oct/2025:11:05:15 +0000] "GET /d1/898/AUTH_dd15d313c43947ae9dbb6c90519464c0/gnocchi.c1a32cca-f104-4d79-ba74-46b634a5bdbf" 200 2 "GET http://localhost:8080/v1/AUTH_dd15d313c43947ae9dbb6c90519464c0/gnocchi.c1a32cca-f104-4d79-ba74-46b634a5bdbf?format=json&states=listing" "tx0b5bdc6a734f4b85a6a8c-0068dfadeb" "proxy-server 12" 0.0036 "-" 15 0
Oct 3 11:05:15 standalone proxy-server[127504]: 172.18.0.2 ::1 03/Oct/2025/11/05/15 GET /v1/AUTH_dd15d313c43947ae9dbb6c90519464c0/gnocchi.c1a32cca-f104-4d79-ba74-46b634a5bdbf%3Fformat%3Djson%26states%3Dlisting HTTP/1.0 200 - python-swiftclient-3.11.1 gAAAAABo362qBNLY... - 2 - tx0b5bdc6a734f4b85a6a8c-0068dfadeb - 0.0230 - - 1759489515.116272688 1759489515.139259338 0
Oct 3 11:05:15 standalone object-server[125841]: 172.20.0.100 - - [03/Oct/2025:11:05:15 +0000] "GET /d1/118/AUTH_dd15d313c43947ae9dbb6c90519464c0/gnocchi.c1a32cca-f104-4d79-ba74-46b634a5bdbf/1759320000.0_mean_300.0_v3" 404 70 "GET http://localhost:8080/v1/AUTH_dd15d313c43947ae9dbb6c90519464c0/gnocchi.c1a32cca-f104-4d79-ba74-46b634a5bdbf/1759320000.0_mean_300.0_v3" "tx8f96b8f56db44a098c209-0068dfadeb" "proxy-server 12" 0.0007 "-" 25 0
Oct 3 11:05:15 standalone proxy-server[127504]: 172.18.0.2 ::1 03/Oct/2025/11/05/15 GET /v1/AUTH_dd15d313c43947ae9dbb6c90519464c0/gnocchi.c1a32cca-f104-4d79-ba74-46b634a5bdbf/1759320000.0_mean_300.0_v3 HTTP/1.0 404 - python-swiftclient-3.11.1 gAAAAABo362qBNLY... - 70 - tx8f96b8f56db44a098c209-0068dfadeb - 0.0078 - - 1759489515.148261786 1759489515.156092405 0
Oct 3 11:05:15 standalone container-server[125681]: 172.20.0.100 - - [03/Oct/2025:11:05:15 +0000] "PUT /d1/898/AUTH_dd15d313c43947ae9dbb6c90519464c0/gnocchi.c1a32cca-f104-4d79-ba74-46b634a5bdbf/1759320000.0_mean_300.0_v3" 201 - "PUT http://localhost:8080/d1/118/AUTH_dd15d313c43947ae9dbb6c90519464c0/gnocchi.c1a32cca-f104-4d79-ba74-46b634a5bdbf/1759320000.0_mean_300.0_v3" "txdd2e58b8ef7f48998a4e4-0068dfadeb" "object-server 25" 0.0019 "-" 15 0
Oct 3 11:05:15 standalone object-server[125841]: 172.20.0.100 - - [03/Oct/2025:11:05:15 +0000] "PUT /d1/118/AUTH_dd15d313c43947ae9dbb6c90519464c0/gnocchi.c1a32cca-f104-4d79-ba74-46b634a5bdbf/1759320000.0_mean_300.0_v3" 201 - "PUT http://localhost:8080/v1/AUTH_dd15d313c43947ae9dbb6c90519464c0/gnocchi.c1a32cca-f104-4d79-ba74-46b634a5bdbf/1759320000.0_mean_300.0_v3" "txdd2e58b8ef7f48998a4e4-0068dfadeb" "proxy-server 12" 0.0370 "-" 25 0
Oct 3 11:05:15 standalone proxy-server[127504]: 172.18.0.2 ::1 03/Oct/2025/11/05/15 PUT /v1/AUTH_dd15d313c43947ae9dbb6c90519464c0/gnocchi.c1a32cca-f104-4d79-ba74-46b634a5bdbf/1759320000.0_mean_300.0_v3 HTTP/1.0 201 - python-swiftclient-3.11.1 gAAAAABo362qBNLY... 16 - - txdd2e58b8ef7f48998a4e4-0068dfadeb - 0.0456 - - 1759489515.160027027 1759489515.205587626 0
Oct 3 11:05:15 standalone container-server[125694]: 172.20.0.100 - - [03/Oct/2025:11:05:15 +0000] "PUT /d1/898/AUTH_dd15d313c43947ae9dbb6c90519464c0/gnocchi.c1a32cca-f104-4d79-ba74-46b634a5bdbf/none_v3" 201 - "PUT http://localhost:8080/d1/831/AUTH_dd15d313c43947ae9dbb6c90519464c0/gnocchi.c1a32cca-f104-4d79-ba74-46b634a5bdbf/none_v3" "tx00e2f972c24249bd91391-0068dfadeb" "object-server 25" 0.0005 "-" 20 0
Oct 3 11:05:15 standalone object-server[125841]: 172.20.0.100 - - [03/Oct/2025:11:05:15 +0000] "PUT /d1/831/AUTH_dd15d313c43947ae9dbb6c90519464c0/gnocchi.c1a32cca-f104-4d79-ba74-46b634a5bdbf/none_v3" 201 - "PUT http://localhost:8080/v1/AUTH_dd15d313c43947ae9dbb6c90519464c0/gnocchi.c1a32cca-f104-4d79-ba74-46b634a5bdbf/none_v3" "tx00e2f972c24249bd91391-0068dfadeb" "proxy-server 12" 0.0095 "-" 25 0
Oct 3 11:05:15 standalone proxy-server[127504]: 172.18.0.2 ::1 03/Oct/2025/11/05/15 PUT /v1/AUTH_dd15d313c43947ae9dbb6c90519464c0/gnocchi.c1a32cca-f104-4d79-ba74-46b634a5bdbf/none_v3 HTTP/1.0 201 - python-swiftclient-3.11.1 gAAAAABo362qBNLY... 22 - - tx00e2f972c24249bd91391-0068dfadeb - 0.0186 - - 1759489515.212525845 1759489515.231161833 0
Oct 3 11:05:15 standalone container-server[125683]: 172.20.0.100 - - [03/Oct/2025:11:05:15 +0000] "HEAD /d1/338/AUTH_dd15d313c43947ae9dbb6c90519464c0/gnocchi.561978ac-1878-43f7-a8f2-805619cf53f8" 404 - "HEAD http://localhost:8080/v1/AUTH_dd15d313c43947ae9dbb6c90519464c0/gnocchi.561978ac-1878-43f7-a8f2-805619cf53f8?format=json&states=listing" "tx2763d9f33d70465889b7a-0068dfadeb" "proxy-server 12" 0.0007 "-" 16 0
Oct 3 11:05:15 standalone object-server[125839]: 172.20.0.100 - - [03/Oct/2025:11:05:15 +0000] "GET /d1/645/AUTH_dd15d313c43947ae9dbb6c90519464c0/gnocchi.561978ac-1878-43f7-a8f2-805619cf53f8/none_v3" 404 70 "GET http://localhost:8080/v1/AUTH_dd15d313c43947ae9dbb6c90519464c0/gnocchi.561978ac-1878-43f7-a8f2-805619cf53f8/none_v3" "tx2763d9f33d70465889b7a-0068dfadeb" "proxy-server 12" 0.0007 "-" 24 0
Oct 3 11:05:15 standalone proxy-server[127504]: 172.18.0.2 ::1 03/Oct/2025/11/05/15 GET /v1/AUTH_dd15d313c43947ae9dbb6c90519464c0/gnocchi.561978ac-1878-43f7-a8f2-805619cf53f8/none_v3 HTTP/1.0 404 - python-swiftclient-3.11.1 gAAAAABo362qBNLY... - 70 - tx2763d9f33d70465889b7a-0068dfadeb - 0.0148 - - 1759489515.245270491 1759489515.260062695 0
Oct 3 11:05:15 standalone account-server[125640]: 172.20.0.100 - - [03/Oct/2025:11:05:15 +0000] "PUT /d1/252/AUTH_dd15d313c43947ae9dbb6c90519464c0/gnocchi.561978ac-1878-43f7-a8f2-805619cf53f8" 201 - "PUT http://172.20.0.100:6001/d1/338/AUTH_dd15d313c43947ae9dbb6c90519464c0/gnocchi.561978ac-1878-43f7-a8f2-805619cf53f8" "txa9ad2d2b1d5b433193ce0-0068dfadeb" "container-server 16" 0.0072 "-" 23 0
Oct 3 11:05:15 standalone container-server[125683]: 172.20.0.100 - - [03/Oct/2025:11:05:15 +0000] "PUT /d1/338/AUTH_dd15d313c43947ae9dbb6c90519464c0/gnocchi.561978ac-1878-43f7-a8f2-805619cf53f8" 201 - "PUT http://localhost:8080/v1/AUTH_dd15d313c43947ae9dbb6c90519464c0/gnocchi.561978ac-1878-43f7-a8f2-805619cf53f8" "txa9ad2d2b1d5b433193ce0-0068dfadeb" "proxy-server 12" 0.0225 "-" 16 0
Oct 3 11:05:15 standalone proxy-server[127504]: 172.18.0.2 ::1 03/Oct/2025/11/05/15 PUT /v1/AUTH_dd15d313c43947ae9dbb6c90519464c0/gnocchi.561978ac-1878-43f7-a8f2-805619cf53f8 HTTP/1.0 201 - python-swiftclient-3.11.1 gAAAAABo362qBNLY... - - - txa9ad2d2b1d5b433193ce0-0068dfadeb - 0.0295 - - 1759489515.263646364 1759489515.293189049 0
Oct 3 11:05:15 standalone container-server[125694]: 172.20.0.100 - - [03/Oct/2025:11:05:15 +0000] "HEAD /d1/338/AUTH_dd15d313c43947ae9dbb6c90519464c0/gnocchi.561978ac-1878-43f7-a8f2-805619cf53f8" 204 - "HEAD http://localhost:8080/v1/AUTH_dd15d313c43947ae9dbb6c90519464c0/gnocchi.561978ac-1878-43f7-a8f2-805619cf53f8?format=json&states=listing" "txf9332ef09e3240eeb3460-0068dfadeb" "proxy-server 12" 0.0023 "-" 20 0
Oct 3 11:05:15 standalone proxy-server[127504]: - - 03/Oct/2025/11/05/15 HEAD /v1/AUTH_dd15d313c43947ae9dbb6c90519464c0/gnocchi.561978ac-1878-43f7-a8f2-805619cf53f8%3Fformat%3Djson%26states%3Dlisting HTTP/1.0 204 - Swift - - - - txf9332ef09e3240eeb3460-0068dfadeb - 0.0073 RL - 1759489515.299833536 1759489515.307083607 0
Oct 3 11:05:15 standalone container-server[125694]: 172.20.0.100 - - [03/Oct/2025:11:05:15 +0000] "GET /d1/338/AUTH_dd15d313c43947ae9dbb6c90519464c0/gnocchi.561978ac-1878-43f7-a8f2-805619cf53f8" 200 2 "GET http://localhost:8080/v1/AUTH_dd15d313c43947ae9dbb6c90519464c0/gnocchi.561978ac-1878-43f7-a8f2-805619cf53f8?format=json&states=listing" "txf9332ef09e3240eeb3460-0068dfadeb" "proxy-server 12" 0.0050 "-" 20 0
Oct 3 11:05:15 standalone proxy-server[127504]: 172.18.0.2 ::1 03/Oct/2025/11/05/15 GET /v1/AUTH_dd15d313c43947ae9dbb6c90519464c0/gnocchi.561978ac-1878-43f7-a8f2-805619cf53f8%3Fformat%3Djson%26states%3Dlisting HTTP/1.0 200 - python-swiftclient-3.11.1 gAAAAABo362qBNLY... - 2 - txf9332ef09e3240eeb3460-0068dfadeb - 0.0247 - - 1759489515.297659159 1759489515.322391748 0
Oct 3 11:05:15 standalone object-server[125839]: 172.20.0.100 - - [03/Oct/2025:11:05:15 +0000] "GET /d1/599/AUTH_dd15d313c43947ae9dbb6c90519464c0/gnocchi.561978ac-1878-43f7-a8f2-805619cf53f8/1759320000.0_mean_300.0_v3" 404 70 "GET http://localhost:8080/v1/AUTH_dd15d313c43947ae9dbb6c90519464c0/gnocchi.561978ac-1878-43f7-a8f2-805619cf53f8/1759320000.0_mean_300.0_v3" "tx8185d588efb746f59d8f9-0068dfadeb" "proxy-server 12" 0.0004 "-" 24 0
Oct 3 11:05:15 standalone proxy-server[127504]: 172.18.0.2 ::1 03/Oct/2025/11/05/15 GET /v1/AUTH_dd15d313c43947ae9dbb6c90519464c0/gnocchi.561978ac-1878-43f7-a8f2-805619cf53f8/1759320000.0_mean_300.0_v3 HTTP/1.0 404 - python-swiftclient-3.11.1 gAAAAABo362qBNLY... - 70 - tx8185d588efb746f59d8f9-0068dfadeb - 0.0079 - - 1759489515.326664925 1759489515.334544420 0
Oct 3 11:05:15 standalone container-server[125681]: 172.20.0.100 - - [03/Oct/2025:11:05:15 +0000] "PUT /d1/338/AUTH_dd15d313c43947ae9dbb6c90519464c0/gnocchi.561978ac-1878-43f7-a8f2-805619cf53f8/1759320000.0_mean_300.0_v3" 201 - "PUT http://localhost:8080/d1/599/AUTH_dd15d313c43947ae9dbb6c90519464c0/gnocchi.561978ac-1878-43f7-a8f2-805619cf53f8/1759320000.0_mean_300.0_v3" "txf8676db8c972430188150-0068dfadeb" "object-server 23" 0.0009 "-" 15 0
Oct 3 11:05:15 standalone object-server[125837]: 172.20.0.100 - - [03/Oct/2025:11:05:15 +0000] "PUT /d1/599/AUTH_dd15d313c43947ae9dbb6c90519464c0/gnocchi.561978ac-1878-43f7-a8f2-805619cf53f8/1759320000.0_mean_300.0_v3" 201 - "PUT http://localhost:8080/v1/AUTH_dd15d313c43947ae9dbb6c90519464c0/gnocchi.561978ac-1878-43f7-a8f2-805619cf53f8/1759320000.0_mean_300.0_v3" "txf8676db8c972430188150-0068dfadeb" "proxy-server 12" 0.0186 "-" 23 0
Oct 3 11:05:15 standalone proxy-server[127504]: 172.18.0.2 ::1 03/Oct/2025/11/05/15 PUT /v1/AUTH_dd15d313c43947ae9dbb6c90519464c0/gnocchi.561978ac-1878-43f7-a8f2-805619cf53f8/1759320000.0_mean_300.0_v3 HTTP/1.0 201 - python-swiftclient-3.11.1 gAAAAABo362qBNLY... 16 - - txf8676db8c972430188150-0068dfadeb - 0.0259 - - 1759489515.338275671 1759489515.364140034 0
Oct 3 11:05:15 standalone container-server[125683]: 172.20.0.100 - - [03/Oct/2025:11:05:15 +0000] "PUT /d1/338/AUTH_dd15d313c43947ae9dbb6c90519464c0/gnocchi.561978ac-1878-43f7-a8f2-805619cf53f8/none_v3" 201 - "PUT http://localhost:8080/d1/645/AUTH_dd15d313c43947ae9dbb6c90519464c0/gnocchi.561978ac-1878-43f7-a8f2-805619cf53f8/none_v3" "tx0ea6ee52f72c486c8a247-0068dfadeb" "object-server 24" 0.0011 "-" 16 0
Oct 3 11:05:15 standalone object-server[125839]: 172.20.0.100 - - [03/Oct/2025:11:05:15 +0000] "PUT /d1/645/AUTH_dd15d313c43947ae9dbb6c90519464c0/gnocchi.561978ac-1878-43f7-a8f2-805619cf53f8/none_v3" 201 - "PUT http://localhost:8080/v1/AUTH_dd15d313c43947ae9dbb6c90519464c0/gnocchi.561978ac-1878-43f7-a8f2-805619cf53f8/none_v3" "tx0ea6ee52f72c486c8a247-0068dfadeb" "proxy-server 12" 0.0139 "-" 24 0
Oct 3 11:05:15 standalone proxy-server[127504]: 172.18.0.2 ::1 03/Oct/2025/11/05/15 PUT /v1/AUTH_dd15d313c43947ae9dbb6c90519464c0/gnocchi.561978ac-1878-43f7-a8f2-805619cf53f8/none_v3 HTTP/1.0 201 - python-swiftclient-3.11.1 gAAAAABo362qBNLY... 22 - - tx0ea6ee52f72c486c8a247-0068dfadeb - 0.0243 - - 1759489515.368313789 1759489515.392647266 0
Oct 3 11:05:19 standalone container-server[125679]: 172.20.0.100 - - [03/Oct/2025:11:05:19 +0000] "HEAD /d1/414/AUTH_dd15d313c43947ae9dbb6c90519464c0/gnocchi.6a9de175-0a55-4955-a134-e60fd7c4c802" 404 - "HEAD http://localhost:8080/v1/AUTH_dd15d313c43947ae9dbb6c90519464c0/gnocchi.6a9de175-0a55-4955-a134-e60fd7c4c802?format=json&states=listing" "tx177d98e25e5b487c863a3-0068dfadef" "proxy-server 12" 0.0008 "-" 14 0
Oct 3 11:05:19 standalone object-server[125837]: 172.20.0.100 - - [03/Oct/2025:11:05:19 +0000] "GET /d1/816/AUTH_dd15d313c43947ae9dbb6c90519464c0/gnocchi.6a9de175-0a55-4955-a134-e60fd7c4c802/none_v3" 404 70 "GET http://localhost:8080/v1/AUTH_dd15d313c43947ae9dbb6c90519464c0/gnocchi.6a9de175-0a55-4955-a134-e60fd7c4c802/none_v3" "tx177d98e25e5b487c863a3-0068dfadef" "proxy-server 12" 0.0008 "-" 23 0
Oct 3 11:05:19 standalone proxy-server[127504]: 172.18.0.2 ::1 03/Oct/2025/11/05/19 GET /v1/AUTH_dd15d313c43947ae9dbb6c90519464c0/gnocchi.6a9de175-0a55-4955-a134-e60fd7c4c802/none_v3 HTTP/1.0 404 - python-swiftclient-3.11.1 gAAAAABo362qBNLY... - 70 - tx177d98e25e5b487c863a3-0068dfadef - 0.0161 - - 1759489519.666802168 1759489519.682896852 0
Oct 3 11:05:19 standalone account-server[125619]: 172.20.0.100 - - [03/Oct/2025:11:05:19 +0000] "PUT /d1/252/AUTH_dd15d313c43947ae9dbb6c90519464c0/gnocchi.6a9de175-0a55-4955-a134-e60fd7c4c802" 201 - "PUT http://172.20.0.100:6001/d1/414/AUTH_dd15d313c43947ae9dbb6c90519464c0/gnocchi.6a9de175-0a55-4955-a134-e60fd7c4c802" "txa4e9149c12ee46118348e-0068dfadef" "container-server 14" 0.0051 "-" 21 0
Oct 3 11:05:19 standalone container-server[125679]: 172.20.0.100 - - [03/Oct/2025:11:05:19 +0000] "PUT /d1/414/AUTH_dd15d313c43947ae9dbb6c90519464c0/gnocchi.6a9de175-0a55-4955-a134-e60fd7c4c802" 201 - "PUT http://localhost:8080/v1/AUTH_dd15d313c43947ae9dbb6c90519464c0/gnocchi.6a9de175-0a55-4955-a134-e60fd7c4c802" "txa4e9149c12ee46118348e-0068dfadef" "proxy-server 12" 0.0187 "-" 14 0
Oct 3 11:05:19 standalone proxy-server[127504]: 172.18.0.2 ::1 03/Oct/2025/11/05/19 PUT /v1/AUTH_dd15d313c43947ae9dbb6c90519464c0/gnocchi.6a9de175-0a55-4955-a134-e60fd7c4c802 HTTP/1.0 201 - python-swiftclient-3.11.1 gAAAAABo362qBNLY... - - - txa4e9149c12ee46118348e-0068dfadef - 0.0257 - - 1759489519.687499285 1759489519.713227034 0
Oct 3 11:05:19 standalone container-server[125681]: 172.20.0.100 - - [03/Oct/2025:11:05:19 +0000] "HEAD /d1/414/AUTH_dd15d313c43947ae9dbb6c90519464c0/gnocchi.6a9de175-0a55-4955-a134-e60fd7c4c802" 204 - "HEAD http://localhost:8080/v1/AUTH_dd15d313c43947ae9dbb6c90519464c0/gnocchi.6a9de175-0a55-4955-a134-e60fd7c4c802?format=json&states=listing" "tx7c8432ea5459420d98ac5-0068dfadef" "proxy-server 12" 0.0012 "-" 15 0
Oct 3 11:05:19 standalone proxy-server[127504]: - - 03/Oct/2025/11/05/19 HEAD /v1/AUTH_dd15d313c43947ae9dbb6c90519464c0/gnocchi.6a9de175-0a55-4955-a134-e60fd7c4c802%3Fformat%3Djson%26states%3Dlisting HTTP/1.0 204 - Swift - - - - tx7c8432ea5459420d98ac5-0068dfadef - 0.0075 RL - 1759489519.723105431 1759489519.730636358 0
Oct 3 11:05:19 standalone container-server[125681]: 172.20.0.100 - - [03/Oct/2025:11:05:19 +0000] "GET /d1/414/AUTH_dd15d313c43947ae9dbb6c90519464c0/gnocchi.6a9de175-0a55-4955-a134-e60fd7c4c802" 200 2 "GET http://localhost:8080/v1/AUTH_dd15d313c43947ae9dbb6c90519464c0/gnocchi.6a9de175-0a55-4955-a134-e60fd7c4c802?format=json&states=listing" "tx7c8432ea5459420d98ac5-0068dfadef" "proxy-server 12" 0.0016 "-" 15 0
Oct 3 11:05:19 standalone proxy-server[127504]: 172.18.0.2 ::1 03/Oct/2025/11/05/19 GET /v1/AUTH_dd15d313c43947ae9dbb6c90519464c0/gnocchi.6a9de175-0a55-4955-a134-e60fd7c4c802%3Fformat%3Djson%26states%3Dlisting HTTP/1.0 200 - python-swiftclient-3.11.1 gAAAAABo362qBNLY... - 2 - tx7c8432ea5459420d98ac5-0068dfadef - 0.0287 - - 1759489519.718324900 1759489519.747057199 0
