Oct 3 11:07:32 standalone container-server[125694]: 172.20.0.100 - - [03/Oct/2025:11:07:32 +0000] "HEAD /d1/710/AUTH_dd15d313c43947ae9dbb6c90519464c0/gnocchi.afa457df-63f0-43ab-94fd-24ead5ad08eb" 404 - "HEAD http://localhost:8080/v1/AUTH_dd15d313c43947ae9dbb6c90519464c0/gnocchi.afa457df-63f0-43ab-94fd-24ead5ad08eb?format=json&states=listing" "tx803134df98ef494f8dda6-0068dfae74" "proxy-server 12" 0.0006 "-" 20 0
Oct 3 11:07:32 standalone object-server[125841]: 172.20.0.100 - - [03/Oct/2025:11:07:32 +0000] "GET /d1/179/AUTH_dd15d313c43947ae9dbb6c90519464c0/gnocchi.afa457df-63f0-43ab-94fd-24ead5ad08eb/none_v3" 404 70 "GET http://localhost:8080/v1/AUTH_dd15d313c43947ae9dbb6c90519464c0/gnocchi.afa457df-63f0-43ab-94fd-24ead5ad08eb/none_v3" "tx803134df98ef494f8dda6-0068dfae74" "proxy-server 12" 0.0005 "-" 25 0
Oct 3 11:07:32 standalone proxy-server[127504]: 172.18.0.2 ::1 03/Oct/2025/11/07/32 GET /v1/AUTH_dd15d313c43947ae9dbb6c90519464c0/gnocchi.afa457df-63f0-43ab-94fd-24ead5ad08eb/none_v3 HTTP/1.0 404 - python-swiftclient-3.11.1 gAAAAABo362qBNLY... - 70 - tx803134df98ef494f8dda6-0068dfae74 - 0.0163 - - 1759489652.347204447 1759489652.363509655 0
Oct 3 11:07:32 standalone account-server[125640]: 172.20.0.100 - - [03/Oct/2025:11:07:32 +0000] "PUT /d1/252/AUTH_dd15d313c43947ae9dbb6c90519464c0/gnocchi.afa457df-63f0-43ab-94fd-24ead5ad08eb" 201 - "PUT http://172.20.0.100:6001/d1/710/AUTH_dd15d313c43947ae9dbb6c90519464c0/gnocchi.afa457df-63f0-43ab-94fd-24ead5ad08eb" "txa80badf1d87a48fa9c705-0068dfae74" "container-server 15" 0.0059 "-" 23 0
Oct 3 11:07:32 standalone container-server[125681]: 172.20.0.100 - - [03/Oct/2025:11:07:32 +0000] "PUT /d1/710/AUTH_dd15d313c43947ae9dbb6c90519464c0/gnocchi.afa457df-63f0-43ab-94fd-24ead5ad08eb" 201 - "PUT http://localhost:8080/v1/AUTH_dd15d313c43947ae9dbb6c90519464c0/gnocchi.afa457df-63f0-43ab-94fd-24ead5ad08eb" "txa80badf1d87a48fa9c705-0068dfae74" "proxy-server 12" 0.0228 "-" 15 0
Oct 3 11:07:32 standalone proxy-server[127504]: 172.18.0.2 ::1 03/Oct/2025/11/07/32 PUT /v1/AUTH_dd15d313c43947ae9dbb6c90519464c0/gnocchi.afa457df-63f0-43ab-94fd-24ead5ad08eb HTTP/1.0 201 - python-swiftclient-3.11.1 gAAAAABo362qBNLY... - - - txa80badf1d87a48fa9c705-0068dfae74 - 0.0351 - - 1759489652.368780136 1759489652.403906107 0
Oct 3 11:07:32 standalone container-server[125681]: 172.20.0.100 - - [03/Oct/2025:11:07:32 +0000] "HEAD /d1/331/AUTH_dd15d313c43947ae9dbb6c90519464c0/gnocchi.ac32c095-c23f-4ba1-bd6f-27e0cf1a116b" 204 - "HEAD http://localhost:8080/v1/AUTH_dd15d313c43947ae9dbb6c90519464c0/gnocchi.ac32c095-c23f-4ba1-bd6f-27e0cf1a116b?format=json&states=listing" "txf2145ff5889442bca2886-0068dfae74" "proxy-server 12" 0.0012 "-" 15 0
Oct 3 11:07:32 standalone proxy-server[127504]: - - 03/Oct/2025/11/07/32 HEAD /v1/AUTH_dd15d313c43947ae9dbb6c90519464c0/gnocchi.ac32c095-c23f-4ba1-bd6f-27e0cf1a116b%3Fformat%3Djson%26states%3Dlisting HTTP/1.0 204 - Swift - - - - txf2145ff5889442bca2886-0068dfae74 - 0.0072 RL - 1759489652.414864779 1759489652.422097206 0
Oct 3 11:07:32 standalone container-server[125679]: 172.20.0.100 - - [03/Oct/2025:11:07:32 +0000] "GET /d1/331/AUTH_dd15d313c43947ae9dbb6c90519464c0/gnocchi.ac32c095-c23f-4ba1-bd6f-27e0cf1a116b" 200 2 "GET http://localhost:8080/v1/AUTH_dd15d313c43947ae9dbb6c90519464c0/gnocchi.ac32c095-c23f-4ba1-bd6f-27e0cf1a116b?format=json&states=listing" "txf2145ff5889442bca2886-0068dfae74" "proxy-server 12" 0.0032 "-" 14 0
Oct 3 11:07:32 standalone proxy-server[127504]: 172.18.0.2 ::1 03/Oct/2025/11/07/32 GET /v1/AUTH_dd15d313c43947ae9dbb6c90519464c0/gnocchi.ac32c095-c23f-4ba1-bd6f-27e0cf1a116b%3Fformat%3Djson%26states%3Dlisting HTTP/1.0 200 - python-swiftclient-3.11.1 gAAAAABo362qBNLY... - 2 - txf2145ff5889442bca2886-0068dfae74 - 0.0243 - - 1759489652.412475109 1759489652.436782122 0
Oct 3 11:07:32 standalone container-server[125683]: 172.20.0.100 - - [03/Oct/2025:11:07:32 +0000] "HEAD /d1/710/AUTH_dd15d313c43947ae9dbb6c90519464c0/gnocchi.afa457df-63f0-43ab-94fd-24ead5ad08eb" 204 - "HEAD http://localhost:8080/v1/AUTH_dd15d313c43947ae9dbb6c90519464c0/gnocchi.afa457df-63f0-43ab-94fd-24ead5ad08eb?format=json&states=listing" "tx79020059d63a438ab4a25-0068dfae74" "proxy-server 12" 0.0024 "-" 16 0
Oct 3 11:07:32 standalone proxy-server[127504]: - - 03/Oct/2025/11/07/32 HEAD /v1/AUTH_dd15d313c43947ae9dbb6c90519464c0/gnocchi.afa457df-63f0-43ab-94fd-24ead5ad08eb%3Fformat%3Djson%26states%3Dlisting HTTP/1.0 204 - Swift - - - - tx79020059d63a438ab4a25-0068dfae74 - 0.0060 RL - 1759489652.444796324 1759489652.450801611 0
Oct 3 11:07:32 standalone container-server[125694]: 172.20.0.100 - - [03/Oct/2025:11:07:32 +0000] "GET /d1/710/AUTH_dd15d313c43947ae9dbb6c90519464c0/gnocchi.afa457df-63f0-43ab-94fd-24ead5ad08eb" 200 2 "GET http://localhost:8080/v1/AUTH_dd15d313c43947ae9dbb6c90519464c0/gnocchi.afa457df-63f0-43ab-94fd-24ead5ad08eb?format=json&states=listing" "tx79020059d63a438ab4a25-0068dfae74" "proxy-server 12" 0.0020 "-" 20 0
Oct 3 11:07:32 standalone proxy-server[127504]: 172.18.0.2 ::1 03/Oct/2025/11/07/32 GET /v1/AUTH_dd15d313c43947ae9dbb6c90519464c0/gnocchi.afa457df-63f0-43ab-94fd-24ead5ad08eb%3Fformat%3Djson%26states%3Dlisting HTTP/1.0 200 - python-swiftclient-3.11.1 gAAAAABo362qBNLY... - 2 - tx79020059d63a438ab4a25-0068dfae74 - 0.0139 - - 1759489652.443749428 1759489652.457638025 0
Oct 3 11:07:32 standalone object-server[125841]: 172.20.0.100 - - [03/Oct/2025:11:07:32 +0000] "GET /d1/601/AUTH_dd15d313c43947ae9dbb6c90519464c0/gnocchi.ac32c095-c23f-4ba1-bd6f-27e0cf1a116b/1759320000.0_mean_300.0_v3" 404 70 "GET http://localhost:8080/v1/AUTH_dd15d313c43947ae9dbb6c90519464c0/gnocchi.ac32c095-c23f-4ba1-bd6f-27e0cf1a116b/1759320000.0_mean_300.0_v3" "tx962ee961d97044bd899be-0068dfae74" "proxy-server 12" 0.0005 "-" 25 0
Oct 3 11:07:32 standalone proxy-server[127504]: 172.18.0.2 ::1 03/Oct/2025/11/07/32 GET /v1/AUTH_dd15d313c43947ae9dbb6c90519464c0/gnocchi.ac32c095-c23f-4ba1-bd6f-27e0cf1a116b/1759320000.0_mean_300.0_v3 HTTP/1.0 404 - python-swiftclient-3.11.1 gAAAAABo362qBNLY... - 70 - tx962ee961d97044bd899be-0068dfae74 - 0.0051 - - 1759489652.463026285 1759489652.468121052 0
Oct 3 11:07:32 standalone object-server[125841]: 172.20.0.100 - - [03/Oct/2025:11:07:32 +0000] "GET /d1/893/AUTH_dd15d313c43947ae9dbb6c90519464c0/gnocchi.afa457df-63f0-43ab-94fd-24ead5ad08eb/1759320000.0_mean_300.0_v3" 404 70 "GET http://localhost:8080/v1/AUTH_dd15d313c43947ae9dbb6c90519464c0/gnocchi.afa457df-63f0-43ab-94fd-24ead5ad08eb/1759320000.0_mean_300.0_v3" "txaf7673866aac40e5ba804-0068dfae74" "proxy-server 12" 0.0003 "-" 25 0
Oct 3 11:07:32 standalone proxy-server[127504]: 172.18.0.2 ::1 03/Oct/2025/11/07/32 GET /v1/AUTH_dd15d313c43947ae9dbb6c90519464c0/gnocchi.afa457df-63f0-43ab-94fd-24ead5ad08eb/1759320000.0_mean_300.0_v3 HTTP/1.0 404 - python-swiftclient-3.11.1 gAAAAABo362qBNLY... - 70 - txaf7673866aac40e5ba804-0068dfae74 - 0.0045 - - 1759489652.471615791 1759489652.476093769 0
Oct 3 11:07:32 standalone container-server[125681]: 172.20.0.100 - - [03/Oct/2025:11:07:32 +0000] "PUT /d1/331/AUTH_dd15d313c43947ae9dbb6c90519464c0/gnocchi.ac32c095-c23f-4ba1-bd6f-27e0cf1a116b/1759320000.0_mean_300.0_v3" 201 - "PUT http://localhost:8080/d1/601/AUTH_dd15d313c43947ae9dbb6c90519464c0/gnocchi.ac32c095-c23f-4ba1-bd6f-27e0cf1a116b/1759320000.0_mean_300.0_v3" "txbb84d0aa9ed64268987e8-0068dfae74" "object-server 22" 0.0004 "-" 15 0
Oct 3 11:07:32 standalone object-server[125829]: 172.20.0.100 - - [03/Oct/2025:11:07:32 +0000] "PUT /d1/601/AUTH_dd15d313c43947ae9dbb6c90519464c0/gnocchi.ac32c095-c23f-4ba1-bd6f-27e0cf1a116b/1759320000.0_mean_300.0_v3" 201 - "PUT http://localhost:8080/v1/AUTH_dd15d313c43947ae9dbb6c90519464c0/gnocchi.ac32c095-c23f-4ba1-bd6f-27e0cf1a116b/1759320000.0_mean_300.0_v3" "txbb84d0aa9ed64268987e8-0068dfae74" "proxy-server 12" 0.0112 "-" 22 0
Oct 3 11:07:32 standalone proxy-server[127504]: 172.18.0.2 ::1 03/Oct/2025/11/07/32 PUT /v1/AUTH_dd15d313c43947ae9dbb6c90519464c0/gnocchi.ac32c095-c23f-4ba1-bd6f-27e0cf1a116b/1759320000.0_mean_300.0_v3 HTTP/1.0 201 - python-swiftclient-3.11.1 gAAAAABo362qBNLY... 16 - - txbb84d0aa9ed64268987e8-0068dfae74 - 0.0164 - - 1759489652.480638742 1759489652.497074842 0
Oct 3 11:07:32 standalone container-server[125681]: 172.20.0.100 - - [03/Oct/2025:11:07:32 +0000] "PUT /d1/710/AUTH_dd15d313c43947ae9dbb6c90519464c0/gnocchi.afa457df-63f0-43ab-94fd-24ead5ad08eb/1759320000.0_mean_300.0_v3" 201 - "PUT http://localhost:8080/d1/893/AUTH_dd15d313c43947ae9dbb6c90519464c0/gnocchi.afa457df-63f0-43ab-94fd-24ead5ad08eb/1759320000.0_mean_300.0_v3" "tx3bbf484debe44532b999c-0068dfae74" "object-server 25" 0.0006 "-" 15 0
Oct 3 11:07:32 standalone object-server[125841]: 172.20.0.100 - - [03/Oct/2025:11:07:32 +0000] "PUT /d1/893/AUTH_dd15d313c43947ae9dbb6c90519464c0/gnocchi.afa457df-63f0-43ab-94fd-24ead5ad08eb/1759320000.0_mean_300.0_v3" 201 - "PUT http://localhost:8080/v1/AUTH_dd15d313c43947ae9dbb6c90519464c0/gnocchi.afa457df-63f0-43ab-94fd-24ead5ad08eb/1759320000.0_mean_300.0_v3" "tx3bbf484debe44532b999c-0068dfae74" "proxy-server 12" 0.0097 "-" 25 0
Oct 3 11:07:32 standalone proxy-server[127504]: 172.18.0.2 ::1 03/Oct/2025/11/07/32 PUT /v1/AUTH_dd15d313c43947ae9dbb6c90519464c0/gnocchi.afa457df-63f0-43ab-94fd-24ead5ad08eb/1759320000.0_mean_300.0_v3 HTTP/1.0 201 - python-swiftclient-3.11.1 gAAAAABo362qBNLY... 16 - - tx3bbf484debe44532b999c-0068dfae74 - 0.0150 - - 1759489652.503933907 1759489652.518892288 0
Oct 3 11:07:32 standalone container-server[125679]: 172.20.0.100 - - [03/Oct/2025:11:07:32 +0000] "PUT /d1/331/AUTH_dd15d313c43947ae9dbb6c90519464c0/gnocchi.ac32c095-c23f-4ba1-bd6f-27e0cf1a116b/none_v3" 201 - "PUT http://localhost:8080/d1/146/AUTH_dd15d313c43947ae9dbb6c90519464c0/gnocchi.ac32c095-c23f-4ba1-bd6f-27e0cf1a116b/none_v3" "tx6fc3a937375f49e28b506-0068dfae74" "object-server 23" 0.0008 "-" 14 0
Oct 3 11:07:32 standalone object-server[125837]: 172.20.0.100 - - [03/Oct/2025:11:07:32 +0000] "PUT /d1/146/AUTH_dd15d313c43947ae9dbb6c90519464c0/gnocchi.ac32c095-c23f-4ba1-bd6f-27e0cf1a116b/none_v3" 201 - "PUT http://localhost:8080/v1/AUTH_dd15d313c43947ae9dbb6c90519464c0/gnocchi.ac32c095-c23f-4ba1-bd6f-27e0cf1a116b/none_v3" "tx6fc3a937375f49e28b506-0068dfae74" "proxy-server 12" 0.0118 "-" 23 0
Oct 3 11:07:32 standalone proxy-server[127504]: 172.18.0.2 ::1 03/Oct/2025/11/07/32 PUT /v1/AUTH_dd15d313c43947ae9dbb6c90519464c0/gnocchi.ac32c095-c23f-4ba1-bd6f-27e0cf1a116b/none_v3 HTTP/1.0 201 - python-swiftclient-3.11.1 gAAAAABo362qBNLY... 22 - - tx6fc3a937375f49e28b506-0068dfae74 - 0.0193 - - 1759489652.522737980 1759489652.542075634 0
Oct 3 11:07:32 standalone container-server[125679]: 172.20.0.100 - - [03/Oct/2025:11:07:32 +0000] "PUT /d1/710/AUTH_dd15d313c43947ae9dbb6c90519464c0/gnocchi.afa457df-63f0-43ab-94fd-24ead5ad08eb/none_v3" 201 - "PUT http://localhost:8080/d1/179/AUTH_dd15d313c43947ae9dbb6c90519464c0/gnocchi.afa457df-63f0-43ab-94fd-24ead5ad08eb/none_v3" "tx1f815dd38e384143b5a0b-0068dfae74" "object-server 25" 0.0007 "-" 14 0
Oct 3 11:07:32 standalone object-server[125841]: 172.20.0.100 - - [03/Oct/2025:11:07:32 +0000] "PUT /d1/179/AUTH_dd15d313c43947ae9dbb6c90519464c0/gnocchi.afa457df-63f0-43ab-94fd-24ead5ad08eb/none_v3" 201 - "PUT http://localhost:8080/v1/AUTH_dd15d313c43947ae9dbb6c90519464c0/gnocchi.afa457df-63f0-43ab-94fd-24ead5ad08eb/none_v3" "tx1f815dd38e384143b5a0b-0068dfae74" "proxy-server 12" 0.0111 "-" 25 0
Oct 3 11:07:32 standalone proxy-server[127504]: 172.18.0.2 ::1 03/Oct/2025/11/07/32 PUT /v1/AUTH_dd15d313c43947ae9dbb6c90519464c0/gnocchi.afa457df-63f0-43ab-94fd-24ead5ad08eb/none_v3 HTTP/1.0 201 - python-swiftclient-3.11.1 gAAAAABo362qBNLY... 22 - - tx1f815dd38e384143b5a0b-0068dfae74 - 0.0183 - - 1759489652.545907021 1759489652.564203739 0
Oct 3 11:07:32 standalone container-server[125683]: 172.20.0.100 - - [03/Oct/2025:11:07:32 +0000] "HEAD /d1/833/AUTH_dd15d313c43947ae9dbb6c90519464c0/gnocchi.610f9746-15eb-4eba-be5d-559db18a15b4" 404 - "HEAD http://localhost:8080/v1/AUTH_dd15d313c43947ae9dbb6c90519464c0/gnocchi.610f9746-15eb-4eba-be5d-559db18a15b4?format=json&states=listing" "tx666665b7a33c46debacc1-0068dfae74" "proxy-server 12" 0.0005 "-" 16 0
Oct 3 11:07:32 standalone object-server[125837]: 172.20.0.100 - - [03/Oct/2025:11:07:32 +0000] "GET /d1/613/AUTH_dd15d313c43947ae9dbb6c90519464c0/gnocchi.610f9746-15eb-4eba-be5d-559db18a15b4/none_v3" 404 70 "GET http://localhost:8080/v1/AUTH_dd15d313c43947ae9dbb6c90519464c0/gnocchi.610f9746-15eb-4eba-be5d-559db18a15b4/none_v3" "tx666665b7a33c46debacc1-0068dfae74" "proxy-server 12" 0.0003 "-" 23 0
Oct 3 11:07:32 standalone proxy-server[127504]: 172.18.0.2 ::1 03/Oct/2025/11/07/32 GET /v1/AUTH_dd15d313c43947ae9dbb6c90519464c0/gnocchi.610f9746-15eb-4eba-be5d-559db18a15b4/none_v3 HTTP/1.0 404 - python-swiftclient-3.11.1 gAAAAABo362qBNLY... - 70 - tx666665b7a33c46debacc1-0068dfae74 - 0.0123 - - 1759489652.578641653 1759489652.590962648 0
Oct 3 11:07:32 standalone account-server[125610]: 172.20.0.100 - - [03/Oct/2025:11:07:32 +0000] "PUT /d1/252/AUTH_dd15d313c43947ae9dbb6c90519464c0/gnocchi.610f9746-15eb-4eba-be5d-559db18a15b4" 201 - "PUT http://172.20.0.100:6001/d1/833/AUTH_dd15d313c43947ae9dbb6c90519464c0/gnocchi.610f9746-15eb-4eba-be5d-559db18a15b4" "txd79b9b399583469181670-0068dfae74" "container-server 16" 0.0042 "-" 20 0
Oct 3 11:07:32 standalone container-server[125683]: 172.20.0.100 - - [03/Oct/2025:11:07:32 +0000] "PUT /d1/833/AUTH_dd15d313c43947ae9dbb6c90519464c0/gnocchi.610f9746-15eb-4eba-be5d-559db18a15b4" 201 - "PUT http://localhost:8080/v1/AUTH_dd15d313c43947ae9dbb6c90519464c0/gnocchi.610f9746-15eb-4eba-be5d-559db18a15b4" "txd79b9b399583469181670-0068dfae74" "proxy-server 12" 0.0179 "-" 16 0
Oct 3 11:07:32 standalone proxy-server[127504]: 172.18.0.2 ::1 03/Oct/2025/11/07/32 PUT /v1/AUTH_dd15d313c43947ae9dbb6c90519464c0/gnocchi.610f9746-15eb-4eba-be5d-559db18a15b4 HTTP/1.0 201 - python-swiftclient-3.11.1 gAAAAABo362qBNLY... - - - txd79b9b399583469181670-0068dfae74 - 0.0242 - - 1759489652.594114542 1759489652.618283272 0
Oct 3 11:07:32 standalone container-server[125683]: 172.20.0.100 - - [03/Oct/2025:11:07:32 +0000] "HEAD /d1/833/AUTH_dd15d313c43947ae9dbb6c90519464c0/gnocchi.610f9746-15eb-4eba-be5d-559db18a15b4" 204 - "HEAD http://localhost:8080/v1/AUTH_dd15d313c43947ae9dbb6c90519464c0/gnocchi.610f9746-15eb-4eba-be5d-559db18a15b4?format=json&states=listing" "tx7d7b852764e94af184f8f-0068dfae74" "proxy-server 12" 0.0019 "-" 16 0
Oct 3 11:07:32 standalone proxy-server[127504]: - - 03/Oct/2025/11/07/32 HEAD /v1/AUTH_dd15d313c43947ae9dbb6c90519464c0/gnocchi.610f9746-15eb-4eba-be5d-559db18a15b4%3Fformat%3Djson%26states%3Dlisting HTTP/1.0 204 - Swift - - - - tx7d7b852764e94af184f8f-0068dfae74 - 0.0046 RL - 1759489652.622224092 1759489652.626814127 0
Oct 3 11:07:32 standalone container-server[125683]: 172.20.0.100 - - [03/Oct/2025:11:07:32 +0000] "GET /d1/833/AUTH_dd15d313c43947ae9dbb6c90519464c0/gnocchi.610f9746-15eb-4eba-be5d-559db18a15b4" 200 2 "GET http://localhost:8080/v1/AUTH_dd15d313c43947ae9dbb6c90519464c0/gnocchi.610f9746-15eb-4eba-be5d-559db18a15b4?format=json&states=listing" "tx7d7b852764e94af184f8f-0068dfae74" "proxy-server 12" 0.0033 "-" 16 0
Oct 3 11:07:32 standalone proxy-server[127504]: 172.18.0.2 ::1 03/Oct/2025/11/07/32 GET /v1/AUTH_dd15d313c43947ae9dbb6c90519464c0/gnocchi.610f9746-15eb-4eba-be5d-559db18a15b4%3Fformat%3Djson%26states%3Dlisting HTTP/1.0 200 - python-swiftclient-3.11.1 gAAAAABo362qBNLY... - 2 - tx7d7b852764e94af184f8f-0068dfae74 - 0.0132 - - 1759489652.621464491 1759489652.634701014 0
Oct 3 11:07:32 standalone object-server[125839]: 172.20.0.100 - - [03/Oct/2025:11:07:32 +0000] "GET /d1/825/AUTH_dd15d313c43947ae9dbb6c90519464c0/gnocchi.610f9746-15eb-4eba-be5d-559db18a15b4/1759320000.0_mean_300.0_v3" 404 70 "GET http://localhost:8080/v1/AUTH_dd15d313c43947ae9dbb6c90519464c0/gnocchi.610f9746-15eb-4eba-be5d-559db18a15b4/1759320000.0_mean_300.0_v3" "tx192a6c3a4e8a409181f99-0068dfae74" "proxy-server 12" 0.0004 "-" 24 0
Oct 3 11:07:32 standalone proxy-server[127504]: 172.18.0.2 ::1 03/Oct/2025/11/07/32 GET /v1/AUTH_dd15d313c43947ae9dbb6c90519464c0/gnocchi.610f9746-15eb-4eba-be5d-559db18a15b4/1759320000.0_mean_300.0_v3 HTTP/1.0 404 - python-swiftclient-3.11.1 gAAAAABo362qBNLY... - 70 - tx192a6c3a4e8a409181f99-0068dfae74 - 0.0070 - - 1759489652.637721300 1759489652.644681931 0
Oct 3 11:07:32 standalone container-server[125683]: 172.20.0.100 - - [03/Oct/2025:11:07:32 +0000] "PUT /d1/833/AUTH_dd15d313c43947ae9dbb6c90519464c0/gnocchi.610f9746-15eb-4eba-be5d-559db18a15b4/1759320000.0_mean_300.0_v3" 201 - "PUT http://localhost:8080/d1/825/AUTH_dd15d313c43947ae9dbb6c90519464c0/gnocchi.610f9746-15eb-4eba-be5d-559db18a15b4/1759320000.0_mean_300.0_v3" "tx1f1ac6b16fe34b3c9427f-0068dfae74" "object-server 23" 0.0008 "-" 16 0
Oct 3 11:07:32 standalone object-server[125837]: 172.20.0.100 - - [03/Oct/2025:11:07:32 +0000] "PUT /d1/825/AUTH_dd15d313c43947ae9dbb6c90519464c0/gnocchi.610f9746-15eb-4eba-be5d-559db18a15b4/1759320000.0_mean_300.0_v3" 201 - "PUT http://localhost:8080/v1/AUTH_dd15d313c43947ae9dbb6c90519464c0/gnocchi.610f9746-15eb-4eba-be5d-559db18a15b4/1759320000.0_mean_300.0_v3" "tx1f1ac6b16fe34b3c9427f-0068dfae74" "proxy-server 12" 0.0096 "-" 23 0
Oct 3 11:07:32 standalone proxy-server[127504]: 172.18.0.2 ::1 03/Oct/2025/11/07/32 PUT /v1/AUTH_dd15d313c43947ae9dbb6c90519464c0/gnocchi.610f9746-15eb-4eba-be5d-559db18a15b4/1759320000.0_mean_300.0_v3 HTTP/1.0 201 - python-swiftclient-3.11.1 gAAAAABo362qBNLY... 16 - - tx1f1ac6b16fe34b3c9427f-0068dfae74 - 0.0157 - - 1759489652.647926807 1759489652.663607121 0
Oct 3 11:07:32 standalone container-server[125694]: 172.20.0.100 - - [03/Oct/2025:11:07:32 +0000] "PUT /d1/833/AUTH_dd15d313c43947ae9dbb6c90519464c0/gnocchi.610f9746-15eb-4eba-be5d-559db18a15b4/none_v3" 201 - "PUT http://localhost:8080/d1/613/AUTH_dd15d313c43947ae9dbb6c90519464c0/gnocchi.610f9746-15eb-4eba-be5d-559db18a15b4/none_v3" "tx7d9c1feb65d54896821e6-0068dfae74" "object-server 23" 0.0004 "-" 20 0
Oct 3 11:07:32 standalone object-server[125837]: 172.20.0.100 - - [03/Oct/2025:11:07:32 +0000] "PUT /d1/613/AUTH_dd15d313c43947ae9dbb6c90519464c0/gnocchi.610f9746-15eb-4eba-be5d-559db18a15b4/none_v3" 201 - "PUT http://localhost:8080/v1/AUTH_dd15d313c43947ae9dbb6c90519464c0/gnocchi.610f9746-15eb-4eba-be5d-559db18a15b4/none_v3" "tx7d9c1feb65d54896821e6-0068dfae74" "proxy-server 12" 0.0108 "-" 23 0
Oct 3 11:07:32 standalone proxy-server[127504]: 172.18.0.2 ::1 03/Oct/2025/11/07/32 PUT /v1/AUTH_dd15d313c43947ae9dbb6c90519464c0/gnocchi.610f9746-15eb-4eba-be5d-559db18a15b4/none_v3 HTTP/1.0 201 - python-swiftclient-3.11.1 gAAAAABo362qBNLY... 22 - - tx7d9c1feb65d54896821e6-0068dfae74 - 0.0181 - - 1759489652.667900324 1759489652.685976267 0
Oct 3 11:07:32 standalone container-server[125694]: 172.20.0.100 - - [03/Oct/2025:11:07:32 +0000] "HEAD /d1/76/AUTH_dd15d313c43947ae9dbb6c90519464c0/gnocchi.192033c0-92c6-4029-a453-80a0bd04bebd" 404 - "HEAD http://localhost:8080/v1/AUTH_dd15d313c43947ae9dbb6c90519464c0/gnocchi.192033c0-92c6-4029-a453-80a0bd04bebd?format=json&states=listing" "txb05bfa48fc9948c49a3e7-0068dfae74" "proxy-server 12" 0.0003 "-" 20 0
Oct 3 11:07:32 standalone object-server[125837]: 172.20.0.100 - - [03/Oct/2025:11:07:32 +0000] "GET /d1/501/AUTH_dd15d313c43947ae9dbb6c90519464c0/gnocchi.192033c0-92c6-4029-a453-80a0bd04bebd/none_v3" 404 70 "GET http://localhost:8080/v1/AUTH_dd15d313c43947ae9dbb6c90519464c0/gnocchi.192033c0-92c6-4029-a453-80a0bd04bebd/none_v3" "txb05bfa48fc9948c49a3e7-0068dfae74" "proxy-server 12" 0.0003 "-" 23 0
Oct 3 11:07:32 standalone proxy-server[127504]: 172.18.0.2 ::1 03/Oct/2025/11/07/32 GET /v1/AUTH_dd15d313c43947ae9dbb6c90519464c0/gnocchi.192033c0-92c6-4029-a453-80a0bd04bebd/none_v3 HTTP/1.0 404 - python-swiftclient-3.11.1 gAAAAABo362qBNLY... - 70 - txb05bfa48fc9948c49a3e7-0068dfae74 - 0.0134 - - 1759489652.697776794 1759489652.711144447 0
Oct 3 11:07:32 standalone account-server[125630]: 172.20.0.100 - - [03/Oct/2025:11:07:32 +0000] "PUT /d1/252/AUTH_dd15d313c43947ae9dbb6c90519464c0/gnocchi.192033c0-92c6-4029-a453-80a0bd04bebd" 201 - "PUT http://172.20.0.100:6001/d1/76/AUTH_dd15d313c43947ae9dbb6c90519464c0/gnocchi.192033c0-92c6-4029-a453-80a0bd04bebd" "tx545e8263b9fe4490bfc9e-0068dfae74" "container-server 15" 0.0055 "-" 22 0
Oct 3 11:07:32 standalone container-server[125681]: 172.20.0.100 - - [03/Oct/2025:11:07:32 +0000] "PUT /d1/76/AUTH_dd15d313c43947ae9dbb6c90519464c0/gnocchi.192033c0-92c6-4029-a453-80a0bd04bebd" 201 - "PUT http://localhost:8080/v1/AUTH_dd15d313c43947ae9dbb6c90519464c0/gnocchi.192033c0-92c6-4029-a453-80a0bd04bebd" "tx545e8263b9fe4490bfc9e-0068dfae74" "proxy-server 12" 0.0142 "-" 15 0
Oct 3 11:07:32 standalone proxy-server[127504]: 172.18.0.2 ::1 03/Oct/2025/11/07/32 PUT /v1/AUTH_dd15d313c43947ae9dbb6c90519464c0/gnocchi.192033c0-92c6-4029-a453-80a0bd04bebd HTTP/1.0 201 - python-swiftclient-3.11.1 gAAAAABo362qBNLY... - - - tx545e8263b9fe4490bfc9e-0068dfae74 - 0.0199 - - 1759489652.714920521 1759489652.734800577 0
Oct 3 11:07:32 standalone container-server[125683]: 172.20.0.100 - - [03/Oct/2025:11:07:32 +0000] "HEAD /d1/76/AUTH_dd15d313c43947ae9dbb6c90519464c0/gnocchi.192033c0-92c6-4029-a453-80a0bd04bebd" 204 - "HEAD http://localhost:8080/v1/AUTH_dd15d313c43947ae9dbb6c90519464c0/gnocchi.192033c0-92c6-4029-a453-80a0bd04bebd?format=json&states=listing" "tx54998111f18543a29d772-0068dfae74" "proxy-server 12" 0.0015 "-" 16 0
Oct 3 11:07:32 standalone proxy-server[127504]: - - 03/Oct/2025/11/07/32 HEAD /v1/AUTH_dd15d313c43947ae9dbb6c90519464c0/gnocchi.192033c0-92c6-4029-a453-80a0bd04bebd%3Fformat%3Djson%26states%3Dlisting HTTP/1.0 204 - Swift - - - - tx54998111f18543a29d772-0068dfae74 - 0.0057 RL - 1759489652.740110636 1759489652.745822668 0
Oct 3 11:07:32 standalone container-server[125694]: 172.20.0.100 - - [03/Oct/2025:11:07:32 +0000] "GET /d1/76/AUTH_dd15d313c43947ae9dbb6c90519464c0/gnocchi.192033c0-92c6-4029-a453-80a0bd04bebd" 200 2 "GET http://localhost:8080/v1/AUTH_dd15d313c43947ae9dbb6c90519464c0/gnocchi.192033c0-92c6-4029-a453-80a0bd04bebd?format=json&states=listing" "tx54998111f18543a29d772-0068dfae74" "proxy-server 12" 0.0017 "-" 20 0
Oct 3 11:07:32 standalone proxy-server[127504]: 172.18.0.2 ::1 03/Oct/2025/11/07/32 GET /v1/AUTH_dd15d313c43947ae9dbb6c90519464c0/gnocchi.192033c0-92c6-4029-a453-80a0bd04bebd%3Fformat%3Djson%26states%3Dlisting HTTP/1.0 200 - python-swiftclient-3.11.1 gAAAAABo362qBNLY... - 2 - tx54998111f18543a29d772-0068dfae74 - 0.0164 - - 1759489652.738662004 1759489652.755050898 0
Oct 3 11:07:32 standalone object-server[125839]: 172.20.0.100 - - [03/Oct/2025:11:07:32 +0000] "GET /d1/277/AUTH_dd15d313c43947ae9dbb6c90519464c0/gnocchi.192033c0-92c6-4029-a453-80a0bd04bebd/1759320000.0_mean_300.0_v3" 404 70 "GET http://localhost:8080/v1/AUTH_dd15d313c43947ae9dbb6c90519464c0/gnocchi.192033c0-92c6-4029-a453-80a0bd04bebd/1759320000.0_mean_300.0_v3" "txcd216111887a4f6cb9dea-0068dfae74" "proxy-server 12" 0.0004 "-" 24 0
Oct 3 11:07:32 standalone proxy-server[127504]: 172.18.0.2 ::1 03/Oct/2025/11/07/32 GET /v1/AUTH_dd15d313c43947ae9dbb6c90519464c0/gnocchi.192033c0-92c6-4029-a453-80a0bd04bebd/1759320000.0_mean_300.0_v3 HTTP/1.0 404 - python-swiftclient-3.11.1 gAAAAABo362qBNLY... - 70 - txcd216111887a4f6cb9dea-0068dfae74 - 0.0070 - - 1759489652.759124994 1759489652.766158581 0
Oct 3 11:07:32 standalone container-server[125683]: 172.20.0.100 - - [03/Oct/2025:11:07:32 +0000] "PUT /d1/76/AUTH_dd15d313c43947ae9dbb6c90519464c0/gnocchi.192033c0-92c6-4029-a453-80a0bd04bebd/1759320000.0_mean_300.0_v3" 201 - "PUT http://localhost:8080/d1/277/AUTH_dd15d313c43947ae9dbb6c90519464c0/gnocchi.192033c0-92c6-4029-a453-80a0bd04bebd/1759320000.0_mean_300.0_v3" "txacfd9417c88640008ad3a-0068dfae74" "object-server 22" 0.0006 "-" 16 0
Oct 3 11:07:32 standalone object-server[125829]: 172.20.0.100 - - [03/Oct/2025:11:07:32 +0000] "PUT /d1/277/AUTH_dd15d313c43947ae9dbb6c90519464c0/gnocchi.192033c0-92c6-4029-a453-80a0bd04bebd/1759320000.0_mean_300.0_v3" 201 - "PUT http://localhost:8080/v1/AUTH_dd15d313c43947ae9dbb6c90519464c0/gnocchi.192033c0-92c6-4029-a453-80a0bd04bebd/1759320000.0_mean_300.0_v3" "txacfd9417c88640008ad3a-0068dfae74" "proxy-server 12" 0.0139 "-" 22 0
Oct 3 11:07:32 standalone proxy-server[127504]: 172.18.0.2 ::1 03/Oct/2025/11/07/32 PUT /v1/AUTH_dd15d313c43947ae9dbb6c90519464c0/gnocchi.192033c0-92c6-4029-a453-80a0bd04bebd/1759320000.0_mean_300.0_v3 HTTP/1.0 201 - python-swiftclient-3.11.1 gAAAAABo362qBNLY... 16 - - txacfd9417c88640008ad3a-0068dfae74 - 0.0207 - - 1759489652.769228220 1759489652.789951324 0
Oct 3 11:07:32 standalone container-server[125681]: 172.20.0.100 - - [03/Oct/2025:11:07:32 +0000] "PUT /d1/76/AUTH_dd15d313c43947ae9dbb6c90519464c0/gnocchi.192033c0-92c6-4029-a453-80a0bd04bebd/none_v3" 201 - "PUT http://localhost:8080/d1/501/AUTH_dd15d313c43947ae9dbb6c90519464c0/gnocchi.192033c0-92c6-4029-a453-80a0bd04bebd/none_v3" "tx617a91f406ac49dfb46b2-0068dfae74" "object-server 22" 0.0004 "-" 15 0
Oct 3 11:07:32 standalone object-server[125829]: 172.20.0.100 - - [03/Oct/2025:11:07:32 +0000] "PUT /d1/501/AUTH_dd15d313c43947ae9dbb6c90519464c0/gnocchi.192033c0-92c6-4029-a453-80a0bd04bebd/none_v3" 201 - "PUT http://localhost:8080/v1/AUTH_dd15d313c43947ae9dbb6c90519464c0/gnocchi.192033c0-92c6-4029-a453-80a0bd04bebd/none_v3" "tx617a91f406ac49dfb46b2-0068dfae74" "proxy-server 12" 0.0096 "-" 22 0
Oct 3 11:07:32 standalone proxy-server[127504]: 172.18.0.2 ::1 03/Oct/2025/11/07/32 PUT /v1/AUTH_dd15d313c43947ae9dbb6c90519464c0/gnocchi.192033c0-92c6-4029-a453-80a0bd04bebd/none_v3 HTTP/1.0 201 - python-swiftclient-3.11.1 gAAAAABo362qBNLY... 22 - - tx617a91f406ac49dfb46b2-0068dfae74 - 0.0167 - - 1759489652.792855501 1759489652.809580564 0
Oct 3 11:07:32 standalone container-server[125681]: 172.20.0.100 - - [03/Oct/2025:11:07:32 +0000] "HEAD /d1/246/AUTH_dd15d313c43947ae9dbb6c90519464c0/gnocchi.1f9badb3-04cb-4004-8b08-18b9c8ffaefc" 404 - "HEAD http://localhost:8080/v1/AUTH_dd15d313c43947ae9dbb6c90519464c0/gnocchi.1f9badb3-04cb-4004-8b08-18b9c8ffaefc?format=json&states=listing" "txd524d0ce97d540d2911cb-0068dfae74" "proxy-server 12" 0.0003 "-" 15 0
Oct 3 11:07:32 standalone object-server[125829]: 172.20.0.100 - - [03/Oct/2025:11:07:32 +0000] "GET /d1/264/AUTH_dd15d313c43947ae9dbb6c90519464c0/gnocchi.1f9badb3-04cb-4004-8b08-18b9c8ffaefc/none_v3" 404 70 "GET http://localhost:8080/v1/AUTH_dd15d313c43947ae9dbb6c90519464c0/gnocchi.1f9badb3-04cb-4004-8b08-18b9c8ffaefc/none_v3" "txd524d0ce97d540d2911cb-0068dfae74" "proxy-server 12" 0.0005 "-" 22 0
Oct 3 11:07:32 standalone proxy-server[127504]: 172.18.0.2 ::1 03/Oct/2025/11/07/32 GET /v1/AUTH_dd15d313c43947ae9dbb6c90519464c0/gnocchi.1f9badb3-04cb-4004-8b08-18b9c8ffaefc/none_v3 HTTP/1.0 404 - python-swiftclient-3.11.1 gAAAAABo362qBNLY... - 70 - txd524d0ce97d540d2911cb-0068dfae74 - 0.0119 - - 1759489652.819784164 1759489652.831687689 0
Oct 3 11:07:32 standalone account-server[125630]: 172.20.0.100 - - [03/Oct/2025:11:07:32 +0000] "PUT /d1/252/AUTH_dd15d313c43947ae9dbb6c90519464c0/gnocchi.1f9badb3-04cb-4004-8b08-18b9c8ffaefc" 201 - "PUT http://172.20.0.100:6001/d1/246/AUTH_dd15d313c43947ae9dbb6c90519464c0/gnocchi.1f9badb3-04cb-4004-8b08-18b9c8ffaefc" "tx0fcec19f29b34f3284731-0068dfae74" "container-server 14" 0.0052 "-" 22 0
Oct 3 11:07:32 standalone container-server[125679]: 172.20.0.100 - - [03/Oct/2025:11:07:32 +0000] "PUT /d1/246/AUTH_dd15d313c43947ae9dbb6c90519464c0/gnocchi.1f9badb3-04cb-4004-8b08-18b9c8ffaefc" 201 - "PUT http://localhost:8080/v1/AUTH_dd15d313c43947ae9dbb6c90519464c0/gnocchi.1f9badb3-04cb-4004-8b08-18b9c8ffaefc" "tx0fcec19f29b34f3284731-0068dfae74" "proxy-server 12" 0.0172 "-" 14 0
Oct 3 11:07:32 standalone proxy-server[127504]: 172.18.0.2 ::1 03/Oct/2025/11/07/32 PUT /v1/AUTH_dd15d313c43947ae9dbb6c90519464c0/gnocchi.1f9badb3-04cb-4004-8b08-18b9c8ffaefc HTTP/1.0 201 - python-swiftclient-3.11.1 gAAAAABo362qBNLY... - - - tx0fcec19f29b34f3284731-0068dfae74 - 0.0240 - - 1759489652.834653378 1759489652.858638763 0
Oct 3 11:07:32 standalone container-server[125681]: 172.20.0.100 - - [03/Oct/2025:11:07:32 +0000] "HEAD /d1/246/AUTH_dd15d313c43947ae9dbb6c90519464c0/gnocchi.1f9badb3-04cb-4004-8b08-18b9c8ffaefc" 204 - "HEAD http://localhost:8080/v1/AUTH_dd15d313c43947ae9dbb6c90519464c0/gnocchi.1f9badb3-04cb-4004-8b08-18b9c8ffaefc?format=json&states=listing" "tx23de08d9adf14320b95a1-0068dfae74" "proxy-server 12" 0.0013 "-" 15 0
Oct 3 11:07:32 standalone proxy-server[127504]: - - 03/Oct/2025/11/07/32 HEAD /v1/AUTH_dd15d313c43947ae9dbb6c90519464c0/gnocchi.1f9badb3-04cb-4004-8b08-18b9c8ffaefc%3Fformat%3Djson%26states%3Dlisting HTTP/1.0 204 - Swift - - - - tx23de08d9adf14320b95a1-0068dfae74 - 0.0054 RL - 1759489652.865102768 1759489652.870487213 0
Oct 3 11:07:32 standalone container-server[125679]: 172.20.0.100 - - [03/Oct/2025:11:07:32 +0000] "GET /d1/246/AUTH_dd15d313c43947ae9dbb6c90519464c0/gnocchi.1f9badb3-04cb-4004-8b08-18b9c8ffaefc" 200 2 "GET http://localhost:8080/v1/AUTH_dd15d313c43947ae9dbb6c90519464c0/gnocchi.1f9badb3-04cb-4004-8b08-18b9c8ffaefc?format=json&states=listing" "tx23de08d9adf14320b95a1-0068dfae74" "proxy-server 12" 0.0018 "-" 14 0
Oct 3 11:07:32 standalone proxy-server[127504]: 172.18.0.2 ::1 03/Oct/2025/11/07/32 GET /v1/AUTH_dd15d313c43947ae9dbb6c90519464c0/gnocchi.1f9badb3-04cb-4004-8b08-18b9c8ffaefc%3Fformat%3Djson%26states%3Dlisting HTTP/1.0 200 - python-swiftclient-3.11.1 gAAAAABo362qBNLY... - 2 - tx23de08d9adf14320b95a1-0068dfae74 - 0.0162 - - 1759489652.863499165 1759489652.879667044 0
Oct 3 11:07:32 standalone object-server[125841]: 172.20.0.100 - - [03/Oct/2025:11:07:32 +0000] "GET /d1/71/AUTH_dd15d313c43947ae9dbb6c90519464c0/gnocchi.1f9badb3-04cb-4004-8b08-18b9c8ffaefc/1759320000.0_mean_300.0_v3" 404 70 "GET http://localhost:8080/v1/AUTH_dd15d313c43947ae9dbb6c90519464c0/gnocchi.1f9badb3-04cb-4004-8b08-18b9c8ffaefc/1759320000.0_mean_300.0_v3" "txc491a6d320c045339f90b-0068dfae74" "proxy-server 12" 0.0004 "-" 25 0
Oct 3 11:07:32 standalone proxy-server[127504]: 172.18.0.2 ::1 03/Oct/2025/11/07/32 GET /v1/AUTH_dd15d313c43947ae9dbb6c90519464c0/gnocchi.1f9badb3-04cb-4004-8b08-18b9c8ffaefc/1759320000.0_mean_300.0_v3 HTTP/1.0 404 - python-swiftclient-3.11.1 gAAAAABo362qBNLY... - 70 - txc491a6d320c045339f90b-0068dfae74 - 0.0078 - - 1759489652.887169838 1759489652.894968033 0
Oct 3 11:07:32 standalone container-server[125683]: 172.20.0.100 - - [03/Oct/2025:11:07:32 +0000] "PUT /d1/246/AUTH_dd15d313c43947ae9dbb6c90519464c0/gnocchi.1f9badb3-04cb-4004-8b08-18b9c8ffaefc/1759320000.0_mean_300.0_v3" 201 - "PUT http://localhost:8080/d1/71/AUTH_dd15d313c43947ae9dbb6c90519464c0/gnocchi.1f9badb3-04cb-4004-8b08-18b9c8ffaefc/1759320000.0_mean_300.0_v3" "txb7d82137ead04a038e65f-0068dfae74" "object-server 22" 0.0008 "-" 16 0
Oct 3 11:07:32 standalone object-server[125829]: 172.20.0.100 - - [03/Oct/2025:11:07:32 +0000] "PUT /d1/71/AUTH_dd15d313c43947ae9dbb6c90519464c0/gnocchi.1f9badb3-04cb-4004-8b08-18b9c8ffaefc/1759320000.0_mean_300.0_v3" 201 - "PUT http://localhost:8080/v1/AUTH_dd15d313c43947ae9dbb6c90519464c0/gnocchi.1f9badb3-04cb-4004-8b08-18b9c8ffaefc/1759320000.0_mean_300.0_v3" "txb7d82137ead04a038e65f-0068dfae74" "proxy-server 12" 0.0119 "-" 22 0
Oct 3 11:07:32 standalone proxy-server[127504]: 172.18.0.2 ::1 03/Oct/2025/11/07/32 PUT /v1/AUTH_dd15d313c43947ae9dbb6c90519464c0/gnocchi.1f9badb3-04cb-4004-8b08-18b9c8ffaefc/1759320000.0_mean_300.0_v3 HTTP/1.0 201 - python-swiftclient-3.11.1 gAAAAABo362qBNLY... 16 - - txb7d82137ead04a038e65f-0068dfae74 - 0.0198 - - 1759489652.897976398 1759489652.917784929 0
Oct 3 11:07:32 standalone container-server[125679]: 172.20.0.100 - - [03/Oct/2025:11:07:32 +0000] "PUT /d1/246/AUTH_dd15d313c43947ae9dbb6c90519464c0/gnocchi.1f9badb3-04cb-4004-8b08-18b9c8ffaefc/none_v3" 201 - "PUT http://localhost:8080/d1/264/AUTH_dd15d313c43947ae9dbb6c90519464c0/gnocchi.1f9badb3-04cb-4004-8b08-18b9c8ffaefc/none_v3" "tx09d39e7d75b14348b1360-0068dfae74" "object-server 25" 0.0008 "-" 14 0
Oct 3 11:07:32 standalone object-server[125841]: 172.20.0.100 - - [03/Oct/2025:11:07:32 +0000] "PUT /d1/264/AUTH_dd15d313c43947ae9dbb6c90519464c0/gnocchi.1f9badb3-04cb-4004-8b08-18b9c8ffaefc/none_v3" 201 - "PUT http://localhost:8080/v1/AUTH_dd15d313c43947ae9dbb6c90519464c0/gnocchi.1f9badb3-04cb-4004-8b08-18b9c8ffaefc/none_v3" "tx09d39e7d75b14348b1360-0068dfae74" "proxy-server 12" 0.0117 "-" 25 0
Oct 3 11:07:32 standalone proxy-server[127504]: 172.18.0.2 ::1 03/Oct/2025/11/07/32 PUT /v1/AUTH_dd15d313c43947ae9dbb6c90519464c0/gnocchi.1f9badb3-04cb-4004-8b08-18b9c8ffaefc/none_v3 HTTP/1.0 201 - python-swiftclient-3.11.1 gAAAAABo362qBNLY... 22 - - tx09d39e7d75b14348b1360-0068dfae74 - 0.0184 - - 1759489652.920488358 1759489652.938880682 0
Oct 3 11:08:25 standalone object-server[125808]: Begin object update sweep
Oct 3 11:08:25 standalone object-server[236174]: Object update sweep starting on /srv/node/d1 (pid: 15)
Oct 3 11:08:25 standalone object-server[236174]: Object update sweep completed on /srv/node/d1 in 0.00s seconds:, 0 successes, 0 failures, 0 quarantines, 0 unlinks, 0 errors, 0 redirects (pid: 15)
Oct 3 11:08:25 standalone object-server[236174]: Object update sweep of d1 completed: 0.00s, 0 successes, 0 failures, 0 quarantines, 0 unlinks, 0 errors, 0 redirects
Oct 3 11:08:25 standalone object-server[125808]: Object update sweep completed: 0.08s
Oct 3 11:10:07 standalone account-server[125630]: 172.20.0.100 - - [03/Oct/2025:11:10:07 +0000] "HEAD /d1/548/.expiring_objects" 404 - "HEAD http://localhost/v1/.expiring_objects?format=json" "tx3a4a7e3e976346159d883-0068dfaf0f" "proxy-server 2" 0.0008 "-" 22 -
Oct 3 11:10:07 standalone object-expirer[125634]: Pass completed in 0s; 0 objects expired (txn: tx3a4a7e3e976346159d883-0068dfaf0f)
Oct 3 11:10:38 standalone account-server[125640]: 172.20.0.100 - - [03/Oct/2025:11:10:38 +0000] "HEAD /d1/548/.expiring_objects" 404 - "HEAD http://localhost/v1/.expiring_objects?format=json" "tx76e7ae57a58347d09169f-0068dfaf2e" "proxy-server 2" 0.0008 "-" 23 -
Oct 3 11:10:38 standalone object-expirer[125634]: Pass completed in 0s; 0 objects expired (txn: tx76e7ae57a58347d09169f-0068dfaf2e)
Oct 3 11:11:21 standalone container-server[125606]: Begin container update sweep
Oct 3 11:11:21 standalone account-server[125630]: 172.20.0.100 - - [03/Oct/2025:11:11:21 +0000] "PUT /d1/252/AUTH_dd15d313c43947ae9dbb6c90519464c0/gnocchi.139dd696-5c94-4860-95f3-8cf5acc726f7" 201 - "-" "-" "container-updater 2" 0.0011 "-" 22 0
Oct 3 11:11:21 standalone account-server[125640]: 172.20.0.100 - - [03/Oct/2025:11:11:21 +0000] "PUT /d1/252/AUTH_dd15d313c43947ae9dbb6c90519464c0/gnocchi.610f9746-15eb-4eba-be5d-559db18a15b4" 201 - "-" "-" "container-updater 2" 0.0006 "-" 23 0
Oct 3 11:11:21 standalone account-server[125610]: 172.20.0.100 - - [03/Oct/2025:11:11:21 +0000] "PUT /d1/252/AUTH_dd15d313c43947ae9dbb6c90519464c0/gnocchi.afa457df-63f0-43ab-94fd-24ead5ad08eb" 201 - "-" "-" "container-updater 2" 0.0008 "-" 20 0
Oct 3 11:11:22 standalone account-server[125640]: 172.20.0.100 - - [03/Oct/2025:11:11:22 +0000] "PUT /d1/252/AUTH_dd15d313c43947ae9dbb6c90519464c0/gnocchi.3008db7e-fafe-420d-ae34-6e0b4342efa3" 201 - "-" "-" "container-updater 2" 0.0012 "-" 23 0
Oct 3 11:11:22 standalone account-server[125630]: 172.20.0.100 - - [03/Oct/2025:11:11:22 +0000] "PUT /d1/252/AUTH_dd15d313c43947ae9dbb6c90519464c0/gnocchi.7179b8f4-b8c3-4b09-b366-d5628637f8dd" 201 - "-" "-" "container-updater 2" 0.0006 "-" 22 0
Oct 3 11:11:22 standalone account-server[125640]: 172.20.0.100 - - [03/Oct/2025:11:11:22 +0000] "PUT /d1/252/AUTH_dd15d313c43947ae9dbb6c90519464c0/gnocchi.01268cc9-2432-426a-8399-2496e9988350" 201 - "-" "-" "container-updater 2" 0.0007 "-" 23 0
Oct 3 11:11:22 standalone account-server[125630]: 172.20.0.100 - - [03/Oct/2025:11:11:22 +0000] "PUT /d1/252/AUTH_dd15d313c43947ae9dbb6c90519464c0/gnocchi.52833131-11e9-4cee-9c3c-453612c85b82" 201 - "-" "-" "container-updater 2" 0.0005 "-" 22 0
Oct 3 11:11:22 standalone account-server[125619]: 172.20.0.100 - - [03/Oct/2025:11:11:22 +0000] "PUT /d1/252/AUTH_dd15d313c43947ae9dbb6c90519464c0/gnocchi.1f9badb3-04cb-4004-8b08-18b9c8ffaefc" 201 - "-" "-" "container-updater 2" 0.0008 "-" 21 0
Oct 3 11:11:22 standalone account-server[125610]: 172.20.0.100 - - [03/Oct/2025:11:11:22 +0000] "PUT /d1/252/AUTH_dd15d313c43947ae9dbb6c90519464c0/gnocchi.192033c0-92c6-4029-a453-80a0bd04bebd" 201 - "-" "-" "container-updater 2" 0.0006 "-" 20 0
Oct 3 11:11:23 standalone account-server[125640]: 172.20.0.100 - - [03/Oct/2025:11:11:23 +0000] "PUT /d1/252/AUTH_dd15d313c43947ae9dbb6c90519464c0/gnocchi.e350c063-20c4-4f47-a814-e542a0c944af" 201 - "-" "-" "container-updater 2" 0.0008 "-" 23 0
Oct 3 11:11:23 standalone account-server[125630]: 172.20.0.100 - - [03/Oct/2025:11:11:23 +0000] "PUT /d1/252/AUTH_dd15d313c43947ae9dbb6c90519464c0/gnocchi.35291fae-0262-420f-b091-673af6c31628" 201 - "-" "-" "container-updater 2" 0.0007 "-" 22 0
Oct 3 11:11:23 standalone account-server[125630]: 172.20.0.100 - - [03/Oct/2025:11:11:23 +0000] "PUT /d1/252/AUTH_dd15d313c43947ae9dbb6c90519464c0/gnocchi.05b0e9c9-462c-47af-b121-10e1eee5ffcc" 201 - "-" "-" "container-updater 2" 0.0006 "-" 22 0
Oct 3 11:11:23 standalone account-server[125630]: 172.20.0.100 - - [03/Oct/2025:11:11:23 +0000] "PUT /d1/252/AUTH_dd15d313c43947ae9dbb6c90519464c0/gnocchi.ac32c095-c23f-4ba1-bd6f-27e0cf1a116b" 201 - "-" "-" "container-updater 2" 0.0006 "-" 22 0
Oct 3 11:11:23 standalone account-server[125610]: 172.20.0.100 - - [03/Oct/2025:11:11:23 +0000] "PUT /d1/252/AUTH_dd15d313c43947ae9dbb6c90519464c0/gnocchi.c6b3e442-2b95-4ecf-8ba4-c8a849ebfa05" 201 - "-" "-" "container-updater 2" 0.0008 "-" 20 0
Oct 3 11:11:23 standalone container-server[125606]: Container update sweep completed: 1.98s
Oct 3 11:11:49 standalone account-server[125619]: 172.20.0.100 - - [03/Oct/2025:11:11:49 +0000] "HEAD /d1/548/.expiring_objects" 404 - "HEAD http://localhost/v1/.expiring_objects?format=json" "txd681419be5cc48b08d0e4-0068dfaf75" "proxy-server 2" 0.0007 "-" 21 -
Oct 3 11:11:49 standalone object-expirer[125634]: Pass completed in 0s; 0 objects expired (txn: txd681419be5cc48b08d0e4-0068dfaf75)
Oct 3 11:13:25 standalone object-server[125808]: Begin object update sweep
Oct 3 11:13:25 standalone object-server[264923]: Object update sweep starting on /srv/node/d1 (pid: 16)
Oct 3 11:13:25 standalone object-server[264923]: Object update sweep completed on /srv/node/d1 in 0.00s seconds:, 0 successes, 0 failures, 0 quarantines, 0 unlinks, 0 errors, 0 redirects (pid: 16)
Oct 3 11:13:25 standalone object-server[264923]: Object update sweep of d1 completed: 0.00s, 0 successes, 0 failures, 0 quarantines, 0 unlinks, 0 errors, 0 redirects
Oct 3 11:13:25 standalone object-server[125808]: Object update sweep completed: 0.09s
Oct 3 11:15:44 standalone account-server[125619]: 172.20.0.100 - - [03/Oct/2025:11:15:44 +0000] "HEAD /d1/548/.expiring_objects" 404 - "HEAD http://localhost/v1/.expiring_objects?format=json" "tx607f909d6265400391dc3-0068dfb060" "proxy-server 2" 0.0008 "-" 21 -
Oct 3 11:15:44 standalone object-expirer[125634]: Pass completed in 0s; 0 objects expired (txn: tx607f909d6265400391dc3-0068dfb060)
Oct 3 11:16:10 standalone account-server[125640]: 172.20.0.100 - - [03/Oct/2025:11:16:10 +0000] "HEAD /d1/548/.expiring_objects" 404 - "HEAD http://localhost/v1/.expiring_objects?format=json" "tx0ef691a6ea124519b3aa8-0068dfb07a" "proxy-server 2" 0.0006 "-" 23 -
Oct 3 11:16:10 standalone object-expirer[125634]: Pass completed in 0s; 0 objects expired (txn: tx0ef691a6ea124519b3aa8-0068dfb07a)
Oct 3 11:16:21 standalone container-server[125606]: Begin container update sweep
Oct 3 11:16:22 standalone container-server[125606]: Container update sweep completed: 1.31s
Oct 3 11:16:45 standalone account-server[125630]: 172.20.0.100 - - [03/Oct/2025:11:16:45 +0000] "HEAD /d1/548/.expiring_objects" 404 - "HEAD http://localhost/v1/.expiring_objects?format=json" "tx8a855cb07f0c44ef99ef3-0068dfb09d" "proxy-server 2" 0.0005 "-" 22 -
Oct 3 11:16:45 standalone object-expirer[125634]: Pass completed in 0s; 0 objects expired (txn: tx8a855cb07f0c44ef99ef3-0068dfb09d)
Oct 3 11:18:25 standalone object-server[125808]: Begin object update sweep
Oct 3 11:18:26 standalone object-server[285608]: Object update sweep starting on /srv/node/d1 (pid: 17)
Oct 3 11:18:26 standalone object-server[285608]: Object update sweep completed on /srv/node/d1 in 0.00s seconds:, 0 successes, 0 failures, 0 quarantines, 0 unlinks, 0 errors, 0 redirects (pid: 17)
Oct 3 11:18:26 standalone object-server[285608]: Object update sweep of d1 completed: 0.00s, 0 successes, 0 failures, 0 quarantines, 0 unlinks, 0 errors, 0 redirects
Oct 3 11:18:26 standalone object-server[125808]: Object update sweep completed: 0.11s
Oct 3 11:18:31 standalone account-server[125640]: 172.20.0.5 - - [03/Oct/2025:11:18:31 +0000] "HEAD /d1/765/AUTH_2def59d22f49472f8222e70ed83480aa" 404 - "HEAD http://swift-public-openstack.apps-crc.testing/v1/AUTH_2def59d22f49472f8222e70ed83480aa?format=json" "txd011598db30b409fa7e5a-0068dfb107" "proxy-server 12" 0.0031 "-" 23 -
Oct 3 11:18:32 standalone account-server[125640]: 172.20.0.5 - - [03/Oct/2025:11:18:32 +0000] "GET /d1/765/AUTH_2def59d22f49472f8222e70ed83480aa" 404 - "GET http://swift-public-openstack.apps-crc.testing/v1/AUTH_2def59d22f49472f8222e70ed83480aa?format=json" "txd011598db30b409fa7e5a-0068dfb107" "proxy-server 12" 0.0006 "-" 23 -
Oct 3 11:21:21 standalone container-server[125606]: Begin container update sweep
Oct 3 11:21:23 standalone container-server[125606]: Container update sweep completed: 1.48s
Oct 3 11:21:31 standalone account-server[125619]: 172.20.0.100 - - [03/Oct/2025:11:21:31 +0000] "HEAD /d1/548/.expiring_objects" 404 - "HEAD http://localhost/v1/.expiring_objects?format=json" "tx64f4cff5caf64597a5df9-0068dfb1bb" "proxy-server 2" 0.0007 "-" 21 -
Oct 3 11:21:31 standalone object-expirer[125634]: Pass completed in 0s; 0 objects expired (txn: tx64f4cff5caf64597a5df9-0068dfb1bb)
Oct 3 11:22:02 standalone account-server[125037]: Devices pass completed: 0.00s
Oct 3 11:22:32 standalone account-server[125619]: 172.20.0.100 - - [03/Oct/2025:11:22:32 +0000] "HEAD /d1/548/.expiring_objects" 404 - "HEAD http://localhost/v1/.expiring_objects?format=json" "tx0e92f63374f34fc09fc2f-0068dfb1f8" "proxy-server 2" 0.0006 "-" 21 -
Oct 3 11:22:32 standalone object-expirer[125634]: Pass completed in 0s; 0 objects expired (txn: tx0e92f63374f34fc09fc2f-0068dfb1f8)
Oct 3 11:23:26 standalone object-server[125808]: Begin object update sweep
Oct 3 11:23:26 standalone object-server[306135]: Object update sweep starting on /srv/node/d1 (pid: 18)
Oct 3 11:23:26 standalone object-server[306135]: Object update sweep completed on /srv/node/d1 in 0.00s seconds:, 0 successes, 0 failures, 0 quarantines, 0 unlinks, 0 errors, 0 redirects (pid: 18)
Oct 3 11:23:26 standalone object-server[306135]: Object update sweep of d1 completed: 0.00s, 0 successes, 0 failures, 0 quarantines, 0 unlinks, 0 errors, 0 redirects
Oct 3 11:23:26 standalone object-server[125808]: Object update sweep completed: 0.08s
Oct 3 11:24:28 standalone account-server[125610]: 172.20.0.100 - - [03/Oct/2025:11:24:28 +0000] "HEAD /d1/548/.expiring_objects" 404 - "HEAD http://localhost/v1/.expiring_objects?format=json" "tx4d7b447572fd4bd4b8300-0068dfb26c" "proxy-server 2" 0.0014 "-" 20 -
Oct 3 11:24:28 standalone object-expirer[125634]: Pass completed in 0s; 0 objects expired (txn: tx4d7b447572fd4bd4b8300-0068dfb26c)
Oct 3 11:26:00 standalone account-server[125610]: 172.20.0.5 - - [03/Oct/2025:11:26:00 +0000] "HEAD /d1/252/AUTH_dd15d313c43947ae9dbb6c90519464c0" 204 - "HEAD http://swift-internal.openstack.svc:8080/v1/AUTH_dd15d313c43947ae9dbb6c90519464c0?format=json" "tx6bb6ba921bf6484e81874-0068dfb2c8" "proxy-server 15" 0.0143 "-" 20 -
Oct 3 11:26:01 standalone container-server[125683]: 172.20.0.5 - - [03/Oct/2025:11:26:01 +0000] "HEAD /d1/210/AUTH_dd15d313c43947ae9dbb6c90519464c0/glance" 204 - "HEAD http://swift-internal.openstack.svc:8080/v1/AUTH_dd15d313c43947ae9dbb6c90519464c0/glance?format=json&states=listing" "tx6bb6ba921bf6484e81874-0068dfb2c8" "proxy-server 15" 0.0025 "-" 16 0
Oct 3 11:26:03 standalone container-server[125679]: 172.20.0.100 - - [03/Oct/2025:11:26:03 +0000] "PUT /d1/210/AUTH_dd15d313c43947ae9dbb6c90519464c0/glance/12a44a37-2139-48ee-8fce-b276ce9820d8-00001" 201 - "PUT http://swift-internal.openstack.svc:8080/d1/388/AUTH_dd15d313c43947ae9dbb6c90519464c0/glance/12a44a37-2139-48ee-8fce-b276ce9820d8-00001" "txadfb6aa9bf8045c480e33-0068dfb2c9" "object-server 25" 0.0013 "-" 14 0
Oct 3 11:26:03 standalone object-server[125841]: 172.20.0.5 - - [03/Oct/2025:11:26:03 +0000] "PUT /d1/388/AUTH_dd15d313c43947ae9dbb6c90519464c0/glance/12a44a37-2139-48ee-8fce-b276ce9820d8-00001" 201 - "PUT http://swift-internal.openstack.svc:8080/v1/AUTH_dd15d313c43947ae9dbb6c90519464c0/glance/12a44a37-2139-48ee-8fce-b276ce9820d8-00001" "txadfb6aa9bf8045c480e33-0068dfb2c9" "proxy-server 15" 2.1979 "-" 25 0
Oct 3 11:26:05 standalone container-server[125694]: 172.20.0.100 - - [03/Oct/2025:11:26:05 +0000] "PUT /d1/210/AUTH_dd15d313c43947ae9dbb6c90519464c0/glance/12a44a37-2139-48ee-8fce-b276ce9820d8-00002" 201 - "PUT http://swift-internal.openstack.svc:8080/d1/105/AUTH_dd15d313c43947ae9dbb6c90519464c0/glance/12a44a37-2139-48ee-8fce-b276ce9820d8-00002" "tx98a3db1454f34905bdf6f-0068dfb2cb" "object-server 25" 0.0006 "-" 20 0
Oct 3 11:26:05 standalone object-server[125841]: 172.20.0.5 - - [03/Oct/2025:11:26:05 +0000] "PUT /d1/105/AUTH_dd15d313c43947ae9dbb6c90519464c0/glance/12a44a37-2139-48ee-8fce-b276ce9820d8-00002" 201 - "PUT http://swift-internal.openstack.svc:8080/v1/AUTH_dd15d313c43947ae9dbb6c90519464c0/glance/12a44a37-2139-48ee-8fce-b276ce9820d8-00002" "tx98a3db1454f34905bdf6f-0068dfb2cb" "proxy-server 15" 2.1202 "-" 25 0
Oct 3 11:26:06 standalone container-server[125683]: 172.20.0.100 - - [03/Oct/2025:11:26:06 +0000] "PUT /d1/210/AUTH_dd15d313c43947ae9dbb6c90519464c0/glance/12a44a37-2139-48ee-8fce-b276ce9820d8-00003" 201 - "PUT http://swift-internal.openstack.svc:8080/d1/78/AUTH_dd15d313c43947ae9dbb6c90519464c0/glance/12a44a37-2139-48ee-8fce-b276ce9820d8-00003" "txd55b9888a18041938386f-0068dfb2cd" "object-server 25" 0.0015 "-" 16 0
Oct 3 11:26:06 standalone object-server[125841]: 172.20.0.5 - - [03/Oct/2025:11:26:06 +0000] "PUT /d1/78/AUTH_dd15d313c43947ae9dbb6c90519464c0/glance/12a44a37-2139-48ee-8fce-b276ce9820d8-00003" 201 - "PUT http://swift-internal.openstack.svc:8080/v1/AUTH_dd15d313c43947ae9dbb6c90519464c0/glance/12a44a37-2139-48ee-8fce-b276ce9820d8-00003" "txd55b9888a18041938386f-0068dfb2cd" "proxy-server 15" 1.3738 "-" 25 0
Oct 3 11:26:06 standalone container-server[125694]: 172.20.0.100 - - [03/Oct/2025:11:26:06 +0000] "PUT /d1/210/AUTH_dd15d313c43947ae9dbb6c90519464c0/glance/12a44a37-2139-48ee-8fce-b276ce9820d8" 201 - "PUT http://swift-internal.openstack.svc:8080/d1/414/AUTH_dd15d313c43947ae9dbb6c90519464c0/glance/12a44a37-2139-48ee-8fce-b276ce9820d8" "tx0e44ea83525845c891b45-0068dfb2ce" "object-server 22" 0.0008 "-" 20 0
Oct 3 11:26:06 standalone object-server[125829]: 172.20.0.5 - - [03/Oct/2025:11:26:06 +0000] "PUT /d1/414/AUTH_dd15d313c43947ae9dbb6c90519464c0/glance/12a44a37-2139-48ee-8fce-b276ce9820d8" 201 - "PUT http://swift-internal.openstack.svc:8080/v1/AUTH_dd15d313c43947ae9dbb6c90519464c0/glance/12a44a37-2139-48ee-8fce-b276ce9820d8" "tx0e44ea83525845c891b45-0068dfb2ce" "proxy-server 15" 0.0105 "-" 22 0
Oct 3 11:26:21 standalone container-server[125606]: Begin container update sweep
Oct 3 11:26:22 standalone account-server[125640]: 172.20.0.100 - - [03/Oct/2025:11:26:22 +0000] "PUT /d1/252/AUTH_dd15d313c43947ae9dbb6c90519464c0/glance" 201 - "-" "-" "container-updater 2" 0.0025 "-" 23 0
Oct 3 11:26:23 standalone container-server[125606]: Container update sweep completed: 1.81s
Oct 3 11:26:29 standalone account-server[125640]: 172.20.0.100 - - [03/Oct/2025:11:26:29 +0000] "HEAD /d1/548/.expiring_objects" 404 - "HEAD http://localhost/v1/.expiring_objects?format=json" "tx28efe738809f4746bd27f-0068dfb2e5" "proxy-server 2" 0.0022 "-" 23 -
Oct 3 11:26:29 standalone object-expirer[125634]: Pass completed in 0s; 0 objects expired (txn: tx28efe738809f4746bd27f-0068dfb2e5)
Oct 3 11:28:26 standalone object-server[125808]: Begin object update sweep
Oct 3 11:28:26 standalone object-server[326742]: Object update sweep starting on /srv/node/d1 (pid: 19)
Oct 3 11:28:26 standalone object-server[326742]: Object update sweep completed on /srv/node/d1 in 0.00s seconds:, 0 successes, 0 failures, 0 quarantines, 0 unlinks, 0 errors, 0 redirects (pid: 19)
Oct 3 11:28:26 standalone object-server[326742]: Object update sweep of d1 completed: 0.00s, 0 successes, 0 failures, 0 quarantines, 0 unlinks, 0 errors, 0 redirects
Oct 3 11:28:26 standalone object-server[125808]: Object update sweep completed: 0.08s
Oct 3 11:30:36 standalone account-server[125640]: 172.20.0.100 - - [03/Oct/2025:11:30:36 +0000] "HEAD /d1/548/.expiring_objects" 404 - "HEAD http://localhost/v1/.expiring_objects?format=json" "tx1a3d46d67d5c486691c20-0068dfb3dc" "proxy-server 2" 0.0007 "-" 23 -
Oct 3 11:30:36 standalone object-expirer[125634]: Pass completed in 0s; 0 objects expired (txn: tx1a3d46d67d5c486691c20-0068dfb3dc)
Oct 3 11:31:21 standalone container-server[125606]: Begin container update sweep
Oct 3 11:31:23 standalone container-server[125606]: Container update sweep completed: 1.77s
Oct 3 11:32:01 standalone account-server[125640]: 172.20.0.5 - - [03/Oct/2025:11:32:01 +0000] "HEAD /d1/765/AUTH_2def59d22f49472f8222e70ed83480aa" 404 - "HEAD http://swift-internal.openstack.svc:8080/v1/AUTH_2def59d22f49472f8222e70ed83480aa?format=json" "tx2042b914b1034cfb8b00c-0068dfb431" "proxy-server 14" 0.0027 "-" 23 -
Oct 3 11:32:01 standalone account-server[125619]: 172.20.0.5 - - [03/Oct/2025:11:32:01 +0000] "HEAD /d1/765/AUTH_2def59d22f49472f8222e70ed83480aa" 404 - "HEAD http://swift-internal.openstack.svc:8080/v1/AUTH_2def59d22f49472f8222e70ed83480aa?format=json" "tx2042b914b1034cfb8b00c-0068dfb431" "proxy-server 14" 0.0012 "-" 21 -
