Oct 3 11:07:31 standalone container-server[125679]: 172.20.0.100 - - [03/Oct/2025:11:07:31 +0000] "PUT /d1/14/AUTH_dd15d313c43947ae9dbb6c90519464c0/gnocchi.3008db7e-fafe-420d-ae34-6e0b4342efa3" 201 - "PUT http://localhost:8080/v1/AUTH_dd15d313c43947ae9dbb6c90519464c0/gnocchi.3008db7e-fafe-420d-ae34-6e0b4342efa3" "tx85061d7cd7114070b209e-0068dfae73" "proxy-server 12" 0.0151 "-" 14 0
Oct 3 11:07:31 standalone proxy-server[127504]: 172.18.0.2 ::1 03/Oct/2025/11/07/31 PUT /v1/AUTH_dd15d313c43947ae9dbb6c90519464c0/gnocchi.3008db7e-fafe-420d-ae34-6e0b4342efa3 HTTP/1.0 201 - python-swiftclient-3.11.1 gAAAAABo362qBNLY... - - - tx85061d7cd7114070b209e-0068dfae73 - 0.0195 - - 1759489651.354152441 1759489651.373675823 0
Oct 3 11:07:31 standalone container-server[125694]: 172.20.0.100 - - [03/Oct/2025:11:07:31 +0000] "HEAD /d1/14/AUTH_dd15d313c43947ae9dbb6c90519464c0/gnocchi.3008db7e-fafe-420d-ae34-6e0b4342efa3" 204 - "HEAD http://localhost:8080/v1/AUTH_dd15d313c43947ae9dbb6c90519464c0/gnocchi.3008db7e-fafe-420d-ae34-6e0b4342efa3?format=json&states=listing" "txb50c522933654393b4460-0068dfae73" "proxy-server 12" 0.0012 "-" 20 0
Oct 3 11:07:31 standalone proxy-server[127504]: - - 03/Oct/2025/11/07/31 HEAD /v1/AUTH_dd15d313c43947ae9dbb6c90519464c0/gnocchi.3008db7e-fafe-420d-ae34-6e0b4342efa3%3Fformat%3Djson%26states%3Dlisting HTTP/1.0 204 - Swift - - - - txb50c522933654393b4460-0068dfae73 - 0.0040 RL - 1759489651.378896236 1759489651.382871866 0
Oct 3 11:07:31 standalone container-server[125679]: 172.20.0.100 - - [03/Oct/2025:11:07:31 +0000] "GET /d1/14/AUTH_dd15d313c43947ae9dbb6c90519464c0/gnocchi.3008db7e-fafe-420d-ae34-6e0b4342efa3" 200 2 "GET http://localhost:8080/v1/AUTH_dd15d313c43947ae9dbb6c90519464c0/gnocchi.3008db7e-fafe-420d-ae34-6e0b4342efa3?format=json&states=listing" "txb50c522933654393b4460-0068dfae73" "proxy-server 12" 0.0015 "-" 14 0
Oct 3 11:07:31 standalone proxy-server[127504]: 172.18.0.2 ::1 03/Oct/2025/11/07/31 GET /v1/AUTH_dd15d313c43947ae9dbb6c90519464c0/gnocchi.3008db7e-fafe-420d-ae34-6e0b4342efa3%3Fformat%3Djson%26states%3Dlisting HTTP/1.0 200 - python-swiftclient-3.11.1 gAAAAABo362qBNLY... - 2 - txb50c522933654393b4460-0068dfae73 - 0.0107 - - 1759489651.377873898 1759489651.388533354 0
Oct 3 11:07:31 standalone object-server[125841]: 172.20.0.100 - - [03/Oct/2025:11:07:31 +0000] "GET /d1/913/AUTH_dd15d313c43947ae9dbb6c90519464c0/gnocchi.3008db7e-fafe-420d-ae34-6e0b4342efa3/1759320000.0_mean_300.0_v3" 404 70 "GET http://localhost:8080/v1/AUTH_dd15d313c43947ae9dbb6c90519464c0/gnocchi.3008db7e-fafe-420d-ae34-6e0b4342efa3/1759320000.0_mean_300.0_v3" "txbe36ce7f7a8043bdb8187-0068dfae73" "proxy-server 12" 0.0003 "-" 25 0
Oct 3 11:07:31 standalone proxy-server[127504]: 172.18.0.2 ::1 03/Oct/2025/11/07/31 GET /v1/AUTH_dd15d313c43947ae9dbb6c90519464c0/gnocchi.3008db7e-fafe-420d-ae34-6e0b4342efa3/1759320000.0_mean_300.0_v3 HTTP/1.0 404 - python-swiftclient-3.11.1 gAAAAABo362qBNLY... - 70 - txbe36ce7f7a8043bdb8187-0068dfae73 - 0.0046 - - 1759489651.392717123 1759489651.397280693 0
Oct 3 11:07:31 standalone container-server[125679]: 172.20.0.100 - - [03/Oct/2025:11:07:31 +0000] "PUT /d1/14/AUTH_dd15d313c43947ae9dbb6c90519464c0/gnocchi.3008db7e-fafe-420d-ae34-6e0b4342efa3/1759320000.0_mean_300.0_v3" 201 - "PUT http://localhost:8080/d1/913/AUTH_dd15d313c43947ae9dbb6c90519464c0/gnocchi.3008db7e-fafe-420d-ae34-6e0b4342efa3/1759320000.0_mean_300.0_v3" "tx801196f0b6e24cc3a53ac-0068dfae73" "object-server 22" 0.0003 "-" 14 0
Oct 3 11:07:31 standalone object-server[125829]: 172.20.0.100 - - [03/Oct/2025:11:07:31 +0000] "PUT /d1/913/AUTH_dd15d313c43947ae9dbb6c90519464c0/gnocchi.3008db7e-fafe-420d-ae34-6e0b4342efa3/1759320000.0_mean_300.0_v3" 201 - "PUT http://localhost:8080/v1/AUTH_dd15d313c43947ae9dbb6c90519464c0/gnocchi.3008db7e-fafe-420d-ae34-6e0b4342efa3/1759320000.0_mean_300.0_v3" "tx801196f0b6e24cc3a53ac-0068dfae73" "proxy-server 12" 0.0077 "-" 22 0
Oct 3 11:07:31 standalone proxy-server[127504]: 172.18.0.2 ::1 03/Oct/2025/11/07/31 PUT /v1/AUTH_dd15d313c43947ae9dbb6c90519464c0/gnocchi.3008db7e-fafe-420d-ae34-6e0b4342efa3/1759320000.0_mean_300.0_v3 HTTP/1.0 201 - python-swiftclient-3.11.1 gAAAAABo362qBNLY... 16 - - tx801196f0b6e24cc3a53ac-0068dfae73 - 0.0134 - - 1759489651.401201725 1759489651.414580822 0
Oct 3 11:07:31 standalone container-server[125679]: 172.20.0.100 - - [03/Oct/2025:11:07:31 +0000] "PUT /d1/14/AUTH_dd15d313c43947ae9dbb6c90519464c0/gnocchi.3008db7e-fafe-420d-ae34-6e0b4342efa3/none_v3" 201 - "PUT http://localhost:8080/d1/406/AUTH_dd15d313c43947ae9dbb6c90519464c0/gnocchi.3008db7e-fafe-420d-ae34-6e0b4342efa3/none_v3" "tx7fdac6d74de94e489b96c-0068dfae73" "object-server 24" 0.0003 "-" 14 0
Oct 3 11:07:31 standalone object-server[125839]: 172.20.0.100 - - [03/Oct/2025:11:07:31 +0000] "PUT /d1/406/AUTH_dd15d313c43947ae9dbb6c90519464c0/gnocchi.3008db7e-fafe-420d-ae34-6e0b4342efa3/none_v3" 201 - "PUT http://localhost:8080/v1/AUTH_dd15d313c43947ae9dbb6c90519464c0/gnocchi.3008db7e-fafe-420d-ae34-6e0b4342efa3/none_v3" "tx7fdac6d74de94e489b96c-0068dfae73" "proxy-server 12" 0.0065 "-" 24 0
Oct 3 11:07:31 standalone proxy-server[127504]: 172.18.0.2 ::1 03/Oct/2025/11/07/31 PUT /v1/AUTH_dd15d313c43947ae9dbb6c90519464c0/gnocchi.3008db7e-fafe-420d-ae34-6e0b4342efa3/none_v3 HTTP/1.0 201 - python-swiftclient-3.11.1 gAAAAABo362qBNLY... 22 - - tx7fdac6d74de94e489b96c-0068dfae73 - 0.0136 - - 1759489651.418333292 1759489651.431919098 0
Oct 3 11:07:31 standalone container-server[125694]: 172.20.0.100 - - [03/Oct/2025:11:07:31 +0000] "HEAD /d1/333/AUTH_dd15d313c43947ae9dbb6c90519464c0/gnocchi.e350c063-20c4-4f47-a814-e542a0c944af" 404 - "HEAD http://localhost:8080/v1/AUTH_dd15d313c43947ae9dbb6c90519464c0/gnocchi.e350c063-20c4-4f47-a814-e542a0c944af?format=json&states=listing" "tx00559aac7d434b22a0ea5-0068dfae73" "proxy-server 12" 0.0003 "-" 20 0
Oct 3 11:07:31 standalone object-server[125839]: 172.20.0.100 - - [03/Oct/2025:11:07:31 +0000] "GET /d1/698/AUTH_dd15d313c43947ae9dbb6c90519464c0/gnocchi.e350c063-20c4-4f47-a814-e542a0c944af/none_v3" 404 70 "GET http://localhost:8080/v1/AUTH_dd15d313c43947ae9dbb6c90519464c0/gnocchi.e350c063-20c4-4f47-a814-e542a0c944af/none_v3" "tx00559aac7d434b22a0ea5-0068dfae73" "proxy-server 12" 0.0002 "-" 24 0
Oct 3 11:07:31 standalone proxy-server[127504]: 172.18.0.2 ::1 03/Oct/2025/11/07/31 GET /v1/AUTH_dd15d313c43947ae9dbb6c90519464c0/gnocchi.e350c063-20c4-4f47-a814-e542a0c944af/none_v3 HTTP/1.0 404 - python-swiftclient-3.11.1 gAAAAABo362qBNLY... - 70 - tx00559aac7d434b22a0ea5-0068dfae73 - 0.0155 - - 1759489651.444587231 1759489651.460092068 0
Oct 3 11:07:31 standalone account-server[125610]: 172.20.0.100 - - [03/Oct/2025:11:07:31 +0000] "PUT /d1/252/AUTH_dd15d313c43947ae9dbb6c90519464c0/gnocchi.e350c063-20c4-4f47-a814-e542a0c944af" 201 - "PUT http://172.20.0.100:6001/d1/333/AUTH_dd15d313c43947ae9dbb6c90519464c0/gnocchi.e350c063-20c4-4f47-a814-e542a0c944af" "txeb661002d378471dbf181-0068dfae73" "container-server 20" 0.0060 "-" 20 0
Oct 3 11:07:31 standalone container-server[125694]: 172.20.0.100 - - [03/Oct/2025:11:07:31 +0000] "PUT /d1/333/AUTH_dd15d313c43947ae9dbb6c90519464c0/gnocchi.e350c063-20c4-4f47-a814-e542a0c944af" 201 - "PUT http://localhost:8080/v1/AUTH_dd15d313c43947ae9dbb6c90519464c0/gnocchi.e350c063-20c4-4f47-a814-e542a0c944af" "txeb661002d378471dbf181-0068dfae73" "proxy-server 12" 0.0153 "-" 20 0
Oct 3 11:07:31 standalone proxy-server[127504]: 172.18.0.2 ::1 03/Oct/2025/11/07/31 PUT /v1/AUTH_dd15d313c43947ae9dbb6c90519464c0/gnocchi.e350c063-20c4-4f47-a814-e542a0c944af HTTP/1.0 201 - python-swiftclient-3.11.1 gAAAAABo362qBNLY... - - - txeb661002d378471dbf181-0068dfae73 - 0.0216 - - 1759489651.463981152 1759489651.485623360 0
Oct 3 11:07:31 standalone container-server[125683]: 172.20.0.100 - - [03/Oct/2025:11:07:31 +0000] "HEAD /d1/333/AUTH_dd15d313c43947ae9dbb6c90519464c0/gnocchi.e350c063-20c4-4f47-a814-e542a0c944af" 204 - "HEAD http://localhost:8080/v1/AUTH_dd15d313c43947ae9dbb6c90519464c0/gnocchi.e350c063-20c4-4f47-a814-e542a0c944af?format=json&states=listing" "tx17645033887a422d8ea00-0068dfae73" "proxy-server 12" 0.0022 "-" 16 0
Oct 3 11:07:31 standalone proxy-server[127504]: - - 03/Oct/2025/11/07/31 HEAD /v1/AUTH_dd15d313c43947ae9dbb6c90519464c0/gnocchi.e350c063-20c4-4f47-a814-e542a0c944af%3Fformat%3Djson%26states%3Dlisting HTTP/1.0 204 - Swift - - - - tx17645033887a422d8ea00-0068dfae73 - 0.0058 RL - 1759489651.492066860 1759489651.497892380 0
Oct 3 11:07:31 standalone container-server[125681]: 172.20.0.100 - - [03/Oct/2025:11:07:31 +0000] "GET /d1/333/AUTH_dd15d313c43947ae9dbb6c90519464c0/gnocchi.e350c063-20c4-4f47-a814-e542a0c944af" 200 2 "GET http://localhost:8080/v1/AUTH_dd15d313c43947ae9dbb6c90519464c0/gnocchi.e350c063-20c4-4f47-a814-e542a0c944af?format=json&states=listing" "tx17645033887a422d8ea00-0068dfae73" "proxy-server 12" 0.0016 "-" 15 0
Oct 3 11:07:31 standalone proxy-server[127504]: 172.18.0.2 ::1 03/Oct/2025/11/07/31 GET /v1/AUTH_dd15d313c43947ae9dbb6c90519464c0/gnocchi.e350c063-20c4-4f47-a814-e542a0c944af%3Fformat%3Djson%26states%3Dlisting HTTP/1.0 200 - python-swiftclient-3.11.1 gAAAAABo362qBNLY... - 2 - tx17645033887a422d8ea00-0068dfae73 - 0.0132 - - 1759489651.490960360 1759489651.504155159 0
Oct 3 11:07:31 standalone object-server[125839]: 172.20.0.100 - - [03/Oct/2025:11:07:31 +0000] "GET /d1/997/AUTH_dd15d313c43947ae9dbb6c90519464c0/gnocchi.e350c063-20c4-4f47-a814-e542a0c944af/1759320000.0_mean_300.0_v3" 404 70 "GET http://localhost:8080/v1/AUTH_dd15d313c43947ae9dbb6c90519464c0/gnocchi.e350c063-20c4-4f47-a814-e542a0c944af/1759320000.0_mean_300.0_v3" "tx20dcdfa30e964bad9a737-0068dfae73" "proxy-server 12" 0.0004 "-" 24 0
Oct 3 11:07:31 standalone proxy-server[127504]: 172.18.0.2 ::1 03/Oct/2025/11/07/31 GET /v1/AUTH_dd15d313c43947ae9dbb6c90519464c0/gnocchi.e350c063-20c4-4f47-a814-e542a0c944af/1759320000.0_mean_300.0_v3 HTTP/1.0 404 - python-swiftclient-3.11.1 gAAAAABo362qBNLY... - 70 - tx20dcdfa30e964bad9a737-0068dfae73 - 0.0057 - - 1759489651.509019136 1759489651.514720917 0
Oct 3 11:07:31 standalone container-server[125681]: 172.20.0.100 - - [03/Oct/2025:11:07:31 +0000] "PUT /d1/333/AUTH_dd15d313c43947ae9dbb6c90519464c0/gnocchi.e350c063-20c4-4f47-a814-e542a0c944af/1759320000.0_mean_300.0_v3" 201 - "PUT http://localhost:8080/d1/997/AUTH_dd15d313c43947ae9dbb6c90519464c0/gnocchi.e350c063-20c4-4f47-a814-e542a0c944af/1759320000.0_mean_300.0_v3" "tx2e927622af78445485f96-0068dfae73" "object-server 23" 0.0004 "-" 15 0
Oct 3 11:07:31 standalone object-server[125837]: 172.20.0.100 - - [03/Oct/2025:11:07:31 +0000] "PUT /d1/997/AUTH_dd15d313c43947ae9dbb6c90519464c0/gnocchi.e350c063-20c4-4f47-a814-e542a0c944af/1759320000.0_mean_300.0_v3" 201 - "PUT http://localhost:8080/v1/AUTH_dd15d313c43947ae9dbb6c90519464c0/gnocchi.e350c063-20c4-4f47-a814-e542a0c944af/1759320000.0_mean_300.0_v3" "tx2e927622af78445485f96-0068dfae73" "proxy-server 12" 0.0090 "-" 23 0
Oct 3 11:07:31 standalone proxy-server[127504]: 172.18.0.2 ::1 03/Oct/2025/11/07/31 PUT /v1/AUTH_dd15d313c43947ae9dbb6c90519464c0/gnocchi.e350c063-20c4-4f47-a814-e542a0c944af/1759320000.0_mean_300.0_v3 HTTP/1.0 201 - python-swiftclient-3.11.1 gAAAAABo362qBNLY... 16 - - tx2e927622af78445485f96-0068dfae73 - 0.0148 - - 1759489651.518751383 1759489651.533564329 0
Oct 3 11:07:31 standalone container-server[125683]: 172.20.0.100 - - [03/Oct/2025:11:07:31 +0000] "PUT /d1/333/AUTH_dd15d313c43947ae9dbb6c90519464c0/gnocchi.e350c063-20c4-4f47-a814-e542a0c944af/none_v3" 201 - "PUT http://localhost:8080/d1/698/AUTH_dd15d313c43947ae9dbb6c90519464c0/gnocchi.e350c063-20c4-4f47-a814-e542a0c944af/none_v3" "txb4a13423ed0d4ad6a6865-0068dfae73" "object-server 24" 0.0006 "-" 16 0
Oct 3 11:07:31 standalone object-server[125839]: 172.20.0.100 - - [03/Oct/2025:11:07:31 +0000] "PUT /d1/698/AUTH_dd15d313c43947ae9dbb6c90519464c0/gnocchi.e350c063-20c4-4f47-a814-e542a0c944af/none_v3" 201 - "PUT http://localhost:8080/v1/AUTH_dd15d313c43947ae9dbb6c90519464c0/gnocchi.e350c063-20c4-4f47-a814-e542a0c944af/none_v3" "txb4a13423ed0d4ad6a6865-0068dfae73" "proxy-server 12" 0.0097 "-" 24 0
Oct 3 11:07:31 standalone proxy-server[127504]: 172.18.0.2 ::1 03/Oct/2025/11/07/31 PUT /v1/AUTH_dd15d313c43947ae9dbb6c90519464c0/gnocchi.e350c063-20c4-4f47-a814-e542a0c944af/none_v3 HTTP/1.0 201 - python-swiftclient-3.11.1 gAAAAABo362qBNLY... 22 - - txb4a13423ed0d4ad6a6865-0068dfae73 - 0.0163 - - 1759489651.537598610 1759489651.553892374 0
Oct 3 11:07:31 standalone container-server[125679]: 172.20.0.100 - - [03/Oct/2025:11:07:31 +0000] "HEAD /d1/371/AUTH_dd15d313c43947ae9dbb6c90519464c0/gnocchi.7179b8f4-b8c3-4b09-b366-d5628637f8dd" 404 - "HEAD http://localhost:8080/v1/AUTH_dd15d313c43947ae9dbb6c90519464c0/gnocchi.7179b8f4-b8c3-4b09-b366-d5628637f8dd?format=json&states=listing" "txb31001b000504684b0ecf-0068dfae73" "proxy-server 12" 0.0006 "-" 14 0
Oct 3 11:07:31 standalone object-server[125839]: 172.20.0.100 - - [03/Oct/2025:11:07:31 +0000] "GET /d1/813/AUTH_dd15d313c43947ae9dbb6c90519464c0/gnocchi.7179b8f4-b8c3-4b09-b366-d5628637f8dd/none_v3" 404 70 "GET http://localhost:8080/v1/AUTH_dd15d313c43947ae9dbb6c90519464c0/gnocchi.7179b8f4-b8c3-4b09-b366-d5628637f8dd/none_v3" "txb31001b000504684b0ecf-0068dfae73" "proxy-server 12" 0.0004 "-" 24 0
Oct 3 11:07:31 standalone proxy-server[127504]: 172.18.0.2 ::1 03/Oct/2025/11/07/31 GET /v1/AUTH_dd15d313c43947ae9dbb6c90519464c0/gnocchi.7179b8f4-b8c3-4b09-b366-d5628637f8dd/none_v3 HTTP/1.0 404 - python-swiftclient-3.11.1 gAAAAABo362qBNLY... - 70 - txb31001b000504684b0ecf-0068dfae73 - 0.0110 - - 1759489651.567045689 1759489651.578063965 0
Oct 3 11:07:31 standalone account-server[125619]: 172.20.0.100 - - [03/Oct/2025:11:07:31 +0000] "PUT /d1/252/AUTH_dd15d313c43947ae9dbb6c90519464c0/gnocchi.7179b8f4-b8c3-4b09-b366-d5628637f8dd" 201 - "PUT http://172.20.0.100:6001/d1/371/AUTH_dd15d313c43947ae9dbb6c90519464c0/gnocchi.7179b8f4-b8c3-4b09-b366-d5628637f8dd" "tx6f07d093b1f648778bc6c-0068dfae73" "container-server 16" 0.0043 "-" 21 0
Oct 3 11:07:31 standalone container-server[125683]: 172.20.0.100 - - [03/Oct/2025:11:07:31 +0000] "PUT /d1/371/AUTH_dd15d313c43947ae9dbb6c90519464c0/gnocchi.7179b8f4-b8c3-4b09-b366-d5628637f8dd" 201 - "PUT http://localhost:8080/v1/AUTH_dd15d313c43947ae9dbb6c90519464c0/gnocchi.7179b8f4-b8c3-4b09-b366-d5628637f8dd" "tx6f07d093b1f648778bc6c-0068dfae73" "proxy-server 12" 0.0165 "-" 16 0
Oct 3 11:07:31 standalone proxy-server[127504]: 172.18.0.2 ::1 03/Oct/2025/11/07/31 PUT /v1/AUTH_dd15d313c43947ae9dbb6c90519464c0/gnocchi.7179b8f4-b8c3-4b09-b366-d5628637f8dd HTTP/1.0 201 - python-swiftclient-3.11.1 gAAAAABo362qBNLY... - - - tx6f07d093b1f648778bc6c-0068dfae73 - 0.0222 - - 1759489651.581879854 1759489651.604085922 0
Oct 3 11:07:31 standalone container-server[125683]: 172.20.0.100 - - [03/Oct/2025:11:07:31 +0000] "HEAD /d1/371/AUTH_dd15d313c43947ae9dbb6c90519464c0/gnocchi.7179b8f4-b8c3-4b09-b366-d5628637f8dd" 204 - "HEAD http://localhost:8080/v1/AUTH_dd15d313c43947ae9dbb6c90519464c0/gnocchi.7179b8f4-b8c3-4b09-b366-d5628637f8dd?format=json&states=listing" "txe60ad4e0ddcd424b856e2-0068dfae73" "proxy-server 12" 0.0018 "-" 16 0
Oct 3 11:07:31 standalone proxy-server[127504]: - - 03/Oct/2025/11/07/31 HEAD /v1/AUTH_dd15d313c43947ae9dbb6c90519464c0/gnocchi.7179b8f4-b8c3-4b09-b366-d5628637f8dd%3Fformat%3Djson%26states%3Dlisting HTTP/1.0 204 - Swift - - - - txe60ad4e0ddcd424b856e2-0068dfae73 - 0.0057 RL - 1759489651.610232353 1759489651.615951538 0
Oct 3 11:07:31 standalone container-server[125683]: 172.20.0.100 - - [03/Oct/2025:11:07:31 +0000] "GET /d1/371/AUTH_dd15d313c43947ae9dbb6c90519464c0/gnocchi.7179b8f4-b8c3-4b09-b366-d5628637f8dd" 200 2 "GET http://localhost:8080/v1/AUTH_dd15d313c43947ae9dbb6c90519464c0/gnocchi.7179b8f4-b8c3-4b09-b366-d5628637f8dd?format=json&states=listing" "txe60ad4e0ddcd424b856e2-0068dfae73" "proxy-server 12" 0.0030 "-" 16 0
Oct 3 11:07:31 standalone proxy-server[127504]: 172.18.0.2 ::1 03/Oct/2025/11/07/31 GET /v1/AUTH_dd15d313c43947ae9dbb6c90519464c0/gnocchi.7179b8f4-b8c3-4b09-b366-d5628637f8dd%3Fformat%3Djson%26states%3Dlisting HTTP/1.0 200 - python-swiftclient-3.11.1 gAAAAABo362qBNLY... - 2 - txe60ad4e0ddcd424b856e2-0068dfae73 - 0.0168 - - 1759489651.608959198 1759489651.625764608 0
Oct 3 11:07:31 standalone object-server[125839]: 172.20.0.100 - - [03/Oct/2025:11:07:31 +0000] "GET /d1/652/AUTH_dd15d313c43947ae9dbb6c90519464c0/gnocchi.7179b8f4-b8c3-4b09-b366-d5628637f8dd/1759320000.0_mean_300.0_v3" 404 70 "GET http://localhost:8080/v1/AUTH_dd15d313c43947ae9dbb6c90519464c0/gnocchi.7179b8f4-b8c3-4b09-b366-d5628637f8dd/1759320000.0_mean_300.0_v3" "txc8120d7498c94c7b8d540-0068dfae73" "proxy-server 12" 0.0004 "-" 24 0
Oct 3 11:07:31 standalone proxy-server[127504]: 172.18.0.2 ::1 03/Oct/2025/11/07/31 GET /v1/AUTH_dd15d313c43947ae9dbb6c90519464c0/gnocchi.7179b8f4-b8c3-4b09-b366-d5628637f8dd/1759320000.0_mean_300.0_v3 HTTP/1.0 404 - python-swiftclient-3.11.1 gAAAAABo362qBNLY... - 70 - txc8120d7498c94c7b8d540-0068dfae73 - 0.0089 - - 1759489651.633646250 1759489651.642565012 0
Oct 3 11:07:31 standalone container-server[125681]: 172.20.0.100 - - [03/Oct/2025:11:07:31 +0000] "PUT /d1/371/AUTH_dd15d313c43947ae9dbb6c90519464c0/gnocchi.7179b8f4-b8c3-4b09-b366-d5628637f8dd/1759320000.0_mean_300.0_v3" 201 - "PUT http://localhost:8080/d1/652/AUTH_dd15d313c43947ae9dbb6c90519464c0/gnocchi.7179b8f4-b8c3-4b09-b366-d5628637f8dd/1759320000.0_mean_300.0_v3" "tx03aaeffa7b394dad99064-0068dfae73" "object-server 24" 0.0018 "-" 15 0
Oct 3 11:07:31 standalone object-server[125839]: 172.20.0.100 - - [03/Oct/2025:11:07:31 +0000] "PUT /d1/652/AUTH_dd15d313c43947ae9dbb6c90519464c0/gnocchi.7179b8f4-b8c3-4b09-b366-d5628637f8dd/1759320000.0_mean_300.0_v3" 201 - "PUT http://localhost:8080/v1/AUTH_dd15d313c43947ae9dbb6c90519464c0/gnocchi.7179b8f4-b8c3-4b09-b366-d5628637f8dd/1759320000.0_mean_300.0_v3" "tx03aaeffa7b394dad99064-0068dfae73" "proxy-server 12" 0.0126 "-" 24 0
Oct 3 11:07:31 standalone proxy-server[127504]: 172.18.0.2 ::1 03/Oct/2025/11/07/31 PUT /v1/AUTH_dd15d313c43947ae9dbb6c90519464c0/gnocchi.7179b8f4-b8c3-4b09-b366-d5628637f8dd/1759320000.0_mean_300.0_v3 HTTP/1.0 201 - python-swiftclient-3.11.1 gAAAAABo362qBNLY... 16 - - tx03aaeffa7b394dad99064-0068dfae73 - 0.0208 - - 1759489651.646302700 1759489651.667105198 0
Oct 3 11:07:31 standalone container-server[125694]: 172.20.0.100 - - [03/Oct/2025:11:07:31 +0000] "PUT /d1/371/AUTH_dd15d313c43947ae9dbb6c90519464c0/gnocchi.7179b8f4-b8c3-4b09-b366-d5628637f8dd/none_v3" 201 - "PUT http://localhost:8080/d1/813/AUTH_dd15d313c43947ae9dbb6c90519464c0/gnocchi.7179b8f4-b8c3-4b09-b366-d5628637f8dd/none_v3" "txb47d9901efb042e39b644-0068dfae73" "object-server 25" 0.0007 "-" 20 0
Oct 3 11:07:31 standalone object-server[125841]: 172.20.0.100 - - [03/Oct/2025:11:07:31 +0000] "PUT /d1/813/AUTH_dd15d313c43947ae9dbb6c90519464c0/gnocchi.7179b8f4-b8c3-4b09-b366-d5628637f8dd/none_v3" 201 - "PUT http://localhost:8080/v1/AUTH_dd15d313c43947ae9dbb6c90519464c0/gnocchi.7179b8f4-b8c3-4b09-b366-d5628637f8dd/none_v3" "txb47d9901efb042e39b644-0068dfae73" "proxy-server 12" 0.0153 "-" 25 0
Oct 3 11:07:31 standalone proxy-server[127504]: 172.18.0.2 ::1 03/Oct/2025/11/07/31 PUT /v1/AUTH_dd15d313c43947ae9dbb6c90519464c0/gnocchi.7179b8f4-b8c3-4b09-b366-d5628637f8dd/none_v3 HTTP/1.0 201 - python-swiftclient-3.11.1 gAAAAABo362qBNLY... 22 - - txb47d9901efb042e39b644-0068dfae73 - 0.0235 - - 1759489651.671555519 1759489651.695049524 0
Oct 3 11:07:31 standalone container-server[125679]: 172.20.0.100 - - [03/Oct/2025:11:07:31 +0000] "HEAD /d1/730/AUTH_dd15d313c43947ae9dbb6c90519464c0/gnocchi.139dd696-5c94-4860-95f3-8cf5acc726f7" 404 - "HEAD http://localhost:8080/v1/AUTH_dd15d313c43947ae9dbb6c90519464c0/gnocchi.139dd696-5c94-4860-95f3-8cf5acc726f7?format=json&states=listing" "tx21cfbec219174e2db1160-0068dfae73" "proxy-server 12" 0.0005 "-" 14 0
Oct 3 11:07:31 standalone object-server[125839]: 172.20.0.100 - - [03/Oct/2025:11:07:31 +0000] "GET /d1/723/AUTH_dd15d313c43947ae9dbb6c90519464c0/gnocchi.139dd696-5c94-4860-95f3-8cf5acc726f7/none_v3" 404 70 "GET http://localhost:8080/v1/AUTH_dd15d313c43947ae9dbb6c90519464c0/gnocchi.139dd696-5c94-4860-95f3-8cf5acc726f7/none_v3" "tx21cfbec219174e2db1160-0068dfae73" "proxy-server 12" 0.0004 "-" 24 0
Oct 3 11:07:31 standalone proxy-server[127504]: 172.18.0.2 ::1 03/Oct/2025/11/07/31 GET /v1/AUTH_dd15d313c43947ae9dbb6c90519464c0/gnocchi.139dd696-5c94-4860-95f3-8cf5acc726f7/none_v3 HTTP/1.0 404 - python-swiftclient-3.11.1 gAAAAABo362qBNLY... - 70 - tx21cfbec219174e2db1160-0068dfae73 - 0.0101 - - 1759489651.711460114 1759489651.721587896 0
Oct 3 11:07:31 standalone account-server[125630]: 172.20.0.100 - - [03/Oct/2025:11:07:31 +0000] "PUT /d1/252/AUTH_dd15d313c43947ae9dbb6c90519464c0/gnocchi.139dd696-5c94-4860-95f3-8cf5acc726f7" 201 - "PUT http://172.20.0.100:6001/d1/730/AUTH_dd15d313c43947ae9dbb6c90519464c0/gnocchi.139dd696-5c94-4860-95f3-8cf5acc726f7" "tx0accbb7a861a4e9b863ca-0068dfae73" "container-server 16" 0.0080 "-" 22 0
Oct 3 11:07:31 standalone container-server[125683]: 172.20.0.100 - - [03/Oct/2025:11:07:31 +0000] "PUT /d1/730/AUTH_dd15d313c43947ae9dbb6c90519464c0/gnocchi.139dd696-5c94-4860-95f3-8cf5acc726f7" 201 - "PUT http://localhost:8080/v1/AUTH_dd15d313c43947ae9dbb6c90519464c0/gnocchi.139dd696-5c94-4860-95f3-8cf5acc726f7" "tx0accbb7a861a4e9b863ca-0068dfae73" "proxy-server 12" 0.0277 "-" 16 0
Oct 3 11:07:31 standalone proxy-server[127504]: 172.18.0.2 ::1 03/Oct/2025/11/07/31 PUT /v1/AUTH_dd15d313c43947ae9dbb6c90519464c0/gnocchi.139dd696-5c94-4860-95f3-8cf5acc726f7 HTTP/1.0 201 - python-swiftclient-3.11.1 gAAAAABo362qBNLY... - - - tx0accbb7a861a4e9b863ca-0068dfae73 - 0.0342 - - 1759489651.726255417 1759489651.760480165 0
Oct 3 11:07:31 standalone container-server[125681]: 172.20.0.100 - - [03/Oct/2025:11:07:31 +0000] "HEAD /d1/730/AUTH_dd15d313c43947ae9dbb6c90519464c0/gnocchi.139dd696-5c94-4860-95f3-8cf5acc726f7" 204 - "HEAD http://localhost:8080/v1/AUTH_dd15d313c43947ae9dbb6c90519464c0/gnocchi.139dd696-5c94-4860-95f3-8cf5acc726f7?format=json&states=listing" "tx44b53963fe4d436a9ff8a-0068dfae73" "proxy-server 12" 0.0023 "-" 15 0
Oct 3 11:07:31 standalone proxy-server[127504]: - - 03/Oct/2025/11/07/31 HEAD /v1/AUTH_dd15d313c43947ae9dbb6c90519464c0/gnocchi.139dd696-5c94-4860-95f3-8cf5acc726f7%3Fformat%3Djson%26states%3Dlisting HTTP/1.0 204 - Swift - - - - tx44b53963fe4d436a9ff8a-0068dfae73 - 0.0057 RL - 1759489651.766714096 1759489651.772458315 0
Oct 3 11:07:31 standalone container-server[125681]: 172.20.0.100 - - [03/Oct/2025:11:07:31 +0000] "GET /d1/730/AUTH_dd15d313c43947ae9dbb6c90519464c0/gnocchi.139dd696-5c94-4860-95f3-8cf5acc726f7" 200 2 "GET http://localhost:8080/v1/AUTH_dd15d313c43947ae9dbb6c90519464c0/gnocchi.139dd696-5c94-4860-95f3-8cf5acc726f7?format=json&states=listing" "tx44b53963fe4d436a9ff8a-0068dfae73" "proxy-server 12" 0.0030 "-" 15 0
Oct 3 11:07:31 standalone proxy-server[127504]: 172.18.0.2 ::1 03/Oct/2025/11/07/31 GET /v1/AUTH_dd15d313c43947ae9dbb6c90519464c0/gnocchi.139dd696-5c94-4860-95f3-8cf5acc726f7%3Fformat%3Djson%26states%3Dlisting HTTP/1.0 200 - python-swiftclient-3.11.1 gAAAAABo362qBNLY... - 2 - tx44b53963fe4d436a9ff8a-0068dfae73 - 0.0150 - - 1759489651.765661240 1759489651.780622482 0
Oct 3 11:07:31 standalone object-server[125839]: 172.20.0.100 - - [03/Oct/2025:11:07:31 +0000] "GET /d1/463/AUTH_dd15d313c43947ae9dbb6c90519464c0/gnocchi.139dd696-5c94-4860-95f3-8cf5acc726f7/1759320000.0_mean_300.0_v3" 404 70 "GET http://localhost:8080/v1/AUTH_dd15d313c43947ae9dbb6c90519464c0/gnocchi.139dd696-5c94-4860-95f3-8cf5acc726f7/1759320000.0_mean_300.0_v3" "tx4efed114f83a413390feb-0068dfae73" "proxy-server 12" 0.0005 "-" 24 0
Oct 3 11:07:31 standalone proxy-server[127504]: 172.18.0.2 ::1 03/Oct/2025/11/07/31 GET /v1/AUTH_dd15d313c43947ae9dbb6c90519464c0/gnocchi.139dd696-5c94-4860-95f3-8cf5acc726f7/1759320000.0_mean_300.0_v3 HTTP/1.0 404 - python-swiftclient-3.11.1 gAAAAABo362qBNLY... - 70 - tx4efed114f83a413390feb-0068dfae73 - 0.0054 - - 1759489651.785119772 1759489651.790560484 0
Oct 3 11:07:31 standalone container-server[125679]: 172.20.0.100 - - [03/Oct/2025:11:07:31 +0000] "PUT /d1/730/AUTH_dd15d313c43947ae9dbb6c90519464c0/gnocchi.139dd696-5c94-4860-95f3-8cf5acc726f7/1759320000.0_mean_300.0_v3" 201 - "PUT http://localhost:8080/d1/463/AUTH_dd15d313c43947ae9dbb6c90519464c0/gnocchi.139dd696-5c94-4860-95f3-8cf5acc726f7/1759320000.0_mean_300.0_v3" "tx20149b1b9cc5469d878f0-0068dfae73" "object-server 24" 0.0009 "-" 14 0
Oct 3 11:07:31 standalone object-server[125839]: 172.20.0.100 - - [03/Oct/2025:11:07:31 +0000] "PUT /d1/463/AUTH_dd15d313c43947ae9dbb6c90519464c0/gnocchi.139dd696-5c94-4860-95f3-8cf5acc726f7/1759320000.0_mean_300.0_v3" 201 - "PUT http://localhost:8080/v1/AUTH_dd15d313c43947ae9dbb6c90519464c0/gnocchi.139dd696-5c94-4860-95f3-8cf5acc726f7/1759320000.0_mean_300.0_v3" "tx20149b1b9cc5469d878f0-0068dfae73" "proxy-server 12" 0.0154 "-" 24 0
Oct 3 11:07:31 standalone proxy-server[127504]: 172.18.0.2 ::1 03/Oct/2025/11/07/31 PUT /v1/AUTH_dd15d313c43947ae9dbb6c90519464c0/gnocchi.139dd696-5c94-4860-95f3-8cf5acc726f7/1759320000.0_mean_300.0_v3 HTTP/1.0 201 - python-swiftclient-3.11.1 gAAAAABo362qBNLY... 16 - - tx20149b1b9cc5469d878f0-0068dfae73 - 0.0203 - - 1759489651.794442177 1759489651.814749479 0
Oct 3 11:07:31 standalone container-server[125679]: 172.20.0.100 - - [03/Oct/2025:11:07:31 +0000] "PUT /d1/730/AUTH_dd15d313c43947ae9dbb6c90519464c0/gnocchi.139dd696-5c94-4860-95f3-8cf5acc726f7/none_v3" 201 - "PUT http://localhost:8080/d1/723/AUTH_dd15d313c43947ae9dbb6c90519464c0/gnocchi.139dd696-5c94-4860-95f3-8cf5acc726f7/none_v3" "tx3fd830f9ce9a429fbf4d6-0068dfae73" "object-server 24" 0.0008 "-" 14 0
Oct 3 11:07:31 standalone object-server[125839]: 172.20.0.100 - - [03/Oct/2025:11:07:31 +0000] "PUT /d1/723/AUTH_dd15d313c43947ae9dbb6c90519464c0/gnocchi.139dd696-5c94-4860-95f3-8cf5acc726f7/none_v3" 201 - "PUT http://localhost:8080/v1/AUTH_dd15d313c43947ae9dbb6c90519464c0/gnocchi.139dd696-5c94-4860-95f3-8cf5acc726f7/none_v3" "tx3fd830f9ce9a429fbf4d6-0068dfae73" "proxy-server 12" 0.0108 "-" 24 0
Oct 3 11:07:31 standalone proxy-server[127504]: 172.18.0.2 ::1 03/Oct/2025/11/07/31 PUT /v1/AUTH_dd15d313c43947ae9dbb6c90519464c0/gnocchi.139dd696-5c94-4860-95f3-8cf5acc726f7/none_v3 HTTP/1.0 201 - python-swiftclient-3.11.1 gAAAAABo362qBNLY... 22 - - tx3fd830f9ce9a429fbf4d6-0068dfae73 - 0.0155 - - 1759489651.818170547 1759489651.833711624 0
Oct 3 11:07:31 standalone container-server[125679]: 172.20.0.100 - - [03/Oct/2025:11:07:31 +0000] "HEAD /d1/362/AUTH_dd15d313c43947ae9dbb6c90519464c0/gnocchi.05b0e9c9-462c-47af-b121-10e1eee5ffcc" 404 - "HEAD http://localhost:8080/v1/AUTH_dd15d313c43947ae9dbb6c90519464c0/gnocchi.05b0e9c9-462c-47af-b121-10e1eee5ffcc?format=json&states=listing" "tx468b87f4b781443f9b42a-0068dfae73" "proxy-server 12" 0.0005 "-" 14 0
Oct 3 11:07:31 standalone object-server[125829]: 172.20.0.100 - - [03/Oct/2025:11:07:31 +0000] "GET /d1/928/AUTH_dd15d313c43947ae9dbb6c90519464c0/gnocchi.05b0e9c9-462c-47af-b121-10e1eee5ffcc/none_v3" 404 70 "GET http://localhost:8080/v1/AUTH_dd15d313c43947ae9dbb6c90519464c0/gnocchi.05b0e9c9-462c-47af-b121-10e1eee5ffcc/none_v3" "tx468b87f4b781443f9b42a-0068dfae73" "proxy-server 12" 0.0003 "-" 22 0
Oct 3 11:07:31 standalone proxy-server[127504]: 172.18.0.2 ::1 03/Oct/2025/11/07/31 GET /v1/AUTH_dd15d313c43947ae9dbb6c90519464c0/gnocchi.05b0e9c9-462c-47af-b121-10e1eee5ffcc/none_v3 HTTP/1.0 404 - python-swiftclient-3.11.1 gAAAAABo362qBNLY... - 70 - tx468b87f4b781443f9b42a-0068dfae73 - 0.0108 - - 1759489651.846950769 1759489651.857707024 0
Oct 3 11:07:31 standalone account-server[125619]: 172.20.0.100 - - [03/Oct/2025:11:07:31 +0000] "PUT /d1/252/AUTH_dd15d313c43947ae9dbb6c90519464c0/gnocchi.05b0e9c9-462c-47af-b121-10e1eee5ffcc" 201 - "PUT http://172.20.0.100:6001/d1/362/AUTH_dd15d313c43947ae9dbb6c90519464c0/gnocchi.05b0e9c9-462c-47af-b121-10e1eee5ffcc" "txa34bd253148b4e6cafac4-0068dfae73" "container-server 16" 0.0070 "-" 21 0
Oct 3 11:07:31 standalone container-server[125683]: 172.20.0.100 - - [03/Oct/2025:11:07:31 +0000] "PUT /d1/362/AUTH_dd15d313c43947ae9dbb6c90519464c0/gnocchi.05b0e9c9-462c-47af-b121-10e1eee5ffcc" 201 - "PUT http://localhost:8080/v1/AUTH_dd15d313c43947ae9dbb6c90519464c0/gnocchi.05b0e9c9-462c-47af-b121-10e1eee5ffcc" "txa34bd253148b4e6cafac4-0068dfae73" "proxy-server 12" 0.0228 "-" 16 0
Oct 3 11:07:31 standalone proxy-server[127504]: 172.18.0.2 ::1 03/Oct/2025/11/07/31 PUT /v1/AUTH_dd15d313c43947ae9dbb6c90519464c0/gnocchi.05b0e9c9-462c-47af-b121-10e1eee5ffcc HTTP/1.0 201 - python-swiftclient-3.11.1 gAAAAABo362qBNLY... - - - txa34bd253148b4e6cafac4-0068dfae73 - 0.0298 - - 1759489651.862382650 1759489651.892219543 0
Oct 3 11:07:31 standalone container-server[125681]: 172.20.0.100 - - [03/Oct/2025:11:07:31 +0000] "HEAD /d1/362/AUTH_dd15d313c43947ae9dbb6c90519464c0/gnocchi.05b0e9c9-462c-47af-b121-10e1eee5ffcc" 204 - "HEAD http://localhost:8080/v1/AUTH_dd15d313c43947ae9dbb6c90519464c0/gnocchi.05b0e9c9-462c-47af-b121-10e1eee5ffcc?format=json&states=listing" "tx3433042b7a4c47769838e-0068dfae73" "proxy-server 12" 0.0023 "-" 15 0
Oct 3 11:07:31 standalone proxy-server[127504]: - - 03/Oct/2025/11/07/31 HEAD /v1/AUTH_dd15d313c43947ae9dbb6c90519464c0/gnocchi.05b0e9c9-462c-47af-b121-10e1eee5ffcc%3Fformat%3Djson%26states%3Dlisting HTTP/1.0 204 - Swift - - - - tx3433042b7a4c47769838e-0068dfae73 - 0.0122 RL - 1759489651.902320862 1759489651.914527893 0
Oct 3 11:07:31 standalone container-server[125681]: 172.20.0.100 - - [03/Oct/2025:11:07:31 +0000] "GET /d1/362/AUTH_dd15d313c43947ae9dbb6c90519464c0/gnocchi.05b0e9c9-462c-47af-b121-10e1eee5ffcc" 200 2 "GET http://localhost:8080/v1/AUTH_dd15d313c43947ae9dbb6c90519464c0/gnocchi.05b0e9c9-462c-47af-b121-10e1eee5ffcc?format=json&states=listing" "tx3433042b7a4c47769838e-0068dfae73" "proxy-server 12" 0.0032 "-" 15 0
Oct 3 11:07:31 standalone proxy-server[127504]: 172.18.0.2 ::1 03/Oct/2025/11/07/31 GET /v1/AUTH_dd15d313c43947ae9dbb6c90519464c0/gnocchi.05b0e9c9-462c-47af-b121-10e1eee5ffcc%3Fformat%3Djson%26states%3Dlisting HTTP/1.0 200 - python-swiftclient-3.11.1 gAAAAABo362qBNLY... - 2 - tx3433042b7a4c47769838e-0068dfae73 - 0.0282 - - 1759489651.900541782 1759489651.928780317 0
Oct 3 11:07:31 standalone object-server[125841]: 172.20.0.100 - - [03/Oct/2025:11:07:31 +0000] "GET /d1/927/AUTH_dd15d313c43947ae9dbb6c90519464c0/gnocchi.05b0e9c9-462c-47af-b121-10e1eee5ffcc/1759320000.0_mean_300.0_v3" 404 70 "GET http://localhost:8080/v1/AUTH_dd15d313c43947ae9dbb6c90519464c0/gnocchi.05b0e9c9-462c-47af-b121-10e1eee5ffcc/1759320000.0_mean_300.0_v3" "tx8dfc7524464240eda1974-0068dfae73" "proxy-server 12" 0.0006 "-" 25 0
Oct 3 11:07:31 standalone proxy-server[127504]: 172.18.0.2 ::1 03/Oct/2025/11/07/31 GET /v1/AUTH_dd15d313c43947ae9dbb6c90519464c0/gnocchi.05b0e9c9-462c-47af-b121-10e1eee5ffcc/1759320000.0_mean_300.0_v3 HTTP/1.0 404 - python-swiftclient-3.11.1 gAAAAABo362qBNLY... - 70 - tx8dfc7524464240eda1974-0068dfae73 - 0.0120 - - 1759489651.936610699 1759489651.948604345 0
Oct 3 11:07:31 standalone container-server[125681]: 172.20.0.100 - - [03/Oct/2025:11:07:31 +0000] "PUT /d1/362/AUTH_dd15d313c43947ae9dbb6c90519464c0/gnocchi.05b0e9c9-462c-47af-b121-10e1eee5ffcc/1759320000.0_mean_300.0_v3" 201 - "PUT http://localhost:8080/d1/927/AUTH_dd15d313c43947ae9dbb6c90519464c0/gnocchi.05b0e9c9-462c-47af-b121-10e1eee5ffcc/1759320000.0_mean_300.0_v3" "txcab193e90e0c402eb0b4f-0068dfae73" "object-server 22" 0.0007 "-" 15 0
Oct 3 11:07:31 standalone object-server[125829]: 172.20.0.100 - - [03/Oct/2025:11:07:31 +0000] "PUT /d1/927/AUTH_dd15d313c43947ae9dbb6c90519464c0/gnocchi.05b0e9c9-462c-47af-b121-10e1eee5ffcc/1759320000.0_mean_300.0_v3" 201 - "PUT http://localhost:8080/v1/AUTH_dd15d313c43947ae9dbb6c90519464c0/gnocchi.05b0e9c9-462c-47af-b121-10e1eee5ffcc/1759320000.0_mean_300.0_v3" "txcab193e90e0c402eb0b4f-0068dfae73" "proxy-server 12" 0.0100 "-" 22 0
Oct 3 11:07:31 standalone proxy-server[127504]: 172.18.0.2 ::1 03/Oct/2025/11/07/31 PUT /v1/AUTH_dd15d313c43947ae9dbb6c90519464c0/gnocchi.05b0e9c9-462c-47af-b121-10e1eee5ffcc/1759320000.0_mean_300.0_v3 HTTP/1.0 201 - python-swiftclient-3.11.1 gAAAAABo362qBNLY... 16 - - txcab193e90e0c402eb0b4f-0068dfae73 - 0.0178 - - 1759489651.956082106 1759489651.973865986 0
Oct 3 11:07:31 standalone container-server[125679]: 172.20.0.100 - - [03/Oct/2025:11:07:31 +0000] "PUT /d1/362/AUTH_dd15d313c43947ae9dbb6c90519464c0/gnocchi.05b0e9c9-462c-47af-b121-10e1eee5ffcc/none_v3" 201 - "PUT http://localhost:8080/d1/928/AUTH_dd15d313c43947ae9dbb6c90519464c0/gnocchi.05b0e9c9-462c-47af-b121-10e1eee5ffcc/none_v3" "tx743ac9ae4b3a40ddbdb0d-0068dfae73" "object-server 24" 0.0005 "-" 14 0
Oct 3 11:07:31 standalone object-server[125839]: 172.20.0.100 - - [03/Oct/2025:11:07:31 +0000] "PUT /d1/928/AUTH_dd15d313c43947ae9dbb6c90519464c0/gnocchi.05b0e9c9-462c-47af-b121-10e1eee5ffcc/none_v3" 201 - "PUT http://localhost:8080/v1/AUTH_dd15d313c43947ae9dbb6c90519464c0/gnocchi.05b0e9c9-462c-47af-b121-10e1eee5ffcc/none_v3" "tx743ac9ae4b3a40ddbdb0d-0068dfae73" "proxy-server 12" 0.0098 "-" 24 0
Oct 3 11:07:31 standalone proxy-server[127504]: 172.18.0.2 ::1 03/Oct/2025/11/07/31 PUT /v1/AUTH_dd15d313c43947ae9dbb6c90519464c0/gnocchi.05b0e9c9-462c-47af-b121-10e1eee5ffcc/none_v3 HTTP/1.0 201 - python-swiftclient-3.11.1 gAAAAABo362qBNLY... 22 - - tx743ac9ae4b3a40ddbdb0d-0068dfae73 - 0.0196 - - 1759489651.978225231 1759489651.997804880 0
Oct 3 11:07:32 standalone container-server[125681]: 172.20.0.100 - - [03/Oct/2025:11:07:32 +0000] "HEAD /d1/455/AUTH_dd15d313c43947ae9dbb6c90519464c0/gnocchi.c6b3e442-2b95-4ecf-8ba4-c8a849ebfa05" 404 - "HEAD http://localhost:8080/v1/AUTH_dd15d313c43947ae9dbb6c90519464c0/gnocchi.c6b3e442-2b95-4ecf-8ba4-c8a849ebfa05?format=json&states=listing" "tx69e71351bd4e44e0bdcd3-0068dfae74" "proxy-server 12" 0.0005 "-" 15 0
Oct 3 11:07:32 standalone object-server[125839]: 172.20.0.100 - - [03/Oct/2025:11:07:32 +0000] "GET /d1/262/AUTH_dd15d313c43947ae9dbb6c90519464c0/gnocchi.c6b3e442-2b95-4ecf-8ba4-c8a849ebfa05/none_v3" 404 70 "GET http://localhost:8080/v1/AUTH_dd15d313c43947ae9dbb6c90519464c0/gnocchi.c6b3e442-2b95-4ecf-8ba4-c8a849ebfa05/none_v3" "tx69e71351bd4e44e0bdcd3-0068dfae74" "proxy-server 12" 0.0006 "-" 24 0
Oct 3 11:07:32 standalone proxy-server[127504]: 172.18.0.2 ::1 03/Oct/2025/11/07/32 GET /v1/AUTH_dd15d313c43947ae9dbb6c90519464c0/gnocchi.c6b3e442-2b95-4ecf-8ba4-c8a849ebfa05/none_v3 HTTP/1.0 404 - python-swiftclient-3.11.1 gAAAAABo362qBNLY... - 70 - tx69e71351bd4e44e0bdcd3-0068dfae74 - 0.0149 - - 1759489652.008154869 1759489652.023078442 0
Oct 3 11:07:32 standalone account-server[125640]: 172.20.0.100 - - [03/Oct/2025:11:07:32 +0000] "PUT /d1/252/AUTH_dd15d313c43947ae9dbb6c90519464c0/gnocchi.c6b3e442-2b95-4ecf-8ba4-c8a849ebfa05" 201 - "PUT http://172.20.0.100:6001/d1/455/AUTH_dd15d313c43947ae9dbb6c90519464c0/gnocchi.c6b3e442-2b95-4ecf-8ba4-c8a849ebfa05" "tx1e72825a8f104ce0b2264-0068dfae74" "container-server 14" 0.0042 "-" 23 0
Oct 3 11:07:32 standalone container-server[125679]: 172.20.0.100 - - [03/Oct/2025:11:07:32 +0000] "PUT /d1/455/AUTH_dd15d313c43947ae9dbb6c90519464c0/gnocchi.c6b3e442-2b95-4ecf-8ba4-c8a849ebfa05" 201 - "PUT http://localhost:8080/v1/AUTH_dd15d313c43947ae9dbb6c90519464c0/gnocchi.c6b3e442-2b95-4ecf-8ba4-c8a849ebfa05" "tx1e72825a8f104ce0b2264-0068dfae74" "proxy-server 12" 0.0155 "-" 14 0
Oct 3 11:07:32 standalone proxy-server[127504]: 172.18.0.2 ::1 03/Oct/2025/11/07/32 PUT /v1/AUTH_dd15d313c43947ae9dbb6c90519464c0/gnocchi.c6b3e442-2b95-4ecf-8ba4-c8a849ebfa05 HTTP/1.0 201 - python-swiftclient-3.11.1 gAAAAABo362qBNLY... - - - tx1e72825a8f104ce0b2264-0068dfae74 - 0.0226 - - 1759489652.026858568 1759489652.049496651 0
Oct 3 11:07:32 standalone container-server[125683]: 172.20.0.100 - - [03/Oct/2025:11:07:32 +0000] "HEAD /d1/455/AUTH_dd15d313c43947ae9dbb6c90519464c0/gnocchi.c6b3e442-2b95-4ecf-8ba4-c8a849ebfa05" 204 - "HEAD http://localhost:8080/v1/AUTH_dd15d313c43947ae9dbb6c90519464c0/gnocchi.c6b3e442-2b95-4ecf-8ba4-c8a849ebfa05?format=json&states=listing" "tx57868a5661bd4936af72d-0068dfae74" "proxy-server 12" 0.0019 "-" 16 0
Oct 3 11:07:32 standalone proxy-server[127504]: - - 03/Oct/2025/11/07/32 HEAD /v1/AUTH_dd15d313c43947ae9dbb6c90519464c0/gnocchi.c6b3e442-2b95-4ecf-8ba4-c8a849ebfa05%3Fformat%3Djson%26states%3Dlisting HTTP/1.0 204 - Swift - - - - tx57868a5661bd4936af72d-0068dfae74 - 0.0066 RL - 1759489652.054927111 1759489652.061576605 0
Oct 3 11:07:32 standalone container-server[125679]: 172.20.0.100 - - [03/Oct/2025:11:07:32 +0000] "GET /d1/455/AUTH_dd15d313c43947ae9dbb6c90519464c0/gnocchi.c6b3e442-2b95-4ecf-8ba4-c8a849ebfa05" 200 2 "GET http://localhost:8080/v1/AUTH_dd15d313c43947ae9dbb6c90519464c0/gnocchi.c6b3e442-2b95-4ecf-8ba4-c8a849ebfa05?format=json&states=listing" "tx57868a5661bd4936af72d-0068dfae74" "proxy-server 12" 0.0036 "-" 14 0
Oct 3 11:07:32 standalone proxy-server[127504]: 172.18.0.2 ::1 03/Oct/2025/11/07/32 GET /v1/AUTH_dd15d313c43947ae9dbb6c90519464c0/gnocchi.c6b3e442-2b95-4ecf-8ba4-c8a849ebfa05%3Fformat%3Djson%26states%3Dlisting HTTP/1.0 200 - python-swiftclient-3.11.1 gAAAAABo362qBNLY... - 2 - tx57868a5661bd4936af72d-0068dfae74 - 0.0185 - - 1759489652.053541660 1759489652.072081804 0
Oct 3 11:07:32 standalone object-server[125837]: 172.20.0.100 - - [03/Oct/2025:11:07:32 +0000] "GET /d1/200/AUTH_dd15d313c43947ae9dbb6c90519464c0/gnocchi.c6b3e442-2b95-4ecf-8ba4-c8a849ebfa05/1759320000.0_mean_300.0_v3" 404 70 "GET http://localhost:8080/v1/AUTH_dd15d313c43947ae9dbb6c90519464c0/gnocchi.c6b3e442-2b95-4ecf-8ba4-c8a849ebfa05/1759320000.0_mean_300.0_v3" "txcfd03de746c442cdaa08a-0068dfae74" "proxy-server 12" 0.0003 "-" 23 0
Oct 3 11:07:32 standalone proxy-server[127504]: 172.18.0.2 ::1 03/Oct/2025/11/07/32 GET /v1/AUTH_dd15d313c43947ae9dbb6c90519464c0/gnocchi.c6b3e442-2b95-4ecf-8ba4-c8a849ebfa05/1759320000.0_mean_300.0_v3 HTTP/1.0 404 - python-swiftclient-3.11.1 gAAAAABo362qBNLY... - 70 - txcfd03de746c442cdaa08a-0068dfae74 - 0.0048 - - 1759489652.077463865 1759489652.082275629 0
Oct 3 11:07:32 standalone container-server[125683]: 172.20.0.100 - - [03/Oct/2025:11:07:32 +0000] "PUT /d1/455/AUTH_dd15d313c43947ae9dbb6c90519464c0/gnocchi.c6b3e442-2b95-4ecf-8ba4-c8a849ebfa05/1759320000.0_mean_300.0_v3" 201 - "PUT http://localhost:8080/d1/200/AUTH_dd15d313c43947ae9dbb6c90519464c0/gnocchi.c6b3e442-2b95-4ecf-8ba4-c8a849ebfa05/1759320000.0_mean_300.0_v3" "txc0994cc520d146309a935-0068dfae74" "object-server 23" 0.0008 "-" 16 0
Oct 3 11:07:32 standalone object-server[125837]: 172.20.0.100 - - [03/Oct/2025:11:07:32 +0000] "PUT /d1/200/AUTH_dd15d313c43947ae9dbb6c90519464c0/gnocchi.c6b3e442-2b95-4ecf-8ba4-c8a849ebfa05/1759320000.0_mean_300.0_v3" 201 - "PUT http://localhost:8080/v1/AUTH_dd15d313c43947ae9dbb6c90519464c0/gnocchi.c6b3e442-2b95-4ecf-8ba4-c8a849ebfa05/1759320000.0_mean_300.0_v3" "txc0994cc520d146309a935-0068dfae74" "proxy-server 12" 0.0094 "-" 23 0
Oct 3 11:07:32 standalone proxy-server[127504]: 172.18.0.2 ::1 03/Oct/2025/11/07/32 PUT /v1/AUTH_dd15d313c43947ae9dbb6c90519464c0/gnocchi.c6b3e442-2b95-4ecf-8ba4-c8a849ebfa05/1759320000.0_mean_300.0_v3 HTTP/1.0 201 - python-swiftclient-3.11.1 gAAAAABo362qBNLY... 16 - - txc0994cc520d146309a935-0068dfae74 - 0.0139 - - 1759489652.086502314 1759489652.100368023 0
Oct 3 11:07:32 standalone container-server[125683]: 172.20.0.100 - - [03/Oct/2025:11:07:32 +0000] "PUT /d1/455/AUTH_dd15d313c43947ae9dbb6c90519464c0/gnocchi.c6b3e442-2b95-4ecf-8ba4-c8a849ebfa05/none_v3" 201 - "PUT http://localhost:8080/d1/262/AUTH_dd15d313c43947ae9dbb6c90519464c0/gnocchi.c6b3e442-2b95-4ecf-8ba4-c8a849ebfa05/none_v3" "txbb115c0cbcad41d3a42ef-0068dfae74" "object-server 23" 0.0008 "-" 16 0
Oct 3 11:07:32 standalone object-server[125837]: 172.20.0.100 - - [03/Oct/2025:11:07:32 +0000] "PUT /d1/262/AUTH_dd15d313c43947ae9dbb6c90519464c0/gnocchi.c6b3e442-2b95-4ecf-8ba4-c8a849ebfa05/none_v3" 201 - "PUT http://localhost:8080/v1/AUTH_dd15d313c43947ae9dbb6c90519464c0/gnocchi.c6b3e442-2b95-4ecf-8ba4-c8a849ebfa05/none_v3" "txbb115c0cbcad41d3a42ef-0068dfae74" "proxy-server 12" 0.0098 "-" 23 0
Oct 3 11:07:32 standalone proxy-server[127504]: 172.18.0.2 ::1 03/Oct/2025/11/07/32 PUT /v1/AUTH_dd15d313c43947ae9dbb6c90519464c0/gnocchi.c6b3e442-2b95-4ecf-8ba4-c8a849ebfa05/none_v3 HTTP/1.0 201 - python-swiftclient-3.11.1 gAAAAABo362qBNLY... 22 - - txbb115c0cbcad41d3a42ef-0068dfae74 - 0.0148 - - 1759489652.105467081 1759489652.120302439 0
Oct 3 11:07:32 standalone container-server[125683]: 172.20.0.100 - - [03/Oct/2025:11:07:32 +0000] "HEAD /d1/446/AUTH_dd15d313c43947ae9dbb6c90519464c0/gnocchi.35291fae-0262-420f-b091-673af6c31628" 404 - "HEAD http://localhost:8080/v1/AUTH_dd15d313c43947ae9dbb6c90519464c0/gnocchi.35291fae-0262-420f-b091-673af6c31628?format=json&states=listing" "tx4c519cf59d99450dbb98d-0068dfae74" "proxy-server 12" 0.0004 "-" 16 0
Oct 3 11:07:32 standalone object-server[125841]: 172.20.0.100 - - [03/Oct/2025:11:07:32 +0000] "GET /d1/798/AUTH_dd15d313c43947ae9dbb6c90519464c0/gnocchi.35291fae-0262-420f-b091-673af6c31628/none_v3" 404 70 "GET http://localhost:8080/v1/AUTH_dd15d313c43947ae9dbb6c90519464c0/gnocchi.35291fae-0262-420f-b091-673af6c31628/none_v3" "tx4c519cf59d99450dbb98d-0068dfae74" "proxy-server 12" 0.0005 "-" 25 0
Oct 3 11:07:32 standalone proxy-server[127504]: 172.18.0.2 ::1 03/Oct/2025/11/07/32 GET /v1/AUTH_dd15d313c43947ae9dbb6c90519464c0/gnocchi.35291fae-0262-420f-b091-673af6c31628/none_v3 HTTP/1.0 404 - python-swiftclient-3.11.1 gAAAAABo362qBNLY... - 70 - tx4c519cf59d99450dbb98d-0068dfae74 - 0.0097 - - 1759489652.135911703 1759489652.145658731 0
Oct 3 11:07:32 standalone account-server[125640]: 172.20.0.100 - - [03/Oct/2025:11:07:32 +0000] "PUT /d1/252/AUTH_dd15d313c43947ae9dbb6c90519464c0/gnocchi.35291fae-0262-420f-b091-673af6c31628" 201 - "PUT http://172.20.0.100:6001/d1/446/AUTH_dd15d313c43947ae9dbb6c90519464c0/gnocchi.35291fae-0262-420f-b091-673af6c31628" "tx2ee317f3dfd74dceaabb3-0068dfae74" "container-server 15" 0.0064 "-" 23 0
Oct 3 11:07:32 standalone container-server[125681]: 172.20.0.100 - - [03/Oct/2025:11:07:32 +0000] "PUT /d1/446/AUTH_dd15d313c43947ae9dbb6c90519464c0/gnocchi.35291fae-0262-420f-b091-673af6c31628" 201 - "PUT http://localhost:8080/v1/AUTH_dd15d313c43947ae9dbb6c90519464c0/gnocchi.35291fae-0262-420f-b091-673af6c31628" "tx2ee317f3dfd74dceaabb3-0068dfae74" "proxy-server 12" 0.0175 "-" 15 0
Oct 3 11:07:32 standalone proxy-server[127504]: 172.18.0.2 ::1 03/Oct/2025/11/07/32 PUT /v1/AUTH_dd15d313c43947ae9dbb6c90519464c0/gnocchi.35291fae-0262-420f-b091-673af6c31628 HTTP/1.0 201 - python-swiftclient-3.11.1 gAAAAABo362qBNLY... - - - tx2ee317f3dfd74dceaabb3-0068dfae74 - 0.0229 - - 1759489652.150132179 1759489652.172999144 0
Oct 3 11:07:32 standalone container-server[125694]: 172.20.0.100 - - [03/Oct/2025:11:07:32 +0000] "HEAD /d1/446/AUTH_dd15d313c43947ae9dbb6c90519464c0/gnocchi.35291fae-0262-420f-b091-673af6c31628" 204 - "HEAD http://localhost:8080/v1/AUTH_dd15d313c43947ae9dbb6c90519464c0/gnocchi.35291fae-0262-420f-b091-673af6c31628?format=json&states=listing" "txf04d06830a5c41308effc-0068dfae74" "proxy-server 12" 0.0025 "-" 20 0
Oct 3 11:07:32 standalone proxy-server[127504]: - - 03/Oct/2025/11/07/32 HEAD /v1/AUTH_dd15d313c43947ae9dbb6c90519464c0/gnocchi.35291fae-0262-420f-b091-673af6c31628%3Fformat%3Djson%26states%3Dlisting HTTP/1.0 204 - Swift - - - - txf04d06830a5c41308effc-0068dfae74 - 0.0085 RL - 1759489652.182039738 1759489652.190561771 0
Oct 3 11:07:32 standalone container-server[125681]: 172.20.0.100 - - [03/Oct/2025:11:07:32 +0000] "GET /d1/446/AUTH_dd15d313c43947ae9dbb6c90519464c0/gnocchi.35291fae-0262-420f-b091-673af6c31628" 200 2 "GET http://localhost:8080/v1/AUTH_dd15d313c43947ae9dbb6c90519464c0/gnocchi.35291fae-0262-420f-b091-673af6c31628?format=json&states=listing" "txf04d06830a5c41308effc-0068dfae74" "proxy-server 12" 0.0031 "-" 15 0
Oct 3 11:07:32 standalone proxy-server[127504]: 172.18.0.2 ::1 03/Oct/2025/11/07/32 GET /v1/AUTH_dd15d313c43947ae9dbb6c90519464c0/gnocchi.35291fae-0262-420f-b091-673af6c31628%3Fformat%3Djson%26states%3Dlisting HTTP/1.0 200 - python-swiftclient-3.11.1 gAAAAABo362qBNLY... - 2 - txf04d06830a5c41308effc-0068dfae74 - 0.0232 - - 1759489652.179563046 1759489652.202723503 0
Oct 3 11:07:32 standalone object-server[125839]: 172.20.0.100 - - [03/Oct/2025:11:07:32 +0000] "GET /d1/614/AUTH_dd15d313c43947ae9dbb6c90519464c0/gnocchi.35291fae-0262-420f-b091-673af6c31628/1759320000.0_mean_300.0_v3" 404 70 "GET http://localhost:8080/v1/AUTH_dd15d313c43947ae9dbb6c90519464c0/gnocchi.35291fae-0262-420f-b091-673af6c31628/1759320000.0_mean_300.0_v3" "txa1eac473bcaa4e7192798-0068dfae74" "proxy-server 12" 0.0008 "-" 24 0
Oct 3 11:07:32 standalone proxy-server[127504]: 172.18.0.2 ::1 03/Oct/2025/11/07/32 GET /v1/AUTH_dd15d313c43947ae9dbb6c90519464c0/gnocchi.35291fae-0262-420f-b091-673af6c31628/1759320000.0_mean_300.0_v3 HTTP/1.0 404 - python-swiftclient-3.11.1 gAAAAABo362qBNLY... - 70 - txa1eac473bcaa4e7192798-0068dfae74 - 0.0104 - - 1759489652.209216356 1759489652.219610214 0
Oct 3 11:07:32 standalone container-server[125683]: 172.20.0.100 - - [03/Oct/2025:11:07:32 +0000] "PUT /d1/446/AUTH_dd15d313c43947ae9dbb6c90519464c0/gnocchi.35291fae-0262-420f-b091-673af6c31628/1759320000.0_mean_300.0_v3" 201 - "PUT http://localhost:8080/d1/614/AUTH_dd15d313c43947ae9dbb6c90519464c0/gnocchi.35291fae-0262-420f-b091-673af6c31628/1759320000.0_mean_300.0_v3" "tx7ed1364c528e4a4dba03c-0068dfae74" "object-server 22" 0.0008 "-" 16 0
Oct 3 11:07:32 standalone object-server[125829]: 172.20.0.100 - - [03/Oct/2025:11:07:32 +0000] "PUT /d1/614/AUTH_dd15d313c43947ae9dbb6c90519464c0/gnocchi.35291fae-0262-420f-b091-673af6c31628/1759320000.0_mean_300.0_v3" 201 - "PUT http://localhost:8080/v1/AUTH_dd15d313c43947ae9dbb6c90519464c0/gnocchi.35291fae-0262-420f-b091-673af6c31628/1759320000.0_mean_300.0_v3" "tx7ed1364c528e4a4dba03c-0068dfae74" "proxy-server 12" 0.0122 "-" 22 0
Oct 3 11:07:32 standalone proxy-server[127504]: 172.18.0.2 ::1 03/Oct/2025/11/07/32 PUT /v1/AUTH_dd15d313c43947ae9dbb6c90519464c0/gnocchi.35291fae-0262-420f-b091-673af6c31628/1759320000.0_mean_300.0_v3 HTTP/1.0 201 - python-swiftclient-3.11.1 gAAAAABo362qBNLY... 16 - - tx7ed1364c528e4a4dba03c-0068dfae74 - 0.0205 - - 1759489652.224566460 1759489652.245023966 0
Oct 3 11:07:32 standalone container-server[125694]: 172.20.0.100 - - [03/Oct/2025:11:07:32 +0000] "PUT /d1/446/AUTH_dd15d313c43947ae9dbb6c90519464c0/gnocchi.35291fae-0262-420f-b091-673af6c31628/none_v3" 201 - "PUT http://localhost:8080/d1/798/AUTH_dd15d313c43947ae9dbb6c90519464c0/gnocchi.35291fae-0262-420f-b091-673af6c31628/none_v3" "txfdc4193cde1b4d24aa63a-0068dfae74" "object-server 25" 0.0008 "-" 20 0
Oct 3 11:07:32 standalone object-server[125841]: 172.20.0.100 - - [03/Oct/2025:11:07:32 +0000] "PUT /d1/798/AUTH_dd15d313c43947ae9dbb6c90519464c0/gnocchi.35291fae-0262-420f-b091-673af6c31628/none_v3" 201 - "PUT http://localhost:8080/v1/AUTH_dd15d313c43947ae9dbb6c90519464c0/gnocchi.35291fae-0262-420f-b091-673af6c31628/none_v3" "txfdc4193cde1b4d24aa63a-0068dfae74" "proxy-server 12" 0.0133 "-" 25 0
Oct 3 11:07:32 standalone proxy-server[127504]: 172.18.0.2 ::1 03/Oct/2025/11/07/32 PUT /v1/AUTH_dd15d313c43947ae9dbb6c90519464c0/gnocchi.35291fae-0262-420f-b091-673af6c31628/none_v3 HTTP/1.0 201 - python-swiftclient-3.11.1 gAAAAABo362qBNLY... 22 - - txfdc4193cde1b4d24aa63a-0068dfae74 - 0.0268 - - 1759489652.250577688 1759489652.277368069 0
Oct 3 11:07:32 standalone container-server[125683]: 172.20.0.100 - - [03/Oct/2025:11:07:32 +0000] "HEAD /d1/331/AUTH_dd15d313c43947ae9dbb6c90519464c0/gnocchi.ac32c095-c23f-4ba1-bd6f-27e0cf1a116b" 404 - "HEAD http://localhost:8080/v1/AUTH_dd15d313c43947ae9dbb6c90519464c0/gnocchi.ac32c095-c23f-4ba1-bd6f-27e0cf1a116b?format=json&states=listing" "tx0217823fa3db4526a7651-0068dfae74" "proxy-server 12" 0.0004 "-" 16 0
Oct 3 11:07:32 standalone object-server[125829]: 172.20.0.100 - - [03/Oct/2025:11:07:32 +0000] "GET /d1/146/AUTH_dd15d313c43947ae9dbb6c90519464c0/gnocchi.ac32c095-c23f-4ba1-bd6f-27e0cf1a116b/none_v3" 404 70 "GET http://localhost:8080/v1/AUTH_dd15d313c43947ae9dbb6c90519464c0/gnocchi.ac32c095-c23f-4ba1-bd6f-27e0cf1a116b/none_v3" "tx0217823fa3db4526a7651-0068dfae74" "proxy-server 12" 0.0004 "-" 22 0
Oct 3 11:07:32 standalone proxy-server[127504]: 172.18.0.2 ::1 03/Oct/2025/11/07/32 GET /v1/AUTH_dd15d313c43947ae9dbb6c90519464c0/gnocchi.ac32c095-c23f-4ba1-bd6f-27e0cf1a116b/none_v3 HTTP/1.0 404 - python-swiftclient-3.11.1 gAAAAABo362qBNLY... - 70 - tx0217823fa3db4526a7651-0068dfae74 - 0.0127 - - 1759489652.295032501 1759489652.307748318 0
Oct 3 11:07:32 standalone account-server[125619]: 172.20.0.100 - - [03/Oct/2025:11:07:32 +0000] "PUT /d1/252/AUTH_dd15d313c43947ae9dbb6c90519464c0/gnocchi.ac32c095-c23f-4ba1-bd6f-27e0cf1a116b" 201 - "PUT http://172.20.0.100:6001/d1/331/AUTH_dd15d313c43947ae9dbb6c90519464c0/gnocchi.ac32c095-c23f-4ba1-bd6f-27e0cf1a116b" "txd2df73fa69d349abbedde-0068dfae74" "container-server 16" 0.0053 "-" 21 0
Oct 3 11:07:32 standalone container-server[125683]: 172.20.0.100 - - [03/Oct/2025:11:07:32 +0000] "PUT /d1/331/AUTH_dd15d313c43947ae9dbb6c90519464c0/gnocchi.ac32c095-c23f-4ba1-bd6f-27e0cf1a116b" 201 - "PUT http://localhost:8080/v1/AUTH_dd15d313c43947ae9dbb6c90519464c0/gnocchi.ac32c095-c23f-4ba1-bd6f-27e0cf1a116b" "txd2df73fa69d349abbedde-0068dfae74" "proxy-server 12" 0.0160 "-" 16 0
Oct 3 11:07:32 standalone proxy-server[127504]: 172.18.0.2 ::1 03/Oct/2025/11/07/32 PUT /v1/AUTH_dd15d313c43947ae9dbb6c90519464c0/gnocchi.ac32c095-c23f-4ba1-bd6f-27e0cf1a116b HTTP/1.0 201 - python-swiftclient-3.11.1 gAAAAABo362qBNLY... - - - txd2df73fa69d349abbedde-0068dfae74 - 0.0228 - - 1759489652.312690973 1759489652.335523129 0
