Oct 3 11:05:19 standalone object-server[125839]: 172.20.0.100 - - [03/Oct/2025:11:05:19 +0000] "GET /d1/264/AUTH_dd15d313c43947ae9dbb6c90519464c0/gnocchi.6a9de175-0a55-4955-a134-e60fd7c4c802/1759320000.0_mean_300.0_v3" 404 70 "GET http://localhost:8080/v1/AUTH_dd15d313c43947ae9dbb6c90519464c0/gnocchi.6a9de175-0a55-4955-a134-e60fd7c4c802/1759320000.0_mean_300.0_v3" "tx2a9e3ec0eaf74ee98c734-0068dfadef" "proxy-server 12" 0.0003 "-" 24 0
Oct 3 11:05:19 standalone proxy-server[127504]: 172.18.0.2 ::1 03/Oct/2025/11/05/19 GET /v1/AUTH_dd15d313c43947ae9dbb6c90519464c0/gnocchi.6a9de175-0a55-4955-a134-e60fd7c4c802/1759320000.0_mean_300.0_v3 HTTP/1.0 404 - python-swiftclient-3.11.1 gAAAAABo362qBNLY... - 70 - tx2a9e3ec0eaf74ee98c734-0068dfadef - 0.0113 - - 1759489519.753060341 1759489519.764330149 0
Oct 3 11:05:19 standalone container-server[125683]: 172.20.0.100 - - [03/Oct/2025:11:05:19 +0000] "PUT /d1/414/AUTH_dd15d313c43947ae9dbb6c90519464c0/gnocchi.6a9de175-0a55-4955-a134-e60fd7c4c802/1759320000.0_mean_300.0_v3" 201 - "PUT http://localhost:8080/d1/264/AUTH_dd15d313c43947ae9dbb6c90519464c0/gnocchi.6a9de175-0a55-4955-a134-e60fd7c4c802/1759320000.0_mean_300.0_v3" "tx2cf9375d0b3d412e95634-0068dfadef" "object-server 24" 0.0009 "-" 16 0
Oct 3 11:05:19 standalone object-server[125839]: 172.20.0.100 - - [03/Oct/2025:11:05:19 +0000] "PUT /d1/264/AUTH_dd15d313c43947ae9dbb6c90519464c0/gnocchi.6a9de175-0a55-4955-a134-e60fd7c4c802/1759320000.0_mean_300.0_v3" 201 - "PUT http://localhost:8080/v1/AUTH_dd15d313c43947ae9dbb6c90519464c0/gnocchi.6a9de175-0a55-4955-a134-e60fd7c4c802/1759320000.0_mean_300.0_v3" "tx2cf9375d0b3d412e95634-0068dfadef" "proxy-server 12" 0.0110 "-" 24 0
Oct 3 11:05:19 standalone proxy-server[127504]: 172.18.0.2 ::1 03/Oct/2025/11/05/19 PUT /v1/AUTH_dd15d313c43947ae9dbb6c90519464c0/gnocchi.6a9de175-0a55-4955-a134-e60fd7c4c802/1759320000.0_mean_300.0_v3 HTTP/1.0 201 - python-swiftclient-3.11.1 gAAAAABo362qBNLY... 16 - - tx2cf9375d0b3d412e95634-0068dfadef - 0.0217 - - 1759489519.769960165 1759489519.791709185 0
Oct 3 11:05:19 standalone container-server[125679]: 172.20.0.100 - - [03/Oct/2025:11:05:19 +0000] "PUT /d1/414/AUTH_dd15d313c43947ae9dbb6c90519464c0/gnocchi.6a9de175-0a55-4955-a134-e60fd7c4c802/none_v3" 201 - "PUT http://localhost:8080/d1/816/AUTH_dd15d313c43947ae9dbb6c90519464c0/gnocchi.6a9de175-0a55-4955-a134-e60fd7c4c802/none_v3" "txb3790f8faf4f4b299f828-0068dfadef" "object-server 25" 0.0009 "-" 14 0
Oct 3 11:05:19 standalone object-server[125841]: 172.20.0.100 - - [03/Oct/2025:11:05:19 +0000] "PUT /d1/816/AUTH_dd15d313c43947ae9dbb6c90519464c0/gnocchi.6a9de175-0a55-4955-a134-e60fd7c4c802/none_v3" 201 - "PUT http://localhost:8080/v1/AUTH_dd15d313c43947ae9dbb6c90519464c0/gnocchi.6a9de175-0a55-4955-a134-e60fd7c4c802/none_v3" "txb3790f8faf4f4b299f828-0068dfadef" "proxy-server 12" 0.0127 "-" 25 0
Oct 3 11:05:19 standalone proxy-server[127504]: 172.18.0.2 ::1 03/Oct/2025/11/05/19 PUT /v1/AUTH_dd15d313c43947ae9dbb6c90519464c0/gnocchi.6a9de175-0a55-4955-a134-e60fd7c4c802/none_v3 HTTP/1.0 201 - python-swiftclient-3.11.1 gAAAAABo362qBNLY... 22 - - txb3790f8faf4f4b299f828-0068dfadef - 0.0195 - - 1759489519.795355797 1759489519.814844131 0
Oct 3 11:05:19 standalone container-server[125681]: 172.20.0.100 - - [03/Oct/2025:11:05:19 +0000] "HEAD /d1/786/AUTH_dd15d313c43947ae9dbb6c90519464c0/gnocchi.d01fe54d-b2bf-4b06-baf3-3b8e33e66856" 404 - "HEAD http://localhost:8080/v1/AUTH_dd15d313c43947ae9dbb6c90519464c0/gnocchi.d01fe54d-b2bf-4b06-baf3-3b8e33e66856?format=json&states=listing" "txe92eaa2ac2b041968f180-0068dfadef" "proxy-server 12" 0.0004 "-" 15 0
Oct 3 11:05:19 standalone object-server[125837]: 172.20.0.100 - - [03/Oct/2025:11:05:19 +0000] "GET /d1/286/AUTH_dd15d313c43947ae9dbb6c90519464c0/gnocchi.d01fe54d-b2bf-4b06-baf3-3b8e33e66856/none_v3" 404 70 "GET http://localhost:8080/v1/AUTH_dd15d313c43947ae9dbb6c90519464c0/gnocchi.d01fe54d-b2bf-4b06-baf3-3b8e33e66856/none_v3" "txe92eaa2ac2b041968f180-0068dfadef" "proxy-server 12" 0.0003 "-" 23 0
Oct 3 11:05:19 standalone proxy-server[127504]: 172.18.0.2 ::1 03/Oct/2025/11/05/19 GET /v1/AUTH_dd15d313c43947ae9dbb6c90519464c0/gnocchi.d01fe54d-b2bf-4b06-baf3-3b8e33e66856/none_v3 HTTP/1.0 404 - python-swiftclient-3.11.1 gAAAAABo362qBNLY... - 70 - txe92eaa2ac2b041968f180-0068dfadef - 0.0139 - - 1759489519.826876640 1759489519.840740442 0
Oct 3 11:05:19 standalone account-server[125640]: 172.20.0.100 - - [03/Oct/2025:11:05:19 +0000] "PUT /d1/252/AUTH_dd15d313c43947ae9dbb6c90519464c0/gnocchi.d01fe54d-b2bf-4b06-baf3-3b8e33e66856" 201 - "PUT http://172.20.0.100:6001/d1/786/AUTH_dd15d313c43947ae9dbb6c90519464c0/gnocchi.d01fe54d-b2bf-4b06-baf3-3b8e33e66856" "txc0636dae8bda4dee8d1f9-0068dfadef" "container-server 16" 0.0054 "-" 23 0
Oct 3 11:05:19 standalone container-server[125683]: 172.20.0.100 - - [03/Oct/2025:11:05:19 +0000] "PUT /d1/786/AUTH_dd15d313c43947ae9dbb6c90519464c0/gnocchi.d01fe54d-b2bf-4b06-baf3-3b8e33e66856" 201 - "PUT http://localhost:8080/v1/AUTH_dd15d313c43947ae9dbb6c90519464c0/gnocchi.d01fe54d-b2bf-4b06-baf3-3b8e33e66856" "txc0636dae8bda4dee8d1f9-0068dfadef" "proxy-server 12" 0.0157 "-" 16 0
Oct 3 11:05:19 standalone proxy-server[127504]: 172.18.0.2 ::1 03/Oct/2025/11/05/19 PUT /v1/AUTH_dd15d313c43947ae9dbb6c90519464c0/gnocchi.d01fe54d-b2bf-4b06-baf3-3b8e33e66856 HTTP/1.0 201 - python-swiftclient-3.11.1 gAAAAABo362qBNLY... - - - txc0636dae8bda4dee8d1f9-0068dfadef - 0.0219 - - 1759489519.844289541 1759489519.866215467 0
Oct 3 11:05:19 standalone container-server[125681]: 172.20.0.100 - - [03/Oct/2025:11:05:19 +0000] "HEAD /d1/786/AUTH_dd15d313c43947ae9dbb6c90519464c0/gnocchi.d01fe54d-b2bf-4b06-baf3-3b8e33e66856" 204 - "HEAD http://localhost:8080/v1/AUTH_dd15d313c43947ae9dbb6c90519464c0/gnocchi.d01fe54d-b2bf-4b06-baf3-3b8e33e66856?format=json&states=listing" "tx275547bfca474b21972b4-0068dfadef" "proxy-server 12" 0.0021 "-" 15 0
Oct 3 11:05:19 standalone proxy-server[127504]: - - 03/Oct/2025/11/05/19 HEAD /v1/AUTH_dd15d313c43947ae9dbb6c90519464c0/gnocchi.d01fe54d-b2bf-4b06-baf3-3b8e33e66856%3Fformat%3Djson%26states%3Dlisting HTTP/1.0 204 - Swift - - - - tx275547bfca474b21972b4-0068dfadef - 0.0073 RL - 1759489519.875254631 1759489519.882590294 0
Oct 3 11:05:19 standalone container-server[125679]: 172.20.0.100 - - [03/Oct/2025:11:05:19 +0000] "GET /d1/786/AUTH_dd15d313c43947ae9dbb6c90519464c0/gnocchi.d01fe54d-b2bf-4b06-baf3-3b8e33e66856" 200 2 "GET http://localhost:8080/v1/AUTH_dd15d313c43947ae9dbb6c90519464c0/gnocchi.d01fe54d-b2bf-4b06-baf3-3b8e33e66856?format=json&states=listing" "tx275547bfca474b21972b4-0068dfadef" "proxy-server 12" 0.0039 "-" 14 0
Oct 3 11:05:19 standalone proxy-server[127504]: 172.18.0.2 ::1 03/Oct/2025/11/05/19 GET /v1/AUTH_dd15d313c43947ae9dbb6c90519464c0/gnocchi.d01fe54d-b2bf-4b06-baf3-3b8e33e66856%3Fformat%3Djson%26states%3Dlisting HTTP/1.0 200 - python-swiftclient-3.11.1 gAAAAABo362qBNLY... - 2 - tx275547bfca474b21972b4-0068dfadef - 0.0228 - - 1759489519.873223066 1759489519.895974159 0
Oct 3 11:05:19 standalone object-server[125839]: 172.20.0.100 - - [03/Oct/2025:11:05:19 +0000] "GET /d1/697/AUTH_dd15d313c43947ae9dbb6c90519464c0/gnocchi.d01fe54d-b2bf-4b06-baf3-3b8e33e66856/1759320000.0_mean_300.0_v3" 404 70 "GET http://localhost:8080/v1/AUTH_dd15d313c43947ae9dbb6c90519464c0/gnocchi.d01fe54d-b2bf-4b06-baf3-3b8e33e66856/1759320000.0_mean_300.0_v3" "tx311dd244615042079e49d-0068dfadef" "proxy-server 12" 0.0005 "-" 24 0
Oct 3 11:05:19 standalone proxy-server[127504]: 172.18.0.2 ::1 03/Oct/2025/11/05/19 GET /v1/AUTH_dd15d313c43947ae9dbb6c90519464c0/gnocchi.d01fe54d-b2bf-4b06-baf3-3b8e33e66856/1759320000.0_mean_300.0_v3 HTTP/1.0 404 - python-swiftclient-3.11.1 gAAAAABo362qBNLY... - 70 - tx311dd244615042079e49d-0068dfadef - 0.0088 - - 1759489519.902372837 1759489519.911169052 0
Oct 3 11:05:19 standalone container-server[125679]: 172.20.0.100 - - [03/Oct/2025:11:05:19 +0000] "PUT /d1/786/AUTH_dd15d313c43947ae9dbb6c90519464c0/gnocchi.d01fe54d-b2bf-4b06-baf3-3b8e33e66856/1759320000.0_mean_300.0_v3" 201 - "PUT http://localhost:8080/d1/697/AUTH_dd15d313c43947ae9dbb6c90519464c0/gnocchi.d01fe54d-b2bf-4b06-baf3-3b8e33e66856/1759320000.0_mean_300.0_v3" "tx8017a780afc245bb9a17c-0068dfadef" "object-server 23" 0.0008 "-" 14 0
Oct 3 11:05:19 standalone object-server[125837]: 172.20.0.100 - - [03/Oct/2025:11:05:19 +0000] "PUT /d1/697/AUTH_dd15d313c43947ae9dbb6c90519464c0/gnocchi.d01fe54d-b2bf-4b06-baf3-3b8e33e66856/1759320000.0_mean_300.0_v3" 201 - "PUT http://localhost:8080/v1/AUTH_dd15d313c43947ae9dbb6c90519464c0/gnocchi.d01fe54d-b2bf-4b06-baf3-3b8e33e66856/1759320000.0_mean_300.0_v3" "tx8017a780afc245bb9a17c-0068dfadef" "proxy-server 12" 0.0140 "-" 23 0
Oct 3 11:05:19 standalone proxy-server[127504]: 172.18.0.2 ::1 03/Oct/2025/11/05/19 PUT /v1/AUTH_dd15d313c43947ae9dbb6c90519464c0/gnocchi.d01fe54d-b2bf-4b06-baf3-3b8e33e66856/1759320000.0_mean_300.0_v3 HTTP/1.0 201 - python-swiftclient-3.11.1 gAAAAABo362qBNLY... 16 - - tx8017a780afc245bb9a17c-0068dfadef - 0.0271 - - 1759489519.917804241 1759489519.944938660 0
Oct 3 11:05:19 standalone container-server[125679]: 172.20.0.100 - - [03/Oct/2025:11:05:19 +0000] "PUT /d1/786/AUTH_dd15d313c43947ae9dbb6c90519464c0/gnocchi.d01fe54d-b2bf-4b06-baf3-3b8e33e66856/none_v3" 201 - "PUT http://localhost:8080/d1/286/AUTH_dd15d313c43947ae9dbb6c90519464c0/gnocchi.d01fe54d-b2bf-4b06-baf3-3b8e33e66856/none_v3" "tx30414d1bf1ee474280ba5-0068dfadef" "object-server 25" 0.0007 "-" 14 0
Oct 3 11:05:19 standalone object-server[125841]: 172.20.0.100 - - [03/Oct/2025:11:05:19 +0000] "PUT /d1/286/AUTH_dd15d313c43947ae9dbb6c90519464c0/gnocchi.d01fe54d-b2bf-4b06-baf3-3b8e33e66856/none_v3" 201 - "PUT http://localhost:8080/v1/AUTH_dd15d313c43947ae9dbb6c90519464c0/gnocchi.d01fe54d-b2bf-4b06-baf3-3b8e33e66856/none_v3" "tx30414d1bf1ee474280ba5-0068dfadef" "proxy-server 12" 0.0111 "-" 25 0
Oct 3 11:05:19 standalone proxy-server[127504]: 172.18.0.2 ::1 03/Oct/2025/11/05/19 PUT /v1/AUTH_dd15d313c43947ae9dbb6c90519464c0/gnocchi.d01fe54d-b2bf-4b06-baf3-3b8e33e66856/none_v3 HTTP/1.0 201 - python-swiftclient-3.11.1 gAAAAABo362qBNLY... 22 - - tx30414d1bf1ee474280ba5-0068dfadef - 0.0229 - - 1759489519.962927103 1759489519.985830069 0
Oct 3 11:05:20 standalone container-server[125681]: 172.20.0.100 - - [03/Oct/2025:11:05:20 +0000] "HEAD /d1/768/AUTH_dd15d313c43947ae9dbb6c90519464c0/gnocchi.456b5df0-87d8-4e9a-b9f8-d16b7a7258dc" 404 - "HEAD http://localhost:8080/v1/AUTH_dd15d313c43947ae9dbb6c90519464c0/gnocchi.456b5df0-87d8-4e9a-b9f8-d16b7a7258dc?format=json&states=listing" "tx73f7fc2690054427971d6-0068dfadf0" "proxy-server 12" 0.0008 "-" 15 0
Oct 3 11:05:20 standalone object-server[125841]: 172.20.0.100 - - [03/Oct/2025:11:05:20 +0000] "GET /d1/636/AUTH_dd15d313c43947ae9dbb6c90519464c0/gnocchi.456b5df0-87d8-4e9a-b9f8-d16b7a7258dc/none_v3" 404 70 "GET http://localhost:8080/v1/AUTH_dd15d313c43947ae9dbb6c90519464c0/gnocchi.456b5df0-87d8-4e9a-b9f8-d16b7a7258dc/none_v3" "tx73f7fc2690054427971d6-0068dfadf0" "proxy-server 12" 0.0003 "-" 25 0
Oct 3 11:05:20 standalone proxy-server[127504]: 172.18.0.2 ::1 03/Oct/2025/11/05/20 GET /v1/AUTH_dd15d313c43947ae9dbb6c90519464c0/gnocchi.456b5df0-87d8-4e9a-b9f8-d16b7a7258dc/none_v3 HTTP/1.0 404 - python-swiftclient-3.11.1 gAAAAABo362qBNLY... - 70 - tx73f7fc2690054427971d6-0068dfadf0 - 0.0208 - - 1759489520.006915092 1759489520.027764320 0
Oct 3 11:05:20 standalone account-server[125640]: 172.20.0.100 - - [03/Oct/2025:11:05:20 +0000] "PUT /d1/252/AUTH_dd15d313c43947ae9dbb6c90519464c0/gnocchi.456b5df0-87d8-4e9a-b9f8-d16b7a7258dc" 201 - "PUT http://172.20.0.100:6001/d1/768/AUTH_dd15d313c43947ae9dbb6c90519464c0/gnocchi.456b5df0-87d8-4e9a-b9f8-d16b7a7258dc" "tx7f5276e3aaa542238d227-0068dfadf0" "container-server 16" 0.0087 "-" 23 0
Oct 3 11:05:20 standalone container-server[125683]: 172.20.0.100 - - [03/Oct/2025:11:05:20 +0000] "PUT /d1/768/AUTH_dd15d313c43947ae9dbb6c90519464c0/gnocchi.456b5df0-87d8-4e9a-b9f8-d16b7a7258dc" 201 - "PUT http://localhost:8080/v1/AUTH_dd15d313c43947ae9dbb6c90519464c0/gnocchi.456b5df0-87d8-4e9a-b9f8-d16b7a7258dc" "tx7f5276e3aaa542238d227-0068dfadf0" "proxy-server 12" 0.0205 "-" 16 0
Oct 3 11:05:20 standalone proxy-server[127504]: 172.18.0.2 ::1 03/Oct/2025/11/05/20 PUT /v1/AUTH_dd15d313c43947ae9dbb6c90519464c0/gnocchi.456b5df0-87d8-4e9a-b9f8-d16b7a7258dc HTTP/1.0 201 - python-swiftclient-3.11.1 gAAAAABo362qBNLY... - - - tx7f5276e3aaa542238d227-0068dfadf0 - 0.0311 - - 1759489520.034262896 1759489520.065382957 0
Oct 3 11:05:20 standalone container-server[125681]: 172.20.0.100 - - [03/Oct/2025:11:05:20 +0000] "HEAD /d1/768/AUTH_dd15d313c43947ae9dbb6c90519464c0/gnocchi.456b5df0-87d8-4e9a-b9f8-d16b7a7258dc" 204 - "HEAD http://localhost:8080/v1/AUTH_dd15d313c43947ae9dbb6c90519464c0/gnocchi.456b5df0-87d8-4e9a-b9f8-d16b7a7258dc?format=json&states=listing" "tx7ff96d11fcd44b17954c3-0068dfadf0" "proxy-server 12" 0.0039 "-" 15 0
Oct 3 11:05:20 standalone proxy-server[127504]: - - 03/Oct/2025/11/05/20 HEAD /v1/AUTH_dd15d313c43947ae9dbb6c90519464c0/gnocchi.456b5df0-87d8-4e9a-b9f8-d16b7a7258dc%3Fformat%3Djson%26states%3Dlisting HTTP/1.0 204 - Swift - - - - tx7ff96d11fcd44b17954c3-0068dfadf0 - 0.0085 RL - 1759489520.105491877 1759489520.114010811 0
Oct 3 11:05:20 standalone container-server[125681]: 172.20.0.100 - - [03/Oct/2025:11:05:20 +0000] "GET /d1/768/AUTH_dd15d313c43947ae9dbb6c90519464c0/gnocchi.456b5df0-87d8-4e9a-b9f8-d16b7a7258dc" 200 2 "GET http://localhost:8080/v1/AUTH_dd15d313c43947ae9dbb6c90519464c0/gnocchi.456b5df0-87d8-4e9a-b9f8-d16b7a7258dc?format=json&states=listing" "tx7ff96d11fcd44b17954c3-0068dfadf0" "proxy-server 12" 0.0044 "-" 15 0
Oct 3 11:05:20 standalone proxy-server[127504]: 172.18.0.2 ::1 03/Oct/2025/11/05/20 GET /v1/AUTH_dd15d313c43947ae9dbb6c90519464c0/gnocchi.456b5df0-87d8-4e9a-b9f8-d16b7a7258dc%3Fformat%3Djson%26states%3Dlisting HTTP/1.0 200 - python-swiftclient-3.11.1 gAAAAABo362qBNLY... - 2 - tx7ff96d11fcd44b17954c3-0068dfadf0 - 0.0258 - - 1759489520.104073286 1759489520.129857779 0
Oct 3 11:05:20 standalone object-server[125839]: 172.20.0.100 - - [03/Oct/2025:11:05:20 +0000] "GET /d1/42/AUTH_dd15d313c43947ae9dbb6c90519464c0/gnocchi.456b5df0-87d8-4e9a-b9f8-d16b7a7258dc/1759320000.0_mean_300.0_v3" 404 70 "GET http://localhost:8080/v1/AUTH_dd15d313c43947ae9dbb6c90519464c0/gnocchi.456b5df0-87d8-4e9a-b9f8-d16b7a7258dc/1759320000.0_mean_300.0_v3" "txad06279a1b0e4543ac3f9-0068dfadf0" "proxy-server 12" 0.0007 "-" 24 0
Oct 3 11:05:20 standalone proxy-server[127504]: 172.18.0.2 ::1 03/Oct/2025/11/05/20 GET /v1/AUTH_dd15d313c43947ae9dbb6c90519464c0/gnocchi.456b5df0-87d8-4e9a-b9f8-d16b7a7258dc/1759320000.0_mean_300.0_v3 HTTP/1.0 404 - python-swiftclient-3.11.1 gAAAAABo362qBNLY... - 70 - txad06279a1b0e4543ac3f9-0068dfadf0 - 0.0149 - - 1759489520.139281511 1759489520.154202938 0
Oct 3 11:05:20 standalone container-server[125679]: 172.20.0.100 - - [03/Oct/2025:11:05:20 +0000] "PUT /d1/768/AUTH_dd15d313c43947ae9dbb6c90519464c0/gnocchi.456b5df0-87d8-4e9a-b9f8-d16b7a7258dc/1759320000.0_mean_300.0_v3" 201 - "PUT http://localhost:8080/d1/42/AUTH_dd15d313c43947ae9dbb6c90519464c0/gnocchi.456b5df0-87d8-4e9a-b9f8-d16b7a7258dc/1759320000.0_mean_300.0_v3" "txf4615a7b36374ab8889d9-0068dfadf0" "object-server 25" 0.0013 "-" 14 0
Oct 3 11:05:20 standalone object-server[125841]: 172.20.0.100 - - [03/Oct/2025:11:05:20 +0000] "PUT /d1/42/AUTH_dd15d313c43947ae9dbb6c90519464c0/gnocchi.456b5df0-87d8-4e9a-b9f8-d16b7a7258dc/1759320000.0_mean_300.0_v3" 201 - "PUT http://localhost:8080/v1/AUTH_dd15d313c43947ae9dbb6c90519464c0/gnocchi.456b5df0-87d8-4e9a-b9f8-d16b7a7258dc/1759320000.0_mean_300.0_v3" "txf4615a7b36374ab8889d9-0068dfadf0" "proxy-server 12" 0.0129 "-" 25 0
Oct 3 11:05:20 standalone proxy-server[127504]: 172.18.0.2 ::1 03/Oct/2025/11/05/20 PUT /v1/AUTH_dd15d313c43947ae9dbb6c90519464c0/gnocchi.456b5df0-87d8-4e9a-b9f8-d16b7a7258dc/1759320000.0_mean_300.0_v3 HTTP/1.0 201 - python-swiftclient-3.11.1 gAAAAABo362qBNLY... 16 - - txf4615a7b36374ab8889d9-0068dfadf0 - 0.0240 - - 1759489520.162577152 1759489520.186581135 0
Oct 3 11:05:20 standalone container-server[125694]: 172.20.0.100 - - [03/Oct/2025:11:05:20 +0000] "PUT /d1/768/AUTH_dd15d313c43947ae9dbb6c90519464c0/gnocchi.456b5df0-87d8-4e9a-b9f8-d16b7a7258dc/none_v3" 201 - "PUT http://localhost:8080/d1/636/AUTH_dd15d313c43947ae9dbb6c90519464c0/gnocchi.456b5df0-87d8-4e9a-b9f8-d16b7a7258dc/none_v3" "tx54eca11104754a31aaa6c-0068dfadf0" "object-server 22" 0.0009 "-" 20 0
Oct 3 11:05:20 standalone object-server[125829]: 172.20.0.100 - - [03/Oct/2025:11:05:20 +0000] "PUT /d1/636/AUTH_dd15d313c43947ae9dbb6c90519464c0/gnocchi.456b5df0-87d8-4e9a-b9f8-d16b7a7258dc/none_v3" 201 - "PUT http://localhost:8080/v1/AUTH_dd15d313c43947ae9dbb6c90519464c0/gnocchi.456b5df0-87d8-4e9a-b9f8-d16b7a7258dc/none_v3" "tx54eca11104754a31aaa6c-0068dfadf0" "proxy-server 12" 0.0558 "-" 22 0
Oct 3 11:05:20 standalone proxy-server[127504]: 172.18.0.2 ::1 03/Oct/2025/11/05/20 PUT /v1/AUTH_dd15d313c43947ae9dbb6c90519464c0/gnocchi.456b5df0-87d8-4e9a-b9f8-d16b7a7258dc/none_v3 HTTP/1.0 201 - python-swiftclient-3.11.1 gAAAAABo362qBNLY... 22 - - tx54eca11104754a31aaa6c-0068dfadf0 - 0.0692 - - 1759489520.192478418 1759489520.261645794 0
Oct 3 11:05:20 standalone container-server[125694]: 172.20.0.100 - - [03/Oct/2025:11:05:20 +0000] "HEAD /d1/427/AUTH_dd15d313c43947ae9dbb6c90519464c0/gnocchi.5e923898-a40c-4801-a0a9-b6f6eebd17a1" 404 - "HEAD http://localhost:8080/v1/AUTH_dd15d313c43947ae9dbb6c90519464c0/gnocchi.5e923898-a40c-4801-a0a9-b6f6eebd17a1?format=json&states=listing" "tx10a79c5cfc1c475999824-0068dfadf0" "proxy-server 12" 0.0008 "-" 20 0
Oct 3 11:05:20 standalone object-server[125839]: 172.20.0.100 - - [03/Oct/2025:11:05:20 +0000] "GET /d1/23/AUTH_dd15d313c43947ae9dbb6c90519464c0/gnocchi.5e923898-a40c-4801-a0a9-b6f6eebd17a1/none_v3" 404 70 "GET http://localhost:8080/v1/AUTH_dd15d313c43947ae9dbb6c90519464c0/gnocchi.5e923898-a40c-4801-a0a9-b6f6eebd17a1/none_v3" "tx10a79c5cfc1c475999824-0068dfadf0" "proxy-server 12" 0.0011 "-" 24 0
Oct 3 11:05:20 standalone proxy-server[127504]: 172.18.0.2 ::1 03/Oct/2025/11/05/20 GET /v1/AUTH_dd15d313c43947ae9dbb6c90519464c0/gnocchi.5e923898-a40c-4801-a0a9-b6f6eebd17a1/none_v3 HTTP/1.0 404 - python-swiftclient-3.11.1 gAAAAABo362qBNLY... - 70 - tx10a79c5cfc1c475999824-0068dfadf0 - 0.0211 - - 1759489520.285733700 1759489520.306875706 0
Oct 3 11:05:20 standalone account-server[125630]: 172.20.0.100 - - [03/Oct/2025:11:05:20 +0000] "PUT /d1/252/AUTH_dd15d313c43947ae9dbb6c90519464c0/gnocchi.5e923898-a40c-4801-a0a9-b6f6eebd17a1" 201 - "PUT http://172.20.0.100:6001/d1/427/AUTH_dd15d313c43947ae9dbb6c90519464c0/gnocchi.5e923898-a40c-4801-a0a9-b6f6eebd17a1" "tx9cf7cd7d67594db08560d-0068dfadf0" "container-server 16" 0.0075 "-" 22 0
Oct 3 11:05:20 standalone container-server[125683]: 172.20.0.100 - - [03/Oct/2025:11:05:20 +0000] "PUT /d1/427/AUTH_dd15d313c43947ae9dbb6c90519464c0/gnocchi.5e923898-a40c-4801-a0a9-b6f6eebd17a1" 201 - "PUT http://localhost:8080/v1/AUTH_dd15d313c43947ae9dbb6c90519464c0/gnocchi.5e923898-a40c-4801-a0a9-b6f6eebd17a1" "tx9cf7cd7d67594db08560d-0068dfadf0" "proxy-server 12" 0.0188 "-" 16 0
Oct 3 11:05:20 standalone proxy-server[127504]: 172.18.0.2 ::1 03/Oct/2025/11/05/20 PUT /v1/AUTH_dd15d313c43947ae9dbb6c90519464c0/gnocchi.5e923898-a40c-4801-a0a9-b6f6eebd17a1 HTTP/1.0 201 - python-swiftclient-3.11.1 gAAAAABo362qBNLY... - - - tx9cf7cd7d67594db08560d-0068dfadf0 - 0.0288 - - 1759489520.313103676 1759489520.341865540 0
Oct 3 11:05:20 standalone container-server[125694]: 172.20.0.100 - - [03/Oct/2025:11:05:20 +0000] "HEAD /d1/427/AUTH_dd15d313c43947ae9dbb6c90519464c0/gnocchi.5e923898-a40c-4801-a0a9-b6f6eebd17a1" 204 - "HEAD http://localhost:8080/v1/AUTH_dd15d313c43947ae9dbb6c90519464c0/gnocchi.5e923898-a40c-4801-a0a9-b6f6eebd17a1?format=json&states=listing" "tx44adcf12e1c546a9ba391-0068dfadf0" "proxy-server 12" 0.0032 "-" 20 0
Oct 3 11:05:20 standalone proxy-server[127504]: - - 03/Oct/2025/11/05/20 HEAD /v1/AUTH_dd15d313c43947ae9dbb6c90519464c0/gnocchi.5e923898-a40c-4801-a0a9-b6f6eebd17a1%3Fformat%3Djson%26states%3Dlisting HTTP/1.0 204 - Swift - - - - tx44adcf12e1c546a9ba391-0068dfadf0 - 0.0102 RL - 1759489520.349389076 1759489520.359591007 0
Oct 3 11:05:20 standalone container-server[125683]: 172.20.0.100 - - [03/Oct/2025:11:05:20 +0000] "GET /d1/427/AUTH_dd15d313c43947ae9dbb6c90519464c0/gnocchi.5e923898-a40c-4801-a0a9-b6f6eebd17a1" 200 2 "GET http://localhost:8080/v1/AUTH_dd15d313c43947ae9dbb6c90519464c0/gnocchi.5e923898-a40c-4801-a0a9-b6f6eebd17a1?format=json&states=listing" "tx44adcf12e1c546a9ba391-0068dfadf0" "proxy-server 12" 0.0030 "-" 16 0
Oct 3 11:05:20 standalone proxy-server[127504]: 172.18.0.2 ::1 03/Oct/2025/11/05/20 GET /v1/AUTH_dd15d313c43947ae9dbb6c90519464c0/gnocchi.5e923898-a40c-4801-a0a9-b6f6eebd17a1%3Fformat%3Djson%26states%3Dlisting HTTP/1.0 200 - python-swiftclient-3.11.1 gAAAAABo362qBNLY... - 2 - tx44adcf12e1c546a9ba391-0068dfadf0 - 0.0275 - - 1759489520.347029209 1759489520.374517679 0
Oct 3 11:05:20 standalone object-server[125837]: 172.20.0.100 - - [03/Oct/2025:11:05:20 +0000] "GET /d1/609/AUTH_dd15d313c43947ae9dbb6c90519464c0/gnocchi.5e923898-a40c-4801-a0a9-b6f6eebd17a1/1759320000.0_mean_300.0_v3" 404 70 "GET http://localhost:8080/v1/AUTH_dd15d313c43947ae9dbb6c90519464c0/gnocchi.5e923898-a40c-4801-a0a9-b6f6eebd17a1/1759320000.0_mean_300.0_v3" "tx62928a574d574552bf8f2-0068dfadf0" "proxy-server 12" 0.0005 "-" 23 0
Oct 3 11:05:20 standalone proxy-server[127504]: 172.18.0.2 ::1 03/Oct/2025/11/05/20 GET /v1/AUTH_dd15d313c43947ae9dbb6c90519464c0/gnocchi.5e923898-a40c-4801-a0a9-b6f6eebd17a1/1759320000.0_mean_300.0_v3 HTTP/1.0 404 - python-swiftclient-3.11.1 gAAAAABo362qBNLY... - 70 - tx62928a574d574552bf8f2-0068dfadf0 - 0.0137 - - 1759489520.379567623 1759489520.393269777 0
Oct 3 11:05:20 standalone container-server[125681]: 172.20.0.100 - - [03/Oct/2025:11:05:20 +0000] "PUT /d1/427/AUTH_dd15d313c43947ae9dbb6c90519464c0/gnocchi.5e923898-a40c-4801-a0a9-b6f6eebd17a1/1759320000.0_mean_300.0_v3" 201 - "PUT http://localhost:8080/d1/609/AUTH_dd15d313c43947ae9dbb6c90519464c0/gnocchi.5e923898-a40c-4801-a0a9-b6f6eebd17a1/1759320000.0_mean_300.0_v3" "tx5c9a0d56ae104aa7a4982-0068dfadf0" "object-server 24" 0.0016 "-" 15 0
Oct 3 11:05:20 standalone object-server[125839]: 172.20.0.100 - - [03/Oct/2025:11:05:20 +0000] "PUT /d1/609/AUTH_dd15d313c43947ae9dbb6c90519464c0/gnocchi.5e923898-a40c-4801-a0a9-b6f6eebd17a1/1759320000.0_mean_300.0_v3" 201 - "PUT http://localhost:8080/v1/AUTH_dd15d313c43947ae9dbb6c90519464c0/gnocchi.5e923898-a40c-4801-a0a9-b6f6eebd17a1/1759320000.0_mean_300.0_v3" "tx5c9a0d56ae104aa7a4982-0068dfadf0" "proxy-server 12" 0.0182 "-" 24 0
Oct 3 11:05:20 standalone proxy-server[127504]: 172.18.0.2 ::1 03/Oct/2025/11/05/20 PUT /v1/AUTH_dd15d313c43947ae9dbb6c90519464c0/gnocchi.5e923898-a40c-4801-a0a9-b6f6eebd17a1/1759320000.0_mean_300.0_v3 HTTP/1.0 201 - python-swiftclient-3.11.1 gAAAAABo362qBNLY... 16 - - tx5c9a0d56ae104aa7a4982-0068dfadf0 - 0.0283 - - 1759489520.411081314 1759489520.439331770 0
Oct 3 11:05:20 standalone container-server[125679]: 172.20.0.100 - - [03/Oct/2025:11:05:20 +0000] "PUT /d1/427/AUTH_dd15d313c43947ae9dbb6c90519464c0/gnocchi.5e923898-a40c-4801-a0a9-b6f6eebd17a1/none_v3" 201 - "PUT http://localhost:8080/d1/23/AUTH_dd15d313c43947ae9dbb6c90519464c0/gnocchi.5e923898-a40c-4801-a0a9-b6f6eebd17a1/none_v3" "tx879858f656474e029f2d5-0068dfadf0" "object-server 22" 0.0006 "-" 14 0
Oct 3 11:05:20 standalone object-server[125829]: 172.20.0.100 - - [03/Oct/2025:11:05:20 +0000] "PUT /d1/23/AUTH_dd15d313c43947ae9dbb6c90519464c0/gnocchi.5e923898-a40c-4801-a0a9-b6f6eebd17a1/none_v3" 201 - "PUT http://localhost:8080/v1/AUTH_dd15d313c43947ae9dbb6c90519464c0/gnocchi.5e923898-a40c-4801-a0a9-b6f6eebd17a1/none_v3" "tx879858f656474e029f2d5-0068dfadf0" "proxy-server 12" 0.0129 "-" 22 0
Oct 3 11:05:20 standalone proxy-server[127504]: 172.18.0.2 ::1 03/Oct/2025/11/05/20 PUT /v1/AUTH_dd15d313c43947ae9dbb6c90519464c0/gnocchi.5e923898-a40c-4801-a0a9-b6f6eebd17a1/none_v3 HTTP/1.0 201 - python-swiftclient-3.11.1 gAAAAABo362qBNLY... 22 - - tx879858f656474e029f2d5-0068dfadf0 - 0.0202 - - 1759489520.443849325 1759489520.464081764 0
Oct 3 11:05:20 standalone container-server[125694]: 172.20.0.100 - - [03/Oct/2025:11:05:20 +0000] "HEAD /d1/664/AUTH_dd15d313c43947ae9dbb6c90519464c0/gnocchi.94d0a0e1-cb88-407f-924f-8e2f509630f5" 404 - "HEAD http://localhost:8080/v1/AUTH_dd15d313c43947ae9dbb6c90519464c0/gnocchi.94d0a0e1-cb88-407f-924f-8e2f509630f5?format=json&states=listing" "txef3ca45fe8684c32aef10-0068dfadf0" "proxy-server 12" 0.0010 "-" 20 0
Oct 3 11:05:20 standalone object-server[125829]: 172.20.0.100 - - [03/Oct/2025:11:05:20 +0000] "GET /d1/970/AUTH_dd15d313c43947ae9dbb6c90519464c0/gnocchi.94d0a0e1-cb88-407f-924f-8e2f509630f5/none_v3" 404 70 "GET http://localhost:8080/v1/AUTH_dd15d313c43947ae9dbb6c90519464c0/gnocchi.94d0a0e1-cb88-407f-924f-8e2f509630f5/none_v3" "txef3ca45fe8684c32aef10-0068dfadf0" "proxy-server 12" 0.0005 "-" 22 0
Oct 3 11:05:20 standalone proxy-server[127504]: 172.18.0.2 ::1 03/Oct/2025/11/05/20 GET /v1/AUTH_dd15d313c43947ae9dbb6c90519464c0/gnocchi.94d0a0e1-cb88-407f-924f-8e2f509630f5/none_v3 HTTP/1.0 404 - python-swiftclient-3.11.1 gAAAAABo362qBNLY... - 70 - txef3ca45fe8684c32aef10-0068dfadf0 - 0.0151 - - 1759489520.486402512 1759489520.501488924 0
Oct 3 11:05:20 standalone account-server[125619]: 172.20.0.100 - - [03/Oct/2025:11:05:20 +0000] "PUT /d1/252/AUTH_dd15d313c43947ae9dbb6c90519464c0/gnocchi.94d0a0e1-cb88-407f-924f-8e2f509630f5" 201 - "PUT http://172.20.0.100:6001/d1/664/AUTH_dd15d313c43947ae9dbb6c90519464c0/gnocchi.94d0a0e1-cb88-407f-924f-8e2f509630f5" "txf2cd2c2497984b87980ba-0068dfadf0" "container-server 15" 0.0042 "-" 21 0
Oct 3 11:05:20 standalone container-server[125681]: 172.20.0.100 - - [03/Oct/2025:11:05:20 +0000] "PUT /d1/664/AUTH_dd15d313c43947ae9dbb6c90519464c0/gnocchi.94d0a0e1-cb88-407f-924f-8e2f509630f5" 201 - "PUT http://localhost:8080/v1/AUTH_dd15d313c43947ae9dbb6c90519464c0/gnocchi.94d0a0e1-cb88-407f-924f-8e2f509630f5" "txf2cd2c2497984b87980ba-0068dfadf0" "proxy-server 12" 0.0284 "-" 15 0
Oct 3 11:05:20 standalone proxy-server[127504]: 172.18.0.2 ::1 03/Oct/2025/11/05/20 PUT /v1/AUTH_dd15d313c43947ae9dbb6c90519464c0/gnocchi.94d0a0e1-cb88-407f-924f-8e2f509630f5 HTTP/1.0 201 - python-swiftclient-3.11.1 gAAAAABo362qBNLY... - - - txf2cd2c2497984b87980ba-0068dfadf0 - 0.0364 - - 1759489520.505762577 1759489520.542180538 0
Oct 3 11:05:20 standalone container-server[125679]: 172.20.0.100 - - [03/Oct/2025:11:05:20 +0000] "HEAD /d1/664/AUTH_dd15d313c43947ae9dbb6c90519464c0/gnocchi.94d0a0e1-cb88-407f-924f-8e2f509630f5" 204 - "HEAD http://localhost:8080/v1/AUTH_dd15d313c43947ae9dbb6c90519464c0/gnocchi.94d0a0e1-cb88-407f-924f-8e2f509630f5?format=json&states=listing" "txa24933f7f7244766b9de3-0068dfadf0" "proxy-server 12" 0.0021 "-" 14 0
Oct 3 11:05:20 standalone proxy-server[127504]: - - 03/Oct/2025/11/05/20 HEAD /v1/AUTH_dd15d313c43947ae9dbb6c90519464c0/gnocchi.94d0a0e1-cb88-407f-924f-8e2f509630f5%3Fformat%3Djson%26states%3Dlisting HTTP/1.0 204 - Swift - - - - txa24933f7f7244766b9de3-0068dfadf0 - 0.0065 RL - 1759489520.548866510 1759489520.555324554 0
Oct 3 11:05:20 standalone container-server[125694]: 172.20.0.100 - - [03/Oct/2025:11:05:20 +0000] "GET /d1/664/AUTH_dd15d313c43947ae9dbb6c90519464c0/gnocchi.94d0a0e1-cb88-407f-924f-8e2f509630f5" 200 2 "GET http://localhost:8080/v1/AUTH_dd15d313c43947ae9dbb6c90519464c0/gnocchi.94d0a0e1-cb88-407f-924f-8e2f509630f5?format=json&states=listing" "txa24933f7f7244766b9de3-0068dfadf0" "proxy-server 12" 0.0063 "-" 20 0
Oct 3 11:05:20 standalone proxy-server[127504]: 172.18.0.2 ::1 03/Oct/2025/11/05/20 GET /v1/AUTH_dd15d313c43947ae9dbb6c90519464c0/gnocchi.94d0a0e1-cb88-407f-924f-8e2f509630f5%3Fformat%3Djson%26states%3Dlisting HTTP/1.0 200 - python-swiftclient-3.11.1 gAAAAABo362qBNLY... - 2 - txa24933f7f7244766b9de3-0068dfadf0 - 0.0256 - - 1759489520.547558069 1759489520.573111057 0
Oct 3 11:05:20 standalone object-server[125841]: 172.20.0.100 - - [03/Oct/2025:11:05:20 +0000] "GET /d1/400/AUTH_dd15d313c43947ae9dbb6c90519464c0/gnocchi.94d0a0e1-cb88-407f-924f-8e2f509630f5/1759320000.0_mean_300.0_v3" 404 70 "GET http://localhost:8080/v1/AUTH_dd15d313c43947ae9dbb6c90519464c0/gnocchi.94d0a0e1-cb88-407f-924f-8e2f509630f5/1759320000.0_mean_300.0_v3" "tx2efd271de8014d58bf085-0068dfadf0" "proxy-server 12" 0.0004 "-" 25 0
Oct 3 11:05:20 standalone proxy-server[127504]: 172.18.0.2 ::1 03/Oct/2025/11/05/20 GET /v1/AUTH_dd15d313c43947ae9dbb6c90519464c0/gnocchi.94d0a0e1-cb88-407f-924f-8e2f509630f5/1759320000.0_mean_300.0_v3 HTTP/1.0 404 - python-swiftclient-3.11.1 gAAAAABo362qBNLY... - 70 - tx2efd271de8014d58bf085-0068dfadf0 - 0.0142 - - 1759489520.578644753 1759489520.592819691 0
Oct 3 11:05:20 standalone container-server[125683]: 172.20.0.100 - - [03/Oct/2025:11:05:20 +0000] "PUT /d1/664/AUTH_dd15d313c43947ae9dbb6c90519464c0/gnocchi.94d0a0e1-cb88-407f-924f-8e2f509630f5/1759320000.0_mean_300.0_v3" 201 - "PUT http://localhost:8080/d1/400/AUTH_dd15d313c43947ae9dbb6c90519464c0/gnocchi.94d0a0e1-cb88-407f-924f-8e2f509630f5/1759320000.0_mean_300.0_v3" "txb4a197d98e3c41b19a7b2-0068dfadf0" "object-server 22" 0.0006 "-" 16 0
Oct 3 11:05:20 standalone object-server[125829]: 172.20.0.100 - - [03/Oct/2025:11:05:20 +0000] "PUT /d1/400/AUTH_dd15d313c43947ae9dbb6c90519464c0/gnocchi.94d0a0e1-cb88-407f-924f-8e2f509630f5/1759320000.0_mean_300.0_v3" 201 - "PUT http://localhost:8080/v1/AUTH_dd15d313c43947ae9dbb6c90519464c0/gnocchi.94d0a0e1-cb88-407f-924f-8e2f509630f5/1759320000.0_mean_300.0_v3" "txb4a197d98e3c41b19a7b2-0068dfadf0" "proxy-server 12" 0.0150 "-" 22 0
Oct 3 11:05:20 standalone proxy-server[127504]: 172.18.0.2 ::1 03/Oct/2025/11/05/20 PUT /v1/AUTH_dd15d313c43947ae9dbb6c90519464c0/gnocchi.94d0a0e1-cb88-407f-924f-8e2f509630f5/1759320000.0_mean_300.0_v3 HTTP/1.0 201 - python-swiftclient-3.11.1 gAAAAABo362qBNLY... 16 - - txb4a197d98e3c41b19a7b2-0068dfadf0 - 0.0306 - - 1759489520.597888708 1759489520.628531694 0
Oct 3 11:05:20 standalone container-server[125681]: 172.20.0.100 - - [03/Oct/2025:11:05:20 +0000] "PUT /d1/664/AUTH_dd15d313c43947ae9dbb6c90519464c0/gnocchi.94d0a0e1-cb88-407f-924f-8e2f509630f5/none_v3" 201 - "PUT http://localhost:8080/d1/970/AUTH_dd15d313c43947ae9dbb6c90519464c0/gnocchi.94d0a0e1-cb88-407f-924f-8e2f509630f5/none_v3" "txc0ae6b5ec6fc489cb2d44-0068dfadf0" "object-server 23" 0.0011 "-" 15 0
Oct 3 11:05:20 standalone object-server[125837]: 172.20.0.100 - - [03/Oct/2025:11:05:20 +0000] "PUT /d1/970/AUTH_dd15d313c43947ae9dbb6c90519464c0/gnocchi.94d0a0e1-cb88-407f-924f-8e2f509630f5/none_v3" 201 - "PUT http://localhost:8080/v1/AUTH_dd15d313c43947ae9dbb6c90519464c0/gnocchi.94d0a0e1-cb88-407f-924f-8e2f509630f5/none_v3" "txc0ae6b5ec6fc489cb2d44-0068dfadf0" "proxy-server 12" 0.0139 "-" 23 0
Oct 3 11:05:20 standalone proxy-server[127504]: 172.18.0.2 ::1 03/Oct/2025/11/05/20 PUT /v1/AUTH_dd15d313c43947ae9dbb6c90519464c0/gnocchi.94d0a0e1-cb88-407f-924f-8e2f509630f5/none_v3 HTTP/1.0 201 - python-swiftclient-3.11.1 gAAAAABo362qBNLY... 22 - - txc0ae6b5ec6fc489cb2d44-0068dfadf0 - 0.0218 - - 1759489520.633740902 1759489520.655515194 0
Oct 3 11:06:21 standalone container-server[125606]: Begin container update sweep
Oct 3 11:06:21 standalone account-server[125610]: 172.20.0.100 - - [03/Oct/2025:11:06:21 +0000] "PUT /d1/252/AUTH_dd15d313c43947ae9dbb6c90519464c0/gnocchi.6a9de175-0a55-4955-a134-e60fd7c4c802" 201 - "-" "-" "container-updater 2" 0.0011 "-" 20 0
Oct 3 11:06:21 standalone account-server[125640]: 172.20.0.100 - - [03/Oct/2025:11:06:21 +0000] "PUT /d1/252/AUTH_dd15d313c43947ae9dbb6c90519464c0/gnocchi.456b5df0-87d8-4e9a-b9f8-d16b7a7258dc" 201 - "-" "-" "container-updater 2" 0.0004 "-" 23 0
Oct 3 11:06:21 standalone account-server[125619]: 172.20.0.100 - - [03/Oct/2025:11:06:21 +0000] "PUT /d1/252/AUTH_dd15d313c43947ae9dbb6c90519464c0/gnocchi.5e923898-a40c-4801-a0a9-b6f6eebd17a1" 201 - "-" "-" "container-updater 2" 0.0007 "-" 21 0
Oct 3 11:06:21 standalone account-server[125630]: 172.20.0.100 - - [03/Oct/2025:11:06:21 +0000] "PUT /d1/252/AUTH_dd15d313c43947ae9dbb6c90519464c0/gnocchi.94d0a0e1-cb88-407f-924f-8e2f509630f5" 201 - "-" "-" "container-updater 2" 0.0007 "-" 22 0
Oct 3 11:06:21 standalone account-server[125630]: 172.20.0.100 - - [03/Oct/2025:11:06:21 +0000] "PUT /d1/252/AUTH_dd15d313c43947ae9dbb6c90519464c0/gnocchi.d01fe54d-b2bf-4b06-baf3-3b8e33e66856" 201 - "-" "-" "container-updater 2" 0.0006 "-" 22 0
Oct 3 11:06:21 standalone account-server[125630]: 172.20.0.100 - - [03/Oct/2025:11:06:21 +0000] "PUT /d1/252/AUTH_dd15d313c43947ae9dbb6c90519464c0/gnocchi.561978ac-1878-43f7-a8f2-805619cf53f8" 201 - "-" "-" "container-updater 2" 0.0007 "-" 22 0
Oct 3 11:06:21 standalone account-server[125610]: 172.20.0.100 - - [03/Oct/2025:11:06:21 +0000] "PUT /d1/252/AUTH_dd15d313c43947ae9dbb6c90519464c0/glance" 201 - "-" "-" "container-updater 2" 0.0008 "-" 20 0
Oct 3 11:06:22 standalone account-server[125619]: 172.20.0.100 - - [03/Oct/2025:11:06:22 +0000] "PUT /d1/252/AUTH_dd15d313c43947ae9dbb6c90519464c0/gnocchi.c1a32cca-f104-4d79-ba74-46b634a5bdbf" 201 - "-" "-" "container-updater 2" 0.0004 "-" 21 0
Oct 3 11:06:22 standalone account-server[125610]: 172.20.0.100 - - [03/Oct/2025:11:06:22 +0000] "PUT /d1/252/AUTH_dd15d313c43947ae9dbb6c90519464c0/gnocchi.cf323445-2c4a-4d80-8f86-4b9b476f2297" 201 - "-" "-" "container-updater 2" 0.0007 "-" 20 0
Oct 3 11:06:22 standalone container-server[125606]: Container update sweep completed: 0.77s
Oct 3 11:06:50 standalone account-server[125630]: 172.20.0.100 - - [03/Oct/2025:11:06:50 +0000] "HEAD /d1/548/.expiring_objects" 404 - "HEAD http://localhost/v1/.expiring_objects?format=json" "tx04892e4e7e674b97abd53-0068dfae4a" "proxy-server 2" 0.0009 "-" 22 -
Oct 3 11:06:50 standalone object-expirer[125634]: Pass completed in 0s; 0 objects expired (txn: tx04892e4e7e674b97abd53-0068dfae4a)
Oct 3 11:07:31 standalone account-server[125640]: 172.20.0.100 - - [03/Oct/2025:11:07:31 +0000] "HEAD /d1/252/AUTH_dd15d313c43947ae9dbb6c90519464c0" 204 - "HEAD http://localhost:8080/v1/AUTH_dd15d313c43947ae9dbb6c90519464c0?format=json" "txbf3539e4ba094804b464c-0068dfae73" "proxy-server 12" 0.0065 "-" 23 -
Oct 3 11:07:31 standalone proxy-server[127504]: - - 03/Oct/2025/11/07/31 HEAD /v1/AUTH_dd15d313c43947ae9dbb6c90519464c0%3Fformat%3Djson HTTP/1.0 204 - Swift - - - - txbf3539e4ba094804b464c-0068dfae73 - 0.0108 RL - 1759489651.111140251 1759489651.121953249 -
Oct 3 11:07:31 standalone container-server[125683]: 172.20.0.100 - - [03/Oct/2025:11:07:31 +0000] "HEAD /d1/981/AUTH_dd15d313c43947ae9dbb6c90519464c0/gnocchi.52833131-11e9-4cee-9c3c-453612c85b82" 404 - "HEAD http://localhost:8080/v1/AUTH_dd15d313c43947ae9dbb6c90519464c0/gnocchi.52833131-11e9-4cee-9c3c-453612c85b82?format=json&states=listing" "txbf3539e4ba094804b464c-0068dfae73" "proxy-server 12" 0.0012 "-" 16 0
Oct 3 11:07:31 standalone object-server[125837]: 172.20.0.100 - - [03/Oct/2025:11:07:31 +0000] "GET /d1/2/AUTH_dd15d313c43947ae9dbb6c90519464c0/gnocchi.52833131-11e9-4cee-9c3c-453612c85b82/none_v3" 404 70 "GET http://localhost:8080/v1/AUTH_dd15d313c43947ae9dbb6c90519464c0/gnocchi.52833131-11e9-4cee-9c3c-453612c85b82/none_v3" "txbf3539e4ba094804b464c-0068dfae73" "proxy-server 12" 0.0004 "-" 23 0
Oct 3 11:07:31 standalone proxy-server[127504]: 172.18.0.2 ::1 03/Oct/2025/11/07/31 GET /v1/AUTH_dd15d313c43947ae9dbb6c90519464c0/gnocchi.52833131-11e9-4cee-9c3c-453612c85b82/none_v3 HTTP/1.0 404 - python-swiftclient-3.11.1 gAAAAABo362qBNLY... - 70 - txbf3539e4ba094804b464c-0068dfae73 - 0.0239 - - 1759489651.110184669 1759489651.134055138 0
Oct 3 11:07:31 standalone account-server[125630]: 172.20.0.100 - - [03/Oct/2025:11:07:31 +0000] "PUT /d1/252/AUTH_dd15d313c43947ae9dbb6c90519464c0/gnocchi.52833131-11e9-4cee-9c3c-453612c85b82" 201 - "PUT http://172.20.0.100:6001/d1/981/AUTH_dd15d313c43947ae9dbb6c90519464c0/gnocchi.52833131-11e9-4cee-9c3c-453612c85b82" "tx4e3d7772c4a04f80a0c0d-0068dfae73" "container-server 16" 0.0010 "-" 22 0
Oct 3 11:07:31 standalone container-server[125683]: 172.20.0.100 - - [03/Oct/2025:11:07:31 +0000] "PUT /d1/981/AUTH_dd15d313c43947ae9dbb6c90519464c0/gnocchi.52833131-11e9-4cee-9c3c-453612c85b82" 201 - "PUT http://localhost:8080/v1/AUTH_dd15d313c43947ae9dbb6c90519464c0/gnocchi.52833131-11e9-4cee-9c3c-453612c85b82" "tx4e3d7772c4a04f80a0c0d-0068dfae73" "proxy-server 12" 0.0088 "-" 16 0
Oct 3 11:07:31 standalone proxy-server[127504]: 172.18.0.2 ::1 03/Oct/2025/11/07/31 PUT /v1/AUTH_dd15d313c43947ae9dbb6c90519464c0/gnocchi.52833131-11e9-4cee-9c3c-453612c85b82 HTTP/1.0 201 - python-swiftclient-3.11.1 gAAAAABo362qBNLY... - - - tx4e3d7772c4a04f80a0c0d-0068dfae73 - 0.0143 - - 1759489651.138698339 1759489651.152994633 0
Oct 3 11:07:31 standalone container-server[125681]: 172.20.0.100 - - [03/Oct/2025:11:07:31 +0000] "HEAD /d1/981/AUTH_dd15d313c43947ae9dbb6c90519464c0/gnocchi.52833131-11e9-4cee-9c3c-453612c85b82" 204 - "HEAD http://localhost:8080/v1/AUTH_dd15d313c43947ae9dbb6c90519464c0/gnocchi.52833131-11e9-4cee-9c3c-453612c85b82?format=json&states=listing" "txcc39f63b00db464a954e7-0068dfae73" "proxy-server 12" 0.0015 "-" 15 0
Oct 3 11:07:31 standalone proxy-server[127504]: - - 03/Oct/2025/11/07/31 HEAD /v1/AUTH_dd15d313c43947ae9dbb6c90519464c0/gnocchi.52833131-11e9-4cee-9c3c-453612c85b82%3Fformat%3Djson%26states%3Dlisting HTTP/1.0 204 - Swift - - - - txcc39f63b00db464a954e7-0068dfae73 - 0.0045 RL - 1759489651.157060862 1759489651.161563396 0
Oct 3 11:07:31 standalone container-server[125679]: 172.20.0.100 - - [03/Oct/2025:11:07:31 +0000] "GET /d1/981/AUTH_dd15d313c43947ae9dbb6c90519464c0/gnocchi.52833131-11e9-4cee-9c3c-453612c85b82" 200 2 "GET http://localhost:8080/v1/AUTH_dd15d313c43947ae9dbb6c90519464c0/gnocchi.52833131-11e9-4cee-9c3c-453612c85b82?format=json&states=listing" "txcc39f63b00db464a954e7-0068dfae73" "proxy-server 12" 0.0017 "-" 14 0
Oct 3 11:07:31 standalone proxy-server[127504]: 172.18.0.2 ::1 03/Oct/2025/11/07/31 GET /v1/AUTH_dd15d313c43947ae9dbb6c90519464c0/gnocchi.52833131-11e9-4cee-9c3c-453612c85b82%3Fformat%3Djson%26states%3Dlisting HTTP/1.0 200 - python-swiftclient-3.11.1 gAAAAABo362qBNLY... - 2 - txcc39f63b00db464a954e7-0068dfae73 - 0.0123 - - 1759489651.156136274 1759489651.168455362 0
Oct 3 11:07:31 standalone object-server[125841]: 172.20.0.100 - - [03/Oct/2025:11:07:31 +0000] "GET /d1/469/AUTH_dd15d313c43947ae9dbb6c90519464c0/gnocchi.52833131-11e9-4cee-9c3c-453612c85b82/1759320000.0_mean_300.0_v3" 404 70 "GET http://localhost:8080/v1/AUTH_dd15d313c43947ae9dbb6c90519464c0/gnocchi.52833131-11e9-4cee-9c3c-453612c85b82/1759320000.0_mean_300.0_v3" "txb9ad020eec7b4be2aa628-0068dfae73" "proxy-server 12" 0.0003 "-" 25 0
Oct 3 11:07:31 standalone proxy-server[127504]: 172.18.0.2 ::1 03/Oct/2025/11/07/31 GET /v1/AUTH_dd15d313c43947ae9dbb6c90519464c0/gnocchi.52833131-11e9-4cee-9c3c-453612c85b82/1759320000.0_mean_300.0_v3 HTTP/1.0 404 - python-swiftclient-3.11.1 gAAAAABo362qBNLY... - 70 - txb9ad020eec7b4be2aa628-0068dfae73 - 0.0039 - - 1759489651.171135664 1759489651.175074339 0
Oct 3 11:07:31 standalone container-server[125679]: 172.20.0.100 - - [03/Oct/2025:11:07:31 +0000] "PUT /d1/981/AUTH_dd15d313c43947ae9dbb6c90519464c0/gnocchi.52833131-11e9-4cee-9c3c-453612c85b82/1759320000.0_mean_300.0_v3" 201 - "PUT http://localhost:8080/d1/469/AUTH_dd15d313c43947ae9dbb6c90519464c0/gnocchi.52833131-11e9-4cee-9c3c-453612c85b82/1759320000.0_mean_300.0_v3" "txac816e8b444349559be16-0068dfae73" "object-server 23" 0.0004 "-" 14 0
Oct 3 11:07:31 standalone object-server[125837]: 172.20.0.100 - - [03/Oct/2025:11:07:31 +0000] "PUT /d1/469/AUTH_dd15d313c43947ae9dbb6c90519464c0/gnocchi.52833131-11e9-4cee-9c3c-453612c85b82/1759320000.0_mean_300.0_v3" 201 - "PUT http://localhost:8080/v1/AUTH_dd15d313c43947ae9dbb6c90519464c0/gnocchi.52833131-11e9-4cee-9c3c-453612c85b82/1759320000.0_mean_300.0_v3" "txac816e8b444349559be16-0068dfae73" "proxy-server 12" 0.0080 "-" 23 0
Oct 3 11:07:31 standalone proxy-server[127504]: 172.18.0.2 ::1 03/Oct/2025/11/07/31 PUT /v1/AUTH_dd15d313c43947ae9dbb6c90519464c0/gnocchi.52833131-11e9-4cee-9c3c-453612c85b82/1759320000.0_mean_300.0_v3 HTTP/1.0 201 - python-swiftclient-3.11.1 gAAAAABo362qBNLY... 16 - - txac816e8b444349559be16-0068dfae73 - 0.0120 - - 1759489651.177107096 1759489651.189085484 0
Oct 3 11:07:31 standalone container-server[125679]: 172.20.0.100 - - [03/Oct/2025:11:07:31 +0000] "PUT /d1/981/AUTH_dd15d313c43947ae9dbb6c90519464c0/gnocchi.52833131-11e9-4cee-9c3c-453612c85b82/none_v3" 201 - "PUT http://localhost:8080/d1/2/AUTH_dd15d313c43947ae9dbb6c90519464c0/gnocchi.52833131-11e9-4cee-9c3c-453612c85b82/none_v3" "tx6bbbdfedca904e1f91653-0068dfae73" "object-server 25" 0.0003 "-" 14 0
Oct 3 11:07:31 standalone object-server[125841]: 172.20.0.100 - - [03/Oct/2025:11:07:31 +0000] "PUT /d1/2/AUTH_dd15d313c43947ae9dbb6c90519464c0/gnocchi.52833131-11e9-4cee-9c3c-453612c85b82/none_v3" 201 - "PUT http://localhost:8080/v1/AUTH_dd15d313c43947ae9dbb6c90519464c0/gnocchi.52833131-11e9-4cee-9c3c-453612c85b82/none_v3" "tx6bbbdfedca904e1f91653-0068dfae73" "proxy-server 12" 0.0062 "-" 25 0
Oct 3 11:07:31 standalone proxy-server[127504]: 172.18.0.2 ::1 03/Oct/2025/11/07/31 PUT /v1/AUTH_dd15d313c43947ae9dbb6c90519464c0/gnocchi.52833131-11e9-4cee-9c3c-453612c85b82/none_v3 HTTP/1.0 201 - python-swiftclient-3.11.1 gAAAAABo362qBNLY... 22 - - tx6bbbdfedca904e1f91653-0068dfae73 - 0.0097 - - 1759489651.190983534 1759489651.200674772 0
Oct 3 11:07:31 standalone container-server[125683]: 172.20.0.100 - - [03/Oct/2025:11:07:31 +0000] "HEAD /d1/937/AUTH_dd15d313c43947ae9dbb6c90519464c0/gnocchi.01268cc9-2432-426a-8399-2496e9988350" 404 - "HEAD http://localhost:8080/v1/AUTH_dd15d313c43947ae9dbb6c90519464c0/gnocchi.01268cc9-2432-426a-8399-2496e9988350?format=json&states=listing" "tx14a71952b8654160a19d0-0068dfae73" "proxy-server 12" 0.0004 "-" 16 0
Oct 3 11:07:31 standalone object-server[125839]: 172.20.0.100 - - [03/Oct/2025:11:07:31 +0000] "GET /d1/978/AUTH_dd15d313c43947ae9dbb6c90519464c0/gnocchi.01268cc9-2432-426a-8399-2496e9988350/none_v3" 404 70 "GET http://localhost:8080/v1/AUTH_dd15d313c43947ae9dbb6c90519464c0/gnocchi.01268cc9-2432-426a-8399-2496e9988350/none_v3" "tx14a71952b8654160a19d0-0068dfae73" "proxy-server 12" 0.0003 "-" 24 0
Oct 3 11:07:31 standalone proxy-server[127504]: 172.18.0.2 ::1 03/Oct/2025/11/07/31 GET /v1/AUTH_dd15d313c43947ae9dbb6c90519464c0/gnocchi.01268cc9-2432-426a-8399-2496e9988350/none_v3 HTTP/1.0 404 - python-swiftclient-3.11.1 gAAAAABo362qBNLY... - 70 - tx14a71952b8654160a19d0-0068dfae73 - 0.0073 - - 1759489651.208317280 1759489651.215652704 0
Oct 3 11:07:31 standalone account-server[125619]: 172.20.0.100 - - [03/Oct/2025:11:07:31 +0000] "PUT /d1/252/AUTH_dd15d313c43947ae9dbb6c90519464c0/gnocchi.01268cc9-2432-426a-8399-2496e9988350" 201 - "PUT http://172.20.0.100:6001/d1/937/AUTH_dd15d313c43947ae9dbb6c90519464c0/gnocchi.01268cc9-2432-426a-8399-2496e9988350" "tx611b95fb020f4315a369c-0068dfae73" "container-server 16" 0.0058 "-" 21 0
Oct 3 11:07:31 standalone container-server[125683]: 172.20.0.100 - - [03/Oct/2025:11:07:31 +0000] "PUT /d1/937/AUTH_dd15d313c43947ae9dbb6c90519464c0/gnocchi.01268cc9-2432-426a-8399-2496e9988350" 201 - "PUT http://localhost:8080/v1/AUTH_dd15d313c43947ae9dbb6c90519464c0/gnocchi.01268cc9-2432-426a-8399-2496e9988350" "tx611b95fb020f4315a369c-0068dfae73" "proxy-server 12" 0.0154 "-" 16 0
Oct 3 11:07:31 standalone proxy-server[127504]: 172.18.0.2 ::1 03/Oct/2025/11/07/31 PUT /v1/AUTH_dd15d313c43947ae9dbb6c90519464c0/gnocchi.01268cc9-2432-426a-8399-2496e9988350 HTTP/1.0 201 - python-swiftclient-3.11.1 gAAAAABo362qBNLY... - - - tx611b95fb020f4315a369c-0068dfae73 - 0.0192 - - 1759489651.217609167 1759489651.236801863 0
Oct 3 11:07:31 standalone container-server[125683]: 172.20.0.100 - - [03/Oct/2025:11:07:31 +0000] "HEAD /d1/937/AUTH_dd15d313c43947ae9dbb6c90519464c0/gnocchi.01268cc9-2432-426a-8399-2496e9988350" 204 - "HEAD http://localhost:8080/v1/AUTH_dd15d313c43947ae9dbb6c90519464c0/gnocchi.01268cc9-2432-426a-8399-2496e9988350?format=json&states=listing" "tx99786f9ead0f435594082-0068dfae73" "proxy-server 12" 0.0013 "-" 16 0
Oct 3 11:07:31 standalone proxy-server[127504]: - - 03/Oct/2025/11/07/31 HEAD /v1/AUTH_dd15d313c43947ae9dbb6c90519464c0/gnocchi.01268cc9-2432-426a-8399-2496e9988350%3Fformat%3Djson%26states%3Dlisting HTTP/1.0 204 - Swift - - - - tx99786f9ead0f435594082-0068dfae73 - 0.0039 RL - 1759489651.241976976 1759489651.245851040 0
Oct 3 11:07:31 standalone container-server[125679]: 172.20.0.100 - - [03/Oct/2025:11:07:31 +0000] "GET /d1/937/AUTH_dd15d313c43947ae9dbb6c90519464c0/gnocchi.01268cc9-2432-426a-8399-2496e9988350" 200 2 "GET http://localhost:8080/v1/AUTH_dd15d313c43947ae9dbb6c90519464c0/gnocchi.01268cc9-2432-426a-8399-2496e9988350?format=json&states=listing" "tx99786f9ead0f435594082-0068dfae73" "proxy-server 12" 0.0015 "-" 14 0
Oct 3 11:07:31 standalone proxy-server[127504]: 172.18.0.2 ::1 03/Oct/2025/11/07/31 GET /v1/AUTH_dd15d313c43947ae9dbb6c90519464c0/gnocchi.01268cc9-2432-426a-8399-2496e9988350%3Fformat%3Djson%26states%3Dlisting HTTP/1.0 200 - python-swiftclient-3.11.1 gAAAAABo362qBNLY... - 2 - tx99786f9ead0f435594082-0068dfae73 - 0.0103 - - 1759489651.241060257 1759489651.251377106 0
Oct 3 11:07:31 standalone object-server[125839]: 172.20.0.100 - - [03/Oct/2025:11:07:31 +0000] "GET /d1/125/AUTH_dd15d313c43947ae9dbb6c90519464c0/gnocchi.01268cc9-2432-426a-8399-2496e9988350/1759320000.0_mean_300.0_v3" 404 70 "GET http://localhost:8080/v1/AUTH_dd15d313c43947ae9dbb6c90519464c0/gnocchi.01268cc9-2432-426a-8399-2496e9988350/1759320000.0_mean_300.0_v3" "txfacb510f11b94e6382800-0068dfae73" "proxy-server 12" 0.0002 "-" 24 0
Oct 3 11:07:31 standalone proxy-server[127504]: 172.18.0.2 ::1 03/Oct/2025/11/07/31 GET /v1/AUTH_dd15d313c43947ae9dbb6c90519464c0/gnocchi.01268cc9-2432-426a-8399-2496e9988350/1759320000.0_mean_300.0_v3 HTTP/1.0 404 - python-swiftclient-3.11.1 gAAAAABo362qBNLY... - 70 - txfacb510f11b94e6382800-0068dfae73 - 0.0035 - - 1759489651.255563259 1759489651.259110689 0
Oct 3 11:07:31 standalone container-server[125683]: 172.20.0.100 - - [03/Oct/2025:11:07:31 +0000] "PUT /d1/937/AUTH_dd15d313c43947ae9dbb6c90519464c0/gnocchi.01268cc9-2432-426a-8399-2496e9988350/1759320000.0_mean_300.0_v3" 201 - "PUT http://localhost:8080/d1/125/AUTH_dd15d313c43947ae9dbb6c90519464c0/gnocchi.01268cc9-2432-426a-8399-2496e9988350/1759320000.0_mean_300.0_v3" "tx5cfe1a5a36bb43c391ed1-0068dfae73" "object-server 22" 0.0009 "-" 16 0
Oct 3 11:07:31 standalone object-server[125829]: 172.20.0.100 - - [03/Oct/2025:11:07:31 +0000] "PUT /d1/125/AUTH_dd15d313c43947ae9dbb6c90519464c0/gnocchi.01268cc9-2432-426a-8399-2496e9988350/1759320000.0_mean_300.0_v3" 201 - "PUT http://localhost:8080/v1/AUTH_dd15d313c43947ae9dbb6c90519464c0/gnocchi.01268cc9-2432-426a-8399-2496e9988350/1759320000.0_mean_300.0_v3" "tx5cfe1a5a36bb43c391ed1-0068dfae73" "proxy-server 12" 0.0132 "-" 22 0
Oct 3 11:07:31 standalone proxy-server[127504]: 172.18.0.2 ::1 03/Oct/2025/11/07/31 PUT /v1/AUTH_dd15d313c43947ae9dbb6c90519464c0/gnocchi.01268cc9-2432-426a-8399-2496e9988350/1759320000.0_mean_300.0_v3 HTTP/1.0 201 - python-swiftclient-3.11.1 gAAAAABo362qBNLY... 16 - - tx5cfe1a5a36bb43c391ed1-0068dfae73 - 0.0185 - - 1759489651.262520075 1759489651.281062841 0
Oct 3 11:07:31 standalone container-server[125694]: 172.20.0.100 - - [03/Oct/2025:11:07:31 +0000] "PUT /d1/937/AUTH_dd15d313c43947ae9dbb6c90519464c0/gnocchi.01268cc9-2432-426a-8399-2496e9988350/none_v3" 201 - "PUT http://localhost:8080/d1/978/AUTH_dd15d313c43947ae9dbb6c90519464c0/gnocchi.01268cc9-2432-426a-8399-2496e9988350/none_v3" "tx9f0bc222252d4e7482210-0068dfae73" "object-server 22" 0.0005 "-" 20 0
Oct 3 11:07:31 standalone object-server[125829]: 172.20.0.100 - - [03/Oct/2025:11:07:31 +0000] "PUT /d1/978/AUTH_dd15d313c43947ae9dbb6c90519464c0/gnocchi.01268cc9-2432-426a-8399-2496e9988350/none_v3" 201 - "PUT http://localhost:8080/v1/AUTH_dd15d313c43947ae9dbb6c90519464c0/gnocchi.01268cc9-2432-426a-8399-2496e9988350/none_v3" "tx9f0bc222252d4e7482210-0068dfae73" "proxy-server 12" 0.0099 "-" 22 0
Oct 3 11:07:31 standalone proxy-server[127504]: 172.18.0.2 ::1 03/Oct/2025/11/07/31 PUT /v1/AUTH_dd15d313c43947ae9dbb6c90519464c0/gnocchi.01268cc9-2432-426a-8399-2496e9988350/none_v3 HTTP/1.0 201 - python-swiftclient-3.11.1 gAAAAABo362qBNLY... 22 - - tx9f0bc222252d4e7482210-0068dfae73 - 0.0149 - - 1759489651.284610748 1759489651.299503565 0
Oct 3 11:07:31 standalone container-server[125683]: 172.20.0.100 - - [03/Oct/2025:11:07:31 +0000] "HEAD /d1/14/AUTH_dd15d313c43947ae9dbb6c90519464c0/gnocchi.3008db7e-fafe-420d-ae34-6e0b4342efa3" 404 - "HEAD http://localhost:8080/v1/AUTH_dd15d313c43947ae9dbb6c90519464c0/gnocchi.3008db7e-fafe-420d-ae34-6e0b4342efa3?format=json&states=listing" "tx5baba7e47d68473f82c1f-0068dfae73" "proxy-server 12" 0.0006 "-" 16 0
Oct 3 11:07:31 standalone object-server[125829]: 172.20.0.100 - - [03/Oct/2025:11:07:31 +0000] "GET /d1/406/AUTH_dd15d313c43947ae9dbb6c90519464c0/gnocchi.3008db7e-fafe-420d-ae34-6e0b4342efa3/none_v3" 404 70 "GET http://localhost:8080/v1/AUTH_dd15d313c43947ae9dbb6c90519464c0/gnocchi.3008db7e-fafe-420d-ae34-6e0b4342efa3/none_v3" "tx5baba7e47d68473f82c1f-0068dfae73" "proxy-server 12" 0.0005 "-" 22 0
Oct 3 11:07:31 standalone proxy-server[127504]: 172.18.0.2 ::1 03/Oct/2025/11/07/31 GET /v1/AUTH_dd15d313c43947ae9dbb6c90519464c0/gnocchi.3008db7e-fafe-420d-ae34-6e0b4342efa3/none_v3 HTTP/1.0 404 - python-swiftclient-3.11.1 gAAAAABo362qBNLY... - 70 - tx5baba7e47d68473f82c1f-0068dfae73 - 0.0097 - - 1759489651.341163874 1759489651.350831270 0
Oct 3 11:07:31 standalone account-server[125619]: 172.20.0.100 - - [03/Oct/2025:11:07:31 +0000] "PUT /d1/252/AUTH_dd15d313c43947ae9dbb6c90519464c0/gnocchi.3008db7e-fafe-420d-ae34-6e0b4342efa3" 201 - "PUT http://172.20.0.100:6001/d1/14/AUTH_dd15d313c43947ae9dbb6c90519464c0/gnocchi.3008db7e-fafe-420d-ae34-6e0b4342efa3" "tx85061d7cd7114070b209e-0068dfae73" "container-server 14" 0.0055 "-" 21 0
